120.253.135.82 - - [11/Dec/2021:06:06:52 +0800] "POST /xingrg/kc/pszx/mdps_order_operate.html HTTP/1.1" 200 2308
180.169.147.146 - - [11/Dec/2021:06:06:53 +0800] "GET /xingrg/all/function/internal_message.html?_=1639174021075&CODE_STATE=getMsg HTTP/1.1" 200 27
114.85.125.222 - - [11/Dec/2021:06:06:54 +0800] "GET /xingrg/all/function/internal_message.html?_=1639173970562&CODE_STATE=getMsg HTTP/1.1" 200 27
124.77.240.52 - - [11/Dec/2021:06:07:00 +0800] "GET /xingrg/all/function/internal_message.html?_=1639174038470&CODE_STATE=getMsg HTTP/1.1" 200 27
222.70.176.97 - - [11/Dec/2021:06:07:15 +0800] "GET /xingrg/all/function/internal_message.html?_=1639173699586&CODE_STATE=getMsg HTTP/1.1" 302 -
116.238.248.233 - - [11/Dec/2021:06:07:20 +0800] "GET /xingrg/all/function/internal_message.html?_=1639174036935&CODE_STATE=getMsg HTTP/1.1" 200 27
172.20.0.100 - - [11/Dec/2021:06:07:34 +0800] "GET /xingrg/all/function/internal_message.html?_=1639174051665&CODE_STATE=getMsg HTTP/1.1" 200 27
180.169.147.146 - - [11/Dec/2021:06:07:35 +0800] "GET /xingrg/all/function/internal_message.html?_=1639174062431&CODE_STATE=getMsg HTTP/1.1" 200 27
120.253.135.82 - - [11/Dec/2021:06:07:37 +0800] "GET /xingrg/check_reg.html?_=1639173832873 HTTP/1.1" 200 22
120.253.135.82 - - [11/Dec/2021:06:07:37 +0800] "GET /xingrg/all/function/internal_message.html?_=1639173833123&CODE_STATE=getMsg HTTP/1.1" 200 27
124.77.240.52 - - [11/Dec/2021:06:07:41 +0800] "GET /xingrg/check_reg.html?_=1639174076820 HTTP/1.1" 302 -
222.70.176.97 - - [11/Dec/2021:06:07:47 +0800] "GET /xingrg/all/function/internal_message.html?_=1639174061390&CODE_STATE=getMsg HTTP/1.1" 200 27
124.77.240.52 - - [11/Dec/2021:06:07:50 +0800] "GET /xingrg/all/function/internal_message.html?_=1639174086098&CODE_STATE=getMsg HTTP/1.1" 302 -
180.169.147.146 - - [11/Dec/2021:06:07:53 +0800] "GET /xingrg/all/function/internal_message.html?_=1639174081080&CODE_STATE=getMsg HTTP/1.1" 200 27
114.85.125.222 - - [11/Dec/2021:06:07:54 +0800] "GET /xingrg/all/function/internal_message.html?_=1639174030576&CODE_STATE=getMsg HTTP/1.1" 200 27
124.77.240.52 - - [11/Dec/2021:06:08:00 +0800] "GET /xingrg/all/function/internal_message.html?_=1639174098483&CODE_STATE=getMsg HTTP/1.1" 200 27
222.70.176.97 - - [11/Dec/2021:06:08:15 +0800] "GET /xingrg/all/function/internal_message.html?_=1639173759586&CODE_STATE=getMsg HTTP/1.1" 302 -
222.70.176.97 - - [11/Dec/2021:06:08:15 +0800] "GET /xingrg/check_reg.html?_=1639173759587 HTTP/1.1" 302 -
120.253.135.82 - - [11/Dec/2021:06:08:16 +0800] "GET /xingrg/kc/pszx/mdps_order_operate.html?command=get_materiel&pszx_code=00101&rest_code=00150&base_code=0010246&code=00101019513 HTTP/1.1" 200 454
116.238.248.233 - - [11/Dec/2021:06:08:20 +0800] "GET /xingrg/all/function/internal_message.html?_=1639174096935&CODE_STATE=getMsg HTTP/1.1" 200 27
120.253.135.82 - - [11/Dec/2021:06:08:23 +0800] "POST /xingrg/kc/pszx/mdps_order_operate.html HTTP/1.1" 200 37
120.253.135.82 - - [11/Dec/2021:06:08:24 +0800] "GET /xingrg/kc/pszx/mdps_order_info.html?code=312021121100277 HTTP/1.1" 200 23931
120.253.135.82 - - [11/Dec/2021:06:08:25 +0800] "POST /xingrg/kc/pszx/mdps_order_operate.html HTTP/1.1" 200 2308
120.253.135.82 - - [11/Dec/2021:06:08:25 +0800] "GET /xingrg/javascript/easyui/themes/default/validatebox.css HTTP/1.1" 404 1104
120.253.135.82 - - [11/Dec/2021:06:08:26 +0800] "POST /xingrg/kc/pszx/mdps_list_operate.html HTTP/1.1" 200 4310
120.253.135.82 - - [11/Dec/2021:06:08:29 +0800] "POST /xingrg/kc/pszx/mdps_list_operate.html HTTP/1.1" 200 220
120.253.135.82 - - [11/Dec/2021:06:08:29 +0800] "GET /xingrg/kc/pszx/mdps_order_info.html?code=312021121100277 HTTP/1.1" 200 23931
120.253.135.82 - - [11/Dec/2021:06:08:30 +0800] "GET /xingrg/javascript/easyui/themes/default/validatebox.css HTTP/1.1" 404 1104
120.253.135.82 - - [11/Dec/2021:06:08:30 +0800] "POST /xingrg/kc/pszx/mdps_order_operate.html HTTP/1.1" 200 2308
120.253.135.82 - - [11/Dec/2021:06:08:32 +0800] "GET /xingrg/kc/print/load_config.html?kc_code=mdps HTTP/1.1" 200 2390
120.253.135.82 - - [11/Dec/2021:06:08:32 +0800] "GET /xingrg/kc/print/load_data.html?order_code=312021121100277&kc_code=mdps&condition= HTTP/1.1" 200 691
172.20.0.100 - - [11/Dec/2021:06:08:34 +0800] "GET /xingrg/all/function/internal_message.html?_=1639174111652&CODE_STATE=getMsg HTTP/1.1" 200 27
180.169.147.146 - - [11/Dec/2021:06:08:35 +0800] "GET /xingrg/all/function/internal_message.html?_=1639174122429&CODE_STATE=getMsg HTTP/1.1" 200 27
120.253.135.82 - - [11/Dec/2021:06:08:37 +0800] "GET /xingrg/all/function/internal_message.html?_=1639173893137&CODE_STATE=getMsg HTTP/1.1" 200 27
120.253.135.82 - - [11/Dec/2021:06:08:38 +0800] "POST /xingrg/kc/pszx/mdps_list_operate.html HTTP/1.1" 200 4310
120.253.135.82 - - [11/Dec/2021:06:08:41 +0800] "POST /xingrg/kc/pszx/mdps_list_operate.html HTTP/1.1" 200 384
222.70.176.97 - - [11/Dec/2021:06:08:43 +0800] "GET /xingrg/check_reg.html?_=1639174118144 HTTP/1.1" 200 22
120.253.135.82 - - [11/Dec/2021:06:08:44 +0800] "POST /xingrg/kc/pszx/mdps_list_operate.html HTTP/1.1" 200 205
120.253.135.82 - - [11/Dec/2021:06:08:46 +0800] "POST /xingrg/kc/pszx/mdps_list_operate.html HTTP/1.1" 200 277
222.70.176.97 - - [11/Dec/2021:06:08:46 +0800] "GET /xingrg/all/function/internal_message.html?_=1639174121392&CODE_STATE=getMsg HTTP/1.1" 200 27
120.253.135.82 - - [11/Dec/2021:06:08:48 +0800] "POST /xingrg/kc/pszx/mdps_list_operate.html HTTP/1.1" 200 640
120.253.135.82 - - [11/Dec/2021:06:08:50 +0800] "POST /xingrg/kc/pszx/mdps_list_operate.html HTTP/1.1" 200 275
124.77.240.52 - - [11/Dec/2021:06:08:50 +0800] "GET /xingrg/all/function/internal_message.html?_=1639174146117&CODE_STATE=getMsg HTTP/1.1" 302 -
120.253.135.82 - - [11/Dec/2021:06:08:51 +0800] "POST /xingrg/kc/pszx/mdps_list_operate.html HTTP/1.1" 200 592
180.169.147.146 - - [11/Dec/2021:06:08:53 +0800] "GET /xingrg/all/function/internal_message.html?_=1639174141092&CODE_STATE=getMsg HTTP/1.1" 200 27
114.85.125.222 - - [11/Dec/2021:06:08:54 +0800] "GET /xingrg/all/function/internal_message.html?_=1639174090652&CODE_STATE=getMsg HTTP/1.1" 200 27
124.77.240.52 - - [11/Dec/2021:06:09:00 +0800] "GET /xingrg/all/function/internal_message.html?_=1639174158602&CODE_STATE=getMsg HTTP/1.1" 200 27
222.70.176.97 - - [11/Dec/2021:06:09:15 +0800] "GET /xingrg/all/function/internal_message.html?_=1639173819586&CODE_STATE=getMsg HTTP/1.1" 302 -
116.238.248.233 - - [11/Dec/2021:06:09:20 +0800] "GET /xingrg/all/function/internal_message.html?_=1639174156942&CODE_STATE=getMsg HTTP/1.1" 200 27
172.20.0.100 - - [11/Dec/2021:06:09:34 +0800] "GET /xingrg/all/function/internal_message.html?_=1639174171657&CODE_STATE=getMsg HTTP/1.1" 200 27
172.20.0.100 - - [11/Dec/2021:06:09:34 +0800] "GET /xingrg/check_reg.html?_=1639174171660 HTTP/1.1" 200 22
180.169.147.146 - - [11/Dec/2021:06:09:35 +0800] "GET /xingrg/all/function/internal_message.html?_=1639174182429&CODE_STATE=getMsg HTTP/1.1" 200 27
120.253.135.82 - - [11/Dec/2021:06:09:37 +0800] "GET /xingrg/all/function/internal_message.html?_=1639173953206&CODE_STATE=getMsg HTTP/1.1" 200 27
222.70.176.97 - - [11/Dec/2021:06:09:46 +0800] "GET /xingrg/all/function/internal_message.html?_=1639174181375&CODE_STATE=getMsg HTTP/1.1" 200 27
124.77.240.52 - - [11/Dec/2021:06:09:50 +0800] "GET /xingrg/all/function/internal_message.html?_=1639174206125&CODE_STATE=getMsg HTTP/1.1" 302 -
180.169.147.146 - - [11/Dec/2021:06:09:53 +0800] "GET /xingrg/check_reg.html?_=1639174201091 HTTP/1.1" 200 22
180.169.147.146 - - [11/Dec/2021:06:09:53 +0800] "GET /xingrg/all/function/internal_message.html?_=1639174201093&CODE_STATE=getMsg HTTP/1.1" 200 27
114.85.125.222 - - [11/Dec/2021:06:09:54 +0800] "GET /xingrg/all/function/internal_message.html?_=1639174150666&CODE_STATE=getMsg HTTP/1.1" 200 27
124.77.240.52 - - [11/Dec/2021:06:10:00 +0800] "GET /xingrg/all/function/internal_message.html?_=1639174218605&CODE_STATE=getMsg HTTP/1.1" 200 27
222.70.176.97 - - [11/Dec/2021:06:10:15 +0800] "GET /xingrg/all/function/internal_message.html?_=1639173879586&CODE_STATE=getMsg HTTP/1.1" 302 -
116.238.248.233 - - [11/Dec/2021:06:10:20 +0800] "GET /xingrg/all/function/internal_message.html?_=1639174216962&CODE_STATE=getMsg HTTP/1.1" 200 27
116.238.248.233 - - [11/Dec/2021:06:10:20 +0800] "GET /xingrg/check_reg.html?_=1639174216968 HTTP/1.1" 200 22
172.20.0.100 - - [11/Dec/2021:06:10:34 +0800] "GET /xingrg/all/function/internal_message.html?_=1639174231662&CODE_STATE=getMsg HTTP/1.1" 200 27
180.169.147.146 - - [11/Dec/2021:06:10:35 +0800] "GET /xingrg/all/function/internal_message.html?_=1639174242427&CODE_STATE=getMsg HTTP/1.1" 200 27
120.253.135.82 - - [11/Dec/2021:06:10:37 +0800] "GET /xingrg/all/function/internal_message.html?_=1639174013211&CODE_STATE=getMsg HTTP/1.1" 200 27
222.70.176.97 - - [11/Dec/2021:06:10:46 +0800] "GET /xingrg/all/function/internal_message.html?_=1639174241360&CODE_STATE=getMsg HTTP/1.1" 200 27
124.77.240.52 - - [11/Dec/2021:06:10:50 +0800] "GET /xingrg/all/function/internal_message.html?_=1639174266145&CODE_STATE=getMsg HTTP/1.1" 302 -
120.253.135.82 - - [11/Dec/2021:06:10:52 +0800] "POST /xingrg/kc/pszx/mdps_list_operate.html HTTP/1.1" 200 2431
120.253.135.82 - - [11/Dec/2021:06:10:53 +0800] "POST /xingrg/kc/pszx/mdps_list_operate.html HTTP/1.1" 200 375
180.169.147.146 - - [11/Dec/2021:06:10:53 +0800] "GET /xingrg/all/function/internal_message.html?_=1639174261100&CODE_STATE=getMsg HTTP/1.1" 200 27
114.85.125.222 - - [11/Dec/2021:06:10:55 +0800] "GET /xingrg/all/function/internal_message.html?_=1639174210739&CODE_STATE=getMsg HTTP/1.1" 200 27
120.253.135.82 - - [11/Dec/2021:06:10:55 +0800] "POST /xingrg/kc/pszx/mdps_list_operate.html HTTP/1.1" 200 533
120.253.135.82 - - [11/Dec/2021:06:10:56 +0800] "GET /xingrg/kc/pszx/mdps_order_info.html?code=312021121000233 HTTP/1.1" 200 23931
120.253.135.82 - - [11/Dec/2021:06:10:57 +0800] "POST /xingrg/kc/pszx/mdps_order_operate.html HTTP/1.1" 200 4319
120.253.135.82 - - [11/Dec/2021:06:10:57 +0800] "GET /xingrg/javascript/easyui/themes/default/validatebox.css HTTP/1.1" 404 1104
120.253.135.82 - - [11/Dec/2021:06:11:00 +0800] "GET /xingrg/javascript/jquery_tools/images/prev.gif HTTP/1.1" 404 1086
120.253.135.82 - - [11/Dec/2021:06:11:00 +0800] "GET /xingrg/javascript/jquery_tools/images/next.gif HTTP/1.1" 404 1086
124.77.240.52 - - [11/Dec/2021:06:11:00 +0800] "GET /xingrg/all/function/internal_message.html?_=1639174278734&CODE_STATE=getMsg HTTP/1.1" 200 27
120.253.135.82 - - [11/Dec/2021:06:11:04 +0800] "POST /xingrg/kc/pszx/mdps_order_operate.html HTTP/1.1" 200 37
120.253.135.82 - - [11/Dec/2021:06:11:05 +0800] "GET /xingrg/kc/pszx/mdps_order_info.html?code=312021121000233 HTTP/1.1" 200 23931
120.253.135.82 - - [11/Dec/2021:06:11:05 +0800] "GET /xingrg/javascript/easyui/themes/default/validatebox.css HTTP/1.1" 404 1104
120.253.135.82 - - [11/Dec/2021:06:11:05 +0800] "POST /xingrg/kc/pszx/mdps_order_operate.html HTTP/1.1" 200 4319
120.253.135.82 - - [11/Dec/2021:06:11:07 +0800] "POST /xingrg/kc/pszx/mdps_list_operate.html HTTP/1.1" 200 2431
120.253.135.82 - - [11/Dec/2021:06:11:09 +0800] "POST /xingrg/kc/pszx/mdps_list_operate.html HTTP/1.1" 200 208
120.253.135.82 - - [11/Dec/2021:06:11:09 +0800] "GET /xingrg/kc/pszx/mdps_order_info.html?code=312021121000234 HTTP/1.1" 200 23929
120.253.135.82 - - [11/Dec/2021:06:11:10 +0800] "GET /xingrg/javascript/easyui/themes/default/validatebox.css HTTP/1.1" 404 1104
120.253.135.82 - - [11/Dec/2021:06:11:10 +0800] "POST /xingrg/kc/pszx/mdps_order_operate.html HTTP/1.1" 200 2302
222.70.176.97 - - [11/Dec/2021:06:11:15 +0800] "GET /xingrg/all/function/internal_message.html?_=1639173939586&CODE_STATE=getMsg HTTP/1.1" 302 -
120.253.135.82 - - [11/Dec/2021:06:11:17 +0800] "POST /xingrg/kc/pszx/mdps_order_operate.html HTTP/1.1" 200 37
120.253.135.82 - - [11/Dec/2021:06:11:18 +0800] "GET /xingrg/kc/pszx/mdps_order_info.html?code=312021121000234 HTTP/1.1" 200 23929
120.253.135.82 - - [11/Dec/2021:06:11:18 +0800] "POST /xingrg/kc/pszx/mdps_order_operate.html HTTP/1.1" 200 2302
120.253.135.82 - - [11/Dec/2021:06:11:18 +0800] "GET /xingrg/javascript/easyui/themes/default/validatebox.css HTTP/1.1" 404 1104
120.253.135.82 - - [11/Dec/2021:06:11:20 +0800] "POST /xingrg/kc/pszx/mdps_list_operate.html HTTP/1.1" 200 2431
116.238.248.233 - - [11/Dec/2021:06:11:20 +0800] "GET /xingrg/all/function/internal_message.html?_=1639174276951&CODE_STATE=getMsg HTTP/1.1" 200 27
120.253.135.82 - - [11/Dec/2021:06:11:21 +0800] "POST /xingrg/kc/pszx/mdps_list_operate.html HTTP/1.1" 200 375
120.253.135.82 - - [11/Dec/2021:06:11:22 +0800] "GET /xingrg/kc/pszx/mdps_order_info.html?code=312021121000235 HTTP/1.1" 200 23931
120.253.135.82 - - [11/Dec/2021:06:11:22 +0800] "GET /xingrg/javascript/easyui/themes/default/validatebox.css HTTP/1.1" 404 1104
120.253.135.82 - - [11/Dec/2021:06:11:22 +0800] "POST /xingrg/kc/pszx/mdps_order_operate.html HTTP/1.1" 200 3309
120.253.135.82 - - [11/Dec/2021:06:11:28 +0800] "POST /xingrg/kc/pszx/mdps_order_operate.html HTTP/1.1" 200 37
120.253.135.82 - - [11/Dec/2021:06:11:28 +0800] "GET /xingrg/kc/pszx/mdps_order_info.html?code=312021121000235 HTTP/1.1" 200 23931
120.253.135.82 - - [11/Dec/2021:06:11:29 +0800] "GET /xingrg/javascript/easyui/themes/default/validatebox.css HTTP/1.1" 404 1104
120.253.135.82 - - [11/Dec/2021:06:11:29 +0800] "POST /xingrg/kc/pszx/mdps_order_operate.html HTTP/1.1" 200 3309
124.77.240.52 - - [11/Dec/2021:06:11:31 +0800] "GET /xingrg/check_reg.html?_=1639174309725 HTTP/1.1" 200 22
172.20.0.100 - - [11/Dec/2021:06:11:34 +0800] "GET /xingrg/all/function/internal_message.html?_=1639174291665&CODE_STATE=getMsg HTTP/1.1" 200 27
180.169.147.146 - - [11/Dec/2021:06:11:35 +0800] "GET /xingrg/check_reg.html?_=1639174302429 HTTP/1.1" 200 22
180.169.147.146 - - [11/Dec/2021:06:11:35 +0800] "GET /xingrg/all/function/internal_message.html?_=1639174302427&CODE_STATE=getMsg HTTP/1.1" 200 27
120.253.135.82 - - [11/Dec/2021:06:11:35 +0800] "POST /xingrg/kc/pszx/mdps_list_operate.html HTTP/1.1" 200 2431
114.85.125.222 - - [11/Dec/2021:06:11:36 +0800] "GET /xingrg/check_reg.html?_=1639174252565 HTTP/1.1" 200 22
120.253.135.82 - - [11/Dec/2021:06:11:37 +0800] "GET /xingrg/all/function/internal_message.html?_=1639174073224&CODE_STATE=getMsg HTTP/1.1" 200 27
120.253.135.82 - - [11/Dec/2021:06:11:46 +0800] "POST /xingrg/kc/pszx/mdps_list_operate.html HTTP/1.1" 200 208
222.70.176.97 - - [11/Dec/2021:06:11:46 +0800] "GET /xingrg/all/function/internal_message.html?_=1639174301345&CODE_STATE=getMsg HTTP/1.1" 200 27
120.253.135.82 - - [11/Dec/2021:06:11:48 +0800] "GET /xingrg/kc/pszx/mdps_order_info.html?code=312021121000234 HTTP/1.1" 200 23929
120.253.135.82 - - [11/Dec/2021:06:11:48 +0800] "GET /xingrg/javascript/easyui/themes/default/validatebox.css HTTP/1.1" 404 1104
120.253.135.82 - - [11/Dec/2021:06:11:48 +0800] "POST /xingrg/kc/pszx/mdps_order_operate.html HTTP/1.1" 200 2302
124.77.240.52 - - [11/Dec/2021:06:11:50 +0800] "GET /xingrg/all/function/internal_message.html?_=1639174326152&CODE_STATE=getMsg HTTP/1.1" 302 -
180.169.147.146 - - [11/Dec/2021:06:11:53 +0800] "GET /xingrg/all/function/internal_message.html?_=1639174321103&CODE_STATE=getMsg HTTP/1.1" 200 27
114.85.125.222 - - [11/Dec/2021:06:11:55 +0800] "GET /xingrg/all/function/internal_message.html?_=1639174270755&CODE_STATE=getMsg HTTP/1.1" 200 27
180.171.129.228 - - [11/Dec/2021:06:11:57 +0800] "POST /xingrg/services/DataTransmitService HTTP/1.1" 200 524
124.77.240.52 - - [11/Dec/2021:06:12:00 +0800] "GET /xingrg/all/function/internal_message.html?_=1639174338741&CODE_STATE=getMsg HTTP/1.1" 200 27
180.171.129.228 - - [11/Dec/2021:06:12:02 +0800] "POST /xingrg/services/DataTransmitService HTTP/1.1" 200 501
180.171.129.228 - - [11/Dec/2021:06:12:02 +0800] "POST /xingrg/services/DataTransmitService HTTP/1.1" 200 501
180.171.129.228 - - [11/Dec/2021:06:12:03 +0800] "POST /xingrg/services/DataTransmitService HTTP/1.1" 200 501
180.171.129.228 - - [11/Dec/2021:06:12:03 +0800] "POST /xingrg/services/DataTransmitService HTTP/1.1" 200 501
180.171.129.228 - - [11/Dec/2021:06:12:03 +0800] "POST /xingrg/services/DataTransmitService HTTP/1.1" 200 501
180.171.129.228 - - [11/Dec/2021:06:12:03 +0800] "POST /xingrg/services/DataTransmitService HTTP/1.1" 200 501
180.171.129.228 - - [11/Dec/2021:06:12:04 +0800] "POST /xingrg/services/DataTransmitService HTTP/1.1" 200 501
180.171.129.228 - - [11/Dec/2021:06:12:04 +0800] "POST /xingrg/services/DataTransmitService HTTP/1.1" 200 501
180.171.129.228 - - [11/Dec/2021:06:12:04 +0800] "POST /xingrg/services/DataTransmitService HTTP/1.1" 200 501
180.171.129.228 - - [11/Dec/2021:06:12:04 +0800] "POST /xingrg/services/DataTransmitService HTTP/1.1" 200 501
180.171.129.228 - - [11/Dec/2021:06:12:06 +0800] "POST /xingrg/services/DataTransmitService HTTP/1.1" 200 412
120.253.135.82 - - [11/Dec/2021:06:12:07 +0800] "POST /xingrg/kc/pszx/mdps_list_operate.html HTTP/1.1" 200 2431
120.253.135.82 - - [11/Dec/2021:06:12:09 +0800] "POST /xingrg/kc/pszx/mdps_list_operate.html HTTP/1.1" 200 208
120.253.135.82 - - [11/Dec/2021:06:12:10 +0800] "GET /xingrg/kc/pszx/mdps_order_info.html?code=312021121000234 HTTP/1.1" 200 23929
120.253.135.82 - - [11/Dec/2021:06:12:10 +0800] "GET /xingrg/javascript/easyui/themes/default/validatebox.css HTTP/1.1" 404 1104
120.253.135.82 - - [11/Dec/2021:06:12:10 +0800] "POST /xingrg/kc/pszx/mdps_order_operate.html HTTP/1.1" 200 2302
222.70.176.97 - - [11/Dec/2021:06:12:15 +0800] "GET /xingrg/all/function/internal_message.html?_=1639173999587&CODE_STATE=getMsg HTTP/1.1" 302 -
120.253.135.82 - - [11/Dec/2021:06:12:17 +0800] "GET /xingrg/kc/pszx/mdps_order_operate.html?command=get_materiel&pszx_code=00101&rest_code=00145&base_code=0010570&code=00101025030 HTTP/1.1" 200 479
116.238.248.233 - - [11/Dec/2021:06:12:20 +0800] "GET /xingrg/all/function/internal_message.html?_=1639174336965&CODE_STATE=getMsg HTTP/1.1" 200 27
120.253.135.82 - - [11/Dec/2021:06:12:21 +0800] "POST /xingrg/kc/pszx/mdps_list_operate.html HTTP/1.1" 200 2431
172.20.0.100 - - [11/Dec/2021:06:12:34 +0800] "GET /xingrg/all/function/internal_message.html?_=1639174351668&CODE_STATE=getMsg HTTP/1.1" 200 27
180.169.147.146 - - [11/Dec/2021:06:12:35 +0800] "GET /xingrg/all/function/internal_message.html?_=1639174362427&CODE_STATE=getMsg HTTP/1.1" 200 27
120.253.135.82 - - [11/Dec/2021:06:12:37 +0800] "GET /xingrg/check_reg.html?_=1639174132944 HTTP/1.1" 200 22
120.253.135.82 - - [11/Dec/2021:06:12:37 +0800] "GET /xingrg/all/function/internal_message.html?_=1639174133240&CODE_STATE=getMsg HTTP/1.1" 200 27
124.77.240.52 - - [11/Dec/2021:06:12:41 +0800] "GET /xingrg/check_reg.html?_=1639174376821 HTTP/1.1" 302 -
222.70.176.97 - - [11/Dec/2021:06:12:46 +0800] "GET /xingrg/all/function/internal_message.html?_=1639174361330&CODE_STATE=getMsg HTTP/1.1" 200 27
124.77.240.52 - - [11/Dec/2021:06:12:50 +0800] "GET /xingrg/all/function/internal_message.html?_=1639174386166&CODE_STATE=getMsg HTTP/1.1" 302 -
180.169.147.146 - - [11/Dec/2021:06:12:53 +0800] "GET /xingrg/all/function/internal_message.html?_=1639174381087&CODE_STATE=getMsg HTTP/1.1" 200 27
114.85.125.222 - - [11/Dec/2021:06:12:55 +0800] "GET /xingrg/all/function/internal_message.html?_=1639174330769&CODE_STATE=getMsg HTTP/1.1" 200 27
124.77.240.52 - - [11/Dec/2021:06:13:00 +0800] "GET /xingrg/all/function/internal_message.html?_=1639174398754&CODE_STATE=getMsg HTTP/1.1" 200 27
222.70.176.97 - - [11/Dec/2021:06:13:15 +0800] "GET /xingrg/all/function/internal_message.html?_=1639174059586&CODE_STATE=getMsg HTTP/1.1" 302 -
222.70.176.97 - - [11/Dec/2021:06:13:15 +0800] "GET /xingrg/check_reg.html?_=1639174059587 HTTP/1.1" 302 -
116.238.248.233 - - [11/Dec/2021:06:13:20 +0800] "GET /xingrg/all/function/internal_message.html?_=1639174396964&CODE_STATE=getMsg HTTP/1.1" 200 27
172.20.0.100 - - [11/Dec/2021:06:13:34 +0800] "GET /xingrg/all/function/internal_message.html?_=1639174411654&CODE_STATE=getMsg HTTP/1.1" 200 27
180.169.147.146 - - [11/Dec/2021:06:13:35 +0800] "GET /xingrg/all/function/internal_message.html?_=1639174422447&CODE_STATE=getMsg HTTP/1.1" 200 27
120.253.135.82 - - [11/Dec/2021:06:13:37 +0800] "GET /xingrg/all/function/internal_message.html?_=1639174193253&CODE_STATE=getMsg HTTP/1.1" 200 27
222.70.176.97 - - [11/Dec/2021:06:13:43 +0800] "GET /xingrg/check_reg.html?_=1639174418149 HTTP/1.1" 200 22
222.70.176.97 - - [11/Dec/2021:06:13:46 +0800] "GET /xingrg/all/function/internal_message.html?_=1639174421303&CODE_STATE=getMsg HTTP/1.1" 200 27
124.77.240.52 - - [11/Dec/2021:06:13:50 +0800] "GET /xingrg/all/function/internal_message.html?_=1639174446184&CODE_STATE=getMsg HTTP/1.1" 302 -
180.169.147.146 - - [11/Dec/2021:06:13:53 +0800] "GET /xingrg/all/function/internal_message.html?_=1639174441103&CODE_STATE=getMsg HTTP/1.1" 200 27
114.85.125.222 - - [11/Dec/2021:06:13:55 +0800] "GET /xingrg/all/function/internal_message.html?_=1639174390844&CODE_STATE=getMsg HTTP/1.1" 200 27
124.77.240.52 - - [11/Dec/2021:06:14:00 +0800] "GET /xingrg/all/function/internal_message.html?_=1639174458899&CODE_STATE=getMsg HTTP/1.1" 200 27
222.70.176.97 - - [11/Dec/2021:06:14:15 +0800] "GET /xingrg/all/function/internal_message.html?_=1639174119586&CODE_STATE=getMsg HTTP/1.1" 302 -
116.238.248.233 - - [11/Dec/2021:06:14:20 +0800] "GET /xingrg/all/function/internal_message.html?_=1639174456961&CODE_STATE=getMsg HTTP/1.1" 200 27
172.20.0.100 - - [11/Dec/2021:06:14:34 +0800] "GET /xingrg/check_reg.html?_=1639174471664 HTTP/1.1" 200 22
172.20.0.100 - - [11/Dec/2021:06:14:34 +0800] "GET /xingrg/all/function/internal_message.html?_=1639174471662&CODE_STATE=getMsg HTTP/1.1" 200 27
180.169.147.146 - - [11/Dec/2021:06:14:35 +0800] "GET /xingrg/all/function/internal_message.html?_=1639174482449&CODE_STATE=getMsg HTTP/1.1" 200 27
120.253.135.82 - - [11/Dec/2021:06:14:37 +0800] "GET /xingrg/all/function/internal_message.html?_=1639174253265&CODE_STATE=getMsg HTTP/1.1" 200 27
222.70.176.97 - - [11/Dec/2021:06:14:46 +0800] "GET /xingrg/all/function/internal_message.html?_=1639174481289&CODE_STATE=getMsg HTTP/1.1" 200 27
124.77.240.52 - - [11/Dec/2021:06:14:50 +0800] "GET /xingrg/all/function/internal_message.html?_=1639174506193&CODE_STATE=getMsg HTTP/1.1" 302 -
180.169.147.146 - - [11/Dec/2021:06:14:54 +0800] "GET /xingrg/check_reg.html?_=1639174501114 HTTP/1.1" 200 22
180.169.147.146 - - [11/Dec/2021:06:14:54 +0800] "GET /xingrg/all/function/internal_message.html?_=1639174501115&CODE_STATE=getMsg HTTP/1.1" 200 27
114.85.125.222 - - [11/Dec/2021:06:14:55 +0800] "GET /xingrg/all/function/internal_message.html?_=1639174450860&CODE_STATE=getMsg HTTP/1.1" 200 27
124.77.240.52 - - [11/Dec/2021:06:15:00 +0800] "GET /xingrg/all/function/internal_message.html?_=1639174518906&CODE_STATE=getMsg HTTP/1.1" 200 27
222.70.176.97 - - [11/Dec/2021:06:15:15 +0800] "GET /xingrg/all/function/internal_message.html?_=1639174179586&CODE_STATE=getMsg HTTP/1.1" 302 -
116.238.248.233 - - [11/Dec/2021:06:15:20 +0800] "GET /xingrg/check_reg.html?_=1639174516987 HTTP/1.1" 200 22
116.238.248.233 - - [11/Dec/2021:06:15:20 +0800] "GET /xingrg/all/function/internal_message.html?_=1639174516984&CODE_STATE=getMsg HTTP/1.1" 200 27
172.20.0.100 - - [11/Dec/2021:06:15:34 +0800] "GET /xingrg/all/function/internal_message.html?_=1639174531666&CODE_STATE=getMsg HTTP/1.1" 200 27
180.169.147.146 - - [11/Dec/2021:06:15:35 +0800] "GET /xingrg/all/function/internal_message.html?_=1639174542454&CODE_STATE=getMsg HTTP/1.1" 200 27
120.253.135.82 - - [11/Dec/2021:06:15:37 +0800] "GET /xingrg/all/function/internal_message.html?_=1639174313341&CODE_STATE=getMsg HTTP/1.1" 200 27
222.70.176.97 - - [11/Dec/2021:06:15:46 +0800] "GET /xingrg/all/function/internal_message.html?_=1639174541274&CODE_STATE=getMsg HTTP/1.1" 200 27
124.77.240.52 - - [11/Dec/2021:06:15:50 +0800] "GET /xingrg/all/function/internal_message.html?_=1639174566213&CODE_STATE=getMsg HTTP/1.1" 302 -
180.169.147.146 - - [11/Dec/2021:06:15:53 +0800] "GET /xingrg/all/function/internal_message.html?_=1639174561121&CODE_STATE=getMsg HTTP/1.1" 200 27
114.85.125.222 - - [11/Dec/2021:06:15:55 +0800] "GET /xingrg/all/function/internal_message.html?_=1639174510932&CODE_STATE=getMsg HTTP/1.1" 200 27
124.77.240.52 - - [11/Dec/2021:06:16:00 +0800] "GET /xingrg/all/function/internal_message.html?_=1639174579019&CODE_STATE=getMsg HTTP/1.1" 200 27
222.70.176.97 - - [11/Dec/2021:06:16:15 +0800] "GET /xingrg/all/function/internal_message.html?_=1639174239586&CODE_STATE=getMsg HTTP/1.1" 302 -
116.238.248.233 - - [11/Dec/2021:06:16:20 +0800] "GET /xingrg/all/function/internal_message.html?_=1639174576985&CODE_STATE=getMsg HTTP/1.1" 200 27
124.77.240.52 - - [11/Dec/2021:06:16:31 +0800] "GET /xingrg/check_reg.html?_=1639174609735 HTTP/1.1" 200 22
172.20.0.100 - - [11/Dec/2021:06:16:34 +0800] "GET /xingrg/all/function/internal_message.html?_=1639174591669&CODE_STATE=getMsg HTTP/1.1" 200 27
180.169.147.146 - - [11/Dec/2021:06:16:35 +0800] "GET /xingrg/all/function/internal_message.html?_=1639174602454&CODE_STATE=getMsg HTTP/1.1" 200 27
180.169.147.146 - - [11/Dec/2021:06:16:35 +0800] "GET /xingrg/check_reg.html?_=1639174602456 HTTP/1.1" 200 22
114.85.125.222 - - [11/Dec/2021:06:16:36 +0800] "GET /xingrg/check_reg.html?_=1639174552576 HTTP/1.1" 200 22
120.253.135.82 - - [11/Dec/2021:06:16:37 +0800] "GET /xingrg/all/function/internal_message.html?_=1639174373355&CODE_STATE=getMsg HTTP/1.1" 200 27
222.70.176.97 - - [11/Dec/2021:06:16:46 +0800] "GET /xingrg/all/function/internal_message.html?_=1639174601259&CODE_STATE=getMsg HTTP/1.1" 200 27
124.77.240.52 - - [11/Dec/2021:06:16:50 +0800] "GET /xingrg/all/function/internal_message.html?_=1639174626220&CODE_STATE=getMsg HTTP/1.1" 302 -
180.169.147.146 - - [11/Dec/2021:06:16:53 +0800] "GET /xingrg/all/function/internal_message.html?_=1639174621105&CODE_STATE=getMsg HTTP/1.1" 200 27
114.85.125.222 - - [11/Dec/2021:06:16:55 +0800] "GET /xingrg/all/function/internal_message.html?_=1639174570932&CODE_STATE=getMsg HTTP/1.1" 200 27
124.77.240.52 - - [11/Dec/2021:06:17:00 +0800] "GET /xingrg/all/function/internal_message.html?_=1639174639027&CODE_STATE=getMsg HTTP/1.1" 200 27
222.70.176.97 - - [11/Dec/2021:06:17:15 +0800] "GET /xingrg/all/function/internal_message.html?_=1639174299586&CODE_STATE=getMsg HTTP/1.1" 302 -
116.238.248.233 - - [11/Dec/2021:06:17:20 +0800] "GET /xingrg/all/function/internal_message.html?_=1639174636984&CODE_STATE=getMsg HTTP/1.1" 200 27
172.20.0.100 - - [11/Dec/2021:06:17:34 +0800] "GET /xingrg/all/function/internal_message.html?_=1639174651666&CODE_STATE=getMsg HTTP/1.1" 200 27
180.169.147.146 - - [11/Dec/2021:06:17:35 +0800] "GET /xingrg/all/function/internal_message.html?_=1639174662452&CODE_STATE=getMsg HTTP/1.1" 200 27
120.253.135.82 - - [11/Dec/2021:06:17:37 +0800] "GET /xingrg/check_reg.html?_=1639174432964 HTTP/1.1" 200 22
120.253.135.82 - - [11/Dec/2021:06:17:37 +0800] "GET /xingrg/all/function/internal_message.html?_=1639174433368&CODE_STATE=getMsg HTTP/1.1" 200 27
120.253.135.82 - - [11/Dec/2021:06:17:38 +0800] "GET /xingrg/kc/pszx/mdqp_order_list.html?state=10 HTTP/1.1" 200 16367
120.253.135.82 - - [11/Dec/2021:06:17:38 +0800] "GET /xingrg/javascript/jquery_easy_ui/themes/icon.css HTTP/1.1" 200 3949
120.253.135.82 - - [11/Dec/2021:06:17:38 +0800] "GET /xingrg/dwr/interface/AjaxReportQueryService.js HTTP/1.1" 200 13203
120.253.135.82 - - [11/Dec/2021:06:17:38 +0800] "GET /xingrg/css/blue.css HTTP/1.1" 200 15949
120.253.135.82 - - [11/Dec/2021:06:17:38 +0800] "GET /xingrg/dwr/interface/AjaxQqpsService.js HTTP/1.1" 200 16326
120.253.135.82 - - [11/Dec/2021:06:17:38 +0800] "GET /xingrg/dwr/util.js HTTP/1.1" 200 35990
120.253.135.82 - - [11/Dec/2021:06:17:38 +0800] "GET /xingrg/javascript/Calendar.js HTTP/1.1" 200 31561
120.253.135.82 - - [11/Dec/2021:06:17:38 +0800] "GET /xingrg/javascript/jquery_easy_ui/themes/default/easyui.css HTTP/1.1" 200 26500
120.253.135.82 - - [11/Dec/2021:06:17:38 +0800] "GET /xingrg/dwr/engine.js HTTP/1.1" 200 43631
120.253.135.82 - - [11/Dec/2021:06:17:39 +0800] "GET /xingrg/javascript/jquery_easy_ui/themes/icons/check_new.png HTTP/1.1" 200 3224
120.253.135.82 - - [11/Dec/2021:06:17:39 +0800] "GET /xingrg/javascript/jquery_easy_ui/themes/icons/back_new.png HTTP/1.1" 200 3414
120.253.135.82 - - [11/Dec/2021:06:17:39 +0800] "GET /xingrg/javascript/jquery_easy_ui/themes/icons/uncheck_new.png HTTP/1.1" 200 3197
124.77.240.52 - - [11/Dec/2021:06:17:41 +0800] "GET /xingrg/check_reg.html?_=1639174676826 HTTP/1.1" 302 -
222.70.176.97 - - [11/Dec/2021:06:17:46 +0800] "GET /xingrg/all/function/internal_message.html?_=1639174661244&CODE_STATE=getMsg HTTP/1.1" 200 27
124.77.240.52 - - [11/Dec/2021:06:17:50 +0800] "GET /xingrg/all/function/internal_message.html?_=1639174686233&CODE_STATE=getMsg HTTP/1.1" 302 -
180.169.147.146 - - [11/Dec/2021:06:17:53 +0800] "GET /xingrg/all/function/internal_message.html?_=1639174681106&CODE_STATE=getMsg HTTP/1.1" 200 27
114.85.125.222 - - [11/Dec/2021:06:17:55 +0800] "GET /xingrg/all/function/internal_message.html?_=1639174630946&CODE_STATE=getMsg HTTP/1.1" 200 27
124.77.240.52 - - [11/Dec/2021:06:18:00 +0800] "GET /xingrg/all/function/internal_message.html?_=1639174699041&CODE_STATE=getMsg HTTP/1.1" 200 27
222.70.176.97 - - [11/Dec/2021:06:18:15 +0800] "GET /xingrg/all/function/internal_message.html?_=1639174359587&CODE_STATE=getMsg HTTP/1.1" 302 -
222.70.176.97 - - [11/Dec/2021:06:18:15 +0800] "GET /xingrg/check_reg.html?_=1639174359587 HTTP/1.1" 302 -
116.238.248.233 - - [11/Dec/2021:06:18:20 +0800] "GET /xingrg/all/function/internal_message.html?_=1639174696983&CODE_STATE=getMsg HTTP/1.1" 200 27
172.20.0.100 - - [11/Dec/2021:06:18:34 +0800] "GET /xingrg/all/function/internal_message.html?_=1639174711668&CODE_STATE=getMsg HTTP/1.1" 200 27
180.169.147.146 - - [11/Dec/2021:06:18:35 +0800] "GET /xingrg/all/function/internal_message.html?_=1639174722452&CODE_STATE=getMsg HTTP/1.1" 200 27
120.253.135.82 - - [11/Dec/2021:06:18:37 +0800] "GET /xingrg/all/function/internal_message.html?_=1639174493382&CODE_STATE=getMsg HTTP/1.1" 200 27
222.70.176.97 - - [11/Dec/2021:06:18:43 +0800] "GET /xingrg/check_reg.html?_=1639174718124 HTTP/1.1" 200 22
222.70.176.97 - - [11/Dec/2021:06:18:46 +0800] "GET /xingrg/all/function/internal_message.html?_=1639174721214&CODE_STATE=getMsg HTTP/1.1" 200 27
124.77.240.52 - - [11/Dec/2021:06:18:50 +0800] "GET /xingrg/all/function/internal_message.html?_=1639174746253&CODE_STATE=getMsg HTTP/1.1" 302 -
120.253.135.82 - - [11/Dec/2021:06:18:52 +0800] "GET /xingrg/kc/pszx/mdqp_order_info.html?code=302021121000198 HTTP/1.1" 200 13338
120.253.135.82 - - [11/Dec/2021:06:18:52 +0800] "GET /xingrg/javascript/jquery_easy_ui/easyui-lang-zh_CN.js HTTP/1.1" 200 1900
120.253.135.82 - - [11/Dec/2021:06:18:52 +0800] "GET /xingrg/javascript/jquery-1.4.2.min.js HTTP/1.1" 200 72205
120.253.135.82 - - [11/Dec/2021:06:18:52 +0800] "GET /xingrg/javascript/Grid.js HTTP/1.1" 200 58908
120.253.135.82 - - [11/Dec/2021:06:18:52 +0800] "GET /xingrg/javascript/AjaxInfoList.js HTTP/1.1" 200 3774
120.253.135.82 - - [11/Dec/2021:06:18:52 +0800] "GET /xingrg/javascript/ToolTips.js HTTP/1.1" 200 5615
120.253.135.82 - - [11/Dec/2021:06:18:52 +0800] "GET /xingrg/dwr/interface/AjaxComOrderService.js HTTP/1.1" 200 18264
120.253.135.82 - - [11/Dec/2021:06:18:52 +0800] "GET /xingrg/javascript/tools/jquery.qtip-1.0.0-rc3.min.js HTTP/1.1" 200 38404
120.253.135.82 - - [11/Dec/2021:06:18:52 +0800] "GET /xingrg/dwr/interface/AjaxQqpsService.js HTTP/1.1" 200 16326
120.253.135.82 - - [11/Dec/2021:06:18:52 +0800] "GET /xingrg/javascript/checkform.js HTTP/1.1" 200 18351
120.253.135.82 - - [11/Dec/2021:06:18:52 +0800] "GET /xingrg/dwr/engine.js HTTP/1.1" 200 43631
120.253.135.82 - - [11/Dec/2021:06:18:53 +0800] "GET /xingrg/javascript/jquery_easy_ui/themes/default/images/menu_downarrow.png HTTP/1.1" 200 173
120.253.135.82 - - [11/Dec/2021:06:18:53 +0800] "POST /xingrg/dwr/call/plaincall/AjaxQqpsService.loadMaterielItems.dwr HTTP/1.1" 200 3445
180.169.147.146 - - [11/Dec/2021:06:18:53 +0800] "GET /xingrg/all/function/internal_message.html?_=1639174741114&CODE_STATE=getMsg HTTP/1.1" 200 27
114.85.125.222 - - [11/Dec/2021:06:18:55 +0800] "GET /xingrg/all/function/internal_message.html?_=1639174691020&CODE_STATE=getMsg HTTP/1.1" 200 27
124.77.240.52 - - [11/Dec/2021:06:19:00 +0800] "GET /xingrg/all/function/internal_message.html?_=1639174759160&CODE_STATE=getMsg HTTP/1.1" 200 27
114.85.125.222 - - [11/Dec/2021:06:19:15 +0800] "POST /xingrg/services/DataTransmitService HTTP/1.1" 200 524
114.85.125.222 - - [11/Dec/2021:06:19:15 +0800] "POST /xingrg/services/DataTransmitService HTTP/1.1" 200 501
222.70.176.97 - - [11/Dec/2021:06:19:15 +0800] "GET /xingrg/all/function/internal_message.html?_=1639174419586&CODE_STATE=getMsg HTTP/1.1" 302 -
116.238.248.233 - - [11/Dec/2021:06:19:20 +0800] "GET /xingrg/all/function/internal_message.html?_=1639174756983&CODE_STATE=getMsg HTTP/1.1" 200 27
172.20.0.100 - - [11/Dec/2021:06:19:34 +0800] "GET /xingrg/check_reg.html?_=1639174771656 HTTP/1.1" 200 22
172.20.0.100 - - [11/Dec/2021:06:19:34 +0800] "GET /xingrg/all/function/internal_message.html?_=1639174771657&CODE_STATE=getMsg HTTP/1.1" 200 27
180.169.147.146 - - [11/Dec/2021:06:19:35 +0800] "GET /xingrg/all/function/internal_message.html?_=1639174782449&CODE_STATE=getMsg HTTP/1.1" 200 27
120.253.135.82 - - [11/Dec/2021:06:19:37 +0800] "GET /xingrg/all/function/internal_message.html?_=1639174553396&CODE_STATE=getMsg HTTP/1.1" 200 27
222.70.176.97 - - [11/Dec/2021:06:19:46 +0800] "GET /xingrg/all/function/internal_message.html?_=1639174781199&CODE_STATE=getMsg HTTP/1.1" 200 27
124.77.240.52 - - [11/Dec/2021:06:19:50 +0800] "GET /xingrg/all/function/internal_message.html?_=1639174806260&CODE_STATE=getMsg HTTP/1.1" 302 -
180.169.147.146 - - [11/Dec/2021:06:19:54 +0800] "GET /xingrg/all/function/internal_message.html?_=1639174801132&CODE_STATE=getMsg HTTP/1.1" 200 27
180.169.147.146 - - [11/Dec/2021:06:19:54 +0800] "GET /xingrg/check_reg.html?_=1639174801136 HTTP/1.1" 200 22
114.85.125.222 - - [11/Dec/2021:06:19:55 +0800] "GET /xingrg/all/function/internal_message.html?_=1639174751035&CODE_STATE=getMsg HTTP/1.1" 200 27
124.77.240.52 - - [11/Dec/2021:06:20:00 +0800] "GET /xingrg/all/function/internal_message.html?_=1639174819162&CODE_STATE=getMsg HTTP/1.1" 200 27
222.70.176.97 - - [11/Dec/2021:06:20:15 +0800] "GET /xingrg/all/function/internal_message.html?_=1639174479586&CODE_STATE=getMsg HTTP/1.1" 302 -
116.238.248.233 - - [11/Dec/2021:06:20:20 +0800] "GET /xingrg/check_reg.html?_=1639174816984 HTTP/1.1" 200 22
116.238.248.233 - - [11/Dec/2021:06:20:20 +0800] "GET /xingrg/all/function/internal_message.html?_=1639174816982&CODE_STATE=getMsg HTTP/1.1" 200 27
172.20.0.100 - - [11/Dec/2021:06:20:34 +0800] "GET /xingrg/all/function/internal_message.html?_=1639174831663&CODE_STATE=getMsg HTTP/1.1" 200 27
180.169.147.146 - - [11/Dec/2021:06:20:35 +0800] "GET /xingrg/all/function/internal_message.html?_=1639174842449&CODE_STATE=getMsg HTTP/1.1" 200 27
120.253.135.82 - - [11/Dec/2021:06:20:37 +0800] "GET /xingrg/all/function/internal_message.html?_=1639174613409&CODE_STATE=getMsg HTTP/1.1" 200 27
222.70.176.97 - - [11/Dec/2021:06:20:46 +0800] "GET /xingrg/all/function/internal_message.html?_=1639174841184&CODE_STATE=getMsg HTTP/1.1" 200 27
124.77.240.52 - - [11/Dec/2021:06:20:50 +0800] "GET /xingrg/all/function/internal_message.html?_=1639174866280&CODE_STATE=getMsg HTTP/1.1" 302 -
180.169.147.146 - - [11/Dec/2021:06:20:54 +0800] "GET /xingrg/all/function/internal_message.html?_=1639174861121&CODE_STATE=getMsg HTTP/1.1" 200 27
114.85.125.222 - - [11/Dec/2021:06:20:55 +0800] "GET /xingrg/all/function/internal_message.html?_=1639174811112&CODE_STATE=getMsg HTTP/1.1" 200 27
124.77.240.52 - - [11/Dec/2021:06:21:00 +0800] "GET /xingrg/all/function/internal_message.html?_=1639174879268&CODE_STATE=getMsg HTTP/1.1" 200 27
222.70.176.97 - - [11/Dec/2021:06:21:15 +0800] "GET /xingrg/all/function/internal_message.html?_=1639174539586&CODE_STATE=getMsg HTTP/1.1" 302 -
116.238.248.233 - - [11/Dec/2021:06:21:20 +0800] "GET /xingrg/all/function/internal_message.html?_=1639174877012&CODE_STATE=getMsg HTTP/1.1" 200 27
124.77.240.52 - - [11/Dec/2021:06:21:31 +0800] "GET /xingrg/check_reg.html?_=1639174909742 HTTP/1.1" 200 22
172.20.0.100 - - [11/Dec/2021:06:21:34 +0800] "GET /xingrg/all/function/internal_message.html?_=1639174891666&CODE_STATE=getMsg HTTP/1.1" 200 27
180.169.147.146 - - [11/Dec/2021:06:21:35 +0800] "GET /xingrg/check_reg.html?_=1639174902449 HTTP/1.1" 200 22
180.169.147.146 - - [11/Dec/2021:06:21:35 +0800] "GET /xingrg/all/function/internal_message.html?_=1639174902448&CODE_STATE=getMsg HTTP/1.1" 200 27
114.85.125.222 - - [11/Dec/2021:06:21:36 +0800] "GET /xingrg/check_reg.html?_=1639174852580 HTTP/1.1" 200 22
120.253.135.82 - - [11/Dec/2021:06:21:37 +0800] "GET /xingrg/all/function/internal_message.html?_=1639174673489&CODE_STATE=getMsg HTTP/1.1" 200 27
222.70.176.97 - - [11/Dec/2021:06:21:46 +0800] "GET /xingrg/all/function/internal_message.html?_=1639174901168&CODE_STATE=getMsg HTTP/1.1" 200 27
124.77.240.52 - - [11/Dec/2021:06:21:50 +0800] "GET /xingrg/all/function/internal_message.html?_=1639174926288&CODE_STATE=getMsg HTTP/1.1" 302 -
180.169.147.146 - - [11/Dec/2021:06:21:53 +0800] "GET /xingrg/all/function/internal_message.html?_=1639174921121&CODE_STATE=getMsg HTTP/1.1" 200 27
120.253.135.82 - - [11/Dec/2021:06:21:54 +0800] "GET /xingrg/images/yd/bt.gif HTTP/1.1" 404 1040
120.253.135.82 - - [11/Dec/2021:06:21:54 +0800] "GET /xingrg/images/yd/bt2.gif HTTP/1.1" 404 1042
114.85.125.222 - - [11/Dec/2021:06:21:55 +0800] "GET /xingrg/all/function/internal_message.html?_=1639174871126&CODE_STATE=getMsg HTTP/1.1" 200 27
124.77.240.52 - - [11/Dec/2021:06:22:00 +0800] "GET /xingrg/all/function/internal_message.html?_=1639174939282&CODE_STATE=getMsg HTTP/1.1" 200 27
120.253.135.82 - - [11/Dec/2021:06:22:03 +0800] "GET /xingrg/javascript/jquery_easy_ui/themes/default/images/button_plain_hover.png HTTP/1.1" 200 252
120.253.135.82 - - [11/Dec/2021:06:22:03 +0800] "GET /xingrg/kc/pszx/mdqp_order_list.html?isBack=1 HTTP/1.1" 302 -
120.253.135.82 - - [11/Dec/2021:06:22:03 +0800] "GET /xingrg/kc/pszx/mdqp_order_list.html?state=10 HTTP/1.1" 200 16367
120.253.135.82 - - [11/Dec/2021:06:22:03 +0800] "GET /xingrg/dwr/interface/AjaxQqpsService.js HTTP/1.1" 200 16326
120.253.135.82 - - [11/Dec/2021:06:22:03 +0800] "GET /xingrg/dwr/interface/AjaxReportQueryService.js HTTP/1.1" 200 13203
120.253.135.82 - - [11/Dec/2021:06:22:03 +0800] "GET /xingrg/dwr/engine.js HTTP/1.1" 200 43631
120.253.135.82 - - [11/Dec/2021:06:22:06 +0800] "GET /xingrg/kc/pszx/mdqp_order_info.html?code=302021121000196 HTTP/1.1" 200 13338
120.253.135.82 - - [11/Dec/2021:06:22:06 +0800] "GET /xingrg/dwr/interface/AjaxComOrderService.js HTTP/1.1" 200 18264
120.253.135.82 - - [11/Dec/2021:06:22:06 +0800] "GET /xingrg/dwr/interface/AjaxQqpsService.js HTTP/1.1" 200 16326
120.253.135.82 - - [11/Dec/2021:06:22:06 +0800] "GET /xingrg/dwr/engine.js HTTP/1.1" 200 43631
120.253.135.82 - - [11/Dec/2021:06:22:06 +0800] "POST /xingrg/dwr/call/plaincall/AjaxQqpsService.loadMaterielItems.dwr HTTP/1.1" 200 379
120.253.135.82 - - [11/Dec/2021:06:22:09 +0800] "GET /xingrg/kc/pszx/mdqp_order_list.html?isBack=1 HTTP/1.1" 302 -
120.253.135.82 - - [11/Dec/2021:06:22:09 +0800] "GET /xingrg/kc/pszx/mdqp_order_list.html?state=10 HTTP/1.1" 200 16367
120.253.135.82 - - [11/Dec/2021:06:22:09 +0800] "GET /xingrg/dwr/interface/AjaxQqpsService.js HTTP/1.1" 200 16326
120.253.135.82 - - [11/Dec/2021:06:22:09 +0800] "GET /xingrg/dwr/interface/AjaxReportQueryService.js HTTP/1.1" 200 13203
120.253.135.82 - - [11/Dec/2021:06:22:09 +0800] "GET /xingrg/dwr/engine.js HTTP/1.1" 200 43631
120.253.135.82 - - [11/Dec/2021:06:22:14 +0800] "GET /xingrg/kc/pszx/mdqp_order_info.html?code=302021121000187 HTTP/1.1" 200 13338
120.253.135.82 - - [11/Dec/2021:06:22:14 +0800] "GET /xingrg/dwr/interface/AjaxComOrderService.js HTTP/1.1" 200 18264
120.253.135.82 - - [11/Dec/2021:06:22:14 +0800] "GET /xingrg/dwr/interface/AjaxQqpsService.js HTTP/1.1" 200 16326
120.253.135.82 - - [11/Dec/2021:06:22:14 +0800] "GET /xingrg/dwr/engine.js HTTP/1.1" 200 43631
120.253.135.82 - - [11/Dec/2021:06:22:14 +0800] "POST /xingrg/dwr/call/plaincall/AjaxQqpsService.loadMaterielItems.dwr HTTP/1.1" 200 437
222.70.176.97 - - [11/Dec/2021:06:22:15 +0800] "GET /xingrg/all/function/internal_message.html?_=1639174599586&CODE_STATE=getMsg HTTP/1.1" 302 -
120.253.135.82 - - [11/Dec/2021:06:22:17 +0800] "GET /xingrg/kc/pszx/mdqp_order_list.html?isBack=1 HTTP/1.1" 302 -
120.253.135.82 - - [11/Dec/2021:06:22:17 +0800] "GET /xingrg/kc/pszx/mdqp_order_list.html?state=10 HTTP/1.1" 200 16367
120.253.135.82 - - [11/Dec/2021:06:22:17 +0800] "GET /xingrg/dwr/interface/AjaxReportQueryService.js HTTP/1.1" 200 13203
120.253.135.82 - - [11/Dec/2021:06:22:17 +0800] "GET /xingrg/dwr/interface/AjaxQqpsService.js HTTP/1.1" 200 16326
120.253.135.82 - - [11/Dec/2021:06:22:17 +0800] "GET /xingrg/dwr/engine.js HTTP/1.1" 200 43631
120.253.135.82 - - [11/Dec/2021:06:22:19 +0800] "GET /xingrg/kc/pszx/mdqp_order_info.html?code=302021121000190 HTTP/1.1" 200 13338
120.253.135.82 - - [11/Dec/2021:06:22:19 +0800] "GET /xingrg/dwr/interface/AjaxQqpsService.js HTTP/1.1" 200 16326
120.253.135.82 - - [11/Dec/2021:06:22:19 +0800] "GET /xingrg/dwr/interface/AjaxComOrderService.js HTTP/1.1" 200 18264
120.253.135.82 - - [11/Dec/2021:06:22:19 +0800] "GET /xingrg/dwr/engine.js HTTP/1.1" 200 43631
120.253.135.82 - - [11/Dec/2021:06:22:19 +0800] "POST /xingrg/dwr/call/plaincall/AjaxQqpsService.loadMaterielItems.dwr HTTP/1.1" 200 3287
116.238.248.233 - - [11/Dec/2021:06:22:20 +0800] "GET /xingrg/all/function/internal_message.html?_=1639174937011&CODE_STATE=getMsg HTTP/1.1" 200 27
120.253.135.82 - - [11/Dec/2021:06:22:22 +0800] "GET /xingrg/images/yd/bt.gif HTTP/1.1" 404 1040
120.253.135.82 - - [11/Dec/2021:06:22:22 +0800] "GET /xingrg/images/yd/bt2.gif HTTP/1.1" 404 1042
120.253.135.82 - - [11/Dec/2021:06:22:31 +0800] "GET /xingrg/kc/pszx/mdqp_order_list.html?isBack=1 HTTP/1.1" 302 -
120.253.135.82 - - [11/Dec/2021:06:22:31 +0800] "GET /xingrg/kc/pszx/mdqp_order_list.html?state=10 HTTP/1.1" 200 16367
120.253.135.82 - - [11/Dec/2021:06:22:31 +0800] "GET /xingrg/dwr/interface/AjaxQqpsService.js HTTP/1.1" 200 16326
120.253.135.82 - - [11/Dec/2021:06:22:31 +0800] "GET /xingrg/dwr/interface/AjaxReportQueryService.js HTTP/1.1" 200 13203
120.253.135.82 - - [11/Dec/2021:06:22:31 +0800] "GET /xingrg/dwr/engine.js HTTP/1.1" 200 43631
120.253.135.82 - - [11/Dec/2021:06:22:33 +0800] "GET /xingrg/kc/pszx/mdqp_order_info.html?code=302021121000189 HTTP/1.1" 200 13338
120.253.135.82 - - [11/Dec/2021:06:22:33 +0800] "GET /xingrg/dwr/interface/AjaxComOrderService.js HTTP/1.1" 200 18264
120.253.135.82 - - [11/Dec/2021:06:22:33 +0800] "GET /xingrg/dwr/interface/AjaxQqpsService.js HTTP/1.1" 200 16326
120.253.135.82 - - [11/Dec/2021:06:22:33 +0800] "GET /xingrg/dwr/engine.js HTTP/1.1" 200 43631
120.253.135.82 - - [11/Dec/2021:06:22:33 +0800] "POST /xingrg/dwr/call/plaincall/AjaxQqpsService.loadMaterielItems.dwr HTTP/1.1" 200 7085
172.20.0.100 - - [11/Dec/2021:06:22:34 +0800] "GET /xingrg/all/function/internal_message.html?_=1639174951653&CODE_STATE=getMsg HTTP/1.1" 200 27
180.169.147.146 - - [11/Dec/2021:06:22:35 +0800] "GET /xingrg/all/function/internal_message.html?_=1639174962470&CODE_STATE=getMsg HTTP/1.1" 200 27
120.253.135.82 - - [11/Dec/2021:06:22:36 +0800] "GET /xingrg/images/yd/bt.gif HTTP/1.1" 404 1040
120.253.135.82 - - [11/Dec/2021:06:22:36 +0800] "GET /xingrg/images/yd/bt2.gif HTTP/1.1" 404 1042
120.253.135.82 - - [11/Dec/2021:06:22:37 +0800] "GET /xingrg/check_reg.html?_=1639174732970 HTTP/1.1" 200 22
120.253.135.82 - - [11/Dec/2021:06:22:37 +0800] "GET /xingrg/all/function/internal_message.html?_=1639174733618&CODE_STATE=getMsg HTTP/1.1" 200 27
124.77.240.52 - - [11/Dec/2021:06:22:41 +0800] "GET /xingrg/check_reg.html?_=1639174976832 HTTP/1.1" 302 -
120.253.135.82 - - [11/Dec/2021:06:22:46 +0800] "GET /xingrg/kc/pszx/mdqp_order_list.html?isBack=1 HTTP/1.1" 302 -
120.253.135.82 - - [11/Dec/2021:06:22:46 +0800] "GET /xingrg/kc/pszx/mdqp_order_list.html?state=10 HTTP/1.1" 200 16367
120.253.135.82 - - [11/Dec/2021:06:22:46 +0800] "GET /xingrg/dwr/interface/AjaxReportQueryService.js HTTP/1.1" 200 13203
120.253.135.82 - - [11/Dec/2021:06:22:46 +0800] "GET /xingrg/dwr/interface/AjaxQqpsService.js HTTP/1.1" 200 16326
120.253.135.82 - - [11/Dec/2021:06:22:46 +0800] "GET /xingrg/dwr/engine.js HTTP/1.1" 200 43631
222.70.176.97 - - [11/Dec/2021:06:22:46 +0800] "GET /xingrg/all/function/internal_message.html?_=1639174961151&CODE_STATE=getMsg HTTP/1.1" 200 27
120.253.135.82 - - [11/Dec/2021:06:22:49 +0800] "GET /xingrg/kc/pszx/jzcl_ps.html HTTP/1.1" 200 7683
120.253.135.82 - - [11/Dec/2021:06:22:49 +0800] "GET /xingrg/css/table.css HTTP/1.1" 200 3684
120.253.135.82 - - [11/Dec/2021:06:22:49 +0800] "GET /xingrg/javascript/step/step.css HTTP/1.1" 200 999
120.253.135.82 - - [11/Dec/2021:06:22:49 +0800] "GET /xingrg/javascript/jquery_easy_ui/themes/default/images/button_span_bg.gif HTTP/1.1" 200 2061
120.253.135.82 - - [11/Dec/2021:06:22:49 +0800] "POST /xingrg/all/common/load_tree.html?tree=area_rest_tree_json HTTP/1.1" 200 3472
120.253.135.82 - - [11/Dec/2021:06:22:49 +0800] "GET /xingrg/javascript/jquery_easy_ui/themes/default/images/calendar_prevyear.gif HTTP/1.1" 200 76
120.253.135.82 - - [11/Dec/2021:06:22:49 +0800] "GET /xingrg/images/control/ajaxLoader.gif HTTP/1.1" 200 4659
120.253.135.82 - - [11/Dec/2021:06:22:49 +0800] "POST /xingrg/kc/pszx/jzcl_ps_operate.html HTTP/1.1" 200 10959
120.253.135.82 - - [11/Dec/2021:06:22:49 +0800] "POST /xingrg/kc/pszx/jzcl_ps_operate.html HTTP/1.1" 200 10959
124.77.240.52 - - [11/Dec/2021:06:22:50 +0800] "GET /xingrg/all/function/internal_message.html?_=1639174986301&CODE_STATE=getMsg HTTP/1.1" 302 -
180.169.147.146 - - [11/Dec/2021:06:22:54 +0800] "GET /xingrg/all/function/internal_message.html?_=1639174981119&CODE_STATE=getMsg HTTP/1.1" 200 27
114.85.125.222 - - [11/Dec/2021:06:22:55 +0800] "GET /xingrg/all/function/internal_message.html?_=1639174931139&CODE_STATE=getMsg HTTP/1.1" 200 27
124.77.240.52 - - [11/Dec/2021:06:23:00 +0800] "GET /xingrg/all/function/internal_message.html?_=1639174999295&CODE_STATE=getMsg HTTP/1.1" 200 27
120.253.135.82 - - [11/Dec/2021:06:23:03 +0800] "POST /xingrg/kc/pszx/jzcl_ps_operate.html HTTP/1.1" 200 4
120.253.135.82 - - [11/Dec/2021:06:23:04 +0800] "GET /xingrg/kc/pszx/mdps_order_list.html HTTP/1.1" 200 20925
120.253.135.82 - - [11/Dec/2021:06:23:04 +0800] "GET /xingrg/javascript/jquery_tools/fix.css HTTP/1.1" 200 1702
120.253.135.82 - - [11/Dec/2021:06:23:04 +0800] "GET /xingrg/javascript/jquery_tools/list_manager.js HTTP/1.1" 200 3652
120.253.135.82 - - [11/Dec/2021:06:23:04 +0800] "GET /xingrg/javascript/jquery_tools/table.css HTTP/1.1" 200 1032
120.253.135.82 - - [11/Dec/2021:06:23:04 +0800] "GET /xingrg/javascript/jquery_tools/jquery.tools.table.js HTTP/1.1" 200 6994
120.253.135.82 - - [11/Dec/2021:06:23:04 +0800] "GET /xingrg/javascript/jquery.cookie.js HTTP/1.1" 200 5513
120.253.135.82 - - [11/Dec/2021:06:23:05 +0800] "GET /xingrg/javascript/easyui/themes/icons/edit_add_new.png HTTP/1.1" 200 2997
120.253.135.82 - - [11/Dec/2021:06:23:05 +0800] "GET /xingrg/javascript/easyui/themes/icons/field_new.png HTTP/1.1" 200 1097
120.253.135.82 - - [11/Dec/2021:06:23:05 +0800] "GET /xingrg/javascript/easyui/themes/icons/cance_new.png HTTP/1.1" 200 3986
120.253.135.82 - - [11/Dec/2021:06:23:05 +0800] "GET /xingrg/javascript/easyui/themes/icons/check_new.png HTTP/1.1" 200 3224
120.253.135.82 - - [11/Dec/2021:06:23:05 +0800] "GET /xingrg/javascript/easyui/themes/icons/uncheck_new.png HTTP/1.1" 200 3197
120.253.135.82 - - [11/Dec/2021:06:23:05 +0800] "GET /xingrg/javascript/easyui/themes/icons/import_new.png HTTP/1.1" 200 1247
120.253.135.82 - - [11/Dec/2021:06:23:05 +0800] "POST /xingrg/kc/pszx/jzcl_ps_operate.html HTTP/1.1" 200 8839
120.253.135.82 - - [11/Dec/2021:06:23:05 +0800] "POST /xingrg/kc/pszx/mdps_list_operate.html HTTP/1.1" 200 5461
222.70.176.97 - - [11/Dec/2021:06:23:15 +0800] "GET /xingrg/all/function/internal_message.html?_=1639174659587&CODE_STATE=getMsg HTTP/1.1" 302 -
222.70.176.97 - - [11/Dec/2021:06:23:15 +0800] "GET /xingrg/check_reg.html?_=1639174659587 HTTP/1.1" 302 -
116.238.248.233 - - [11/Dec/2021:06:23:20 +0800] "GET /xingrg/all/function/internal_message.html?_=1639174997015&CODE_STATE=getMsg HTTP/1.1" 200 27
172.20.0.100 - - [11/Dec/2021:06:23:34 +0800] "GET /xingrg/all/function/internal_message.html?_=1639175011657&CODE_STATE=getMsg HTTP/1.1" 200 27
180.169.147.146 - - [11/Dec/2021:06:23:35 +0800] "GET /xingrg/all/function/internal_message.html?_=1639175022468&CODE_STATE=getMsg HTTP/1.1" 200 27
120.253.135.82 - - [11/Dec/2021:06:23:37 +0800] "GET /xingrg/all/function/internal_message.html?_=1639174793621&CODE_STATE=getMsg HTTP/1.1" 200 27
120.253.135.82 - - [11/Dec/2021:06:23:41 +0800] "POST /xingrg/kc/pszx/mdps_list_operate.html HTTP/1.1" 200 4229
120.253.135.82 - - [11/Dec/2021:06:23:42 +0800] "POST /xingrg/kc/pszx/mdps_list_operate.html HTTP/1.1" 200 202
222.70.176.97 - - [11/Dec/2021:06:23:43 +0800] "GET /xingrg/check_reg.html?_=1639175018108 HTTP/1.1" 200 22
120.253.135.82 - - [11/Dec/2021:06:23:44 +0800] "GET /xingrg/kc/pszx/mdps_order_info.html?code=312021120800218 HTTP/1.1" 200 23925
120.253.135.82 - - [11/Dec/2021:06:23:44 +0800] "GET /xingrg/javascript/easyui/themes/default/validatebox.css HTTP/1.1" 404 1104
120.253.135.82 - - [11/Dec/2021:06:23:44 +0800] "POST /xingrg/kc/pszx/mdps_order_operate.html HTTP/1.1" 200 2277
222.70.176.97 - - [11/Dec/2021:06:23:46 +0800] "GET /xingrg/all/function/internal_message.html?_=1639175021137&CODE_STATE=getMsg HTTP/1.1" 200 27
120.253.135.82 - - [11/Dec/2021:06:23:47 +0800] "POST /xingrg/kc/pszx/mdps_list_operate.html HTTP/1.1" 200 211
