116.238.208.177 - - [11/Dec/2021:10:05:11 +0800] "GET /xingrg/kc/buy/cgsh_order_operate.html?command=get_materiel&rest_code=00102&code=00101008131&supplier_code=00100008&order_time=2021-12-11 HTTP/1.1" 200 408
114.86.227.218 - - [11/Dec/2021:10:05:11 +0800] "GET /xingrg/all/function/internal_message.html?_=1639188308672&CODE_STATE=getMsg HTTP/1.1" 200 27
116.238.208.177 - - [11/Dec/2021:10:05:15 +0800] "GET /xingrg/check_reg.html?_=1639188313406 HTTP/1.1" 200 22
116.238.208.177 - - [11/Dec/2021:10:05:15 +0800] "GET /xingrg/all/function/internal_message.html?_=1639188313467&CODE_STATE=getMsg HTTP/1.1" 200 27
222.70.176.97 - - [11/Dec/2021:10:05:15 +0800] "GET /xingrg/all/function/internal_message.html?_=1639187979586&CODE_STATE=getMsg HTTP/1.1" 302 -
124.78.153.86 - - [11/Dec/2021:10:05:19 +0800] "GET /xingrg/all/function/internal_message.html?_=1639188323792&CODE_STATE=getMsg HTTP/1.1" 200 27
124.78.153.86 - - [11/Dec/2021:10:05:20 +0800] "GET /xingrg/kc/buy/cgsh_order_operate.html?command=get_materiel&rest_code=00106&code=00101008354&supplier_code=00100007&order_time=2021-12-11 HTTP/1.1" 200 412
116.238.208.177 - - [11/Dec/2021:10:05:20 +0800] "GET /xingrg/kc/buy/cgsh_order_operate.html?command=get_materiel&rest_code=00102&code=00101008296&supplier_code=00100008&order_time=2021-12-11 HTTP/1.1" 200 416
116.238.248.233 - - [11/Dec/2021:10:05:21 +0800] "GET /xingrg/all/function/internal_message.html?_=1639188318118&CODE_STATE=getMsg HTTP/1.1" 200 27
116.238.248.233 - - [11/Dec/2021:10:05:21 +0800] "GET /xingrg/check_reg.html?_=1639188318124 HTTP/1.1" 200 22
124.78.153.86 - - [11/Dec/2021:10:05:23 +0800] "GET /xingrg/all/function/internal_message.html?_=1639188326641&CODE_STATE=getMsg HTTP/1.1" 200 27
180.157.253.6 - - [11/Dec/2021:10:05:25 +0800] "GET /favicon.ico HTTP/1.1" 404 -
116.227.210.113 - - [11/Dec/2021:10:05:25 +0800] "GET /xingrg/all/function/internal_message.html?_=1639188321111&CODE_STATE=getMsg HTTP/1.1" 200 27
120.253.135.82 - - [11/Dec/2021:10:05:26 +0800] "GET /xingrg/all/function/internal_message.html?_=1639188101756&CODE_STATE=getMsg HTTP/1.1" 200 27
124.77.240.52 - - [11/Dec/2021:10:05:26 +0800] "GET /xingrg/all/function/internal_message.html?_=1639188342436&CODE_STATE=getMsg HTTP/1.1" 200 27
120.253.135.82 - - [11/Dec/2021:10:05:27 +0800] "POST /xingrg/kc/pszx/mdps_list_operate.html HTTP/1.1" 200 3937
124.78.153.86 - - [11/Dec/2021:10:05:28 +0800] "GET /xingrg/kc/mdqp/qp_main.html HTTP/1.1" 200 10633
124.78.153.86 - - [11/Dec/2021:10:05:29 +0800] "POST /xingrg/kc/buy/cgsh_order_operate.html HTTP/1.1" 200 2065
124.78.153.86 - - [11/Dec/2021:10:05:30 +0800] "GET /xingrg/images/yd/bt.gif HTTP/1.1" 404 1040
124.78.153.86 - - [11/Dec/2021:10:05:30 +0800] "GET /xingrg/kc/mdqp/pssh_order_list.html HTTP/1.1" 200 17737
124.78.153.86 - - [11/Dec/2021:10:05:31 +0800] "POST /xingrg/kc/mdqp/pssh_list_operate.html HTTP/1.1" 200 5115
58.37.8.98 - - [11/Dec/2021:10:05:34 +0800] "GET /xingrg/all/function/internal_message.html?_=1639188148072&CODE_STATE=getMsg HTTP/1.1" 200 27
58.37.8.98 - - [11/Dec/2021:10:05:36 +0800] "GET /xingrg/all/function/internal_message.html?_=1639188150284&CODE_STATE=getMsg HTTP/1.1" 200 27
124.78.153.86 - - [11/Dec/2021:10:05:37 +0800] "GET /xingrg/kc/report/report_main.html HTTP/1.1" 200 7340
124.78.153.86 - - [11/Dec/2021:10:05:39 +0800] "GET /xingrg/kc/base/base_main.html HTTP/1.1" 200 12142
222.70.176.97 - - [11/Dec/2021:10:05:39 +0800] "GET /xingrg/kc/buy/cgsh_order_operate.html?command=get_materiel&rest_code=00111&code=00101006065&supplier_code=00100012&order_time=2021-12-11 HTTP/1.1" 200 409
124.78.153.86 - - [11/Dec/2021:10:05:41 +0800] "GET /xingrg/kc/mdqp/qp_main.html HTTP/1.1" 200 10633
124.78.153.86 - - [11/Dec/2021:10:05:42 +0800] "GET /xingrg/kc/buy/buy_main.html HTTP/1.1" 200 12412
124.78.153.86 - - [11/Dec/2021:10:05:42 +0800] "GET /xingrg/css/new_ie.css HTTP/1.1" 404 1036
124.78.153.86 - - [11/Dec/2021:10:05:43 +0800] "GET /xingrg/kc/buy/cgsh_order_operate.html?command=get_materiel&rest_code=00106&code=00101008370&supplier_code=00100007&order_time=2021-12-11 HTTP/1.1" 200 412
124.78.153.86 - - [11/Dec/2021:10:05:49 +0800] "GET /xingrg/kc/buy/cgsh_order_operate.html?command=get_materiel&rest_code=00106&code=00101008003&supplier_code=00100007&order_time=2021-12-11 HTTP/1.1" 200 408
101.83.241.214 - - [11/Dec/2021:10:05:56 +0800] "GET /xingrg/all/function/internal_message.html?_=1639188353442&CODE_STATE=getMsg HTTP/1.1" 200 27
61.151.178.217 - - [11/Dec/2021:10:05:57 +0800] "GET /xingrg/kc/buy/cgsh_order_operate.html?command=get_materiel&rest_code=00106&code=00101008360&supplier_code=00100007&order_time=2021-12-11 HTTP/1.1" 302 -
124.78.153.86 - - [11/Dec/2021:10:05:57 +0800] "GET /xingrg/kc/buy/cgsh_order_operate.html?command=get_materiel&rest_code=00106&code=00101008126&supplier_code=00100007&order_time=2021-12-11 HTTP/1.1" 200 412
61.151.178.217 - - [11/Dec/2021:10:05:58 +0800] "GET /xingrg/login.html HTTP/1.1" 200 7641
180.169.147.146 - - [11/Dec/2021:10:06:01 +0800] "GET /xingrg/all/function/internal_message.html?_=1639188361674&CODE_STATE=getMsg HTTP/1.1" 302 -
222.70.176.97 - - [11/Dec/2021:10:06:04 +0800] "GET /xingrg/all/function/internal_message.html?_=1639188358731&CODE_STATE=getMsg HTTP/1.1" 200 27
124.78.153.86 - - [11/Dec/2021:10:06:04 +0800] "GET /xingrg/kc/buy/cgsh_order_operate.html?command=get_materiel&rest_code=00106&code=00101008361&supplier_code=00100007&order_time=2021-12-11 HTTP/1.1" 200 408
222.70.176.97 - - [11/Dec/2021:10:06:06 +0800] "GET /xingrg/kc/buy/cgsh_order_operate.html?command=get_materiel&rest_code=00111&code=00101006194&supplier_code=00100012&order_time=2021-12-11 HTTP/1.1" 200 413
101.91.60.11 - - [11/Dec/2021:10:06:07 +0800] "GET /xingrg/kc/buy/cgsh_order_operate.html?command=get_materiel&rest_code=00106&code=00101008080&supplier_code=00100007&order_time=2021-12-11 HTTP/1.1" 302 -
124.77.240.52 - - [11/Dec/2021:10:06:07 +0800] "GET /xingrg/all/function/internal_message.html?_=1639188386240&CODE_STATE=getMsg HTTP/1.1" 302 -
101.91.60.11 - - [11/Dec/2021:10:06:07 +0800] "GET /xingrg/login.html HTTP/1.1" 200 7641
114.85.125.222 - - [11/Dec/2021:10:06:10 +0800] "GET /xingrg/check_reg.html?_=1639188326306 HTTP/1.1" 200 22
114.85.125.222 - - [11/Dec/2021:10:06:11 +0800] "GET /xingrg/all/function/internal_message.html?_=1639188326539&CODE_STATE=getMsg HTTP/1.1" 200 27
120.253.135.82 - - [11/Dec/2021:10:06:11 +0800] "POST /xingrg/kc/pszx/mdps_list_operate.html HTTP/1.1" 200 592
114.86.227.218 - - [11/Dec/2021:10:06:11 +0800] "GET /xingrg/all/function/internal_message.html?_=1639188368675&CODE_STATE=getMsg HTTP/1.1" 200 27
120.253.135.82 - - [11/Dec/2021:10:06:11 +0800] "GET /xingrg/kc/pszx/mdps_order_info.html?code=312021121000246 HTTP/1.1" 200 23931
120.253.135.82 - - [11/Dec/2021:10:06:11 +0800] "POST /xingrg/kc/pszx/mdps_order_operate.html HTTP/1.1" 200 8277
120.253.135.82 - - [11/Dec/2021:10:06:12 +0800] "GET /xingrg/javascript/easyui/themes/default/validatebox.css HTTP/1.1" 404 1104
116.238.208.177 - - [11/Dec/2021:10:06:14 +0800] "GET /xingrg/kc/buy/cgsh_order_operate.html?command=get_materiel&rest_code=00102&code=00101008352&supplier_code=00100008&order_time=2021-12-11 HTTP/1.1" 200 412
116.238.208.177 - - [11/Dec/2021:10:06:15 +0800] "GET /xingrg/all/function/internal_message.html?_=1639188373792&CODE_STATE=getMsg HTTP/1.1" 200 27
222.70.176.97 - - [11/Dec/2021:10:06:15 +0800] "GET /xingrg/all/function/internal_message.html?_=1639188039586&CODE_STATE=getMsg HTTP/1.1" 302 -
120.253.135.82 - - [11/Dec/2021:10:06:16 +0800] "POST /xingrg/kc/pszx/mdps_order_operate.html HTTP/1.1" 200 37
120.253.135.82 - - [11/Dec/2021:10:06:17 +0800] "POST /xingrg/kc/pszx/mdps_order_operate.html HTTP/1.1" 200 12
124.78.153.86 - - [11/Dec/2021:10:06:19 +0800] "POST /xingrg/kc/buy/cgsh_order_operate.html HTTP/1.1" 200 2065
116.238.208.177 - - [11/Dec/2021:10:06:20 +0800] "POST /xingrg/kc/buy/cgsh_order_operate.html HTTP/1.1" 200 2065
120.253.135.82 - - [11/Dec/2021:10:06:21 +0800] "GET /xingrg/kc/pszx/mdps_order_info.html?code=312021121000246 HTTP/1.1" 200 19591
116.238.248.233 - - [11/Dec/2021:10:06:21 +0800] "GET /xingrg/all/function/internal_message.html?_=1639188378122&CODE_STATE=getMsg HTTP/1.1" 200 27
120.253.135.82 - - [11/Dec/2021:10:06:21 +0800] "POST /xingrg/kc/pszx/mdps_order_operate.html HTTP/1.1" 200 6420
120.253.135.82 - - [11/Dec/2021:10:06:21 +0800] "GET /xingrg/javascript/easyui/themes/default/validatebox.css HTTP/1.1" 404 1104
124.78.153.86 - - [11/Dec/2021:10:06:21 +0800] "GET /xingrg/kc/buy/cgsh_order_operate.html?command=get_materiel&rest_code=00106&code=00101008301&supplier_code=00100007&order_time=2021-12-11 HTTP/1.1" 200 422
124.78.153.86 - - [11/Dec/2021:10:06:23 +0800] "GET /xingrg/all/function/internal_message.html?_=1639188386542&CODE_STATE=getMsg HTTP/1.1" 200 27
116.227.210.113 - - [11/Dec/2021:10:06:25 +0800] "GET /xingrg/all/function/internal_message.html?_=1639188381103&CODE_STATE=getMsg HTTP/1.1" 200 27
120.253.135.82 - - [11/Dec/2021:10:06:26 +0800] "GET /xingrg/check_reg.html?_=1639188161690 HTTP/1.1" 200 22
120.253.135.82 - - [11/Dec/2021:10:06:26 +0800] "GET /xingrg/all/function/internal_message.html?_=1639188161768&CODE_STATE=getMsg HTTP/1.1" 200 27
124.77.240.52 - - [11/Dec/2021:10:06:26 +0800] "GET /xingrg/all/function/internal_message.html?_=1639188402450&CODE_STATE=getMsg HTTP/1.1" 200 27
116.238.208.177 - - [11/Dec/2021:10:06:26 +0800] "GET /xingrg/kc/buy/cgsh_order_operate.html?command=get_materiel&rest_code=00102&code=00101008353&supplier_code=00100008&order_time=2021-12-11 HTTP/1.1" 200 408
120.253.135.82 - - [11/Dec/2021:10:06:28 +0800] "GET /favicon.ico HTTP/1.1" 404 -
124.78.153.86 - - [11/Dec/2021:10:06:29 +0800] "GET /xingrg/kc/buy/cgsh_order_operate.html?command=get_materiel&rest_code=00106&code=00101008251&supplier_code=00100007&order_time=2021-12-11 HTTP/1.1" 200 408
120.253.135.82 - - [11/Dec/2021:10:06:31 +0800] "GET /xingrg/index.html?sysBaseUrl=http%3A%2F%2F180.169.147.146%3A18081%2Fxingrg%2F&costTime=554×tamp=1639028756967 HTTP/1.1" 302 -
120.253.135.82 - - [11/Dec/2021:10:06:31 +0800] "GET /xingrg/login.html HTTP/1.1" 200 7641
58.37.8.98 - - [11/Dec/2021:10:06:34 +0800] "GET /xingrg/all/function/internal_message.html?_=1639188208041&CODE_STATE=getMsg HTTP/1.1" 200 27
120.253.135.82 - - [11/Dec/2021:10:06:34 +0800] "GET /xingrg/images/blue/jxLogo.png HTTP/1.1" 304 -
120.253.135.82 - - [11/Dec/2021:10:06:35 +0800] "GET /xingrg/images/blue/login_bg.png HTTP/1.1" 304 -
120.253.135.82 - - [11/Dec/2021:10:06:35 +0800] "GET /xingrg/images/blue/hj.png HTTP/1.1" 304 -
120.253.135.82 - - [11/Dec/2021:10:06:35 +0800] "GET /xingrg/images/blue/srbg.png HTTP/1.1" 304 -
120.253.135.82 - - [11/Dec/2021:10:06:36 +0800] "GET /favicon.ico HTTP/1.1" 404 -
58.37.8.98 - - [11/Dec/2021:10:06:36 +0800] "GET /xingrg/all/function/internal_message.html?_=1639188210282&CODE_STATE=getMsg HTTP/1.1" 200 27
116.238.208.177 - - [11/Dec/2021:10:06:39 +0800] "GET /xingrg/kc/buy/cgsh_order_operate.html?command=get_materiel&rest_code=00102&code=00101015136&supplier_code=00100008&order_time=2021-12-11 HTTP/1.1" 200 400
120.253.135.82 - - [11/Dec/2021:10:06:42 +0800] "POST /xingrg/kc/pszx/mdps_list_operate.html HTTP/1.1" 200 3565
120.253.135.82 - - [11/Dec/2021:10:06:45 +0800] "POST /xingrg/kc/pszx/mdps_list_operate.html HTTP/1.1" 200 384
120.253.135.82 - - [11/Dec/2021:10:06:46 +0800] "GET /xingrg/kc/pszx/mdps_order_info.html?code=312021121000266 HTTP/1.1" 200 23931
120.253.135.82 - - [11/Dec/2021:10:06:46 +0800] "GET /xingrg/javascript/easyui/themes/default/validatebox.css HTTP/1.1" 404 1104
120.253.135.82 - - [11/Dec/2021:10:06:46 +0800] "POST /xingrg/kc/pszx/mdps_order_operate.html HTTP/1.1" 200 3327
116.238.208.177 - - [11/Dec/2021:10:06:48 +0800] "GET /xingrg/kc/buy/cgsh_order_operate.html?command=get_materiel&rest_code=00102&code=00101015038&supplier_code=00100008&order_time=2021-12-11 HTTP/1.1" 200 418
120.253.135.82 - - [11/Dec/2021:10:06:50 +0800] "POST /xingrg/kc/pszx/mdps_order_operate.html HTTP/1.1" 200 37
124.78.153.86 - - [11/Dec/2021:10:06:51 +0800] "GET /xingrg/kc/buy/cgsh_order_operate.html?command=get_materiel&rest_code=00106&code=00101008295&supplier_code=00100007&order_time=2021-12-11 HTTP/1.1" 200 412
120.253.135.82 - - [11/Dec/2021:10:06:52 +0800] "POST /xingrg/kc/pszx/mdps_order_operate.html HTTP/1.1" 200 12
124.78.153.86 - - [11/Dec/2021:10:06:54 +0800] "POST /xingrg/kc/buy/cgsh_order_operate.html HTTP/1.1" 200 2065
101.83.241.214 - - [11/Dec/2021:10:06:56 +0800] "GET /xingrg/all/function/internal_message.html?_=1639188413440&CODE_STATE=getMsg HTTP/1.1" 200 27
116.238.208.177 - - [11/Dec/2021:10:06:57 +0800] "GET /xingrg/kc/buy/cgsh_order_operate.html?command=get_materiel&rest_code=00102&code=00101008297&supplier_code=00100008&order_time=2021-12-11 HTTP/1.1" 200 412
124.77.240.52 - - [11/Dec/2021:10:06:57 +0800] "GET /favicon.ico HTTP/1.1" 404 -
124.78.153.86 - - [11/Dec/2021:10:06:58 +0800] "GET /xingrg/kc/buy/cgsh_order_operate.html?command=get_materiel&rest_code=00106&code=00101008098&supplier_code=00100007&order_time=2021-12-11 HTTP/1.1" 200 412
180.169.147.146 - - [11/Dec/2021:10:07:01 +0800] "GET /xingrg/all/function/internal_message.html?_=1639188421660&CODE_STATE=getMsg HTTP/1.1" 302 -
124.77.240.52 - - [11/Dec/2021:10:07:04 +0800] "GET /xingrg/check_reg.html?_=1639188442947 HTTP/1.1" 302 -
222.70.176.97 - - [11/Dec/2021:10:07:04 +0800] "GET /xingrg/all/function/internal_message.html?_=1639188418715&CODE_STATE=getMsg HTTP/1.1" 200 27
120.253.135.82 - - [11/Dec/2021:10:07:04 +0800] "GET /xingrg/kc/pszx/mdps_order_info.html?code=312021121000266 HTTP/1.1" 200 19591
120.253.135.82 - - [11/Dec/2021:10:07:05 +0800] "POST /xingrg/kc/pszx/mdps_order_operate.html HTTP/1.1" 200 1542
120.253.135.82 - - [11/Dec/2021:10:07:05 +0800] "GET /xingrg/javascript/easyui/themes/default/validatebox.css HTTP/1.1" 404 1104
120.253.135.82 - - [11/Dec/2021:10:07:06 +0800] "POST /xingrg/kc/pszx/mdps_list_operate.html HTTP/1.1" 200 3194
116.238.208.177 - - [11/Dec/2021:10:07:06 +0800] "POST /xingrg/kc/buy/cgsh_order_operate.html HTTP/1.1" 200 37
124.77.240.52 - - [11/Dec/2021:10:07:07 +0800] "GET /xingrg/all/function/internal_message.html?_=1639188446254&CODE_STATE=getMsg HTTP/1.1" 302 -
116.238.208.177 - - [11/Dec/2021:10:07:08 +0800] "POST /xingrg/kc/buy/cgsh_order_operate.html HTTP/1.1" 200 17444
120.253.135.82 - - [11/Dec/2021:10:07:10 +0800] "POST /xingrg/kc/pszx/mdps_list_operate.html HTTP/1.1" 200 220
120.253.135.82 - - [11/Dec/2021:10:07:10 +0800] "GET /xingrg/kc/pszx/mdps_order_info.html?code=312021121100277 HTTP/1.1" 200 23931
114.85.125.222 - - [11/Dec/2021:10:07:11 +0800] "GET /xingrg/all/function/internal_message.html?_=1639188386552&CODE_STATE=getMsg HTTP/1.1" 200 27
120.253.135.82 - - [11/Dec/2021:10:07:11 +0800] "POST /xingrg/kc/pszx/mdps_order_operate.html HTTP/1.1" 200 2308
120.253.135.82 - - [11/Dec/2021:10:07:11 +0800] "GET /xingrg/javascript/easyui/themes/default/validatebox.css HTTP/1.1" 404 1104
114.86.227.218 - - [11/Dec/2021:10:07:11 +0800] "GET /xingrg/all/function/internal_message.html?_=1639188428677&CODE_STATE=getMsg HTTP/1.1" 200 27
114.86.227.218 - - [11/Dec/2021:10:07:11 +0800] "GET /xingrg/check_reg.html?_=1639188428678 HTTP/1.1" 200 22
124.78.153.86 - - [11/Dec/2021:10:07:13 +0800] "GET /xingrg/kc/buy/cgsh_order_operate.html?command=get_materiel&rest_code=00106&code=00101008213&supplier_code=00100007&order_time=2021-12-11 HTTP/1.1" 200 412
120.253.135.82 - - [11/Dec/2021:10:07:15 +0800] "POST /xingrg/kc/pszx/mdps_order_operate.html HTTP/1.1" 200 37
116.238.208.177 - - [11/Dec/2021:10:07:15 +0800] "GET /xingrg/all/function/internal_message.html?_=1639188433806&CODE_STATE=getMsg HTTP/1.1" 200 27
222.70.176.97 - - [11/Dec/2021:10:07:15 +0800] "GET /xingrg/all/function/internal_message.html?_=1639188099586&CODE_STATE=getMsg HTTP/1.1" 302 -
120.253.135.82 - - [11/Dec/2021:10:07:16 +0800] "POST /xingrg/kc/pszx/mdps_order_operate.html HTTP/1.1" 200 12
116.238.248.233 - - [11/Dec/2021:10:07:21 +0800] "GET /xingrg/all/function/internal_message.html?_=1639188438122&CODE_STATE=getMsg HTTP/1.1" 200 27
116.238.208.177 - - [11/Dec/2021:10:07:22 +0800] "POST /xingrg/kc/buy/cgsh_order_operate.html HTTP/1.1" 200 37
124.78.153.86 - - [11/Dec/2021:10:07:22 +0800] "GET /xingrg/kc/buy/cgsh_order_operate.html?command=get_materiel&rest_code=00106&code=00101008403&supplier_code=00100007&order_time=2021-12-11 HTTP/1.1" 200 412
124.78.153.86 - - [11/Dec/2021:10:07:23 +0800] "GET /xingrg/all/function/internal_message.html?_=1639188446545&CODE_STATE=getMsg HTTP/1.1" 200 27
116.227.210.113 - - [11/Dec/2021:10:07:25 +0800] "GET /xingrg/all/function/internal_message.html?_=1639188441107&CODE_STATE=getMsg HTTP/1.1" 200 27
120.253.135.82 - - [11/Dec/2021:10:07:26 +0800] "GET /xingrg/kc/pszx/mdps_order_info.html?code=312021121100277 HTTP/1.1" 200 19591
120.253.135.82 - - [11/Dec/2021:10:07:26 +0800] "POST /xingrg/kc/pszx/mdps_order_operate.html HTTP/1.1" 200 529
120.253.135.82 - - [11/Dec/2021:10:07:26 +0800] "GET /xingrg/all/function/internal_message.html?_=1639188222206&CODE_STATE=getMsg HTTP/1.1" 200 27
120.253.135.82 - - [11/Dec/2021:10:07:26 +0800] "GET /xingrg/javascript/easyui/themes/default/validatebox.css HTTP/1.1" 404 1104
124.77.240.52 - - [11/Dec/2021:10:07:26 +0800] "GET /xingrg/all/function/internal_message.html?_=1639188462465&CODE_STATE=getMsg HTTP/1.1" 200 27
116.238.208.177 - - [11/Dec/2021:10:07:27 +0800] "POST /xingrg/kc/buy/cgsh_order_operate.html HTTP/1.1" 200 17444
120.253.135.82 - - [11/Dec/2021:10:07:27 +0800] "POST /xingrg/kc/pszx/mdps_list_operate.html HTTP/1.1" 200 2824
124.78.153.86 - - [11/Dec/2021:10:07:30 +0800] "GET /xingrg/kc/buy/cgsh_order_operate.html?command=get_materiel&rest_code=00106&code=00101008242&supplier_code=00100007&order_time=2021-12-11 HTTP/1.1" 200 408
120.253.135.82 - - [11/Dec/2021:10:07:31 +0800] "POST /xingrg/kc/pszx/mdps_list_operate.html HTTP/1.1" 200 275
120.253.135.82 - - [11/Dec/2021:10:07:32 +0800] "GET /xingrg/kc/pszx/mdps_order_info.html?code=312021121000247 HTTP/1.1" 200 23931
120.253.135.82 - - [11/Dec/2021:10:07:33 +0800] "GET /xingrg/javascript/easyui/themes/default/validatebox.css HTTP/1.1" 404 1104
120.253.135.82 - - [11/Dec/2021:10:07:33 +0800] "POST /xingrg/kc/pszx/mdps_order_operate.html HTTP/1.1" 200 2756
124.78.153.86 - - [11/Dec/2021:10:07:33 +0800] "POST /xingrg/kc/buy/cgsh_order_operate.html HTTP/1.1" 200 2065
58.37.8.98 - - [11/Dec/2021:10:07:34 +0800] "GET /xingrg/all/function/internal_message.html?_=1639188268017&CODE_STATE=getMsg HTTP/1.1" 200 27
116.238.208.177 - - [11/Dec/2021:10:07:35 +0800] "GET /xingrg/kc/buy/cgsh_order_add.html HTTP/1.1" 200 64961
58.37.8.98 - - [11/Dec/2021:10:07:36 +0800] "GET /xingrg/all/function/internal_message.html?_=1639188270280&CODE_STATE=getMsg HTTP/1.1" 200 27
58.37.8.98 - - [11/Dec/2021:10:07:36 +0800] "GET /xingrg/check_reg.html?_=1639188270281 HTTP/1.1" 200 22
120.253.135.82 - - [11/Dec/2021:10:07:36 +0800] "POST /xingrg/kc/pszx/mdps_order_operate.html HTTP/1.1" 200 37
116.238.208.177 - - [11/Dec/2021:10:07:37 +0800] "POST /xingrg/kc/buy/cgsh_order_operate.html HTTP/1.1" 200 8245
116.238.208.177 - - [11/Dec/2021:10:07:37 +0800] "GET /xingrg/javascript/easyui/themes/default/validatebox.css HTTP/1.1" 404 1104
120.253.135.82 - - [11/Dec/2021:10:07:37 +0800] "POST /xingrg/kc/pszx/mdps_order_operate.html HTTP/1.1" 200 12
116.238.208.177 - - [11/Dec/2021:10:07:38 +0800] "GET /xingrg/javascript/easyui/themes/default/tree.css HTTP/1.1" 404 1090
116.238.208.177 - - [11/Dec/2021:10:07:38 +0800] "POST /xingrg/all/common/load_tree.html?tree=supplier_tree_json&isDelete=1 HTTP/1.1" 200 61052
120.253.135.82 - - [11/Dec/2021:10:07:45 +0800] "GET /xingrg/kc/pszx/mdps_order_info.html?code=312021121000247 HTTP/1.1" 200 19591
120.253.135.82 - - [11/Dec/2021:10:07:46 +0800] "POST /xingrg/kc/pszx/mdps_order_operate.html HTTP/1.1" 200 975
120.253.135.82 - - [11/Dec/2021:10:07:46 +0800] "GET /xingrg/javascript/easyui/themes/default/validatebox.css HTTP/1.1" 404 1104
124.78.153.86 - - [11/Dec/2021:10:07:46 +0800] "GET /xingrg/kc/buy/cgsh_order_operate.html?command=get_materiel&rest_code=00106&code=00101008350&supplier_code=00100007&order_time=2021-12-11 HTTP/1.1" 200 408
120.253.135.82 - - [11/Dec/2021:10:07:47 +0800] "POST /xingrg/kc/pszx/mdps_list_operate.html HTTP/1.1" 200 2454
120.253.135.82 - - [11/Dec/2021:10:07:49 +0800] "POST /xingrg/kc/pszx/mdps_list_operate.html HTTP/1.1" 200 277
120.253.135.82 - - [11/Dec/2021:10:07:49 +0800] "GET /xingrg/kc/pszx/mdps_order_info.html?code=312021121000249 HTTP/1.1" 200 23931
120.253.135.82 - - [11/Dec/2021:10:07:50 +0800] "GET /xingrg/javascript/easyui/themes/default/validatebox.css HTTP/1.1" 404 1104
120.253.135.82 - - [11/Dec/2021:10:07:50 +0800] "POST /xingrg/kc/pszx/mdps_order_operate.html HTTP/1.1" 200 2775
116.238.208.177 - - [11/Dec/2021:10:07:50 +0800] "GET /xingrg/kc/buy/cgsh_order_operate.html?command=get_materiel&rest_code=00102&code=00101008323&supplier_code=00100008&order_time=2021-12-11 HTTP/1.1" 200 408
120.253.135.82 - - [11/Dec/2021:10:07:53 +0800] "POST /xingrg/kc/pszx/mdps_order_operate.html HTTP/1.1" 200 37
120.253.135.82 - - [11/Dec/2021:10:07:55 +0800] "POST /xingrg/kc/pszx/mdps_order_operate.html HTTP/1.1" 200 12
101.83.241.214 - - [11/Dec/2021:10:07:56 +0800] "GET /xingrg/all/function/internal_message.html?_=1639188473451&CODE_STATE=getMsg HTTP/1.1" 200 27
101.83.241.214 - - [11/Dec/2021:10:07:56 +0800] "GET /xingrg/check_reg.html?_=1639188473453 HTTP/1.1" 200 22
180.169.147.146 - - [11/Dec/2021:10:08:01 +0800] "GET /xingrg/all/function/internal_message.html?_=1639188481630&CODE_STATE=getMsg HTTP/1.1" 302 -
116.238.208.177 - - [11/Dec/2021:10:08:03 +0800] "GET /xingrg/kc/buy/cgsh_order_operate.html?command=get_materiel&rest_code=00102&code=00101008337&supplier_code=00100008&order_time=2021-12-11 HTTP/1.1" 200 408
222.70.176.97 - - [11/Dec/2021:10:08:03 +0800] "GET /xingrg/check_reg.html?_=1639188477943 HTTP/1.1" 200 22
222.70.176.97 - - [11/Dec/2021:10:08:04 +0800] "GET /xingrg/all/function/internal_message.html?_=1639188478694&CODE_STATE=getMsg HTTP/1.1" 200 27
120.253.135.82 - - [11/Dec/2021:10:08:04 +0800] "GET /xingrg/kc/pszx/mdps_order_info.html?code=312021121000249 HTTP/1.1" 200 19591
120.253.135.82 - - [11/Dec/2021:10:08:05 +0800] "POST /xingrg/kc/pszx/mdps_order_operate.html HTTP/1.1" 200 992
120.253.135.82 - - [11/Dec/2021:10:08:05 +0800] "GET /xingrg/javascript/easyui/themes/default/validatebox.css HTTP/1.1" 404 1104
120.253.135.82 - - [11/Dec/2021:10:08:05 +0800] "POST /xingrg/kc/pszx/mdps_list_operate.html HTTP/1.1" 200 2080
124.78.153.86 - - [11/Dec/2021:10:08:07 +0800] "POST /xingrg/kc/buy/cgsh_order_operate.html HTTP/1.1" 200 37
124.77.240.52 - - [11/Dec/2021:10:08:07 +0800] "GET /xingrg/all/function/internal_message.html?_=1639188506360&CODE_STATE=getMsg HTTP/1.1" 302 -
120.253.135.82 - - [11/Dec/2021:10:08:08 +0800] "POST /xingrg/kc/pszx/mdps_list_operate.html HTTP/1.1" 200 205
120.253.135.82 - - [11/Dec/2021:10:08:08 +0800] "GET /xingrg/kc/pszx/mdps_order_info.html?code=312021121000253 HTTP/1.1" 200 23937
120.253.135.82 - - [11/Dec/2021:10:08:09 +0800] "POST /xingrg/kc/pszx/mdps_order_operate.html HTTP/1.1" 200 2280
120.253.135.82 - - [11/Dec/2021:10:08:09 +0800] "GET /xingrg/javascript/easyui/themes/default/validatebox.css HTTP/1.1" 404 1104
114.85.125.222 - - [11/Dec/2021:10:08:11 +0800] "GET /xingrg/all/function/internal_message.html?_=1639188446566&CODE_STATE=getMsg HTTP/1.1" 200 27
114.86.227.218 - - [11/Dec/2021:10:08:11 +0800] "GET /xingrg/all/function/internal_message.html?_=1639188488679&CODE_STATE=getMsg HTTP/1.1" 200 27
120.253.135.82 - - [11/Dec/2021:10:08:12 +0800] "POST /xingrg/kc/pszx/mdps_order_operate.html HTTP/1.1" 200 37
116.238.208.177 - - [11/Dec/2021:10:08:12 +0800] "GET /xingrg/kc/buy/cgsh_order_operate.html?command=get_materiel&rest_code=00102&code=00101008350&supplier_code=00100008&order_time=2021-12-11 HTTP/1.1" 200 408
124.78.153.86 - - [11/Dec/2021:10:08:13 +0800] "POST /xingrg/kc/buy/cgsh_order_operate.html HTTP/1.1" 200 32732
120.253.135.82 - - [11/Dec/2021:10:08:13 +0800] "POST /xingrg/kc/pszx/mdps_order_operate.html HTTP/1.1" 200 12
116.238.208.177 - - [11/Dec/2021:10:08:15 +0800] "GET /xingrg/all/function/internal_message.html?_=1639188493820&CODE_STATE=getMsg HTTP/1.1" 200 27
222.70.176.97 - - [11/Dec/2021:10:08:15 +0800] "GET /xingrg/all/function/internal_message.html?_=1639188159586&CODE_STATE=getMsg HTTP/1.1" 302 -
222.70.176.97 - - [11/Dec/2021:10:08:15 +0800] "GET /xingrg/check_reg.html?_=1639188159587 HTTP/1.1" 302 -
116.238.208.177 - - [11/Dec/2021:10:08:19 +0800] "GET /xingrg/kc/buy/cgsh_order_operate.html?command=get_materiel&rest_code=00102&code=00101008223&supplier_code=00100008&order_time=2021-12-11 HTTP/1.1" 200 412
61.151.178.249 - - [11/Dec/2021:10:08:20 +0800] "GET /xingrg/all/function/internal_message.html?_=1639188146577&CODE_STATE=getMsg HTTP/1.1" 302 -
116.238.248.233 - - [11/Dec/2021:10:08:21 +0800] "GET /xingrg/all/function/internal_message.html?_=1639188498130&CODE_STATE=getMsg HTTP/1.1" 200 27
120.253.135.82 - - [11/Dec/2021:10:08:21 +0800] "GET /xingrg/kc/pszx/mdps_order_info.html?code=312021121000253 HTTP/1.1" 200 19597
120.253.135.82 - - [11/Dec/2021:10:08:21 +0800] "POST /xingrg/kc/pszx/mdps_order_operate.html HTTP/1.1" 200 501
120.253.135.82 - - [11/Dec/2021:10:08:21 +0800] "GET /xingrg/javascript/easyui/themes/default/validatebox.css HTTP/1.1" 404 1104
120.253.135.82 - - [11/Dec/2021:10:08:22 +0800] "POST /xingrg/kc/pszx/mdps_list_operate.html HTTP/1.1" 200 1697
61.151.178.249 - - [11/Dec/2021:10:08:23 +0800] "GET /xingrg/login.html HTTP/1.1" 200 7641
124.78.153.86 - - [11/Dec/2021:10:08:23 +0800] "GET /xingrg/check_reg.html?_=1639188506676 HTTP/1.1" 200 22
124.78.153.86 - - [11/Dec/2021:10:08:23 +0800] "GET /xingrg/all/function/internal_message.html?_=1639188506675&CODE_STATE=getMsg HTTP/1.1" 200 27
61.172.28.229 - - [11/Dec/2021:10:08:23 +0800] "GET /favicon.ico HTTP/1.1" 404 -
120.253.135.82 - - [11/Dec/2021:10:08:24 +0800] "POST /xingrg/kc/pszx/mdps_list_operate.html HTTP/1.1" 200 204
120.253.135.82 - - [11/Dec/2021:10:08:24 +0800] "GET /xingrg/kc/pszx/mdps_order_info.html?code=312021121000272 HTTP/1.1" 200 23937
120.253.135.82 - - [11/Dec/2021:10:08:25 +0800] "POST /xingrg/kc/pszx/mdps_order_operate.html HTTP/1.1" 200 2284
120.253.135.82 - - [11/Dec/2021:10:08:25 +0800] "GET /xingrg/javascript/easyui/themes/default/validatebox.css HTTP/1.1" 404 1104
116.227.210.113 - - [11/Dec/2021:10:08:25 +0800] "GET /xingrg/all/function/internal_message.html?_=1639188501115&CODE_STATE=getMsg HTTP/1.1" 200 27
120.253.135.82 - - [11/Dec/2021:10:08:26 +0800] "GET /xingrg/all/function/internal_message.html?_=1639188282241&CODE_STATE=getMsg HTTP/1.1" 200 27
124.77.240.52 - - [11/Dec/2021:10:08:26 +0800] "GET /xingrg/all/function/internal_message.html?_=1639188522477&CODE_STATE=getMsg HTTP/1.1" 200 27
116.238.208.177 - - [11/Dec/2021:10:08:30 +0800] "GET /xingrg/kc/buy/cgsh_order_operate.html?command=get_materiel&rest_code=00102&code=00101015006&supplier_code=00100008&order_time=2021-12-11 HTTP/1.1" 200 413
120.253.135.82 - - [11/Dec/2021:10:08:30 +0800] "POST /xingrg/kc/pszx/mdps_order_operate.html HTTP/1.1" 200 37
120.253.135.82 - - [11/Dec/2021:10:08:32 +0800] "POST /xingrg/kc/pszx/mdps_order_operate.html HTTP/1.1" 200 12
124.78.153.86 - - [11/Dec/2021:10:08:33 +0800] "GET /xingrg/kc/buy/cgsh_order_operate.html?command=get_materiel&rest_code=00106&code=00101008323&supplier_code=00100007&order_time=2021-12-11 HTTP/1.1" 200 408
58.37.8.98 - - [11/Dec/2021:10:08:34 +0800] "GET /xingrg/all/function/internal_message.html?_=1639188327988&CODE_STATE=getMsg HTTP/1.1" 200 27
58.37.8.98 - - [11/Dec/2021:10:08:36 +0800] "GET /xingrg/all/function/internal_message.html?_=1639188330295&CODE_STATE=getMsg HTTP/1.1" 200 27
120.253.135.82 - - [11/Dec/2021:10:08:38 +0800] "GET /xingrg/kc/pszx/mdps_order_info.html?code=312021121000272 HTTP/1.1" 200 19597
120.253.135.82 - - [11/Dec/2021:10:08:39 +0800] "POST /xingrg/kc/pszx/mdps_order_operate.html HTTP/1.1" 200 504
120.253.135.82 - - [11/Dec/2021:10:08:39 +0800] "GET /xingrg/javascript/easyui/themes/default/validatebox.css HTTP/1.1" 404 1104
120.253.135.82 - - [11/Dec/2021:10:08:40 +0800] "POST /xingrg/kc/pszx/mdps_list_operate.html HTTP/1.1" 200 868
61.151.178.163 - - [11/Dec/2021:10:08:47 +0800] "GET /xingrg/kc/buy/cgsh_order_operate.html?command=get_materiel&rest_code=00106&code=00101008356&supplier_code=00100007&order_time=2021-12-11 HTTP/1.1" 302 -
61.151.178.163 - - [11/Dec/2021:10:08:48 +0800] "GET /xingrg/login.html HTTP/1.1" 200 7641
120.253.135.82 - - [11/Dec/2021:10:08:53 +0800] "POST /xingrg/kc/pszx/mdps_list_operate.html HTTP/1.1" 200 2802
101.83.241.214 - - [11/Dec/2021:10:08:56 +0800] "GET /xingrg/all/function/internal_message.html?_=1639188533451&CODE_STATE=getMsg HTTP/1.1" 200 27
116.238.208.177 - - [11/Dec/2021:10:08:59 +0800] "GET /xingrg/kc/buy/cgsh_order_operate.html?command=get_materiel&rest_code=00102&code=00101015065&supplier_code=00100008&order_time=2021-12-11 HTTP/1.1" 200 413
120.253.135.82 - - [11/Dec/2021:10:09:00 +0800] "POST /xingrg/kc/pszx/mdps_list_operate.html HTTP/1.1" 200 205
180.169.147.146 - - [11/Dec/2021:10:09:00 +0800] "GET /xingrg/all/function/internal_message.html?_=1639188541600&CODE_STATE=getMsg HTTP/1.1" 302 -
120.253.135.82 - - [11/Dec/2021:10:09:01 +0800] "GET /xingrg/kc/pszx/mdps_order_info.html?code=312021121000252 HTTP/1.1" 200 23935
120.253.135.82 - - [11/Dec/2021:10:09:01 +0800] "POST /xingrg/kc/pszx/mdps_order_operate.html HTTP/1.1" 200 2280
120.253.135.82 - - [11/Dec/2021:10:09:01 +0800] "GET /xingrg/javascript/easyui/themes/default/validatebox.css HTTP/1.1" 404 1104
222.70.176.97 - - [11/Dec/2021:10:09:04 +0800] "GET /xingrg/all/function/internal_message.html?_=1639188538665&CODE_STATE=getMsg HTTP/1.1" 200 27
120.253.135.82 - - [11/Dec/2021:10:09:04 +0800] "POST /xingrg/kc/pszx/mdps_order_operate.html HTTP/1.1" 200 37
120.253.135.82 - - [11/Dec/2021:10:09:06 +0800] "POST /xingrg/kc/pszx/mdps_order_operate.html HTTP/1.1" 200 12
124.77.240.52 - - [11/Dec/2021:10:09:07 +0800] "GET /xingrg/all/function/internal_message.html?_=1639188566360&CODE_STATE=getMsg HTTP/1.1" 302 -
116.238.208.177 - - [11/Dec/2021:10:09:09 +0800] "GET /xingrg/kc/buy/cgsh_order_operate.html?command=get_materiel&rest_code=00102&code=00101020152&supplier_code=00100008&order_time=2021-12-11 HTTP/1.1" 200 416
114.85.125.222 - - [11/Dec/2021:10:09:11 +0800] "GET /xingrg/all/function/internal_message.html?_=1639188506593&CODE_STATE=getMsg HTTP/1.1" 200 27
114.86.227.218 - - [11/Dec/2021:10:09:11 +0800] "GET /xingrg/all/function/internal_message.html?_=1639188548681&CODE_STATE=getMsg HTTP/1.1" 200 27
222.70.176.97 - - [11/Dec/2021:10:09:14 +0800] "POST /xingrg/kc/buy/cgsh_order_operate.html HTTP/1.1" 200 37
120.253.135.82 - - [11/Dec/2021:10:09:14 +0800] "GET /xingrg/kc/pszx/mdps_order_info.html?code=312021121000252 HTTP/1.1" 200 19595
120.253.135.82 - - [11/Dec/2021:10:09:14 +0800] "POST /xingrg/kc/pszx/mdps_order_operate.html HTTP/1.1" 200 501
120.253.135.82 - - [11/Dec/2021:10:09:14 +0800] "GET /xingrg/javascript/easyui/themes/default/validatebox.css HTTP/1.1" 404 1104
120.253.135.82 - - [11/Dec/2021:10:09:15 +0800] "POST /xingrg/kc/pszx/mdps_list_operate.html HTTP/1.1" 200 2424
116.238.208.177 - - [11/Dec/2021:10:09:15 +0800] "GET /xingrg/all/function/internal_message.html?_=1639188553908&CODE_STATE=getMsg HTTP/1.1" 200 27
222.70.176.97 - - [11/Dec/2021:10:09:15 +0800] "GET /xingrg/all/function/internal_message.html?_=1639188219586&CODE_STATE=getMsg HTTP/1.1" 302 -
222.70.176.97 - - [11/Dec/2021:10:09:16 +0800] "POST /xingrg/kc/buy/cgsh_order_operate.html HTTP/1.1" 200 5618
120.253.135.82 - - [11/Dec/2021:10:09:17 +0800] "POST /xingrg/kc/pszx/mdps_list_operate.html HTTP/1.1" 200 596
120.253.135.82 - - [11/Dec/2021:10:09:18 +0800] "GET /xingrg/kc/pszx/mdps_order_info.html?code=312021121000250 HTTP/1.1" 200 23929
222.70.176.97 - - [11/Dec/2021:10:09:18 +0800] "GET /xingrg/kc/print/load_data.html?order_code=212021121104322&kc_code=cgsh&condition= HTTP/1.1" 200 1877
120.253.135.82 - - [11/Dec/2021:10:09:18 +0800] "GET /xingrg/javascript/easyui/themes/default/validatebox.css HTTP/1.1" 404 1104
120.253.135.82 - - [11/Dec/2021:10:09:18 +0800] "POST /xingrg/kc/pszx/mdps_order_operate.html HTTP/1.1" 200 5251
116.238.208.177 - - [11/Dec/2021:10:09:19 +0800] "GET /xingrg/kc/buy/cgsh_order_operate.html?command=get_materiel&rest_code=00102&code=00101008114&supplier_code=00100008&order_time=2021-12-11 HTTP/1.1" 200 412
116.238.248.233 - - [11/Dec/2021:10:09:21 +0800] "GET /xingrg/all/function/internal_message.html?_=1639188558133&CODE_STATE=getMsg HTTP/1.1" 200 27
120.253.135.82 - - [11/Dec/2021:10:09:22 +0800] "POST /xingrg/kc/pszx/mdps_order_operate.html HTTP/1.1" 200 37
124.78.153.86 - - [11/Dec/2021:10:09:23 +0800] "GET /xingrg/all/function/internal_message.html?_=1639188566674&CODE_STATE=getMsg HTTP/1.1" 200 27
120.253.135.82 - - [11/Dec/2021:10:09:23 +0800] "POST /xingrg/kc/pszx/mdps_order_operate.html HTTP/1.1" 200 12
116.227.210.113 - - [11/Dec/2021:10:09:25 +0800] "GET /xingrg/all/function/internal_message.html?_=1639188561106&CODE_STATE=getMsg HTTP/1.1" 200 27
116.227.210.113 - - [11/Dec/2021:10:09:25 +0800] "GET /xingrg/check_reg.html?_=1639188561108 HTTP/1.1" 200 22
124.77.240.52 - - [11/Dec/2021:10:09:25 +0800] "GET /xingrg/check_reg.html?_=1639188581873 HTTP/1.1" 200 22
124.77.240.52 - - [11/Dec/2021:10:09:26 +0800] "GET /xingrg/all/function/internal_message.html?_=1639188582491&CODE_STATE=getMsg HTTP/1.1" 200 27
114.86.227.218 - - [11/Dec/2021:10:09:29 +0800] "GET /xingrg/kc/buy/cgsh_order_add.html HTTP/1.1" 200 65043
114.86.227.218 - - [11/Dec/2021:10:09:29 +0800] "POST /xingrg/kc/buy/cgsh_order_operate.html HTTP/1.1" 200 8245
114.86.227.218 - - [11/Dec/2021:10:09:29 +0800] "GET /xingrg/all/common/auto_word.html?type=employee&rest_code=00109 HTTP/1.1" 200 255
114.86.227.218 - - [11/Dec/2021:10:09:29 +0800] "GET /xingrg/all/common/auto_word.html?type=employee&rest_code=00109 HTTP/1.1" 200 255
114.86.227.218 - - [11/Dec/2021:10:09:29 +0800] "GET /xingrg/javascript/easyui/themes/default/validatebox.css HTTP/1.1" 404 1104
116.238.208.177 - - [11/Dec/2021:10:09:29 +0800] "GET /xingrg/kc/buy/cgsh_order_operate.html?command=get_materiel&rest_code=00102&code=00101015066&supplier_code=00100008&order_time=2021-12-11 HTTP/1.1" 200 413
58.37.8.98 - - [11/Dec/2021:10:09:33 +0800] "GET /xingrg/check_reg.html?_=1639188387294 HTTP/1.1" 200 22
58.37.8.98 - - [11/Dec/2021:10:09:34 +0800] "GET /xingrg/all/function/internal_message.html?_=1639188387970&CODE_STATE=getMsg HTTP/1.1" 200 27
120.253.135.82 - - [11/Dec/2021:10:09:35 +0800] "GET /xingrg/kc/pszx/mdps_order_info.html?code=312021121000250 HTTP/1.1" 200 19589
120.253.135.82 - - [11/Dec/2021:10:09:35 +0800] "POST /xingrg/kc/pszx/mdps_order_operate.html HTTP/1.1" 200 3449
120.253.135.82 - - [11/Dec/2021:10:09:35 +0800] "GET /xingrg/javascript/easyui/themes/default/validatebox.css HTTP/1.1" 404 1104
120.253.135.82 - - [11/Dec/2021:10:09:36 +0800] "GET /xingrg/all/function/internal_message.html?_=1639188351824&CODE_STATE=getMsg HTTP/1.1" 200 27
58.37.8.98 - - [11/Dec/2021:10:09:36 +0800] "GET /xingrg/all/function/internal_message.html?_=1639188390293&CODE_STATE=getMsg HTTP/1.1" 200 27
120.253.135.82 - - [11/Dec/2021:10:09:42 +0800] "POST /xingrg/kc/pszx/mdps_list_operate.html HTTP/1.1" 200 2056
124.78.153.86 - - [11/Dec/2021:10:09:42 +0800] "GET /xingrg/kc/buy/cgsh_order_operate.html?command=get_materiel&rest_code=00106&code=00101008223&supplier_code=00100007&order_time=2021-12-11 HTTP/1.1" 200 412
120.253.135.82 - - [11/Dec/2021:10:09:44 +0800] "POST /xingrg/kc/pszx/mdps_list_operate.html HTTP/1.1" 200 292
120.253.135.82 - - [11/Dec/2021:10:09:45 +0800] "GET /xingrg/kc/pszx/mdps_order_info.html?code=312021121000251 HTTP/1.1" 200 23929
120.253.135.82 - - [11/Dec/2021:10:09:45 +0800] "POST /xingrg/kc/pszx/mdps_order_operate.html HTTP/1.1" 200 2791
120.253.135.82 - - [11/Dec/2021:10:09:45 +0800] "GET /xingrg/javascript/easyui/themes/default/validatebox.css HTTP/1.1" 404 1104
120.253.135.82 - - [11/Dec/2021:10:09:49 +0800] "POST /xingrg/kc/pszx/mdps_order_operate.html HTTP/1.1" 200 37
116.238.208.177 - - [11/Dec/2021:10:09:49 +0800] "GET /xingrg/kc/buy/cgsh_order_operate.html?command=get_materiel&rest_code=00102&code=00101015046&supplier_code=00100008&order_time=2021-12-11 HTTP/1.1" 200 412
120.253.135.82 - - [11/Dec/2021:10:09:50 +0800] "POST /xingrg/kc/pszx/mdps_order_operate.html HTTP/1.1" 200 12
124.78.153.86 - - [11/Dec/2021:10:09:56 +0800] "POST /xingrg/kc/buy/cgsh_order_operate.html HTTP/1.1" 200 2065
101.83.241.214 - - [11/Dec/2021:10:09:56 +0800] "GET /xingrg/all/function/internal_message.html?_=1639188593458&CODE_STATE=getMsg HTTP/1.1" 200 27
120.253.135.82 - - [11/Dec/2021:10:09:58 +0800] "GET /xingrg/kc/pszx/mdps_order_info.html?code=312021121000251 HTTP/1.1" 200 19589
120.253.135.82 - - [11/Dec/2021:10:09:59 +0800] "POST /xingrg/kc/pszx/mdps_order_operate.html HTTP/1.1" 200 1009
120.253.135.82 - - [11/Dec/2021:10:09:59 +0800] "GET /xingrg/javascript/easyui/themes/default/validatebox.css HTTP/1.1" 404 1104
120.253.135.82 - - [11/Dec/2021:10:10:00 +0800] "POST /xingrg/kc/pszx/mdps_list_operate.html HTTP/1.1" 200 1687
116.238.208.177 - - [11/Dec/2021:10:10:00 +0800] "GET /xingrg/kc/buy/cgsh_order_operate.html?command=get_materiel&rest_code=00102&code=00101008168&supplier_code=00100008&order_time=2021-12-11 HTTP/1.1" 200 412
180.169.147.146 - - [11/Dec/2021:10:10:00 +0800] "GET /xingrg/all/function/internal_message.html?_=1639188601570&CODE_STATE=getMsg HTTP/1.1" 302 -
120.253.135.82 - - [11/Dec/2021:10:10:01 +0800] "POST /xingrg/kc/pszx/mdps_list_operate.html HTTP/1.1" 200 204
180.169.147.146 - - [11/Dec/2021:10:10:02 +0800] "GET /xingrg/check_reg.html?_=1639188602821 HTTP/1.1" 302 -
120.253.135.82 - - [11/Dec/2021:10:10:02 +0800] "GET /xingrg/kc/pszx/mdps_order_info.html?code=312021121000267 HTTP/1.1" 200 23929
120.253.135.82 - - [11/Dec/2021:10:10:02 +0800] "POST /xingrg/kc/pszx/mdps_order_operate.html HTTP/1.1" 200 2288
120.253.135.82 - - [11/Dec/2021:10:10:02 +0800] "GET /xingrg/javascript/easyui/themes/default/validatebox.css HTTP/1.1" 404 1104
222.70.176.97 - - [11/Dec/2021:10:10:04 +0800] "GET /xingrg/all/function/internal_message.html?_=1639188598652&CODE_STATE=getMsg HTTP/1.1" 200 27
120.253.135.82 - - [11/Dec/2021:10:10:06 +0800] "POST /xingrg/kc/pszx/mdps_order_operate.html HTTP/1.1" 200 37
124.77.240.52 - - [11/Dec/2021:10:10:07 +0800] "GET /xingrg/all/function/internal_message.html?_=1639188626471&CODE_STATE=getMsg HTTP/1.1" 302 -
120.253.135.82 - - [11/Dec/2021:10:10:07 +0800] "POST /xingrg/kc/pszx/mdps_order_operate.html HTTP/1.1" 200 12
116.238.208.177 - - [11/Dec/2021:10:10:11 +0800] "GET /xingrg/kc/buy/cgsh_order_operate.html?command=get_materiel&rest_code=00102&code=00101008283&supplier_code=00100008&order_time=2021-12-11 HTTP/1.1" 200 408
114.85.125.222 - - [11/Dec/2021:10:10:11 +0800] "GET /xingrg/all/function/internal_message.html?_=1639188566594&CODE_STATE=getMsg HTTP/1.1" 200 27
114.86.227.218 - - [11/Dec/2021:10:10:11 +0800] "GET /xingrg/all/function/internal_message.html?_=1639188608685&CODE_STATE=getMsg HTTP/1.1" 200 27
116.238.208.177 - - [11/Dec/2021:10:10:15 +0800] "GET /xingrg/check_reg.html?_=1639188613410 HTTP/1.1" 200 22
124.78.153.86 - - [11/Dec/2021:10:10:15 +0800] "GET /xingrg/kc/buy/cgsh_order_operate.html?command=get_materiel&rest_code=00106&code=00101008236&supplier_code=00100007&order_time=2021-12-11 HTTP/1.1" 200 416
222.70.176.97 - - [11/Dec/2021:10:10:15 +0800] "GET /xingrg/all/function/internal_message.html?_=1639188279586&CODE_STATE=getMsg HTTP/1.1" 302 -
116.238.208.177 - - [11/Dec/2021:10:10:16 +0800] "GET /xingrg/all/function/internal_message.html?_=1639188614267&CODE_STATE=getMsg HTTP/1.1" 200 27
116.238.208.177 - - [11/Dec/2021:10:10:19 +0800] "GET /xingrg/kc/buy/cgsh_order_operate.html?command=get_materiel&rest_code=00102&code=00101008041&supplier_code=00100008&order_time=2021-12-11 HTTP/1.1" 200 408
101.91.60.88 - - [11/Dec/2021:10:10:21 +0800] "GET /xingrg/kc/buy/cgsh_order_operate.html?command=get_materiel&rest_code=00106&code=00101008005&supplier_code=00100007&order_time=2021-12-11 HTTP/1.1" 302 -
116.238.248.233 - - [11/Dec/2021:10:10:21 +0800] "GET /xingrg/all/function/internal_message.html?_=1639188618132&CODE_STATE=getMsg HTTP/1.1" 200 27
116.238.248.233 - - [11/Dec/2021:10:10:21 +0800] "GET /xingrg/check_reg.html?_=1639188618134 HTTP/1.1" 200 22
101.91.60.88 - - [11/Dec/2021:10:10:22 +0800] "GET /xingrg/login.html HTTP/1.1" 200 7641
124.78.153.86 - - [11/Dec/2021:10:10:23 +0800] "GET /xingrg/all/function/internal_message.html?_=1639188626548&CODE_STATE=getMsg HTTP/1.1" 200 27
116.227.210.113 - - [11/Dec/2021:10:10:25 +0800] "GET /xingrg/all/function/internal_message.html?_=1639188621112&CODE_STATE=getMsg HTTP/1.1" 200 27
124.77.240.52 - - [11/Dec/2021:10:10:26 +0800] "GET /xingrg/all/function/internal_message.html?_=1639188642504&CODE_STATE=getMsg HTTP/1.1" 200 27
114.86.227.218 - - [11/Dec/2021:10:10:28 +0800] "GET /xingrg/kc/buy/cgsh_order_operate.html?command=get_materiel&rest_code=00109&code=00101009049&supplier_code=00100022&order_time=2021-12-11 HTTP/1.1" 200 416
58.37.8.98 - - [11/Dec/2021:10:10:34 +0800] "GET /xingrg/all/function/internal_message.html?_=1639188447976&CODE_STATE=getMsg HTTP/1.1" 200 27
58.37.8.98 - - [11/Dec/2021:10:10:36 +0800] "GET /xingrg/all/function/internal_message.html?_=1639188450291&CODE_STATE=getMsg HTTP/1.1" 200 27
124.78.153.86 - - [11/Dec/2021:10:10:38 +0800] "GET /xingrg/kc/buy/cgsh_order_operate.html?command=get_materiel&rest_code=00106&code=00101008114&supplier_code=00100007&order_time=2021-12-11 HTTP/1.1" 200 412
61.151.178.249 - - [11/Dec/2021:10:10:39 +0800] "GET /xingrg/kc/buy/cgsh_order_operate.html?command=get_materiel&rest_code=00106&code=00101008131&supplier_code=00100007&order_time=2021-12-11 HTTP/1.1" 302 -
114.86.227.218 - - [11/Dec/2021:10:10:40 +0800] "GET /xingrg/kc/buy/cgsh_order_operate.html?command=get_materiel&rest_code=00109&code=00101009062&supplier_code=00100022&order_time=2021-12-11 HTTP/1.1" 200 412
124.78.153.86 - - [11/Dec/2021:10:10:41 +0800] "POST /xingrg/kc/buy/cgsh_order_operate.html HTTP/1.1" 200 2065
61.151.178.249 - - [11/Dec/2021:10:10:41 +0800] "GET /xingrg/login.html HTTP/1.1" 200 7641
124.78.153.86 - - [11/Dec/2021:10:10:46 +0800] "GET /xingrg/kc/buy/cgsh_order_operate.html?command=get_materiel&rest_code=00106&code=00101008125&supplier_code=00100007&order_time=2021-12-11 HTTP/1.1" 200 413
120.253.135.82 - - [11/Dec/2021:10:10:46 +0800] "GET /xingrg/kc/pszx/mdps_order_info.html?code=312021121000267 HTTP/1.1" 200 19589
120.253.135.82 - - [11/Dec/2021:10:10:47 +0800] "POST /xingrg/kc/pszx/mdps_order_operate.html HTTP/1.1" 200 510
120.253.135.82 - - [11/Dec/2021:10:10:47 +0800] "GET /xingrg/javascript/easyui/themes/default/validatebox.css HTTP/1.1" 404 1104
114.86.227.218 - - [11/Dec/2021:10:10:47 +0800] "GET /xingrg/kc/buy/cgsh_order_operate.html?command=get_materiel&rest_code=00109&code=00101008418&supplier_code=00100022&order_time=2021-12-11 HTTP/1.1" 200 398
120.253.135.82 - - [11/Dec/2021:10:10:47 +0800] "GET /xingrg/all/function/internal_message.html?_=1639188423528&CODE_STATE=getMsg HTTP/1.1" 200 27
61.172.28.229 - - [11/Dec/2021:10:10:48 +0800] "GET /favicon.ico HTTP/1.1" 404 -
120.253.135.82 - - [11/Dec/2021:10:10:48 +0800] "POST /xingrg/kc/pszx/mdps_list_operate.html HTTP/1.1" 200 868
124.78.153.86 - - [11/Dec/2021:10:10:53 +0800] "GET /xingrg/kc/buy/cgsh_order_operate.html?command=get_materiel&rest_code=00106&code=00101008160&supplier_code=00100007&order_time=2021-12-11 HTTP/1.1" 200 408
120.253.135.82 - - [11/Dec/2021:10:10:54 +0800] "GET /xingrg/kc/pszx/mdps_order_list.html?orderType=0 HTTP/1.1" 200 20925
120.253.135.82 - - [11/Dec/2021:10:10:54 +0800] "POST /xingrg/kc/pszx/mdps_list_operate.html HTTP/1.1" 200 5506
114.86.227.218 - - [11/Dec/2021:10:10:54 +0800] "GET /xingrg/kc/buy/cgsh_order_operate.html?command=get_materiel&rest_code=00109&code=00101009031&supplier_code=00100022&order_time=2021-12-11 HTTP/1.1" 200 410
101.83.241.214 - - [11/Dec/2021:10:10:56 +0800] "GET /xingrg/all/function/internal_message.html?_=1639188653475&CODE_STATE=getMsg HTTP/1.1" 200 27
116.238.208.177 - - [11/Dec/2021:10:11:00 +0800] "GET /xingrg/kc/buy/cgsh_order_operate.html?command=get_materiel&rest_code=00102&code=00101008261&supplier_code=00100008&order_time=2021-12-11 HTTP/1.1" 200 408
180.169.147.146 - - [11/Dec/2021:10:11:00 +0800] "GET /xingrg/all/function/internal_message.html?_=1639188661541&CODE_STATE=getMsg HTTP/1.1" 302 -
124.78.153.86 - - [11/Dec/2021:10:11:01 +0800] "GET /xingrg/kc/buy/cgsh_order_operate.html?command=get_materiel&rest_code=00106&code=00101008168&supplier_code=00100007&order_time=2021-12-11 HTTP/1.1" 200 412
222.70.176.97 - - [11/Dec/2021:10:11:04 +0800] "GET /xingrg/all/function/internal_message.html?_=1639188658627&CODE_STATE=getMsg HTTP/1.1" 200 27
114.86.227.218 - - [11/Dec/2021:10:11:06 +0800] "GET /xingrg/kc/buy/cgsh_order_operate.html?command=get_materiel&rest_code=00109&code=00101009007&supplier_code=00100022&order_time=2021-12-11 HTTP/1.1" 200 408
124.77.240.52 - - [11/Dec/2021:10:11:07 +0800] "GET /xingrg/all/function/internal_message.html?_=1639188686480&CODE_STATE=getMsg HTTP/1.1" 302 -
114.85.125.222 - - [11/Dec/2021:10:11:10 +0800] "GET /xingrg/check_reg.html?_=1639188626333 HTTP/1.1" 200 22
114.85.125.222 - - [11/Dec/2021:10:11:11 +0800] "GET /xingrg/all/function/internal_message.html?_=1639188626607&CODE_STATE=getMsg HTTP/1.1" 200 27
114.86.227.218 - - [11/Dec/2021:10:11:11 +0800] "GET /xingrg/all/function/internal_message.html?_=1639188668687&CODE_STATE=getMsg HTTP/1.1" 200 27
124.78.153.86 - - [11/Dec/2021:10:11:12 +0800] "GET /xingrg/kc/buy/cgsh_order_operate.html?command=get_materiel&rest_code=00106&code=00101008150&supplier_code=00100007&order_time=2021-12-11 HTTP/1.1" 200 409
222.70.176.97 - - [11/Dec/2021:10:11:15 +0800] "GET /xingrg/all/function/internal_message.html?_=1639188339586&CODE_STATE=getMsg HTTP/1.1" 302 -
116.238.208.177 - - [11/Dec/2021:10:11:16 +0800] "GET /xingrg/all/function/internal_message.html?_=1639188674284&CODE_STATE=getMsg HTTP/1.1" 200 27
114.86.227.218 - - [11/Dec/2021:10:11:19 +0800] "GET /xingrg/kc/buy/cgsh_order_operate.html?command=get_materiel&rest_code=00109&code=00101009013&supplier_code=00100022&order_time=2021-12-11 HTTP/1.1" 200 420
124.78.153.86 - - [11/Dec/2021:10:11:20 +0800] "GET /xingrg/kc/buy/cgsh_order_operate.html?command=get_materiel&rest_code=00106&code=00101008043&supplier_code=00100007&order_time=2021-12-11 HTTP/1.1" 200 416
116.238.248.233 - - [11/Dec/2021:10:11:21 +0800] "GET /xingrg/all/function/internal_message.html?_=1639188678132&CODE_STATE=getMsg HTTP/1.1" 200 27
124.78.153.86 - - [11/Dec/2021:10:11:23 +0800] "GET /xingrg/all/function/internal_message.html?_=1639188686551&CODE_STATE=getMsg HTTP/1.1" 200 27
124.78.153.86 - - [11/Dec/2021:10:11:25 +0800] "POST /xingrg/kc/buy/cgsh_order_operate.html HTTP/1.1" 200 2065
116.227.210.113 - - [11/Dec/2021:10:11:25 +0800] "GET /xingrg/all/function/internal_message.html?_=1639188681107&CODE_STATE=getMsg HTTP/1.1" 200 27
120.253.135.82 - - [11/Dec/2021:10:11:26 +0800] "GET /xingrg/check_reg.html?_=1639188461695 HTTP/1.1" 200 22
124.77.240.52 - - [11/Dec/2021:10:11:26 +0800] "GET /xingrg/all/function/internal_message.html?_=1639188702518&CODE_STATE=getMsg HTTP/1.1" 200 27
114.86.227.218 - - [11/Dec/2021:10:11:27 +0800] "GET /xingrg/kc/buy/cgsh_order_operate.html?command=get_materiel&rest_code=00109&code=00101009016&supplier_code=00100022&order_time=2021-12-11 HTTP/1.1" 200 412
101.89.19.197 - - [11/Dec/2021:10:11:33 +0800] "GET /xingrg/kc/buy/cgsh_order_operate.html?command=get_materiel&rest_code=00106&code=00101008190&supplier_code=00100007&order_time=2021-12-11 HTTP/1.1" 302 -
58.37.8.98 - - [11/Dec/2021:10:11:34 +0800] "GET /xingrg/all/function/internal_message.html?_=1639188507945&CODE_STATE=getMsg HTTP/1.1" 200 27
114.86.227.218 - - [11/Dec/2021:10:11:34 +0800] "GET /xingrg/kc/buy/cgsh_order_operate.html?command=get_materiel&rest_code=00109&code=00101009118&supplier_code=00100022&order_time=2021-12-11 HTTP/1.1" 200 391
114.84.2.174 - - [11/Dec/2021:10:11:34 +0800] "POST /xingrg/services/DataTransmitService HTTP/1.1" 200 524
101.89.19.197 - - [11/Dec/2021:10:11:34 +0800] "GET /xingrg/login.html HTTP/1.1" 200 7641
58.37.8.98 - - [11/Dec/2021:10:11:36 +0800] "GET /xingrg/all/function/internal_message.html?_=1639188510289&CODE_STATE=getMsg HTTP/1.1" 200 27
61.151.178.163 - - [11/Dec/2021:10:11:36 +0800] "GET /xingrg/all/function/internal_message.html?_=1639188086559&CODE_STATE=getMsg HTTP/1.1" 302 -
61.151.178.163 - - [11/Dec/2021:10:11:37 +0800] "GET /xingrg/login.html HTTP/1.1" 200 7641
124.78.153.86 - - [11/Dec/2021:10:11:38 +0800] "GET /xingrg/kc/buy/cgsh_order_operate.html?command=get_materiel&rest_code=00106&code=00101015074&supplier_code=00100007&order_time=2021-12-11 HTTP/1.1" 200 408
116.238.208.177 - - [11/Dec/2021:10:11:42 +0800] "GET /xingrg/kc/buy/cgsh_order_operate.html?command=get_materiel&rest_code=00102&code=00101008085&supplier_code=00100008&order_time=2021-12-11 HTTP/1.1" 200 412
120.253.135.82 - - [11/Dec/2021:10:11:43 +0800] "POST /xingrg/kc/pszx/mdps_list_operate.html HTTP/1.1" 200 5232
114.86.227.218 - - [11/Dec/2021:10:11:44 +0800] "GET /xingrg/kc/buy/cgsh_order_operate.html?command=get_materiel&rest_code=00109&code=00101008418&supplier_code=00100022&order_time=2021-12-11 HTTP/1.1" 200 398
124.78.153.86 - - [11/Dec/2021:10:11:46 +0800] "GET /xingrg/kc/buy/cgsh_order_operate.html?command=get_materiel&rest_code=00106&code=00101008041&supplier_code=00100007&order_time=2021-12-11 HTTP/1.1" 200 408
120.253.135.82 - - [11/Dec/2021:10:11:46 +0800] "POST /xingrg/kc/pszx/mdps_list_operate.html HTTP/1.1" 200 209
