58.37.8.98 - - [11/Dec/2021:09:27:36 +0800] "POST /xingrg/load_menu.html HTTP/1.1" 200 5138
114.85.125.222 - - [11/Dec/2021:09:27:37 +0800] "GET /xingrg/kc/buy/cgsh_order_operate.html?command=get_materiel&rest_code=00150&code=00101008236&supplier_code=00100007&order_time=2021-12-11 HTTP/1.1" 200 416
116.227.210.113 - - [11/Dec/2021:09:27:37 +0800] "GET /xingrg/kc/buy/cgsh_order_operate.html?command=get_materiel&rest_code=00155&code=00101008072&supplier_code=00100005&order_time=2021-12-11 HTTP/1.1" 200 408
58.37.8.98 - - [11/Dec/2021:09:27:38 +0800] "GET /xingrg/kc/buy/buy_main.html HTTP/1.1" 200 12412
58.37.8.98 - - [11/Dec/2021:09:27:38 +0800] "GET /xingrg/css/new_ie.css HTTP/1.1" 404 1036
58.37.8.98 - - [11/Dec/2021:09:27:38 +0800] "GET /xingrg/images/yd/bt.gif HTTP/1.1" 404 1040
61.172.4.160 - - [11/Dec/2021:09:27:39 +0800] "GET /xingrg/kc/buy/cgsh_order_add.html HTTP/1.1" 200 65049
58.37.8.98 - - [11/Dec/2021:09:27:39 +0800] "GET /xingrg/kc/buy/cgsh_order_list.html HTTP/1.1" 200 49238
61.172.4.160 - - [11/Dec/2021:09:27:39 +0800] "POST /xingrg/kc/buy/cgsh_order_operate.html HTTP/1.1" 200 8245
61.172.4.160 - - [11/Dec/2021:09:27:39 +0800] "GET /xingrg/javascript/easyui/themes/default/validatebox.css HTTP/1.1" 404 1104
58.37.8.98 - - [11/Dec/2021:09:27:40 +0800] "POST /xingrg/kc/buy/cgsh_list_operate.html HTTP/1.1" 200 876
116.227.210.113 - - [11/Dec/2021:09:27:42 +0800] "GET /xingrg/kc/buy/cgsh_order_operate.html?command=get_materiel&rest_code=00155&code=00101008049&supplier_code=00100005&order_time=2021-12-11 HTTP/1.1" 200 408
124.77.240.52 - - [11/Dec/2021:09:27:42 +0800] "POST /xingrg/services/DataTransmitService HTTP/1.1" 200 524
61.172.4.160 - - [11/Dec/2021:09:27:43 +0800] "GET /xingrg/javascript/auto/indicator.gif HTTP/1.1" 404 1066
58.37.8.98 - - [11/Dec/2021:09:27:43 +0800] "GET /xingrg/kc/buy/cgsh_order_add.html HTTP/1.1" 200 65008
222.70.176.97 - - [11/Dec/2021:09:27:43 +0800] "POST /xingrg/login.do HTTP/1.1" 302 -
222.70.176.97 - - [11/Dec/2021:09:27:43 +0800] "GET /xingrg/index.html?sysBaseUrl=http%3A%2F%2F180.169.147.146%3A18081%2Fxingrg%2F&costTime=45×tamp=1639186063726 HTTP/1.1" 200 17179
58.37.8.98 - - [11/Dec/2021:09:27:43 +0800] "POST /xingrg/kc/buy/cgsh_order_operate.html HTTP/1.1" 200 8245
58.37.8.98 - - [11/Dec/2021:09:27:44 +0800] "GET /xingrg/all/common/auto_word.html?type=employee&rest_code=00141 HTTP/1.1" 200 201
58.37.8.98 - - [11/Dec/2021:09:27:44 +0800] "GET /xingrg/all/common/auto_word.html?type=employee&rest_code=00141 HTTP/1.1" 200 201
58.37.8.98 - - [11/Dec/2021:09:27:44 +0800] "GET /xingrg/javascript/easyui/themes/default/validatebox.css HTTP/1.1" 404 1104
222.70.176.97 - - [11/Dec/2021:09:27:44 +0800] "POST /xingrg/all/common/load_tree.html?tree=area_rest_tree_json&manage=1 HTTP/1.1" 200 723
222.70.176.97 - - [11/Dec/2021:09:27:44 +0800] "GET /xingrg/all/function/internal_message.html?_=1639186058884&CODE_STATE=count HTTP/1.1" 200 11
222.70.176.97 - - [11/Dec/2021:09:27:44 +0800] "GET /xingrg/check_reg.html?_=1639186058885 HTTP/1.1" 200 22
222.70.176.97 - - [11/Dec/2021:09:27:44 +0800] "GET /favicon.ico HTTP/1.1" 404 -
222.70.176.97 - - [11/Dec/2021:09:27:44 +0800] "POST /xingrg/load_menu.html HTTP/1.1" 200 5138
101.83.241.214 - - [11/Dec/2021:09:27:44 +0800] "POST /xingrg/services/DataTransmitService HTTP/1.1" 401 565
101.83.241.214 - - [11/Dec/2021:09:27:44 +0800] "POST /xingrg/services/DataTransmitService HTTP/1.1" 200 478
101.83.241.214 - - [11/Dec/2021:09:27:44 +0800] "POST /xingrg/services/DataTransmitService HTTP/1.1" 200 1320
101.83.241.214 - - [11/Dec/2021:09:27:44 +0800] "POST /xingrg/services/DataTransmitService HTTP/1.1" 200 478
101.83.241.214 - - [11/Dec/2021:09:27:44 +0800] "POST /xingrg/services/DataTransmitService HTTP/1.1" 200 1320
101.83.241.214 - - [11/Dec/2021:09:27:44 +0800] "POST /xingrg/services/DataTransmitService HTTP/1.1" 200 524
101.83.241.214 - - [11/Dec/2021:09:27:45 +0800] "POST /xingrg/services/DataTransmitService HTTP/1.1" 200 1983
58.37.8.98 - - [11/Dec/2021:09:27:45 +0800] "GET /xingrg/javascript/auto/indicator.gif HTTP/1.1" 404 1066
101.83.241.214 - - [11/Dec/2021:09:27:45 +0800] "POST /xingrg/services/DataTransmitService HTTP/1.1" 200 45454
101.83.241.214 - - [11/Dec/2021:09:27:45 +0800] "POST /xingrg/services/DataTransmitService HTTP/1.1" 200 19237
222.70.176.97 - - [11/Dec/2021:09:27:46 +0800] "GET /xingrg/kc/buy/buy_main.html HTTP/1.1" 200 12412
222.70.176.97 - - [11/Dec/2021:09:27:46 +0800] "GET /xingrg/css/new_ie.css HTTP/1.1" 404 1036
116.229.213.191 - - [11/Dec/2021:09:27:46 +0800] "GET /xingrg/javascript/easyui/themes/default/images/button_plain_hover.png HTTP/1.1" 304 -
222.70.176.97 - - [11/Dec/2021:09:27:46 +0800] "GET /xingrg/images/yd/bt.gif HTTP/1.1" 404 1040
222.70.176.97 - - [11/Dec/2021:09:27:47 +0800] "GET /xingrg/kc/buy/cgsh_order_list.html HTTP/1.1" 200 49238
114.85.125.222 - - [11/Dec/2021:09:27:47 +0800] "GET /xingrg/kc/buy/cgsh_order_add.html HTTP/1.1" 200 64897
114.85.125.222 - - [11/Dec/2021:09:27:48 +0800] "POST /xingrg/kc/buy/cgsh_order_operate.html HTTP/1.1" 200 8245
114.85.125.222 - - [11/Dec/2021:09:27:48 +0800] "GET /xingrg/javascript/easyui/themes/default/validatebox.css HTTP/1.1" 404 1104
222.70.176.97 - - [11/Dec/2021:09:27:48 +0800] "POST /xingrg/kc/buy/cgsh_list_operate.html HTTP/1.1" 200 876
58.37.8.98 - - [11/Dec/2021:09:27:50 +0800] "GET /xingrg/javascript/jquery_tools/images/next.gif HTTP/1.1" 404 1086
58.37.8.98 - - [11/Dec/2021:09:27:50 +0800] "GET /xingrg/javascript/jquery_tools/images/prev.gif HTTP/1.1" 404 1086
116.227.210.113 - - [11/Dec/2021:09:27:52 +0800] "GET /xingrg/kc/buy/cgsh_order_operate.html?command=get_materiel&rest_code=00155&code=00101008207&supplier_code=00100005&order_time=2021-12-11 HTTP/1.1" 200 408
116.229.213.191 - - [11/Dec/2021:09:27:52 +0800] "POST /xingrg/kc/buy/cgsh_order_operate.html HTTP/1.1" 200 37
101.83.241.214 - - [11/Dec/2021:09:27:53 +0800] "POST /xingrg/services/DataTransmitService HTTP/1.1" 200 524
101.83.241.214 - - [11/Dec/2021:09:27:53 +0800] "POST /xingrg/services/DataTransmitService HTTP/1.1" 200 1983
116.229.213.191 - - [11/Dec/2021:09:27:53 +0800] "POST /xingrg/kc/buy/cgsh_order_operate.html HTTP/1.1" 200 8562
101.83.241.214 - - [11/Dec/2021:09:27:56 +0800] "GET /xingrg/all/function/internal_message.html?_=1639186073313&CODE_STATE=getMsg HTTP/1.1" 200 27
101.83.241.214 - - [11/Dec/2021:09:27:56 +0800] "GET /xingrg/check_reg.html?_=1639186073315 HTTP/1.1" 200 22
222.70.176.97 - - [11/Dec/2021:09:27:58 +0800] "GET /xingrg/kc/buy/buy_main.html HTTP/1.1" 200 12412
222.70.176.97 - - [11/Dec/2021:09:27:58 +0800] "GET /xingrg/css/new_ie.css HTTP/1.1" 404 1036
116.229.213.191 - - [11/Dec/2021:09:27:58 +0800] "GET /xingrg/kc/buy/cgsh_order_add.html HTTP/1.1" 200 64961
222.70.176.97 - - [11/Dec/2021:09:27:58 +0800] "GET /xingrg/images/yd/bt.gif HTTP/1.1" 404 1040
114.85.125.222 - - [11/Dec/2021:09:27:59 +0800] "GET /xingrg/kc/buy/cgsh_order_operate.html?command=get_materiel&rest_code=00150&code=00101009109&supplier_code=00100424&order_time=2021-12-11 HTTP/1.1" 200 399
116.229.213.191 - - [11/Dec/2021:09:27:59 +0800] "POST /xingrg/kc/buy/cgsh_order_operate.html HTTP/1.1" 200 8245
222.70.176.97 - - [11/Dec/2021:09:27:59 +0800] "GET /xingrg/kc/buy/cgsh_order_list.html HTTP/1.1" 200 49238
61.172.4.160 - - [11/Dec/2021:09:27:59 +0800] "GET /xingrg/all/function/internal_message.html?_=1639186013463&CODE_STATE=getMsg HTTP/1.1" 200 27
116.229.213.191 - - [11/Dec/2021:09:27:59 +0800] "GET /xingrg/javascript/easyui/themes/default/validatebox.css HTTP/1.1" 404 1104
222.70.176.97 - - [11/Dec/2021:09:28:00 +0800] "POST /xingrg/kc/buy/cgsh_list_operate.html HTTP/1.1" 200 876
116.227.210.113 - - [11/Dec/2021:09:28:01 +0800] "GET /xingrg/kc/buy/cgsh_order_operate.html?command=get_materiel&rest_code=00155&code=00101008290&supplier_code=00100005&order_time=2021-12-11 HTTP/1.1" 200 416
180.169.147.146 - - [11/Dec/2021:09:28:01 +0800] "GET /xingrg/all/function/internal_message.html?_=1639186082518&CODE_STATE=getMsg HTTP/1.1" 302 -
114.85.125.222 - - [11/Dec/2021:09:28:02 +0800] "GET /xingrg/all/function/internal_message.html?_=1639186037857&CODE_STATE=getMsg HTTP/1.1" 200 27
116.229.213.191 - - [11/Dec/2021:09:28:02 +0800] "GET /xingrg/kc/buy/cgsh_order_info.html?code=212021121104301 HTTP/1.1" 200 64970
116.229.213.191 - - [11/Dec/2021:09:28:03 +0800] "GET /xingrg/all/function/internal_message.html?_=1639186081201&CODE_STATE=getMsg HTTP/1.1" 200 27
116.229.213.191 - - [11/Dec/2021:09:28:03 +0800] "GET /xingrg/javascript/easyui/themes/default/validatebox.css HTTP/1.1" 404 1104
222.70.176.97 - - [11/Dec/2021:09:28:03 +0800] "POST /xingrg/all/user/operate.html HTTP/1.1" 200 36
222.70.176.97 - - [11/Dec/2021:09:28:03 +0800] "GET /xingrg/index.html?sysBaseUrl=http%3A%2F%2F180.169.147.146%3A18081%2Fxingrg%2F&costTime=45×tamp=1639186063726 HTTP/1.1" 200 17173
222.70.176.97 - - [11/Dec/2021:09:28:03 +0800] "GET /xingrg/css/form.css HTTP/1.1" 304 -
222.70.176.97 - - [11/Dec/2021:09:28:03 +0800] "GET /xingrg/javascript/jquery_easy_ui/themes/default/easyui.css HTTP/1.1" 304 -
222.70.176.97 - - [11/Dec/2021:09:28:03 +0800] "GET /xingrg/javascript/jquery_easy_ui/themes/icon.css HTTP/1.1" 304 -
222.70.176.97 - - [11/Dec/2021:09:28:03 +0800] "GET /xingrg/javascript/jquery-1.4.2.min.js HTTP/1.1" 304 -
222.70.176.97 - - [11/Dec/2021:09:28:03 +0800] "GET /xingrg/javascript/jquery.form.js HTTP/1.1" 304 -
222.70.176.97 - - [11/Dec/2021:09:28:03 +0800] "GET /xingrg/javascript/jquery_easy_ui/jquery.easyui.min.js HTTP/1.1" 304 -
222.70.176.97 - - [11/Dec/2021:09:28:03 +0800] "GET /xingrg/javascript/jquery_easy_ui/easyui-lang-zh_CN.js HTTP/1.1" 304 -
222.70.176.97 - - [11/Dec/2021:09:28:03 +0800] "GET /xingrg/javascript/jquery.utils.js HTTP/1.1" 304 -
222.70.176.97 - - [11/Dec/2021:09:28:03 +0800] "GET /xingrg/javascript/jquery.timers.js HTTP/1.1" 304 -
222.70.176.97 - - [11/Dec/2021:09:28:03 +0800] "GET /xingrg/images/blue/jxLogo.png HTTP/1.1" 304 -
116.229.213.191 - - [11/Dec/2021:09:28:03 +0800] "POST /xingrg/kc/buy/cgsh_order_operate.html HTTP/1.1" 200 8562
222.70.176.97 - - [11/Dec/2021:09:28:03 +0800] "GET /xingrg/images/blue/navBackgound.jpg HTTP/1.1" 304 -
222.70.176.97 - - [11/Dec/2021:09:28:03 +0800] "GET /xingrg/javascript/jquery_easy_ui/themes/icons/settle_new.png HTTP/1.1" 304 -
222.70.176.97 - - [11/Dec/2021:09:28:03 +0800] "POST /xingrg/all/common/load_tree.html?tree=area_rest_tree_json&manage=1 HTTP/1.1" 200 723
222.70.176.97 - - [11/Dec/2021:09:28:03 +0800] "GET /xingrg/all/function/internal_message.html?_=1639186077915&CODE_STATE=count HTTP/1.1" 200 11
222.70.176.97 - - [11/Dec/2021:09:28:03 +0800] "GET /xingrg/check_reg.html?_=1639186077916 HTTP/1.1" 200 22
222.70.176.97 - - [11/Dec/2021:09:28:03 +0800] "GET /xingrg/javascript/jquery_easy_ui/themes/default/images/tabs_leftarrow.png HTTP/1.1" 304 -
222.70.176.97 - - [11/Dec/2021:09:28:03 +0800] "GET /xingrg/images/blue/pingpu.png HTTP/1.1" 304 -
222.70.176.97 - - [11/Dec/2021:09:28:03 +0800] "GET /xingrg/javascript/jquery_easy_ui/themes/default/images/tabs_rightarrow.png HTTP/1.1" 304 -
222.70.176.97 - - [11/Dec/2021:09:28:03 +0800] "GET /xingrg/javascript/jquery_easy_ui/themes/default/images/panel_tool_collapse.gif HTTP/1.1" 304 -
222.70.176.97 - - [11/Dec/2021:09:28:03 +0800] "POST /xingrg/load_menu.html HTTP/1.1" 200 5138
222.70.176.97 - - [11/Dec/2021:09:28:05 +0800] "GET /xingrg/kc/buy/buy_main.html HTTP/1.1" 200 12412
222.70.176.97 - - [11/Dec/2021:09:28:05 +0800] "GET /xingrg/css/new_ie.css HTTP/1.1" 404 1036
124.77.240.52 - - [11/Dec/2021:09:28:05 +0800] "GET /xingrg/all/function/internal_message.html?_=1639186104199&CODE_STATE=getMsg HTTP/1.1" 302 -
222.70.176.97 - - [11/Dec/2021:09:28:05 +0800] "GET /xingrg/images/yd/bt.gif HTTP/1.1" 404 1040
222.70.176.97 - - [11/Dec/2021:09:28:06 +0800] "GET /xingrg/kc/buy/cgsh_order_list.html HTTP/1.1" 200 49232
116.227.210.113 - - [11/Dec/2021:09:28:06 +0800] "GET /xingrg/kc/buy/cgsh_order_operate.html?command=get_materiel&rest_code=00155&code=00101008087&supplier_code=00100005&order_time=2021-12-11 HTTP/1.1" 200 412
61.172.4.160 - - [11/Dec/2021:09:28:06 +0800] "GET /xingrg/kc/buy/cgsh_order_operate.html?command=get_materiel&rest_code=00105&code=00101020153&supplier_code=00100034&order_time=2021-12-11 HTTP/1.1" 200 408
222.70.176.97 - - [11/Dec/2021:09:28:08 +0800] "POST /xingrg/kc/buy/cgsh_list_operate.html HTTP/1.1" 200 1679
114.85.125.222 - - [11/Dec/2021:09:28:09 +0800] "GET /xingrg/kc/buy/cgsh_order_operate.html?command=get_materiel&rest_code=00150&code=00101009062&supplier_code=00100424&order_time=2021-12-11 HTTP/1.1" 200 412
58.37.8.98 - - [11/Dec/2021:09:28:09 +0800] "GET /xingrg/kc/buy/cgsh_order_operate.html?command=get_materiel&rest_code=00141&code=00101006111&supplier_code=00100012&order_time=2021-12-11 HTTP/1.1" 200 409
222.70.176.97 - - [11/Dec/2021:09:28:10 +0800] "POST /xingrg/kc/buy/cgsh_list_operate.html HTTP/1.1" 200 346
114.86.227.218 - - [11/Dec/2021:09:28:11 +0800] "GET /xingrg/all/function/internal_message.html?_=1639186088583&CODE_STATE=getMsg HTTP/1.1" 200 27
116.227.210.113 - - [11/Dec/2021:09:28:11 +0800] "GET /xingrg/kc/buy/cgsh_order_operate.html?command=get_materiel&rest_code=00155&code=00101008005&supplier_code=00100005&order_time=2021-12-11 HTTP/1.1" 200 412
222.70.176.97 - - [11/Dec/2021:09:28:13 +0800] "GET /xingrg/kc/buy/cgsh_order_info.html?code=212021121104303 HTTP/1.1" 200 64926
222.70.176.97 - - [11/Dec/2021:09:28:13 +0800] "GET /xingrg/javascript/easyui/themes/default/validatebox.css HTTP/1.1" 404 1104
222.70.176.97 - - [11/Dec/2021:09:28:13 +0800] "GET /xingrg/all/common/auto_word.html?type=employee&rest_code=00111 HTTP/1.1" 200 155
222.70.176.97 - - [11/Dec/2021:09:28:13 +0800] "GET /xingrg/all/common/auto_word.html?type=employee&rest_code=00111 HTTP/1.1" 200 155
222.70.176.97 - - [11/Dec/2021:09:28:13 +0800] "POST /xingrg/kc/buy/cgsh_order_operate.html HTTP/1.1" 200 3841
222.70.176.97 - - [11/Dec/2021:09:28:15 +0800] "GET /xingrg/all/function/internal_message.html?_=1639185759586&CODE_STATE=getMsg HTTP/1.1" 302 -
222.70.176.97 - - [11/Dec/2021:09:28:15 +0800] "GET /xingrg/check_reg.html?_=1639185759588 HTTP/1.1" 302 -
114.85.125.222 - - [11/Dec/2021:09:28:17 +0800] "GET /xingrg/kc/buy/cgsh_order_operate.html?command=get_materiel&rest_code=00150&code=00101009010&supplier_code=00100424&order_time=2021-12-11 HTTP/1.1" 200 412
116.227.210.113 - - [11/Dec/2021:09:28:17 +0800] "GET /xingrg/all/function/internal_message.html?_=1639186092452&CODE_STATE=getMsg HTTP/1.1" 200 27
116.227.210.113 - - [11/Dec/2021:09:28:18 +0800] "GET /xingrg/kc/buy/cgsh_order_operate.html?command=get_materiel&rest_code=00155&code=00101008298&supplier_code=00100005&order_time=2021-12-11 HTTP/1.1" 200 412
222.70.176.97 - - [11/Dec/2021:09:28:19 +0800] "GET /xingrg/javascript/auto/indicator.gif HTTP/1.1" 404 1066
116.238.248.233 - - [11/Dec/2021:09:28:21 +0800] "GET /xingrg/all/function/internal_message.html?_=1639186097923&CODE_STATE=getMsg HTTP/1.1" 200 27
116.227.210.113 - - [11/Dec/2021:09:28:23 +0800] "GET /xingrg/kc/buy/cgsh_order_operate.html?command=get_materiel&rest_code=00155&code=00101008055&supplier_code=00100005&order_time=2021-12-11 HTTP/1.1" 200 409
222.70.176.97 - - [11/Dec/2021:09:28:25 +0800] "GET /xingrg/kc/buy/cgsh_order_operate.html?command=get_materiel&rest_code=00111&code=00101008005&supplier_code=00100005&order_time=2021-12-11 HTTP/1.1" 200 412
124.77.240.52 - - [11/Dec/2021:09:28:26 +0800] "GET /xingrg/all/function/internal_message.html?_=1639186121934&CODE_STATE=getMsg HTTP/1.1" 200 27
114.85.125.222 - - [11/Dec/2021:09:28:26 +0800] "GET /xingrg/kc/buy/cgsh_order_operate.html?command=get_materiel&rest_code=00150&code=00101009045&supplier_code=00100424&order_time=2021-12-11 HTTP/1.1" 200 412
58.37.8.98 - - [11/Dec/2021:09:28:28 +0800] "GET /xingrg/kc/buy/cgsh_order_operate.html?command=get_materiel&rest_code=00141&code=00101007055&supplier_code=00100012&order_time=2021-12-11 HTTP/1.1" 200 409
116.227.210.113 - - [11/Dec/2021:09:28:29 +0800] "GET /xingrg/kc/buy/cgsh_order_operate.html?command=get_materiel&rest_code=00155&code=00101008331&supplier_code=00100005&order_time=2021-12-11 HTTP/1.1" 200 416
116.229.213.191 - - [11/Dec/2021:09:28:32 +0800] "GET /xingrg/login.html HTTP/1.1" 200 7641
116.229.213.191 - - [11/Dec/2021:09:28:32 +0800] "GET /xingrg/images/blue/jxLogo.png HTTP/1.1" 304 -
116.229.213.191 - - [11/Dec/2021:09:28:32 +0800] "GET /xingrg/images/blue/hj.png HTTP/1.1" 304 -
116.229.213.191 - - [11/Dec/2021:09:28:32 +0800] "GET /xingrg/images/blue/login_bg.png HTTP/1.1" 304 -
116.229.213.191 - - [11/Dec/2021:09:28:32 +0800] "GET /xingrg/images/blue/srbg.png HTTP/1.1" 304 -
116.229.213.191 - - [11/Dec/2021:09:28:33 +0800] "GET /favicon.ico HTTP/1.1" 404 -
116.227.210.113 - - [11/Dec/2021:09:28:34 +0800] "GET /xingrg/kc/buy/cgsh_order_operate.html?command=get_materiel&rest_code=00155&code=00101008149&supplier_code=00100005&order_time=2021-12-11 HTTP/1.1" 200 408
114.85.125.222 - - [11/Dec/2021:09:28:34 +0800] "GET /xingrg/kc/buy/cgsh_order_operate.html?command=get_materiel&rest_code=00150&code=00101009016&supplier_code=00100424&order_time=2021-12-11 HTTP/1.1" 200 412
58.37.8.98 - - [11/Dec/2021:09:28:36 +0800] "GET /xingrg/all/function/internal_message.html?_=1639185930246&CODE_STATE=getMsg HTTP/1.1" 200 27
58.37.8.98 - - [11/Dec/2021:09:28:38 +0800] "GET /xingrg/kc/buy/cgsh_order_operate.html?command=get_materiel&rest_code=00141&code=00101006109&supplier_code=00100012&order_time=2021-12-11 HTTP/1.1" 200 409
116.227.210.113 - - [11/Dec/2021:09:28:39 +0800] "GET /xingrg/kc/buy/cgsh_order_operate.html?command=get_materiel&rest_code=00155&code=00101008354&supplier_code=00100005&order_time=2021-12-11 HTTP/1.1" 200 412
114.85.125.222 - - [11/Dec/2021:09:28:43 +0800] "GET /xingrg/kc/buy/cgsh_order_operate.html?command=get_materiel&rest_code=00150&code=00101009011&supplier_code=00100424&order_time=2021-12-11 HTTP/1.1" 200 416
116.227.210.113 - - [11/Dec/2021:09:28:44 +0800] "GET /xingrg/kc/buy/cgsh_order_operate.html?command=get_materiel&rest_code=00155&code=00101008125&supplier_code=00100005&order_time=2021-12-11 HTTP/1.1" 200 413
58.37.8.98 - - [11/Dec/2021:09:28:46 +0800] "GET /xingrg/kc/buy/cgsh_order_operate.html?command=get_materiel&rest_code=00141&code=00101006055&supplier_code=00100012&order_time=2021-12-11 HTTP/1.1" 200 409
124.77.240.52 - - [11/Dec/2021:09:28:47 +0800] "POST /xingrg/services/DataTransmitService HTTP/1.1" 200 524
124.77.240.52 - - [11/Dec/2021:09:28:47 +0800] "POST /xingrg/services/DataTransmitService HTTP/1.1" 200 2171
222.70.176.97 - - [11/Dec/2021:09:28:49 +0800] "GET /xingrg/kc/buy/cgsh_order_operate.html?command=get_materiel&rest_code=00111&code=00101008096&supplier_code=00100005&order_time=2021-12-11 HTTP/1.1" 200 412
116.227.210.113 - - [11/Dec/2021:09:28:49 +0800] "GET /xingrg/kc/buy/cgsh_order_operate.html?command=get_materiel&rest_code=00155&code=00101008010&supplier_code=00100005&order_time=2021-12-11 HTTP/1.1" 200 412
61.172.4.160 - - [11/Dec/2021:09:28:51 +0800] "GET /xingrg/kc/buy/cgsh_order_operate.html?command=get_materiel&rest_code=00105&code=00101016030&supplier_code=00100034&order_time=2021-12-11 HTTP/1.1" 200 412
114.85.125.222 - - [11/Dec/2021:09:28:53 +0800] "POST /xingrg/kc/buy/cgsh_order_operate.html HTTP/1.1" 200 37
101.83.241.214 - - [11/Dec/2021:09:28:56 +0800] "GET /xingrg/all/function/internal_message.html?_=1639186133306&CODE_STATE=getMsg HTTP/1.1" 200 27
116.229.213.191 - - [11/Dec/2021:09:28:57 +0800] "POST /xingrg/login.do HTTP/1.1" 302 -
116.229.213.191 - - [11/Dec/2021:09:28:57 +0800] "GET /xingrg/javascript/jquery_easy_ui/themes/default/easyui.css HTTP/1.1" 304 -
116.229.213.191 - - [11/Dec/2021:09:28:57 +0800] "GET /xingrg/javascript/jquery_easy_ui/themes/icon.css HTTP/1.1" 304 -
116.229.213.191 - - [11/Dec/2021:09:28:57 +0800] "GET /xingrg/css/form.css HTTP/1.1" 304 -
116.229.213.191 - - [11/Dec/2021:09:28:57 +0800] "GET /xingrg/index.html?sysBaseUrl=http%3A%2F%2F180.169.147.146%3A18081%2Fxingrg%2F&costTime=40×tamp=1639186137321 HTTP/1.1" 200 17173
116.229.213.191 - - [11/Dec/2021:09:28:57 +0800] "GET /xingrg/javascript/jquery-1.4.2.min.js HTTP/1.1" 304 -
116.229.213.191 - - [11/Dec/2021:09:28:57 +0800] "GET /xingrg/javascript/jquery_easy_ui/jquery.easyui.min.js HTTP/1.1" 304 -
116.229.213.191 - - [11/Dec/2021:09:28:57 +0800] "GET /xingrg/javascript/jquery.utils.js HTTP/1.1" 304 -
116.229.213.191 - - [11/Dec/2021:09:28:57 +0800] "GET /xingrg/javascript/jquery.form.js HTTP/1.1" 304 -
116.229.213.191 - - [11/Dec/2021:09:28:57 +0800] "GET /xingrg/javascript/jquery.timers.js HTTP/1.1" 304 -
116.229.213.191 - - [11/Dec/2021:09:28:57 +0800] "GET /xingrg/javascript/jquery_easy_ui/easyui-lang-zh_CN.js HTTP/1.1" 304 -
116.229.213.191 - - [11/Dec/2021:09:28:57 +0800] "GET /xingrg/javascript/jquery_easy_ui/themes/icons/settle_new.png HTTP/1.1" 304 -
116.229.213.191 - - [11/Dec/2021:09:28:57 +0800] "GET /xingrg/images/blue/navBackgound.jpg HTTP/1.1" 304 -
116.229.213.191 - - [11/Dec/2021:09:28:57 +0800] "GET /xingrg/images/blue/pingpu.png HTTP/1.1" 304 -
116.229.213.191 - - [11/Dec/2021:09:28:57 +0800] "GET /xingrg/javascript/jquery_easy_ui/themes/default/images/tabs_leftarrow.png HTTP/1.1" 304 -
116.229.213.191 - - [11/Dec/2021:09:28:57 +0800] "GET /xingrg/javascript/jquery_easy_ui/themes/default/images/tabs_rightarrow.png HTTP/1.1" 304 -
116.229.213.191 - - [11/Dec/2021:09:28:57 +0800] "GET /xingrg/javascript/jquery_easy_ui/themes/default/images/panel_tool_collapse.gif HTTP/1.1" 304 -
116.229.213.191 - - [11/Dec/2021:09:28:57 +0800] "POST /xingrg/all/common/load_tree.html?tree=area_rest_tree_json&manage=1 HTTP/1.1" 200 342
116.229.213.191 - - [11/Dec/2021:09:28:57 +0800] "GET /xingrg/all/function/internal_message.html?_=1639186136034&CODE_STATE=count HTTP/1.1" 200 11
116.229.213.191 - - [11/Dec/2021:09:28:57 +0800] "GET /xingrg/check_reg.html?_=1639186136035 HTTP/1.1" 200 22
116.229.213.191 - - [11/Dec/2021:09:28:58 +0800] "POST /xingrg/load_menu.html HTTP/1.1" 200 5138
114.85.125.222 - - [11/Dec/2021:09:28:58 +0800] "POST /xingrg/kc/buy/cgsh_order_operate.html HTTP/1.1" 200 5619
116.229.213.191 - - [11/Dec/2021:09:28:58 +0800] "GET /xingrg/javascript/jquery_easy_ui/themes/default/images/tree_arrows.gif HTTP/1.1" 304 -
116.229.213.191 - - [11/Dec/2021:09:28:58 +0800] "GET /favicon.ico HTTP/1.1" 404 -
116.229.213.191 - - [11/Dec/2021:09:28:58 +0800] "GET /xingrg/javascript/jquery_easy_ui/themes/default/images/tree_folder_open.gif HTTP/1.1" 304 -
116.229.213.191 - - [11/Dec/2021:09:28:58 +0800] "GET /xingrg/javascript/jquery_easy_ui/themes/default/images/tree_folder.gif HTTP/1.1" 304 -
116.229.213.191 - - [11/Dec/2021:09:28:58 +0800] "GET /xingrg/javascript/jquery_easy_ui/themes/icons/search_new.png HTTP/1.1" 304 -
116.229.213.191 - - [11/Dec/2021:09:28:58 +0800] "GET /xingrg/javascript/jquery_easy_ui/themes/icons/forms_new.png HTTP/1.1" 304 -
116.229.213.191 - - [11/Dec/2021:09:28:58 +0800] "GET /xingrg/javascript/jquery_easy_ui/themes/icons/storage_new.png HTTP/1.1" 304 -
116.229.213.191 - - [11/Dec/2021:09:28:58 +0800] "GET /xingrg/javascript/jquery_easy_ui/themes/default/images/tree_file.gif HTTP/1.1" 304 -
222.70.176.97 - - [11/Dec/2021:09:28:58 +0800] "GET /xingrg/kc/buy/cgsh_order_operate.html?command=get_materiel&rest_code=00111&code=00101008003&supplier_code=00100005&order_time=2021-12-11 HTTP/1.1" 200 408
116.229.213.191 - - [11/Dec/2021:09:28:59 +0800] "GET /xingrg/javascript/jquery_easy_ui/themes/default/images/tabs_active.png HTTP/1.1" 304 -
61.172.4.160 - - [11/Dec/2021:09:28:59 +0800] "GET /xingrg/all/function/internal_message.html?_=1639186073464&CODE_STATE=getMsg HTTP/1.1" 200 27
116.227.210.113 - - [11/Dec/2021:09:29:01 +0800] "GET /xingrg/kc/buy/cgsh_order_operate.html?command=get_materiel&rest_code=00155&code=00101008646&supplier_code=00100005&order_time=2021-12-11 HTTP/1.1" 200 399
116.229.213.191 - - [11/Dec/2021:09:29:01 +0800] "GET /xingrg/javascript/jquery_easy_ui/themes/default/images/tabs_close.gif HTTP/1.1" 304 -
116.229.213.191 - - [11/Dec/2021:09:29:01 +0800] "GET /xingrg/css/base.css HTTP/1.1" 304 -
116.229.213.191 - - [11/Dec/2021:09:29:01 +0800] "GET /xingrg/css/site.css HTTP/1.1" 304 -
116.229.213.191 - - [11/Dec/2021:09:29:01 +0800] "GET /xingrg/javascript/jquery_tools/datebox.css HTTP/1.1" 304 -
116.229.213.191 - - [11/Dec/2021:09:29:01 +0800] "GET /xingrg/javascript/easyui/themes/icon.css HTTP/1.1" 304 -
116.229.213.191 - - [11/Dec/2021:09:29:01 +0800] "GET /xingrg/javascript/auto/jquery.autocomplete.css HTTP/1.1" 304 -
116.229.213.191 - - [11/Dec/2021:09:29:01 +0800] "GET /xingrg/kc/buy/cgsh_order_list.html HTTP/1.1" 200 49232
116.229.213.191 - - [11/Dec/2021:09:29:01 +0800] "GET /xingrg/javascript/easyui/themes/default/easyui.css HTTP/1.1" 304 -
116.229.213.191 - - [11/Dec/2021:09:29:01 +0800] "GET /xingrg/javascript/jquery_tools/fix.css HTTP/1.1" 304 -
116.229.213.191 - - [11/Dec/2021:09:29:01 +0800] "GET /xingrg/javascript/jquery_tools/table.css HTTP/1.1" 304 -
116.229.213.191 - - [11/Dec/2021:09:29:01 +0800] "GET /xingrg/javascript/jquery_tools/jquery.tools.min.js HTTP/1.1" 304 -
116.229.213.191 - - [11/Dec/2021:09:29:01 +0800] "GET /xingrg/javascript/jquery_tools/jquery.tools.extend.js HTTP/1.1" 304 -
116.229.213.191 - - [11/Dec/2021:09:29:01 +0800] "GET /xingrg/javascript/jquery_tools/jquery.tools.hotkey.js HTTP/1.1" 304 -
116.229.213.191 - - [11/Dec/2021:09:29:01 +0800] "GET /xingrg/javascript/jquery_tools/list_manager.js HTTP/1.1" 304 -
116.229.213.191 - - [11/Dec/2021:09:29:01 +0800] "GET /xingrg/javascript/jquery.cookie.js HTTP/1.1" 304 -
116.229.213.191 - - [11/Dec/2021:09:29:01 +0800] "GET /xingrg/javascript/auto/jquery.autocomplete.js HTTP/1.1" 304 -
116.229.213.191 - - [11/Dec/2021:09:29:01 +0800] "GET /xingrg/javascript/jquery_tools/jquery.tools.table.js HTTP/1.1" 304 -
116.229.213.191 - - [11/Dec/2021:09:29:01 +0800] "GET /xingrg/javascript/easyui/easyloader.js HTTP/1.1" 304 -
116.229.213.191 - - [11/Dec/2021:09:29:01 +0800] "GET /xingrg/javascript/print/LodopFuncs.js HTTP/1.1" 304 -
116.229.213.191 - - [11/Dec/2021:09:29:01 +0800] "GET /xingrg/javascript/easyui/themes/icons/edit_add_new.png HTTP/1.1" 304 -
116.229.213.191 - - [11/Dec/2021:09:29:01 +0800] "GET /xingrg/javascript/easyui/themes/icons/cance_new.png HTTP/1.1" 304 -
116.229.213.191 - - [11/Dec/2021:09:29:01 +0800] "GET /xingrg/javascript/easyui/themes/icons/check_new.png HTTP/1.1" 304 -
116.229.213.191 - - [11/Dec/2021:09:29:01 +0800] "GET /xingrg/javascript/easyui/themes/icons/field_new.png HTTP/1.1" 304 -
116.229.213.191 - - [11/Dec/2021:09:29:01 +0800] "GET /xingrg/javascript/easyui/themes/icons/import_new.png HTTP/1.1" 304 -
116.229.213.191 - - [11/Dec/2021:09:29:01 +0800] "GET /xingrg/javascript/easyui/plugins/jquery.parser.js HTTP/1.1" 304 -
116.229.213.191 - - [11/Dec/2021:09:29:01 +0800] "GET /xingrg/images/control/ajaxLoader.gif HTTP/1.1" 304 -
116.229.213.191 - - [11/Dec/2021:09:29:01 +0800] "GET /xingrg/javascript/jquery_easy_ui/themes/icons/area.png HTTP/1.1" 304 -
116.229.213.191 - - [11/Dec/2021:09:29:01 +0800] "GET /xingrg/javascript/jquery_easy_ui/themes/icons/rest.png HTTP/1.1" 304 -
114.85.125.222 - - [11/Dec/2021:09:29:01 +0800] "GET /xingrg/kc/buy/cgsh_order_add.html HTTP/1.1" 200 64897
180.169.147.146 - - [11/Dec/2021:09:29:01 +0800] "GET /xingrg/all/function/internal_message.html?_=1639186142505&CODE_STATE=getMsg HTTP/1.1" 302 -
58.37.8.98 - - [11/Dec/2021:09:29:02 +0800] "GET /xingrg/kc/buy/cgsh_order_operate.html?command=get_materiel&rest_code=00141&code=00101006127&supplier_code=00100012&order_time=2021-12-11 HTTP/1.1" 200 423
114.85.125.222 - - [11/Dec/2021:09:29:02 +0800] "POST /xingrg/kc/buy/cgsh_order_operate.html HTTP/1.1" 200 8245
114.85.125.222 - - [11/Dec/2021:09:29:02 +0800] "GET /xingrg/all/function/internal_message.html?_=1639186098230&CODE_STATE=getMsg HTTP/1.1" 200 27
114.85.125.222 - - [11/Dec/2021:09:29:02 +0800] "GET /xingrg/javascript/easyui/themes/default/validatebox.css HTTP/1.1" 404 1104
116.229.213.191 - - [11/Dec/2021:09:29:03 +0800] "POST /xingrg/kc/buy/cgsh_list_operate.html HTTP/1.1" 200 1679
222.70.176.97 - - [11/Dec/2021:09:29:03 +0800] "GET /xingrg/all/function/internal_message.html?_=1639186137929&CODE_STATE=getMsg HTTP/1.1" 200 27
124.77.240.52 - - [11/Dec/2021:09:29:05 +0800] "GET /xingrg/all/function/internal_message.html?_=1639186164209&CODE_STATE=getMsg HTTP/1.1" 302 -
116.229.213.191 - - [11/Dec/2021:09:29:05 +0800] "POST /xingrg/kc/buy/cgsh_list_operate.html HTTP/1.1" 200 567
116.227.210.113 - - [11/Dec/2021:09:29:06 +0800] "GET /xingrg/kc/buy/cgsh_order_operate.html?command=get_materiel&rest_code=00155&code=00101008096&supplier_code=00100005&order_time=2021-12-11 HTTP/1.1" 200 412
222.70.176.97 - - [11/Dec/2021:09:29:09 +0800] "GET /xingrg/kc/buy/cgsh_order_operate.html?command=get_materiel&rest_code=00111&code=00101008355&supplier_code=00100005&order_time=2021-12-11 HTTP/1.1" 200 408
114.85.125.222 - - [11/Dec/2021:09:29:11 +0800] "GET /xingrg/kc/buy/cgsh_order_operate.html?command=get_materiel&rest_code=00150&code=00101011005&supplier_code=00100047&order_time=2021-12-11 HTTP/1.1" 200 428
114.86.227.218 - - [11/Dec/2021:09:29:11 +0800] "GET /xingrg/all/function/internal_message.html?_=1639186148585&CODE_STATE=getMsg HTTP/1.1" 200 27
222.70.176.97 - - [11/Dec/2021:09:29:11 +0800] "POST /xingrg/kc/buy/cgsh_order_operate.html HTTP/1.1" 200 2065
116.227.210.113 - - [11/Dec/2021:09:29:12 +0800] "GET /xingrg/kc/buy/cgsh_order_operate.html?command=get_materiel&rest_code=00155&code=00101008163&supplier_code=00100005&order_time=2021-12-11 HTTP/1.1" 200 409
222.70.176.97 - - [11/Dec/2021:09:29:15 +0800] "GET /xingrg/all/function/internal_message.html?_=1639185819587&CODE_STATE=getMsg HTTP/1.1" 302 -
116.227.210.113 - - [11/Dec/2021:09:29:17 +0800] "GET /xingrg/all/function/internal_message.html?_=1639186152451&CODE_STATE=getMsg HTTP/1.1" 200 27
116.227.210.113 - - [11/Dec/2021:09:29:18 +0800] "GET /xingrg/kc/buy/cgsh_order_operate.html?command=get_materiel&rest_code=00155&code=00101008632&supplier_code=00100005&order_time=2021-12-11 HTTP/1.1" 200 403
222.70.176.97 - - [11/Dec/2021:09:29:20 +0800] "GET /xingrg/kc/buy/cgsh_order_operate.html?command=get_materiel&rest_code=00111&code=00101008213&supplier_code=00100005&order_time=2021-12-11 HTTP/1.1" 200 412
116.238.248.233 - - [11/Dec/2021:09:29:21 +0800] "GET /xingrg/all/function/internal_message.html?_=1639186157941&CODE_STATE=getMsg HTTP/1.1" 200 27
61.172.4.160 - - [11/Dec/2021:09:29:23 +0800] "GET /xingrg/kc/buy/cgsh_order_operate.html?command=get_materiel&rest_code=00105&code=00101012029&supplier_code=00100034&order_time=2021-12-11 HTTP/1.1" 200 414
114.85.125.222 - - [11/Dec/2021:09:29:23 +0800] "GET /xingrg/kc/buy/cgsh_order_operate.html?command=get_materiel&rest_code=00150&code=00101011007&supplier_code=00100047&order_time=2021-12-11 HTTP/1.1" 200 414
116.227.210.113 - - [11/Dec/2021:09:29:24 +0800] "GET /xingrg/kc/buy/cgsh_order_operate.html?command=get_materiel&rest_code=00155&code=00101008361&supplier_code=00100005&order_time=2021-12-11 HTTP/1.1" 200 408
58.37.8.98 - - [11/Dec/2021:09:29:25 +0800] "GET /xingrg/login.html HTTP/1.1" 200 7641
116.227.210.113 - - [11/Dec/2021:09:29:25 +0800] "POST /xingrg/kc/buy/cgsh_order_operate.html HTTP/1.1" 200 2065
58.37.8.98 - - [11/Dec/2021:09:29:25 +0800] "GET /xingrg/login.html HTTP/1.1" 200 7641
124.77.240.52 - - [11/Dec/2021:09:29:26 +0800] "GET /xingrg/check_reg.html?_=1639186181824 HTTP/1.1" 200 22
58.37.8.98 - - [11/Dec/2021:09:29:26 +0800] "GET /favicon.ico HTTP/1.1" 404 -
124.77.240.52 - - [11/Dec/2021:09:29:26 +0800] "GET /xingrg/all/function/internal_message.html?_=1639186181947&CODE_STATE=getMsg HTTP/1.1" 200 27
58.37.8.98 - - [11/Dec/2021:09:29:26 +0800] "GET /favicon.ico HTTP/1.1" 404 -
116.227.210.113 - - [11/Dec/2021:09:29:29 +0800] "GET /xingrg/kc/buy/cgsh_order_operate.html?command=get_materiel&rest_code=00155&code=00101008148&supplier_code=00100005&order_time=2021-12-11 HTTP/1.1" 200 416
114.85.125.222 - - [11/Dec/2021:09:29:33 +0800] "GET /xingrg/kc/buy/cgsh_order_operate.html?command=get_materiel&rest_code=00150&code=00101011004&supplier_code=00100047&order_time=2021-12-11 HTTP/1.1" 200 412
58.37.8.98 - - [11/Dec/2021:09:29:33 +0800] "POST /xingrg/login.do HTTP/1.1" 302 -
58.37.8.98 - - [11/Dec/2021:09:29:33 +0800] "GET /xingrg/index.html?sysBaseUrl=http%3A%2F%2F180.169.147.146%3A18081%2Fxingrg%2F&costTime=39×tamp=1639186173113 HTTP/1.1" 200 17179
58.37.8.98 - - [11/Dec/2021:09:29:33 +0800] "POST /xingrg/all/common/load_tree.html?tree=area_rest_tree_json&manage=1 HTTP/1.1" 200 351
222.70.176.97 - - [11/Dec/2021:09:29:33 +0800] "GET /xingrg/kc/buy/cgsh_order_operate.html?command=get_materiel&rest_code=00111&code=00101008283&supplier_code=00100005&order_time=2021-12-11 HTTP/1.1" 200 408
58.37.8.98 - - [11/Dec/2021:09:29:33 +0800] "GET /xingrg/all/function/internal_message.html?_=1639185987260&CODE_STATE=count HTTP/1.1" 200 11
58.37.8.98 - - [11/Dec/2021:09:29:33 +0800] "GET /xingrg/check_reg.html?_=1639185987261 HTTP/1.1" 200 22
58.37.8.98 - - [11/Dec/2021:09:29:33 +0800] "GET /favicon.ico HTTP/1.1" 404 -
58.37.8.98 - - [11/Dec/2021:09:29:33 +0800] "POST /xingrg/load_menu.html HTTP/1.1" 200 5138
116.227.210.113 - - [11/Dec/2021:09:29:34 +0800] "GET /xingrg/kc/buy/cgsh_order_operate.html?command=get_materiel&rest_code=00155&code=00101008264&supplier_code=00100005&order_time=2021-12-11 HTTP/1.1" 200 412
124.77.240.52 - - [11/Dec/2021:09:29:34 +0800] "POST /xingrg/services/DataTransmitService HTTP/1.1" 200 524
124.77.240.52 - - [11/Dec/2021:09:29:35 +0800] "POST /xingrg/services/DataTransmitService HTTP/1.1" 200 2171
58.37.8.98 - - [11/Dec/2021:09:29:36 +0800] "GET /xingrg/all/function/internal_message.html?_=1639185990244&CODE_STATE=getMsg HTTP/1.1" 200 27
58.37.8.98 - - [11/Dec/2021:09:29:37 +0800] "GET /xingrg/kc/buy/buy_main.html HTTP/1.1" 200 12412
58.37.8.98 - - [11/Dec/2021:09:29:37 +0800] "GET /xingrg/css/new_ie.css HTTP/1.1" 404 1036
58.37.8.98 - - [11/Dec/2021:09:29:38 +0800] "GET /xingrg/images/yd/bt.gif HTTP/1.1" 404 1040
58.37.8.98 - - [11/Dec/2021:09:29:38 +0800] "GET /xingrg/kc/buy/cgsh_order_list.html HTTP/1.1" 200 49238
58.37.8.98 - - [11/Dec/2021:09:29:40 +0800] "POST /xingrg/kc/buy/cgsh_list_operate.html HTTP/1.1" 200 876
116.227.210.113 - - [11/Dec/2021:09:29:40 +0800] "GET /xingrg/kc/buy/cgsh_order_operate.html?command=get_materiel&rest_code=00155&code=00101008562&supplier_code=00100005&order_time=2021-12-11 HTTP/1.1" 200 395
58.37.8.98 - - [11/Dec/2021:09:29:41 +0800] "GET /xingrg/kc/buy/cgsh_order_add.html HTTP/1.1" 200 65008
58.37.8.98 - - [11/Dec/2021:09:29:41 +0800] "GET /xingrg/all/common/auto_word.html?type=employee&rest_code=00141 HTTP/1.1" 200 201
58.37.8.98 - - [11/Dec/2021:09:29:41 +0800] "GET /xingrg/javascript/easyui/themes/default/validatebox.css HTTP/1.1" 404 1104
58.37.8.98 - - [11/Dec/2021:09:29:41 +0800] "GET /xingrg/all/common/auto_word.html?type=employee&rest_code=00141 HTTP/1.1" 200 201
58.37.8.98 - - [11/Dec/2021:09:29:41 +0800] "POST /xingrg/kc/buy/cgsh_order_operate.html HTTP/1.1" 200 8245
58.37.8.98 - - [11/Dec/2021:09:29:42 +0800] "GET /xingrg/javascript/auto/indicator.gif HTTP/1.1" 404 1066
114.85.125.222 - - [11/Dec/2021:09:29:44 +0800] "POST /xingrg/kc/buy/cgsh_order_operate.html HTTP/1.1" 200 37
116.227.210.113 - - [11/Dec/2021:09:29:46 +0800] "GET /xingrg/kc/buy/cgsh_order_operate.html?command=get_materiel&rest_code=00155&code=00101008356&supplier_code=00100005&order_time=2021-12-11 HTTP/1.1" 200 408
114.85.125.222 - - [11/Dec/2021:09:29:47 +0800] "POST /xingrg/kc/buy/cgsh_order_operate.html HTTP/1.1" 200 12
58.37.8.98 - - [11/Dec/2021:09:29:47 +0800] "GET /xingrg/javascript/jquery_tools/images/prev.gif HTTP/1.1" 404 1086
58.37.8.98 - - [11/Dec/2021:09:29:47 +0800] "GET /xingrg/javascript/jquery_tools/images/next.gif HTTP/1.1" 404 1086
222.70.176.97 - - [11/Dec/2021:09:29:47 +0800] "GET /xingrg/kc/buy/cgsh_order_operate.html?command=get_materiel&rest_code=00111&code=00101008027&supplier_code=00100005&order_time=2021-12-11 HTTP/1.1" 200 408
114.85.125.222 - - [11/Dec/2021:09:29:48 +0800] "GET /xingrg/kc/buy/cgsh_order_info.html?code=212021121104305 HTTP/1.1" 200 59810
114.85.125.222 - - [11/Dec/2021:09:29:49 +0800] "GET /xingrg/javascript/easyui/themes/default/validatebox.css HTTP/1.1" 404 1104
114.85.125.222 - - [11/Dec/2021:09:29:50 +0800] "POST /xingrg/kc/buy/cgsh_order_operate.html HTTP/1.1" 200 1793
114.85.125.222 - - [11/Dec/2021:09:29:52 +0800] "GET /xingrg/kc/print/load_data.html?order_code=212021121104305&kc_code=cgsh&condition= HTTP/1.1" 200 1239
116.227.210.113 - - [11/Dec/2021:09:29:54 +0800] "GET /xingrg/kc/buy/cgsh_order_operate.html?command=get_materiel&rest_code=00155&code=00101008251&supplier_code=00100005&order_time=2021-12-11 HTTP/1.1" 200 408
116.227.210.113 - - [11/Dec/2021:09:29:55 +0800] "POST /xingrg/kc/buy/cgsh_order_operate.html HTTP/1.1" 200 2065
101.83.241.214 - - [11/Dec/2021:09:29:56 +0800] "GET /xingrg/all/function/internal_message.html?_=1639186193310&CODE_STATE=getMsg HTTP/1.1" 200 27
116.229.213.191 - - [11/Dec/2021:09:29:57 +0800] "GET /xingrg/all/function/internal_message.html?_=1639186196035&CODE_STATE=getMsg HTTP/1.1" 200 27
61.172.4.160 - - [11/Dec/2021:09:29:59 +0800] "GET /xingrg/all/function/internal_message.html?_=1639186133475&CODE_STATE=getMsg HTTP/1.1" 200 27
116.227.210.113 - - [11/Dec/2021:09:30:00 +0800] "GET /xingrg/kc/buy/cgsh_order_operate.html?command=get_materiel&rest_code=00155&code=00101008411&supplier_code=00100005&order_time=2021-12-11 HTTP/1.1" 200 399
180.169.147.146 - - [11/Dec/2021:09:30:01 +0800] "GET /xingrg/all/function/internal_message.html?_=1639186202491&CODE_STATE=getMsg HTTP/1.1" 302 -
222.70.176.97 - - [11/Dec/2021:09:30:01 +0800] "GET /xingrg/kc/buy/cgsh_order_operate.html?command=get_materiel&rest_code=00111&code=00101008244&supplier_code=00100005&order_time=2021-12-11 HTTP/1.1" 200 408
114.85.125.222 - - [11/Dec/2021:09:30:02 +0800] "GET /xingrg/check_reg.html?_=1639186157594 HTTP/1.1" 200 22
180.169.147.146 - - [11/Dec/2021:09:30:02 +0800] "GET /xingrg/check_reg.html?_=1639186203008 HTTP/1.1" 302 -
114.85.125.222 - - [11/Dec/2021:09:30:02 +0800] "GET /xingrg/all/function/internal_message.html?_=1639186158234&CODE_STATE=getMsg HTTP/1.1" 200 27
222.70.176.97 - - [11/Dec/2021:09:30:03 +0800] "GET /xingrg/all/function/internal_message.html?_=1639186197923&CODE_STATE=getMsg HTTP/1.1" 200 27
58.37.8.98 - - [11/Dec/2021:09:30:04 +0800] "GET /xingrg/kc/buy/cgsh_order_operate.html?command=get_materiel&rest_code=00141&code=00101006111&supplier_code=00100012&order_time=2021-12-11 HTTP/1.1" 200 409
124.77.240.52 - - [11/Dec/2021:09:30:05 +0800] "GET /xingrg/all/function/internal_message.html?_=1639186224326&CODE_STATE=getMsg HTTP/1.1" 302 -
116.227.210.113 - - [11/Dec/2021:09:30:07 +0800] "GET /xingrg/kc/buy/cgsh_order_operate.html?command=get_materiel&rest_code=00155&code=00101008137&supplier_code=00100005&order_time=2021-12-11 HTTP/1.1" 200 408
114.86.227.218 - - [11/Dec/2021:09:30:11 +0800] "GET /xingrg/all/function/internal_message.html?_=1639186208587&CODE_STATE=getMsg HTTP/1.1" 200 27
116.227.210.113 - - [11/Dec/2021:09:30:12 +0800] "GET /xingrg/kc/buy/cgsh_order_operate.html?command=get_materiel&rest_code=00155&code=00101008360&supplier_code=00100005&order_time=2021-12-11 HTTP/1.1" 200 413
222.70.176.97 - - [11/Dec/2021:09:30:15 +0800] "GET /xingrg/all/function/internal_message.html?_=1639185879586&CODE_STATE=getMsg HTTP/1.1" 302 -
116.227.210.113 - - [11/Dec/2021:09:30:17 +0800] "GET /xingrg/all/function/internal_message.html?_=1639186212455&CODE_STATE=getMsg HTTP/1.1" 200 27
58.37.8.98 - - [11/Dec/2021:09:30:17 +0800] "GET /xingrg/kc/buy/cgsh_order_operate.html?command=get_materiel&rest_code=00141&code=00101007055&supplier_code=00100012&order_time=2021-12-11 HTTP/1.1" 200 409
116.227.210.113 - - [11/Dec/2021:09:30:18 +0800] "GET /xingrg/kc/buy/cgsh_order_operate.html?command=get_materiel&rest_code=00155&code=00101008196&supplier_code=00100005&order_time=2021-12-11 HTTP/1.1" 200 416
114.86.227.218 - - [11/Dec/2021:09:30:18 +0800] "GET /xingrg/kc/buy/cgsh_order_add.html HTTP/1.1" 200 65043
114.86.227.218 - - [11/Dec/2021:09:30:18 +0800] "POST /xingrg/kc/buy/cgsh_order_operate.html HTTP/1.1" 200 8245
114.86.227.218 - - [11/Dec/2021:09:30:18 +0800] "GET /xingrg/all/common/auto_word.html?type=employee&rest_code=00109 HTTP/1.1" 200 255
114.86.227.218 - - [11/Dec/2021:09:30:18 +0800] "GET /xingrg/all/common/auto_word.html?type=employee&rest_code=00109 HTTP/1.1" 200 255
114.86.227.218 - - [11/Dec/2021:09:30:18 +0800] "GET /xingrg/javascript/easyui/themes/default/validatebox.css HTTP/1.1" 404 1104
116.238.248.233 - - [11/Dec/2021:09:30:21 +0800] "GET /xingrg/all/function/internal_message.html?_=1639186217940&CODE_STATE=getMsg HTTP/1.1" 200 27
116.238.248.233 - - [11/Dec/2021:09:30:21 +0800] "GET /xingrg/check_reg.html?_=1639186217950 HTTP/1.1" 200 22
116.227.210.113 - - [11/Dec/2021:09:30:23 +0800] "GET /xingrg/kc/buy/cgsh_order_operate.html?command=get_materiel&rest_code=00155&code=00101008223&supplier_code=00100005&order_time=2021-12-11 HTTP/1.1" 200 412
116.227.210.113 - - [11/Dec/2021:09:30:25 +0800] "POST /xingrg/kc/buy/cgsh_order_operate.html HTTP/1.1" 200 2065
124.77.240.52 - - [11/Dec/2021:09:30:26 +0800] "GET /xingrg/all/function/internal_message.html?_=1639186241961&CODE_STATE=getMsg HTTP/1.1" 200 27
222.70.176.97 - - [11/Dec/2021:09:30:27 +0800] "GET /xingrg/kc/buy/cgsh_order_operate.html?command=get_materiel&rest_code=00111&code=00101008354&supplier_code=00100005&order_time=2021-12-11 HTTP/1.1" 200 412
222.70.176.97 - - [11/Dec/2021:09:30:29 +0800] "POST /xingrg/kc/buy/cgsh_order_operate.html HTTP/1.1" 200 2065
58.37.8.98 - - [11/Dec/2021:09:30:30 +0800] "GET /xingrg/kc/buy/cgsh_order_operate.html?command=get_materiel&rest_code=00141&code=00101006109&supplier_code=00100012&order_time=2021-12-11 HTTP/1.1" 200 409
116.227.210.113 - - [11/Dec/2021:09:30:30 +0800] "GET /xingrg/kc/buy/cgsh_order_operate.html?command=get_materiel&rest_code=00155&code=00101008006&supplier_code=00100005&order_time=2021-12-11 HTTP/1.1" 200 416
114.85.125.222 - - [11/Dec/2021:09:30:31 +0800] "GET /xingrg/javascript/jquery_easy_ui/themes/default/images/button_a_bg.gif HTTP/1.1" 200 1194
114.85.125.222 - - [11/Dec/2021:09:30:31 +0800] "GET /xingrg/javascript/jquery_easy_ui/themes/icons/ok.png HTTP/1.1" 200 883
114.85.125.222 - - [11/Dec/2021:09:30:31 +0800] "GET /xingrg/javascript/jquery_easy_ui/themes/default/images/button_span_bg.gif HTTP/1.1" 200 2061
114.85.125.222 - - [11/Dec/2021:09:30:31 +0800] "GET /xingrg/javascript/jquery_easy_ui/themes/default/images/panel_tools.gif HTTP/1.1" 200 737
114.85.125.222 - - [11/Dec/2021:09:30:31 +0800] "GET /xingrg/javascript/jquery_easy_ui/themes/default/images/panel_title.png HTTP/1.1" 200 266
58.37.8.98 - - [11/Dec/2021:09:30:33 +0800] "GET /xingrg/all/function/internal_message.html?_=1639186047273&CODE_STATE=getMsg HTTP/1.1" 200 27
114.85.125.222 - - [11/Dec/2021:09:30:33 +0800] "POST /xingrg/all/user/operate.html HTTP/1.1" 200 36
116.227.210.113 - - [11/Dec/2021:09:30:35 +0800] "GET /xingrg/kc/buy/cgsh_order_operate.html?command=get_materiel&rest_code=00155&code=00101008131&supplier_code=00100005&order_time=2021-12-11 HTTP/1.1" 200 408
58.37.8.98 - - [11/Dec/2021:09:30:36 +0800] "GET /xingrg/all/function/internal_message.html?_=1639186050243&CODE_STATE=getMsg HTTP/1.1" 200 27
114.85.125.222 - - [11/Dec/2021:09:30:36 +0800] "GET /xingrg/javascript/jquery_easy_ui/themes/default/easyui.css HTTP/1.1" 304 -
114.85.125.222 - - [11/Dec/2021:09:30:36 +0800] "GET /xingrg/index.html?sysBaseUrl=http%3A%2F%2F180.169.147.146%3A18081%2Fxingrg%2F&costTime=43×tamp=1639183500468 HTTP/1.1" 200 17177
114.85.125.222 - - [11/Dec/2021:09:30:36 +0800] "GET /xingrg/javascript/jquery_easy_ui/themes/icon.css HTTP/1.1" 304 -
114.85.125.222 - - [11/Dec/2021:09:30:36 +0800] "GET /xingrg/css/form.css HTTP/1.1" 304 -
114.85.125.222 - - [11/Dec/2021:09:30:36 +0800] "GET /xingrg/javascript/jquery-1.4.2.min.js HTTP/1.1" 304 -
114.85.125.222 - - [11/Dec/2021:09:30:36 +0800] "GET /xingrg/javascript/jquery_easy_ui/jquery.easyui.min.js HTTP/1.1" 304 -
114.85.125.222 - - [11/Dec/2021:09:30:36 +0800] "GET /xingrg/javascript/jquery_easy_ui/easyui-lang-zh_CN.js HTTP/1.1" 304 -
114.85.125.222 - - [11/Dec/2021:09:30:36 +0800] "GET /xingrg/javascript/jquery.form.js HTTP/1.1" 304 -
114.85.125.222 - - [11/Dec/2021:09:30:36 +0800] "GET /xingrg/javascript/jquery.utils.js HTTP/1.1" 304 -
114.85.125.222 - - [11/Dec/2021:09:30:36 +0800] "GET /xingrg/javascript/jquery.timers.js HTTP/1.1" 304 -
114.85.125.222 - - [11/Dec/2021:09:30:36 +0800] "GET /xingrg/images/blue/navBackgound.jpg HTTP/1.1" 304 -
114.85.125.222 - - [11/Dec/2021:09:30:36 +0800] "GET /xingrg/javascript/jquery_easy_ui/themes/icons/settle_new.png HTTP/1.1" 304 -
114.85.125.222 - - [11/Dec/2021:09:30:36 +0800] "GET /xingrg/images/blue/jxLogo.png HTTP/1.1" 304 -
114.85.125.222 - - [11/Dec/2021:09:30:36 +0800] "GET /xingrg/images/blue/pingpu.png HTTP/1.1" 304 -
114.85.125.222 - - [11/Dec/2021:09:30:36 +0800] "POST /xingrg/all/common/load_tree.html?tree=area_rest_tree_json&manage=1 HTTP/1.1" 200 476
114.85.125.222 - - [11/Dec/2021:09:30:36 +0800] "GET /xingrg/javascript/jquery_easy_ui/themes/default/images/tabs_leftarrow.png HTTP/1.1" 304 -
114.85.125.222 - - [11/Dec/2021:09:30:36 +0800] "GET /xingrg/javascript/jquery_easy_ui/themes/default/images/tabs_rightarrow.png HTTP/1.1" 304 -
114.85.125.222 - - [11/Dec/2021:09:30:36 +0800] "GET /xingrg/javascript/jquery_easy_ui/themes/default/images/panel_tool_collapse.gif HTTP/1.1" 304 -
114.85.125.222 - - [11/Dec/2021:09:30:36 +0800] "GET /xingrg/all/function/internal_message.html?_=1639186192425&CODE_STATE=count HTTP/1.1" 200 11
114.85.125.222 - - [11/Dec/2021:09:30:36 +0800] "GET /xingrg/check_reg.html?_=1639186192426 HTTP/1.1" 200 22
114.85.125.222 - - [11/Dec/2021:09:30:36 +0800] "POST /xingrg/load_menu.html HTTP/1.1" 200 5138
114.85.125.222 - - [11/Dec/2021:09:30:39 +0800] "GET /xingrg/javascript/jquery_easy_ui/themes/default/images/tabs_active.png HTTP/1.1" 200 2894
222.70.176.97 - - [11/Dec/2021:09:30:40 +0800] "GET /xingrg/kc/buy/cgsh_order_operate.html?command=get_materiel&rest_code=00111&code=00101008246&supplier_code=00100005&order_time=2021-12-11 HTTP/1.1" 200 408
116.227.210.113 - - [11/Dec/2021:09:30:41 +0800] "GET /xingrg/kc/buy/cgsh_order_operate.html?command=get_materiel&rest_code=00155&code=00101008108&supplier_code=00100005&order_time=2021-12-11 HTTP/1.1" 200 412
114.85.125.222 - - [11/Dec/2021:09:30:41 +0800] "GET /xingrg/kc/buy/cgsh_order_list.html HTTP/1.1" 200 49236
58.37.8.98 - - [11/Dec/2021:09:30:42 +0800] "GET /xingrg/kc/buy/cgsh_order_operate.html?command=get_materiel&rest_code=00141&code=00101006055&supplier_code=00100012&order_time=2021-12-11 HTTP/1.1" 200 409
114.85.125.222 - - [11/Dec/2021:09:30:42 +0800] "POST /xingrg/kc/buy/cgsh_list_operate.html HTTP/1.1" 200 876
114.85.125.222 - - [11/Dec/2021:09:30:43 +0800] "GET /xingrg/kc/buy/cgsh_order_add.html HTTP/1.1" 200 64618
114.85.125.222 - - [11/Dec/2021:09:30:43 +0800] "POST /xingrg/kc/buy/cgsh_order_operate.html HTTP/1.1" 200 8245
114.85.125.222 - - [11/Dec/2021:09:30:43 +0800] "GET /xingrg/all/common/auto_word.html?type=employee&rest_code=00151 HTTP/1.1" 200 293
114.85.125.222 - - [11/Dec/2021:09:30:43 +0800] "GET /xingrg/all/common/auto_word.html?type=employee&rest_code=00151 HTTP/1.1" 200 293
114.85.125.222 - - [11/Dec/2021:09:30:43 +0800] "GET /xingrg/javascript/easyui/themes/default/validatebox.css HTTP/1.1" 404 1104
114.85.125.222 - - [11/Dec/2021:09:30:45 +0800] "GET /xingrg/javascript/auto/indicator.gif HTTP/1.1" 404 1066
116.227.210.113 - - [11/Dec/2021:09:30:46 +0800] "GET /xingrg/kc/buy/cgsh_order_operate.html?command=get_materiel&rest_code=00155&code=00101008318&supplier_code=00100005&order_time=2021-12-11 HTTP/1.1" 200 408
116.227.210.113 - - [11/Dec/2021:09:30:51 +0800] "GET /xingrg/kc/buy/cgsh_order_operate.html?command=get_materiel&rest_code=00155&code=00101008353&supplier_code=00100005&order_time=2021-12-11 HTTP/1.1" 200 408
116.227.210.113 - - [11/Dec/2021:09:30:53 +0800] "POST /xingrg/kc/buy/cgsh_order_operate.html HTTP/1.1" 200 2065
114.85.125.222 - - [11/Dec/2021:09:30:54 +0800] "GET /xingrg/kc/buy/cgsh_order_operate.html?command=get_materiel&rest_code=00151&code=00101009078&supplier_code=00100424&order_time=2021-12-11 HTTP/1.1" 200 394
101.83.241.214 - - [11/Dec/2021:09:30:56 +0800] "GET /xingrg/all/function/internal_message.html?_=1639186253316&CODE_STATE=getMsg HTTP/1.1" 200 27
116.227.210.113 - - [11/Dec/2021:09:30:56 +0800] "GET /xingrg/kc/buy/cgsh_order_operate.html?command=get_materiel&rest_code=00155&code=00101008213&supplier_code=00100005&order_time=2021-12-11 HTTP/1.1" 200 412
58.37.8.98 - - [11/Dec/2021:09:30:56 +0800] "GET /xingrg/kc/buy/cgsh_order_operate.html?command=get_materiel&rest_code=00141&code=00101006127&supplier_code=00100012&order_time=2021-12-11 HTTP/1.1" 200 423
116.229.213.191 - - [11/Dec/2021:09:30:57 +0800] "GET /xingrg/all/function/internal_message.html?_=1639186256049&CODE_STATE=getMsg HTTP/1.1" 200 27
61.172.4.160 - - [11/Dec/2021:09:30:59 +0800] "GET /xingrg/check_reg.html?_=1639186193468 HTTP/1.1" 200 22
61.172.4.160 - - [11/Dec/2021:09:30:59 +0800] "GET /xingrg/all/function/internal_message.html?_=1639186193472&CODE_STATE=getMsg HTTP/1.1" 200 27
180.169.147.146 - - [11/Dec/2021:09:31:01 +0800] "GET /xingrg/all/function/internal_message.html?_=1639186262465&CODE_STATE=getMsg HTTP/1.1" 302 -
116.227.210.113 - - [11/Dec/2021:09:31:01 +0800] "GET /xingrg/kc/buy/cgsh_order_operate.html?command=get_materiel&rest_code=00155&code=00101008095&supplier_code=00100005&order_time=2021-12-11 HTTP/1.1" 200 412
222.70.176.97 - - [11/Dec/2021:09:31:03 +0800] "GET /xingrg/all/function/internal_message.html?_=1639186257928&CODE_STATE=getMsg HTTP/1.1" 200 27
