114.86.227.218 - - [11/Dec/2021:10:51:11 +0800] "GET /xingrg/all/function/internal_message.html?_=1639191068785&CODE_STATE=getMsg HTTP/1.1" 200 27
222.70.176.97 - - [11/Dec/2021:10:51:16 +0800] "GET /xingrg/all/function/internal_message.html?_=1639190739586&CODE_STATE=getMsg HTTP/1.1" 302 -
124.77.240.52 - - [11/Dec/2021:10:51:16 +0800] "GET /xingrg/kc/buy/cgsh_order_add.html HTTP/1.1" 200 64967
124.77.240.52 - - [11/Dec/2021:10:51:16 +0800] "POST /xingrg/kc/buy/cgsh_order_operate.html HTTP/1.1" 200 8245
124.77.240.52 - - [11/Dec/2021:10:51:16 +0800] "GET /xingrg/javascript/easyui/themes/default/validatebox.css HTTP/1.1" 404 1104
116.238.208.177 - - [11/Dec/2021:10:51:17 +0800] "GET /xingrg/kc/buy/cgsh_order_operate.html?command=get_materiel&rest_code=00102&code=00101006144&supplier_code=00100096&order_time=2021-12-11 HTTP/1.1" 200 411
124.77.240.52 - - [11/Dec/2021:10:51:19 +0800] "GET /xingrg/check_reg.html?_=1639191098750 HTTP/1.1" 200 22
124.77.240.52 - - [11/Dec/2021:10:51:19 +0800] "GET /xingrg/kc/buy/cgsh_order_list.html HTTP/1.1" 200 49238
222.70.176.97 - - [11/Dec/2021:10:51:19 +0800] "GET /xingrg/kc/buy/cgsh_order_operate.html?command=get_materiel&rest_code=00111&code=00101003031&supplier_code=00100042&order_time=2021-12-11 HTTP/1.1" 200 427
124.77.240.52 - - [11/Dec/2021:10:51:20 +0800] "GET /xingrg/all/function/internal_message.html?_=1639191099098&CODE_STATE=getMsg HTTP/1.1" 200 27
116.238.248.233 - - [11/Dec/2021:10:51:21 +0800] "GET /xingrg/all/function/internal_message.html?_=1639191078340&CODE_STATE=getMsg HTTP/1.1" 200 27
124.77.240.52 - - [11/Dec/2021:10:51:21 +0800] "POST /xingrg/kc/buy/cgsh_list_operate.html HTTP/1.1" 200 1690
116.238.208.177 - - [11/Dec/2021:10:51:23 +0800] "GET /xingrg/all/function/internal_message.html?_=1639191081606&CODE_STATE=getMsg HTTP/1.1" 200 27
124.78.153.86 - - [11/Dec/2021:10:51:24 +0800] "GET /xingrg/kc/buy/cgsh_order_operate.html?command=get_materiel&rest_code=00106&code=00101001111&supplier_code=00100032&order_time=2021-12-11 HTTP/1.1" 200 409
124.77.240.52 - - [11/Dec/2021:10:51:24 +0800] "POST /xingrg/kc/buy/cgsh_list_operate.html HTTP/1.1" 200 566
124.77.240.52 - - [11/Dec/2021:10:51:25 +0800] "GET /xingrg/kc/buy/cgsh_order_info.html?code=212021121104334 HTTP/1.1" 200 64976
124.77.240.52 - - [11/Dec/2021:10:51:25 +0800] "GET /xingrg/javascript/easyui/themes/default/validatebox.css HTTP/1.1" 404 1104
116.227.210.113 - - [11/Dec/2021:10:51:26 +0800] "GET /xingrg/all/function/internal_message.html?_=1639191081102&CODE_STATE=getMsg HTTP/1.1" 200 27
124.77.240.52 - - [11/Dec/2021:10:51:26 +0800] "POST /xingrg/kc/buy/cgsh_order_operate.html HTTP/1.1" 200 22771
124.77.240.52 - - [11/Dec/2021:10:51:27 +0800] "GET /xingrg/all/function/internal_message.html?_=1639191103061&CODE_STATE=getMsg HTTP/1.1" 302 -
120.253.135.82 - - [11/Dec/2021:10:51:28 +0800] "GET /xingrg/check_reg.html?_=1639190863864 HTTP/1.1" 200 22
114.85.125.222 - - [11/Dec/2021:10:51:31 +0800] "GET /xingrg/all/function/internal_message.html?_=1639191046822&CODE_STATE=getMsg HTTP/1.1" 200 27
61.172.28.229 - - [11/Dec/2021:10:51:31 +0800] "GET /xingrg/kc/buy/cgsh_order_operate.html?command=get_materiel&rest_code=00105&code=00101008270&supplier_code=00100203&order_time=2021-12-11 HTTP/1.1" 200 412
116.238.208.177 - - [11/Dec/2021:10:51:32 +0800] "GET /xingrg/kc/buy/cgsh_order_operate.html?command=get_materiel&rest_code=00102&code=00101006161&supplier_code=00100096&order_time=2021-12-11 HTTP/1.1" 200 411
58.37.8.98 - - [11/Dec/2021:10:51:32 +0800] "GET /xingrg/all/function/internal_message.html?_=1639190906865&CODE_STATE=getMsg HTTP/1.1" 200 27
124.78.153.86 - - [11/Dec/2021:10:51:36 +0800] "GET /xingrg/check_reg.html?_=1639191099605 HTTP/1.1" 200 22
124.78.153.86 - - [11/Dec/2021:10:51:36 +0800] "GET /xingrg/all/function/internal_message.html?_=1639191099982&CODE_STATE=getMsg HTTP/1.1" 200 27
124.78.153.86 - - [11/Dec/2021:10:51:37 +0800] "GET /xingrg/kc/buy/cgsh_order_operate.html?command=get_materiel&rest_code=00106&code=00101012053&supplier_code=00100032&order_time=2021-12-11 HTTP/1.1" 200 412
124.77.240.52 - - [11/Dec/2021:10:51:40 +0800] "GET /xingrg/kc/buy/cgsh_order_operate.html?command=get_materiel&rest_code=00146&code=00101008091&supplier_code=00100005&order_time=2021-12-11 HTTP/1.1" 200 413
124.78.153.86 - - [11/Dec/2021:10:51:47 +0800] "GET /xingrg/kc/buy/cgsh_order_operate.html?command=get_materiel&rest_code=00106&code=00101016105&supplier_code=00100032&order_time=2021-12-11 HTTP/1.1" 200 411
120.253.135.82 - - [11/Dec/2021:10:51:49 +0800] "GET /xingrg/all/function/internal_message.html?_=1639190884922&CODE_STATE=getMsg HTTP/1.1" 200 27
116.238.208.177 - - [11/Dec/2021:10:51:52 +0800] "GET /xingrg/kc/buy/cgsh_order_operate.html?command=get_materiel&rest_code=00102&code=00101007061&supplier_code=00100096&order_time=2021-12-11 HTTP/1.1" 200 409
61.172.28.229 - - [11/Dec/2021:10:51:52 +0800] "GET /xingrg/all/function/internal_message.html?_=1639191046821&CODE_STATE=getMsg HTTP/1.1" 200 27
58.37.8.98 - - [11/Dec/2021:10:51:54 +0800] "GET /xingrg/kc/buy/cgsh_order_add.html HTTP/1.1" 200 65008
58.37.8.98 - - [11/Dec/2021:10:51:55 +0800] "POST /xingrg/kc/buy/cgsh_order_operate.html HTTP/1.1" 200 8245
58.37.8.98 - - [11/Dec/2021:10:51:55 +0800] "GET /xingrg/javascript/easyui/themes/default/validatebox.css HTTP/1.1" 404 1104
101.83.241.214 - - [11/Dec/2021:10:51:56 +0800] "GET /xingrg/all/function/internal_message.html?_=1639191113397&CODE_STATE=getMsg HTTP/1.1" 200 27
180.169.147.146 - - [11/Dec/2021:10:51:57 +0800] "GET /xingrg/all/function/internal_message.html?_=1639191112939&CODE_STATE=getMsg HTTP/1.1" 200 27
180.169.147.146 - - [11/Dec/2021:10:51:59 +0800] "GET /xingrg/all/function/internal_message.html?_=1639191120564&CODE_STATE=getMsg HTTP/1.1" 302 -
58.37.8.98 - - [11/Dec/2021:10:52:01 +0800] "GET /xingrg/javascript/jquery_tools/images/next.gif HTTP/1.1" 404 1086
58.37.8.98 - - [11/Dec/2021:10:52:01 +0800] "GET /xingrg/javascript/jquery_tools/images/prev.gif HTTP/1.1" 404 1086
222.70.176.97 - - [11/Dec/2021:10:52:07 +0800] "POST /xingrg/kc/buy/cgsh_order_operate.html HTTP/1.1" 200 37
124.77.240.52 - - [11/Dec/2021:10:52:07 +0800] "GET /xingrg/kc/buy/cgsh_order_operate.html?command=get_materiel&rest_code=00146&code=00101008257&supplier_code=00100005&order_time=2021-12-11 HTTP/1.1" 200 416
58.37.151.13 - - [11/Dec/2021:10:52:07 +0800] "POST /xingrg/supplier/cgsh_list_operate.html HTTP/1.1" 200 5600
61.172.28.229 - - [11/Dec/2021:10:52:07 +0800] "GET /xingrg/kc/buy/cgsh_order_operate.html?command=get_materiel&rest_code=00105&code=00101008197&supplier_code=00100203&order_time=2021-12-11 HTTP/1.1" 200 416
124.78.153.86 - - [11/Dec/2021:10:52:10 +0800] "POST /xingrg/kc/buy/cgsh_order_operate.html HTTP/1.1" 200 37
116.238.208.177 - - [11/Dec/2021:10:52:10 +0800] "GET /xingrg/kc/buy/cgsh_order_operate.html?command=get_materiel&rest_code=00102&code=00101006055&supplier_code=00100096&order_time=2021-12-11 HTTP/1.1" 200 409
114.86.227.218 - - [11/Dec/2021:10:52:11 +0800] "GET /xingrg/all/function/internal_message.html?_=1639191128787&CODE_STATE=getMsg HTTP/1.1" 200 27
114.86.227.218 - - [11/Dec/2021:10:52:11 +0800] "GET /xingrg/check_reg.html?_=1639191128789 HTTP/1.1" 200 22
58.37.8.98 - - [11/Dec/2021:10:52:12 +0800] "GET /xingrg/kc/buy/cgsh_order_operate.html?command=get_materiel&rest_code=00141&code=00101008302&supplier_code=00100007&order_time=2021-12-11 HTTP/1.1" 200 412
124.78.153.86 - - [11/Dec/2021:10:52:13 +0800] "POST /xingrg/kc/buy/cgsh_order_operate.html HTTP/1.1" 200 12
124.78.153.86 - - [11/Dec/2021:10:52:14 +0800] "GET /xingrg/kc/buy/cgsh_order_info.html?code=212021121104337 HTTP/1.1" 200 59921
124.78.153.86 - - [11/Dec/2021:10:52:15 +0800] "GET /xingrg/javascript/easyui/themes/default/validatebox.css HTTP/1.1" 404 1104
124.78.153.86 - - [11/Dec/2021:10:52:15 +0800] "POST /xingrg/kc/buy/cgsh_order_operate.html HTTP/1.1" 200 6504
222.70.176.97 - - [11/Dec/2021:10:52:16 +0800] "GET /xingrg/all/function/internal_message.html?_=1639190799586&CODE_STATE=getMsg HTTP/1.1" 302 -
124.78.153.86 - - [11/Dec/2021:10:52:17 +0800] "GET /xingrg/kc/print/load_data.html?order_code=212021121104337&kc_code=cgsh&condition= HTTP/1.1" 200 2955
124.77.240.52 - - [11/Dec/2021:10:52:19 +0800] "GET /xingrg/kc/buy/cgsh_order_operate.html?command=get_materiel&rest_code=00146&code=00101008156&supplier_code=00100005&order_time=2021-12-11 HTTP/1.1" 200 414
124.77.240.52 - - [11/Dec/2021:10:52:20 +0800] "GET /xingrg/all/function/internal_message.html?_=1639191159111&CODE_STATE=getMsg HTTP/1.1" 200 27
124.78.153.86 - - [11/Dec/2021:10:52:21 +0800] "GET /xingrg/kc/print/load_data.html?order_code=212021121104337&kc_code=cgsh HTTP/1.1" 200 2955
58.37.8.98 - - [11/Dec/2021:10:52:21 +0800] "GET /xingrg/kc/buy/cgsh_order_operate.html?command=get_materiel&rest_code=00141&code=00101008027&supplier_code=00100007&order_time=2021-12-11 HTTP/1.1" 200 408
116.238.248.233 - - [11/Dec/2021:10:52:21 +0800] "GET /xingrg/all/function/internal_message.html?_=1639191138338&CODE_STATE=getMsg HTTP/1.1" 200 27
116.238.208.177 - - [11/Dec/2021:10:52:23 +0800] "GET /xingrg/all/function/internal_message.html?_=1639191141609&CODE_STATE=getMsg HTTP/1.1" 200 27
61.172.28.229 - - [11/Dec/2021:10:52:24 +0800] "GET /xingrg/kc/buy/cgsh_order_operate.html?command=get_materiel&rest_code=00105&code=00101008230&supplier_code=00100203&order_time=2021-12-11 HTTP/1.1" 200 408
116.238.208.177 - - [11/Dec/2021:10:52:25 +0800] "GET /xingrg/kc/buy/cgsh_order_operate.html?command=get_materiel&rest_code=00102&code=00101006065&supplier_code=00100096&order_time=2021-12-11 HTTP/1.1" 200 409
116.227.210.113 - - [11/Dec/2021:10:52:26 +0800] "GET /xingrg/all/function/internal_message.html?_=1639191141114&CODE_STATE=getMsg HTTP/1.1" 200 27
124.77.240.52 - - [11/Dec/2021:10:52:27 +0800] "GET /xingrg/all/function/internal_message.html?_=1639191163077&CODE_STATE=getMsg HTTP/1.1" 302 -
58.37.8.98 - - [11/Dec/2021:10:52:30 +0800] "GET /xingrg/kc/buy/cgsh_order_operate.html?command=get_materiel&rest_code=00141&code=00101008350&supplier_code=00100007&order_time=2021-12-11 HTTP/1.1" 200 408
114.85.125.222 - - [11/Dec/2021:10:52:31 +0800] "GET /xingrg/check_reg.html?_=1639191106474 HTTP/1.1" 200 22
114.85.125.222 - - [11/Dec/2021:10:52:31 +0800] "GET /xingrg/all/function/internal_message.html?_=1639191106836&CODE_STATE=getMsg HTTP/1.1" 200 27
222.70.176.97 - - [11/Dec/2021:10:52:32 +0800] "POST /xingrg/kc/buy/cgsh_order_operate.html HTTP/1.1" 200 6239
58.37.8.98 - - [11/Dec/2021:10:52:32 +0800] "GET /xingrg/all/function/internal_message.html?_=1639190966890&CODE_STATE=getMsg HTTP/1.1" 200 27
58.37.8.98 - - [11/Dec/2021:10:52:32 +0800] "GET /xingrg/check_reg.html?_=1639190966888 HTTP/1.1" 200 22
124.77.240.52 - - [11/Dec/2021:10:52:33 +0800] "GET /xingrg/kc/buy/cgsh_order_operate.html?command=get_materiel&rest_code=00146&code=00101008149&supplier_code=00100005&order_time=2021-12-11 HTTP/1.1" 200 408
124.78.153.86 - - [11/Dec/2021:10:52:36 +0800] "GET /xingrg/all/function/internal_message.html?_=1639191159968&CODE_STATE=getMsg HTTP/1.1" 200 27
58.37.8.98 - - [11/Dec/2021:10:52:38 +0800] "GET /xingrg/kc/buy/cgsh_order_operate.html?command=get_materiel&rest_code=00141&code=00101008112&supplier_code=00100007&order_time=2021-12-11 HTTP/1.1" 200 412
124.77.240.52 - - [11/Dec/2021:10:52:40 +0800] "POST /xingrg/kc/buy/cgsh_order_operate.html HTTP/1.1" 200 2065
58.37.151.13 - - [11/Dec/2021:10:52:40 +0800] "POST /xingrg/supplier/cgsh_list_operate.html HTTP/1.1" 200 2790
58.37.151.13 - - [11/Dec/2021:10:52:43 +0800] "POST /xingrg/supplier/cgsh_list_operate.html HTTP/1.1" 200 582
101.91.60.11 - - [11/Dec/2021:10:52:45 +0800] "GET /xingrg/all/function/internal_message.html?_=1639189085324&CODE_STATE=getMsg HTTP/1.1" 302 -
101.91.60.11 - - [11/Dec/2021:10:52:45 +0800] "GET /xingrg/login.html HTTP/1.1" 200 7641
58.37.8.98 - - [11/Dec/2021:10:52:48 +0800] "GET /xingrg/kc/buy/cgsh_order_operate.html?command=get_materiel&rest_code=00141&code=00101008612&supplier_code=00100007&order_time=2021-12-11 HTTP/1.1" 200 406
120.253.135.82 - - [11/Dec/2021:10:52:49 +0800] "GET /xingrg/all/function/internal_message.html?_=1639190944935&CODE_STATE=getMsg HTTP/1.1" 200 27
124.77.240.52 - - [11/Dec/2021:10:52:50 +0800] "GET /xingrg/kc/buy/cgsh_order_operate.html?command=get_materiel&rest_code=00146&code=00101008403&supplier_code=00100005&order_time=2021-12-11 HTTP/1.1" 200 412
61.172.28.229 - - [11/Dec/2021:10:52:52 +0800] "GET /xingrg/all/function/internal_message.html?_=1639191106816&CODE_STATE=getMsg HTTP/1.1" 200 27
61.172.28.229 - - [11/Dec/2021:10:52:52 +0800] "GET /xingrg/check_reg.html?_=1639191106819 HTTP/1.1" 200 22
58.37.151.13 - - [11/Dec/2021:10:52:54 +0800] "POST /xingrg/supplier/cgsh_list_operate.html HTTP/1.1" 200 5600
101.83.241.214 - - [11/Dec/2021:10:52:56 +0800] "GET /xingrg/all/function/internal_message.html?_=1639191173382&CODE_STATE=getMsg HTTP/1.1" 200 27
101.83.241.214 - - [11/Dec/2021:10:52:56 +0800] "GET /xingrg/check_reg.html?_=1639191173622 HTTP/1.1" 200 22
180.169.147.146 - - [11/Dec/2021:10:52:57 +0800] "GET /xingrg/all/function/internal_message.html?_=1639191172925&CODE_STATE=getMsg HTTP/1.1" 200 27
58.37.8.98 - - [11/Dec/2021:10:52:59 +0800] "GET /xingrg/kc/buy/cgsh_order_operate.html?command=get_materiel&rest_code=00141&code=00101008096&supplier_code=00100007&order_time=2021-12-11 HTTP/1.1" 200 412
180.169.147.146 - - [11/Dec/2021:10:52:59 +0800] "GET /xingrg/all/function/internal_message.html?_=1639191180549&CODE_STATE=getMsg HTTP/1.1" 302 -
114.86.227.218 - - [11/Dec/2021:10:53:00 +0800] "POST /xingrg/kc/buy/cgsh_order_operate.html HTTP/1.1" 200 37
61.172.28.229 - - [11/Dec/2021:10:53:01 +0800] "GET /xingrg/kc/buy/cgsh_order_operate.html?command=get_materiel&rest_code=00105&code=00101008069&supplier_code=00100203&order_time=2021-12-11 HTTP/1.1" 200 412
222.70.176.97 - - [11/Dec/2021:10:53:01 +0800] "POST /xingrg/kc/buy/cgsh_order_operate.html HTTP/1.1" 200 37
116.238.208.177 - - [11/Dec/2021:10:53:04 +0800] "GET /xingrg/kc/buy/cgsh_order_operate.html?command=get_materiel&rest_code=00102&code=00101006259&supplier_code=00100096&order_time=2021-12-11 HTTP/1.1" 200 397
114.86.227.218 - - [11/Dec/2021:10:53:05 +0800] "POST /xingrg/kc/buy/cgsh_order_operate.html HTTP/1.1" 200 48245
58.37.151.13 - - [11/Dec/2021:10:53:06 +0800] "POST /xingrg/supplier/cgsh_list_operate.html HTTP/1.1" 200 205
58.37.8.98 - - [11/Dec/2021:10:53:07 +0800] "GET /xingrg/kc/buy/cgsh_order_operate.html?command=get_materiel&rest_code=00141&code=00101008370&supplier_code=00100007&order_time=2021-12-11 HTTP/1.1" 200 412
114.86.227.218 - - [11/Dec/2021:10:53:08 +0800] "GET /xingrg/kc/buy/buy_main.html HTTP/1.1" 200 12412
114.86.227.218 - - [11/Dec/2021:10:53:08 +0800] "GET /xingrg/css/new_ie.css HTTP/1.1" 404 1036
114.86.227.218 - - [11/Dec/2021:10:53:09 +0800] "GET /xingrg/kc/buy/cgsh_order_list.html HTTP/1.1" 200 49232
58.37.151.13 - - [11/Dec/2021:10:53:11 +0800] "GET /xingrg/supplier/cgsh_order_info.html?code=212021120501828 HTTP/1.1" 200 8562
58.37.151.13 - - [11/Dec/2021:10:53:11 +0800] "GET /xingrg/words/20211210161610_words.js HTTP/1.1" 200 878257
114.86.227.218 - - [11/Dec/2021:10:53:11 +0800] "GET /xingrg/all/function/internal_message.html?_=1639191188791&CODE_STATE=getMsg HTTP/1.1" 200 27
114.86.227.218 - - [11/Dec/2021:10:53:11 +0800] "POST /xingrg/kc/buy/cgsh_list_operate.html HTTP/1.1" 200 3794
58.37.151.13 - - [11/Dec/2021:10:53:11 +0800] "GET /xingrg/javascript/easyui/themes/default/validatebox.css HTTP/1.1" 404 1104
58.37.151.13 - - [11/Dec/2021:10:53:12 +0800] "POST /xingrg/kc/buy/cgsh_order_operate.html HTTP/1.1" 200 612
222.70.176.97 - - [11/Dec/2021:10:53:16 +0800] "GET /xingrg/all/function/internal_message.html?_=1639190859586&CODE_STATE=getMsg HTTP/1.1" 302 -
222.70.176.97 - - [11/Dec/2021:10:53:16 +0800] "GET /xingrg/check_reg.html?_=1639190859587 HTTP/1.1" 302 -
124.77.240.52 - - [11/Dec/2021:10:53:20 +0800] "GET /xingrg/all/function/internal_message.html?_=1639191219125&CODE_STATE=getMsg HTTP/1.1" 200 27
114.86.227.218 - - [11/Dec/2021:10:53:20 +0800] "POST /xingrg/kc/buy/cgsh_list_operate.html HTTP/1.1" 200 494
114.86.227.218 - - [11/Dec/2021:10:53:20 +0800] "GET /xingrg/kc/buy/cgsh_order_info.html?code=212021121104297 HTTP/1.1" 200 65052
114.86.227.218 - - [11/Dec/2021:10:53:20 +0800] "GET /xingrg/words/20211210161610_words.js HTTP/1.1" 304 -
114.86.227.218 - - [11/Dec/2021:10:53:21 +0800] "GET /xingrg/all/common/auto_word.html?type=employee&rest_code=00109 HTTP/1.1" 200 255
114.86.227.218 - - [11/Dec/2021:10:53:21 +0800] "GET /xingrg/javascript/easyui/themes/default/validatebox.css HTTP/1.1" 404 1104
114.86.227.218 - - [11/Dec/2021:10:53:21 +0800] "GET /xingrg/all/common/auto_word.html?type=employee&rest_code=00109 HTTP/1.1" 200 255
114.86.227.218 - - [11/Dec/2021:10:53:21 +0800] "POST /xingrg/kc/buy/cgsh_order_operate.html HTTP/1.1" 200 5027
116.238.248.233 - - [11/Dec/2021:10:53:21 +0800] "GET /xingrg/all/function/internal_message.html?_=1639191198337&CODE_STATE=getMsg HTTP/1.1" 200 27
116.238.208.177 - - [11/Dec/2021:10:53:23 +0800] "GET /xingrg/all/function/internal_message.html?_=1639191201623&CODE_STATE=getMsg HTTP/1.1" 200 27
116.227.210.113 - - [11/Dec/2021:10:53:26 +0800] "GET /xingrg/all/function/internal_message.html?_=1639191201113&CODE_STATE=getMsg HTTP/1.1" 200 27
61.172.28.229 - - [11/Dec/2021:10:53:26 +0800] "GET /xingrg/kc/buy/cgsh_order_operate.html?command=get_materiel&rest_code=00105&code=00101008036&supplier_code=00100203&order_time=2021-12-11 HTTP/1.1" 200 408
124.77.240.52 - - [11/Dec/2021:10:53:27 +0800] "GET /xingrg/all/function/internal_message.html?_=1639191223088&CODE_STATE=getMsg HTTP/1.1" 302 -
114.86.227.218 - - [11/Dec/2021:10:53:29 +0800] "POST /xingrg/kc/buy/cgsh_order_operate.html HTTP/1.1" 200 37
222.70.176.97 - - [11/Dec/2021:10:53:29 +0800] "POST /xingrg/kc/buy/cgsh_order_operate.html HTTP/1.1" 200 6239
58.37.8.98 - - [11/Dec/2021:10:53:30 +0800] "GET /xingrg/kc/buy/cgsh_order_operate.html?command=get_materiel&rest_code=00141&code=00101008361&supplier_code=00100007&order_time=2021-12-11 HTTP/1.1" 200 408
114.85.125.222 - - [11/Dec/2021:10:53:31 +0800] "GET /xingrg/all/function/internal_message.html?_=1639191166849&CODE_STATE=getMsg HTTP/1.1" 200 27
114.86.227.218 - - [11/Dec/2021:10:53:31 +0800] "POST /xingrg/kc/buy/cgsh_order_operate.html HTTP/1.1" 200 5024
58.37.8.98 - - [11/Dec/2021:10:53:32 +0800] "GET /xingrg/all/function/internal_message.html?_=1639191026892&CODE_STATE=getMsg HTTP/1.1" 200 27
222.70.176.97 - - [11/Dec/2021:10:53:34 +0800] "GET /xingrg/kc/print/load_data.html?order_code=212021121104336&kc_code=cgsh&condition= HTTP/1.1" 200 2081
114.86.227.218 - - [11/Dec/2021:10:53:35 +0800] "POST /xingrg/kc/buy/cgsh_order_operate.html HTTP/1.1" 200 37
124.78.153.86 - - [11/Dec/2021:10:53:36 +0800] "GET /xingrg/all/function/internal_message.html?_=1639191219950&CODE_STATE=getMsg HTTP/1.1" 200 27
116.238.208.177 - - [11/Dec/2021:10:53:37 +0800] "GET /xingrg/kc/buy/cgsh_order_operate.html?command=get_materiel&rest_code=00102&code=00101007125&supplier_code=00100096&order_time=2021-12-11 HTTP/1.1" 200 408
114.86.227.218 - - [11/Dec/2021:10:53:37 +0800] "POST /xingrg/kc/buy/cgsh_order_operate.html HTTP/1.1" 200 5024
58.37.8.98 - - [11/Dec/2021:10:53:38 +0800] "GET /xingrg/kc/buy/cgsh_order_operate.html?command=get_materiel&rest_code=00141&code=00101008242&supplier_code=00100007&order_time=2021-12-11 HTTP/1.1" 200 408
58.37.151.13 - - [11/Dec/2021:10:53:42 +0800] "GET /xingrg/logout.do HTTP/1.1" 302 -
58.37.151.13 - - [11/Dec/2021:10:53:42 +0800] "GET /xingrg/login_supplier.html?sysBaseUrl=http%3A%2F%2F180.169.147.146%3A18081%2Fxingrg%2F&costTime=0×tamp=1639191222036 HTTP/1.1" 200 3208
58.37.151.13 - - [11/Dec/2021:10:53:42 +0800] "GET /favicon.ico HTTP/1.1" 404 -
61.172.28.229 - - [11/Dec/2021:10:53:46 +0800] "GET /xingrg/kc/buy/cgsh_order_operate.html?command=get_materiel&rest_code=00105&code=00101008286&supplier_code=00100203&order_time=2021-12-11 HTTP/1.1" 200 408
58.37.8.98 - - [11/Dec/2021:10:53:47 +0800] "GET /xingrg/kc/buy/cgsh_order_operate.html?command=get_materiel&rest_code=00141&code=00101008300&supplier_code=00100007&order_time=2021-12-11 HTTP/1.1" 200 412
120.253.135.82 - - [11/Dec/2021:10:53:49 +0800] "GET /xingrg/all/function/internal_message.html?_=1639191005019&CODE_STATE=getMsg HTTP/1.1" 200 27
58.37.151.13 - - [11/Dec/2021:10:53:50 +0800] "POST /xingrg/login_supplier.html HTTP/1.1" 302 -
58.37.151.13 - - [11/Dec/2021:10:53:50 +0800] "GET /xingrg/supplier_index.html?sysBaseUrl=http%3A%2F%2F180.169.147.146%3A18081%2Fxingrg%2F&costTime=11×tamp=1639191230149 HTTP/1.1" 200 9061
58.37.151.13 - - [11/Dec/2021:10:53:50 +0800] "GET /favicon.ico HTTP/1.1" 404 -
58.37.151.13 - - [11/Dec/2021:10:53:51 +0800] "GET /xingrg/supplier/cgsh_order_list.html HTTP/1.1" 200 10896
61.172.28.229 - - [11/Dec/2021:10:53:52 +0800] "GET /xingrg/all/function/internal_message.html?_=1639191166819&CODE_STATE=getMsg HTTP/1.1" 200 27
58.37.151.13 - - [11/Dec/2021:10:53:53 +0800] "POST /xingrg/supplier/cgsh_list_operate.html HTTP/1.1" 200 6000
58.37.151.13 - - [11/Dec/2021:10:53:56 +0800] "GET /xingrg/javascript/jquery_tools/images/prev.gif HTTP/1.1" 404 1086
58.37.151.13 - - [11/Dec/2021:10:53:56 +0800] "GET /xingrg/javascript/jquery_tools/images/next.gif HTTP/1.1" 404 1086
101.83.241.214 - - [11/Dec/2021:10:53:56 +0800] "GET /xingrg/all/function/internal_message.html?_=1639191233356&CODE_STATE=getMsg HTTP/1.1" 200 27
58.37.8.98 - - [11/Dec/2021:10:53:56 +0800] "GET /xingrg/kc/buy/cgsh_order_operate.html?command=get_materiel&rest_code=00141&code=00101008251&supplier_code=00100007&order_time=2021-12-11 HTTP/1.1" 200 408
180.169.147.146 - - [11/Dec/2021:10:53:57 +0800] "GET /xingrg/all/function/internal_message.html?_=1639191232910&CODE_STATE=getMsg HTTP/1.1" 200 27
180.169.147.146 - - [11/Dec/2021:10:53:59 +0800] "GET /xingrg/all/function/internal_message.html?_=1639191240535&CODE_STATE=getMsg HTTP/1.1" 302 -
116.238.208.177 - - [11/Dec/2021:10:54:00 +0800] "GET /xingrg/kc/buy/cgsh_order_operate.html?command=get_materiel&rest_code=00102&code=00101012026&supplier_code=00100096&order_time=2021-12-11 HTTP/1.1" 200 408
58.37.151.13 - - [11/Dec/2021:10:54:02 +0800] "POST /xingrg/supplier/cgsh_list_operate.html HTTP/1.1" 200 1774
222.70.176.97 - - [11/Dec/2021:10:54:03 +0800] "GET /xingrg/all/function/internal_message.html?_=1639191238005&CODE_STATE=getMsg HTTP/1.1" 200 27
61.172.28.229 - - [11/Dec/2021:10:54:04 +0800] "GET /xingrg/kc/buy/cgsh_order_operate.html?command=get_materiel&rest_code=00105&code=00101008131&supplier_code=00100203&order_time=2021-12-11 HTTP/1.1" 200 408
58.37.151.13 - - [11/Dec/2021:10:54:04 +0800] "POST /xingrg/supplier/cgsh_list_operate.html HTTP/1.1" 200 216
114.86.227.218 - - [11/Dec/2021:10:54:11 +0800] "GET /xingrg/all/function/internal_message.html?_=1639191248793&CODE_STATE=getMsg HTTP/1.1" 200 27
61.172.28.229 - - [11/Dec/2021:10:54:14 +0800] "POST /xingrg/kc/buy/cgsh_order_operate.html HTTP/1.1" 200 2065
58.37.151.13 - - [11/Dec/2021:10:54:15 +0800] "POST /xingrg/supplier/cgsh_list_operate.html HTTP/1.1" 200 2167
222.70.176.97 - - [11/Dec/2021:10:54:16 +0800] "GET /xingrg/all/function/internal_message.html?_=1639190919586&CODE_STATE=getMsg HTTP/1.1" 302 -
114.86.227.218 - - [11/Dec/2021:10:54:17 +0800] "POST /xingrg/services/DataTransmitService HTTP/1.1" 200 524
124.77.240.52 - - [11/Dec/2021:10:54:20 +0800] "GET /xingrg/all/function/internal_message.html?_=1639191279241&CODE_STATE=getMsg HTTP/1.1" 200 27
116.238.208.177 - - [11/Dec/2021:10:54:21 +0800] "GET /xingrg/kc/buy/cgsh_order_operate.html?command=get_materiel&rest_code=00102&code=00101007077&supplier_code=00100096&order_time=2021-12-11 HTTP/1.1" 200 415
116.238.248.233 - - [11/Dec/2021:10:54:21 +0800] "GET /xingrg/all/function/internal_message.html?_=1639191258350&CODE_STATE=getMsg HTTP/1.1" 200 27
180.169.147.146 - - [11/Dec/2021:10:54:22 +0800] "GET /xingrg/check_reg.html?_=1639191258098 HTTP/1.1" 200 22
116.238.208.177 - - [11/Dec/2021:10:54:23 +0800] "GET /xingrg/all/function/internal_message.html?_=1639191261636&CODE_STATE=getMsg HTTP/1.1" 200 27
58.37.8.98 - - [11/Dec/2021:10:54:24 +0800] "GET /xingrg/kc/buy/cgsh_order_operate.html?command=get_materiel&rest_code=00141&code=00101008108&supplier_code=00100007&order_time=2021-12-11 HTTP/1.1" 200 412
58.37.151.13 - - [11/Dec/2021:10:54:24 +0800] "POST /xingrg/supplier/cgsh_list_operate.html HTTP/1.1" 200 2955
124.77.240.52 - - [11/Dec/2021:10:54:25 +0800] "GET /xingrg/check_reg.html?_=1639191281916 HTTP/1.1" 302 -
116.227.210.113 - - [11/Dec/2021:10:54:26 +0800] "GET /xingrg/all/function/internal_message.html?_=1639191261105&CODE_STATE=getMsg HTTP/1.1" 200 27
116.227.210.113 - - [11/Dec/2021:10:54:26 +0800] "GET /xingrg/check_reg.html?_=1639191261107 HTTP/1.1" 200 22
61.172.28.229 - - [11/Dec/2021:10:54:26 +0800] "GET /xingrg/kc/buy/cgsh_order_operate.html?command=get_materiel&rest_code=00105&code=00101008352&supplier_code=00100203&order_time=2021-12-11 HTTP/1.1" 200 412
124.77.240.52 - - [11/Dec/2021:10:54:27 +0800] "GET /xingrg/all/function/internal_message.html?_=1639191283102&CODE_STATE=getMsg HTTP/1.1" 302 -
114.85.125.222 - - [11/Dec/2021:10:54:31 +0800] "GET /xingrg/all/function/internal_message.html?_=1639191226863&CODE_STATE=getMsg HTTP/1.1" 200 27
58.37.8.98 - - [11/Dec/2021:10:54:33 +0800] "GET /xingrg/all/function/internal_message.html?_=1639191086967&CODE_STATE=getMsg HTTP/1.1" 200 27
124.78.153.86 - - [11/Dec/2021:10:54:36 +0800] "GET /xingrg/all/function/internal_message.html?_=1639191279922&CODE_STATE=getMsg HTTP/1.1" 200 27
58.37.8.98 - - [11/Dec/2021:10:54:40 +0800] "GET /xingrg/kc/buy/cgsh_order_operate.html?command=get_materiel&rest_code=00141&code=00101008403&supplier_code=00100007&order_time=2021-12-11 HTTP/1.1" 200 412
101.91.62.89 - - [11/Dec/2021:10:54:41 +0800] "GET /xingrg/kc/buy/cgsh_order_operate.html?command=get_materiel&rest_code=00106&code=00101008224&supplier_code=00100007&order_time=2021-12-11 HTTP/1.1" 302 -
101.91.62.89 - - [11/Dec/2021:10:54:42 +0800] "GET /xingrg/login.html HTTP/1.1" 200 7641
61.172.28.229 - - [11/Dec/2021:10:54:42 +0800] "GET /xingrg/kc/buy/cgsh_order_operate.html?command=get_materiel&rest_code=00105&code=00101008005&supplier_code=00100203&order_time=2021-12-11 HTTP/1.1" 200 412
116.238.208.177 - - [11/Dec/2021:10:54:47 +0800] "GET /xingrg/kc/buy/cgsh_order_operate.html?command=get_materiel&rest_code=00102&code=00101006056&supplier_code=00100096&order_time=2021-12-11 HTTP/1.1" 200 413
120.253.135.82 - - [11/Dec/2021:10:54:49 +0800] "GET /xingrg/all/function/internal_message.html?_=1639191065025&CODE_STATE=getMsg HTTP/1.1" 200 27
61.172.28.229 - - [11/Dec/2021:10:54:52 +0800] "GET /xingrg/all/function/internal_message.html?_=1639191226816&CODE_STATE=getMsg HTTP/1.1" 200 27
101.83.241.214 - - [11/Dec/2021:10:54:56 +0800] "GET /xingrg/all/function/internal_message.html?_=1639191293325&CODE_STATE=getMsg HTTP/1.1" 200 27
180.169.147.146 - - [11/Dec/2021:10:54:57 +0800] "GET /xingrg/all/function/internal_message.html?_=1639191292889&CODE_STATE=getMsg HTTP/1.1" 200 27
61.172.28.229 - - [11/Dec/2021:10:54:58 +0800] "GET /xingrg/kc/buy/cgsh_order_operate.html?command=get_materiel&rest_code=00105&code=00101008353&supplier_code=00100203&order_time=2021-12-11 HTTP/1.1" 200 408
58.37.8.98 - - [11/Dec/2021:10:54:58 +0800] "GET /xingrg/kc/buy/cgsh_order_operate.html?command=get_materiel&rest_code=00141&code=00101008283&supplier_code=00100007&order_time=2021-12-11 HTTP/1.1" 200 408
180.169.147.146 - - [11/Dec/2021:10:54:59 +0800] "GET /xingrg/all/function/internal_message.html?_=1639191300505&CODE_STATE=getMsg HTTP/1.1" 302 -
180.169.147.146 - - [11/Dec/2021:10:55:02 +0800] "GET /xingrg/check_reg.html?_=1639191302632 HTTP/1.1" 302 -
222.70.176.97 - - [11/Dec/2021:10:55:03 +0800] "GET /xingrg/all/function/internal_message.html?_=1639191297982&CODE_STATE=getMsg HTTP/1.1" 200 27
58.37.8.98 - - [11/Dec/2021:10:55:06 +0800] "GET /xingrg/kc/buy/cgsh_order_operate.html?command=get_materiel&rest_code=00141&code=00101008186&supplier_code=00100007&order_time=2021-12-11 HTTP/1.1" 200 408
114.86.227.218 - - [11/Dec/2021:10:55:11 +0800] "GET /xingrg/all/function/internal_message.html?_=1639191308795&CODE_STATE=getMsg HTTP/1.1" 200 27
58.40.7.146 - - [11/Dec/2021:10:55:12 +0800] "POST /xingrg/services/DataTransmitService HTTP/1.1" 200 524
222.70.176.97 - - [11/Dec/2021:10:55:16 +0800] "GET /xingrg/all/function/internal_message.html?_=1639190979587&CODE_STATE=getMsg HTTP/1.1" 302 -
116.238.208.177 - - [11/Dec/2021:10:55:17 +0800] "GET /xingrg/check_reg.html?_=1639191315479 HTTP/1.1" 200 22
61.172.28.229 - - [11/Dec/2021:10:55:18 +0800] "GET /xingrg/kc/buy/cgsh_order_operate.html?command=get_materiel&rest_code=00105&code=00101008105&supplier_code=00100203&order_time=2021-12-11 HTTP/1.1" 200 412
124.77.240.52 - - [11/Dec/2021:10:55:20 +0800] "GET /xingrg/all/function/internal_message.html?_=1639191339246&CODE_STATE=getMsg HTTP/1.1" 200 27
116.238.248.233 - - [11/Dec/2021:10:55:21 +0800] "GET /xingrg/all/function/internal_message.html?_=1639191318370&CODE_STATE=getMsg HTTP/1.1" 200 27
116.238.248.233 - - [11/Dec/2021:10:55:21 +0800] "GET /xingrg/check_reg.html?_=1639191318371 HTTP/1.1" 200 22
116.238.208.177 - - [11/Dec/2021:10:55:23 +0800] "GET /xingrg/all/function/internal_message.html?_=1639191321651&CODE_STATE=getMsg HTTP/1.1" 200 27
116.227.210.113 - - [11/Dec/2021:10:55:26 +0800] "GET /xingrg/all/function/internal_message.html?_=1639191321119&CODE_STATE=getMsg HTTP/1.1" 200 27
124.77.240.52 - - [11/Dec/2021:10:55:27 +0800] "GET /xingrg/all/function/internal_message.html?_=1639191343116&CODE_STATE=getMsg HTTP/1.1" 302 -
114.85.125.222 - - [11/Dec/2021:10:55:31 +0800] "GET /xingrg/all/function/internal_message.html?_=1639191286888&CODE_STATE=getMsg HTTP/1.1" 200 27
58.37.8.98 - - [11/Dec/2021:10:55:33 +0800] "GET /xingrg/all/function/internal_message.html?_=1639191146946&CODE_STATE=getMsg HTTP/1.1" 200 27
124.78.153.86 - - [11/Dec/2021:10:55:36 +0800] "GET /xingrg/all/function/internal_message.html?_=1639191339897&CODE_STATE=getMsg HTTP/1.1" 200 27
61.151.179.84 - - [11/Dec/2021:10:55:36 +0800] "GET /xingrg/kc/base/base_main.html HTTP/1.1" 302 -
61.151.179.84 - - [11/Dec/2021:10:55:39 +0800] "GET /xingrg/login.html HTTP/1.1" 200 7641
58.37.8.98 - - [11/Dec/2021:10:55:43 +0800] "GET /xingrg/kc/buy/cgsh_order_operate.html?command=get_materiel&rest_code=00141&code=00101008305&supplier_code=00100007&order_time=2021-12-11 HTTP/1.1" 200 412
58.37.8.98 - - [11/Dec/2021:10:55:45 +0800] "POST /xingrg/kc/buy/cgsh_order_operate.html HTTP/1.1" 200 2065
61.172.28.229 - - [11/Dec/2021:10:55:45 +0800] "GET /xingrg/kc/buy/cgsh_order_operate.html?command=get_materiel&rest_code=00105&code=00101008275&supplier_code=00100203&order_time=2021-12-11 HTTP/1.1" 200 417
120.253.135.82 - - [11/Dec/2021:10:55:49 +0800] "GET /xingrg/all/function/internal_message.html?_=1639191125101&CODE_STATE=getMsg HTTP/1.1" 200 27
58.37.8.98 - - [11/Dec/2021:10:55:52 +0800] "GET /xingrg/kc/buy/cgsh_order_operate.html?command=get_materiel&rest_code=00141&code=00101008372&supplier_code=00100007&order_time=2021-12-11 HTTP/1.1" 200 408
61.172.28.229 - - [11/Dec/2021:10:55:52 +0800] "GET /xingrg/all/function/internal_message.html?_=1639191286808&CODE_STATE=getMsg HTTP/1.1" 200 27
114.86.227.218 - - [11/Dec/2021:10:55:53 +0800] "POST /xingrg/services/DataTransmitService HTTP/1.1" 200 501
114.86.227.218 - - [11/Dec/2021:10:55:53 +0800] "POST /xingrg/services/DataTransmitService HTTP/1.1" 200 501
114.86.227.218 - - [11/Dec/2021:10:55:53 +0800] "POST /xingrg/services/DataTransmitService HTTP/1.1" 200 501
114.86.227.218 - - [11/Dec/2021:10:55:53 +0800] "POST /xingrg/services/DataTransmitService HTTP/1.1" 200 501
114.86.227.218 - - [11/Dec/2021:10:55:54 +0800] "POST /xingrg/services/DataTransmitService HTTP/1.1" 200 501
114.86.227.218 - - [11/Dec/2021:10:55:54 +0800] "POST /xingrg/services/DataTransmitService HTTP/1.1" 200 501
114.86.227.218 - - [11/Dec/2021:10:55:55 +0800] "POST /xingrg/services/DataTransmitService HTTP/1.1" 200 412
58.37.151.13 - - [11/Dec/2021:10:55:55 +0800] "GET /xingrg/logout.do HTTP/1.1" 302 -
58.37.151.13 - - [11/Dec/2021:10:55:55 +0800] "GET /xingrg/login_supplier.html?sysBaseUrl=http%3A%2F%2F180.169.147.146%3A18081%2Fxingrg%2F&costTime=0×tamp=1639191355651 HTTP/1.1" 200 3208
58.37.151.13 - - [11/Dec/2021:10:55:55 +0800] "GET /favicon.ico HTTP/1.1" 404 -
101.83.241.214 - - [11/Dec/2021:10:55:56 +0800] "GET /xingrg/all/function/internal_message.html?_=1639191353298&CODE_STATE=getMsg HTTP/1.1" 200 27
61.172.28.229 - - [11/Dec/2021:10:55:56 +0800] "POST /xingrg/kc/buy/cgsh_order_operate.html HTTP/1.1" 200 2065
58.37.151.13 - - [11/Dec/2021:10:55:57 +0800] "POST /xingrg/login_supplier.html HTTP/1.1" 302 -
58.37.151.13 - - [11/Dec/2021:10:55:57 +0800] "GET /xingrg/supplier_index.html?sysBaseUrl=http%3A%2F%2F180.169.147.146%3A18081%2Fxingrg%2F&costTime=11×tamp=1639191357341 HTTP/1.1" 200 9061
58.37.151.13 - - [11/Dec/2021:10:55:57 +0800] "GET /favicon.ico HTTP/1.1" 404 -
180.169.147.146 - - [11/Dec/2021:10:55:57 +0800] "GET /xingrg/all/function/internal_message.html?_=1639191352873&CODE_STATE=getMsg HTTP/1.1" 200 27
58.37.151.13 - - [11/Dec/2021:10:55:58 +0800] "GET /xingrg/supplier/cgsh_order_list.html HTTP/1.1" 200 10896
180.169.147.146 - - [11/Dec/2021:10:55:59 +0800] "GET /xingrg/all/function/internal_message.html?_=1639191360477&CODE_STATE=getMsg HTTP/1.1" 302 -
58.37.151.13 - - [11/Dec/2021:10:56:01 +0800] "POST /xingrg/supplier/cgsh_list_operate.html HTTP/1.1" 200 6124
58.37.151.13 - - [11/Dec/2021:10:56:03 +0800] "GET /xingrg/javascript/jquery_tools/images/next.gif HTTP/1.1" 404 1086
58.37.151.13 - - [11/Dec/2021:10:56:03 +0800] "GET /xingrg/javascript/jquery_tools/images/prev.gif HTTP/1.1" 404 1086
222.70.176.97 - - [11/Dec/2021:10:56:03 +0800] "GET /xingrg/all/function/internal_message.html?_=1639191357967&CODE_STATE=getMsg HTTP/1.1" 200 27
61.172.28.229 - - [11/Dec/2021:10:56:07 +0800] "POST /xingrg/kc/buy/cgsh_order_operate.html HTTP/1.1" 200 37
58.37.8.98 - - [11/Dec/2021:10:56:07 +0800] "GET /xingrg/kc/buy/cgsh_order_operate.html?command=get_materiel&rest_code=00141&code=00101008323&supplier_code=00100007&order_time=2021-12-11 HTTP/1.1" 200 408
61.172.28.229 - - [11/Dec/2021:10:56:08 +0800] "POST /xingrg/kc/buy/cgsh_order_operate.html HTTP/1.1" 200 15642
58.37.151.13 - - [11/Dec/2021:10:56:09 +0800] "POST /xingrg/supplier/cgsh_list_operate.html HTTP/1.1" 200 5600
183.136.225.14 - - [11/Dec/2021:10:56:09 +0800] "GET / HTTP/1.1" 404 -
114.86.227.218 - - [11/Dec/2021:10:56:11 +0800] "GET /xingrg/all/function/internal_message.html?_=1639191368797&CODE_STATE=getMsg HTTP/1.1" 200 27
58.37.151.13 - - [11/Dec/2021:10:56:12 +0800] "POST /xingrg/supplier/cgsh_list_operate.html HTTP/1.1" 200 205
58.37.151.13 - - [11/Dec/2021:10:56:13 +0800] "GET /xingrg/supplier/cgsh_order_info.html?code=212021120501828 HTTP/1.1" 200 8562
58.37.151.13 - - [11/Dec/2021:10:56:13 +0800] "GET /xingrg/javascript/easyui/themes/default/validatebox.css HTTP/1.1" 404 1104
58.37.151.13 - - [11/Dec/2021:10:56:14 +0800] "POST /xingrg/kc/buy/cgsh_order_operate.html HTTP/1.1" 200 612
222.70.176.97 - - [11/Dec/2021:10:56:16 +0800] "GET /xingrg/all/function/internal_message.html?_=1639191039587&CODE_STATE=getMsg HTTP/1.1" 302 -
124.77.240.52 - - [11/Dec/2021:10:56:19 +0800] "GET /xingrg/check_reg.html?_=1639191398872 HTTP/1.1" 200 22
124.77.240.52 - - [11/Dec/2021:10:56:20 +0800] "GET /xingrg/all/function/internal_message.html?_=1639191399260&CODE_STATE=getMsg HTTP/1.1" 200 27
116.238.248.233 - - [11/Dec/2021:10:56:21 +0800] "GET /xingrg/all/function/internal_message.html?_=1639191378361&CODE_STATE=getMsg HTTP/1.1" 200 27
116.238.208.177 - - [11/Dec/2021:10:56:23 +0800] "GET /xingrg/all/function/internal_message.html?_=1639191381664&CODE_STATE=getMsg HTTP/1.1" 200 27
61.172.28.229 - - [11/Dec/2021:10:56:24 +0800] "GET /xingrg/kc/buy/cgsh_order_operate.html?command=get_materiel&rest_code=00105&code=00101016122&supplier_code=00100203&order_time=2021-12-11 HTTP/1.1" 200 395
116.227.210.113 - - [11/Dec/2021:10:56:26 +0800] "GET /xingrg/all/function/internal_message.html?_=1639191381112&CODE_STATE=getMsg HTTP/1.1" 200 27
124.77.240.52 - - [11/Dec/2021:10:56:27 +0800] "GET /xingrg/all/function/internal_message.html?_=1639191403129&CODE_STATE=getMsg HTTP/1.1" 302 -
120.253.135.82 - - [11/Dec/2021:10:56:28 +0800] "GET /xingrg/check_reg.html?_=1639191163932 HTTP/1.1" 200 22
114.85.125.222 - - [11/Dec/2021:10:56:31 +0800] "GET /xingrg/all/function/internal_message.html?_=1639191346890&CODE_STATE=getMsg HTTP/1.1" 200 27
58.37.8.98 - - [11/Dec/2021:10:56:33 +0800] "GET /xingrg/all/function/internal_message.html?_=1639191206979&CODE_STATE=getMsg HTTP/1.1" 200 27
124.78.153.86 - - [11/Dec/2021:10:56:36 +0800] "GET /xingrg/check_reg.html?_=1639191399601 HTTP/1.1" 200 22
124.78.153.86 - - [11/Dec/2021:10:56:36 +0800] "GET /xingrg/all/function/internal_message.html?_=1639191399873&CODE_STATE=getMsg HTTP/1.1" 200 27
58.37.8.98 - - [11/Dec/2021:10:56:38 +0800] "POST /xingrg/kc/buy/cgsh_order_operate.html HTTP/1.1" 200 2065
58.37.8.98 - - [11/Dec/2021:10:56:43 +0800] "GET /xingrg/kc/buy/cgsh_order_operate.html?command=get_materiel&rest_code=00141&code=00101008236&supplier_code=00100007&order_time=2021-12-11 HTTP/1.1" 200 416
61.172.28.229 - - [11/Dec/2021:10:56:48 +0800] "GET /xingrg/kc/buy/cgsh_order_operate.html?command=get_materiel&rest_code=00105&code=00101008302&supplier_code=00100203&order_time=2021-12-11 HTTP/1.1" 200 412
120.253.135.82 - - [11/Dec/2021:10:56:49 +0800] "GET /xingrg/all/function/internal_message.html?_=1639191185114&CODE_STATE=getMsg HTTP/1.1" 200 27
58.37.8.98 - - [11/Dec/2021:10:56:52 +0800] "GET /xingrg/kc/buy/cgsh_order_operate.html?command=get_materiel&rest_code=00141&code=00101008114&supplier_code=00100007&order_time=2021-12-11 HTTP/1.1" 200 412
61.172.28.229 - - [11/Dec/2021:10:56:52 +0800] "GET /xingrg/all/function/internal_message.html?_=1639191346806&CODE_STATE=getMsg HTTP/1.1" 200 27
101.83.241.214 - - [11/Dec/2021:10:56:56 +0800] "GET /xingrg/all/function/internal_message.html?_=1639191413268&CODE_STATE=getMsg HTTP/1.1" 200 27
180.169.147.146 - - [11/Dec/2021:10:56:57 +0800] "GET /xingrg/all/function/internal_message.html?_=1639191412860&CODE_STATE=getMsg HTTP/1.1" 200 27
180.169.147.146 - - [11/Dec/2021:10:56:59 +0800] "GET /xingrg/all/function/internal_message.html?_=1639191420447&CODE_STATE=getMsg HTTP/1.1" 302 -
58.37.8.98 - - [11/Dec/2021:10:57:00 +0800] "GET /xingrg/kc/buy/cgsh_order_operate.html?command=get_materiel&rest_code=00141&code=00101008558&supplier_code=00100007&order_time=2021-12-11 HTTP/1.1" 200 395
61.172.28.229 - - [11/Dec/2021:10:57:03 +0800] "GET /xingrg/kc/buy/cgsh_order_operate.html?command=get_materiel&rest_code=00105&code=00101008330&supplier_code=00100203&order_time=2021-12-11 HTTP/1.1" 200 408
183.136.225.14 - - [11/Dec/2021:10:57:03 +0800] "GET / HTTP/1.1" 404 -
183.136.225.14 - - [11/Dec/2021:10:57:03 +0800] "GET /favicon.ico HTTP/1.1" 404 -
183.136.225.14 - - [11/Dec/2021:10:57:03 +0800] "GET /robots.txt HTTP/1.1" 404 -
222.70.176.97 - - [11/Dec/2021:10:57:03 +0800] "GET /xingrg/all/function/internal_message.html?_=1639191417953&CODE_STATE=getMsg HTTP/1.1" 200 27
58.37.8.98 - - [11/Dec/2021:10:57:10 +0800] "GET /xingrg/kc/buy/cgsh_order_operate.html?command=get_materiel&rest_code=00141&code=00101008150&supplier_code=00100007&order_time=2021-12-11 HTTP/1.1" 200 409
114.86.227.218 - - [11/Dec/2021:10:57:11 +0800] "GET /xingrg/all/function/internal_message.html?_=1639191428800&CODE_STATE=getMsg HTTP/1.1" 200 27
114.86.227.218 - - [11/Dec/2021:10:57:11 +0800] "GET /xingrg/check_reg.html?_=1639191428802 HTTP/1.1" 200 22
222.70.176.97 - - [11/Dec/2021:10:57:16 +0800] "GET /xingrg/all/function/internal_message.html?_=1639191099586&CODE_STATE=getMsg HTTP/1.1" 302 -
116.238.208.177 - - [11/Dec/2021:10:57:18 +0800] "POST /xingrg/kc/buy/cgsh_order_operate.html HTTP/1.1" 200 37
61.172.28.229 - - [11/Dec/2021:10:57:19 +0800] "GET /xingrg/kc/buy/cgsh_order_operate.html?command=get_materiel&rest_code=00105&code=00101008219&supplier_code=00100203&order_time=2021-12-11 HTTP/1.1" 200 412
58.37.8.98 - - [11/Dec/2021:10:57:20 +0800] "GET /xingrg/kc/buy/cgsh_order_operate.html?command=get_materiel&rest_code=00141&code=00101009107&supplier_code=00100007&order_time=2021-12-11 HTTP/1.1" 200 396
124.77.240.52 - - [11/Dec/2021:10:57:20 +0800] "GET /xingrg/all/function/internal_message.html?_=1639191459273&CODE_STATE=getMsg HTTP/1.1" 200 27
116.238.248.233 - - [11/Dec/2021:10:57:21 +0800] "GET /xingrg/all/function/internal_message.html?_=1639191438373&CODE_STATE=getMsg HTTP/1.1" 200 27
116.238.208.177 - - [11/Dec/2021:10:57:21 +0800] "POST /xingrg/kc/buy/cgsh_order_operate.html HTTP/1.1" 200 12
116.227.210.113 - - [11/Dec/2021:10:57:26 +0800] "GET /xingrg/all/function/internal_message.html?_=1639191441101&CODE_STATE=getMsg HTTP/1.1" 200 27
58.37.8.98 - - [11/Dec/2021:10:57:26 +0800] "POST /xingrg/kc/buy/cgsh_order_operate.html HTTP/1.1" 200 2065
124.77.240.52 - - [11/Dec/2021:10:57:27 +0800] "GET /xingrg/all/function/internal_message.html?_=1639191463144&CODE_STATE=getMsg HTTP/1.1" 302 -
116.238.208.177 - - [11/Dec/2021:10:57:28 +0800] "GET /xingrg/kc/buy/cgsh_order_info.html?code=212021121104339 HTTP/1.1" 200 59858
58.37.151.13 - - [11/Dec/2021:10:57:29 +0800] "GET /xingrg/supplier/cgsh_order_list.html HTTP/1.1" 200 10896
61.172.28.229 - - [11/Dec/2021:10:57:29 +0800] "POST /xingrg/kc/buy/cgsh_order_operate.html HTTP/1.1" 200 2065
114.85.125.222 - - [11/Dec/2021:10:57:31 +0800] "GET /xingrg/check_reg.html?_=1639191406480 HTTP/1.1" 200 22
116.238.208.177 - - [11/Dec/2021:10:57:31 +0800] "GET /xingrg/all/function/internal_message.html?_=1639191449400&CODE_STATE=getMsg HTTP/1.1" 200 27
116.238.208.177 - - [11/Dec/2021:10:57:31 +0800] "GET /xingrg/javascript/easyui/themes/default/validatebox.css HTTP/1.1" 404 1104
114.85.125.222 - - [11/Dec/2021:10:57:31 +0800] "GET /xingrg/all/function/internal_message.html?_=1639191406904&CODE_STATE=getMsg HTTP/1.1" 200 27
58.37.151.13 - - [11/Dec/2021:10:57:31 +0800] "POST /xingrg/supplier/cgsh_list_operate.html HTTP/1.1" 200 6124
116.238.208.177 - - [11/Dec/2021:10:57:31 +0800] "POST /xingrg/kc/buy/cgsh_order_operate.html HTTP/1.1" 200 10721
58.37.8.98 - - [11/Dec/2021:10:57:33 +0800] "GET /xingrg/check_reg.html?_=1639191266914 HTTP/1.1" 200 22
58.37.8.98 - - [11/Dec/2021:10:57:33 +0800] "GET /xingrg/all/function/internal_message.html?_=1639191266915&CODE_STATE=getMsg HTTP/1.1" 200 27
116.238.208.177 - - [11/Dec/2021:10:57:34 +0800] "GET /xingrg/kc/print/load_data.html?order_code=212021121104339&kc_code=cgsh&condition= HTTP/1.1" 200 4502
58.37.8.98 - - [11/Dec/2021:10:57:34 +0800] "GET /xingrg/kc/buy/cgsh_order_operate.html?command=get_materiel&rest_code=00141&code=00102014106&supplier_code=00100007&order_time=2021-12-11 HTTP/1.1" 200 399
124.78.153.86 - - [11/Dec/2021:10:57:36 +0800] "GET /xingrg/all/function/internal_message.html?_=1639191459846&CODE_STATE=getMsg HTTP/1.1" 200 27
61.172.28.229 - - [11/Dec/2021:10:57:38 +0800] "GET /xingrg/kc/buy/cgsh_order_operate.html?command=get_materiel&rest_code=00105&code=00101008027&supplier_code=00100203&order_time=2021-12-11 HTTP/1.1" 200 408
58.37.8.98 - - [11/Dec/2021:10:57:43 +0800] "GET /xingrg/kc/buy/cgsh_order_operate.html?command=get_materiel&rest_code=00141&code=00101008469&supplier_code=00100007&order_time=2021-12-11 HTTP/1.1" 200 400
124.77.240.52 - - [11/Dec/2021:10:57:45 +0800] "GET /xingrg/kc/buy/cgsh_order_operate.html?command=get_materiel&rest_code=00146&code=00101008558&supplier_code=00100005&order_time=2021-12-11 HTTP/1.1" 200 395
116.238.208.177 - - [11/Dec/2021:10:57:46 +0800] "GET /xingrg/kc/buy/cgsh_order_add.html HTTP/1.1" 200 64961
120.253.135.82 - - [11/Dec/2021:10:57:49 +0800] "GET /xingrg/all/function/internal_message.html?_=1639191245128&CODE_STATE=getMsg HTTP/1.1" 200 27
116.238.208.177 - - [11/Dec/2021:10:57:49 +0800] "GET /xingrg/javascript/easyui/themes/default/validatebox.css HTTP/1.1" 404 1104
116.238.208.177 - - [11/Dec/2021:10:57:49 +0800] "POST /xingrg/kc/buy/cgsh_order_operate.html HTTP/1.1" 200 8245
61.172.28.229 - - [11/Dec/2021:10:57:52 +0800] "GET /xingrg/all/function/internal_message.html?_=1639191406812&CODE_STATE=getMsg HTTP/1.1" 200 27
61.172.28.229 - - [11/Dec/2021:10:57:52 +0800] "GET /xingrg/check_reg.html?_=1639191406815 HTTP/1.1" 200 22
61.172.28.229 - - [11/Dec/2021:10:57:53 +0800] "GET /xingrg/kc/buy/cgsh_order_operate.html?command=get_materiel&rest_code=00105&code=00101008055&supplier_code=00100203&order_time=2021-12-11 HTTP/1.1" 200 409
58.37.151.13 - - [11/Dec/2021:10:57:53 +0800] "POST /xingrg/supplier/cgsh_list_operate.html HTTP/1.1" 200 5622
101.83.241.214 - - [11/Dec/2021:10:57:56 +0800] "GET /xingrg/all/function/internal_message.html?_=1639191473266&CODE_STATE=getMsg HTTP/1.1" 200 27
101.83.241.214 - - [11/Dec/2021:10:57:56 +0800] "GET /xingrg/check_reg.html?_=1639191473642 HTTP/1.1" 200 22
116.238.208.177 - - [11/Dec/2021:10:57:56 +0800] "GET /xingrg/javascript/easyui/themes/default/tree.css HTTP/1.1" 404 1090
116.238.208.177 - - [11/Dec/2021:10:57:57 +0800] "POST /xingrg/all/common/load_tree.html?tree=supplier_tree_json&isDelete=1 HTTP/1.1" 200 61052
58.37.8.98 - - [11/Dec/2021:10:57:57 +0800] "GET /xingrg/kc/buy/cgsh_order_operate.html?command=get_materiel&rest_code=00141&code=00101009054&supplier_code=00100007&order_time=2021-12-11 HTTP/1.1" 200 412
180.169.147.146 - - [11/Dec/2021:10:57:57 +0800] "GET /xingrg/all/function/internal_message.html?_=1639191472847&CODE_STATE=getMsg HTTP/1.1" 200 27
180.169.147.146 - - [11/Dec/2021:10:57:59 +0800] "GET /xingrg/all/function/internal_message.html?_=1639191480433&CODE_STATE=getMsg HTTP/1.1" 302 -
124.77.240.52 - - [11/Dec/2021:10:58:01 +0800] "GET /xingrg/kc/buy/cgsh_order_operate.html?command=get_materiel&rest_code=00146&code=00101008125&supplier_code=00100005&order_time=2021-12-11 HTTP/1.1" 200 413
222.70.176.97 - - [11/Dec/2021:10:58:03 +0800] "GET /xingrg/all/function/internal_message.html?_=1639191477938&CODE_STATE=getMsg HTTP/1.1" 200 27
222.70.176.97 - - [11/Dec/2021:10:58:03 +0800] "GET /xingrg/check_reg.html?_=1639191478003 HTTP/1.1" 200 22
58.37.151.13 - - [11/Dec/2021:10:58:11 +0800] "POST /xingrg/supplier/cgsh_list_operate.html HTTP/1.1" 200 5625
114.86.227.218 - - [11/Dec/2021:10:58:11 +0800] "GET /xingrg/all/function/internal_message.html?_=1639191488803&CODE_STATE=getMsg HTTP/1.1" 200 27
124.77.240.52 - - [11/Dec/2021:10:58:12 +0800] "GET /xingrg/kc/buy/cgsh_order_operate.html?command=get_materiel&rest_code=00146&code=00101008010&supplier_code=00100005&order_time=2021-12-11 HTTP/1.1" 200 412
61.172.28.229 - - [11/Dec/2021:10:58:12 +0800] "GET /xingrg/kc/buy/cgsh_order_operate.html?command=get_materiel&rest_code=00105&code=00101008257&supplier_code=00100203&order_time=2021-12-11 HTTP/1.1" 200 416
222.70.176.97 - - [11/Dec/2021:10:58:16 +0800] "GET /xingrg/all/function/internal_message.html?_=1639191159586&CODE_STATE=getMsg HTTP/1.1" 302 -
222.70.176.97 - - [11/Dec/2021:10:58:16 +0800] "GET /xingrg/check_reg.html?_=1639191159587 HTTP/1.1" 302 -
124.77.240.52 - - [11/Dec/2021:10:58:20 +0800] "GET /xingrg/all/function/internal_message.html?_=1639191519286&CODE_STATE=getMsg HTTP/1.1" 200 27
116.238.248.233 - - [11/Dec/2021:10:58:21 +0800] "GET /xingrg/all/function/internal_message.html?_=1639191498381&CODE_STATE=getMsg HTTP/1.1" 200 27
58.37.151.13 - - [11/Dec/2021:10:58:21 +0800] "POST /xingrg/supplier/cgsh_list_operate.html HTTP/1.1" 200 5634
116.227.210.113 - - [11/Dec/2021:10:58:26 +0800] "GET /xingrg/all/function/internal_message.html?_=1639191501113&CODE_STATE=getMsg HTTP/1.1" 200 27
124.77.240.52 - - [11/Dec/2021:10:58:27 +0800] "GET /xingrg/all/function/internal_message.html?_=1639191523156&CODE_STATE=getMsg HTTP/1.1" 302 -
114.85.125.222 - - [11/Dec/2021:10:58:31 +0800] "GET /xingrg/all/function/internal_message.html?_=1639191466917&CODE_STATE=getMsg HTTP/1.1" 200 27
116.238.208.177 - - [11/Dec/2021:10:58:31 +0800] "GET /xingrg/all/function/internal_message.html?_=1639191510203&CODE_STATE=getMsg HTTP/1.1" 200 27
58.37.8.98 - - [11/Dec/2021:10:58:32 +0800] "GET /xingrg/all/function/internal_message.html?_=1639191326885&CODE_STATE=getMsg HTTP/1.1" 200 27
58.37.151.13 - - [11/Dec/2021:10:58:33 +0800] "POST /xingrg/supplier/cgsh_list_operate.html HTTP/1.1" 200 5659
124.78.153.86 - - [11/Dec/2021:10:58:36 +0800] "GET /xingrg/all/function/internal_message.html?_=1639191519819&CODE_STATE=getMsg HTTP/1.1" 200 27
58.37.8.98 - - [11/Dec/2021:10:58:38 +0800] "GET /xingrg/kc/buy/cgsh_order_operate.html?command=get_materiel&rest_code=00141&code=00101008059&supplier_code=00100007&order_time=2021-12-11 HTTP/1.1" 200 408
61.172.28.229 - - [11/Dec/2021:10:58:39 +0800] "GET /xingrg/kc/buy/cgsh_order_operate.html?command=get_materiel&rest_code=00105&code=00101008244&supplier_code=00100203&order_time=2021-12-11 HTTP/1.1" 200 408
58.37.151.13 - - [11/Dec/2021:10:58:44 +0800] "POST /xingrg/supplier/cgsh_list_operate.html HTTP/1.1" 200 5638
120.253.135.82 - - [11/Dec/2021:10:58:49 +0800] "GET /xingrg/all/function/internal_message.html?_=1639191305203&CODE_STATE=getMsg HTTP/1.1" 200 27
61.172.28.229 - - [11/Dec/2021:10:58:52 +0800] "GET /xingrg/all/function/internal_message.html?_=1639191466816&CODE_STATE=getMsg HTTP/1.1" 200 27
58.37.8.98 - - [11/Dec/2021:10:58:55 +0800] "GET /xingrg/kc/buy/cgsh_order_operate.html?command=get_materiel&rest_code=00141&code=00101009015&supplier_code=00100007&order_time=2021-12-11 HTTP/1.1" 200 416
101.83.241.214 - - [11/Dec/2021:10:58:56 +0800] "GET /xingrg/all/function/internal_message.html?_=1639191533238&CODE_STATE=getMsg HTTP/1.1" 200 27
180.169.147.146 - - [11/Dec/2021:10:58:57 +0800] "GET /xingrg/all/function/internal_message.html?_=1639191532836&CODE_STATE=getMsg HTTP/1.1" 200 27
