116.238.208.177 - - [11/Dec/2021:10:58:57 +0800] "GET /xingrg/kc/buy/cgsh_order_operate.html?command=get_materiel&rest_code=00102&code=00101009039&supplier_code=00100424&order_time=2021-12-11 HTTP/1.1" 200 408
180.169.147.146 - - [11/Dec/2021:10:58:59 +0800] "GET /xingrg/all/function/internal_message.html?_=1639191540421&CODE_STATE=getMsg HTTP/1.1" 302 -
222.70.176.97 - - [11/Dec/2021:10:59:03 +0800] "GET /xingrg/all/function/internal_message.html?_=1639191537910&CODE_STATE=getMsg HTTP/1.1" 200 27
124.77.240.52 - - [11/Dec/2021:10:59:06 +0800] "GET /xingrg/kc/buy/cgsh_order_operate.html?command=get_materiel&rest_code=00146&code=00101008038&supplier_code=00100005&order_time=2021-12-11 HTTP/1.1" 200 412
116.238.208.177 - - [11/Dec/2021:10:59:06 +0800] "GET /xingrg/kc/buy/cgsh_order_operate.html?command=get_materiel&rest_code=00102&code=00101009124&supplier_code=00100424&order_time=2021-12-11 HTTP/1.1" 200 402
114.86.227.218 - - [11/Dec/2021:10:59:11 +0800] "GET /xingrg/all/function/internal_message.html?_=1639191548806&CODE_STATE=getMsg HTTP/1.1" 200 27
58.37.8.98 - - [11/Dec/2021:10:59:14 +0800] "GET /xingrg/kc/buy/cgsh_order_operate.html?command=get_materiel&rest_code=00141&code=00101009013&supplier_code=00100007&order_time=2021-12-11 HTTP/1.1" 200 422
222.70.176.97 - - [11/Dec/2021:10:59:16 +0800] "GET /xingrg/all/function/internal_message.html?_=1639191219586&CODE_STATE=getMsg HTTP/1.1" 302 -
124.77.240.52 - - [11/Dec/2021:10:59:16 +0800] "POST /xingrg/kc/buy/cgsh_order_operate.html HTTP/1.1" 200 2065
116.238.208.177 - - [11/Dec/2021:10:59:19 +0800] "GET /xingrg/kc/buy/cgsh_order_operate.html?command=get_materiel&rest_code=00102&code=00101009011&supplier_code=00100424&order_time=2021-12-11 HTTP/1.1" 200 416
58.37.8.98 - - [11/Dec/2021:10:59:19 +0800] "POST /xingrg/kc/buy/cgsh_order_operate.html HTTP/1.1" 200 2065
124.77.240.52 - - [11/Dec/2021:10:59:20 +0800] "GET /xingrg/all/function/internal_message.html?_=1639191579300&CODE_STATE=getMsg HTTP/1.1" 200 27
116.238.248.233 - - [11/Dec/2021:10:59:21 +0800] "GET /xingrg/all/function/internal_message.html?_=1639191558385&CODE_STATE=getMsg HTTP/1.1" 200 27
180.169.147.146 - - [11/Dec/2021:10:59:22 +0800] "GET /xingrg/check_reg.html?_=1639191558112 HTTP/1.1" 200 22
124.77.240.52 - - [11/Dec/2021:10:59:25 +0800] "GET /xingrg/check_reg.html?_=1639191581926 HTTP/1.1" 302 -
116.227.210.113 - - [11/Dec/2021:10:59:26 +0800] "GET /xingrg/check_reg.html?_=1639191561115 HTTP/1.1" 200 22
116.227.210.113 - - [11/Dec/2021:10:59:26 +0800] "GET /xingrg/all/function/internal_message.html?_=1639191561122&CODE_STATE=getMsg HTTP/1.1" 200 27
124.77.240.52 - - [11/Dec/2021:10:59:27 +0800] "GET /xingrg/all/function/internal_message.html?_=1639191583170&CODE_STATE=getMsg HTTP/1.1" 302 -
58.37.8.98 - - [11/Dec/2021:10:59:27 +0800] "GET /xingrg/kc/buy/cgsh_order_operate.html?command=get_materiel&rest_code=00141&code=00101009016&supplier_code=00100007&order_time=2021-12-11 HTTP/1.1" 200 412
124.77.240.52 - - [11/Dec/2021:10:59:27 +0800] "GET /xingrg/kc/buy/cgsh_order_operate.html?command=get_materiel&rest_code=00146&code=00101008163&supplier_code=00100005&order_time=2021-12-11 HTTP/1.1" 200 409
114.85.125.222 - - [11/Dec/2021:10:59:31 +0800] "GET /xingrg/all/function/internal_message.html?_=1639191526930&CODE_STATE=getMsg HTTP/1.1" 200 27
116.238.208.177 - - [11/Dec/2021:10:59:32 +0800] "GET /xingrg/all/function/internal_message.html?_=1639191570351&CODE_STATE=getMsg HTTP/1.1" 200 27
61.172.28.229 - - [11/Dec/2021:10:59:32 +0800] "POST /xingrg/kc/buy/cgsh_order_operate.html HTTP/1.1" 200 2065
58.37.8.98 - - [11/Dec/2021:10:59:33 +0800] "GET /xingrg/all/function/internal_message.html?_=1639191386962&CODE_STATE=getMsg HTTP/1.1" 200 27
116.238.208.177 - - [11/Dec/2021:10:59:35 +0800] "GET /xingrg/kc/buy/cgsh_order_operate.html?command=get_materiel&rest_code=00102&code=00101009109&supplier_code=00100424&order_time=2021-12-11 HTTP/1.1" 200 399
124.78.153.86 - - [11/Dec/2021:10:59:36 +0800] "GET /xingrg/all/function/internal_message.html?_=1639191579793&CODE_STATE=getMsg HTTP/1.1" 200 27
58.37.8.98 - - [11/Dec/2021:10:59:45 +0800] "GET /xingrg/kc/buy/cgsh_order_operate.html?command=get_materiel&rest_code=00141&code=00101020131&supplier_code=00100007&order_time=2021-12-11 HTTP/1.1" 200 416
61.172.28.229 - - [11/Dec/2021:10:59:47 +0800] "GET /xingrg/kc/buy/cgsh_order_operate.html?command=get_materiel&rest_code=00105&code=00101008351&supplier_code=00100203&order_time=2021-12-11 HTTP/1.1" 200 427
58.37.151.13 - - [11/Dec/2021:10:59:49 +0800] "GET /xingrg/javascript/easyui/themes/default/tree.css HTTP/1.1" 404 1090
58.37.151.13 - - [11/Dec/2021:10:59:49 +0800] "POST /xingrg/all/common/load_tree.html?tree=area_rest_tree_json HTTP/1.1" 200 3472
120.253.135.82 - - [11/Dec/2021:10:59:49 +0800] "GET /xingrg/all/function/internal_message.html?_=1639191365218&CODE_STATE=getMsg HTTP/1.1" 200 27
101.89.29.78 - - [11/Dec/2021:10:59:49 +0800] "GET /xingrg/servlets/image?cache=0.9950007182949587&image=px HTTP/1.1" 200 807
61.172.28.229 - - [11/Dec/2021:10:59:52 +0800] "GET /xingrg/all/function/internal_message.html?_=1639191526889&CODE_STATE=getMsg HTTP/1.1" 200 27
116.238.208.177 - - [11/Dec/2021:10:59:54 +0800] "POST /xingrg/kc/buy/cgsh_order_operate.html HTTP/1.1" 200 37
101.83.241.214 - - [11/Dec/2021:10:59:56 +0800] "GET /xingrg/all/function/internal_message.html?_=1639191593223&CODE_STATE=getMsg HTTP/1.1" 200 27
58.37.8.98 - - [11/Dec/2021:10:59:57 +0800] "GET /xingrg/kc/buy/cgsh_order_operate.html?command=get_materiel&rest_code=00141&code=00101008182&supplier_code=00100007&order_time=2021-12-11 HTTP/1.1" 200 412
180.169.147.146 - - [11/Dec/2021:10:59:57 +0800] "GET /xingrg/all/function/internal_message.html?_=1639191592808&CODE_STATE=getMsg HTTP/1.1" 200 27
116.238.208.177 - - [11/Dec/2021:10:59:59 +0800] "POST /xingrg/kc/buy/cgsh_order_operate.html HTTP/1.1" 200 12
180.169.147.146 - - [11/Dec/2021:10:59:59 +0800] "GET /xingrg/all/function/internal_message.html?_=1639191600391&CODE_STATE=getMsg HTTP/1.1" 302 -
116.238.208.177 - - [11/Dec/2021:11:00:00 +0800] "GET /xingrg/kc/buy/cgsh_order_info.html?code=212021121104340 HTTP/1.1" 200 59868
58.37.151.13 - - [11/Dec/2021:11:00:00 +0800] "POST /xingrg/supplier/cgsh_list_operate.html HTTP/1.1" 200 928
180.169.147.146 - - [11/Dec/2021:11:00:02 +0800] "GET /xingrg/check_reg.html?_=1639191602612 HTTP/1.1" 302 -
116.238.208.177 - - [11/Dec/2021:11:00:03 +0800] "GET /xingrg/javascript/easyui/themes/default/validatebox.css HTTP/1.1" 404 1104
222.70.176.97 - - [11/Dec/2021:11:00:03 +0800] "GET /xingrg/all/function/internal_message.html?_=1639191597884&CODE_STATE=getMsg HTTP/1.1" 200 27
116.238.208.177 - - [11/Dec/2021:11:00:04 +0800] "POST /xingrg/kc/buy/cgsh_order_operate.html HTTP/1.1" 200 2976
116.238.208.177 - - [11/Dec/2021:11:00:05 +0800] "GET /xingrg/kc/print/load_data.html?order_code=212021121104340&kc_code=cgsh&condition= HTTP/1.1" 200 1588
58.37.151.13 - - [11/Dec/2021:11:00:07 +0800] "POST /xingrg/supplier/cgsh_list_operate.html HTTP/1.1" 200 4633
114.86.227.218 - - [11/Dec/2021:11:00:11 +0800] "GET /xingrg/all/function/internal_message.html?_=1639191608808&CODE_STATE=getMsg HTTP/1.1" 200 27
124.77.240.52 - - [11/Dec/2021:11:00:12 +0800] "GET /xingrg/kc/buy/cgsh_order_operate.html?command=get_materiel&rest_code=00146&code=00101008141&supplier_code=00100005&order_time=2021-12-11 HTTP/1.1" 200 412
222.70.176.97 - - [11/Dec/2021:11:00:16 +0800] "GET /xingrg/all/function/internal_message.html?_=1639191279587&CODE_STATE=getMsg HTTP/1.1" 302 -
116.238.208.177 - - [11/Dec/2021:11:00:17 +0800] "GET /xingrg/check_reg.html?_=1639191615485 HTTP/1.1" 200 22
116.238.208.177 - - [11/Dec/2021:11:00:17 +0800] "POST /xingrg/kc/buy/cgsh_list_operate.html HTTP/1.1" 200 876
124.77.240.52 - - [11/Dec/2021:11:00:20 +0800] "GET /xingrg/all/function/internal_message.html?_=1639191639314&CODE_STATE=getMsg HTTP/1.1" 200 27
116.238.248.233 - - [11/Dec/2021:11:00:21 +0800] "GET /xingrg/all/function/internal_message.html?_=1639191618388&CODE_STATE=getMsg HTTP/1.1" 200 27
116.238.248.233 - - [11/Dec/2021:11:00:21 +0800] "GET /xingrg/check_reg.html?_=1639191618389 HTTP/1.1" 200 22
116.238.208.177 - - [11/Dec/2021:11:00:23 +0800] "GET /xingrg/kc/base/wldb_order_list.html HTTP/1.1" 200 19060
116.238.208.177 - - [11/Dec/2021:11:00:23 +0800] "POST /xingrg/kc/base/wldb_list_operate.html HTTP/1.1" 200 928
116.227.210.113 - - [11/Dec/2021:11:00:26 +0800] "GET /xingrg/all/function/internal_message.html?_=1639191621113&CODE_STATE=getMsg HTTP/1.1" 200 27
124.77.240.52 - - [11/Dec/2021:11:00:27 +0800] "GET /xingrg/all/function/internal_message.html?_=1639191643185&CODE_STATE=getMsg HTTP/1.1" 302 -
124.77.240.52 - - [11/Dec/2021:11:00:28 +0800] "GET /xingrg/kc/buy/cgsh_order_operate.html?command=get_materiel&rest_code=00146&code=00101008361&supplier_code=00100005&order_time=2021-12-11 HTTP/1.1" 200 408
116.238.208.177 - - [11/Dec/2021:11:00:29 +0800] "POST /xingrg/kc/base/wldb_list_operate.html HTTP/1.1" 200 6115
114.85.125.222 - - [11/Dec/2021:11:00:31 +0800] "GET /xingrg/all/function/internal_message.html?_=1639191586960&CODE_STATE=getMsg HTTP/1.1" 200 27
116.238.208.177 - - [11/Dec/2021:11:00:32 +0800] "GET /xingrg/all/function/internal_message.html?_=1639191630361&CODE_STATE=getMsg HTTP/1.1" 200 27
58.37.8.98 - - [11/Dec/2021:11:00:33 +0800] "GET /xingrg/all/function/internal_message.html?_=1639191447006&CODE_STATE=getMsg HTTP/1.1" 200 27
124.78.153.86 - - [11/Dec/2021:11:00:36 +0800] "GET /xingrg/all/function/internal_message.html?_=1639191639771&CODE_STATE=getMsg HTTP/1.1" 200 27
120.253.135.82 - - [11/Dec/2021:11:00:49 +0800] "GET /xingrg/all/function/internal_message.html?_=1639191425278&CODE_STATE=getMsg HTTP/1.1" 200 27
61.172.28.229 - - [11/Dec/2021:11:00:52 +0800] "GET /xingrg/all/function/internal_message.html?_=1639191586881&CODE_STATE=getMsg HTTP/1.1" 200 27
101.83.241.214 - - [11/Dec/2021:11:00:56 +0800] "GET /xingrg/all/function/internal_message.html?_=1639191653207&CODE_STATE=getMsg HTTP/1.1" 200 27
116.238.208.177 - - [11/Dec/2021:11:00:56 +0800] "POST /xingrg/kc/base/wldb_list_operate.html HTTP/1.1" 200 288
180.169.147.146 - - [11/Dec/2021:11:00:57 +0800] "GET /xingrg/all/function/internal_message.html?_=1639191652794&CODE_STATE=getMsg HTTP/1.1" 200 27
124.77.240.52 - - [11/Dec/2021:11:00:58 +0800] "POST /xingrg/kc/buy/cgsh_order_operate.html HTTP/1.1" 200 2065
61.172.28.229 - - [11/Dec/2021:11:00:59 +0800] "GET /xingrg/kc/buy/cgsh_order_operate.html?command=get_materiel&rest_code=00105&code=00101008003&supplier_code=00100203&order_time=2021-12-11 HTTP/1.1" 200 408
180.169.147.146 - - [11/Dec/2021:11:00:59 +0800] "GET /xingrg/all/function/internal_message.html?_=1639191660364&CODE_STATE=getMsg HTTP/1.1" 302 -
116.238.208.177 - - [11/Dec/2021:11:01:00 +0800] "POST /xingrg/kc/base/wldb_list_operate.html HTTP/1.1" 200 346
222.70.176.97 - - [11/Dec/2021:11:01:03 +0800] "GET /xingrg/all/function/internal_message.html?_=1639191657869&CODE_STATE=getMsg HTTP/1.1" 200 27
116.238.208.177 - - [11/Dec/2021:11:01:04 +0800] "POST /xingrg/kc/base/wldb_list_operate.html HTTP/1.1" 200 530
124.77.240.52 - - [11/Dec/2021:11:01:07 +0800] "GET /xingrg/kc/buy/cgsh_order_operate.html?command=get_materiel&rest_code=00146&code=00101008362&supplier_code=00100005&order_time=2021-12-11 HTTP/1.1" 200 408
114.86.227.218 - - [11/Dec/2021:11:01:11 +0800] "GET /xingrg/all/function/internal_message.html?_=1639191668810&CODE_STATE=getMsg HTTP/1.1" 200 27
116.238.208.177 - - [11/Dec/2021:11:01:11 +0800] "POST /xingrg/kc/base/wldb_list_operate.html HTTP/1.1" 200 637
222.70.176.97 - - [11/Dec/2021:11:01:16 +0800] "GET /xingrg/all/function/internal_message.html?_=1639191339586&CODE_STATE=getMsg HTTP/1.1" 302 -
58.37.151.13 - - [11/Dec/2021:11:01:16 +0800] "POST /xingrg/supplier/cgsh_list_operate.html HTTP/1.1" 200 5449
116.238.208.177 - - [11/Dec/2021:11:01:16 +0800] "POST /xingrg/kc/base/wldb_list_operate.html HTTP/1.1" 200 513
124.77.240.52 - - [11/Dec/2021:11:01:19 +0800] "GET /xingrg/check_reg.html?_=1639191698881 HTTP/1.1" 200 22
124.77.240.52 - - [11/Dec/2021:11:01:20 +0800] "GET /xingrg/all/function/internal_message.html?_=1639191699328&CODE_STATE=getMsg HTTP/1.1" 200 27
116.238.248.233 - - [11/Dec/2021:11:01:21 +0800] "GET /xingrg/all/function/internal_message.html?_=1639191678388&CODE_STATE=getMsg HTTP/1.1" 200 27
116.227.210.113 - - [11/Dec/2021:11:01:26 +0800] "GET /xingrg/all/function/internal_message.html?_=1639191681103&CODE_STATE=getMsg HTTP/1.1" 200 27
58.37.151.13 - - [11/Dec/2021:11:01:27 +0800] "POST /xingrg/supplier/cgsh_list_operate.html HTTP/1.1" 200 2193
124.77.240.52 - - [11/Dec/2021:11:01:27 +0800] "GET /xingrg/all/function/internal_message.html?_=1639191703197&CODE_STATE=getMsg HTTP/1.1" 302 -
120.253.135.82 - - [11/Dec/2021:11:01:28 +0800] "GET /xingrg/check_reg.html?_=1639191463937 HTTP/1.1" 200 22
114.85.125.222 - - [11/Dec/2021:11:01:31 +0800] "GET /xingrg/all/function/internal_message.html?_=1639191646973&CODE_STATE=getMsg HTTP/1.1" 200 27
58.37.8.98 - - [11/Dec/2021:11:01:33 +0800] "GET /xingrg/all/function/internal_message.html?_=1639191506914&CODE_STATE=getMsg HTTP/1.1" 200 27
116.238.208.177 - - [11/Dec/2021:11:01:33 +0800] "GET /xingrg/all/function/internal_message.html?_=1639191691525&CODE_STATE=getMsg HTTP/1.1" 200 27
58.37.151.13 - - [11/Dec/2021:11:01:34 +0800] "POST /xingrg/supplier/cgsh_list_operate.html HTTP/1.1" 200 5449
124.78.153.86 - - [11/Dec/2021:11:01:36 +0800] "GET /xingrg/check_reg.html?_=1639191699598 HTTP/1.1" 200 22
124.78.153.86 - - [11/Dec/2021:11:01:36 +0800] "GET /xingrg/all/function/internal_message.html?_=1639191699751&CODE_STATE=getMsg HTTP/1.1" 200 27
124.77.240.52 - - [11/Dec/2021:11:01:38 +0800] "GET /xingrg/kc/buy/cgsh_order_operate.html?command=get_materiel&rest_code=00146&code=00101008197&supplier_code=00100005&order_time=2021-12-11 HTTP/1.1" 200 416
116.238.208.177 - - [11/Dec/2021:11:01:38 +0800] "POST /xingrg/kc/base/wldb_list_operate.html HTTP/1.1" 200 622
58.37.151.13 - - [11/Dec/2021:11:01:45 +0800] "POST /xingrg/supplier/cgsh_list_operate.html HTTP/1.1" 200 5451
116.238.208.177 - - [11/Dec/2021:11:01:45 +0800] "POST /xingrg/kc/base/wldb_list_operate.html HTTP/1.1" 200 6245
124.77.240.52 - - [11/Dec/2021:11:01:48 +0800] "GET /xingrg/kc/buy/cgsh_order_operate.html?command=get_materiel&rest_code=00146&code=00101008069&supplier_code=00100005&order_time=2021-12-11 HTTP/1.1" 200 412
120.253.135.82 - - [11/Dec/2021:11:01:49 +0800] "GET /xingrg/all/function/internal_message.html?_=1639191485292&CODE_STATE=getMsg HTTP/1.1" 200 27
116.238.208.177 - - [11/Dec/2021:11:01:52 +0800] "POST /xingrg/kc/base/wldb_list_operate.html HTTP/1.1" 200 599
61.172.28.229 - - [11/Dec/2021:11:01:52 +0800] "GET /xingrg/all/function/internal_message.html?_=1639191646830&CODE_STATE=getMsg HTTP/1.1" 200 27
58.37.151.13 - - [11/Dec/2021:11:01:54 +0800] "POST /xingrg/supplier/cgsh_list_operate.html HTTP/1.1" 200 5449
101.83.241.214 - - [11/Dec/2021:11:01:56 +0800] "GET /xingrg/all/function/internal_message.html?_=1639191713178&CODE_STATE=getMsg HTTP/1.1" 200 27
180.169.147.146 - - [11/Dec/2021:11:01:57 +0800] "GET /xingrg/all/function/internal_message.html?_=1639191712778&CODE_STATE=getMsg HTTP/1.1" 200 27
180.169.147.146 - - [11/Dec/2021:11:01:59 +0800] "GET /xingrg/all/function/internal_message.html?_=1639191720349&CODE_STATE=getMsg HTTP/1.1" 302 -
116.238.208.177 - - [11/Dec/2021:11:02:00 +0800] "POST /xingrg/kc/base/wldb_list_operate.html HTTP/1.1" 200 600
58.37.151.13 - - [11/Dec/2021:11:02:00 +0800] "POST /xingrg/supplier/cgsh_list_operate.html HTTP/1.1" 200 928
124.77.240.52 - - [11/Dec/2021:11:02:02 +0800] "POST /xingrg/kc/buy/cgsh_order_operate.html HTTP/1.1" 200 2065
222.70.176.97 - - [11/Dec/2021:11:02:03 +0800] "GET /xingrg/all/function/internal_message.html?_=1639191717854&CODE_STATE=getMsg HTTP/1.1" 200 27
116.238.208.177 - - [11/Dec/2021:11:02:05 +0800] "GET /xingrg/kc/base/wldb_order_info.html?code=422021120800811 HTTP/1.1" 200 26152
116.238.208.177 - - [11/Dec/2021:11:02:05 +0800] "POST /xingrg/kc/base/wldb_order_operate.html HTTP/1.1" 200 2851
116.238.208.177 - - [11/Dec/2021:11:02:05 +0800] "GET /xingrg/javascript/easyui/themes/default/validatebox.css HTTP/1.1" 404 1104
58.37.151.13 - - [11/Dec/2021:11:02:06 +0800] "POST /xingrg/supplier/cgsh_list_operate.html HTTP/1.1" 200 5329
58.37.8.98 - - [11/Dec/2021:11:02:10 +0800] "POST /xingrg/kc/buy/cgsh_order_operate.html HTTP/1.1" 200 37
114.86.227.218 - - [11/Dec/2021:11:02:11 +0800] "GET /xingrg/all/function/internal_message.html?_=1639191728813&CODE_STATE=getMsg HTTP/1.1" 200 27
114.86.227.218 - - [11/Dec/2021:11:02:11 +0800] "GET /xingrg/check_reg.html?_=1639191728814 HTTP/1.1" 200 22
116.238.208.177 - - [11/Dec/2021:11:02:12 +0800] "POST /xingrg/kc/base/wldb_list_operate.html HTTP/1.1" 200 371
222.70.176.97 - - [11/Dec/2021:11:02:16 +0800] "GET /xingrg/all/function/internal_message.html?_=1639191399586&CODE_STATE=getMsg HTTP/1.1" 302 -
58.37.8.98 - - [11/Dec/2021:11:02:19 +0800] "POST /xingrg/kc/buy/cgsh_order_operate.html HTTP/1.1" 200 12
58.37.151.13 - - [11/Dec/2021:11:02:20 +0800] "POST /xingrg/supplier/cgsh_list_operate.html HTTP/1.1" 200 5448
124.77.240.52 - - [11/Dec/2021:11:02:20 +0800] "GET /xingrg/all/function/internal_message.html?_=1639191759342&CODE_STATE=getMsg HTTP/1.1" 200 27
58.37.8.98 - - [11/Dec/2021:11:02:21 +0800] "GET /xingrg/kc/buy/cgsh_order_info.html?code=212021121104341 HTTP/1.1" 200 59917
58.37.8.98 - - [11/Dec/2021:11:02:21 +0800] "GET /xingrg/javascript/easyui/themes/default/validatebox.css HTTP/1.1" 404 1104
116.238.248.233 - - [11/Dec/2021:11:02:21 +0800] "GET /xingrg/all/function/internal_message.html?_=1639191738386&CODE_STATE=getMsg HTTP/1.1" 200 27
58.37.8.98 - - [11/Dec/2021:11:02:22 +0800] "POST /xingrg/kc/buy/cgsh_order_operate.html HTTP/1.1" 200 21864
58.37.8.98 - - [11/Dec/2021:11:02:24 +0800] "GET /xingrg/kc/print/load_data.html?order_code=212021121104341&kc_code=cgsh&condition= HTTP/1.1" 200 8784
116.227.210.113 - - [11/Dec/2021:11:02:26 +0800] "GET /xingrg/all/function/internal_message.html?_=1639191741110&CODE_STATE=getMsg HTTP/1.1" 200 27
124.77.240.52 - - [11/Dec/2021:11:02:27 +0800] "GET /xingrg/all/function/internal_message.html?_=1639191763213&CODE_STATE=getMsg HTTP/1.1" 302 -
124.77.240.52 - - [11/Dec/2021:11:02:27 +0800] "GET /xingrg/kc/buy/cgsh_order_operate.html?command=get_materiel&rest_code=00146&code=00101008318&supplier_code=00100005&order_time=2021-12-11 HTTP/1.1" 200 408
114.85.125.222 - - [11/Dec/2021:11:02:31 +0800] "GET /xingrg/check_reg.html?_=1639191706486 HTTP/1.1" 200 22
114.85.125.222 - - [11/Dec/2021:11:02:31 +0800] "GET /xingrg/all/function/internal_message.html?_=1639191706987&CODE_STATE=getMsg HTTP/1.1" 200 27
58.37.151.13 - - [11/Dec/2021:11:02:32 +0800] "POST /xingrg/supplier/cgsh_list_operate.html HTTP/1.1" 200 4633
58.37.8.98 - - [11/Dec/2021:11:02:32 +0800] "GET /xingrg/check_reg.html?_=1639191566880 HTTP/1.1" 200 22
58.37.8.98 - - [11/Dec/2021:11:02:32 +0800] "GET /xingrg/all/function/internal_message.html?_=1639191566897&CODE_STATE=getMsg HTTP/1.1" 200 27
116.238.208.177 - - [11/Dec/2021:11:02:34 +0800] "GET /xingrg/all/function/internal_message.html?_=1639191752452&CODE_STATE=getMsg HTTP/1.1" 200 27
124.78.153.86 - - [11/Dec/2021:11:02:36 +0800] "GET /xingrg/all/function/internal_message.html?_=1639191759730&CODE_STATE=getMsg HTTP/1.1" 200 27
116.238.208.177 - - [11/Dec/2021:11:02:38 +0800] "POST /xingrg/kc/base/wldb_list_operate.html HTTP/1.1" 200 6225
124.77.240.52 - - [11/Dec/2021:11:02:39 +0800] "GET /xingrg/kc/buy/cgsh_order_operate.html?command=get_materiel&rest_code=00146&code=00101008352&supplier_code=00100005&order_time=2021-12-11 HTTP/1.1" 200 412
116.238.208.177 - - [11/Dec/2021:11:02:42 +0800] "POST /xingrg/kc/base/wldb_list_operate.html HTTP/1.1" 200 6254
58.37.151.13 - - [11/Dec/2021:11:02:42 +0800] "POST /xingrg/supplier/cgsh_list_operate.html HTTP/1.1" 200 5326
116.238.208.177 - - [11/Dec/2021:11:02:45 +0800] "POST /xingrg/kc/base/wldb_list_operate.html HTTP/1.1" 200 208
116.238.208.177 - - [11/Dec/2021:11:02:47 +0800] "POST /xingrg/kc/base/wldb_list_operate.html HTTP/1.1" 200 366
120.253.135.82 - - [11/Dec/2021:11:02:49 +0800] "GET /xingrg/all/function/internal_message.html?_=1639191545305&CODE_STATE=getMsg HTTP/1.1" 200 27
58.37.151.13 - - [11/Dec/2021:11:02:50 +0800] "POST /xingrg/supplier/cgsh_list_operate.html HTTP/1.1" 200 5451
61.172.28.229 - - [11/Dec/2021:11:02:52 +0800] "GET /xingrg/check_reg.html?_=1639191706806 HTTP/1.1" 200 22
61.172.28.229 - - [11/Dec/2021:11:02:52 +0800] "GET /xingrg/all/function/internal_message.html?_=1639191706809&CODE_STATE=getMsg HTTP/1.1" 200 27
116.238.208.177 - - [11/Dec/2021:11:02:54 +0800] "POST /xingrg/kc/base/wldb_list_operate.html HTTP/1.1" 200 6245
101.83.241.214 - - [11/Dec/2021:11:02:56 +0800] "GET /xingrg/all/function/internal_message.html?_=1639191773163&CODE_STATE=getMsg HTTP/1.1" 200 27
101.83.241.214 - - [11/Dec/2021:11:02:56 +0800] "GET /xingrg/check_reg.html?_=1639191773637 HTTP/1.1" 200 22
180.169.147.146 - - [11/Dec/2021:11:02:57 +0800] "GET /xingrg/all/function/internal_message.html?_=1639191772767&CODE_STATE=getMsg HTTP/1.1" 200 27
116.238.208.177 - - [11/Dec/2021:11:02:58 +0800] "POST /xingrg/kc/base/wldb_list_operate.html HTTP/1.1" 200 199
180.169.147.146 - - [11/Dec/2021:11:02:59 +0800] "GET /xingrg/all/function/internal_message.html?_=1639191780320&CODE_STATE=getMsg HTTP/1.1" 302 -
222.70.176.97 - - [11/Dec/2021:11:03:03 +0800] "GET /xingrg/all/function/internal_message.html?_=1639191777839&CODE_STATE=getMsg HTTP/1.1" 200 27
222.70.176.97 - - [11/Dec/2021:11:03:03 +0800] "GET /xingrg/check_reg.html?_=1639191777980 HTTP/1.1" 200 22
116.238.208.177 - - [11/Dec/2021:11:03:07 +0800] "GET /xingrg/kc/base/wldb_order_info.html?code=422021120600614 HTTP/1.1" 200 26153
116.238.208.177 - - [11/Dec/2021:11:03:08 +0800] "POST /xingrg/kc/base/wldb_order_operate.html HTTP/1.1" 200 476
116.238.208.177 - - [11/Dec/2021:11:03:08 +0800] "GET /xingrg/javascript/easyui/themes/default/validatebox.css HTTP/1.1" 404 1104
58.37.151.13 - - [11/Dec/2021:11:03:11 +0800] "POST /xingrg/supplier/cgsh_list_operate.html HTTP/1.1" 200 5806
114.86.227.218 - - [11/Dec/2021:11:03:11 +0800] "GET /xingrg/all/function/internal_message.html?_=1639191788815&CODE_STATE=getMsg HTTP/1.1" 200 27
61.172.28.229 - - [11/Dec/2021:11:03:12 +0800] "GET /xingrg/kc/buy/cgsh_order_operate.html?command=get_materiel&rest_code=00105&code=00101008356&supplier_code=00100203&order_time=2021-12-11 HTTP/1.1" 200 408
124.77.240.52 - - [11/Dec/2021:11:03:12 +0800] "GET /xingrg/kc/buy/cgsh_order_operate.html?command=get_materiel&rest_code=00146&code=00101008005&supplier_code=00100005&order_time=2021-12-11 HTTP/1.1" 200 412
222.70.176.97 - - [11/Dec/2021:11:03:16 +0800] "GET /xingrg/all/function/internal_message.html?_=1639191459586&CODE_STATE=getMsg HTTP/1.1" 302 -
222.70.176.97 - - [11/Dec/2021:11:03:16 +0800] "GET /xingrg/check_reg.html?_=1639191459587 HTTP/1.1" 302 -
124.77.240.52 - - [11/Dec/2021:11:03:16 +0800] "POST /xingrg/kc/buy/cgsh_order_operate.html HTTP/1.1" 200 2065
124.77.240.52 - - [11/Dec/2021:11:03:20 +0800] "GET /xingrg/all/function/internal_message.html?_=1639191819355&CODE_STATE=getMsg HTTP/1.1" 200 27
61.151.178.249 - - [11/Dec/2021:11:03:21 +0800] "GET /xingrg/all/function/internal_message.html?_=1639189745046&CODE_STATE=getMsg HTTP/1.1" 302 -
58.37.151.13 - - [11/Dec/2021:11:03:21 +0800] "POST /xingrg/supplier/cgsh_list_operate.html HTTP/1.1" 200 5448
116.238.208.177 - - [11/Dec/2021:11:03:21 +0800] "POST /xingrg/kc/base/wldb_list_operate.html HTTP/1.1" 200 295
116.238.248.233 - - [11/Dec/2021:11:03:21 +0800] "GET /xingrg/all/function/internal_message.html?_=1639191798401&CODE_STATE=getMsg HTTP/1.1" 200 27
61.151.178.249 - - [11/Dec/2021:11:03:21 +0800] "GET /xingrg/login.html HTTP/1.1" 200 7641
61.172.28.229 - - [11/Dec/2021:11:03:22 +0800] "POST /xingrg/kc/buy/cgsh_order_operate.html HTTP/1.1" 200 2065
116.238.208.177 - - [11/Dec/2021:11:03:24 +0800] "GET /xingrg/kc/base/wldb_order_info.html?code=422021120500543 HTTP/1.1" 200 26152
116.238.208.177 - - [11/Dec/2021:11:03:25 +0800] "POST /xingrg/kc/base/wldb_order_operate.html HTTP/1.1" 200 971
116.238.208.177 - - [11/Dec/2021:11:03:25 +0800] "GET /xingrg/javascript/easyui/themes/default/validatebox.css HTTP/1.1" 404 1104
116.227.210.113 - - [11/Dec/2021:11:03:26 +0800] "GET /xingrg/all/function/internal_message.html?_=1639191802970&CODE_STATE=getMsg HTTP/1.1" 200 27
124.77.240.52 - - [11/Dec/2021:11:03:27 +0800] "GET /xingrg/all/function/internal_message.html?_=1639191823224&CODE_STATE=getMsg HTTP/1.1" 302 -
58.37.151.13 - - [11/Dec/2021:11:03:30 +0800] "POST /xingrg/supplier/cgsh_list_operate.html HTTP/1.1" 200 5329
114.85.125.222 - - [11/Dec/2021:11:03:31 +0800] "GET /xingrg/all/function/internal_message.html?_=1639191767001&CODE_STATE=getMsg HTTP/1.1" 200 27
58.37.8.98 - - [11/Dec/2021:11:03:32 +0800] "GET /xingrg/all/function/internal_message.html?_=1639191626881&CODE_STATE=getMsg HTTP/1.1" 200 27
61.172.28.229 - - [11/Dec/2021:11:03:33 +0800] "GET /xingrg/kc/buy/cgsh_order_operate.html?command=get_materiel&rest_code=00105&code=00101008300&supplier_code=00100203&order_time=2021-12-11 HTTP/1.1" 200 412
116.238.208.177 - - [11/Dec/2021:11:03:34 +0800] "GET /xingrg/all/function/internal_message.html?_=1639191812461&CODE_STATE=getMsg HTTP/1.1" 200 27
124.78.153.86 - - [11/Dec/2021:11:03:36 +0800] "GET /xingrg/all/function/internal_message.html?_=1639191819710&CODE_STATE=getMsg HTTP/1.1" 200 27
124.77.240.52 - - [11/Dec/2021:11:03:43 +0800] "GET /xingrg/kc/buy/cgsh_order_operate.html?command=get_materiel&rest_code=00146&code=00101015068&supplier_code=00100005&order_time=2021-12-11 HTTP/1.1" 200 412
58.37.151.13 - - [11/Dec/2021:11:03:45 +0800] "POST /xingrg/supplier/cgsh_list_operate.html HTTP/1.1" 200 5044
116.238.208.177 - - [11/Dec/2021:11:03:46 +0800] "POST /xingrg/kc/base/wldb_list_operate.html HTTP/1.1" 200 6244
120.253.135.82 - - [11/Dec/2021:11:03:49 +0800] "GET /xingrg/all/function/internal_message.html?_=1639191605376&CODE_STATE=getMsg HTTP/1.1" 200 27
116.238.208.177 - - [11/Dec/2021:11:03:50 +0800] "POST /xingrg/kc/base/wldb_list_operate.html HTTP/1.1" 200 368
61.172.28.229 - - [11/Dec/2021:11:03:52 +0800] "GET /xingrg/all/function/internal_message.html?_=1639191766812&CODE_STATE=getMsg HTTP/1.1" 200 27
124.77.240.52 - - [11/Dec/2021:11:03:55 +0800] "GET /xingrg/kc/buy/cgsh_order_operate.html?command=get_materiel&rest_code=00146&code=00101008283&supplier_code=00100005&order_time=2021-12-11 HTTP/1.1" 200 408
116.238.208.177 - - [11/Dec/2021:11:03:56 +0800] "POST /xingrg/kc/base/wldb_list_operate.html HTTP/1.1" 200 611
101.83.241.214 - - [11/Dec/2021:11:03:56 +0800] "GET /xingrg/all/function/internal_message.html?_=1639191833162&CODE_STATE=getMsg HTTP/1.1" 200 27
61.172.28.229 - - [11/Dec/2021:11:03:56 +0800] "GET /xingrg/kc/buy/cgsh_order_operate.html?command=get_materiel&rest_code=00105&code=00101008251&supplier_code=00100203&order_time=2021-12-11 HTTP/1.1" 200 408
180.169.147.146 - - [11/Dec/2021:11:03:57 +0800] "GET /xingrg/all/function/internal_message.html?_=1639191832755&CODE_STATE=getMsg HTTP/1.1" 200 27
116.238.208.177 - - [11/Dec/2021:11:03:59 +0800] "GET /xingrg/kc/base/wldb_order_info.html?code=422021120400370 HTTP/1.1" 200 26153
180.169.147.146 - - [11/Dec/2021:11:03:59 +0800] "GET /xingrg/all/function/internal_message.html?_=1639191840304&CODE_STATE=getMsg HTTP/1.1" 302 -
58.37.151.13 - - [11/Dec/2021:11:03:59 +0800] "POST /xingrg/supplier/cgsh_list_operate.html HTTP/1.1" 200 2598
116.238.208.177 - - [11/Dec/2021:11:04:00 +0800] "POST /xingrg/kc/base/wldb_order_operate.html HTTP/1.1" 200 3324
116.238.208.177 - - [11/Dec/2021:11:04:00 +0800] "GET /xingrg/javascript/easyui/themes/default/validatebox.css HTTP/1.1" 404 1104
222.70.176.97 - - [11/Dec/2021:11:04:03 +0800] "GET /xingrg/all/function/internal_message.html?_=1639191837823&CODE_STATE=getMsg HTTP/1.1" 200 27
124.77.240.52 - - [11/Dec/2021:11:04:07 +0800] "GET /xingrg/kc/buy/cgsh_order_operate.html?command=get_materiel&rest_code=00146&code=00101008323&supplier_code=00100005&order_time=2021-12-11 HTTP/1.1" 200 408
58.37.151.13 - - [11/Dec/2021:11:04:10 +0800] "POST /xingrg/supplier/cgsh_list_operate.html HTTP/1.1" 200 6116
114.86.227.218 - - [11/Dec/2021:11:04:11 +0800] "GET /xingrg/all/function/internal_message.html?_=1639191848818&CODE_STATE=getMsg HTTP/1.1" 200 27
222.70.176.97 - - [11/Dec/2021:11:04:16 +0800] "GET /xingrg/all/function/internal_message.html?_=1639191519587&CODE_STATE=getMsg HTTP/1.1" 302 -
124.77.240.52 - - [11/Dec/2021:11:04:16 +0800] "POST /xingrg/kc/buy/cgsh_order_operate.html HTTP/1.1" 200 2065
116.238.208.177 - - [11/Dec/2021:11:04:18 +0800] "GET /xingrg/kc/base/wldb_order_add.html HTTP/1.1" 200 30270
124.77.240.52 - - [11/Dec/2021:11:04:20 +0800] "GET /xingrg/all/function/internal_message.html?_=1639191879370&CODE_STATE=getMsg HTTP/1.1" 200 27
116.238.208.177 - - [11/Dec/2021:11:04:20 +0800] "POST /xingrg/kc/base/wldb_order_operate.html HTTP/1.1" 200 6806
116.238.208.177 - - [11/Dec/2021:11:04:20 +0800] "GET /xingrg/all/common/auto_word.html?type=base&rest_code=00102 HTTP/1.1" 200 1757
116.238.208.177 - - [11/Dec/2021:11:04:20 +0800] "GET /xingrg/all/common/auto_word.html?type=base&rest_code=00102 HTTP/1.1" 200 1757
116.238.208.177 - - [11/Dec/2021:11:04:21 +0800] "GET /xingrg/javascript/easyui/themes/default/validatebox.css HTTP/1.1" 404 1104
116.238.248.233 - - [11/Dec/2021:11:04:21 +0800] "GET /xingrg/all/function/internal_message.html?_=1639191858407&CODE_STATE=getMsg HTTP/1.1" 200 27
116.238.208.177 - - [11/Dec/2021:11:04:22 +0800] "POST /xingrg/all/common/load_combo.html?type=base HTTP/1.1" 200 3145
180.169.147.146 - - [11/Dec/2021:11:04:22 +0800] "GET /xingrg/check_reg.html?_=1639191858121 HTTP/1.1" 200 22
124.77.240.52 - - [11/Dec/2021:11:04:23 +0800] "GET /xingrg/kc/buy/cgsh_order_operate.html?command=get_materiel&rest_code=00146&code=00101020152&supplier_code=00100005&order_time=2021-12-11 HTTP/1.1" 200 416
124.77.240.52 - - [11/Dec/2021:11:04:25 +0800] "GET /xingrg/check_reg.html?_=1639191881927 HTTP/1.1" 302 -
116.227.210.113 - - [11/Dec/2021:11:04:26 +0800] "GET /xingrg/all/function/internal_message.html?_=1639191862964&CODE_STATE=getMsg HTTP/1.1" 200 27
116.227.210.113 - - [11/Dec/2021:11:04:26 +0800] "GET /xingrg/check_reg.html?_=1639191862967 HTTP/1.1" 200 22
124.77.240.52 - - [11/Dec/2021:11:04:27 +0800] "GET /xingrg/all/function/internal_message.html?_=1639191883238&CODE_STATE=getMsg HTTP/1.1" 302 -
61.172.28.229 - - [11/Dec/2021:11:04:28 +0800] "GET /xingrg/kc/buy/cgsh_order_operate.html?command=get_materiel&rest_code=00105&code=00101008137&supplier_code=00100203&order_time=2021-12-11 HTTP/1.1" 200 408
114.85.125.222 - - [11/Dec/2021:11:04:31 +0800] "GET /xingrg/all/function/internal_message.html?_=1639191827015&CODE_STATE=getMsg HTTP/1.1" 200 27
58.37.8.98 - - [11/Dec/2021:11:04:32 +0800] "GET /xingrg/all/function/internal_message.html?_=1639191686869&CODE_STATE=getMsg HTTP/1.1" 200 27
124.77.240.52 - - [11/Dec/2021:11:04:35 +0800] "GET /xingrg/kc/buy/cgsh_order_operate.html?command=get_materiel&rest_code=00146&code=00101008236&supplier_code=00100005&order_time=2021-12-11 HTTP/1.1" 200 416
124.78.153.86 - - [11/Dec/2021:11:04:36 +0800] "GET /xingrg/all/function/internal_message.html?_=1639191879691&CODE_STATE=getMsg HTTP/1.1" 200 27
124.77.240.52 - - [11/Dec/2021:11:04:47 +0800] "GET /xingrg/kc/buy/cgsh_order_operate.html?command=get_materiel&rest_code=00146&code=00101008471&supplier_code=00100005&order_time=2021-12-11 HTTP/1.1" 200 394
120.253.135.82 - - [11/Dec/2021:11:04:49 +0800] "GET /xingrg/all/function/internal_message.html?_=1639191665379&CODE_STATE=getMsg HTTP/1.1" 200 27
61.172.28.229 - - [11/Dec/2021:11:04:52 +0800] "GET /xingrg/all/function/internal_message.html?_=1639191826830&CODE_STATE=getMsg HTTP/1.1" 200 27
101.83.241.214 - - [11/Dec/2021:11:04:56 +0800] "GET /xingrg/all/function/internal_message.html?_=1639191893148&CODE_STATE=getMsg HTTP/1.1" 200 27
180.169.147.146 - - [11/Dec/2021:11:04:57 +0800] "GET /xingrg/all/function/internal_message.html?_=1639191892728&CODE_STATE=getMsg HTTP/1.1" 200 27
124.77.240.52 - - [11/Dec/2021:11:04:59 +0800] "GET /xingrg/kc/buy/cgsh_order_operate.html?command=get_materiel&rest_code=00146&code=00101008121&supplier_code=00100005&order_time=2021-12-11 HTTP/1.1" 200 413
180.169.147.146 - - [11/Dec/2021:11:04:59 +0800] "GET /xingrg/all/function/internal_message.html?_=1639191900290&CODE_STATE=getMsg HTTP/1.1" 302 -
116.238.208.177 - - [11/Dec/2021:11:05:01 +0800] "GET /xingrg/login.html HTTP/1.1" 200 7641
180.169.147.146 - - [11/Dec/2021:11:05:02 +0800] "GET /xingrg/check_reg.html?_=1639191902588 HTTP/1.1" 302 -
116.238.208.177 - - [11/Dec/2021:11:05:02 +0800] "GET /xingrg/images/blue/jxLogo.png HTTP/1.1" 304 -
116.238.208.177 - - [11/Dec/2021:11:05:02 +0800] "GET /xingrg/images/blue/login_bg.png HTTP/1.1" 304 -
116.238.208.177 - - [11/Dec/2021:11:05:02 +0800] "GET /xingrg/images/blue/hj.png HTTP/1.1" 304 -
116.238.208.177 - - [11/Dec/2021:11:05:02 +0800] "GET /xingrg/images/blue/srbg.png HTTP/1.1" 304 -
116.238.208.177 - - [11/Dec/2021:11:05:03 +0800] "GET /favicon.ico HTTP/1.1" 404 -
222.70.176.97 - - [11/Dec/2021:11:05:03 +0800] "GET /xingrg/all/function/internal_message.html?_=1639191897806&CODE_STATE=getMsg HTTP/1.1" 200 27
61.172.28.229 - - [11/Dec/2021:11:05:08 +0800] "GET /xingrg/kc/buy/cgsh_order_operate.html?command=get_materiel&rest_code=00105&code=00101008108&supplier_code=00100203&order_time=2021-12-11 HTTP/1.1" 200 412
114.86.227.218 - - [11/Dec/2021:11:05:11 +0800] "GET /xingrg/all/function/internal_message.html?_=1639191908819&CODE_STATE=getMsg HTTP/1.1" 200 27
124.77.240.52 - - [11/Dec/2021:11:05:11 +0800] "GET /xingrg/kc/buy/cgsh_order_operate.html?command=get_materiel&rest_code=00146&code=00101008350&supplier_code=00100005&order_time=2021-12-11 HTTP/1.1" 200 408
61.172.28.229 - - [11/Dec/2021:11:05:15 +0800] "POST /xingrg/kc/buy/cgsh_order_operate.html HTTP/1.1" 200 2065
124.77.240.52 - - [11/Dec/2021:11:05:15 +0800] "POST /xingrg/kc/buy/cgsh_order_operate.html HTTP/1.1" 200 2065
222.70.176.97 - - [11/Dec/2021:11:05:16 +0800] "GET /xingrg/all/function/internal_message.html?_=1639191579586&CODE_STATE=getMsg HTTP/1.1" 302 -
124.77.240.52 - - [11/Dec/2021:11:05:20 +0800] "GET /xingrg/all/function/internal_message.html?_=1639191939382&CODE_STATE=getMsg HTTP/1.1" 200 27
116.238.248.233 - - [11/Dec/2021:11:05:21 +0800] "GET /xingrg/all/function/internal_message.html?_=1639191918411&CODE_STATE=getMsg HTTP/1.1" 200 27
116.238.248.233 - - [11/Dec/2021:11:05:21 +0800] "GET /xingrg/check_reg.html?_=1639191918419 HTTP/1.1" 200 22
116.227.210.113 - - [11/Dec/2021:11:05:26 +0800] "GET /xingrg/all/function/internal_message.html?_=1639191922970&CODE_STATE=getMsg HTTP/1.1" 200 27
124.77.240.52 - - [11/Dec/2021:11:05:27 +0800] "GET /xingrg/all/function/internal_message.html?_=1639191943253&CODE_STATE=getMsg HTTP/1.1" 302 -
61.172.28.229 - - [11/Dec/2021:11:05:27 +0800] "GET /xingrg/kc/buy/cgsh_order_operate.html?command=get_materiel&rest_code=00105&code=00101008098&supplier_code=00100203&order_time=2021-12-11 HTTP/1.1" 200 412
116.238.208.177 - - [11/Dec/2021:11:05:29 +0800] "POST /xingrg/login.do HTTP/1.1" 302 -
116.238.208.177 - - [11/Dec/2021:11:05:29 +0800] "GET /xingrg/index.html?sysBaseUrl=http%3A%2F%2F180.169.147.146%3A18081%2Fxingrg%2F&costTime=41×tamp=1639191929917 HTTP/1.1" 200 17173
116.238.208.177 - - [11/Dec/2021:11:05:29 +0800] "GET /xingrg/javascript/jquery_easy_ui/themes/icon.css HTTP/1.1" 304 -
116.238.208.177 - - [11/Dec/2021:11:05:29 +0800] "GET /xingrg/javascript/jquery-1.4.2.min.js HTTP/1.1" 304 -
116.238.208.177 - - [11/Dec/2021:11:05:29 +0800] "GET /xingrg/css/form.css HTTP/1.1" 304 -
116.238.208.177 - - [11/Dec/2021:11:05:29 +0800] "GET /xingrg/javascript/jquery_easy_ui/jquery.easyui.min.js HTTP/1.1" 304 -
116.238.208.177 - - [11/Dec/2021:11:05:29 +0800] "GET /xingrg/javascript/jquery_easy_ui/themes/default/easyui.css HTTP/1.1" 304 -
116.238.208.177 - - [11/Dec/2021:11:05:30 +0800] "GET /xingrg/javascript/jquery.form.js HTTP/1.1" 304 -
116.238.208.177 - - [11/Dec/2021:11:05:30 +0800] "GET /xingrg/javascript/jquery.utils.js HTTP/1.1" 304 -
116.238.208.177 - - [11/Dec/2021:11:05:30 +0800] "GET /xingrg/javascript/jquery.timers.js HTTP/1.1" 304 -
116.238.208.177 - - [11/Dec/2021:11:05:30 +0800] "GET /xingrg/javascript/jquery_easy_ui/easyui-lang-zh_CN.js HTTP/1.1" 304 -
116.238.208.177 - - [11/Dec/2021:11:05:30 +0800] "GET /favicon.ico HTTP/1.1" 404 -
116.238.208.177 - - [11/Dec/2021:11:05:30 +0800] "GET /xingrg/images/blue/navBackgound.jpg HTTP/1.1" 304 -
116.238.208.177 - - [11/Dec/2021:11:05:30 +0800] "GET /xingrg/javascript/jquery_easy_ui/themes/icons/settle_new.png HTTP/1.1" 304 -
116.238.208.177 - - [11/Dec/2021:11:05:30 +0800] "POST /xingrg/all/common/load_tree.html?tree=area_rest_tree_json&manage=1 HTTP/1.1" 200 342
116.238.208.177 - - [11/Dec/2021:11:05:30 +0800] "GET /xingrg/images/blue/pingpu.png HTTP/1.1" 304 -
116.238.208.177 - - [11/Dec/2021:11:05:30 +0800] "GET /xingrg/javascript/jquery_easy_ui/themes/default/images/tabs_leftarrow.png HTTP/1.1" 304 -
116.238.208.177 - - [11/Dec/2021:11:05:30 +0800] "GET /xingrg/javascript/jquery_easy_ui/themes/default/images/panel_tool_collapse.gif HTTP/1.1" 304 -
116.238.208.177 - - [11/Dec/2021:11:05:30 +0800] "GET /xingrg/javascript/jquery_easy_ui/themes/default/images/tabs_rightarrow.png HTTP/1.1" 304 -
116.238.208.177 - - [11/Dec/2021:11:05:31 +0800] "POST /xingrg/load_menu.html HTTP/1.1" 200 5138
116.238.208.177 - - [11/Dec/2021:11:05:31 +0800] "GET /xingrg/all/function/internal_message.html?_=1639191929412&CODE_STATE=count HTTP/1.1" 200 11
116.238.208.177 - - [11/Dec/2021:11:05:31 +0800] "GET /xingrg/check_reg.html?_=1639191929414 HTTP/1.1" 200 22
116.238.208.177 - - [11/Dec/2021:11:05:31 +0800] "GET /xingrg/javascript/jquery_easy_ui/themes/default/images/tree_arrows.gif HTTP/1.1" 304 -
114.85.125.222 - - [11/Dec/2021:11:05:31 +0800] "GET /xingrg/all/function/internal_message.html?_=1639191887040&CODE_STATE=getMsg HTTP/1.1" 200 27
116.238.208.177 - - [11/Dec/2021:11:05:31 +0800] "GET /xingrg/javascript/jquery_easy_ui/themes/default/images/tree_folder_open.gif HTTP/1.1" 304 -
116.238.208.177 - - [11/Dec/2021:11:05:31 +0800] "GET /xingrg/javascript/jquery_easy_ui/themes/icons/search_new.png HTTP/1.1" 304 -
116.238.208.177 - - [11/Dec/2021:11:05:31 +0800] "GET /xingrg/javascript/jquery_easy_ui/themes/default/images/tree_folder.gif HTTP/1.1" 304 -
116.238.208.177 - - [11/Dec/2021:11:05:31 +0800] "GET /xingrg/javascript/jquery_easy_ui/themes/icons/storage_new.png HTTP/1.1" 304 -
116.238.208.177 - - [11/Dec/2021:11:05:31 +0800] "GET /xingrg/javascript/jquery_easy_ui/themes/icons/forms_new.png HTTP/1.1" 304 -
116.238.208.177 - - [11/Dec/2021:11:05:31 +0800] "GET /xingrg/javascript/jquery_easy_ui/themes/default/images/tree_file.gif HTTP/1.1" 304 -
58.37.8.98 - - [11/Dec/2021:11:05:33 +0800] "GET /xingrg/all/function/internal_message.html?_=1639191746937&CODE_STATE=getMsg HTTP/1.1" 200 27
116.238.208.177 - - [11/Dec/2021:11:05:33 +0800] "GET /xingrg/javascript/jquery_easy_ui/themes/default/images/tabs_close.gif HTTP/1.1" 304 -
116.238.208.177 - - [11/Dec/2021:11:05:33 +0800] "GET /xingrg/kc/base/wldb_order_list.html HTTP/1.1" 200 19060
116.238.208.177 - - [11/Dec/2021:11:05:33 +0800] "GET /xingrg/css/base.css HTTP/1.1" 304 -
116.238.208.177 - - [11/Dec/2021:11:05:33 +0800] "GET /xingrg/css/site.css HTTP/1.1" 304 -
116.238.208.177 - - [11/Dec/2021:11:05:33 +0800] "GET /xingrg/javascript/jquery_tools/datebox.css HTTP/1.1" 304 -
116.238.208.177 - - [11/Dec/2021:11:05:33 +0800] "GET /xingrg/javascript/easyui/themes/default/easyui.css HTTP/1.1" 304 -
116.238.208.177 - - [11/Dec/2021:11:05:33 +0800] "GET /xingrg/javascript/jquery_tools/fix.css HTTP/1.1" 304 -
116.238.208.177 - - [11/Dec/2021:11:05:33 +0800] "GET /xingrg/javascript/easyui/themes/icon.css HTTP/1.1" 304 -
116.238.208.177 - - [11/Dec/2021:11:05:33 +0800] "GET /xingrg/javascript/jquery_tools/jquery.tools.hotkey.js HTTP/1.1" 304 -
116.238.208.177 - - [11/Dec/2021:11:05:33 +0800] "GET /xingrg/javascript/easyui/easyloader.js HTTP/1.1" 304 -
116.238.208.177 - - [11/Dec/2021:11:05:33 +0800] "GET /xingrg/javascript/jquery_tools/list_manager.js HTTP/1.1" 304 -
116.238.208.177 - - [11/Dec/2021:11:05:33 +0800] "GET /xingrg/javascript/jquery_tools/table.css HTTP/1.1" 304 -
116.238.208.177 - - [11/Dec/2021:11:05:33 +0800] "GET /xingrg/javascript/auto/jquery.autocomplete.css HTTP/1.1" 304 -
116.238.208.177 - - [11/Dec/2021:11:05:33 +0800] "GET /xingrg/javascript/print/LodopFuncs.js HTTP/1.1" 304 -
116.238.208.177 - - [11/Dec/2021:11:05:33 +0800] "GET /xingrg/javascript/jquery_tools/jquery.tools.min.js HTTP/1.1" 304 -
116.238.208.177 - - [11/Dec/2021:11:05:33 +0800] "GET /xingrg/javascript/jquery_tools/jquery.tools.extend.js HTTP/1.1" 304 -
116.238.208.177 - - [11/Dec/2021:11:05:33 +0800] "GET /xingrg/javascript/jquery.cookie.js HTTP/1.1" 304 -
116.238.208.177 - - [11/Dec/2021:11:05:33 +0800] "GET /xingrg/javascript/auto/jquery.autocomplete.js HTTP/1.1" 304 -
116.238.208.177 - - [11/Dec/2021:11:05:33 +0800] "GET /xingrg/javascript/jquery_tools/jquery.tools.table.js HTTP/1.1" 304 -
116.238.208.177 - - [11/Dec/2021:11:05:33 +0800] "GET /xingrg/javascript/easyui/themes/icons/edit_add_new.png HTTP/1.1" 304 -
116.238.208.177 - - [11/Dec/2021:11:05:33 +0800] "GET /xingrg/javascript/easyui/themes/icons/cance_new.png HTTP/1.1" 304 -
116.238.208.177 - - [11/Dec/2021:11:05:33 +0800] "GET /xingrg/javascript/easyui/themes/icons/check_new.png HTTP/1.1" 304 -
116.238.208.177 - - [11/Dec/2021:11:05:33 +0800] "GET /xingrg/javascript/easyui/themes/icons/field_new.png HTTP/1.1" 304 -
116.238.208.177 - - [11/Dec/2021:11:05:33 +0800] "GET /xingrg/javascript/easyui/themes/icons/import_new.png HTTP/1.1" 304 -
116.238.208.177 - - [11/Dec/2021:11:05:34 +0800] "GET /xingrg/javascript/easyui/plugins/jquery.parser.js HTTP/1.1" 304 -
116.238.208.177 - - [11/Dec/2021:11:05:34 +0800] "GET /xingrg/images/control/ajaxLoader.gif HTTP/1.1" 304 -
116.238.208.177 - - [11/Dec/2021:11:05:34 +0800] "POST /xingrg/kc/base/wldb_list_operate.html HTTP/1.1" 200 928
124.78.153.86 - - [11/Dec/2021:11:05:36 +0800] "GET /xingrg/all/function/internal_message.html?_=1639191939673&CODE_STATE=getMsg HTTP/1.1" 200 27
116.238.208.177 - - [11/Dec/2021:11:05:38 +0800] "GET /xingrg/javascript/easyui/themes/default/images/button_plain_hover.png HTTP/1.1" 304 -
116.238.208.177 - - [11/Dec/2021:11:05:38 +0800] "GET /xingrg/javascript/easyui/themes/default/images/button_plain_hover.png HTTP/1.1" 304 -
116.238.208.177 - - [11/Dec/2021:11:05:39 +0800] "GET /xingrg/javascript/pic_change.js HTTP/1.1" 304 -
116.238.208.177 - - [11/Dec/2021:11:05:39 +0800] "GET /xingrg/kc/base/wldb_order_add.html HTTP/1.1" 200 30270
116.238.208.177 - - [11/Dec/2021:11:05:39 +0800] "GET /xingrg/javascript/jquery_tools/order_manager.js HTTP/1.1" 304 -
116.238.208.177 - - [11/Dec/2021:11:05:39 +0800] "GET /xingrg/javascript/convert.js HTTP/1.1" 304 -
116.238.208.177 - - [11/Dec/2021:11:05:39 +0800] "GET /xingrg/javascript/json2.js HTTP/1.1" 304 -
116.238.208.177 - - [11/Dec/2021:11:05:39 +0800] "GET /xingrg/javascript/print/kc_print.js HTTP/1.1" 304 -
116.238.208.177 - - [11/Dec/2021:11:05:39 +0800] "GET /xingrg/words/20211210161610_words.js HTTP/1.1" 304 -
116.238.208.177 - - [11/Dec/2021:11:05:40 +0800] "GET /xingrg/javascript/easyui/themes/icons/template_new.png HTTP/1.1" 304 -
116.238.208.177 - - [11/Dec/2021:11:05:40 +0800] "GET /xingrg/javascript/easyui/themes/icons/ok.png HTTP/1.1" 304 -
116.238.208.177 - - [11/Dec/2021:11:05:40 +0800] "GET /xingrg/javascript/easyui/themes/icons/print.png HTTP/1.1" 304 -
116.238.208.177 - - [11/Dec/2021:11:05:40 +0800] "GET /xingrg/javascript/easyui/themes/default/images/menu_downarrow.png HTTP/1.1" 304 -
116.238.208.177 - - [11/Dec/2021:11:05:40 +0800] "GET /xingrg/javascript/easyui/themes/icons/cancel.png HTTP/1.1" 304 -
116.238.208.177 - - [11/Dec/2021:11:05:40 +0800] "POST /xingrg/kc/base/wldb_order_operate.html HTTP/1.1" 200 6806
116.238.208.177 - - [11/Dec/2021:11:05:40 +0800] "GET /xingrg/all/common/auto_word.html?type=base&rest_code=00102 HTTP/1.1" 200 1757
116.238.208.177 - - [11/Dec/2021:11:05:40 +0800] "GET /xingrg/all/common/auto_word.html?type=base&rest_code=00102 HTTP/1.1" 200 1757
116.238.208.177 - - [11/Dec/2021:11:05:40 +0800] "GET /xingrg/javascript/easyui/themes/default/validatebox.css HTTP/1.1" 404 1104
116.238.208.177 - - [11/Dec/2021:11:05:40 +0800] "GET /xingrg/javascript/easyui/plugins/jquery.validatebox.js HTTP/1.1" 304 -
116.238.208.177 - - [11/Dec/2021:11:05:40 +0800] "GET /xingrg/javascript/easyui/themes/icons/edit_remove.png HTTP/1.1" 304 -
116.238.208.177 - - [11/Dec/2021:11:05:40 +0800] "GET /xingrg/javascript/easyui/plugins/jquery.numberbox.js HTTP/1.1" 304 -
116.238.208.177 - - [11/Dec/2021:11:05:41 +0800] "GET /xingrg/css/images/panel_loading.gif HTTP/1.1" 304 -
116.238.208.177 - - [11/Dec/2021:11:05:41 +0800] "POST /xingrg/all/common/load_combo.html?type=base HTTP/1.1" 200 3145
61.172.28.229 - - [11/Dec/2021:11:05:49 +0800] "GET /xingrg/kc/buy/cgsh_order_operate.html?command=get_materiel&rest_code=00105&code=00101008298&supplier_code=00100203&order_time=2021-12-11 HTTP/1.1" 200 412
120.253.135.82 - - [11/Dec/2021:11:05:49 +0800] "GET /xingrg/all/function/internal_message.html?_=1639191725454&CODE_STATE=getMsg HTTP/1.1" 200 27
61.172.28.229 - - [11/Dec/2021:11:05:52 +0800] "GET /xingrg/all/function/internal_message.html?_=1639191886815&CODE_STATE=getMsg HTTP/1.1" 200 27
124.77.240.52 - - [11/Dec/2021:11:05:53 +0800] "GET /xingrg/kc/buy/cgsh_order_operate.html?command=get_materiel&rest_code=00146&code=00101008096&supplier_code=00100005&order_time=2021-12-11 HTTP/1.1" 200 412
101.83.241.214 - - [11/Dec/2021:11:05:56 +0800] "GET /xingrg/all/function/internal_message.html?_=1639191953137&CODE_STATE=getMsg HTTP/1.1" 200 27
180.169.147.146 - - [11/Dec/2021:11:05:57 +0800] "GET /xingrg/all/function/internal_message.html?_=1639191952714&CODE_STATE=getMsg HTTP/1.1" 200 27
180.169.147.146 - - [11/Dec/2021:11:05:59 +0800] "GET /xingrg/all/function/internal_message.html?_=1639191960264&CODE_STATE=getMsg HTTP/1.1" 302 -
222.70.176.97 - - [11/Dec/2021:11:06:03 +0800] "GET /xingrg/all/function/internal_message.html?_=1639191957789&CODE_STATE=getMsg HTTP/1.1" 200 27
116.238.208.177 - - [11/Dec/2021:11:06:10 +0800] "POST /xingrg/all/common/load_combo.html?type=base HTTP/1.1" 200 3145
114.86.227.218 - - [11/Dec/2021:11:06:11 +0800] "GET /xingrg/all/function/internal_message.html?_=1639191968823&CODE_STATE=getMsg HTTP/1.1" 200 27
124.77.240.52 - - [11/Dec/2021:11:06:11 +0800] "GET /xingrg/kc/buy/cgsh_order_operate.html?command=get_materiel&rest_code=00146&code=00101008088&supplier_code=00100005&order_time=2021-12-11 HTTP/1.1" 200 408
61.172.28.229 - - [11/Dec/2021:11:06:13 +0800] "GET /xingrg/kc/buy/cgsh_order_operate.html?command=get_materiel&rest_code=00105&code=00101008276&supplier_code=00100203&order_time=2021-12-11 HTTP/1.1" 200 412
222.70.176.97 - - [11/Dec/2021:11:06:16 +0800] "GET /xingrg/all/function/internal_message.html?_=1639191639586&CODE_STATE=getMsg HTTP/1.1" 302 -
116.238.208.177 - - [11/Dec/2021:11:06:19 +0800] "GET /xingrg/javascript/auto/indicator.gif HTTP/1.1" 404 1066
124.77.240.52 - - [11/Dec/2021:11:06:19 +0800] "GET /xingrg/check_reg.html?_=1639191998883 HTTP/1.1" 200 22
124.77.240.52 - - [11/Dec/2021:11:06:20 +0800] "GET /xingrg/all/function/internal_message.html?_=1639191999395&CODE_STATE=getMsg HTTP/1.1" 200 27
116.238.248.233 - - [11/Dec/2021:11:06:21 +0800] "GET /xingrg/all/function/internal_message.html?_=1639191978418&CODE_STATE=getMsg HTTP/1.1" 200 27
124.77.240.52 - - [11/Dec/2021:11:06:21 +0800] "GET /xingrg/kc/buy/cgsh_order_operate.html?command=get_materiel&rest_code=00146&code=00101008095&supplier_code=00100005&order_time=2021-12-11 HTTP/1.1" 200 412
116.238.208.177 - - [11/Dec/2021:11:06:23 +0800] "GET /xingrg/kc/base/wldb_order_operate.html?command=get_materiel&rest_code=00102&base_code=0010477&code=00102021018 HTTP/1.1" 200 445
124.77.240.52 - - [11/Dec/2021:11:06:24 +0800] "POST /xingrg/kc/buy/cgsh_order_operate.html HTTP/1.1" 200 2065
116.227.210.113 - - [11/Dec/2021:11:06:26 +0800] "GET /xingrg/all/function/internal_message.html?_=1639191982972&CODE_STATE=getMsg HTTP/1.1" 200 27
124.77.240.52 - - [11/Dec/2021:11:06:27 +0800] "GET /xingrg/all/function/internal_message.html?_=1639192003265&CODE_STATE=getMsg HTTP/1.1" 302 -
120.253.135.82 - - [11/Dec/2021:11:06:28 +0800] "GET /xingrg/check_reg.html?_=1639191763947 HTTP/1.1" 200 22
116.238.208.177 - - [11/Dec/2021:11:06:31 +0800] "GET /xingrg/all/function/internal_message.html?_=1639191989428&CODE_STATE=getMsg HTTP/1.1" 200 27
114.85.125.222 - - [11/Dec/2021:11:06:31 +0800] "GET /xingrg/all/function/internal_message.html?_=1639191947041&CODE_STATE=getMsg HTTP/1.1" 200 27
124.77.240.52 - - [11/Dec/2021:11:06:31 +0800] "GET /xingrg/kc/buy/cgsh_order_operate.html?command=get_materiel&rest_code=00146&code=00101008110&supplier_code=00100005&order_time=2021-12-11 HTTP/1.1" 200 408
61.172.28.229 - - [11/Dec/2021:11:06:32 +0800] "GET /xingrg/kc/buy/cgsh_order_operate.html?command=get_materiel&rest_code=00105&code=00101008305&supplier_code=00100203&order_time=2021-12-11 HTTP/1.1" 200 412
58.37.8.98 - - [11/Dec/2021:11:06:33 +0800] "GET /xingrg/all/function/internal_message.html?_=1639191806914&CODE_STATE=getMsg HTTP/1.1" 200 27
124.78.153.86 - - [11/Dec/2021:11:06:36 +0800] "GET /xingrg/check_reg.html?_=1639191999611 HTTP/1.1" 200 22
124.78.153.86 - - [11/Dec/2021:11:06:36 +0800] "GET /xingrg/all/function/internal_message.html?_=1639191999642&CODE_STATE=getMsg HTTP/1.1" 200 27
61.172.28.229 - - [11/Dec/2021:11:06:43 +0800] "POST /xingrg/kc/buy/cgsh_order_operate.html HTTP/1.1" 200 37
