124.77.240.52 - - [11/Dec/2021:10:39:53 +0800] "GET /xingrg/kc/buy/cgsh_order_operate.html?command=get_materiel&rest_code=00146&code=00101008196&supplier_code=00100005&order_time=2021-12-11 HTTP/1.1" 200 416
114.86.227.218 - - [11/Dec/2021:10:39:54 +0800] "GET /xingrg/kc/buy/cgsh_order_operate.html?command=get_materiel&rest_code=00109&code=00101008644&supplier_code=00100005&order_time=2021-12-11 HTTP/1.1" 200 406
101.83.241.214 - - [11/Dec/2021:10:39:56 +0800] "GET /xingrg/all/function/internal_message.html?_=1639190393590&CODE_STATE=getMsg HTTP/1.1" 200 27
180.169.147.146 - - [11/Dec/2021:10:39:57 +0800] "GET /xingrg/all/function/internal_message.html?_=1639190393125&CODE_STATE=getMsg HTTP/1.1" 200 27
180.169.147.146 - - [11/Dec/2021:10:40:00 +0800] "GET /xingrg/all/function/internal_message.html?_=1639190400854&CODE_STATE=getMsg HTTP/1.1" 302 -
124.78.153.86 - - [11/Dec/2021:10:40:01 +0800] "GET /xingrg/all/function/internal_message.html?_=1639190404780&CODE_STATE=getMsg HTTP/1.1" 200 27
180.169.147.146 - - [11/Dec/2021:10:40:02 +0800] "GET /xingrg/check_reg.html?_=1639190402699 HTTP/1.1" 302 -
114.86.227.218 - - [11/Dec/2021:10:40:02 +0800] "GET /xingrg/kc/buy/cgsh_order_operate.html?command=get_materiel&rest_code=00109&code=00101008098&supplier_code=00100005&order_time=2021-12-11 HTTP/1.1" 200 412
222.70.176.97 - - [11/Dec/2021:10:40:03 +0800] "GET /xingrg/all/function/internal_message.html?_=1639190398094&CODE_STATE=getMsg HTTP/1.1" 200 27
124.77.240.52 - - [11/Dec/2021:10:40:04 +0800] "GET /xingrg/kc/buy/cgsh_order_operate.html?command=get_materiel&rest_code=00146&code=00101008212&supplier_code=00100005&order_time=2021-12-11 HTTP/1.1" 200 412
114.86.227.218 - - [11/Dec/2021:10:40:04 +0800] "POST /xingrg/kc/buy/cgsh_order_operate.html HTTP/1.1" 200 2065
58.37.8.98 - - [11/Dec/2021:10:40:07 +0800] "POST /xingrg/kc/buy/cgsh_order_operate.html HTTP/1.1" 200 37
124.78.153.86 - - [11/Dec/2021:10:40:07 +0800] "GET /xingrg/javascript/auto/indicator.gif HTTP/1.1" 404 1066
124.78.153.86 - - [11/Dec/2021:10:40:11 +0800] "GET /xingrg/check_reg.html?_=1639190415171 HTTP/1.1" 200 22
124.78.153.86 - - [11/Dec/2021:10:40:11 +0800] "GET /xingrg/all/function/internal_message.html?_=1639190415174&CODE_STATE=getMsg HTTP/1.1" 200 27
124.78.153.86 - - [11/Dec/2021:10:40:11 +0800] "GET /xingrg/kc/buy/cgsh_order_operate.html?command=get_materiel&rest_code=00106&code=00101006113&supplier_code=00100015&order_time=2021-12-11 HTTP/1.1" 200 415
114.86.227.218 - - [11/Dec/2021:10:40:11 +0800] "GET /xingrg/kc/buy/cgsh_order_operate.html?command=get_materiel&rest_code=00109&code=00101008005&supplier_code=00100005&order_time=2021-12-11 HTTP/1.1" 200 412
114.86.227.218 - - [11/Dec/2021:10:40:11 +0800] "GET /xingrg/all/function/internal_message.html?_=1639190408760&CODE_STATE=getMsg HTTP/1.1" 200 27
124.78.153.86 - - [11/Dec/2021:10:40:14 +0800] "GET /xingrg/kc/base/wldb_order_operate.html?command=get_materiel&rest_code=00106&base_code=0010396&code=00101019184 HTTP/1.1" 200 444
124.77.240.52 - - [11/Dec/2021:10:40:15 +0800] "GET /xingrg/kc/buy/cgsh_order_operate.html?command=get_materiel&rest_code=00146&code=00101008251&supplier_code=00100005&order_time=2021-12-11 HTTP/1.1" 200 408
222.70.176.97 - - [11/Dec/2021:10:40:15 +0800] "GET /xingrg/all/function/internal_message.html?_=1639190079586&CODE_STATE=getMsg HTTP/1.1" 302 -
116.238.208.177 - - [11/Dec/2021:10:40:16 +0800] "GET /xingrg/check_reg.html?_=1639190414975 HTTP/1.1" 200 22
58.37.8.98 - - [11/Dec/2021:10:40:19 +0800] "POST /xingrg/kc/buy/cgsh_order_operate.html HTTP/1.1" 200 12
124.77.240.52 - - [11/Dec/2021:10:40:19 +0800] "GET /xingrg/all/function/internal_message.html?_=1639190438697&CODE_STATE=getMsg HTTP/1.1" 200 27
116.238.208.177 - - [11/Dec/2021:10:40:20 +0800] "GET /xingrg/all/function/internal_message.html?_=1639190418733&CODE_STATE=getMsg HTTP/1.1" 200 27
116.238.248.233 - - [11/Dec/2021:10:40:21 +0800] "GET /xingrg/all/function/internal_message.html?_=1639190418272&CODE_STATE=getMsg HTTP/1.1" 200 27
116.238.248.233 - - [11/Dec/2021:10:40:21 +0800] "GET /xingrg/check_reg.html?_=1639190418272 HTTP/1.1" 200 22
58.37.8.98 - - [11/Dec/2021:10:40:21 +0800] "GET /xingrg/kc/buy/cgsh_order_info.html?code=212021121104331 HTTP/1.1" 200 59917
58.37.8.98 - - [11/Dec/2021:10:40:22 +0800] "GET /xingrg/javascript/easyui/themes/default/validatebox.css HTTP/1.1" 404 1104
58.37.8.98 - - [11/Dec/2021:10:40:22 +0800] "POST /xingrg/kc/buy/cgsh_order_operate.html HTTP/1.1" 200 1199
114.86.227.218 - - [11/Dec/2021:10:40:23 +0800] "GET /xingrg/kc/buy/cgsh_order_operate.html?command=get_materiel&rest_code=00109&code=00101008353&supplier_code=00100005&order_time=2021-12-11 HTTP/1.1" 200 408
124.78.153.86 - - [11/Dec/2021:10:40:23 +0800] "GET /xingrg/kc/buy/cgsh_order_operate.html?command=get_materiel&rest_code=00106&code=00101006290&supplier_code=00100015&order_time=2021-12-11 HTTP/1.1" 200 402
58.37.8.98 - - [11/Dec/2021:10:40:24 +0800] "GET /xingrg/kc/print/load_data.html?order_code=212021121104331&kc_code=cgsh&condition= HTTP/1.1" 200 991
116.227.210.113 - - [11/Dec/2021:10:40:25 +0800] "GET /xingrg/all/function/internal_message.html?_=1639190421102&CODE_STATE=getMsg HTTP/1.1" 200 27
124.77.240.52 - - [11/Dec/2021:10:40:26 +0800] "GET /xingrg/all/function/internal_message.html?_=1639190442913&CODE_STATE=getMsg HTTP/1.1" 302 -
124.77.240.52 - - [11/Dec/2021:10:40:29 +0800] "POST /xingrg/kc/buy/cgsh_order_operate.html HTTP/1.1" 200 2065
58.37.8.98 - - [11/Dec/2021:10:40:29 +0800] "GET /xingrg/kc/buy/cgsh_order_add.html HTTP/1.1" 200 65008
58.37.8.98 - - [11/Dec/2021:10:40:30 +0800] "POST /xingrg/kc/buy/cgsh_order_operate.html HTTP/1.1" 200 8245
58.37.8.98 - - [11/Dec/2021:10:40:30 +0800] "GET /xingrg/javascript/easyui/themes/default/validatebox.css HTTP/1.1" 404 1104
114.85.125.222 - - [11/Dec/2021:10:40:31 +0800] "GET /xingrg/all/function/internal_message.html?_=1639190386669&CODE_STATE=getMsg HTTP/1.1" 200 27
114.86.227.218 - - [11/Dec/2021:10:40:31 +0800] "GET /xingrg/kc/buy/cgsh_order_operate.html?command=get_materiel&rest_code=00109&code=00101008312&supplier_code=00100005&order_time=2021-12-11 HTTP/1.1" 200 412
58.37.8.98 - - [11/Dec/2021:10:40:33 +0800] "GET /xingrg/all/function/internal_message.html?_=1639190247372&CODE_STATE=getMsg HTTP/1.1" 200 27
101.91.60.88 - - [11/Dec/2021:10:40:33 +0800] "GET /xingrg/kc/buy/cgsh_order_operate.html?command=get_materiel&rest_code=00106&code=00101008354&supplier_code=00100007&order_time=2021-12-11 HTTP/1.1" 302 -
101.91.60.88 - - [11/Dec/2021:10:40:34 +0800] "GET /xingrg/login.html HTTP/1.1" 200 7641
58.37.8.98 - - [11/Dec/2021:10:40:36 +0800] "GET /xingrg/all/function/internal_message.html?_=1639190250317&CODE_STATE=getMsg HTTP/1.1" 200 27
124.77.240.52 - - [11/Dec/2021:10:40:37 +0800] "GET /xingrg/kc/buy/cgsh_order_operate.html?command=get_materiel&rest_code=00146&code=00101008357&supplier_code=00100005&order_time=2021-12-11 HTTP/1.1" 200 408
124.78.153.86 - - [11/Dec/2021:10:40:38 +0800] "GET /xingrg/kc/base/wldb_order_operate.html?command=get_materiel&rest_code=00106&base_code=0010396&code=00101019257 HTTP/1.1" 200 478
114.86.227.218 - - [11/Dec/2021:10:40:40 +0800] "GET /xingrg/kc/buy/cgsh_order_operate.html?command=get_materiel&rest_code=00109&code=00101008095&supplier_code=00100005&order_time=2021-12-11 HTTP/1.1" 200 412
61.151.178.180 - - [11/Dec/2021:10:40:41 +0800] "GET /xingrg/all/function/internal_message.html?_=1639188872068&CODE_STATE=getMsg HTTP/1.1" 302 -
61.151.178.180 - - [11/Dec/2021:10:40:42 +0800] "GET /xingrg/login.html HTTP/1.1" 200 7641
101.83.241.214 - - [11/Dec/2021:10:40:45 +0800] "GET /xingrg/kc/print/load_config.html?kc_code=cgsh HTTP/1.1" 200 1943
101.83.241.214 - - [11/Dec/2021:10:40:45 +0800] "GET /xingrg/kc/print/load_data.html?order_code=212021121104298&kc_code=cgsh&condition= HTTP/1.1" 200 19502
58.37.8.98 - - [11/Dec/2021:10:40:48 +0800] "GET /xingrg/kc/buy/cgsh_order_operate.html?command=get_materiel&rest_code=00141&code=00101008091&supplier_code=00100007&order_time=2021-12-11 HTTP/1.1" 200 413
124.77.240.52 - - [11/Dec/2021:10:40:48 +0800] "GET /xingrg/kc/buy/cgsh_order_operate.html?command=get_materiel&rest_code=00146&code=00101008286&supplier_code=00100005&order_time=2021-12-11 HTTP/1.1" 200 408
120.253.135.82 - - [11/Dec/2021:10:40:48 +0800] "GET /xingrg/all/function/internal_message.html?_=1639190224498&CODE_STATE=getMsg HTTP/1.1" 200 27
114.86.227.218 - - [11/Dec/2021:10:40:51 +0800] "GET /xingrg/kc/buy/cgsh_order_operate.html?command=get_materiel&rest_code=00109&code=00101008196&supplier_code=00100005&order_time=2021-12-11 HTTP/1.1" 200 416
124.78.153.86 - - [11/Dec/2021:10:40:51 +0800] "GET /xingrg/kc/buy/cgsh_order_operate.html?command=get_materiel&rest_code=00106&code=00101006065&supplier_code=00100015&order_time=2021-12-11 HTTP/1.1" 200 411
61.172.28.229 - - [11/Dec/2021:10:40:52 +0800] "GET /xingrg/all/function/internal_message.html?_=1639190386809&CODE_STATE=getMsg HTTP/1.1" 200 27
58.37.8.98 - - [11/Dec/2021:10:40:53 +0800] "POST /xingrg/services/DataTransmitService HTTP/1.1" 200 524
58.37.8.98 - - [11/Dec/2021:10:40:55 +0800] "POST /xingrg/services/DataTransmitService HTTP/1.1" 200 501
114.86.227.218 - - [11/Dec/2021:10:40:55 +0800] "POST /xingrg/kc/buy/cgsh_order_operate.html HTTP/1.1" 200 2065
101.83.241.214 - - [11/Dec/2021:10:40:56 +0800] "POST /xingrg/kc/buy/cgsh_order_operate.html HTTP/1.1" 200 37
120.253.135.82 - - [11/Dec/2021:10:40:56 +0800] "GET /xingrg/kc/report/report_main.html HTTP/1.1" 200 8599
120.253.135.82 - - [11/Dec/2021:10:40:57 +0800] "GET /xingrg/kc/base/kc_stocks.html HTTP/1.1" 200 16437
120.253.135.82 - - [11/Dec/2021:10:40:57 +0800] "GET /xingrg/javascript/easyui/themes/default/tree.css HTTP/1.1" 404 1090
120.253.135.82 - - [11/Dec/2021:10:40:57 +0800] "POST /xingrg/all/common/load_tree.html?tree=materiel_sort_tree_json HTTP/1.1" 200 9388
180.169.147.146 - - [11/Dec/2021:10:40:57 +0800] "GET /xingrg/all/function/internal_message.html?_=1639190453111&CODE_STATE=getMsg HTTP/1.1" 200 27
124.77.240.52 - - [11/Dec/2021:10:40:58 +0800] "GET /xingrg/kc/buy/cgsh_order_operate.html?command=get_materiel&rest_code=00146&code=00101008131&supplier_code=00100005&order_time=2021-12-11 HTTP/1.1" 200 408
120.253.135.82 - - [11/Dec/2021:10:40:59 +0800] "POST /xingrg/all/common/load_combo.html?type=base HTTP/1.1" 200 1075
180.169.147.146 - - [11/Dec/2021:10:41:00 +0800] "GET /xingrg/all/function/internal_message.html?_=1639190460827&CODE_STATE=getMsg HTTP/1.1" 302 -
124.78.153.86 - - [11/Dec/2021:10:41:01 +0800] "GET /xingrg/all/function/internal_message.html?_=1639190464745&CODE_STATE=getMsg HTTP/1.1" 200 27
58.37.8.98 - - [11/Dec/2021:10:41:01 +0800] "GET /xingrg/kc/buy/cgsh_order_operate.html?command=get_materiel&rest_code=00141&code=00101008257&supplier_code=00100007&order_time=2021-12-11 HTTP/1.1" 200 416
124.78.153.86 - - [11/Dec/2021:10:41:01 +0800] "GET /xingrg/kc/base/wldb_order_operate.html?command=get_materiel&rest_code=00106&base_code=0010396&code=00101019185 HTTP/1.1" 200 455
124.78.153.86 - - [11/Dec/2021:10:41:02 +0800] "GET /xingrg/kc/buy/cgsh_order_operate.html?command=get_materiel&rest_code=00106&code=00101006109&supplier_code=00100015&order_time=2021-12-11 HTTP/1.1" 200 409
114.86.227.218 - - [11/Dec/2021:10:41:02 +0800] "GET /xingrg/kc/buy/cgsh_order_operate.html?command=get_materiel&rest_code=00109&code=00101008197&supplier_code=00100005&order_time=2021-12-11 HTTP/1.1" 200 416
222.70.176.97 - - [11/Dec/2021:10:41:03 +0800] "GET /xingrg/all/function/internal_message.html?_=1639190458078&CODE_STATE=getMsg HTTP/1.1" 200 27
101.83.241.214 - - [11/Dec/2021:10:41:08 +0800] "POST /xingrg/kc/buy/cgsh_order_operate.html HTTP/1.1" 200 12
120.253.135.82 - - [11/Dec/2021:10:41:08 +0800] "POST /xingrg/kc/base/stock_operate.html HTTP/1.1" 200 1467
58.37.8.98 - - [11/Dec/2021:10:41:09 +0800] "GET /xingrg/kc/buy/cgsh_order_operate.html?command=get_materiel&rest_code=00141&code=00101008112&supplier_code=00100007&order_time=2021-12-11 HTTP/1.1" 200 412
114.86.227.218 - - [11/Dec/2021:10:41:11 +0800] "GET /xingrg/all/function/internal_message.html?_=1639190468833&CODE_STATE=getMsg HTTP/1.1" 200 27
124.78.153.86 - - [11/Dec/2021:10:41:11 +0800] "GET /xingrg/all/function/internal_message.html?_=1639190475496&CODE_STATE=getMsg HTTP/1.1" 200 27
120.253.135.82 - - [11/Dec/2021:10:41:12 +0800] "GET /xingrg/kc/base/stock_detail.html?m=00102002557 HTTP/1.1" 200 6349
120.253.135.82 - - [11/Dec/2021:10:41:12 +0800] "GET /xingrg/javascript/jquery_easy_ui/themes/default/images/menu_downarrow.png HTTP/1.1" 304 -
120.253.135.82 - - [11/Dec/2021:10:41:12 +0800] "GET /xingrg/javascript/jquery_easy_ui/themes/icons/print.png HTTP/1.1" 200 1057
120.253.135.82 - - [11/Dec/2021:10:41:12 +0800] "GET /xingrg/javascript/jquery_easy_ui/themes/default/images/menu.gif HTTP/1.1" 200 834
120.253.135.82 - - [11/Dec/2021:10:41:14 +0800] "GET /xingrg/kc/base/stock_operate.html?_=1639190250016&command=get_report_file&start_day=20211201 HTTP/1.1" 200 53
120.253.135.82 - - [11/Dec/2021:10:41:14 +0800] "GET /xingrg/javascript/multi_select/jqueryMultiSelect.css HTTP/1.1" 200 951
120.253.135.82 - - [11/Dec/2021:10:41:14 +0800] "GET /xingrg/javascript/calendar/timePicker.css HTTP/1.1" 200 523
120.253.135.82 - - [11/Dec/2021:10:41:14 +0800] "GET /xingrg/javascript/bigrid/fix.js HTTP/1.1" 200 6439
120.253.135.82 - - [11/Dec/2021:10:41:14 +0800] "GET /xingrg/javascript/bigrid/fix.css HTTP/1.1" 200 1702
120.253.135.82 - - [11/Dec/2021:10:41:14 +0800] "GET /xingrg/all/report/report_query.html?isQuery=1&onlyBody=1&rh=2000&fileName=kc/base/kc_stock_detail_new.xml&queryString=(1=1)&queryText=&tableQueryString=init_table$sp1$$sp$crk_table$sp1$order_day%20between%2020211201%20and%2020211231&varString=start_day:20211201,materiel_code:00102002557,cost_id:3319,end_date:20210831 HTTP/1.1" 200 48701
120.253.135.82 - - [11/Dec/2021:10:41:14 +0800] "GET /xingrg/javascript/calendar/jquery.timePicker.min.js HTTP/1.1" 200 2997
120.253.135.82 - - [11/Dec/2021:10:41:14 +0800] "GET /xingrg/dwr/interface/AjaxReportQueryService.js HTTP/1.1" 200 13203
120.253.135.82 - - [11/Dec/2021:10:41:14 +0800] "GET /xingrg/javascript/jqueryMultiSelect.js HTTP/1.1" 200 11866
120.253.135.82 - - [11/Dec/2021:10:41:14 +0800] "GET /xingrg/dwr/engine.js HTTP/1.1" 200 43631
120.253.135.82 - - [11/Dec/2021:10:41:14 +0800] "GET /xingrg/images/blue/button/advanceover.gif HTTP/1.1" 200 1347
120.253.135.82 - - [11/Dec/2021:10:41:14 +0800] "GET /xingrg/images/blue/button/back2over.gif HTTP/1.1" 200 1335
120.253.135.82 - - [11/Dec/2021:10:41:14 +0800] "GET /xingrg/images/blue/button/advance2over.gif HTTP/1.1" 200 1336
120.253.135.82 - - [11/Dec/2021:10:41:14 +0800] "GET /xingrg/images/blue/button/backover.gif HTTP/1.1" 200 1348
120.253.135.82 - - [11/Dec/2021:10:41:14 +0800] "GET /xingrg/javascript/jquery_easy_ui/themes/icons/help.png HTTP/1.1" 200 1187
120.253.135.82 - - [11/Dec/2021:10:41:14 +0800] "GET /xingrg/images/control/loading.gif HTTP/1.1" 200 13463
120.253.135.82 - - [11/Dec/2021:10:41:15 +0800] "POST /xingrg/all/report/load_report_page.html HTTP/1.1" 200 30010
120.253.135.82 - - [11/Dec/2021:10:41:15 +0800] "GET /xingrg/servlets/image?cache=0.5871222405631454&image=px HTTP/1.1" 200 807
222.70.176.97 - - [11/Dec/2021:10:41:15 +0800] "GET /xingrg/all/function/internal_message.html?_=1639190139586&CODE_STATE=getMsg HTTP/1.1" 302 -
124.78.153.86 - - [11/Dec/2021:10:41:18 +0800] "GET /xingrg/kc/buy/cgsh_order_operate.html?command=get_materiel&rest_code=00106&code=00101006240&supplier_code=00100015&order_time=2021-12-11 HTTP/1.1" 200 23
124.77.240.52 - - [11/Dec/2021:10:41:19 +0800] "GET /xingrg/check_reg.html?_=1639190498561 HTTP/1.1" 200 22
124.77.240.52 - - [11/Dec/2021:10:41:19 +0800] "GET /xingrg/all/function/internal_message.html?_=1639190498697&CODE_STATE=getMsg HTTP/1.1" 200 27
116.238.208.177 - - [11/Dec/2021:10:41:20 +0800] "GET /xingrg/all/function/internal_message.html?_=1639190478746&CODE_STATE=getMsg HTTP/1.1" 200 27
124.78.153.86 - - [11/Dec/2021:10:41:21 +0800] "GET /xingrg/kc/base/wldb_order_operate.html?command=get_materiel&rest_code=00106&base_code=0010396&code=00101019405 HTTP/1.1" 200 468
116.238.248.233 - - [11/Dec/2021:10:41:21 +0800] "GET /xingrg/all/function/internal_message.html?_=1639190478281&CODE_STATE=getMsg HTTP/1.1" 200 27
124.77.240.52 - - [11/Dec/2021:10:41:23 +0800] "GET /xingrg/kc/buy/cgsh_order_operate.html?command=get_materiel&rest_code=00146&code=00101008296&supplier_code=00100005&order_time=2021-12-11 HTTP/1.1" 200 416
114.86.227.218 - - [11/Dec/2021:10:41:25 +0800] "POST /xingrg/kc/buy/cgsh_order_operate.html HTTP/1.1" 200 37
58.37.8.98 - - [11/Dec/2021:10:41:25 +0800] "GET /xingrg/kc/buy/cgsh_order_operate.html?command=get_materiel&rest_code=00141&code=00101008026&supplier_code=00100007&order_time=2021-12-11 HTTP/1.1" 200 23
116.227.210.113 - - [11/Dec/2021:10:41:25 +0800] "GET /xingrg/all/function/internal_message.html?_=1639190481113&CODE_STATE=getMsg HTTP/1.1" 200 27
101.83.241.214 - - [11/Dec/2021:10:41:26 +0800] "GET /xingrg/kc/buy/cgsh_order_info.html?code=212021121104298 HTTP/1.1" 200 59964
101.83.241.214 - - [11/Dec/2021:10:41:26 +0800] "GET /xingrg/words/20211210161610_words.js HTTP/1.1" 304 -
124.77.240.52 - - [11/Dec/2021:10:41:26 +0800] "GET /xingrg/all/function/internal_message.html?_=1639190502925&CODE_STATE=getMsg HTTP/1.1" 302 -
101.83.241.214 - - [11/Dec/2021:10:41:27 +0800] "GET /xingrg/javascript/easyui/themes/default/validatebox.css HTTP/1.1" 404 1104
124.78.153.86 - - [11/Dec/2021:10:41:27 +0800] "POST /xingrg/kc/buy/cgsh_order_operate.html HTTP/1.1" 200 37
101.83.241.214 - - [11/Dec/2021:10:41:27 +0800] "POST /xingrg/kc/buy/cgsh_order_operate.html HTTP/1.1" 200 50302
120.253.135.82 - - [11/Dec/2021:10:41:28 +0800] "GET /xingrg/check_reg.html?_=1639190263853 HTTP/1.1" 200 22
124.78.153.86 - - [11/Dec/2021:10:41:29 +0800] "POST /xingrg/kc/buy/cgsh_order_operate.html HTTP/1.1" 200 4431
114.85.125.222 - - [11/Dec/2021:10:41:31 +0800] "GET /xingrg/all/function/internal_message.html?_=1639190446671&CODE_STATE=getMsg HTTP/1.1" 200 27
124.78.153.86 - - [11/Dec/2021:10:41:32 +0800] "GET /xingrg/kc/base/wldb_order_operate.html?command=get_materiel&rest_code=00106&base_code=0010396&code=00101019390 HTTP/1.1" 200 456
124.78.153.86 - - [11/Dec/2021:10:41:32 +0800] "GET /xingrg/login.html HTTP/1.1" 200 7641
58.37.8.98 - - [11/Dec/2021:10:41:33 +0800] "GET /xingrg/all/function/internal_message.html?_=1639190307360&CODE_STATE=getMsg HTTP/1.1" 200 27
58.37.8.98 - - [11/Dec/2021:10:41:33 +0800] "POST /xingrg/kc/buy/cgsh_order_operate.html HTTP/1.1" 200 37
124.78.153.86 - - [11/Dec/2021:10:41:34 +0800] "GET /favicon.ico HTTP/1.1" 404 -
124.77.240.52 - - [11/Dec/2021:10:41:35 +0800] "GET /xingrg/kc/buy/cgsh_order_operate.html?command=get_materiel&rest_code=00146&code=00101008098&supplier_code=00100005&order_time=2021-12-11 HTTP/1.1" 200 412
124.78.153.86 - - [11/Dec/2021:10:41:35 +0800] "POST /xingrg/login.do HTTP/1.1" 302 -
124.78.153.86 - - [11/Dec/2021:10:41:35 +0800] "GET /xingrg/index.html?sysBaseUrl=http%3A%2F%2F180.169.147.146%3A18081%2Fxingrg%2F&costTime=40×tamp=1639190495591 HTTP/1.1" 200 17173
58.37.8.98 - - [11/Dec/2021:10:41:35 +0800] "POST /xingrg/kc/buy/cgsh_order_operate.html HTTP/1.1" 200 3841
124.78.153.86 - - [11/Dec/2021:10:41:36 +0800] "POST /xingrg/all/common/load_tree.html?tree=area_rest_tree_json&manage=1 HTTP/1.1" 200 342
124.78.153.86 - - [11/Dec/2021:10:41:36 +0800] "GET /xingrg/all/function/internal_message.html?_=1639190499578&CODE_STATE=count HTTP/1.1" 200 11
124.78.153.86 - - [11/Dec/2021:10:41:36 +0800] "GET /xingrg/check_reg.html?_=1639190499578 HTTP/1.1" 200 22
124.78.153.86 - - [11/Dec/2021:10:41:36 +0800] "GET /favicon.ico HTTP/1.1" 404 -
124.78.153.86 - - [11/Dec/2021:10:41:36 +0800] "POST /xingrg/load_menu.html HTTP/1.1" 200 5138
58.37.8.98 - - [11/Dec/2021:10:41:36 +0800] "GET /xingrg/all/function/internal_message.html?_=1639190310315&CODE_STATE=getMsg HTTP/1.1" 200 27
120.253.135.82 - - [11/Dec/2021:10:41:37 +0800] "GET /xingrg/kc/guide/show_order.html?code=312021120100001&type=31 HTTP/1.1" 302 -
120.253.135.82 - - [11/Dec/2021:10:41:37 +0800] "GET /xingrg/kc/pszx/mdps_order_info.html?code=312021120100001&sysBaseUrl=http%3A%2F%2F180.169.147.146%3A18081%2Fxingrg%2F&costTime=1×tamp=1639190497397 HTTP/1.1" 200 19585
120.253.135.82 - - [11/Dec/2021:10:41:37 +0800] "GET /favicon.ico HTTP/1.1" 404 -
124.78.153.86 - - [11/Dec/2021:10:41:37 +0800] "GET /xingrg/kc/buy/buy_main.html HTTP/1.1" 200 12412
124.78.153.86 - - [11/Dec/2021:10:41:37 +0800] "GET /xingrg/css/new_ie.css HTTP/1.1" 404 1036
120.253.135.82 - - [11/Dec/2021:10:41:38 +0800] "GET /xingrg/javascript/easyui/themes/default/validatebox.css HTTP/1.1" 404 1104
120.253.135.82 - - [11/Dec/2021:10:41:38 +0800] "POST /xingrg/kc/pszx/mdps_order_operate.html HTTP/1.1" 200 6522
124.78.153.86 - - [11/Dec/2021:10:41:38 +0800] "GET /xingrg/images/yd/bt.gif HTTP/1.1" 404 1040
124.78.153.86 - - [11/Dec/2021:10:41:38 +0800] "GET /xingrg/kc/buy/cgsh_order_list.html HTTP/1.1" 200 49232
124.77.240.52 - - [11/Dec/2021:10:41:39 +0800] "POST /xingrg/kc/buy/cgsh_order_operate.html HTTP/1.1" 200 2065
124.78.153.86 - - [11/Dec/2021:10:41:41 +0800] "POST /xingrg/kc/buy/cgsh_list_operate.html HTTP/1.1" 200 1697
124.78.153.86 - - [11/Dec/2021:10:41:42 +0800] "POST /xingrg/kc/buy/cgsh_list_operate.html HTTP/1.1" 200 424
124.78.153.86 - - [11/Dec/2021:10:41:42 +0800] "GET /xingrg/kc/buy/cgsh_order_info.html?code=212021121104332 HTTP/1.1" 200 65017
124.78.153.86 - - [11/Dec/2021:10:41:43 +0800] "GET /xingrg/all/common/auto_word.html?type=employee&rest_code=00106 HTTP/1.1" 200 205
124.78.153.86 - - [11/Dec/2021:10:41:43 +0800] "GET /xingrg/javascript/easyui/themes/default/validatebox.css HTTP/1.1" 404 1104
124.78.153.86 - - [11/Dec/2021:10:41:43 +0800] "GET /xingrg/all/common/auto_word.html?type=employee&rest_code=00106 HTTP/1.1" 200 205
124.78.153.86 - - [11/Dec/2021:10:41:43 +0800] "POST /xingrg/kc/buy/cgsh_order_operate.html HTTP/1.1" 200 4431
124.78.153.86 - - [11/Dec/2021:10:41:48 +0800] "GET /xingrg/javascript/auto/indicator.gif HTTP/1.1" 404 1066
124.78.153.86 - - [11/Dec/2021:10:41:48 +0800] "GET /xingrg/kc/base/wldb_order_operate.html?command=get_materiel&rest_code=00106&base_code=0010396&code=00101019359 HTTP/1.1" 200 446
120.253.135.82 - - [11/Dec/2021:10:41:48 +0800] "GET /xingrg/all/function/internal_message.html?_=1639190284585&CODE_STATE=getMsg HTTP/1.1" 200 27
123.6.49.38 - - [11/Dec/2021:10:41:51 +0800] "-" 400 -
124.78.153.86 - - [11/Dec/2021:10:41:52 +0800] "GET /xingrg/kc/buy/cgsh_order_operate.html?command=get_materiel&rest_code=00106&code=00101006240&supplier_code=00100015&order_time=2021-12-11 HTTP/1.1" 200 408
61.172.28.229 - - [11/Dec/2021:10:41:52 +0800] "GET /xingrg/all/function/internal_message.html?_=1639190446808&CODE_STATE=getMsg HTTP/1.1" 200 27
101.83.241.214 - - [11/Dec/2021:10:41:55 +0800] "GET /xingrg/kc/buy/cgsh_order_add.html HTTP/1.1" 200 65055
101.83.241.214 - - [11/Dec/2021:10:41:55 +0800] "POST /xingrg/kc/buy/cgsh_order_operate.html HTTP/1.1" 200 8245
101.83.241.214 - - [11/Dec/2021:10:41:55 +0800] "GET /xingrg/javascript/easyui/themes/default/validatebox.css HTTP/1.1" 404 1104
124.77.240.52 - - [11/Dec/2021:10:41:56 +0800] "GET /xingrg/kc/buy/cgsh_order_operate.html?command=get_materiel&rest_code=00146&code=00101008353&supplier_code=00100005&order_time=2021-12-11 HTTP/1.1" 200 408
114.86.227.218 - - [11/Dec/2021:10:41:56 +0800] "POST /xingrg/kc/buy/cgsh_order_operate.html HTTP/1.1" 200 40559
101.83.241.214 - - [11/Dec/2021:10:41:56 +0800] "GET /xingrg/all/function/internal_message.html?_=1639190513600&CODE_STATE=getMsg HTTP/1.1" 200 27
58.37.8.98 - - [11/Dec/2021:10:41:57 +0800] "GET /xingrg/kc/buy/buy_main.html HTTP/1.1" 200 12412
58.37.8.98 - - [11/Dec/2021:10:41:57 +0800] "GET /xingrg/css/new_ie.css HTTP/1.1" 404 1036
180.169.147.146 - - [11/Dec/2021:10:41:57 +0800] "GET /xingrg/all/function/internal_message.html?_=1639190513094&CODE_STATE=getMsg HTTP/1.1" 200 27
58.37.8.98 - - [11/Dec/2021:10:41:57 +0800] "GET /xingrg/images/yd/bt.gif HTTP/1.1" 404 1040
58.37.8.98 - - [11/Dec/2021:10:41:58 +0800] "GET /xingrg/kc/buy/cgsh_order_list.html HTTP/1.1" 200 49238
101.83.241.214 - - [11/Dec/2021:10:41:59 +0800] "POST /xingrg/kc/buy/cgsh_list_operate.html HTTP/1.1" 200 1691
180.169.147.146 - - [11/Dec/2021:10:42:00 +0800] "GET /xingrg/all/function/internal_message.html?_=1639190520797&CODE_STATE=getMsg HTTP/1.1" 302 -
58.37.8.98 - - [11/Dec/2021:10:42:00 +0800] "POST /xingrg/kc/buy/cgsh_list_operate.html HTTP/1.1" 200 1688
124.78.153.86 - - [11/Dec/2021:10:42:02 +0800] "GET /xingrg/kc/buy/cgsh_order_operate.html?command=get_materiel&rest_code=00106&code=00101006112&supplier_code=00100015&order_time=2021-12-11 HTTP/1.1" 200 409
58.37.8.98 - - [11/Dec/2021:10:42:03 +0800] "POST /xingrg/kc/buy/cgsh_list_operate.html HTTP/1.1" 200 353
222.70.176.97 - - [11/Dec/2021:10:42:03 +0800] "GET /xingrg/all/function/internal_message.html?_=1639190518062&CODE_STATE=getMsg HTTP/1.1" 200 27
58.37.8.98 - - [11/Dec/2021:10:42:04 +0800] "GET /xingrg/kc/buy/cgsh_order_info.html?code=212021121104333 HTTP/1.1" 200 65017
58.37.8.98 - - [11/Dec/2021:10:42:04 +0800] "GET /xingrg/javascript/easyui/themes/default/validatebox.css HTTP/1.1" 404 1104
58.37.8.98 - - [11/Dec/2021:10:42:05 +0800] "POST /xingrg/kc/buy/cgsh_order_operate.html HTTP/1.1" 200 3841
114.86.227.218 - - [11/Dec/2021:10:42:05 +0800] "GET /xingrg/kc/buy/cgsh_order_operate.html?command=get_materiel&rest_code=00109&code=00101008091&supplier_code=00100005&order_time=2021-12-11 HTTP/1.1" 200 413
124.77.240.52 - - [11/Dec/2021:10:42:05 +0800] "GET /xingrg/kc/buy/cgsh_order_operate.html?command=get_materiel&rest_code=00146&code=00101008213&supplier_code=00100005&order_time=2021-12-11 HTTP/1.1" 200 412
120.253.135.82 - - [11/Dec/2021:10:42:05 +0800] "GET /xingrg/javascript/jquery_easy_ui/themes/default/images/tabs_active.png HTTP/1.1" 304 -
58.37.151.13 - - [11/Dec/2021:10:42:08 +0800] "GET /xingrg/login_supplier.html HTTP/1.1" 200 3208
124.78.153.86 - - [11/Dec/2021:10:42:08 +0800] "GET /xingrg/kc/buy/cgsh_order_operate.html?command=get_materiel&rest_code=00106&code=00101006174&supplier_code=00100015&order_time=2021-12-11 HTTP/1.1" 200 414
58.37.151.13 - - [11/Dec/2021:10:42:08 +0800] "GET /favicon.ico HTTP/1.1" 404 -
120.253.135.82 - - [11/Dec/2021:10:42:09 +0800] "GET /xingrg/kc/base/stock_operate.html?_=1639190305305&command=get_report_file&start_day=20211201 HTTP/1.1" 200 53
120.253.135.82 - - [11/Dec/2021:10:42:09 +0800] "GET /xingrg/all/report/report_query.html?isQuery=1&onlyBody=1&rh=2000&fileName=kc/base/kc_stock_detail_new.xml&queryString=(1=1)&queryText=&tableQueryString=init_table$sp1$$sp$crk_table$sp1$order_day%20between%2020211201%20and%2020211231&varString=start_day:20211201,materiel_code:00102002557,cost_id:3319,end_date:20210831 HTTP/1.1" 200 48701
120.253.135.82 - - [11/Dec/2021:10:42:09 +0800] "GET /xingrg/dwr/interface/AjaxReportQueryService.js HTTP/1.1" 200 13203
120.253.135.82 - - [11/Dec/2021:10:42:09 +0800] "GET /xingrg/dwr/engine.js HTTP/1.1" 200 43631
58.37.8.98 - - [11/Dec/2021:10:42:09 +0800] "GET /xingrg/javascript/auto/indicator.gif HTTP/1.1" 404 1066
58.37.151.13 - - [11/Dec/2021:10:42:09 +0800] "POST /xingrg/login_supplier.html HTTP/1.1" 302 -
58.37.151.13 - - [11/Dec/2021:10:42:10 +0800] "GET /xingrg/supplier_index.html?sysBaseUrl=http%3A%2F%2F180.169.147.146%3A18081%2Fxingrg%2F&costTime=12×tamp=1639190529997 HTTP/1.1" 200 9061
58.37.151.13 - - [11/Dec/2021:10:42:10 +0800] "GET /favicon.ico HTTP/1.1" 404 -
120.253.135.82 - - [11/Dec/2021:10:42:10 +0800] "POST /xingrg/all/report/load_report_page.html HTTP/1.1" 200 30041
120.253.135.82 - - [11/Dec/2021:10:42:10 +0800] "GET /xingrg/servlets/image?cache=0.20157851002587857&image=px HTTP/1.1" 200 807
114.86.227.218 - - [11/Dec/2021:10:42:11 +0800] "GET /xingrg/all/function/internal_message.html?_=1639190528765&CODE_STATE=getMsg HTTP/1.1" 200 27
114.86.227.218 - - [11/Dec/2021:10:42:11 +0800] "GET /xingrg/check_reg.html?_=1639190528767 HTTP/1.1" 200 22
124.78.153.86 - - [11/Dec/2021:10:42:11 +0800] "GET /xingrg/all/function/internal_message.html?_=1639190535469&CODE_STATE=getMsg HTTP/1.1" 200 27
124.78.153.86 - - [11/Dec/2021:10:42:12 +0800] "GET /xingrg/kc/base/wldb_order_operate.html?command=get_materiel&rest_code=00106&base_code=0010396&code=00101013052 HTTP/1.1" 200 441
114.86.227.218 - - [11/Dec/2021:10:42:12 +0800] "GET /xingrg/kc/buy/cgsh_order_operate.html?command=get_materiel&rest_code=00109&code=00101008351&supplier_code=00100005&order_time=2021-12-11 HTTP/1.1" 200 427
222.70.176.97 - - [11/Dec/2021:10:42:15 +0800] "GET /xingrg/all/function/internal_message.html?_=1639190199587&CODE_STATE=getMsg HTTP/1.1" 302 -
124.77.240.52 - - [11/Dec/2021:10:42:16 +0800] "GET /xingrg/kc/buy/cgsh_order_operate.html?command=get_materiel&rest_code=00146&code=00101016122&supplier_code=00100005&order_time=2021-12-11 HTTP/1.1" 200 395
58.37.8.98 - - [11/Dec/2021:10:42:19 +0800] "POST /xingrg/kc/buy/cgsh_order_operate.html HTTP/1.1" 200 37
124.77.240.52 - - [11/Dec/2021:10:42:19 +0800] "GET /xingrg/all/function/internal_message.html?_=1639190558710&CODE_STATE=getMsg HTTP/1.1" 200 27
120.253.135.82 - - [11/Dec/2021:10:42:19 +0800] "GET /xingrg/kc/base/stock_operate.html?_=1639190315577&command=get_report_file&start_day=20211101 HTTP/1.1" 200 53
120.253.135.82 - - [11/Dec/2021:10:42:20 +0800] "GET /xingrg/all/report/report_query.html?isQuery=1&onlyBody=1&rh=2000&fileName=kc/base/kc_stock_detail_new.xml&queryString=(1=1)&queryText=&tableQueryString=init_table$sp1$$sp$crk_table$sp1$order_day%20between%2020211101%20and%2020211231&varString=start_day:20211101,materiel_code:00102002557,cost_id:3319,end_date:20210831 HTTP/1.1" 200 48701
120.253.135.82 - - [11/Dec/2021:10:42:20 +0800] "GET /xingrg/dwr/interface/AjaxReportQueryService.js HTTP/1.1" 200 13203
120.253.135.82 - - [11/Dec/2021:10:42:20 +0800] "GET /xingrg/dwr/engine.js HTTP/1.1" 200 43631
120.253.135.82 - - [11/Dec/2021:10:42:20 +0800] "POST /xingrg/all/report/load_report_page.html HTTP/1.1" 200 54486
114.86.227.218 - - [11/Dec/2021:10:42:20 +0800] "GET /xingrg/kc/buy/cgsh_order_operate.html?command=get_materiel&rest_code=00109&code=00101008110&supplier_code=00100005&order_time=2021-12-11 HTTP/1.1" 200 408
120.253.135.82 - - [11/Dec/2021:10:42:20 +0800] "GET /xingrg/servlets/image?cache=0.7447856194224861&image=px HTTP/1.1" 200 807
58.37.8.98 - - [11/Dec/2021:10:42:21 +0800] "POST /xingrg/kc/buy/cgsh_order_operate.html HTTP/1.1" 200 3841
116.238.208.177 - - [11/Dec/2021:10:42:21 +0800] "GET /xingrg/all/function/internal_message.html?_=1639190539578&CODE_STATE=getMsg HTTP/1.1" 200 27
116.238.248.233 - - [11/Dec/2021:10:42:21 +0800] "GET /xingrg/all/function/internal_message.html?_=1639190538300&CODE_STATE=getMsg HTTP/1.1" 200 27
116.227.210.113 - - [11/Dec/2021:10:42:25 +0800] "GET /xingrg/all/function/internal_message.html?_=1639190541104&CODE_STATE=getMsg HTTP/1.1" 200 27
124.78.153.86 - - [11/Dec/2021:10:42:26 +0800] "GET /xingrg/kc/buy/cgsh_order_operate.html?command=get_materiel&rest_code=00106&code=00101006111&supplier_code=00100015&order_time=2021-12-11 HTTP/1.1" 200 409
124.78.153.86 - - [11/Dec/2021:10:42:26 +0800] "POST /xingrg/kc/base/wldb_order_operate.html HTTP/1.1" 200 37
124.77.240.52 - - [11/Dec/2021:10:42:26 +0800] "GET /xingrg/all/function/internal_message.html?_=1639190562941&CODE_STATE=getMsg HTTP/1.1" 302 -
124.78.153.86 - - [11/Dec/2021:10:42:27 +0800] "POST /xingrg/kc/base/wldb_order_operate.html HTTP/1.1" 200 6198
124.77.240.52 - - [11/Dec/2021:10:42:27 +0800] "GET /xingrg/kc/buy/cgsh_order_operate.html?command=get_materiel&rest_code=00146&code=00101008242&supplier_code=00100005&order_time=2021-12-11 HTTP/1.1" 200 408
124.78.153.86 - - [11/Dec/2021:10:42:27 +0800] "GET /xingrg/kc/base/wldb_order_info.html?code=422021121101101 HTTP/1.1" 200 30289
58.37.151.13 - - [11/Dec/2021:10:42:28 +0800] "GET /xingrg/supplier/cgsh_order_list.html HTTP/1.1" 200 10896
58.37.8.98 - - [11/Dec/2021:10:42:28 +0800] "GET /xingrg/login.html HTTP/1.1" 200 7641
124.78.153.86 - - [11/Dec/2021:10:42:28 +0800] "GET /xingrg/javascript/easyui/themes/default/validatebox.css HTTP/1.1" 404 1104
58.37.8.98 - - [11/Dec/2021:10:42:28 +0800] "GET /xingrg/login.html HTTP/1.1" 200 7641
58.37.8.98 - - [11/Dec/2021:10:42:28 +0800] "GET /favicon.ico HTTP/1.1" 404 -
124.78.153.86 - - [11/Dec/2021:10:42:28 +0800] "POST /xingrg/kc/base/wldb_order_operate.html HTTP/1.1" 200 6198
58.37.8.98 - - [11/Dec/2021:10:42:28 +0800] "GET /favicon.ico HTTP/1.1" 404 -
114.86.227.218 - - [11/Dec/2021:10:42:29 +0800] "GET /xingrg/kc/buy/cgsh_order_operate.html?command=get_materiel&rest_code=00109&code=00101008038&supplier_code=00100005&order_time=2021-12-11 HTTP/1.1" 200 412
124.78.153.86 - - [11/Dec/2021:10:42:29 +0800] "POST /xingrg/kc/buy/cgsh_order_operate.html HTTP/1.1" 200 2065
58.37.151.13 - - [11/Dec/2021:10:42:30 +0800] "POST /xingrg/supplier/cgsh_list_operate.html HTTP/1.1" 200 6124
114.85.125.222 - - [11/Dec/2021:10:42:31 +0800] "GET /xingrg/check_reg.html?_=1639190506434 HTTP/1.1" 200 22
114.85.125.222 - - [11/Dec/2021:10:42:31 +0800] "GET /xingrg/all/function/internal_message.html?_=1639190506684&CODE_STATE=getMsg HTTP/1.1" 200 27
124.78.153.86 - - [11/Dec/2021:10:42:32 +0800] "GET /xingrg/kc/base/wldb_order_add.html HTTP/1.1" 200 30274
58.37.8.98 - - [11/Dec/2021:10:42:32 +0800] "POST /xingrg/login.do HTTP/1.1" 302 -
58.37.8.98 - - [11/Dec/2021:10:42:32 +0800] "GET /xingrg/index.html?sysBaseUrl=http%3A%2F%2F180.169.147.146%3A18081%2Fxingrg%2F&costTime=44×tamp=1639190552709 HTTP/1.1" 200 17179
124.78.153.86 - - [11/Dec/2021:10:42:32 +0800] "POST /xingrg/kc/base/wldb_order_operate.html HTTP/1.1" 200 6806
58.37.8.98 - - [11/Dec/2021:10:42:32 +0800] "GET /favicon.ico HTTP/1.1" 404 -
124.78.153.86 - - [11/Dec/2021:10:42:32 +0800] "GET /xingrg/javascript/easyui/themes/default/validatebox.css HTTP/1.1" 404 1104
58.37.151.13 - - [11/Dec/2021:10:42:32 +0800] "GET /xingrg/javascript/jquery_tools/images/prev.gif HTTP/1.1" 404 1086
58.37.151.13 - - [11/Dec/2021:10:42:32 +0800] "GET /xingrg/javascript/jquery_tools/images/next.gif HTTP/1.1" 404 1086
58.37.8.98 - - [11/Dec/2021:10:42:32 +0800] "POST /xingrg/all/common/load_tree.html?tree=area_rest_tree_json&manage=1 HTTP/1.1" 200 351
58.37.8.98 - - [11/Dec/2021:10:42:32 +0800] "GET /xingrg/check_reg.html?_=1639190366840 HTTP/1.1" 200 22
58.37.8.98 - - [11/Dec/2021:10:42:32 +0800] "GET /xingrg/all/function/internal_message.html?_=1639190366839&CODE_STATE=count HTTP/1.1" 200 11
58.37.8.98 - - [11/Dec/2021:10:42:32 +0800] "POST /xingrg/load_menu.html HTTP/1.1" 200 5138
124.78.153.86 - - [11/Dec/2021:10:42:34 +0800] "POST /xingrg/all/common/load_combo.html?type=base HTTP/1.1" 200 3227
114.86.227.218 - - [11/Dec/2021:10:42:34 +0800] "POST /xingrg/kc/buy/cgsh_order_operate.html HTTP/1.1" 200 2065
124.78.153.86 - - [11/Dec/2021:10:42:34 +0800] "POST /xingrg/services/DataTransmitService HTTP/1.1" 200 501
124.78.153.86 - - [11/Dec/2021:10:42:34 +0800] "GET /xingrg/kc/buy/cgsh_order_operate.html?command=get_materiel&rest_code=00106&code=00101006058&supplier_code=00100015&order_time=2021-12-11 HTTP/1.1" 200 413
58.37.8.98 - - [11/Dec/2021:10:42:34 +0800] "GET /xingrg/kc/buy/buy_main.html HTTP/1.1" 200 12412
58.37.8.98 - - [11/Dec/2021:10:42:34 +0800] "GET /xingrg/css/new_ie.css HTTP/1.1" 404 1036
58.37.8.98 - - [11/Dec/2021:10:42:35 +0800] "GET /xingrg/images/yd/bt.gif HTTP/1.1" 404 1040
58.37.8.98 - - [11/Dec/2021:10:42:35 +0800] "GET /xingrg/kc/buy/cgsh_order_list.html HTTP/1.1" 200 49238
124.78.153.86 - - [11/Dec/2021:10:42:36 +0800] "GET /xingrg/all/function/internal_message.html?_=1639190559595&CODE_STATE=getMsg HTTP/1.1" 200 27
124.78.153.86 - - [11/Dec/2021:10:42:37 +0800] "POST /xingrg/all/common/load_combo.html?type=base HTTP/1.1" 200 3227
58.37.8.98 - - [11/Dec/2021:10:42:38 +0800] "POST /xingrg/kc/buy/cgsh_list_operate.html HTTP/1.1" 200 1688
124.77.240.52 - - [11/Dec/2021:10:42:38 +0800] "GET /xingrg/kc/buy/cgsh_order_operate.html?command=get_materiel&rest_code=00146&code=00101008298&supplier_code=00100005&order_time=2021-12-11 HTTP/1.1" 200 412
58.37.151.13 - - [11/Dec/2021:10:42:39 +0800] "POST /xingrg/supplier/cgsh_list_operate.html HTTP/1.1" 200 5896
58.37.8.98 - - [11/Dec/2021:10:42:40 +0800] "POST /xingrg/kc/buy/cgsh_list_operate.html HTTP/1.1" 200 353
124.77.240.52 - - [11/Dec/2021:10:42:41 +0800] "POST /xingrg/kc/buy/cgsh_order_operate.html HTTP/1.1" 200 2065
114.86.227.218 - - [11/Dec/2021:10:42:41 +0800] "GET /xingrg/kc/buy/cgsh_order_operate.html?command=get_materiel&rest_code=00109&code=00101008163&supplier_code=00100005&order_time=2021-12-11 HTTP/1.1" 200 409
58.37.8.98 - - [11/Dec/2021:10:42:41 +0800] "GET /xingrg/kc/buy/cgsh_order_info.html?code=212021121104333 HTTP/1.1" 200 65017
58.37.8.98 - - [11/Dec/2021:10:42:42 +0800] "GET /xingrg/all/common/auto_word.html?type=employee&rest_code=00141 HTTP/1.1" 200 201
58.37.8.98 - - [11/Dec/2021:10:42:42 +0800] "GET /xingrg/all/common/auto_word.html?type=employee&rest_code=00141 HTTP/1.1" 200 201
58.37.8.98 - - [11/Dec/2021:10:42:42 +0800] "GET /xingrg/javascript/easyui/themes/default/validatebox.css HTTP/1.1" 404 1104
58.37.8.98 - - [11/Dec/2021:10:42:42 +0800] "POST /xingrg/kc/buy/cgsh_order_operate.html HTTP/1.1" 200 3841
61.151.178.249 - - [11/Dec/2021:10:42:42 +0800] "GET /xingrg/kc/buy/cgsh_order_operate.html?command=get_materiel&rest_code=00106&code=00101008271&supplier_code=00100007&order_time=2021-12-11 HTTP/1.1" 302 -
61.151.178.249 - - [11/Dec/2021:10:42:44 +0800] "GET /xingrg/login.html HTTP/1.1" 200 7641
58.37.8.98 - - [11/Dec/2021:10:42:47 +0800] "GET /xingrg/javascript/auto/indicator.gif HTTP/1.1" 404 1066
124.78.153.86 - - [11/Dec/2021:10:42:48 +0800] "GET /xingrg/kc/buy/cgsh_order_operate.html?command=get_materiel&rest_code=00106&code=00101006062&supplier_code=00100015&order_time=2021-12-11 HTTP/1.1" 200 409
120.253.135.82 - - [11/Dec/2021:10:42:48 +0800] "GET /xingrg/all/function/internal_message.html?_=1639190344598&CODE_STATE=getMsg HTTP/1.1" 200 27
124.77.240.52 - - [11/Dec/2021:10:42:49 +0800] "GET /xingrg/kc/buy/cgsh_order_operate.html?command=get_materiel&rest_code=00146&code=00101008225&supplier_code=00100005&order_time=2021-12-11 HTTP/1.1" 200 416
114.86.227.218 - - [11/Dec/2021:10:42:50 +0800] "GET /xingrg/kc/buy/cgsh_order_operate.html?command=get_materiel&rest_code=00109&code=00101008148&supplier_code=00100005&order_time=2021-12-11 HTTP/1.1" 200 416
61.172.28.229 - - [11/Dec/2021:10:42:52 +0800] "GET /xingrg/all/function/internal_message.html?_=1639190506809&CODE_STATE=getMsg HTTP/1.1" 200 27
61.172.28.229 - - [11/Dec/2021:10:42:52 +0800] "GET /xingrg/check_reg.html?_=1639190506814 HTTP/1.1" 200 22
58.37.8.98 - - [11/Dec/2021:10:42:52 +0800] "GET /xingrg/kc/buy/cgsh_order_operate.html?command=get_materiel&rest_code=00141&code=00101008026&supplier_code=00100007&order_time=2021-12-11 HTTP/1.1" 200 409
124.78.153.86 - - [11/Dec/2021:10:42:55 +0800] "GET /xingrg/kc/base/wldb_order_operate.html?command=get_materiel&rest_code=00106&base_code=0010396&code=00101019391 HTTP/1.1" 200 471
120.253.135.82 - - [11/Dec/2021:10:42:55 +0800] "GET /xingrg/kc/guide/show_order.html?code=452021113000241&type=45 HTTP/1.1" 302 -
120.253.135.82 - - [11/Dec/2021:10:42:55 +0800] "GET /xingrg/kc/base/check_order_info.html?code=452021113000241&sysBaseUrl=http%3A%2F%2F180.169.147.146%3A18081%2Fxingrg%2F&costTime=7×tamp=1639190575182 HTTP/1.1" 200 22866
120.253.135.82 - - [11/Dec/2021:10:42:55 +0800] "GET /xingrg/javascript/AjaxInfoList.js HTTP/1.1" 304 -
120.253.135.82 - - [11/Dec/2021:10:42:55 +0800] "GET /xingrg/dwr/interface/AjaxCheckService.js HTTP/1.1" 200 14003
120.253.135.82 - - [11/Dec/2021:10:42:55 +0800] "GET /xingrg/dwr/interface/AjaxComOrderService.js HTTP/1.1" 200 18264
120.253.135.82 - - [11/Dec/2021:10:42:55 +0800] "GET /xingrg/dwr/engine.js HTTP/1.1" 200 43631
120.253.135.82 - - [11/Dec/2021:10:42:55 +0800] "GET /favicon.ico HTTP/1.1" 404 -
120.253.135.82 - - [11/Dec/2021:10:42:55 +0800] "GET /xingrg/javascript/jquery_easy_ui/themes/icons/exam_new.png HTTP/1.1" 200 756
120.253.135.82 - - [11/Dec/2021:10:42:56 +0800] "POST /xingrg/dwr/call/plaincall/AjaxCheckService.loadOrderItems.dwr HTTP/1.1" 200 46659
101.83.241.214 - - [11/Dec/2021:10:42:56 +0800] "GET /xingrg/check_reg.html?_=1639190573583 HTTP/1.1" 200 22
101.83.241.214 - - [11/Dec/2021:10:42:56 +0800] "GET /xingrg/all/function/internal_message.html?_=1639190573585&CODE_STATE=getMsg HTTP/1.1" 200 27
180.169.147.146 - - [11/Dec/2021:10:42:57 +0800] "GET /xingrg/all/function/internal_message.html?_=1639190573083&CODE_STATE=getMsg HTTP/1.1" 200 27
124.77.240.52 - - [11/Dec/2021:10:42:58 +0800] "POST /xingrg/kc/buy/cgsh_order_operate.html HTTP/1.1" 200 37
180.169.147.146 - - [11/Dec/2021:10:43:00 +0800] "GET /xingrg/all/function/internal_message.html?_=1639190580781&CODE_STATE=getMsg HTTP/1.1" 302 -
124.78.153.86 - - [11/Dec/2021:10:43:00 +0800] "GET /xingrg/kc/buy/cgsh_order_operate.html?command=get_materiel&rest_code=00106&code=00101006193&supplier_code=00100015&order_time=2021-12-11 HTTP/1.1" 200 411
124.77.240.52 - - [11/Dec/2021:10:43:00 +0800] "POST /xingrg/kc/buy/cgsh_order_operate.html HTTP/1.1" 200 22771
58.37.151.13 - - [11/Dec/2021:10:43:01 +0800] "POST /xingrg/supplier/cgsh_list_operate.html HTTP/1.1" 200 5613
114.86.227.218 - - [11/Dec/2021:10:43:01 +0800] "GET /xingrg/kc/buy/cgsh_order_operate.html?command=get_materiel&rest_code=00109&code=00101008356&supplier_code=00100005&order_time=2021-12-11 HTTP/1.1" 200 408
222.70.176.97 - - [11/Dec/2021:10:43:03 +0800] "GET /xingrg/check_reg.html?_=1639190577969 HTTP/1.1" 200 22
222.70.176.97 - - [11/Dec/2021:10:43:03 +0800] "GET /xingrg/all/function/internal_message.html?_=1639190578032&CODE_STATE=getMsg HTTP/1.1" 200 27
58.37.8.98 - - [11/Dec/2021:10:43:04 +0800] "GET /xingrg/kc/buy/cgsh_order_operate.html?command=get_materiel&rest_code=00141&code=00101008110&supplier_code=00100007&order_time=2021-12-11 HTTP/1.1" 200 408
124.78.153.86 - - [11/Dec/2021:10:43:07 +0800] "GET /xingrg/kc/base/wldb_order_operate.html?command=get_materiel&rest_code=00106&base_code=0010396&code=00101019492 HTTP/1.1" 200 459
114.86.227.218 - - [11/Dec/2021:10:43:10 +0800] "GET /xingrg/kc/buy/cgsh_order_operate.html?command=get_materiel&rest_code=00109&code=00101008362&supplier_code=00100005&order_time=2021-12-11 HTTP/1.1" 200 408
114.86.227.218 - - [11/Dec/2021:10:43:11 +0800] "GET /xingrg/all/function/internal_message.html?_=1639190588769&CODE_STATE=getMsg HTTP/1.1" 200 27
124.78.153.86 - - [11/Dec/2021:10:43:11 +0800] "GET /xingrg/all/function/internal_message.html?_=1639190595459&CODE_STATE=getMsg HTTP/1.1" 200 27
58.37.8.98 - - [11/Dec/2021:10:43:12 +0800] "GET /xingrg/kc/buy/cgsh_order_operate.html?command=get_materiel&rest_code=00141&code=00101008038&supplier_code=00100007&order_time=2021-12-11 HTTP/1.1" 200 412
124.78.153.86 - - [11/Dec/2021:10:43:13 +0800] "GET /xingrg/kc/buy/cgsh_order_operate.html?command=get_materiel&rest_code=00106&code=00101006293&supplier_code=00100015&order_time=2021-12-11 HTTP/1.1" 200 416
222.70.176.97 - - [11/Dec/2021:10:43:15 +0800] "GET /xingrg/all/function/internal_message.html?_=1639190259586&CODE_STATE=getMsg HTTP/1.1" 302 -
222.70.176.97 - - [11/Dec/2021:10:43:16 +0800] "GET /xingrg/check_reg.html?_=1639190259588 HTTP/1.1" 302 -
58.37.151.13 - - [11/Dec/2021:10:43:17 +0800] "POST /xingrg/supplier/cgsh_list_operate.html HTTP/1.1" 200 2777
61.151.178.217 - - [11/Dec/2021:10:43:18 +0800] "GET /xingrg/all/function/internal_message.html?_=1639188965361&CODE_STATE=getMsg HTTP/1.1" 302 -
61.151.178.217 - - [11/Dec/2021:10:43:18 +0800] "GET /xingrg/login.html HTTP/1.1" 200 7641
124.77.240.52 - - [11/Dec/2021:10:43:19 +0800] "GET /xingrg/all/function/internal_message.html?_=1639190618724&CODE_STATE=getMsg HTTP/1.1" 200 27
116.238.208.177 - - [11/Dec/2021:10:43:21 +0800] "GET /xingrg/all/function/internal_message.html?_=1639190599584&CODE_STATE=getMsg HTTP/1.1" 200 27
116.238.248.233 - - [11/Dec/2021:10:43:21 +0800] "GET /xingrg/all/function/internal_message.html?_=1639190598300&CODE_STATE=getMsg HTTP/1.1" 200 27
58.37.151.13 - - [11/Dec/2021:10:43:21 +0800] "POST /xingrg/supplier/cgsh_list_operate.html HTTP/1.1" 200 569
116.227.210.113 - - [11/Dec/2021:10:43:26 +0800] "GET /xingrg/all/function/internal_message.html?_=1639190601119&CODE_STATE=getMsg HTTP/1.1" 200 27
124.77.240.52 - - [11/Dec/2021:10:43:26 +0800] "GET /xingrg/all/function/internal_message.html?_=1639190622952&CODE_STATE=getMsg HTTP/1.1" 302 -
114.86.227.218 - - [11/Dec/2021:10:43:27 +0800] "GET /xingrg/kc/buy/cgsh_order_operate.html?command=get_materiel&rest_code=00109&code=00101008072&supplier_code=00100005&order_time=2021-12-11 HTTP/1.1" 200 408
114.85.125.222 - - [11/Dec/2021:10:43:31 +0800] "GET /xingrg/all/function/internal_message.html?_=1639190566698&CODE_STATE=getMsg HTTP/1.1" 200 27
58.37.8.98 - - [11/Dec/2021:10:43:32 +0800] "GET /xingrg/all/function/internal_message.html?_=1639190426845&CODE_STATE=getMsg HTTP/1.1" 200 27
124.78.153.86 - - [11/Dec/2021:10:43:34 +0800] "GET /xingrg/kc/base/wldb_order_operate.html?command=get_materiel&rest_code=00106&base_code=0010396&code=00101019187 HTTP/1.1" 200 465
114.86.227.218 - - [11/Dec/2021:10:43:34 +0800] "POST /xingrg/kc/buy/cgsh_order_operate.html HTTP/1.1" 200 2065
61.151.178.249 - - [11/Dec/2021:10:43:36 +0800] "GET /xingrg/all/function/internal_message.html?_=1639189265244&CODE_STATE=getMsg HTTP/1.1" 302 -
124.78.153.86 - - [11/Dec/2021:10:43:36 +0800] "GET /xingrg/all/function/internal_message.html?_=1639190619595&CODE_STATE=getMsg HTTP/1.1" 200 27
61.151.178.249 - - [11/Dec/2021:10:43:36 +0800] "GET /xingrg/login.html HTTP/1.1" 200 7641
58.37.8.98 - - [11/Dec/2021:10:43:39 +0800] "GET /xingrg/kc/buy/cgsh_order_operate.html?command=get_materiel&rest_code=00141&code=00101008163&supplier_code=00100007&order_time=2021-12-11 HTTP/1.1" 200 409
114.86.227.218 - - [11/Dec/2021:10:43:40 +0800] "GET /xingrg/kc/buy/cgsh_order_operate.html?command=get_materiel&rest_code=00109&code=00101008126&supplier_code=00100005&order_time=2021-12-11 HTTP/1.1" 200 412
58.37.8.98 - - [11/Dec/2021:10:43:46 +0800] "POST /xingrg/kc/buy/cgsh_order_operate.html HTTP/1.1" 200 2065
120.253.135.82 - - [11/Dec/2021:10:43:49 +0800] "GET /xingrg/all/function/internal_message.html?_=1639190404663&CODE_STATE=getMsg HTTP/1.1" 200 27
124.78.153.86 - - [11/Dec/2021:10:43:49 +0800] "GET /xingrg/kc/base/wldb_order_operate.html?command=get_materiel&rest_code=00106&base_code=0010396&code=00101019430 HTTP/1.1" 200 464
114.86.227.218 - - [11/Dec/2021:10:43:49 +0800] "GET /xingrg/kc/buy/cgsh_order_operate.html?command=get_materiel&rest_code=00109&code=00101008372&supplier_code=00100005&order_time=2021-12-11 HTTP/1.1" 200 408
61.172.28.229 - - [11/Dec/2021:10:43:52 +0800] "GET /xingrg/all/function/internal_message.html?_=1639190566799&CODE_STATE=getMsg HTTP/1.1" 200 27
58.37.8.98 - - [11/Dec/2021:10:43:53 +0800] "GET /xingrg/kc/buy/cgsh_order_operate.html?command=get_materiel&rest_code=00141&code=00101008024&supplier_code=00100007&order_time=2021-12-11 HTTP/1.1" 200 408
101.83.241.214 - - [11/Dec/2021:10:43:56 +0800] "GET /xingrg/all/function/internal_message.html?_=1639190633569&CODE_STATE=getMsg HTTP/1.1" 200 27
114.86.227.218 - - [11/Dec/2021:10:43:57 +0800] "GET /xingrg/kc/buy/cgsh_order_operate.html?command=get_materiel&rest_code=00109&code=00101008270&supplier_code=00100005&order_time=2021-12-11 HTTP/1.1" 200 412
180.169.147.146 - - [11/Dec/2021:10:43:57 +0800] "GET /xingrg/all/function/internal_message.html?_=1639190633067&CODE_STATE=getMsg HTTP/1.1" 200 27
180.169.147.146 - - [11/Dec/2021:10:44:00 +0800] "GET /xingrg/all/function/internal_message.html?_=1639190640753&CODE_STATE=getMsg HTTP/1.1" 302 -
58.37.8.98 - - [11/Dec/2021:10:44:02 +0800] "GET /xingrg/kc/buy/cgsh_order_operate.html?command=get_materiel&rest_code=00141&code=00101008137&supplier_code=00100007&order_time=2021-12-11 HTTP/1.1" 200 408
222.70.176.97 - - [11/Dec/2021:10:44:03 +0800] "GET /xingrg/all/function/internal_message.html?_=1639190638016&CODE_STATE=getMsg HTTP/1.1" 200 27
114.86.227.218 - - [11/Dec/2021:10:44:04 +0800] "GET /xingrg/kc/buy/cgsh_order_operate.html?command=get_materiel&rest_code=00109&code=00101008298&supplier_code=00100005&order_time=2021-12-11 HTTP/1.1" 200 412
61.151.178.180 - - [11/Dec/2021:10:44:05 +0800] "GET /xingrg/kc/buy/cgsh_order_operate.html?command=get_materiel&rest_code=00106&code=00101008043&supplier_code=00100007&order_time=2021-12-11 HTTP/1.1" 302 -
61.151.178.180 - - [11/Dec/2021:10:44:05 +0800] "GET /xingrg/login.html HTTP/1.1" 200 7641
114.86.227.218 - - [11/Dec/2021:10:44:11 +0800] "GET /xingrg/all/function/internal_message.html?_=1639190648774&CODE_STATE=getMsg HTTP/1.1" 200 27
124.78.153.86 - - [11/Dec/2021:10:44:11 +0800] "GET /xingrg/all/function/internal_message.html?_=1639190655437&CODE_STATE=getMsg HTTP/1.1" 200 27
58.37.8.98 - - [11/Dec/2021:10:44:13 +0800] "GET /xingrg/kc/buy/cgsh_order_operate.html?command=get_materiel&rest_code=00141&code=00101008146&supplier_code=00100007&order_time=2021-12-11 HTTP/1.1" 200 416
222.70.176.97 - - [11/Dec/2021:10:44:15 +0800] "GET /xingrg/all/function/internal_message.html?_=1639190319586&CODE_STATE=getMsg HTTP/1.1" 302 -
124.78.153.86 - - [11/Dec/2021:10:44:16 +0800] "POST /xingrg/kc/buy/cgsh_order_operate.html HTTP/1.1" 200 37
124.77.240.52 - - [11/Dec/2021:10:44:19 +0800] "GET /xingrg/all/function/internal_message.html?_=1639190678738&CODE_STATE=getMsg HTTP/1.1" 200 27
124.78.153.86 - - [11/Dec/2021:10:44:20 +0800] "GET /xingrg/kc/base/wldb_order_operate.html?command=get_materiel&rest_code=00106&base_code=0010396&code=00101019295 HTTP/1.1" 200 462
114.86.227.218 - - [11/Dec/2021:10:44:21 +0800] "POST /xingrg/kc/buy/cgsh_order_operate.html HTTP/1.1" 200 37
