116.229.213.191 - - [10/Dec/2021:09:48:39 +0800] "GET /xingrg/kc/print/load_data.html?order_code=212021121003842&kc_code=cgsh&condition= HTTP/1.1" 200 4291
120.253.135.82 - - [10/Dec/2021:09:48:43 +0800] "GET /xingrg/all/function/internal_message.html?_=1639100698428&CODE_STATE=getMsg HTTP/1.1" 200 27
116.238.248.233 - - [10/Dec/2021:09:48:43 +0800] "GET /xingrg/all/function/internal_message.html?_=1639100920749&CODE_STATE=getMsg HTTP/1.1" 200 27
58.37.8.98 - - [10/Dec/2021:09:48:43 +0800] "POST /xingrg/all/common/load_select.html HTTP/1.1" 200 25
114.83.222.61 - - [10/Dec/2021:09:48:44 +0800] "GET /xingrg/all/function/internal_message.html?_=1639100921998&CODE_STATE=getMsg HTTP/1.1" 200 27
116.238.248.233 - - [10/Dec/2021:09:48:44 +0800] "GET /xingrg/kc/buy/cgsh_order_operate.html?command=get_materiel&rest_code=00151&code=00102003263&supplier_code=00100302&order_time=2021-12-10 HTTP/1.1" 200 408
124.78.153.86 - - [10/Dec/2021:09:48:45 +0800] "GET /xingrg/all/function/internal_message.html?_=1639100929913&CODE_STATE=getMsg HTTP/1.1" 200 27
222.70.176.97 - - [10/Dec/2021:09:48:47 +0800] "GET /xingrg/check_reg.html?_=1639100923134 HTTP/1.1" 200 22
58.37.8.98 - - [10/Dec/2021:09:48:47 +0800] "GET /xingrg/kc/buy/cgsh_order_operate.html?command=get_materiel_price&rest_code=00141&code=00101019444&unit_code=00100017&supplier_code=00100007&order_time=2021-12-10 HTTP/1.1" 200 27
222.70.176.97 - - [10/Dec/2021:09:48:59 +0800] "GET /xingrg/all/function/internal_message.html?_=1639100935326&CODE_STATE=getMsg HTTP/1.1" 200 27
58.39.139.200 - - [10/Dec/2021:09:49:00 +0800] "GET /xingrg/all/function/internal_message.html?_=1639100875051&CODE_STATE=getMsg HTTP/1.1" 200 27
180.169.147.146 - - [10/Dec/2021:09:49:01 +0800] "GET /xingrg/all/function/internal_message.html?_=1639100930664&CODE_STATE=getMsg HTTP/1.1" 200 27
114.85.125.222 - - [10/Dec/2021:09:49:07 +0800] "GET /xingrg/all/function/internal_message.html?_=1639100904136&CODE_STATE=getMsg HTTP/1.1" 200 27
116.233.75.93 - - [10/Dec/2021:09:49:07 +0800] "GET /xingrg/all/function/internal_message.html?_=1639100949254&CODE_STATE=getMsg HTTP/1.1" 200 27
58.37.8.98 - - [10/Dec/2021:09:49:07 +0800] "GET /xingrg/kc/buy/cgsh_order_operate.html?command=get_materiel&rest_code=00141&code=00101008337&supplier_code=00100007&order_time=2021-12-10 HTTP/1.1" 200 408
222.70.176.97 - - [10/Dec/2021:09:49:14 +0800] "GET /xingrg/all/function/internal_message.html?_=1639100619587&CODE_STATE=getMsg HTTP/1.1" 302 -
124.77.240.52 - - [10/Dec/2021:09:49:14 +0800] "POST /xingrg/services/DataTransmitService HTTP/1.1" 200 524
124.77.240.52 - - [10/Dec/2021:09:49:14 +0800] "POST /xingrg/services/DataTransmitService HTTP/1.1" 200 2171
124.77.240.52 - - [10/Dec/2021:09:49:16 +0800] "POST /xingrg/services/DataTransmitService HTTP/1.1" 200 524
124.77.240.52 - - [10/Dec/2021:09:49:16 +0800] "POST /xingrg/services/DataTransmitService HTTP/1.1" 200 2171
58.37.8.98 - - [10/Dec/2021:09:49:16 +0800] "GET /xingrg/kc/buy/cgsh_order_operate.html?command=get_materiel&rest_code=00141&code=00101008300&supplier_code=00100007&order_time=2021-12-10 HTTP/1.1" 200 412
58.37.8.98 - - [10/Dec/2021:09:49:19 +0800] "POST /xingrg/kc/buy/cgsh_order_operate.html HTTP/1.1" 200 2065
124.77.240.52 - - [10/Dec/2021:09:49:19 +0800] "POST /xingrg/services/DataTransmitService HTTP/1.1" 200 524
124.77.240.52 - - [10/Dec/2021:09:49:20 +0800] "POST /xingrg/services/DataTransmitService HTTP/1.1" 200 2171
222.70.176.97 - - [10/Dec/2021:09:49:20 +0800] "GET /xingrg/kc/buy/cgsh_order_operate.html?command=get_materiel&rest_code=00111&code=00101008043&supplier_code=00100005&order_time=2021-12-10 HTTP/1.1" 200 416
124.77.240.52 - - [10/Dec/2021:09:49:24 +0800] "POST /xingrg/services/DataTransmitService HTTP/1.1" 200 524
124.77.240.52 - - [10/Dec/2021:09:49:24 +0800] "POST /xingrg/services/DataTransmitService HTTP/1.1" 200 2171
116.229.213.191 - - [10/Dec/2021:09:49:26 +0800] "GET /xingrg/all/function/internal_message.html?_=1639100965238&CODE_STATE=getMsg HTTP/1.1" 200 27
124.77.240.52 - - [10/Dec/2021:09:49:26 +0800] "POST /xingrg/services/DataTransmitService HTTP/1.1" 200 524
116.227.210.113 - - [10/Dec/2021:09:49:27 +0800] "GET /xingrg/all/function/internal_message.html?_=1639100963366&CODE_STATE=getMsg HTTP/1.1" 200 27
124.77.240.52 - - [10/Dec/2021:09:49:27 +0800] "POST /xingrg/services/DataTransmitService HTTP/1.1" 200 2171
180.169.147.146 - - [10/Dec/2021:09:49:27 +0800] "GET /xingrg/all/function/internal_message.html?_=1639100965442&CODE_STATE=getMsg HTTP/1.1" 200 27
58.37.8.98 - - [10/Dec/2021:09:49:30 +0800] "GET /xingrg/all/function/internal_message.html?_=1639100785484&CODE_STATE=getMsg HTTP/1.1" 200 27
124.77.240.52 - - [10/Dec/2021:09:49:33 +0800] "GET /xingrg/all/function/internal_message.html?_=1639100989184&CODE_STATE=getMsg HTTP/1.1" 200 27
58.37.8.98 - - [10/Dec/2021:09:49:37 +0800] "GET /xingrg/kc/buy/cgsh_order_operate.html?command=get_materiel&rest_code=00141&code=00101008372&supplier_code=00100007&order_time=2021-12-10 HTTP/1.1" 200 408
222.70.176.97 - - [10/Dec/2021:09:49:42 +0800] "GET /xingrg/kc/buy/cgsh_order_operate.html?command=get_materiel&rest_code=00111&code=00101013179&supplier_code=00100005&order_time=2021-12-10 HTTP/1.1" 200 412
120.253.135.82 - - [10/Dec/2021:09:49:43 +0800] "GET /xingrg/all/function/internal_message.html?_=1639100758433&CODE_STATE=getMsg HTTP/1.1" 200 27
116.238.248.233 - - [10/Dec/2021:09:49:43 +0800] "GET /xingrg/all/function/internal_message.html?_=1639100980765&CODE_STATE=getMsg HTTP/1.1" 200 27
114.83.222.61 - - [10/Dec/2021:09:49:44 +0800] "GET /xingrg/all/function/internal_message.html?_=1639100981995&CODE_STATE=getMsg HTTP/1.1" 200 27
124.78.153.86 - - [10/Dec/2021:09:49:45 +0800] "GET /xingrg/all/function/internal_message.html?_=1639100989913&CODE_STATE=getMsg HTTP/1.1" 200 27
58.37.8.98 - - [10/Dec/2021:09:49:47 +0800] "GET /xingrg/kc/buy/cgsh_order_operate.html?command=get_materiel&rest_code=00141&code=00101008355&supplier_code=00100007&order_time=2021-12-10 HTTP/1.1" 200 408
116.229.213.191 - - [10/Dec/2021:09:49:50 +0800] "GET /xingrg/kc/buy/cgsh_order_add.html HTTP/1.1" 200 64961
116.229.213.191 - - [10/Dec/2021:09:49:51 +0800] "POST /xingrg/kc/buy/cgsh_order_operate.html HTTP/1.1" 200 8245
116.229.213.191 - - [10/Dec/2021:09:49:52 +0800] "GET /xingrg/javascript/easyui/themes/default/validatebox.css HTTP/1.1" 404 1104
222.70.176.97 - - [10/Dec/2021:09:49:55 +0800] "POST /xingrg/kc/buy/cgsh_order_operate.html HTTP/1.1" 200 75
58.37.8.98 - - [10/Dec/2021:09:49:56 +0800] "GET /xingrg/kc/buy/cgsh_order_operate.html?command=get_materiel&rest_code=00141&code=00101008350&supplier_code=00100007&order_time=2021-12-10 HTTP/1.1" 200 408
116.229.213.191 - - [10/Dec/2021:09:49:57 +0800] "GET /xingrg/javascript/easyui/plugins/jquery.draggable.js HTTP/1.1" 304 -
116.229.213.191 - - [10/Dec/2021:09:49:57 +0800] "GET /xingrg/css/images/panel_loading.gif HTTP/1.1" 304 -
116.229.213.191 - - [10/Dec/2021:09:49:57 +0800] "GET /xingrg/javascript/easyui/plugins/jquery.droppable.js HTTP/1.1" 304 -
116.229.213.191 - - [10/Dec/2021:09:49:57 +0800] "GET /xingrg/javascript/easyui/themes/default/tree.css HTTP/1.1" 404 1090
116.229.213.191 - - [10/Dec/2021:09:49:57 +0800] "GET /xingrg/javascript/easyui/plugins/jquery.tree.js HTTP/1.1" 304 -
116.229.213.191 - - [10/Dec/2021:09:49:57 +0800] "POST /xingrg/all/common/load_tree.html?tree=supplier_tree_json&isDelete=1 HTTP/1.1" 200 61052
116.229.213.191 - - [10/Dec/2021:09:49:59 +0800] "GET /xingrg/javascript/easyui/themes/default/images/tree_arrows.gif HTTP/1.1" 304 -
116.229.213.191 - - [10/Dec/2021:09:49:59 +0800] "GET /xingrg/javascript/easyui/themes/default/images/tree_folder_open.gif HTTP/1.1" 304 -
116.229.213.191 - - [10/Dec/2021:09:49:59 +0800] "GET /xingrg/javascript/easyui/themes/default/images/tree_folder.gif HTTP/1.1" 304 -
116.229.213.191 - - [10/Dec/2021:09:49:59 +0800] "GET /xingrg/javascript/easyui/themes/default/images/tree_file.gif HTTP/1.1" 304 -
222.70.176.97 - - [10/Dec/2021:09:49:59 +0800] "GET /xingrg/all/function/internal_message.html?_=1639100995308&CODE_STATE=getMsg HTTP/1.1" 200 27
58.39.139.200 - - [10/Dec/2021:09:50:00 +0800] "GET /xingrg/all/function/internal_message.html?_=1639100935051&CODE_STATE=getMsg HTTP/1.1" 200 27
180.169.147.146 - - [10/Dec/2021:09:50:01 +0800] "GET /xingrg/all/function/internal_message.html?_=1639100990662&CODE_STATE=getMsg HTTP/1.1" 200 27
114.85.125.222 - - [10/Dec/2021:09:50:07 +0800] "GET /xingrg/all/function/internal_message.html?_=1639100964138&CODE_STATE=getMsg HTTP/1.1" 200 27
116.233.75.93 - - [10/Dec/2021:09:50:07 +0800] "GET /xingrg/all/function/internal_message.html?_=1639101009244&CODE_STATE=getMsg HTTP/1.1" 200 27
222.70.176.97 - - [10/Dec/2021:09:50:09 +0800] "POST /xingrg/kc/buy/cgsh_order_operate.html HTTP/1.1" 200 37
124.77.240.52 - - [10/Dec/2021:09:50:11 +0800] "GET /xingrg/check_reg.html?_=1639101027306 HTTP/1.1" 200 22
222.70.176.97 - - [10/Dec/2021:09:50:14 +0800] "GET /xingrg/all/function/internal_message.html?_=1639100679587&CODE_STATE=getMsg HTTP/1.1" 302 -
180.169.147.146 - - [10/Dec/2021:09:50:19 +0800] "POST /xingrg/dwr/call/plaincall/AjaxReportQueryService.refreshCache.dwr HTTP/1.1" 200 78
114.83.222.61 - - [10/Dec/2021:09:50:23 +0800] "POST /xingrg/services/DataTransmitService HTTP/1.1" 200 524
114.83.222.61 - - [10/Dec/2021:09:50:23 +0800] "POST /xingrg/services/DataTransmitService HTTP/1.1" 200 1983
114.83.222.61 - - [10/Dec/2021:09:50:24 +0800] "POST /xingrg/services/DataTransmitService HTTP/1.1" 200 524
180.169.147.146 - - [10/Dec/2021:09:50:25 +0800] "POST /xingrg/all/report/load_report_page.html HTTP/1.1" 200 378707
114.83.222.61 - - [10/Dec/2021:09:50:25 +0800] "POST /xingrg/services/DataTransmitService HTTP/1.1" 200 1983
180.169.147.146 - - [10/Dec/2021:09:50:25 +0800] "GET /xingrg/servlets/image?cache=0.5773624786981808&image=px HTTP/1.1" 200 807
116.229.213.191 - - [10/Dec/2021:09:50:26 +0800] "GET /xingrg/all/function/internal_message.html?_=1639101025246&CODE_STATE=getMsg HTTP/1.1" 200 27
116.227.210.113 - - [10/Dec/2021:09:50:27 +0800] "GET /xingrg/all/function/internal_message.html?_=1639101023366&CODE_STATE=getMsg HTTP/1.1" 200 27
180.169.147.146 - - [10/Dec/2021:09:50:27 +0800] "GET /xingrg/all/function/internal_message.html?_=1639101025476&CODE_STATE=getMsg HTTP/1.1" 200 27
180.169.147.146 - - [10/Dec/2021:09:50:29 +0800] "POST /xingrg/all/report/report_print.html HTTP/1.1" 200 8206
58.37.8.98 - - [10/Dec/2021:09:50:30 +0800] "GET /xingrg/all/function/internal_message.html?_=1639100845498&CODE_STATE=getMsg HTTP/1.1" 200 27
58.37.8.98 - - [10/Dec/2021:09:50:30 +0800] "GET /xingrg/check_reg.html?_=1639100845499 HTTP/1.1" 200 22
180.169.147.146 - - [10/Dec/2021:09:50:32 +0800] "POST /xingrg/all/report/report_print.html HTTP/1.1" 200 35372
116.229.213.191 - - [10/Dec/2021:09:50:33 +0800] "GET /xingrg/kc/buy/cgsh_order_operate.html?command=get_materiel&rest_code=00102&code=00101002027&supplier_code=00100400&order_time=2021-12-10 HTTP/1.1" 200 413
124.77.240.52 - - [10/Dec/2021:09:50:33 +0800] "GET /xingrg/all/function/internal_message.html?_=1639101049190&CODE_STATE=getMsg HTTP/1.1" 200 27
116.229.213.191 - - [10/Dec/2021:09:50:35 +0800] "GET /xingrg/check_reg.html?_=1639101034217 HTTP/1.1" 200 22
120.253.135.82 - - [10/Dec/2021:09:50:41 +0800] "GET /xingrg/check_reg.html?_=1639100817086 HTTP/1.1" 200 22
120.253.135.82 - - [10/Dec/2021:09:50:43 +0800] "GET /xingrg/all/function/internal_message.html?_=1639100818447&CODE_STATE=getMsg HTTP/1.1" 200 27
116.238.248.233 - - [10/Dec/2021:09:50:43 +0800] "GET /xingrg/check_reg.html?_=1639101040757 HTTP/1.1" 200 22
116.238.248.233 - - [10/Dec/2021:09:50:43 +0800] "GET /xingrg/all/function/internal_message.html?_=1639101040759&CODE_STATE=getMsg HTTP/1.1" 200 27
114.83.222.61 - - [10/Dec/2021:09:50:44 +0800] "GET /xingrg/all/function/internal_message.html?_=1639101041978&CODE_STATE=getMsg HTTP/1.1" 200 27
114.83.222.61 - - [10/Dec/2021:09:50:45 +0800] "GET /xingrg/check_reg.html?_=1639101042826 HTTP/1.1" 200 22
124.78.153.86 - - [10/Dec/2021:09:50:45 +0800] "GET /xingrg/check_reg.html?_=1639101049913 HTTP/1.1" 200 22
124.78.153.86 - - [10/Dec/2021:09:50:45 +0800] "GET /xingrg/all/function/internal_message.html?_=1639101049915&CODE_STATE=getMsg HTTP/1.1" 200 27
116.229.213.191 - - [10/Dec/2021:09:50:48 +0800] "GET /xingrg/kc/buy/cgsh_order_operate.html?command=get_materiel&rest_code=00102&code=00101001075&supplier_code=00100400&order_time=2021-12-10 HTTP/1.1" 200 411
58.39.139.200 - - [10/Dec/2021:09:50:52 +0800] "POST /xingrg/services/DataTransmitService HTTP/1.1" 200 524
58.39.139.200 - - [10/Dec/2021:09:50:53 +0800] "POST /xingrg/services/DataTransmitService HTTP/1.1" 200 2235
58.39.139.200 - - [10/Dec/2021:09:51:00 +0800] "GET /xingrg/check_reg.html?_=1639100995052 HTTP/1.1" 200 22
58.39.139.200 - - [10/Dec/2021:09:51:00 +0800] "GET /xingrg/all/function/internal_message.html?_=1639100995055&CODE_STATE=getMsg HTTP/1.1" 200 27
180.169.147.146 - - [10/Dec/2021:09:51:01 +0800] "GET /xingrg/all/function/internal_message.html?_=1639101050660&CODE_STATE=getMsg HTTP/1.1" 200 27
222.70.176.97 - - [10/Dec/2021:09:51:06 +0800] "GET /xingrg/all/function/internal_message.html?_=1639101061741&CODE_STATE=getMsg HTTP/1.1" 200 27
222.70.176.97 - - [10/Dec/2021:09:51:06 +0800] "POST /xingrg/kc/buy/cgsh_order_operate.html HTTP/1.1" 200 45827
114.85.125.222 - - [10/Dec/2021:09:51:07 +0800] "GET /xingrg/all/function/internal_message.html?_=1639101024163&CODE_STATE=getMsg HTTP/1.1" 200 27
116.233.75.93 - - [10/Dec/2021:09:51:07 +0800] "GET /xingrg/all/function/internal_message.html?_=1639101069234&CODE_STATE=getMsg HTTP/1.1" 200 27
116.238.248.233 - - [10/Dec/2021:09:51:09 +0800] "GET /xingrg/kc/buy/cgsh_order_operate.html?command=get_materiel&rest_code=00151&code=00102021027&supplier_code=00100302&order_time=2021-12-10 HTTP/1.1" 200 457
222.70.176.97 - - [10/Dec/2021:09:51:14 +0800] "GET /xingrg/all/function/internal_message.html?_=1639100739586&CODE_STATE=getMsg HTTP/1.1" 302 -
116.229.213.191 - - [10/Dec/2021:09:51:26 +0800] "GET /xingrg/all/function/internal_message.html?_=1639101085258&CODE_STATE=getMsg HTTP/1.1" 200 27
116.227.210.113 - - [10/Dec/2021:09:51:27 +0800] "GET /xingrg/all/function/internal_message.html?_=1639101083341&CODE_STATE=getMsg HTTP/1.1" 200 27
180.169.147.146 - - [10/Dec/2021:09:51:27 +0800] "GET /xingrg/all/function/internal_message.html?_=1639101085459&CODE_STATE=getMsg HTTP/1.1" 200 27
58.37.8.98 - - [10/Dec/2021:09:51:30 +0800] "GET /xingrg/all/function/internal_message.html?_=1639100905506&CODE_STATE=getMsg HTTP/1.1" 200 27
124.77.240.52 - - [10/Dec/2021:09:51:33 +0800] "GET /xingrg/all/function/internal_message.html?_=1639101109204&CODE_STATE=getMsg HTTP/1.1" 200 27
116.238.248.233 - - [10/Dec/2021:09:51:40 +0800] "GET /xingrg/kc/buy/cgsh_order_operate.html?command=get_materiel&rest_code=00151&code=00102021026&supplier_code=00100302&order_time=2021-12-10 HTTP/1.1" 200 454
120.253.135.82 - - [10/Dec/2021:09:51:43 +0800] "GET /xingrg/all/function/internal_message.html?_=1639100878460&CODE_STATE=getMsg HTTP/1.1" 200 27
116.238.248.233 - - [10/Dec/2021:09:51:43 +0800] "GET /xingrg/all/function/internal_message.html?_=1639101100772&CODE_STATE=getMsg HTTP/1.1" 200 27
114.83.222.61 - - [10/Dec/2021:09:51:44 +0800] "GET /xingrg/all/function/internal_message.html?_=1639101101968&CODE_STATE=getMsg HTTP/1.1" 200 27
124.78.153.86 - - [10/Dec/2021:09:51:45 +0800] "GET /xingrg/all/function/internal_message.html?_=1639101109916&CODE_STATE=getMsg HTTP/1.1" 200 27
58.39.139.200 - - [10/Dec/2021:09:52:00 +0800] "GET /xingrg/all/function/internal_message.html?_=1639101055055&CODE_STATE=getMsg HTTP/1.1" 200 27
180.169.147.146 - - [10/Dec/2021:09:52:01 +0800] "GET /xingrg/all/function/internal_message.html?_=1639101110671&CODE_STATE=getMsg HTTP/1.1" 200 27
116.229.213.191 - - [10/Dec/2021:09:52:03 +0800] "GET /xingrg/kc/buy/cgsh_order_operate.html?command=get_materiel&rest_code=00102&code=00101001010&supplier_code=00100400&order_time=2021-12-10 HTTP/1.1" 200 409
222.70.176.97 - - [10/Dec/2021:09:52:06 +0800] "GET /xingrg/all/function/internal_message.html?_=1639101121721&CODE_STATE=getMsg HTTP/1.1" 200 27
114.85.125.222 - - [10/Dec/2021:09:52:06 +0800] "GET /xingrg/check_reg.html?_=1639101083759 HTTP/1.1" 200 22
114.85.125.222 - - [10/Dec/2021:09:52:07 +0800] "GET /xingrg/all/function/internal_message.html?_=1639101084176&CODE_STATE=getMsg HTTP/1.1" 200 27
116.233.75.93 - - [10/Dec/2021:09:52:07 +0800] "GET /xingrg/all/function/internal_message.html?_=1639101129236&CODE_STATE=getMsg HTTP/1.1" 200 27
116.233.75.93 - - [10/Dec/2021:09:52:07 +0800] "GET /xingrg/check_reg.html?_=1639101129240 HTTP/1.1" 200 22
124.78.153.86 - - [10/Dec/2021:09:52:08 +0800] "GET /xingrg/kc/buy/cgsh_order_add.html HTTP/1.1" 200 65008
124.78.153.86 - - [10/Dec/2021:09:52:09 +0800] "GET /xingrg/words/20211209162503_words.js HTTP/1.1" 304 -
124.78.153.86 - - [10/Dec/2021:09:52:10 +0800] "GET /xingrg/all/common/auto_word.html?type=employee&rest_code=00106 HTTP/1.1" 200 205
124.78.153.86 - - [10/Dec/2021:09:52:10 +0800] "GET /xingrg/all/common/auto_word.html?type=employee&rest_code=00106 HTTP/1.1" 200 205
124.78.153.86 - - [10/Dec/2021:09:52:10 +0800] "GET /xingrg/javascript/easyui/themes/default/validatebox.css HTTP/1.1" 404 1104
124.78.153.86 - - [10/Dec/2021:09:52:10 +0800] "POST /xingrg/kc/buy/cgsh_order_operate.html HTTP/1.1" 200 8245
222.70.176.97 - - [10/Dec/2021:09:52:14 +0800] "GET /xingrg/all/function/internal_message.html?_=1639100799586&CODE_STATE=getMsg HTTP/1.1" 302 -
124.78.153.86 - - [10/Dec/2021:09:52:15 +0800] "GET /xingrg/javascript/easyui/themes/default/tree.css HTTP/1.1" 404 1090
124.78.153.86 - - [10/Dec/2021:09:52:16 +0800] "POST /xingrg/all/common/load_tree.html?tree=supplier_tree_json&isDelete=1 HTTP/1.1" 200 61052
116.229.213.191 - - [10/Dec/2021:09:52:26 +0800] "GET /xingrg/all/function/internal_message.html?_=1639101145460&CODE_STATE=getMsg HTTP/1.1" 200 27
116.227.210.113 - - [10/Dec/2021:09:52:27 +0800] "GET /xingrg/all/function/internal_message.html?_=1639101143317&CODE_STATE=getMsg HTTP/1.1" 200 27
180.169.147.146 - - [10/Dec/2021:09:52:27 +0800] "GET /xingrg/all/function/internal_message.html?_=1639101145451&CODE_STATE=getMsg HTTP/1.1" 200 27
180.169.147.146 - - [10/Dec/2021:09:52:27 +0800] "GET /xingrg/check_reg.html?_=1639101145449 HTTP/1.1" 200 22
58.37.8.98 - - [10/Dec/2021:09:52:30 +0800] "GET /xingrg/all/function/internal_message.html?_=1639100965436&CODE_STATE=getMsg HTTP/1.1" 200 27
124.77.240.52 - - [10/Dec/2021:09:52:33 +0800] "GET /xingrg/all/function/internal_message.html?_=1639101169296&CODE_STATE=getMsg HTTP/1.1" 200 27
120.253.135.82 - - [10/Dec/2021:09:52:43 +0800] "GET /xingrg/all/function/internal_message.html?_=1639100938475&CODE_STATE=getMsg HTTP/1.1" 200 27
116.238.248.233 - - [10/Dec/2021:09:52:43 +0800] "GET /xingrg/all/function/internal_message.html?_=1639101160775&CODE_STATE=getMsg HTTP/1.1" 200 27
114.83.222.61 - - [10/Dec/2021:09:52:44 +0800] "GET /xingrg/all/function/internal_message.html?_=1639101161957&CODE_STATE=getMsg HTTP/1.1" 200 27
124.78.153.86 - - [10/Dec/2021:09:52:45 +0800] "GET /xingrg/all/function/internal_message.html?_=1639101169938&CODE_STATE=getMsg HTTP/1.1" 200 27
124.78.153.86 - - [10/Dec/2021:09:52:49 +0800] "GET /xingrg/kc/buy/cgsh_order_operate.html?command=get_materiel&rest_code=00106&code=00101008091&supplier_code=00100007&order_time=2021-12-10 HTTP/1.1" 200 413
172.20.0.100 - - [10/Dec/2021:09:52:52 +0800] "GET /xingrg/check_reg.html?_=1639101169541 HTTP/1.1" 302 -
124.78.153.86 - - [10/Dec/2021:09:52:55 +0800] "GET /xingrg/kc/buy/cgsh_order_operate.html?command=get_materiel&rest_code=00106&code=00101008155&supplier_code=00100007&order_time=2021-12-10 HTTP/1.1" 200 408
58.35.215.131 - - [10/Dec/2021:09:52:58 +0800] "GET /xingrg/check_reg.html?_=1639101175589 HTTP/1.1" 302 -
58.221.95.50 - - [10/Dec/2021:09:52:59 +0800] "GET /xingrg/check_reg.html?_=1639101177584 HTTP/1.1" 302 -
58.37.8.98 - - [10/Dec/2021:09:52:59 +0800] "POST /xingrg/kc/buy/cgsh_order_operate.html HTTP/1.1" 200 37
58.39.139.200 - - [10/Dec/2021:09:53:00 +0800] "GET /xingrg/all/function/internal_message.html?_=1639101115053&CODE_STATE=getMsg HTTP/1.1" 200 27
180.169.147.146 - - [10/Dec/2021:09:53:01 +0800] "GET /xingrg/check_reg.html?_=1639101170668 HTTP/1.1" 200 22
180.169.147.146 - - [10/Dec/2021:09:53:01 +0800] "GET /xingrg/all/function/internal_message.html?_=1639101170669&CODE_STATE=getMsg HTTP/1.1" 200 27
124.78.153.86 - - [10/Dec/2021:09:53:05 +0800] "GET /xingrg/kc/buy/cgsh_order_operate.html?command=get_materiel&rest_code=00106&code=00101008354&supplier_code=00100007&order_time=2021-12-10 HTTP/1.1" 200 412
222.70.176.97 - - [10/Dec/2021:09:53:06 +0800] "GET /xingrg/all/function/internal_message.html?_=1639101181707&CODE_STATE=getMsg HTTP/1.1" 200 27
116.233.75.93 - - [10/Dec/2021:09:53:07 +0800] "GET /xingrg/all/function/internal_message.html?_=1639101189239&CODE_STATE=getMsg HTTP/1.1" 200 27
114.85.125.222 - - [10/Dec/2021:09:53:07 +0800] "GET /xingrg/all/function/internal_message.html?_=1639101144179&CODE_STATE=getMsg HTTP/1.1" 200 27
58.37.8.98 - - [10/Dec/2021:09:53:09 +0800] "POST /xingrg/kc/buy/cgsh_order_operate.html HTTP/1.1" 200 12
180.157.253.6 - - [10/Dec/2021:09:53:13 +0800] "GET /xingrg/check_reg.html?_=1639101192881 HTTP/1.1" 302 -
58.37.8.98 - - [10/Dec/2021:09:53:14 +0800] "GET /xingrg/kc/buy/cgsh_order_info.html?code=212021121003845 HTTP/1.1" 200 59917
222.70.176.97 - - [10/Dec/2021:09:53:14 +0800] "GET /xingrg/all/function/internal_message.html?_=1639100859586&CODE_STATE=getMsg HTTP/1.1" 302 -
222.70.176.97 - - [10/Dec/2021:09:53:14 +0800] "GET /xingrg/check_reg.html?_=1639100859587 HTTP/1.1" 302 -
58.37.8.98 - - [10/Dec/2021:09:53:14 +0800] "GET /xingrg/javascript/easyui/themes/default/validatebox.css HTTP/1.1" 404 1104
120.253.135.82 - - [10/Dec/2021:09:53:14 +0800] "GET /xingrg/check_reg.html?_=1639101324076 HTTP/1.1" 200 22
58.37.8.98 - - [10/Dec/2021:09:53:15 +0800] "POST /xingrg/kc/buy/cgsh_order_operate.html HTTP/1.1" 200 18340
58.37.8.98 - - [10/Dec/2021:09:53:16 +0800] "GET /xingrg/kc/print/load_data.html?order_code=212021121003845&kc_code=cgsh&condition= HTTP/1.1" 200 7457
124.78.153.86 - - [10/Dec/2021:09:53:22 +0800] "GET /xingrg/kc/buy/cgsh_order_operate.html?command=get_materiel&rest_code=00106&code=00101008110&supplier_code=00100007&order_time=2021-12-10 HTTP/1.1" 200 408
116.227.210.113 - - [10/Dec/2021:09:53:24 +0800] "GET /xingrg/check_reg.html?_=1639101201118 HTTP/1.1" 200 22
116.229.213.191 - - [10/Dec/2021:09:53:26 +0800] "GET /xingrg/all/function/internal_message.html?_=1639101205623&CODE_STATE=getMsg HTTP/1.1" 200 27
116.227.210.113 - - [10/Dec/2021:09:53:27 +0800] "GET /xingrg/all/function/internal_message.html?_=1639101203294&CODE_STATE=getMsg HTTP/1.1" 200 27
180.169.147.146 - - [10/Dec/2021:09:53:27 +0800] "GET /xingrg/all/function/internal_message.html?_=1639101205440&CODE_STATE=getMsg HTTP/1.1" 200 27
116.229.213.191 - - [10/Dec/2021:09:53:29 +0800] "GET /xingrg/kc/buy/cgsh_order_operate.html?command=get_materiel&rest_code=00102&code=00101005037&supplier_code=00100400&order_time=2021-12-10 HTTP/1.1" 200 409
58.37.8.98 - - [10/Dec/2021:09:53:30 +0800] "GET /xingrg/all/function/internal_message.html?_=1639101025443&CODE_STATE=getMsg HTTP/1.1" 200 27
124.78.153.86 - - [10/Dec/2021:09:53:31 +0800] "GET /xingrg/kc/buy/cgsh_order_operate.html?command=get_materiel&rest_code=00106&code=00101008038&supplier_code=00100007&order_time=2021-12-10 HTTP/1.1" 200 412
124.77.240.52 - - [10/Dec/2021:09:53:33 +0800] "GET /xingrg/all/function/internal_message.html?_=1639101229309&CODE_STATE=getMsg HTTP/1.1" 200 27
124.78.153.86 - - [10/Dec/2021:09:53:39 +0800] "GET /xingrg/kc/buy/cgsh_order_operate.html?command=get_materiel&rest_code=00106&code=00101008283&supplier_code=00100007&order_time=2021-12-10 HTTP/1.1" 200 408
120.253.135.82 - - [10/Dec/2021:09:53:43 +0800] "GET /xingrg/all/function/internal_message.html?_=1639100998526&CODE_STATE=getMsg HTTP/1.1" 200 27
116.238.248.233 - - [10/Dec/2021:09:53:43 +0800] "GET /xingrg/all/function/internal_message.html?_=1639101220823&CODE_STATE=getMsg HTTP/1.1" 200 27
114.83.222.61 - - [10/Dec/2021:09:53:44 +0800] "GET /xingrg/all/function/internal_message.html?_=1639101221941&CODE_STATE=getMsg HTTP/1.1" 200 27
124.78.153.86 - - [10/Dec/2021:09:53:45 +0800] "GET /xingrg/all/function/internal_message.html?_=1639101229928&CODE_STATE=getMsg HTTP/1.1" 200 27
116.238.248.233 - - [10/Dec/2021:09:53:46 +0800] "POST /xingrg/kc/buy/cgsh_order_operate.html HTTP/1.1" 200 37
222.70.176.97 - - [10/Dec/2021:09:53:47 +0800] "GET /xingrg/check_reg.html?_=1639101223112 HTTP/1.1" 200 22
124.78.153.86 - - [10/Dec/2021:09:53:48 +0800] "GET /xingrg/kc/buy/cgsh_order_operate.html?command=get_materiel&rest_code=00106&code=00101008163&supplier_code=00100007&order_time=2021-12-10 HTTP/1.1" 200 409
116.238.248.233 - - [10/Dec/2021:09:53:48 +0800] "POST /xingrg/kc/buy/cgsh_order_operate.html HTTP/1.1" 200 5967
116.238.248.233 - - [10/Dec/2021:09:53:57 +0800] "POST /xingrg/all/user/operate.html HTTP/1.1" 200 36
116.238.248.233 - - [10/Dec/2021:09:53:57 +0800] "GET /xingrg/index.html?sysBaseUrl=http%3A%2F%2F180.169.147.146%3A18081%2Fxingrg%2F&costTime=42×tamp=1639050682616 HTTP/1.1" 200 17179
116.238.248.233 - - [10/Dec/2021:09:53:57 +0800] "GET /xingrg/javascript/jquery_easy_ui/themes/default/easyui.css HTTP/1.1" 304 -
116.238.248.233 - - [10/Dec/2021:09:53:57 +0800] "GET /xingrg/javascript/jquery_easy_ui/themes/icon.css HTTP/1.1" 304 -
116.238.248.233 - - [10/Dec/2021:09:53:57 +0800] "GET /xingrg/css/form.css HTTP/1.1" 304 -
116.238.248.233 - - [10/Dec/2021:09:53:57 +0800] "GET /xingrg/javascript/jquery-1.4.2.min.js HTTP/1.1" 304 -
116.238.248.233 - - [10/Dec/2021:09:53:57 +0800] "GET /xingrg/javascript/jquery_easy_ui/jquery.easyui.min.js HTTP/1.1" 304 -
116.238.248.233 - - [10/Dec/2021:09:53:57 +0800] "GET /xingrg/javascript/jquery_easy_ui/easyui-lang-zh_CN.js HTTP/1.1" 304 -
116.238.248.233 - - [10/Dec/2021:09:53:57 +0800] "GET /xingrg/javascript/jquery.form.js HTTP/1.1" 304 -
116.238.248.233 - - [10/Dec/2021:09:53:57 +0800] "GET /xingrg/javascript/jquery.utils.js HTTP/1.1" 304 -
116.238.248.233 - - [10/Dec/2021:09:53:57 +0800] "GET /xingrg/javascript/jquery.timers.js HTTP/1.1" 304 -
116.238.248.233 - - [10/Dec/2021:09:53:57 +0800] "GET /xingrg/images/blue/jxLogo.png HTTP/1.1" 304 -
116.238.248.233 - - [10/Dec/2021:09:53:57 +0800] "GET /xingrg/javascript/jquery_easy_ui/themes/icons/settle_new.png HTTP/1.1" 304 -
116.238.248.233 - - [10/Dec/2021:09:53:57 +0800] "GET /xingrg/images/blue/navBackgound.jpg HTTP/1.1" 304 -
116.238.248.233 - - [10/Dec/2021:09:53:57 +0800] "POST /xingrg/all/common/load_tree.html?tree=area_rest_tree_json&manage=1 HTTP/1.1" 200 476
116.238.248.233 - - [10/Dec/2021:09:53:57 +0800] "GET /xingrg/all/function/internal_message.html?_=1639101234942&CODE_STATE=count HTTP/1.1" 200 11
116.238.248.233 - - [10/Dec/2021:09:53:57 +0800] "GET /xingrg/check_reg.html?_=1639101234945 HTTP/1.1" 200 22
116.238.248.233 - - [10/Dec/2021:09:53:57 +0800] "GET /xingrg/javascript/jquery_easy_ui/themes/default/images/panel_tool_collapse.gif HTTP/1.1" 304 -
116.238.248.233 - - [10/Dec/2021:09:53:57 +0800] "GET /xingrg/javascript/jquery_easy_ui/themes/default/images/tabs_rightarrow.png HTTP/1.1" 304 -
116.238.248.233 - - [10/Dec/2021:09:53:57 +0800] "GET /xingrg/javascript/jquery_easy_ui/themes/default/images/tabs_leftarrow.png HTTP/1.1" 304 -
116.238.248.233 - - [10/Dec/2021:09:53:57 +0800] "GET /xingrg/images/blue/pingpu.png HTTP/1.1" 304 -
116.238.248.233 - - [10/Dec/2021:09:53:57 +0800] "POST /xingrg/load_menu.html HTTP/1.1" 200 5138
124.78.153.86 - - [10/Dec/2021:09:53:59 +0800] "GET /xingrg/kc/buy/cgsh_order_operate.html?command=get_materiel&rest_code=00106&code=00101008264&supplier_code=00100007&order_time=2021-12-10 HTTP/1.1" 200 412
116.238.248.233 - - [10/Dec/2021:09:53:59 +0800] "GET /xingrg/kc/buy/cgsh_order_list.html HTTP/1.1" 200 49238
58.39.139.200 - - [10/Dec/2021:09:54:00 +0800] "GET /xingrg/all/function/internal_message.html?_=1639101175052&CODE_STATE=getMsg HTTP/1.1" 200 27
180.169.147.146 - - [10/Dec/2021:09:54:01 +0800] "GET /xingrg/all/function/internal_message.html?_=1639101230665&CODE_STATE=getMsg HTTP/1.1" 200 27
116.238.248.233 - - [10/Dec/2021:09:54:02 +0800] "POST /xingrg/kc/buy/cgsh_list_operate.html HTTP/1.1" 200 2069
116.238.248.233 - - [10/Dec/2021:09:54:04 +0800] "POST /xingrg/kc/buy/cgsh_list_operate.html HTTP/1.1" 200 568
116.238.248.233 - - [10/Dec/2021:09:54:05 +0800] "GET /xingrg/kc/buy/cgsh_order_info.html?code=212021121003813 HTTP/1.1" 200 64906
116.238.248.233 - - [10/Dec/2021:09:54:05 +0800] "GET /xingrg/javascript/easyui/themes/default/validatebox.css HTTP/1.1" 404 1104
116.238.248.233 - - [10/Dec/2021:09:54:06 +0800] "POST /xingrg/kc/buy/cgsh_order_operate.html HTTP/1.1" 200 30458
222.70.176.97 - - [10/Dec/2021:09:54:06 +0800] "GET /xingrg/all/function/internal_message.html?_=1639101241679&CODE_STATE=getMsg HTTP/1.1" 200 27
116.233.75.93 - - [10/Dec/2021:09:54:07 +0800] "GET /xingrg/all/function/internal_message.html?_=1639101249240&CODE_STATE=getMsg HTTP/1.1" 200 27
114.85.125.222 - - [10/Dec/2021:09:54:07 +0800] "GET /xingrg/all/function/internal_message.html?_=1639101204193&CODE_STATE=getMsg HTTP/1.1" 200 27
124.78.153.86 - - [10/Dec/2021:09:54:07 +0800] "GET /xingrg/kc/buy/cgsh_order_operate.html?command=get_materiel&rest_code=00106&code=00101008024&supplier_code=00100007&order_time=2021-12-10 HTTP/1.1" 200 408
222.70.176.97 - - [10/Dec/2021:09:54:14 +0800] "GET /xingrg/all/function/internal_message.html?_=1639100919586&CODE_STATE=getMsg HTTP/1.1" 302 -
180.169.147.146 - - [10/Dec/2021:09:54:20 +0800] "POST /xingrg/dwr/call/plaincall/AjaxReportQueryService.refreshCache.dwr HTTP/1.1" 200 78
180.169.147.146 - - [10/Dec/2021:09:54:25 +0800] "POST /xingrg/all/report/load_report_page.html HTTP/1.1" 200 378081
180.169.147.146 - - [10/Dec/2021:09:54:25 +0800] "GET /xingrg/servlets/image?cache=0.4488555577498422&image=px HTTP/1.1" 200 807
116.229.213.191 - - [10/Dec/2021:09:54:26 +0800] "GET /xingrg/all/function/internal_message.html?_=1639101265628&CODE_STATE=getMsg HTTP/1.1" 200 27
116.227.210.113 - - [10/Dec/2021:09:54:27 +0800] "GET /xingrg/all/function/internal_message.html?_=1639101263271&CODE_STATE=getMsg HTTP/1.1" 200 27
180.169.147.146 - - [10/Dec/2021:09:54:27 +0800] "GET /xingrg/all/function/internal_message.html?_=1639101265441&CODE_STATE=getMsg HTTP/1.1" 200 27
124.78.153.86 - - [10/Dec/2021:09:54:28 +0800] "POST /xingrg/kc/buy/cgsh_order_operate.html HTTP/1.1" 200 37
58.37.8.98 - - [10/Dec/2021:09:54:30 +0800] "GET /xingrg/all/function/internal_message.html?_=1639101085441&CODE_STATE=getMsg HTTP/1.1" 200 27
124.78.153.86 - - [10/Dec/2021:09:54:30 +0800] "POST /xingrg/kc/buy/cgsh_order_operate.html HTTP/1.1" 200 7362
180.169.147.146 - - [10/Dec/2021:09:54:31 +0800] "POST /xingrg/all/report/report_print.html HTTP/1.1" 200 36396
124.77.240.52 - - [10/Dec/2021:09:54:34 +0800] "GET /xingrg/all/function/internal_message.html?_=1639101289405&CODE_STATE=getMsg HTTP/1.1" 200 27
124.78.153.86 - - [10/Dec/2021:09:54:40 +0800] "GET /xingrg/kc/buy/cgsh_order_operate.html?command=get_materiel&rest_code=00106&code=00101008439&supplier_code=00100007&order_time=2021-12-10 HTTP/1.1" 200 398
120.253.135.82 - - [10/Dec/2021:09:54:43 +0800] "GET /xingrg/all/function/internal_message.html?_=1639101058626&CODE_STATE=getMsg HTTP/1.1" 200 27
114.83.222.61 - - [10/Dec/2021:09:54:44 +0800] "GET /xingrg/all/function/internal_message.html?_=1639101281925&CODE_STATE=getMsg HTTP/1.1" 200 27
124.78.153.86 - - [10/Dec/2021:09:54:45 +0800] "GET /xingrg/all/function/internal_message.html?_=1639101289966&CODE_STATE=getMsg HTTP/1.1" 200 27
124.78.153.86 - - [10/Dec/2021:09:54:52 +0800] "GET /xingrg/kc/buy/cgsh_order_operate.html?command=get_materiel&rest_code=00106&code=00101008360&supplier_code=00100007&order_time=2021-12-10 HTTP/1.1" 200 413
116.238.248.233 - - [10/Dec/2021:09:54:57 +0800] "GET /xingrg/all/function/internal_message.html?_=1639101294949&CODE_STATE=getMsg HTTP/1.1" 200 27
116.229.213.191 - - [10/Dec/2021:09:54:59 +0800] "POST /xingrg/kc/buy/cgsh_order_operate.html HTTP/1.1" 200 37
58.39.139.200 - - [10/Dec/2021:09:55:00 +0800] "GET /xingrg/all/function/internal_message.html?_=1639101235053&CODE_STATE=getMsg HTTP/1.1" 200 27
180.169.147.146 - - [10/Dec/2021:09:55:01 +0800] "GET /xingrg/all/function/internal_message.html?_=1639101290664&CODE_STATE=getMsg HTTP/1.1" 200 27
116.229.213.191 - - [10/Dec/2021:09:55:05 +0800] "POST /xingrg/kc/buy/cgsh_order_operate.html HTTP/1.1" 200 12
222.70.176.97 - - [10/Dec/2021:09:55:06 +0800] "GET /xingrg/all/function/internal_message.html?_=1639101301663&CODE_STATE=getMsg HTTP/1.1" 200 27
116.233.75.93 - - [10/Dec/2021:09:55:07 +0800] "GET /xingrg/all/function/internal_message.html?_=1639101309241&CODE_STATE=getMsg HTTP/1.1" 200 27
114.85.125.222 - - [10/Dec/2021:09:55:07 +0800] "GET /xingrg/all/function/internal_message.html?_=1639101264220&CODE_STATE=getMsg HTTP/1.1" 200 27
124.78.153.86 - - [10/Dec/2021:09:55:07 +0800] "GET /xingrg/kc/buy/cgsh_order_operate.html?command=get_materiel&rest_code=00106&code=00101008357&supplier_code=00100007&order_time=2021-12-10 HTTP/1.1" 200 408
124.77.240.52 - - [10/Dec/2021:09:55:11 +0800] "GET /xingrg/check_reg.html?_=1639101327311 HTTP/1.1" 200 22
222.70.176.97 - - [10/Dec/2021:09:55:14 +0800] "GET /xingrg/all/function/internal_message.html?_=1639100979586&CODE_STATE=getMsg HTTP/1.1" 302 -
116.229.213.191 - - [10/Dec/2021:09:55:14 +0800] "GET /xingrg/kc/buy/cgsh_order_info.html?code=212021121003848 HTTP/1.1" 200 59866
124.78.153.86 - - [10/Dec/2021:09:55:14 +0800] "GET /xingrg/kc/buy/cgsh_order_operate.html?command=get_materiel&rest_code=00106&code=00101008286&supplier_code=00100007&order_time=2021-12-10 HTTP/1.1" 200 408
116.229.213.191 - - [10/Dec/2021:09:55:16 +0800] "GET /xingrg/javascript/easyui/themes/default/validatebox.css HTTP/1.1" 404 1104
116.229.213.191 - - [10/Dec/2021:09:55:16 +0800] "POST /xingrg/kc/buy/cgsh_order_operate.html HTTP/1.1" 200 2381
124.78.153.86 - - [10/Dec/2021:09:55:17 +0800] "POST /xingrg/kc/buy/cgsh_order_operate.html HTTP/1.1" 200 2065
124.78.153.86 - - [10/Dec/2021:09:55:22 +0800] "GET /xingrg/kc/buy/cgsh_order_operate.html?command=get_materiel&rest_code=00106&code=00101008131&supplier_code=00100007&order_time=2021-12-10 HTTP/1.1" 200 408
116.229.213.191 - - [10/Dec/2021:09:55:25 +0800] "GET /xingrg/kc/print/load_data.html?order_code=212021121003848&kc_code=cgsh&condition= HTTP/1.1" 200 1350
116.227.210.113 - - [10/Dec/2021:09:55:27 +0800] "GET /xingrg/all/function/internal_message.html?_=1639101323250&CODE_STATE=getMsg HTTP/1.1" 200 27
116.229.213.191 - - [10/Dec/2021:09:55:27 +0800] "GET /xingrg/all/function/internal_message.html?_=1639101326269&CODE_STATE=getMsg HTTP/1.1" 200 27
180.169.147.146 - - [10/Dec/2021:09:55:27 +0800] "GET /xingrg/all/function/internal_message.html?_=1639101325456&CODE_STATE=getMsg HTTP/1.1" 200 27
124.78.153.86 - - [10/Dec/2021:09:55:30 +0800] "GET /xingrg/kc/buy/cgsh_order_operate.html?command=get_materiel&rest_code=00106&code=00101008318&supplier_code=00100007&order_time=2021-12-10 HTTP/1.1" 200 408
58.37.8.98 - - [10/Dec/2021:09:55:30 +0800] "GET /xingrg/all/function/internal_message.html?_=1639101145440&CODE_STATE=getMsg HTTP/1.1" 200 27
58.37.8.98 - - [10/Dec/2021:09:55:30 +0800] "GET /xingrg/check_reg.html?_=1639101145487 HTTP/1.1" 200 22
124.77.240.52 - - [10/Dec/2021:09:55:34 +0800] "GET /xingrg/all/function/internal_message.html?_=1639101349415&CODE_STATE=getMsg HTTP/1.1" 200 27
116.229.213.191 - - [10/Dec/2021:09:55:35 +0800] "GET /xingrg/check_reg.html?_=1639101334222 HTTP/1.1" 200 22
124.78.153.86 - - [10/Dec/2021:09:55:39 +0800] "GET /xingrg/kc/buy/cgsh_order_operate.html?command=get_materiel&rest_code=00106&code=00101008098&supplier_code=00100007&order_time=2021-12-10 HTTP/1.1" 200 412
120.253.135.82 - - [10/Dec/2021:09:55:41 +0800] "GET /xingrg/check_reg.html?_=1639101117125 HTTP/1.1" 200 22
120.253.135.82 - - [10/Dec/2021:09:55:43 +0800] "GET /xingrg/all/function/internal_message.html?_=1639101118639&CODE_STATE=getMsg HTTP/1.1" 200 27
114.83.222.61 - - [10/Dec/2021:09:55:44 +0800] "GET /xingrg/all/function/internal_message.html?_=1639101341898&CODE_STATE=getMsg HTTP/1.1" 200 27
114.83.222.61 - - [10/Dec/2021:09:55:45 +0800] "GET /xingrg/check_reg.html?_=1639101342834 HTTP/1.1" 200 22
124.78.153.86 - - [10/Dec/2021:09:55:45 +0800] "GET /xingrg/check_reg.html?_=1639101349921 HTTP/1.1" 200 22
124.78.153.86 - - [10/Dec/2021:09:55:45 +0800] "GET /xingrg/all/function/internal_message.html?_=1639101349936&CODE_STATE=getMsg HTTP/1.1" 200 27
124.78.153.86 - - [10/Dec/2021:09:55:46 +0800] "GET /xingrg/kc/buy/cgsh_order_operate.html?command=get_materiel&rest_code=00106&code=00101008005&supplier_code=00100007&order_time=2021-12-10 HTTP/1.1" 200 412
180.169.147.146 - - [10/Dec/2021:09:55:50 +0800] "GET /xingrg/kc/buy/buy_main.html HTTP/1.1" 200 12412
180.169.147.146 - - [10/Dec/2021:09:55:50 +0800] "GET /xingrg/css/new_ie.css HTTP/1.1" 404 1036
180.169.147.146 - - [10/Dec/2021:09:55:52 +0800] "GET /xingrg/images/yd/bt.gif HTTP/1.1" 404 1040
180.169.147.146 - - [10/Dec/2021:09:55:53 +0800] "GET /xingrg/kc/buy/cgsh_order_list.html HTTP/1.1" 200 49238
180.169.147.146 - - [10/Dec/2021:09:55:55 +0800] "POST /xingrg/kc/buy/cgsh_list_operate.html HTTP/1.1" 200 5159
124.78.153.86 - - [10/Dec/2021:09:55:55 +0800] "GET /xingrg/kc/buy/cgsh_order_operate.html?command=get_materiel&rest_code=00106&code=00101008353&supplier_code=00100007&order_time=2021-12-10 HTTP/1.1" 200 408
116.238.248.233 - - [10/Dec/2021:09:55:57 +0800] "GET /xingrg/all/function/internal_message.html?_=1639101354956&CODE_STATE=getMsg HTTP/1.1" 200 27
124.78.153.86 - - [10/Dec/2021:09:55:59 +0800] "POST /xingrg/kc/buy/cgsh_order_operate.html HTTP/1.1" 200 2065
58.39.139.200 - - [10/Dec/2021:09:56:00 +0800] "GET /xingrg/check_reg.html?_=1639101295047 HTTP/1.1" 200 22
58.39.139.200 - - [10/Dec/2021:09:56:00 +0800] "GET /xingrg/all/function/internal_message.html?_=1639101295050&CODE_STATE=getMsg HTTP/1.1" 200 27
180.169.147.146 - - [10/Dec/2021:09:56:01 +0800] "GET /xingrg/all/function/internal_message.html?_=1639101350683&CODE_STATE=getMsg HTTP/1.1" 200 27
124.78.153.86 - - [10/Dec/2021:09:56:03 +0800] "GET /xingrg/kc/buy/cgsh_order_operate.html?command=get_materiel&rest_code=00106&code=00101008010&supplier_code=00100007&order_time=2021-12-10 HTTP/1.1" 200 412
222.70.176.97 - - [10/Dec/2021:09:56:06 +0800] "GET /xingrg/all/function/internal_message.html?_=1639101361648&CODE_STATE=getMsg HTTP/1.1" 200 27
116.233.75.93 - - [10/Dec/2021:09:56:07 +0800] "GET /xingrg/all/function/internal_message.html?_=1639101369267&CODE_STATE=getMsg HTTP/1.1" 200 27
114.85.125.222 - - [10/Dec/2021:09:56:07 +0800] "GET /xingrg/all/function/internal_message.html?_=1639101324219&CODE_STATE=getMsg HTTP/1.1" 200 27
124.78.153.86 - - [10/Dec/2021:09:56:10 +0800] "GET /xingrg/kc/buy/cgsh_order_operate.html?command=get_materiel&rest_code=00106&code=00101008312&supplier_code=00100007&order_time=2021-12-10 HTTP/1.1" 200 412
222.70.176.97 - - [10/Dec/2021:09:56:14 +0800] "GET /xingrg/all/function/internal_message.html?_=1639101039586&CODE_STATE=getMsg HTTP/1.1" 302 -
124.78.153.86 - - [10/Dec/2021:09:56:19 +0800] "GET /xingrg/kc/buy/cgsh_order_operate.html?command=get_materiel&rest_code=00106&code=00101008403&supplier_code=00100007&order_time=2021-12-10 HTTP/1.1" 200 412
116.227.210.113 - - [10/Dec/2021:09:56:27 +0800] "GET /xingrg/all/function/internal_message.html?_=1639101383230&CODE_STATE=getMsg HTTP/1.1" 200 27
116.229.213.191 - - [10/Dec/2021:09:56:27 +0800] "GET /xingrg/all/function/internal_message.html?_=1639101386278&CODE_STATE=getMsg HTTP/1.1" 200 27
180.169.147.146 - - [10/Dec/2021:09:56:27 +0800] "GET /xingrg/all/function/internal_message.html?_=1639101385442&CODE_STATE=getMsg HTTP/1.1" 200 27
124.78.153.86 - - [10/Dec/2021:09:56:27 +0800] "GET /xingrg/kc/buy/cgsh_order_operate.html?command=get_materiel&rest_code=00106&code=00101008588&supplier_code=00100007&order_time=2021-12-10 HTTP/1.1" 200 392
58.37.8.98 - - [10/Dec/2021:09:56:30 +0800] "GET /xingrg/all/function/internal_message.html?_=1639101205442&CODE_STATE=getMsg HTTP/1.1" 200 27
124.77.240.52 - - [10/Dec/2021:09:56:34 +0800] "GET /xingrg/all/function/internal_message.html?_=1639101409428&CODE_STATE=getMsg HTTP/1.1" 200 27
124.78.153.86 - - [10/Dec/2021:09:56:35 +0800] "GET /xingrg/kc/buy/cgsh_order_operate.html?command=get_materiel&rest_code=00106&code=00101008078&supplier_code=00100007&order_time=2021-12-10 HTTP/1.1" 200 416
124.78.153.86 - - [10/Dec/2021:09:56:40 +0800] "POST /xingrg/kc/buy/cgsh_order_operate.html HTTP/1.1" 200 2065
116.229.213.191 - - [10/Dec/2021:09:56:40 +0800] "GET /xingrg/kc/buy/cgsh_order_add.html HTTP/1.1" 200 64961
116.229.213.191 - - [10/Dec/2021:09:56:41 +0800] "POST /xingrg/kc/buy/cgsh_order_operate.html HTTP/1.1" 200 8245
116.229.213.191 - - [10/Dec/2021:09:56:42 +0800] "GET /xingrg/javascript/easyui/themes/default/validatebox.css HTTP/1.1" 404 1104
120.253.135.82 - - [10/Dec/2021:09:56:43 +0800] "GET /xingrg/all/function/internal_message.html?_=1639101178652&CODE_STATE=getMsg HTTP/1.1" 200 27
124.78.153.86 - - [10/Dec/2021:09:56:44 +0800] "GET /xingrg/kc/buy/cgsh_order_operate.html?command=get_materiel&rest_code=00106&code=00101008190&supplier_code=00100007&order_time=2021-12-10 HTTP/1.1" 200 412
114.83.222.61 - - [10/Dec/2021:09:56:44 +0800] "GET /xingrg/all/function/internal_message.html?_=1639101401883&CODE_STATE=getMsg HTTP/1.1" 200 27
124.78.153.86 - - [10/Dec/2021:09:56:45 +0800] "GET /xingrg/all/function/internal_message.html?_=1639101409933&CODE_STATE=getMsg HTTP/1.1" 200 27
116.229.213.191 - - [10/Dec/2021:09:56:55 +0800] "GET /xingrg/javascript/easyui/themes/default/tree.css HTTP/1.1" 404 1090
116.229.213.191 - - [10/Dec/2021:09:56:55 +0800] "POST /xingrg/all/common/load_tree.html?tree=supplier_tree_json&isDelete=1 HTTP/1.1" 200 61052
116.238.248.233 - - [10/Dec/2021:09:56:57 +0800] "GET /xingrg/all/function/internal_message.html?_=1639101415114&CODE_STATE=getMsg HTTP/1.1" 200 27
58.39.139.200 - - [10/Dec/2021:09:57:00 +0800] "GET /xingrg/all/function/internal_message.html?_=1639101355050&CODE_STATE=getMsg HTTP/1.1" 200 27
124.78.153.86 - - [10/Dec/2021:09:57:01 +0800] "GET /xingrg/kc/buy/cgsh_order_operate.html?command=get_materiel&rest_code=00106&code=00101008034&supplier_code=00100007&order_time=2021-12-10 HTTP/1.1" 200 408
180.169.147.146 - - [10/Dec/2021:09:57:01 +0800] "GET /xingrg/all/function/internal_message.html?_=1639101410677&CODE_STATE=getMsg HTTP/1.1" 200 27
222.70.176.97 - - [10/Dec/2021:09:57:06 +0800] "GET /xingrg/all/function/internal_message.html?_=1639101421620&CODE_STATE=getMsg HTTP/1.1" 200 27
114.85.125.222 - - [10/Dec/2021:09:57:06 +0800] "GET /xingrg/check_reg.html?_=1639101383782 HTTP/1.1" 200 22
116.233.75.93 - - [10/Dec/2021:09:57:07 +0800] "GET /xingrg/check_reg.html?_=1639101429263 HTTP/1.1" 200 22
116.233.75.93 - - [10/Dec/2021:09:57:07 +0800] "GET /xingrg/all/function/internal_message.html?_=1639101429266&CODE_STATE=getMsg HTTP/1.1" 200 27
114.85.125.222 - - [10/Dec/2021:09:57:07 +0800] "GET /xingrg/all/function/internal_message.html?_=1639101384233&CODE_STATE=getMsg HTTP/1.1" 200 27
124.78.153.86 - - [10/Dec/2021:09:57:12 +0800] "POST /xingrg/kc/buy/cgsh_order_operate.html HTTP/1.1" 200 37
222.70.176.97 - - [10/Dec/2021:09:57:14 +0800] "GET /xingrg/all/function/internal_message.html?_=1639101099587&CODE_STATE=getMsg HTTP/1.1" 302 -
58.37.8.98 - - [10/Dec/2021:09:57:20 +0800] "GET /xingrg/kc/base/base_main.html HTTP/1.1" 200 12142
124.78.153.86 - - [10/Dec/2021:09:57:21 +0800] "POST /xingrg/kc/buy/cgsh_order_operate.html HTTP/1.1" 200 16825
180.169.147.146 - - [10/Dec/2021:09:57:22 +0800] "POST /xingrg/kc/buy/cgsh_list_operate.html HTTP/1.1" 200 4072
180.169.147.146 - - [10/Dec/2021:09:57:25 +0800] "POST /xingrg/kc/buy/cgsh_list_operate.html HTTP/1.1" 200 359
180.169.147.146 - - [10/Dec/2021:09:57:25 +0800] "GET /xingrg/kc/buy/cgsh_order_info.html?code=212021120903446 HTTP/1.1" 200 64979
180.169.147.146 - - [10/Dec/2021:09:57:25 +0800] "GET /xingrg/words/20211209162503_words.js HTTP/1.1" 304 -
180.169.147.146 - - [10/Dec/2021:09:57:26 +0800] "GET /xingrg/all/common/auto_word.html?type=employee&rest_code=00147 HTTP/1.1" 200 101
180.169.147.146 - - [10/Dec/2021:09:57:26 +0800] "GET /xingrg/javascript/easyui/themes/default/validatebox.css HTTP/1.1" 404 1104
180.169.147.146 - - [10/Dec/2021:09:57:26 +0800] "GET /xingrg/all/common/auto_word.html?type=employee&rest_code=00147 HTTP/1.1" 200 101
58.37.8.98 - - [10/Dec/2021:09:57:26 +0800] "GET /xingrg/kc/base/kc_stocks.html HTTP/1.1" 200 16443
58.37.8.98 - - [10/Dec/2021:09:57:26 +0800] "GET /xingrg/all/common/auto_word.html?type=base&rest_code=00141 HTTP/1.1" 200 1799
58.37.8.98 - - [10/Dec/2021:09:57:26 +0800] "GET /xingrg/javascript/easyui/themes/default/tree.css HTTP/1.1" 404 1090
180.169.147.146 - - [10/Dec/2021:09:57:26 +0800] "POST /xingrg/kc/buy/cgsh_order_operate.html HTTP/1.1" 200 3855
58.37.8.98 - - [10/Dec/2021:09:57:26 +0800] "POST /xingrg/all/common/load_tree.html?tree=materiel_sort_tree_json HTTP/1.1" 200 9388
116.227.210.113 - - [10/Dec/2021:09:57:27 +0800] "GET /xingrg/all/function/internal_message.html?_=1639101443220&CODE_STATE=getMsg HTTP/1.1" 200 27
116.229.213.191 - - [10/Dec/2021:09:57:27 +0800] "GET /xingrg/all/function/internal_message.html?_=1639101446522&CODE_STATE=getMsg HTTP/1.1" 200 27
180.169.147.146 - - [10/Dec/2021:09:57:27 +0800] "GET /xingrg/all/function/internal_message.html?_=1639101445459&CODE_STATE=getMsg HTTP/1.1" 200 27
180.169.147.146 - - [10/Dec/2021:09:57:27 +0800] "GET /xingrg/check_reg.html?_=1639101445460 HTTP/1.1" 200 22
116.238.248.233 - - [10/Dec/2021:09:57:28 +0800] "GET /xingrg/javascript/auto/indicator.gif HTTP/1.1" 404 1066
58.37.8.98 - - [10/Dec/2021:09:57:30 +0800] "GET /xingrg/all/function/internal_message.html?_=1639101265447&CODE_STATE=getMsg HTTP/1.1" 200 27
124.78.153.86 - - [10/Dec/2021:09:57:31 +0800] "GET /xingrg/kc/buy/cgsh_order_operate.html?command=get_materiel&rest_code=00106&code=00101008248&supplier_code=00100007&order_time=2021-12-10 HTTP/1.1" 200 412
180.169.147.146 - - [10/Dec/2021:09:57:31 +0800] "GET /xingrg/javascript/auto/indicator.gif HTTP/1.1" 404 1066
58.37.8.98 - - [10/Dec/2021:09:57:31 +0800] "POST /xingrg/all/common/load_combo.html?type=base HTTP/1.1" 200 3227
116.238.248.233 - - [10/Dec/2021:09:57:31 +0800] "GET /xingrg/kc/buy/cgsh_order_operate.html?command=get_materiel&rest_code=00150&code=00101008069&supplier_code=00100007&order_time=2021-12-10 HTTP/1.1" 200 412
124.77.240.52 - - [10/Dec/2021:09:57:34 +0800] "GET /xingrg/all/function/internal_message.html?_=1639101469505&CODE_STATE=getMsg HTTP/1.1" 200 27
180.169.147.146 - - [10/Dec/2021:09:57:36 +0800] "POST /xingrg/kc/buy/cgsh_order_operate.html HTTP/1.1" 200 37
58.37.8.98 - - [10/Dec/2021:09:57:37 +0800] "GET /xingrg/kc/mdqp/qp_main.html HTTP/1.1" 200 10633
58.37.8.98 - - [10/Dec/2021:09:57:38 +0800] "GET /xingrg/images/yd/bt.gif HTTP/1.1" 404 1040
124.78.153.86 - - [10/Dec/2021:09:57:40 +0800] "GET /xingrg/kc/buy/cgsh_order_operate.html?command=get_materiel&rest_code=00106&code=00101008261&supplier_code=00100007&order_time=2021-12-10 HTTP/1.1" 200 408
58.37.8.98 - - [10/Dec/2021:09:57:41 +0800] "GET /xingrg/kc/buy/buy_main.html HTTP/1.1" 200 12412
58.37.8.98 - - [10/Dec/2021:09:57:41 +0800] "GET /xingrg/css/new_ie.css HTTP/1.1" 404 1036
116.238.248.233 - - [10/Dec/2021:09:57:42 +0800] "GET /xingrg/kc/buy/cgsh_order_operate.html?command=get_materiel&rest_code=00150&code=00101008098&supplier_code=00100007&order_time=2021-12-10 HTTP/1.1" 200 412
120.253.135.82 - - [10/Dec/2021:09:57:43 +0800] "GET /xingrg/all/function/internal_message.html?_=1639101238666&CODE_STATE=getMsg HTTP/1.1" 200 27
114.83.222.61 - - [10/Dec/2021:09:57:44 +0800] "GET /xingrg/all/function/internal_message.html?_=1639101461870&CODE_STATE=getMsg HTTP/1.1" 200 27
124.78.153.86 - - [10/Dec/2021:09:57:45 +0800] "GET /xingrg/all/function/internal_message.html?_=1639101469931&CODE_STATE=getMsg HTTP/1.1" 200 27
116.229.213.191 - - [10/Dec/2021:09:57:46 +0800] "GET /xingrg/kc/buy/cgsh_order_operate.html?command=get_materiel&rest_code=00102&code=00101015026&supplier_code=00100054&order_time=2021-12-10 HTTP/1.1" 200 412
124.78.153.86 - - [10/Dec/2021:09:57:47 +0800] "GET /xingrg/kc/buy/cgsh_order_operate.html?command=get_materiel&rest_code=00106&code=00101008243&supplier_code=00100007&order_time=2021-12-10 HTTP/1.1" 200 409
58.37.8.98 - - [10/Dec/2021:09:57:48 +0800] "GET /xingrg/kc/buy/fk_order_list.html HTTP/1.1" 200 34676
58.37.8.98 - - [10/Dec/2021:09:57:48 +0800] "GET /xingrg/dwr/interface/AjaxReportQueryService.js HTTP/1.1" 200 13203
58.37.8.98 - - [10/Dec/2021:09:57:48 +0800] "GET /xingrg/dwr/interface/AjaxCgydService.js HTTP/1.1" 200 15618
58.37.8.98 - - [10/Dec/2021:09:57:48 +0800] "GET /xingrg/dwr/util.js HTTP/1.1" 200 35990
58.37.8.98 - - [10/Dec/2021:09:57:48 +0800] "GET /xingrg/dwr/engine.js HTTP/1.1" 200 43631
172.20.0.100 - - [10/Dec/2021:09:57:52 +0800] "GET /xingrg/check_reg.html?_=1639101469517 HTTP/1.1" 302 -
124.78.153.86 - - [10/Dec/2021:09:57:54 +0800] "GET /xingrg/kc/buy/cgsh_order_operate.html?command=get_materiel&rest_code=00106&code=00101008003&supplier_code=00100007&order_time=2021-12-10 HTTP/1.1" 200 408
116.238.248.233 - - [10/Dec/2021:09:57:57 +0800] "GET /xingrg/all/function/internal_message.html?_=1639101475104&CODE_STATE=getMsg HTTP/1.1" 200 27
58.35.215.131 - - [10/Dec/2021:09:57:58 +0800] "GET /xingrg/check_reg.html?_=1639101475564 HTTP/1.1" 302 -
58.221.95.50 - - [10/Dec/2021:09:57:59 +0800] "GET /xingrg/check_reg.html?_=1639101477591 HTTP/1.1" 302 -
116.238.248.233 - - [10/Dec/2021:09:57:59 +0800] "POST /xingrg/kc/buy/cgsh_order_operate.html HTTP/1.1" 200 37
