180.169.147.146 - - [10/Dec/2021:09:35:40 +0800] "GET /xingrg/all/report/report_query.html?isQuery=1&fileName=kc/buy/wlcg_cate_hz.xml&queryString=(CONVERT(char(10)%2Ca.order_time%2C%20120)%3E%3D'2021-06-01')%20and%20(CONVERT(char(10)%2Ca.order_time%2C%20120)%3C%3D'2021-12-31')%20and%20(a.base_code%20in%20('0010347'))%20and%20(a.supplier_code%3D'00100089')%20and%20(a.base_code%3D'0010347')&queryText=%E3%80%90%E9%87%87%E8%B4%AD%E6%97%A5%E6%9C%9F%3A2021-06-01%20%E8%87%B3%202021-12-31%E3%80%91%20%E5%B9%B6%E4%B8%94%20%20%E3%80%90%E6%9F%A5%E8%AF%A2%E4%BB%93%E5%BA%93%20%3D%20%E5%88%BA%E8%BA%AB%E3%80%91%20%E5%B9%B6%E4%B8%94%20%E3%80%90%E4%BE%9B%E5%BA%94%E5%95%86%3D%E4%B8%89%E6%96%87%E9%B1%BC%EF%BC%88%E7%8E%8B%E7%A7%80%E7%BA%A2%EF%BC%89%E3%80%91%E5%B9%B6%E4%B8%94%E3%80%90%E4%BB%93%E5%BA%93%E5%90%8D%E7%A7%B0%20%3D%20%E5%88%BA%E8%BA%AB%E3%80%91&rand=0.2148691659190941 HTTP/1.1" 200 54522
180.169.147.146 - - [10/Dec/2021:09:35:40 +0800] "GET /xingrg/dwr/interface/AjaxReportQueryService.js HTTP/1.1" 200 13203
180.169.147.146 - - [10/Dec/2021:09:35:40 +0800] "GET /xingrg/dwr/engine.js HTTP/1.1" 200 43631
120.253.135.82 - - [10/Dec/2021:09:35:41 +0800] "GET /xingrg/check_reg.html?_=1639099916928 HTTP/1.1" 200 22
120.253.135.82 - - [10/Dec/2021:09:35:42 +0800] "GET /xingrg/all/function/internal_message.html?_=1639099918102&CODE_STATE=getMsg HTTP/1.1" 200 27
180.169.147.146 - - [10/Dec/2021:09:35:42 +0800] "POST /xingrg/all/report/load_report_page.html HTTP/1.1" 200 10896
180.169.147.146 - - [10/Dec/2021:09:35:42 +0800] "GET /xingrg/servlets/image?cache=0.20620571118206266&image=px HTTP/1.1" 200 807
180.169.147.146 - - [10/Dec/2021:09:35:44 +0800] "POST /xingrg/all/report/load_report_page.html HTTP/1.1" 200 16403
180.169.147.146 - - [10/Dec/2021:09:35:44 +0800] "GET /xingrg/servlets/image?cache=0.3656763500036162&image=px HTTP/1.1" 200 807
114.83.222.61 - - [10/Dec/2021:09:35:44 +0800] "GET /xingrg/all/function/internal_message.html?_=1639100142224&CODE_STATE=getMsg HTTP/1.1" 200 27
116.227.210.113 - - [10/Dec/2021:09:35:44 +0800] "GET /xingrg/kc/buy/cgsh_order_operate.html?command=get_materiel&rest_code=00155&code=00101008318&supplier_code=00100005&order_time=2021-12-10 HTTP/1.1" 200 408
114.83.222.61 - - [10/Dec/2021:09:35:45 +0800] "GET /xingrg/check_reg.html?_=1639100142768 HTTP/1.1" 200 22
124.78.153.86 - - [10/Dec/2021:09:35:45 +0800] "GET /xingrg/check_reg.html?_=1639100149878 HTTP/1.1" 200 22
124.78.153.86 - - [10/Dec/2021:09:35:45 +0800] "GET /xingrg/all/function/internal_message.html?_=1639100149882&CODE_STATE=getMsg HTTP/1.1" 200 27
116.238.248.233 - - [10/Dec/2021:09:35:46 +0800] "GET /xingrg/kc/buy/cgsh_order_operate.html?command=get_materiel&rest_code=00150&code=00101006062&supplier_code=00100096&order_time=2021-12-10 HTTP/1.1" 200 411
180.169.147.146 - - [10/Dec/2021:09:35:47 +0800] "GET /xingrg/all/report/report_query.html?isQuery=1&fileName=kc/buy/wlcg_mx.xml&queryString=(CONVERT(char(10)%2Ca.order_time%2C%20120)%3E%3D'2021-06-01')%20and%20(CONVERT(char(10)%2Ca.order_time%2C%20120)%3C%3D'2021-12-31')%20and%20(a.base_code%20in%20('0010347'))%20and%20(a.supplier_code%3D'00100089')%20and%20(a.base_code%3D'0010347')%20and%20(a.materiel_code%3D'00101001115')&queryText=%E3%80%90%E9%87%87%E8%B4%AD%E6%97%A5%E6%9C%9F%3A2021-06-01%20%E8%87%B3%202021-12-31%E3%80%91%20%E5%B9%B6%E4%B8%94%20%20%E3%80%90%E6%9F%A5%E8%AF%A2%E4%BB%93%E5%BA%93%20%3D%20%E5%88%BA%E8%BA%AB%E3%80%91%20%E5%B9%B6%E4%B8%94%20%E3%80%90%E4%BE%9B%E5%BA%94%E5%95%86%3D%E4%B8%89%E6%96%87%E9%B1%BC%EF%BC%88%E7%8E%8B%E7%A7%80%E7%BA%A2%EF%BC%89%E3%80%91%E5%B9%B6%E4%B8%94%E3%80%90%E4%BB%93%E5%BA%93%E5%90%8D%E7%A7%B0%20%3D%20%E5%88%BA%E8%BA%AB%E3%80%91%20%E5%B9%B6%E4%B8%94%20%E3%80%90%E6%9D%90%E6%96%99%E5%90%8D%E7%A7%B0%20%3D%20%E4%B8%89%E6%96%87%E9%B1%BC%E3%80%91&rand=0.35673380230291723 HTTP/1.1" 200 52319
180.169.147.146 - - [10/Dec/2021:09:35:47 +0800] "GET /xingrg/all/report/report_query.html?isQuery=1&fileName=kc/buy/wlcg_mx.xml&queryString=(CONVERT(char(10)%2Ca.order_time%2C%20120)%3E%3D'2021-06-01')%20and%20(CONVERT(char(10)%2Ca.order_time%2C%20120)%3C%3D'2021-12-31')%20and%20(a.base_code%20in%20('0010347'))%20and%20(a.supplier_code%3D'00100089')%20and%20(a.base_code%3D'0010347')%20and%20(a.materiel_code%3D'00101001115')&queryText=%E3%80%90%E9%87%87%E8%B4%AD%E6%97%A5%E6%9C%9F%3A2021-06-01%20%E8%87%B3%202021-12-31%E3%80%91%20%E5%B9%B6%E4%B8%94%20%20%E3%80%90%E6%9F%A5%E8%AF%A2%E4%BB%93%E5%BA%93%20%3D%20%E5%88%BA%E8%BA%AB%E3%80%91%20%E5%B9%B6%E4%B8%94%20%E3%80%90%E4%BE%9B%E5%BA%94%E5%95%86%3D%E4%B8%89%E6%96%87%E9%B1%BC%EF%BC%88%E7%8E%8B%E7%A7%80%E7%BA%A2%EF%BC%89%E3%80%91%E5%B9%B6%E4%B8%94%E3%80%90%E4%BB%93%E5%BA%93%E5%90%8D%E7%A7%B0%20%3D%20%E5%88%BA%E8%BA%AB%E3%80%91%20%E5%B9%B6%E4%B8%94%20%E3%80%90%E6%9D%90%E6%96%99%E5%90%8D%E7%A7%B0%20%3D%20%E4%B8%89%E6%96%87%E9%B1%BC%E3%80%91&rand=0.35673380230291723 HTTP/1.1" 200 52319
180.169.147.146 - - [10/Dec/2021:09:35:47 +0800] "GET /xingrg/dwr/interface/AjaxReportQueryService.js HTTP/1.1" 200 13203
180.169.147.146 - - [10/Dec/2021:09:35:47 +0800] "GET /xingrg/dwr/engine.js HTTP/1.1" 200 43631
180.169.147.146 - - [10/Dec/2021:09:35:48 +0800] "POST /xingrg/all/report/load_report_page.html HTTP/1.1" 200 53400
180.169.147.146 - - [10/Dec/2021:09:35:48 +0800] "GET /xingrg/servlets/image?cache=0.7791827619819399&image=px HTTP/1.1" 200 807
222.70.176.97 - - [10/Dec/2021:09:35:49 +0800] "GET /xingrg/kc/buy/cgsh_order_operate.html?command=get_materiel&rest_code=00111&code=00101008224&supplier_code=00100005&order_time=2021-12-10 HTTP/1.1" 200 416
116.227.210.113 - - [10/Dec/2021:09:35:51 +0800] "GET /xingrg/kc/buy/cgsh_order_operate.html?command=get_materiel&rest_code=00155&code=00101008353&supplier_code=00100005&order_time=2021-12-10 HTTP/1.1" 200 408
116.233.75.93 - - [10/Dec/2021:09:35:57 +0800] "GET /xingrg/all/function/internal_message.html?_=1639100159620&CODE_STATE=getMsg HTTP/1.1" 200 27
222.70.176.97 - - [10/Dec/2021:09:36:00 +0800] "GET /xingrg/all/function/internal_message.html?_=1639100155598&CODE_STATE=getMsg HTTP/1.1" 200 27
58.39.139.200 - - [10/Dec/2021:09:36:00 +0800] "GET /xingrg/all/function/internal_message.html?_=1639100095048&CODE_STATE=getMsg HTTP/1.1" 200 27
58.39.139.200 - - [10/Dec/2021:09:36:00 +0800] "GET /xingrg/check_reg.html?_=1639100095051 HTTP/1.1" 200 22
180.169.147.146 - - [10/Dec/2021:09:36:01 +0800] "GET /xingrg/all/function/internal_message.html?_=1639100150657&CODE_STATE=getMsg HTTP/1.1" 200 27
116.238.248.233 - - [10/Dec/2021:09:36:02 +0800] "GET /xingrg/kc/buy/cgsh_order_operate.html?command=get_materiel&rest_code=00150&code=00101007081&supplier_code=00100096&order_time=2021-12-10 HTTP/1.1" 200 415
222.70.176.97 - - [10/Dec/2021:09:36:03 +0800] "GET /xingrg/kc/buy/cgsh_order_operate.html?command=get_materiel&rest_code=00111&code=00101008349&supplier_code=00100005&order_time=2021-12-10 HTTP/1.1" 200 414
114.85.125.222 - - [10/Dec/2021:09:36:06 +0800] "GET /xingrg/all/function/internal_message.html?_=1639100123948&CODE_STATE=getMsg HTTP/1.1" 200 27
222.70.176.97 - - [10/Dec/2021:09:36:14 +0800] "GET /xingrg/all/function/internal_message.html?_=1639099839586&CODE_STATE=getMsg HTTP/1.1" 302 -
222.70.176.97 - - [10/Dec/2021:09:36:19 +0800] "GET /xingrg/kc/buy/cgsh_order_operate.html?command=get_materiel&rest_code=00111&code=00101008244&supplier_code=00100005&order_time=2021-12-10 HTTP/1.1" 200 408
116.227.210.113 - - [10/Dec/2021:09:36:25 +0800] "GET /xingrg/kc/buy/cgsh_order_operate.html?command=get_materiel&rest_code=00155&code=00101008095&supplier_code=00100005&order_time=2021-12-10 HTTP/1.1" 200 412
116.227.210.113 - - [10/Dec/2021:09:36:27 +0800] "GET /xingrg/all/function/internal_message.html?_=1639100183574&CODE_STATE=getMsg HTTP/1.1" 200 27
180.169.147.146 - - [10/Dec/2021:09:36:27 +0800] "GET /xingrg/all/function/internal_message.html?_=1639100185461&CODE_STATE=getMsg HTTP/1.1" 200 27
58.37.8.98 - - [10/Dec/2021:09:36:30 +0800] "GET /xingrg/all/function/internal_message.html?_=1639100005417&CODE_STATE=getMsg HTTP/1.1" 200 27
116.227.210.113 - - [10/Dec/2021:09:36:30 +0800] "GET /xingrg/kc/buy/cgsh_order_operate.html?command=get_materiel&rest_code=00155&code=00101008110&supplier_code=00100005&order_time=2021-12-10 HTTP/1.1" 200 408
116.238.248.233 - - [10/Dec/2021:09:36:32 +0800] "GET /xingrg/all/function/internal_message.html?_=1639100189428&CODE_STATE=getMsg HTTP/1.1" 200 27
116.238.248.233 - - [10/Dec/2021:09:36:32 +0800] "GET /xingrg/check_reg.html?_=1639100189460 HTTP/1.1" 200 22
124.77.240.52 - - [10/Dec/2021:09:36:33 +0800] "GET /xingrg/all/function/internal_message.html?_=1639100208656&CODE_STATE=getMsg HTTP/1.1" 200 27
116.227.210.113 - - [10/Dec/2021:09:36:36 +0800] "GET /xingrg/kc/buy/cgsh_order_operate.html?command=get_materiel&rest_code=00155&code=00101008027&supplier_code=00100005&order_time=2021-12-10 HTTP/1.1" 200 408
180.169.147.146 - - [10/Dec/2021:09:36:37 +0800] "GET /xingrg/all/function/internal_message.html?_=1639100194553&CODE_STATE=getMsg HTTP/1.1" 200 27
116.227.210.113 - - [10/Dec/2021:09:36:38 +0800] "POST /xingrg/kc/buy/cgsh_order_operate.html HTTP/1.1" 200 2065
222.70.176.97 - - [10/Dec/2021:09:36:42 +0800] "GET /xingrg/kc/buy/cgsh_order_operate.html?command=get_materiel&rest_code=00111&code=00101008038&supplier_code=00100005&order_time=2021-12-10 HTTP/1.1" 200 412
120.253.135.82 - - [10/Dec/2021:09:36:42 +0800] "GET /xingrg/all/function/internal_message.html?_=1639099978116&CODE_STATE=getMsg HTTP/1.1" 200 27
114.83.222.61 - - [10/Dec/2021:09:36:44 +0800] "GET /xingrg/all/function/internal_message.html?_=1639100202204&CODE_STATE=getMsg HTTP/1.1" 200 27
116.227.210.113 - - [10/Dec/2021:09:36:44 +0800] "GET /xingrg/kc/buy/cgsh_order_operate.html?command=get_materiel&rest_code=00155&code=00101008283&supplier_code=00100005&order_time=2021-12-10 HTTP/1.1" 200 408
124.78.153.86 - - [10/Dec/2021:09:36:45 +0800] "GET /xingrg/all/function/internal_message.html?_=1639100209882&CODE_STATE=getMsg HTTP/1.1" 200 27
58.37.8.98 - - [10/Dec/2021:09:36:51 +0800] "GET /xingrg/kc/buy/cgsh_order_operate.html?command=get_materiel&rest_code=00141&code=00101006111&supplier_code=00100012&order_time=2021-12-10 HTTP/1.1" 200 409
116.238.248.233 - - [10/Dec/2021:09:36:53 +0800] "GET /xingrg/kc/buy/cgsh_order_operate.html?command=get_materiel&rest_code=00150&code=00101007071&supplier_code=00100096&order_time=2021-12-10 HTTP/1.1" 200 419
116.227.210.113 - - [10/Dec/2021:09:36:53 +0800] "GET /xingrg/kc/buy/cgsh_order_operate.html?command=get_materiel&rest_code=00155&code=00101008160&supplier_code=00100005&order_time=2021-12-10 HTTP/1.1" 200 408
116.233.75.93 - - [10/Dec/2021:09:36:57 +0800] "GET /xingrg/all/function/internal_message.html?_=1639100219622&CODE_STATE=getMsg HTTP/1.1" 200 27
116.233.75.93 - - [10/Dec/2021:09:36:57 +0800] "GET /xingrg/check_reg.html?_=1639100219623 HTTP/1.1" 200 22
222.70.176.97 - - [10/Dec/2021:09:37:00 +0800] "GET /xingrg/all/function/internal_message.html?_=1639100215585&CODE_STATE=getMsg HTTP/1.1" 200 27
58.39.139.200 - - [10/Dec/2021:09:37:00 +0800] "GET /xingrg/all/function/internal_message.html?_=1639100155051&CODE_STATE=getMsg HTTP/1.1" 200 27
116.238.248.233 - - [10/Dec/2021:09:37:00 +0800] "GET /xingrg/kc/buy/cgsh_order_operate.html?command=get_materiel&rest_code=00150&code=00101007021&supplier_code=00100096&order_time=2021-12-10 HTTP/1.1" 200 409
180.169.147.146 - - [10/Dec/2021:09:37:01 +0800] "GET /xingrg/all/function/internal_message.html?_=1639100210657&CODE_STATE=getMsg HTTP/1.1" 200 27
116.227.210.113 - - [10/Dec/2021:09:37:01 +0800] "GET /xingrg/kc/buy/cgsh_order_operate.html?command=get_materiel&rest_code=00155&code=00101008469&supplier_code=00100005&order_time=2021-12-10 HTTP/1.1" 200 398
58.37.8.98 - - [10/Dec/2021:09:37:01 +0800] "GET /xingrg/kc/buy/cgsh_order_operate.html?command=get_materiel&rest_code=00141&code=00101006055&supplier_code=00100012&order_time=2021-12-10 HTTP/1.1" 200 409
222.70.176.97 - - [10/Dec/2021:09:37:02 +0800] "GET /xingrg/kc/buy/cgsh_order_operate.html?command=get_materiel&rest_code=00111&code=00101008003&supplier_code=00100005&order_time=2021-12-10 HTTP/1.1" 200 408
114.85.125.222 - - [10/Dec/2021:09:37:06 +0800] "GET /xingrg/check_reg.html?_=1639100183722 HTTP/1.1" 200 22
114.85.125.222 - - [10/Dec/2021:09:37:06 +0800] "GET /xingrg/all/function/internal_message.html?_=1639100183962&CODE_STATE=getMsg HTTP/1.1" 200 27
116.238.248.233 - - [10/Dec/2021:09:37:10 +0800] "GET /xingrg/kc/buy/cgsh_order_operate.html?command=get_materiel&rest_code=00150&code=00101007006&supplier_code=00100096&order_time=2021-12-10 HTTP/1.1" 200 412
116.227.210.113 - - [10/Dec/2021:09:37:11 +0800] "GET /xingrg/kc/buy/cgsh_order_operate.html?command=get_materiel&rest_code=00155&code=00101008331&supplier_code=00100005&order_time=2021-12-10 HTTP/1.1" 200 416
222.70.176.97 - - [10/Dec/2021:09:37:12 +0800] "GET /xingrg/kc/buy/cgsh_order_operate.html?command=get_materiel&rest_code=00111&code=00101008361&supplier_code=00100005&order_time=2021-12-10 HTTP/1.1" 200 408
116.227.210.113 - - [10/Dec/2021:09:37:13 +0800] "POST /xingrg/kc/buy/cgsh_order_operate.html HTTP/1.1" 200 2065
222.70.176.97 - - [10/Dec/2021:09:37:14 +0800] "GET /xingrg/all/function/internal_message.html?_=1639099899586&CODE_STATE=getMsg HTTP/1.1" 302 -
222.70.176.97 - - [10/Dec/2021:09:37:14 +0800] "POST /xingrg/kc/buy/cgsh_order_operate.html HTTP/1.1" 200 2065
58.37.8.98 - - [10/Dec/2021:09:37:19 +0800] "GET /xingrg/kc/buy/cgsh_order_operate.html?command=get_materiel&rest_code=00141&code=00101006006&supplier_code=00100012&order_time=2021-12-10 HTTP/1.1" 200 409
116.238.248.233 - - [10/Dec/2021:09:37:22 +0800] "GET /xingrg/kc/buy/cgsh_order_operate.html?command=get_materiel&rest_code=00150&code=00101007077&supplier_code=00100096&order_time=2021-12-10 HTTP/1.1" 200 415
116.227.210.113 - - [10/Dec/2021:09:37:23 +0800] "GET /xingrg/kc/buy/cgsh_order_operate.html?command=get_materiel&rest_code=00155&code=00101008633&supplier_code=00100005&order_time=2021-12-10 HTTP/1.1" 200 400
116.227.210.113 - - [10/Dec/2021:09:37:27 +0800] "GET /xingrg/all/function/internal_message.html?_=1639100243553&CODE_STATE=getMsg HTTP/1.1" 200 27
180.169.147.146 - - [10/Dec/2021:09:37:27 +0800] "GET /xingrg/all/function/internal_message.html?_=1639100245461&CODE_STATE=getMsg HTTP/1.1" 200 27
180.169.147.146 - - [10/Dec/2021:09:37:27 +0800] "GET /xingrg/check_reg.html?_=1639100245459 HTTP/1.1" 200 22
58.37.8.98 - - [10/Dec/2021:09:37:30 +0800] "GET /xingrg/all/function/internal_message.html?_=1639100065426&CODE_STATE=getMsg HTTP/1.1" 200 27
116.238.248.233 - - [10/Dec/2021:09:37:32 +0800] "GET /xingrg/all/function/internal_message.html?_=1639100249406&CODE_STATE=getMsg HTTP/1.1" 200 27
124.77.240.52 - - [10/Dec/2021:09:37:33 +0800] "GET /xingrg/all/function/internal_message.html?_=1639100268736&CODE_STATE=getMsg HTTP/1.1" 200 27
222.70.176.97 - - [10/Dec/2021:09:37:34 +0800] "GET /xingrg/kc/buy/cgsh_order_operate.html?command=get_materiel&rest_code=00111&code=00101008264&supplier_code=00100005&order_time=2021-12-10 HTTP/1.1" 200 412
180.169.147.146 - - [10/Dec/2021:09:37:37 +0800] "GET /xingrg/all/function/internal_message.html?_=1639100254551&CODE_STATE=getMsg HTTP/1.1" 200 27
120.253.135.82 - - [10/Dec/2021:09:37:42 +0800] "GET /xingrg/all/function/internal_message.html?_=1639100038129&CODE_STATE=getMsg HTTP/1.1" 200 27
114.83.222.61 - - [10/Dec/2021:09:37:44 +0800] "GET /xingrg/all/function/internal_message.html?_=1639100262196&CODE_STATE=getMsg HTTP/1.1" 200 27
58.37.8.98 - - [10/Dec/2021:09:37:44 +0800] "GET /xingrg/kc/buy/cgsh_order_operate.html?command=get_materiel&rest_code=00141&code=00101006193&supplier_code=00100012&order_time=2021-12-10 HTTP/1.1" 200 409
124.78.153.86 - - [10/Dec/2021:09:37:45 +0800] "GET /xingrg/all/function/internal_message.html?_=1639100269879&CODE_STATE=getMsg HTTP/1.1" 200 27
222.70.176.97 - - [10/Dec/2021:09:37:46 +0800] "GET /xingrg/kc/buy/cgsh_order_operate.html?command=get_materiel&rest_code=00111&code=00101008356&supplier_code=00100005&order_time=2021-12-10 HTTP/1.1" 200 408
172.20.0.100 - - [10/Dec/2021:09:37:52 +0800] "GET /xingrg/check_reg.html?_=1639100269615 HTTP/1.1" 302 -
116.227.210.113 - - [10/Dec/2021:09:37:54 +0800] "GET /xingrg/kc/buy/cgsh_order_operate.html?command=get_materiel&rest_code=00155&code=00101008278&supplier_code=00100005&order_time=2021-12-10 HTTP/1.1" 200 412
222.70.176.97 - - [10/Dec/2021:09:37:56 +0800] "GET /xingrg/kc/buy/cgsh_order_operate.html?command=get_materiel&rest_code=00111&code=00101008251&supplier_code=00100005&order_time=2021-12-10 HTTP/1.1" 200 408
116.233.75.93 - - [10/Dec/2021:09:37:57 +0800] "GET /xingrg/all/function/internal_message.html?_=1639100279626&CODE_STATE=getMsg HTTP/1.1" 200 27
58.37.8.98 - - [10/Dec/2021:09:37:58 +0800] "GET /xingrg/kc/buy/cgsh_order_operate.html?command=get_materiel&rest_code=00141&code=00101006109&supplier_code=00100012&order_time=2021-12-10 HTTP/1.1" 200 409
58.35.215.131 - - [10/Dec/2021:09:37:58 +0800] "GET /xingrg/check_reg.html?_=1639100275672 HTTP/1.1" 302 -
58.221.95.50 - - [10/Dec/2021:09:37:59 +0800] "GET /xingrg/check_reg.html?_=1639100277555 HTTP/1.1" 302 -
222.70.176.97 - - [10/Dec/2021:09:38:00 +0800] "GET /xingrg/all/function/internal_message.html?_=1639100275566&CODE_STATE=getMsg HTTP/1.1" 200 27
58.39.139.200 - - [10/Dec/2021:09:38:00 +0800] "GET /xingrg/all/function/internal_message.html?_=1639100215052&CODE_STATE=getMsg HTTP/1.1" 200 27
116.227.210.113 - - [10/Dec/2021:09:38:00 +0800] "GET /xingrg/kc/buy/cgsh_order_operate.html?command=get_materiel&rest_code=00155&code=00101008277&supplier_code=00100005&order_time=2021-12-10 HTTP/1.1" 200 412
180.169.147.146 - - [10/Dec/2021:09:38:01 +0800] "GET /xingrg/check_reg.html?_=1639100270671 HTTP/1.1" 200 22
180.169.147.146 - - [10/Dec/2021:09:38:01 +0800] "GET /xingrg/all/function/internal_message.html?_=1639100270669&CODE_STATE=getMsg HTTP/1.1" 200 27
116.227.210.113 - - [10/Dec/2021:09:38:02 +0800] "POST /xingrg/kc/buy/cgsh_order_operate.html HTTP/1.1" 200 2065
116.227.210.113 - - [10/Dec/2021:09:38:06 +0800] "GET /xingrg/kc/buy/cgsh_order_operate.html?command=get_materiel&rest_code=00155&code=00101008350&supplier_code=00100005&order_time=2021-12-10 HTTP/1.1" 200 408
222.70.176.97 - - [10/Dec/2021:09:38:06 +0800] "GET /xingrg/kc/buy/cgsh_order_operate.html?command=get_materiel&rest_code=00111&code=00101008196&supplier_code=00100005&order_time=2021-12-10 HTTP/1.1" 200 416
114.85.125.222 - - [10/Dec/2021:09:38:06 +0800] "GET /xingrg/all/function/internal_message.html?_=1639100243975&CODE_STATE=getMsg HTTP/1.1" 200 27
222.70.176.97 - - [10/Dec/2021:09:38:08 +0800] "POST /xingrg/kc/buy/cgsh_order_operate.html HTTP/1.1" 200 2065
58.37.8.98 - - [10/Dec/2021:09:38:11 +0800] "POST /xingrg/kc/buy/cgsh_order_operate.html HTTP/1.1" 200 37
180.157.253.6 - - [10/Dec/2021:09:38:13 +0800] "GET /xingrg/check_reg.html?_=1639100292941 HTTP/1.1" 302 -
222.70.176.97 - - [10/Dec/2021:09:38:14 +0800] "GET /xingrg/all/function/internal_message.html?_=1639099959586&CODE_STATE=getMsg HTTP/1.1" 302 -
222.70.176.97 - - [10/Dec/2021:09:38:14 +0800] "GET /xingrg/check_reg.html?_=1639099959588 HTTP/1.1" 302 -
120.253.135.82 - - [10/Dec/2021:09:38:14 +0800] "GET /xingrg/check_reg.html?_=1639100424068 HTTP/1.1" 200 22
116.227.210.113 - - [10/Dec/2021:09:38:17 +0800] "GET /xingrg/kc/buy/cgsh_order_operate.html?command=get_materiel&rest_code=00155&code=00101008036&supplier_code=00100005&order_time=2021-12-10 HTTP/1.1" 200 408
58.37.8.98 - - [10/Dec/2021:09:38:17 +0800] "POST /xingrg/kc/buy/cgsh_order_operate.html HTTP/1.1" 200 12
58.37.8.98 - - [10/Dec/2021:09:38:21 +0800] "GET /xingrg/kc/buy/cgsh_order_info.html?code=212021121003836 HTTP/1.1" 200 59917
58.37.8.98 - - [10/Dec/2021:09:38:21 +0800] "GET /xingrg/javascript/easyui/themes/default/validatebox.css HTTP/1.1" 404 1104
58.37.8.98 - - [10/Dec/2021:09:38:22 +0800] "POST /xingrg/kc/buy/cgsh_order_operate.html HTTP/1.1" 200 3547
222.70.176.97 - - [10/Dec/2021:09:38:22 +0800] "GET /xingrg/kc/buy/cgsh_order_operate.html?command=get_materiel&rest_code=00111&code=00101008286&supplier_code=00100005&order_time=2021-12-10 HTTP/1.1" 200 408
116.227.210.113 - - [10/Dec/2021:09:38:24 +0800] "GET /xingrg/check_reg.html?_=1639100301122 HTTP/1.1" 200 22
116.227.210.113 - - [10/Dec/2021:09:38:27 +0800] "GET /xingrg/all/function/internal_message.html?_=1639100303557&CODE_STATE=getMsg HTTP/1.1" 200 27
180.169.147.146 - - [10/Dec/2021:09:38:27 +0800] "GET /xingrg/all/function/internal_message.html?_=1639100305450&CODE_STATE=getMsg HTTP/1.1" 200 27
58.37.8.98 - - [10/Dec/2021:09:38:30 +0800] "GET /xingrg/all/function/internal_message.html?_=1639100125431&CODE_STATE=getMsg HTTP/1.1" 200 27
116.238.248.233 - - [10/Dec/2021:09:38:32 +0800] "GET /xingrg/all/function/internal_message.html?_=1639100309391&CODE_STATE=getMsg HTTP/1.1" 200 27
116.227.210.113 - - [10/Dec/2021:09:38:32 +0800] "POST /xingrg/kc/buy/cgsh_order_operate.html HTTP/1.1" 200 37
124.77.240.52 - - [10/Dec/2021:09:38:33 +0800] "GET /xingrg/all/function/internal_message.html?_=1639100328746&CODE_STATE=getMsg HTTP/1.1" 200 27
222.70.176.97 - - [10/Dec/2021:09:38:34 +0800] "GET /xingrg/kc/buy/cgsh_order_operate.html?command=get_materiel&rest_code=00111&code=00101008036&supplier_code=00100005&order_time=2021-12-10 HTTP/1.1" 200 408
116.227.210.113 - - [10/Dec/2021:09:38:34 +0800] "POST /xingrg/kc/buy/cgsh_order_operate.html HTTP/1.1" 200 26932
116.227.210.113 - - [10/Dec/2021:09:38:35 +0800] "GET /xingrg/kc/print/load_data.html?order_code=212021121003837&kc_code=cgsh&condition= HTTP/1.1" 200 9925
58.37.8.98 - - [10/Dec/2021:09:38:36 +0800] "GET /xingrg/kc/print/load_data.html?order_code=212021121003836&kc_code=cgsh&condition= HTTP/1.1" 200 1911
180.169.147.146 - - [10/Dec/2021:09:38:37 +0800] "GET /xingrg/all/function/internal_message.html?_=1639100314550&CODE_STATE=getMsg HTTP/1.1" 200 27
58.37.8.98 - - [10/Dec/2021:09:38:41 +0800] "GET /xingrg/kc/buy/cgsh_order_add.html HTTP/1.1" 200 65008
116.227.210.113 - - [10/Dec/2021:09:38:41 +0800] "GET /xingrg/kc/print/load_data.html?order_code=212021121003837&kc_code=cgsh HTTP/1.1" 200 9925
58.37.8.98 - - [10/Dec/2021:09:38:42 +0800] "POST /xingrg/kc/buy/cgsh_order_operate.html HTTP/1.1" 200 8245
58.37.8.98 - - [10/Dec/2021:09:38:42 +0800] "GET /xingrg/javascript/easyui/themes/default/validatebox.css HTTP/1.1" 404 1104
120.253.135.82 - - [10/Dec/2021:09:38:42 +0800] "GET /xingrg/all/function/internal_message.html?_=1639100098193&CODE_STATE=getMsg HTTP/1.1" 200 27
222.70.176.97 - - [10/Dec/2021:09:38:44 +0800] "GET /xingrg/kc/buy/cgsh_order_operate.html?command=get_materiel&rest_code=00111&code=00101008131&supplier_code=00100005&order_time=2021-12-10 HTTP/1.1" 200 408
114.83.222.61 - - [10/Dec/2021:09:38:44 +0800] "GET /xingrg/all/function/internal_message.html?_=1639100322184&CODE_STATE=getMsg HTTP/1.1" 200 27
124.78.153.86 - - [10/Dec/2021:09:38:45 +0800] "GET /xingrg/all/function/internal_message.html?_=1639100329878&CODE_STATE=getMsg HTTP/1.1" 200 27
222.70.176.97 - - [10/Dec/2021:09:38:47 +0800] "GET /xingrg/check_reg.html?_=1639100323164 HTTP/1.1" 200 22
180.169.147.146 - - [10/Dec/2021:09:38:50 +0800] "GET /favicon.ico HTTP/1.1" 404 -
222.70.176.97 - - [10/Dec/2021:09:38:54 +0800] "GET /xingrg/kc/buy/cgsh_order_operate.html?command=get_materiel&rest_code=00111&code=00101008296&supplier_code=00100005&order_time=2021-12-10 HTTP/1.1" 200 416
222.70.176.97 - - [10/Dec/2021:09:38:56 +0800] "POST /xingrg/kc/buy/cgsh_order_operate.html HTTP/1.1" 200 2065
116.233.75.93 - - [10/Dec/2021:09:38:57 +0800] "GET /xingrg/all/function/internal_message.html?_=1639100339627&CODE_STATE=getMsg HTTP/1.1" 200 27
222.70.176.97 - - [10/Dec/2021:09:39:00 +0800] "GET /xingrg/all/function/internal_message.html?_=1639100335552&CODE_STATE=getMsg HTTP/1.1" 200 27
58.39.139.200 - - [10/Dec/2021:09:39:00 +0800] "GET /xingrg/all/function/internal_message.html?_=1639100275052&CODE_STATE=getMsg HTTP/1.1" 200 27
180.169.147.146 - - [10/Dec/2021:09:39:01 +0800] "GET /xingrg/all/function/internal_message.html?_=1639100330663&CODE_STATE=getMsg HTTP/1.1" 200 27
114.85.125.222 - - [10/Dec/2021:09:39:06 +0800] "GET /xingrg/all/function/internal_message.html?_=1639100303989&CODE_STATE=getMsg HTTP/1.1" 200 27
222.70.176.97 - - [10/Dec/2021:09:39:09 +0800] "GET /xingrg/kc/buy/cgsh_order_operate.html?command=get_materiel&rest_code=00111&code=00101008225&supplier_code=00100005&order_time=2021-12-10 HTTP/1.1" 200 416
222.70.176.97 - - [10/Dec/2021:09:39:14 +0800] "GET /xingrg/all/function/internal_message.html?_=1639100019586&CODE_STATE=getMsg HTTP/1.1" 302 -
222.70.176.97 - - [10/Dec/2021:09:39:19 +0800] "GET /xingrg/kc/buy/cgsh_order_operate.html?command=get_materiel&rest_code=00111&code=00101008283&supplier_code=00100005&order_time=2021-12-10 HTTP/1.1" 200 408
114.84.2.174 - - [10/Dec/2021:09:39:21 +0800] "POST /xingrg/services/DataTransmitService HTTP/1.1" 200 524
114.84.2.174 - - [10/Dec/2021:09:39:22 +0800] "POST /xingrg/services/DataTransmitService HTTP/1.1" 200 501
116.227.210.113 - - [10/Dec/2021:09:39:27 +0800] "GET /xingrg/all/function/internal_message.html?_=1639100363524&CODE_STATE=getMsg HTTP/1.1" 200 27
180.169.147.146 - - [10/Dec/2021:09:39:27 +0800] "GET /xingrg/all/function/internal_message.html?_=1639100365452&CODE_STATE=getMsg HTTP/1.1" 200 27
58.37.8.98 - - [10/Dec/2021:09:39:30 +0800] "GET /xingrg/all/function/internal_message.html?_=1639100185441&CODE_STATE=getMsg HTTP/1.1" 200 27
222.70.176.97 - - [10/Dec/2021:09:39:31 +0800] "GET /xingrg/kc/buy/cgsh_order_operate.html?command=get_materiel&rest_code=00111&code=00101008298&supplier_code=00100005&order_time=2021-12-10 HTTP/1.1" 200 412
116.238.248.233 - - [10/Dec/2021:09:39:32 +0800] "GET /xingrg/all/function/internal_message.html?_=1639100369379&CODE_STATE=getMsg HTTP/1.1" 200 27
124.77.240.52 - - [10/Dec/2021:09:39:33 +0800] "GET /xingrg/all/function/internal_message.html?_=1639100388816&CODE_STATE=getMsg HTTP/1.1" 200 27
114.84.2.174 - - [10/Dec/2021:09:39:35 +0800] "POST /xingrg/services/DataTransmitService HTTP/1.1" 200 524
58.37.8.98 - - [10/Dec/2021:09:39:36 +0800] "GET /xingrg/kc/buy/cgsh_order_operate.html?command=get_materiel&rest_code=00141&code=00101007049&supplier_code=00100004&order_time=2021-12-10 HTTP/1.1" 200 409
180.169.147.146 - - [10/Dec/2021:09:39:37 +0800] "GET /xingrg/all/function/internal_message.html?_=1639100374541&CODE_STATE=getMsg HTTP/1.1" 200 27
120.253.135.82 - - [10/Dec/2021:09:39:42 +0800] "GET /xingrg/all/function/internal_message.html?_=1639100158203&CODE_STATE=getMsg HTTP/1.1" 200 27
116.238.248.233 - - [10/Dec/2021:09:39:43 +0800] "POST /xingrg/kc/buy/cgsh_order_operate.html HTTP/1.1" 200 37
222.70.176.97 - - [10/Dec/2021:09:39:43 +0800] "GET /xingrg/kc/buy/cgsh_order_operate.html?command=get_materiel&rest_code=00111&code=00101008155&supplier_code=00100005&order_time=2021-12-10 HTTP/1.1" 200 408
114.83.222.61 - - [10/Dec/2021:09:39:44 +0800] "GET /xingrg/all/function/internal_message.html?_=1639100382158&CODE_STATE=getMsg HTTP/1.1" 200 27
124.78.153.86 - - [10/Dec/2021:09:39:45 +0800] "GET /xingrg/all/function/internal_message.html?_=1639100389906&CODE_STATE=getMsg HTTP/1.1" 200 27
58.37.8.98 - - [10/Dec/2021:09:39:46 +0800] "GET /xingrg/kc/buy/cgsh_order_operate.html?command=get_materiel&rest_code=00141&code=00101007038&supplier_code=00100004&order_time=2021-12-10 HTTP/1.1" 200 421
116.238.248.233 - - [10/Dec/2021:09:39:46 +0800] "POST /xingrg/kc/buy/cgsh_order_operate.html HTTP/1.1" 200 12
116.238.248.233 - - [10/Dec/2021:09:39:47 +0800] "GET /xingrg/kc/buy/cgsh_order_info.html?code=212021121003838 HTTP/1.1" 200 59784
116.238.248.233 - - [10/Dec/2021:09:39:48 +0800] "GET /xingrg/javascript/easyui/themes/default/validatebox.css HTTP/1.1" 404 1104
116.238.248.233 - - [10/Dec/2021:09:39:48 +0800] "POST /xingrg/kc/buy/cgsh_order_operate.html HTTP/1.1" 200 10754
116.238.248.233 - - [10/Dec/2021:09:39:52 +0800] "GET /xingrg/kc/print/load_data.html?order_code=212021121003838&kc_code=cgsh&condition= HTTP/1.1" 200 4557
114.84.2.174 - - [10/Dec/2021:09:39:54 +0800] "POST /xingrg/services/DataTransmitService HTTP/1.1" 200 501
114.84.2.174 - - [10/Dec/2021:09:39:55 +0800] "POST /xingrg/services/DataTransmitService HTTP/1.1" 200 501
114.84.2.174 - - [10/Dec/2021:09:39:56 +0800] "POST /xingrg/services/DataTransmitService HTTP/1.1" 200 501
116.233.75.93 - - [10/Dec/2021:09:39:57 +0800] "GET /xingrg/all/function/internal_message.html?_=1639100399629&CODE_STATE=getMsg HTTP/1.1" 200 27
114.84.2.174 - - [10/Dec/2021:09:39:57 +0800] "POST /xingrg/services/DataTransmitService HTTP/1.1" 200 501
114.84.2.174 - - [10/Dec/2021:09:39:58 +0800] "POST /xingrg/services/DataTransmitService HTTP/1.1" 200 501
116.238.248.233 - - [10/Dec/2021:09:39:58 +0800] "GET /xingrg/kc/buy/cgsh_order_list.html HTTP/1.1" 200 49238
114.84.2.174 - - [10/Dec/2021:09:39:58 +0800] "POST /xingrg/services/DataTransmitService HTTP/1.1" 200 501
114.84.2.174 - - [10/Dec/2021:09:39:59 +0800] "POST /xingrg/services/DataTransmitService HTTP/1.1" 200 501
114.84.2.174 - - [10/Dec/2021:09:39:59 +0800] "POST /xingrg/services/DataTransmitService HTTP/1.1" 200 501
222.70.176.97 - - [10/Dec/2021:09:40:00 +0800] "GET /xingrg/all/function/internal_message.html?_=1639100395534&CODE_STATE=getMsg HTTP/1.1" 200 27
114.84.2.174 - - [10/Dec/2021:09:40:00 +0800] "POST /xingrg/services/DataTransmitService HTTP/1.1" 200 501
58.39.139.200 - - [10/Dec/2021:09:40:00 +0800] "GET /xingrg/all/function/internal_message.html?_=1639100335052&CODE_STATE=getMsg HTTP/1.1" 200 27
114.84.2.174 - - [10/Dec/2021:09:40:00 +0800] "POST /xingrg/services/DataTransmitService HTTP/1.1" 200 412
116.238.248.233 - - [10/Dec/2021:09:40:00 +0800] "POST /xingrg/kc/buy/cgsh_list_operate.html HTTP/1.1" 200 1708
180.169.147.146 - - [10/Dec/2021:09:40:01 +0800] "GET /xingrg/all/function/internal_message.html?_=1639100390665&CODE_STATE=getMsg HTTP/1.1" 200 27
116.238.248.233 - - [10/Dec/2021:09:40:01 +0800] "GET /xingrg/kc/buy/cgsh_order_add.html HTTP/1.1" 200 64885
116.238.248.233 - - [10/Dec/2021:09:40:02 +0800] "GET /xingrg/javascript/easyui/themes/default/validatebox.css HTTP/1.1" 404 1104
116.238.248.233 - - [10/Dec/2021:09:40:02 +0800] "POST /xingrg/kc/buy/cgsh_order_operate.html HTTP/1.1" 200 8245
114.85.125.222 - - [10/Dec/2021:09:40:07 +0800] "GET /xingrg/all/function/internal_message.html?_=1639100364013&CODE_STATE=getMsg HTTP/1.1" 200 27
222.70.176.97 - - [10/Dec/2021:09:40:09 +0800] "GET /xingrg/kc/buy/cgsh_order_operate.html?command=get_materiel&rest_code=00111&code=00101008085&supplier_code=00100005&order_time=2021-12-10 HTTP/1.1" 200 412
116.229.213.191 - - [10/Dec/2021:09:40:10 +0800] "GET /favicon.ico HTTP/1.1" 404 -
116.229.213.191 - - [10/Dec/2021:09:40:10 +0800] "GET /favicon.ico HTTP/1.1" 404 -
116.229.213.191 - - [10/Dec/2021:09:40:11 +0800] "GET /favicon.ico HTTP/1.1" 404 -
124.77.240.52 - - [10/Dec/2021:09:40:11 +0800] "GET /xingrg/check_reg.html?_=1639100427294 HTTP/1.1" 200 22
222.70.176.97 - - [10/Dec/2021:09:40:12 +0800] "POST /xingrg/kc/buy/cgsh_order_operate.html HTTP/1.1" 200 2065
116.229.213.191 - - [10/Dec/2021:09:40:12 +0800] "GET /favicon.ico HTTP/1.1" 404 -
116.229.213.191 - - [10/Dec/2021:09:40:12 +0800] "GET /favicon.ico HTTP/1.1" 404 -
116.229.213.191 - - [10/Dec/2021:09:40:13 +0800] "GET /favicon.ico HTTP/1.1" 404 -
116.229.213.191 - - [10/Dec/2021:09:40:13 +0800] "GET /favicon.ico HTTP/1.1" 404 -
222.70.176.97 - - [10/Dec/2021:09:40:14 +0800] "GET /xingrg/all/function/internal_message.html?_=1639100079587&CODE_STATE=getMsg HTTP/1.1" 302 -
116.229.213.191 - - [10/Dec/2021:09:40:14 +0800] "GET /favicon.ico HTTP/1.1" 404 -
116.229.213.191 - - [10/Dec/2021:09:40:15 +0800] "GET /favicon.ico HTTP/1.1" 404 -
116.238.248.233 - - [10/Dec/2021:09:40:15 +0800] "GET /xingrg/kc/buy/cgsh_order_operate.html?command=get_materiel&rest_code=00150&code=00101009062&supplier_code=00100424&order_time=2021-12-10 HTTP/1.1" 200 412
180.169.147.146 - - [10/Dec/2021:09:40:16 +0800] "POST /xingrg/dwr/call/plaincall/AjaxReportQueryService.refreshCache.dwr HTTP/1.1" 200 78
222.70.176.97 - - [10/Dec/2021:09:40:19 +0800] "GET /xingrg/kc/buy/cgsh_order_operate.html?command=get_materiel&rest_code=00111&code=00101008125&supplier_code=00100005&order_time=2021-12-10 HTTP/1.1" 200 413
180.169.147.146 - - [10/Dec/2021:09:40:21 +0800] "POST /xingrg/all/report/load_report_page.html HTTP/1.1" 200 378911
180.169.147.146 - - [10/Dec/2021:09:40:21 +0800] "GET /xingrg/servlets/image?cache=0.3716669990344287&image=px HTTP/1.1" 200 807
116.238.248.233 - - [10/Dec/2021:09:40:24 +0800] "GET /xingrg/kc/buy/cgsh_order_operate.html?command=get_materiel&rest_code=00150&code=00101009109&supplier_code=00100424&order_time=2021-12-10 HTTP/1.1" 200 399
116.229.213.191 - - [10/Dec/2021:09:40:26 +0800] "GET /favicon.ico HTTP/1.1" 404 -
180.169.147.146 - - [10/Dec/2021:09:40:26 +0800] "POST /xingrg/all/report/report_print.html HTTP/1.1" 200 36909
116.229.213.191 - - [10/Dec/2021:09:40:27 +0800] "GET /favicon.ico HTTP/1.1" 404 -
116.227.210.113 - - [10/Dec/2021:09:40:27 +0800] "GET /xingrg/all/function/internal_message.html?_=1639100423505&CODE_STATE=getMsg HTTP/1.1" 200 27
116.229.213.191 - - [10/Dec/2021:09:40:27 +0800] "GET /favicon.ico HTTP/1.1" 404 -
180.169.147.146 - - [10/Dec/2021:09:40:27 +0800] "GET /xingrg/all/function/internal_message.html?_=1639100425447&CODE_STATE=getMsg HTTP/1.1" 200 27
116.229.213.191 - - [10/Dec/2021:09:40:28 +0800] "GET /xingrg/login.html HTTP/1.1" 200 7641
116.229.213.191 - - [10/Dec/2021:09:40:29 +0800] "GET /xingrg/images/blue/jxLogo.png HTTP/1.1" 304 -
116.229.213.191 - - [10/Dec/2021:09:40:29 +0800] "GET /xingrg/images/blue/login_bg.png HTTP/1.1" 304 -
116.229.213.191 - - [10/Dec/2021:09:40:29 +0800] "GET /xingrg/images/blue/hj.png HTTP/1.1" 304 -
116.229.213.191 - - [10/Dec/2021:09:40:29 +0800] "GET /xingrg/images/blue/srbg.png HTTP/1.1" 304 -
58.37.8.98 - - [10/Dec/2021:09:40:30 +0800] "GET /xingrg/check_reg.html?_=1639100245422 HTTP/1.1" 200 22
58.37.8.98 - - [10/Dec/2021:09:40:30 +0800] "GET /xingrg/all/function/internal_message.html?_=1639100245424&CODE_STATE=getMsg HTTP/1.1" 200 27
116.229.213.191 - - [10/Dec/2021:09:40:30 +0800] "GET /favicon.ico HTTP/1.1" 404 -
222.70.176.97 - - [10/Dec/2021:09:40:31 +0800] "GET /xingrg/kc/buy/cgsh_order_operate.html?command=get_materiel&rest_code=00111&code=00101008257&supplier_code=00100005&order_time=2021-12-10 HTTP/1.1" 200 416
116.238.248.233 - - [10/Dec/2021:09:40:32 +0800] "GET /xingrg/all/function/internal_message.html?_=1639100429406&CODE_STATE=getMsg HTTP/1.1" 200 27
124.77.240.52 - - [10/Dec/2021:09:40:33 +0800] "GET /xingrg/all/function/internal_message.html?_=1639100448821&CODE_STATE=getMsg HTTP/1.1" 200 27
116.229.213.191 - - [10/Dec/2021:09:40:33 +0800] "POST /xingrg/login.do HTTP/1.1" 302 -
116.229.213.191 - - [10/Dec/2021:09:40:34 +0800] "GET /xingrg/index.html?sysBaseUrl=http%3A%2F%2F180.169.147.146%3A18081%2Fxingrg%2F&costTime=40×tamp=1639100433993 HTTP/1.1" 200 17173
116.229.213.191 - - [10/Dec/2021:09:40:34 +0800] "GET /xingrg/javascript/jquery_easy_ui/themes/default/easyui.css HTTP/1.1" 304 -
116.229.213.191 - - [10/Dec/2021:09:40:34 +0800] "GET /xingrg/css/form.css HTTP/1.1" 304 -
116.229.213.191 - - [10/Dec/2021:09:40:34 +0800] "GET /xingrg/javascript/jquery_easy_ui/easyui-lang-zh_CN.js HTTP/1.1" 304 -
116.229.213.191 - - [10/Dec/2021:09:40:34 +0800] "GET /xingrg/javascript/jquery_easy_ui/jquery.easyui.min.js HTTP/1.1" 304 -
116.229.213.191 - - [10/Dec/2021:09:40:34 +0800] "GET /xingrg/javascript/jquery.utils.js HTTP/1.1" 304 -
116.229.213.191 - - [10/Dec/2021:09:40:34 +0800] "GET /xingrg/javascript/jquery.timers.js HTTP/1.1" 304 -
116.229.213.191 - - [10/Dec/2021:09:40:34 +0800] "GET /xingrg/javascript/jquery.form.js HTTP/1.1" 304 -
116.229.213.191 - - [10/Dec/2021:09:40:34 +0800] "GET /xingrg/javascript/jquery_easy_ui/themes/icon.css HTTP/1.1" 304 -
116.229.213.191 - - [10/Dec/2021:09:40:34 +0800] "GET /xingrg/javascript/jquery-1.4.2.min.js HTTP/1.1" 304 -
116.229.213.191 - - [10/Dec/2021:09:40:34 +0800] "GET /favicon.ico HTTP/1.1" 404 -
116.229.213.191 - - [10/Dec/2021:09:40:34 +0800] "GET /xingrg/images/blue/navBackgound.jpg HTTP/1.1" 304 -
116.229.213.191 - - [10/Dec/2021:09:40:34 +0800] "GET /xingrg/javascript/jquery_easy_ui/themes/icons/settle_new.png HTTP/1.1" 304 -
116.229.213.191 - - [10/Dec/2021:09:40:34 +0800] "POST /xingrg/all/common/load_tree.html?tree=area_rest_tree_json&manage=1 HTTP/1.1" 200 342
116.229.213.191 - - [10/Dec/2021:09:40:34 +0800] "GET /xingrg/images/blue/pingpu.png HTTP/1.1" 304 -
116.229.213.191 - - [10/Dec/2021:09:40:34 +0800] "GET /xingrg/javascript/jquery_easy_ui/themes/default/images/tabs_leftarrow.png HTTP/1.1" 304 -
116.229.213.191 - - [10/Dec/2021:09:40:34 +0800] "GET /xingrg/javascript/jquery_easy_ui/themes/default/images/tabs_rightarrow.png HTTP/1.1" 304 -
116.229.213.191 - - [10/Dec/2021:09:40:34 +0800] "GET /xingrg/javascript/jquery_easy_ui/themes/default/images/panel_tool_collapse.gif HTTP/1.1" 304 -
116.229.213.191 - - [10/Dec/2021:09:40:35 +0800] "GET /xingrg/all/function/internal_message.html?_=1639100434208&CODE_STATE=count HTTP/1.1" 200 11
116.229.213.191 - - [10/Dec/2021:09:40:35 +0800] "GET /xingrg/check_reg.html?_=1639100434211 HTTP/1.1" 200 22
116.229.213.191 - - [10/Dec/2021:09:40:35 +0800] "POST /xingrg/load_menu.html HTTP/1.1" 200 5138
116.229.213.191 - - [10/Dec/2021:09:40:35 +0800] "GET /xingrg/javascript/jquery_easy_ui/themes/default/images/tree_arrows.gif HTTP/1.1" 304 -
116.238.248.233 - - [10/Dec/2021:09:40:35 +0800] "GET /xingrg/kc/buy/cgsh_order_operate.html?command=get_materiel&rest_code=00150&code=00101009124&supplier_code=00100424&order_time=2021-12-10 HTTP/1.1" 200 402
116.229.213.191 - - [10/Dec/2021:09:40:35 +0800] "GET /xingrg/javascript/jquery_easy_ui/themes/default/images/tree_folder_open.gif HTTP/1.1" 304 -
116.229.213.191 - - [10/Dec/2021:09:40:35 +0800] "GET /xingrg/javascript/jquery_easy_ui/themes/default/images/tree_file.gif HTTP/1.1" 304 -
116.229.213.191 - - [10/Dec/2021:09:40:35 +0800] "GET /xingrg/javascript/jquery_easy_ui/themes/icons/storage_new.png HTTP/1.1" 304 -
116.229.213.191 - - [10/Dec/2021:09:40:35 +0800] "GET /xingrg/javascript/jquery_easy_ui/themes/icons/forms_new.png HTTP/1.1" 304 -
116.229.213.191 - - [10/Dec/2021:09:40:35 +0800] "GET /xingrg/javascript/jquery_easy_ui/themes/default/images/tree_folder.gif HTTP/1.1" 304 -
116.229.213.191 - - [10/Dec/2021:09:40:35 +0800] "GET /xingrg/javascript/jquery_easy_ui/themes/icons/search_new.png HTTP/1.1" 304 -
180.169.147.146 - - [10/Dec/2021:09:40:37 +0800] "GET /xingrg/check_reg.html?_=1639100434560 HTTP/1.1" 200 22
180.169.147.146 - - [10/Dec/2021:09:40:37 +0800] "GET /xingrg/all/function/internal_message.html?_=1639100434558&CODE_STATE=getMsg HTTP/1.1" 200 27
116.229.213.191 - - [10/Dec/2021:09:40:39 +0800] "GET /xingrg/javascript/jquery_easy_ui/themes/default/images/tabs_close.gif HTTP/1.1" 304 -
116.229.213.191 - - [10/Dec/2021:09:40:39 +0800] "GET /xingrg/css/base.css HTTP/1.1" 304 -
116.229.213.191 - - [10/Dec/2021:09:40:39 +0800] "GET /xingrg/css/site.css HTTP/1.1" 304 -
116.229.213.191 - - [10/Dec/2021:09:40:39 +0800] "GET /xingrg/javascript/easyui/themes/default/easyui.css HTTP/1.1" 304 -
116.229.213.191 - - [10/Dec/2021:09:40:39 +0800] "GET /xingrg/javascript/jquery_tools/datebox.css HTTP/1.1" 304 -
116.229.213.191 - - [10/Dec/2021:09:40:39 +0800] "GET /xingrg/javascript/jquery_tools/table.css HTTP/1.1" 304 -
116.229.213.191 - - [10/Dec/2021:09:40:39 +0800] "GET /xingrg/javascript/jquery_tools/jquery.tools.min.js HTTP/1.1" 304 -
116.229.213.191 - - [10/Dec/2021:09:40:39 +0800] "GET /xingrg/javascript/jquery_tools/jquery.tools.extend.js HTTP/1.1" 304 -
116.229.213.191 - - [10/Dec/2021:09:40:39 +0800] "GET /xingrg/javascript/jquery_tools/jquery.tools.hotkey.js HTTP/1.1" 304 -
116.229.213.191 - - [10/Dec/2021:09:40:39 +0800] "GET /xingrg/javascript/easyui/themes/icon.css HTTP/1.1" 304 -
116.229.213.191 - - [10/Dec/2021:09:40:39 +0800] "GET /xingrg/javascript/jquery_tools/fix.css HTTP/1.1" 304 -
116.229.213.191 - - [10/Dec/2021:09:40:39 +0800] "GET /xingrg/javascript/auto/jquery.autocomplete.css HTTP/1.1" 304 -
116.229.213.191 - - [10/Dec/2021:09:40:39 +0800] "GET /xingrg/javascript/jquery_tools/list_manager.js HTTP/1.1" 304 -
116.229.213.191 - - [10/Dec/2021:09:40:39 +0800] "GET /xingrg/javascript/auto/jquery.autocomplete.js HTTP/1.1" 304 -
116.229.213.191 - - [10/Dec/2021:09:40:39 +0800] "GET /xingrg/javascript/jquery_tools/jquery.tools.table.js HTTP/1.1" 304 -
116.229.213.191 - - [10/Dec/2021:09:40:39 +0800] "GET /xingrg/javascript/easyui/easyloader.js HTTP/1.1" 304 -
116.229.213.191 - - [10/Dec/2021:09:40:39 +0800] "GET /xingrg/kc/buy/cgsh_order_list.html HTTP/1.1" 200 49232
116.229.213.191 - - [10/Dec/2021:09:40:39 +0800] "GET /xingrg/javascript/jquery.cookie.js HTTP/1.1" 304 -
116.229.213.191 - - [10/Dec/2021:09:40:39 +0800] "GET /xingrg/javascript/print/LodopFuncs.js HTTP/1.1" 304 -
116.229.213.191 - - [10/Dec/2021:09:40:40 +0800] "GET /xingrg/javascript/easyui/themes/icons/edit_add_new.png HTTP/1.1" 304 -
116.229.213.191 - - [10/Dec/2021:09:40:40 +0800] "GET /xingrg/javascript/easyui/themes/icons/cance_new.png HTTP/1.1" 304 -
116.229.213.191 - - [10/Dec/2021:09:40:40 +0800] "GET /xingrg/javascript/easyui/themes/icons/check_new.png HTTP/1.1" 304 -
116.229.213.191 - - [10/Dec/2021:09:40:40 +0800] "GET /xingrg/javascript/easyui/themes/icons/field_new.png HTTP/1.1" 304 -
116.229.213.191 - - [10/Dec/2021:09:40:40 +0800] "GET /xingrg/javascript/easyui/themes/icons/import_new.png HTTP/1.1" 304 -
116.229.213.191 - - [10/Dec/2021:09:40:40 +0800] "GET /xingrg/javascript/jquery_easy_ui/themes/icons/area.png HTTP/1.1" 304 -
116.229.213.191 - - [10/Dec/2021:09:40:40 +0800] "GET /xingrg/javascript/jquery_easy_ui/themes/icons/rest.png HTTP/1.1" 304 -
116.229.213.191 - - [10/Dec/2021:09:40:40 +0800] "GET /xingrg/javascript/easyui/plugins/jquery.parser.js HTTP/1.1" 304 -
116.229.213.191 - - [10/Dec/2021:09:40:41 +0800] "GET /xingrg/images/control/ajaxLoader.gif HTTP/1.1" 304 -
120.253.135.82 - - [10/Dec/2021:09:40:41 +0800] "GET /xingrg/check_reg.html?_=1639100216981 HTTP/1.1" 200 22
222.70.176.97 - - [10/Dec/2021:09:40:41 +0800] "GET /xingrg/kc/buy/cgsh_order_operate.html?command=get_materiel&rest_code=00111&code=00101008163&supplier_code=00100005&order_time=2021-12-10 HTTP/1.1" 200 409
116.229.213.191 - - [10/Dec/2021:09:40:42 +0800] "POST /xingrg/kc/buy/cgsh_list_operate.html HTTP/1.1" 200 876
116.229.213.191 - - [10/Dec/2021:09:40:42 +0800] "GET /xingrg/javascript/easyui/themes/default/images/button_plain_hover.png HTTP/1.1" 304 -
116.229.213.191 - - [10/Dec/2021:09:40:42 +0800] "GET /xingrg/javascript/pic_change.js HTTP/1.1" 304 -
116.229.213.191 - - [10/Dec/2021:09:40:42 +0800] "GET /xingrg/javascript/jquery_tools/order_manager.js HTTP/1.1" 304 -
116.229.213.191 - - [10/Dec/2021:09:40:42 +0800] "GET /xingrg/javascript/convert.js HTTP/1.1" 304 -
116.229.213.191 - - [10/Dec/2021:09:40:42 +0800] "GET /xingrg/javascript/json2.js HTTP/1.1" 304 -
116.229.213.191 - - [10/Dec/2021:09:40:42 +0800] "GET /xingrg/javascript/print/kc_print.js HTTP/1.1" 304 -
116.229.213.191 - - [10/Dec/2021:09:40:42 +0800] "GET /xingrg/kc/buy/cgsh_order_add.html HTTP/1.1" 200 64961
120.253.135.82 - - [10/Dec/2021:09:40:42 +0800] "GET /xingrg/all/function/internal_message.html?_=1639100218217&CODE_STATE=getMsg HTTP/1.1" 200 27
116.229.213.191 - - [10/Dec/2021:09:40:43 +0800] "GET /xingrg/javascript/easyui/themes/icons/copy_new.png HTTP/1.1" 304 -
116.229.213.191 - - [10/Dec/2021:09:40:43 +0800] "GET /xingrg/javascript/easyui/themes/icons/template_new.png HTTP/1.1" 304 -
116.229.213.191 - - [10/Dec/2021:09:40:43 +0800] "GET /xingrg/javascript/easyui/themes/icons/ok.png HTTP/1.1" 304 -
116.229.213.191 - - [10/Dec/2021:09:40:43 +0800] "GET /xingrg/javascript/easyui/themes/icons/print.png HTTP/1.1" 304 -
116.229.213.191 - - [10/Dec/2021:09:40:43 +0800] "GET /xingrg/javascript/easyui/themes/default/images/menu_downarrow.png HTTP/1.1" 304 -
116.229.213.191 - - [10/Dec/2021:09:40:43 +0800] "GET /xingrg/words/20211209162503_words.js HTTP/1.1" 304 -
116.229.213.191 - - [10/Dec/2021:09:40:43 +0800] "GET /xingrg/javascript/easyui/themes/icons/cancel.png HTTP/1.1" 304 -
116.229.213.191 - - [10/Dec/2021:09:40:43 +0800] "POST /xingrg/kc/buy/cgsh_order_operate.html HTTP/1.1" 200 8245
116.229.213.191 - - [10/Dec/2021:09:40:43 +0800] "GET /xingrg/javascript/easyui/themes/icons/edit_remove.png HTTP/1.1" 304 -
116.229.213.191 - - [10/Dec/2021:09:40:43 +0800] "GET /xingrg/all/common/auto_word.html?type=employee&rest_code=00102 HTTP/1.1" 200 189
116.229.213.191 - - [10/Dec/2021:09:40:43 +0800] "GET /xingrg/all/common/auto_word.html?type=employee&rest_code=00102 HTTP/1.1" 200 189
116.229.213.191 - - [10/Dec/2021:09:40:43 +0800] "GET /xingrg/javascript/easyui/plugins/jquery.validatebox.js HTTP/1.1" 304 -
116.229.213.191 - - [10/Dec/2021:09:40:43 +0800] "GET /xingrg/javascript/easyui/themes/default/validatebox.css HTTP/1.1" 404 1104
116.229.213.191 - - [10/Dec/2021:09:40:43 +0800] "GET /xingrg/javascript/easyui/plugins/jquery.numberbox.js HTTP/1.1" 304 -
116.229.213.191 - - [10/Dec/2021:09:40:44 +0800] "GET /xingrg/javascript/auto/indicator.gif HTTP/1.1" 404 1066
114.83.222.61 - - [10/Dec/2021:09:40:44 +0800] "GET /xingrg/all/function/internal_message.html?_=1639100442143&CODE_STATE=getMsg HTTP/1.1" 200 27
114.83.222.61 - - [10/Dec/2021:09:40:45 +0800] "GET /xingrg/check_reg.html?_=1639100442786 HTTP/1.1" 200 22
124.78.153.86 - - [10/Dec/2021:09:40:45 +0800] "GET /xingrg/check_reg.html?_=1639100449906 HTTP/1.1" 200 22
124.78.153.86 - - [10/Dec/2021:09:40:45 +0800] "GET /xingrg/all/function/internal_message.html?_=1639100449908&CODE_STATE=getMsg HTTP/1.1" 200 27
116.238.248.233 - - [10/Dec/2021:09:40:52 +0800] "GET /xingrg/kc/buy/cgsh_order_operate.html?command=get_materiel&rest_code=00150&code=00101009045&supplier_code=00100424&order_time=2021-12-10 HTTP/1.1" 200 412
222.70.176.97 - - [10/Dec/2021:09:40:52 +0800] "GET /xingrg/kc/buy/cgsh_order_operate.html?command=get_materiel&rest_code=00111&code=00101008141&supplier_code=00100005&order_time=2021-12-10 HTTP/1.1" 200 412
116.233.75.93 - - [10/Dec/2021:09:40:57 +0800] "GET /xingrg/all/function/internal_message.html?_=1639100459632&CODE_STATE=getMsg HTTP/1.1" 200 27
222.70.176.97 - - [10/Dec/2021:09:41:00 +0800] "GET /xingrg/all/function/internal_message.html?_=1639100455505&CODE_STATE=getMsg HTTP/1.1" 200 27
58.39.139.200 - - [10/Dec/2021:09:41:00 +0800] "GET /xingrg/check_reg.html?_=1639100395052 HTTP/1.1" 200 22
58.39.139.200 - - [10/Dec/2021:09:41:00 +0800] "GET /xingrg/all/function/internal_message.html?_=1639100395055&CODE_STATE=getMsg HTTP/1.1" 200 27
116.238.248.233 - - [10/Dec/2021:09:41:00 +0800] "GET /xingrg/kc/buy/cgsh_order_operate.html?command=get_materiel&rest_code=00150&code=00101009016&supplier_code=00100424&order_time=2021-12-10 HTTP/1.1" 200 412
180.169.147.146 - - [10/Dec/2021:09:41:01 +0800] "GET /xingrg/all/function/internal_message.html?_=1639100450660&CODE_STATE=getMsg HTTP/1.1" 200 27
222.70.176.97 - - [10/Dec/2021:09:41:03 +0800] "GET /xingrg/kc/buy/cgsh_order_operate.html?command=get_materiel&rest_code=00111&code=00101008355&supplier_code=00100005&order_time=2021-12-10 HTTP/1.1" 200 408
116.229.213.191 - - [10/Dec/2021:09:41:04 +0800] "GET /xingrg/kc/buy/cgsh_order_operate.html?command=get_materiel&rest_code=00102&code=00101006133&supplier_code=00100096&order_time=2021-12-10 HTTP/1.1" 200 413
114.85.125.222 - - [10/Dec/2021:09:41:07 +0800] "GET /xingrg/all/function/internal_message.html?_=1639100424016&CODE_STATE=getMsg HTTP/1.1" 200 27
222.70.176.97 - - [10/Dec/2021:09:41:07 +0800] "POST /xingrg/kc/buy/cgsh_order_operate.html HTTP/1.1" 200 2065
222.70.176.97 - - [10/Dec/2021:09:41:14 +0800] "GET /xingrg/all/function/internal_message.html?_=1639100139586&CODE_STATE=getMsg HTTP/1.1" 302 -
58.37.8.98 - - [10/Dec/2021:09:41:17 +0800] "GET /xingrg/kc/buy/cgsh_order_operate.html?command=get_materiel&rest_code=00141&code=00101007077&supplier_code=00100004&order_time=2021-12-10 HTTP/1.1" 200 415
116.227.210.113 - - [10/Dec/2021:09:41:27 +0800] "GET /xingrg/all/function/internal_message.html?_=1639100483479&CODE_STATE=getMsg HTTP/1.1" 200 27
116.233.75.93 - - [10/Dec/2021:09:41:27 +0800] "GET /xingrg/kc/mdqp/qp_main.html HTTP/1.1" 200 10633
116.233.75.93 - - [10/Dec/2021:09:41:27 +0800] "GET /xingrg/images/blue/button/qqpsd.gif HTTP/1.1" 200 2548
116.233.75.93 - - [10/Dec/2021:09:41:27 +0800] "GET /xingrg/images/blue/button/pszx.gif HTTP/1.1" 200 2648
116.233.75.93 - - [10/Dec/2021:09:41:27 +0800] "GET /xingrg/images/blue/button/psshd.gif HTTP/1.1" 200 2692
180.169.147.146 - - [10/Dec/2021:09:41:27 +0800] "GET /xingrg/all/function/internal_message.html?_=1639100485454&CODE_STATE=getMsg HTTP/1.1" 200 27
116.229.213.191 - - [10/Dec/2021:09:41:28 +0800] "GET /xingrg/kc/buy/cgsh_order_operate.html?command=get_materiel&rest_code=00102&code=00101007125&supplier_code=00100096&order_time=2021-12-10 HTTP/1.1" 200 408
116.233.75.93 - - [10/Dec/2021:09:41:29 +0800] "GET /xingrg/kc/mdqp/qqps_order_list.html HTTP/1.1" 200 9222
116.233.75.93 - - [10/Dec/2021:09:41:29 +0800] "GET /xingrg/dwr/interface/AjaxReportQueryService.js HTTP/1.1" 200 13203
116.233.75.93 - - [10/Dec/2021:09:41:29 +0800] "GET /xingrg/dwr/interface/AjaxQqpsService.js HTTP/1.1" 200 16326
116.233.75.93 - - [10/Dec/2021:09:41:29 +0800] "GET /xingrg/dwr/util.js HTTP/1.1" 200 35990
116.233.75.93 - - [10/Dec/2021:09:41:29 +0800] "GET /xingrg/javascript/Calendar.js HTTP/1.1" 200 31561
116.233.75.93 - - [10/Dec/2021:09:41:29 +0800] "GET /xingrg/dwr/engine.js HTTP/1.1" 200 43631
116.233.75.93 - - [10/Dec/2021:09:41:29 +0800] "GET /xingrg/javascript/jquery_easy_ui/themes/icons/uncheck_new.png HTTP/1.1" 200 3197
116.233.75.93 - - [10/Dec/2021:09:41:29 +0800] "GET /xingrg/javascript/jquery_easy_ui/themes/icons/edit_add_new.png HTTP/1.1" 200 2997
