120.253.135.82 - - [10/Dec/2021:08:16:37 +0800] "GET /xingrg/javascript/easyui/plugins/jquery.tree.js HTTP/1.1" 200 20874
120.253.135.82 - - [10/Dec/2021:08:16:37 +0800] "POST /xingrg/all/common/load_tree.html?tree=area_rest_tree_json HTTP/1.1" 200 3472
120.253.135.82 - - [10/Dec/2021:08:16:37 +0800] "GET /xingrg/javascript/easyui/themes/default/images/tree_arrows.gif HTTP/1.1" 200 617
120.253.135.82 - - [10/Dec/2021:08:16:37 +0800] "GET /xingrg/javascript/easyui/themes/default/images/tree_checkbox_0.gif HTTP/1.1" 200 168
120.253.135.82 - - [10/Dec/2021:08:16:37 +0800] "GET /xingrg/javascript/easyui/themes/default/images/tree_checkbox_1.gif HTTP/1.1" 200 174
120.253.135.82 - - [10/Dec/2021:08:16:37 +0800] "GET /xingrg/javascript/easyui/themes/default/images/tree_checkbox_2.gif HTTP/1.1" 200 181
120.253.135.82 - - [10/Dec/2021:08:16:37 +0800] "GET /xingrg/javascript/easyui/themes/default/images/tree_folder_open.gif HTTP/1.1" 200 956
120.253.135.82 - - [10/Dec/2021:08:16:37 +0800] "GET /xingrg/javascript/easyui/themes/icons/manage.png HTTP/1.1" 200 696
120.253.135.82 - - [10/Dec/2021:08:16:37 +0800] "GET /xingrg/javascript/easyui/themes/icons/area.png HTTP/1.1" 200 262
120.253.135.82 - - [10/Dec/2021:08:16:37 +0800] "GET /xingrg/javascript/easyui/themes/icons/rest.png HTTP/1.1" 200 695
120.253.135.82 - - [10/Dec/2021:08:16:42 +0800] "POST /xingrg/kc/pszx/mdps_list_operate.html HTTP/1.1" 200 1701
124.78.153.86 - - [10/Dec/2021:08:16:45 +0800] "GET /xingrg/all/function/internal_message.html?_=1639095409748&CODE_STATE=getMsg HTTP/1.1" 200 27
114.85.125.222 - - [10/Dec/2021:08:16:49 +0800] "GET /xingrg/check_reg.html?_=1639095366132 HTTP/1.1" 302 -
116.233.75.93 - - [10/Dec/2021:08:16:49 +0800] "GET /xingrg/all/function/internal_message.html?_=1639095411753&CODE_STATE=getMsg HTTP/1.1" 302 -
116.233.75.93 - - [10/Dec/2021:08:16:49 +0800] "GET /xingrg/login.html HTTP/1.1" 200 7641
180.169.147.146 - - [10/Dec/2021:08:16:50 +0800] "GET /xingrg/all/function/internal_message.html?_=1639095408425&CODE_STATE=getMsg HTTP/1.1" 302 -
120.253.135.82 - - [10/Dec/2021:08:16:54 +0800] "POST /xingrg/kc/pszx/mdps_list_operate.html HTTP/1.1" 200 2043
120.253.135.82 - - [10/Dec/2021:08:16:55 +0800] "POST /xingrg/kc/pszx/mdps_list_operate.html HTTP/1.1" 200 483
120.253.135.82 - - [10/Dec/2021:08:16:57 +0800] "POST /xingrg/kc/pszx/mdps_list_operate.html HTTP/1.1" 200 202
120.253.135.82 - - [10/Dec/2021:08:16:59 +0800] "GET /xingrg/kc/pszx/mdps_order_info.html?code=312021120800218 HTTP/1.1" 200 23925
120.253.135.82 - - [10/Dec/2021:08:16:59 +0800] "GET /xingrg/javascript/easyui/themes/default/validatebox.css HTTP/1.1" 404 1104
120.253.135.82 - - [10/Dec/2021:08:16:59 +0800] "POST /xingrg/kc/pszx/mdps_order_operate.html HTTP/1.1" 200 2277
114.85.125.222 - - [10/Dec/2021:08:17:00 +0800] "GET /xingrg/all/function/internal_message.html?_=1639095377284&CODE_STATE=getMsg HTTP/1.1" 302 -
222.70.176.97 - - [10/Dec/2021:08:17:03 +0800] "GET /xingrg/all/function/internal_message.html?_=1639095418703&CODE_STATE=getMsg HTTP/1.1" 302 -
222.70.176.97 - - [10/Dec/2021:08:17:14 +0800] "GET /xingrg/all/function/internal_message.html?_=1639095099586&CODE_STATE=getMsg HTTP/1.1" 302 -
120.253.135.82 - - [10/Dec/2021:08:17:19 +0800] "GET /xingrg/all/function/internal_message.html?_=1639095215125&CODE_STATE=getMsg HTTP/1.1" 200 27
120.253.135.82 - - [10/Dec/2021:08:17:25 +0800] "GET /xingrg/all/function/internal_message.html?_=1639095574832&CODE_STATE=getMsg HTTP/1.1" 200 27
124.77.240.52 - - [10/Dec/2021:08:17:30 +0800] "GET /xingrg/all/function/internal_message.html?_=1639095465567&CODE_STATE=getMsg HTTP/1.1" 200 27
116.238.248.233 - - [10/Dec/2021:08:17:31 +0800] "GET /xingrg/all/function/internal_message.html?_=1639095448486&CODE_STATE=getMsg HTTP/1.1" 200 27
124.78.153.86 - - [10/Dec/2021:08:17:45 +0800] "GET /xingrg/all/function/internal_message.html?_=1639095469748&CODE_STATE=getMsg HTTP/1.1" 200 27
116.233.75.93 - - [10/Dec/2021:08:17:49 +0800] "GET /xingrg/all/function/internal_message.html?_=1639095471756&CODE_STATE=getMsg HTTP/1.1" 302 -
116.233.75.93 - - [10/Dec/2021:08:17:49 +0800] "GET /xingrg/check_reg.html?_=1639095471757 HTTP/1.1" 302 -
116.233.75.93 - - [10/Dec/2021:08:17:49 +0800] "GET /xingrg/login.html HTTP/1.1" 200 7641
116.233.75.93 - - [10/Dec/2021:08:17:49 +0800] "GET /xingrg/login.html HTTP/1.1" 200 7641
180.169.147.146 - - [10/Dec/2021:08:17:50 +0800] "GET /xingrg/all/function/internal_message.html?_=1639095468418&CODE_STATE=getMsg HTTP/1.1" 302 -
58.35.215.131 - - [10/Dec/2021:08:17:59 +0800] "GET /xingrg/check_reg.html?_=1639095476105 HTTP/1.1" 302 -
114.85.125.222 - - [10/Dec/2021:08:18:00 +0800] "GET /xingrg/all/function/internal_message.html?_=1639095437288&CODE_STATE=getMsg HTTP/1.1" 302 -
222.70.176.97 - - [10/Dec/2021:08:18:03 +0800] "GET /xingrg/all/function/internal_message.html?_=1639095478689&CODE_STATE=getMsg HTTP/1.1" 302 -
222.70.176.97 - - [10/Dec/2021:08:18:14 +0800] "GET /xingrg/all/function/internal_message.html?_=1639095159586&CODE_STATE=getMsg HTTP/1.1" 302 -
222.70.176.97 - - [10/Dec/2021:08:18:14 +0800] "GET /xingrg/check_reg.html?_=1639095159588 HTTP/1.1" 302 -
120.253.135.82 - - [10/Dec/2021:08:18:19 +0800] "POST /xingrg/kc/pszx/mdps_list_operate.html HTTP/1.1" 200 2043
120.253.135.82 - - [10/Dec/2021:08:18:19 +0800] "GET /xingrg/all/function/internal_message.html?_=1639095275138&CODE_STATE=getMsg HTTP/1.1" 200 27
120.253.135.82 - - [10/Dec/2021:08:18:21 +0800] "POST /xingrg/kc/pszx/mdps_list_operate.html HTTP/1.1" 200 483
120.253.135.82 - - [10/Dec/2021:08:18:25 +0800] "GET /xingrg/all/function/internal_message.html?_=1639095634844&CODE_STATE=getMsg HTTP/1.1" 200 27
124.77.240.52 - - [10/Dec/2021:08:18:30 +0800] "GET /xingrg/all/function/internal_message.html?_=1639095525569&CODE_STATE=getMsg HTTP/1.1" 200 27
116.238.248.233 - - [10/Dec/2021:08:18:31 +0800] "GET /xingrg/all/function/internal_message.html?_=1639095508490&CODE_STATE=getMsg HTTP/1.1" 200 27
120.253.135.82 - - [10/Dec/2021:08:18:32 +0800] "GET /xingrg/kc/pszx/mdps_order_add.html HTTP/1.1" 200 28947
120.253.135.82 - - [10/Dec/2021:08:18:32 +0800] "POST /xingrg/kc/pszx/mdps_order_operate.html HTTP/1.1" 200 7126
120.253.135.82 - - [10/Dec/2021:08:18:32 +0800] "GET /xingrg/javascript/easyui/themes/default/validatebox.css HTTP/1.1" 404 1104
120.253.135.82 - - [10/Dec/2021:08:18:40 +0800] "POST /xingrg/all/common/load_combo.html?type=base HTTP/1.1" 200 1075
124.78.153.86 - - [10/Dec/2021:08:18:45 +0800] "GET /xingrg/all/function/internal_message.html?_=1639095529775&CODE_STATE=getMsg HTTP/1.1" 200 27
61.151.207.158 - - [10/Dec/2021:08:18:45 +0800] "GET /xingrg/all/function/internal_message.html?_=1639095469748&CODE_STATE=getMsg HTTP/1.1" 302 -
61.151.207.158 - - [10/Dec/2021:08:18:46 +0800] "GET /xingrg/login.html HTTP/1.1" 200 7641
116.233.75.93 - - [10/Dec/2021:08:18:49 +0800] "GET /xingrg/all/function/internal_message.html?_=1639095531757&CODE_STATE=getMsg HTTP/1.1" 302 -
116.233.75.93 - - [10/Dec/2021:08:18:49 +0800] "GET /xingrg/login.html HTTP/1.1" 200 7641
180.169.147.146 - - [10/Dec/2021:08:18:50 +0800] "GET /xingrg/all/function/internal_message.html?_=1639095528427&CODE_STATE=getMsg HTTP/1.1" 302 -
114.85.125.222 - - [10/Dec/2021:08:19:00 +0800] "GET /xingrg/all/function/internal_message.html?_=1639095497310&CODE_STATE=getMsg HTTP/1.1" 302 -
222.70.176.97 - - [10/Dec/2021:08:19:03 +0800] "GET /xingrg/all/function/internal_message.html?_=1639095538674&CODE_STATE=getMsg HTTP/1.1" 302 -
222.70.176.97 - - [10/Dec/2021:08:19:14 +0800] "GET /xingrg/all/function/internal_message.html?_=1639095219586&CODE_STATE=getMsg HTTP/1.1" 302 -
120.253.135.82 - - [10/Dec/2021:08:19:15 +0800] "POST /xingrg/all/common/load_tree.html?tree=materiel_sort_tree_json HTTP/1.1" 200 9388
120.253.135.82 - - [10/Dec/2021:08:19:19 +0800] "GET /xingrg/all/function/internal_message.html?_=1639095335152&CODE_STATE=getMsg HTTP/1.1" 200 27
120.253.135.82 - - [10/Dec/2021:08:19:25 +0800] "GET /xingrg/check_reg.html?_=1639095694608 HTTP/1.1" 200 22
120.253.135.82 - - [10/Dec/2021:08:19:25 +0800] "GET /xingrg/all/function/internal_message.html?_=1639095694857&CODE_STATE=getMsg HTTP/1.1" 200 27
124.77.240.52 - - [10/Dec/2021:08:19:30 +0800] "GET /xingrg/all/function/internal_message.html?_=1639095585642&CODE_STATE=getMsg HTTP/1.1" 200 27
116.238.248.233 - - [10/Dec/2021:08:19:31 +0800] "GET /xingrg/all/function/internal_message.html?_=1639095568494&CODE_STATE=getMsg HTTP/1.1" 200 27
124.78.153.86 - - [10/Dec/2021:08:19:45 +0800] "GET /xingrg/all/function/internal_message.html?_=1639095589774&CODE_STATE=getMsg HTTP/1.1" 200 27
116.233.75.93 - - [10/Dec/2021:08:19:49 +0800] "GET /xingrg/all/function/internal_message.html?_=1639095591763&CODE_STATE=getMsg HTTP/1.1" 302 -
116.233.75.93 - - [10/Dec/2021:08:19:49 +0800] "GET /xingrg/login.html HTTP/1.1" 200 7641
180.169.147.146 - - [10/Dec/2021:08:19:50 +0800] "GET /xingrg/all/function/internal_message.html?_=1639095588426&CODE_STATE=getMsg HTTP/1.1" 302 -
114.85.125.222 - - [10/Dec/2021:08:20:00 +0800] "GET /xingrg/all/function/internal_message.html?_=1639095557315&CODE_STATE=getMsg HTTP/1.1" 302 -
222.70.176.97 - - [10/Dec/2021:08:20:03 +0800] "GET /xingrg/all/function/internal_message.html?_=1639095598658&CODE_STATE=getMsg HTTP/1.1" 302 -
124.77.240.52 - - [10/Dec/2021:08:20:12 +0800] "GET /xingrg/check_reg.html?_=1639095627206 HTTP/1.1" 200 22
222.70.176.97 - - [10/Dec/2021:08:20:14 +0800] "GET /xingrg/all/function/internal_message.html?_=1639095279586&CODE_STATE=getMsg HTTP/1.1" 302 -
120.253.135.82 - - [10/Dec/2021:08:20:19 +0800] "GET /xingrg/check_reg.html?_=1639095394559 HTTP/1.1" 200 22
120.253.135.82 - - [10/Dec/2021:08:20:19 +0800] "GET /xingrg/all/function/internal_message.html?_=1639095395165&CODE_STATE=getMsg HTTP/1.1" 200 27
120.253.135.82 - - [10/Dec/2021:08:20:25 +0800] "GET /xingrg/kc/pszx/mdps_order_operate.html?command=get_materiel&pszx_code=00101&rest_code=00105&base_code=0010250&code=00102015058 HTTP/1.1" 200 431
120.253.135.82 - - [10/Dec/2021:08:20:25 +0800] "GET /xingrg/all/function/internal_message.html?_=1639095754871&CODE_STATE=getMsg HTTP/1.1" 200 27
222.70.176.97 - - [10/Dec/2021:08:20:26 +0800] "GET /xingrg/check_reg.html?_=1639095621639 HTTP/1.1" 302 -
124.77.240.52 - - [10/Dec/2021:08:20:30 +0800] "GET /xingrg/all/function/internal_message.html?_=1639095645643&CODE_STATE=getMsg HTTP/1.1" 200 27
116.238.248.233 - - [10/Dec/2021:08:20:31 +0800] "GET /xingrg/all/function/internal_message.html?_=1639095628498&CODE_STATE=getMsg HTTP/1.1" 200 27
120.253.135.82 - - [10/Dec/2021:08:20:39 +0800] "POST /xingrg/kc/pszx/mdps_order_operate.html HTTP/1.1" 200 37
120.253.135.82 - - [10/Dec/2021:08:20:40 +0800] "GET /xingrg/kc/pszx/mdps_order_info.html?code=312021121000259 HTTP/1.1" 200 23931
120.253.135.82 - - [10/Dec/2021:08:20:40 +0800] "POST /xingrg/kc/pszx/mdps_order_operate.html HTTP/1.1" 200 2286
120.253.135.82 - - [10/Dec/2021:08:20:40 +0800] "GET /xingrg/javascript/easyui/themes/default/validatebox.css HTTP/1.1" 404 1104
124.78.153.86 - - [10/Dec/2021:08:20:45 +0800] "GET /xingrg/check_reg.html?_=1639095649774 HTTP/1.1" 200 22
124.78.153.86 - - [10/Dec/2021:08:20:45 +0800] "GET /xingrg/all/function/internal_message.html?_=1639095649777&CODE_STATE=getMsg HTTP/1.1" 200 27
116.233.75.93 - - [10/Dec/2021:08:20:49 +0800] "GET /xingrg/all/function/internal_message.html?_=1639095651762&CODE_STATE=getMsg HTTP/1.1" 302 -
116.233.75.93 - - [10/Dec/2021:08:20:49 +0800] "GET /xingrg/login.html HTTP/1.1" 200 7641
180.169.147.146 - - [10/Dec/2021:08:20:50 +0800] "GET /xingrg/all/function/internal_message.html?_=1639095648426&CODE_STATE=getMsg HTTP/1.1" 302 -
180.169.147.146 - - [10/Dec/2021:08:20:50 +0800] "GET /xingrg/check_reg.html?_=1639095648427 HTTP/1.1" 302 -
114.85.125.222 - - [10/Dec/2021:08:21:00 +0800] "GET /xingrg/all/function/internal_message.html?_=1639095617337&CODE_STATE=getMsg HTTP/1.1" 302 -
222.70.176.97 - - [10/Dec/2021:08:21:03 +0800] "GET /xingrg/all/function/internal_message.html?_=1639095658629&CODE_STATE=getMsg HTTP/1.1" 302 -
120.253.135.82 - - [10/Dec/2021:08:21:03 +0800] "POST /xingrg/kc/pszx/mdps_order_operate.html HTTP/1.1" 200 37
120.253.135.82 - - [10/Dec/2021:08:21:04 +0800] "GET /xingrg/kc/pszx/mdps_order_info.html?code=312021121000259 HTTP/1.1" 200 23931
120.253.135.82 - - [10/Dec/2021:08:21:05 +0800] "GET /xingrg/javascript/easyui/themes/default/validatebox.css HTTP/1.1" 404 1104
120.253.135.82 - - [10/Dec/2021:08:21:05 +0800] "POST /xingrg/kc/pszx/mdps_order_operate.html HTTP/1.1" 200 2286
222.70.176.97 - - [10/Dec/2021:08:21:14 +0800] "GET /xingrg/all/function/internal_message.html?_=1639095339586&CODE_STATE=getMsg HTTP/1.1" 302 -
120.253.135.82 - - [10/Dec/2021:08:21:18 +0800] "POST /xingrg/kc/pszx/mdps_order_operate.html HTTP/1.1" 200 37
120.253.135.82 - - [10/Dec/2021:08:21:19 +0800] "GET /xingrg/kc/pszx/mdps_order_info.html?code=312021121000259 HTTP/1.1" 200 23931
120.253.135.82 - - [10/Dec/2021:08:21:20 +0800] "GET /xingrg/all/function/internal_message.html?_=1639095455662&CODE_STATE=getMsg HTTP/1.1" 200 27
120.253.135.82 - - [10/Dec/2021:08:21:20 +0800] "GET /xingrg/javascript/easyui/themes/default/validatebox.css HTTP/1.1" 404 1104
120.253.135.82 - - [10/Dec/2021:08:21:20 +0800] "POST /xingrg/kc/pszx/mdps_order_operate.html HTTP/1.1" 200 2286
120.253.135.82 - - [10/Dec/2021:08:21:22 +0800] "POST /xingrg/kc/pszx/mdps_list_operate.html HTTP/1.1" 200 2414
120.253.135.82 - - [10/Dec/2021:08:21:25 +0800] "GET /xingrg/all/function/internal_message.html?_=1639095814884&CODE_STATE=getMsg HTTP/1.1" 200 27
120.253.135.82 - - [10/Dec/2021:08:21:26 +0800] "POST /xingrg/kc/pszx/mdps_list_operate.html HTTP/1.1" 200 211
124.77.240.52 - - [10/Dec/2021:08:21:30 +0800] "GET /xingrg/all/function/internal_message.html?_=1639095705656&CODE_STATE=getMsg HTTP/1.1" 200 27
116.238.248.233 - - [10/Dec/2021:08:21:31 +0800] "GET /xingrg/all/function/internal_message.html?_=1639095688497&CODE_STATE=getMsg HTTP/1.1" 200 27
116.238.248.233 - - [10/Dec/2021:08:21:31 +0800] "GET /xingrg/check_reg.html?_=1639095688499 HTTP/1.1" 200 22
120.253.135.82 - - [10/Dec/2021:08:21:35 +0800] "POST /xingrg/kc/pszx/mdps_list_operate.html HTTP/1.1" 200 868
120.253.135.82 - - [10/Dec/2021:08:21:37 +0800] "GET /xingrg/kc/pszx/mdps_order_add.html HTTP/1.1" 200 28947
120.253.135.82 - - [10/Dec/2021:08:21:37 +0800] "POST /xingrg/kc/pszx/mdps_order_operate.html HTTP/1.1" 200 7126
120.253.135.82 - - [10/Dec/2021:08:21:38 +0800] "GET /xingrg/javascript/easyui/themes/default/validatebox.css HTTP/1.1" 404 1104
124.78.153.86 - - [10/Dec/2021:08:21:45 +0800] "GET /xingrg/all/function/internal_message.html?_=1639095709775&CODE_STATE=getMsg HTTP/1.1" 200 27
120.253.135.82 - - [10/Dec/2021:08:21:48 +0800] "POST /xingrg/all/common/load_combo.html?type=base HTTP/1.1" 200 1075
114.85.125.222 - - [10/Dec/2021:08:21:49 +0800] "GET /xingrg/check_reg.html?_=1639095666126 HTTP/1.1" 302 -
116.233.75.93 - - [10/Dec/2021:08:21:49 +0800] "GET /xingrg/all/function/internal_message.html?_=1639095711764&CODE_STATE=getMsg HTTP/1.1" 302 -
116.233.75.93 - - [10/Dec/2021:08:21:49 +0800] "GET /xingrg/login.html HTTP/1.1" 200 7641
180.169.147.146 - - [10/Dec/2021:08:21:50 +0800] "GET /xingrg/all/function/internal_message.html?_=1639095708424&CODE_STATE=getMsg HTTP/1.1" 302 -
120.253.135.82 - - [10/Dec/2021:08:21:59 +0800] "GET /xingrg/kc/pszx/mdps_order_operate.html?command=get_materiel&pszx_code=00101&rest_code=00141&base_code=0010250&code=00102015058 HTTP/1.1" 200 431
114.85.125.222 - - [10/Dec/2021:08:22:00 +0800] "GET /xingrg/all/function/internal_message.html?_=1639095677342&CODE_STATE=getMsg HTTP/1.1" 302 -
222.70.176.97 - - [10/Dec/2021:08:22:03 +0800] "GET /xingrg/all/function/internal_message.html?_=1639095718613&CODE_STATE=getMsg HTTP/1.1" 302 -
120.253.135.82 - - [10/Dec/2021:08:22:09 +0800] "POST /xingrg/kc/pszx/mdps_order_operate.html HTTP/1.1" 200 37
120.253.135.82 - - [10/Dec/2021:08:22:10 +0800] "GET /xingrg/kc/pszx/mdps_order_info.html?code=312021121000260 HTTP/1.1" 200 23931
120.253.135.82 - - [10/Dec/2021:08:22:11 +0800] "POST /xingrg/kc/pszx/mdps_order_operate.html HTTP/1.1" 200 2288
120.253.135.82 - - [10/Dec/2021:08:22:11 +0800] "GET /xingrg/javascript/easyui/themes/default/validatebox.css HTTP/1.1" 404 1104
222.70.176.97 - - [10/Dec/2021:08:22:14 +0800] "GET /xingrg/all/function/internal_message.html?_=1639095399586&CODE_STATE=getMsg HTTP/1.1" 302 -
120.253.135.82 - - [10/Dec/2021:08:22:20 +0800] "GET /xingrg/all/function/internal_message.html?_=1639095515676&CODE_STATE=getMsg HTTP/1.1" 200 27
120.253.135.82 - - [10/Dec/2021:08:22:25 +0800] "GET /xingrg/all/function/internal_message.html?_=1639095874900&CODE_STATE=getMsg HTTP/1.1" 200 27
124.77.240.52 - - [10/Dec/2021:08:22:30 +0800] "GET /xingrg/all/function/internal_message.html?_=1639095765753&CODE_STATE=getMsg HTTP/1.1" 200 27
116.238.248.233 - - [10/Dec/2021:08:22:31 +0800] "GET /xingrg/all/function/internal_message.html?_=1639095748498&CODE_STATE=getMsg HTTP/1.1" 200 27
120.253.135.82 - - [10/Dec/2021:08:22:34 +0800] "POST /xingrg/kc/pszx/mdps_order_operate.html HTTP/1.1" 200 37
120.253.135.82 - - [10/Dec/2021:08:22:35 +0800] "GET /xingrg/kc/pszx/mdps_order_info.html?code=312021121000260 HTTP/1.1" 200 23931
120.253.135.82 - - [10/Dec/2021:08:22:35 +0800] "POST /xingrg/kc/pszx/mdps_order_operate.html HTTP/1.1" 200 2288
120.253.135.82 - - [10/Dec/2021:08:22:35 +0800] "GET /xingrg/javascript/easyui/themes/default/validatebox.css HTTP/1.1" 404 1104
120.253.135.82 - - [10/Dec/2021:08:22:38 +0800] "POST /xingrg/kc/pszx/mdps_list_operate.html HTTP/1.1" 200 1692
120.253.135.82 - - [10/Dec/2021:08:22:40 +0800] "POST /xingrg/kc/pszx/mdps_list_operate.html HTTP/1.1" 200 212
101.89.239.120 - - [10/Dec/2021:08:22:44 +0800] "GET /xingrg/all/function/internal_message.html?_=1639095709775&CODE_STATE=getMsg HTTP/1.1" 302 -
124.78.153.86 - - [10/Dec/2021:08:22:45 +0800] "GET /xingrg/all/function/internal_message.html?_=1639095769775&CODE_STATE=getMsg HTTP/1.1" 200 27
101.89.239.120 - - [10/Dec/2021:08:22:46 +0800] "GET /xingrg/login.html HTTP/1.1" 200 7641
116.233.75.93 - - [10/Dec/2021:08:22:49 +0800] "GET /xingrg/all/function/internal_message.html?_=1639095771766&CODE_STATE=getMsg HTTP/1.1" 302 -
116.233.75.93 - - [10/Dec/2021:08:22:49 +0800] "GET /xingrg/check_reg.html?_=1639095771767 HTTP/1.1" 302 -
116.233.75.93 - - [10/Dec/2021:08:22:49 +0800] "GET /xingrg/login.html HTTP/1.1" 200 7641
116.233.75.93 - - [10/Dec/2021:08:22:49 +0800] "GET /xingrg/login.html HTTP/1.1" 200 7641
180.169.147.146 - - [10/Dec/2021:08:22:50 +0800] "GET /xingrg/all/function/internal_message.html?_=1639095768412&CODE_STATE=getMsg HTTP/1.1" 302 -
120.253.135.82 - - [10/Dec/2021:08:22:55 +0800] "POST /xingrg/kc/pszx/mdps_list_operate.html HTTP/1.1" 200 868
120.253.135.82 - - [10/Dec/2021:08:22:57 +0800] "GET /xingrg/kc/pszx/mdps_order_add.html HTTP/1.1" 200 28947
120.253.135.82 - - [10/Dec/2021:08:22:57 +0800] "POST /xingrg/kc/pszx/mdps_order_operate.html HTTP/1.1" 200 7126
120.253.135.82 - - [10/Dec/2021:08:22:57 +0800] "GET /xingrg/javascript/easyui/themes/default/validatebox.css HTTP/1.1" 404 1104
58.35.215.131 - - [10/Dec/2021:08:22:59 +0800] "GET /xingrg/check_reg.html?_=1639095776091 HTTP/1.1" 302 -
114.85.125.222 - - [10/Dec/2021:08:23:00 +0800] "GET /xingrg/all/function/internal_message.html?_=1639095737364&CODE_STATE=getMsg HTTP/1.1" 302 -
222.70.176.97 - - [10/Dec/2021:08:23:03 +0800] "GET /xingrg/all/function/internal_message.html?_=1639095778599&CODE_STATE=getMsg HTTP/1.1" 302 -
120.253.135.82 - - [10/Dec/2021:08:23:11 +0800] "POST /xingrg/all/common/load_combo.html?type=base HTTP/1.1" 200 1075
222.70.176.97 - - [10/Dec/2021:08:23:14 +0800] "GET /xingrg/all/function/internal_message.html?_=1639095459586&CODE_STATE=getMsg HTTP/1.1" 302 -
222.70.176.97 - - [10/Dec/2021:08:23:14 +0800] "GET /xingrg/check_reg.html?_=1639095459588 HTTP/1.1" 302 -
120.253.135.82 - - [10/Dec/2021:08:23:20 +0800] "GET /xingrg/all/function/internal_message.html?_=1639095575817&CODE_STATE=getMsg HTTP/1.1" 200 27
120.253.135.82 - - [10/Dec/2021:08:23:23 +0800] "GET /xingrg/kc/pszx/mdps_order_operate.html?command=get_materiel&pszx_code=00101&rest_code=00104&base_code=0010250&code=00102015058 HTTP/1.1" 200 431
120.253.135.82 - - [10/Dec/2021:08:23:25 +0800] "GET /xingrg/all/function/internal_message.html?_=1639095934913&CODE_STATE=getMsg HTTP/1.1" 200 27
124.77.240.52 - - [10/Dec/2021:08:23:30 +0800] "GET /xingrg/all/function/internal_message.html?_=1639095825761&CODE_STATE=getMsg HTTP/1.1" 200 27
116.238.248.233 - - [10/Dec/2021:08:23:31 +0800] "GET /xingrg/all/function/internal_message.html?_=1639095808511&CODE_STATE=getMsg HTTP/1.1" 200 27
120.253.135.82 - - [10/Dec/2021:08:23:32 +0800] "POST /xingrg/kc/pszx/mdps_order_operate.html HTTP/1.1" 200 37
120.253.135.82 - - [10/Dec/2021:08:23:38 +0800] "GET /xingrg/kc/pszx/mdps_order_info.html?code=312021121000261 HTTP/1.1" 200 23931
120.253.135.82 - - [10/Dec/2021:08:23:39 +0800] "POST /xingrg/kc/pszx/mdps_order_operate.html HTTP/1.1" 200 2286
120.253.135.82 - - [10/Dec/2021:08:23:39 +0800] "GET /xingrg/javascript/easyui/themes/default/validatebox.css HTTP/1.1" 404 1104
120.253.135.82 - - [10/Dec/2021:08:23:40 +0800] "POST /xingrg/kc/pszx/mdps_list_operate.html HTTP/1.1" 200 1690
120.253.135.82 - - [10/Dec/2021:08:23:42 +0800] "POST /xingrg/kc/pszx/mdps_list_operate.html HTTP/1.1" 200 211
124.78.153.86 - - [10/Dec/2021:08:23:45 +0800] "GET /xingrg/all/function/internal_message.html?_=1639095829778&CODE_STATE=getMsg HTTP/1.1" 200 27
116.233.75.93 - - [10/Dec/2021:08:23:49 +0800] "GET /xingrg/all/function/internal_message.html?_=1639095831769&CODE_STATE=getMsg HTTP/1.1" 302 -
116.233.75.93 - - [10/Dec/2021:08:23:49 +0800] "GET /xingrg/login.html HTTP/1.1" 200 7641
180.169.147.146 - - [10/Dec/2021:08:23:50 +0800] "GET /xingrg/all/function/internal_message.html?_=1639095828426&CODE_STATE=getMsg HTTP/1.1" 302 -
120.253.135.82 - - [10/Dec/2021:08:23:58 +0800] "POST /xingrg/kc/pszx/mdps_list_operate.html HTTP/1.1" 200 868
114.85.125.222 - - [10/Dec/2021:08:24:00 +0800] "GET /xingrg/all/function/internal_message.html?_=1639095797369&CODE_STATE=getMsg HTTP/1.1" 302 -
120.253.135.82 - - [10/Dec/2021:08:24:01 +0800] "GET /xingrg/kc/pszx/mdps_order_add.html HTTP/1.1" 200 28947
120.253.135.82 - - [10/Dec/2021:08:24:01 +0800] "POST /xingrg/kc/pszx/mdps_order_operate.html HTTP/1.1" 200 7126
120.253.135.82 - - [10/Dec/2021:08:24:02 +0800] "GET /xingrg/javascript/easyui/themes/default/validatebox.css HTTP/1.1" 404 1104
222.70.176.97 - - [10/Dec/2021:08:24:03 +0800] "GET /xingrg/all/function/internal_message.html?_=1639095838585&CODE_STATE=getMsg HTTP/1.1" 302 -
116.229.213.191 - - [10/Dec/2021:08:24:12 +0800] "POST /xingrg/services/DataTransmitService HTTP/1.1" 200 524
222.70.176.97 - - [10/Dec/2021:08:24:14 +0800] "GET /xingrg/all/function/internal_message.html?_=1639095519586&CODE_STATE=getMsg HTTP/1.1" 302 -
120.253.135.82 - - [10/Dec/2021:08:24:16 +0800] "POST /xingrg/all/common/load_combo.html?type=base HTTP/1.1" 200 1075
116.229.213.191 - - [10/Dec/2021:08:24:16 +0800] "POST /xingrg/services/DataTransmitService HTTP/1.1" 200 501
120.253.135.82 - - [10/Dec/2021:08:24:20 +0800] "GET /xingrg/all/function/internal_message.html?_=1639095635828&CODE_STATE=getMsg HTTP/1.1" 200 27
120.253.135.82 - - [10/Dec/2021:08:24:25 +0800] "GET /xingrg/check_reg.html?_=1639095994623 HTTP/1.1" 200 22
120.253.135.82 - - [10/Dec/2021:08:24:25 +0800] "GET /xingrg/all/function/internal_message.html?_=1639095994925&CODE_STATE=getMsg HTTP/1.1" 200 27
120.253.135.82 - - [10/Dec/2021:08:24:30 +0800] "GET /xingrg/kc/pszx/mdps_order_operate.html?command=get_materiel&pszx_code=00101&rest_code=00149&base_code=0010250&code=00102015058 HTTP/1.1" 200 431
124.77.240.52 - - [10/Dec/2021:08:24:30 +0800] "GET /xingrg/all/function/internal_message.html?_=1639095885861&CODE_STATE=getMsg HTTP/1.1" 200 27
116.238.248.233 - - [10/Dec/2021:08:24:31 +0800] "GET /xingrg/all/function/internal_message.html?_=1639095868509&CODE_STATE=getMsg HTTP/1.1" 200 27
120.253.135.82 - - [10/Dec/2021:08:24:39 +0800] "POST /xingrg/kc/pszx/mdps_order_operate.html HTTP/1.1" 200 37
120.253.135.82 - - [10/Dec/2021:08:24:40 +0800] "GET /xingrg/kc/pszx/mdps_order_info.html?code=312021121000262 HTTP/1.1" 200 23931
120.253.135.82 - - [10/Dec/2021:08:24:41 +0800] "POST /xingrg/kc/pszx/mdps_order_operate.html HTTP/1.1" 200 2286
120.253.135.82 - - [10/Dec/2021:08:24:41 +0800] "GET /xingrg/javascript/easyui/themes/default/validatebox.css HTTP/1.1" 404 1104
124.78.153.86 - - [10/Dec/2021:08:24:45 +0800] "GET /xingrg/all/function/internal_message.html?_=1639095889777&CODE_STATE=getMsg HTTP/1.1" 200 27
116.233.75.93 - - [10/Dec/2021:08:24:49 +0800] "GET /xingrg/all/function/internal_message.html?_=1639095891774&CODE_STATE=getMsg HTTP/1.1" 302 -
116.233.75.93 - - [10/Dec/2021:08:24:49 +0800] "GET /xingrg/login.html HTTP/1.1" 200 7641
180.169.147.146 - - [10/Dec/2021:08:24:50 +0800] "GET /xingrg/all/function/internal_message.html?_=1639095888428&CODE_STATE=getMsg HTTP/1.1" 302 -
120.253.135.82 - - [10/Dec/2021:08:24:57 +0800] "POST /xingrg/kc/pszx/mdps_order_operate.html HTTP/1.1" 200 37
120.253.135.82 - - [10/Dec/2021:08:24:58 +0800] "GET /xingrg/kc/pszx/mdps_order_info.html?code=312021121000262 HTTP/1.1" 200 23937
120.253.135.82 - - [10/Dec/2021:08:24:58 +0800] "POST /xingrg/kc/pszx/mdps_order_operate.html HTTP/1.1" 200 2286
120.253.135.82 - - [10/Dec/2021:08:24:58 +0800] "GET /xingrg/javascript/easyui/themes/default/validatebox.css HTTP/1.1" 404 1104
114.85.125.222 - - [10/Dec/2021:08:25:00 +0800] "GET /xingrg/all/function/internal_message.html?_=1639095857392&CODE_STATE=getMsg HTTP/1.1" 302 -
120.253.135.82 - - [10/Dec/2021:08:25:00 +0800] "POST /xingrg/kc/pszx/mdps_list_operate.html HTTP/1.1" 200 1699
222.70.176.97 - - [10/Dec/2021:08:25:03 +0800] "GET /xingrg/all/function/internal_message.html?_=1639095898555&CODE_STATE=getMsg HTTP/1.1" 302 -
124.77.240.52 - - [10/Dec/2021:08:25:12 +0800] "GET /xingrg/check_reg.html?_=1639095927209 HTTP/1.1" 200 22
222.70.176.97 - - [10/Dec/2021:08:25:14 +0800] "GET /xingrg/all/function/internal_message.html?_=1639095579586&CODE_STATE=getMsg HTTP/1.1" 302 -
120.253.135.82 - - [10/Dec/2021:08:25:15 +0800] "POST /xingrg/kc/pszx/mdps_list_operate.html HTTP/1.1" 200 1699
120.253.135.82 - - [10/Dec/2021:08:25:19 +0800] "GET /xingrg/check_reg.html?_=1639095694563 HTTP/1.1" 200 22
120.253.135.82 - - [10/Dec/2021:08:25:20 +0800] "GET /xingrg/all/function/internal_message.html?_=1639095695842&CODE_STATE=getMsg HTTP/1.1" 200 27
120.253.135.82 - - [10/Dec/2021:08:25:25 +0800] "GET /xingrg/all/function/internal_message.html?_=1639096054939&CODE_STATE=getMsg HTTP/1.1" 200 27
120.253.135.82 - - [10/Dec/2021:08:25:25 +0800] "POST /xingrg/kc/pszx/mdps_list_operate.html HTTP/1.1" 200 868
222.70.176.97 - - [10/Dec/2021:08:25:26 +0800] "GET /xingrg/check_reg.html?_=1639095921629 HTTP/1.1" 302 -
120.253.135.82 - - [10/Dec/2021:08:25:27 +0800] "GET /xingrg/kc/pszx/mdps_order_add.html HTTP/1.1" 200 28947
120.253.135.82 - - [10/Dec/2021:08:25:28 +0800] "POST /xingrg/kc/pszx/mdps_order_operate.html HTTP/1.1" 200 7126
120.253.135.82 - - [10/Dec/2021:08:25:28 +0800] "GET /xingrg/javascript/easyui/themes/default/validatebox.css HTTP/1.1" 404 1104
124.77.240.52 - - [10/Dec/2021:08:25:30 +0800] "GET /xingrg/all/function/internal_message.html?_=1639095945867&CODE_STATE=getMsg HTTP/1.1" 200 27
116.238.248.233 - - [10/Dec/2021:08:25:31 +0800] "GET /xingrg/all/function/internal_message.html?_=1639095928513&CODE_STATE=getMsg HTTP/1.1" 200 27
120.253.135.82 - - [10/Dec/2021:08:25:42 +0800] "POST /xingrg/all/common/load_combo.html?type=base HTTP/1.1" 200 1075
124.78.153.86 - - [10/Dec/2021:08:25:45 +0800] "GET /xingrg/all/function/internal_message.html?_=1639095949781&CODE_STATE=getMsg HTTP/1.1" 200 27
124.78.153.86 - - [10/Dec/2021:08:25:45 +0800] "GET /xingrg/check_reg.html?_=1639095949777 HTTP/1.1" 200 22
116.233.75.93 - - [10/Dec/2021:08:25:49 +0800] "GET /xingrg/all/function/internal_message.html?_=1639095951773&CODE_STATE=getMsg HTTP/1.1" 302 -
116.233.75.93 - - [10/Dec/2021:08:25:49 +0800] "GET /xingrg/login.html HTTP/1.1" 200 7641
180.169.147.146 - - [10/Dec/2021:08:25:50 +0800] "GET /xingrg/all/function/internal_message.html?_=1639095948415&CODE_STATE=getMsg HTTP/1.1" 302 -
180.169.147.146 - - [10/Dec/2021:08:25:50 +0800] "GET /xingrg/check_reg.html?_=1639095948417 HTTP/1.1" 302 -
114.85.125.222 - - [10/Dec/2021:08:26:00 +0800] "GET /xingrg/all/function/internal_message.html?_=1639095917397&CODE_STATE=getMsg HTTP/1.1" 302 -
222.70.176.97 - - [10/Dec/2021:08:26:03 +0800] "GET /xingrg/all/function/internal_message.html?_=1639095958527&CODE_STATE=getMsg HTTP/1.1" 302 -
120.253.135.82 - - [10/Dec/2021:08:26:05 +0800] "GET /xingrg/kc/pszx/mdps_order_operate.html?command=get_materiel&pszx_code=00101&rest_code=00155&base_code=0010250&code=00102015058 HTTP/1.1" 200 431
222.70.176.97 - - [10/Dec/2021:08:26:14 +0800] "GET /xingrg/all/function/internal_message.html?_=1639095639586&CODE_STATE=getMsg HTTP/1.1" 302 -
120.253.135.82 - - [10/Dec/2021:08:26:15 +0800] "POST /xingrg/kc/pszx/mdps_order_operate.html HTTP/1.1" 200 37
120.253.135.82 - - [10/Dec/2021:08:26:16 +0800] "GET /xingrg/kc/pszx/mdps_order_info.html?code=312021121000263 HTTP/1.1" 200 23937
120.253.135.82 - - [10/Dec/2021:08:26:17 +0800] "POST /xingrg/kc/pszx/mdps_order_operate.html HTTP/1.1" 200 2286
120.253.135.82 - - [10/Dec/2021:08:26:17 +0800] "GET /xingrg/javascript/easyui/themes/default/validatebox.css HTTP/1.1" 404 1104
120.253.135.82 - - [10/Dec/2021:08:26:20 +0800] "GET /xingrg/all/function/internal_message.html?_=1639095755855&CODE_STATE=getMsg HTTP/1.1" 200 27
120.253.135.82 - - [10/Dec/2021:08:26:23 +0800] "POST /xingrg/kc/pszx/mdps_order_operate.html HTTP/1.1" 200 37
120.253.135.82 - - [10/Dec/2021:08:26:24 +0800] "GET /xingrg/kc/pszx/mdps_order_info.html?code=312021121000263 HTTP/1.1" 200 23937
120.253.135.82 - - [10/Dec/2021:08:26:25 +0800] "GET /xingrg/javascript/easyui/themes/default/validatebox.css HTTP/1.1" 404 1104
120.253.135.82 - - [10/Dec/2021:08:26:25 +0800] "POST /xingrg/kc/pszx/mdps_order_operate.html HTTP/1.1" 200 2286
120.253.135.82 - - [10/Dec/2021:08:26:25 +0800] "GET /xingrg/all/function/internal_message.html?_=1639096114954&CODE_STATE=getMsg HTTP/1.1" 200 27
120.253.135.82 - - [10/Dec/2021:08:26:26 +0800] "POST /xingrg/kc/pszx/mdps_list_operate.html HTTP/1.1" 200 1699
124.77.240.52 - - [10/Dec/2021:08:26:30 +0800] "GET /xingrg/all/function/internal_message.html?_=1639096005880&CODE_STATE=getMsg HTTP/1.1" 200 27
116.238.248.233 - - [10/Dec/2021:08:26:31 +0800] "GET /xingrg/all/function/internal_message.html?_=1639095988526&CODE_STATE=getMsg HTTP/1.1" 200 27
116.238.248.233 - - [10/Dec/2021:08:26:31 +0800] "GET /xingrg/check_reg.html?_=1639095988528 HTTP/1.1" 200 22
120.253.135.82 - - [10/Dec/2021:08:26:33 +0800] "POST /xingrg/kc/pszx/mdps_list_operate.html HTTP/1.1" 200 1682
120.253.135.82 - - [10/Dec/2021:08:26:34 +0800] "POST /xingrg/kc/pszx/mdps_list_operate.html HTTP/1.1" 200 211
120.253.135.82 - - [10/Dec/2021:08:26:36 +0800] "GET /xingrg/kc/pszx/mdps_order_add.html HTTP/1.1" 200 28947
120.253.135.82 - - [10/Dec/2021:08:26:36 +0800] "POST /xingrg/kc/pszx/mdps_order_operate.html HTTP/1.1" 200 7126
120.253.135.82 - - [10/Dec/2021:08:26:37 +0800] "GET /xingrg/javascript/easyui/themes/default/validatebox.css HTTP/1.1" 404 1104
124.78.153.86 - - [10/Dec/2021:08:26:45 +0800] "GET /xingrg/all/function/internal_message.html?_=1639096009783&CODE_STATE=getMsg HTTP/1.1" 200 27
101.91.62.89 - - [10/Dec/2021:08:26:45 +0800] "GET /xingrg/all/function/internal_message.html?_=1639095949781&CODE_STATE=getMsg HTTP/1.1" 302 -
120.253.135.82 - - [10/Dec/2021:08:26:45 +0800] "POST /xingrg/all/common/load_combo.html?type=base HTTP/1.1" 200 1075
101.91.62.89 - - [10/Dec/2021:08:26:46 +0800] "GET /xingrg/login.html HTTP/1.1" 200 7641
114.85.125.222 - - [10/Dec/2021:08:26:49 +0800] "GET /xingrg/check_reg.html?_=1639095966139 HTTP/1.1" 302 -
116.233.75.93 - - [10/Dec/2021:08:26:49 +0800] "GET /xingrg/all/function/internal_message.html?_=1639096011775&CODE_STATE=getMsg HTTP/1.1" 302 -
116.233.75.93 - - [10/Dec/2021:08:26:49 +0800] "GET /xingrg/login.html HTTP/1.1" 200 7641
180.169.147.146 - - [10/Dec/2021:08:26:50 +0800] "GET /xingrg/all/function/internal_message.html?_=1639096008435&CODE_STATE=getMsg HTTP/1.1" 302 -
120.253.135.82 - - [10/Dec/2021:08:26:53 +0800] "GET /xingrg/kc/pszx/mdps_order_operate.html?command=get_materiel&pszx_code=00101&rest_code=00109&base_code=0010250&code=00102015058 HTTP/1.1" 200 431
114.85.125.222 - - [10/Dec/2021:08:27:00 +0800] "GET /xingrg/all/function/internal_message.html?_=1639095977417&CODE_STATE=getMsg HTTP/1.1" 302 -
222.70.176.97 - - [10/Dec/2021:08:27:03 +0800] "GET /xingrg/all/function/internal_message.html?_=1639096018512&CODE_STATE=getMsg HTTP/1.1" 302 -
222.70.176.97 - - [10/Dec/2021:08:27:14 +0800] "GET /xingrg/all/function/internal_message.html?_=1639095699586&CODE_STATE=getMsg HTTP/1.1" 302 -
116.227.210.113 - - [10/Dec/2021:08:27:20 +0800] "GET /xingrg/index.html?sysBaseUrl=http%3A%2F%2F180.169.147.146%3A18081%2Fxingrg%2F&costTime=1277×tamp=1606817596806 HTTP/1.1" 302 -
116.227.210.113 - - [10/Dec/2021:08:27:20 +0800] "GET /xingrg/login.html HTTP/1.1" 200 7641
120.253.135.82 - - [10/Dec/2021:08:27:20 +0800] "GET /xingrg/all/function/internal_message.html?_=1639095815869&CODE_STATE=getMsg HTTP/1.1" 200 27
116.227.210.113 - - [10/Dec/2021:08:27:20 +0800] "GET /favicon.ico HTTP/1.1" 404 -
120.253.135.82 - - [10/Dec/2021:08:27:25 +0800] "GET /xingrg/all/function/internal_message.html?_=1639096174968&CODE_STATE=getMsg HTTP/1.1" 200 27
120.253.135.82 - - [10/Dec/2021:08:27:27 +0800] "POST /xingrg/kc/pszx/mdps_order_operate.html HTTP/1.1" 200 37
120.253.135.82 - - [10/Dec/2021:08:27:28 +0800] "GET /xingrg/kc/pszx/mdps_order_info.html?code=312021121000264 HTTP/1.1" 200 23931
120.253.135.82 - - [10/Dec/2021:08:27:29 +0800] "POST /xingrg/kc/pszx/mdps_order_operate.html HTTP/1.1" 200 2286
120.253.135.82 - - [10/Dec/2021:08:27:29 +0800] "GET /xingrg/javascript/easyui/themes/default/validatebox.css HTTP/1.1" 404 1104
124.77.240.52 - - [10/Dec/2021:08:27:30 +0800] "GET /xingrg/all/function/internal_message.html?_=1639096065954&CODE_STATE=getMsg HTTP/1.1" 200 27
116.238.248.233 - - [10/Dec/2021:08:27:31 +0800] "GET /xingrg/all/function/internal_message.html?_=1639096048527&CODE_STATE=getMsg HTTP/1.1" 200 27
120.253.135.82 - - [10/Dec/2021:08:27:36 +0800] "POST /xingrg/kc/pszx/mdps_order_operate.html HTTP/1.1" 200 37
120.253.135.82 - - [10/Dec/2021:08:27:37 +0800] "GET /xingrg/kc/pszx/mdps_order_info.html?code=312021121000264 HTTP/1.1" 200 23931
120.253.135.82 - - [10/Dec/2021:08:27:38 +0800] "GET /xingrg/javascript/easyui/themes/default/validatebox.css HTTP/1.1" 404 1104
120.253.135.82 - - [10/Dec/2021:08:27:38 +0800] "POST /xingrg/kc/pszx/mdps_order_operate.html HTTP/1.1" 200 2286
124.78.153.86 - - [10/Dec/2021:08:27:45 +0800] "GET /xingrg/all/function/internal_message.html?_=1639096069783&CODE_STATE=getMsg HTTP/1.1" 200 27
116.233.75.93 - - [10/Dec/2021:08:27:49 +0800] "GET /xingrg/all/function/internal_message.html?_=1639096071781&CODE_STATE=getMsg HTTP/1.1" 302 -
116.233.75.93 - - [10/Dec/2021:08:27:49 +0800] "GET /xingrg/check_reg.html?_=1639096071782 HTTP/1.1" 302 -
116.233.75.93 - - [10/Dec/2021:08:27:49 +0800] "GET /xingrg/login.html HTTP/1.1" 200 7641
116.233.75.93 - - [10/Dec/2021:08:27:49 +0800] "GET /xingrg/login.html HTTP/1.1" 200 7641
180.169.147.146 - - [10/Dec/2021:08:27:50 +0800] "GET /xingrg/all/function/internal_message.html?_=1639096068438&CODE_STATE=getMsg HTTP/1.1" 302 -
58.35.215.131 - - [10/Dec/2021:08:27:59 +0800] "GET /xingrg/check_reg.html?_=1639096076064 HTTP/1.1" 302 -
114.85.125.222 - - [10/Dec/2021:08:28:00 +0800] "GET /xingrg/all/function/internal_message.html?_=1639096037425&CODE_STATE=getMsg HTTP/1.1" 302 -
222.70.176.97 - - [10/Dec/2021:08:28:03 +0800] "GET /xingrg/all/function/internal_message.html?_=1639096078496&CODE_STATE=getMsg HTTP/1.1" 302 -
222.70.176.97 - - [10/Dec/2021:08:28:14 +0800] "GET /xingrg/all/function/internal_message.html?_=1639095759586&CODE_STATE=getMsg HTTP/1.1" 302 -
222.70.176.97 - - [10/Dec/2021:08:28:14 +0800] "GET /xingrg/check_reg.html?_=1639095759587 HTTP/1.1" 302 -
120.253.135.82 - - [10/Dec/2021:08:28:16 +0800] "POST /xingrg/kc/pszx/mdps_list_operate.html HTTP/1.1" 200 2053
120.253.135.82 - - [10/Dec/2021:08:28:19 +0800] "POST /xingrg/kc/pszx/mdps_list_operate.html HTTP/1.1" 200 211
120.253.135.82 - - [10/Dec/2021:08:28:20 +0800] "GET /xingrg/all/function/internal_message.html?_=1639095875882&CODE_STATE=getMsg HTTP/1.1" 200 27
120.253.135.82 - - [10/Dec/2021:08:28:23 +0800] "GET /xingrg/kc/pszx/mdps_order_info.html?code=312021121000264 HTTP/1.1" 200 23931
120.253.135.82 - - [10/Dec/2021:08:28:23 +0800] "GET /xingrg/javascript/easyui/themes/default/validatebox.css HTTP/1.1" 404 1104
120.253.135.82 - - [10/Dec/2021:08:28:23 +0800] "POST /xingrg/kc/pszx/mdps_order_operate.html HTTP/1.1" 200 2286
116.227.210.113 - - [10/Dec/2021:08:28:24 +0800] "POST /xingrg/login.do HTTP/1.1" 302 -
116.227.210.113 - - [10/Dec/2021:08:28:24 +0800] "GET /xingrg/index.html?sysBaseUrl=http%3A%2F%2F180.169.147.146%3A18081%2Fxingrg%2F&costTime=42×tamp=1639096104459 HTTP/1.1" 200 17179
116.227.210.113 - - [10/Dec/2021:08:28:24 +0800] "GET /favicon.ico HTTP/1.1" 404 -
116.227.210.113 - - [10/Dec/2021:08:28:24 +0800] "POST /xingrg/all/common/load_tree.html?tree=area_rest_tree_json&manage=1 HTTP/1.1" 200 351
116.227.210.113 - - [10/Dec/2021:08:28:24 +0800] "GET /xingrg/all/function/internal_message.html?_=1639096101106&CODE_STATE=count HTTP/1.1" 200 11
116.227.210.113 - - [10/Dec/2021:08:28:24 +0800] "GET /xingrg/check_reg.html?_=1639096101107 HTTP/1.1" 200 22
116.227.210.113 - - [10/Dec/2021:08:28:24 +0800] "POST /xingrg/load_menu.html HTTP/1.1" 200 5138
120.253.135.82 - - [10/Dec/2021:08:28:25 +0800] "GET /xingrg/all/function/internal_message.html?_=1639096234979&CODE_STATE=getMsg HTTP/1.1" 200 27
120.253.135.82 - - [10/Dec/2021:08:28:26 +0800] "POST /xingrg/kc/pszx/mdps_list_operate.html HTTP/1.1" 200 2053
116.227.210.113 - - [10/Dec/2021:08:28:27 +0800] "GET /xingrg/kc/buy/cgsh_order_list.html HTTP/1.1" 200 49169
116.227.210.113 - - [10/Dec/2021:08:28:28 +0800] "POST /xingrg/kc/buy/cgsh_list_operate.html HTTP/1.1" 200 876
124.77.240.52 - - [10/Dec/2021:08:28:30 +0800] "GET /xingrg/all/function/internal_message.html?_=1639096125954&CODE_STATE=getMsg HTTP/1.1" 200 27
116.238.248.233 - - [10/Dec/2021:08:28:31 +0800] "GET /xingrg/all/function/internal_message.html?_=1639096108536&CODE_STATE=getMsg HTTP/1.1" 200 27
116.227.210.113 - - [10/Dec/2021:08:28:36 +0800] "GET /xingrg/kc/buy/cgsh_order_add.html HTTP/1.1" 200 64866
116.227.210.113 - - [10/Dec/2021:08:28:36 +0800] "GET /xingrg/words/20211209162503_words.js HTTP/1.1" 304 -
116.227.210.113 - - [10/Dec/2021:08:28:37 +0800] "POST /xingrg/kc/buy/cgsh_order_operate.html HTTP/1.1" 200 8245
116.227.210.113 - - [10/Dec/2021:08:28:37 +0800] "GET /xingrg/all/common/auto_word.html?type=employee&rest_code=00155 HTTP/1.1" 200 205
116.227.210.113 - - [10/Dec/2021:08:28:37 +0800] "GET /xingrg/javascript/easyui/themes/default/validatebox.css HTTP/1.1" 404 1104
116.227.210.113 - - [10/Dec/2021:08:28:37 +0800] "GET /xingrg/all/common/auto_word.html?type=employee&rest_code=00155 HTTP/1.1" 200 205
120.253.135.82 - - [10/Dec/2021:08:28:43 +0800] "POST /xingrg/kc/pszx/mdps_list_operate.html HTTP/1.1" 200 1699
120.253.135.82 - - [10/Dec/2021:08:28:44 +0800] "POST /xingrg/kc/pszx/mdps_list_operate.html HTTP/1.1" 200 211
124.78.153.86 - - [10/Dec/2021:08:28:45 +0800] "GET /xingrg/all/function/internal_message.html?_=1639096129780&CODE_STATE=getMsg HTTP/1.1" 200 27
116.233.75.93 - - [10/Dec/2021:08:28:49 +0800] "GET /xingrg/all/function/internal_message.html?_=1639096131780&CODE_STATE=getMsg HTTP/1.1" 302 -
116.233.75.93 - - [10/Dec/2021:08:28:49 +0800] "GET /xingrg/login.html HTTP/1.1" 200 7641
180.169.147.146 - - [10/Dec/2021:08:28:50 +0800] "GET /xingrg/all/function/internal_message.html?_=1639096128441&CODE_STATE=getMsg HTTP/1.1" 302 -
114.85.125.222 - - [10/Dec/2021:08:29:00 +0800] "GET /xingrg/all/function/internal_message.html?_=1639096097446&CODE_STATE=getMsg HTTP/1.1" 302 -
222.70.176.97 - - [10/Dec/2021:08:29:03 +0800] "GET /xingrg/all/function/internal_message.html?_=1639096138481&CODE_STATE=getMsg HTTP/1.1" 302 -
120.253.135.82 - - [10/Dec/2021:08:29:04 +0800] "POST /xingrg/kc/pszx/mdps_list_operate.html HTTP/1.1" 200 1699
120.253.135.82 - - [10/Dec/2021:08:29:06 +0800] "POST /xingrg/kc/pszx/mdps_list_operate.html HTTP/1.1" 200 211
222.70.176.97 - - [10/Dec/2021:08:29:14 +0800] "GET /xingrg/all/function/internal_message.html?_=1639095819586&CODE_STATE=getMsg HTTP/1.1" 302 -
120.253.135.82 - - [10/Dec/2021:08:29:17 +0800] "POST /xingrg/kc/pszx/mdps_list_operate.html HTTP/1.1" 200 1690
120.253.135.82 - - [10/Dec/2021:08:29:19 +0800] "POST /xingrg/kc/pszx/mdps_list_operate.html HTTP/1.1" 200 211
120.253.135.82 - - [10/Dec/2021:08:29:20 +0800] "GET /xingrg/all/function/internal_message.html?_=1639095935896&CODE_STATE=getMsg HTTP/1.1" 200 27
120.253.135.82 - - [10/Dec/2021:08:29:23 +0800] "GET /xingrg/kc/pszx/mdps_order_info.html?code=312021121000261 HTTP/1.1" 200 23931
120.253.135.82 - - [10/Dec/2021:08:29:23 +0800] "GET /xingrg/javascript/easyui/themes/default/validatebox.css HTTP/1.1" 404 1104
120.253.135.82 - - [10/Dec/2021:08:29:23 +0800] "POST /xingrg/kc/pszx/mdps_order_operate.html HTTP/1.1" 200 2286
116.227.210.113 - - [10/Dec/2021:08:29:24 +0800] "GET /xingrg/all/function/internal_message.html?_=1639096161119&CODE_STATE=getMsg HTTP/1.1" 200 27
120.253.135.82 - - [10/Dec/2021:08:29:25 +0800] "GET /xingrg/check_reg.html?_=1639096294624 HTTP/1.1" 200 22
120.253.135.82 - - [10/Dec/2021:08:29:25 +0800] "GET /xingrg/all/function/internal_message.html?_=1639096294994&CODE_STATE=getMsg HTTP/1.1" 200 27
124.77.240.52 - - [10/Dec/2021:08:29:30 +0800] "GET /xingrg/all/function/internal_message.html?_=1639096186054&CODE_STATE=getMsg HTTP/1.1" 200 27
116.238.248.233 - - [10/Dec/2021:08:29:31 +0800] "GET /xingrg/all/function/internal_message.html?_=1639096168536&CODE_STATE=getMsg HTTP/1.1" 200 27
116.227.210.113 - - [10/Dec/2021:08:29:44 +0800] "GET /xingrg/javascript/auto/indicator.gif HTTP/1.1" 404 1066
124.78.153.86 - - [10/Dec/2021:08:29:45 +0800] "GET /xingrg/all/function/internal_message.html?_=1639096189779&CODE_STATE=getMsg HTTP/1.1" 200 27
116.227.210.113 - - [10/Dec/2021:08:29:46 +0800] "GET /xingrg/javascript/jquery_tools/images/prev.gif HTTP/1.1" 404 1086
116.227.210.113 - - [10/Dec/2021:08:29:46 +0800] "GET /xingrg/javascript/jquery_tools/images/next.gif HTTP/1.1" 404 1086
120.253.135.82 - - [10/Dec/2021:08:29:48 +0800] "POST /xingrg/kc/pszx/mdps_order_operate.html HTTP/1.1" 200 37
120.253.135.82 - - [10/Dec/2021:08:29:49 +0800] "GET /xingrg/kc/pszx/mdps_order_info.html?code=312021121000261 HTTP/1.1" 200 23937
116.233.75.93 - - [10/Dec/2021:08:29:49 +0800] "GET /xingrg/all/function/internal_message.html?_=1639096191782&CODE_STATE=getMsg HTTP/1.1" 302 -
116.233.75.93 - - [10/Dec/2021:08:29:49 +0800] "GET /xingrg/login.html HTTP/1.1" 200 7641
120.253.135.82 - - [10/Dec/2021:08:29:50 +0800] "GET /xingrg/javascript/easyui/themes/default/validatebox.css HTTP/1.1" 404 1104
120.253.135.82 - - [10/Dec/2021:08:29:50 +0800] "POST /xingrg/kc/pszx/mdps_order_operate.html HTTP/1.1" 200 2286
180.169.147.146 - - [10/Dec/2021:08:29:50 +0800] "GET /xingrg/all/function/internal_message.html?_=1639096188417&CODE_STATE=getMsg HTTP/1.1" 302 -
116.227.210.113 - - [10/Dec/2021:08:29:51 +0800] "GET /xingrg/kc/buy/cgsh_order_operate.html?command=get_materiel&rest_code=00155&code=00101007072&supplier_code=00100002&order_time=2021-12-10 HTTP/1.1" 200 413
120.253.135.82 - - [10/Dec/2021:08:29:54 +0800] "POST /xingrg/kc/pszx/mdps_list_operate.html HTTP/1.1" 200 1699
116.227.210.113 - - [10/Dec/2021:08:29:59 +0800] "GET /xingrg/kc/buy/cgsh_order_operate.html?command=get_materiel&rest_code=00155&code=00101007032&supplier_code=00100002&order_time=2021-12-10 HTTP/1.1" 200 413
114.85.125.222 - - [10/Dec/2021:08:30:00 +0800] "GET /xingrg/all/function/internal_message.html?_=1639096157452&CODE_STATE=getMsg HTTP/1.1" 302 -
120.253.135.82 - - [10/Dec/2021:08:30:02 +0800] "POST /xingrg/kc/pszx/mdps_list_operate.html HTTP/1.1" 200 1692
222.70.176.97 - - [10/Dec/2021:08:30:03 +0800] "GET /xingrg/all/function/internal_message.html?_=1639096198465&CODE_STATE=getMsg HTTP/1.1" 302 -
120.253.135.82 - - [10/Dec/2021:08:30:04 +0800] "POST /xingrg/kc/pszx/mdps_list_operate.html HTTP/1.1" 200 212
120.253.135.82 - - [10/Dec/2021:08:30:05 +0800] "GET /xingrg/kc/pszx/mdps_order_info.html?code=312021121000260 HTTP/1.1" 200 23931
116.227.210.113 - - [10/Dec/2021:08:30:06 +0800] "GET /xingrg/kc/buy/cgsh_order_operate.html?command=get_materiel&rest_code=00155&code=00101007179&supplier_code=00100002&order_time=2021-12-10 HTTP/1.1" 200 399
120.253.135.82 - - [10/Dec/2021:08:30:06 +0800] "POST /xingrg/kc/pszx/mdps_order_operate.html HTTP/1.1" 200 2288
120.253.135.82 - - [10/Dec/2021:08:30:06 +0800] "GET /xingrg/javascript/easyui/themes/default/validatebox.css HTTP/1.1" 404 1104
124.77.240.52 - - [10/Dec/2021:08:30:12 +0800] "GET /xingrg/check_reg.html?_=1639096227220 HTTP/1.1" 200 22
116.227.210.113 - - [10/Dec/2021:08:30:13 +0800] "POST /xingrg/kc/buy/cgsh_order_operate.html HTTP/1.1" 200 37
222.70.176.97 - - [10/Dec/2021:08:30:14 +0800] "GET /xingrg/all/function/internal_message.html?_=1639095879586&CODE_STATE=getMsg HTTP/1.1" 302 -
116.227.210.113 - - [10/Dec/2021:08:30:14 +0800] "POST /xingrg/kc/buy/cgsh_order_operate.html HTTP/1.1" 200 3842
116.227.210.113 - - [10/Dec/2021:08:30:15 +0800] "GET /xingrg/kc/print/load_config.html?kc_code=cgsh HTTP/1.1" 200 1927
116.227.210.113 - - [10/Dec/2021:08:30:15 +0800] "GET /xingrg/kc/print/load_data.html?order_code=212021121003806&kc_code=cgsh&condition= HTTP/1.1" 200 1206
120.253.135.82 - - [10/Dec/2021:08:30:19 +0800] "GET /xingrg/check_reg.html?_=1639095994572 HTTP/1.1" 200 22
116.227.210.113 - - [10/Dec/2021:08:30:19 +0800] "GET /xingrg/kc/print/load_data.html?order_code=212021121003806&kc_code=cgsh HTTP/1.1" 200 1206
120.253.135.82 - - [10/Dec/2021:08:30:20 +0800] "GET /xingrg/all/function/internal_message.html?_=1639095996046&CODE_STATE=getMsg HTTP/1.1" 200 27
120.253.135.82 - - [10/Dec/2021:08:30:25 +0800] "GET /xingrg/all/function/internal_message.html?_=1639096355007&CODE_STATE=getMsg HTTP/1.1" 200 27
222.70.176.97 - - [10/Dec/2021:08:30:26 +0800] "GET /xingrg/check_reg.html?_=1639096221634 HTTP/1.1" 302 -
120.253.135.82 - - [10/Dec/2021:08:30:27 +0800] "POST /xingrg/kc/pszx/mdps_order_operate.html HTTP/1.1" 200 37
120.253.135.82 - - [10/Dec/2021:08:30:28 +0800] "GET /xingrg/kc/pszx/mdps_order_info.html?code=312021121000260 HTTP/1.1" 200 23937
116.227.210.113 - - [10/Dec/2021:08:30:28 +0800] "GET /xingrg/all/function/internal_message.html?_=1639096224621&CODE_STATE=getMsg HTTP/1.1" 200 27
120.253.135.82 - - [10/Dec/2021:08:30:28 +0800] "GET /xingrg/javascript/easyui/themes/default/validatebox.css HTTP/1.1" 404 1104
120.253.135.82 - - [10/Dec/2021:08:30:28 +0800] "POST /xingrg/kc/pszx/mdps_order_operate.html HTTP/1.1" 200 2288
116.227.210.113 - - [10/Dec/2021:08:30:29 +0800] "GET /xingrg/kc/buy/cgsh_order_add.html HTTP/1.1" 200 64866
116.227.210.113 - - [10/Dec/2021:08:30:29 +0800] "POST /xingrg/kc/buy/cgsh_order_operate.html HTTP/1.1" 200 8245
116.227.210.113 - - [10/Dec/2021:08:30:29 +0800] "GET /xingrg/javascript/easyui/themes/default/validatebox.css HTTP/1.1" 404 1104
124.77.240.52 - - [10/Dec/2021:08:30:30 +0800] "GET /xingrg/all/function/internal_message.html?_=1639096246060&CODE_STATE=getMsg HTTP/1.1" 200 27
116.238.248.233 - - [10/Dec/2021:08:30:31 +0800] "GET /xingrg/all/function/internal_message.html?_=1639096228544&CODE_STATE=getMsg HTTP/1.1" 200 27
120.253.135.82 - - [10/Dec/2021:08:30:33 +0800] "POST /xingrg/kc/pszx/mdps_list_operate.html HTTP/1.1" 200 1701
120.253.135.82 - - [10/Dec/2021:08:30:34 +0800] "POST /xingrg/kc/pszx/mdps_list_operate.html HTTP/1.1" 200 212
120.253.135.82 - - [10/Dec/2021:08:30:36 +0800] "GET /xingrg/kc/pszx/mdps_order_info.html?code=312021121000260 HTTP/1.1" 200 23937
120.253.135.82 - - [10/Dec/2021:08:30:36 +0800] "POST /xingrg/kc/pszx/mdps_order_operate.html HTTP/1.1" 200 2288
120.253.135.82 - - [10/Dec/2021:08:30:36 +0800] "GET /xingrg/javascript/easyui/themes/default/validatebox.css HTTP/1.1" 404 1104
120.253.135.82 - - [10/Dec/2021:08:30:38 +0800] "POST /xingrg/kc/pszx/mdps_list_operate.html HTTP/1.1" 200 1701
124.78.153.86 - - [10/Dec/2021:08:30:45 +0800] "GET /xingrg/all/function/internal_message.html?_=1639096249781&CODE_STATE=getMsg HTTP/1.1" 200 27
124.78.153.86 - - [10/Dec/2021:08:30:45 +0800] "GET /xingrg/check_reg.html?_=1639096249780 HTTP/1.1" 200 22
116.233.75.93 - - [10/Dec/2021:08:30:49 +0800] "GET /xingrg/all/function/internal_message.html?_=1639096251784&CODE_STATE=getMsg HTTP/1.1" 302 -
116.233.75.93 - - [10/Dec/2021:08:30:49 +0800] "GET /xingrg/login.html HTTP/1.1" 200 7641
120.253.135.82 - - [10/Dec/2021:08:30:49 +0800] "POST /xingrg/kc/pszx/mdps_list_operate.html HTTP/1.1" 200 2414
180.169.147.146 - - [10/Dec/2021:08:30:50 +0800] "GET /xingrg/check_reg.html?_=1639096248435 HTTP/1.1" 302 -
180.169.147.146 - - [10/Dec/2021:08:30:50 +0800] "GET /xingrg/all/function/internal_message.html?_=1639096248433&CODE_STATE=getMsg HTTP/1.1" 302 -
120.253.135.82 - - [10/Dec/2021:08:30:52 +0800] "POST /xingrg/kc/pszx/mdps_list_operate.html HTTP/1.1" 200 202
120.253.135.82 - - [10/Dec/2021:08:30:53 +0800] "POST /xingrg/kc/pszx/mdps_list_operate.html HTTP/1.1" 200 211
114.85.125.222 - - [10/Dec/2021:08:31:00 +0800] "GET /xingrg/all/function/internal_message.html?_=1639096217473&CODE_STATE=getMsg HTTP/1.1" 302 -
