222.70.176.97 - - [10/Dec/2021:09:23:14 +0800] "GET /xingrg/all/function/internal_message.html?_=1639099059586&CODE_STATE=getMsg HTTP/1.1" 302 -
222.70.176.97 - - [10/Dec/2021:09:23:14 +0800] "GET /xingrg/check_reg.html?_=1639099059587 HTTP/1.1" 302 -
116.233.75.93 - - [10/Dec/2021:09:23:14 +0800] "GET /xingrg/kc/buy/cgsh_order_operate.html?command=get_materiel&rest_code=00109&code=00101006109&supplier_code=00100015&order_time=2021-12-10 HTTP/1.1" 200 409
120.253.135.82 - - [10/Dec/2021:09:23:14 +0800] "GET /xingrg/check_reg.html?_=1639099524044 HTTP/1.1" 200 22
116.233.75.93 - - [10/Dec/2021:09:23:20 +0800] "GET /xingrg/kc/buy/cgsh_order_operate.html?command=get_materiel&rest_code=00109&code=00101006115&supplier_code=00100015&order_time=2021-12-10 HTTP/1.1" 200 408
116.227.210.113 - - [10/Dec/2021:09:23:24 +0800] "GET /xingrg/check_reg.html?_=1639099401128 HTTP/1.1" 200 22
116.227.210.113 - - [10/Dec/2021:09:23:27 +0800] "GET /xingrg/all/function/internal_message.html?_=1639099403813&CODE_STATE=getMsg HTTP/1.1" 200 27
116.238.248.233 - - [10/Dec/2021:09:23:31 +0800] "GET /xingrg/all/function/internal_message.html?_=1639099408820&CODE_STATE=getMsg HTTP/1.1" 200 27
124.77.240.52 - - [10/Dec/2021:09:23:32 +0800] "GET /xingrg/all/function/internal_message.html?_=1639099428152&CODE_STATE=getMsg HTTP/1.1" 200 27
180.169.147.146 - - [10/Dec/2021:09:23:37 +0800] "GET /xingrg/all/function/internal_message.html?_=1639099414561&CODE_STATE=getMsg HTTP/1.1" 200 27
120.253.135.82 - - [10/Dec/2021:09:23:42 +0800] "GET /xingrg/all/function/internal_message.html?_=1639099197674&CODE_STATE=getMsg HTTP/1.1" 200 27
114.83.222.61 - - [10/Dec/2021:09:23:44 +0800] "GET /xingrg/all/function/internal_message.html?_=1639099422381&CODE_STATE=getMsg HTTP/1.1" 200 27
124.78.153.86 - - [10/Dec/2021:09:23:45 +0800] "GET /xingrg/all/function/internal_message.html?_=1639099429879&CODE_STATE=getMsg HTTP/1.1" 200 27
222.70.176.97 - - [10/Dec/2021:09:23:47 +0800] "GET /xingrg/check_reg.html?_=1639099423218 HTTP/1.1" 200 22
116.233.75.93 - - [10/Dec/2021:09:23:55 +0800] "GET /xingrg/kc/buy/cgsh_order_operate.html?command=get_materiel&rest_code=00109&code=00101006144&supplier_code=00100015&order_time=2021-12-10 HTTP/1.1" 200 409
116.233.75.93 - - [10/Dec/2021:09:23:57 +0800] "GET /xingrg/all/function/internal_message.html?_=1639099439598&CODE_STATE=getMsg HTTP/1.1" 200 27
58.39.139.200 - - [10/Dec/2021:09:24:00 +0800] "GET /xingrg/all/function/internal_message.html?_=1639099375027&CODE_STATE=getMsg HTTP/1.1" 200 27
222.70.176.97 - - [10/Dec/2021:09:24:00 +0800] "GET /xingrg/all/function/internal_message.html?_=1639099435748&CODE_STATE=getMsg HTTP/1.1" 200 27
58.39.139.200 - - [10/Dec/2021:09:24:04 +0800] "GET /xingrg/kc/buy/cgsh_order_operate.html?command=get_materiel&rest_code=00105&code=00101008275&supplier_code=00100203&order_time=2021-12-10 HTTP/1.1" 200 417
116.233.75.93 - - [10/Dec/2021:09:24:05 +0800] "GET /xingrg/kc/buy/cgsh_order_operate.html?command=get_materiel&rest_code=00109&code=00101006221&supplier_code=00100015&order_time=2021-12-10 HTTP/1.1" 200 403
114.85.125.222 - - [10/Dec/2021:09:24:06 +0800] "GET /xingrg/all/function/internal_message.html?_=1639099403785&CODE_STATE=getMsg HTTP/1.1" 200 27
116.233.75.93 - - [10/Dec/2021:09:24:13 +0800] "GET /xingrg/kc/buy/cgsh_order_operate.html?command=get_materiel&rest_code=00109&code=00101006193&supplier_code=00100015&order_time=2021-12-10 HTTP/1.1" 200 409
222.70.176.97 - - [10/Dec/2021:09:24:14 +0800] "GET /xingrg/all/function/internal_message.html?_=1639099119586&CODE_STATE=getMsg HTTP/1.1" 302 -
116.233.75.93 - - [10/Dec/2021:09:24:20 +0800] "GET /xingrg/kc/buy/cgsh_order_operate.html?command=get_materiel&rest_code=00109&code=00101006122&supplier_code=00100015&order_time=2021-12-10 HTTP/1.1" 200 408
116.233.75.93 - - [10/Dec/2021:09:24:25 +0800] "GET /xingrg/kc/buy/cgsh_order_operate.html?command=get_materiel&rest_code=00109&code=00101006057&supplier_code=00100015&order_time=2021-12-10 HTTP/1.1" 200 413
116.227.210.113 - - [10/Dec/2021:09:24:27 +0800] "GET /xingrg/all/function/internal_message.html?_=1639099463804&CODE_STATE=getMsg HTTP/1.1" 200 27
58.39.139.200 - - [10/Dec/2021:09:24:29 +0800] "GET /xingrg/kc/buy/cgsh_order_operate.html?command=get_materiel&rest_code=00105&code=00101008150&supplier_code=00100203&order_time=2021-12-10 HTTP/1.1" 200 409
116.238.248.233 - - [10/Dec/2021:09:24:31 +0800] "GET /xingrg/all/function/internal_message.html?_=1639099468820&CODE_STATE=getMsg HTTP/1.1" 200 27
116.233.75.93 - - [10/Dec/2021:09:24:32 +0800] "GET /xingrg/kc/buy/cgsh_order_operate.html?command=get_materiel&rest_code=00109&code=00101006013&supplier_code=00100015&order_time=2021-12-10 HTTP/1.1" 200 409
124.77.240.52 - - [10/Dec/2021:09:24:32 +0800] "GET /xingrg/all/function/internal_message.html?_=1639099488246&CODE_STATE=getMsg HTTP/1.1" 200 27
180.169.147.146 - - [10/Dec/2021:09:24:37 +0800] "GET /xingrg/all/function/internal_message.html?_=1639099474565&CODE_STATE=getMsg HTTP/1.1" 200 27
120.253.135.82 - - [10/Dec/2021:09:24:42 +0800] "GET /xingrg/all/function/internal_message.html?_=1639099257823&CODE_STATE=getMsg HTTP/1.1" 200 27
114.83.222.61 - - [10/Dec/2021:09:24:44 +0800] "GET /xingrg/all/function/internal_message.html?_=1639099482369&CODE_STATE=getMsg HTTP/1.1" 200 27
58.39.139.200 - - [10/Dec/2021:09:24:45 +0800] "POST /xingrg/kc/buy/cgsh_order_operate.html HTTP/1.1" 200 37
124.78.153.86 - - [10/Dec/2021:09:24:45 +0800] "GET /xingrg/all/function/internal_message.html?_=1639099489878&CODE_STATE=getMsg HTTP/1.1" 200 27
116.233.75.93 - - [10/Dec/2021:09:24:45 +0800] "POST /xingrg/kc/buy/cgsh_order_operate.html HTTP/1.1" 200 88
58.39.139.200 - - [10/Dec/2021:09:24:47 +0800] "POST /xingrg/kc/buy/cgsh_order_operate.html HTTP/1.1" 200 20382
116.233.75.93 - - [10/Dec/2021:09:24:51 +0800] "POST /xingrg/kc/buy/cgsh_order_operate.html HTTP/1.1" 200 37
116.233.75.93 - - [10/Dec/2021:09:24:55 +0800] "POST /xingrg/kc/buy/cgsh_order_operate.html HTTP/1.1" 200 7392
116.233.75.93 - - [10/Dec/2021:09:24:56 +0800] "GET /xingrg/kc/print/load_config.html?kc_code=cgsh HTTP/1.1" 200 1927
116.233.75.93 - - [10/Dec/2021:09:24:56 +0800] "GET /xingrg/kc/print/load_data.html?order_code=212021121003829&kc_code=cgsh&condition= HTTP/1.1" 200 2549
116.233.75.93 - - [10/Dec/2021:09:24:59 +0800] "GET /xingrg/all/function/internal_message.html?_=1639099501782&CODE_STATE=getMsg HTTP/1.1" 200 27
58.39.139.200 - - [10/Dec/2021:09:25:00 +0800] "GET /xingrg/all/function/internal_message.html?_=1639099435024&CODE_STATE=getMsg HTTP/1.1" 200 27
222.70.176.97 - - [10/Dec/2021:09:25:00 +0800] "GET /xingrg/all/function/internal_message.html?_=1639099495733&CODE_STATE=getMsg HTTP/1.1" 200 27
114.85.125.222 - - [10/Dec/2021:09:25:06 +0800] "GET /xingrg/all/function/internal_message.html?_=1639099463809&CODE_STATE=getMsg HTTP/1.1" 200 27
124.77.240.52 - - [10/Dec/2021:09:25:11 +0800] "GET /xingrg/check_reg.html?_=1639099527278 HTTP/1.1" 200 22
222.70.176.97 - - [10/Dec/2021:09:25:14 +0800] "GET /xingrg/all/function/internal_message.html?_=1639099179587&CODE_STATE=getMsg HTTP/1.1" 302 -
58.37.8.98 - - [10/Dec/2021:09:25:16 +0800] "GET /xingrg/kc/buy/buy_main.html HTTP/1.1" 302 -
58.37.8.98 - - [10/Dec/2021:09:25:16 +0800] "GET /xingrg/login.html HTTP/1.1" 200 7641
58.37.8.98 - - [10/Dec/2021:09:25:16 +0800] "GET /xingrg/login.html HTTP/1.1" 200 7641
58.37.8.98 - - [10/Dec/2021:09:25:16 +0800] "GET /favicon.ico HTTP/1.1" 404 -
116.227.210.113 - - [10/Dec/2021:09:25:27 +0800] "GET /xingrg/all/function/internal_message.html?_=1639099523784&CODE_STATE=getMsg HTTP/1.1" 200 27
58.37.8.98 - - [10/Dec/2021:09:25:29 +0800] "POST /xingrg/login.do HTTP/1.1" 302 -
58.37.8.98 - - [10/Dec/2021:09:25:30 +0800] "GET /xingrg/index.html?sysBaseUrl=http%3A%2F%2F180.169.147.146%3A18081%2Fxingrg%2F&costTime=42×tamp=1639099529986 HTTP/1.1" 200 17179
58.37.8.98 - - [10/Dec/2021:09:25:30 +0800] "POST /xingrg/all/common/load_tree.html?tree=area_rest_tree_json&manage=1 HTTP/1.1" 200 351
58.37.8.98 - - [10/Dec/2021:09:25:30 +0800] "GET /xingrg/check_reg.html?_=1639099345401 HTTP/1.1" 200 22
58.37.8.98 - - [10/Dec/2021:09:25:30 +0800] "GET /xingrg/all/function/internal_message.html?_=1639099345400&CODE_STATE=count HTTP/1.1" 200 11
58.37.8.98 - - [10/Dec/2021:09:25:30 +0800] "POST /xingrg/load_menu.html HTTP/1.1" 200 5138
58.37.8.98 - - [10/Dec/2021:09:25:30 +0800] "GET /favicon.ico HTTP/1.1" 404 -
116.238.248.233 - - [10/Dec/2021:09:25:31 +0800] "GET /xingrg/all/function/internal_message.html?_=1639099528827&CODE_STATE=getMsg HTTP/1.1" 200 27
124.77.240.52 - - [10/Dec/2021:09:25:32 +0800] "GET /xingrg/all/function/internal_message.html?_=1639099548258&CODE_STATE=getMsg HTTP/1.1" 200 27
180.169.147.146 - - [10/Dec/2021:09:25:37 +0800] "GET /xingrg/all/function/internal_message.html?_=1639099534558&CODE_STATE=getMsg HTTP/1.1" 200 27
180.169.147.146 - - [10/Dec/2021:09:25:37 +0800] "GET /xingrg/check_reg.html?_=1639099534598 HTTP/1.1" 200 22
120.253.135.82 - - [10/Dec/2021:09:25:41 +0800] "GET /xingrg/check_reg.html?_=1639099316812 HTTP/1.1" 200 22
120.253.135.82 - - [10/Dec/2021:09:25:42 +0800] "GET /xingrg/all/function/internal_message.html?_=1639099317880&CODE_STATE=getMsg HTTP/1.1" 200 27
114.83.222.61 - - [10/Dec/2021:09:25:44 +0800] "GET /xingrg/all/function/internal_message.html?_=1639099542354&CODE_STATE=getMsg HTTP/1.1" 200 27
114.83.222.61 - - [10/Dec/2021:09:25:45 +0800] "GET /xingrg/check_reg.html?_=1639099542736 HTTP/1.1" 200 22
124.78.153.86 - - [10/Dec/2021:09:25:45 +0800] "GET /xingrg/all/function/internal_message.html?_=1639099549879&CODE_STATE=getMsg HTTP/1.1" 200 27
124.78.153.86 - - [10/Dec/2021:09:25:45 +0800] "GET /xingrg/check_reg.html?_=1639099549878 HTTP/1.1" 200 22
116.233.75.93 - - [10/Dec/2021:09:25:57 +0800] "GET /xingrg/all/function/internal_message.html?_=1639099559908&CODE_STATE=getMsg HTTP/1.1" 200 27
58.39.139.200 - - [10/Dec/2021:09:26:00 +0800] "GET /xingrg/all/function/internal_message.html?_=1639099495024&CODE_STATE=getMsg HTTP/1.1" 200 27
58.39.139.200 - - [10/Dec/2021:09:26:00 +0800] "GET /xingrg/check_reg.html?_=1639099495028 HTTP/1.1" 200 22
222.70.176.97 - - [10/Dec/2021:09:26:00 +0800] "GET /xingrg/all/function/internal_message.html?_=1639099555747&CODE_STATE=getMsg HTTP/1.1" 200 27
114.85.125.222 - - [10/Dec/2021:09:26:06 +0800] "GET /xingrg/all/function/internal_message.html?_=1639099523812&CODE_STATE=getMsg HTTP/1.1" 200 27
222.70.176.97 - - [10/Dec/2021:09:26:14 +0800] "GET /xingrg/all/function/internal_message.html?_=1639099239586&CODE_STATE=getMsg HTTP/1.1" 302 -
116.227.210.113 - - [10/Dec/2021:09:26:27 +0800] "GET /xingrg/all/function/internal_message.html?_=1639099583757&CODE_STATE=getMsg HTTP/1.1" 200 27
58.37.8.98 - - [10/Dec/2021:09:26:30 +0800] "GET /xingrg/all/function/internal_message.html?_=1639099405409&CODE_STATE=getMsg HTTP/1.1" 200 27
116.238.248.233 - - [10/Dec/2021:09:26:31 +0800] "GET /xingrg/all/function/internal_message.html?_=1639099588839&CODE_STATE=getMsg HTTP/1.1" 200 27
116.238.248.233 - - [10/Dec/2021:09:26:31 +0800] "GET /xingrg/check_reg.html?_=1639099588833 HTTP/1.1" 200 22
124.77.240.52 - - [10/Dec/2021:09:26:32 +0800] "GET /xingrg/all/function/internal_message.html?_=1639099608271&CODE_STATE=getMsg HTTP/1.1" 200 27
114.83.222.61 - - [10/Dec/2021:09:26:35 +0800] "GET /xingrg/javascript/jquery_easy_ui/themes/default/images/tabs_active.png HTTP/1.1" 200 2894
180.169.147.146 - - [10/Dec/2021:09:26:37 +0800] "GET /xingrg/all/function/internal_message.html?_=1639099594554&CODE_STATE=getMsg HTTP/1.1" 200 27
114.83.222.61 - - [10/Dec/2021:09:26:40 +0800] "GET /xingrg/kc/buy/cgsh_order_list.html HTTP/1.1" 200 49238
114.83.222.61 - - [10/Dec/2021:09:26:41 +0800] "POST /xingrg/kc/buy/cgsh_list_operate.html HTTP/1.1" 200 876
120.253.135.82 - - [10/Dec/2021:09:26:42 +0800] "GET /xingrg/all/function/internal_message.html?_=1639099377886&CODE_STATE=getMsg HTTP/1.1" 200 27
114.83.222.61 - - [10/Dec/2021:09:26:44 +0800] "GET /xingrg/all/function/internal_message.html?_=1639099602341&CODE_STATE=getMsg HTTP/1.1" 200 27
124.78.153.86 - - [10/Dec/2021:09:26:45 +0800] "GET /xingrg/all/function/internal_message.html?_=1639099609877&CODE_STATE=getMsg HTTP/1.1" 200 27
116.233.75.93 - - [10/Dec/2021:09:26:57 +0800] "GET /xingrg/all/function/internal_message.html?_=1639099619926&CODE_STATE=getMsg HTTP/1.1" 200 27
116.233.75.93 - - [10/Dec/2021:09:26:57 +0800] "GET /xingrg/check_reg.html?_=1639099619928 HTTP/1.1" 200 22
58.39.139.200 - - [10/Dec/2021:09:27:00 +0800] "GET /xingrg/all/function/internal_message.html?_=1639099555028&CODE_STATE=getMsg HTTP/1.1" 200 27
222.70.176.97 - - [10/Dec/2021:09:27:00 +0800] "GET /xingrg/all/function/internal_message.html?_=1639099615730&CODE_STATE=getMsg HTTP/1.1" 200 27
114.85.125.222 - - [10/Dec/2021:09:27:06 +0800] "GET /xingrg/check_reg.html?_=1639099583711 HTTP/1.1" 200 22
114.85.125.222 - - [10/Dec/2021:09:27:06 +0800] "GET /xingrg/all/function/internal_message.html?_=1639099583826&CODE_STATE=getMsg HTTP/1.1" 200 27
114.83.222.61 - - [10/Dec/2021:09:27:07 +0800] "GET /xingrg/kc/buy/cgsh_order_add.html HTTP/1.1" 200 65055
114.83.222.61 - - [10/Dec/2021:09:27:07 +0800] "POST /xingrg/kc/buy/cgsh_order_operate.html HTTP/1.1" 200 8245
114.83.222.61 - - [10/Dec/2021:09:27:07 +0800] "GET /xingrg/javascript/easyui/themes/default/validatebox.css HTTP/1.1" 404 1104
114.83.222.61 - - [10/Dec/2021:09:27:09 +0800] "GET /xingrg/javascript/auto/indicator.gif HTTP/1.1" 404 1066
114.83.222.61 - - [10/Dec/2021:09:27:10 +0800] "GET /xingrg/javascript/jquery_tools/images/prev.gif HTTP/1.1" 404 1086
114.83.222.61 - - [10/Dec/2021:09:27:10 +0800] "GET /xingrg/javascript/jquery_tools/images/next.gif HTTP/1.1" 404 1086
222.70.176.97 - - [10/Dec/2021:09:27:14 +0800] "GET /xingrg/all/function/internal_message.html?_=1639099299587&CODE_STATE=getMsg HTTP/1.1" 302 -
114.83.222.61 - - [10/Dec/2021:09:27:16 +0800] "GET /xingrg/kc/buy/cgsh_order_operate.html?command=get_materiel&rest_code=00149&code=00101004067&supplier_code=00100083&order_time=2021-12-10 HTTP/1.1" 200 413
58.37.8.98 - - [10/Dec/2021:09:27:22 +0800] "GET /xingrg/kc/buy/buy_main.html HTTP/1.1" 200 12412
58.37.8.98 - - [10/Dec/2021:09:27:22 +0800] "GET /xingrg/css/new_ie.css HTTP/1.1" 404 1036
58.37.8.98 - - [10/Dec/2021:09:27:22 +0800] "GET /xingrg/images/yd/bt.gif HTTP/1.1" 404 1040
58.37.8.98 - - [10/Dec/2021:09:27:23 +0800] "GET /xingrg/kc/buy/cgsh_order_list.html HTTP/1.1" 200 49238
58.37.8.98 - - [10/Dec/2021:09:27:24 +0800] "POST /xingrg/kc/buy/cgsh_list_operate.html HTTP/1.1" 200 876
58.37.8.98 - - [10/Dec/2021:09:27:26 +0800] "GET /xingrg/kc/buy/cgsh_order_add.html HTTP/1.1" 200 65008
58.37.8.98 - - [10/Dec/2021:09:27:26 +0800] "GET /xingrg/words/20211209162503_words.js HTTP/1.1" 304 -
58.37.8.98 - - [10/Dec/2021:09:27:26 +0800] "POST /xingrg/kc/buy/cgsh_order_operate.html HTTP/1.1" 200 8245
114.83.222.61 - - [10/Dec/2021:09:27:27 +0800] "GET /xingrg/kc/buy/cgsh_order_operate.html?command=get_materiel&rest_code=00149&code=00101004074&supplier_code=00100083&order_time=2021-12-10 HTTP/1.1" 200 406
58.37.8.98 - - [10/Dec/2021:09:27:27 +0800] "GET /xingrg/javascript/easyui/themes/default/validatebox.css HTTP/1.1" 404 1104
58.37.8.98 - - [10/Dec/2021:09:27:27 +0800] "GET /xingrg/all/common/auto_word.html?type=employee&rest_code=00141 HTTP/1.1" 200 201
58.37.8.98 - - [10/Dec/2021:09:27:27 +0800] "GET /xingrg/all/common/auto_word.html?type=employee&rest_code=00141 HTTP/1.1" 200 201
116.227.210.113 - - [10/Dec/2021:09:27:27 +0800] "GET /xingrg/all/function/internal_message.html?_=1639099643749&CODE_STATE=getMsg HTTP/1.1" 200 27
58.37.8.98 - - [10/Dec/2021:09:27:28 +0800] "GET /xingrg/javascript/auto/indicator.gif HTTP/1.1" 404 1066
116.233.75.93 - - [10/Dec/2021:09:27:28 +0800] "POST /xingrg/kc/buy/cgsh_list_operate.html HTTP/1.1" 200 3093
58.37.8.98 - - [10/Dec/2021:09:27:30 +0800] "GET /xingrg/all/function/internal_message.html?_=1639099465423&CODE_STATE=getMsg HTTP/1.1" 200 27
116.233.75.93 - - [10/Dec/2021:09:27:30 +0800] "POST /xingrg/kc/buy/cgsh_list_operate.html HTTP/1.1" 200 564
116.233.75.93 - - [10/Dec/2021:09:27:31 +0800] "GET /xingrg/kc/buy/cgsh_order_info.html?code=212021121003825 HTTP/1.1" 200 65052
116.233.75.93 - - [10/Dec/2021:09:27:31 +0800] "GET /xingrg/all/common/auto_word.html?type=employee&rest_code=00109 HTTP/1.1" 200 255
116.233.75.93 - - [10/Dec/2021:09:27:31 +0800] "GET /xingrg/javascript/easyui/themes/default/validatebox.css HTTP/1.1" 404 1104
116.233.75.93 - - [10/Dec/2021:09:27:31 +0800] "GET /xingrg/all/common/auto_word.html?type=employee&rest_code=00109 HTTP/1.1" 200 255
116.238.248.233 - - [10/Dec/2021:09:27:31 +0800] "GET /xingrg/all/function/internal_message.html?_=1639099648838&CODE_STATE=getMsg HTTP/1.1" 200 27
116.233.75.93 - - [10/Dec/2021:09:27:32 +0800] "POST /xingrg/kc/buy/cgsh_order_operate.html HTTP/1.1" 200 39966
124.77.240.52 - - [10/Dec/2021:09:27:33 +0800] "GET /xingrg/all/function/internal_message.html?_=1639099668369&CODE_STATE=getMsg HTTP/1.1" 200 27
58.37.8.98 - - [10/Dec/2021:09:27:35 +0800] "GET /xingrg/javascript/jquery_tools/images/next.gif HTTP/1.1" 404 1086
58.37.8.98 - - [10/Dec/2021:09:27:35 +0800] "GET /xingrg/javascript/jquery_tools/images/prev.gif HTTP/1.1" 404 1086
114.83.222.61 - - [10/Dec/2021:09:27:35 +0800] "GET /xingrg/kc/buy/cgsh_order_operate.html?command=get_materiel&rest_code=00149&code=00101004051&supplier_code=00100083&order_time=2021-12-10 HTTP/1.1" 200 409
180.169.147.146 - - [10/Dec/2021:09:27:37 +0800] "GET /xingrg/all/function/internal_message.html?_=1639099654542&CODE_STATE=getMsg HTTP/1.1" 200 27
120.253.135.82 - - [10/Dec/2021:09:27:42 +0800] "GET /xingrg/all/function/internal_message.html?_=1639099437900&CODE_STATE=getMsg HTTP/1.1" 200 27
114.83.222.61 - - [10/Dec/2021:09:27:42 +0800] "GET /xingrg/kc/buy/cgsh_order_operate.html?command=get_materiel&rest_code=00149&code=00101004065&supplier_code=00100083&order_time=2021-12-10 HTTP/1.1" 200 435
58.37.8.98 - - [10/Dec/2021:09:27:44 +0800] "GET /xingrg/kc/buy/cgsh_order_operate.html?command=get_materiel&rest_code=00141&code=00101007061&supplier_code=00100004&order_time=2021-12-10 HTTP/1.1" 200 409
114.83.222.61 - - [10/Dec/2021:09:27:44 +0800] "GET /xingrg/all/function/internal_message.html?_=1639099662329&CODE_STATE=getMsg HTTP/1.1" 200 27
124.78.153.86 - - [10/Dec/2021:09:27:45 +0800] "GET /xingrg/all/function/internal_message.html?_=1639099669876&CODE_STATE=getMsg HTTP/1.1" 200 27
172.20.0.100 - - [10/Dec/2021:09:27:52 +0800] "GET /xingrg/check_reg.html?_=1639099669661 HTTP/1.1" 302 -
114.83.222.61 - - [10/Dec/2021:09:27:52 +0800] "POST /xingrg/kc/buy/cgsh_order_operate.html HTTP/1.1" 200 37
116.233.75.93 - - [10/Dec/2021:09:27:57 +0800] "GET /xingrg/all/function/internal_message.html?_=1639099679609&CODE_STATE=getMsg HTTP/1.1" 200 27
180.169.147.146 - - [10/Dec/2021:09:27:58 +0800] "GET /xingrg/kc/report/report_main.html HTTP/1.1" 302 -
58.35.215.131 - - [10/Dec/2021:09:27:58 +0800] "GET /xingrg/check_reg.html?_=1639099675728 HTTP/1.1" 302 -
180.169.147.146 - - [10/Dec/2021:09:27:58 +0800] "GET /xingrg/login.html HTTP/1.1" 200 7641
180.169.147.146 - - [10/Dec/2021:09:27:59 +0800] "GET /xingrg/login.html HTTP/1.1" 200 7641
58.221.95.50 - - [10/Dec/2021:09:27:59 +0800] "GET /xingrg/check_reg.html?_=1639099677554 HTTP/1.1" 302 -
114.83.222.61 - - [10/Dec/2021:09:27:59 +0800] "POST /xingrg/kc/buy/cgsh_order_operate.html HTTP/1.1" 200 12
180.169.147.146 - - [10/Dec/2021:09:28:00 +0800] "GET /favicon.ico HTTP/1.1" 404 -
58.39.139.200 - - [10/Dec/2021:09:28:00 +0800] "GET /xingrg/all/function/internal_message.html?_=1639099615026&CODE_STATE=getMsg HTTP/1.1" 200 27
222.70.176.97 - - [10/Dec/2021:09:28:00 +0800] "GET /xingrg/all/function/internal_message.html?_=1639099675716&CODE_STATE=getMsg HTTP/1.1" 200 27
180.169.147.146 - - [10/Dec/2021:09:28:00 +0800] "POST /xingrg/login.do HTTP/1.1" 302 -
180.169.147.146 - - [10/Dec/2021:09:28:00 +0800] "GET /xingrg/index.html?sysBaseUrl=http%3A%2F%2F180.169.147.146%3A18081%2Fxingrg%2F&costTime=41×tamp=1639099680823 HTTP/1.1" 200 17179
180.169.147.146 - - [10/Dec/2021:09:28:01 +0800] "GET /favicon.ico HTTP/1.1" 404 -
180.169.147.146 - - [10/Dec/2021:09:28:01 +0800] "POST /xingrg/all/common/load_tree.html?tree=area_rest_tree_json&manage=1 HTTP/1.1" 200 351
180.169.147.146 - - [10/Dec/2021:09:28:01 +0800] "GET /xingrg/check_reg.html?_=1639099670648 HTTP/1.1" 200 22
180.169.147.146 - - [10/Dec/2021:09:28:01 +0800] "GET /xingrg/all/function/internal_message.html?_=1639099670644&CODE_STATE=count HTTP/1.1" 200 11
180.169.147.146 - - [10/Dec/2021:09:28:01 +0800] "POST /xingrg/load_menu.html HTTP/1.1" 200 5138
114.83.222.61 - - [10/Dec/2021:09:28:01 +0800] "GET /xingrg/kc/buy/cgsh_order_info.html?code=212021121003830 HTTP/1.1" 200 59962
114.83.222.61 - - [10/Dec/2021:09:28:01 +0800] "GET /xingrg/javascript/easyui/themes/default/validatebox.css HTTP/1.1" 404 1104
114.83.222.61 - - [10/Dec/2021:09:28:02 +0800] "POST /xingrg/kc/buy/cgsh_order_operate.html HTTP/1.1" 200 2387
180.169.147.146 - - [10/Dec/2021:09:28:02 +0800] "GET /xingrg/kc/report/report_main.html HTTP/1.1" 200 7340
180.169.147.146 - - [10/Dec/2021:09:28:02 +0800] "GET /xingrg/kc/base/base_main.html HTTP/1.1" 200 12142
180.169.147.146 - - [10/Dec/2021:09:28:03 +0800] "GET /xingrg/kc/report/report_main.html HTTP/1.1" 200 7340
114.83.222.61 - - [10/Dec/2021:09:28:04 +0800] "GET /xingrg/kc/print/load_data.html?order_code=212021121003830&kc_code=cgsh&condition= HTTP/1.1" 200 1403
180.169.147.146 - - [10/Dec/2021:09:28:06 +0800] "GET /xingrg/all/report/report_query.html?fileName=kc/buy/gys_amount_base.xml&rh=99999 HTTP/1.1" 200 51871
180.169.147.146 - - [10/Dec/2021:09:28:06 +0800] "GET /xingrg/dwr/engine.js HTTP/1.1" 200 43631
180.169.147.146 - - [10/Dec/2021:09:28:06 +0800] "GET /xingrg/dwr/interface/AjaxReportQueryService.js HTTP/1.1" 200 13203
180.169.147.146 - - [10/Dec/2021:09:28:06 +0800] "GET /xingrg/dwr/util.js HTTP/1.1" 200 35990
180.169.147.146 - - [10/Dec/2021:09:28:06 +0800] "POST /xingrg/dwr/call/plaincall/AjaxReportQueryService.getFixDate.dwr HTTP/1.1" 200 111
180.169.147.146 - - [10/Dec/2021:09:28:06 +0800] "POST /xingrg/dwr/call/plaincall/AjaxReportQueryService.getInitString.dwr HTTP/1.1" 200 1056
114.85.125.222 - - [10/Dec/2021:09:28:06 +0800] "GET /xingrg/all/function/internal_message.html?_=1639099643839&CODE_STATE=getMsg HTTP/1.1" 200 27
180.169.147.146 - - [10/Dec/2021:09:28:06 +0800] "POST /xingrg/all/common/load_tree.html?tree=supplier_tree_json&manage=1 HTTP/1.1" 200 62260
180.169.147.146 - - [10/Dec/2021:09:28:07 +0800] "POST /xingrg/all/common/load_tree.html?tree=materiel_sort_tree_json HTTP/1.1" 200 9388
114.83.222.61 - - [10/Dec/2021:09:28:08 +0800] "GET /xingrg/kc/buy/cgsh_order_add.html HTTP/1.1" 200 65055
114.83.222.61 - - [10/Dec/2021:09:28:08 +0800] "POST /xingrg/kc/buy/cgsh_order_operate.html HTTP/1.1" 200 8245
114.83.222.61 - - [10/Dec/2021:09:28:08 +0800] "GET /xingrg/javascript/easyui/themes/default/validatebox.css HTTP/1.1" 404 1104
180.157.253.6 - - [10/Dec/2021:09:28:13 +0800] "GET /xingrg/check_reg.html?_=1639099692956 HTTP/1.1" 302 -
222.70.176.97 - - [10/Dec/2021:09:28:14 +0800] "GET /xingrg/all/function/internal_message.html?_=1639099359586&CODE_STATE=getMsg HTTP/1.1" 302 -
222.70.176.97 - - [10/Dec/2021:09:28:14 +0800] "GET /xingrg/check_reg.html?_=1639099359588 HTTP/1.1" 302 -
120.253.135.82 - - [10/Dec/2021:09:28:14 +0800] "GET /xingrg/check_reg.html?_=1639099824054 HTTP/1.1" 200 22
180.169.147.146 - - [10/Dec/2021:09:28:18 +0800] "POST /xingrg/dwr/call/plaincall/AjaxReportQueryService.refreshCache.dwr HTTP/1.1" 200 78
116.233.75.93 - - [10/Dec/2021:09:28:18 +0800] "GET /xingrg/kc/buy/cgsh_order_operate.html?command=get_materiel&rest_code=00109&code=00101008244&supplier_code=00100005&order_time=2021-12-10 HTTP/1.1" 200 408
180.169.147.146 - - [10/Dec/2021:09:28:19 +0800] "POST /xingrg/all/report/load_report_page.html HTTP/1.1" 200 18239
180.169.147.146 - - [10/Dec/2021:09:28:19 +0800] "GET /xingrg/servlets/image?cache=0.3904430396557108&image=px HTTP/1.1" 200 807
116.227.210.113 - - [10/Dec/2021:09:28:24 +0800] "GET /xingrg/check_reg.html?_=1639099701113 HTTP/1.1" 200 22
180.169.147.146 - - [10/Dec/2021:09:28:25 +0800] "GET /xingrg/all/report/report_query.html?isQuery=1&fileName=kc/buy/wlcg_cate_hz.xml&queryString=(CONVERT(char(10)%2Ca.order_time%2C%20120)%3E%3D'2021-11-01')%20and%20(CONVERT(char(10)%2Ca.order_time%2C%20120)%3C%3D'2021-12-31')%20and%20(a.base_code%20in%20('0010347'))%20and%20(a.supplier_code%3D'00100089')%20and%20(a.base_code%3D'0010347')&queryText=%E3%80%90%E9%87%87%E8%B4%AD%E6%97%A5%E6%9C%9F%3A2021-11-01%20%E8%87%B3%202021-12-31%E3%80%91%20%E5%B9%B6%E4%B8%94%20%20%E3%80%90%E6%9F%A5%E8%AF%A2%E4%BB%93%E5%BA%93%20%3D%20%E5%88%BA%E8%BA%AB%E3%80%91%20%E5%B9%B6%E4%B8%94%20%E3%80%90%E4%BE%9B%E5%BA%94%E5%95%86%3D%E4%B8%89%E6%96%87%E9%B1%BC%EF%BC%88%E7%8E%8B%E7%A7%80%E7%BA%A2%EF%BC%89%E3%80%91%E5%B9%B6%E4%B8%94%E3%80%90%E4%BB%93%E5%BA%93%E5%90%8D%E7%A7%B0%20%3D%20%E5%88%BA%E8%BA%AB%E3%80%91&rand=0.6235771634060228 HTTP/1.1" 200 54522
180.169.147.146 - - [10/Dec/2021:09:28:25 +0800] "GET /xingrg/all/report/report_query.html?isQuery=1&fileName=kc/buy/wlcg_cate_hz.xml&queryString=(CONVERT(char(10)%2Ca.order_time%2C%20120)%3E%3D'2021-11-01')%20and%20(CONVERT(char(10)%2Ca.order_time%2C%20120)%3C%3D'2021-12-31')%20and%20(a.base_code%20in%20('0010347'))%20and%20(a.supplier_code%3D'00100089')%20and%20(a.base_code%3D'0010347')&queryText=%E3%80%90%E9%87%87%E8%B4%AD%E6%97%A5%E6%9C%9F%3A2021-11-01%20%E8%87%B3%202021-12-31%E3%80%91%20%E5%B9%B6%E4%B8%94%20%20%E3%80%90%E6%9F%A5%E8%AF%A2%E4%BB%93%E5%BA%93%20%3D%20%E5%88%BA%E8%BA%AB%E3%80%91%20%E5%B9%B6%E4%B8%94%20%E3%80%90%E4%BE%9B%E5%BA%94%E5%95%86%3D%E4%B8%89%E6%96%87%E9%B1%BC%EF%BC%88%E7%8E%8B%E7%A7%80%E7%BA%A2%EF%BC%89%E3%80%91%E5%B9%B6%E4%B8%94%E3%80%90%E4%BB%93%E5%BA%93%E5%90%8D%E7%A7%B0%20%3D%20%E5%88%BA%E8%BA%AB%E3%80%91&rand=0.6235771634060228 HTTP/1.1" 200 54522
180.169.147.146 - - [10/Dec/2021:09:28:25 +0800] "GET /xingrg/dwr/interface/AjaxReportQueryService.js HTTP/1.1" 200 13203
180.169.147.146 - - [10/Dec/2021:09:28:25 +0800] "GET /xingrg/dwr/engine.js HTTP/1.1" 200 43631
180.169.147.146 - - [10/Dec/2021:09:28:26 +0800] "POST /xingrg/all/report/load_report_page.html HTTP/1.1" 200 8712
180.169.147.146 - - [10/Dec/2021:09:28:26 +0800] "GET /xingrg/servlets/image?cache=0.8385351065640623&image=px HTTP/1.1" 200 807
116.227.210.113 - - [10/Dec/2021:09:28:27 +0800] "GET /xingrg/all/function/internal_message.html?_=1639099703735&CODE_STATE=getMsg HTTP/1.1" 200 27
180.169.147.146 - - [10/Dec/2021:09:28:29 +0800] "POST /xingrg/all/report/load_report_page.html HTTP/1.1" 200 13039
180.169.147.146 - - [10/Dec/2021:09:28:29 +0800] "GET /xingrg/servlets/image?cache=0.6643069667027478&image=px HTTP/1.1" 200 807
58.37.8.98 - - [10/Dec/2021:09:28:30 +0800] "GET /xingrg/all/function/internal_message.html?_=1639099525420&CODE_STATE=getMsg HTTP/1.1" 200 27
116.238.248.233 - - [10/Dec/2021:09:28:31 +0800] "GET /xingrg/all/function/internal_message.html?_=1639099708842&CODE_STATE=getMsg HTTP/1.1" 200 27
124.77.240.52 - - [10/Dec/2021:09:28:33 +0800] "GET /xingrg/all/function/internal_message.html?_=1639099728377&CODE_STATE=getMsg HTTP/1.1" 200 27
116.233.75.93 - - [10/Dec/2021:09:28:35 +0800] "POST /xingrg/kc/buy/cgsh_order_operate.html HTTP/1.1" 200 37
114.83.222.61 - - [10/Dec/2021:09:28:35 +0800] "GET /xingrg/kc/buy/cgsh_order_operate.html?command=get_materiel&rest_code=00149&code=00101009109&supplier_code=00100201&order_time=2021-12-10 HTTP/1.1" 200 399
114.83.222.61 - - [10/Dec/2021:09:28:36 +0800] "POST /xingrg/services/DataTransmitService HTTP/1.1" 401 565
114.83.222.61 - - [10/Dec/2021:09:28:36 +0800] "POST /xingrg/services/DataTransmitService HTTP/1.1" 200 478
114.83.222.61 - - [10/Dec/2021:09:28:36 +0800] "POST /xingrg/services/DataTransmitService HTTP/1.1" 200 1320
114.83.222.61 - - [10/Dec/2021:09:28:36 +0800] "POST /xingrg/services/DataTransmitService HTTP/1.1" 200 478
114.83.222.61 - - [10/Dec/2021:09:28:36 +0800] "POST /xingrg/services/DataTransmitService HTTP/1.1" 200 1320
114.83.222.61 - - [10/Dec/2021:09:28:36 +0800] "POST /xingrg/services/DataTransmitService HTTP/1.1" 200 524
114.83.222.61 - - [10/Dec/2021:09:28:36 +0800] "POST /xingrg/services/DataTransmitService HTTP/1.1" 200 1983
180.169.147.146 - - [10/Dec/2021:09:28:37 +0800] "GET /xingrg/all/function/internal_message.html?_=1639099714553&CODE_STATE=getMsg HTTP/1.1" 200 27
114.83.222.61 - - [10/Dec/2021:09:28:37 +0800] "POST /xingrg/services/DataTransmitService HTTP/1.1" 200 45454
114.83.222.61 - - [10/Dec/2021:09:28:37 +0800] "POST /xingrg/services/DataTransmitService HTTP/1.1" 200 19237
116.233.75.93 - - [10/Dec/2021:09:28:37 +0800] "POST /xingrg/kc/buy/cgsh_order_operate.html HTTP/1.1" 200 40554
116.233.75.93 - - [10/Dec/2021:09:28:39 +0800] "GET /xingrg/kc/print/load_config.html?kc_code=cgsh HTTP/1.1" 200 1927
116.233.75.93 - - [10/Dec/2021:09:28:40 +0800] "GET /xingrg/kc/print/load_data.html?order_code=212021121003825&kc_code=cgsh&condition= HTTP/1.1" 200 15058
114.83.222.61 - - [10/Dec/2021:09:28:40 +0800] "POST /xingrg/services/DataTransmitService HTTP/1.1" 200 524
114.83.222.61 - - [10/Dec/2021:09:28:41 +0800] "POST /xingrg/services/DataTransmitService HTTP/1.1" 200 1983
120.253.135.82 - - [10/Dec/2021:09:28:42 +0800] "GET /xingrg/all/function/internal_message.html?_=1639099497973&CODE_STATE=getMsg HTTP/1.1" 200 27
114.83.222.61 - - [10/Dec/2021:09:28:44 +0800] "GET /xingrg/all/function/internal_message.html?_=1639099722313&CODE_STATE=getMsg HTTP/1.1" 200 27
124.78.153.86 - - [10/Dec/2021:09:28:45 +0800] "GET /xingrg/all/function/internal_message.html?_=1639099729876&CODE_STATE=getMsg HTTP/1.1" 200 27
114.83.222.61 - - [10/Dec/2021:09:28:47 +0800] "GET /xingrg/kc/buy/cgsh_order_operate.html?command=get_materiel&rest_code=00149&code=00101009011&supplier_code=00100201&order_time=2021-12-10 HTTP/1.1" 200 416
222.70.176.97 - - [10/Dec/2021:09:28:47 +0800] "GET /xingrg/check_reg.html?_=1639099723189 HTTP/1.1" 200 22
180.169.147.146 - - [10/Dec/2021:09:28:50 +0800] "GET /xingrg/all/report/report_query.html?fileName=kc/buy/gys_amount_base.xml&rh=99999 HTTP/1.1" 200 51871
180.169.147.146 - - [10/Dec/2021:09:28:50 +0800] "GET /xingrg/dwr/interface/AjaxReportQueryService.js HTTP/1.1" 200 13203
180.169.147.146 - - [10/Dec/2021:09:28:50 +0800] "GET /xingrg/dwr/engine.js HTTP/1.1" 200 43631
180.169.147.146 - - [10/Dec/2021:09:28:51 +0800] "POST /xingrg/dwr/call/plaincall/AjaxReportQueryService.getFixDate.dwr HTTP/1.1" 200 111
180.169.147.146 - - [10/Dec/2021:09:28:51 +0800] "POST /xingrg/dwr/call/plaincall/AjaxReportQueryService.getInitString.dwr HTTP/1.1" 200 1056
180.169.147.146 - - [10/Dec/2021:09:28:51 +0800] "POST /xingrg/all/common/load_tree.html?tree=supplier_tree_json&manage=1 HTTP/1.1" 200 62260
180.169.147.146 - - [10/Dec/2021:09:28:52 +0800] "POST /xingrg/all/common/load_tree.html?tree=materiel_sort_tree_json HTTP/1.1" 200 9388
116.233.75.93 - - [10/Dec/2021:09:28:57 +0800] "GET /xingrg/all/function/internal_message.html?_=1639099739606&CODE_STATE=getMsg HTTP/1.1" 200 27
180.169.147.146 - - [10/Dec/2021:09:29:00 +0800] "POST /xingrg/dwr/call/plaincall/AjaxReportQueryService.refreshCache.dwr HTTP/1.1" 200 78
222.70.176.97 - - [10/Dec/2021:09:29:00 +0800] "GET /xingrg/all/function/internal_message.html?_=1639099735688&CODE_STATE=getMsg HTTP/1.1" 200 27
58.39.139.200 - - [10/Dec/2021:09:29:00 +0800] "GET /xingrg/all/function/internal_message.html?_=1639099675027&CODE_STATE=getMsg HTTP/1.1" 200 27
114.83.222.61 - - [10/Dec/2021:09:29:00 +0800] "GET /xingrg/kc/buy/cgsh_order_operate.html?command=get_materiel&rest_code=00149&code=00101009062&supplier_code=00100201&order_time=2021-12-10 HTTP/1.1" 200 412
180.169.147.146 - - [10/Dec/2021:09:29:01 +0800] "POST /xingrg/all/report/load_report_page.html HTTP/1.1" 200 18245
180.169.147.146 - - [10/Dec/2021:09:29:01 +0800] "GET /xingrg/all/function/internal_message.html?_=1639099730656&CODE_STATE=getMsg HTTP/1.1" 200 27
180.169.147.146 - - [10/Dec/2021:09:29:01 +0800] "GET /xingrg/servlets/image?cache=0.06058735094045853&image=px HTTP/1.1" 200 807
114.85.125.222 - - [10/Dec/2021:09:29:06 +0800] "GET /xingrg/all/function/internal_message.html?_=1639099703853&CODE_STATE=getMsg HTTP/1.1" 200 27
114.83.222.61 - - [10/Dec/2021:09:29:12 +0800] "GET /xingrg/kc/buy/cgsh_order_operate.html?command=get_materiel&rest_code=00149&code=00101009016&supplier_code=00100201&order_time=2021-12-10 HTTP/1.1" 200 412
222.70.176.97 - - [10/Dec/2021:09:29:14 +0800] "GET /xingrg/all/function/internal_message.html?_=1639099419586&CODE_STATE=getMsg HTTP/1.1" 302 -
114.83.222.61 - - [10/Dec/2021:09:29:27 +0800] "GET /xingrg/kc/buy/cgsh_order_operate.html?command=get_materiel&rest_code=00149&code=00101009013&supplier_code=00100201&order_time=2021-12-10 HTTP/1.1" 200 420
116.227.210.113 - - [10/Dec/2021:09:29:27 +0800] "GET /xingrg/all/function/internal_message.html?_=1639099763720&CODE_STATE=getMsg HTTP/1.1" 200 27
58.37.8.98 - - [10/Dec/2021:09:29:30 +0800] "GET /xingrg/all/function/internal_message.html?_=1639099585405&CODE_STATE=getMsg HTTP/1.1" 200 27
116.238.248.233 - - [10/Dec/2021:09:29:31 +0800] "GET /xingrg/all/function/internal_message.html?_=1639099768844&CODE_STATE=getMsg HTTP/1.1" 200 27
124.77.240.52 - - [10/Dec/2021:09:29:33 +0800] "GET /xingrg/all/function/internal_message.html?_=1639099788479&CODE_STATE=getMsg HTTP/1.1" 200 27
180.169.147.146 - - [10/Dec/2021:09:29:37 +0800] "GET /xingrg/all/function/internal_message.html?_=1639099774552&CODE_STATE=getMsg HTTP/1.1" 200 27
120.253.135.82 - - [10/Dec/2021:09:29:42 +0800] "GET /xingrg/all/function/internal_message.html?_=1639099557975&CODE_STATE=getMsg HTTP/1.1" 200 27
114.83.222.61 - - [10/Dec/2021:09:29:44 +0800] "GET /xingrg/all/function/internal_message.html?_=1639099782301&CODE_STATE=getMsg HTTP/1.1" 200 27
124.78.153.86 - - [10/Dec/2021:09:29:45 +0800] "GET /xingrg/all/function/internal_message.html?_=1639099789876&CODE_STATE=getMsg HTTP/1.1" 200 27
116.233.75.93 - - [10/Dec/2021:09:29:57 +0800] "GET /xingrg/all/function/internal_message.html?_=1639099799600&CODE_STATE=getMsg HTTP/1.1" 200 27
180.169.147.146 - - [10/Dec/2021:09:29:58 +0800] "GET /xingrg/all/report/report_query.html?isQuery=1&fileName=kc/buy/wlcg_cate_hz.xml&queryString=(CONVERT(char(10)%2Ca.order_time%2C%20120)%3E%3D'2021-11-01')%20and%20(CONVERT(char(10)%2Ca.order_time%2C%20120)%3C%3D'2021-12-31')%20and%20(a.base_code%20in%20('0010347'))%20and%20(a.supplier_code%3D'00100089')%20and%20(a.base_code%3D'0010347')&queryText=%E3%80%90%E9%87%87%E8%B4%AD%E6%97%A5%E6%9C%9F%3A2021-11-01%20%E8%87%B3%202021-12-31%E3%80%91%20%E5%B9%B6%E4%B8%94%20%20%E3%80%90%E6%9F%A5%E8%AF%A2%E4%BB%93%E5%BA%93%20%3D%20%E5%88%BA%E8%BA%AB%E3%80%91%20%E5%B9%B6%E4%B8%94%20%E3%80%90%E4%BE%9B%E5%BA%94%E5%95%86%3D%E4%B8%89%E6%96%87%E9%B1%BC%EF%BC%88%E7%8E%8B%E7%A7%80%E7%BA%A2%EF%BC%89%E3%80%91%E5%B9%B6%E4%B8%94%E3%80%90%E4%BB%93%E5%BA%93%E5%90%8D%E7%A7%B0%20%3D%20%E5%88%BA%E8%BA%AB%E3%80%91&rand=0.029273940713151147 HTTP/1.1" 200 54522
180.169.147.146 - - [10/Dec/2021:09:29:58 +0800] "GET /xingrg/all/report/report_query.html?isQuery=1&fileName=kc/buy/wlcg_cate_hz.xml&queryString=(CONVERT(char(10)%2Ca.order_time%2C%20120)%3E%3D'2021-11-01')%20and%20(CONVERT(char(10)%2Ca.order_time%2C%20120)%3C%3D'2021-12-31')%20and%20(a.base_code%20in%20('0010347'))%20and%20(a.supplier_code%3D'00100089')%20and%20(a.base_code%3D'0010347')&queryText=%E3%80%90%E9%87%87%E8%B4%AD%E6%97%A5%E6%9C%9F%3A2021-11-01%20%E8%87%B3%202021-12-31%E3%80%91%20%E5%B9%B6%E4%B8%94%20%20%E3%80%90%E6%9F%A5%E8%AF%A2%E4%BB%93%E5%BA%93%20%3D%20%E5%88%BA%E8%BA%AB%E3%80%91%20%E5%B9%B6%E4%B8%94%20%E3%80%90%E4%BE%9B%E5%BA%94%E5%95%86%3D%E4%B8%89%E6%96%87%E9%B1%BC%EF%BC%88%E7%8E%8B%E7%A7%80%E7%BA%A2%EF%BC%89%E3%80%91%E5%B9%B6%E4%B8%94%E3%80%90%E4%BB%93%E5%BA%93%E5%90%8D%E7%A7%B0%20%3D%20%E5%88%BA%E8%BA%AB%E3%80%91&rand=0.029273940713151147 HTTP/1.1" 200 54522
180.169.147.146 - - [10/Dec/2021:09:29:58 +0800] "GET /xingrg/dwr/interface/AjaxReportQueryService.js HTTP/1.1" 200 13203
180.169.147.146 - - [10/Dec/2021:09:29:58 +0800] "GET /xingrg/dwr/engine.js HTTP/1.1" 200 43631
180.169.147.146 - - [10/Dec/2021:09:29:58 +0800] "POST /xingrg/all/report/load_report_page.html HTTP/1.1" 200 8712
180.169.147.146 - - [10/Dec/2021:09:29:58 +0800] "GET /xingrg/servlets/image?cache=0.5200769099742949&image=px HTTP/1.1" 200 807
114.83.222.61 - - [10/Dec/2021:09:29:58 +0800] "GET /xingrg/javascript/jquery_easy_ui/themes/icons/rest.png HTTP/1.1" 200 695
114.83.222.61 - - [10/Dec/2021:09:29:58 +0800] "GET /xingrg/javascript/jquery_easy_ui/themes/icons/area.png HTTP/1.1" 200 262
222.70.176.97 - - [10/Dec/2021:09:30:00 +0800] "GET /xingrg/all/function/internal_message.html?_=1639099795673&CODE_STATE=getMsg HTTP/1.1" 200 27
58.39.139.200 - - [10/Dec/2021:09:30:00 +0800] "GET /xingrg/all/function/internal_message.html?_=1639099735027&CODE_STATE=getMsg HTTP/1.1" 200 27
180.169.147.146 - - [10/Dec/2021:09:30:00 +0800] "POST /xingrg/all/report/load_report_page.html HTTP/1.1" 200 13039
180.169.147.146 - - [10/Dec/2021:09:30:01 +0800] "GET /xingrg/servlets/image?cache=0.7298658648825189&image=px HTTP/1.1" 200 807
180.169.147.146 - - [10/Dec/2021:09:30:01 +0800] "GET /xingrg/all/function/internal_message.html?_=1639099790660&CODE_STATE=getMsg HTTP/1.1" 200 27
180.169.147.146 - - [10/Dec/2021:09:30:03 +0800] "GET /xingrg/all/report/report_query.html?isQuery=1&fileName=kc/buy/wlcg_mx.xml&queryString=(CONVERT(char(10)%2Ca.order_time%2C%20120)%3E%3D'2021-11-01')%20and%20(CONVERT(char(10)%2Ca.order_time%2C%20120)%3C%3D'2021-12-31')%20and%20(a.base_code%20in%20('0010347'))%20and%20(a.supplier_code%3D'00100089')%20and%20(a.base_code%3D'0010347')%20and%20(a.materiel_code%3D'00101001115')&queryText=%E3%80%90%E9%87%87%E8%B4%AD%E6%97%A5%E6%9C%9F%3A2021-11-01%20%E8%87%B3%202021-12-31%E3%80%91%20%E5%B9%B6%E4%B8%94%20%20%E3%80%90%E6%9F%A5%E8%AF%A2%E4%BB%93%E5%BA%93%20%3D%20%E5%88%BA%E8%BA%AB%E3%80%91%20%E5%B9%B6%E4%B8%94%20%E3%80%90%E4%BE%9B%E5%BA%94%E5%95%86%3D%E4%B8%89%E6%96%87%E9%B1%BC%EF%BC%88%E7%8E%8B%E7%A7%80%E7%BA%A2%EF%BC%89%E3%80%91%E5%B9%B6%E4%B8%94%E3%80%90%E4%BB%93%E5%BA%93%E5%90%8D%E7%A7%B0%20%3D%20%E5%88%BA%E8%BA%AB%E3%80%91%20%E5%B9%B6%E4%B8%94%20%E3%80%90%E6%9D%90%E6%96%99%E5%90%8D%E7%A7%B0%20%3D%20%E4%B8%89%E6%96%87%E9%B1%BC%E3%80%91&rand=0.0263542178411606 HTTP/1.1" 200 52319
180.169.147.146 - - [10/Dec/2021:09:30:03 +0800] "GET /xingrg/all/report/report_query.html?isQuery=1&fileName=kc/buy/wlcg_mx.xml&queryString=(CONVERT(char(10)%2Ca.order_time%2C%20120)%3E%3D'2021-11-01')%20and%20(CONVERT(char(10)%2Ca.order_time%2C%20120)%3C%3D'2021-12-31')%20and%20(a.base_code%20in%20('0010347'))%20and%20(a.supplier_code%3D'00100089')%20and%20(a.base_code%3D'0010347')%20and%20(a.materiel_code%3D'00101001115')&queryText=%E3%80%90%E9%87%87%E8%B4%AD%E6%97%A5%E6%9C%9F%3A2021-11-01%20%E8%87%B3%202021-12-31%E3%80%91%20%E5%B9%B6%E4%B8%94%20%20%E3%80%90%E6%9F%A5%E8%AF%A2%E4%BB%93%E5%BA%93%20%3D%20%E5%88%BA%E8%BA%AB%E3%80%91%20%E5%B9%B6%E4%B8%94%20%E3%80%90%E4%BE%9B%E5%BA%94%E5%95%86%3D%E4%B8%89%E6%96%87%E9%B1%BC%EF%BC%88%E7%8E%8B%E7%A7%80%E7%BA%A2%EF%BC%89%E3%80%91%E5%B9%B6%E4%B8%94%E3%80%90%E4%BB%93%E5%BA%93%E5%90%8D%E7%A7%B0%20%3D%20%E5%88%BA%E8%BA%AB%E3%80%91%20%E5%B9%B6%E4%B8%94%20%E3%80%90%E6%9D%90%E6%96%99%E5%90%8D%E7%A7%B0%20%3D%20%E4%B8%89%E6%96%87%E9%B1%BC%E3%80%91&rand=0.0263542178411606 HTTP/1.1" 200 52319
180.169.147.146 - - [10/Dec/2021:09:30:03 +0800] "GET /xingrg/dwr/interface/AjaxReportQueryService.js HTTP/1.1" 200 13203
180.169.147.146 - - [10/Dec/2021:09:30:03 +0800] "GET /xingrg/dwr/engine.js HTTP/1.1" 200 43631
114.83.222.61 - - [10/Dec/2021:09:30:06 +0800] "POST /xingrg/kc/buy/cgsh_order_operate.html HTTP/1.1" 200 37
180.169.147.146 - - [10/Dec/2021:09:30:06 +0800] "POST /xingrg/all/report/load_report_page.html HTTP/1.1" 200 58766
180.169.147.146 - - [10/Dec/2021:09:30:06 +0800] "GET /xingrg/servlets/image?cache=0.7418990779664054&image=px HTTP/1.1" 200 807
114.85.125.222 - - [10/Dec/2021:09:30:06 +0800] "GET /xingrg/all/function/internal_message.html?_=1639099763877&CODE_STATE=getMsg HTTP/1.1" 200 27
124.77.240.52 - - [10/Dec/2021:09:30:11 +0800] "GET /xingrg/check_reg.html?_=1639099827288 HTTP/1.1" 200 22
222.70.176.97 - - [10/Dec/2021:09:30:14 +0800] "GET /xingrg/all/function/internal_message.html?_=1639099479586&CODE_STATE=getMsg HTTP/1.1" 302 -
114.83.222.61 - - [10/Dec/2021:09:30:15 +0800] "POST /xingrg/kc/buy/cgsh_order_operate.html HTTP/1.1" 200 12
114.83.222.61 - - [10/Dec/2021:09:30:17 +0800] "GET /xingrg/kc/buy/cgsh_order_info.html?code=212021121003831 HTTP/1.1" 200 59964
114.83.222.61 - - [10/Dec/2021:09:30:17 +0800] "GET /xingrg/javascript/easyui/themes/default/validatebox.css HTTP/1.1" 404 1104
114.83.222.61 - - [10/Dec/2021:09:30:18 +0800] "POST /xingrg/kc/buy/cgsh_order_operate.html HTTP/1.1" 200 2983
114.83.222.61 - - [10/Dec/2021:09:30:20 +0800] "GET /xingrg/kc/print/load_data.html?order_code=212021121003831&kc_code=cgsh&condition= HTTP/1.1" 200 1622
114.83.222.61 - - [10/Dec/2021:09:30:24 +0800] "GET /xingrg/kc/buy/cgsh_order_add.html HTTP/1.1" 200 65055
114.83.222.61 - - [10/Dec/2021:09:30:24 +0800] "POST /xingrg/kc/buy/cgsh_order_operate.html HTTP/1.1" 200 8245
114.83.222.61 - - [10/Dec/2021:09:30:24 +0800] "GET /xingrg/javascript/easyui/themes/default/validatebox.css HTTP/1.1" 404 1104
116.227.210.113 - - [10/Dec/2021:09:30:27 +0800] "GET /xingrg/all/function/internal_message.html?_=1639099823692&CODE_STATE=getMsg HTTP/1.1" 200 27
116.238.248.233 - - [10/Dec/2021:09:30:27 +0800] "GET /xingrg/kc/buy/cgsh_order_list.html HTTP/1.1" 200 49238
116.238.248.233 - - [10/Dec/2021:09:30:29 +0800] "POST /xingrg/kc/buy/cgsh_list_operate.html HTTP/1.1" 200 1708
58.37.8.98 - - [10/Dec/2021:09:30:30 +0800] "GET /xingrg/check_reg.html?_=1639099645407 HTTP/1.1" 200 22
58.37.8.98 - - [10/Dec/2021:09:30:30 +0800] "GET /xingrg/all/function/internal_message.html?_=1639099645408&CODE_STATE=getMsg HTTP/1.1" 200 27
116.238.248.233 - - [10/Dec/2021:09:30:31 +0800] "GET /xingrg/all/function/internal_message.html?_=1639099828847&CODE_STATE=getMsg HTTP/1.1" 200 27
116.238.248.233 - - [10/Dec/2021:09:30:32 +0800] "GET /xingrg/kc/buy/cgsh_order_add.html HTTP/1.1" 200 64885
116.238.248.233 - - [10/Dec/2021:09:30:32 +0800] "GET /xingrg/words/20211209162503_words.js HTTP/1.1" 304 -
116.238.248.233 - - [10/Dec/2021:09:30:32 +0800] "GET /xingrg/all/common/auto_word.html?type=employee&rest_code=00150 HTTP/1.1" 200 159
116.238.248.233 - - [10/Dec/2021:09:30:32 +0800] "GET /xingrg/javascript/easyui/themes/default/validatebox.css HTTP/1.1" 404 1104
116.238.248.233 - - [10/Dec/2021:09:30:32 +0800] "GET /xingrg/all/common/auto_word.html?type=employee&rest_code=00150 HTTP/1.1" 200 159
116.238.248.233 - - [10/Dec/2021:09:30:32 +0800] "POST /xingrg/kc/buy/cgsh_order_operate.html HTTP/1.1" 200 8245
124.77.240.52 - - [10/Dec/2021:09:30:33 +0800] "GET /xingrg/all/function/internal_message.html?_=1639099848481&CODE_STATE=getMsg HTTP/1.1" 200 27
180.169.147.146 - - [10/Dec/2021:09:30:37 +0800] "GET /xingrg/all/function/internal_message.html?_=1639099834551&CODE_STATE=getMsg HTTP/1.1" 200 27
180.169.147.146 - - [10/Dec/2021:09:30:37 +0800] "GET /xingrg/check_reg.html?_=1639099834568 HTTP/1.1" 200 22
58.37.8.98 - - [10/Dec/2021:09:30:40 +0800] "GET /xingrg/kc/buy/cgsh_order_operate.html?command=get_materiel&rest_code=00141&code=00101011010&supplier_code=00100036&order_time=2021-12-10 HTTP/1.1" 200 418
120.253.135.82 - - [10/Dec/2021:09:30:41 +0800] "GET /xingrg/check_reg.html?_=1639099616866 HTTP/1.1" 200 22
120.253.135.82 - - [10/Dec/2021:09:30:42 +0800] "GET /xingrg/all/function/internal_message.html?_=1639099617988&CODE_STATE=getMsg HTTP/1.1" 200 27
114.83.222.61 - - [10/Dec/2021:09:30:44 +0800] "GET /xingrg/all/function/internal_message.html?_=1639099842293&CODE_STATE=getMsg HTTP/1.1" 200 27
114.83.222.61 - - [10/Dec/2021:09:30:45 +0800] "GET /xingrg/check_reg.html?_=1639099842752 HTTP/1.1" 200 22
124.78.153.86 - - [10/Dec/2021:09:30:45 +0800] "GET /xingrg/check_reg.html?_=1639099849879 HTTP/1.1" 200 22
124.78.153.86 - - [10/Dec/2021:09:30:45 +0800] "GET /xingrg/all/function/internal_message.html?_=1639099849876&CODE_STATE=getMsg HTTP/1.1" 200 27
114.83.222.61 - - [10/Dec/2021:09:30:46 +0800] "GET /xingrg/kc/buy/cgsh_order_operate.html?command=get_materiel&rest_code=00149&code=00101016080&supplier_code=00100036&order_time=2021-12-10 HTTP/1.1" 200 408
116.238.248.233 - - [10/Dec/2021:09:30:54 +0800] "GET /xingrg/javascript/auto/indicator.gif HTTP/1.1" 404 1066
114.83.222.61 - - [10/Dec/2021:09:30:56 +0800] "GET /xingrg/kc/buy/cgsh_order_operate.html?command=get_materiel&rest_code=00149&code=00101012040&supplier_code=00100036&order_time=2021-12-10 HTTP/1.1" 200 413
116.233.75.93 - - [10/Dec/2021:09:30:57 +0800] "GET /xingrg/all/function/internal_message.html?_=1639099859604&CODE_STATE=getMsg HTTP/1.1" 200 27
222.70.176.97 - - [10/Dec/2021:09:31:00 +0800] "GET /xingrg/all/function/internal_message.html?_=1639099855659&CODE_STATE=getMsg HTTP/1.1" 200 27
58.39.139.200 - - [10/Dec/2021:09:31:00 +0800] "GET /xingrg/all/function/internal_message.html?_=1639099795028&CODE_STATE=getMsg HTTP/1.1" 200 27
58.39.139.200 - - [10/Dec/2021:09:31:00 +0800] "GET /xingrg/check_reg.html?_=1639099795031 HTTP/1.1" 200 22
180.169.147.146 - - [10/Dec/2021:09:31:01 +0800] "GET /xingrg/all/function/internal_message.html?_=1639099850653&CODE_STATE=getMsg HTTP/1.1" 200 27
58.37.8.98 - - [10/Dec/2021:09:31:01 +0800] "GET /xingrg/kc/buy/cgsh_order_operate.html?command=get_materiel&rest_code=00141&code=00101016053&supplier_code=00100036&order_time=2021-12-10 HTTP/1.1" 200 408
116.238.248.233 - - [10/Dec/2021:09:31:05 +0800] "GET /xingrg/kc/buy/cgsh_order_operate.html?command=get_materiel&rest_code=00150&code=00101031002&supplier_code=00100064&order_time=2021-12-10 HTTP/1.1" 200 420
114.85.125.222 - - [10/Dec/2021:09:31:06 +0800] "GET /xingrg/all/function/internal_message.html?_=1639099823880&CODE_STATE=getMsg HTTP/1.1" 200 27
114.83.222.61 - - [10/Dec/2021:09:31:10 +0800] "GET /xingrg/kc/buy/cgsh_order_operate.html?command=get_materiel&rest_code=00149&code=00101012026&supplier_code=00100036&order_time=2021-12-10 HTTP/1.1" 200 408
222.70.176.97 - - [10/Dec/2021:09:31:14 +0800] "GET /xingrg/all/function/internal_message.html?_=1639099539586&CODE_STATE=getMsg HTTP/1.1" 302 -
116.238.248.233 - - [10/Dec/2021:09:31:18 +0800] "GET /xingrg/kc/buy/cgsh_order_operate.html?command=get_materiel&rest_code=00150&code=00101031001&supplier_code=00100064&order_time=2021-12-10 HTTP/1.1" 200 419
180.169.147.146 - - [10/Dec/2021:09:31:20 +0800] "GET /xingrg/all/report/report_query.html?isQuery=1&fileName=kc/buy/wlcg_cate_hz.xml&queryString=(CONVERT(char(10)%2Ca.order_time%2C%20120)%3E%3D'2021-11-01')%20and%20(CONVERT(char(10)%2Ca.order_time%2C%20120)%3C%3D'2021-12-31')%20and%20(a.base_code%20in%20('0010347'))%20and%20(a.supplier_code%3D'00100323')%20and%20(a.base_code%3D'0010347')&queryText=%E3%80%90%E9%87%87%E8%B4%AD%E6%97%A5%E6%9C%9F%3A2021-11-01%20%E8%87%B3%202021-12-31%E3%80%91%20%E5%B9%B6%E4%B8%94%20%20%E3%80%90%E6%9F%A5%E8%AF%A2%E4%BB%93%E5%BA%93%20%3D%20%E5%88%BA%E8%BA%AB%E3%80%91%20%E5%B9%B6%E4%B8%94%20%E3%80%90%E4%BE%9B%E5%BA%94%E5%95%86%3D%E6%98%8C%E8%AE%B0%E5%86%BB%E5%93%81(%E5%90%B4%E6%98%8C%E5%8D%8E%EF%BC%89%E3%80%91%E5%B9%B6%E4%B8%94%E3%80%90%E4%BB%93%E5%BA%93%E5%90%8D%E7%A7%B0%20%3D%20%E5%88%BA%E8%BA%AB%E3%80%91&rand=0.36749428782642224 HTTP/1.1" 200 54524
180.169.147.146 - - [10/Dec/2021:09:31:20 +0800] "GET /xingrg/all/report/report_query.html?isQuery=1&fileName=kc/buy/wlcg_cate_hz.xml&queryString=(CONVERT(char(10)%2Ca.order_time%2C%20120)%3E%3D'2021-11-01')%20and%20(CONVERT(char(10)%2Ca.order_time%2C%20120)%3C%3D'2021-12-31')%20and%20(a.base_code%20in%20('0010347'))%20and%20(a.supplier_code%3D'00100323')%20and%20(a.base_code%3D'0010347')&queryText=%E3%80%90%E9%87%87%E8%B4%AD%E6%97%A5%E6%9C%9F%3A2021-11-01%20%E8%87%B3%202021-12-31%E3%80%91%20%E5%B9%B6%E4%B8%94%20%20%E3%80%90%E6%9F%A5%E8%AF%A2%E4%BB%93%E5%BA%93%20%3D%20%E5%88%BA%E8%BA%AB%E3%80%91%20%E5%B9%B6%E4%B8%94%20%E3%80%90%E4%BE%9B%E5%BA%94%E5%95%86%3D%E6%98%8C%E8%AE%B0%E5%86%BB%E5%93%81(%E5%90%B4%E6%98%8C%E5%8D%8E%EF%BC%89%E3%80%91%E5%B9%B6%E4%B8%94%E3%80%90%E4%BB%93%E5%BA%93%E5%90%8D%E7%A7%B0%20%3D%20%E5%88%BA%E8%BA%AB%E3%80%91&rand=0.36749428782642224 HTTP/1.1" 200 54524
180.169.147.146 - - [10/Dec/2021:09:31:20 +0800] "GET /xingrg/dwr/interface/AjaxReportQueryService.js HTTP/1.1" 200 13203
180.169.147.146 - - [10/Dec/2021:09:31:20 +0800] "GET /xingrg/dwr/engine.js HTTP/1.1" 200 43631
114.83.222.61 - - [10/Dec/2021:09:31:22 +0800] "POST /xingrg/kc/buy/cgsh_order_operate.html HTTP/1.1" 200 37
180.169.147.146 - - [10/Dec/2021:09:31:22 +0800] "POST /xingrg/all/report/load_report_page.html HTTP/1.1" 200 8704
180.169.147.146 - - [10/Dec/2021:09:31:22 +0800] "GET /xingrg/servlets/image?cache=0.177664878697968&image=px HTTP/1.1" 200 807
116.238.248.233 - - [10/Dec/2021:09:31:25 +0800] "POST /xingrg/kc/buy/cgsh_order_operate.html HTTP/1.1" 200 37
116.227.210.113 - - [10/Dec/2021:09:31:27 +0800] "GET /xingrg/all/function/internal_message.html?_=1639099883670&CODE_STATE=getMsg HTTP/1.1" 200 27
114.83.222.61 - - [10/Dec/2021:09:31:27 +0800] "POST /xingrg/kc/buy/cgsh_order_operate.html HTTP/1.1" 200 12
116.238.248.233 - - [10/Dec/2021:09:31:29 +0800] "POST /xingrg/kc/buy/cgsh_order_operate.html HTTP/1.1" 200 12
114.83.222.61 - - [10/Dec/2021:09:31:29 +0800] "GET /xingrg/kc/buy/cgsh_order_info.html?code=212021121003832 HTTP/1.1" 200 59966
114.83.222.61 - - [10/Dec/2021:09:31:29 +0800] "GET /xingrg/javascript/easyui/themes/default/validatebox.css HTTP/1.1" 404 1104
58.37.8.98 - - [10/Dec/2021:09:31:30 +0800] "GET /xingrg/all/function/internal_message.html?_=1639099705425&CODE_STATE=getMsg HTTP/1.1" 200 27
114.83.222.61 - - [10/Dec/2021:09:31:30 +0800] "POST /xingrg/kc/buy/cgsh_order_operate.html HTTP/1.1" 200 1779
