222.70.176.97 - - [10/Dec/2021:08:31:03 +0800] "GET /xingrg/all/function/internal_message.html?_=1639096258438&CODE_STATE=getMsg HTTP/1.1" 302 -
120.253.135.82 - - [10/Dec/2021:08:31:07 +0800] "POST /xingrg/kc/pszx/mdps_list_operate.html HTTP/1.1" 200 1701
120.253.135.82 - - [10/Dec/2021:08:31:09 +0800] "POST /xingrg/kc/pszx/mdps_list_operate.html HTTP/1.1" 200 212
222.70.176.97 - - [10/Dec/2021:08:31:14 +0800] "GET /xingrg/all/function/internal_message.html?_=1639095939586&CODE_STATE=getMsg HTTP/1.1" 302 -
120.253.135.82 - - [10/Dec/2021:08:31:20 +0800] "GET /xingrg/all/function/internal_message.html?_=1639096056048&CODE_STATE=getMsg HTTP/1.1" 200 27
120.253.135.82 - - [10/Dec/2021:08:31:24 +0800] "POST /xingrg/kc/pszx/mdps_list_operate.html HTTP/1.1" 200 2063
120.253.135.82 - - [10/Dec/2021:08:31:25 +0800] "GET /xingrg/all/function/internal_message.html?_=1639096415021&CODE_STATE=getMsg HTTP/1.1" 200 27
120.253.135.82 - - [10/Dec/2021:08:31:26 +0800] "POST /xingrg/kc/pszx/mdps_list_operate.html HTTP/1.1" 200 212
116.227.210.113 - - [10/Dec/2021:08:31:28 +0800] "GET /xingrg/all/function/internal_message.html?_=1639096284610&CODE_STATE=getMsg HTTP/1.1" 200 27
124.77.240.52 - - [10/Dec/2021:08:31:30 +0800] "GET /xingrg/all/function/internal_message.html?_=1639096306073&CODE_STATE=getMsg HTTP/1.1" 200 27
116.238.248.233 - - [10/Dec/2021:08:31:31 +0800] "GET /xingrg/all/function/internal_message.html?_=1639096288563&CODE_STATE=getMsg HTTP/1.1" 200 27
116.238.248.233 - - [10/Dec/2021:08:31:31 +0800] "GET /xingrg/check_reg.html?_=1639096288565 HTTP/1.1" 200 22
116.227.210.113 - - [10/Dec/2021:08:31:39 +0800] "GET /xingrg/kc/buy/cgsh_order_operate.html?command=get_materiel&rest_code=00155&code=00101006130&supplier_code=00100012&order_time=2021-12-10 HTTP/1.1" 200 427
120.253.135.82 - - [10/Dec/2021:08:31:41 +0800] "POST /xingrg/kc/pszx/mdps_list_operate.html HTTP/1.1" 200 2068
120.253.135.82 - - [10/Dec/2021:08:31:42 +0800] "POST /xingrg/kc/pszx/mdps_list_operate.html HTTP/1.1" 200 211
124.78.153.86 - - [10/Dec/2021:08:31:45 +0800] "GET /xingrg/all/function/internal_message.html?_=1639096309781&CODE_STATE=getMsg HTTP/1.1" 200 27
61.151.178.177 - - [10/Dec/2021:08:31:45 +0800] "GET /xingrg/all/function/internal_message.html?_=1639096249781&CODE_STATE=getMsg HTTP/1.1" 302 -
61.151.178.177 - - [10/Dec/2021:08:31:46 +0800] "GET /xingrg/login.html HTTP/1.1" 200 7641
114.85.125.222 - - [10/Dec/2021:08:31:49 +0800] "GET /xingrg/check_reg.html?_=1639096266139 HTTP/1.1" 302 -
116.233.75.93 - - [10/Dec/2021:08:31:49 +0800] "GET /xingrg/all/function/internal_message.html?_=1639096311789&CODE_STATE=getMsg HTTP/1.1" 302 -
116.233.75.93 - - [10/Dec/2021:08:31:49 +0800] "GET /xingrg/login.html HTTP/1.1" 200 7641
116.227.210.113 - - [10/Dec/2021:08:31:50 +0800] "GET /xingrg/kc/buy/cgsh_order_operate.html?command=get_materiel&rest_code=00155&code=00101006129&supplier_code=00100012&order_time=2021-12-10 HTTP/1.1" 200 431
180.169.147.146 - - [10/Dec/2021:08:31:50 +0800] "GET /xingrg/all/function/internal_message.html?_=1639096308432&CODE_STATE=getMsg HTTP/1.1" 302 -
116.227.210.113 - - [10/Dec/2021:08:31:58 +0800] "GET /xingrg/kc/buy/cgsh_order_operate.html?command=get_materiel&rest_code=00155&code=00101006055&supplier_code=00100012&order_time=2021-12-10 HTTP/1.1" 200 409
114.85.125.222 - - [10/Dec/2021:08:32:00 +0800] "GET /xingrg/all/function/internal_message.html?_=1639096277478&CODE_STATE=getMsg HTTP/1.1" 302 -
222.70.176.97 - - [10/Dec/2021:08:32:02 +0800] "GET /xingrg/all/function/internal_message.html?_=1639096318432&CODE_STATE=getMsg HTTP/1.1" 302 -
116.227.210.113 - - [10/Dec/2021:08:32:07 +0800] "POST /xingrg/kc/buy/cgsh_order_operate.html HTTP/1.1" 200 37
116.227.210.113 - - [10/Dec/2021:08:32:08 +0800] "POST /xingrg/kc/buy/cgsh_order_operate.html HTTP/1.1" 200 3876
116.227.210.113 - - [10/Dec/2021:08:32:08 +0800] "GET /xingrg/kc/print/load_data.html?order_code=212021121003807&kc_code=cgsh&condition= HTTP/1.1" 200 1258
222.70.176.97 - - [10/Dec/2021:08:32:14 +0800] "GET /xingrg/all/function/internal_message.html?_=1639095999586&CODE_STATE=getMsg HTTP/1.1" 302 -
120.253.135.82 - - [10/Dec/2021:08:32:16 +0800] "GET /xingrg/kc/buy/cgsh_order_list.html HTTP/1.1" 200 49163
120.253.135.82 - - [10/Dec/2021:08:32:18 +0800] "POST /xingrg/kc/buy/cgsh_list_operate.html HTTP/1.1" 200 1677
116.227.210.113 - - [10/Dec/2021:08:32:20 +0800] "GET /xingrg/kc/print/load_data.html?order_code=212021121003807&kc_code=cgsh HTTP/1.1" 200 1258
120.253.135.82 - - [10/Dec/2021:08:32:20 +0800] "GET /xingrg/all/function/internal_message.html?_=1639096116062&CODE_STATE=getMsg HTTP/1.1" 200 27
120.253.135.82 - - [10/Dec/2021:08:32:20 +0800] "GET /xingrg/kc/buy/cgsh_order_add.html HTTP/1.1" 200 63962
120.253.135.82 - - [10/Dec/2021:08:32:21 +0800] "POST /xingrg/kc/buy/cgsh_order_operate.html HTTP/1.1" 200 8245
120.253.135.82 - - [10/Dec/2021:08:32:21 +0800] "GET /xingrg/javascript/easyui/themes/default/validatebox.css HTTP/1.1" 404 1104
120.253.135.82 - - [10/Dec/2021:08:32:25 +0800] "GET /xingrg/all/function/internal_message.html?_=1639096475037&CODE_STATE=getMsg HTTP/1.1" 200 27
116.227.210.113 - - [10/Dec/2021:08:32:28 +0800] "GET /xingrg/all/function/internal_message.html?_=1639096344591&CODE_STATE=getMsg HTTP/1.1" 200 27
124.77.240.52 - - [10/Dec/2021:08:32:30 +0800] "GET /xingrg/all/function/internal_message.html?_=1639096366167&CODE_STATE=getMsg HTTP/1.1" 200 27
116.238.248.233 - - [10/Dec/2021:08:32:31 +0800] "GET /xingrg/all/function/internal_message.html?_=1639096348562&CODE_STATE=getMsg HTTP/1.1" 200 27
120.253.135.82 - - [10/Dec/2021:08:32:36 +0800] "POST /xingrg/all/common/load_combo.html?type=employee HTTP/1.1" 200 1661
124.78.153.86 - - [10/Dec/2021:08:32:45 +0800] "GET /xingrg/all/function/internal_message.html?_=1639096369779&CODE_STATE=getMsg HTTP/1.1" 200 27
116.233.75.93 - - [10/Dec/2021:08:32:49 +0800] "GET /xingrg/all/function/internal_message.html?_=1639096371789&CODE_STATE=getMsg HTTP/1.1" 302 -
116.233.75.93 - - [10/Dec/2021:08:32:49 +0800] "GET /xingrg/check_reg.html?_=1639096371791 HTTP/1.1" 302 -
116.233.75.93 - - [10/Dec/2021:08:32:49 +0800] "GET /xingrg/login.html HTTP/1.1" 200 7641
116.233.75.93 - - [10/Dec/2021:08:32:49 +0800] "GET /xingrg/login.html HTTP/1.1" 200 7641
180.169.147.146 - - [10/Dec/2021:08:32:50 +0800] "GET /xingrg/all/function/internal_message.html?_=1639096368430&CODE_STATE=getMsg HTTP/1.1" 302 -
120.253.135.82 - - [10/Dec/2021:08:32:53 +0800] "GET /xingrg/kc/buy/cgsh_order_operate.html?command=get_materiel&rest_code=00101&code=00102015058&supplier_code=00100131&order_time=2021-12-10 HTTP/1.1" 200 445
58.35.215.131 - - [10/Dec/2021:08:32:59 +0800] "GET /xingrg/check_reg.html?_=1639096376034 HTTP/1.1" 302 -
114.85.125.222 - - [10/Dec/2021:08:33:00 +0800] "GET /xingrg/all/function/internal_message.html?_=1639096337499&CODE_STATE=getMsg HTTP/1.1" 302 -
222.70.176.97 - - [10/Dec/2021:08:33:02 +0800] "GET /xingrg/all/function/internal_message.html?_=1639096378417&CODE_STATE=getMsg HTTP/1.1" 302 -
222.70.176.97 - - [10/Dec/2021:08:33:14 +0800] "GET /xingrg/all/function/internal_message.html?_=1639096059587&CODE_STATE=getMsg HTTP/1.1" 302 -
222.70.176.97 - - [10/Dec/2021:08:33:14 +0800] "GET /xingrg/check_reg.html?_=1639096059587 HTTP/1.1" 302 -
120.253.135.82 - - [10/Dec/2021:08:33:20 +0800] "GET /xingrg/all/function/internal_message.html?_=1639096176075&CODE_STATE=getMsg HTTP/1.1" 200 27
116.227.210.113 - - [10/Dec/2021:08:33:24 +0800] "GET /xingrg/check_reg.html?_=1639096401135 HTTP/1.1" 200 22
120.253.135.82 - - [10/Dec/2021:08:33:25 +0800] "GET /xingrg/all/function/internal_message.html?_=1639096535048&CODE_STATE=getMsg HTTP/1.1" 200 27
116.227.210.113 - - [10/Dec/2021:08:33:28 +0800] "GET /xingrg/all/function/internal_message.html?_=1639096404628&CODE_STATE=getMsg HTTP/1.1" 200 27
124.77.240.52 - - [10/Dec/2021:08:33:30 +0800] "GET /xingrg/all/function/internal_message.html?_=1639096426178&CODE_STATE=getMsg HTTP/1.1" 200 27
116.238.248.233 - - [10/Dec/2021:08:33:31 +0800] "GET /xingrg/all/function/internal_message.html?_=1639096408560&CODE_STATE=getMsg HTTP/1.1" 200 27
120.253.135.82 - - [10/Dec/2021:08:33:38 +0800] "POST /xingrg/kc/buy/cgsh_order_operate.html HTTP/1.1" 200 37
120.253.135.82 - - [10/Dec/2021:08:33:40 +0800] "POST /xingrg/kc/buy/cgsh_order_operate.html HTTP/1.1" 200 2678
101.89.239.120 - - [10/Dec/2021:08:33:44 +0800] "GET /xingrg/all/function/internal_message.html?_=1639096369779&CODE_STATE=getMsg HTTP/1.1" 302 -
124.78.153.86 - - [10/Dec/2021:08:33:45 +0800] "GET /xingrg/all/function/internal_message.html?_=1639096429779&CODE_STATE=getMsg HTTP/1.1" 200 27
101.89.239.120 - - [10/Dec/2021:08:33:46 +0800] "GET /xingrg/login.html HTTP/1.1" 200 7641
116.233.75.93 - - [10/Dec/2021:08:33:49 +0800] "GET /xingrg/all/function/internal_message.html?_=1639096431794&CODE_STATE=getMsg HTTP/1.1" 302 -
116.233.75.93 - - [10/Dec/2021:08:33:49 +0800] "GET /xingrg/login.html HTTP/1.1" 200 7641
180.169.147.146 - - [10/Dec/2021:08:33:50 +0800] "GET /xingrg/all/function/internal_message.html?_=1639096428433&CODE_STATE=getMsg HTTP/1.1" 302 -
114.85.125.222 - - [10/Dec/2021:08:34:00 +0800] "GET /xingrg/all/function/internal_message.html?_=1639096397505&CODE_STATE=getMsg HTTP/1.1" 302 -
222.70.176.97 - - [10/Dec/2021:08:34:02 +0800] "GET /xingrg/all/function/internal_message.html?_=1639096438402&CODE_STATE=getMsg HTTP/1.1" 302 -
120.253.135.82 - - [10/Dec/2021:08:34:06 +0800] "GET /xingrg/kc/buy/cgsh_order_operate.html?command=get_materiel&rest_code=00101&code=00102012010&supplier_code=00100131&order_time=2021-12-10 HTTP/1.1" 200 437
222.70.176.97 - - [10/Dec/2021:08:34:14 +0800] "GET /xingrg/all/function/internal_message.html?_=1639096119586&CODE_STATE=getMsg HTTP/1.1" 302 -
120.253.135.82 - - [10/Dec/2021:08:34:20 +0800] "GET /xingrg/all/function/internal_message.html?_=1639096236089&CODE_STATE=getMsg HTTP/1.1" 200 27
120.253.135.82 - - [10/Dec/2021:08:34:25 +0800] "GET /xingrg/check_reg.html?_=1639096594626 HTTP/1.1" 200 22
120.253.135.82 - - [10/Dec/2021:08:34:25 +0800] "GET /xingrg/all/function/internal_message.html?_=1639096595062&CODE_STATE=getMsg HTTP/1.1" 200 27
120.253.135.82 - - [10/Dec/2021:08:34:27 +0800] "POST /xingrg/kc/buy/cgsh_order_operate.html HTTP/1.1" 200 37
116.227.210.113 - - [10/Dec/2021:08:34:28 +0800] "GET /xingrg/all/function/internal_message.html?_=1639096464608&CODE_STATE=getMsg HTTP/1.1" 200 27
120.253.135.82 - - [10/Dec/2021:08:34:29 +0800] "POST /xingrg/kc/buy/cgsh_order_operate.html HTTP/1.1" 200 3285
124.77.240.52 - - [10/Dec/2021:08:34:31 +0800] "GET /xingrg/all/function/internal_message.html?_=1639096486246&CODE_STATE=getMsg HTTP/1.1" 200 27
116.238.248.233 - - [10/Dec/2021:08:34:31 +0800] "GET /xingrg/all/function/internal_message.html?_=1639096468560&CODE_STATE=getMsg HTTP/1.1" 200 27
120.253.135.82 - - [10/Dec/2021:08:34:34 +0800] "POST /xingrg/kc/buy/cgsh_order_operate.html HTTP/1.1" 200 37
120.253.135.82 - - [10/Dec/2021:08:34:36 +0800] "POST /xingrg/kc/buy/cgsh_order_operate.html HTTP/1.1" 200 3285
120.253.135.82 - - [10/Dec/2021:08:34:38 +0800] "GET /xingrg/kc/print/load_data.html?order_code=212021121003808&kc_code=cgsh&condition= HTTP/1.1" 200 1010
124.78.153.86 - - [10/Dec/2021:08:34:45 +0800] "GET /xingrg/all/function/internal_message.html?_=1639096489807&CODE_STATE=getMsg HTTP/1.1" 200 27
116.233.75.93 - - [10/Dec/2021:08:34:49 +0800] "GET /xingrg/all/function/internal_message.html?_=1639096491793&CODE_STATE=getMsg HTTP/1.1" 302 -
116.233.75.93 - - [10/Dec/2021:08:34:49 +0800] "GET /xingrg/login.html HTTP/1.1" 200 7641
180.169.147.146 - - [10/Dec/2021:08:34:50 +0800] "GET /xingrg/all/function/internal_message.html?_=1639096488434&CODE_STATE=getMsg HTTP/1.1" 302 -
120.253.135.82 - - [10/Dec/2021:08:34:58 +0800] "POST /xingrg/kc/buy/cgsh_order_operate.html HTTP/1.1" 200 37
114.85.125.222 - - [10/Dec/2021:08:35:00 +0800] "GET /xingrg/all/function/internal_message.html?_=1639096457519&CODE_STATE=getMsg HTTP/1.1" 302 -
120.253.135.82 - - [10/Dec/2021:08:35:00 +0800] "POST /xingrg/kc/buy/cgsh_order_operate.html HTTP/1.1" 200 3285
222.70.176.97 - - [10/Dec/2021:08:35:02 +0800] "GET /xingrg/all/function/internal_message.html?_=1639096498387&CODE_STATE=getMsg HTTP/1.1" 302 -
120.253.135.82 - - [10/Dec/2021:08:35:07 +0800] "GET /xingrg/kc/pszx/mdps_order_list.html?orderType=0 HTTP/1.1" 200 20925
120.253.135.82 - - [10/Dec/2021:08:35:07 +0800] "POST /xingrg/kc/pszx/mdps_list_operate.html HTTP/1.1" 200 5446
124.77.240.52 - - [10/Dec/2021:08:35:12 +0800] "GET /xingrg/check_reg.html?_=1639096527227 HTTP/1.1" 200 22
222.70.176.97 - - [10/Dec/2021:08:35:14 +0800] "GET /xingrg/all/function/internal_message.html?_=1639096179586&CODE_STATE=getMsg HTTP/1.1" 302 -
120.253.135.82 - - [10/Dec/2021:08:35:16 +0800] "POST /xingrg/kc/pszx/mdps_list_operate.html HTTP/1.1" 200 5146
120.253.135.82 - - [10/Dec/2021:08:35:19 +0800] "GET /xingrg/check_reg.html?_=1639096294573 HTTP/1.1" 200 22
120.253.135.82 - - [10/Dec/2021:08:35:20 +0800] "GET /xingrg/all/function/internal_message.html?_=1639096296102&CODE_STATE=getMsg HTTP/1.1" 200 27
120.253.135.82 - - [10/Dec/2021:08:35:25 +0800] "GET /xingrg/all/function/internal_message.html?_=1639096655075&CODE_STATE=getMsg HTTP/1.1" 200 27
222.70.176.97 - - [10/Dec/2021:08:35:26 +0800] "GET /xingrg/check_reg.html?_=1639096521634 HTTP/1.1" 302 -
116.227.210.113 - - [10/Dec/2021:08:35:28 +0800] "GET /xingrg/all/function/internal_message.html?_=1639096524593&CODE_STATE=getMsg HTTP/1.1" 200 27
120.253.135.82 - - [10/Dec/2021:08:35:29 +0800] "POST /xingrg/kc/pszx/mdps_list_operate.html HTTP/1.1" 200 2233
124.77.240.52 - - [10/Dec/2021:08:35:31 +0800] "GET /xingrg/all/function/internal_message.html?_=1639096546253&CODE_STATE=getMsg HTTP/1.1" 200 27
120.253.135.82 - - [10/Dec/2021:08:35:31 +0800] "POST /xingrg/kc/pszx/mdps_list_operate.html HTTP/1.1" 200 198
116.238.248.233 - - [10/Dec/2021:08:35:31 +0800] "GET /xingrg/all/function/internal_message.html?_=1639096528579&CODE_STATE=getMsg HTTP/1.1" 200 27
120.253.135.82 - - [10/Dec/2021:08:35:31 +0800] "GET /xingrg/kc/pszx/mdps_order_info.html?code=312021120800214 HTTP/1.1" 200 23925
120.253.135.82 - - [10/Dec/2021:08:35:32 +0800] "POST /xingrg/kc/pszx/mdps_order_operate.html HTTP/1.1" 200 2270
120.253.135.82 - - [10/Dec/2021:08:35:32 +0800] "GET /xingrg/javascript/easyui/themes/default/validatebox.css HTTP/1.1" 404 1104
120.253.135.82 - - [10/Dec/2021:08:35:39 +0800] "POST /xingrg/kc/pszx/mdps_order_operate.html HTTP/1.1" 200 37
120.253.135.82 - - [10/Dec/2021:08:35:40 +0800] "GET /xingrg/kc/pszx/mdps_order_info.html?code=312021120800214 HTTP/1.1" 200 23925
120.253.135.82 - - [10/Dec/2021:08:35:40 +0800] "GET /xingrg/javascript/easyui/themes/default/validatebox.css HTTP/1.1" 404 1104
120.253.135.82 - - [10/Dec/2021:08:35:40 +0800] "POST /xingrg/kc/pszx/mdps_order_operate.html HTTP/1.1" 200 2270
120.253.135.82 - - [10/Dec/2021:08:35:44 +0800] "GET /xingrg/kc/print/load_config.html?kc_code=mdps HTTP/1.1" 200 2390
120.253.135.82 - - [10/Dec/2021:08:35:44 +0800] "GET /xingrg/kc/print/load_data.html?order_code=312021120800214&kc_code=mdps&condition= HTTP/1.1" 200 659
124.78.153.86 - - [10/Dec/2021:08:35:45 +0800] "GET /xingrg/check_reg.html?_=1639096549807 HTTP/1.1" 200 22
124.78.153.86 - - [10/Dec/2021:08:35:45 +0800] "GET /xingrg/all/function/internal_message.html?_=1639096549812&CODE_STATE=getMsg HTTP/1.1" 200 27
116.233.75.93 - - [10/Dec/2021:08:35:49 +0800] "GET /xingrg/all/function/internal_message.html?_=1639096551795&CODE_STATE=getMsg HTTP/1.1" 302 -
116.233.75.93 - - [10/Dec/2021:08:35:49 +0800] "GET /xingrg/login.html HTTP/1.1" 200 7641
180.169.147.146 - - [10/Dec/2021:08:35:50 +0800] "GET /xingrg/all/function/internal_message.html?_=1639096548433&CODE_STATE=getMsg HTTP/1.1" 302 -
180.169.147.146 - - [10/Dec/2021:08:35:50 +0800] "GET /xingrg/check_reg.html?_=1639096548434 HTTP/1.1" 302 -
114.85.125.222 - - [10/Dec/2021:08:36:00 +0800] "GET /xingrg/all/function/internal_message.html?_=1639096517541&CODE_STATE=getMsg HTTP/1.1" 302 -
222.70.176.97 - - [10/Dec/2021:08:36:02 +0800] "GET /xingrg/all/function/internal_message.html?_=1639096558358&CODE_STATE=getMsg HTTP/1.1" 302 -
222.70.176.97 - - [10/Dec/2021:08:36:14 +0800] "GET /xingrg/all/function/internal_message.html?_=1639096239586&CODE_STATE=getMsg HTTP/1.1" 302 -
120.253.135.82 - - [10/Dec/2021:08:36:20 +0800] "GET /xingrg/all/function/internal_message.html?_=1639096356116&CODE_STATE=getMsg HTTP/1.1" 200 27
120.253.135.82 - - [10/Dec/2021:08:36:25 +0800] "GET /xingrg/all/function/internal_message.html?_=1639096715089&CODE_STATE=getMsg HTTP/1.1" 200 27
116.227.210.113 - - [10/Dec/2021:08:36:28 +0800] "GET /xingrg/all/function/internal_message.html?_=1639096584585&CODE_STATE=getMsg HTTP/1.1" 200 27
124.77.240.52 - - [10/Dec/2021:08:36:31 +0800] "GET /xingrg/all/function/internal_message.html?_=1639096606266&CODE_STATE=getMsg HTTP/1.1" 200 27
116.238.248.233 - - [10/Dec/2021:08:36:31 +0800] "GET /xingrg/all/function/internal_message.html?_=1639096588581&CODE_STATE=getMsg HTTP/1.1" 200 27
116.238.248.233 - - [10/Dec/2021:08:36:31 +0800] "GET /xingrg/check_reg.html?_=1639096588583 HTTP/1.1" 200 22
124.78.153.86 - - [10/Dec/2021:08:36:45 +0800] "GET /xingrg/all/function/internal_message.html?_=1639096609797&CODE_STATE=getMsg HTTP/1.1" 200 27
114.85.125.222 - - [10/Dec/2021:08:36:49 +0800] "GET /xingrg/check_reg.html?_=1639096566142 HTTP/1.1" 302 -
116.233.75.93 - - [10/Dec/2021:08:36:49 +0800] "GET /xingrg/all/function/internal_message.html?_=1639096611797&CODE_STATE=getMsg HTTP/1.1" 302 -
116.233.75.93 - - [10/Dec/2021:08:36:49 +0800] "GET /xingrg/login.html HTTP/1.1" 200 7641
180.169.147.146 - - [10/Dec/2021:08:36:50 +0800] "GET /xingrg/all/function/internal_message.html?_=1639096608435&CODE_STATE=getMsg HTTP/1.1" 302 -
120.253.135.82 - - [10/Dec/2021:08:36:57 +0800] "POST /xingrg/kc/pszx/mdps_order_operate.html HTTP/1.1" 200 37
120.253.135.82 - - [10/Dec/2021:08:36:59 +0800] "POST /xingrg/kc/pszx/mdps_order_operate.html HTTP/1.1" 200 12
114.85.125.222 - - [10/Dec/2021:08:37:00 +0800] "GET /xingrg/all/function/internal_message.html?_=1639096577546&CODE_STATE=getMsg HTTP/1.1" 302 -
222.70.176.97 - - [10/Dec/2021:08:37:02 +0800] "GET /xingrg/all/function/internal_message.html?_=1639096618344&CODE_STATE=getMsg HTTP/1.1" 302 -
222.70.176.97 - - [10/Dec/2021:08:37:14 +0800] "GET /xingrg/all/function/internal_message.html?_=1639096299586&CODE_STATE=getMsg HTTP/1.1" 302 -
120.253.135.82 - - [10/Dec/2021:08:37:18 +0800] "GET /xingrg/kc/pszx/mdps_order_info.html?code=312021120800214 HTTP/1.1" 200 19585
120.253.135.82 - - [10/Dec/2021:08:37:19 +0800] "POST /xingrg/kc/pszx/mdps_order_operate.html HTTP/1.1" 200 491
120.253.135.82 - - [10/Dec/2021:08:37:19 +0800] "GET /xingrg/javascript/easyui/themes/default/validatebox.css HTTP/1.1" 404 1104
120.253.135.82 - - [10/Dec/2021:08:37:20 +0800] "GET /xingrg/all/function/internal_message.html?_=1639096416129&CODE_STATE=getMsg HTTP/1.1" 200 27
120.253.135.82 - - [10/Dec/2021:08:37:23 +0800] "GET /xingrg/kc/pszx/mdps_order_info.html?code=312021120800214 HTTP/1.1" 200 19585
120.253.135.82 - - [10/Dec/2021:08:37:24 +0800] "POST /xingrg/kc/pszx/mdps_order_operate.html HTTP/1.1" 200 491
120.253.135.82 - - [10/Dec/2021:08:37:24 +0800] "GET /xingrg/javascript/easyui/themes/default/validatebox.css HTTP/1.1" 404 1104
120.253.135.82 - - [10/Dec/2021:08:37:25 +0800] "GET /xingrg/all/function/internal_message.html?_=1639096775104&CODE_STATE=getMsg HTTP/1.1" 200 27
116.227.210.113 - - [10/Dec/2021:08:37:28 +0800] "GET /xingrg/all/function/internal_message.html?_=1639096644572&CODE_STATE=getMsg HTTP/1.1" 200 27
124.77.240.52 - - [10/Dec/2021:08:37:31 +0800] "GET /xingrg/all/function/internal_message.html?_=1639096666346&CODE_STATE=getMsg HTTP/1.1" 200 27
116.238.248.233 - - [10/Dec/2021:08:37:31 +0800] "GET /xingrg/all/function/internal_message.html?_=1639096648582&CODE_STATE=getMsg HTTP/1.1" 200 27
124.78.153.86 - - [10/Dec/2021:08:37:45 +0800] "GET /xingrg/all/function/internal_message.html?_=1639096669796&CODE_STATE=getMsg HTTP/1.1" 200 27
116.233.75.93 - - [10/Dec/2021:08:37:49 +0800] "GET /xingrg/all/function/internal_message.html?_=1639096671801&CODE_STATE=getMsg HTTP/1.1" 302 -
116.233.75.93 - - [10/Dec/2021:08:37:49 +0800] "GET /xingrg/check_reg.html?_=1639096671802 HTTP/1.1" 302 -
116.233.75.93 - - [10/Dec/2021:08:37:49 +0800] "GET /xingrg/login.html HTTP/1.1" 200 7641
116.233.75.93 - - [10/Dec/2021:08:37:49 +0800] "GET /xingrg/login.html HTTP/1.1" 200 7641
120.253.135.82 - - [10/Dec/2021:08:37:50 +0800] "POST /xingrg/kc/pszx/mdps_list_operate.html HTTP/1.1" 200 1871
180.169.147.146 - - [10/Dec/2021:08:37:50 +0800] "GET /xingrg/all/function/internal_message.html?_=1639096668435&CODE_STATE=getMsg HTTP/1.1" 302 -
58.35.215.131 - - [10/Dec/2021:08:37:59 +0800] "GET /xingrg/check_reg.html?_=1639096676004 HTTP/1.1" 302 -
114.85.125.222 - - [10/Dec/2021:08:38:00 +0800] "GET /xingrg/all/function/internal_message.html?_=1639096637567&CODE_STATE=getMsg HTTP/1.1" 302 -
222.70.176.97 - - [10/Dec/2021:08:38:02 +0800] "GET /xingrg/all/function/internal_message.html?_=1639096678330&CODE_STATE=getMsg HTTP/1.1" 302 -
120.253.135.82 - - [10/Dec/2021:08:38:12 +0800] "GET /xingrg/javascript/jquery_easy_ui/themes/default/images/tabs_active.png HTTP/1.1" 200 2894
222.70.176.97 - - [10/Dec/2021:08:38:14 +0800] "GET /xingrg/all/function/internal_message.html?_=1639096359586&CODE_STATE=getMsg HTTP/1.1" 302 -
222.70.176.97 - - [10/Dec/2021:08:38:14 +0800] "GET /xingrg/check_reg.html?_=1639096359588 HTTP/1.1" 302 -
120.253.135.82 - - [10/Dec/2021:08:38:15 +0800] "POST /xingrg/kc/pszx/mdps_list_operate.html HTTP/1.1" 200 214
120.253.135.82 - - [10/Dec/2021:08:38:20 +0800] "GET /xingrg/all/function/internal_message.html?_=1639096476143&CODE_STATE=getMsg HTTP/1.1" 200 27
116.227.210.113 - - [10/Dec/2021:08:38:24 +0800] "GET /xingrg/check_reg.html?_=1639096701133 HTTP/1.1" 200 22
120.253.135.82 - - [10/Dec/2021:08:38:25 +0800] "GET /xingrg/all/function/internal_message.html?_=1639096835115&CODE_STATE=getMsg HTTP/1.1" 200 27
116.227.210.113 - - [10/Dec/2021:08:38:28 +0800] "GET /xingrg/all/function/internal_message.html?_=1639096704565&CODE_STATE=getMsg HTTP/1.1" 200 27
124.77.240.52 - - [10/Dec/2021:08:38:31 +0800] "GET /xingrg/all/function/internal_message.html?_=1639096726355&CODE_STATE=getMsg HTTP/1.1" 200 27
116.238.248.233 - - [10/Dec/2021:08:38:31 +0800] "GET /xingrg/all/function/internal_message.html?_=1639096708592&CODE_STATE=getMsg HTTP/1.1" 200 27
120.253.135.82 - - [10/Dec/2021:08:38:38 +0800] "GET /xingrg/kc/buy/cgsh_order_list.html HTTP/1.1" 200 49163
120.253.135.82 - - [10/Dec/2021:08:38:40 +0800] "POST /xingrg/kc/buy/cgsh_list_operate.html HTTP/1.1" 200 2031
120.253.135.82 - - [10/Dec/2021:08:38:44 +0800] "POST /xingrg/kc/buy/cgsh_list_operate.html HTTP/1.1" 200 292
124.78.153.86 - - [10/Dec/2021:08:38:45 +0800] "GET /xingrg/all/function/internal_message.html?_=1639096729811&CODE_STATE=getMsg HTTP/1.1" 200 27
120.253.135.82 - - [10/Dec/2021:08:38:48 +0800] "GET /xingrg/kc/buy/cgsh_order_info.html?code=212021121003808 HTTP/1.1" 200 63965
120.253.135.82 - - [10/Dec/2021:08:38:49 +0800] "GET /xingrg/javascript/easyui/themes/default/validatebox.css HTTP/1.1" 404 1104
120.253.135.82 - - [10/Dec/2021:08:38:49 +0800] "POST /xingrg/kc/buy/cgsh_order_operate.html HTTP/1.1" 200 3285
116.233.75.93 - - [10/Dec/2021:08:38:49 +0800] "GET /xingrg/all/function/internal_message.html?_=1639096731802&CODE_STATE=getMsg HTTP/1.1" 302 -
116.233.75.93 - - [10/Dec/2021:08:38:49 +0800] "GET /xingrg/login.html HTTP/1.1" 200 7641
180.169.147.146 - - [10/Dec/2021:08:38:50 +0800] "GET /xingrg/all/function/internal_message.html?_=1639096728436&CODE_STATE=getMsg HTTP/1.1" 302 -
114.85.125.222 - - [10/Dec/2021:08:39:00 +0800] "GET /xingrg/all/function/internal_message.html?_=1639096697573&CODE_STATE=getMsg HTTP/1.1" 302 -
222.70.176.97 - - [10/Dec/2021:08:39:02 +0800] "GET /xingrg/all/function/internal_message.html?_=1639096738315&CODE_STATE=getMsg HTTP/1.1" 302 -
222.70.176.97 - - [10/Dec/2021:08:39:14 +0800] "GET /xingrg/all/function/internal_message.html?_=1639096419587&CODE_STATE=getMsg HTTP/1.1" 302 -
120.253.135.82 - - [10/Dec/2021:08:39:20 +0800] "GET /xingrg/all/function/internal_message.html?_=1639096536330&CODE_STATE=getMsg HTTP/1.1" 200 27
120.253.135.82 - - [10/Dec/2021:08:39:25 +0800] "GET /xingrg/check_reg.html?_=1639096894633 HTTP/1.1" 200 22
120.253.135.82 - - [10/Dec/2021:08:39:25 +0800] "GET /xingrg/all/function/internal_message.html?_=1639096895130&CODE_STATE=getMsg HTTP/1.1" 200 27
116.227.210.113 - - [10/Dec/2021:08:39:28 +0800] "GET /xingrg/all/function/internal_message.html?_=1639096764554&CODE_STATE=getMsg HTTP/1.1" 200 27
124.77.240.52 - - [10/Dec/2021:08:39:31 +0800] "GET /xingrg/all/function/internal_message.html?_=1639096786447&CODE_STATE=getMsg HTTP/1.1" 200 27
116.238.248.233 - - [10/Dec/2021:08:39:31 +0800] "GET /xingrg/all/function/internal_message.html?_=1639096768589&CODE_STATE=getMsg HTTP/1.1" 200 27
124.78.153.86 - - [10/Dec/2021:08:39:45 +0800] "GET /xingrg/all/function/internal_message.html?_=1639096789809&CODE_STATE=getMsg HTTP/1.1" 200 27
116.233.75.93 - - [10/Dec/2021:08:39:49 +0800] "GET /xingrg/all/function/internal_message.html?_=1639096791807&CODE_STATE=getMsg HTTP/1.1" 302 -
116.233.75.93 - - [10/Dec/2021:08:39:49 +0800] "GET /xingrg/login.html HTTP/1.1" 200 7641
114.83.222.61 - - [10/Dec/2021:08:39:50 +0800] "GET /xingrg/login.html?sysBaseUrl=http%3A%2F%2F180.169.147.146%3A18081%2Fxingrg%2F&costTime=31×tamp=1615347190560 HTTP/1.1" 200 7641
114.83.222.61 - - [10/Dec/2021:08:39:50 +0800] "GET /favicon.ico HTTP/1.1" 404 -
180.169.147.146 - - [10/Dec/2021:08:39:50 +0800] "GET /xingrg/all/function/internal_message.html?_=1639096788442&CODE_STATE=getMsg HTTP/1.1" 302 -
114.85.125.222 - - [10/Dec/2021:08:40:00 +0800] "GET /xingrg/all/function/internal_message.html?_=1639096757598&CODE_STATE=getMsg HTTP/1.1" 302 -
222.70.176.97 - - [10/Dec/2021:08:40:02 +0800] "GET /xingrg/all/function/internal_message.html?_=1639096798300&CODE_STATE=getMsg HTTP/1.1" 302 -
124.77.240.52 - - [10/Dec/2021:08:40:12 +0800] "GET /xingrg/check_reg.html?_=1639096827229 HTTP/1.1" 200 22
222.70.176.97 - - [10/Dec/2021:08:40:14 +0800] "GET /xingrg/all/function/internal_message.html?_=1639096479587&CODE_STATE=getMsg HTTP/1.1" 302 -
124.77.240.52 - - [10/Dec/2021:08:40:17 +0800] "GET /favicon.ico HTTP/1.1" 404 -
120.253.135.82 - - [10/Dec/2021:08:40:19 +0800] "GET /xingrg/check_reg.html?_=1639096594581 HTTP/1.1" 200 22
120.253.135.82 - - [10/Dec/2021:08:40:20 +0800] "GET /xingrg/all/function/internal_message.html?_=1639096596342&CODE_STATE=getMsg HTTP/1.1" 200 27
120.253.135.82 - - [10/Dec/2021:08:40:25 +0800] "GET /xingrg/all/function/internal_message.html?_=1639096955142&CODE_STATE=getMsg HTTP/1.1" 200 27
222.70.176.97 - - [10/Dec/2021:08:40:26 +0800] "GET /xingrg/check_reg.html?_=1639096821625 HTTP/1.1" 302 -
116.227.210.113 - - [10/Dec/2021:08:40:28 +0800] "GET /xingrg/all/function/internal_message.html?_=1639096824528&CODE_STATE=getMsg HTTP/1.1" 200 27
124.77.240.52 - - [10/Dec/2021:08:40:31 +0800] "GET /xingrg/all/function/internal_message.html?_=1639096846460&CODE_STATE=getMsg HTTP/1.1" 200 27
116.238.248.233 - - [10/Dec/2021:08:40:31 +0800] "GET /xingrg/all/function/internal_message.html?_=1639096828588&CODE_STATE=getMsg HTTP/1.1" 200 27
120.253.135.82 - - [10/Dec/2021:08:40:37 +0800] "GET /xingrg/login.html HTTP/1.1" 200 7641
120.253.135.82 - - [10/Dec/2021:08:40:37 +0800] "GET /xingrg/images/blue/jxLogo.png HTTP/1.1" 304 -
120.253.135.82 - - [10/Dec/2021:08:40:37 +0800] "GET /xingrg/images/blue/login_bg.png HTTP/1.1" 304 -
120.253.135.82 - - [10/Dec/2021:08:40:37 +0800] "GET /xingrg/images/blue/hj.png HTTP/1.1" 304 -
120.253.135.82 - - [10/Dec/2021:08:40:37 +0800] "GET /xingrg/images/blue/srbg.png HTTP/1.1" 304 -
120.253.135.82 - - [10/Dec/2021:08:40:37 +0800] "GET /favicon.ico HTTP/1.1" 404 -
120.253.135.82 - - [10/Dec/2021:08:40:40 +0800] "POST /xingrg/login.do HTTP/1.1" 302 -
120.253.135.82 - - [10/Dec/2021:08:40:40 +0800] "GET /xingrg/index.html?sysBaseUrl=http%3A%2F%2F180.169.147.146%3A18081%2Fxingrg%2F&costTime=40×tamp=1639096840768 HTTP/1.1" 200 17173
120.253.135.82 - - [10/Dec/2021:08:40:40 +0800] "GET /xingrg/javascript/jquery_easy_ui/themes/default/easyui.css HTTP/1.1" 304 -
120.253.135.82 - - [10/Dec/2021:08:40:40 +0800] "GET /xingrg/css/form.css HTTP/1.1" 304 -
120.253.135.82 - - [10/Dec/2021:08:40:40 +0800] "GET /xingrg/javascript/jquery-1.4.2.min.js HTTP/1.1" 304 -
120.253.135.82 - - [10/Dec/2021:08:40:40 +0800] "GET /xingrg/javascript/jquery.form.js HTTP/1.1" 304 -
120.253.135.82 - - [10/Dec/2021:08:40:40 +0800] "GET /xingrg/javascript/jquery_easy_ui/themes/icon.css HTTP/1.1" 304 -
120.253.135.82 - - [10/Dec/2021:08:40:40 +0800] "GET /xingrg/javascript/jquery_easy_ui/jquery.easyui.min.js HTTP/1.1" 304 -
120.253.135.82 - - [10/Dec/2021:08:40:40 +0800] "GET /xingrg/javascript/jquery.utils.js HTTP/1.1" 304 -
120.253.135.82 - - [10/Dec/2021:08:40:40 +0800] "GET /xingrg/javascript/jquery_easy_ui/easyui-lang-zh_CN.js HTTP/1.1" 304 -
120.253.135.82 - - [10/Dec/2021:08:40:40 +0800] "GET /xingrg/javascript/jquery.timers.js HTTP/1.1" 304 -
120.253.135.82 - - [10/Dec/2021:08:40:40 +0800] "GET /xingrg/images/blue/navBackgound.jpg HTTP/1.1" 304 -
120.253.135.82 - - [10/Dec/2021:08:40:40 +0800] "GET /xingrg/javascript/jquery_easy_ui/themes/icons/settle_new.png HTTP/1.1" 304 -
120.253.135.82 - - [10/Dec/2021:08:40:41 +0800] "GET /xingrg/javascript/jquery_easy_ui/themes/default/images/tabs_leftarrow.png HTTP/1.1" 304 -
120.253.135.82 - - [10/Dec/2021:08:40:41 +0800] "GET /xingrg/javascript/jquery_easy_ui/themes/default/images/tabs_rightarrow.png HTTP/1.1" 304 -
120.253.135.82 - - [10/Dec/2021:08:40:41 +0800] "POST /xingrg/all/common/load_tree.html?tree=area_rest_tree_json&manage=1 HTTP/1.1" 200 344
120.253.135.82 - - [10/Dec/2021:08:40:41 +0800] "GET /xingrg/images/blue/pingpu.png HTTP/1.1" 304 -
120.253.135.82 - - [10/Dec/2021:08:40:41 +0800] "GET /xingrg/javascript/jquery_easy_ui/themes/default/images/panel_tool_collapse.gif HTTP/1.1" 304 -
120.253.135.82 - - [10/Dec/2021:08:40:41 +0800] "GET /xingrg/all/function/internal_message.html?_=1639096616681&CODE_STATE=count HTTP/1.1" 200 11
120.253.135.82 - - [10/Dec/2021:08:40:41 +0800] "GET /xingrg/check_reg.html?_=1639096616682 HTTP/1.1" 200 22
120.253.135.82 - - [10/Dec/2021:08:40:41 +0800] "POST /xingrg/load_menu.html HTTP/1.1" 200 6743
120.253.135.82 - - [10/Dec/2021:08:40:41 +0800] "GET /xingrg/javascript/jquery_easy_ui/themes/default/images/tree_arrows.gif HTTP/1.1" 304 -
120.253.135.82 - - [10/Dec/2021:08:40:41 +0800] "GET /favicon.ico HTTP/1.1" 404 -
120.253.135.82 - - [10/Dec/2021:08:40:41 +0800] "GET /xingrg/javascript/jquery_easy_ui/themes/icons/forms_new.png HTTP/1.1" 304 -
120.253.135.82 - - [10/Dec/2021:08:40:41 +0800] "GET /xingrg/javascript/jquery_easy_ui/themes/default/images/tree_folder_open.gif HTTP/1.1" 304 -
120.253.135.82 - - [10/Dec/2021:08:40:41 +0800] "GET /xingrg/javascript/jquery_easy_ui/themes/default/images/tree_file.gif HTTP/1.1" 304 -
120.253.135.82 - - [10/Dec/2021:08:40:41 +0800] "GET /xingrg/javascript/jquery_easy_ui/themes/icons/storage_new.png HTTP/1.1" 304 -
120.253.135.82 - - [10/Dec/2021:08:40:41 +0800] "GET /xingrg/javascript/jquery_easy_ui/themes/default/images/tree_folder.gif HTTP/1.1" 304 -
120.253.135.82 - - [10/Dec/2021:08:40:41 +0800] "GET /xingrg/javascript/jquery_easy_ui/themes/icons/delivery_new.png HTTP/1.1" 304 -
120.253.135.82 - - [10/Dec/2021:08:40:41 +0800] "GET /xingrg/javascript/jquery_easy_ui/themes/icons/search_new.png HTTP/1.1" 304 -
120.253.135.82 - - [10/Dec/2021:08:40:44 +0800] "GET /xingrg/javascript/jquery_easy_ui/themes/default/images/tabs_close.gif HTTP/1.1" 304 -
120.253.135.82 - - [10/Dec/2021:08:40:44 +0800] "GET /xingrg/kc/pszx/mdqp_order_list.html?state=10 HTTP/1.1" 200 10217
120.253.135.82 - - [10/Dec/2021:08:40:44 +0800] "GET /xingrg/css/blue.css HTTP/1.1" 304 -
120.253.135.82 - - [10/Dec/2021:08:40:44 +0800] "GET /xingrg/javascript/pic_change.js HTTP/1.1" 304 -
120.253.135.82 - - [10/Dec/2021:08:40:44 +0800] "GET /xingrg/javascript/myfunction.js HTTP/1.1" 304 -
120.253.135.82 - - [10/Dec/2021:08:40:44 +0800] "GET /xingrg/dwr/interface/AjaxReportQueryService.js HTTP/1.1" 200 13203
120.253.135.82 - - [10/Dec/2021:08:40:44 +0800] "GET /xingrg/dwr/interface/AjaxQqpsService.js HTTP/1.1" 200 16326
120.253.135.82 - - [10/Dec/2021:08:40:44 +0800] "GET /xingrg/javascript/Calendar.js HTTP/1.1" 200 31561
114.83.222.61 - - [10/Dec/2021:08:40:44 +0800] "POST /xingrg/login.do HTTP/1.1" 302 -
120.253.135.82 - - [10/Dec/2021:08:40:44 +0800] "GET /xingrg/dwr/util.js HTTP/1.1" 200 35990
120.253.135.82 - - [10/Dec/2021:08:40:44 +0800] "GET /xingrg/dwr/engine.js HTTP/1.1" 200 43631
114.83.222.61 - - [10/Dec/2021:08:40:44 +0800] "GET /xingrg/index.html?sysBaseUrl=http%3A%2F%2F180.169.147.146%3A18081%2Fxingrg%2F&costTime=54×tamp=1639096844456 HTTP/1.1" 200 17179
120.253.135.82 - - [10/Dec/2021:08:40:44 +0800] "GET /xingrg/javascript/jquery_easy_ui/themes/icons/back_new.png HTTP/1.1" 200 3414
120.253.135.82 - - [10/Dec/2021:08:40:44 +0800] "GET /xingrg/javascript/jquery_easy_ui/themes/icons/check_new.png HTTP/1.1" 304 -
120.253.135.82 - - [10/Dec/2021:08:40:44 +0800] "GET /xingrg/javascript/jquery_easy_ui/themes/icons/uncheck_new.png HTTP/1.1" 200 3197
114.83.222.61 - - [10/Dec/2021:08:40:44 +0800] "GET /favicon.ico HTTP/1.1" 404 -
114.83.222.61 - - [10/Dec/2021:08:40:44 +0800] "POST /xingrg/all/common/load_tree.html?tree=area_rest_tree_json&manage=1 HTTP/1.1" 200 351
114.83.222.61 - - [10/Dec/2021:08:40:44 +0800] "GET /xingrg/check_reg.html?_=1639096842574 HTTP/1.1" 200 22
114.83.222.61 - - [10/Dec/2021:08:40:44 +0800] "GET /xingrg/all/function/internal_message.html?_=1639096842573&CODE_STATE=count HTTP/1.1" 200 11
114.83.222.61 - - [10/Dec/2021:08:40:44 +0800] "POST /xingrg/load_menu.html HTTP/1.1" 200 5138
124.78.153.86 - - [10/Dec/2021:08:40:45 +0800] "GET /xingrg/all/function/internal_message.html?_=1639096849811&CODE_STATE=getMsg HTTP/1.1" 200 27
124.78.153.86 - - [10/Dec/2021:08:40:45 +0800] "GET /xingrg/check_reg.html?_=1639096849810 HTTP/1.1" 200 22
116.233.75.93 - - [10/Dec/2021:08:40:49 +0800] "GET /xingrg/all/function/internal_message.html?_=1639096851807&CODE_STATE=getMsg HTTP/1.1" 302 -
116.233.75.93 - - [10/Dec/2021:08:40:49 +0800] "GET /xingrg/login.html HTTP/1.1" 200 7641
180.169.147.146 - - [10/Dec/2021:08:40:50 +0800] "GET /xingrg/check_reg.html?_=1639096848446 HTTP/1.1" 302 -
180.169.147.146 - - [10/Dec/2021:08:40:50 +0800] "GET /xingrg/all/function/internal_message.html?_=1639096848448&CODE_STATE=getMsg HTTP/1.1" 302 -
120.253.135.82 - - [10/Dec/2021:08:40:53 +0800] "GET /xingrg/css/site.css HTTP/1.1" 304 -
120.253.135.82 - - [10/Dec/2021:08:40:53 +0800] "GET /xingrg/javascript/jquery_tools/datebox.css HTTP/1.1" 304 -
120.253.135.82 - - [10/Dec/2021:08:40:53 +0800] "GET /xingrg/javascript/easyui/themes/default/easyui.css HTTP/1.1" 304 -
120.253.135.82 - - [10/Dec/2021:08:40:53 +0800] "GET /xingrg/css/base.css HTTP/1.1" 304 -
120.253.135.82 - - [10/Dec/2021:08:40:53 +0800] "GET /xingrg/javascript/easyui/themes/icon.css HTTP/1.1" 304 -
120.253.135.82 - - [10/Dec/2021:08:40:53 +0800] "GET /xingrg/javascript/jquery_tools/fix.css HTTP/1.1" 304 -
120.253.135.82 - - [10/Dec/2021:08:40:53 +0800] "GET /xingrg/javascript/auto/jquery.autocomplete.css HTTP/1.1" 304 -
120.253.135.82 - - [10/Dec/2021:08:40:53 +0800] "GET /xingrg/javascript/jquery_tools/jquery.tools.extend.js HTTP/1.1" 304 -
120.253.135.82 - - [10/Dec/2021:08:40:53 +0800] "GET /xingrg/javascript/jquery_tools/table.css HTTP/1.1" 304 -
120.253.135.82 - - [10/Dec/2021:08:40:53 +0800] "GET /xingrg/javascript/jquery_tools/jquery.tools.hotkey.js HTTP/1.1" 304 -
120.253.135.82 - - [10/Dec/2021:08:40:53 +0800] "GET /xingrg/javascript/auto/jquery.autocomplete.js HTTP/1.1" 304 -
120.253.135.82 - - [10/Dec/2021:08:40:53 +0800] "GET /xingrg/javascript/jquery_tools/jquery.tools.table.js HTTP/1.1" 304 -
120.253.135.82 - - [10/Dec/2021:08:40:53 +0800] "GET /xingrg/javascript/jquery_tools/list_manager.js HTTP/1.1" 304 -
120.253.135.82 - - [10/Dec/2021:08:40:53 +0800] "GET /xingrg/javascript/easyui/easyloader.js HTTP/1.1" 304 -
120.253.135.82 - - [10/Dec/2021:08:40:53 +0800] "GET /xingrg/javascript/jquery.cookie.js HTTP/1.1" 304 -
120.253.135.82 - - [10/Dec/2021:08:40:53 +0800] "GET /xingrg/javascript/jquery_tools/jquery.tools.min.js HTTP/1.1" 304 -
120.253.135.82 - - [10/Dec/2021:08:40:53 +0800] "GET /xingrg/javascript/print/LodopFuncs.js HTTP/1.1" 304 -
120.253.135.82 - - [10/Dec/2021:08:40:53 +0800] "GET /xingrg/kc/buy/cgsh_order_list.html HTTP/1.1" 200 49163
120.253.135.82 - - [10/Dec/2021:08:40:53 +0800] "GET /xingrg/javascript/easyui/themes/icons/import_new.png HTTP/1.1" 304 -
120.253.135.82 - - [10/Dec/2021:08:40:53 +0800] "GET /xingrg/javascript/easyui/themes/icons/edit_add_new.png HTTP/1.1" 304 -
120.253.135.82 - - [10/Dec/2021:08:40:53 +0800] "GET /xingrg/javascript/easyui/themes/icons/cance_new.png HTTP/1.1" 304 -
120.253.135.82 - - [10/Dec/2021:08:40:53 +0800] "GET /xingrg/javascript/easyui/themes/icons/field_new.png HTTP/1.1" 304 -
120.253.135.82 - - [10/Dec/2021:08:40:53 +0800] "GET /xingrg/javascript/easyui/themes/icons/check_new.png HTTP/1.1" 304 -
120.253.135.82 - - [10/Dec/2021:08:40:53 +0800] "GET /xingrg/javascript/easyui/plugins/jquery.parser.js HTTP/1.1" 304 -
120.253.135.82 - - [10/Dec/2021:08:40:53 +0800] "GET /xingrg/images/control/ajaxLoader.gif HTTP/1.1" 304 -
120.253.135.82 - - [10/Dec/2021:08:40:55 +0800] "POST /xingrg/kc/buy/cgsh_list_operate.html HTTP/1.1" 200 2031
120.253.135.82 - - [10/Dec/2021:08:40:58 +0800] "POST /xingrg/kc/buy/cgsh_list_operate.html HTTP/1.1" 200 292
120.253.135.82 - - [10/Dec/2021:08:40:59 +0800] "GET /xingrg/javascript/convert.js HTTP/1.1" 304 -
120.253.135.82 - - [10/Dec/2021:08:40:59 +0800] "GET /xingrg/javascript/print/kc_print.js HTTP/1.1" 304 -
120.253.135.82 - - [10/Dec/2021:08:40:59 +0800] "GET /xingrg/javascript/jquery_tools/order_manager.js HTTP/1.1" 304 -
120.253.135.82 - - [10/Dec/2021:08:40:59 +0800] "GET /xingrg/javascript/json2.js HTTP/1.1" 304 -
120.253.135.82 - - [10/Dec/2021:08:40:59 +0800] "GET /xingrg/kc/buy/cgsh_order_info.html?code=212021121003808 HTTP/1.1" 200 63965
120.253.135.82 - - [10/Dec/2021:08:40:59 +0800] "GET /xingrg/words/20211209162503_words.js HTTP/1.1" 304 -
120.253.135.82 - - [10/Dec/2021:08:40:59 +0800] "GET /xingrg/javascript/easyui/themes/icons/copy_new.png HTTP/1.1" 304 -
120.253.135.82 - - [10/Dec/2021:08:40:59 +0800] "GET /xingrg/javascript/easyui/themes/icons/template_new.png HTTP/1.1" 304 -
120.253.135.82 - - [10/Dec/2021:08:40:59 +0800] "GET /xingrg/javascript/easyui/themes/icons/print.png HTTP/1.1" 304 -
120.253.135.82 - - [10/Dec/2021:08:40:59 +0800] "GET /xingrg/javascript/easyui/themes/icons/ok.png HTTP/1.1" 304 -
120.253.135.82 - - [10/Dec/2021:08:40:59 +0800] "GET /xingrg/javascript/easyui/themes/icons/cancel.png HTTP/1.1" 304 -
120.253.135.82 - - [10/Dec/2021:08:40:59 +0800] "GET /xingrg/javascript/easyui/themes/default/images/menu_downarrow.png HTTP/1.1" 304 -
120.253.135.82 - - [10/Dec/2021:08:40:59 +0800] "GET /xingrg/all/common/auto_word.html?type=employee&rest_code=00101 HTTP/1.1" 200 923
120.253.135.82 - - [10/Dec/2021:08:40:59 +0800] "GET /xingrg/all/common/auto_word.html?type=employee&rest_code=00101 HTTP/1.1" 200 923
120.253.135.82 - - [10/Dec/2021:08:40:59 +0800] "GET /xingrg/javascript/easyui/plugins/jquery.validatebox.js HTTP/1.1" 304 -
120.253.135.82 - - [10/Dec/2021:08:40:59 +0800] "GET /xingrg/javascript/easyui/themes/default/validatebox.css HTTP/1.1" 404 1104
120.253.135.82 - - [10/Dec/2021:08:40:59 +0800] "GET /xingrg/javascript/easyui/plugins/jquery.numberbox.js HTTP/1.1" 304 -
120.253.135.82 - - [10/Dec/2021:08:41:00 +0800] "POST /xingrg/kc/buy/cgsh_order_operate.html HTTP/1.1" 200 3285
120.253.135.82 - - [10/Dec/2021:08:41:00 +0800] "GET /xingrg/javascript/easyui/themes/icons/edit_remove.png HTTP/1.1" 304 -
114.85.125.222 - - [10/Dec/2021:08:41:00 +0800] "GET /xingrg/all/function/internal_message.html?_=1639096817601&CODE_STATE=getMsg HTTP/1.1" 302 -
120.253.135.82 - - [10/Dec/2021:08:41:01 +0800] "GET /xingrg/javascript/easyui/themes/default/images/button_plain_hover.png HTTP/1.1" 304 -
120.253.135.82 - - [10/Dec/2021:08:41:02 +0800] "GET /xingrg/kc/print/load_config.html?kc_code=cgsh HTTP/1.1" 200 1927
120.253.135.82 - - [10/Dec/2021:08:41:02 +0800] "GET /xingrg/kc/print/load_data.html?order_code=212021121003808&kc_code=cgsh&condition= HTTP/1.1" 200 1010
222.70.176.97 - - [10/Dec/2021:08:41:02 +0800] "GET /xingrg/all/function/internal_message.html?_=1639096858271&CODE_STATE=getMsg HTTP/1.1" 302 -
120.253.135.82 - - [10/Dec/2021:08:41:09 +0800] "POST /xingrg/all/common/load_tree.html?tree=area_rest_tree_json&manage=1 HTTP/1.1" 200 344
120.253.135.82 - - [10/Dec/2021:08:41:09 +0800] "GET /xingrg/check_reg.html?_=1639096999166 HTTP/1.1" 200 22
120.253.135.82 - - [10/Dec/2021:08:41:09 +0800] "GET /xingrg/all/function/internal_message.html?_=1639096999165&CODE_STATE=count HTTP/1.1" 200 11
120.253.135.82 - - [10/Dec/2021:08:41:09 +0800] "POST /xingrg/load_menu.html HTTP/1.1" 200 6743
120.253.135.82 - - [10/Dec/2021:08:41:10 +0800] "GET /favicon.ico HTTP/1.1" 404 -
222.70.176.97 - - [10/Dec/2021:08:41:14 +0800] "GET /xingrg/all/function/internal_message.html?_=1639096539586&CODE_STATE=getMsg HTTP/1.1" 302 -
116.227.210.113 - - [10/Dec/2021:08:41:28 +0800] "GET /xingrg/all/function/internal_message.html?_=1639096884508&CODE_STATE=getMsg HTTP/1.1" 200 27
124.77.240.52 - - [10/Dec/2021:08:41:31 +0800] "GET /xingrg/all/function/internal_message.html?_=1639096906475&CODE_STATE=getMsg HTTP/1.1" 200 27
116.238.248.233 - - [10/Dec/2021:08:41:31 +0800] "GET /xingrg/all/function/internal_message.html?_=1639096888602&CODE_STATE=getMsg HTTP/1.1" 200 27
116.238.248.233 - - [10/Dec/2021:08:41:31 +0800] "GET /xingrg/check_reg.html?_=1639096888604 HTTP/1.1" 200 22
114.83.222.61 - - [10/Dec/2021:08:41:38 +0800] "GET /xingrg/kc/buy/cgsh_order_list.html HTTP/1.1" 200 49169
114.83.222.61 - - [10/Dec/2021:08:41:38 +0800] "GET /xingrg/css/base.css HTTP/1.1" 200 2811
114.83.222.61 - - [10/Dec/2021:08:41:38 +0800] "GET /xingrg/javascript/jquery_tools/datebox.css HTTP/1.1" 200 2597
114.83.222.61 - - [10/Dec/2021:08:41:38 +0800] "GET /xingrg/css/site.css HTTP/1.1" 200 7541
114.83.222.61 - - [10/Dec/2021:08:41:38 +0800] "GET /xingrg/javascript/easyui/themes/icon.css HTTP/1.1" 200 4483
114.83.222.61 - - [10/Dec/2021:08:41:38 +0800] "GET /xingrg/javascript/auto/jquery.autocomplete.css HTTP/1.1" 200 587
114.83.222.61 - - [10/Dec/2021:08:41:38 +0800] "GET /xingrg/javascript/jquery_tools/fix.css HTTP/1.1" 200 1702
114.83.222.61 - - [10/Dec/2021:08:41:38 +0800] "GET /xingrg/javascript/jquery_tools/table.css HTTP/1.1" 200 1032
114.83.222.61 - - [10/Dec/2021:08:41:38 +0800] "GET /xingrg/javascript/jquery_tools/jquery.tools.min.js HTTP/1.1" 200 138801
114.83.222.61 - - [10/Dec/2021:08:41:38 +0800] "GET /xingrg/javascript/easyui/themes/default/easyui.css HTTP/1.1" 200 30432
114.83.222.61 - - [10/Dec/2021:08:41:38 +0800] "GET /xingrg/javascript/jquery_tools/jquery.tools.table.js HTTP/1.1" 200 6994
114.83.222.61 - - [10/Dec/2021:08:41:39 +0800] "GET /xingrg/javascript/jquery_tools/list_manager.js HTTP/1.1" 200 3652
114.83.222.61 - - [10/Dec/2021:08:41:39 +0800] "GET /xingrg/javascript/jquery_tools/jquery.tools.extend.js HTTP/1.1" 200 15385
114.83.222.61 - - [10/Dec/2021:08:41:39 +0800] "GET /xingrg/javascript/jquery_tools/jquery.tools.hotkey.js HTTP/1.1" 200 3242
114.83.222.61 - - [10/Dec/2021:08:41:39 +0800] "GET /xingrg/javascript/easyui/easyloader.js HTTP/1.1" 200 5975
114.83.222.61 - - [10/Dec/2021:08:41:39 +0800] "GET /xingrg/javascript/jquery.cookie.js HTTP/1.1" 200 5513
114.83.222.61 - - [10/Dec/2021:08:41:39 +0800] "GET /xingrg/javascript/auto/jquery.autocomplete.js HTTP/1.1" 200 21624
114.83.222.61 - - [10/Dec/2021:08:41:39 +0800] "GET /xingrg/javascript/jquery.utils.js HTTP/1.1" 200 11805
114.83.222.61 - - [10/Dec/2021:08:41:39 +0800] "GET /xingrg/javascript/print/LodopFuncs.js HTTP/1.1" 200 5121
114.83.222.61 - - [10/Dec/2021:08:41:39 +0800] "GET /favicon.ico HTTP/1.1" 404 -
114.83.222.61 - - [10/Dec/2021:08:41:39 +0800] "GET /xingrg/javascript/easyui/themes/icons/edit_add_new.png HTTP/1.1" 200 2997
114.83.222.61 - - [10/Dec/2021:08:41:39 +0800] "GET /xingrg/javascript/easyui/themes/icons/check_new.png HTTP/1.1" 200 3224
114.83.222.61 - - [10/Dec/2021:08:41:39 +0800] "GET /xingrg/javascript/easyui/themes/icons/cance_new.png HTTP/1.1" 200 3986
114.83.222.61 - - [10/Dec/2021:08:41:39 +0800] "GET /xingrg/javascript/easyui/themes/icons/field_new.png HTTP/1.1" 200 1097
114.83.222.61 - - [10/Dec/2021:08:41:39 +0800] "GET /xingrg/javascript/easyui/themes/icons/import_new.png HTTP/1.1" 200 1247
114.83.222.61 - - [10/Dec/2021:08:41:39 +0800] "GET /xingrg/javascript/easyui/plugins/jquery.parser.js HTTP/1.1" 200 1142
114.83.222.61 - - [10/Dec/2021:08:41:39 +0800] "GET /xingrg/images/control/ajaxLoader.gif HTTP/1.1" 200 4659
114.83.222.61 - - [10/Dec/2021:08:41:40 +0800] "POST /xingrg/kc/buy/cgsh_list_operate.html HTTP/1.1" 200 876
120.253.135.82 - - [10/Dec/2021:08:41:41 +0800] "GET /xingrg/all/function/internal_message.html?_=1639096676693&CODE_STATE=getMsg HTTP/1.1" 200 27
114.83.222.61 - - [10/Dec/2021:08:41:44 +0800] "GET /xingrg/all/function/internal_message.html?_=1639096902583&CODE_STATE=getMsg HTTP/1.1" 200 27
124.78.153.86 - - [10/Dec/2021:08:41:45 +0800] "GET /xingrg/all/function/internal_message.html?_=1639096909809&CODE_STATE=getMsg HTTP/1.1" 200 27
114.85.125.222 - - [10/Dec/2021:08:41:49 +0800] "GET /xingrg/check_reg.html?_=1639096866157 HTTP/1.1" 302 -
180.169.147.146 - - [10/Dec/2021:08:41:50 +0800] "GET /xingrg/all/function/internal_message.html?_=1639096908447&CODE_STATE=getMsg HTTP/1.1" 302 -
114.85.125.222 - - [10/Dec/2021:08:42:00 +0800] "GET /xingrg/all/function/internal_message.html?_=1639096877623&CODE_STATE=getMsg HTTP/1.1" 302 -
222.70.176.97 - - [10/Dec/2021:08:42:02 +0800] "GET /xingrg/all/function/internal_message.html?_=1639096918257&CODE_STATE=getMsg HTTP/1.1" 302 -
222.70.176.97 - - [10/Dec/2021:08:42:14 +0800] "GET /xingrg/all/function/internal_message.html?_=1639096599586&CODE_STATE=getMsg HTTP/1.1" 302 -
120.253.135.82 - - [10/Dec/2021:08:42:18 +0800] "POST /xingrg/kc/buy/cgsh_order_operate.html HTTP/1.1" 200 37
120.253.135.82 - - [10/Dec/2021:08:42:22 +0800] "POST /xingrg/kc/buy/cgsh_order_operate.html HTTP/1.1" 200 12
120.253.135.82 - - [10/Dec/2021:08:42:23 +0800] "GET /xingrg/kc/buy/cgsh_order_info.html?code=212021121003808 HTTP/1.1" 200 58865
120.253.135.82 - - [10/Dec/2021:08:42:23 +0800] "GET /xingrg/javascript/jquery_easy_ui/themes/icons/area.png HTTP/1.1" 304 -
120.253.135.82 - - [10/Dec/2021:08:42:23 +0800] "GET /xingrg/javascript/jquery_easy_ui/themes/icons/manage.png HTTP/1.1" 304 -
120.253.135.82 - - [10/Dec/2021:08:42:24 +0800] "GET /xingrg/javascript/easyui/themes/default/validatebox.css HTTP/1.1" 404 1104
120.253.135.82 - - [10/Dec/2021:08:42:24 +0800] "POST /xingrg/kc/buy/cgsh_order_operate.html HTTP/1.1" 200 1235
116.227.210.113 - - [10/Dec/2021:08:42:28 +0800] "GET /xingrg/all/function/internal_message.html?_=1639096944497&CODE_STATE=getMsg HTTP/1.1" 200 27
120.253.135.82 - - [10/Dec/2021:08:42:30 +0800] "GET /xingrg/kc/buy/cgsh_order_info.html?code=212021121003808 HTTP/1.1" 200 58865
120.253.135.82 - - [10/Dec/2021:08:42:30 +0800] "GET /xingrg/javascript/easyui/themes/default/validatebox.css HTTP/1.1" 404 1104
116.238.248.233 - - [10/Dec/2021:08:42:31 +0800] "GET /xingrg/all/function/internal_message.html?_=1639096948602&CODE_STATE=getMsg HTTP/1.1" 200 27
124.77.240.52 - - [10/Dec/2021:08:42:31 +0800] "GET /xingrg/all/function/internal_message.html?_=1639096966565&CODE_STATE=getMsg HTTP/1.1" 200 27
120.253.135.82 - - [10/Dec/2021:08:42:31 +0800] "POST /xingrg/kc/buy/cgsh_order_operate.html HTTP/1.1" 200 1235
120.253.135.82 - - [10/Dec/2021:08:42:36 +0800] "POST /xingrg/kc/buy/cgsh_list_operate.html HTTP/1.1" 200 1677
120.253.135.82 - - [10/Dec/2021:08:42:41 +0800] "GET /xingrg/all/function/internal_message.html?_=1639096736696&CODE_STATE=getMsg HTTP/1.1" 200 27
114.83.222.61 - - [10/Dec/2021:08:42:44 +0800] "GET /xingrg/all/function/internal_message.html?_=1639096962589&CODE_STATE=getMsg HTTP/1.1" 200 27
124.78.153.86 - - [10/Dec/2021:08:42:45 +0800] "GET /xingrg/all/function/internal_message.html?_=1639096969807&CODE_STATE=getMsg HTTP/1.1" 200 27
180.169.147.146 - - [10/Dec/2021:08:42:50 +0800] "GET /xingrg/all/function/internal_message.html?_=1639096968430&CODE_STATE=getMsg HTTP/1.1" 302 -
114.83.222.61 - - [10/Dec/2021:08:42:54 +0800] "GET /xingrg/kc/buy/cgsh_order_list.html HTTP/1.1" 200 49169
114.83.222.61 - - [10/Dec/2021:08:42:54 +0800] "GET /xingrg/css/site.css HTTP/1.1" 200 7541
114.83.222.61 - - [10/Dec/2021:08:42:54 +0800] "GET /xingrg/javascript/auto/jquery.autocomplete.css HTTP/1.1" 200 587
114.83.222.61 - - [10/Dec/2021:08:42:54 +0800] "GET /xingrg/javascript/jquery_tools/jquery.tools.min.js HTTP/1.1" 200 138801
114.83.222.61 - - [10/Dec/2021:08:42:54 +0800] "GET /xingrg/javascript/easyui/themes/icon.css HTTP/1.1" 200 4483
114.83.222.61 - - [10/Dec/2021:08:42:54 +0800] "GET /xingrg/javascript/jquery_tools/datebox.css HTTP/1.1" 200 2597
114.83.222.61 - - [10/Dec/2021:08:42:54 +0800] "GET /xingrg/javascript/easyui/themes/default/easyui.css HTTP/1.1" 200 30432
114.83.222.61 - - [10/Dec/2021:08:42:54 +0800] "GET /xingrg/javascript/jquery_tools/fix.css HTTP/1.1" 200 1702
114.83.222.61 - - [10/Dec/2021:08:42:54 +0800] "GET /xingrg/javascript/jquery_tools/jquery.tools.table.js HTTP/1.1" 200 6994
114.83.222.61 - - [10/Dec/2021:08:42:54 +0800] "GET /xingrg/javascript/jquery_tools/jquery.tools.extend.js HTTP/1.1" 200 15385
