114.83.222.61 - - [10/Dec/2021:09:31:31 +0800] "GET /xingrg/kc/print/load_data.html?order_code=212021121003832&kc_code=cgsh&condition= HTTP/1.1" 200 1222
116.238.248.233 - - [10/Dec/2021:09:31:32 +0800] "GET /xingrg/all/function/internal_message.html?_=1639099889463&CODE_STATE=getMsg HTTP/1.1" 200 27
116.238.248.233 - - [10/Dec/2021:09:31:32 +0800] "GET /xingrg/check_reg.html?_=1639099889465 HTTP/1.1" 200 22
116.238.248.233 - - [10/Dec/2021:09:31:32 +0800] "GET /xingrg/kc/buy/cgsh_order_info.html?code=212021121003833 HTTP/1.1" 200 59794
116.238.248.233 - - [10/Dec/2021:09:31:32 +0800] "GET /xingrg/javascript/easyui/themes/default/validatebox.css HTTP/1.1" 404 1104
124.77.240.52 - - [10/Dec/2021:09:31:33 +0800] "GET /xingrg/all/function/internal_message.html?_=1639099908495&CODE_STATE=getMsg HTTP/1.1" 200 27
116.238.248.233 - - [10/Dec/2021:09:31:33 +0800] "POST /xingrg/kc/buy/cgsh_order_operate.html HTTP/1.1" 200 1217
116.238.248.233 - - [10/Dec/2021:09:31:34 +0800] "GET /xingrg/kc/print/load_config.html?kc_code=cgsh HTTP/1.1" 200 1927
180.169.147.146 - - [10/Dec/2021:09:31:34 +0800] "POST /xingrg/all/report/load_report_page.html HTTP/1.1" 200 33238
180.169.147.146 - - [10/Dec/2021:09:31:34 +0800] "GET /xingrg/servlets/image?cache=0.223268261636975&image=px HTTP/1.1" 200 807
116.238.248.233 - - [10/Dec/2021:09:31:34 +0800] "GET /xingrg/kc/print/load_data.html?order_code=212021121003833&kc_code=cgsh&condition= HTTP/1.1" 200 993
114.83.222.61 - - [10/Dec/2021:09:31:35 +0800] "GET /xingrg/kc/buy/cgsh_order_add.html HTTP/1.1" 200 65055
114.83.222.61 - - [10/Dec/2021:09:31:36 +0800] "POST /xingrg/kc/buy/cgsh_order_operate.html HTTP/1.1" 200 8245
114.83.222.61 - - [10/Dec/2021:09:31:36 +0800] "GET /xingrg/javascript/easyui/themes/default/validatebox.css HTTP/1.1" 404 1104
180.169.147.146 - - [10/Dec/2021:09:31:37 +0800] "GET /xingrg/all/function/internal_message.html?_=1639099894543&CODE_STATE=getMsg HTTP/1.1" 200 27
116.238.248.233 - - [10/Dec/2021:09:31:39 +0800] "GET /xingrg/kc/buy/cgsh_order_add.html HTTP/1.1" 200 64885
116.238.248.233 - - [10/Dec/2021:09:31:39 +0800] "POST /xingrg/kc/buy/cgsh_order_operate.html HTTP/1.1" 200 8245
116.238.248.233 - - [10/Dec/2021:09:31:39 +0800] "GET /xingrg/javascript/easyui/themes/default/validatebox.css HTTP/1.1" 404 1104
120.253.135.82 - - [10/Dec/2021:09:31:42 +0800] "GET /xingrg/all/function/internal_message.html?_=1639099678000&CODE_STATE=getMsg HTTP/1.1" 200 27
114.83.222.61 - - [10/Dec/2021:09:31:44 +0800] "GET /xingrg/all/function/internal_message.html?_=1639099902264&CODE_STATE=getMsg HTTP/1.1" 200 27
124.78.153.86 - - [10/Dec/2021:09:31:45 +0800] "GET /xingrg/all/function/internal_message.html?_=1639099909879&CODE_STATE=getMsg HTTP/1.1" 200 27
116.238.248.233 - - [10/Dec/2021:09:31:48 +0800] "GET /xingrg/kc/buy/cgsh_order_operate.html?command=get_materiel&rest_code=00150&code=00101012039&supplier_code=00100096&order_time=2021-12-10 HTTP/1.1" 200 408
58.37.8.98 - - [10/Dec/2021:09:31:56 +0800] "GET /xingrg/kc/buy/cgsh_order_operate.html?command=get_materiel&rest_code=00141&code=00101016025&supplier_code=00100036&order_time=2021-12-10 HTTP/1.1" 200 408
116.238.248.233 - - [10/Dec/2021:09:31:56 +0800] "GET /xingrg/kc/buy/cgsh_order_operate.html?command=get_materiel&rest_code=00150&code=00101016025&supplier_code=00100096&order_time=2021-12-10 HTTP/1.1" 200 409
116.233.75.93 - - [10/Dec/2021:09:31:57 +0800] "GET /xingrg/all/function/internal_message.html?_=1639099919607&CODE_STATE=getMsg HTTP/1.1" 200 27
116.233.75.93 - - [10/Dec/2021:09:31:57 +0800] "GET /xingrg/check_reg.html?_=1639099919609 HTTP/1.1" 200 22
222.70.176.97 - - [10/Dec/2021:09:31:58 +0800] "GET /xingrg/kc/buy/cgsh_order_add.html HTTP/1.1" 200 64917
222.70.176.97 - - [10/Dec/2021:09:31:59 +0800] "POST /xingrg/kc/buy/cgsh_order_operate.html HTTP/1.1" 200 8245
222.70.176.97 - - [10/Dec/2021:09:31:59 +0800] "GET /xingrg/javascript/easyui/themes/default/validatebox.css HTTP/1.1" 404 1104
222.70.176.97 - - [10/Dec/2021:09:32:00 +0800] "GET /xingrg/all/function/internal_message.html?_=1639099915650&CODE_STATE=getMsg HTTP/1.1" 200 27
58.39.139.200 - - [10/Dec/2021:09:32:00 +0800] "GET /xingrg/all/function/internal_message.html?_=1639099855031&CODE_STATE=getMsg HTTP/1.1" 200 27
222.70.176.97 - - [10/Dec/2021:09:32:00 +0800] "GET /xingrg/javascript/easyui/themes/default/tree.css HTTP/1.1" 404 1090
222.70.176.97 - - [10/Dec/2021:09:32:00 +0800] "POST /xingrg/all/common/load_tree.html?tree=supplier_tree_json&isDelete=1 HTTP/1.1" 200 61052
180.169.147.146 - - [10/Dec/2021:09:32:01 +0800] "GET /xingrg/all/function/internal_message.html?_=1639099910664&CODE_STATE=getMsg HTTP/1.1" 200 27
114.85.125.222 - - [10/Dec/2021:09:32:06 +0800] "GET /xingrg/check_reg.html?_=1639099883718 HTTP/1.1" 200 22
114.85.125.222 - - [10/Dec/2021:09:32:06 +0800] "GET /xingrg/all/function/internal_message.html?_=1639099883893&CODE_STATE=getMsg HTTP/1.1" 200 27
58.37.8.98 - - [10/Dec/2021:09:32:10 +0800] "GET /xingrg/kc/buy/cgsh_order_operate.html?command=get_materiel&rest_code=00141&code=00101011004&supplier_code=00100036&order_time=2021-12-10 HTTP/1.1" 200 412
222.70.176.97 - - [10/Dec/2021:09:32:14 +0800] "GET /xingrg/all/function/internal_message.html?_=1639099599587&CODE_STATE=getMsg HTTP/1.1" 302 -
58.37.8.98 - - [10/Dec/2021:09:32:19 +0800] "GET /xingrg/kc/buy/cgsh_order_operate.html?command=get_materiel&rest_code=00141&code=00101012025&supplier_code=00100036&order_time=2021-12-10 HTTP/1.1" 200 412
180.169.147.146 - - [10/Dec/2021:09:32:25 +0800] "GET /xingrg/index.html?sysBaseUrl=http%3A%2F%2F180.169.147.146%3A18081%2Fxingrg%2F&costTime=42×tamp=1620889531824 HTTP/1.1" 302 -
180.169.147.146 - - [10/Dec/2021:09:32:25 +0800] "GET /xingrg/login.html HTTP/1.1" 200 7641
180.169.147.146 - - [10/Dec/2021:09:32:25 +0800] "GET /xingrg/images/blue/jxLogo.png HTTP/1.1" 200 6156
180.169.147.146 - - [10/Dec/2021:09:32:25 +0800] "GET /xingrg/images/blue/login_bg.png HTTP/1.1" 200 22101
180.169.147.146 - - [10/Dec/2021:09:32:25 +0800] "GET /xingrg/images/blue/hj.png HTTP/1.1" 200 1014
180.169.147.146 - - [10/Dec/2021:09:32:25 +0800] "GET /favicon.ico HTTP/1.1" 404 -
180.169.147.146 - - [10/Dec/2021:09:32:25 +0800] "GET /xingrg/images/blue/srbg.png HTTP/1.1" 200 138
180.169.147.146 - - [10/Dec/2021:09:32:27 +0800] "POST /xingrg/login.do HTTP/1.1" 302 -
116.227.210.113 - - [10/Dec/2021:09:32:27 +0800] "GET /xingrg/all/function/internal_message.html?_=1639099943651&CODE_STATE=getMsg HTTP/1.1" 200 27
180.169.147.146 - - [10/Dec/2021:09:32:27 +0800] "GET /xingrg/index.html?sysBaseUrl=http%3A%2F%2F180.169.147.146%3A18081%2Fxingrg%2F&costTime=41×tamp=1639099947403 HTTP/1.1" 200 17503
180.169.147.146 - - [10/Dec/2021:09:32:27 +0800] "GET /xingrg/javascript/jquery_easy_ui/themes/icon.css HTTP/1.1" 200 3949
180.169.147.146 - - [10/Dec/2021:09:32:27 +0800] "GET /xingrg/javascript/jquery_easy_ui/themes/default/easyui.css HTTP/1.1" 200 26500
180.169.147.146 - - [10/Dec/2021:09:32:27 +0800] "GET /xingrg/css/form.css HTTP/1.1" 200 893
180.169.147.146 - - [10/Dec/2021:09:32:27 +0800] "GET /xingrg/javascript/jquery-1.4.2.min.js HTTP/1.1" 200 72205
180.169.147.146 - - [10/Dec/2021:09:32:27 +0800] "GET /xingrg/javascript/jquery_easy_ui/jquery.easyui.min.js HTTP/1.1" 200 213662
180.169.147.146 - - [10/Dec/2021:09:32:27 +0800] "GET /xingrg/javascript/jquery_easy_ui/easyui-lang-zh_CN.js HTTP/1.1" 200 1900
180.169.147.146 - - [10/Dec/2021:09:32:27 +0800] "GET /xingrg/javascript/jquery.utils.js HTTP/1.1" 200 11805
180.169.147.146 - - [10/Dec/2021:09:32:27 +0800] "GET /xingrg/javascript/jquery.form.js HTTP/1.1" 200 23110
180.169.147.146 - - [10/Dec/2021:09:32:27 +0800] "GET /xingrg/javascript/jquery.timers.js HTTP/1.1" 200 3532
180.169.147.146 - - [10/Dec/2021:09:32:27 +0800] "GET /favicon.ico HTTP/1.1" 404 -
180.169.147.146 - - [10/Dec/2021:09:32:27 +0800] "GET /xingrg/javascript/jquery_easy_ui/themes/icons/settle_new.png HTTP/1.1" 200 826
180.169.147.146 - - [10/Dec/2021:09:32:27 +0800] "GET /xingrg/images/blue/navBackgound.jpg HTTP/1.1" 200 12378
180.169.147.146 - - [10/Dec/2021:09:32:27 +0800] "POST /xingrg/all/common/load_tree.html?tree=area_rest_tree_json&manage=1 HTTP/1.1" 200 3472
180.169.147.146 - - [10/Dec/2021:09:32:27 +0800] "GET /xingrg/check_reg.html?_=1639099945439 HTTP/1.1" 200 22
180.169.147.146 - - [10/Dec/2021:09:32:27 +0800] "GET /xingrg/all/function/internal_message.html?_=1639099945439&CODE_STATE=count HTTP/1.1" 200 11
180.169.147.146 - - [10/Dec/2021:09:32:27 +0800] "GET /xingrg/images/blue/pingpu.png HTTP/1.1" 200 231
180.169.147.146 - - [10/Dec/2021:09:32:27 +0800] "GET /xingrg/javascript/jquery_easy_ui/themes/default/images/tabs_leftarrow.png HTTP/1.1" 200 389
180.169.147.146 - - [10/Dec/2021:09:32:27 +0800] "GET /xingrg/javascript/jquery_easy_ui/themes/default/images/tabs_rightarrow.png HTTP/1.1" 200 395
180.169.147.146 - - [10/Dec/2021:09:32:27 +0800] "GET /xingrg/javascript/jquery_easy_ui/themes/default/images/panel_tool_expand.gif HTTP/1.1" 200 247
180.169.147.146 - - [10/Dec/2021:09:32:27 +0800] "GET /xingrg/javascript/jquery_easy_ui/themes/default/images/panel_tool_collapse.gif HTTP/1.1" 200 246
180.169.147.146 - - [10/Dec/2021:09:32:27 +0800] "POST /xingrg/load_menu.html HTTP/1.1" 200 11443
180.169.147.146 - - [10/Dec/2021:09:32:28 +0800] "GET /xingrg/javascript/jquery_easy_ui/themes/default/images/tree_arrows.gif HTTP/1.1" 200 1043
180.169.147.146 - - [10/Dec/2021:09:32:28 +0800] "GET /xingrg/javascript/jquery_easy_ui/themes/default/images/tree_folder_open.gif HTTP/1.1" 200 956
180.169.147.146 - - [10/Dec/2021:09:32:28 +0800] "GET /xingrg/javascript/jquery_easy_ui/themes/icons/search_new.png HTTP/1.1" 200 586
180.169.147.146 - - [10/Dec/2021:09:32:28 +0800] "GET /xingrg/javascript/jquery_easy_ui/themes/icons/delivery_new.png HTTP/1.1" 200 700
180.169.147.146 - - [10/Dec/2021:09:32:28 +0800] "GET /xingrg/javascript/jquery_easy_ui/themes/icons/storage_new.png HTTP/1.1" 200 853
180.169.147.146 - - [10/Dec/2021:09:32:28 +0800] "GET /xingrg/javascript/jquery_easy_ui/themes/icons/checkout_new.png HTTP/1.1" 200 744
180.169.147.146 - - [10/Dec/2021:09:32:28 +0800] "GET /xingrg/javascript/jquery_easy_ui/themes/icons/forms_new.png HTTP/1.1" 200 350
180.169.147.146 - - [10/Dec/2021:09:32:28 +0800] "GET /xingrg/javascript/jquery_easy_ui/themes/icons/setting_new.png HTTP/1.1" 200 450
180.169.147.146 - - [10/Dec/2021:09:32:28 +0800] "GET /xingrg/javascript/jquery_easy_ui/themes/icons/systemset_new.png HTTP/1.1" 200 606
180.169.147.146 - - [10/Dec/2021:09:32:28 +0800] "GET /xingrg/javascript/jquery_easy_ui/themes/default/images/tree_file.gif HTTP/1.1" 200 118
180.169.147.146 - - [10/Dec/2021:09:32:28 +0800] "GET /xingrg/javascript/jquery_easy_ui/themes/default/images/tree_folder.gif HTTP/1.1" 200 952
58.37.8.98 - - [10/Dec/2021:09:32:28 +0800] "GET /xingrg/kc/buy/cgsh_order_operate.html?command=get_materiel&rest_code=00141&code=00101011001&supplier_code=00100036&order_time=2021-12-10 HTTP/1.1" 200 423
180.169.147.146 - - [10/Dec/2021:09:32:29 +0800] "GET /xingrg/kc/report/report_main.html HTTP/1.1" 200 8599
180.169.147.146 - - [10/Dec/2021:09:32:29 +0800] "GET /xingrg/javascript/jquery_easy_ui/themes/default/images/tabs_close.gif HTTP/1.1" 200 829
180.169.147.146 - - [10/Dec/2021:09:32:29 +0800] "GET /xingrg/css/blue.css HTTP/1.1" 200 15949
180.169.147.146 - - [10/Dec/2021:09:32:29 +0800] "GET /xingrg/javascript/pic_change.js HTTP/1.1" 200 4739
180.169.147.146 - - [10/Dec/2021:09:32:29 +0800] "GET /xingrg/javascript/jquery_ui/themes/humanity/humanity.css HTTP/1.1" 200 27801
180.169.147.146 - - [10/Dec/2021:09:32:29 +0800] "GET /xingrg/javascript/myfunction.js HTTP/1.1" 200 24559
180.169.147.146 - - [10/Dec/2021:09:32:29 +0800] "GET /xingrg/javascript/json2.js HTTP/1.1" 200 11259
180.169.147.146 - - [10/Dec/2021:09:32:29 +0800] "GET /xingrg/javascript/jquery_easy_ui/themes/icons/back_new.png HTTP/1.1" 200 3414
58.37.8.98 - - [10/Dec/2021:09:32:30 +0800] "GET /xingrg/all/function/internal_message.html?_=1639099765437&CODE_STATE=getMsg HTTP/1.1" 200 27
180.169.147.146 - - [10/Dec/2021:09:32:31 +0800] "GET /xingrg/all/report/report_query.html?fileName=kc/buy/gys_amount_base_rest.xml HTTP/1.1" 200 51664
180.169.147.146 - - [10/Dec/2021:09:32:31 +0800] "GET /xingrg/javascript/multi_select/jqueryMultiSelect.css HTTP/1.1" 200 951
180.169.147.146 - - [10/Dec/2021:09:32:31 +0800] "GET /xingrg/javascript/calendar/timePicker.css HTTP/1.1" 200 523
180.169.147.146 - - [10/Dec/2021:09:32:31 +0800] "GET /xingrg/javascript/bigrid/fix.css HTTP/1.1" 200 1702
180.169.147.146 - - [10/Dec/2021:09:32:31 +0800] "GET /xingrg/dwr/interface/AjaxReportQueryService.js HTTP/1.1" 200 13203
180.169.147.146 - - [10/Dec/2021:09:32:31 +0800] "GET /xingrg/dwr/engine.js HTTP/1.1" 200 43631
180.169.147.146 - - [10/Dec/2021:09:32:31 +0800] "GET /xingrg/javascript/jqueryMultiSelect.js HTTP/1.1" 200 11866
180.169.147.146 - - [10/Dec/2021:09:32:31 +0800] "GET /xingrg/javascript/calendar/jquery.timePicker.min.js HTTP/1.1" 200 2997
180.169.147.146 - - [10/Dec/2021:09:32:31 +0800] "GET /xingrg/javascript/bigrid/fix.js HTTP/1.1" 200 6439
180.169.147.146 - - [10/Dec/2021:09:32:31 +0800] "GET /xingrg/dwr/util.js HTTP/1.1" 200 35990
180.169.147.146 - - [10/Dec/2021:09:32:31 +0800] "GET /xingrg/javascript/Calendar.js HTTP/1.1" 200 31561
180.169.147.146 - - [10/Dec/2021:09:32:31 +0800] "GET /xingrg/images/blue/button/advanceover.gif HTTP/1.1" 200 1347
180.169.147.146 - - [10/Dec/2021:09:32:31 +0800] "GET /xingrg/images/blue/button/advance2over.gif HTTP/1.1" 200 1336
180.169.147.146 - - [10/Dec/2021:09:32:31 +0800] "GET /xingrg/images/control/loading.gif HTTP/1.1" 200 13463
180.169.147.146 - - [10/Dec/2021:09:32:31 +0800] "GET /xingrg/images/blue/button/back2over.gif HTTP/1.1" 200 1335
180.169.147.146 - - [10/Dec/2021:09:32:31 +0800] "GET /xingrg/images/blue/button/backover.gif HTTP/1.1" 200 1348
180.169.147.146 - - [10/Dec/2021:09:32:31 +0800] "GET /xingrg/javascript/jquery_easy_ui/themes/icons/help.png HTTP/1.1" 200 1187
180.169.147.146 - - [10/Dec/2021:09:32:31 +0800] "GET /xingrg/javascript/jquery_easy_ui/themes/default/images/menu_downarrow.png HTTP/1.1" 200 173
180.169.147.146 - - [10/Dec/2021:09:32:31 +0800] "GET /xingrg/javascript/jquery_easy_ui/themes/default/images/button_a_bg.gif HTTP/1.1" 200 1194
180.169.147.146 - - [10/Dec/2021:09:32:31 +0800] "GET /xingrg/javascript/jquery_easy_ui/themes/default/images/menu.gif HTTP/1.1" 200 834
180.169.147.146 - - [10/Dec/2021:09:32:31 +0800] "POST /xingrg/dwr/call/plaincall/AjaxReportQueryService.getFixDate.dwr HTTP/1.1" 200 111
180.169.147.146 - - [10/Dec/2021:09:32:31 +0800] "GET /xingrg/javascript/jquery_easy_ui/themes/icons/print.png HTTP/1.1" 200 1057
180.169.147.146 - - [10/Dec/2021:09:32:31 +0800] "GET /xingrg/javascript/jquery_easy_ui/themes/icons/pencil.png HTTP/1.1" 200 713
180.169.147.146 - - [10/Dec/2021:09:32:31 +0800] "GET /xingrg/javascript/jquery_easy_ui/themes/default/images/menu_rightarrow.png HTTP/1.1" 200 3617
180.169.147.146 - - [10/Dec/2021:09:32:32 +0800] "GET /xingrg/javascript/jquery_easy_ui/themes/default/images/combo_arrow_dot.gif HTTP/1.1" 200 79
180.169.147.146 - - [10/Dec/2021:09:32:32 +0800] "POST /xingrg/all/common/load_tree.html?tree=area_rest_tree_json&manage=1 HTTP/1.1" 200 3472
180.169.147.146 - - [10/Dec/2021:09:32:32 +0800] "GET /xingrg/javascript/jquery_easy_ui/themes/default/images/tree_checkbox_0.gif HTTP/1.1" 200 168
180.169.147.146 - - [10/Dec/2021:09:32:32 +0800] "GET /xingrg/javascript/jquery_easy_ui/themes/icons/rest.png HTTP/1.1" 200 695
116.238.248.233 - - [10/Dec/2021:09:32:32 +0800] "GET /xingrg/all/function/internal_message.html?_=1639099949452&CODE_STATE=getMsg HTTP/1.1" 200 27
180.169.147.146 - - [10/Dec/2021:09:32:32 +0800] "POST /xingrg/all/common/load_tree.html?tree=supplier_tree_json&manage=1 HTTP/1.1" 200 62260
124.77.240.52 - - [10/Dec/2021:09:32:33 +0800] "GET /xingrg/all/function/internal_message.html?_=1639099968564&CODE_STATE=getMsg HTTP/1.1" 200 27
180.169.147.146 - - [10/Dec/2021:09:32:33 +0800] "GET /xingrg/javascript/jquery_easy_ui/themes/icons/area.png HTTP/1.1" 200 262
180.169.147.146 - - [10/Dec/2021:09:32:33 +0800] "GET /xingrg/javascript/jquery_easy_ui/themes/icons/manage.png HTTP/1.1" 200 696
180.169.147.146 - - [10/Dec/2021:09:32:37 +0800] "GET /xingrg/all/function/internal_message.html?_=1639099954565&CODE_STATE=getMsg HTTP/1.1" 200 27
180.169.147.146 - - [10/Dec/2021:09:32:39 +0800] "GET /xingrg/javascript/jquery_easy_ui/themes/default/images/tree_checkbox_2.gif HTTP/1.1" 200 181
180.169.147.146 - - [10/Dec/2021:09:32:39 +0800] "GET /xingrg/javascript/jquery_easy_ui/themes/default/images/tree_checkbox_1.gif HTTP/1.1" 200 174
180.169.147.146 - - [10/Dec/2021:09:32:40 +0800] "GET /xingrg/javascript/jquery_easy_ui/themes/default/images/button_plain_hover.png HTTP/1.1" 200 252
180.169.147.146 - - [10/Dec/2021:09:32:41 +0800] "POST /xingrg/dwr/call/plaincall/AjaxReportQueryService.refreshCache.dwr HTTP/1.1" 200 78
120.253.135.82 - - [10/Dec/2021:09:32:42 +0800] "GET /xingrg/all/function/internal_message.html?_=1639099738015&CODE_STATE=getMsg HTTP/1.1" 200 27
116.227.210.113 - - [10/Dec/2021:09:32:44 +0800] "GET /xingrg/kc/buy/cgsh_order_add.html HTTP/1.1" 200 64929
114.83.222.61 - - [10/Dec/2021:09:32:44 +0800] "GET /xingrg/all/function/internal_message.html?_=1639099962235&CODE_STATE=getMsg HTTP/1.1" 200 27
116.227.210.113 - - [10/Dec/2021:09:32:44 +0800] "POST /xingrg/kc/buy/cgsh_order_operate.html HTTP/1.1" 200 8245
116.227.210.113 - - [10/Dec/2021:09:32:44 +0800] "GET /xingrg/javascript/easyui/themes/default/validatebox.css HTTP/1.1" 404 1104
124.78.153.86 - - [10/Dec/2021:09:32:45 +0800] "GET /xingrg/all/function/internal_message.html?_=1639099969879&CODE_STATE=getMsg HTTP/1.1" 200 27
180.169.147.146 - - [10/Dec/2021:09:32:45 +0800] "POST /xingrg/all/report/load_report_page.html HTTP/1.1" 200 378449
180.169.147.146 - - [10/Dec/2021:09:32:45 +0800] "GET /xingrg/images/blue/button/back2.gif HTTP/1.1" 200 1339
180.169.147.146 - - [10/Dec/2021:09:32:45 +0800] "GET /xingrg/images/blue/button/back.gif HTTP/1.1" 200 1352
180.169.147.146 - - [10/Dec/2021:09:32:46 +0800] "GET /xingrg/servlets/image?cache=0.9322823895722627&image=px HTTP/1.1" 200 807
114.83.222.61 - - [10/Dec/2021:09:32:49 +0800] "GET /xingrg/kc/buy/cgsh_order_operate.html?command=get_materiel&rest_code=00149&code=00101006056&supplier_code=00100012&order_time=2021-12-10 HTTP/1.1" 200 413
58.37.8.98 - - [10/Dec/2021:09:32:49 +0800] "GET /xingrg/kc/buy/cgsh_order_operate.html?command=get_materiel&rest_code=00141&code=00101016010&supplier_code=00100036&order_time=2021-12-10 HTTP/1.1" 200 408
116.238.248.233 - - [10/Dec/2021:09:32:50 +0800] "GET /xingrg/kc/buy/cgsh_order_operate.html?command=get_materiel&rest_code=00150&code=00101012025&supplier_code=00100096&order_time=2021-12-10 HTTP/1.1" 200 412
172.20.0.100 - - [10/Dec/2021:09:32:52 +0800] "GET /xingrg/check_reg.html?_=1639099969631 HTTP/1.1" 302 -
180.169.147.146 - - [10/Dec/2021:09:32:52 +0800] "POST /xingrg/all/report/report_print.html HTTP/1.1" 200 35372
116.227.210.113 - - [10/Dec/2021:09:32:55 +0800] "GET /xingrg/kc/buy/cgsh_order_operate.html?command=get_materiel&rest_code=00155&code=00101008261&supplier_code=00100005&order_time=2021-12-10 HTTP/1.1" 200 408
116.233.75.93 - - [10/Dec/2021:09:32:57 +0800] "GET /xingrg/all/function/internal_message.html?_=1639099979603&CODE_STATE=getMsg HTTP/1.1" 200 27
58.35.215.131 - - [10/Dec/2021:09:32:58 +0800] "GET /xingrg/check_reg.html?_=1639099975698 HTTP/1.1" 302 -
58.221.95.50 - - [10/Dec/2021:09:32:59 +0800] "GET /xingrg/check_reg.html?_=1639099977555 HTTP/1.1" 302 -
116.238.248.233 - - [10/Dec/2021:09:32:59 +0800] "GET /xingrg/kc/buy/cgsh_order_operate.html?command=get_materiel&rest_code=00150&code=00101012051&supplier_code=00100096&order_time=2021-12-10 HTTP/1.1" 200 408
222.70.176.97 - - [10/Dec/2021:09:33:00 +0800] "GET /xingrg/all/function/internal_message.html?_=1639099975673&CODE_STATE=getMsg HTTP/1.1" 200 27
58.39.139.200 - - [10/Dec/2021:09:33:00 +0800] "GET /xingrg/all/function/internal_message.html?_=1639099915031&CODE_STATE=getMsg HTTP/1.1" 200 27
180.169.147.146 - - [10/Dec/2021:09:33:01 +0800] "GET /xingrg/check_reg.html?_=1639099970662 HTTP/1.1" 200 22
180.169.147.146 - - [10/Dec/2021:09:33:01 +0800] "GET /xingrg/all/function/internal_message.html?_=1639099970663&CODE_STATE=getMsg HTTP/1.1" 200 27
114.83.222.61 - - [10/Dec/2021:09:33:01 +0800] "GET /xingrg/kc/buy/cgsh_order_operate.html?command=get_materiel&rest_code=00149&code=00101006112&supplier_code=00100012&order_time=2021-12-10 HTTP/1.1" 200 409
116.227.210.113 - - [10/Dec/2021:09:33:01 +0800] "GET /xingrg/kc/buy/cgsh_order_operate.html?command=get_materiel&rest_code=00155&code=00101008358&supplier_code=00100005&order_time=2021-12-10 HTTP/1.1" 200 412
116.238.248.233 - - [10/Dec/2021:09:33:06 +0800] "GET /xingrg/kc/buy/cgsh_order_operate.html?command=get_materiel&rest_code=00150&code=00101012029&supplier_code=00100096&order_time=2021-12-10 HTTP/1.1" 200 414
114.85.125.222 - - [10/Dec/2021:09:33:06 +0800] "GET /xingrg/all/function/internal_message.html?_=1639099943907&CODE_STATE=getMsg HTTP/1.1" 200 27
116.227.210.113 - - [10/Dec/2021:09:33:07 +0800] "GET /xingrg/kc/buy/cgsh_order_operate.html?command=get_materiel&rest_code=00155&code=00101008477&supplier_code=00100005&order_time=2021-12-10 HTTP/1.1" 200 408
58.37.8.98 - - [10/Dec/2021:09:33:08 +0800] "GET /xingrg/kc/buy/cgsh_order_operate.html?command=get_materiel&rest_code=00141&code=00101012026&supplier_code=00100036&order_time=2021-12-10 HTTP/1.1" 200 408
222.70.176.97 - - [10/Dec/2021:09:33:13 +0800] "GET /xingrg/kc/buy/cgsh_order_operate.html?command=get_materiel&rest_code=00111&code=00101008351&supplier_code=00100005&order_time=2021-12-10 HTTP/1.1" 200 408
180.157.253.6 - - [10/Dec/2021:09:33:13 +0800] "GET /xingrg/check_reg.html?_=1639099992937 HTTP/1.1" 302 -
116.227.210.113 - - [10/Dec/2021:09:33:13 +0800] "GET /xingrg/kc/buy/cgsh_order_operate.html?command=get_materiel&rest_code=00155&code=00101008003&supplier_code=00100005&order_time=2021-12-10 HTTP/1.1" 200 408
222.70.176.97 - - [10/Dec/2021:09:33:14 +0800] "GET /xingrg/all/function/internal_message.html?_=1639099659586&CODE_STATE=getMsg HTTP/1.1" 302 -
222.70.176.97 - - [10/Dec/2021:09:33:14 +0800] "GET /xingrg/check_reg.html?_=1639099659588 HTTP/1.1" 302 -
120.253.135.82 - - [10/Dec/2021:09:33:17 +0800] "GET /xingrg/check_reg.html?_=1639100124055 HTTP/1.1" 200 22
116.227.210.113 - - [10/Dec/2021:09:33:19 +0800] "GET /xingrg/kc/buy/cgsh_order_operate.html?command=get_materiel&rest_code=00155&code=00101008361&supplier_code=00100005&order_time=2021-12-10 HTTP/1.1" 200 408
58.37.8.98 - - [10/Dec/2021:09:33:22 +0800] "GET /xingrg/kc/buy/cgsh_order_operate.html?command=get_materiel&rest_code=00141&code=00101011007&supplier_code=00100036&order_time=2021-12-10 HTTP/1.1" 200 414
116.227.210.113 - - [10/Dec/2021:09:33:24 +0800] "GET /xingrg/kc/buy/cgsh_order_operate.html?command=get_materiel&rest_code=00155&code=00101008148&supplier_code=00100005&order_time=2021-12-10 HTTP/1.1" 200 416
116.227.210.113 - - [10/Dec/2021:09:33:24 +0800] "GET /xingrg/check_reg.html?_=1639100001132 HTTP/1.1" 200 22
116.235.94.0 - - [10/Dec/2021:09:33:26 +0800] "POST /xingrg/services/DataTransmitService HTTP/1.1" 401 565
116.235.94.0 - - [10/Dec/2021:09:33:26 +0800] "POST /xingrg/services/DataTransmitService HTTP/1.1" 200 478
116.235.94.0 - - [10/Dec/2021:09:33:26 +0800] "POST /xingrg/services/DataTransmitService HTTP/1.1" 200 1320
116.235.94.0 - - [10/Dec/2021:09:33:26 +0800] "POST /xingrg/services/DataTransmitService HTTP/1.1" 200 478
116.235.94.0 - - [10/Dec/2021:09:33:26 +0800] "POST /xingrg/services/DataTransmitService HTTP/1.1" 200 1320
116.235.94.0 - - [10/Dec/2021:09:33:26 +0800] "POST /xingrg/services/DataTransmitService HTTP/1.1" 200 524
222.70.176.97 - - [10/Dec/2021:09:33:26 +0800] "GET /xingrg/kc/buy/cgsh_order_operate.html?command=get_materiel&rest_code=00111&code=00101008096&supplier_code=00100005&order_time=2021-12-10 HTTP/1.1" 200 412
116.235.94.0 - - [10/Dec/2021:09:33:26 +0800] "POST /xingrg/services/DataTransmitService HTTP/1.1" 200 2235
116.235.94.0 - - [10/Dec/2021:09:33:27 +0800] "POST /xingrg/services/DataTransmitService HTTP/1.1" 200 134879
116.227.210.113 - - [10/Dec/2021:09:33:27 +0800] "GET /xingrg/all/function/internal_message.html?_=1639100003641&CODE_STATE=getMsg HTTP/1.1" 200 27
180.169.147.146 - - [10/Dec/2021:09:33:27 +0800] "GET /xingrg/all/function/internal_message.html?_=1639100005488&CODE_STATE=getMsg HTTP/1.1" 200 27
116.227.210.113 - - [10/Dec/2021:09:33:29 +0800] "GET /xingrg/kc/buy/cgsh_order_operate.html?command=get_materiel&rest_code=00155&code=00101008540&supplier_code=00100005&order_time=2021-12-10 HTTP/1.1" 200 405
58.37.8.98 - - [10/Dec/2021:09:33:30 +0800] "GET /xingrg/all/function/internal_message.html?_=1639099825420&CODE_STATE=getMsg HTTP/1.1" 200 27
116.238.248.233 - - [10/Dec/2021:09:33:32 +0800] "GET /xingrg/all/function/internal_message.html?_=1639100009444&CODE_STATE=getMsg HTTP/1.1" 200 27
124.77.240.52 - - [10/Dec/2021:09:33:33 +0800] "GET /xingrg/all/function/internal_message.html?_=1639100028569&CODE_STATE=getMsg HTTP/1.1" 200 27
114.83.222.61 - - [10/Dec/2021:09:33:35 +0800] "GET /xingrg/kc/buy/cgsh_order_operate.html?command=get_materiel&rest_code=00149&code=00101006111&supplier_code=00100012&order_time=2021-12-10 HTTP/1.1" 200 409
116.238.248.233 - - [10/Dec/2021:09:33:35 +0800] "GET /xingrg/kc/buy/cgsh_order_operate.html?command=get_materiel&rest_code=00150&code=00101012033&supplier_code=00100096&order_time=2021-12-10 HTTP/1.1" 200 426
116.227.210.113 - - [10/Dec/2021:09:33:36 +0800] "GET /xingrg/kc/buy/cgsh_order_operate.html?command=get_materiel&rest_code=00155&code=00101008270&supplier_code=00100005&order_time=2021-12-10 HTTP/1.1" 200 412
180.169.147.146 - - [10/Dec/2021:09:33:37 +0800] "GET /xingrg/all/function/internal_message.html?_=1639100014555&CODE_STATE=getMsg HTTP/1.1" 200 27
222.70.176.97 - - [10/Dec/2021:09:33:37 +0800] "GET /xingrg/kc/buy/cgsh_order_operate.html?command=get_materiel&rest_code=00111&code=00101008358&supplier_code=00100005&order_time=2021-12-10 HTTP/1.1" 200 412
116.227.210.113 - - [10/Dec/2021:09:33:41 +0800] "GET /xingrg/kc/buy/cgsh_order_operate.html?command=get_materiel&rest_code=00155&code=00101008005&supplier_code=00100005&order_time=2021-12-10 HTTP/1.1" 200 412
120.253.135.82 - - [10/Dec/2021:09:33:42 +0800] "GET /xingrg/all/function/internal_message.html?_=1639099798084&CODE_STATE=getMsg HTTP/1.1" 200 27
114.83.222.61 - - [10/Dec/2021:09:33:44 +0800] "GET /xingrg/all/function/internal_message.html?_=1639100022210&CODE_STATE=getMsg HTTP/1.1" 200 27
124.78.153.86 - - [10/Dec/2021:09:33:45 +0800] "GET /xingrg/all/function/internal_message.html?_=1639100029880&CODE_STATE=getMsg HTTP/1.1" 200 27
116.227.210.113 - - [10/Dec/2021:09:33:46 +0800] "GET /xingrg/kc/buy/cgsh_order_operate.html?command=get_materiel&rest_code=00155&code=00101008298&supplier_code=00100005&order_time=2021-12-10 HTTP/1.1" 200 412
222.70.176.97 - - [10/Dec/2021:09:33:47 +0800] "GET /xingrg/check_reg.html?_=1639100023187 HTTP/1.1" 200 22
222.70.176.97 - - [10/Dec/2021:09:33:49 +0800] "GET /xingrg/kc/buy/cgsh_order_operate.html?command=get_materiel&rest_code=00111&code=00101008067&supplier_code=00100005&order_time=2021-12-10 HTTP/1.1" 200 416
116.227.210.113 - - [10/Dec/2021:09:33:52 +0800] "GET /xingrg/kc/buy/cgsh_order_operate.html?command=get_materiel&rest_code=00155&code=00101008149&supplier_code=00100005&order_time=2021-12-10 HTTP/1.1" 200 408
114.83.222.61 - - [10/Dec/2021:09:33:53 +0800] "GET /xingrg/kc/buy/cgsh_order_operate.html?command=get_materiel&rest_code=00149&code=00101006128&supplier_code=00100012&order_time=2021-12-10 HTTP/1.1" 200 427
116.238.248.233 - - [10/Dec/2021:09:33:57 +0800] "GET /xingrg/kc/buy/cgsh_order_operate.html?command=get_materiel&rest_code=00150&code=00101001084&supplier_code=00100096&order_time=2021-12-10 HTTP/1.1" 200 413
116.233.75.93 - - [10/Dec/2021:09:33:57 +0800] "GET /xingrg/all/function/internal_message.html?_=1639100039606&CODE_STATE=getMsg HTTP/1.1" 200 27
114.84.2.174 - - [10/Dec/2021:09:33:57 +0800] "POST /xingrg/services/DataTransmitService HTTP/1.1" 401 565
114.84.2.174 - - [10/Dec/2021:09:33:57 +0800] "POST /xingrg/services/DataTransmitService HTTP/1.1" 200 478
114.84.2.174 - - [10/Dec/2021:09:33:57 +0800] "POST /xingrg/services/DataTransmitService HTTP/1.1" 200 1320
114.84.2.174 - - [10/Dec/2021:09:33:57 +0800] "POST /xingrg/services/DataTransmitService HTTP/1.1" 200 478
114.84.2.174 - - [10/Dec/2021:09:33:58 +0800] "POST /xingrg/services/DataTransmitService HTTP/1.1" 200 1320
114.84.2.174 - - [10/Dec/2021:09:33:58 +0800] "POST /xingrg/services/DataTransmitService HTTP/1.1" 200 524
114.84.2.174 - - [10/Dec/2021:09:33:58 +0800] "POST /xingrg/services/DataTransmitService HTTP/1.1" 200 2415
116.235.94.0 - - [10/Dec/2021:09:33:58 +0800] "POST /xingrg/services/DataTransmitService HTTP/1.1" 200 45454
116.235.94.0 - - [10/Dec/2021:09:33:58 +0800] "POST /xingrg/services/DataTransmitService HTTP/1.1" 200 19237
114.84.2.174 - - [10/Dec/2021:09:33:58 +0800] "POST /xingrg/services/DataTransmitService HTTP/1.1" 200 2451
114.84.2.174 - - [10/Dec/2021:09:33:59 +0800] "POST /xingrg/services/DataTransmitService HTTP/1.1" 200 1411
116.227.210.113 - - [10/Dec/2021:09:33:59 +0800] "GET /xingrg/kc/buy/cgsh_order_operate.html?command=get_materiel&rest_code=00155&code=00101008096&supplier_code=00100005&order_time=2021-12-10 HTTP/1.1" 200 412
114.84.2.174 - - [10/Dec/2021:09:33:59 +0800] "POST /xingrg/services/DataTransmitService HTTP/1.1" 200 153976
222.70.176.97 - - [10/Dec/2021:09:34:00 +0800] "GET /xingrg/all/function/internal_message.html?_=1639100035642&CODE_STATE=getMsg HTTP/1.1" 200 27
58.39.139.200 - - [10/Dec/2021:09:34:00 +0800] "GET /xingrg/all/function/internal_message.html?_=1639099975031&CODE_STATE=getMsg HTTP/1.1" 200 27
222.70.176.97 - - [10/Dec/2021:09:34:00 +0800] "GET /xingrg/kc/buy/cgsh_order_operate.html?command=get_materiel&rest_code=00111&code=00101008270&supplier_code=00100005&order_time=2021-12-10 HTTP/1.1" 200 412
180.169.147.146 - - [10/Dec/2021:09:34:01 +0800] "GET /xingrg/all/function/internal_message.html?_=1639100030659&CODE_STATE=getMsg HTTP/1.1" 200 27
116.227.210.113 - - [10/Dec/2021:09:34:04 +0800] "GET /xingrg/kc/buy/cgsh_order_operate.html?command=get_materiel&rest_code=00155&code=00101008264&supplier_code=00100005&order_time=2021-12-10 HTTP/1.1" 200 412
114.85.125.222 - - [10/Dec/2021:09:34:06 +0800] "GET /xingrg/all/function/internal_message.html?_=1639100003922&CODE_STATE=getMsg HTTP/1.1" 200 27
58.37.8.98 - - [10/Dec/2021:09:34:10 +0800] "GET /xingrg/kc/buy/cgsh_order_operate.html?command=get_materiel&rest_code=00141&code=00101016059&supplier_code=00100036&order_time=2021-12-10 HTTP/1.1" 200 408
222.70.176.97 - - [10/Dec/2021:09:34:11 +0800] "GET /xingrg/kc/buy/cgsh_order_operate.html?command=get_materiel&rest_code=00111&code=00101008357&supplier_code=00100005&order_time=2021-12-10 HTTP/1.1" 200 408
116.227.210.113 - - [10/Dec/2021:09:34:11 +0800] "GET /xingrg/kc/buy/cgsh_order_operate.html?command=get_materiel&rest_code=00155&code=00101008562&supplier_code=00100005&order_time=2021-12-10 HTTP/1.1" 200 395
222.70.176.97 - - [10/Dec/2021:09:34:14 +0800] "GET /xingrg/all/function/internal_message.html?_=1639099719587&CODE_STATE=getMsg HTTP/1.1" 302 -
180.169.147.146 - - [10/Dec/2021:09:34:23 +0800] "GET /xingrg/all/report/report_query.html?fileName=kc/buy/gys_amount_base.xml&rh=99999 HTTP/1.1" 200 51871
180.169.147.146 - - [10/Dec/2021:09:34:23 +0800] "GET /xingrg/dwr/interface/AjaxReportQueryService.js HTTP/1.1" 200 13203
180.169.147.146 - - [10/Dec/2021:09:34:23 +0800] "GET /xingrg/dwr/engine.js HTTP/1.1" 200 43631
180.169.147.146 - - [10/Dec/2021:09:34:23 +0800] "POST /xingrg/dwr/call/plaincall/AjaxReportQueryService.getFixDate.dwr HTTP/1.1" 200 111
180.169.147.146 - - [10/Dec/2021:09:34:24 +0800] "POST /xingrg/dwr/call/plaincall/AjaxReportQueryService.getInitString.dwr HTTP/1.1" 200 1056
180.169.147.146 - - [10/Dec/2021:09:34:24 +0800] "POST /xingrg/all/common/load_tree.html?tree=supplier_tree_json&manage=1 HTTP/1.1" 200 62260
58.37.8.98 - - [10/Dec/2021:09:34:24 +0800] "POST /xingrg/kc/buy/cgsh_order_operate.html HTTP/1.1" 200 37
116.238.248.233 - - [10/Dec/2021:09:34:24 +0800] "GET /xingrg/kc/buy/cgsh_order_operate.html?command=get_materiel&rest_code=00150&code=00101006129&supplier_code=00100096&order_time=2021-12-10 HTTP/1.1" 200 431
180.169.147.146 - - [10/Dec/2021:09:34:24 +0800] "POST /xingrg/all/common/load_tree.html?tree=materiel_sort_tree_json HTTP/1.1" 200 9388
116.227.210.113 - - [10/Dec/2021:09:34:24 +0800] "GET /xingrg/kc/buy/cgsh_order_operate.html?command=get_materiel&rest_code=00155&code=00101008251&supplier_code=00100005&order_time=2021-12-10 HTTP/1.1" 200 408
222.70.176.97 - - [10/Dec/2021:09:34:26 +0800] "GET /xingrg/kc/buy/cgsh_order_operate.html?command=get_materiel&rest_code=00111&code=00101008098&supplier_code=00100005&order_time=2021-12-10 HTTP/1.1" 200 412
116.227.210.113 - - [10/Dec/2021:09:34:27 +0800] "GET /xingrg/all/function/internal_message.html?_=1639100063613&CODE_STATE=getMsg HTTP/1.1" 200 27
180.169.147.146 - - [10/Dec/2021:09:34:27 +0800] "GET /xingrg/all/function/internal_message.html?_=1639100065476&CODE_STATE=getMsg HTTP/1.1" 200 27
58.37.8.98 - - [10/Dec/2021:09:34:30 +0800] "GET /xingrg/all/function/internal_message.html?_=1639099885421&CODE_STATE=getMsg HTTP/1.1" 200 27
116.238.248.233 - - [10/Dec/2021:09:34:32 +0800] "GET /xingrg/all/function/internal_message.html?_=1639100069424&CODE_STATE=getMsg HTTP/1.1" 200 27
114.83.222.61 - - [10/Dec/2021:09:34:32 +0800] "POST /xingrg/kc/buy/cgsh_order_operate.html HTTP/1.1" 200 37
124.77.240.52 - - [10/Dec/2021:09:34:33 +0800] "GET /xingrg/all/function/internal_message.html?_=1639100088643&CODE_STATE=getMsg HTTP/1.1" 200 27
58.37.8.98 - - [10/Dec/2021:09:34:33 +0800] "POST /xingrg/kc/buy/cgsh_order_operate.html HTTP/1.1" 200 12
180.169.147.146 - - [10/Dec/2021:09:34:34 +0800] "POST /xingrg/dwr/call/plaincall/AjaxReportQueryService.refreshCache.dwr HTTP/1.1" 200 78
116.227.210.113 - - [10/Dec/2021:09:34:34 +0800] "GET /xingrg/kc/buy/cgsh_order_operate.html?command=get_materiel&rest_code=00155&code=00101008033&supplier_code=00100005&order_time=2021-12-10 HTTP/1.1" 200 408
180.169.147.146 - - [10/Dec/2021:09:34:37 +0800] "GET /xingrg/all/function/internal_message.html?_=1639100074557&CODE_STATE=getMsg HTTP/1.1" 200 27
180.169.147.146 - - [10/Dec/2021:09:34:38 +0800] "POST /xingrg/all/report/load_report_page.html HTTP/1.1" 200 18245
180.169.147.146 - - [10/Dec/2021:09:34:38 +0800] "GET /xingrg/servlets/image?cache=0.5578414754331734&image=px HTTP/1.1" 200 807
114.84.2.174 - - [10/Dec/2021:09:34:38 +0800] "POST /xingrg/services/DataTransmitService HTTP/1.1" 200 45454
114.84.2.174 - - [10/Dec/2021:09:34:38 +0800] "POST /xingrg/services/DataTransmitService HTTP/1.1" 200 19237
114.83.222.61 - - [10/Dec/2021:09:34:38 +0800] "POST /xingrg/kc/buy/cgsh_order_operate.html HTTP/1.1" 200 12
58.37.8.98 - - [10/Dec/2021:09:34:38 +0800] "GET /xingrg/kc/buy/cgsh_order_info.html?code=212021121003834 HTTP/1.1" 200 59919
58.37.8.98 - - [10/Dec/2021:09:34:39 +0800] "GET /xingrg/javascript/easyui/themes/default/validatebox.css HTTP/1.1" 404 1104
58.37.8.98 - - [10/Dec/2021:09:34:40 +0800] "POST /xingrg/kc/buy/cgsh_order_operate.html HTTP/1.1" 200 7120
180.169.147.146 - - [10/Dec/2021:09:34:41 +0800] "GET /xingrg/all/report/report_query.html?isQuery=1&fileName=kc/buy/wlcg_cate_hz.xml&queryString=(CONVERT(char(10)%2Ca.order_time%2C%20120)%3E%3D'2021-09-01')%20and%20(CONVERT(char(10)%2Ca.order_time%2C%20120)%3C%3D'2021-12-31')%20and%20(a.base_code%20in%20('0010347'))%20and%20(a.supplier_code%3D'00100089')%20and%20(a.base_code%3D'0010347')&queryText=%E3%80%90%E9%87%87%E8%B4%AD%E6%97%A5%E6%9C%9F%3A2021-09-01%20%E8%87%B3%202021-12-31%E3%80%91%20%E5%B9%B6%E4%B8%94%20%20%E3%80%90%E6%9F%A5%E8%AF%A2%E4%BB%93%E5%BA%93%20%3D%20%E5%88%BA%E8%BA%AB%E3%80%91%20%E5%B9%B6%E4%B8%94%20%E3%80%90%E4%BE%9B%E5%BA%94%E5%95%86%3D%E4%B8%89%E6%96%87%E9%B1%BC%EF%BC%88%E7%8E%8B%E7%A7%80%E7%BA%A2%EF%BC%89%E3%80%91%E5%B9%B6%E4%B8%94%E3%80%90%E4%BB%93%E5%BA%93%E5%90%8D%E7%A7%B0%20%3D%20%E5%88%BA%E8%BA%AB%E3%80%91&rand=0.8182227670414733 HTTP/1.1" 200 8212
180.169.147.146 - - [10/Dec/2021:09:34:41 +0800] "GET /xingrg/all/report/report_query.html?isQuery=1&fileName=kc/buy/wlcg_cate_hz.xml&queryString=(CONVERT(char(10)%2Ca.order_time%2C%20120)%3E%3D'2021-09-01')%20and%20(CONVERT(char(10)%2Ca.order_time%2C%20120)%3C%3D'2021-12-31')%20and%20(a.base_code%20in%20('0010347'))%20and%20(a.supplier_code%3D'00100089')%20and%20(a.base_code%3D'0010347')&queryText=%E3%80%90%E9%87%87%E8%B4%AD%E6%97%A5%E6%9C%9F%3A2021-09-01%20%E8%87%B3%202021-12-31%E3%80%91%20%E5%B9%B6%E4%B8%94%20%20%E3%80%90%E6%9F%A5%E8%AF%A2%E4%BB%93%E5%BA%93%20%3D%20%E5%88%BA%E8%BA%AB%E3%80%91%20%E5%B9%B6%E4%B8%94%20%E3%80%90%E4%BE%9B%E5%BA%94%E5%95%86%3D%E4%B8%89%E6%96%87%E9%B1%BC%EF%BC%88%E7%8E%8B%E7%A7%80%E7%BA%A2%EF%BC%89%E3%80%91%E5%B9%B6%E4%B8%94%E3%80%90%E4%BB%93%E5%BA%93%E5%90%8D%E7%A7%B0%20%3D%20%E5%88%BA%E8%BA%AB%E3%80%91&rand=0.8182227670414733 HTTP/1.1" 200 54522
180.169.147.146 - - [10/Dec/2021:09:34:41 +0800] "GET /xingrg/dwr/interface/AjaxReportQueryService.js HTTP/1.1" 200 13203
180.169.147.146 - - [10/Dec/2021:09:34:41 +0800] "GET /xingrg/dwr/engine.js HTTP/1.1" 200 43631
58.37.8.98 - - [10/Dec/2021:09:34:41 +0800] "GET /xingrg/kc/print/load_config.html?kc_code=cgsh HTTP/1.1" 200 1927
58.37.8.98 - - [10/Dec/2021:09:34:41 +0800] "GET /xingrg/kc/print/load_data.html?order_code=212021121003834&kc_code=cgsh&condition= HTTP/1.1" 200 3256
180.169.147.146 - - [10/Dec/2021:09:34:42 +0800] "POST /xingrg/all/report/load_report_page.html HTTP/1.1" 200 10882
180.169.147.146 - - [10/Dec/2021:09:34:42 +0800] "GET /xingrg/servlets/image?cache=0.229630209688792&image=px HTTP/1.1" 200 807
120.253.135.82 - - [10/Dec/2021:09:34:42 +0800] "GET /xingrg/all/function/internal_message.html?_=1639099858089&CODE_STATE=getMsg HTTP/1.1" 200 27
116.227.210.113 - - [10/Dec/2021:09:34:43 +0800] "GET /xingrg/kc/buy/cgsh_order_operate.html?command=get_materiel&rest_code=00155&code=00101008360&supplier_code=00100005&order_time=2021-12-10 HTTP/1.1" 200 413
180.169.147.146 - - [10/Dec/2021:09:34:45 +0800] "POST /xingrg/all/report/load_report_page.html HTTP/1.1" 200 16405
180.169.147.146 - - [10/Dec/2021:09:34:45 +0800] "GET /xingrg/servlets/image?cache=0.2851408837213445&image=px HTTP/1.1" 200 807
124.78.153.86 - - [10/Dec/2021:09:34:45 +0800] "GET /xingrg/all/function/internal_message.html?_=1639100089878&CODE_STATE=getMsg HTTP/1.1" 200 27
180.169.147.146 - - [10/Dec/2021:09:34:47 +0800] "GET /xingrg/all/report/report_query.html?isQuery=1&fileName=kc/buy/wlcg_mx.xml&queryString=(CONVERT(char(10)%2Ca.order_time%2C%20120)%3E%3D'2021-09-01')%20and%20(CONVERT(char(10)%2Ca.order_time%2C%20120)%3C%3D'2021-12-31')%20and%20(a.base_code%20in%20('0010347'))%20and%20(a.supplier_code%3D'00100089')%20and%20(a.base_code%3D'0010347')%20and%20(a.materiel_code%3D'00101001115')&queryText=%E3%80%90%E9%87%87%E8%B4%AD%E6%97%A5%E6%9C%9F%3A2021-09-01%20%E8%87%B3%202021-12-31%E3%80%91%20%E5%B9%B6%E4%B8%94%20%20%E3%80%90%E6%9F%A5%E8%AF%A2%E4%BB%93%E5%BA%93%20%3D%20%E5%88%BA%E8%BA%AB%E3%80%91%20%E5%B9%B6%E4%B8%94%20%E3%80%90%E4%BE%9B%E5%BA%94%E5%95%86%3D%E4%B8%89%E6%96%87%E9%B1%BC%EF%BC%88%E7%8E%8B%E7%A7%80%E7%BA%A2%EF%BC%89%E3%80%91%E5%B9%B6%E4%B8%94%E3%80%90%E4%BB%93%E5%BA%93%E5%90%8D%E7%A7%B0%20%3D%20%E5%88%BA%E8%BA%AB%E3%80%91%20%E5%B9%B6%E4%B8%94%20%E3%80%90%E6%9D%90%E6%96%99%E5%90%8D%E7%A7%B0%20%3D%20%E4%B8%89%E6%96%87%E9%B1%BC%E3%80%91&rand=0.9061311318259186 HTTP/1.1" 200 52319
180.169.147.146 - - [10/Dec/2021:09:34:47 +0800] "GET /xingrg/all/report/report_query.html?isQuery=1&fileName=kc/buy/wlcg_mx.xml&queryString=(CONVERT(char(10)%2Ca.order_time%2C%20120)%3E%3D'2021-09-01')%20and%20(CONVERT(char(10)%2Ca.order_time%2C%20120)%3C%3D'2021-12-31')%20and%20(a.base_code%20in%20('0010347'))%20and%20(a.supplier_code%3D'00100089')%20and%20(a.base_code%3D'0010347')%20and%20(a.materiel_code%3D'00101001115')&queryText=%E3%80%90%E9%87%87%E8%B4%AD%E6%97%A5%E6%9C%9F%3A2021-09-01%20%E8%87%B3%202021-12-31%E3%80%91%20%E5%B9%B6%E4%B8%94%20%20%E3%80%90%E6%9F%A5%E8%AF%A2%E4%BB%93%E5%BA%93%20%3D%20%E5%88%BA%E8%BA%AB%E3%80%91%20%E5%B9%B6%E4%B8%94%20%E3%80%90%E4%BE%9B%E5%BA%94%E5%95%86%3D%E4%B8%89%E6%96%87%E9%B1%BC%EF%BC%88%E7%8E%8B%E7%A7%80%E7%BA%A2%EF%BC%89%E3%80%91%E5%B9%B6%E4%B8%94%E3%80%90%E4%BB%93%E5%BA%93%E5%90%8D%E7%A7%B0%20%3D%20%E5%88%BA%E8%BA%AB%E3%80%91%20%E5%B9%B6%E4%B8%94%20%E3%80%90%E6%9D%90%E6%96%99%E5%90%8D%E7%A7%B0%20%3D%20%E4%B8%89%E6%96%87%E9%B1%BC%E3%80%91&rand=0.9061311318259186 HTTP/1.1" 200 52319
180.169.147.146 - - [10/Dec/2021:09:34:47 +0800] "GET /xingrg/dwr/interface/AjaxReportQueryService.js HTTP/1.1" 200 13203
180.169.147.146 - - [10/Dec/2021:09:34:47 +0800] "GET /xingrg/dwr/engine.js HTTP/1.1" 200 43631
180.169.147.146 - - [10/Dec/2021:09:34:48 +0800] "POST /xingrg/all/report/load_report_page.html HTTP/1.1" 200 53400
180.169.147.146 - - [10/Dec/2021:09:34:48 +0800] "GET /xingrg/servlets/image?cache=0.8048624432887677&image=px HTTP/1.1" 200 807
114.83.222.61 - - [10/Dec/2021:09:34:49 +0800] "GET /xingrg/kc/buy/cgsh_order_info.html?code=212021121003835 HTTP/1.1" 200 59964
58.37.8.98 - - [10/Dec/2021:09:34:49 +0800] "GET /xingrg/kc/buy/cgsh_order_add.html HTTP/1.1" 200 65008
114.83.222.61 - - [10/Dec/2021:09:34:49 +0800] "GET /xingrg/javascript/easyui/themes/default/validatebox.css HTTP/1.1" 404 1104
58.37.8.98 - - [10/Dec/2021:09:34:50 +0800] "POST /xingrg/kc/buy/cgsh_order_operate.html HTTP/1.1" 200 8245
58.37.8.98 - - [10/Dec/2021:09:34:50 +0800] "GET /xingrg/javascript/easyui/themes/default/validatebox.css HTTP/1.1" 404 1104
222.70.176.97 - - [10/Dec/2021:09:34:50 +0800] "GET /xingrg/kc/buy/cgsh_order_operate.html?command=get_materiel&rest_code=00111&code=00101008213&supplier_code=00100005&order_time=2021-12-10 HTTP/1.1" 200 412
116.238.248.233 - - [10/Dec/2021:09:34:50 +0800] "GET /xingrg/kc/buy/cgsh_order_operate.html?command=get_materiel&rest_code=00150&code=00101006240&supplier_code=00100096&order_time=2021-12-10 HTTP/1.1" 200 408
114.83.222.61 - - [10/Dec/2021:09:34:50 +0800] "POST /xingrg/kc/buy/cgsh_order_operate.html HTTP/1.1" 200 2416
116.227.210.113 - - [10/Dec/2021:09:34:51 +0800] "GET /xingrg/kc/buy/cgsh_order_operate.html?command=get_materiel&rest_code=00155&code=00101008196&supplier_code=00100005&order_time=2021-12-10 HTTP/1.1" 200 416
116.233.75.93 - - [10/Dec/2021:09:34:57 +0800] "GET /xingrg/all/function/internal_message.html?_=1639100099618&CODE_STATE=getMsg HTTP/1.1" 200 27
222.70.176.97 - - [10/Dec/2021:09:35:00 +0800] "GET /xingrg/all/function/internal_message.html?_=1639100095615&CODE_STATE=getMsg HTTP/1.1" 200 27
58.39.139.200 - - [10/Dec/2021:09:35:00 +0800] "GET /xingrg/all/function/internal_message.html?_=1639100035048&CODE_STATE=getMsg HTTP/1.1" 200 27
116.227.210.113 - - [10/Dec/2021:09:35:00 +0800] "GET /xingrg/kc/buy/cgsh_order_operate.html?command=get_materiel&rest_code=00155&code=00101008238&supplier_code=00100005&order_time=2021-12-10 HTTP/1.1" 200 416
180.169.147.146 - - [10/Dec/2021:09:35:01 +0800] "GET /xingrg/all/function/internal_message.html?_=1639100090666&CODE_STATE=getMsg HTTP/1.1" 200 27
114.83.222.61 - - [10/Dec/2021:09:35:02 +0800] "GET /xingrg/kc/print/load_data.html?order_code=212021121003835&kc_code=cgsh&condition= HTTP/1.1" 200 1511
222.70.176.97 - - [10/Dec/2021:09:35:05 +0800] "GET /xingrg/kc/buy/cgsh_order_operate.html?command=get_materiel&rest_code=00111&code=00101008248&supplier_code=00100005&order_time=2021-12-10 HTTP/1.1" 200 412
116.227.210.113 - - [10/Dec/2021:09:35:06 +0800] "GET /xingrg/kc/buy/cgsh_order_operate.html?command=get_materiel&rest_code=00155&code=00101008197&supplier_code=00100005&order_time=2021-12-10 HTTP/1.1" 200 416
180.169.147.146 - - [10/Dec/2021:09:35:06 +0800] "POST /xingrg/all/report/load_report_page.html HTTP/1.1" 200 53422
180.169.147.146 - - [10/Dec/2021:09:35:06 +0800] "GET /xingrg/servlets/image?cache=0.17895029896176462&image=px HTTP/1.1" 200 807
114.85.125.222 - - [10/Dec/2021:09:35:06 +0800] "GET /xingrg/all/function/internal_message.html?_=1639100063945&CODE_STATE=getMsg HTTP/1.1" 200 27
116.227.210.113 - - [10/Dec/2021:09:35:07 +0800] "POST /xingrg/kc/buy/cgsh_order_operate.html HTTP/1.1" 200 2065
58.37.8.98 - - [10/Dec/2021:09:35:10 +0800] "GET /xingrg/kc/buy/cgsh_order_operate.html?command=get_materiel&rest_code=00141&code=00101006178&supplier_code=00100012&order_time=2021-12-10 HTTP/1.1" 200 409
124.77.240.52 - - [10/Dec/2021:09:35:11 +0800] "GET /xingrg/check_reg.html?_=1639100127294 HTTP/1.1" 200 22
180.169.147.146 - - [10/Dec/2021:09:35:13 +0800] "POST /xingrg/all/report/load_report_page.html HTTP/1.1" 200 38802
180.169.147.146 - - [10/Dec/2021:09:35:13 +0800] "GET /xingrg/servlets/image?cache=0.5288423588627197&image=px HTTP/1.1" 200 807
222.70.176.97 - - [10/Dec/2021:09:35:14 +0800] "GET /xingrg/all/function/internal_message.html?_=1639099779587&CODE_STATE=getMsg HTTP/1.1" 302 -
116.227.210.113 - - [10/Dec/2021:09:35:18 +0800] "GET /xingrg/kc/buy/cgsh_order_operate.html?command=get_materiel&rest_code=00155&code=00101008069&supplier_code=00100005&order_time=2021-12-10 HTTP/1.1" 200 412
222.70.176.97 - - [10/Dec/2021:09:35:22 +0800] "GET /xingrg/kc/buy/cgsh_order_operate.html?command=get_materiel&rest_code=00111&code=00101008300&supplier_code=00100005&order_time=2021-12-10 HTTP/1.1" 200 412
116.238.248.233 - - [10/Dec/2021:09:35:23 +0800] "GET /xingrg/kc/buy/cgsh_order_operate.html?command=get_materiel&rest_code=00150&code=00101006111&supplier_code=00100096&order_time=2021-12-10 HTTP/1.1" 200 409
116.227.210.113 - - [10/Dec/2021:09:35:24 +0800] "GET /xingrg/kc/buy/cgsh_order_operate.html?command=get_materiel&rest_code=00155&code=00101008006&supplier_code=00100005&order_time=2021-12-10 HTTP/1.1" 200 416
116.227.210.113 - - [10/Dec/2021:09:35:27 +0800] "GET /xingrg/all/function/internal_message.html?_=1639100123603&CODE_STATE=getMsg HTTP/1.1" 200 27
180.169.147.146 - - [10/Dec/2021:09:35:27 +0800] "GET /xingrg/all/function/internal_message.html?_=1639100125451&CODE_STATE=getMsg HTTP/1.1" 200 27
58.37.8.98 - - [10/Dec/2021:09:35:30 +0800] "GET /xingrg/check_reg.html?_=1639099945424 HTTP/1.1" 200 22
58.37.8.98 - - [10/Dec/2021:09:35:30 +0800] "GET /xingrg/all/function/internal_message.html?_=1639099945426&CODE_STATE=getMsg HTTP/1.1" 200 27
116.227.210.113 - - [10/Dec/2021:09:35:30 +0800] "GET /xingrg/kc/buy/cgsh_order_operate.html?command=get_materiel&rest_code=00155&code=00101008131&supplier_code=00100005&order_time=2021-12-10 HTTP/1.1" 200 408
180.169.147.146 - - [10/Dec/2021:09:35:31 +0800] "POST /xingrg/dwr/call/plaincall/AjaxReportQueryService.refreshCache.dwr HTTP/1.1" 200 78
116.238.248.233 - - [10/Dec/2021:09:35:32 +0800] "GET /xingrg/all/function/internal_message.html?_=1639100129401&CODE_STATE=getMsg HTTP/1.1" 200 27
124.77.240.52 - - [10/Dec/2021:09:35:33 +0800] "GET /xingrg/all/function/internal_message.html?_=1639100148643&CODE_STATE=getMsg HTTP/1.1" 200 27
180.169.147.146 - - [10/Dec/2021:09:35:34 +0800] "POST /xingrg/all/report/load_report_page.html HTTP/1.1" 200 23739
180.169.147.146 - - [10/Dec/2021:09:35:34 +0800] "GET /xingrg/servlets/image?cache=0.6862785202353076&image=px HTTP/1.1" 200 807
222.70.176.97 - - [10/Dec/2021:09:35:36 +0800] "GET /xingrg/kc/buy/cgsh_order_operate.html?command=get_materiel&rest_code=00111&code=00101008087&supplier_code=00100005&order_time=2021-12-10 HTTP/1.1" 200 412
116.227.210.113 - - [10/Dec/2021:09:35:36 +0800] "GET /xingrg/kc/buy/cgsh_order_operate.html?command=get_materiel&rest_code=00155&code=00101008108&supplier_code=00100005&order_time=2021-12-10 HTTP/1.1" 200 412
180.169.147.146 - - [10/Dec/2021:09:35:37 +0800] "GET /xingrg/all/function/internal_message.html?_=1639100134562&CODE_STATE=getMsg HTTP/1.1" 200 27
180.169.147.146 - - [10/Dec/2021:09:35:37 +0800] "GET /xingrg/check_reg.html?_=1639100134566 HTTP/1.1" 200 22
116.227.210.113 - - [10/Dec/2021:09:35:38 +0800] "POST /xingrg/kc/buy/cgsh_order_operate.html HTTP/1.1" 200 2065
180.169.147.146 - - [10/Dec/2021:09:35:40 +0800] "GET /xingrg/all/report/report_query.html?isQuery=1&fileName=kc/buy/wlcg_cate_hz.xml&queryString=(CONVERT(char(10)%2Ca.order_time%2C%20120)%3E%3D'2021-06-01')%20and%20(CONVERT(char(10)%2Ca.order_time%2C%20120)%3C%3D'2021-12-31')%20and%20(a.base_code%20in%20('0010347'))%20and%20(a.supplier_code%3D'00100089')%20and%20(a.base_code%3D'0010347')&queryText=%E3%80%90%E9%87%87%E8%B4%AD%E6%97%A5%E6%9C%9F%3A2021-06-01%20%E8%87%B3%202021-12-31%E3%80%91%20%E5%B9%B6%E4%B8%94%20%20%E3%80%90%E6%9F%A5%E8%AF%A2%E4%BB%93%E5%BA%93%20%3D%20%E5%88%BA%E8%BA%AB%E3%80%91%20%E5%B9%B6%E4%B8%94%20%E3%80%90%E4%BE%9B%E5%BA%94%E5%95%86%3D%E4%B8%89%E6%96%87%E9%B1%BC%EF%BC%88%E7%8E%8B%E7%A7%80%E7%BA%A2%EF%BC%89%E3%80%91%E5%B9%B6%E4%B8%94%E3%80%90%E4%BB%93%E5%BA%93%E5%90%8D%E7%A7%B0%20%3D%20%E5%88%BA%E8%BA%AB%E3%80%91&rand=0.2148691659190941 HTTP/1.1" 200 54522
