116.238.248.233 - - [10/Dec/2021:07:34:30 +0800] "GET /xingrg/all/function/internal_message.html?_=1639092868274&CODE_STATE=getMsg HTTP/1.1" 200 27
124.78.153.86 - - [10/Dec/2021:07:34:44 +0800] "GET /xingrg/all/function/internal_message.html?_=1639092889702&CODE_STATE=getMsg HTTP/1.1" 200 27
116.233.75.93 - - [10/Dec/2021:07:34:49 +0800] "GET /xingrg/all/function/internal_message.html?_=1639092891658&CODE_STATE=getMsg HTTP/1.1" 302 -
116.233.75.93 - - [10/Dec/2021:07:34:49 +0800] "GET /xingrg/login.html HTTP/1.1" 200 7641
180.169.147.146 - - [10/Dec/2021:07:34:50 +0800] "GET /xingrg/all/function/internal_message.html?_=1639092888407&CODE_STATE=getMsg HTTP/1.1" 302 -
120.253.135.82 - - [10/Dec/2021:07:34:54 +0800] "GET /xingrg/all/function/internal_message.html?_=1639093023433&CODE_STATE=getMsg HTTP/1.1" 302 -
114.85.125.222 - - [10/Dec/2021:07:34:59 +0800] "GET /xingrg/all/function/internal_message.html?_=1639092856712&CODE_STATE=getMsg HTTP/1.1" 302 -
222.70.176.97 - - [10/Dec/2021:07:35:03 +0800] "GET /xingrg/all/function/internal_message.html?_=1639092899411&CODE_STATE=getMsg HTTP/1.1" 302 -
58.39.139.200 - - [10/Dec/2021:07:35:08 +0800] "POST /xingrg/services/DataTransmitService HTTP/1.1" 200 45454
58.39.139.200 - - [10/Dec/2021:07:35:08 +0800] "POST /xingrg/services/DataTransmitService HTTP/1.1" 200 19237
120.253.135.82 - - [10/Dec/2021:07:35:12 +0800] "GET /xingrg/all/function/internal_message.html?_=1639092687534&CODE_STATE=getMsg HTTP/1.1" 200 27
124.77.240.52 - - [10/Dec/2021:07:35:12 +0800] "GET /xingrg/check_reg.html?_=1639092927156 HTTP/1.1" 200 22
222.70.176.97 - - [10/Dec/2021:07:35:13 +0800] "GET /xingrg/all/function/internal_message.html?_=1639092579586&CODE_STATE=getMsg HTTP/1.1" 302 -
222.70.176.97 - - [10/Dec/2021:07:35:26 +0800] "GET /xingrg/check_reg.html?_=1639092921581 HTTP/1.1" 302 -
120.253.135.82 - - [10/Dec/2021:07:35:27 +0800] "GET /xingrg/kc/pszx/mdps_order_list.html?orderType=0 HTTP/1.1" 200 20925
58.39.139.200 - - [10/Dec/2021:07:35:27 +0800] "POST /xingrg/services/DataTransmitService HTTP/1.1" 200 524
120.253.135.82 - - [10/Dec/2021:07:35:27 +0800] "POST /xingrg/kc/pszx/mdps_list_operate.html HTTP/1.1" 200 5256
58.39.139.200 - - [10/Dec/2021:07:35:28 +0800] "POST /xingrg/services/DataTransmitService HTTP/1.1" 200 501
124.77.240.52 - - [10/Dec/2021:07:35:28 +0800] "GET /xingrg/all/function/internal_message.html?_=1639092943987&CODE_STATE=getMsg HTTP/1.1" 200 27
116.238.248.233 - - [10/Dec/2021:07:35:30 +0800] "GET /xingrg/all/function/internal_message.html?_=1639092928283&CODE_STATE=getMsg HTTP/1.1" 200 27
120.253.135.82 - - [10/Dec/2021:07:35:37 +0800] "POST /xingrg/kc/pszx/mdps_list_operate.html HTTP/1.1" 200 5137
120.253.135.82 - - [10/Dec/2021:07:35:40 +0800] "POST /xingrg/kc/pszx/mdps_list_operate.html HTTP/1.1" 200 634
120.253.135.82 - - [10/Dec/2021:07:35:41 +0800] "GET /xingrg/kc/pszx/mdps_order_info.html?code=312021121000236 HTTP/1.1" 200 23925
120.253.135.82 - - [10/Dec/2021:07:35:41 +0800] "GET /xingrg/javascript/easyui/themes/default/validatebox.css HTTP/1.1" 404 1104
120.253.135.82 - - [10/Dec/2021:07:35:41 +0800] "POST /xingrg/kc/pszx/mdps_order_operate.html HTTP/1.1" 200 10374
124.78.153.86 - - [10/Dec/2021:07:35:44 +0800] "GET /xingrg/check_reg.html?_=1639092949703 HTTP/1.1" 200 22
124.78.153.86 - - [10/Dec/2021:07:35:44 +0800] "GET /xingrg/all/function/internal_message.html?_=1639092949706&CODE_STATE=getMsg HTTP/1.1" 200 27
116.233.75.93 - - [10/Dec/2021:07:35:49 +0800] "GET /xingrg/all/function/internal_message.html?_=1639092951660&CODE_STATE=getMsg HTTP/1.1" 302 -
116.233.75.93 - - [10/Dec/2021:07:35:49 +0800] "GET /xingrg/login.html HTTP/1.1" 200 7641
180.169.147.146 - - [10/Dec/2021:07:35:50 +0800] "GET /xingrg/check_reg.html?_=1639092948403 HTTP/1.1" 302 -
180.169.147.146 - - [10/Dec/2021:07:35:50 +0800] "GET /xingrg/all/function/internal_message.html?_=1639092948405&CODE_STATE=getMsg HTTP/1.1" 302 -
120.253.135.82 - - [10/Dec/2021:07:35:54 +0800] "GET /xingrg/all/function/internal_message.html?_=1639093083448&CODE_STATE=getMsg HTTP/1.1" 302 -
58.39.139.200 - - [10/Dec/2021:07:35:57 +0800] "POST /xingrg/services/DataTransmitService HTTP/1.1" 200 524
58.39.139.200 - - [10/Dec/2021:07:35:57 +0800] "POST /xingrg/services/DataTransmitService HTTP/1.1" 200 501
58.39.139.200 - - [10/Dec/2021:07:35:58 +0800] "POST /xingrg/services/DataTransmitService HTTP/1.1" 200 524
58.39.139.200 - - [10/Dec/2021:07:35:58 +0800] "POST /xingrg/services/DataTransmitService HTTP/1.1" 200 501
114.85.125.222 - - [10/Dec/2021:07:35:59 +0800] "GET /xingrg/all/function/internal_message.html?_=1639092916718&CODE_STATE=getMsg HTTP/1.1" 302 -
222.70.176.97 - - [10/Dec/2021:07:36:03 +0800] "GET /xingrg/all/function/internal_message.html?_=1639092959383&CODE_STATE=getMsg HTTP/1.1" 302 -
120.253.135.82 - - [10/Dec/2021:07:36:12 +0800] "GET /xingrg/all/function/internal_message.html?_=1639092747548&CODE_STATE=getMsg HTTP/1.1" 200 27
58.39.139.200 - - [10/Dec/2021:07:36:12 +0800] "POST /xingrg/services/DataTransmitService HTTP/1.1" 200 524
222.70.176.97 - - [10/Dec/2021:07:36:13 +0800] "GET /xingrg/all/function/internal_message.html?_=1639092639587&CODE_STATE=getMsg HTTP/1.1" 302 -
120.253.135.82 - - [10/Dec/2021:07:36:20 +0800] "GET /xingrg/check_reg.html?_=1639093109952 HTTP/1.1" 302 -
58.39.139.200 - - [10/Dec/2021:07:36:26 +0800] "POST /xingrg/services/DataTransmitService HTTP/1.1" 200 501
58.39.139.200 - - [10/Dec/2021:07:36:26 +0800] "POST /xingrg/services/DataTransmitService HTTP/1.1" 200 501
58.39.139.200 - - [10/Dec/2021:07:36:27 +0800] "POST /xingrg/services/DataTransmitService HTTP/1.1" 200 501
58.39.139.200 - - [10/Dec/2021:07:36:28 +0800] "POST /xingrg/services/DataTransmitService HTTP/1.1" 200 501
58.39.139.200 - - [10/Dec/2021:07:36:28 +0800] "POST /xingrg/services/DataTransmitService HTTP/1.1" 200 501
124.77.240.52 - - [10/Dec/2021:07:36:28 +0800] "GET /xingrg/all/function/internal_message.html?_=1639093004000&CODE_STATE=getMsg HTTP/1.1" 200 27
116.238.248.233 - - [10/Dec/2021:07:36:30 +0800] "GET /xingrg/all/function/internal_message.html?_=1639092988283&CODE_STATE=getMsg HTTP/1.1" 200 27
116.238.248.233 - - [10/Dec/2021:07:36:30 +0800] "GET /xingrg/check_reg.html?_=1639092988284 HTTP/1.1" 200 22
58.39.139.200 - - [10/Dec/2021:07:36:32 +0800] "POST /xingrg/services/DataTransmitService HTTP/1.1" 200 501
58.39.139.200 - - [10/Dec/2021:07:36:32 +0800] "POST /xingrg/services/DataTransmitService HTTP/1.1" 200 501
58.39.139.200 - - [10/Dec/2021:07:36:33 +0800] "POST /xingrg/services/DataTransmitService HTTP/1.1" 200 501
58.39.139.200 - - [10/Dec/2021:07:36:33 +0800] "POST /xingrg/services/DataTransmitService HTTP/1.1" 200 412
124.78.153.86 - - [10/Dec/2021:07:36:45 +0800] "GET /xingrg/all/function/internal_message.html?_=1639093009706&CODE_STATE=getMsg HTTP/1.1" 200 27
114.85.125.222 - - [10/Dec/2021:07:36:48 +0800] "GET /xingrg/check_reg.html?_=1639092966070 HTTP/1.1" 302 -
116.233.75.93 - - [10/Dec/2021:07:36:49 +0800] "GET /xingrg/all/function/internal_message.html?_=1639093011666&CODE_STATE=getMsg HTTP/1.1" 302 -
116.233.75.93 - - [10/Dec/2021:07:36:49 +0800] "GET /xingrg/login.html HTTP/1.1" 200 7641
180.169.147.146 - - [10/Dec/2021:07:36:50 +0800] "GET /xingrg/all/function/internal_message.html?_=1639093008393&CODE_STATE=getMsg HTTP/1.1" 302 -
120.253.135.82 - - [10/Dec/2021:07:36:54 +0800] "GET /xingrg/all/function/internal_message.html?_=1639093143504&CODE_STATE=getMsg HTTP/1.1" 302 -
114.85.125.222 - - [10/Dec/2021:07:36:59 +0800] "GET /xingrg/all/function/internal_message.html?_=1639092976741&CODE_STATE=getMsg HTTP/1.1" 302 -
222.70.176.97 - - [10/Dec/2021:07:37:03 +0800] "GET /xingrg/all/function/internal_message.html?_=1639093019366&CODE_STATE=getMsg HTTP/1.1" 302 -
120.253.135.82 - - [10/Dec/2021:07:37:12 +0800] "GET /xingrg/all/function/internal_message.html?_=1639092807560&CODE_STATE=getMsg HTTP/1.1" 200 27
222.70.176.97 - - [10/Dec/2021:07:37:13 +0800] "GET /xingrg/all/function/internal_message.html?_=1639092699586&CODE_STATE=getMsg HTTP/1.1" 302 -
124.77.240.52 - - [10/Dec/2021:07:37:29 +0800] "GET /xingrg/all/function/internal_message.html?_=1639093064075&CODE_STATE=getMsg HTTP/1.1" 200 27
116.238.248.233 - - [10/Dec/2021:07:37:30 +0800] "GET /xingrg/all/function/internal_message.html?_=1639093048283&CODE_STATE=getMsg HTTP/1.1" 200 27
124.78.153.86 - - [10/Dec/2021:07:37:45 +0800] "GET /xingrg/all/function/internal_message.html?_=1639093069706&CODE_STATE=getMsg HTTP/1.1" 200 27
116.233.75.93 - - [10/Dec/2021:07:37:49 +0800] "GET /xingrg/all/function/internal_message.html?_=1639093071665&CODE_STATE=getMsg HTTP/1.1" 302 -
116.233.75.93 - - [10/Dec/2021:07:37:49 +0800] "GET /xingrg/check_reg.html?_=1639093071668 HTTP/1.1" 302 -
116.233.75.93 - - [10/Dec/2021:07:37:49 +0800] "GET /xingrg/login.html HTTP/1.1" 200 7641
116.233.75.93 - - [10/Dec/2021:07:37:49 +0800] "GET /xingrg/login.html HTTP/1.1" 200 7641
180.169.147.146 - - [10/Dec/2021:07:37:50 +0800] "GET /xingrg/all/function/internal_message.html?_=1639093068402&CODE_STATE=getMsg HTTP/1.1" 302 -
120.253.135.82 - - [10/Dec/2021:07:37:54 +0800] "GET /xingrg/all/function/internal_message.html?_=1639093203507&CODE_STATE=getMsg HTTP/1.1" 302 -
58.35.215.131 - - [10/Dec/2021:07:37:59 +0800] "GET /xingrg/check_reg.html?_=1639093076313 HTTP/1.1" 302 -
114.85.125.222 - - [10/Dec/2021:07:37:59 +0800] "GET /xingrg/all/function/internal_message.html?_=1639093036744&CODE_STATE=getMsg HTTP/1.1" 302 -
222.70.176.97 - - [10/Dec/2021:07:38:03 +0800] "GET /xingrg/all/function/internal_message.html?_=1639093079350&CODE_STATE=getMsg HTTP/1.1" 302 -
120.253.135.82 - - [10/Dec/2021:07:38:12 +0800] "GET /xingrg/all/function/internal_message.html?_=1639092867720&CODE_STATE=getMsg HTTP/1.1" 200 27
222.70.176.97 - - [10/Dec/2021:07:38:13 +0800] "GET /xingrg/all/function/internal_message.html?_=1639092759587&CODE_STATE=getMsg HTTP/1.1" 302 -
222.70.176.97 - - [10/Dec/2021:07:38:13 +0800] "GET /xingrg/check_reg.html?_=1639092759588 HTTP/1.1" 302 -
124.77.240.52 - - [10/Dec/2021:07:38:29 +0800] "GET /xingrg/all/function/internal_message.html?_=1639093124090&CODE_STATE=getMsg HTTP/1.1" 200 27
116.238.248.233 - - [10/Dec/2021:07:38:30 +0800] "GET /xingrg/all/function/internal_message.html?_=1639093108283&CODE_STATE=getMsg HTTP/1.1" 200 27
124.78.153.86 - - [10/Dec/2021:07:38:44 +0800] "GET /xingrg/all/function/internal_message.html?_=1639093129691&CODE_STATE=getMsg HTTP/1.1" 200 27
116.233.75.93 - - [10/Dec/2021:07:38:49 +0800] "GET /xingrg/all/function/internal_message.html?_=1639093131667&CODE_STATE=getMsg HTTP/1.1" 302 -
116.233.75.93 - - [10/Dec/2021:07:38:49 +0800] "GET /xingrg/login.html HTTP/1.1" 200 7641
180.169.147.146 - - [10/Dec/2021:07:38:50 +0800] "GET /xingrg/all/function/internal_message.html?_=1639093128419&CODE_STATE=getMsg HTTP/1.1" 302 -
120.253.135.82 - - [10/Dec/2021:07:38:54 +0800] "GET /xingrg/all/function/internal_message.html?_=1639093263563&CODE_STATE=getMsg HTTP/1.1" 302 -
120.253.135.82 - - [10/Dec/2021:07:38:57 +0800] "GET /xingrg/kc/pszx/mdth_order_list.html HTTP/1.1" 200 18349
120.253.135.82 - - [10/Dec/2021:07:38:57 +0800] "POST /xingrg/kc/pszx/mdps_list_operate.html HTTP/1.1" 200 5137
120.253.135.82 - - [10/Dec/2021:07:38:57 +0800] "POST /xingrg/kc/pszx/mdth_order_new_list.html HTTP/1.1" 200 4667
114.85.125.222 - - [10/Dec/2021:07:38:59 +0800] "GET /xingrg/all/function/internal_message.html?_=1639093096767&CODE_STATE=getMsg HTTP/1.1" 302 -
120.253.135.82 - - [10/Dec/2021:07:38:59 +0800] "POST /xingrg/kc/pszx/mdth_order_new_list.html HTTP/1.1" 200 309
222.70.176.97 - - [10/Dec/2021:07:39:03 +0800] "GET /xingrg/all/function/internal_message.html?_=1639093139359&CODE_STATE=getMsg HTTP/1.1" 302 -
120.253.135.82 - - [10/Dec/2021:07:39:04 +0800] "POST /xingrg/kc/pszx/mdth_order_new_list.html HTTP/1.1" 200 475
120.253.135.82 - - [10/Dec/2021:07:39:06 +0800] "GET /xingrg/check_reg.html?_=1639092922068 HTTP/1.1" 200 22
120.253.135.82 - - [10/Dec/2021:07:39:07 +0800] "POST /xingrg/kc/pszx/mdth_order_new_list.html HTTP/1.1" 200 309
120.253.135.82 - - [10/Dec/2021:07:39:12 +0800] "GET /xingrg/all/function/internal_message.html?_=1639092927728&CODE_STATE=getMsg HTTP/1.1" 200 27
222.70.176.97 - - [10/Dec/2021:07:39:13 +0800] "GET /xingrg/all/function/internal_message.html?_=1639092819587&CODE_STATE=getMsg HTTP/1.1" 302 -
120.253.135.82 - - [10/Dec/2021:07:39:26 +0800] "GET /xingrg/kc/pszx/mdqp_order_list.html?state=10 HTTP/1.1" 200 10217
120.253.135.82 - - [10/Dec/2021:07:39:26 +0800] "GET /xingrg/dwr/interface/AjaxReportQueryService.js HTTP/1.1" 200 13203
120.253.135.82 - - [10/Dec/2021:07:39:26 +0800] "GET /xingrg/dwr/interface/AjaxQqpsService.js HTTP/1.1" 200 16326
120.253.135.82 - - [10/Dec/2021:07:39:26 +0800] "GET /xingrg/dwr/engine.js HTTP/1.1" 200 43631
124.77.240.52 - - [10/Dec/2021:07:39:29 +0800] "GET /xingrg/all/function/internal_message.html?_=1639093184169&CODE_STATE=getMsg HTTP/1.1" 200 27
116.238.248.233 - - [10/Dec/2021:07:39:30 +0800] "GET /xingrg/all/function/internal_message.html?_=1639093168281&CODE_STATE=getMsg HTTP/1.1" 200 27
120.253.135.82 - - [10/Dec/2021:07:39:34 +0800] "GET /xingrg/kc/buy/cgsh_order_list.html HTTP/1.1" 200 49163
120.253.135.82 - - [10/Dec/2021:07:39:35 +0800] "POST /xingrg/kc/buy/cgsh_list_operate.html HTTP/1.1" 200 1677
120.253.135.82 - - [10/Dec/2021:07:39:38 +0800] "POST /xingrg/kc/buy/cgsh_list_operate.html HTTP/1.1" 200 366
124.78.153.86 - - [10/Dec/2021:07:39:44 +0800] "GET /xingrg/all/function/internal_message.html?_=1639093189691&CODE_STATE=getMsg HTTP/1.1" 200 27
120.253.135.82 - - [10/Dec/2021:07:39:48 +0800] "GET /xingrg/kc/buy/cgsh_order_add.html HTTP/1.1" 200 63962
120.253.135.82 - - [10/Dec/2021:07:39:48 +0800] "GET /xingrg/javascript/easyui/themes/icons/template_new.png HTTP/1.1" 200 3956
120.253.135.82 - - [10/Dec/2021:07:39:48 +0800] "POST /xingrg/kc/buy/cgsh_order_operate.html HTTP/1.1" 200 8245
120.253.135.82 - - [10/Dec/2021:07:39:48 +0800] "GET /xingrg/all/common/auto_word.html?type=employee&rest_code=00101 HTTP/1.1" 200 923
120.253.135.82 - - [10/Dec/2021:07:39:48 +0800] "GET /xingrg/all/common/auto_word.html?type=employee&rest_code=00101 HTTP/1.1" 200 923
120.253.135.82 - - [10/Dec/2021:07:39:48 +0800] "GET /xingrg/javascript/easyui/themes/default/validatebox.css HTTP/1.1" 404 1104
116.233.75.93 - - [10/Dec/2021:07:39:49 +0800] "GET /xingrg/all/function/internal_message.html?_=1639093191670&CODE_STATE=getMsg HTTP/1.1" 302 -
116.233.75.93 - - [10/Dec/2021:07:39:49 +0800] "GET /xingrg/login.html HTTP/1.1" 200 7641
180.169.147.146 - - [10/Dec/2021:07:39:50 +0800] "GET /xingrg/all/function/internal_message.html?_=1639093188410&CODE_STATE=getMsg HTTP/1.1" 302 -
120.253.135.82 - - [10/Dec/2021:07:39:54 +0800] "GET /xingrg/all/function/internal_message.html?_=1639093323564&CODE_STATE=getMsg HTTP/1.1" 302 -
114.85.125.222 - - [10/Dec/2021:07:39:59 +0800] "GET /xingrg/all/function/internal_message.html?_=1639093156772&CODE_STATE=getMsg HTTP/1.1" 302 -
120.253.135.82 - - [10/Dec/2021:07:40:00 +0800] "POST /xingrg/all/common/load_combo.html?type=employee HTTP/1.1" 200 1661
222.70.176.97 - - [10/Dec/2021:07:40:03 +0800] "GET /xingrg/all/function/internal_message.html?_=1639093199342&CODE_STATE=getMsg HTTP/1.1" 302 -
124.77.240.52 - - [10/Dec/2021:07:40:12 +0800] "GET /xingrg/check_reg.html?_=1639093227159 HTTP/1.1" 200 22
120.253.135.82 - - [10/Dec/2021:07:40:12 +0800] "GET /xingrg/all/function/internal_message.html?_=1639092987742&CODE_STATE=getMsg HTTP/1.1" 200 27
222.70.176.97 - - [10/Dec/2021:07:40:13 +0800] "GET /xingrg/all/function/internal_message.html?_=1639092879586&CODE_STATE=getMsg HTTP/1.1" 302 -
120.253.135.82 - - [10/Dec/2021:07:40:17 +0800] "GET /xingrg/kc/buy/cgsh_order_operate.html?command=get_materiel&rest_code=00101&code=00101019222&supplier_code=00100130&order_time=2021-12-10 HTTP/1.1" 200 452
120.253.135.82 - - [10/Dec/2021:07:40:19 +0800] "POST /xingrg/all/common/load_select.html HTTP/1.1" 200 25
120.253.135.82 - - [10/Dec/2021:07:40:25 +0800] "GET /xingrg/kc/buy/cgsh_order_operate.html?command=get_materiel_price&rest_code=00101&code=00101019222&unit_code=00100130&supplier_code=00100130&order_time=2021-12-10 HTTP/1.1" 200 29
222.70.176.97 - - [10/Dec/2021:07:40:26 +0800] "GET /xingrg/check_reg.html?_=1639093221605 HTTP/1.1" 302 -
124.77.240.52 - - [10/Dec/2021:07:40:29 +0800] "GET /xingrg/all/function/internal_message.html?_=1639093244179&CODE_STATE=getMsg HTTP/1.1" 200 27
116.238.248.233 - - [10/Dec/2021:07:40:30 +0800] "GET /xingrg/all/function/internal_message.html?_=1639093228309&CODE_STATE=getMsg HTTP/1.1" 200 27
124.78.153.86 - - [10/Dec/2021:07:40:44 +0800] "GET /xingrg/check_reg.html?_=1639093249695 HTTP/1.1" 200 22
124.78.153.86 - - [10/Dec/2021:07:40:44 +0800] "GET /xingrg/all/function/internal_message.html?_=1639093249691&CODE_STATE=getMsg HTTP/1.1" 200 27
116.233.75.93 - - [10/Dec/2021:07:40:49 +0800] "GET /xingrg/all/function/internal_message.html?_=1639093251674&CODE_STATE=getMsg HTTP/1.1" 302 -
116.233.75.93 - - [10/Dec/2021:07:40:49 +0800] "GET /xingrg/login.html HTTP/1.1" 200 7641
120.253.135.82 - - [10/Dec/2021:07:40:50 +0800] "POST /xingrg/kc/buy/cgsh_order_operate.html HTTP/1.1" 200 37
180.169.147.146 - - [10/Dec/2021:07:40:50 +0800] "GET /xingrg/check_reg.html?_=1639093248410 HTTP/1.1" 302 -
180.169.147.146 - - [10/Dec/2021:07:40:50 +0800] "GET /xingrg/all/function/internal_message.html?_=1639093248412&CODE_STATE=getMsg HTTP/1.1" 302 -
120.253.135.82 - - [10/Dec/2021:07:40:52 +0800] "POST /xingrg/kc/buy/cgsh_order_operate.html HTTP/1.1" 200 2678
120.253.135.82 - - [10/Dec/2021:07:40:54 +0800] "GET /xingrg/all/function/internal_message.html?_=1639093383623&CODE_STATE=getMsg HTTP/1.1" 302 -
120.253.135.82 - - [10/Dec/2021:07:40:54 +0800] "GET /xingrg/kc/print/load_config.html?kc_code=cgsh HTTP/1.1" 200 1925
120.253.135.82 - - [10/Dec/2021:07:40:54 +0800] "GET /xingrg/kc/print/load_data.html?order_code=212021121003805&kc_code=cgsh&condition= HTTP/1.1" 200 741
114.85.125.222 - - [10/Dec/2021:07:40:59 +0800] "GET /xingrg/all/function/internal_message.html?_=1639093216794&CODE_STATE=getMsg HTTP/1.1" 302 -
222.70.176.97 - - [10/Dec/2021:07:41:03 +0800] "GET /xingrg/all/function/internal_message.html?_=1639093259313&CODE_STATE=getMsg HTTP/1.1" 302 -
120.253.135.82 - - [10/Dec/2021:07:41:09 +0800] "GET /xingrg/kc/print/report_design.html?orderType=cgsh HTTP/1.1" 200 8625
120.253.135.82 - - [10/Dec/2021:07:41:09 +0800] "GET /xingrg/javascript/easyui/jquery.easyui.min.js HTTP/1.1" 200 272531
120.253.135.82 - - [10/Dec/2021:07:41:09 +0800] "GET /xingrg/css/design.css HTTP/1.1" 200 2477
120.253.135.82 - - [10/Dec/2021:07:41:09 +0800] "GET /xingrg/javascript/print/report.helper.js HTTP/1.1" 200 7208
120.253.135.82 - - [10/Dec/2021:07:41:09 +0800] "GET /xingrg/javascript/print/report.js HTTP/1.1" 200 10993
120.253.135.82 - - [10/Dec/2021:07:41:10 +0800] "GET /xingrg/javascript/easyui/themes/sunny/images/ui-bg_highlight-soft_100_feeebd_1x100.png HTTP/1.1" 200 108
120.253.135.82 - - [10/Dec/2021:07:41:10 +0800] "GET /xingrg/javascript/easyui/themes/sunny/images/ui-bg_gloss-wave_45_817865_500x100.png HTTP/1.1" 200 3971
120.253.135.82 - - [10/Dec/2021:07:41:10 +0800] "GET /xingrg/javascript/easyui/themes/sunny/images/ui-icons_fadc7a_256x240.png HTTP/1.1" 200 4369
120.253.135.82 - - [10/Dec/2021:07:41:10 +0800] "GET /xingrg/javascript/easyui/themes/sunny/images/blank.gif HTTP/1.1" 200 43
120.253.135.82 - - [10/Dec/2021:07:41:10 +0800] "GET /xingrg/javascript/easyui/themes/sunny/images/ui-icons_bd7b00_256x240.png HTTP/1.1" 200 4369
120.253.135.82 - - [10/Dec/2021:07:41:10 +0800] "GET /xingrg/javascript/easyui/themes/sunny/images/ui-bg_gloss-wave_70_ffdd57_500x100.png HTTP/1.1" 200 3830
120.253.135.82 - - [10/Dec/2021:07:41:10 +0800] "GET /xingrg/kc/print/design_operate.html?_=1639093045678&command=load_config&code=cgsh HTTP/1.1" 200 2835
120.253.135.82 - - [10/Dec/2021:07:41:10 +0800] "GET /favicon.ico HTTP/1.1" 404 -
120.253.135.82 - - [10/Dec/2021:07:41:10 +0800] "GET /xingrg/css/images/background.png HTTP/1.1" 200 137
120.253.135.82 - - [10/Dec/2021:07:41:12 +0800] "GET /xingrg/all/function/internal_message.html?_=1639093047755&CODE_STATE=getMsg HTTP/1.1" 200 27
222.70.176.97 - - [10/Dec/2021:07:41:13 +0800] "GET /xingrg/all/function/internal_message.html?_=1639092939587&CODE_STATE=getMsg HTTP/1.1" 302 -
120.253.135.82 - - [10/Dec/2021:07:41:20 +0800] "GET /xingrg/check_reg.html?_=1639093409965 HTTP/1.1" 302 -
120.253.135.82 - - [10/Dec/2021:07:41:27 +0800] "GET /xingrg/images/yd/bt.gif HTTP/1.1" 404 1040
124.77.240.52 - - [10/Dec/2021:07:41:29 +0800] "GET /xingrg/all/function/internal_message.html?_=1639093304192&CODE_STATE=getMsg HTTP/1.1" 200 27
116.238.248.233 - - [10/Dec/2021:07:41:30 +0800] "GET /xingrg/all/function/internal_message.html?_=1639093288308&CODE_STATE=getMsg HTTP/1.1" 200 27
116.238.248.233 - - [10/Dec/2021:07:41:30 +0800] "GET /xingrg/check_reg.html?_=1639093288313 HTTP/1.1" 200 22
124.78.153.86 - - [10/Dec/2021:07:41:44 +0800] "GET /xingrg/all/function/internal_message.html?_=1639093309695&CODE_STATE=getMsg HTTP/1.1" 200 27
114.85.125.222 - - [10/Dec/2021:07:41:48 +0800] "GET /xingrg/check_reg.html?_=1639093266070 HTTP/1.1" 302 -
116.233.75.93 - - [10/Dec/2021:07:41:49 +0800] "GET /xingrg/all/function/internal_message.html?_=1639093311673&CODE_STATE=getMsg HTTP/1.1" 302 -
116.233.75.93 - - [10/Dec/2021:07:41:49 +0800] "GET /xingrg/login.html HTTP/1.1" 200 7641
180.169.147.146 - - [10/Dec/2021:07:41:50 +0800] "GET /xingrg/all/function/internal_message.html?_=1639093308407&CODE_STATE=getMsg HTTP/1.1" 302 -
180.169.147.146 - - [10/Dec/2021:07:41:50 +0800] "GET /xingrg/login.html HTTP/1.1" 200 7641
120.253.135.82 - - [10/Dec/2021:07:41:53 +0800] "POST /xingrg/kc/buy/cgsh_list_operate.html HTTP/1.1" 200 2027
120.253.135.82 - - [10/Dec/2021:07:41:53 +0800] "POST /xingrg/kc/buy/cgsh_list_operate.html HTTP/1.1" 200 2027
120.253.135.82 - - [10/Dec/2021:07:41:54 +0800] "GET /xingrg/all/function/internal_message.html?_=1639093443638&CODE_STATE=getMsg HTTP/1.1" 302 -
120.253.135.82 - - [10/Dec/2021:07:41:54 +0800] "GET /xingrg/login.html HTTP/1.1" 200 7641
114.85.125.222 - - [10/Dec/2021:07:41:59 +0800] "GET /xingrg/all/function/internal_message.html?_=1639093276799&CODE_STATE=getMsg HTTP/1.1" 302 -
222.70.176.97 - - [10/Dec/2021:07:42:03 +0800] "GET /xingrg/all/function/internal_message.html?_=1639093319297&CODE_STATE=getMsg HTTP/1.1" 302 -
120.253.135.82 - - [10/Dec/2021:07:42:09 +0800] "GET /xingrg/kc/buy/cgsh_order_list.html HTTP/1.1" 200 49163
120.253.135.82 - - [10/Dec/2021:07:42:11 +0800] "POST /xingrg/kc/buy/cgsh_list_operate.html HTTP/1.1" 200 2027
120.253.135.82 - - [10/Dec/2021:07:42:12 +0800] "GET /xingrg/all/function/internal_message.html?_=1639093107770&CODE_STATE=getMsg HTTP/1.1" 200 27
222.70.176.97 - - [10/Dec/2021:07:42:13 +0800] "GET /xingrg/all/function/internal_message.html?_=1639092999587&CODE_STATE=getMsg HTTP/1.1" 302 -
120.253.135.82 - - [10/Dec/2021:07:42:19 +0800] "POST /xingrg/kc/buy/cgsh_list_operate.html HTTP/1.1" 200 5796
120.253.135.82 - - [10/Dec/2021:07:42:23 +0800] "POST /xingrg/kc/buy/cgsh_list_operate.html HTTP/1.1" 200 451
120.253.135.82 - - [10/Dec/2021:07:42:27 +0800] "GET /xingrg/kc/buy/cgsh_order_info.html?code=212021120802954 HTTP/1.1" 200 58865
120.253.135.82 - - [10/Dec/2021:07:42:27 +0800] "GET /xingrg/javascript/easyui/themes/default/validatebox.css HTTP/1.1" 404 1104
120.253.135.82 - - [10/Dec/2021:07:42:28 +0800] "POST /xingrg/kc/buy/cgsh_order_operate.html HTTP/1.1" 200 2450
124.77.240.52 - - [10/Dec/2021:07:42:29 +0800] "GET /xingrg/all/function/internal_message.html?_=1639093364283&CODE_STATE=getMsg HTTP/1.1" 200 27
116.238.248.233 - - [10/Dec/2021:07:42:30 +0800] "GET /xingrg/all/function/internal_message.html?_=1639093348313&CODE_STATE=getMsg HTTP/1.1" 200 27
120.253.135.82 - - [10/Dec/2021:07:42:31 +0800] "GET /xingrg/kc/print/design_operate.html?_=1639093127191&command=load_config&code=cgsh HTTP/1.1" 200 2835
120.253.135.82 - - [10/Dec/2021:07:42:31 +0800] "GET /favicon.ico HTTP/1.1" 404 -
116.229.213.191 - - [10/Dec/2021:07:42:33 +0800] "GET /xingrg/check_reg.html?_=1639093352587 HTTP/1.1" 302 -
116.229.213.191 - - [10/Dec/2021:07:42:33 +0800] "GET /xingrg/login.html HTTP/1.1" 200 7641
120.253.135.82 - - [10/Dec/2021:07:42:37 +0800] "GET /xingrg/kc/print/design_operate.html?_=1639093132893&command=load_config&code=cgsh HTTP/1.1" 200 2835
116.229.213.191 - - [10/Dec/2021:07:42:41 +0800] "GET /xingrg/kc/mdqp/qqps_order_list.html HTTP/1.1" 302 -
116.229.213.191 - - [10/Dec/2021:07:42:41 +0800] "GET /xingrg/login.html HTTP/1.1" 200 7641
116.229.213.191 - - [10/Dec/2021:07:42:41 +0800] "GET /xingrg/login.html HTTP/1.1" 200 7641
116.229.213.191 - - [10/Dec/2021:07:42:41 +0800] "GET /xingrg/images/blue/jxLogo.png HTTP/1.1" 304 -
116.229.213.191 - - [10/Dec/2021:07:42:41 +0800] "GET /xingrg/images/blue/login_bg.png HTTP/1.1" 304 -
116.229.213.191 - - [10/Dec/2021:07:42:41 +0800] "GET /xingrg/images/blue/srbg.png HTTP/1.1" 304 -
116.229.213.191 - - [10/Dec/2021:07:42:41 +0800] "GET /xingrg/images/blue/hj.png HTTP/1.1" 304 -
116.229.213.191 - - [10/Dec/2021:07:42:42 +0800] "GET /favicon.ico HTTP/1.1" 404 -
124.78.153.86 - - [10/Dec/2021:07:42:45 +0800] "GET /xingrg/all/function/internal_message.html?_=1639093369696&CODE_STATE=getMsg HTTP/1.1" 200 27
61.151.178.165 - - [10/Dec/2021:07:42:45 +0800] "GET /xingrg/all/function/internal_message.html?_=1639093309695&CODE_STATE=getMsg HTTP/1.1" 302 -
120.253.135.82 - - [10/Dec/2021:07:42:45 +0800] "GET /xingrg/kc/print/design_operate.html?_=1639093140696&command=load_config&code=cgsh HTTP/1.1" 200 2835
61.151.178.165 - - [10/Dec/2021:07:42:45 +0800] "GET /xingrg/login.html HTTP/1.1" 200 7641
116.229.213.191 - - [10/Dec/2021:07:42:46 +0800] "POST /xingrg/login.do HTTP/1.1" 302 -
116.229.213.191 - - [10/Dec/2021:07:42:47 +0800] "GET /xingrg/css/form.css HTTP/1.1" 304 -
116.229.213.191 - - [10/Dec/2021:07:42:47 +0800] "GET /xingrg/index.html?sysBaseUrl=http%3A%2F%2F180.169.147.146%3A18081%2Fxingrg%2F&costTime=39×tamp=1639093366847 HTTP/1.1" 200 17173
116.229.213.191 - - [10/Dec/2021:07:42:47 +0800] "GET /xingrg/javascript/jquery.timers.js HTTP/1.1" 304 -
116.229.213.191 - - [10/Dec/2021:07:42:47 +0800] "GET /xingrg/javascript/jquery.form.js HTTP/1.1" 304 -
116.229.213.191 - - [10/Dec/2021:07:42:47 +0800] "GET /xingrg/images/blue/navBackgound.jpg HTTP/1.1" 304 -
116.229.213.191 - - [10/Dec/2021:07:42:47 +0800] "GET /xingrg/javascript/jquery_easy_ui/themes/icons/settle_new.png HTTP/1.1" 304 -
116.229.213.191 - - [10/Dec/2021:07:42:47 +0800] "POST /xingrg/all/common/load_tree.html?tree=area_rest_tree_json&manage=1 HTTP/1.1" 200 342
116.229.213.191 - - [10/Dec/2021:07:42:47 +0800] "GET /xingrg/images/blue/pingpu.png HTTP/1.1" 304 -
116.229.213.191 - - [10/Dec/2021:07:42:47 +0800] "GET /xingrg/javascript/jquery_easy_ui/themes/default/images/tabs_leftarrow.png HTTP/1.1" 304 -
116.229.213.191 - - [10/Dec/2021:07:42:47 +0800] "GET /xingrg/javascript/jquery_easy_ui/themes/default/images/tabs_rightarrow.png HTTP/1.1" 304 -
116.229.213.191 - - [10/Dec/2021:07:42:47 +0800] "GET /xingrg/javascript/jquery_easy_ui/themes/default/images/panel_tool_collapse.gif HTTP/1.1" 304 -
116.229.213.191 - - [10/Dec/2021:07:42:47 +0800] "GET /favicon.ico HTTP/1.1" 404 -
116.229.213.191 - - [10/Dec/2021:07:42:47 +0800] "GET /xingrg/all/function/internal_message.html?_=1639093366490&CODE_STATE=count HTTP/1.1" 200 11
116.229.213.191 - - [10/Dec/2021:07:42:47 +0800] "GET /xingrg/check_reg.html?_=1639093366492 HTTP/1.1" 200 22
116.229.213.191 - - [10/Dec/2021:07:42:47 +0800] "POST /xingrg/load_menu.html HTTP/1.1" 200 5138
116.229.213.191 - - [10/Dec/2021:07:42:47 +0800] "GET /xingrg/javascript/jquery_easy_ui/themes/default/images/tree_arrows.gif HTTP/1.1" 304 -
116.229.213.191 - - [10/Dec/2021:07:42:48 +0800] "GET /xingrg/javascript/jquery_easy_ui/themes/default/images/tree_folder_open.gif HTTP/1.1" 304 -
116.229.213.191 - - [10/Dec/2021:07:42:48 +0800] "GET /xingrg/javascript/jquery_easy_ui/themes/icons/search_new.png HTTP/1.1" 304 -
116.229.213.191 - - [10/Dec/2021:07:42:48 +0800] "GET /xingrg/javascript/jquery_easy_ui/themes/default/images/tree_folder.gif HTTP/1.1" 304 -
116.229.213.191 - - [10/Dec/2021:07:42:48 +0800] "GET /xingrg/javascript/jquery_easy_ui/themes/icons/storage_new.png HTTP/1.1" 304 -
116.229.213.191 - - [10/Dec/2021:07:42:48 +0800] "GET /xingrg/javascript/jquery_easy_ui/themes/icons/forms_new.png HTTP/1.1" 304 -
116.229.213.191 - - [10/Dec/2021:07:42:48 +0800] "GET /xingrg/javascript/jquery_easy_ui/themes/default/images/tree_file.gif HTTP/1.1" 304 -
116.233.75.93 - - [10/Dec/2021:07:42:49 +0800] "GET /xingrg/all/function/internal_message.html?_=1639093371676&CODE_STATE=getMsg HTTP/1.1" 302 -
116.233.75.93 - - [10/Dec/2021:07:42:49 +0800] "GET /xingrg/check_reg.html?_=1639093371677 HTTP/1.1" 302 -
116.233.75.93 - - [10/Dec/2021:07:42:49 +0800] "GET /xingrg/login.html HTTP/1.1" 200 7641
116.233.75.93 - - [10/Dec/2021:07:42:49 +0800] "GET /xingrg/login.html HTTP/1.1" 200 7641
180.169.147.146 - - [10/Dec/2021:07:42:50 +0800] "GET /xingrg/all/function/internal_message.html?_=1639093368400&CODE_STATE=getMsg HTTP/1.1" 302 -
116.229.213.191 - - [10/Dec/2021:07:42:51 +0800] "GET /xingrg/javascript/jquery_easy_ui/themes/default/images/tabs_close.gif HTTP/1.1" 304 -
116.229.213.191 - - [10/Dec/2021:07:42:52 +0800] "GET /xingrg/dwr/interface/AjaxReportQueryService.js HTTP/1.1" 200 13203
116.229.213.191 - - [10/Dec/2021:07:42:52 +0800] "GET /xingrg/dwr/interface/AjaxQqpsService.js HTTP/1.1" 200 16326
116.229.213.191 - - [10/Dec/2021:07:42:52 +0800] "GET /xingrg/dwr/engine.js HTTP/1.1" 200 43631
116.229.213.191 - - [10/Dec/2021:07:42:52 +0800] "GET /xingrg/kc/mdqp/qqps_order_list.html HTTP/1.1" 200 9222
116.229.213.191 - - [10/Dec/2021:07:42:52 +0800] "GET /xingrg/javascript/jquery_easy_ui/themes/icons/uncheck_new.png HTTP/1.1" 304 -
120.253.135.82 - - [10/Dec/2021:07:42:54 +0800] "GET /xingrg/all/function/internal_message.html?_=1639093503698&CODE_STATE=getMsg HTTP/1.1" 302 -
120.253.135.82 - - [10/Dec/2021:07:42:57 +0800] "GET /xingrg/kc/print/design_operate.html?_=1639093152820&command=load_config&code=cgsh HTTP/1.1" 200 2835
58.35.215.131 - - [10/Dec/2021:07:42:59 +0800] "GET /xingrg/check_reg.html?_=1639093376288 HTTP/1.1" 302 -
114.85.125.222 - - [10/Dec/2021:07:42:59 +0800] "GET /xingrg/all/function/internal_message.html?_=1639093336819&CODE_STATE=getMsg HTTP/1.1" 302 -
116.229.213.191 - - [10/Dec/2021:07:43:00 +0800] "GET /xingrg/kc/mdqp/qqps_order_list.html?isQuery=1&timeSelect=1&orderTime=day&startTime=2021-12-09&endTime=2021-12-09&state=all&query=%C8%B7++%B6%A8 HTTP/1.1" 200 12615
116.229.213.191 - - [10/Dec/2021:07:43:00 +0800] "GET /xingrg/dwr/interface/AjaxReportQueryService.js HTTP/1.1" 200 13203
116.229.213.191 - - [10/Dec/2021:07:43:00 +0800] "GET /xingrg/dwr/interface/AjaxQqpsService.js HTTP/1.1" 200 16326
116.229.213.191 - - [10/Dec/2021:07:43:00 +0800] "GET /xingrg/dwr/engine.js HTTP/1.1" 200 43631
222.70.176.97 - - [10/Dec/2021:07:43:03 +0800] "GET /xingrg/all/function/internal_message.html?_=1639093379281&CODE_STATE=getMsg HTTP/1.1" 302 -
116.229.213.191 - - [10/Dec/2021:07:43:04 +0800] "GET /xingrg/kc/mdqp/qqps_order_info.html?code=302021120900171 HTTP/1.1" 200 26548
116.229.213.191 - - [10/Dec/2021:07:43:04 +0800] "GET /xingrg/dwr/interface/AjaxQqpsService.js HTTP/1.1" 200 16326
116.229.213.191 - - [10/Dec/2021:07:43:04 +0800] "GET /xingrg/dwr/interface/AjaxComOrderService.js HTTP/1.1" 200 18264
116.229.213.191 - - [10/Dec/2021:07:43:04 +0800] "GET /xingrg/dwr/engine.js HTTP/1.1" 200 43631
116.229.213.191 - - [10/Dec/2021:07:43:05 +0800] "POST /xingrg/dwr/call/plaincall/AjaxQqpsService.loadMaterielItems.dwr HTTP/1.1" 200 5106
120.253.135.82 - - [10/Dec/2021:07:43:08 +0800] "POST /xingrg/kc/buy/cgsh_list_operate.html HTTP/1.1" 200 216
120.253.135.82 - - [10/Dec/2021:07:43:10 +0800] "GET /xingrg/kc/buy/cgsh_order_info.html?code=212021120803005 HTTP/1.1" 200 58855
120.253.135.82 - - [10/Dec/2021:07:43:10 +0800] "GET /xingrg/javascript/easyui/themes/default/validatebox.css HTTP/1.1" 404 1104
120.253.135.82 - - [10/Dec/2021:07:43:10 +0800] "POST /xingrg/kc/buy/cgsh_order_operate.html HTTP/1.1" 200 641
120.253.135.82 - - [10/Dec/2021:07:43:12 +0800] "GET /xingrg/all/function/internal_message.html?_=1639093167783&CODE_STATE=getMsg HTTP/1.1" 200 27
222.70.176.97 - - [10/Dec/2021:07:43:13 +0800] "GET /xingrg/all/function/internal_message.html?_=1639093059586&CODE_STATE=getMsg HTTP/1.1" 302 -
222.70.176.97 - - [10/Dec/2021:07:43:14 +0800] "GET /xingrg/check_reg.html?_=1639093059587 HTTP/1.1" 302 -
120.253.135.82 - - [10/Dec/2021:07:43:20 +0800] "GET /xingrg/kc/print/design_operate.html?_=1639093176069&command=load_config&code=cgsh HTTP/1.1" 200 2835
120.253.135.82 - - [10/Dec/2021:07:43:20 +0800] "GET /favicon.ico HTTP/1.1" 404 -
116.229.213.191 - - [10/Dec/2021:07:43:27 +0800] "GET /xingrg/javascript/jquery_easy_ui/themes/icons/rest.png HTTP/1.1" 304 -
116.229.213.191 - - [10/Dec/2021:07:43:27 +0800] "GET /xingrg/javascript/jquery_easy_ui/themes/icons/area.png HTTP/1.1" 304 -
116.229.213.191 - - [10/Dec/2021:07:43:27 +0800] "GET /xingrg/javascript/jquery_easy_ui/themes/default/images/button_plain_hover.png HTTP/1.1" 304 -
116.229.213.191 - - [10/Dec/2021:07:43:28 +0800] "GET /xingrg/kc/mdqp/qqps_order_list.html?isBack=1 HTTP/1.1" 302 -
116.229.213.191 - - [10/Dec/2021:07:43:28 +0800] "GET /xingrg/kc/mdqp/qqps_order_list.html?isQuery=1&timeSelect=1&orderTime=day&startTime=2021-12-09&endTime=2021-12-09&state=all&query=%C8%B7++%B6%A8 HTTP/1.1" 200 12615
116.229.213.191 - - [10/Dec/2021:07:43:28 +0800] "GET /xingrg/dwr/interface/AjaxQqpsService.js HTTP/1.1" 200 16326
116.229.213.191 - - [10/Dec/2021:07:43:28 +0800] "GET /xingrg/dwr/interface/AjaxReportQueryService.js HTTP/1.1" 200 13203
116.229.213.191 - - [10/Dec/2021:07:43:28 +0800] "GET /xingrg/dwr/engine.js HTTP/1.1" 200 43631
124.77.240.52 - - [10/Dec/2021:07:43:29 +0800] "GET /xingrg/all/function/internal_message.html?_=1639093424298&CODE_STATE=getMsg HTTP/1.1" 200 27
116.229.213.191 - - [10/Dec/2021:07:43:29 +0800] "GET /xingrg/kc/mdqp/qqps_order_info.html?code=302021120900170 HTTP/1.1" 200 26548
116.229.213.191 - - [10/Dec/2021:07:43:29 +0800] "GET /xingrg/dwr/interface/AjaxComOrderService.js HTTP/1.1" 200 18264
116.229.213.191 - - [10/Dec/2021:07:43:29 +0800] "GET /xingrg/dwr/interface/AjaxQqpsService.js HTTP/1.1" 200 16326
116.229.213.191 - - [10/Dec/2021:07:43:29 +0800] "GET /xingrg/dwr/engine.js HTTP/1.1" 200 43631
116.238.248.233 - - [10/Dec/2021:07:43:30 +0800] "GET /xingrg/all/function/internal_message.html?_=1639093408317&CODE_STATE=getMsg HTTP/1.1" 200 27
116.229.213.191 - - [10/Dec/2021:07:43:31 +0800] "POST /xingrg/dwr/call/plaincall/AjaxQqpsService.loadMaterielItems.dwr HTTP/1.1" 200 1775
120.253.135.82 - - [10/Dec/2021:07:43:37 +0800] "POST /xingrg/kc/buy/cgsh_list_operate.html HTTP/1.1" 200 5796
120.253.135.82 - - [10/Dec/2021:07:43:41 +0800] "POST /xingrg/kc/buy/cgsh_list_operate.html HTTP/1.1" 200 606
124.78.153.86 - - [10/Dec/2021:07:43:45 +0800] "GET /xingrg/all/function/internal_message.html?_=1639093429697&CODE_STATE=getMsg HTTP/1.1" 200 27
116.229.213.191 - - [10/Dec/2021:07:43:46 +0800] "GET /xingrg/javascript/jquery_easy_ui/themes/default/images/tabs_active.png HTTP/1.1" 304 -
116.229.213.191 - - [10/Dec/2021:07:43:47 +0800] "GET /xingrg/all/function/internal_message.html?_=1639093426498&CODE_STATE=getMsg HTTP/1.1" 200 27
116.233.75.93 - - [10/Dec/2021:07:43:49 +0800] "GET /xingrg/all/function/internal_message.html?_=1639093431679&CODE_STATE=getMsg HTTP/1.1" 302 -
116.233.75.93 - - [10/Dec/2021:07:43:49 +0800] "GET /xingrg/login.html HTTP/1.1" 200 7641
116.229.213.191 - - [10/Dec/2021:07:43:50 +0800] "GET /xingrg/kc/mdqp/qqps_order_list.html?isBack=1 HTTP/1.1" 302 -
116.229.213.191 - - [10/Dec/2021:07:43:50 +0800] "GET /xingrg/kc/mdqp/qqps_order_list.html?isQuery=1&timeSelect=1&orderTime=day&startTime=2021-12-09&endTime=2021-12-09&state=all&query=%C8%B7++%B6%A8 HTTP/1.1" 200 12615
116.229.213.191 - - [10/Dec/2021:07:43:50 +0800] "GET /xingrg/dwr/interface/AjaxReportQueryService.js HTTP/1.1" 200 13203
116.229.213.191 - - [10/Dec/2021:07:43:50 +0800] "GET /xingrg/dwr/interface/AjaxQqpsService.js HTTP/1.1" 200 16326
116.229.213.191 - - [10/Dec/2021:07:43:50 +0800] "GET /xingrg/dwr/engine.js HTTP/1.1" 200 43631
180.169.147.146 - - [10/Dec/2021:07:43:50 +0800] "GET /xingrg/all/function/internal_message.html?_=1639093428420&CODE_STATE=getMsg HTTP/1.1" 302 -
120.253.135.82 - - [10/Dec/2021:07:43:54 +0800] "GET /xingrg/all/function/internal_message.html?_=1639093563713&CODE_STATE=getMsg HTTP/1.1" 302 -
116.229.213.191 - - [10/Dec/2021:07:43:55 +0800] "GET /xingrg/kc/mdqp/qqps_order_info.html?code=302021120900167 HTTP/1.1" 200 26544
116.229.213.191 - - [10/Dec/2021:07:43:55 +0800] "GET /xingrg/dwr/interface/AjaxComOrderService.js HTTP/1.1" 200 18264
116.229.213.191 - - [10/Dec/2021:07:43:55 +0800] "GET /xingrg/dwr/interface/AjaxQqpsService.js HTTP/1.1" 200 16326
116.229.213.191 - - [10/Dec/2021:07:43:55 +0800] "GET /xingrg/dwr/engine.js HTTP/1.1" 200 43631
120.253.135.82 - - [10/Dec/2021:07:43:56 +0800] "POST /xingrg/kc/buy/cgsh_list_operate.html HTTP/1.1" 200 5982
116.229.213.191 - - [10/Dec/2021:07:43:56 +0800] "POST /xingrg/dwr/call/plaincall/AjaxQqpsService.loadMaterielItems.dwr HTTP/1.1" 200 635
114.85.125.222 - - [10/Dec/2021:07:43:59 +0800] "GET /xingrg/all/function/internal_message.html?_=1639093396826&CODE_STATE=getMsg HTTP/1.1" 302 -
116.229.213.191 - - [10/Dec/2021:07:44:01 +0800] "GET /xingrg/kc/mdqp/pssh_order_list.html HTTP/1.1" 200 17701
116.229.213.191 - - [10/Dec/2021:07:44:01 +0800] "GET /xingrg/css/site.css HTTP/1.1" 304 -
116.229.213.191 - - [10/Dec/2021:07:44:01 +0800] "GET /xingrg/javascript/jquery_tools/datebox.css HTTP/1.1" 304 -
116.229.213.191 - - [10/Dec/2021:07:44:01 +0800] "GET /xingrg/javascript/easyui/themes/default/easyui.css HTTP/1.1" 304 -
116.229.213.191 - - [10/Dec/2021:07:44:01 +0800] "GET /xingrg/javascript/easyui/themes/icon.css HTTP/1.1" 304 -
116.229.213.191 - - [10/Dec/2021:07:44:01 +0800] "GET /xingrg/javascript/jquery_tools/list_manager.js HTTP/1.1" 304 -
116.229.213.191 - - [10/Dec/2021:07:44:01 +0800] "GET /xingrg/javascript/jquery_tools/fix.css HTTP/1.1" 304 -
116.229.213.191 - - [10/Dec/2021:07:44:01 +0800] "GET /xingrg/javascript/jquery_tools/table.css HTTP/1.1" 304 -
116.229.213.191 - - [10/Dec/2021:07:44:01 +0800] "GET /xingrg/javascript/jquery_tools/jquery.tools.extend.js HTTP/1.1" 304 -
116.229.213.191 - - [10/Dec/2021:07:44:01 +0800] "GET /xingrg/javascript/easyui/easyloader.js HTTP/1.1" 304 -
116.229.213.191 - - [10/Dec/2021:07:44:01 +0800] "GET /xingrg/css/base.css HTTP/1.1" 304 -
116.229.213.191 - - [10/Dec/2021:07:44:01 +0800] "GET /xingrg/javascript/jquery.cookie.js HTTP/1.1" 304 -
116.229.213.191 - - [10/Dec/2021:07:44:01 +0800] "GET /xingrg/javascript/jquery_tools/jquery.tools.table.js HTTP/1.1" 304 -
116.229.213.191 - - [10/Dec/2021:07:44:01 +0800] "GET /xingrg/javascript/jquery_tools/jquery.tools.min.js HTTP/1.1" 304 -
116.229.213.191 - - [10/Dec/2021:07:44:01 +0800] "GET /xingrg/javascript/jquery_tools/jquery.tools.hotkey.js HTTP/1.1" 304 -
116.229.213.191 - - [10/Dec/2021:07:44:01 +0800] "GET /xingrg/javascript/easyui/themes/icons/field_new.png HTTP/1.1" 304 -
116.229.213.191 - - [10/Dec/2021:07:44:01 +0800] "GET /xingrg/javascript/easyui/plugins/jquery.parser.js HTTP/1.1" 304 -
116.229.213.191 - - [10/Dec/2021:07:44:01 +0800] "GET /xingrg/images/control/ajaxLoader.gif HTTP/1.1" 304 -
116.229.213.191 - - [10/Dec/2021:07:44:01 +0800] "POST /xingrg/kc/mdqp/pssh_list_operate.html HTTP/1.1" 200 5117
120.253.135.82 - - [10/Dec/2021:07:44:02 +0800] "POST /xingrg/kc/buy/cgsh_list_operate.html HTTP/1.1" 200 205
222.70.176.97 - - [10/Dec/2021:07:44:03 +0800] "GET /xingrg/all/function/internal_message.html?_=1639093439264&CODE_STATE=getMsg HTTP/1.1" 302 -
120.253.135.82 - - [10/Dec/2021:07:44:04 +0800] "GET /xingrg/kc/buy/cgsh_order_info.html?code=212021120501733 HTTP/1.1" 200 58861
120.253.135.82 - - [10/Dec/2021:07:44:05 +0800] "GET /xingrg/javascript/easyui/themes/default/validatebox.css HTTP/1.1" 404 1104
116.229.213.191 - - [10/Dec/2021:07:44:05 +0800] "POST /xingrg/kc/mdqp/pssh_list_operate.html HTTP/1.1" 200 1764
120.253.135.82 - - [10/Dec/2021:07:44:05 +0800] "POST /xingrg/kc/buy/cgsh_order_operate.html HTTP/1.1" 200 619
120.253.135.82 - - [10/Dec/2021:07:44:06 +0800] "GET /xingrg/check_reg.html?_=1639093222071 HTTP/1.1" 200 22
116.229.213.191 - - [10/Dec/2021:07:44:08 +0800] "POST /xingrg/kc/mdqp/pssh_list_operate.html HTTP/1.1" 200 269
120.253.135.82 - - [10/Dec/2021:07:44:10 +0800] "GET /xingrg/kc/print/design_operate.html?_=1639093225888&command=load_config&code=cgsh HTTP/1.1" 200 2835
120.253.135.82 - - [10/Dec/2021:07:44:10 +0800] "GET /favicon.ico HTTP/1.1" 404 -
120.253.135.82 - - [10/Dec/2021:07:44:12 +0800] "GET /xingrg/all/function/internal_message.html?_=1639093227797&CODE_STATE=getMsg HTTP/1.1" 200 27
222.70.176.97 - - [10/Dec/2021:07:44:13 +0800] "GET /xingrg/all/function/internal_message.html?_=1639093119586&CODE_STATE=getMsg HTTP/1.1" 302 -
116.229.213.191 - - [10/Dec/2021:07:44:18 +0800] "POST /xingrg/kc/mdqp/pssh_list_operate.html HTTP/1.1" 200 5117
116.229.213.191 - - [10/Dec/2021:07:44:20 +0800] "POST /xingrg/kc/mdqp/pssh_list_operate.html HTTP/1.1" 200 5625
116.229.213.191 - - [10/Dec/2021:07:44:25 +0800] "POST /xingrg/kc/mdqp/pssh_list_operate.html HTTP/1.1" 200 5619
124.77.240.52 - - [10/Dec/2021:07:44:29 +0800] "GET /xingrg/all/function/internal_message.html?_=1639093484376&CODE_STATE=getMsg HTTP/1.1" 200 27
116.229.213.191 - - [10/Dec/2021:07:44:29 +0800] "POST /xingrg/kc/mdqp/pssh_list_operate.html HTTP/1.1" 200 5608
116.238.248.233 - - [10/Dec/2021:07:44:30 +0800] "GET /xingrg/all/function/internal_message.html?_=1639093468317&CODE_STATE=getMsg HTTP/1.1" 200 27
116.229.213.191 - - [10/Dec/2021:07:44:32 +0800] "POST /xingrg/kc/mdqp/pssh_list_operate.html HTTP/1.1" 200 5616
124.78.153.86 - - [10/Dec/2021:07:44:45 +0800] "GET /xingrg/all/function/internal_message.html?_=1639093489697&CODE_STATE=getMsg HTTP/1.1" 200 27
116.229.213.191 - - [10/Dec/2021:07:44:46 +0800] "POST /xingrg/kc/mdqp/pssh_list_operate.html HTTP/1.1" 200 5596
116.229.213.191 - - [10/Dec/2021:07:44:47 +0800] "GET /xingrg/all/function/internal_message.html?_=1639093486512&CODE_STATE=getMsg HTTP/1.1" 200 27
116.233.75.93 - - [10/Dec/2021:07:44:49 +0800] "GET /xingrg/all/function/internal_message.html?_=1639093491684&CODE_STATE=getMsg HTTP/1.1" 302 -
116.233.75.93 - - [10/Dec/2021:07:44:49 +0800] "GET /xingrg/login.html HTTP/1.1" 200 7641
116.229.213.191 - - [10/Dec/2021:07:44:50 +0800] "POST /xingrg/kc/mdqp/pssh_list_operate.html HTTP/1.1" 200 288
180.169.147.146 - - [10/Dec/2021:07:44:50 +0800] "GET /xingrg/all/function/internal_message.html?_=1639093488424&CODE_STATE=getMsg HTTP/1.1" 302 -
120.253.135.82 - - [10/Dec/2021:07:44:54 +0800] "GET /xingrg/kc/pszx/mdps_order_list.html?orderType=0 HTTP/1.1" 200 20925
120.253.135.82 - - [10/Dec/2021:07:44:54 +0800] "POST /xingrg/kc/pszx/mdps_list_operate.html HTTP/1.1" 200 5256
120.253.135.82 - - [10/Dec/2021:07:44:54 +0800] "GET /xingrg/all/function/internal_message.html?_=1639093623770&CODE_STATE=getMsg HTTP/1.1" 302 -
116.229.213.191 - - [10/Dec/2021:07:44:56 +0800] "POST /xingrg/kc/mdqp/pssh_list_operate.html HTTP/1.1" 200 5616
120.253.135.82 - - [10/Dec/2021:07:44:57 +0800] "POST /xingrg/kc/pszx/mdps_list_operate.html HTTP/1.1" 200 202
120.253.135.82 - - [10/Dec/2021:07:44:58 +0800] "GET /xingrg/kc/pszx/mdps_order_info.html?code=312021120800218 HTTP/1.1" 200 23925
120.253.135.82 - - [10/Dec/2021:07:44:58 +0800] "GET /xingrg/javascript/easyui/themes/default/validatebox.css HTTP/1.1" 404 1104
120.253.135.82 - - [10/Dec/2021:07:44:58 +0800] "POST /xingrg/kc/pszx/mdps_order_operate.html HTTP/1.1" 200 2277
114.85.125.222 - - [10/Dec/2021:07:44:59 +0800] "GET /xingrg/all/function/internal_message.html?_=1639093456849&CODE_STATE=getMsg HTTP/1.1" 302 -
116.229.213.191 - - [10/Dec/2021:07:45:00 +0800] "POST /xingrg/kc/mdqp/pssh_list_operate.html HTTP/1.1" 200 5607
120.253.135.82 - - [10/Dec/2021:07:45:01 +0800] "GET /xingrg/kc/print/report_design.html?orderType=mdps HTTP/1.1" 200 8625
120.253.135.82 - - [10/Dec/2021:07:45:02 +0800] "GET /xingrg/kc/print/design_operate.html?_=1639093277717&command=load_config&code=mdps HTTP/1.1" 200 3255
120.253.135.82 - - [10/Dec/2021:07:45:02 +0800] "GET /favicon.ico HTTP/1.1" 404 -
222.70.176.97 - - [10/Dec/2021:07:45:03 +0800] "GET /xingrg/all/function/internal_message.html?_=1639093499247&CODE_STATE=getMsg HTTP/1.1" 302 -
116.229.213.191 - - [10/Dec/2021:07:45:04 +0800] "POST /xingrg/kc/mdqp/pssh_list_operate.html HTTP/1.1" 200 264
116.229.213.191 - - [10/Dec/2021:07:45:07 +0800] "POST /xingrg/kc/mdqp/pssh_list_operate.html HTTP/1.1" 200 256
116.229.213.191 - - [10/Dec/2021:07:45:10 +0800] "POST /xingrg/kc/mdqp/pssh_list_operate.html HTTP/1.1" 200 5638
124.77.240.52 - - [10/Dec/2021:07:45:12 +0800] "GET /xingrg/check_reg.html?_=1639093527173 HTTP/1.1" 200 22
120.253.135.82 - - [10/Dec/2021:07:45:12 +0800] "GET /xingrg/all/function/internal_message.html?_=1639093287810&CODE_STATE=getMsg HTTP/1.1" 200 27
116.229.213.191 - - [10/Dec/2021:07:45:13 +0800] "POST /xingrg/kc/mdqp/pssh_list_operate.html HTTP/1.1" 200 5624
222.70.176.97 - - [10/Dec/2021:07:45:13 +0800] "GET /xingrg/all/function/internal_message.html?_=1639093179586&CODE_STATE=getMsg HTTP/1.1" 302 -
116.229.213.191 - - [10/Dec/2021:07:45:16 +0800] "POST /xingrg/kc/mdqp/pssh_list_operate.html HTTP/1.1" 200 259
116.229.213.191 - - [10/Dec/2021:07:45:22 +0800] "POST /xingrg/kc/mdqp/pssh_list_operate.html HTTP/1.1" 200 5620
116.229.213.191 - - [10/Dec/2021:07:45:24 +0800] "POST /xingrg/kc/mdqp/pssh_list_operate.html HTTP/1.1" 200 288
222.70.176.97 - - [10/Dec/2021:07:45:26 +0800] "GET /xingrg/check_reg.html?_=1639093521603 HTTP/1.1" 302 -
116.229.213.191 - - [10/Dec/2021:07:45:28 +0800] "POST /xingrg/kc/mdqp/pssh_list_operate.html HTTP/1.1" 200 5621
124.77.240.52 - - [10/Dec/2021:07:45:29 +0800] "GET /xingrg/all/function/internal_message.html?_=1639093544387&CODE_STATE=getMsg HTTP/1.1" 200 27
116.238.248.233 - - [10/Dec/2021:07:45:30 +0800] "GET /xingrg/all/function/internal_message.html?_=1639093528314&CODE_STATE=getMsg HTTP/1.1" 200 27
116.229.213.191 - - [10/Dec/2021:07:45:31 +0800] "POST /xingrg/kc/mdqp/pssh_list_operate.html HTTP/1.1" 200 288
116.229.213.191 - - [10/Dec/2021:07:45:35 +0800] "POST /xingrg/kc/mdqp/pssh_list_operate.html HTTP/1.1" 200 5634
116.229.213.191 - - [10/Dec/2021:07:45:39 +0800] "POST /xingrg/kc/mdqp/pssh_list_operate.html HTTP/1.1" 200 5606
116.229.213.191 - - [10/Dec/2021:07:45:43 +0800] "POST /xingrg/kc/mdqp/pssh_list_operate.html HTTP/1.1" 200 288
124.78.153.86 - - [10/Dec/2021:07:45:45 +0800] "GET /xingrg/all/function/internal_message.html?_=1639093549724&CODE_STATE=getMsg HTTP/1.1" 200 27
124.78.153.86 - - [10/Dec/2021:07:45:45 +0800] "GET /xingrg/check_reg.html?_=1639093549723 HTTP/1.1" 200 22
116.229.213.191 - - [10/Dec/2021:07:45:46 +0800] "POST /xingrg/kc/mdqp/pssh_list_operate.html HTTP/1.1" 200 5608
116.229.213.191 - - [10/Dec/2021:07:45:47 +0800] "GET /xingrg/all/function/internal_message.html?_=1639093546526&CODE_STATE=getMsg HTTP/1.1" 200 27
116.229.213.191 - - [10/Dec/2021:07:45:48 +0800] "POST /xingrg/kc/mdqp/pssh_list_operate.html HTTP/1.1" 200 394
116.233.75.93 - - [10/Dec/2021:07:45:49 +0800] "GET /xingrg/all/function/internal_message.html?_=1639093551683&CODE_STATE=getMsg HTTP/1.1" 302 -
116.233.75.93 - - [10/Dec/2021:07:45:49 +0800] "GET /xingrg/login.html HTTP/1.1" 200 7641
116.229.213.191 - - [10/Dec/2021:07:45:50 +0800] "GET /xingrg/kc/mdqp/pssh_order_info.html?code=312021053100805 HTTP/1.1" 200 14378
116.229.213.191 - - [10/Dec/2021:07:45:50 +0800] "GET /xingrg/javascript/jquery_tools/jquery-1.4.2.min.js HTTP/1.1" 404 1094
116.229.213.191 - - [10/Dec/2021:07:45:50 +0800] "GET /xingrg/javascript/convert.js HTTP/1.1" 304 -
116.229.213.191 - - [10/Dec/2021:07:45:50 +0800] "GET /xingrg/javascript/jquery_tools/order_manager.js HTTP/1.1" 304 -
116.229.213.191 - - [10/Dec/2021:07:45:50 +0800] "GET /xingrg/javascript/json2.js HTTP/1.1" 304 -
180.169.147.146 - - [10/Dec/2021:07:45:50 +0800] "GET /xingrg/check_reg.html?_=1639093548408 HTTP/1.1" 302 -
180.169.147.146 - - [10/Dec/2021:07:45:50 +0800] "GET /xingrg/all/function/internal_message.html?_=1639093548410&CODE_STATE=getMsg HTTP/1.1" 302 -
116.229.213.191 - - [10/Dec/2021:07:45:51 +0800] "GET /xingrg/javascript/easyui/themes/icons/uncheck_new.png HTTP/1.1" 200 3197
116.229.213.191 - - [10/Dec/2021:07:45:51 +0800] "GET /xingrg/javascript/easyui/themes/icons/print.png HTTP/1.1" 304 -
116.229.213.191 - - [10/Dec/2021:07:45:51 +0800] "GET /xingrg/javascript/easyui/themes/default/images/menu_downarrow.png HTTP/1.1" 304 -
116.229.213.191 - - [10/Dec/2021:07:45:51 +0800] "GET /xingrg/javascript/easyui/themes/icons/back_new.png HTTP/1.1" 200 3414
116.229.213.191 - - [10/Dec/2021:07:45:51 +0800] "POST /xingrg/kc/mdqp/pssh_order_operate.html HTTP/1.1" 200 1108
116.229.213.191 - - [10/Dec/2021:07:45:51 +0800] "GET /xingrg/javascript/easyui/themes/default/validatebox.css HTTP/1.1" 404 1104
116.229.213.191 - - [10/Dec/2021:07:45:51 +0800] "GET /xingrg/javascript/easyui/plugins/jquery.validatebox.js HTTP/1.1" 304 -
116.229.213.191 - - [10/Dec/2021:07:45:51 +0800] "GET /xingrg/javascript/easyui/plugins/jquery.numberbox.js HTTP/1.1" 304 -
120.253.135.82 - - [10/Dec/2021:07:45:54 +0800] "GET /xingrg/all/function/internal_message.html?_=1639093683771&CODE_STATE=getMsg HTTP/1.1" 302 -
114.85.125.222 - - [10/Dec/2021:07:45:59 +0800] "GET /xingrg/all/function/internal_message.html?_=1639093516854&CODE_STATE=getMsg HTTP/1.1" 302 -
