180.169.147.146 - - [09/Dec/2021:09:34:59 +0800] "POST /xingrg/load_menu.html HTTP/1.1" 200 5138
172.20.0.100 - - [09/Dec/2021:09:34:59 +0800] "GET /xingrg/check_reg.html?_=1639013697359 HTTP/1.1" 302 -
180.169.147.146 - - [09/Dec/2021:09:35:00 +0800] "GET /xingrg/kc/buy/buy_main.html HTTP/1.1" 200 12412
180.169.147.146 - - [09/Dec/2021:09:35:00 +0800] "GET /xingrg/css/new_ie.css HTTP/1.1" 404 1036
180.169.147.146 - - [09/Dec/2021:09:35:00 +0800] "GET /xingrg/images/yd/bt.gif HTTP/1.1" 404 1040
58.39.139.200 - - [09/Dec/2021:09:35:01 +0800] "GET /xingrg/all/function/internal_message.html?_=1639013636347&CODE_STATE=getMsg HTTP/1.1" 200 27
180.169.147.146 - - [09/Dec/2021:09:35:01 +0800] "GET /xingrg/kc/buy/cgsh_order_list.html HTTP/1.1" 200 49169
116.229.213.191 - - [09/Dec/2021:09:35:01 +0800] "POST /xingrg/kc/buy/cgsh_order_operate.html HTTP/1.1" 200 12
58.39.139.200 - - [09/Dec/2021:09:35:01 +0800] "GET /xingrg/check_reg.html?_=1639013637036 HTTP/1.1" 200 22
116.229.213.191 - - [09/Dec/2021:09:35:03 +0800] "GET /xingrg/kc/buy/cgsh_order_info.html?code=212021120903380 HTTP/1.1" 200 59795
180.169.147.146 - - [09/Dec/2021:09:35:03 +0800] "POST /xingrg/kc/buy/cgsh_list_operate.html HTTP/1.1" 200 5194
116.229.213.191 - - [09/Dec/2021:09:35:04 +0800] "GET /xingrg/check_reg.html?_=1639013704201 HTTP/1.1" 200 22
116.229.213.191 - - [09/Dec/2021:09:35:04 +0800] "GET /xingrg/all/function/internal_message.html?_=1639013704202&CODE_STATE=getMsg HTTP/1.1" 200 27
116.229.213.191 - - [09/Dec/2021:09:35:04 +0800] "GET /xingrg/javascript/easyui/themes/default/validatebox.css HTTP/1.1" 404 1104
116.229.213.191 - - [09/Dec/2021:09:35:05 +0800] "POST /xingrg/kc/buy/cgsh_order_operate.html HTTP/1.1" 200 6552
222.70.176.97 - - [09/Dec/2021:09:35:08 +0800] "GET /xingrg/kc/buy/cgsh_order_operate.html?command=get_materiel&rest_code=00111&code=00101008355&supplier_code=00100005&order_time=2021-12-09 HTTP/1.1" 200 408
114.83.222.61 - - [09/Dec/2021:09:35:09 +0800] "GET /xingrg/all/function/internal_message.html?_=1639013707222&CODE_STATE=getMsg HTTP/1.1" 200 27
114.85.125.222 - - [09/Dec/2021:09:35:11 +0800] "GET /xingrg/check_reg.html?_=1639013669770 HTTP/1.1" 200 22
114.85.125.222 - - [09/Dec/2021:09:35:11 +0800] "GET /xingrg/all/function/internal_message.html?_=1639013670222&CODE_STATE=getMsg HTTP/1.1" 200 27
222.70.176.97 - - [09/Dec/2021:09:35:12 +0800] "GET /xingrg/all/function/internal_message.html?_=1639013379586&CODE_STATE=getMsg HTTP/1.1" 302 -
222.70.176.97 - - [09/Dec/2021:09:35:20 +0800] "GET /xingrg/kc/buy/cgsh_order_operate.html?command=get_materiel&rest_code=00111&code=00101008270&supplier_code=00100005&order_time=2021-12-09 HTTP/1.1" 200 412
180.169.147.146 - - [09/Dec/2021:09:35:22 +0800] "GET /xingrg/all/function/internal_message.html?_=1639013720097&CODE_STATE=getMsg HTTP/1.1" 200 27
58.37.8.98 - - [09/Dec/2021:09:35:27 +0800] "GET /xingrg/all/function/internal_message.html?_=1639013543833&CODE_STATE=getMsg HTTP/1.1" 200 27
116.229.213.191 - - [09/Dec/2021:09:35:27 +0800] "GET /xingrg/all/function/internal_message.html?_=1639013728318&CODE_STATE=getMsg HTTP/1.1" 200 27
124.77.240.52 - - [09/Dec/2021:09:35:29 +0800] "POST /xingrg/services/DataTransmitService HTTP/1.1" 200 524
114.86.229.104 - - [09/Dec/2021:09:35:30 +0800] "GET /xingrg/kc/buy/cgsh_order_operate.html?command=get_materiel&rest_code=00109&code=00101006240&supplier_code=00100015&order_time=2021-12-09 HTTP/1.1" 200 408
222.70.176.97 - - [09/Dec/2021:09:35:31 +0800] "GET /xingrg/kc/buy/cgsh_order_operate.html?command=get_materiel&rest_code=00111&code=00101008108&supplier_code=00100005&order_time=2021-12-09 HTTP/1.1" 200 412
116.238.248.233 - - [09/Dec/2021:09:35:34 +0800] "GET /xingrg/all/function/internal_message.html?_=1639013732693&CODE_STATE=getMsg HTTP/1.1" 200 27
180.169.147.146 - - [09/Dec/2021:09:35:35 +0800] "POST /xingrg/kc/buy/cgsh_list_operate.html HTTP/1.1" 200 5352
172.20.0.100 - - [09/Dec/2021:09:35:35 +0800] "GET /xingrg/all/function/internal_message.html?_=1639013733676&CODE_STATE=getMsg HTTP/1.1" 200 27
124.77.240.52 - - [09/Dec/2021:09:35:36 +0800] "GET /xingrg/check_reg.html?_=1639013748082 HTTP/1.1" 302 -
124.77.240.52 - - [09/Dec/2021:09:35:36 +0800] "POST /xingrg/services/DataTransmitService HTTP/1.1" 200 501
120.253.135.82 - - [09/Dec/2021:09:35:36 +0800] "GET /xingrg/all/function/internal_message.html?_=1639013867513&CODE_STATE=getMsg HTTP/1.1" 200 27
124.77.240.52 - - [09/Dec/2021:09:35:37 +0800] "GET /xingrg/all/function/internal_message.html?_=1639013749408&CODE_STATE=getMsg HTTP/1.1" 302 -
180.169.147.146 - - [09/Dec/2021:09:35:37 +0800] "POST /xingrg/kc/buy/cgsh_list_operate.html HTTP/1.1" 200 522
222.70.176.97 - - [09/Dec/2021:09:35:38 +0800] "GET /xingrg/all/function/internal_message.html?_=1639013734781&CODE_STATE=getMsg HTTP/1.1" 200 27
114.86.229.104 - - [09/Dec/2021:09:35:38 +0800] "GET /xingrg/kc/buy/cgsh_order_operate.html?command=get_materiel&rest_code=00109&code=00101006144&supplier_code=00100015&order_time=2021-12-09 HTTP/1.1" 200 409
180.169.147.146 - - [09/Dec/2021:09:35:38 +0800] "GET /xingrg/kc/buy/cgsh_order_info.html?code=212021120803333 HTTP/1.1" 200 64916
180.169.147.146 - - [09/Dec/2021:09:35:38 +0800] "GET /xingrg/words/20211207094324_words.js HTTP/1.1" 304 -
180.169.147.146 - - [09/Dec/2021:09:35:38 +0800] "GET /xingrg/javascript/easyui/themes/default/validatebox.css HTTP/1.1" 404 1104
180.169.147.146 - - [09/Dec/2021:09:35:38 +0800] "GET /xingrg/all/common/auto_word.html?type=employee&rest_code=00147 HTTP/1.1" 200 101
180.169.147.146 - - [09/Dec/2021:09:35:38 +0800] "GET /xingrg/all/common/auto_word.html?type=employee&rest_code=00147 HTTP/1.1" 200 101
180.169.147.146 - - [09/Dec/2021:09:35:39 +0800] "POST /xingrg/kc/buy/cgsh_order_operate.html HTTP/1.1" 200 5074
222.70.176.97 - - [09/Dec/2021:09:35:41 +0800] "GET /xingrg/kc/buy/cgsh_order_operate.html?command=get_materiel&rest_code=00111&code=00101008283&supplier_code=00100005&order_time=2021-12-09 HTTP/1.1" 200 408
180.169.147.146 - - [09/Dec/2021:09:35:43 +0800] "GET /xingrg/javascript/auto/indicator.gif HTTP/1.1" 404 1066
180.169.147.146 - - [09/Dec/2021:09:35:46 +0800] "GET /xingrg/all/report/report_query.html?fileName=kc/buy/gys_amount_base_rest.xml HTTP/1.1" 200 51664
180.169.147.146 - - [09/Dec/2021:09:35:46 +0800] "GET /xingrg/dwr/interface/AjaxReportQueryService.js HTTP/1.1" 200 13203
180.169.147.146 - - [09/Dec/2021:09:35:46 +0800] "GET /xingrg/dwr/engine.js HTTP/1.1" 200 43631
180.169.147.146 - - [09/Dec/2021:09:35:46 +0800] "POST /xingrg/dwr/call/plaincall/AjaxReportQueryService.getFixDate.dwr HTTP/1.1" 200 111
180.169.147.146 - - [09/Dec/2021:09:35:47 +0800] "POST /xingrg/all/common/load_tree.html?tree=area_rest_tree_json&manage=1 HTTP/1.1" 200 3472
114.86.229.104 - - [09/Dec/2021:09:35:47 +0800] "GET /xingrg/kc/buy/cgsh_order_operate.html?command=get_materiel&rest_code=00109&code=00101006180&supplier_code=00100015&order_time=2021-12-09 HTTP/1.1" 200 423
180.169.147.146 - - [09/Dec/2021:09:35:47 +0800] "POST /xingrg/all/common/load_tree.html?tree=supplier_tree_json&manage=1 HTTP/1.1" 200 62135
222.70.176.97 - - [09/Dec/2021:09:35:52 +0800] "GET /xingrg/kc/buy/cgsh_order_operate.html?command=get_materiel&rest_code=00111&code=00101008155&supplier_code=00100005&order_time=2021-12-09 HTTP/1.1" 200 408
114.86.229.104 - - [09/Dec/2021:09:35:53 +0800] "GET /xingrg/kc/buy/cgsh_order_operate.html?command=get_materiel&rest_code=00109&code=00101006122&supplier_code=00100015&order_time=2021-12-09 HTTP/1.1" 200 408
114.86.229.104 - - [09/Dec/2021:09:35:53 +0800] "GET /xingrg/all/function/internal_message.html?_=1639013751883&CODE_STATE=getMsg HTTP/1.1" 200 27
180.169.147.146 - - [09/Dec/2021:09:35:53 +0800] "GET /xingrg/all/report/report_query.html?fileName=kc/pszx/ps_money_by_cate.xml HTTP/1.1" 200 50958
180.169.147.146 - - [09/Dec/2021:09:35:53 +0800] "GET /xingrg/dwr/engine.js HTTP/1.1" 200 43631
180.169.147.146 - - [09/Dec/2021:09:35:53 +0800] "POST /xingrg/dwr/call/plaincall/AjaxReportQueryService.getFixDate.dwr HTTP/1.1" 200 111
180.169.147.146 - - [09/Dec/2021:09:35:53 +0800] "GET /favicon.ico HTTP/1.1" 404 -
180.169.147.146 - - [09/Dec/2021:09:35:53 +0800] "POST /xingrg/all/common/load_tree.html?tree=materiel_sort_tree_json HTTP/1.1" 200 9388
180.169.147.146 - - [09/Dec/2021:09:35:54 +0800] "POST /xingrg/dwr/call/plaincall/AjaxReportQueryService.getInitString.dwr HTTP/1.1" 200 1238
180.169.147.146 - - [09/Dec/2021:09:35:54 +0800] "GET /xingrg/javascript/multi_select/dropdown.gif HTTP/1.1" 200 61
116.227.210.113 - - [09/Dec/2021:09:35:54 +0800] "GET /xingrg/all/function/internal_message.html?_=1639013746567&CODE_STATE=getMsg HTTP/1.1" 200 27
180.169.147.146 - - [09/Dec/2021:09:35:54 +0800] "GET /xingrg/javascript/multi_select/dropdown_hover.gif HTTP/1.1" 200 61
180.169.147.146 - - [09/Dec/2021:09:35:57 +0800] "GET /xingrg/all/report/report_query.html?fileName=kc/make/wlps_rest_hz.xml HTTP/1.1" 200 51639
180.169.147.146 - - [09/Dec/2021:09:35:57 +0800] "GET /xingrg/dwr/interface/AjaxReportQueryService.js HTTP/1.1" 200 13203
180.169.147.146 - - [09/Dec/2021:09:35:57 +0800] "GET /xingrg/dwr/engine.js HTTP/1.1" 200 43631
180.169.147.146 - - [09/Dec/2021:09:35:57 +0800] "POST /xingrg/dwr/call/plaincall/AjaxReportQueryService.getFixDate.dwr HTTP/1.1" 200 111
180.169.147.146 - - [09/Dec/2021:09:35:57 +0800] "POST /xingrg/dwr/call/plaincall/AjaxReportQueryService.getInitString.dwr HTTP/1.1" 200 1238
180.169.147.146 - - [09/Dec/2021:09:35:57 +0800] "POST /xingrg/dwr/call/plaincall/AjaxReportQueryService.getInitString.dwr HTTP/1.1" 200 76
180.169.147.146 - - [09/Dec/2021:09:35:57 +0800] "POST /xingrg/all/common/load_tree.html?tree=materiel_sort_tree_json HTTP/1.1" 200 9388
180.169.147.146 - - [09/Dec/2021:09:35:59 +0800] "GET /xingrg/all/function/internal_message.html?_=1639013750173&CODE_STATE=getMsg HTTP/1.1" 200 27
114.86.229.104 - - [09/Dec/2021:09:35:59 +0800] "GET /xingrg/kc/buy/cgsh_order_operate.html?command=get_materiel&rest_code=00109&code=00101006109&supplier_code=00100015&order_time=2021-12-09 HTTP/1.1" 200 409
116.235.94.0 - - [09/Dec/2021:09:35:59 +0800] "GET /xingrg/check_reg.html?_=1639013773867 HTTP/1.1" 302 -
116.235.94.0 - - [09/Dec/2021:09:35:59 +0800] "GET /xingrg/login.html HTTP/1.1" 200 7641
180.169.147.146 - - [09/Dec/2021:09:36:00 +0800] "GET /xingrg/kc/buy/cgsh_order_operate.html?command=get_materiel&rest_code=00147&code=00101002002&supplier_code=00100094&order_time=2021-12-08 HTTP/1.1" 200 420
58.39.139.200 - - [09/Dec/2021:09:36:01 +0800] "GET /xingrg/all/function/internal_message.html?_=1639013696318&CODE_STATE=getMsg HTTP/1.1" 200 27
116.229.213.191 - - [09/Dec/2021:09:36:04 +0800] "GET /xingrg/all/function/internal_message.html?_=1639013764213&CODE_STATE=getMsg HTTP/1.1" 200 27
114.86.229.104 - - [09/Dec/2021:09:36:05 +0800] "GET /xingrg/kc/buy/cgsh_order_operate.html?command=get_materiel&rest_code=00109&code=00102015057&supplier_code=00100015&order_time=2021-12-09 HTTP/1.1" 200 416
180.169.147.146 - - [09/Dec/2021:09:36:06 +0800] "POST /xingrg/dwr/call/plaincall/AjaxReportQueryService.refreshCache.dwr HTTP/1.1" 200 78
124.77.240.52 - - [09/Dec/2021:09:36:07 +0800] "POST /xingrg/services/DataTransmitService HTTP/1.1" 200 524
180.169.147.146 - - [09/Dec/2021:09:36:07 +0800] "POST /xingrg/all/report/load_report_page.html HTTP/1.1" 200 90378
180.169.147.146 - - [09/Dec/2021:09:36:07 +0800] "GET /xingrg/servlets/image?cache=0.5276782891077074&image=px HTTP/1.1" 200 807
222.70.176.97 - - [09/Dec/2021:09:36:08 +0800] "GET /xingrg/kc/buy/cgsh_order_operate.html?command=get_materiel&rest_code=00111&code=00101008026&supplier_code=00100005&order_time=2021-12-09 HTTP/1.1" 200 409
114.83.222.61 - - [09/Dec/2021:09:36:09 +0800] "GET /xingrg/all/function/internal_message.html?_=1639013767221&CODE_STATE=getMsg HTTP/1.1" 200 27
114.86.229.104 - - [09/Dec/2021:09:36:10 +0800] "GET /xingrg/kc/buy/cgsh_order_operate.html?command=get_materiel&rest_code=00109&code=00101006240&supplier_code=00100015&order_time=2021-12-09 HTTP/1.1" 200 408
114.85.125.222 - - [09/Dec/2021:09:36:11 +0800] "GET /xingrg/all/function/internal_message.html?_=1639013730235&CODE_STATE=getMsg HTTP/1.1" 200 27
180.169.147.146 - - [09/Dec/2021:09:36:11 +0800] "POST /xingrg/all/report/report_print.html HTTP/1.1" 200 10772
222.70.176.97 - - [09/Dec/2021:09:36:12 +0800] "GET /xingrg/all/function/internal_message.html?_=1639013439587&CODE_STATE=getMsg HTTP/1.1" 302 -
180.169.147.146 - - [09/Dec/2021:09:36:12 +0800] "POST /xingrg/kc/buy/cgsh_order_operate.html HTTP/1.1" 200 37
180.169.147.146 - - [09/Dec/2021:09:36:14 +0800] "POST /xingrg/kc/buy/cgsh_order_operate.html HTTP/1.1" 200 5075
124.77.240.52 - - [09/Dec/2021:09:36:14 +0800] "POST /xingrg/services/DataTransmitService HTTP/1.1" 200 501
180.169.147.146 - - [09/Dec/2021:09:36:22 +0800] "GET /xingrg/all/function/internal_message.html?_=1639013780120&CODE_STATE=getMsg HTTP/1.1" 200 27
114.86.229.104 - - [09/Dec/2021:09:36:23 +0800] "POST /xingrg/kc/buy/cgsh_order_operate.html HTTP/1.1" 200 37
222.70.176.97 - - [09/Dec/2021:09:36:23 +0800] "GET /xingrg/kc/buy/cgsh_order_operate.html?command=get_materiel&rest_code=00111&code=00101008027&supplier_code=00100005&order_time=2021-12-09 HTTP/1.1" 200 408
58.221.95.50 - - [09/Dec/2021:09:36:26 +0800] "GET /xingrg/check_reg.html?_=1639013784698 HTTP/1.1" 302 -
180.169.147.146 - - [09/Dec/2021:09:36:26 +0800] "POST /xingrg/kc/buy/cgsh_order_operate.html HTTP/1.1" 200 37
114.86.229.104 - - [09/Dec/2021:09:36:27 +0800] "POST /xingrg/kc/buy/cgsh_order_operate.html HTTP/1.1" 200 8024
58.37.8.98 - - [09/Dec/2021:09:36:27 +0800] "GET /xingrg/check_reg.html?_=1639013603824 HTTP/1.1" 200 22
58.37.8.98 - - [09/Dec/2021:09:36:27 +0800] "GET /xingrg/all/function/internal_message.html?_=1639013603826&CODE_STATE=getMsg HTTP/1.1" 200 27
116.229.213.191 - - [09/Dec/2021:09:36:27 +0800] "GET /xingrg/all/function/internal_message.html?_=1639013788320&CODE_STATE=getMsg HTTP/1.1" 200 27
180.169.147.146 - - [09/Dec/2021:09:36:29 +0800] "POST /xingrg/kc/buy/cgsh_order_operate.html HTTP/1.1" 200 5075
180.169.147.146 - - [09/Dec/2021:09:36:30 +0800] "GET /xingrg/kc/buy/cgsh_order_add.html HTTP/1.1" 200 64907
180.169.147.146 - - [09/Dec/2021:09:36:31 +0800] "GET /xingrg/javascript/easyui/themes/default/validatebox.css HTTP/1.1" 404 1104
180.169.147.146 - - [09/Dec/2021:09:36:31 +0800] "POST /xingrg/kc/buy/cgsh_order_operate.html HTTP/1.1" 200 8245
180.169.147.146 - - [09/Dec/2021:09:36:33 +0800] "GET /xingrg/javascript/jquery_tools/images/prev.gif HTTP/1.1" 404 1086
180.169.147.146 - - [09/Dec/2021:09:36:33 +0800] "GET /xingrg/javascript/jquery_tools/images/next.gif HTTP/1.1" 404 1086
116.238.248.233 - - [09/Dec/2021:09:36:34 +0800] "GET /xingrg/all/function/internal_message.html?_=1639013792697&CODE_STATE=getMsg HTTP/1.1" 200 27
114.86.229.104 - - [09/Dec/2021:09:36:35 +0800] "GET /xingrg/kc/print/load_config.html?kc_code=cgsh HTTP/1.1" 200 2281
114.86.229.104 - - [09/Dec/2021:09:36:35 +0800] "GET /xingrg/kc/print/load_data.html?order_code=212021120903382&kc_code=cgsh&condition= HTTP/1.1" 200 2821
172.20.0.100 - - [09/Dec/2021:09:36:35 +0800] "GET /xingrg/all/function/internal_message.html?_=1639013793666&CODE_STATE=getMsg HTTP/1.1" 200 27
120.253.135.82 - - [09/Dec/2021:09:36:36 +0800] "GET /xingrg/all/function/internal_message.html?_=1639013927527&CODE_STATE=getMsg HTTP/1.1" 200 27
124.77.240.52 - - [09/Dec/2021:09:36:37 +0800] "GET /xingrg/all/function/internal_message.html?_=1639013809426&CODE_STATE=getMsg HTTP/1.1" 302 -
222.70.176.97 - - [09/Dec/2021:09:36:38 +0800] "GET /xingrg/all/function/internal_message.html?_=1639013794777&CODE_STATE=getMsg HTTP/1.1" 200 27
114.86.229.104 - - [09/Dec/2021:09:36:43 +0800] "GET /xingrg/kc/buy/cgsh_order_add.html HTTP/1.1" 200 64980
114.86.229.104 - - [09/Dec/2021:09:36:43 +0800] "POST /xingrg/kc/buy/cgsh_order_operate.html HTTP/1.1" 200 8245
114.86.229.104 - - [09/Dec/2021:09:36:43 +0800] "GET /xingrg/all/common/auto_word.html?type=employee&rest_code=00109 HTTP/1.1" 200 255
114.86.229.104 - - [09/Dec/2021:09:36:43 +0800] "GET /xingrg/javascript/easyui/themes/default/validatebox.css HTTP/1.1" 404 1104
114.86.229.104 - - [09/Dec/2021:09:36:43 +0800] "GET /xingrg/all/common/auto_word.html?type=employee&rest_code=00109 HTTP/1.1" 200 255
180.169.147.146 - - [09/Dec/2021:09:36:44 +0800] "GET /xingrg/kc/buy/cgsh_order_operate.html?command=get_materiel&rest_code=00147&code=00101002006&supplier_code=00100091&order_time=2021-12-09 HTTP/1.1" 200 414
222.70.176.97 - - [09/Dec/2021:09:36:46 +0800] "GET /xingrg/kc/buy/cgsh_order_operate.html?command=get_materiel&rest_code=00111&code=00101008257&supplier_code=00100005&order_time=2021-12-09 HTTP/1.1" 200 416
114.86.229.104 - - [09/Dec/2021:09:36:48 +0800] "POST /xingrg/kc/buy/cgsh_list_operate.html HTTP/1.1" 200 3797
114.86.229.104 - - [09/Dec/2021:09:36:51 +0800] "POST /xingrg/kc/buy/cgsh_list_operate.html HTTP/1.1" 200 564
114.86.229.104 - - [09/Dec/2021:09:36:52 +0800] "GET /xingrg/kc/buy/cgsh_order_info.html?code=212021120903378 HTTP/1.1" 200 64989
114.86.229.104 - - [09/Dec/2021:09:36:52 +0800] "GET /xingrg/javascript/easyui/themes/default/validatebox.css HTTP/1.1" 404 1104
114.86.229.104 - - [09/Dec/2021:09:36:52 +0800] "GET /xingrg/all/common/auto_word.html?type=employee&rest_code=00109 HTTP/1.1" 200 255
114.86.229.104 - - [09/Dec/2021:09:36:52 +0800] "GET /xingrg/all/common/auto_word.html?type=employee&rest_code=00109 HTTP/1.1" 200 255
114.86.229.104 - - [09/Dec/2021:09:36:52 +0800] "POST /xingrg/kc/buy/cgsh_order_operate.html HTTP/1.1" 200 11542
114.86.229.104 - - [09/Dec/2021:09:36:53 +0800] "GET /xingrg/all/function/internal_message.html?_=1639013811883&CODE_STATE=getMsg HTTP/1.1" 200 27
116.227.210.113 - - [09/Dec/2021:09:36:54 +0800] "GET /xingrg/all/function/internal_message.html?_=1639013806566&CODE_STATE=getMsg HTTP/1.1" 200 27
180.169.147.146 - - [09/Dec/2021:09:36:59 +0800] "GET /xingrg/all/function/internal_message.html?_=1639013810172&CODE_STATE=getMsg HTTP/1.1" 200 27
58.39.139.200 - - [09/Dec/2021:09:37:01 +0800] "GET /xingrg/all/function/internal_message.html?_=1639013756304&CODE_STATE=getMsg HTTP/1.1" 200 27
114.86.229.104 - - [09/Dec/2021:09:37:01 +0800] "GET /xingrg/kc/buy/cgsh_order_operate.html?command=get_materiel&rest_code=00109&code=00101008197&supplier_code=00100005&order_time=2021-12-09 HTTP/1.1" 200 416
114.86.229.104 - - [09/Dec/2021:09:37:01 +0800] "GET /xingrg/javascript/auto/indicator.gif HTTP/1.1" 404 1066
222.70.176.97 - - [09/Dec/2021:09:37:01 +0800] "GET /xingrg/kc/buy/cgsh_order_operate.html?command=get_materiel&rest_code=00111&code=00101008246&supplier_code=00100005&order_time=2021-12-09 HTTP/1.1" 200 408
124.77.240.52 - - [09/Dec/2021:09:37:03 +0800] "POST /xingrg/services/DataTransmitService HTTP/1.1" 200 524
124.77.240.52 - - [09/Dec/2021:09:37:04 +0800] "POST /xingrg/services/DataTransmitService HTTP/1.1" 200 2171
116.229.213.191 - - [09/Dec/2021:09:37:04 +0800] "GET /xingrg/all/function/internal_message.html?_=1639013824226&CODE_STATE=getMsg HTTP/1.1" 200 27
180.169.147.146 - - [09/Dec/2021:09:37:04 +0800] "GET /xingrg/kc/buy/cgsh_order_operate.html?command=get_materiel&rest_code=00147&code=00101014038&supplier_code=00100091&order_time=2021-12-09 HTTP/1.1" 200 416
124.77.240.52 - - [09/Dec/2021:09:37:07 +0800] "POST /xingrg/services/DataTransmitService HTTP/1.1" 200 524
124.77.240.52 - - [09/Dec/2021:09:37:07 +0800] "POST /xingrg/services/DataTransmitService HTTP/1.1" 200 2171
114.83.222.61 - - [09/Dec/2021:09:37:09 +0800] "GET /xingrg/all/function/internal_message.html?_=1639013827206&CODE_STATE=getMsg HTTP/1.1" 200 27
114.86.229.104 - - [09/Dec/2021:09:37:09 +0800] "GET /xingrg/kc/buy/cgsh_order_operate.html?command=get_materiel&rest_code=00109&code=00101008085&supplier_code=00100005&order_time=2021-12-09 HTTP/1.1" 200 412
114.83.222.61 - - [09/Dec/2021:09:37:10 +0800] "GET /xingrg/check_reg.html?_=1639013828131 HTTP/1.1" 200 22
114.85.125.222 - - [09/Dec/2021:09:37:11 +0800] "GET /xingrg/all/function/internal_message.html?_=1639013790250&CODE_STATE=getMsg HTTP/1.1" 200 27
222.70.176.97 - - [09/Dec/2021:09:37:12 +0800] "GET /xingrg/all/function/internal_message.html?_=1639013499586&CODE_STATE=getMsg HTTP/1.1" 302 -
114.86.229.104 - - [09/Dec/2021:09:37:15 +0800] "GET /xingrg/kc/buy/cgsh_order_operate.html?command=get_materiel&rest_code=00109&code=00101008257&supplier_code=00100005&order_time=2021-12-09 HTTP/1.1" 200 416
114.86.229.104 - - [09/Dec/2021:09:37:21 +0800] "GET /xingrg/kc/buy/cgsh_order_operate.html?command=get_materiel&rest_code=00109&code=00101008024&supplier_code=00100005&order_time=2021-12-09 HTTP/1.1" 200 408
180.169.147.146 - - [09/Dec/2021:09:37:22 +0800] "GET /xingrg/all/function/internal_message.html?_=1639013840110&CODE_STATE=getMsg HTTP/1.1" 200 27
114.86.229.104 - - [09/Dec/2021:09:37:22 +0800] "POST /xingrg/kc/buy/cgsh_order_operate.html HTTP/1.1" 200 2065
180.169.147.146 - - [09/Dec/2021:09:37:24 +0800] "POST /xingrg/kc/buy/cgsh_order_operate.html HTTP/1.1" 200 37
222.70.176.97 - - [09/Dec/2021:09:37:25 +0800] "GET /xingrg/kc/buy/cgsh_order_operate.html?command=get_materiel&rest_code=00111&code=00101008361&supplier_code=00100005&order_time=2021-12-09 HTTP/1.1" 200 408
180.169.147.146 - - [09/Dec/2021:09:37:25 +0800] "POST /xingrg/kc/buy/cgsh_order_operate.html HTTP/1.1" 200 3256
114.86.229.104 - - [09/Dec/2021:09:37:26 +0800] "GET /xingrg/kc/buy/cgsh_order_operate.html?command=get_materiel&rest_code=00109&code=00101008137&supplier_code=00100005&order_time=2021-12-09 HTTP/1.1" 200 408
58.37.8.98 - - [09/Dec/2021:09:37:27 +0800] "GET /xingrg/all/function/internal_message.html?_=1639013663830&CODE_STATE=getMsg HTTP/1.1" 200 27
116.229.213.191 - - [09/Dec/2021:09:37:27 +0800] "GET /xingrg/check_reg.html?_=1639013848322 HTTP/1.1" 200 22
116.229.213.191 - - [09/Dec/2021:09:37:27 +0800] "GET /xingrg/all/function/internal_message.html?_=1639013848326&CODE_STATE=getMsg HTTP/1.1" 200 27
124.77.240.52 - - [09/Dec/2021:09:37:30 +0800] "POST /xingrg/services/DataTransmitService HTTP/1.1" 200 524
114.86.229.104 - - [09/Dec/2021:09:37:31 +0800] "GET /xingrg/kc/buy/cgsh_order_operate.html?command=get_materiel&rest_code=00109&code=00101008027&supplier_code=00100005&order_time=2021-12-09 HTTP/1.1" 200 408
116.238.248.233 - - [09/Dec/2021:09:37:34 +0800] "GET /xingrg/all/function/internal_message.html?_=1639013852697&CODE_STATE=getMsg HTTP/1.1" 200 27
120.253.135.82 - - [09/Dec/2021:09:37:35 +0800] "GET /xingrg/check_reg.html?_=1639013986183 HTTP/1.1" 200 22
172.20.0.100 - - [09/Dec/2021:09:37:35 +0800] "GET /xingrg/check_reg.html?_=1639013853668 HTTP/1.1" 200 22
172.20.0.100 - - [09/Dec/2021:09:37:35 +0800] "GET /xingrg/all/function/internal_message.html?_=1639013853672&CODE_STATE=getMsg HTTP/1.1" 200 27
120.253.135.82 - - [09/Dec/2021:09:37:36 +0800] "GET /xingrg/all/function/internal_message.html?_=1639013987539&CODE_STATE=getMsg HTTP/1.1" 200 27
124.77.240.52 - - [09/Dec/2021:09:37:37 +0800] "GET /xingrg/all/function/internal_message.html?_=1639013869436&CODE_STATE=getMsg HTTP/1.1" 302 -
222.70.176.97 - - [09/Dec/2021:09:37:38 +0800] "GET /xingrg/all/function/internal_message.html?_=1639013854781&CODE_STATE=getMsg HTTP/1.1" 200 27
114.86.229.104 - - [09/Dec/2021:09:37:38 +0800] "GET /xingrg/kc/buy/cgsh_order_operate.html?command=get_materiel&rest_code=00109&code=00101008350&supplier_code=00100005&order_time=2021-12-09 HTTP/1.1" 200 408
180.169.147.146 - - [09/Dec/2021:09:37:41 +0800] "POST /xingrg/kc/buy/cgsh_order_operate.html HTTP/1.1" 200 37
222.70.176.97 - - [09/Dec/2021:09:37:42 +0800] "GET /xingrg/kc/buy/cgsh_order_operate.html?command=get_materiel&rest_code=00111&code=00101008067&supplier_code=00100005&order_time=2021-12-09 HTTP/1.1" 200 418
180.169.147.146 - - [09/Dec/2021:09:37:42 +0800] "POST /xingrg/kc/buy/cgsh_order_operate.html HTTP/1.1" 200 3256
180.169.147.146 - - [09/Dec/2021:09:37:43 +0800] "GET /xingrg/kc/print/load_config.html?kc_code=cgsh HTTP/1.1" 200 2281
114.86.229.104 - - [09/Dec/2021:09:37:44 +0800] "GET /xingrg/kc/buy/cgsh_order_operate.html?command=get_materiel&rest_code=00109&code=00101008354&supplier_code=00100005&order_time=2021-12-09 HTTP/1.1" 200 412
180.169.147.146 - - [09/Dec/2021:09:37:44 +0800] "GET /xingrg/kc/print/load_data.html?order_code=212021120903383&kc_code=cgsh&condition= HTTP/1.1" 200 978
114.86.229.104 - - [09/Dec/2021:09:37:49 +0800] "GET /xingrg/kc/buy/cgsh_order_operate.html?command=get_materiel&rest_code=00109&code=00101008010&supplier_code=00100005&order_time=2021-12-09 HTTP/1.1" 200 412
114.86.229.104 - - [09/Dec/2021:09:37:53 +0800] "GET /xingrg/all/function/internal_message.html?_=1639013871885&CODE_STATE=getMsg HTTP/1.1" 200 27
116.227.210.113 - - [09/Dec/2021:09:37:54 +0800] "GET /xingrg/all/function/internal_message.html?_=1639013866576&CODE_STATE=getMsg HTTP/1.1" 200 27
114.86.229.104 - - [09/Dec/2021:09:37:55 +0800] "POST /xingrg/kc/buy/cgsh_order_operate.html HTTP/1.1" 200 2065
222.70.176.97 - - [09/Dec/2021:09:37:58 +0800] "GET /xingrg/kc/buy/cgsh_order_operate.html?command=get_materiel&rest_code=00111&code=00101008209&supplier_code=00100005&order_time=2021-12-09 HTTP/1.1" 200 408
180.169.147.146 - - [09/Dec/2021:09:37:59 +0800] "GET /xingrg/all/function/internal_message.html?_=1639013870170&CODE_STATE=getMsg HTTP/1.1" 200 27
58.39.139.200 - - [09/Dec/2021:09:38:01 +0800] "GET /xingrg/all/function/internal_message.html?_=1639013816274&CODE_STATE=getMsg HTTP/1.1" 200 27
114.86.229.104 - - [09/Dec/2021:09:38:03 +0800] "GET /xingrg/kc/buy/cgsh_order_operate.html?command=get_materiel&rest_code=00109&code=00101008283&supplier_code=00100005&order_time=2021-12-09 HTTP/1.1" 200 408
116.229.213.191 - - [09/Dec/2021:09:38:05 +0800] "GET /xingrg/all/function/internal_message.html?_=1639013884366&CODE_STATE=getMsg HTTP/1.1" 200 27
114.83.222.61 - - [09/Dec/2021:09:38:09 +0800] "GET /xingrg/all/function/internal_message.html?_=1639013887187&CODE_STATE=getMsg HTTP/1.1" 200 27
114.86.229.104 - - [09/Dec/2021:09:38:10 +0800] "GET /xingrg/kc/buy/cgsh_order_operate.html?command=get_materiel&rest_code=00109&code=00101008264&supplier_code=00100005&order_time=2021-12-09 HTTP/1.1" 200 412
114.85.125.222 - - [09/Dec/2021:09:38:11 +0800] "GET /xingrg/all/function/internal_message.html?_=1639013850305&CODE_STATE=getMsg HTTP/1.1" 200 27
222.70.176.97 - - [09/Dec/2021:09:38:12 +0800] "GET /xingrg/all/function/internal_message.html?_=1639013559586&CODE_STATE=getMsg HTTP/1.1" 302 -
222.70.176.97 - - [09/Dec/2021:09:38:12 +0800] "GET /xingrg/check_reg.html?_=1639013559587 HTTP/1.1" 302 -
114.86.229.104 - - [09/Dec/2021:09:38:16 +0800] "GET /xingrg/kc/buy/cgsh_order_operate.html?command=get_materiel&rest_code=00109&code=00101008356&supplier_code=00100005&order_time=2021-12-09 HTTP/1.1" 200 408
116.229.213.191 - - [09/Dec/2021:09:38:19 +0800] "GET /xingrg/kc/print/load_config.html?kc_code=cgsh HTTP/1.1" 200 2281
116.229.213.191 - - [09/Dec/2021:09:38:19 +0800] "GET /xingrg/kc/print/load_data.html?order_code=212021120903380&kc_code=cgsh&condition= HTTP/1.1" 200 2939
222.70.176.97 - - [09/Dec/2021:09:38:20 +0800] "GET /xingrg/kc/buy/cgsh_order_operate.html?command=get_materiel&rest_code=00111&code=00101008356&supplier_code=00100005&order_time=2021-12-09 HTTP/1.1" 200 408
180.169.147.146 - - [09/Dec/2021:09:38:22 +0800] "GET /xingrg/all/function/internal_message.html?_=1639013900109&CODE_STATE=getMsg HTTP/1.1" 200 27
180.169.147.146 - - [09/Dec/2021:09:38:22 +0800] "GET /xingrg/check_reg.html?_=1639013900114 HTTP/1.1" 200 22
114.86.229.104 - - [09/Dec/2021:09:38:25 +0800] "GET /xingrg/kc/buy/cgsh_order_operate.html?command=get_materiel&rest_code=00109&code=00101008286&supplier_code=00100005&order_time=2021-12-09 HTTP/1.1" 200 408
58.37.8.98 - - [09/Dec/2021:09:38:27 +0800] "GET /xingrg/all/function/internal_message.html?_=1639013723826&CODE_STATE=getMsg HTTP/1.1" 200 27
116.229.213.191 - - [09/Dec/2021:09:38:27 +0800] "GET /xingrg/all/function/internal_message.html?_=1639013908326&CODE_STATE=getMsg HTTP/1.1" 200 27
114.86.229.104 - - [09/Dec/2021:09:38:31 +0800] "GET /xingrg/kc/buy/cgsh_order_operate.html?command=get_materiel&rest_code=00109&code=00101008257&supplier_code=00100005&order_time=2021-12-09 HTTP/1.1" 200 416
222.70.176.97 - - [09/Dec/2021:09:38:32 +0800] "GET /xingrg/kc/buy/cgsh_order_operate.html?command=get_materiel&rest_code=00111&code=00101008251&supplier_code=00100005&order_time=2021-12-09 HTTP/1.1" 200 408
114.86.229.104 - - [09/Dec/2021:09:38:32 +0800] "POST /xingrg/kc/buy/cgsh_order_operate.html HTTP/1.1" 200 2065
116.238.248.233 - - [09/Dec/2021:09:38:34 +0800] "GET /xingrg/all/function/internal_message.html?_=1639013912706&CODE_STATE=getMsg HTTP/1.1" 200 27
172.20.0.100 - - [09/Dec/2021:09:38:35 +0800] "GET /xingrg/all/function/internal_message.html?_=1639013913673&CODE_STATE=getMsg HTTP/1.1" 200 27
120.253.135.82 - - [09/Dec/2021:09:38:36 +0800] "GET /xingrg/all/function/internal_message.html?_=1639014047553&CODE_STATE=getMsg HTTP/1.1" 200 27
116.229.213.191 - - [09/Dec/2021:09:38:37 +0800] "GET /xingrg/kc/buy/cgsh_order_add.html HTTP/1.1" 200 64898
124.77.240.52 - - [09/Dec/2021:09:38:37 +0800] "GET /xingrg/all/function/internal_message.html?_=1639013929452&CODE_STATE=getMsg HTTP/1.1" 302 -
222.70.176.97 - - [09/Dec/2021:09:38:38 +0800] "GET /xingrg/all/function/internal_message.html?_=1639013914776&CODE_STATE=getMsg HTTP/1.1" 200 27
222.70.176.97 - - [09/Dec/2021:09:38:38 +0800] "GET /xingrg/check_reg.html?_=1639013914777 HTTP/1.1" 200 22
116.229.213.191 - - [09/Dec/2021:09:38:38 +0800] "POST /xingrg/kc/buy/cgsh_order_operate.html HTTP/1.1" 200 8245
114.86.229.104 - - [09/Dec/2021:09:38:38 +0800] "GET /xingrg/kc/buy/cgsh_order_operate.html?command=get_materiel&rest_code=00109&code=00101008306&supplier_code=00100005&order_time=2021-12-09 HTTP/1.1" 200 412
116.229.213.191 - - [09/Dec/2021:09:38:38 +0800] "GET /xingrg/javascript/easyui/themes/default/validatebox.css HTTP/1.1" 404 1104
114.86.229.104 - - [09/Dec/2021:09:38:43 +0800] "GET /xingrg/kc/buy/cgsh_order_operate.html?command=get_materiel&rest_code=00109&code=00101008125&supplier_code=00100005&order_time=2021-12-09 HTTP/1.1" 200 413
222.70.176.97 - - [09/Dec/2021:09:38:43 +0800] "GET /xingrg/kc/buy/cgsh_order_operate.html?command=get_materiel&rest_code=00111&code=00101008131&supplier_code=00100005&order_time=2021-12-09 HTTP/1.1" 200 408
114.86.229.104 - - [09/Dec/2021:09:38:49 +0800] "GET /xingrg/kc/buy/cgsh_order_operate.html?command=get_materiel&rest_code=00109&code=00101008242&supplier_code=00100005&order_time=2021-12-09 HTTP/1.1" 200 408
114.86.229.104 - - [09/Dec/2021:09:38:53 +0800] "GET /xingrg/all/function/internal_message.html?_=1639013931895&CODE_STATE=getMsg HTTP/1.1" 200 27
114.86.229.104 - - [09/Dec/2021:09:38:53 +0800] "GET /xingrg/check_reg.html?_=1639013931897 HTTP/1.1" 200 22
116.227.210.113 - - [09/Dec/2021:09:38:54 +0800] "GET /xingrg/all/function/internal_message.html?_=1639013926578&CODE_STATE=getMsg HTTP/1.1" 200 27
114.86.229.104 - - [09/Dec/2021:09:38:55 +0800] "GET /xingrg/kc/buy/cgsh_order_operate.html?command=get_materiel&rest_code=00109&code=00101008051&supplier_code=00100005&order_time=2021-12-09 HTTP/1.1" 200 409
222.70.176.97 - - [09/Dec/2021:09:38:56 +0800] "GET /xingrg/kc/buy/cgsh_order_operate.html?command=get_materiel&rest_code=00111&code=00101008296&supplier_code=00100005&order_time=2021-12-09 HTTP/1.1" 200 416
222.70.176.97 - - [09/Dec/2021:09:38:58 +0800] "POST /xingrg/kc/buy/cgsh_order_operate.html HTTP/1.1" 200 2065
180.169.147.146 - - [09/Dec/2021:09:38:59 +0800] "GET /xingrg/all/function/internal_message.html?_=1639013930171&CODE_STATE=getMsg HTTP/1.1" 200 27
58.39.139.200 - - [09/Dec/2021:09:39:01 +0800] "GET /xingrg/all/function/internal_message.html?_=1639013876255&CODE_STATE=getMsg HTTP/1.1" 200 27
116.229.213.191 - - [09/Dec/2021:09:39:05 +0800] "GET /xingrg/all/function/internal_message.html?_=1639013944379&CODE_STATE=getMsg HTTP/1.1" 200 27
222.70.176.97 - - [09/Dec/2021:09:39:07 +0800] "GET /xingrg/kc/buy/cgsh_order_operate.html?command=get_materiel&rest_code=00111&code=00101008125&supplier_code=00100005&order_time=2021-12-09 HTTP/1.1" 200 413
114.83.222.61 - - [09/Dec/2021:09:39:09 +0800] "GET /xingrg/all/function/internal_message.html?_=1639013947159&CODE_STATE=getMsg HTTP/1.1" 200 27
114.85.125.222 - - [09/Dec/2021:09:39:11 +0800] "GET /xingrg/all/function/internal_message.html?_=1639013910307&CODE_STATE=getMsg HTTP/1.1" 200 27
222.70.176.97 - - [09/Dec/2021:09:39:12 +0800] "GET /xingrg/all/function/internal_message.html?_=1639013619586&CODE_STATE=getMsg HTTP/1.1" 302 -
180.169.147.146 - - [09/Dec/2021:09:39:20 +0800] "POST /xingrg/kc/buy/cgsh_list_operate.html HTTP/1.1" 200 5192
222.70.176.97 - - [09/Dec/2021:09:39:20 +0800] "GET /xingrg/kc/buy/cgsh_order_operate.html?command=get_materiel&rest_code=00111&code=00101016081&supplier_code=00100005&order_time=2021-12-09 HTTP/1.1" 200 447
180.169.147.146 - - [09/Dec/2021:09:39:22 +0800] "GET /xingrg/all/function/internal_message.html?_=1639013960112&CODE_STATE=getMsg HTTP/1.1" 200 27
58.37.8.98 - - [09/Dec/2021:09:39:27 +0800] "GET /xingrg/all/function/internal_message.html?_=1639013783818&CODE_STATE=getMsg HTTP/1.1" 200 27
116.229.213.191 - - [09/Dec/2021:09:39:27 +0800] "GET /xingrg/all/function/internal_message.html?_=1639013968313&CODE_STATE=getMsg HTTP/1.1" 200 27
114.86.229.104 - - [09/Dec/2021:09:39:30 +0800] "GET /xingrg/kc/buy/cgsh_order_operate.html?command=get_materiel&rest_code=00109&code=00101015012&supplier_code=00100005&order_time=2021-12-09 HTTP/1.1" 200 412
114.86.229.104 - - [09/Dec/2021:09:39:32 +0800] "POST /xingrg/kc/buy/cgsh_order_operate.html HTTP/1.1" 200 2065
116.238.248.233 - - [09/Dec/2021:09:39:34 +0800] "GET /xingrg/check_reg.html?_=1639013972725 HTTP/1.1" 200 22
116.238.248.233 - - [09/Dec/2021:09:39:34 +0800] "GET /xingrg/all/function/internal_message.html?_=1639013972727&CODE_STATE=getMsg HTTP/1.1" 200 27
172.20.0.100 - - [09/Dec/2021:09:39:35 +0800] "GET /xingrg/all/function/internal_message.html?_=1639013973675&CODE_STATE=getMsg HTTP/1.1" 200 27
120.253.135.82 - - [09/Dec/2021:09:39:36 +0800] "GET /xingrg/all/function/internal_message.html?_=1639014107568&CODE_STATE=getMsg HTTP/1.1" 200 27
124.77.240.52 - - [09/Dec/2021:09:39:37 +0800] "GET /xingrg/all/function/internal_message.html?_=1639013989463&CODE_STATE=getMsg HTTP/1.1" 302 -
114.86.229.104 - - [09/Dec/2021:09:39:37 +0800] "GET /xingrg/kc/buy/cgsh_order_operate.html?command=get_materiel&rest_code=00109&code=00101008350&supplier_code=00100005&order_time=2021-12-09 HTTP/1.1" 200 408
222.70.176.97 - - [09/Dec/2021:09:39:38 +0800] "GET /xingrg/all/function/internal_message.html?_=1639013974789&CODE_STATE=getMsg HTTP/1.1" 200 27
116.232.33.175 - - [09/Dec/2021:09:39:40 +0800] "POST /xingrg/services/DataTransmitService HTTP/1.1" 200 524
116.232.33.175 - - [09/Dec/2021:09:39:40 +0800] "POST /xingrg/services/DataTransmitService HTTP/1.1" 200 501
222.70.176.97 - - [09/Dec/2021:09:39:42 +0800] "GET /xingrg/kc/buy/cgsh_order_operate.html?command=get_materiel&rest_code=00111&code=00101008010&supplier_code=00100005&order_time=2021-12-09 HTTP/1.1" 200 412
114.86.229.104 - - [09/Dec/2021:09:39:44 +0800] "GET /xingrg/kc/buy/cgsh_order_operate.html?command=get_materiel&rest_code=00109&code=00101008112&supplier_code=00100005&order_time=2021-12-09 HTTP/1.1" 200 412
114.86.229.104 - - [09/Dec/2021:09:39:52 +0800] "GET /xingrg/kc/buy/cgsh_order_operate.html?command=get_materiel&rest_code=00109&code=00101008290&supplier_code=00100005&order_time=2021-12-09 HTTP/1.1" 200 416
222.70.176.97 - - [09/Dec/2021:09:39:53 +0800] "GET /xingrg/kc/buy/cgsh_order_operate.html?command=get_materiel&rest_code=00111&code=00101008306&supplier_code=00100005&order_time=2021-12-09 HTTP/1.1" 200 412
114.86.229.104 - - [09/Dec/2021:09:39:53 +0800] "GET /xingrg/all/function/internal_message.html?_=1639013991879&CODE_STATE=getMsg HTTP/1.1" 200 27
116.227.210.113 - - [09/Dec/2021:09:39:54 +0800] "GET /xingrg/check_reg.html?_=1639013986569 HTTP/1.1" 200 22
116.227.210.113 - - [09/Dec/2021:09:39:54 +0800] "GET /xingrg/all/function/internal_message.html?_=1639013986573&CODE_STATE=getMsg HTTP/1.1" 200 27
114.86.229.104 - - [09/Dec/2021:09:39:57 +0800] "GET /xingrg/kc/buy/cgsh_order_operate.html?command=get_materiel&rest_code=00109&code=00101008356&supplier_code=00100005&order_time=2021-12-09 HTTP/1.1" 200 408
180.169.147.146 - - [09/Dec/2021:09:39:59 +0800] "GET /xingrg/check_reg.html?_=1639013990164 HTTP/1.1" 200 22
180.169.147.146 - - [09/Dec/2021:09:39:59 +0800] "GET /xingrg/all/function/internal_message.html?_=1639013990165&CODE_STATE=getMsg HTTP/1.1" 200 27
58.39.139.200 - - [09/Dec/2021:09:40:01 +0800] "GET /xingrg/all/function/internal_message.html?_=1639013936241&CODE_STATE=getMsg HTTP/1.1" 200 27
58.39.139.200 - - [09/Dec/2021:09:40:01 +0800] "GET /xingrg/check_reg.html?_=1639013937025 HTTP/1.1" 200 22
114.86.229.104 - - [09/Dec/2021:09:40:03 +0800] "GET /xingrg/kc/buy/cgsh_order_operate.html?command=get_materiel&rest_code=00109&code=00101008286&supplier_code=00100005&order_time=2021-12-09 HTTP/1.1" 200 408
114.86.229.104 - - [09/Dec/2021:09:40:04 +0800] "POST /xingrg/kc/buy/cgsh_order_operate.html HTTP/1.1" 200 2065
116.229.213.191 - - [09/Dec/2021:09:40:04 +0800] "GET /xingrg/check_reg.html?_=1639014004209 HTTP/1.1" 200 22
116.229.213.191 - - [09/Dec/2021:09:40:05 +0800] "GET /xingrg/all/function/internal_message.html?_=1639014004393&CODE_STATE=getMsg HTTP/1.1" 200 27
222.70.176.97 - - [09/Dec/2021:09:40:05 +0800] "GET /xingrg/kc/buy/cgsh_order_operate.html?command=get_materiel&rest_code=00111&code=00101008225&supplier_code=00100005&order_time=2021-12-09 HTTP/1.1" 200 416
180.169.147.146 - - [09/Dec/2021:09:40:06 +0800] "POST /xingrg/kc/buy/cgsh_list_operate.html HTTP/1.1" 200 4
58.37.8.98 - - [09/Dec/2021:09:40:07 +0800] "POST /xingrg/kc/buy/cgsh_list_operate.html HTTP/1.1" 200 5436
114.83.222.61 - - [09/Dec/2021:09:40:09 +0800] "GET /xingrg/all/function/internal_message.html?_=1639014007129&CODE_STATE=getMsg HTTP/1.1" 200 27
114.86.229.104 - - [09/Dec/2021:09:40:09 +0800] "GET /xingrg/kc/buy/cgsh_order_operate.html?command=get_materiel&rest_code=00109&code=00101008114&supplier_code=00100005&order_time=2021-12-09 HTTP/1.1" 200 412
222.70.176.97 - - [09/Dec/2021:09:40:11 +0800] "POST /xingrg/kc/buy/cgsh_order_operate.html HTTP/1.1" 200 2065
114.85.125.222 - - [09/Dec/2021:09:40:11 +0800] "GET /xingrg/check_reg.html?_=1639013969818 HTTP/1.1" 200 22
114.85.125.222 - - [09/Dec/2021:09:40:11 +0800] "GET /xingrg/all/function/internal_message.html?_=1639013970322&CODE_STATE=getMsg HTTP/1.1" 200 27
222.70.176.97 - - [09/Dec/2021:09:40:12 +0800] "GET /xingrg/all/function/internal_message.html?_=1639013679586&CODE_STATE=getMsg HTTP/1.1" 302 -
114.86.229.104 - - [09/Dec/2021:09:40:17 +0800] "GET /xingrg/kc/buy/cgsh_order_operate.html?command=get_materiel&rest_code=00109&code=00101008123&supplier_code=00100005&order_time=2021-12-09 HTTP/1.1" 200 412
222.70.176.97 - - [09/Dec/2021:09:40:21 +0800] "GET /xingrg/kc/buy/cgsh_order_operate.html?command=get_materiel&rest_code=00111&code=00101008354&supplier_code=00100005&order_time=2021-12-09 HTTP/1.1" 200 412
180.169.147.146 - - [09/Dec/2021:09:40:22 +0800] "GET /xingrg/all/function/internal_message.html?_=1639014020110&CODE_STATE=getMsg HTTP/1.1" 200 27
114.86.229.104 - - [09/Dec/2021:09:40:24 +0800] "GET /xingrg/kc/buy/cgsh_order_operate.html?command=get_materiel&rest_code=00109&code=00101015038&supplier_code=00100005&order_time=2021-12-09 HTTP/1.1" 200 418
58.37.8.98 - - [09/Dec/2021:09:40:27 +0800] "GET /xingrg/all/function/internal_message.html?_=1639013843834&CODE_STATE=getMsg HTTP/1.1" 200 27
116.229.213.191 - - [09/Dec/2021:09:40:27 +0800] "GET /xingrg/all/function/internal_message.html?_=1639014028315&CODE_STATE=getMsg HTTP/1.1" 200 27
114.86.229.104 - - [09/Dec/2021:09:40:29 +0800] "GET /xingrg/kc/buy/cgsh_order_operate.html?command=get_materiel&rest_code=00109&code=00101008176&supplier_code=00100005&order_time=2021-12-09 HTTP/1.1" 200 412
124.77.240.52 - - [09/Dec/2021:09:40:31 +0800] "POST /xingrg/services/DataTransmitService HTTP/1.1" 200 501
124.77.240.52 - - [09/Dec/2021:09:40:33 +0800] "POST /xingrg/services/DataTransmitService HTTP/1.1" 200 501
116.229.213.191 - - [09/Dec/2021:09:40:34 +0800] "GET /xingrg/css/images/panel_loading.gif HTTP/1.1" 200 1737
116.229.213.191 - - [09/Dec/2021:09:40:34 +0800] "GET /xingrg/javascript/easyui/plugins/jquery.draggable.js HTTP/1.1" 200 6121
116.229.213.191 - - [09/Dec/2021:09:40:34 +0800] "GET /xingrg/javascript/easyui/plugins/jquery.droppable.js HTTP/1.1" 200 1167
116.229.213.191 - - [09/Dec/2021:09:40:34 +0800] "GET /xingrg/javascript/easyui/themes/default/tree.css HTTP/1.1" 404 1090
116.229.213.191 - - [09/Dec/2021:09:40:34 +0800] "GET /xingrg/javascript/easyui/plugins/jquery.tree.js HTTP/1.1" 200 20874
116.238.248.233 - - [09/Dec/2021:09:40:34 +0800] "GET /xingrg/all/function/internal_message.html?_=1639014032715&CODE_STATE=getMsg HTTP/1.1" 200 27
116.229.213.191 - - [09/Dec/2021:09:40:35 +0800] "POST /xingrg/all/common/load_tree.html?tree=supplier_tree_json&isDelete=1 HTTP/1.1" 200 60927
172.20.0.100 - - [09/Dec/2021:09:40:35 +0800] "GET /xingrg/all/function/internal_message.html?_=1639014033661&CODE_STATE=getMsg HTTP/1.1" 200 27
124.77.240.52 - - [09/Dec/2021:09:40:36 +0800] "GET /xingrg/check_reg.html?_=1639014048090 HTTP/1.1" 302 -
114.86.229.104 - - [09/Dec/2021:09:40:36 +0800] "GET /xingrg/kc/buy/cgsh_order_operate.html?command=get_materiel&rest_code=00109&code=00101008210&supplier_code=00100005&order_time=2021-12-09 HTTP/1.1" 200 408
120.253.135.82 - - [09/Dec/2021:09:40:36 +0800] "GET /xingrg/all/function/internal_message.html?_=1639014167596&CODE_STATE=getMsg HTTP/1.1" 200 27
116.229.213.191 - - [09/Dec/2021:09:40:36 +0800] "GET /xingrg/javascript/easyui/themes/default/images/tree_arrows.gif HTTP/1.1" 200 617
116.229.213.191 - - [09/Dec/2021:09:40:37 +0800] "GET /xingrg/javascript/easyui/themes/default/images/tree_folder_open.gif HTTP/1.1" 200 956
116.229.213.191 - - [09/Dec/2021:09:40:37 +0800] "GET /xingrg/javascript/easyui/themes/default/images/tree_folder.gif HTTP/1.1" 200 952
116.229.213.191 - - [09/Dec/2021:09:40:37 +0800] "GET /xingrg/javascript/easyui/themes/default/images/tree_file.gif HTTP/1.1" 200 118
124.77.240.52 - - [09/Dec/2021:09:40:37 +0800] "GET /xingrg/all/function/internal_message.html?_=1639014049477&CODE_STATE=getMsg HTTP/1.1" 302 -
114.86.229.104 - - [09/Dec/2021:09:40:37 +0800] "POST /xingrg/kc/buy/cgsh_order_operate.html HTTP/1.1" 200 2065
222.70.176.97 - - [09/Dec/2021:09:40:38 +0800] "GET /xingrg/all/function/internal_message.html?_=1639014034779&CODE_STATE=getMsg HTTP/1.1" 200 27
114.86.229.104 - - [09/Dec/2021:09:40:42 +0800] "GET /xingrg/kc/buy/cgsh_order_operate.html?command=get_materiel&rest_code=00109&code=00101008403&supplier_code=00100005&order_time=2021-12-09 HTTP/1.1" 200 412
114.86.229.104 - - [09/Dec/2021:09:40:48 +0800] "GET /xingrg/kc/buy/cgsh_order_operate.html?command=get_materiel&rest_code=00109&code=00101008350&supplier_code=00100005&order_time=2021-12-09 HTTP/1.1" 200 408
114.86.229.104 - - [09/Dec/2021:09:40:53 +0800] "GET /xingrg/all/function/internal_message.html?_=1639014051886&CODE_STATE=getMsg HTTP/1.1" 200 27
116.227.210.113 - - [09/Dec/2021:09:40:54 +0800] "GET /xingrg/all/function/internal_message.html?_=1639014046561&CODE_STATE=getMsg HTTP/1.1" 200 27
114.86.229.104 - - [09/Dec/2021:09:40:54 +0800] "GET /xingrg/kc/buy/cgsh_order_operate.html?command=get_materiel&rest_code=00109&code=00101008148&supplier_code=00100005&order_time=2021-12-09 HTTP/1.1" 200 416
116.229.213.191 - - [09/Dec/2021:09:40:55 +0800] "GET /xingrg/kc/buy/cgsh_order_operate.html?command=get_materiel&rest_code=00102&code=00101002027&supplier_code=00100400&order_time=2021-12-09 HTTP/1.1" 200 432
222.70.176.97 - - [09/Dec/2021:09:40:57 +0800] "GET /xingrg/kc/buy/cgsh_order_operate.html?command=get_materiel&rest_code=00111&code=00101008141&supplier_code=00100005&order_time=2021-12-09 HTTP/1.1" 200 412
124.77.240.52 - - [09/Dec/2021:09:40:58 +0800] "POST /xingrg/services/DataTransmitService HTTP/1.1" 200 501
58.39.139.200 - - [09/Dec/2021:09:41:01 +0800] "GET /xingrg/all/function/internal_message.html?_=1639013996214&CODE_STATE=getMsg HTTP/1.1" 200 27
114.86.229.104 - - [09/Dec/2021:09:41:01 +0800] "GET /xingrg/kc/buy/cgsh_order_operate.html?command=get_materiel&rest_code=00109&code=00101008357&supplier_code=00100005&order_time=2021-12-09 HTTP/1.1" 200 408
116.229.213.191 - - [09/Dec/2021:09:41:05 +0800] "GET /xingrg/all/function/internal_message.html?_=1639014064406&CODE_STATE=getMsg HTTP/1.1" 200 27
114.86.229.104 - - [09/Dec/2021:09:41:06 +0800] "GET /xingrg/kc/buy/cgsh_order_operate.html?command=get_materiel&rest_code=00109&code=00101008286&supplier_code=00100005&order_time=2021-12-09 HTTP/1.1" 200 408
114.86.229.104 - - [09/Dec/2021:09:41:08 +0800] "POST /xingrg/kc/buy/cgsh_order_operate.html HTTP/1.1" 200 2065
114.83.222.61 - - [09/Dec/2021:09:41:09 +0800] "GET /xingrg/all/function/internal_message.html?_=1639014067103&CODE_STATE=getMsg HTTP/1.1" 200 27
222.70.176.97 - - [09/Dec/2021:09:41:09 +0800] "GET /xingrg/kc/buy/cgsh_order_operate.html?command=get_materiel&rest_code=00111&code=00101008264&supplier_code=00100005&order_time=2021-12-09 HTTP/1.1" 200 412
114.85.125.222 - - [09/Dec/2021:09:41:11 +0800] "GET /xingrg/all/function/internal_message.html?_=1639014030335&CODE_STATE=getMsg HTTP/1.1" 200 27
222.70.176.97 - - [09/Dec/2021:09:41:12 +0800] "GET /xingrg/all/function/internal_message.html?_=1639013739586&CODE_STATE=getMsg HTTP/1.1" 302 -
114.86.229.104 - - [09/Dec/2021:09:41:12 +0800] "GET /xingrg/kc/buy/cgsh_order_operate.html?command=get_materiel&rest_code=00109&code=00101008110&supplier_code=00100005&order_time=2021-12-09 HTTP/1.1" 200 408
114.86.229.104 - - [09/Dec/2021:09:41:21 +0800] "GET /xingrg/kc/buy/cgsh_order_operate.html?command=get_materiel&rest_code=00109&code=00101008095&supplier_code=00100005&order_time=2021-12-09 HTTP/1.1" 200 412
222.70.176.97 - - [09/Dec/2021:09:41:21 +0800] "GET /xingrg/kc/buy/cgsh_order_operate.html?command=get_materiel&rest_code=00111&code=00101008024&supplier_code=00100005&order_time=2021-12-09 HTTP/1.1" 200 408
180.169.147.146 - - [09/Dec/2021:09:41:22 +0800] "GET /xingrg/all/function/internal_message.html?_=1639014080099&CODE_STATE=getMsg HTTP/1.1" 200 27
222.70.176.97 - - [09/Dec/2021:09:41:23 +0800] "POST /xingrg/kc/buy/cgsh_order_operate.html HTTP/1.1" 200 2065
116.229.213.191 - - [09/Dec/2021:09:41:26 +0800] "GET /xingrg/kc/buy/cgsh_order_operate.html?command=get_materiel&rest_code=00102&code=00101002022&supplier_code=00100400&order_time=2021-12-09 HTTP/1.1" 200 409
58.221.95.50 - - [09/Dec/2021:09:41:26 +0800] "GET /xingrg/check_reg.html?_=1639014084703 HTTP/1.1" 302 -
124.77.240.52 - - [09/Dec/2021:09:41:26 +0800] "POST /xingrg/services/DataTransmitService HTTP/1.1" 200 501
58.37.8.98 - - [09/Dec/2021:09:41:27 +0800] "GET /xingrg/check_reg.html?_=1639013903830 HTTP/1.1" 200 22
116.229.213.191 - - [09/Dec/2021:09:41:27 +0800] "GET /xingrg/all/function/internal_message.html?_=1639014088315&CODE_STATE=getMsg HTTP/1.1" 200 27
58.37.8.98 - - [09/Dec/2021:09:41:27 +0800] "GET /xingrg/all/function/internal_message.html?_=1639013903831&CODE_STATE=getMsg HTTP/1.1" 200 27
114.86.229.104 - - [09/Dec/2021:09:41:29 +0800] "GET /xingrg/kc/buy/cgsh_order_operate.html?command=get_materiel&rest_code=00109&code=00101008041&supplier_code=00100005&order_time=2021-12-09 HTTP/1.1" 200 408
124.77.240.52 - - [09/Dec/2021:09:41:31 +0800] "POST /xingrg/services/DataTransmitService HTTP/1.1" 200 501
124.77.240.52 - - [09/Dec/2021:09:41:31 +0800] "POST /xingrg/services/DataTransmitService HTTP/1.1" 200 501
222.70.176.97 - - [09/Dec/2021:09:41:32 +0800] "GET /xingrg/kc/buy/cgsh_order_operate.html?command=get_materiel&rest_code=00111&code=00101008196&supplier_code=00100005&order_time=2021-12-09 HTTP/1.1" 200 416
116.238.248.233 - - [09/Dec/2021:09:41:34 +0800] "GET /xingrg/all/function/internal_message.html?_=1639014092730&CODE_STATE=getMsg HTTP/1.1" 200 27
172.20.0.100 - - [09/Dec/2021:09:41:35 +0800] "GET /xingrg/all/function/internal_message.html?_=1639014093667&CODE_STATE=getMsg HTTP/1.1" 200 27
114.83.222.61 - - [09/Dec/2021:09:41:35 +0800] "POST /xingrg/services/DataTransmitService HTTP/1.1" 200 524
124.77.240.52 - - [09/Dec/2021:09:41:35 +0800] "POST /xingrg/services/DataTransmitService HTTP/1.1" 200 501
114.83.222.61 - - [09/Dec/2021:09:41:36 +0800] "POST /xingrg/services/DataTransmitService HTTP/1.1" 200 501
120.253.135.82 - - [09/Dec/2021:09:41:36 +0800] "GET /xingrg/all/function/internal_message.html?_=1639014227612&CODE_STATE=getMsg HTTP/1.1" 200 27
124.77.240.52 - - [09/Dec/2021:09:41:37 +0800] "GET /xingrg/all/function/internal_message.html?_=1639014109493&CODE_STATE=getMsg HTTP/1.1" 302 -
222.70.176.97 - - [09/Dec/2021:09:41:38 +0800] "GET /xingrg/all/function/internal_message.html?_=1639014094788&CODE_STATE=getMsg HTTP/1.1" 200 27
116.229.213.191 - - [09/Dec/2021:09:41:39 +0800] "GET /xingrg/kc/buy/cgsh_order_operate.html?command=get_materiel&rest_code=00102&code=00101005037&supplier_code=00100400&order_time=2021-12-09 HTTP/1.1" 200 409
124.77.240.52 - - [09/Dec/2021:09:41:40 +0800] "POST /xingrg/services/DataTransmitService HTTP/1.1" 200 501
114.83.222.61 - - [09/Dec/2021:09:41:43 +0800] "POST /xingrg/services/DataTransmitService HTTP/1.1" 200 524
124.77.240.52 - - [09/Dec/2021:09:41:43 +0800] "POST /xingrg/services/DataTransmitService HTTP/1.1" 200 501
124.77.240.52 - - [09/Dec/2021:09:41:45 +0800] "POST /xingrg/services/DataTransmitService HTTP/1.1" 200 412
114.86.229.104 - - [09/Dec/2021:09:41:49 +0800] "POST /xingrg/kc/buy/cgsh_order_operate.html HTTP/1.1" 200 37
116.238.248.233 - - [09/Dec/2021:09:41:49 +0800] "POST /xingrg/all/user/operate.html HTTP/1.1" 200 36
