114.85.125.222 - - [09/Dec/2021:06:59:34 +0800] "GET /xingrg/all/function/internal_message.html?_=1639004333516&CODE_STATE=getMsg HTTP/1.1" 200 27
120.253.135.82 - - [09/Dec/2021:06:59:45 +0800] "GET /xingrg/all/function/internal_message.html?_=1639004161475&CODE_STATE=getMsg HTTP/1.1" 200 27
222.70.176.97 - - [09/Dec/2021:06:59:46 +0800] "GET /xingrg/all/function/internal_message.html?_=1639004382985&CODE_STATE=getMsg HTTP/1.1" 200 27
180.157.253.6 - - [09/Dec/2021:06:59:47 +0800] "GET /xingrg/all/function/internal_message.html?_=1639004385651&CODE_STATE=getMsg HTTP/1.1" 200 27
222.70.176.97 - - [09/Dec/2021:07:00:12 +0800] "GET /xingrg/all/function/internal_message.html?_=1639004079586&CODE_STATE=getMsg HTTP/1.1" 302 -
116.227.210.113 - - [09/Dec/2021:07:00:19 +0800] "GET /xingrg/all/function/internal_message.html?_=1639004412366&CODE_STATE=getMsg HTTP/1.1" 200 27
116.238.248.233 - - [09/Dec/2021:07:00:29 +0800] "GET /xingrg/all/function/internal_message.html?_=1639004427296&CODE_STATE=getMsg HTTP/1.1" 200 27
180.169.147.146 - - [09/Dec/2021:07:00:34 +0800] "GET /xingrg/all/function/internal_message.html?_=1639004432308&CODE_STATE=getMsg HTTP/1.1" 200 27
180.169.147.146 - - [09/Dec/2021:07:00:34 +0800] "GET /xingrg/check_reg.html?_=1639004432309 HTTP/1.1" 200 22
114.85.125.222 - - [09/Dec/2021:07:00:34 +0800] "GET /xingrg/all/function/internal_message.html?_=1639004393528&CODE_STATE=getMsg HTTP/1.1" 200 27
120.253.135.82 - - [09/Dec/2021:07:00:45 +0800] "GET /xingrg/all/function/internal_message.html?_=1639004221525&CODE_STATE=getMsg HTTP/1.1" 200 27
222.70.176.97 - - [09/Dec/2021:07:00:46 +0800] "GET /xingrg/all/function/internal_message.html?_=1639004442968&CODE_STATE=getMsg HTTP/1.1" 200 27
180.157.253.6 - - [09/Dec/2021:07:00:47 +0800] "GET /xingrg/all/function/internal_message.html?_=1639004445648&CODE_STATE=getMsg HTTP/1.1" 200 27
124.77.240.52 - - [09/Dec/2021:07:00:53 +0800] "GET /xingrg/all/function/internal_message.html?_=1639004426211&CODE_STATE=getMsg HTTP/1.1" 200 27
222.70.176.97 - - [09/Dec/2021:07:01:12 +0800] "GET /xingrg/all/function/internal_message.html?_=1639004139586&CODE_STATE=getMsg HTTP/1.1" 302 -
124.77.240.52 - - [09/Dec/2021:07:01:12 +0800] "GET /xingrg/check_reg.html?_=1639004484086 HTTP/1.1" 200 22
124.77.240.52 - - [09/Dec/2021:07:01:14 +0800] "GET /xingrg/all/function/internal_message.html?_=1639004486225&CODE_STATE=getMsg HTTP/1.1" 200 27
120.253.135.82 - - [09/Dec/2021:07:01:17 +0800] "GET /xingrg/kc/pszx/mdqp_order_list.html?state=10 HTTP/1.1" 200 10217
120.253.135.82 - - [09/Dec/2021:07:01:17 +0800] "GET /xingrg/dwr/interface/AjaxReportQueryService.js HTTP/1.1" 200 13203
120.253.135.82 - - [09/Dec/2021:07:01:17 +0800] "GET /xingrg/dwr/interface/AjaxQqpsService.js HTTP/1.1" 200 16326
120.253.135.82 - - [09/Dec/2021:07:01:17 +0800] "GET /xingrg/dwr/engine.js HTTP/1.1" 200 43631
120.253.135.82 - - [09/Dec/2021:07:01:19 +0800] "GET /xingrg/kc/report/report_main.html HTTP/1.1" 200 8599
120.253.135.82 - - [09/Dec/2021:07:01:19 +0800] "GET /xingrg/javascript/jquery-1.4.2.min.js HTTP/1.1" 200 72205
120.253.135.82 - - [09/Dec/2021:07:01:19 +0800] "GET /xingrg/javascript/json2.js HTTP/1.1" 200 11259
120.253.135.82 - - [09/Dec/2021:07:01:19 +0800] "GET /xingrg/javascript/jquery_ui/themes/humanity/humanity.css HTTP/1.1" 200 27801
120.253.135.82 - - [09/Dec/2021:07:01:19 +0800] "GET /xingrg/javascript/jquery_easy_ui/themes/icons/settle_new.png HTTP/1.1" 200 826
116.227.210.113 - - [09/Dec/2021:07:01:20 +0800] "GET /xingrg/all/function/internal_message.html?_=1639004472381&CODE_STATE=getMsg HTTP/1.1" 200 27
120.253.135.82 - - [09/Dec/2021:07:01:21 +0800] "GET /xingrg/kc/base/kc_stocks.html HTTP/1.1" 200 16437
120.253.135.82 - - [09/Dec/2021:07:01:21 +0800] "GET /xingrg/css/base.css HTTP/1.1" 200 2811
120.253.135.82 - - [09/Dec/2021:07:01:21 +0800] "GET /xingrg/css/site.css HTTP/1.1" 200 7541
120.253.135.82 - - [09/Dec/2021:07:01:21 +0800] "GET /xingrg/javascript/jquery_tools/fix.css HTTP/1.1" 200 1702
120.253.135.82 - - [09/Dec/2021:07:01:21 +0800] "GET /xingrg/javascript/jquery_tools/datebox.css HTTP/1.1" 200 2597
120.253.135.82 - - [09/Dec/2021:07:01:21 +0800] "GET /xingrg/javascript/jquery_tools/jquery.tools.min.js HTTP/1.1" 200 138801
120.253.135.82 - - [09/Dec/2021:07:01:21 +0800] "GET /xingrg/javascript/jquery_tools/jquery.tools.extend.js HTTP/1.1" 200 15385
120.253.135.82 - - [09/Dec/2021:07:01:21 +0800] "GET /xingrg/javascript/auto/jquery.autocomplete.css HTTP/1.1" 200 587
120.253.135.82 - - [09/Dec/2021:07:01:21 +0800] "GET /xingrg/javascript/jquery_tools/jquery.tools.hotkey.js HTTP/1.1" 200 3242
120.253.135.82 - - [09/Dec/2021:07:01:21 +0800] "GET /xingrg/javascript/jquery_tools/list_manager.js HTTP/1.1" 200 3652
120.253.135.82 - - [09/Dec/2021:07:01:21 +0800] "GET /xingrg/javascript/easyui/themes/icon.css HTTP/1.1" 200 4483
120.253.135.82 - - [09/Dec/2021:07:01:21 +0800] "GET /xingrg/javascript/jquery.cookie.js HTTP/1.1" 200 5513
120.253.135.82 - - [09/Dec/2021:07:01:21 +0800] "GET /xingrg/javascript/convert.js HTTP/1.1" 200 1239
120.253.135.82 - - [09/Dec/2021:07:01:21 +0800] "GET /xingrg/javascript/print/LodopFuncs.js HTTP/1.1" 200 5121
120.253.135.82 - - [09/Dec/2021:07:01:21 +0800] "GET /xingrg/javascript/auto/jquery.autocomplete.js HTTP/1.1" 200 21624
120.253.135.82 - - [09/Dec/2021:07:01:21 +0800] "GET /xingrg/javascript/easyui/easyloader.js HTTP/1.1" 200 5975
120.253.135.82 - - [09/Dec/2021:07:01:21 +0800] "GET /xingrg/javascript/jquery.utils.js HTTP/1.1" 200 11805
120.253.135.82 - - [09/Dec/2021:07:01:21 +0800] "GET /xingrg/javascript/easyui/themes/sunny/easyui.css HTTP/1.1" 200 34304
120.253.135.82 - - [09/Dec/2021:07:01:21 +0800] "GET /xingrg/javascript/easyui/themes/icons/field_new.png HTTP/1.1" 200 1097
120.253.135.82 - - [09/Dec/2021:07:01:21 +0800] "GET /xingrg/javascript/easyui/themes/icons/import_new.png HTTP/1.1" 200 1247
120.253.135.82 - - [09/Dec/2021:07:01:21 +0800] "GET /xingrg/javascript/easyui/plugins/jquery.parser.js HTTP/1.1" 200 1142
120.253.135.82 - - [09/Dec/2021:07:01:21 +0800] "GET /xingrg/images/control/ajaxLoader.gif HTTP/1.1" 200 4659
120.253.135.82 - - [09/Dec/2021:07:01:21 +0800] "GET /xingrg/javascript/easyui/plugins/jquery.draggable.js HTTP/1.1" 200 6121
120.253.135.82 - - [09/Dec/2021:07:01:21 +0800] "GET /xingrg/javascript/easyui/plugins/jquery.droppable.js HTTP/1.1" 200 1167
120.253.135.82 - - [09/Dec/2021:07:01:21 +0800] "GET /xingrg/javascript/easyui/themes/default/tree.css HTTP/1.1" 404 1090
120.253.135.82 - - [09/Dec/2021:07:01:21 +0800] "GET /xingrg/javascript/easyui/plugins/jquery.tree.js HTTP/1.1" 200 20874
120.253.135.82 - - [09/Dec/2021:07:01:21 +0800] "GET /xingrg/all/common/auto_word.html?type=base&rest_code=00101 HTTP/1.1" 200 613
120.253.135.82 - - [09/Dec/2021:07:01:21 +0800] "POST /xingrg/all/common/load_tree.html?tree=materiel_sort_tree_json HTTP/1.1" 200 9388
120.253.135.82 - - [09/Dec/2021:07:01:23 +0800] "GET /xingrg/css/images/panel_loading.gif HTTP/1.1" 200 1737
120.253.135.82 - - [09/Dec/2021:07:01:23 +0800] "POST /xingrg/all/common/load_combo.html?type=base HTTP/1.1" 200 1075
116.238.248.233 - - [09/Dec/2021:07:01:29 +0800] "GET /xingrg/all/function/internal_message.html?_=1639004487296&CODE_STATE=getMsg HTTP/1.1" 200 27
120.253.135.82 - - [09/Dec/2021:07:01:32 +0800] "POST /xingrg/kc/base/stock_operate.html HTTP/1.1" 200 1487
120.253.135.82 - - [09/Dec/2021:07:01:32 +0800] "GET /xingrg/javascript/jquery_tools/fix_table.js HTTP/1.1" 200 6528
180.169.147.146 - - [09/Dec/2021:07:01:34 +0800] "GET /xingrg/all/function/internal_message.html?_=1639004492318&CODE_STATE=getMsg HTTP/1.1" 200 27
114.85.125.222 - - [09/Dec/2021:07:01:34 +0800] "GET /xingrg/all/function/internal_message.html?_=1639004453645&CODE_STATE=getMsg HTTP/1.1" 200 27
120.253.135.82 - - [09/Dec/2021:07:01:45 +0800] "GET /xingrg/all/function/internal_message.html?_=1639004281533&CODE_STATE=getMsg HTTP/1.1" 200 27
222.70.176.97 - - [09/Dec/2021:07:01:46 +0800] "GET /xingrg/all/function/internal_message.html?_=1639004502951&CODE_STATE=getMsg HTTP/1.1" 200 27
180.157.253.6 - - [09/Dec/2021:07:01:47 +0800] "GET /xingrg/all/function/internal_message.html?_=1639004505647&CODE_STATE=getMsg HTTP/1.1" 200 27
114.85.125.222 - - [09/Dec/2021:07:01:49 +0800] "GET /xingrg/check_reg.html?_=1639004468552 HTTP/1.1" 200 22
120.253.135.82 - - [09/Dec/2021:07:02:03 +0800] "GET /xingrg/kc/pszx/mdth_order_list.html HTTP/1.1" 200 18349
120.253.135.82 - - [09/Dec/2021:07:02:03 +0800] "GET /xingrg/javascript/jquery_tools/table.css HTTP/1.1" 200 1032
120.253.135.82 - - [09/Dec/2021:07:02:03 +0800] "GET /xingrg/javascript/jquery_tools/jquery.tools.table.js HTTP/1.1" 200 6994
120.253.135.82 - - [09/Dec/2021:07:02:03 +0800] "GET /xingrg/javascript/easyui/themes/default/easyui.css HTTP/1.1" 200 30432
120.253.135.82 - - [09/Dec/2021:07:02:04 +0800] "POST /xingrg/kc/pszx/mdth_order_new_list.html HTTP/1.1" 200 4668
120.253.135.82 - - [09/Dec/2021:07:02:06 +0800] "POST /xingrg/kc/pszx/mdth_order_new_list.html HTTP/1.1" 200 475
222.70.176.97 - - [09/Dec/2021:07:02:12 +0800] "GET /xingrg/all/function/internal_message.html?_=1639004199586&CODE_STATE=getMsg HTTP/1.1" 302 -
124.77.240.52 - - [09/Dec/2021:07:02:14 +0800] "GET /xingrg/all/function/internal_message.html?_=1639004546239&CODE_STATE=getMsg HTTP/1.1" 200 27
120.253.135.82 - - [09/Dec/2021:07:02:14 +0800] "GET /xingrg/kc/pszx/mdth_order_info.html?code=322021120800004 HTTP/1.1" 200 22056
120.253.135.82 - - [09/Dec/2021:07:02:14 +0800] "GET /xingrg/words/20211207094324_words.js HTTP/1.1" 200 877885
120.253.135.82 - - [09/Dec/2021:07:02:14 +0800] "GET /xingrg/javascript/jquery_tools/order_manager.js HTTP/1.1" 200 11183
120.253.135.82 - - [09/Dec/2021:07:02:14 +0800] "GET /xingrg/javascript/print/kc_print.js HTTP/1.1" 200 11415
120.253.135.82 - - [09/Dec/2021:07:02:14 +0800] "GET /xingrg/javascript/easyui/themes/icons/ok.png HTTP/1.1" 200 883
120.253.135.82 - - [09/Dec/2021:07:02:14 +0800] "GET /xingrg/javascript/easyui/themes/icons/print.png HTTP/1.1" 200 1057
120.253.135.82 - - [09/Dec/2021:07:02:14 +0800] "GET /xingrg/javascript/easyui/themes/icons/check_new.png HTTP/1.1" 200 3224
120.253.135.82 - - [09/Dec/2021:07:02:14 +0800] "GET /xingrg/javascript/easyui/themes/icons/cancel.png HTTP/1.1" 200 1133
120.253.135.82 - - [09/Dec/2021:07:02:14 +0800] "GET /xingrg/javascript/easyui/themes/default/images/menu_downarrow.png HTTP/1.1" 200 173
120.253.135.82 - - [09/Dec/2021:07:02:15 +0800] "GET /xingrg/all/common/auto_word.html?type=employee&rest_code=00101 HTTP/1.1" 200 923
120.253.135.82 - - [09/Dec/2021:07:02:15 +0800] "GET /xingrg/javascript/easyui/themes/default/validatebox.css HTTP/1.1" 404 1104
120.253.135.82 - - [09/Dec/2021:07:02:15 +0800] "GET /xingrg/javascript/easyui/plugins/jquery.validatebox.js HTTP/1.1" 200 6103
120.253.135.82 - - [09/Dec/2021:07:02:15 +0800] "GET /xingrg/javascript/easyui/plugins/jquery.numberbox.js HTTP/1.1" 200 5213
120.253.135.82 - - [09/Dec/2021:07:02:15 +0800] "POST /xingrg/kc/pszx/mdth_order_new_info.html HTTP/1.1" 200 1159
116.227.210.113 - - [09/Dec/2021:07:02:20 +0800] "GET /xingrg/check_reg.html?_=1639004532376 HTTP/1.1" 200 22
116.227.210.113 - - [09/Dec/2021:07:02:20 +0800] "GET /xingrg/all/function/internal_message.html?_=1639004532378&CODE_STATE=getMsg HTTP/1.1" 200 27
116.238.248.233 - - [09/Dec/2021:07:02:29 +0800] "GET /xingrg/all/function/internal_message.html?_=1639004547295&CODE_STATE=getMsg HTTP/1.1" 200 27
116.238.248.233 - - [09/Dec/2021:07:02:29 +0800] "GET /xingrg/check_reg.html?_=1639004547296 HTTP/1.1" 200 22
180.169.147.146 - - [09/Dec/2021:07:02:34 +0800] "GET /xingrg/all/function/internal_message.html?_=1639004552330&CODE_STATE=getMsg HTTP/1.1" 200 27
114.85.125.222 - - [09/Dec/2021:07:02:34 +0800] "GET /xingrg/all/function/internal_message.html?_=1639004513650&CODE_STATE=getMsg HTTP/1.1" 200 27
120.253.135.82 - - [09/Dec/2021:07:02:44 +0800] "GET /xingrg/check_reg.html?_=1639004340145 HTTP/1.1" 200 22
120.253.135.82 - - [09/Dec/2021:07:02:45 +0800] "GET /xingrg/all/function/internal_message.html?_=1639004341547&CODE_STATE=getMsg HTTP/1.1" 200 27
222.70.176.97 - - [09/Dec/2021:07:02:46 +0800] "GET /xingrg/all/function/internal_message.html?_=1639004562935&CODE_STATE=getMsg HTTP/1.1" 200 27
180.157.253.6 - - [09/Dec/2021:07:02:47 +0800] "GET /xingrg/all/function/internal_message.html?_=1639004565644&CODE_STATE=getMsg HTTP/1.1" 200 27
222.70.176.97 - - [09/Dec/2021:07:03:05 +0800] "GET /xingrg/check_reg.html?_=1639004582547 HTTP/1.1" 200 22
222.70.176.97 - - [09/Dec/2021:07:03:12 +0800] "GET /xingrg/all/function/internal_message.html?_=1639004259586&CODE_STATE=getMsg HTTP/1.1" 302 -
222.70.176.97 - - [09/Dec/2021:07:03:12 +0800] "GET /xingrg/check_reg.html?_=1639004259587 HTTP/1.1" 302 -
124.77.240.52 - - [09/Dec/2021:07:03:14 +0800] "GET /xingrg/all/function/internal_message.html?_=1639004606252&CODE_STATE=getMsg HTTP/1.1" 200 27
116.227.210.113 - - [09/Dec/2021:07:03:20 +0800] "GET /xingrg/all/function/internal_message.html?_=1639004592377&CODE_STATE=getMsg HTTP/1.1" 200 27
116.238.248.233 - - [09/Dec/2021:07:03:29 +0800] "GET /xingrg/all/function/internal_message.html?_=1639004607314&CODE_STATE=getMsg HTTP/1.1" 200 27
180.169.147.146 - - [09/Dec/2021:07:03:34 +0800] "GET /xingrg/all/function/internal_message.html?_=1639004612325&CODE_STATE=getMsg HTTP/1.1" 200 27
114.85.125.222 - - [09/Dec/2021:07:03:34 +0800] "GET /xingrg/all/function/internal_message.html?_=1639004573663&CODE_STATE=getMsg HTTP/1.1" 200 27
120.253.135.82 - - [09/Dec/2021:07:03:45 +0800] "GET /xingrg/all/function/internal_message.html?_=1639004401561&CODE_STATE=getMsg HTTP/1.1" 200 27
222.70.176.97 - - [09/Dec/2021:07:03:46 +0800] "GET /xingrg/all/function/internal_message.html?_=1639004622905&CODE_STATE=getMsg HTTP/1.1" 200 27
180.157.253.6 - - [09/Dec/2021:07:03:47 +0800] "GET /xingrg/all/function/internal_message.html?_=1639004625642&CODE_STATE=getMsg HTTP/1.1" 200 27
180.157.253.6 - - [09/Dec/2021:07:03:47 +0800] "GET /xingrg/check_reg.html?_=1639004625643 HTTP/1.1" 200 22
120.253.135.82 - - [09/Dec/2021:07:03:58 +0800] "GET /xingrg/javascript/easyui/themes/default/images/button_plain_hover.png HTTP/1.1" 200 144
120.253.135.82 - - [09/Dec/2021:07:04:01 +0800] "POST /xingrg/kc/pszx/mdth_order_new_list.html HTTP/1.1" 200 309
120.253.135.82 - - [09/Dec/2021:07:04:03 +0800] "GET /xingrg/kc/pszx/mdth_order_info.html?code=322021120800006 HTTP/1.1" 200 22056
120.253.135.82 - - [09/Dec/2021:07:04:03 +0800] "GET /xingrg/javascript/easyui/themes/default/validatebox.css HTTP/1.1" 404 1104
120.253.135.82 - - [09/Dec/2021:07:04:03 +0800] "POST /xingrg/kc/pszx/mdth_order_new_info.html HTTP/1.1" 200 601
222.70.176.97 - - [09/Dec/2021:07:04:12 +0800] "GET /xingrg/all/function/internal_message.html?_=1639004319586&CODE_STATE=getMsg HTTP/1.1" 302 -
124.77.240.52 - - [09/Dec/2021:07:04:15 +0800] "GET /xingrg/all/function/internal_message.html?_=1639004666972&CODE_STATE=getMsg HTTP/1.1" 200 27
120.253.135.82 - - [09/Dec/2021:07:04:16 +0800] "POST /xingrg/kc/pszx/mdth_order_new_list.html HTTP/1.1" 200 4668
120.253.135.82 - - [09/Dec/2021:07:04:18 +0800] "POST /xingrg/kc/pszx/mdth_order_new_list.html HTTP/1.1" 200 286
116.227.210.113 - - [09/Dec/2021:07:04:19 +0800] "GET /xingrg/all/function/internal_message.html?_=1639004652365&CODE_STATE=getMsg HTTP/1.1" 200 27
116.238.248.233 - - [09/Dec/2021:07:04:29 +0800] "GET /xingrg/all/function/internal_message.html?_=1639004667316&CODE_STATE=getMsg HTTP/1.1" 200 27
120.253.135.82 - - [09/Dec/2021:07:04:33 +0800] "POST /xingrg/kc/pszx/mdth_order_new_list.html HTTP/1.1" 200 475
180.169.147.146 - - [09/Dec/2021:07:04:34 +0800] "GET /xingrg/all/function/internal_message.html?_=1639004672321&CODE_STATE=getMsg HTTP/1.1" 200 27
120.253.135.82 - - [09/Dec/2021:07:04:34 +0800] "GET /xingrg/kc/pszx/mdth_order_info.html?code=322021120800004 HTTP/1.1" 200 22056
120.253.135.82 - - [09/Dec/2021:07:04:34 +0800] "GET /xingrg/javascript/easyui/themes/default/validatebox.css HTTP/1.1" 404 1104
120.253.135.82 - - [09/Dec/2021:07:04:34 +0800] "POST /xingrg/kc/pszx/mdth_order_new_info.html HTTP/1.1" 200 1159
114.85.125.222 - - [09/Dec/2021:07:04:35 +0800] "GET /xingrg/all/function/internal_message.html?_=1639004633779&CODE_STATE=getMsg HTTP/1.1" 200 27
120.253.135.82 - - [09/Dec/2021:07:04:45 +0800] "GET /xingrg/all/function/internal_message.html?_=1639004461574&CODE_STATE=getMsg HTTP/1.1" 200 27
120.253.135.82 - - [09/Dec/2021:07:04:45 +0800] "POST /xingrg/kc/pszx/mdth_order_new_list.html HTTP/1.1" 200 4668
222.70.176.97 - - [09/Dec/2021:07:04:46 +0800] "GET /xingrg/all/function/internal_message.html?_=1639004682888&CODE_STATE=getMsg HTTP/1.1" 200 27
180.157.253.6 - - [09/Dec/2021:07:04:47 +0800] "GET /xingrg/all/function/internal_message.html?_=1639004685642&CODE_STATE=getMsg HTTP/1.1" 200 27
120.253.135.82 - - [09/Dec/2021:07:04:50 +0800] "POST /xingrg/kc/pszx/mdth_order_new_list.html HTTP/1.1" 200 4668
120.253.135.82 - - [09/Dec/2021:07:04:50 +0800] "GET /xingrg/kc/pszx/mdqp_order_list.html?state=10 HTTP/1.1" 200 10217
120.253.135.82 - - [09/Dec/2021:07:04:50 +0800] "GET /xingrg/dwr/engine.js HTTP/1.1" 200 43631
120.253.135.82 - - [09/Dec/2021:07:04:50 +0800] "GET /xingrg/dwr/interface/AjaxReportQueryService.js HTTP/1.1" 200 13203
120.253.135.82 - - [09/Dec/2021:07:04:50 +0800] "GET /xingrg/dwr/interface/AjaxQqpsService.js HTTP/1.1" 200 16326
120.253.135.82 - - [09/Dec/2021:07:04:50 +0800] "GET /xingrg/javascript/jquery_easy_ui/themes/icons/back_new.png HTTP/1.1" 200 3414
120.253.135.82 - - [09/Dec/2021:07:05:11 +0800] "GET /xingrg/kc/pszx/mdqp_order_list.html?state=10 HTTP/1.1" 200 10217
120.253.135.82 - - [09/Dec/2021:07:05:11 +0800] "GET /xingrg/dwr/interface/AjaxQqpsService.js HTTP/1.1" 200 16326
120.253.135.82 - - [09/Dec/2021:07:05:11 +0800] "GET /xingrg/dwr/interface/AjaxReportQueryService.js HTTP/1.1" 200 13203
120.253.135.82 - - [09/Dec/2021:07:05:12 +0800] "GET /xingrg/dwr/engine.js HTTP/1.1" 200 43631
222.70.176.97 - - [09/Dec/2021:07:05:12 +0800] "GET /xingrg/all/function/internal_message.html?_=1639004379586&CODE_STATE=getMsg HTTP/1.1" 302 -
124.77.240.52 - - [09/Dec/2021:07:05:15 +0800] "GET /xingrg/all/function/internal_message.html?_=1639004726981&CODE_STATE=getMsg HTTP/1.1" 200 27
120.253.135.82 - - [09/Dec/2021:07:05:16 +0800] "GET /xingrg/kc/pszx/mdth_order_list.html HTTP/1.1" 200 18349
120.253.135.82 - - [09/Dec/2021:07:05:16 +0800] "POST /xingrg/kc/pszx/mdth_order_new_list.html HTTP/1.1" 200 4668
116.227.210.113 - - [09/Dec/2021:07:05:20 +0800] "GET /xingrg/all/function/internal_message.html?_=1639004712382&CODE_STATE=getMsg HTTP/1.1" 200 27
116.238.248.233 - - [09/Dec/2021:07:05:29 +0800] "GET /xingrg/all/function/internal_message.html?_=1639004727319&CODE_STATE=getMsg HTTP/1.1" 200 27
180.169.147.146 - - [09/Dec/2021:07:05:34 +0800] "GET /xingrg/check_reg.html?_=1639004732318 HTTP/1.1" 200 22
180.169.147.146 - - [09/Dec/2021:07:05:34 +0800] "GET /xingrg/all/function/internal_message.html?_=1639004732319&CODE_STATE=getMsg HTTP/1.1" 200 27
114.85.125.222 - - [09/Dec/2021:07:05:35 +0800] "GET /xingrg/all/function/internal_message.html?_=1639004693784&CODE_STATE=getMsg HTTP/1.1" 200 27
120.253.135.82 - - [09/Dec/2021:07:05:45 +0800] "GET /xingrg/all/function/internal_message.html?_=1639004521587&CODE_STATE=getMsg HTTP/1.1" 200 27
222.70.176.97 - - [09/Dec/2021:07:05:46 +0800] "GET /xingrg/all/function/internal_message.html?_=1639004742871&CODE_STATE=getMsg HTTP/1.1" 200 27
180.157.253.6 - - [09/Dec/2021:07:05:47 +0800] "GET /xingrg/all/function/internal_message.html?_=1639004745639&CODE_STATE=getMsg HTTP/1.1" 200 27
124.77.240.52 - - [09/Dec/2021:07:05:58 +0800] "GET /xingrg/kc/buy/cgth_order_list.html HTTP/1.1" 200 48572
124.77.240.52 - - [09/Dec/2021:07:05:58 +0800] "GET /xingrg/javascript/jquery.cookie.js HTTP/1.1" 304 -
124.77.240.52 - - [09/Dec/2021:07:05:58 +0800] "GET /xingrg/javascript/jquery_tools/list_manager.js HTTP/1.1" 304 -
124.77.240.52 - - [09/Dec/2021:07:05:59 +0800] "POST /xingrg/kc/buy/cgth_list_operate.html HTTP/1.1" 200 1035
124.77.240.52 - - [09/Dec/2021:07:06:02 +0800] "GET /xingrg/kc/buy/cgsh_order_list.html HTTP/1.1" 200 49169
124.77.240.52 - - [09/Dec/2021:07:06:05 +0800] "POST /xingrg/kc/buy/cgsh_list_operate.html HTTP/1.1" 200 5216
124.77.240.52 - - [09/Dec/2021:07:06:09 +0800] "POST /xingrg/kc/buy/cgsh_list_operate.html HTTP/1.1" 200 571
222.70.176.97 - - [09/Dec/2021:07:06:12 +0800] "GET /xingrg/all/function/internal_message.html?_=1639004439586&CODE_STATE=getMsg HTTP/1.1" 302 -
124.77.240.52 - - [09/Dec/2021:07:06:12 +0800] "GET /xingrg/check_reg.html?_=1639004784098 HTTP/1.1" 200 22
124.77.240.52 - - [09/Dec/2021:07:06:15 +0800] "GET /xingrg/all/function/internal_message.html?_=1639004787024&CODE_STATE=getMsg HTTP/1.1" 200 27
124.77.240.52 - - [09/Dec/2021:07:06:16 +0800] "POST /xingrg/kc/buy/cgsh_list_operate.html HTTP/1.1" 200 561
116.227.210.113 - - [09/Dec/2021:07:06:20 +0800] "GET /xingrg/all/function/internal_message.html?_=1639004772382&CODE_STATE=getMsg HTTP/1.1" 200 27
116.238.248.233 - - [09/Dec/2021:07:06:29 +0800] "GET /xingrg/all/function/internal_message.html?_=1639004787318&CODE_STATE=getMsg HTTP/1.1" 200 27
180.169.147.146 - - [09/Dec/2021:07:06:34 +0800] "GET /xingrg/all/function/internal_message.html?_=1639004792339&CODE_STATE=getMsg HTTP/1.1" 200 27
114.85.125.222 - - [09/Dec/2021:07:06:35 +0800] "GET /xingrg/all/function/internal_message.html?_=1639004753905&CODE_STATE=getMsg HTTP/1.1" 200 27
120.253.135.82 - - [09/Dec/2021:07:06:45 +0800] "GET /xingrg/all/function/internal_message.html?_=1639004581601&CODE_STATE=getMsg HTTP/1.1" 200 27
222.70.176.97 - - [09/Dec/2021:07:06:46 +0800] "GET /xingrg/all/function/internal_message.html?_=1639004802854&CODE_STATE=getMsg HTTP/1.1" 200 27
180.157.253.6 - - [09/Dec/2021:07:06:47 +0800] "GET /xingrg/all/function/internal_message.html?_=1639004805638&CODE_STATE=getMsg HTTP/1.1" 200 27
114.85.125.222 - - [09/Dec/2021:07:06:49 +0800] "GET /xingrg/check_reg.html?_=1639004768559 HTTP/1.1" 200 22
124.77.240.52 - - [09/Dec/2021:07:07:04 +0800] "POST /xingrg/kc/buy/cgsh_list_operate.html HTTP/1.1" 200 4
222.70.176.97 - - [09/Dec/2021:07:07:12 +0800] "GET /xingrg/all/function/internal_message.html?_=1639004499586&CODE_STATE=getMsg HTTP/1.1" 302 -
124.77.240.52 - - [09/Dec/2021:07:07:14 +0800] "POST /xingrg/kc/buy/cgsh_list_operate.html HTTP/1.1" 200 5158
124.77.240.52 - - [09/Dec/2021:07:07:16 +0800] "GET /xingrg/all/function/internal_message.html?_=1639004847579&CODE_STATE=getMsg HTTP/1.1" 200 27
116.227.210.113 - - [09/Dec/2021:07:07:20 +0800] "GET /xingrg/check_reg.html?_=1639004832377 HTTP/1.1" 200 22
116.227.210.113 - - [09/Dec/2021:07:07:20 +0800] "GET /xingrg/all/function/internal_message.html?_=1639004832379&CODE_STATE=getMsg HTTP/1.1" 200 27
124.77.240.52 - - [09/Dec/2021:07:07:20 +0800] "POST /xingrg/kc/buy/cgsh_list_operate.html HTTP/1.1" 200 569
114.85.125.222 - - [09/Dec/2021:07:07:23 +0800] "POST /xingrg/services/DataTransmitService HTTP/1.1" 200 524
124.77.240.52 - - [09/Dec/2021:07:07:24 +0800] "POST /xingrg/kc/buy/cgsh_list_operate.html HTTP/1.1" 200 556
116.238.248.233 - - [09/Dec/2021:07:07:29 +0800] "GET /xingrg/all/function/internal_message.html?_=1639004847317&CODE_STATE=getMsg HTTP/1.1" 200 27
116.238.248.233 - - [09/Dec/2021:07:07:29 +0800] "GET /xingrg/check_reg.html?_=1639004847318 HTTP/1.1" 200 22
180.169.147.146 - - [09/Dec/2021:07:07:34 +0800] "GET /xingrg/all/function/internal_message.html?_=1639004852324&CODE_STATE=getMsg HTTP/1.1" 200 27
114.85.125.222 - - [09/Dec/2021:07:07:35 +0800] "GET /xingrg/all/function/internal_message.html?_=1639004813921&CODE_STATE=getMsg HTTP/1.1" 200 27
120.253.135.82 - - [09/Dec/2021:07:07:44 +0800] "GET /xingrg/check_reg.html?_=1639004640189 HTTP/1.1" 200 22
120.253.135.82 - - [09/Dec/2021:07:07:45 +0800] "GET /xingrg/all/function/internal_message.html?_=1639004641615&CODE_STATE=getMsg HTTP/1.1" 200 27
222.70.176.97 - - [09/Dec/2021:07:07:46 +0800] "GET /xingrg/all/function/internal_message.html?_=1639004862837&CODE_STATE=getMsg HTTP/1.1" 200 27
180.157.253.6 - - [09/Dec/2021:07:07:47 +0800] "GET /xingrg/all/function/internal_message.html?_=1639004865637&CODE_STATE=getMsg HTTP/1.1" 200 27
222.70.176.97 - - [09/Dec/2021:07:08:05 +0800] "GET /xingrg/check_reg.html?_=1639004882557 HTTP/1.1" 200 22
124.77.240.52 - - [09/Dec/2021:07:08:09 +0800] "POST /xingrg/kc/buy/cgsh_list_operate.html HTTP/1.1" 200 4
222.70.176.97 - - [09/Dec/2021:07:08:12 +0800] "GET /xingrg/all/function/internal_message.html?_=1639004559586&CODE_STATE=getMsg HTTP/1.1" 302 -
222.70.176.97 - - [09/Dec/2021:07:08:12 +0800] "GET /xingrg/check_reg.html?_=1639004559587 HTTP/1.1" 302 -
124.77.240.52 - - [09/Dec/2021:07:08:14 +0800] "POST /xingrg/kc/buy/cgsh_list_operate.html HTTP/1.1" 200 3887
124.77.240.52 - - [09/Dec/2021:07:08:16 +0800] "GET /xingrg/all/function/internal_message.html?_=1639004907583&CODE_STATE=getMsg HTTP/1.1" 200 27
124.77.240.52 - - [09/Dec/2021:07:08:18 +0800] "POST /xingrg/kc/buy/cgsh_list_operate.html HTTP/1.1" 200 569
116.227.210.113 - - [09/Dec/2021:07:08:20 +0800] "GET /xingrg/all/function/internal_message.html?_=1639004892366&CODE_STATE=getMsg HTTP/1.1" 200 27
124.77.240.52 - - [09/Dec/2021:07:08:21 +0800] "POST /xingrg/kc/buy/cgsh_list_operate.html HTTP/1.1" 200 572
124.77.240.52 - - [09/Dec/2021:07:08:24 +0800] "POST /xingrg/kc/buy/cgsh_list_operate.html HTTP/1.1" 200 579
116.238.248.233 - - [09/Dec/2021:07:08:29 +0800] "GET /xingrg/all/function/internal_message.html?_=1639004907314&CODE_STATE=getMsg HTTP/1.1" 200 27
180.169.147.146 - - [09/Dec/2021:07:08:34 +0800] "GET /xingrg/all/function/internal_message.html?_=1639004912316&CODE_STATE=getMsg HTTP/1.1" 200 27
114.85.125.222 - - [09/Dec/2021:07:08:35 +0800] "GET /xingrg/all/function/internal_message.html?_=1639004873935&CODE_STATE=getMsg HTTP/1.1" 200 27
120.253.135.82 - - [09/Dec/2021:07:08:45 +0800] "GET /xingrg/all/function/internal_message.html?_=1639004701628&CODE_STATE=getMsg HTTP/1.1" 200 27
222.70.176.97 - - [09/Dec/2021:07:08:46 +0800] "GET /xingrg/all/function/internal_message.html?_=1639004922821&CODE_STATE=getMsg HTTP/1.1" 200 27
180.157.253.6 - - [09/Dec/2021:07:08:47 +0800] "GET /xingrg/all/function/internal_message.html?_=1639004925650&CODE_STATE=getMsg HTTP/1.1" 200 27
180.157.253.6 - - [09/Dec/2021:07:08:47 +0800] "GET /xingrg/check_reg.html?_=1639004925651 HTTP/1.1" 200 22
124.77.240.52 - - [09/Dec/2021:07:09:03 +0800] "POST /xingrg/kc/buy/cgsh_list_operate.html HTTP/1.1" 200 4
222.70.176.97 - - [09/Dec/2021:07:09:12 +0800] "GET /xingrg/all/function/internal_message.html?_=1639004619586&CODE_STATE=getMsg HTTP/1.1" 302 -
124.77.240.52 - - [09/Dec/2021:07:09:13 +0800] "POST /xingrg/kc/buy/cgsh_list_operate.html HTTP/1.1" 200 876
124.77.240.52 - - [09/Dec/2021:07:09:16 +0800] "GET /xingrg/all/function/internal_message.html?_=1639004968142&CODE_STATE=getMsg HTTP/1.1" 200 27
116.227.210.113 - - [09/Dec/2021:07:09:20 +0800] "GET /xingrg/all/function/internal_message.html?_=1639004952383&CODE_STATE=getMsg HTTP/1.1" 200 27
116.238.248.233 - - [09/Dec/2021:07:09:29 +0800] "GET /xingrg/all/function/internal_message.html?_=1639004967351&CODE_STATE=getMsg HTTP/1.1" 200 27
180.169.147.146 - - [09/Dec/2021:07:09:34 +0800] "GET /xingrg/all/function/internal_message.html?_=1639004972326&CODE_STATE=getMsg HTTP/1.1" 200 27
114.85.125.222 - - [09/Dec/2021:07:09:35 +0800] "GET /xingrg/all/function/internal_message.html?_=1639004934057&CODE_STATE=getMsg HTTP/1.1" 200 27
120.253.135.82 - - [09/Dec/2021:07:09:45 +0800] "GET /xingrg/all/function/internal_message.html?_=1639004761642&CODE_STATE=getMsg HTTP/1.1" 200 27
222.70.176.97 - - [09/Dec/2021:07:09:46 +0800] "GET /xingrg/all/function/internal_message.html?_=1639004982805&CODE_STATE=getMsg HTTP/1.1" 200 27
180.157.253.6 - - [09/Dec/2021:07:09:47 +0800] "GET /xingrg/all/function/internal_message.html?_=1639004985650&CODE_STATE=getMsg HTTP/1.1" 200 27
222.70.176.97 - - [09/Dec/2021:07:10:12 +0800] "GET /xingrg/all/function/internal_message.html?_=1639004679586&CODE_STATE=getMsg HTTP/1.1" 302 -
124.77.240.52 - - [09/Dec/2021:07:10:16 +0800] "GET /xingrg/all/function/internal_message.html?_=1639005028156&CODE_STATE=getMsg HTTP/1.1" 200 27
116.227.210.113 - - [09/Dec/2021:07:10:20 +0800] "GET /xingrg/all/function/internal_message.html?_=1639005012372&CODE_STATE=getMsg HTTP/1.1" 200 27
116.238.248.233 - - [09/Dec/2021:07:10:29 +0800] "GET /xingrg/all/function/internal_message.html?_=1639005027350&CODE_STATE=getMsg HTTP/1.1" 200 27
180.169.147.146 - - [09/Dec/2021:07:10:34 +0800] "GET /xingrg/check_reg.html?_=1639005032321 HTTP/1.1" 200 22
180.169.147.146 - - [09/Dec/2021:07:10:34 +0800] "GET /xingrg/all/function/internal_message.html?_=1639005032324&CODE_STATE=getMsg HTTP/1.1" 200 27
114.85.125.222 - - [09/Dec/2021:07:10:35 +0800] "GET /xingrg/all/function/internal_message.html?_=1639004994070&CODE_STATE=getMsg HTTP/1.1" 200 27
120.253.135.82 - - [09/Dec/2021:07:10:45 +0800] "GET /xingrg/all/function/internal_message.html?_=1639004821657&CODE_STATE=getMsg HTTP/1.1" 200 27
222.70.176.97 - - [09/Dec/2021:07:10:46 +0800] "GET /xingrg/all/function/internal_message.html?_=1639005042789&CODE_STATE=getMsg HTTP/1.1" 200 27
180.157.253.6 - - [09/Dec/2021:07:10:47 +0800] "GET /xingrg/all/function/internal_message.html?_=1639005045648&CODE_STATE=getMsg HTTP/1.1" 200 27
222.70.176.97 - - [09/Dec/2021:07:11:12 +0800] "GET /xingrg/all/function/internal_message.html?_=1639004739586&CODE_STATE=getMsg HTTP/1.1" 302 -
124.77.240.52 - - [09/Dec/2021:07:11:12 +0800] "GET /xingrg/check_reg.html?_=1639005084103 HTTP/1.1" 200 22
124.77.240.52 - - [09/Dec/2021:07:11:16 +0800] "GET /xingrg/all/function/internal_message.html?_=1639005088171&CODE_STATE=getMsg HTTP/1.1" 200 27
116.227.210.113 - - [09/Dec/2021:07:11:20 +0800] "GET /xingrg/all/function/internal_message.html?_=1639005072374&CODE_STATE=getMsg HTTP/1.1" 200 27
116.238.248.233 - - [09/Dec/2021:07:11:29 +0800] "GET /xingrg/all/function/internal_message.html?_=1639005087359&CODE_STATE=getMsg HTTP/1.1" 200 27
180.169.147.146 - - [09/Dec/2021:07:11:34 +0800] "GET /xingrg/all/function/internal_message.html?_=1639005092317&CODE_STATE=getMsg HTTP/1.1" 200 27
114.85.125.222 - - [09/Dec/2021:07:11:35 +0800] "GET /xingrg/all/function/internal_message.html?_=1639005054194&CODE_STATE=getMsg HTTP/1.1" 200 27
120.253.135.82 - - [09/Dec/2021:07:11:45 +0800] "GET /xingrg/all/function/internal_message.html?_=1639004881669&CODE_STATE=getMsg HTTP/1.1" 200 27
222.70.176.97 - - [09/Dec/2021:07:11:46 +0800] "GET /xingrg/all/function/internal_message.html?_=1639005102773&CODE_STATE=getMsg HTTP/1.1" 200 27
180.157.253.6 - - [09/Dec/2021:07:11:47 +0800] "GET /xingrg/all/function/internal_message.html?_=1639005105646&CODE_STATE=getMsg HTTP/1.1" 200 27
114.85.125.222 - - [09/Dec/2021:07:11:49 +0800] "GET /xingrg/check_reg.html?_=1639005068561 HTTP/1.1" 200 22
120.253.135.82 - - [09/Dec/2021:07:11:54 +0800] "GET /xingrg/kc/pszx/mdqp_order_list.html?state=10 HTTP/1.1" 200 10217
120.253.135.82 - - [09/Dec/2021:07:11:54 +0800] "GET /xingrg/dwr/interface/AjaxReportQueryService.js HTTP/1.1" 200 13203
120.253.135.82 - - [09/Dec/2021:07:11:54 +0800] "GET /xingrg/dwr/interface/AjaxQqpsService.js HTTP/1.1" 200 16326
120.253.135.82 - - [09/Dec/2021:07:11:55 +0800] "GET /xingrg/dwr/engine.js HTTP/1.1" 200 43631
120.253.135.82 - - [09/Dec/2021:07:11:58 +0800] "GET /xingrg/kc/report/report_main.html HTTP/1.1" 200 8599
120.253.135.82 - - [09/Dec/2021:07:11:59 +0800] "GET /xingrg/kc/base/kc_stocks.html HTTP/1.1" 200 16437
120.253.135.82 - - [09/Dec/2021:07:11:59 +0800] "GET /xingrg/javascript/easyui/themes/default/tree.css HTTP/1.1" 404 1090
120.253.135.82 - - [09/Dec/2021:07:11:59 +0800] "POST /xingrg/all/common/load_tree.html?tree=materiel_sort_tree_json HTTP/1.1" 200 9388
120.253.135.82 - - [09/Dec/2021:07:12:01 +0800] "POST /xingrg/all/common/load_combo.html?type=base HTTP/1.1" 200 1075
120.253.135.82 - - [09/Dec/2021:07:12:09 +0800] "POST /xingrg/kc/base/stock_operate.html HTTP/1.1" 200 1479
222.70.176.97 - - [09/Dec/2021:07:12:12 +0800] "GET /xingrg/all/function/internal_message.html?_=1639004799586&CODE_STATE=getMsg HTTP/1.1" 302 -
124.77.240.52 - - [09/Dec/2021:07:12:16 +0800] "GET /xingrg/all/function/internal_message.html?_=1639005148184&CODE_STATE=getMsg HTTP/1.1" 200 27
120.253.135.82 - - [09/Dec/2021:07:12:17 +0800] "POST /xingrg/kc/base/stock_operate.html HTTP/1.1" 200 1743
116.227.210.113 - - [09/Dec/2021:07:12:20 +0800] "GET /xingrg/all/function/internal_message.html?_=1639005132371&CODE_STATE=getMsg HTTP/1.1" 200 27
116.227.210.113 - - [09/Dec/2021:07:12:20 +0800] "GET /xingrg/check_reg.html?_=1639005132374 HTTP/1.1" 200 22
116.238.248.233 - - [09/Dec/2021:07:12:29 +0800] "GET /xingrg/check_reg.html?_=1639005147357 HTTP/1.1" 200 22
116.238.248.233 - - [09/Dec/2021:07:12:29 +0800] "GET /xingrg/all/function/internal_message.html?_=1639005147360&CODE_STATE=getMsg HTTP/1.1" 200 27
180.169.147.146 - - [09/Dec/2021:07:12:34 +0800] "GET /xingrg/all/function/internal_message.html?_=1639005152324&CODE_STATE=getMsg HTTP/1.1" 200 27
114.85.125.222 - - [09/Dec/2021:07:12:35 +0800] "GET /xingrg/all/function/internal_message.html?_=1639005114206&CODE_STATE=getMsg HTTP/1.1" 200 27
120.253.135.82 - - [09/Dec/2021:07:12:44 +0800] "GET /xingrg/check_reg.html?_=1639004940185 HTTP/1.1" 200 22
120.253.135.82 - - [09/Dec/2021:07:12:45 +0800] "GET /xingrg/all/function/internal_message.html?_=1639004941760&CODE_STATE=getMsg HTTP/1.1" 200 27
222.70.176.97 - - [09/Dec/2021:07:12:46 +0800] "GET /xingrg/all/function/internal_message.html?_=1639005162756&CODE_STATE=getMsg HTTP/1.1" 200 27
180.157.253.6 - - [09/Dec/2021:07:12:47 +0800] "GET /xingrg/all/function/internal_message.html?_=1639005165645&CODE_STATE=getMsg HTTP/1.1" 200 27
120.253.135.82 - - [09/Dec/2021:07:12:59 +0800] "POST /xingrg/kc/base/stock_operate.html HTTP/1.1" 200 1742
222.70.176.97 - - [09/Dec/2021:07:13:05 +0800] "GET /xingrg/check_reg.html?_=1639005182553 HTTP/1.1" 200 22
120.253.135.82 - - [09/Dec/2021:07:13:07 +0800] "POST /xingrg/kc/base/stock_operate.html HTTP/1.1" 200 1731
116.227.210.113 - - [09/Dec/2021:07:13:08 +0800] "POST /xingrg/services/DataTransmitService HTTP/1.1" 200 524
116.227.210.113 - - [09/Dec/2021:07:13:09 +0800] "POST /xingrg/services/DataTransmitService HTTP/1.1" 200 501
222.70.176.97 - - [09/Dec/2021:07:13:12 +0800] "GET /xingrg/all/function/internal_message.html?_=1639004859586&CODE_STATE=getMsg HTTP/1.1" 302 -
222.70.176.97 - - [09/Dec/2021:07:13:12 +0800] "GET /xingrg/check_reg.html?_=1639004859587 HTTP/1.1" 302 -
124.77.240.52 - - [09/Dec/2021:07:13:17 +0800] "GET /xingrg/all/function/internal_message.html?_=1639005208846&CODE_STATE=getMsg HTTP/1.1" 200 27
116.227.210.113 - - [09/Dec/2021:07:13:20 +0800] "GET /xingrg/all/function/internal_message.html?_=1639005192373&CODE_STATE=getMsg HTTP/1.1" 200 27
116.238.248.233 - - [09/Dec/2021:07:13:29 +0800] "GET /xingrg/all/function/internal_message.html?_=1639005207370&CODE_STATE=getMsg HTTP/1.1" 200 27
180.169.147.146 - - [09/Dec/2021:07:13:34 +0800] "GET /xingrg/all/function/internal_message.html?_=1639005212319&CODE_STATE=getMsg HTTP/1.1" 200 27
114.85.125.222 - - [09/Dec/2021:07:13:35 +0800] "GET /xingrg/all/function/internal_message.html?_=1639005174221&CODE_STATE=getMsg HTTP/1.1" 200 27
120.253.135.82 - - [09/Dec/2021:07:13:45 +0800] "GET /xingrg/all/function/internal_message.html?_=1639005001774&CODE_STATE=getMsg HTTP/1.1" 200 27
222.70.176.97 - - [09/Dec/2021:07:13:46 +0800] "GET /xingrg/all/function/internal_message.html?_=1639005222738&CODE_STATE=getMsg HTTP/1.1" 200 27
180.157.253.6 - - [09/Dec/2021:07:13:47 +0800] "GET /xingrg/all/function/internal_message.html?_=1639005225643&CODE_STATE=getMsg HTTP/1.1" 200 27
180.157.253.6 - - [09/Dec/2021:07:13:47 +0800] "GET /xingrg/check_reg.html?_=1639005225644 HTTP/1.1" 200 22
222.70.176.97 - - [09/Dec/2021:07:14:12 +0800] "GET /xingrg/all/function/internal_message.html?_=1639004919586&CODE_STATE=getMsg HTTP/1.1" 302 -
124.77.240.52 - - [09/Dec/2021:07:14:17 +0800] "GET /xingrg/all/function/internal_message.html?_=1639005268850&CODE_STATE=getMsg HTTP/1.1" 200 27
116.227.210.113 - - [09/Dec/2021:07:14:20 +0800] "GET /xingrg/all/function/internal_message.html?_=1639005252362&CODE_STATE=getMsg HTTP/1.1" 200 27
116.238.248.233 - - [09/Dec/2021:07:14:29 +0800] "GET /xingrg/all/function/internal_message.html?_=1639005267369&CODE_STATE=getMsg HTTP/1.1" 200 27
180.169.147.146 - - [09/Dec/2021:07:14:34 +0800] "GET /xingrg/all/function/internal_message.html?_=1639005272326&CODE_STATE=getMsg HTTP/1.1" 200 27
114.85.125.222 - - [09/Dec/2021:07:14:35 +0800] "GET /xingrg/all/function/internal_message.html?_=1639005234337&CODE_STATE=getMsg HTTP/1.1" 200 27
120.253.135.82 - - [09/Dec/2021:07:14:45 +0800] "GET /xingrg/all/function/internal_message.html?_=1639005061788&CODE_STATE=getMsg HTTP/1.1" 200 27
222.70.176.97 - - [09/Dec/2021:07:14:46 +0800] "GET /xingrg/all/function/internal_message.html?_=1639005282722&CODE_STATE=getMsg HTTP/1.1" 200 27
180.157.253.6 - - [09/Dec/2021:07:14:47 +0800] "GET /xingrg/all/function/internal_message.html?_=1639005285642&CODE_STATE=getMsg HTTP/1.1" 200 27
222.70.176.97 - - [09/Dec/2021:07:15:12 +0800] "GET /xingrg/all/function/internal_message.html?_=1639004979586&CODE_STATE=getMsg HTTP/1.1" 302 -
124.77.240.52 - - [09/Dec/2021:07:15:17 +0800] "GET /xingrg/all/function/internal_message.html?_=1639005329523&CODE_STATE=getMsg HTTP/1.1" 200 27
116.227.210.113 - - [09/Dec/2021:07:15:20 +0800] "GET /xingrg/all/function/internal_message.html?_=1639005312369&CODE_STATE=getMsg HTTP/1.1" 200 27
116.238.248.233 - - [09/Dec/2021:07:15:29 +0800] "GET /xingrg/all/function/internal_message.html?_=1639005327368&CODE_STATE=getMsg HTTP/1.1" 200 27
180.169.147.146 - - [09/Dec/2021:07:15:34 +0800] "GET /xingrg/check_reg.html?_=1639005332317 HTTP/1.1" 200 22
180.169.147.146 - - [09/Dec/2021:07:15:34 +0800] "GET /xingrg/all/function/internal_message.html?_=1639005332319&CODE_STATE=getMsg HTTP/1.1" 200 27
114.85.125.222 - - [09/Dec/2021:07:15:35 +0800] "GET /xingrg/all/function/internal_message.html?_=1639005294341&CODE_STATE=getMsg HTTP/1.1" 200 27
120.253.135.82 - - [09/Dec/2021:07:15:45 +0800] "GET /xingrg/all/function/internal_message.html?_=1639005121843&CODE_STATE=getMsg HTTP/1.1" 200 27
222.70.176.97 - - [09/Dec/2021:07:15:46 +0800] "GET /xingrg/all/function/internal_message.html?_=1639005342705&CODE_STATE=getMsg HTTP/1.1" 200 27
180.157.253.6 - - [09/Dec/2021:07:15:47 +0800] "GET /xingrg/all/function/internal_message.html?_=1639005345641&CODE_STATE=getMsg HTTP/1.1" 200 27
222.70.176.97 - - [09/Dec/2021:07:16:12 +0800] "GET /xingrg/all/function/internal_message.html?_=1639005039586&CODE_STATE=getMsg HTTP/1.1" 302 -
124.77.240.52 - - [09/Dec/2021:07:16:12 +0800] "GET /xingrg/check_reg.html?_=1639005384104 HTTP/1.1" 200 22
124.77.240.52 - - [09/Dec/2021:07:16:17 +0800] "GET /xingrg/all/function/internal_message.html?_=1639005389534&CODE_STATE=getMsg HTTP/1.1" 200 27
116.227.210.113 - - [09/Dec/2021:07:16:20 +0800] "GET /xingrg/all/function/internal_message.html?_=1639005372386&CODE_STATE=getMsg HTTP/1.1" 200 27
116.238.248.233 - - [09/Dec/2021:07:16:29 +0800] "GET /xingrg/all/function/internal_message.html?_=1639005387367&CODE_STATE=getMsg HTTP/1.1" 200 27
120.253.135.82 - - [09/Dec/2021:07:16:33 +0800] "GET /xingrg/kc/pszx/mdqp_order_list.html?state=10 HTTP/1.1" 200 10217
120.253.135.82 - - [09/Dec/2021:07:16:33 +0800] "GET /xingrg/dwr/interface/AjaxReportQueryService.js HTTP/1.1" 200 13203
120.253.135.82 - - [09/Dec/2021:07:16:33 +0800] "GET /xingrg/dwr/interface/AjaxQqpsService.js HTTP/1.1" 200 16326
120.253.135.82 - - [09/Dec/2021:07:16:33 +0800] "GET /xingrg/dwr/engine.js HTTP/1.1" 200 43631
180.169.147.146 - - [09/Dec/2021:07:16:34 +0800] "GET /xingrg/all/function/internal_message.html?_=1639005392323&CODE_STATE=getMsg HTTP/1.1" 200 27
114.85.125.222 - - [09/Dec/2021:07:16:35 +0800] "GET /xingrg/all/function/internal_message.html?_=1639005354461&CODE_STATE=getMsg HTTP/1.1" 200 27
120.253.135.82 - - [09/Dec/2021:07:16:35 +0800] "GET /xingrg/kc/pszx/mdps_order_list.html?orderType=0 HTTP/1.1" 200 20925
120.253.135.82 - - [09/Dec/2021:07:16:35 +0800] "GET /xingrg/javascript/easyui/themes/icons/edit_add_new.png HTTP/1.1" 200 2997
120.253.135.82 - - [09/Dec/2021:07:16:35 +0800] "GET /xingrg/javascript/easyui/themes/icons/cance_new.png HTTP/1.1" 200 3986
120.253.135.82 - - [09/Dec/2021:07:16:35 +0800] "GET /xingrg/javascript/easyui/themes/icons/uncheck_new.png HTTP/1.1" 200 3197
120.253.135.82 - - [09/Dec/2021:07:16:36 +0800] "POST /xingrg/kc/pszx/mdps_list_operate.html HTTP/1.1" 200 5269
120.253.135.82 - - [09/Dec/2021:07:16:45 +0800] "GET /xingrg/all/function/internal_message.html?_=1639005181846&CODE_STATE=getMsg HTTP/1.1" 200 27
222.70.176.97 - - [09/Dec/2021:07:16:46 +0800] "GET /xingrg/all/function/internal_message.html?_=1639005402688&CODE_STATE=getMsg HTTP/1.1" 200 27
180.157.253.6 - - [09/Dec/2021:07:16:47 +0800] "GET /xingrg/all/function/internal_message.html?_=1639005405640&CODE_STATE=getMsg HTTP/1.1" 200 27
114.85.125.222 - - [09/Dec/2021:07:16:49 +0800] "GET /xingrg/check_reg.html?_=1639005368570 HTTP/1.1" 200 22
120.253.135.82 - - [09/Dec/2021:07:17:09 +0800] "POST /xingrg/kc/pszx/mdps_list_operate.html HTTP/1.1" 200 2416
120.253.135.82 - - [09/Dec/2021:07:17:11 +0800] "POST /xingrg/kc/pszx/mdps_list_operate.html HTTP/1.1" 200 205
120.253.135.82 - - [09/Dec/2021:07:17:12 +0800] "GET /xingrg/kc/pszx/mdps_order_info.html?code=312021120800212 HTTP/1.1" 200 23931
120.253.135.82 - - [09/Dec/2021:07:17:12 +0800] "GET /xingrg/javascript/jquery_easy_ui/jquery.easyui.min.js HTTP/1.1" 200 213662
222.70.176.97 - - [09/Dec/2021:07:17:12 +0800] "GET /xingrg/all/function/internal_message.html?_=1639005099586&CODE_STATE=getMsg HTTP/1.1" 302 -
120.253.135.82 - - [09/Dec/2021:07:17:12 +0800] "GET /xingrg/javascript/easyui/themes/icons/copy_new.png HTTP/1.1" 200 815
120.253.135.82 - - [09/Dec/2021:07:17:12 +0800] "GET /xingrg/javascript/easyui/themes/default/validatebox.css HTTP/1.1" 404 1104
120.253.135.82 - - [09/Dec/2021:07:17:12 +0800] "POST /xingrg/kc/pszx/mdps_order_operate.html HTTP/1.1" 200 2280
120.253.135.82 - - [09/Dec/2021:07:17:12 +0800] "GET /xingrg/javascript/easyui/themes/icons/edit_remove.png HTTP/1.1" 200 625
120.253.135.82 - - [09/Dec/2021:07:17:16 +0800] "POST /xingrg/kc/pszx/mdps_list_operate.html HTTP/1.1" 200 198
120.253.135.82 - - [09/Dec/2021:07:17:17 +0800] "GET /xingrg/kc/pszx/mdps_order_info.html?code=312021120800214 HTTP/1.1" 200 23925
120.253.135.82 - - [09/Dec/2021:07:17:17 +0800] "GET /xingrg/javascript/easyui/themes/default/validatebox.css HTTP/1.1" 404 1104
124.77.240.52 - - [09/Dec/2021:07:17:17 +0800] "GET /xingrg/all/function/internal_message.html?_=1639005449546&CODE_STATE=getMsg HTTP/1.1" 200 27
120.253.135.82 - - [09/Dec/2021:07:17:18 +0800] "POST /xingrg/kc/pszx/mdps_order_operate.html HTTP/1.1" 200 2270
116.227.210.113 - - [09/Dec/2021:07:17:20 +0800] "GET /xingrg/check_reg.html?_=1639005432372 HTTP/1.1" 200 22
116.227.210.113 - - [09/Dec/2021:07:17:20 +0800] "GET /xingrg/all/function/internal_message.html?_=1639005432374&CODE_STATE=getMsg HTTP/1.1" 200 27
120.253.135.82 - - [09/Dec/2021:07:17:20 +0800] "POST /xingrg/kc/pszx/mdps_list_operate.html HTTP/1.1" 200 2416
120.253.135.82 - - [09/Dec/2021:07:17:22 +0800] "POST /xingrg/kc/pszx/mdps_list_operate.html HTTP/1.1" 200 214
116.238.248.233 - - [09/Dec/2021:07:17:29 +0800] "GET /xingrg/all/function/internal_message.html?_=1639005447391&CODE_STATE=getMsg HTTP/1.1" 200 27
116.238.248.233 - - [09/Dec/2021:07:17:29 +0800] "GET /xingrg/check_reg.html?_=1639005447392 HTTP/1.1" 200 22
180.169.147.146 - - [09/Dec/2021:07:17:34 +0800] "GET /xingrg/all/function/internal_message.html?_=1639005452339&CODE_STATE=getMsg HTTP/1.1" 200 27
114.85.125.222 - - [09/Dec/2021:07:17:35 +0800] "GET /xingrg/all/function/internal_message.html?_=1639005414461&CODE_STATE=getMsg HTTP/1.1" 200 27
120.253.135.82 - - [09/Dec/2021:07:17:38 +0800] "POST /xingrg/kc/pszx/mdps_list_operate.html HTTP/1.1" 200 868
120.253.135.82 - - [09/Dec/2021:07:17:44 +0800] "GET /xingrg/check_reg.html?_=1639005240190 HTTP/1.1" 200 22
120.253.135.82 - - [09/Dec/2021:07:17:45 +0800] "GET /xingrg/all/function/internal_message.html?_=1639005241860&CODE_STATE=getMsg HTTP/1.1" 200 27
222.70.176.97 - - [09/Dec/2021:07:17:46 +0800] "GET /xingrg/all/function/internal_message.html?_=1639005462671&CODE_STATE=getMsg HTTP/1.1" 200 27
120.253.135.82 - - [09/Dec/2021:07:17:47 +0800] "POST /xingrg/kc/pszx/mdps_list_operate.html HTTP/1.1" 200 2043
180.157.253.6 - - [09/Dec/2021:07:17:47 +0800] "GET /xingrg/all/function/internal_message.html?_=1639005465639&CODE_STATE=getMsg HTTP/1.1" 200 27
120.253.135.82 - - [09/Dec/2021:07:17:49 +0800] "POST /xingrg/kc/pszx/mdps_list_operate.html HTTP/1.1" 200 202
120.253.135.82 - - [09/Dec/2021:07:18:01 +0800] "POST /xingrg/kc/pszx/mdps_list_operate.html HTTP/1.1" 200 1690
120.253.135.82 - - [09/Dec/2021:07:18:02 +0800] "POST /xingrg/kc/pszx/mdps_list_operate.html HTTP/1.1" 200 201
120.253.135.82 - - [09/Dec/2021:07:18:03 +0800] "GET /xingrg/kc/pszx/mdps_order_info.html?code=312021120800219 HTTP/1.1" 200 23931
120.253.135.82 - - [09/Dec/2021:07:18:04 +0800] "GET /xingrg/javascript/easyui/themes/default/validatebox.css HTTP/1.1" 404 1104
120.253.135.82 - - [09/Dec/2021:07:18:04 +0800] "POST /xingrg/kc/pszx/mdps_order_operate.html HTTP/1.1" 200 2274
222.70.176.97 - - [09/Dec/2021:07:18:05 +0800] "GET /xingrg/check_reg.html?_=1639005482546 HTTP/1.1" 200 22
120.253.135.82 - - [09/Dec/2021:07:18:06 +0800] "POST /xingrg/kc/pszx/mdps_list_operate.html HTTP/1.1" 200 1690
222.70.176.97 - - [09/Dec/2021:07:18:12 +0800] "GET /xingrg/all/function/internal_message.html?_=1639005159587&CODE_STATE=getMsg HTTP/1.1" 302 -
222.70.176.97 - - [09/Dec/2021:07:18:12 +0800] "GET /xingrg/check_reg.html?_=1639005159588 HTTP/1.1" 302 -
120.253.135.82 - - [09/Dec/2021:07:18:14 +0800] "POST /xingrg/kc/pszx/mdps_list_operate.html HTTP/1.1" 200 3135
120.253.135.82 - - [09/Dec/2021:07:18:16 +0800] "POST /xingrg/kc/pszx/mdps_list_operate.html HTTP/1.1" 200 211
120.253.135.82 - - [09/Dec/2021:07:18:17 +0800] "POST /xingrg/kc/pszx/mdps_list_operate.html HTTP/1.1" 200 202
124.77.240.52 - - [09/Dec/2021:07:18:18 +0800] "GET /xingrg/all/function/internal_message.html?_=1639005510244&CODE_STATE=getMsg HTTP/1.1" 200 27
120.253.135.82 - - [09/Dec/2021:07:18:19 +0800] "POST /xingrg/kc/pszx/mdps_list_operate.html HTTP/1.1" 200 632
116.227.210.113 - - [09/Dec/2021:07:18:20 +0800] "GET /xingrg/all/function/internal_message.html?_=1639005492364&CODE_STATE=getMsg HTTP/1.1" 200 27
120.253.135.82 - - [09/Dec/2021:07:18:20 +0800] "POST /xingrg/kc/pszx/mdps_list_operate.html HTTP/1.1" 200 623
120.253.135.82 - - [09/Dec/2021:07:18:21 +0800] "POST /xingrg/kc/pszx/mdps_list_operate.html HTTP/1.1" 200 565
116.238.248.233 - - [09/Dec/2021:07:18:29 +0800] "GET /xingrg/all/function/internal_message.html?_=1639005507392&CODE_STATE=getMsg HTTP/1.1" 200 27
180.169.147.146 - - [09/Dec/2021:07:18:34 +0800] "GET /xingrg/all/function/internal_message.html?_=1639005512333&CODE_STATE=getMsg HTTP/1.1" 200 27
114.85.125.222 - - [09/Dec/2021:07:18:35 +0800] "GET /xingrg/all/function/internal_message.html?_=1639005474475&CODE_STATE=getMsg HTTP/1.1" 200 27
120.253.135.82 - - [09/Dec/2021:07:18:45 +0800] "GET /xingrg/all/function/internal_message.html?_=1639005301874&CODE_STATE=getMsg HTTP/1.1" 200 27
222.70.176.97 - - [09/Dec/2021:07:18:46 +0800] "GET /xingrg/all/function/internal_message.html?_=1639005522679&CODE_STATE=getMsg HTTP/1.1" 200 27
120.253.135.82 - - [09/Dec/2021:07:18:46 +0800] "POST /xingrg/kc/pszx/mdps_list_operate.html HTTP/1.1" 200 3177
180.157.253.6 - - [09/Dec/2021:07:18:47 +0800] "GET /xingrg/all/function/internal_message.html?_=1639005525664&CODE_STATE=getMsg HTTP/1.1" 200 27
180.157.253.6 - - [09/Dec/2021:07:18:47 +0800] "GET /xingrg/check_reg.html?_=1639005525665 HTTP/1.1" 200 22
120.253.135.82 - - [09/Dec/2021:07:18:47 +0800] "POST /xingrg/kc/pszx/mdps_list_operate.html HTTP/1.1" 200 604
120.253.135.82 - - [09/Dec/2021:07:18:49 +0800] "POST /xingrg/kc/pszx/mdps_list_operate.html HTTP/1.1" 200 210
120.253.135.82 - - [09/Dec/2021:07:18:50 +0800] "POST /xingrg/kc/pszx/mdps_list_operate.html HTTP/1.1" 200 586
120.253.135.82 - - [09/Dec/2021:07:18:51 +0800] "POST /xingrg/kc/pszx/mdps_list_operate.html HTTP/1.1" 200 201
120.253.135.82 - - [09/Dec/2021:07:18:58 +0800] "GET /xingrg/kc/pszx/mdps_order_info.html?code=312021120800205 HTTP/1.1" 200 23931
120.253.135.82 - - [09/Dec/2021:07:18:58 +0800] "GET /xingrg/javascript/easyui/themes/default/validatebox.css HTTP/1.1" 404 1104
120.253.135.82 - - [09/Dec/2021:07:18:59 +0800] "POST /xingrg/kc/pszx/mdps_order_operate.html HTTP/1.1" 200 8268
222.70.176.97 - - [09/Dec/2021:07:19:12 +0800] "GET /xingrg/all/function/internal_message.html?_=1639005219587&CODE_STATE=getMsg HTTP/1.1" 302 -
124.77.240.52 - - [09/Dec/2021:07:19:18 +0800] "GET /xingrg/all/function/internal_message.html?_=1639005570244&CODE_STATE=getMsg HTTP/1.1" 200 27
116.227.210.113 - - [09/Dec/2021:07:19:20 +0800] "GET /xingrg/all/function/internal_message.html?_=1639005552376&CODE_STATE=getMsg HTTP/1.1" 200 27
120.253.135.82 - - [09/Dec/2021:07:19:23 +0800] "POST /xingrg/kc/pszx/mdps_list_operate.html HTTP/1.1" 200 3177
116.238.248.233 - - [09/Dec/2021:07:19:29 +0800] "GET /xingrg/all/function/internal_message.html?_=1639005567394&CODE_STATE=getMsg HTTP/1.1" 200 27
180.169.147.146 - - [09/Dec/2021:07:19:34 +0800] "GET /xingrg/all/function/internal_message.html?_=1639005572322&CODE_STATE=getMsg HTTP/1.1" 200 27
114.85.125.222 - - [09/Dec/2021:07:19:35 +0800] "GET /xingrg/all/function/internal_message.html?_=1639005534598&CODE_STATE=getMsg HTTP/1.1" 200 27
120.253.135.82 - - [09/Dec/2021:07:19:44 +0800] "POST /xingrg/kc/pszx/mdps_list_operate.html HTTP/1.1" 200 2805
