101.85.120.86 - - [09/Dec/2021:10:05:57 +0800] "GET /xingrg/kc/buy/cgsh_order_operate.html?command=get_materiel&rest_code=00142&code=00101008350&supplier_code=00100161&order_time=2021-12-09 HTTP/1.1" 200 408
58.37.8.98 - - [09/Dec/2021:10:05:58 +0800] "GET /xingrg/kc/buy/cgsh_order_operate.html?command=get_materiel&rest_code=00141&code=00101008083&supplier_code=00100007&order_time=2021-12-09 HTTP/1.1" 200 427
222.70.176.97 - - [09/Dec/2021:10:05:58 +0800] "POST /xingrg/kc/buy/cgsh_order_operate.html HTTP/1.1" 200 6797
180.169.147.146 - - [09/Dec/2021:10:05:58 +0800] "GET /xingrg/all/function/internal_message.html?_=1639015549852&CODE_STATE=getMsg HTTP/1.1" 200 27
116.228.172.94 - - [09/Dec/2021:10:05:59 +0800] "GET /xingrg/all/function/internal_message.html?_=1639015409019&CODE_STATE=getMsg HTTP/1.1" 200 27
222.70.176.97 - - [09/Dec/2021:10:06:00 +0800] "GET /xingrg/kc/print/load_data.html?order_code=212021120903397&kc_code=cgsh&condition= HTTP/1.1" 200 2326
58.39.139.200 - - [09/Dec/2021:10:06:00 +0800] "GET /xingrg/all/function/internal_message.html?_=1639015495905&CODE_STATE=getMsg HTTP/1.1" 200 27
101.85.120.86 - - [09/Dec/2021:10:06:04 +0800] "GET /xingrg/kc/buy/cgsh_order_operate.html?command=get_materiel&rest_code=00142&code=00101012052&supplier_code=00100161&order_time=2021-12-09 HTTP/1.1" 200 412
58.39.139.200 - - [09/Dec/2021:10:06:04 +0800] "GET /xingrg/kc/buy/cgsh_order_operate.html?command=get_materiel&rest_code=00105&code=00101006130&supplier_code=00100012&order_time=2021-12-09 HTTP/1.1" 200 427
116.229.213.191 - - [09/Dec/2021:10:06:06 +0800] "GET /xingrg/all/function/internal_message.html?_=1639015565775&CODE_STATE=getMsg HTTP/1.1" 200 27
222.70.176.97 - - [09/Dec/2021:10:06:07 +0800] "GET /xingrg/kc/buy/cgsh_order_add.html HTTP/1.1" 200 64854
222.70.176.97 - - [09/Dec/2021:10:06:07 +0800] "POST /xingrg/kc/buy/cgsh_order_operate.html HTTP/1.1" 200 8245
222.70.176.97 - - [09/Dec/2021:10:06:07 +0800] "GET /xingrg/javascript/easyui/themes/default/validatebox.css HTTP/1.1" 404 1104
114.83.222.61 - - [09/Dec/2021:10:06:08 +0800] "GET /xingrg/all/function/internal_message.html?_=1639015566651&CODE_STATE=getMsg HTTP/1.1" 200 27
222.70.176.97 - - [09/Dec/2021:10:06:08 +0800] "GET /xingrg/javascript/easyui/themes/default/tree.css HTTP/1.1" 404 1090
222.70.176.97 - - [09/Dec/2021:10:06:09 +0800] "POST /xingrg/all/common/load_tree.html?tree=supplier_tree_json&isDelete=1 HTTP/1.1" 200 60927
222.70.176.97 - - [09/Dec/2021:10:06:12 +0800] "GET /xingrg/all/function/internal_message.html?_=1639015239586&CODE_STATE=getMsg HTTP/1.1" 302 -
114.85.125.222 - - [09/Dec/2021:10:06:12 +0800] "GET /xingrg/all/function/internal_message.html?_=1639015530893&CODE_STATE=getMsg HTTP/1.1" 200 27
58.37.8.98 - - [09/Dec/2021:10:06:13 +0800] "GET /xingrg/kc/buy/cgsh_order_operate.html?command=get_materiel&rest_code=00141&code=00101008370&supplier_code=00100007&order_time=2021-12-09 HTTP/1.1" 200 414
101.85.120.86 - - [09/Dec/2021:10:06:15 +0800] "GET /xingrg/kc/buy/cgsh_order_operate.html?command=get_materiel&rest_code=00142&code=00101008312&supplier_code=00100161&order_time=2021-12-09 HTTP/1.1" 200 412
101.85.120.86 - - [09/Dec/2021:10:06:20 +0800] "POST /xingrg/kc/buy/cgsh_order_operate.html HTTP/1.1" 200 2065
180.169.147.146 - - [09/Dec/2021:10:06:22 +0800] "GET /xingrg/all/function/internal_message.html?_=1639015580127&CODE_STATE=getMsg HTTP/1.1" 200 27
222.70.176.97 - - [09/Dec/2021:10:06:24 +0800] "GET /xingrg/all/function/internal_message.html?_=1639015580564&CODE_STATE=getMsg HTTP/1.1" 200 27
222.70.176.97 - - [09/Dec/2021:10:06:24 +0800] "GET /xingrg/kc/buy/cgsh_order_operate.html?command=get_materiel&rest_code=00111&code=00101002027&supplier_code=00100199&order_time=2021-12-09 HTTP/1.1" 200 432
101.85.120.86 - - [09/Dec/2021:10:06:26 +0800] "GET /xingrg/kc/buy/cgsh_order_operate.html?command=get_materiel&rest_code=00142&code=00101008264&supplier_code=00100161&order_time=2021-12-09 HTTP/1.1" 200 412
58.37.8.98 - - [09/Dec/2021:10:06:26 +0800] "GET /xingrg/kc/buy/cgsh_order_operate.html?command=get_materiel&rest_code=00141&code=00101008207&supplier_code=00100007&order_time=2021-12-09 HTTP/1.1" 200 408
58.37.8.98 - - [09/Dec/2021:10:06:27 +0800] "GET /xingrg/all/function/internal_message.html?_=1639015403628&CODE_STATE=getMsg HTTP/1.1" 200 27
116.229.213.191 - - [09/Dec/2021:10:06:27 +0800] "GET /xingrg/all/function/internal_message.html?_=1639015588340&CODE_STATE=getMsg HTTP/1.1" 200 27
58.37.8.98 - - [09/Dec/2021:10:06:27 +0800] "GET /xingrg/check_reg.html?_=1639015403873 HTTP/1.1" 200 22
58.37.8.98 - - [09/Dec/2021:10:06:33 +0800] "GET /xingrg/kc/buy/cgsh_order_operate.html?command=get_materiel&rest_code=00141&code=00102005217&supplier_code=00100007&order_time=2021-12-09 HTTP/1.1" 200 408
222.69.132.164 - - [09/Dec/2021:10:06:35 +0800] "GET /xingrg/login.html HTTP/1.1" 200 7641
222.69.132.164 - - [09/Dec/2021:10:06:35 +0800] "GET /favicon.ico HTTP/1.1" 404 -
172.20.0.100 - - [09/Dec/2021:10:06:35 +0800] "GET /xingrg/all/function/internal_message.html?_=1639015593676&CODE_STATE=getMsg HTTP/1.1" 200 27
120.253.135.82 - - [09/Dec/2021:10:06:37 +0800] "GET /xingrg/all/function/internal_message.html?_=1639015728027&CODE_STATE=getMsg HTTP/1.1" 200 27
101.85.120.86 - - [09/Dec/2021:10:06:37 +0800] "GET /xingrg/kc/buy/cgsh_order_operate.html?command=get_materiel&rest_code=00142&code=00101008283&supplier_code=00100161&order_time=2021-12-09 HTTP/1.1" 200 408
124.77.240.52 - - [09/Dec/2021:10:06:37 +0800] "GET /xingrg/all/function/internal_message.html?_=1639015609833&CODE_STATE=getMsg HTTP/1.1" 302 -
58.37.8.98 - - [09/Dec/2021:10:06:40 +0800] "GET /xingrg/kc/buy/cgsh_order_operate.html?command=get_materiel&rest_code=00141&code=00101008059&supplier_code=00100007&order_time=2021-12-09 HTTP/1.1" 200 408
101.85.120.86 - - [09/Dec/2021:10:06:41 +0800] "GET /xingrg/all/function/internal_message.html?_=1639015600160&CODE_STATE=getMsg HTTP/1.1" 200 27
222.70.176.97 - - [09/Dec/2021:10:06:42 +0800] "GET /xingrg/kc/buy/cgsh_order_operate.html?command=get_materiel&rest_code=00111&code=00101002006&supplier_code=00100199&order_time=2021-12-09 HTTP/1.1" 200 414
58.39.139.200 - - [09/Dec/2021:10:06:43 +0800] "GET /xingrg/kc/buy/cgsh_order_operate.html?command=get_materiel&rest_code=00105&code=00101006128&supplier_code=00100012&order_time=2021-12-09 HTTP/1.1" 200 426
58.37.8.98 - - [09/Dec/2021:10:06:45 +0800] "POST /xingrg/kc/buy/cgsh_order_operate.html HTTP/1.1" 200 2065
101.85.120.86 - - [09/Dec/2021:10:06:46 +0800] "GET /xingrg/kc/buy/cgsh_order_operate.html?command=get_materiel&rest_code=00142&code=00101008298&supplier_code=00100161&order_time=2021-12-09 HTTP/1.1" 200 412
222.70.176.97 - - [09/Dec/2021:10:06:52 +0800] "POST /xingrg/kc/buy/cgsh_order_operate.html HTTP/1.1" 200 37
58.37.8.98 - - [09/Dec/2021:10:06:52 +0800] "GET /xingrg/kc/buy/cgsh_order_operate.html?command=get_materiel&rest_code=00141&code=00101008332&supplier_code=00100007&order_time=2021-12-09 HTTP/1.1" 200 412
114.86.229.104 - - [09/Dec/2021:10:06:53 +0800] "GET /xingrg/all/function/internal_message.html?_=1639015611953&CODE_STATE=getMsg HTTP/1.1" 200 27
116.227.210.113 - - [09/Dec/2021:10:06:54 +0800] "GET /xingrg/all/function/internal_message.html?_=1639015606574&CODE_STATE=getMsg HTTP/1.1" 200 27
101.85.120.86 - - [09/Dec/2021:10:06:55 +0800] "GET /xingrg/kc/buy/cgsh_order_operate.html?command=get_materiel&rest_code=00142&code=00101008354&supplier_code=00100161&order_time=2021-12-09 HTTP/1.1" 200 412
222.70.176.97 - - [09/Dec/2021:10:06:55 +0800] "POST /xingrg/kc/buy/cgsh_order_operate.html HTTP/1.1" 200 3257
116.238.248.233 - - [09/Dec/2021:10:06:56 +0800] "GET /xingrg/all/function/internal_message.html?_=1639015613962&CODE_STATE=getMsg HTTP/1.1" 200 27
101.85.120.86 - - [09/Dec/2021:10:06:57 +0800] "POST /xingrg/kc/buy/cgsh_order_operate.html HTTP/1.1" 200 2065
180.169.147.146 - - [09/Dec/2021:10:06:58 +0800] "GET /xingrg/all/function/internal_message.html?_=1639015609836&CODE_STATE=getMsg HTTP/1.1" 200 27
222.70.176.97 - - [09/Dec/2021:10:06:59 +0800] "GET /xingrg/kc/print/load_data.html?order_code=212021120903398&kc_code=cgsh&condition= HTTP/1.1" 200 898
116.228.172.94 - - [09/Dec/2021:10:06:59 +0800] "GET /xingrg/all/function/internal_message.html?_=1639015469019&CODE_STATE=getMsg HTTP/1.1" 200 27
116.228.172.94 - - [09/Dec/2021:10:06:59 +0800] "GET /xingrg/check_reg.html?_=1639015469023 HTTP/1.1" 200 22
58.39.139.200 - - [09/Dec/2021:10:07:00 +0800] "GET /xingrg/all/function/internal_message.html?_=1639015555889&CODE_STATE=getMsg HTTP/1.1" 200 27
58.37.8.98 - - [09/Dec/2021:10:07:04 +0800] "GET /xingrg/kc/buy/cgsh_order_operate.html?command=get_materiel&rest_code=00141&code=00101008049&supplier_code=00100007&order_time=2021-12-09 HTTP/1.1" 200 408
116.229.213.191 - - [09/Dec/2021:10:07:06 +0800] "GET /xingrg/all/function/internal_message.html?_=1639015625789&CODE_STATE=getMsg HTTP/1.1" 200 27
101.85.120.86 - - [09/Dec/2021:10:07:06 +0800] "GET /xingrg/kc/buy/cgsh_order_operate.html?command=get_materiel&rest_code=00142&code=00101008307&supplier_code=00100161&order_time=2021-12-09 HTTP/1.1" 200 420
114.83.222.61 - - [09/Dec/2021:10:07:08 +0800] "GET /xingrg/all/function/internal_message.html?_=1639015626643&CODE_STATE=getMsg HTTP/1.1" 200 27
114.83.222.61 - - [09/Dec/2021:10:07:10 +0800] "GET /xingrg/check_reg.html?_=1639015628236 HTTP/1.1" 200 22
222.70.176.97 - - [09/Dec/2021:10:07:12 +0800] "GET /xingrg/all/function/internal_message.html?_=1639015299586&CODE_STATE=getMsg HTTP/1.1" 302 -
114.85.125.222 - - [09/Dec/2021:10:07:12 +0800] "GET /xingrg/all/function/internal_message.html?_=1639015590906&CODE_STATE=getMsg HTTP/1.1" 200 27
58.39.139.200 - - [09/Dec/2021:10:07:12 +0800] "GET /xingrg/kc/buy/cgsh_order_operate.html?command=get_materiel&rest_code=00105&code=00101006129&supplier_code=00100012&order_time=2021-12-09 HTTP/1.1" 200 431
58.37.8.98 - - [09/Dec/2021:10:07:14 +0800] "GET /xingrg/kc/buy/cgsh_order_operate.html?command=get_materiel&rest_code=00141&code=00101008355&supplier_code=00100007&order_time=2021-12-09 HTTP/1.1" 200 408
180.169.147.146 - - [09/Dec/2021:10:07:22 +0800] "GET /xingrg/all/function/internal_message.html?_=1639015640138&CODE_STATE=getMsg HTTP/1.1" 200 27
222.70.176.97 - - [09/Dec/2021:10:07:24 +0800] "GET /xingrg/all/function/internal_message.html?_=1639015640567&CODE_STATE=getMsg HTTP/1.1" 200 27
58.37.8.98 - - [09/Dec/2021:10:07:27 +0800] "GET /xingrg/all/function/internal_message.html?_=1639015463607&CODE_STATE=getMsg HTTP/1.1" 200 27
116.229.213.191 - - [09/Dec/2021:10:07:27 +0800] "GET /xingrg/check_reg.html?_=1639015648345 HTTP/1.1" 200 22
116.229.213.191 - - [09/Dec/2021:10:07:27 +0800] "GET /xingrg/all/function/internal_message.html?_=1639015648341&CODE_STATE=getMsg HTTP/1.1" 200 27
101.85.120.86 - - [09/Dec/2021:10:07:29 +0800] "GET /xingrg/kc/buy/cgsh_order_operate.html?command=get_materiel&rest_code=00142&code=00101008275&supplier_code=00100161&order_time=2021-12-09 HTTP/1.1" 200 417
58.37.8.98 - - [09/Dec/2021:10:07:30 +0800] "GET /xingrg/kc/buy/cgsh_order_operate.html?command=get_materiel&rest_code=00141&code=00101008199&supplier_code=00100007&order_time=2021-12-09 HTTP/1.1" 200 408
58.39.139.200 - - [09/Dec/2021:10:07:34 +0800] "GET /xingrg/kc/buy/cgsh_order_operate.html?command=get_materiel&rest_code=00105&code=00101006177&supplier_code=00100012&order_time=2021-12-09 HTTP/1.1" 200 409
120.253.135.82 - - [09/Dec/2021:10:07:35 +0800] "GET /xingrg/check_reg.html?_=1639015786313 HTTP/1.1" 200 22
116.238.248.233 - - [09/Dec/2021:10:07:35 +0800] "GET /xingrg/kc/buy/cgsh_order_add.html HTTP/1.1" 200 64822
172.20.0.100 - - [09/Dec/2021:10:07:35 +0800] "GET /xingrg/all/function/internal_message.html?_=1639015653667&CODE_STATE=getMsg HTTP/1.1" 200 27
172.20.0.100 - - [09/Dec/2021:10:07:35 +0800] "GET /xingrg/check_reg.html?_=1639015653671 HTTP/1.1" 200 22
116.238.248.233 - - [09/Dec/2021:10:07:36 +0800] "POST /xingrg/kc/buy/cgsh_order_operate.html HTTP/1.1" 200 8245
116.238.248.233 - - [09/Dec/2021:10:07:36 +0800] "GET /xingrg/javascript/easyui/themes/default/validatebox.css HTTP/1.1" 404 1104
120.253.135.82 - - [09/Dec/2021:10:07:37 +0800] "GET /xingrg/all/function/internal_message.html?_=1639015788043&CODE_STATE=getMsg HTTP/1.1" 200 27
124.77.240.52 - - [09/Dec/2021:10:07:37 +0800] "GET /xingrg/all/function/internal_message.html?_=1639015669842&CODE_STATE=getMsg HTTP/1.1" 302 -
101.85.120.86 - - [09/Dec/2021:10:07:39 +0800] "GET /xingrg/kc/buy/cgsh_order_operate.html?command=get_materiel&rest_code=00142&code=00101008152&supplier_code=00100161&order_time=2021-12-09 HTTP/1.1" 200 408
101.85.120.86 - - [09/Dec/2021:10:07:41 +0800] "GET /xingrg/check_reg.html?_=1639015660160 HTTP/1.1" 200 22
101.85.120.86 - - [09/Dec/2021:10:07:42 +0800] "GET /xingrg/all/function/internal_message.html?_=1639015660163&CODE_STATE=getMsg HTTP/1.1" 200 27
58.37.8.98 - - [09/Dec/2021:10:07:44 +0800] "POST /xingrg/kc/buy/cgsh_order_operate.html HTTP/1.1" 200 2065
101.85.120.86 - - [09/Dec/2021:10:07:49 +0800] "GET /xingrg/kc/buy/cgsh_order_operate.html?command=get_materiel&rest_code=00142&code=00101015070&supplier_code=00100161&order_time=2021-12-09 HTTP/1.1" 200 413
58.37.8.98 - - [09/Dec/2021:10:07:51 +0800] "GET /xingrg/kc/buy/cgsh_order_operate.html?command=get_materiel&rest_code=00141&code=00101009062&supplier_code=00100007&order_time=2021-12-09 HTTP/1.1" 200 412
114.86.229.104 - - [09/Dec/2021:10:07:53 +0800] "GET /xingrg/all/function/internal_message.html?_=1639015671939&CODE_STATE=getMsg HTTP/1.1" 200 27
116.227.210.113 - - [09/Dec/2021:10:07:54 +0800] "GET /xingrg/all/function/internal_message.html?_=1639015666579&CODE_STATE=getMsg HTTP/1.1" 200 27
116.238.248.233 - - [09/Dec/2021:10:07:56 +0800] "GET /xingrg/all/function/internal_message.html?_=1639015673978&CODE_STATE=getMsg HTTP/1.1" 200 27
180.169.147.146 - - [09/Dec/2021:10:07:58 +0800] "GET /xingrg/all/function/internal_message.html?_=1639015669819&CODE_STATE=getMsg HTTP/1.1" 200 27
116.228.172.94 - - [09/Dec/2021:10:07:59 +0800] "GET /xingrg/all/function/internal_message.html?_=1639015529010&CODE_STATE=getMsg HTTP/1.1" 200 27
101.85.120.86 - - [09/Dec/2021:10:08:00 +0800] "GET /xingrg/kc/buy/cgsh_order_operate.html?command=get_materiel&rest_code=00142&code=00101008323&supplier_code=00100161&order_time=2021-12-09 HTTP/1.1" 200 408
58.39.139.200 - - [09/Dec/2021:10:08:00 +0800] "GET /xingrg/all/function/internal_message.html?_=1639015615887&CODE_STATE=getMsg HTTP/1.1" 200 27
58.39.139.200 - - [09/Dec/2021:10:08:01 +0800] "GET /xingrg/kc/buy/cgsh_order_operate.html?command=get_materiel&rest_code=00105&code=00101010248&supplier_code=00100012&order_time=2021-12-09 HTTP/1.1" 200 430
101.85.120.86 - - [09/Dec/2021:10:08:03 +0800] "POST /xingrg/kc/buy/cgsh_order_operate.html HTTP/1.1" 200 2065
58.39.139.200 - - [09/Dec/2021:10:08:04 +0800] "POST /xingrg/all/common/load_select.html HTTP/1.1" 200 25
58.37.8.98 - - [09/Dec/2021:10:08:06 +0800] "GET /xingrg/kc/buy/cgsh_order_operate.html?command=get_materiel&rest_code=00141&code=00101008323&supplier_code=00100007&order_time=2021-12-09 HTTP/1.1" 200 408
116.229.213.191 - - [09/Dec/2021:10:08:06 +0800] "GET /xingrg/all/function/internal_message.html?_=1639015685964&CODE_STATE=getMsg HTTP/1.1" 200 27
114.83.222.61 - - [09/Dec/2021:10:08:08 +0800] "GET /xingrg/all/function/internal_message.html?_=1639015686611&CODE_STATE=getMsg HTTP/1.1" 200 27
58.39.139.200 - - [09/Dec/2021:10:08:10 +0800] "GET /xingrg/kc/buy/cgsh_order_operate.html?command=get_materiel_price&rest_code=00105&code=00101010248&unit_code=00100043&supplier_code=00100012&order_time=2021-12-09 HTTP/1.1" 200 29
101.85.120.86 - - [09/Dec/2021:10:08:10 +0800] "GET /xingrg/kc/buy/cgsh_order_operate.html?command=get_materiel&rest_code=00142&code=00101012024&supplier_code=00100161&order_time=2021-12-09 HTTP/1.1" 200 408
222.70.176.97 - - [09/Dec/2021:10:08:12 +0800] "GET /xingrg/all/function/internal_message.html?_=1639015359586&CODE_STATE=getMsg HTTP/1.1" 302 -
222.70.176.97 - - [09/Dec/2021:10:08:12 +0800] "GET /xingrg/check_reg.html?_=1639015359588 HTTP/1.1" 302 -
114.85.125.222 - - [09/Dec/2021:10:08:12 +0800] "GET /xingrg/all/function/internal_message.html?_=1639015650968&CODE_STATE=getMsg HTTP/1.1" 200 27
58.37.8.98 - - [09/Dec/2021:10:08:17 +0800] "GET /xingrg/kc/buy/cgsh_order_operate.html?command=get_materiel&rest_code=00141&code=00101008027&supplier_code=00100007&order_time=2021-12-09 HTTP/1.1" 200 408
180.169.147.146 - - [09/Dec/2021:10:08:22 +0800] "GET /xingrg/all/function/internal_message.html?_=1639015700146&CODE_STATE=getMsg HTTP/1.1" 200 27
180.169.147.146 - - [09/Dec/2021:10:08:22 +0800] "GET /xingrg/check_reg.html?_=1639015700149 HTTP/1.1" 200 22
222.70.176.97 - - [09/Dec/2021:10:08:24 +0800] "GET /xingrg/all/function/internal_message.html?_=1639015700566&CODE_STATE=getMsg HTTP/1.1" 200 27
222.70.176.97 - - [09/Dec/2021:10:08:25 +0800] "GET /xingrg/kc/buy/cgsh_order_add.html HTTP/1.1" 200 64854
101.85.120.86 - - [09/Dec/2021:10:08:25 +0800] "GET /xingrg/kc/buy/cgsh_order_operate.html?command=get_materiel&rest_code=00142&code=00101016057&supplier_code=00100161&order_time=2021-12-09 HTTP/1.1" 200 408
222.70.176.97 - - [09/Dec/2021:10:08:25 +0800] "POST /xingrg/kc/buy/cgsh_order_operate.html HTTP/1.1" 200 8245
222.70.176.97 - - [09/Dec/2021:10:08:25 +0800] "GET /xingrg/javascript/easyui/themes/default/validatebox.css HTTP/1.1" 404 1104
58.37.8.98 - - [09/Dec/2021:10:08:27 +0800] "GET /xingrg/all/function/internal_message.html?_=1639015523672&CODE_STATE=getMsg HTTP/1.1" 200 27
116.229.213.191 - - [09/Dec/2021:10:08:27 +0800] "GET /xingrg/all/function/internal_message.html?_=1639015708345&CODE_STATE=getMsg HTTP/1.1" 200 27
222.70.176.97 - - [09/Dec/2021:10:08:28 +0800] "GET /xingrg/javascript/easyui/themes/default/tree.css HTTP/1.1" 404 1090
222.70.176.97 - - [09/Dec/2021:10:08:28 +0800] "POST /xingrg/all/common/load_tree.html?tree=supplier_tree_json&isDelete=1 HTTP/1.1" 200 60927
58.37.8.98 - - [09/Dec/2021:10:08:35 +0800] "GET /xingrg/kc/buy/cgsh_order_operate.html?command=get_materiel&rest_code=00141&code=00101008350&supplier_code=00100007&order_time=2021-12-09 HTTP/1.1" 200 408
172.20.0.100 - - [09/Dec/2021:10:08:35 +0800] "GET /xingrg/all/function/internal_message.html?_=1639015713676&CODE_STATE=getMsg HTTP/1.1" 200 27
101.85.120.86 - - [09/Dec/2021:10:08:36 +0800] "GET /xingrg/kc/buy/cgsh_order_operate.html?command=get_materiel&rest_code=00142&code=00101012051&supplier_code=00100161&order_time=2021-12-09 HTTP/1.1" 200 408
120.253.135.82 - - [09/Dec/2021:10:08:37 +0800] "GET /xingrg/all/function/internal_message.html?_=1639015848055&CODE_STATE=getMsg HTTP/1.1" 200 27
124.77.240.52 - - [09/Dec/2021:10:08:37 +0800] "GET /xingrg/all/function/internal_message.html?_=1639015729861&CODE_STATE=getMsg HTTP/1.1" 302 -
58.37.8.98 - - [09/Dec/2021:10:08:38 +0800] "POST /xingrg/kc/buy/cgsh_order_operate.html HTTP/1.1" 200 2065
101.85.120.86 - - [09/Dec/2021:10:08:42 +0800] "GET /xingrg/all/function/internal_message.html?_=1639015720169&CODE_STATE=getMsg HTTP/1.1" 200 27
101.85.120.86 - - [09/Dec/2021:10:08:45 +0800] "POST /xingrg/kc/buy/cgsh_order_operate.html HTTP/1.1" 200 37
101.85.120.86 - - [09/Dec/2021:10:08:47 +0800] "POST /xingrg/kc/buy/cgsh_order_operate.html HTTP/1.1" 200 19760
101.85.120.86 - - [09/Dec/2021:10:08:52 +0800] "POST /xingrg/kc/buy/cgsh_order_operate.html HTTP/1.1" 200 37
114.86.229.104 - - [09/Dec/2021:10:08:53 +0800] "GET /xingrg/all/function/internal_message.html?_=1639015731943&CODE_STATE=getMsg HTTP/1.1" 200 27
114.86.229.104 - - [09/Dec/2021:10:08:53 +0800] "GET /xingrg/check_reg.html?_=1639015731944 HTTP/1.1" 200 22
101.85.120.86 - - [09/Dec/2021:10:08:54 +0800] "POST /xingrg/kc/buy/cgsh_order_operate.html HTTP/1.1" 200 19760
116.227.210.113 - - [09/Dec/2021:10:08:54 +0800] "GET /xingrg/all/function/internal_message.html?_=1639015726571&CODE_STATE=getMsg HTTP/1.1" 200 27
116.238.248.233 - - [09/Dec/2021:10:08:56 +0800] "GET /xingrg/check_reg.html?_=1639015733975 HTTP/1.1" 200 22
116.238.248.233 - - [09/Dec/2021:10:08:56 +0800] "GET /xingrg/all/function/internal_message.html?_=1639015733979&CODE_STATE=getMsg HTTP/1.1" 200 27
180.169.147.146 - - [09/Dec/2021:10:08:58 +0800] "GET /xingrg/all/function/internal_message.html?_=1639015729829&CODE_STATE=getMsg HTTP/1.1" 200 27
116.228.172.94 - - [09/Dec/2021:10:08:59 +0800] "GET /xingrg/all/function/internal_message.html?_=1639015589017&CODE_STATE=getMsg HTTP/1.1" 200 27
101.85.120.86 - - [09/Dec/2021:10:08:59 +0800] "POST /xingrg/kc/buy/cgsh_order_operate.html HTTP/1.1" 200 37
58.39.139.200 - - [09/Dec/2021:10:09:00 +0800] "GET /xingrg/all/function/internal_message.html?_=1639015675872&CODE_STATE=getMsg HTTP/1.1" 200 27
101.85.120.86 - - [09/Dec/2021:10:09:01 +0800] "POST /xingrg/kc/buy/cgsh_order_operate.html HTTP/1.1" 200 19760
222.70.176.97 - - [09/Dec/2021:10:09:02 +0800] "GET /xingrg/kc/buy/cgsh_order_operate.html?command=get_materiel&rest_code=00111&code=00101007085&supplier_code=00100004&order_time=2021-12-09 HTTP/1.1" 200 413
101.85.120.86 - - [09/Dec/2021:10:09:05 +0800] "POST /xingrg/kc/buy/cgsh_list_operate.html HTTP/1.1" 200 1690
116.229.213.191 - - [09/Dec/2021:10:09:06 +0800] "GET /xingrg/all/function/internal_message.html?_=1639015745973&CODE_STATE=getMsg HTTP/1.1" 200 27
58.37.8.98 - - [09/Dec/2021:10:09:08 +0800] "GET /xingrg/kc/buy/cgsh_order_operate.html?command=get_materiel&rest_code=00141&code=00101008356&supplier_code=00100007&order_time=2021-12-09 HTTP/1.1" 200 408
114.83.222.61 - - [09/Dec/2021:10:09:08 +0800] "GET /xingrg/all/function/internal_message.html?_=1639015746596&CODE_STATE=getMsg HTTP/1.1" 200 27
222.70.176.97 - - [09/Dec/2021:10:09:12 +0800] "GET /xingrg/all/function/internal_message.html?_=1639015419587&CODE_STATE=getMsg HTTP/1.1" 302 -
114.85.125.222 - - [09/Dec/2021:10:09:12 +0800] "GET /xingrg/all/function/internal_message.html?_=1639015710980&CODE_STATE=getMsg HTTP/1.1" 200 27
58.37.8.98 - - [09/Dec/2021:10:09:16 +0800] "GET /xingrg/kc/buy/cgsh_order_operate.html?command=get_materiel&rest_code=00141&code=00101008300&supplier_code=00100007&order_time=2021-12-09 HTTP/1.1" 200 412
180.169.147.146 - - [09/Dec/2021:10:09:22 +0800] "GET /xingrg/all/function/internal_message.html?_=1639015760143&CODE_STATE=getMsg HTTP/1.1" 200 27
222.70.176.97 - - [09/Dec/2021:10:09:24 +0800] "GET /xingrg/all/function/internal_message.html?_=1639015760576&CODE_STATE=getMsg HTTP/1.1" 200 27
222.70.176.97 - - [09/Dec/2021:10:09:25 +0800] "GET /xingrg/kc/buy/cgsh_order_operate.html?command=get_materiel&rest_code=00111&code=00101007077&supplier_code=00100004&order_time=2021-12-09 HTTP/1.1" 200 415
58.37.8.98 - - [09/Dec/2021:10:09:27 +0800] "GET /xingrg/all/function/internal_message.html?_=1639015583742&CODE_STATE=getMsg HTTP/1.1" 200 27
116.229.213.191 - - [09/Dec/2021:10:09:27 +0800] "GET /xingrg/all/function/internal_message.html?_=1639015768346&CODE_STATE=getMsg HTTP/1.1" 200 27
58.37.8.98 - - [09/Dec/2021:10:09:29 +0800] "POST /xingrg/kc/buy/cgsh_order_operate.html HTTP/1.1" 200 2065
114.86.229.104 - - [09/Dec/2021:10:09:32 +0800] "GET /favicon.ico HTTP/1.1" 404 -
58.37.8.98 - - [09/Dec/2021:10:09:35 +0800] "GET /xingrg/kc/buy/cgsh_order_operate.html?command=get_materiel&rest_code=00141&code=00101008251&supplier_code=00100007&order_time=2021-12-09 HTTP/1.1" 200 408
172.20.0.100 - - [09/Dec/2021:10:09:35 +0800] "GET /xingrg/all/function/internal_message.html?_=1639015773673&CODE_STATE=getMsg HTTP/1.1" 200 27
120.253.135.82 - - [09/Dec/2021:10:09:37 +0800] "GET /xingrg/all/function/internal_message.html?_=1639015908072&CODE_STATE=getMsg HTTP/1.1" 200 27
124.77.240.52 - - [09/Dec/2021:10:09:37 +0800] "GET /xingrg/all/function/internal_message.html?_=1639015789869&CODE_STATE=getMsg HTTP/1.1" 302 -
58.39.139.200 - - [09/Dec/2021:10:09:38 +0800] "GET /xingrg/kc/buy/cgsh_order_operate.html?command=get_materiel&rest_code=00105&code=00101006106&supplier_code=00100012&order_time=2021-12-09 HTTP/1.1" 200 421
101.85.120.86 - - [09/Dec/2021:10:09:42 +0800] "GET /xingrg/all/function/internal_message.html?_=1639015780163&CODE_STATE=getMsg HTTP/1.1" 200 27
222.70.176.97 - - [09/Dec/2021:10:09:42 +0800] "GET /xingrg/kc/buy/cgsh_order_operate.html?command=get_materiel&rest_code=00111&code=00101007059&supplier_code=00100004&order_time=2021-12-09 HTTP/1.1" 200 409
114.86.229.104 - - [09/Dec/2021:10:09:53 +0800] "GET /xingrg/all/function/internal_message.html?_=1639015791948&CODE_STATE=getMsg HTTP/1.1" 200 27
116.227.210.113 - - [09/Dec/2021:10:09:54 +0800] "GET /xingrg/check_reg.html?_=1639015786559 HTTP/1.1" 200 22
116.227.210.113 - - [09/Dec/2021:10:09:54 +0800] "GET /xingrg/all/function/internal_message.html?_=1639015786560&CODE_STATE=getMsg HTTP/1.1" 200 27
116.238.248.233 - - [09/Dec/2021:10:09:56 +0800] "GET /xingrg/all/function/internal_message.html?_=1639015793970&CODE_STATE=getMsg HTTP/1.1" 200 27
116.238.248.233 - - [09/Dec/2021:10:09:57 +0800] "POST /xingrg/kc/buy/cgsh_order_operate.html HTTP/1.1" 200 37
180.169.147.146 - - [09/Dec/2021:10:09:58 +0800] "GET /xingrg/all/function/internal_message.html?_=1639015789812&CODE_STATE=getMsg HTTP/1.1" 200 27
58.37.8.98 - - [09/Dec/2021:10:09:58 +0800] "GET /xingrg/kc/buy/cgsh_order_operate.html?command=get_materiel&rest_code=00141&code=00101008298&supplier_code=00100007&order_time=2021-12-09 HTTP/1.1" 200 412
180.169.147.146 - - [09/Dec/2021:10:09:59 +0800] "GET /xingrg/check_reg.html?_=1639015790126 HTTP/1.1" 200 22
222.70.176.97 - - [09/Dec/2021:10:09:59 +0800] "GET /xingrg/kc/buy/cgsh_order_operate.html?command=get_materiel&rest_code=00111&code=00101007081&supplier_code=00100004&order_time=2021-12-09 HTTP/1.1" 200 415
116.228.172.94 - - [09/Dec/2021:10:09:59 +0800] "GET /xingrg/all/function/internal_message.html?_=1639015649027&CODE_STATE=getMsg HTTP/1.1" 200 27
58.39.139.200 - - [09/Dec/2021:10:10:00 +0800] "GET /xingrg/all/function/internal_message.html?_=1639015735850&CODE_STATE=getMsg HTTP/1.1" 200 27
116.238.248.233 - - [09/Dec/2021:10:10:01 +0800] "POST /xingrg/kc/buy/cgsh_order_operate.html HTTP/1.1" 200 12
58.39.139.200 - - [09/Dec/2021:10:10:01 +0800] "GET /xingrg/check_reg.html?_=1639015737074 HTTP/1.1" 200 22
116.238.248.233 - - [09/Dec/2021:10:10:02 +0800] "GET /xingrg/kc/buy/cgsh_order_info.html?code=212021120903400 HTTP/1.1" 200 59723
116.238.248.233 - - [09/Dec/2021:10:10:03 +0800] "GET /xingrg/javascript/easyui/themes/default/validatebox.css HTTP/1.1" 404 1104
58.39.139.200 - - [09/Dec/2021:10:10:03 +0800] "GET /xingrg/kc/buy/cgsh_order_operate.html?command=get_materiel&rest_code=00105&code=00101006112&supplier_code=00100012&order_time=2021-12-09 HTTP/1.1" 200 409
116.238.248.233 - - [09/Dec/2021:10:10:04 +0800] "POST /xingrg/kc/buy/cgsh_order_operate.html HTTP/1.1" 200 609
116.238.248.233 - - [09/Dec/2021:10:10:05 +0800] "GET /xingrg/kc/print/load_data.html?order_code=212021120903400&kc_code=cgsh&condition= HTTP/1.1" 200 685
116.229.213.191 - - [09/Dec/2021:10:10:06 +0800] "GET /xingrg/check_reg.html?_=1639015805571 HTTP/1.1" 200 22
116.229.213.191 - - [09/Dec/2021:10:10:06 +0800] "GET /xingrg/all/function/internal_message.html?_=1639015805986&CODE_STATE=getMsg HTTP/1.1" 200 27
58.37.8.98 - - [09/Dec/2021:10:10:07 +0800] "GET /xingrg/kc/buy/cgsh_order_operate.html?command=get_materiel&rest_code=00141&code=00101008276&supplier_code=00100007&order_time=2021-12-09 HTTP/1.1" 200 412
114.83.222.61 - - [09/Dec/2021:10:10:08 +0800] "GET /xingrg/all/function/internal_message.html?_=1639015806591&CODE_STATE=getMsg HTTP/1.1" 200 27
58.37.8.98 - - [09/Dec/2021:10:10:10 +0800] "POST /xingrg/kc/buy/cgsh_order_operate.html HTTP/1.1" 200 2065
114.85.125.222 - - [09/Dec/2021:10:10:11 +0800] "GET /xingrg/check_reg.html?_=1639015770094 HTTP/1.1" 200 22
222.70.176.97 - - [09/Dec/2021:10:10:12 +0800] "GET /xingrg/all/function/internal_message.html?_=1639015479586&CODE_STATE=getMsg HTTP/1.1" 302 -
114.85.125.222 - - [09/Dec/2021:10:10:12 +0800] "GET /xingrg/all/function/internal_message.html?_=1639015770993&CODE_STATE=getMsg HTTP/1.1" 200 27
222.70.176.97 - - [09/Dec/2021:10:10:16 +0800] "POST /xingrg/kc/buy/cgsh_order_operate.html HTTP/1.1" 200 37
58.37.8.98 - - [09/Dec/2021:10:10:17 +0800] "GET /xingrg/kc/buy/cgsh_order_operate.html?command=get_materiel&rest_code=00141&code=00101008403&supplier_code=00100007&order_time=2021-12-09 HTTP/1.1" 200 412
222.70.176.97 - - [09/Dec/2021:10:10:18 +0800] "POST /xingrg/kc/buy/cgsh_order_operate.html HTTP/1.1" 200 4437
222.70.176.97 - - [09/Dec/2021:10:10:20 +0800] "GET /xingrg/kc/print/load_data.html?order_code=212021120903401&kc_code=cgsh&condition= HTTP/1.1" 200 1404
180.169.147.146 - - [09/Dec/2021:10:10:22 +0800] "GET /xingrg/all/function/internal_message.html?_=1639015820143&CODE_STATE=getMsg HTTP/1.1" 200 27
222.70.176.97 - - [09/Dec/2021:10:10:24 +0800] "GET /xingrg/check_reg.html?_=1639015820590 HTTP/1.1" 200 22
222.70.176.97 - - [09/Dec/2021:10:10:24 +0800] "GET /xingrg/all/function/internal_message.html?_=1639015820592&CODE_STATE=getMsg HTTP/1.1" 200 27
58.37.8.98 - - [09/Dec/2021:10:10:27 +0800] "GET /xingrg/all/function/internal_message.html?_=1639015643631&CODE_STATE=getMsg HTTP/1.1" 200 27
116.229.213.191 - - [09/Dec/2021:10:10:27 +0800] "GET /xingrg/all/function/internal_message.html?_=1639015828347&CODE_STATE=getMsg HTTP/1.1" 200 27
58.37.8.98 - - [09/Dec/2021:10:10:31 +0800] "GET /xingrg/kc/buy/cgsh_order_operate.html?command=get_materiel&rest_code=00141&code=00101008372&supplier_code=00100007&order_time=2021-12-09 HTTP/1.1" 200 410
172.20.0.100 - - [09/Dec/2021:10:10:35 +0800] "GET /xingrg/all/function/internal_message.html?_=1639015833678&CODE_STATE=getMsg HTTP/1.1" 200 27
124.77.240.52 - - [09/Dec/2021:10:10:36 +0800] "GET /xingrg/check_reg.html?_=1639015848123 HTTP/1.1" 302 -
120.253.135.82 - - [09/Dec/2021:10:10:37 +0800] "GET /xingrg/all/function/internal_message.html?_=1639015968101&CODE_STATE=getMsg HTTP/1.1" 200 27
124.77.240.52 - - [09/Dec/2021:10:10:37 +0800] "GET /xingrg/all/function/internal_message.html?_=1639015849884&CODE_STATE=getMsg HTTP/1.1" 302 -
58.39.139.200 - - [09/Dec/2021:10:10:39 +0800] "GET /xingrg/kc/buy/cgsh_order_operate.html?command=get_materiel&rest_code=00105&code=00101007044&supplier_code=00100012&order_time=2021-12-09 HTTP/1.1" 200 422
58.37.8.98 - - [09/Dec/2021:10:10:41 +0800] "GET /xingrg/kc/buy/cgsh_order_operate.html?command=get_materiel&rest_code=00141&code=00101009054&supplier_code=00100007&order_time=2021-12-09 HTTP/1.1" 200 412
101.85.120.86 - - [09/Dec/2021:10:10:42 +0800] "GET /xingrg/all/function/internal_message.html?_=1639015840164&CODE_STATE=getMsg HTTP/1.1" 200 27
114.84.2.174 - - [09/Dec/2021:10:10:50 +0800] "POST /xingrg/services/DataTransmitService HTTP/1.1" 200 524
114.86.229.104 - - [09/Dec/2021:10:10:53 +0800] "GET /xingrg/all/function/internal_message.html?_=1639015851968&CODE_STATE=getMsg HTTP/1.1" 200 27
116.227.210.113 - - [09/Dec/2021:10:10:54 +0800] "GET /xingrg/all/function/internal_message.html?_=1639015846565&CODE_STATE=getMsg HTTP/1.1" 200 27
222.69.132.164 - - [09/Dec/2021:10:10:55 +0800] "POST /xingrg/login.do HTTP/1.1" 302 -
222.69.132.164 - - [09/Dec/2021:10:10:55 +0800] "GET /xingrg/index.html?sysBaseUrl=http%3A%2F%2F180.169.147.146%3A18081%2Fxingrg%2F&costTime=785×tamp=1639015855698 HTTP/1.1" 200 17179
222.69.132.164 - - [09/Dec/2021:10:10:55 +0800] "GET /favicon.ico HTTP/1.1" 404 -
222.69.132.164 - - [09/Dec/2021:10:10:56 +0800] "GET /xingrg/check_reg.html?_=1639015871126 HTTP/1.1" 200 22
222.69.132.164 - - [09/Dec/2021:10:10:56 +0800] "GET /xingrg/all/function/internal_message.html?_=1639015871125&CODE_STATE=count HTTP/1.1" 200 11
222.69.132.164 - - [09/Dec/2021:10:10:56 +0800] "POST /xingrg/all/common/load_tree.html?tree=area_rest_tree_json&manage=1 HTTP/1.1" 200 351
116.238.248.233 - - [09/Dec/2021:10:10:56 +0800] "GET /xingrg/all/function/internal_message.html?_=1639015853984&CODE_STATE=getMsg HTTP/1.1" 200 27
222.69.132.164 - - [09/Dec/2021:10:10:56 +0800] "POST /xingrg/load_menu.html HTTP/1.1" 200 5138
180.169.147.146 - - [09/Dec/2021:10:10:58 +0800] "GET /xingrg/all/function/internal_message.html?_=1639015849798&CODE_STATE=getMsg HTTP/1.1" 200 27
116.228.172.94 - - [09/Dec/2021:10:10:59 +0800] "GET /xingrg/all/function/internal_message.html?_=1639015709013&CODE_STATE=getMsg HTTP/1.1" 200 27
58.39.139.200 - - [09/Dec/2021:10:11:00 +0800] "GET /xingrg/all/function/internal_message.html?_=1639015795834&CODE_STATE=getMsg HTTP/1.1" 200 27
116.229.213.191 - - [09/Dec/2021:10:11:06 +0800] "GET /xingrg/all/function/internal_message.html?_=1639015866000&CODE_STATE=getMsg HTTP/1.1" 200 27
114.83.222.61 - - [09/Dec/2021:10:11:08 +0800] "GET /xingrg/all/function/internal_message.html?_=1639015866566&CODE_STATE=getMsg HTTP/1.1" 200 27
222.70.176.97 - - [09/Dec/2021:10:11:12 +0800] "GET /xingrg/all/function/internal_message.html?_=1639015539587&CODE_STATE=getMsg HTTP/1.1" 302 -
114.85.125.222 - - [09/Dec/2021:10:11:12 +0800] "GET /xingrg/all/function/internal_message.html?_=1639015831007&CODE_STATE=getMsg HTTP/1.1" 200 27
58.37.8.98 - - [09/Dec/2021:10:11:18 +0800] "POST /xingrg/kc/buy/cgsh_order_operate.html HTTP/1.1" 200 2065
180.169.147.146 - - [09/Dec/2021:10:11:22 +0800] "GET /xingrg/all/function/internal_message.html?_=1639015880146&CODE_STATE=getMsg HTTP/1.1" 200 27
222.70.176.97 - - [09/Dec/2021:10:11:24 +0800] "GET /xingrg/all/function/internal_message.html?_=1639015880571&CODE_STATE=getMsg HTTP/1.1" 200 27
58.37.8.98 - - [09/Dec/2021:10:11:27 +0800] "GET /xingrg/all/function/internal_message.html?_=1639015703612&CODE_STATE=getMsg HTTP/1.1" 200 27
116.229.213.191 - - [09/Dec/2021:10:11:27 +0800] "GET /xingrg/all/function/internal_message.html?_=1639015888348&CODE_STATE=getMsg HTTP/1.1" 200 27
58.37.8.98 - - [09/Dec/2021:10:11:27 +0800] "GET /xingrg/check_reg.html?_=1639015703878 HTTP/1.1" 200 22
58.37.8.98 - - [09/Dec/2021:10:11:31 +0800] "GET /xingrg/kc/buy/cgsh_order_operate.html?command=get_materiel&rest_code=00141&code=00101015060&supplier_code=00100007&order_time=2021-12-09 HTTP/1.1" 200 412
172.20.0.100 - - [09/Dec/2021:10:11:35 +0800] "GET /xingrg/all/function/internal_message.html?_=1639015893668&CODE_STATE=getMsg HTTP/1.1" 200 27
120.253.135.82 - - [09/Dec/2021:10:11:37 +0800] "GET /xingrg/all/function/internal_message.html?_=1639016028112&CODE_STATE=getMsg HTTP/1.1" 200 27
124.77.240.52 - - [09/Dec/2021:10:11:37 +0800] "GET /xingrg/all/function/internal_message.html?_=1639015909903&CODE_STATE=getMsg HTTP/1.1" 302 -
58.39.139.200 - - [09/Dec/2021:10:11:41 +0800] "POST /xingrg/kc/buy/cgsh_order_operate.html HTTP/1.1" 200 37
101.85.120.86 - - [09/Dec/2021:10:11:42 +0800] "GET /xingrg/all/function/internal_message.html?_=1639015900163&CODE_STATE=getMsg HTTP/1.1" 200 27
58.39.139.200 - - [09/Dec/2021:10:11:42 +0800] "POST /xingrg/kc/buy/cgsh_order_operate.html HTTP/1.1" 200 6273
58.37.8.98 - - [09/Dec/2021:10:11:44 +0800] "GET /xingrg/kc/buy/cgsh_order_operate.html?command=get_materiel&rest_code=00141&code=00101008114&supplier_code=00100007&order_time=2021-12-09 HTTP/1.1" 200 412
58.39.139.200 - - [09/Dec/2021:10:11:45 +0800] "GET /xingrg/kc/print/load_data.html?order_code=212021120903402&kc_code=cgsh&condition= HTTP/1.1" 200 2182
222.69.132.164 - - [09/Dec/2021:10:11:51 +0800] "GET /xingrg/kc/mdqp/pssh_order_list.html HTTP/1.1" 200 16913
222.69.132.164 - - [09/Dec/2021:10:11:51 +0800] "POST /xingrg/kc/mdqp/pssh_list_operate.html HTTP/1.1" 200 5421
58.37.8.98 - - [09/Dec/2021:10:11:51 +0800] "GET /xingrg/kc/buy/cgsh_order_operate.html?command=get_materiel&rest_code=00141&code=00101008558&supplier_code=00100007&order_time=2021-12-09 HTTP/1.1" 200 395
114.86.229.104 - - [09/Dec/2021:10:11:53 +0800] "GET /xingrg/all/function/internal_message.html?_=1639015911957&CODE_STATE=getMsg HTTP/1.1" 200 27
222.69.132.164 - - [09/Dec/2021:10:11:53 +0800] "POST /xingrg/kc/mdqp/pssh_list_operate.html HTTP/1.1" 200 812
222.69.132.164 - - [09/Dec/2021:10:11:54 +0800] "GET /xingrg/kc/mdqp/pssh_order_info.html?code=312021120700197 HTTP/1.1" 200 17301
222.69.132.164 - - [09/Dec/2021:10:11:54 +0800] "GET /xingrg/javascript/jquery_tools/jquery-1.4.2.min.js HTTP/1.1" 404 1094
222.69.132.164 - - [09/Dec/2021:10:11:54 +0800] "GET /xingrg/words/20211207094324_words.js HTTP/1.1" 304 -
58.37.8.98 - - [09/Dec/2021:10:11:54 +0800] "POST /xingrg/kc/buy/cgsh_order_operate.html HTTP/1.1" 200 2065
116.227.210.113 - - [09/Dec/2021:10:11:54 +0800] "GET /xingrg/all/function/internal_message.html?_=1639015906580&CODE_STATE=getMsg HTTP/1.1" 200 27
222.69.132.164 - - [09/Dec/2021:10:11:54 +0800] "GET /xingrg/javascript/easyui/themes/icons/back_new.png HTTP/1.1" 200 3414
222.69.132.164 - - [09/Dec/2021:10:11:54 +0800] "GET /xingrg/javascript/easyui/themes/default/validatebox.css HTTP/1.1" 404 1104
222.69.132.164 - - [09/Dec/2021:10:11:54 +0800] "GET /xingrg/all/common/auto_word.html?type=employee&rest_code=00154 HTTP/1.1" 200 101
222.69.132.164 - - [09/Dec/2021:10:11:54 +0800] "GET /xingrg/all/common/auto_word.html?type=base&rest_code=00154&rest_code=00154 HTTP/1.1" 200 781
222.69.132.164 - - [09/Dec/2021:10:11:54 +0800] "POST /xingrg/kc/mdqp/pssh_order_operate.html HTTP/1.1" 200 4815
222.69.132.164 - - [09/Dec/2021:10:11:56 +0800] "GET /xingrg/all/function/internal_message.html?_=1639015931137&CODE_STATE=getMsg HTTP/1.1" 200 27
116.238.248.233 - - [09/Dec/2021:10:11:56 +0800] "GET /xingrg/all/function/internal_message.html?_=1639015913985&CODE_STATE=getMsg HTTP/1.1" 200 27
180.169.147.146 - - [09/Dec/2021:10:11:58 +0800] "GET /xingrg/all/function/internal_message.html?_=1639015909782&CODE_STATE=getMsg HTTP/1.1" 200 27
116.228.172.94 - - [09/Dec/2021:10:11:59 +0800] "GET /xingrg/all/function/internal_message.html?_=1639015769030&CODE_STATE=getMsg HTTP/1.1" 200 27
116.228.172.94 - - [09/Dec/2021:10:11:59 +0800] "GET /xingrg/check_reg.html?_=1639015769033 HTTP/1.1" 200 22
58.37.8.98 - - [09/Dec/2021:10:11:59 +0800] "GET /xingrg/kc/buy/cgsh_order_operate.html?command=get_materiel&rest_code=00141&code=00101020131&supplier_code=00100007&order_time=2021-12-09 HTTP/1.1" 200 416
58.39.139.200 - - [09/Dec/2021:10:12:00 +0800] "GET /xingrg/all/function/internal_message.html?_=1639015855813&CODE_STATE=getMsg HTTP/1.1" 200 27
116.238.248.233 - - [09/Dec/2021:10:12:01 +0800] "GET /xingrg/kc/buy/cgsh_order_add.html HTTP/1.1" 200 64822
116.238.248.233 - - [09/Dec/2021:10:12:01 +0800] "POST /xingrg/kc/buy/cgsh_order_operate.html HTTP/1.1" 200 8245
116.238.248.233 - - [09/Dec/2021:10:12:01 +0800] "GET /xingrg/javascript/easyui/themes/default/validatebox.css HTTP/1.1" 404 1104
222.69.132.164 - - [09/Dec/2021:10:12:06 +0800] "GET /xingrg/css/images/panel_loading.gif HTTP/1.1" 200 1737
222.69.132.164 - - [09/Dec/2021:10:12:06 +0800] "POST /xingrg/all/common/load_combo.html?type=base&rest_code=00154 HTTP/1.1" 200 1403
116.229.213.191 - - [09/Dec/2021:10:12:06 +0800] "GET /xingrg/all/function/internal_message.html?_=1639015926013&CODE_STATE=getMsg HTTP/1.1" 200 27
114.83.222.61 - - [09/Dec/2021:10:12:08 +0800] "GET /xingrg/all/function/internal_message.html?_=1639015926554&CODE_STATE=getMsg HTTP/1.1" 200 27
58.37.8.98 - - [09/Dec/2021:10:12:09 +0800] "GET /xingrg/kc/buy/cgsh_order_operate.html?command=get_materiel&rest_code=00141&code=00101008469&supplier_code=00100007&order_time=2021-12-09 HTTP/1.1" 200 398
114.83.222.61 - - [09/Dec/2021:10:12:10 +0800] "GET /xingrg/check_reg.html?_=1639015928256 HTTP/1.1" 200 22
222.69.132.164 - - [09/Dec/2021:10:12:11 +0800] "POST /xingrg/all/common/load_combo.html?type=employee HTTP/1.1" 200 186
222.70.176.97 - - [09/Dec/2021:10:12:12 +0800] "GET /xingrg/all/function/internal_message.html?_=1639015599586&CODE_STATE=getMsg HTTP/1.1" 302 -
114.85.125.222 - - [09/Dec/2021:10:12:12 +0800] "GET /xingrg/all/function/internal_message.html?_=1639015891021&CODE_STATE=getMsg HTTP/1.1" 200 27
222.69.132.164 - - [09/Dec/2021:10:12:21 +0800] "POST /xingrg/kc/mdqp/pssh_order_operate.html HTTP/1.1" 200 37
180.169.147.146 - - [09/Dec/2021:10:12:22 +0800] "GET /xingrg/all/function/internal_message.html?_=1639015940142&CODE_STATE=getMsg HTTP/1.1" 200 27
222.69.132.164 - - [09/Dec/2021:10:12:23 +0800] "POST /xingrg/kc/mdqp/pssh_order_operate.html HTTP/1.1" 200 12
222.70.176.97 - - [09/Dec/2021:10:12:24 +0800] "GET /xingrg/all/function/internal_message.html?_=1639015940570&CODE_STATE=getMsg HTTP/1.1" 200 27
58.37.8.98 - - [09/Dec/2021:10:12:24 +0800] "GET /xingrg/kc/buy/cgsh_order_operate.html?command=get_materiel&rest_code=00141&code=00101009016&supplier_code=00100007&order_time=2021-12-09 HTTP/1.1" 200 412
116.238.248.233 - - [09/Dec/2021:10:12:25 +0800] "GET /xingrg/kc/buy/cgsh_order_operate.html?command=get_materiel&rest_code=00150&code=00102006954&supplier_code=00100079&order_time=2021-12-09 HTTP/1.1" 200 411
222.69.132.164 - - [09/Dec/2021:10:12:25 +0800] "GET /xingrg/kc/mdqp/pssh_order_info.html?code=312021120700197 HTTP/1.1" 200 14390
222.69.132.164 - - [09/Dec/2021:10:12:25 +0800] "GET /xingrg/javascript/jquery_tools/jquery-1.4.2.min.js HTTP/1.1" 404 1094
222.69.132.164 - - [09/Dec/2021:10:12:25 +0800] "GET /xingrg/javascript/easyui/themes/icons/uncheck_new.png HTTP/1.1" 200 3197
222.69.132.164 - - [09/Dec/2021:10:12:25 +0800] "GET /xingrg/javascript/easyui/themes/default/validatebox.css HTTP/1.1" 404 1104
222.69.132.164 - - [09/Dec/2021:10:12:25 +0800] "POST /xingrg/kc/mdqp/pssh_order_operate.html HTTP/1.1" 200 4815
58.37.8.98 - - [09/Dec/2021:10:12:27 +0800] "GET /xingrg/all/function/internal_message.html?_=1639015763701&CODE_STATE=getMsg HTTP/1.1" 200 27
116.229.213.191 - - [09/Dec/2021:10:12:27 +0800] "GET /xingrg/check_reg.html?_=1639015948350 HTTP/1.1" 200 22
116.229.213.191 - - [09/Dec/2021:10:12:27 +0800] "GET /xingrg/all/function/internal_message.html?_=1639015948354&CODE_STATE=getMsg HTTP/1.1" 200 27
222.69.132.164 - - [09/Dec/2021:10:12:29 +0800] "POST /xingrg/kc/mdqp/pssh_list_operate.html HTTP/1.1" 200 264
222.69.132.164 - - [09/Dec/2021:10:12:29 +0800] "GET /xingrg/kc/mdqp/pssh_order_info.html?code=312021120700198 HTTP/1.1" 200 17301
222.69.132.164 - - [09/Dec/2021:10:12:29 +0800] "GET /xingrg/javascript/jquery_tools/jquery-1.4.2.min.js HTTP/1.1" 404 1094
222.69.132.164 - - [09/Dec/2021:10:12:30 +0800] "GET /xingrg/javascript/easyui/themes/default/validatebox.css HTTP/1.1" 404 1104
222.69.132.164 - - [09/Dec/2021:10:12:30 +0800] "POST /xingrg/kc/mdqp/pssh_order_operate.html HTTP/1.1" 200 549
58.37.8.98 - - [09/Dec/2021:10:12:32 +0800] "GET /xingrg/kc/buy/cgsh_order_operate.html?command=get_materiel&rest_code=00141&code=00101009013&supplier_code=00100007&order_time=2021-12-09 HTTP/1.1" 200 422
222.69.132.164 - - [09/Dec/2021:10:12:35 +0800] "POST /xingrg/all/common/load_combo.html?type=base&rest_code=00154 HTTP/1.1" 200 1403
120.253.135.82 - - [09/Dec/2021:10:12:35 +0800] "GET /xingrg/check_reg.html?_=1639016086338 HTTP/1.1" 200 22
172.20.0.100 - - [09/Dec/2021:10:12:35 +0800] "GET /xingrg/all/function/internal_message.html?_=1639015953675&CODE_STATE=getMsg HTTP/1.1" 200 27
172.20.0.100 - - [09/Dec/2021:10:12:35 +0800] "GET /xingrg/check_reg.html?_=1639015953678 HTTP/1.1" 200 22
120.253.135.82 - - [09/Dec/2021:10:12:37 +0800] "GET /xingrg/all/function/internal_message.html?_=1639016088125&CODE_STATE=getMsg HTTP/1.1" 200 27
124.77.240.52 - - [09/Dec/2021:10:12:37 +0800] "GET /xingrg/all/function/internal_message.html?_=1639015969910&CODE_STATE=getMsg HTTP/1.1" 302 -
222.69.132.164 - - [09/Dec/2021:10:12:38 +0800] "POST /xingrg/all/common/load_combo.html?type=employee HTTP/1.1" 200 186
116.238.248.233 - - [09/Dec/2021:10:12:39 +0800] "POST /xingrg/kc/buy/cgsh_order_operate.html HTTP/1.1" 200 37
101.85.120.86 - - [09/Dec/2021:10:12:42 +0800] "GET /xingrg/check_reg.html?_=1639015960164 HTTP/1.1" 200 22
101.85.120.86 - - [09/Dec/2021:10:12:42 +0800] "GET /xingrg/all/function/internal_message.html?_=1639015960166&CODE_STATE=getMsg HTTP/1.1" 200 27
58.37.8.98 - - [09/Dec/2021:10:12:42 +0800] "GET /xingrg/kc/buy/cgsh_order_operate.html?command=get_materiel&rest_code=00141&code=00101009107&supplier_code=00100007&order_time=2021-12-09 HTTP/1.1" 200 396
222.69.132.164 - - [09/Dec/2021:10:12:44 +0800] "POST /xingrg/kc/mdqp/pssh_order_operate.html HTTP/1.1" 200 37
116.238.248.233 - - [09/Dec/2021:10:12:44 +0800] "POST /xingrg/kc/buy/cgsh_order_operate.html HTTP/1.1" 200 12
116.238.248.233 - - [09/Dec/2021:10:12:46 +0800] "GET /xingrg/kc/buy/cgsh_order_info.html?code=212021120903403 HTTP/1.1" 200 59725
222.69.132.164 - - [09/Dec/2021:10:12:46 +0800] "POST /xingrg/kc/mdqp/pssh_order_operate.html HTTP/1.1" 200 12
116.238.248.233 - - [09/Dec/2021:10:12:46 +0800] "GET /xingrg/javascript/easyui/themes/default/validatebox.css HTTP/1.1" 404 1104
116.238.248.233 - - [09/Dec/2021:10:12:47 +0800] "POST /xingrg/kc/buy/cgsh_order_operate.html HTTP/1.1" 200 622
222.69.132.164 - - [09/Dec/2021:10:12:47 +0800] "GET /xingrg/kc/mdqp/pssh_order_info.html?code=312021120700198 HTTP/1.1" 200 14390
222.69.132.164 - - [09/Dec/2021:10:12:48 +0800] "GET /xingrg/javascript/jquery_tools/jquery-1.4.2.min.js HTTP/1.1" 404 1094
222.69.132.164 - - [09/Dec/2021:10:12:48 +0800] "GET /xingrg/javascript/easyui/themes/default/validatebox.css HTTP/1.1" 404 1104
222.69.132.164 - - [09/Dec/2021:10:12:48 +0800] "POST /xingrg/kc/mdqp/pssh_order_operate.html HTTP/1.1" 200 549
116.238.248.233 - - [09/Dec/2021:10:12:48 +0800] "GET /xingrg/kc/print/load_data.html?order_code=212021120903403&kc_code=cgsh&condition= HTTP/1.1" 200 766
58.37.8.98 - - [09/Dec/2021:10:12:50 +0800] "POST /xingrg/kc/buy/cgsh_order_operate.html HTTP/1.1" 200 2065
222.69.132.164 - - [09/Dec/2021:10:12:52 +0800] "POST /xingrg/kc/mdqp/pssh_list_operate.html HTTP/1.1" 200 814
114.86.229.104 - - [09/Dec/2021:10:12:53 +0800] "GET /xingrg/all/function/internal_message.html?_=1639015971959&CODE_STATE=getMsg HTTP/1.1" 200 27
116.227.210.113 - - [09/Dec/2021:10:12:54 +0800] "GET /xingrg/all/function/internal_message.html?_=1639015966584&CODE_STATE=getMsg HTTP/1.1" 200 27
222.69.132.164 - - [09/Dec/2021:10:12:56 +0800] "GET /xingrg/all/function/internal_message.html?_=1639015991136&CODE_STATE=getMsg HTTP/1.1" 200 27
116.238.248.233 - - [09/Dec/2021:10:12:56 +0800] "GET /xingrg/all/function/internal_message.html?_=1639015973993&CODE_STATE=getMsg HTTP/1.1" 200 27
58.37.8.98 - - [09/Dec/2021:10:12:56 +0800] "GET /xingrg/kc/buy/cgsh_order_operate.html?command=get_materiel&rest_code=00141&code=00101015066&supplier_code=00100007&order_time=2021-12-09 HTTP/1.1" 200 413
180.169.147.146 - - [09/Dec/2021:10:12:58 +0800] "GET /xingrg/all/function/internal_message.html?_=1639015969765&CODE_STATE=getMsg HTTP/1.1" 200 27
116.228.172.94 - - [09/Dec/2021:10:12:59 +0800] "GET /xingrg/all/function/internal_message.html?_=1639015829021&CODE_STATE=getMsg HTTP/1.1" 200 27
58.39.139.200 - - [09/Dec/2021:10:13:00 +0800] "GET /xingrg/all/function/internal_message.html?_=1639015915782&CODE_STATE=getMsg HTTP/1.1" 200 27
116.238.248.233 - - [09/Dec/2021:10:13:01 +0800] "GET /xingrg/kc/mdqp/pssh_order_list.html HTTP/1.1" 200 17617
116.238.248.233 - - [09/Dec/2021:10:13:01 +0800] "POST /xingrg/kc/mdqp/pssh_list_operate.html HTTP/1.1" 200 5474
116.238.248.233 - - [09/Dec/2021:10:13:02 +0800] "POST /xingrg/kc/mdqp/pssh_list_operate.html HTTP/1.1" 200 352
116.238.248.233 - - [09/Dec/2021:10:13:04 +0800] "GET /xingrg/kc/mdqp/pssh_order_info.html?code=312021120800225 HTTP/1.1" 200 17272
116.238.248.233 - - [09/Dec/2021:10:13:04 +0800] "GET /xingrg/javascript/jquery_tools/jquery-1.4.2.min.js HTTP/1.1" 404 1094
116.238.248.233 - - [09/Dec/2021:10:13:04 +0800] "GET /xingrg/all/common/auto_word.html?type=base&rest_code=00150&rest_code=00150 HTTP/1.1" 200 1649
116.238.248.233 - - [09/Dec/2021:10:13:04 +0800] "GET /xingrg/javascript/easyui/themes/default/validatebox.css HTTP/1.1" 404 1104
116.238.248.233 - - [09/Dec/2021:10:13:04 +0800] "POST /xingrg/kc/mdqp/pssh_order_operate.html HTTP/1.1" 200 1035
58.37.8.98 - - [09/Dec/2021:10:13:06 +0800] "GET /xingrg/kc/buy/cgsh_order_operate.html?command=get_materiel&rest_code=00141&code=00101009031&supplier_code=00100007&order_time=2021-12-09 HTTP/1.1" 200 410
116.229.213.191 - - [09/Dec/2021:10:13:06 +0800] "GET /xingrg/all/function/internal_message.html?_=1639015986185&CODE_STATE=getMsg HTTP/1.1" 200 27
114.83.222.61 - - [09/Dec/2021:10:13:08 +0800] "GET /xingrg/all/function/internal_message.html?_=1639015986526&CODE_STATE=getMsg HTTP/1.1" 200 27
222.70.176.97 - - [09/Dec/2021:10:13:12 +0800] "GET /xingrg/all/function/internal_message.html?_=1639015659586&CODE_STATE=getMsg HTTP/1.1" 302 -
222.70.176.97 - - [09/Dec/2021:10:13:12 +0800] "GET /xingrg/check_reg.html?_=1639015659587 HTTP/1.1" 302 -
114.85.125.222 - - [09/Dec/2021:10:13:12 +0800] "GET /xingrg/all/function/internal_message.html?_=1639015951081&CODE_STATE=getMsg HTTP/1.1" 200 27
58.37.8.98 - - [09/Dec/2021:10:13:19 +0800] "GET /xingrg/kc/buy/cgsh_order_operate.html?command=get_materiel&rest_code=00141&code=00101020244&supplier_code=00100007&order_time=2021-12-09 HTTP/1.1" 200 435
180.169.147.146 - - [09/Dec/2021:10:13:22 +0800] "GET /xingrg/all/function/internal_message.html?_=1639016000141&CODE_STATE=getMsg HTTP/1.1" 200 27
180.169.147.146 - - [09/Dec/2021:10:13:22 +0800] "GET /xingrg/check_reg.html?_=1639016000146 HTTP/1.1" 200 22
222.70.176.97 - - [09/Dec/2021:10:13:24 +0800] "GET /xingrg/all/function/internal_message.html?_=1639016000571&CODE_STATE=getMsg HTTP/1.1" 200 27
58.37.8.98 - - [09/Dec/2021:10:13:27 +0800] "GET /xingrg/all/function/internal_message.html?_=1639015823561&CODE_STATE=getMsg HTTP/1.1" 200 27
116.229.213.191 - - [09/Dec/2021:10:13:27 +0800] "GET /xingrg/all/function/internal_message.html?_=1639016008340&CODE_STATE=getMsg HTTP/1.1" 200 27
172.20.0.100 - - [09/Dec/2021:10:13:35 +0800] "GET /xingrg/all/function/internal_message.html?_=1639016013663&CODE_STATE=getMsg HTTP/1.1" 200 27
120.253.135.82 - - [09/Dec/2021:10:13:37 +0800] "GET /xingrg/all/function/internal_message.html?_=1639016148139&CODE_STATE=getMsg HTTP/1.1" 200 27
