222.70.176.97 - - [09/Dec/2021:11:00:24 +0800] "GET /xingrg/all/function/internal_message.html?_=1639018820615&CODE_STATE=getMsg HTTP/1.1" 200 27
124.77.240.52 - - [09/Dec/2021:11:00:25 +0800] "POST /xingrg/kc/buy/cgsh_order_operate.html HTTP/1.1" 200 37
58.39.139.200 - - [09/Dec/2021:11:00:25 +0800] "POST /xingrg/kc/buy/cgsh_order_operate.html HTTP/1.1" 200 4438
124.77.240.52 - - [09/Dec/2021:11:00:26 +0800] "POST /xingrg/kc/buy/cgsh_order_operate.html HTTP/1.1" 200 39874
124.77.240.52 - - [09/Dec/2021:11:00:28 +0800] "GET /xingrg/kc/buy/cgsh_order_add.html HTTP/1.1" 200 64904
124.78.153.86 - - [09/Dec/2021:11:00:28 +0800] "POST /xingrg/kc/base/wldb_list_operate.html HTTP/1.1" 200 3349
58.39.139.200 - - [09/Dec/2021:11:00:29 +0800] "GET /xingrg/kc/print/load_data.html?order_code=212021120903420&kc_code=cgsh&condition= HTTP/1.1" 200 1373
124.77.240.52 - - [09/Dec/2021:11:00:29 +0800] "POST /xingrg/kc/buy/cgsh_order_operate.html HTTP/1.1" 200 8245
124.77.240.52 - - [09/Dec/2021:11:00:29 +0800] "GET /xingrg/javascript/easyui/themes/default/validatebox.css HTTP/1.1" 404 1104
124.78.153.86 - - [09/Dec/2021:11:00:29 +0800] "POST /xingrg/kc/base/wldb_list_operate.html HTTP/1.1" 200 201
222.70.176.97 - - [09/Dec/2021:11:00:29 +0800] "GET /xingrg/kc/buy/cgsh_order_operate.html?command=get_materiel&rest_code=00111&code=00101006067&supplier_code=00100042&order_time=2021-12-09 HTTP/1.1" 200 409
101.91.60.11 - - [09/Dec/2021:11:00:30 +0800] "GET /xingrg/kc/base/wldb_order_list.html HTTP/1.1" 302 -
101.91.60.11 - - [09/Dec/2021:11:00:30 +0800] "GET /xingrg/login.html HTTP/1.1" 200 7641
124.78.153.86 - - [09/Dec/2021:11:00:31 +0800] "GET /xingrg/kc/base/wldb_order_info.html?code=422021120900887 HTTP/1.1" 200 30291
124.78.153.86 - - [09/Dec/2021:11:00:31 +0800] "GET /xingrg/javascript/easyui/themes/default/validatebox.css HTTP/1.1" 404 1104
124.78.153.86 - - [09/Dec/2021:11:00:31 +0800] "POST /xingrg/kc/base/wldb_order_operate.html HTTP/1.1" 200 2187
61.151.178.217 - - [09/Dec/2021:11:00:32 +0800] "GET /xingrg/kc/base/base_main.html HTTP/1.1" 302 -
61.151.178.217 - - [09/Dec/2021:11:00:34 +0800] "GET /xingrg/login.html HTTP/1.1" 200 7641
124.78.153.86 - - [09/Dec/2021:11:00:34 +0800] "GET /xingrg/kc/base/wldb_order_operate.html?command=get_materiel&rest_code=00106&base_code=0010397&code=00102001008 HTTP/1.1" 200 426
180.169.147.146 - - [09/Dec/2021:11:00:34 +0800] "GET /xingrg/all/function/internal_message.html?_=1639018832935&CODE_STATE=getMsg HTTP/1.1" 200 27
180.169.147.146 - - [09/Dec/2021:11:00:34 +0800] "GET /xingrg/check_reg.html?_=1639018832936 HTTP/1.1" 200 22
101.91.62.89 - - [09/Dec/2021:11:00:35 +0800] "GET /xingrg/all/common/auto_word.html?type=base&rest_code=00106 HTTP/1.1" 302 -
172.20.0.100 - - [09/Dec/2021:11:00:35 +0800] "GET /xingrg/all/function/internal_message.html?_=1639018833672&CODE_STATE=getMsg HTTP/1.1" 200 27
61.151.207.141 - - [09/Dec/2021:11:00:36 +0800] "GET /xingrg/kc/base/wldb_order_add.html HTTP/1.1" 302 -
101.91.62.89 - - [09/Dec/2021:11:00:37 +0800] "GET /xingrg/login.html HTTP/1.1" 200 7641
222.70.176.97 - - [09/Dec/2021:11:00:38 +0800] "GET /xingrg/kc/buy/cgsh_order_operate.html?command=get_materiel&rest_code=00111&code=00101003025&supplier_code=00100042&order_time=2021-12-09 HTTP/1.1" 200 409
61.151.207.141 - - [09/Dec/2021:11:00:38 +0800] "GET /xingrg/login.html HTTP/1.1" 200 7641
101.85.120.86 - - [09/Dec/2021:11:00:42 +0800] "GET /xingrg/all/function/internal_message.html?_=1639018840238&CODE_STATE=getMsg HTTP/1.1" 200 27
124.78.153.86 - - [09/Dec/2021:11:00:47 +0800] "POST /xingrg/kc/base/wldb_list_operate.html HTTP/1.1" 200 6067
124.78.153.86 - - [09/Dec/2021:11:00:48 +0800] "POST /xingrg/kc/base/wldb_list_operate.html HTTP/1.1" 200 6067
124.77.240.52 - - [09/Dec/2021:11:00:49 +0800] "GET /xingrg/kc/buy/cgsh_order_operate.html?command=get_materiel&rest_code=00146&code=00101019438&supplier_code=00100030&order_time=2021-12-09 HTTP/1.1" 200 445
124.78.153.86 - - [09/Dec/2021:11:00:49 +0800] "POST /xingrg/kc/base/wldb_list_operate.html HTTP/1.1" 200 376
180.169.147.146 - - [09/Dec/2021:11:00:51 +0800] "GET /xingrg/all/function/internal_message.html?_=1639018856500&CODE_STATE=getMsg HTTP/1.1" 200 27
124.78.153.86 - - [09/Dec/2021:11:00:51 +0800] "POST /xingrg/kc/base/wldb_list_operate.html HTTP/1.1" 200 361
116.229.213.191 - - [09/Dec/2021:11:00:53 +0800] "GET /xingrg/all/function/internal_message.html?_=1639018854761&CODE_STATE=getMsg HTTP/1.1" 200 27
114.86.229.104 - - [09/Dec/2021:11:00:54 +0800] "GET /xingrg/all/function/internal_message.html?_=1639018852925&CODE_STATE=getMsg HTTP/1.1" 200 27
116.227.210.113 - - [09/Dec/2021:11:00:54 +0800] "GET /xingrg/all/function/internal_message.html?_=1639018846565&CODE_STATE=getMsg HTTP/1.1" 200 27
124.78.153.86 - - [09/Dec/2021:11:00:55 +0800] "POST /xingrg/kc/base/wldb_list_operate.html HTTP/1.1" 200 593
222.69.132.164 - - [09/Dec/2021:11:00:56 +0800] "GET /xingrg/all/function/internal_message.html?_=1639018871148&CODE_STATE=getMsg HTTP/1.1" 200 27
222.69.132.164 - - [09/Dec/2021:11:00:56 +0800] "GET /xingrg/check_reg.html?_=1639018871152 HTTP/1.1" 200 22
116.238.248.233 - - [09/Dec/2021:11:00:56 +0800] "GET /xingrg/all/function/internal_message.html?_=1639018854226&CODE_STATE=getMsg HTTP/1.1" 200 27
222.70.176.97 - - [09/Dec/2021:11:00:58 +0800] "POST /xingrg/kc/buy/cgsh_order_operate.html HTTP/1.1" 200 37
116.228.172.94 - - [09/Dec/2021:11:00:59 +0800] "GET /xingrg/all/function/internal_message.html?_=1639018709028&CODE_STATE=getMsg HTTP/1.1" 200 27
58.39.139.200 - - [09/Dec/2021:11:00:59 +0800] "GET /xingrg/all/function/internal_message.html?_=1639018795106&CODE_STATE=getMsg HTTP/1.1" 200 27
222.70.176.97 - - [09/Dec/2021:11:01:00 +0800] "POST /xingrg/kc/buy/cgsh_order_operate.html HTTP/1.1" 200 6196
222.70.176.97 - - [09/Dec/2021:11:01:01 +0800] "GET /xingrg/kc/print/load_data.html?order_code=212021120903421&kc_code=cgsh&condition= HTTP/1.1" 200 2038
124.78.153.86 - - [09/Dec/2021:11:01:02 +0800] "GET /xingrg/all/function/internal_message.html?_=1639018868620&CODE_STATE=getMsg HTTP/1.1" 200 27
180.162.115.54 - - [09/Dec/2021:11:01:05 +0800] "GET /xingrg/kc/base/wldb_order_operate.html?command=get_materiel&rest_code=00143&base_code=0010216&code=00101019071 HTTP/1.1" 200 455
61.151.207.205 - - [09/Dec/2021:11:01:07 +0800] "GET /xingrg/all/function/internal_message.html?_=1639018808640&CODE_STATE=getMsg HTTP/1.1" 302 -
114.83.222.61 - - [09/Dec/2021:11:01:07 +0800] "GET /xingrg/all/function/internal_message.html?_=1639018865627&CODE_STATE=getMsg HTTP/1.1" 200 27
61.151.207.205 - - [09/Dec/2021:11:01:08 +0800] "GET /xingrg/login.html HTTP/1.1" 200 7641
124.77.240.52 - - [09/Dec/2021:11:01:09 +0800] "GET /xingrg/kc/buy/cgsh_order_operate.html?command=get_materiel&rest_code=00146&code=00101016076&supplier_code=00100030&order_time=2021-12-09 HTTP/1.1" 200 475
124.78.153.86 - - [09/Dec/2021:11:01:11 +0800] "POST /xingrg/kc/base/wldb_list_operate.html HTTP/1.1" 200 6323
222.70.176.97 - - [09/Dec/2021:11:01:12 +0800] "GET /xingrg/all/function/internal_message.html?_=1639018539586&CODE_STATE=getMsg HTTP/1.1" 302 -
124.78.153.86 - - [09/Dec/2021:11:01:12 +0800] "POST /xingrg/kc/base/wldb_list_operate.html HTTP/1.1" 200 609
114.85.125.222 - - [09/Dec/2021:11:01:13 +0800] "GET /xingrg/all/function/internal_message.html?_=1639018832107&CODE_STATE=getMsg HTTP/1.1" 200 27
124.77.240.52 - - [09/Dec/2021:11:01:15 +0800] "GET /xingrg/all/function/internal_message.html?_=1639018887457&CODE_STATE=getMsg HTTP/1.1" 200 27
61.151.178.249 - - [09/Dec/2021:11:01:16 +0800] "GET /xingrg/kc/base/wldb_order_operate.html?command=get_materiel&rest_code=00106&base_code=0010397&code=00102002448 HTTP/1.1" 302 -
61.151.178.249 - - [09/Dec/2021:11:01:16 +0800] "GET /xingrg/login.html HTTP/1.1" 200 7641
180.162.115.54 - - [09/Dec/2021:11:01:18 +0800] "GET /xingrg/all/function/internal_message.html?_=1639018331281&CODE_STATE=getMsg HTTP/1.1" 200 27
101.89.29.78 - - [09/Dec/2021:11:01:22 +0800] "GET /xingrg/kc/base/wldb_order_info.html?code=422021120900887 HTTP/1.1" 302 -
180.169.147.146 - - [09/Dec/2021:11:01:22 +0800] "GET /xingrg/all/function/internal_message.html?_=1639018880240&CODE_STATE=getMsg HTTP/1.1" 200 27
124.77.240.52 - - [09/Dec/2021:11:01:23 +0800] "POST /xingrg/kc/buy/cgsh_order_operate.html HTTP/1.1" 200 37
222.70.176.97 - - [09/Dec/2021:11:01:24 +0800] "GET /xingrg/all/function/internal_message.html?_=1639018880619&CODE_STATE=getMsg HTTP/1.1" 200 27
101.89.29.78 - - [09/Dec/2021:11:01:24 +0800] "GET /xingrg/login.html HTTP/1.1" 200 7641
124.77.240.52 - - [09/Dec/2021:11:01:25 +0800] "POST /xingrg/kc/buy/cgsh_order_operate.html HTTP/1.1" 200 3320
124.78.153.86 - - [09/Dec/2021:11:01:26 +0800] "GET /xingrg/kc/base/wldb_order_info.html?code=422021120800843 HTTP/1.1" 200 26155
124.78.153.86 - - [09/Dec/2021:11:01:26 +0800] "GET /xingrg/javascript/easyui/themes/default/validatebox.css HTTP/1.1" 404 1104
124.78.153.86 - - [09/Dec/2021:11:01:26 +0800] "POST /xingrg/kc/base/wldb_order_operate.html HTTP/1.1" 200 3315
124.77.240.52 - - [09/Dec/2021:11:01:27 +0800] "GET /xingrg/kc/print/load_data.html?order_code=212021120903422&kc_code=cgsh&condition= HTTP/1.1" 200 1024
180.162.115.54 - - [09/Dec/2021:11:01:27 +0800] "GET /xingrg/kc/base/wldb_order_operate.html?command=get_materiel&rest_code=00143&base_code=0010216&code=00101013011 HTTP/1.1" 200 451
124.78.153.86 - - [09/Dec/2021:11:01:33 +0800] "POST /xingrg/kc/base/wldb_list_operate.html HTTP/1.1" 200 199
180.169.147.146 - - [09/Dec/2021:11:01:34 +0800] "GET /xingrg/all/function/internal_message.html?_=1639018892940&CODE_STATE=getMsg HTTP/1.1" 200 27
172.20.0.100 - - [09/Dec/2021:11:01:35 +0800] "GET /xingrg/all/function/internal_message.html?_=1639018893676&CODE_STATE=getMsg HTTP/1.1" 200 27
222.70.176.97 - - [09/Dec/2021:11:01:36 +0800] "GET /xingrg/kc/base/base_main.html HTTP/1.1" 200 12142
222.70.176.97 - - [09/Dec/2021:11:01:38 +0800] "GET /xingrg/kc/base/wldb_order_list.html HTTP/1.1" 200 19060
222.70.176.97 - - [09/Dec/2021:11:01:39 +0800] "POST /xingrg/kc/base/wldb_list_operate.html HTTP/1.1" 200 928
124.78.153.86 - - [09/Dec/2021:11:01:40 +0800] "POST /xingrg/kc/base/wldb_list_operate.html HTTP/1.1" 200 6067
61.151.207.205 - - [09/Dec/2021:11:01:41 +0800] "GET /xingrg/kc/base/wldb_order_operate.html?command=get_materiel&rest_code=00106&base_code=0010397&code=00102001008 HTTP/1.1" 302 -
222.70.176.97 - - [09/Dec/2021:11:01:41 +0800] "GET /xingrg/kc/base/wldb_order_add.html HTTP/1.1" 200 30270
101.85.120.86 - - [09/Dec/2021:11:01:42 +0800] "GET /xingrg/all/function/internal_message.html?_=1639018900239&CODE_STATE=getMsg HTTP/1.1" 200 27
124.78.153.86 - - [09/Dec/2021:11:01:42 +0800] "POST /xingrg/kc/base/wldb_list_operate.html HTTP/1.1" 200 593
222.70.176.97 - - [09/Dec/2021:11:01:42 +0800] "GET /xingrg/javascript/easyui/themes/default/validatebox.css HTTP/1.1" 404 1104
222.70.176.97 - - [09/Dec/2021:11:01:42 +0800] "POST /xingrg/kc/base/wldb_order_operate.html HTTP/1.1" 200 6806
222.70.176.97 - - [09/Dec/2021:11:01:43 +0800] "POST /xingrg/all/common/load_combo.html?type=base HTTP/1.1" 200 3054
180.162.115.54 - - [09/Dec/2021:11:01:43 +0800] "GET /xingrg/kc/base/wldb_order_operate.html?command=get_materiel&rest_code=00143&base_code=0010216&code=00101010092 HTTP/1.1" 200 450
61.151.207.205 - - [09/Dec/2021:11:01:43 +0800] "GET /xingrg/login.html HTTP/1.1" 200 7641
124.78.153.86 - - [09/Dec/2021:11:01:44 +0800] "GET /xingrg/kc/base/wldb_order_info.html?code=422021120800785 HTTP/1.1" 200 26154
124.78.153.86 - - [09/Dec/2021:11:01:44 +0800] "GET /xingrg/javascript/easyui/themes/default/validatebox.css HTTP/1.1" 404 1104
124.78.153.86 - - [09/Dec/2021:11:01:44 +0800] "POST /xingrg/kc/base/wldb_order_operate.html HTTP/1.1" 200 2829
222.70.176.97 - - [09/Dec/2021:11:01:49 +0800] "POST /xingrg/all/common/load_combo.html?type=base HTTP/1.1" 200 3054
180.169.147.146 - - [09/Dec/2021:11:01:51 +0800] "GET /xingrg/check_reg.html?_=1639018916501 HTTP/1.1" 200 22
180.169.147.146 - - [09/Dec/2021:11:01:51 +0800] "GET /xingrg/all/function/internal_message.html?_=1639018916498&CODE_STATE=getMsg HTTP/1.1" 200 27
116.229.213.191 - - [09/Dec/2021:11:01:53 +0800] "GET /xingrg/all/function/internal_message.html?_=1639018914761&CODE_STATE=getMsg HTTP/1.1" 200 27
114.86.229.104 - - [09/Dec/2021:11:01:54 +0800] "GET /xingrg/all/function/internal_message.html?_=1639018912923&CODE_STATE=getMsg HTTP/1.1" 200 27
116.227.210.113 - - [09/Dec/2021:11:01:54 +0800] "GET /xingrg/all/function/internal_message.html?_=1639018906568&CODE_STATE=getMsg HTTP/1.1" 200 27
222.69.132.164 - - [09/Dec/2021:11:01:56 +0800] "GET /xingrg/all/function/internal_message.html?_=1639018931149&CODE_STATE=getMsg HTTP/1.1" 200 27
116.238.248.233 - - [09/Dec/2021:11:01:56 +0800] "GET /xingrg/all/function/internal_message.html?_=1639018914225&CODE_STATE=getMsg HTTP/1.1" 200 27
116.228.172.94 - - [09/Dec/2021:11:01:59 +0800] "GET /xingrg/all/function/internal_message.html?_=1639018769031&CODE_STATE=getMsg HTTP/1.1" 200 27
116.228.172.94 - - [09/Dec/2021:11:01:59 +0800] "GET /xingrg/check_reg.html?_=1639018769204 HTTP/1.1" 200 22
58.39.139.200 - - [09/Dec/2021:11:01:59 +0800] "GET /xingrg/all/function/internal_message.html?_=1639018855091&CODE_STATE=getMsg HTTP/1.1" 200 27
222.70.176.97 - - [09/Dec/2021:11:02:00 +0800] "GET /xingrg/kc/base/wldb_order_operate.html?command=get_materiel&rest_code=00111&base_code=0010306&code=00102002025 HTTP/1.1" 200 455
222.70.176.97 - - [09/Dec/2021:11:02:02 +0800] "POST /xingrg/all/common/load_select.html HTTP/1.1" 200 25
124.78.153.86 - - [09/Dec/2021:11:02:02 +0800] "GET /xingrg/all/function/internal_message.html?_=1639018928609&CODE_STATE=getMsg HTTP/1.1" 200 27
61.151.178.163 - - [09/Dec/2021:11:02:03 +0800] "GET /xingrg/all/function/internal_message.html?_=1639018868620&CODE_STATE=getMsg HTTP/1.1" 302 -
61.151.178.163 - - [09/Dec/2021:11:02:03 +0800] "GET /xingrg/login.html HTTP/1.1" 200 7641
222.70.176.97 - - [09/Dec/2021:11:02:03 +0800] "GET /xingrg/kc/base/wldb_order_operate.html?command=get_materiel_price&rest_code=00111&base_code=0010306&code=00102002025&unit_code=00100351 HTTP/1.1" 200 35
114.83.222.61 - - [09/Dec/2021:11:02:07 +0800] "GET /xingrg/all/function/internal_message.html?_=1639018925615&CODE_STATE=getMsg HTTP/1.1" 200 27
180.162.115.54 - - [09/Dec/2021:11:02:08 +0800] "GET /xingrg/kc/base/wldb_order_operate.html?command=get_materiel&rest_code=00143&base_code=0010216&code=00101019249 HTTP/1.1" 200 470
114.83.222.61 - - [09/Dec/2021:11:02:10 +0800] "GET /xingrg/check_reg.html?_=1639018928443 HTTP/1.1" 200 22
124.77.240.52 - - [09/Dec/2021:11:02:10 +0800] "GET /xingrg/kc/buy/cgsh_order_add.html HTTP/1.1" 200 64904
58.221.95.50 - - [09/Dec/2021:11:02:11 +0800] "GET /xingrg/check_reg.html?_=1639018929590 HTTP/1.1" 302 -
124.77.240.52 - - [09/Dec/2021:11:02:11 +0800] "POST /xingrg/kc/buy/cgsh_order_operate.html HTTP/1.1" 200 8245
124.77.240.52 - - [09/Dec/2021:11:02:11 +0800] "GET /xingrg/javascript/easyui/themes/default/validatebox.css HTTP/1.1" 404 1104
222.70.176.97 - - [09/Dec/2021:11:02:12 +0800] "GET /xingrg/all/function/internal_message.html?_=1639018599586&CODE_STATE=getMsg HTTP/1.1" 302 -
114.85.125.222 - - [09/Dec/2021:11:02:13 +0800] "GET /xingrg/all/function/internal_message.html?_=1639018892122&CODE_STATE=getMsg HTTP/1.1" 200 27
124.77.240.52 - - [09/Dec/2021:11:02:14 +0800] "GET /xingrg/check_reg.html?_=1639018946659 HTTP/1.1" 200 22
124.77.240.52 - - [09/Dec/2021:11:02:15 +0800] "GET /xingrg/all/function/internal_message.html?_=1639018947471&CODE_STATE=getMsg HTTP/1.1" 200 27
180.162.115.54 - - [09/Dec/2021:11:02:18 +0800] "GET /xingrg/all/function/internal_message.html?_=1639018391263&CODE_STATE=getMsg HTTP/1.1" 200 27
180.169.147.146 - - [09/Dec/2021:11:02:22 +0800] "GET /xingrg/all/function/internal_message.html?_=1639018940239&CODE_STATE=getMsg HTTP/1.1" 200 27
61.151.207.158 - - [09/Dec/2021:11:02:26 +0800] "GET /xingrg/kc/base/wldb_order_info.html?code=422021120800843 HTTP/1.1" 302 -
61.151.207.158 - - [09/Dec/2021:11:02:26 +0800] "GET /xingrg/login.html HTTP/1.1" 200 7641
222.70.176.97 - - [09/Dec/2021:11:02:28 +0800] "POST /xingrg/kc/base/wldb_order_operate.html HTTP/1.1" 200 37
124.77.240.52 - - [09/Dec/2021:11:02:29 +0800] "GET /xingrg/kc/buy/cgsh_order_operate.html?command=get_materiel&rest_code=00146&code=00101009050&supplier_code=00100023&order_time=2021-12-09 HTTP/1.1" 200 410
180.162.115.54 - - [09/Dec/2021:11:02:30 +0800] "GET /xingrg/kc/base/wldb_order_operate.html?command=get_materiel&rest_code=00143&base_code=0010216&code=00101019308 HTTP/1.1" 200 479
222.70.176.97 - - [09/Dec/2021:11:02:31 +0800] "POST /xingrg/kc/base/wldb_order_operate.html HTTP/1.1" 200 12
222.70.176.97 - - [09/Dec/2021:11:02:32 +0800] "POST /xingrg/kc/base/wldb_order_operate.html HTTP/1.1" 200 2203
180.169.147.146 - - [09/Dec/2021:11:02:34 +0800] "GET /xingrg/all/function/internal_message.html?_=1639018952943&CODE_STATE=getMsg HTTP/1.1" 200 27
172.20.0.100 - - [09/Dec/2021:11:02:35 +0800] "GET /xingrg/all/function/internal_message.html?_=1639018953666&CODE_STATE=getMsg HTTP/1.1" 200 27
172.20.0.100 - - [09/Dec/2021:11:02:35 +0800] "GET /xingrg/check_reg.html?_=1639018953669 HTTP/1.1" 200 22
180.162.115.54 - - [09/Dec/2021:11:02:37 +0800] "POST /xingrg/kc/base/wldb_order_operate.html HTTP/1.1" 200 1710
101.85.120.86 - - [09/Dec/2021:11:02:42 +0800] "GET /xingrg/check_reg.html?_=1639018960239 HTTP/1.1" 200 22
101.85.120.86 - - [09/Dec/2021:11:02:42 +0800] "GET /xingrg/all/function/internal_message.html?_=1639018960242&CODE_STATE=getMsg HTTP/1.1" 200 27
124.77.240.52 - - [09/Dec/2021:11:02:45 +0800] "GET /xingrg/kc/buy/cgsh_order_operate.html?command=get_materiel&rest_code=00146&code=00101009062&supplier_code=00100023&order_time=2021-12-09 HTTP/1.1" 200 412
222.70.176.97 - - [09/Dec/2021:11:02:50 +0800] "GET /xingrg/kc/base/wldb_order_info.html?code=422021120900888 HTTP/1.1" 200 26146
222.70.176.97 - - [09/Dec/2021:11:02:50 +0800] "GET /xingrg/javascript/easyui/themes/default/validatebox.css HTTP/1.1" 404 1104
222.70.176.97 - - [09/Dec/2021:11:02:50 +0800] "POST /xingrg/kc/base/wldb_order_operate.html HTTP/1.1" 200 498
180.169.147.146 - - [09/Dec/2021:11:02:51 +0800] "GET /xingrg/all/function/internal_message.html?_=1639018976500&CODE_STATE=getMsg HTTP/1.1" 200 27
222.70.176.97 - - [09/Dec/2021:11:02:52 +0800] "GET /xingrg/kc/base/wldb_order_add.html HTTP/1.1" 200 30270
222.70.176.97 - - [09/Dec/2021:11:02:53 +0800] "POST /xingrg/kc/base/wldb_order_operate.html HTTP/1.1" 200 6806
222.70.176.97 - - [09/Dec/2021:11:02:53 +0800] "GET /xingrg/javascript/easyui/themes/default/validatebox.css HTTP/1.1" 404 1104
116.229.213.191 - - [09/Dec/2021:11:02:53 +0800] "GET /xingrg/all/function/internal_message.html?_=1639018974769&CODE_STATE=getMsg HTTP/1.1" 200 27
116.229.213.191 - - [09/Dec/2021:11:02:53 +0800] "GET /xingrg/check_reg.html?_=1639018974773 HTTP/1.1" 200 22
114.86.229.104 - - [09/Dec/2021:11:02:54 +0800] "GET /xingrg/all/function/internal_message.html?_=1639018972926&CODE_STATE=getMsg HTTP/1.1" 200 27
222.70.176.97 - - [09/Dec/2021:11:02:54 +0800] "POST /xingrg/all/common/load_combo.html?type=base HTTP/1.1" 200 3054
116.227.210.113 - - [09/Dec/2021:11:02:54 +0800] "GET /xingrg/all/function/internal_message.html?_=1639018966581&CODE_STATE=getMsg HTTP/1.1" 200 27
222.69.132.164 - - [09/Dec/2021:11:02:56 +0800] "GET /xingrg/all/function/internal_message.html?_=1639018991151&CODE_STATE=getMsg HTTP/1.1" 200 27
222.70.176.97 - - [09/Dec/2021:11:02:56 +0800] "POST /xingrg/all/common/load_combo.html?type=base HTTP/1.1" 200 3054
116.238.248.233 - - [09/Dec/2021:11:02:56 +0800] "GET /xingrg/all/function/internal_message.html?_=1639018974223&CODE_STATE=getMsg HTTP/1.1" 200 27
116.228.172.94 - - [09/Dec/2021:11:02:59 +0800] "GET /xingrg/all/function/internal_message.html?_=1639018829016&CODE_STATE=getMsg HTTP/1.1" 200 27
58.39.139.200 - - [09/Dec/2021:11:02:59 +0800] "GET /xingrg/all/function/internal_message.html?_=1639018915077&CODE_STATE=getMsg HTTP/1.1" 200 27
124.78.153.86 - - [09/Dec/2021:11:03:02 +0800] "GET /xingrg/all/function/internal_message.html?_=1639018988569&CODE_STATE=getMsg HTTP/1.1" 200 27
114.83.222.61 - - [09/Dec/2021:11:03:07 +0800] "GET /xingrg/all/function/internal_message.html?_=1639018985592&CODE_STATE=getMsg HTTP/1.1" 200 27
180.162.115.54 - - [09/Dec/2021:11:03:10 +0800] "POST /xingrg/all/common/load_select.html HTTP/1.1" 200 25
222.70.176.97 - - [09/Dec/2021:11:03:12 +0800] "GET /xingrg/all/function/internal_message.html?_=1639018659586&CODE_STATE=getMsg HTTP/1.1" 302 -
222.70.176.97 - - [09/Dec/2021:11:03:12 +0800] "GET /xingrg/check_reg.html?_=1639018659587 HTTP/1.1" 302 -
114.85.125.222 - - [09/Dec/2021:11:03:13 +0800] "GET /xingrg/all/function/internal_message.html?_=1639018952180&CODE_STATE=getMsg HTTP/1.1" 200 27
61.151.178.177 - - [09/Dec/2021:11:03:15 +0800] "GET /xingrg/all/function/internal_message.html?_=1639018928609&CODE_STATE=getMsg HTTP/1.1" 302 -
124.77.240.52 - - [09/Dec/2021:11:03:15 +0800] "GET /xingrg/all/function/internal_message.html?_=1639019007485&CODE_STATE=getMsg HTTP/1.1" 200 27
61.151.178.177 - - [09/Dec/2021:11:03:16 +0800] "GET /xingrg/login.html HTTP/1.1" 200 7641
180.162.115.54 - - [09/Dec/2021:11:03:18 +0800] "GET /xingrg/all/function/internal_message.html?_=1639018451236&CODE_STATE=getMsg HTTP/1.1" 200 27
124.77.240.52 - - [09/Dec/2021:11:03:19 +0800] "GET /xingrg/kc/buy/cgsh_order_operate.html?command=get_materiel&rest_code=00146&code=00101009006&supplier_code=00100023&order_time=2021-12-09 HTTP/1.1" 200 408
180.169.147.146 - - [09/Dec/2021:11:03:22 +0800] "GET /xingrg/all/function/internal_message.html?_=1639019000239&CODE_STATE=getMsg HTTP/1.1" 200 27
180.169.147.146 - - [09/Dec/2021:11:03:22 +0800] "GET /xingrg/check_reg.html?_=1639019000241 HTTP/1.1" 200 22
222.70.176.97 - - [09/Dec/2021:11:03:24 +0800] "GET /xingrg/all/function/internal_message.html?_=1639019000627&CODE_STATE=getMsg HTTP/1.1" 200 27
180.169.147.146 - - [09/Dec/2021:11:03:34 +0800] "GET /xingrg/all/function/internal_message.html?_=1639019012945&CODE_STATE=getMsg HTTP/1.1" 200 27
124.77.240.52 - - [09/Dec/2021:11:03:35 +0800] "GET /xingrg/kc/buy/cgsh_order_operate.html?command=get_materiel&rest_code=00146&code=00101009007&supplier_code=00100023&order_time=2021-12-09 HTTP/1.1" 200 409
172.20.0.100 - - [09/Dec/2021:11:03:35 +0800] "GET /xingrg/all/function/internal_message.html?_=1639019013670&CODE_STATE=getMsg HTTP/1.1" 200 27
101.85.120.86 - - [09/Dec/2021:11:03:42 +0800] "GET /xingrg/all/function/internal_message.html?_=1639019020242&CODE_STATE=getMsg HTTP/1.1" 200 27
180.169.147.146 - - [09/Dec/2021:11:03:51 +0800] "GET /xingrg/all/function/internal_message.html?_=1639019036501&CODE_STATE=getMsg HTTP/1.1" 200 27
116.229.213.191 - - [09/Dec/2021:11:03:53 +0800] "GET /xingrg/all/function/internal_message.html?_=1639019034772&CODE_STATE=getMsg HTTP/1.1" 200 27
114.86.229.104 - - [09/Dec/2021:11:03:54 +0800] "GET /xingrg/all/function/internal_message.html?_=1639019032929&CODE_STATE=getMsg HTTP/1.1" 200 27
114.86.229.104 - - [09/Dec/2021:11:03:54 +0800] "GET /xingrg/check_reg.html?_=1639019032931 HTTP/1.1" 200 22
116.227.210.113 - - [09/Dec/2021:11:03:54 +0800] "GET /xingrg/all/function/internal_message.html?_=1639019026570&CODE_STATE=getMsg HTTP/1.1" 200 27
222.69.132.164 - - [09/Dec/2021:11:03:56 +0800] "GET /xingrg/all/function/internal_message.html?_=1639019051142&CODE_STATE=getMsg HTTP/1.1" 200 27
116.238.248.233 - - [09/Dec/2021:11:03:56 +0800] "GET /xingrg/all/function/internal_message.html?_=1639019034236&CODE_STATE=getMsg HTTP/1.1" 200 27
116.238.248.233 - - [09/Dec/2021:11:03:56 +0800] "GET /xingrg/check_reg.html?_=1639019034238 HTTP/1.1" 200 22
116.228.172.94 - - [09/Dec/2021:11:03:59 +0800] "GET /xingrg/all/function/internal_message.html?_=1639018889024&CODE_STATE=getMsg HTTP/1.1" 200 27
58.39.139.200 - - [09/Dec/2021:11:03:59 +0800] "GET /xingrg/all/function/internal_message.html?_=1639018975062&CODE_STATE=getMsg HTTP/1.1" 200 27
124.78.153.86 - - [09/Dec/2021:11:04:02 +0800] "GET /xingrg/all/function/internal_message.html?_=1639019048545&CODE_STATE=getMsg HTTP/1.1" 200 27
124.77.240.52 - - [09/Dec/2021:11:04:03 +0800] "GET /xingrg/kc/buy/cgsh_order_operate.html?command=get_materiel&rest_code=00146&code=00101009051&supplier_code=00100023&order_time=2021-12-09 HTTP/1.1" 200 410
101.91.60.88 - - [09/Dec/2021:11:04:07 +0800] "GET /xingrg/all/function/internal_message.html?_=1639018988569&CODE_STATE=getMsg HTTP/1.1" 302 -
114.83.222.61 - - [09/Dec/2021:11:04:07 +0800] "GET /xingrg/all/function/internal_message.html?_=1639019045565&CODE_STATE=getMsg HTTP/1.1" 200 27
101.91.60.88 - - [09/Dec/2021:11:04:09 +0800] "GET /xingrg/login.html HTTP/1.1" 200 7641
124.78.153.86 - - [09/Dec/2021:11:04:09 +0800] "GET /xingrg/kc/buy/buy_main.html HTTP/1.1" 200 12412
124.78.153.86 - - [09/Dec/2021:11:04:09 +0800] "GET /xingrg/css/new_ie.css HTTP/1.1" 404 1036
222.70.176.97 - - [09/Dec/2021:11:04:10 +0800] "GET /xingrg/kc/base/wldb_order_operate.html?command=get_materiel&rest_code=00111&base_code=0010283&code=00101019184 HTTP/1.1" 200 444
222.70.176.97 - - [09/Dec/2021:11:04:12 +0800] "GET /xingrg/all/function/internal_message.html?_=1639018719587&CODE_STATE=getMsg HTTP/1.1" 302 -
114.85.125.222 - - [09/Dec/2021:11:04:13 +0800] "GET /xingrg/all/function/internal_message.html?_=1639019012195&CODE_STATE=getMsg HTTP/1.1" 200 27
124.77.240.52 - - [09/Dec/2021:11:04:15 +0800] "GET /xingrg/all/function/internal_message.html?_=1639019067498&CODE_STATE=getMsg HTTP/1.1" 200 27
180.162.115.54 - - [09/Dec/2021:11:04:18 +0800] "GET /xingrg/all/function/internal_message.html?_=1639018511219&CODE_STATE=getMsg HTTP/1.1" 200 27
180.169.147.146 - - [09/Dec/2021:11:04:22 +0800] "GET /xingrg/all/function/internal_message.html?_=1639019060240&CODE_STATE=getMsg HTTP/1.1" 200 27
222.70.176.97 - - [09/Dec/2021:11:04:22 +0800] "GET /xingrg/kc/base/wldb_order_operate.html?command=get_materiel&rest_code=00111&base_code=0010283&code=00101019359 HTTP/1.1" 200 446
124.77.240.52 - - [09/Dec/2021:11:04:23 +0800] "POST /xingrg/kc/buy/cgsh_order_operate.html HTTP/1.1" 200 37
222.70.176.97 - - [09/Dec/2021:11:04:24 +0800] "GET /xingrg/all/function/internal_message.html?_=1639019060598&CODE_STATE=getMsg HTTP/1.1" 200 27
124.77.240.52 - - [09/Dec/2021:11:04:25 +0800] "POST /xingrg/kc/buy/cgsh_order_operate.html HTTP/1.1" 200 5009
124.77.240.52 - - [09/Dec/2021:11:04:28 +0800] "GET /xingrg/kc/print/load_data.html?order_code=212021120903423&kc_code=cgsh&condition= HTTP/1.1" 200 1579
180.169.147.146 - - [09/Dec/2021:11:04:34 +0800] "GET /xingrg/all/function/internal_message.html?_=1639019072931&CODE_STATE=getMsg HTTP/1.1" 200 27
222.70.176.97 - - [09/Dec/2021:11:04:35 +0800] "GET /xingrg/kc/base/wldb_order_operate.html?command=get_materiel&rest_code=00111&base_code=0010283&code=00101019400 HTTP/1.1" 200 451
172.20.0.100 - - [09/Dec/2021:11:04:35 +0800] "GET /xingrg/all/function/internal_message.html?_=1639019073675&CODE_STATE=getMsg HTTP/1.1" 200 27
101.85.120.86 - - [09/Dec/2021:11:04:42 +0800] "GET /xingrg/all/function/internal_message.html?_=1639019080242&CODE_STATE=getMsg HTTP/1.1" 200 27
222.70.176.97 - - [09/Dec/2021:11:04:43 +0800] "GET /xingrg/kc/base/wldb_order_operate.html?command=get_materiel&rest_code=00111&base_code=0010283&code=00101019222 HTTP/1.1" 200 452
180.169.147.146 - - [09/Dec/2021:11:04:51 +0800] "GET /xingrg/all/function/internal_message.html?_=1639019096518&CODE_STATE=getMsg HTTP/1.1" 200 27
116.229.213.191 - - [09/Dec/2021:11:04:53 +0800] "GET /xingrg/all/function/internal_message.html?_=1639019094757&CODE_STATE=getMsg HTTP/1.1" 200 27
114.86.229.104 - - [09/Dec/2021:11:04:54 +0800] "GET /xingrg/all/function/internal_message.html?_=1639019092931&CODE_STATE=getMsg HTTP/1.1" 200 27
116.227.210.113 - - [09/Dec/2021:11:04:54 +0800] "GET /xingrg/all/function/internal_message.html?_=1639019086589&CODE_STATE=getMsg HTTP/1.1" 200 27
116.227.210.113 - - [09/Dec/2021:11:04:54 +0800] "GET /xingrg/check_reg.html?_=1639019086591 HTTP/1.1" 200 22
222.69.132.164 - - [09/Dec/2021:11:04:56 +0800] "GET /xingrg/all/function/internal_message.html?_=1639019111140&CODE_STATE=getMsg HTTP/1.1" 200 27
116.238.248.233 - - [09/Dec/2021:11:04:56 +0800] "GET /xingrg/all/function/internal_message.html?_=1639019094236&CODE_STATE=getMsg HTTP/1.1" 200 27
116.228.172.94 - - [09/Dec/2021:11:04:59 +0800] "GET /xingrg/all/function/internal_message.html?_=1639018949029&CODE_STATE=getMsg HTTP/1.1" 200 27
58.39.139.200 - - [09/Dec/2021:11:04:59 +0800] "GET /xingrg/all/function/internal_message.html?_=1639019035047&CODE_STATE=getMsg HTTP/1.1" 200 27
124.78.153.86 - - [09/Dec/2021:11:05:00 +0800] "GET /xingrg/check_reg.html?_=1639019106068 HTTP/1.1" 200 22
222.70.176.97 - - [09/Dec/2021:11:05:01 +0800] "GET /xingrg/kc/base/wldb_order_operate.html?command=get_materiel&rest_code=00111&base_code=0010283&code=00101016040 HTTP/1.1" 200 459
58.39.139.200 - - [09/Dec/2021:11:05:01 +0800] "GET /xingrg/check_reg.html?_=1639019037110 HTTP/1.1" 200 22
124.78.153.86 - - [09/Dec/2021:11:05:02 +0800] "GET /xingrg/all/function/internal_message.html?_=1639019108531&CODE_STATE=getMsg HTTP/1.1" 200 27
114.83.222.61 - - [09/Dec/2021:11:05:07 +0800] "GET /xingrg/all/function/internal_message.html?_=1639019105539&CODE_STATE=getMsg HTTP/1.1" 200 27
114.85.125.222 - - [09/Dec/2021:11:05:12 +0800] "GET /xingrg/check_reg.html?_=1639019070651 HTTP/1.1" 200 22
222.70.176.97 - - [09/Dec/2021:11:05:12 +0800] "GET /xingrg/all/function/internal_message.html?_=1639018779586&CODE_STATE=getMsg HTTP/1.1" 302 -
114.85.125.222 - - [09/Dec/2021:11:05:13 +0800] "GET /xingrg/all/function/internal_message.html?_=1639019072209&CODE_STATE=getMsg HTTP/1.1" 200 27
124.77.240.52 - - [09/Dec/2021:11:05:15 +0800] "GET /xingrg/all/function/internal_message.html?_=1639019127696&CODE_STATE=getMsg HTTP/1.1" 200 27
180.162.115.54 - - [09/Dec/2021:11:05:18 +0800] "GET /xingrg/all/function/internal_message.html?_=1639018571192&CODE_STATE=getMsg HTTP/1.1" 200 27
180.162.115.54 - - [09/Dec/2021:11:05:18 +0800] "GET /xingrg/check_reg.html?_=1639018571350 HTTP/1.1" 200 22
180.162.115.54 - - [09/Dec/2021:11:05:20 +0800] "POST /xingrg/kc/base/wldb_order_operate.html HTTP/1.1" 200 37
180.162.115.54 - - [09/Dec/2021:11:05:21 +0800] "POST /xingrg/kc/base/wldb_order_operate.html HTTP/1.1" 200 14133
180.169.147.146 - - [09/Dec/2021:11:05:22 +0800] "GET /xingrg/all/function/internal_message.html?_=1639019120255&CODE_STATE=getMsg HTTP/1.1" 200 27
180.162.115.54 - - [09/Dec/2021:11:05:22 +0800] "GET /xingrg/kc/base/wldb_order_info.html?code=422021120900889 HTTP/1.1" 200 30299
180.162.115.54 - - [09/Dec/2021:11:05:22 +0800] "GET /xingrg/javascript/easyui/themes/default/validatebox.css HTTP/1.1" 404 1104
180.162.115.54 - - [09/Dec/2021:11:05:23 +0800] "POST /xingrg/kc/base/wldb_order_operate.html HTTP/1.1" 200 14133
222.70.176.97 - - [09/Dec/2021:11:05:24 +0800] "GET /xingrg/all/function/internal_message.html?_=1639019120577&CODE_STATE=getMsg HTTP/1.1" 200 27
222.70.176.97 - - [09/Dec/2021:11:05:24 +0800] "GET /xingrg/check_reg.html?_=1639019120610 HTTP/1.1" 200 22
180.162.115.54 - - [09/Dec/2021:11:05:28 +0800] "POST /xingrg/kc/base/wldb_order_operate.html HTTP/1.1" 200 37
180.169.147.146 - - [09/Dec/2021:11:05:34 +0800] "GET /xingrg/all/function/internal_message.html?_=1639019132934&CODE_STATE=getMsg HTTP/1.1" 200 27
180.169.147.146 - - [09/Dec/2021:11:05:34 +0800] "GET /xingrg/check_reg.html?_=1639019132936 HTTP/1.1" 200 22
172.20.0.100 - - [09/Dec/2021:11:05:35 +0800] "GET /xingrg/all/function/internal_message.html?_=1639019133668&CODE_STATE=getMsg HTTP/1.1" 200 27
180.162.115.54 - - [09/Dec/2021:11:05:36 +0800] "POST /xingrg/kc/base/wldb_order_operate.html HTTP/1.1" 200 12
222.70.176.97 - - [09/Dec/2021:11:05:37 +0800] "GET /xingrg/kc/base/wldb_order_operate.html?command=get_materiel&rest_code=00111&base_code=0010283&code=00101019505 HTTP/1.1" 200 478
222.70.176.97 - - [09/Dec/2021:11:05:37 +0800] "GET /xingrg/kc/base/wldb_order_operate.html?command=get_materiel&rest_code=00111&base_code=0010283&code=00101016113 HTTP/1.1" 200 408
180.162.115.54 - - [09/Dec/2021:11:05:37 +0800] "POST /xingrg/kc/base/wldb_order_operate.html HTTP/1.1" 200 14128
101.85.120.86 - - [09/Dec/2021:11:05:42 +0800] "GET /xingrg/all/function/internal_message.html?_=1639019140242&CODE_STATE=getMsg HTTP/1.1" 200 27
180.169.147.146 - - [09/Dec/2021:11:05:51 +0800] "GET /xingrg/all/function/internal_message.html?_=1639019156519&CODE_STATE=getMsg HTTP/1.1" 200 27
222.70.176.97 - - [09/Dec/2021:11:05:53 +0800] "GET /xingrg/kc/base/wldb_order_operate.html?command=get_materiel&rest_code=00111&base_code=0010283&code=00101020335 HTTP/1.1" 200 441
116.229.213.191 - - [09/Dec/2021:11:05:53 +0800] "GET /xingrg/all/function/internal_message.html?_=1639019154763&CODE_STATE=getMsg HTTP/1.1" 200 27
114.86.229.104 - - [09/Dec/2021:11:05:54 +0800] "GET /xingrg/all/function/internal_message.html?_=1639019152933&CODE_STATE=getMsg HTTP/1.1" 200 27
116.227.210.113 - - [09/Dec/2021:11:05:54 +0800] "GET /xingrg/all/function/internal_message.html?_=1639019146563&CODE_STATE=getMsg HTTP/1.1" 200 27
222.69.132.164 - - [09/Dec/2021:11:05:56 +0800] "GET /xingrg/all/function/internal_message.html?_=1639019171156&CODE_STATE=getMsg HTTP/1.1" 200 27
222.69.132.164 - - [09/Dec/2021:11:05:56 +0800] "GET /xingrg/check_reg.html?_=1639019171160 HTTP/1.1" 200 22
116.238.248.233 - - [09/Dec/2021:11:05:56 +0800] "GET /xingrg/all/function/internal_message.html?_=1639019154246&CODE_STATE=getMsg HTTP/1.1" 200 27
116.228.172.94 - - [09/Dec/2021:11:05:59 +0800] "GET /xingrg/all/function/internal_message.html?_=1639019009025&CODE_STATE=getMsg HTTP/1.1" 200 27
58.39.139.200 - - [09/Dec/2021:11:05:59 +0800] "GET /xingrg/all/function/internal_message.html?_=1639019095020&CODE_STATE=getMsg HTTP/1.1" 200 27
101.91.60.88 - - [09/Dec/2021:11:06:01 +0800] "GET /xingrg/check_reg.html?_=1639019106068 HTTP/1.1" 302 -
101.91.60.88 - - [09/Dec/2021:11:06:01 +0800] "GET /xingrg/login.html HTTP/1.1" 200 7641
124.78.153.86 - - [09/Dec/2021:11:06:02 +0800] "GET /xingrg/all/function/internal_message.html?_=1639019168507&CODE_STATE=getMsg HTTP/1.1" 200 27
222.70.176.97 - - [09/Dec/2021:11:06:03 +0800] "GET /xingrg/kc/base/wldb_order_operate.html?command=get_materiel&rest_code=00111&base_code=0010283&code=00101019204 HTTP/1.1" 200 438
114.83.222.61 - - [09/Dec/2021:11:06:07 +0800] "GET /xingrg/all/function/internal_message.html?_=1639019165525&CODE_STATE=getMsg HTTP/1.1" 200 27
101.89.19.197 - - [09/Dec/2021:11:06:08 +0800] "GET /xingrg/all/function/internal_message.html?_=1639019108531&CODE_STATE=getMsg HTTP/1.1" 302 -
124.78.153.86 - - [09/Dec/2021:11:06:12 +0800] "GET /xingrg/kc/base/wldb_order_add.html HTTP/1.1" 200 30278
222.70.176.97 - - [09/Dec/2021:11:06:12 +0800] "GET /xingrg/all/function/internal_message.html?_=1639018839586&CODE_STATE=getMsg HTTP/1.1" 302 -
124.78.153.86 - - [09/Dec/2021:11:06:12 +0800] "POST /xingrg/kc/base/wldb_order_operate.html HTTP/1.1" 200 6806
124.78.153.86 - - [09/Dec/2021:11:06:13 +0800] "GET /xingrg/javascript/easyui/themes/default/validatebox.css HTTP/1.1" 404 1104
101.89.19.197 - - [09/Dec/2021:11:06:13 +0800] "GET /xingrg/login.html HTTP/1.1" 200 7641
124.78.153.86 - - [09/Dec/2021:11:06:13 +0800] "POST /xingrg/all/common/load_combo.html?type=base HTTP/1.1" 200 3227
114.85.125.222 - - [09/Dec/2021:11:06:13 +0800] "GET /xingrg/all/function/internal_message.html?_=1639019132223&CODE_STATE=getMsg HTTP/1.1" 200 27
222.70.176.97 - - [09/Dec/2021:11:06:14 +0800] "POST /xingrg/kc/base/wldb_order_operate.html HTTP/1.1" 200 37
124.77.240.52 - - [09/Dec/2021:11:06:15 +0800] "GET /xingrg/all/function/internal_message.html?_=1639019187696&CODE_STATE=getMsg HTTP/1.1" 200 27
124.78.153.86 - - [09/Dec/2021:11:06:16 +0800] "GET /xingrg/javascript/auto/indicator.gif HTTP/1.1" 404 1066
124.78.153.86 - - [09/Dec/2021:11:06:17 +0800] "GET /xingrg/kc/base/wldb_order_operate.html?command=get_materiel&rest_code=00106&base_code=0010397&code=00102001053 HTTP/1.1" 200 450
222.70.176.97 - - [09/Dec/2021:11:06:19 +0800] "POST /xingrg/kc/base/wldb_order_operate.html HTTP/1.1" 200 12
222.70.176.97 - - [09/Dec/2021:11:06:19 +0800] "POST /xingrg/kc/base/wldb_order_operate.html HTTP/1.1" 200 5638
222.70.176.97 - - [09/Dec/2021:11:06:21 +0800] "GET /xingrg/kc/base/wldb_order_info.html?code=422021120900890 HTTP/1.1" 200 26147
222.70.176.97 - - [09/Dec/2021:11:06:21 +0800] "GET /xingrg/javascript/easyui/themes/default/validatebox.css HTTP/1.1" 404 1104
222.70.176.97 - - [09/Dec/2021:11:06:21 +0800] "POST /xingrg/kc/base/wldb_order_operate.html HTTP/1.1" 200 3851
180.169.147.146 - - [09/Dec/2021:11:06:22 +0800] "GET /xingrg/all/function/internal_message.html?_=1639019180258&CODE_STATE=getMsg HTTP/1.1" 200 27
222.70.176.97 - - [09/Dec/2021:11:06:24 +0800] "GET /xingrg/kc/base/wldb_order_add.html HTTP/1.1" 200 30270
222.70.176.97 - - [09/Dec/2021:11:06:24 +0800] "POST /xingrg/kc/base/wldb_order_operate.html HTTP/1.1" 200 6806
222.70.176.97 - - [09/Dec/2021:11:06:24 +0800] "GET /xingrg/javascript/easyui/themes/default/validatebox.css HTTP/1.1" 404 1104
58.40.7.146 - - [09/Dec/2021:11:06:24 +0800] "GET /favicon.ico HTTP/1.1" 404 -
180.162.115.54 - - [09/Dec/2021:11:06:25 +0800] "GET /xingrg/all/function/internal_message.html?_=1639018638373&CODE_STATE=getMsg HTTP/1.1" 200 27
180.162.115.54 - - [09/Dec/2021:11:06:25 +0800] "GET /xingrg/kc/base/wldb_order_info.html?code=422021120900889 HTTP/1.1" 200 26165
180.162.115.54 - - [09/Dec/2021:11:06:26 +0800] "GET /xingrg/javascript/easyui/themes/default/validatebox.css HTTP/1.1" 404 1104
180.162.115.54 - - [09/Dec/2021:11:06:26 +0800] "POST /xingrg/kc/base/wldb_order_operate.html HTTP/1.1" 200 12160
180.162.115.54 - - [09/Dec/2021:11:06:31 +0800] "GET /xingrg/kc/print/load_config.html?kc_code=wldb HTTP/1.1" 200 2173
180.162.115.54 - - [09/Dec/2021:11:06:32 +0800] "GET /xingrg/kc/print/load_data.html?order_code=422021120900889&kc_code=wldb&condition= HTTP/1.1" 200 4383
180.169.147.146 - - [09/Dec/2021:11:06:34 +0800] "GET /xingrg/all/function/internal_message.html?_=1639019192938&CODE_STATE=getMsg HTTP/1.1" 200 27
172.20.0.100 - - [09/Dec/2021:11:06:35 +0800] "GET /xingrg/all/function/internal_message.html?_=1639019193671&CODE_STATE=getMsg HTTP/1.1" 200 27
222.70.176.97 - - [09/Dec/2021:11:06:36 +0800] "POST /xingrg/all/common/load_combo.html?type=base HTTP/1.1" 200 3054
124.77.240.52 - - [09/Dec/2021:11:06:40 +0800] "POST /xingrg/kc/buy/cgsh_order_operate.html HTTP/1.1" 200 37
101.85.120.86 - - [09/Dec/2021:11:06:42 +0800] "GET /xingrg/all/function/internal_message.html?_=1639019200241&CODE_STATE=getMsg HTTP/1.1" 200 27
124.77.240.52 - - [09/Dec/2021:11:06:46 +0800] "POST /xingrg/kc/buy/cgsh_order_operate.html HTTP/1.1" 200 5009
180.169.147.146 - - [09/Dec/2021:11:06:51 +0800] "GET /xingrg/check_reg.html?_=1639019216524 HTTP/1.1" 200 22
180.169.147.146 - - [09/Dec/2021:11:06:51 +0800] "GET /xingrg/all/function/internal_message.html?_=1639019216526&CODE_STATE=getMsg HTTP/1.1" 200 27
124.77.240.52 - - [09/Dec/2021:11:06:52 +0800] "GET /xingrg/kc/buy/cgsh_order_add.html HTTP/1.1" 200 64904
124.77.240.52 - - [09/Dec/2021:11:06:53 +0800] "POST /xingrg/kc/buy/cgsh_order_operate.html HTTP/1.1" 200 8245
124.77.240.52 - - [09/Dec/2021:11:06:53 +0800] "GET /xingrg/javascript/easyui/themes/default/validatebox.css HTTP/1.1" 404 1104
116.229.213.191 - - [09/Dec/2021:11:06:53 +0800] "GET /xingrg/all/function/internal_message.html?_=1639019214766&CODE_STATE=getMsg HTTP/1.1" 200 27
114.86.229.104 - - [09/Dec/2021:11:06:54 +0800] "GET /xingrg/all/function/internal_message.html?_=1639019212937&CODE_STATE=getMsg HTTP/1.1" 200 27
116.227.210.113 - - [09/Dec/2021:11:06:54 +0800] "GET /xingrg/all/function/internal_message.html?_=1639019206577&CODE_STATE=getMsg HTTP/1.1" 200 27
222.69.132.164 - - [09/Dec/2021:11:06:56 +0800] "GET /xingrg/all/function/internal_message.html?_=1639019231146&CODE_STATE=getMsg HTTP/1.1" 200 27
116.238.248.233 - - [09/Dec/2021:11:06:56 +0800] "GET /xingrg/all/function/internal_message.html?_=1639019214250&CODE_STATE=getMsg HTTP/1.1" 200 27
116.228.172.94 - - [09/Dec/2021:11:06:59 +0800] "GET /xingrg/all/function/internal_message.html?_=1639019069023&CODE_STATE=getMsg HTTP/1.1" 200 27
116.228.172.94 - - [09/Dec/2021:11:06:59 +0800] "GET /xingrg/check_reg.html?_=1639019069197 HTTP/1.1" 200 22
58.39.139.200 - - [09/Dec/2021:11:06:59 +0800] "GET /xingrg/all/function/internal_message.html?_=1639019155005&CODE_STATE=getMsg HTTP/1.1" 200 27
124.78.153.86 - - [09/Dec/2021:11:07:02 +0800] "GET /xingrg/all/function/internal_message.html?_=1639019228490&CODE_STATE=getMsg HTTP/1.1" 200 27
222.70.176.97 - - [09/Dec/2021:11:07:05 +0800] "POST /xingrg/all/common/load_combo.html?type=base HTTP/1.1" 200 3054
114.83.222.61 - - [09/Dec/2021:11:07:07 +0800] "GET /xingrg/all/function/internal_message.html?_=1639019225497&CODE_STATE=getMsg HTTP/1.1" 200 27
101.89.239.245 - - [09/Dec/2021:11:07:09 +0800] "GET /xingrg/all/function/internal_message.html?_=1639019168507&CODE_STATE=getMsg HTTP/1.1" 302 -
114.83.222.61 - - [09/Dec/2021:11:07:10 +0800] "GET /xingrg/check_reg.html?_=1639019228468 HTTP/1.1" 200 22
124.77.240.52 - - [09/Dec/2021:11:07:10 +0800] "GET /xingrg/kc/buy/cgsh_order_operate.html?command=get_materiel&rest_code=00146&code=00101006055&supplier_code=00100012&order_time=2021-12-09 HTTP/1.1" 200 411
58.221.95.50 - - [09/Dec/2021:11:07:11 +0800] "GET /xingrg/check_reg.html?_=1639019229603 HTTP/1.1" 302 -
101.89.239.245 - - [09/Dec/2021:11:07:11 +0800] "GET /xingrg/login.html HTTP/1.1" 200 7641
222.70.176.97 - - [09/Dec/2021:11:07:12 +0800] "GET /xingrg/all/function/internal_message.html?_=1639018899586&CODE_STATE=getMsg HTTP/1.1" 302 -
114.85.125.222 - - [09/Dec/2021:11:07:13 +0800] "GET /xingrg/all/function/internal_message.html?_=1639019192237&CODE_STATE=getMsg HTTP/1.1" 200 27
124.77.240.52 - - [09/Dec/2021:11:07:14 +0800] "GET /xingrg/check_reg.html?_=1639019246672 HTTP/1.1" 200 22
124.77.240.52 - - [09/Dec/2021:11:07:15 +0800] "GET /xingrg/all/function/internal_message.html?_=1639019247710&CODE_STATE=getMsg HTTP/1.1" 200 27
222.70.176.97 - - [09/Dec/2021:11:07:15 +0800] "GET /xingrg/kc/base/wldb_order_operate.html?command=get_materiel&rest_code=00111&base_code=0010306&code=00102002610 HTTP/1.1" 200 430
222.70.176.97 - - [09/Dec/2021:11:07:22 +0800] "POST /xingrg/kc/base/wldb_order_operate.html HTTP/1.1" 200 37
180.169.147.146 - - [09/Dec/2021:11:07:22 +0800] "GET /xingrg/all/function/internal_message.html?_=1639019240253&CODE_STATE=getMsg HTTP/1.1" 200 27
61.151.178.217 - - [09/Dec/2021:11:07:22 +0800] "GET /xingrg/kc/base/wldb_order_operate.html?command=get_materiel&rest_code=00106&base_code=0010397&code=00102001053 HTTP/1.1" 302 -
101.89.239.245 - - [09/Dec/2021:11:07:22 +0800] "GET /xingrg/kc/base/wldb_order_add.html HTTP/1.1" 302 -
222.70.176.97 - - [09/Dec/2021:11:07:23 +0800] "POST /xingrg/kc/base/wldb_order_operate.html HTTP/1.1" 200 2191
101.89.239.245 - - [09/Dec/2021:11:07:24 +0800] "GET /xingrg/login.html HTTP/1.1" 200 7641
222.70.176.97 - - [09/Dec/2021:11:07:24 +0800] "GET /xingrg/kc/base/wldb_order_info.html?code=422021120900891 HTTP/1.1" 200 30283
222.70.176.97 - - [09/Dec/2021:11:07:25 +0800] "GET /xingrg/javascript/easyui/themes/default/validatebox.css HTTP/1.1" 404 1104
180.162.115.54 - - [09/Dec/2021:11:07:25 +0800] "GET /xingrg/all/function/internal_message.html?_=1639018698350&CODE_STATE=getMsg HTTP/1.1" 200 27
222.70.176.97 - - [09/Dec/2021:11:07:26 +0800] "POST /xingrg/kc/base/wldb_order_operate.html HTTP/1.1" 200 2191
61.151.178.217 - - [09/Dec/2021:11:07:26 +0800] "GET /xingrg/login.html HTTP/1.1" 200 7641
180.169.147.146 - - [09/Dec/2021:11:07:34 +0800] "GET /xingrg/all/function/internal_message.html?_=1639019252944&CODE_STATE=getMsg HTTP/1.1" 200 27
172.20.0.100 - - [09/Dec/2021:11:07:35 +0800] "GET /xingrg/check_reg.html?_=1639019253672 HTTP/1.1" 200 22
172.20.0.100 - - [09/Dec/2021:11:07:35 +0800] "GET /xingrg/all/function/internal_message.html?_=1639019253675&CODE_STATE=getMsg HTTP/1.1" 200 27
101.85.120.86 - - [09/Dec/2021:11:07:42 +0800] "GET /xingrg/check_reg.html?_=1639019260242 HTTP/1.1" 200 22
101.85.120.86 - - [09/Dec/2021:11:07:42 +0800] "GET /xingrg/all/function/internal_message.html?_=1639019260245&CODE_STATE=getMsg HTTP/1.1" 200 27
124.78.153.86 - - [09/Dec/2021:11:07:50 +0800] "GET /xingrg/images/yd/bt.gif HTTP/1.1" 404 1040
180.169.147.146 - - [09/Dec/2021:11:07:51 +0800] "GET /xingrg/all/function/internal_message.html?_=1639019276526&CODE_STATE=getMsg HTTP/1.1" 200 27
116.229.213.191 - - [09/Dec/2021:11:07:53 +0800] "GET /xingrg/check_reg.html?_=1639019274771 HTTP/1.1" 200 22
116.229.213.191 - - [09/Dec/2021:11:07:53 +0800] "GET /xingrg/all/function/internal_message.html?_=1639019274766&CODE_STATE=getMsg HTTP/1.1" 200 27
114.86.229.104 - - [09/Dec/2021:11:07:54 +0800] "GET /xingrg/all/function/internal_message.html?_=1639019272937&CODE_STATE=getMsg HTTP/1.1" 200 27
116.227.210.113 - - [09/Dec/2021:11:07:54 +0800] "GET /xingrg/all/function/internal_message.html?_=1639019266566&CODE_STATE=getMsg HTTP/1.1" 200 27
222.69.132.164 - - [09/Dec/2021:11:07:56 +0800] "GET /xingrg/all/function/internal_message.html?_=1639019291145&CODE_STATE=getMsg HTTP/1.1" 200 27
116.238.248.233 - - [09/Dec/2021:11:07:56 +0800] "GET /xingrg/all/function/internal_message.html?_=1639019274265&CODE_STATE=getMsg HTTP/1.1" 200 27
116.228.172.94 - - [09/Dec/2021:11:07:59 +0800] "GET /xingrg/all/function/internal_message.html?_=1639019129029&CODE_STATE=getMsg HTTP/1.1" 200 27
58.39.139.200 - - [09/Dec/2021:11:07:59 +0800] "GET /xingrg/all/function/internal_message.html?_=1639019214990&CODE_STATE=getMsg HTTP/1.1" 200 27
124.78.153.86 - - [09/Dec/2021:11:08:02 +0800] "GET /xingrg/all/function/internal_message.html?_=1639019288482&CODE_STATE=getMsg HTTP/1.1" 200 27
61.151.178.217 - - [09/Dec/2021:11:08:07 +0800] "GET /xingrg/all/function/internal_message.html?_=1639019228490&CODE_STATE=getMsg HTTP/1.1" 302 -
114.83.222.61 - - [09/Dec/2021:11:08:07 +0800] "GET /xingrg/all/function/internal_message.html?_=1639019285488&CODE_STATE=getMsg HTTP/1.1" 200 27
61.151.178.217 - - [09/Dec/2021:11:08:10 +0800] "GET /xingrg/login.html HTTP/1.1" 200 7641
222.70.176.97 - - [09/Dec/2021:11:08:12 +0800] "GET /xingrg/all/function/internal_message.html?_=1639018959586&CODE_STATE=getMsg HTTP/1.1" 302 -
222.70.176.97 - - [09/Dec/2021:11:08:12 +0800] "GET /xingrg/check_reg.html?_=1639018959587 HTTP/1.1" 302 -
114.85.125.222 - - [09/Dec/2021:11:08:13 +0800] "GET /xingrg/all/function/internal_message.html?_=1639019252291&CODE_STATE=getMsg HTTP/1.1" 200 27
124.77.240.52 - - [09/Dec/2021:11:08:14 +0800] "GET /xingrg/kc/buy/cgsh_order_operate.html?command=get_materiel&rest_code=00146&code=00101006129&supplier_code=00100012&order_time=2021-12-09 HTTP/1.1" 200 431
124.77.240.52 - - [09/Dec/2021:11:08:15 +0800] "GET /xingrg/all/function/internal_message.html?_=1639019307724&CODE_STATE=getMsg HTTP/1.1" 200 27
222.70.176.97 - - [09/Dec/2021:11:08:16 +0800] "POST /xingrg/kc/base/wldb_order_operate.html HTTP/1.1" 200 37
222.70.176.97 - - [09/Dec/2021:11:08:20 +0800] "POST /xingrg/kc/base/wldb_order_operate.html HTTP/1.1" 200 12
222.70.176.97 - - [09/Dec/2021:11:08:20 +0800] "POST /xingrg/kc/base/wldb_order_operate.html HTTP/1.1" 200 2191
222.70.176.97 - - [09/Dec/2021:11:08:21 +0800] "GET /xingrg/kc/base/wldb_order_info.html?code=422021120900891 HTTP/1.1" 200 26145
222.70.176.97 - - [09/Dec/2021:11:08:21 +0800] "GET /xingrg/javascript/easyui/themes/default/validatebox.css HTTP/1.1" 404 1104
222.70.176.97 - - [09/Dec/2021:11:08:21 +0800] "POST /xingrg/kc/base/wldb_order_operate.html HTTP/1.1" 200 485
180.169.147.146 - - [09/Dec/2021:11:08:22 +0800] "GET /xingrg/check_reg.html?_=1639019300248 HTTP/1.1" 200 22
180.169.147.146 - - [09/Dec/2021:11:08:22 +0800] "GET /xingrg/all/function/internal_message.html?_=1639019300250&CODE_STATE=getMsg HTTP/1.1" 200 27
222.70.176.97 - - [09/Dec/2021:11:08:24 +0800] "GET /xingrg/all/function/internal_message.html?_=1639019300583&CODE_STATE=getMsg HTTP/1.1" 200 27
222.70.176.97 - - [09/Dec/2021:11:08:25 +0800] "GET /xingrg/kc/base/wldb_order_add.html HTTP/1.1" 200 30270
222.70.176.97 - - [09/Dec/2021:11:08:25 +0800] "POST /xingrg/kc/base/wldb_order_operate.html HTTP/1.1" 200 6806
180.162.115.54 - - [09/Dec/2021:11:08:25 +0800] "GET /xingrg/all/function/internal_message.html?_=1639018758334&CODE_STATE=getMsg HTTP/1.1" 200 27
222.70.176.97 - - [09/Dec/2021:11:08:25 +0800] "GET /xingrg/javascript/easyui/themes/default/validatebox.css HTTP/1.1" 404 1104
124.77.240.52 - - [09/Dec/2021:11:08:32 +0800] "GET /xingrg/kc/buy/cgsh_order_operate.html?command=get_materiel&rest_code=00146&code=00101006127&supplier_code=00100012&order_time=2021-12-09 HTTP/1.1" 200 423
222.70.176.97 - - [09/Dec/2021:11:08:32 +0800] "POST /xingrg/all/common/load_combo.html?type=base HTTP/1.1" 200 3054
180.169.147.146 - - [09/Dec/2021:11:08:34 +0800] "GET /xingrg/all/function/internal_message.html?_=1639019312945&CODE_STATE=getMsg HTTP/1.1" 200 27
172.20.0.100 - - [09/Dec/2021:11:08:35 +0800] "GET /xingrg/all/function/internal_message.html?_=1639019313677&CODE_STATE=getMsg HTTP/1.1" 200 27
222.70.176.97 - - [09/Dec/2021:11:08:36 +0800] "POST /xingrg/all/common/load_combo.html?type=base HTTP/1.1" 200 3054
101.85.120.86 - - [09/Dec/2021:11:08:42 +0800] "GET /xingrg/all/function/internal_message.html?_=1639019320230&CODE_STATE=getMsg HTTP/1.1" 200 27
116.229.213.191 - - [09/Dec/2021:11:08:43 +0800] "GET /xingrg/check_reg.html?_=1639019322296 HTTP/1.1" 200 22
116.229.213.191 - - [09/Dec/2021:11:08:44 +0800] "GET /xingrg/kc/base/wldb_order_list.html HTTP/1.1" 200 19060
116.229.213.191 - - [09/Dec/2021:11:08:44 +0800] "POST /xingrg/kc/base/wldb_list_operate.html HTTP/1.1" 200 928
