120.253.135.82 - - [08/Dec/2021:10:25:02 +0800] "GET /xingrg/all/function/internal_message.html?_=1638930079563&CODE_STATE=getMsg HTTP/1.1" 200 27
222.70.176.97 - - [08/Dec/2021:10:25:03 +0800] "GET /xingrg/all/function/internal_message.html?_=1638930300966&CODE_STATE=getMsg HTTP/1.1" 200 27
116.229.213.191 - - [08/Dec/2021:10:25:06 +0800] "GET /xingrg/check_reg.html?_=1638930306084 HTTP/1.1" 200 22
116.229.213.191 - - [08/Dec/2021:10:25:07 +0800] "GET /xingrg/all/function/internal_message.html?_=1638930306830&CODE_STATE=getMsg HTTP/1.1" 200 27
180.157.253.6 - - [08/Dec/2021:10:25:08 +0800] "GET /favicon.ico HTTP/1.1" 404 -
116.238.248.233 - - [08/Dec/2021:10:25:08 +0800] "GET /xingrg/all/function/internal_message.html?_=1638930307004&CODE_STATE=getMsg HTTP/1.1" 200 27
222.70.176.97 - - [08/Dec/2021:10:25:10 +0800] "GET /xingrg/all/function/internal_message.html?_=1638929979583&CODE_STATE=getMsg HTTP/1.1" 302 -
114.84.149.84 - - [08/Dec/2021:10:25:14 +0800] "GET /xingrg/kc/buy/cgsh_order_operate.html?command=get_materiel&rest_code=00141&code=00101008251&supplier_code=00100007&order_time=2021-12-08 HTTP/1.1" 200 408
114.85.125.222 - - [08/Dec/2021:10:25:15 +0800] "GET /xingrg/all/function/internal_message.html?_=1638930275644&CODE_STATE=getMsg HTTP/1.1" 200 27
222.69.132.164 - - [08/Dec/2021:10:25:17 +0800] "GET /favicon.ico HTTP/1.1" 404 -
222.70.171.86 - - [08/Dec/2021:10:25:18 +0800] "GET /xingrg/check_reg.html?_=1638930326606 HTTP/1.1" 200 22
180.169.147.146 - - [08/Dec/2021:10:25:19 +0800] "GET /xingrg/all/function/internal_message.html?_=1638930319920&CODE_STATE=getMsg HTTP/1.1" 200 27
222.70.171.86 - - [08/Dec/2021:10:25:20 +0800] "GET /xingrg/all/function/internal_message.html?_=1638930329433&CODE_STATE=getMsg HTTP/1.1" 200 27
58.39.139.200 - - [08/Dec/2021:10:25:21 +0800] "GET /xingrg/all/function/internal_message.html?_=1638930257623&CODE_STATE=getMsg HTTP/1.1" 200 27
116.238.248.233 - - [08/Dec/2021:10:25:24 +0800] "POST /xingrg/all/user/operate.html HTTP/1.1" 200 36
101.85.120.86 - - [08/Dec/2021:10:25:24 +0800] "GET /xingrg/all/function/internal_message.html?_=1638930321487&CODE_STATE=getMsg HTTP/1.1" 200 27
101.85.120.86 - - [08/Dec/2021:10:25:24 +0800] "GET /xingrg/check_reg.html?_=1638930321489 HTTP/1.1" 200 22
116.238.248.233 - - [08/Dec/2021:10:25:24 +0800] "GET /xingrg/javascript/jquery_easy_ui/themes/default/easyui.css HTTP/1.1" 304 -
116.238.248.233 - - [08/Dec/2021:10:25:24 +0800] "GET /xingrg/index.html?sysBaseUrl=http%3A%2F%2F180.169.147.146%3A18081%2Fxingrg%2F&costTime=3648×tamp=1638927699342 HTTP/1.1" 200 17177
116.238.248.233 - - [08/Dec/2021:10:25:24 +0800] "GET /xingrg/javascript/jquery_easy_ui/themes/icon.css HTTP/1.1" 304 -
116.238.248.233 - - [08/Dec/2021:10:25:24 +0800] "GET /xingrg/css/form.css HTTP/1.1" 304 -
116.238.248.233 - - [08/Dec/2021:10:25:24 +0800] "GET /xingrg/javascript/jquery-1.4.2.min.js HTTP/1.1" 304 -
116.238.248.233 - - [08/Dec/2021:10:25:24 +0800] "GET /xingrg/javascript/jquery_easy_ui/jquery.easyui.min.js HTTP/1.1" 304 -
116.238.248.233 - - [08/Dec/2021:10:25:24 +0800] "GET /xingrg/javascript/jquery_easy_ui/easyui-lang-zh_CN.js HTTP/1.1" 304 -
116.238.248.233 - - [08/Dec/2021:10:25:24 +0800] "GET /xingrg/javascript/jquery.form.js HTTP/1.1" 304 -
116.238.248.233 - - [08/Dec/2021:10:25:24 +0800] "GET /xingrg/javascript/jquery.utils.js HTTP/1.1" 304 -
116.238.248.233 - - [08/Dec/2021:10:25:24 +0800] "GET /xingrg/javascript/jquery.timers.js HTTP/1.1" 304 -
116.238.248.233 - - [08/Dec/2021:10:25:24 +0800] "GET /xingrg/images/blue/jxLogo.png HTTP/1.1" 304 -
116.238.248.233 - - [08/Dec/2021:10:25:24 +0800] "GET /xingrg/images/blue/navBackgound.jpg HTTP/1.1" 304 -
116.238.248.233 - - [08/Dec/2021:10:25:24 +0800] "GET /xingrg/javascript/jquery_easy_ui/themes/icons/settle_new.png HTTP/1.1" 304 -
116.238.248.233 - - [08/Dec/2021:10:25:25 +0800] "GET /xingrg/all/function/internal_message.html?_=1638930323459&CODE_STATE=count HTTP/1.1" 200 11
116.238.248.233 - - [08/Dec/2021:10:25:25 +0800] "GET /xingrg/check_reg.html?_=1638930323460 HTTP/1.1" 200 22
116.238.248.233 - - [08/Dec/2021:10:25:25 +0800] "GET /xingrg/javascript/jquery_easy_ui/themes/default/images/tabs_leftarrow.png HTTP/1.1" 304 -
116.238.248.233 - - [08/Dec/2021:10:25:25 +0800] "GET /xingrg/images/blue/pingpu.png HTTP/1.1" 304 -
116.238.248.233 - - [08/Dec/2021:10:25:25 +0800] "GET /xingrg/javascript/jquery_easy_ui/themes/default/images/panel_tool_collapse.gif HTTP/1.1" 304 -
116.238.248.233 - - [08/Dec/2021:10:25:25 +0800] "GET /xingrg/javascript/jquery_easy_ui/themes/default/images/tabs_rightarrow.png HTTP/1.1" 304 -
116.238.248.233 - - [08/Dec/2021:10:25:25 +0800] "POST /xingrg/all/common/load_tree.html?tree=area_rest_tree_json&manage=1 HTTP/1.1" 200 476
116.238.248.233 - - [08/Dec/2021:10:25:25 +0800] "POST /xingrg/load_menu.html HTTP/1.1" 200 5138
116.238.248.233 - - [08/Dec/2021:10:25:26 +0800] "GET /xingrg/kc/base/yddb_order_list.html HTTP/1.1" 200 16670
116.238.248.233 - - [08/Dec/2021:10:25:27 +0800] "POST /xingrg/kc/base/yddb_list_operate.html HTTP/1.1" 200 636
114.84.149.84 - - [08/Dec/2021:10:25:28 +0800] "POST /xingrg/kc/buy/cgsh_order_operate.html HTTP/1.1" 200 2065
114.84.149.84 - - [08/Dec/2021:10:25:29 +0800] "GET /xingrg/all/function/internal_message.html?_=1638930146575&CODE_STATE=getMsg HTTP/1.1" 200 27
116.238.248.233 - - [08/Dec/2021:10:25:29 +0800] "POST /xingrg/kc/base/yddb_list_operate.html HTTP/1.1" 200 1605
116.238.248.233 - - [08/Dec/2021:10:25:30 +0800] "POST /xingrg/kc/base/yddb_list_operate.html HTTP/1.1" 200 634
116.238.248.233 - - [08/Dec/2021:10:25:32 +0800] "GET /xingrg/kc/base/yddb_order_info.html?code=482021120800031 HTTP/1.1" 200 31038
116.238.248.233 - - [08/Dec/2021:10:25:32 +0800] "GET /xingrg/dwr/interface/AjaxComOrderService.js HTTP/1.1" 200 18264
116.238.248.233 - - [08/Dec/2021:10:25:32 +0800] "GET /xingrg/dwr/interface/AjaxYddbService.js HTTP/1.1" 200 13201
116.238.248.233 - - [08/Dec/2021:10:25:32 +0800] "GET /xingrg/dwr/engine.js HTTP/1.1" 200 43631
116.238.248.233 - - [08/Dec/2021:10:25:32 +0800] "POST /xingrg/dwr/call/plaincall/AjaxYddbService.loadMaterielItems.dwr HTTP/1.1" 200 2631
116.238.248.233 - - [08/Dec/2021:10:25:35 +0800] "POST /xingrg/dwr/call/plaincall/AjaxYddbService.saveOrder.dwr HTTP/1.1" 200 78
58.35.215.131 - - [08/Dec/2021:10:25:37 +0800] "GET /xingrg/all/function/internal_message.html?_=1638930336194&CODE_STATE=getMsg HTTP/1.1" 200 27
180.169.147.146 - - [08/Dec/2021:10:25:40 +0800] "GET /xingrg/all/function/internal_message.html?_=1638930345277&CODE_STATE=getMsg HTTP/1.1" 200 27
116.238.248.233 - - [08/Dec/2021:10:25:43 +0800] "POST /xingrg/dwr/call/plaincall/AjaxYddbService.objCheckOrder.dwr HTTP/1.1" 200 78
116.227.210.113 - - [08/Dec/2021:10:25:43 +0800] "GET /xingrg/all/function/internal_message.html?_=1638930338301&CODE_STATE=getMsg HTTP/1.1" 200 27
114.83.221.33 - - [08/Dec/2021:10:25:43 +0800] "GET /xingrg/all/function/internal_message.html?_=1638930342586&CODE_STATE=getMsg HTTP/1.1" 200 27
116.238.248.233 - - [08/Dec/2021:10:25:44 +0800] "GET /xingrg/kc/base/yddb_order_info.html?code=482021120800031 HTTP/1.1" 200 31159
116.238.248.233 - - [08/Dec/2021:10:25:44 +0800] "GET /xingrg/dwr/interface/AjaxComOrderService.js HTTP/1.1" 200 18264
116.238.248.233 - - [08/Dec/2021:10:25:44 +0800] "GET /xingrg/dwr/interface/AjaxYddbService.js HTTP/1.1" 200 13201
116.238.248.233 - - [08/Dec/2021:10:25:44 +0800] "GET /xingrg/dwr/engine.js HTTP/1.1" 200 43631
114.83.221.33 - - [08/Dec/2021:10:25:44 +0800] "GET /xingrg/check_reg.html?_=1638930343895 HTTP/1.1" 200 22
116.238.248.233 - - [08/Dec/2021:10:25:45 +0800] "POST /xingrg/dwr/call/plaincall/AjaxYddbService.loadMaterielItems.dwr HTTP/1.1" 200 2631
116.238.248.233 - - [08/Dec/2021:10:25:46 +0800] "GET /xingrg/kc/base/yddb_order_list.html?isBack=1 HTTP/1.1" 200 16670
116.238.248.233 - - [08/Dec/2021:10:25:47 +0800] "POST /xingrg/kc/base/yddb_list_operate.html HTTP/1.1" 200 636
116.238.248.233 - - [08/Dec/2021:10:25:49 +0800] "POST /xingrg/kc/base/yddb_list_operate.html HTTP/1.1" 200 1345
116.238.248.233 - - [08/Dec/2021:10:25:50 +0800] "POST /xingrg/kc/base/yddb_list_operate.html HTTP/1.1" 200 211
116.238.248.233 - - [08/Dec/2021:10:25:52 +0800] "GET /xingrg/kc/base/yddb_order_info.html?code=482021120800030 HTTP/1.1" 200 31037
116.238.248.233 - - [08/Dec/2021:10:25:52 +0800] "GET /xingrg/dwr/interface/AjaxComOrderService.js HTTP/1.1" 200 18264
116.238.248.233 - - [08/Dec/2021:10:25:52 +0800] "GET /xingrg/dwr/interface/AjaxYddbService.js HTTP/1.1" 200 13201
116.238.248.233 - - [08/Dec/2021:10:25:52 +0800] "GET /xingrg/dwr/engine.js HTTP/1.1" 200 43631
116.238.248.233 - - [08/Dec/2021:10:25:52 +0800] "POST /xingrg/dwr/call/plaincall/AjaxYddbService.loadMaterielItems.dwr HTTP/1.1" 200 439
180.157.253.6 - - [08/Dec/2021:10:25:53 +0800] "GET /xingrg/all/function/internal_message.html?_=1638930352761&CODE_STATE=getMsg HTTP/1.1" 200 27
58.39.139.200 - - [08/Dec/2021:10:25:55 +0800] "GET /xingrg/kc/buy/cgsh_order_add.html HTTP/1.1" 200 64986
58.39.139.200 - - [08/Dec/2021:10:25:55 +0800] "POST /xingrg/kc/buy/cgsh_order_operate.html HTTP/1.1" 200 8245
58.39.139.200 - - [08/Dec/2021:10:25:55 +0800] "GET /xingrg/javascript/easyui/themes/default/validatebox.css HTTP/1.1" 404 1104
124.78.153.86 - - [08/Dec/2021:10:25:56 +0800] "GET /xingrg/all/function/internal_message.html?_=1638930359494&CODE_STATE=getMsg HTTP/1.1" 200 27
116.238.248.233 - - [08/Dec/2021:10:25:56 +0800] "POST /xingrg/dwr/call/plaincall/AjaxYddbService.saveOrder.dwr HTTP/1.1" 200 78
114.84.149.84 - - [08/Dec/2021:10:25:57 +0800] "GET /xingrg/kc/buy/cgsh_order_operate.html?command=get_materiel&rest_code=00141&code=00101008403&supplier_code=00100007&order_time=2021-12-08 HTTP/1.1" 200 412
116.238.248.233 - - [08/Dec/2021:10:26:01 +0800] "POST /xingrg/dwr/call/plaincall/AjaxYddbService.objCheckOrder.dwr HTTP/1.1" 200 78
116.238.248.233 - - [08/Dec/2021:10:26:02 +0800] "GET /xingrg/kc/base/yddb_order_info.html?code=482021120800030 HTTP/1.1" 200 31158
116.238.248.233 - - [08/Dec/2021:10:26:02 +0800] "GET /xingrg/dwr/interface/AjaxComOrderService.js HTTP/1.1" 200 18264
116.238.248.233 - - [08/Dec/2021:10:26:02 +0800] "GET /xingrg/dwr/interface/AjaxYddbService.js HTTP/1.1" 200 13201
120.253.135.82 - - [08/Dec/2021:10:26:02 +0800] "GET /xingrg/all/function/internal_message.html?_=1638930139578&CODE_STATE=getMsg HTTP/1.1" 200 27
116.238.248.233 - - [08/Dec/2021:10:26:02 +0800] "GET /xingrg/dwr/engine.js HTTP/1.1" 200 43631
222.70.176.97 - - [08/Dec/2021:10:26:03 +0800] "GET /xingrg/all/function/internal_message.html?_=1638930360949&CODE_STATE=getMsg HTTP/1.1" 200 27
116.238.248.233 - - [08/Dec/2021:10:26:03 +0800] "POST /xingrg/dwr/call/plaincall/AjaxYddbService.loadMaterielItems.dwr HTTP/1.1" 200 439
114.84.149.84 - - [08/Dec/2021:10:26:04 +0800] "GET /xingrg/kc/buy/cgsh_order_operate.html?command=get_materiel&rest_code=00141&code=00101008344&supplier_code=00100007&order_time=2021-12-08 HTTP/1.1" 200 412
116.229.213.191 - - [08/Dec/2021:10:26:07 +0800] "GET /xingrg/all/function/internal_message.html?_=1638930366844&CODE_STATE=getMsg HTTP/1.1" 200 27
222.70.176.97 - - [08/Dec/2021:10:26:10 +0800] "GET /xingrg/all/function/internal_message.html?_=1638930039583&CODE_STATE=getMsg HTTP/1.1" 302 -
114.84.149.84 - - [08/Dec/2021:10:26:12 +0800] "GET /xingrg/kc/buy/cgsh_order_operate.html?command=get_materiel&rest_code=00141&code=00101008186&supplier_code=00100007&order_time=2021-12-08 HTTP/1.1" 200 408
58.40.7.146 - - [08/Dec/2021:10:26:13 +0800] "GET /xingrg/login.html HTTP/1.1" 200 7641
58.40.7.146 - - [08/Dec/2021:10:26:13 +0800] "GET /xingrg/images/blue/jxLogo.png HTTP/1.1" 200 6156
58.40.7.146 - - [08/Dec/2021:10:26:14 +0800] "GET /xingrg/images/blue/hj.png HTTP/1.1" 200 1014
58.40.7.146 - - [08/Dec/2021:10:26:14 +0800] "GET /xingrg/images/blue/srbg.png HTTP/1.1" 200 138
58.40.7.146 - - [08/Dec/2021:10:26:14 +0800] "GET /xingrg/images/blue/login_bg.png HTTP/1.1" 200 22101
58.40.7.146 - - [08/Dec/2021:10:26:14 +0800] "GET /favicon.ico HTTP/1.1" 404 -
114.84.149.84 - - [08/Dec/2021:10:26:14 +0800] "POST /xingrg/kc/buy/cgsh_order_operate.html HTTP/1.1" 200 2065
114.85.125.222 - - [08/Dec/2021:10:26:15 +0800] "GET /xingrg/all/function/internal_message.html?_=1638930335668&CODE_STATE=getMsg HTTP/1.1" 200 27
180.169.147.146 - - [08/Dec/2021:10:26:19 +0800] "GET /xingrg/all/function/internal_message.html?_=1638930379908&CODE_STATE=getMsg HTTP/1.1" 200 27
58.40.7.146 - - [08/Dec/2021:10:26:19 +0800] "POST /xingrg/login.do HTTP/1.1" 302 -
58.40.7.146 - - [08/Dec/2021:10:26:19 +0800] "GET /xingrg/index.html?sysBaseUrl=http%3A%2F%2F180.169.147.146%3A18081%2Fxingrg%2F&costTime=1206×tamp=1638930379576 HTTP/1.1" 200 17173
58.40.7.146 - - [08/Dec/2021:10:26:19 +0800] "GET /xingrg/javascript/jquery_easy_ui/themes/icon.css HTTP/1.1" 200 3949
58.40.7.146 - - [08/Dec/2021:10:26:19 +0800] "GET /xingrg/css/form.css HTTP/1.1" 200 893
58.40.7.146 - - [08/Dec/2021:10:26:19 +0800] "GET /xingrg/javascript/jquery-1.4.2.min.js HTTP/1.1" 200 72205
58.40.7.146 - - [08/Dec/2021:10:26:19 +0800] "GET /xingrg/javascript/jquery_easy_ui/jquery.easyui.min.js HTTP/1.1" 200 213662
58.40.7.146 - - [08/Dec/2021:10:26:19 +0800] "GET /xingrg/javascript/jquery_easy_ui/themes/default/easyui.css HTTP/1.1" 200 26500
58.40.7.146 - - [08/Dec/2021:10:26:19 +0800] "GET /xingrg/javascript/jquery_easy_ui/easyui-lang-zh_CN.js HTTP/1.1" 200 1900
58.40.7.146 - - [08/Dec/2021:10:26:19 +0800] "GET /xingrg/javascript/jquery.timers.js HTTP/1.1" 200 3532
58.40.7.146 - - [08/Dec/2021:10:26:19 +0800] "GET /xingrg/javascript/jquery.utils.js HTTP/1.1" 200 11805
58.40.7.146 - - [08/Dec/2021:10:26:19 +0800] "GET /xingrg/javascript/jquery.form.js HTTP/1.1" 200 23110
58.39.139.200 - - [08/Dec/2021:10:26:19 +0800] "GET /xingrg/kc/buy/cgsh_order_operate.html?command=get_materiel&rest_code=00105&code=00101002027&supplier_code=00100397&order_time=2021-12-08 HTTP/1.1" 200 432
58.40.7.146 - - [08/Dec/2021:10:26:19 +0800] "GET /xingrg/all/function/internal_message.html?_=1638930378761&CODE_STATE=count HTTP/1.1" 200 11
58.40.7.146 - - [08/Dec/2021:10:26:19 +0800] "GET /xingrg/check_reg.html?_=1638930378763 HTTP/1.1" 200 22
58.40.7.146 - - [08/Dec/2021:10:26:19 +0800] "GET /xingrg/javascript/jquery_easy_ui/themes/icons/settle_new.png HTTP/1.1" 200 826
58.40.7.146 - - [08/Dec/2021:10:26:19 +0800] "GET /xingrg/images/blue/pingpu.png HTTP/1.1" 200 231
58.40.7.146 - - [08/Dec/2021:10:26:19 +0800] "GET /xingrg/javascript/jquery_easy_ui/themes/default/images/tabs_leftarrow.png HTTP/1.1" 200 389
58.40.7.146 - - [08/Dec/2021:10:26:19 +0800] "GET /xingrg/javascript/jquery_easy_ui/themes/default/images/tabs_rightarrow.png HTTP/1.1" 200 395
58.40.7.146 - - [08/Dec/2021:10:26:19 +0800] "GET /xingrg/images/blue/navBackgound.jpg HTTP/1.1" 200 12378
58.40.7.146 - - [08/Dec/2021:10:26:19 +0800] "GET /xingrg/javascript/jquery_easy_ui/themes/default/images/panel_tool_collapse.gif HTTP/1.1" 200 246
58.40.7.146 - - [08/Dec/2021:10:26:19 +0800] "GET /favicon.ico HTTP/1.1" 404 -
58.40.7.146 - - [08/Dec/2021:10:26:20 +0800] "POST /xingrg/all/common/load_tree.html?tree=area_rest_tree_json&manage=1 HTTP/1.1" 200 3472
58.40.7.146 - - [08/Dec/2021:10:26:20 +0800] "GET /xingrg/javascript/jquery_easy_ui/themes/default/images/tree_arrows.gif HTTP/1.1" 200 1043
58.40.7.146 - - [08/Dec/2021:10:26:20 +0800] "GET /xingrg/javascript/jquery_easy_ui/themes/default/images/tree_folder_open.gif HTTP/1.1" 200 956
58.40.7.146 - - [08/Dec/2021:10:26:20 +0800] "GET /xingrg/javascript/jquery_easy_ui/themes/icons/area.png HTTP/1.1" 200 262
58.40.7.146 - - [08/Dec/2021:10:26:20 +0800] "GET /xingrg/javascript/jquery_easy_ui/themes/icons/manage.png HTTP/1.1" 200 696
58.40.7.146 - - [08/Dec/2021:10:26:20 +0800] "GET /xingrg/javascript/jquery_easy_ui/themes/icons/rest.png HTTP/1.1" 200 695
58.40.7.146 - - [08/Dec/2021:10:26:20 +0800] "POST /xingrg/load_menu.html HTTP/1.1" 200 6743
58.40.7.146 - - [08/Dec/2021:10:26:20 +0800] "GET /xingrg/javascript/jquery_easy_ui/themes/icons/search_new.png HTTP/1.1" 200 586
58.40.7.146 - - [08/Dec/2021:10:26:20 +0800] "GET /xingrg/javascript/jquery_easy_ui/themes/icons/delivery_new.png HTTP/1.1" 200 700
58.40.7.146 - - [08/Dec/2021:10:26:20 +0800] "GET /xingrg/javascript/jquery_easy_ui/themes/icons/storage_new.png HTTP/1.1" 200 853
58.40.7.146 - - [08/Dec/2021:10:26:20 +0800] "GET /xingrg/javascript/jquery_easy_ui/themes/icons/forms_new.png HTTP/1.1" 200 350
58.40.7.146 - - [08/Dec/2021:10:26:20 +0800] "GET /xingrg/javascript/jquery_easy_ui/themes/default/images/tree_file.gif HTTP/1.1" 200 118
58.40.7.146 - - [08/Dec/2021:10:26:20 +0800] "GET /xingrg/javascript/jquery_easy_ui/themes/default/images/tree_folder.gif HTTP/1.1" 200 952
222.70.171.86 - - [08/Dec/2021:10:26:20 +0800] "GET /xingrg/all/function/internal_message.html?_=1638930389446&CODE_STATE=getMsg HTTP/1.1" 200 27
58.40.7.146 - - [08/Dec/2021:10:26:21 +0800] "GET /xingrg/kc/buy/buy_main.html HTTP/1.1" 200 12341
58.40.7.146 - - [08/Dec/2021:10:26:21 +0800] "GET /xingrg/javascript/jquery_easy_ui/themes/default/images/tabs_close.gif HTTP/1.1" 200 829
114.84.149.84 - - [08/Dec/2021:10:26:21 +0800] "GET /xingrg/kc/buy/cgsh_order_operate.html?command=get_materiel&rest_code=00141&code=00101009054&supplier_code=00100007&order_time=2021-12-08 HTTP/1.1" 200 413
58.40.7.146 - - [08/Dec/2021:10:26:21 +0800] "GET /xingrg/css/new_ie.css HTTP/1.1" 404 1036
58.40.7.146 - - [08/Dec/2021:10:26:21 +0800] "GET /xingrg/css/blue.css HTTP/1.1" 200 15949
58.40.7.146 - - [08/Dec/2021:10:26:21 +0800] "GET /xingrg/javascript/pic_change.js HTTP/1.1" 200 4739
58.40.7.146 - - [08/Dec/2021:10:26:21 +0800] "GET /xingrg/javascript/ToolTips.js HTTP/1.1" 200 5615
58.40.7.146 - - [08/Dec/2021:10:26:21 +0800] "GET /xingrg/javascript/jquery_ui/themes/humanity/humanity.css HTTP/1.1" 200 27801
58.40.7.146 - - [08/Dec/2021:10:26:21 +0800] "GET /xingrg/javascript/jquery_ui/jquery-ui.min.js HTTP/1.1" 200 186181
58.40.7.146 - - [08/Dec/2021:10:26:21 +0800] "GET /xingrg/javascript/myfunction.js HTTP/1.1" 200 24559
58.40.7.146 - - [08/Dec/2021:10:26:21 +0800] "GET /xingrg/images/blue/button/cgxqd.gif HTTP/1.1" 200 2619
58.40.7.146 - - [08/Dec/2021:10:26:21 +0800] "GET /xingrg/images/blue/button/cgydd.gif HTTP/1.1" 200 2712
58.40.7.146 - - [08/Dec/2021:10:26:21 +0800] "GET /xingrg/images/blue/button/cgshd.gif HTTP/1.1" 200 2618
58.40.7.146 - - [08/Dec/2021:10:26:21 +0800] "GET /xingrg/images/blue/button/cgfkd.gif HTTP/1.1" 200 2075
58.40.7.146 - - [08/Dec/2021:10:26:21 +0800] "GET /xingrg/images/blue/button/kc.gif HTTP/1.1" 200 2160
58.40.7.146 - - [08/Dec/2021:10:26:21 +0800] "GET /xingrg/images/blue/button/ckthd.gif HTTP/1.1" 200 2045
58.40.7.146 - - [08/Dec/2021:10:26:21 +0800] "GET /xingrg/images/blue/pic_form2.gif HTTP/1.1" 200 1853
58.40.7.146 - - [08/Dec/2021:10:26:21 +0800] "GET /xingrg/images/blue/button/right_ah.jpg HTTP/1.1" 200 1744
58.40.7.146 - - [08/Dec/2021:10:26:21 +0800] "GET /xingrg/images/blue/button/down_ah.jpg HTTP/1.1" 200 1732
58.40.7.146 - - [08/Dec/2021:10:26:21 +0800] "GET /xingrg/images/blue/bg_dotted.jpg HTTP/1.1" 200 319
58.40.7.146 - - [08/Dec/2021:10:26:21 +0800] "GET /xingrg/javascript/jquery_ui/themes/humanity/images/ui-bg_inset-soft_100_f4f0ec_1x100.png HTTP/1.1" 200 141
58.40.7.146 - - [08/Dec/2021:10:26:21 +0800] "GET /xingrg/javascript/jquery_ui/themes/humanity/images/ui-iconsnew.jpg HTTP/1.1" 200 337
58.40.7.146 - - [08/Dec/2021:10:26:21 +0800] "GET /xingrg/javascript/jquery_ui/themes/humanity/images/ui-icons_c47a23_256x240.png HTTP/1.1" 200 5355
58.40.7.146 - - [08/Dec/2021:10:26:21 +0800] "GET /xingrg/javascript/jquery_ui/themes/humanity/images/ui-icons_ffffff_256x240.png HTTP/1.1" 200 4369
58.39.139.200 - - [08/Dec/2021:10:26:21 +0800] "GET /xingrg/all/function/internal_message.html?_=1638930317608&CODE_STATE=getMsg HTTP/1.1" 200 27
58.40.7.146 - - [08/Dec/2021:10:26:22 +0800] "GET /xingrg/kc/buy/cgsh_order_list.html HTTP/1.1" 200 49163
58.40.7.146 - - [08/Dec/2021:10:26:22 +0800] "GET /xingrg/css/base.css HTTP/1.1" 200 2811
58.40.7.146 - - [08/Dec/2021:10:26:22 +0800] "GET /xingrg/css/site.css HTTP/1.1" 200 7541
58.40.7.146 - - [08/Dec/2021:10:26:22 +0800] "GET /xingrg/javascript/jquery_tools/datebox.css HTTP/1.1" 200 2597
58.40.7.146 - - [08/Dec/2021:10:26:22 +0800] "GET /xingrg/javascript/easyui/themes/icon.css HTTP/1.1" 200 4483
58.40.7.146 - - [08/Dec/2021:10:26:22 +0800] "GET /xingrg/javascript/auto/jquery.autocomplete.css HTTP/1.1" 200 587
58.40.7.146 - - [08/Dec/2021:10:26:22 +0800] "GET /xingrg/javascript/jquery_tools/fix.css HTTP/1.1" 200 1702
58.40.7.146 - - [08/Dec/2021:10:26:22 +0800] "GET /xingrg/javascript/jquery_tools/table.css HTTP/1.1" 200 1032
58.40.7.146 - - [08/Dec/2021:10:26:22 +0800] "GET /xingrg/javascript/easyui/themes/default/easyui.css HTTP/1.1" 200 30432
58.40.7.146 - - [08/Dec/2021:10:26:23 +0800] "GET /xingrg/javascript/jquery_tools/jquery.tools.min.js HTTP/1.1" 200 138801
58.40.7.146 - - [08/Dec/2021:10:26:23 +0800] "GET /xingrg/javascript/jquery_tools/jquery.tools.hotkey.js HTTP/1.1" 200 3242
58.40.7.146 - - [08/Dec/2021:10:26:23 +0800] "GET /xingrg/javascript/jquery_tools/jquery.tools.table.js HTTP/1.1" 200 6994
58.40.7.146 - - [08/Dec/2021:10:26:23 +0800] "GET /xingrg/javascript/jquery_tools/jquery.tools.extend.js HTTP/1.1" 200 15385
58.40.7.146 - - [08/Dec/2021:10:26:23 +0800] "GET /xingrg/javascript/jquery_tools/list_manager.js HTTP/1.1" 200 3652
58.40.7.146 - - [08/Dec/2021:10:26:23 +0800] "GET /xingrg/javascript/easyui/easyloader.js HTTP/1.1" 200 5975
58.40.7.146 - - [08/Dec/2021:10:26:23 +0800] "GET /xingrg/javascript/auto/jquery.autocomplete.js HTTP/1.1" 200 21624
58.40.7.146 - - [08/Dec/2021:10:26:23 +0800] "GET /xingrg/javascript/jquery.cookie.js HTTP/1.1" 200 5513
58.40.7.146 - - [08/Dec/2021:10:26:23 +0800] "GET /xingrg/javascript/print/LodopFuncs.js HTTP/1.1" 200 5121
58.40.7.146 - - [08/Dec/2021:10:26:23 +0800] "GET /xingrg/javascript/easyui/plugins/jquery.parser.js HTTP/1.1" 200 1142
58.40.7.146 - - [08/Dec/2021:10:26:23 +0800] "GET /xingrg/images/control/ajaxLoader.gif HTTP/1.1" 200 4659
58.40.7.146 - - [08/Dec/2021:10:26:23 +0800] "GET /xingrg/javascript/easyui/themes/icons/cance_new.png HTTP/1.1" 200 3986
58.40.7.146 - - [08/Dec/2021:10:26:23 +0800] "GET /xingrg/javascript/easyui/themes/icons/check_new.png HTTP/1.1" 200 3224
58.40.7.146 - - [08/Dec/2021:10:26:23 +0800] "GET /xingrg/javascript/easyui/themes/icons/edit_add_new.png HTTP/1.1" 200 2997
58.40.7.146 - - [08/Dec/2021:10:26:23 +0800] "GET /xingrg/javascript/easyui/themes/icons/field_new.png HTTP/1.1" 200 1097
58.40.7.146 - - [08/Dec/2021:10:26:23 +0800] "GET /xingrg/javascript/easyui/themes/icons/import_new.png HTTP/1.1" 200 1247
58.221.95.50 - - [08/Dec/2021:10:26:23 +0800] "GET /xingrg/check_reg.html?_=1638930382065 HTTP/1.1" 302 -
58.40.7.146 - - [08/Dec/2021:10:26:23 +0800] "GET /xingrg/javascript/jquery_tools/images/prev.gif HTTP/1.1" 404 1086
58.40.7.146 - - [08/Dec/2021:10:26:23 +0800] "GET /xingrg/javascript/jquery_tools/images/next.gif HTTP/1.1" 404 1086
101.85.120.86 - - [08/Dec/2021:10:26:24 +0800] "GET /xingrg/all/function/internal_message.html?_=1638930381474&CODE_STATE=getMsg HTTP/1.1" 200 27
58.40.7.146 - - [08/Dec/2021:10:26:25 +0800] "POST /xingrg/kc/buy/cgsh_list_operate.html HTTP/1.1" 200 876
116.238.248.233 - - [08/Dec/2021:10:26:25 +0800] "GET /xingrg/all/function/internal_message.html?_=1638930383479&CODE_STATE=getMsg HTTP/1.1" 200 27
114.84.149.84 - - [08/Dec/2021:10:26:29 +0800] "GET /xingrg/all/function/internal_message.html?_=1638930206481&CODE_STATE=getMsg HTTP/1.1" 200 27
58.40.7.146 - - [08/Dec/2021:10:26:30 +0800] "GET /xingrg/javascript/auto/indicator.gif HTTP/1.1" 404 1066
58.35.215.131 - - [08/Dec/2021:10:26:37 +0800] "GET /xingrg/all/function/internal_message.html?_=1638930396195&CODE_STATE=getMsg HTTP/1.1" 200 27
180.169.147.146 - - [08/Dec/2021:10:26:40 +0800] "GET /xingrg/all/function/internal_message.html?_=1638930405276&CODE_STATE=getMsg HTTP/1.1" 200 27
58.40.7.146 - - [08/Dec/2021:10:26:40 +0800] "POST /xingrg/kc/buy/cgsh_list_operate.html HTTP/1.1" 200 5783
116.227.210.113 - - [08/Dec/2021:10:26:43 +0800] "GET /xingrg/check_reg.html?_=1638930398305 HTTP/1.1" 200 22
58.39.139.200 - - [08/Dec/2021:10:26:43 +0800] "GET /xingrg/kc/buy/cgsh_order_operate.html?command=get_materiel&rest_code=00105&code=00101001010&supplier_code=00100397&order_time=2021-12-08 HTTP/1.1" 200 409
116.227.210.113 - - [08/Dec/2021:10:26:43 +0800] "GET /xingrg/all/function/internal_message.html?_=1638930398309&CODE_STATE=getMsg HTTP/1.1" 200 27
114.83.221.33 - - [08/Dec/2021:10:26:43 +0800] "GET /xingrg/all/function/internal_message.html?_=1638930402584&CODE_STATE=getMsg HTTP/1.1" 200 27
114.84.149.84 - - [08/Dec/2021:10:26:53 +0800] "GET /xingrg/kc/buy/cgsh_order_operate.html?command=get_materiel&rest_code=00141&code=00101008236&supplier_code=00100007&order_time=2021-12-08 HTTP/1.1" 200 416
180.157.253.6 - - [08/Dec/2021:10:26:53 +0800] "GET /xingrg/all/function/internal_message.html?_=1638930412761&CODE_STATE=getMsg HTTP/1.1" 200 27
58.40.7.146 - - [08/Dec/2021:10:26:54 +0800] "POST /xingrg/kc/buy/cgsh_list_operate.html HTTP/1.1" 200 615
124.78.153.86 - - [08/Dec/2021:10:26:56 +0800] "GET /xingrg/all/function/internal_message.html?_=1638930419500&CODE_STATE=getMsg HTTP/1.1" 200 27
58.40.7.146 - - [08/Dec/2021:10:26:58 +0800] "GET /xingrg/javascript/convert.js HTTP/1.1" 200 1239
58.40.7.146 - - [08/Dec/2021:10:26:58 +0800] "GET /xingrg/words/20211207094324_words.js HTTP/1.1" 200 877885
58.40.7.146 - - [08/Dec/2021:10:26:58 +0800] "GET /xingrg/javascript/jquery_tools/order_manager.js HTTP/1.1" 200 11183
58.40.7.146 - - [08/Dec/2021:10:26:58 +0800] "GET /xingrg/javascript/json2.js HTTP/1.1" 200 11259
58.40.7.146 - - [08/Dec/2021:10:26:58 +0800] "GET /xingrg/javascript/print/kc_print.js HTTP/1.1" 200 11415
58.40.7.146 - - [08/Dec/2021:10:26:58 +0800] "GET /xingrg/kc/buy/cgsh_order_info.html?code=212021110401261 HTTP/1.1" 200 58865
58.40.7.146 - - [08/Dec/2021:10:26:58 +0800] "GET /xingrg/javascript/easyui/themes/icons/print.png HTTP/1.1" 200 1057
58.40.7.146 - - [08/Dec/2021:10:26:58 +0800] "GET /xingrg/javascript/easyui/themes/icons/copy_new.png HTTP/1.1" 200 815
58.40.7.146 - - [08/Dec/2021:10:26:58 +0800] "GET /xingrg/javascript/easyui/themes/icons/cancel.png HTTP/1.1" 200 1133
58.40.7.146 - - [08/Dec/2021:10:26:58 +0800] "GET /xingrg/javascript/easyui/themes/default/images/menu_downarrow.png HTTP/1.1" 200 173
58.40.7.146 - - [08/Dec/2021:10:26:59 +0800] "GET /xingrg/javascript/easyui/themes/default/validatebox.css HTTP/1.1" 404 1104
58.40.7.146 - - [08/Dec/2021:10:26:59 +0800] "GET /xingrg/javascript/easyui/plugins/jquery.validatebox.js HTTP/1.1" 200 6103
58.40.7.146 - - [08/Dec/2021:10:26:59 +0800] "GET /xingrg/javascript/easyui/plugins/jquery.numberbox.js HTTP/1.1" 200 5213
58.40.7.146 - - [08/Dec/2021:10:27:00 +0800] "POST /xingrg/kc/buy/cgsh_order_operate.html HTTP/1.1" 200 5493
58.40.7.146 - - [08/Dec/2021:10:27:00 +0800] "GET /xingrg/javascript/easyui/themes/icons/edit_remove.png HTTP/1.1" 200 625
114.84.149.84 - - [08/Dec/2021:10:27:00 +0800] "GET /xingrg/kc/buy/cgsh_order_operate.html?command=get_materiel&rest_code=00141&code=00101008114&supplier_code=00100007&order_time=2021-12-08 HTTP/1.1" 200 412
120.253.135.82 - - [08/Dec/2021:10:27:02 +0800] "GET /xingrg/all/function/internal_message.html?_=1638930199591&CODE_STATE=getMsg HTTP/1.1" 200 27
114.84.149.84 - - [08/Dec/2021:10:27:03 +0800] "POST /xingrg/kc/buy/cgsh_order_operate.html HTTP/1.1" 200 2065
222.70.176.97 - - [08/Dec/2021:10:27:03 +0800] "GET /xingrg/all/function/internal_message.html?_=1638930420933&CODE_STATE=getMsg HTTP/1.1" 200 27
58.39.139.200 - - [08/Dec/2021:10:27:06 +0800] "GET /xingrg/kc/buy/cgsh_order_operate.html?command=get_materiel&rest_code=00105&code=00101003025&supplier_code=00100397&order_time=2021-12-08 HTTP/1.1" 200 409
116.229.213.191 - - [08/Dec/2021:10:27:07 +0800] "GET /xingrg/all/function/internal_message.html?_=1638930426857&CODE_STATE=getMsg HTTP/1.1" 200 27
114.84.149.84 - - [08/Dec/2021:10:27:08 +0800] "GET /xingrg/kc/buy/cgsh_order_operate.html?command=get_materiel&rest_code=00141&code=00101008558&supplier_code=00100007&order_time=2021-12-08 HTTP/1.1" 200 395
222.70.176.97 - - [08/Dec/2021:10:27:10 +0800] "GET /xingrg/all/function/internal_message.html?_=1638930099583&CODE_STATE=getMsg HTTP/1.1" 302 -
114.85.125.222 - - [08/Dec/2021:10:27:15 +0800] "GET /xingrg/all/function/internal_message.html?_=1638930395671&CODE_STATE=getMsg HTTP/1.1" 200 27
58.40.7.146 - - [08/Dec/2021:10:27:17 +0800] "GET /xingrg/javascript/jquery_easy_ui/themes/default/images/tabs_active.png HTTP/1.1" 200 2894
222.69.132.164 - - [08/Dec/2021:10:27:18 +0800] "GET /xingrg/login.html HTTP/1.1" 200 7641
222.69.132.164 - - [08/Dec/2021:10:27:18 +0800] "GET /favicon.ico HTTP/1.1" 404 -
180.169.147.146 - - [08/Dec/2021:10:27:19 +0800] "GET /xingrg/all/function/internal_message.html?_=1638930439911&CODE_STATE=getMsg HTTP/1.1" 200 27
58.40.7.146 - - [08/Dec/2021:10:27:19 +0800] "GET /xingrg/all/function/internal_message.html?_=1638930438774&CODE_STATE=getMsg HTTP/1.1" 200 27
222.70.171.86 - - [08/Dec/2021:10:27:20 +0800] "GET /xingrg/all/function/internal_message.html?_=1638930449461&CODE_STATE=getMsg HTTP/1.1" 200 27
222.69.132.164 - - [08/Dec/2021:10:27:21 +0800] "POST /xingrg/login.do HTTP/1.1" 302 -
222.69.132.164 - - [08/Dec/2021:10:27:21 +0800] "GET /xingrg/index.html?sysBaseUrl=http%3A%2F%2F180.169.147.146%3A18081%2Fxingrg%2F&costTime=1260×tamp=1638930441164 HTTP/1.1" 200 17179
222.69.132.164 - - [08/Dec/2021:10:27:21 +0800] "GET /favicon.ico HTTP/1.1" 404 -
222.69.132.164 - - [08/Dec/2021:10:27:21 +0800] "GET /xingrg/all/function/internal_message.html?_=1638930455030&CODE_STATE=count HTTP/1.1" 200 11
222.69.132.164 - - [08/Dec/2021:10:27:21 +0800] "GET /xingrg/check_reg.html?_=1638930455032 HTTP/1.1" 200 22
222.69.132.164 - - [08/Dec/2021:10:27:21 +0800] "POST /xingrg/all/common/load_tree.html?tree=area_rest_tree_json&manage=1 HTTP/1.1" 200 351
222.69.132.164 - - [08/Dec/2021:10:27:21 +0800] "POST /xingrg/load_menu.html HTTP/1.1" 200 5138
58.39.139.200 - - [08/Dec/2021:10:27:21 +0800] "GET /xingrg/all/function/internal_message.html?_=1638930377584&CODE_STATE=getMsg HTTP/1.1" 200 27
101.85.120.86 - - [08/Dec/2021:10:27:24 +0800] "GET /xingrg/all/function/internal_message.html?_=1638930441474&CODE_STATE=getMsg HTTP/1.1" 200 27
116.238.248.233 - - [08/Dec/2021:10:27:25 +0800] "GET /xingrg/all/function/internal_message.html?_=1638930443479&CODE_STATE=getMsg HTTP/1.1" 200 27
222.69.132.164 - - [08/Dec/2021:10:27:25 +0800] "GET /xingrg/kc/buy/cgsh_order_list.html HTTP/1.1" 200 49169
222.69.132.164 - - [08/Dec/2021:10:27:28 +0800] "POST /xingrg/kc/buy/cgsh_list_operate.html HTTP/1.1" 200 876
114.84.149.84 - - [08/Dec/2021:10:27:29 +0800] "GET /xingrg/all/function/internal_message.html?_=1638930266587&CODE_STATE=getMsg HTTP/1.1" 200 27
114.84.149.84 - - [08/Dec/2021:10:27:29 +0800] "GET /xingrg/check_reg.html?_=1638930266588 HTTP/1.1" 200 22
222.69.132.164 - - [08/Dec/2021:10:27:31 +0800] "GET /xingrg/kc/buy/cgsh_order_add.html HTTP/1.1" 200 64108
222.69.132.164 - - [08/Dec/2021:10:27:31 +0800] "GET /xingrg/words/20211207094324_words.js HTTP/1.1" 304 -
222.69.132.164 - - [08/Dec/2021:10:27:31 +0800] "POST /xingrg/kc/buy/cgsh_order_operate.html HTTP/1.1" 200 8245
222.69.132.164 - - [08/Dec/2021:10:27:31 +0800] "GET /xingrg/javascript/easyui/themes/default/validatebox.css HTTP/1.1" 404 1104
222.69.132.164 - - [08/Dec/2021:10:27:31 +0800] "GET /xingrg/all/common/auto_word.html?type=employee&rest_code=00154 HTTP/1.1" 200 101
222.69.132.164 - - [08/Dec/2021:10:27:32 +0800] "GET /xingrg/all/common/auto_word.html?type=employee&rest_code=00154 HTTP/1.1" 200 101
58.40.7.146 - - [08/Dec/2021:10:27:35 +0800] "POST /xingrg/kc/buy/cgsh_list_operate.html HTTP/1.1" 200 5783
114.84.149.84 - - [08/Dec/2021:10:27:36 +0800] "GET /xingrg/kc/buy/cgsh_order_operate.html?command=get_materiel&rest_code=00141&code=00101008150&supplier_code=00100007&order_time=2021-12-08 HTTP/1.1" 200 409
58.35.215.131 - - [08/Dec/2021:10:27:37 +0800] "GET /xingrg/all/function/internal_message.html?_=1638930456197&CODE_STATE=getMsg HTTP/1.1" 200 27
58.35.215.131 - - [08/Dec/2021:10:27:37 +0800] "GET /xingrg/check_reg.html?_=1638930456197 HTTP/1.1" 200 22
180.169.147.146 - - [08/Dec/2021:10:27:40 +0800] "GET /xingrg/all/function/internal_message.html?_=1638930465276&CODE_STATE=getMsg HTTP/1.1" 200 27
58.40.7.146 - - [08/Dec/2021:10:27:42 +0800] "POST /xingrg/kc/buy/cgsh_list_operate.html HTTP/1.1" 200 631
222.69.132.164 - - [08/Dec/2021:10:27:43 +0800] "GET /xingrg/javascript/auto/indicator.gif HTTP/1.1" 404 1066
116.227.210.113 - - [08/Dec/2021:10:27:43 +0800] "GET /xingrg/all/function/internal_message.html?_=1638930458310&CODE_STATE=getMsg HTTP/1.1" 200 27
114.83.221.33 - - [08/Dec/2021:10:27:43 +0800] "GET /xingrg/all/function/internal_message.html?_=1638930462555&CODE_STATE=getMsg HTTP/1.1" 200 27
116.227.210.113 - - [08/Dec/2021:10:27:48 +0800] "GET /favicon.ico HTTP/1.1" 404 -
222.69.132.164 - - [08/Dec/2021:10:27:51 +0800] "GET /xingrg/kc/buy/cgsh_order_operate.html?command=get_materiel&rest_code=00154&code=00101012070&supplier_code=&order_time=2021-12-08 HTTP/1.1" 200 398
180.157.253.6 - - [08/Dec/2021:10:27:53 +0800] "GET /xingrg/all/function/internal_message.html?_=1638930472767&CODE_STATE=getMsg HTTP/1.1" 200 27
124.78.153.86 - - [08/Dec/2021:10:27:56 +0800] "GET /xingrg/check_reg.html?_=1638930479499 HTTP/1.1" 200 22
124.78.153.86 - - [08/Dec/2021:10:27:56 +0800] "GET /xingrg/all/function/internal_message.html?_=1638930479505&CODE_STATE=getMsg HTTP/1.1" 200 27
58.39.139.200 - - [08/Dec/2021:10:27:57 +0800] "POST /xingrg/kc/buy/cgsh_order_operate.html HTTP/1.1" 200 37
114.84.149.84 - - [08/Dec/2021:10:27:57 +0800] "GET /xingrg/kc/buy/cgsh_order_operate.html?command=get_materiel&rest_code=00141&code=00101019505&supplier_code=00100007&order_time=2021-12-08 HTTP/1.1" 200 478
58.40.7.146 - - [08/Dec/2021:10:27:57 +0800] "POST /xingrg/kc/buy/cgsh_list_operate.html HTTP/1.1" 200 208
58.39.139.200 - - [08/Dec/2021:10:27:59 +0800] "POST /xingrg/kc/buy/cgsh_order_operate.html HTTP/1.1" 200 3837
58.40.7.146 - - [08/Dec/2021:10:28:00 +0800] "POST /xingrg/kc/buy/cgsh_list_operate.html HTTP/1.1" 200 621
120.253.135.82 - - [08/Dec/2021:10:28:02 +0800] "GET /xingrg/all/function/internal_message.html?_=1638930259675&CODE_STATE=getMsg HTTP/1.1" 200 27
222.70.176.97 - - [08/Dec/2021:10:28:03 +0800] "GET /xingrg/all/function/internal_message.html?_=1638930480932&CODE_STATE=getMsg HTTP/1.1" 200 27
222.70.176.97 - - [08/Dec/2021:10:28:03 +0800] "GET /xingrg/check_reg.html?_=1638930481574 HTTP/1.1" 200 22
58.39.139.200 - - [08/Dec/2021:10:28:04 +0800] "GET /xingrg/kc/print/load_data.html?order_code=212021120802982&kc_code=cgsh&condition= HTTP/1.1" 200 1119
58.40.7.146 - - [08/Dec/2021:10:28:06 +0800] "GET /xingrg/kc/buy/cgsh_order_info.html?code=212021091606766 HTTP/1.1" 200 58865
58.40.7.146 - - [08/Dec/2021:10:28:06 +0800] "GET /xingrg/javascript/easyui/themes/default/validatebox.css HTTP/1.1" 404 1104
116.229.213.191 - - [08/Dec/2021:10:28:07 +0800] "GET /xingrg/all/function/internal_message.html?_=1638930486884&CODE_STATE=getMsg HTTP/1.1" 200 27
58.40.7.146 - - [08/Dec/2021:10:28:07 +0800] "POST /xingrg/kc/buy/cgsh_order_operate.html HTTP/1.1" 200 8633
222.70.176.97 - - [08/Dec/2021:10:28:10 +0800] "GET /xingrg/all/function/internal_message.html?_=1638930159583&CODE_STATE=getMsg HTTP/1.1" 302 -
222.70.176.97 - - [08/Dec/2021:10:28:10 +0800] "GET /xingrg/check_reg.html?_=1638930159584 HTTP/1.1" 302 -
114.85.125.222 - - [08/Dec/2021:10:28:15 +0800] "GET /xingrg/all/function/internal_message.html?_=1638930455696&CODE_STATE=getMsg HTTP/1.1" 200 27
114.84.149.84 - - [08/Dec/2021:10:28:17 +0800] "POST /xingrg/kc/buy/cgsh_order_operate.html HTTP/1.1" 200 37
180.169.147.146 - - [08/Dec/2021:10:28:19 +0800] "GET /xingrg/all/function/internal_message.html?_=1638930499914&CODE_STATE=getMsg HTTP/1.1" 200 27
180.169.147.146 - - [08/Dec/2021:10:28:19 +0800] "GET /xingrg/check_reg.html?_=1638930499915 HTTP/1.1" 200 22
58.40.7.146 - - [08/Dec/2021:10:28:19 +0800] "GET /xingrg/all/function/internal_message.html?_=1638930498771&CODE_STATE=getMsg HTTP/1.1" 200 27
222.70.171.86 - - [08/Dec/2021:10:28:20 +0800] "GET /xingrg/all/function/internal_message.html?_=1638930509568&CODE_STATE=getMsg HTTP/1.1" 200 27
222.69.132.164 - - [08/Dec/2021:10:28:21 +0800] "GET /xingrg/all/function/internal_message.html?_=1638930515077&CODE_STATE=getMsg HTTP/1.1" 200 27
58.39.139.200 - - [08/Dec/2021:10:28:21 +0800] "GET /xingrg/all/function/internal_message.html?_=1638930437566&CODE_STATE=getMsg HTTP/1.1" 200 27
58.39.139.200 - - [08/Dec/2021:10:28:21 +0800] "GET /xingrg/check_reg.html?_=1638930437694 HTTP/1.1" 200 22
101.85.120.86 - - [08/Dec/2021:10:28:24 +0800] "GET /xingrg/all/function/internal_message.html?_=1638930501498&CODE_STATE=getMsg HTTP/1.1" 200 27
116.238.248.233 - - [08/Dec/2021:10:28:25 +0800] "GET /xingrg/all/function/internal_message.html?_=1638930503479&CODE_STATE=getMsg HTTP/1.1" 200 27
114.84.149.84 - - [08/Dec/2021:10:28:28 +0800] "POST /xingrg/kc/buy/cgsh_order_operate.html HTTP/1.1" 200 12
58.40.7.146 - - [08/Dec/2021:10:28:29 +0800] "POST /xingrg/kc/buy/cgsh_list_operate.html HTTP/1.1" 200 5783
180.157.253.6 - - [08/Dec/2021:10:28:30 +0800] "POST /xingrg/kc/buy/cgsh_list_operate.html HTTP/1.1" 200 2481
114.85.125.222 - - [08/Dec/2021:10:28:31 +0800] "GET /xingrg/check_reg.html?_=1638930471318 HTTP/1.1" 200 22
114.84.149.84 - - [08/Dec/2021:10:28:31 +0800] "GET /xingrg/kc/buy/cgsh_order_info.html?code=212021120802983 HTTP/1.1" 200 59854
114.84.149.84 - - [08/Dec/2021:10:28:31 +0800] "GET /xingrg/javascript/easyui/themes/default/validatebox.css HTTP/1.1" 404 1104
58.40.7.146 - - [08/Dec/2021:10:28:32 +0800] "POST /xingrg/kc/buy/cgsh_list_operate.html HTTP/1.1" 200 633
114.84.149.84 - - [08/Dec/2021:10:28:32 +0800] "POST /xingrg/kc/buy/cgsh_order_operate.html HTTP/1.1" 200 31943
114.84.149.84 - - [08/Dec/2021:10:28:34 +0800] "GET /xingrg/kc/print/load_data.html?order_code=212021120802983&kc_code=cgsh&condition= HTTP/1.1" 200 12600
58.35.215.131 - - [08/Dec/2021:10:28:37 +0800] "GET /xingrg/all/function/internal_message.html?_=1638930516197&CODE_STATE=getMsg HTTP/1.1" 200 27
58.40.7.146 - - [08/Dec/2021:10:28:37 +0800] "POST /xingrg/kc/buy/cgsh_list_operate.html HTTP/1.1" 200 458
180.169.147.146 - - [08/Dec/2021:10:28:40 +0800] "GET /xingrg/check_reg.html?_=1638930525275 HTTP/1.1" 200 22
180.169.147.146 - - [08/Dec/2021:10:28:40 +0800] "GET /xingrg/all/function/internal_message.html?_=1638930525279&CODE_STATE=getMsg HTTP/1.1" 200 27
58.40.7.146 - - [08/Dec/2021:10:28:43 +0800] "POST /xingrg/kc/buy/cgsh_list_operate.html HTTP/1.1" 200 215
116.227.210.113 - - [08/Dec/2021:10:28:43 +0800] "GET /xingrg/all/function/internal_message.html?_=1638930518305&CODE_STATE=getMsg HTTP/1.1" 200 27
114.83.221.33 - - [08/Dec/2021:10:28:43 +0800] "GET /xingrg/all/function/internal_message.html?_=1638930522538&CODE_STATE=getMsg HTTP/1.1" 200 27
180.157.253.6 - - [08/Dec/2021:10:28:45 +0800] "POST /xingrg/kc/buy/cgsh_list_operate.html HTTP/1.1" 200 210
58.40.7.146 - - [08/Dec/2021:10:28:46 +0800] "POST /xingrg/kc/buy/cgsh_list_operate.html HTTP/1.1" 200 624
114.84.149.84 - - [08/Dec/2021:10:28:50 +0800] "GET /xingrg/kc/buy/cgsh_order_add.html HTTP/1.1" 200 64945
114.84.149.84 - - [08/Dec/2021:10:28:51 +0800] "GET /xingrg/javascript/easyui/themes/default/validatebox.css HTTP/1.1" 404 1104
114.84.149.84 - - [08/Dec/2021:10:28:51 +0800] "POST /xingrg/kc/buy/cgsh_order_operate.html HTTP/1.1" 200 8245
58.40.7.146 - - [08/Dec/2021:10:28:53 +0800] "POST /xingrg/kc/buy/cgsh_list_operate.html HTTP/1.1" 200 5910
180.157.253.6 - - [08/Dec/2021:10:28:53 +0800] "GET /xingrg/all/function/internal_message.html?_=1638930532763&CODE_STATE=getMsg HTTP/1.1" 200 27
180.157.253.6 - - [08/Dec/2021:10:28:53 +0800] "GET /xingrg/check_reg.html?_=1638930532766 HTTP/1.1" 200 22
124.78.153.86 - - [08/Dec/2021:10:28:56 +0800] "GET /xingrg/all/function/internal_message.html?_=1638930539488&CODE_STATE=getMsg HTTP/1.1" 200 27
58.40.7.146 - - [08/Dec/2021:10:28:57 +0800] "POST /xingrg/kc/buy/cgsh_list_operate.html HTTP/1.1" 200 303
58.40.7.146 - - [08/Dec/2021:10:29:00 +0800] "POST /xingrg/kc/buy/cgsh_list_operate.html HTTP/1.1" 200 607
114.84.149.84 - - [08/Dec/2021:10:29:01 +0800] "GET /xingrg/kc/buy/cgsh_order_operate.html?command=get_materiel&rest_code=00141&code=00101027001&supplier_code=00100017&order_time=2021-12-08 HTTP/1.1" 200 469
120.253.135.82 - - [08/Dec/2021:10:29:02 +0800] "GET /xingrg/all/function/internal_message.html?_=1638930319681&CODE_STATE=getMsg HTTP/1.1" 200 27
222.70.176.97 - - [08/Dec/2021:10:29:03 +0800] "GET /xingrg/all/function/internal_message.html?_=1638930540916&CODE_STATE=getMsg HTTP/1.1" 200 27
58.40.7.146 - - [08/Dec/2021:10:29:03 +0800] "POST /xingrg/kc/buy/cgsh_list_operate.html HTTP/1.1" 200 639
116.229.213.191 - - [08/Dec/2021:10:29:07 +0800] "GET /xingrg/all/function/internal_message.html?_=1638930546901&CODE_STATE=getMsg HTTP/1.1" 200 27
58.40.7.146 - - [08/Dec/2021:10:29:08 +0800] "POST /xingrg/kc/buy/cgsh_list_operate.html HTTP/1.1" 200 218
222.70.176.97 - - [08/Dec/2021:10:29:10 +0800] "GET /xingrg/all/function/internal_message.html?_=1638930219584&CODE_STATE=getMsg HTTP/1.1" 302 -
114.84.149.84 - - [08/Dec/2021:10:29:13 +0800] "GET /xingrg/kc/buy/cgsh_order_operate.html?command=get_materiel&rest_code=00141&code=00101028012&supplier_code=00100017&order_time=2021-12-08 HTTP/1.1" 200 456
114.85.125.222 - - [08/Dec/2021:10:29:15 +0800] "GET /xingrg/all/function/internal_message.html?_=1638930515699&CODE_STATE=getMsg HTTP/1.1" 200 27
58.40.7.146 - - [08/Dec/2021:10:29:17 +0800] "GET /xingrg/javascript/easyui/themes/default/images/button_plain_hover.png HTTP/1.1" 200 144
180.169.147.146 - - [08/Dec/2021:10:29:19 +0800] "GET /xingrg/all/function/internal_message.html?_=1638930559916&CODE_STATE=getMsg HTTP/1.1" 200 27
58.40.7.146 - - [08/Dec/2021:10:29:19 +0800] "GET /xingrg/all/function/internal_message.html?_=1638930558786&CODE_STATE=getMsg HTTP/1.1" 200 27
58.39.139.200 - - [08/Dec/2021:10:29:20 +0800] "GET /xingrg/kc/buy/cgsh_order_add.html HTTP/1.1" 200 64986
222.70.171.86 - - [08/Dec/2021:10:29:21 +0800] "GET /xingrg/all/function/internal_message.html?_=1638930569583&CODE_STATE=getMsg HTTP/1.1" 200 27
58.39.139.200 - - [08/Dec/2021:10:29:21 +0800] "POST /xingrg/kc/buy/cgsh_order_operate.html HTTP/1.1" 200 8245
58.39.139.200 - - [08/Dec/2021:10:29:21 +0800] "GET /xingrg/javascript/easyui/themes/default/validatebox.css HTTP/1.1" 404 1104
222.69.132.164 - - [08/Dec/2021:10:29:21 +0800] "GET /xingrg/all/function/internal_message.html?_=1638930575067&CODE_STATE=getMsg HTTP/1.1" 200 27
58.39.139.200 - - [08/Dec/2021:10:29:21 +0800] "GET /xingrg/all/function/internal_message.html?_=1638930497544&CODE_STATE=getMsg HTTP/1.1" 200 27
114.84.149.84 - - [08/Dec/2021:10:29:22 +0800] "GET /xingrg/kc/buy/cgsh_order_operate.html?command=get_materiel&rest_code=00141&code=00101028016&supplier_code=00100017&order_time=2021-12-08 HTTP/1.1" 200 447
101.85.120.86 - - [08/Dec/2021:10:29:24 +0800] "GET /xingrg/all/function/internal_message.html?_=1638930561498&CODE_STATE=getMsg HTTP/1.1" 200 27
180.157.253.6 - - [08/Dec/2021:10:29:24 +0800] "POST /xingrg/kc/buy/cgsh_list_operate.html HTTP/1.1" 200 210
116.238.248.233 - - [08/Dec/2021:10:29:25 +0800] "GET /xingrg/all/function/internal_message.html?_=1638930563466&CODE_STATE=getMsg HTTP/1.1" 200 27
114.84.149.84 - - [08/Dec/2021:10:29:29 +0800] "GET /xingrg/all/function/internal_message.html?_=1638930386510&CODE_STATE=getMsg HTTP/1.1" 200 27
114.84.149.84 - - [08/Dec/2021:10:29:30 +0800] "GET /xingrg/kc/buy/cgsh_order_operate.html?command=get_materiel&rest_code=00141&code=00101028009&supplier_code=00100017&order_time=2021-12-08 HTTP/1.1" 200 439
58.35.215.131 - - [08/Dec/2021:10:29:37 +0800] "GET /xingrg/all/function/internal_message.html?_=1638930576198&CODE_STATE=getMsg HTTP/1.1" 200 27
114.84.149.84 - - [08/Dec/2021:10:29:37 +0800] "GET /xingrg/kc/buy/cgsh_order_operate.html?command=get_materiel&rest_code=00141&code=00101029005&supplier_code=00100017&order_time=2021-12-08 HTTP/1.1" 200 435
180.169.147.146 - - [08/Dec/2021:10:29:40 +0800] "GET /xingrg/all/function/internal_message.html?_=1638930585277&CODE_STATE=getMsg HTTP/1.1" 200 27
58.39.139.200 - - [08/Dec/2021:10:29:41 +0800] "GET /xingrg/javascript/jquery_easy_ui/themes/default/images/tabs_active.png HTTP/1.1" 304 -
116.227.210.113 - - [08/Dec/2021:10:29:43 +0800] "GET /xingrg/all/function/internal_message.html?_=1638930578316&CODE_STATE=getMsg HTTP/1.1" 200 27
114.83.221.33 - - [08/Dec/2021:10:29:43 +0800] "GET /xingrg/all/function/internal_message.html?_=1638930582532&CODE_STATE=getMsg HTTP/1.1" 200 27
58.39.139.200 - - [08/Dec/2021:10:29:45 +0800] "GET /xingrg/kc/buy/cgsh_order_operate.html?command=get_materiel&rest_code=00105&code=00101008256&supplier_code=00100203&order_time=2021-12-08 HTTP/1.1" 200 413
114.84.149.84 - - [08/Dec/2021:10:29:53 +0800] "POST /xingrg/kc/buy/cgsh_order_operate.html HTTP/1.1" 200 37
180.157.253.6 - - [08/Dec/2021:10:29:53 +0800] "POST /xingrg/kc/buy/cgsh_list_operate.html HTTP/1.1" 200 210
180.157.253.6 - - [08/Dec/2021:10:29:53 +0800] "GET /xingrg/all/function/internal_message.html?_=1638930592771&CODE_STATE=getMsg HTTP/1.1" 200 27
124.78.153.86 - - [08/Dec/2021:10:29:56 +0800] "GET /xingrg/all/function/internal_message.html?_=1638930599488&CODE_STATE=getMsg HTTP/1.1" 200 27
114.84.149.84 - - [08/Dec/2021:10:29:59 +0800] "POST /xingrg/kc/buy/cgsh_order_operate.html HTTP/1.1" 200 12
120.253.135.82 - - [08/Dec/2021:10:30:01 +0800] "GET /xingrg/check_reg.html?_=1638930378598 HTTP/1.1" 200 22
114.84.149.84 - - [08/Dec/2021:10:30:02 +0800] "GET /xingrg/kc/buy/cgsh_order_info.html?code=212021120802984 HTTP/1.1" 200 59852
120.253.135.82 - - [08/Dec/2021:10:30:02 +0800] "GET /xingrg/all/function/internal_message.html?_=1638930379695&CODE_STATE=getMsg HTTP/1.1" 200 27
222.70.176.97 - - [08/Dec/2021:10:30:03 +0800] "GET /xingrg/all/function/internal_message.html?_=1638930600898&CODE_STATE=getMsg HTTP/1.1" 200 27
114.84.149.84 - - [08/Dec/2021:10:30:03 +0800] "GET /xingrg/javascript/easyui/themes/default/validatebox.css HTTP/1.1" 404 1104
114.84.149.84 - - [08/Dec/2021:10:30:03 +0800] "POST /xingrg/kc/buy/cgsh_order_operate.html HTTP/1.1" 200 3115
114.84.149.84 - - [08/Dec/2021:10:30:05 +0800] "GET /xingrg/kc/print/load_data.html?order_code=212021120802984&kc_code=cgsh&condition= HTTP/1.1" 200 1813
116.229.213.191 - - [08/Dec/2021:10:30:06 +0800] "GET /xingrg/check_reg.html?_=1638930606100 HTTP/1.1" 200 22
116.229.213.191 - - [08/Dec/2021:10:30:07 +0800] "GET /xingrg/all/function/internal_message.html?_=1638930606914&CODE_STATE=getMsg HTTP/1.1" 200 27
222.70.176.97 - - [08/Dec/2021:10:30:10 +0800] "GET /xingrg/all/function/internal_message.html?_=1638930279583&CODE_STATE=getMsg HTTP/1.1" 302 -
114.85.125.222 - - [08/Dec/2021:10:30:15 +0800] "GET /xingrg/all/function/internal_message.html?_=1638930575712&CODE_STATE=getMsg HTTP/1.1" 200 27
124.78.153.86 - - [08/Dec/2021:10:30:17 +0800] "POST /xingrg/services/DataTransmitService HTTP/1.1" 200 524
222.70.171.86 - - [08/Dec/2021:10:30:18 +0800] "GET /xingrg/check_reg.html?_=1638930626691 HTTP/1.1" 200 22
180.169.147.146 - - [08/Dec/2021:10:30:19 +0800] "GET /xingrg/all/function/internal_message.html?_=1638930619918&CODE_STATE=getMsg HTTP/1.1" 200 27
58.40.7.146 - - [08/Dec/2021:10:30:19 +0800] "GET /xingrg/all/function/internal_message.html?_=1638930618772&CODE_STATE=getMsg HTTP/1.1" 200 27
222.70.171.86 - - [08/Dec/2021:10:30:21 +0800] "GET /xingrg/all/function/internal_message.html?_=1638930629595&CODE_STATE=getMsg HTTP/1.1" 200 27
58.39.139.200 - - [08/Dec/2021:10:30:21 +0800] "GET /xingrg/all/function/internal_message.html?_=1638930557556&CODE_STATE=getMsg HTTP/1.1" 200 27
101.85.120.86 - - [08/Dec/2021:10:30:24 +0800] "GET /xingrg/all/function/internal_message.html?_=1638930621498&CODE_STATE=getMsg HTTP/1.1" 200 27
101.85.120.86 - - [08/Dec/2021:10:30:24 +0800] "GET /xingrg/check_reg.html?_=1638930621500 HTTP/1.1" 200 22
116.238.248.233 - - [08/Dec/2021:10:30:25 +0800] "GET /xingrg/check_reg.html?_=1638930623495 HTTP/1.1" 200 22
116.238.248.233 - - [08/Dec/2021:10:30:25 +0800] "GET /xingrg/all/function/internal_message.html?_=1638930623502&CODE_STATE=getMsg HTTP/1.1" 200 27
114.84.149.84 - - [08/Dec/2021:10:30:29 +0800] "GET /xingrg/all/function/internal_message.html?_=1638930446481&CODE_STATE=getMsg HTTP/1.1" 200 27
58.35.215.131 - - [08/Dec/2021:10:30:37 +0800] "GET /xingrg/all/function/internal_message.html?_=1638930636198&CODE_STATE=getMsg HTTP/1.1" 200 27
180.169.147.146 - - [08/Dec/2021:10:30:40 +0800] "GET /xingrg/all/function/internal_message.html?_=1638930645277&CODE_STATE=getMsg HTTP/1.1" 200 27
114.83.221.33 - - [08/Dec/2021:10:30:43 +0800] "GET /xingrg/all/function/internal_message.html?_=1638930642516&CODE_STATE=getMsg HTTP/1.1" 200 27
116.227.210.113 - - [08/Dec/2021:10:30:43 +0800] "GET /xingrg/all/function/internal_message.html?_=1638930638313&CODE_STATE=getMsg HTTP/1.1" 200 27
114.83.221.33 - - [08/Dec/2021:10:30:44 +0800] "GET /xingrg/check_reg.html?_=1638930643905 HTTP/1.1" 200 22
180.157.253.6 - - [08/Dec/2021:10:30:53 +0800] "GET /xingrg/all/function/internal_message.html?_=1638930652759&CODE_STATE=getMsg HTTP/1.1" 200 27
124.78.153.86 - - [08/Dec/2021:10:30:56 +0800] "GET /xingrg/all/function/internal_message.html?_=1638930659485&CODE_STATE=getMsg HTTP/1.1" 200 27
120.253.135.82 - - [08/Dec/2021:10:31:02 +0800] "GET /xingrg/all/function/internal_message.html?_=1638930439708&CODE_STATE=getMsg HTTP/1.1" 200 27
222.70.176.97 - - [08/Dec/2021:10:31:03 +0800] "GET /xingrg/all/function/internal_message.html?_=1638930660866&CODE_STATE=getMsg HTTP/1.1" 200 27
