180.157.253.6 - - [08/Dec/2021:09:03:59 +0800] "GET /xingrg/kc/mdqp/qp_main.html HTTP/1.1" 200 10633
180.157.253.6 - - [08/Dec/2021:09:04:00 +0800] "GET /xingrg/images/yd/bt.gif HTTP/1.1" 404 1040
180.157.253.6 - - [08/Dec/2021:09:04:00 +0800] "POST /xingrg/kc/buy/cgsh_list_operate.html HTTP/1.1" 200 876
180.157.253.6 - - [08/Dec/2021:09:04:01 +0800] "GET /xingrg/kc/mdqp/qqps_order_list.html HTTP/1.1" 200 9640
180.157.253.6 - - [08/Dec/2021:09:04:01 +0800] "GET /xingrg/dwr/interface/AjaxReportQueryService.js HTTP/1.1" 200 13203
180.157.253.6 - - [08/Dec/2021:09:04:01 +0800] "GET /xingrg/dwr/interface/AjaxQqpsService.js HTTP/1.1" 200 16326
180.157.253.6 - - [08/Dec/2021:09:04:01 +0800] "GET /xingrg/dwr/util.js HTTP/1.1" 200 35990
180.157.253.6 - - [08/Dec/2021:09:04:01 +0800] "GET /xingrg/javascript/Calendar.js HTTP/1.1" 200 31561
180.157.253.6 - - [08/Dec/2021:09:04:01 +0800] "GET /xingrg/dwr/engine.js HTTP/1.1" 200 43631
180.157.253.6 - - [08/Dec/2021:09:04:01 +0800] "GET /xingrg/javascript/jquery_easy_ui/themes/icons/edit_add_new.png HTTP/1.1" 200 2997
180.157.253.6 - - [08/Dec/2021:09:04:01 +0800] "GET /xingrg/javascript/jquery_easy_ui/themes/icons/cance_new.png HTTP/1.1" 200 3986
180.157.253.6 - - [08/Dec/2021:09:04:01 +0800] "GET /xingrg/javascript/jquery_easy_ui/themes/icons/uncheck_new.png HTTP/1.1" 200 3197
180.157.253.6 - - [08/Dec/2021:09:04:01 +0800] "GET /xingrg/javascript/jquery_easy_ui/themes/icons/check_new.png HTTP/1.1" 200 3224
180.157.253.6 - - [08/Dec/2021:09:04:02 +0800] "GET /xingrg/javascript/jquery_easy_ui/themes/default/images/button_plain_hover.png HTTP/1.1" 200 252
180.157.253.6 - - [08/Dec/2021:09:04:03 +0800] "GET /xingrg/kc/mdqp/qqps_order_add.html HTTP/1.1" 200 28219
180.157.253.6 - - [08/Dec/2021:09:04:03 +0800] "GET /xingrg/dwr/interface/AjaxComOrderService.js HTTP/1.1" 200 18264
180.157.253.6 - - [08/Dec/2021:09:04:03 +0800] "GET /xingrg/dwr/interface/AjaxQqpsService.js HTTP/1.1" 200 16326
180.157.253.6 - - [08/Dec/2021:09:04:03 +0800] "GET /xingrg/javascript/AjaxInfoList.js HTTP/1.1" 200 3774
180.157.253.6 - - [08/Dec/2021:09:04:03 +0800] "GET /xingrg/javascript/tools/jquery.qtip-1.0.0-rc3.min.js HTTP/1.1" 200 38404
180.157.253.6 - - [08/Dec/2021:09:04:03 +0800] "GET /xingrg/javascript/Grid.js HTTP/1.1" 200 58908
180.157.253.6 - - [08/Dec/2021:09:04:03 +0800] "GET /xingrg/dwr/engine.js HTTP/1.1" 200 43631
180.157.253.6 - - [08/Dec/2021:09:04:03 +0800] "GET /xingrg/javascript/print/kc_print.js HTTP/1.1" 304 -
180.157.253.6 - - [08/Dec/2021:09:04:03 +0800] "GET /xingrg/words/20211207094324_words.js HTTP/1.1" 200 877885
180.157.253.6 - - [08/Dec/2021:09:04:03 +0800] "GET /xingrg/javascript/jquery_easy_ui/themes/icons/ok.png HTTP/1.1" 200 883
180.157.253.6 - - [08/Dec/2021:09:04:03 +0800] "GET /xingrg/javascript/jquery_easy_ui/themes/icons/back_new.png HTTP/1.1" 200 3414
180.157.253.6 - - [08/Dec/2021:09:04:03 +0800] "GET /xingrg/javascript/jquery_easy_ui/themes/icons/print.png HTTP/1.1" 200 1057
180.157.253.6 - - [08/Dec/2021:09:04:03 +0800] "GET /xingrg/javascript/jquery_easy_ui/themes/icons/copy_new.png HTTP/1.1" 200 815
180.157.253.6 - - [08/Dec/2021:09:04:03 +0800] "GET /xingrg/javascript/jquery_easy_ui/themes/default/images/menu_downarrow.png HTTP/1.1" 200 173
180.157.253.6 - - [08/Dec/2021:09:04:03 +0800] "GET /xingrg/javascript/jquery_easy_ui/themes/icons/template_new.png HTTP/1.1" 200 3956
180.157.253.6 - - [08/Dec/2021:09:04:04 +0800] "GET /xingrg/images/blue/button/kc_tab_edit.gif HTTP/1.1" 200 551
180.157.253.6 - - [08/Dec/2021:09:04:04 +0800] "GET /xingrg/images/blue/button/kc_tab_del.gif HTTP/1.1" 200 383
180.157.253.6 - - [08/Dec/2021:09:04:04 +0800] "GET /xingrg/images/blue/button/kc_tab_save.gif HTTP/1.1" 200 777
180.157.253.6 - - [08/Dec/2021:09:04:04 +0800] "GET /xingrg/images/blue/button/kc_tab_add.gif HTTP/1.1" 200 375
180.157.253.6 - - [08/Dec/2021:09:04:04 +0800] "GET /xingrg/images/blue/kc_tab_left.gif HTTP/1.1" 200 188
180.157.253.6 - - [08/Dec/2021:09:04:04 +0800] "GET /xingrg/javascript/jquery_easy_ui/themes/default/images/combo_arrow_dot.gif HTTP/1.1" 200 79
180.157.253.6 - - [08/Dec/2021:09:04:04 +0800] "GET /xingrg/images/blue/kc_tab2_left.gif HTTP/1.1" 200 625
180.157.253.6 - - [08/Dec/2021:09:04:04 +0800] "GET /xingrg/images/blue/kc_tab_mid.gif HTTP/1.1" 200 44
180.157.253.6 - - [08/Dec/2021:09:04:04 +0800] "GET /xingrg/images/blue/kc_tab_right.gif HTTP/1.1" 200 643
180.157.253.6 - - [08/Dec/2021:09:04:04 +0800] "GET /xingrg/images/blue/kc_tab2_right.gif HTTP/1.1" 200 192
124.78.153.86 - - [08/Dec/2021:09:04:06 +0800] "GET /xingrg/kc/buy/cgsh_order_operate.html?command=get_materiel&rest_code=00106&code=00101011010&supplier_code=00100007&order_time=2021-12-08 HTTP/1.1" 200 418
114.83.221.33 - - [08/Dec/2021:09:04:09 +0800] "GET /xingrg/all/function/internal_message.html?_=1638925448479&CODE_STATE=getMsg HTTP/1.1" 200 27
114.83.221.33 - - [08/Dec/2021:09:04:10 +0800] "POST /xingrg/kc/buy/cgsh_order_operate.html HTTP/1.1" 200 37
222.70.176.97 - - [08/Dec/2021:09:04:10 +0800] "GET /xingrg/all/function/internal_message.html?_=1638925119584&CODE_STATE=getMsg HTTP/1.1" 302 -
180.157.253.6 - - [08/Dec/2021:09:04:12 +0800] "GET /xingrg/images/blue/wait.gif HTTP/1.1" 200 1100
180.157.253.6 - - [08/Dec/2021:09:04:15 +0800] "POST /xingrg/dwr/call/plaincall/AjaxQqpsService.saveOrder.dwr HTTP/1.1" 200 78
222.70.171.86 - - [08/Dec/2021:09:04:18 +0800] "GET /xingrg/all/function/internal_message.html?_=1638925467148&CODE_STATE=getMsg HTTP/1.1" 200 27
114.83.221.33 - - [08/Dec/2021:09:04:18 +0800] "POST /xingrg/kc/buy/cgsh_order_operate.html HTTP/1.1" 200 12
124.78.153.86 - - [08/Dec/2021:09:04:19 +0800] "GET /xingrg/kc/buy/cgsh_order_operate.html?command=get_materiel&rest_code=00106&code=00101011005&supplier_code=00100007&order_time=2021-12-08 HTTP/1.1" 200 428
114.85.125.222 - - [08/Dec/2021:09:04:20 +0800] "GET /xingrg/all/function/internal_message.html?_=1638925420223&CODE_STATE=getMsg HTTP/1.1" 200 27
114.83.221.33 - - [08/Dec/2021:09:04:21 +0800] "GET /xingrg/kc/buy/cgsh_order_info.html?code=212021120802944 HTTP/1.1" 200 59899
114.83.221.33 - - [08/Dec/2021:09:04:21 +0800] "GET /xingrg/javascript/easyui/themes/default/validatebox.css HTTP/1.1" 404 1104
114.83.221.33 - - [08/Dec/2021:09:04:22 +0800] "POST /xingrg/kc/buy/cgsh_order_operate.html HTTP/1.1" 200 3562
114.83.221.33 - - [08/Dec/2021:09:04:24 +0800] "GET /xingrg/kc/print/load_data.html?order_code=212021120802944&kc_code=cgsh&condition= HTTP/1.1" 200 1816
116.227.210.113 - - [08/Dec/2021:09:04:28 +0800] "GET /xingrg/all/function/internal_message.html?_=1638925463460&CODE_STATE=getMsg HTTP/1.1" 200 27
120.253.135.82 - - [08/Dec/2021:09:04:29 +0800] "GET /xingrg/all/function/internal_message.html?_=1638925245880&CODE_STATE=getMsg HTTP/1.1" 200 27
180.157.253.6 - - [08/Dec/2021:09:04:31 +0800] "GET /xingrg/javascript/auto/indicator.gif HTTP/1.1" 404 1066
116.238.248.233 - - [08/Dec/2021:09:04:36 +0800] "GET /xingrg/all/function/internal_message.html?_=1638925475221&CODE_STATE=getMsg HTTP/1.1" 200 27
58.35.215.131 - - [08/Dec/2021:09:04:37 +0800] "GET /xingrg/all/function/internal_message.html?_=1638925476198&CODE_STATE=getMsg HTTP/1.1" 200 27
116.229.213.191 - - [08/Dec/2021:09:04:40 +0800] "GET /favicon.ico HTTP/1.1" 404 -
116.229.213.191 - - [08/Dec/2021:09:04:40 +0800] "GET /favicon.ico HTTP/1.1" 404 -
116.229.213.191 - - [08/Dec/2021:09:04:41 +0800] "GET /favicon.ico HTTP/1.1" 404 -
116.229.213.191 - - [08/Dec/2021:09:04:41 +0800] "GET /favicon.ico HTTP/1.1" 404 -
116.229.213.191 - - [08/Dec/2021:09:04:42 +0800] "GET /favicon.ico HTTP/1.1" 404 -
116.229.213.191 - - [08/Dec/2021:09:04:43 +0800] "GET /favicon.ico HTTP/1.1" 404 -
180.157.253.6 - - [08/Dec/2021:09:04:48 +0800] "POST /xingrg/dwr/call/plaincall/AjaxQqpsService.getMaterielByCode.dwr HTTP/1.1" 200 2655
124.78.153.86 - - [08/Dec/2021:09:04:50 +0800] "GET /xingrg/kc/buy/cgsh_order_operate.html?command=get_materiel&rest_code=00106&code=00101008261&supplier_code=00100007&order_time=2021-12-08 HTTP/1.1" 200 408
124.78.153.86 - - [08/Dec/2021:09:04:52 +0800] "POST /xingrg/kc/buy/cgsh_order_operate.html HTTP/1.1" 200 2065
180.157.253.6 - - [08/Dec/2021:09:04:53 +0800] "GET /xingrg/all/function/internal_message.html?_=1638925495643&CODE_STATE=getMsg HTTP/1.1" 200 27
180.157.253.6 - - [08/Dec/2021:09:04:53 +0800] "POST /xingrg/dwr/call/plaincall/AjaxQqpsService.saveMaterielItem.dwr HTTP/1.1" 200 78
124.78.153.86 - - [08/Dec/2021:09:04:55 +0800] "GET /xingrg/all/function/internal_message.html?_=1638925499213&CODE_STATE=getMsg HTTP/1.1" 200 27
124.78.153.86 - - [08/Dec/2021:09:05:01 +0800] "GET /xingrg/kc/buy/cgsh_order_operate.html?command=get_materiel&rest_code=00106&code=00101008224&supplier_code=00100007&order_time=2021-12-08 HTTP/1.1" 200 416
116.229.213.191 - - [08/Dec/2021:09:05:03 +0800] "POST /xingrg/services/DataTransmitService HTTP/1.1" 200 524
116.229.213.191 - - [08/Dec/2021:09:05:04 +0800] "POST /xingrg/services/DataTransmitService HTTP/1.1" 200 2319
116.229.213.191 - - [08/Dec/2021:09:05:04 +0800] "POST /xingrg/services/DataTransmitService HTTP/1.1" 200 2363
116.229.213.191 - - [08/Dec/2021:09:05:05 +0800] "POST /xingrg/services/DataTransmitService HTTP/1.1" 200 1427
116.229.213.191 - - [08/Dec/2021:09:05:06 +0800] "POST /xingrg/services/DataTransmitService HTTP/1.1" 200 141043
114.83.221.33 - - [08/Dec/2021:09:05:09 +0800] "GET /xingrg/all/function/internal_message.html?_=1638925508450&CODE_STATE=getMsg HTTP/1.1" 200 27
222.70.176.97 - - [08/Dec/2021:09:05:10 +0800] "GET /xingrg/all/function/internal_message.html?_=1638925179583&CODE_STATE=getMsg HTTP/1.1" 302 -
124.78.153.86 - - [08/Dec/2021:09:05:12 +0800] "GET /xingrg/kc/buy/cgsh_order_operate.html?command=get_materiel&rest_code=00106&code=00101008003&supplier_code=00100007&order_time=2021-12-08 HTTP/1.1" 200 408
222.70.171.86 - - [08/Dec/2021:09:05:17 +0800] "GET /xingrg/check_reg.html?_=1638925525683 HTTP/1.1" 200 22
222.70.171.86 - - [08/Dec/2021:09:05:18 +0800] "GET /xingrg/all/function/internal_message.html?_=1638925527161&CODE_STATE=getMsg HTTP/1.1" 200 27
180.157.253.6 - - [08/Dec/2021:09:05:18 +0800] "POST /xingrg/dwr/call/plaincall/AjaxQqpsService.saveMaterielItem.dwr HTTP/1.1" 200 78
114.85.125.222 - - [08/Dec/2021:09:05:20 +0800] "GET /xingrg/all/function/internal_message.html?_=1638925480250&CODE_STATE=getMsg HTTP/1.1" 200 27
116.227.210.113 - - [08/Dec/2021:09:05:28 +0800] "GET /xingrg/all/function/internal_message.html?_=1638925523452&CODE_STATE=getMsg HTTP/1.1" 200 27
120.253.135.82 - - [08/Dec/2021:09:05:29 +0800] "GET /xingrg/all/function/internal_message.html?_=1638925305887&CODE_STATE=getMsg HTTP/1.1" 200 27
124.78.153.86 - - [08/Dec/2021:09:05:31 +0800] "GET /xingrg/kc/buy/cgsh_order_operate.html?command=get_materiel&rest_code=00106&code=00101008087&supplier_code=00100007&order_time=2021-12-08 HTTP/1.1" 200 412
116.238.248.233 - - [08/Dec/2021:09:05:36 +0800] "GET /xingrg/all/function/internal_message.html?_=1638925535224&CODE_STATE=getMsg HTTP/1.1" 200 27
58.35.215.131 - - [08/Dec/2021:09:05:37 +0800] "GET /xingrg/all/function/internal_message.html?_=1638925536198&CODE_STATE=getMsg HTTP/1.1" 200 27
180.157.253.6 - - [08/Dec/2021:09:05:38 +0800] "POST /xingrg/dwr/call/plaincall/AjaxQqpsService.getMaterielByCode.dwr HTTP/1.1" 200 2669
180.157.253.6 - - [08/Dec/2021:09:05:45 +0800] "POST /xingrg/dwr/call/plaincall/AjaxQqpsService.saveMaterielItem.dwr HTTP/1.1" 200 78
124.78.153.86 - - [08/Dec/2021:09:05:47 +0800] "GET /xingrg/kc/buy/cgsh_order_operate.html?command=get_materiel&rest_code=00106&code=00101008067&supplier_code=00100007&order_time=2021-12-08 HTTP/1.1" 200 416
124.78.153.86 - - [08/Dec/2021:09:05:50 +0800] "POST /xingrg/kc/buy/cgsh_order_operate.html HTTP/1.1" 200 2065
180.157.253.6 - - [08/Dec/2021:09:05:54 +0800] "GET /xingrg/all/function/internal_message.html?_=1638925556143&CODE_STATE=getMsg HTTP/1.1" 200 27
180.157.253.6 - - [08/Dec/2021:09:05:55 +0800] "POST /xingrg/dwr/call/plaincall/AjaxQqpsService.checkOrder.dwr HTTP/1.1" 200 78
124.78.153.86 - - [08/Dec/2021:09:05:55 +0800] "GET /xingrg/all/function/internal_message.html?_=1638925559212&CODE_STATE=getMsg HTTP/1.1" 200 27
180.157.253.6 - - [08/Dec/2021:09:05:56 +0800] "GET /xingrg/kc/mdqp/qqps_order_info.html?code=302021120800141 HTTP/1.1" 200 26620
180.157.253.6 - - [08/Dec/2021:09:05:56 +0800] "GET /xingrg/dwr/interface/AjaxComOrderService.js HTTP/1.1" 200 18264
180.157.253.6 - - [08/Dec/2021:09:05:56 +0800] "GET /xingrg/dwr/interface/AjaxQqpsService.js HTTP/1.1" 200 16326
180.157.253.6 - - [08/Dec/2021:09:05:56 +0800] "GET /xingrg/dwr/engine.js HTTP/1.1" 200 43631
180.157.253.6 - - [08/Dec/2021:09:05:58 +0800] "POST /xingrg/dwr/call/plaincall/AjaxQqpsService.loadMaterielItems.dwr HTTP/1.1" 200 651
124.78.153.86 - - [08/Dec/2021:09:06:01 +0800] "GET /xingrg/kc/buy/cgsh_order_operate.html?command=get_materiel&rest_code=00106&code=00101008359&supplier_code=00100007&order_time=2021-12-08 HTTP/1.1" 200 408
180.157.253.6 - - [08/Dec/2021:09:06:01 +0800] "GET /xingrg/images/yd/bt2.gif HTTP/1.1" 404 1042
114.85.125.222 - - [08/Dec/2021:09:06:07 +0800] "GET /xingrg/check_reg.html?_=1638925527272 HTTP/1.1" 200 22
114.83.221.33 - - [08/Dec/2021:09:06:09 +0800] "GET /xingrg/all/function/internal_message.html?_=1638925568423&CODE_STATE=getMsg HTTP/1.1" 200 27
222.70.176.97 - - [08/Dec/2021:09:06:10 +0800] "GET /xingrg/all/function/internal_message.html?_=1638925239583&CODE_STATE=getMsg HTTP/1.1" 302 -
222.70.171.86 - - [08/Dec/2021:09:06:18 +0800] "GET /xingrg/all/function/internal_message.html?_=1638925587175&CODE_STATE=getMsg HTTP/1.1" 200 27
114.85.125.222 - - [08/Dec/2021:09:06:20 +0800] "GET /xingrg/all/function/internal_message.html?_=1638925540267&CODE_STATE=getMsg HTTP/1.1" 200 27
58.221.95.50 - - [08/Dec/2021:09:06:23 +0800] "GET /xingrg/check_reg.html?_=1638925585674 HTTP/1.1" 302 -
124.78.153.86 - - [08/Dec/2021:09:06:27 +0800] "GET /xingrg/kc/buy/cgsh_order_operate.html?command=get_materiel&rest_code=00106&code=00101013008&supplier_code=00100007&order_time=2021-12-08 HTTP/1.1" 200 431
116.227.210.113 - - [08/Dec/2021:09:06:28 +0800] "GET /xingrg/all/function/internal_message.html?_=1638925583447&CODE_STATE=getMsg HTTP/1.1" 200 27
120.253.135.82 - - [08/Dec/2021:09:06:29 +0800] "GET /xingrg/check_reg.html?_=1638925365492 HTTP/1.1" 200 22
120.253.135.82 - - [08/Dec/2021:09:06:29 +0800] "GET /xingrg/all/function/internal_message.html?_=1638925365900&CODE_STATE=getMsg HTTP/1.1" 200 27
116.238.248.233 - - [08/Dec/2021:09:06:36 +0800] "GET /xingrg/all/function/internal_message.html?_=1638925595243&CODE_STATE=getMsg HTTP/1.1" 200 27
116.238.248.233 - - [08/Dec/2021:09:06:36 +0800] "GET /xingrg/check_reg.html?_=1638925595245 HTTP/1.1" 200 22
58.35.215.131 - - [08/Dec/2021:09:06:37 +0800] "GET /xingrg/all/function/internal_message.html?_=1638925596200&CODE_STATE=getMsg HTTP/1.1" 200 27
180.157.253.6 - - [08/Dec/2021:09:06:54 +0800] "GET /xingrg/all/function/internal_message.html?_=1638925613143&CODE_STATE=getMsg HTTP/1.1" 200 27
124.78.153.86 - - [08/Dec/2021:09:06:55 +0800] "GET /xingrg/all/function/internal_message.html?_=1638925619224&CODE_STATE=getMsg HTTP/1.1" 200 27
114.83.221.33 - - [08/Dec/2021:09:07:09 +0800] "GET /xingrg/all/function/internal_message.html?_=1638925628393&CODE_STATE=getMsg HTTP/1.1" 200 27
114.83.221.33 - - [08/Dec/2021:09:07:09 +0800] "GET /xingrg/check_reg.html?_=1638925628506 HTTP/1.1" 200 22
222.70.176.97 - - [08/Dec/2021:09:07:10 +0800] "GET /xingrg/all/function/internal_message.html?_=1638925299583&CODE_STATE=getMsg HTTP/1.1" 302 -
124.78.153.86 - - [08/Dec/2021:09:07:15 +0800] "GET /xingrg/kc/buy/cgsh_order_operate.html?command=get_materiel&rest_code=00106&code=00101008008&supplier_code=00100007&order_time=2021-12-08 HTTP/1.1" 200 412
222.70.171.86 - - [08/Dec/2021:09:07:18 +0800] "GET /xingrg/all/function/internal_message.html?_=1638925647188&CODE_STATE=getMsg HTTP/1.1" 200 27
114.85.125.222 - - [08/Dec/2021:09:07:20 +0800] "GET /xingrg/all/function/internal_message.html?_=1638925600279&CODE_STATE=getMsg HTTP/1.1" 200 27
116.227.210.113 - - [08/Dec/2021:09:07:28 +0800] "GET /xingrg/all/function/internal_message.html?_=1638925643443&CODE_STATE=getMsg HTTP/1.1" 200 27
120.253.135.82 - - [08/Dec/2021:09:07:29 +0800] "GET /xingrg/all/function/internal_message.html?_=1638925425914&CODE_STATE=getMsg HTTP/1.1" 200 27
116.238.248.233 - - [08/Dec/2021:09:07:36 +0800] "GET /xingrg/all/function/internal_message.html?_=1638925655243&CODE_STATE=getMsg HTTP/1.1" 200 27
58.35.215.131 - - [08/Dec/2021:09:07:37 +0800] "GET /xingrg/check_reg.html?_=1638925656202 HTTP/1.1" 200 22
58.35.215.131 - - [08/Dec/2021:09:07:37 +0800] "GET /xingrg/all/function/internal_message.html?_=1638925656203&CODE_STATE=getMsg HTTP/1.1" 200 27
180.157.253.6 - - [08/Dec/2021:09:07:54 +0800] "GET /xingrg/all/function/internal_message.html?_=1638925673113&CODE_STATE=getMsg HTTP/1.1" 200 27
124.78.153.86 - - [08/Dec/2021:09:07:55 +0800] "GET /xingrg/check_reg.html?_=1638925679249 HTTP/1.1" 200 22
124.78.153.86 - - [08/Dec/2021:09:07:55 +0800] "GET /xingrg/all/function/internal_message.html?_=1638925679252&CODE_STATE=getMsg HTTP/1.1" 200 27
114.83.221.33 - - [08/Dec/2021:09:08:09 +0800] "GET /xingrg/all/function/internal_message.html?_=1638925688366&CODE_STATE=getMsg HTTP/1.1" 200 27
222.70.176.97 - - [08/Dec/2021:09:08:10 +0800] "GET /xingrg/all/function/internal_message.html?_=1638925359583&CODE_STATE=getMsg HTTP/1.1" 302 -
222.70.176.97 - - [08/Dec/2021:09:08:10 +0800] "GET /xingrg/check_reg.html?_=1638925359585 HTTP/1.1" 302 -
222.70.171.86 - - [08/Dec/2021:09:08:18 +0800] "GET /xingrg/all/function/internal_message.html?_=1638925707215&CODE_STATE=getMsg HTTP/1.1" 200 27
114.85.125.222 - - [08/Dec/2021:09:08:20 +0800] "GET /xingrg/all/function/internal_message.html?_=1638925660311&CODE_STATE=getMsg HTTP/1.1" 200 27
180.169.147.146 - - [08/Dec/2021:09:08:23 +0800] "GET /xingrg/index.html?sysBaseUrl=http%3A%2F%2F180.169.147.146%3A18081%2Fxingrg%2F&costTime=39×tamp=1592034574635 HTTP/1.1" 302 -
180.169.147.146 - - [08/Dec/2021:09:08:23 +0800] "GET /xingrg/login.html HTTP/1.1" 200 7641
180.169.147.146 - - [08/Dec/2021:09:08:23 +0800] "GET /xingrg/images/blue/jxLogo.png HTTP/1.1" 200 6156
180.169.147.146 - - [08/Dec/2021:09:08:23 +0800] "GET /xingrg/images/blue/login_bg.png HTTP/1.1" 200 22101
180.169.147.146 - - [08/Dec/2021:09:08:23 +0800] "GET /xingrg/images/blue/srbg.png HTTP/1.1" 200 138
180.169.147.146 - - [08/Dec/2021:09:08:23 +0800] "GET /xingrg/images/blue/hj.png HTTP/1.1" 200 1014
180.169.147.146 - - [08/Dec/2021:09:08:23 +0800] "GET /favicon.ico HTTP/1.1" 404 -
180.169.147.146 - - [08/Dec/2021:09:08:25 +0800] "POST /xingrg/login.do HTTP/1.1" 302 -
180.169.147.146 - - [08/Dec/2021:09:08:25 +0800] "GET /xingrg/index.html?sysBaseUrl=http%3A%2F%2F180.169.147.146%3A18081%2Fxingrg%2F&costTime=1133×tamp=1638925705751 HTTP/1.1" 200 17503
180.169.147.146 - - [08/Dec/2021:09:08:25 +0800] "GET /xingrg/css/form.css HTTP/1.1" 200 893
180.169.147.146 - - [08/Dec/2021:09:08:25 +0800] "GET /xingrg/javascript/jquery_easy_ui/themes/default/easyui.css HTTP/1.1" 200 26500
180.169.147.146 - - [08/Dec/2021:09:08:25 +0800] "GET /xingrg/javascript/jquery_easy_ui/themes/icon.css HTTP/1.1" 200 3949
180.169.147.146 - - [08/Dec/2021:09:08:25 +0800] "GET /xingrg/javascript/jquery-1.4.2.min.js HTTP/1.1" 200 72205
180.169.147.146 - - [08/Dec/2021:09:08:25 +0800] "GET /xingrg/javascript/jquery.form.js HTTP/1.1" 200 23110
180.169.147.146 - - [08/Dec/2021:09:08:25 +0800] "GET /xingrg/javascript/jquery.utils.js HTTP/1.1" 200 11805
180.169.147.146 - - [08/Dec/2021:09:08:25 +0800] "GET /xingrg/javascript/jquery_easy_ui/easyui-lang-zh_CN.js HTTP/1.1" 200 1900
180.169.147.146 - - [08/Dec/2021:09:08:25 +0800] "GET /xingrg/javascript/jquery_easy_ui/jquery.easyui.min.js HTTP/1.1" 200 213662
180.169.147.146 - - [08/Dec/2021:09:08:25 +0800] "GET /xingrg/javascript/jquery.timers.js HTTP/1.1" 200 3532
180.169.147.146 - - [08/Dec/2021:09:08:25 +0800] "GET /favicon.ico HTTP/1.1" 404 -
180.169.147.146 - - [08/Dec/2021:09:08:25 +0800] "GET /xingrg/javascript/jquery_easy_ui/themes/icons/settle_new.png HTTP/1.1" 200 826
180.169.147.146 - - [08/Dec/2021:09:08:25 +0800] "GET /xingrg/images/blue/navBackgound.jpg HTTP/1.1" 200 12378
180.169.147.146 - - [08/Dec/2021:09:08:26 +0800] "GET /xingrg/all/function/internal_message.html?_=1638925704845&CODE_STATE=count HTTP/1.1" 200 11
180.169.147.146 - - [08/Dec/2021:09:08:26 +0800] "GET /xingrg/check_reg.html?_=1638925704846 HTTP/1.1" 200 22
180.169.147.146 - - [08/Dec/2021:09:08:26 +0800] "GET /xingrg/images/blue/pingpu.png HTTP/1.1" 200 231
180.169.147.146 - - [08/Dec/2021:09:08:26 +0800] "GET /xingrg/javascript/jquery_easy_ui/themes/default/images/tabs_leftarrow.png HTTP/1.1" 200 389
180.169.147.146 - - [08/Dec/2021:09:08:26 +0800] "GET /xingrg/javascript/jquery_easy_ui/themes/default/images/tabs_rightarrow.png HTTP/1.1" 200 395
180.169.147.146 - - [08/Dec/2021:09:08:26 +0800] "GET /xingrg/javascript/jquery_easy_ui/themes/default/images/panel_tool_expand.gif HTTP/1.1" 200 247
180.169.147.146 - - [08/Dec/2021:09:08:26 +0800] "GET /xingrg/javascript/jquery_easy_ui/themes/default/images/panel_tool_collapse.gif HTTP/1.1" 200 246
180.169.147.146 - - [08/Dec/2021:09:08:26 +0800] "POST /xingrg/all/common/load_tree.html?tree=area_rest_tree_json&manage=1 HTTP/1.1" 200 3472
180.169.147.146 - - [08/Dec/2021:09:08:26 +0800] "POST /xingrg/load_menu.html HTTP/1.1" 200 11564
180.169.147.146 - - [08/Dec/2021:09:08:26 +0800] "GET /xingrg/javascript/jquery_easy_ui/themes/default/images/tree_arrows.gif HTTP/1.1" 200 1043
180.169.147.146 - - [08/Dec/2021:09:08:26 +0800] "GET /xingrg/javascript/jquery_easy_ui/themes/icons/search_new.png HTTP/1.1" 200 586
180.169.147.146 - - [08/Dec/2021:09:08:26 +0800] "GET /xingrg/javascript/jquery_easy_ui/themes/default/images/tree_folder_open.gif HTTP/1.1" 200 956
180.169.147.146 - - [08/Dec/2021:09:08:26 +0800] "GET /xingrg/javascript/jquery_easy_ui/themes/icons/delivery_new.png HTTP/1.1" 200 700
180.169.147.146 - - [08/Dec/2021:09:08:26 +0800] "GET /xingrg/javascript/jquery_easy_ui/themes/icons/checkout_new.png HTTP/1.1" 200 744
180.169.147.146 - - [08/Dec/2021:09:08:26 +0800] "GET /xingrg/javascript/jquery_easy_ui/themes/icons/setting_new.png HTTP/1.1" 200 450
180.169.147.146 - - [08/Dec/2021:09:08:26 +0800] "GET /xingrg/javascript/jquery_easy_ui/themes/icons/storage_new.png HTTP/1.1" 200 853
180.169.147.146 - - [08/Dec/2021:09:08:26 +0800] "GET /xingrg/javascript/jquery_easy_ui/themes/icons/forms_new.png HTTP/1.1" 200 350
180.169.147.146 - - [08/Dec/2021:09:08:26 +0800] "GET /xingrg/javascript/jquery_easy_ui/themes/icons/systemset_new.png HTTP/1.1" 200 606
180.169.147.146 - - [08/Dec/2021:09:08:26 +0800] "GET /xingrg/javascript/jquery_easy_ui/themes/default/images/tree_folder.gif HTTP/1.1" 200 952
180.169.147.146 - - [08/Dec/2021:09:08:26 +0800] "GET /xingrg/javascript/jquery_easy_ui/themes/default/images/tree_file.gif HTTP/1.1" 200 118
180.169.147.146 - - [08/Dec/2021:09:08:27 +0800] "GET /xingrg/javascript/jquery_easy_ui/themes/icons/area.png HTTP/1.1" 200 262
180.169.147.146 - - [08/Dec/2021:09:08:27 +0800] "GET /xingrg/javascript/jquery_easy_ui/themes/icons/manage.png HTTP/1.1" 200 696
180.169.147.146 - - [08/Dec/2021:09:08:27 +0800] "GET /xingrg/javascript/jquery_easy_ui/themes/icons/rest.png HTTP/1.1" 200 695
180.169.147.146 - - [08/Dec/2021:09:08:27 +0800] "GET /xingrg/javascript/jquery_easy_ui/themes/default/images/button_a_bg.gif HTTP/1.1" 200 1194
180.169.147.146 - - [08/Dec/2021:09:08:27 +0800] "GET /xingrg/javascript/jquery_easy_ui/themes/icons/ok.png HTTP/1.1" 200 883
180.169.147.146 - - [08/Dec/2021:09:08:27 +0800] "GET /xingrg/javascript/jquery_easy_ui/themes/default/images/panel_title.png HTTP/1.1" 200 266
180.169.147.146 - - [08/Dec/2021:09:08:27 +0800] "GET /xingrg/javascript/jquery_easy_ui/themes/default/images/button_span_bg.gif HTTP/1.1" 200 2061
180.169.147.146 - - [08/Dec/2021:09:08:27 +0800] "GET /xingrg/javascript/jquery_easy_ui/themes/default/images/panel_tools.gif HTTP/1.1" 200 737
116.227.210.113 - - [08/Dec/2021:09:08:28 +0800] "GET /xingrg/check_reg.html?_=1638925703459 HTTP/1.1" 200 22
116.227.210.113 - - [08/Dec/2021:09:08:28 +0800] "GET /xingrg/all/function/internal_message.html?_=1638925703455&CODE_STATE=getMsg HTTP/1.1" 200 27
120.253.135.82 - - [08/Dec/2021:09:08:29 +0800] "GET /xingrg/all/function/internal_message.html?_=1638925485927&CODE_STATE=getMsg HTTP/1.1" 200 27
180.169.147.146 - - [08/Dec/2021:09:08:29 +0800] "GET /xingrg/images/control/ajaxLoader.gif HTTP/1.1" 200 4659
180.169.147.146 - - [08/Dec/2021:09:08:30 +0800] "POST /xingrg/all/user/operate.html HTTP/1.1" 200 36
180.169.147.146 - - [08/Dec/2021:09:08:30 +0800] "GET /xingrg/index.html?sysBaseUrl=http%3A%2F%2F180.169.147.146%3A18081%2Fxingrg%2F&costTime=1133×tamp=1638925705751 HTTP/1.1" 200 17509
180.169.147.146 - - [08/Dec/2021:09:08:30 +0800] "GET /xingrg/javascript/jquery_easy_ui/themes/default/easyui.css HTTP/1.1" 304 -
180.169.147.146 - - [08/Dec/2021:09:08:30 +0800] "GET /xingrg/javascript/jquery_easy_ui/themes/icon.css HTTP/1.1" 304 -
180.169.147.146 - - [08/Dec/2021:09:08:30 +0800] "GET /xingrg/css/form.css HTTP/1.1" 304 -
180.169.147.146 - - [08/Dec/2021:09:08:30 +0800] "GET /xingrg/javascript/jquery-1.4.2.min.js HTTP/1.1" 304 -
180.169.147.146 - - [08/Dec/2021:09:08:30 +0800] "GET /xingrg/javascript/jquery_easy_ui/jquery.easyui.min.js HTTP/1.1" 304 -
180.169.147.146 - - [08/Dec/2021:09:08:30 +0800] "GET /xingrg/javascript/jquery_easy_ui/easyui-lang-zh_CN.js HTTP/1.1" 304 -
180.169.147.146 - - [08/Dec/2021:09:08:30 +0800] "GET /xingrg/javascript/jquery.form.js HTTP/1.1" 304 -
180.169.147.146 - - [08/Dec/2021:09:08:30 +0800] "GET /xingrg/javascript/jquery.utils.js HTTP/1.1" 304 -
180.169.147.146 - - [08/Dec/2021:09:08:30 +0800] "GET /xingrg/javascript/jquery.timers.js HTTP/1.1" 304 -
180.169.147.146 - - [08/Dec/2021:09:08:30 +0800] "GET /xingrg/images/blue/jxLogo.png HTTP/1.1" 304 -
180.169.147.146 - - [08/Dec/2021:09:08:30 +0800] "GET /xingrg/images/blue/navBackgound.jpg HTTP/1.1" 304 -
180.169.147.146 - - [08/Dec/2021:09:08:30 +0800] "GET /xingrg/javascript/jquery_easy_ui/themes/icons/settle_new.png HTTP/1.1" 304 -
180.169.147.146 - - [08/Dec/2021:09:08:30 +0800] "GET /xingrg/check_reg.html?_=1638925709070 HTTP/1.1" 200 22
180.169.147.146 - - [08/Dec/2021:09:08:30 +0800] "GET /xingrg/all/function/internal_message.html?_=1638925709070&CODE_STATE=count HTTP/1.1" 200 11
180.169.147.146 - - [08/Dec/2021:09:08:30 +0800] "GET /xingrg/javascript/jquery_easy_ui/themes/default/images/tabs_leftarrow.png HTTP/1.1" 304 -
180.169.147.146 - - [08/Dec/2021:09:08:30 +0800] "GET /xingrg/javascript/jquery_easy_ui/themes/default/images/panel_tool_expand.gif HTTP/1.1" 304 -
180.169.147.146 - - [08/Dec/2021:09:08:30 +0800] "GET /xingrg/javascript/jquery_easy_ui/themes/default/images/panel_tool_collapse.gif HTTP/1.1" 304 -
180.169.147.146 - - [08/Dec/2021:09:08:30 +0800] "GET /xingrg/javascript/jquery_easy_ui/themes/default/images/tabs_rightarrow.png HTTP/1.1" 304 -
180.169.147.146 - - [08/Dec/2021:09:08:30 +0800] "GET /xingrg/images/blue/pingpu.png HTTP/1.1" 304 -
180.169.147.146 - - [08/Dec/2021:09:08:30 +0800] "POST /xingrg/all/common/load_tree.html?tree=area_rest_tree_json&manage=1 HTTP/1.1" 200 3472
180.169.147.146 - - [08/Dec/2021:09:08:30 +0800] "POST /xingrg/load_menu.html HTTP/1.1" 200 9959
27.115.124.38 - - [08/Dec/2021:09:08:31 +0800] "GET / HTTP/1.1" 404 -
27.115.124.38 - - [08/Dec/2021:09:08:31 +0800] "GET / HTTP/1.1" 404 -
180.169.147.146 - - [08/Dec/2021:09:08:32 +0800] "GET /xingrg/javascript/jquery_easy_ui/themes/default/images/tabs_close.gif HTTP/1.1" 200 829
180.169.147.146 - - [08/Dec/2021:09:08:33 +0800] "GET /xingrg/kc/buy/cgth_order_list.html HTTP/1.1" 200 48827
180.169.147.146 - - [08/Dec/2021:09:08:33 +0800] "GET /xingrg/css/base.css HTTP/1.1" 200 2811
180.169.147.146 - - [08/Dec/2021:09:08:33 +0800] "GET /xingrg/css/site.css HTTP/1.1" 200 7541
180.169.147.146 - - [08/Dec/2021:09:08:33 +0800] "GET /xingrg/javascript/jquery_tools/datebox.css HTTP/1.1" 200 2597
180.169.147.146 - - [08/Dec/2021:09:08:33 +0800] "GET /xingrg/javascript/easyui/themes/icon.css HTTP/1.1" 200 4483
180.169.147.146 - - [08/Dec/2021:09:08:33 +0800] "GET /xingrg/javascript/easyui/themes/default/easyui.css HTTP/1.1" 200 30432
180.169.147.146 - - [08/Dec/2021:09:08:33 +0800] "GET /xingrg/javascript/auto/jquery.autocomplete.css HTTP/1.1" 200 587
180.169.147.146 - - [08/Dec/2021:09:08:33 +0800] "GET /xingrg/javascript/jquery_tools/jquery.tools.min.js HTTP/1.1" 200 138801
180.169.147.146 - - [08/Dec/2021:09:08:33 +0800] "GET /xingrg/javascript/jquery_tools/table.css HTTP/1.1" 200 1032
180.169.147.146 - - [08/Dec/2021:09:08:33 +0800] "GET /xingrg/javascript/jquery_tools/list_manager.js HTTP/1.1" 200 3652
180.169.147.146 - - [08/Dec/2021:09:08:33 +0800] "GET /xingrg/javascript/jquery_tools/jquery.tools.table.js HTTP/1.1" 200 6994
180.169.147.146 - - [08/Dec/2021:09:08:33 +0800] "GET /xingrg/javascript/jquery_tools/jquery.tools.extend.js HTTP/1.1" 200 15385
180.169.147.146 - - [08/Dec/2021:09:08:33 +0800] "GET /xingrg/javascript/jquery_tools/jquery.tools.hotkey.js HTTP/1.1" 200 3242
180.169.147.146 - - [08/Dec/2021:09:08:33 +0800] "GET /xingrg/javascript/jquery_tools/fix.css HTTP/1.1" 200 1702
180.169.147.146 - - [08/Dec/2021:09:08:33 +0800] "GET /xingrg/javascript/easyui/easyloader.js HTTP/1.1" 200 5975
180.169.147.146 - - [08/Dec/2021:09:08:33 +0800] "GET /xingrg/javascript/auto/jquery.autocomplete.js HTTP/1.1" 200 21624
180.169.147.146 - - [08/Dec/2021:09:08:33 +0800] "GET /xingrg/javascript/print/LodopFuncs.js HTTP/1.1" 200 5121
180.169.147.146 - - [08/Dec/2021:09:08:33 +0800] "GET /xingrg/javascript/jquery.cookie.js HTTP/1.1" 200 5513
180.169.147.146 - - [08/Dec/2021:09:08:33 +0800] "GET /xingrg/kc/buy/cgsh_order_list.html HTTP/1.1" 200 49430
180.169.147.146 - - [08/Dec/2021:09:08:33 +0800] "GET /xingrg/javascript/easyui/themes/icons/uncheck_new.png HTTP/1.1" 200 3197
180.169.147.146 - - [08/Dec/2021:09:08:33 +0800] "GET /xingrg/javascript/easyui/themes/icons/field_new.png HTTP/1.1" 200 1097
180.169.147.146 - - [08/Dec/2021:09:08:33 +0800] "GET /xingrg/javascript/easyui/themes/icons/import_new.png HTTP/1.1" 200 1247
180.169.147.146 - - [08/Dec/2021:09:08:33 +0800] "GET /xingrg/javascript/easyui/themes/icons/check_new.png HTTP/1.1" 200 3224
180.169.147.146 - - [08/Dec/2021:09:08:33 +0800] "GET /xingrg/javascript/easyui/themes/icons/edit_add_new.png HTTP/1.1" 200 2997
180.169.147.146 - - [08/Dec/2021:09:08:33 +0800] "GET /xingrg/javascript/easyui/themes/icons/cance_new.png HTTP/1.1" 200 3986
180.169.147.146 - - [08/Dec/2021:09:08:33 +0800] "GET /xingrg/javascript/easyui/plugins/jquery.parser.js HTTP/1.1" 200 1142
116.238.248.233 - - [08/Dec/2021:09:08:36 +0800] "GET /xingrg/all/function/internal_message.html?_=1638925715242&CODE_STATE=getMsg HTTP/1.1" 200 27
58.35.215.131 - - [08/Dec/2021:09:08:37 +0800] "GET /xingrg/all/function/internal_message.html?_=1638925716204&CODE_STATE=getMsg HTTP/1.1" 200 27
42.236.10.78 - - [08/Dec/2021:09:08:40 +0800] "GET / HTTP/1.1" 404 -
180.169.147.146 - - [08/Dec/2021:09:08:53 +0800] "POST /xingrg/kc/buy/cgsh_list_operate.html HTTP/1.1" 200 5128
180.157.253.6 - - [08/Dec/2021:09:08:53 +0800] "GET /xingrg/check_reg.html?_=1638925732662 HTTP/1.1" 200 22
180.157.253.6 - - [08/Dec/2021:09:08:54 +0800] "GET /xingrg/all/function/internal_message.html?_=1638925733087&CODE_STATE=getMsg HTTP/1.1" 200 27
124.78.153.86 - - [08/Dec/2021:09:08:54 +0800] "GET /xingrg/kc/buy/cgsh_order_operate.html?command=get_materiel&rest_code=00106&code=00101008281&supplier_code=00100007&order_time=2021-12-08 HTTP/1.1" 200 412
124.78.153.86 - - [08/Dec/2021:09:08:55 +0800] "GET /xingrg/all/function/internal_message.html?_=1638925739225&CODE_STATE=getMsg HTTP/1.1" 200 27
180.169.147.146 - - [08/Dec/2021:09:09:09 +0800] "GET /xingrg/javascript/auto/indicator.gif HTTP/1.1" 404 1066
114.83.221.33 - - [08/Dec/2021:09:09:09 +0800] "GET /xingrg/all/function/internal_message.html?_=1638925748337&CODE_STATE=getMsg HTTP/1.1" 200 27
222.70.176.97 - - [08/Dec/2021:09:09:10 +0800] "GET /xingrg/all/function/internal_message.html?_=1638925419583&CODE_STATE=getMsg HTTP/1.1" 302 -
180.169.147.146 - - [08/Dec/2021:09:09:18 +0800] "POST /xingrg/kc/buy/cgsh_list_operate.html HTTP/1.1" 200 2051
222.70.171.86 - - [08/Dec/2021:09:09:18 +0800] "GET /xingrg/all/function/internal_message.html?_=1638925767231&CODE_STATE=getMsg HTTP/1.1" 200 27
114.85.125.222 - - [08/Dec/2021:09:09:20 +0800] "GET /xingrg/all/function/internal_message.html?_=1638925720321&CODE_STATE=getMsg HTTP/1.1" 200 27
114.83.221.33 - - [08/Dec/2021:09:09:20 +0800] "GET /xingrg/kc/buy/cgsh_order_add.html HTTP/1.1" 200 64992
114.83.221.33 - - [08/Dec/2021:09:09:21 +0800] "POST /xingrg/kc/buy/cgsh_order_operate.html HTTP/1.1" 200 8245
114.83.221.33 - - [08/Dec/2021:09:09:21 +0800] "GET /xingrg/javascript/easyui/themes/default/validatebox.css HTTP/1.1" 404 1104
180.169.147.146 - - [08/Dec/2021:09:09:21 +0800] "POST /xingrg/kc/buy/cgsh_list_operate.html HTTP/1.1" 200 275
114.83.221.33 - - [08/Dec/2021:09:09:28 +0800] "GET /xingrg/kc/buy/cgsh_order_operate.html?command=get_materiel&rest_code=00149&code=00101011003&supplier_code=00100051&order_time=2021-12-08 HTTP/1.1" 200 413
116.227.210.113 - - [08/Dec/2021:09:09:28 +0800] "GET /xingrg/all/function/internal_message.html?_=1638925763449&CODE_STATE=getMsg HTTP/1.1" 200 27
120.253.135.82 - - [08/Dec/2021:09:09:29 +0800] "GET /xingrg/all/function/internal_message.html?_=1638925545977&CODE_STATE=getMsg HTTP/1.1" 200 27
180.169.147.146 - - [08/Dec/2021:09:09:30 +0800] "GET /xingrg/all/function/internal_message.html?_=1638925769083&CODE_STATE=getMsg HTTP/1.1" 200 27
180.169.147.146 - - [08/Dec/2021:09:09:30 +0800] "GET /xingrg/javascript/easyui/themes/default/images/button_plain_hover.png HTTP/1.1" 200 144
116.238.248.233 - - [08/Dec/2021:09:09:36 +0800] "GET /xingrg/all/function/internal_message.html?_=1638925775254&CODE_STATE=getMsg HTTP/1.1" 200 27
58.35.215.131 - - [08/Dec/2021:09:09:37 +0800] "GET /xingrg/all/function/internal_message.html?_=1638925776208&CODE_STATE=getMsg HTTP/1.1" 200 27
114.83.221.33 - - [08/Dec/2021:09:09:42 +0800] "POST /xingrg/kc/buy/cgsh_order_operate.html HTTP/1.1" 200 37
124.78.153.86 - - [08/Dec/2021:09:09:47 +0800] "GET /xingrg/kc/buy/cgsh_order_operate.html?command=get_materiel&rest_code=00106&code=00101008350&supplier_code=00100007&order_time=2021-12-08 HTTP/1.1" 200 408
114.83.221.33 - - [08/Dec/2021:09:09:52 +0800] "POST /xingrg/kc/buy/cgsh_order_operate.html HTTP/1.1" 200 12
180.163.220.68 - - [08/Dec/2021:09:09:53 +0800] "GET /xingrg/index.html HTTP/1.1" 302 -
180.163.220.68 - - [08/Dec/2021:09:09:53 +0800] "GET /xingrg/login.html HTTP/1.1" 200 2139
180.163.220.68 - - [08/Dec/2021:09:09:53 +0800] "GET /xingrg/index.html HTTP/1.1" 302 -
180.163.220.68 - - [08/Dec/2021:09:09:53 +0800] "GET /xingrg/javascript/mobile/jquery.mobile-1.3.2.min.css HTTP/1.1" 200 94670
180.163.220.67 - - [08/Dec/2021:09:09:53 +0800] "GET /xingrg/login.html HTTP/1.1" 200 2139
180.163.220.66 - - [08/Dec/2021:09:09:53 +0800] "GET /xingrg/javascript/mobile/jquery-1.8.3.min.js HTTP/1.1" 200 93637
180.163.220.3 - - [08/Dec/2021:09:09:53 +0800] "GET /xingrg/javascript/mobile/jquery.mobile-1.3.2.min.js HTTP/1.1" 200 145396
180.163.220.67 - - [08/Dec/2021:09:09:53 +0800] "GET /xingrg/javascript/mobile/jquery.mobile-1.3.2.min.css HTTP/1.1" 200 94670
180.163.220.66 - - [08/Dec/2021:09:09:53 +0800] "GET /xingrg/javascript/mobile/jquery-1.8.3.min.js HTTP/1.1" 200 93637
180.163.220.66 - - [08/Dec/2021:09:09:53 +0800] "GET /xingrg/javascript/mobile/jquery.mobile-1.3.2.min.js HTTP/1.1" 200 145396
180.163.220.66 - - [08/Dec/2021:09:09:53 +0800] "GET /xingrg/javascript/mobile/images/ajax-loader.gif HTTP/1.1" 200 7825
180.157.253.6 - - [08/Dec/2021:09:09:54 +0800] "GET /xingrg/all/function/internal_message.html?_=1638925793057&CODE_STATE=getMsg HTTP/1.1" 200 27
124.78.153.86 - - [08/Dec/2021:09:09:55 +0800] "GET /xingrg/all/function/internal_message.html?_=1638925799211&CODE_STATE=getMsg HTTP/1.1" 200 27
114.83.221.33 - - [08/Dec/2021:09:09:56 +0800] "GET /xingrg/kc/buy/cgsh_order_info.html?code=212021120802945 HTTP/1.1" 200 59901
114.83.221.33 - - [08/Dec/2021:09:09:56 +0800] "GET /xingrg/javascript/easyui/themes/default/validatebox.css HTTP/1.1" 404 1104
114.83.221.33 - - [08/Dec/2021:09:09:57 +0800] "POST /xingrg/kc/buy/cgsh_order_operate.html HTTP/1.1" 200 606
124.78.153.86 - - [08/Dec/2021:09:10:00 +0800] "POST /xingrg/kc/buy/cgsh_order_operate.html HTTP/1.1" 200 2065
114.83.221.33 - - [08/Dec/2021:09:10:05 +0800] "GET /xingrg/kc/print/load_data.html?order_code=212021120802945&kc_code=cgsh&condition= HTTP/1.1" 200 717
114.83.221.33 - - [08/Dec/2021:09:10:09 +0800] "GET /xingrg/all/function/internal_message.html?_=1638925808332&CODE_STATE=getMsg HTTP/1.1" 200 27
124.78.153.86 - - [08/Dec/2021:09:10:09 +0800] "GET /xingrg/kc/buy/cgsh_order_operate.html?command=get_materiel&rest_code=00106&code=00101008036&supplier_code=00100007&order_time=2021-12-08 HTTP/1.1" 200 408
222.70.176.97 - - [08/Dec/2021:09:10:10 +0800] "GET /xingrg/all/function/internal_message.html?_=1638925479583&CODE_STATE=getMsg HTTP/1.1" 302 -
222.70.171.86 - - [08/Dec/2021:09:10:17 +0800] "GET /xingrg/check_reg.html?_=1638925825698 HTTP/1.1" 200 22
222.70.171.86 - - [08/Dec/2021:09:10:18 +0800] "GET /xingrg/all/function/internal_message.html?_=1638925827244&CODE_STATE=getMsg HTTP/1.1" 200 27
114.85.125.222 - - [08/Dec/2021:09:10:20 +0800] "GET /xingrg/all/function/internal_message.html?_=1638925780374&CODE_STATE=getMsg HTTP/1.1" 200 27
116.227.210.113 - - [08/Dec/2021:09:10:28 +0800] "GET /xingrg/all/function/internal_message.html?_=1638925823455&CODE_STATE=getMsg HTTP/1.1" 200 27
120.253.135.82 - - [08/Dec/2021:09:10:29 +0800] "GET /xingrg/all/function/internal_message.html?_=1638925605986&CODE_STATE=getMsg HTTP/1.1" 200 27
180.169.147.146 - - [08/Dec/2021:09:10:30 +0800] "GET /xingrg/all/function/internal_message.html?_=1638925829087&CODE_STATE=getMsg HTTP/1.1" 200 27
124.78.153.86 - - [08/Dec/2021:09:10:34 +0800] "GET /xingrg/kc/buy/cgsh_order_operate.html?command=get_materiel&rest_code=00106&code=00101008176&supplier_code=00100007&order_time=2021-12-08 HTTP/1.1" 200 412
116.238.248.233 - - [08/Dec/2021:09:10:36 +0800] "GET /xingrg/all/function/internal_message.html?_=1638925835257&CODE_STATE=getMsg HTTP/1.1" 200 27
58.35.215.131 - - [08/Dec/2021:09:10:37 +0800] "GET /xingrg/all/function/internal_message.html?_=1638925836195&CODE_STATE=getMsg HTTP/1.1" 200 27
58.35.215.131 - - [08/Dec/2021:09:10:45 +0800] "GET /favicon.ico HTTP/1.1" 404 -
180.157.253.6 - - [08/Dec/2021:09:10:54 +0800] "GET /xingrg/all/function/internal_message.html?_=1638925853042&CODE_STATE=getMsg HTTP/1.1" 200 27
124.78.153.86 - - [08/Dec/2021:09:10:55 +0800] "GET /xingrg/all/function/internal_message.html?_=1638925859212&CODE_STATE=getMsg HTTP/1.1" 200 27
124.78.153.86 - - [08/Dec/2021:09:11:02 +0800] "GET /xingrg/kc/buy/cgsh_order_operate.html?command=get_materiel&rest_code=00106&code=00101008351&supplier_code=00100007&order_time=2021-12-08 HTTP/1.1" 200 408
114.85.125.222 - - [08/Dec/2021:09:11:07 +0800] "GET /xingrg/check_reg.html?_=1638925827278 HTTP/1.1" 200 22
114.83.221.33 - - [08/Dec/2021:09:11:09 +0800] "GET /xingrg/all/function/internal_message.html?_=1638925868312&CODE_STATE=getMsg HTTP/1.1" 200 27
222.70.176.97 - - [08/Dec/2021:09:11:10 +0800] "GET /xingrg/all/function/internal_message.html?_=1638925539583&CODE_STATE=getMsg HTTP/1.1" 302 -
124.78.153.86 - - [08/Dec/2021:09:11:15 +0800] "GET /xingrg/kc/buy/cgsh_order_operate.html?command=get_materiel&rest_code=00106&code=00101008186&supplier_code=00100007&order_time=2021-12-08 HTTP/1.1" 200 408
124.78.153.86 - - [08/Dec/2021:09:11:17 +0800] "POST /xingrg/kc/buy/cgsh_order_operate.html HTTP/1.1" 200 2065
222.70.171.86 - - [08/Dec/2021:09:11:18 +0800] "GET /xingrg/all/function/internal_message.html?_=1638925887259&CODE_STATE=getMsg HTTP/1.1" 200 27
114.85.125.222 - - [08/Dec/2021:09:11:20 +0800] "GET /xingrg/all/function/internal_message.html?_=1638925840379&CODE_STATE=getMsg HTTP/1.1" 200 27
58.221.95.50 - - [08/Dec/2021:09:11:23 +0800] "GET /xingrg/check_reg.html?_=1638925885671 HTTP/1.1" 302 -
116.227.210.113 - - [08/Dec/2021:09:11:28 +0800] "GET /xingrg/all/function/internal_message.html?_=1638925883459&CODE_STATE=getMsg HTTP/1.1" 200 27
120.253.135.82 - - [08/Dec/2021:09:11:29 +0800] "GET /xingrg/check_reg.html?_=1638925665513 HTTP/1.1" 200 22
120.253.135.82 - - [08/Dec/2021:09:11:29 +0800] "GET /xingrg/all/function/internal_message.html?_=1638925666000&CODE_STATE=getMsg HTTP/1.1" 200 27
124.78.153.86 - - [08/Dec/2021:09:11:30 +0800] "GET /xingrg/kc/buy/cgsh_order_operate.html?command=get_materiel&rest_code=00106&code=00101008361&supplier_code=00100007&order_time=2021-12-08 HTTP/1.1" 200 408
180.169.147.146 - - [08/Dec/2021:09:11:30 +0800] "GET /xingrg/all/function/internal_message.html?_=1638925889078&CODE_STATE=getMsg HTTP/1.1" 200 27
116.238.248.233 - - [08/Dec/2021:09:11:36 +0800] "GET /xingrg/all/function/internal_message.html?_=1638925895260&CODE_STATE=getMsg HTTP/1.1" 200 27
116.238.248.233 - - [08/Dec/2021:09:11:36 +0800] "GET /xingrg/check_reg.html?_=1638925895261 HTTP/1.1" 200 22
58.35.215.131 - - [08/Dec/2021:09:11:37 +0800] "GET /xingrg/all/function/internal_message.html?_=1638925896197&CODE_STATE=getMsg HTTP/1.1" 200 27
180.157.253.6 - - [08/Dec/2021:09:11:54 +0800] "GET /xingrg/all/function/internal_message.html?_=1638925913012&CODE_STATE=getMsg HTTP/1.1" 200 27
124.78.153.86 - - [08/Dec/2021:09:11:55 +0800] "GET /xingrg/all/function/internal_message.html?_=1638925919236&CODE_STATE=getMsg HTTP/1.1" 200 27
124.78.153.86 - - [08/Dec/2021:09:11:58 +0800] "GET /xingrg/kc/buy/cgsh_order_operate.html?command=get_materiel&rest_code=00106&code=00101008213&supplier_code=00100007&order_time=2021-12-08 HTTP/1.1" 200 412
114.83.221.33 - - [08/Dec/2021:09:12:09 +0800] "GET /xingrg/all/function/internal_message.html?_=1638925928291&CODE_STATE=getMsg HTTP/1.1" 200 27
114.83.221.33 - - [08/Dec/2021:09:12:09 +0800] "GET /xingrg/check_reg.html?_=1638925928528 HTTP/1.1" 200 22
222.70.176.97 - - [08/Dec/2021:09:12:10 +0800] "GET /xingrg/all/function/internal_message.html?_=1638925599583&CODE_STATE=getMsg HTTP/1.1" 302 -
124.78.153.86 - - [08/Dec/2021:09:12:10 +0800] "GET /xingrg/kc/buy/cgsh_order_operate.html?command=get_materiel&rest_code=00106&code=00101008242&supplier_code=00100007&order_time=2021-12-08 HTTP/1.1" 200 408
222.70.171.86 - - [08/Dec/2021:09:12:18 +0800] "GET /xingrg/all/function/internal_message.html?_=1638925947272&CODE_STATE=getMsg HTTP/1.1" 200 27
114.85.125.222 - - [08/Dec/2021:09:12:20 +0800] "GET /xingrg/all/function/internal_message.html?_=1638925900393&CODE_STATE=getMsg HTTP/1.1" 200 27
116.227.210.113 - - [08/Dec/2021:09:12:28 +0800] "GET /xingrg/all/function/internal_message.html?_=1638925943449&CODE_STATE=getMsg HTTP/1.1" 200 27
120.253.135.82 - - [08/Dec/2021:09:12:29 +0800] "GET /xingrg/all/function/internal_message.html?_=1638925726012&CODE_STATE=getMsg HTTP/1.1" 200 27
180.169.147.146 - - [08/Dec/2021:09:12:30 +0800] "GET /xingrg/all/function/internal_message.html?_=1638925949098&CODE_STATE=getMsg HTTP/1.1" 200 27
116.238.248.233 - - [08/Dec/2021:09:12:36 +0800] "GET /xingrg/all/function/internal_message.html?_=1638925955260&CODE_STATE=getMsg HTTP/1.1" 200 27
58.35.215.131 - - [08/Dec/2021:09:12:37 +0800] "GET /xingrg/all/function/internal_message.html?_=1638925956201&CODE_STATE=getMsg HTTP/1.1" 200 27
58.35.215.131 - - [08/Dec/2021:09:12:37 +0800] "GET /xingrg/check_reg.html?_=1638925956201 HTTP/1.1" 200 22
124.78.153.86 - - [08/Dec/2021:09:12:53 +0800] "POST /xingrg/kc/buy/cgsh_order_operate.html HTTP/1.1" 200 2065
180.157.253.6 - - [08/Dec/2021:09:12:54 +0800] "GET /xingrg/all/function/internal_message.html?_=1638925972998&CODE_STATE=getMsg HTTP/1.1" 200 27
124.78.153.86 - - [08/Dec/2021:09:12:55 +0800] "GET /xingrg/check_reg.html?_=1638925979253 HTTP/1.1" 200 22
124.78.153.86 - - [08/Dec/2021:09:12:55 +0800] "GET /xingrg/all/function/internal_message.html?_=1638925979281&CODE_STATE=getMsg HTTP/1.1" 200 27
124.78.153.86 - - [08/Dec/2021:09:13:06 +0800] "GET /xingrg/kc/buy/cgsh_order_operate.html?command=get_materiel&rest_code=00106&code=00101008125&supplier_code=00100007&order_time=2021-12-08 HTTP/1.1" 200 413
114.83.221.33 - - [08/Dec/2021:09:13:09 +0800] "GET /xingrg/all/function/internal_message.html?_=1638925988262&CODE_STATE=getMsg HTTP/1.1" 200 27
222.70.176.97 - - [08/Dec/2021:09:13:10 +0800] "GET /xingrg/all/function/internal_message.html?_=1638925659583&CODE_STATE=getMsg HTTP/1.1" 302 -
222.70.176.97 - - [08/Dec/2021:09:13:10 +0800] "GET /xingrg/check_reg.html?_=1638925659584 HTTP/1.1" 302 -
222.70.171.86 - - [08/Dec/2021:09:13:18 +0800] "GET /xingrg/all/function/internal_message.html?_=1638926007293&CODE_STATE=getMsg HTTP/1.1" 200 27
114.85.125.222 - - [08/Dec/2021:09:13:20 +0800] "GET /xingrg/all/function/internal_message.html?_=1638925960420&CODE_STATE=getMsg HTTP/1.1" 200 27
114.85.125.222 - - [08/Dec/2021:09:13:21 +0800] "POST /xingrg/services/DataTransmitService HTTP/1.1" 200 524
116.227.210.113 - - [08/Dec/2021:09:13:28 +0800] "GET /xingrg/all/function/internal_message.html?_=1638926003440&CODE_STATE=getMsg HTTP/1.1" 200 27
116.227.210.113 - - [08/Dec/2021:09:13:28 +0800] "GET /xingrg/check_reg.html?_=1638926003441 HTTP/1.1" 200 22
120.253.135.82 - - [08/Dec/2021:09:13:29 +0800] "GET /xingrg/all/function/internal_message.html?_=1638925786027&CODE_STATE=getMsg HTTP/1.1" 200 27
180.169.147.146 - - [08/Dec/2021:09:13:30 +0800] "GET /xingrg/check_reg.html?_=1638926009090 HTTP/1.1" 200 22
180.169.147.146 - - [08/Dec/2021:09:13:30 +0800] "GET /xingrg/all/function/internal_message.html?_=1638926009093&CODE_STATE=getMsg HTTP/1.1" 200 27
116.238.248.233 - - [08/Dec/2021:09:13:36 +0800] "GET /xingrg/all/function/internal_message.html?_=1638926015268&CODE_STATE=getMsg HTTP/1.1" 200 27
58.35.215.131 - - [08/Dec/2021:09:13:37 +0800] "GET /xingrg/all/function/internal_message.html?_=1638926016202&CODE_STATE=getMsg HTTP/1.1" 200 27
180.157.253.6 - - [08/Dec/2021:09:13:53 +0800] "GET /xingrg/check_reg.html?_=1638926032657 HTTP/1.1" 200 22
180.157.253.6 - - [08/Dec/2021:09:13:54 +0800] "GET /xingrg/all/function/internal_message.html?_=1638926032974&CODE_STATE=getMsg HTTP/1.1" 200 27
124.78.153.86 - - [08/Dec/2021:09:13:55 +0800] "GET /xingrg/all/function/internal_message.html?_=1638926039273&CODE_STATE=getMsg HTTP/1.1" 200 27
114.83.221.33 - - [08/Dec/2021:09:14:09 +0800] "GET /xingrg/all/function/internal_message.html?_=1638926048257&CODE_STATE=getMsg HTTP/1.1" 200 27
222.70.176.97 - - [08/Dec/2021:09:14:10 +0800] "GET /xingrg/all/function/internal_message.html?_=1638925719583&CODE_STATE=getMsg HTTP/1.1" 302 -
222.70.171.86 - - [08/Dec/2021:09:14:18 +0800] "GET /xingrg/all/function/internal_message.html?_=1638926067299&CODE_STATE=getMsg HTTP/1.1" 200 27
114.85.125.222 - - [08/Dec/2021:09:14:20 +0800] "GET /xingrg/all/function/internal_message.html?_=1638926020421&CODE_STATE=getMsg HTTP/1.1" 200 27
116.227.210.113 - - [08/Dec/2021:09:14:28 +0800] "GET /xingrg/all/function/internal_message.html?_=1638926063458&CODE_STATE=getMsg HTTP/1.1" 200 27
120.253.135.82 - - [08/Dec/2021:09:14:29 +0800] "GET /xingrg/all/function/internal_message.html?_=1638925846084&CODE_STATE=getMsg HTTP/1.1" 200 27
180.169.147.146 - - [08/Dec/2021:09:14:30 +0800] "GET /xingrg/all/function/internal_message.html?_=1638926069095&CODE_STATE=getMsg HTTP/1.1" 200 27
124.78.153.86 - - [08/Dec/2021:09:14:34 +0800] "POST /xingrg/kc/buy/cgsh_order_operate.html HTTP/1.1" 200 37
124.78.153.86 - - [08/Dec/2021:09:14:36 +0800] "POST /xingrg/kc/buy/cgsh_order_operate.html HTTP/1.1" 200 25119
116.238.248.233 - - [08/Dec/2021:09:14:36 +0800] "GET /xingrg/all/function/internal_message.html?_=1638926075265&CODE_STATE=getMsg HTTP/1.1" 200 27
58.35.215.131 - - [08/Dec/2021:09:14:37 +0800] "GET /xingrg/all/function/internal_message.html?_=1638926076203&CODE_STATE=getMsg HTTP/1.1" 200 27
180.157.253.6 - - [08/Dec/2021:09:14:54 +0800] "GET /xingrg/all/function/internal_message.html?_=1638926092959&CODE_STATE=getMsg HTTP/1.1" 200 27
124.78.153.86 - - [08/Dec/2021:09:14:55 +0800] "GET /xingrg/all/function/internal_message.html?_=1638926099240&CODE_STATE=getMsg HTTP/1.1" 200 27
114.83.221.33 - - [08/Dec/2021:09:15:09 +0800] "GET /xingrg/all/function/internal_message.html?_=1638926108229&CODE_STATE=getMsg HTTP/1.1" 200 27
222.70.176.97 - - [08/Dec/2021:09:15:10 +0800] "GET /xingrg/all/function/internal_message.html?_=1638925779583&CODE_STATE=getMsg HTTP/1.1" 302 -
222.70.171.86 - - [08/Dec/2021:09:15:17 +0800] "GET /xingrg/check_reg.html?_=1638926125702 HTTP/1.1" 200 22
222.70.171.86 - - [08/Dec/2021:09:15:18 +0800] "GET /xingrg/all/function/internal_message.html?_=1638926127312&CODE_STATE=getMsg HTTP/1.1" 200 27
114.85.125.222 - - [08/Dec/2021:09:15:20 +0800] "GET /xingrg/all/function/internal_message.html?_=1638926080445&CODE_STATE=getMsg HTTP/1.1" 200 27
116.227.210.113 - - [08/Dec/2021:09:15:28 +0800] "GET /xingrg/all/function/internal_message.html?_=1638926123457&CODE_STATE=getMsg HTTP/1.1" 200 27
120.253.135.82 - - [08/Dec/2021:09:15:29 +0800] "GET /xingrg/all/function/internal_message.html?_=1638925906101&CODE_STATE=getMsg HTTP/1.1" 200 27
180.169.147.146 - - [08/Dec/2021:09:15:30 +0800] "GET /xingrg/all/function/internal_message.html?_=1638926129091&CODE_STATE=getMsg HTTP/1.1" 200 27
116.238.248.233 - - [08/Dec/2021:09:15:36 +0800] "GET /xingrg/all/function/internal_message.html?_=1638926135278&CODE_STATE=getMsg HTTP/1.1" 200 27
58.35.215.131 - - [08/Dec/2021:09:15:37 +0800] "GET /xingrg/all/function/internal_message.html?_=1638926136208&CODE_STATE=getMsg HTTP/1.1" 200 27
