116.229.213.191 - - [08/Dec/2021:10:31:07 +0800] "GET /xingrg/all/function/internal_message.html?_=1638930666927&CODE_STATE=getMsg HTTP/1.1" 200 27
222.70.176.97 - - [08/Dec/2021:10:31:10 +0800] "GET /xingrg/all/function/internal_message.html?_=1638930339583&CODE_STATE=getMsg HTTP/1.1" 302 -
114.85.125.222 - - [08/Dec/2021:10:31:15 +0800] "GET /xingrg/all/function/internal_message.html?_=1638930635739&CODE_STATE=getMsg HTTP/1.1" 200 27
180.169.147.146 - - [08/Dec/2021:10:31:19 +0800] "GET /xingrg/all/function/internal_message.html?_=1638930679921&CODE_STATE=getMsg HTTP/1.1" 200 27
58.40.7.146 - - [08/Dec/2021:10:31:19 +0800] "GET /xingrg/check_reg.html?_=1638930678775 HTTP/1.1" 200 22
58.40.7.146 - - [08/Dec/2021:10:31:19 +0800] "GET /xingrg/all/function/internal_message.html?_=1638930678777&CODE_STATE=getMsg HTTP/1.1" 200 27
222.70.171.86 - - [08/Dec/2021:10:31:21 +0800] "GET /xingrg/all/function/internal_message.html?_=1638930689609&CODE_STATE=getMsg HTTP/1.1" 200 27
58.39.139.200 - - [08/Dec/2021:10:31:21 +0800] "GET /xingrg/all/function/internal_message.html?_=1638930617542&CODE_STATE=getMsg HTTP/1.1" 200 27
58.221.95.50 - - [08/Dec/2021:10:31:23 +0800] "GET /xingrg/check_reg.html?_=1638930682066 HTTP/1.1" 302 -
101.85.120.86 - - [08/Dec/2021:10:31:24 +0800] "GET /xingrg/all/function/internal_message.html?_=1638930681500&CODE_STATE=getMsg HTTP/1.1" 200 27
116.238.248.233 - - [08/Dec/2021:10:31:25 +0800] "GET /xingrg/all/function/internal_message.html?_=1638930683500&CODE_STATE=getMsg HTTP/1.1" 200 27
114.84.149.84 - - [08/Dec/2021:10:31:29 +0800] "GET /xingrg/all/function/internal_message.html?_=1638930506455&CODE_STATE=getMsg HTTP/1.1" 200 27
58.35.215.131 - - [08/Dec/2021:10:31:37 +0800] "GET /xingrg/all/function/internal_message.html?_=1638930696200&CODE_STATE=getMsg HTTP/1.1" 200 27
58.39.139.200 - - [08/Dec/2021:10:31:39 +0800] "GET /xingrg/kc/buy/cgsh_order_operate.html?command=get_materiel&rest_code=00105&code=00101008155&supplier_code=00100203&order_time=2021-12-08 HTTP/1.1" 200 408
180.169.147.146 - - [08/Dec/2021:10:31:40 +0800] "GET /xingrg/all/function/internal_message.html?_=1638930705299&CODE_STATE=getMsg HTTP/1.1" 200 27
114.83.221.33 - - [08/Dec/2021:10:31:43 +0800] "GET /xingrg/all/function/internal_message.html?_=1638930702499&CODE_STATE=getMsg HTTP/1.1" 200 27
116.227.210.113 - - [08/Dec/2021:10:31:43 +0800] "GET /xingrg/check_reg.html?_=1638930698313 HTTP/1.1" 200 22
116.227.210.113 - - [08/Dec/2021:10:31:43 +0800] "GET /xingrg/all/function/internal_message.html?_=1638930698319&CODE_STATE=getMsg HTTP/1.1" 200 27
180.157.253.6 - - [08/Dec/2021:10:31:53 +0800] "GET /xingrg/all/function/internal_message.html?_=1638930712765&CODE_STATE=getMsg HTTP/1.1" 200 27
124.78.153.86 - - [08/Dec/2021:10:31:56 +0800] "GET /xingrg/all/function/internal_message.html?_=1638930719500&CODE_STATE=getMsg HTTP/1.1" 200 27
120.253.135.82 - - [08/Dec/2021:10:32:02 +0800] "GET /xingrg/all/function/internal_message.html?_=1638930499784&CODE_STATE=getMsg HTTP/1.1" 200 27
222.70.176.97 - - [08/Dec/2021:10:32:03 +0800] "GET /xingrg/all/function/internal_message.html?_=1638930720851&CODE_STATE=getMsg HTTP/1.1" 200 27
58.39.139.200 - - [08/Dec/2021:10:32:04 +0800] "GET /xingrg/kc/buy/cgsh_order_operate.html?command=get_materiel&rest_code=00105&code=00101008096&supplier_code=00100203&order_time=2021-12-08 HTTP/1.1" 200 412
114.85.125.222 - - [08/Dec/2021:10:32:05 +0800] "GET /favicon.ico HTTP/1.1" 404 -
116.229.213.191 - - [08/Dec/2021:10:32:07 +0800] "GET /xingrg/all/function/internal_message.html?_=1638930726941&CODE_STATE=getMsg HTTP/1.1" 200 27
222.70.176.97 - - [08/Dec/2021:10:32:10 +0800] "GET /xingrg/all/function/internal_message.html?_=1638930399583&CODE_STATE=getMsg HTTP/1.1" 302 -
114.85.125.222 - - [08/Dec/2021:10:32:15 +0800] "GET /xingrg/all/function/internal_message.html?_=1638930695739&CODE_STATE=getMsg HTTP/1.1" 200 27
58.39.139.200 - - [08/Dec/2021:10:32:17 +0800] "GET /xingrg/kc/buy/cgsh_order_operate.html?command=get_materiel&rest_code=00105&code=00101008088&supplier_code=00100203&order_time=2021-12-08 HTTP/1.1" 200 408
180.169.147.146 - - [08/Dec/2021:10:32:19 +0800] "GET /xingrg/all/function/internal_message.html?_=1638930739907&CODE_STATE=getMsg HTTP/1.1" 200 27
58.40.7.146 - - [08/Dec/2021:10:32:19 +0800] "GET /xingrg/all/function/internal_message.html?_=1638930738780&CODE_STATE=getMsg HTTP/1.1" 200 27
222.70.171.86 - - [08/Dec/2021:10:32:21 +0800] "GET /xingrg/all/function/internal_message.html?_=1638930749623&CODE_STATE=getMsg HTTP/1.1" 200 27
58.39.139.200 - - [08/Dec/2021:10:32:21 +0800] "GET /xingrg/all/function/internal_message.html?_=1638930677514&CODE_STATE=getMsg HTTP/1.1" 200 27
116.227.210.113 - - [08/Dec/2021:10:32:21 +0800] "GET /xingrg/kc/buy/cgsh_order_list.html HTTP/1.1" 200 49169
101.85.120.86 - - [08/Dec/2021:10:32:24 +0800] "GET /xingrg/all/function/internal_message.html?_=1638930741500&CODE_STATE=getMsg HTTP/1.1" 200 27
116.238.248.233 - - [08/Dec/2021:10:32:25 +0800] "GET /xingrg/all/function/internal_message.html?_=1638930743500&CODE_STATE=getMsg HTTP/1.1" 200 27
116.227.210.113 - - [08/Dec/2021:10:32:26 +0800] "POST /xingrg/kc/buy/cgsh_list_operate.html HTTP/1.1" 200 3136
114.84.149.84 - - [08/Dec/2021:10:32:29 +0800] "GET /xingrg/all/function/internal_message.html?_=1638930566429&CODE_STATE=getMsg HTTP/1.1" 200 27
114.84.149.84 - - [08/Dec/2021:10:32:29 +0800] "GET /xingrg/check_reg.html?_=1638930566583 HTTP/1.1" 200 22
116.227.210.113 - - [08/Dec/2021:10:32:37 +0800] "GET /xingrg/kc/buy/cgsh_order_list.html HTTP/1.1" 200 49169
58.35.215.131 - - [08/Dec/2021:10:32:37 +0800] "GET /xingrg/check_reg.html?_=1638930756202 HTTP/1.1" 200 22
58.35.215.131 - - [08/Dec/2021:10:32:37 +0800] "GET /xingrg/all/function/internal_message.html?_=1638930756202&CODE_STATE=getMsg HTTP/1.1" 200 27
180.169.147.146 - - [08/Dec/2021:10:32:41 +0800] "GET /xingrg/all/function/internal_message.html?_=1638930765303&CODE_STATE=getMsg HTTP/1.1" 200 27
116.227.210.113 - - [08/Dec/2021:10:32:41 +0800] "POST /xingrg/kc/buy/cgsh_list_operate.html HTTP/1.1" 200 3136
58.39.139.200 - - [08/Dec/2021:10:32:42 +0800] "GET /xingrg/kc/buy/cgsh_order_operate.html?command=get_materiel&rest_code=00105&code=00101008211&supplier_code=00100203&order_time=2021-12-08 HTTP/1.1" 200 412
114.83.221.33 - - [08/Dec/2021:10:32:43 +0800] "GET /xingrg/all/function/internal_message.html?_=1638930762483&CODE_STATE=getMsg HTTP/1.1" 200 27
116.227.210.113 - - [08/Dec/2021:10:32:43 +0800] "GET /xingrg/all/function/internal_message.html?_=1638930758308&CODE_STATE=getMsg HTTP/1.1" 200 27
180.157.253.6 - - [08/Dec/2021:10:32:53 +0800] "GET /xingrg/all/function/internal_message.html?_=1638930772761&CODE_STATE=getMsg HTTP/1.1" 200 27
58.39.139.200 - - [08/Dec/2021:10:32:55 +0800] "GET /xingrg/kc/buy/cgsh_order_operate.html?command=get_materiel&rest_code=00105&code=00101008355&supplier_code=00100203&order_time=2021-12-08 HTTP/1.1" 200 408
124.78.153.86 - - [08/Dec/2021:10:32:56 +0800] "GET /xingrg/check_reg.html?_=1638930779498 HTTP/1.1" 200 22
124.78.153.86 - - [08/Dec/2021:10:32:56 +0800] "GET /xingrg/all/function/internal_message.html?_=1638930779502&CODE_STATE=getMsg HTTP/1.1" 200 27
116.227.210.113 - - [08/Dec/2021:10:32:56 +0800] "GET /xingrg/javascript/auto/indicator.gif HTTP/1.1" 404 1066
120.253.135.82 - - [08/Dec/2021:10:33:03 +0800] "GET /xingrg/all/function/internal_message.html?_=1638930559859&CODE_STATE=getMsg HTTP/1.1" 200 27
222.70.176.97 - - [08/Dec/2021:10:33:03 +0800] "GET /xingrg/all/function/internal_message.html?_=1638930780836&CODE_STATE=getMsg HTTP/1.1" 200 27
222.70.176.97 - - [08/Dec/2021:10:33:03 +0800] "GET /xingrg/check_reg.html?_=1638930781572 HTTP/1.1" 200 22
116.229.213.191 - - [08/Dec/2021:10:33:07 +0800] "GET /xingrg/all/function/internal_message.html?_=1638930786967&CODE_STATE=getMsg HTTP/1.1" 200 27
222.70.176.97 - - [08/Dec/2021:10:33:10 +0800] "GET /xingrg/all/function/internal_message.html?_=1638930459584&CODE_STATE=getMsg HTTP/1.1" 302 -
222.70.176.97 - - [08/Dec/2021:10:33:10 +0800] "GET /xingrg/check_reg.html?_=1638930459584 HTTP/1.1" 302 -
58.39.139.200 - - [08/Dec/2021:10:33:12 +0800] "GET /xingrg/kc/buy/cgsh_order_operate.html?command=get_materiel&rest_code=00105&code=00101008024&supplier_code=00100203&order_time=2021-12-08 HTTP/1.1" 200 408
114.85.125.222 - - [08/Dec/2021:10:33:15 +0800] "GET /xingrg/all/function/internal_message.html?_=1638930755765&CODE_STATE=getMsg HTTP/1.1" 200 27
180.169.147.146 - - [08/Dec/2021:10:33:19 +0800] "GET /xingrg/all/function/internal_message.html?_=1638930799911&CODE_STATE=getMsg HTTP/1.1" 200 27
180.169.147.146 - - [08/Dec/2021:10:33:19 +0800] "GET /xingrg/check_reg.html?_=1638930799912 HTTP/1.1" 200 22
58.40.7.146 - - [08/Dec/2021:10:33:19 +0800] "GET /xingrg/all/function/internal_message.html?_=1638930798783&CODE_STATE=getMsg HTTP/1.1" 200 27
222.70.171.86 - - [08/Dec/2021:10:33:21 +0800] "GET /xingrg/all/function/internal_message.html?_=1638930809746&CODE_STATE=getMsg HTTP/1.1" 200 27
116.227.210.113 - - [08/Dec/2021:10:33:21 +0800] "POST /xingrg/kc/buy/cgsh_list_operate.html HTTP/1.1" 200 4157
58.39.139.200 - - [08/Dec/2021:10:33:21 +0800] "GET /xingrg/all/function/internal_message.html?_=1638930737505&CODE_STATE=getMsg HTTP/1.1" 200 27
58.39.139.200 - - [08/Dec/2021:10:33:21 +0800] "GET /xingrg/check_reg.html?_=1638930737680 HTTP/1.1" 200 22
101.85.120.86 - - [08/Dec/2021:10:33:24 +0800] "GET /xingrg/all/function/internal_message.html?_=1638930801499&CODE_STATE=getMsg HTTP/1.1" 200 27
116.238.248.233 - - [08/Dec/2021:10:33:25 +0800] "GET /xingrg/all/function/internal_message.html?_=1638930803498&CODE_STATE=getMsg HTTP/1.1" 200 27
114.84.149.84 - - [08/Dec/2021:10:33:29 +0800] "GET /xingrg/all/function/internal_message.html?_=1638930626408&CODE_STATE=getMsg HTTP/1.1" 200 27
58.39.139.200 - - [08/Dec/2021:10:33:31 +0800] "GET /xingrg/kc/buy/cgsh_order_operate.html?command=get_materiel&rest_code=00105&code=00101008118&supplier_code=00100203&order_time=2021-12-08 HTTP/1.1" 200 418
114.85.125.222 - - [08/Dec/2021:10:33:31 +0800] "GET /xingrg/check_reg.html?_=1638930771324 HTTP/1.1" 200 22
58.35.215.131 - - [08/Dec/2021:10:33:37 +0800] "GET /xingrg/all/function/internal_message.html?_=1638930816206&CODE_STATE=getMsg HTTP/1.1" 200 27
180.169.147.146 - - [08/Dec/2021:10:33:40 +0800] "GET /xingrg/check_reg.html?_=1638930825305 HTTP/1.1" 200 22
180.169.147.146 - - [08/Dec/2021:10:33:40 +0800] "GET /xingrg/all/function/internal_message.html?_=1638930825305&CODE_STATE=getMsg HTTP/1.1" 200 27
114.83.221.33 - - [08/Dec/2021:10:33:43 +0800] "GET /xingrg/all/function/internal_message.html?_=1638930822466&CODE_STATE=getMsg HTTP/1.1" 200 27
116.227.210.113 - - [08/Dec/2021:10:33:43 +0800] "GET /xingrg/all/function/internal_message.html?_=1638930818316&CODE_STATE=getMsg HTTP/1.1" 200 27
180.157.253.6 - - [08/Dec/2021:10:33:53 +0800] "GET /xingrg/all/function/internal_message.html?_=1638930832771&CODE_STATE=getMsg HTTP/1.1" 200 27
180.157.253.6 - - [08/Dec/2021:10:33:53 +0800] "GET /xingrg/check_reg.html?_=1638930832774 HTTP/1.1" 200 22
124.78.153.86 - - [08/Dec/2021:10:33:56 +0800] "GET /xingrg/all/function/internal_message.html?_=1638930839514&CODE_STATE=getMsg HTTP/1.1" 200 27
58.39.139.200 - - [08/Dec/2021:10:33:58 +0800] "GET /xingrg/kc/buy/cgsh_order_operate.html?command=get_materiel&rest_code=00105&code=00101008197&supplier_code=00100203&order_time=2021-12-08 HTTP/1.1" 200 416
120.253.135.82 - - [08/Dec/2021:10:34:03 +0800] "GET /xingrg/all/function/internal_message.html?_=1638930619874&CODE_STATE=getMsg HTTP/1.1" 200 27
222.70.176.97 - - [08/Dec/2021:10:34:03 +0800] "GET /xingrg/all/function/internal_message.html?_=1638930840807&CODE_STATE=getMsg HTTP/1.1" 200 27
116.232.34.15 - - [08/Dec/2021:10:34:07 +0800] "GET /favicon.ico HTTP/1.1" 404 -
116.229.213.191 - - [08/Dec/2021:10:34:07 +0800] "GET /xingrg/all/function/internal_message.html?_=1638930846983&CODE_STATE=getMsg HTTP/1.1" 200 27
222.70.171.86 - - [08/Dec/2021:10:34:09 +0800] "POST /xingrg/services/DataTransmitService HTTP/1.1" 200 524
222.70.171.86 - - [08/Dec/2021:10:34:10 +0800] "POST /xingrg/services/DataTransmitService HTTP/1.1" 200 2171
222.70.176.97 - - [08/Dec/2021:10:34:10 +0800] "GET /xingrg/all/function/internal_message.html?_=1638930519583&CODE_STATE=getMsg HTTP/1.1" 302 -
222.70.171.86 - - [08/Dec/2021:10:34:14 +0800] "POST /xingrg/services/DataTransmitService HTTP/1.1" 200 524
222.70.171.86 - - [08/Dec/2021:10:34:14 +0800] "POST /xingrg/services/DataTransmitService HTTP/1.1" 200 2171
114.85.125.222 - - [08/Dec/2021:10:34:15 +0800] "GET /xingrg/all/function/internal_message.html?_=1638930815767&CODE_STATE=getMsg HTTP/1.1" 200 27
222.70.171.86 - - [08/Dec/2021:10:34:16 +0800] "POST /xingrg/services/DataTransmitService HTTP/1.1" 200 524
222.70.171.86 - - [08/Dec/2021:10:34:17 +0800] "POST /xingrg/services/DataTransmitService HTTP/1.1" 200 2171
124.79.76.106 - - [08/Dec/2021:10:34:18 +0800] "POST /xingrg/services/DataTransmitService HTTP/1.1" 200 524
124.79.76.106 - - [08/Dec/2021:10:34:18 +0800] "POST /xingrg/services/DataTransmitService HTTP/1.1" 200 501
180.169.147.146 - - [08/Dec/2021:10:34:19 +0800] "GET /xingrg/all/function/internal_message.html?_=1638930859913&CODE_STATE=getMsg HTTP/1.1" 200 27
58.40.7.146 - - [08/Dec/2021:10:34:19 +0800] "GET /xingrg/all/function/internal_message.html?_=1638930858785&CODE_STATE=getMsg HTTP/1.1" 200 27
58.39.139.200 - - [08/Dec/2021:10:34:20 +0800] "GET /xingrg/kc/buy/cgsh_order_operate.html?command=get_materiel&rest_code=00105&code=00101008230&supplier_code=00100203&order_time=2021-12-08 HTTP/1.1" 200 408
222.70.171.86 - - [08/Dec/2021:10:34:21 +0800] "GET /xingrg/all/function/internal_message.html?_=1638930869758&CODE_STATE=getMsg HTTP/1.1" 200 27
58.39.139.200 - - [08/Dec/2021:10:34:21 +0800] "GET /xingrg/all/function/internal_message.html?_=1638930797480&CODE_STATE=getMsg HTTP/1.1" 200 27
101.85.120.86 - - [08/Dec/2021:10:34:24 +0800] "GET /xingrg/all/function/internal_message.html?_=1638930861499&CODE_STATE=getMsg HTTP/1.1" 200 27
116.238.248.233 - - [08/Dec/2021:10:34:25 +0800] "GET /xingrg/all/function/internal_message.html?_=1638930863497&CODE_STATE=getMsg HTTP/1.1" 200 27
114.84.149.84 - - [08/Dec/2021:10:34:28 +0800] "GET /xingrg/all/function/internal_message.html?_=1638930686385&CODE_STATE=getMsg HTTP/1.1" 200 27
222.70.171.86 - - [08/Dec/2021:10:34:35 +0800] "POST /xingrg/services/DataTransmitService HTTP/1.1" 200 524
58.35.215.131 - - [08/Dec/2021:10:34:37 +0800] "GET /xingrg/all/function/internal_message.html?_=1638930876206&CODE_STATE=getMsg HTTP/1.1" 200 27
180.169.147.146 - - [08/Dec/2021:10:34:40 +0800] "GET /xingrg/all/function/internal_message.html?_=1638930885303&CODE_STATE=getMsg HTTP/1.1" 200 27
114.83.221.33 - - [08/Dec/2021:10:34:43 +0800] "GET /xingrg/all/function/internal_message.html?_=1638930882467&CODE_STATE=getMsg HTTP/1.1" 200 27
116.227.210.113 - - [08/Dec/2021:10:34:43 +0800] "GET /xingrg/all/function/internal_message.html?_=1638930878310&CODE_STATE=getMsg HTTP/1.1" 200 27
58.39.139.200 - - [08/Dec/2021:10:34:44 +0800] "GET /xingrg/kc/buy/cgsh_order_operate.html?command=get_materiel&rest_code=00105&code=00101008036&supplier_code=00100203&order_time=2021-12-08 HTTP/1.1" 200 408
116.229.213.191 - - [08/Dec/2021:10:34:51 +0800] "GET /xingrg/login.html HTTP/1.1" 200 7641
116.229.213.191 - - [08/Dec/2021:10:34:52 +0800] "GET /favicon.ico HTTP/1.1" 404 -
180.157.253.6 - - [08/Dec/2021:10:34:53 +0800] "GET /xingrg/all/function/internal_message.html?_=1638930892764&CODE_STATE=getMsg HTTP/1.1" 200 27
124.78.153.86 - - [08/Dec/2021:10:34:56 +0800] "GET /xingrg/all/function/internal_message.html?_=1638930899513&CODE_STATE=getMsg HTTP/1.1" 200 27
58.39.139.200 - - [08/Dec/2021:10:34:56 +0800] "GET /xingrg/kc/buy/cgsh_order_operate.html?command=get_materiel&rest_code=00105&code=00101008286&supplier_code=00100203&order_time=2021-12-08 HTTP/1.1" 200 408
116.229.213.191 - - [08/Dec/2021:10:34:58 +0800] "POST /xingrg/login.do HTTP/1.1" 302 -
116.229.213.191 - - [08/Dec/2021:10:34:58 +0800] "GET /xingrg/index.html?sysBaseUrl=http%3A%2F%2F180.169.147.146%3A18081%2Fxingrg%2F&costTime=1681×tamp=1638930898124 HTTP/1.1" 200 17173
116.229.213.191 - - [08/Dec/2021:10:34:58 +0800] "GET /favicon.ico HTTP/1.1" 404 -
116.229.213.191 - - [08/Dec/2021:10:34:58 +0800] "GET /xingrg/all/function/internal_message.html?_=1638930899962&CODE_STATE=count HTTP/1.1" 200 11
116.229.213.191 - - [08/Dec/2021:10:34:58 +0800] "GET /xingrg/check_reg.html?_=1638930899965 HTTP/1.1" 200 22
116.229.213.191 - - [08/Dec/2021:10:34:58 +0800] "POST /xingrg/all/common/load_tree.html?tree=area_rest_tree_json&manage=1 HTTP/1.1" 200 342
116.229.213.191 - - [08/Dec/2021:10:34:58 +0800] "POST /xingrg/load_menu.html HTTP/1.1" 200 5138
120.253.135.82 - - [08/Dec/2021:10:35:01 +0800] "GET /xingrg/check_reg.html?_=1638930678647 HTTP/1.1" 200 22
120.253.135.82 - - [08/Dec/2021:10:35:03 +0800] "GET /xingrg/all/function/internal_message.html?_=1638930679887&CODE_STATE=getMsg HTTP/1.1" 200 27
222.70.176.97 - - [08/Dec/2021:10:35:03 +0800] "GET /xingrg/all/function/internal_message.html?_=1638930900793&CODE_STATE=getMsg HTTP/1.1" 200 27
116.229.213.191 - - [08/Dec/2021:10:35:06 +0800] "GET /xingrg/check_reg.html?_=1638930906111 HTTP/1.1" 200 22
116.229.213.191 - - [08/Dec/2021:10:35:07 +0800] "GET /xingrg/all/function/internal_message.html?_=1638930906997&CODE_STATE=getMsg HTTP/1.1" 200 27
222.70.176.97 - - [08/Dec/2021:10:35:10 +0800] "GET /xingrg/all/function/internal_message.html?_=1638930579583&CODE_STATE=getMsg HTTP/1.1" 302 -
58.39.139.200 - - [08/Dec/2021:10:35:11 +0800] "GET /xingrg/kc/buy/cgsh_order_operate.html?command=get_materiel&rest_code=00105&code=00101008131&supplier_code=00100203&order_time=2021-12-08 HTTP/1.1" 200 408
114.85.125.222 - - [08/Dec/2021:10:35:15 +0800] "GET /xingrg/all/function/internal_message.html?_=1638930875780&CODE_STATE=getMsg HTTP/1.1" 200 27
222.70.171.86 - - [08/Dec/2021:10:35:18 +0800] "GET /xingrg/check_reg.html?_=1638930926769 HTTP/1.1" 200 22
180.169.147.146 - - [08/Dec/2021:10:35:19 +0800] "GET /xingrg/all/function/internal_message.html?_=1638930919915&CODE_STATE=getMsg HTTP/1.1" 200 27
58.40.7.146 - - [08/Dec/2021:10:35:19 +0800] "GET /xingrg/all/function/internal_message.html?_=1638930918773&CODE_STATE=getMsg HTTP/1.1" 200 27
116.229.213.191 - - [08/Dec/2021:10:35:20 +0800] "POST /xingrg/services/DataTransmitService HTTP/1.1" 200 524
222.70.171.86 - - [08/Dec/2021:10:35:20 +0800] "POST /xingrg/services/DataTransmitService HTTP/1.1" 200 501
116.229.213.191 - - [08/Dec/2021:10:35:20 +0800] "POST /xingrg/services/DataTransmitService HTTP/1.1" 200 501
222.70.171.86 - - [08/Dec/2021:10:35:21 +0800] "GET /xingrg/all/function/internal_message.html?_=1638930929772&CODE_STATE=getMsg HTTP/1.1" 200 27
58.39.139.200 - - [08/Dec/2021:10:35:21 +0800] "GET /xingrg/all/function/internal_message.html?_=1638930857460&CODE_STATE=getMsg HTTP/1.1" 200 27
101.85.120.86 - - [08/Dec/2021:10:35:24 +0800] "GET /xingrg/all/function/internal_message.html?_=1638930921498&CODE_STATE=getMsg HTTP/1.1" 200 27
101.85.120.86 - - [08/Dec/2021:10:35:24 +0800] "GET /xingrg/check_reg.html?_=1638930921501 HTTP/1.1" 200 22
116.238.248.233 - - [08/Dec/2021:10:35:25 +0800] "GET /xingrg/all/function/internal_message.html?_=1638930923496&CODE_STATE=getMsg HTTP/1.1" 200 27
116.238.248.233 - - [08/Dec/2021:10:35:25 +0800] "GET /xingrg/check_reg.html?_=1638930923522 HTTP/1.1" 200 22
114.84.149.84 - - [08/Dec/2021:10:35:28 +0800] "GET /xingrg/all/function/internal_message.html?_=1638930746360&CODE_STATE=getMsg HTTP/1.1" 200 27
58.39.139.200 - - [08/Dec/2021:10:35:36 +0800] "GET /xingrg/kc/buy/cgsh_order_operate.html?command=get_materiel&rest_code=00105&code=00101008005&supplier_code=00100203&order_time=2021-12-08 HTTP/1.1" 200 412
58.35.215.131 - - [08/Dec/2021:10:35:37 +0800] "GET /xingrg/all/function/internal_message.html?_=1638930936208&CODE_STATE=getMsg HTTP/1.1" 200 27
180.169.147.146 - - [08/Dec/2021:10:35:40 +0800] "GET /xingrg/all/function/internal_message.html?_=1638930945311&CODE_STATE=getMsg HTTP/1.1" 200 27
114.83.221.33 - - [08/Dec/2021:10:35:43 +0800] "GET /xingrg/all/function/internal_message.html?_=1638930942452&CODE_STATE=getMsg HTTP/1.1" 200 27
116.227.210.113 - - [08/Dec/2021:10:35:43 +0800] "GET /xingrg/all/function/internal_message.html?_=1638930938310&CODE_STATE=getMsg HTTP/1.1" 200 27
114.83.221.33 - - [08/Dec/2021:10:35:45 +0800] "GET /xingrg/check_reg.html?_=1638930943928 HTTP/1.1" 200 22
180.157.253.6 - - [08/Dec/2021:10:35:53 +0800] "GET /xingrg/all/function/internal_message.html?_=1638930952772&CODE_STATE=getMsg HTTP/1.1" 200 27
58.39.139.200 - - [08/Dec/2021:10:35:56 +0800] "GET /xingrg/kc/buy/cgsh_order_operate.html?command=get_materiel&rest_code=00105&code=00101008353&supplier_code=00100203&order_time=2021-12-08 HTTP/1.1" 200 408
124.78.153.86 - - [08/Dec/2021:10:35:56 +0800] "GET /xingrg/all/function/internal_message.html?_=1638930959528&CODE_STATE=getMsg HTTP/1.1" 200 27
116.229.213.191 - - [08/Dec/2021:10:35:58 +0800] "GET /xingrg/all/function/internal_message.html?_=1638930959990&CODE_STATE=getMsg HTTP/1.1" 200 27
120.253.135.82 - - [08/Dec/2021:10:36:03 +0800] "GET /xingrg/all/function/internal_message.html?_=1638930739901&CODE_STATE=getMsg HTTP/1.1" 200 27
222.70.176.97 - - [08/Dec/2021:10:36:03 +0800] "GET /xingrg/all/function/internal_message.html?_=1638930960778&CODE_STATE=getMsg HTTP/1.1" 200 27
116.229.213.191 - - [08/Dec/2021:10:36:07 +0800] "GET /xingrg/all/function/internal_message.html?_=1638930967011&CODE_STATE=getMsg HTTP/1.1" 200 27
58.39.139.200 - - [08/Dec/2021:10:36:10 +0800] "GET /xingrg/kc/buy/cgsh_order_operate.html?command=get_materiel&rest_code=00105&code=00101008213&supplier_code=00100203&order_time=2021-12-08 HTTP/1.1" 200 412
222.70.176.97 - - [08/Dec/2021:10:36:10 +0800] "GET /xingrg/all/function/internal_message.html?_=1638930639583&CODE_STATE=getMsg HTTP/1.1" 302 -
114.85.125.222 - - [08/Dec/2021:10:36:15 +0800] "GET /xingrg/all/function/internal_message.html?_=1638930935805&CODE_STATE=getMsg HTTP/1.1" 200 27
180.169.147.146 - - [08/Dec/2021:10:36:19 +0800] "GET /xingrg/all/function/internal_message.html?_=1638930979919&CODE_STATE=getMsg HTTP/1.1" 200 27
58.40.7.146 - - [08/Dec/2021:10:36:19 +0800] "GET /xingrg/all/function/internal_message.html?_=1638930978781&CODE_STATE=getMsg HTTP/1.1" 200 27
58.40.7.146 - - [08/Dec/2021:10:36:19 +0800] "GET /xingrg/check_reg.html?_=1638930978783 HTTP/1.1" 200 22
222.70.171.86 - - [08/Dec/2021:10:36:21 +0800] "GET /xingrg/all/function/internal_message.html?_=1638930989786&CODE_STATE=getMsg HTTP/1.1" 200 27
58.39.139.200 - - [08/Dec/2021:10:36:21 +0800] "GET /xingrg/all/function/internal_message.html?_=1638930917439&CODE_STATE=getMsg HTTP/1.1" 200 27
58.221.95.50 - - [08/Dec/2021:10:36:23 +0800] "GET /xingrg/check_reg.html?_=1638930982071 HTTP/1.1" 302 -
101.85.120.86 - - [08/Dec/2021:10:36:24 +0800] "GET /xingrg/all/function/internal_message.html?_=1638930981501&CODE_STATE=getMsg HTTP/1.1" 200 27
116.238.248.233 - - [08/Dec/2021:10:36:25 +0800] "GET /xingrg/all/function/internal_message.html?_=1638930983520&CODE_STATE=getMsg HTTP/1.1" 200 27
114.84.149.84 - - [08/Dec/2021:10:36:28 +0800] "GET /xingrg/all/function/internal_message.html?_=1638930806335&CODE_STATE=getMsg HTTP/1.1" 200 27
58.39.139.200 - - [08/Dec/2021:10:36:30 +0800] "POST /xingrg/kc/buy/cgsh_order_operate.html HTTP/1.1" 200 37
58.39.139.200 - - [08/Dec/2021:10:36:32 +0800] "POST /xingrg/kc/buy/cgsh_order_operate.html HTTP/1.1" 200 11509
58.40.7.146 - - [08/Dec/2021:10:36:35 +0800] "POST /xingrg/services/DataTransmitService HTTP/1.1" 200 524
58.35.215.131 - - [08/Dec/2021:10:36:37 +0800] "GET /xingrg/all/function/internal_message.html?_=1638930996195&CODE_STATE=getMsg HTTP/1.1" 200 27
180.169.147.146 - - [08/Dec/2021:10:36:40 +0800] "GET /xingrg/all/function/internal_message.html?_=1638931005315&CODE_STATE=getMsg HTTP/1.1" 200 27
114.83.221.33 - - [08/Dec/2021:10:36:43 +0800] "GET /xingrg/all/function/internal_message.html?_=1638931002443&CODE_STATE=getMsg HTTP/1.1" 200 27
116.227.210.113 - - [08/Dec/2021:10:36:43 +0800] "GET /xingrg/all/function/internal_message.html?_=1638930998319&CODE_STATE=getMsg HTTP/1.1" 200 27
116.227.210.113 - - [08/Dec/2021:10:36:43 +0800] "GET /xingrg/check_reg.html?_=1638930998322 HTTP/1.1" 200 22
180.157.253.6 - - [08/Dec/2021:10:36:53 +0800] "GET /xingrg/all/function/internal_message.html?_=1638931012759&CODE_STATE=getMsg HTTP/1.1" 200 27
124.78.153.86 - - [08/Dec/2021:10:36:56 +0800] "GET /xingrg/all/function/internal_message.html?_=1638931019527&CODE_STATE=getMsg HTTP/1.1" 200 27
124.78.153.86 - - [08/Dec/2021:10:36:57 +0800] "GET /xingrg/kc/buy/cgsh_order_add.html HTTP/1.1" 200 64939
124.78.153.86 - - [08/Dec/2021:10:36:57 +0800] "POST /xingrg/kc/buy/cgsh_order_operate.html HTTP/1.1" 200 8245
124.78.153.86 - - [08/Dec/2021:10:36:57 +0800] "GET /xingrg/javascript/easyui/themes/default/validatebox.css HTTP/1.1" 404 1104
116.229.213.191 - - [08/Dec/2021:10:36:58 +0800] "GET /xingrg/all/function/internal_message.html?_=1638931019978&CODE_STATE=getMsg HTTP/1.1" 200 27
124.78.153.86 - - [08/Dec/2021:10:36:59 +0800] "GET /xingrg/javascript/easyui/themes/default/tree.css HTTP/1.1" 404 1090
124.78.153.86 - - [08/Dec/2021:10:37:00 +0800] "POST /xingrg/all/common/load_tree.html?tree=supplier_tree_json&isDelete=1 HTTP/1.1" 200 60927
222.70.171.86 - - [08/Dec/2021:10:37:00 +0800] "POST /xingrg/services/DataTransmitService HTTP/1.1" 200 524
222.70.171.86 - - [08/Dec/2021:10:37:01 +0800] "POST /xingrg/services/DataTransmitService HTTP/1.1" 200 501
222.70.171.86 - - [08/Dec/2021:10:37:02 +0800] "POST /xingrg/services/DataTransmitService HTTP/1.1" 200 501
58.39.139.200 - - [08/Dec/2021:10:37:02 +0800] "GET /xingrg/kc/buy/cgsh_order_operate.html?command=get_materiel&rest_code=00105&code=00101016122&supplier_code=00100203&order_time=2021-12-08 HTTP/1.1" 200 395
222.70.171.86 - - [08/Dec/2021:10:37:02 +0800] "POST /xingrg/services/DataTransmitService HTTP/1.1" 200 501
222.70.171.86 - - [08/Dec/2021:10:37:02 +0800] "POST /xingrg/services/DataTransmitService HTTP/1.1" 200 501
120.253.135.82 - - [08/Dec/2021:10:37:03 +0800] "GET /xingrg/all/function/internal_message.html?_=1638930799914&CODE_STATE=getMsg HTTP/1.1" 200 27
222.70.176.97 - - [08/Dec/2021:10:37:03 +0800] "GET /xingrg/all/function/internal_message.html?_=1638931020762&CODE_STATE=getMsg HTTP/1.1" 200 27
222.70.171.86 - - [08/Dec/2021:10:37:03 +0800] "POST /xingrg/services/DataTransmitService HTTP/1.1" 200 501
222.70.171.86 - - [08/Dec/2021:10:37:04 +0800] "POST /xingrg/services/DataTransmitService HTTP/1.1" 200 412
116.229.213.191 - - [08/Dec/2021:10:37:07 +0800] "GET /xingrg/all/function/internal_message.html?_=1638931027025&CODE_STATE=getMsg HTTP/1.1" 200 27
222.70.171.86 - - [08/Dec/2021:10:37:08 +0800] "POST /xingrg/services/DataTransmitService HTTP/1.1" 200 524
222.70.171.86 - - [08/Dec/2021:10:37:09 +0800] "POST /xingrg/services/DataTransmitService HTTP/1.1" 200 501
222.70.171.86 - - [08/Dec/2021:10:37:10 +0800] "POST /xingrg/services/DataTransmitService HTTP/1.1" 200 501
222.70.171.86 - - [08/Dec/2021:10:37:10 +0800] "POST /xingrg/services/DataTransmitService HTTP/1.1" 200 501
222.70.176.97 - - [08/Dec/2021:10:37:10 +0800] "GET /xingrg/all/function/internal_message.html?_=1638930699583&CODE_STATE=getMsg HTTP/1.1" 302 -
222.70.171.86 - - [08/Dec/2021:10:37:10 +0800] "POST /xingrg/services/DataTransmitService HTTP/1.1" 200 501
222.70.171.86 - - [08/Dec/2021:10:37:11 +0800] "POST /xingrg/services/DataTransmitService HTTP/1.1" 200 501
222.70.171.86 - - [08/Dec/2021:10:37:11 +0800] "POST /xingrg/services/DataTransmitService HTTP/1.1" 200 412
114.85.125.222 - - [08/Dec/2021:10:37:15 +0800] "GET /xingrg/all/function/internal_message.html?_=1638930995807&CODE_STATE=getMsg HTTP/1.1" 200 27
180.169.147.146 - - [08/Dec/2021:10:37:19 +0800] "GET /xingrg/all/function/internal_message.html?_=1638931039929&CODE_STATE=getMsg HTTP/1.1" 200 27
58.40.7.146 - - [08/Dec/2021:10:37:19 +0800] "GET /xingrg/all/function/internal_message.html?_=1638931038785&CODE_STATE=getMsg HTTP/1.1" 200 27
222.70.171.86 - - [08/Dec/2021:10:37:21 +0800] "GET /xingrg/all/function/internal_message.html?_=1638931049800&CODE_STATE=getMsg HTTP/1.1" 200 27
58.39.139.200 - - [08/Dec/2021:10:37:21 +0800] "GET /xingrg/all/function/internal_message.html?_=1638930977434&CODE_STATE=getMsg HTTP/1.1" 200 27
101.85.120.86 - - [08/Dec/2021:10:37:24 +0800] "GET /xingrg/all/function/internal_message.html?_=1638931041503&CODE_STATE=getMsg HTTP/1.1" 200 27
116.238.248.233 - - [08/Dec/2021:10:37:25 +0800] "GET /xingrg/all/function/internal_message.html?_=1638931043528&CODE_STATE=getMsg HTTP/1.1" 200 27
114.86.230.60 - - [08/Dec/2021:10:37:28 +0800] "GET /favicon.ico HTTP/1.1" 404 -
114.84.149.84 - - [08/Dec/2021:10:37:28 +0800] "GET /xingrg/all/function/internal_message.html?_=1638930866313&CODE_STATE=getMsg HTTP/1.1" 200 27
114.84.149.84 - - [08/Dec/2021:10:37:29 +0800] "GET /xingrg/check_reg.html?_=1638930866561 HTTP/1.1" 200 22
58.35.215.131 - - [08/Dec/2021:10:37:37 +0800] "GET /xingrg/all/function/internal_message.html?_=1638931056196&CODE_STATE=getMsg HTTP/1.1" 200 27
58.35.215.131 - - [08/Dec/2021:10:37:37 +0800] "GET /xingrg/check_reg.html?_=1638931056197 HTTP/1.1" 200 22
180.169.147.146 - - [08/Dec/2021:10:37:40 +0800] "GET /xingrg/all/function/internal_message.html?_=1638931065316&CODE_STATE=getMsg HTTP/1.1" 200 27
114.83.221.33 - - [08/Dec/2021:10:37:43 +0800] "GET /xingrg/all/function/internal_message.html?_=1638931062427&CODE_STATE=getMsg HTTP/1.1" 200 27
116.227.210.113 - - [08/Dec/2021:10:37:43 +0800] "GET /xingrg/all/function/internal_message.html?_=1638931058313&CODE_STATE=getMsg HTTP/1.1" 200 27
180.157.253.6 - - [08/Dec/2021:10:37:53 +0800] "GET /xingrg/all/function/internal_message.html?_=1638931072759&CODE_STATE=getMsg HTTP/1.1" 200 27
124.78.153.86 - - [08/Dec/2021:10:37:55 +0800] "GET /xingrg/kc/buy/cgsh_order_operate.html?command=get_materiel&rest_code=00106&code=00101008568&supplier_code=00100450&order_time=2021-12-08 HTTP/1.1" 200 399
124.78.153.86 - - [08/Dec/2021:10:37:56 +0800] "GET /xingrg/check_reg.html?_=1638931079524 HTTP/1.1" 200 22
124.78.153.86 - - [08/Dec/2021:10:37:56 +0800] "GET /xingrg/all/function/internal_message.html?_=1638931079526&CODE_STATE=getMsg HTTP/1.1" 200 27
58.39.139.200 - - [08/Dec/2021:10:37:58 +0800] "GET /xingrg/kc/buy/cgsh_order_operate.html?command=get_materiel&rest_code=00105&code=00101008330&supplier_code=00100203&order_time=2021-12-08 HTTP/1.1" 200 408
116.229.213.191 - - [08/Dec/2021:10:37:58 +0800] "GET /xingrg/all/function/internal_message.html?_=1638931079988&CODE_STATE=getMsg HTTP/1.1" 200 27
222.70.176.97 - - [08/Dec/2021:10:38:03 +0800] "GET /xingrg/all/function/internal_message.html?_=1638931080748&CODE_STATE=getMsg HTTP/1.1" 200 27
222.70.176.97 - - [08/Dec/2021:10:38:03 +0800] "GET /xingrg/check_reg.html?_=1638931081564 HTTP/1.1" 200 22
116.229.213.191 - - [08/Dec/2021:10:38:07 +0800] "GET /xingrg/all/function/internal_message.html?_=1638931087051&CODE_STATE=getMsg HTTP/1.1" 200 27
222.70.176.97 - - [08/Dec/2021:10:38:10 +0800] "GET /xingrg/all/function/internal_message.html?_=1638930759582&CODE_STATE=getMsg HTTP/1.1" 302 -
222.70.176.97 - - [08/Dec/2021:10:38:10 +0800] "GET /xingrg/check_reg.html?_=1638930759584 HTTP/1.1" 302 -
114.85.125.222 - - [08/Dec/2021:10:38:15 +0800] "GET /xingrg/all/function/internal_message.html?_=1638931055836&CODE_STATE=getMsg HTTP/1.1" 200 27
180.169.147.146 - - [08/Dec/2021:10:38:19 +0800] "GET /xingrg/all/function/internal_message.html?_=1638931099915&CODE_STATE=getMsg HTTP/1.1" 200 27
180.169.147.146 - - [08/Dec/2021:10:38:19 +0800] "GET /xingrg/check_reg.html?_=1638931099918 HTTP/1.1" 200 22
58.40.7.146 - - [08/Dec/2021:10:38:19 +0800] "GET /xingrg/all/function/internal_message.html?_=1638931098790&CODE_STATE=getMsg HTTP/1.1" 200 27
58.39.139.200 - - [08/Dec/2021:10:38:20 +0800] "GET /xingrg/kc/buy/cgsh_order_operate.html?command=get_materiel&rest_code=00105&code=00101008302&supplier_code=00100203&order_time=2021-12-08 HTTP/1.1" 200 412
222.70.171.86 - - [08/Dec/2021:10:38:21 +0800] "GET /xingrg/all/function/internal_message.html?_=1638931109813&CODE_STATE=getMsg HTTP/1.1" 200 27
58.39.139.200 - - [08/Dec/2021:10:38:21 +0800] "GET /xingrg/all/function/internal_message.html?_=1638931037404&CODE_STATE=getMsg HTTP/1.1" 200 27
58.39.139.200 - - [08/Dec/2021:10:38:21 +0800] "GET /xingrg/check_reg.html?_=1638931037656 HTTP/1.1" 200 22
101.85.120.86 - - [08/Dec/2021:10:38:24 +0800] "GET /xingrg/all/function/internal_message.html?_=1638931101502&CODE_STATE=getMsg HTTP/1.1" 200 27
116.238.248.233 - - [08/Dec/2021:10:38:25 +0800] "GET /xingrg/all/function/internal_message.html?_=1638931103532&CODE_STATE=getMsg HTTP/1.1" 200 27
124.78.153.86 - - [08/Dec/2021:10:38:26 +0800] "GET /xingrg/kc/buy/cgsh_order_operate.html?command=get_materiel&rest_code=00106&code=00101008509&supplier_code=00100450&order_time=2021-12-08 HTTP/1.1" 200 396
114.84.149.84 - - [08/Dec/2021:10:38:28 +0800] "GET /xingrg/all/function/internal_message.html?_=1638930926294&CODE_STATE=getMsg HTTP/1.1" 200 27
114.85.125.222 - - [08/Dec/2021:10:38:31 +0800] "GET /xingrg/check_reg.html?_=1638931071333 HTTP/1.1" 200 22
58.35.215.131 - - [08/Dec/2021:10:38:37 +0800] "GET /xingrg/all/function/internal_message.html?_=1638931116197&CODE_STATE=getMsg HTTP/1.1" 200 27
180.169.147.146 - - [08/Dec/2021:10:38:40 +0800] "GET /xingrg/check_reg.html?_=1638931125325 HTTP/1.1" 200 22
180.169.147.146 - - [08/Dec/2021:10:38:40 +0800] "GET /xingrg/all/function/internal_message.html?_=1638931125328&CODE_STATE=getMsg HTTP/1.1" 200 27
114.83.221.33 - - [08/Dec/2021:10:38:43 +0800] "GET /xingrg/all/function/internal_message.html?_=1638931122410&CODE_STATE=getMsg HTTP/1.1" 200 27
116.227.210.113 - - [08/Dec/2021:10:38:43 +0800] "GET /xingrg/all/function/internal_message.html?_=1638931118310&CODE_STATE=getMsg HTTP/1.1" 200 27
58.39.139.200 - - [08/Dec/2021:10:38:46 +0800] "GET /xingrg/kc/buy/cgsh_order_operate.html?command=get_materiel&rest_code=00105&code=00101008027&supplier_code=00100203&order_time=2021-12-08 HTTP/1.1" 200 408
124.78.153.86 - - [08/Dec/2021:10:38:47 +0800] "GET /xingrg/kc/buy/cgsh_order_operate.html?command=get_materiel&rest_code=00106&code=00101008593&supplier_code=00100450&order_time=2021-12-08 HTTP/1.1" 200 404
180.157.253.6 - - [08/Dec/2021:10:38:53 +0800] "GET /xingrg/all/function/internal_message.html?_=1638931132760&CODE_STATE=getMsg HTTP/1.1" 200 27
180.157.253.6 - - [08/Dec/2021:10:38:53 +0800] "GET /xingrg/check_reg.html?_=1638931132762 HTTP/1.1" 200 22
222.70.171.86 - - [08/Dec/2021:10:38:56 +0800] "POST /xingrg/services/DataTransmitService HTTP/1.1" 200 524
124.78.153.86 - - [08/Dec/2021:10:38:56 +0800] "GET /xingrg/all/function/internal_message.html?_=1638931139530&CODE_STATE=getMsg HTTP/1.1" 200 27
58.39.139.200 - - [08/Dec/2021:10:38:56 +0800] "POST /xingrg/kc/buy/cgsh_order_operate.html HTTP/1.1" 200 2065
116.229.213.191 - - [08/Dec/2021:10:38:58 +0800] "GET /xingrg/all/function/internal_message.html?_=1638931139968&CODE_STATE=getMsg HTTP/1.1" 200 27
116.229.213.191 - - [08/Dec/2021:10:38:59 +0800] "GET /xingrg/kc/mdqp/pssh_order_list.html HTTP/1.1" 200 17701
116.229.213.191 - - [08/Dec/2021:10:39:00 +0800] "POST /xingrg/kc/mdqp/pssh_list_operate.html HTTP/1.1" 200 5386
222.70.176.97 - - [08/Dec/2021:10:39:03 +0800] "GET /xingrg/all/function/internal_message.html?_=1638931140722&CODE_STATE=getMsg HTTP/1.1" 200 27
58.39.139.200 - - [08/Dec/2021:10:39:06 +0800] "GET /xingrg/kc/buy/cgsh_order_operate.html?command=get_materiel&rest_code=00105&code=00101008055&supplier_code=00100203&order_time=2021-12-08 HTTP/1.1" 200 409
116.229.213.191 - - [08/Dec/2021:10:39:07 +0800] "GET /xingrg/all/function/internal_message.html?_=1638931147076&CODE_STATE=getMsg HTTP/1.1" 200 27
222.70.176.97 - - [08/Dec/2021:10:39:10 +0800] "GET /xingrg/all/function/internal_message.html?_=1638930819597&CODE_STATE=getMsg HTTP/1.1" 302 -
114.85.125.222 - - [08/Dec/2021:10:39:15 +0800] "GET /xingrg/all/function/internal_message.html?_=1638931115850&CODE_STATE=getMsg HTTP/1.1" 200 27
124.78.153.86 - - [08/Dec/2021:10:39:17 +0800] "GET /xingrg/kc/buy/cgsh_order_operate.html?command=get_materiel&rest_code=00106&code=00102014087&supplier_code=00100450&order_time=2021-12-08 HTTP/1.1" 200 404
180.169.147.146 - - [08/Dec/2021:10:39:19 +0800] "GET /xingrg/all/function/internal_message.html?_=1638931159919&CODE_STATE=getMsg HTTP/1.1" 200 27
58.40.7.146 - - [08/Dec/2021:10:39:19 +0800] "GET /xingrg/all/function/internal_message.html?_=1638931158778&CODE_STATE=getMsg HTTP/1.1" 200 27
222.70.171.86 - - [08/Dec/2021:10:39:21 +0800] "GET /xingrg/all/function/internal_message.html?_=1638931169826&CODE_STATE=getMsg HTTP/1.1" 200 27
58.39.139.200 - - [08/Dec/2021:10:39:21 +0800] "GET /xingrg/all/function/internal_message.html?_=1638931097377&CODE_STATE=getMsg HTTP/1.1" 200 27
101.85.120.86 - - [08/Dec/2021:10:39:24 +0800] "GET /xingrg/all/function/internal_message.html?_=1638931161503&CODE_STATE=getMsg HTTP/1.1" 200 27
116.238.248.233 - - [08/Dec/2021:10:39:25 +0800] "GET /xingrg/all/function/internal_message.html?_=1638931163537&CODE_STATE=getMsg HTTP/1.1" 200 27
58.39.139.200 - - [08/Dec/2021:10:39:26 +0800] "GET /xingrg/kc/buy/cgsh_order_operate.html?command=get_materiel&rest_code=00105&code=00101008257&supplier_code=00100203&order_time=2021-12-08 HTTP/1.1" 200 416
114.84.149.84 - - [08/Dec/2021:10:39:28 +0800] "GET /xingrg/all/function/internal_message.html?_=1638930986273&CODE_STATE=getMsg HTTP/1.1" 200 27
58.35.215.131 - - [08/Dec/2021:10:39:37 +0800] "GET /xingrg/all/function/internal_message.html?_=1638931176198&CODE_STATE=getMsg HTTP/1.1" 200 27
180.169.147.146 - - [08/Dec/2021:10:39:40 +0800] "GET /xingrg/all/function/internal_message.html?_=1638931185313&CODE_STATE=getMsg HTTP/1.1" 200 27
114.83.221.33 - - [08/Dec/2021:10:39:43 +0800] "GET /xingrg/all/function/internal_message.html?_=1638931182405&CODE_STATE=getMsg HTTP/1.1" 200 27
116.227.210.113 - - [08/Dec/2021:10:39:43 +0800] "GET /xingrg/all/function/internal_message.html?_=1638931178302&CODE_STATE=getMsg HTTP/1.1" 200 27
58.39.139.200 - - [08/Dec/2021:10:39:44 +0800] "GET /xingrg/kc/buy/cgsh_order_operate.html?command=get_materiel&rest_code=00105&code=00101008244&supplier_code=00100203&order_time=2021-12-08 HTTP/1.1" 200 408
124.78.153.86 - - [08/Dec/2021:10:39:45 +0800] "GET /xingrg/kc/buy/cgsh_order_operate.html?command=get_materiel&rest_code=00106&code=00102014106&supplier_code=00100450&order_time=2021-12-08 HTTP/1.1" 200 399
180.157.253.6 - - [08/Dec/2021:10:39:53 +0800] "GET /xingrg/all/function/internal_message.html?_=1638931192762&CODE_STATE=getMsg HTTP/1.1" 200 27
124.78.153.86 - - [08/Dec/2021:10:39:56 +0800] "GET /xingrg/all/function/internal_message.html?_=1638931199530&CODE_STATE=getMsg HTTP/1.1" 200 27
116.229.213.191 - - [08/Dec/2021:10:39:58 +0800] "GET /xingrg/check_reg.html?_=1638931199982 HTTP/1.1" 200 22
116.229.213.191 - - [08/Dec/2021:10:39:58 +0800] "GET /xingrg/all/function/internal_message.html?_=1638931199986&CODE_STATE=getMsg HTTP/1.1" 200 27
58.39.139.200 - - [08/Dec/2021:10:40:02 +0800] "GET /xingrg/kc/buy/cgsh_order_operate.html?command=get_materiel&rest_code=00105&code=00101008003&supplier_code=00100203&order_time=2021-12-08 HTTP/1.1" 200 408
222.70.176.97 - - [08/Dec/2021:10:40:03 +0800] "GET /xingrg/all/function/internal_message.html?_=1638931200704&CODE_STATE=getMsg HTTP/1.1" 200 27
116.229.213.191 - - [08/Dec/2021:10:40:06 +0800] "GET /xingrg/check_reg.html?_=1638931206135 HTTP/1.1" 200 22
116.229.213.191 - - [08/Dec/2021:10:40:07 +0800] "GET /xingrg/all/function/internal_message.html?_=1638931207095&CODE_STATE=getMsg HTTP/1.1" 200 27
124.78.153.86 - - [08/Dec/2021:10:40:07 +0800] "GET /xingrg/kc/buy/cgsh_order_operate.html?command=get_materiel&rest_code=00106&code=00101015112&supplier_code=00100450&order_time=2021-12-08 HTTP/1.1" 200 403
222.70.176.97 - - [08/Dec/2021:10:40:10 +0800] "GET /xingrg/all/function/internal_message.html?_=1638930879598&CODE_STATE=getMsg HTTP/1.1" 302 -
114.85.125.222 - - [08/Dec/2021:10:40:15 +0800] "GET /xingrg/all/function/internal_message.html?_=1638931175864&CODE_STATE=getMsg HTTP/1.1" 200 27
222.70.171.86 - - [08/Dec/2021:10:40:18 +0800] "GET /xingrg/check_reg.html?_=1638931226769 HTTP/1.1" 200 22
180.169.147.146 - - [08/Dec/2021:10:40:19 +0800] "GET /xingrg/all/function/internal_message.html?_=1638931219921&CODE_STATE=getMsg HTTP/1.1" 200 27
58.40.7.146 - - [08/Dec/2021:10:40:19 +0800] "GET /xingrg/all/function/internal_message.html?_=1638931218781&CODE_STATE=getMsg HTTP/1.1" 200 27
222.70.171.86 - - [08/Dec/2021:10:40:21 +0800] "GET /xingrg/all/function/internal_message.html?_=1638931229894&CODE_STATE=getMsg HTTP/1.1" 200 27
58.39.139.200 - - [08/Dec/2021:10:40:21 +0800] "GET /xingrg/all/function/internal_message.html?_=1638931157384&CODE_STATE=getMsg HTTP/1.1" 200 27
101.85.120.86 - - [08/Dec/2021:10:40:24 +0800] "GET /xingrg/check_reg.html?_=1638931221503 HTTP/1.1" 200 22
101.85.120.86 - - [08/Dec/2021:10:40:24 +0800] "GET /xingrg/all/function/internal_message.html?_=1638931221506&CODE_STATE=getMsg HTTP/1.1" 200 27
116.238.248.233 - - [08/Dec/2021:10:40:25 +0800] "GET /xingrg/check_reg.html?_=1638931223541 HTTP/1.1" 200 22
116.238.248.233 - - [08/Dec/2021:10:40:25 +0800] "GET /xingrg/all/function/internal_message.html?_=1638931223542&CODE_STATE=getMsg HTTP/1.1" 200 27
58.39.139.200 - - [08/Dec/2021:10:40:25 +0800] "GET /xingrg/kc/buy/cgsh_order_operate.html?command=get_materiel&rest_code=00105&code=00101008067&supplier_code=00100203&order_time=2021-12-08 HTTP/1.1" 200 416
114.84.149.84 - - [08/Dec/2021:10:40:28 +0800] "GET /xingrg/all/function/internal_message.html?_=1638931046250&CODE_STATE=getMsg HTTP/1.1" 200 27
124.78.153.86 - - [08/Dec/2021:10:40:31 +0800] "GET /xingrg/kc/buy/cgsh_order_operate.html?command=get_materiel&rest_code=00106&code=00101015044&supplier_code=00100450&order_time=2021-12-08 HTTP/1.1" 200 409
58.39.139.200 - - [08/Dec/2021:10:40:35 +0800] "POST /xingrg/kc/buy/cgsh_order_operate.html HTTP/1.1" 200 2065
58.35.215.131 - - [08/Dec/2021:10:40:37 +0800] "GET /xingrg/all/function/internal_message.html?_=1638931236200&CODE_STATE=getMsg HTTP/1.1" 200 27
180.169.147.146 - - [08/Dec/2021:10:40:40 +0800] "GET /xingrg/all/function/internal_message.html?_=1638931245314&CODE_STATE=getMsg HTTP/1.1" 200 27
114.83.221.33 - - [08/Dec/2021:10:40:43 +0800] "GET /xingrg/all/function/internal_message.html?_=1638931242388&CODE_STATE=getMsg HTTP/1.1" 200 27
116.227.210.113 - - [08/Dec/2021:10:40:43 +0800] "GET /xingrg/all/function/internal_message.html?_=1638931238316&CODE_STATE=getMsg HTTP/1.1" 200 27
114.83.221.33 - - [08/Dec/2021:10:40:45 +0800] "GET /xingrg/check_reg.html?_=1638931243943 HTTP/1.1" 200 22
58.39.139.200 - - [08/Dec/2021:10:40:46 +0800] "GET /xingrg/kc/buy/cgsh_order_operate.html?command=get_materiel&rest_code=00105&code=00101008356&supplier_code=00100203&order_time=2021-12-08 HTTP/1.1" 200 408
180.157.253.6 - - [08/Dec/2021:10:40:53 +0800] "GET /xingrg/all/function/internal_message.html?_=1638931252764&CODE_STATE=getMsg HTTP/1.1" 200 27
124.78.153.86 - - [08/Dec/2021:10:40:54 +0800] "GET /xingrg/kc/buy/cgsh_order_operate.html?command=get_materiel&rest_code=00106&code=00102014088&supplier_code=00100450&order_time=2021-12-08 HTTP/1.1" 200 412
124.78.153.86 - - [08/Dec/2021:10:40:56 +0800] "GET /xingrg/all/function/internal_message.html?_=1638931259525&CODE_STATE=getMsg HTTP/1.1" 200 27
116.229.213.191 - - [08/Dec/2021:10:40:58 +0800] "GET /xingrg/all/function/internal_message.html?_=1638931259982&CODE_STATE=getMsg HTTP/1.1" 200 27
58.39.139.200 - - [08/Dec/2021:10:41:00 +0800] "GET /xingrg/kc/buy/cgsh_order_operate.html?command=get_materiel&rest_code=00105&code=00101008251&supplier_code=00100203&order_time=2021-12-08 HTTP/1.1" 200 408
159.89.86.136 - - [08/Dec/2021:10:41:01 +0800] "POST /json_rpc HTTP/1.0" 404 -
222.70.176.97 - - [08/Dec/2021:10:41:03 +0800] "GET /xingrg/all/function/internal_message.html?_=1638931260789&CODE_STATE=getMsg HTTP/1.1" 200 27
116.229.213.191 - - [08/Dec/2021:10:41:07 +0800] "GET /xingrg/all/function/internal_message.html?_=1638931267113&CODE_STATE=getMsg HTTP/1.1" 200 27
222.70.171.86 - - [08/Dec/2021:10:41:08 +0800] "POST /xingrg/services/DataTransmitService HTTP/1.1" 200 501
222.70.176.97 - - [08/Dec/2021:10:41:10 +0800] "GET /xingrg/all/function/internal_message.html?_=1638930939597&CODE_STATE=getMsg HTTP/1.1" 302 -
222.70.171.86 - - [08/Dec/2021:10:41:11 +0800] "POST /xingrg/services/DataTransmitService HTTP/1.1" 200 501
114.85.125.222 - - [08/Dec/2021:10:41:15 +0800] "GET /xingrg/all/function/internal_message.html?_=1638931235889&CODE_STATE=getMsg HTTP/1.1" 200 27
180.169.147.146 - - [08/Dec/2021:10:41:19 +0800] "GET /xingrg/all/function/internal_message.html?_=1638931279907&CODE_STATE=getMsg HTTP/1.1" 200 27
58.40.7.146 - - [08/Dec/2021:10:41:19 +0800] "GET /xingrg/all/function/internal_message.html?_=1638931278786&CODE_STATE=getMsg HTTP/1.1" 200 27
58.40.7.146 - - [08/Dec/2021:10:41:19 +0800] "GET /xingrg/check_reg.html?_=1638931278788 HTTP/1.1" 200 22
222.70.171.86 - - [08/Dec/2021:10:41:21 +0800] "GET /xingrg/all/function/internal_message.html?_=1638931289900&CODE_STATE=getMsg HTTP/1.1" 200 27
58.39.139.200 - - [08/Dec/2021:10:41:21 +0800] "GET /xingrg/all/function/internal_message.html?_=1638931217390&CODE_STATE=getMsg HTTP/1.1" 200 27
58.221.95.50 - - [08/Dec/2021:10:41:23 +0800] "GET /xingrg/check_reg.html?_=1638931282075 HTTP/1.1" 302 -
101.85.120.86 - - [08/Dec/2021:10:41:24 +0800] "GET /xingrg/all/function/internal_message.html?_=1638931281505&CODE_STATE=getMsg HTTP/1.1" 200 27
116.238.248.233 - - [08/Dec/2021:10:41:25 +0800] "GET /xingrg/all/function/internal_message.html?_=1638931283541&CODE_STATE=getMsg HTTP/1.1" 200 27
58.39.139.200 - - [08/Dec/2021:10:41:26 +0800] "GET /xingrg/kc/buy/cgsh_order_operate.html?command=get_materiel&rest_code=00105&code=00101008108&supplier_code=00100203&order_time=2021-12-08 HTTP/1.1" 200 412
114.84.149.84 - - [08/Dec/2021:10:41:29 +0800] "GET /xingrg/all/function/internal_message.html?_=1638931106218&CODE_STATE=getMsg HTTP/1.1" 200 27
58.35.215.131 - - [08/Dec/2021:10:41:37 +0800] "GET /xingrg/all/function/internal_message.html?_=1638931296201&CODE_STATE=getMsg HTTP/1.1" 200 27
180.169.147.146 - - [08/Dec/2021:10:41:40 +0800] "GET /xingrg/all/function/internal_message.html?_=1638931305338&CODE_STATE=getMsg HTTP/1.1" 200 27
114.83.221.33 - - [08/Dec/2021:10:41:43 +0800] "GET /xingrg/all/function/internal_message.html?_=1638931302367&CODE_STATE=getMsg HTTP/1.1" 200 27
116.227.210.113 - - [08/Dec/2021:10:41:43 +0800] "GET /xingrg/all/function/internal_message.html?_=1638931298310&CODE_STATE=getMsg HTTP/1.1" 200 27
116.227.210.113 - - [08/Dec/2021:10:41:43 +0800] "GET /xingrg/check_reg.html?_=1638931298324 HTTP/1.1" 200 22
58.39.139.200 - - [08/Dec/2021:10:41:48 +0800] "GET /xingrg/kc/buy/cgsh_order_operate.html?command=get_materiel&rest_code=00105&code=00101008305&supplier_code=00100203&order_time=2021-12-08 HTTP/1.1" 200 412
180.157.253.6 - - [08/Dec/2021:10:41:53 +0800] "GET /xingrg/all/function/internal_message.html?_=1638931312764&CODE_STATE=getMsg HTTP/1.1" 200 27
124.78.153.86 - - [08/Dec/2021:10:41:56 +0800] "GET /xingrg/all/function/internal_message.html?_=1638931319530&CODE_STATE=getMsg HTTP/1.1" 200 27
222.70.171.86 - - [08/Dec/2021:10:41:56 +0800] "POST /xingrg/services/DataTransmitService HTTP/1.1" 200 501
116.229.213.191 - - [08/Dec/2021:10:41:58 +0800] "GET /xingrg/all/function/internal_message.html?_=1638931319978&CODE_STATE=getMsg HTTP/1.1" 200 27
222.70.176.97 - - [08/Dec/2021:10:42:03 +0800] "GET /xingrg/all/function/internal_message.html?_=1638931320772&CODE_STATE=getMsg HTTP/1.1" 200 27
116.229.213.191 - - [08/Dec/2021:10:42:07 +0800] "GET /xingrg/all/function/internal_message.html?_=1638931327124&CODE_STATE=getMsg HTTP/1.1" 200 27
222.70.176.97 - - [08/Dec/2021:10:42:10 +0800] "GET /xingrg/all/function/internal_message.html?_=1638930999598&CODE_STATE=getMsg HTTP/1.1" 302 -
124.78.153.86 - - [08/Dec/2021:10:42:10 +0800] "GET /xingrg/kc/buy/cgsh_order_operate.html?command=get_materiel&rest_code=00106&code=00101015061&supplier_code=00100450&order_time=2021-12-08 HTTP/1.1" 200 413
58.39.139.200 - - [08/Dec/2021:10:42:15 +0800] "GET /xingrg/kc/buy/cgsh_order_operate.html?command=get_materiel&rest_code=00105&code=00101008276&supplier_code=00100203&order_time=2021-12-08 HTTP/1.1" 200 412
114.85.125.222 - - [08/Dec/2021:10:42:18 +0800] "GET /xingrg/all/function/internal_message.html?_=1638931295890&CODE_STATE=getMsg HTTP/1.1" 200 27
180.169.147.146 - - [08/Dec/2021:10:42:19 +0800] "GET /xingrg/all/function/internal_message.html?_=1638931339914&CODE_STATE=getMsg HTTP/1.1" 200 27
58.40.7.146 - - [08/Dec/2021:10:42:19 +0800] "GET /xingrg/all/function/internal_message.html?_=1638931338792&CODE_STATE=getMsg HTTP/1.1" 200 27
58.39.139.200 - - [08/Dec/2021:10:42:20 +0800] "POST /xingrg/kc/buy/cgsh_order_operate.html HTTP/1.1" 200 2065
222.70.171.86 - - [08/Dec/2021:10:42:21 +0800] "GET /xingrg/all/function/internal_message.html?_=1638931350008&CODE_STATE=getMsg HTTP/1.1" 200 27
58.39.139.200 - - [08/Dec/2021:10:42:21 +0800] "GET /xingrg/all/function/internal_message.html?_=1638931277351&CODE_STATE=getMsg HTTP/1.1" 200 27
120.253.135.82 - - [08/Dec/2021:10:42:24 +0800] "GET /xingrg/kc/buy/cgsh_order_list.html HTTP/1.1" 200 49163
101.85.120.86 - - [08/Dec/2021:10:42:24 +0800] "GET /xingrg/all/function/internal_message.html?_=1638931341506&CODE_STATE=getMsg HTTP/1.1" 200 27
116.238.248.233 - - [08/Dec/2021:10:42:25 +0800] "GET /xingrg/all/function/internal_message.html?_=1638931343541&CODE_STATE=getMsg HTTP/1.1" 200 27
120.253.135.82 - - [08/Dec/2021:10:42:26 +0800] "GET /xingrg/javascript/easyui/themes/icons/field_new.png HTTP/1.1" 200 1097
