180.157.253.6 - - [08/Dec/2021:09:15:54 +0800] "GET /xingrg/all/function/internal_message.html?_=1638926152930&CODE_STATE=getMsg HTTP/1.1" 200 27
124.78.153.86 - - [08/Dec/2021:09:15:55 +0800] "GET /xingrg/all/function/internal_message.html?_=1638926159240&CODE_STATE=getMsg HTTP/1.1" 200 27
114.85.125.222 - - [08/Dec/2021:09:16:07 +0800] "GET /xingrg/check_reg.html?_=1638926127287 HTTP/1.1" 200 22
114.83.221.33 - - [08/Dec/2021:09:16:09 +0800] "GET /xingrg/all/function/internal_message.html?_=1638926168222&CODE_STATE=getMsg HTTP/1.1" 200 27
222.70.176.97 - - [08/Dec/2021:09:16:10 +0800] "GET /xingrg/all/function/internal_message.html?_=1638925839583&CODE_STATE=getMsg HTTP/1.1" 302 -
222.70.171.86 - - [08/Dec/2021:09:16:18 +0800] "GET /xingrg/all/function/internal_message.html?_=1638926187326&CODE_STATE=getMsg HTTP/1.1" 200 27
114.85.125.222 - - [08/Dec/2021:09:16:20 +0800] "GET /xingrg/all/function/internal_message.html?_=1638926140447&CODE_STATE=getMsg HTTP/1.1" 200 27
58.221.95.50 - - [08/Dec/2021:09:16:23 +0800] "GET /xingrg/check_reg.html?_=1638926185669 HTTP/1.1" 302 -
116.227.210.113 - - [08/Dec/2021:09:16:28 +0800] "GET /xingrg/all/function/internal_message.html?_=1638926183453&CODE_STATE=getMsg HTTP/1.1" 200 27
120.253.135.82 - - [08/Dec/2021:09:16:29 +0800] "GET /xingrg/check_reg.html?_=1638925965541 HTTP/1.1" 200 22
120.253.135.82 - - [08/Dec/2021:09:16:29 +0800] "GET /xingrg/all/function/internal_message.html?_=1638925966114&CODE_STATE=getMsg HTTP/1.1" 200 27
180.169.147.146 - - [08/Dec/2021:09:16:30 +0800] "GET /xingrg/all/function/internal_message.html?_=1638926189089&CODE_STATE=getMsg HTTP/1.1" 200 27
116.238.248.233 - - [08/Dec/2021:09:16:36 +0800] "GET /xingrg/check_reg.html?_=1638926195279 HTTP/1.1" 200 22
116.238.248.233 - - [08/Dec/2021:09:16:36 +0800] "GET /xingrg/all/function/internal_message.html?_=1638926195277&CODE_STATE=getMsg HTTP/1.1" 200 27
58.35.215.131 - - [08/Dec/2021:09:16:37 +0800] "GET /xingrg/all/function/internal_message.html?_=1638926196209&CODE_STATE=getMsg HTTP/1.1" 200 27
180.157.253.6 - - [08/Dec/2021:09:16:54 +0800] "GET /xingrg/all/function/internal_message.html?_=1638926212914&CODE_STATE=getMsg HTTP/1.1" 200 27
124.78.153.86 - - [08/Dec/2021:09:16:55 +0800] "GET /xingrg/all/function/internal_message.html?_=1638926219240&CODE_STATE=getMsg HTTP/1.1" 200 27
114.83.221.33 - - [08/Dec/2021:09:16:55 +0800] "GET /xingrg/kc/buy/cgsh_order_add.html HTTP/1.1" 200 64992
114.83.221.33 - - [08/Dec/2021:09:16:56 +0800] "POST /xingrg/kc/buy/cgsh_order_operate.html HTTP/1.1" 200 8245
114.83.221.33 - - [08/Dec/2021:09:16:56 +0800] "GET /xingrg/javascript/easyui/themes/default/validatebox.css HTTP/1.1" 404 1104
114.83.221.33 - - [08/Dec/2021:09:17:09 +0800] "GET /xingrg/all/function/internal_message.html?_=1638926228225&CODE_STATE=getMsg HTTP/1.1" 200 27
114.83.221.33 - - [08/Dec/2021:09:17:09 +0800] "GET /xingrg/check_reg.html?_=1638926228555 HTTP/1.1" 200 22
222.70.176.97 - - [08/Dec/2021:09:17:10 +0800] "GET /xingrg/all/function/internal_message.html?_=1638925899584&CODE_STATE=getMsg HTTP/1.1" 302 -
114.83.221.33 - - [08/Dec/2021:09:17:12 +0800] "GET /xingrg/kc/buy/cgsh_order_operate.html?command=get_materiel&rest_code=00149&code=00101004051&supplier_code=00100083&order_time=2021-12-08 HTTP/1.1" 200 409
222.70.171.86 - - [08/Dec/2021:09:17:18 +0800] "GET /xingrg/all/function/internal_message.html?_=1638926247340&CODE_STATE=getMsg HTTP/1.1" 200 27
114.85.125.222 - - [08/Dec/2021:09:17:20 +0800] "GET /xingrg/all/function/internal_message.html?_=1638926200461&CODE_STATE=getMsg HTTP/1.1" 200 27
114.83.221.33 - - [08/Dec/2021:09:17:22 +0800] "GET /xingrg/kc/buy/cgsh_order_operate.html?command=get_materiel&rest_code=00149&code=00101004067&supplier_code=00100083&order_time=2021-12-08 HTTP/1.1" 200 413
116.227.210.113 - - [08/Dec/2021:09:17:28 +0800] "GET /xingrg/all/function/internal_message.html?_=1638926243441&CODE_STATE=getMsg HTTP/1.1" 200 27
120.253.135.82 - - [08/Dec/2021:09:17:29 +0800] "GET /xingrg/all/function/internal_message.html?_=1638926026127&CODE_STATE=getMsg HTTP/1.1" 200 27
180.169.147.146 - - [08/Dec/2021:09:17:30 +0800] "GET /xingrg/all/function/internal_message.html?_=1638926249081&CODE_STATE=getMsg HTTP/1.1" 200 27
114.83.221.33 - - [08/Dec/2021:09:17:31 +0800] "GET /xingrg/kc/buy/cgsh_order_operate.html?command=get_materiel&rest_code=00149&code=00101004074&supplier_code=00100083&order_time=2021-12-08 HTTP/1.1" 200 406
116.238.248.233 - - [08/Dec/2021:09:17:36 +0800] "GET /xingrg/all/function/internal_message.html?_=1638926255286&CODE_STATE=getMsg HTTP/1.1" 200 27
58.35.215.131 - - [08/Dec/2021:09:17:37 +0800] "GET /xingrg/check_reg.html?_=1638926256196 HTTP/1.1" 200 22
58.35.215.131 - - [08/Dec/2021:09:17:37 +0800] "GET /xingrg/all/function/internal_message.html?_=1638926256197&CODE_STATE=getMsg HTTP/1.1" 200 27
114.83.221.33 - - [08/Dec/2021:09:17:43 +0800] "GET /xingrg/kc/buy/cgsh_order_operate.html?command=get_materiel&rest_code=00149&code=00101004071&supplier_code=00100083&order_time=2021-12-08 HTTP/1.1" 200 409
114.83.221.33 - - [08/Dec/2021:09:17:52 +0800] "GET /xingrg/kc/buy/cgsh_order_operate.html?command=get_materiel&rest_code=00149&code=00101004065&supplier_code=00100083&order_time=2021-12-08 HTTP/1.1" 200 413
180.157.253.6 - - [08/Dec/2021:09:17:54 +0800] "GET /xingrg/all/function/internal_message.html?_=1638926272899&CODE_STATE=getMsg HTTP/1.1" 200 27
124.78.153.86 - - [08/Dec/2021:09:17:55 +0800] "GET /xingrg/check_reg.html?_=1638926279240 HTTP/1.1" 200 22
124.78.153.86 - - [08/Dec/2021:09:17:55 +0800] "GET /xingrg/all/function/internal_message.html?_=1638926279243&CODE_STATE=getMsg HTTP/1.1" 200 27
114.83.221.33 - - [08/Dec/2021:09:18:04 +0800] "POST /xingrg/kc/buy/cgsh_order_operate.html HTTP/1.1" 200 37
114.83.221.33 - - [08/Dec/2021:09:18:09 +0800] "GET /xingrg/all/function/internal_message.html?_=1638926288204&CODE_STATE=getMsg HTTP/1.1" 200 27
222.70.176.97 - - [08/Dec/2021:09:18:10 +0800] "GET /xingrg/all/function/internal_message.html?_=1638925959583&CODE_STATE=getMsg HTTP/1.1" 302 -
222.70.176.97 - - [08/Dec/2021:09:18:10 +0800] "GET /xingrg/check_reg.html?_=1638925959584 HTTP/1.1" 302 -
114.83.221.33 - - [08/Dec/2021:09:18:13 +0800] "POST /xingrg/kc/buy/cgsh_order_operate.html HTTP/1.1" 200 12
114.83.221.33 - - [08/Dec/2021:09:18:15 +0800] "GET /xingrg/kc/buy/cgsh_order_info.html?code=212021120802947 HTTP/1.1" 200 59899
114.83.221.33 - - [08/Dec/2021:09:18:15 +0800] "GET /xingrg/javascript/easyui/themes/default/validatebox.css HTTP/1.1" 404 1104
114.83.221.33 - - [08/Dec/2021:09:18:16 +0800] "POST /xingrg/kc/buy/cgsh_order_operate.html HTTP/1.1" 200 2978
114.83.221.33 - - [08/Dec/2021:09:18:18 +0800] "GET /xingrg/kc/print/load_data.html?order_code=212021120802947&kc_code=cgsh&condition= HTTP/1.1" 200 1624
222.70.171.86 - - [08/Dec/2021:09:18:18 +0800] "GET /xingrg/all/function/internal_message.html?_=1638926307359&CODE_STATE=getMsg HTTP/1.1" 200 27
114.85.125.222 - - [08/Dec/2021:09:18:20 +0800] "GET /xingrg/all/function/internal_message.html?_=1638926260493&CODE_STATE=getMsg HTTP/1.1" 200 27
116.227.210.113 - - [08/Dec/2021:09:18:28 +0800] "GET /xingrg/check_reg.html?_=1638926303452 HTTP/1.1" 200 22
116.227.210.113 - - [08/Dec/2021:09:18:28 +0800] "GET /xingrg/all/function/internal_message.html?_=1638926303454&CODE_STATE=getMsg HTTP/1.1" 200 27
120.253.135.82 - - [08/Dec/2021:09:18:29 +0800] "GET /xingrg/all/function/internal_message.html?_=1638926086141&CODE_STATE=getMsg HTTP/1.1" 200 27
180.169.147.146 - - [08/Dec/2021:09:18:30 +0800] "GET /xingrg/all/function/internal_message.html?_=1638926309090&CODE_STATE=getMsg HTTP/1.1" 200 27
180.169.147.146 - - [08/Dec/2021:09:18:30 +0800] "GET /xingrg/check_reg.html?_=1638926309094 HTTP/1.1" 200 22
116.238.248.233 - - [08/Dec/2021:09:18:36 +0800] "GET /xingrg/all/function/internal_message.html?_=1638926315285&CODE_STATE=getMsg HTTP/1.1" 200 27
58.35.215.131 - - [08/Dec/2021:09:18:37 +0800] "GET /xingrg/all/function/internal_message.html?_=1638926316197&CODE_STATE=getMsg HTTP/1.1" 200 27
114.83.221.33 - - [08/Dec/2021:09:18:49 +0800] "GET /xingrg/kc/buy/cgsh_order_add.html HTTP/1.1" 200 64992
114.83.221.33 - - [08/Dec/2021:09:18:50 +0800] "POST /xingrg/kc/buy/cgsh_order_operate.html HTTP/1.1" 200 8245
114.83.221.33 - - [08/Dec/2021:09:18:50 +0800] "GET /xingrg/javascript/easyui/themes/default/validatebox.css HTTP/1.1" 404 1104
180.157.253.6 - - [08/Dec/2021:09:18:53 +0800] "GET /xingrg/check_reg.html?_=1638926332667 HTTP/1.1" 200 22
180.157.253.6 - - [08/Dec/2021:09:18:54 +0800] "GET /xingrg/all/function/internal_message.html?_=1638926332872&CODE_STATE=getMsg HTTP/1.1" 200 27
124.78.153.86 - - [08/Dec/2021:09:18:55 +0800] "GET /xingrg/all/function/internal_message.html?_=1638926339244&CODE_STATE=getMsg HTTP/1.1" 200 27
114.85.125.222 - - [08/Dec/2021:09:19:08 +0800] "GET /xingrg/javascript/jquery_easy_ui/themes/default/images/tabs_active.png HTTP/1.1" 304 -
114.83.221.33 - - [08/Dec/2021:09:19:09 +0800] "GET /xingrg/all/function/internal_message.html?_=1638926348184&CODE_STATE=getMsg HTTP/1.1" 200 27
222.70.176.97 - - [08/Dec/2021:09:19:10 +0800] "GET /xingrg/all/function/internal_message.html?_=1638926019583&CODE_STATE=getMsg HTTP/1.1" 302 -
222.70.171.86 - - [08/Dec/2021:09:19:18 +0800] "GET /xingrg/all/function/internal_message.html?_=1638926367366&CODE_STATE=getMsg HTTP/1.1" 200 27
114.85.125.222 - - [08/Dec/2021:09:19:19 +0800] "POST /xingrg/kc/buy/cgsh_list_operate.html HTTP/1.1" 200 2052
114.85.125.222 - - [08/Dec/2021:09:19:20 +0800] "GET /xingrg/all/function/internal_message.html?_=1638926320517&CODE_STATE=getMsg HTTP/1.1" 200 27
114.85.125.222 - - [08/Dec/2021:09:19:21 +0800] "POST /xingrg/kc/buy/cgsh_list_operate.html HTTP/1.1" 200 579
114.85.125.222 - - [08/Dec/2021:09:19:22 +0800] "GET /xingrg/javascript/auto/jquery.autocomplete.css HTTP/1.1" 304 -
114.85.125.222 - - [08/Dec/2021:09:19:22 +0800] "GET /xingrg/javascript/easyui/themes/icon.css HTTP/1.1" 304 -
114.85.125.222 - - [08/Dec/2021:09:19:22 +0800] "GET /xingrg/css/base.css HTTP/1.1" 304 -
114.85.125.222 - - [08/Dec/2021:09:19:22 +0800] "GET /xingrg/javascript/jquery_tools/datebox.css HTTP/1.1" 304 -
114.85.125.222 - - [08/Dec/2021:09:19:22 +0800] "GET /xingrg/javascript/jquery_tools/fix.css HTTP/1.1" 304 -
114.85.125.222 - - [08/Dec/2021:09:19:22 +0800] "GET /xingrg/css/site.css HTTP/1.1" 304 -
114.85.125.222 - - [08/Dec/2021:09:19:22 +0800] "GET /xingrg/javascript/jquery_tools/table.css HTTP/1.1" 304 -
114.85.125.222 - - [08/Dec/2021:09:19:22 +0800] "GET /xingrg/javascript/pic_change.js HTTP/1.1" 304 -
114.85.125.222 - - [08/Dec/2021:09:19:22 +0800] "GET /xingrg/javascript/easyui/themes/default/easyui.css HTTP/1.1" 304 -
114.85.125.222 - - [08/Dec/2021:09:19:22 +0800] "GET /xingrg/javascript/jquery_tools/jquery.tools.min.js HTTP/1.1" 304 -
114.85.125.222 - - [08/Dec/2021:09:19:22 +0800] "GET /xingrg/kc/buy/cgsh_order_info.html?code=212021120802939 HTTP/1.1" 200 64831
114.85.125.222 - - [08/Dec/2021:09:19:22 +0800] "GET /xingrg/javascript/jquery_tools/jquery.tools.extend.js HTTP/1.1" 304 -
114.85.125.222 - - [08/Dec/2021:09:19:22 +0800] "GET /xingrg/javascript/jquery_tools/jquery.tools.hotkey.js HTTP/1.1" 304 -
114.85.125.222 - - [08/Dec/2021:09:19:22 +0800] "GET /xingrg/javascript/auto/jquery.autocomplete.js HTTP/1.1" 304 -
114.85.125.222 - - [08/Dec/2021:09:19:22 +0800] "GET /xingrg/javascript/jquery.cookie.js HTTP/1.1" 304 -
114.85.125.222 - - [08/Dec/2021:09:19:22 +0800] "GET /xingrg/javascript/convert.js HTTP/1.1" 304 -
114.85.125.222 - - [08/Dec/2021:09:19:22 +0800] "GET /xingrg/javascript/json2.js HTTP/1.1" 304 -
114.85.125.222 - - [08/Dec/2021:09:19:22 +0800] "GET /xingrg/javascript/jquery_tools/jquery.tools.table.js HTTP/1.1" 304 -
114.85.125.222 - - [08/Dec/2021:09:19:22 +0800] "GET /xingrg/javascript/jquery.utils.js HTTP/1.1" 304 -
114.85.125.222 - - [08/Dec/2021:09:19:22 +0800] "GET /xingrg/javascript/jquery_tools/order_manager.js HTTP/1.1" 304 -
114.85.125.222 - - [08/Dec/2021:09:19:22 +0800] "GET /xingrg/javascript/print/LodopFuncs.js HTTP/1.1" 304 -
114.85.125.222 - - [08/Dec/2021:09:19:22 +0800] "GET /xingrg/javascript/easyui/easyloader.js HTTP/1.1" 304 -
114.85.125.222 - - [08/Dec/2021:09:19:22 +0800] "GET /xingrg/javascript/print/kc_print.js HTTP/1.1" 304 -
114.85.125.222 - - [08/Dec/2021:09:19:23 +0800] "GET /xingrg/words/20211207094324_words.js HTTP/1.1" 304 -
114.85.125.222 - - [08/Dec/2021:09:19:23 +0800] "GET /xingrg/javascript/easyui/themes/icons/copy_new.png HTTP/1.1" 304 -
114.85.125.222 - - [08/Dec/2021:09:19:23 +0800] "GET /xingrg/javascript/easyui/themes/icons/template_new.png HTTP/1.1" 304 -
114.85.125.222 - - [08/Dec/2021:09:19:23 +0800] "GET /xingrg/javascript/easyui/themes/icons/ok.png HTTP/1.1" 304 -
114.85.125.222 - - [08/Dec/2021:09:19:23 +0800] "GET /xingrg/javascript/easyui/themes/icons/print.png HTTP/1.1" 304 -
114.85.125.222 - - [08/Dec/2021:09:19:23 +0800] "GET /xingrg/javascript/easyui/themes/default/images/menu_downarrow.png HTTP/1.1" 304 -
114.85.125.222 - - [08/Dec/2021:09:19:23 +0800] "GET /xingrg/javascript/easyui/themes/icons/cancel.png HTTP/1.1" 304 -
114.85.125.222 - - [08/Dec/2021:09:19:23 +0800] "GET /xingrg/javascript/easyui/plugins/jquery.parser.js HTTP/1.1" 304 -
114.85.125.222 - - [08/Dec/2021:09:19:23 +0800] "GET /xingrg/javascript/easyui/themes/default/validatebox.css HTTP/1.1" 404 1104
114.85.125.222 - - [08/Dec/2021:09:19:23 +0800] "GET /xingrg/javascript/easyui/plugins/jquery.validatebox.js HTTP/1.1" 304 -
114.85.125.222 - - [08/Dec/2021:09:19:23 +0800] "GET /xingrg/javascript/easyui/plugins/jquery.numberbox.js HTTP/1.1" 304 -
114.85.125.222 - - [08/Dec/2021:09:19:23 +0800] "GET /xingrg/all/common/auto_word.html?type=employee&rest_code=00150 HTTP/1.1" 200 159
114.85.125.222 - - [08/Dec/2021:09:19:23 +0800] "GET /xingrg/all/common/auto_word.html?type=employee&rest_code=00150 HTTP/1.1" 200 159
124.78.153.86 - - [08/Dec/2021:09:19:23 +0800] "GET /xingrg/kc/buy/cgsh_order_add.html HTTP/1.1" 200 64939
124.78.153.86 - - [08/Dec/2021:09:19:24 +0800] "POST /xingrg/kc/buy/cgsh_order_operate.html HTTP/1.1" 200 8245
124.78.153.86 - - [08/Dec/2021:09:19:24 +0800] "GET /xingrg/javascript/easyui/themes/default/validatebox.css HTTP/1.1" 404 1104
114.85.125.222 - - [08/Dec/2021:09:19:24 +0800] "POST /xingrg/kc/buy/cgsh_order_operate.html HTTP/1.1" 200 26332
114.85.125.222 - - [08/Dec/2021:09:19:24 +0800] "GET /xingrg/javascript/easyui/themes/icons/edit_remove.png HTTP/1.1" 304 -
124.78.153.86 - - [08/Dec/2021:09:19:26 +0800] "GET /xingrg/kc/buy/buy_main.html HTTP/1.1" 200 12412
124.78.153.86 - - [08/Dec/2021:09:19:26 +0800] "GET /xingrg/css/new_ie.css HTTP/1.1" 404 1036
124.78.153.86 - - [08/Dec/2021:09:19:26 +0800] "GET /xingrg/images/yd/bt.gif HTTP/1.1" 404 1040
124.78.153.86 - - [08/Dec/2021:09:19:28 +0800] "GET /xingrg/kc/buy/cgsh_order_list.html HTTP/1.1" 200 49163
116.227.210.113 - - [08/Dec/2021:09:19:28 +0800] "GET /xingrg/all/function/internal_message.html?_=1638926363445&CODE_STATE=getMsg HTTP/1.1" 200 27
180.169.147.146 - - [08/Dec/2021:09:19:30 +0800] "GET /xingrg/all/function/internal_message.html?_=1638926369095&CODE_STATE=getMsg HTTP/1.1" 200 27
124.78.153.86 - - [08/Dec/2021:09:19:31 +0800] "POST /xingrg/kc/buy/cgsh_list_operate.html HTTP/1.1" 200 1691
116.238.248.233 - - [08/Dec/2021:09:19:36 +0800] "GET /xingrg/all/function/internal_message.html?_=1638926375302&CODE_STATE=getMsg HTTP/1.1" 200 27
58.35.215.131 - - [08/Dec/2021:09:19:37 +0800] "GET /xingrg/all/function/internal_message.html?_=1638926376197&CODE_STATE=getMsg HTTP/1.1" 200 27
180.157.253.6 - - [08/Dec/2021:09:19:54 +0800] "GET /xingrg/all/function/internal_message.html?_=1638926392858&CODE_STATE=getMsg HTTP/1.1" 200 27
124.78.153.86 - - [08/Dec/2021:09:19:55 +0800] "GET /xingrg/all/function/internal_message.html?_=1638926399271&CODE_STATE=getMsg HTTP/1.1" 200 27
116.238.248.233 - - [08/Dec/2021:09:19:58 +0800] "GET /xingrg/kc/buy/cgsh_order_operate.html?command=get_materiel&rest_code=00151&code=00101015060&supplier_code=00100007&order_time=2021-12-08 HTTP/1.1" 200 412
114.83.221.33 - - [08/Dec/2021:09:20:09 +0800] "GET /xingrg/all/function/internal_message.html?_=1638926408166&CODE_STATE=getMsg HTTP/1.1" 200 27
222.70.176.97 - - [08/Dec/2021:09:20:10 +0800] "GET /xingrg/all/function/internal_message.html?_=1638926079583&CODE_STATE=getMsg HTTP/1.1" 302 -
222.70.171.86 - - [08/Dec/2021:09:20:17 +0800] "GET /xingrg/check_reg.html?_=1638926425702 HTTP/1.1" 200 22
222.70.171.86 - - [08/Dec/2021:09:20:18 +0800] "GET /xingrg/all/function/internal_message.html?_=1638926427380&CODE_STATE=getMsg HTTP/1.1" 200 27
114.85.125.222 - - [08/Dec/2021:09:20:20 +0800] "GET /xingrg/all/function/internal_message.html?_=1638926380518&CODE_STATE=getMsg HTTP/1.1" 200 27
116.238.248.233 - - [08/Dec/2021:09:20:22 +0800] "GET /xingrg/kc/buy/cgsh_order_operate.html?command=get_materiel&rest_code=00151&code=00101008350&supplier_code=00100007&order_time=2021-12-08 HTTP/1.1" 200 408
116.238.248.233 - - [08/Dec/2021:09:20:28 +0800] "POST /xingrg/kc/buy/cgsh_order_operate.html HTTP/1.1" 200 2065
116.227.210.113 - - [08/Dec/2021:09:20:28 +0800] "GET /xingrg/all/function/internal_message.html?_=1638926423448&CODE_STATE=getMsg HTTP/1.1" 200 27
180.157.253.6 - - [08/Dec/2021:09:20:29 +0800] "GET /xingrg/index.html?sysBaseUrl=http%3A%2F%2F180.169.147.146%3A18081%2Fxingrg%2F&costTime=44×tamp=1622098168715 HTTP/1.1" 302 -
180.157.253.6 - - [08/Dec/2021:09:20:29 +0800] "GET /xingrg/login.html HTTP/1.1" 200 7641
180.157.253.6 - - [08/Dec/2021:09:20:29 +0800] "GET /xingrg/images/blue/jxLogo.png HTTP/1.1" 304 -
180.157.253.6 - - [08/Dec/2021:09:20:29 +0800] "GET /xingrg/images/blue/login_bg.png HTTP/1.1" 304 -
180.157.253.6 - - [08/Dec/2021:09:20:29 +0800] "GET /xingrg/images/blue/hj.png HTTP/1.1" 304 -
180.157.253.6 - - [08/Dec/2021:09:20:29 +0800] "GET /xingrg/images/blue/srbg.png HTTP/1.1" 304 -
180.157.253.6 - - [08/Dec/2021:09:20:29 +0800] "GET /favicon.ico HTTP/1.1" 404 -
180.169.147.146 - - [08/Dec/2021:09:20:30 +0800] "GET /xingrg/all/function/internal_message.html?_=1638926429093&CODE_STATE=getMsg HTTP/1.1" 200 27
180.157.253.6 - - [08/Dec/2021:09:20:31 +0800] "POST /xingrg/login.do HTTP/1.1" 302 -
180.157.253.6 - - [08/Dec/2021:09:20:32 +0800] "GET /xingrg/javascript/jquery_easy_ui/themes/default/easyui.css HTTP/1.1" 304 -
180.157.253.6 - - [08/Dec/2021:09:20:32 +0800] "GET /xingrg/javascript/jquery_easy_ui/themes/icon.css HTTP/1.1" 304 -
180.157.253.6 - - [08/Dec/2021:09:20:32 +0800] "GET /xingrg/javascript/jquery-1.4.2.min.js HTTP/1.1" 304 -
180.157.253.6 - - [08/Dec/2021:09:20:32 +0800] "GET /xingrg/index.html?sysBaseUrl=http%3A%2F%2F180.169.147.146%3A18081%2Fxingrg%2F&costTime=1206×tamp=1638926431942 HTTP/1.1" 200 17179
180.157.253.6 - - [08/Dec/2021:09:20:32 +0800] "GET /xingrg/javascript/jquery_easy_ui/jquery.easyui.min.js HTTP/1.1" 304 -
180.157.253.6 - - [08/Dec/2021:09:20:32 +0800] "GET /xingrg/css/form.css HTTP/1.1" 304 -
180.157.253.6 - - [08/Dec/2021:09:20:32 +0800] "GET /xingrg/javascript/jquery.form.js HTTP/1.1" 304 -
180.157.253.6 - - [08/Dec/2021:09:20:32 +0800] "GET /xingrg/javascript/jquery.utils.js HTTP/1.1" 304 -
180.157.253.6 - - [08/Dec/2021:09:20:32 +0800] "GET /xingrg/javascript/jquery.timers.js HTTP/1.1" 304 -
180.157.253.6 - - [08/Dec/2021:09:20:32 +0800] "GET /xingrg/javascript/jquery_easy_ui/easyui-lang-zh_CN.js HTTP/1.1" 304 -
180.157.253.6 - - [08/Dec/2021:09:20:32 +0800] "GET /favicon.ico HTTP/1.1" 404 -
180.157.253.6 - - [08/Dec/2021:09:20:32 +0800] "GET /xingrg/javascript/jquery_easy_ui/themes/icons/settle_new.png HTTP/1.1" 304 -
180.157.253.6 - - [08/Dec/2021:09:20:32 +0800] "GET /xingrg/images/blue/navBackgound.jpg HTTP/1.1" 304 -
180.157.253.6 - - [08/Dec/2021:09:20:32 +0800] "GET /xingrg/all/function/internal_message.html?_=1638926432912&CODE_STATE=count HTTP/1.1" 200 11
180.157.253.6 - - [08/Dec/2021:09:20:32 +0800] "GET /xingrg/check_reg.html?_=1638926432913 HTTP/1.1" 200 22
180.157.253.6 - - [08/Dec/2021:09:20:32 +0800] "GET /xingrg/images/blue/pingpu.png HTTP/1.1" 304 -
180.157.253.6 - - [08/Dec/2021:09:20:32 +0800] "GET /xingrg/javascript/jquery_easy_ui/themes/default/images/tabs_rightarrow.png HTTP/1.1" 304 -
180.157.253.6 - - [08/Dec/2021:09:20:32 +0800] "GET /xingrg/javascript/jquery_easy_ui/themes/default/images/panel_tool_collapse.gif HTTP/1.1" 304 -
180.157.253.6 - - [08/Dec/2021:09:20:32 +0800] "GET /xingrg/javascript/jquery_easy_ui/themes/default/images/tabs_leftarrow.png HTTP/1.1" 304 -
180.157.253.6 - - [08/Dec/2021:09:20:32 +0800] "POST /xingrg/all/common/load_tree.html?tree=area_rest_tree_json&manage=1 HTTP/1.1" 200 351
180.157.253.6 - - [08/Dec/2021:09:20:32 +0800] "POST /xingrg/load_menu.html HTTP/1.1" 200 5138
180.157.253.6 - - [08/Dec/2021:09:20:32 +0800] "GET /xingrg/javascript/jquery_easy_ui/themes/default/images/tree_arrows.gif HTTP/1.1" 304 -
180.157.253.6 - - [08/Dec/2021:09:20:32 +0800] "GET /xingrg/javascript/jquery_easy_ui/themes/default/images/tree_folder_open.gif HTTP/1.1" 304 -
180.157.253.6 - - [08/Dec/2021:09:20:32 +0800] "GET /xingrg/javascript/jquery_easy_ui/themes/icons/search_new.png HTTP/1.1" 304 -
180.157.253.6 - - [08/Dec/2021:09:20:32 +0800] "GET /xingrg/javascript/jquery_easy_ui/themes/icons/storage_new.png HTTP/1.1" 304 -
180.157.253.6 - - [08/Dec/2021:09:20:32 +0800] "GET /xingrg/javascript/jquery_easy_ui/themes/default/images/tree_folder.gif HTTP/1.1" 304 -
180.157.253.6 - - [08/Dec/2021:09:20:32 +0800] "GET /xingrg/javascript/jquery_easy_ui/themes/icons/forms_new.png HTTP/1.1" 304 -
180.157.253.6 - - [08/Dec/2021:09:20:32 +0800] "GET /xingrg/javascript/jquery_easy_ui/themes/default/images/tree_file.gif HTTP/1.1" 304 -
116.238.248.233 - - [08/Dec/2021:09:20:33 +0800] "GET /xingrg/kc/buy/cgsh_order_operate.html?command=get_materiel&rest_code=00151&code=00101009030&supplier_code=00100007&order_time=2021-12-08 HTTP/1.1" 200 412
222.70.171.86 - - [08/Dec/2021:09:20:35 +0800] "GET /xingrg/kc/buy/cgsh_order_list.html HTTP/1.1" 200 49169
116.238.248.233 - - [08/Dec/2021:09:20:36 +0800] "GET /xingrg/all/function/internal_message.html?_=1638926435363&CODE_STATE=getMsg HTTP/1.1" 200 27
222.70.171.86 - - [08/Dec/2021:09:20:37 +0800] "POST /xingrg/kc/buy/cgsh_list_operate.html HTTP/1.1" 200 876
58.35.215.131 - - [08/Dec/2021:09:20:37 +0800] "GET /xingrg/all/function/internal_message.html?_=1638926436200&CODE_STATE=getMsg HTTP/1.1" 200 27
222.70.171.86 - - [08/Dec/2021:09:20:41 +0800] "GET /xingrg/kc/buy/cgsh_order_add.html HTTP/1.1" 200 64904
222.70.171.86 - - [08/Dec/2021:09:20:41 +0800] "POST /xingrg/kc/buy/cgsh_order_operate.html HTTP/1.1" 200 8245
222.70.171.86 - - [08/Dec/2021:09:20:41 +0800] "GET /xingrg/javascript/easyui/themes/default/validatebox.css HTTP/1.1" 404 1104
114.83.221.33 - - [08/Dec/2021:09:20:44 +0800] "GET /xingrg/index.html?sysBaseUrl=http%3A%2F%2F180.169.147.146%3A18081%2Fxingrg%2F&costTime=1377×tamp=1638924128841 HTTP/1.1" 200 17179
114.83.221.33 - - [08/Dec/2021:09:20:44 +0800] "GET /xingrg/javascript/jquery_easy_ui/themes/default/easyui.css HTTP/1.1" 304 -
114.83.221.33 - - [08/Dec/2021:09:20:44 +0800] "GET /xingrg/javascript/jquery_easy_ui/themes/icon.css HTTP/1.1" 304 -
114.83.221.33 - - [08/Dec/2021:09:20:44 +0800] "GET /xingrg/css/form.css HTTP/1.1" 304 -
114.83.221.33 - - [08/Dec/2021:09:20:44 +0800] "GET /xingrg/javascript/jquery-1.4.2.min.js HTTP/1.1" 304 -
114.83.221.33 - - [08/Dec/2021:09:20:44 +0800] "GET /xingrg/javascript/jquery_easy_ui/jquery.easyui.min.js HTTP/1.1" 304 -
114.83.221.33 - - [08/Dec/2021:09:20:44 +0800] "GET /xingrg/javascript/jquery_easy_ui/easyui-lang-zh_CN.js HTTP/1.1" 304 -
114.83.221.33 - - [08/Dec/2021:09:20:44 +0800] "GET /xingrg/javascript/jquery.form.js HTTP/1.1" 304 -
114.83.221.33 - - [08/Dec/2021:09:20:44 +0800] "GET /xingrg/javascript/jquery.utils.js HTTP/1.1" 304 -
114.83.221.33 - - [08/Dec/2021:09:20:44 +0800] "GET /xingrg/javascript/jquery.timers.js HTTP/1.1" 304 -
114.83.221.33 - - [08/Dec/2021:09:20:44 +0800] "GET /xingrg/images/blue/jxLogo.png HTTP/1.1" 304 -
114.83.221.33 - - [08/Dec/2021:09:20:44 +0800] "GET /xingrg/javascript/jquery_easy_ui/themes/icons/settle_new.png HTTP/1.1" 304 -
114.83.221.33 - - [08/Dec/2021:09:20:44 +0800] "GET /xingrg/images/blue/navBackgound.jpg HTTP/1.1" 304 -
114.83.221.33 - - [08/Dec/2021:09:20:44 +0800] "GET /xingrg/all/function/internal_message.html?_=1638926443637&CODE_STATE=count HTTP/1.1" 200 11
114.83.221.33 - - [08/Dec/2021:09:20:44 +0800] "GET /xingrg/check_reg.html?_=1638926443637 HTTP/1.1" 200 22
114.83.221.33 - - [08/Dec/2021:09:20:44 +0800] "GET /xingrg/javascript/jquery_easy_ui/themes/default/images/tabs_leftarrow.png HTTP/1.1" 304 -
114.83.221.33 - - [08/Dec/2021:09:20:44 +0800] "GET /xingrg/javascript/jquery_easy_ui/themes/default/images/tabs_rightarrow.png HTTP/1.1" 304 -
114.83.221.33 - - [08/Dec/2021:09:20:44 +0800] "GET /xingrg/javascript/jquery_easy_ui/themes/default/images/panel_tool_collapse.gif HTTP/1.1" 304 -
114.83.221.33 - - [08/Dec/2021:09:20:44 +0800] "GET /xingrg/images/blue/pingpu.png HTTP/1.1" 304 -
114.83.221.33 - - [08/Dec/2021:09:20:44 +0800] "POST /xingrg/all/common/load_tree.html?tree=area_rest_tree_json&manage=1 HTTP/1.1" 200 351
114.83.221.33 - - [08/Dec/2021:09:20:44 +0800] "POST /xingrg/load_menu.html HTTP/1.1" 200 5138
114.83.221.33 - - [08/Dec/2021:09:20:48 +0800] "GET /xingrg/kc/buy/cgsh_order_list.html HTTP/1.1" 200 49169
114.83.221.33 - - [08/Dec/2021:09:20:50 +0800] "POST /xingrg/kc/buy/cgsh_list_operate.html HTTP/1.1" 200 876
114.83.221.33 - - [08/Dec/2021:09:20:51 +0800] "GET /xingrg/kc/buy/cgsh_order_add.html HTTP/1.1" 200 64992
180.157.253.6 - - [08/Dec/2021:09:20:52 +0800] "GET /xingrg/javascript/jquery_easy_ui/themes/default/images/tabs_close.gif HTTP/1.1" 304 -
114.83.221.33 - - [08/Dec/2021:09:20:52 +0800] "POST /xingrg/kc/buy/cgsh_order_operate.html HTTP/1.1" 200 8245
114.83.221.33 - - [08/Dec/2021:09:20:52 +0800] "GET /xingrg/javascript/easyui/themes/default/validatebox.css HTTP/1.1" 404 1104
180.157.253.6 - - [08/Dec/2021:09:20:52 +0800] "GET /xingrg/css/base.css HTTP/1.1" 304 -
180.157.253.6 - - [08/Dec/2021:09:20:52 +0800] "GET /xingrg/kc/buy/cgsh_order_list.html HTTP/1.1" 200 49169
180.157.253.6 - - [08/Dec/2021:09:20:52 +0800] "GET /xingrg/javascript/jquery_tools/datebox.css HTTP/1.1" 304 -
180.157.253.6 - - [08/Dec/2021:09:20:52 +0800] "GET /xingrg/javascript/easyui/themes/default/easyui.css HTTP/1.1" 304 -
180.157.253.6 - - [08/Dec/2021:09:20:52 +0800] "GET /xingrg/javascript/easyui/themes/icon.css HTTP/1.1" 304 -
180.157.253.6 - - [08/Dec/2021:09:20:52 +0800] "GET /xingrg/javascript/auto/jquery.autocomplete.css HTTP/1.1" 304 -
180.157.253.6 - - [08/Dec/2021:09:20:52 +0800] "GET /xingrg/javascript/jquery_tools/fix.css HTTP/1.1" 304 -
180.157.253.6 - - [08/Dec/2021:09:20:52 +0800] "GET /xingrg/css/site.css HTTP/1.1" 304 -
180.157.253.6 - - [08/Dec/2021:09:20:52 +0800] "GET /xingrg/javascript/jquery_tools/table.css HTTP/1.1" 304 -
180.157.253.6 - - [08/Dec/2021:09:20:52 +0800] "GET /xingrg/javascript/jquery_tools/jquery.tools.extend.js HTTP/1.1" 304 -
180.157.253.6 - - [08/Dec/2021:09:20:52 +0800] "GET /xingrg/javascript/jquery_tools/jquery.tools.min.js HTTP/1.1" 304 -
180.157.253.6 - - [08/Dec/2021:09:20:52 +0800] "GET /xingrg/javascript/jquery_tools/jquery.tools.hotkey.js HTTP/1.1" 304 -
180.157.253.6 - - [08/Dec/2021:09:20:52 +0800] "GET /xingrg/javascript/jquery_tools/jquery.tools.table.js HTTP/1.1" 304 -
180.157.253.6 - - [08/Dec/2021:09:20:52 +0800] "GET /xingrg/javascript/jquery_tools/list_manager.js HTTP/1.1" 304 -
180.157.253.6 - - [08/Dec/2021:09:20:52 +0800] "GET /xingrg/javascript/easyui/easyloader.js HTTP/1.1" 304 -
180.157.253.6 - - [08/Dec/2021:09:20:52 +0800] "GET /xingrg/javascript/auto/jquery.autocomplete.js HTTP/1.1" 304 -
180.157.253.6 - - [08/Dec/2021:09:20:52 +0800] "GET /xingrg/javascript/jquery.cookie.js HTTP/1.1" 304 -
180.157.253.6 - - [08/Dec/2021:09:20:52 +0800] "GET /xingrg/javascript/print/LodopFuncs.js HTTP/1.1" 304 -
180.157.253.6 - - [08/Dec/2021:09:20:53 +0800] "GET /xingrg/javascript/easyui/themes/icons/edit_add_new.png HTTP/1.1" 304 -
180.157.253.6 - - [08/Dec/2021:09:20:53 +0800] "GET /xingrg/javascript/easyui/themes/icons/cance_new.png HTTP/1.1" 304 -
180.157.253.6 - - [08/Dec/2021:09:20:53 +0800] "GET /xingrg/javascript/easyui/themes/icons/check_new.png HTTP/1.1" 304 -
180.157.253.6 - - [08/Dec/2021:09:20:53 +0800] "GET /xingrg/javascript/easyui/themes/icons/field_new.png HTTP/1.1" 304 -
180.157.253.6 - - [08/Dec/2021:09:20:53 +0800] "GET /xingrg/javascript/easyui/themes/icons/import_new.png HTTP/1.1" 304 -
180.157.253.6 - - [08/Dec/2021:09:20:53 +0800] "GET /xingrg/javascript/easyui/plugins/jquery.parser.js HTTP/1.1" 304 -
180.157.253.6 - - [08/Dec/2021:09:20:53 +0800] "GET /xingrg/images/control/ajaxLoader.gif HTTP/1.1" 304 -
180.157.253.6 - - [08/Dec/2021:09:20:54 +0800] "GET /xingrg/all/function/internal_message.html?_=1638926452842&CODE_STATE=getMsg HTTP/1.1" 200 27
180.157.253.6 - - [08/Dec/2021:09:20:54 +0800] "POST /xingrg/kc/buy/cgsh_list_operate.html HTTP/1.1" 200 876
124.78.153.86 - - [08/Dec/2021:09:20:55 +0800] "GET /xingrg/all/function/internal_message.html?_=1638926459268&CODE_STATE=getMsg HTTP/1.1" 200 27
180.157.253.6 - - [08/Dec/2021:09:21:03 +0800] "POST /xingrg/kc/buy/cgsh_list_operate.html HTTP/1.1" 200 5410
180.157.253.6 - - [08/Dec/2021:09:21:07 +0800] "POST /xingrg/kc/buy/cgsh_list_operate.html HTTP/1.1" 200 569
116.238.248.233 - - [08/Dec/2021:09:21:07 +0800] "POST /xingrg/kc/buy/cgsh_order_operate.html HTTP/1.1" 200 37
114.85.125.222 - - [08/Dec/2021:09:21:07 +0800] "GET /xingrg/check_reg.html?_=1638926427288 HTTP/1.1" 200 22
114.85.125.222 - - [08/Dec/2021:09:21:07 +0800] "GET /xingrg/kc/buy/cgsh_order_operate.html?command=get_materiel&rest_code=00150&code=00101008323&supplier_code=00100007&order_time=2021-12-08 HTTP/1.1" 200 408
116.238.248.233 - - [08/Dec/2021:09:21:08 +0800] "POST /xingrg/kc/buy/cgsh_order_operate.html HTTP/1.1" 200 22989
180.157.253.6 - - [08/Dec/2021:09:21:08 +0800] "GET /xingrg/kc/buy/cgsh_order_info.html?code=212021120702559 HTTP/1.1" 200 59805
180.157.253.6 - - [08/Dec/2021:09:21:08 +0800] "GET /xingrg/javascript/pic_change.js HTTP/1.1" 304 -
180.157.253.6 - - [08/Dec/2021:09:21:08 +0800] "GET /xingrg/javascript/jquery_tools/order_manager.js HTTP/1.1" 304 -
180.157.253.6 - - [08/Dec/2021:09:21:08 +0800] "GET /xingrg/javascript/convert.js HTTP/1.1" 304 -
180.157.253.6 - - [08/Dec/2021:09:21:08 +0800] "GET /xingrg/javascript/json2.js HTTP/1.1" 304 -
180.157.253.6 - - [08/Dec/2021:09:21:08 +0800] "GET /xingrg/javascript/print/kc_print.js HTTP/1.1" 304 -
180.157.253.6 - - [08/Dec/2021:09:21:08 +0800] "GET /xingrg/words/20211207094324_words.js HTTP/1.1" 200 877885
180.157.253.6 - - [08/Dec/2021:09:21:09 +0800] "GET /xingrg/javascript/easyui/themes/icons/copy_new.png HTTP/1.1" 304 -
180.157.253.6 - - [08/Dec/2021:09:21:09 +0800] "GET /xingrg/javascript/easyui/themes/icons/print.png HTTP/1.1" 304 -
180.157.253.6 - - [08/Dec/2021:09:21:09 +0800] "GET /xingrg/javascript/easyui/themes/default/images/menu_downarrow.png HTTP/1.1" 304 -
180.157.253.6 - - [08/Dec/2021:09:21:09 +0800] "GET /xingrg/javascript/easyui/themes/icons/cancel.png HTTP/1.1" 304 -
180.157.253.6 - - [08/Dec/2021:09:21:09 +0800] "GET /xingrg/javascript/easyui/themes/default/validatebox.css HTTP/1.1" 404 1104
180.157.253.6 - - [08/Dec/2021:09:21:09 +0800] "GET /xingrg/javascript/easyui/plugins/jquery.validatebox.js HTTP/1.1" 304 -
180.157.253.6 - - [08/Dec/2021:09:21:09 +0800] "GET /xingrg/javascript/easyui/plugins/jquery.numberbox.js HTTP/1.1" 304 -
180.157.253.6 - - [08/Dec/2021:09:21:10 +0800] "POST /xingrg/kc/buy/cgsh_order_operate.html HTTP/1.1" 200 26592
180.157.253.6 - - [08/Dec/2021:09:21:10 +0800] "GET /xingrg/javascript/easyui/themes/icons/edit_remove.png HTTP/1.1" 304 -
222.70.176.97 - - [08/Dec/2021:09:21:10 +0800] "GET /xingrg/all/function/internal_message.html?_=1638926139584&CODE_STATE=getMsg HTTP/1.1" 302 -
116.238.248.233 - - [08/Dec/2021:09:21:10 +0800] "GET /xingrg/kc/buy/cgsh_order_add.html HTTP/1.1" 200 64543
116.238.248.233 - - [08/Dec/2021:09:21:11 +0800] "POST /xingrg/kc/buy/cgsh_order_operate.html HTTP/1.1" 200 8245
116.238.248.233 - - [08/Dec/2021:09:21:11 +0800] "GET /xingrg/javascript/easyui/themes/default/validatebox.css HTTP/1.1" 404 1104
222.70.171.86 - - [08/Dec/2021:09:21:15 +0800] "GET /xingrg/kc/buy/cgsh_order_operate.html?command=get_materiel&rest_code=00146&code=00101008261&supplier_code=00100005&order_time=2021-12-08 HTTP/1.1" 200 408
222.70.171.86 - - [08/Dec/2021:09:21:18 +0800] "GET /xingrg/all/function/internal_message.html?_=1638926487394&CODE_STATE=getMsg HTTP/1.1" 200 27
114.85.125.222 - - [08/Dec/2021:09:21:19 +0800] "GET /xingrg/kc/buy/cgsh_order_operate.html?command=get_materiel&rest_code=00150&code=00101008350&supplier_code=00100007&order_time=2021-12-08 HTTP/1.1" 200 408
114.85.125.222 - - [08/Dec/2021:09:21:20 +0800] "GET /xingrg/all/function/internal_message.html?_=1638926440532&CODE_STATE=getMsg HTTP/1.1" 200 27
116.238.248.233 - - [08/Dec/2021:09:21:20 +0800] "GET /xingrg/kc/buy/cgsh_order_operate.html?command=get_materiel&rest_code=00151&code=00101009078&supplier_code=00100424&order_time=2021-12-08 HTTP/1.1" 200 394
114.85.125.222 - - [08/Dec/2021:09:21:21 +0800] "GET /xingrg/javascript/easyui/themes/default/images/button_plain_hover.png HTTP/1.1" 304 -
58.221.95.50 - - [08/Dec/2021:09:21:23 +0800] "GET /xingrg/check_reg.html?_=1638926485681 HTTP/1.1" 302 -
116.227.210.113 - - [08/Dec/2021:09:21:28 +0800] "GET /xingrg/all/function/internal_message.html?_=1638926483457&CODE_STATE=getMsg HTTP/1.1" 200 27
114.85.125.222 - - [08/Dec/2021:09:21:28 +0800] "POST /xingrg/kc/buy/cgsh_order_operate.html HTTP/1.1" 200 37
116.238.248.233 - - [08/Dec/2021:09:21:30 +0800] "GET /xingrg/kc/buy/cgsh_order_operate.html?command=get_materiel&rest_code=00151&code=00101009124&supplier_code=00100424&order_time=2021-12-08 HTTP/1.1" 200 402
180.169.147.146 - - [08/Dec/2021:09:21:30 +0800] "GET /xingrg/all/function/internal_message.html?_=1638926489079&CODE_STATE=getMsg HTTP/1.1" 200 27
114.85.125.222 - - [08/Dec/2021:09:21:30 +0800] "POST /xingrg/kc/buy/cgsh_order_operate.html HTTP/1.1" 200 27508
180.157.253.6 - - [08/Dec/2021:09:21:32 +0800] "GET /xingrg/all/function/internal_message.html?_=1638926492916&CODE_STATE=getMsg HTTP/1.1" 200 27
114.85.125.222 - - [08/Dec/2021:09:21:34 +0800] "POST /xingrg/kc/buy/cgsh_list_operate.html HTTP/1.1" 200 2052
114.85.125.222 - - [08/Dec/2021:09:21:35 +0800] "POST /xingrg/kc/buy/cgsh_list_operate.html HTTP/1.1" 200 578
116.238.248.233 - - [08/Dec/2021:09:21:35 +0800] "GET /xingrg/kc/buy/cgsh_order_operate.html?command=get_materiel&rest_code=00151&code=00101009053&supplier_code=00100424&order_time=2021-12-08 HTTP/1.1" 200 408
116.238.248.233 - - [08/Dec/2021:09:21:36 +0800] "GET /xingrg/check_reg.html?_=1638926495304 HTTP/1.1" 200 22
116.238.248.233 - - [08/Dec/2021:09:21:36 +0800] "GET /xingrg/all/function/internal_message.html?_=1638926495338&CODE_STATE=getMsg HTTP/1.1" 200 27
58.35.215.131 - - [08/Dec/2021:09:21:37 +0800] "GET /xingrg/all/function/internal_message.html?_=1638926496203&CODE_STATE=getMsg HTTP/1.1" 200 27
114.85.125.222 - - [08/Dec/2021:09:21:38 +0800] "GET /xingrg/kc/buy/cgsh_order_info.html?code=212021120802940 HTTP/1.1" 200 64831
114.85.125.222 - - [08/Dec/2021:09:21:38 +0800] "GET /xingrg/javascript/easyui/themes/default/validatebox.css HTTP/1.1" 404 1104
114.85.125.222 - - [08/Dec/2021:09:21:39 +0800] "POST /xingrg/kc/buy/cgsh_order_operate.html HTTP/1.1" 200 6808
222.70.171.86 - - [08/Dec/2021:09:21:40 +0800] "GET /xingrg/kc/buy/cgsh_order_operate.html?command=get_materiel&rest_code=00146&code=00101008048&supplier_code=00100005&order_time=2021-12-08 HTTP/1.1" 200 420
116.238.248.233 - - [08/Dec/2021:09:21:43 +0800] "GET /xingrg/kc/buy/cgsh_order_operate.html?command=get_materiel&rest_code=00151&code=00101009062&supplier_code=00100424&order_time=2021-12-08 HTTP/1.1" 200 412
114.83.221.33 - - [08/Dec/2021:09:21:44 +0800] "GET /xingrg/all/function/internal_message.html?_=1638926503643&CODE_STATE=getMsg HTTP/1.1" 200 27
116.238.248.233 - - [08/Dec/2021:09:21:50 +0800] "GET /xingrg/kc/buy/cgsh_order_operate.html?command=get_materiel&rest_code=00151&code=00101009039&supplier_code=00100424&order_time=2021-12-08 HTTP/1.1" 200 408
222.70.171.86 - - [08/Dec/2021:09:21:52 +0800] "GET /xingrg/kc/buy/cgsh_order_operate.html?command=get_materiel&rest_code=00146&code=00101008141&supplier_code=00100005&order_time=2021-12-08 HTTP/1.1" 200 412
180.157.253.6 - - [08/Dec/2021:09:21:53 +0800] "GET /xingrg/all/function/internal_message.html?_=1638926512813&CODE_STATE=getMsg HTTP/1.1" 200 27
222.70.176.97 - - [08/Dec/2021:09:21:55 +0800] "GET /favicon.ico HTTP/1.1" 404 -
124.78.153.86 - - [08/Dec/2021:09:21:55 +0800] "GET /xingrg/all/function/internal_message.html?_=1638926519271&CODE_STATE=getMsg HTTP/1.1" 200 27
116.238.248.233 - - [08/Dec/2021:09:21:57 +0800] "GET /xingrg/kc/buy/cgsh_order_operate.html?command=get_materiel&rest_code=00151&code=00101009049&supplier_code=00100424&order_time=2021-12-08 HTTP/1.1" 200 416
114.83.221.33 - - [08/Dec/2021:09:21:58 +0800] "GET /xingrg/javascript/auto/indicator.gif HTTP/1.1" 404 1066
114.83.221.33 - - [08/Dec/2021:09:22:01 +0800] "GET /xingrg/javascript/jquery_tools/images/prev.gif HTTP/1.1" 404 1086
114.83.221.33 - - [08/Dec/2021:09:22:01 +0800] "GET /xingrg/javascript/jquery_tools/images/next.gif HTTP/1.1" 404 1086
116.238.248.233 - - [08/Dec/2021:09:22:04 +0800] "GET /xingrg/kc/buy/cgsh_order_operate.html?command=get_materiel&rest_code=00151&code=00101009031&supplier_code=00100424&order_time=2021-12-08 HTTP/1.1" 200 410
222.70.171.86 - - [08/Dec/2021:09:22:04 +0800] "GET /xingrg/kc/buy/cgsh_order_operate.html?command=get_materiel&rest_code=00146&code=00101008087&supplier_code=00100005&order_time=2021-12-08 HTTP/1.1" 200 412
114.85.125.222 - - [08/Dec/2021:09:22:09 +0800] "POST /xingrg/kc/buy/cgsh_order_operate.html HTTP/1.1" 200 37
222.70.176.97 - - [08/Dec/2021:09:22:10 +0800] "GET /xingrg/all/function/internal_message.html?_=1638926199583&CODE_STATE=getMsg HTTP/1.1" 302 -
114.85.125.222 - - [08/Dec/2021:09:22:12 +0800] "POST /xingrg/kc/buy/cgsh_order_operate.html HTTP/1.1" 200 6807
222.70.171.86 - - [08/Dec/2021:09:22:15 +0800] "GET /xingrg/kc/buy/cgsh_order_operate.html?command=get_materiel&rest_code=00146&code=00101008361&supplier_code=00100005&order_time=2021-12-08 HTTP/1.1" 200 408
114.83.221.33 - - [08/Dec/2021:09:22:16 +0800] "GET /xingrg/kc/buy/cgsh_order_operate.html?command=get_materiel&rest_code=00149&code=00101012025&supplier_code=00100012&order_time=2021-12-08 HTTP/1.1" 200 412
222.70.171.86 - - [08/Dec/2021:09:22:18 +0800] "GET /xingrg/all/function/internal_message.html?_=1638926547407&CODE_STATE=getMsg HTTP/1.1" 200 27
116.238.248.233 - - [08/Dec/2021:09:22:20 +0800] "POST /xingrg/kc/buy/cgsh_order_operate.html HTTP/1.1" 200 37
114.85.125.222 - - [08/Dec/2021:09:22:20 +0800] "GET /xingrg/all/function/internal_message.html?_=1638926500545&CODE_STATE=getMsg HTTP/1.1" 200 27
116.238.248.233 - - [08/Dec/2021:09:22:21 +0800] "POST /xingrg/kc/buy/cgsh_order_operate.html HTTP/1.1" 200 6258
222.70.171.86 - - [08/Dec/2021:09:22:26 +0800] "GET /xingrg/kc/buy/cgsh_order_operate.html?command=get_materiel&rest_code=00146&code=00101008355&supplier_code=00100005&order_time=2021-12-08 HTTP/1.1" 200 408
116.227.210.113 - - [08/Dec/2021:09:22:28 +0800] "GET /xingrg/all/function/internal_message.html?_=1638926543453&CODE_STATE=getMsg HTTP/1.1" 200 27
114.83.221.33 - - [08/Dec/2021:09:22:29 +0800] "GET /xingrg/kc/buy/cgsh_order_operate.html?command=get_materiel&rest_code=00149&code=00101016010&supplier_code=00100012&order_time=2021-12-08 HTTP/1.1" 200 408
180.169.147.146 - - [08/Dec/2021:09:22:30 +0800] "GET /xingrg/all/function/internal_message.html?_=1638926549095&CODE_STATE=getMsg HTTP/1.1" 200 27
180.157.253.6 - - [08/Dec/2021:09:22:32 +0800] "GET /xingrg/all/function/internal_message.html?_=1638926552930&CODE_STATE=getMsg HTTP/1.1" 200 27
116.238.248.233 - - [08/Dec/2021:09:22:36 +0800] "GET /xingrg/all/function/internal_message.html?_=1638926555313&CODE_STATE=getMsg HTTP/1.1" 200 27
58.35.215.131 - - [08/Dec/2021:09:22:37 +0800] "GET /xingrg/check_reg.html?_=1638926556207 HTTP/1.1" 200 22
58.35.215.131 - - [08/Dec/2021:09:22:37 +0800] "GET /xingrg/all/function/internal_message.html?_=1638926556208&CODE_STATE=getMsg HTTP/1.1" 200 27
222.70.171.86 - - [08/Dec/2021:09:22:38 +0800] "GET /xingrg/kc/buy/cgsh_order_operate.html?command=get_materiel&rest_code=00146&code=00101008321&supplier_code=00100005&order_time=2021-12-08 HTTP/1.1" 200 412
114.83.221.33 - - [08/Dec/2021:09:22:39 +0800] "GET /xingrg/kc/buy/cgsh_order_operate.html?command=get_materiel&rest_code=00149&code=00101012051&supplier_code=00100012&order_time=2021-12-08 HTTP/1.1" 200 408
222.70.176.97 - - [08/Dec/2021:09:22:40 +0800] "GET /xingrg/login.html HTTP/1.1" 200 7641
222.70.176.97 - - [08/Dec/2021:09:22:40 +0800] "GET /favicon.ico HTTP/1.1" 404 -
222.70.176.97 - - [08/Dec/2021:09:22:48 +0800] "POST /xingrg/login.do HTTP/1.1" 302 -
222.70.176.97 - - [08/Dec/2021:09:22:48 +0800] "GET /xingrg/index.html?sysBaseUrl=http%3A%2F%2F180.169.147.146%3A18081%2Fxingrg%2F&costTime=1927×tamp=1638926568548 HTTP/1.1" 200 17179
222.70.176.97 - - [08/Dec/2021:09:22:48 +0800] "GET /favicon.ico HTTP/1.1" 404 -
222.70.176.97 - - [08/Dec/2021:09:22:49 +0800] "GET /xingrg/check_reg.html?_=1638926566770 HTTP/1.1" 200 22
222.70.176.97 - - [08/Dec/2021:09:22:49 +0800] "GET /xingrg/all/function/internal_message.html?_=1638926566767&CODE_STATE=count HTTP/1.1" 200 11
222.70.176.97 - - [08/Dec/2021:09:22:49 +0800] "POST /xingrg/all/common/load_tree.html?tree=area_rest_tree_json&manage=1 HTTP/1.1" 200 723
222.70.176.97 - - [08/Dec/2021:09:22:49 +0800] "POST /xingrg/load_menu.html HTTP/1.1" 200 5138
114.83.221.33 - - [08/Dec/2021:09:22:50 +0800] "POST /xingrg/kc/buy/cgsh_order_operate.html HTTP/1.1" 200 37
222.70.176.97 - - [08/Dec/2021:09:22:50 +0800] "GET /xingrg/kc/buy/buy_main.html HTTP/1.1" 200 12412
222.70.176.97 - - [08/Dec/2021:09:22:50 +0800] "GET /xingrg/css/new_ie.css HTTP/1.1" 404 1036
222.70.176.97 - - [08/Dec/2021:09:22:51 +0800] "GET /xingrg/images/yd/bt.gif HTTP/1.1" 404 1040
222.70.171.86 - - [08/Dec/2021:09:22:51 +0800] "GET /xingrg/kc/buy/cgsh_order_operate.html?command=get_materiel&rest_code=00146&code=00101008270&supplier_code=00100005&order_time=2021-12-08 HTTP/1.1" 200 412
180.157.253.6 - - [08/Dec/2021:09:22:51 +0800] "GET /xingrg/javascript/easyui/themes/default/images/button_plain_hover.png HTTP/1.1" 304 -
222.70.176.97 - - [08/Dec/2021:09:22:52 +0800] "GET /xingrg/kc/buy/cgsh_order_list.html HTTP/1.1" 200 49169
180.157.253.6 - - [08/Dec/2021:09:22:53 +0800] "GET /xingrg/all/function/internal_message.html?_=1638926572798&CODE_STATE=getMsg HTTP/1.1" 200 27
124.78.153.86 - - [08/Dec/2021:09:22:55 +0800] "GET /xingrg/check_reg.html?_=1638926579267 HTTP/1.1" 200 22
124.78.153.86 - - [08/Dec/2021:09:22:55 +0800] "GET /xingrg/all/function/internal_message.html?_=1638926579270&CODE_STATE=getMsg HTTP/1.1" 200 27
114.83.221.33 - - [08/Dec/2021:09:22:58 +0800] "POST /xingrg/kc/buy/cgsh_order_operate.html HTTP/1.1" 200 12
222.70.176.97 - - [08/Dec/2021:09:22:59 +0800] "POST /xingrg/kc/buy/cgsh_list_operate.html HTTP/1.1" 200 876
114.83.221.33 - - [08/Dec/2021:09:23:00 +0800] "GET /xingrg/kc/buy/cgsh_order_info.html?code=212021120802949 HTTP/1.1" 200 59901
114.83.221.33 - - [08/Dec/2021:09:23:01 +0800] "GET /xingrg/javascript/easyui/themes/default/validatebox.css HTTP/1.1" 404 1104
114.83.221.33 - - [08/Dec/2021:09:23:01 +0800] "POST /xingrg/kc/buy/cgsh_order_operate.html HTTP/1.1" 200 1783
222.70.171.86 - - [08/Dec/2021:09:23:02 +0800] "GET /xingrg/kc/buy/cgsh_order_operate.html?command=get_materiel&rest_code=00146&code=00101008213&supplier_code=00100005&order_time=2021-12-08 HTTP/1.1" 200 412
222.70.176.97 - - [08/Dec/2021:09:23:03 +0800] "POST /xingrg/all/user/operate.html HTTP/1.1" 200 36
114.83.221.33 - - [08/Dec/2021:09:23:03 +0800] "GET /xingrg/kc/print/load_data.html?order_code=212021120802949&kc_code=cgsh&condition= HTTP/1.1" 200 1241
222.70.176.97 - - [08/Dec/2021:09:23:03 +0800] "GET /xingrg/index.html?sysBaseUrl=http%3A%2F%2F180.169.147.146%3A18081%2Fxingrg%2F&costTime=1927×tamp=1638926568548 HTTP/1.1" 200 17173
222.70.176.97 - - [08/Dec/2021:09:23:03 +0800] "GET /xingrg/javascript/jquery_easy_ui/themes/default/easyui.css HTTP/1.1" 304 -
222.70.176.97 - - [08/Dec/2021:09:23:03 +0800] "GET /xingrg/javascript/jquery_easy_ui/themes/icon.css HTTP/1.1" 304 -
222.70.176.97 - - [08/Dec/2021:09:23:03 +0800] "GET /xingrg/javascript/jquery_easy_ui/jquery.easyui.min.js HTTP/1.1" 304 -
222.70.176.97 - - [08/Dec/2021:09:23:03 +0800] "GET /xingrg/javascript/jquery-1.4.2.min.js HTTP/1.1" 304 -
222.70.176.97 - - [08/Dec/2021:09:23:03 +0800] "GET /xingrg/css/form.css HTTP/1.1" 304 -
222.70.176.97 - - [08/Dec/2021:09:23:03 +0800] "GET /xingrg/javascript/jquery.utils.js HTTP/1.1" 304 -
222.70.176.97 - - [08/Dec/2021:09:23:03 +0800] "GET /xingrg/javascript/jquery.timers.js HTTP/1.1" 304 -
222.70.176.97 - - [08/Dec/2021:09:23:03 +0800] "GET /xingrg/javascript/jquery_easy_ui/easyui-lang-zh_CN.js HTTP/1.1" 304 -
222.70.176.97 - - [08/Dec/2021:09:23:03 +0800] "GET /xingrg/images/blue/jxLogo.png HTTP/1.1" 304 -
222.70.176.97 - - [08/Dec/2021:09:23:03 +0800] "GET /xingrg/javascript/jquery.form.js HTTP/1.1" 304 -
222.70.176.97 - - [08/Dec/2021:09:23:03 +0800] "GET /xingrg/images/blue/navBackgound.jpg HTTP/1.1" 304 -
222.70.176.97 - - [08/Dec/2021:09:23:03 +0800] "GET /xingrg/javascript/jquery_easy_ui/themes/icons/settle_new.png HTTP/1.1" 304 -
222.70.176.97 - - [08/Dec/2021:09:23:03 +0800] "GET /xingrg/all/function/internal_message.html?_=1638926581528&CODE_STATE=count HTTP/1.1" 200 11
222.70.176.97 - - [08/Dec/2021:09:23:03 +0800] "GET /xingrg/check_reg.html?_=1638926581529 HTTP/1.1" 200 22
222.70.176.97 - - [08/Dec/2021:09:23:03 +0800] "GET /xingrg/images/blue/pingpu.png HTTP/1.1" 304 -
222.70.176.97 - - [08/Dec/2021:09:23:03 +0800] "GET /xingrg/javascript/jquery_easy_ui/themes/default/images/tabs_rightarrow.png HTTP/1.1" 304 -
222.70.176.97 - - [08/Dec/2021:09:23:03 +0800] "GET /xingrg/javascript/jquery_easy_ui/themes/default/images/tabs_leftarrow.png HTTP/1.1" 304 -
222.70.176.97 - - [08/Dec/2021:09:23:03 +0800] "GET /xingrg/javascript/jquery_easy_ui/themes/default/images/panel_tool_collapse.gif HTTP/1.1" 304 -
222.70.176.97 - - [08/Dec/2021:09:23:03 +0800] "POST /xingrg/all/common/load_tree.html?tree=area_rest_tree_json&manage=1 HTTP/1.1" 200 723
222.70.176.97 - - [08/Dec/2021:09:23:03 +0800] "POST /xingrg/load_menu.html HTTP/1.1" 200 5138
114.83.221.33 - - [08/Dec/2021:09:23:08 +0800] "GET /xingrg/kc/buy/cgsh_order_add.html HTTP/1.1" 200 64992
114.83.221.33 - - [08/Dec/2021:09:23:09 +0800] "POST /xingrg/kc/buy/cgsh_order_operate.html HTTP/1.1" 200 8245
114.83.221.33 - - [08/Dec/2021:09:23:09 +0800] "GET /xingrg/javascript/easyui/themes/default/validatebox.css HTTP/1.1" 404 1104
222.70.176.97 - - [08/Dec/2021:09:23:10 +0800] "GET /xingrg/all/function/internal_message.html?_=1638926259583&CODE_STATE=getMsg HTTP/1.1" 302 -
222.70.176.97 - - [08/Dec/2021:09:23:10 +0800] "GET /xingrg/check_reg.html?_=1638926259584 HTTP/1.1" 302 -
222.70.171.86 - - [08/Dec/2021:09:23:12 +0800] "GET /xingrg/kc/buy/cgsh_order_operate.html?command=get_materiel&rest_code=00146&code=00101008502&supplier_code=00100005&order_time=2021-12-08 HTTP/1.1" 200 398
222.70.176.97 - - [08/Dec/2021:09:23:16 +0800] "GET /xingrg/kc/buy/buy_main.html HTTP/1.1" 200 12412
222.70.176.97 - - [08/Dec/2021:09:23:16 +0800] "GET /xingrg/css/new_ie.css HTTP/1.1" 404 1036
222.70.176.97 - - [08/Dec/2021:09:23:18 +0800] "GET /xingrg/images/yd/bt.gif HTTP/1.1" 404 1040
222.70.171.86 - - [08/Dec/2021:09:23:18 +0800] "GET /xingrg/all/function/internal_message.html?_=1638926607422&CODE_STATE=getMsg HTTP/1.1" 200 27
222.70.176.97 - - [08/Dec/2021:09:23:19 +0800] "GET /xingrg/kc/buy/cgsh_order_list.html HTTP/1.1" 200 49163
114.85.125.222 - - [08/Dec/2021:09:23:20 +0800] "GET /xingrg/all/function/internal_message.html?_=1638926560559&CODE_STATE=getMsg HTTP/1.1" 200 27
222.70.176.97 - - [08/Dec/2021:09:23:21 +0800] "POST /xingrg/kc/buy/cgsh_list_operate.html HTTP/1.1" 200 876
222.70.171.86 - - [08/Dec/2021:09:23:21 +0800] "GET /xingrg/kc/buy/cgsh_order_operate.html?command=get_materiel&rest_code=00146&code=00101008176&supplier_code=00100005&order_time=2021-12-08 HTTP/1.1" 200 412
222.70.176.97 - - [08/Dec/2021:09:23:23 +0800] "GET /xingrg/kc/buy/cgsh_order_add.html HTTP/1.1" 200 64854
222.70.176.97 - - [08/Dec/2021:09:23:23 +0800] "GET /xingrg/words/20211207094324_words.js HTTP/1.1" 304 -
222.70.176.97 - - [08/Dec/2021:09:23:23 +0800] "POST /xingrg/kc/buy/cgsh_order_operate.html HTTP/1.1" 200 8245
222.70.176.97 - - [08/Dec/2021:09:23:23 +0800] "GET /xingrg/javascript/easyui/themes/default/validatebox.css HTTP/1.1" 404 1104
222.70.176.97 - - [08/Dec/2021:09:23:23 +0800] "GET /xingrg/all/common/auto_word.html?type=employee&rest_code=00111 HTTP/1.1" 200 155
222.70.176.97 - - [08/Dec/2021:09:23:24 +0800] "GET /xingrg/all/common/auto_word.html?type=employee&rest_code=00111 HTTP/1.1" 200 155
222.70.176.97 - - [08/Dec/2021:09:23:26 +0800] "GET /xingrg/javascript/easyui/themes/default/tree.css HTTP/1.1" 404 1090
222.70.176.97 - - [08/Dec/2021:09:23:26 +0800] "POST /xingrg/all/common/load_tree.html?tree=supplier_tree_json&isDelete=1 HTTP/1.1" 200 60927
114.83.221.33 - - [08/Dec/2021:09:23:27 +0800] "GET /xingrg/kc/buy/cgsh_order_operate.html?command=get_materiel&rest_code=00149&code=00101006130&supplier_code=00100012&order_time=2021-12-08 HTTP/1.1" 200 427
116.227.210.113 - - [08/Dec/2021:09:23:28 +0800] "GET /xingrg/check_reg.html?_=1638926603449 HTTP/1.1" 200 22
