114.83.221.33 - - [08/Dec/2021:08:42:15 +0800] "POST /xingrg/kc/buy/cgsh_list_operate.html HTTP/1.1" 200 876
116.238.248.233 - - [08/Dec/2021:08:42:18 +0800] "POST /xingrg/all/user/operate.html HTTP/1.1" 200 36
116.238.248.233 - - [08/Dec/2021:08:42:18 +0800] "GET /xingrg/index.html?sysBaseUrl=http%3A%2F%2F180.169.147.146%3A18081%2Fxingrg%2F&costTime=1119×tamp=1638840142036 HTTP/1.1" 200 17179
116.238.248.233 - - [08/Dec/2021:08:42:18 +0800] "GET /xingrg/javascript/jquery_easy_ui/themes/default/easyui.css HTTP/1.1" 304 -
116.238.248.233 - - [08/Dec/2021:08:42:18 +0800] "GET /xingrg/javascript/jquery_easy_ui/themes/icon.css HTTP/1.1" 304 -
116.238.248.233 - - [08/Dec/2021:08:42:18 +0800] "GET /xingrg/css/form.css HTTP/1.1" 304 -
116.238.248.233 - - [08/Dec/2021:08:42:18 +0800] "GET /xingrg/javascript/jquery-1.4.2.min.js HTTP/1.1" 304 -
116.238.248.233 - - [08/Dec/2021:08:42:18 +0800] "GET /xingrg/javascript/jquery_easy_ui/jquery.easyui.min.js HTTP/1.1" 304 -
222.70.171.86 - - [08/Dec/2021:08:42:18 +0800] "GET /xingrg/all/function/internal_message.html?_=1638924146802&CODE_STATE=getMsg HTTP/1.1" 200 27
116.238.248.233 - - [08/Dec/2021:08:42:18 +0800] "GET /xingrg/javascript/jquery_easy_ui/easyui-lang-zh_CN.js HTTP/1.1" 304 -
116.238.248.233 - - [08/Dec/2021:08:42:18 +0800] "GET /xingrg/javascript/jquery.form.js HTTP/1.1" 304 -
116.238.248.233 - - [08/Dec/2021:08:42:18 +0800] "GET /xingrg/javascript/jquery.utils.js HTTP/1.1" 304 -
116.238.248.233 - - [08/Dec/2021:08:42:18 +0800] "GET /xingrg/javascript/jquery.timers.js HTTP/1.1" 304 -
116.238.248.233 - - [08/Dec/2021:08:42:18 +0800] "GET /xingrg/images/blue/jxLogo.png HTTP/1.1" 304 -
116.238.248.233 - - [08/Dec/2021:08:42:18 +0800] "GET /xingrg/images/blue/navBackgound.jpg HTTP/1.1" 304 -
116.238.248.233 - - [08/Dec/2021:08:42:18 +0800] "GET /xingrg/javascript/jquery_easy_ui/themes/icons/settle_new.png HTTP/1.1" 304 -
116.238.248.233 - - [08/Dec/2021:08:42:18 +0800] "GET /xingrg/all/function/internal_message.html?_=1638924137127&CODE_STATE=count HTTP/1.1" 200 11
116.238.248.233 - - [08/Dec/2021:08:42:18 +0800] "GET /xingrg/check_reg.html?_=1638924137128 HTTP/1.1" 200 22
116.238.248.233 - - [08/Dec/2021:08:42:18 +0800] "GET /xingrg/images/blue/pingpu.png HTTP/1.1" 304 -
116.238.248.233 - - [08/Dec/2021:08:42:18 +0800] "GET /xingrg/javascript/jquery_easy_ui/themes/default/images/tabs_rightarrow.png HTTP/1.1" 304 -
116.238.248.233 - - [08/Dec/2021:08:42:18 +0800] "GET /xingrg/javascript/jquery_easy_ui/themes/default/images/tabs_leftarrow.png HTTP/1.1" 304 -
116.238.248.233 - - [08/Dec/2021:08:42:18 +0800] "GET /xingrg/javascript/jquery_easy_ui/themes/default/images/panel_tool_collapse.gif HTTP/1.1" 304 -
116.238.248.233 - - [08/Dec/2021:08:42:18 +0800] "POST /xingrg/all/common/load_tree.html?tree=area_rest_tree_json&manage=1 HTTP/1.1" 200 476
116.238.248.233 - - [08/Dec/2021:08:42:18 +0800] "POST /xingrg/load_menu.html HTTP/1.1" 200 5138
114.85.125.222 - - [08/Dec/2021:08:42:19 +0800] "GET /xingrg/all/function/internal_message.html?_=1638924099876&CODE_STATE=getMsg HTTP/1.1" 200 27
116.238.248.233 - - [08/Dec/2021:08:42:21 +0800] "GET /xingrg/kc/buy/cgsh_order_list.html HTTP/1.1" 200 49169
116.227.210.113 - - [08/Dec/2021:08:42:23 +0800] "POST /xingrg/kc/buy/cgsh_order_operate.html HTTP/1.1" 200 37
116.227.210.113 - - [08/Dec/2021:08:42:25 +0800] "POST /xingrg/kc/buy/cgsh_order_operate.html HTTP/1.1" 200 5641
116.238.248.233 - - [08/Dec/2021:08:42:25 +0800] "POST /xingrg/kc/buy/cgsh_list_operate.html HTTP/1.1" 200 876
116.227.210.113 - - [08/Dec/2021:08:42:26 +0800] "GET /xingrg/kc/print/load_data.html?order_code=212021120802936&kc_code=cgsh HTTP/1.1" 200 1927
116.238.248.233 - - [08/Dec/2021:08:42:27 +0800] "GET /xingrg/kc/buy/cgsh_order_add.html HTTP/1.1" 200 64822
116.238.248.233 - - [08/Dec/2021:08:42:27 +0800] "POST /xingrg/kc/buy/cgsh_order_operate.html HTTP/1.1" 200 8245
116.238.248.233 - - [08/Dec/2021:08:42:27 +0800] "GET /xingrg/javascript/easyui/themes/default/validatebox.css HTTP/1.1" 404 1104
116.227.210.113 - - [08/Dec/2021:08:42:28 +0800] "GET /xingrg/all/function/internal_message.html?_=1638924143506&CODE_STATE=getMsg HTTP/1.1" 200 27
120.253.135.82 - - [08/Dec/2021:08:42:29 +0800] "GET /xingrg/all/function/internal_message.html?_=1638923925371&CODE_STATE=getMsg HTTP/1.1" 200 27
116.238.248.233 - - [08/Dec/2021:08:42:29 +0800] "GET /xingrg/javascript/auto/indicator.gif HTTP/1.1" 404 1066
116.227.210.113 - - [08/Dec/2021:08:42:30 +0800] "GET /xingrg/kc/print/load_data.html?order_code=212021120802936&kc_code=cgsh&condition= HTTP/1.1" 200 1927
116.238.248.233 - - [08/Dec/2021:08:42:37 +0800] "GET /xingrg/kc/buy/cgsh_order_operate.html?command=get_materiel&rest_code=00150&code=00101008027&supplier_code=00100007&order_time=2021-12-08 HTTP/1.1" 200 408
58.35.215.131 - - [08/Dec/2021:08:42:37 +0800] "GET /xingrg/all/function/internal_message.html?_=1638924156201&CODE_STATE=getMsg HTTP/1.1" 200 27
58.35.215.131 - - [08/Dec/2021:08:42:37 +0800] "GET /xingrg/check_reg.html?_=1638924156202 HTTP/1.1" 200 22
116.227.210.113 - - [08/Dec/2021:08:42:42 +0800] "GET /xingrg/kc/buy/cgsh_order_add.html HTTP/1.1" 200 64866
116.227.210.113 - - [08/Dec/2021:08:42:43 +0800] "POST /xingrg/kc/buy/cgsh_order_operate.html HTTP/1.1" 200 8245
116.227.210.113 - - [08/Dec/2021:08:42:43 +0800] "GET /xingrg/javascript/easyui/themes/default/validatebox.css HTTP/1.1" 404 1104
114.83.221.33 - - [08/Dec/2021:08:42:48 +0800] "GET /xingrg/javascript/easyui/themes/default/images/button_plain_hover.png HTTP/1.1" 200 144
114.83.221.33 - - [08/Dec/2021:08:42:50 +0800] "GET /xingrg/kc/buy/cgsh_order_add.html HTTP/1.1" 200 64992
114.83.221.33 - - [08/Dec/2021:08:42:50 +0800] "GET /xingrg/javascript/pic_change.js HTTP/1.1" 200 4739
116.227.210.113 - - [08/Dec/2021:08:42:50 +0800] "GET /xingrg/kc/buy/cgsh_order_operate.html?command=get_materiel&rest_code=00155&code=00101007061&supplier_code=00100002&order_time=2021-12-08 HTTP/1.1" 200 411
114.83.221.33 - - [08/Dec/2021:08:42:50 +0800] "GET /xingrg/javascript/convert.js HTTP/1.1" 200 1239
114.83.221.33 - - [08/Dec/2021:08:42:50 +0800] "GET /xingrg/javascript/jquery_tools/order_manager.js HTTP/1.1" 200 11183
114.83.221.33 - - [08/Dec/2021:08:42:50 +0800] "GET /xingrg/javascript/json2.js HTTP/1.1" 200 11259
114.83.221.33 - - [08/Dec/2021:08:42:50 +0800] "GET /xingrg/javascript/print/kc_print.js HTTP/1.1" 200 11415
114.83.221.33 - - [08/Dec/2021:08:42:50 +0800] "GET /xingrg/words/20211207094324_words.js HTTP/1.1" 200 877885
114.83.221.33 - - [08/Dec/2021:08:42:50 +0800] "GET /xingrg/javascript/easyui/themes/icons/copy_new.png HTTP/1.1" 200 815
114.83.221.33 - - [08/Dec/2021:08:42:50 +0800] "GET /xingrg/javascript/easyui/themes/icons/ok.png HTTP/1.1" 200 883
114.83.221.33 - - [08/Dec/2021:08:42:50 +0800] "GET /xingrg/javascript/easyui/themes/icons/template_new.png HTTP/1.1" 200 3956
114.83.221.33 - - [08/Dec/2021:08:42:50 +0800] "GET /xingrg/javascript/easyui/themes/icons/print.png HTTP/1.1" 200 1057
114.83.221.33 - - [08/Dec/2021:08:42:50 +0800] "GET /xingrg/javascript/easyui/themes/default/images/menu_downarrow.png HTTP/1.1" 200 173
114.83.221.33 - - [08/Dec/2021:08:42:50 +0800] "GET /xingrg/javascript/easyui/themes/icons/cancel.png HTTP/1.1" 200 1133
114.83.221.33 - - [08/Dec/2021:08:42:50 +0800] "POST /xingrg/kc/buy/cgsh_order_operate.html HTTP/1.1" 200 8245
114.83.221.33 - - [08/Dec/2021:08:42:50 +0800] "GET /xingrg/javascript/easyui/themes/default/validatebox.css HTTP/1.1" 404 1104
114.83.221.33 - - [08/Dec/2021:08:42:50 +0800] "GET /xingrg/javascript/easyui/plugins/jquery.validatebox.js HTTP/1.1" 200 6103
114.83.221.33 - - [08/Dec/2021:08:42:50 +0800] "GET /xingrg/all/common/auto_word.html?type=employee&rest_code=00149 HTTP/1.1" 200 197
114.83.221.33 - - [08/Dec/2021:08:42:50 +0800] "GET /xingrg/javascript/easyui/themes/icons/edit_remove.png HTTP/1.1" 200 625
114.83.221.33 - - [08/Dec/2021:08:42:50 +0800] "GET /xingrg/javascript/easyui/plugins/jquery.numberbox.js HTTP/1.1" 200 5213
114.83.221.33 - - [08/Dec/2021:08:42:50 +0800] "GET /xingrg/all/common/auto_word.html?type=employee&rest_code=00149 HTTP/1.1" 200 197
114.83.221.33 - - [08/Dec/2021:08:42:52 +0800] "GET /xingrg/javascript/auto/indicator.gif HTTP/1.1" 404 1066
114.83.221.33 - - [08/Dec/2021:08:42:53 +0800] "GET /xingrg/javascript/jquery_tools/images/prev.gif HTTP/1.1" 404 1086
114.83.221.33 - - [08/Dec/2021:08:42:53 +0800] "GET /xingrg/javascript/jquery_tools/images/next.gif HTTP/1.1" 404 1086
116.227.210.113 - - [08/Dec/2021:08:42:57 +0800] "GET /xingrg/kc/buy/cgsh_order_operate.html?command=get_materiel&rest_code=00155&code=00101007072&supplier_code=00100002&order_time=2021-12-08 HTTP/1.1" 200 413
114.83.221.33 - - [08/Dec/2021:08:43:01 +0800] "GET /xingrg/kc/buy/cgsh_order_operate.html?command=get_materiel&rest_code=00149&code=00101008323&supplier_code=00100005&order_time=2021-12-08 HTTP/1.1" 200 408
116.227.210.113 - - [08/Dec/2021:08:43:03 +0800] "GET /xingrg/kc/buy/cgsh_order_operate.html?command=get_materiel&rest_code=00155&code=00101007032&supplier_code=00100002&order_time=2021-12-08 HTTP/1.1" 200 413
120.253.135.82 - - [08/Dec/2021:08:43:06 +0800] "POST /xingrg/kc/buy/cgsh_order_operate.html HTTP/1.1" 200 37
116.238.248.233 - - [08/Dec/2021:08:43:07 +0800] "GET /xingrg/kc/buy/cgsh_order_operate.html?command=get_materiel&rest_code=00150&code=00101008037&supplier_code=00100007&order_time=2021-12-08 HTTP/1.1" 200 413
114.83.221.33 - - [08/Dec/2021:08:43:09 +0800] "GET /xingrg/all/function/internal_message.html?_=1638924188433&CODE_STATE=getMsg HTTP/1.1" 200 27
222.70.176.97 - - [08/Dec/2021:08:43:10 +0800] "GET /xingrg/all/function/internal_message.html?_=1638923859584&CODE_STATE=getMsg HTTP/1.1" 302 -
222.70.176.97 - - [08/Dec/2021:08:43:10 +0800] "GET /xingrg/check_reg.html?_=1638923859585 HTTP/1.1" 302 -
116.227.210.113 - - [08/Dec/2021:08:43:12 +0800] "GET /xingrg/kc/buy/cgsh_order_operate.html?command=get_materiel&rest_code=00155&code=00101007077&supplier_code=00100002&order_time=2021-12-08 HTTP/1.1" 200 415
120.253.135.82 - - [08/Dec/2021:08:43:13 +0800] "POST /xingrg/kc/buy/cgsh_order_operate.html HTTP/1.1" 200 12
116.238.248.233 - - [08/Dec/2021:08:43:14 +0800] "GET /xingrg/kc/buy/cgsh_order_operate.html?command=get_materiel&rest_code=00150&code=00101008349&supplier_code=00100007&order_time=2021-12-08 HTTP/1.1" 200 412
120.253.135.82 - - [08/Dec/2021:08:43:17 +0800] "GET /xingrg/kc/buy/cgsh_order_info.html?code=212021120802931 HTTP/1.1" 200 58869
120.253.135.82 - - [08/Dec/2021:08:43:17 +0800] "GET /xingrg/javascript/easyui/themes/default/validatebox.css HTTP/1.1" 404 1104
222.70.171.86 - - [08/Dec/2021:08:43:18 +0800] "GET /xingrg/all/function/internal_message.html?_=1638924206826&CODE_STATE=getMsg HTTP/1.1" 200 27
120.253.135.82 - - [08/Dec/2021:08:43:18 +0800] "POST /xingrg/kc/buy/cgsh_order_operate.html HTTP/1.1" 200 1219
116.238.248.233 - - [08/Dec/2021:08:43:18 +0800] "GET /xingrg/all/function/internal_message.html?_=1638924197145&CODE_STATE=getMsg HTTP/1.1" 200 27
116.227.210.113 - - [08/Dec/2021:08:43:19 +0800] "GET /xingrg/kc/buy/cgsh_order_operate.html?command=get_materiel&rest_code=00155&code=00101007179&supplier_code=00100002&order_time=2021-12-08 HTTP/1.1" 200 399
114.83.221.33 - - [08/Dec/2021:08:43:19 +0800] "GET /xingrg/kc/buy/cgsh_order_operate.html?command=get_materiel&rest_code=00149&code=00101008091&supplier_code=00100005&order_time=2021-12-08 HTTP/1.1" 200 413
114.85.125.222 - - [08/Dec/2021:08:43:19 +0800] "GET /xingrg/all/function/internal_message.html?_=1638924159902&CODE_STATE=getMsg HTTP/1.1" 200 27
116.238.248.233 - - [08/Dec/2021:08:43:24 +0800] "GET /xingrg/kc/buy/cgsh_order_operate.html?command=get_materiel&rest_code=00150&code=00101008612&supplier_code=00100007&order_time=2021-12-08 HTTP/1.1" 200 406
116.227.210.113 - - [08/Dec/2021:08:43:26 +0800] "GET /xingrg/kc/buy/cgsh_order_operate.html?command=get_materiel&rest_code=00155&code=00101006259&supplier_code=00100002&order_time=2021-12-08 HTTP/1.1" 200 395
116.227.210.113 - - [08/Dec/2021:08:43:28 +0800] "GET /xingrg/check_reg.html?_=1638924203441 HTTP/1.1" 200 22
116.227.210.113 - - [08/Dec/2021:08:43:28 +0800] "GET /xingrg/all/function/internal_message.html?_=1638924203483&CODE_STATE=getMsg HTTP/1.1" 200 27
120.253.135.82 - - [08/Dec/2021:08:43:29 +0800] "GET /xingrg/all/function/internal_message.html?_=1638923985385&CODE_STATE=getMsg HTTP/1.1" 200 27
114.83.221.33 - - [08/Dec/2021:08:43:31 +0800] "GET /xingrg/kc/buy/cgsh_order_operate.html?command=get_materiel&rest_code=00149&code=00101008261&supplier_code=00100005&order_time=2021-12-08 HTTP/1.1" 200 408
116.238.248.233 - - [08/Dec/2021:08:43:31 +0800] "GET /xingrg/kc/buy/cgsh_order_operate.html?command=get_materiel&rest_code=00150&code=00101008015&supplier_code=00100007&order_time=2021-12-08 HTTP/1.1" 200 414
116.227.210.113 - - [08/Dec/2021:08:43:35 +0800] "GET /xingrg/kc/buy/cgsh_order_operate.html?command=get_materiel&rest_code=00155&code=00101007071&supplier_code=00100002&order_time=2021-12-08 HTTP/1.1" 200 417
58.35.215.131 - - [08/Dec/2021:08:43:37 +0800] "GET /xingrg/all/function/internal_message.html?_=1638924216203&CODE_STATE=getMsg HTTP/1.1" 200 27
116.238.248.233 - - [08/Dec/2021:08:43:38 +0800] "GET /xingrg/kc/buy/cgsh_order_operate.html?command=get_materiel&rest_code=00150&code=00101008096&supplier_code=00100007&order_time=2021-12-08 HTTP/1.1" 200 412
114.83.221.33 - - [08/Dec/2021:08:43:40 +0800] "GET /xingrg/kc/buy/cgsh_order_operate.html?command=get_materiel&rest_code=00149&code=00101008210&supplier_code=00100005&order_time=2021-12-08 HTTP/1.1" 200 408
120.253.135.82 - - [08/Dec/2021:08:43:41 +0800] "GET /xingrg/kc/buy/cgsh_order_add.html HTTP/1.1" 200 63962
120.253.135.82 - - [08/Dec/2021:08:43:42 +0800] "POST /xingrg/kc/buy/cgsh_order_operate.html HTTP/1.1" 200 8245
120.253.135.82 - - [08/Dec/2021:08:43:42 +0800] "GET /xingrg/javascript/easyui/themes/default/validatebox.css HTTP/1.1" 404 1104
116.227.210.113 - - [08/Dec/2021:08:43:44 +0800] "POST /xingrg/kc/buy/cgsh_order_operate.html HTTP/1.1" 200 37
116.227.210.113 - - [08/Dec/2021:08:43:45 +0800] "POST /xingrg/kc/buy/cgsh_order_operate.html HTTP/1.1" 200 6214
116.238.248.233 - - [08/Dec/2021:08:43:45 +0800] "GET /xingrg/kc/buy/cgsh_order_operate.html?command=get_materiel&rest_code=00150&code=00101008163&supplier_code=00100007&order_time=2021-12-08 HTTP/1.1" 200 409
116.227.210.113 - - [08/Dec/2021:08:43:47 +0800] "GET /xingrg/kc/print/load_data.html?order_code=212021120802937&kc_code=cgsh&condition= HTTP/1.1" 200 2114
114.83.221.33 - - [08/Dec/2021:08:43:49 +0800] "GET /xingrg/kc/buy/cgsh_order_operate.html?command=get_materiel&rest_code=00149&code=00101008027&supplier_code=00100005&order_time=2021-12-08 HTTP/1.1" 200 408
116.227.210.113 - - [08/Dec/2021:08:43:51 +0800] "GET /xingrg/kc/print/load_data.html?order_code=212021120802937&kc_code=cgsh HTTP/1.1" 200 2114
120.253.135.82 - - [08/Dec/2021:08:43:52 +0800] "POST /xingrg/all/common/load_combo.html?type=employee HTTP/1.1" 200 1661
116.238.248.233 - - [08/Dec/2021:08:43:52 +0800] "GET /xingrg/kc/buy/cgsh_order_operate.html?command=get_materiel&rest_code=00150&code=00101008370&supplier_code=00100007&order_time=2021-12-08 HTTP/1.1" 200 412
114.83.221.33 - - [08/Dec/2021:08:43:58 +0800] "GET /xingrg/kc/buy/cgsh_order_operate.html?command=get_materiel&rest_code=00149&code=00101008257&supplier_code=00100005&order_time=2021-12-08 HTTP/1.1" 200 416
116.238.248.233 - - [08/Dec/2021:08:44:00 +0800] "GET /xingrg/kc/buy/cgsh_order_operate.html?command=get_materiel&rest_code=00150&code=00101008355&supplier_code=00100007&order_time=2021-12-08 HTTP/1.1" 200 408
116.238.248.233 - - [08/Dec/2021:08:44:06 +0800] "GET /xingrg/kc/buy/cgsh_order_operate.html?command=get_materiel&rest_code=00150&code=00101008024&supplier_code=00100007&order_time=2021-12-08 HTTP/1.1" 200 408
114.83.221.33 - - [08/Dec/2021:08:44:09 +0800] "GET /xingrg/all/function/internal_message.html?_=1638924248427&CODE_STATE=getMsg HTTP/1.1" 200 27
120.253.135.82 - - [08/Dec/2021:08:44:09 +0800] "GET /xingrg/kc/buy/cgsh_order_operate.html?command=get_materiel&rest_code=00101&code=00101018012&supplier_code=00100141&order_time=2021-12-08 HTTP/1.1" 200 442
222.70.176.97 - - [08/Dec/2021:08:44:10 +0800] "GET /xingrg/all/function/internal_message.html?_=1638923919583&CODE_STATE=getMsg HTTP/1.1" 302 -
114.83.221.33 - - [08/Dec/2021:08:44:11 +0800] "GET /xingrg/kc/buy/cgsh_order_operate.html?command=get_materiel&rest_code=00149&code=00101008156&supplier_code=00100005&order_time=2021-12-08 HTTP/1.1" 200 414
116.238.248.233 - - [08/Dec/2021:08:44:18 +0800] "GET /xingrg/kc/buy/cgsh_order_operate.html?command=get_materiel&rest_code=00150&code=00101008077&supplier_code=00100007&order_time=2021-12-08 HTTP/1.1" 200 416
222.70.171.86 - - [08/Dec/2021:08:44:18 +0800] "GET /xingrg/all/function/internal_message.html?_=1638924266844&CODE_STATE=getMsg HTTP/1.1" 200 27
116.238.248.233 - - [08/Dec/2021:08:44:18 +0800] "GET /xingrg/all/function/internal_message.html?_=1638924257159&CODE_STATE=getMsg HTTP/1.1" 200 27
114.83.221.33 - - [08/Dec/2021:08:44:18 +0800] "GET /xingrg/kc/buy/cgsh_order_operate.html?command=get_materiel&rest_code=00149&code=00101008349&supplier_code=00100005&order_time=2021-12-08 HTTP/1.1" 200 412
114.85.125.222 - - [08/Dec/2021:08:44:19 +0800] "GET /xingrg/all/function/internal_message.html?_=1638924219903&CODE_STATE=getMsg HTTP/1.1" 200 27
116.238.248.233 - - [08/Dec/2021:08:44:24 +0800] "GET /xingrg/kc/buy/cgsh_order_operate.html?command=get_materiel&rest_code=00150&code=00101008079&supplier_code=00100007&order_time=2021-12-08 HTTP/1.1" 200 416
116.227.210.113 - - [08/Dec/2021:08:44:28 +0800] "GET /xingrg/all/function/internal_message.html?_=1638924263466&CODE_STATE=getMsg HTTP/1.1" 200 27
120.253.135.82 - - [08/Dec/2021:08:44:29 +0800] "GET /xingrg/all/function/internal_message.html?_=1638924045399&CODE_STATE=getMsg HTTP/1.1" 200 27
114.83.221.33 - - [08/Dec/2021:08:44:29 +0800] "GET /xingrg/kc/buy/cgsh_order_operate.html?command=get_materiel&rest_code=00149&code=00101008350&supplier_code=00100005&order_time=2021-12-08 HTTP/1.1" 200 408
116.238.248.233 - - [08/Dec/2021:08:44:30 +0800] "GET /xingrg/kc/buy/cgsh_order_operate.html?command=get_materiel&rest_code=00150&code=00101008357&supplier_code=00100007&order_time=2021-12-08 HTTP/1.1" 200 408
116.238.248.233 - - [08/Dec/2021:08:44:35 +0800] "GET /xingrg/kc/buy/cgsh_order_operate.html?command=get_materiel&rest_code=00150&code=00101008286&supplier_code=00100007&order_time=2021-12-08 HTTP/1.1" 200 408
58.35.215.131 - - [08/Dec/2021:08:44:37 +0800] "GET /xingrg/all/function/internal_message.html?_=1638924276206&CODE_STATE=getMsg HTTP/1.1" 200 27
116.238.248.233 - - [08/Dec/2021:08:44:41 +0800] "GET /xingrg/kc/buy/cgsh_order_operate.html?command=get_materiel&rest_code=00150&code=00101006055&supplier_code=00100007&order_time=2021-12-08 HTTP/1.1" 200 411
116.238.248.233 - - [08/Dec/2021:08:44:46 +0800] "GET /xingrg/kc/buy/cgsh_order_operate.html?command=get_materiel&rest_code=00150&code=00101008131&supplier_code=00100007&order_time=2021-12-08 HTTP/1.1" 200 408
114.83.221.33 - - [08/Dec/2021:08:44:47 +0800] "GET /xingrg/kc/buy/cgsh_order_operate.html?command=get_materiel&rest_code=00149&code=00101008028&supplier_code=00100005&order_time=2021-12-08 HTTP/1.1" 200 412
116.238.248.233 - - [08/Dec/2021:08:44:54 +0800] "GET /xingrg/kc/buy/cgsh_order_operate.html?command=get_materiel&rest_code=00150&code=00101008318&supplier_code=00100007&order_time=2021-12-08 HTTP/1.1" 200 408
114.83.221.33 - - [08/Dec/2021:08:45:00 +0800] "GET /xingrg/kc/buy/cgsh_order_operate.html?command=get_materiel&rest_code=00149&code=00101008110&supplier_code=00100005&order_time=2021-12-08 HTTP/1.1" 200 408
116.238.248.233 - - [08/Dec/2021:08:45:06 +0800] "GET /xingrg/kc/buy/cgsh_order_operate.html?command=get_materiel&rest_code=00150&code=00101008098&supplier_code=00100007&order_time=2021-12-08 HTTP/1.1" 200 412
114.83.221.33 - - [08/Dec/2021:08:45:08 +0800] "GET /xingrg/kc/buy/cgsh_order_operate.html?command=get_materiel&rest_code=00149&code=00101008096&supplier_code=00100005&order_time=2021-12-08 HTTP/1.1" 200 412
114.83.221.33 - - [08/Dec/2021:08:45:09 +0800] "GET /xingrg/all/function/internal_message.html?_=1638924308443&CODE_STATE=getMsg HTTP/1.1" 200 27
222.70.176.97 - - [08/Dec/2021:08:45:10 +0800] "GET /xingrg/all/function/internal_message.html?_=1638923979583&CODE_STATE=getMsg HTTP/1.1" 302 -
116.238.248.233 - - [08/Dec/2021:08:45:14 +0800] "GET /xingrg/kc/buy/cgsh_order_operate.html?command=get_materiel&rest_code=00150&code=00101008005&supplier_code=00100007&order_time=2021-12-08 HTTP/1.1" 200 412
222.70.171.86 - - [08/Dec/2021:08:45:17 +0800] "GET /xingrg/check_reg.html?_=1638924325621 HTTP/1.1" 200 22
222.70.171.86 - - [08/Dec/2021:08:45:18 +0800] "GET /xingrg/all/function/internal_message.html?_=1638924326859&CODE_STATE=getMsg HTTP/1.1" 200 27
116.238.248.233 - - [08/Dec/2021:08:45:18 +0800] "GET /xingrg/all/function/internal_message.html?_=1638924317154&CODE_STATE=getMsg HTTP/1.1" 200 27
114.85.125.222 - - [08/Dec/2021:08:45:19 +0800] "GET /xingrg/all/function/internal_message.html?_=1638924279917&CODE_STATE=getMsg HTTP/1.1" 200 27
114.83.221.33 - - [08/Dec/2021:08:45:21 +0800] "GET /xingrg/kc/buy/cgsh_order_operate.html?command=get_materiel&rest_code=00149&code=00101008038&supplier_code=00100005&order_time=2021-12-08 HTTP/1.1" 200 412
116.238.248.233 - - [08/Dec/2021:08:45:26 +0800] "GET /xingrg/kc/buy/cgsh_order_operate.html?command=get_materiel&rest_code=00150&code=00101008353&supplier_code=00100007&order_time=2021-12-08 HTTP/1.1" 200 408
116.227.210.113 - - [08/Dec/2021:08:45:28 +0800] "GET /xingrg/all/function/internal_message.html?_=1638924323452&CODE_STATE=getMsg HTTP/1.1" 200 27
120.253.135.82 - - [08/Dec/2021:08:45:29 +0800] "GET /xingrg/all/function/internal_message.html?_=1638924105411&CODE_STATE=getMsg HTTP/1.1" 200 27
114.83.221.33 - - [08/Dec/2021:08:45:30 +0800] "GET /xingrg/kc/buy/cgsh_order_operate.html?command=get_materiel&rest_code=00149&code=00101008358&supplier_code=00100005&order_time=2021-12-08 HTTP/1.1" 200 412
58.35.215.131 - - [08/Dec/2021:08:45:37 +0800] "GET /xingrg/all/function/internal_message.html?_=1638924336207&CODE_STATE=getMsg HTTP/1.1" 200 27
114.83.221.33 - - [08/Dec/2021:08:45:40 +0800] "GET /xingrg/kc/buy/cgsh_order_operate.html?command=get_materiel&rest_code=00149&code=00101008163&supplier_code=00100005&order_time=2021-12-08 HTTP/1.1" 200 409
116.238.248.233 - - [08/Dec/2021:08:45:41 +0800] "GET /xingrg/kc/buy/cgsh_order_operate.html?command=get_materiel&rest_code=00150&code=00101008213&supplier_code=00100007&order_time=2021-12-08 HTTP/1.1" 200 412
116.238.248.233 - - [08/Dec/2021:08:45:45 +0800] "POST /xingrg/kc/buy/cgsh_order_operate.html HTTP/1.1" 200 2065
116.238.248.233 - - [08/Dec/2021:08:45:51 +0800] "GET /xingrg/kc/buy/cgsh_order_operate.html?command=get_materiel&rest_code=00150&code=00101008275&supplier_code=00100007&order_time=2021-12-08 HTTP/1.1" 200 417
114.83.221.33 - - [08/Dec/2021:08:45:58 +0800] "GET /xingrg/kc/buy/cgsh_order_operate.html?command=get_materiel&rest_code=00149&code=00101008190&supplier_code=00100005&order_time=2021-12-08 HTTP/1.1" 200 412
116.238.248.233 - - [08/Dec/2021:08:45:59 +0800] "GET /xingrg/kc/buy/cgsh_order_operate.html?command=get_materiel&rest_code=00150&code=00101008095&supplier_code=00100007&order_time=2021-12-08 HTTP/1.1" 200 412
114.83.221.33 - - [08/Dec/2021:08:46:00 +0800] "POST /xingrg/kc/buy/cgsh_order_operate.html HTTP/1.1" 200 2065
120.253.135.82 - - [08/Dec/2021:08:46:04 +0800] "GET /xingrg/kc/buy/cgsh_order_operate.html?command=get_materiel&rest_code=00101&code=00101018006&supplier_code=00100141&order_time=2021-12-08 HTTP/1.1" 200 445
116.238.248.233 - - [08/Dec/2021:08:46:05 +0800] "GET /xingrg/kc/buy/cgsh_order_operate.html?command=get_materiel&rest_code=00150&code=00101008110&supplier_code=00100007&order_time=2021-12-08 HTTP/1.1" 200 408
114.85.125.222 - - [08/Dec/2021:08:46:07 +0800] "GET /xingrg/check_reg.html?_=1638924327261 HTTP/1.1" 200 22
114.83.221.33 - - [08/Dec/2021:08:46:08 +0800] "GET /xingrg/kc/buy/cgsh_order_operate.html?command=get_materiel&rest_code=00149&code=00101008361&supplier_code=00100005&order_time=2021-12-08 HTTP/1.1" 200 408
114.83.221.33 - - [08/Dec/2021:08:46:09 +0800] "GET /xingrg/all/function/internal_message.html?_=1638924368444&CODE_STATE=getMsg HTTP/1.1" 200 27
222.70.176.97 - - [08/Dec/2021:08:46:10 +0800] "GET /xingrg/all/function/internal_message.html?_=1638924039583&CODE_STATE=getMsg HTTP/1.1" 302 -
116.238.248.233 - - [08/Dec/2021:08:46:14 +0800] "GET /xingrg/kc/buy/cgsh_order_operate.html?command=get_materiel&rest_code=00150&code=00101008283&supplier_code=00100007&order_time=2021-12-08 HTTP/1.1" 200 408
114.83.221.33 - - [08/Dec/2021:08:46:15 +0800] "GET /xingrg/kc/buy/cgsh_order_operate.html?command=get_materiel&rest_code=00149&code=00101008148&supplier_code=00100005&order_time=2021-12-08 HTTP/1.1" 200 416
222.70.171.86 - - [08/Dec/2021:08:46:18 +0800] "GET /xingrg/all/function/internal_message.html?_=1638924386872&CODE_STATE=getMsg HTTP/1.1" 200 27
116.238.248.233 - - [08/Dec/2021:08:46:18 +0800] "GET /xingrg/all/function/internal_message.html?_=1638924377185&CODE_STATE=getMsg HTTP/1.1" 200 27
114.85.125.222 - - [08/Dec/2021:08:46:19 +0800] "GET /xingrg/all/function/internal_message.html?_=1638924339932&CODE_STATE=getMsg HTTP/1.1" 200 27
116.238.248.233 - - [08/Dec/2021:08:46:21 +0800] "GET /xingrg/kc/buy/cgsh_order_operate.html?command=get_materiel&rest_code=00150&code=00101008298&supplier_code=00100007&order_time=2021-12-08 HTTP/1.1" 200 412
116.238.248.233 - - [08/Dec/2021:08:46:23 +0800] "POST /xingrg/kc/buy/cgsh_order_operate.html HTTP/1.1" 200 2065
114.83.221.33 - - [08/Dec/2021:08:46:24 +0800] "GET /xingrg/kc/buy/cgsh_order_operate.html?command=get_materiel&rest_code=00149&code=00101008264&supplier_code=00100005&order_time=2021-12-08 HTTP/1.1" 200 412
116.227.210.113 - - [08/Dec/2021:08:46:28 +0800] "GET /xingrg/all/function/internal_message.html?_=1638924383447&CODE_STATE=getMsg HTTP/1.1" 200 27
120.253.135.82 - - [08/Dec/2021:08:46:29 +0800] "GET /xingrg/check_reg.html?_=1638924165287 HTTP/1.1" 200 22
120.253.135.82 - - [08/Dec/2021:08:46:29 +0800] "GET /xingrg/all/function/internal_message.html?_=1638924165426&CODE_STATE=getMsg HTTP/1.1" 200 27
116.238.248.233 - - [08/Dec/2021:08:46:31 +0800] "GET /xingrg/kc/buy/cgsh_order_operate.html?command=get_materiel&rest_code=00150&code=00101008169&supplier_code=00100007&order_time=2021-12-08 HTTP/1.1" 200 412
114.83.221.33 - - [08/Dec/2021:08:46:34 +0800] "GET /xingrg/kc/buy/cgsh_order_operate.html?command=get_materiel&rest_code=00149&code=00101008356&supplier_code=00100005&order_time=2021-12-08 HTTP/1.1" 200 408
58.35.215.131 - - [08/Dec/2021:08:46:37 +0800] "GET /xingrg/all/function/internal_message.html?_=1638924396209&CODE_STATE=getMsg HTTP/1.1" 200 27
120.253.135.82 - - [08/Dec/2021:08:46:43 +0800] "POST /xingrg/kc/buy/cgsh_order_operate.html HTTP/1.1" 200 37
114.83.221.33 - - [08/Dec/2021:08:46:44 +0800] "POST /xingrg/kc/buy/cgsh_order_operate.html HTTP/1.1" 200 2065
120.253.135.82 - - [08/Dec/2021:08:46:45 +0800] "POST /xingrg/kc/buy/cgsh_order_operate.html HTTP/1.1" 200 3297
116.238.248.233 - - [08/Dec/2021:08:46:46 +0800] "GET /xingrg/kc/buy/cgsh_order_operate.html?command=get_materiel&rest_code=00150&code=00101008247&supplier_code=00100007&order_time=2021-12-08 HTTP/1.1" 200 412
120.253.135.82 - - [08/Dec/2021:08:46:50 +0800] "GET /xingrg/kc/print/load_data.html?order_code=212021120802938&kc_code=cgsh&condition= HTTP/1.1" 200 945
114.83.221.33 - - [08/Dec/2021:08:46:54 +0800] "GET /xingrg/kc/buy/cgsh_order_operate.html?command=get_materiel&rest_code=00149&code=00101008205&supplier_code=00100005&order_time=2021-12-08 HTTP/1.1" 200 412
116.238.248.233 - - [08/Dec/2021:08:46:57 +0800] "GET /xingrg/kc/buy/cgsh_order_operate.html?command=get_materiel&rest_code=00150&code=00101008199&supplier_code=00100007&order_time=2021-12-08 HTTP/1.1" 200 408
114.83.221.33 - - [08/Dec/2021:08:47:02 +0800] "GET /xingrg/kc/buy/cgsh_order_operate.html?command=get_materiel&rest_code=00149&code=00101008251&supplier_code=00100005&order_time=2021-12-08 HTTP/1.1" 200 408
116.238.248.233 - - [08/Dec/2021:08:47:06 +0800] "GET /xingrg/kc/buy/cgsh_order_operate.html?command=get_materiel&rest_code=00150&code=00101008239&supplier_code=00100007&order_time=2021-12-08 HTTP/1.1" 200 416
114.83.221.33 - - [08/Dec/2021:08:47:09 +0800] "GET /xingrg/check_reg.html?_=1638924428444 HTTP/1.1" 200 22
114.83.221.33 - - [08/Dec/2021:08:47:09 +0800] "GET /xingrg/all/function/internal_message.html?_=1638924428447&CODE_STATE=getMsg HTTP/1.1" 200 27
222.70.176.97 - - [08/Dec/2021:08:47:10 +0800] "GET /xingrg/all/function/internal_message.html?_=1638924099583&CODE_STATE=getMsg HTTP/1.1" 302 -
114.83.221.33 - - [08/Dec/2021:08:47:15 +0800] "GET /xingrg/kc/buy/cgsh_order_operate.html?command=get_materiel&rest_code=00149&code=00101008272&supplier_code=00100005&order_time=2021-12-08 HTTP/1.1" 200 413
222.70.171.86 - - [08/Dec/2021:08:47:18 +0800] "GET /xingrg/all/function/internal_message.html?_=1638924446886&CODE_STATE=getMsg HTTP/1.1" 200 27
116.238.248.233 - - [08/Dec/2021:08:47:18 +0800] "GET /xingrg/check_reg.html?_=1638924437156 HTTP/1.1" 200 22
116.238.248.233 - - [08/Dec/2021:08:47:18 +0800] "GET /xingrg/all/function/internal_message.html?_=1638924437171&CODE_STATE=getMsg HTTP/1.1" 200 27
114.85.125.222 - - [08/Dec/2021:08:47:19 +0800] "GET /xingrg/all/function/internal_message.html?_=1638924399944&CODE_STATE=getMsg HTTP/1.1" 200 27
116.238.248.233 - - [08/Dec/2021:08:47:27 +0800] "GET /xingrg/kc/buy/cgsh_order_operate.html?command=get_materiel&rest_code=00150&code=00101008323&supplier_code=00100007&order_time=2021-12-08 HTTP/1.1" 200 408
116.227.210.113 - - [08/Dec/2021:08:47:28 +0800] "GET /xingrg/all/function/internal_message.html?_=1638924443465&CODE_STATE=getMsg HTTP/1.1" 200 27
120.253.135.82 - - [08/Dec/2021:08:47:29 +0800] "GET /xingrg/all/function/internal_message.html?_=1638924225478&CODE_STATE=getMsg HTTP/1.1" 200 27
116.238.248.233 - - [08/Dec/2021:08:47:30 +0800] "POST /xingrg/kc/buy/cgsh_order_operate.html HTTP/1.1" 200 2065
114.83.221.33 - - [08/Dec/2021:08:47:32 +0800] "GET /xingrg/kc/buy/cgsh_order_operate.html?command=get_materiel&rest_code=00149&code=00101008059&supplier_code=00100005&order_time=2021-12-08 HTTP/1.1" 200 408
116.238.248.233 - - [08/Dec/2021:08:47:37 +0800] "GET /xingrg/kc/buy/cgsh_order_operate.html?command=get_materiel&rest_code=00150&code=00101008331&supplier_code=00100007&order_time=2021-12-08 HTTP/1.1" 200 416
58.35.215.131 - - [08/Dec/2021:08:47:37 +0800] "GET /xingrg/check_reg.html?_=1638924456195 HTTP/1.1" 200 22
58.35.215.131 - - [08/Dec/2021:08:47:37 +0800] "GET /xingrg/all/function/internal_message.html?_=1638924456196&CODE_STATE=getMsg HTTP/1.1" 200 27
114.83.221.33 - - [08/Dec/2021:08:47:42 +0800] "GET /xingrg/kc/buy/cgsh_order_operate.html?command=get_materiel&rest_code=00149&code=00101008077&supplier_code=00100005&order_time=2021-12-08 HTTP/1.1" 200 416
116.238.248.233 - - [08/Dec/2021:08:47:44 +0800] "GET /xingrg/kc/buy/cgsh_order_operate.html?command=get_materiel&rest_code=00150&code=00101008350&supplier_code=00100007&order_time=2021-12-08 HTTP/1.1" 200 408
116.238.248.233 - - [08/Dec/2021:08:47:50 +0800] "GET /xingrg/kc/buy/cgsh_order_operate.html?command=get_materiel&rest_code=00150&code=00101008223&supplier_code=00100007&order_time=2021-12-08 HTTP/1.1" 200 412
114.83.221.33 - - [08/Dec/2021:08:47:50 +0800] "POST /xingrg/kc/buy/cgsh_order_operate.html HTTP/1.1" 200 2065
114.83.221.33 - - [08/Dec/2021:08:47:55 +0800] "GET /xingrg/kc/buy/cgsh_order_operate.html?command=get_materiel&rest_code=00149&code=00101008558&supplier_code=00100005&order_time=2021-12-08 HTTP/1.1" 200 395
116.238.248.233 - - [08/Dec/2021:08:47:58 +0800] "GET /xingrg/kc/buy/cgsh_order_operate.html?command=get_materiel&rest_code=00150&code=00101008092&supplier_code=00100007&order_time=2021-12-08 HTTP/1.1" 200 412
222.70.171.86 - - [08/Dec/2021:08:48:02 +0800] "POST /xingrg/services/DataTransmitService HTTP/1.1" 200 524
222.70.171.86 - - [08/Dec/2021:08:48:03 +0800] "POST /xingrg/services/DataTransmitService HTTP/1.1" 200 412
222.70.171.86 - - [08/Dec/2021:08:48:05 +0800] "POST /xingrg/services/DataTransmitService HTTP/1.1" 200 524
222.70.171.86 - - [08/Dec/2021:08:48:05 +0800] "POST /xingrg/services/DataTransmitService HTTP/1.1" 200 412
114.83.221.33 - - [08/Dec/2021:08:48:06 +0800] "GET /xingrg/kc/buy/cgsh_order_operate.html?command=get_materiel&rest_code=00149&code=00101008197&supplier_code=00100005&order_time=2021-12-08 HTTP/1.1" 200 416
222.70.171.86 - - [08/Dec/2021:08:48:07 +0800] "POST /xingrg/services/DataTransmitService HTTP/1.1" 200 524
222.70.171.86 - - [08/Dec/2021:08:48:07 +0800] "POST /xingrg/services/DataTransmitService HTTP/1.1" 200 412
222.70.171.86 - - [08/Dec/2021:08:48:08 +0800] "POST /xingrg/services/DataTransmitService HTTP/1.1" 200 524
114.83.221.33 - - [08/Dec/2021:08:48:09 +0800] "GET /xingrg/all/function/internal_message.html?_=1638924488453&CODE_STATE=getMsg HTTP/1.1" 200 27
222.70.171.86 - - [08/Dec/2021:08:48:09 +0800] "POST /xingrg/services/DataTransmitService HTTP/1.1" 200 412
222.70.176.97 - - [08/Dec/2021:08:48:10 +0800] "GET /xingrg/all/function/internal_message.html?_=1638924159583&CODE_STATE=getMsg HTTP/1.1" 302 -
222.70.176.97 - - [08/Dec/2021:08:48:10 +0800] "GET /xingrg/check_reg.html?_=1638924159585 HTTP/1.1" 302 -
120.253.135.82 - - [08/Dec/2021:08:48:15 +0800] "POST /xingrg/kc/buy/cgsh_order_operate.html HTTP/1.1" 200 37
222.70.171.86 - - [08/Dec/2021:08:48:18 +0800] "GET /xingrg/all/function/internal_message.html?_=1638924506909&CODE_STATE=getMsg HTTP/1.1" 200 27
116.238.248.233 - - [08/Dec/2021:08:48:18 +0800] "GET /xingrg/all/function/internal_message.html?_=1638924497157&CODE_STATE=getMsg HTTP/1.1" 200 27
114.85.125.222 - - [08/Dec/2021:08:48:19 +0800] "GET /xingrg/all/function/internal_message.html?_=1638924459969&CODE_STATE=getMsg HTTP/1.1" 200 27
222.70.171.86 - - [08/Dec/2021:08:48:20 +0800] "POST /xingrg/services/DataTransmitService HTTP/1.1" 200 524
222.70.171.86 - - [08/Dec/2021:08:48:21 +0800] "POST /xingrg/services/DataTransmitService HTTP/1.1" 200 412
120.253.135.82 - - [08/Dec/2021:08:48:22 +0800] "POST /xingrg/kc/buy/cgsh_order_operate.html HTTP/1.1" 200 12
120.253.135.82 - - [08/Dec/2021:08:48:26 +0800] "GET /xingrg/kc/buy/cgsh_order_info.html?code=212021120802938 HTTP/1.1" 200 58867
120.253.135.82 - - [08/Dec/2021:08:48:26 +0800] "GET /xingrg/javascript/easyui/themes/default/validatebox.css HTTP/1.1" 404 1104
120.253.135.82 - - [08/Dec/2021:08:48:27 +0800] "POST /xingrg/kc/buy/cgsh_order_operate.html HTTP/1.1" 200 1247
116.227.210.113 - - [08/Dec/2021:08:48:28 +0800] "GET /xingrg/check_reg.html?_=1638924503449 HTTP/1.1" 200 22
116.227.210.113 - - [08/Dec/2021:08:48:28 +0800] "GET /xingrg/all/function/internal_message.html?_=1638924503451&CODE_STATE=getMsg HTTP/1.1" 200 27
120.253.135.82 - - [08/Dec/2021:08:48:29 +0800] "GET /xingrg/all/function/internal_message.html?_=1638924285484&CODE_STATE=getMsg HTTP/1.1" 200 27
114.83.221.33 - - [08/Dec/2021:08:48:32 +0800] "GET /xingrg/kc/buy/cgsh_order_operate.html?command=get_materiel&rest_code=00149&code=00101008357&supplier_code=00100005&order_time=2021-12-08 HTTP/1.1" 200 408
120.253.135.82 - - [08/Dec/2021:08:48:33 +0800] "POST /xingrg/kc/buy/cgsh_list_operate.html HTTP/1.1" 200 876
116.238.248.233 - - [08/Dec/2021:08:48:35 +0800] "POST /xingrg/kc/buy/cgsh_order_operate.html HTTP/1.1" 200 2065
120.253.135.82 - - [08/Dec/2021:08:48:35 +0800] "GET /xingrg/kc/report/report_main.html HTTP/1.1" 200 8599
120.253.135.82 - - [08/Dec/2021:08:48:36 +0800] "GET /xingrg/javascript/jquery_ui/themes/humanity/humanity.css HTTP/1.1" 200 27801
120.253.135.82 - - [08/Dec/2021:08:48:37 +0800] "GET /xingrg/kc/base/kc_stocks.html HTTP/1.1" 200 16437
120.253.135.82 - - [08/Dec/2021:08:48:37 +0800] "GET /xingrg/javascript/easyui/themes/sunny/easyui.css HTTP/1.1" 200 34304
58.35.215.131 - - [08/Dec/2021:08:48:37 +0800] "GET /xingrg/all/function/internal_message.html?_=1638924516196&CODE_STATE=getMsg HTTP/1.1" 200 27
120.253.135.82 - - [08/Dec/2021:08:48:37 +0800] "GET /xingrg/javascript/easyui/themes/icons/print_new.png HTTP/1.1" 200 3580
120.253.135.82 - - [08/Dec/2021:08:48:37 +0800] "GET /xingrg/javascript/easyui/themes/icons/filter_new.png HTTP/1.1" 200 795
120.253.135.82 - - [08/Dec/2021:08:48:37 +0800] "GET /xingrg/javascript/easyui/themes/icons/refresh_new.png HTTP/1.1" 200 685
120.253.135.82 - - [08/Dec/2021:08:48:37 +0800] "GET /xingrg/javascript/easyui/plugins/jquery.draggable.js HTTP/1.1" 200 6121
120.253.135.82 - - [08/Dec/2021:08:48:37 +0800] "GET /xingrg/javascript/easyui/plugins/jquery.droppable.js HTTP/1.1" 200 1167
120.253.135.82 - - [08/Dec/2021:08:48:37 +0800] "GET /xingrg/javascript/easyui/themes/default/tree.css HTTP/1.1" 404 1090
120.253.135.82 - - [08/Dec/2021:08:48:37 +0800] "GET /xingrg/javascript/easyui/plugins/jquery.tree.js HTTP/1.1" 200 20874
120.253.135.82 - - [08/Dec/2021:08:48:37 +0800] "GET /xingrg/all/common/auto_word.html?type=base&rest_code=00101 HTTP/1.1" 200 613
120.253.135.82 - - [08/Dec/2021:08:48:37 +0800] "POST /xingrg/all/common/load_tree.html?tree=materiel_sort_tree_json HTTP/1.1" 200 9388
120.253.135.82 - - [08/Dec/2021:08:48:37 +0800] "GET /xingrg/javascript/easyui/themes/sunny/images/tree_arrows.gif HTTP/1.1" 200 617
120.253.135.82 - - [08/Dec/2021:08:48:38 +0800] "GET /xingrg/javascript/easyui/themes/sunny/images/tree_folder.gif HTTP/1.1" 200 952
120.253.135.82 - - [08/Dec/2021:08:48:38 +0800] "GET /xingrg/javascript/easyui/themes/sunny/images/tree_file.gif HTTP/1.1" 200 118
120.253.135.82 - - [08/Dec/2021:08:48:38 +0800] "GET /xingrg/javascript/easyui/themes/sunny/images/tree_folder_open.gif HTTP/1.1" 200 956
120.253.135.82 - - [08/Dec/2021:08:48:38 +0800] "POST /xingrg/all/common/load_combo.html?type=base HTTP/1.1" 200 1075
116.238.248.233 - - [08/Dec/2021:08:48:44 +0800] "GET /xingrg/kc/buy/cgsh_order_operate.html?command=get_materiel&rest_code=00150&code=00101008114&supplier_code=00100007&order_time=2021-12-08 HTTP/1.1" 200 412
120.253.135.82 - - [08/Dec/2021:08:48:48 +0800] "POST /xingrg/kc/base/stock_operate.html HTTP/1.1" 200 1744
120.253.135.82 - - [08/Dec/2021:08:48:48 +0800] "GET /xingrg/javascript/jquery_tools/fix_table.js HTTP/1.1" 200 6528
120.253.135.82 - - [08/Dec/2021:08:48:56 +0800] "POST /xingrg/kc/base/stock_operate.html HTTP/1.1" 200 1469
114.83.221.33 - - [08/Dec/2021:08:48:57 +0800] "GET /xingrg/kc/buy/cgsh_order_operate.html?command=get_materiel&rest_code=00149&code=00101008286&supplier_code=00100005&order_time=2021-12-08 HTTP/1.1" 200 408
116.238.248.233 - - [08/Dec/2021:08:48:58 +0800] "GET /xingrg/kc/buy/cgsh_order_operate.html?command=get_materiel&rest_code=00150&code=00101008061&supplier_code=00100007&order_time=2021-12-08 HTTP/1.1" 200 422
114.83.221.33 - - [08/Dec/2021:08:49:01 +0800] "POST /xingrg/kc/buy/cgsh_order_operate.html HTTP/1.1" 200 2065
114.83.221.33 - - [08/Dec/2021:08:49:07 +0800] "GET /xingrg/kc/buy/cgsh_order_operate.html?command=get_materiel&rest_code=00149&code=00101008036&supplier_code=00100005&order_time=2021-12-08 HTTP/1.1" 200 408
114.83.221.33 - - [08/Dec/2021:08:49:09 +0800] "GET /xingrg/all/function/internal_message.html?_=1638924548452&CODE_STATE=getMsg HTTP/1.1" 200 27
222.70.176.97 - - [08/Dec/2021:08:49:10 +0800] "GET /xingrg/all/function/internal_message.html?_=1638924219584&CODE_STATE=getMsg HTTP/1.1" 302 -
222.70.171.86 - - [08/Dec/2021:08:49:18 +0800] "GET /xingrg/all/function/internal_message.html?_=1638924566912&CODE_STATE=getMsg HTTP/1.1" 200 27
116.238.248.233 - - [08/Dec/2021:08:49:18 +0800] "GET /xingrg/all/function/internal_message.html?_=1638924557153&CODE_STATE=getMsg HTTP/1.1" 200 27
114.83.221.33 - - [08/Dec/2021:08:49:19 +0800] "GET /xingrg/kc/buy/cgsh_order_operate.html?command=get_materiel&rest_code=00149&code=00101008131&supplier_code=00100005&order_time=2021-12-08 HTTP/1.1" 200 408
114.85.125.222 - - [08/Dec/2021:08:49:19 +0800] "GET /xingrg/all/function/internal_message.html?_=1638924519972&CODE_STATE=getMsg HTTP/1.1" 200 27
116.238.248.233 - - [08/Dec/2021:08:49:20 +0800] "GET /xingrg/kc/buy/cgsh_order_operate.html?command=get_materiel&rest_code=00150&code=00101008469&supplier_code=00100007&order_time=2021-12-08 HTTP/1.1" 200 398
116.238.248.233 - - [08/Dec/2021:08:49:22 +0800] "POST /xingrg/kc/buy/cgsh_order_operate.html HTTP/1.1" 200 2065
120.253.135.82 - - [08/Dec/2021:08:49:25 +0800] "GET /xingrg/all/function/internal_message.html?_=1638924131510&CODE_STATE=getMsg HTTP/1.1" 302 -
120.253.135.82 - - [08/Dec/2021:08:49:25 +0800] "GET /xingrg/check_reg.html?_=1638924136940 HTTP/1.1" 302 -
120.253.135.82 - - [08/Dec/2021:08:49:25 +0800] "GET /xingrg/login.html HTTP/1.1" 200 7641
120.253.135.82 - - [08/Dec/2021:08:49:25 +0800] "GET /xingrg/login.html HTTP/1.1" 200 7641
116.227.210.113 - - [08/Dec/2021:08:49:28 +0800] "GET /xingrg/all/function/internal_message.html?_=1638924563455&CODE_STATE=getMsg HTTP/1.1" 200 27
120.253.135.82 - - [08/Dec/2021:08:49:29 +0800] "GET /xingrg/all/function/internal_message.html?_=1638924345497&CODE_STATE=getMsg HTTP/1.1" 200 27
114.83.221.33 - - [08/Dec/2021:08:49:30 +0800] "GET /xingrg/kc/buy/cgsh_order_operate.html?command=get_materiel&rest_code=00149&code=00101008169&supplier_code=00100005&order_time=2021-12-08 HTTP/1.1" 200 412
116.238.248.233 - - [08/Dec/2021:08:49:31 +0800] "GET /xingrg/kc/buy/cgsh_order_operate.html?command=get_materiel&rest_code=00150&code=00101008109&supplier_code=00100007&order_time=2021-12-08 HTTP/1.1" 200 413
58.35.215.131 - - [08/Dec/2021:08:49:37 +0800] "GET /xingrg/all/function/internal_message.html?_=1638924576197&CODE_STATE=getMsg HTTP/1.1" 200 27
116.238.248.233 - - [08/Dec/2021:08:49:51 +0800] "POST /xingrg/kc/buy/cgsh_order_operate.html HTTP/1.1" 200 37
114.83.221.33 - - [08/Dec/2021:08:49:53 +0800] "GET /xingrg/kc/buy/cgsh_order_operate.html?command=get_materiel&rest_code=00149&code=00101008352&supplier_code=00100005&order_time=2021-12-08 HTTP/1.1" 200 412
116.238.248.233 - - [08/Dec/2021:08:49:53 +0800] "POST /xingrg/kc/buy/cgsh_order_operate.html HTTP/1.1" 200 26332
116.238.248.233 - - [08/Dec/2021:08:49:56 +0800] "GET /xingrg/kc/buy/cgsh_order_add.html HTTP/1.1" 200 64822
116.238.248.233 - - [08/Dec/2021:08:49:57 +0800] "GET /xingrg/javascript/easyui/themes/default/validatebox.css HTTP/1.1" 404 1104
116.238.248.233 - - [08/Dec/2021:08:49:57 +0800] "POST /xingrg/kc/buy/cgsh_order_operate.html HTTP/1.1" 200 8245
114.83.221.33 - - [08/Dec/2021:08:50:05 +0800] "GET /xingrg/kc/buy/cgsh_order_operate.html?command=get_materiel&rest_code=00149&code=00101008098&supplier_code=00100005&order_time=2021-12-08 HTTP/1.1" 200 412
114.83.221.33 - - [08/Dec/2021:08:50:08 +0800] "POST /xingrg/kc/buy/cgsh_order_operate.html HTTP/1.1" 200 2065
114.83.221.33 - - [08/Dec/2021:08:50:09 +0800] "GET /xingrg/all/function/internal_message.html?_=1638924608477&CODE_STATE=getMsg HTTP/1.1" 200 27
222.70.176.97 - - [08/Dec/2021:08:50:10 +0800] "GET /xingrg/all/function/internal_message.html?_=1638924279584&CODE_STATE=getMsg HTTP/1.1" 302 -
116.238.248.233 - - [08/Dec/2021:08:50:12 +0800] "GET /xingrg/kc/buy/cgsh_order_operate.html?command=get_materiel&rest_code=00150&code=00101009109&supplier_code=00100424&order_time=2021-12-08 HTTP/1.1" 200 399
114.83.221.33 - - [08/Dec/2021:08:50:15 +0800] "GET /xingrg/kc/buy/cgsh_order_operate.html?command=get_materiel&rest_code=00149&code=00101008005&supplier_code=00100005&order_time=2021-12-08 HTTP/1.1" 200 412
222.70.171.86 - - [08/Dec/2021:08:50:17 +0800] "GET /xingrg/check_reg.html?_=1638924625630 HTTP/1.1" 200 22
222.70.171.86 - - [08/Dec/2021:08:50:18 +0800] "GET /xingrg/all/function/internal_message.html?_=1638924626926&CODE_STATE=getMsg HTTP/1.1" 200 27
116.238.248.233 - - [08/Dec/2021:08:50:18 +0800] "GET /xingrg/all/function/internal_message.html?_=1638924617175&CODE_STATE=getMsg HTTP/1.1" 200 27
114.85.125.222 - - [08/Dec/2021:08:50:19 +0800] "GET /xingrg/all/function/internal_message.html?_=1638924580000&CODE_STATE=getMsg HTTP/1.1" 200 27
116.238.248.233 - - [08/Dec/2021:08:50:22 +0800] "GET /xingrg/kc/buy/cgsh_order_operate.html?command=get_materiel&rest_code=00150&code=00101009062&supplier_code=00100424&order_time=2021-12-08 HTTP/1.1" 200 412
116.227.210.113 - - [08/Dec/2021:08:50:28 +0800] "GET /xingrg/all/function/internal_message.html?_=1638924623462&CODE_STATE=getMsg HTTP/1.1" 200 27
120.253.135.82 - - [08/Dec/2021:08:50:29 +0800] "GET /xingrg/all/function/internal_message.html?_=1638924405511&CODE_STATE=getMsg HTTP/1.1" 200 27
116.238.248.233 - - [08/Dec/2021:08:50:33 +0800] "GET /xingrg/kc/buy/cgsh_order_operate.html?command=get_materiel&rest_code=00150&code=00101009124&supplier_code=00100424&order_time=2021-12-08 HTTP/1.1" 200 402
114.83.221.33 - - [08/Dec/2021:08:50:37 +0800] "GET /xingrg/kc/buy/cgsh_order_operate.html?command=get_materiel&rest_code=00149&code=00101008353&supplier_code=00100005&order_time=2021-12-08 HTTP/1.1" 200 408
58.35.215.131 - - [08/Dec/2021:08:50:37 +0800] "GET /xingrg/all/function/internal_message.html?_=1638924636198&CODE_STATE=getMsg HTTP/1.1" 200 27
116.238.248.233 - - [08/Dec/2021:08:50:42 +0800] "GET /xingrg/kc/buy/cgsh_order_operate.html?command=get_materiel&rest_code=00150&code=00101009045&supplier_code=00100424&order_time=2021-12-08 HTTP/1.1" 200 412
116.238.248.233 - - [08/Dec/2021:08:50:48 +0800] "GET /xingrg/kc/buy/cgsh_order_operate.html?command=get_materiel&rest_code=00150&code=00101009007&supplier_code=00100424&order_time=2021-12-08 HTTP/1.1" 200 408
114.83.221.33 - - [08/Dec/2021:08:50:53 +0800] "GET /xingrg/kc/buy/cgsh_order_operate.html?command=get_materiel&rest_code=00149&code=00101008213&supplier_code=00100005&order_time=2021-12-08 HTTP/1.1" 200 412
116.238.248.233 - - [08/Dec/2021:08:50:55 +0800] "GET /xingrg/kc/buy/cgsh_order_operate.html?command=get_materiel&rest_code=00150&code=00101009016&supplier_code=00100424&order_time=2021-12-08 HTTP/1.1" 200 412
114.83.221.33 - - [08/Dec/2021:08:51:06 +0800] "POST /xingrg/kc/buy/cgsh_order_operate.html HTTP/1.1" 200 2065
114.85.125.222 - - [08/Dec/2021:08:51:07 +0800] "GET /xingrg/check_reg.html?_=1638924627254 HTTP/1.1" 200 22
114.83.221.33 - - [08/Dec/2021:08:51:09 +0800] "GET /xingrg/all/function/internal_message.html?_=1638924668461&CODE_STATE=getMsg HTTP/1.1" 200 27
222.70.176.97 - - [08/Dec/2021:08:51:10 +0800] "GET /xingrg/all/function/internal_message.html?_=1638924339584&CODE_STATE=getMsg HTTP/1.1" 302 -
114.83.221.33 - - [08/Dec/2021:08:51:12 +0800] "GET /xingrg/kc/buy/cgsh_order_operate.html?command=get_materiel&rest_code=00149&code=00101008095&supplier_code=00100005&order_time=2021-12-08 HTTP/1.1" 200 412
222.70.171.86 - - [08/Dec/2021:08:51:18 +0800] "GET /xingrg/all/function/internal_message.html?_=1638924686939&CODE_STATE=getMsg HTTP/1.1" 200 27
116.238.248.233 - - [08/Dec/2021:08:51:18 +0800] "GET /xingrg/all/function/internal_message.html?_=1638924677175&CODE_STATE=getMsg HTTP/1.1" 200 27
114.85.125.222 - - [08/Dec/2021:08:51:19 +0800] "GET /xingrg/all/function/internal_message.html?_=1638924640014&CODE_STATE=getMsg HTTP/1.1" 200 27
116.238.248.233 - - [08/Dec/2021:08:51:23 +0800] "GET /xingrg/kc/buy/cgsh_order_operate.html?command=get_materiel&rest_code=00150&code=00101009013&supplier_code=00100424&order_time=2021-12-08 HTTP/1.1" 200 422
116.227.210.113 - - [08/Dec/2021:08:51:28 +0800] "GET /xingrg/all/function/internal_message.html?_=1638924683449&CODE_STATE=getMsg HTTP/1.1" 200 27
120.253.135.82 - - [08/Dec/2021:08:51:29 +0800] "GET /xingrg/check_reg.html?_=1638924465337 HTTP/1.1" 200 22
120.253.135.82 - - [08/Dec/2021:08:51:29 +0800] "GET /xingrg/all/function/internal_message.html?_=1638924465525&CODE_STATE=getMsg HTTP/1.1" 200 27
116.238.248.233 - - [08/Dec/2021:08:51:30 +0800] "POST /xingrg/kc/buy/cgsh_order_operate.html HTTP/1.1" 200 37
114.83.221.33 - - [08/Dec/2021:08:51:30 +0800] "GET /xingrg/kc/buy/cgsh_order_operate.html?command=get_materiel&rest_code=00149&code=00101008041&supplier_code=00100005&order_time=2021-12-08 HTTP/1.1" 200 408
116.238.248.233 - - [08/Dec/2021:08:51:32 +0800] "POST /xingrg/kc/buy/cgsh_order_operate.html HTTP/1.1" 200 6808
116.238.248.233 - - [08/Dec/2021:08:51:36 +0800] "POST /xingrg/all/user/operate.html HTTP/1.1" 200 36
116.238.248.233 - - [08/Dec/2021:08:51:36 +0800] "GET /xingrg/index.html?sysBaseUrl=http%3A%2F%2F180.169.147.146%3A18081%2Fxingrg%2F&costTime=1119×tamp=1638840142036 HTTP/1.1" 200 17177
116.238.248.233 - - [08/Dec/2021:08:51:36 +0800] "GET /xingrg/javascript/jquery_easy_ui/themes/default/easyui.css HTTP/1.1" 304 -
116.238.248.233 - - [08/Dec/2021:08:51:36 +0800] "GET /xingrg/javascript/jquery_easy_ui/themes/icon.css HTTP/1.1" 304 -
116.238.248.233 - - [08/Dec/2021:08:51:36 +0800] "GET /xingrg/css/form.css HTTP/1.1" 304 -
116.238.248.233 - - [08/Dec/2021:08:51:36 +0800] "GET /xingrg/javascript/jquery-1.4.2.min.js HTTP/1.1" 304 -
116.238.248.233 - - [08/Dec/2021:08:51:36 +0800] "GET /xingrg/javascript/jquery_easy_ui/jquery.easyui.min.js HTTP/1.1" 304 -
116.238.248.233 - - [08/Dec/2021:08:51:36 +0800] "GET /xingrg/javascript/jquery_easy_ui/easyui-lang-zh_CN.js HTTP/1.1" 304 -
116.238.248.233 - - [08/Dec/2021:08:51:36 +0800] "GET /xingrg/javascript/jquery.form.js HTTP/1.1" 304 -
116.238.248.233 - - [08/Dec/2021:08:51:36 +0800] "GET /xingrg/javascript/jquery.utils.js HTTP/1.1" 304 -
116.238.248.233 - - [08/Dec/2021:08:51:36 +0800] "GET /xingrg/javascript/jquery.timers.js HTTP/1.1" 304 -
116.238.248.233 - - [08/Dec/2021:08:51:36 +0800] "GET /xingrg/images/blue/jxLogo.png HTTP/1.1" 304 -
116.238.248.233 - - [08/Dec/2021:08:51:36 +0800] "GET /xingrg/images/blue/navBackgound.jpg HTTP/1.1" 304 -
116.238.248.233 - - [08/Dec/2021:08:51:36 +0800] "GET /xingrg/javascript/jquery_easy_ui/themes/icons/settle_new.png HTTP/1.1" 304 -
