222.70.176.97 - - [08/Dec/2021:06:14:10 +0800] "GET /xingrg/all/function/internal_message.html?_=1638914919583&CODE_STATE=getMsg HTTP/1.1" 302 -
114.85.125.222 - - [08/Dec/2021:06:14:17 +0800] "GET /xingrg/all/function/internal_message.html?_=1638915217491&CODE_STATE=getMsg HTTP/1.1" 200 27
120.253.135.82 - - [08/Dec/2021:06:14:26 +0800] "POST /xingrg/kc/pszx/mdps_list_operate.html HTTP/1.1" 200 1694
116.238.248.233 - - [08/Dec/2021:06:14:26 +0800] "GET /xingrg/all/function/internal_message.html?_=1638915265389&CODE_STATE=getMsg HTTP/1.1" 200 27
120.253.135.82 - - [08/Dec/2021:06:14:27 +0800] "POST /xingrg/kc/pszx/mdps_list_operate.html HTTP/1.1" 200 604
120.253.135.82 - - [08/Dec/2021:06:14:28 +0800] "GET /xingrg/kc/pszx/mdps_order_info.html?code=312021120800199 HTTP/1.1" 200 23931
120.253.135.82 - - [08/Dec/2021:06:14:29 +0800] "GET /xingrg/javascript/easyui/themes/default/validatebox.css HTTP/1.1" 404 1104
120.253.135.82 - - [08/Dec/2021:06:14:29 +0800] "POST /xingrg/kc/pszx/mdps_order_operate.html HTTP/1.1" 200 19330
120.253.135.82 - - [08/Dec/2021:06:14:33 +0800] "POST /xingrg/kc/pszx/mdps_order_operate.html HTTP/1.1" 200 37
120.253.135.82 - - [08/Dec/2021:06:14:34 +0800] "GET /xingrg/kc/pszx/mdps_order_info.html?code=312021120800199 HTTP/1.1" 200 23931
120.253.135.82 - - [08/Dec/2021:06:14:35 +0800] "GET /xingrg/javascript/easyui/themes/default/validatebox.css HTTP/1.1" 404 1104
120.253.135.82 - - [08/Dec/2021:06:14:35 +0800] "GET /xingrg/all/function/internal_message.html?_=1638915051785&CODE_STATE=getMsg HTTP/1.1" 200 27
120.253.135.82 - - [08/Dec/2021:06:14:35 +0800] "POST /xingrg/kc/pszx/mdps_order_operate.html HTTP/1.1" 200 19611
58.35.215.131 - - [08/Dec/2021:06:14:37 +0800] "GET /xingrg/all/function/internal_message.html?_=1638915276196&CODE_STATE=getMsg HTTP/1.1" 200 27
222.70.176.97 - - [08/Dec/2021:06:15:10 +0800] "GET /xingrg/all/function/internal_message.html?_=1638914979583&CODE_STATE=getMsg HTTP/1.1" 302 -
120.253.135.82 - - [08/Dec/2021:06:15:10 +0800] "GET /xingrg/check_reg.html?_=1638915086854 HTTP/1.1" 200 22
114.85.125.222 - - [08/Dec/2021:06:15:17 +0800] "GET /xingrg/all/function/internal_message.html?_=1638915277517&CODE_STATE=getMsg HTTP/1.1" 200 27
116.238.248.233 - - [08/Dec/2021:06:15:26 +0800] "GET /xingrg/all/function/internal_message.html?_=1638915325388&CODE_STATE=getMsg HTTP/1.1" 200 27
120.253.135.82 - - [08/Dec/2021:06:15:35 +0800] "GET /xingrg/all/function/internal_message.html?_=1638915111799&CODE_STATE=getMsg HTTP/1.1" 200 27
58.35.215.131 - - [08/Dec/2021:06:15:37 +0800] "GET /xingrg/all/function/internal_message.html?_=1638915336197&CODE_STATE=getMsg HTTP/1.1" 200 27
120.253.135.82 - - [08/Dec/2021:06:15:52 +0800] "POST /xingrg/kc/pszx/mdps_order_operate.html HTTP/1.1" 200 37
120.253.135.82 - - [08/Dec/2021:06:15:54 +0800] "GET /xingrg/kc/pszx/mdps_order_info.html?code=312021120800199 HTTP/1.1" 200 23931
120.253.135.82 - - [08/Dec/2021:06:15:54 +0800] "GET /xingrg/javascript/easyui/themes/default/validatebox.css HTTP/1.1" 404 1104
120.253.135.82 - - [08/Dec/2021:06:15:55 +0800] "POST /xingrg/kc/pszx/mdps_order_operate.html HTTP/1.1" 200 19122
114.85.125.222 - - [08/Dec/2021:06:16:06 +0800] "GET /xingrg/check_reg.html?_=1638915327088 HTTP/1.1" 200 22
222.70.176.97 - - [08/Dec/2021:06:16:10 +0800] "GET /xingrg/all/function/internal_message.html?_=1638915039583&CODE_STATE=getMsg HTTP/1.1" 302 -
114.85.125.222 - - [08/Dec/2021:06:16:17 +0800] "GET /xingrg/all/function/internal_message.html?_=1638915337519&CODE_STATE=getMsg HTTP/1.1" 200 27
116.238.248.233 - - [08/Dec/2021:06:16:26 +0800] "GET /xingrg/all/function/internal_message.html?_=1638915385387&CODE_STATE=getMsg HTTP/1.1" 200 27
58.35.215.131 - - [08/Dec/2021:06:16:37 +0800] "GET /xingrg/all/function/internal_message.html?_=1638915396199&CODE_STATE=getMsg HTTP/1.1" 200 27
120.253.135.82 - - [08/Dec/2021:06:16:53 +0800] "POST /xingrg/all/common/load_select.html HTTP/1.1" 200 25
120.253.135.82 - - [08/Dec/2021:06:16:56 +0800] "GET /xingrg/kc/pszx/mdps_order_operate.html?command=get_materiel_price&pszx_code=00101&rest_code=00144&base_code=0010246&code=00101019379&unit_code=00100200&order_time=2021-12-08 HTTP/1.1" 200 37
120.253.135.82 - - [08/Dec/2021:06:17:00 +0800] "GET /xingrg/all/function/internal_message.html?_=1638915196897&CODE_STATE=getMsg HTTP/1.1" 200 27
222.70.176.97 - - [08/Dec/2021:06:17:10 +0800] "GET /xingrg/all/function/internal_message.html?_=1638915099584&CODE_STATE=getMsg HTTP/1.1" 302 -
120.253.135.82 - - [08/Dec/2021:06:17:15 +0800] "POST /xingrg/kc/pszx/mdps_order_operate.html HTTP/1.1" 200 37
114.85.125.222 - - [08/Dec/2021:06:17:17 +0800] "GET /xingrg/all/function/internal_message.html?_=1638915397533&CODE_STATE=getMsg HTTP/1.1" 200 27
120.253.135.82 - - [08/Dec/2021:06:17:17 +0800] "GET /xingrg/kc/pszx/mdps_order_info.html?code=312021120800199 HTTP/1.1" 200 23931
120.253.135.82 - - [08/Dec/2021:06:17:18 +0800] "GET /xingrg/javascript/easyui/themes/default/validatebox.css HTTP/1.1" 404 1104
120.253.135.82 - - [08/Dec/2021:06:17:18 +0800] "POST /xingrg/kc/pszx/mdps_order_operate.html HTTP/1.1" 200 18625
116.238.248.233 - - [08/Dec/2021:06:17:26 +0800] "GET /xingrg/all/function/internal_message.html?_=1638915445411&CODE_STATE=getMsg HTTP/1.1" 200 27
116.238.248.233 - - [08/Dec/2021:06:17:26 +0800] "GET /xingrg/check_reg.html?_=1638915445413 HTTP/1.1" 200 22
58.35.215.131 - - [08/Dec/2021:06:17:37 +0800] "GET /xingrg/all/function/internal_message.html?_=1638915456200&CODE_STATE=getMsg HTTP/1.1" 200 27
58.35.215.131 - - [08/Dec/2021:06:17:37 +0800] "GET /xingrg/check_reg.html?_=1638915456201 HTTP/1.1" 200 22
120.253.135.82 - - [08/Dec/2021:06:18:00 +0800] "GET /xingrg/all/function/internal_message.html?_=1638915256926&CODE_STATE=getMsg HTTP/1.1" 200 27
120.253.135.82 - - [08/Dec/2021:06:18:01 +0800] "POST /xingrg/kc/pszx/mdps_order_operate.html HTTP/1.1" 200 37
120.253.135.82 - - [08/Dec/2021:06:18:02 +0800] "GET /xingrg/kc/pszx/mdps_order_info.html?code=312021120800199 HTTP/1.1" 200 23931
120.253.135.82 - - [08/Dec/2021:06:18:03 +0800] "GET /xingrg/javascript/easyui/themes/default/validatebox.css HTTP/1.1" 404 1104
120.253.135.82 - - [08/Dec/2021:06:18:03 +0800] "POST /xingrg/kc/pszx/mdps_order_operate.html HTTP/1.1" 200 18625
222.70.176.97 - - [08/Dec/2021:06:18:10 +0800] "GET /xingrg/all/function/internal_message.html?_=1638915159583&CODE_STATE=getMsg HTTP/1.1" 302 -
222.70.176.97 - - [08/Dec/2021:06:18:10 +0800] "GET /xingrg/check_reg.html?_=1638915159584 HTTP/1.1" 302 -
114.85.125.222 - - [08/Dec/2021:06:18:17 +0800] "GET /xingrg/all/function/internal_message.html?_=1638915457562&CODE_STATE=getMsg HTTP/1.1" 200 27
120.253.135.82 - - [08/Dec/2021:06:18:24 +0800] "POST /xingrg/kc/pszx/mdps_order_operate.html HTTP/1.1" 200 37
116.238.248.233 - - [08/Dec/2021:06:18:26 +0800] "GET /xingrg/all/function/internal_message.html?_=1638915505412&CODE_STATE=getMsg HTTP/1.1" 200 27
120.253.135.82 - - [08/Dec/2021:06:18:27 +0800] "GET /xingrg/kc/pszx/mdps_order_info.html?code=312021120800199 HTTP/1.1" 200 23931
120.253.135.82 - - [08/Dec/2021:06:18:28 +0800] "GET /xingrg/javascript/easyui/themes/default/validatebox.css HTTP/1.1" 404 1104
120.253.135.82 - - [08/Dec/2021:06:18:28 +0800] "POST /xingrg/kc/pszx/mdps_order_operate.html HTTP/1.1" 200 18625
120.253.135.82 - - [08/Dec/2021:06:18:30 +0800] "POST /xingrg/kc/pszx/mdps_list_operate.html HTTP/1.1" 200 1694
120.253.135.82 - - [08/Dec/2021:06:18:32 +0800] "GET /xingrg/kc/pszx/mdps_order_add.html HTTP/1.1" 200 28947
120.253.135.82 - - [08/Dec/2021:06:18:33 +0800] "POST /xingrg/kc/pszx/mdps_order_operate.html HTTP/1.1" 200 7126
120.253.135.82 - - [08/Dec/2021:06:18:33 +0800] "GET /xingrg/javascript/easyui/themes/default/validatebox.css HTTP/1.1" 404 1104
58.35.215.131 - - [08/Dec/2021:06:18:37 +0800] "GET /xingrg/all/function/internal_message.html?_=1638915516202&CODE_STATE=getMsg HTTP/1.1" 200 27
120.253.135.82 - - [08/Dec/2021:06:18:43 +0800] "GET /xingrg/css/images/panel_loading.gif HTTP/1.1" 200 1737
120.253.135.82 - - [08/Dec/2021:06:18:43 +0800] "POST /xingrg/all/common/load_combo.html?type=base HTTP/1.1" 200 1075
120.253.135.82 - - [08/Dec/2021:06:18:52 +0800] "GET /xingrg/kc/pszx/mdps_order_operate.html?command=get_materiel&pszx_code=00101&rest_code=00144&base_code=0010250&code=00102002118 HTTP/1.1" 200 453
120.253.135.82 - - [08/Dec/2021:06:18:54 +0800] "POST /xingrg/all/common/load_select.html HTTP/1.1" 200 38
120.253.135.82 - - [08/Dec/2021:06:18:56 +0800] "GET /xingrg/kc/pszx/mdps_order_operate.html?command=get_materiel_price&pszx_code=00101&rest_code=00144&base_code=0010250&code=00102002118&unit_code=00100340&order_time=2021-12-08 HTTP/1.1" 200 35
120.253.135.82 - - [08/Dec/2021:06:19:00 +0800] "GET /xingrg/all/function/internal_message.html?_=1638915316940&CODE_STATE=getMsg HTTP/1.1" 200 27
120.253.135.82 - - [08/Dec/2021:06:19:06 +0800] "GET /xingrg/kc/pszx/mdps_order_operate.html?command=get_materiel&pszx_code=00101&rest_code=00144&base_code=0010250&code=00102002881 HTTP/1.1" 200 442
222.70.176.97 - - [08/Dec/2021:06:19:10 +0800] "GET /xingrg/all/function/internal_message.html?_=1638915219584&CODE_STATE=getMsg HTTP/1.1" 302 -
120.253.135.82 - - [08/Dec/2021:06:19:14 +0800] "POST /xingrg/kc/pszx/mdps_order_operate.html HTTP/1.1" 200 37
120.253.135.82 - - [08/Dec/2021:06:19:15 +0800] "GET /xingrg/kc/pszx/mdps_order_info.html?code=312021120800200 HTTP/1.1" 200 23931
120.253.135.82 - - [08/Dec/2021:06:19:15 +0800] "GET /xingrg/javascript/easyui/themes/default/validatebox.css HTTP/1.1" 404 1104
120.253.135.82 - - [08/Dec/2021:06:19:16 +0800] "POST /xingrg/kc/pszx/mdps_order_operate.html HTTP/1.1" 200 2812
114.85.125.222 - - [08/Dec/2021:06:19:17 +0800] "GET /xingrg/all/function/internal_message.html?_=1638915517576&CODE_STATE=getMsg HTTP/1.1" 200 27
120.253.135.82 - - [08/Dec/2021:06:19:20 +0800] "POST /xingrg/kc/pszx/mdps_list_operate.html HTTP/1.1" 200 2065
120.253.135.82 - - [08/Dec/2021:06:19:22 +0800] "POST /xingrg/kc/pszx/mdps_list_operate.html HTTP/1.1" 200 604
120.253.135.82 - - [08/Dec/2021:06:19:23 +0800] "GET /xingrg/kc/pszx/mdps_order_info.html?code=312021120800199 HTTP/1.1" 200 23931
120.253.135.82 - - [08/Dec/2021:06:19:24 +0800] "GET /xingrg/javascript/easyui/themes/default/validatebox.css HTTP/1.1" 404 1104
120.253.135.82 - - [08/Dec/2021:06:19:24 +0800] "POST /xingrg/kc/pszx/mdps_order_operate.html HTTP/1.1" 200 18625
116.238.248.233 - - [08/Dec/2021:06:19:26 +0800] "GET /xingrg/all/function/internal_message.html?_=1638915565411&CODE_STATE=getMsg HTTP/1.1" 200 27
58.35.215.131 - - [08/Dec/2021:06:19:37 +0800] "GET /xingrg/all/function/internal_message.html?_=1638915576204&CODE_STATE=getMsg HTTP/1.1" 200 27
120.253.135.82 - - [08/Dec/2021:06:19:42 +0800] "POST /xingrg/kc/pszx/mdps_order_operate.html HTTP/1.1" 200 37
120.253.135.82 - - [08/Dec/2021:06:19:43 +0800] "GET /xingrg/kc/pszx/mdps_order_info.html?code=312021120800199 HTTP/1.1" 200 23931
120.253.135.82 - - [08/Dec/2021:06:19:44 +0800] "GET /xingrg/javascript/easyui/themes/default/validatebox.css HTTP/1.1" 404 1104
120.253.135.82 - - [08/Dec/2021:06:19:45 +0800] "POST /xingrg/kc/pszx/mdps_order_operate.html HTTP/1.1" 200 17596
120.253.135.82 - - [08/Dec/2021:06:20:00 +0800] "GET /xingrg/all/function/internal_message.html?_=1638915376954&CODE_STATE=getMsg HTTP/1.1" 200 27
222.70.176.97 - - [08/Dec/2021:06:20:10 +0800] "GET /xingrg/all/function/internal_message.html?_=1638915279583&CODE_STATE=getMsg HTTP/1.1" 302 -
120.253.135.82 - - [08/Dec/2021:06:20:10 +0800] "GET /xingrg/check_reg.html?_=1638915386866 HTTP/1.1" 200 22
114.85.125.222 - - [08/Dec/2021:06:20:17 +0800] "GET /xingrg/all/function/internal_message.html?_=1638915577599&CODE_STATE=getMsg HTTP/1.1" 200 27
116.238.248.233 - - [08/Dec/2021:06:20:26 +0800] "GET /xingrg/all/function/internal_message.html?_=1638915625411&CODE_STATE=getMsg HTTP/1.1" 200 27
58.35.215.131 - - [08/Dec/2021:06:20:37 +0800] "GET /xingrg/all/function/internal_message.html?_=1638915636206&CODE_STATE=getMsg HTTP/1.1" 200 27
120.253.135.82 - - [08/Dec/2021:06:20:45 +0800] "POST /xingrg/kc/pszx/mdps_order_operate.html HTTP/1.1" 200 37
120.253.135.82 - - [08/Dec/2021:06:20:47 +0800] "GET /xingrg/kc/pszx/mdps_order_info.html?code=312021120800199 HTTP/1.1" 200 23931
120.253.135.82 - - [08/Dec/2021:06:20:47 +0800] "GET /xingrg/javascript/easyui/themes/default/validatebox.css HTTP/1.1" 404 1104
120.253.135.82 - - [08/Dec/2021:06:20:48 +0800] "POST /xingrg/kc/pszx/mdps_order_operate.html HTTP/1.1" 200 17596
120.253.135.82 - - [08/Dec/2021:06:20:50 +0800] "POST /xingrg/kc/pszx/mdps_list_operate.html HTTP/1.1" 200 2065
120.253.135.82 - - [08/Dec/2021:06:20:57 +0800] "POST /xingrg/kc/pszx/mdps_list_operate.html HTTP/1.1" 200 604
120.253.135.82 - - [08/Dec/2021:06:20:59 +0800] "GET /xingrg/kc/pszx/mdps_order_info.html?code=312021120800199 HTTP/1.1" 200 23931
120.253.135.82 - - [08/Dec/2021:06:20:59 +0800] "GET /xingrg/javascript/easyui/themes/default/validatebox.css HTTP/1.1" 404 1104
120.253.135.82 - - [08/Dec/2021:06:21:00 +0800] "POST /xingrg/kc/pszx/mdps_order_operate.html HTTP/1.1" 200 17596
120.253.135.82 - - [08/Dec/2021:06:21:00 +0800] "GET /xingrg/all/function/internal_message.html?_=1638915436967&CODE_STATE=getMsg HTTP/1.1" 200 27
114.85.125.222 - - [08/Dec/2021:06:21:06 +0800] "GET /xingrg/check_reg.html?_=1638915627087 HTTP/1.1" 200 22
120.253.135.82 - - [08/Dec/2021:06:21:07 +0800] "GET /xingrg/kc/print/load_data.html?order_code=312021120800199&kc_code=mdps&condition= HTTP/1.1" 200 7838
222.70.176.97 - - [08/Dec/2021:06:21:10 +0800] "GET /xingrg/all/function/internal_message.html?_=1638915339584&CODE_STATE=getMsg HTTP/1.1" 302 -
114.85.125.222 - - [08/Dec/2021:06:21:17 +0800] "GET /xingrg/all/function/internal_message.html?_=1638915637602&CODE_STATE=getMsg HTTP/1.1" 200 27
116.238.248.233 - - [08/Dec/2021:06:21:26 +0800] "GET /xingrg/all/function/internal_message.html?_=1638915685427&CODE_STATE=getMsg HTTP/1.1" 200 27
120.253.135.82 - - [08/Dec/2021:06:21:28 +0800] "POST /xingrg/kc/pszx/mdps_list_operate.html HTTP/1.1" 200 2065
120.253.135.82 - - [08/Dec/2021:06:21:29 +0800] "POST /xingrg/kc/pszx/mdps_list_operate.html HTTP/1.1" 200 299
120.253.135.82 - - [08/Dec/2021:06:21:30 +0800] "GET /xingrg/kc/pszx/mdps_order_info.html?code=312021120800200 HTTP/1.1" 200 23931
120.253.135.82 - - [08/Dec/2021:06:21:31 +0800] "GET /xingrg/javascript/easyui/themes/default/validatebox.css HTTP/1.1" 404 1104
120.253.135.82 - - [08/Dec/2021:06:21:31 +0800] "POST /xingrg/kc/pszx/mdps_order_operate.html HTTP/1.1" 200 2812
120.253.135.82 - - [08/Dec/2021:06:21:33 +0800] "GET /xingrg/kc/print/load_data.html?order_code=312021120800200&kc_code=mdps&condition= HTTP/1.1" 200 946
58.35.215.131 - - [08/Dec/2021:06:21:37 +0800] "GET /xingrg/all/function/internal_message.html?_=1638915696208&CODE_STATE=getMsg HTTP/1.1" 200 27
120.253.135.82 - - [08/Dec/2021:06:21:40 +0800] "POST /xingrg/kc/pszx/mdps_list_operate.html HTTP/1.1" 200 2065
120.253.135.82 - - [08/Dec/2021:06:22:00 +0800] "GET /xingrg/all/function/internal_message.html?_=1638915497040&CODE_STATE=getMsg HTTP/1.1" 200 27
222.70.176.97 - - [08/Dec/2021:06:22:10 +0800] "GET /xingrg/all/function/internal_message.html?_=1638915399584&CODE_STATE=getMsg HTTP/1.1" 302 -
114.85.125.222 - - [08/Dec/2021:06:22:17 +0800] "GET /xingrg/all/function/internal_message.html?_=1638915697615&CODE_STATE=getMsg HTTP/1.1" 200 27
116.238.248.233 - - [08/Dec/2021:06:22:26 +0800] "GET /xingrg/all/function/internal_message.html?_=1638915745432&CODE_STATE=getMsg HTTP/1.1" 200 27
116.238.248.233 - - [08/Dec/2021:06:22:26 +0800] "GET /xingrg/check_reg.html?_=1638915745439 HTTP/1.1" 200 22
58.35.215.131 - - [08/Dec/2021:06:22:37 +0800] "GET /xingrg/check_reg.html?_=1638915756210 HTTP/1.1" 200 22
58.35.215.131 - - [08/Dec/2021:06:22:37 +0800] "GET /xingrg/all/function/internal_message.html?_=1638915756210&CODE_STATE=getMsg HTTP/1.1" 200 27
120.253.135.82 - - [08/Dec/2021:06:23:00 +0800] "GET /xingrg/all/function/internal_message.html?_=1638915557041&CODE_STATE=getMsg HTTP/1.1" 200 27
222.70.176.97 - - [08/Dec/2021:06:23:10 +0800] "GET /xingrg/all/function/internal_message.html?_=1638915459584&CODE_STATE=getMsg HTTP/1.1" 302 -
222.70.176.97 - - [08/Dec/2021:06:23:10 +0800] "GET /xingrg/check_reg.html?_=1638915459585 HTTP/1.1" 302 -
114.85.125.222 - - [08/Dec/2021:06:23:17 +0800] "GET /xingrg/all/function/internal_message.html?_=1638915757644&CODE_STATE=getMsg HTTP/1.1" 200 27
116.238.248.233 - - [08/Dec/2021:06:23:26 +0800] "GET /xingrg/all/function/internal_message.html?_=1638915805438&CODE_STATE=getMsg HTTP/1.1" 200 27
114.85.125.222 - - [08/Dec/2021:06:23:30 +0800] "POST /xingrg/services/DataTransmitService HTTP/1.1" 200 524
58.35.215.131 - - [08/Dec/2021:06:23:37 +0800] "GET /xingrg/all/function/internal_message.html?_=1638915816195&CODE_STATE=getMsg HTTP/1.1" 200 27
120.253.135.82 - - [08/Dec/2021:06:24:00 +0800] "GET /xingrg/all/function/internal_message.html?_=1638915617105&CODE_STATE=getMsg HTTP/1.1" 200 27
222.70.176.97 - - [08/Dec/2021:06:24:10 +0800] "GET /xingrg/all/function/internal_message.html?_=1638915519583&CODE_STATE=getMsg HTTP/1.1" 302 -
114.85.125.222 - - [08/Dec/2021:06:24:17 +0800] "GET /xingrg/all/function/internal_message.html?_=1638915817659&CODE_STATE=getMsg HTTP/1.1" 200 27
116.238.248.233 - - [08/Dec/2021:06:24:26 +0800] "GET /xingrg/all/function/internal_message.html?_=1638915865441&CODE_STATE=getMsg HTTP/1.1" 200 27
58.35.215.131 - - [08/Dec/2021:06:24:37 +0800] "GET /xingrg/all/function/internal_message.html?_=1638915876197&CODE_STATE=getMsg HTTP/1.1" 200 27
120.253.135.82 - - [08/Dec/2021:06:24:43 +0800] "GET /xingrg/kc/pszx/mdqp_order_list.html?state=10 HTTP/1.1" 200 13068
120.253.135.82 - - [08/Dec/2021:06:24:43 +0800] "GET /xingrg/dwr/interface/AjaxQqpsService.js HTTP/1.1" 200 16326
120.253.135.82 - - [08/Dec/2021:06:24:43 +0800] "GET /xingrg/dwr/interface/AjaxReportQueryService.js HTTP/1.1" 200 13203
120.253.135.82 - - [08/Dec/2021:06:24:43 +0800] "GET /xingrg/dwr/engine.js HTTP/1.1" 200 43631
120.253.135.82 - - [08/Dec/2021:06:24:49 +0800] "GET /xingrg/kc/pszx/mdqp_order_info.html?code=302021120700132 HTTP/1.1" 200 13354
120.253.135.82 - - [08/Dec/2021:06:24:49 +0800] "GET /xingrg/javascript/ToolTips.js HTTP/1.1" 200 5615
120.253.135.82 - - [08/Dec/2021:06:24:49 +0800] "GET /xingrg/dwr/interface/AjaxQqpsService.js HTTP/1.1" 200 16326
120.253.135.82 - - [08/Dec/2021:06:24:49 +0800] "GET /xingrg/javascript/AjaxInfoList.js HTTP/1.1" 200 3774
120.253.135.82 - - [08/Dec/2021:06:24:49 +0800] "GET /xingrg/dwr/interface/AjaxComOrderService.js HTTP/1.1" 200 18264
120.253.135.82 - - [08/Dec/2021:06:24:49 +0800] "GET /xingrg/javascript/Grid.js HTTP/1.1" 200 58908
120.253.135.82 - - [08/Dec/2021:06:24:49 +0800] "GET /xingrg/javascript/checkform.js HTTP/1.1" 200 18351
120.253.135.82 - - [08/Dec/2021:06:24:49 +0800] "GET /xingrg/dwr/engine.js HTTP/1.1" 200 43631
120.253.135.82 - - [08/Dec/2021:06:24:49 +0800] "GET /xingrg/javascript/jquery_easy_ui/themes/default/images/menu_downarrow.png HTTP/1.1" 200 173
120.253.135.82 - - [08/Dec/2021:06:24:49 +0800] "GET /xingrg/javascript/jquery_easy_ui/themes/icons/print.png HTTP/1.1" 200 1057
120.253.135.82 - - [08/Dec/2021:06:24:49 +0800] "GET /xingrg/images/blue/button/kc_tab_save.gif HTTP/1.1" 200 777
120.253.135.82 - - [08/Dec/2021:06:24:49 +0800] "GET /xingrg/images/blue/button/kc_tab_edit.gif HTTP/1.1" 200 551
120.253.135.82 - - [08/Dec/2021:06:24:49 +0800] "GET /xingrg/images/blue/kc_tab_right.gif HTTP/1.1" 200 643
120.253.135.82 - - [08/Dec/2021:06:24:49 +0800] "GET /xingrg/images/blue/kc_tab_left.gif HTTP/1.1" 200 188
120.253.135.82 - - [08/Dec/2021:06:24:49 +0800] "GET /xingrg/images/blue/kc_tab2_right.gif HTTP/1.1" 200 192
120.253.135.82 - - [08/Dec/2021:06:24:49 +0800] "GET /xingrg/images/blue/kc_tab_mid.gif HTTP/1.1" 200 44
120.253.135.82 - - [08/Dec/2021:06:24:49 +0800] "GET /xingrg/images/blue/kc_tab2_left.gif HTTP/1.1" 200 625
120.253.135.82 - - [08/Dec/2021:06:24:49 +0800] "GET /xingrg/images/blue/wait.gif HTTP/1.1" 200 1100
120.253.135.82 - - [08/Dec/2021:06:24:50 +0800] "POST /xingrg/dwr/call/plaincall/AjaxQqpsService.loadMaterielItems.dwr HTTP/1.1" 200 4449
120.253.135.82 - - [08/Dec/2021:06:25:00 +0800] "GET /xingrg/all/function/internal_message.html?_=1638915677130&CODE_STATE=getMsg HTTP/1.1" 200 27
120.253.135.82 - - [08/Dec/2021:06:25:03 +0800] "GET /xingrg/images/yd/bt.gif HTTP/1.1" 404 1040
120.253.135.82 - - [08/Dec/2021:06:25:03 +0800] "GET /xingrg/images/yd/bt2.gif HTTP/1.1" 404 1042
222.70.176.97 - - [08/Dec/2021:06:25:10 +0800] "GET /xingrg/all/function/internal_message.html?_=1638915579583&CODE_STATE=getMsg HTTP/1.1" 302 -
120.253.135.82 - - [08/Dec/2021:06:25:10 +0800] "GET /xingrg/check_reg.html?_=1638915686865 HTTP/1.1" 200 22
114.85.125.222 - - [08/Dec/2021:06:25:17 +0800] "GET /xingrg/all/function/internal_message.html?_=1638915877683&CODE_STATE=getMsg HTTP/1.1" 200 27
120.253.135.82 - - [08/Dec/2021:06:25:24 +0800] "GET /xingrg/javascript/jquery_easy_ui/themes/default/images/button_plain_hover.png HTTP/1.1" 200 252
120.253.135.82 - - [08/Dec/2021:06:25:24 +0800] "GET /xingrg/kc/pszx/mdqp_order_list.html?isBack=1 HTTP/1.1" 302 -
120.253.135.82 - - [08/Dec/2021:06:25:25 +0800] "GET /xingrg/kc/pszx/mdqp_order_list.html?state=10 HTTP/1.1" 200 13068
120.253.135.82 - - [08/Dec/2021:06:25:25 +0800] "GET /xingrg/dwr/interface/AjaxReportQueryService.js HTTP/1.1" 200 13203
120.253.135.82 - - [08/Dec/2021:06:25:25 +0800] "GET /xingrg/dwr/interface/AjaxQqpsService.js HTTP/1.1" 200 16326
120.253.135.82 - - [08/Dec/2021:06:25:25 +0800] "GET /xingrg/dwr/engine.js HTTP/1.1" 200 43631
116.238.248.233 - - [08/Dec/2021:06:25:26 +0800] "GET /xingrg/all/function/internal_message.html?_=1638915925446&CODE_STATE=getMsg HTTP/1.1" 200 27
120.253.135.82 - - [08/Dec/2021:06:25:27 +0800] "GET /xingrg/kc/pszx/mdqp_order_info.html?code=302021120700132 HTTP/1.1" 200 13354
120.253.135.82 - - [08/Dec/2021:06:25:27 +0800] "GET /xingrg/dwr/interface/AjaxComOrderService.js HTTP/1.1" 200 18264
120.253.135.82 - - [08/Dec/2021:06:25:27 +0800] "GET /xingrg/dwr/interface/AjaxQqpsService.js HTTP/1.1" 200 16326
120.253.135.82 - - [08/Dec/2021:06:25:27 +0800] "GET /xingrg/dwr/engine.js HTTP/1.1" 200 43631
120.253.135.82 - - [08/Dec/2021:06:25:28 +0800] "POST /xingrg/dwr/call/plaincall/AjaxQqpsService.loadMaterielItems.dwr HTTP/1.1" 200 4449
120.253.135.82 - - [08/Dec/2021:06:25:30 +0800] "GET /xingrg/kc/pszx/mdqp_order_list.html?isBack=1 HTTP/1.1" 302 -
120.253.135.82 - - [08/Dec/2021:06:25:30 +0800] "GET /xingrg/kc/pszx/mdqp_order_list.html?state=10 HTTP/1.1" 200 13068
120.253.135.82 - - [08/Dec/2021:06:25:30 +0800] "GET /xingrg/dwr/interface/AjaxReportQueryService.js HTTP/1.1" 200 13203
120.253.135.82 - - [08/Dec/2021:06:25:30 +0800] "GET /xingrg/dwr/interface/AjaxQqpsService.js HTTP/1.1" 200 16326
120.253.135.82 - - [08/Dec/2021:06:25:30 +0800] "GET /xingrg/dwr/engine.js HTTP/1.1" 200 43631
120.253.135.82 - - [08/Dec/2021:06:25:33 +0800] "GET /xingrg/kc/pszx/mdqp_order_info.html?code=302021120700131 HTTP/1.1" 200 13354
120.253.135.82 - - [08/Dec/2021:06:25:33 +0800] "GET /xingrg/dwr/interface/AjaxComOrderService.js HTTP/1.1" 200 18264
120.253.135.82 - - [08/Dec/2021:06:25:33 +0800] "GET /xingrg/dwr/interface/AjaxQqpsService.js HTTP/1.1" 200 16326
120.253.135.82 - - [08/Dec/2021:06:25:33 +0800] "GET /xingrg/dwr/engine.js HTTP/1.1" 200 43631
120.253.135.82 - - [08/Dec/2021:06:25:34 +0800] "POST /xingrg/dwr/call/plaincall/AjaxQqpsService.loadMaterielItems.dwr HTTP/1.1" 200 7566
58.35.215.131 - - [08/Dec/2021:06:25:37 +0800] "GET /xingrg/all/function/internal_message.html?_=1638915936197&CODE_STATE=getMsg HTTP/1.1" 200 27
120.253.135.82 - - [08/Dec/2021:06:25:42 +0800] "GET /xingrg/images/yd/bt.gif HTTP/1.1" 404 1040
120.253.135.82 - - [08/Dec/2021:06:25:42 +0800] "GET /xingrg/images/yd/bt2.gif HTTP/1.1" 404 1042
120.253.135.82 - - [08/Dec/2021:06:26:00 +0800] "GET /xingrg/all/function/internal_message.html?_=1638915737144&CODE_STATE=getMsg HTTP/1.1" 200 27
114.85.125.222 - - [08/Dec/2021:06:26:06 +0800] "GET /xingrg/check_reg.html?_=1638915927098 HTTP/1.1" 200 22
222.70.176.97 - - [08/Dec/2021:06:26:10 +0800] "GET /xingrg/all/function/internal_message.html?_=1638915639583&CODE_STATE=getMsg HTTP/1.1" 302 -
114.85.125.222 - - [08/Dec/2021:06:26:17 +0800] "GET /xingrg/all/function/internal_message.html?_=1638915937685&CODE_STATE=getMsg HTTP/1.1" 200 27
116.238.248.233 - - [08/Dec/2021:06:26:26 +0800] "GET /xingrg/all/function/internal_message.html?_=1638915985451&CODE_STATE=getMsg HTTP/1.1" 200 27
58.35.215.131 - - [08/Dec/2021:06:26:37 +0800] "GET /xingrg/all/function/internal_message.html?_=1638915996200&CODE_STATE=getMsg HTTP/1.1" 200 27
120.253.135.82 - - [08/Dec/2021:06:26:53 +0800] "GET /xingrg/kc/pszx/mdqp_order_list.html?isBack=1 HTTP/1.1" 302 -
120.253.135.82 - - [08/Dec/2021:06:26:53 +0800] "GET /xingrg/kc/pszx/mdqp_order_list.html?state=10 HTTP/1.1" 200 13068
120.253.135.82 - - [08/Dec/2021:06:26:53 +0800] "GET /xingrg/dwr/interface/AjaxReportQueryService.js HTTP/1.1" 200 13203
120.253.135.82 - - [08/Dec/2021:06:26:53 +0800] "GET /xingrg/dwr/interface/AjaxQqpsService.js HTTP/1.1" 200 16326
120.253.135.82 - - [08/Dec/2021:06:26:53 +0800] "GET /xingrg/dwr/engine.js HTTP/1.1" 200 43631
120.253.135.82 - - [08/Dec/2021:06:27:00 +0800] "GET /xingrg/all/function/internal_message.html?_=1638915797158&CODE_STATE=getMsg HTTP/1.1" 200 27
120.253.135.82 - - [08/Dec/2021:06:27:03 +0800] "GET /xingrg/kc/pszx/jzcl_ps.html HTTP/1.1" 200 7683
120.253.135.82 - - [08/Dec/2021:06:27:03 +0800] "GET /xingrg/javascript/step/step.css HTTP/1.1" 200 999
120.253.135.82 - - [08/Dec/2021:06:27:03 +0800] "POST /xingrg/all/common/load_tree.html?tree=area_rest_tree_json HTTP/1.1" 200 3472
120.253.135.82 - - [08/Dec/2021:06:27:04 +0800] "POST /xingrg/kc/pszx/jzcl_ps_operate.html HTTP/1.1" 200 3077
120.253.135.82 - - [08/Dec/2021:06:27:04 +0800] "POST /xingrg/kc/pszx/jzcl_ps_operate.html HTTP/1.1" 200 3077
222.70.176.97 - - [08/Dec/2021:06:27:10 +0800] "GET /xingrg/all/function/internal_message.html?_=1638915699583&CODE_STATE=getMsg HTTP/1.1" 302 -
114.85.125.222 - - [08/Dec/2021:06:27:17 +0800] "GET /xingrg/all/function/internal_message.html?_=1638915997699&CODE_STATE=getMsg HTTP/1.1" 200 27
116.238.248.233 - - [08/Dec/2021:06:27:26 +0800] "GET /xingrg/all/function/internal_message.html?_=1638916045451&CODE_STATE=getMsg HTTP/1.1" 200 27
116.238.248.233 - - [08/Dec/2021:06:27:26 +0800] "GET /xingrg/check_reg.html?_=1638916045463 HTTP/1.1" 200 22
120.253.135.82 - - [08/Dec/2021:06:27:29 +0800] "POST /xingrg/kc/pszx/jzcl_ps_operate.html HTTP/1.1" 200 4
120.253.135.82 - - [08/Dec/2021:06:27:34 +0800] "POST /xingrg/kc/pszx/jzcl_ps_operate.html HTTP/1.1" 200 2174
120.253.135.82 - - [08/Dec/2021:06:27:34 +0800] "GET /xingrg/kc/pszx/mdps_order_list.html HTTP/1.1" 200 20925
120.253.135.82 - - [08/Dec/2021:06:27:34 +0800] "POST /xingrg/kc/pszx/mdps_list_operate.html HTTP/1.1" 200 5293
58.35.215.131 - - [08/Dec/2021:06:27:37 +0800] "GET /xingrg/all/function/internal_message.html?_=1638916056201&CODE_STATE=getMsg HTTP/1.1" 200 27
58.35.215.131 - - [08/Dec/2021:06:27:37 +0800] "GET /xingrg/check_reg.html?_=1638916056203 HTTP/1.1" 200 22
120.253.135.82 - - [08/Dec/2021:06:27:38 +0800] "GET /xingrg/kc/pszx/mdqp_order_list.html?state=10 HTTP/1.1" 200 12251
120.253.135.82 - - [08/Dec/2021:06:27:38 +0800] "GET /xingrg/dwr/interface/AjaxQqpsService.js HTTP/1.1" 200 16326
120.253.135.82 - - [08/Dec/2021:06:27:38 +0800] "GET /xingrg/dwr/interface/AjaxReportQueryService.js HTTP/1.1" 200 13203
120.253.135.82 - - [08/Dec/2021:06:27:38 +0800] "GET /xingrg/dwr/engine.js HTTP/1.1" 200 43631
120.253.135.82 - - [08/Dec/2021:06:27:40 +0800] "GET /xingrg/kc/pszx/mdps_order_list.html?orderType=0 HTTP/1.1" 200 20925
120.253.135.82 - - [08/Dec/2021:06:27:41 +0800] "POST /xingrg/kc/pszx/mdps_list_operate.html HTTP/1.1" 200 5293
120.253.135.82 - - [08/Dec/2021:06:27:53 +0800] "POST /xingrg/kc/pszx/mdps_list_operate.html HTTP/1.1" 200 2077
120.253.135.82 - - [08/Dec/2021:06:27:55 +0800] "POST /xingrg/kc/pszx/mdps_list_operate.html HTTP/1.1" 200 619
120.253.135.82 - - [08/Dec/2021:06:27:56 +0800] "GET /xingrg/kc/pszx/mdps_order_info.html?code=312021120800201 HTTP/1.1" 200 23935
120.253.135.82 - - [08/Dec/2021:06:27:56 +0800] "GET /xingrg/javascript/easyui/themes/default/validatebox.css HTTP/1.1" 404 1104
120.253.135.82 - - [08/Dec/2021:06:27:57 +0800] "POST /xingrg/kc/pszx/mdps_order_operate.html HTTP/1.1" 200 13905
120.253.135.82 - - [08/Dec/2021:06:28:00 +0800] "GET /xingrg/all/function/internal_message.html?_=1638915857171&CODE_STATE=getMsg HTTP/1.1" 200 27
120.253.135.82 - - [08/Dec/2021:06:28:00 +0800] "POST /xingrg/kc/pszx/mdps_order_operate.html HTTP/1.1" 200 37
120.253.135.82 - - [08/Dec/2021:06:28:02 +0800] "GET /xingrg/kc/pszx/mdps_order_info.html?code=312021120800201 HTTP/1.1" 200 23935
120.253.135.82 - - [08/Dec/2021:06:28:03 +0800] "GET /xingrg/javascript/easyui/themes/default/validatebox.css HTTP/1.1" 404 1104
120.253.135.82 - - [08/Dec/2021:06:28:03 +0800] "POST /xingrg/kc/pszx/mdps_order_operate.html HTTP/1.1" 200 14092
222.70.176.97 - - [08/Dec/2021:06:28:10 +0800] "GET /xingrg/all/function/internal_message.html?_=1638915759583&CODE_STATE=getMsg HTTP/1.1" 302 -
222.70.176.97 - - [08/Dec/2021:06:28:10 +0800] "GET /xingrg/check_reg.html?_=1638915759585 HTTP/1.1" 302 -
114.85.125.222 - - [08/Dec/2021:06:28:17 +0800] "GET /xingrg/all/function/internal_message.html?_=1638916057724&CODE_STATE=getMsg HTTP/1.1" 200 27
116.238.248.233 - - [08/Dec/2021:06:28:26 +0800] "GET /xingrg/all/function/internal_message.html?_=1638916105464&CODE_STATE=getMsg HTTP/1.1" 200 27
120.253.135.82 - - [08/Dec/2021:06:28:33 +0800] "POST /xingrg/kc/pszx/mdps_order_operate.html HTTP/1.1" 200 37
120.253.135.82 - - [08/Dec/2021:06:28:35 +0800] "GET /xingrg/kc/pszx/mdps_order_info.html?code=312021120800201 HTTP/1.1" 200 23935
120.253.135.82 - - [08/Dec/2021:06:28:36 +0800] "GET /xingrg/javascript/easyui/themes/default/validatebox.css HTTP/1.1" 404 1104
120.253.135.82 - - [08/Dec/2021:06:28:36 +0800] "POST /xingrg/kc/pszx/mdps_order_operate.html HTTP/1.1" 200 14092
58.35.215.131 - - [08/Dec/2021:06:28:37 +0800] "GET /xingrg/all/function/internal_message.html?_=1638916116204&CODE_STATE=getMsg HTTP/1.1" 200 27
120.253.135.82 - - [08/Dec/2021:06:29:00 +0800] "GET /xingrg/all/function/internal_message.html?_=1638915917185&CODE_STATE=getMsg HTTP/1.1" 200 27
222.70.176.97 - - [08/Dec/2021:06:29:10 +0800] "GET /xingrg/all/function/internal_message.html?_=1638915819584&CODE_STATE=getMsg HTTP/1.1" 302 -
114.85.125.222 - - [08/Dec/2021:06:29:17 +0800] "GET /xingrg/all/function/internal_message.html?_=1638916117727&CODE_STATE=getMsg HTTP/1.1" 200 27
116.238.248.233 - - [08/Dec/2021:06:29:26 +0800] "GET /xingrg/all/function/internal_message.html?_=1638916165463&CODE_STATE=getMsg HTTP/1.1" 200 27
58.35.215.131 - - [08/Dec/2021:06:29:37 +0800] "GET /xingrg/all/function/internal_message.html?_=1638916176207&CODE_STATE=getMsg HTTP/1.1" 200 27
120.253.135.82 - - [08/Dec/2021:06:30:00 +0800] "GET /xingrg/all/function/internal_message.html?_=1638915977199&CODE_STATE=getMsg HTTP/1.1" 200 27
222.70.176.97 - - [08/Dec/2021:06:30:10 +0800] "GET /xingrg/all/function/internal_message.html?_=1638915879583&CODE_STATE=getMsg HTTP/1.1" 302 -
120.253.135.82 - - [08/Dec/2021:06:30:10 +0800] "GET /xingrg/check_reg.html?_=1638915987000 HTTP/1.1" 200 22
124.78.153.86 - - [08/Dec/2021:06:30:16 +0800] "POST /xingrg/services/DataTransmitService HTTP/1.1" 200 524
114.85.125.222 - - [08/Dec/2021:06:30:17 +0800] "GET /xingrg/all/function/internal_message.html?_=1638916177755&CODE_STATE=getMsg HTTP/1.1" 200 27
124.78.153.86 - - [08/Dec/2021:06:30:17 +0800] "POST /xingrg/services/DataTransmitService HTTP/1.1" 200 501
116.238.248.233 - - [08/Dec/2021:06:30:26 +0800] "GET /xingrg/all/function/internal_message.html?_=1638916225477&CODE_STATE=getMsg HTTP/1.1" 200 27
58.35.215.131 - - [08/Dec/2021:06:30:37 +0800] "GET /xingrg/all/function/internal_message.html?_=1638916236208&CODE_STATE=getMsg HTTP/1.1" 200 27
120.253.135.82 - - [08/Dec/2021:06:31:00 +0800] "GET /xingrg/all/function/internal_message.html?_=1638916037212&CODE_STATE=getMsg HTTP/1.1" 200 27
114.85.125.222 - - [08/Dec/2021:06:31:06 +0800] "GET /xingrg/check_reg.html?_=1638916227099 HTTP/1.1" 200 22
222.70.176.97 - - [08/Dec/2021:06:31:10 +0800] "GET /xingrg/all/function/internal_message.html?_=1638915939584&CODE_STATE=getMsg HTTP/1.1" 302 -
114.85.125.222 - - [08/Dec/2021:06:31:17 +0800] "GET /xingrg/all/function/internal_message.html?_=1638916237770&CODE_STATE=getMsg HTTP/1.1" 200 27
116.238.248.233 - - [08/Dec/2021:06:31:26 +0800] "GET /xingrg/all/function/internal_message.html?_=1638916285476&CODE_STATE=getMsg HTTP/1.1" 200 27
58.35.215.131 - - [08/Dec/2021:06:31:37 +0800] "GET /xingrg/all/function/internal_message.html?_=1638916296195&CODE_STATE=getMsg HTTP/1.1" 200 27
120.253.135.82 - - [08/Dec/2021:06:32:01 +0800] "GET /xingrg/all/function/internal_message.html?_=1638916097292&CODE_STATE=getMsg HTTP/1.1" 200 27
222.70.176.97 - - [08/Dec/2021:06:32:10 +0800] "GET /xingrg/all/function/internal_message.html?_=1638915999583&CODE_STATE=getMsg HTTP/1.1" 302 -
114.85.125.222 - - [08/Dec/2021:06:32:17 +0800] "GET /xingrg/all/function/internal_message.html?_=1638916297783&CODE_STATE=getMsg HTTP/1.1" 200 27
116.238.248.233 - - [08/Dec/2021:06:32:26 +0800] "GET /xingrg/all/function/internal_message.html?_=1638916345485&CODE_STATE=getMsg HTTP/1.1" 200 27
116.238.248.233 - - [08/Dec/2021:06:32:26 +0800] "GET /xingrg/check_reg.html?_=1638916345484 HTTP/1.1" 200 22
58.35.215.131 - - [08/Dec/2021:06:32:37 +0800] "GET /xingrg/all/function/internal_message.html?_=1638916356197&CODE_STATE=getMsg HTTP/1.1" 200 27
58.35.215.131 - - [08/Dec/2021:06:32:37 +0800] "GET /xingrg/check_reg.html?_=1638916356199 HTTP/1.1" 200 22
120.253.135.82 - - [08/Dec/2021:06:33:01 +0800] "GET /xingrg/all/function/internal_message.html?_=1638916157301&CODE_STATE=getMsg HTTP/1.1" 200 27
222.70.176.97 - - [08/Dec/2021:06:33:10 +0800] "GET /xingrg/all/function/internal_message.html?_=1638916059583&CODE_STATE=getMsg HTTP/1.1" 302 -
222.70.176.97 - - [08/Dec/2021:06:33:10 +0800] "GET /xingrg/check_reg.html?_=1638916059585 HTTP/1.1" 302 -
120.253.135.82 - - [08/Dec/2021:06:33:11 +0800] "POST /xingrg/kc/pszx/mdps_order_operate.html HTTP/1.1" 200 37
120.253.135.82 - - [08/Dec/2021:06:33:12 +0800] "GET /xingrg/kc/pszx/mdps_order_info.html?code=312021120800201 HTTP/1.1" 200 23935
120.253.135.82 - - [08/Dec/2021:06:33:13 +0800] "GET /xingrg/javascript/easyui/themes/default/validatebox.css HTTP/1.1" 404 1104
120.253.135.82 - - [08/Dec/2021:06:33:13 +0800] "POST /xingrg/kc/pszx/mdps_order_operate.html HTTP/1.1" 200 14092
114.85.125.222 - - [08/Dec/2021:06:33:17 +0800] "GET /xingrg/all/function/internal_message.html?_=1638916357808&CODE_STATE=getMsg HTTP/1.1" 200 27
120.253.135.82 - - [08/Dec/2021:06:33:18 +0800] "POST /xingrg/kc/pszx/mdps_list_operate.html HTTP/1.1" 200 605
120.253.135.82 - - [08/Dec/2021:06:33:20 +0800] "GET /xingrg/kc/pszx/mdps_order_info.html?code=312021120800202 HTTP/1.1" 200 23935
120.253.135.82 - - [08/Dec/2021:06:33:20 +0800] "GET /xingrg/javascript/easyui/themes/default/validatebox.css HTTP/1.1" 404 1104
120.253.135.82 - - [08/Dec/2021:06:33:21 +0800] "POST /xingrg/kc/pszx/mdps_order_operate.html HTTP/1.1" 200 9186
120.253.135.82 - - [08/Dec/2021:06:33:23 +0800] "POST /xingrg/all/common/load_combo.html?type=base HTTP/1.1" 200 1075
116.238.248.233 - - [08/Dec/2021:06:33:26 +0800] "GET /xingrg/all/function/internal_message.html?_=1638916405484&CODE_STATE=getMsg HTTP/1.1" 200 27
120.253.135.82 - - [08/Dec/2021:06:33:27 +0800] "POST /xingrg/kc/pszx/mdps_order_operate.html HTTP/1.1" 200 37
120.253.135.82 - - [08/Dec/2021:06:33:29 +0800] "GET /xingrg/kc/pszx/mdps_order_info.html?code=312021120800202 HTTP/1.1" 200 23935
120.253.135.82 - - [08/Dec/2021:06:33:29 +0800] "GET /xingrg/javascript/easyui/themes/default/validatebox.css HTTP/1.1" 404 1104
120.253.135.82 - - [08/Dec/2021:06:33:30 +0800] "POST /xingrg/kc/pszx/mdps_order_operate.html HTTP/1.1" 200 9315
58.35.215.131 - - [08/Dec/2021:06:33:37 +0800] "GET /xingrg/all/function/internal_message.html?_=1638916416199&CODE_STATE=getMsg HTTP/1.1" 200 27
120.253.135.82 - - [08/Dec/2021:06:34:01 +0800] "GET /xingrg/all/function/internal_message.html?_=1638916217315&CODE_STATE=getMsg HTTP/1.1" 200 27
222.70.176.97 - - [08/Dec/2021:06:34:10 +0800] "GET /xingrg/all/function/internal_message.html?_=1638916119583&CODE_STATE=getMsg HTTP/1.1" 302 -
116.229.213.191 - - [08/Dec/2021:06:34:11 +0800] "POST /xingrg/services/DataTransmitService HTTP/1.1" 200 524
124.79.76.106 - - [08/Dec/2021:06:34:16 +0800] "POST /xingrg/services/DataTransmitService HTTP/1.1" 200 524
114.85.125.222 - - [08/Dec/2021:06:34:17 +0800] "GET /xingrg/all/function/internal_message.html?_=1638916417810&CODE_STATE=getMsg HTTP/1.1" 200 27
124.79.76.106 - - [08/Dec/2021:06:34:18 +0800] "POST /xingrg/services/DataTransmitService HTTP/1.1" 200 501
116.229.213.191 - - [08/Dec/2021:06:34:25 +0800] "POST /xingrg/services/DataTransmitService HTTP/1.1" 200 501
116.229.213.191 - - [08/Dec/2021:06:34:26 +0800] "POST /xingrg/services/DataTransmitService HTTP/1.1" 200 501
116.238.248.233 - - [08/Dec/2021:06:34:26 +0800] "GET /xingrg/all/function/internal_message.html?_=1638916465492&CODE_STATE=getMsg HTTP/1.1" 200 27
116.229.213.191 - - [08/Dec/2021:06:34:35 +0800] "POST /xingrg/services/DataTransmitService HTTP/1.1" 200 501
58.35.215.131 - - [08/Dec/2021:06:34:37 +0800] "GET /xingrg/all/function/internal_message.html?_=1638916476200&CODE_STATE=getMsg HTTP/1.1" 200 27
116.229.213.191 - - [08/Dec/2021:06:34:45 +0800] "POST /xingrg/services/DataTransmitService HTTP/1.1" 200 501
116.229.213.191 - - [08/Dec/2021:06:34:46 +0800] "POST /xingrg/services/DataTransmitService HTTP/1.1" 200 501
116.229.213.191 - - [08/Dec/2021:06:34:46 +0800] "POST /xingrg/services/DataTransmitService HTTP/1.1" 200 501
116.229.213.191 - - [08/Dec/2021:06:34:50 +0800] "POST /xingrg/services/DataTransmitService HTTP/1.1" 200 501
116.229.213.191 - - [08/Dec/2021:06:34:51 +0800] "POST /xingrg/services/DataTransmitService HTTP/1.1" 200 501
116.229.213.191 - - [08/Dec/2021:06:34:51 +0800] "POST /xingrg/services/DataTransmitService HTTP/1.1" 200 501
116.229.213.191 - - [08/Dec/2021:06:34:52 +0800] "POST /xingrg/services/DataTransmitService HTTP/1.1" 200 412
120.253.135.82 - - [08/Dec/2021:06:35:01 +0800] "GET /xingrg/all/function/internal_message.html?_=1638916277329&CODE_STATE=getMsg HTTP/1.1" 200 27
120.253.135.82 - - [08/Dec/2021:06:35:07 +0800] "POST /xingrg/kc/pszx/mdps_list_operate.html HTTP/1.1" 200 2076
222.70.176.97 - - [08/Dec/2021:06:35:10 +0800] "GET /xingrg/all/function/internal_message.html?_=1638916179583&CODE_STATE=getMsg HTTP/1.1" 302 -
120.253.135.82 - - [08/Dec/2021:06:35:10 +0800] "GET /xingrg/check_reg.html?_=1638916287005 HTTP/1.1" 200 22
114.85.125.222 - - [08/Dec/2021:06:35:17 +0800] "GET /xingrg/all/function/internal_message.html?_=1638916477834&CODE_STATE=getMsg HTTP/1.1" 200 27
120.253.135.82 - - [08/Dec/2021:06:35:17 +0800] "GET /xingrg/kc/buy/cgsh_order_list.html HTTP/1.1" 200 49163
120.253.135.82 - - [08/Dec/2021:06:35:19 +0800] "POST /xingrg/kc/buy/cgsh_list_operate.html HTTP/1.1" 200 876
120.253.135.82 - - [08/Dec/2021:06:35:24 +0800] "GET /xingrg/kc/pszx/mdqp_order_list.html?state=10 HTTP/1.1" 200 12251
120.253.135.82 - - [08/Dec/2021:06:35:24 +0800] "GET /xingrg/dwr/interface/AjaxQqpsService.js HTTP/1.1" 200 16326
120.253.135.82 - - [08/Dec/2021:06:35:24 +0800] "GET /xingrg/dwr/interface/AjaxReportQueryService.js HTTP/1.1" 200 13203
120.253.135.82 - - [08/Dec/2021:06:35:24 +0800] "GET /xingrg/dwr/engine.js HTTP/1.1" 200 43631
116.238.248.233 - - [08/Dec/2021:06:35:26 +0800] "GET /xingrg/all/function/internal_message.html?_=1638916525491&CODE_STATE=getMsg HTTP/1.1" 200 27
120.253.135.82 - - [08/Dec/2021:06:35:29 +0800] "GET /xingrg/kc/pszx/mdqp_order_info.html?code=302021120700140 HTTP/1.1" 200 13350
120.253.135.82 - - [08/Dec/2021:06:35:29 +0800] "GET /xingrg/dwr/interface/AjaxQqpsService.js HTTP/1.1" 200 16326
120.253.135.82 - - [08/Dec/2021:06:35:29 +0800] "GET /xingrg/dwr/interface/AjaxComOrderService.js HTTP/1.1" 200 18264
120.253.135.82 - - [08/Dec/2021:06:35:29 +0800] "GET /xingrg/dwr/engine.js HTTP/1.1" 200 43631
120.253.135.82 - - [08/Dec/2021:06:35:30 +0800] "POST /xingrg/dwr/call/plaincall/AjaxQqpsService.loadMaterielItems.dwr HTTP/1.1" 200 4442
120.253.135.82 - - [08/Dec/2021:06:35:34 +0800] "GET /xingrg/images/yd/bt.gif HTTP/1.1" 404 1040
120.253.135.82 - - [08/Dec/2021:06:35:34 +0800] "GET /xingrg/images/yd/bt2.gif HTTP/1.1" 404 1042
58.35.215.131 - - [08/Dec/2021:06:35:37 +0800] "GET /xingrg/all/function/internal_message.html?_=1638916536203&CODE_STATE=getMsg HTTP/1.1" 200 27
120.253.135.82 - - [08/Dec/2021:06:35:43 +0800] "GET /xingrg/kc/pszx/mdqp_order_list.html?isBack=1 HTTP/1.1" 302 -
120.253.135.82 - - [08/Dec/2021:06:35:44 +0800] "GET /xingrg/kc/pszx/mdqp_order_list.html?state=10 HTTP/1.1" 200 12251
120.253.135.82 - - [08/Dec/2021:06:35:44 +0800] "GET /xingrg/dwr/interface/AjaxReportQueryService.js HTTP/1.1" 200 13203
120.253.135.82 - - [08/Dec/2021:06:35:44 +0800] "GET /xingrg/dwr/interface/AjaxQqpsService.js HTTP/1.1" 200 16326
120.253.135.82 - - [08/Dec/2021:06:35:44 +0800] "GET /xingrg/dwr/engine.js HTTP/1.1" 200 43631
120.253.135.82 - - [08/Dec/2021:06:35:49 +0800] "GET /xingrg/kc/pszx/mdqp_order_info.html?code=302021120700139 HTTP/1.1" 200 13350
120.253.135.82 - - [08/Dec/2021:06:35:49 +0800] "GET /xingrg/dwr/interface/AjaxComOrderService.js HTTP/1.1" 200 18264
120.253.135.82 - - [08/Dec/2021:06:35:49 +0800] "GET /xingrg/dwr/interface/AjaxQqpsService.js HTTP/1.1" 200 16326
120.253.135.82 - - [08/Dec/2021:06:35:49 +0800] "GET /xingrg/dwr/engine.js HTTP/1.1" 200 43631
120.253.135.82 - - [08/Dec/2021:06:35:50 +0800] "POST /xingrg/dwr/call/plaincall/AjaxQqpsService.loadMaterielItems.dwr HTTP/1.1" 200 387
120.253.135.82 - - [08/Dec/2021:06:35:54 +0800] "GET /xingrg/kc/pszx/mdqp_order_list.html?isBack=1 HTTP/1.1" 302 -
120.253.135.82 - - [08/Dec/2021:06:35:54 +0800] "GET /xingrg/kc/pszx/mdqp_order_list.html?state=10 HTTP/1.1" 200 12251
120.253.135.82 - - [08/Dec/2021:06:35:55 +0800] "GET /xingrg/dwr/interface/AjaxQqpsService.js HTTP/1.1" 200 16326
120.253.135.82 - - [08/Dec/2021:06:35:55 +0800] "GET /xingrg/dwr/interface/AjaxReportQueryService.js HTTP/1.1" 200 13203
120.253.135.82 - - [08/Dec/2021:06:35:55 +0800] "GET /xingrg/dwr/engine.js HTTP/1.1" 200 43631
120.253.135.82 - - [08/Dec/2021:06:35:57 +0800] "GET /xingrg/kc/pszx/mdqp_order_info.html?code=302021120700138 HTTP/1.1" 200 13350
120.253.135.82 - - [08/Dec/2021:06:35:57 +0800] "GET /xingrg/dwr/interface/AjaxComOrderService.js HTTP/1.1" 200 18264
120.253.135.82 - - [08/Dec/2021:06:35:57 +0800] "GET /xingrg/dwr/interface/AjaxQqpsService.js HTTP/1.1" 200 16326
120.253.135.82 - - [08/Dec/2021:06:35:57 +0800] "GET /xingrg/dwr/engine.js HTTP/1.1" 200 43631
120.253.135.82 - - [08/Dec/2021:06:35:58 +0800] "POST /xingrg/dwr/call/plaincall/AjaxQqpsService.loadMaterielItems.dwr HTTP/1.1" 200 3404
120.253.135.82 - - [08/Dec/2021:06:36:01 +0800] "GET /xingrg/all/function/internal_message.html?_=1638916337343&CODE_STATE=getMsg HTTP/1.1" 200 27
120.253.135.82 - - [08/Dec/2021:06:36:05 +0800] "GET /xingrg/images/yd/bt.gif HTTP/1.1" 404 1040
120.253.135.82 - - [08/Dec/2021:06:36:05 +0800] "GET /xingrg/images/yd/bt2.gif HTTP/1.1" 404 1042
114.85.125.222 - - [08/Dec/2021:06:36:06 +0800] "GET /xingrg/check_reg.html?_=1638916527104 HTTP/1.1" 200 22
222.70.176.97 - - [08/Dec/2021:06:36:10 +0800] "GET /xingrg/all/function/internal_message.html?_=1638916239583&CODE_STATE=getMsg HTTP/1.1" 302 -
120.253.135.82 - - [08/Dec/2021:06:36:14 +0800] "GET /xingrg/kc/pszx/mdqp_order_list.html?isBack=1 HTTP/1.1" 302 -
120.253.135.82 - - [08/Dec/2021:06:36:15 +0800] "GET /xingrg/kc/pszx/mdqp_order_list.html?state=10 HTTP/1.1" 200 12251
120.253.135.82 - - [08/Dec/2021:06:36:15 +0800] "GET /xingrg/dwr/interface/AjaxReportQueryService.js HTTP/1.1" 200 13203
120.253.135.82 - - [08/Dec/2021:06:36:15 +0800] "GET /xingrg/dwr/interface/AjaxQqpsService.js HTTP/1.1" 200 16326
120.253.135.82 - - [08/Dec/2021:06:36:15 +0800] "GET /xingrg/dwr/engine.js HTTP/1.1" 200 43631
114.85.125.222 - - [08/Dec/2021:06:36:17 +0800] "GET /xingrg/all/function/internal_message.html?_=1638916537838&CODE_STATE=getMsg HTTP/1.1" 200 27
120.253.135.82 - - [08/Dec/2021:06:36:20 +0800] "GET /xingrg/kc/pszx/mdqp_order_info.html?code=302021120700139 HTTP/1.1" 200 13350
120.253.135.82 - - [08/Dec/2021:06:36:20 +0800] "GET /xingrg/dwr/interface/AjaxComOrderService.js HTTP/1.1" 200 18264
120.253.135.82 - - [08/Dec/2021:06:36:20 +0800] "GET /xingrg/dwr/interface/AjaxQqpsService.js HTTP/1.1" 200 16326
120.253.135.82 - - [08/Dec/2021:06:36:20 +0800] "GET /xingrg/dwr/engine.js HTTP/1.1" 200 43631
120.253.135.82 - - [08/Dec/2021:06:36:21 +0800] "POST /xingrg/dwr/call/plaincall/AjaxQqpsService.loadMaterielItems.dwr HTTP/1.1" 200 387
116.238.248.233 - - [08/Dec/2021:06:36:26 +0800] "GET /xingrg/all/function/internal_message.html?_=1638916585490&CODE_STATE=getMsg HTTP/1.1" 200 27
58.35.215.131 - - [08/Dec/2021:06:36:37 +0800] "GET /xingrg/all/function/internal_message.html?_=1638916596204&CODE_STATE=getMsg HTTP/1.1" 200 27
120.253.135.82 - - [08/Dec/2021:06:37:01 +0800] "GET /xingrg/all/function/internal_message.html?_=1638916397356&CODE_STATE=getMsg HTTP/1.1" 200 27
120.253.135.82 - - [08/Dec/2021:06:37:04 +0800] "GET /xingrg/images/yd/bt.gif HTTP/1.1" 404 1040
120.253.135.82 - - [08/Dec/2021:06:37:04 +0800] "GET /xingrg/images/yd/bt2.gif HTTP/1.1" 404 1042
120.253.135.82 - - [08/Dec/2021:06:37:06 +0800] "GET /xingrg/kc/pszx/mdqp_order_list.html?isBack=1 HTTP/1.1" 302 -
120.253.135.82 - - [08/Dec/2021:06:37:06 +0800] "GET /xingrg/kc/pszx/mdqp_order_list.html?state=10 HTTP/1.1" 200 12251
120.253.135.82 - - [08/Dec/2021:06:37:06 +0800] "GET /xingrg/dwr/interface/AjaxReportQueryService.js HTTP/1.1" 200 13203
120.253.135.82 - - [08/Dec/2021:06:37:06 +0800] "GET /xingrg/dwr/interface/AjaxQqpsService.js HTTP/1.1" 200 16326
120.253.135.82 - - [08/Dec/2021:06:37:06 +0800] "GET /xingrg/dwr/engine.js HTTP/1.1" 200 43631
120.253.135.82 - - [08/Dec/2021:06:37:09 +0800] "GET /xingrg/kc/pszx/jzcl_ps.html HTTP/1.1" 200 7683
120.253.135.82 - - [08/Dec/2021:06:37:09 +0800] "POST /xingrg/all/common/load_tree.html?tree=area_rest_tree_json HTTP/1.1" 200 3472
222.70.176.97 - - [08/Dec/2021:06:37:10 +0800] "GET /xingrg/all/function/internal_message.html?_=1638916299583&CODE_STATE=getMsg HTTP/1.1" 302 -
120.253.135.82 - - [08/Dec/2021:06:37:10 +0800] "POST /xingrg/kc/pszx/jzcl_ps_operate.html HTTP/1.1" 200 2174
120.253.135.82 - - [08/Dec/2021:06:37:10 +0800] "POST /xingrg/kc/pszx/jzcl_ps_operate.html HTTP/1.1" 200 2174
114.85.125.222 - - [08/Dec/2021:06:37:17 +0800] "GET /xingrg/all/function/internal_message.html?_=1638916597852&CODE_STATE=getMsg HTTP/1.1" 200 27
116.238.248.233 - - [08/Dec/2021:06:37:27 +0800] "GET /xingrg/all/function/internal_message.html?_=1638916645489&CODE_STATE=getMsg HTTP/1.1" 200 27
116.238.248.233 - - [08/Dec/2021:06:37:27 +0800] "GET /xingrg/check_reg.html?_=1638916645491 HTTP/1.1" 200 22
120.253.135.82 - - [08/Dec/2021:06:37:34 +0800] "POST /xingrg/kc/pszx/jzcl_ps_operate.html HTTP/1.1" 200 4
120.253.135.82 - - [08/Dec/2021:06:37:34 +0800] "GET /xingrg/javascript/step/images/navBtn.gif HTTP/1.1" 200 361
58.35.215.131 - - [08/Dec/2021:06:37:37 +0800] "GET /xingrg/check_reg.html?_=1638916656208 HTTP/1.1" 200 22
58.35.215.131 - - [08/Dec/2021:06:37:37 +0800] "GET /xingrg/all/function/internal_message.html?_=1638916656209&CODE_STATE=getMsg HTTP/1.1" 200 27
120.253.135.82 - - [08/Dec/2021:06:37:43 +0800] "GET /xingrg/kc/pszx/mdps_order_list.html HTTP/1.1" 200 20925
120.253.135.82 - - [08/Dec/2021:06:37:43 +0800] "POST /xingrg/kc/pszx/jzcl_ps_operate.html HTTP/1.1" 200 907
120.253.135.82 - - [08/Dec/2021:06:37:44 +0800] "POST /xingrg/kc/pszx/mdps_list_operate.html HTTP/1.1" 200 5353
120.253.135.82 - - [08/Dec/2021:06:38:01 +0800] "GET /xingrg/all/function/internal_message.html?_=1638916457369&CODE_STATE=getMsg HTTP/1.1" 200 27
222.70.176.97 - - [08/Dec/2021:06:38:10 +0800] "GET /xingrg/all/function/internal_message.html?_=1638916359583&CODE_STATE=getMsg HTTP/1.1" 302 -
222.70.176.97 - - [08/Dec/2021:06:38:10 +0800] "GET /xingrg/check_reg.html?_=1638916359584 HTTP/1.1" 302 -
114.85.125.222 - - [08/Dec/2021:06:38:17 +0800] "GET /xingrg/all/function/internal_message.html?_=1638916657875&CODE_STATE=getMsg HTTP/1.1" 200 27
120.253.135.82 - - [08/Dec/2021:06:38:17 +0800] "POST /xingrg/kc/pszx/mdps_list_operate.html HTTP/1.1" 200 2806
120.253.135.82 - - [08/Dec/2021:06:38:19 +0800] "POST /xingrg/kc/pszx/mdps_list_operate.html HTTP/1.1" 200 289
120.253.135.82 - - [08/Dec/2021:06:38:22 +0800] "GET /xingrg/kc/pszx/mdps_order_info.html?code=312021120300100 HTTP/1.1" 200 23931
120.253.135.82 - - [08/Dec/2021:06:38:22 +0800] "GET /xingrg/javascript/easyui/themes/default/validatebox.css HTTP/1.1" 404 1104
120.253.135.82 - - [08/Dec/2021:06:38:23 +0800] "POST /xingrg/kc/pszx/mdps_order_operate.html HTTP/1.1" 200 2784
120.253.135.82 - - [08/Dec/2021:06:38:26 +0800] "POST /xingrg/kc/pszx/mdps_order_operate.html HTTP/1.1" 200 12
116.238.248.233 - - [08/Dec/2021:06:38:27 +0800] "GET /xingrg/all/function/internal_message.html?_=1638916705515&CODE_STATE=getMsg HTTP/1.1" 200 27
120.253.135.82 - - [08/Dec/2021:06:38:32 +0800] "POST /xingrg/kc/pszx/mdps_list_operate.html HTTP/1.1" 200 641
120.253.135.82 - - [08/Dec/2021:06:38:32 +0800] "GET /xingrg/kc/pszx/mdps_order_info.html?code=312021120800203 HTTP/1.1" 200 23931
120.253.135.82 - - [08/Dec/2021:06:38:33 +0800] "GET /xingrg/javascript/easyui/themes/default/validatebox.css HTTP/1.1" 404 1104
