116.238.248.233 - - [07/Dec/2021:08:21:52 +0800] "GET /xingrg/all/function/internal_message.html?_=1638836511910&CODE_STATE=getMsg HTTP/1.1" 200 27
222.70.171.86 - - [07/Dec/2021:08:21:53 +0800] "GET /xingrg/all/function/internal_message.html?_=1638836518389&CODE_STATE=getMsg HTTP/1.1" 200 27
222.70.176.97 - - [07/Dec/2021:08:21:58 +0800] "GET /xingrg/all/function/internal_message.html?_=1638836516941&CODE_STATE=getMsg HTTP/1.1" 200 27
114.85.125.222 - - [07/Dec/2021:08:22:16 +0800] "GET /xingrg/all/function/internal_message.html?_=1638836497732&CODE_STATE=getMsg HTTP/1.1" 200 27
58.35.215.131 - - [07/Dec/2021:08:22:19 +0800] "GET /xingrg/all/function/internal_message.html?_=1638836539224&CODE_STATE=getMsg HTTP/1.1" 200 27
222.70.171.86 - - [07/Dec/2021:08:22:29 +0800] "POST /xingrg/services/DataTransmitService HTTP/1.1" 200 501
222.70.171.86 - - [07/Dec/2021:08:22:31 +0800] "POST /xingrg/services/DataTransmitService HTTP/1.1" 200 501
120.253.135.82 - - [07/Dec/2021:08:22:42 +0800] "GET /xingrg/all/function/internal_message.html?_=1638836339522&CODE_STATE=getMsg HTTP/1.1" 200 27
172.20.0.100 - - [07/Dec/2021:08:22:42 +0800] "GET /xingrg/all/function/internal_message.html?_=1638836561452&CODE_STATE=getMsg HTTP/1.1" 200 27
222.70.171.86 - - [07/Dec/2021:08:22:49 +0800] "POST /xingrg/services/DataTransmitService HTTP/1.1" 200 501
116.238.248.233 - - [07/Dec/2021:08:22:52 +0800] "GET /xingrg/all/function/internal_message.html?_=1638836571910&CODE_STATE=getMsg HTTP/1.1" 200 27
222.70.171.86 - - [07/Dec/2021:08:22:53 +0800] "GET /xingrg/all/function/internal_message.html?_=1638836578406&CODE_STATE=getMsg HTTP/1.1" 200 27
222.70.176.97 - - [07/Dec/2021:08:22:58 +0800] "GET /xingrg/check_reg.html?_=1638836576942 HTTP/1.1" 200 22
222.70.176.97 - - [07/Dec/2021:08:22:58 +0800] "GET /xingrg/all/function/internal_message.html?_=1638836576944&CODE_STATE=getMsg HTTP/1.1" 200 27
222.70.171.86 - - [07/Dec/2021:08:23:07 +0800] "POST /xingrg/services/DataTransmitService HTTP/1.1" 200 501
222.70.171.86 - - [07/Dec/2021:08:23:09 +0800] "POST /xingrg/services/DataTransmitService HTTP/1.1" 200 501
222.70.171.86 - - [07/Dec/2021:08:23:09 +0800] "POST /xingrg/services/DataTransmitService HTTP/1.1" 200 501
222.70.171.86 - - [07/Dec/2021:08:23:13 +0800] "POST /xingrg/services/DataTransmitService HTTP/1.1" 200 501
222.70.171.86 - - [07/Dec/2021:08:23:15 +0800] "POST /xingrg/services/DataTransmitService HTTP/1.1" 200 501
114.85.125.222 - - [07/Dec/2021:08:23:16 +0800] "GET /xingrg/all/function/internal_message.html?_=1638836557747&CODE_STATE=getMsg HTTP/1.1" 200 27
222.70.171.86 - - [07/Dec/2021:08:23:17 +0800] "POST /xingrg/services/DataTransmitService HTTP/1.1" 200 501
58.35.215.131 - - [07/Dec/2021:08:23:19 +0800] "GET /xingrg/check_reg.html?_=1638836599211 HTTP/1.1" 200 22
58.35.215.131 - - [07/Dec/2021:08:23:19 +0800] "GET /xingrg/all/function/internal_message.html?_=1638836599212&CODE_STATE=getMsg HTTP/1.1" 200 27
222.70.171.86 - - [07/Dec/2021:08:23:21 +0800] "POST /xingrg/services/DataTransmitService HTTP/1.1" 200 412
120.253.135.82 - - [07/Dec/2021:08:23:42 +0800] "GET /xingrg/all/function/internal_message.html?_=1638836399538&CODE_STATE=getMsg HTTP/1.1" 200 27
172.20.0.100 - - [07/Dec/2021:08:23:42 +0800] "GET /xingrg/all/function/internal_message.html?_=1638836621457&CODE_STATE=getMsg HTTP/1.1" 200 27
116.238.248.233 - - [07/Dec/2021:08:23:52 +0800] "GET /xingrg/all/function/internal_message.html?_=1638836631924&CODE_STATE=getMsg HTTP/1.1" 200 27
222.70.171.86 - - [07/Dec/2021:08:23:53 +0800] "GET /xingrg/all/function/internal_message.html?_=1638836638415&CODE_STATE=getMsg HTTP/1.1" 200 27
222.70.176.97 - - [07/Dec/2021:08:23:58 +0800] "GET /xingrg/all/function/internal_message.html?_=1638836636942&CODE_STATE=getMsg HTTP/1.1" 200 27
114.85.125.222 - - [07/Dec/2021:08:24:16 +0800] "GET /xingrg/all/function/internal_message.html?_=1638836617776&CODE_STATE=getMsg HTTP/1.1" 200 27
58.35.215.131 - - [07/Dec/2021:08:24:19 +0800] "GET /xingrg/all/function/internal_message.html?_=1638836659214&CODE_STATE=getMsg HTTP/1.1" 200 27
222.70.171.86 - - [07/Dec/2021:08:24:27 +0800] "POST /xingrg/services/DataTransmitService HTTP/1.1" 200 524
222.70.171.86 - - [07/Dec/2021:08:24:35 +0800] "POST /xingrg/services/DataTransmitService HTTP/1.1" 200 501
172.20.0.100 - - [07/Dec/2021:08:24:42 +0800] "GET /xingrg/check_reg.html?_=1638836681445 HTTP/1.1" 200 22
172.20.0.100 - - [07/Dec/2021:08:24:42 +0800] "GET /xingrg/all/function/internal_message.html?_=1638836681448&CODE_STATE=getMsg HTTP/1.1" 200 27
120.253.135.82 - - [07/Dec/2021:08:24:42 +0800] "GET /xingrg/all/function/internal_message.html?_=1638836459550&CODE_STATE=getMsg HTTP/1.1" 200 27
222.70.171.86 - - [07/Dec/2021:08:24:48 +0800] "GET /xingrg/check_reg.html?_=1638836692131 HTTP/1.1" 302 -
222.70.171.86 - - [07/Dec/2021:08:24:52 +0800] "GET /xingrg/check_reg.html?_=1638836697561 HTTP/1.1" 200 22
116.238.248.233 - - [07/Dec/2021:08:24:52 +0800] "GET /xingrg/all/function/internal_message.html?_=1638836691923&CODE_STATE=getMsg HTTP/1.1" 200 27
222.70.171.86 - - [07/Dec/2021:08:24:53 +0800] "GET /xingrg/all/function/internal_message.html?_=1638836698429&CODE_STATE=getMsg HTTP/1.1" 200 27
222.70.176.97 - - [07/Dec/2021:08:24:58 +0800] "GET /xingrg/all/function/internal_message.html?_=1638836696940&CODE_STATE=getMsg HTTP/1.1" 200 27
222.70.171.86 - - [07/Dec/2021:08:25:01 +0800] "POST /xingrg/services/DataTransmitService HTTP/1.1" 200 524
114.85.125.222 - - [07/Dec/2021:08:25:02 +0800] "GET /xingrg/check_reg.html?_=1638836663850 HTTP/1.1" 200 22
222.70.171.86 - - [07/Dec/2021:08:25:10 +0800] "POST /xingrg/services/DataTransmitService HTTP/1.1" 200 501
114.85.125.222 - - [07/Dec/2021:08:25:16 +0800] "GET /xingrg/all/function/internal_message.html?_=1638836677790&CODE_STATE=getMsg HTTP/1.1" 200 27
58.35.215.131 - - [07/Dec/2021:08:25:19 +0800] "GET /xingrg/all/function/internal_message.html?_=1638836719214&CODE_STATE=getMsg HTTP/1.1" 200 27
222.70.171.86 - - [07/Dec/2021:08:25:35 +0800] "POST /xingrg/services/DataTransmitService HTTP/1.1" 200 524
120.253.135.82 - - [07/Dec/2021:08:25:42 +0800] "GET /xingrg/check_reg.html?_=1638836519442 HTTP/1.1" 200 22
172.20.0.100 - - [07/Dec/2021:08:25:42 +0800] "GET /xingrg/all/function/internal_message.html?_=1638836741457&CODE_STATE=getMsg HTTP/1.1" 200 27
120.253.135.82 - - [07/Dec/2021:08:25:42 +0800] "GET /xingrg/all/function/internal_message.html?_=1638836519562&CODE_STATE=getMsg HTTP/1.1" 200 27
222.70.171.86 - - [07/Dec/2021:08:25:43 +0800] "POST /xingrg/services/DataTransmitService HTTP/1.1" 200 501
116.238.248.233 - - [07/Dec/2021:08:25:52 +0800] "GET /xingrg/check_reg.html?_=1638836751931 HTTP/1.1" 200 22
116.238.248.233 - - [07/Dec/2021:08:25:52 +0800] "GET /xingrg/all/function/internal_message.html?_=1638836751934&CODE_STATE=getMsg HTTP/1.1" 200 27
222.70.171.86 - - [07/Dec/2021:08:25:53 +0800] "GET /xingrg/all/function/internal_message.html?_=1638836758443&CODE_STATE=getMsg HTTP/1.1" 200 27
222.70.176.97 - - [07/Dec/2021:08:25:58 +0800] "GET /xingrg/all/function/internal_message.html?_=1638836756939&CODE_STATE=getMsg HTTP/1.1" 200 27
222.70.171.86 - - [07/Dec/2021:08:26:10 +0800] "POST /xingrg/services/DataTransmitService HTTP/1.1" 200 524
114.85.125.222 - - [07/Dec/2021:08:26:16 +0800] "GET /xingrg/all/function/internal_message.html?_=1638836737804&CODE_STATE=getMsg HTTP/1.1" 200 27
58.35.215.131 - - [07/Dec/2021:08:26:19 +0800] "GET /xingrg/all/function/internal_message.html?_=1638836779216&CODE_STATE=getMsg HTTP/1.1" 200 27
172.20.0.100 - - [07/Dec/2021:08:26:42 +0800] "GET /xingrg/all/function/internal_message.html?_=1638836801450&CODE_STATE=getMsg HTTP/1.1" 200 27
120.253.135.82 - - [07/Dec/2021:08:26:42 +0800] "GET /xingrg/all/function/internal_message.html?_=1638836579577&CODE_STATE=getMsg HTTP/1.1" 200 27
116.238.248.233 - - [07/Dec/2021:08:26:52 +0800] "GET /xingrg/all/function/internal_message.html?_=1638836811938&CODE_STATE=getMsg HTTP/1.1" 200 27
222.70.171.86 - - [07/Dec/2021:08:26:53 +0800] "GET /xingrg/all/function/internal_message.html?_=1638836818456&CODE_STATE=getMsg HTTP/1.1" 200 27
222.70.176.97 - - [07/Dec/2021:08:26:58 +0800] "GET /xingrg/all/function/internal_message.html?_=1638836816954&CODE_STATE=getMsg HTTP/1.1" 200 27
114.85.125.222 - - [07/Dec/2021:08:27:16 +0800] "GET /xingrg/all/function/internal_message.html?_=1638836797830&CODE_STATE=getMsg HTTP/1.1" 200 27
58.35.215.131 - - [07/Dec/2021:08:27:19 +0800] "GET /xingrg/all/function/internal_message.html?_=1638836839217&CODE_STATE=getMsg HTTP/1.1" 200 27
172.20.0.100 - - [07/Dec/2021:08:27:42 +0800] "GET /xingrg/all/function/internal_message.html?_=1638836861455&CODE_STATE=getMsg HTTP/1.1" 200 27
120.253.135.82 - - [07/Dec/2021:08:27:42 +0800] "GET /xingrg/all/function/internal_message.html?_=1638836639590&CODE_STATE=getMsg HTTP/1.1" 200 27
222.70.171.86 - - [07/Dec/2021:08:27:44 +0800] "POST /xingrg/services/DataTransmitService HTTP/1.1" 200 501
222.70.171.86 - - [07/Dec/2021:08:27:46 +0800] "POST /xingrg/services/DataTransmitService HTTP/1.1" 200 501
116.238.248.233 - - [07/Dec/2021:08:27:52 +0800] "GET /xingrg/all/function/internal_message.html?_=1638836871937&CODE_STATE=getMsg HTTP/1.1" 200 27
222.70.171.86 - - [07/Dec/2021:08:27:53 +0800] "GET /xingrg/all/function/internal_message.html?_=1638836878470&CODE_STATE=getMsg HTTP/1.1" 200 27
222.70.176.97 - - [07/Dec/2021:08:27:58 +0800] "GET /xingrg/check_reg.html?_=1638836876942 HTTP/1.1" 200 22
222.70.176.97 - - [07/Dec/2021:08:27:58 +0800] "GET /xingrg/all/function/internal_message.html?_=1638836876944&CODE_STATE=getMsg HTTP/1.1" 200 27
222.70.171.86 - - [07/Dec/2021:08:28:04 +0800] "POST /xingrg/services/DataTransmitService HTTP/1.1" 200 501
114.85.125.222 - - [07/Dec/2021:08:28:16 +0800] "GET /xingrg/all/function/internal_message.html?_=1638836857831&CODE_STATE=getMsg HTTP/1.1" 200 27
58.35.215.131 - - [07/Dec/2021:08:28:19 +0800] "GET /xingrg/check_reg.html?_=1638836899202 HTTP/1.1" 200 22
58.35.215.131 - - [07/Dec/2021:08:28:19 +0800] "GET /xingrg/all/function/internal_message.html?_=1638836899202&CODE_STATE=getMsg HTTP/1.1" 200 27
222.70.171.86 - - [07/Dec/2021:08:28:22 +0800] "POST /xingrg/services/DataTransmitService HTTP/1.1" 200 501
222.70.171.86 - - [07/Dec/2021:08:28:24 +0800] "POST /xingrg/services/DataTransmitService HTTP/1.1" 200 501
222.70.171.86 - - [07/Dec/2021:08:28:24 +0800] "POST /xingrg/services/DataTransmitService HTTP/1.1" 200 501
222.70.171.86 - - [07/Dec/2021:08:28:27 +0800] "POST /xingrg/services/DataTransmitService HTTP/1.1" 200 501
222.70.171.86 - - [07/Dec/2021:08:28:29 +0800] "POST /xingrg/services/DataTransmitService HTTP/1.1" 200 501
222.70.171.86 - - [07/Dec/2021:08:28:30 +0800] "POST /xingrg/services/DataTransmitService HTTP/1.1" 200 501
222.70.171.86 - - [07/Dec/2021:08:28:31 +0800] "POST /xingrg/services/DataTransmitService HTTP/1.1" 200 412
172.20.0.100 - - [07/Dec/2021:08:28:42 +0800] "GET /xingrg/all/function/internal_message.html?_=1638836921441&CODE_STATE=getMsg HTTP/1.1" 200 27
120.253.135.82 - - [07/Dec/2021:08:28:42 +0800] "GET /xingrg/all/function/internal_message.html?_=1638836699607&CODE_STATE=getMsg HTTP/1.1" 200 27
116.238.248.233 - - [07/Dec/2021:08:28:52 +0800] "GET /xingrg/all/function/internal_message.html?_=1638836931946&CODE_STATE=getMsg HTTP/1.1" 200 27
222.70.171.86 - - [07/Dec/2021:08:28:53 +0800] "GET /xingrg/all/function/internal_message.html?_=1638836938484&CODE_STATE=getMsg HTTP/1.1" 200 27
222.70.176.97 - - [07/Dec/2021:08:28:58 +0800] "GET /xingrg/all/function/internal_message.html?_=1638836936945&CODE_STATE=getMsg HTTP/1.1" 200 27
114.85.125.222 - - [07/Dec/2021:08:29:16 +0800] "GET /xingrg/all/function/internal_message.html?_=1638836917858&CODE_STATE=getMsg HTTP/1.1" 200 27
58.35.215.131 - - [07/Dec/2021:08:29:19 +0800] "GET /xingrg/all/function/internal_message.html?_=1638836959206&CODE_STATE=getMsg HTTP/1.1" 200 27
114.86.226.73 - - [07/Dec/2021:08:29:38 +0800] "GET /favicon.ico HTTP/1.1" 404 -
114.86.226.73 - - [07/Dec/2021:08:29:41 +0800] "GET /xingrg/login.html HTTP/1.1" 200 7641
114.86.226.73 - - [07/Dec/2021:08:29:41 +0800] "GET /favicon.ico HTTP/1.1" 404 -
172.20.0.100 - - [07/Dec/2021:08:29:42 +0800] "GET /xingrg/all/function/internal_message.html?_=1638836981444&CODE_STATE=getMsg HTTP/1.1" 200 27
172.20.0.100 - - [07/Dec/2021:08:29:42 +0800] "GET /xingrg/check_reg.html?_=1638836981446 HTTP/1.1" 200 22
120.253.135.82 - - [07/Dec/2021:08:29:42 +0800] "GET /xingrg/all/function/internal_message.html?_=1638836759618&CODE_STATE=getMsg HTTP/1.1" 200 27
114.86.226.73 - - [07/Dec/2021:08:29:47 +0800] "POST /xingrg/login.do HTTP/1.1" 302 -
222.70.171.86 - - [07/Dec/2021:08:29:48 +0800] "GET /xingrg/check_reg.html?_=1638836992156 HTTP/1.1" 302 -
114.86.226.73 - - [07/Dec/2021:08:29:48 +0800] "POST /xingrg/login.do HTTP/1.1" 302 -
114.86.226.73 - - [07/Dec/2021:08:29:49 +0800] "POST /xingrg/login.do HTTP/1.1" 302 -
114.86.226.73 - - [07/Dec/2021:08:29:49 +0800] "GET /xingrg/index.html?sysBaseUrl=http%3A%2F%2F180.169.147.146%3A18081%2Fxingrg%2F&costTime=1204×tamp=1638836989144 HTTP/1.1" 200 17173
114.86.226.73 - - [07/Dec/2021:08:29:49 +0800] "GET /xingrg/check_reg.html?_=1638836988934 HTTP/1.1" 200 22
114.86.226.73 - - [07/Dec/2021:08:29:49 +0800] "GET /xingrg/all/function/internal_message.html?_=1638836988932&CODE_STATE=count HTTP/1.1" 200 11
114.86.226.73 - - [07/Dec/2021:08:29:49 +0800] "POST /xingrg/all/common/load_tree.html?tree=area_rest_tree_json&manage=1 HTTP/1.1" 200 342
114.86.226.73 - - [07/Dec/2021:08:29:49 +0800] "POST /xingrg/load_menu.html HTTP/1.1" 200 5138
114.86.226.73 - - [07/Dec/2021:08:29:51 +0800] "GET /xingrg/kc/buy/buy_main.html HTTP/1.1" 200 12412
114.86.226.73 - - [07/Dec/2021:08:29:51 +0800] "GET /xingrg/css/new_ie.css HTTP/1.1" 404 1036
222.70.171.86 - - [07/Dec/2021:08:29:52 +0800] "GET /xingrg/check_reg.html?_=1638836997562 HTTP/1.1" 200 22
116.238.248.233 - - [07/Dec/2021:08:29:52 +0800] "GET /xingrg/all/function/internal_message.html?_=1638836991946&CODE_STATE=getMsg HTTP/1.1" 200 27
114.86.226.73 - - [07/Dec/2021:08:29:53 +0800] "GET /xingrg/kc/buy/cgsh_order_list.html HTTP/1.1" 200 49163
222.70.171.86 - - [07/Dec/2021:08:29:53 +0800] "GET /xingrg/all/function/internal_message.html?_=1638836998496&CODE_STATE=getMsg HTTP/1.1" 200 27
114.86.226.73 - - [07/Dec/2021:08:29:54 +0800] "POST /xingrg/kc/buy/cgsh_list_operate.html HTTP/1.1" 200 876
222.70.176.97 - - [07/Dec/2021:08:29:58 +0800] "GET /xingrg/all/function/internal_message.html?_=1638836996945&CODE_STATE=getMsg HTTP/1.1" 200 27
114.85.125.222 - - [07/Dec/2021:08:30:02 +0800] "GET /xingrg/check_reg.html?_=1638836963849 HTTP/1.1" 200 22
114.86.226.73 - - [07/Dec/2021:08:30:04 +0800] "GET /xingrg/kc/buy/cgsh_order_add.html HTTP/1.1" 200 64980
114.86.226.73 - - [07/Dec/2021:08:30:04 +0800] "GET /xingrg/words/20211206103503_words.js HTTP/1.1" 200 877357
114.86.226.73 - - [07/Dec/2021:08:30:05 +0800] "POST /xingrg/kc/buy/cgsh_order_operate.html HTTP/1.1" 200 8245
114.86.226.73 - - [07/Dec/2021:08:30:05 +0800] "GET /xingrg/javascript/easyui/themes/default/validatebox.css HTTP/1.1" 404 1104
114.86.226.73 - - [07/Dec/2021:08:30:05 +0800] "GET /xingrg/all/common/auto_word.html?type=employee&rest_code=00109 HTTP/1.1" 200 255
114.86.226.73 - - [07/Dec/2021:08:30:05 +0800] "GET /xingrg/all/common/auto_word.html?type=employee&rest_code=00109 HTTP/1.1" 200 255
114.86.226.73 - - [07/Dec/2021:08:30:07 +0800] "GET /xingrg/javascript/jquery_tools/images/prev.gif HTTP/1.1" 404 1086
114.86.226.73 - - [07/Dec/2021:08:30:07 +0800] "GET /xingrg/javascript/jquery_tools/images/next.gif HTTP/1.1" 404 1086
114.86.226.73 - - [07/Dec/2021:08:30:12 +0800] "GET /xingrg/kc/buy/cgsh_order_operate.html?command=get_materiel&rest_code=00109&code=00101001269&supplier_code=00100454&order_time=2021-12-07 HTTP/1.1" 200 403
116.235.94.0 - - [07/Dec/2021:08:30:16 +0800] "POST /xingrg/services/DataTransmitService HTTP/1.1" 200 524
114.85.125.222 - - [07/Dec/2021:08:30:16 +0800] "GET /xingrg/all/function/internal_message.html?_=1638836977874&CODE_STATE=getMsg HTTP/1.1" 200 27
58.35.215.131 - - [07/Dec/2021:08:30:19 +0800] "GET /xingrg/all/function/internal_message.html?_=1638837019208&CODE_STATE=getMsg HTTP/1.1" 200 27
116.235.94.0 - - [07/Dec/2021:08:30:20 +0800] "POST /xingrg/services/DataTransmitService HTTP/1.1" 200 501
114.86.226.73 - - [07/Dec/2021:08:30:21 +0800] "GET /xingrg/kc/buy/cgsh_order_operate.html?command=get_materiel&rest_code=00109&code=00101001111&supplier_code=00100454&order_time=2021-12-07 HTTP/1.1" 200 409
114.86.226.73 - - [07/Dec/2021:08:30:32 +0800] "GET /xingrg/kc/buy/cgsh_order_operate.html?command=get_materiel&rest_code=00109&code=00101001010&supplier_code=00100454&order_time=2021-12-07 HTTP/1.1" 200 409
120.253.135.82 - - [07/Dec/2021:08:30:42 +0800] "GET /xingrg/check_reg.html?_=1638836819450 HTTP/1.1" 200 22
172.20.0.100 - - [07/Dec/2021:08:30:42 +0800] "GET /xingrg/all/function/internal_message.html?_=1638837041453&CODE_STATE=getMsg HTTP/1.1" 200 27
120.253.135.82 - - [07/Dec/2021:08:30:42 +0800] "GET /xingrg/all/function/internal_message.html?_=1638836819708&CODE_STATE=getMsg HTTP/1.1" 200 27
114.86.226.73 - - [07/Dec/2021:08:30:43 +0800] "GET /xingrg/kc/buy/cgsh_order_operate.html?command=get_materiel&rest_code=00109&code=00101002027&supplier_code=00100454&order_time=2021-12-07 HTTP/1.1" 200 432
114.86.226.73 - - [07/Dec/2021:08:30:49 +0800] "GET /xingrg/all/function/internal_message.html?_=1638837048939&CODE_STATE=getMsg HTTP/1.1" 200 27
116.238.248.233 - - [07/Dec/2021:08:30:52 +0800] "GET /xingrg/all/function/internal_message.html?_=1638837051946&CODE_STATE=getMsg HTTP/1.1" 200 27
116.238.248.233 - - [07/Dec/2021:08:30:52 +0800] "GET /xingrg/check_reg.html?_=1638837051946 HTTP/1.1" 200 22
222.70.171.86 - - [07/Dec/2021:08:30:53 +0800] "GET /xingrg/all/function/internal_message.html?_=1638837058511&CODE_STATE=getMsg HTTP/1.1" 200 27
222.70.176.97 - - [07/Dec/2021:08:30:58 +0800] "GET /xingrg/all/function/internal_message.html?_=1638837056972&CODE_STATE=getMsg HTTP/1.1" 200 27
114.86.226.73 - - [07/Dec/2021:08:31:00 +0800] "POST /xingrg/kc/buy/cgsh_order_operate.html HTTP/1.1" 200 37
114.86.226.73 - - [07/Dec/2021:08:31:01 +0800] "POST /xingrg/kc/buy/cgsh_order_operate.html HTTP/1.1" 200 3845
114.86.226.73 - - [07/Dec/2021:08:31:04 +0800] "GET /xingrg/kc/print/load_config.html?kc_code=cgsh HTTP/1.1" 200 2281
114.86.226.73 - - [07/Dec/2021:08:31:05 +0800] "GET /xingrg/kc/print/load_data.html?order_code=212021120702531&kc_code=cgsh&condition= HTTP/1.1" 200 1105
114.86.226.73 - - [07/Dec/2021:08:31:10 +0800] "GET /xingrg/kc/buy/cgsh_order_add.html HTTP/1.1" 200 64980
114.86.226.73 - - [07/Dec/2021:08:31:10 +0800] "POST /xingrg/kc/buy/cgsh_order_operate.html HTTP/1.1" 200 8245
114.86.226.73 - - [07/Dec/2021:08:31:10 +0800] "GET /xingrg/javascript/easyui/themes/default/validatebox.css HTTP/1.1" 404 1104
114.86.226.73 - - [07/Dec/2021:08:31:10 +0800] "GET /xingrg/all/common/auto_word.html?type=employee&rest_code=00109 HTTP/1.1" 200 255
114.86.226.73 - - [07/Dec/2021:08:31:10 +0800] "GET /xingrg/all/common/auto_word.html?type=employee&rest_code=00109 HTTP/1.1" 200 255
114.86.226.73 - - [07/Dec/2021:08:31:14 +0800] "GET /xingrg/javascript/auto/indicator.gif HTTP/1.1" 404 1066
114.85.125.222 - - [07/Dec/2021:08:31:16 +0800] "GET /xingrg/all/function/internal_message.html?_=1638837037901&CODE_STATE=getMsg HTTP/1.1" 200 27
58.35.215.131 - - [07/Dec/2021:08:31:19 +0800] "GET /xingrg/all/function/internal_message.html?_=1638837079210&CODE_STATE=getMsg HTTP/1.1" 200 27
114.86.226.73 - - [07/Dec/2021:08:31:23 +0800] "GET /xingrg/javascript/jquery_tools/images/prev.gif HTTP/1.1" 404 1086
114.86.226.73 - - [07/Dec/2021:08:31:23 +0800] "GET /xingrg/javascript/jquery_tools/images/next.gif HTTP/1.1" 404 1086
114.86.226.73 - - [07/Dec/2021:08:31:39 +0800] "GET /xingrg/kc/buy/cgsh_order_operate.html?command=get_materiel&rest_code=00109&code=00101031006&supplier_code=00100240&order_time=2021-12-07 HTTP/1.1" 200 417
172.20.0.100 - - [07/Dec/2021:08:31:42 +0800] "GET /xingrg/all/function/internal_message.html?_=1638837101442&CODE_STATE=getMsg HTTP/1.1" 200 27
120.253.135.82 - - [07/Dec/2021:08:31:42 +0800] "GET /xingrg/all/function/internal_message.html?_=1638836879723&CODE_STATE=getMsg HTTP/1.1" 200 27
114.86.226.73 - - [07/Dec/2021:08:31:49 +0800] "GET /xingrg/all/function/internal_message.html?_=1638837108940&CODE_STATE=getMsg HTTP/1.1" 200 27
114.86.226.73 - - [07/Dec/2021:08:31:50 +0800] "POST /xingrg/kc/buy/cgsh_order_operate.html HTTP/1.1" 200 37
114.86.226.73 - - [07/Dec/2021:08:31:51 +0800] "POST /xingrg/kc/buy/cgsh_order_operate.html HTTP/1.1" 200 2660
116.238.248.233 - - [07/Dec/2021:08:31:52 +0800] "GET /xingrg/all/function/internal_message.html?_=1638837111946&CODE_STATE=getMsg HTTP/1.1" 200 27
114.86.226.73 - - [07/Dec/2021:08:31:53 +0800] "GET /xingrg/kc/print/load_config.html?kc_code=cgsh HTTP/1.1" 200 2281
222.70.171.86 - - [07/Dec/2021:08:31:53 +0800] "GET /xingrg/all/function/internal_message.html?_=1638837118524&CODE_STATE=getMsg HTTP/1.1" 200 27
114.86.226.73 - - [07/Dec/2021:08:31:53 +0800] "GET /xingrg/kc/print/load_data.html?order_code=212021120702532&kc_code=cgsh&condition= HTTP/1.1" 200 647
222.70.176.97 - - [07/Dec/2021:08:31:58 +0800] "GET /xingrg/all/function/internal_message.html?_=1638837116972&CODE_STATE=getMsg HTTP/1.1" 200 27
114.85.125.222 - - [07/Dec/2021:08:32:16 +0800] "GET /xingrg/all/function/internal_message.html?_=1638837097932&CODE_STATE=getMsg HTTP/1.1" 200 27
58.35.215.131 - - [07/Dec/2021:08:32:19 +0800] "GET /xingrg/all/function/internal_message.html?_=1638837139209&CODE_STATE=getMsg HTTP/1.1" 200 27
172.20.0.100 - - [07/Dec/2021:08:32:42 +0800] "GET /xingrg/all/function/internal_message.html?_=1638837161444&CODE_STATE=getMsg HTTP/1.1" 200 27
120.253.135.82 - - [07/Dec/2021:08:32:42 +0800] "GET /xingrg/all/function/internal_message.html?_=1638836939736&CODE_STATE=getMsg HTTP/1.1" 200 27
116.238.248.233 - - [07/Dec/2021:08:32:52 +0800] "GET /xingrg/all/function/internal_message.html?_=1638837171965&CODE_STATE=getMsg HTTP/1.1" 200 27
222.70.171.86 - - [07/Dec/2021:08:32:53 +0800] "GET /xingrg/all/function/internal_message.html?_=1638837178539&CODE_STATE=getMsg HTTP/1.1" 200 27
222.70.176.97 - - [07/Dec/2021:08:32:58 +0800] "GET /xingrg/check_reg.html?_=1638837176973 HTTP/1.1" 200 22
222.70.176.97 - - [07/Dec/2021:08:32:58 +0800] "GET /xingrg/all/function/internal_message.html?_=1638837176974&CODE_STATE=getMsg HTTP/1.1" 200 27
114.85.125.222 - - [07/Dec/2021:08:33:16 +0800] "GET /xingrg/all/function/internal_message.html?_=1638837157945&CODE_STATE=getMsg HTTP/1.1" 200 27
58.35.215.131 - - [07/Dec/2021:08:33:19 +0800] "GET /xingrg/check_reg.html?_=1638837199212 HTTP/1.1" 200 22
58.35.215.131 - - [07/Dec/2021:08:33:19 +0800] "GET /xingrg/all/function/internal_message.html?_=1638837199213&CODE_STATE=getMsg HTTP/1.1" 200 27
114.86.226.73 - - [07/Dec/2021:08:33:19 +0800] "GET /xingrg/all/function/internal_message.html?_=1638837199445&CODE_STATE=getMsg HTTP/1.1" 200 27
172.20.0.100 - - [07/Dec/2021:08:33:42 +0800] "GET /xingrg/all/function/internal_message.html?_=1638837221448&CODE_STATE=getMsg HTTP/1.1" 200 27
120.253.135.82 - - [07/Dec/2021:08:33:42 +0800] "GET /xingrg/all/function/internal_message.html?_=1638836999753&CODE_STATE=getMsg HTTP/1.1" 200 27
114.86.226.73 - - [07/Dec/2021:08:33:49 +0800] "GET /xingrg/all/function/internal_message.html?_=1638837228943&CODE_STATE=getMsg HTTP/1.1" 200 27
116.238.248.233 - - [07/Dec/2021:08:33:52 +0800] "GET /xingrg/all/function/internal_message.html?_=1638837231972&CODE_STATE=getMsg HTTP/1.1" 200 27
222.70.171.86 - - [07/Dec/2021:08:33:53 +0800] "GET /xingrg/all/function/internal_message.html?_=1638837238551&CODE_STATE=getMsg HTTP/1.1" 200 27
222.70.176.97 - - [07/Dec/2021:08:33:58 +0800] "GET /xingrg/all/function/internal_message.html?_=1638837236974&CODE_STATE=getMsg HTTP/1.1" 200 27
120.253.135.82 - - [07/Dec/2021:08:34:16 +0800] "GET /xingrg/kc/pszx/mdqp_order_list.html?state=10 HTTP/1.1" 200 10217
120.253.135.82 - - [07/Dec/2021:08:34:16 +0800] "GET /xingrg/dwr/interface/AjaxReportQueryService.js HTTP/1.1" 200 13203
120.253.135.82 - - [07/Dec/2021:08:34:16 +0800] "GET /xingrg/dwr/interface/AjaxQqpsService.js HTTP/1.1" 200 16326
120.253.135.82 - - [07/Dec/2021:08:34:16 +0800] "GET /xingrg/dwr/engine.js HTTP/1.1" 200 43631
114.85.125.222 - - [07/Dec/2021:08:34:16 +0800] "GET /xingrg/all/function/internal_message.html?_=1638837217970&CODE_STATE=getMsg HTTP/1.1" 200 27
58.35.215.131 - - [07/Dec/2021:08:34:19 +0800] "GET /xingrg/all/function/internal_message.html?_=1638837259213&CODE_STATE=getMsg HTTP/1.1" 200 27
172.20.0.100 - - [07/Dec/2021:08:34:42 +0800] "GET /xingrg/check_reg.html?_=1638837281454 HTTP/1.1" 200 22
172.20.0.100 - - [07/Dec/2021:08:34:42 +0800] "GET /xingrg/all/function/internal_message.html?_=1638837281457&CODE_STATE=getMsg HTTP/1.1" 200 27
120.253.135.82 - - [07/Dec/2021:08:34:42 +0800] "GET /xingrg/all/function/internal_message.html?_=1638837059763&CODE_STATE=getMsg HTTP/1.1" 200 27
222.70.171.86 - - [07/Dec/2021:08:34:48 +0800] "GET /xingrg/check_reg.html?_=1638837292175 HTTP/1.1" 302 -
114.86.226.73 - - [07/Dec/2021:08:34:49 +0800] "GET /xingrg/all/function/internal_message.html?_=1638837288940&CODE_STATE=getMsg HTTP/1.1" 200 27
114.86.226.73 - - [07/Dec/2021:08:34:49 +0800] "GET /xingrg/check_reg.html?_=1638837288942 HTTP/1.1" 200 22
222.70.171.86 - - [07/Dec/2021:08:34:52 +0800] "GET /xingrg/check_reg.html?_=1638837297570 HTTP/1.1" 200 22
116.238.248.233 - - [07/Dec/2021:08:34:52 +0800] "GET /xingrg/all/function/internal_message.html?_=1638837291976&CODE_STATE=getMsg HTTP/1.1" 200 27
222.70.171.86 - - [07/Dec/2021:08:34:53 +0800] "GET /xingrg/all/function/internal_message.html?_=1638837298564&CODE_STATE=getMsg HTTP/1.1" 200 27
120.253.135.82 - - [07/Dec/2021:08:34:54 +0800] "GET /xingrg/kc/pszx/mdqp_order_list.html?state=10 HTTP/1.1" 200 10217
120.253.135.82 - - [07/Dec/2021:08:34:54 +0800] "GET /xingrg/dwr/interface/AjaxQqpsService.js HTTP/1.1" 200 16326
120.253.135.82 - - [07/Dec/2021:08:34:54 +0800] "GET /xingrg/dwr/interface/AjaxReportQueryService.js HTTP/1.1" 200 13203
120.253.135.82 - - [07/Dec/2021:08:34:54 +0800] "GET /xingrg/dwr/engine.js HTTP/1.1" 200 43631
222.70.176.97 - - [07/Dec/2021:08:34:58 +0800] "GET /xingrg/all/function/internal_message.html?_=1638837296974&CODE_STATE=getMsg HTTP/1.1" 200 27
114.85.125.222 - - [07/Dec/2021:08:35:02 +0800] "GET /xingrg/check_reg.html?_=1638837263859 HTTP/1.1" 200 22
114.85.125.222 - - [07/Dec/2021:08:35:16 +0800] "GET /xingrg/all/function/internal_message.html?_=1638837277972&CODE_STATE=getMsg HTTP/1.1" 200 27
58.35.215.131 - - [07/Dec/2021:08:35:19 +0800] "GET /xingrg/all/function/internal_message.html?_=1638837319214&CODE_STATE=getMsg HTTP/1.1" 200 27
120.253.135.82 - - [07/Dec/2021:08:35:42 +0800] "GET /xingrg/check_reg.html?_=1638837119449 HTTP/1.1" 200 22
172.20.0.100 - - [07/Dec/2021:08:35:42 +0800] "GET /xingrg/all/function/internal_message.html?_=1638837341441&CODE_STATE=getMsg HTTP/1.1" 200 27
120.253.135.82 - - [07/Dec/2021:08:35:42 +0800] "GET /xingrg/all/function/internal_message.html?_=1638837119777&CODE_STATE=getMsg HTTP/1.1" 200 27
114.86.226.73 - - [07/Dec/2021:08:35:49 +0800] "GET /xingrg/all/function/internal_message.html?_=1638837348948&CODE_STATE=getMsg HTTP/1.1" 200 27
116.238.248.233 - - [07/Dec/2021:08:35:52 +0800] "GET /xingrg/all/function/internal_message.html?_=1638837351974&CODE_STATE=getMsg HTTP/1.1" 200 27
116.238.248.233 - - [07/Dec/2021:08:35:52 +0800] "GET /xingrg/check_reg.html?_=1638837351976 HTTP/1.1" 200 22
222.70.171.86 - - [07/Dec/2021:08:35:53 +0800] "GET /xingrg/all/function/internal_message.html?_=1638837358578&CODE_STATE=getMsg HTTP/1.1" 200 27
222.70.176.97 - - [07/Dec/2021:08:35:58 +0800] "GET /xingrg/all/function/internal_message.html?_=1638837356973&CODE_STATE=getMsg HTTP/1.1" 200 27
116.227.210.113 - - [07/Dec/2021:08:36:07 +0800] "POST /xingrg/login.do HTTP/1.1" 302 -
116.227.210.113 - - [07/Dec/2021:08:36:07 +0800] "GET /xingrg/index.html?sysBaseUrl=http%3A%2F%2F180.169.147.146%3A18081%2Fxingrg%2F&costTime=1088×tamp=1638837367371 HTTP/1.1" 200 17179
116.227.210.113 - - [07/Dec/2021:08:36:07 +0800] "GET /favicon.ico HTTP/1.1" 404 -
116.227.210.113 - - [07/Dec/2021:08:36:07 +0800] "POST /xingrg/all/common/load_tree.html?tree=area_rest_tree_json&manage=1 HTTP/1.1" 200 351
116.227.210.113 - - [07/Dec/2021:08:36:07 +0800] "GET /xingrg/all/function/internal_message.html?_=1638837365573&CODE_STATE=count HTTP/1.1" 200 11
116.227.210.113 - - [07/Dec/2021:08:36:07 +0800] "GET /xingrg/check_reg.html?_=1638837365574 HTTP/1.1" 200 22
116.227.210.113 - - [07/Dec/2021:08:36:08 +0800] "POST /xingrg/load_menu.html HTTP/1.1" 200 5138
116.227.210.113 - - [07/Dec/2021:08:36:10 +0800] "GET /xingrg/kc/buy/cgsh_order_list.html HTTP/1.1" 200 49169
116.227.210.113 - - [07/Dec/2021:08:36:13 +0800] "POST /xingrg/kc/buy/cgsh_list_operate.html HTTP/1.1" 200 876
116.227.210.113 - - [07/Dec/2021:08:36:15 +0800] "GET /xingrg/kc/buy/cgsh_order_add.html HTTP/1.1" 200 64866
116.227.210.113 - - [07/Dec/2021:08:36:15 +0800] "GET /xingrg/words/20211206103503_words.js HTTP/1.1" 304 -
116.227.210.113 - - [07/Dec/2021:08:36:16 +0800] "POST /xingrg/kc/buy/cgsh_order_operate.html HTTP/1.1" 200 8245
116.227.210.113 - - [07/Dec/2021:08:36:16 +0800] "GET /xingrg/javascript/easyui/themes/default/validatebox.css HTTP/1.1" 404 1104
116.227.210.113 - - [07/Dec/2021:08:36:16 +0800] "GET /xingrg/all/common/auto_word.html?type=employee&rest_code=00155 HTTP/1.1" 200 205
116.227.210.113 - - [07/Dec/2021:08:36:16 +0800] "GET /xingrg/all/common/auto_word.html?type=employee&rest_code=00155 HTTP/1.1" 200 205
114.85.125.222 - - [07/Dec/2021:08:36:16 +0800] "GET /xingrg/all/function/internal_message.html?_=1638837337987&CODE_STATE=getMsg HTTP/1.1" 200 27
116.227.210.113 - - [07/Dec/2021:08:36:18 +0800] "GET /xingrg/javascript/auto/indicator.gif HTTP/1.1" 404 1066
58.35.215.131 - - [07/Dec/2021:08:36:19 +0800] "GET /xingrg/all/function/internal_message.html?_=1638837379215&CODE_STATE=getMsg HTTP/1.1" 200 27
116.227.210.113 - - [07/Dec/2021:08:36:25 +0800] "GET /xingrg/javascript/jquery_tools/images/prev.gif HTTP/1.1" 404 1086
116.227.210.113 - - [07/Dec/2021:08:36:25 +0800] "GET /xingrg/javascript/jquery_tools/images/next.gif HTTP/1.1" 404 1086
116.227.210.113 - - [07/Dec/2021:08:36:33 +0800] "GET /xingrg/kc/buy/cgsh_order_operate.html?command=get_materiel&rest_code=00155&code=00101007125&supplier_code=00100002&order_time=2021-12-07 HTTP/1.1" 200 406
116.227.210.113 - - [07/Dec/2021:08:36:42 +0800] "POST /xingrg/kc/buy/cgsh_order_operate.html HTTP/1.1" 200 37
172.20.0.100 - - [07/Dec/2021:08:36:42 +0800] "GET /xingrg/all/function/internal_message.html?_=1638837401444&CODE_STATE=getMsg HTTP/1.1" 200 27
120.253.135.82 - - [07/Dec/2021:08:36:42 +0800] "GET /xingrg/all/function/internal_message.html?_=1638837179791&CODE_STATE=getMsg HTTP/1.1" 200 27
116.227.210.113 - - [07/Dec/2021:08:36:44 +0800] "POST /xingrg/kc/buy/cgsh_order_operate.html HTTP/1.1" 200 2649
116.227.210.113 - - [07/Dec/2021:08:36:45 +0800] "GET /xingrg/kc/print/load_config.html?kc_code=cgsh HTTP/1.1" 200 2281
116.227.210.113 - - [07/Dec/2021:08:36:46 +0800] "GET /xingrg/kc/print/load_data.html?order_code=212021120702533&kc_code=cgsh&condition= HTTP/1.1" 200 737
114.86.226.73 - - [07/Dec/2021:08:36:49 +0800] "GET /xingrg/all/function/internal_message.html?_=1638837408949&CODE_STATE=getMsg HTTP/1.1" 200 27
116.227.210.113 - - [07/Dec/2021:08:36:50 +0800] "GET /xingrg/kc/print/load_data.html?order_code=212021120702533&kc_code=cgsh HTTP/1.1" 200 737
116.238.248.233 - - [07/Dec/2021:08:36:52 +0800] "GET /xingrg/all/function/internal_message.html?_=1638837411974&CODE_STATE=getMsg HTTP/1.1" 200 27
222.70.171.86 - - [07/Dec/2021:08:36:53 +0800] "GET /xingrg/all/function/internal_message.html?_=1638837418592&CODE_STATE=getMsg HTTP/1.1" 200 27
222.70.176.97 - - [07/Dec/2021:08:36:58 +0800] "GET /xingrg/all/function/internal_message.html?_=1638837416973&CODE_STATE=getMsg HTTP/1.1" 200 27
116.227.210.113 - - [07/Dec/2021:08:37:00 +0800] "GET /xingrg/kc/buy/cgsh_order_add.html HTTP/1.1" 200 64866
116.227.210.113 - - [07/Dec/2021:08:37:00 +0800] "POST /xingrg/kc/buy/cgsh_order_operate.html HTTP/1.1" 200 8245
116.227.210.113 - - [07/Dec/2021:08:37:00 +0800] "GET /xingrg/javascript/easyui/themes/default/validatebox.css HTTP/1.1" 404 1104
116.227.210.113 - - [07/Dec/2021:08:37:07 +0800] "GET /xingrg/all/function/internal_message.html?_=1638837425582&CODE_STATE=getMsg HTTP/1.1" 200 27
116.227.210.113 - - [07/Dec/2021:08:37:08 +0800] "GET /xingrg/kc/buy/cgsh_order_operate.html?command=get_materiel&rest_code=00155&code=00101006065&supplier_code=00100012&order_time=2021-12-07 HTTP/1.1" 200 409
116.227.210.113 - - [07/Dec/2021:08:37:15 +0800] "GET /xingrg/kc/buy/cgsh_order_operate.html?command=get_materiel&rest_code=00155&code=00101006124&supplier_code=00100012&order_time=2021-12-07 HTTP/1.1" 200 409
114.85.125.222 - - [07/Dec/2021:08:37:16 +0800] "GET /xingrg/all/function/internal_message.html?_=1638837398013&CODE_STATE=getMsg HTTP/1.1" 200 27
58.35.215.131 - - [07/Dec/2021:08:37:19 +0800] "GET /xingrg/all/function/internal_message.html?_=1638837439217&CODE_STATE=getMsg HTTP/1.1" 200 27
116.227.210.113 - - [07/Dec/2021:08:37:21 +0800] "GET /xingrg/kc/buy/cgsh_order_operate.html?command=get_materiel&rest_code=00155&code=00101006071&supplier_code=00100012&order_time=2021-12-07 HTTP/1.1" 200 409
114.83.221.33 - - [07/Dec/2021:08:37:26 +0800] "GET /xingrg/login.html?sysBaseUrl=http%3A%2F%2F180.169.147.146%3A18081%2Fxingrg%2F&costTime=31×tamp=1615347190560 HTTP/1.1" 200 7641
114.83.221.33 - - [07/Dec/2021:08:37:27 +0800] "GET /favicon.ico HTTP/1.1" 404 -
116.227.210.113 - - [07/Dec/2021:08:37:28 +0800] "GET /xingrg/kc/buy/cgsh_order_operate.html?command=get_materiel&rest_code=00155&code=00101006055&supplier_code=00100012&order_time=2021-12-07 HTTP/1.1" 200 409
114.83.221.33 - - [07/Dec/2021:08:37:30 +0800] "POST /xingrg/login.do HTTP/1.1" 302 -
114.83.221.33 - - [07/Dec/2021:08:37:31 +0800] "GET /xingrg/index.html?sysBaseUrl=http%3A%2F%2F180.169.147.146%3A18081%2Fxingrg%2F&costTime=1108×tamp=1638837450900 HTTP/1.1" 200 17179
114.83.221.33 - - [07/Dec/2021:08:37:31 +0800] "GET /favicon.ico HTTP/1.1" 404 -
114.83.221.33 - - [07/Dec/2021:08:37:31 +0800] "POST /xingrg/all/common/load_tree.html?tree=area_rest_tree_json&manage=1 HTTP/1.1" 200 351
114.83.221.33 - - [07/Dec/2021:08:37:31 +0800] "GET /xingrg/all/function/internal_message.html?_=1638837448834&CODE_STATE=count HTTP/1.1" 200 11
114.83.221.33 - - [07/Dec/2021:08:37:31 +0800] "GET /xingrg/check_reg.html?_=1638837448836 HTTP/1.1" 200 22
114.83.221.33 - - [07/Dec/2021:08:37:31 +0800] "POST /xingrg/load_menu.html HTTP/1.1" 200 5138
116.227.210.113 - - [07/Dec/2021:08:37:35 +0800] "GET /xingrg/kc/buy/cgsh_order_operate.html?command=get_materiel&rest_code=00155&code=00101006109&supplier_code=00100012&order_time=2021-12-07 HTTP/1.1" 200 409
116.227.210.113 - - [07/Dec/2021:08:37:41 +0800] "GET /xingrg/kc/buy/cgsh_order_operate.html?command=get_materiel&rest_code=00155&code=00101006027&supplier_code=00100012&order_time=2021-12-07 HTTP/1.1" 200 409
172.20.0.100 - - [07/Dec/2021:08:37:42 +0800] "GET /xingrg/all/function/internal_message.html?_=1638837461453&CODE_STATE=getMsg HTTP/1.1" 200 27
120.253.135.82 - - [07/Dec/2021:08:37:42 +0800] "GET /xingrg/all/function/internal_message.html?_=1638837239804&CODE_STATE=getMsg HTTP/1.1" 200 27
114.86.226.73 - - [07/Dec/2021:08:37:49 +0800] "GET /xingrg/all/function/internal_message.html?_=1638837468951&CODE_STATE=getMsg HTTP/1.1" 200 27
116.227.210.113 - - [07/Dec/2021:08:37:49 +0800] "POST /xingrg/kc/buy/cgsh_order_operate.html HTTP/1.1" 200 37
116.227.210.113 - - [07/Dec/2021:08:37:51 +0800] "POST /xingrg/kc/buy/cgsh_order_operate.html HTTP/1.1" 200 5599
116.227.210.113 - - [07/Dec/2021:08:37:52 +0800] "GET /xingrg/kc/print/load_data.html?order_code=212021120702534&kc_code=cgsh&condition= HTTP/1.1" 200 1878
116.238.248.233 - - [07/Dec/2021:08:37:52 +0800] "GET /xingrg/all/function/internal_message.html?_=1638837471973&CODE_STATE=getMsg HTTP/1.1" 200 27
222.70.171.86 - - [07/Dec/2021:08:37:53 +0800] "GET /xingrg/all/function/internal_message.html?_=1638837478609&CODE_STATE=getMsg HTTP/1.1" 200 27
116.227.210.113 - - [07/Dec/2021:08:37:56 +0800] "GET /xingrg/kc/print/load_data.html?order_code=212021120702534&kc_code=cgsh HTTP/1.1" 200 1878
222.70.176.97 - - [07/Dec/2021:08:37:58 +0800] "GET /xingrg/check_reg.html?_=1638837476971 HTTP/1.1" 200 22
222.70.176.97 - - [07/Dec/2021:08:37:58 +0800] "GET /xingrg/all/function/internal_message.html?_=1638837476973&CODE_STATE=getMsg HTTP/1.1" 200 27
114.83.221.33 - - [07/Dec/2021:08:38:02 +0800] "GET /xingrg/kc/buy/cgsh_order_list.html HTTP/1.1" 200 49169
114.83.221.33 - - [07/Dec/2021:08:38:05 +0800] "POST /xingrg/kc/buy/cgsh_list_operate.html HTTP/1.1" 200 876
114.83.221.33 - - [07/Dec/2021:08:38:06 +0800] "GET /xingrg/kc/buy/cgsh_order_add.html HTTP/1.1" 200 64992
114.83.221.33 - - [07/Dec/2021:08:38:07 +0800] "GET /xingrg/words/20211206103503_words.js HTTP/1.1" 304 -
114.83.221.33 - - [07/Dec/2021:08:38:07 +0800] "POST /xingrg/kc/buy/cgsh_order_operate.html HTTP/1.1" 200 8245
114.83.221.33 - - [07/Dec/2021:08:38:07 +0800] "GET /xingrg/javascript/easyui/themes/default/validatebox.css HTTP/1.1" 404 1104
114.83.221.33 - - [07/Dec/2021:08:38:07 +0800] "GET /xingrg/all/common/auto_word.html?type=employee&rest_code=00149 HTTP/1.1" 200 197
114.83.221.33 - - [07/Dec/2021:08:38:07 +0800] "GET /xingrg/all/common/auto_word.html?type=employee&rest_code=00149 HTTP/1.1" 200 197
116.227.210.113 - - [07/Dec/2021:08:38:07 +0800] "GET /xingrg/all/function/internal_message.html?_=1638837485586&CODE_STATE=getMsg HTTP/1.1" 200 27
114.85.125.222 - - [07/Dec/2021:08:38:16 +0800] "GET /xingrg/all/function/internal_message.html?_=1638837458013&CODE_STATE=getMsg HTTP/1.1" 200 27
58.35.215.131 - - [07/Dec/2021:08:38:19 +0800] "GET /xingrg/check_reg.html?_=1638837499204 HTTP/1.1" 200 22
58.35.215.131 - - [07/Dec/2021:08:38:19 +0800] "GET /xingrg/all/function/internal_message.html?_=1638837499205&CODE_STATE=getMsg HTTP/1.1" 200 27
114.83.221.33 - - [07/Dec/2021:08:38:23 +0800] "GET /xingrg/javascript/auto/indicator.gif HTTP/1.1" 404 1066
114.83.221.33 - - [07/Dec/2021:08:38:24 +0800] "GET /xingrg/javascript/jquery_tools/images/prev.gif HTTP/1.1" 404 1086
114.83.221.33 - - [07/Dec/2021:08:38:24 +0800] "GET /xingrg/javascript/jquery_tools/images/next.gif HTTP/1.1" 404 1086
222.70.171.86 - - [07/Dec/2021:08:38:25 +0800] "GET /favicon.ico HTTP/1.1" 404 -
114.83.221.33 - - [07/Dec/2021:08:38:31 +0800] "GET /xingrg/all/function/internal_message.html?_=1638837508867&CODE_STATE=getMsg HTTP/1.1" 200 27
114.83.221.33 - - [07/Dec/2021:08:38:31 +0800] "GET /xingrg/kc/buy/cgsh_order_operate.html?command=get_materiel&rest_code=00149&code=00101008091&supplier_code=00100005&order_time=2021-12-07 HTTP/1.1" 200 413
116.239.131.8 - - [07/Dec/2021:08:38:41 +0800] "GET /xingrg/check_reg.html?_=1638837513524 HTTP/1.1" 302 -
172.20.0.100 - - [07/Dec/2021:08:38:42 +0800] "GET /xingrg/all/function/internal_message.html?_=1638837521458&CODE_STATE=getMsg HTTP/1.1" 200 27
114.83.221.33 - - [07/Dec/2021:08:38:42 +0800] "GET /xingrg/kc/buy/cgsh_order_operate.html?command=get_materiel&rest_code=00149&code=00101008072&supplier_code=00100005&order_time=2021-12-07 HTTP/1.1" 200 408
120.253.135.82 - - [07/Dec/2021:08:38:42 +0800] "GET /xingrg/all/function/internal_message.html?_=1638837299817&CODE_STATE=getMsg HTTP/1.1" 200 27
114.86.226.73 - - [07/Dec/2021:08:38:49 +0800] "GET /xingrg/all/function/internal_message.html?_=1638837528952&CODE_STATE=getMsg HTTP/1.1" 200 27
114.83.221.33 - - [07/Dec/2021:08:38:52 +0800] "GET /xingrg/kc/buy/cgsh_order_operate.html?command=get_materiel&rest_code=00149&code=00101008027&supplier_code=00100005&order_time=2021-12-07 HTTP/1.1" 200 408
116.238.248.233 - - [07/Dec/2021:08:38:52 +0800] "GET /xingrg/all/function/internal_message.html?_=1638837531991&CODE_STATE=getMsg HTTP/1.1" 200 27
222.70.171.86 - - [07/Dec/2021:08:38:53 +0800] "GET /xingrg/all/function/internal_message.html?_=1638837538618&CODE_STATE=getMsg HTTP/1.1" 200 27
222.70.176.97 - - [07/Dec/2021:08:38:58 +0800] "GET /xingrg/all/function/internal_message.html?_=1638837536972&CODE_STATE=getMsg HTTP/1.1" 200 27
114.83.221.33 - - [07/Dec/2021:08:39:06 +0800] "GET /xingrg/kc/buy/cgsh_order_operate.html?command=get_materiel&rest_code=00149&code=00101008055&supplier_code=00100005&order_time=2021-12-07 HTTP/1.1" 200 409
116.227.210.113 - - [07/Dec/2021:08:39:07 +0800] "GET /xingrg/all/function/internal_message.html?_=1638837545599&CODE_STATE=getMsg HTTP/1.1" 200 27
114.83.221.33 - - [07/Dec/2021:08:39:13 +0800] "GET /xingrg/kc/buy/cgsh_order_operate.html?command=get_materiel&rest_code=00149&code=00101008349&supplier_code=00100005&order_time=2021-12-07 HTTP/1.1" 200 412
114.85.125.222 - - [07/Dec/2021:08:39:16 +0800] "GET /xingrg/all/function/internal_message.html?_=1638837518043&CODE_STATE=getMsg HTTP/1.1" 200 27
58.35.215.131 - - [07/Dec/2021:08:39:19 +0800] "GET /xingrg/all/function/internal_message.html?_=1638837559206&CODE_STATE=getMsg HTTP/1.1" 200 27
114.83.221.33 - - [07/Dec/2021:08:39:31 +0800] "GET /xingrg/all/function/internal_message.html?_=1638837568853&CODE_STATE=getMsg HTTP/1.1" 200 27
114.83.221.33 - - [07/Dec/2021:08:39:31 +0800] "GET /xingrg/kc/buy/cgsh_order_operate.html?command=get_materiel&rest_code=00149&code=00101008244&supplier_code=00100005&order_time=2021-12-07 HTTP/1.1" 200 408
114.83.221.33 - - [07/Dec/2021:08:39:39 +0800] "GET /xingrg/kc/buy/cgsh_order_operate.html?command=get_materiel&rest_code=00149&code=00101008354&supplier_code=00100005&order_time=2021-12-07 HTTP/1.1" 200 412
172.20.0.100 - - [07/Dec/2021:08:39:42 +0800] "GET /xingrg/check_reg.html?_=1638837581450 HTTP/1.1" 200 22
172.20.0.100 - - [07/Dec/2021:08:39:42 +0800] "GET /xingrg/all/function/internal_message.html?_=1638837581455&CODE_STATE=getMsg HTTP/1.1" 200 27
120.253.135.82 - - [07/Dec/2021:08:39:42 +0800] "GET /xingrg/all/function/internal_message.html?_=1638837359831&CODE_STATE=getMsg HTTP/1.1" 200 27
222.70.171.86 - - [07/Dec/2021:08:39:48 +0800] "GET /xingrg/check_reg.html?_=1638837592198 HTTP/1.1" 302 -
114.86.226.73 - - [07/Dec/2021:08:39:49 +0800] "GET /xingrg/all/function/internal_message.html?_=1638837589575&CODE_STATE=getMsg HTTP/1.1" 200 27
114.86.226.73 - - [07/Dec/2021:08:39:49 +0800] "GET /xingrg/check_reg.html?_=1638837589576 HTTP/1.1" 200 22
120.253.135.82 - - [07/Dec/2021:08:39:50 +0800] "GET /xingrg/kc/pszx/mdqp_order_list.html?state=10 HTTP/1.1" 200 10217
120.253.135.82 - - [07/Dec/2021:08:39:50 +0800] "GET /xingrg/dwr/interface/AjaxQqpsService.js HTTP/1.1" 200 16326
120.253.135.82 - - [07/Dec/2021:08:39:50 +0800] "GET /xingrg/dwr/interface/AjaxReportQueryService.js HTTP/1.1" 200 13203
120.253.135.82 - - [07/Dec/2021:08:39:50 +0800] "GET /xingrg/dwr/engine.js HTTP/1.1" 200 43631
222.70.171.86 - - [07/Dec/2021:08:39:52 +0800] "GET /xingrg/check_reg.html?_=1638837597581 HTTP/1.1" 200 22
120.253.135.82 - - [07/Dec/2021:08:39:52 +0800] "GET /xingrg/kc/pszx/mdth_order_list.html HTTP/1.1" 200 18349
116.238.248.233 - - [07/Dec/2021:08:39:52 +0800] "GET /xingrg/all/function/internal_message.html?_=1638837592005&CODE_STATE=getMsg HTTP/1.1" 200 27
120.253.135.82 - - [07/Dec/2021:08:39:53 +0800] "POST /xingrg/kc/pszx/mdth_order_new_list.html HTTP/1.1" 200 4142
222.70.171.86 - - [07/Dec/2021:08:39:53 +0800] "GET /xingrg/all/function/internal_message.html?_=1638837598632&CODE_STATE=getMsg HTTP/1.1" 200 27
114.83.221.33 - - [07/Dec/2021:08:39:54 +0800] "GET /xingrg/kc/buy/cgsh_order_operate.html?command=get_materiel&rest_code=00149&code=00101008028&supplier_code=00100005&order_time=2021-12-07 HTTP/1.1" 200 412
222.70.176.97 - - [07/Dec/2021:08:39:58 +0800] "GET /xingrg/all/function/internal_message.html?_=1638837596973&CODE_STATE=getMsg HTTP/1.1" 200 27
114.85.125.222 - - [07/Dec/2021:08:40:02 +0800] "GET /xingrg/check_reg.html?_=1638837563859 HTTP/1.1" 200 22
114.83.221.33 - - [07/Dec/2021:08:40:07 +0800] "GET /xingrg/kc/buy/cgsh_order_operate.html?command=get_materiel&rest_code=00149&code=00101008351&supplier_code=00100005&order_time=2021-12-07 HTTP/1.1" 200 408
116.227.210.113 - - [07/Dec/2021:08:40:07 +0800] "GET /xingrg/all/function/internal_message.html?_=1638837605584&CODE_STATE=getMsg HTTP/1.1" 200 27
120.253.135.82 - - [07/Dec/2021:08:40:08 +0800] "GET /xingrg/kc/pszx/mdqp_order_list.html?state=10 HTTP/1.1" 200 10217
120.253.135.82 - - [07/Dec/2021:08:40:08 +0800] "GET /xingrg/dwr/interface/AjaxReportQueryService.js HTTP/1.1" 200 13203
120.253.135.82 - - [07/Dec/2021:08:40:08 +0800] "GET /xingrg/dwr/engine.js HTTP/1.1" 200 43631
120.253.135.82 - - [07/Dec/2021:08:40:08 +0800] "GET /xingrg/dwr/interface/AjaxQqpsService.js HTTP/1.1" 200 16326
114.85.125.222 - - [07/Dec/2021:08:40:16 +0800] "GET /xingrg/all/function/internal_message.html?_=1638837578057&CODE_STATE=getMsg HTTP/1.1" 200 27
114.83.221.33 - - [07/Dec/2021:08:40:18 +0800] "GET /xingrg/kc/buy/cgsh_order_operate.html?command=get_materiel&rest_code=00149&code=00101008026&supplier_code=00100005&order_time=2021-12-07 HTTP/1.1" 200 409
58.35.215.131 - - [07/Dec/2021:08:40:19 +0800] "GET /xingrg/all/function/internal_message.html?_=1638837619208&CODE_STATE=getMsg HTTP/1.1" 200 27
114.83.221.33 - - [07/Dec/2021:08:40:28 +0800] "GET /xingrg/kc/buy/cgsh_order_operate.html?command=get_materiel&rest_code=00149&code=00101008096&supplier_code=00100005&order_time=2021-12-07 HTTP/1.1" 200 412
114.83.221.33 - - [07/Dec/2021:08:40:31 +0800] "GET /xingrg/all/function/internal_message.html?_=1638837628898&CODE_STATE=getMsg HTTP/1.1" 200 27
120.253.135.82 - - [07/Dec/2021:08:40:42 +0800] "GET /xingrg/check_reg.html?_=1638837419457 HTTP/1.1" 200 22
172.20.0.100 - - [07/Dec/2021:08:40:42 +0800] "GET /xingrg/all/function/internal_message.html?_=1638837641456&CODE_STATE=getMsg HTTP/1.1" 200 27
120.253.135.82 - - [07/Dec/2021:08:40:42 +0800] "GET /xingrg/all/function/internal_message.html?_=1638837419845&CODE_STATE=getMsg HTTP/1.1" 200 27
114.83.221.33 - - [07/Dec/2021:08:40:45 +0800] "GET /xingrg/kc/buy/cgsh_order_operate.html?command=get_materiel&rest_code=00149&code=00101008038&supplier_code=00100005&order_time=2021-12-07 HTTP/1.1" 200 412
114.86.226.73 - - [07/Dec/2021:08:40:49 +0800] "GET /xingrg/all/function/internal_message.html?_=1638837649571&CODE_STATE=getMsg HTTP/1.1" 200 27
116.238.248.233 - - [07/Dec/2021:08:40:52 +0800] "GET /xingrg/check_reg.html?_=1638837652016 HTTP/1.1" 200 22
116.238.248.233 - - [07/Dec/2021:08:40:52 +0800] "GET /xingrg/all/function/internal_message.html?_=1638837652022&CODE_STATE=getMsg HTTP/1.1" 200 27
222.70.171.86 - - [07/Dec/2021:08:40:53 +0800] "GET /xingrg/all/function/internal_message.html?_=1638837658647&CODE_STATE=getMsg HTTP/1.1" 200 27
114.83.221.33 - - [07/Dec/2021:08:40:58 +0800] "GET /xingrg/kc/buy/cgsh_order_operate.html?command=get_materiel&rest_code=00149&code=00101008358&supplier_code=00100005&order_time=2021-12-07 HTTP/1.1" 200 412
222.70.176.97 - - [07/Dec/2021:08:40:58 +0800] "GET /xingrg/all/function/internal_message.html?_=1638837656972&CODE_STATE=getMsg HTTP/1.1" 200 27
114.83.221.33 - - [07/Dec/2021:08:41:07 +0800] "GET /xingrg/kc/buy/cgsh_order_operate.html?command=get_materiel&rest_code=00149&code=00101008224&supplier_code=00100005&order_time=2021-12-07 HTTP/1.1" 200 416
116.227.210.113 - - [07/Dec/2021:08:41:07 +0800] "GET /xingrg/check_reg.html?_=1638837665581 HTTP/1.1" 200 22
116.227.210.113 - - [07/Dec/2021:08:41:07 +0800] "GET /xingrg/all/function/internal_message.html?_=1638837665586&CODE_STATE=getMsg HTTP/1.1" 200 27
114.85.125.222 - - [07/Dec/2021:08:41:16 +0800] "GET /xingrg/all/function/internal_message.html?_=1638837638071&CODE_STATE=getMsg HTTP/1.1" 200 27
58.35.215.131 - - [07/Dec/2021:08:41:19 +0800] "GET /xingrg/all/function/internal_message.html?_=1638837679210&CODE_STATE=getMsg HTTP/1.1" 200 27
114.83.221.33 - - [07/Dec/2021:08:41:25 +0800] "GET /xingrg/kc/buy/cgsh_order_operate.html?command=get_materiel&rest_code=00149&code=00101008190&supplier_code=00100005&order_time=2021-12-07 HTTP/1.1" 200 412
114.83.221.33 - - [07/Dec/2021:08:41:31 +0800] "GET /xingrg/all/function/internal_message.html?_=1638837688879&CODE_STATE=getMsg HTTP/1.1" 200 27
172.20.0.100 - - [07/Dec/2021:08:41:42 +0800] "GET /xingrg/all/function/internal_message.html?_=1638837701442&CODE_STATE=getMsg HTTP/1.1" 200 27
114.83.221.33 - - [07/Dec/2021:08:41:42 +0800] "GET /xingrg/kc/buy/cgsh_order_operate.html?command=get_materiel&rest_code=00149&code=00101008370&supplier_code=00100005&order_time=2021-12-07 HTTP/1.1" 200 412
120.253.135.82 - - [07/Dec/2021:08:41:42 +0800] "GET /xingrg/all/function/internal_message.html?_=1638837479858&CODE_STATE=getMsg HTTP/1.1" 200 27
114.86.226.73 - - [07/Dec/2021:08:41:49 +0800] "GET /xingrg/all/function/internal_message.html?_=1638837709573&CODE_STATE=getMsg HTTP/1.1" 200 27
116.238.248.233 - - [07/Dec/2021:08:41:52 +0800] "GET /xingrg/all/function/internal_message.html?_=1638837712021&CODE_STATE=getMsg HTTP/1.1" 200 27
222.70.171.86 - - [07/Dec/2021:08:41:53 +0800] "GET /xingrg/all/function/internal_message.html?_=1638837718660&CODE_STATE=getMsg HTTP/1.1" 200 27
114.83.221.33 - - [07/Dec/2021:08:41:56 +0800] "GET /xingrg/kc/buy/cgsh_order_operate.html?command=get_materiel&rest_code=00149&code=00101008126&supplier_code=00100005&order_time=2021-12-07 HTTP/1.1" 200 412
222.70.176.97 - - [07/Dec/2021:08:41:58 +0800] "GET /xingrg/all/function/internal_message.html?_=1638837716973&CODE_STATE=getMsg HTTP/1.1" 200 27
114.83.221.33 - - [07/Dec/2021:08:42:00 +0800] "POST /xingrg/kc/buy/cgsh_order_operate.html HTTP/1.1" 200 2065
