180.169.147.146 - - [07/Dec/2021:10:02:04 +0800] "POST /xingrg/login.do HTTP/1.1" 302 -
180.169.147.146 - - [07/Dec/2021:10:02:04 +0800] "GET /xingrg/index.html?sysBaseUrl=http%3A%2F%2F180.169.147.146%3A18081%2Fxingrg%2F&costTime=1276×tamp=1638842524205 HTTP/1.1" 200 17179
180.169.147.146 - - [07/Dec/2021:10:02:04 +0800] "GET /favicon.ico HTTP/1.1" 404 -
180.169.147.146 - - [07/Dec/2021:10:02:04 +0800] "GET /xingrg/all/function/internal_message.html?_=1638842518103&CODE_STATE=count HTTP/1.1" 200 11
180.169.147.146 - - [07/Dec/2021:10:02:04 +0800] "GET /xingrg/check_reg.html?_=1638842518106 HTTP/1.1" 200 22
180.169.147.146 - - [07/Dec/2021:10:02:04 +0800] "POST /xingrg/all/common/load_tree.html?tree=area_rest_tree_json&manage=1 HTTP/1.1" 200 351
180.169.147.146 - - [07/Dec/2021:10:02:04 +0800] "POST /xingrg/load_menu.html HTTP/1.1" 200 5138
180.169.147.146 - - [07/Dec/2021:10:02:05 +0800] "GET /xingrg/kc/buy/buy_main.html HTTP/1.1" 200 12412
180.169.147.146 - - [07/Dec/2021:10:02:05 +0800] "GET /xingrg/css/new_ie.css HTTP/1.1" 404 1036
124.78.153.86 - - [07/Dec/2021:10:02:05 +0800] "GET /xingrg/kc/buy/cgsh_order_operate.html?command=get_materiel&rest_code=00106&code=00101008286&supplier_code=00100007&order_time=2021-12-07 HTTP/1.1" 200 408
180.169.147.146 - - [07/Dec/2021:10:02:05 +0800] "GET /xingrg/images/yd/bt.gif HTTP/1.1" 404 1040
180.169.147.146 - - [07/Dec/2021:10:02:08 +0800] "GET /xingrg/kc/buy/cgsh_order_list.html HTTP/1.1" 200 8212
101.91.60.88 - - [07/Dec/2021:10:02:08 +0800] "GET /xingrg/kc/buy/cgsh_order_operate.html?command=get_materiel&rest_code=00106&code=00101008351&supplier_code=00100007&order_time=2021-12-07 HTTP/1.1" 302 -
180.169.147.146 - - [07/Dec/2021:10:02:08 +0800] "GET /xingrg/kc/buy/cgsh_order_list.html HTTP/1.1" 200 49169
101.91.60.88 - - [07/Dec/2021:10:02:09 +0800] "GET /xingrg/login.html HTTP/1.1" 200 7641
116.235.94.0 - - [07/Dec/2021:10:02:09 +0800] "GET /xingrg/check_reg.html?_=1638842651294 HTTP/1.1" 200 22
116.235.94.0 - - [07/Dec/2021:10:02:09 +0800] "GET /xingrg/all/function/internal_message.html?_=1638842651295&CODE_STATE=getMsg HTTP/1.1" 200 27
180.169.147.146 - - [07/Dec/2021:10:02:12 +0800] "POST /xingrg/kc/buy/cgsh_list_operate.html HTTP/1.1" 200 5222
58.221.95.50 - - [07/Dec/2021:10:02:12 +0800] "GET /xingrg/kc/base/wldb_order_operate.html?command=get_materiel&rest_code=00152&base_code=0010647&code=00102015021 HTTP/1.1" 200 435
222.69.132.164 - - [07/Dec/2021:10:02:14 +0800] "GET /xingrg/all/function/internal_message.html?_=1638842547989&CODE_STATE=getMsg HTTP/1.1" 200 27
180.169.147.146 - - [07/Dec/2021:10:02:16 +0800] "POST /xingrg/kc/buy/cgsh_list_operate.html HTTP/1.1" 200 573
124.78.153.86 - - [07/Dec/2021:10:02:16 +0800] "GET /xingrg/kc/buy/cgsh_order_operate.html?command=get_materiel&rest_code=00106&code=00101008131&supplier_code=00100007&order_time=2021-12-07 HTTP/1.1" 200 408
116.228.172.94 - - [07/Dec/2021:10:02:16 +0800] "GET /xingrg/kc/buy/cgsh_order_operate.html?command=get_materiel&rest_code=00153&code=00101008268&supplier_code=00100006&order_time=2021-12-07 HTTP/1.1" 200 408
180.169.147.146 - - [07/Dec/2021:10:02:17 +0800] "GET /xingrg/kc/buy/cgsh_order_info.html?code=212021120602497 HTTP/1.1" 200 64908
180.169.147.146 - - [07/Dec/2021:10:02:17 +0800] "GET /xingrg/words/20211207094324_words.js HTTP/1.1" 200 877885
180.169.147.146 - - [07/Dec/2021:10:02:17 +0800] "GET /xingrg/javascript/easyui/themes/default/validatebox.css HTTP/1.1" 404 1104
180.169.147.146 - - [07/Dec/2021:10:02:17 +0800] "GET /xingrg/all/common/auto_word.html?type=employee&rest_code=00147 HTTP/1.1" 200 101
180.169.147.146 - - [07/Dec/2021:10:02:17 +0800] "GET /xingrg/all/common/auto_word.html?type=employee&rest_code=00147 HTTP/1.1" 200 101
180.169.147.146 - - [07/Dec/2021:10:02:18 +0800] "POST /xingrg/kc/buy/cgsh_order_operate.html HTTP/1.1" 200 7437
101.91.62.89 - - [07/Dec/2021:10:02:18 +0800] "GET /xingrg/kc/buy/cgsh_order_operate.html?command=get_materiel&rest_code=00106&code=00101008355&supplier_code=00100007&order_time=2021-12-07 HTTP/1.1" 302 -
116.238.248.233 - - [07/Dec/2021:10:02:18 +0800] "GET /xingrg/all/function/internal_message.html?_=1638842537575&CODE_STATE=getMsg HTTP/1.1" 200 27
58.35.215.131 - - [07/Dec/2021:10:02:19 +0800] "GET /xingrg/all/function/internal_message.html?_=1638842539204&CODE_STATE=getMsg HTTP/1.1" 200 27
180.169.147.146 - - [07/Dec/2021:10:02:20 +0800] "GET /xingrg/check_reg.html?_=1638842542218 HTTP/1.1" 302 -
101.91.62.89 - - [07/Dec/2021:10:02:21 +0800] "GET /xingrg/login.html HTTP/1.1" 200 7641
114.85.125.222 - - [07/Dec/2021:10:02:22 +0800] "GET /xingrg/check_reg.html?_=1638842503675 HTTP/1.1" 200 22
114.85.125.222 - - [07/Dec/2021:10:02:22 +0800] "GET /xingrg/all/function/internal_message.html?_=1638842503912&CODE_STATE=getMsg HTTP/1.1" 200 27
180.169.147.146 - - [07/Dec/2021:10:02:25 +0800] "POST /xingrg/kc/buy/cgsh_order_operate.html HTTP/1.1" 200 37
58.221.95.50 - - [07/Dec/2021:10:02:25 +0800] "GET /xingrg/all/function/internal_message.html?_=1638842548094&CODE_STATE=getMsg HTTP/1.1" 200 27
114.83.221.33 - - [07/Dec/2021:10:02:25 +0800] "GET /xingrg/kc/print/load_data.html?order_code=212021120702581&kc_code=cgsh&condition= HTTP/1.1" 200 1648
116.228.172.94 - - [07/Dec/2021:10:02:26 +0800] "GET /xingrg/kc/buy/cgsh_order_operate.html?command=get_materiel&rest_code=00153&code=00101008349&supplier_code=00100006&order_time=2021-12-07 HTTP/1.1" 200 414
180.169.147.146 - - [07/Dec/2021:10:02:27 +0800] "POST /xingrg/kc/buy/cgsh_order_operate.html HTTP/1.1" 200 6833
124.78.153.86 - - [07/Dec/2021:10:02:28 +0800] "GET /xingrg/kc/buy/cgsh_order_operate.html?command=get_materiel&rest_code=00106&code=00101008318&supplier_code=00100007&order_time=2021-12-07 HTTP/1.1" 200 408
114.83.221.33 - - [07/Dec/2021:10:02:31 +0800] "GET /xingrg/all/function/internal_message.html?_=1638842549175&CODE_STATE=getMsg HTTP/1.1" 200 27
114.83.221.33 - - [07/Dec/2021:10:02:31 +0800] "GET /xingrg/check_reg.html?_=1638842549178 HTTP/1.1" 200 22
180.169.147.146 - - [07/Dec/2021:10:02:34 +0800] "GET /xingrg/all/function/internal_message.html?_=1638842558190&CODE_STATE=getMsg HTTP/1.1" 200 27
124.78.153.86 - - [07/Dec/2021:10:02:35 +0800] "GET /xingrg/kc/buy/cgsh_order_operate.html?command=get_materiel&rest_code=00106&code=00101008352&supplier_code=00100007&order_time=2021-12-07 HTTP/1.1" 200 412
116.228.172.94 - - [07/Dec/2021:10:02:38 +0800] "GET /xingrg/kc/buy/cgsh_order_operate.html?command=get_materiel&rest_code=00153&code=00101008071&supplier_code=00100006&order_time=2021-12-07 HTTP/1.1" 200 413
116.239.131.8 - - [07/Dec/2021:10:02:38 +0800] "GET /xingrg/all/function/internal_message.html?_=1638842557763&CODE_STATE=getMsg HTTP/1.1" 200 27
172.20.0.100 - - [07/Dec/2021:10:02:39 +0800] "GET /xingrg/all/function/internal_message.html?_=1638842558240&CODE_STATE=getMsg HTTP/1.1" 200 27
58.39.139.200 - - [07/Dec/2021:10:02:40 +0800] "GET /xingrg/kc/buy/cgsh_order_operate.html?command=get_materiel&rest_code=00105&code=00101008246&supplier_code=00100203&order_time=2021-12-07 HTTP/1.1" 200 408
101.89.29.78 - - [07/Dec/2021:10:02:41 +0800] "GET /xingrg/kc/buy/cgsh_order_operate.html?command=get_materiel&rest_code=00106&code=00101008264&supplier_code=00100007&order_time=2021-12-07 HTTP/1.1" 302 -
124.78.153.86 - - [07/Dec/2021:10:02:44 +0800] "POST /xingrg/kc/buy/cgsh_order_operate.html HTTP/1.1" 200 37
172.20.0.100 - - [07/Dec/2021:10:02:44 +0800] "GET /xingrg/check_reg.html?_=1638842563357 HTTP/1.1" 200 22
58.221.95.50 - - [07/Dec/2021:10:02:47 +0800] "GET /xingrg/kc/base/wldb_order_operate.html?command=get_materiel&rest_code=00152&base_code=0010647&code=00102020027 HTTP/1.1" 200 445
101.89.29.78 - - [07/Dec/2021:10:02:48 +0800] "GET /xingrg/login.html HTTP/1.1" 200 7641
180.157.253.6 - - [07/Dec/2021:10:02:48 +0800] "GET /xingrg/all/function/internal_message.html?_=1638842568475&CODE_STATE=getMsg HTTP/1.1" 200 27
116.228.172.94 - - [07/Dec/2021:10:02:48 +0800] "GET /xingrg/all/function/internal_message.html?_=1638842424162&CODE_STATE=getMsg HTTP/1.1" 200 27
114.86.226.73 - - [07/Dec/2021:10:02:49 +0800] "GET /xingrg/all/function/internal_message.html?_=1638842569136&CODE_STATE=getMsg HTTP/1.1" 200 27
116.228.172.94 - - [07/Dec/2021:10:02:50 +0800] "GET /xingrg/kc/buy/cgsh_order_operate.html?command=get_materiel&rest_code=00153&code=00101006111&supplier_code=00100006&order_time=2021-12-07 HTTP/1.1" 200 409
61.151.207.205 - - [07/Dec/2021:10:02:52 +0800] "GET /xingrg/check_reg.html?_=1638842515704 HTTP/1.1" 302 -
61.151.207.205 - - [07/Dec/2021:10:02:53 +0800] "GET /xingrg/login.html HTTP/1.1" 200 7641
61.151.178.180 - - [07/Dec/2021:10:02:53 +0800] "GET /xingrg/kc/buy/cgsh_order_operate.html?command=get_materiel&rest_code=00106&code=00101008360&supplier_code=00100007&order_time=2021-12-07 HTTP/1.1" 302 -
180.169.147.146 - - [07/Dec/2021:10:02:53 +0800] "GET /xingrg/all/function/internal_message.html?_=1638842573182&CODE_STATE=getMsg HTTP/1.1" 200 27
114.84.149.84 - - [07/Dec/2021:10:02:54 +0800] "GET /xingrg/all/function/internal_message.html?_=1638842392525&CODE_STATE=getMsg HTTP/1.1" 200 27
222.70.171.86 - - [07/Dec/2021:10:02:54 +0800] "GET /xingrg/all/function/internal_message.html?_=1638842579765&CODE_STATE=getMsg HTTP/1.1" 302 -
61.151.178.180 - - [07/Dec/2021:10:02:54 +0800] "GET /xingrg/login.html HTTP/1.1" 200 7641
58.39.139.200 - - [07/Dec/2021:10:02:57 +0800] "GET /xingrg/all/function/internal_message.html?_=1638842514653&CODE_STATE=getMsg HTTP/1.1" 200 27
124.78.153.86 - - [07/Dec/2021:10:02:58 +0800] "GET /xingrg/all/function/internal_message.html?_=1638842586957&CODE_STATE=getMsg HTTP/1.1" 200 27
222.70.176.97 - - [07/Dec/2021:10:02:58 +0800] "GET /xingrg/all/function/internal_message.html?_=1638842577691&CODE_STATE=getMsg HTTP/1.1" 200 27
116.228.172.94 - - [07/Dec/2021:10:02:59 +0800] "GET /xingrg/kc/buy/cgsh_order_operate.html?command=get_materiel&rest_code=00153&code=00101008199&supplier_code=00100006&order_time=2021-12-07 HTTP/1.1" 200 408
61.151.178.177 - - [07/Dec/2021:10:02:59 +0800] "GET /xingrg/all/function/internal_message.html?_=1638842515705&CODE_STATE=getMsg HTTP/1.1" 302 -
124.78.153.86 - - [07/Dec/2021:10:03:00 +0800] "POST /xingrg/kc/buy/cgsh_order_operate.html HTTP/1.1" 200 7945
58.39.139.200 - - [07/Dec/2021:10:03:01 +0800] "GET /xingrg/kc/buy/cgsh_order_operate.html?command=get_materiel&rest_code=00105&code=00101008087&supplier_code=00100203&order_time=2021-12-07 HTTP/1.1" 200 412
58.221.95.50 - - [07/Dec/2021:10:03:01 +0800] "GET /xingrg/kc/base/wldb_order_operate.html?command=get_materiel&rest_code=00152&base_code=0010647&code=00102002026 HTTP/1.1" 200 431
222.70.171.86 - - [07/Dec/2021:10:03:02 +0800] "GET /xingrg/all/function/internal_message.html?_=1638842586999&CODE_STATE=getMsg HTTP/1.1" 200 27
120.253.135.82 - - [07/Dec/2021:10:03:03 +0800] "GET /xingrg/all/function/internal_message.html?_=1638842360958&CODE_STATE=getMsg HTTP/1.1" 200 27
180.169.147.146 - - [07/Dec/2021:10:03:04 +0800] "GET /xingrg/all/function/internal_message.html?_=1638842578119&CODE_STATE=getMsg HTTP/1.1" 200 27
61.151.178.177 - - [07/Dec/2021:10:03:04 +0800] "GET /xingrg/login.html HTTP/1.1" 200 7641
58.39.139.200 - - [07/Dec/2021:10:03:06 +0800] "POST /xingrg/kc/buy/cgsh_order_operate.html HTTP/1.1" 200 2065
61.151.178.164 - - [07/Dec/2021:10:03:08 +0800] "GET /xingrg/kc/buy/cgsh_order_operate.html?command=get_materiel&rest_code=00106&code=00101008286&supplier_code=00100007&order_time=2021-12-07 HTTP/1.1" 302 -
61.151.178.164 - - [07/Dec/2021:10:03:08 +0800] "GET /xingrg/login.html HTTP/1.1" 200 7641
116.235.94.0 - - [07/Dec/2021:10:03:09 +0800] "GET /xingrg/all/function/internal_message.html?_=1638842711290&CODE_STATE=getMsg HTTP/1.1" 200 27
116.228.172.94 - - [07/Dec/2021:10:03:10 +0800] "GET /xingrg/kc/buy/cgsh_order_operate.html?command=get_materiel&rest_code=00153&code=00101042003&supplier_code=00100006&order_time=2021-12-07 HTTP/1.1" 200 442
116.228.172.94 - - [07/Dec/2021:10:03:12 +0800] "POST /xingrg/all/common/load_select.html HTTP/1.1" 200 25
222.69.132.164 - - [07/Dec/2021:10:03:14 +0800] "GET /xingrg/all/function/internal_message.html?_=1638842607992&CODE_STATE=getMsg HTTP/1.1" 200 27
58.221.95.50 - - [07/Dec/2021:10:03:14 +0800] "GET /xingrg/kc/base/wldb_order_operate.html?command=get_materiel&rest_code=00152&base_code=0010647&code=00102002010 HTTP/1.1" 200 439
101.91.60.88 - - [07/Dec/2021:10:03:16 +0800] "GET /xingrg/kc/buy/cgsh_order_operate.html?command=get_materiel&rest_code=00106&code=00101008131&supplier_code=00100007&order_time=2021-12-07 HTTP/1.1" 302 -
116.228.172.94 - - [07/Dec/2021:10:03:17 +0800] "GET /xingrg/kc/buy/cgsh_order_operate.html?command=get_materiel_price&rest_code=00153&code=00101042003&unit_code=00100071&supplier_code=00100006&order_time=2021-12-07 HTTP/1.1" 200 30
116.238.248.233 - - [07/Dec/2021:10:03:18 +0800] "GET /xingrg/all/function/internal_message.html?_=1638842597575&CODE_STATE=getMsg HTTP/1.1" 200 27
101.91.60.88 - - [07/Dec/2021:10:03:19 +0800] "GET /xingrg/login.html HTTP/1.1" 200 7641
58.35.215.131 - - [07/Dec/2021:10:03:19 +0800] "GET /xingrg/all/function/internal_message.html?_=1638842599207&CODE_STATE=getMsg HTTP/1.1" 200 27
58.35.215.131 - - [07/Dec/2021:10:03:19 +0800] "GET /xingrg/check_reg.html?_=1638842599208 HTTP/1.1" 200 22
58.39.139.200 - - [07/Dec/2021:10:03:20 +0800] "GET /xingrg/kc/buy/cgsh_order_operate.html?command=get_materiel&rest_code=00105&code=00101008024&supplier_code=00100203&order_time=2021-12-07 HTTP/1.1" 200 408
114.85.125.222 - - [07/Dec/2021:10:03:22 +0800] "GET /xingrg/all/function/internal_message.html?_=1638842563926&CODE_STATE=getMsg HTTP/1.1" 200 27
58.221.95.50 - - [07/Dec/2021:10:03:25 +0800] "GET /xingrg/all/function/internal_message.html?_=1638842608076&CODE_STATE=getMsg HTTP/1.1" 200 27
101.89.239.245 - - [07/Dec/2021:10:03:26 +0800] "GET /xingrg/kc/buy/cgsh_order_operate.html?command=get_materiel&rest_code=00106&code=00101008318&supplier_code=00100007&order_time=2021-12-07 HTTP/1.1" 302 -
101.89.239.245 - - [07/Dec/2021:10:03:27 +0800] "GET /xingrg/login.html HTTP/1.1" 200 7641
58.221.95.50 - - [07/Dec/2021:10:03:28 +0800] "GET /xingrg/kc/base/wldb_order_operate.html?command=get_materiel&rest_code=00152&base_code=0010647&code=00102015018 HTTP/1.1" 200 431
114.83.221.33 - - [07/Dec/2021:10:03:31 +0800] "GET /xingrg/all/function/internal_message.html?_=1638842609159&CODE_STATE=getMsg HTTP/1.1" 200 27
180.169.147.146 - - [07/Dec/2021:10:03:33 +0800] "POST /xingrg/kc/buy/cgsh_list_operate.html HTTP/1.1" 200 4
116.239.131.8 - - [07/Dec/2021:10:03:34 +0800] "GET /xingrg/check_reg.html?_=1638842613631 HTTP/1.1" 200 22
180.169.147.146 - - [07/Dec/2021:10:03:34 +0800] "GET /xingrg/check_reg.html?_=1638842618191 HTTP/1.1" 200 22
180.169.147.146 - - [07/Dec/2021:10:03:34 +0800] "GET /xingrg/all/function/internal_message.html?_=1638842618189&CODE_STATE=getMsg HTTP/1.1" 200 27
101.89.239.238 - - [07/Dec/2021:10:03:35 +0800] "GET /xingrg/kc/buy/cgsh_order_operate.html?command=get_materiel&rest_code=00106&code=00101008352&supplier_code=00100007&order_time=2021-12-07 HTTP/1.1" 302 -
101.89.239.238 - - [07/Dec/2021:10:03:37 +0800] "GET /xingrg/login.html HTTP/1.1" 200 7641
116.239.131.8 - - [07/Dec/2021:10:03:38 +0800] "GET /xingrg/all/function/internal_message.html?_=1638842617779&CODE_STATE=getMsg HTTP/1.1" 200 27
180.169.147.146 - - [07/Dec/2021:10:03:39 +0800] "POST /xingrg/kc/buy/cgsh_list_operate.html HTTP/1.1" 200 5154
172.20.0.100 - - [07/Dec/2021:10:03:39 +0800] "GET /xingrg/all/function/internal_message.html?_=1638842618220&CODE_STATE=getMsg HTTP/1.1" 200 27
180.169.147.146 - - [07/Dec/2021:10:03:41 +0800] "POST /xingrg/all/common/list_setting.html HTTP/1.1" 200 3730
58.39.139.200 - - [07/Dec/2021:10:03:46 +0800] "GET /xingrg/kc/buy/cgsh_order_operate.html?command=get_materiel&rest_code=00105&code=00101008118&supplier_code=00100203&order_time=2021-12-07 HTTP/1.1" 200 418
180.157.253.6 - - [07/Dec/2021:10:03:48 +0800] "GET /xingrg/all/function/internal_message.html?_=1638842628501&CODE_STATE=getMsg HTTP/1.1" 200 27
116.228.172.94 - - [07/Dec/2021:10:03:48 +0800] "GET /xingrg/all/function/internal_message.html?_=1638842484137&CODE_STATE=getMsg HTTP/1.1" 200 27
114.86.226.73 - - [07/Dec/2021:10:03:49 +0800] "GET /xingrg/all/function/internal_message.html?_=1638842629123&CODE_STATE=getMsg HTTP/1.1" 200 27
180.169.147.146 - - [07/Dec/2021:10:03:53 +0800] "GET /xingrg/all/function/internal_message.html?_=1638842633185&CODE_STATE=getMsg HTTP/1.1" 200 27
114.84.149.84 - - [07/Dec/2021:10:03:54 +0800] "GET /xingrg/all/function/internal_message.html?_=1638842452523&CODE_STATE=getMsg HTTP/1.1" 200 27
222.70.171.86 - - [07/Dec/2021:10:03:54 +0800] "GET /xingrg/all/function/internal_message.html?_=1638842639774&CODE_STATE=getMsg HTTP/1.1" 302 -
58.39.139.200 - - [07/Dec/2021:10:03:57 +0800] "GET /xingrg/all/function/internal_message.html?_=1638842574638&CODE_STATE=getMsg HTTP/1.1" 200 27
222.70.176.97 - - [07/Dec/2021:10:03:58 +0800] "GET /xingrg/all/function/internal_message.html?_=1638842637675&CODE_STATE=getMsg HTTP/1.1" 200 27
124.78.153.86 - - [07/Dec/2021:10:03:58 +0800] "GET /xingrg/all/function/internal_message.html?_=1638842646977&CODE_STATE=getMsg HTTP/1.1" 200 27
222.70.171.86 - - [07/Dec/2021:10:04:02 +0800] "GET /xingrg/all/function/internal_message.html?_=1638842647013&CODE_STATE=getMsg HTTP/1.1" 200 27
120.253.135.82 - - [07/Dec/2021:10:04:03 +0800] "GET /xingrg/check_reg.html?_=1638842420561 HTTP/1.1" 200 22
120.253.135.82 - - [07/Dec/2021:10:04:03 +0800] "GET /xingrg/all/function/internal_message.html?_=1638842420971&CODE_STATE=getMsg HTTP/1.1" 200 27
58.39.139.200 - - [07/Dec/2021:10:04:03 +0800] "GET /xingrg/kc/buy/cgsh_order_operate.html?command=get_materiel&rest_code=00105&code=00101008137&supplier_code=00100203&order_time=2021-12-07 HTTP/1.1" 200 408
180.169.147.146 - - [07/Dec/2021:10:04:04 +0800] "GET /xingrg/all/function/internal_message.html?_=1638842638121&CODE_STATE=getMsg HTTP/1.1" 200 27
61.151.207.158 - - [07/Dec/2021:10:04:04 +0800] "GET /xingrg/all/function/internal_message.html?_=1638842586957&CODE_STATE=getMsg HTTP/1.1" 302 -
61.151.207.158 - - [07/Dec/2021:10:04:08 +0800] "GET /xingrg/login.html HTTP/1.1" 200 7641
116.235.94.0 - - [07/Dec/2021:10:04:09 +0800] "GET /xingrg/all/function/internal_message.html?_=1638842771285&CODE_STATE=getMsg HTTP/1.1" 200 27
116.228.172.94 - - [07/Dec/2021:10:04:12 +0800] "GET /xingrg/kc/buy/cgsh_order_operate.html?command=get_materiel&rest_code=00153&code=00101042006&supplier_code=00100006&order_time=2021-12-07 HTTP/1.1" 200 441
222.69.132.164 - - [07/Dec/2021:10:04:14 +0800] "GET /xingrg/all/function/internal_message.html?_=1638842667988&CODE_STATE=getMsg HTTP/1.1" 200 27
116.238.248.233 - - [07/Dec/2021:10:04:18 +0800] "GET /xingrg/all/function/internal_message.html?_=1638842657575&CODE_STATE=getMsg HTTP/1.1" 200 27
116.228.172.94 - - [07/Dec/2021:10:04:19 +0800] "POST /xingrg/all/common/load_select.html HTTP/1.1" 200 25
58.35.215.131 - - [07/Dec/2021:10:04:19 +0800] "GET /xingrg/all/function/internal_message.html?_=1638842659208&CODE_STATE=getMsg HTTP/1.1" 200 27
114.85.125.222 - - [07/Dec/2021:10:04:22 +0800] "GET /xingrg/all/function/internal_message.html?_=1638842623939&CODE_STATE=getMsg HTTP/1.1" 200 27
58.35.210.86 - - [07/Dec/2021:10:04:23 +0800] "POST /xingrg/services/DataTransmitService HTTP/1.1" 200 524
58.39.139.200 - - [07/Dec/2021:10:04:23 +0800] "GET /xingrg/kc/buy/cgsh_order_operate.html?command=get_materiel&rest_code=00105&code=00101008270&supplier_code=00100203&order_time=2021-12-07 HTTP/1.1" 200 412
116.228.172.94 - - [07/Dec/2021:10:04:23 +0800] "GET /xingrg/kc/buy/cgsh_order_operate.html?command=get_materiel_price&rest_code=00153&code=00101042006&unit_code=00100017&supplier_code=00100006&order_time=2021-12-07 HTTP/1.1" 200 27
58.35.210.86 - - [07/Dec/2021:10:04:24 +0800] "POST /xingrg/services/DataTransmitService HTTP/1.1" 200 501
58.35.210.86 - - [07/Dec/2021:10:04:25 +0800] "POST /xingrg/services/DataTransmitService HTTP/1.1" 200 501
58.221.95.50 - - [07/Dec/2021:10:04:25 +0800] "GET /xingrg/all/function/internal_message.html?_=1638842668051&CODE_STATE=getMsg HTTP/1.1" 200 27
58.35.210.86 - - [07/Dec/2021:10:04:27 +0800] "POST /xingrg/services/DataTransmitService HTTP/1.1" 200 501
58.35.210.86 - - [07/Dec/2021:10:04:28 +0800] "POST /xingrg/services/DataTransmitService HTTP/1.1" 200 501
58.35.210.86 - - [07/Dec/2021:10:04:29 +0800] "POST /xingrg/services/DataTransmitService HTTP/1.1" 200 501
58.35.210.86 - - [07/Dec/2021:10:04:30 +0800] "POST /xingrg/services/DataTransmitService HTTP/1.1" 200 501
58.35.210.86 - - [07/Dec/2021:10:04:31 +0800] "POST /xingrg/services/DataTransmitService HTTP/1.1" 200 501
114.83.221.33 - - [07/Dec/2021:10:04:31 +0800] "GET /xingrg/all/function/internal_message.html?_=1638842669161&CODE_STATE=getMsg HTTP/1.1" 200 27
58.35.210.86 - - [07/Dec/2021:10:04:32 +0800] "POST /xingrg/services/DataTransmitService HTTP/1.1" 200 501
58.35.210.86 - - [07/Dec/2021:10:04:33 +0800] "POST /xingrg/services/DataTransmitService HTTP/1.1" 200 412
180.169.147.146 - - [07/Dec/2021:10:04:34 +0800] "GET /xingrg/all/function/internal_message.html?_=1638842678193&CODE_STATE=getMsg HTTP/1.1" 200 27
58.221.95.50 - - [07/Dec/2021:10:04:37 +0800] "GET /xingrg/kc/base/wldb_order_operate.html?command=get_materiel&rest_code=00152&base_code=0010647&code=00102002502 HTTP/1.1" 200 445
116.239.131.8 - - [07/Dec/2021:10:04:38 +0800] "GET /xingrg/all/function/internal_message.html?_=1638842677793&CODE_STATE=getMsg HTTP/1.1" 200 27
172.20.0.100 - - [07/Dec/2021:10:04:39 +0800] "GET /xingrg/all/function/internal_message.html?_=1638842678192&CODE_STATE=getMsg HTTP/1.1" 200 27
180.169.147.146 - - [07/Dec/2021:10:04:40 +0800] "POST /xingrg/kc/buy/cgsh_list_operate.html HTTP/1.1" 200 4
116.228.172.94 - - [07/Dec/2021:10:04:41 +0800] "GET /xingrg/check_reg.html?_=1638842536972 HTTP/1.1" 200 22
124.78.153.86 - - [07/Dec/2021:10:04:44 +0800] "GET /xingrg/kc/buy/cgsh_order_operate.html?command=get_materiel&rest_code=00106&code=00101008005&supplier_code=00100007&order_time=2021-12-07 HTTP/1.1" 200 412
116.228.172.94 - - [07/Dec/2021:10:04:45 +0800] "GET /xingrg/kc/buy/cgsh_order_operate.html?command=get_materiel&rest_code=00153&code=00101042005&supplier_code=00100006&order_time=2021-12-07 HTTP/1.1" 200 445
116.228.172.94 - - [07/Dec/2021:10:04:45 +0800] "POST /xingrg/all/common/load_select.html HTTP/1.1" 200 25
222.70.171.86 - - [07/Dec/2021:10:04:48 +0800] "GET /xingrg/check_reg.html?_=1638842692351 HTTP/1.1" 200 22
180.157.253.6 - - [07/Dec/2021:10:04:48 +0800] "GET /xingrg/all/function/internal_message.html?_=1638842688500&CODE_STATE=getMsg HTTP/1.1" 200 27
180.169.147.146 - - [07/Dec/2021:10:04:48 +0800] "POST /xingrg/kc/buy/cgsh_list_operate.html HTTP/1.1" 200 4960
116.228.172.94 - - [07/Dec/2021:10:04:48 +0800] "GET /xingrg/all/function/internal_message.html?_=1638842544116&CODE_STATE=getMsg HTTP/1.1" 200 27
114.86.226.73 - - [07/Dec/2021:10:04:49 +0800] "GET /xingrg/all/function/internal_message.html?_=1638842689128&CODE_STATE=getMsg HTTP/1.1" 200 27
114.86.226.73 - - [07/Dec/2021:10:04:49 +0800] "GET /xingrg/check_reg.html?_=1638842689129 HTTP/1.1" 200 22
58.39.139.200 - - [07/Dec/2021:10:04:49 +0800] "GET /xingrg/kc/buy/cgsh_order_operate.html?command=get_materiel&rest_code=00105&code=00101008357&supplier_code=00100203&order_time=2021-12-07 HTTP/1.1" 200 408
116.228.172.94 - - [07/Dec/2021:10:04:49 +0800] "GET /xingrg/kc/buy/cgsh_order_operate.html?command=get_materiel_price&rest_code=00153&code=00101042005&unit_code=00100036&supplier_code=00100006&order_time=2021-12-07 HTTP/1.1" 200 28
222.70.171.86 - - [07/Dec/2021:10:04:52 +0800] "GET /xingrg/check_reg.html?_=1638842697665 HTTP/1.1" 302 -
180.169.147.146 - - [07/Dec/2021:10:04:53 +0800] "GET /xingrg/all/function/internal_message.html?_=1638842693160&CODE_STATE=getMsg HTTP/1.1" 200 27
114.84.149.84 - - [07/Dec/2021:10:04:54 +0800] "GET /xingrg/all/function/internal_message.html?_=1638842512523&CODE_STATE=getMsg HTTP/1.1" 200 27
222.70.171.86 - - [07/Dec/2021:10:04:54 +0800] "GET /xingrg/all/function/internal_message.html?_=1638842699788&CODE_STATE=getMsg HTTP/1.1" 302 -
124.78.153.86 - - [07/Dec/2021:10:04:56 +0800] "GET /xingrg/kc/buy/cgsh_order_operate.html?command=get_materiel&rest_code=00106&code=00101008353&supplier_code=00100007&order_time=2021-12-07 HTTP/1.1" 200 408
58.39.139.200 - - [07/Dec/2021:10:04:58 +0800] "GET /xingrg/all/function/internal_message.html?_=1638842634725&CODE_STATE=getMsg HTTP/1.1" 200 27
124.78.153.86 - - [07/Dec/2021:10:04:58 +0800] "GET /xingrg/all/function/internal_message.html?_=1638842706904&CODE_STATE=getMsg HTTP/1.1" 200 27
222.70.176.97 - - [07/Dec/2021:10:04:58 +0800] "GET /xingrg/all/function/internal_message.html?_=1638842697660&CODE_STATE=getMsg HTTP/1.1" 200 27
58.39.139.200 - - [07/Dec/2021:10:04:59 +0800] "POST /xingrg/kc/buy/cgsh_order_operate.html HTTP/1.1" 200 2065
116.238.248.233 - - [07/Dec/2021:10:05:00 +0800] "GET /xingrg/kc/mdqp/pssh_order_list.html HTTP/1.1" 200 17617
116.238.248.233 - - [07/Dec/2021:10:05:00 +0800] "POST /xingrg/kc/mdqp/pssh_list_operate.html HTTP/1.1" 200 5435
222.70.171.86 - - [07/Dec/2021:10:05:02 +0800] "GET /xingrg/all/function/internal_message.html?_=1638842707031&CODE_STATE=getMsg HTTP/1.1" 200 27
116.238.248.233 - - [07/Dec/2021:10:05:03 +0800] "POST /xingrg/kc/mdqp/pssh_list_operate.html HTTP/1.1" 200 264
120.253.135.82 - - [07/Dec/2021:10:05:03 +0800] "GET /xingrg/all/function/internal_message.html?_=1638842480985&CODE_STATE=getMsg HTTP/1.1" 200 27
180.169.147.146 - - [07/Dec/2021:10:05:04 +0800] "GET /xingrg/all/function/internal_message.html?_=1638842698114&CODE_STATE=getMsg HTTP/1.1" 200 27
116.238.248.233 - - [07/Dec/2021:10:05:05 +0800] "GET /xingrg/kc/mdqp/pssh_order_info.html?code=312021120600168 HTTP/1.1" 200 17272
116.238.248.233 - - [07/Dec/2021:10:05:05 +0800] "GET /xingrg/javascript/jquery_tools/jquery-1.4.2.min.js HTTP/1.1" 404 1094
116.238.248.233 - - [07/Dec/2021:10:05:05 +0800] "GET /xingrg/words/20211207094324_words.js HTTP/1.1" 200 877885
116.238.248.233 - - [07/Dec/2021:10:05:06 +0800] "GET /xingrg/javascript/easyui/themes/default/validatebox.css HTTP/1.1" 404 1104
116.238.248.233 - - [07/Dec/2021:10:05:06 +0800] "GET /xingrg/all/common/auto_word.html?type=base&rest_code=00150&rest_code=00150 HTTP/1.1" 200 1649
116.238.248.233 - - [07/Dec/2021:10:05:06 +0800] "POST /xingrg/kc/mdqp/pssh_order_operate.html HTTP/1.1" 200 536
124.78.153.86 - - [07/Dec/2021:10:05:07 +0800] "POST /xingrg/kc/buy/cgsh_order_operate.html HTTP/1.1" 200 37
101.89.239.238 - - [07/Dec/2021:10:05:08 +0800] "GET /xingrg/all/function/internal_message.html?_=1638842646977&CODE_STATE=getMsg HTTP/1.1" 302 -
116.238.248.233 - - [07/Dec/2021:10:05:08 +0800] "GET /xingrg/javascript/auto/indicator.gif HTTP/1.1" 404 1066
116.235.94.0 - - [07/Dec/2021:10:05:09 +0800] "GET /xingrg/all/function/internal_message.html?_=1638842831296&CODE_STATE=getMsg HTTP/1.1" 200 27
116.228.172.94 - - [07/Dec/2021:10:05:10 +0800] "GET /xingrg/kc/buy/cgsh_order_operate.html?command=get_materiel&rest_code=00153&code=00101042004&supplier_code=00100006&order_time=2021-12-07 HTTP/1.1" 200 445
116.238.248.233 - - [07/Dec/2021:10:05:11 +0800] "POST /xingrg/all/common/load_combo.html?type=employee HTTP/1.1" 200 280
101.89.239.238 - - [07/Dec/2021:10:05:11 +0800] "GET /xingrg/login.html HTTP/1.1" 200 7641
116.228.172.94 - - [07/Dec/2021:10:05:12 +0800] "POST /xingrg/all/common/load_select.html HTTP/1.1" 200 25
58.39.139.200 - - [07/Dec/2021:10:05:14 +0800] "GET /xingrg/kc/buy/cgsh_order_operate.html?command=get_materiel&rest_code=00105&code=00101008108&supplier_code=00100203&order_time=2021-12-07 HTTP/1.1" 200 412
222.69.132.164 - - [07/Dec/2021:10:05:14 +0800] "GET /xingrg/all/function/internal_message.html?_=1638842727987&CODE_STATE=getMsg HTTP/1.1" 200 27
116.238.248.233 - - [07/Dec/2021:10:05:15 +0800] "POST /xingrg/kc/mdqp/pssh_order_operate.html HTTP/1.1" 200 37
116.228.172.94 - - [07/Dec/2021:10:05:17 +0800] "GET /xingrg/kc/buy/cgsh_order_operate.html?command=get_materiel_price&rest_code=00153&code=00101042004&unit_code=00100195&supplier_code=00100006&order_time=2021-12-07 HTTP/1.1" 200 29
116.238.248.233 - - [07/Dec/2021:10:05:18 +0800] "GET /xingrg/all/function/internal_message.html?_=1638842717588&CODE_STATE=getMsg HTTP/1.1" 200 27
116.238.248.233 - - [07/Dec/2021:10:05:18 +0800] "GET /xingrg/check_reg.html?_=1638842717591 HTTP/1.1" 200 22
58.35.215.131 - - [07/Dec/2021:10:05:19 +0800] "GET /xingrg/all/function/internal_message.html?_=1638842719210&CODE_STATE=getMsg HTTP/1.1" 200 27
116.238.248.233 - - [07/Dec/2021:10:05:19 +0800] "POST /xingrg/kc/mdqp/pssh_order_operate.html HTTP/1.1" 200 12
114.85.125.222 - - [07/Dec/2021:10:05:22 +0800] "GET /xingrg/all/function/internal_message.html?_=1638842683971&CODE_STATE=getMsg HTTP/1.1" 200 27
116.238.248.233 - - [07/Dec/2021:10:05:22 +0800] "GET /xingrg/kc/mdqp/pssh_order_info.html?code=312021120600168 HTTP/1.1" 200 14392
116.238.248.233 - - [07/Dec/2021:10:05:22 +0800] "GET /xingrg/javascript/jquery_tools/jquery-1.4.2.min.js HTTP/1.1" 404 1094
58.221.95.50 - - [07/Dec/2021:10:05:23 +0800] "POST /xingrg/kc/base/wldb_order_operate.html HTTP/1.1" 200 37
116.238.248.233 - - [07/Dec/2021:10:05:23 +0800] "GET /xingrg/javascript/easyui/themes/default/validatebox.css HTTP/1.1" 404 1104
116.238.248.233 - - [07/Dec/2021:10:05:23 +0800] "POST /xingrg/kc/mdqp/pssh_order_operate.html HTTP/1.1" 200 536
116.238.248.233 - - [07/Dec/2021:10:05:24 +0800] "GET /xingrg/kc/print/load_config.html?kc_code=pssh HTTP/1.1" 200 2291
116.238.248.233 - - [07/Dec/2021:10:05:25 +0800] "GET /xingrg/kc/print/load_data.html?order_code=312021120600168&kc_code=pssh&condition= HTTP/1.1" 200 674
58.221.95.50 - - [07/Dec/2021:10:05:26 +0800] "POST /xingrg/kc/base/wldb_order_operate.html HTTP/1.1" 200 2687
114.83.221.33 - - [07/Dec/2021:10:05:31 +0800] "GET /xingrg/all/function/internal_message.html?_=1638842729159&CODE_STATE=getMsg HTTP/1.1" 200 27
58.221.95.50 - - [07/Dec/2021:10:05:32 +0800] "GET /xingrg/kc/base/wldb_order_info.html?code=422021120700679 HTTP/1.1" 200 30294
58.221.95.50 - - [07/Dec/2021:10:05:33 +0800] "GET /xingrg/javascript/easyui/themes/default/validatebox.css HTTP/1.1" 404 1104
58.221.95.50 - - [07/Dec/2021:10:05:33 +0800] "POST /xingrg/kc/base/wldb_order_operate.html HTTP/1.1" 200 2687
180.169.147.146 - - [07/Dec/2021:10:05:34 +0800] "GET /xingrg/all/function/internal_message.html?_=1638842738191&CODE_STATE=getMsg HTTP/1.1" 200 27
172.20.0.100 - - [07/Dec/2021:10:05:39 +0800] "GET /xingrg/all/function/internal_message.html?_=1638842738162&CODE_STATE=getMsg HTTP/1.1" 200 27
116.239.131.8 - - [07/Dec/2021:10:05:39 +0800] "GET /xingrg/all/function/internal_message.html?_=1638842738255&CODE_STATE=getMsg HTTP/1.1" 200 27
101.89.239.245 - - [07/Dec/2021:10:05:42 +0800] "GET /xingrg/kc/buy/cgsh_order_operate.html?command=get_materiel&rest_code=00106&code=00101008005&supplier_code=00100007&order_time=2021-12-07 HTTP/1.1" 302 -
58.39.139.200 - - [07/Dec/2021:10:05:42 +0800] "GET /xingrg/kc/buy/cgsh_order_operate.html?command=get_materiel&rest_code=00105&code=00101008098&supplier_code=00100203&order_time=2021-12-07 HTTP/1.1" 200 412
101.89.239.245 - - [07/Dec/2021:10:05:44 +0800] "GET /xingrg/login.html HTTP/1.1" 200 7641
180.157.253.6 - - [07/Dec/2021:10:05:48 +0800] "GET /xingrg/all/function/internal_message.html?_=1638842748499&CODE_STATE=getMsg HTTP/1.1" 200 27
180.157.253.6 - - [07/Dec/2021:10:05:48 +0800] "GET /xingrg/check_reg.html?_=1638842748500 HTTP/1.1" 200 22
58.221.95.50 - - [07/Dec/2021:10:05:48 +0800] "GET /xingrg/kc/base/wldb_order_operate.html?command=get_materiel&rest_code=00152&base_code=0010647&code=00102001124 HTTP/1.1" 200 430
116.228.172.94 - - [07/Dec/2021:10:05:48 +0800] "GET /xingrg/all/function/internal_message.html?_=1638842604099&CODE_STATE=getMsg HTTP/1.1" 200 27
114.86.226.73 - - [07/Dec/2021:10:05:49 +0800] "GET /xingrg/all/function/internal_message.html?_=1638842749125&CODE_STATE=getMsg HTTP/1.1" 200 27
180.169.147.146 - - [07/Dec/2021:10:05:52 +0800] "POST /xingrg/kc/buy/cgsh_list_operate.html HTTP/1.1" 200 4
180.169.147.146 - - [07/Dec/2021:10:05:53 +0800] "GET /xingrg/all/function/internal_message.html?_=1638842753178&CODE_STATE=getMsg HTTP/1.1" 200 27
116.235.94.0 - - [07/Dec/2021:10:05:53 +0800] "POST /xingrg/services/DataTransmitService HTTP/1.1" 200 524
114.84.149.84 - - [07/Dec/2021:10:05:54 +0800] "GET /xingrg/check_reg.html?_=1638842572524 HTTP/1.1" 200 22
114.84.149.84 - - [07/Dec/2021:10:05:54 +0800] "GET /xingrg/all/function/internal_message.html?_=1638842572522&CODE_STATE=getMsg HTTP/1.1" 200 27
222.70.171.86 - - [07/Dec/2021:10:05:54 +0800] "GET /xingrg/all/function/internal_message.html?_=1638842759802&CODE_STATE=getMsg HTTP/1.1" 302 -
180.169.147.146 - - [07/Dec/2021:10:05:56 +0800] "POST /xingrg/kc/buy/cgsh_list_operate.html HTTP/1.1" 200 876
58.39.139.200 - - [07/Dec/2021:10:05:57 +0800] "GET /xingrg/all/function/internal_message.html?_=1638842694703&CODE_STATE=getMsg HTTP/1.1" 200 27
58.221.95.50 - - [07/Dec/2021:10:05:58 +0800] "GET /xingrg/kc/base/wldb_order_operate.html?command=get_materiel&rest_code=00152&base_code=0010647&code=00102001194 HTTP/1.1" 200 421
58.39.139.200 - - [07/Dec/2021:10:05:58 +0800] "GET /xingrg/kc/buy/cgsh_order_operate.html?command=get_materiel&rest_code=00105&code=00101008005&supplier_code=00100203&order_time=2021-12-07 HTTP/1.1" 200 412
222.70.176.97 - - [07/Dec/2021:10:05:58 +0800] "GET /xingrg/all/function/internal_message.html?_=1638842757670&CODE_STATE=getMsg HTTP/1.1" 200 27
61.151.207.141 - - [07/Dec/2021:10:06:00 +0800] "GET /xingrg/kc/buy/cgsh_order_operate.html?command=get_materiel&rest_code=00106&code=00101008353&supplier_code=00100007&order_time=2021-12-07 HTTP/1.1" 302 -
222.70.171.86 - - [07/Dec/2021:10:06:02 +0800] "GET /xingrg/all/function/internal_message.html?_=1638842767040&CODE_STATE=getMsg HTTP/1.1" 200 27
120.253.135.82 - - [07/Dec/2021:10:06:03 +0800] "GET /xingrg/all/function/internal_message.html?_=1638842541077&CODE_STATE=getMsg HTTP/1.1" 200 27
180.169.147.146 - - [07/Dec/2021:10:06:04 +0800] "GET /xingrg/all/function/internal_message.html?_=1638842758120&CODE_STATE=getMsg HTTP/1.1" 200 27
61.151.207.141 - - [07/Dec/2021:10:06:06 +0800] "GET /xingrg/login.html HTTP/1.1" 200 7641
116.235.94.0 - - [07/Dec/2021:10:06:09 +0800] "GET /xingrg/all/function/internal_message.html?_=1638842891294&CODE_STATE=getMsg HTTP/1.1" 200 27
116.235.94.0 - - [07/Dec/2021:10:06:10 +0800] "POST /xingrg/services/DataTransmitService HTTP/1.1" 200 501
116.235.94.0 - - [07/Dec/2021:10:06:11 +0800] "POST /xingrg/services/DataTransmitService HTTP/1.1" 200 501
222.69.132.164 - - [07/Dec/2021:10:06:14 +0800] "GET /xingrg/all/function/internal_message.html?_=1638842787983&CODE_STATE=getMsg HTTP/1.1" 200 27
222.69.132.164 - - [07/Dec/2021:10:06:14 +0800] "GET /xingrg/check_reg.html?_=1638842787986 HTTP/1.1" 200 22
58.39.139.200 - - [07/Dec/2021:10:06:14 +0800] "GET /xingrg/kc/buy/cgsh_order_operate.html?command=get_materiel&rest_code=00105&code=00101008353&supplier_code=00100203&order_time=2021-12-07 HTTP/1.1" 200 408
116.238.248.233 - - [07/Dec/2021:10:06:18 +0800] "GET /xingrg/all/function/internal_message.html?_=1638842777589&CODE_STATE=getMsg HTTP/1.1" 200 27
58.35.215.131 - - [07/Dec/2021:10:06:19 +0800] "GET /xingrg/all/function/internal_message.html?_=1638842779211&CODE_STATE=getMsg HTTP/1.1" 200 27
114.85.125.222 - - [07/Dec/2021:10:06:22 +0800] "GET /xingrg/all/function/internal_message.html?_=1638842743982&CODE_STATE=getMsg HTTP/1.1" 200 27
116.235.94.0 - - [07/Dec/2021:10:06:24 +0800] "POST /xingrg/services/DataTransmitService HTTP/1.1" 200 501
58.221.95.50 - - [07/Dec/2021:10:06:25 +0800] "GET /xingrg/all/function/internal_message.html?_=1638842788088&CODE_STATE=getMsg HTTP/1.1" 200 27
58.39.139.200 - - [07/Dec/2021:10:06:30 +0800] "GET /xingrg/kc/buy/cgsh_order_operate.html?command=get_materiel&rest_code=00105&code=00101010136&supplier_code=00100203&order_time=2021-12-07 HTTP/1.1" 200 408
58.221.95.50 - - [07/Dec/2021:10:06:31 +0800] "GET /xingrg/kc/base/wldb_order_operate.html?command=get_materiel&rest_code=00152&base_code=0010647&code=00102001186 HTTP/1.1" 200 418
114.83.221.33 - - [07/Dec/2021:10:06:31 +0800] "GET /xingrg/all/function/internal_message.html?_=1638842789180&CODE_STATE=getMsg HTTP/1.1" 200 27
180.169.147.146 - - [07/Dec/2021:10:06:34 +0800] "GET /xingrg/all/function/internal_message.html?_=1638842798202&CODE_STATE=getMsg HTTP/1.1" 200 27
222.70.171.86 - - [07/Dec/2021:10:06:35 +0800] "GET /favicon.ico HTTP/1.1" 404 -
58.39.139.200 - - [07/Dec/2021:10:06:37 +0800] "POST /xingrg/kc/buy/cgsh_order_operate.html HTTP/1.1" 200 2065
116.235.94.0 - - [07/Dec/2021:10:06:38 +0800] "POST /xingrg/services/DataTransmitService HTTP/1.1" 200 501
172.20.0.100 - - [07/Dec/2021:10:06:39 +0800] "GET /xingrg/all/function/internal_message.html?_=1638842798134&CODE_STATE=getMsg HTTP/1.1" 200 27
116.239.131.8 - - [07/Dec/2021:10:06:39 +0800] "GET /xingrg/all/function/internal_message.html?_=1638842798272&CODE_STATE=getMsg HTTP/1.1" 200 27
58.221.95.50 - - [07/Dec/2021:10:06:39 +0800] "GET /xingrg/kc/base/wldb_order_operate.html?command=get_materiel&rest_code=00152&base_code=0010647&code=00102001182 HTTP/1.1" 200 416
116.235.94.0 - - [07/Dec/2021:10:06:40 +0800] "POST /xingrg/services/DataTransmitService HTTP/1.1" 200 501
116.235.94.0 - - [07/Dec/2021:10:06:40 +0800] "POST /xingrg/services/DataTransmitService HTTP/1.1" 200 501
116.235.94.0 - - [07/Dec/2021:10:06:44 +0800] "POST /xingrg/services/DataTransmitService HTTP/1.1" 200 501
116.235.94.0 - - [07/Dec/2021:10:06:45 +0800] "POST /xingrg/services/DataTransmitService HTTP/1.1" 200 501
58.221.95.50 - - [07/Dec/2021:10:06:45 +0800] "GET /xingrg/kc/base/wldb_order_operate.html?command=get_materiel&rest_code=00152&base_code=0010647&code=00102032023 HTTP/1.1" 200 418
116.235.94.0 - - [07/Dec/2021:10:06:46 +0800] "POST /xingrg/services/DataTransmitService HTTP/1.1" 200 501
116.235.94.0 - - [07/Dec/2021:10:06:46 +0800] "POST /xingrg/services/DataTransmitService HTTP/1.1" 200 412
180.157.253.6 - - [07/Dec/2021:10:06:48 +0800] "GET /xingrg/all/function/internal_message.html?_=1638842808497&CODE_STATE=getMsg HTTP/1.1" 200 27
116.228.172.94 - - [07/Dec/2021:10:06:48 +0800] "GET /xingrg/all/function/internal_message.html?_=1638842664094&CODE_STATE=getMsg HTTP/1.1" 200 27
114.86.226.73 - - [07/Dec/2021:10:06:49 +0800] "GET /xingrg/all/function/internal_message.html?_=1638842809136&CODE_STATE=getMsg HTTP/1.1" 200 27
58.221.95.50 - - [07/Dec/2021:10:06:50 +0800] "GET /xingrg/kc/base/wldb_order_operate.html?command=get_materiel&rest_code=00152&base_code=0010647&code=00102032022 HTTP/1.1" 200 418
180.169.147.146 - - [07/Dec/2021:10:06:53 +0800] "GET /xingrg/check_reg.html?_=1638842813168 HTTP/1.1" 200 22
180.169.147.146 - - [07/Dec/2021:10:06:53 +0800] "GET /xingrg/all/function/internal_message.html?_=1638842813169&CODE_STATE=getMsg HTTP/1.1" 200 27
114.84.149.84 - - [07/Dec/2021:10:06:54 +0800] "GET /xingrg/all/function/internal_message.html?_=1638842632522&CODE_STATE=getMsg HTTP/1.1" 200 27
222.70.171.86 - - [07/Dec/2021:10:06:54 +0800] "GET /xingrg/all/function/internal_message.html?_=1638842819814&CODE_STATE=getMsg HTTP/1.1" 302 -
58.221.95.50 - - [07/Dec/2021:10:06:56 +0800] "GET /xingrg/kc/base/wldb_order_operate.html?command=get_materiel&rest_code=00152&base_code=0010647&code=00102001193 HTTP/1.1" 200 416
58.39.139.200 - - [07/Dec/2021:10:06:57 +0800] "GET /xingrg/check_reg.html?_=1638842754637 HTTP/1.1" 200 22
58.39.139.200 - - [07/Dec/2021:10:06:57 +0800] "GET /xingrg/all/function/internal_message.html?_=1638842754671&CODE_STATE=getMsg HTTP/1.1" 200 27
114.84.2.174 - - [07/Dec/2021:10:06:58 +0800] "POST /xingrg/services/DataTransmitService HTTP/1.1" 200 524
222.70.176.97 - - [07/Dec/2021:10:06:58 +0800] "GET /xingrg/all/function/internal_message.html?_=1638842817654&CODE_STATE=getMsg HTTP/1.1" 200 27
222.70.176.97 - - [07/Dec/2021:10:06:59 +0800] "GET /xingrg/check_reg.html?_=1638842818186 HTTP/1.1" 200 22
222.70.171.86 - - [07/Dec/2021:10:07:01 +0800] "GET /xingrg/check_reg.html?_=1638842826125 HTTP/1.1" 200 22
222.70.171.86 - - [07/Dec/2021:10:07:02 +0800] "GET /xingrg/all/function/internal_message.html?_=1638842827054&CODE_STATE=getMsg HTTP/1.1" 200 27
120.253.135.82 - - [07/Dec/2021:10:07:03 +0800] "GET /xingrg/all/function/internal_message.html?_=1638842601099&CODE_STATE=getMsg HTTP/1.1" 200 27
180.169.147.146 - - [07/Dec/2021:10:07:04 +0800] "GET /xingrg/check_reg.html?_=1638842818119 HTTP/1.1" 200 22
180.169.147.146 - - [07/Dec/2021:10:07:04 +0800] "GET /xingrg/all/function/internal_message.html?_=1638842818121&CODE_STATE=getMsg HTTP/1.1" 200 27
58.39.139.200 - - [07/Dec/2021:10:07:04 +0800] "GET /xingrg/kc/buy/cgsh_order_operate.html?command=get_materiel&rest_code=00105&code=00101001166&supplier_code=00100203&order_time=2021-12-07 HTTP/1.1" 200 408
58.221.95.50 - - [07/Dec/2021:10:07:04 +0800] "GET /xingrg/kc/base/wldb_order_operate.html?command=get_materiel&rest_code=00152&base_code=0010647&code=00102001183 HTTP/1.1" 200 416
116.235.94.0 - - [07/Dec/2021:10:07:09 +0800] "GET /xingrg/check_reg.html?_=1638842951292 HTTP/1.1" 200 22
116.235.94.0 - - [07/Dec/2021:10:07:09 +0800] "GET /xingrg/all/function/internal_message.html?_=1638842951293&CODE_STATE=getMsg HTTP/1.1" 200 27
58.221.95.50 - - [07/Dec/2021:10:07:14 +0800] "POST /xingrg/kc/base/wldb_order_operate.html HTTP/1.1" 200 37
222.69.132.164 - - [07/Dec/2021:10:07:14 +0800] "GET /xingrg/all/function/internal_message.html?_=1638842847982&CODE_STATE=getMsg HTTP/1.1" 200 27
58.221.95.50 - - [07/Dec/2021:10:07:15 +0800] "POST /xingrg/kc/base/wldb_order_operate.html HTTP/1.1" 200 3160
114.84.2.174 - - [07/Dec/2021:10:07:16 +0800] "POST /xingrg/services/DataTransmitService HTTP/1.1" 200 501
116.238.248.233 - - [07/Dec/2021:10:07:18 +0800] "GET /xingrg/all/function/internal_message.html?_=1638842837593&CODE_STATE=getMsg HTTP/1.1" 200 27
114.84.2.174 - - [07/Dec/2021:10:07:19 +0800] "POST /xingrg/services/DataTransmitService HTTP/1.1" 200 501
58.35.215.131 - - [07/Dec/2021:10:07:19 +0800] "GET /xingrg/all/function/internal_message.html?_=1638842839213&CODE_STATE=getMsg HTTP/1.1" 200 27
180.169.147.146 - - [07/Dec/2021:10:07:20 +0800] "GET /xingrg/check_reg.html?_=1638842842192 HTTP/1.1" 302 -
114.85.125.222 - - [07/Dec/2021:10:07:22 +0800] "GET /xingrg/check_reg.html?_=1638842803673 HTTP/1.1" 200 22
114.85.125.222 - - [07/Dec/2021:10:07:22 +0800] "GET /xingrg/all/function/internal_message.html?_=1638842804011&CODE_STATE=getMsg HTTP/1.1" 200 27
58.221.95.50 - - [07/Dec/2021:10:07:24 +0800] "GET /xingrg/kc/base/wldb_order_info.html?code=422021120700679 HTTP/1.1" 200 30294
58.221.95.50 - - [07/Dec/2021:10:07:24 +0800] "GET /xingrg/javascript/easyui/themes/default/validatebox.css HTTP/1.1" 404 1104
58.39.139.200 - - [07/Dec/2021:10:07:24 +0800] "POST /xingrg/kc/buy/cgsh_order_operate.html HTTP/1.1" 200 37
58.221.95.50 - - [07/Dec/2021:10:07:25 +0800] "POST /xingrg/kc/base/wldb_order_operate.html HTTP/1.1" 200 3160
58.221.95.50 - - [07/Dec/2021:10:07:25 +0800] "GET /xingrg/all/function/internal_message.html?_=1638842848080&CODE_STATE=getMsg HTTP/1.1" 200 27
58.39.139.200 - - [07/Dec/2021:10:07:26 +0800] "POST /xingrg/kc/buy/cgsh_order_operate.html HTTP/1.1" 200 23360
58.39.139.200 - - [07/Dec/2021:10:07:29 +0800] "GET /xingrg/kc/print/load_config.html?kc_code=cgsh HTTP/1.1" 200 2281
58.39.139.200 - - [07/Dec/2021:10:07:30 +0800] "GET /xingrg/kc/print/load_data.html?order_code=212021120702547&kc_code=cgsh&condition= HTTP/1.1" 200 8479
114.83.221.33 - - [07/Dec/2021:10:07:31 +0800] "GET /xingrg/all/function/internal_message.html?_=1638842849175&CODE_STATE=getMsg HTTP/1.1" 200 27
114.83.221.33 - - [07/Dec/2021:10:07:31 +0800] "GET /xingrg/check_reg.html?_=1638842849177 HTTP/1.1" 200 22
180.169.147.146 - - [07/Dec/2021:10:07:34 +0800] "GET /xingrg/all/function/internal_message.html?_=1638842858201&CODE_STATE=getMsg HTTP/1.1" 200 27
114.84.2.174 - - [07/Dec/2021:10:07:35 +0800] "POST /xingrg/services/DataTransmitService HTTP/1.1" 200 501
172.20.0.100 - - [07/Dec/2021:10:07:39 +0800] "GET /xingrg/all/function/internal_message.html?_=1638842858107&CODE_STATE=getMsg HTTP/1.1" 200 27
116.239.131.8 - - [07/Dec/2021:10:07:39 +0800] "GET /xingrg/all/function/internal_message.html?_=1638842858729&CODE_STATE=getMsg HTTP/1.1" 200 27
172.20.0.100 - - [07/Dec/2021:10:07:44 +0800] "GET /xingrg/check_reg.html?_=1638842863360 HTTP/1.1" 200 22
114.84.2.174 - - [07/Dec/2021:10:07:47 +0800] "POST /xingrg/services/DataTransmitService HTTP/1.1" 200 501
180.157.253.6 - - [07/Dec/2021:10:07:48 +0800] "GET /xingrg/all/function/internal_message.html?_=1638842868511&CODE_STATE=getMsg HTTP/1.1" 200 27
116.228.172.94 - - [07/Dec/2021:10:07:48 +0800] "GET /xingrg/all/function/internal_message.html?_=1638842724092&CODE_STATE=getMsg HTTP/1.1" 200 27
114.84.2.174 - - [07/Dec/2021:10:07:49 +0800] "POST /xingrg/services/DataTransmitService HTTP/1.1" 200 501
114.86.226.73 - - [07/Dec/2021:10:07:49 +0800] "GET /xingrg/all/function/internal_message.html?_=1638842869133&CODE_STATE=getMsg HTTP/1.1" 200 27
114.84.2.174 - - [07/Dec/2021:10:07:49 +0800] "POST /xingrg/services/DataTransmitService HTTP/1.1" 200 501
114.84.2.174 - - [07/Dec/2021:10:07:51 +0800] "POST /xingrg/services/DataTransmitService HTTP/1.1" 200 501
114.84.2.174 - - [07/Dec/2021:10:07:52 +0800] "POST /xingrg/services/DataTransmitService HTTP/1.1" 200 501
180.169.147.146 - - [07/Dec/2021:10:07:53 +0800] "GET /xingrg/all/function/internal_message.html?_=1638842873175&CODE_STATE=getMsg HTTP/1.1" 200 27
114.84.2.174 - - [07/Dec/2021:10:07:54 +0800] "POST /xingrg/services/DataTransmitService HTTP/1.1" 200 501
114.84.149.84 - - [07/Dec/2021:10:07:54 +0800] "GET /xingrg/all/function/internal_message.html?_=1638842692521&CODE_STATE=getMsg HTTP/1.1" 200 27
222.70.171.86 - - [07/Dec/2021:10:07:54 +0800] "GET /xingrg/all/function/internal_message.html?_=1638842879829&CODE_STATE=getMsg HTTP/1.1" 302 -
114.84.2.174 - - [07/Dec/2021:10:07:54 +0800] "POST /xingrg/services/DataTransmitService HTTP/1.1" 200 412
58.39.139.200 - - [07/Dec/2021:10:07:57 +0800] "GET /xingrg/all/function/internal_message.html?_=1638842814666&CODE_STATE=getMsg HTTP/1.1" 200 27
222.70.176.97 - - [07/Dec/2021:10:07:58 +0800] "GET /xingrg/all/function/internal_message.html?_=1638842877628&CODE_STATE=getMsg HTTP/1.1" 200 27
222.70.171.86 - - [07/Dec/2021:10:08:02 +0800] "GET /xingrg/all/function/internal_message.html?_=1638842887067&CODE_STATE=getMsg HTTP/1.1" 200 27
58.221.95.50 - - [07/Dec/2021:10:08:02 +0800] "POST /xingrg/kc/base/wldb_order_operate.html HTTP/1.1" 200 37
58.221.95.50 - - [07/Dec/2021:10:08:03 +0800] "POST /xingrg/kc/base/wldb_order_operate.html HTTP/1.1" 200 3160
120.253.135.82 - - [07/Dec/2021:10:08:03 +0800] "GET /xingrg/all/function/internal_message.html?_=1638842661103&CODE_STATE=getMsg HTTP/1.1" 200 27
58.221.95.50 - - [07/Dec/2021:10:08:04 +0800] "GET /xingrg/kc/base/wldb_order_info.html?code=422021120700679 HTTP/1.1" 200 30294
180.169.147.146 - - [07/Dec/2021:10:08:04 +0800] "GET /xingrg/all/function/internal_message.html?_=1638842878119&CODE_STATE=getMsg HTTP/1.1" 200 27
58.221.95.50 - - [07/Dec/2021:10:08:04 +0800] "GET /xingrg/javascript/easyui/themes/default/validatebox.css HTTP/1.1" 404 1104
58.221.95.50 - - [07/Dec/2021:10:08:05 +0800] "POST /xingrg/kc/base/wldb_order_operate.html HTTP/1.1" 200 3160
58.221.95.50 - - [07/Dec/2021:10:08:08 +0800] "POST /xingrg/kc/base/wldb_order_operate.html HTTP/1.1" 200 37
58.221.95.50 - - [07/Dec/2021:10:08:09 +0800] "POST /xingrg/kc/base/wldb_order_operate.html HTTP/1.1" 200 3160
116.235.94.0 - - [07/Dec/2021:10:08:09 +0800] "GET /xingrg/all/function/internal_message.html?_=1638843011291&CODE_STATE=getMsg HTTP/1.1" 200 27
222.69.132.164 - - [07/Dec/2021:10:08:14 +0800] "GET /xingrg/all/function/internal_message.html?_=1638842907976&CODE_STATE=getMsg HTTP/1.1" 200 27
58.221.95.50 - - [07/Dec/2021:10:08:15 +0800] "POST /xingrg/kc/base/wldb_order_operate.html HTTP/1.1" 200 12
116.238.248.233 - - [07/Dec/2021:10:08:18 +0800] "GET /xingrg/all/function/internal_message.html?_=1638842897592&CODE_STATE=getMsg HTTP/1.1" 200 27
58.35.215.131 - - [07/Dec/2021:10:08:19 +0800] "GET /xingrg/check_reg.html?_=1638842899213 HTTP/1.1" 200 22
58.35.215.131 - - [07/Dec/2021:10:08:19 +0800] "GET /xingrg/all/function/internal_message.html?_=1638842899214&CODE_STATE=getMsg HTTP/1.1" 200 27
114.85.125.222 - - [07/Dec/2021:10:08:22 +0800] "GET /xingrg/all/function/internal_message.html?_=1638842864040&CODE_STATE=getMsg HTTP/1.1" 200 27
114.83.221.33 - - [07/Dec/2021:10:08:31 +0800] "GET /xingrg/all/function/internal_message.html?_=1638842909183&CODE_STATE=getMsg HTTP/1.1" 200 27
116.239.131.8 - - [07/Dec/2021:10:08:34 +0800] "GET /xingrg/check_reg.html?_=1638842913638 HTTP/1.1" 200 22
180.169.147.146 - - [07/Dec/2021:10:08:34 +0800] "GET /xingrg/check_reg.html?_=1638842918212 HTTP/1.1" 200 22
180.169.147.146 - - [07/Dec/2021:10:08:34 +0800] "GET /xingrg/all/function/internal_message.html?_=1638842918202&CODE_STATE=getMsg HTTP/1.1" 200 27
172.20.0.100 - - [07/Dec/2021:10:08:39 +0800] "GET /xingrg/all/function/internal_message.html?_=1638842918081&CODE_STATE=getMsg HTTP/1.1" 200 27
116.239.131.8 - - [07/Dec/2021:10:08:39 +0800] "GET /xingrg/all/function/internal_message.html?_=1638842918736&CODE_STATE=getMsg HTTP/1.1" 200 27
114.83.221.33 - - [07/Dec/2021:10:08:44 +0800] "GET /xingrg/kc/buy/cgsh_order_add.html HTTP/1.1" 200 64992
114.83.221.33 - - [07/Dec/2021:10:08:44 +0800] "GET /xingrg/words/20211207094324_words.js HTTP/1.1" 304 -
114.83.221.33 - - [07/Dec/2021:10:08:44 +0800] "POST /xingrg/kc/buy/cgsh_order_operate.html HTTP/1.1" 200 8245
114.83.221.33 - - [07/Dec/2021:10:08:44 +0800] "GET /xingrg/javascript/easyui/themes/default/validatebox.css HTTP/1.1" 404 1104
