124.78.153.86 - - [07/Dec/2021:09:41:47 +0800] "POST /xingrg/all/common/load_tree.html?tree=area_rest_tree_json&manage=1 HTTP/1.1" 200 342
114.86.226.73 - - [07/Dec/2021:09:41:47 +0800] "POST /xingrg/kc/buy/cgsh_order_operate.html HTTP/1.1" 200 9765
124.78.153.86 - - [07/Dec/2021:09:41:47 +0800] "GET /xingrg/all/function/internal_message.html?_=1638841315630&CODE_STATE=count HTTP/1.1" 200 11
124.78.153.86 - - [07/Dec/2021:09:41:47 +0800] "GET /xingrg/check_reg.html?_=1638841315631 HTTP/1.1" 200 22
124.78.153.86 - - [07/Dec/2021:09:41:47 +0800] "POST /xingrg/load_menu.html HTTP/1.1" 200 5138
180.157.253.6 - - [07/Dec/2021:09:41:48 +0800] "GET /xingrg/all/function/internal_message.html?_=1638841308456&CODE_STATE=getMsg HTTP/1.1" 200 27
114.86.226.73 - - [07/Dec/2021:09:41:49 +0800] "GET /xingrg/all/function/internal_message.html?_=1638841309074&CODE_STATE=getMsg HTTP/1.1" 200 27
180.169.147.146 - - [07/Dec/2021:09:41:53 +0800] "GET /xingrg/check_reg.html?_=1638841313167 HTTP/1.1" 200 22
180.169.147.146 - - [07/Dec/2021:09:41:53 +0800] "GET /xingrg/all/function/internal_message.html?_=1638841313172&CODE_STATE=getMsg HTTP/1.1" 200 27
222.70.171.86 - - [07/Dec/2021:09:41:54 +0800] "GET /xingrg/all/function/internal_message.html?_=1638841319475&CODE_STATE=getMsg HTTP/1.1" 302 -
114.84.149.84 - - [07/Dec/2021:09:41:54 +0800] "GET /xingrg/kc/buy/cgsh_order_operate.html?command=get_materiel&rest_code=00141&code=00101008221&supplier_code=00100007&order_time=2021-12-07 HTTP/1.1" 200 412
114.84.149.84 - - [07/Dec/2021:09:41:54 +0800] "GET /xingrg/all/function/internal_message.html?_=1638841132518&CODE_STATE=getMsg HTTP/1.1" 200 27
58.39.139.200 - - [07/Dec/2021:09:41:57 +0800] "GET /xingrg/all/function/internal_message.html?_=1638841254602&CODE_STATE=getMsg HTTP/1.1" 200 27
58.39.139.200 - - [07/Dec/2021:09:41:57 +0800] "GET /xingrg/check_reg.html?_=1638841254606 HTTP/1.1" 200 22
222.70.176.97 - - [07/Dec/2021:09:41:59 +0800] "GET /xingrg/all/function/internal_message.html?_=1638841318100&CODE_STATE=getMsg HTTP/1.1" 200 27
222.70.176.97 - - [07/Dec/2021:09:41:59 +0800] "GET /xingrg/check_reg.html?_=1638841318261 HTTP/1.1" 200 22
114.85.125.222 - - [07/Dec/2021:09:42:00 +0800] "GET /xingrg/check_reg.html?_=1638841282096 HTTP/1.1" 200 22
222.70.171.86 - - [07/Dec/2021:09:42:01 +0800] "GET /xingrg/check_reg.html?_=1638841326094 HTTP/1.1" 200 22
222.70.171.86 - - [07/Dec/2021:09:42:02 +0800] "GET /xingrg/all/function/internal_message.html?_=1638841326714&CODE_STATE=getMsg HTTP/1.1" 200 27
114.84.149.84 - - [07/Dec/2021:09:42:03 +0800] "GET /xingrg/kc/buy/cgsh_order_operate.html?command=get_materiel&rest_code=00141&code=00101008264&supplier_code=00100007&order_time=2021-12-07 HTTP/1.1" 200 412
120.253.135.82 - - [07/Dec/2021:09:42:03 +0800] "GET /xingrg/all/function/internal_message.html?_=1638841100642&CODE_STATE=getMsg HTTP/1.1" 200 27
116.235.94.0 - - [07/Dec/2021:09:42:09 +0800] "GET /xingrg/check_reg.html?_=1638841451273 HTTP/1.1" 200 22
116.235.94.0 - - [07/Dec/2021:09:42:09 +0800] "GET /xingrg/all/function/internal_message.html?_=1638841451274&CODE_STATE=getMsg HTTP/1.1" 200 27
114.85.125.222 - - [07/Dec/2021:09:42:09 +0800] "POST /xingrg/kc/buy/cgsh_order_operate.html HTTP/1.1" 200 37
114.84.149.84 - - [07/Dec/2021:09:42:13 +0800] "GET /xingrg/kc/buy/cgsh_order_operate.html?command=get_materiel&rest_code=00141&code=00101008137&supplier_code=00100007&order_time=2021-12-07 HTTP/1.1" 200 408
114.85.125.222 - - [07/Dec/2021:09:42:14 +0800] "POST /xingrg/kc/buy/cgsh_order_operate.html HTTP/1.1" 200 3309
114.85.125.222 - - [07/Dec/2021:09:42:15 +0800] "GET /xingrg/kc/mdqp/pssh_order_list.html HTTP/1.1" 200 17330
114.85.125.222 - - [07/Dec/2021:09:42:16 +0800] "POST /xingrg/kc/mdqp/pssh_list_operate.html HTTP/1.1" 200 5487
114.85.125.222 - - [07/Dec/2021:09:42:16 +0800] "GET /xingrg/all/function/internal_message.html?_=1638841298229&CODE_STATE=getMsg HTTP/1.1" 200 27
116.238.248.233 - - [07/Dec/2021:09:42:18 +0800] "GET /xingrg/all/function/internal_message.html?_=1638841337466&CODE_STATE=getMsg HTTP/1.1" 200 27
58.35.215.131 - - [07/Dec/2021:09:42:19 +0800] "GET /xingrg/all/function/internal_message.html?_=1638841339213&CODE_STATE=getMsg HTTP/1.1" 200 27
180.169.147.146 - - [07/Dec/2021:09:42:20 +0800] "GET /xingrg/check_reg.html?_=1638841342318 HTTP/1.1" 302 -
114.85.125.222 - - [07/Dec/2021:09:42:20 +0800] "POST /xingrg/all/user/operate.html HTTP/1.1" 200 36
114.85.125.222 - - [07/Dec/2021:09:42:21 +0800] "GET /xingrg/index.html?sysBaseUrl=http%3A%2F%2F180.169.147.146%3A18081%2Fxingrg%2F&costTime=1116×tamp=1638704149196 HTTP/1.1" 200 17179
114.85.125.222 - - [07/Dec/2021:09:42:21 +0800] "GET /xingrg/javascript/jquery_easy_ui/themes/default/easyui.css HTTP/1.1" 304 -
114.85.125.222 - - [07/Dec/2021:09:42:21 +0800] "GET /xingrg/javascript/jquery_easy_ui/themes/icon.css HTTP/1.1" 304 -
114.85.125.222 - - [07/Dec/2021:09:42:21 +0800] "GET /xingrg/css/form.css HTTP/1.1" 304 -
114.85.125.222 - - [07/Dec/2021:09:42:21 +0800] "GET /xingrg/javascript/jquery-1.4.2.min.js HTTP/1.1" 304 -
114.85.125.222 - - [07/Dec/2021:09:42:21 +0800] "GET /xingrg/javascript/jquery_easy_ui/jquery.easyui.min.js HTTP/1.1" 304 -
114.85.125.222 - - [07/Dec/2021:09:42:21 +0800] "GET /xingrg/javascript/jquery_easy_ui/easyui-lang-zh_CN.js HTTP/1.1" 304 -
114.85.125.222 - - [07/Dec/2021:09:42:21 +0800] "GET /xingrg/javascript/jquery.form.js HTTP/1.1" 304 -
114.85.125.222 - - [07/Dec/2021:09:42:21 +0800] "GET /xingrg/javascript/jquery.utils.js HTTP/1.1" 304 -
114.85.125.222 - - [07/Dec/2021:09:42:21 +0800] "GET /xingrg/javascript/jquery.timers.js HTTP/1.1" 304 -
114.85.125.222 - - [07/Dec/2021:09:42:21 +0800] "GET /xingrg/images/blue/jxLogo.png HTTP/1.1" 304 -
114.85.125.222 - - [07/Dec/2021:09:42:21 +0800] "GET /xingrg/images/blue/navBackgound.jpg HTTP/1.1" 304 -
114.85.125.222 - - [07/Dec/2021:09:42:22 +0800] "GET /xingrg/javascript/jquery_easy_ui/themes/icons/settle_new.png HTTP/1.1" 304 -
114.85.125.222 - - [07/Dec/2021:09:42:22 +0800] "GET /xingrg/images/blue/pingpu.png HTTP/1.1" 304 -
114.85.125.222 - - [07/Dec/2021:09:42:22 +0800] "GET /xingrg/javascript/jquery_easy_ui/themes/default/images/tabs_leftarrow.png HTTP/1.1" 304 -
114.85.125.222 - - [07/Dec/2021:09:42:22 +0800] "GET /xingrg/javascript/jquery_easy_ui/themes/default/images/tabs_rightarrow.png HTTP/1.1" 304 -
114.85.125.222 - - [07/Dec/2021:09:42:22 +0800] "GET /xingrg/javascript/jquery_easy_ui/themes/default/images/panel_tool_collapse.gif HTTP/1.1" 304 -
114.85.125.222 - - [07/Dec/2021:09:42:22 +0800] "GET /xingrg/all/function/internal_message.html?_=1638841303584&CODE_STATE=count HTTP/1.1" 200 11
114.85.125.222 - - [07/Dec/2021:09:42:22 +0800] "GET /xingrg/check_reg.html?_=1638841303585 HTTP/1.1" 200 22
114.85.125.222 - - [07/Dec/2021:09:42:22 +0800] "POST /xingrg/all/common/load_tree.html?tree=area_rest_tree_json&manage=1 HTTP/1.1" 200 476
114.85.125.222 - - [07/Dec/2021:09:42:22 +0800] "POST /xingrg/load_menu.html HTTP/1.1" 200 5138
114.85.125.222 - - [07/Dec/2021:09:42:25 +0800] "GET /xingrg/kc/mdqp/pssh_order_list.html HTTP/1.1" 200 17617
114.85.125.222 - - [07/Dec/2021:09:42:25 +0800] "POST /xingrg/kc/mdqp/pssh_list_operate.html HTTP/1.1" 200 5394
114.85.125.222 - - [07/Dec/2021:09:42:28 +0800] "POST /xingrg/kc/mdqp/pssh_list_operate.html HTTP/1.1" 200 253
114.85.125.222 - - [07/Dec/2021:09:42:30 +0800] "GET /xingrg/kc/mdqp/pssh_order_info.html?code=312021120600170 HTTP/1.1" 200 17303
114.85.125.222 - - [07/Dec/2021:09:42:30 +0800] "GET /xingrg/javascript/jquery_tools/jquery-1.4.2.min.js HTTP/1.1" 404 1094
114.85.125.222 - - [07/Dec/2021:09:42:30 +0800] "GET /xingrg/javascript/easyui/themes/icons/back_new.png HTTP/1.1" 200 3414
114.85.125.222 - - [07/Dec/2021:09:42:30 +0800] "GET /xingrg/javascript/easyui/themes/default/validatebox.css HTTP/1.1" 404 1104
114.85.125.222 - - [07/Dec/2021:09:42:30 +0800] "GET /xingrg/all/common/auto_word.html?type=base&rest_code=00150&rest_code=00150 HTTP/1.1" 200 1649
114.85.125.222 - - [07/Dec/2021:09:42:30 +0800] "POST /xingrg/kc/mdqp/pssh_order_operate.html HTTP/1.1" 200 528
114.83.221.33 - - [07/Dec/2021:09:42:31 +0800] "GET /xingrg/check_reg.html?_=1638841349086 HTTP/1.1" 200 22
114.83.221.33 - - [07/Dec/2021:09:42:31 +0800] "GET /xingrg/all/function/internal_message.html?_=1638841349072&CODE_STATE=getMsg HTTP/1.1" 200 27
114.84.149.84 - - [07/Dec/2021:09:42:31 +0800] "GET /xingrg/kc/buy/cgsh_order_operate.html?command=get_materiel&rest_code=00141&code=00101008196&supplier_code=00100007&order_time=2021-12-07 HTTP/1.1" 200 416
114.85.125.222 - - [07/Dec/2021:09:42:32 +0800] "POST /xingrg/all/common/load_combo.html?type=employee HTTP/1.1" 200 280
180.169.147.146 - - [07/Dec/2021:09:42:34 +0800] "GET /xingrg/all/function/internal_message.html?_=1638841358113&CODE_STATE=getMsg HTTP/1.1" 200 27
116.239.131.8 - - [07/Dec/2021:09:42:36 +0800] "GET /xingrg/all/function/internal_message.html?_=1638841355260&CODE_STATE=getMsg HTTP/1.1" 200 27
114.85.125.222 - - [07/Dec/2021:09:42:36 +0800] "POST /xingrg/kc/mdqp/pssh_order_operate.html HTTP/1.1" 200 37
114.85.125.222 - - [07/Dec/2021:09:42:40 +0800] "POST /xingrg/kc/mdqp/pssh_order_operate.html HTTP/1.1" 200 12
114.84.149.84 - - [07/Dec/2021:09:42:41 +0800] "GET /xingrg/kc/buy/cgsh_order_operate.html?command=get_materiel&rest_code=00141&code=00101008357&supplier_code=00100007&order_time=2021-12-07 HTTP/1.1" 200 408
180.169.147.146 - - [07/Dec/2021:09:42:42 +0800] "GET /xingrg/index.html?sysBaseUrl=http%3A%2F%2F180.169.147.146%3A18081%2Fxingrg%2F&costTime=39×tamp=1592034574635 HTTP/1.1" 302 -
180.169.147.146 - - [07/Dec/2021:09:42:42 +0800] "GET /xingrg/login.html HTTP/1.1" 200 7641
180.169.147.146 - - [07/Dec/2021:09:42:42 +0800] "GET /xingrg/images/blue/jxLogo.png HTTP/1.1" 200 6156
222.69.132.164 - - [07/Dec/2021:09:42:42 +0800] "GET /xingrg/all/function/internal_message.html?_=1638841375720&CODE_STATE=getMsg HTTP/1.1" 200 27
180.169.147.146 - - [07/Dec/2021:09:42:42 +0800] "GET /xingrg/images/blue/hj.png HTTP/1.1" 200 1014
180.169.147.146 - - [07/Dec/2021:09:42:42 +0800] "GET /xingrg/images/blue/login_bg.png HTTP/1.1" 200 22101
180.169.147.146 - - [07/Dec/2021:09:42:42 +0800] "GET /xingrg/images/blue/srbg.png HTTP/1.1" 200 138
180.169.147.146 - - [07/Dec/2021:09:42:42 +0800] "GET /favicon.ico HTTP/1.1" 404 -
172.20.0.100 - - [07/Dec/2021:09:42:44 +0800] "GET /xingrg/all/function/internal_message.html?_=1638841363351&CODE_STATE=getMsg HTTP/1.1" 200 27
172.20.0.100 - - [07/Dec/2021:09:42:44 +0800] "GET /xingrg/check_reg.html?_=1638841363354 HTTP/1.1" 200 22
114.85.125.222 - - [07/Dec/2021:09:42:44 +0800] "GET /xingrg/kc/mdqp/pssh_order_info.html?code=312021120600170 HTTP/1.1" 200 14400
114.85.125.222 - - [07/Dec/2021:09:42:44 +0800] "GET /xingrg/javascript/jquery_tools/jquery-1.4.2.min.js HTTP/1.1" 404 1094
114.85.125.222 - - [07/Dec/2021:09:42:45 +0800] "GET /xingrg/javascript/easyui/themes/default/validatebox.css HTTP/1.1" 404 1104
114.85.125.222 - - [07/Dec/2021:09:42:45 +0800] "POST /xingrg/kc/mdqp/pssh_order_operate.html HTTP/1.1" 200 528
180.169.147.146 - - [07/Dec/2021:09:42:45 +0800] "POST /xingrg/login.do HTTP/1.1" 302 -
180.169.147.146 - - [07/Dec/2021:09:42:45 +0800] "GET /xingrg/index.html?sysBaseUrl=http%3A%2F%2F180.169.147.146%3A18081%2Fxingrg%2F&costTime=1681×tamp=1638841365319 HTTP/1.1" 200 17503
180.169.147.146 - - [07/Dec/2021:09:42:45 +0800] "GET /xingrg/javascript/jquery_easy_ui/themes/icon.css HTTP/1.1" 200 3949
180.169.147.146 - - [07/Dec/2021:09:42:45 +0800] "GET /xingrg/javascript/jquery_easy_ui/themes/default/easyui.css HTTP/1.1" 200 26500
180.169.147.146 - - [07/Dec/2021:09:42:45 +0800] "GET /xingrg/css/form.css HTTP/1.1" 200 893
180.169.147.146 - - [07/Dec/2021:09:42:45 +0800] "GET /xingrg/javascript/jquery-1.4.2.min.js HTTP/1.1" 200 72205
180.169.147.146 - - [07/Dec/2021:09:42:45 +0800] "GET /xingrg/javascript/jquery_easy_ui/jquery.easyui.min.js HTTP/1.1" 200 213662
180.169.147.146 - - [07/Dec/2021:09:42:45 +0800] "GET /xingrg/javascript/jquery_easy_ui/easyui-lang-zh_CN.js HTTP/1.1" 200 1900
180.169.147.146 - - [07/Dec/2021:09:42:45 +0800] "GET /xingrg/javascript/jquery.utils.js HTTP/1.1" 200 11805
180.169.147.146 - - [07/Dec/2021:09:42:45 +0800] "GET /xingrg/javascript/jquery.form.js HTTP/1.1" 200 23110
180.169.147.146 - - [07/Dec/2021:09:42:45 +0800] "GET /xingrg/javascript/jquery.timers.js HTTP/1.1" 200 3532
180.169.147.146 - - [07/Dec/2021:09:42:45 +0800] "GET /favicon.ico HTTP/1.1" 404 -
180.169.147.146 - - [07/Dec/2021:09:42:45 +0800] "GET /xingrg/javascript/jquery_easy_ui/themes/icons/settle_new.png HTTP/1.1" 200 826
180.169.147.146 - - [07/Dec/2021:09:42:45 +0800] "GET /xingrg/images/blue/navBackgound.jpg HTTP/1.1" 200 12378
180.169.147.146 - - [07/Dec/2021:09:42:45 +0800] "GET /xingrg/all/function/internal_message.html?_=1638841364933&CODE_STATE=count HTTP/1.1" 200 11
180.169.147.146 - - [07/Dec/2021:09:42:45 +0800] "GET /xingrg/images/blue/pingpu.png HTTP/1.1" 200 231
180.169.147.146 - - [07/Dec/2021:09:42:45 +0800] "GET /xingrg/javascript/jquery_easy_ui/themes/default/images/panel_tool_collapse.gif HTTP/1.1" 200 246
180.169.147.146 - - [07/Dec/2021:09:42:45 +0800] "GET /xingrg/javascript/jquery_easy_ui/themes/default/images/tabs_rightarrow.png HTTP/1.1" 200 395
180.169.147.146 - - [07/Dec/2021:09:42:45 +0800] "GET /xingrg/javascript/jquery_easy_ui/themes/default/images/panel_tool_expand.gif HTTP/1.1" 200 247
180.169.147.146 - - [07/Dec/2021:09:42:45 +0800] "GET /xingrg/check_reg.html?_=1638841364934 HTTP/1.1" 200 22
180.169.147.146 - - [07/Dec/2021:09:42:45 +0800] "GET /xingrg/javascript/jquery_easy_ui/themes/default/images/tabs_leftarrow.png HTTP/1.1" 200 389
180.169.147.146 - - [07/Dec/2021:09:42:45 +0800] "POST /xingrg/all/common/load_tree.html?tree=area_rest_tree_json&manage=1 HTTP/1.1" 200 3472
180.169.147.146 - - [07/Dec/2021:09:42:45 +0800] "POST /xingrg/load_menu.html HTTP/1.1" 200 11564
180.169.147.146 - - [07/Dec/2021:09:42:45 +0800] "GET /xingrg/javascript/jquery_easy_ui/themes/default/images/tree_arrows.gif HTTP/1.1" 200 1043
180.169.147.146 - - [07/Dec/2021:09:42:45 +0800] "GET /xingrg/javascript/jquery_easy_ui/themes/default/images/tree_folder_open.gif HTTP/1.1" 200 956
180.169.147.146 - - [07/Dec/2021:09:42:45 +0800] "GET /xingrg/javascript/jquery_easy_ui/themes/icons/forms_new.png HTTP/1.1" 200 350
180.169.147.146 - - [07/Dec/2021:09:42:45 +0800] "GET /xingrg/javascript/jquery_easy_ui/themes/icons/checkout_new.png HTTP/1.1" 200 744
180.169.147.146 - - [07/Dec/2021:09:42:45 +0800] "GET /xingrg/javascript/jquery_easy_ui/themes/icons/storage_new.png HTTP/1.1" 200 853
180.169.147.146 - - [07/Dec/2021:09:42:45 +0800] "GET /xingrg/javascript/jquery_easy_ui/themes/icons/search_new.png HTTP/1.1" 200 586
180.169.147.146 - - [07/Dec/2021:09:42:45 +0800] "GET /xingrg/javascript/jquery_easy_ui/themes/icons/delivery_new.png HTTP/1.1" 200 700
180.169.147.146 - - [07/Dec/2021:09:42:45 +0800] "GET /xingrg/javascript/jquery_easy_ui/themes/icons/systemset_new.png HTTP/1.1" 200 606
180.169.147.146 - - [07/Dec/2021:09:42:45 +0800] "GET /xingrg/javascript/jquery_easy_ui/themes/icons/setting_new.png HTTP/1.1" 200 450
180.169.147.146 - - [07/Dec/2021:09:42:45 +0800] "GET /xingrg/javascript/jquery_easy_ui/themes/default/images/tree_folder.gif HTTP/1.1" 200 952
180.169.147.146 - - [07/Dec/2021:09:42:45 +0800] "GET /xingrg/javascript/jquery_easy_ui/themes/default/images/tree_file.gif HTTP/1.1" 200 118
180.169.147.146 - - [07/Dec/2021:09:42:47 +0800] "GET /xingrg/javascript/jquery_easy_ui/themes/default/images/tabs_close.gif HTTP/1.1" 200 829
180.169.147.146 - - [07/Dec/2021:09:42:47 +0800] "GET /xingrg/system/info/materiel_manager.html HTTP/1.1" 200 19497
180.169.147.146 - - [07/Dec/2021:09:42:47 +0800] "GET /xingrg/css/xtree.css HTTP/1.1" 200 880
180.169.147.146 - - [07/Dec/2021:09:42:47 +0800] "GET /xingrg/css/blue.css HTTP/1.1" 200 15949
180.169.147.146 - - [07/Dec/2021:09:42:47 +0800] "GET /xingrg/javascript/jquery_ui/themes/base/base.css HTTP/1.1" 200 28568
180.169.147.146 - - [07/Dec/2021:09:42:47 +0800] "GET /xingrg/javascript/pic_change.js HTTP/1.1" 200 4739
180.169.147.146 - - [07/Dec/2021:09:42:47 +0800] "GET /xingrg/dwr/interface/AjaxComOrderService.js HTTP/1.1" 200 18264
180.169.147.146 - - [07/Dec/2021:09:42:47 +0800] "GET /xingrg/dwr/interface/AjaxBaseInfoService.js HTTP/1.1" 200 21363
180.169.147.146 - - [07/Dec/2021:09:42:47 +0800] "GET /xingrg/dwr/util.js HTTP/1.1" 200 35990
180.169.147.146 - - [07/Dec/2021:09:42:47 +0800] "GET /xingrg/javascript/Grid.js HTTP/1.1" 200 58908
180.169.147.146 - - [07/Dec/2021:09:42:47 +0800] "GET /xingrg/javascript/myfunction.js HTTP/1.1" 200 24559
180.169.147.146 - - [07/Dec/2021:09:42:47 +0800] "GET /xingrg/javascript/Calendar.js HTTP/1.1" 200 31561
180.169.147.146 - - [07/Dec/2021:09:42:47 +0800] "GET /xingrg/javascript/ToolTips.js HTTP/1.1" 200 5615
180.169.147.146 - - [07/Dec/2021:09:42:47 +0800] "GET /xingrg/dwr/engine.js HTTP/1.1" 200 43631
180.169.147.146 - - [07/Dec/2021:09:42:47 +0800] "GET /xingrg/javascript/print/LodopFuncs.js HTTP/1.1" 200 5121
180.169.147.146 - - [07/Dec/2021:09:42:47 +0800] "GET /xingrg/javascript/xtree.js HTTP/1.1" 200 26582
124.78.153.86 - - [07/Dec/2021:09:42:47 +0800] "GET /xingrg/all/function/internal_message.html?_=1638841375640&CODE_STATE=getMsg HTTP/1.1" 200 27
61.151.207.158 - - [07/Dec/2021:09:42:47 +0800] "GET /xingrg/all/function/internal_message.html?_=1638841315630&CODE_STATE=count HTTP/1.1" 302 -
180.169.147.146 - - [07/Dec/2021:09:42:47 +0800] "GET /xingrg/images/xtree/openfoldericon.png HTTP/1.1" 200 232
180.169.147.146 - - [07/Dec/2021:09:42:47 +0800] "GET /xingrg/javascript/jquery_easy_ui/themes/icons/import_new.png HTTP/1.1" 200 1247
180.169.147.146 - - [07/Dec/2021:09:42:47 +0800] "GET /xingrg/javascript/jquery_easy_ui/themes/icons/print_new.png HTTP/1.1" 200 3580
180.169.147.146 - - [07/Dec/2021:09:42:47 +0800] "GET /xingrg/javascript/jquery_easy_ui/themes/icons/back_new.png HTTP/1.1" 200 3414
180.169.147.146 - - [07/Dec/2021:09:42:47 +0800] "GET /xingrg/images/blue/wait.gif HTTP/1.1" 200 1100
114.85.125.222 - - [07/Dec/2021:09:42:47 +0800] "GET /xingrg/kc/print/load_config.html?kc_code=pssh HTTP/1.1" 200 2291
61.151.207.158 - - [07/Dec/2021:09:42:47 +0800] "GET /xingrg/login.html HTTP/1.1" 200 7641
180.169.147.146 - - [07/Dec/2021:09:42:47 +0800] "POST /xingrg/dwr/call/plaincall/AjaxBaseInfoService.getSubMaterielSorts.dwr HTTP/1.1" 200 219
180.169.147.146 - - [07/Dec/2021:09:42:47 +0800] "GET /xingrg/images/xtree/foldericon.png HTTP/1.1" 200 229
180.169.147.146 - - [07/Dec/2021:09:42:47 +0800] "GET /xingrg/images/xtree/Tplus.png HTTP/1.1" 200 222
180.169.147.146 - - [07/Dec/2021:09:42:47 +0800] "GET /xingrg/images/xtree/Lplus.png HTTP/1.1" 200 224
180.157.253.6 - - [07/Dec/2021:09:42:48 +0800] "GET /xingrg/all/function/internal_message.html?_=1638841368455&CODE_STATE=getMsg HTTP/1.1" 200 27
114.84.149.84 - - [07/Dec/2021:09:42:48 +0800] "GET /xingrg/kc/buy/cgsh_order_operate.html?command=get_materiel&rest_code=00141&code=00101008069&supplier_code=00100007&order_time=2021-12-07 HTTP/1.1" 200 412
114.85.125.222 - - [07/Dec/2021:09:42:48 +0800] "GET /xingrg/kc/print/load_data.html?order_code=312021120600170&kc_code=pssh&condition= HTTP/1.1" 200 677
61.151.178.163 - - [07/Dec/2021:09:42:48 +0800] "GET /xingrg/index.html?sysBaseUrl=http://180.169.147.146:18081/xingrg/&costTime=1098×tamp=1638841306458 HTTP/1.1" 302 -
180.169.147.146 - - [07/Dec/2021:09:42:48 +0800] "POST /xingrg/dwr/call/plaincall/AjaxBaseInfoService.getMateriels.dwr HTTP/1.1" 200 2929
180.169.147.146 - - [07/Dec/2021:09:42:48 +0800] "POST /xingrg/dwr/call/plaincall/AjaxBaseInfoService.getSubMaterielSorts.dwr HTTP/1.1" 200 3953
180.169.147.146 - - [07/Dec/2021:09:42:48 +0800] "GET /xingrg/images/xtree/I.png HTTP/1.1" 200 148
180.169.147.146 - - [07/Dec/2021:09:42:48 +0800] "GET /xingrg/images/xtree/file.png HTTP/1.1" 200 251
180.169.147.146 - - [07/Dec/2021:09:42:48 +0800] "GET /xingrg/images/xtree/T.png HTTP/1.1" 200 152
61.151.178.163 - - [07/Dec/2021:09:42:49 +0800] "GET /xingrg/login.html HTTP/1.1" 200 7641
180.169.147.146 - - [07/Dec/2021:09:42:49 +0800] "GET /xingrg/images/xtree/L.png HTTP/1.1" 200 153
180.169.147.146 - - [07/Dec/2021:09:42:49 +0800] "GET /xingrg/images/xtree/Tminus.png HTTP/1.1" 200 207
180.169.147.146 - - [07/Dec/2021:09:42:49 +0800] "POST /xingrg/dwr/call/plaincall/AjaxBaseInfoService.getMateriels.dwr HTTP/1.1" 200 2928
114.86.226.73 - - [07/Dec/2021:09:42:49 +0800] "GET /xingrg/all/function/internal_message.html?_=1638841369077&CODE_STATE=getMsg HTTP/1.1" 200 27
61.151.207.141 - - [07/Dec/2021:09:42:52 +0800] "GET /xingrg/check_reg.html?_=1638841315631 HTTP/1.1" 302 -
180.169.147.146 - - [07/Dec/2021:09:42:53 +0800] "POST /xingrg/dwr/call/plaincall/AjaxBaseInfoService.getMateriels.dwr HTTP/1.1" 200 3232
180.169.147.146 - - [07/Dec/2021:09:42:53 +0800] "GET /xingrg/all/function/internal_message.html?_=1638841373175&CODE_STATE=getMsg HTTP/1.1" 200 27
61.151.207.141 - - [07/Dec/2021:09:42:53 +0800] "GET /xingrg/login.html HTTP/1.1" 200 7641
180.169.147.146 - - [07/Dec/2021:09:42:54 +0800] "GET /xingrg/system/info/materiel_info.html?code=00101019&isAdd=1 HTTP/1.1" 200 35968
180.169.147.146 - - [07/Dec/2021:09:42:54 +0800] "GET /xingrg/dwr/interface/AjaxGetFirstChart.js HTTP/1.1" 200 631
180.169.147.146 - - [07/Dec/2021:09:42:54 +0800] "GET /xingrg/javascript/checkform.js HTTP/1.1" 200 18351
180.169.147.146 - - [07/Dec/2021:09:42:54 +0800] "GET /xingrg/dwr/engine.js HTTP/1.1" 200 43631
180.169.147.146 - - [07/Dec/2021:09:42:54 +0800] "GET /favicon.ico HTTP/1.1" 404 -
180.169.147.146 - - [07/Dec/2021:09:42:54 +0800] "POST /xingrg/all/common/load_tree.html?tree=area_rest_tree_json HTTP/1.1" 200 3472
222.70.171.86 - - [07/Dec/2021:09:42:54 +0800] "GET /xingrg/all/function/internal_message.html?_=1638841379490&CODE_STATE=getMsg HTTP/1.1" 302 -
180.169.147.146 - - [07/Dec/2021:09:42:54 +0800] "POST /xingrg/dwr/call/plaincall/AjaxBaseInfoService.getMaterielInfo.dwr HTTP/1.1" 200 210
180.169.147.146 - - [07/Dec/2021:09:42:54 +0800] "GET /xingrg/javascript/jquery_easy_ui/themes/default/images/tree_checkbox_0.gif HTTP/1.1" 200 168
180.169.147.146 - - [07/Dec/2021:09:42:54 +0800] "GET /xingrg/javascript/jquery_easy_ui/themes/icons/area.png HTTP/1.1" 200 262
180.169.147.146 - - [07/Dec/2021:09:42:54 +0800] "GET /xingrg/javascript/jquery_easy_ui/themes/icons/manage.png HTTP/1.1" 200 696
180.169.147.146 - - [07/Dec/2021:09:42:54 +0800] "GET /xingrg/javascript/jquery_easy_ui/themes/icons/rest.png HTTP/1.1" 200 695
114.84.149.84 - - [07/Dec/2021:09:42:54 +0800] "GET /xingrg/all/function/internal_message.html?_=1638841192489&CODE_STATE=getMsg HTTP/1.1" 200 27
180.169.147.146 - - [07/Dec/2021:09:42:54 +0800] "POST /xingrg/all/common/load_tree.html?tree=area_rest_tree_json&defaultRests=undefined HTTP/1.1" 200 3472
114.85.125.222 - - [07/Dec/2021:09:42:54 +0800] "GET /xingrg/javascript/jquery_easy_ui/themes/default/images/tabs_active.png HTTP/1.1" 304 -
114.84.149.84 - - [07/Dec/2021:09:42:55 +0800] "GET /xingrg/kc/buy/cgsh_order_operate.html?command=get_materiel&rest_code=00141&code=00101008286&supplier_code=00100007&order_time=2021-12-07 HTTP/1.1" 200 408
58.39.139.200 - - [07/Dec/2021:09:42:57 +0800] "GET /xingrg/all/function/internal_message.html?_=1638841314604&CODE_STATE=getMsg HTTP/1.1" 200 27
114.85.125.222 - - [07/Dec/2021:09:42:58 +0800] "GET /xingrg/kc/buy/cgsh_order_list.html HTTP/1.1" 200 49169
222.70.176.97 - - [07/Dec/2021:09:42:59 +0800] "GET /xingrg/all/function/internal_message.html?_=1638841378075&CODE_STATE=getMsg HTTP/1.1" 200 27
114.85.125.222 - - [07/Dec/2021:09:43:00 +0800] "POST /xingrg/kc/buy/cgsh_list_operate.html HTTP/1.1" 200 876
222.70.171.86 - - [07/Dec/2021:09:43:02 +0800] "GET /xingrg/all/function/internal_message.html?_=1638841386728&CODE_STATE=getMsg HTTP/1.1" 200 27
120.253.135.82 - - [07/Dec/2021:09:43:03 +0800] "GET /xingrg/all/function/internal_message.html?_=1638841160654&CODE_STATE=getMsg HTTP/1.1" 200 27
114.85.125.222 - - [07/Dec/2021:09:43:03 +0800] "GET /xingrg/kc/buy/cgsh_order_add.html HTTP/1.1" 200 64834
114.84.149.84 - - [07/Dec/2021:09:43:03 +0800] "GET /xingrg/kc/buy/cgsh_order_operate.html?command=get_materiel&rest_code=00141&code=00101008036&supplier_code=00100007&order_time=2021-12-07 HTTP/1.1" 200 408
114.85.125.222 - - [07/Dec/2021:09:43:03 +0800] "POST /xingrg/kc/buy/cgsh_order_operate.html HTTP/1.1" 200 8245
114.85.125.222 - - [07/Dec/2021:09:43:03 +0800] "GET /xingrg/javascript/easyui/themes/default/validatebox.css HTTP/1.1" 404 1104
114.85.125.222 - - [07/Dec/2021:09:43:05 +0800] "GET /xingrg/javascript/auto/indicator.gif HTTP/1.1" 404 1066
180.169.147.146 - - [07/Dec/2021:09:43:06 +0800] "POST /xingrg/dwr/call/plaincall/AjaxGetFirstChart.getFirstChart.dwr HTTP/1.1" 200 78
116.235.94.0 - - [07/Dec/2021:09:43:09 +0800] "GET /xingrg/all/function/internal_message.html?_=1638841511272&CODE_STATE=getMsg HTTP/1.1" 200 27
114.84.149.84 - - [07/Dec/2021:09:43:10 +0800] "GET /xingrg/kc/buy/cgsh_order_operate.html?command=get_materiel&rest_code=00141&code=00101008131&supplier_code=00100007&order_time=2021-12-07 HTTP/1.1" 200 408
180.169.147.146 - - [07/Dec/2021:09:43:11 +0800] "POST /xingrg/dwr/call/plaincall/AjaxGetFirstChart.getFirstChart.dwr HTTP/1.1" 200 83
180.169.147.146 - - [07/Dec/2021:09:43:15 +0800] "POST /xingrg/dwr/call/plaincall/AjaxBaseInfoService.changeUnitGroup.dwr HTTP/1.1" 200 310
114.85.125.222 - - [07/Dec/2021:09:43:17 +0800] "GET /xingrg/kc/buy/cgsh_order_operate.html?command=get_materiel&rest_code=00150&code=00101013084&supplier_code=00100096&order_time=2021-12-07 HTTP/1.1" 200 408
114.84.149.84 - - [07/Dec/2021:09:43:18 +0800] "GET /xingrg/kc/buy/cgsh_order_operate.html?command=get_materiel&rest_code=00141&code=00101008318&supplier_code=00100007&order_time=2021-12-07 HTTP/1.1" 200 408
116.238.248.233 - - [07/Dec/2021:09:43:18 +0800] "GET /xingrg/all/function/internal_message.html?_=1638841397485&CODE_STATE=getMsg HTTP/1.1" 200 27
58.35.215.131 - - [07/Dec/2021:09:43:19 +0800] "GET /xingrg/check_reg.html?_=1638841399214 HTTP/1.1" 200 22
58.35.215.131 - - [07/Dec/2021:09:43:19 +0800] "GET /xingrg/all/function/internal_message.html?_=1638841399215&CODE_STATE=getMsg HTTP/1.1" 200 27
114.85.125.222 - - [07/Dec/2021:09:43:22 +0800] "GET /xingrg/all/function/internal_message.html?_=1638841363592&CODE_STATE=getMsg HTTP/1.1" 200 27
180.169.147.146 - - [07/Dec/2021:09:43:24 +0800] "POST /xingrg/dwr/call/plaincall/AjaxBaseInfoService.saveMateriel.dwr HTTP/1.1" 200 109
180.169.147.146 - - [07/Dec/2021:09:43:25 +0800] "POST /xingrg/dwr/call/plaincall/AjaxBaseInfoService.getMateriels.dwr HTTP/1.1" 200 3232
114.84.149.84 - - [07/Dec/2021:09:43:25 +0800] "GET /xingrg/kc/buy/cgsh_order_operate.html?command=get_materiel&rest_code=00141&code=00101008352&supplier_code=00100007&order_time=2021-12-07 HTTP/1.1" 200 412
180.169.147.146 - - [07/Dec/2021:09:43:26 +0800] "GET /xingrg/system/info/materiel_info.html?code=00101019&isAdd=1 HTTP/1.1" 200 35968
180.169.147.146 - - [07/Dec/2021:09:43:26 +0800] "GET /xingrg/dwr/interface/AjaxGetFirstChart.js HTTP/1.1" 200 631
180.169.147.146 - - [07/Dec/2021:09:43:26 +0800] "GET /xingrg/dwr/interface/AjaxBaseInfoService.js HTTP/1.1" 200 21363
180.169.147.146 - - [07/Dec/2021:09:43:26 +0800] "GET /xingrg/dwr/interface/AjaxComOrderService.js HTTP/1.1" 200 18264
180.169.147.146 - - [07/Dec/2021:09:43:26 +0800] "GET /xingrg/dwr/engine.js HTTP/1.1" 200 43631
180.169.147.146 - - [07/Dec/2021:09:43:26 +0800] "POST /xingrg/all/common/load_tree.html?tree=area_rest_tree_json HTTP/1.1" 200 3472
180.169.147.146 - - [07/Dec/2021:09:43:26 +0800] "POST /xingrg/dwr/call/plaincall/AjaxBaseInfoService.getMaterielInfo.dwr HTTP/1.1" 200 210
180.169.147.146 - - [07/Dec/2021:09:43:26 +0800] "POST /xingrg/all/common/load_tree.html?tree=area_rest_tree_json&defaultRests=undefined HTTP/1.1" 200 3472
114.85.125.222 - - [07/Dec/2021:09:43:31 +0800] "GET /xingrg/kc/buy/cgsh_order_operate.html?command=get_materiel&rest_code=00150&code=00101037035&supplier_code=00100096&order_time=2021-12-07 HTTP/1.1" 200 400
114.83.221.33 - - [07/Dec/2021:09:43:31 +0800] "GET /xingrg/all/function/internal_message.html?_=1638841409085&CODE_STATE=getMsg HTTP/1.1" 200 27
116.239.131.8 - - [07/Dec/2021:09:43:34 +0800] "GET /xingrg/check_reg.html?_=1638841413608 HTTP/1.1" 200 22
180.169.147.146 - - [07/Dec/2021:09:43:34 +0800] "GET /xingrg/all/function/internal_message.html?_=1638841418122&CODE_STATE=getMsg HTTP/1.1" 200 27
180.169.147.146 - - [07/Dec/2021:09:43:34 +0800] "GET /xingrg/check_reg.html?_=1638841418124 HTTP/1.1" 200 22
114.84.149.84 - - [07/Dec/2021:09:43:35 +0800] "GET /xingrg/kc/buy/cgsh_order_operate.html?command=get_materiel&rest_code=00141&code=00101008098&supplier_code=00100007&order_time=2021-12-07 HTTP/1.1" 200 412
116.239.131.8 - - [07/Dec/2021:09:43:36 +0800] "GET /xingrg/all/function/internal_message.html?_=1638841415261&CODE_STATE=getMsg HTTP/1.1" 200 27
116.235.94.0 - - [07/Dec/2021:09:43:38 +0800] "POST /xingrg/dwr/call/plaincall/AjaxReportQueryService.refreshCache.dwr HTTP/1.1" 200 78
116.235.94.0 - - [07/Dec/2021:09:43:40 +0800] "POST /xingrg/all/report/load_report_page.html HTTP/1.1" 200 8924
116.235.94.0 - - [07/Dec/2021:09:43:40 +0800] "GET /xingrg/servlets/image?cache=0.0508869608377559&image=px HTTP/1.1" 200 807
116.239.131.8 - - [07/Dec/2021:09:43:41 +0800] "GET /xingrg/kc/buy/cgsh_order_add.html HTTP/1.1" 200 64898
116.235.94.0 - - [07/Dec/2021:09:43:41 +0800] "GET /xingrg/all/report/report_query.html?isQuery=1&fileName=kc/buy/wlcg_cate_hz.xml&queryString=(CONVERT(char(10)%252Ca.order_time%252C%2520120)%253E%253D'2021-11-01')%2520and%2520(CONVERT(char(10)%252Ca.order_time%252C%2520120)%253C%253D'2021-11-30')%2520and%2520(a.supplier_code%2520in%2520('00100005'))%2520and%2520(a.number%253E0%2520and%2520a.supplier_code%253D'00100005')&queryText=%25E3%2580%2590%25E9%2587%2587%25E8%25B4%25AD%25E6%2597%25A5%25E6%259C%259F%253A2021-11-01%2520%25E8%2587%25B3%25202021-11-30%25E3%2580%2591%2520%25E5%25B9%25B6%25E4%25B8%2594%2520%2520%25E3%2580%2590%25E4%25BE%259B%25E5%25BA%2594%25E5%2595%2586%2520%253D%2520%25E8%2594%25AC%25E8%258F%259C%25EF%25BC%2588%25E5%25AE%258B%25E6%259C%25A8%25E6%25A0%25B9%25EF%25BC%2589%25E3%2580%2591%2520%25E5%25B9%25B6%25E4%25B8%2594%2520%25E3%2580%2590%25E4%25BE%259B%25E5%25BA%2594%25E5%2595%2586%253D%25E8%2594%25AC%25E8%258F%259C%25EF%25BC%2588%25E5%25AE%258B%25E6%259C%25A8%25E6%25A0%25B9%25EF%25BC%2589%25E3%2580%2591 HTTP/1.1" 200 54480
116.235.94.0 - - [07/Dec/2021:09:43:42 +0800] "GET /xingrg/dwr/interface/AjaxReportQueryService.js HTTP/1.1" 200 13203
116.235.94.0 - - [07/Dec/2021:09:43:42 +0800] "GET /xingrg/dwr/engine.js HTTP/1.1" 200 43631
222.69.132.164 - - [07/Dec/2021:09:43:42 +0800] "GET /xingrg/check_reg.html?_=1638841435696 HTTP/1.1" 200 22
222.69.132.164 - - [07/Dec/2021:09:43:42 +0800] "GET /xingrg/all/function/internal_message.html?_=1638841435698&CODE_STATE=getMsg HTTP/1.1" 200 27
114.84.149.84 - - [07/Dec/2021:09:43:43 +0800] "GET /xingrg/kc/buy/cgsh_order_operate.html?command=get_materiel&rest_code=00141&code=00101008005&supplier_code=00100007&order_time=2021-12-07 HTTP/1.1" 200 412
116.239.131.8 - - [07/Dec/2021:09:43:43 +0800] "GET /xingrg/words/20211207094324_words.js HTTP/1.1" 200 877885
116.235.94.0 - - [07/Dec/2021:09:43:43 +0800] "POST /xingrg/all/report/load_report_page.html HTTP/1.1" 200 10888
116.235.94.0 - - [07/Dec/2021:09:43:43 +0800] "GET /xingrg/servlets/image?cache=0.2684447633872702&image=px HTTP/1.1" 200 807
172.20.0.100 - - [07/Dec/2021:09:43:44 +0800] "GET /xingrg/all/function/internal_message.html?_=1638841423357&CODE_STATE=getMsg HTTP/1.1" 200 27
116.239.131.8 - - [07/Dec/2021:09:43:45 +0800] "POST /xingrg/kc/buy/cgsh_order_operate.html HTTP/1.1" 200 8245
116.239.131.8 - - [07/Dec/2021:09:43:45 +0800] "GET /xingrg/javascript/easyui/themes/default/validatebox.css HTTP/1.1" 404 1104
180.169.147.146 - - [07/Dec/2021:09:43:45 +0800] "GET /xingrg/all/function/internal_message.html?_=1638841424947&CODE_STATE=getMsg HTTP/1.1" 200 27
116.235.94.0 - - [07/Dec/2021:09:43:45 +0800] "POST /xingrg/all/report/load_report_page.html HTTP/1.1" 200 83275
116.235.94.0 - - [07/Dec/2021:09:43:45 +0800] "GET /xingrg/servlets/image?cache=0.29102261599808965&image=px HTTP/1.1" 200 807
124.78.153.86 - - [07/Dec/2021:09:43:47 +0800] "GET /xingrg/all/function/internal_message.html?_=1638841435632&CODE_STATE=getMsg HTTP/1.1" 200 27
180.157.253.6 - - [07/Dec/2021:09:43:48 +0800] "GET /xingrg/all/function/internal_message.html?_=1638841428454&CODE_STATE=getMsg HTTP/1.1" 200 27
116.235.94.0 - - [07/Dec/2021:09:43:48 +0800] "POST /xingrg/all/report/report_print.html HTTP/1.1" 302 -
116.235.94.0 - - [07/Dec/2021:09:43:48 +0800] "GET /xingrg/servlets/image?image=px HTTP/1.1" 200 807
116.235.94.0 - - [07/Dec/2021:09:43:49 +0800] "GET /xingrg/servlets/html?sysBaseUrl=http%3A%2F%2F180.169.147.146%3A18081%2Fxingrg%2F&costTime=1215×tamp=1638841428974 HTTP/1.1" 200 551343
116.235.94.0 - - [07/Dec/2021:09:43:49 +0800] "GET /favicon.ico HTTP/1.1" 404 -
114.86.226.73 - - [07/Dec/2021:09:43:49 +0800] "GET /xingrg/all/function/internal_message.html?_=1638841429085&CODE_STATE=getMsg HTTP/1.1" 200 27
61.151.178.164 - - [07/Dec/2021:09:43:51 +0800] "GET /xingrg/all/function/internal_message.html?_=1638841375640&CODE_STATE=getMsg HTTP/1.1" 302 -
61.151.178.164 - - [07/Dec/2021:09:43:53 +0800] "GET /xingrg/login.html HTTP/1.1" 200 7641
180.169.147.146 - - [07/Dec/2021:09:43:53 +0800] "GET /xingrg/all/function/internal_message.html?_=1638841433166&CODE_STATE=getMsg HTTP/1.1" 200 27
222.70.171.86 - - [07/Dec/2021:09:43:54 +0800] "GET /xingrg/all/function/internal_message.html?_=1638841439501&CODE_STATE=getMsg HTTP/1.1" 302 -
114.84.149.84 - - [07/Dec/2021:09:43:54 +0800] "GET /xingrg/all/function/internal_message.html?_=1638841252498&CODE_STATE=getMsg HTTP/1.1" 200 27
114.84.149.84 - - [07/Dec/2021:09:43:55 +0800] "GET /xingrg/kc/buy/cgsh_order_operate.html?command=get_materiel&rest_code=00141&code=00101008353&supplier_code=00100007&order_time=2021-12-07 HTTP/1.1" 200 408
58.39.139.200 - - [07/Dec/2021:09:43:57 +0800] "GET /xingrg/all/function/internal_message.html?_=1638841374607&CODE_STATE=getMsg HTTP/1.1" 200 27
114.85.125.222 - - [07/Dec/2021:09:43:58 +0800] "GET /xingrg/kc/buy/cgsh_order_operate.html?command=get_materiel&rest_code=00150&code=00101037084&supplier_code=00100096&order_time=2021-12-07 HTTP/1.1" 200 412
222.70.176.97 - - [07/Dec/2021:09:43:59 +0800] "GET /xingrg/all/function/internal_message.html?_=1638841438046&CODE_STATE=getMsg HTTP/1.1" 200 27
114.84.149.84 - - [07/Dec/2021:09:44:01 +0800] "GET /xingrg/kc/buy/cgsh_order_operate.html?command=get_materiel&rest_code=00141&code=00101008213&supplier_code=00100007&order_time=2021-12-07 HTTP/1.1" 200 412
222.70.171.86 - - [07/Dec/2021:09:44:02 +0800] "GET /xingrg/all/function/internal_message.html?_=1638841446741&CODE_STATE=getMsg HTTP/1.1" 200 27
120.253.135.82 - - [07/Dec/2021:09:44:03 +0800] "GET /xingrg/check_reg.html?_=1638841220539 HTTP/1.1" 200 22
120.253.135.82 - - [07/Dec/2021:09:44:03 +0800] "GET /xingrg/all/function/internal_message.html?_=1638841220669&CODE_STATE=getMsg HTTP/1.1" 200 27
114.84.149.84 - - [07/Dec/2021:09:44:08 +0800] "GET /xingrg/kc/buy/cgsh_order_operate.html?command=get_materiel&rest_code=00141&code=00101008261&supplier_code=00100007&order_time=2021-12-07 HTTP/1.1" 200 408
114.85.125.222 - - [07/Dec/2021:09:44:09 +0800] "GET /xingrg/kc/buy/cgsh_order_operate.html?command=get_materiel&rest_code=00150&code=00101019802&supplier_code=00100096&order_time=2021-12-07 HTTP/1.1" 200 405
116.235.94.0 - - [07/Dec/2021:09:44:09 +0800] "GET /xingrg/all/function/internal_message.html?_=1638841571291&CODE_STATE=getMsg HTTP/1.1" 200 27
114.84.149.84 - - [07/Dec/2021:09:44:11 +0800] "POST /xingrg/kc/buy/cgsh_order_operate.html HTTP/1.1" 200 2065
114.84.149.84 - - [07/Dec/2021:09:44:17 +0800] "GET /xingrg/kc/buy/cgsh_order_operate.html?command=get_materiel&rest_code=00141&code=00101008199&supplier_code=00100007&order_time=2021-12-07 HTTP/1.1" 200 408
116.238.248.233 - - [07/Dec/2021:09:44:18 +0800] "GET /xingrg/all/function/internal_message.html?_=1638841457484&CODE_STATE=getMsg HTTP/1.1" 200 27
58.35.215.131 - - [07/Dec/2021:09:44:19 +0800] "GET /xingrg/all/function/internal_message.html?_=1638841459215&CODE_STATE=getMsg HTTP/1.1" 200 27
114.85.125.222 - - [07/Dec/2021:09:44:22 +0800] "GET /xingrg/all/function/internal_message.html?_=1638841423605&CODE_STATE=getMsg HTTP/1.1" 200 27
114.85.125.222 - - [07/Dec/2021:09:44:28 +0800] "POST /xingrg/kc/buy/cgsh_order_operate.html HTTP/1.1" 200 37
114.84.149.84 - - [07/Dec/2021:09:44:30 +0800] "GET /xingrg/kc/buy/cgsh_order_operate.html?command=get_materiel&rest_code=00141&code=00101008300&supplier_code=00100007&order_time=2021-12-07 HTTP/1.1" 200 412
114.83.221.33 - - [07/Dec/2021:09:44:31 +0800] "GET /xingrg/all/function/internal_message.html?_=1638841469080&CODE_STATE=getMsg HTTP/1.1" 200 27
114.85.125.222 - - [07/Dec/2021:09:44:34 +0800] "POST /xingrg/kc/buy/cgsh_order_operate.html HTTP/1.1" 200 12
180.169.147.146 - - [07/Dec/2021:09:44:34 +0800] "GET /xingrg/all/function/internal_message.html?_=1638841478122&CODE_STATE=getMsg HTTP/1.1" 200 27
116.239.131.8 - - [07/Dec/2021:09:44:36 +0800] "GET /xingrg/all/function/internal_message.html?_=1638841475275&CODE_STATE=getMsg HTTP/1.1" 200 27
114.85.125.222 - - [07/Dec/2021:09:44:37 +0800] "GET /xingrg/kc/buy/cgsh_order_info.html?code=212021120702576 HTTP/1.1" 200 59737
114.85.125.222 - - [07/Dec/2021:09:44:37 +0800] "GET /xingrg/words/20211207094324_words.js HTTP/1.1" 200 877885
114.85.125.222 - - [07/Dec/2021:09:44:38 +0800] "GET /xingrg/javascript/easyui/themes/default/validatebox.css HTTP/1.1" 404 1104
114.85.125.222 - - [07/Dec/2021:09:44:38 +0800] "POST /xingrg/kc/buy/cgsh_order_operate.html HTTP/1.1" 200 2398
114.85.125.222 - - [07/Dec/2021:09:44:40 +0800] "GET /xingrg/kc/print/load_data.html?order_code=212021120702576&kc_code=cgsh&condition= HTTP/1.1" 200 1396
222.69.132.164 - - [07/Dec/2021:09:44:42 +0800] "GET /xingrg/all/function/internal_message.html?_=1638841495705&CODE_STATE=getMsg HTTP/1.1" 200 27
114.84.149.84 - - [07/Dec/2021:09:44:43 +0800] "GET /xingrg/kc/buy/cgsh_order_operate.html?command=get_materiel&rest_code=00141&code=00101008059&supplier_code=00100007&order_time=2021-12-07 HTTP/1.1" 200 408
172.20.0.100 - - [07/Dec/2021:09:44:44 +0800] "GET /xingrg/all/function/internal_message.html?_=1638841483359&CODE_STATE=getMsg HTTP/1.1" 200 27
180.169.147.146 - - [07/Dec/2021:09:44:45 +0800] "GET /xingrg/all/function/internal_message.html?_=1638841484953&CODE_STATE=getMsg HTTP/1.1" 200 27
124.78.153.86 - - [07/Dec/2021:09:44:47 +0800] "GET /xingrg/all/function/internal_message.html?_=1638841495648&CODE_STATE=getMsg HTTP/1.1" 200 27
222.70.171.86 - - [07/Dec/2021:09:44:48 +0800] "GET /xingrg/check_reg.html?_=1638841492324 HTTP/1.1" 200 22
180.157.253.6 - - [07/Dec/2021:09:44:48 +0800] "GET /xingrg/all/function/internal_message.html?_=1638841488453&CODE_STATE=getMsg HTTP/1.1" 200 27
101.89.29.78 - - [07/Dec/2021:09:44:48 +0800] "GET /xingrg/all/function/internal_message.html?_=1638841435632&CODE_STATE=getMsg HTTP/1.1" 302 -
101.89.29.78 - - [07/Dec/2021:09:44:49 +0800] "GET /xingrg/login.html HTTP/1.1" 200 7641
114.86.226.73 - - [07/Dec/2021:09:44:49 +0800] "GET /xingrg/all/function/internal_message.html?_=1638841489084&CODE_STATE=getMsg HTTP/1.1" 200 27
114.86.226.73 - - [07/Dec/2021:09:44:49 +0800] "GET /xingrg/check_reg.html?_=1638841489086 HTTP/1.1" 200 22
114.84.149.84 - - [07/Dec/2021:09:44:51 +0800] "GET /xingrg/kc/buy/cgsh_order_operate.html?command=get_materiel&rest_code=00141&code=00101008355&supplier_code=00100007&order_time=2021-12-07 HTTP/1.1" 200 408
222.70.171.86 - - [07/Dec/2021:09:44:52 +0800] "GET /xingrg/check_reg.html?_=1638841497645 HTTP/1.1" 302 -
180.169.147.146 - - [07/Dec/2021:09:44:53 +0800] "GET /xingrg/all/function/internal_message.html?_=1638841493185&CODE_STATE=getMsg HTTP/1.1" 200 27
222.70.171.86 - - [07/Dec/2021:09:44:54 +0800] "GET /xingrg/all/function/internal_message.html?_=1638841499515&CODE_STATE=getMsg HTTP/1.1" 302 -
114.84.149.84 - - [07/Dec/2021:09:44:54 +0800] "GET /xingrg/all/function/internal_message.html?_=1638841312551&CODE_STATE=getMsg HTTP/1.1" 200 27
58.39.139.200 - - [07/Dec/2021:09:44:57 +0800] "GET /xingrg/all/function/internal_message.html?_=1638841434611&CODE_STATE=getMsg HTTP/1.1" 200 27
114.84.149.84 - - [07/Dec/2021:09:44:58 +0800] "GET /xingrg/kc/buy/cgsh_order_operate.html?command=get_materiel&rest_code=00141&code=00101008350&supplier_code=00100007&order_time=2021-12-07 HTTP/1.1" 200 408
222.70.176.97 - - [07/Dec/2021:09:44:59 +0800] "GET /xingrg/all/function/internal_message.html?_=1638841498031&CODE_STATE=getMsg HTTP/1.1" 200 27
222.70.171.86 - - [07/Dec/2021:09:45:02 +0800] "GET /xingrg/all/function/internal_message.html?_=1638841506758&CODE_STATE=getMsg HTTP/1.1" 200 27
114.84.149.84 - - [07/Dec/2021:09:45:02 +0800] "POST /xingrg/kc/buy/cgsh_order_operate.html HTTP/1.1" 200 2065
120.253.135.82 - - [07/Dec/2021:09:45:03 +0800] "GET /xingrg/all/function/internal_message.html?_=1638841280683&CODE_STATE=getMsg HTTP/1.1" 200 27
116.235.94.0 - - [07/Dec/2021:09:45:09 +0800] "GET /xingrg/all/function/internal_message.html?_=1638841631292&CODE_STATE=getMsg HTTP/1.1" 200 27
114.84.149.84 - - [07/Dec/2021:09:45:15 +0800] "GET /xingrg/kc/buy/cgsh_order_operate.html?command=get_materiel&rest_code=00141&code=00101008323&supplier_code=00100007&order_time=2021-12-07 HTTP/1.1" 200 408
116.238.248.233 - - [07/Dec/2021:09:45:18 +0800] "GET /xingrg/check_reg.html?_=1638841517478 HTTP/1.1" 200 22
116.238.248.233 - - [07/Dec/2021:09:45:18 +0800] "GET /xingrg/all/function/internal_message.html?_=1638841517479&CODE_STATE=getMsg HTTP/1.1" 200 27
58.221.95.50 - - [07/Dec/2021:09:45:19 +0800] "GET /xingrg/kc/base/wldb_order_list.html HTTP/1.1" 302 -
58.221.95.50 - - [07/Dec/2021:09:45:19 +0800] "GET /xingrg/login.html HTTP/1.1" 200 7641
58.35.215.131 - - [07/Dec/2021:09:45:19 +0800] "GET /xingrg/all/function/internal_message.html?_=1638841519216&CODE_STATE=getMsg HTTP/1.1" 200 27
58.221.95.50 - - [07/Dec/2021:09:45:20 +0800] "GET /xingrg/login.html HTTP/1.1" 200 7641
58.221.95.50 - - [07/Dec/2021:09:45:20 +0800] "GET /favicon.ico HTTP/1.1" 404 -
114.85.125.222 - - [07/Dec/2021:09:45:22 +0800] "GET /xingrg/all/function/internal_message.html?_=1638841483638&CODE_STATE=getMsg HTTP/1.1" 200 27
172.20.0.100 - - [07/Dec/2021:09:45:22 +0800] "GET /xingrg/javascript/jquery_easy_ui/themes/default/images/tabs_active.png HTTP/1.1" 200 2894
58.221.95.50 - - [07/Dec/2021:09:45:24 +0800] "POST /xingrg/login.do HTTP/1.1" 302 -
58.221.95.50 - - [07/Dec/2021:09:45:25 +0800] "GET /xingrg/index.html?sysBaseUrl=http%3A%2F%2F180.169.147.146%3A18081%2Fxingrg%2F&costTime=1179×tamp=1638841524748 HTTP/1.1" 200 17417
172.20.0.100 - - [07/Dec/2021:09:45:25 +0800] "GET /xingrg/kc/buy/cgsh_order_list.html HTTP/1.1" 200 49410
58.221.95.50 - - [07/Dec/2021:09:45:25 +0800] "GET /favicon.ico HTTP/1.1" 404 -
58.221.95.50 - - [07/Dec/2021:09:45:25 +0800] "GET /xingrg/check_reg.html?_=1638841528054 HTTP/1.1" 200 22
58.221.95.50 - - [07/Dec/2021:09:45:25 +0800] "GET /xingrg/all/function/internal_message.html?_=1638841528054&CODE_STATE=count HTTP/1.1" 200 11
58.221.95.50 - - [07/Dec/2021:09:45:25 +0800] "POST /xingrg/load_menu.html HTTP/1.1" 200 9959
58.221.95.50 - - [07/Dec/2021:09:45:25 +0800] "POST /xingrg/all/common/load_tree.html?tree=area_rest_tree_json&manage=1 HTTP/1.1" 200 3472
114.84.149.84 - - [07/Dec/2021:09:45:25 +0800] "GET /xingrg/kc/buy/cgsh_order_operate.html?command=get_materiel&rest_code=00141&code=00101008302&supplier_code=00100007&order_time=2021-12-07 HTTP/1.1" 200 412
172.20.0.100 - - [07/Dec/2021:09:45:27 +0800] "POST /xingrg/kc/buy/cgsh_list_operate.html HTTP/1.1" 200 876
116.239.131.8 - - [07/Dec/2021:09:45:29 +0800] "GET /xingrg/javascript/easyui/themes/default/tree.css HTTP/1.1" 404 1090
116.239.131.8 - - [07/Dec/2021:09:45:29 +0800] "POST /xingrg/all/common/load_tree.html?tree=supplier_tree_json&isDelete=1 HTTP/1.1" 200 60927
172.20.0.100 - - [07/Dec/2021:09:45:31 +0800] "GET /xingrg/javascript/auto/indicator.gif HTTP/1.1" 404 1066
114.83.221.33 - - [07/Dec/2021:09:45:31 +0800] "GET /xingrg/all/function/internal_message.html?_=1638841529083&CODE_STATE=getMsg HTTP/1.1" 200 27
114.84.149.84 - - [07/Dec/2021:09:45:32 +0800] "GET /xingrg/kc/buy/cgsh_order_operate.html?command=get_materiel&rest_code=00141&code=00101008257&supplier_code=00100007&order_time=2021-12-07 HTTP/1.1" 200 416
180.169.147.146 - - [07/Dec/2021:09:45:34 +0800] "GET /xingrg/all/function/internal_message.html?_=1638841538128&CODE_STATE=getMsg HTTP/1.1" 200 27
58.221.95.50 - - [07/Dec/2021:09:45:35 +0800] "GET /xingrg/kc/base/wldb_order_list.html HTTP/1.1" 200 19064
58.221.95.50 - - [07/Dec/2021:09:45:36 +0800] "POST /xingrg/kc/base/wldb_list_operate.html HTTP/1.1" 200 928
116.239.131.8 - - [07/Dec/2021:09:45:36 +0800] "GET /xingrg/all/function/internal_message.html?_=1638841535339&CODE_STATE=getMsg HTTP/1.1" 200 27
172.20.0.100 - - [07/Dec/2021:09:45:37 +0800] "POST /xingrg/kc/buy/cgsh_list_operate.html HTTP/1.1" 200 8704
114.84.149.84 - - [07/Dec/2021:09:45:41 +0800] "GET /xingrg/kc/buy/cgsh_order_operate.html?command=get_materiel&rest_code=00141&code=00101008112&supplier_code=00100007&order_time=2021-12-07 HTTP/1.1" 200 412
172.20.0.100 - - [07/Dec/2021:09:45:41 +0800] "POST /xingrg/kc/buy/cgsh_list_operate.html HTTP/1.1" 200 351
222.69.132.164 - - [07/Dec/2021:09:45:42 +0800] "GET /xingrg/all/function/internal_message.html?_=1638841555703&CODE_STATE=getMsg HTTP/1.1" 200 27
172.20.0.100 - - [07/Dec/2021:09:45:42 +0800] "POST /xingrg/kc/buy/cgsh_list_operate.html HTTP/1.1" 200 439
114.84.149.84 - - [07/Dec/2021:09:45:43 +0800] "POST /xingrg/kc/buy/cgsh_order_operate.html HTTP/1.1" 200 2065
172.20.0.100 - - [07/Dec/2021:09:45:44 +0800] "GET /xingrg/all/function/internal_message.html?_=1638841543365&CODE_STATE=getMsg HTTP/1.1" 200 27
172.20.0.100 - - [07/Dec/2021:09:45:45 +0800] "GET /xingrg/javascript/easyui/themes/default/images/button_plain_hover.png HTTP/1.1" 200 144
180.169.147.146 - - [07/Dec/2021:09:45:45 +0800] "GET /xingrg/all/function/internal_message.html?_=1638841544943&CODE_STATE=getMsg HTTP/1.1" 200 27
101.89.29.78 - - [07/Dec/2021:09:45:47 +0800] "GET /xingrg/all/function/internal_message.html?_=1638841495648&CODE_STATE=getMsg HTTP/1.1" 302 -
124.78.153.86 - - [07/Dec/2021:09:45:47 +0800] "GET /xingrg/all/function/internal_message.html?_=1638841555633&CODE_STATE=getMsg HTTP/1.1" 200 27
101.89.29.78 - - [07/Dec/2021:09:45:47 +0800] "GET /xingrg/login.html HTTP/1.1" 200 7641
180.157.253.6 - - [07/Dec/2021:09:45:48 +0800] "GET /xingrg/all/function/internal_message.html?_=1638841548453&CODE_STATE=getMsg HTTP/1.1" 200 27
180.157.253.6 - - [07/Dec/2021:09:45:48 +0800] "GET /xingrg/check_reg.html?_=1638841548455 HTTP/1.1" 200 22
114.86.226.73 - - [07/Dec/2021:09:45:49 +0800] "GET /xingrg/all/function/internal_message.html?_=1638841549098&CODE_STATE=getMsg HTTP/1.1" 200 27
172.20.0.100 - - [07/Dec/2021:09:45:50 +0800] "POST /xingrg/kc/buy/cgsh_list_operate.html HTTP/1.1" 200 4
180.169.147.146 - - [07/Dec/2021:09:45:53 +0800] "GET /xingrg/all/function/internal_message.html?_=1638841553189&CODE_STATE=getMsg HTTP/1.1" 200 27
222.70.171.86 - - [07/Dec/2021:09:45:54 +0800] "GET /xingrg/all/function/internal_message.html?_=1638841559531&CODE_STATE=getMsg HTTP/1.1" 302 -
114.84.149.84 - - [07/Dec/2021:09:45:54 +0800] "GET /xingrg/kc/buy/cgsh_order_operate.html?command=get_materiel&rest_code=00141&code=00101008396&supplier_code=00100007&order_time=2021-12-07 HTTP/1.1" 200 412
114.84.149.84 - - [07/Dec/2021:09:45:54 +0800] "GET /xingrg/all/function/internal_message.html?_=1638841372552&CODE_STATE=getMsg HTTP/1.1" 200 27
114.84.149.84 - - [07/Dec/2021:09:45:54 +0800] "GET /xingrg/check_reg.html?_=1638841372575 HTTP/1.1" 200 22
58.39.139.200 - - [07/Dec/2021:09:45:57 +0800] "GET /xingrg/all/function/internal_message.html?_=1638841494611&CODE_STATE=getMsg HTTP/1.1" 200 27
222.70.176.97 - - [07/Dec/2021:09:45:59 +0800] "GET /xingrg/all/function/internal_message.html?_=1638841558013&CODE_STATE=getMsg HTTP/1.1" 200 27
114.84.149.84 - - [07/Dec/2021:09:46:02 +0800] "GET /xingrg/kc/buy/cgsh_order_operate.html?command=get_materiel&rest_code=00141&code=00101008361&supplier_code=00100007&order_time=2021-12-07 HTTP/1.1" 200 408
222.70.171.86 - - [07/Dec/2021:09:46:02 +0800] "GET /xingrg/all/function/internal_message.html?_=1638841566768&CODE_STATE=getMsg HTTP/1.1" 200 27
120.253.135.82 - - [07/Dec/2021:09:46:03 +0800] "GET /xingrg/all/function/internal_message.html?_=1638841340696&CODE_STATE=getMsg HTTP/1.1" 200 27
222.69.132.164 - - [07/Dec/2021:09:46:05 +0800] "GET /xingrg/login.html HTTP/1.1" 200 7641
222.69.132.164 - - [07/Dec/2021:09:46:06 +0800] "GET /favicon.ico HTTP/1.1" 404 -
114.84.149.84 - - [07/Dec/2021:09:46:09 +0800] "GET /xingrg/kc/buy/cgsh_order_operate.html?command=get_materiel&rest_code=00141&code=00101008242&supplier_code=00100007&order_time=2021-12-07 HTTP/1.1" 200 408
116.235.94.0 - - [07/Dec/2021:09:46:09 +0800] "GET /xingrg/all/function/internal_message.html?_=1638841691292&CODE_STATE=getMsg HTTP/1.1" 200 27
222.69.132.164 - - [07/Dec/2021:09:46:14 +0800] "POST /xingrg/login.do HTTP/1.1" 302 -
222.69.132.164 - - [07/Dec/2021:09:46:14 +0800] "GET /xingrg/index.html?sysBaseUrl=http%3A%2F%2F180.169.147.146%3A18081%2Fxingrg%2F&costTime=1134×tamp=1638841574404 HTTP/1.1" 200 17179
222.69.132.164 - - [07/Dec/2021:09:46:14 +0800] "GET /favicon.ico HTTP/1.1" 404 -
222.69.132.164 - - [07/Dec/2021:09:46:14 +0800] "GET /xingrg/check_reg.html?_=1638841587966 HTTP/1.1" 200 22
222.69.132.164 - - [07/Dec/2021:09:46:14 +0800] "GET /xingrg/all/function/internal_message.html?_=1638841587965&CODE_STATE=count HTTP/1.1" 200 11
