114.83.221.33 - - [07/Dec/2021:08:42:05 +0800] "GET /xingrg/kc/buy/cgsh_order_operate.html?command=get_materiel&rest_code=00149&code=00101008361&supplier_code=00100005&order_time=2021-12-07 HTTP/1.1" 200 408
116.227.210.113 - - [07/Dec/2021:08:42:07 +0800] "GET /xingrg/all/function/internal_message.html?_=1638837725591&CODE_STATE=getMsg HTTP/1.1" 200 27
114.83.221.33 - - [07/Dec/2021:08:42:14 +0800] "GET /xingrg/kc/buy/cgsh_order_operate.html?command=get_materiel&rest_code=00149&code=00101008148&supplier_code=00100005&order_time=2021-12-07 HTTP/1.1" 200 416
114.85.125.222 - - [07/Dec/2021:08:42:16 +0800] "GET /xingrg/all/function/internal_message.html?_=1638837698098&CODE_STATE=getMsg HTTP/1.1" 200 27
58.35.215.131 - - [07/Dec/2021:08:42:19 +0800] "GET /xingrg/all/function/internal_message.html?_=1638837739211&CODE_STATE=getMsg HTTP/1.1" 200 27
114.83.221.33 - - [07/Dec/2021:08:42:23 +0800] "GET /xingrg/kc/buy/cgsh_order_operate.html?command=get_materiel&rest_code=00149&code=00101008264&supplier_code=00100005&order_time=2021-12-07 HTTP/1.1" 200 412
114.83.221.33 - - [07/Dec/2021:08:42:31 +0800] "GET /xingrg/check_reg.html?_=1638837748884 HTTP/1.1" 200 22
114.83.221.33 - - [07/Dec/2021:08:42:31 +0800] "GET /xingrg/all/function/internal_message.html?_=1638837748888&CODE_STATE=getMsg HTTP/1.1" 200 27
114.83.221.33 - - [07/Dec/2021:08:42:31 +0800] "GET /xingrg/kc/buy/cgsh_order_operate.html?command=get_materiel&rest_code=00149&code=00101008321&supplier_code=00100005&order_time=2021-12-07 HTTP/1.1" 200 412
172.20.0.100 - - [07/Dec/2021:08:42:42 +0800] "GET /xingrg/all/function/internal_message.html?_=1638837761450&CODE_STATE=getMsg HTTP/1.1" 200 27
120.253.135.82 - - [07/Dec/2021:08:42:42 +0800] "GET /xingrg/all/function/internal_message.html?_=1638837539872&CODE_STATE=getMsg HTTP/1.1" 200 27
114.83.221.33 - - [07/Dec/2021:08:42:47 +0800] "GET /xingrg/kc/buy/cgsh_order_operate.html?command=get_materiel&rest_code=00149&code=00101008024&supplier_code=00100005&order_time=2021-12-07 HTTP/1.1" 200 408
114.86.226.73 - - [07/Dec/2021:08:42:49 +0800] "GET /xingrg/all/function/internal_message.html?_=1638837769573&CODE_STATE=getMsg HTTP/1.1" 200 27
116.238.248.233 - - [07/Dec/2021:08:42:53 +0800] "GET /xingrg/all/function/internal_message.html?_=1638837772024&CODE_STATE=getMsg HTTP/1.1" 200 27
222.70.171.86 - - [07/Dec/2021:08:42:53 +0800] "GET /xingrg/all/function/internal_message.html?_=1638837778676&CODE_STATE=getMsg HTTP/1.1" 200 27
114.83.221.33 - - [07/Dec/2021:08:42:55 +0800] "POST /xingrg/kc/buy/cgsh_order_operate.html HTTP/1.1" 200 2065
222.70.176.97 - - [07/Dec/2021:08:42:58 +0800] "GET /xingrg/check_reg.html?_=1638837776973 HTTP/1.1" 200 22
222.70.176.97 - - [07/Dec/2021:08:42:58 +0800] "GET /xingrg/all/function/internal_message.html?_=1638837776975&CODE_STATE=getMsg HTTP/1.1" 200 27
114.83.221.33 - - [07/Dec/2021:08:43:04 +0800] "GET /xingrg/kc/buy/cgsh_order_operate.html?command=get_materiel&rest_code=00149&code=00101008356&supplier_code=00100005&order_time=2021-12-07 HTTP/1.1" 200 408
116.227.210.113 - - [07/Dec/2021:08:43:07 +0800] "GET /xingrg/all/function/internal_message.html?_=1638837785594&CODE_STATE=getMsg HTTP/1.1" 200 27
114.85.125.222 - - [07/Dec/2021:08:43:16 +0800] "GET /xingrg/all/function/internal_message.html?_=1638837758113&CODE_STATE=getMsg HTTP/1.1" 200 27
58.35.215.131 - - [07/Dec/2021:08:43:19 +0800] "GET /xingrg/check_reg.html?_=1638837799213 HTTP/1.1" 200 22
58.35.215.131 - - [07/Dec/2021:08:43:19 +0800] "GET /xingrg/all/function/internal_message.html?_=1638837799213&CODE_STATE=getMsg HTTP/1.1" 200 27
114.83.221.33 - - [07/Dec/2021:08:43:20 +0800] "GET /xingrg/kc/buy/cgsh_order_operate.html?command=get_materiel&rest_code=00149&code=00101008205&supplier_code=00100005&order_time=2021-12-07 HTTP/1.1" 200 412
116.239.131.8 - - [07/Dec/2021:08:43:23 +0800] "GET /favicon.ico HTTP/1.1" 404 -
116.239.131.8 - - [07/Dec/2021:08:43:23 +0800] "GET /favicon.ico HTTP/1.1" 404 -
116.239.131.8 - - [07/Dec/2021:08:43:24 +0800] "GET /favicon.ico HTTP/1.1" 404 -
116.239.131.8 - - [07/Dec/2021:08:43:25 +0800] "GET /favicon.ico HTTP/1.1" 404 -
114.83.221.33 - - [07/Dec/2021:08:43:31 +0800] "GET /xingrg/all/function/internal_message.html?_=1638837808865&CODE_STATE=getMsg HTTP/1.1" 200 27
114.83.221.33 - - [07/Dec/2021:08:43:32 +0800] "GET /xingrg/kc/buy/cgsh_order_operate.html?command=get_materiel&rest_code=00149&code=00101008251&supplier_code=00100005&order_time=2021-12-07 HTTP/1.1" 200 408
172.20.0.100 - - [07/Dec/2021:08:43:42 +0800] "GET /xingrg/all/function/internal_message.html?_=1638837821457&CODE_STATE=getMsg HTTP/1.1" 200 27
120.253.135.82 - - [07/Dec/2021:08:43:42 +0800] "GET /xingrg/all/function/internal_message.html?_=1638837599891&CODE_STATE=getMsg HTTP/1.1" 200 27
114.83.221.33 - - [07/Dec/2021:08:43:44 +0800] "GET /xingrg/kc/buy/cgsh_order_operate.html?command=get_materiel&rest_code=00149&code=00101008059&supplier_code=00100005&order_time=2021-12-07 HTTP/1.1" 200 408
114.83.221.33 - - [07/Dec/2021:08:43:49 +0800] "POST /xingrg/kc/buy/cgsh_order_operate.html HTTP/1.1" 200 2065
114.86.226.73 - - [07/Dec/2021:08:43:49 +0800] "GET /xingrg/all/function/internal_message.html?_=1638837829575&CODE_STATE=getMsg HTTP/1.1" 200 27
116.238.248.233 - - [07/Dec/2021:08:43:53 +0800] "GET /xingrg/all/function/internal_message.html?_=1638837832029&CODE_STATE=getMsg HTTP/1.1" 200 27
222.70.171.86 - - [07/Dec/2021:08:43:53 +0800] "GET /xingrg/all/function/internal_message.html?_=1638837838687&CODE_STATE=getMsg HTTP/1.1" 200 27
222.70.176.97 - - [07/Dec/2021:08:43:58 +0800] "GET /xingrg/all/function/internal_message.html?_=1638837836974&CODE_STATE=getMsg HTTP/1.1" 200 27
114.83.221.33 - - [07/Dec/2021:08:44:00 +0800] "GET /xingrg/kc/buy/cgsh_order_operate.html?command=get_materiel&rest_code=00149&code=00101008077&supplier_code=00100005&order_time=2021-12-07 HTTP/1.1" 200 416
116.227.210.113 - - [07/Dec/2021:08:44:07 +0800] "GET /xingrg/all/function/internal_message.html?_=1638837845597&CODE_STATE=getMsg HTTP/1.1" 200 27
114.83.221.33 - - [07/Dec/2021:08:44:08 +0800] "GET /xingrg/kc/buy/cgsh_order_operate.html?command=get_materiel&rest_code=00149&code=00101008223&supplier_code=00100005&order_time=2021-12-07 HTTP/1.1" 200 412
114.85.125.222 - - [07/Dec/2021:08:44:16 +0800] "GET /xingrg/all/function/internal_message.html?_=1638837818142&CODE_STATE=getMsg HTTP/1.1" 200 27
58.35.215.131 - - [07/Dec/2021:08:44:19 +0800] "GET /xingrg/all/function/internal_message.html?_=1638837859214&CODE_STATE=getMsg HTTP/1.1" 200 27
114.83.221.33 - - [07/Dec/2021:08:44:31 +0800] "GET /xingrg/all/function/internal_message.html?_=1638837868867&CODE_STATE=getMsg HTTP/1.1" 200 27
172.20.0.100 - - [07/Dec/2021:08:44:42 +0800] "GET /xingrg/check_reg.html?_=1638837881445 HTTP/1.1" 200 22
172.20.0.100 - - [07/Dec/2021:08:44:42 +0800] "GET /xingrg/all/function/internal_message.html?_=1638837881448&CODE_STATE=getMsg HTTP/1.1" 200 27
120.253.135.82 - - [07/Dec/2021:08:44:42 +0800] "GET /xingrg/all/function/internal_message.html?_=1638837659898&CODE_STATE=getMsg HTTP/1.1" 200 27
114.83.221.33 - - [07/Dec/2021:08:44:44 +0800] "GET /xingrg/kc/buy/cgsh_order_operate.html?command=get_materiel&rest_code=00149&code=00101008558&supplier_code=00100005&order_time=2021-12-07 HTTP/1.1" 200 395
222.70.171.86 - - [07/Dec/2021:08:44:48 +0800] "GET /xingrg/check_reg.html?_=1638837892216 HTTP/1.1" 302 -
114.86.226.73 - - [07/Dec/2021:08:44:49 +0800] "GET /xingrg/all/function/internal_message.html?_=1638837889577&CODE_STATE=getMsg HTTP/1.1" 200 27
114.86.226.73 - - [07/Dec/2021:08:44:49 +0800] "GET /xingrg/check_reg.html?_=1638837889581 HTTP/1.1" 200 22
222.70.171.86 - - [07/Dec/2021:08:44:52 +0800] "GET /xingrg/check_reg.html?_=1638837897583 HTTP/1.1" 200 22
116.238.248.233 - - [07/Dec/2021:08:44:53 +0800] "GET /xingrg/all/function/internal_message.html?_=1638837892028&CODE_STATE=getMsg HTTP/1.1" 200 27
222.70.171.86 - - [07/Dec/2021:08:44:53 +0800] "GET /xingrg/all/function/internal_message.html?_=1638837898700&CODE_STATE=getMsg HTTP/1.1" 200 27
114.83.221.33 - - [07/Dec/2021:08:44:54 +0800] "GET /xingrg/kc/buy/cgsh_order_operate.html?command=get_materiel&rest_code=00149&code=00101008197&supplier_code=00100005&order_time=2021-12-07 HTTP/1.1" 200 416
114.83.221.33 - - [07/Dec/2021:08:44:56 +0800] "POST /xingrg/kc/buy/cgsh_order_operate.html HTTP/1.1" 200 2065
222.70.176.97 - - [07/Dec/2021:08:44:58 +0800] "GET /xingrg/all/function/internal_message.html?_=1638837896974&CODE_STATE=getMsg HTTP/1.1" 200 27
114.85.125.222 - - [07/Dec/2021:08:45:02 +0800] "GET /xingrg/check_reg.html?_=1638837863865 HTTP/1.1" 200 22
116.227.210.113 - - [07/Dec/2021:08:45:07 +0800] "GET /xingrg/all/function/internal_message.html?_=1638837905591&CODE_STATE=getMsg HTTP/1.1" 200 27
114.85.125.222 - - [07/Dec/2021:08:45:16 +0800] "GET /xingrg/all/function/internal_message.html?_=1638837878155&CODE_STATE=getMsg HTTP/1.1" 200 27
58.35.215.131 - - [07/Dec/2021:08:45:19 +0800] "GET /xingrg/all/function/internal_message.html?_=1638837919215&CODE_STATE=getMsg HTTP/1.1" 200 27
114.83.221.33 - - [07/Dec/2021:08:45:22 +0800] "GET /xingrg/kc/buy/cgsh_order_operate.html?command=get_materiel&rest_code=00149&code=00101008357&supplier_code=00100005&order_time=2021-12-07 HTTP/1.1" 200 408
114.83.221.33 - - [07/Dec/2021:08:45:31 +0800] "GET /xingrg/all/function/internal_message.html?_=1638837928868&CODE_STATE=getMsg HTTP/1.1" 200 27
114.83.221.33 - - [07/Dec/2021:08:45:31 +0800] "GET /xingrg/kc/buy/cgsh_order_operate.html?command=get_materiel&rest_code=00149&code=00101008069&supplier_code=00100005&order_time=2021-12-07 HTTP/1.1" 200 412
114.83.221.33 - - [07/Dec/2021:08:45:41 +0800] "GET /xingrg/kc/buy/cgsh_order_operate.html?command=get_materiel&rest_code=00149&code=00101008286&supplier_code=00100005&order_time=2021-12-07 HTTP/1.1" 200 408
120.253.135.82 - - [07/Dec/2021:08:45:42 +0800] "GET /xingrg/check_reg.html?_=1638837719467 HTTP/1.1" 200 22
172.20.0.100 - - [07/Dec/2021:08:45:42 +0800] "GET /xingrg/all/function/internal_message.html?_=1638837941451&CODE_STATE=getMsg HTTP/1.1" 200 27
120.253.135.82 - - [07/Dec/2021:08:45:42 +0800] "GET /xingrg/all/function/internal_message.html?_=1638837719913&CODE_STATE=getMsg HTTP/1.1" 200 27
114.86.226.73 - - [07/Dec/2021:08:45:46 +0800] "GET /xingrg/kc/buy/cgsh_order_add.html HTTP/1.1" 200 64980
114.86.226.73 - - [07/Dec/2021:08:45:46 +0800] "POST /xingrg/kc/buy/cgsh_order_operate.html HTTP/1.1" 200 8245
114.86.226.73 - - [07/Dec/2021:08:45:46 +0800] "GET /xingrg/javascript/easyui/themes/default/validatebox.css HTTP/1.1" 404 1104
114.86.226.73 - - [07/Dec/2021:08:45:46 +0800] "GET /xingrg/all/common/auto_word.html?type=employee&rest_code=00109 HTTP/1.1" 200 255
114.86.226.73 - - [07/Dec/2021:08:45:46 +0800] "GET /xingrg/all/common/auto_word.html?type=employee&rest_code=00109 HTTP/1.1" 200 255
114.86.226.73 - - [07/Dec/2021:08:45:49 +0800] "GET /xingrg/all/function/internal_message.html?_=1638837948972&CODE_STATE=getMsg HTTP/1.1" 200 27
114.83.221.33 - - [07/Dec/2021:08:45:50 +0800] "GET /xingrg/kc/buy/cgsh_order_operate.html?command=get_materiel&rest_code=00149&code=00101008036&supplier_code=00100005&order_time=2021-12-07 HTTP/1.1" 200 408
114.86.226.73 - - [07/Dec/2021:08:45:52 +0800] "GET /xingrg/javascript/jquery_tools/images/prev.gif HTTP/1.1" 404 1086
114.86.226.73 - - [07/Dec/2021:08:45:52 +0800] "GET /xingrg/javascript/jquery_tools/images/next.gif HTTP/1.1" 404 1086
116.238.248.233 - - [07/Dec/2021:08:45:53 +0800] "GET /xingrg/all/function/internal_message.html?_=1638837952036&CODE_STATE=getMsg HTTP/1.1" 200 27
116.238.248.233 - - [07/Dec/2021:08:45:53 +0800] "GET /xingrg/check_reg.html?_=1638837952039 HTTP/1.1" 200 22
222.70.171.86 - - [07/Dec/2021:08:45:53 +0800] "GET /xingrg/all/function/internal_message.html?_=1638837958714&CODE_STATE=getMsg HTTP/1.1" 200 27
222.70.176.97 - - [07/Dec/2021:08:45:58 +0800] "GET /xingrg/all/function/internal_message.html?_=1638837956974&CODE_STATE=getMsg HTTP/1.1" 200 27
114.86.226.73 - - [07/Dec/2021:08:45:58 +0800] "GET /xingrg/kc/buy/cgsh_order_operate.html?command=get_materiel&rest_code=00109&code=00101016105&supplier_code=00100035&order_time=2021-12-07 HTTP/1.1" 200 409
114.83.221.33 - - [07/Dec/2021:08:46:00 +0800] "GET /xingrg/kc/buy/cgsh_order_operate.html?command=get_materiel&rest_code=00149&code=00101008131&supplier_code=00100005&order_time=2021-12-07 HTTP/1.1" 200 408
114.83.221.33 - - [07/Dec/2021:08:46:02 +0800] "POST /xingrg/kc/buy/cgsh_order_operate.html HTTP/1.1" 200 2065
114.86.226.73 - - [07/Dec/2021:08:46:04 +0800] "GET /xingrg/kc/buy/cgsh_order_operate.html?command=get_materiel&rest_code=00109&code=00101012029&supplier_code=00100035&order_time=2021-12-07 HTTP/1.1" 200 412
116.227.210.113 - - [07/Dec/2021:08:46:07 +0800] "GET /xingrg/check_reg.html?_=1638837965583 HTTP/1.1" 200 22
116.227.210.113 - - [07/Dec/2021:08:46:07 +0800] "GET /xingrg/all/function/internal_message.html?_=1638837965585&CODE_STATE=getMsg HTTP/1.1" 200 27
114.86.226.73 - - [07/Dec/2021:08:46:10 +0800] "GET /xingrg/kc/buy/cgsh_order_operate.html?command=get_materiel&rest_code=00109&code=00101012029&supplier_code=00100035&order_time=2021-12-07 HTTP/1.1" 200 412
114.83.221.33 - - [07/Dec/2021:08:46:10 +0800] "GET /xingrg/kc/buy/cgsh_order_operate.html?command=get_materiel&rest_code=00149&code=00101008318&supplier_code=00100005&order_time=2021-12-07 HTTP/1.1" 200 408
120.253.135.82 - - [07/Dec/2021:08:46:11 +0800] "GET /favicon.ico HTTP/1.1" 404 -
114.85.125.222 - - [07/Dec/2021:08:46:16 +0800] "GET /xingrg/all/function/internal_message.html?_=1638837938169&CODE_STATE=getMsg HTTP/1.1" 200 27
114.83.221.33 - - [07/Dec/2021:08:46:18 +0800] "GET /xingrg/kc/buy/cgsh_order_operate.html?command=get_materiel&rest_code=00149&code=00101008098&supplier_code=00100005&order_time=2021-12-07 HTTP/1.1" 200 412
58.35.215.131 - - [07/Dec/2021:08:46:19 +0800] "GET /xingrg/all/function/internal_message.html?_=1638837979217&CODE_STATE=getMsg HTTP/1.1" 200 27
114.83.221.33 - - [07/Dec/2021:08:46:27 +0800] "GET /xingrg/kc/buy/cgsh_order_operate.html?command=get_materiel&rest_code=00149&code=00101008005&supplier_code=00100005&order_time=2021-12-07 HTTP/1.1" 200 412
114.83.221.33 - - [07/Dec/2021:08:46:31 +0800] "GET /xingrg/all/function/internal_message.html?_=1638837988876&CODE_STATE=getMsg HTTP/1.1" 200 27
114.83.221.33 - - [07/Dec/2021:08:46:37 +0800] "GET /xingrg/kc/buy/cgsh_order_operate.html?command=get_materiel&rest_code=00149&code=00101008353&supplier_code=00100005&order_time=2021-12-07 HTTP/1.1" 200 408
222.70.171.86 - - [07/Dec/2021:08:46:39 +0800] "POST /xingrg/services/DataTransmitService HTTP/1.1" 200 524
114.86.226.73 - - [07/Dec/2021:08:46:40 +0800] "GET /xingrg/kc/buy/cgsh_order_operate.html?command=get_materiel&rest_code=00109&code=00101012051&supplier_code=00100035&order_time=2021-12-07 HTTP/1.1" 200 408
172.20.0.100 - - [07/Dec/2021:08:46:42 +0800] "GET /xingrg/all/function/internal_message.html?_=1638838001454&CODE_STATE=getMsg HTTP/1.1" 200 27
120.253.135.82 - - [07/Dec/2021:08:46:42 +0800] "GET /xingrg/all/function/internal_message.html?_=1638837779926&CODE_STATE=getMsg HTTP/1.1" 200 27
114.86.226.73 - - [07/Dec/2021:08:46:45 +0800] "GET /xingrg/kc/buy/cgsh_order_operate.html?command=get_materiel&rest_code=00109&code=00101016071&supplier_code=00100035&order_time=2021-12-07 HTTP/1.1" 200 416
114.83.221.33 - - [07/Dec/2021:08:46:45 +0800] "GET /xingrg/kc/buy/cgsh_order_operate.html?command=get_materiel&rest_code=00149&code=00101008213&supplier_code=00100005&order_time=2021-12-07 HTTP/1.1" 200 412
222.70.171.86 - - [07/Dec/2021:08:46:48 +0800] "POST /xingrg/services/DataTransmitService HTTP/1.1" 200 501
114.86.226.73 - - [07/Dec/2021:08:46:49 +0800] "GET /xingrg/all/function/internal_message.html?_=1638838008969&CODE_STATE=getMsg HTTP/1.1" 200 27
222.70.171.86 - - [07/Dec/2021:08:46:50 +0800] "POST /xingrg/services/DataTransmitService HTTP/1.1" 200 524
114.86.226.73 - - [07/Dec/2021:08:46:51 +0800] "GET /xingrg/kc/buy/cgsh_order_operate.html?command=get_materiel&rest_code=00109&code=00101012025&supplier_code=00100035&order_time=2021-12-07 HTTP/1.1" 200 412
222.70.171.86 - - [07/Dec/2021:08:46:52 +0800] "POST /xingrg/services/DataTransmitService HTTP/1.1" 200 412
116.238.248.233 - - [07/Dec/2021:08:46:53 +0800] "GET /xingrg/all/function/internal_message.html?_=1638838012038&CODE_STATE=getMsg HTTP/1.1" 200 27
222.70.171.86 - - [07/Dec/2021:08:46:53 +0800] "GET /xingrg/all/function/internal_message.html?_=1638838018728&CODE_STATE=getMsg HTTP/1.1" 200 27
114.83.221.33 - - [07/Dec/2021:08:46:54 +0800] "POST /xingrg/kc/buy/cgsh_order_operate.html HTTP/1.1" 200 2065
222.70.171.86 - - [07/Dec/2021:08:46:57 +0800] "POST /xingrg/services/DataTransmitService HTTP/1.1" 200 524
222.70.176.97 - - [07/Dec/2021:08:46:58 +0800] "GET /xingrg/all/function/internal_message.html?_=1638838016974&CODE_STATE=getMsg HTTP/1.1" 200 27
222.70.171.86 - - [07/Dec/2021:08:46:58 +0800] "POST /xingrg/services/DataTransmitService HTTP/1.1" 200 2171
222.70.171.86 - - [07/Dec/2021:08:47:00 +0800] "POST /xingrg/services/DataTransmitService HTTP/1.1" 200 164755
114.86.226.73 - - [07/Dec/2021:08:47:01 +0800] "POST /xingrg/kc/buy/cgsh_order_operate.html HTTP/1.1" 200 37
114.86.226.73 - - [07/Dec/2021:08:47:02 +0800] "POST /xingrg/kc/buy/cgsh_order_operate.html HTTP/1.1" 200 5619
114.86.226.73 - - [07/Dec/2021:08:47:04 +0800] "GET /xingrg/kc/print/load_config.html?kc_code=cgsh HTTP/1.1" 200 2281
114.86.226.73 - - [07/Dec/2021:08:47:04 +0800] "GET /xingrg/kc/print/load_data.html?order_code=212021120702535&kc_code=cgsh&condition= HTTP/1.1" 200 1812
114.83.221.33 - - [07/Dec/2021:08:47:06 +0800] "GET /xingrg/kc/buy/cgsh_order_operate.html?command=get_materiel&rest_code=00149&code=00101008304&supplier_code=00100005&order_time=2021-12-07 HTTP/1.1" 200 412
116.227.210.113 - - [07/Dec/2021:08:47:07 +0800] "GET /xingrg/all/function/internal_message.html?_=1638838025591&CODE_STATE=getMsg HTTP/1.1" 200 27
222.70.171.86 - - [07/Dec/2021:08:47:08 +0800] "POST /xingrg/services/DataTransmitService HTTP/1.1" 200 524
222.70.171.86 - - [07/Dec/2021:08:47:10 +0800] "POST /xingrg/services/DataTransmitService HTTP/1.1" 200 497
222.70.171.86 - - [07/Dec/2021:08:47:14 +0800] "POST /xingrg/services/DataTransmitService HTTP/1.1" 200 524
222.70.171.86 - - [07/Dec/2021:08:47:16 +0800] "POST /xingrg/services/DataTransmitService HTTP/1.1" 200 412
114.85.125.222 - - [07/Dec/2021:08:47:16 +0800] "GET /xingrg/all/function/internal_message.html?_=1638837998200&CODE_STATE=getMsg HTTP/1.1" 200 27
58.35.215.131 - - [07/Dec/2021:08:47:19 +0800] "GET /xingrg/all/function/internal_message.html?_=1638838039202&CODE_STATE=getMsg HTTP/1.1" 200 27
114.83.221.33 - - [07/Dec/2021:08:47:31 +0800] "GET /xingrg/check_reg.html?_=1638838048881 HTTP/1.1" 200 22
114.83.221.33 - - [07/Dec/2021:08:47:31 +0800] "GET /xingrg/all/function/internal_message.html?_=1638838048889&CODE_STATE=getMsg HTTP/1.1" 200 27
114.83.221.33 - - [07/Dec/2021:08:47:40 +0800] "GET /xingrg/kc/buy/cgsh_order_operate.html?command=get_materiel&rest_code=00149&code=00101008312&supplier_code=00100005&order_time=2021-12-07 HTTP/1.1" 200 412
172.20.0.100 - - [07/Dec/2021:08:47:42 +0800] "GET /xingrg/all/function/internal_message.html?_=1638838061457&CODE_STATE=getMsg HTTP/1.1" 200 27
120.253.135.82 - - [07/Dec/2021:08:47:42 +0800] "GET /xingrg/all/function/internal_message.html?_=1638837839940&CODE_STATE=getMsg HTTP/1.1" 200 27
114.83.221.33 - - [07/Dec/2021:08:47:49 +0800] "GET /xingrg/kc/buy/cgsh_order_operate.html?command=get_materiel&rest_code=00149&code=00101008114&supplier_code=00100005&order_time=2021-12-07 HTTP/1.1" 200 412
114.86.226.73 - - [07/Dec/2021:08:47:49 +0800] "GET /xingrg/all/function/internal_message.html?_=1638838068974&CODE_STATE=getMsg HTTP/1.1" 200 27
116.238.248.233 - - [07/Dec/2021:08:47:53 +0800] "GET /xingrg/all/function/internal_message.html?_=1638838072050&CODE_STATE=getMsg HTTP/1.1" 200 27
222.70.171.86 - - [07/Dec/2021:08:47:53 +0800] "GET /xingrg/all/function/internal_message.html?_=1638838078743&CODE_STATE=getMsg HTTP/1.1" 200 27
222.70.176.97 - - [07/Dec/2021:08:47:58 +0800] "GET /xingrg/check_reg.html?_=1638838076977 HTTP/1.1" 200 22
222.70.176.97 - - [07/Dec/2021:08:47:58 +0800] "GET /xingrg/all/function/internal_message.html?_=1638838076979&CODE_STATE=getMsg HTTP/1.1" 200 27
114.83.221.33 - - [07/Dec/2021:08:48:00 +0800] "GET /xingrg/kc/buy/cgsh_order_operate.html?command=get_materiel&rest_code=00149&code=00101008242&supplier_code=00100005&order_time=2021-12-07 HTTP/1.1" 200 408
222.70.171.86 - - [07/Dec/2021:08:48:03 +0800] "POST /xingrg/services/DataTransmitService HTTP/1.1" 200 524
116.227.210.113 - - [07/Dec/2021:08:48:07 +0800] "GET /xingrg/all/function/internal_message.html?_=1638838085582&CODE_STATE=getMsg HTTP/1.1" 200 27
114.83.221.33 - - [07/Dec/2021:08:48:12 +0800] "GET /xingrg/kc/buy/cgsh_order_operate.html?command=get_materiel&rest_code=00149&code=00101008283&supplier_code=00100005&order_time=2021-12-07 HTTP/1.1" 200 408
114.83.221.33 - - [07/Dec/2021:08:48:15 +0800] "POST /xingrg/kc/buy/cgsh_order_operate.html HTTP/1.1" 200 2065
114.85.125.222 - - [07/Dec/2021:08:48:16 +0800] "GET /xingrg/all/function/internal_message.html?_=1638838058212&CODE_STATE=getMsg HTTP/1.1" 200 27
58.35.215.131 - - [07/Dec/2021:08:48:19 +0800] "GET /xingrg/all/function/internal_message.html?_=1638838099205&CODE_STATE=getMsg HTTP/1.1" 200 27
58.35.215.131 - - [07/Dec/2021:08:48:19 +0800] "GET /xingrg/check_reg.html?_=1638838099206 HTTP/1.1" 200 22
114.83.221.33 - - [07/Dec/2021:08:48:27 +0800] "GET /xingrg/kc/buy/cgsh_order_operate.html?command=get_materiel&rest_code=00149&code=00101008330&supplier_code=00100005&order_time=2021-12-07 HTTP/1.1" 200 408
114.83.221.33 - - [07/Dec/2021:08:48:31 +0800] "GET /xingrg/all/function/internal_message.html?_=1638838108885&CODE_STATE=getMsg HTTP/1.1" 200 27
172.20.0.100 - - [07/Dec/2021:08:48:42 +0800] "GET /xingrg/all/function/internal_message.html?_=1638838121443&CODE_STATE=getMsg HTTP/1.1" 200 27
120.253.135.82 - - [07/Dec/2021:08:48:42 +0800] "GET /xingrg/all/function/internal_message.html?_=1638837899957&CODE_STATE=getMsg HTTP/1.1" 200 27
222.70.171.86 - - [07/Dec/2021:08:48:44 +0800] "POST /xingrg/services/DataTransmitService HTTP/1.1" 200 501
222.70.171.86 - - [07/Dec/2021:08:48:44 +0800] "POST /xingrg/services/DataTransmitService HTTP/1.1" 200 524
222.70.171.86 - - [07/Dec/2021:08:48:45 +0800] "POST /xingrg/services/DataTransmitService HTTP/1.1" 200 2171
114.83.221.33 - - [07/Dec/2021:08:48:45 +0800] "GET /xingrg/kc/buy/cgsh_order_operate.html?command=get_materiel&rest_code=00149&code=00101015112&supplier_code=00100005&order_time=2021-12-07 HTTP/1.1" 200 403
114.86.226.73 - - [07/Dec/2021:08:48:49 +0800] "GET /xingrg/all/function/internal_message.html?_=1638838128983&CODE_STATE=getMsg HTTP/1.1" 200 27
116.238.248.233 - - [07/Dec/2021:08:48:53 +0800] "GET /xingrg/all/function/internal_message.html?_=1638838132052&CODE_STATE=getMsg HTTP/1.1" 200 27
222.70.171.86 - - [07/Dec/2021:08:48:53 +0800] "GET /xingrg/all/function/internal_message.html?_=1638838138754&CODE_STATE=getMsg HTTP/1.1" 200 27
222.70.176.97 - - [07/Dec/2021:08:48:58 +0800] "GET /xingrg/all/function/internal_message.html?_=1638838136979&CODE_STATE=getMsg HTTP/1.1" 200 27
222.70.171.86 - - [07/Dec/2021:08:48:59 +0800] "POST /xingrg/services/DataTransmitService HTTP/1.1" 200 524
114.83.221.33 - - [07/Dec/2021:08:49:00 +0800] "GET /xingrg/kc/buy/cgsh_order_operate.html?command=get_materiel&rest_code=00149&code=00101015038&supplier_code=00100005&order_time=2021-12-07 HTTP/1.1" 200 418
222.70.171.86 - - [07/Dec/2021:08:49:01 +0800] "POST /xingrg/services/DataTransmitService HTTP/1.1" 200 412
222.70.171.86 - - [07/Dec/2021:08:49:06 +0800] "POST /xingrg/services/DataTransmitService HTTP/1.1" 200 524
222.70.171.86 - - [07/Dec/2021:08:49:07 +0800] "POST /xingrg/services/DataTransmitService HTTP/1.1" 200 412
116.227.210.113 - - [07/Dec/2021:08:49:07 +0800] "GET /xingrg/all/function/internal_message.html?_=1638838145595&CODE_STATE=getMsg HTTP/1.1" 200 27
114.83.221.33 - - [07/Dec/2021:08:49:10 +0800] "GET /xingrg/kc/buy/cgsh_order_operate.html?command=get_materiel&rest_code=00149&code=00101008403&supplier_code=00100005&order_time=2021-12-07 HTTP/1.1" 200 412
222.70.171.86 - - [07/Dec/2021:08:49:11 +0800] "POST /xingrg/services/DataTransmitService HTTP/1.1" 200 524
222.70.171.86 - - [07/Dec/2021:08:49:12 +0800] "POST /xingrg/services/DataTransmitService HTTP/1.1" 200 412
114.85.125.222 - - [07/Dec/2021:08:49:16 +0800] "GET /xingrg/all/function/internal_message.html?_=1638838118237&CODE_STATE=getMsg HTTP/1.1" 200 27
58.35.215.131 - - [07/Dec/2021:08:49:19 +0800] "GET /xingrg/all/function/internal_message.html?_=1638838159208&CODE_STATE=getMsg HTTP/1.1" 200 27
114.83.221.33 - - [07/Dec/2021:08:49:28 +0800] "GET /xingrg/kc/buy/cgsh_order_operate.html?command=get_materiel&rest_code=00149&code=00101008125&supplier_code=00100005&order_time=2021-12-07 HTTP/1.1" 200 413
114.83.221.33 - - [07/Dec/2021:08:49:31 +0800] "GET /xingrg/all/function/internal_message.html?_=1638838168880&CODE_STATE=getMsg HTTP/1.1" 200 27
114.83.221.33 - - [07/Dec/2021:08:49:36 +0800] "POST /xingrg/kc/buy/cgsh_order_operate.html HTTP/1.1" 200 2065
172.20.0.100 - - [07/Dec/2021:08:49:42 +0800] "GET /xingrg/all/function/internal_message.html?_=1638838181450&CODE_STATE=getMsg HTTP/1.1" 200 27
172.20.0.100 - - [07/Dec/2021:08:49:42 +0800] "GET /xingrg/check_reg.html?_=1638838181456 HTTP/1.1" 200 22
120.253.135.82 - - [07/Dec/2021:08:49:42 +0800] "GET /xingrg/all/function/internal_message.html?_=1638837959967&CODE_STATE=getMsg HTTP/1.1" 200 27
222.70.171.86 - - [07/Dec/2021:08:49:48 +0800] "GET /xingrg/check_reg.html?_=1638838192239 HTTP/1.1" 302 -
114.86.226.73 - - [07/Dec/2021:08:49:49 +0800] "GET /xingrg/all/function/internal_message.html?_=1638838188974&CODE_STATE=getMsg HTTP/1.1" 200 27
114.86.226.73 - - [07/Dec/2021:08:49:49 +0800] "GET /xingrg/check_reg.html?_=1638838188976 HTTP/1.1" 200 22
222.70.171.86 - - [07/Dec/2021:08:49:52 +0800] "GET /xingrg/check_reg.html?_=1638838197591 HTTP/1.1" 200 22
116.238.248.233 - - [07/Dec/2021:08:49:53 +0800] "GET /xingrg/all/function/internal_message.html?_=1638838192052&CODE_STATE=getMsg HTTP/1.1" 200 27
222.70.171.86 - - [07/Dec/2021:08:49:53 +0800] "GET /xingrg/all/function/internal_message.html?_=1638838198769&CODE_STATE=getMsg HTTP/1.1" 200 27
222.70.176.97 - - [07/Dec/2021:08:49:58 +0800] "GET /xingrg/all/function/internal_message.html?_=1638838196980&CODE_STATE=getMsg HTTP/1.1" 200 27
114.85.125.222 - - [07/Dec/2021:08:50:02 +0800] "GET /xingrg/check_reg.html?_=1638838163879 HTTP/1.1" 200 22
116.227.210.113 - - [07/Dec/2021:08:50:07 +0800] "GET /xingrg/all/function/internal_message.html?_=1638838205589&CODE_STATE=getMsg HTTP/1.1" 200 27
114.83.221.33 - - [07/Dec/2021:08:50:09 +0800] "POST /xingrg/kc/buy/cgsh_order_operate.html HTTP/1.1" 200 37
114.85.125.222 - - [07/Dec/2021:08:50:16 +0800] "GET /xingrg/all/function/internal_message.html?_=1638838178239&CODE_STATE=getMsg HTTP/1.1" 200 27
58.35.215.131 - - [07/Dec/2021:08:50:19 +0800] "GET /xingrg/all/function/internal_message.html?_=1638838219209&CODE_STATE=getMsg HTTP/1.1" 200 27
114.83.221.33 - - [07/Dec/2021:08:50:31 +0800] "GET /xingrg/all/function/internal_message.html?_=1638838228882&CODE_STATE=getMsg HTTP/1.1" 200 27
114.83.221.33 - - [07/Dec/2021:08:50:34 +0800] "POST /xingrg/kc/buy/cgsh_order_operate.html HTTP/1.1" 200 12
114.83.221.33 - - [07/Dec/2021:08:50:39 +0800] "GET /xingrg/kc/buy/cgsh_order_info.html?code=212021120702536 HTTP/1.1" 200 59901
114.83.221.33 - - [07/Dec/2021:08:50:40 +0800] "GET /xingrg/javascript/easyui/themes/default/validatebox.css HTTP/1.1" 404 1104
114.83.221.33 - - [07/Dec/2021:08:50:42 +0800] "POST /xingrg/kc/buy/cgsh_order_operate.html HTTP/1.1" 200 31932
120.253.135.82 - - [07/Dec/2021:08:50:42 +0800] "GET /xingrg/check_reg.html?_=1638838019476 HTTP/1.1" 200 22
172.20.0.100 - - [07/Dec/2021:08:50:42 +0800] "GET /xingrg/all/function/internal_message.html?_=1638838241441&CODE_STATE=getMsg HTTP/1.1" 200 27
120.253.135.82 - - [07/Dec/2021:08:50:42 +0800] "GET /xingrg/all/function/internal_message.html?_=1638838019981&CODE_STATE=getMsg HTTP/1.1" 200 27
114.86.226.73 - - [07/Dec/2021:08:50:49 +0800] "GET /xingrg/all/function/internal_message.html?_=1638838248988&CODE_STATE=getMsg HTTP/1.1" 200 27
116.238.248.233 - - [07/Dec/2021:08:50:53 +0800] "GET /xingrg/all/function/internal_message.html?_=1638838252061&CODE_STATE=getMsg HTTP/1.1" 200 27
116.238.248.233 - - [07/Dec/2021:08:50:53 +0800] "GET /xingrg/check_reg.html?_=1638838252063 HTTP/1.1" 200 22
222.70.171.86 - - [07/Dec/2021:08:50:53 +0800] "GET /xingrg/all/function/internal_message.html?_=1638838258781&CODE_STATE=getMsg HTTP/1.1" 200 27
222.70.176.97 - - [07/Dec/2021:08:50:58 +0800] "GET /xingrg/all/function/internal_message.html?_=1638838256980&CODE_STATE=getMsg HTTP/1.1" 200 27
116.227.210.113 - - [07/Dec/2021:08:51:07 +0800] "GET /xingrg/check_reg.html?_=1638838265583 HTTP/1.1" 200 22
116.227.210.113 - - [07/Dec/2021:08:51:07 +0800] "GET /xingrg/all/function/internal_message.html?_=1638838265585&CODE_STATE=getMsg HTTP/1.1" 200 27
114.85.125.222 - - [07/Dec/2021:08:51:16 +0800] "GET /xingrg/all/function/internal_message.html?_=1638838238253&CODE_STATE=getMsg HTTP/1.1" 200 27
58.35.215.131 - - [07/Dec/2021:08:51:19 +0800] "GET /xingrg/all/function/internal_message.html?_=1638838279213&CODE_STATE=getMsg HTTP/1.1" 200 27
114.83.221.33 - - [07/Dec/2021:08:51:22 +0800] "GET /xingrg/kc/print/load_config.html?kc_code=cgsh HTTP/1.1" 200 2281
114.83.221.33 - - [07/Dec/2021:08:51:23 +0800] "GET /xingrg/kc/print/load_data.html?order_code=212021120702536&kc_code=cgsh&condition= HTTP/1.1" 200 12592
114.83.221.33 - - [07/Dec/2021:08:51:29 +0800] "GET /xingrg/kc/buy/cgsh_order_add.html HTTP/1.1" 200 64992
114.83.221.33 - - [07/Dec/2021:08:51:29 +0800] "POST /xingrg/kc/buy/cgsh_order_operate.html HTTP/1.1" 200 8245
114.83.221.33 - - [07/Dec/2021:08:51:29 +0800] "GET /xingrg/javascript/easyui/themes/default/validatebox.css HTTP/1.1" 404 1104
114.83.221.33 - - [07/Dec/2021:08:51:31 +0800] "GET /xingrg/all/function/internal_message.html?_=1638838288907&CODE_STATE=getMsg HTTP/1.1" 200 27
172.20.0.100 - - [07/Dec/2021:08:51:42 +0800] "GET /xingrg/all/function/internal_message.html?_=1638838301444&CODE_STATE=getMsg HTTP/1.1" 200 27
120.253.135.82 - - [07/Dec/2021:08:51:42 +0800] "GET /xingrg/all/function/internal_message.html?_=1638838079993&CODE_STATE=getMsg HTTP/1.1" 200 27
114.86.226.73 - - [07/Dec/2021:08:51:49 +0800] "GET /xingrg/all/function/internal_message.html?_=1638838308985&CODE_STATE=getMsg HTTP/1.1" 200 27
116.238.248.233 - - [07/Dec/2021:08:51:53 +0800] "GET /xingrg/all/function/internal_message.html?_=1638838312062&CODE_STATE=getMsg HTTP/1.1" 200 27
222.70.171.86 - - [07/Dec/2021:08:51:53 +0800] "GET /xingrg/all/function/internal_message.html?_=1638838318796&CODE_STATE=getMsg HTTP/1.1" 200 27
222.70.176.97 - - [07/Dec/2021:08:51:58 +0800] "GET /xingrg/all/function/internal_message.html?_=1638838316979&CODE_STATE=getMsg HTTP/1.1" 200 27
222.70.171.86 - - [07/Dec/2021:08:51:58 +0800] "GET /xingrg/login.html HTTP/1.1" 200 7641
222.70.171.86 - - [07/Dec/2021:08:51:58 +0800] "GET /favicon.ico HTTP/1.1" 404 -
222.70.171.86 - - [07/Dec/2021:08:52:01 +0800] "POST /xingrg/login.do HTTP/1.1" 302 -
222.70.171.86 - - [07/Dec/2021:08:52:01 +0800] "GET /xingrg/index.html?sysBaseUrl=http%3A%2F%2F180.169.147.146%3A18081%2Fxingrg%2F&costTime=1100×tamp=1638838321559 HTTP/1.1" 200 17179
222.70.171.86 - - [07/Dec/2021:08:52:01 +0800] "GET /xingrg/javascript/jquery_easy_ui/easyui-lang-zh_CN.js HTTP/1.1" 304 -
222.70.171.86 - - [07/Dec/2021:08:52:01 +0800] "GET /xingrg/javascript/jquery_easy_ui/themes/default/easyui.css HTTP/1.1" 304 -
222.70.171.86 - - [07/Dec/2021:08:52:01 +0800] "GET /xingrg/javascript/jquery_easy_ui/themes/icon.css HTTP/1.1" 304 -
222.70.171.86 - - [07/Dec/2021:08:52:01 +0800] "GET /xingrg/css/form.css HTTP/1.1" 304 -
222.70.171.86 - - [07/Dec/2021:08:52:01 +0800] "GET /xingrg/javascript/jquery-1.4.2.min.js HTTP/1.1" 304 -
222.70.171.86 - - [07/Dec/2021:08:52:01 +0800] "GET /xingrg/javascript/jquery.form.js HTTP/1.1" 304 -
222.70.171.86 - - [07/Dec/2021:08:52:01 +0800] "GET /xingrg/javascript/jquery_easy_ui/jquery.easyui.min.js HTTP/1.1" 304 -
222.70.171.86 - - [07/Dec/2021:08:52:01 +0800] "GET /xingrg/javascript/jquery.utils.js HTTP/1.1" 304 -
222.70.171.86 - - [07/Dec/2021:08:52:01 +0800] "GET /xingrg/javascript/jquery.timers.js HTTP/1.1" 304 -
222.70.171.86 - - [07/Dec/2021:08:52:01 +0800] "GET /xingrg/all/function/internal_message.html?_=1638838326043&CODE_STATE=count HTTP/1.1" 200 11
222.70.171.86 - - [07/Dec/2021:08:52:01 +0800] "GET /xingrg/check_reg.html?_=1638838326045 HTTP/1.1" 200 22
222.70.171.86 - - [07/Dec/2021:08:52:01 +0800] "GET /favicon.ico HTTP/1.1" 404 -
222.70.171.86 - - [07/Dec/2021:08:52:01 +0800] "POST /xingrg/all/common/load_tree.html?tree=area_rest_tree_json&manage=1 HTTP/1.1" 200 479
222.70.171.86 - - [07/Dec/2021:08:52:02 +0800] "POST /xingrg/load_menu.html HTTP/1.1" 200 5138
222.70.171.86 - - [07/Dec/2021:08:52:07 +0800] "GET /xingrg/css/base.css HTTP/1.1" 304 -
222.70.171.86 - - [07/Dec/2021:08:52:07 +0800] "GET /xingrg/css/site.css HTTP/1.1" 304 -
222.70.171.86 - - [07/Dec/2021:08:52:07 +0800] "GET /xingrg/javascript/jquery_tools/datebox.css HTTP/1.1" 304 -
222.70.171.86 - - [07/Dec/2021:08:52:07 +0800] "GET /xingrg/javascript/easyui/themes/default/easyui.css HTTP/1.1" 304 -
222.70.171.86 - - [07/Dec/2021:08:52:07 +0800] "GET /xingrg/javascript/easyui/themes/icon.css HTTP/1.1" 304 -
222.70.171.86 - - [07/Dec/2021:08:52:07 +0800] "GET /xingrg/javascript/auto/jquery.autocomplete.css HTTP/1.1" 304 -
222.70.171.86 - - [07/Dec/2021:08:52:07 +0800] "GET /xingrg/javascript/jquery_tools/fix.css HTTP/1.1" 304 -
222.70.171.86 - - [07/Dec/2021:08:52:07 +0800] "GET /xingrg/javascript/jquery_tools/table.css HTTP/1.1" 304 -
222.70.171.86 - - [07/Dec/2021:08:52:07 +0800] "GET /xingrg/javascript/jquery_tools/jquery.tools.extend.js HTTP/1.1" 304 -
222.70.171.86 - - [07/Dec/2021:08:52:07 +0800] "GET /xingrg/javascript/jquery_tools/jquery.tools.hotkey.js HTTP/1.1" 304 -
222.70.171.86 - - [07/Dec/2021:08:52:07 +0800] "GET /xingrg/javascript/jquery_tools/jquery.tools.min.js HTTP/1.1" 304 -
222.70.171.86 - - [07/Dec/2021:08:52:07 +0800] "GET /xingrg/javascript/jquery_tools/list_manager.js HTTP/1.1" 304 -
222.70.171.86 - - [07/Dec/2021:08:52:07 +0800] "GET /xingrg/javascript/jquery_tools/jquery.tools.table.js HTTP/1.1" 304 -
222.70.171.86 - - [07/Dec/2021:08:52:07 +0800] "GET /xingrg/javascript/jquery.cookie.js HTTP/1.1" 304 -
222.70.171.86 - - [07/Dec/2021:08:52:07 +0800] "GET /xingrg/javascript/easyui/easyloader.js HTTP/1.1" 304 -
222.70.171.86 - - [07/Dec/2021:08:52:07 +0800] "GET /xingrg/javascript/auto/jquery.autocomplete.js HTTP/1.1" 304 -
222.70.171.86 - - [07/Dec/2021:08:52:07 +0800] "GET /xingrg/javascript/print/LodopFuncs.js HTTP/1.1" 304 -
222.70.171.86 - - [07/Dec/2021:08:52:07 +0800] "GET /xingrg/kc/buy/cgsh_order_list.html HTTP/1.1" 200 49169
222.70.171.86 - - [07/Dec/2021:08:52:07 +0800] "GET /xingrg/javascript/easyui/themes/icons/import_new.png HTTP/1.1" 304 -
222.70.171.86 - - [07/Dec/2021:08:52:07 +0800] "GET /xingrg/javascript/easyui/plugins/jquery.parser.js HTTP/1.1" 304 -
116.227.210.113 - - [07/Dec/2021:08:52:07 +0800] "GET /xingrg/all/function/internal_message.html?_=1638838325602&CODE_STATE=getMsg HTTP/1.1" 200 27
222.70.171.86 - - [07/Dec/2021:08:52:08 +0800] "POST /xingrg/kc/buy/cgsh_list_operate.html HTTP/1.1" 200 876
114.85.125.222 - - [07/Dec/2021:08:52:16 +0800] "GET /xingrg/all/function/internal_message.html?_=1638838298291&CODE_STATE=getMsg HTTP/1.1" 200 27
222.70.171.86 - - [07/Dec/2021:08:52:18 +0800] "GET /xingrg/javascript/jquery_tools/images/prev.gif HTTP/1.1" 404 1086
222.70.171.86 - - [07/Dec/2021:08:52:18 +0800] "GET /xingrg/javascript/jquery_tools/images/next.gif HTTP/1.1" 404 1086
58.35.215.131 - - [07/Dec/2021:08:52:19 +0800] "GET /xingrg/all/function/internal_message.html?_=1638838339220&CODE_STATE=getMsg HTTP/1.1" 200 27
114.83.221.33 - - [07/Dec/2021:08:52:31 +0800] "GET /xingrg/check_reg.html?_=1638838348891 HTTP/1.1" 200 22
114.83.221.33 - - [07/Dec/2021:08:52:31 +0800] "GET /xingrg/all/function/internal_message.html?_=1638838348896&CODE_STATE=getMsg HTTP/1.1" 200 27
58.39.139.200 - - [07/Dec/2021:08:52:36 +0800] "GET /favicon.ico HTTP/1.1" 404 -
222.70.171.86 - - [07/Dec/2021:08:52:37 +0800] "POST /xingrg/kc/buy/cgsh_list_operate.html HTTP/1.1" 200 5470
172.20.0.100 - - [07/Dec/2021:08:52:42 +0800] "GET /xingrg/all/function/internal_message.html?_=1638838361450&CODE_STATE=getMsg HTTP/1.1" 200 27
120.253.135.82 - - [07/Dec/2021:08:52:42 +0800] "GET /xingrg/all/function/internal_message.html?_=1638838140008&CODE_STATE=getMsg HTTP/1.1" 200 27
58.39.139.200 - - [07/Dec/2021:08:52:43 +0800] "GET /xingrg/index.html?sysBaseUrl=http%3A%2F%2F180.169.147.146%3A18081%2Fxingrg%2F&costTime=32×tamp=1585224308505 HTTP/1.1" 302 -
58.39.139.200 - - [07/Dec/2021:08:52:43 +0800] "GET /xingrg/login.html HTTP/1.1" 200 7641
58.39.139.200 - - [07/Dec/2021:08:52:44 +0800] "GET /xingrg/images/blue/jxLogo.png HTTP/1.1" 304 -
58.39.139.200 - - [07/Dec/2021:08:52:46 +0800] "GET /xingrg/images/blue/login_bg.png HTTP/1.1" 304 -
58.39.139.200 - - [07/Dec/2021:08:52:47 +0800] "GET /xingrg/images/blue/hj.png HTTP/1.1" 304 -
58.39.139.200 - - [07/Dec/2021:08:52:47 +0800] "GET /xingrg/images/blue/srbg.png HTTP/1.1" 304 -
58.39.139.200 - - [07/Dec/2021:08:52:48 +0800] "GET /favicon.ico HTTP/1.1" 404 -
114.86.226.73 - - [07/Dec/2021:08:52:49 +0800] "GET /xingrg/all/function/internal_message.html?_=1638838368995&CODE_STATE=getMsg HTTP/1.1" 200 27
116.227.210.113 - - [07/Dec/2021:08:52:50 +0800] "GET /xingrg/kc/buy/cgsh_order_add.html HTTP/1.1" 200 64866
116.227.210.113 - - [07/Dec/2021:08:52:51 +0800] "POST /xingrg/kc/buy/cgsh_order_operate.html HTTP/1.1" 200 8245
116.227.210.113 - - [07/Dec/2021:08:52:51 +0800] "GET /xingrg/javascript/easyui/themes/default/validatebox.css HTTP/1.1" 404 1104
116.238.248.233 - - [07/Dec/2021:08:52:53 +0800] "GET /xingrg/all/function/internal_message.html?_=1638838372070&CODE_STATE=getMsg HTTP/1.1" 200 27
222.70.171.86 - - [07/Dec/2021:08:52:53 +0800] "GET /xingrg/all/function/internal_message.html?_=1638838378813&CODE_STATE=getMsg HTTP/1.1" 302 -
222.70.171.86 - - [07/Dec/2021:08:52:54 +0800] "POST /xingrg/kc/buy/cgsh_list_operate.html HTTP/1.1" 200 5582
222.70.176.97 - - [07/Dec/2021:08:52:58 +0800] "GET /xingrg/check_reg.html?_=1638838376966 HTTP/1.1" 200 22
222.70.176.97 - - [07/Dec/2021:08:52:58 +0800] "GET /xingrg/all/function/internal_message.html?_=1638838376968&CODE_STATE=getMsg HTTP/1.1" 200 27
222.70.171.86 - - [07/Dec/2021:08:53:00 +0800] "POST /xingrg/kc/buy/cgsh_list_operate.html HTTP/1.1" 200 607
222.70.171.86 - - [07/Dec/2021:08:53:01 +0800] "GET /xingrg/all/function/internal_message.html?_=1638838386049&CODE_STATE=getMsg HTTP/1.1" 200 27
116.227.210.113 - - [07/Dec/2021:08:53:07 +0800] "GET /xingrg/all/function/internal_message.html?_=1638838385578&CODE_STATE=getMsg HTTP/1.1" 200 27
116.227.210.113 - - [07/Dec/2021:08:53:09 +0800] "GET /xingrg/kc/buy/cgsh_order_operate.html?command=get_materiel&rest_code=00155&code=00101002027&supplier_code=00100199&order_time=2021-12-07 HTTP/1.1" 200 432
222.70.171.86 - - [07/Dec/2021:08:53:15 +0800] "POST /xingrg/kc/buy/cgsh_list_operate.html HTTP/1.1" 200 3533
116.227.210.113 - - [07/Dec/2021:08:53:15 +0800] "GET /xingrg/kc/buy/cgsh_order_operate.html?command=get_materiel&rest_code=00155&code=00101002041&supplier_code=00100199&order_time=2021-12-07 HTTP/1.1" 200 409
114.85.125.222 - - [07/Dec/2021:08:53:16 +0800] "GET /xingrg/all/function/internal_message.html?_=1638838358295&CODE_STATE=getMsg HTTP/1.1" 200 27
222.70.171.86 - - [07/Dec/2021:08:53:19 +0800] "POST /xingrg/kc/buy/cgsh_list_operate.html HTTP/1.1" 200 569
58.35.215.131 - - [07/Dec/2021:08:53:19 +0800] "GET /xingrg/check_reg.html?_=1638838399205 HTTP/1.1" 200 22
58.35.215.131 - - [07/Dec/2021:08:53:19 +0800] "GET /xingrg/all/function/internal_message.html?_=1638838399205&CODE_STATE=getMsg HTTP/1.1" 200 27
222.70.171.86 - - [07/Dec/2021:08:53:21 +0800] "GET /xingrg/javascript/pic_change.js HTTP/1.1" 304 -
222.70.171.86 - - [07/Dec/2021:08:53:21 +0800] "GET /xingrg/javascript/jquery_tools/order_manager.js HTTP/1.1" 304 -
222.70.171.86 - - [07/Dec/2021:08:53:21 +0800] "GET /xingrg/javascript/convert.js HTTP/1.1" 304 -
222.70.171.86 - - [07/Dec/2021:08:53:21 +0800] "GET /xingrg/javascript/json2.js HTTP/1.1" 304 -
222.70.171.86 - - [07/Dec/2021:08:53:21 +0800] "GET /xingrg/javascript/print/kc_print.js HTTP/1.1" 304 -
222.70.171.86 - - [07/Dec/2021:08:53:21 +0800] "GET /xingrg/kc/buy/cgsh_order_info.html?code=212021120100060 HTTP/1.1" 200 59813
222.70.171.86 - - [07/Dec/2021:08:53:21 +0800] "GET /xingrg/words/20211206103503_words.js HTTP/1.1" 200 877357
222.70.171.86 - - [07/Dec/2021:08:53:21 +0800] "GET /xingrg/javascript/easyui/themes/icons/copy_new.png HTTP/1.1" 304 -
222.70.171.86 - - [07/Dec/2021:08:53:21 +0800] "GET /xingrg/javascript/easyui/themes/icons/print.png HTTP/1.1" 304 -
222.70.171.86 - - [07/Dec/2021:08:53:21 +0800] "GET /xingrg/javascript/easyui/themes/default/images/menu_downarrow.png HTTP/1.1" 304 -
222.70.171.86 - - [07/Dec/2021:08:53:21 +0800] "GET /xingrg/javascript/easyui/themes/icons/cancel.png HTTP/1.1" 304 -
116.227.210.113 - - [07/Dec/2021:08:53:21 +0800] "GET /xingrg/kc/buy/cgsh_order_operate.html?command=get_materiel&rest_code=00155&code=00101002006&supplier_code=00100199&order_time=2021-12-07 HTTP/1.1" 200 414
222.70.171.86 - - [07/Dec/2021:08:53:22 +0800] "GET /xingrg/javascript/easyui/themes/default/validatebox.css HTTP/1.1" 404 1104
222.70.171.86 - - [07/Dec/2021:08:53:22 +0800] "GET /xingrg/javascript/easyui/plugins/jquery.validatebox.js HTTP/1.1" 304 -
222.70.171.86 - - [07/Dec/2021:08:53:22 +0800] "GET /xingrg/javascript/easyui/plugins/jquery.numberbox.js HTTP/1.1" 304 -
222.70.171.86 - - [07/Dec/2021:08:53:23 +0800] "POST /xingrg/kc/buy/cgsh_order_operate.html HTTP/1.1" 200 3557
222.70.171.86 - - [07/Dec/2021:08:53:23 +0800] "GET /xingrg/javascript/easyui/themes/icons/edit_remove.png HTTP/1.1" 304 -
222.70.171.86 - - [07/Dec/2021:08:53:23 +0800] "GET /xingrg/javascript/easyui/themes/default/images/button_plain_hover.png HTTP/1.1" 304 -
58.39.139.200 - - [07/Dec/2021:08:53:24 +0800] "POST /xingrg/login.do HTTP/1.1" 302 -
58.39.139.200 - - [07/Dec/2021:08:53:24 +0800] "GET /xingrg/index.html?sysBaseUrl=http%3A%2F%2F180.169.147.146%3A18081%2Fxingrg%2F&costTime=1126×tamp=1638838404828 HTTP/1.1" 200 17173
58.39.139.200 - - [07/Dec/2021:08:53:24 +0800] "GET /xingrg/javascript/jquery_easy_ui/themes/default/easyui.css HTTP/1.1" 304 -
58.39.139.200 - - [07/Dec/2021:08:53:24 +0800] "GET /xingrg/javascript/jquery_easy_ui/themes/icon.css HTTP/1.1" 304 -
58.39.139.200 - - [07/Dec/2021:08:53:25 +0800] "GET /xingrg/css/form.css HTTP/1.1" 304 -
58.39.139.200 - - [07/Dec/2021:08:53:25 +0800] "GET /xingrg/javascript/jquery-1.4.2.min.js HTTP/1.1" 304 -
58.39.139.200 - - [07/Dec/2021:08:53:25 +0800] "GET /xingrg/javascript/jquery_easy_ui/jquery.easyui.min.js HTTP/1.1" 304 -
58.39.139.200 - - [07/Dec/2021:08:53:25 +0800] "GET /xingrg/javascript/jquery_easy_ui/easyui-lang-zh_CN.js HTTP/1.1" 304 -
58.39.139.200 - - [07/Dec/2021:08:53:25 +0800] "GET /xingrg/javascript/jquery.form.js HTTP/1.1" 304 -
58.39.139.200 - - [07/Dec/2021:08:53:25 +0800] "GET /xingrg/javascript/jquery.utils.js HTTP/1.1" 304 -
58.39.139.200 - - [07/Dec/2021:08:53:25 +0800] "GET /xingrg/javascript/jquery.timers.js HTTP/1.1" 304 -
58.39.139.200 - - [07/Dec/2021:08:53:25 +0800] "GET /favicon.ico HTTP/1.1" 404 -
58.39.139.200 - - [07/Dec/2021:08:53:25 +0800] "GET /xingrg/javascript/jquery_easy_ui/themes/icons/settle_new.png HTTP/1.1" 304 -
58.39.139.200 - - [07/Dec/2021:08:53:25 +0800] "GET /xingrg/images/blue/navBackgound.jpg HTTP/1.1" 304 -
58.39.139.200 - - [07/Dec/2021:08:53:25 +0800] "POST /xingrg/all/common/load_tree.html?tree=area_rest_tree_json&manage=1 HTTP/1.1" 200 342
58.39.139.200 - - [07/Dec/2021:08:53:25 +0800] "GET /xingrg/all/function/internal_message.html?_=1638838342494&CODE_STATE=count HTTP/1.1" 200 11
58.39.139.200 - - [07/Dec/2021:08:53:25 +0800] "GET /xingrg/check_reg.html?_=1638838342495 HTTP/1.1" 200 22
58.39.139.200 - - [07/Dec/2021:08:53:25 +0800] "GET /xingrg/images/blue/pingpu.png HTTP/1.1" 304 -
58.39.139.200 - - [07/Dec/2021:08:53:25 +0800] "GET /xingrg/javascript/jquery_easy_ui/themes/default/images/panel_tool_collapse.gif HTTP/1.1" 304 -
58.39.139.200 - - [07/Dec/2021:08:53:25 +0800] "GET /xingrg/javascript/jquery_easy_ui/themes/default/images/tabs_leftarrow.png HTTP/1.1" 304 -
58.39.139.200 - - [07/Dec/2021:08:53:25 +0800] "GET /xingrg/javascript/jquery_easy_ui/themes/default/images/tabs_rightarrow.png HTTP/1.1" 304 -
58.39.139.200 - - [07/Dec/2021:08:53:25 +0800] "POST /xingrg/load_menu.html HTTP/1.1" 200 5138
58.39.139.200 - - [07/Dec/2021:08:53:26 +0800] "GET /xingrg/javascript/jquery_easy_ui/themes/default/images/tree_arrows.gif HTTP/1.1" 304 -
58.39.139.200 - - [07/Dec/2021:08:53:26 +0800] "GET /xingrg/javascript/jquery_easy_ui/themes/default/images/tree_folder_open.gif HTTP/1.1" 304 -
58.39.139.200 - - [07/Dec/2021:08:53:26 +0800] "GET /xingrg/javascript/jquery_easy_ui/themes/icons/search_new.png HTTP/1.1" 304 -
58.39.139.200 - - [07/Dec/2021:08:53:26 +0800] "GET /xingrg/javascript/jquery_easy_ui/themes/default/images/tree_folder.gif HTTP/1.1" 304 -
58.39.139.200 - - [07/Dec/2021:08:53:26 +0800] "GET /xingrg/javascript/jquery_easy_ui/themes/icons/storage_new.png HTTP/1.1" 304 -
58.39.139.200 - - [07/Dec/2021:08:53:26 +0800] "GET /xingrg/javascript/jquery_easy_ui/themes/icons/forms_new.png HTTP/1.1" 304 -
58.39.139.200 - - [07/Dec/2021:08:53:26 +0800] "GET /xingrg/javascript/jquery_easy_ui/themes/default/images/tree_file.gif HTTP/1.1" 304 -
222.70.171.86 - - [07/Dec/2021:08:53:27 +0800] "GET /xingrg/kc/print/load_config.html?kc_code=cgsh HTTP/1.1" 200 2281
116.227.210.113 - - [07/Dec/2021:08:53:29 +0800] "POST /xingrg/kc/buy/cgsh_order_operate.html HTTP/1.1" 200 37
222.70.171.86 - - [07/Dec/2021:08:53:29 +0800] "GET /xingrg/kc/print/load_data.html?order_code=212021120100060&kc_code=cgsh HTTP/1.1" 200 1904
116.227.210.113 - - [07/Dec/2021:08:53:30 +0800] "POST /xingrg/kc/buy/cgsh_order_operate.html HTTP/1.1" 200 3844
114.83.221.33 - - [07/Dec/2021:08:53:31 +0800] "GET /xingrg/all/function/internal_message.html?_=1638838408903&CODE_STATE=getMsg HTTP/1.1" 200 27
116.227.210.113 - - [07/Dec/2021:08:53:31 +0800] "GET /xingrg/kc/print/load_data.html?order_code=212021120702537&kc_code=cgsh&condition= HTTP/1.1" 200 1129
172.20.0.100 - - [07/Dec/2021:08:53:42 +0800] "GET /xingrg/all/function/internal_message.html?_=1638838421456&CODE_STATE=getMsg HTTP/1.1" 200 27
120.253.135.82 - - [07/Dec/2021:08:53:42 +0800] "GET /xingrg/all/function/internal_message.html?_=1638838200027&CODE_STATE=getMsg HTTP/1.1" 200 27
114.86.226.73 - - [07/Dec/2021:08:53:49 +0800] "GET /xingrg/all/function/internal_message.html?_=1638838428984&CODE_STATE=getMsg HTTP/1.1" 200 27
58.39.139.200 - - [07/Dec/2021:08:53:50 +0800] "GET /xingrg/javascript/jquery_easy_ui/themes/default/images/tabs_close.gif HTTP/1.1" 304 -
58.39.139.200 - - [07/Dec/2021:08:53:50 +0800] "GET /xingrg/kc/buy/buy_main.html HTTP/1.1" 200 12412
58.39.139.200 - - [07/Dec/2021:08:53:50 +0800] "GET /xingrg/css/blue.css HTTP/1.1" 304 -
58.39.139.200 - - [07/Dec/2021:08:53:50 +0800] "GET /xingrg/css/new_ie.css HTTP/1.1" 404 1036
58.39.139.200 - - [07/Dec/2021:08:53:50 +0800] "GET /xingrg/javascript/jquery_ui/themes/humanity/humanity.css HTTP/1.1" 304 -
58.39.139.200 - - [07/Dec/2021:08:53:50 +0800] "GET /xingrg/javascript/pic_change.js HTTP/1.1" 304 -
58.39.139.200 - - [07/Dec/2021:08:53:50 +0800] "GET /xingrg/javascript/ToolTips.js HTTP/1.1" 304 -
58.39.139.200 - - [07/Dec/2021:08:53:50 +0800] "GET /xingrg/javascript/myfunction.js HTTP/1.1" 304 -
58.39.139.200 - - [07/Dec/2021:08:53:50 +0800] "GET /xingrg/javascript/jquery_ui/jquery-ui.min.js HTTP/1.1" 304 -
58.39.139.200 - - [07/Dec/2021:08:53:50 +0800] "GET /xingrg/images/blue/button/cgxqd.gif HTTP/1.1" 304 -
58.39.139.200 - - [07/Dec/2021:08:53:50 +0800] "GET /xingrg/images/blue/button/cgydd.gif HTTP/1.1" 304 -
58.39.139.200 - - [07/Dec/2021:08:53:50 +0800] "GET /xingrg/images/blue/button/cgshd.gif HTTP/1.1" 304 -
58.39.139.200 - - [07/Dec/2021:08:53:50 +0800] "GET /xingrg/images/blue/button/cgfkd.gif HTTP/1.1" 304 -
58.39.139.200 - - [07/Dec/2021:08:53:50 +0800] "GET /xingrg/images/blue/button/kc.gif HTTP/1.1" 304 -
58.39.139.200 - - [07/Dec/2021:08:53:50 +0800] "GET /xingrg/images/blue/pic_form2.gif HTTP/1.1" 304 -
58.39.139.200 - - [07/Dec/2021:08:53:50 +0800] "GET /xingrg/images/blue/button/ckthd.gif HTTP/1.1" 304 -
58.39.139.200 - - [07/Dec/2021:08:53:50 +0800] "GET /xingrg/javascript/jquery_ui/themes/humanity/images/ui-bg_inset-soft_100_f4f0ec_1x100.png HTTP/1.1" 304 -
58.39.139.200 - - [07/Dec/2021:08:53:50 +0800] "GET /xingrg/images/blue/bg_dotted.jpg HTTP/1.1" 304 -
58.39.139.200 - - [07/Dec/2021:08:53:50 +0800] "GET /xingrg/images/blue/button/right_ah.jpg HTTP/1.1" 304 -
58.39.139.200 - - [07/Dec/2021:08:53:50 +0800] "GET /xingrg/images/blue/button/down_ah.jpg HTTP/1.1" 304 -
58.39.139.200 - - [07/Dec/2021:08:53:51 +0800] "GET /xingrg/javascript/jquery_ui/themes/humanity/images/ui-iconsnew.jpg HTTP/1.1" 304 -
58.39.139.200 - - [07/Dec/2021:08:53:51 +0800] "GET /xingrg/javascript/jquery_ui/themes/humanity/images/ui-icons_ffffff_256x240.png HTTP/1.1" 304 -
58.39.139.200 - - [07/Dec/2021:08:53:51 +0800] "GET /xingrg/javascript/jquery_ui/themes/humanity/images/ui-icons_c47a23_256x240.png HTTP/1.1" 304 -
