180.157.253.6 - - [07/Dec/2021:10:08:48 +0800] "GET /xingrg/all/function/internal_message.html?_=1638842928510&CODE_STATE=getMsg HTTP/1.1" 200 27
116.228.172.94 - - [07/Dec/2021:10:08:48 +0800] "GET /xingrg/all/function/internal_message.html?_=1638842784065&CODE_STATE=getMsg HTTP/1.1" 200 27
114.86.226.73 - - [07/Dec/2021:10:08:49 +0800] "GET /xingrg/all/function/internal_message.html?_=1638842929136&CODE_STATE=getMsg HTTP/1.1" 200 27
114.86.226.73 - - [07/Dec/2021:10:08:51 +0800] "GET /favicon.ico HTTP/1.1" 404 -
114.83.221.33 - - [07/Dec/2021:10:08:53 +0800] "GET /xingrg/kc/buy/cgsh_order_operate.html?command=get_materiel&rest_code=00149&code=00101006302&supplier_code=00100151&order_time=2021-12-06 HTTP/1.1" 200 398
180.169.147.146 - - [07/Dec/2021:10:08:53 +0800] "GET /xingrg/all/function/internal_message.html?_=1638842933164&CODE_STATE=getMsg HTTP/1.1" 200 27
114.84.149.84 - - [07/Dec/2021:10:08:54 +0800] "GET /xingrg/all/function/internal_message.html?_=1638842752520&CODE_STATE=getMsg HTTP/1.1" 200 27
58.39.139.200 - - [07/Dec/2021:10:08:54 +0800] "GET /xingrg/kc/buy/cgsh_order_add.html HTTP/1.1" 200 64986
222.70.171.86 - - [07/Dec/2021:10:08:54 +0800] "GET /xingrg/all/function/internal_message.html?_=1638842939841&CODE_STATE=getMsg HTTP/1.1" 302 -
58.39.139.200 - - [07/Dec/2021:10:08:54 +0800] "GET /xingrg/words/20211207094324_words.js HTTP/1.1" 200 877885
58.39.139.200 - - [07/Dec/2021:10:08:55 +0800] "POST /xingrg/kc/buy/cgsh_order_operate.html HTTP/1.1" 200 8245
58.39.139.200 - - [07/Dec/2021:10:08:55 +0800] "GET /xingrg/javascript/easyui/themes/default/validatebox.css HTTP/1.1" 404 1104
58.39.139.200 - - [07/Dec/2021:10:08:57 +0800] "GET /xingrg/all/function/internal_message.html?_=1638842874653&CODE_STATE=getMsg HTTP/1.1" 200 27
222.70.176.97 - - [07/Dec/2021:10:08:58 +0800] "GET /xingrg/all/function/internal_message.html?_=1638842937612&CODE_STATE=getMsg HTTP/1.1" 200 27
222.70.171.86 - - [07/Dec/2021:10:09:02 +0800] "GET /xingrg/all/function/internal_message.html?_=1638842947081&CODE_STATE=getMsg HTTP/1.1" 200 27
120.253.135.82 - - [07/Dec/2021:10:09:03 +0800] "GET /xingrg/check_reg.html?_=1638842720567 HTTP/1.1" 200 22
114.86.226.73 - - [07/Dec/2021:10:09:03 +0800] "POST /xingrg/services/DataTransmitService HTTP/1.1" 200 524
120.253.135.82 - - [07/Dec/2021:10:09:03 +0800] "GET /xingrg/all/function/internal_message.html?_=1638842721165&CODE_STATE=getMsg HTTP/1.1" 200 27
114.86.226.73 - - [07/Dec/2021:10:09:04 +0800] "POST /xingrg/services/DataTransmitService HTTP/1.1" 200 501
180.169.147.146 - - [07/Dec/2021:10:09:04 +0800] "GET /xingrg/all/function/internal_message.html?_=1638842938118&CODE_STATE=getMsg HTTP/1.1" 200 27
114.83.221.33 - - [07/Dec/2021:10:09:08 +0800] "GET /xingrg/kc/buy/cgsh_order_operate.html?command=get_materiel&rest_code=00149&code=00101006088&supplier_code=00100151&order_time=2021-12-06 HTTP/1.1" 200 409
116.235.94.0 - - [07/Dec/2021:10:09:09 +0800] "GET /xingrg/all/function/internal_message.html?_=1638843071289&CODE_STATE=getMsg HTTP/1.1" 200 27
222.69.132.164 - - [07/Dec/2021:10:09:14 +0800] "GET /xingrg/all/function/internal_message.html?_=1638842967994&CODE_STATE=getMsg HTTP/1.1" 200 27
116.238.248.233 - - [07/Dec/2021:10:09:18 +0800] "GET /xingrg/all/function/internal_message.html?_=1638842957605&CODE_STATE=getMsg HTTP/1.1" 200 27
58.39.139.200 - - [07/Dec/2021:10:09:19 +0800] "GET /xingrg/kc/buy/cgsh_order_operate.html?command=get_materiel&rest_code=00105&code=00101009109&supplier_code=00100024&order_time=2021-12-07 HTTP/1.1" 200 399
58.35.215.131 - - [07/Dec/2021:10:09:19 +0800] "GET /xingrg/all/function/internal_message.html?_=1638842959214&CODE_STATE=getMsg HTTP/1.1" 200 27
114.83.221.33 - - [07/Dec/2021:10:09:20 +0800] "GET /xingrg/kc/buy/cgsh_order_operate.html?command=get_materiel&rest_code=00149&code=00101006303&supplier_code=00100151&order_time=2021-12-06 HTTP/1.1" 200 398
114.85.125.222 - - [07/Dec/2021:10:09:22 +0800] "GET /xingrg/all/function/internal_message.html?_=1638842924054&CODE_STATE=getMsg HTTP/1.1" 200 27
58.221.95.50 - - [07/Dec/2021:10:09:28 +0800] "GET /xingrg/kc/base/wldb_order_info.html?code=422021120700679 HTTP/1.1" 200 26158
58.221.95.50 - - [07/Dec/2021:10:09:28 +0800] "GET /xingrg/javascript/easyui/themes/default/validatebox.css HTTP/1.1" 404 1104
58.221.95.50 - - [07/Dec/2021:10:09:28 +0800] "POST /xingrg/kc/base/wldb_order_operate.html HTTP/1.1" 200 1431
58.221.95.50 - - [07/Dec/2021:10:09:31 +0800] "GET /xingrg/kc/base/wldb_order_add.html HTTP/1.1" 200 30278
114.83.221.33 - - [07/Dec/2021:10:09:31 +0800] "GET /xingrg/all/function/internal_message.html?_=1638842969193&CODE_STATE=getMsg HTTP/1.1" 200 27
58.221.95.50 - - [07/Dec/2021:10:09:31 +0800] "POST /xingrg/kc/base/wldb_order_operate.html HTTP/1.1" 200 6806
58.221.95.50 - - [07/Dec/2021:10:09:31 +0800] "GET /xingrg/javascript/easyui/themes/default/validatebox.css HTTP/1.1" 404 1104
180.169.147.146 - - [07/Dec/2021:10:09:34 +0800] "GET /xingrg/all/function/internal_message.html?_=1638842978212&CODE_STATE=getMsg HTTP/1.1" 200 27
58.221.95.50 - - [07/Dec/2021:10:09:36 +0800] "POST /xingrg/all/common/load_combo.html?type=base HTTP/1.1" 200 890
58.221.95.50 - - [07/Dec/2021:10:09:39 +0800] "POST /xingrg/all/common/load_combo.html?type=base HTTP/1.1" 200 890
172.20.0.100 - - [07/Dec/2021:10:09:39 +0800] "GET /xingrg/all/function/internal_message.html?_=1638842978054&CODE_STATE=getMsg HTTP/1.1" 200 27
116.239.131.8 - - [07/Dec/2021:10:09:39 +0800] "GET /xingrg/all/function/internal_message.html?_=1638842978750&CODE_STATE=getMsg HTTP/1.1" 200 27
116.228.172.94 - - [07/Dec/2021:10:09:41 +0800] "GET /xingrg/check_reg.html?_=1638842836986 HTTP/1.1" 200 22
58.39.139.200 - - [07/Dec/2021:10:09:42 +0800] "GET /xingrg/kc/buy/cgsh_order_operate.html?command=get_materiel&rest_code=00105&code=00101009062&supplier_code=00100024&order_time=2021-12-07 HTTP/1.1" 200 414
222.70.171.86 - - [07/Dec/2021:10:09:48 +0800] "GET /xingrg/check_reg.html?_=1638842992352 HTTP/1.1" 200 22
180.157.253.6 - - [07/Dec/2021:10:09:48 +0800] "GET /xingrg/all/function/internal_message.html?_=1638842988509&CODE_STATE=getMsg HTTP/1.1" 200 27
116.228.172.94 - - [07/Dec/2021:10:09:48 +0800] "GET /xingrg/all/function/internal_message.html?_=1638842844059&CODE_STATE=getMsg HTTP/1.1" 200 27
114.86.226.73 - - [07/Dec/2021:10:09:49 +0800] "GET /xingrg/all/function/internal_message.html?_=1638842989137&CODE_STATE=getMsg HTTP/1.1" 200 27
114.86.226.73 - - [07/Dec/2021:10:09:49 +0800] "GET /xingrg/check_reg.html?_=1638842989139 HTTP/1.1" 200 22
222.70.171.86 - - [07/Dec/2021:10:09:52 +0800] "GET /xingrg/check_reg.html?_=1638842997673 HTTP/1.1" 302 -
180.169.147.146 - - [07/Dec/2021:10:09:53 +0800] "GET /xingrg/all/function/internal_message.html?_=1638842993177&CODE_STATE=getMsg HTTP/1.1" 200 27
114.83.221.33 - - [07/Dec/2021:10:09:54 +0800] "GET /xingrg/kc/buy/cgsh_order_operate.html?command=get_materiel&rest_code=00149&code=00101006304&supplier_code=00100151&order_time=2021-12-06 HTTP/1.1" 200 402
114.84.149.84 - - [07/Dec/2021:10:09:54 +0800] "GET /xingrg/all/function/internal_message.html?_=1638842812545&CODE_STATE=getMsg HTTP/1.1" 200 27
222.70.171.86 - - [07/Dec/2021:10:09:54 +0800] "GET /xingrg/all/function/internal_message.html?_=1638842999855&CODE_STATE=getMsg HTTP/1.1" 302 -
58.39.139.200 - - [07/Dec/2021:10:09:57 +0800] "GET /xingrg/all/function/internal_message.html?_=1638842934647&CODE_STATE=getMsg HTTP/1.1" 200 27
222.70.176.97 - - [07/Dec/2021:10:09:58 +0800] "GET /xingrg/all/function/internal_message.html?_=1638842997598&CODE_STATE=getMsg HTTP/1.1" 200 27
222.70.171.86 - - [07/Dec/2021:10:10:02 +0800] "GET /xingrg/all/function/internal_message.html?_=1638843007103&CODE_STATE=getMsg HTTP/1.1" 200 27
120.253.135.82 - - [07/Dec/2021:10:10:03 +0800] "GET /xingrg/all/function/internal_message.html?_=1638842781178&CODE_STATE=getMsg HTTP/1.1" 200 27
180.169.147.146 - - [07/Dec/2021:10:10:04 +0800] "GET /xingrg/all/function/internal_message.html?_=1638842998116&CODE_STATE=getMsg HTTP/1.1" 200 27
116.235.94.0 - - [07/Dec/2021:10:10:09 +0800] "GET /xingrg/all/function/internal_message.html?_=1638843131288&CODE_STATE=getMsg HTTP/1.1" 200 27
222.69.132.164 - - [07/Dec/2021:10:10:14 +0800] "GET /xingrg/all/function/internal_message.html?_=1638843027996&CODE_STATE=getMsg HTTP/1.1" 200 27
114.83.221.33 - - [07/Dec/2021:10:10:18 +0800] "GET /xingrg/kc/buy/cgsh_order_operate.html?command=get_materiel&rest_code=00149&code=00101006305&supplier_code=00100151&order_time=2021-12-06 HTTP/1.1" 200 398
116.238.248.233 - - [07/Dec/2021:10:10:18 +0800] "GET /xingrg/all/function/internal_message.html?_=1638843017604&CODE_STATE=getMsg HTTP/1.1" 200 27
116.238.248.233 - - [07/Dec/2021:10:10:18 +0800] "GET /xingrg/check_reg.html?_=1638843017608 HTTP/1.1" 200 22
58.35.215.131 - - [07/Dec/2021:10:10:19 +0800] "GET /xingrg/all/function/internal_message.html?_=1638843019216&CODE_STATE=getMsg HTTP/1.1" 200 27
114.85.125.222 - - [07/Dec/2021:10:10:22 +0800] "GET /xingrg/all/function/internal_message.html?_=1638842984089&CODE_STATE=getMsg HTTP/1.1" 200 27
58.39.139.200 - - [07/Dec/2021:10:10:23 +0800] "GET /xingrg/kc/buy/cgsh_order_operate.html?command=get_materiel&rest_code=00105&code=00101009011&supplier_code=00100024&order_time=2021-12-07 HTTP/1.1" 200 418
58.221.95.50 - - [07/Dec/2021:10:10:25 +0800] "GET /xingrg/all/function/internal_message.html?_=1638843028097&CODE_STATE=getMsg HTTP/1.1" 200 27
58.221.95.50 - - [07/Dec/2021:10:10:25 +0800] "GET /xingrg/check_reg.html?_=1638843028208 HTTP/1.1" 200 22
114.83.221.33 - - [07/Dec/2021:10:10:29 +0800] "GET /xingrg/kc/buy/cgsh_order_operate.html?command=get_materiel&rest_code=00149&code=00101006092&supplier_code=00100151&order_time=2021-12-06 HTTP/1.1" 200 408
114.83.221.33 - - [07/Dec/2021:10:10:31 +0800] "GET /xingrg/all/function/internal_message.html?_=1638843029194&CODE_STATE=getMsg HTTP/1.1" 200 27
116.228.172.94 - - [07/Dec/2021:10:10:34 +0800] "POST /xingrg/kc/buy/cgsh_order_operate.html HTTP/1.1" 200 37
180.169.147.146 - - [07/Dec/2021:10:10:34 +0800] "GET /xingrg/all/function/internal_message.html?_=1638843038212&CODE_STATE=getMsg HTTP/1.1" 200 27
172.20.0.100 - - [07/Dec/2021:10:10:39 +0800] "GET /xingrg/all/function/internal_message.html?_=1638843038032&CODE_STATE=getMsg HTTP/1.1" 200 27
116.239.131.8 - - [07/Dec/2021:10:10:39 +0800] "GET /xingrg/all/function/internal_message.html?_=1638843038763&CODE_STATE=getMsg HTTP/1.1" 200 27
114.83.221.33 - - [07/Dec/2021:10:10:41 +0800] "GET /xingrg/kc/buy/cgsh_order_operate.html?command=get_materiel&rest_code=00149&code=00101006183&supplier_code=00100151&order_time=2021-12-06 HTTP/1.1" 200 409
116.228.172.94 - - [07/Dec/2021:10:10:41 +0800] "POST /xingrg/kc/buy/cgsh_order_operate.html HTTP/1.1" 200 12
58.221.95.50 - - [07/Dec/2021:10:10:45 +0800] "GET /xingrg/kc/base/wldb_order_operate.html?command=get_materiel&rest_code=00152&base_code=0010647&code=00102021017 HTTP/1.1" 200 438
180.157.253.6 - - [07/Dec/2021:10:10:48 +0800] "GET /xingrg/check_reg.html?_=1638843048509 HTTP/1.1" 200 22
180.157.253.6 - - [07/Dec/2021:10:10:48 +0800] "GET /xingrg/all/function/internal_message.html?_=1638843048511&CODE_STATE=getMsg HTTP/1.1" 200 27
114.86.226.73 - - [07/Dec/2021:10:10:49 +0800] "GET /xingrg/all/function/internal_message.html?_=1638843049142&CODE_STATE=getMsg HTTP/1.1" 200 27
116.228.172.94 - - [07/Dec/2021:10:10:51 +0800] "GET /xingrg/kc/buy/cgsh_order_info.html?code=212021120702583 HTTP/1.1" 200 58899
116.228.172.94 - - [07/Dec/2021:10:10:51 +0800] "GET /xingrg/words/20211207094324_words.js HTTP/1.1" 304 -
116.228.172.94 - - [07/Dec/2021:10:10:51 +0800] "GET /xingrg/javascript/easyui/themes/default/validatebox.css HTTP/1.1" 404 1104
116.228.172.94 - - [07/Dec/2021:10:10:52 +0800] "POST /xingrg/kc/buy/cgsh_order_operate.html HTTP/1.1" 200 6692
114.83.221.33 - - [07/Dec/2021:10:10:52 +0800] "GET /xingrg/kc/buy/cgsh_order_operate.html?command=get_materiel&rest_code=00149&code=00101006096&supplier_code=00100151&order_time=2021-12-06 HTTP/1.1" 200 409
180.169.147.146 - - [07/Dec/2021:10:10:53 +0800] "GET /xingrg/all/function/internal_message.html?_=1638843053171&CODE_STATE=getMsg HTTP/1.1" 200 27
114.84.149.84 - - [07/Dec/2021:10:10:54 +0800] "GET /xingrg/all/function/internal_message.html?_=1638842872543&CODE_STATE=getMsg HTTP/1.1" 200 27
114.84.149.84 - - [07/Dec/2021:10:10:54 +0800] "GET /xingrg/check_reg.html?_=1638842872544 HTTP/1.1" 200 22
58.39.139.200 - - [07/Dec/2021:10:10:54 +0800] "GET /xingrg/kc/buy/cgsh_order_operate.html?command=get_materiel&rest_code=00105&code=00101009010&supplier_code=00100024&order_time=2021-12-07 HTTP/1.1" 200 412
222.70.171.86 - - [07/Dec/2021:10:10:54 +0800] "GET /xingrg/all/function/internal_message.html?_=1638843059871&CODE_STATE=getMsg HTTP/1.1" 302 -
116.228.172.94 - - [07/Dec/2021:10:10:54 +0800] "GET /xingrg/kc/print/load_data.html?order_code=212021120702583&kc_code=cgsh&condition= HTTP/1.1" 200 3134
58.39.139.200 - - [07/Dec/2021:10:10:57 +0800] "GET /xingrg/all/function/internal_message.html?_=1638842994659&CODE_STATE=getMsg HTTP/1.1" 200 27
222.70.176.97 - - [07/Dec/2021:10:10:58 +0800] "GET /xingrg/all/function/internal_message.html?_=1638843057583&CODE_STATE=getMsg HTTP/1.1" 200 27
222.70.171.86 - - [07/Dec/2021:10:11:02 +0800] "GET /xingrg/all/function/internal_message.html?_=1638843067108&CODE_STATE=getMsg HTTP/1.1" 200 27
120.253.135.82 - - [07/Dec/2021:10:11:03 +0800] "GET /xingrg/all/function/internal_message.html?_=1638842841192&CODE_STATE=getMsg HTTP/1.1" 200 27
180.169.147.146 - - [07/Dec/2021:10:11:04 +0800] "GET /xingrg/all/function/internal_message.html?_=1638843058115&CODE_STATE=getMsg HTTP/1.1" 200 27
58.221.95.50 - - [07/Dec/2021:10:11:07 +0800] "GET /xingrg/kc/base/wldb_order_operate.html?command=get_materiel&rest_code=00152&base_code=0010647&code=00102021033 HTTP/1.1" 200 435
116.235.94.0 - - [07/Dec/2021:10:11:09 +0800] "GET /xingrg/all/function/internal_message.html?_=1638843191286&CODE_STATE=getMsg HTTP/1.1" 200 27
114.83.221.33 - - [07/Dec/2021:10:11:10 +0800] "GET /xingrg/kc/buy/cgsh_order_operate.html?command=get_materiel&rest_code=00149&code=00101031006&supplier_code=00100151&order_time=2021-12-06 HTTP/1.1" 200 417
222.69.132.164 - - [07/Dec/2021:10:11:14 +0800] "GET /xingrg/check_reg.html?_=1638843087985 HTTP/1.1" 200 22
222.69.132.164 - - [07/Dec/2021:10:11:14 +0800] "GET /xingrg/all/function/internal_message.html?_=1638843087988&CODE_STATE=getMsg HTTP/1.1" 200 27
116.238.248.233 - - [07/Dec/2021:10:11:18 +0800] "GET /xingrg/all/function/internal_message.html?_=1638843077618&CODE_STATE=getMsg HTTP/1.1" 200 27
58.35.215.131 - - [07/Dec/2021:10:11:19 +0800] "GET /xingrg/all/function/internal_message.html?_=1638843079217&CODE_STATE=getMsg HTTP/1.1" 200 27
114.85.125.222 - - [07/Dec/2021:10:11:22 +0800] "GET /xingrg/all/function/internal_message.html?_=1638843044097&CODE_STATE=getMsg HTTP/1.1" 200 27
114.83.221.33 - - [07/Dec/2021:10:11:23 +0800] "POST /xingrg/kc/buy/cgsh_order_operate.html HTTP/1.1" 200 37
58.221.95.50 - - [07/Dec/2021:10:11:25 +0800] "GET /xingrg/all/function/internal_message.html?_=1638843088081&CODE_STATE=getMsg HTTP/1.1" 200 27
180.169.147.146 - - [07/Dec/2021:10:11:34 +0800] "GET /xingrg/all/function/internal_message.html?_=1638843098221&CODE_STATE=getMsg HTTP/1.1" 200 27
172.20.0.100 - - [07/Dec/2021:10:11:39 +0800] "GET /xingrg/all/function/internal_message.html?_=1638843098004&CODE_STATE=getMsg HTTP/1.1" 200 27
114.83.221.33 - - [07/Dec/2021:10:11:39 +0800] "POST /xingrg/kc/buy/cgsh_order_operate.html HTTP/1.1" 200 12
116.239.131.8 - - [07/Dec/2021:10:11:40 +0800] "GET /xingrg/all/function/internal_message.html?_=1638843098776&CODE_STATE=getMsg HTTP/1.1" 200 27
114.83.221.33 - - [07/Dec/2021:10:11:41 +0800] "GET /xingrg/kc/buy/cgsh_order_info.html?code=212021120702584 HTTP/1.1" 200 59891
114.83.221.33 - - [07/Dec/2021:10:11:42 +0800] "GET /xingrg/words/20211207094324_words.js HTTP/1.1" 304 -
114.83.221.33 - - [07/Dec/2021:10:11:42 +0800] "GET /xingrg/javascript/easyui/themes/default/validatebox.css HTTP/1.1" 404 1104
114.83.221.33 - - [07/Dec/2021:10:11:42 +0800] "POST /xingrg/kc/buy/cgsh_order_operate.html HTTP/1.1" 200 5339
114.83.221.33 - - [07/Dec/2021:10:11:44 +0800] "GET /xingrg/kc/print/load_data.html?order_code=212021120702584&kc_code=cgsh&condition= HTTP/1.1" 200 2475
180.157.253.6 - - [07/Dec/2021:10:11:48 +0800] "GET /xingrg/all/function/internal_message.html?_=1638843108509&CODE_STATE=getMsg HTTP/1.1" 200 27
116.228.172.94 - - [07/Dec/2021:10:11:48 +0800] "GET /xingrg/all/function/internal_message.html?_=1638842964075&CODE_STATE=getMsg HTTP/1.1" 200 27
114.86.226.73 - - [07/Dec/2021:10:11:49 +0800] "GET /xingrg/all/function/internal_message.html?_=1638843109142&CODE_STATE=getMsg HTTP/1.1" 200 27
180.169.147.146 - - [07/Dec/2021:10:11:53 +0800] "GET /xingrg/check_reg.html?_=1638843113165 HTTP/1.1" 200 22
180.169.147.146 - - [07/Dec/2021:10:11:53 +0800] "GET /xingrg/all/function/internal_message.html?_=1638843113168&CODE_STATE=getMsg HTTP/1.1" 200 27
114.84.149.84 - - [07/Dec/2021:10:11:54 +0800] "GET /xingrg/all/function/internal_message.html?_=1638842932542&CODE_STATE=getMsg HTTP/1.1" 200 27
222.70.171.86 - - [07/Dec/2021:10:11:54 +0800] "GET /xingrg/all/function/internal_message.html?_=1638843119882&CODE_STATE=getMsg HTTP/1.1" 302 -
58.39.139.200 - - [07/Dec/2021:10:11:57 +0800] "GET /xingrg/check_reg.html?_=1638843054650 HTTP/1.1" 200 22
58.39.139.200 - - [07/Dec/2021:10:11:57 +0800] "GET /xingrg/all/function/internal_message.html?_=1638843054652&CODE_STATE=getMsg HTTP/1.1" 200 27
222.70.176.97 - - [07/Dec/2021:10:11:58 +0800] "GET /xingrg/all/function/internal_message.html?_=1638843117569&CODE_STATE=getMsg HTTP/1.1" 200 27
222.70.176.97 - - [07/Dec/2021:10:11:59 +0800] "GET /xingrg/check_reg.html?_=1638843118167 HTTP/1.1" 200 22
58.39.139.200 - - [07/Dec/2021:10:12:00 +0800] "GET /xingrg/kc/buy/cgsh_order_operate.html?command=get_materiel&rest_code=00105&code=00101009007&supplier_code=00100024&order_time=2021-12-07 HTTP/1.1" 200 408
222.70.171.86 - - [07/Dec/2021:10:12:01 +0800] "GET /xingrg/check_reg.html?_=1638843126127 HTTP/1.1" 200 22
222.70.171.86 - - [07/Dec/2021:10:12:02 +0800] "GET /xingrg/all/function/internal_message.html?_=1638843127122&CODE_STATE=getMsg HTTP/1.1" 200 27
120.253.135.82 - - [07/Dec/2021:10:12:03 +0800] "GET /xingrg/all/function/internal_message.html?_=1638842901213&CODE_STATE=getMsg HTTP/1.1" 200 27
180.169.147.146 - - [07/Dec/2021:10:12:04 +0800] "GET /xingrg/all/function/internal_message.html?_=1638843118113&CODE_STATE=getMsg HTTP/1.1" 200 27
180.169.147.146 - - [07/Dec/2021:10:12:04 +0800] "GET /xingrg/check_reg.html?_=1638843118115 HTTP/1.1" 200 22
116.235.94.0 - - [07/Dec/2021:10:12:09 +0800] "GET /xingrg/all/function/internal_message.html?_=1638843251285&CODE_STATE=getMsg HTTP/1.1" 200 27
116.235.94.0 - - [07/Dec/2021:10:12:09 +0800] "GET /xingrg/check_reg.html?_=1638843251287 HTTP/1.1" 200 22
58.221.95.50 - - [07/Dec/2021:10:12:12 +0800] "GET /xingrg/kc/base/wldb_order_operate.html?command=get_materiel&rest_code=00152&base_code=0010647&code=00102002560 HTTP/1.1" 200 436
222.69.132.164 - - [07/Dec/2021:10:12:14 +0800] "GET /xingrg/all/function/internal_message.html?_=1638843147984&CODE_STATE=getMsg HTTP/1.1" 200 27
116.238.248.233 - - [07/Dec/2021:10:12:18 +0800] "GET /xingrg/all/function/internal_message.html?_=1638843137617&CODE_STATE=getMsg HTTP/1.1" 200 27
58.35.215.131 - - [07/Dec/2021:10:12:19 +0800] "GET /xingrg/all/function/internal_message.html?_=1638843139205&CODE_STATE=getMsg HTTP/1.1" 200 27
180.169.147.146 - - [07/Dec/2021:10:12:19 +0800] "GET /xingrg/check_reg.html?_=1638843142168 HTTP/1.1" 302 -
114.85.125.222 - - [07/Dec/2021:10:12:22 +0800] "GET /xingrg/check_reg.html?_=1638843103696 HTTP/1.1" 200 22
58.221.95.50 - - [07/Dec/2021:10:12:22 +0800] "POST /xingrg/kc/base/wldb_order_operate.html HTTP/1.1" 200 37
114.85.125.222 - - [07/Dec/2021:10:12:22 +0800] "GET /xingrg/all/function/internal_message.html?_=1638843104110&CODE_STATE=getMsg HTTP/1.1" 200 27
58.221.95.50 - - [07/Dec/2021:10:12:22 +0800] "POST /xingrg/kc/base/wldb_order_operate.html HTTP/1.1" 200 7083
58.221.95.50 - - [07/Dec/2021:10:12:24 +0800] "GET /xingrg/kc/base/wldb_order_info.html?code=422021120700680 HTTP/1.1" 200 30297
58.221.95.50 - - [07/Dec/2021:10:12:25 +0800] "GET /xingrg/javascript/easyui/themes/default/validatebox.css HTTP/1.1" 404 1104
58.221.95.50 - - [07/Dec/2021:10:12:25 +0800] "GET /xingrg/all/function/internal_message.html?_=1638843148075&CODE_STATE=getMsg HTTP/1.1" 200 27
58.221.95.50 - - [07/Dec/2021:10:12:25 +0800] "POST /xingrg/kc/base/wldb_order_operate.html HTTP/1.1" 200 7083
114.83.221.33 - - [07/Dec/2021:10:12:31 +0800] "GET /xingrg/all/function/internal_message.html?_=1638843149193&CODE_STATE=getMsg HTTP/1.1" 200 27
114.83.221.33 - - [07/Dec/2021:10:12:31 +0800] "GET /xingrg/check_reg.html?_=1638843149194 HTTP/1.1" 200 22
180.169.147.146 - - [07/Dec/2021:10:12:34 +0800] "GET /xingrg/all/function/internal_message.html?_=1638843158222&CODE_STATE=getMsg HTTP/1.1" 200 27
172.20.0.100 - - [07/Dec/2021:10:12:39 +0800] "GET /xingrg/all/function/internal_message.html?_=1638843157976&CODE_STATE=getMsg HTTP/1.1" 200 27
116.239.131.8 - - [07/Dec/2021:10:12:40 +0800] "GET /xingrg/all/function/internal_message.html?_=1638843159180&CODE_STATE=getMsg HTTP/1.1" 200 27
58.39.139.200 - - [07/Dec/2021:10:12:44 +0800] "POST /xingrg/kc/buy/cgsh_order_operate.html HTTP/1.1" 200 37
172.20.0.100 - - [07/Dec/2021:10:12:44 +0800] "GET /xingrg/check_reg.html?_=1638843163356 HTTP/1.1" 200 22
58.39.139.200 - - [07/Dec/2021:10:12:46 +0800] "POST /xingrg/kc/buy/cgsh_order_operate.html HTTP/1.1" 200 5613
180.157.253.6 - - [07/Dec/2021:10:12:48 +0800] "GET /xingrg/all/function/internal_message.html?_=1638843168508&CODE_STATE=getMsg HTTP/1.1" 200 27
58.39.139.200 - - [07/Dec/2021:10:12:48 +0800] "GET /xingrg/kc/print/load_data.html?order_code=212021120702585&kc_code=cgsh&condition= HTTP/1.1" 200 1810
116.228.172.94 - - [07/Dec/2021:10:12:48 +0800] "GET /xingrg/all/function/internal_message.html?_=1638843024059&CODE_STATE=getMsg HTTP/1.1" 200 27
114.86.226.73 - - [07/Dec/2021:10:12:49 +0800] "GET /xingrg/all/function/internal_message.html?_=1638843169139&CODE_STATE=getMsg HTTP/1.1" 200 27
180.169.147.146 - - [07/Dec/2021:10:12:53 +0800] "GET /xingrg/all/function/internal_message.html?_=1638843173184&CODE_STATE=getMsg HTTP/1.1" 200 27
114.84.149.84 - - [07/Dec/2021:10:12:54 +0800] "GET /xingrg/all/function/internal_message.html?_=1638842992541&CODE_STATE=getMsg HTTP/1.1" 200 27
222.70.171.86 - - [07/Dec/2021:10:12:54 +0800] "GET /xingrg/all/function/internal_message.html?_=1638843179897&CODE_STATE=getMsg HTTP/1.1" 302 -
58.39.139.200 - - [07/Dec/2021:10:12:57 +0800] "GET /xingrg/all/function/internal_message.html?_=1638843114651&CODE_STATE=getMsg HTTP/1.1" 200 27
222.70.176.97 - - [07/Dec/2021:10:12:58 +0800] "GET /xingrg/all/function/internal_message.html?_=1638843177544&CODE_STATE=getMsg HTTP/1.1" 200 27
222.70.171.86 - - [07/Dec/2021:10:13:02 +0800] "GET /xingrg/all/function/internal_message.html?_=1638843187135&CODE_STATE=getMsg HTTP/1.1" 200 27
120.253.135.82 - - [07/Dec/2021:10:13:03 +0800] "GET /xingrg/all/function/internal_message.html?_=1638842961218&CODE_STATE=getMsg HTTP/1.1" 200 27
180.169.147.146 - - [07/Dec/2021:10:13:04 +0800] "GET /xingrg/all/function/internal_message.html?_=1638843178113&CODE_STATE=getMsg HTTP/1.1" 200 27
58.221.95.50 - - [07/Dec/2021:10:13:06 +0800] "POST /xingrg/kc/base/wldb_order_operate.html HTTP/1.1" 200 37
58.221.95.50 - - [07/Dec/2021:10:13:06 +0800] "POST /xingrg/kc/base/wldb_order_operate.html HTTP/1.1" 200 7083
116.235.94.0 - - [07/Dec/2021:10:13:09 +0800] "GET /xingrg/all/function/internal_message.html?_=1638843311286&CODE_STATE=getMsg HTTP/1.1" 200 27
58.221.95.50 - - [07/Dec/2021:10:13:13 +0800] "POST /xingrg/kc/base/wldb_order_operate.html HTTP/1.1" 200 12
222.69.132.164 - - [07/Dec/2021:10:13:14 +0800] "GET /xingrg/all/function/internal_message.html?_=1638843207971&CODE_STATE=getMsg HTTP/1.1" 200 27
58.221.95.50 - - [07/Dec/2021:10:13:17 +0800] "GET /xingrg/kc/base/wldb_order_info.html?code=422021120700680 HTTP/1.1" 200 26161
58.221.95.50 - - [07/Dec/2021:10:13:18 +0800] "GET /xingrg/javascript/easyui/themes/default/validatebox.css HTTP/1.1" 404 1104
58.221.95.50 - - [07/Dec/2021:10:13:18 +0800] "POST /xingrg/kc/base/wldb_order_operate.html HTTP/1.1" 200 5241
116.238.248.233 - - [07/Dec/2021:10:13:18 +0800] "GET /xingrg/all/function/internal_message.html?_=1638843197615&CODE_STATE=getMsg HTTP/1.1" 200 27
58.35.215.131 - - [07/Dec/2021:10:13:19 +0800] "GET /xingrg/all/function/internal_message.html?_=1638843199206&CODE_STATE=getMsg HTTP/1.1" 200 27
58.35.215.131 - - [07/Dec/2021:10:13:19 +0800] "GET /xingrg/check_reg.html?_=1638843199207 HTTP/1.1" 200 22
114.85.125.222 - - [07/Dec/2021:10:13:22 +0800] "GET /xingrg/all/function/internal_message.html?_=1638843164124&CODE_STATE=getMsg HTTP/1.1" 200 27
58.39.139.200 - - [07/Dec/2021:10:13:24 +0800] "GET /xingrg/kc/buy/cgsh_order_add.html HTTP/1.1" 200 64986
58.39.139.200 - - [07/Dec/2021:10:13:24 +0800] "GET /xingrg/words/20211207094324_words.js HTTP/1.1" 304 -
58.39.139.200 - - [07/Dec/2021:10:13:24 +0800] "POST /xingrg/kc/buy/cgsh_order_operate.html HTTP/1.1" 200 8245
58.39.139.200 - - [07/Dec/2021:10:13:24 +0800] "GET /xingrg/javascript/easyui/themes/default/validatebox.css HTTP/1.1" 404 1104
58.221.95.50 - - [07/Dec/2021:10:13:25 +0800] "GET /xingrg/all/function/internal_message.html?_=1638843208052&CODE_STATE=getMsg HTTP/1.1" 200 27
58.221.95.50 - - [07/Dec/2021:10:13:29 +0800] "GET /xingrg/kc/base/wldb_order_add.html HTTP/1.1" 200 30278
58.221.95.50 - - [07/Dec/2021:10:13:29 +0800] "POST /xingrg/kc/base/wldb_order_operate.html HTTP/1.1" 200 6806
58.221.95.50 - - [07/Dec/2021:10:13:29 +0800] "GET /xingrg/javascript/easyui/themes/default/validatebox.css HTTP/1.1" 404 1104
114.83.221.33 - - [07/Dec/2021:10:13:31 +0800] "GET /xingrg/all/function/internal_message.html?_=1638843209172&CODE_STATE=getMsg HTTP/1.1" 200 27
58.221.95.50 - - [07/Dec/2021:10:13:32 +0800] "POST /xingrg/all/common/load_combo.html?type=base HTTP/1.1" 200 890
180.169.147.146 - - [07/Dec/2021:10:13:34 +0800] "GET /xingrg/all/function/internal_message.html?_=1638843218230&CODE_STATE=getMsg HTTP/1.1" 200 27
180.169.147.146 - - [07/Dec/2021:10:13:34 +0800] "GET /xingrg/check_reg.html?_=1638843218228 HTTP/1.1" 200 22
116.239.131.8 - - [07/Dec/2021:10:13:35 +0800] "GET /xingrg/check_reg.html?_=1638843213641 HTTP/1.1" 200 22
58.221.95.50 - - [07/Dec/2021:10:13:35 +0800] "POST /xingrg/all/common/load_combo.html?type=base HTTP/1.1" 200 890
172.20.0.100 - - [07/Dec/2021:10:13:39 +0800] "GET /xingrg/all/function/internal_message.html?_=1638843217952&CODE_STATE=getMsg HTTP/1.1" 200 27
116.239.131.8 - - [07/Dec/2021:10:13:40 +0800] "GET /xingrg/all/function/internal_message.html?_=1638843219193&CODE_STATE=getMsg HTTP/1.1" 200 27
180.157.253.6 - - [07/Dec/2021:10:13:48 +0800] "GET /xingrg/all/function/internal_message.html?_=1638843228507&CODE_STATE=getMsg HTTP/1.1" 200 27
58.39.139.200 - - [07/Dec/2021:10:13:48 +0800] "GET /xingrg/kc/buy/cgsh_order_operate.html?command=get_materiel&rest_code=00105&code=00101006113&supplier_code=00100012&order_time=2021-12-07 HTTP/1.1" 200 413
116.228.172.94 - - [07/Dec/2021:10:13:48 +0800] "GET /xingrg/all/function/internal_message.html?_=1638843084032&CODE_STATE=getMsg HTTP/1.1" 200 27
114.86.226.73 - - [07/Dec/2021:10:13:49 +0800] "GET /xingrg/all/function/internal_message.html?_=1638843229144&CODE_STATE=getMsg HTTP/1.1" 200 27
180.169.147.146 - - [07/Dec/2021:10:13:53 +0800] "GET /xingrg/all/function/internal_message.html?_=1638843233179&CODE_STATE=getMsg HTTP/1.1" 200 27
114.84.149.84 - - [07/Dec/2021:10:13:54 +0800] "GET /xingrg/all/function/internal_message.html?_=1638843052540&CODE_STATE=getMsg HTTP/1.1" 200 27
222.70.171.86 - - [07/Dec/2021:10:13:54 +0800] "GET /xingrg/all/function/internal_message.html?_=1638843239909&CODE_STATE=getMsg HTTP/1.1" 302 -
58.39.139.200 - - [07/Dec/2021:10:13:57 +0800] "GET /xingrg/all/function/internal_message.html?_=1638843174657&CODE_STATE=getMsg HTTP/1.1" 200 27
222.70.176.97 - - [07/Dec/2021:10:13:58 +0800] "GET /xingrg/all/function/internal_message.html?_=1638843237527&CODE_STATE=getMsg HTTP/1.1" 200 27
222.70.171.86 - - [07/Dec/2021:10:14:02 +0800] "GET /xingrg/all/function/internal_message.html?_=1638843247149&CODE_STATE=getMsg HTTP/1.1" 200 27
120.253.135.82 - - [07/Dec/2021:10:14:03 +0800] "GET /xingrg/check_reg.html?_=1638843020576 HTTP/1.1" 200 22
120.253.135.82 - - [07/Dec/2021:10:14:03 +0800] "GET /xingrg/all/function/internal_message.html?_=1638843021232&CODE_STATE=getMsg HTTP/1.1" 200 27
180.169.147.146 - - [07/Dec/2021:10:14:04 +0800] "GET /xingrg/all/function/internal_message.html?_=1638843238111&CODE_STATE=getMsg HTTP/1.1" 200 27
116.235.94.0 - - [07/Dec/2021:10:14:09 +0800] "GET /xingrg/all/function/internal_message.html?_=1638843371284&CODE_STATE=getMsg HTTP/1.1" 200 27
222.69.132.164 - - [07/Dec/2021:10:14:14 +0800] "GET /xingrg/all/function/internal_message.html?_=1638843267980&CODE_STATE=getMsg HTTP/1.1" 200 27
116.238.248.233 - - [07/Dec/2021:10:14:18 +0800] "GET /xingrg/all/function/internal_message.html?_=1638843257629&CODE_STATE=getMsg HTTP/1.1" 200 27
58.35.215.131 - - [07/Dec/2021:10:14:19 +0800] "GET /xingrg/all/function/internal_message.html?_=1638843259209&CODE_STATE=getMsg HTTP/1.1" 200 27
114.85.125.222 - - [07/Dec/2021:10:14:22 +0800] "GET /xingrg/all/function/internal_message.html?_=1638843224137&CODE_STATE=getMsg HTTP/1.1" 200 27
58.221.95.50 - - [07/Dec/2021:10:14:25 +0800] "GET /xingrg/all/function/internal_message.html?_=1638843268030&CODE_STATE=getMsg HTTP/1.1" 200 27
114.83.221.33 - - [07/Dec/2021:10:14:31 +0800] "GET /xingrg/all/function/internal_message.html?_=1638843269153&CODE_STATE=getMsg HTTP/1.1" 200 27
180.169.147.146 - - [07/Dec/2021:10:14:34 +0800] "GET /xingrg/all/function/internal_message.html?_=1638843278228&CODE_STATE=getMsg HTTP/1.1" 200 27
172.20.0.100 - - [07/Dec/2021:10:14:39 +0800] "GET /xingrg/all/function/internal_message.html?_=1638843277928&CODE_STATE=getMsg HTTP/1.1" 200 27
116.239.131.8 - - [07/Dec/2021:10:14:40 +0800] "GET /xingrg/all/function/internal_message.html?_=1638843279209&CODE_STATE=getMsg HTTP/1.1" 200 27
116.228.172.94 - - [07/Dec/2021:10:14:41 +0800] "GET /xingrg/check_reg.html?_=1638843136985 HTTP/1.1" 200 22
58.39.139.200 - - [07/Dec/2021:10:14:43 +0800] "GET /xingrg/kc/buy/cgsh_order_operate.html?command=get_materiel&rest_code=00105&code=00101010248&supplier_code=00100012&order_time=2021-12-07 HTTP/1.1" 200 430
58.39.139.200 - - [07/Dec/2021:10:14:47 +0800] "POST /xingrg/all/common/load_select.html HTTP/1.1" 200 25
222.70.171.86 - - [07/Dec/2021:10:14:48 +0800] "GET /xingrg/check_reg.html?_=1638843292362 HTTP/1.1" 200 22
180.157.253.6 - - [07/Dec/2021:10:14:48 +0800] "GET /xingrg/all/function/internal_message.html?_=1638843288506&CODE_STATE=getMsg HTTP/1.1" 200 27
116.228.172.94 - - [07/Dec/2021:10:14:48 +0800] "GET /xingrg/all/function/internal_message.html?_=1638843144007&CODE_STATE=getMsg HTTP/1.1" 200 27
114.86.226.73 - - [07/Dec/2021:10:14:49 +0800] "GET /xingrg/all/function/internal_message.html?_=1638843289148&CODE_STATE=getMsg HTTP/1.1" 200 27
114.86.226.73 - - [07/Dec/2021:10:14:49 +0800] "GET /xingrg/check_reg.html?_=1638843289150 HTTP/1.1" 200 22
222.70.171.86 - - [07/Dec/2021:10:14:52 +0800] "GET /xingrg/check_reg.html?_=1638843297684 HTTP/1.1" 302 -
180.169.147.146 - - [07/Dec/2021:10:14:53 +0800] "GET /xingrg/all/function/internal_message.html?_=1638843293169&CODE_STATE=getMsg HTTP/1.1" 200 27
58.39.139.200 - - [07/Dec/2021:10:14:54 +0800] "GET /xingrg/kc/buy/cgsh_order_operate.html?command=get_materiel_price&rest_code=00105&code=00101010248&unit_code=00100043&supplier_code=00100012&order_time=2021-12-07 HTTP/1.1" 200 29
114.84.149.84 - - [07/Dec/2021:10:14:54 +0800] "GET /xingrg/all/function/internal_message.html?_=1638843112539&CODE_STATE=getMsg HTTP/1.1" 200 27
222.70.171.86 - - [07/Dec/2021:10:14:54 +0800] "GET /xingrg/all/function/internal_message.html?_=1638843299924&CODE_STATE=getMsg HTTP/1.1" 302 -
58.39.139.200 - - [07/Dec/2021:10:14:57 +0800] "GET /xingrg/all/function/internal_message.html?_=1638843234659&CODE_STATE=getMsg HTTP/1.1" 200 27
222.70.176.97 - - [07/Dec/2021:10:14:58 +0800] "GET /xingrg/all/function/internal_message.html?_=1638843297511&CODE_STATE=getMsg HTTP/1.1" 200 27
58.221.95.50 - - [07/Dec/2021:10:15:00 +0800] "GET /xingrg/kc/base/wldb_order_operate.html?command=get_materiel&rest_code=00152&base_code=0010647&code=00102002694 HTTP/1.1" 200 416
222.70.171.86 - - [07/Dec/2021:10:15:02 +0800] "GET /xingrg/all/function/internal_message.html?_=1638843307166&CODE_STATE=getMsg HTTP/1.1" 200 27
120.253.135.82 - - [07/Dec/2021:10:15:04 +0800] "GET /xingrg/all/function/internal_message.html?_=1638843081246&CODE_STATE=getMsg HTTP/1.1" 200 27
180.169.147.146 - - [07/Dec/2021:10:15:04 +0800] "GET /xingrg/all/function/internal_message.html?_=1638843298110&CODE_STATE=getMsg HTTP/1.1" 200 27
116.235.94.0 - - [07/Dec/2021:10:15:09 +0800] "GET /xingrg/all/function/internal_message.html?_=1638843431284&CODE_STATE=getMsg HTTP/1.1" 200 27
222.69.132.164 - - [07/Dec/2021:10:15:14 +0800] "GET /xingrg/all/function/internal_message.html?_=1638843327975&CODE_STATE=getMsg HTTP/1.1" 200 27
116.238.248.233 - - [07/Dec/2021:10:15:18 +0800] "GET /xingrg/all/function/internal_message.html?_=1638843317635&CODE_STATE=getMsg HTTP/1.1" 200 27
116.238.248.233 - - [07/Dec/2021:10:15:18 +0800] "GET /xingrg/check_reg.html?_=1638843317637 HTTP/1.1" 200 22
58.35.215.131 - - [07/Dec/2021:10:15:19 +0800] "GET /xingrg/all/function/internal_message.html?_=1638843319212&CODE_STATE=getMsg HTTP/1.1" 200 27
114.85.125.222 - - [07/Dec/2021:10:15:22 +0800] "GET /xingrg/all/function/internal_message.html?_=1638843284173&CODE_STATE=getMsg HTTP/1.1" 200 27
58.39.139.200 - - [07/Dec/2021:10:15:23 +0800] "GET /xingrg/kc/buy/cgsh_order_operate.html?command=get_materiel&rest_code=00105&code=00101006184&supplier_code=00100012&order_time=2021-12-07 HTTP/1.1" 200 408
58.221.95.50 - - [07/Dec/2021:10:15:25 +0800] "GET /xingrg/all/function/internal_message.html?_=1638843328006&CODE_STATE=getMsg HTTP/1.1" 200 27
58.221.95.50 - - [07/Dec/2021:10:15:25 +0800] "GET /xingrg/check_reg.html?_=1638843328203 HTTP/1.1" 200 22
58.221.95.50 - - [07/Dec/2021:10:15:30 +0800] "GET /xingrg/kc/base/wldb_order_operate.html?command=get_materiel&rest_code=00152&base_code=0010647&code=00102016542 HTTP/1.1" 200 439
114.83.221.33 - - [07/Dec/2021:10:15:31 +0800] "GET /xingrg/all/function/internal_message.html?_=1638843329127&CODE_STATE=getMsg HTTP/1.1" 200 27
180.169.147.146 - - [07/Dec/2021:10:15:34 +0800] "GET /xingrg/all/function/internal_message.html?_=1638843338234&CODE_STATE=getMsg HTTP/1.1" 200 27
172.20.0.100 - - [07/Dec/2021:10:15:38 +0800] "GET /xingrg/all/function/internal_message.html?_=1638843337905&CODE_STATE=getMsg HTTP/1.1" 200 27
116.239.131.8 - - [07/Dec/2021:10:15:40 +0800] "GET /xingrg/all/function/internal_message.html?_=1638843339619&CODE_STATE=getMsg HTTP/1.1" 200 27
180.157.253.6 - - [07/Dec/2021:10:15:48 +0800] "GET /xingrg/all/function/internal_message.html?_=1638843348506&CODE_STATE=getMsg HTTP/1.1" 200 27
180.157.253.6 - - [07/Dec/2021:10:15:48 +0800] "GET /xingrg/check_reg.html?_=1638843348508 HTTP/1.1" 200 22
116.228.172.94 - - [07/Dec/2021:10:15:48 +0800] "GET /xingrg/all/function/internal_message.html?_=1638843203992&CODE_STATE=getMsg HTTP/1.1" 200 27
114.86.226.73 - - [07/Dec/2021:10:15:49 +0800] "GET /xingrg/all/function/internal_message.html?_=1638843349145&CODE_STATE=getMsg HTTP/1.1" 200 27
180.169.147.146 - - [07/Dec/2021:10:15:53 +0800] "GET /xingrg/all/function/internal_message.html?_=1638843353163&CODE_STATE=getMsg HTTP/1.1" 200 27
114.84.149.84 - - [07/Dec/2021:10:15:54 +0800] "GET /xingrg/all/function/internal_message.html?_=1638843172549&CODE_STATE=getMsg HTTP/1.1" 200 27
114.84.149.84 - - [07/Dec/2021:10:15:54 +0800] "GET /xingrg/check_reg.html?_=1638843172551 HTTP/1.1" 200 22
222.70.171.86 - - [07/Dec/2021:10:15:54 +0800] "GET /xingrg/all/function/internal_message.html?_=1638843359939&CODE_STATE=getMsg HTTP/1.1" 302 -
58.39.139.200 - - [07/Dec/2021:10:15:57 +0800] "GET /xingrg/all/function/internal_message.html?_=1638843294658&CODE_STATE=getMsg HTTP/1.1" 200 27
222.70.176.97 - - [07/Dec/2021:10:15:58 +0800] "GET /xingrg/all/function/internal_message.html?_=1638843357495&CODE_STATE=getMsg HTTP/1.1" 200 27
116.228.172.94 - - [07/Dec/2021:10:16:01 +0800] "GET /xingrg/kc/mdqp/qp_main.html HTTP/1.1" 200 10633
222.70.171.86 - - [07/Dec/2021:10:16:02 +0800] "GET /xingrg/all/function/internal_message.html?_=1638843367176&CODE_STATE=getMsg HTTP/1.1" 200 27
116.228.172.94 - - [07/Dec/2021:10:16:02 +0800] "GET /xingrg/kc/base/base_main.html HTTP/1.1" 200 12142
120.253.135.82 - - [07/Dec/2021:10:16:04 +0800] "GET /xingrg/all/function/internal_message.html?_=1638843141260&CODE_STATE=getMsg HTTP/1.1" 200 27
180.169.147.146 - - [07/Dec/2021:10:16:04 +0800] "GET /xingrg/all/function/internal_message.html?_=1638843358109&CODE_STATE=getMsg HTTP/1.1" 200 27
116.228.172.94 - - [07/Dec/2021:10:16:05 +0800] "GET /xingrg/kc/base/wldb_order_list.html HTTP/1.1" 200 19064
116.228.172.94 - - [07/Dec/2021:10:16:06 +0800] "POST /xingrg/kc/base/wldb_list_operate.html HTTP/1.1" 200 928
116.228.172.94 - - [07/Dec/2021:10:16:07 +0800] "GET /xingrg/kc/base/wldb_order_add.html HTTP/1.1" 200 30274
116.228.172.94 - - [07/Dec/2021:10:16:07 +0800] "GET /xingrg/words/20211207094324_words.js HTTP/1.1" 304 -
116.228.172.94 - - [07/Dec/2021:10:16:07 +0800] "POST /xingrg/kc/base/wldb_order_operate.html HTTP/1.1" 200 6806
116.228.172.94 - - [07/Dec/2021:10:16:07 +0800] "GET /xingrg/all/common/auto_word.html?type=base&rest_code=00153 HTTP/1.1" 200 651
116.228.172.94 - - [07/Dec/2021:10:16:07 +0800] "GET /xingrg/all/common/auto_word.html?type=base&rest_code=00153 HTTP/1.1" 200 651
116.228.172.94 - - [07/Dec/2021:10:16:07 +0800] "GET /xingrg/javascript/easyui/themes/default/validatebox.css HTTP/1.1" 404 1104
116.228.172.94 - - [07/Dec/2021:10:16:08 +0800] "POST /xingrg/all/common/load_combo.html?type=base HTTP/1.1" 200 1154
116.235.94.0 - - [07/Dec/2021:10:16:09 +0800] "GET /xingrg/all/function/internal_message.html?_=1638843491282&CODE_STATE=getMsg HTTP/1.1" 200 27
116.228.172.94 - - [07/Dec/2021:10:16:11 +0800] "POST /xingrg/all/common/load_combo.html?type=base HTTP/1.1" 200 1154
124.78.153.86 - - [07/Dec/2021:10:16:13 +0800] "GET /xingrg/all/function/internal_message.html?_=1638843382024&CODE_STATE=getMsg HTTP/1.1" 200 27
124.78.153.86 - - [07/Dec/2021:10:16:13 +0800] "GET /xingrg/check_reg.html?_=1638843382050 HTTP/1.1" 200 22
124.78.153.86 - - [07/Dec/2021:10:16:14 +0800] "POST /xingrg/kc/buy/cgsh_order_operate.html HTTP/1.1" 200 9147
222.69.132.164 - - [07/Dec/2021:10:16:14 +0800] "GET /xingrg/all/function/internal_message.html?_=1638843387992&CODE_STATE=getMsg HTTP/1.1" 200 27
222.69.132.164 - - [07/Dec/2021:10:16:14 +0800] "GET /xingrg/check_reg.html?_=1638843387994 HTTP/1.1" 200 22
116.238.248.233 - - [07/Dec/2021:10:16:18 +0800] "GET /xingrg/all/function/internal_message.html?_=1638843377636&CODE_STATE=getMsg HTTP/1.1" 200 27
58.35.215.131 - - [07/Dec/2021:10:16:19 +0800] "GET /xingrg/all/function/internal_message.html?_=1638843379213&CODE_STATE=getMsg HTTP/1.1" 200 27
114.85.125.222 - - [07/Dec/2021:10:16:22 +0800] "GET /xingrg/all/function/internal_message.html?_=1638843344180&CODE_STATE=getMsg HTTP/1.1" 200 27
116.228.172.94 - - [07/Dec/2021:10:16:24 +0800] "GET /xingrg/kc/base/wldb_order_operate.html?command=get_materiel&rest_code=00153&base_code=0010656&code=00102001008 HTTP/1.1" 200 427
58.221.95.50 - - [07/Dec/2021:10:16:25 +0800] "GET /xingrg/all/function/internal_message.html?_=1638843387986&CODE_STATE=getMsg HTTP/1.1" 200 27
114.83.221.33 - - [07/Dec/2021:10:16:31 +0800] "GET /xingrg/all/function/internal_message.html?_=1638843389117&CODE_STATE=getMsg HTTP/1.1" 200 27
58.221.95.50 - - [07/Dec/2021:10:16:31 +0800] "GET /xingrg/kc/base/wldb_order_operate.html?command=get_materiel&rest_code=00152&base_code=0010647&code=00102002749 HTTP/1.1" 200 415
180.169.147.146 - - [07/Dec/2021:10:16:34 +0800] "GET /xingrg/all/function/internal_message.html?_=1638843398228&CODE_STATE=getMsg HTTP/1.1" 200 27
116.228.172.94 - - [07/Dec/2021:10:16:37 +0800] "POST /xingrg/kc/base/wldb_order_operate.html HTTP/1.1" 200 37
116.228.172.94 - - [07/Dec/2021:10:16:38 +0800] "POST /xingrg/kc/base/wldb_order_operate.html HTTP/1.1" 200 2185
172.20.0.100 - - [07/Dec/2021:10:16:38 +0800] "GET /xingrg/all/function/internal_message.html?_=1638843397876&CODE_STATE=getMsg HTTP/1.1" 200 27
116.239.131.8 - - [07/Dec/2021:10:16:40 +0800] "GET /xingrg/all/function/internal_message.html?_=1638843399625&CODE_STATE=getMsg HTTP/1.1" 200 27
116.228.172.94 - - [07/Dec/2021:10:16:43 +0800] "POST /xingrg/kc/base/wldb_order_operate.html HTTP/1.1" 200 12
116.228.172.94 - - [07/Dec/2021:10:16:45 +0800] "GET /xingrg/kc/base/wldb_order_info.html?code=422021120700681 HTTP/1.1" 200 26152
116.228.172.94 - - [07/Dec/2021:10:16:45 +0800] "GET /xingrg/javascript/easyui/themes/default/validatebox.css HTTP/1.1" 404 1104
58.221.95.50 - - [07/Dec/2021:10:16:46 +0800] "POST /xingrg/kc/base/wldb_order_operate.html HTTP/1.1" 200 37
116.228.172.94 - - [07/Dec/2021:10:16:46 +0800] "POST /xingrg/kc/base/wldb_order_operate.html HTTP/1.1" 200 479
58.221.95.50 - - [07/Dec/2021:10:16:46 +0800] "POST /xingrg/kc/base/wldb_order_operate.html HTTP/1.1" 200 3142
180.157.253.6 - - [07/Dec/2021:10:16:48 +0800] "GET /xingrg/all/function/internal_message.html?_=1638843408507&CODE_STATE=getMsg HTTP/1.1" 200 27
116.228.172.94 - - [07/Dec/2021:10:16:48 +0800] "GET /xingrg/all/function/internal_message.html?_=1638843263980&CODE_STATE=getMsg HTTP/1.1" 200 27
114.86.226.73 - - [07/Dec/2021:10:16:49 +0800] "GET /xingrg/all/function/internal_message.html?_=1638843409153&CODE_STATE=getMsg HTTP/1.1" 200 27
180.169.147.146 - - [07/Dec/2021:10:16:53 +0800] "GET /xingrg/all/function/internal_message.html?_=1638843413176&CODE_STATE=getMsg HTTP/1.1" 200 27
180.169.147.146 - - [07/Dec/2021:10:16:53 +0800] "GET /xingrg/check_reg.html?_=1638843413178 HTTP/1.1" 200 22
114.84.149.84 - - [07/Dec/2021:10:16:54 +0800] "GET /xingrg/all/function/internal_message.html?_=1638843232551&CODE_STATE=getMsg HTTP/1.1" 200 27
222.70.171.86 - - [07/Dec/2021:10:16:54 +0800] "GET /xingrg/all/function/internal_message.html?_=1638843419952&CODE_STATE=getMsg HTTP/1.1" 302 -
58.39.139.200 - - [07/Dec/2021:10:16:57 +0800] "GET /xingrg/check_reg.html?_=1638843354666 HTTP/1.1" 200 22
58.39.139.200 - - [07/Dec/2021:10:16:57 +0800] "GET /xingrg/all/function/internal_message.html?_=1638843354669&CODE_STATE=getMsg HTTP/1.1" 200 27
222.70.176.97 - - [07/Dec/2021:10:16:58 +0800] "GET /xingrg/all/function/internal_message.html?_=1638843417479&CODE_STATE=getMsg HTTP/1.1" 200 27
222.70.176.97 - - [07/Dec/2021:10:16:59 +0800] "GET /xingrg/check_reg.html?_=1638843418137 HTTP/1.1" 200 22
222.70.171.86 - - [07/Dec/2021:10:17:01 +0800] "GET /xingrg/check_reg.html?_=1638843426132 HTTP/1.1" 200 22
58.221.95.50 - - [07/Dec/2021:10:17:02 +0800] "GET /xingrg/kc/base/wldb_order_info.html?code=422021120700682 HTTP/1.1" 200 30293
222.70.171.86 - - [07/Dec/2021:10:17:02 +0800] "GET /xingrg/all/function/internal_message.html?_=1638843427190&CODE_STATE=getMsg HTTP/1.1" 200 27
58.221.95.50 - - [07/Dec/2021:10:17:03 +0800] "GET /xingrg/javascript/easyui/themes/default/validatebox.css HTTP/1.1" 404 1104
58.221.95.50 - - [07/Dec/2021:10:17:03 +0800] "POST /xingrg/kc/base/wldb_order_operate.html HTTP/1.1" 200 3142
120.253.135.82 - - [07/Dec/2021:10:17:04 +0800] "GET /xingrg/all/function/internal_message.html?_=1638843201292&CODE_STATE=getMsg HTTP/1.1" 200 27
180.169.147.146 - - [07/Dec/2021:10:17:04 +0800] "GET /xingrg/check_reg.html?_=1638843418125 HTTP/1.1" 200 22
180.169.147.146 - - [07/Dec/2021:10:17:04 +0800] "GET /xingrg/all/function/internal_message.html?_=1638843418124&CODE_STATE=getMsg HTTP/1.1" 200 27
116.235.94.0 - - [07/Dec/2021:10:17:09 +0800] "GET /xingrg/all/function/internal_message.html?_=1638843551280&CODE_STATE=getMsg HTTP/1.1" 200 27
116.235.94.0 - - [07/Dec/2021:10:17:09 +0800] "GET /xingrg/check_reg.html?_=1638843551281 HTTP/1.1" 200 22
58.221.95.50 - - [07/Dec/2021:10:17:11 +0800] "GET /xingrg/kc/base/wldb_order_operate.html?command=get_materiel&rest_code=00152&base_code=0010647&code=00102008138 HTTP/1.1" 200 411
124.78.153.86 - - [07/Dec/2021:10:17:12 +0800] "POST /xingrg/kc/buy/cgsh_order_operate.html HTTP/1.1" 200 37
124.78.153.86 - - [07/Dec/2021:10:17:13 +0800] "GET /xingrg/all/function/internal_message.html?_=1638843442029&CODE_STATE=getMsg HTTP/1.1" 200 27
124.78.153.86 - - [07/Dec/2021:10:17:14 +0800] "POST /xingrg/kc/buy/cgsh_order_operate.html HTTP/1.1" 200 9147
222.69.132.164 - - [07/Dec/2021:10:17:14 +0800] "GET /xingrg/all/function/internal_message.html?_=1638843447995&CODE_STATE=getMsg HTTP/1.1" 200 27
61.151.178.165 - - [07/Dec/2021:10:17:16 +0800] "GET /xingrg/all/function/internal_message.html?_=1638843382024&CODE_STATE=getMsg HTTP/1.1" 302 -
116.238.248.233 - - [07/Dec/2021:10:17:18 +0800] "GET /xingrg/all/function/internal_message.html?_=1638843437645&CODE_STATE=getMsg HTTP/1.1" 200 27
58.221.95.50 - - [07/Dec/2021:10:17:19 +0800] "POST /xingrg/kc/base/wldb_order_operate.html HTTP/1.1" 200 37
58.35.215.131 - - [07/Dec/2021:10:17:19 +0800] "GET /xingrg/all/function/internal_message.html?_=1638843439214&CODE_STATE=getMsg HTTP/1.1" 200 27
180.169.147.146 - - [07/Dec/2021:10:17:19 +0800] "GET /xingrg/check_reg.html?_=1638843442150 HTTP/1.1" 302 -
58.221.95.50 - - [07/Dec/2021:10:17:20 +0800] "POST /xingrg/kc/base/wldb_order_operate.html HTTP/1.1" 200 3142
58.221.95.50 - - [07/Dec/2021:10:17:21 +0800] "GET /xingrg/kc/base/wldb_order_info.html?code=422021120700682 HTTP/1.1" 200 30293
58.221.95.50 - - [07/Dec/2021:10:17:21 +0800] "GET /xingrg/javascript/easyui/themes/default/validatebox.css HTTP/1.1" 404 1104
58.221.95.50 - - [07/Dec/2021:10:17:22 +0800] "POST /xingrg/kc/base/wldb_order_operate.html HTTP/1.1" 200 3142
114.85.125.222 - - [07/Dec/2021:10:17:22 +0800] "GET /xingrg/check_reg.html?_=1638843403717 HTTP/1.1" 200 22
114.85.125.222 - - [07/Dec/2021:10:17:22 +0800] "GET /xingrg/all/function/internal_message.html?_=1638843404194&CODE_STATE=getMsg HTTP/1.1" 200 27
61.151.178.165 - - [07/Dec/2021:10:17:23 +0800] "GET /xingrg/login.html HTTP/1.1" 200 7641
58.221.95.50 - - [07/Dec/2021:10:17:25 +0800] "GET /xingrg/all/function/internal_message.html?_=1638843447980&CODE_STATE=getMsg HTTP/1.1" 200 27
101.89.239.238 - - [07/Dec/2021:10:17:28 +0800] "GET /xingrg/check_reg.html?_=1638843382050 HTTP/1.1" 302 -
101.89.239.238 - - [07/Dec/2021:10:17:29 +0800] "GET /xingrg/login.html HTTP/1.1" 200 7641
114.83.221.33 - - [07/Dec/2021:10:17:31 +0800] "GET /xingrg/all/function/internal_message.html?_=1638843449090&CODE_STATE=getMsg HTTP/1.1" 200 27
114.83.221.33 - - [07/Dec/2021:10:17:31 +0800] "GET /xingrg/check_reg.html?_=1638843449216 HTTP/1.1" 200 22
124.78.153.86 - - [07/Dec/2021:10:17:32 +0800] "GET /xingrg/kc/buy/cgsh_order_operate.html?command=get_materiel&rest_code=00106&code=00101008312&supplier_code=00100007&order_time=2021-12-07 HTTP/1.1" 200 412
180.169.147.146 - - [07/Dec/2021:10:17:34 +0800] "GET /xingrg/all/function/internal_message.html?_=1638843458241&CODE_STATE=getMsg HTTP/1.1" 200 27
172.20.0.100 - - [07/Dec/2021:10:17:38 +0800] "GET /xingrg/all/function/internal_message.html?_=1638843457847&CODE_STATE=getMsg HTTP/1.1" 200 27
58.221.95.50 - - [07/Dec/2021:10:17:39 +0800] "POST /xingrg/kc/base/wldb_order_operate.html HTTP/1.1" 200 37
58.221.95.50 - - [07/Dec/2021:10:17:40 +0800] "POST /xingrg/kc/base/wldb_order_operate.html HTTP/1.1" 200 3142
116.239.131.8 - - [07/Dec/2021:10:17:41 +0800] "GET /xingrg/all/function/internal_message.html?_=1638843460049&CODE_STATE=getMsg HTTP/1.1" 200 27
172.20.0.100 - - [07/Dec/2021:10:17:44 +0800] "GET /xingrg/check_reg.html?_=1638843463354 HTTP/1.1" 200 22
124.78.153.86 - - [07/Dec/2021:10:17:45 +0800] "GET /xingrg/kc/buy/cgsh_order_operate.html?command=get_materiel&rest_code=00106&code=00101008109&supplier_code=00100007&order_time=2021-12-07 HTTP/1.1" 200 413
58.221.95.50 - - [07/Dec/2021:10:17:46 +0800] "POST /xingrg/kc/base/wldb_order_operate.html HTTP/1.1" 200 12
180.157.253.6 - - [07/Dec/2021:10:17:48 +0800] "GET /xingrg/all/function/internal_message.html?_=1638843468532&CODE_STATE=getMsg HTTP/1.1" 200 27
116.228.172.94 - - [07/Dec/2021:10:17:48 +0800] "GET /xingrg/all/function/internal_message.html?_=1638843323965&CODE_STATE=getMsg HTTP/1.1" 200 27
114.86.226.73 - - [07/Dec/2021:10:17:49 +0800] "GET /xingrg/all/function/internal_message.html?_=1638843469149&CODE_STATE=getMsg HTTP/1.1" 200 27
58.221.95.50 - - [07/Dec/2021:10:17:50 +0800] "GET /xingrg/kc/base/wldb_order_info.html?code=422021120700682 HTTP/1.1" 200 26157
58.221.95.50 - - [07/Dec/2021:10:17:50 +0800] "GET /xingrg/javascript/easyui/themes/default/validatebox.css HTTP/1.1" 404 1104
58.221.95.50 - - [07/Dec/2021:10:17:50 +0800] "POST /xingrg/kc/base/wldb_order_operate.html HTTP/1.1" 200 1415
180.169.147.146 - - [07/Dec/2021:10:17:53 +0800] "GET /xingrg/all/function/internal_message.html?_=1638843473172&CODE_STATE=getMsg HTTP/1.1" 200 27
114.84.149.84 - - [07/Dec/2021:10:17:54 +0800] "GET /xingrg/all/function/internal_message.html?_=1638843292553&CODE_STATE=getMsg HTTP/1.1" 200 27
124.78.153.86 - - [07/Dec/2021:10:17:54 +0800] "GET /xingrg/kc/buy/cgsh_order_operate.html?command=get_materiel&rest_code=00106&code=00101008283&supplier_code=00100007&order_time=2021-12-07 HTTP/1.1" 200 408
222.70.171.86 - - [07/Dec/2021:10:17:54 +0800] "GET /xingrg/all/function/internal_message.html?_=1638843479969&CODE_STATE=getMsg HTTP/1.1" 302 -
