116.238.248.233 - - [05/Dec/2021:09:20:03 +0800] "GET /xingrg/kc/buy/cgsh_order_operate.html?command=get_materiel&rest_code=00150&code=00101011003&supplier_code=00100047&order_time=2021-12-05 HTTP/1.1" 200 413
116.232.50.210 - - [05/Dec/2021:09:20:05 +0800] "GET /xingrg/kc/buy/cgsh_order_operate.html?command=get_materiel&rest_code=00109&code=00101008131&supplier_code=00100005&order_time=2021-12-05 HTTP/1.1" 200 408
120.253.135.82 - - [05/Dec/2021:09:20:09 +0800] "GET /xingrg/check_reg.html?_=1638667212951 HTTP/1.1" 200 22
116.238.248.233 - - [05/Dec/2021:09:20:11 +0800] "POST /xingrg/kc/buy/cgsh_order_operate.html HTTP/1.1" 200 37
116.232.50.210 - - [05/Dec/2021:09:20:11 +0800] "GET /xingrg/kc/buy/cgsh_order_operate.html?command=get_materiel&rest_code=00109&code=00101008296&supplier_code=00100005&order_time=2021-12-05 HTTP/1.1" 200 416
222.70.171.86 - - [05/Dec/2021:09:20:14 +0800] "GET /xingrg/all/function/internal_message.html?_=1638667215058&CODE_STATE=getMsg HTTP/1.1" 200 27
116.238.248.233 - - [05/Dec/2021:09:20:14 +0800] "POST /xingrg/kc/buy/cgsh_order_operate.html HTTP/1.1" 200 12
116.238.248.233 - - [05/Dec/2021:09:20:15 +0800] "GET /xingrg/kc/buy/cgsh_order_info.html?code=212021120501739 HTTP/1.1" 200 59936
116.238.248.233 - - [05/Dec/2021:09:20:15 +0800] "GET /xingrg/javascript/easyui/themes/default/validatebox.css HTTP/1.1" 404 1104
116.238.248.233 - - [05/Dec/2021:09:20:16 +0800] "POST /xingrg/kc/buy/cgsh_order_operate.html HTTP/1.1" 200 1197
116.232.50.210 - - [05/Dec/2021:09:20:17 +0800] "GET /xingrg/kc/buy/cgsh_order_operate.html?command=get_materiel&rest_code=00109&code=00101008353&supplier_code=00100005&order_time=2021-12-05 HTTP/1.1" 200 408
116.238.248.233 - - [05/Dec/2021:09:20:17 +0800] "GET /xingrg/kc/print/load_data.html?order_code=212021120501739&kc_code=cgsh&condition= HTTP/1.1" 200 983
222.70.176.97 - - [05/Dec/2021:09:20:19 +0800] "GET /xingrg/all/function/internal_message.html?_=1638667216516&CODE_STATE=getMsg HTTP/1.1" 200 27
120.253.135.82 - - [05/Dec/2021:09:20:20 +0800] "GET /xingrg/all/function/internal_message.html?_=1638666998060&CODE_STATE=getMsg HTTP/1.1" 200 27
114.85.125.222 - - [05/Dec/2021:09:20:20 +0800] "GET /xingrg/all/function/internal_message.html?_=1638667184763&CODE_STATE=getMsg HTTP/1.1" 200 27
116.232.50.210 - - [05/Dec/2021:09:20:20 +0800] "GET /xingrg/all/function/internal_message.html?_=1638667222668&CODE_STATE=getMsg HTTP/1.1" 200 27
116.232.50.210 - - [05/Dec/2021:09:20:22 +0800] "GET /xingrg/kc/buy/cgsh_order_operate.html?command=get_materiel&rest_code=00109&code=00101008225&supplier_code=00100005&order_time=2021-12-05 HTTP/1.1" 200 416
116.238.248.233 - - [05/Dec/2021:09:20:22 +0800] "GET /xingrg/kc/buy/cgsh_order_add.html HTTP/1.1" 200 65027
116.238.248.233 - - [05/Dec/2021:09:20:22 +0800] "GET /xingrg/javascript/easyui/themes/default/validatebox.css HTTP/1.1" 404 1104
116.238.248.233 - - [05/Dec/2021:09:20:22 +0800] "POST /xingrg/kc/buy/cgsh_order_operate.html HTTP/1.1" 200 8245
58.39.139.200 - - [05/Dec/2021:09:20:23 +0800] "GET /xingrg/all/function/internal_message.html?_=1638667224930&CODE_STATE=getMsg HTTP/1.1" 200 27
116.232.50.210 - - [05/Dec/2021:09:20:23 +0800] "POST /xingrg/kc/buy/cgsh_order_operate.html HTTP/1.1" 200 2065
116.232.50.210 - - [05/Dec/2021:09:20:26 +0800] "GET /xingrg/kc/buy/cgsh_order_operate.html?command=get_materiel&rest_code=00109&code=00101008298&supplier_code=00100005&order_time=2021-12-05 HTTP/1.1" 200 412
180.169.147.146 - - [05/Dec/2021:09:20:27 +0800] "GET /xingrg/all/function/internal_message.html?_=1638667229074&CODE_STATE=getMsg HTTP/1.1" 200 27
180.169.147.146 - - [05/Dec/2021:09:20:27 +0800] "GET /xingrg/check_reg.html?_=1638667228451 HTTP/1.1" 200 22
180.169.147.146 - - [05/Dec/2021:09:20:27 +0800] "GET /xingrg/all/function/internal_message.html?_=1638667228453&CODE_STATE=getMsg HTTP/1.1" 200 27
116.232.50.210 - - [05/Dec/2021:09:20:32 +0800] "GET /xingrg/kc/buy/cgsh_order_operate.html?command=get_materiel&rest_code=00109&code=00101008283&supplier_code=00100005&order_time=2021-12-05 HTTP/1.1" 200 408
120.253.135.82 - - [05/Dec/2021:09:20:37 +0800] "GET /xingrg/all/function/internal_message.html?_=1638667240951&CODE_STATE=getMsg HTTP/1.1" 200 27
116.238.248.233 - - [05/Dec/2021:09:20:37 +0800] "GET /xingrg/kc/buy/cgsh_order_operate.html?command=get_materiel&rest_code=00150&code=00101008091&supplier_code=00100007&order_time=2021-12-05 HTTP/1.1" 200 413
116.232.50.210 - - [05/Dec/2021:09:20:38 +0800] "GET /xingrg/kc/buy/cgsh_order_operate.html?command=get_materiel&rest_code=00109&code=00101008350&supplier_code=00100005&order_time=2021-12-05 HTTP/1.1" 200 408
172.20.0.100 - - [05/Dec/2021:09:20:39 +0800] "GET /xingrg/all/function/internal_message.html?_=1638667239998&CODE_STATE=getMsg HTTP/1.1" 200 27
116.227.210.113 - - [05/Dec/2021:09:20:40 +0800] "GET /xingrg/all/function/internal_message.html?_=1638667239366&CODE_STATE=getMsg HTTP/1.1" 200 27
116.238.248.233 - - [05/Dec/2021:09:20:44 +0800] "GET /xingrg/all/function/internal_message.html?_=1638667244172&CODE_STATE=getMsg HTTP/1.1" 200 27
222.70.171.86 - - [05/Dec/2021:09:20:45 +0800] "GET /xingrg/kc/buy/cgsh_order_operate.html?command=get_materiel&rest_code=00146&code=00101015067&supplier_code=00100005&order_time=2021-12-05 HTTP/1.1" 200 412
116.232.50.210 - - [05/Dec/2021:09:20:45 +0800] "GET /xingrg/kc/buy/cgsh_order_operate.html?command=get_materiel&rest_code=00109&code=00101008110&supplier_code=00100005&order_time=2021-12-05 HTTP/1.1" 200 410
116.238.248.233 - - [05/Dec/2021:09:20:45 +0800] "GET /xingrg/kc/buy/cgsh_order_operate.html?command=get_materiel&rest_code=00150&code=00101008027&supplier_code=00100007&order_time=2021-12-05 HTTP/1.1" 200 408
116.232.50.210 - - [05/Dec/2021:09:20:51 +0800] "GET /xingrg/kc/buy/cgsh_order_operate.html?command=get_materiel&rest_code=00109&code=00101008290&supplier_code=00100005&order_time=2021-12-05 HTTP/1.1" 200 416
116.238.248.233 - - [05/Dec/2021:09:20:52 +0800] "GET /xingrg/kc/buy/cgsh_order_operate.html?command=get_materiel&rest_code=00150&code=00101008037&supplier_code=00100007&order_time=2021-12-05 HTTP/1.1" 200 413
116.232.50.210 - - [05/Dec/2021:09:20:52 +0800] "POST /xingrg/kc/buy/cgsh_order_operate.html HTTP/1.1" 200 2065
222.70.171.86 - - [05/Dec/2021:09:20:52 +0800] "POST /xingrg/kc/buy/cgsh_order_operate.html HTTP/1.1" 200 2065
172.20.0.100 - - [05/Dec/2021:09:20:53 +0800] "GET /xingrg/check_reg.html?_=1638667253202 HTTP/1.1" 200 22
116.232.50.210 - - [05/Dec/2021:09:20:58 +0800] "GET /xingrg/kc/buy/cgsh_order_operate.html?command=get_materiel&rest_code=00109&code=00101008223&supplier_code=00100005&order_time=2021-12-05 HTTP/1.1" 200 412
116.238.248.233 - - [05/Dec/2021:09:20:58 +0800] "GET /xingrg/kc/buy/cgsh_order_operate.html?command=get_materiel&rest_code=00150&code=00101008257&supplier_code=00100007&order_time=2021-12-05 HTTP/1.1" 200 416
222.70.171.86 - - [05/Dec/2021:09:21:00 +0800] "GET /xingrg/kc/buy/cgsh_order_operate.html?command=get_materiel&rest_code=00146&code=00101008283&supplier_code=00100005&order_time=2021-12-05 HTTP/1.1" 200 408
116.238.248.233 - - [05/Dec/2021:09:21:04 +0800] "GET /xingrg/kc/buy/cgsh_order_operate.html?command=get_materiel&rest_code=00150&code=00101008156&supplier_code=00100007&order_time=2021-12-05 HTTP/1.1" 200 414
114.85.125.222 - - [05/Dec/2021:09:21:05 +0800] "GET /xingrg/check_reg.html?_=1638667229786 HTTP/1.1" 200 22
116.232.50.210 - - [05/Dec/2021:09:21:05 +0800] "GET /xingrg/kc/buy/cgsh_order_operate.html?command=get_materiel&rest_code=00109&code=00101008286&supplier_code=00100005&order_time=2021-12-05 HTTP/1.1" 200 408
120.253.135.82 - - [05/Dec/2021:09:21:08 +0800] "GET /xingrg/kc/buy/cgsh_order_operate.html?command=get_materiel&rest_code=00101&code=00102034005&supplier_code=00100380&order_time=2021-12-05 HTTP/1.1" 200 448
116.232.50.210 - - [05/Dec/2021:09:21:11 +0800] "GET /xingrg/kc/buy/cgsh_order_operate.html?command=get_materiel&rest_code=00109&code=00101008005&supplier_code=00100005&order_time=2021-12-05 HTTP/1.1" 200 412
116.238.248.233 - - [05/Dec/2021:09:21:12 +0800] "GET /xingrg/kc/buy/cgsh_order_operate.html?command=get_materiel&rest_code=00150&code=00101008349&supplier_code=00100007&order_time=2021-12-05 HTTP/1.1" 200 412
222.70.171.86 - - [05/Dec/2021:09:21:14 +0800] "GET /xingrg/all/function/internal_message.html?_=1638667275071&CODE_STATE=getMsg HTTP/1.1" 200 27
222.70.171.86 - - [05/Dec/2021:09:21:18 +0800] "GET /xingrg/kc/buy/cgsh_order_operate.html?command=get_materiel&rest_code=00146&code=00101008223&supplier_code=00100005&order_time=2021-12-05 HTTP/1.1" 200 412
116.232.50.210 - - [05/Dec/2021:09:21:18 +0800] "GET /xingrg/kc/buy/cgsh_order_operate.html?command=get_materiel&rest_code=00109&code=00101008353&supplier_code=00100005&order_time=2021-12-05 HTTP/1.1" 200 408
222.70.176.97 - - [05/Dec/2021:09:21:19 +0800] "GET /xingrg/all/function/internal_message.html?_=1638667276499&CODE_STATE=getMsg HTTP/1.1" 200 27
120.253.135.82 - - [05/Dec/2021:09:21:20 +0800] "GET /xingrg/all/function/internal_message.html?_=1638667058078&CODE_STATE=getMsg HTTP/1.1" 200 27
114.85.125.222 - - [05/Dec/2021:09:21:20 +0800] "GET /xingrg/all/function/internal_message.html?_=1638667244776&CODE_STATE=getMsg HTTP/1.1" 200 27
116.232.50.210 - - [05/Dec/2021:09:21:20 +0800] "GET /xingrg/all/function/internal_message.html?_=1638667282677&CODE_STATE=getMsg HTTP/1.1" 200 27
58.39.139.200 - - [05/Dec/2021:09:21:23 +0800] "GET /xingrg/all/function/internal_message.html?_=1638667284910&CODE_STATE=getMsg HTTP/1.1" 200 27
120.253.135.82 - - [05/Dec/2021:09:21:23 +0800] "POST /xingrg/kc/buy/cgsh_order_operate.html HTTP/1.1" 200 37
120.253.135.82 - - [05/Dec/2021:09:21:26 +0800] "POST /xingrg/kc/buy/cgsh_order_operate.html HTTP/1.1" 200 5147
116.238.248.233 - - [05/Dec/2021:09:21:26 +0800] "GET /xingrg/kc/buy/cgsh_order_operate.html?command=get_materiel&rest_code=00150&code=00101008350&supplier_code=00100007&order_time=2021-12-05 HTTP/1.1" 200 408
116.232.50.210 - - [05/Dec/2021:09:21:27 +0800] "GET /xingrg/kc/buy/cgsh_order_operate.html?command=get_materiel&rest_code=00109&code=00101008095&supplier_code=00100005&order_time=2021-12-05 HTTP/1.1" 200 412
180.169.147.146 - - [05/Dec/2021:09:21:27 +0800] "GET /xingrg/all/function/internal_message.html?_=1638667289062&CODE_STATE=getMsg HTTP/1.1" 200 27
180.169.147.146 - - [05/Dec/2021:09:21:27 +0800] "GET /xingrg/all/function/internal_message.html?_=1638667288442&CODE_STATE=getMsg HTTP/1.1" 200 27
116.232.50.210 - - [05/Dec/2021:09:21:29 +0800] "POST /xingrg/kc/buy/cgsh_order_operate.html HTTP/1.1" 200 2065
120.253.135.82 - - [05/Dec/2021:09:21:34 +0800] "GET /xingrg/kc/buy/cgsh_order_list.html HTTP/1.1" 200 49374
116.232.50.210 - - [05/Dec/2021:09:21:35 +0800] "GET /xingrg/kc/buy/cgsh_order_operate.html?command=get_materiel&rest_code=00109&code=00101008168&supplier_code=00100005&order_time=2021-12-05 HTTP/1.1" 200 412
116.238.248.233 - - [05/Dec/2021:09:21:37 +0800] "GET /xingrg/kc/buy/cgsh_order_operate.html?command=get_materiel&rest_code=00150&code=00101008149&supplier_code=00100007&order_time=2021-12-05 HTTP/1.1" 200 408
180.169.147.146 - - [05/Dec/2021:09:21:37 +0800] "POST /xingrg/all/report/load_report_page.html HTTP/1.1" 200 154739
120.253.135.82 - - [05/Dec/2021:09:21:37 +0800] "GET /xingrg/all/function/internal_message.html?_=1638667300964&CODE_STATE=getMsg HTTP/1.1" 200 27
180.169.147.146 - - [05/Dec/2021:09:21:37 +0800] "GET /xingrg/servlets/image?cache=0.6710767569060269&image=px HTTP/1.1" 200 807
120.253.135.82 - - [05/Dec/2021:09:21:38 +0800] "POST /xingrg/kc/buy/cgsh_list_operate.html HTTP/1.1" 200 1681
180.169.147.146 - - [05/Dec/2021:09:21:38 +0800] "POST /xingrg/all/report/load_report_page.html HTTP/1.1" 200 155424
180.169.147.146 - - [05/Dec/2021:09:21:38 +0800] "GET /xingrg/servlets/image?cache=0.9587960769268797&image=px HTTP/1.1" 200 807
172.20.0.100 - - [05/Dec/2021:09:21:39 +0800] "GET /xingrg/all/function/internal_message.html?_=1638667300000&CODE_STATE=getMsg HTTP/1.1" 200 27
116.227.210.113 - - [05/Dec/2021:09:21:40 +0800] "GET /xingrg/all/function/internal_message.html?_=1638667299351&CODE_STATE=getMsg HTTP/1.1" 200 27
120.253.135.82 - - [05/Dec/2021:09:21:42 +0800] "GET /xingrg/kc/pszx/mdps_order_list.html?orderType=0 HTTP/1.1" 200 21130
120.253.135.82 - - [05/Dec/2021:09:21:42 +0800] "POST /xingrg/kc/pszx/mdps_list_operate.html HTTP/1.1" 200 5251
116.238.248.233 - - [05/Dec/2021:09:21:44 +0800] "GET /xingrg/all/function/internal_message.html?_=1638667304188&CODE_STATE=getMsg HTTP/1.1" 200 27
120.253.135.82 - - [05/Dec/2021:09:21:44 +0800] "POST /xingrg/kc/pszx/mdps_list_operate.html HTTP/1.1" 200 565
222.70.171.86 - - [05/Dec/2021:09:21:45 +0800] "GET /xingrg/kc/buy/cgsh_order_operate.html?command=get_materiel&rest_code=00146&code=00101008168&supplier_code=00100005&order_time=2021-12-05 HTTP/1.1" 200 412
120.253.135.82 - - [05/Dec/2021:09:21:45 +0800] "GET /xingrg/kc/pszx/mdps_order_info.html?code=312021120500140 HTTP/1.1" 200 23928
120.253.135.82 - - [05/Dec/2021:09:21:46 +0800] "GET /xingrg/all/common/auto_word.html?type=base&rest_code=00101 HTTP/1.1" 200 613
120.253.135.82 - - [05/Dec/2021:09:21:46 +0800] "GET /xingrg/javascript/easyui/themes/default/validatebox.css HTTP/1.1" 404 1104
120.253.135.82 - - [05/Dec/2021:09:21:46 +0800] "POST /xingrg/kc/pszx/mdps_order_operate.html HTTP/1.1" 200 4327
116.232.50.210 - - [05/Dec/2021:09:21:48 +0800] "GET /xingrg/kc/buy/cgsh_order_operate.html?command=get_materiel&rest_code=00109&code=00101008114&supplier_code=00100005&order_time=2021-12-05 HTTP/1.1" 200 412
116.238.248.233 - - [05/Dec/2021:09:21:50 +0800] "GET /xingrg/kc/buy/cgsh_order_operate.html?command=get_materiel&rest_code=00150&code=00101008096&supplier_code=00100007&order_time=2021-12-05 HTTP/1.1" 200 412
120.253.135.82 - - [05/Dec/2021:09:21:52 +0800] "GET /xingrg/kc/print/load_config.html?kc_code=mdps HTTP/1.1" 200 2390
120.253.135.82 - - [05/Dec/2021:09:21:52 +0800] "GET /xingrg/kc/print/load_data.html?order_code=312021120500140&kc_code=mdps&condition= HTTP/1.1" 200 1658
116.232.50.210 - - [05/Dec/2021:09:21:55 +0800] "GET /xingrg/kc/buy/cgsh_order_operate.html?command=get_materiel&rest_code=00109&code=00101015046&supplier_code=00100005&order_time=2021-12-05 HTTP/1.1" 200 412
116.238.248.233 - - [05/Dec/2021:09:21:58 +0800] "GET /xingrg/kc/buy/cgsh_order_operate.html?command=get_materiel&rest_code=00150&code=00101008163&supplier_code=00100007&order_time=2021-12-05 HTTP/1.1" 200 409
116.232.50.210 - - [05/Dec/2021:09:22:02 +0800] "GET /xingrg/kc/buy/cgsh_order_operate.html?command=get_materiel&rest_code=00109&code=00101015038&supplier_code=00100005&order_time=2021-12-05 HTTP/1.1" 200 418
222.70.171.86 - - [05/Dec/2021:09:22:05 +0800] "GET /xingrg/kc/buy/cgsh_order_operate.html?command=get_materiel&rest_code=00146&code=00101013165&supplier_code=00100005&order_time=2021-12-05 HTTP/1.1" 200 409
116.238.248.233 - - [05/Dec/2021:09:22:07 +0800] "GET /xingrg/kc/buy/cgsh_order_operate.html?command=get_materiel&rest_code=00150&code=00101008246&supplier_code=00100007&order_time=2021-12-05 HTTP/1.1" 200 408
116.232.50.210 - - [05/Dec/2021:09:22:10 +0800] "GET /xingrg/kc/buy/cgsh_order_operate.html?command=get_materiel&rest_code=00109&code=00101008283&supplier_code=00100005&order_time=2021-12-05 HTTP/1.1" 200 408
116.232.50.210 - - [05/Dec/2021:09:22:11 +0800] "POST /xingrg/kc/buy/cgsh_order_operate.html HTTP/1.1" 200 2065
222.70.171.86 - - [05/Dec/2021:09:22:14 +0800] "GET /xingrg/all/function/internal_message.html?_=1638667335085&CODE_STATE=getMsg HTTP/1.1" 200 27
116.232.50.210 - - [05/Dec/2021:09:22:17 +0800] "GET /xingrg/kc/buy/cgsh_order_operate.html?command=get_materiel&rest_code=00109&code=00101008096&supplier_code=00100005&order_time=2021-12-05 HTTP/1.1" 200 412
222.70.176.97 - - [05/Dec/2021:09:22:19 +0800] "GET /xingrg/all/function/internal_message.html?_=1638667336484&CODE_STATE=getMsg HTTP/1.1" 200 27
120.253.135.82 - - [05/Dec/2021:09:22:20 +0800] "GET /xingrg/check_reg.html?_=1638667118028 HTTP/1.1" 200 22
120.253.135.82 - - [05/Dec/2021:09:22:20 +0800] "GET /xingrg/all/function/internal_message.html?_=1638667118087&CODE_STATE=getMsg HTTP/1.1" 200 27
114.85.125.222 - - [05/Dec/2021:09:22:20 +0800] "GET /xingrg/all/function/internal_message.html?_=1638667304790&CODE_STATE=getMsg HTTP/1.1" 200 27
116.232.50.210 - - [05/Dec/2021:09:22:20 +0800] "GET /xingrg/all/function/internal_message.html?_=1638667342676&CODE_STATE=getMsg HTTP/1.1" 200 27
58.39.139.200 - - [05/Dec/2021:09:22:23 +0800] "GET /xingrg/all/function/internal_message.html?_=1638667344890&CODE_STATE=getMsg HTTP/1.1" 200 27
58.39.139.200 - - [05/Dec/2021:09:22:23 +0800] "GET /xingrg/check_reg.html?_=1638667345314 HTTP/1.1" 200 22
116.238.248.233 - - [05/Dec/2021:09:22:24 +0800] "GET /xingrg/kc/buy/cgsh_order_operate.html?command=get_materiel&rest_code=00150&code=00101020156&supplier_code=00100007&order_time=2021-12-05 HTTP/1.1" 200 415
116.232.50.210 - - [05/Dec/2021:09:22:26 +0800] "GET /xingrg/kc/buy/cgsh_order_operate.html?command=get_materiel&rest_code=00109&code=00101008323&supplier_code=00100005&order_time=2021-12-05 HTTP/1.1" 200 430
180.169.147.146 - - [05/Dec/2021:09:22:27 +0800] "GET /xingrg/all/function/internal_message.html?_=1638667349045&CODE_STATE=getMsg HTTP/1.1" 200 27
180.169.147.146 - - [05/Dec/2021:09:22:27 +0800] "GET /xingrg/all/function/internal_message.html?_=1638667348453&CODE_STATE=getMsg HTTP/1.1" 200 27
222.70.171.86 - - [05/Dec/2021:09:22:33 +0800] "GET /xingrg/kc/buy/cgsh_order_operate.html?command=get_materiel&rest_code=00146&code=00101008236&supplier_code=00100005&order_time=2021-12-05 HTTP/1.1" 200 416
120.253.135.82 - - [05/Dec/2021:09:22:34 +0800] "GET /xingrg/kc/buy/cgsh_order_list.html HTTP/1.1" 200 49374
120.253.135.82 - - [05/Dec/2021:09:22:37 +0800] "GET /xingrg/all/function/internal_message.html?_=1638667361007&CODE_STATE=getMsg HTTP/1.1" 200 27
120.253.135.82 - - [05/Dec/2021:09:22:38 +0800] "POST /xingrg/kc/buy/cgsh_list_operate.html HTTP/1.1" 200 1681
172.20.0.100 - - [05/Dec/2021:09:22:39 +0800] "GET /xingrg/all/function/internal_message.html?_=1638667360002&CODE_STATE=getMsg HTTP/1.1" 200 27
116.227.210.113 - - [05/Dec/2021:09:22:40 +0800] "GET /xingrg/all/function/internal_message.html?_=1638667359339&CODE_STATE=getMsg HTTP/1.1" 200 27
120.253.135.82 - - [05/Dec/2021:09:22:40 +0800] "POST /xingrg/kc/buy/cgsh_list_operate.html HTTP/1.1" 200 565
120.253.135.82 - - [05/Dec/2021:09:22:40 +0800] "GET /xingrg/kc/buy/cgsh_order_info.html?code=212021120501740 HTTP/1.1" 200 64170
120.253.135.82 - - [05/Dec/2021:09:22:41 +0800] "GET /xingrg/javascript/easyui/themes/default/validatebox.css HTTP/1.1" 404 1104
222.70.171.86 - - [05/Dec/2021:09:22:41 +0800] "POST /xingrg/kc/buy/cgsh_order_operate.html HTTP/1.1" 200 2065
120.253.135.82 - - [05/Dec/2021:09:22:42 +0800] "POST /xingrg/kc/buy/cgsh_order_operate.html HTTP/1.1" 200 5147
116.238.248.233 - - [05/Dec/2021:09:22:44 +0800] "GET /xingrg/all/function/internal_message.html?_=1638667364201&CODE_STATE=getMsg HTTP/1.1" 200 27
116.232.50.210 - - [05/Dec/2021:09:22:44 +0800] "GET /xingrg/kc/buy/cgsh_order_operate.html?command=get_materiel&rest_code=00109&code=00101008209&supplier_code=00100005&order_time=2021-12-05 HTTP/1.1" 200 408
116.238.248.233 - - [05/Dec/2021:09:22:49 +0800] "GET /xingrg/kc/buy/cgsh_order_operate.html?command=get_materiel&rest_code=00150&code=00101008087&supplier_code=00100007&order_time=2021-12-05 HTTP/1.1" 200 412
116.232.50.210 - - [05/Dec/2021:09:22:53 +0800] "GET /xingrg/kc/buy/cgsh_order_operate.html?command=get_materiel&rest_code=00109&code=00101008300&supplier_code=00100005&order_time=2021-12-05 HTTP/1.1" 200 412
222.70.171.86 - - [05/Dec/2021:09:22:55 +0800] "GET /xingrg/kc/buy/cgsh_order_operate.html?command=get_materiel&rest_code=00146&code=00101020152&supplier_code=00100005&order_time=2021-12-05 HTTP/1.1" 200 416
116.238.248.233 - - [05/Dec/2021:09:22:58 +0800] "GET /xingrg/kc/buy/cgsh_order_operate.html?command=get_materiel&rest_code=00150&code=00101008372&supplier_code=00100007&order_time=2021-12-05 HTTP/1.1" 200 408
120.253.135.82 - - [05/Dec/2021:09:23:04 +0800] "GET /xingrg/kc/print/load_config.html?kc_code=cgsh HTTP/1.1" 200 2281
120.253.135.82 - - [05/Dec/2021:09:23:04 +0800] "GET /xingrg/kc/print/load_data.html?order_code=212021120501740&kc_code=cgsh&condition= HTTP/1.1" 200 1706
116.238.248.233 - - [05/Dec/2021:09:23:05 +0800] "GET /xingrg/kc/buy/cgsh_order_operate.html?command=get_materiel&rest_code=00150&code=00101008264&supplier_code=00100007&order_time=2021-12-05 HTTP/1.1" 200 412
116.232.50.210 - - [05/Dec/2021:09:23:07 +0800] "GET /xingrg/kc/buy/cgsh_order_operate.html?command=get_materiel&rest_code=00109&code=00101008069&supplier_code=00100005&order_time=2021-12-05 HTTP/1.1" 200 412
116.232.50.210 - - [05/Dec/2021:09:23:08 +0800] "POST /xingrg/kc/buy/cgsh_order_operate.html HTTP/1.1" 200 2065
116.238.248.233 - - [05/Dec/2021:09:23:12 +0800] "GET /xingrg/kc/buy/cgsh_order_operate.html?command=get_materiel&rest_code=00150&code=00101008321&supplier_code=00100007&order_time=2021-12-05 HTTP/1.1" 200 412
116.232.50.210 - - [05/Dec/2021:09:23:12 +0800] "GET /xingrg/kc/buy/cgsh_order_operate.html?command=get_materiel&rest_code=00109&code=00101020139&supplier_code=00100005&order_time=2021-12-05 HTTP/1.1" 200 452
222.70.171.86 - - [05/Dec/2021:09:23:14 +0800] "GET /xingrg/all/function/internal_message.html?_=1638667395098&CODE_STATE=getMsg HTTP/1.1" 200 27
222.70.176.97 - - [05/Dec/2021:09:23:19 +0800] "GET /xingrg/all/function/internal_message.html?_=1638667396469&CODE_STATE=getMsg HTTP/1.1" 200 27
116.238.248.233 - - [05/Dec/2021:09:23:19 +0800] "GET /xingrg/kc/buy/cgsh_order_operate.html?command=get_materiel&rest_code=00150&code=00101008360&supplier_code=00100007&order_time=2021-12-05 HTTP/1.1" 200 413
120.253.135.82 - - [05/Dec/2021:09:23:20 +0800] "GET /xingrg/all/function/internal_message.html?_=1638667178137&CODE_STATE=getMsg HTTP/1.1" 200 27
114.85.125.222 - - [05/Dec/2021:09:23:20 +0800] "GET /xingrg/all/function/internal_message.html?_=1638667364816&CODE_STATE=getMsg HTTP/1.1" 200 27
116.232.50.210 - - [05/Dec/2021:09:23:20 +0800] "GET /xingrg/all/function/internal_message.html?_=1638667402679&CODE_STATE=getMsg HTTP/1.1" 200 27
58.39.139.200 - - [05/Dec/2021:09:23:23 +0800] "GET /xingrg/all/function/internal_message.html?_=1638667404870&CODE_STATE=getMsg HTTP/1.1" 200 27
116.238.248.233 - - [05/Dec/2021:09:23:26 +0800] "GET /xingrg/kc/buy/cgsh_order_operate.html?command=get_materiel&rest_code=00150&code=00101008270&supplier_code=00100007&order_time=2021-12-05 HTTP/1.1" 200 412
180.169.147.146 - - [05/Dec/2021:09:23:27 +0800] "GET /xingrg/all/function/internal_message.html?_=1638667409032&CODE_STATE=getMsg HTTP/1.1" 200 27
180.169.147.146 - - [05/Dec/2021:09:23:27 +0800] "GET /xingrg/all/function/internal_message.html?_=1638667408453&CODE_STATE=getMsg HTTP/1.1" 200 27
116.232.50.210 - - [05/Dec/2021:09:23:28 +0800] "GET /xingrg/kc/buy/cgsh_order_operate.html?command=get_materiel&rest_code=00109&code=00101008005&supplier_code=00100005&order_time=2021-12-05 HTTP/1.1" 200 412
116.232.50.210 - - [05/Dec/2021:09:23:34 +0800] "GET /xingrg/kc/buy/cgsh_order_operate.html?command=get_materiel&rest_code=00109&code=00101008072&supplier_code=00100005&order_time=2021-12-05 HTTP/1.1" 200 408
222.70.171.86 - - [05/Dec/2021:09:23:35 +0800] "GET /xingrg/kc/buy/cgsh_order_operate.html?command=get_materiel&rest_code=00146&code=00101008337&supplier_code=00100005&order_time=2021-12-05 HTTP/1.1" 200 408
120.253.135.82 - - [05/Dec/2021:09:23:37 +0800] "GET /xingrg/all/function/internal_message.html?_=1638667421022&CODE_STATE=getMsg HTTP/1.1" 200 27
172.20.0.100 - - [05/Dec/2021:09:23:39 +0800] "GET /xingrg/all/function/internal_message.html?_=1638667420007&CODE_STATE=getMsg HTTP/1.1" 200 27
172.20.0.100 - - [05/Dec/2021:09:23:39 +0800] "GET /xingrg/check_reg.html?_=1638667420009 HTTP/1.1" 200 22
116.227.210.113 - - [05/Dec/2021:09:23:40 +0800] "GET /xingrg/all/function/internal_message.html?_=1638667419314&CODE_STATE=getMsg HTTP/1.1" 200 27
116.232.50.210 - - [05/Dec/2021:09:23:42 +0800] "GET /xingrg/kc/buy/cgsh_order_operate.html?command=get_materiel&rest_code=00109&code=00101008096&supplier_code=00100005&order_time=2021-12-05 HTTP/1.1" 200 412
116.238.248.233 - - [05/Dec/2021:09:23:44 +0800] "GET /xingrg/all/function/internal_message.html?_=1638667424187&CODE_STATE=getMsg HTTP/1.1" 200 27
116.232.50.210 - - [05/Dec/2021:09:23:49 +0800] "GET /xingrg/kc/buy/cgsh_order_operate.html?command=get_materiel&rest_code=00109&code=00101008067&supplier_code=00100005&order_time=2021-12-05 HTTP/1.1" 200 416
116.232.50.210 - - [05/Dec/2021:09:23:51 +0800] "POST /xingrg/kc/buy/cgsh_order_operate.html HTTP/1.1" 200 2065
58.39.139.200 - - [05/Dec/2021:09:23:51 +0800] "POST /xingrg/services/DataTransmitService HTTP/1.1" 200 524
116.232.50.210 - - [05/Dec/2021:09:23:55 +0800] "GET /xingrg/kc/buy/cgsh_order_operate.html?command=get_materiel&rest_code=00109&code=00101008270&supplier_code=00100005&order_time=2021-12-05 HTTP/1.1" 200 412
116.232.50.210 - - [05/Dec/2021:09:24:02 +0800] "GET /xingrg/kc/buy/cgsh_order_operate.html?command=get_materiel&rest_code=00109&code=00101008350&supplier_code=00100005&order_time=2021-12-05 HTTP/1.1" 200 408
116.232.50.210 - - [05/Dec/2021:09:24:09 +0800] "GET /xingrg/kc/buy/cgsh_order_operate.html?command=get_materiel&rest_code=00109&code=00101008036&supplier_code=00100005&order_time=2021-12-05 HTTP/1.1" 200 408
116.238.248.233 - - [05/Dec/2021:09:24:12 +0800] "GET /xingrg/kc/buy/cgsh_order_operate.html?command=get_materiel&rest_code=00150&code=00101008146&supplier_code=00100007&order_time=2021-12-05 HTTP/1.1" 200 416
222.70.171.86 - - [05/Dec/2021:09:24:12 +0800] "GET /xingrg/check_reg.html?_=1638667453472 HTTP/1.1" 200 22
222.70.171.86 - - [05/Dec/2021:09:24:14 +0800] "GET /xingrg/all/function/internal_message.html?_=1638667455112&CODE_STATE=getMsg HTTP/1.1" 200 27
58.39.139.200 - - [05/Dec/2021:09:24:15 +0800] "POST /xingrg/services/DataTransmitService HTTP/1.1" 200 501
58.39.139.200 - - [05/Dec/2021:09:24:15 +0800] "POST /xingrg/services/DataTransmitService HTTP/1.1" 200 501
58.39.139.200 - - [05/Dec/2021:09:24:16 +0800] "POST /xingrg/services/DataTransmitService HTTP/1.1" 200 501
58.39.139.200 - - [05/Dec/2021:09:24:18 +0800] "POST /xingrg/services/DataTransmitService HTTP/1.1" 200 501
58.39.139.200 - - [05/Dec/2021:09:24:18 +0800] "POST /xingrg/services/DataTransmitService HTTP/1.1" 200 501
58.39.139.200 - - [05/Dec/2021:09:24:18 +0800] "POST /xingrg/services/DataTransmitService HTTP/1.1" 200 501
222.70.176.97 - - [05/Dec/2021:09:24:19 +0800] "GET /xingrg/all/function/internal_message.html?_=1638667456455&CODE_STATE=getMsg HTTP/1.1" 200 27
58.39.139.200 - - [05/Dec/2021:09:24:19 +0800] "POST /xingrg/services/DataTransmitService HTTP/1.1" 200 501
116.232.50.210 - - [05/Dec/2021:09:24:19 +0800] "GET /xingrg/kc/buy/cgsh_order_operate.html?command=get_materiel&rest_code=00109&code=00101008190&supplier_code=00100005&order_time=2021-12-05 HTTP/1.1" 200 412
58.39.139.200 - - [05/Dec/2021:09:24:20 +0800] "POST /xingrg/services/DataTransmitService HTTP/1.1" 200 501
114.85.125.222 - - [05/Dec/2021:09:24:20 +0800] "GET /xingrg/all/function/internal_message.html?_=1638667424833&CODE_STATE=getMsg HTTP/1.1" 200 27
116.232.50.210 - - [05/Dec/2021:09:24:20 +0800] "GET /xingrg/all/function/internal_message.html?_=1638667462677&CODE_STATE=getMsg HTTP/1.1" 200 27
116.232.50.210 - - [05/Dec/2021:09:24:20 +0800] "GET /xingrg/check_reg.html?_=1638667462679 HTTP/1.1" 200 22
58.39.139.200 - - [05/Dec/2021:09:24:20 +0800] "POST /xingrg/services/DataTransmitService HTTP/1.1" 200 501
116.238.248.233 - - [05/Dec/2021:09:24:20 +0800] "GET /xingrg/kc/buy/cgsh_order_operate.html?command=get_materiel&rest_code=00150&code=00101008069&supplier_code=00100007&order_time=2021-12-05 HTTP/1.1" 200 412
58.39.139.200 - - [05/Dec/2021:09:24:20 +0800] "POST /xingrg/services/DataTransmitService HTTP/1.1" 200 501
58.39.139.200 - - [05/Dec/2021:09:24:21 +0800] "POST /xingrg/services/DataTransmitService HTTP/1.1" 200 412
120.253.135.82 - - [05/Dec/2021:09:24:22 +0800] "POST /xingrg/kc/buy/cgsh_order_operate.html HTTP/1.1" 200 37
58.39.139.200 - - [05/Dec/2021:09:24:23 +0800] "GET /xingrg/all/function/internal_message.html?_=1638667464839&CODE_STATE=getMsg HTTP/1.1" 200 27
120.253.135.82 - - [05/Dec/2021:09:24:26 +0800] "POST /xingrg/kc/buy/cgsh_order_operate.html HTTP/1.1" 200 12
116.238.248.233 - - [05/Dec/2021:09:24:26 +0800] "GET /xingrg/kc/buy/cgsh_order_operate.html?command=get_materiel&rest_code=00150&code=00101008286&supplier_code=00100007&order_time=2021-12-05 HTTP/1.1" 200 408
180.169.147.146 - - [05/Dec/2021:09:24:27 +0800] "GET /xingrg/all/function/internal_message.html?_=1638667469005&CODE_STATE=getMsg HTTP/1.1" 200 27
180.169.147.146 - - [05/Dec/2021:09:24:27 +0800] "GET /xingrg/all/function/internal_message.html?_=1638667468448&CODE_STATE=getMsg HTTP/1.1" 200 27
116.238.248.233 - - [05/Dec/2021:09:24:28 +0800] "POST /xingrg/kc/buy/cgsh_order_operate.html HTTP/1.1" 200 2065
120.253.135.82 - - [05/Dec/2021:09:24:28 +0800] "GET /xingrg/kc/buy/cgsh_order_info.html?code=212021120501740 HTTP/1.1" 200 59070
120.253.135.82 - - [05/Dec/2021:09:24:29 +0800] "GET /xingrg/javascript/easyui/themes/default/validatebox.css HTTP/1.1" 404 1104
120.253.135.82 - - [05/Dec/2021:09:24:29 +0800] "GET /xingrg/all/function/internal_message.html?_=1638667247240&CODE_STATE=getMsg HTTP/1.1" 200 27
120.253.135.82 - - [05/Dec/2021:09:24:29 +0800] "POST /xingrg/kc/buy/cgsh_order_operate.html HTTP/1.1" 200 3096
180.169.147.146 - - [05/Dec/2021:09:24:30 +0800] "GET /xingrg/check_reg.html?_=1638667471565 HTTP/1.1" 200 22
222.70.176.97 - - [05/Dec/2021:09:24:30 +0800] "GET /xingrg/check_reg.html?_=1638667467892 HTTP/1.1" 200 22
120.253.135.82 - - [05/Dec/2021:09:24:33 +0800] "GET /xingrg/kc/buy/cgsh_order_info.html?code=212021120501740 HTTP/1.1" 200 59070
120.253.135.82 - - [05/Dec/2021:09:24:33 +0800] "GET /xingrg/javascript/easyui/themes/default/validatebox.css HTTP/1.1" 404 1104
120.253.135.82 - - [05/Dec/2021:09:24:34 +0800] "POST /xingrg/kc/buy/cgsh_order_operate.html HTTP/1.1" 200 3096
116.238.248.233 - - [05/Dec/2021:09:24:34 +0800] "GET /xingrg/kc/buy/cgsh_order_operate.html?command=get_materiel&rest_code=00150&code=00101008036&supplier_code=00100007&order_time=2021-12-05 HTTP/1.1" 200 408
222.70.171.86 - - [05/Dec/2021:09:24:36 +0800] "GET /xingrg/kc/buy/cgsh_order_operate.html?command=get_materiel&rest_code=00146&code=00101008350&supplier_code=00100005&order_time=2021-12-05 HTTP/1.1" 200 408
120.253.135.82 - - [05/Dec/2021:09:24:37 +0800] "GET /xingrg/all/function/internal_message.html?_=1638667481067&CODE_STATE=getMsg HTTP/1.1" 200 27
172.20.0.100 - - [05/Dec/2021:09:24:39 +0800] "GET /xingrg/all/function/internal_message.html?_=1638667479994&CODE_STATE=getMsg HTTP/1.1" 200 27
116.227.210.113 - - [05/Dec/2021:09:24:40 +0800] "GET /xingrg/all/function/internal_message.html?_=1638667479315&CODE_STATE=getMsg HTTP/1.1" 200 27
116.238.248.233 - - [05/Dec/2021:09:24:42 +0800] "GET /xingrg/kc/buy/cgsh_order_operate.html?command=get_materiel&rest_code=00150&code=00101008131&supplier_code=00100007&order_time=2021-12-05 HTTP/1.1" 200 408
222.70.171.86 - - [05/Dec/2021:09:24:42 +0800] "GET /xingrg/check_reg.html?_=1638667505981 HTTP/1.1" 302 -
120.253.135.82 - - [05/Dec/2021:09:24:43 +0800] "POST /xingrg/kc/buy/cgsh_list_operate.html HTTP/1.1" 200 876
116.238.248.233 - - [05/Dec/2021:09:24:44 +0800] "GET /xingrg/check_reg.html?_=1638667484198 HTTP/1.1" 200 22
116.238.248.233 - - [05/Dec/2021:09:24:44 +0800] "GET /xingrg/all/function/internal_message.html?_=1638667484200&CODE_STATE=getMsg HTTP/1.1" 200 27
120.253.135.82 - - [05/Dec/2021:09:24:46 +0800] "GET /xingrg/kc/pszx/mdps_order_list.html?orderType=0 HTTP/1.1" 200 21130
120.253.135.82 - - [05/Dec/2021:09:24:46 +0800] "POST /xingrg/kc/pszx/mdps_list_operate.html HTTP/1.1" 200 5251
116.238.248.233 - - [05/Dec/2021:09:24:49 +0800] "GET /xingrg/kc/buy/cgsh_order_operate.html?command=get_materiel&rest_code=00150&code=00101008279&supplier_code=00100007&order_time=2021-12-05 HTTP/1.1" 200 412
116.232.50.210 - - [05/Dec/2021:09:24:51 +0800] "GET /xingrg/kc/buy/cgsh_order_operate.html?command=get_materiel&rest_code=00109&code=00101008148&supplier_code=00100005&order_time=2021-12-05 HTTP/1.1" 200 416
120.253.135.82 - - [05/Dec/2021:09:24:51 +0800] "POST /xingrg/kc/pszx/mdps_list_operate.html HTTP/1.1" 200 2048
116.238.248.233 - - [05/Dec/2021:09:24:55 +0800] "GET /xingrg/kc/buy/cgsh_order_operate.html?command=get_materiel&rest_code=00150&code=00101008296&supplier_code=00100007&order_time=2021-12-05 HTTP/1.1" 200 416
116.227.210.113 - - [05/Dec/2021:09:24:55 +0800] "GET /xingrg/check_reg.html?_=1638667494804 HTTP/1.1" 200 22
116.232.50.210 - - [05/Dec/2021:09:24:56 +0800] "POST /xingrg/kc/buy/cgsh_order_operate.html HTTP/1.1" 200 2065
120.253.135.82 - - [05/Dec/2021:09:25:00 +0800] "POST /xingrg/kc/pszx/mdps_list_operate.html HTTP/1.1" 200 565
116.232.50.210 - - [05/Dec/2021:09:25:00 +0800] "GET /xingrg/kc/buy/cgsh_order_operate.html?command=get_materiel&rest_code=00109&code=00101008357&supplier_code=00100005&order_time=2021-12-05 HTTP/1.1" 200 408
120.253.135.82 - - [05/Dec/2021:09:25:01 +0800] "GET /xingrg/kc/pszx/mdps_order_info.html?code=312021120500140 HTTP/1.1" 200 23928
120.253.135.82 - - [05/Dec/2021:09:25:01 +0800] "GET /xingrg/javascript/easyui/themes/default/validatebox.css HTTP/1.1" 404 1104
120.253.135.82 - - [05/Dec/2021:09:25:01 +0800] "POST /xingrg/kc/pszx/mdps_order_operate.html HTTP/1.1" 200 4330
116.238.248.233 - - [05/Dec/2021:09:25:04 +0800] "GET /xingrg/kc/buy/cgsh_order_operate.html?command=get_materiel&rest_code=00150&code=00101008318&supplier_code=00100007&order_time=2021-12-05 HTTP/1.1" 200 408
116.238.248.233 - - [05/Dec/2021:09:25:05 +0800] "POST /xingrg/kc/buy/cgsh_order_operate.html HTTP/1.1" 200 2065
116.232.50.210 - - [05/Dec/2021:09:25:06 +0800] "GET /xingrg/kc/buy/cgsh_order_operate.html?command=get_materiel&rest_code=00109&code=00101008041&supplier_code=00100005&order_time=2021-12-05 HTTP/1.1" 200 408
222.70.171.86 - - [05/Dec/2021:09:25:07 +0800] "GET /xingrg/kc/buy/cgsh_order_operate.html?command=get_materiel&rest_code=00146&code=00101008112&supplier_code=00100005&order_time=2021-12-05 HTTP/1.1" 200 412
120.253.135.82 - - [05/Dec/2021:09:25:09 +0800] "GET /xingrg/check_reg.html?_=1638667512953 HTTP/1.1" 200 22
116.238.248.233 - - [05/Dec/2021:09:25:11 +0800] "GET /xingrg/kc/buy/cgsh_order_operate.html?command=get_materiel&rest_code=00150&code=00101008352&supplier_code=00100007&order_time=2021-12-05 HTTP/1.1" 200 412
222.70.171.86 - - [05/Dec/2021:09:25:14 +0800] "GET /xingrg/all/function/internal_message.html?_=1638667515126&CODE_STATE=getMsg HTTP/1.1" 200 27
222.70.176.97 - - [05/Dec/2021:09:25:18 +0800] "GET /xingrg/all/function/internal_message.html?_=1638667516426&CODE_STATE=getMsg HTTP/1.1" 200 27
116.238.248.233 - - [05/Dec/2021:09:25:19 +0800] "GET /xingrg/kc/buy/cgsh_order_operate.html?command=get_materiel&rest_code=00150&code=00101008005&supplier_code=00100007&order_time=2021-12-05 HTTP/1.1" 200 412
114.85.125.222 - - [05/Dec/2021:09:25:20 +0800] "GET /xingrg/all/function/internal_message.html?_=1638667484862&CODE_STATE=getMsg HTTP/1.1" 200 27
116.232.50.210 - - [05/Dec/2021:09:25:20 +0800] "GET /xingrg/all/function/internal_message.html?_=1638667522692&CODE_STATE=getMsg HTTP/1.1" 200 27
114.83.223.93 - - [05/Dec/2021:09:25:20 +0800] "POST /xingrg/services/DataTransmitService HTTP/1.1" 200 524
58.39.139.200 - - [05/Dec/2021:09:25:23 +0800] "GET /xingrg/all/function/internal_message.html?_=1638667524820&CODE_STATE=getMsg HTTP/1.1" 200 27
120.253.135.82 - - [05/Dec/2021:09:25:24 +0800] "GET /xingrg/kc/pszx/mdps_order_info.html?code=312021120500140 HTTP/1.1" 200 23928
120.253.135.82 - - [05/Dec/2021:09:25:24 +0800] "POST /xingrg/kc/pszx/mdps_order_operate.html HTTP/1.1" 200 4330
120.253.135.82 - - [05/Dec/2021:09:25:24 +0800] "GET /xingrg/javascript/easyui/themes/default/validatebox.css HTTP/1.1" 404 1104
116.238.248.233 - - [05/Dec/2021:09:25:26 +0800] "GET /xingrg/kc/buy/cgsh_order_operate.html?command=get_materiel&rest_code=00150&code=00101008353&supplier_code=00100007&order_time=2021-12-05 HTTP/1.1" 200 408
180.169.147.146 - - [05/Dec/2021:09:25:27 +0800] "GET /xingrg/all/function/internal_message.html?_=1638667528988&CODE_STATE=getMsg HTTP/1.1" 200 27
180.169.147.146 - - [05/Dec/2021:09:25:27 +0800] "GET /xingrg/all/function/internal_message.html?_=1638667528444&CODE_STATE=getMsg HTTP/1.1" 200 27
180.169.147.146 - - [05/Dec/2021:09:25:27 +0800] "GET /xingrg/check_reg.html?_=1638667528445 HTTP/1.1" 200 22
120.253.135.82 - - [05/Dec/2021:09:25:29 +0800] "GET /xingrg/all/function/internal_message.html?_=1638667307254&CODE_STATE=getMsg HTTP/1.1" 200 27
116.232.50.210 - - [05/Dec/2021:09:25:31 +0800] "POST /xingrg/kc/buy/cgsh_order_operate.html HTTP/1.1" 200 37
116.232.50.210 - - [05/Dec/2021:09:25:33 +0800] "POST /xingrg/kc/buy/cgsh_order_operate.html HTTP/1.1" 200 41158
116.238.248.233 - - [05/Dec/2021:09:25:33 +0800] "GET /xingrg/kc/buy/cgsh_order_operate.html?command=get_materiel&rest_code=00150&code=00101008359&supplier_code=00100007&order_time=2021-12-05 HTTP/1.1" 200 408
116.232.50.210 - - [05/Dec/2021:09:25:34 +0800] "GET /xingrg/kc/print/load_config.html?kc_code=cgsh HTTP/1.1" 200 2281
116.232.50.210 - - [05/Dec/2021:09:25:34 +0800] "GET /xingrg/kc/print/load_data.html?order_code=212021120501741&kc_code=cgsh&condition= HTTP/1.1" 200 15285
120.253.135.82 - - [05/Dec/2021:09:25:37 +0800] "GET /xingrg/all/function/internal_message.html?_=1638667541080&CODE_STATE=getMsg HTTP/1.1" 200 27
172.20.0.100 - - [05/Dec/2021:09:25:39 +0800] "GET /xingrg/all/function/internal_message.html?_=1638667539994&CODE_STATE=getMsg HTTP/1.1" 200 27
116.238.248.233 - - [05/Dec/2021:09:25:40 +0800] "GET /xingrg/kc/buy/cgsh_order_operate.html?command=get_materiel&rest_code=00150&code=00101008283&supplier_code=00100007&order_time=2021-12-05 HTTP/1.1" 200 408
116.227.210.113 - - [05/Dec/2021:09:25:40 +0800] "GET /xingrg/all/function/internal_message.html?_=1638667539297&CODE_STATE=getMsg HTTP/1.1" 200 27
116.232.50.210 - - [05/Dec/2021:09:25:41 +0800] "GET /xingrg/kc/buy/cgsh_order_add.html HTTP/1.1" 200 65185
116.232.50.210 - - [05/Dec/2021:09:25:41 +0800] "POST /xingrg/kc/buy/cgsh_order_operate.html HTTP/1.1" 200 8245
116.232.50.210 - - [05/Dec/2021:09:25:41 +0800] "GET /xingrg/all/common/auto_word.html?type=employee&rest_code=00109 HTTP/1.1" 200 255
116.232.50.210 - - [05/Dec/2021:09:25:41 +0800] "GET /xingrg/all/common/auto_word.html?type=employee&rest_code=00109 HTTP/1.1" 200 255
116.232.50.210 - - [05/Dec/2021:09:25:41 +0800] "GET /xingrg/javascript/easyui/themes/default/validatebox.css HTTP/1.1" 404 1104
116.238.248.233 - - [05/Dec/2021:09:25:41 +0800] "POST /xingrg/kc/buy/cgsh_order_operate.html HTTP/1.1" 200 2065
116.238.248.233 - - [05/Dec/2021:09:25:44 +0800] "GET /xingrg/all/function/internal_message.html?_=1638667544200&CODE_STATE=getMsg HTTP/1.1" 200 27
120.253.135.82 - - [05/Dec/2021:09:25:45 +0800] "POST /xingrg/kc/pszx/mdps_order_operate.html HTTP/1.1" 200 37
120.253.135.82 - - [05/Dec/2021:09:25:46 +0800] "GET /xingrg/kc/pszx/mdps_order_info.html?code=312021120500140 HTTP/1.1" 200 23932
120.253.135.82 - - [05/Dec/2021:09:25:46 +0800] "POST /xingrg/kc/pszx/mdps_order_operate.html HTTP/1.1" 200 4330
120.253.135.82 - - [05/Dec/2021:09:25:46 +0800] "GET /xingrg/javascript/easyui/themes/default/validatebox.css HTTP/1.1" 404 1104
120.253.135.82 - - [05/Dec/2021:09:25:48 +0800] "POST /xingrg/kc/pszx/mdps_list_operate.html HTTP/1.1" 200 2052
116.238.248.233 - - [05/Dec/2021:09:25:48 +0800] "GET /xingrg/kc/buy/cgsh_order_operate.html?command=get_materiel&rest_code=00150&code=00101008403&supplier_code=00100007&order_time=2021-12-05 HTTP/1.1" 200 412
172.20.0.100 - - [05/Dec/2021:09:25:53 +0800] "GET /xingrg/check_reg.html?_=1638667553180 HTTP/1.1" 200 22
116.238.248.233 - - [05/Dec/2021:09:25:55 +0800] "GET /xingrg/kc/buy/cgsh_order_operate.html?command=get_materiel&rest_code=00150&code=00101008625&supplier_code=00100007&order_time=2021-12-05 HTTP/1.1" 200 395
222.70.171.86 - - [05/Dec/2021:09:26:03 +0800] "GET /xingrg/kc/buy/cgsh_order_operate.html?command=get_materiel&rest_code=00146&code=00101008199&supplier_code=00100005&order_time=2021-12-05 HTTP/1.1" 200 408
114.85.125.222 - - [05/Dec/2021:09:26:05 +0800] "GET /xingrg/check_reg.html?_=1638667529805 HTTP/1.1" 200 22
116.232.50.210 - - [05/Dec/2021:09:26:06 +0800] "GET /xingrg/kc/buy/cgsh_order_operate.html?command=get_materiel&rest_code=00109&code=00101031006&supplier_code=00100240&order_time=2021-12-05 HTTP/1.1" 200 417
180.169.147.146 - - [05/Dec/2021:09:26:12 +0800] "GET /xingrg/check_reg.html?_=1638667568570 HTTP/1.1" 302 -
180.169.147.146 - - [05/Dec/2021:09:26:12 +0800] "GET /xingrg/login.html HTTP/1.1" 200 7641
222.70.171.86 - - [05/Dec/2021:09:26:14 +0800] "GET /xingrg/all/function/internal_message.html?_=1638667575140&CODE_STATE=getMsg HTTP/1.1" 200 27
116.232.50.210 - - [05/Dec/2021:09:26:15 +0800] "POST /xingrg/kc/buy/cgsh_order_operate.html HTTP/1.1" 200 37
116.232.50.210 - - [05/Dec/2021:09:26:16 +0800] "POST /xingrg/kc/buy/cgsh_order_operate.html HTTP/1.1" 200 2660
116.232.50.210 - - [05/Dec/2021:09:26:17 +0800] "GET /xingrg/kc/print/load_config.html?kc_code=cgsh HTTP/1.1" 200 2281
116.232.50.210 - - [05/Dec/2021:09:26:18 +0800] "GET /xingrg/kc/print/load_data.html?order_code=212021120501742&kc_code=cgsh&condition= HTTP/1.1" 200 647
222.70.176.97 - - [05/Dec/2021:09:26:18 +0800] "GET /xingrg/all/function/internal_message.html?_=1638667576410&CODE_STATE=getMsg HTTP/1.1" 200 27
114.85.125.222 - - [05/Dec/2021:09:26:20 +0800] "GET /xingrg/all/function/internal_message.html?_=1638667544875&CODE_STATE=getMsg HTTP/1.1" 200 27
116.232.50.210 - - [05/Dec/2021:09:26:20 +0800] "GET /xingrg/all/function/internal_message.html?_=1638667582924&CODE_STATE=getMsg HTTP/1.1" 200 27
116.232.50.210 - - [05/Dec/2021:09:26:21 +0800] "GET /xingrg/kc/buy/cgsh_order_add.html HTTP/1.1" 200 65185
116.232.50.210 - - [05/Dec/2021:09:26:22 +0800] "POST /xingrg/kc/buy/cgsh_order_operate.html HTTP/1.1" 200 8245
116.232.50.210 - - [05/Dec/2021:09:26:22 +0800] "GET /xingrg/all/common/auto_word.html?type=employee&rest_code=00109 HTTP/1.1" 200 255
116.232.50.210 - - [05/Dec/2021:09:26:22 +0800] "GET /xingrg/all/common/auto_word.html?type=employee&rest_code=00109 HTTP/1.1" 200 255
116.232.50.210 - - [05/Dec/2021:09:26:22 +0800] "GET /xingrg/javascript/easyui/themes/default/validatebox.css HTTP/1.1" 404 1104
58.39.139.200 - - [05/Dec/2021:09:26:23 +0800] "GET /xingrg/all/function/internal_message.html?_=1638667584790&CODE_STATE=getMsg HTTP/1.1" 200 27
180.169.147.146 - - [05/Dec/2021:09:26:27 +0800] "GET /xingrg/all/function/internal_message.html?_=1638667588976&CODE_STATE=getMsg HTTP/1.1" 200 27
180.169.147.146 - - [05/Dec/2021:09:26:27 +0800] "GET /xingrg/all/function/internal_message.html?_=1638667588439&CODE_STATE=getMsg HTTP/1.1" 200 27
116.232.50.210 - - [05/Dec/2021:09:26:29 +0800] "GET /xingrg/kc/buy/cgsh_order_operate.html?command=get_materiel&rest_code=00109&code=00101001010&supplier_code=00100454&order_time=2021-12-05 HTTP/1.1" 200 409
120.253.135.82 - - [05/Dec/2021:09:26:29 +0800] "GET /xingrg/all/function/internal_message.html?_=1638667367303&CODE_STATE=getMsg HTTP/1.1" 200 27
120.253.135.82 - - [05/Dec/2021:09:26:37 +0800] "GET /xingrg/all/function/internal_message.html?_=1638667601095&CODE_STATE=getMsg HTTP/1.1" 200 27
116.232.50.210 - - [05/Dec/2021:09:26:37 +0800] "POST /xingrg/kc/buy/cgsh_order_operate.html HTTP/1.1" 200 37
116.232.50.210 - - [05/Dec/2021:09:26:39 +0800] "POST /xingrg/kc/buy/cgsh_order_operate.html HTTP/1.1" 200 2654
172.20.0.100 - - [05/Dec/2021:09:26:39 +0800] "GET /xingrg/all/function/internal_message.html?_=1638667599998&CODE_STATE=getMsg HTTP/1.1" 200 27
116.232.50.210 - - [05/Dec/2021:09:26:40 +0800] "GET /xingrg/kc/print/load_config.html?kc_code=cgsh HTTP/1.1" 200 2281
116.227.210.113 - - [05/Dec/2021:09:26:40 +0800] "GET /xingrg/all/function/internal_message.html?_=1638667599273&CODE_STATE=getMsg HTTP/1.1" 200 27
116.232.50.210 - - [05/Dec/2021:09:26:40 +0800] "GET /xingrg/kc/print/load_data.html?order_code=212021120501743&kc_code=cgsh&condition= HTTP/1.1" 200 652
116.238.248.233 - - [05/Dec/2021:09:26:44 +0800] "GET /xingrg/all/function/internal_message.html?_=1638667604204&CODE_STATE=getMsg HTTP/1.1" 200 27
116.238.248.233 - - [05/Dec/2021:09:26:57 +0800] "GET /xingrg/kc/buy/cgsh_order_operate.html?command=get_materiel&rest_code=00150&code=00101008224&supplier_code=00100007&order_time=2021-12-05 HTTP/1.1" 200 416
222.70.171.86 - - [05/Dec/2021:09:26:59 +0800] "GET /xingrg/kc/buy/cgsh_order_operate.html?command=get_materiel&rest_code=00146&code=00102001097&supplier_code=00100005&order_time=2021-12-05 HTTP/1.1" 200 412
116.238.248.233 - - [05/Dec/2021:09:27:03 +0800] "GET /xingrg/kc/buy/cgsh_order_operate.html?command=get_materiel&rest_code=00150&code=00101008356&supplier_code=00100007&order_time=2021-12-05 HTTP/1.1" 200 408
116.232.50.210 - - [05/Dec/2021:09:27:03 +0800] "GET /xingrg/kc/report/report_main.html HTTP/1.1" 200 7340
116.232.50.210 - - [05/Dec/2021:09:27:03 +0800] "GET /xingrg/javascript/jquery_easy_ui/themes/icons/back_new.png HTTP/1.1" 200 3414
116.238.248.233 - - [05/Dec/2021:09:27:04 +0800] "POST /xingrg/kc/buy/cgsh_order_operate.html HTTP/1.1" 200 2065
116.232.50.210 - - [05/Dec/2021:09:27:04 +0800] "GET /xingrg/kc/mdqp/qp_main.html HTTP/1.1" 200 10633
116.232.50.210 - - [05/Dec/2021:09:27:04 +0800] "GET /xingrg/images/blue/button/qqpsd.gif HTTP/1.1" 200 2548
116.232.50.210 - - [05/Dec/2021:09:27:04 +0800] "GET /xingrg/images/blue/button/pszx.gif HTTP/1.1" 200 2648
116.232.50.210 - - [05/Dec/2021:09:27:04 +0800] "GET /xingrg/images/blue/button/psshd.gif HTTP/1.1" 200 2692
116.232.50.210 - - [05/Dec/2021:09:27:06 +0800] "GET /xingrg/kc/mdqp/pssh_order_list.html HTTP/1.1" 200 17986
116.232.50.210 - - [05/Dec/2021:09:27:06 +0800] "POST /xingrg/kc/mdqp/pssh_list_operate.html HTTP/1.1" 200 5226
116.238.248.233 - - [05/Dec/2021:09:27:09 +0800] "GET /xingrg/kc/buy/cgsh_order_operate.html?command=get_materiel&rest_code=00150&code=00101021011&supplier_code=00100007&order_time=2021-12-05 HTTP/1.1" 200 399
222.70.171.86 - - [05/Dec/2021:09:27:14 +0800] "GET /xingrg/all/function/internal_message.html?_=1638667635152&CODE_STATE=getMsg HTTP/1.1" 200 27
222.70.176.97 - - [05/Dec/2021:09:27:18 +0800] "GET /xingrg/all/function/internal_message.html?_=1638667636395&CODE_STATE=getMsg HTTP/1.1" 200 27
120.253.135.82 - - [05/Dec/2021:09:27:20 +0800] "GET /xingrg/check_reg.html?_=1638667418031 HTTP/1.1" 200 22
116.232.50.210 - - [05/Dec/2021:09:27:20 +0800] "GET /xingrg/all/function/internal_message.html?_=1638667642683&CODE_STATE=getMsg HTTP/1.1" 200 27
114.85.125.222 - - [05/Dec/2021:09:27:20 +0800] "GET /xingrg/all/function/internal_message.html?_=1638667604888&CODE_STATE=getMsg HTTP/1.1" 200 27
116.238.248.233 - - [05/Dec/2021:09:27:20 +0800] "GET /xingrg/kc/buy/cgsh_order_operate.html?command=get_materiel&rest_code=00150&code=00101008278&supplier_code=00100007&order_time=2021-12-05 HTTP/1.1" 200 412
58.39.139.200 - - [05/Dec/2021:09:27:22 +0800] "GET /xingrg/all/function/internal_message.html?_=1638667644763&CODE_STATE=getMsg HTTP/1.1" 200 27
58.39.139.200 - - [05/Dec/2021:09:27:23 +0800] "GET /xingrg/check_reg.html?_=1638667645327 HTTP/1.1" 200 22
116.232.50.210 - - [05/Dec/2021:09:27:24 +0800] "POST /xingrg/kc/mdqp/pssh_list_operate.html HTTP/1.1" 200 814
116.232.50.210 - - [05/Dec/2021:09:27:25 +0800] "POST /xingrg/kc/mdqp/pssh_list_operate.html HTTP/1.1" 200 814
116.232.50.210 - - [05/Dec/2021:09:27:26 +0800] "POST /xingrg/kc/mdqp/pssh_list_operate.html HTTP/1.1" 200 814
180.169.147.146 - - [05/Dec/2021:09:27:27 +0800] "GET /xingrg/all/function/internal_message.html?_=1638667648960&CODE_STATE=getMsg HTTP/1.1" 200 27
180.169.147.146 - - [05/Dec/2021:09:27:27 +0800] "GET /xingrg/all/function/internal_message.html?_=1638667648444&CODE_STATE=getMsg HTTP/1.1" 200 27
116.238.248.233 - - [05/Dec/2021:09:27:28 +0800] "GET /xingrg/kc/buy/cgsh_order_operate.html?command=get_materiel&rest_code=00150&code=00101008041&supplier_code=00100007&order_time=2021-12-05 HTTP/1.1" 200 408
120.253.135.82 - - [05/Dec/2021:09:27:29 +0800] "GET /xingrg/all/function/internal_message.html?_=1638667427312&CODE_STATE=getMsg HTTP/1.1" 200 27
180.169.147.146 - - [05/Dec/2021:09:27:30 +0800] "GET /xingrg/kc/report/report_main.html HTTP/1.1" 200 8599
180.169.147.146 - - [05/Dec/2021:09:27:31 +0800] "GET /xingrg/kc/base/crk_hz.html HTTP/1.1" 200 11247
180.169.147.146 - - [05/Dec/2021:09:27:31 +0800] "POST /xingrg/kc/cost/cost_operate.html?command=get_base_tree HTTP/1.1" 200 863
180.169.147.146 - - [05/Dec/2021:09:27:31 +0800] "POST /xingrg/all/common/load_tree.html?tree=materiel_sort_tree_json HTTP/1.1" 200 9388
180.169.147.146 - - [05/Dec/2021:09:27:33 +0800] "GET /xingrg/all/common/get_data_part.html?part=previousMonth&_=1638667654072 HTTP/1.1" 200 41
180.169.147.146 - - [05/Dec/2021:09:27:36 +0800] "GET /xingrg/kc/base/crk_hz.html?_=1638667656710&command=get_cost_id&end_date=2021-11-30&start_date=2021-11-01 HTTP/1.1" 200 51
180.169.147.146 - - [05/Dec/2021:09:27:36 +0800] "GET /xingrg/all/report/report_query.html?isQuery=1&onlyBody=1&rh=99999&rw=1800&varString=start:20211101,cost_id:3319,mid:20210901&fileName=kc/base/crk_hz_type_by_base.xml&queryString=&queryText=ÈÕÆÚ£º2021-11-01ÖÁ2021-11-30&tableQueryString=materiel_table$sp1$$sp$before_table$sp1$$sp$crk_table$sp1$order_day%20between%2020211101%20and%2020211130 HTTP/1.1" 200 49363
180.169.147.146 - - [05/Dec/2021:09:27:36 +0800] "GET /xingrg/dwr/interface/AjaxReportQueryService.js HTTP/1.1" 200 13203
180.169.147.146 - - [05/Dec/2021:09:27:36 +0800] "GET /xingrg/dwr/engine.js HTTP/1.1" 200 43631
