101.85.120.86 - - [05/Dec/2021:10:48:33 +0800] "GET /xingrg/all/function/internal_message.html?_=1638672513827&CODE_STATE=getMsg HTTP/1.1" 200 27
101.85.120.86 - - [05/Dec/2021:10:48:33 +0800] "GET /xingrg/check_reg.html?_=1638672513829 HTTP/1.1" 200 22
116.232.50.210 - - [05/Dec/2021:10:48:35 +0800] "GET /xingrg/all/function/internal_message.html?_=1638672518050&CODE_STATE=getMsg HTTP/1.1" 200 27
124.78.153.86 - - [05/Dec/2021:10:48:38 +0800] "GET /xingrg/kc/base/wldb_order_operate.html?command=get_materiel&rest_code=00106&base_code=0010396&code=00101019183 HTTP/1.1" 200 435
116.227.210.113 - - [05/Dec/2021:10:48:39 +0800] "GET /xingrg/all/function/internal_message.html?_=1638672518112&CODE_STATE=getMsg HTTP/1.1" 200 27
120.253.135.82 - - [05/Dec/2021:10:48:39 +0800] "GET /xingrg/all/function/internal_message.html?_=1638672523284&CODE_STATE=getMsg HTTP/1.1" 200 27
180.169.147.146 - - [05/Dec/2021:10:48:41 +0800] "GET /xingrg/all/function/internal_message.html?_=1638672521822&CODE_STATE=getMsg HTTP/1.1" 200 27
180.174.250.202 - - [05/Dec/2021:10:48:41 +0800] "GET /xingrg/kc/buy/cgsh_order_list.html HTTP/1.1" 200 49374
180.174.250.202 - - [05/Dec/2021:10:48:42 +0800] "POST /xingrg/kc/buy/cgsh_list_operate.html HTTP/1.1" 200 876
180.174.250.202 - - [05/Dec/2021:10:48:45 +0800] "GET /xingrg/all/function/internal_message.html?_=1638672524236&CODE_STATE=getMsg HTTP/1.1" 200 27
180.174.250.202 - - [05/Dec/2021:10:48:45 +0800] "GET /xingrg/kc/mdqp/pssh_order_list.html HTTP/1.1" 200 17906
180.174.250.202 - - [05/Dec/2021:10:48:45 +0800] "POST /xingrg/kc/mdqp/pssh_list_operate.html HTTP/1.1" 200 5231
180.174.250.202 - - [05/Dec/2021:10:48:46 +0800] "POST /xingrg/kc/mdqp/pssh_list_operate.html HTTP/1.1" 200 256
180.174.250.202 - - [05/Dec/2021:10:48:47 +0800] "POST /xingrg/kc/mdqp/pssh_list_operate.html HTTP/1.1" 200 260
180.174.250.202 - - [05/Dec/2021:10:48:48 +0800] "POST /xingrg/kc/mdqp/pssh_list_operate.html HTTP/1.1" 200 769
180.174.250.202 - - [05/Dec/2021:10:48:48 +0800] "POST /xingrg/kc/mdqp/pssh_list_operate.html HTTP/1.1" 200 779
180.169.147.146 - - [05/Dec/2021:10:48:49 +0800] "GET /xingrg/all/function/internal_message.html?_=1638672533055&CODE_STATE=getMsg HTTP/1.1" 200 27
180.174.250.202 - - [05/Dec/2021:10:48:50 +0800] "GET /xingrg/javascript/jquery_easy_ui/themes/default/images/tabs_active.png HTTP/1.1" 200 2894
180.174.250.202 - - [05/Dec/2021:10:48:52 +0800] "POST /xingrg/kc/mdqp/pssh_list_operate.html HTTP/1.1" 200 257
180.174.250.202 - - [05/Dec/2021:10:48:53 +0800] "POST /xingrg/kc/mdqp/pssh_list_operate.html HTTP/1.1" 200 260
172.20.0.100 - - [05/Dec/2021:10:48:53 +0800] "GET /xingrg/all/function/internal_message.html?_=1638672533480&CODE_STATE=getMsg HTTP/1.1" 200 27
172.20.0.100 - - [05/Dec/2021:10:48:53 +0800] "GET /xingrg/check_reg.html?_=1638672533483 HTTP/1.1" 200 22
180.174.250.202 - - [05/Dec/2021:10:48:54 +0800] "POST /xingrg/kc/mdqp/pssh_list_operate.html HTTP/1.1" 200 734
124.78.153.86 - - [05/Dec/2021:10:48:55 +0800] "GET /xingrg/kc/base/wldb_order_operate.html?command=get_materiel&rest_code=00106&base_code=0010396&code=00101019400 HTTP/1.1" 200 451
180.174.250.202 - - [05/Dec/2021:10:48:56 +0800] "GET /xingrg/all/function/internal_message.html?_=1638672537561&CODE_STATE=getMsg HTTP/1.1" 200 27
116.238.248.233 - - [05/Dec/2021:10:48:57 +0800] "GET /xingrg/all/function/internal_message.html?_=1638672537810&CODE_STATE=getMsg HTTP/1.1" 200 27
172.20.0.100 - - [05/Dec/2021:10:48:59 +0800] "GET /xingrg/all/function/internal_message.html?_=1638672539350&CODE_STATE=getMsg HTTP/1.1" 200 27
180.174.250.202 - - [05/Dec/2021:10:49:01 +0800] "GET /xingrg/kc/mdqp/pssh_order_info.html?code=312021120500121 HTTP/1.1" 200 17275
180.174.250.202 - - [05/Dec/2021:10:49:01 +0800] "GET /xingrg/javascript/jquery_tools/jquery-1.4.2.min.js HTTP/1.1" 404 1094
180.174.250.202 - - [05/Dec/2021:10:49:01 +0800] "GET /xingrg/words/20211205101337_words.js HTTP/1.1" 200 877177
180.174.250.202 - - [05/Dec/2021:10:49:01 +0800] "POST /xingrg/kc/mdqp/pssh_order_operate.html HTTP/1.1" 200 10749
180.174.250.202 - - [05/Dec/2021:10:49:01 +0800] "GET /xingrg/all/common/auto_word.html?type=base&rest_code=00102&rest_code=00102 HTTP/1.1" 200 1757
180.174.250.202 - - [05/Dec/2021:10:49:01 +0800] "GET /xingrg/javascript/easyui/themes/default/validatebox.css HTTP/1.1" 404 1104
180.174.250.202 - - [05/Dec/2021:10:49:01 +0800] "GET /xingrg/all/common/auto_word.html?type=employee&rest_code=00102 HTTP/1.1" 200 189
124.78.153.86 - - [05/Dec/2021:10:49:02 +0800] "GET /xingrg/all/function/internal_message.html?_=1638672546303&CODE_STATE=getMsg HTTP/1.1" 200 27
222.70.171.86 - - [05/Dec/2021:10:49:02 +0800] "GET /xingrg/kc/buy/cgsh_order_operate.html?command=get_materiel&rest_code=00146&code=00101016057&supplier_code=00100033&order_time=2021-12-05 HTTP/1.1" 200 408
120.253.135.82 - - [05/Dec/2021:10:49:05 +0800] "GET /xingrg/all/function/internal_message.html?_=1638672323700&CODE_STATE=getMsg HTTP/1.1" 200 27
180.169.147.146 - - [05/Dec/2021:10:49:06 +0800] "GET /xingrg/all/function/internal_message.html?_=1638672550864&CODE_STATE=getMsg HTTP/1.1" 200 27
114.84.149.84 - - [05/Dec/2021:10:49:11 +0800] "GET /xingrg/all/function/internal_message.html?_=1638672371201&CODE_STATE=getMsg HTTP/1.1" 200 27
114.84.149.84 - - [05/Dec/2021:10:49:11 +0800] "GET /xingrg/check_reg.html?_=1638672371218 HTTP/1.1" 200 22
61.151.178.164 - - [05/Dec/2021:10:49:11 +0800] "GET /xingrg/all/function/internal_message.html?_=1638672501752&CODE_STATE=getMsg HTTP/1.1" 302 -
124.78.153.86 - - [05/Dec/2021:10:49:11 +0800] "GET /xingrg/all/function/internal_message.html?_=1638672561750&CODE_STATE=getMsg HTTP/1.1" 200 27
61.151.178.164 - - [05/Dec/2021:10:49:11 +0800] "GET /xingrg/login.html HTTP/1.1" 200 7641
180.174.250.202 - - [05/Dec/2021:10:49:12 +0800] "GET /xingrg/kc/mdqp/pssh_order_info.html?code=312021120500120 HTTP/1.1" 200 17275
180.174.250.202 - - [05/Dec/2021:10:49:12 +0800] "GET /xingrg/javascript/jquery_tools/jquery-1.4.2.min.js HTTP/1.1" 404 1094
180.174.250.202 - - [05/Dec/2021:10:49:12 +0800] "POST /xingrg/kc/mdqp/pssh_order_operate.html HTTP/1.1" 200 7924
180.174.250.202 - - [05/Dec/2021:10:49:12 +0800] "GET /xingrg/javascript/easyui/themes/default/validatebox.css HTTP/1.1" 404 1104
180.174.250.202 - - [05/Dec/2021:10:49:13 +0800] "POST /xingrg/kc/mdqp/pssh_list_operate.html HTTP/1.1" 200 3176
222.70.171.86 - - [05/Dec/2021:10:49:14 +0800] "GET /xingrg/check_reg.html?_=1638672555658 HTTP/1.1" 200 22
180.174.250.202 - - [05/Dec/2021:10:49:15 +0800] "GET /xingrg/kc/buy/cgsh_order_list.html HTTP/1.1" 200 49374
180.174.250.202 - - [05/Dec/2021:10:49:15 +0800] "POST /xingrg/kc/mdqp/pssh_list_operate.html HTTP/1.1" 200 3176
180.174.250.202 - - [05/Dec/2021:10:49:16 +0800] "POST /xingrg/kc/buy/cgsh_list_operate.html HTTP/1.1" 200 876
120.204.101.47 - - [05/Dec/2021:10:49:16 +0800] "GET /favicon.ico HTTP/1.1" 404 -
222.70.171.86 - - [05/Dec/2021:10:49:17 +0800] "GET /xingrg/all/function/internal_message.html?_=1638672558732&CODE_STATE=getMsg HTTP/1.1" 200 27
222.70.176.97 - - [05/Dec/2021:10:49:17 +0800] "GET /xingrg/all/function/internal_message.html?_=1638672555013&CODE_STATE=getMsg HTTP/1.1" 200 27
58.39.139.200 - - [05/Dec/2021:10:49:21 +0800] "GET /xingrg/all/function/internal_message.html?_=1638672562884&CODE_STATE=getMsg HTTP/1.1" 200 27
180.169.147.146 - - [05/Dec/2021:10:49:26 +0800] "GET /favicon.ico HTTP/1.1" 404 -
222.70.171.86 - - [05/Dec/2021:10:49:27 +0800] "GET /xingrg/kc/buy/cgsh_order_operate.html?command=get_materiel&rest_code=00146&code=00101011002&supplier_code=00100033&order_time=2021-12-05 HTTP/1.1" 200 427
222.70.176.97 - - [05/Dec/2021:10:49:30 +0800] "GET /xingrg/check_reg.html?_=1638672567573 HTTP/1.1" 200 22
114.85.125.222 - - [05/Dec/2021:10:49:30 +0800] "GET /xingrg/all/function/internal_message.html?_=1638672535051&CODE_STATE=getMsg HTTP/1.1" 200 27
180.169.147.146 - - [05/Dec/2021:10:49:31 +0800] "GET /xingrg/all/function/internal_message.html?_=1638672572469&CODE_STATE=getMsg HTTP/1.1" 200 27
180.169.147.146 - - [05/Dec/2021:10:49:31 +0800] "GET /xingrg/all/function/internal_message.html?_=1638672567781&CODE_STATE=getMsg HTTP/1.1" 200 27
101.85.120.86 - - [05/Dec/2021:10:49:33 +0800] "GET /xingrg/all/function/internal_message.html?_=1638672573827&CODE_STATE=getMsg HTTP/1.1" 200 27
116.232.50.210 - - [05/Dec/2021:10:49:35 +0800] "GET /xingrg/all/function/internal_message.html?_=1638672578052&CODE_STATE=getMsg HTTP/1.1" 200 27
222.70.176.97 - - [05/Dec/2021:10:49:36 +0800] "GET /xingrg/kc/buy/cgsh_order_add.html HTTP/1.1" 200 65059
222.70.176.97 - - [05/Dec/2021:10:49:37 +0800] "POST /xingrg/kc/buy/cgsh_order_operate.html HTTP/1.1" 200 8245
222.70.176.97 - - [05/Dec/2021:10:49:37 +0800] "GET /xingrg/javascript/easyui/themes/default/validatebox.css HTTP/1.1" 404 1104
116.227.210.113 - - [05/Dec/2021:10:49:39 +0800] "GET /xingrg/all/function/internal_message.html?_=1638672578092&CODE_STATE=getMsg HTTP/1.1" 200 27
120.253.135.82 - - [05/Dec/2021:10:49:39 +0800] "GET /xingrg/all/function/internal_message.html?_=1638672583331&CODE_STATE=getMsg HTTP/1.1" 200 27
180.169.147.146 - - [05/Dec/2021:10:49:41 +0800] "GET /xingrg/all/function/internal_message.html?_=1638672581815&CODE_STATE=getMsg HTTP/1.1" 200 27
222.70.171.86 - - [05/Dec/2021:10:49:42 +0800] "GET /xingrg/check_reg.html?_=1638672606342 HTTP/1.1" 302 -
222.70.176.97 - - [05/Dec/2021:10:49:43 +0800] "GET /xingrg/javascript/easyui/themes/default/tree.css HTTP/1.1" 404 1090
222.70.176.97 - - [05/Dec/2021:10:49:43 +0800] "POST /xingrg/all/common/load_tree.html?tree=supplier_tree_json&isDelete=1 HTTP/1.1" 200 60927
180.174.250.202 - - [05/Dec/2021:10:49:46 +0800] "GET /xingrg/all/function/internal_message.html?_=1638672585724&CODE_STATE=getMsg HTTP/1.1" 200 27
180.169.147.146 - - [05/Dec/2021:10:49:49 +0800] "GET /xingrg/all/function/internal_message.html?_=1638672593045&CODE_STATE=getMsg HTTP/1.1" 200 27
222.70.171.86 - - [05/Dec/2021:10:49:50 +0800] "POST /xingrg/kc/buy/cgsh_order_operate.html HTTP/1.1" 200 37
222.70.171.86 - - [05/Dec/2021:10:49:52 +0800] "POST /xingrg/kc/buy/cgsh_order_operate.html HTTP/1.1" 200 6789
172.20.0.100 - - [05/Dec/2021:10:49:53 +0800] "GET /xingrg/all/function/internal_message.html?_=1638672593484&CODE_STATE=getMsg HTTP/1.1" 200 27
222.70.171.86 - - [05/Dec/2021:10:49:54 +0800] "GET /xingrg/kc/print/load_data.html?order_code=212021120501780&kc_code=cgsh&condition= HTTP/1.1" 200 2286
116.227.210.113 - - [05/Dec/2021:10:49:55 +0800] "GET /xingrg/check_reg.html?_=1638672594589 HTTP/1.1" 200 22
180.174.250.202 - - [05/Dec/2021:10:49:56 +0800] "GET /xingrg/check_reg.html?_=1638672597558 HTTP/1.1" 200 22
180.174.250.202 - - [05/Dec/2021:10:49:56 +0800] "GET /xingrg/all/function/internal_message.html?_=1638672597563&CODE_STATE=getMsg HTTP/1.1" 200 27
116.238.248.233 - - [05/Dec/2021:10:49:57 +0800] "GET /xingrg/check_reg.html?_=1638672597809 HTTP/1.1" 200 22
116.238.248.233 - - [05/Dec/2021:10:49:57 +0800] "GET /xingrg/all/function/internal_message.html?_=1638672597809&CODE_STATE=getMsg HTTP/1.1" 200 27
172.20.0.100 - - [05/Dec/2021:10:49:59 +0800] "GET /xingrg/all/function/internal_message.html?_=1638672599357&CODE_STATE=getMsg HTTP/1.1" 200 27
172.20.0.100 - - [05/Dec/2021:10:49:59 +0800] "GET /xingrg/check_reg.html?_=1638672599361 HTTP/1.1" 200 22
124.78.153.86 - - [05/Dec/2021:10:50:02 +0800] "GET /xingrg/all/function/internal_message.html?_=1638672606309&CODE_STATE=getMsg HTTP/1.1" 200 27
120.253.135.82 - - [05/Dec/2021:10:50:05 +0800] "GET /xingrg/check_reg.html?_=1638672382977 HTTP/1.1" 200 22
120.253.135.82 - - [05/Dec/2021:10:50:05 +0800] "GET /xingrg/all/function/internal_message.html?_=1638672383714&CODE_STATE=getMsg HTTP/1.1" 200 27
180.169.147.146 - - [05/Dec/2021:10:50:06 +0800] "GET /xingrg/all/function/internal_message.html?_=1638672610859&CODE_STATE=getMsg HTTP/1.1" 200 27
222.70.176.97 - - [05/Dec/2021:10:50:08 +0800] "GET /xingrg/kc/buy/cgsh_order_operate.html?command=get_materiel&rest_code=00111&code=00101001010&supplier_code=00100042&order_time=2021-12-05 HTTP/1.1" 200 409
120.253.135.82 - - [05/Dec/2021:10:50:09 +0800] "GET /xingrg/check_reg.html?_=1638672613048 HTTP/1.1" 200 22
114.84.149.84 - - [05/Dec/2021:10:50:11 +0800] "GET /xingrg/all/function/internal_message.html?_=1638672431219&CODE_STATE=getMsg HTTP/1.1" 200 27
124.78.153.86 - - [05/Dec/2021:10:50:11 +0800] "GET /xingrg/all/function/internal_message.html?_=1638672621750&CODE_STATE=getMsg HTTP/1.1" 200 27
101.91.60.11 - - [05/Dec/2021:10:50:11 +0800] "GET /xingrg/all/function/internal_message.html?_=1638672561750&CODE_STATE=getMsg HTTP/1.1" 302 -
101.91.60.11 - - [05/Dec/2021:10:50:12 +0800] "GET /xingrg/login.html HTTP/1.1" 200 7641
124.78.153.86 - - [05/Dec/2021:10:50:14 +0800] "POST /xingrg/kc/base/wldb_order_operate.html HTTP/1.1" 200 37
124.78.153.86 - - [05/Dec/2021:10:50:14 +0800] "POST /xingrg/kc/base/wldb_order_operate.html HTTP/1.1" 200 8743
124.78.153.86 - - [05/Dec/2021:10:50:15 +0800] "GET /xingrg/kc/base/wldb_order_info.html?code=422021120500448 HTTP/1.1" 200 30494
124.78.153.86 - - [05/Dec/2021:10:50:15 +0800] "GET /xingrg/words/20211205101337_words.js HTTP/1.1" 304 -
124.78.153.86 - - [05/Dec/2021:10:50:15 +0800] "GET /xingrg/javascript/easyui/themes/default/validatebox.css HTTP/1.1" 404 1104
124.78.153.86 - - [05/Dec/2021:10:50:16 +0800] "POST /xingrg/kc/base/wldb_order_operate.html HTTP/1.1" 200 8743
222.70.171.86 - - [05/Dec/2021:10:50:17 +0800] "GET /xingrg/all/function/internal_message.html?_=1638672618745&CODE_STATE=getMsg HTTP/1.1" 200 27
222.70.176.97 - - [05/Dec/2021:10:50:17 +0800] "GET /xingrg/all/function/internal_message.html?_=1638672614997&CODE_STATE=getMsg HTTP/1.1" 200 27
124.78.153.86 - - [05/Dec/2021:10:50:20 +0800] "GET /xingrg/kc/base/wldb_order_add.html HTTP/1.1" 200 30479
124.78.153.86 - - [05/Dec/2021:10:50:20 +0800] "POST /xingrg/kc/base/wldb_order_operate.html HTTP/1.1" 200 6806
222.70.171.86 - - [05/Dec/2021:10:50:20 +0800] "GET /xingrg/kc/buy/cgsh_order_add.html HTTP/1.1" 200 65109
124.78.153.86 - - [05/Dec/2021:10:50:20 +0800] "GET /xingrg/javascript/easyui/themes/default/validatebox.css HTTP/1.1" 404 1104
58.39.139.200 - - [05/Dec/2021:10:50:21 +0800] "GET /xingrg/all/function/internal_message.html?_=1638672622859&CODE_STATE=getMsg HTTP/1.1" 200 27
222.70.171.86 - - [05/Dec/2021:10:50:21 +0800] "GET /xingrg/javascript/easyui/themes/icons/print.png HTTP/1.1" 304 -
222.70.171.86 - - [05/Dec/2021:10:50:21 +0800] "GET /xingrg/javascript/easyui/themes/default/images/menu_downarrow.png HTTP/1.1" 304 -
222.70.171.86 - - [05/Dec/2021:10:50:21 +0800] "POST /xingrg/kc/buy/cgsh_order_operate.html HTTP/1.1" 200 8245
222.70.171.86 - - [05/Dec/2021:10:50:21 +0800] "GET /xingrg/javascript/easyui/themes/default/validatebox.css HTTP/1.1" 404 1104
124.78.153.86 - - [05/Dec/2021:10:50:22 +0800] "POST /xingrg/all/common/load_combo.html?type=base HTTP/1.1" 200 3227
114.85.125.222 - - [05/Dec/2021:10:50:30 +0800] "GET /xingrg/all/function/internal_message.html?_=1638672595064&CODE_STATE=getMsg HTTP/1.1" 200 27
180.169.147.146 - - [05/Dec/2021:10:50:31 +0800] "GET /xingrg/all/function/internal_message.html?_=1638672632477&CODE_STATE=getMsg HTTP/1.1" 200 27
180.169.147.146 - - [05/Dec/2021:10:50:31 +0800] "GET /xingrg/all/function/internal_message.html?_=1638672627764&CODE_STATE=getMsg HTTP/1.1" 200 27
180.174.250.202 - - [05/Dec/2021:10:50:32 +0800] "GET /xingrg/check_reg.html?_=1638672631461 HTTP/1.1" 200 22
180.169.147.146 - - [05/Dec/2021:10:50:32 +0800] "GET /xingrg/check_reg.html?_=1638672628967 HTTP/1.1" 200 22
101.85.120.86 - - [05/Dec/2021:10:50:33 +0800] "GET /xingrg/all/function/internal_message.html?_=1638672633828&CODE_STATE=getMsg HTTP/1.1" 200 27
124.78.153.86 - - [05/Dec/2021:10:50:35 +0800] "GET /xingrg/kc/base/wldb_order_operate.html?command=get_materiel&rest_code=00106&base_code=0010397&code=00102002586 HTTP/1.1" 200 439
116.232.50.210 - - [05/Dec/2021:10:50:35 +0800] "GET /xingrg/all/function/internal_message.html?_=1638672638054&CODE_STATE=getMsg HTTP/1.1" 200 27
116.227.210.113 - - [05/Dec/2021:10:50:39 +0800] "GET /xingrg/all/function/internal_message.html?_=1638672638079&CODE_STATE=getMsg HTTP/1.1" 200 27
120.253.135.82 - - [05/Dec/2021:10:50:39 +0800] "GET /xingrg/all/function/internal_message.html?_=1638672643344&CODE_STATE=getMsg HTTP/1.1" 200 27
180.169.147.146 - - [05/Dec/2021:10:50:41 +0800] "GET /xingrg/all/function/internal_message.html?_=1638672641824&CODE_STATE=getMsg HTTP/1.1" 200 27
124.78.153.86 - - [05/Dec/2021:10:50:44 +0800] "POST /xingrg/all/common/load_combo.html?type=base HTTP/1.1" 200 3227
58.39.139.200 - - [05/Dec/2021:10:50:45 +0800] "POST /xingrg/kc/buy/cgsh_list_operate.html HTTP/1.1" 200 3851
180.174.250.202 - - [05/Dec/2021:10:50:46 +0800] "GET /xingrg/all/function/internal_message.html?_=1638672645735&CODE_STATE=getMsg HTTP/1.1" 200 27
222.70.176.97 - - [05/Dec/2021:10:50:46 +0800] "GET /xingrg/kc/buy/cgsh_order_operate.html?command=get_materiel&rest_code=00111&code=00101018007&supplier_code=00100042&order_time=2021-12-05 HTTP/1.1" 200 409
180.169.147.146 - - [05/Dec/2021:10:50:49 +0800] "GET /xingrg/all/function/internal_message.html?_=1638672653047&CODE_STATE=getMsg HTTP/1.1" 200 27
172.20.0.100 - - [05/Dec/2021:10:50:53 +0800] "GET /xingrg/all/function/internal_message.html?_=1638672653489&CODE_STATE=getMsg HTTP/1.1" 200 27
180.174.250.202 - - [05/Dec/2021:10:50:56 +0800] "GET /xingrg/all/function/internal_message.html?_=1638672657548&CODE_STATE=getMsg HTTP/1.1" 200 27
116.238.248.233 - - [05/Dec/2021:10:50:57 +0800] "GET /xingrg/all/function/internal_message.html?_=1638672657808&CODE_STATE=getMsg HTTP/1.1" 200 27
172.20.0.100 - - [05/Dec/2021:10:50:59 +0800] "GET /xingrg/all/function/internal_message.html?_=1638672659351&CODE_STATE=getMsg HTTP/1.1" 200 27
124.78.153.86 - - [05/Dec/2021:10:51:02 +0800] "GET /xingrg/all/function/internal_message.html?_=1638672666329&CODE_STATE=getMsg HTTP/1.1" 200 27
120.253.135.82 - - [05/Dec/2021:10:51:05 +0800] "GET /xingrg/all/function/internal_message.html?_=1638672443727&CODE_STATE=getMsg HTTP/1.1" 200 27
180.169.147.146 - - [05/Dec/2021:10:51:06 +0800] "GET /xingrg/all/function/internal_message.html?_=1638672670847&CODE_STATE=getMsg HTTP/1.1" 200 27
222.70.176.97 - - [05/Dec/2021:10:51:07 +0800] "GET /xingrg/kc/buy/cgsh_order_operate.html?command=get_materiel&rest_code=00111&code=00101018019&supplier_code=00100042&order_time=2021-12-05 HTTP/1.1" 200 421
114.84.149.84 - - [05/Dec/2021:10:51:11 +0800] "GET /xingrg/all/function/internal_message.html?_=1638672491217&CODE_STATE=getMsg HTTP/1.1" 200 27
61.151.207.141 - - [05/Dec/2021:10:51:11 +0800] "GET /xingrg/all/function/internal_message.html?_=1638672621750&CODE_STATE=getMsg HTTP/1.1" 302 -
124.78.153.86 - - [05/Dec/2021:10:51:11 +0800] "GET /xingrg/all/function/internal_message.html?_=1638672681749&CODE_STATE=getMsg HTTP/1.1" 200 27
61.151.207.141 - - [05/Dec/2021:10:51:11 +0800] "GET /xingrg/login.html HTTP/1.1" 200 7641
116.227.210.113 - - [05/Dec/2021:10:51:12 +0800] "GET /xingrg/kc/buy/buy_main.html HTTP/1.1" 200 12412
116.227.210.113 - - [05/Dec/2021:10:51:12 +0800] "GET /xingrg/css/new_ie.css HTTP/1.1" 404 1036
116.227.210.113 - - [05/Dec/2021:10:51:13 +0800] "GET /xingrg/images/yd/bt.gif HTTP/1.1" 404 1040
116.227.210.113 - - [05/Dec/2021:10:51:14 +0800] "GET /xingrg/kc/buy/cgsh_order_list.html HTTP/1.1" 200 49380
116.227.210.113 - - [05/Dec/2021:10:51:15 +0800] "POST /xingrg/kc/buy/cgsh_list_operate.html HTTP/1.1" 200 876
222.70.171.86 - - [05/Dec/2021:10:51:17 +0800] "GET /xingrg/all/function/internal_message.html?_=1638672678758&CODE_STATE=getMsg HTTP/1.1" 200 27
222.70.176.97 - - [05/Dec/2021:10:51:17 +0800] "GET /xingrg/all/function/internal_message.html?_=1638672674981&CODE_STATE=getMsg HTTP/1.1" 200 27
116.227.210.113 - - [05/Dec/2021:10:51:19 +0800] "GET /xingrg/kc/buy/cgsh_order_add.html HTTP/1.1" 200 65071
116.227.210.113 - - [05/Dec/2021:10:51:19 +0800] "GET /xingrg/words/20211205101337_words.js HTTP/1.1" 200 877177
116.227.210.113 - - [05/Dec/2021:10:51:20 +0800] "POST /xingrg/kc/buy/cgsh_order_operate.html HTTP/1.1" 200 8245
116.227.210.113 - - [05/Dec/2021:10:51:20 +0800] "GET /xingrg/all/common/auto_word.html?type=employee&rest_code=00155 HTTP/1.1" 200 205
116.227.210.113 - - [05/Dec/2021:10:51:20 +0800] "GET /xingrg/all/common/auto_word.html?type=employee&rest_code=00155 HTTP/1.1" 200 205
116.227.210.113 - - [05/Dec/2021:10:51:20 +0800] "GET /xingrg/javascript/easyui/themes/default/validatebox.css HTTP/1.1" 404 1104
58.39.139.200 - - [05/Dec/2021:10:51:21 +0800] "GET /xingrg/all/function/internal_message.html?_=1638672682830&CODE_STATE=getMsg HTTP/1.1" 200 27
116.227.210.113 - - [05/Dec/2021:10:51:23 +0800] "GET /xingrg/javascript/auto/indicator.gif HTTP/1.1" 404 1066
124.78.153.86 - - [05/Dec/2021:10:51:26 +0800] "GET /xingrg/kc/base/wldb_order_operate.html?command=get_materiel&rest_code=00106&base_code=0010396&code=00101019071 HTTP/1.1" 200 455
114.85.125.222 - - [05/Dec/2021:10:51:30 +0800] "GET /xingrg/all/function/internal_message.html?_=1638672655122&CODE_STATE=getMsg HTTP/1.1" 200 27
180.169.147.146 - - [05/Dec/2021:10:51:31 +0800] "GET /xingrg/all/function/internal_message.html?_=1638672692481&CODE_STATE=getMsg HTTP/1.1" 200 27
180.169.147.146 - - [05/Dec/2021:10:51:31 +0800] "GET /xingrg/all/function/internal_message.html?_=1638672687748&CODE_STATE=getMsg HTTP/1.1" 200 27
101.85.120.86 - - [05/Dec/2021:10:51:33 +0800] "GET /xingrg/all/function/internal_message.html?_=1638672693830&CODE_STATE=getMsg HTTP/1.1" 200 27
116.227.210.113 - - [05/Dec/2021:10:51:34 +0800] "GET /xingrg/javascript/jquery_tools/images/next.gif HTTP/1.1" 404 1086
116.227.210.113 - - [05/Dec/2021:10:51:34 +0800] "GET /xingrg/javascript/jquery_tools/images/prev.gif HTTP/1.1" 404 1086
116.232.50.210 - - [05/Dec/2021:10:51:35 +0800] "GET /xingrg/all/function/internal_message.html?_=1638672698056&CODE_STATE=getMsg HTTP/1.1" 200 27
116.232.50.210 - - [05/Dec/2021:10:51:35 +0800] "GET /xingrg/check_reg.html?_=1638672698057 HTTP/1.1" 200 22
222.70.171.86 - - [05/Dec/2021:10:51:36 +0800] "GET /xingrg/kc/buy/cgsh_order_operate.html?command=get_materiel&rest_code=00146&code=00101007061&supplier_code=00100002&order_time=2021-12-05 HTTP/1.1" 200 409
116.227.210.113 - - [05/Dec/2021:10:51:39 +0800] "GET /xingrg/all/function/internal_message.html?_=1638672698063&CODE_STATE=getMsg HTTP/1.1" 200 27
120.253.135.82 - - [05/Dec/2021:10:51:39 +0800] "GET /xingrg/all/function/internal_message.html?_=1638672703357&CODE_STATE=getMsg HTTP/1.1" 200 27
124.78.153.86 - - [05/Dec/2021:10:51:40 +0800] "GET /xingrg/kc/base/wldb_order_operate.html?command=get_materiel&rest_code=00106&base_code=0010396&code=00101019405 HTTP/1.1" 200 467
180.169.147.146 - - [05/Dec/2021:10:51:41 +0800] "GET /xingrg/all/function/internal_message.html?_=1638672701816&CODE_STATE=getMsg HTTP/1.1" 200 27
120.253.135.82 - - [05/Dec/2021:10:51:42 +0800] "GET /xingrg/kc/pszx/mdqp_order_list.html?state=10 HTTP/1.1" 200 10217
120.253.135.82 - - [05/Dec/2021:10:51:42 +0800] "POST /xingrg/kc/pszx/mdps_list_operate.html HTTP/1.1" 200 3515
120.253.135.82 - - [05/Dec/2021:10:51:42 +0800] "GET /xingrg/dwr/interface/AjaxReportQueryService.js HTTP/1.1" 200 13203
120.253.135.82 - - [05/Dec/2021:10:51:42 +0800] "GET /xingrg/dwr/engine.js HTTP/1.1" 200 43631
120.253.135.82 - - [05/Dec/2021:10:51:42 +0800] "GET /xingrg/dwr/interface/AjaxQqpsService.js HTTP/1.1" 200 16326
180.174.250.202 - - [05/Dec/2021:10:51:47 +0800] "GET /xingrg/all/function/internal_message.html?_=1638672705750&CODE_STATE=getMsg HTTP/1.1" 200 27
222.70.176.97 - - [05/Dec/2021:10:51:48 +0800] "GET /xingrg/kc/buy/cgsh_order_operate.html?command=get_materiel&rest_code=00111&code=00101005037&supplier_code=00100042&order_time=2021-12-05 HTTP/1.1" 200 409
180.169.147.146 - - [05/Dec/2021:10:51:49 +0800] "GET /xingrg/all/function/internal_message.html?_=1638672713049&CODE_STATE=getMsg HTTP/1.1" 200 27
180.169.147.146 - - [05/Dec/2021:10:51:49 +0800] "GET /xingrg/check_reg.html?_=1638672713053 HTTP/1.1" 200 22
120.253.135.82 - - [05/Dec/2021:10:51:53 +0800] "GET /xingrg/kc/pszx/mdth_order_list.html HTTP/1.1" 200 18554
120.253.135.82 - - [05/Dec/2021:10:51:53 +0800] "POST /xingrg/kc/pszx/mdth_order_new_list.html HTTP/1.1" 200 4142
172.20.0.100 - - [05/Dec/2021:10:51:53 +0800] "GET /xingrg/all/function/internal_message.html?_=1638672713479&CODE_STATE=getMsg HTTP/1.1" 200 27
180.174.250.202 - - [05/Dec/2021:10:51:56 +0800] "GET /xingrg/all/function/internal_message.html?_=1638672717548&CODE_STATE=getMsg HTTP/1.1" 200 27
116.238.248.233 - - [05/Dec/2021:10:51:57 +0800] "GET /xingrg/all/function/internal_message.html?_=1638672717808&CODE_STATE=getMsg HTTP/1.1" 200 27
120.253.135.82 - - [05/Dec/2021:10:51:58 +0800] "GET /xingrg/kc/pszx/mdqp_order_list.html?state=10 HTTP/1.1" 200 10217
120.253.135.82 - - [05/Dec/2021:10:51:58 +0800] "GET /xingrg/dwr/interface/AjaxReportQueryService.js HTTP/1.1" 200 13203
120.253.135.82 - - [05/Dec/2021:10:51:58 +0800] "GET /xingrg/dwr/interface/AjaxQqpsService.js HTTP/1.1" 200 16326
120.253.135.82 - - [05/Dec/2021:10:51:58 +0800] "GET /xingrg/dwr/engine.js HTTP/1.1" 200 43631
172.20.0.100 - - [05/Dec/2021:10:51:59 +0800] "GET /xingrg/all/function/internal_message.html?_=1638672719353&CODE_STATE=getMsg HTTP/1.1" 200 27
222.70.176.97 - - [05/Dec/2021:10:51:59 +0800] "GET /xingrg/kc/buy/cgsh_order_operate.html?command=get_materiel&rest_code=00111&code=00101006067&supplier_code=00100042&order_time=2021-12-05 HTTP/1.1" 200 409
124.78.153.86 - - [05/Dec/2021:10:52:02 +0800] "GET /xingrg/all/function/internal_message.html?_=1638672726338&CODE_STATE=getMsg HTTP/1.1" 200 27
120.253.135.82 - - [05/Dec/2021:10:52:02 +0800] "GET /xingrg/kc/pszx/mdth_order_list.html HTTP/1.1" 200 18554
120.253.135.82 - - [05/Dec/2021:10:52:02 +0800] "POST /xingrg/kc/pszx/mdth_order_new_list.html HTTP/1.1" 200 4142
120.253.135.82 - - [05/Dec/2021:10:52:05 +0800] "GET /xingrg/all/function/internal_message.html?_=1638672503788&CODE_STATE=getMsg HTTP/1.1" 200 27
180.169.147.146 - - [05/Dec/2021:10:52:06 +0800] "GET /xingrg/all/function/internal_message.html?_=1638672730851&CODE_STATE=getMsg HTTP/1.1" 200 27
222.70.176.97 - - [05/Dec/2021:10:52:07 +0800] "POST /xingrg/kc/buy/cgsh_order_operate.html HTTP/1.1" 200 37
222.70.176.97 - - [05/Dec/2021:10:52:09 +0800] "POST /xingrg/kc/buy/cgsh_order_operate.html HTTP/1.1" 200 5614
114.84.149.84 - - [05/Dec/2021:10:52:11 +0800] "GET /xingrg/all/function/internal_message.html?_=1638672551216&CODE_STATE=getMsg HTTP/1.1" 200 27
124.78.153.86 - - [05/Dec/2021:10:52:11 +0800] "GET /xingrg/all/function/internal_message.html?_=1638672741749&CODE_STATE=getMsg HTTP/1.1" 200 27
124.78.153.86 - - [05/Dec/2021:10:52:11 +0800] "GET /xingrg/check_reg.html?_=1638672741751 HTTP/1.1" 200 22
222.70.176.97 - - [05/Dec/2021:10:52:12 +0800] "GET /xingrg/kc/print/load_data.html?order_code=212021120501781&kc_code=cgsh&condition= HTTP/1.1" 200 1824
222.70.171.86 - - [05/Dec/2021:10:52:17 +0800] "GET /xingrg/all/function/internal_message.html?_=1638672738773&CODE_STATE=getMsg HTTP/1.1" 200 27
222.70.176.97 - - [05/Dec/2021:10:52:17 +0800] "GET /xingrg/all/function/internal_message.html?_=1638672734968&CODE_STATE=getMsg HTTP/1.1" 200 27
58.39.139.200 - - [05/Dec/2021:10:52:21 +0800] "GET /xingrg/all/function/internal_message.html?_=1638672742802&CODE_STATE=getMsg HTTP/1.1" 200 27
58.39.139.200 - - [05/Dec/2021:10:52:23 +0800] "GET /xingrg/check_reg.html?_=1638672745400 HTTP/1.1" 200 22
222.70.176.97 - - [05/Dec/2021:10:52:25 +0800] "GET /xingrg/kc/base/wldb_order_add.html HTTP/1.1" 200 30475
222.70.176.97 - - [05/Dec/2021:10:52:26 +0800] "GET /xingrg/javascript/easyui/themes/default/validatebox.css HTTP/1.1" 404 1104
222.70.176.97 - - [05/Dec/2021:10:52:26 +0800] "POST /xingrg/kc/base/wldb_order_operate.html HTTP/1.1" 200 6806
172.20.0.100 - - [05/Dec/2021:10:52:26 +0800] "GET /xingrg/login.html HTTP/1.1" 200 7636
172.20.0.100 - - [05/Dec/2021:10:52:27 +0800] "GET /xingrg/images/blue/jxLogo.png HTTP/1.1" 200 6156
172.20.0.100 - - [05/Dec/2021:10:52:28 +0800] "GET /xingrg/images/blue/hj.png HTTP/1.1" 200 1014
172.20.0.100 - - [05/Dec/2021:10:52:28 +0800] "GET /xingrg/images/blue/srbg.png HTTP/1.1" 200 138
172.20.0.100 - - [05/Dec/2021:10:52:28 +0800] "GET /xingrg/images/blue/login_bg.png HTTP/1.1" 200 22101
172.20.0.100 - - [05/Dec/2021:10:52:28 +0800] "GET /favicon.ico HTTP/1.1" 404 -
180.169.147.146 - - [05/Dec/2021:10:52:28 +0800] "GET /favicon.ico HTTP/1.1" 404 -
172.20.0.100 - - [05/Dec/2021:10:52:29 +0800] "GET /favicon.ico HTTP/1.1" 404 -
124.78.153.86 - - [05/Dec/2021:10:52:29 +0800] "GET /xingrg/kc/base/wldb_order_operate.html?command=get_materiel&rest_code=00106&base_code=0010396&code=00101019492 HTTP/1.1" 200 459
114.85.125.222 - - [05/Dec/2021:10:52:30 +0800] "GET /xingrg/all/function/internal_message.html?_=1638672715138&CODE_STATE=getMsg HTTP/1.1" 200 27
180.169.147.146 - - [05/Dec/2021:10:52:31 +0800] "GET /xingrg/all/function/internal_message.html?_=1638672752482&CODE_STATE=getMsg HTTP/1.1" 200 27
101.85.120.86 - - [05/Dec/2021:10:52:33 +0800] "GET /xingrg/all/function/internal_message.html?_=1638672753830&CODE_STATE=getMsg HTTP/1.1" 200 27
172.20.0.100 - - [05/Dec/2021:10:52:35 +0800] "POST /xingrg/login.do HTTP/1.1" 302 -
172.20.0.100 - - [05/Dec/2021:10:52:35 +0800] "GET /xingrg/index.html?sysBaseUrl=http%3A%2F%2F172.20.0.8%3A18081%2Fxingrg%2F&costTime=45×tamp=1638672755254 HTTP/1.1" 200 17448
172.20.0.100 - - [05/Dec/2021:10:52:35 +0800] "GET /xingrg/javascript/jquery_easy_ui/themes/icon.css HTTP/1.1" 200 3949
172.20.0.100 - - [05/Dec/2021:10:52:35 +0800] "GET /xingrg/javascript/jquery_easy_ui/themes/default/easyui.css HTTP/1.1" 200 26500
172.20.0.100 - - [05/Dec/2021:10:52:35 +0800] "GET /xingrg/css/form.css HTTP/1.1" 200 893
172.20.0.100 - - [05/Dec/2021:10:52:35 +0800] "GET /xingrg/javascript/jquery-1.4.2.min.js HTTP/1.1" 200 72205
172.20.0.100 - - [05/Dec/2021:10:52:35 +0800] "GET /xingrg/javascript/jquery_easy_ui/jquery.easyui.min.js HTTP/1.1" 200 213662
172.20.0.100 - - [05/Dec/2021:10:52:35 +0800] "GET /xingrg/javascript/jquery_easy_ui/easyui-lang-zh_CN.js HTTP/1.1" 200 1900
172.20.0.100 - - [05/Dec/2021:10:52:35 +0800] "GET /xingrg/javascript/jquery.form.js HTTP/1.1" 200 23110
172.20.0.100 - - [05/Dec/2021:10:52:35 +0800] "GET /xingrg/javascript/jquery.utils.js HTTP/1.1" 200 11805
172.20.0.100 - - [05/Dec/2021:10:52:35 +0800] "GET /xingrg/javascript/jquery.timers.js HTTP/1.1" 200 3532
116.232.50.210 - - [05/Dec/2021:10:52:35 +0800] "GET /xingrg/all/function/internal_message.html?_=1638672758060&CODE_STATE=getMsg HTTP/1.1" 200 27
172.20.0.100 - - [05/Dec/2021:10:52:35 +0800] "GET /favicon.ico HTTP/1.1" 404 -
172.20.0.100 - - [05/Dec/2021:10:52:35 +0800] "GET /xingrg/javascript/jquery_easy_ui/themes/icons/settle_new.png HTTP/1.1" 200 826
172.20.0.100 - - [05/Dec/2021:10:52:35 +0800] "GET /xingrg/images/blue/navBackgound.jpg HTTP/1.1" 200 12378
172.20.0.100 - - [05/Dec/2021:10:52:35 +0800] "POST /xingrg/all/common/load_tree.html?tree=area_rest_tree_json&manage=1 HTTP/1.1" 200 3472
172.20.0.100 - - [05/Dec/2021:10:52:35 +0800] "GET /xingrg/check_reg.html?_=1638672757399 HTTP/1.1" 200 22
172.20.0.100 - - [05/Dec/2021:10:52:35 +0800] "GET /xingrg/all/function/internal_message.html?_=1638672757398&CODE_STATE=count HTTP/1.1" 200 11
172.20.0.100 - - [05/Dec/2021:10:52:35 +0800] "GET /xingrg/images/blue/pingpu.png HTTP/1.1" 200 231
172.20.0.100 - - [05/Dec/2021:10:52:35 +0800] "GET /xingrg/javascript/jquery_easy_ui/themes/default/images/tabs_leftarrow.png HTTP/1.1" 200 389
172.20.0.100 - - [05/Dec/2021:10:52:35 +0800] "GET /xingrg/javascript/jquery_easy_ui/themes/default/images/tabs_rightarrow.png HTTP/1.1" 200 395
172.20.0.100 - - [05/Dec/2021:10:52:35 +0800] "GET /xingrg/javascript/jquery_easy_ui/themes/default/images/panel_tool_expand.gif HTTP/1.1" 200 247
172.20.0.100 - - [05/Dec/2021:10:52:35 +0800] "GET /xingrg/javascript/jquery_easy_ui/themes/default/images/panel_tool_collapse.gif HTTP/1.1" 200 246
172.20.0.100 - - [05/Dec/2021:10:52:35 +0800] "POST /xingrg/load_menu.html HTTP/1.1" 200 11529
172.20.0.100 - - [05/Dec/2021:10:52:36 +0800] "GET /xingrg/javascript/jquery_easy_ui/themes/default/images/tree_arrows.gif HTTP/1.1" 200 1043
172.20.0.100 - - [05/Dec/2021:10:52:36 +0800] "GET /xingrg/javascript/jquery_easy_ui/themes/default/images/tree_folder_open.gif HTTP/1.1" 200 956
172.20.0.100 - - [05/Dec/2021:10:52:36 +0800] "GET /xingrg/javascript/jquery_easy_ui/themes/icons/search_new.png HTTP/1.1" 200 586
172.20.0.100 - - [05/Dec/2021:10:52:36 +0800] "GET /xingrg/javascript/jquery_easy_ui/themes/icons/delivery_new.png HTTP/1.1" 200 700
172.20.0.100 - - [05/Dec/2021:10:52:36 +0800] "GET /xingrg/javascript/jquery_easy_ui/themes/icons/storage_new.png HTTP/1.1" 200 853
172.20.0.100 - - [05/Dec/2021:10:52:36 +0800] "GET /xingrg/javascript/jquery_easy_ui/themes/icons/checkout_new.png HTTP/1.1" 200 744
172.20.0.100 - - [05/Dec/2021:10:52:36 +0800] "GET /xingrg/javascript/jquery_easy_ui/themes/icons/setting_new.png HTTP/1.1" 200 450
172.20.0.100 - - [05/Dec/2021:10:52:36 +0800] "GET /xingrg/javascript/jquery_easy_ui/themes/icons/systemset_new.png HTTP/1.1" 200 606
172.20.0.100 - - [05/Dec/2021:10:52:36 +0800] "GET /xingrg/javascript/jquery_easy_ui/themes/icons/forms_new.png HTTP/1.1" 200 350
172.20.0.100 - - [05/Dec/2021:10:52:36 +0800] "GET /xingrg/javascript/jquery_easy_ui/themes/default/images/tree_folder.gif HTTP/1.1" 200 952
172.20.0.100 - - [05/Dec/2021:10:52:36 +0800] "GET /xingrg/javascript/jquery_easy_ui/themes/default/images/tree_file.gif HTTP/1.1" 200 118
172.20.0.100 - - [05/Dec/2021:10:52:38 +0800] "GET /xingrg/javascript/jquery_easy_ui/themes/icons/area.png HTTP/1.1" 200 262
172.20.0.100 - - [05/Dec/2021:10:52:38 +0800] "GET /xingrg/javascript/jquery_easy_ui/themes/icons/manage.png HTTP/1.1" 200 696
172.20.0.100 - - [05/Dec/2021:10:52:38 +0800] "GET /xingrg/javascript/jquery_easy_ui/themes/icons/rest.png HTTP/1.1" 200 695
172.20.0.100 - - [05/Dec/2021:10:52:38 +0800] "GET /xingrg/javascript/jquery_easy_ui/themes/default/images/button_a_bg.gif HTTP/1.1" 200 1194
172.20.0.100 - - [05/Dec/2021:10:52:38 +0800] "GET /xingrg/javascript/jquery_easy_ui/themes/icons/ok.png HTTP/1.1" 200 883
172.20.0.100 - - [05/Dec/2021:10:52:38 +0800] "GET /xingrg/javascript/jquery_easy_ui/themes/default/images/button_span_bg.gif HTTP/1.1" 200 2061
172.20.0.100 - - [05/Dec/2021:10:52:38 +0800] "GET /xingrg/javascript/jquery_easy_ui/themes/default/images/panel_title.png HTTP/1.1" 200 266
172.20.0.100 - - [05/Dec/2021:10:52:38 +0800] "GET /xingrg/javascript/jquery_easy_ui/themes/default/images/panel_tools.gif HTTP/1.1" 200 737
116.227.210.113 - - [05/Dec/2021:10:52:39 +0800] "GET /xingrg/all/function/internal_message.html?_=1638672758033&CODE_STATE=getMsg HTTP/1.1" 200 27
120.253.135.82 - - [05/Dec/2021:10:52:39 +0800] "GET /xingrg/all/function/internal_message.html?_=1638672763401&CODE_STATE=getMsg HTTP/1.1" 200 27
116.227.210.113 - - [05/Dec/2021:10:52:40 +0800] "GET /xingrg/kc/buy/cgsh_order_operate.html?command=get_materiel&rest_code=00155&code=00101008149&supplier_code=00100005&order_time=2021-12-05 HTTP/1.1" 200 408
172.20.0.100 - - [05/Dec/2021:10:52:40 +0800] "GET /xingrg/images/control/ajaxLoader.gif HTTP/1.1" 200 4659
172.20.0.100 - - [05/Dec/2021:10:52:40 +0800] "POST /xingrg/all/user/operate.html HTTP/1.1" 200 36
172.20.0.100 - - [05/Dec/2021:10:52:40 +0800] "GET /xingrg/index.html?sysBaseUrl=http%3A%2F%2F172.20.0.8%3A18081%2Fxingrg%2F&costTime=45×tamp=1638672755254 HTTP/1.1" 200 17448
172.20.0.100 - - [05/Dec/2021:10:52:40 +0800] "GET /xingrg/javascript/jquery_easy_ui/themes/default/easyui.css HTTP/1.1" 304 -
172.20.0.100 - - [05/Dec/2021:10:52:40 +0800] "GET /xingrg/javascript/jquery_easy_ui/themes/icon.css HTTP/1.1" 304 -
172.20.0.100 - - [05/Dec/2021:10:52:40 +0800] "GET /xingrg/css/form.css HTTP/1.1" 304 -
172.20.0.100 - - [05/Dec/2021:10:52:40 +0800] "GET /xingrg/javascript/jquery-1.4.2.min.js HTTP/1.1" 304 -
172.20.0.100 - - [05/Dec/2021:10:52:40 +0800] "GET /xingrg/javascript/jquery_easy_ui/jquery.easyui.min.js HTTP/1.1" 304 -
172.20.0.100 - - [05/Dec/2021:10:52:40 +0800] "GET /xingrg/javascript/jquery_easy_ui/easyui-lang-zh_CN.js HTTP/1.1" 304 -
172.20.0.100 - - [05/Dec/2021:10:52:40 +0800] "GET /xingrg/javascript/jquery.form.js HTTP/1.1" 304 -
172.20.0.100 - - [05/Dec/2021:10:52:40 +0800] "GET /xingrg/javascript/jquery.utils.js HTTP/1.1" 304 -
172.20.0.100 - - [05/Dec/2021:10:52:40 +0800] "GET /xingrg/javascript/jquery.timers.js HTTP/1.1" 304 -
172.20.0.100 - - [05/Dec/2021:10:52:41 +0800] "GET /xingrg/images/blue/jxLogo.png HTTP/1.1" 304 -
172.20.0.100 - - [05/Dec/2021:10:52:41 +0800] "GET /xingrg/javascript/jquery_easy_ui/themes/icons/settle_new.png HTTP/1.1" 304 -
172.20.0.100 - - [05/Dec/2021:10:52:41 +0800] "GET /xingrg/images/blue/navBackgound.jpg HTTP/1.1" 304 -
172.20.0.100 - - [05/Dec/2021:10:52:41 +0800] "POST /xingrg/all/common/load_tree.html?tree=area_rest_tree_json&manage=1 HTTP/1.1" 200 3472
172.20.0.100 - - [05/Dec/2021:10:52:41 +0800] "GET /xingrg/all/function/internal_message.html?_=1638672762630&CODE_STATE=count HTTP/1.1" 200 11
172.20.0.100 - - [05/Dec/2021:10:52:41 +0800] "GET /xingrg/check_reg.html?_=1638672762632 HTTP/1.1" 200 22
172.20.0.100 - - [05/Dec/2021:10:52:41 +0800] "GET /xingrg/javascript/jquery_easy_ui/themes/default/images/panel_tool_expand.gif HTTP/1.1" 304 -
172.20.0.100 - - [05/Dec/2021:10:52:41 +0800] "GET /xingrg/images/blue/pingpu.png HTTP/1.1" 304 -
172.20.0.100 - - [05/Dec/2021:10:52:41 +0800] "GET /xingrg/javascript/jquery_easy_ui/themes/default/images/tabs_leftarrow.png HTTP/1.1" 304 -
172.20.0.100 - - [05/Dec/2021:10:52:41 +0800] "GET /xingrg/javascript/jquery_easy_ui/themes/default/images/panel_tool_collapse.gif HTTP/1.1" 304 -
172.20.0.100 - - [05/Dec/2021:10:52:41 +0800] "GET /xingrg/javascript/jquery_easy_ui/themes/default/images/tabs_rightarrow.png HTTP/1.1" 304 -
172.20.0.100 - - [05/Dec/2021:10:52:41 +0800] "POST /xingrg/load_menu.html HTTP/1.1" 200 9924
180.169.147.146 - - [05/Dec/2021:10:52:41 +0800] "GET /xingrg/all/function/internal_message.html?_=1638672761823&CODE_STATE=getMsg HTTP/1.1" 200 27
180.169.147.146 - - [05/Dec/2021:10:52:41 +0800] "GET /xingrg/check_reg.html?_=1638672761828 HTTP/1.1" 200 22
172.20.0.100 - - [05/Dec/2021:10:52:42 +0800] "GET /xingrg/kc/base/base_main.html HTTP/1.1" 200 12132
172.20.0.100 - - [05/Dec/2021:10:52:42 +0800] "GET /xingrg/javascript/jquery_easy_ui/themes/default/images/tabs_close.gif HTTP/1.1" 200 829
172.20.0.100 - - [05/Dec/2021:10:52:42 +0800] "GET /xingrg/css/blue.css HTTP/1.1" 200 15949
172.20.0.100 - - [05/Dec/2021:10:52:42 +0800] "GET /xingrg/javascript/pic_change.js HTTP/1.1" 200 4739
172.20.0.100 - - [05/Dec/2021:10:52:42 +0800] "GET /xingrg/javascript/myfunction.js HTTP/1.1" 200 24559
172.20.0.100 - - [05/Dec/2021:10:52:42 +0800] "GET /xingrg/images/blue/button/wlsy.gif HTTP/1.1" 200 2536
172.20.0.100 - - [05/Dec/2021:10:52:42 +0800] "GET /xingrg/images/blue/button/ckpd.gif HTTP/1.1" 200 2051
172.20.0.100 - - [05/Dec/2021:10:52:42 +0800] "GET /xingrg/images/blue/button/kc.gif HTTP/1.1" 200 2160
172.20.0.100 - - [05/Dec/2021:10:52:42 +0800] "GET /xingrg/images/blue/button/yddb.gif HTTP/1.1" 200 2040
172.20.0.100 - - [05/Dec/2021:10:52:42 +0800] "GET /xingrg/images/blue/button/ckdb.gif HTTP/1.1" 200 1950
172.20.0.100 - - [05/Dec/2021:10:52:42 +0800] "GET /xingrg/images/blue/pic_form2.gif HTTP/1.1" 200 1853
172.20.0.100 - - [05/Dec/2021:10:52:42 +0800] "GET /xingrg/images/blue/bg_dotted.jpg HTTP/1.1" 200 319
172.20.0.100 - - [05/Dec/2021:10:52:42 +0800] "GET /xingrg/images/blue/button/bottom_left.jpg HTTP/1.1" 200 1524
172.20.0.100 - - [05/Dec/2021:10:52:42 +0800] "GET /xingrg/images/blue/button/left_ah.jpg HTTP/1.1" 200 1643
172.20.0.100 - - [05/Dec/2021:10:52:42 +0800] "GET /xingrg/images/blue/button/bottom_right.jpg HTTP/1.1" 200 1436
172.20.0.100 - - [05/Dec/2021:10:52:42 +0800] "GET /xingrg/images/blue/button/top_left.jpg HTTP/1.1" 200 1632
172.20.0.100 - - [05/Dec/2021:10:52:42 +0800] "GET /xingrg/images/blue/button/top_right.jpg HTTP/1.1" 200 1708
172.20.0.100 - - [05/Dec/2021:10:52:42 +0800] "GET /xingrg/images/blue/button/down.jpg HTTP/1.1" 200 1560
172.20.0.100 - - [05/Dec/2021:10:52:42 +0800] "GET /xingrg/images/blue/button/right_ah.jpg HTTP/1.1" 200 1744
172.20.0.100 - - [05/Dec/2021:10:52:43 +0800] "GET /xingrg/kc/base/yddb_order_list.html HTTP/1.1" 200 16851
172.20.0.100 - - [05/Dec/2021:10:52:43 +0800] "GET /xingrg/css/base.css HTTP/1.1" 200 2811
172.20.0.100 - - [05/Dec/2021:10:52:43 +0800] "GET /xingrg/css/site.css HTTP/1.1" 200 7541
172.20.0.100 - - [05/Dec/2021:10:52:43 +0800] "GET /xingrg/javascript/jquery_tools/datebox.css HTTP/1.1" 200 2597
172.20.0.100 - - [05/Dec/2021:10:52:43 +0800] "GET /xingrg/javascript/easyui/themes/default/easyui.css HTTP/1.1" 200 30432
172.20.0.100 - - [05/Dec/2021:10:52:43 +0800] "GET /xingrg/javascript/easyui/themes/icon.css HTTP/1.1" 200 4483
172.20.0.100 - - [05/Dec/2021:10:52:43 +0800] "GET /xingrg/javascript/jquery_tools/fix.css HTTP/1.1" 200 1702
172.20.0.100 - - [05/Dec/2021:10:52:43 +0800] "GET /xingrg/javascript/auto/jquery.autocomplete.css HTTP/1.1" 200 587
172.20.0.100 - - [05/Dec/2021:10:52:43 +0800] "GET /xingrg/javascript/jquery_tools/table.css HTTP/1.1" 200 1032
172.20.0.100 - - [05/Dec/2021:10:52:43 +0800] "GET /xingrg/javascript/jquery_tools/jquery.tools.min.js HTTP/1.1" 200 138801
172.20.0.100 - - [05/Dec/2021:10:52:43 +0800] "GET /xingrg/javascript/jquery_tools/jquery.tools.extend.js HTTP/1.1" 200 15385
172.20.0.100 - - [05/Dec/2021:10:52:43 +0800] "GET /xingrg/javascript/jquery_tools/jquery.tools.hotkey.js HTTP/1.1" 200 3242
172.20.0.100 - - [05/Dec/2021:10:52:43 +0800] "GET /xingrg/javascript/jquery_tools/jquery.tools.table.js HTTP/1.1" 200 6994
172.20.0.100 - - [05/Dec/2021:10:52:43 +0800] "GET /xingrg/javascript/auto/jquery.autocomplete.js HTTP/1.1" 200 21624
172.20.0.100 - - [05/Dec/2021:10:52:43 +0800] "GET /xingrg/javascript/jquery_tools/list_manager.js HTTP/1.1" 200 3652
172.20.0.100 - - [05/Dec/2021:10:52:43 +0800] "GET /xingrg/javascript/easyui/easyloader.js HTTP/1.1" 200 5975
172.20.0.100 - - [05/Dec/2021:10:52:43 +0800] "GET /xingrg/javascript/jquery.cookie.js HTTP/1.1" 200 5513
172.20.0.100 - - [05/Dec/2021:10:52:43 +0800] "GET /xingrg/javascript/print/LodopFuncs.js HTTP/1.1" 200 5121
222.70.171.86 - - [05/Dec/2021:10:52:43 +0800] "GET /xingrg/kc/buy/cgsh_order_operate.html?command=get_materiel&rest_code=00146&code=00101007085&supplier_code=00100002&order_time=2021-12-05 HTTP/1.1" 200 413
124.78.153.86 - - [05/Dec/2021:10:52:43 +0800] "GET /xingrg/kc/base/wldb_order_operate.html?command=get_materiel&rest_code=00106&base_code=0010396&code=00101019134 HTTP/1.1" 200 466
172.20.0.100 - - [05/Dec/2021:10:52:44 +0800] "GET /xingrg/javascript/easyui/themes/icons/edit_add_new.png HTTP/1.1" 200 2997
172.20.0.100 - - [05/Dec/2021:10:52:44 +0800] "GET /xingrg/javascript/easyui/themes/icons/import_new.png HTTP/1.1" 200 1247
172.20.0.100 - - [05/Dec/2021:10:52:44 +0800] "GET /xingrg/javascript/easyui/themes/icons/field_new.png HTTP/1.1" 200 1097
172.20.0.100 - - [05/Dec/2021:10:52:44 +0800] "GET /xingrg/javascript/easyui/plugins/jquery.parser.js HTTP/1.1" 200 1142
172.20.0.100 - - [05/Dec/2021:10:52:44 +0800] "POST /xingrg/kc/base/yddb_list_operate.html HTTP/1.1" 200 636
172.20.0.100 - - [05/Dec/2021:10:52:46 +0800] "POST /xingrg/kc/base/yddb_list_operate.html HTTP/1.1" 200 4332
180.174.250.202 - - [05/Dec/2021:10:52:47 +0800] "GET /xingrg/all/function/internal_message.html?_=1638672766417&CODE_STATE=getMsg HTTP/1.1" 200 27
172.20.0.100 - - [05/Dec/2021:10:52:47 +0800] "POST /xingrg/kc/base/yddb_list_operate.html HTTP/1.1" 200 211
172.20.0.100 - - [05/Dec/2021:10:52:48 +0800] "POST /xingrg/kc/base/yddb_list_operate.html HTTP/1.1" 200 217
180.169.147.146 - - [05/Dec/2021:10:52:49 +0800] "GET /xingrg/all/function/internal_message.html?_=1638672773053&CODE_STATE=getMsg HTTP/1.1" 200 27
172.20.0.100 - - [05/Dec/2021:10:52:53 +0800] "GET /xingrg/all/function/internal_message.html?_=1638672773483&CODE_STATE=getMsg HTTP/1.1" 200 27
180.174.250.202 - - [05/Dec/2021:10:52:56 +0800] "GET /xingrg/all/function/internal_message.html?_=1638672777561&CODE_STATE=getMsg HTTP/1.1" 200 27
116.238.248.233 - - [05/Dec/2021:10:52:57 +0800] "GET /xingrg/all/function/internal_message.html?_=1638672777808&CODE_STATE=getMsg HTTP/1.1" 200 27
116.227.210.113 - - [05/Dec/2021:10:52:58 +0800] "GET /xingrg/kc/buy/cgsh_order_operate.html?command=get_materiel&rest_code=00155&code=00101008358&supplier_code=00100005&order_time=2021-12-05 HTTP/1.1" 200 412
222.70.171.86 - - [05/Dec/2021:10:52:59 +0800] "GET /xingrg/kc/buy/cgsh_order_operate.html?command=get_materiel&rest_code=00146&code=00101007184&supplier_code=00100002&order_time=2021-12-05 HTTP/1.1" 200 395
172.20.0.100 - - [05/Dec/2021:10:52:59 +0800] "GET /xingrg/all/function/internal_message.html?_=1638672779356&CODE_STATE=getMsg HTTP/1.1" 200 27
124.78.153.86 - - [05/Dec/2021:10:53:02 +0800] "GET /xingrg/check_reg.html?_=1638672786338 HTTP/1.1" 200 22
124.78.153.86 - - [05/Dec/2021:10:53:02 +0800] "GET /xingrg/all/function/internal_message.html?_=1638672786343&CODE_STATE=getMsg HTTP/1.1" 200 27
120.253.135.82 - - [05/Dec/2021:10:53:06 +0800] "GET /xingrg/all/function/internal_message.html?_=1638672563824&CODE_STATE=getMsg HTTP/1.1" 200 27
180.169.147.146 - - [05/Dec/2021:10:53:06 +0800] "GET /xingrg/check_reg.html?_=1638672790868 HTTP/1.1" 200 22
180.169.147.146 - - [05/Dec/2021:10:53:06 +0800] "GET /xingrg/all/function/internal_message.html?_=1638672790867&CODE_STATE=getMsg HTTP/1.1" 200 27
116.227.210.113 - - [05/Dec/2021:10:53:08 +0800] "GET /xingrg/kc/buy/cgsh_order_operate.html?command=get_materiel&rest_code=00155&code=00101008087&supplier_code=00100005&order_time=2021-12-05 HTTP/1.1" 200 412
222.70.176.97 - - [05/Dec/2021:10:53:10 +0800] "POST /xingrg/all/common/load_combo.html?type=base HTTP/1.1" 200 3054
114.84.149.84 - - [05/Dec/2021:10:53:11 +0800] "GET /xingrg/all/function/internal_message.html?_=1638672611214&CODE_STATE=getMsg HTTP/1.1" 200 27
101.89.239.120 - - [05/Dec/2021:10:53:11 +0800] "GET /xingrg/all/function/internal_message.html?_=1638672741749&CODE_STATE=getMsg HTTP/1.1" 302 -
124.78.153.86 - - [05/Dec/2021:10:53:11 +0800] "GET /xingrg/all/function/internal_message.html?_=1638672801749&CODE_STATE=getMsg HTTP/1.1" 200 27
101.89.239.120 - - [05/Dec/2021:10:53:11 +0800] "GET /xingrg/login.html HTTP/1.1" 200 7641
61.151.178.164 - - [05/Dec/2021:10:53:11 +0800] "GET /xingrg/check_reg.html?_=1638672741751 HTTP/1.1" 302 -
61.151.178.164 - - [05/Dec/2021:10:53:12 +0800] "GET /xingrg/login.html HTTP/1.1" 200 7641
124.78.153.86 - - [05/Dec/2021:10:53:15 +0800] "GET /xingrg/kc/base/wldb_order_operate.html?command=get_materiel&rest_code=00106&base_code=0010396&code=00101019297 HTTP/1.1" 200 464
222.70.171.86 - - [05/Dec/2021:10:53:17 +0800] "GET /xingrg/all/function/internal_message.html?_=1638672798785&CODE_STATE=getMsg HTTP/1.1" 200 27
222.70.176.97 - - [05/Dec/2021:10:53:17 +0800] "GET /xingrg/all/function/internal_message.html?_=1638672794951&CODE_STATE=getMsg HTTP/1.1" 200 27
116.227.210.113 - - [05/Dec/2021:10:53:19 +0800] "GET /xingrg/kc/buy/cgsh_order_operate.html?command=get_materiel&rest_code=00155&code=00101008005&supplier_code=00100005&order_time=2021-12-05 HTTP/1.1" 200 412
58.39.139.200 - - [05/Dec/2021:10:53:20 +0800] "GET /xingrg/all/function/internal_message.html?_=1638672802770&CODE_STATE=getMsg HTTP/1.1" 200 27
114.85.125.222 - - [05/Dec/2021:10:53:29 +0800] "GET /xingrg/check_reg.html?_=1638672774075 HTTP/1.1" 200 22
114.85.125.222 - - [05/Dec/2021:10:53:30 +0800] "GET /xingrg/all/function/internal_message.html?_=1638672775152&CODE_STATE=getMsg HTTP/1.1" 200 27
180.169.147.146 - - [05/Dec/2021:10:53:31 +0800] "GET /xingrg/check_reg.html?_=1638672812486 HTTP/1.1" 200 22
180.169.147.146 - - [05/Dec/2021:10:53:31 +0800] "GET /xingrg/all/function/internal_message.html?_=1638672812484&CODE_STATE=getMsg HTTP/1.1" 200 27
222.70.176.97 - - [05/Dec/2021:10:53:32 +0800] "POST /xingrg/all/common/load_combo.html?type=base HTTP/1.1" 200 3054
101.85.120.86 - - [05/Dec/2021:10:53:33 +0800] "GET /xingrg/check_reg.html?_=1638672813830 HTTP/1.1" 200 22
101.85.120.86 - - [05/Dec/2021:10:53:33 +0800] "GET /xingrg/all/function/internal_message.html?_=1638672813833&CODE_STATE=getMsg HTTP/1.1" 200 27
180.169.147.146 - - [05/Dec/2021:10:53:35 +0800] "GET /xingrg/index.html?sysBaseUrl=http%3A%2F%2F180.169.147.146%3A18081%2Fxingrg%2F&costTime=39×tamp=1592034574635 HTTP/1.1" 200 17509
116.232.50.210 - - [05/Dec/2021:10:53:35 +0800] "GET /xingrg/all/function/internal_message.html?_=1638672818061&CODE_STATE=getMsg HTTP/1.1" 200 27
180.169.147.146 - - [05/Dec/2021:10:53:35 +0800] "POST /xingrg/all/common/load_tree.html?tree=area_rest_tree_json&manage=1 HTTP/1.1" 200 3472
180.169.147.146 - - [05/Dec/2021:10:53:35 +0800] "GET /xingrg/all/function/internal_message.html?_=1638672816484&CODE_STATE=count HTTP/1.1" 200 11
180.169.147.146 - - [05/Dec/2021:10:53:35 +0800] "GET /xingrg/check_reg.html?_=1638672816485 HTTP/1.1" 200 22
180.169.147.146 - - [05/Dec/2021:10:53:35 +0800] "GET /favicon.ico HTTP/1.1" 404 -
180.169.147.146 - - [05/Dec/2021:10:53:35 +0800] "POST /xingrg/load_menu.html HTTP/1.1" 200 9959
116.227.210.113 - - [05/Dec/2021:10:53:39 +0800] "GET /xingrg/all/function/internal_message.html?_=1638672818014&CODE_STATE=getMsg HTTP/1.1" 200 27
120.253.135.82 - - [05/Dec/2021:10:53:39 +0800] "GET /xingrg/all/function/internal_message.html?_=1638672823415&CODE_STATE=getMsg HTTP/1.1" 200 27
172.20.0.100 - - [05/Dec/2021:10:53:41 +0800] "GET /xingrg/all/function/internal_message.html?_=1638672822651&CODE_STATE=getMsg HTTP/1.1" 200 27
172.20.0.100 - - [05/Dec/2021:10:53:43 +0800] "GET /xingrg/kc/base/yddb_order_info.html?code=482021111800102 HTTP/1.1" 200 31595
