172.20.0.100 - - [05/Dec/2021:10:08:23 +0800] "GET /xingrg/all/function/internal_message.html?_=1638670103276&CODE_STATE=getMsg HTTP/1.1" 200 27
222.70.171.86 - - [05/Dec/2021:10:08:27 +0800] "POST /xingrg/kc/buy/cgsh_order_operate.html HTTP/1.1" 200 37
114.85.125.222 - - [05/Dec/2021:10:08:29 +0800] "GET /xingrg/check_reg.html?_=1638670073746 HTTP/1.1" 200 22
222.70.171.86 - - [05/Dec/2021:10:08:29 +0800] "POST /xingrg/kc/buy/cgsh_order_operate.html HTTP/1.1" 200 44029
114.85.125.222 - - [05/Dec/2021:10:08:29 +0800] "GET /xingrg/all/function/internal_message.html?_=1638670074244&CODE_STATE=getMsg HTTP/1.1" 200 27
180.174.250.202 - - [05/Dec/2021:10:08:29 +0800] "POST /xingrg/kc/buy/cgsh_order_operate.html HTTP/1.1" 200 12
180.169.147.146 - - [05/Dec/2021:10:08:30 +0800] "POST /xingrg/kc/buy/cgsh_order_operate.html HTTP/1.1" 200 4430
120.253.135.82 - - [05/Dec/2021:10:08:30 +0800] "GET /xingrg/all/function/internal_message.html?_=1638669888681&CODE_STATE=getMsg HTTP/1.1" 200 27
180.169.147.146 - - [05/Dec/2021:10:08:31 +0800] "GET /xingrg/all/function/internal_message.html?_=1638670112328&CODE_STATE=getMsg HTTP/1.1" 200 27
180.169.147.146 - - [05/Dec/2021:10:08:31 +0800] "GET /xingrg/check_reg.html?_=1638670112329 HTTP/1.1" 200 22
222.70.171.86 - - [05/Dec/2021:10:08:32 +0800] "GET /xingrg/kc/print/load_config.html?kc_code=cgsh HTTP/1.1" 200 2281
180.169.147.146 - - [05/Dec/2021:10:08:32 +0800] "GET /xingrg/all/function/internal_message.html?_=1638670108511&CODE_STATE=getMsg HTTP/1.1" 200 27
222.70.171.86 - - [05/Dec/2021:10:08:32 +0800] "GET /xingrg/kc/print/load_data.html?order_code=212021120501760&kc_code=cgsh&condition= HTTP/1.1" 200 16333
180.174.250.202 - - [05/Dec/2021:10:08:33 +0800] "GET /xingrg/kc/buy/cgsh_order_info.html?code=212021120501763 HTTP/1.1" 200 60008
180.174.250.202 - - [05/Dec/2021:10:08:34 +0800] "GET /xingrg/all/function/internal_message.html?_=1638670113147&CODE_STATE=getMsg HTTP/1.1" 200 27
180.174.250.202 - - [05/Dec/2021:10:08:34 +0800] "GET /xingrg/javascript/easyui/themes/default/validatebox.css HTTP/1.1" 404 1104
180.174.250.202 - - [05/Dec/2021:10:08:34 +0800] "POST /xingrg/kc/buy/cgsh_order_operate.html HTTP/1.1" 200 4150
120.253.135.82 - - [05/Dec/2021:10:08:38 +0800] "GET /xingrg/all/function/internal_message.html?_=1638670122226&CODE_STATE=getMsg HTTP/1.1" 200 27
180.169.147.146 - - [05/Dec/2021:10:08:39 +0800] "GET /xingrg/all/function/internal_message.html?_=1638670123355&CODE_STATE=getMsg HTTP/1.1" 200 27
180.169.147.146 - - [05/Dec/2021:10:08:39 +0800] "GET /xingrg/check_reg.html?_=1638670123357 HTTP/1.1" 200 22
116.227.210.113 - - [05/Dec/2021:10:08:39 +0800] "GET /xingrg/all/function/internal_message.html?_=1638670118610&CODE_STATE=getMsg HTTP/1.1" 200 27
180.174.250.202 - - [05/Dec/2021:10:08:40 +0800] "GET /xingrg/kc/print/load_data.html?order_code=212021120501763&kc_code=cgsh&condition= HTTP/1.1" 200 2020
180.169.147.146 - - [05/Dec/2021:10:08:41 +0800] "GET /xingrg/all/function/internal_message.html?_=1638670121823&CODE_STATE=getMsg HTTP/1.1" 200 27
180.169.147.146 - - [05/Dec/2021:10:08:46 +0800] "POST /xingrg/kc/buy/cgsh_order_operate.html HTTP/1.1" 200 37
180.169.147.146 - - [05/Dec/2021:10:08:48 +0800] "GET /xingrg/all/function/internal_message.html?_=1638670131522&CODE_STATE=getMsg HTTP/1.1" 200 27
180.169.147.146 - - [05/Dec/2021:10:08:48 +0800] "GET /xingrg/check_reg.html?_=1638670131522 HTTP/1.1" 200 22
180.169.147.146 - - [05/Dec/2021:10:08:48 +0800] "POST /xingrg/kc/buy/cgsh_order_operate.html HTTP/1.1" 200 4430
180.169.147.146 - - [05/Dec/2021:10:08:49 +0800] "GET /xingrg/kc/print/load_data.html?order_code=212021120501762&kc_code=cgsh&condition= HTTP/1.1" 200 1402
180.169.147.146 - - [05/Dec/2021:10:08:52 +0800] "GET /xingrg/kc/buy/cgsh_order_add.html HTTP/1.1" 200 65112
180.169.147.146 - - [05/Dec/2021:10:08:52 +0800] "POST /xingrg/kc/buy/cgsh_order_operate.html HTTP/1.1" 200 8245
180.169.147.146 - - [05/Dec/2021:10:08:52 +0800] "GET /xingrg/javascript/easyui/themes/default/validatebox.css HTTP/1.1" 404 1104
180.174.250.202 - - [05/Dec/2021:10:08:55 +0800] "GET /xingrg/kc/buy/cgsh_order_add.html HTTP/1.1" 200 65103
180.174.250.202 - - [05/Dec/2021:10:08:56 +0800] "GET /xingrg/all/function/internal_message.html?_=1638670137543&CODE_STATE=getMsg HTTP/1.1" 200 27
116.238.248.233 - - [05/Dec/2021:10:08:57 +0800] "GET /xingrg/all/function/internal_message.html?_=1638670137601&CODE_STATE=getMsg HTTP/1.1" 200 27
180.174.250.202 - - [05/Dec/2021:10:08:57 +0800] "POST /xingrg/kc/buy/cgsh_order_operate.html HTTP/1.1" 200 8245
180.174.250.202 - - [05/Dec/2021:10:08:58 +0800] "GET /xingrg/javascript/easyui/themes/default/validatebox.css HTTP/1.1" 404 1104
172.20.0.100 - - [05/Dec/2021:10:08:59 +0800] "GET /xingrg/all/function/internal_message.html?_=1638670139365&CODE_STATE=getMsg HTTP/1.1" 200 27
180.169.147.146 - - [05/Dec/2021:10:09:06 +0800] "GET /xingrg/kc/buy/cgsh_order_operate.html?command=get_materiel&rest_code=00147&code=00101006124&supplier_code=00100015&order_time=2021-12-04 HTTP/1.1" 200 409
114.84.149.84 - - [05/Dec/2021:10:09:10 +0800] "GET /xingrg/check_reg.html?_=1638669971100 HTTP/1.1" 200 22
114.84.149.84 - - [05/Dec/2021:10:09:10 +0800] "GET /xingrg/all/function/internal_message.html?_=1638669971102&CODE_STATE=getMsg HTTP/1.1" 200 27
222.70.171.86 - - [05/Dec/2021:10:09:13 +0800] "GET /xingrg/check_reg.html?_=1638670154482 HTTP/1.1" 200 22
222.70.171.86 - - [05/Dec/2021:10:09:15 +0800] "GET /xingrg/all/function/internal_message.html?_=1638670156691&CODE_STATE=getMsg HTTP/1.1" 200 27
116.232.50.210 - - [05/Dec/2021:10:09:16 +0800] "GET /xingrg/all/function/internal_message.html?_=1638670159226&CODE_STATE=getMsg HTTP/1.1" 200 27
172.20.0.100 - - [05/Dec/2021:10:09:17 +0800] "POST /xingrg/all/user/operate.html HTTP/1.1" 200 36
172.20.0.100 - - [05/Dec/2021:10:09:18 +0800] "GET /xingrg/javascript/jquery_easy_ui/themes/default/easyui.css HTTP/1.1" 304 -
172.20.0.100 - - [05/Dec/2021:10:09:18 +0800] "GET /xingrg/index.html?sysBaseUrl=http%3A%2F%2F172.20.0.8%3A18081%2Fxingrg%2F&costTime=45×tamp=1638581329529 HTTP/1.1" 200 17454
172.20.0.100 - - [05/Dec/2021:10:09:18 +0800] "GET /xingrg/javascript/jquery_easy_ui/themes/icon.css HTTP/1.1" 304 -
172.20.0.100 - - [05/Dec/2021:10:09:18 +0800] "GET /xingrg/css/form.css HTTP/1.1" 304 -
222.70.176.97 - - [05/Dec/2021:10:09:18 +0800] "GET /xingrg/all/function/internal_message.html?_=1638670155698&CODE_STATE=getMsg HTTP/1.1" 200 27
172.20.0.100 - - [05/Dec/2021:10:09:18 +0800] "GET /xingrg/javascript/jquery-1.4.2.min.js HTTP/1.1" 304 -
172.20.0.100 - - [05/Dec/2021:10:09:18 +0800] "GET /xingrg/javascript/jquery_easy_ui/jquery.easyui.min.js HTTP/1.1" 304 -
172.20.0.100 - - [05/Dec/2021:10:09:18 +0800] "GET /xingrg/javascript/jquery_easy_ui/easyui-lang-zh_CN.js HTTP/1.1" 304 -
172.20.0.100 - - [05/Dec/2021:10:09:18 +0800] "GET /xingrg/javascript/jquery.form.js HTTP/1.1" 304 -
172.20.0.100 - - [05/Dec/2021:10:09:18 +0800] "GET /xingrg/javascript/jquery.utils.js HTTP/1.1" 304 -
172.20.0.100 - - [05/Dec/2021:10:09:18 +0800] "GET /xingrg/javascript/jquery.timers.js HTTP/1.1" 304 -
172.20.0.100 - - [05/Dec/2021:10:09:18 +0800] "GET /xingrg/images/blue/jxLogo.png HTTP/1.1" 304 -
172.20.0.100 - - [05/Dec/2021:10:09:18 +0800] "GET /xingrg/images/blue/navBackgound.jpg HTTP/1.1" 304 -
172.20.0.100 - - [05/Dec/2021:10:09:18 +0800] "GET /xingrg/javascript/jquery_easy_ui/themes/icons/settle_new.png HTTP/1.1" 304 -
172.20.0.100 - - [05/Dec/2021:10:09:18 +0800] "POST /xingrg/all/common/load_tree.html?tree=area_rest_tree_json&manage=1 HTTP/1.1" 200 3472
172.20.0.100 - - [05/Dec/2021:10:09:18 +0800] "GET /xingrg/all/function/internal_message.html?_=1638670158579&CODE_STATE=count HTTP/1.1" 200 11
172.20.0.100 - - [05/Dec/2021:10:09:18 +0800] "GET /xingrg/check_reg.html?_=1638670158580 HTTP/1.1" 200 22
172.20.0.100 - - [05/Dec/2021:10:09:18 +0800] "GET /xingrg/javascript/jquery_easy_ui/themes/default/images/tabs_rightarrow.png HTTP/1.1" 304 -
172.20.0.100 - - [05/Dec/2021:10:09:18 +0800] "GET /xingrg/javascript/jquery_easy_ui/themes/default/images/panel_tool_collapse.gif HTTP/1.1" 304 -
172.20.0.100 - - [05/Dec/2021:10:09:18 +0800] "GET /xingrg/images/blue/pingpu.png HTTP/1.1" 304 -
172.20.0.100 - - [05/Dec/2021:10:09:18 +0800] "GET /xingrg/javascript/jquery_easy_ui/themes/default/images/panel_tool_expand.gif HTTP/1.1" 304 -
172.20.0.100 - - [05/Dec/2021:10:09:18 +0800] "GET /xingrg/javascript/jquery_easy_ui/themes/default/images/tabs_leftarrow.png HTTP/1.1" 304 -
172.20.0.100 - - [05/Dec/2021:10:09:18 +0800] "POST /xingrg/load_menu.html HTTP/1.1" 200 9924
180.169.147.146 - - [05/Dec/2021:10:09:18 +0800] "GET /xingrg/kc/buy/cgsh_order_operate.html?command=get_materiel&rest_code=00147&code=00101006065&supplier_code=00100015&order_time=2021-12-04 HTTP/1.1" 200 409
172.20.0.100 - - [05/Dec/2021:10:09:19 +0800] "GET /xingrg/kc/report/report_main.html HTTP/1.1" 200 7320
172.20.0.100 - - [05/Dec/2021:10:09:21 +0800] "GET /xingrg/kc/base/crk_hz.html HTTP/1.1" 200 11227
58.39.139.200 - - [05/Dec/2021:10:09:21 +0800] "GET /xingrg/all/function/internal_message.html?_=1638670163713&CODE_STATE=getMsg HTTP/1.1" 200 27
172.20.0.100 - - [05/Dec/2021:10:09:22 +0800] "POST /xingrg/kc/cost/cost_operate.html?command=get_base_tree HTTP/1.1" 200 1034
172.20.0.100 - - [05/Dec/2021:10:09:22 +0800] "POST /xingrg/all/common/load_tree.html?tree=materiel_sort_tree_json HTTP/1.1" 200 9388
172.20.0.100 - - [05/Dec/2021:10:09:23 +0800] "GET /xingrg/all/common/get_data_part.html?part=previousYear&_=1638670163284 HTTP/1.1" 200 41
172.20.0.100 - - [05/Dec/2021:10:09:24 +0800] "GET /xingrg/all/common/get_data_part.html?part=previousMonth&_=1638670164694 HTTP/1.1" 200 41
172.20.0.100 - - [05/Dec/2021:10:09:28 +0800] "GET /xingrg/kc/base/crk_hz.html?_=1638670168060&command=get_cost_id&end_date=2021-11-30&start_date=2021-11-01 HTTP/1.1" 200 51
172.20.0.100 - - [05/Dec/2021:10:09:28 +0800] "GET /xingrg/all/report/report_query.html?isQuery=1&onlyBody=1&rh=99999&rw=1800&varString=start:20211101,cost_id:3412,mid:20211101&fileName=kc/base/crk_hz_type_by_base.xml&queryString=%20m.sort_code%20in%20('00101001','00101002','00101003','00101004','00101005','00101006','00101007','00101008','00101009','00101010','00101011','00101012','00101013','00101014','00101015','00101016','00101017','00101018','00101019','00101020','00101021','00101022','00101023','00101024','00101025','00101026','00101027','00101028','00101029','00101030','00101031','00101032','00101033','00101034','00101036','00101037','00101038','00101039','00101040','00101041','00101042')%20&queryText=ÈÕÆÚ£º2021-11-01ÖÁ2021-11-30&tableQueryString=materiel_table$sp1$$sp$before_table$sp1$$sp$crk_table$sp1$order_day%20between%2020211101%20and%2020211130 HTTP/1.1" 200 49758
172.20.0.100 - - [05/Dec/2021:10:09:28 +0800] "GET /xingrg/dwr/interface/AjaxReportQueryService.js HTTP/1.1" 200 13203
172.20.0.100 - - [05/Dec/2021:10:09:28 +0800] "GET /xingrg/dwr/engine.js HTTP/1.1" 200 43631
180.169.147.146 - - [05/Dec/2021:10:09:28 +0800] "GET /xingrg/kc/buy/cgsh_order_operate.html?command=get_materiel&rest_code=00147&code=00101008131&supplier_code=00100015&order_time=2021-12-04 HTTP/1.1" 200 408
172.20.0.100 - - [05/Dec/2021:10:09:29 +0800] "POST /xingrg/all/report/load_report_page.html HTTP/1.1" 200 357161
172.20.0.100 - - [05/Dec/2021:10:09:29 +0800] "GET /xingrg/servlets/image?cache=0.02302058260719264&image=px HTTP/1.1" 200 807
114.85.125.222 - - [05/Dec/2021:10:09:29 +0800] "GET /xingrg/all/function/internal_message.html?_=1638670134257&CODE_STATE=getMsg HTTP/1.1" 200 27
222.70.176.97 - - [05/Dec/2021:10:09:30 +0800] "GET /xingrg/check_reg.html?_=1638670167713 HTTP/1.1" 200 22
120.253.135.82 - - [05/Dec/2021:10:09:30 +0800] "GET /xingrg/all/function/internal_message.html?_=1638669948730&CODE_STATE=getMsg HTTP/1.1" 200 27
180.169.147.146 - - [05/Dec/2021:10:09:31 +0800] "GET /xingrg/all/function/internal_message.html?_=1638670172328&CODE_STATE=getMsg HTTP/1.1" 200 27
180.169.147.146 - - [05/Dec/2021:10:09:32 +0800] "GET /xingrg/all/function/internal_message.html?_=1638670168487&CODE_STATE=getMsg HTTP/1.1" 200 27
180.169.147.146 - - [05/Dec/2021:10:09:32 +0800] "GET /xingrg/kc/buy/cgsh_order_operate.html?command=get_materiel&rest_code=00147&code=00101006055&supplier_code=00100015&order_time=2021-12-04 HTTP/1.1" 200 409
180.174.250.202 - - [05/Dec/2021:10:09:34 +0800] "GET /xingrg/all/function/internal_message.html?_=1638670173149&CODE_STATE=getMsg HTTP/1.1" 200 27
120.253.135.82 - - [05/Dec/2021:10:09:38 +0800] "GET /xingrg/all/function/internal_message.html?_=1638670182274&CODE_STATE=getMsg HTTP/1.1" 200 27
180.169.147.146 - - [05/Dec/2021:10:09:39 +0800] "GET /xingrg/all/function/internal_message.html?_=1638670183355&CODE_STATE=getMsg HTTP/1.1" 200 27
180.174.250.202 - - [05/Dec/2021:10:09:39 +0800] "GET /xingrg/javascript/easyui/themes/default/tree.css HTTP/1.1" 404 1090
116.227.210.113 - - [05/Dec/2021:10:09:39 +0800] "GET /xingrg/all/function/internal_message.html?_=1638670178597&CODE_STATE=getMsg HTTP/1.1" 200 27
180.174.250.202 - - [05/Dec/2021:10:09:39 +0800] "POST /xingrg/all/common/load_tree.html?tree=supplier_tree_json&isDelete=1 HTTP/1.1" 200 60927
180.169.147.146 - - [05/Dec/2021:10:09:41 +0800] "GET /xingrg/all/function/internal_message.html?_=1638670181821&CODE_STATE=getMsg HTTP/1.1" 200 27
222.70.171.86 - - [05/Dec/2021:10:09:42 +0800] "GET /xingrg/check_reg.html?_=1638670206171 HTTP/1.1" 302 -
180.169.147.146 - - [05/Dec/2021:10:09:44 +0800] "GET /xingrg/kc/buy/cgsh_order_operate.html?command=get_materiel&rest_code=00147&code=00101006113&supplier_code=00100015&order_time=2021-12-04 HTTP/1.1" 200 413
180.169.147.146 - - [05/Dec/2021:10:09:48 +0800] "GET /xingrg/all/function/internal_message.html?_=1638670191524&CODE_STATE=getMsg HTTP/1.1" 200 27
116.227.210.113 - - [05/Dec/2021:10:09:55 +0800] "GET /xingrg/check_reg.html?_=1638670194663 HTTP/1.1" 200 22
180.174.250.202 - - [05/Dec/2021:10:09:56 +0800] "GET /xingrg/check_reg.html?_=1638670197544 HTTP/1.1" 200 22
180.174.250.202 - - [05/Dec/2021:10:09:56 +0800] "GET /xingrg/all/function/internal_message.html?_=1638670197548&CODE_STATE=getMsg HTTP/1.1" 200 27
116.238.248.233 - - [05/Dec/2021:10:09:57 +0800] "GET /xingrg/all/function/internal_message.html?_=1638670197615&CODE_STATE=getMsg HTTP/1.1" 200 27
116.238.248.233 - - [05/Dec/2021:10:09:57 +0800] "GET /xingrg/check_reg.html?_=1638670197618 HTTP/1.1" 200 22
172.20.0.100 - - [05/Dec/2021:10:09:59 +0800] "GET /xingrg/check_reg.html?_=1638670199353 HTTP/1.1" 200 22
172.20.0.100 - - [05/Dec/2021:10:09:59 +0800] "GET /xingrg/all/function/internal_message.html?_=1638670199356&CODE_STATE=getMsg HTTP/1.1" 200 27
180.169.147.146 - - [05/Dec/2021:10:10:02 +0800] "GET /xingrg/kc/buy/cgsh_order_operate.html?command=get_materiel&rest_code=00147&code=00101006240&supplier_code=00100015&order_time=2021-12-04 HTTP/1.1" 200 408
120.253.135.82 - - [05/Dec/2021:10:10:09 +0800] "GET /xingrg/check_reg.html?_=1638670213003 HTTP/1.1" 200 22
180.174.250.202 - - [05/Dec/2021:10:10:09 +0800] "GET /xingrg/kc/buy/cgsh_order_operate.html?command=get_materiel&rest_code=00102&code=00101009066&supplier_code=00100424&order_time=2021-12-05 HTTP/1.1" 200 416
114.84.149.84 - - [05/Dec/2021:10:10:10 +0800] "GET /xingrg/all/function/internal_message.html?_=1638670031133&CODE_STATE=getMsg HTTP/1.1" 200 27
222.70.171.86 - - [05/Dec/2021:10:10:11 +0800] "POST /xingrg/services/DataTransmitService HTTP/1.1" 200 524
222.70.171.86 - - [05/Dec/2021:10:10:11 +0800] "POST /xingrg/services/DataTransmitService HTTP/1.1" 200 2171
222.70.171.86 - - [05/Dec/2021:10:10:12 +0800] "POST /xingrg/services/DataTransmitService HTTP/1.1" 200 164607
222.70.171.86 - - [05/Dec/2021:10:10:15 +0800] "GET /xingrg/all/function/internal_message.html?_=1638670216704&CODE_STATE=getMsg HTTP/1.1" 200 27
116.232.50.210 - - [05/Dec/2021:10:10:16 +0800] "GET /xingrg/all/function/internal_message.html?_=1638670219227&CODE_STATE=getMsg HTTP/1.1" 200 27
222.70.176.97 - - [05/Dec/2021:10:10:18 +0800] "GET /xingrg/all/function/internal_message.html?_=1638670215670&CODE_STATE=getMsg HTTP/1.1" 200 27
172.20.0.100 - - [05/Dec/2021:10:10:18 +0800] "GET /xingrg/all/function/internal_message.html?_=1638670218596&CODE_STATE=getMsg HTTP/1.1" 200 27
58.39.139.200 - - [05/Dec/2021:10:10:21 +0800] "GET /xingrg/all/function/internal_message.html?_=1638670223694&CODE_STATE=getMsg HTTP/1.1" 200 27
114.85.125.222 - - [05/Dec/2021:10:10:29 +0800] "GET /xingrg/all/function/internal_message.html?_=1638670194271&CODE_STATE=getMsg HTTP/1.1" 200 27
180.174.250.202 - - [05/Dec/2021:10:10:30 +0800] "GET /xingrg/check_reg.html?_=1638670229760 HTTP/1.1" 200 22
120.253.135.82 - - [05/Dec/2021:10:10:30 +0800] "GET /xingrg/all/function/internal_message.html?_=1638670008739&CODE_STATE=getMsg HTTP/1.1" 200 27
180.169.147.146 - - [05/Dec/2021:10:10:31 +0800] "GET /xingrg/all/function/internal_message.html?_=1638670232351&CODE_STATE=getMsg HTTP/1.1" 200 27
180.169.147.146 - - [05/Dec/2021:10:10:32 +0800] "GET /xingrg/all/function/internal_message.html?_=1638670228468&CODE_STATE=getMsg HTTP/1.1" 200 27
180.169.147.146 - - [05/Dec/2021:10:10:32 +0800] "GET /xingrg/kc/buy/cgsh_order_operate.html?command=get_materiel&rest_code=00147&code=00101006029&supplier_code=00100015&order_time=2021-12-04 HTTP/1.1" 200 409
180.169.147.146 - - [05/Dec/2021:10:10:32 +0800] "GET /xingrg/check_reg.html?_=1638670229096 HTTP/1.1" 200 22
180.174.250.202 - - [05/Dec/2021:10:10:34 +0800] "GET /xingrg/all/function/internal_message.html?_=1638670233301&CODE_STATE=getMsg HTTP/1.1" 200 27
120.253.135.82 - - [05/Dec/2021:10:10:38 +0800] "GET /xingrg/all/function/internal_message.html?_=1638670242285&CODE_STATE=getMsg HTTP/1.1" 200 27
180.169.147.146 - - [05/Dec/2021:10:10:39 +0800] "GET /xingrg/all/function/internal_message.html?_=1638670243346&CODE_STATE=getMsg HTTP/1.1" 200 27
116.227.210.113 - - [05/Dec/2021:10:10:39 +0800] "GET /xingrg/all/function/internal_message.html?_=1638670238570&CODE_STATE=getMsg HTTP/1.1" 200 27
180.169.147.146 - - [05/Dec/2021:10:10:39 +0800] "POST /xingrg/kc/buy/cgsh_order_operate.html HTTP/1.1" 200 37
180.169.147.146 - - [05/Dec/2021:10:10:41 +0800] "GET /xingrg/all/function/internal_message.html?_=1638670241816&CODE_STATE=getMsg HTTP/1.1" 200 27
180.169.147.146 - - [05/Dec/2021:10:10:43 +0800] "POST /xingrg/kc/buy/cgsh_order_operate.html HTTP/1.1" 200 6208
180.169.147.146 - - [05/Dec/2021:10:10:44 +0800] "GET /xingrg/kc/print/load_data.html?order_code=212021120501764&kc_code=cgsh&condition= HTTP/1.1" 200 2123
180.169.147.146 - - [05/Dec/2021:10:10:46 +0800] "GET /xingrg/kc/buy/cgsh_order_add.html HTTP/1.1" 200 65112
180.169.147.146 - - [05/Dec/2021:10:10:46 +0800] "POST /xingrg/kc/buy/cgsh_order_operate.html HTTP/1.1" 200 8245
180.169.147.146 - - [05/Dec/2021:10:10:46 +0800] "GET /xingrg/javascript/easyui/themes/default/validatebox.css HTTP/1.1" 404 1104
180.174.250.202 - - [05/Dec/2021:10:10:46 +0800] "GET /xingrg/kc/buy/cgsh_order_operate.html?command=get_materiel&rest_code=00102&code=00101009016&supplier_code=00100424&order_time=2021-12-05 HTTP/1.1" 200 412
180.169.147.146 - - [05/Dec/2021:10:10:48 +0800] "GET /xingrg/all/function/internal_message.html?_=1638670251526&CODE_STATE=getMsg HTTP/1.1" 200 27
114.84.2.174 - - [05/Dec/2021:10:10:53 +0800] "POST /xingrg/services/DataTransmitService HTTP/1.1" 200 524
222.70.171.86 - - [05/Dec/2021:10:10:56 +0800] "GET /xingrg/kc/buy/cgsh_order_add.html HTTP/1.1" 200 65109
180.174.250.202 - - [05/Dec/2021:10:10:56 +0800] "GET /xingrg/all/function/internal_message.html?_=1638670257535&CODE_STATE=getMsg HTTP/1.1" 200 27
180.174.250.202 - - [05/Dec/2021:10:10:56 +0800] "GET /xingrg/kc/buy/cgsh_order_operate.html?command=get_materiel&rest_code=00102&code=00101009013&supplier_code=00100424&order_time=2021-12-05 HTTP/1.1" 200 420
222.70.171.86 - - [05/Dec/2021:10:10:57 +0800] "POST /xingrg/kc/buy/cgsh_order_operate.html HTTP/1.1" 200 8245
222.70.171.86 - - [05/Dec/2021:10:10:57 +0800] "GET /xingrg/javascript/easyui/themes/default/validatebox.css HTTP/1.1" 404 1104
116.238.248.233 - - [05/Dec/2021:10:10:57 +0800] "GET /xingrg/all/function/internal_message.html?_=1638670257601&CODE_STATE=getMsg HTTP/1.1" 200 27
172.20.0.100 - - [05/Dec/2021:10:10:59 +0800] "GET /xingrg/all/function/internal_message.html?_=1638670259357&CODE_STATE=getMsg HTTP/1.1" 200 27
172.20.0.100 - - [05/Dec/2021:10:10:59 +0800] "POST /xingrg/all/user/operate.html HTTP/1.1" 200 36
172.20.0.100 - - [05/Dec/2021:10:11:00 +0800] "GET /xingrg/index.html?sysBaseUrl=http%3A%2F%2F172.20.0.8%3A18081%2Fxingrg%2F&costTime=45×tamp=1638581329529 HTTP/1.1" 200 17454
172.20.0.100 - - [05/Dec/2021:10:11:00 +0800] "GET /xingrg/javascript/jquery_easy_ui/themes/default/easyui.css HTTP/1.1" 304 -
172.20.0.100 - - [05/Dec/2021:10:11:00 +0800] "GET /xingrg/javascript/jquery_easy_ui/themes/icon.css HTTP/1.1" 304 -
172.20.0.100 - - [05/Dec/2021:10:11:00 +0800] "GET /xingrg/css/form.css HTTP/1.1" 304 -
172.20.0.100 - - [05/Dec/2021:10:11:00 +0800] "GET /xingrg/javascript/jquery-1.4.2.min.js HTTP/1.1" 304 -
172.20.0.100 - - [05/Dec/2021:10:11:00 +0800] "GET /xingrg/javascript/jquery_easy_ui/jquery.easyui.min.js HTTP/1.1" 304 -
172.20.0.100 - - [05/Dec/2021:10:11:00 +0800] "GET /xingrg/javascript/jquery_easy_ui/easyui-lang-zh_CN.js HTTP/1.1" 304 -
172.20.0.100 - - [05/Dec/2021:10:11:00 +0800] "GET /xingrg/javascript/jquery.form.js HTTP/1.1" 304 -
172.20.0.100 - - [05/Dec/2021:10:11:00 +0800] "GET /xingrg/javascript/jquery.utils.js HTTP/1.1" 304 -
172.20.0.100 - - [05/Dec/2021:10:11:00 +0800] "GET /xingrg/javascript/jquery.timers.js HTTP/1.1" 304 -
172.20.0.100 - - [05/Dec/2021:10:11:00 +0800] "GET /xingrg/images/blue/jxLogo.png HTTP/1.1" 304 -
172.20.0.100 - - [05/Dec/2021:10:11:00 +0800] "GET /xingrg/images/blue/navBackgound.jpg HTTP/1.1" 304 -
172.20.0.100 - - [05/Dec/2021:10:11:00 +0800] "GET /xingrg/javascript/jquery_easy_ui/themes/icons/settle_new.png HTTP/1.1" 304 -
172.20.0.100 - - [05/Dec/2021:10:11:00 +0800] "POST /xingrg/all/common/load_tree.html?tree=area_rest_tree_json&manage=1 HTTP/1.1" 200 3472
172.20.0.100 - - [05/Dec/2021:10:11:00 +0800] "GET /xingrg/all/function/internal_message.html?_=1638670260381&CODE_STATE=count HTTP/1.1" 200 11
172.20.0.100 - - [05/Dec/2021:10:11:00 +0800] "GET /xingrg/check_reg.html?_=1638670260381 HTTP/1.1" 200 22
172.20.0.100 - - [05/Dec/2021:10:11:00 +0800] "GET /xingrg/images/blue/pingpu.png HTTP/1.1" 304 -
172.20.0.100 - - [05/Dec/2021:10:11:00 +0800] "GET /xingrg/javascript/jquery_easy_ui/themes/default/images/tabs_rightarrow.png HTTP/1.1" 304 -
172.20.0.100 - - [05/Dec/2021:10:11:00 +0800] "GET /xingrg/javascript/jquery_easy_ui/themes/default/images/panel_tool_expand.gif HTTP/1.1" 304 -
172.20.0.100 - - [05/Dec/2021:10:11:00 +0800] "GET /xingrg/javascript/jquery_easy_ui/themes/default/images/panel_tool_collapse.gif HTTP/1.1" 304 -
172.20.0.100 - - [05/Dec/2021:10:11:00 +0800] "GET /xingrg/javascript/jquery_easy_ui/themes/default/images/tabs_leftarrow.png HTTP/1.1" 304 -
172.20.0.100 - - [05/Dec/2021:10:11:00 +0800] "POST /xingrg/load_menu.html HTTP/1.1" 200 9924
172.20.0.100 - - [05/Dec/2021:10:11:02 +0800] "GET /xingrg/kc/report/report_main.html HTTP/1.1" 200 7320
172.20.0.100 - - [05/Dec/2021:10:11:04 +0800] "GET /xingrg/kc/base/crk_hz.html HTTP/1.1" 200 11227
172.20.0.100 - - [05/Dec/2021:10:11:04 +0800] "POST /xingrg/kc/cost/cost_operate.html?command=get_base_tree HTTP/1.1" 200 969
172.20.0.100 - - [05/Dec/2021:10:11:04 +0800] "POST /xingrg/all/common/load_tree.html?tree=materiel_sort_tree_json HTTP/1.1" 200 9388
172.20.0.100 - - [05/Dec/2021:10:11:07 +0800] "GET /xingrg/all/common/get_data_part.html?part=previousMonth&_=1638670267041 HTTP/1.1" 200 41
180.174.250.202 - - [05/Dec/2021:10:11:07 +0800] "GET /xingrg/kc/buy/cgsh_order_operate.html?command=get_materiel&rest_code=00102&code=00101009124&supplier_code=00100424&order_time=2021-12-05 HTTP/1.1" 200 402
172.20.0.100 - - [05/Dec/2021:10:11:09 +0800] "GET /xingrg/kc/base/crk_hz.html?_=1638670269586&command=get_cost_id&end_date=2021-11-30&start_date=2021-11-01 HTTP/1.1" 200 51
172.20.0.100 - - [05/Dec/2021:10:11:09 +0800] "GET /xingrg/all/report/report_query.html?isQuery=1&onlyBody=1&rh=99999&rw=1800&varString=start:20211101,cost_id:3414,mid:20211101&fileName=kc/base/crk_hz_type_by_base.xml&queryString=%20m.sort_code%20in%20('00101001','00101002','00101003','00101004','00101005','00101006','00101007','00101008','00101009','00101010','00101011','00101012','00101013','00101014','00101015','00101016','00101017','00101018','00101019','00101020','00101021','00101022','00101023','00101024','00101025','00101026','00101027','00101028','00101029','00101030','00101031','00101032','00101033','00101034','00101036','00101037','00101038','00101039','00101040','00101041','00101042')%20&queryText=ÈÕÆÚ£º2021-11-01ÖÁ2021-11-30&tableQueryString=materiel_table$sp1$$sp$before_table$sp1$$sp$crk_table$sp1$order_day%20between%2020211101%20and%2020211130 HTTP/1.1" 200 49758
172.20.0.100 - - [05/Dec/2021:10:11:09 +0800] "GET /xingrg/dwr/interface/AjaxReportQueryService.js HTTP/1.1" 200 13203
172.20.0.100 - - [05/Dec/2021:10:11:09 +0800] "GET /xingrg/dwr/engine.js HTTP/1.1" 200 43631
114.84.149.84 - - [05/Dec/2021:10:11:11 +0800] "GET /xingrg/all/function/internal_message.html?_=1638670091140&CODE_STATE=getMsg HTTP/1.1" 200 27
172.20.0.100 - - [05/Dec/2021:10:11:11 +0800] "POST /xingrg/all/report/load_report_page.html HTTP/1.1" 200 333823
172.20.0.100 - - [05/Dec/2021:10:11:11 +0800] "GET /xingrg/servlets/image?cache=0.24830259916787878&image=px HTTP/1.1" 200 807
180.169.147.146 - - [05/Dec/2021:10:11:13 +0800] "GET /xingrg/kc/buy/cgsh_order_operate.html?command=get_materiel&rest_code=00147&code=00101008027&supplier_code=00100006&order_time=2021-12-05 HTTP/1.1" 200 408
222.70.171.86 - - [05/Dec/2021:10:11:15 +0800] "GET /xingrg/all/function/internal_message.html?_=1638670276718&CODE_STATE=getMsg HTTP/1.1" 200 27
116.232.50.210 - - [05/Dec/2021:10:11:16 +0800] "GET /xingrg/all/function/internal_message.html?_=1638670279253&CODE_STATE=getMsg HTTP/1.1" 200 27
114.84.2.174 - - [05/Dec/2021:10:11:18 +0800] "POST /xingrg/services/DataTransmitService HTTP/1.1" 200 501
222.70.176.97 - - [05/Dec/2021:10:11:18 +0800] "GET /xingrg/all/function/internal_message.html?_=1638670275655&CODE_STATE=getMsg HTTP/1.1" 200 27
114.84.2.174 - - [05/Dec/2021:10:11:18 +0800] "POST /xingrg/services/DataTransmitService HTTP/1.1" 200 501
180.174.250.202 - - [05/Dec/2021:10:11:19 +0800] "GET /xingrg/kc/buy/cgsh_order_operate.html?command=get_materiel&rest_code=00102&code=00101009011&supplier_code=00100424&order_time=2021-12-05 HTTP/1.1" 200 416
114.84.2.174 - - [05/Dec/2021:10:11:20 +0800] "POST /xingrg/services/DataTransmitService HTTP/1.1" 200 501
222.70.171.86 - - [05/Dec/2021:10:11:21 +0800] "GET /xingrg/kc/buy/cgsh_order_operate.html?command=get_materiel&rest_code=00146&code=00101011005&supplier_code=00100049&order_time=2021-12-05 HTTP/1.1" 200 428
114.84.2.174 - - [05/Dec/2021:10:11:21 +0800] "POST /xingrg/services/DataTransmitService HTTP/1.1" 200 501
58.39.139.200 - - [05/Dec/2021:10:11:21 +0800] "GET /xingrg/all/function/internal_message.html?_=1638670283671&CODE_STATE=getMsg HTTP/1.1" 200 27
114.84.2.174 - - [05/Dec/2021:10:11:22 +0800] "POST /xingrg/services/DataTransmitService HTTP/1.1" 200 501
114.84.2.174 - - [05/Dec/2021:10:11:22 +0800] "POST /xingrg/services/DataTransmitService HTTP/1.1" 200 501
114.84.2.174 - - [05/Dec/2021:10:11:23 +0800] "POST /xingrg/services/DataTransmitService HTTP/1.1" 200 501
114.84.2.174 - - [05/Dec/2021:10:11:23 +0800] "POST /xingrg/services/DataTransmitService HTTP/1.1" 200 501
114.84.2.174 - - [05/Dec/2021:10:11:24 +0800] "POST /xingrg/services/DataTransmitService HTTP/1.1" 200 501
114.84.2.174 - - [05/Dec/2021:10:11:24 +0800] "POST /xingrg/services/DataTransmitService HTTP/1.1" 200 412
180.169.147.146 - - [05/Dec/2021:10:11:27 +0800] "GET /xingrg/kc/buy/cgsh_order_operate.html?command=get_materiel&rest_code=00147&code=00101008110&supplier_code=00100006&order_time=2021-12-05 HTTP/1.1" 200 408
180.174.250.202 - - [05/Dec/2021:10:11:28 +0800] "GET /xingrg/kc/buy/cgsh_order_operate.html?command=get_materiel&rest_code=00102&code=00101009039&supplier_code=00100424&order_time=2021-12-05 HTTP/1.1" 200 408
114.85.125.222 - - [05/Dec/2021:10:11:29 +0800] "GET /xingrg/all/function/internal_message.html?_=1638670254323&CODE_STATE=getMsg HTTP/1.1" 200 27
120.253.135.82 - - [05/Dec/2021:10:11:30 +0800] "GET /xingrg/all/function/internal_message.html?_=1638670068784&CODE_STATE=getMsg HTTP/1.1" 200 27
180.169.147.146 - - [05/Dec/2021:10:11:31 +0800] "GET /xingrg/all/function/internal_message.html?_=1638670292352&CODE_STATE=getMsg HTTP/1.1" 200 27
180.169.147.146 - - [05/Dec/2021:10:11:32 +0800] "GET /xingrg/all/function/internal_message.html?_=1638670288452&CODE_STATE=getMsg HTTP/1.1" 200 27
180.174.250.202 - - [05/Dec/2021:10:11:34 +0800] "GET /xingrg/all/function/internal_message.html?_=1638670293301&CODE_STATE=getMsg HTTP/1.1" 200 27
180.169.147.146 - - [05/Dec/2021:10:11:35 +0800] "GET /xingrg/kc/buy/cgsh_order_operate.html?command=get_materiel&rest_code=00147&code=00101008038&supplier_code=00100006&order_time=2021-12-05 HTTP/1.1" 200 412
120.253.135.82 - - [05/Dec/2021:10:11:38 +0800] "GET /xingrg/all/function/internal_message.html?_=1638670302298&CODE_STATE=getMsg HTTP/1.1" 200 27
180.169.147.146 - - [05/Dec/2021:10:11:39 +0800] "GET /xingrg/all/function/internal_message.html?_=1638670303350&CODE_STATE=getMsg HTTP/1.1" 200 27
116.227.210.113 - - [05/Dec/2021:10:11:39 +0800] "GET /xingrg/all/function/internal_message.html?_=1638670298553&CODE_STATE=getMsg HTTP/1.1" 200 27
180.169.147.146 - - [05/Dec/2021:10:11:41 +0800] "GET /xingrg/all/function/internal_message.html?_=1638670301822&CODE_STATE=getMsg HTTP/1.1" 200 27
180.169.147.146 - - [05/Dec/2021:10:11:41 +0800] "GET /xingrg/kc/buy/cgsh_order_operate.html?command=get_materiel&rest_code=00147&code=00101008190&supplier_code=00100006&order_time=2021-12-05 HTTP/1.1" 200 412
180.174.250.202 - - [05/Dec/2021:10:11:47 +0800] "GET /xingrg/kc/buy/cgsh_order_operate.html?command=get_materiel&rest_code=00102&code=00101009109&supplier_code=00100424&order_time=2021-12-05 HTTP/1.1" 200 399
180.169.147.146 - - [05/Dec/2021:10:11:47 +0800] "GET /xingrg/kc/buy/cgsh_order_operate.html?command=get_materiel&rest_code=00147&code=00101008361&supplier_code=00100006&order_time=2021-12-05 HTTP/1.1" 200 408
180.169.147.146 - - [05/Dec/2021:10:11:48 +0800] "GET /xingrg/all/function/internal_message.html?_=1638670311512&CODE_STATE=getMsg HTTP/1.1" 200 27
180.169.147.146 - - [05/Dec/2021:10:11:55 +0800] "GET /xingrg/kc/buy/cgsh_order_operate.html?command=get_materiel&rest_code=00147&code=00101008355&supplier_code=00100006&order_time=2021-12-05 HTTP/1.1" 200 408
180.174.250.202 - - [05/Dec/2021:10:11:56 +0800] "GET /xingrg/all/function/internal_message.html?_=1638670317538&CODE_STATE=getMsg HTTP/1.1" 200 27
116.238.248.233 - - [05/Dec/2021:10:11:57 +0800] "GET /xingrg/all/function/internal_message.html?_=1638670317616&CODE_STATE=getMsg HTTP/1.1" 200 27
222.70.171.86 - - [05/Dec/2021:10:11:59 +0800] "GET /xingrg/kc/buy/cgsh_order_operate.html?command=get_materiel&rest_code=00146&code=00101011003&supplier_code=00100049&order_time=2021-12-05 HTTP/1.1" 200 413
172.20.0.100 - - [05/Dec/2021:10:11:59 +0800] "GET /xingrg/all/function/internal_message.html?_=1638670319358&CODE_STATE=getMsg HTTP/1.1" 200 27
172.20.0.100 - - [05/Dec/2021:10:12:00 +0800] "GET /xingrg/all/function/internal_message.html?_=1638670320398&CODE_STATE=getMsg HTTP/1.1" 200 27
180.169.147.146 - - [05/Dec/2021:10:12:02 +0800] "GET /xingrg/kc/buy/cgsh_order_operate.html?command=get_materiel&rest_code=00147&code=00101008251&supplier_code=00100006&order_time=2021-12-05 HTTP/1.1" 200 408
114.84.149.84 - - [05/Dec/2021:10:12:11 +0800] "GET /xingrg/all/function/internal_message.html?_=1638670151137&CODE_STATE=getMsg HTTP/1.1" 200 27
180.169.147.146 - - [05/Dec/2021:10:12:12 +0800] "GET /xingrg/kc/buy/cgsh_order_operate.html?command=get_materiel&rest_code=00147&code=00101008077&supplier_code=00100006&order_time=2021-12-05 HTTP/1.1" 200 416
222.70.171.86 - - [05/Dec/2021:10:12:15 +0800] "GET /xingrg/all/function/internal_message.html?_=1638670336733&CODE_STATE=getMsg HTTP/1.1" 200 27
116.232.50.210 - - [05/Dec/2021:10:12:16 +0800] "GET /xingrg/all/function/internal_message.html?_=1638670339253&CODE_STATE=getMsg HTTP/1.1" 200 27
116.232.50.210 - - [05/Dec/2021:10:12:16 +0800] "GET /xingrg/check_reg.html?_=1638670339254 HTTP/1.1" 200 22
222.70.176.97 - - [05/Dec/2021:10:12:18 +0800] "GET /xingrg/all/function/internal_message.html?_=1638670335639&CODE_STATE=getMsg HTTP/1.1" 200 27
120.253.135.82 - - [05/Dec/2021:10:12:20 +0800] "GET /xingrg/check_reg.html?_=1638670118111 HTTP/1.1" 200 22
180.174.250.202 - - [05/Dec/2021:10:12:20 +0800] "GET /xingrg/kc/buy/cgsh_order_operate.html?command=get_materiel&rest_code=00102&code=00101009031&supplier_code=00100424&order_time=2021-12-05 HTTP/1.1" 200 408
58.39.139.200 - - [05/Dec/2021:10:12:21 +0800] "GET /xingrg/all/function/internal_message.html?_=1638670343652&CODE_STATE=getMsg HTTP/1.1" 200 27
58.39.139.200 - - [05/Dec/2021:10:12:23 +0800] "GET /xingrg/check_reg.html?_=1638670345370 HTTP/1.1" 200 22
114.85.125.222 - - [05/Dec/2021:10:12:29 +0800] "GET /xingrg/all/function/internal_message.html?_=1638670314329&CODE_STATE=getMsg HTTP/1.1" 200 27
120.253.135.82 - - [05/Dec/2021:10:12:30 +0800] "GET /xingrg/all/function/internal_message.html?_=1638670128797&CODE_STATE=getMsg HTTP/1.1" 200 27
180.169.147.146 - - [05/Dec/2021:10:12:31 +0800] "GET /xingrg/all/function/internal_message.html?_=1638670352354&CODE_STATE=getMsg HTTP/1.1" 200 27
180.169.147.146 - - [05/Dec/2021:10:12:32 +0800] "GET /xingrg/all/function/internal_message.html?_=1638670348431&CODE_STATE=getMsg HTTP/1.1" 200 27
180.174.250.202 - - [05/Dec/2021:10:12:34 +0800] "GET /xingrg/all/function/internal_message.html?_=1638670353319&CODE_STATE=getMsg HTTP/1.1" 200 27
120.253.135.82 - - [05/Dec/2021:10:12:38 +0800] "GET /xingrg/all/function/internal_message.html?_=1638670362355&CODE_STATE=getMsg HTTP/1.1" 200 27
180.169.147.146 - - [05/Dec/2021:10:12:39 +0800] "GET /xingrg/all/function/internal_message.html?_=1638670363357&CODE_STATE=getMsg HTTP/1.1" 200 27
116.227.210.113 - - [05/Dec/2021:10:12:39 +0800] "GET /xingrg/all/function/internal_message.html?_=1638670358538&CODE_STATE=getMsg HTTP/1.1" 200 27
180.169.147.146 - - [05/Dec/2021:10:12:41 +0800] "GET /xingrg/all/function/internal_message.html?_=1638670361818&CODE_STATE=getMsg HTTP/1.1" 200 27
180.169.147.146 - - [05/Dec/2021:10:12:41 +0800] "GET /xingrg/check_reg.html?_=1638670361820 HTTP/1.1" 200 22
180.174.250.202 - - [05/Dec/2021:10:12:41 +0800] "POST /xingrg/kc/buy/cgsh_order_operate.html HTTP/1.1" 200 37
180.174.250.202 - - [05/Dec/2021:10:12:46 +0800] "POST /xingrg/kc/buy/cgsh_order_operate.html HTTP/1.1" 200 12
172.20.0.100 - - [05/Dec/2021:10:12:46 +0800] "GET /xingrg/system/info/materiel_manager.html HTTP/1.1" 200 19442
172.20.0.100 - - [05/Dec/2021:10:12:47 +0800] "GET /xingrg/css/xtree.css HTTP/1.1" 200 880
172.20.0.100 - - [05/Dec/2021:10:12:47 +0800] "GET /xingrg/javascript/jquery_ui/themes/base/base.css HTTP/1.1" 200 28568
180.169.147.146 - - [05/Dec/2021:10:12:47 +0800] "GET /xingrg/kc/buy/cgsh_order_operate.html?command=get_materiel&rest_code=00147&code=00101008069&supplier_code=00100006&order_time=2021-12-05 HTTP/1.1" 200 412
172.20.0.100 - - [05/Dec/2021:10:12:47 +0800] "GET /xingrg/dwr/interface/AjaxBaseInfoService.js HTTP/1.1" 200 21363
172.20.0.100 - - [05/Dec/2021:10:12:47 +0800] "GET /xingrg/dwr/interface/AjaxComOrderService.js HTTP/1.1" 200 18264
172.20.0.100 - - [05/Dec/2021:10:12:47 +0800] "GET /xingrg/dwr/engine.js HTTP/1.1" 200 43631
172.20.0.100 - - [05/Dec/2021:10:12:47 +0800] "GET /xingrg/javascript/Grid.js HTTP/1.1" 200 58908
172.20.0.100 - - [05/Dec/2021:10:12:47 +0800] "GET /xingrg/javascript/ToolTips.js HTTP/1.1" 200 5615
172.20.0.100 - - [05/Dec/2021:10:12:47 +0800] "GET /xingrg/javascript/xtree.js HTTP/1.1" 200 26582
172.20.0.100 - - [05/Dec/2021:10:12:47 +0800] "GET /xingrg/images/xtree/openfoldericon.png HTTP/1.1" 200 232
172.20.0.100 - - [05/Dec/2021:10:12:47 +0800] "GET /xingrg/javascript/jquery_easy_ui/themes/icons/print_new.png HTTP/1.1" 200 3580
172.20.0.100 - - [05/Dec/2021:10:12:47 +0800] "GET /xingrg/javascript/jquery_easy_ui/themes/icons/import_new.png HTTP/1.1" 200 1247
172.20.0.100 - - [05/Dec/2021:10:12:47 +0800] "GET /xingrg/images/blue/wait.gif HTTP/1.1" 200 1100
172.20.0.100 - - [05/Dec/2021:10:12:47 +0800] "POST /xingrg/dwr/call/plaincall/AjaxBaseInfoService.getSubMaterielSorts.dwr HTTP/1.1" 200 219
172.20.0.100 - - [05/Dec/2021:10:12:47 +0800] "GET /xingrg/images/xtree/Lplus.png HTTP/1.1" 200 224
172.20.0.100 - - [05/Dec/2021:10:12:47 +0800] "GET /xingrg/images/xtree/foldericon.png HTTP/1.1" 200 229
172.20.0.100 - - [05/Dec/2021:10:12:47 +0800] "GET /xingrg/images/xtree/Tplus.png HTTP/1.1" 200 222
180.169.147.146 - - [05/Dec/2021:10:12:48 +0800] "GET /xingrg/all/function/internal_message.html?_=1638670371514&CODE_STATE=getMsg HTTP/1.1" 200 27
172.20.0.100 - - [05/Dec/2021:10:12:48 +0800] "POST /xingrg/dwr/call/plaincall/AjaxBaseInfoService.getMateriels.dwr HTTP/1.1" 200 2929
172.20.0.100 - - [05/Dec/2021:10:12:49 +0800] "POST /xingrg/dwr/call/plaincall/AjaxBaseInfoService.searchMateriels.dwr HTTP/1.1" 200 152
180.174.250.202 - - [05/Dec/2021:10:12:50 +0800] "GET /xingrg/kc/buy/cgsh_order_info.html?code=212021120501765 HTTP/1.1" 200 60010
172.20.0.100 - - [05/Dec/2021:10:12:51 +0800] "POST /xingrg/dwr/call/plaincall/AjaxBaseInfoService.getSubMaterielSorts.dwr HTTP/1.1" 200 3953
172.20.0.100 - - [05/Dec/2021:10:12:51 +0800] "GET /xingrg/images/xtree/I.png HTTP/1.1" 200 148
172.20.0.100 - - [05/Dec/2021:10:12:51 +0800] "GET /xingrg/images/xtree/L.png HTTP/1.1" 200 153
172.20.0.100 - - [05/Dec/2021:10:12:51 +0800] "GET /xingrg/images/xtree/file.png HTTP/1.1" 200 251
172.20.0.100 - - [05/Dec/2021:10:12:51 +0800] "GET /xingrg/images/xtree/T.png HTTP/1.1" 200 152
172.20.0.100 - - [05/Dec/2021:10:12:51 +0800] "POST /xingrg/dwr/call/plaincall/AjaxBaseInfoService.searchMateriels.dwr HTTP/1.1" 200 2727
172.20.0.100 - - [05/Dec/2021:10:12:51 +0800] "GET /xingrg/images/xtree/Tminus.png HTTP/1.1" 200 207
180.174.250.202 - - [05/Dec/2021:10:12:52 +0800] "GET /xingrg/javascript/easyui/themes/default/validatebox.css HTTP/1.1" 404 1104
180.174.250.202 - - [05/Dec/2021:10:12:52 +0800] "POST /xingrg/kc/buy/cgsh_order_operate.html HTTP/1.1" 200 5940
172.20.0.100 - - [05/Dec/2021:10:12:55 +0800] "POST /xingrg/dwr/call/plaincall/AjaxBaseInfoService.getMateriels.dwr HTTP/1.1" 200 3049
180.174.250.202 - - [05/Dec/2021:10:12:55 +0800] "GET /xingrg/kc/print/load_data.html?order_code=212021120501765&kc_code=cgsh&condition= HTTP/1.1" 200 2719
180.174.250.202 - - [05/Dec/2021:10:12:56 +0800] "GET /xingrg/all/function/internal_message.html?_=1638670377540&CODE_STATE=getMsg HTTP/1.1" 200 27
116.238.248.233 - - [05/Dec/2021:10:12:57 +0800] "GET /xingrg/all/function/internal_message.html?_=1638670377635&CODE_STATE=getMsg HTTP/1.1" 200 27
172.20.0.100 - - [05/Dec/2021:10:12:57 +0800] "GET /xingrg/system/info/materiel_info.html?code=00101010&isAdd=1 HTTP/1.1" 200 35943
172.20.0.100 - - [05/Dec/2021:10:12:57 +0800] "GET /xingrg/dwr/interface/AjaxGetFirstChart.js HTTP/1.1" 200 631
172.20.0.100 - - [05/Dec/2021:10:12:57 +0800] "GET /xingrg/dwr/engine.js HTTP/1.1" 200 43631
172.20.0.100 - - [05/Dec/2021:10:12:57 +0800] "GET /xingrg/javascript/checkform.js HTTP/1.1" 200 18351
172.20.0.100 - - [05/Dec/2021:10:12:57 +0800] "POST /xingrg/all/common/load_tree.html?tree=area_rest_tree_json HTTP/1.1" 200 3472
172.20.0.100 - - [05/Dec/2021:10:12:57 +0800] "GET /favicon.ico HTTP/1.1" 404 -
172.20.0.100 - - [05/Dec/2021:10:12:57 +0800] "POST /xingrg/dwr/call/plaincall/AjaxBaseInfoService.getMaterielInfo.dwr HTTP/1.1" 200 210
172.20.0.100 - - [05/Dec/2021:10:12:58 +0800] "POST /xingrg/all/common/load_tree.html?tree=area_rest_tree_json&defaultRests=undefined HTTP/1.1" 200 3472
172.20.0.100 - - [05/Dec/2021:10:12:59 +0800] "GET /xingrg/all/function/internal_message.html?_=1638670379362&CODE_STATE=getMsg HTTP/1.1" 200 27
172.20.0.100 - - [05/Dec/2021:10:13:00 +0800] "GET /xingrg/all/function/internal_message.html?_=1638670380390&CODE_STATE=getMsg HTTP/1.1" 200 27
172.20.0.100 - - [05/Dec/2021:10:13:00 +0800] "POST /xingrg/dwr/call/plaincall/AjaxGetFirstChart.getFirstChart.dwr HTTP/1.1" 200 79
101.85.120.86 - - [05/Dec/2021:10:13:09 +0800] "GET /xingrg/login.html HTTP/1.1" 200 7641
101.85.120.86 - - [05/Dec/2021:10:13:10 +0800] "GET /favicon.ico HTTP/1.1" 404 -
172.20.0.100 - - [05/Dec/2021:10:13:10 +0800] "POST /xingrg/dwr/call/plaincall/AjaxBaseInfoService.changeUnitGroup.dwr HTTP/1.1" 200 311
114.84.149.84 - - [05/Dec/2021:10:13:10 +0800] "GET /xingrg/all/function/internal_message.html?_=1638670211132&CODE_STATE=getMsg HTTP/1.1" 200 27
172.20.0.100 - - [05/Dec/2021:10:13:15 +0800] "POST /xingrg/dwr/call/plaincall/AjaxBaseInfoService.saveMateriel.dwr HTTP/1.1" 200 109
222.70.171.86 - - [05/Dec/2021:10:13:15 +0800] "GET /xingrg/all/function/internal_message.html?_=1638670396745&CODE_STATE=getMsg HTTP/1.1" 200 27
172.20.0.100 - - [05/Dec/2021:10:13:15 +0800] "POST /xingrg/dwr/call/plaincall/AjaxBaseInfoService.getMateriels.dwr HTTP/1.1" 200 3049
116.232.50.210 - - [05/Dec/2021:10:13:16 +0800] "GET /xingrg/all/function/internal_message.html?_=1638670399252&CODE_STATE=getMsg HTTP/1.1" 200 27
222.70.171.86 - - [05/Dec/2021:10:13:17 +0800] "GET /xingrg/kc/buy/cgsh_order_operate.html?command=get_materiel&rest_code=00146&code=00101011010&supplier_code=00100049&order_time=2021-12-05 HTTP/1.1" 200 418
222.70.176.97 - - [05/Dec/2021:10:13:18 +0800] "GET /xingrg/all/function/internal_message.html?_=1638670395625&CODE_STATE=getMsg HTTP/1.1" 200 27
172.20.0.100 - - [05/Dec/2021:10:13:18 +0800] "GET /xingrg/system/info/materiel_info.html?code=00101010&isAdd=1 HTTP/1.1" 200 35943
172.20.0.100 - - [05/Dec/2021:10:13:18 +0800] "GET /xingrg/dwr/interface/AjaxBaseInfoService.js HTTP/1.1" 200 21363
172.20.0.100 - - [05/Dec/2021:10:13:18 +0800] "GET /xingrg/dwr/interface/AjaxGetFirstChart.js HTTP/1.1" 200 631
172.20.0.100 - - [05/Dec/2021:10:13:18 +0800] "GET /xingrg/dwr/interface/AjaxComOrderService.js HTTP/1.1" 200 18264
172.20.0.100 - - [05/Dec/2021:10:13:18 +0800] "GET /xingrg/dwr/engine.js HTTP/1.1" 200 43631
172.20.0.100 - - [05/Dec/2021:10:13:18 +0800] "POST /xingrg/all/common/load_tree.html?tree=area_rest_tree_json HTTP/1.1" 200 3472
172.20.0.100 - - [05/Dec/2021:10:13:18 +0800] "POST /xingrg/dwr/call/plaincall/AjaxBaseInfoService.getMaterielInfo.dwr HTTP/1.1" 200 210
172.20.0.100 - - [05/Dec/2021:10:13:18 +0800] "POST /xingrg/all/common/load_tree.html?tree=area_rest_tree_json&defaultRests=undefined HTTP/1.1" 200 3472
180.169.147.146 - - [05/Dec/2021:10:13:19 +0800] "GET /xingrg/kc/buy/cgsh_order_operate.html?command=get_materiel&rest_code=00147&code=00101008131&supplier_code=00100006&order_time=2021-12-05 HTTP/1.1" 200 408
58.39.139.200 - - [05/Dec/2021:10:13:21 +0800] "GET /xingrg/all/function/internal_message.html?_=1638670403630&CODE_STATE=getMsg HTTP/1.1" 200 27
180.169.147.146 - - [05/Dec/2021:10:13:25 +0800] "GET /xingrg/kc/buy/cgsh_order_operate.html?command=get_materiel&rest_code=00147&code=00101008296&supplier_code=00100006&order_time=2021-12-05 HTTP/1.1" 200 416
172.20.0.100 - - [05/Dec/2021:10:13:26 +0800] "POST /xingrg/dwr/call/plaincall/AjaxGetFirstChart.getFirstChart.dwr HTTP/1.1" 200 80
114.85.125.222 - - [05/Dec/2021:10:13:29 +0800] "GET /xingrg/check_reg.html?_=1638670373782 HTTP/1.1" 200 22
114.85.125.222 - - [05/Dec/2021:10:13:29 +0800] "GET /xingrg/all/function/internal_message.html?_=1638670374344&CODE_STATE=getMsg HTTP/1.1" 200 27
120.253.135.82 - - [05/Dec/2021:10:13:30 +0800] "GET /xingrg/all/function/internal_message.html?_=1638670188811&CODE_STATE=getMsg HTTP/1.1" 200 27
180.169.147.146 - - [05/Dec/2021:10:13:31 +0800] "GET /xingrg/check_reg.html?_=1638670412354 HTTP/1.1" 200 22
180.169.147.146 - - [05/Dec/2021:10:13:31 +0800] "GET /xingrg/all/function/internal_message.html?_=1638670412356&CODE_STATE=getMsg HTTP/1.1" 200 27
180.169.147.146 - - [05/Dec/2021:10:13:32 +0800] "GET /xingrg/all/function/internal_message.html?_=1638670408411&CODE_STATE=getMsg HTTP/1.1" 200 27
101.85.120.86 - - [05/Dec/2021:10:13:32 +0800] "POST /xingrg/login.do HTTP/1.1" 302 -
101.85.120.86 - - [05/Dec/2021:10:13:32 +0800] "GET /xingrg/index.html?sysBaseUrl=http%3A%2F%2F180.169.147.146%3A18081%2Fxingrg%2F&costTime=45×tamp=1638670412570 HTTP/1.1" 200 17179
101.85.120.86 - - [05/Dec/2021:10:13:32 +0800] "GET /favicon.ico HTTP/1.1" 404 -
101.85.120.86 - - [05/Dec/2021:10:13:32 +0800] "POST /xingrg/all/common/load_tree.html?tree=area_rest_tree_json&manage=1 HTTP/1.1" 200 351
101.85.120.86 - - [05/Dec/2021:10:13:33 +0800] "GET /xingrg/all/function/internal_message.html?_=1638670413790&CODE_STATE=count HTTP/1.1" 200 11
101.85.120.86 - - [05/Dec/2021:10:13:33 +0800] "GET /xingrg/check_reg.html?_=1638670413791 HTTP/1.1" 200 22
101.85.120.86 - - [05/Dec/2021:10:13:33 +0800] "POST /xingrg/load_menu.html HTTP/1.1" 200 5138
180.169.147.146 - - [05/Dec/2021:10:13:33 +0800] "GET /xingrg/kc/buy/cgsh_order_operate.html?command=get_materiel&rest_code=00147&code=00101008318&supplier_code=00100006&order_time=2021-12-05 HTTP/1.1" 200 408
180.174.250.202 - - [05/Dec/2021:10:13:34 +0800] "GET /xingrg/all/function/internal_message.html?_=1638670413328&CODE_STATE=getMsg HTTP/1.1" 200 27
172.20.0.100 - - [05/Dec/2021:10:13:35 +0800] "POST /xingrg/dwr/call/plaincall/AjaxBaseInfoService.changeUnitGroup.dwr HTTP/1.1" 200 243
172.20.0.100 - - [05/Dec/2021:10:13:37 +0800] "POST /xingrg/dwr/call/plaincall/AjaxBaseInfoService.saveMateriel.dwr HTTP/1.1" 200 109
172.20.0.100 - - [05/Dec/2021:10:13:37 +0800] "POST /xingrg/dwr/call/plaincall/AjaxBaseInfoService.getMateriels.dwr HTTP/1.1" 200 3049
120.253.135.82 - - [05/Dec/2021:10:13:38 +0800] "GET /xingrg/all/function/internal_message.html?_=1638670422373&CODE_STATE=getMsg HTTP/1.1" 200 27
180.169.147.146 - - [05/Dec/2021:10:13:39 +0800] "GET /xingrg/check_reg.html?_=1638670423355 HTTP/1.1" 200 22
180.169.147.146 - - [05/Dec/2021:10:13:39 +0800] "GET /xingrg/all/function/internal_message.html?_=1638670423357&CODE_STATE=getMsg HTTP/1.1" 200 27
116.227.210.113 - - [05/Dec/2021:10:13:39 +0800] "GET /xingrg/all/function/internal_message.html?_=1638670418530&CODE_STATE=getMsg HTTP/1.1" 200 27
180.169.147.146 - - [05/Dec/2021:10:13:41 +0800] "GET /xingrg/all/function/internal_message.html?_=1638670421826&CODE_STATE=getMsg HTTP/1.1" 200 27
180.169.147.146 - - [05/Dec/2021:10:13:43 +0800] "GET /xingrg/kc/buy/cgsh_order_operate.html?command=get_materiel&rest_code=00147&code=00101008353&supplier_code=00100006&order_time=2021-12-05 HTTP/1.1" 200 408
180.169.147.146 - - [05/Dec/2021:10:13:48 +0800] "GET /xingrg/all/function/internal_message.html?_=1638670431516&CODE_STATE=getMsg HTTP/1.1" 200 27
180.169.147.146 - - [05/Dec/2021:10:13:48 +0800] "GET /xingrg/check_reg.html?_=1638670431520 HTTP/1.1" 200 22
180.169.147.146 - - [05/Dec/2021:10:13:52 +0800] "GET /xingrg/kc/buy/cgsh_order_operate.html?command=get_materiel&rest_code=00147&code=00101008238&supplier_code=00100006&order_time=2021-12-05 HTTP/1.1" 200 416
172.20.0.100 - - [05/Dec/2021:10:13:52 +0800] "POST /xingrg/all/user/operate.html HTTP/1.1" 200 36
172.20.0.100 - - [05/Dec/2021:10:13:53 +0800] "GET /xingrg/index.html?sysBaseUrl=http%3A%2F%2F172.20.0.8%3A18081%2Fxingrg%2F&costTime=45×tamp=1638581329529 HTTP/1.1" 200 17454
172.20.0.100 - - [05/Dec/2021:10:13:53 +0800] "GET /xingrg/javascript/jquery_easy_ui/themes/default/easyui.css HTTP/1.1" 304 -
172.20.0.100 - - [05/Dec/2021:10:13:53 +0800] "GET /xingrg/javascript/jquery_easy_ui/themes/icon.css HTTP/1.1" 304 -
172.20.0.100 - - [05/Dec/2021:10:13:53 +0800] "GET /xingrg/css/form.css HTTP/1.1" 304 -
172.20.0.100 - - [05/Dec/2021:10:13:53 +0800] "GET /xingrg/javascript/jquery-1.4.2.min.js HTTP/1.1" 304 -
172.20.0.100 - - [05/Dec/2021:10:13:53 +0800] "GET /xingrg/javascript/jquery_easy_ui/jquery.easyui.min.js HTTP/1.1" 304 -
172.20.0.100 - - [05/Dec/2021:10:13:53 +0800] "GET /xingrg/javascript/jquery_easy_ui/easyui-lang-zh_CN.js HTTP/1.1" 304 -
172.20.0.100 - - [05/Dec/2021:10:13:53 +0800] "GET /xingrg/javascript/jquery.form.js HTTP/1.1" 304 -
172.20.0.100 - - [05/Dec/2021:10:13:53 +0800] "GET /xingrg/javascript/jquery.utils.js HTTP/1.1" 304 -
172.20.0.100 - - [05/Dec/2021:10:13:53 +0800] "GET /xingrg/javascript/jquery.timers.js HTTP/1.1" 304 -
172.20.0.100 - - [05/Dec/2021:10:13:53 +0800] "GET /xingrg/images/blue/jxLogo.png HTTP/1.1" 304 -
172.20.0.100 - - [05/Dec/2021:10:13:53 +0800] "GET /xingrg/images/blue/navBackgound.jpg HTTP/1.1" 304 -
172.20.0.100 - - [05/Dec/2021:10:13:53 +0800] "GET /xingrg/javascript/jquery_easy_ui/themes/icons/settle_new.png HTTP/1.1" 304 -
172.20.0.100 - - [05/Dec/2021:10:13:53 +0800] "POST /xingrg/all/common/load_tree.html?tree=area_rest_tree_json&manage=1 HTTP/1.1" 200 3472
172.20.0.100 - - [05/Dec/2021:10:13:53 +0800] "GET /xingrg/check_reg.html?_=1638670433474 HTTP/1.1" 200 22
172.20.0.100 - - [05/Dec/2021:10:13:53 +0800] "GET /xingrg/all/function/internal_message.html?_=1638670433473&CODE_STATE=count HTTP/1.1" 200 11
172.20.0.100 - - [05/Dec/2021:10:13:53 +0800] "GET /xingrg/javascript/jquery_easy_ui/themes/default/images/tabs_rightarrow.png HTTP/1.1" 304 -
172.20.0.100 - - [05/Dec/2021:10:13:53 +0800] "GET /xingrg/javascript/jquery_easy_ui/themes/default/images/panel_tool_expand.gif HTTP/1.1" 304 -
172.20.0.100 - - [05/Dec/2021:10:13:53 +0800] "GET /xingrg/javascript/jquery_easy_ui/themes/default/images/tabs_leftarrow.png HTTP/1.1" 304 -
172.20.0.100 - - [05/Dec/2021:10:13:53 +0800] "GET /xingrg/images/blue/pingpu.png HTTP/1.1" 304 -
