180.174.250.202 - - [05/Dec/2021:10:18:12 +0800] "GET /xingrg/kc/buy/cgsh_order_add.html HTTP/1.1" 200 65103
101.85.120.86 - - [05/Dec/2021:10:18:13 +0800] "POST /xingrg/kc/buy/cgsh_order_operate.html HTTP/1.1" 200 100
180.174.250.202 - - [05/Dec/2021:10:18:15 +0800] "GET /xingrg/words/20211205101337_words.js HTTP/1.1" 200 877177
222.70.171.86 - - [05/Dec/2021:10:18:16 +0800] "GET /xingrg/all/function/internal_message.html?_=1638670697427&CODE_STATE=getMsg HTTP/1.1" 200 27
120.253.135.82 - - [05/Dec/2021:10:18:16 +0800] "GET /xingrg/javascript/easyui/themes/sunny/images/ui-bg_gloss-wave_60_fece2f_500x100.png HTTP/1.1" 304 -
180.174.250.202 - - [05/Dec/2021:10:18:17 +0800] "POST /xingrg/kc/buy/cgsh_order_operate.html HTTP/1.1" 200 8245
180.174.250.202 - - [05/Dec/2021:10:18:17 +0800] "GET /xingrg/javascript/easyui/themes/default/validatebox.css HTTP/1.1" 404 1104
120.253.135.82 - - [05/Dec/2021:10:18:17 +0800] "GET /xingrg/css/new_ie.css HTTP/1.1" 404 1036
120.253.135.82 - - [05/Dec/2021:10:18:17 +0800] "GET /xingrg/kc/buy/buy_main.html HTTP/1.1" 200 12341
120.253.135.82 - - [05/Dec/2021:10:18:17 +0800] "GET /xingrg/javascript/ToolTips.js HTTP/1.1" 304 -
120.253.135.82 - - [05/Dec/2021:10:18:17 +0800] "GET /xingrg/javascript/jquery_ui/jquery-ui.min.js HTTP/1.1" 304 -
120.253.135.82 - - [05/Dec/2021:10:18:17 +0800] "GET /xingrg/images/blue/button/cgshd.gif HTTP/1.1" 304 -
120.253.135.82 - - [05/Dec/2021:10:18:17 +0800] "GET /xingrg/images/blue/button/cgfkd.gif HTTP/1.1" 304 -
120.253.135.82 - - [05/Dec/2021:10:18:17 +0800] "GET /xingrg/images/blue/button/cgxqd.gif HTTP/1.1" 304 -
120.253.135.82 - - [05/Dec/2021:10:18:17 +0800] "GET /xingrg/images/blue/button/cgydd.gif HTTP/1.1" 304 -
120.253.135.82 - - [05/Dec/2021:10:18:17 +0800] "GET /xingrg/images/blue/button/kc.gif HTTP/1.1" 304 -
120.253.135.82 - - [05/Dec/2021:10:18:17 +0800] "GET /xingrg/images/blue/button/ckthd.gif HTTP/1.1" 304 -
120.253.135.82 - - [05/Dec/2021:10:18:17 +0800] "GET /xingrg/images/blue/pic_form2.gif HTTP/1.1" 304 -
120.253.135.82 - - [05/Dec/2021:10:18:17 +0800] "GET /xingrg/javascript/jquery_ui/themes/humanity/images/ui-bg_inset-soft_100_f4f0ec_1x100.png HTTP/1.1" 304 -
120.253.135.82 - - [05/Dec/2021:10:18:17 +0800] "GET /xingrg/images/blue/bg_dotted.jpg HTTP/1.1" 304 -
120.253.135.82 - - [05/Dec/2021:10:18:17 +0800] "GET /xingrg/images/blue/button/down_ah.jpg HTTP/1.1" 304 -
120.253.135.82 - - [05/Dec/2021:10:18:17 +0800] "GET /xingrg/images/blue/button/right_ah.jpg HTTP/1.1" 304 -
120.253.135.82 - - [05/Dec/2021:10:18:17 +0800] "GET /xingrg/javascript/jquery_ui/themes/humanity/images/ui-iconsnew.jpg HTTP/1.1" 304 -
120.253.135.82 - - [05/Dec/2021:10:18:17 +0800] "GET /xingrg/javascript/jquery_ui/themes/humanity/images/ui-icons_ffffff_256x240.png HTTP/1.1" 304 -
120.253.135.82 - - [05/Dec/2021:10:18:17 +0800] "GET /xingrg/javascript/jquery_ui/themes/humanity/images/ui-icons_c47a23_256x240.png HTTP/1.1" 304 -
120.253.135.82 - - [05/Dec/2021:10:18:17 +0800] "GET /xingrg/javascript/jquery_ui/themes/humanity/images/ui-bg_glass_70_ede4d4_1x400.png HTTP/1.1" 304 -
120.253.135.82 - - [05/Dec/2021:10:18:18 +0800] "GET /xingrg/images/yd/bt.gif HTTP/1.1" 404 1040
222.70.176.97 - - [05/Dec/2021:10:18:18 +0800] "GET /xingrg/all/function/internal_message.html?_=1638670695518&CODE_STATE=getMsg HTTP/1.1" 200 27
120.253.135.82 - - [05/Dec/2021:10:18:19 +0800] "GET /xingrg/kc/buy/cgsh_order_list.html HTTP/1.1" 200 49374
120.253.135.82 - - [05/Dec/2021:10:18:20 +0800] "POST /xingrg/kc/buy/cgsh_list_operate.html HTTP/1.1" 200 876
116.232.50.210 - - [05/Dec/2021:10:18:21 +0800] "GET /xingrg/kc/buy/cgsh_order_operate.html?command=get_materiel&rest_code=00109&code=00101006058&supplier_code=00100015&order_time=2021-12-05 HTTP/1.1" 200 413
120.253.135.82 - - [05/Dec/2021:10:18:21 +0800] "GET /xingrg/kc/buy/cgsh_order_add.html HTTP/1.1" 200 64167
120.253.135.82 - - [05/Dec/2021:10:18:21 +0800] "GET /xingrg/javascript/easyui/themes/icons/template_new.png HTTP/1.1" 304 -
120.253.135.82 - - [05/Dec/2021:10:18:21 +0800] "POST /xingrg/kc/buy/cgsh_order_operate.html HTTP/1.1" 200 8245
120.253.135.82 - - [05/Dec/2021:10:18:21 +0800] "GET /xingrg/all/common/auto_word.html?type=employee&rest_code=00101 HTTP/1.1" 200 1173
120.253.135.82 - - [05/Dec/2021:10:18:21 +0800] "GET /xingrg/all/common/auto_word.html?type=employee&rest_code=00101 HTTP/1.1" 200 1173
120.253.135.82 - - [05/Dec/2021:10:18:21 +0800] "GET /xingrg/javascript/easyui/themes/default/validatebox.css HTTP/1.1" 404 1104
58.39.139.200 - - [05/Dec/2021:10:18:21 +0800] "GET /xingrg/all/function/internal_message.html?_=1638670703503&CODE_STATE=getMsg HTTP/1.1" 200 27
114.85.125.222 - - [05/Dec/2021:10:18:29 +0800] "GET /xingrg/check_reg.html?_=1638670673830 HTTP/1.1" 200 22
116.232.50.210 - - [05/Dec/2021:10:18:29 +0800] "GET /xingrg/kc/buy/cgsh_order_operate.html?command=get_materiel&rest_code=00109&code=00101006109&supplier_code=00100015&order_time=2021-12-05 HTTP/1.1" 200 409
114.85.125.222 - - [05/Dec/2021:10:18:29 +0800] "GET /xingrg/all/function/internal_message.html?_=1638670674442&CODE_STATE=getMsg HTTP/1.1" 200 27
180.169.147.146 - - [05/Dec/2021:10:18:31 +0800] "GET /xingrg/check_reg.html?_=1638670712382 HTTP/1.1" 200 22
180.169.147.146 - - [05/Dec/2021:10:18:31 +0800] "GET /xingrg/all/function/internal_message.html?_=1638670712386&CODE_STATE=getMsg HTTP/1.1" 200 27
180.169.147.146 - - [05/Dec/2021:10:18:32 +0800] "GET /xingrg/all/function/internal_message.html?_=1638670708288&CODE_STATE=getMsg HTTP/1.1" 200 27
101.85.120.86 - - [05/Dec/2021:10:18:33 +0800] "GET /xingrg/check_reg.html?_=1638670713797 HTTP/1.1" 200 22
101.85.120.86 - - [05/Dec/2021:10:18:33 +0800] "GET /xingrg/all/function/internal_message.html?_=1638670713799&CODE_STATE=getMsg HTTP/1.1" 200 27
120.253.135.82 - - [05/Dec/2021:10:18:33 +0800] "GET /xingrg/kc/buy/cgsh_order_operate.html?command=get_materiel&rest_code=00101&code=00101019390&supplier_code=&order_time=2021-12-05 HTTP/1.1" 200 456
120.253.135.82 - - [05/Dec/2021:10:18:35 +0800] "POST /xingrg/all/common/load_select.html HTTP/1.1" 200 25
116.232.50.210 - - [05/Dec/2021:10:18:35 +0800] "GET /xingrg/all/function/internal_message.html?_=1638670717982&CODE_STATE=getMsg HTTP/1.1" 200 27
101.85.120.86 - - [05/Dec/2021:10:18:35 +0800] "POST /xingrg/kc/buy/cgsh_order_operate.html HTTP/1.1" 200 37
116.232.50.210 - - [05/Dec/2021:10:18:36 +0800] "GET /xingrg/kc/buy/cgsh_order_operate.html?command=get_materiel&rest_code=00109&code=00101006057&supplier_code=00100015&order_time=2021-12-05 HTTP/1.1" 200 413
180.174.250.202 - - [05/Dec/2021:10:18:36 +0800] "GET /xingrg/all/function/internal_message.html?_=1638670715271&CODE_STATE=getMsg HTTP/1.1" 200 27
101.85.120.86 - - [05/Dec/2021:10:18:37 +0800] "POST /xingrg/kc/buy/cgsh_order_operate.html HTTP/1.1" 200 5026
120.253.135.82 - - [05/Dec/2021:10:18:38 +0800] "GET /xingrg/all/function/internal_message.html?_=1638670722502&CODE_STATE=getMsg HTTP/1.1" 200 27
180.169.147.146 - - [05/Dec/2021:10:18:39 +0800] "GET /xingrg/check_reg.html?_=1638670723351 HTTP/1.1" 200 22
180.169.147.146 - - [05/Dec/2021:10:18:39 +0800] "GET /xingrg/all/function/internal_message.html?_=1638670723356&CODE_STATE=getMsg HTTP/1.1" 200 27
116.227.210.113 - - [05/Dec/2021:10:18:39 +0800] "GET /xingrg/all/function/internal_message.html?_=1638670718490&CODE_STATE=getMsg HTTP/1.1" 200 27
180.169.147.146 - - [05/Dec/2021:10:18:39 +0800] "POST /xingrg/kc/cost/cost_operate.html HTTP/1.1" 200 4
120.253.135.82 - - [05/Dec/2021:10:18:40 +0800] "GET /xingrg/kc/buy/cgsh_order_operate.html?command=get_materiel_price&rest_code=00101&code=00101019390&unit_code=00100157&supplier_code=&order_time=2021-12-05 HTTP/1.1" 200 31
180.169.147.146 - - [05/Dec/2021:10:18:41 +0800] "GET /xingrg/all/function/internal_message.html?_=1638670721831&CODE_STATE=getMsg HTTP/1.1" 200 27
101.85.120.86 - - [05/Dec/2021:10:18:43 +0800] "POST /xingrg/kc/buy/cgsh_order_operate.html HTTP/1.1" 200 37
116.232.50.210 - - [05/Dec/2021:10:18:44 +0800] "GET /xingrg/kc/buy/cgsh_order_operate.html?command=get_materiel&rest_code=00109&code=00101006240&supplier_code=00100015&order_time=2021-12-05 HTTP/1.1" 200 408
101.85.120.86 - - [05/Dec/2021:10:18:45 +0800] "POST /xingrg/kc/buy/cgsh_order_operate.html HTTP/1.1" 200 5026
222.70.171.86 - - [05/Dec/2021:10:18:45 +0800] "GET /xingrg/kc/buy/cgsh_order_operate.html?command=get_materiel&rest_code=00146&code=00101013093&supplier_code=00100049&order_time=2021-12-05 HTTP/1.1" 200 428
180.169.147.146 - - [05/Dec/2021:10:18:50 +0800] "GET /xingrg/all/function/internal_message.html?_=1638670733494&CODE_STATE=getMsg HTTP/1.1" 200 27
180.169.147.146 - - [05/Dec/2021:10:18:50 +0800] "GET /xingrg/kc/cost/cost_page.html HTTP/1.1" 200 4089
180.169.147.146 - - [05/Dec/2021:10:18:50 +0800] "GET /xingrg/css/blue.css HTTP/1.1" 304 -
180.169.147.146 - - [05/Dec/2021:10:18:50 +0800] "GET /xingrg/javascript/jquery_easy_ui/themes/default/easyui.css HTTP/1.1" 304 -
180.169.147.146 - - [05/Dec/2021:10:18:50 +0800] "GET /xingrg/javascript/jquery_easy_ui/themes/icon.css HTTP/1.1" 304 -
180.169.147.146 - - [05/Dec/2021:10:18:50 +0800] "GET /xingrg/javascript/step/step.css HTTP/1.1" 304 -
180.169.147.146 - - [05/Dec/2021:10:18:50 +0800] "GET /xingrg/css/table.css HTTP/1.1" 304 -
180.169.147.146 - - [05/Dec/2021:10:18:50 +0800] "GET /xingrg/dwr/interface/AjaxReportQueryService.js HTTP/1.1" 200 13203
180.169.147.146 - - [05/Dec/2021:10:18:50 +0800] "GET /xingrg/dwr/engine.js HTTP/1.1" 200 43631
180.169.147.146 - - [05/Dec/2021:10:18:50 +0800] "GET /xingrg/dwr/util.js HTTP/1.1" 304 -
180.169.147.146 - - [05/Dec/2021:10:18:50 +0800] "GET /xingrg/javascript/jquery-1.4.2.min.js HTTP/1.1" 304 -
180.169.147.146 - - [05/Dec/2021:10:18:50 +0800] "GET /xingrg/javascript/jquery_easy_ui/jquery.easyui.min.js HTTP/1.1" 304 -
180.169.147.146 - - [05/Dec/2021:10:18:50 +0800] "GET /xingrg/javascript/jquery_easy_ui/easyui-lang-zh_CN.js HTTP/1.1" 304 -
180.169.147.146 - - [05/Dec/2021:10:18:50 +0800] "GET /xingrg/javascript/jquery.utils.js HTTP/1.1" 304 -
180.169.147.146 - - [05/Dec/2021:10:18:50 +0800] "GET /xingrg/images/control/ajaxLoader.gif HTTP/1.1" 304 -
124.78.153.86 - - [05/Dec/2021:10:18:50 +0800] "POST /xingrg/services/DataTransmitService HTTP/1.1" 200 524
101.85.120.86 - - [05/Dec/2021:10:18:51 +0800] "POST /xingrg/kc/buy/cgsh_order_operate.html HTTP/1.1" 200 37
172.20.0.100 - - [05/Dec/2021:10:18:53 +0800] "GET /xingrg/check_reg.html?_=1638670733481 HTTP/1.1" 200 22
172.20.0.100 - - [05/Dec/2021:10:18:53 +0800] "GET /xingrg/all/function/internal_message.html?_=1638670733486&CODE_STATE=getMsg HTTP/1.1" 200 27
124.78.153.86 - - [05/Dec/2021:10:18:53 +0800] "POST /xingrg/services/DataTransmitService HTTP/1.1" 200 501
120.253.135.82 - - [05/Dec/2021:10:18:53 +0800] "GET /xingrg/kc/pszx/mdps_order_list.html?orderType=0 HTTP/1.1" 200 21130
120.253.135.82 - - [05/Dec/2021:10:18:54 +0800] "POST /xingrg/kc/pszx/mdps_list_operate.html HTTP/1.1" 200 5255
116.238.248.233 - - [05/Dec/2021:10:18:57 +0800] "GET /xingrg/all/function/internal_message.html?_=1638670737655&CODE_STATE=getMsg HTTP/1.1" 200 27
116.232.50.210 - - [05/Dec/2021:10:18:57 +0800] "GET /xingrg/kc/buy/cgsh_order_operate.html?command=get_materiel&rest_code=00109&code=00101006006&supplier_code=00100015&order_time=2021-12-05 HTTP/1.1" 200 409
172.20.0.100 - - [05/Dec/2021:10:18:59 +0800] "GET /xingrg/all/function/internal_message.html?_=1638670739359&CODE_STATE=getMsg HTTP/1.1" 200 27
180.174.250.202 - - [05/Dec/2021:10:18:59 +0800] "GET /xingrg/all/function/internal_message.html?_=1638670737538&CODE_STATE=getMsg HTTP/1.1" 200 27
124.78.153.86 - - [05/Dec/2021:10:19:00 +0800] "POST /xingrg/services/DataTransmitService HTTP/1.1" 200 524
101.85.120.86 - - [05/Dec/2021:10:19:00 +0800] "POST /xingrg/kc/buy/cgsh_order_operate.html HTTP/1.1" 200 12
101.85.120.86 - - [05/Dec/2021:10:19:01 +0800] "GET /xingrg/kc/buy/cgsh_order_info.html?code=212021120501767 HTTP/1.1" 200 59182
120.253.135.82 - - [05/Dec/2021:10:19:01 +0800] "POST /xingrg/kc/buy/cgsh_list_operate.html HTTP/1.1" 200 876
101.85.120.86 - - [05/Dec/2021:10:19:01 +0800] "GET /xingrg/javascript/easyui/themes/default/validatebox.css HTTP/1.1" 404 1104
120.253.135.82 - - [05/Dec/2021:10:19:03 +0800] "POST /xingrg/kc/pszx/mdps_list_operate.html HTTP/1.1" 200 3557
180.169.147.146 - - [05/Dec/2021:10:19:04 +0800] "POST /xingrg/kc/buy/cgsh_order_operate.html HTTP/1.1" 200 37
101.85.120.86 - - [05/Dec/2021:10:19:04 +0800] "POST /xingrg/kc/buy/cgsh_order_operate.html HTTP/1.1" 200 2975
120.253.135.82 - - [05/Dec/2021:10:19:05 +0800] "GET /xingrg/all/function/internal_message.html?_=1638670522998&CODE_STATE=getMsg HTTP/1.1" 200 27
120.253.135.82 - - [05/Dec/2021:10:19:06 +0800] "POST /xingrg/kc/pszx/mdps_list_operate.html HTTP/1.1" 200 620
116.232.50.210 - - [05/Dec/2021:10:19:06 +0800] "GET /xingrg/kc/buy/cgsh_order_operate.html?command=get_materiel&rest_code=00109&code=00101006056&supplier_code=00100015&order_time=2021-12-05 HTTP/1.1" 200 413
180.169.147.146 - - [05/Dec/2021:10:19:06 +0800] "POST /xingrg/kc/buy/cgsh_order_operate.html HTTP/1.1" 200 19820
101.85.120.86 - - [05/Dec/2021:10:19:07 +0800] "GET /xingrg/kc/print/load_config.html?kc_code=cgsh HTTP/1.1" 200 2281
101.85.120.86 - - [05/Dec/2021:10:19:07 +0800] "GET /xingrg/kc/print/load_data.html?order_code=212021120501767&kc_code=cgsh&condition= HTTP/1.1" 200 1614
180.169.147.146 - - [05/Dec/2021:10:19:07 +0800] "GET /xingrg/kc/print/load_data.html?order_code=212021120501766&kc_code=cgsh&condition= HTTP/1.1" 200 7180
120.253.135.82 - - [05/Dec/2021:10:19:08 +0800] "GET /xingrg/kc/pszx/mdps_order_info.html?code=312021120500123 HTTP/1.1" 200 23931
120.253.135.82 - - [05/Dec/2021:10:19:08 +0800] "GET /xingrg/javascript/easyui/themes/default/validatebox.css HTTP/1.1" 404 1104
120.253.135.82 - - [05/Dec/2021:10:19:08 +0800] "POST /xingrg/kc/pszx/mdps_order_operate.html HTTP/1.1" 200 19134
114.84.149.84 - - [05/Dec/2021:10:19:11 +0800] "GET /xingrg/check_reg.html?_=1638670571140 HTTP/1.1" 200 22
114.84.149.84 - - [05/Dec/2021:10:19:11 +0800] "GET /xingrg/all/function/internal_message.html?_=1638670571142&CODE_STATE=getMsg HTTP/1.1" 200 27
180.169.147.146 - - [05/Dec/2021:10:19:13 +0800] "GET /xingrg/kc/report/report_main.html HTTP/1.1" 200 7340
222.70.171.86 - - [05/Dec/2021:10:19:13 +0800] "GET /xingrg/check_reg.html?_=1638670754740 HTTP/1.1" 200 22
116.232.50.210 - - [05/Dec/2021:10:19:13 +0800] "GET /xingrg/kc/buy/cgsh_order_operate.html?command=get_materiel&rest_code=00109&code=00101006109&supplier_code=00100015&order_time=2021-12-05 HTTP/1.1" 200 409
180.169.147.146 - - [05/Dec/2021:10:19:16 +0800] "GET /xingrg/kc/base/check_order_list.html HTTP/1.1" 200 16645
222.70.171.86 - - [05/Dec/2021:10:19:16 +0800] "GET /xingrg/all/function/internal_message.html?_=1638670757495&CODE_STATE=getMsg HTTP/1.1" 200 27
180.169.147.146 - - [05/Dec/2021:10:19:16 +0800] "POST /xingrg/kc/base/check_list_operate.html HTTP/1.1" 200 781
222.70.176.97 - - [05/Dec/2021:10:19:18 +0800] "GET /xingrg/all/function/internal_message.html?_=1638670755502&CODE_STATE=getMsg HTTP/1.1" 200 27
58.39.139.200 - - [05/Dec/2021:10:19:21 +0800] "GET /xingrg/all/function/internal_message.html?_=1638670763475&CODE_STATE=getMsg HTTP/1.1" 200 27
180.169.147.146 - - [05/Dec/2021:10:19:22 +0800] "POST /xingrg/kc/base/check_list_operate.html HTTP/1.1" 200 4983
116.232.50.210 - - [05/Dec/2021:10:19:23 +0800] "GET /xingrg/kc/buy/cgsh_order_operate.html?command=get_materiel&rest_code=00109&code=00101006127&supplier_code=00100015&order_time=2021-12-05 HTTP/1.1" 200 423
180.169.147.146 - - [05/Dec/2021:10:19:25 +0800] "POST /xingrg/kc/base/check_list_operate.html HTTP/1.1" 200 2140
180.174.250.202 - - [05/Dec/2021:10:19:26 +0800] "GET /xingrg/kc/buy/cgsh_order_operate.html?command=get_materiel&rest_code=00102&code=00101007061&supplier_code=00100151&order_time=2021-12-05 HTTP/1.1" 200 411
222.70.171.86 - - [05/Dec/2021:10:19:26 +0800] "GET /xingrg/kc/buy/cgsh_order_operate.html?command=get_materiel&rest_code=00146&code=00101013011&supplier_code=00100049&order_time=2021-12-05 HTTP/1.1" 200 449
180.169.147.146 - - [05/Dec/2021:10:19:27 +0800] "POST /xingrg/kc/base/check_list_operate.html HTTP/1.1" 200 4983
114.85.125.222 - - [05/Dec/2021:10:19:29 +0800] "GET /xingrg/all/function/internal_message.html?_=1638670734456&CODE_STATE=getMsg HTTP/1.1" 200 27
222.70.176.97 - - [05/Dec/2021:10:19:30 +0800] "GET /xingrg/check_reg.html?_=1638670767670 HTTP/1.1" 200 22
180.169.147.146 - - [05/Dec/2021:10:19:31 +0800] "GET /xingrg/all/function/internal_message.html?_=1638670772390&CODE_STATE=getMsg HTTP/1.1" 200 27
180.169.147.146 - - [05/Dec/2021:10:19:32 +0800] "GET /xingrg/all/function/internal_message.html?_=1638670768280&CODE_STATE=getMsg HTTP/1.1" 200 27
101.85.120.86 - - [05/Dec/2021:10:19:33 +0800] "GET /xingrg/all/function/internal_message.html?_=1638670773802&CODE_STATE=getMsg HTTP/1.1" 200 27
120.253.135.82 - - [05/Dec/2021:10:19:35 +0800] "POST /xingrg/kc/pszx/mdps_order_operate.html HTTP/1.1" 200 37
116.232.50.210 - - [05/Dec/2021:10:19:35 +0800] "GET /xingrg/all/function/internal_message.html?_=1638670777985&CODE_STATE=getMsg HTTP/1.1" 200 27
180.174.250.202 - - [05/Dec/2021:10:19:36 +0800] "GET /xingrg/all/function/internal_message.html?_=1638670775286&CODE_STATE=getMsg HTTP/1.1" 200 27
120.253.135.82 - - [05/Dec/2021:10:19:36 +0800] "GET /xingrg/kc/pszx/mdps_order_info.html?code=312021120500123 HTTP/1.1" 200 23931
120.253.135.82 - - [05/Dec/2021:10:19:36 +0800] "GET /xingrg/javascript/easyui/themes/default/validatebox.css HTTP/1.1" 404 1104
120.253.135.82 - - [05/Dec/2021:10:19:36 +0800] "POST /xingrg/kc/pszx/mdps_order_operate.html HTTP/1.1" 200 19134
120.253.135.82 - - [05/Dec/2021:10:19:38 +0800] "GET /xingrg/all/function/internal_message.html?_=1638670782551&CODE_STATE=getMsg HTTP/1.1" 200 27
180.169.147.146 - - [05/Dec/2021:10:19:39 +0800] "GET /xingrg/all/function/internal_message.html?_=1638670783356&CODE_STATE=getMsg HTTP/1.1" 200 27
116.227.210.113 - - [05/Dec/2021:10:19:39 +0800] "GET /xingrg/all/function/internal_message.html?_=1638670778478&CODE_STATE=getMsg HTTP/1.1" 200 27
180.169.147.146 - - [05/Dec/2021:10:19:41 +0800] "GET /xingrg/all/function/internal_message.html?_=1638670781836&CODE_STATE=getMsg HTTP/1.1" 200 27
222.70.171.86 - - [05/Dec/2021:10:19:42 +0800] "GET /xingrg/check_reg.html?_=1638670806214 HTTP/1.1" 302 -
120.253.135.82 - - [05/Dec/2021:10:19:44 +0800] "POST /xingrg/kc/pszx/mdps_list_operate.html HTTP/1.1" 200 3515
120.253.135.82 - - [05/Dec/2021:10:19:47 +0800] "POST /xingrg/kc/pszx/mdps_list_operate.html HTTP/1.1" 200 202
120.253.135.82 - - [05/Dec/2021:10:19:48 +0800] "POST /xingrg/kc/pszx/mdps_list_operate.html HTTP/1.1" 200 624
120.253.135.82 - - [05/Dec/2021:10:19:49 +0800] "GET /xingrg/kc/pszx/mdps_order_info.html?code=312021120500121 HTTP/1.1" 200 23925
180.169.147.146 - - [05/Dec/2021:10:19:50 +0800] "GET /xingrg/all/function/internal_message.html?_=1638670793476&CODE_STATE=getMsg HTTP/1.1" 200 27
120.253.135.82 - - [05/Dec/2021:10:19:50 +0800] "GET /xingrg/javascript/easyui/themes/default/validatebox.css HTTP/1.1" 404 1104
120.253.135.82 - - [05/Dec/2021:10:19:50 +0800] "POST /xingrg/kc/pszx/mdps_order_operate.html HTTP/1.1" 200 12105
116.232.50.210 - - [05/Dec/2021:10:19:50 +0800] "GET /xingrg/kc/buy/cgsh_order_operate.html?command=get_materiel&rest_code=00109&code=00101006110&supplier_code=00100015&order_time=2021-12-05 HTTP/1.1" 200 408
172.20.0.100 - - [05/Dec/2021:10:19:53 +0800] "GET /xingrg/all/function/internal_message.html?_=1638670793492&CODE_STATE=getMsg HTTP/1.1" 200 27
116.227.210.113 - - [05/Dec/2021:10:19:55 +0800] "GET /xingrg/check_reg.html?_=1638670794646 HTTP/1.1" 200 22
180.174.250.202 - - [05/Dec/2021:10:19:56 +0800] "GET /xingrg/all/function/internal_message.html?_=1638670797539&CODE_STATE=getMsg HTTP/1.1" 200 27
180.174.250.202 - - [05/Dec/2021:10:19:56 +0800] "GET /xingrg/check_reg.html?_=1638670797544 HTTP/1.1" 200 22
116.238.248.233 - - [05/Dec/2021:10:19:57 +0800] "GET /xingrg/all/function/internal_message.html?_=1638670797659&CODE_STATE=getMsg HTTP/1.1" 200 27
116.238.248.233 - - [05/Dec/2021:10:19:57 +0800] "GET /xingrg/check_reg.html?_=1638670797660 HTTP/1.1" 200 22
172.20.0.100 - - [05/Dec/2021:10:19:59 +0800] "GET /xingrg/check_reg.html?_=1638670799365 HTTP/1.1" 200 22
172.20.0.100 - - [05/Dec/2021:10:19:59 +0800] "GET /xingrg/all/function/internal_message.html?_=1638670799367&CODE_STATE=getMsg HTTP/1.1" 200 27
120.253.135.82 - - [05/Dec/2021:10:20:04 +0800] "GET /xingrg/check_reg.html?_=1638670582872 HTTP/1.1" 200 22
120.253.135.82 - - [05/Dec/2021:10:20:05 +0800] "GET /xingrg/all/function/internal_message.html?_=1638670583010&CODE_STATE=getMsg HTTP/1.1" 200 27
120.253.135.82 - - [05/Dec/2021:10:20:09 +0800] "GET /xingrg/check_reg.html?_=1638670813016 HTTP/1.1" 200 22
114.84.149.84 - - [05/Dec/2021:10:20:11 +0800] "GET /xingrg/all/function/internal_message.html?_=1638670631127&CODE_STATE=getMsg HTTP/1.1" 200 27
222.70.171.86 - - [05/Dec/2021:10:20:16 +0800] "GET /xingrg/all/function/internal_message.html?_=1638670817495&CODE_STATE=getMsg HTTP/1.1" 200 27
222.70.176.97 - - [05/Dec/2021:10:20:18 +0800] "GET /xingrg/all/function/internal_message.html?_=1638670815476&CODE_STATE=getMsg HTTP/1.1" 200 27
116.232.50.210 - - [05/Dec/2021:10:20:21 +0800] "GET /xingrg/kc/buy/cgsh_order_operate.html?command=get_materiel&rest_code=00109&code=00101006144&supplier_code=00100015&order_time=2021-12-05 HTTP/1.1" 200 409
58.39.139.200 - - [05/Dec/2021:10:20:21 +0800] "GET /xingrg/all/function/internal_message.html?_=1638670823453&CODE_STATE=getMsg HTTP/1.1" 200 27
114.85.125.222 - - [05/Dec/2021:10:20:29 +0800] "GET /xingrg/all/function/internal_message.html?_=1638670794469&CODE_STATE=getMsg HTTP/1.1" 200 27
180.174.250.202 - - [05/Dec/2021:10:20:30 +0800] "GET /xingrg/check_reg.html?_=1638670829760 HTTP/1.1" 200 22
180.169.147.146 - - [05/Dec/2021:10:20:31 +0800] "GET /xingrg/all/function/internal_message.html?_=1638670832394&CODE_STATE=getMsg HTTP/1.1" 200 27
116.232.50.210 - - [05/Dec/2021:10:20:31 +0800] "GET /xingrg/kc/buy/cgsh_order_operate.html?command=get_materiel&rest_code=00109&code=00101006062&supplier_code=00100015&order_time=2021-12-05 HTTP/1.1" 200 409
180.169.147.146 - - [05/Dec/2021:10:20:31 +0800] "GET /xingrg/all/function/internal_message.html?_=1638670828258&CODE_STATE=getMsg HTTP/1.1" 200 27
180.169.147.146 - - [05/Dec/2021:10:20:32 +0800] "GET /xingrg/check_reg.html?_=1638670829054 HTTP/1.1" 200 22
101.85.120.86 - - [05/Dec/2021:10:20:33 +0800] "GET /xingrg/all/function/internal_message.html?_=1638670833807&CODE_STATE=getMsg HTTP/1.1" 200 27
116.232.50.210 - - [05/Dec/2021:10:20:35 +0800] "GET /xingrg/all/function/internal_message.html?_=1638670837987&CODE_STATE=getMsg HTTP/1.1" 200 27
120.253.135.82 - - [05/Dec/2021:10:20:35 +0800] "POST /xingrg/kc/pszx/mdps_order_operate.html HTTP/1.1" 200 37
180.174.250.202 - - [05/Dec/2021:10:20:36 +0800] "GET /xingrg/all/function/internal_message.html?_=1638670835295&CODE_STATE=getMsg HTTP/1.1" 200 27
120.253.135.82 - - [05/Dec/2021:10:20:36 +0800] "GET /xingrg/kc/pszx/mdps_order_info.html?code=312021120500121 HTTP/1.1" 200 23925
120.253.135.82 - - [05/Dec/2021:10:20:37 +0800] "GET /xingrg/javascript/easyui/themes/default/validatebox.css HTTP/1.1" 404 1104
120.253.135.82 - - [05/Dec/2021:10:20:37 +0800] "POST /xingrg/kc/pszx/mdps_order_operate.html HTTP/1.1" 200 12105
120.253.135.82 - - [05/Dec/2021:10:20:38 +0800] "GET /xingrg/all/function/internal_message.html?_=1638670842561&CODE_STATE=getMsg HTTP/1.1" 200 27
180.169.147.146 - - [05/Dec/2021:10:20:39 +0800] "GET /xingrg/all/function/internal_message.html?_=1638670843348&CODE_STATE=getMsg HTTP/1.1" 200 27
116.227.210.113 - - [05/Dec/2021:10:20:39 +0800] "GET /xingrg/all/function/internal_message.html?_=1638670838460&CODE_STATE=getMsg HTTP/1.1" 200 27
180.169.147.146 - - [05/Dec/2021:10:20:41 +0800] "GET /xingrg/all/function/internal_message.html?_=1638670841820&CODE_STATE=getMsg HTTP/1.1" 200 27
114.84.149.84 - - [05/Dec/2021:10:20:45 +0800] "GET /xingrg/kc/buy/cgsh_order_add.html HTTP/1.1" 200 65150
114.84.149.84 - - [05/Dec/2021:10:20:45 +0800] "GET /xingrg/words/20211205101337_words.js HTTP/1.1" 200 877177
114.84.149.84 - - [05/Dec/2021:10:20:46 +0800] "POST /xingrg/kc/buy/cgsh_order_operate.html HTTP/1.1" 200 8245
114.84.149.84 - - [05/Dec/2021:10:20:46 +0800] "GET /xingrg/javascript/easyui/themes/default/validatebox.css HTTP/1.1" 404 1104
180.169.147.146 - - [05/Dec/2021:10:20:49 +0800] "GET /xingrg/all/function/internal_message.html?_=1638670853446&CODE_STATE=getMsg HTTP/1.1" 200 27
172.20.0.100 - - [05/Dec/2021:10:20:53 +0800] "GET /xingrg/all/function/internal_message.html?_=1638670853478&CODE_STATE=getMsg HTTP/1.1" 200 27
116.232.50.210 - - [05/Dec/2021:10:20:55 +0800] "GET /xingrg/kc/buy/cgsh_order_operate.html?command=get_materiel&rest_code=00109&code=00101006006&supplier_code=00100015&order_time=2021-12-05 HTTP/1.1" 200 409
180.174.250.202 - - [05/Dec/2021:10:20:56 +0800] "GET /xingrg/all/function/internal_message.html?_=1638670857545&CODE_STATE=getMsg HTTP/1.1" 200 27
116.238.248.233 - - [05/Dec/2021:10:20:57 +0800] "GET /xingrg/all/function/internal_message.html?_=1638670857665&CODE_STATE=getMsg HTTP/1.1" 200 27
172.20.0.100 - - [05/Dec/2021:10:20:59 +0800] "GET /xingrg/all/function/internal_message.html?_=1638670859351&CODE_STATE=getMsg HTTP/1.1" 200 27
114.84.149.84 - - [05/Dec/2021:10:21:00 +0800] "GET /xingrg/kc/buy/cgsh_order_operate.html?command=get_materiel&rest_code=00141&code=00101012026&supplier_code=00100036&order_time=2021-12-05 HTTP/1.1" 200 408
116.232.50.210 - - [05/Dec/2021:10:21:03 +0800] "GET /xingrg/kc/buy/cgsh_order_operate.html?command=get_materiel&rest_code=00109&code=00101006195&supplier_code=00100015&order_time=2021-12-05 HTTP/1.1" 200 409
120.253.135.82 - - [05/Dec/2021:10:21:05 +0800] "GET /xingrg/all/function/internal_message.html?_=1638670643024&CODE_STATE=getMsg HTTP/1.1" 200 27
114.85.125.222 - - [05/Dec/2021:10:21:05 +0800] "POST /xingrg/services/DataTransmitService HTTP/1.1" 200 524
114.84.149.84 - - [05/Dec/2021:10:21:11 +0800] "GET /xingrg/all/function/internal_message.html?_=1638670691170&CODE_STATE=getMsg HTTP/1.1" 200 27
222.70.171.86 - - [05/Dec/2021:10:21:16 +0800] "GET /xingrg/all/function/internal_message.html?_=1638670877508&CODE_STATE=getMsg HTTP/1.1" 200 27
222.70.176.97 - - [05/Dec/2021:10:21:18 +0800] "GET /xingrg/all/function/internal_message.html?_=1638670875460&CODE_STATE=getMsg HTTP/1.1" 200 27
114.84.149.84 - - [05/Dec/2021:10:21:20 +0800] "GET /xingrg/kc/buy/cgsh_order_operate.html?command=get_materiel&rest_code=00141&code=00101016105&supplier_code=00100036&order_time=2021-12-05 HTTP/1.1" 200 409
58.39.139.200 - - [05/Dec/2021:10:21:21 +0800] "GET /xingrg/all/function/internal_message.html?_=1638670883430&CODE_STATE=getMsg HTTP/1.1" 200 27
116.232.50.210 - - [05/Dec/2021:10:21:22 +0800] "GET /xingrg/kc/buy/cgsh_order_operate.html?command=get_materiel&rest_code=00109&code=00101006055&supplier_code=00100015&order_time=2021-12-05 HTTP/1.1" 200 409
114.85.125.222 - - [05/Dec/2021:10:21:30 +0800] "GET /xingrg/all/function/internal_message.html?_=1638670854520&CODE_STATE=getMsg HTTP/1.1" 200 27
114.84.149.84 - - [05/Dec/2021:10:21:30 +0800] "GET /xingrg/kc/buy/cgsh_order_operate.html?command=get_materiel&rest_code=00141&code=00101016025&supplier_code=00100036&order_time=2021-12-05 HTTP/1.1" 200 408
180.169.147.146 - - [05/Dec/2021:10:21:31 +0800] "GET /xingrg/all/function/internal_message.html?_=1638670892396&CODE_STATE=getMsg HTTP/1.1" 200 27
180.169.147.146 - - [05/Dec/2021:10:21:31 +0800] "GET /xingrg/all/function/internal_message.html?_=1638670888231&CODE_STATE=getMsg HTTP/1.1" 200 27
101.85.120.86 - - [05/Dec/2021:10:21:33 +0800] "GET /xingrg/all/function/internal_message.html?_=1638670893806&CODE_STATE=getMsg HTTP/1.1" 200 27
116.232.50.210 - - [05/Dec/2021:10:21:35 +0800] "GET /xingrg/all/function/internal_message.html?_=1638670897990&CODE_STATE=getMsg HTTP/1.1" 200 27
116.232.50.210 - - [05/Dec/2021:10:21:35 +0800] "GET /xingrg/check_reg.html?_=1638670897992 HTTP/1.1" 200 22
116.232.50.210 - - [05/Dec/2021:10:21:36 +0800] "POST /xingrg/kc/buy/cgsh_order_operate.html HTTP/1.1" 200 37
180.174.250.202 - - [05/Dec/2021:10:21:36 +0800] "GET /xingrg/all/function/internal_message.html?_=1638670895310&CODE_STATE=getMsg HTTP/1.1" 200 27
120.253.135.82 - - [05/Dec/2021:10:21:38 +0800] "GET /xingrg/all/function/internal_message.html?_=1638670902575&CODE_STATE=getMsg HTTP/1.1" 200 27
114.84.149.84 - - [05/Dec/2021:10:21:38 +0800] "GET /xingrg/kc/buy/cgsh_order_operate.html?command=get_materiel&rest_code=00141&code=00101011005&supplier_code=00100036&order_time=2021-12-05 HTTP/1.1" 200 428
180.169.147.146 - - [05/Dec/2021:10:21:39 +0800] "GET /xingrg/all/function/internal_message.html?_=1638670903361&CODE_STATE=getMsg HTTP/1.1" 200 27
116.227.210.113 - - [05/Dec/2021:10:21:39 +0800] "GET /xingrg/all/function/internal_message.html?_=1638670898457&CODE_STATE=getMsg HTTP/1.1" 200 27
116.232.50.210 - - [05/Dec/2021:10:21:39 +0800] "POST /xingrg/kc/buy/cgsh_order_operate.html HTTP/1.1" 200 12155
180.169.147.146 - - [05/Dec/2021:10:21:41 +0800] "GET /xingrg/all/function/internal_message.html?_=1638670901830&CODE_STATE=getMsg HTTP/1.1" 200 27
116.232.50.210 - - [05/Dec/2021:10:21:41 +0800] "GET /xingrg/kc/print/load_config.html?kc_code=cgsh HTTP/1.1" 200 2281
116.232.50.210 - - [05/Dec/2021:10:21:41 +0800] "GET /xingrg/kc/print/load_data.html?order_code=212021120501768&kc_code=cgsh&condition= HTTP/1.1" 200 4354
114.84.149.84 - - [05/Dec/2021:10:21:46 +0800] "GET /xingrg/kc/buy/cgsh_order_operate.html?command=get_materiel&rest_code=00141&code=00101012002&supplier_code=00100036&order_time=2021-12-05 HTTP/1.1" 200 419
180.169.147.146 - - [05/Dec/2021:10:21:49 +0800] "GET /xingrg/check_reg.html?_=1638670913041 HTTP/1.1" 200 22
180.169.147.146 - - [05/Dec/2021:10:21:49 +0800] "GET /xingrg/all/function/internal_message.html?_=1638670913418&CODE_STATE=getMsg HTTP/1.1" 200 27
124.78.153.86 - - [05/Dec/2021:10:21:52 +0800] "POST /xingrg/services/DataTransmitService HTTP/1.1" 200 501
124.78.153.86 - - [05/Dec/2021:10:21:52 +0800] "POST /xingrg/services/DataTransmitService HTTP/1.1" 200 501
172.20.0.100 - - [05/Dec/2021:10:21:53 +0800] "GET /xingrg/all/function/internal_message.html?_=1638670913480&CODE_STATE=getMsg HTTP/1.1" 200 27
114.84.149.84 - - [05/Dec/2021:10:21:53 +0800] "GET /xingrg/kc/buy/cgsh_order_operate.html?command=get_materiel&rest_code=00141&code=00101012025&supplier_code=00100036&order_time=2021-12-05 HTTP/1.1" 200 412
116.232.50.210 - - [05/Dec/2021:10:21:53 +0800] "GET /xingrg/kc/buy/cgsh_order_add.html HTTP/1.1" 200 65185
116.232.50.210 - - [05/Dec/2021:10:21:53 +0800] "GET /xingrg/words/20211205101337_words.js HTTP/1.1" 304 -
116.232.50.210 - - [05/Dec/2021:10:21:54 +0800] "POST /xingrg/kc/buy/cgsh_order_operate.html HTTP/1.1" 200 8245
116.232.50.210 - - [05/Dec/2021:10:21:54 +0800] "GET /xingrg/all/common/auto_word.html?type=employee&rest_code=00109 HTTP/1.1" 200 255
116.232.50.210 - - [05/Dec/2021:10:21:54 +0800] "GET /xingrg/all/common/auto_word.html?type=employee&rest_code=00109 HTTP/1.1" 200 255
116.232.50.210 - - [05/Dec/2021:10:21:54 +0800] "GET /xingrg/javascript/easyui/themes/default/validatebox.css HTTP/1.1" 404 1104
124.78.153.86 - - [05/Dec/2021:10:21:55 +0800] "POST /xingrg/services/DataTransmitService HTTP/1.1" 200 501
116.232.50.210 - - [05/Dec/2021:10:21:56 +0800] "GET /xingrg/javascript/jquery_tools/images/next.gif HTTP/1.1" 404 1086
116.232.50.210 - - [05/Dec/2021:10:21:56 +0800] "GET /xingrg/javascript/jquery_tools/images/prev.gif HTTP/1.1" 404 1086
180.174.250.202 - - [05/Dec/2021:10:21:56 +0800] "GET /xingrg/all/function/internal_message.html?_=1638670917547&CODE_STATE=getMsg HTTP/1.1" 200 27
116.238.248.233 - - [05/Dec/2021:10:21:57 +0800] "GET /xingrg/all/function/internal_message.html?_=1638670917664&CODE_STATE=getMsg HTTP/1.1" 200 27
124.78.153.86 - - [05/Dec/2021:10:21:57 +0800] "POST /xingrg/services/DataTransmitService HTTP/1.1" 200 501
124.78.153.86 - - [05/Dec/2021:10:21:58 +0800] "POST /xingrg/services/DataTransmitService HTTP/1.1" 200 501
124.78.153.86 - - [05/Dec/2021:10:21:58 +0800] "POST /xingrg/services/DataTransmitService HTTP/1.1" 200 501
172.20.0.100 - - [05/Dec/2021:10:21:59 +0800] "GET /xingrg/all/function/internal_message.html?_=1638670919353&CODE_STATE=getMsg HTTP/1.1" 200 27
124.78.153.86 - - [05/Dec/2021:10:22:00 +0800] "POST /xingrg/services/DataTransmitService HTTP/1.1" 200 501
124.78.153.86 - - [05/Dec/2021:10:22:00 +0800] "POST /xingrg/services/DataTransmitService HTTP/1.1" 200 501
124.78.153.86 - - [05/Dec/2021:10:22:01 +0800] "POST /xingrg/services/DataTransmitService HTTP/1.1" 200 501
116.232.50.210 - - [05/Dec/2021:10:22:02 +0800] "GET /xingrg/kc/buy/cgsh_order_operate.html?command=get_materiel&rest_code=00109&code=00101011010&supplier_code=00100046&order_time=2021-12-05 HTTP/1.1" 200 418
124.78.153.86 - - [05/Dec/2021:10:22:03 +0800] "POST /xingrg/services/DataTransmitService HTTP/1.1" 200 412
120.253.135.82 - - [05/Dec/2021:10:22:05 +0800] "GET /xingrg/all/function/internal_message.html?_=1638670703036&CODE_STATE=getMsg HTTP/1.1" 200 27
114.84.149.84 - - [05/Dec/2021:10:22:06 +0800] "GET /xingrg/kc/buy/cgsh_order_operate.html?command=get_materiel&rest_code=00141&code=00101016053&supplier_code=00100036&order_time=2021-12-05 HTTP/1.1" 200 408
114.84.149.84 - - [05/Dec/2021:10:22:11 +0800] "GET /xingrg/all/function/internal_message.html?_=1638670751171&CODE_STATE=getMsg HTTP/1.1" 200 27
114.84.149.84 - - [05/Dec/2021:10:22:12 +0800] "GET /xingrg/kc/buy/cgsh_order_operate.html?command=get_materiel&rest_code=00141&code=00101010348&supplier_code=00100036&order_time=2021-12-05 HTTP/1.1" 200 417
222.70.171.86 - - [05/Dec/2021:10:22:16 +0800] "GET /xingrg/all/function/internal_message.html?_=1638670937523&CODE_STATE=getMsg HTTP/1.1" 200 27
58.39.139.200 - - [05/Dec/2021:10:22:16 +0800] "GET /xingrg/kc/base/wldb_order_list.html HTTP/1.1" 200 19265
58.39.139.200 - - [05/Dec/2021:10:22:17 +0800] "POST /xingrg/kc/base/wldb_list_operate.html HTTP/1.1" 200 928
222.70.176.97 - - [05/Dec/2021:10:22:18 +0800] "GET /xingrg/all/function/internal_message.html?_=1638670935439&CODE_STATE=getMsg HTTP/1.1" 200 27
58.39.139.200 - - [05/Dec/2021:10:22:18 +0800] "GET /xingrg/kc/base/wldb_order_add.html HTTP/1.1" 200 30479
58.39.139.200 - - [05/Dec/2021:10:22:18 +0800] "GET /xingrg/words/20211205101337_words.js HTTP/1.1" 200 877177
58.39.139.200 - - [05/Dec/2021:10:22:18 +0800] "POST /xingrg/kc/base/wldb_order_operate.html HTTP/1.1" 200 6806
58.39.139.200 - - [05/Dec/2021:10:22:18 +0800] "GET /xingrg/all/common/auto_word.html?type=base&rest_code=00105 HTTP/1.1" 200 1857
58.39.139.200 - - [05/Dec/2021:10:22:18 +0800] "GET /xingrg/all/common/auto_word.html?type=base&rest_code=00105 HTTP/1.1" 200 1857
58.39.139.200 - - [05/Dec/2021:10:22:18 +0800] "GET /xingrg/javascript/easyui/themes/default/validatebox.css HTTP/1.1" 404 1104
58.39.139.200 - - [05/Dec/2021:10:22:19 +0800] "GET /xingrg/css/images/panel_loading.gif HTTP/1.1" 304 -
58.39.139.200 - - [05/Dec/2021:10:22:19 +0800] "POST /xingrg/all/common/load_combo.html?type=base HTTP/1.1" 200 3321
116.232.50.210 - - [05/Dec/2021:10:22:20 +0800] "GET /xingrg/kc/buy/cgsh_order_operate.html?command=get_materiel&rest_code=00109&code=00101011004&supplier_code=00100046&order_time=2021-12-05 HTTP/1.1" 200 412
58.39.139.200 - - [05/Dec/2021:10:22:21 +0800] "GET /xingrg/all/function/internal_message.html?_=1638670943451&CODE_STATE=getMsg HTTP/1.1" 200 27
58.39.139.200 - - [05/Dec/2021:10:22:23 +0800] "GET /xingrg/check_reg.html?_=1638670945442 HTTP/1.1" 200 22
58.39.139.200 - - [05/Dec/2021:10:22:24 +0800] "GET /xingrg/kc/base/wldb_order_operate.html?command=get_materiel&rest_code=00105&base_code=0010508&code=00102004026 HTTP/1.1" 200 442
114.85.125.222 - - [05/Dec/2021:10:22:28 +0800] "GET /favicon.ico HTTP/1.1" 404 -
114.85.125.222 - - [05/Dec/2021:10:22:30 +0800] "GET /xingrg/all/function/internal_message.html?_=1638670914528&CODE_STATE=getMsg HTTP/1.1" 200 27
180.169.147.146 - - [05/Dec/2021:10:22:31 +0800] "GET /xingrg/all/function/internal_message.html?_=1638670952400&CODE_STATE=getMsg HTTP/1.1" 200 27
116.232.50.210 - - [05/Dec/2021:10:22:31 +0800] "POST /xingrg/kc/buy/cgsh_order_operate.html HTTP/1.1" 200 37
180.169.147.146 - - [05/Dec/2021:10:22:31 +0800] "GET /xingrg/all/function/internal_message.html?_=1638670948214&CODE_STATE=getMsg HTTP/1.1" 200 27
116.232.50.210 - - [05/Dec/2021:10:22:32 +0800] "POST /xingrg/kc/buy/cgsh_order_operate.html HTTP/1.1" 200 3256
101.85.120.86 - - [05/Dec/2021:10:22:33 +0800] "GET /xingrg/all/function/internal_message.html?_=1638670953812&CODE_STATE=getMsg HTTP/1.1" 200 27
116.232.50.210 - - [05/Dec/2021:10:22:33 +0800] "GET /xingrg/kc/print/load_config.html?kc_code=cgsh HTTP/1.1" 200 2281
116.232.50.210 - - [05/Dec/2021:10:22:33 +0800] "GET /xingrg/kc/print/load_data.html?order_code=212021120501769&kc_code=cgsh&condition= HTTP/1.1" 200 910
116.232.50.210 - - [05/Dec/2021:10:22:36 +0800] "GET /xingrg/all/function/internal_message.html?_=1638670958679&CODE_STATE=getMsg HTTP/1.1" 200 27
180.174.250.202 - - [05/Dec/2021:10:22:36 +0800] "GET /xingrg/all/function/internal_message.html?_=1638670955763&CODE_STATE=getMsg HTTP/1.1" 200 27
120.253.135.82 - - [05/Dec/2021:10:22:38 +0800] "GET /xingrg/all/function/internal_message.html?_=1638670962622&CODE_STATE=getMsg HTTP/1.1" 200 27
180.169.147.146 - - [05/Dec/2021:10:22:39 +0800] "GET /xingrg/all/function/internal_message.html?_=1638670963353&CODE_STATE=getMsg HTTP/1.1" 200 27
116.227.210.113 - - [05/Dec/2021:10:22:39 +0800] "GET /xingrg/all/function/internal_message.html?_=1638670958458&CODE_STATE=getMsg HTTP/1.1" 200 27
114.84.149.84 - - [05/Dec/2021:10:22:39 +0800] "POST /xingrg/kc/buy/cgsh_order_operate.html HTTP/1.1" 200 37
58.39.139.200 - - [05/Dec/2021:10:22:40 +0800] "GET /xingrg/kc/base/wldb_order_operate.html?command=get_materiel&rest_code=00105&base_code=0010508&code=00102004030 HTTP/1.1" 200 442
180.169.147.146 - - [05/Dec/2021:10:22:41 +0800] "GET /xingrg/check_reg.html?_=1638670961828 HTTP/1.1" 200 22
180.169.147.146 - - [05/Dec/2021:10:22:41 +0800] "GET /xingrg/all/function/internal_message.html?_=1638670961830&CODE_STATE=getMsg HTTP/1.1" 200 27
114.84.149.84 - - [05/Dec/2021:10:22:43 +0800] "POST /xingrg/kc/buy/cgsh_order_operate.html HTTP/1.1" 200 12
114.84.149.84 - - [05/Dec/2021:10:22:44 +0800] "GET /xingrg/kc/buy/cgsh_order_info.html?code=212021120501770 HTTP/1.1" 200 60061
114.84.149.84 - - [05/Dec/2021:10:22:44 +0800] "GET /xingrg/javascript/easyui/themes/default/validatebox.css HTTP/1.1" 404 1104
114.84.149.84 - - [05/Dec/2021:10:22:44 +0800] "POST /xingrg/kc/buy/cgsh_order_operate.html HTTP/1.1" 200 4740
114.84.149.84 - - [05/Dec/2021:10:22:46 +0800] "GET /xingrg/kc/print/load_data.html?order_code=212021120501770&kc_code=cgsh&condition= HTTP/1.1" 200 2352
180.169.147.146 - - [05/Dec/2021:10:22:49 +0800] "GET /xingrg/all/function/internal_message.html?_=1638670973390&CODE_STATE=getMsg HTTP/1.1" 200 27
172.20.0.100 - - [05/Dec/2021:10:22:53 +0800] "GET /xingrg/all/function/internal_message.html?_=1638670973483&CODE_STATE=getMsg HTTP/1.1" 200 27
114.84.149.84 - - [05/Dec/2021:10:22:54 +0800] "GET /xingrg/kc/buy/cgsh_order_add.html HTTP/1.1" 200 65150
114.84.149.84 - - [05/Dec/2021:10:22:54 +0800] "POST /xingrg/kc/buy/cgsh_order_operate.html HTTP/1.1" 200 8245
114.84.149.84 - - [05/Dec/2021:10:22:54 +0800] "GET /xingrg/javascript/easyui/themes/default/validatebox.css HTTP/1.1" 404 1104
180.174.250.202 - - [05/Dec/2021:10:22:56 +0800] "GET /xingrg/all/function/internal_message.html?_=1638670977533&CODE_STATE=getMsg HTTP/1.1" 200 27
116.238.248.233 - - [05/Dec/2021:10:22:57 +0800] "GET /xingrg/all/function/internal_message.html?_=1638670977671&CODE_STATE=getMsg HTTP/1.1" 200 27
172.20.0.100 - - [05/Dec/2021:10:22:59 +0800] "GET /xingrg/all/function/internal_message.html?_=1638670979355&CODE_STATE=getMsg HTTP/1.1" 200 27
120.253.135.82 - - [05/Dec/2021:10:23:05 +0800] "GET /xingrg/all/function/internal_message.html?_=1638670763077&CODE_STATE=getMsg HTTP/1.1" 200 27
114.84.149.84 - - [05/Dec/2021:10:23:06 +0800] "GET /xingrg/kc/buy/cgsh_order_operate.html?command=get_materiel&rest_code=00141&code=00101006168&supplier_code=00100012&order_time=2021-12-05 HTTP/1.1" 200 421
114.84.149.84 - - [05/Dec/2021:10:23:11 +0800] "GET /xingrg/all/function/internal_message.html?_=1638670811179&CODE_STATE=getMsg HTTP/1.1" 200 27
114.84.149.84 - - [05/Dec/2021:10:23:14 +0800] "GET /xingrg/kc/buy/cgsh_order_operate.html?command=get_materiel&rest_code=00141&code=00101006109&supplier_code=00100012&order_time=2021-12-05 HTTP/1.1" 200 409
222.70.171.86 - - [05/Dec/2021:10:23:16 +0800] "GET /xingrg/all/function/internal_message.html?_=1638670997726&CODE_STATE=getMsg HTTP/1.1" 200 27
222.70.176.97 - - [05/Dec/2021:10:23:18 +0800] "GET /xingrg/all/function/internal_message.html?_=1638670995424&CODE_STATE=getMsg HTTP/1.1" 200 27
58.39.139.200 - - [05/Dec/2021:10:23:21 +0800] "GET /xingrg/all/function/internal_message.html?_=1638671003476&CODE_STATE=getMsg HTTP/1.1" 200 27
114.84.149.84 - - [05/Dec/2021:10:23:24 +0800] "GET /xingrg/kc/buy/cgsh_order_operate.html?command=get_materiel&rest_code=00141&code=00101006111&supplier_code=00100012&order_time=2021-12-05 HTTP/1.1" 200 409
114.85.125.222 - - [05/Dec/2021:10:23:29 +0800] "GET /xingrg/check_reg.html?_=1638670973865 HTTP/1.1" 200 22
114.85.125.222 - - [05/Dec/2021:10:23:30 +0800] "GET /xingrg/all/function/internal_message.html?_=1638670974541&CODE_STATE=getMsg HTTP/1.1" 200 27
180.169.147.146 - - [05/Dec/2021:10:23:31 +0800] "GET /xingrg/check_reg.html?_=1638671012400 HTTP/1.1" 200 22
180.169.147.146 - - [05/Dec/2021:10:23:31 +0800] "GET /xingrg/all/function/internal_message.html?_=1638671012404&CODE_STATE=getMsg HTTP/1.1" 200 27
180.169.147.146 - - [05/Dec/2021:10:23:31 +0800] "GET /xingrg/all/function/internal_message.html?_=1638671008197&CODE_STATE=getMsg HTTP/1.1" 200 27
101.85.120.86 - - [05/Dec/2021:10:23:33 +0800] "GET /xingrg/check_reg.html?_=1638671013797 HTTP/1.1" 200 22
101.85.120.86 - - [05/Dec/2021:10:23:33 +0800] "GET /xingrg/all/function/internal_message.html?_=1638671013800&CODE_STATE=getMsg HTTP/1.1" 200 27
114.84.149.84 - - [05/Dec/2021:10:23:34 +0800] "GET /xingrg/kc/buy/cgsh_order_operate.html?command=get_materiel&rest_code=00141&code=00101006087&supplier_code=00100012&order_time=2021-12-05 HTTP/1.1" 200 409
116.232.50.210 - - [05/Dec/2021:10:23:35 +0800] "GET /xingrg/all/function/internal_message.html?_=1638671017993&CODE_STATE=getMsg HTTP/1.1" 200 27
180.174.250.202 - - [05/Dec/2021:10:23:36 +0800] "GET /xingrg/all/function/internal_message.html?_=1638671015774&CODE_STATE=getMsg HTTP/1.1" 200 27
120.253.135.82 - - [05/Dec/2021:10:23:38 +0800] "GET /xingrg/all/function/internal_message.html?_=1638671022634&CODE_STATE=getMsg HTTP/1.1" 200 27
180.169.147.146 - - [05/Dec/2021:10:23:39 +0800] "GET /xingrg/check_reg.html?_=1638671023352 HTTP/1.1" 200 22
180.169.147.146 - - [05/Dec/2021:10:23:39 +0800] "GET /xingrg/all/function/internal_message.html?_=1638671023357&CODE_STATE=getMsg HTTP/1.1" 200 27
116.227.210.113 - - [05/Dec/2021:10:23:39 +0800] "GET /xingrg/all/function/internal_message.html?_=1638671018437&CODE_STATE=getMsg HTTP/1.1" 200 27
180.169.147.146 - - [05/Dec/2021:10:23:41 +0800] "GET /xingrg/all/function/internal_message.html?_=1638671021831&CODE_STATE=getMsg HTTP/1.1" 200 27
114.84.149.84 - - [05/Dec/2021:10:23:44 +0800] "GET /xingrg/kc/buy/cgsh_order_operate.html?command=get_materiel&rest_code=00141&code=00101007068&supplier_code=00100012&order_time=2021-12-05 HTTP/1.1" 200 409
180.169.147.146 - - [05/Dec/2021:10:23:49 +0800] "GET /xingrg/all/function/internal_message.html?_=1638671033378&CODE_STATE=getMsg HTTP/1.1" 200 27
172.20.0.100 - - [05/Dec/2021:10:23:53 +0800] "GET /xingrg/check_reg.html?_=1638671033485 HTTP/1.1" 200 22
172.20.0.100 - - [05/Dec/2021:10:23:53 +0800] "GET /xingrg/all/function/internal_message.html?_=1638671033487&CODE_STATE=getMsg HTTP/1.1" 200 27
180.174.250.202 - - [05/Dec/2021:10:23:56 +0800] "GET /xingrg/all/function/internal_message.html?_=1638671037535&CODE_STATE=getMsg HTTP/1.1" 200 27
58.39.139.200 - - [05/Dec/2021:10:23:57 +0800] "GET /xingrg/kc/buy/cgsh_order_list.html HTTP/1.1" 200 49374
116.238.248.233 - - [05/Dec/2021:10:23:57 +0800] "GET /xingrg/all/function/internal_message.html?_=1638671037671&CODE_STATE=getMsg HTTP/1.1" 200 27
114.84.149.84 - - [05/Dec/2021:10:23:58 +0800] "GET /xingrg/kc/buy/cgsh_order_operate.html?command=get_materiel&rest_code=00141&code=00101006128&supplier_code=00100012&order_time=2021-12-05 HTTP/1.1" 200 427
172.20.0.100 - - [05/Dec/2021:10:23:59 +0800] "GET /xingrg/all/function/internal_message.html?_=1638671039358&CODE_STATE=getMsg HTTP/1.1" 200 27
58.39.139.200 - - [05/Dec/2021:10:23:59 +0800] "POST /xingrg/kc/buy/cgsh_list_operate.html HTTP/1.1" 200 3490
58.39.139.200 - - [05/Dec/2021:10:24:00 +0800] "GET /xingrg/kc/buy/cgsh_order_add.html HTTP/1.1" 200 65191
58.39.139.200 - - [05/Dec/2021:10:24:00 +0800] "GET /xingrg/javascript/easyui/themes/default/validatebox.css HTTP/1.1" 404 1104
58.39.139.200 - - [05/Dec/2021:10:24:00 +0800] "POST /xingrg/kc/buy/cgsh_order_operate.html HTTP/1.1" 200 8245
120.253.135.82 - - [05/Dec/2021:10:24:05 +0800] "GET /xingrg/all/function/internal_message.html?_=1638670823100&CODE_STATE=getMsg HTTP/1.1" 200 27
114.84.149.84 - - [05/Dec/2021:10:24:08 +0800] "GET /xingrg/kc/buy/cgsh_order_operate.html?command=get_materiel&rest_code=00141&code=00101006006&supplier_code=00100012&order_time=2021-12-05 HTTP/1.1" 200 409
114.84.149.84 - - [05/Dec/2021:10:24:11 +0800] "GET /xingrg/check_reg.html?_=1638670871156 HTTP/1.1" 200 22
114.84.149.84 - - [05/Dec/2021:10:24:11 +0800] "GET /xingrg/all/function/internal_message.html?_=1638670871160&CODE_STATE=getMsg HTTP/1.1" 200 27
222.70.171.86 - - [05/Dec/2021:10:24:13 +0800] "GET /xingrg/check_reg.html?_=1638671054916 HTTP/1.1" 200 22
222.70.171.86 - - [05/Dec/2021:10:24:16 +0800] "GET /xingrg/all/function/internal_message.html?_=1638671057736&CODE_STATE=getMsg HTTP/1.1" 200 27
222.70.176.97 - - [05/Dec/2021:10:24:17 +0800] "GET /xingrg/all/function/internal_message.html?_=1638671055407&CODE_STATE=getMsg HTTP/1.1" 200 27
114.84.149.84 - - [05/Dec/2021:10:24:21 +0800] "GET /xingrg/kc/buy/cgsh_order_operate.html?command=get_materiel&rest_code=00141&code=00101006133&supplier_code=00100012&order_time=2021-12-05 HTTP/1.1" 200 413
58.39.139.200 - - [05/Dec/2021:10:24:21 +0800] "GET /xingrg/all/function/internal_message.html?_=1638671063421&CODE_STATE=getMsg HTTP/1.1" 200 27
120.253.135.82 - - [05/Dec/2021:10:24:21 +0800] "POST /xingrg/kc/pszx/mdps_list_operate.html HTTP/1.1" 200 3515
114.85.125.222 - - [05/Dec/2021:10:24:30 +0800] "GET /xingrg/all/function/internal_message.html?_=1638671034556&CODE_STATE=getMsg HTTP/1.1" 200 27
222.70.176.97 - - [05/Dec/2021:10:24:30 +0800] "GET /xingrg/check_reg.html?_=1638671067655 HTTP/1.1" 200 22
180.169.147.146 - - [05/Dec/2021:10:24:31 +0800] "GET /xingrg/all/function/internal_message.html?_=1638671072407&CODE_STATE=getMsg HTTP/1.1" 200 27
180.169.147.146 - - [05/Dec/2021:10:24:31 +0800] "GET /xingrg/all/function/internal_message.html?_=1638671068181&CODE_STATE=getMsg HTTP/1.1" 200 27
101.85.120.86 - - [05/Dec/2021:10:24:33 +0800] "GET /xingrg/all/function/internal_message.html?_=1638671073799&CODE_STATE=getMsg HTTP/1.1" 200 27
116.232.50.210 - - [05/Dec/2021:10:24:35 +0800] "GET /xingrg/all/function/internal_message.html?_=1638671077996&CODE_STATE=getMsg HTTP/1.1" 200 27
114.84.149.84 - - [05/Dec/2021:10:24:35 +0800] "GET /xingrg/kc/buy/cgsh_order_operate.html?command=get_materiel&rest_code=00141&code=00101006174&supplier_code=00100012&order_time=2021-12-05 HTTP/1.1" 200 414
180.174.250.202 - - [05/Dec/2021:10:24:36 +0800] "GET /xingrg/all/function/internal_message.html?_=1638671075787&CODE_STATE=getMsg HTTP/1.1" 200 27
120.253.135.82 - - [05/Dec/2021:10:24:38 +0800] "GET /xingrg/all/function/internal_message.html?_=1638671082676&CODE_STATE=getMsg HTTP/1.1" 200 27
180.169.147.146 - - [05/Dec/2021:10:24:39 +0800] "GET /xingrg/all/function/internal_message.html?_=1638671083354&CODE_STATE=getMsg HTTP/1.1" 200 27
116.227.210.113 - - [05/Dec/2021:10:24:39 +0800] "GET /xingrg/all/function/internal_message.html?_=1638671078436&CODE_STATE=getMsg HTTP/1.1" 200 27
180.169.147.146 - - [05/Dec/2021:10:24:41 +0800] "GET /xingrg/all/function/internal_message.html?_=1638671081830&CODE_STATE=getMsg HTTP/1.1" 200 27
222.70.171.86 - - [05/Dec/2021:10:24:42 +0800] "GET /xingrg/check_reg.html?_=1638671106233 HTTP/1.1" 302 -
114.84.149.84 - - [05/Dec/2021:10:24:48 +0800] "POST /xingrg/kc/buy/cgsh_order_operate.html HTTP/1.1" 200 37
180.169.147.146 - - [05/Dec/2021:10:24:49 +0800] "GET /xingrg/all/function/internal_message.html?_=1638671093350&CODE_STATE=getMsg HTTP/1.1" 200 27
114.84.149.84 - - [05/Dec/2021:10:24:53 +0800] "POST /xingrg/kc/buy/cgsh_order_operate.html HTTP/1.1" 200 12
172.20.0.100 - - [05/Dec/2021:10:24:53 +0800] "GET /xingrg/all/function/internal_message.html?_=1638671093494&CODE_STATE=getMsg HTTP/1.1" 200 27
114.84.149.84 - - [05/Dec/2021:10:24:54 +0800] "GET /xingrg/kc/buy/cgsh_order_info.html?code=212021120501771 HTTP/1.1" 200 60059
114.84.149.84 - - [05/Dec/2021:10:24:54 +0800] "GET /xingrg/javascript/easyui/themes/default/validatebox.css HTTP/1.1" 404 1104
114.84.149.84 - - [05/Dec/2021:10:24:55 +0800] "POST /xingrg/kc/buy/cgsh_order_operate.html HTTP/1.1" 200 5938
116.227.210.113 - - [05/Dec/2021:10:24:55 +0800] "GET /xingrg/check_reg.html?_=1638671094639 HTTP/1.1" 200 22
180.174.250.202 - - [05/Dec/2021:10:24:56 +0800] "GET /xingrg/check_reg.html?_=1638671097541 HTTP/1.1" 200 22
