58.39.139.200 - - [04/Dec/2021:10:06:04 +0800] "GET /xingrg/kc/buy/cgsh_order_operate.html?command=get_materiel&rest_code=00105&code=00101009109&supplier_code=00100024&order_time=2021-12-04 HTTP/1.1" 200 399
180.169.147.146 - - [04/Dec/2021:10:06:04 +0800] "GET /xingrg/kc/base/wldb_order_operate.html?command=get_materiel&rest_code=00106&base_code=0010239&code=00101008323 HTTP/1.1" 200 429
180.162.114.163 - - [04/Dec/2021:10:06:05 +0800] "GET /xingrg/kc/buy/cgsh_order_operate.html?command=get_materiel&rest_code=00143&code=00101008024&supplier_code=00100161&order_time=2021-12-01 HTTP/1.1" 200 408
58.37.8.149 - - [04/Dec/2021:10:06:08 +0800] "GET /xingrg/all/function/internal_message.html?_=1638583389787&CODE_STATE=getMsg HTTP/1.1" 200 27
222.70.176.97 - - [04/Dec/2021:10:06:09 +0800] "GET /xingrg/kc/buy/cgsh_order_operate.html?command=get_materiel&rest_code=00111&code=00101007059&supplier_code=00100004&order_time=2021-12-04 HTTP/1.1" 200 409
120.253.135.82 - - [04/Dec/2021:10:06:10 +0800] "GET /xingrg/all/function/internal_message.html?_=1638583349606&CODE_STATE=getMsg HTTP/1.1" 200 27
180.169.147.146 - - [04/Dec/2021:10:06:14 +0800] "GET /xingrg/all/function/internal_message.html?_=1638583577285&CODE_STATE=getMsg HTTP/1.1" 200 27
180.162.114.163 - - [04/Dec/2021:10:06:15 +0800] "GET /xingrg/kc/buy/cgsh_order_operate.html?command=get_materiel&rest_code=00143&code=00101008286&supplier_code=00100161&order_time=2021-12-01 HTTP/1.1" 200 408
58.39.139.200 - - [04/Dec/2021:10:06:15 +0800] "GET /xingrg/kc/buy/cgsh_order_operate.html?command=get_materiel&rest_code=00105&code=00101009062&supplier_code=00100024&order_time=2021-12-04 HTTP/1.1" 200 412
172.20.0.100 - - [04/Dec/2021:10:06:19 +0800] "GET /xingrg/all/function/internal_message.html?_=1638583579048&CODE_STATE=getMsg HTTP/1.1" 200 27
58.39.139.200 - - [04/Dec/2021:10:06:22 +0800] "GET /xingrg/kc/buy/cgsh_order_operate.html?command=get_materiel&rest_code=00105&code=00101009011&supplier_code=00100024&order_time=2021-12-04 HTTP/1.1" 200 416
58.37.8.149 - - [04/Dec/2021:10:06:22 +0800] "GET /xingrg/kc/buy/cgsh_order_operate.html?command=get_materiel&rest_code=00141&code=00101008332&supplier_code=00100007&order_time=2021-12-04 HTTP/1.1" 200 412
222.70.176.97 - - [04/Dec/2021:10:06:23 +0800] "GET /xingrg/kc/buy/cgsh_order_operate.html?command=get_materiel&rest_code=00111&code=00101007077&supplier_code=00100004&order_time=2021-12-04 HTTP/1.1" 200 415
114.85.125.222 - - [04/Dec/2021:10:06:24 +0800] "GET /xingrg/all/function/internal_message.html?_=1638583550023&CODE_STATE=getMsg HTTP/1.1" 200 27
58.35.210.86 - - [04/Dec/2021:10:06:27 +0800] "GET /favicon.ico HTTP/1.1" 404 -
58.39.139.200 - - [04/Dec/2021:10:06:28 +0800] "GET /xingrg/all/function/internal_message.html?_=1638583589446&CODE_STATE=getMsg HTTP/1.1" 200 27
58.39.139.200 - - [04/Dec/2021:10:06:29 +0800] "GET /xingrg/kc/buy/cgsh_order_operate.html?command=get_materiel&rest_code=00105&code=00101009010&supplier_code=00100024&order_time=2021-12-04 HTTP/1.1" 200 412
58.39.139.200 - - [04/Dec/2021:10:06:32 +0800] "GET /xingrg/all/function/internal_message.html?_=1638583530287&CODE_STATE=getMsg HTTP/1.1" 200 27
172.20.0.100 - - [04/Dec/2021:10:06:34 +0800] "GET /xingrg/all/function/internal_message.html?_=1638583593854&CODE_STATE=getMsg HTTP/1.1" 200 27
180.162.114.163 - - [04/Dec/2021:10:06:34 +0800] "GET /xingrg/all/function/internal_message.html?_=1638583056190&CODE_STATE=getMsg HTTP/1.1" 200 27
58.37.8.149 - - [04/Dec/2021:10:06:37 +0800] "GET /xingrg/kc/buy/cgsh_order_operate.html?command=get_materiel&rest_code=00141&code=00101008041&supplier_code=00100007&order_time=2021-12-04 HTTP/1.1" 200 408
222.70.171.86 - - [04/Dec/2021:10:06:40 +0800] "GET /xingrg/all/function/internal_message.html?_=1638583598365&CODE_STATE=getMsg HTTP/1.1" 200 27
180.169.147.146 - - [04/Dec/2021:10:06:43 +0800] "GET /xingrg/kc/base/wldb_order_operate.html?command=get_materiel&rest_code=00106&base_code=0010239&code=00101019015 HTTP/1.1" 200 437
222.70.176.97 - - [04/Dec/2021:10:06:45 +0800] "GET /xingrg/kc/buy/cgsh_order_operate.html?command=get_materiel&rest_code=00111&code=00101007038&supplier_code=00100004&order_time=2021-12-04 HTTP/1.1" 200 420
58.39.139.200 - - [04/Dec/2021:10:06:47 +0800] "GET /xingrg/kc/buy/cgsh_order_operate.html?command=get_materiel&rest_code=00105&code=00101009016&supplier_code=00100024&order_time=2021-12-04 HTTP/1.1" 200 412
114.83.217.40 - - [04/Dec/2021:10:06:50 +0800] "GET /xingrg/all/function/internal_message.html?_=1638583610911&CODE_STATE=getMsg HTTP/1.1" 200 27
101.85.120.86 - - [04/Dec/2021:10:06:53 +0800] "GET /xingrg/all/function/internal_message.html?_=1638583614302&CODE_STATE=getMsg HTTP/1.1" 200 27
180.169.147.146 - - [04/Dec/2021:10:06:53 +0800] "GET /xingrg/kc/base/wldb_order_operate.html?command=get_materiel&rest_code=00106&base_code=0010239&code=00101016019 HTTP/1.1" 200 450
222.70.176.97 - - [04/Dec/2021:10:06:56 +0800] "GET /xingrg/all/function/internal_message.html?_=1638583614946&CODE_STATE=getMsg HTTP/1.1" 200 27
222.70.176.97 - - [04/Dec/2021:10:06:56 +0800] "GET /xingrg/check_reg.html?_=1638583614947 HTTP/1.1" 200 22
58.39.139.200 - - [04/Dec/2021:10:06:57 +0800] "GET /xingrg/kc/buy/cgsh_order_operate.html?command=get_materiel&rest_code=00105&code=00101009013&supplier_code=00100024&order_time=2021-12-04 HTTP/1.1" 200 420
116.233.78.65 - - [04/Dec/2021:10:06:58 +0800] "GET /xingrg/all/function/internal_message.html?_=1638583620514&CODE_STATE=getMsg HTTP/1.1" 200 27
180.169.147.146 - - [04/Dec/2021:10:07:01 +0800] "GET /xingrg/system/info/materiel_import.html?isSelect=1&singleSelect=false HTTP/1.1" 200 5600
180.169.147.146 - - [04/Dec/2021:10:07:01 +0800] "GET /xingrg/javascript/jquery_easy_ui/themes/icons/edit_add.png HTTP/1.1" 200 1088
180.169.147.146 - - [04/Dec/2021:10:07:01 +0800] "GET /xingrg/javascript/jquery_easy_ui/themes/default/images/datagrid_header_bg.gif HTTP/1.1" 200 97
180.169.147.146 - - [04/Dec/2021:10:07:01 +0800] "GET /xingrg/javascript/jquery_easy_ui/themes/default/images/pagination_first.gif HTTP/1.1" 200 925
180.169.147.146 - - [04/Dec/2021:10:07:01 +0800] "POST /xingrg/all/common/load_tree.html?tree=materiel_sort_tree_json HTTP/1.1" 200 9388
180.169.147.146 - - [04/Dec/2021:10:07:01 +0800] "GET /xingrg/javascript/jquery_easy_ui/themes/default/images/pagination_load.png HTTP/1.1" 200 827
180.169.147.146 - - [04/Dec/2021:10:07:01 +0800] "GET /xingrg/javascript/jquery_easy_ui/themes/default/images/pagination_next.gif HTTP/1.1" 200 875
180.169.147.146 - - [04/Dec/2021:10:07:01 +0800] "GET /xingrg/javascript/jquery_easy_ui/themes/default/images/pagination_last.gif HTTP/1.1" 200 923
180.169.147.146 - - [04/Dec/2021:10:07:01 +0800] "GET /xingrg/javascript/jquery_easy_ui/themes/default/images/pagination_prev.gif HTTP/1.1" 200 879
180.169.147.146 - - [04/Dec/2021:10:07:01 +0800] "GET /favicon.ico HTTP/1.1" 404 -
180.174.250.202 - - [04/Dec/2021:10:07:03 +0800] "GET /xingrg/all/function/internal_message.html?_=1638583623636&CODE_STATE=getMsg HTTP/1.1" 200 27
101.85.120.86 - - [04/Dec/2021:10:07:05 +0800] "GET /xingrg/javascript/auto/indicator.gif HTTP/1.1" 404 1066
58.39.139.200 - - [04/Dec/2021:10:07:05 +0800] "GET /xingrg/kc/buy/cgsh_order_operate.html?command=get_materiel&rest_code=00105&code=00101009124&supplier_code=00100024&order_time=2021-12-04 HTTP/1.1" 200 402
222.70.176.97 - - [04/Dec/2021:10:07:05 +0800] "GET /xingrg/kc/buy/cgsh_order_operate.html?command=get_materiel&rest_code=00111&code=00101007076&supplier_code=00100004&order_time=2021-12-04 HTTP/1.1" 200 408
180.169.147.146 - - [04/Dec/2021:10:07:07 +0800] "GET /xingrg/kc/base/wldb_order_operate.html?command=get_materiel&rest_code=00106&base_code=0010239&code=00101029006 HTTP/1.1" 200 460
58.37.8.149 - - [04/Dec/2021:10:07:08 +0800] "GET /xingrg/all/function/internal_message.html?_=1638583449776&CODE_STATE=getMsg HTTP/1.1" 200 27
120.253.135.82 - - [04/Dec/2021:10:07:10 +0800] "GET /xingrg/all/function/internal_message.html?_=1638583409724&CODE_STATE=getMsg HTTP/1.1" 200 27
180.169.147.146 - - [04/Dec/2021:10:07:14 +0800] "GET /xingrg/all/function/internal_message.html?_=1638583637286&CODE_STATE=getMsg HTTP/1.1" 200 27
180.169.147.146 - - [04/Dec/2021:10:07:18 +0800] "GET /xingrg/kc/base/wldb_order_operate.html?command=get_materiel&rest_code=00106&base_code=0010239&code=00101019816 HTTP/1.1" 200 432
172.20.0.100 - - [04/Dec/2021:10:07:19 +0800] "GET /xingrg/all/function/internal_message.html?_=1638583639049&CODE_STATE=getMsg HTTP/1.1" 200 27
222.70.176.97 - - [04/Dec/2021:10:07:22 +0800] "GET /xingrg/kc/buy/cgsh_order_operate.html?command=get_materiel&rest_code=00111&code=00101007081&supplier_code=00100004&order_time=2021-12-04 HTTP/1.1" 200 413
114.85.125.222 - - [04/Dec/2021:10:07:24 +0800] "GET /xingrg/all/function/internal_message.html?_=1638583610046&CODE_STATE=getMsg HTTP/1.1" 200 27
58.39.139.200 - - [04/Dec/2021:10:07:28 +0800] "GET /xingrg/all/function/internal_message.html?_=1638583649495&CODE_STATE=getMsg HTTP/1.1" 200 27
180.169.147.146 - - [04/Dec/2021:10:07:28 +0800] "GET /xingrg/kc/base/wldb_order_operate.html?command=get_materiel&rest_code=00106&base_code=0010239&code=00101019368 HTTP/1.1" 200 466
58.39.139.200 - - [04/Dec/2021:10:07:32 +0800] "GET /xingrg/all/function/internal_message.html?_=1638583590287&CODE_STATE=getMsg HTTP/1.1" 200 27
180.162.114.163 - - [04/Dec/2021:10:07:33 +0800] "GET /xingrg/kc/buy/cgsh_order_operate.html?command=get_materiel&rest_code=00143&code=00101008356&supplier_code=00100161&order_time=2021-12-01 HTTP/1.1" 200 408
172.20.0.100 - - [04/Dec/2021:10:07:34 +0800] "GET /xingrg/all/function/internal_message.html?_=1638583653842&CODE_STATE=getMsg HTTP/1.1" 200 27
180.162.114.163 - - [04/Dec/2021:10:07:34 +0800] "GET /xingrg/check_reg.html?_=1638583116179 HTTP/1.1" 200 22
180.162.114.163 - - [04/Dec/2021:10:07:34 +0800] "GET /xingrg/all/function/internal_message.html?_=1638583116181&CODE_STATE=getMsg HTTP/1.1" 200 27
222.70.176.97 - - [04/Dec/2021:10:07:37 +0800] "POST /xingrg/kc/buy/cgsh_order_operate.html HTTP/1.1" 200 37
222.70.171.86 - - [04/Dec/2021:10:07:40 +0800] "GET /xingrg/all/function/internal_message.html?_=1638583658380&CODE_STATE=getMsg HTTP/1.1" 200 27
180.169.147.146 - - [04/Dec/2021:10:07:40 +0800] "GET /xingrg/kc/base/wldb_order_operate.html?command=get_materiel&rest_code=00106&base_code=0010239&code=00101019216 HTTP/1.1" 200 463
222.70.176.97 - - [04/Dec/2021:10:07:41 +0800] "POST /xingrg/kc/buy/cgsh_order_operate.html HTTP/1.1" 200 5025
222.70.176.97 - - [04/Dec/2021:10:07:43 +0800] "GET /xingrg/kc/print/load_data.html?order_code=212021120401245&kc_code=cgsh&condition= HTTP/1.1" 200 1616
114.83.217.40 - - [04/Dec/2021:10:07:48 +0800] "GET /xingrg/check_reg.html?_=1638583668695 HTTP/1.1" 200 22
114.83.217.40 - - [04/Dec/2021:10:07:50 +0800] "GET /xingrg/all/function/internal_message.html?_=1638583670905&CODE_STATE=getMsg HTTP/1.1" 200 27
101.85.120.86 - - [04/Dec/2021:10:07:52 +0800] "GET /xingrg/kc/buy/cgsh_order_operate.html?command=get_materiel&rest_code=00142&code=00101008126&supplier_code=00100161&order_time=2021-12-04 HTTP/1.1" 200 412
101.85.120.86 - - [04/Dec/2021:10:07:53 +0800] "GET /xingrg/all/function/internal_message.html?_=1638583674303&CODE_STATE=getMsg HTTP/1.1" 200 27
222.70.176.97 - - [04/Dec/2021:10:07:56 +0800] "GET /xingrg/all/function/internal_message.html?_=1638583674948&CODE_STATE=getMsg HTTP/1.1" 200 27
116.233.78.65 - - [04/Dec/2021:10:07:58 +0800] "GET /xingrg/all/function/internal_message.html?_=1638583680516&CODE_STATE=getMsg HTTP/1.1" 200 27
101.85.120.86 - - [04/Dec/2021:10:08:03 +0800] "GET /xingrg/kc/buy/cgsh_order_operate.html?command=get_materiel&rest_code=00142&code=00101008108&supplier_code=00100161&order_time=2021-12-04 HTTP/1.1" 200 412
180.174.250.202 - - [04/Dec/2021:10:08:03 +0800] "GET /xingrg/all/function/internal_message.html?_=1638583683638&CODE_STATE=getMsg HTTP/1.1" 200 27
58.37.8.149 - - [04/Dec/2021:10:08:08 +0800] "GET /xingrg/all/function/internal_message.html?_=1638583509781&CODE_STATE=getMsg HTTP/1.1" 200 27
120.253.135.82 - - [04/Dec/2021:10:08:10 +0800] "GET /xingrg/check_reg.html?_=1638583469290 HTTP/1.1" 200 22
120.253.135.82 - - [04/Dec/2021:10:08:10 +0800] "GET /xingrg/all/function/internal_message.html?_=1638583469727&CODE_STATE=getMsg HTTP/1.1" 200 27
101.85.120.86 - - [04/Dec/2021:10:08:12 +0800] "GET /xingrg/kc/buy/cgsh_order_operate.html?command=get_materiel&rest_code=00142&code=00101008005&supplier_code=00100161&order_time=2021-12-04 HTTP/1.1" 200 412
180.169.147.146 - - [04/Dec/2021:10:08:13 +0800] "GET /xingrg/kc/base/wldb_order_operate.html?command=get_materiel&rest_code=00106&base_code=0010239&code=00101009118 HTTP/1.1" 200 412
180.169.147.146 - - [04/Dec/2021:10:08:14 +0800] "GET /xingrg/all/function/internal_message.html?_=1638583697278&CODE_STATE=getMsg HTTP/1.1" 200 27
172.20.0.100 - - [04/Dec/2021:10:08:19 +0800] "GET /xingrg/all/function/internal_message.html?_=1638583699054&CODE_STATE=getMsg HTTP/1.1" 200 27
172.20.0.100 - - [04/Dec/2021:10:08:19 +0800] "GET /xingrg/check_reg.html?_=1638583699055 HTTP/1.1" 200 22
114.85.125.222 - - [04/Dec/2021:10:08:23 +0800] "GET /xingrg/check_reg.html?_=1638583669970 HTTP/1.1" 200 22
114.85.125.222 - - [04/Dec/2021:10:08:24 +0800] "GET /xingrg/all/function/internal_message.html?_=1638583670062&CODE_STATE=getMsg HTTP/1.1" 200 27
58.39.139.200 - - [04/Dec/2021:10:08:28 +0800] "GET /xingrg/all/function/internal_message.html?_=1638583709449&CODE_STATE=getMsg HTTP/1.1" 200 27
58.39.139.200 - - [04/Dec/2021:10:08:32 +0800] "GET /xingrg/all/function/internal_message.html?_=1638583650287&CODE_STATE=getMsg HTTP/1.1" 200 27
101.85.120.86 - - [04/Dec/2021:10:08:33 +0800] "GET /xingrg/kc/buy/cgsh_order_operate.html?command=get_materiel&rest_code=00142&code=00101008261&supplier_code=00100161&order_time=2021-12-04 HTTP/1.1" 200 408
172.20.0.100 - - [04/Dec/2021:10:08:34 +0800] "GET /xingrg/all/function/internal_message.html?_=1638583713846&CODE_STATE=getMsg HTTP/1.1" 200 27
180.162.114.163 - - [04/Dec/2021:10:08:34 +0800] "GET /xingrg/all/function/internal_message.html?_=1638583176186&CODE_STATE=getMsg HTTP/1.1" 200 27
222.70.171.86 - - [04/Dec/2021:10:08:40 +0800] "GET /xingrg/all/function/internal_message.html?_=1638583718398&CODE_STATE=getMsg HTTP/1.1" 200 27
101.85.120.86 - - [04/Dec/2021:10:08:41 +0800] "GET /xingrg/kc/buy/cgsh_order_operate.html?command=get_materiel&rest_code=00142&code=00101008268&supplier_code=00100161&order_time=2021-12-04 HTTP/1.1" 200 408
114.83.217.40 - - [04/Dec/2021:10:08:50 +0800] "GET /xingrg/all/function/internal_message.html?_=1638583730889&CODE_STATE=getMsg HTTP/1.1" 200 27
101.85.120.86 - - [04/Dec/2021:10:08:53 +0800] "GET /xingrg/all/function/internal_message.html?_=1638583734298&CODE_STATE=getMsg HTTP/1.1" 200 27
222.70.176.97 - - [04/Dec/2021:10:08:56 +0800] "GET /xingrg/all/function/internal_message.html?_=1638583734947&CODE_STATE=getMsg HTTP/1.1" 200 27
101.85.120.86 - - [04/Dec/2021:10:08:57 +0800] "GET /xingrg/kc/buy/cgsh_order_operate.html?command=get_materiel&rest_code=00142&code=00101008059&supplier_code=00100161&order_time=2021-12-04 HTTP/1.1" 200 408
116.233.78.65 - - [04/Dec/2021:10:08:58 +0800] "GET /xingrg/all/function/internal_message.html?_=1638583740518&CODE_STATE=getMsg HTTP/1.1" 200 27
116.233.78.65 - - [04/Dec/2021:10:09:00 +0800] "POST /xingrg/services/DataTransmitService HTTP/1.1" 200 501
116.233.78.65 - - [04/Dec/2021:10:09:00 +0800] "POST /xingrg/services/DataTransmitService HTTP/1.1" 200 501
180.174.250.202 - - [04/Dec/2021:10:09:02 +0800] "GET /xingrg/check_reg.html?_=1638583742652 HTTP/1.1" 200 22
180.174.250.202 - - [04/Dec/2021:10:09:03 +0800] "GET /xingrg/all/function/internal_message.html?_=1638583743885&CODE_STATE=getMsg HTTP/1.1" 200 27
116.233.78.65 - - [04/Dec/2021:10:09:04 +0800] "POST /xingrg/services/DataTransmitService HTTP/1.1" 200 501
58.37.8.149 - - [04/Dec/2021:10:09:08 +0800] "GET /xingrg/all/function/internal_message.html?_=1638583569720&CODE_STATE=getMsg HTTP/1.1" 200 27
101.85.120.86 - - [04/Dec/2021:10:09:08 +0800] "GET /xingrg/kc/buy/cgsh_order_operate.html?command=get_materiel&rest_code=00142&code=00101008370&supplier_code=00100161&order_time=2021-12-04 HTTP/1.1" 200 412
116.233.78.65 - - [04/Dec/2021:10:09:09 +0800] "POST /xingrg/services/DataTransmitService HTTP/1.1" 200 501
120.253.135.82 - - [04/Dec/2021:10:09:11 +0800] "GET /xingrg/all/function/internal_message.html?_=1638583529741&CODE_STATE=getMsg HTTP/1.1" 200 27
116.233.78.65 - - [04/Dec/2021:10:09:11 +0800] "POST /xingrg/services/DataTransmitService HTTP/1.1" 200 501
116.233.78.65 - - [04/Dec/2021:10:09:11 +0800] "POST /xingrg/services/DataTransmitService HTTP/1.1" 200 501
180.169.147.146 - - [04/Dec/2021:10:09:14 +0800] "GET /xingrg/all/function/internal_message.html?_=1638583757276&CODE_STATE=getMsg HTTP/1.1" 200 27
116.233.78.65 - - [04/Dec/2021:10:09:14 +0800] "POST /xingrg/services/DataTransmitService HTTP/1.1" 200 501
116.233.78.65 - - [04/Dec/2021:10:09:15 +0800] "POST /xingrg/services/DataTransmitService HTTP/1.1" 200 501
116.233.78.65 - - [04/Dec/2021:10:09:15 +0800] "POST /xingrg/services/DataTransmitService HTTP/1.1" 200 501
116.233.78.65 - - [04/Dec/2021:10:09:16 +0800] "POST /xingrg/services/DataTransmitService HTTP/1.1" 200 412
222.70.171.86 - - [04/Dec/2021:10:09:18 +0800] "GET /favicon.ico HTTP/1.1" 404 -
172.20.0.100 - - [04/Dec/2021:10:09:19 +0800] "GET /xingrg/all/function/internal_message.html?_=1638583759061&CODE_STATE=getMsg HTTP/1.1" 200 27
58.37.8.149 - - [04/Dec/2021:10:09:21 +0800] "POST /xingrg/kc/buy/cgsh_order_operate.html HTTP/1.1" 200 37
101.85.120.86 - - [04/Dec/2021:10:09:23 +0800] "GET /xingrg/kc/buy/cgsh_order_operate.html?command=get_materiel&rest_code=00142&code=00101008361&supplier_code=00100161&order_time=2021-12-04 HTTP/1.1" 200 408
114.85.125.222 - - [04/Dec/2021:10:09:24 +0800] "GET /xingrg/all/function/internal_message.html?_=1638583730062&CODE_STATE=getMsg HTTP/1.1" 200 27
58.37.8.149 - - [04/Dec/2021:10:09:26 +0800] "POST /xingrg/kc/buy/cgsh_order_operate.html HTTP/1.1" 200 12
58.39.139.200 - - [04/Dec/2021:10:09:28 +0800] "GET /xingrg/all/function/internal_message.html?_=1638583769446&CODE_STATE=getMsg HTTP/1.1" 200 27
101.85.120.86 - - [04/Dec/2021:10:09:31 +0800] "GET /xingrg/kc/buy/cgsh_order_operate.html?command=get_materiel&rest_code=00142&code=00101008155&supplier_code=00100161&order_time=2021-12-04 HTTP/1.1" 200 408
58.39.139.200 - - [04/Dec/2021:10:09:32 +0800] "GET /xingrg/all/function/internal_message.html?_=1638583710287&CODE_STATE=getMsg HTTP/1.1" 200 27
172.20.0.100 - - [04/Dec/2021:10:09:34 +0800] "GET /xingrg/all/function/internal_message.html?_=1638583773846&CODE_STATE=getMsg HTTP/1.1" 200 27
180.162.114.163 - - [04/Dec/2021:10:09:34 +0800] "GET /xingrg/all/function/internal_message.html?_=1638583236183&CODE_STATE=getMsg HTTP/1.1" 200 27
58.39.139.200 - - [04/Dec/2021:10:09:34 +0800] "POST /xingrg/kc/buy/cgsh_order_operate.html HTTP/1.1" 200 37
58.37.8.149 - - [04/Dec/2021:10:09:35 +0800] "GET /xingrg/kc/buy/cgsh_order_info.html?code=212021120401246 HTTP/1.1" 200 60059
58.37.8.149 - - [04/Dec/2021:10:09:35 +0800] "GET /xingrg/javascript/easyui/themes/default/validatebox.css HTTP/1.1" 404 1104
58.37.8.149 - - [04/Dec/2021:10:09:36 +0800] "POST /xingrg/kc/buy/cgsh_order_operate.html HTTP/1.1" 200 18319
58.37.8.149 - - [04/Dec/2021:10:09:36 +0800] "GET /xingrg/check_reg.html?_=1638583598460 HTTP/1.1" 200 22
58.39.139.200 - - [04/Dec/2021:10:09:36 +0800] "POST /xingrg/kc/buy/cgsh_order_operate.html HTTP/1.1" 200 6811
58.39.139.200 - - [04/Dec/2021:10:09:37 +0800] "GET /xingrg/kc/print/load_data.html?order_code=212021120401247&kc_code=cgsh&condition= HTTP/1.1" 200 2269
58.37.8.149 - - [04/Dec/2021:10:09:39 +0800] "GET /xingrg/kc/print/load_config.html?kc_code=cgsh HTTP/1.1" 200 2281
58.37.8.149 - - [04/Dec/2021:10:09:39 +0800] "GET /xingrg/kc/print/load_data.html?order_code=212021120401246&kc_code=cgsh&condition= HTTP/1.1" 200 7434
222.70.171.86 - - [04/Dec/2021:10:09:39 +0800] "GET /xingrg/check_reg.html?_=1638583800053 HTTP/1.1" 302 -
101.85.120.86 - - [04/Dec/2021:10:09:40 +0800] "GET /xingrg/kc/buy/cgsh_order_operate.html?command=get_materiel&rest_code=00142&code=00101008371&supplier_code=00100161&order_time=2021-12-04 HTTP/1.1" 200 412
222.70.171.86 - - [04/Dec/2021:10:09:40 +0800] "GET /xingrg/all/function/internal_message.html?_=1638583778406&CODE_STATE=getMsg HTTP/1.1" 200 27
114.84.2.174 - - [04/Dec/2021:10:09:44 +0800] "POST /xingrg/services/DataTransmitService HTTP/1.1" 200 524
114.84.2.174 - - [04/Dec/2021:10:09:45 +0800] "POST /xingrg/services/DataTransmitService HTTP/1.1" 200 2419
114.84.2.174 - - [04/Dec/2021:10:09:45 +0800] "POST /xingrg/services/DataTransmitService HTTP/1.1" 200 153252
114.83.217.40 - - [04/Dec/2021:10:09:50 +0800] "GET /xingrg/all/function/internal_message.html?_=1638583790863&CODE_STATE=getMsg HTTP/1.1" 200 27
101.85.120.86 - - [04/Dec/2021:10:09:53 +0800] "GET /xingrg/check_reg.html?_=1638583794293 HTTP/1.1" 200 22
101.85.120.86 - - [04/Dec/2021:10:09:53 +0800] "GET /xingrg/all/function/internal_message.html?_=1638583794296&CODE_STATE=getMsg HTTP/1.1" 200 27
222.70.176.97 - - [04/Dec/2021:10:09:56 +0800] "GET /xingrg/all/function/internal_message.html?_=1638583794947&CODE_STATE=getMsg HTTP/1.1" 200 27
101.85.120.86 - - [04/Dec/2021:10:09:58 +0800] "GET /xingrg/kc/buy/cgsh_order_operate.html?command=get_materiel&rest_code=00142&code=00101008355&supplier_code=00100161&order_time=2021-12-04 HTTP/1.1" 200 408
116.233.78.65 - - [04/Dec/2021:10:09:58 +0800] "GET /xingrg/all/function/internal_message.html?_=1638583800524&CODE_STATE=getMsg HTTP/1.1" 200 27
180.174.250.202 - - [04/Dec/2021:10:10:03 +0800] "GET /xingrg/all/function/internal_message.html?_=1638583804132&CODE_STATE=getMsg HTTP/1.1" 200 27
58.37.8.149 - - [04/Dec/2021:10:10:08 +0800] "GET /xingrg/all/function/internal_message.html?_=1638583629740&CODE_STATE=getMsg HTTP/1.1" 200 27
58.37.8.149 - - [04/Dec/2021:10:10:08 +0800] "GET /xingrg/check_reg.html?_=1638583629741 HTTP/1.1" 200 22
180.169.147.146 - - [04/Dec/2021:10:10:08 +0800] "POST /xingrg/load_menu.html HTTP/1.1" 200 9695
180.169.147.146 - - [04/Dec/2021:10:10:10 +0800] "GET /xingrg/all/report/report_query.html?fileName=dma/new_5.0/menu/menu_category_hz.xml HTTP/1.1" 200 53064
180.169.147.146 - - [04/Dec/2021:10:10:10 +0800] "GET /xingrg/dwr/interface/AjaxReportQueryService.js HTTP/1.1" 200 13203
180.169.147.146 - - [04/Dec/2021:10:10:10 +0800] "GET /xingrg/dwr/util.js HTTP/1.1" 304 -
180.169.147.146 - - [04/Dec/2021:10:10:10 +0800] "GET /xingrg/dwr/engine.js HTTP/1.1" 200 43631
180.169.147.146 - - [04/Dec/2021:10:10:10 +0800] "POST /xingrg/dwr/call/plaincall/AjaxReportQueryService.getFixDate.dwr HTTP/1.1" 200 111
180.169.147.146 - - [04/Dec/2021:10:10:10 +0800] "POST /xingrg/all/common/load_tree.html?tree=area_station_tree_json&manage=1 HTTP/1.1" 200 3364
120.253.135.82 - - [04/Dec/2021:10:10:11 +0800] "GET /xingrg/all/function/internal_message.html?_=1638583589754&CODE_STATE=getMsg HTTP/1.1" 200 27
180.162.114.163 - - [04/Dec/2021:10:10:13 +0800] "GET /xingrg/kc/buy/cgsh_order_operate.html?command=get_materiel&rest_code=00143&code=00101008353&supplier_code=00100161&order_time=2021-12-01 HTTP/1.1" 200 408
101.85.120.86 - - [04/Dec/2021:10:10:13 +0800] "GET /xingrg/kc/buy/cgsh_order_operate.html?command=get_materiel&rest_code=00142&code=00101008024&supplier_code=00100161&order_time=2021-12-04 HTTP/1.1" 200 408
180.169.147.146 - - [04/Dec/2021:10:10:13 +0800] "POST /xingrg/dwr/call/plaincall/AjaxReportQueryService.getFixDate.dwr HTTP/1.1" 200 111
180.169.147.146 - - [04/Dec/2021:10:10:14 +0800] "GET /xingrg/check_reg.html?_=1638583817285 HTTP/1.1" 200 22
180.169.147.146 - - [04/Dec/2021:10:10:14 +0800] "GET /xingrg/all/function/internal_message.html?_=1638583817287&CODE_STATE=getMsg HTTP/1.1" 200 27
180.169.147.146 - - [04/Dec/2021:10:10:15 +0800] "POST /xingrg/dwr/call/plaincall/AjaxReportQueryService.queryInitializeString.dwr HTTP/1.1" 200 1055
172.20.0.100 - - [04/Dec/2021:10:10:19 +0800] "GET /xingrg/all/function/internal_message.html?_=1638583819050&CODE_STATE=getMsg HTTP/1.1" 200 27
114.85.125.222 - - [04/Dec/2021:10:10:24 +0800] "GET /xingrg/all/function/internal_message.html?_=1638583790075&CODE_STATE=getMsg HTTP/1.1" 200 27
180.162.114.163 - - [04/Dec/2021:10:10:24 +0800] "GET /xingrg/kc/buy/cgsh_order_operate.html?command=get_materiel&rest_code=00143&code=00101008351&supplier_code=00100161&order_time=2021-12-01 HTTP/1.1" 200 408
101.85.120.86 - - [04/Dec/2021:10:10:24 +0800] "GET /xingrg/kc/buy/cgsh_order_operate.html?command=get_materiel&rest_code=00142&code=00101008356&supplier_code=00100161&order_time=2021-12-04 HTTP/1.1" 200 408
58.39.139.200 - - [04/Dec/2021:10:10:28 +0800] "GET /xingrg/all/function/internal_message.html?_=1638583829452&CODE_STATE=getMsg HTTP/1.1" 200 27
58.39.139.200 - - [04/Dec/2021:10:10:28 +0800] "GET /xingrg/check_reg.html?_=1638583829455 HTTP/1.1" 200 22
180.169.147.146 - - [04/Dec/2021:10:10:29 +0800] "POST /xingrg/dwr/call/plaincall/AjaxReportQueryService.refreshCache.dwr HTTP/1.1" 200 78
180.169.147.146 - - [04/Dec/2021:10:10:30 +0800] "POST /xingrg/all/report/load_report_page.html HTTP/1.1" 200 13161
180.169.147.146 - - [04/Dec/2021:10:10:30 +0800] "GET /xingrg/servlets/image?cache=0.9187127851798687&image=px HTTP/1.1" 200 807
180.169.147.146 - - [04/Dec/2021:10:10:32 +0800] "GET /xingrg/all/report/report_query.html?isQuery=1&fileName=dma/new_5.0/menu/menu_hz.xml&queryString=(a.sale_day%2520between%252020211101%2520and%252020211130)%2520and%2520(a.sid%2520%253D%25204)%2520and%2520(a.category_id%2520in%2520(40))%2520and%2520(a.category_id%253D40)&queryText=%25E3%2580%2590%25E8%2590%25A5%25E4%25B8%259A%25E6%2597%25A5%25E6%259C%259F%253A2021-11-01%2520%25E8%2587%25B3%25202021-11-30%25E3%2580%2591%2520%25E5%25B9%25B6%25E4%25B8%2594%2520%2520%25E3%2580%2590%25E9%2597%25A8%25E5%25BA%2597%25E5%2590%258D%25E7%25A7%25B0%2520%253D%2520%25E6%2599%25AE%25E9%2599%2580%25E6%25A6%2595%25E6%25B8%25AF1_4%25E3%2580%2591%2520%25E5%25B9%25B6%25E4%25B8%2594%2520%2520%25E3%2580%2590%25E8%258F%259C%25E5%2593%2581%25E7%25B1%25BB%25E5%2588%25AB%2520%253D%2520%25E8%2590%25A5%25E9%2594%2580%25E6%25B4%25BB%25E5%258A%25A8%25E3%2580%2591%2520%25E5%25B9%25B6%25E4%25B8%2594%2520%25E3%2580%2590%25E8%258F%259C%25E5%2593%2581%25E7%25B1%25BB%25E5%2588%25AB%2520%253D%2520%25E8%2590%25A5%25E9%2594%2580%25E6%25B4%25BB%25E5%258A%25A8%25E3%2580%2591 HTTP/1.1" 200 54206
58.39.139.200 - - [04/Dec/2021:10:10:32 +0800] "GET /xingrg/check_reg.html?_=1638583770314 HTTP/1.1" 200 22
58.39.139.200 - - [04/Dec/2021:10:10:32 +0800] "GET /xingrg/all/function/internal_message.html?_=1638583770317&CODE_STATE=getMsg HTTP/1.1" 200 27
180.169.147.146 - - [04/Dec/2021:10:10:32 +0800] "GET /xingrg/dwr/engine.js HTTP/1.1" 200 43631
180.169.147.146 - - [04/Dec/2021:10:10:32 +0800] "GET /favicon.ico HTTP/1.1" 404 -
180.169.147.146 - - [04/Dec/2021:10:10:32 +0800] "POST /xingrg/all/report/load_report_page.html HTTP/1.1" 200 50146
180.169.147.146 - - [04/Dec/2021:10:10:32 +0800] "GET /xingrg/servlets/image?cache=0.5321831250899856&image=px HTTP/1.1" 200 807
172.20.0.100 - - [04/Dec/2021:10:10:34 +0800] "GET /xingrg/check_reg.html?_=1638583833845 HTTP/1.1" 200 22
172.20.0.100 - - [04/Dec/2021:10:10:34 +0800] "GET /xingrg/all/function/internal_message.html?_=1638583833846&CODE_STATE=getMsg HTTP/1.1" 200 27
180.162.114.163 - - [04/Dec/2021:10:10:34 +0800] "GET /xingrg/all/function/internal_message.html?_=1638583296188&CODE_STATE=getMsg HTTP/1.1" 200 27
114.84.2.174 - - [04/Dec/2021:10:10:35 +0800] "POST /xingrg/services/DataTransmitService HTTP/1.1" 200 524
114.84.2.174 - - [04/Dec/2021:10:10:36 +0800] "POST /xingrg/services/DataTransmitService HTTP/1.1" 200 2419
58.40.7.146 - - [04/Dec/2021:10:10:37 +0800] "GET /xingrg/login.html HTTP/1.1" 200 7641
58.40.7.146 - - [04/Dec/2021:10:10:37 +0800] "GET /xingrg/images/blue/jxLogo.png HTTP/1.1" 200 6156
101.85.120.86 - - [04/Dec/2021:10:10:38 +0800] "GET /xingrg/kc/buy/cgsh_order_operate.html?command=get_materiel&rest_code=00142&code=00101008286&supplier_code=00100161&order_time=2021-12-04 HTTP/1.1" 200 408
58.40.7.146 - - [04/Dec/2021:10:10:38 +0800] "GET /xingrg/images/blue/hj.png HTTP/1.1" 200 1014
58.40.7.146 - - [04/Dec/2021:10:10:38 +0800] "GET /xingrg/images/blue/login_bg.png HTTP/1.1" 200 22101
58.40.7.146 - - [04/Dec/2021:10:10:38 +0800] "GET /xingrg/images/blue/srbg.png HTTP/1.1" 200 138
58.40.7.146 - - [04/Dec/2021:10:10:38 +0800] "GET /favicon.ico HTTP/1.1" 404 -
58.37.8.149 - - [04/Dec/2021:10:10:39 +0800] "GET /xingrg/kc/buy/cgsh_order_add.html HTTP/1.1" 200 65150
58.37.8.149 - - [04/Dec/2021:10:10:40 +0800] "POST /xingrg/kc/buy/cgsh_order_operate.html HTTP/1.1" 200 8245
58.37.8.149 - - [04/Dec/2021:10:10:40 +0800] "GET /xingrg/javascript/easyui/themes/default/validatebox.css HTTP/1.1" 404 1104
222.70.171.86 - - [04/Dec/2021:10:10:40 +0800] "GET /xingrg/check_reg.html?_=1638583838130 HTTP/1.1" 200 22
222.70.171.86 - - [04/Dec/2021:10:10:40 +0800] "GET /xingrg/all/function/internal_message.html?_=1638583838420&CODE_STATE=getMsg HTTP/1.1" 200 27
58.40.7.146 - - [04/Dec/2021:10:10:46 +0800] "POST /xingrg/login.do HTTP/1.1" 302 -
58.40.7.146 - - [04/Dec/2021:10:10:46 +0800] "GET /xingrg/javascript/jquery_easy_ui/themes/icon.css HTTP/1.1" 200 3949
58.40.7.146 - - [04/Dec/2021:10:10:46 +0800] "GET /xingrg/index.html?sysBaseUrl=http%3A%2F%2F180.169.147.146%3A18081%2Fxingrg%2F&costTime=120×tamp=1638583846119 HTTP/1.1" 200 17419
58.40.7.146 - - [04/Dec/2021:10:10:46 +0800] "GET /xingrg/css/form.css HTTP/1.1" 200 893
58.40.7.146 - - [04/Dec/2021:10:10:46 +0800] "GET /xingrg/javascript/jquery_easy_ui/jquery.easyui.min.js HTTP/1.1" 200 213662
58.40.7.146 - - [04/Dec/2021:10:10:46 +0800] "GET /xingrg/javascript/jquery-1.4.2.min.js HTTP/1.1" 200 72205
58.40.7.146 - - [04/Dec/2021:10:10:46 +0800] "GET /xingrg/javascript/jquery_easy_ui/easyui-lang-zh_CN.js HTTP/1.1" 200 1900
58.40.7.146 - - [04/Dec/2021:10:10:46 +0800] "GET /xingrg/javascript/jquery_easy_ui/themes/default/easyui.css HTTP/1.1" 200 26500
58.40.7.146 - - [04/Dec/2021:10:10:46 +0800] "GET /xingrg/javascript/jquery.form.js HTTP/1.1" 200 23110
58.40.7.146 - - [04/Dec/2021:10:10:46 +0800] "GET /xingrg/javascript/jquery.utils.js HTTP/1.1" 200 11805
58.40.7.146 - - [04/Dec/2021:10:10:46 +0800] "GET /xingrg/javascript/jquery.timers.js HTTP/1.1" 200 3532
58.40.7.146 - - [04/Dec/2021:10:10:46 +0800] "GET /favicon.ico HTTP/1.1" 404 -
58.40.7.146 - - [04/Dec/2021:10:10:46 +0800] "GET /xingrg/javascript/jquery_easy_ui/themes/icons/settle_new.png HTTP/1.1" 200 826
58.40.7.146 - - [04/Dec/2021:10:10:46 +0800] "GET /xingrg/images/blue/navBackgound.jpg HTTP/1.1" 200 12378
58.40.7.146 - - [04/Dec/2021:10:10:46 +0800] "POST /xingrg/all/common/load_tree.html?tree=area_rest_tree_json&manage=1 HTTP/1.1" 200 476
58.40.7.146 - - [04/Dec/2021:10:10:46 +0800] "GET /xingrg/check_reg.html?_=1638583849278 HTTP/1.1" 200 22
58.40.7.146 - - [04/Dec/2021:10:10:46 +0800] "GET /xingrg/images/blue/pingpu.png HTTP/1.1" 200 231
58.40.7.146 - - [04/Dec/2021:10:10:46 +0800] "GET /xingrg/javascript/jquery_easy_ui/themes/default/images/tabs_leftarrow.png HTTP/1.1" 200 389
58.40.7.146 - - [04/Dec/2021:10:10:46 +0800] "GET /xingrg/javascript/jquery_easy_ui/themes/default/images/tabs_rightarrow.png HTTP/1.1" 200 395
58.40.7.146 - - [04/Dec/2021:10:10:46 +0800] "GET /xingrg/javascript/jquery_easy_ui/themes/default/images/panel_tool_collapse.gif HTTP/1.1" 200 246
58.40.7.146 - - [04/Dec/2021:10:10:46 +0800] "GET /xingrg/javascript/jquery_easy_ui/themes/default/images/panel_tool_expand.gif HTTP/1.1" 200 247
58.40.7.146 - - [04/Dec/2021:10:10:46 +0800] "GET /xingrg/all/function/internal_message.html?_=1638583849278&CODE_STATE=count HTTP/1.1" 200 11
58.40.7.146 - - [04/Dec/2021:10:10:46 +0800] "POST /xingrg/load_menu.html HTTP/1.1" 200 9959
58.40.7.146 - - [04/Dec/2021:10:10:46 +0800] "GET /xingrg/javascript/jquery_easy_ui/themes/default/images/tree_arrows.gif HTTP/1.1" 200 1043
58.40.7.146 - - [04/Dec/2021:10:10:46 +0800] "GET /xingrg/javascript/jquery_easy_ui/themes/default/images/tree_folder_open.gif HTTP/1.1" 200 956
58.40.7.146 - - [04/Dec/2021:10:10:46 +0800] "GET /xingrg/javascript/jquery_easy_ui/themes/icons/search_new.png HTTP/1.1" 200 586
58.40.7.146 - - [04/Dec/2021:10:10:46 +0800] "GET /xingrg/javascript/jquery_easy_ui/themes/default/images/tree_folder.gif HTTP/1.1" 200 952
58.40.7.146 - - [04/Dec/2021:10:10:46 +0800] "GET /xingrg/javascript/jquery_easy_ui/themes/icons/storage_new.png HTTP/1.1" 200 853
58.40.7.146 - - [04/Dec/2021:10:10:46 +0800] "GET /xingrg/javascript/jquery_easy_ui/themes/icons/checkout_new.png HTTP/1.1" 200 744
58.40.7.146 - - [04/Dec/2021:10:10:46 +0800] "GET /xingrg/javascript/jquery_easy_ui/themes/icons/forms_new.png HTTP/1.1" 200 350
58.40.7.146 - - [04/Dec/2021:10:10:46 +0800] "GET /xingrg/javascript/jquery_easy_ui/themes/icons/setting_new.png HTTP/1.1" 200 450
58.40.7.146 - - [04/Dec/2021:10:10:46 +0800] "GET /xingrg/javascript/jquery_easy_ui/themes/icons/systemset_new.png HTTP/1.1" 200 606
58.40.7.146 - - [04/Dec/2021:10:10:46 +0800] "GET /xingrg/javascript/jquery_easy_ui/themes/default/images/tree_file.gif HTTP/1.1" 200 118
114.83.217.40 - - [04/Dec/2021:10:10:50 +0800] "GET /xingrg/all/function/internal_message.html?_=1638583850848&CODE_STATE=getMsg HTTP/1.1" 200 27
58.40.7.146 - - [04/Dec/2021:10:10:51 +0800] "POST /xingrg/load_menu.html HTTP/1.1" 200 9242
101.85.120.86 - - [04/Dec/2021:10:10:53 +0800] "GET /xingrg/all/function/internal_message.html?_=1638583854303&CODE_STATE=getMsg HTTP/1.1" 200 27
58.40.7.146 - - [04/Dec/2021:10:10:54 +0800] "GET /xingrg/javascript/jquery_easy_ui/themes/default/images/tabs_close.gif HTTP/1.1" 200 829
58.40.7.146 - - [04/Dec/2021:10:10:54 +0800] "GET /xingrg/all/report/report_query.html?fileName=dma/new_5.0/yingye/order_list.xml HTTP/1.1" 200 55281
58.40.7.146 - - [04/Dec/2021:10:10:54 +0800] "GET /xingrg/javascript/multi_select/jqueryMultiSelect.css HTTP/1.1" 200 951
58.40.7.146 - - [04/Dec/2021:10:10:54 +0800] "GET /xingrg/css/blue.css HTTP/1.1" 200 15949
58.40.7.146 - - [04/Dec/2021:10:10:54 +0800] "GET /xingrg/javascript/calendar/timePicker.css HTTP/1.1" 200 523
58.40.7.146 - - [04/Dec/2021:10:10:54 +0800] "GET /xingrg/javascript/bigrid/fix.css HTTP/1.1" 200 1702
58.40.7.146 - - [04/Dec/2021:10:10:54 +0800] "GET /xingrg/javascript/pic_change.js HTTP/1.1" 200 4739
58.40.7.146 - - [04/Dec/2021:10:10:54 +0800] "GET /xingrg/dwr/interface/AjaxReportQueryService.js HTTP/1.1" 200 13203
58.40.7.146 - - [04/Dec/2021:10:10:54 +0800] "GET /xingrg/dwr/util.js HTTP/1.1" 200 35990
58.40.7.146 - - [04/Dec/2021:10:10:54 +0800] "GET /xingrg/javascript/myfunction.js HTTP/1.1" 200 24559
58.40.7.146 - - [04/Dec/2021:10:10:55 +0800] "GET /xingrg/javascript/calendar/jquery.timePicker.min.js HTTP/1.1" 200 2997
58.40.7.146 - - [04/Dec/2021:10:10:55 +0800] "GET /xingrg/javascript/jqueryMultiSelect.js HTTP/1.1" 200 11866
58.40.7.146 - - [04/Dec/2021:10:10:55 +0800] "GET /xingrg/dwr/engine.js HTTP/1.1" 200 43631
58.40.7.146 - - [04/Dec/2021:10:10:55 +0800] "GET /xingrg/javascript/bigrid/fix.js HTTP/1.1" 200 6439
58.40.7.146 - - [04/Dec/2021:10:10:55 +0800] "GET /xingrg/javascript/Calendar.js HTTP/1.1" 200 31561
58.40.7.146 - - [04/Dec/2021:10:10:55 +0800] "GET /xingrg/images/blue/button/advanceover.gif HTTP/1.1" 200 1347
58.40.7.146 - - [04/Dec/2021:10:10:55 +0800] "GET /xingrg/images/blue/button/advance2over.gif HTTP/1.1" 200 1336
58.40.7.146 - - [04/Dec/2021:10:10:55 +0800] "GET /xingrg/images/blue/button/back2over.gif HTTP/1.1" 200 1335
58.40.7.146 - - [04/Dec/2021:10:10:55 +0800] "GET /xingrg/images/blue/button/backover.gif HTTP/1.1" 200 1348
58.40.7.146 - - [04/Dec/2021:10:10:55 +0800] "GET /xingrg/images/control/loading.gif HTTP/1.1" 200 13463
58.40.7.146 - - [04/Dec/2021:10:10:55 +0800] "GET /xingrg/javascript/jquery_easy_ui/themes/default/images/menu_downarrow.png HTTP/1.1" 200 173
58.40.7.146 - - [04/Dec/2021:10:10:55 +0800] "GET /xingrg/javascript/jquery_easy_ui/themes/icons/help.png HTTP/1.1" 200 1187
58.40.7.146 - - [04/Dec/2021:10:10:55 +0800] "GET /xingrg/javascript/jquery_easy_ui/themes/default/images/button_a_bg.gif HTTP/1.1" 200 1194
58.40.7.146 - - [04/Dec/2021:10:10:55 +0800] "GET /xingrg/javascript/jquery_easy_ui/themes/default/images/menu.gif HTTP/1.1" 200 834
58.40.7.146 - - [04/Dec/2021:10:10:55 +0800] "GET /xingrg/javascript/jquery_easy_ui/themes/icons/print.png HTTP/1.1" 200 1057
58.40.7.146 - - [04/Dec/2021:10:10:55 +0800] "GET /xingrg/javascript/jquery_easy_ui/themes/icons/pencil.png HTTP/1.1" 200 713
58.40.7.146 - - [04/Dec/2021:10:10:55 +0800] "GET /xingrg/javascript/jquery_easy_ui/themes/default/images/menu_rightarrow.png HTTP/1.1" 200 3617
58.40.7.146 - - [04/Dec/2021:10:10:55 +0800] "POST /xingrg/dwr/call/plaincall/AjaxReportQueryService.getFixDate.dwr HTTP/1.1" 200 111
58.40.7.146 - - [04/Dec/2021:10:10:55 +0800] "GET /xingrg/javascript/jquery_easy_ui/themes/default/images/combo_arrow_dot.gif HTTP/1.1" 200 79
58.40.7.146 - - [04/Dec/2021:10:10:55 +0800] "POST /xingrg/all/common/load_tree.html?tree=area_station_tree_json&manage=1 HTTP/1.1" 200 468
58.40.7.146 - - [04/Dec/2021:10:10:55 +0800] "GET /xingrg/javascript/jquery_easy_ui/themes/default/images/tree_checkbox_0.gif HTTP/1.1" 200 168
58.40.7.146 - - [04/Dec/2021:10:10:55 +0800] "GET /xingrg/javascript/jquery_easy_ui/themes/icons/rest.png HTTP/1.1" 200 695
58.40.7.146 - - [04/Dec/2021:10:10:55 +0800] "GET /xingrg/javascript/jquery_easy_ui/themes/icons/area.png HTTP/1.1" 200 262
58.40.7.146 - - [04/Dec/2021:10:10:55 +0800] "POST /xingrg/dwr/call/plaincall/AjaxReportQueryService.getInitString.dwr HTTP/1.1" 200 76
58.40.7.146 - - [04/Dec/2021:10:10:55 +0800] "GET /xingrg/javascript/multi_select/dropdown.gif HTTP/1.1" 200 61
58.37.8.149 - - [04/Dec/2021:10:10:56 +0800] "GET /xingrg/kc/buy/cgsh_order_operate.html?command=get_materiel&rest_code=00141&code=00101007032&supplier_code=00100004&order_time=2021-12-04 HTTP/1.1" 200 413
222.70.176.97 - - [04/Dec/2021:10:10:56 +0800] "GET /xingrg/all/function/internal_message.html?_=1638583854947&CODE_STATE=getMsg HTTP/1.1" 200 27
101.85.120.86 - - [04/Dec/2021:10:10:57 +0800] "GET /xingrg/kc/buy/cgsh_order_operate.html?command=get_materiel&rest_code=00142&code=00101008353&supplier_code=00100161&order_time=2021-12-04 HTTP/1.1" 200 408
58.40.7.146 - - [04/Dec/2021:10:10:57 +0800] "POST /xingrg/dwr/call/plaincall/AjaxReportQueryService.getFixDate.dwr HTTP/1.1" 200 111
116.233.78.65 - - [04/Dec/2021:10:10:58 +0800] "GET /xingrg/all/function/internal_message.html?_=1638583860523&CODE_STATE=getMsg HTTP/1.1" 200 27
116.233.78.65 - - [04/Dec/2021:10:10:58 +0800] "GET /xingrg/check_reg.html?_=1638583860527 HTTP/1.1" 200 22
58.40.7.146 - - [04/Dec/2021:10:11:00 +0800] "GET /xingrg/javascript/jquery_easy_ui/themes/default/images/tree_checkbox_2.gif HTTP/1.1" 200 181
58.40.7.146 - - [04/Dec/2021:10:11:00 +0800] "GET /xingrg/javascript/jquery_easy_ui/themes/default/images/tree_checkbox_1.gif HTTP/1.1" 200 174
58.40.7.146 - - [04/Dec/2021:10:11:00 +0800] "POST /xingrg/dwr/call/plaincall/AjaxReportQueryService.queryInitializeString.dwr HTTP/1.1" 200 227
58.40.7.146 - - [04/Dec/2021:10:11:02 +0800] "POST /xingrg/dwr/call/plaincall/AjaxReportQueryService.refreshCache.dwr HTTP/1.1" 200 78
58.40.7.146 - - [04/Dec/2021:10:11:03 +0800] "POST /xingrg/all/report/load_report_page.html HTTP/1.1" 200 196713
58.40.7.146 - - [04/Dec/2021:10:11:03 +0800] "GET /xingrg/images/blue/button/back2.gif HTTP/1.1" 200 1339
58.40.7.146 - - [04/Dec/2021:10:11:03 +0800] "GET /xingrg/images/blue/button/back.gif HTTP/1.1" 200 1352
58.40.7.146 - - [04/Dec/2021:10:11:03 +0800] "GET /xingrg/servlets/image?cache=0.6468072137973578&image=px HTTP/1.1" 200 807
180.174.250.202 - - [04/Dec/2021:10:11:03 +0800] "GET /xingrg/all/function/internal_message.html?_=1638583864146&CODE_STATE=getMsg HTTP/1.1" 200 27
58.37.8.149 - - [04/Dec/2021:10:11:08 +0800] "GET /xingrg/all/function/internal_message.html?_=1638583689748&CODE_STATE=getMsg HTTP/1.1" 200 27
120.253.135.82 - - [04/Dec/2021:10:11:11 +0800] "GET /xingrg/all/function/internal_message.html?_=1638583649823&CODE_STATE=getMsg HTTP/1.1" 200 27
101.85.120.86 - - [04/Dec/2021:10:11:11 +0800] "GET /xingrg/kc/buy/cgsh_order_operate.html?command=get_materiel&rest_code=00142&code=00101008351&supplier_code=00100161&order_time=2021-12-04 HTTP/1.1" 200 408
58.37.8.149 - - [04/Dec/2021:10:11:12 +0800] "GET /xingrg/kc/buy/cgsh_order_operate.html?command=get_materiel&rest_code=00141&code=00101007061&supplier_code=00100004&order_time=2021-12-04 HTTP/1.1" 200 409
180.169.147.146 - - [04/Dec/2021:10:11:14 +0800] "GET /xingrg/all/function/internal_message.html?_=1638583877273&CODE_STATE=getMsg HTTP/1.1" 200 27
172.20.0.100 - - [04/Dec/2021:10:11:19 +0800] "GET /xingrg/all/function/internal_message.html?_=1638583879055&CODE_STATE=getMsg HTTP/1.1" 200 27
101.85.120.86 - - [04/Dec/2021:10:11:23 +0800] "GET /xingrg/kc/buy/cgsh_order_operate.html?command=get_materiel&rest_code=00142&code=00101008366&supplier_code=00100161&order_time=2021-12-04 HTTP/1.1" 200 408
114.85.125.222 - - [04/Dec/2021:10:11:24 +0800] "GET /xingrg/all/function/internal_message.html?_=1638583850104&CODE_STATE=getMsg HTTP/1.1" 200 27
180.162.114.163 - - [04/Dec/2021:10:11:26 +0800] "GET /xingrg/kc/buy/cgsh_order_operate.html?command=get_materiel&rest_code=00143&code=00101008234&supplier_code=00100161&order_time=2021-12-01 HTTP/1.1" 200 408
58.39.139.200 - - [04/Dec/2021:10:11:28 +0800] "GET /xingrg/all/function/internal_message.html?_=1638583889462&CODE_STATE=getMsg HTTP/1.1" 200 27
58.39.139.200 - - [04/Dec/2021:10:11:32 +0800] "GET /xingrg/all/function/internal_message.html?_=1638583830317&CODE_STATE=getMsg HTTP/1.1" 200 27
114.84.2.174 - - [04/Dec/2021:10:11:32 +0800] "POST /xingrg/services/DataTransmitService HTTP/1.1" 200 524
58.37.8.149 - - [04/Dec/2021:10:11:33 +0800] "GET /xingrg/kc/buy/cgsh_order_operate.html?command=get_materiel&rest_code=00141&code=00101007084&supplier_code=00100004&order_time=2021-12-04 HTTP/1.1" 200 417
172.20.0.100 - - [04/Dec/2021:10:11:34 +0800] "GET /xingrg/all/function/internal_message.html?_=1638583893853&CODE_STATE=getMsg HTTP/1.1" 200 27
180.162.114.163 - - [04/Dec/2021:10:11:34 +0800] "GET /xingrg/all/function/internal_message.html?_=1638583356188&CODE_STATE=getMsg HTTP/1.1" 200 27
114.84.2.174 - - [04/Dec/2021:10:11:37 +0800] "POST /xingrg/services/DataTransmitService HTTP/1.1" 200 501
58.35.210.86 - - [04/Dec/2021:10:11:37 +0800] "POST /xingrg/services/DataTransmitService HTTP/1.1" 200 524
58.35.210.86 - - [04/Dec/2021:10:11:37 +0800] "POST /xingrg/services/DataTransmitService HTTP/1.1" 200 1971
58.35.210.86 - - [04/Dec/2021:10:11:38 +0800] "POST /xingrg/services/DataTransmitService HTTP/1.1" 200 57771
101.85.120.86 - - [04/Dec/2021:10:11:40 +0800] "GET /xingrg/kc/buy/cgsh_order_operate.html?command=get_materiel&rest_code=00142&code=00101008350&supplier_code=00100161&order_time=2021-12-04 HTTP/1.1" 200 408
114.84.2.174 - - [04/Dec/2021:10:11:40 +0800] "POST /xingrg/services/DataTransmitService HTTP/1.1" 200 524
222.70.171.86 - - [04/Dec/2021:10:11:40 +0800] "GET /xingrg/all/function/internal_message.html?_=1638583898433&CODE_STATE=getMsg HTTP/1.1" 200 27
58.35.210.86 - - [04/Dec/2021:10:11:44 +0800] "POST /xingrg/services/DataTransmitService HTTP/1.1" 200 524
58.35.210.86 - - [04/Dec/2021:10:11:45 +0800] "POST /xingrg/services/DataTransmitService HTTP/1.1" 200 497
58.35.210.86 - - [04/Dec/2021:10:11:45 +0800] "POST /xingrg/services/DataTransmitService HTTP/1.1" 200 524
58.35.210.86 - - [04/Dec/2021:10:11:46 +0800] "POST /xingrg/services/DataTransmitService HTTP/1.1" 200 501
58.40.7.146 - - [04/Dec/2021:10:11:46 +0800] "GET /xingrg/all/function/internal_message.html?_=1638583909293&CODE_STATE=getMsg HTTP/1.1" 200 27
180.162.114.163 - - [04/Dec/2021:10:11:47 +0800] "GET /xingrg/kc/buy/cgsh_order_operate.html?command=get_materiel&rest_code=00143&code=00101008264&supplier_code=00100161&order_time=2021-12-01 HTTP/1.1" 200 412
101.85.120.86 - - [04/Dec/2021:10:11:50 +0800] "GET /xingrg/kc/buy/cgsh_order_operate.html?command=get_materiel&rest_code=00142&code=00101008312&supplier_code=00100161&order_time=2021-12-04 HTTP/1.1" 200 412
114.83.217.40 - - [04/Dec/2021:10:11:50 +0800] "GET /xingrg/all/function/internal_message.html?_=1638583910844&CODE_STATE=getMsg HTTP/1.1" 200 27
101.85.120.86 - - [04/Dec/2021:10:11:53 +0800] "GET /xingrg/all/function/internal_message.html?_=1638583914291&CODE_STATE=getMsg HTTP/1.1" 200 27
101.85.120.86 - - [04/Dec/2021:10:11:55 +0800] "POST /xingrg/kc/buy/cgsh_order_operate.html HTTP/1.1" 200 2065
222.70.176.97 - - [04/Dec/2021:10:11:56 +0800] "GET /xingrg/all/function/internal_message.html?_=1638583914947&CODE_STATE=getMsg HTTP/1.1" 200 27
222.70.176.97 - - [04/Dec/2021:10:11:56 +0800] "GET /xingrg/check_reg.html?_=1638583914950 HTTP/1.1" 200 22
116.233.78.65 - - [04/Dec/2021:10:11:58 +0800] "GET /xingrg/all/function/internal_message.html?_=1638583919789&CODE_STATE=getMsg HTTP/1.1" 200 27
58.37.8.149 - - [04/Dec/2021:10:12:00 +0800] "POST /xingrg/kc/buy/cgsh_order_operate.html HTTP/1.1" 200 37
114.84.2.174 - - [04/Dec/2021:10:12:02 +0800] "POST /xingrg/services/DataTransmitService HTTP/1.1" 200 501
101.85.120.86 - - [04/Dec/2021:10:12:02 +0800] "GET /xingrg/kc/buy/cgsh_order_operate.html?command=get_materiel&rest_code=00142&code=00101008264&supplier_code=00100161&order_time=2021-12-04 HTTP/1.1" 200 412
114.84.2.174 - - [04/Dec/2021:10:12:02 +0800] "POST /xingrg/services/DataTransmitService HTTP/1.1" 200 501
180.174.250.202 - - [04/Dec/2021:10:12:04 +0800] "GET /xingrg/all/function/internal_message.html?_=1638583924459&CODE_STATE=getMsg HTTP/1.1" 200 27
114.84.2.174 - - [04/Dec/2021:10:12:04 +0800] "POST /xingrg/services/DataTransmitService HTTP/1.1" 200 501
58.37.8.149 - - [04/Dec/2021:10:12:05 +0800] "POST /xingrg/kc/buy/cgsh_order_operate.html HTTP/1.1" 200 12
58.37.8.149 - - [04/Dec/2021:10:12:06 +0800] "GET /xingrg/kc/buy/cgsh_order_info.html?code=212021120401248 HTTP/1.1" 200 60059
58.37.8.149 - - [04/Dec/2021:10:12:07 +0800] "GET /xingrg/javascript/easyui/themes/default/validatebox.css HTTP/1.1" 404 1104
114.84.2.174 - - [04/Dec/2021:10:12:07 +0800] "POST /xingrg/services/DataTransmitService HTTP/1.1" 200 501
58.37.8.149 - - [04/Dec/2021:10:12:08 +0800] "GET /xingrg/all/function/internal_message.html?_=1638583749750&CODE_STATE=getMsg HTTP/1.1" 200 27
58.37.8.149 - - [04/Dec/2021:10:12:08 +0800] "POST /xingrg/kc/buy/cgsh_order_operate.html HTTP/1.1" 200 1790
114.84.2.174 - - [04/Dec/2021:10:12:08 +0800] "POST /xingrg/services/DataTransmitService HTTP/1.1" 200 501
180.162.114.163 - - [04/Dec/2021:10:12:08 +0800] "GET /xingrg/kc/buy/cgsh_order_operate.html?command=get_materiel&rest_code=00143&code=00101008169&supplier_code=00100161&order_time=2021-12-01 HTTP/1.1" 200 412
114.84.2.174 - - [04/Dec/2021:10:12:08 +0800] "POST /xingrg/services/DataTransmitService HTTP/1.1" 200 501
58.37.8.149 - - [04/Dec/2021:10:12:09 +0800] "GET /xingrg/kc/print/load_data.html?order_code=212021120401248&kc_code=cgsh&condition= HTTP/1.1" 200 1214
114.84.2.174 - - [04/Dec/2021:10:12:09 +0800] "POST /xingrg/services/DataTransmitService HTTP/1.1" 200 501
114.84.2.174 - - [04/Dec/2021:10:12:10 +0800] "POST /xingrg/services/DataTransmitService HTTP/1.1" 200 501
114.84.2.174 - - [04/Dec/2021:10:12:10 +0800] "POST /xingrg/services/DataTransmitService HTTP/1.1" 200 501
120.253.135.82 - - [04/Dec/2021:10:12:11 +0800] "GET /xingrg/all/function/internal_message.html?_=1638583709827&CODE_STATE=getMsg HTTP/1.1" 200 27
114.84.2.174 - - [04/Dec/2021:10:12:11 +0800] "POST /xingrg/services/DataTransmitService HTTP/1.1" 200 412
116.233.78.65 - - [04/Dec/2021:10:12:11 +0800] "GET /xingrg/kc/buy/cgsh_order_operate.html?command=get_materiel&rest_code=00109&code=00101008306&supplier_code=00100005&order_time=2021-12-04 HTTP/1.1" 200 412
101.85.120.86 - - [04/Dec/2021:10:12:14 +0800] "GET /xingrg/kc/buy/cgsh_order_operate.html?command=get_materiel&rest_code=00142&code=00101008298&supplier_code=00100161&order_time=2021-12-04 HTTP/1.1" 200 412
180.169.147.146 - - [04/Dec/2021:10:12:14 +0800] "GET /xingrg/all/function/internal_message.html?_=1638583937275&CODE_STATE=getMsg HTTP/1.1" 200 27
58.37.8.149 - - [04/Dec/2021:10:12:16 +0800] "GET /xingrg/kc/buy/cgsh_order_add.html HTTP/1.1" 200 65150
58.37.8.149 - - [04/Dec/2021:10:12:17 +0800] "POST /xingrg/kc/buy/cgsh_order_operate.html HTTP/1.1" 200 8245
58.37.8.149 - - [04/Dec/2021:10:12:17 +0800] "GET /xingrg/javascript/easyui/themes/default/validatebox.css HTTP/1.1" 404 1104
180.162.114.163 - - [04/Dec/2021:10:12:18 +0800] "POST /xingrg/kc/buy/cgsh_order_operate.html HTTP/1.1" 200 2065
172.20.0.100 - - [04/Dec/2021:10:12:19 +0800] "GET /xingrg/all/function/internal_message.html?_=1638583939060&CODE_STATE=getMsg HTTP/1.1" 200 27
114.85.125.222 - - [04/Dec/2021:10:12:24 +0800] "GET /xingrg/all/function/internal_message.html?_=1638583910118&CODE_STATE=getMsg HTTP/1.1" 200 27
101.85.120.86 - - [04/Dec/2021:10:12:25 +0800] "GET /xingrg/kc/buy/cgsh_order_operate.html?command=get_materiel&rest_code=00142&code=00101008354&supplier_code=00100161&order_time=2021-12-04 HTTP/1.1" 200 412
58.39.139.200 - - [04/Dec/2021:10:12:28 +0800] "GET /xingrg/all/function/internal_message.html?_=1638583949449&CODE_STATE=getMsg HTTP/1.1" 200 27
116.233.78.65 - - [04/Dec/2021:10:12:30 +0800] "GET /xingrg/kc/buy/cgsh_order_operate.html?command=get_materiel&rest_code=00109&code=00101008242&supplier_code=00100005&order_time=2021-12-04 HTTP/1.1" 200 408
58.39.139.200 - - [04/Dec/2021:10:12:32 +0800] "GET /xingrg/all/function/internal_message.html?_=1638583890318&CODE_STATE=getMsg HTTP/1.1" 200 27
180.162.114.163 - - [04/Dec/2021:10:12:32 +0800] "GET /xingrg/kc/buy/cgsh_order_operate.html?command=get_materiel&rest_code=00143&code=00101008137&supplier_code=00100161&order_time=2021-12-01 HTTP/1.1" 200 408
