116.238.248.233 - - [04/Dec/2021:11:12:10 +0800] "GET /xingrg/all/function/internal_message.html?_=1638587531681&CODE_STATE=getMsg HTTP/1.1" 200 27
120.253.135.82 - - [04/Dec/2021:11:12:12 +0800] "GET /xingrg/all/function/internal_message.html?_=1638587522819&CODE_STATE=getMsg HTTP/1.1" 200 27
120.253.135.82 - - [04/Dec/2021:11:12:12 +0800] "GET /xingrg/kc/base/check_order_list.html HTTP/1.1" 200 16384
120.253.135.82 - - [04/Dec/2021:11:12:12 +0800] "POST /xingrg/kc/base/check_list_operate.html HTTP/1.1" 200 4724
120.253.135.82 - - [04/Dec/2021:11:12:13 +0800] "GET /xingrg/kc/report/report_main.html HTTP/1.1" 200 8599
120.253.135.82 - - [04/Dec/2021:11:12:17 +0800] "GET /xingrg/all/function/internal_message.html?_=1638587316328&CODE_STATE=getMsg HTTP/1.1" 200 27
172.20.0.100 - - [04/Dec/2021:11:12:19 +0800] "GET /xingrg/all/function/internal_message.html?_=1638587539048&CODE_STATE=getMsg HTTP/1.1" 200 27
116.227.210.113 - - [04/Dec/2021:11:12:21 +0800] "GET /xingrg/all/function/internal_message.html?_=1638587540641&CODE_STATE=getMsg HTTP/1.1" 200 27
222.70.171.86 - - [04/Dec/2021:11:12:21 +0800] "GET /xingrg/kc/buy/cgsh_order_operate.html?command=get_materiel&rest_code=00146&code=00101008069&supplier_code=00100005&order_time=2021-12-04 HTTP/1.1" 200 412
180.169.147.146 - - [04/Dec/2021:11:12:22 +0800] "GET /xingrg/check_reg.html?_=1638587545160 HTTP/1.1" 200 22
180.169.147.146 - - [04/Dec/2021:11:12:22 +0800] "GET /xingrg/all/function/internal_message.html?_=1638587545162&CODE_STATE=getMsg HTTP/1.1" 200 27
114.85.125.222 - - [04/Dec/2021:11:12:25 +0800] "GET /xingrg/all/function/internal_message.html?_=1638587511028&CODE_STATE=getMsg HTTP/1.1" 200 27
58.39.139.200 - - [04/Dec/2021:11:12:28 +0800] "GET /xingrg/all/function/internal_message.html?_=1638587549509&CODE_STATE=getMsg HTTP/1.1" 200 27
180.174.250.202 - - [04/Dec/2021:11:12:32 +0800] "GET /xingrg/all/function/internal_message.html?_=1638587560435&CODE_STATE=getMsg HTTP/1.1" 200 27
58.39.139.200 - - [04/Dec/2021:11:12:32 +0800] "GET /xingrg/all/function/internal_message.html?_=1638587490385&CODE_STATE=getMsg HTTP/1.1" 200 27
180.162.114.163 - - [04/Dec/2021:11:12:34 +0800] "GET /xingrg/all/function/internal_message.html?_=1638587016278&CODE_STATE=getMsg HTTP/1.1" 200 27
180.162.114.163 - - [04/Dec/2021:11:12:34 +0800] "GET /xingrg/check_reg.html?_=1638587016281 HTTP/1.1" 200 22
180.157.253.6 - - [04/Dec/2021:11:12:35 +0800] "GET /xingrg/all/function/internal_message.html?_=1638587559386&CODE_STATE=getMsg HTTP/1.1" 200 27
222.70.171.86 - - [04/Dec/2021:11:12:41 +0800] "GET /xingrg/all/function/internal_message.html?_=1638587559403&CODE_STATE=getMsg HTTP/1.1" 200 27
172.20.0.100 - - [04/Dec/2021:11:12:42 +0800] "GET /xingrg/all/function/internal_message.html?_=1638587561783&CODE_STATE=getMsg HTTP/1.1" 200 27
58.40.7.146 - - [04/Dec/2021:11:12:46 +0800] "GET /xingrg/all/function/internal_message.html?_=1638587569287&CODE_STATE=getMsg HTTP/1.1" 200 27
120.253.135.82 - - [04/Dec/2021:11:12:48 +0800] "GET /xingrg/kc/pszx/mdqp_order_list.html?state=10 HTTP/1.1" 200 11062
120.253.135.82 - - [04/Dec/2021:11:12:48 +0800] "GET /xingrg/dwr/interface/AjaxReportQueryService.js HTTP/1.1" 200 13203
120.253.135.82 - - [04/Dec/2021:11:12:48 +0800] "GET /xingrg/dwr/interface/AjaxQqpsService.js HTTP/1.1" 200 16326
120.253.135.82 - - [04/Dec/2021:11:12:48 +0800] "GET /xingrg/dwr/engine.js HTTP/1.1" 200 43631
114.83.217.40 - - [04/Dec/2021:11:12:48 +0800] "GET /xingrg/check_reg.html?_=1638587568933 HTTP/1.1" 200 22
101.85.55.123 - - [04/Dec/2021:11:12:48 +0800] "GET /xingrg/all/function/internal_message.html?_=1638587561473&CODE_STATE=getMsg HTTP/1.1" 200 27
222.70.171.86 - - [04/Dec/2021:11:12:49 +0800] "POST /xingrg/kc/buy/cgsh_order_operate.html HTTP/1.1" 200 2065
114.83.217.40 - - [04/Dec/2021:11:12:49 +0800] "GET /xingrg/all/function/internal_message.html?_=1638587569918&CODE_STATE=getMsg HTTP/1.1" 200 27
120.253.135.82 - - [04/Dec/2021:11:12:52 +0800] "GET /xingrg/system/sys_right.html HTTP/1.1" 200 10939
120.253.135.82 - - [04/Dec/2021:11:12:52 +0800] "GET /xingrg/dwr/interface/AjaxSystemService.js HTTP/1.1" 200 13657
120.253.135.82 - - [04/Dec/2021:11:12:52 +0800] "GET /xingrg/dwr/engine.js HTTP/1.1" 200 43631
101.85.120.86 - - [04/Dec/2021:11:12:53 +0800] "GET /xingrg/all/function/internal_message.html?_=1638587574372&CODE_STATE=getMsg HTTP/1.1" 200 27
120.253.135.82 - - [04/Dec/2021:11:12:55 +0800] "GET /xingrg/kc/pszx/mdps_order_list.html?orderType=0 HTTP/1.1" 200 21130
120.253.135.82 - - [04/Dec/2021:11:12:55 +0800] "POST /xingrg/kc/pszx/mdps_list_operate.html HTTP/1.1" 200 4238
222.70.176.97 - - [04/Dec/2021:11:12:56 +0800] "GET /xingrg/all/function/internal_message.html?_=1638587574998&CODE_STATE=getMsg HTTP/1.1" 200 27
101.89.239.238 - - [04/Dec/2021:11:12:56 +0800] "GET /xingrg/all/function/internal_message.html?_=1638587528635&CODE_STATE=getMsg HTTP/1.1" 302 -
120.253.135.82 - - [04/Dec/2021:11:12:57 +0800] "GET /xingrg/system/sys/sys_main.html HTTP/1.1" 200 5253
120.253.135.82 - - [04/Dec/2021:11:12:57 +0800] "GET /xingrg/dwr/interface/AjaxSystemService.js HTTP/1.1" 200 13657
120.253.135.82 - - [04/Dec/2021:11:12:57 +0800] "GET /xingrg/images/blue/button/sys_db_backup.gif HTTP/1.1" 200 2049
120.253.135.82 - - [04/Dec/2021:11:12:57 +0800] "GET /xingrg/images/blue/button/sys_log.gif HTTP/1.1" 200 1957
120.253.135.82 - - [04/Dec/2021:11:12:57 +0800] "GET /xingrg/images/blue/button/cw_yhzl.gif HTTP/1.1" 200 1590
120.253.135.82 - - [04/Dec/2021:11:12:57 +0800] "GET /xingrg/images/blue/button/sys_clear_cache.gif HTTP/1.1" 200 2080
120.253.135.82 - - [04/Dec/2021:11:12:57 +0800] "GET /xingrg/images/blue/button/sys_send_msg.gif HTTP/1.1" 200 2246
120.253.135.82 - - [04/Dec/2021:11:12:57 +0800] "GET /xingrg/dwr/engine.js HTTP/1.1" 200 43631
124.78.153.86 - - [04/Dec/2021:11:12:57 +0800] "GET /xingrg/all/function/internal_message.html?_=1638587588616&CODE_STATE=getMsg HTTP/1.1" 200 27
101.89.239.238 - - [04/Dec/2021:11:12:58 +0800] "GET /xingrg/login.html HTTP/1.1" 200 7641
116.233.78.65 - - [04/Dec/2021:11:12:58 +0800] "GET /xingrg/all/function/internal_message.html?_=1638587580650&CODE_STATE=getMsg HTTP/1.1" 200 27
222.70.171.86 - - [04/Dec/2021:11:13:00 +0800] "GET /xingrg/kc/buy/cgsh_order_operate.html?command=get_materiel&rest_code=00146&code=00101008005&supplier_code=00100005&order_time=2021-12-04 HTTP/1.1" 200 412
120.253.135.82 - - [04/Dec/2021:11:13:01 +0800] "POST /xingrg/kc/pszx/mdps_list_operate.html HTTP/1.1" 200 868
120.253.135.82 - - [04/Dec/2021:11:13:05 +0800] "GET /xingrg/all/function/internal_message.html?_=1638587591070&CODE_STATE=getMsg HTTP/1.1" 200 27
58.37.8.149 - - [04/Dec/2021:11:13:07 +0800] "GET /xingrg/all/function/internal_message.html?_=1638587408596&CODE_STATE=getMsg HTTP/1.1" 200 27
120.253.135.82 - - [04/Dec/2021:11:13:07 +0800] "POST /xingrg/kc/pszx/mdps_list_operate.html HTTP/1.1" 200 868
180.174.250.202 - - [04/Dec/2021:11:13:08 +0800] "GET /xingrg/check_reg.html?_=1638587588498 HTTP/1.1" 200 22
180.174.250.202 - - [04/Dec/2021:11:13:08 +0800] "GET /xingrg/all/function/internal_message.html?_=1638587588561&CODE_STATE=getMsg HTTP/1.1" 200 27
116.238.248.233 - - [04/Dec/2021:11:13:10 +0800] "GET /xingrg/all/function/internal_message.html?_=1638587591684&CODE_STATE=getMsg HTTP/1.1" 200 27
116.238.248.233 - - [04/Dec/2021:11:13:10 +0800] "GET /xingrg/check_reg.html?_=1638587591686 HTTP/1.1" 200 22
120.253.135.82 - - [04/Dec/2021:11:13:11 +0800] "GET /xingrg/kc/pszx/mdqp_order_list.html?state=10 HTTP/1.1" 200 11062
120.253.135.82 - - [04/Dec/2021:11:13:11 +0800] "GET /xingrg/dwr/interface/AjaxReportQueryService.js HTTP/1.1" 200 13203
120.253.135.82 - - [04/Dec/2021:11:13:11 +0800] "GET /xingrg/dwr/interface/AjaxQqpsService.js HTTP/1.1" 200 16326
120.253.135.82 - - [04/Dec/2021:11:13:11 +0800] "GET /xingrg/dwr/engine.js HTTP/1.1" 200 43631
120.253.135.82 - - [04/Dec/2021:11:13:12 +0800] "GET /xingrg/all/function/internal_message.html?_=1638587582813&CODE_STATE=getMsg HTTP/1.1" 200 27
120.253.135.82 - - [04/Dec/2021:11:13:14 +0800] "GET /xingrg/system/info/materiel_manager.html HTTP/1.1" 200 19497
120.253.135.82 - - [04/Dec/2021:11:13:14 +0800] "GET /xingrg/dwr/interface/AjaxBaseInfoService.js HTTP/1.1" 200 21363
120.253.135.82 - - [04/Dec/2021:11:13:14 +0800] "GET /xingrg/dwr/interface/AjaxComOrderService.js HTTP/1.1" 200 18264
120.253.135.82 - - [04/Dec/2021:11:13:15 +0800] "GET /xingrg/dwr/engine.js HTTP/1.1" 200 43631
180.162.114.163 - - [04/Dec/2021:11:13:17 +0800] "POST /xingrg/kc/buy/cgsh_order_operate.html HTTP/1.1" 200 37
222.70.171.86 - - [04/Dec/2021:11:13:17 +0800] "GET /xingrg/kc/buy/cgsh_order_operate.html?command=get_materiel&rest_code=00146&code=00101008271&supplier_code=00100005&order_time=2021-12-04 HTTP/1.1" 200 408
120.253.135.82 - - [04/Dec/2021:11:13:17 +0800] "GET /xingrg/all/function/internal_message.html?_=1638587376335&CODE_STATE=getMsg HTTP/1.1" 200 27
180.162.114.163 - - [04/Dec/2021:11:13:19 +0800] "POST /xingrg/kc/buy/cgsh_order_operate.html HTTP/1.1" 200 21530
172.20.0.100 - - [04/Dec/2021:11:13:19 +0800] "GET /xingrg/all/function/internal_message.html?_=1638587599050&CODE_STATE=getMsg HTTP/1.1" 200 27
172.20.0.100 - - [04/Dec/2021:11:13:19 +0800] "GET /xingrg/check_reg.html?_=1638587599051 HTTP/1.1" 200 22
120.253.135.82 - - [04/Dec/2021:11:13:21 +0800] "GET /xingrg/kc/pszx/mdqp_order_list.html?state=10 HTTP/1.1" 200 11062
120.253.135.82 - - [04/Dec/2021:11:13:21 +0800] "GET /xingrg/dwr/interface/AjaxReportQueryService.js HTTP/1.1" 200 13203
120.253.135.82 - - [04/Dec/2021:11:13:21 +0800] "GET /xingrg/dwr/interface/AjaxQqpsService.js HTTP/1.1" 200 16326
120.253.135.82 - - [04/Dec/2021:11:13:21 +0800] "GET /xingrg/dwr/engine.js HTTP/1.1" 200 43631
116.227.210.113 - - [04/Dec/2021:11:13:21 +0800] "GET /xingrg/check_reg.html?_=1638587600642 HTTP/1.1" 200 22
116.227.210.113 - - [04/Dec/2021:11:13:21 +0800] "GET /xingrg/all/function/internal_message.html?_=1638587600647&CODE_STATE=getMsg HTTP/1.1" 200 27
180.169.147.146 - - [04/Dec/2021:11:13:22 +0800] "GET /xingrg/all/function/internal_message.html?_=1638587605146&CODE_STATE=getMsg HTTP/1.1" 200 27
114.85.125.222 - - [04/Dec/2021:11:13:24 +0800] "GET /xingrg/check_reg.html?_=1638587570186 HTTP/1.1" 200 22
114.85.125.222 - - [04/Dec/2021:11:13:25 +0800] "GET /xingrg/all/function/internal_message.html?_=1638587571041&CODE_STATE=getMsg HTTP/1.1" 200 27
124.78.153.86 - - [04/Dec/2021:11:13:26 +0800] "GET /xingrg/check_reg.html?_=1638587617933 HTTP/1.1" 200 22
180.162.114.163 - - [04/Dec/2021:11:13:27 +0800] "POST /xingrg/kc/buy/cgsh_order_operate.html HTTP/1.1" 200 37
58.39.139.200 - - [04/Dec/2021:11:13:28 +0800] "GET /xingrg/all/function/internal_message.html?_=1638587609510&CODE_STATE=getMsg HTTP/1.1" 200 27
180.174.250.202 - - [04/Dec/2021:11:13:32 +0800] "GET /xingrg/all/function/internal_message.html?_=1638587620404&CODE_STATE=getMsg HTTP/1.1" 200 27
180.174.250.202 - - [04/Dec/2021:11:13:32 +0800] "GET /xingrg/check_reg.html?_=1638587620469 HTTP/1.1" 200 22
58.39.139.200 - - [04/Dec/2021:11:13:32 +0800] "GET /xingrg/all/function/internal_message.html?_=1638587550386&CODE_STATE=getMsg HTTP/1.1" 200 27
180.162.114.163 - - [04/Dec/2021:11:13:32 +0800] "POST /xingrg/kc/buy/cgsh_order_operate.html HTTP/1.1" 200 12
222.70.171.86 - - [04/Dec/2021:11:13:33 +0800] "GET /xingrg/kc/buy/cgsh_order_operate.html?command=get_materiel&rest_code=00146&code=00101008323&supplier_code=00100005&order_time=2021-12-04 HTTP/1.1" 200 428
180.162.114.163 - - [04/Dec/2021:11:13:34 +0800] "GET /xingrg/kc/buy/cgsh_order_info.html?code=212021120401296 HTTP/1.1" 200 59138
180.162.114.163 - - [04/Dec/2021:11:13:34 +0800] "GET /xingrg/javascript/easyui/themes/default/validatebox.css HTTP/1.1" 404 1104
180.162.114.163 - - [04/Dec/2021:11:13:34 +0800] "GET /xingrg/all/function/internal_message.html?_=1638587076268&CODE_STATE=getMsg HTTP/1.1" 200 27
180.157.253.6 - - [04/Dec/2021:11:13:35 +0800] "GET /xingrg/all/function/internal_message.html?_=1638587619394&CODE_STATE=getMsg HTTP/1.1" 200 27
180.162.114.163 - - [04/Dec/2021:11:13:35 +0800] "POST /xingrg/kc/buy/cgsh_order_operate.html HTTP/1.1" 200 19474
120.253.135.82 - - [04/Dec/2021:11:13:39 +0800] "GET /xingrg/javascript/jquery_easy_ui/themes/default/images/tabs_active.png HTTP/1.1" 304 -
120.253.135.82 - - [04/Dec/2021:11:13:41 +0800] "GET /xingrg/javascript/jquery_easy_ui/themes/default/images/tabs_active.png HTTP/1.1" 304 -
120.253.135.82 - - [04/Dec/2021:11:13:41 +0800] "GET /xingrg/javascript/jquery_easy_ui/themes/default/images/tabs_active.png HTTP/1.1" 304 -
116.227.210.113 - - [04/Dec/2021:11:13:41 +0800] "POST /xingrg/kc/buy/cgsh_order_operate.html HTTP/1.1" 200 37
180.162.114.163 - - [04/Dec/2021:11:13:41 +0800] "GET /xingrg/kc/print/load_data.html?order_code=212021120401296&kc_code=cgsh&condition= HTTP/1.1" 200 7844
222.70.171.86 - - [04/Dec/2021:11:13:41 +0800] "GET /xingrg/all/function/internal_message.html?_=1638587619416&CODE_STATE=getMsg HTTP/1.1" 200 27
172.20.0.100 - - [04/Dec/2021:11:13:42 +0800] "GET /xingrg/all/function/internal_message.html?_=1638587621754&CODE_STATE=getMsg HTTP/1.1" 200 27
172.20.0.100 - - [04/Dec/2021:11:13:43 +0800] "GET /xingrg/check_reg.html?_=1638587623116 HTTP/1.1" 200 22
180.174.250.202 - - [04/Dec/2021:11:13:44 +0800] "GET /xingrg/kc/buy/cgsh_order_operate.html?command=get_materiel&rest_code=00102&code=00101003040&supplier_code=00100094&order_time=2021-12-03 HTTP/1.1" 200 416
124.78.153.86 - - [04/Dec/2021:11:13:44 +0800] "GET /xingrg/kc/base/base_main.html HTTP/1.1" 200 12142
222.70.171.86 - - [04/Dec/2021:11:13:44 +0800] "GET /xingrg/kc/buy/cgsh_order_operate.html?command=get_materiel&rest_code=00146&code=00101008168&supplier_code=00100005&order_time=2021-12-04 HTTP/1.1" 200 412
124.78.153.86 - - [04/Dec/2021:11:13:45 +0800] "GET /xingrg/kc/base/wldb_order_list.html HTTP/1.1" 200 19265
124.78.153.86 - - [04/Dec/2021:11:13:46 +0800] "POST /xingrg/kc/base/wldb_list_operate.html HTTP/1.1" 200 2560
120.253.135.82 - - [04/Dec/2021:11:13:46 +0800] "GET /xingrg/kc/info/info_main.html HTTP/1.1" 200 6010
120.253.135.82 - - [04/Dec/2021:11:13:46 +0800] "GET /xingrg/images/blue/cldwgl.gif HTTP/1.1" 200 2487
120.253.135.82 - - [04/Dec/2021:11:13:46 +0800] "GET /xingrg/images/blue/clxx.gif HTTP/1.1" 200 1916
120.253.135.82 - - [04/Dec/2021:11:13:46 +0800] "GET /xingrg/images/blue/gysxxgl.gif HTTP/1.1" 200 1945
120.253.135.82 - - [04/Dec/2021:11:13:46 +0800] "GET /xingrg/images/blue/ckxx.gif HTTP/1.1" 200 2041
120.253.135.82 - - [04/Dec/2021:11:13:46 +0800] "GET /xingrg/images/blue/gyslbgl.gif HTTP/1.1" 200 1480
120.253.135.82 - - [04/Dec/2021:11:13:46 +0800] "GET /xingrg/images/blue/gyscljg.gif HTTP/1.1" 200 2081
116.227.210.113 - - [04/Dec/2021:11:13:46 +0800] "POST /xingrg/kc/buy/cgsh_order_operate.html HTTP/1.1" 200 29874
58.40.7.146 - - [04/Dec/2021:11:13:46 +0800] "GET /xingrg/all/function/internal_message.html?_=1638587629290&CODE_STATE=getMsg HTTP/1.1" 200 27
124.78.153.86 - - [04/Dec/2021:11:13:47 +0800] "GET /xingrg/kc/base/wldb_order_add.html HTTP/1.1" 200 30483
124.78.153.86 - - [04/Dec/2021:11:13:47 +0800] "GET /xingrg/all/common/auto_word.html?type=base&rest_code=00106 HTTP/1.1" 200 1799
124.78.153.86 - - [04/Dec/2021:11:13:47 +0800] "GET /xingrg/all/common/auto_word.html?type=base&rest_code=00106 HTTP/1.1" 200 1799
124.78.153.86 - - [04/Dec/2021:11:13:47 +0800] "GET /xingrg/javascript/easyui/themes/default/validatebox.css HTTP/1.1" 404 1104
124.78.153.86 - - [04/Dec/2021:11:13:47 +0800] "POST /xingrg/kc/base/wldb_order_operate.html HTTP/1.1" 200 6806
124.78.153.86 - - [04/Dec/2021:11:13:48 +0800] "POST /xingrg/all/common/load_combo.html?type=base HTTP/1.1" 200 3227
101.85.55.123 - - [04/Dec/2021:11:13:48 +0800] "GET /xingrg/all/function/internal_message.html?_=1638587621474&CODE_STATE=getMsg HTTP/1.1" 200 27
116.227.210.113 - - [04/Dec/2021:11:13:49 +0800] "GET /xingrg/kc/print/load_config.html?kc_code=cgsh HTTP/1.1" 200 2281
116.227.210.113 - - [04/Dec/2021:11:13:49 +0800] "GET /xingrg/kc/print/load_data.html?order_code=212021120401297&kc_code=cgsh&condition= HTTP/1.1" 200 11026
114.83.217.40 - - [04/Dec/2021:11:13:49 +0800] "GET /xingrg/all/function/internal_message.html?_=1638587629903&CODE_STATE=getMsg HTTP/1.1" 200 27
124.78.153.86 - - [04/Dec/2021:11:13:50 +0800] "POST /xingrg/all/common/load_combo.html?type=base HTTP/1.1" 200 3227
101.85.120.86 - - [04/Dec/2021:11:13:53 +0800] "GET /xingrg/all/function/internal_message.html?_=1638587634372&CODE_STATE=getMsg HTTP/1.1" 200 27
222.70.176.97 - - [04/Dec/2021:11:13:56 +0800] "GET /xingrg/all/function/internal_message.html?_=1638587634997&CODE_STATE=getMsg HTTP/1.1" 200 27
61.151.178.164 - - [04/Dec/2021:11:13:56 +0800] "GET /xingrg/all/function/internal_message.html?_=1638587588616&CODE_STATE=getMsg HTTP/1.1" 302 -
124.78.153.86 - - [04/Dec/2021:11:13:57 +0800] "GET /xingrg/all/function/internal_message.html?_=1638587648595&CODE_STATE=getMsg HTTP/1.1" 200 27
222.70.171.86 - - [04/Dec/2021:11:13:57 +0800] "POST /xingrg/kc/buy/cgsh_order_operate.html HTTP/1.1" 200 2065
124.78.153.86 - - [04/Dec/2021:11:13:57 +0800] "GET /xingrg/kc/base/wldb_order_operate.html?command=get_materiel&rest_code=00106&base_code=0010397&code=00102002448 HTTP/1.1" 200 426
120.253.135.82 - - [04/Dec/2021:11:13:57 +0800] "GET /xingrg/system/info/materiel_manager.html HTTP/1.1" 200 19497
120.253.135.82 - - [04/Dec/2021:11:13:57 +0800] "GET /xingrg/dwr/interface/AjaxBaseInfoService.js HTTP/1.1" 200 21363
120.253.135.82 - - [04/Dec/2021:11:13:57 +0800] "GET /xingrg/dwr/interface/AjaxComOrderService.js HTTP/1.1" 200 18264
120.253.135.82 - - [04/Dec/2021:11:13:57 +0800] "GET /xingrg/dwr/engine.js HTTP/1.1" 200 43631
116.227.210.113 - - [04/Dec/2021:11:13:57 +0800] "GET /xingrg/kc/buy/cgsh_order_add.html HTTP/1.1" 200 65071
116.227.210.113 - - [04/Dec/2021:11:13:57 +0800] "POST /xingrg/kc/buy/cgsh_order_operate.html HTTP/1.1" 200 8245
116.227.210.113 - - [04/Dec/2021:11:13:57 +0800] "GET /xingrg/javascript/easyui/themes/default/validatebox.css HTTP/1.1" 404 1104
61.151.178.164 - - [04/Dec/2021:11:13:58 +0800] "GET /xingrg/login.html HTTP/1.1" 200 7641
116.233.78.65 - - [04/Dec/2021:11:13:58 +0800] "GET /xingrg/all/function/internal_message.html?_=1638587640654&CODE_STATE=getMsg HTTP/1.1" 200 27
124.78.153.86 - - [04/Dec/2021:11:14:03 +0800] "GET /xingrg/kc/base/wldb_order_operate.html?command=get_materiel&rest_code=00106&base_code=0010397&code=00102002204 HTTP/1.1" 200 433
120.253.135.82 - - [04/Dec/2021:11:14:05 +0800] "GET /xingrg/all/function/internal_message.html?_=1638587651082&CODE_STATE=getMsg HTTP/1.1" 200 27
58.37.8.149 - - [04/Dec/2021:11:14:06 +0800] "GET /xingrg/all/function/internal_message.html?_=1638587468567&CODE_STATE=getMsg HTTP/1.1" 200 27
180.174.250.202 - - [04/Dec/2021:11:14:08 +0800] "GET /xingrg/all/function/internal_message.html?_=1638587648574&CODE_STATE=getMsg HTTP/1.1" 200 27
124.78.153.86 - - [04/Dec/2021:11:14:08 +0800] "GET /xingrg/kc/base/wldb_order_operate.html?command=get_materiel&rest_code=00106&base_code=0010397&code=00102002610 HTTP/1.1" 200 430
116.238.248.233 - - [04/Dec/2021:11:14:10 +0800] "GET /xingrg/all/function/internal_message.html?_=1638587651687&CODE_STATE=getMsg HTTP/1.1" 200 27
180.174.250.202 - - [04/Dec/2021:11:14:12 +0800] "POST /xingrg/kc/buy/cgsh_order_operate.html HTTP/1.1" 200 37
120.253.135.82 - - [04/Dec/2021:11:14:12 +0800] "GET /xingrg/all/function/internal_message.html?_=1638587642821&CODE_STATE=getMsg HTTP/1.1" 200 27
124.78.153.86 - - [04/Dec/2021:11:14:12 +0800] "POST /xingrg/kc/base/wldb_order_operate.html HTTP/1.1" 200 37
124.78.153.86 - - [04/Dec/2021:11:14:13 +0800] "POST /xingrg/kc/base/wldb_order_operate.html HTTP/1.1" 200 3153
124.78.153.86 - - [04/Dec/2021:11:14:13 +0800] "GET /xingrg/kc/base/wldb_order_info.html?code=422021120400348 HTTP/1.1" 200 30497
124.78.153.86 - - [04/Dec/2021:11:14:14 +0800] "GET /xingrg/javascript/easyui/themes/default/validatebox.css HTTP/1.1" 404 1104
180.174.250.202 - - [04/Dec/2021:11:14:15 +0800] "POST /xingrg/kc/buy/cgsh_order_operate.html HTTP/1.1" 200 12
124.78.153.86 - - [04/Dec/2021:11:14:15 +0800] "POST /xingrg/kc/base/wldb_order_operate.html HTTP/1.1" 200 3153
180.174.250.202 - - [04/Dec/2021:11:14:17 +0800] "GET /xingrg/kc/buy/cgsh_order_info.html?code=212021120401298 HTTP/1.1" 200 60018
120.253.135.82 - - [04/Dec/2021:11:14:17 +0800] "GET /xingrg/all/function/internal_message.html?_=1638587436349&CODE_STATE=getMsg HTTP/1.1" 200 27
180.174.250.202 - - [04/Dec/2021:11:14:18 +0800] "GET /xingrg/javascript/easyui/themes/default/validatebox.css HTTP/1.1" 404 1104
120.253.135.82 - - [04/Dec/2021:11:14:18 +0800] "GET /xingrg/javascript/jquery_easy_ui/themes/default/images/tabs_active.png HTTP/1.1" 304 -
180.174.250.202 - - [04/Dec/2021:11:14:18 +0800] "POST /xingrg/kc/buy/cgsh_order_operate.html HTTP/1.1" 200 615
172.20.0.100 - - [04/Dec/2021:11:14:19 +0800] "GET /xingrg/all/function/internal_message.html?_=1638587659054&CODE_STATE=getMsg HTTP/1.1" 200 27
124.78.153.86 - - [04/Dec/2021:11:14:20 +0800] "GET /xingrg/kc/base/wldb_order_add.html HTTP/1.1" 200 30483
124.78.153.86 - - [04/Dec/2021:11:14:21 +0800] "GET /xingrg/javascript/easyui/themes/default/validatebox.css HTTP/1.1" 404 1104
124.78.153.86 - - [04/Dec/2021:11:14:21 +0800] "POST /xingrg/kc/base/wldb_order_operate.html HTTP/1.1" 200 6806
116.227.210.113 - - [04/Dec/2021:11:14:21 +0800] "GET /xingrg/all/function/internal_message.html?_=1638587660644&CODE_STATE=getMsg HTTP/1.1" 200 27
124.78.153.86 - - [04/Dec/2021:11:14:22 +0800] "POST /xingrg/all/common/load_combo.html?type=base HTTP/1.1" 200 3227
180.169.147.146 - - [04/Dec/2021:11:14:22 +0800] "GET /xingrg/all/function/internal_message.html?_=1638587665148&CODE_STATE=getMsg HTTP/1.1" 200 27
114.85.125.222 - - [04/Dec/2021:11:14:25 +0800] "GET /xingrg/all/function/internal_message.html?_=1638587631054&CODE_STATE=getMsg HTTP/1.1" 200 27
124.78.153.86 - - [04/Dec/2021:11:14:26 +0800] "POST /xingrg/all/common/load_combo.html?type=base HTTP/1.1" 200 3227
120.253.135.82 - - [04/Dec/2021:11:14:27 +0800] "GET /xingrg/system/info/materiel_batch_change_sort.html HTTP/1.1" 200 5998
120.253.135.82 - - [04/Dec/2021:11:14:27 +0800] "GET /xingrg/dwr/engine.js HTTP/1.1" 200 43631
120.253.135.82 - - [04/Dec/2021:11:14:27 +0800] "POST /xingrg/kc/info/kc_model_get_infos.html?command=get_materiel_tree HTTP/1.1" 200 200
120.253.135.82 - - [04/Dec/2021:11:14:27 +0800] "GET /xingrg/images/blue/bg2_topleft.gif HTTP/1.1" 200 193
120.253.135.82 - - [04/Dec/2021:11:14:27 +0800] "GET /xingrg/images/blue/bg2_top.gif HTTP/1.1" 200 273
120.253.135.82 - - [04/Dec/2021:11:14:27 +0800] "GET /xingrg/images/blue/bg2_midleft.gif HTTP/1.1" 200 45
120.253.135.82 - - [04/Dec/2021:11:14:27 +0800] "GET /xingrg/images/blue/bg2_topmid.gif HTTP/1.1" 200 47
120.253.135.82 - - [04/Dec/2021:11:14:27 +0800] "GET /xingrg/images/blue/bg2_topright.gif HTTP/1.1" 200 132
120.253.135.82 - - [04/Dec/2021:11:14:27 +0800] "GET /favicon.ico HTTP/1.1" 404 -
120.253.135.82 - - [04/Dec/2021:11:14:27 +0800] "GET /xingrg/images/blue/bg2_bottomright.gif HTTP/1.1" 200 284
120.253.135.82 - - [04/Dec/2021:11:14:27 +0800] "GET /xingrg/images/blue/bg2_midright.gif HTTP/1.1" 200 45
120.253.135.82 - - [04/Dec/2021:11:14:27 +0800] "GET /xingrg/images/blue/bg2_bottommid.gif HTTP/1.1" 200 45
120.253.135.82 - - [04/Dec/2021:11:14:27 +0800] "GET /xingrg/images/blue/bg2_bottomleft.gif HTTP/1.1" 200 299
58.39.139.200 - - [04/Dec/2021:11:14:28 +0800] "GET /xingrg/all/function/internal_message.html?_=1638587669510&CODE_STATE=getMsg HTTP/1.1" 200 27
120.253.135.82 - - [04/Dec/2021:11:14:29 +0800] "GET /xingrg/login.html HTTP/1.1" 200 7641
120.253.135.82 - - [04/Dec/2021:11:14:30 +0800] "GET /xingrg/images/blue/jxLogo.png HTTP/1.1" 304 -
120.253.135.82 - - [04/Dec/2021:11:14:30 +0800] "GET /xingrg/images/blue/login_bg.png HTTP/1.1" 304 -
120.253.135.82 - - [04/Dec/2021:11:14:30 +0800] "GET /xingrg/images/blue/hj.png HTTP/1.1" 304 -
120.253.135.82 - - [04/Dec/2021:11:14:30 +0800] "GET /xingrg/images/blue/srbg.png HTTP/1.1" 304 -
120.253.135.82 - - [04/Dec/2021:11:14:30 +0800] "GET /favicon.ico HTTP/1.1" 404 -
120.253.135.82 - - [04/Dec/2021:11:14:31 +0800] "GET /xingrg/javascript/jquery_easy_ui/themes/default/images/tree_loading.gif HTTP/1.1" 200 1737
120.253.135.82 - - [04/Dec/2021:11:14:31 +0800] "POST /xingrg/kc/info/kc_model_get_infos.html?command=get_materiel_tree HTTP/1.1" 200 3525
180.174.250.202 - - [04/Dec/2021:11:14:32 +0800] "GET /xingrg/all/function/internal_message.html?_=1638587680397&CODE_STATE=getMsg HTTP/1.1" 200 27
58.39.139.200 - - [04/Dec/2021:11:14:32 +0800] "GET /xingrg/all/function/internal_message.html?_=1638587610386&CODE_STATE=getMsg HTTP/1.1" 200 27
180.162.114.163 - - [04/Dec/2021:11:14:34 +0800] "GET /xingrg/all/function/internal_message.html?_=1638587136276&CODE_STATE=getMsg HTTP/1.1" 200 27
180.157.253.6 - - [04/Dec/2021:11:14:35 +0800] "GET /xingrg/all/function/internal_message.html?_=1638587679396&CODE_STATE=getMsg HTTP/1.1" 200 27
222.70.171.86 - - [04/Dec/2021:11:14:35 +0800] "GET /xingrg/kc/buy/cgsh_order_operate.html?command=get_materiel&rest_code=00146&code=00101008418&supplier_code=00100005&order_time=2021-12-04 HTTP/1.1" 200 398
58.37.8.149 - - [04/Dec/2021:11:14:36 +0800] "GET /xingrg/check_reg.html?_=1638587498297 HTTP/1.1" 200 22
120.253.135.82 - - [04/Dec/2021:11:14:37 +0800] "POST /xingrg/kc/info/kc_model_get_infos.html?command=get_materiel_tree HTTP/1.1" 200 3828
222.70.171.86 - - [04/Dec/2021:11:14:39 +0800] "GET /xingrg/check_reg.html?_=1638587700327 HTTP/1.1" 302 -
222.70.171.86 - - [04/Dec/2021:11:14:41 +0800] "GET /xingrg/all/function/internal_message.html?_=1638587679429&CODE_STATE=getMsg HTTP/1.1" 200 27
172.20.0.100 - - [04/Dec/2021:11:14:42 +0800] "GET /xingrg/all/function/internal_message.html?_=1638587681726&CODE_STATE=getMsg HTTP/1.1" 200 27
61.151.178.164 - - [04/Dec/2021:11:14:45 +0800] "GET /xingrg/kc/base/wldb_order_list.html HTTP/1.1" 302 -
58.40.7.146 - - [04/Dec/2021:11:14:46 +0800] "GET /xingrg/all/function/internal_message.html?_=1638587689291&CODE_STATE=getMsg HTTP/1.1" 200 27
61.151.178.164 - - [04/Dec/2021:11:14:47 +0800] "GET /xingrg/login.html HTTP/1.1" 200 7641
61.151.178.163 - - [04/Dec/2021:11:14:48 +0800] "GET /xingrg/kc/base/wldb_order_add.html HTTP/1.1" 302 -
101.85.55.123 - - [04/Dec/2021:11:14:48 +0800] "GET /xingrg/all/function/internal_message.html?_=1638587681476&CODE_STATE=getMsg HTTP/1.1" 200 27
114.83.217.40 - - [04/Dec/2021:11:14:49 +0800] "GET /xingrg/all/function/internal_message.html?_=1638587689888&CODE_STATE=getMsg HTTP/1.1" 200 27
116.227.210.113 - - [04/Dec/2021:11:14:50 +0800] "GET /xingrg/kc/buy/cgsh_order_operate.html?command=get_materiel&rest_code=00155&code=00101001075&supplier_code=00100199&order_time=2021-12-04 HTTP/1.1" 200 411
61.151.178.163 - - [04/Dec/2021:11:14:50 +0800] "GET /xingrg/login.html HTTP/1.1" 200 7641
101.85.120.86 - - [04/Dec/2021:11:14:53 +0800] "GET /xingrg/check_reg.html?_=1638587694372 HTTP/1.1" 200 22
101.85.120.86 - - [04/Dec/2021:11:14:53 +0800] "GET /xingrg/all/function/internal_message.html?_=1638587694375&CODE_STATE=getMsg HTTP/1.1" 200 27
120.253.135.82 - - [04/Dec/2021:11:14:56 +0800] "GET /xingrg/kc/info/info_main.html HTTP/1.1" 200 6010
222.70.176.97 - - [04/Dec/2021:11:14:56 +0800] "GET /xingrg/all/function/internal_message.html?_=1638587694995&CODE_STATE=getMsg HTTP/1.1" 200 27
61.151.178.180 - - [04/Dec/2021:11:14:56 +0800] "GET /xingrg/all/function/internal_message.html?_=1638587648595&CODE_STATE=getMsg HTTP/1.1" 302 -
222.70.171.86 - - [04/Dec/2021:11:14:57 +0800] "GET /xingrg/kc/buy/cgsh_order_operate.html?command=get_materiel&rest_code=00146&code=00101008043&supplier_code=00100005&order_time=2021-12-04 HTTP/1.1" 200 416
124.78.153.86 - - [04/Dec/2021:11:14:57 +0800] "GET /xingrg/all/function/internal_message.html?_=1638587708568&CODE_STATE=getMsg HTTP/1.1" 200 27
61.151.179.84 - - [04/Dec/2021:11:14:57 +0800] "GET /xingrg/kc/base/wldb_order_operate.html?command=get_materiel&rest_code=00106&base_code=0010397&code=00102002448 HTTP/1.1" 302 -
61.151.178.180 - - [04/Dec/2021:11:14:58 +0800] "GET /xingrg/login.html HTTP/1.1" 200 7641
61.151.179.84 - - [04/Dec/2021:11:14:58 +0800] "GET /xingrg/login.html HTTP/1.1" 200 7641
116.233.78.65 - - [04/Dec/2021:11:14:58 +0800] "GET /xingrg/all/function/internal_message.html?_=1638587700658&CODE_STATE=getMsg HTTP/1.1" 200 27
120.253.135.82 - - [04/Dec/2021:11:15:00 +0800] "POST /xingrg/login.do HTTP/1.1" 200 2421
120.253.135.82 - - [04/Dec/2021:11:15:00 +0800] "GET /xingrg/javascript/myfunction.js HTTP/1.1" 304 -
120.253.135.82 - - [04/Dec/2021:11:15:00 +0800] "GET /xingrg/css/blue.css HTTP/1.1" 304 -
120.253.135.82 - - [04/Dec/2021:11:15:00 +0800] "GET /xingrg/images/blue/error_top.gif HTTP/1.1" 200 1790
120.253.135.82 - - [04/Dec/2021:11:15:00 +0800] "GET /xingrg/images/blue/pic_top.gif HTTP/1.1" 200 3656
120.253.135.82 - - [04/Dec/2021:11:15:00 +0800] "GET /xingrg/images/blue/pic_notice.jpg HTTP/1.1" 200 3583
120.253.135.82 - - [04/Dec/2021:11:15:00 +0800] "GET /xingrg/images/blue/error_buttom.gif HTTP/1.1" 200 1750
120.253.135.82 - - [04/Dec/2021:11:15:00 +0800] "GET /xingrg/images/blue/error_mid.gif HTTP/1.1" 200 215
120.253.135.82 - - [04/Dec/2021:11:15:00 +0800] "GET /favicon.ico HTTP/1.1" 404 -
120.253.135.82 - - [04/Dec/2021:11:15:01 +0800] "GET /xingrg/login.html HTTP/1.1" 200 7641
120.253.135.82 - - [04/Dec/2021:11:15:02 +0800] "GET /favicon.ico HTTP/1.1" 404 -
222.70.171.86 - - [04/Dec/2021:11:15:02 +0800] "POST /xingrg/kc/buy/cgsh_order_operate.html HTTP/1.1" 200 2065
61.151.178.217 - - [04/Dec/2021:11:15:04 +0800] "GET /xingrg/kc/base/wldb_order_operate.html?command=get_materiel&rest_code=00106&base_code=0010397&code=00102002204 HTTP/1.1" 302 -
120.253.135.82 - - [04/Dec/2021:11:15:05 +0800] "GET /xingrg/check_reg.html?_=1638587710615 HTTP/1.1" 200 22
61.151.178.217 - - [04/Dec/2021:11:15:05 +0800] "GET /xingrg/login.html HTTP/1.1" 200 7641
120.253.135.82 - - [04/Dec/2021:11:15:05 +0800] "GET /xingrg/all/function/internal_message.html?_=1638587711094&CODE_STATE=getMsg HTTP/1.1" 200 27
120.253.135.82 - - [04/Dec/2021:11:15:06 +0800] "POST /xingrg/load_menu.html HTTP/1.1" 200 10797
58.37.8.149 - - [04/Dec/2021:11:15:06 +0800] "GET /xingrg/all/function/internal_message.html?_=1638587528549&CODE_STATE=getMsg HTTP/1.1" 200 27
116.227.210.113 - - [04/Dec/2021:11:15:08 +0800] "GET /xingrg/kc/buy/cgsh_order_operate.html?command=get_materiel&rest_code=00155&code=00101002027&supplier_code=00100199&order_time=2021-12-04 HTTP/1.1" 200 413
180.174.250.202 - - [04/Dec/2021:11:15:08 +0800] "GET /xingrg/all/function/internal_message.html?_=1638587708589&CODE_STATE=getMsg HTTP/1.1" 200 27
58.37.8.149 - - [04/Dec/2021:11:15:08 +0800] "GET /xingrg/check_reg.html?_=1638587529881 HTTP/1.1" 200 22
61.151.178.177 - - [04/Dec/2021:11:15:09 +0800] "GET /xingrg/kc/base/wldb_order_operate.html?command=get_materiel&rest_code=00106&base_code=0010397&code=00102002610 HTTP/1.1" 302 -
61.151.178.177 - - [04/Dec/2021:11:15:10 +0800] "GET /xingrg/login.html HTTP/1.1" 200 7641
116.238.248.233 - - [04/Dec/2021:11:15:10 +0800] "GET /xingrg/all/function/internal_message.html?_=1638587711690&CODE_STATE=getMsg HTTP/1.1" 200 27
120.253.135.82 - - [04/Dec/2021:11:15:10 +0800] "POST /xingrg/load_menu.html HTTP/1.1" 200 12956
120.253.135.82 - - [04/Dec/2021:11:15:12 +0800] "GET /xingrg/check_reg.html?_=1638587702820 HTTP/1.1" 200 22
120.253.135.82 - - [04/Dec/2021:11:15:12 +0800] "GET /xingrg/all/function/internal_message.html?_=1638587702824&CODE_STATE=getMsg HTTP/1.1" 200 27
101.91.60.11 - - [04/Dec/2021:11:15:13 +0800] "GET /xingrg/kc/base/wldb_order_info.html?code=422021120400348 HTTP/1.1" 302 -
101.91.60.11 - - [04/Dec/2021:11:15:14 +0800] "GET /xingrg/login.html HTTP/1.1" 200 7641
120.253.135.82 - - [04/Dec/2021:11:15:16 +0800] "GET /xingrg/login.html HTTP/1.1" 200 7641
120.253.135.82 - - [04/Dec/2021:11:15:16 +0800] "GET /xingrg/images/blue/jxLogo.png HTTP/1.1" 304 -
120.253.135.82 - - [04/Dec/2021:11:15:16 +0800] "GET /xingrg/images/blue/login_bg.png HTTP/1.1" 304 -
120.253.135.82 - - [04/Dec/2021:11:15:16 +0800] "GET /xingrg/images/blue/hj.png HTTP/1.1" 304 -
120.253.135.82 - - [04/Dec/2021:11:15:16 +0800] "GET /favicon.ico HTTP/1.1" 404 -
120.253.135.82 - - [04/Dec/2021:11:15:16 +0800] "GET /xingrg/images/blue/srbg.png HTTP/1.1" 304 -
120.253.135.82 - - [04/Dec/2021:11:15:18 +0800] "GET /xingrg/system/sys_right.html HTTP/1.1" 200 10939
120.253.135.82 - - [04/Dec/2021:11:15:18 +0800] "GET /xingrg/dwr/interface/AjaxSystemService.js HTTP/1.1" 200 13657
120.253.135.82 - - [04/Dec/2021:11:15:18 +0800] "GET /xingrg/dwr/engine.js HTTP/1.1" 200 43631
116.227.210.113 - - [04/Dec/2021:11:15:18 +0800] "GET /xingrg/kc/buy/cgsh_order_operate.html?command=get_materiel&rest_code=00155&code=00101002016&supplier_code=00100199&order_time=2021-12-04 HTTP/1.1" 200 415
172.20.0.100 - - [04/Dec/2021:11:15:19 +0800] "GET /xingrg/all/function/internal_message.html?_=1638587719061&CODE_STATE=getMsg HTTP/1.1" 200 27
116.227.210.113 - - [04/Dec/2021:11:15:21 +0800] "GET /xingrg/all/function/internal_message.html?_=1638587720648&CODE_STATE=getMsg HTTP/1.1" 200 27
120.253.135.82 - - [04/Dec/2021:11:15:21 +0800] "POST /xingrg/login.do HTTP/1.1" 302 -
120.253.135.82 - - [04/Dec/2021:11:15:21 +0800] "GET /xingrg/index.html?sysBaseUrl=http%3A%2F%2F180.169.147.146%3A18081%2Fxingrg%2F&costTime=41×tamp=1638587721374 HTTP/1.1" 200 17173
120.253.135.82 - - [04/Dec/2021:11:15:21 +0800] "GET /xingrg/javascript/jquery_easy_ui/themes/icon.css HTTP/1.1" 304 -
120.253.135.82 - - [04/Dec/2021:11:15:21 +0800] "GET /xingrg/css/form.css HTTP/1.1" 304 -
120.253.135.82 - - [04/Dec/2021:11:15:21 +0800] "GET /xingrg/javascript/jquery.timers.js HTTP/1.1" 304 -
120.253.135.82 - - [04/Dec/2021:11:15:21 +0800] "GET /xingrg/javascript/jquery-1.4.2.min.js HTTP/1.1" 304 -
120.253.135.82 - - [04/Dec/2021:11:15:21 +0800] "GET /xingrg/javascript/jquery_easy_ui/themes/default/easyui.css HTTP/1.1" 304 -
120.253.135.82 - - [04/Dec/2021:11:15:21 +0800] "GET /xingrg/javascript/jquery_easy_ui/jquery.easyui.min.js HTTP/1.1" 304 -
120.253.135.82 - - [04/Dec/2021:11:15:21 +0800] "GET /xingrg/javascript/jquery_easy_ui/easyui-lang-zh_CN.js HTTP/1.1" 304 -
120.253.135.82 - - [04/Dec/2021:11:15:21 +0800] "GET /xingrg/javascript/jquery.form.js HTTP/1.1" 304 -
120.253.135.82 - - [04/Dec/2021:11:15:21 +0800] "GET /xingrg/javascript/jquery.utils.js HTTP/1.1" 304 -
120.253.135.82 - - [04/Dec/2021:11:15:21 +0800] "GET /xingrg/images/blue/navBackgound.jpg HTTP/1.1" 304 -
120.253.135.82 - - [04/Dec/2021:11:15:21 +0800] "GET /xingrg/javascript/jquery_easy_ui/themes/icons/settle_new.png HTTP/1.1" 304 -
58.37.8.149 - - [04/Dec/2021:11:15:21 +0800] "POST /xingrg/services/DataTransmitService HTTP/1.1" 200 524
120.253.135.82 - - [04/Dec/2021:11:15:21 +0800] "GET /xingrg/images/blue/pingpu.png HTTP/1.1" 304 -
120.253.135.82 - - [04/Dec/2021:11:15:21 +0800] "GET /xingrg/javascript/jquery_easy_ui/themes/default/images/tabs_leftarrow.png HTTP/1.1" 304 -
120.253.135.82 - - [04/Dec/2021:11:15:21 +0800] "GET /xingrg/javascript/jquery_easy_ui/themes/default/images/tabs_rightarrow.png HTTP/1.1" 304 -
120.253.135.82 - - [04/Dec/2021:11:15:21 +0800] "GET /xingrg/javascript/jquery_easy_ui/themes/default/images/panel_tool_collapse.gif HTTP/1.1" 304 -
120.253.135.82 - - [04/Dec/2021:11:15:21 +0800] "POST /xingrg/all/common/load_tree.html?tree=area_rest_tree_json&manage=1 HTTP/1.1" 200 344
120.253.135.82 - - [04/Dec/2021:11:15:21 +0800] "GET /xingrg/all/function/internal_message.html?_=1638587500340&CODE_STATE=count HTTP/1.1" 200 11
120.253.135.82 - - [04/Dec/2021:11:15:21 +0800] "GET /xingrg/check_reg.html?_=1638587500341 HTTP/1.1" 200 22
120.253.135.82 - - [04/Dec/2021:11:15:21 +0800] "GET /favicon.ico HTTP/1.1" 404 -
120.253.135.82 - - [04/Dec/2021:11:15:21 +0800] "GET /xingrg/javascript/jquery_easy_ui/themes/default/images/tree_arrows.gif HTTP/1.1" 304 -
120.253.135.82 - - [04/Dec/2021:11:15:21 +0800] "POST /xingrg/load_menu.html HTTP/1.1" 200 6743
120.253.135.82 - - [04/Dec/2021:11:15:21 +0800] "GET /xingrg/javascript/jquery_easy_ui/themes/default/images/tree_folder_open.gif HTTP/1.1" 304 -
120.253.135.82 - - [04/Dec/2021:11:15:21 +0800] "GET /xingrg/javascript/jquery_easy_ui/themes/icons/search_new.png HTTP/1.1" 304 -
120.253.135.82 - - [04/Dec/2021:11:15:21 +0800] "GET /xingrg/javascript/jquery_easy_ui/themes/icons/delivery_new.png HTTP/1.1" 304 -
120.253.135.82 - - [04/Dec/2021:11:15:21 +0800] "GET /xingrg/javascript/jquery_easy_ui/themes/icons/storage_new.png HTTP/1.1" 304 -
120.253.135.82 - - [04/Dec/2021:11:15:21 +0800] "GET /xingrg/javascript/jquery_easy_ui/themes/icons/forms_new.png HTTP/1.1" 304 -
120.253.135.82 - - [04/Dec/2021:11:15:21 +0800] "GET /xingrg/javascript/jquery_easy_ui/themes/default/images/tree_file.gif HTTP/1.1" 304 -
120.253.135.82 - - [04/Dec/2021:11:15:21 +0800] "GET /xingrg/javascript/jquery_easy_ui/themes/default/images/tree_folder.gif HTTP/1.1" 304 -
180.169.147.146 - - [04/Dec/2021:11:15:22 +0800] "GET /xingrg/all/function/internal_message.html?_=1638587725150&CODE_STATE=getMsg HTTP/1.1" 200 27
180.174.250.202 - - [04/Dec/2021:11:15:22 +0800] "GET /xingrg/kc/print/load_data.html?order_code=212021120401298&kc_code=cgsh&condition= HTTP/1.1" 200 785
114.85.125.222 - - [04/Dec/2021:11:15:25 +0800] "GET /xingrg/all/function/internal_message.html?_=1638587691068&CODE_STATE=getMsg HTTP/1.1" 200 27
58.37.8.149 - - [04/Dec/2021:11:15:25 +0800] "POST /xingrg/services/DataTransmitService HTTP/1.1" 200 501
120.253.135.82 - - [04/Dec/2021:11:15:25 +0800] "GET /xingrg/kc/info/info_main.html HTTP/1.1" 200 6010
180.174.250.202 - - [04/Dec/2021:11:15:26 +0800] "GET /xingrg/kc/buy/cgsh_order_add.html HTTP/1.1" 200 65109
120.253.135.82 - - [04/Dec/2021:11:15:27 +0800] "GET /xingrg/javascript/jquery_easy_ui/themes/default/images/tabs_close.gif HTTP/1.1" 304 -
120.253.135.82 - - [04/Dec/2021:11:15:27 +0800] "GET /xingrg/kc/base/base_main.html HTTP/1.1" 200 12142
120.253.135.82 - - [04/Dec/2021:11:15:27 +0800] "GET /xingrg/css/blue.css HTTP/1.1" 304 -
120.253.135.82 - - [04/Dec/2021:11:15:27 +0800] "GET /xingrg/javascript/pic_change.js HTTP/1.1" 304 -
120.253.135.82 - - [04/Dec/2021:11:15:27 +0800] "GET /xingrg/javascript/myfunction.js HTTP/1.1" 304 -
120.253.135.82 - - [04/Dec/2021:11:15:27 +0800] "GET /xingrg/images/blue/bg_dotted.jpg HTTP/1.1" 200 319
120.253.135.82 - - [04/Dec/2021:11:15:27 +0800] "GET /xingrg/images/blue/pic_form2.gif HTTP/1.1" 200 1853
120.253.135.82 - - [04/Dec/2021:11:15:27 +0800] "GET /xingrg/images/blue/button/kc.gif HTTP/1.1" 200 2160
120.253.135.82 - - [04/Dec/2021:11:15:27 +0800] "GET /xingrg/images/blue/button/wlsy.gif HTTP/1.1" 200 2536
120.253.135.82 - - [04/Dec/2021:11:15:27 +0800] "GET /xingrg/images/blue/button/ckpd.gif HTTP/1.1" 200 2051
120.253.135.82 - - [04/Dec/2021:11:15:27 +0800] "GET /xingrg/images/blue/button/top_left.jpg HTTP/1.1" 200 1632
120.253.135.82 - - [04/Dec/2021:11:15:27 +0800] "GET /xingrg/images/blue/button/ckdb.gif HTTP/1.1" 200 1950
120.253.135.82 - - [04/Dec/2021:11:15:27 +0800] "GET /xingrg/images/blue/button/yddb.gif HTTP/1.1" 200 2040
120.253.135.82 - - [04/Dec/2021:11:15:27 +0800] "GET /xingrg/images/blue/button/top_right.jpg HTTP/1.1" 200 1708
120.253.135.82 - - [04/Dec/2021:11:15:27 +0800] "GET /xingrg/images/blue/button/down.jpg HTTP/1.1" 200 1560
120.253.135.82 - - [04/Dec/2021:11:15:27 +0800] "GET /xingrg/images/blue/button/bottom_left.jpg HTTP/1.1" 200 1524
120.253.135.82 - - [04/Dec/2021:11:15:27 +0800] "GET /xingrg/images/blue/button/right_ah.jpg HTTP/1.1" 200 1744
120.253.135.82 - - [04/Dec/2021:11:15:27 +0800] "GET /xingrg/images/blue/button/left_ah.jpg HTTP/1.1" 200 1643
120.253.135.82 - - [04/Dec/2021:11:15:27 +0800] "GET /xingrg/images/blue/button/bottom_right.jpg HTTP/1.1" 200 1436
180.174.250.202 - - [04/Dec/2021:11:15:27 +0800] "POST /xingrg/kc/buy/cgsh_order_operate.html HTTP/1.1" 200 8245
180.174.250.202 - - [04/Dec/2021:11:15:27 +0800] "GET /xingrg/javascript/easyui/themes/default/validatebox.css HTTP/1.1" 404 1104
58.39.139.200 - - [04/Dec/2021:11:15:28 +0800] "GET /xingrg/check_reg.html?_=1638587729508 HTTP/1.1" 200 22
58.39.139.200 - - [04/Dec/2021:11:15:28 +0800] "GET /xingrg/all/function/internal_message.html?_=1638587729512&CODE_STATE=getMsg HTTP/1.1" 200 27
180.174.250.202 - - [04/Dec/2021:11:15:32 +0800] "GET /xingrg/all/function/internal_message.html?_=1638587740376&CODE_STATE=getMsg HTTP/1.1" 200 27
58.39.139.200 - - [04/Dec/2021:11:15:32 +0800] "GET /xingrg/all/function/internal_message.html?_=1638587670386&CODE_STATE=getMsg HTTP/1.1" 200 27
58.39.139.200 - - [04/Dec/2021:11:15:32 +0800] "GET /xingrg/check_reg.html?_=1638587670390 HTTP/1.1" 200 22
180.162.114.163 - - [04/Dec/2021:11:15:34 +0800] "GET /xingrg/all/function/internal_message.html?_=1638587196281&CODE_STATE=getMsg HTTP/1.1" 200 27
180.157.253.6 - - [04/Dec/2021:11:15:35 +0800] "GET /xingrg/all/function/internal_message.html?_=1638587739398&CODE_STATE=getMsg HTTP/1.1" 200 27
120.253.135.82 - - [04/Dec/2021:11:15:37 +0800] "GET /xingrg/system/info/materiel_manager.html HTTP/1.1" 200 19497
120.253.135.82 - - [04/Dec/2021:11:15:37 +0800] "GET /xingrg/dwr/interface/AjaxBaseInfoService.js HTTP/1.1" 200 21363
120.253.135.82 - - [04/Dec/2021:11:15:37 +0800] "GET /xingrg/dwr/interface/AjaxComOrderService.js HTTP/1.1" 200 18264
120.253.135.82 - - [04/Dec/2021:11:15:37 +0800] "GET /xingrg/dwr/engine.js HTTP/1.1" 200 43631
116.227.210.113 - - [04/Dec/2021:11:15:38 +0800] "GET /xingrg/kc/buy/cgsh_order_operate.html?command=get_materiel&rest_code=00155&code=00101002006&supplier_code=00100199&order_time=2021-12-04 HTTP/1.1" 200 416
222.70.171.86 - - [04/Dec/2021:11:15:40 +0800] "GET /xingrg/check_reg.html?_=1638587738263 HTTP/1.1" 200 22
222.70.171.86 - - [04/Dec/2021:11:15:41 +0800] "GET /xingrg/all/function/internal_message.html?_=1638587739443&CODE_STATE=getMsg HTTP/1.1" 200 27
172.20.0.100 - - [04/Dec/2021:11:15:42 +0800] "GET /xingrg/all/function/internal_message.html?_=1638587741712&CODE_STATE=getMsg HTTP/1.1" 200 27
120.253.135.82 - - [04/Dec/2021:11:15:46 +0800] "GET /xingrg/kc/info/info_main.html HTTP/1.1" 200 6010
180.174.250.202 - - [04/Dec/2021:11:15:46 +0800] "GET /xingrg/kc/buy/cgsh_order_operate.html?command=get_materiel&rest_code=00102&code=00101010742&supplier_code=00100480&order_time=2021-12-03 HTTP/1.1" 200 400
58.40.7.146 - - [04/Dec/2021:11:15:46 +0800] "GET /xingrg/check_reg.html?_=1638587749292 HTTP/1.1" 200 22
58.40.7.146 - - [04/Dec/2021:11:15:46 +0800] "GET /xingrg/all/function/internal_message.html?_=1638587749301&CODE_STATE=getMsg HTTP/1.1" 200 27
101.85.55.123 - - [04/Dec/2021:11:15:48 +0800] "GET /xingrg/all/function/internal_message.html?_=1638587741473&CODE_STATE=getMsg HTTP/1.1" 200 27
114.83.217.40 - - [04/Dec/2021:11:15:49 +0800] "GET /xingrg/all/function/internal_message.html?_=1638587749890&CODE_STATE=getMsg HTTP/1.1" 200 27
101.85.120.86 - - [04/Dec/2021:11:15:53 +0800] "GET /xingrg/all/function/internal_message.html?_=1638587754374&CODE_STATE=getMsg HTTP/1.1" 200 27
120.253.135.82 - - [04/Dec/2021:11:15:54 +0800] "GET /xingrg/system/supplier/kcSuppSort.html HTTP/1.1" 200 5389
120.253.135.82 - - [04/Dec/2021:11:15:54 +0800] "GET /xingrg/dwr/interface/AjaxKcSupplierService.js HTTP/1.1" 200 13003
120.253.135.82 - - [04/Dec/2021:11:15:54 +0800] "GET /xingrg/dwr/engine.js HTTP/1.1" 200 43631
120.253.135.82 - - [04/Dec/2021:11:15:56 +0800] "GET /xingrg/javascript/jquery_easy_ui/themes/default/images/tabs_active.png HTTP/1.1" 304 -
222.70.176.97 - - [04/Dec/2021:11:15:56 +0800] "GET /xingrg/all/function/internal_message.html?_=1638587754997&CODE_STATE=getMsg HTTP/1.1" 200 27
61.151.178.165 - - [04/Dec/2021:11:15:56 +0800] "GET /xingrg/all/function/internal_message.html?_=1638587708568&CODE_STATE=getMsg HTTP/1.1" 302 -
124.78.153.86 - - [04/Dec/2021:11:15:57 +0800] "GET /xingrg/all/function/internal_message.html?_=1638587768545&CODE_STATE=getMsg HTTP/1.1" 200 27
61.151.178.165 - - [04/Dec/2021:11:15:58 +0800] "GET /xingrg/login.html HTTP/1.1" 200 7641
116.233.78.65 - - [04/Dec/2021:11:15:58 +0800] "GET /xingrg/all/function/internal_message.html?_=1638587760657&CODE_STATE=getMsg HTTP/1.1" 200 27
116.233.78.65 - - [04/Dec/2021:11:15:58 +0800] "GET /xingrg/check_reg.html?_=1638587760661 HTTP/1.1" 200 22
120.253.135.82 - - [04/Dec/2021:11:16:02 +0800] "GET /xingrg/system/sys_right.html HTTP/1.1" 200 10939
120.253.135.82 - - [04/Dec/2021:11:16:02 +0800] "GET /xingrg/dwr/interface/AjaxSystemService.js HTTP/1.1" 200 13657
120.253.135.82 - - [04/Dec/2021:11:16:02 +0800] "GET /xingrg/dwr/engine.js HTTP/1.1" 200 43631
180.174.250.202 - - [04/Dec/2021:11:16:03 +0800] "GET /xingrg/kc/buy/cgsh_order_operate.html?command=get_materiel&rest_code=00102&code=00101010320&supplier_code=00100480&order_time=2021-12-03 HTTP/1.1" 200 410
120.253.135.82 - - [04/Dec/2021:11:16:05 +0800] "GET /xingrg/all/function/internal_message.html?_=1638587771109&CODE_STATE=getMsg HTTP/1.1" 200 27
124.78.153.86 - - [04/Dec/2021:11:16:06 +0800] "GET /xingrg/kc/base/wldb_order_operate.html?command=get_materiel&rest_code=00106&base_code=0010397&code=00102002238 HTTP/1.1" 200 434
58.37.8.149 - - [04/Dec/2021:11:16:06 +0800] "GET /xingrg/all/function/internal_message.html?_=1638587588524&CODE_STATE=getMsg HTTP/1.1" 200 27
180.174.250.202 - - [04/Dec/2021:11:16:08 +0800] "GET /xingrg/all/function/internal_message.html?_=1638587768604&CODE_STATE=getMsg HTTP/1.1" 200 27
222.70.171.86 - - [04/Dec/2021:11:16:09 +0800] "GET /xingrg/kc/buy/cgsh_order_operate.html?command=get_materiel&rest_code=00146&code=00101009030&supplier_code=00100005&order_time=2021-12-04 HTTP/1.1" 200 413
116.238.248.233 - - [04/Dec/2021:11:16:10 +0800] "GET /xingrg/all/function/internal_message.html?_=1638587771695&CODE_STATE=getMsg HTTP/1.1" 200 27
124.78.153.86 - - [04/Dec/2021:11:16:12 +0800] "GET /xingrg/kc/base/wldb_order_operate.html?command=get_materiel&rest_code=00106&base_code=0010397&code=00102002006 HTTP/1.1" 200 468
120.253.135.82 - - [04/Dec/2021:11:16:12 +0800] "GET /xingrg/all/function/internal_message.html?_=1638587762818&CODE_STATE=getMsg HTTP/1.1" 200 27
58.221.95.50 - - [04/Dec/2021:11:16:13 +0800] "GET /xingrg/check_reg.html?_=1638587775636 HTTP/1.1" 302 -
124.78.153.86 - - [04/Dec/2021:11:16:17 +0800] "POST /xingrg/kc/base/wldb_order_operate.html HTTP/1.1" 200 37
222.70.171.86 - - [04/Dec/2021:11:16:17 +0800] "POST /xingrg/kc/buy/cgsh_order_operate.html HTTP/1.1" 200 2065
124.78.153.86 - - [04/Dec/2021:11:16:17 +0800] "POST /xingrg/kc/base/wldb_order_operate.html HTTP/1.1" 200 3645
180.174.250.202 - - [04/Dec/2021:11:16:17 +0800] "GET /xingrg/kc/buy/cgsh_order_operate.html?command=get_materiel&rest_code=00102&code=00101004006&supplier_code=00100480&order_time=2021-12-03 HTTP/1.1" 200 425
124.78.153.86 - - [04/Dec/2021:11:16:17 +0800] "GET /xingrg/kc/base/wldb_order_info.html?code=422021120400349 HTTP/1.1" 200 30497
124.78.153.86 - - [04/Dec/2021:11:16:18 +0800] "GET /xingrg/javascript/easyui/themes/default/validatebox.css HTTP/1.1" 404 1104
124.78.153.86 - - [04/Dec/2021:11:16:18 +0800] "POST /xingrg/kc/base/wldb_order_operate.html HTTP/1.1" 200 3645
172.20.0.100 - - [04/Dec/2021:11:16:19 +0800] "GET /xingrg/all/function/internal_message.html?_=1638587779048&CODE_STATE=getMsg HTTP/1.1" 200 27
116.227.210.113 - - [04/Dec/2021:11:16:21 +0800] "GET /xingrg/all/function/internal_message.html?_=1638587780628&CODE_STATE=getMsg HTTP/1.1" 200 27
180.169.147.146 - - [04/Dec/2021:11:16:22 +0800] "GET /xingrg/all/function/internal_message.html?_=1638587785152&CODE_STATE=getMsg HTTP/1.1" 200 27
124.78.153.86 - - [04/Dec/2021:11:16:24 +0800] "POST /xingrg/kc/base/wldb_list_operate.html HTTP/1.1" 200 3356
124.78.153.86 - - [04/Dec/2021:11:16:24 +0800] "POST /xingrg/kc/base/wldb_list_operate.html HTTP/1.1" 200 439
114.85.125.222 - - [04/Dec/2021:11:16:25 +0800] "GET /xingrg/all/function/internal_message.html?_=1638587751095&CODE_STATE=getMsg HTTP/1.1" 200 27
120.253.135.82 - - [04/Dec/2021:11:16:26 +0800] "GET /xingrg/system/user/user_list.html HTTP/1.1" 200 6716
120.253.135.82 - - [04/Dec/2021:11:16:26 +0800] "POST /xingrg/all/common/load_tree.html?tree=area_rest_tree_json&hasUser=1 HTTP/1.1" 200 21744
120.253.135.82 - - [04/Dec/2021:11:16:26 +0800] "GET /xingrg/javascript/jquery_easy_ui/themes/icons/edit_add_new.png HTTP/1.1" 200 2997
120.253.135.82 - - [04/Dec/2021:11:16:26 +0800] "GET /xingrg/javascript/jquery_easy_ui/themes/icons/cance_new.png HTTP/1.1" 200 3986
120.253.135.82 - - [04/Dec/2021:11:16:26 +0800] "POST /xingrg/all/common/load_tree.html?tree=area_rest_tree_json&hasUser=1 HTTP/1.1" 200 21744
120.253.135.82 - - [04/Dec/2021:11:16:26 +0800] "GET /xingrg/javascript/jquery_easy_ui/themes/icons/accept_new.png HTTP/1.1" 200 722
180.174.250.202 - - [04/Dec/2021:11:16:26 +0800] "POST /xingrg/kc/buy/cgsh_order_operate.html HTTP/1.1" 200 37
58.39.139.200 - - [04/Dec/2021:11:16:28 +0800] "GET /xingrg/all/function/internal_message.html?_=1638587789512&CODE_STATE=getMsg HTTP/1.1" 200 27
180.174.250.202 - - [04/Dec/2021:11:16:32 +0800] "GET /xingrg/all/function/internal_message.html?_=1638587800349&CODE_STATE=getMsg HTTP/1.1" 200 27
58.39.139.200 - - [04/Dec/2021:11:16:32 +0800] "GET /xingrg/all/function/internal_message.html?_=1638587730397&CODE_STATE=getMsg HTTP/1.1" 200 27
180.174.250.202 - - [04/Dec/2021:11:16:32 +0800] "POST /xingrg/kc/buy/cgsh_order_operate.html HTTP/1.1" 200 12
180.174.250.202 - - [04/Dec/2021:11:16:34 +0800] "GET /xingrg/kc/buy/cgsh_order_info.html?code=212021120401299 HTTP/1.1" 200 60024
180.162.114.163 - - [04/Dec/2021:11:16:34 +0800] "GET /xingrg/all/function/internal_message.html?_=1638587256280&CODE_STATE=getMsg HTTP/1.1" 200 27
180.174.250.202 - - [04/Dec/2021:11:16:34 +0800] "GET /xingrg/javascript/easyui/themes/default/validatebox.css HTTP/1.1" 404 1104
