180.169.147.146 - - [04/Dec/2021:09:54:30 +0800] "GET /xingrg/all/function/internal_message.html?_=1638582873033&CODE_STATE=getMsg HTTP/1.1" 200 27
180.174.250.202 - - [04/Dec/2021:09:54:30 +0800] "GET /xingrg/javascript/easyui/themes/default/validatebox.css HTTP/1.1" 404 1104
180.174.250.202 - - [04/Dec/2021:09:54:30 +0800] "POST /xingrg/kc/buy/cgsh_order_operate.html HTTP/1.1" 200 3559
58.39.139.200 - - [04/Dec/2021:09:54:32 +0800] "GET /xingrg/all/function/internal_message.html?_=1638582810292&CODE_STATE=getMsg HTTP/1.1" 200 27
172.20.0.100 - - [04/Dec/2021:09:54:34 +0800] "GET /xingrg/all/function/internal_message.html?_=1638582873845&CODE_STATE=getMsg HTTP/1.1" 200 27
222.70.171.86 - - [04/Dec/2021:09:54:39 +0800] "GET /xingrg/check_reg.html?_=1638582900034 HTTP/1.1" 302 -
222.70.171.86 - - [04/Dec/2021:09:54:40 +0800] "GET /xingrg/all/function/internal_message.html?_=1638582878186&CODE_STATE=getMsg HTTP/1.1" 200 27
180.174.250.202 - - [04/Dec/2021:09:54:41 +0800] "GET /xingrg/kc/print/load_data.html?order_code=212021120401240&kc_code=cgsh&condition= HTTP/1.1" 200 1796
114.85.125.222 - - [04/Dec/2021:09:54:43 +0800] "POST /xingrg/kc/buy/cgsh_order_operate.html HTTP/1.1" 200 37
222.70.176.97 - - [04/Dec/2021:09:54:44 +0800] "GET /xingrg/kc/buy/cgsh_order_operate.html?command=get_materiel&rest_code=00111&code=00101008098&supplier_code=00100005&order_time=2021-12-04 HTTP/1.1" 200 412
114.85.125.222 - - [04/Dec/2021:09:54:47 +0800] "POST /xingrg/kc/buy/cgsh_order_operate.html HTTP/1.1" 200 12
114.85.125.222 - - [04/Dec/2021:09:54:48 +0800] "GET /xingrg/kc/buy/cgsh_order_info.html?code=212021120401238 HTTP/1.1" 200 59673
114.85.125.222 - - [04/Dec/2021:09:54:49 +0800] "GET /xingrg/javascript/easyui/themes/default/validatebox.css HTTP/1.1" 404 1104
114.85.125.222 - - [04/Dec/2021:09:54:49 +0800] "POST /xingrg/kc/buy/cgsh_order_operate.html HTTP/1.1" 200 17346
114.83.217.40 - - [04/Dec/2021:09:54:51 +0800] "GET /xingrg/all/function/internal_message.html?_=1638582891092&CODE_STATE=getMsg HTTP/1.1" 200 27
114.85.125.222 - - [04/Dec/2021:09:54:53 +0800] "GET /xingrg/kc/print/load_data.html?order_code=212021120401238&kc_code=cgsh&condition= HTTP/1.1" 200 7208
222.70.176.97 - - [04/Dec/2021:09:54:56 +0800] "GET /xingrg/all/function/internal_message.html?_=1638582894948&CODE_STATE=getMsg HTTP/1.1" 200 27
116.233.78.65 - - [04/Dec/2021:09:54:58 +0800] "GET /xingrg/all/function/internal_message.html?_=1638582899755&CODE_STATE=getMsg HTTP/1.1" 200 27
180.174.250.202 - - [04/Dec/2021:09:55:02 +0800] "GET /xingrg/all/function/internal_message.html?_=1638582902727&CODE_STATE=getMsg HTTP/1.1" 200 27
222.70.176.97 - - [04/Dec/2021:09:55:06 +0800] "GET /xingrg/kc/buy/cgsh_order_operate.html?command=get_materiel&rest_code=00111&code=00101008105&supplier_code=00100005&order_time=2021-12-04 HTTP/1.1" 200 412
120.253.135.82 - - [04/Dec/2021:09:55:10 +0800] "GET /xingrg/all/function/internal_message.html?_=1638582689394&CODE_STATE=getMsg HTTP/1.1" 200 27
222.70.176.97 - - [04/Dec/2021:09:55:11 +0800] "POST /xingrg/kc/buy/cgsh_order_operate.html HTTP/1.1" 200 2065
222.70.171.86 - - [04/Dec/2021:09:55:17 +0800] "POST /xingrg/services/DataTransmitService HTTP/1.1" 200 524
222.70.171.86 - - [04/Dec/2021:09:55:18 +0800] "POST /xingrg/services/DataTransmitService HTTP/1.1" 200 2171
222.70.171.86 - - [04/Dec/2021:09:55:18 +0800] "POST /xingrg/services/DataTransmitService HTTP/1.1" 200 164607
172.20.0.100 - - [04/Dec/2021:09:55:19 +0800] "GET /xingrg/all/function/internal_message.html?_=1638582919061&CODE_STATE=getMsg HTTP/1.1" 200 27
116.233.78.65 - - [04/Dec/2021:09:55:19 +0800] "POST /xingrg/kc/buy/cgsh_order_operate.html HTTP/1.1" 200 37
116.233.78.65 - - [04/Dec/2021:09:55:21 +0800] "POST /xingrg/kc/buy/cgsh_order_operate.html HTTP/1.1" 200 26935
58.39.139.200 - - [04/Dec/2021:09:55:28 +0800] "GET /xingrg/all/function/internal_message.html?_=1638582929453&CODE_STATE=getMsg HTTP/1.1" 200 27
58.39.139.200 - - [04/Dec/2021:09:55:28 +0800] "GET /xingrg/check_reg.html?_=1638582929457 HTTP/1.1" 200 22
114.85.125.222 - - [04/Dec/2021:09:55:28 +0800] "GET /xingrg/all/function/internal_message.html?_=1638582894302&CODE_STATE=getMsg HTTP/1.1" 200 27
180.169.147.146 - - [04/Dec/2021:09:55:30 +0800] "GET /xingrg/all/function/internal_message.html?_=1638582933037&CODE_STATE=getMsg HTTP/1.1" 200 27
180.169.147.146 - - [04/Dec/2021:09:55:30 +0800] "GET /xingrg/check_reg.html?_=1638582933039 HTTP/1.1" 200 22
58.39.139.200 - - [04/Dec/2021:09:55:32 +0800] "GET /xingrg/check_reg.html?_=1638582870292 HTTP/1.1" 200 22
58.39.139.200 - - [04/Dec/2021:09:55:32 +0800] "GET /xingrg/all/function/internal_message.html?_=1638582870295&CODE_STATE=getMsg HTTP/1.1" 200 27
172.20.0.100 - - [04/Dec/2021:09:55:34 +0800] "GET /xingrg/all/function/internal_message.html?_=1638582933847&CODE_STATE=getMsg HTTP/1.1" 200 27
172.20.0.100 - - [04/Dec/2021:09:55:34 +0800] "GET /xingrg/check_reg.html?_=1638582933848 HTTP/1.1" 200 22
114.83.217.40 - - [04/Dec/2021:09:55:38 +0800] "GET /xingrg/javascript/jquery_easy_ui/themes/default/images/tabs_active.png HTTP/1.1" 200 2894
222.70.171.86 - - [04/Dec/2021:09:55:40 +0800] "GET /xingrg/check_reg.html?_=1638582938075 HTTP/1.1" 200 22
222.70.171.86 - - [04/Dec/2021:09:55:40 +0800] "GET /xingrg/all/function/internal_message.html?_=1638582938200&CODE_STATE=getMsg HTTP/1.1" 200 27
222.70.176.97 - - [04/Dec/2021:09:55:41 +0800] "GET /xingrg/kc/buy/cgsh_order_operate.html?command=get_materiel&rest_code=00111&code=00101008043&supplier_code=00100005&order_time=2021-12-04 HTTP/1.1" 200 416
114.83.217.40 - - [04/Dec/2021:09:55:51 +0800] "GET /xingrg/all/function/internal_message.html?_=1638582951076&CODE_STATE=getMsg HTTP/1.1" 200 27
222.70.176.97 - - [04/Dec/2021:09:55:56 +0800] "GET /xingrg/all/function/internal_message.html?_=1638582954922&CODE_STATE=getMsg HTTP/1.1" 200 27
116.233.78.65 - - [04/Dec/2021:09:55:58 +0800] "GET /xingrg/all/function/internal_message.html?_=1638582959757&CODE_STATE=getMsg HTTP/1.1" 200 27
116.233.78.65 - - [04/Dec/2021:09:55:58 +0800] "GET /xingrg/check_reg.html?_=1638582959759 HTTP/1.1" 200 22
180.174.250.202 - - [04/Dec/2021:09:56:02 +0800] "GET /xingrg/all/function/internal_message.html?_=1638582962741&CODE_STATE=getMsg HTTP/1.1" 200 27
222.70.176.97 - - [04/Dec/2021:09:56:04 +0800] "GET /xingrg/kc/buy/cgsh_order_operate.html?command=get_materiel&rest_code=00111&code=00101008278&supplier_code=00100005&order_time=2021-12-04 HTTP/1.1" 200 412
120.253.135.82 - - [04/Dec/2021:09:56:10 +0800] "GET /xingrg/all/function/internal_message.html?_=1638582749438&CODE_STATE=getMsg HTTP/1.1" 200 27
222.70.176.97 - - [04/Dec/2021:09:56:17 +0800] "POST /xingrg/kc/buy/cgsh_order_operate.html HTTP/1.1" 200 37
172.20.0.100 - - [04/Dec/2021:09:56:19 +0800] "GET /xingrg/all/function/internal_message.html?_=1638582979048&CODE_STATE=getMsg HTTP/1.1" 200 27
222.70.176.97 - - [04/Dec/2021:09:56:19 +0800] "POST /xingrg/kc/buy/cgsh_order_operate.html HTTP/1.1" 200 44042
222.70.176.97 - - [04/Dec/2021:09:56:21 +0800] "GET /xingrg/kc/print/load_config.html?kc_code=cgsh HTTP/1.1" 200 2281
222.70.176.97 - - [04/Dec/2021:09:56:21 +0800] "GET /xingrg/kc/print/load_data.html?order_code=212021120401239&kc_code=cgsh&condition= HTTP/1.1" 200 16327
58.39.139.200 - - [04/Dec/2021:09:56:28 +0800] "GET /xingrg/all/function/internal_message.html?_=1638582989437&CODE_STATE=getMsg HTTP/1.1" 200 27
114.85.125.222 - - [04/Dec/2021:09:56:28 +0800] "GET /xingrg/all/function/internal_message.html?_=1638582954409&CODE_STATE=getMsg HTTP/1.1" 200 27
222.70.176.97 - - [04/Dec/2021:09:56:29 +0800] "GET /xingrg/kc/buy/cgsh_order_add.html HTTP/1.1" 200 65059
222.70.176.97 - - [04/Dec/2021:09:56:29 +0800] "POST /xingrg/kc/buy/cgsh_order_operate.html HTTP/1.1" 200 8245
222.70.176.97 - - [04/Dec/2021:09:56:29 +0800] "GET /xingrg/javascript/easyui/themes/default/validatebox.css HTTP/1.1" 404 1104
180.169.147.146 - - [04/Dec/2021:09:56:30 +0800] "GET /xingrg/all/function/internal_message.html?_=1638582993039&CODE_STATE=getMsg HTTP/1.1" 200 27
222.70.176.97 - - [04/Dec/2021:09:56:31 +0800] "GET /xingrg/javascript/easyui/themes/default/tree.css HTTP/1.1" 404 1090
222.70.176.97 - - [04/Dec/2021:09:56:31 +0800] "POST /xingrg/all/common/load_tree.html?tree=supplier_tree_json&isDelete=1 HTTP/1.1" 200 60927
58.39.139.200 - - [04/Dec/2021:09:56:32 +0800] "GET /xingrg/all/function/internal_message.html?_=1638582930295&CODE_STATE=getMsg HTTP/1.1" 200 27
172.20.0.100 - - [04/Dec/2021:09:56:34 +0800] "GET /xingrg/all/function/internal_message.html?_=1638582993849&CODE_STATE=getMsg HTTP/1.1" 200 27
116.233.78.65 - - [04/Dec/2021:09:56:34 +0800] "POST /xingrg/kc/buy/cgsh_order_operate.html HTTP/1.1" 200 37
180.174.250.202 - - [04/Dec/2021:09:56:35 +0800] "GET /xingrg/kc/buy/cgsh_order_add.html HTTP/1.1" 200 65103
180.174.250.202 - - [04/Dec/2021:09:56:37 +0800] "POST /xingrg/kc/buy/cgsh_order_operate.html HTTP/1.1" 200 8245
180.174.250.202 - - [04/Dec/2021:09:56:37 +0800] "GET /xingrg/javascript/easyui/themes/default/validatebox.css HTTP/1.1" 404 1104
222.70.171.86 - - [04/Dec/2021:09:56:40 +0800] "GET /xingrg/all/function/internal_message.html?_=1638582998215&CODE_STATE=getMsg HTTP/1.1" 200 27
116.233.78.65 - - [04/Dec/2021:09:56:48 +0800] "POST /xingrg/kc/buy/cgsh_order_operate.html HTTP/1.1" 200 26935
114.83.217.40 - - [04/Dec/2021:09:56:51 +0800] "GET /xingrg/all/function/internal_message.html?_=1638583011064&CODE_STATE=getMsg HTTP/1.1" 200 27
222.70.176.97 - - [04/Dec/2021:09:56:55 +0800] "GET /xingrg/kc/buy/cgsh_order_operate.html?command=get_materiel&rest_code=00111&code=00101002027&supplier_code=00100199&order_time=2021-12-04 HTTP/1.1" 200 415
116.233.78.65 - - [04/Dec/2021:09:56:55 +0800] "GET /xingrg/kc/buy/cgsh_order_operate.html?command=get_materiel&rest_code=00109&code=00101008213&supplier_code=00100005&order_time=2021-12-04 HTTP/1.1" 200 412
222.70.176.97 - - [04/Dec/2021:09:56:56 +0800] "GET /xingrg/all/function/internal_message.html?_=1638583014941&CODE_STATE=getMsg HTTP/1.1" 200 27
222.70.176.97 - - [04/Dec/2021:09:56:56 +0800] "GET /xingrg/check_reg.html?_=1638583014943 HTTP/1.1" 200 22
116.233.78.65 - - [04/Dec/2021:09:56:58 +0800] "GET /xingrg/all/function/internal_message.html?_=1638583019758&CODE_STATE=getMsg HTTP/1.1" 200 27
222.70.171.86 - - [04/Dec/2021:09:57:02 +0800] "POST /xingrg/kc/buy/cgsh_list_operate.html HTTP/1.1" 200 4368
180.174.250.202 - - [04/Dec/2021:09:57:02 +0800] "GET /xingrg/all/function/internal_message.html?_=1638583022754&CODE_STATE=getMsg HTTP/1.1" 200 27
116.233.78.65 - - [04/Dec/2021:09:57:03 +0800] "GET /xingrg/kc/buy/cgsh_order_operate.html?command=get_materiel&rest_code=00109&code=00101008010&supplier_code=00100005&order_time=2021-12-04 HTTP/1.1" 200 412
120.253.135.82 - - [04/Dec/2021:09:57:10 +0800] "GET /xingrg/all/function/internal_message.html?_=1638582809453&CODE_STATE=getMsg HTTP/1.1" 200 27
116.233.78.65 - - [04/Dec/2021:09:57:12 +0800] "POST /xingrg/kc/buy/cgsh_order_operate.html HTTP/1.1" 200 37
116.233.78.65 - - [04/Dec/2021:09:57:14 +0800] "POST /xingrg/kc/buy/cgsh_order_operate.html HTTP/1.1" 200 28118
172.20.0.100 - - [04/Dec/2021:09:57:19 +0800] "GET /xingrg/all/function/internal_message.html?_=1638583039050&CODE_STATE=getMsg HTTP/1.1" 200 27
114.85.125.222 - - [04/Dec/2021:09:57:24 +0800] "GET /xingrg/check_reg.html?_=1638583010740 HTTP/1.1" 200 22
58.39.139.200 - - [04/Dec/2021:09:57:28 +0800] "GET /xingrg/all/function/internal_message.html?_=1638583049437&CODE_STATE=getMsg HTTP/1.1" 200 27
114.85.125.222 - - [04/Dec/2021:09:57:28 +0800] "GET /xingrg/all/function/internal_message.html?_=1638583014423&CODE_STATE=getMsg HTTP/1.1" 200 27
180.169.147.146 - - [04/Dec/2021:09:57:30 +0800] "GET /xingrg/all/function/internal_message.html?_=1638583053041&CODE_STATE=getMsg HTTP/1.1" 200 27
58.39.139.200 - - [04/Dec/2021:09:57:32 +0800] "GET /xingrg/all/function/internal_message.html?_=1638582990295&CODE_STATE=getMsg HTTP/1.1" 200 27
172.20.0.100 - - [04/Dec/2021:09:57:34 +0800] "GET /xingrg/all/function/internal_message.html?_=1638583053837&CODE_STATE=getMsg HTTP/1.1" 200 27
222.70.171.86 - - [04/Dec/2021:09:57:35 +0800] "POST /xingrg/kc/buy/cgsh_list_operate.html HTTP/1.1" 200 4368
222.70.171.86 - - [04/Dec/2021:09:57:40 +0800] "GET /xingrg/all/function/internal_message.html?_=1638583058228&CODE_STATE=getMsg HTTP/1.1" 200 27
222.70.171.86 - - [04/Dec/2021:09:57:40 +0800] "POST /xingrg/kc/buy/cgsh_list_operate.html HTTP/1.1" 200 5667
114.83.217.40 - - [04/Dec/2021:09:57:48 +0800] "GET /xingrg/check_reg.html?_=1638583068664 HTTP/1.1" 200 22
114.83.217.40 - - [04/Dec/2021:09:57:51 +0800] "GET /xingrg/all/function/internal_message.html?_=1638583071055&CODE_STATE=getMsg HTTP/1.1" 200 27
222.70.176.97 - - [04/Dec/2021:09:57:56 +0800] "GET /xingrg/all/function/internal_message.html?_=1638583074944&CODE_STATE=getMsg HTTP/1.1" 200 27
116.233.78.65 - - [04/Dec/2021:09:57:58 +0800] "GET /xingrg/all/function/internal_message.html?_=1638583079762&CODE_STATE=getMsg HTTP/1.1" 200 27
222.70.171.86 - - [04/Dec/2021:09:57:59 +0800] "POST /xingrg/kc/buy/cgsh_list_operate.html HTTP/1.1" 200 5672
180.174.250.202 - - [04/Dec/2021:09:58:02 +0800] "GET /xingrg/all/function/internal_message.html?_=1638583082768&CODE_STATE=getMsg HTTP/1.1" 200 27
222.70.176.97 - - [04/Dec/2021:09:58:07 +0800] "GET /xingrg/kc/buy/cgsh_order_operate.html?command=get_materiel&rest_code=00111&code=00101002006&supplier_code=00100199&order_time=2021-12-04 HTTP/1.1" 200 416
120.253.135.82 - - [04/Dec/2021:09:58:10 +0800] "GET /xingrg/check_reg.html?_=1638582869275 HTTP/1.1" 200 22
120.253.135.82 - - [04/Dec/2021:09:58:10 +0800] "GET /xingrg/all/function/internal_message.html?_=1638582869467&CODE_STATE=getMsg HTTP/1.1" 200 27
172.20.0.100 - - [04/Dec/2021:09:58:19 +0800] "GET /xingrg/all/function/internal_message.html?_=1638583099051&CODE_STATE=getMsg HTTP/1.1" 200 27
172.20.0.100 - - [04/Dec/2021:09:58:19 +0800] "GET /xingrg/check_reg.html?_=1638583099054 HTTP/1.1" 200 22
101.85.120.86 - - [04/Dec/2021:09:58:26 +0800] "GET /favicon.ico HTTP/1.1" 404 -
222.70.176.97 - - [04/Dec/2021:09:58:28 +0800] "GET /xingrg/kc/buy/cgsh_order_operate.html?command=get_materiel&rest_code=00111&code=00101004020&supplier_code=00100199&order_time=2021-12-04 HTTP/1.1" 200 409
58.39.139.200 - - [04/Dec/2021:09:58:28 +0800] "GET /xingrg/all/function/internal_message.html?_=1638583109447&CODE_STATE=getMsg HTTP/1.1" 200 27
114.85.125.222 - - [04/Dec/2021:09:58:28 +0800] "GET /xingrg/all/function/internal_message.html?_=1638583074437&CODE_STATE=getMsg HTTP/1.1" 200 27
180.169.147.146 - - [04/Dec/2021:09:58:30 +0800] "GET /xingrg/all/function/internal_message.html?_=1638583113045&CODE_STATE=getMsg HTTP/1.1" 200 27
58.39.139.200 - - [04/Dec/2021:09:58:32 +0800] "GET /xingrg/all/function/internal_message.html?_=1638583050295&CODE_STATE=getMsg HTTP/1.1" 200 27
172.20.0.100 - - [04/Dec/2021:09:58:34 +0800] "GET /xingrg/all/function/internal_message.html?_=1638583113843&CODE_STATE=getMsg HTTP/1.1" 200 27
222.70.171.86 - - [04/Dec/2021:09:58:40 +0800] "GET /xingrg/all/function/internal_message.html?_=1638583118241&CODE_STATE=getMsg HTTP/1.1" 200 27
222.70.176.97 - - [04/Dec/2021:09:58:41 +0800] "POST /xingrg/kc/buy/cgsh_order_operate.html HTTP/1.1" 200 37
222.70.176.97 - - [04/Dec/2021:09:58:42 +0800] "POST /xingrg/kc/buy/cgsh_order_operate.html HTTP/1.1" 200 4438
222.70.176.97 - - [04/Dec/2021:09:58:45 +0800] "GET /xingrg/kc/print/load_data.html?order_code=212021120401241&kc_code=cgsh&condition= HTTP/1.1" 200 1343
114.83.217.40 - - [04/Dec/2021:09:58:51 +0800] "GET /xingrg/all/function/internal_message.html?_=1638583131026&CODE_STATE=getMsg HTTP/1.1" 200 27
222.70.176.97 - - [04/Dec/2021:09:58:56 +0800] "GET /xingrg/all/function/internal_message.html?_=1638583134937&CODE_STATE=getMsg HTTP/1.1" 200 27
116.233.78.65 - - [04/Dec/2021:09:58:58 +0800] "GET /xingrg/all/function/internal_message.html?_=1638583139763&CODE_STATE=getMsg HTTP/1.1" 200 27
180.174.250.202 - - [04/Dec/2021:09:59:02 +0800] "GET /xingrg/check_reg.html?_=1638583142650 HTTP/1.1" 200 22
180.174.250.202 - - [04/Dec/2021:09:59:02 +0800] "GET /xingrg/all/function/internal_message.html?_=1638583142783&CODE_STATE=getMsg HTTP/1.1" 200 27
120.253.135.82 - - [04/Dec/2021:09:59:10 +0800] "GET /xingrg/all/function/internal_message.html?_=1638582929480&CODE_STATE=getMsg HTTP/1.1" 200 27
172.20.0.100 - - [04/Dec/2021:09:59:19 +0800] "GET /xingrg/all/function/internal_message.html?_=1638583159055&CODE_STATE=getMsg HTTP/1.1" 200 27
180.169.147.146 - - [04/Dec/2021:09:59:21 +0800] "POST /xingrg/all/user/operate.html HTTP/1.1" 200 36
180.169.147.146 - - [04/Dec/2021:09:59:21 +0800] "GET /xingrg/index.html?sysBaseUrl=http%3A%2F%2F180.169.147.146%3A18081%2Fxingrg%2F&costTime=188×tamp=1638581423358 HTTP/1.1" 200 17509
180.169.147.146 - - [04/Dec/2021:09:59:21 +0800] "GET /xingrg/javascript/jquery_easy_ui/themes/default/easyui.css HTTP/1.1" 304 -
180.169.147.146 - - [04/Dec/2021:09:59:21 +0800] "GET /xingrg/javascript/jquery_easy_ui/themes/icon.css HTTP/1.1" 304 -
180.169.147.146 - - [04/Dec/2021:09:59:21 +0800] "GET /xingrg/css/form.css HTTP/1.1" 304 -
180.169.147.146 - - [04/Dec/2021:09:59:21 +0800] "GET /xingrg/javascript/jquery-1.4.2.min.js HTTP/1.1" 304 -
180.169.147.146 - - [04/Dec/2021:09:59:21 +0800] "GET /xingrg/javascript/jquery_easy_ui/jquery.easyui.min.js HTTP/1.1" 304 -
180.169.147.146 - - [04/Dec/2021:09:59:21 +0800] "GET /xingrg/javascript/jquery_easy_ui/easyui-lang-zh_CN.js HTTP/1.1" 304 -
180.169.147.146 - - [04/Dec/2021:09:59:21 +0800] "GET /xingrg/javascript/jquery.form.js HTTP/1.1" 304 -
180.169.147.146 - - [04/Dec/2021:09:59:21 +0800] "GET /xingrg/javascript/jquery.utils.js HTTP/1.1" 304 -
180.169.147.146 - - [04/Dec/2021:09:59:21 +0800] "GET /xingrg/javascript/jquery.timers.js HTTP/1.1" 304 -
180.169.147.146 - - [04/Dec/2021:09:59:21 +0800] "GET /xingrg/images/blue/jxLogo.png HTTP/1.1" 304 -
180.169.147.146 - - [04/Dec/2021:09:59:21 +0800] "GET /xingrg/images/blue/navBackgound.jpg HTTP/1.1" 304 -
180.169.147.146 - - [04/Dec/2021:09:59:21 +0800] "GET /xingrg/javascript/jquery_easy_ui/themes/icons/settle_new.png HTTP/1.1" 304 -
180.169.147.146 - - [04/Dec/2021:09:59:21 +0800] "POST /xingrg/all/common/load_tree.html?tree=area_rest_tree_json&manage=1 HTTP/1.1" 200 3472
180.169.147.146 - - [04/Dec/2021:09:59:21 +0800] "GET /xingrg/all/function/internal_message.html?_=1638583164917&CODE_STATE=count HTTP/1.1" 200 11
180.169.147.146 - - [04/Dec/2021:09:59:21 +0800] "GET /xingrg/check_reg.html?_=1638583164918 HTTP/1.1" 200 22
180.169.147.146 - - [04/Dec/2021:09:59:21 +0800] "GET /xingrg/javascript/jquery_easy_ui/themes/default/images/tabs_rightarrow.png HTTP/1.1" 304 -
180.169.147.146 - - [04/Dec/2021:09:59:21 +0800] "GET /xingrg/javascript/jquery_easy_ui/themes/default/images/panel_tool_collapse.gif HTTP/1.1" 304 -
180.169.147.146 - - [04/Dec/2021:09:59:21 +0800] "GET /xingrg/javascript/jquery_easy_ui/themes/default/images/panel_tool_expand.gif HTTP/1.1" 304 -
180.169.147.146 - - [04/Dec/2021:09:59:21 +0800] "GET /xingrg/images/blue/pingpu.png HTTP/1.1" 304 -
180.169.147.146 - - [04/Dec/2021:09:59:21 +0800] "GET /xingrg/javascript/jquery_easy_ui/themes/default/images/tabs_leftarrow.png HTTP/1.1" 304 -
180.169.147.146 - - [04/Dec/2021:09:59:22 +0800] "POST /xingrg/load_menu.html HTTP/1.1" 200 9959
180.169.147.146 - - [04/Dec/2021:09:59:24 +0800] "GET /xingrg/kc/buy/cgsh_order_list.html HTTP/1.1" 200 49636
180.169.147.146 - - [04/Dec/2021:09:59:25 +0800] "POST /xingrg/kc/buy/cgsh_list_operate.html HTTP/1.1" 200 876
222.70.176.97 - - [04/Dec/2021:09:59:26 +0800] "GET /xingrg/kc/buy/cgsh_order_add.html HTTP/1.1" 200 65059
222.70.176.97 - - [04/Dec/2021:09:59:26 +0800] "POST /xingrg/kc/buy/cgsh_order_operate.html HTTP/1.1" 200 8245
222.70.176.97 - - [04/Dec/2021:09:59:26 +0800] "GET /xingrg/javascript/easyui/themes/default/validatebox.css HTTP/1.1" 404 1104
58.39.139.200 - - [04/Dec/2021:09:59:28 +0800] "GET /xingrg/all/function/internal_message.html?_=1638583169429&CODE_STATE=getMsg HTTP/1.1" 200 27
222.70.176.97 - - [04/Dec/2021:09:59:28 +0800] "GET /xingrg/javascript/easyui/themes/default/tree.css HTTP/1.1" 404 1090
114.85.125.222 - - [04/Dec/2021:09:59:28 +0800] "GET /xingrg/all/function/internal_message.html?_=1638583134574&CODE_STATE=getMsg HTTP/1.1" 200 27
222.70.176.97 - - [04/Dec/2021:09:59:28 +0800] "POST /xingrg/all/common/load_tree.html?tree=supplier_tree_json&isDelete=1 HTTP/1.1" 200 60927
58.39.139.200 - - [04/Dec/2021:09:59:32 +0800] "GET /xingrg/all/function/internal_message.html?_=1638583110295&CODE_STATE=getMsg HTTP/1.1" 200 27
180.169.147.146 - - [04/Dec/2021:09:59:33 +0800] "POST /xingrg/kc/buy/cgsh_list_operate.html HTTP/1.1" 200 5515
172.20.0.100 - - [04/Dec/2021:09:59:34 +0800] "GET /xingrg/all/function/internal_message.html?_=1638583173845&CODE_STATE=getMsg HTTP/1.1" 200 27
180.169.147.146 - - [04/Dec/2021:09:59:36 +0800] "GET /xingrg/javascript/auto/indicator.gif HTTP/1.1" 404 1066
222.70.171.86 - - [04/Dec/2021:09:59:39 +0800] "GET /xingrg/check_reg.html?_=1638583200047 HTTP/1.1" 302 -
222.70.171.86 - - [04/Dec/2021:09:59:40 +0800] "GET /xingrg/all/function/internal_message.html?_=1638583178254&CODE_STATE=getMsg HTTP/1.1" 200 27
58.37.8.149 - - [04/Dec/2021:09:59:41 +0800] "GET /xingrg/check_reg.html?_=1638582998511 HTTP/1.1" 302 -
180.169.147.146 - - [04/Dec/2021:09:59:42 +0800] "POST /xingrg/kc/buy/cgsh_list_operate.html HTTP/1.1" 200 2111
180.169.147.146 - - [04/Dec/2021:09:59:50 +0800] "POST /xingrg/kc/buy/cgsh_list_operate.html HTTP/1.1" 200 204
114.83.217.40 - - [04/Dec/2021:09:59:50 +0800] "GET /xingrg/all/function/internal_message.html?_=1638583191015&CODE_STATE=getMsg HTTP/1.1" 200 27
180.169.147.146 - - [04/Dec/2021:09:59:55 +0800] "POST /xingrg/kc/buy/cgsh_list_operate.html HTTP/1.1" 200 204
222.70.176.97 - - [04/Dec/2021:09:59:56 +0800] "GET /xingrg/all/function/internal_message.html?_=1638583194942&CODE_STATE=getMsg HTTP/1.1" 200 27
116.233.78.65 - - [04/Dec/2021:09:59:58 +0800] "GET /xingrg/all/function/internal_message.html?_=1638583199765&CODE_STATE=getMsg HTTP/1.1" 200 27
180.169.147.146 - - [04/Dec/2021:09:59:58 +0800] "POST /xingrg/kc/buy/cgsh_list_operate.html HTTP/1.1" 200 4
222.70.176.97 - - [04/Dec/2021:10:00:00 +0800] "GET /xingrg/kc/buy/cgsh_order_operate.html?command=get_materiel&rest_code=00111&code=00101006194&supplier_code=00100012&order_time=2021-12-04 HTTP/1.1" 200 413
58.37.8.149 - - [04/Dec/2021:10:00:01 +0800] "GET /xingrg/login.html HTTP/1.1" 200 7641
180.169.147.146 - - [04/Dec/2021:10:00:01 +0800] "POST /xingrg/kc/buy/cgsh_list_operate.html HTTP/1.1" 200 1719
58.37.8.149 - - [04/Dec/2021:10:00:02 +0800] "GET /favicon.ico HTTP/1.1" 404 -
180.174.250.202 - - [04/Dec/2021:10:00:02 +0800] "GET /xingrg/all/function/internal_message.html?_=1638583202795&CODE_STATE=getMsg HTTP/1.1" 200 27
58.37.8.149 - - [04/Dec/2021:10:00:07 +0800] "POST /xingrg/login.do HTTP/1.1" 302 -
58.37.8.149 - - [04/Dec/2021:10:00:07 +0800] "GET /xingrg/index.html?sysBaseUrl=http%3A%2F%2F180.169.147.146%3A18081%2Fxingrg%2F&costTime=44×tamp=1638583207537 HTTP/1.1" 200 17179
58.37.8.149 - - [04/Dec/2021:10:00:07 +0800] "GET /favicon.ico HTTP/1.1" 404 -
58.37.8.149 - - [04/Dec/2021:10:00:07 +0800] "POST /xingrg/all/common/load_tree.html?tree=area_rest_tree_json&manage=1 HTTP/1.1" 200 351
58.37.8.149 - - [04/Dec/2021:10:00:08 +0800] "GET /xingrg/check_reg.html?_=1638583029717 HTTP/1.1" 200 22
58.37.8.149 - - [04/Dec/2021:10:00:08 +0800] "GET /xingrg/all/function/internal_message.html?_=1638583029717&CODE_STATE=count HTTP/1.1" 200 11
58.37.8.149 - - [04/Dec/2021:10:00:08 +0800] "POST /xingrg/load_menu.html HTTP/1.1" 200 5138
58.37.8.149 - - [04/Dec/2021:10:00:09 +0800] "GET /xingrg/kc/buy/buy_main.html HTTP/1.1" 200 12412
58.37.8.149 - - [04/Dec/2021:10:00:09 +0800] "GET /xingrg/css/new_ie.css HTTP/1.1" 404 1036
58.37.8.149 - - [04/Dec/2021:10:00:10 +0800] "GET /xingrg/images/yd/bt.gif HTTP/1.1" 404 1040
120.253.135.82 - - [04/Dec/2021:10:00:10 +0800] "GET /xingrg/all/function/internal_message.html?_=1638582989493&CODE_STATE=getMsg HTTP/1.1" 200 27
58.37.8.149 - - [04/Dec/2021:10:00:11 +0800] "GET /xingrg/kc/buy/cgsh_order_list.html HTTP/1.1" 200 49380
58.37.8.149 - - [04/Dec/2021:10:00:12 +0800] "POST /xingrg/kc/buy/cgsh_list_operate.html HTTP/1.1" 200 876
58.37.8.149 - - [04/Dec/2021:10:00:13 +0800] "GET /xingrg/kc/buy/cgsh_order_add.html HTTP/1.1" 200 65150
58.37.8.149 - - [04/Dec/2021:10:00:13 +0800] "GET /xingrg/words/20211203111311_words.js HTTP/1.1" 304 -
58.37.8.149 - - [04/Dec/2021:10:00:14 +0800] "GET /xingrg/all/common/auto_word.html?type=employee&rest_code=00141 HTTP/1.1" 200 201
58.37.8.149 - - [04/Dec/2021:10:00:14 +0800] "GET /xingrg/javascript/easyui/themes/default/validatebox.css HTTP/1.1" 404 1104
58.37.8.149 - - [04/Dec/2021:10:00:14 +0800] "GET /xingrg/all/common/auto_word.html?type=employee&rest_code=00141 HTTP/1.1" 200 201
58.37.8.149 - - [04/Dec/2021:10:00:14 +0800] "POST /xingrg/kc/buy/cgsh_order_operate.html HTTP/1.1" 200 8245
180.169.147.146 - - [04/Dec/2021:10:00:14 +0800] "POST /xingrg/kc/buy/cgsh_list_operate.html HTTP/1.1" 200 2117
58.37.8.149 - - [04/Dec/2021:10:00:15 +0800] "GET /xingrg/javascript/auto/indicator.gif HTTP/1.1" 404 1066
180.169.147.146 - - [04/Dec/2021:10:00:16 +0800] "POST /xingrg/kc/buy/cgsh_list_operate.html HTTP/1.1" 200 439
172.20.0.100 - - [04/Dec/2021:10:00:19 +0800] "GET /xingrg/all/function/internal_message.html?_=1638583219061&CODE_STATE=getMsg HTTP/1.1" 200 27
180.169.147.146 - - [04/Dec/2021:10:00:19 +0800] "POST /xingrg/kc/buy/cgsh_list_operate.html HTTP/1.1" 200 4
180.169.147.146 - - [04/Dec/2021:10:00:21 +0800] "GET /xingrg/all/function/internal_message.html?_=1638583224920&CODE_STATE=getMsg HTTP/1.1" 200 27
180.169.147.146 - - [04/Dec/2021:10:00:22 +0800] "POST /xingrg/kc/buy/cgsh_list_operate.html HTTP/1.1" 200 1722
58.37.8.149 - - [04/Dec/2021:10:00:25 +0800] "GET /xingrg/javascript/jquery_tools/images/prev.gif HTTP/1.1" 404 1086
58.37.8.149 - - [04/Dec/2021:10:00:25 +0800] "GET /xingrg/javascript/jquery_tools/images/next.gif HTTP/1.1" 404 1086
58.39.139.200 - - [04/Dec/2021:10:00:28 +0800] "GET /xingrg/all/function/internal_message.html?_=1638583229438&CODE_STATE=getMsg HTTP/1.1" 200 27
58.39.139.200 - - [04/Dec/2021:10:00:28 +0800] "GET /xingrg/check_reg.html?_=1638583229440 HTTP/1.1" 200 22
114.85.125.222 - - [04/Dec/2021:10:00:28 +0800] "GET /xingrg/all/function/internal_message.html?_=1638583194588&CODE_STATE=getMsg HTTP/1.1" 200 27
58.37.8.149 - - [04/Dec/2021:10:00:31 +0800] "GET /xingrg/kc/buy/cgsh_order_operate.html?command=get_materiel&rest_code=00141&code=00101008612&supplier_code=00100007&order_time=2021-12-04 HTTP/1.1" 200 406
222.70.171.86 - - [04/Dec/2021:10:00:32 +0800] "GET /xingrg/kc/buy/cgsh_order_list.html HTTP/1.1" 200 49380
58.39.139.200 - - [04/Dec/2021:10:00:32 +0800] "GET /xingrg/check_reg.html?_=1638583170295 HTTP/1.1" 200 22
58.39.139.200 - - [04/Dec/2021:10:00:32 +0800] "GET /xingrg/all/function/internal_message.html?_=1638583170298&CODE_STATE=getMsg HTTP/1.1" 200 27
222.70.171.86 - - [04/Dec/2021:10:00:34 +0800] "POST /xingrg/kc/buy/cgsh_list_operate.html HTTP/1.1" 200 2064
172.20.0.100 - - [04/Dec/2021:10:00:34 +0800] "GET /xingrg/all/function/internal_message.html?_=1638583233847&CODE_STATE=getMsg HTTP/1.1" 200 27
172.20.0.100 - - [04/Dec/2021:10:00:34 +0800] "GET /xingrg/check_reg.html?_=1638583233848 HTTP/1.1" 200 22
222.70.171.86 - - [04/Dec/2021:10:00:40 +0800] "GET /xingrg/check_reg.html?_=1638583238117 HTTP/1.1" 200 22
222.70.171.86 - - [04/Dec/2021:10:00:40 +0800] "GET /xingrg/all/function/internal_message.html?_=1638583238268&CODE_STATE=getMsg HTTP/1.1" 200 27
120.253.135.82 - - [04/Dec/2021:10:00:40 +0800] "GET /xingrg/kc/pszx/mdqp_order_list.html?state=10 HTTP/1.1" 200 11062
120.253.135.82 - - [04/Dec/2021:10:00:40 +0800] "GET /xingrg/dwr/interface/AjaxQqpsService.js HTTP/1.1" 200 16326
120.253.135.82 - - [04/Dec/2021:10:00:40 +0800] "GET /xingrg/dwr/interface/AjaxReportQueryService.js HTTP/1.1" 200 13203
120.253.135.82 - - [04/Dec/2021:10:00:40 +0800] "GET /xingrg/dwr/engine.js HTTP/1.1" 200 43631
222.70.171.86 - - [04/Dec/2021:10:00:42 +0800] "GET /xingrg/kc/buy/cgsh_order_list.html HTTP/1.1" 200 49380
222.70.171.86 - - [04/Dec/2021:10:00:44 +0800] "POST /xingrg/kc/buy/cgsh_list_operate.html HTTP/1.1" 200 2064
58.37.8.149 - - [04/Dec/2021:10:00:44 +0800] "GET /xingrg/kc/buy/cgsh_order_operate.html?command=get_materiel&rest_code=00141&code=00101008110&supplier_code=00100007&order_time=2021-12-04 HTTP/1.1" 200 408
120.253.135.82 - - [04/Dec/2021:10:00:45 +0800] "GET /xingrg/kc/pszx/mdqp_order_list.html?state=10 HTTP/1.1" 200 11062
120.253.135.82 - - [04/Dec/2021:10:00:45 +0800] "GET /xingrg/dwr/interface/AjaxReportQueryService.js HTTP/1.1" 200 13203
120.253.135.82 - - [04/Dec/2021:10:00:45 +0800] "GET /xingrg/dwr/interface/AjaxQqpsService.js HTTP/1.1" 200 16326
120.253.135.82 - - [04/Dec/2021:10:00:45 +0800] "GET /xingrg/dwr/engine.js HTTP/1.1" 200 43631
114.83.217.40 - - [04/Dec/2021:10:00:50 +0800] "GET /xingrg/all/function/internal_message.html?_=1638583250998&CODE_STATE=getMsg HTTP/1.1" 200 27
120.253.135.82 - - [04/Dec/2021:10:00:52 +0800] "GET /xingrg/kc/pszx/mdqp_order_list.html?state=10 HTTP/1.1" 200 11062
120.253.135.82 - - [04/Dec/2021:10:00:52 +0800] "GET /xingrg/dwr/interface/AjaxQqpsService.js HTTP/1.1" 200 16326
120.253.135.82 - - [04/Dec/2021:10:00:52 +0800] "GET /xingrg/dwr/interface/AjaxReportQueryService.js HTTP/1.1" 200 13203
120.253.135.82 - - [04/Dec/2021:10:00:52 +0800] "GET /xingrg/dwr/engine.js HTTP/1.1" 200 43631
58.37.8.149 - - [04/Dec/2021:10:00:52 +0800] "GET /xingrg/kc/buy/cgsh_order_operate.html?command=get_materiel&rest_code=00141&code=00101008096&supplier_code=00100007&order_time=2021-12-04 HTTP/1.1" 200 412
222.70.176.97 - - [04/Dec/2021:10:00:56 +0800] "GET /xingrg/all/function/internal_message.html?_=1638583254948&CODE_STATE=getMsg HTTP/1.1" 200 27
116.233.78.65 - - [04/Dec/2021:10:00:58 +0800] "GET /xingrg/all/function/internal_message.html?_=1638583259768&CODE_STATE=getMsg HTTP/1.1" 200 27
116.233.78.65 - - [04/Dec/2021:10:00:58 +0800] "GET /xingrg/check_reg.html?_=1638583259769 HTTP/1.1" 200 22
222.70.171.86 - - [04/Dec/2021:10:00:59 +0800] "GET /xingrg/javascript/easyui/themes/default/images/button_plain_hover.png HTTP/1.1" 304 -
58.39.139.200 - - [04/Dec/2021:10:01:00 +0800] "POST /xingrg/kc/buy/cgsh_order_operate.html HTTP/1.1" 200 37
180.174.250.202 - - [04/Dec/2021:10:01:02 +0800] "GET /xingrg/all/function/internal_message.html?_=1638583262809&CODE_STATE=getMsg HTTP/1.1" 200 27
120.253.135.82 - - [04/Dec/2021:10:01:03 +0800] "GET /xingrg/kc/pszx/mdqp_order_list.html?state=10 HTTP/1.1" 200 11062
120.253.135.82 - - [04/Dec/2021:10:01:04 +0800] "GET /xingrg/dwr/interface/AjaxReportQueryService.js HTTP/1.1" 200 13203
120.253.135.82 - - [04/Dec/2021:10:01:04 +0800] "GET /xingrg/dwr/interface/AjaxQqpsService.js HTTP/1.1" 200 16326
120.253.135.82 - - [04/Dec/2021:10:01:04 +0800] "GET /xingrg/dwr/engine.js HTTP/1.1" 200 43631
222.70.171.86 - - [04/Dec/2021:10:01:04 +0800] "POST /xingrg/kc/buy/cgsh_list_operate.html HTTP/1.1" 200 4
58.37.8.149 - - [04/Dec/2021:10:01:04 +0800] "GET /xingrg/kc/buy/cgsh_order_operate.html?command=get_materiel&rest_code=00141&code=00101008163&supplier_code=00100007&order_time=2021-12-04 HTTP/1.1" 200 409
58.39.139.200 - - [04/Dec/2021:10:01:06 +0800] "POST /xingrg/kc/buy/cgsh_order_operate.html HTTP/1.1" 200 48142
222.70.171.86 - - [04/Dec/2021:10:01:06 +0800] "POST /xingrg/kc/buy/cgsh_list_operate.html HTTP/1.1" 200 876
58.37.8.149 - - [04/Dec/2021:10:01:08 +0800] "GET /xingrg/all/function/internal_message.html?_=1638583089723&CODE_STATE=getMsg HTTP/1.1" 200 27
58.39.139.200 - - [04/Dec/2021:10:01:08 +0800] "GET /xingrg/kc/print/load_config.html?kc_code=cgsh HTTP/1.1" 200 2281
58.39.139.200 - - [04/Dec/2021:10:01:08 +0800] "GET /xingrg/kc/print/load_data.html?order_code=212021120401217&kc_code=cgsh&condition= HTTP/1.1" 200 17793
120.253.135.82 - - [04/Dec/2021:10:01:09 +0800] "GET /xingrg/kc/pszx/mdps_order_list.html?orderType=0 HTTP/1.1" 200 21130
120.253.135.82 - - [04/Dec/2021:10:01:09 +0800] "POST /xingrg/kc/pszx/mdps_list_operate.html HTTP/1.1" 200 5312
120.253.135.82 - - [04/Dec/2021:10:01:10 +0800] "GET /xingrg/all/function/internal_message.html?_=1638583049507&CODE_STATE=getMsg HTTP/1.1" 200 27
58.37.8.149 - - [04/Dec/2021:10:01:13 +0800] "GET /xingrg/kc/buy/cgsh_order_operate.html?command=get_materiel&rest_code=00141&code=00101008024&supplier_code=00100007&order_time=2021-12-04 HTTP/1.1" 200 408
120.253.135.82 - - [04/Dec/2021:10:01:16 +0800] "POST /xingrg/kc/pszx/mdps_list_operate.html HTTP/1.1" 200 202
120.253.135.82 - - [04/Dec/2021:10:01:16 +0800] "GET /xingrg/kc/pszx/mdps_order_info.html?code=312021120300090 HTTP/1.1" 200 23935
120.253.135.82 - - [04/Dec/2021:10:01:17 +0800] "POST /xingrg/kc/pszx/mdps_order_operate.html HTTP/1.1" 200 2279
120.253.135.82 - - [04/Dec/2021:10:01:17 +0800] "GET /xingrg/javascript/easyui/themes/default/validatebox.css HTTP/1.1" 404 1104
222.70.176.97 - - [04/Dec/2021:10:01:18 +0800] "GET /xingrg/kc/buy/cgsh_order_operate.html?command=get_materiel&rest_code=00111&code=00101006025&supplier_code=00100012&order_time=2021-12-04 HTTP/1.1" 200 417
172.20.0.100 - - [04/Dec/2021:10:01:19 +0800] "GET /xingrg/all/function/internal_message.html?_=1638583279048&CODE_STATE=getMsg HTTP/1.1" 200 27
58.39.139.200 - - [04/Dec/2021:10:01:20 +0800] "GET /xingrg/kc/buy/cgsh_order_list.html HTTP/1.1" 200 49374
58.39.139.200 - - [04/Dec/2021:10:01:21 +0800] "POST /xingrg/kc/buy/cgsh_list_operate.html HTTP/1.1" 200 3130
180.169.147.146 - - [04/Dec/2021:10:01:21 +0800] "GET /xingrg/all/function/internal_message.html?_=1638583284930&CODE_STATE=getMsg HTTP/1.1" 200 27
58.39.139.200 - - [04/Dec/2021:10:01:24 +0800] "POST /xingrg/kc/buy/cgsh_list_operate.html HTTP/1.1" 200 428
58.39.139.200 - - [04/Dec/2021:10:01:24 +0800] "GET /xingrg/kc/buy/cgsh_order_info.html?code=212021120401233 HTTP/1.1" 200 65202
58.39.139.200 - - [04/Dec/2021:10:01:25 +0800] "GET /xingrg/javascript/easyui/themes/default/validatebox.css HTTP/1.1" 404 1104
58.39.139.200 - - [04/Dec/2021:10:01:25 +0800] "POST /xingrg/kc/buy/cgsh_order_operate.html HTTP/1.1" 200 4437
58.39.139.200 - - [04/Dec/2021:10:01:26 +0800] "GET /xingrg/kc/print/load_data.html?order_code=212021120401233&kc_code=cgsh&condition= HTTP/1.1" 200 1356
58.37.8.149 - - [04/Dec/2021:10:01:27 +0800] "GET /xingrg/kc/buy/cgsh_order_operate.html?command=get_materiel&rest_code=00141&code=00101008356&supplier_code=00100007&order_time=2021-12-04 HTTP/1.1" 200 408
58.39.139.200 - - [04/Dec/2021:10:01:28 +0800] "GET /xingrg/all/function/internal_message.html?_=1638583289450&CODE_STATE=getMsg HTTP/1.1" 200 27
114.85.125.222 - - [04/Dec/2021:10:01:28 +0800] "GET /xingrg/all/function/internal_message.html?_=1638583254715&CODE_STATE=getMsg HTTP/1.1" 200 27
58.39.139.200 - - [04/Dec/2021:10:01:32 +0800] "GET /xingrg/all/function/internal_message.html?_=1638583230283&CODE_STATE=getMsg HTTP/1.1" 200 27
172.20.0.100 - - [04/Dec/2021:10:01:34 +0800] "GET /xingrg/all/function/internal_message.html?_=1638583293848&CODE_STATE=getMsg HTTP/1.1" 200 27
222.70.176.97 - - [04/Dec/2021:10:01:38 +0800] "GET /xingrg/kc/buy/cgsh_order_operate.html?command=get_materiel&rest_code=00111&code=00101006111&supplier_code=00100012&order_time=2021-12-04 HTTP/1.1" 200 409
58.37.8.149 - - [04/Dec/2021:10:01:39 +0800] "GET /xingrg/kc/buy/cgsh_order_operate.html?command=get_materiel&rest_code=00141&code=00101008137&supplier_code=00100007&order_time=2021-12-04 HTTP/1.1" 200 408
222.70.171.86 - - [04/Dec/2021:10:01:40 +0800] "GET /xingrg/all/function/internal_message.html?_=1638583298281&CODE_STATE=getMsg HTTP/1.1" 200 27
101.85.120.86 - - [04/Dec/2021:10:01:41 +0800] "GET /xingrg/login.html HTTP/1.1" 200 7641
101.85.120.86 - - [04/Dec/2021:10:01:42 +0800] "GET /favicon.ico HTTP/1.1" 404 -
58.37.8.149 - - [04/Dec/2021:10:01:47 +0800] "GET /xingrg/kc/buy/cgsh_order_operate.html?command=get_materiel&rest_code=00141&code=00101008360&supplier_code=00100007&order_time=2021-12-04 HTTP/1.1" 200 413
222.70.176.97 - - [04/Dec/2021:10:01:48 +0800] "GET /xingrg/kc/buy/cgsh_order_operate.html?command=get_materiel&rest_code=00111&code=00101006057&supplier_code=00100012&order_time=2021-12-04 HTTP/1.1" 200 413
114.83.217.40 - - [04/Dec/2021:10:01:50 +0800] "GET /xingrg/all/function/internal_message.html?_=1638583310983&CODE_STATE=getMsg HTTP/1.1" 200 27
58.37.8.149 - - [04/Dec/2021:10:01:54 +0800] "GET /xingrg/kc/buy/cgsh_order_operate.html?command=get_materiel&rest_code=00141&code=00101008059&supplier_code=00100007&order_time=2021-12-04 HTTP/1.1" 200 408
222.70.176.97 - - [04/Dec/2021:10:01:56 +0800] "GET /xingrg/check_reg.html?_=1638583314942 HTTP/1.1" 200 22
222.70.176.97 - - [04/Dec/2021:10:01:56 +0800] "GET /xingrg/all/function/internal_message.html?_=1638583314945&CODE_STATE=getMsg HTTP/1.1" 200 27
116.233.78.65 - - [04/Dec/2021:10:01:58 +0800] "GET /xingrg/all/function/internal_message.html?_=1638583319769&CODE_STATE=getMsg HTTP/1.1" 200 27
120.253.135.82 - - [04/Dec/2021:10:02:02 +0800] "GET /xingrg/kc/pszx/mdqp_order_list.html?state=10 HTTP/1.1" 200 11062
120.253.135.82 - - [04/Dec/2021:10:02:02 +0800] "GET /xingrg/dwr/interface/AjaxReportQueryService.js HTTP/1.1" 200 13203
120.253.135.82 - - [04/Dec/2021:10:02:02 +0800] "GET /xingrg/dwr/interface/AjaxQqpsService.js HTTP/1.1" 200 16326
120.253.135.82 - - [04/Dec/2021:10:02:02 +0800] "GET /xingrg/dwr/engine.js HTTP/1.1" 200 43631
180.174.250.202 - - [04/Dec/2021:10:02:02 +0800] "GET /xingrg/all/function/internal_message.html?_=1638583322822&CODE_STATE=getMsg HTTP/1.1" 200 27
180.162.114.163 - - [04/Dec/2021:10:02:05 +0800] "GET /xingrg HTTP/1.1" 302 -
180.162.114.163 - - [04/Dec/2021:10:02:05 +0800] "GET /xingrg/ HTTP/1.1" 304 -
58.37.8.149 - - [04/Dec/2021:10:02:08 +0800] "GET /xingrg/all/function/internal_message.html?_=1638583149728&CODE_STATE=getMsg HTTP/1.1" 200 27
180.162.114.163 - - [04/Dec/2021:10:02:08 +0800] "GET /xingrg/index.html HTTP/1.1" 302 -
180.162.114.163 - - [04/Dec/2021:10:02:08 +0800] "GET /xingrg/login.html HTTP/1.1" 200 7641
180.162.114.163 - - [04/Dec/2021:10:02:09 +0800] "GET /xingrg/images/blue/jxLogo.png HTTP/1.1" 304 -
120.253.135.82 - - [04/Dec/2021:10:02:10 +0800] "GET /xingrg/all/function/internal_message.html?_=1638583109521&CODE_STATE=getMsg HTTP/1.1" 200 27
180.162.114.163 - - [04/Dec/2021:10:02:11 +0800] "GET /xingrg/images/blue/login_bg.png HTTP/1.1" 304 -
180.162.114.163 - - [04/Dec/2021:10:02:12 +0800] "GET /xingrg/images/blue/hj.png HTTP/1.1" 304 -
58.37.8.149 - - [04/Dec/2021:10:02:14 +0800] "GET /xingrg/kc/buy/cgsh_order_operate.html?command=get_materiel&rest_code=00141&code=00101008357&supplier_code=00100007&order_time=2021-12-04 HTTP/1.1" 200 408
180.162.114.163 - - [04/Dec/2021:10:02:15 +0800] "GET /xingrg/images/blue/srbg.png HTTP/1.1" 304 -
180.162.114.163 - - [04/Dec/2021:10:02:18 +0800] "GET /favicon.ico HTTP/1.1" 404 -
180.162.114.163 - - [04/Dec/2021:10:02:18 +0800] "GET /favicon.ico HTTP/1.1" 404 -
172.20.0.100 - - [04/Dec/2021:10:02:19 +0800] "GET /xingrg/all/function/internal_message.html?_=1638583339051&CODE_STATE=getMsg HTTP/1.1" 200 27
222.70.176.97 - - [04/Dec/2021:10:02:20 +0800] "GET /xingrg/kc/buy/cgsh_order_operate.html?command=get_materiel&rest_code=00111&code=00101006129&supplier_code=00100012&order_time=2021-12-04 HTTP/1.1" 200 431
58.37.8.149 - - [04/Dec/2021:10:02:21 +0800] "GET /xingrg/kc/buy/cgsh_order_operate.html?command=get_materiel&rest_code=00141&code=00101008069&supplier_code=00100007&order_time=2021-12-04 HTTP/1.1" 200 412
180.169.147.146 - - [04/Dec/2021:10:02:22 +0800] "GET /xingrg/all/function/internal_message.html?_=1638583344932&CODE_STATE=getMsg HTTP/1.1" 200 27
114.85.125.222 - - [04/Dec/2021:10:02:24 +0800] "GET /xingrg/check_reg.html?_=1638583310746 HTTP/1.1" 200 22
58.39.139.200 - - [04/Dec/2021:10:02:28 +0800] "GET /xingrg/all/function/internal_message.html?_=1638583349449&CODE_STATE=getMsg HTTP/1.1" 200 27
114.85.125.222 - - [04/Dec/2021:10:02:28 +0800] "GET /xingrg/all/function/internal_message.html?_=1638583314725&CODE_STATE=getMsg HTTP/1.1" 200 27
58.37.8.149 - - [04/Dec/2021:10:02:30 +0800] "GET /xingrg/kc/buy/cgsh_order_operate.html?command=get_materiel&rest_code=00141&code=00101008286&supplier_code=00100007&order_time=2021-12-04 HTTP/1.1" 200 408
180.162.114.163 - - [04/Dec/2021:10:02:31 +0800] "POST /xingrg/login.do HTTP/1.1" 302 -
180.162.114.163 - - [04/Dec/2021:10:02:31 +0800] "GET /xingrg/index.html?sysBaseUrl=http%3A%2F%2F180.169.147.146%3A18081%2Fxingrg%2F&costTime=45×tamp=1638583351619 HTTP/1.1" 200 17179
180.162.114.163 - - [04/Dec/2021:10:02:32 +0800] "GET /xingrg/javascript/jquery_easy_ui/themes/default/easyui.css HTTP/1.1" 304 -
180.162.114.163 - - [04/Dec/2021:10:02:32 +0800] "GET /xingrg/javascript/jquery_easy_ui/themes/icon.css HTTP/1.1" 304 -
58.39.139.200 - - [04/Dec/2021:10:02:32 +0800] "GET /xingrg/all/function/internal_message.html?_=1638583290283&CODE_STATE=getMsg HTTP/1.1" 200 27
180.162.114.163 - - [04/Dec/2021:10:02:32 +0800] "GET /xingrg/css/form.css HTTP/1.1" 304 -
180.162.114.163 - - [04/Dec/2021:10:02:32 +0800] "GET /xingrg/javascript/jquery-1.4.2.min.js HTTP/1.1" 304 -
180.162.114.163 - - [04/Dec/2021:10:02:32 +0800] "GET /xingrg/javascript/jquery_easy_ui/jquery.easyui.min.js HTTP/1.1" 304 -
180.162.114.163 - - [04/Dec/2021:10:02:32 +0800] "GET /xingrg/javascript/jquery_easy_ui/easyui-lang-zh_CN.js HTTP/1.1" 304 -
180.162.114.163 - - [04/Dec/2021:10:02:32 +0800] "GET /xingrg/javascript/jquery.form.js HTTP/1.1" 304 -
180.162.114.163 - - [04/Dec/2021:10:02:32 +0800] "GET /xingrg/javascript/jquery.utils.js HTTP/1.1" 304 -
180.162.114.163 - - [04/Dec/2021:10:02:32 +0800] "GET /xingrg/javascript/jquery.timers.js HTTP/1.1" 304 -
180.162.114.163 - - [04/Dec/2021:10:02:32 +0800] "GET /favicon.ico HTTP/1.1" 404 -
180.162.114.163 - - [04/Dec/2021:10:02:33 +0800] "GET /xingrg/javascript/jquery_easy_ui/themes/icons/settle_new.png HTTP/1.1" 304 -
180.162.114.163 - - [04/Dec/2021:10:02:33 +0800] "GET /xingrg/images/blue/navBackgound.jpg HTTP/1.1" 304 -
172.20.0.100 - - [04/Dec/2021:10:02:34 +0800] "GET /xingrg/all/function/internal_message.html?_=1638583353853&CODE_STATE=getMsg HTTP/1.1" 200 27
180.162.114.163 - - [04/Dec/2021:10:02:34 +0800] "POST /xingrg/all/common/load_tree.html?tree=area_rest_tree_json&manage=1 HTTP/1.1" 200 351
180.162.114.163 - - [04/Dec/2021:10:02:34 +0800] "GET /xingrg/check_reg.html?_=1638582816176 HTTP/1.1" 200 22
180.162.114.163 - - [04/Dec/2021:10:02:34 +0800] "GET /xingrg/all/function/internal_message.html?_=1638582816174&CODE_STATE=count HTTP/1.1" 200 11
180.162.114.163 - - [04/Dec/2021:10:02:34 +0800] "GET /xingrg/images/blue/pingpu.png HTTP/1.1" 304 -
180.162.114.163 - - [04/Dec/2021:10:02:34 +0800] "GET /xingrg/javascript/jquery_easy_ui/themes/default/images/tabs_leftarrow.png HTTP/1.1" 304 -
180.162.114.163 - - [04/Dec/2021:10:02:34 +0800] "GET /xingrg/javascript/jquery_easy_ui/themes/default/images/tabs_rightarrow.png HTTP/1.1" 304 -
180.162.114.163 - - [04/Dec/2021:10:02:34 +0800] "GET /xingrg/javascript/jquery_easy_ui/themes/default/images/panel_tool_collapse.gif HTTP/1.1" 304 -
180.162.114.163 - - [04/Dec/2021:10:02:35 +0800] "POST /xingrg/load_menu.html HTTP/1.1" 200 5138
180.162.114.163 - - [04/Dec/2021:10:02:35 +0800] "GET /xingrg/javascript/jquery_easy_ui/themes/default/images/tree_arrows.gif HTTP/1.1" 304 -
180.162.114.163 - - [04/Dec/2021:10:02:35 +0800] "GET /xingrg/javascript/jquery_easy_ui/themes/default/images/tree_folder_open.gif HTTP/1.1" 304 -
180.162.114.163 - - [04/Dec/2021:10:02:35 +0800] "GET /xingrg/javascript/jquery_easy_ui/themes/icons/search_new.png HTTP/1.1" 304 -
180.162.114.163 - - [04/Dec/2021:10:02:35 +0800] "GET /xingrg/javascript/jquery_easy_ui/themes/default/images/tree_folder.gif HTTP/1.1" 304 -
180.162.114.163 - - [04/Dec/2021:10:02:35 +0800] "GET /xingrg/javascript/jquery_easy_ui/themes/icons/storage_new.png HTTP/1.1" 304 -
180.162.114.163 - - [04/Dec/2021:10:02:35 +0800] "GET /xingrg/javascript/jquery_easy_ui/themes/icons/forms_new.png HTTP/1.1" 304 -
180.162.114.163 - - [04/Dec/2021:10:02:35 +0800] "GET /xingrg/javascript/jquery_easy_ui/themes/default/images/tree_file.gif HTTP/1.1" 304 -
180.162.114.163 - - [04/Dec/2021:10:02:37 +0800] "GET /xingrg/kc/buy/buy_main.html HTTP/1.1" 200 12412
180.162.114.163 - - [04/Dec/2021:10:02:37 +0800] "GET /xingrg/javascript/jquery_easy_ui/themes/default/images/tabs_close.gif HTTP/1.1" 304 -
180.162.114.163 - - [04/Dec/2021:10:02:38 +0800] "GET /xingrg/css/blue.css HTTP/1.1" 304 -
180.162.114.163 - - [04/Dec/2021:10:02:38 +0800] "GET /xingrg/css/new_ie.css HTTP/1.1" 404 1036
180.162.114.163 - - [04/Dec/2021:10:02:38 +0800] "GET /xingrg/javascript/jquery_ui/themes/humanity/humanity.css HTTP/1.1" 304 -
180.162.114.163 - - [04/Dec/2021:10:02:38 +0800] "GET /xingrg/javascript/pic_change.js HTTP/1.1" 304 -
180.162.114.163 - - [04/Dec/2021:10:02:38 +0800] "GET /xingrg/javascript/ToolTips.js HTTP/1.1" 304 -
180.162.114.163 - - [04/Dec/2021:10:02:38 +0800] "GET /xingrg/javascript/myfunction.js HTTP/1.1" 304 -
180.162.114.163 - - [04/Dec/2021:10:02:38 +0800] "GET /xingrg/javascript/jquery_ui/jquery-ui.min.js HTTP/1.1" 304 -
180.162.114.163 - - [04/Dec/2021:10:02:38 +0800] "GET /xingrg/images/blue/button/cgxqd.gif HTTP/1.1" 304 -
180.162.114.163 - - [04/Dec/2021:10:02:38 +0800] "GET /xingrg/images/blue/button/cgydd.gif HTTP/1.1" 304 -
180.162.114.163 - - [04/Dec/2021:10:02:38 +0800] "GET /xingrg/images/blue/button/cgshd.gif HTTP/1.1" 304 -
180.162.114.163 - - [04/Dec/2021:10:02:38 +0800] "GET /xingrg/images/blue/button/cgfkd.gif HTTP/1.1" 304 -
180.162.114.163 - - [04/Dec/2021:10:02:38 +0800] "GET /xingrg/images/blue/button/kc.gif HTTP/1.1" 304 -
180.162.114.163 - - [04/Dec/2021:10:02:38 +0800] "GET /xingrg/images/blue/button/ckthd.gif HTTP/1.1" 304 -
180.162.114.163 - - [04/Dec/2021:10:02:38 +0800] "GET /xingrg/images/blue/pic_form2.gif HTTP/1.1" 304 -
58.37.8.149 - - [04/Dec/2021:10:02:39 +0800] "GET /xingrg/kc/buy/cgsh_order_operate.html?command=get_materiel&rest_code=00141&code=00101008036&supplier_code=00100007&order_time=2021-12-04 HTTP/1.1" 200 408
180.162.114.163 - - [04/Dec/2021:10:02:39 +0800] "GET /xingrg/javascript/jquery_ui/themes/humanity/images/ui-bg_inset-soft_100_f4f0ec_1x100.png HTTP/1.1" 304 -
180.162.114.163 - - [04/Dec/2021:10:02:40 +0800] "GET /xingrg/images/blue/bg_dotted.jpg HTTP/1.1" 304 -
180.162.114.163 - - [04/Dec/2021:10:02:40 +0800] "GET /xingrg/images/blue/button/right_ah.jpg HTTP/1.1" 304 -
58.39.139.200 - - [04/Dec/2021:10:02:40 +0800] "GET /xingrg/kc/buy/cgsh_order_add.html HTTP/1.1" 200 65191
180.162.114.163 - - [04/Dec/2021:10:02:40 +0800] "GET /xingrg/images/blue/button/down_ah.jpg HTTP/1.1" 304 -
222.70.171.86 - - [04/Dec/2021:10:02:40 +0800] "GET /xingrg/all/function/internal_message.html?_=1638583358308&CODE_STATE=getMsg HTTP/1.1" 200 27
58.39.139.200 - - [04/Dec/2021:10:02:40 +0800] "POST /xingrg/kc/buy/cgsh_order_operate.html HTTP/1.1" 200 8245
58.39.139.200 - - [04/Dec/2021:10:02:40 +0800] "GET /xingrg/javascript/easyui/themes/default/validatebox.css HTTP/1.1" 404 1104
180.162.114.163 - - [04/Dec/2021:10:02:41 +0800] "GET /xingrg/javascript/jquery_ui/themes/humanity/images/ui-iconsnew.jpg HTTP/1.1" 304 -
180.162.114.163 - - [04/Dec/2021:10:02:41 +0800] "GET /xingrg/javascript/jquery_ui/themes/humanity/images/ui-icons_ffffff_256x240.png HTTP/1.1" 304 -
222.70.176.97 - - [04/Dec/2021:10:02:41 +0800] "GET /xingrg/kc/buy/cgsh_order_operate.html?command=get_materiel&rest_code=00111&code=00101006128&supplier_code=00100012&order_time=2021-12-04 HTTP/1.1" 200 427
180.162.114.163 - - [04/Dec/2021:10:02:41 +0800] "GET /xingrg/javascript/jquery_ui/themes/humanity/images/ui-icons_c47a23_256x240.png HTTP/1.1" 304 -
180.162.114.163 - - [04/Dec/2021:10:02:41 +0800] "GET /xingrg/javascript/jquery_ui/themes/humanity/images/ui-bg_glass_70_ede4d4_1x400.png HTTP/1.1" 304 -
58.39.139.200 - - [04/Dec/2021:10:02:41 +0800] "GET /xingrg/javascript/auto/indicator.gif HTTP/1.1" 404 1066
180.162.114.163 - - [04/Dec/2021:10:02:44 +0800] "GET /xingrg/images/yd/bt.gif HTTP/1.1" 404 1040
180.162.114.163 - - [04/Dec/2021:10:02:45 +0800] "GET /xingrg/kc/buy/cgsh_order_list.html HTTP/1.1" 200 49380
180.162.114.163 - - [04/Dec/2021:10:02:45 +0800] "GET /xingrg/css/base.css HTTP/1.1" 304 -
180.162.114.163 - - [04/Dec/2021:10:02:45 +0800] "GET /xingrg/css/site.css HTTP/1.1" 304 -
180.162.114.163 - - [04/Dec/2021:10:02:45 +0800] "GET /xingrg/javascript/jquery_tools/datebox.css HTTP/1.1" 304 -
180.162.114.163 - - [04/Dec/2021:10:02:45 +0800] "GET /xingrg/javascript/easyui/themes/default/easyui.css HTTP/1.1" 304 -
180.162.114.163 - - [04/Dec/2021:10:02:45 +0800] "GET /xingrg/javascript/easyui/themes/icon.css HTTP/1.1" 304 -
180.162.114.163 - - [04/Dec/2021:10:02:45 +0800] "GET /xingrg/javascript/auto/jquery.autocomplete.css HTTP/1.1" 304 -
180.162.114.163 - - [04/Dec/2021:10:02:45 +0800] "GET /xingrg/javascript/jquery_tools/fix.css HTTP/1.1" 304 -
180.162.114.163 - - [04/Dec/2021:10:02:45 +0800] "GET /xingrg/javascript/jquery_tools/table.css HTTP/1.1" 304 -
180.162.114.163 - - [04/Dec/2021:10:02:45 +0800] "GET /xingrg/javascript/jquery_tools/jquery.tools.min.js HTTP/1.1" 304 -
180.162.114.163 - - [04/Dec/2021:10:02:45 +0800] "GET /xingrg/javascript/jquery_tools/jquery.tools.extend.js HTTP/1.1" 304 -
180.162.114.163 - - [04/Dec/2021:10:02:45 +0800] "GET /xingrg/javascript/jquery_tools/jquery.tools.hotkey.js HTTP/1.1" 304 -
180.162.114.163 - - [04/Dec/2021:10:02:45 +0800] "GET /xingrg/javascript/jquery_tools/jquery.tools.table.js HTTP/1.1" 304 -
180.162.114.163 - - [04/Dec/2021:10:02:45 +0800] "GET /xingrg/javascript/jquery_tools/list_manager.js HTTP/1.1" 304 -
180.162.114.163 - - [04/Dec/2021:10:02:45 +0800] "GET /xingrg/javascript/auto/jquery.autocomplete.js HTTP/1.1" 304 -
