172.20.0.100 - - [04/Dec/2021:10:37:30 +0800] "POST /xingrg/all/report/load_report_page.html HTTP/1.1" 200 28065
172.20.0.100 - - [04/Dec/2021:10:37:30 +0800] "GET /xingrg/servlets/image?cache=0.945296393941571&image=px HTTP/1.1" 200 807
58.39.139.200 - - [04/Dec/2021:10:37:32 +0800] "GET /xingrg/all/function/internal_message.html?_=1638585390335&CODE_STATE=getMsg HTTP/1.1" 200 27
180.174.250.202 - - [04/Dec/2021:10:37:32 +0800] "GET /xingrg/all/function/internal_message.html?_=1638585460466&CODE_STATE=getMsg HTTP/1.1" 200 27
116.227.210.113 - - [04/Dec/2021:10:37:32 +0800] "POST /xingrg/services/DataTransmitService HTTP/1.1" 200 501
116.227.210.113 - - [04/Dec/2021:10:37:33 +0800] "POST /xingrg/services/DataTransmitService HTTP/1.1" 500 1621
180.162.114.163 - - [04/Dec/2021:10:37:34 +0800] "GET /xingrg/check_reg.html?_=1638584916206 HTTP/1.1" 200 22
180.162.114.163 - - [04/Dec/2021:10:37:34 +0800] "GET /xingrg/all/function/internal_message.html?_=1638584916209&CODE_STATE=getMsg HTTP/1.1" 200 27
120.253.135.82 - - [04/Dec/2021:10:37:40 +0800] "GET /xingrg/kc/buy/cgsh_order_list.html HTTP/1.1" 200 49374
222.70.171.86 - - [04/Dec/2021:10:37:41 +0800] "GET /xingrg/all/function/internal_message.html?_=1638585458802&CODE_STATE=getMsg HTTP/1.1" 200 27
172.20.0.100 - - [04/Dec/2021:10:37:43 +0800] "GET /xingrg/all/function/internal_message.html?_=1638585462612&CODE_STATE=getMsg HTTP/1.1" 200 27
120.253.135.82 - - [04/Dec/2021:10:37:43 +0800] "GET /xingrg/all/function/internal_message.html?_=1638585242007&CODE_STATE=getMsg HTTP/1.1" 200 27
120.253.135.82 - - [04/Dec/2021:10:37:44 +0800] "POST /xingrg/kc/buy/cgsh_list_operate.html HTTP/1.1" 200 1675
58.40.7.146 - - [04/Dec/2021:10:37:46 +0800] "GET /xingrg/all/function/internal_message.html?_=1638585469288&CODE_STATE=getMsg HTTP/1.1" 200 27
116.227.210.113 - - [04/Dec/2021:10:37:47 +0800] "POST /xingrg/services/DataTransmitService HTTP/1.1" 200 524
120.253.135.82 - - [04/Dec/2021:10:37:48 +0800] "POST /xingrg/kc/buy/cgsh_list_operate.html HTTP/1.1" 200 524
114.83.217.40 - - [04/Dec/2021:10:37:48 +0800] "GET /xingrg/check_reg.html?_=1638585468813 HTTP/1.1" 200 22
116.227.210.113 - - [04/Dec/2021:10:37:49 +0800] "POST /xingrg/services/DataTransmitService HTTP/1.1" 200 501
116.227.210.113 - - [04/Dec/2021:10:37:49 +0800] "POST /xingrg/services/DataTransmitService HTTP/1.1" 200 501
120.253.135.82 - - [04/Dec/2021:10:37:49 +0800] "GET /xingrg/kc/buy/cgsh_order_info.html?code=212021120401256 HTTP/1.1" 200 64166
120.253.135.82 - - [04/Dec/2021:10:37:50 +0800] "GET /xingrg/javascript/easyui/themes/default/validatebox.css HTTP/1.1" 404 1104
114.83.217.40 - - [04/Dec/2021:10:37:50 +0800] "GET /xingrg/all/function/internal_message.html?_=1638585470440&CODE_STATE=getMsg HTTP/1.1" 200 27
116.233.78.65 - - [04/Dec/2021:10:37:51 +0800] "POST /xingrg/kc/buy/cgsh_order_operate.html HTTP/1.1" 200 37
120.253.135.82 - - [04/Dec/2021:10:37:51 +0800] "POST /xingrg/kc/buy/cgsh_order_operate.html HTTP/1.1" 200 5083
116.227.210.113 - - [04/Dec/2021:10:37:51 +0800] "POST /xingrg/services/DataTransmitService HTTP/1.1" 200 501
116.227.210.113 - - [04/Dec/2021:10:37:52 +0800] "POST /xingrg/services/DataTransmitService HTTP/1.1" 500 1621
101.85.120.86 - - [04/Dec/2021:10:37:53 +0800] "GET /xingrg/all/function/internal_message.html?_=1638585474330&CODE_STATE=getMsg HTTP/1.1" 200 27
116.233.78.65 - - [04/Dec/2021:10:37:55 +0800] "POST /xingrg/kc/buy/cgsh_order_operate.html HTTP/1.1" 200 42940
222.70.176.97 - - [04/Dec/2021:10:37:56 +0800] "GET /xingrg/all/function/internal_message.html?_=1638585474963&CODE_STATE=getMsg HTTP/1.1" 200 27
124.78.153.86 - - [04/Dec/2021:10:37:57 +0800] "GET /xingrg/all/function/internal_message.html?_=1638585489251&CODE_STATE=getMsg HTTP/1.1" 200 27
116.233.78.65 - - [04/Dec/2021:10:37:58 +0800] "GET /xingrg/all/function/internal_message.html?_=1638585479846&CODE_STATE=getMsg HTTP/1.1" 200 27
101.89.29.78 - - [04/Dec/2021:10:37:58 +0800] "GET /xingrg/all/function/internal_message.html?_=1638585429274&CODE_STATE=getMsg HTTP/1.1" 302 -
101.89.29.78 - - [04/Dec/2021:10:38:00 +0800] "GET /xingrg/login.html HTTP/1.1" 200 7641
116.227.210.113 - - [04/Dec/2021:10:38:01 +0800] "GET /xingrg/index.html?sysBaseUrl=http%3A%2F%2F180.169.147.146%3A18081%2Fxingrg%2F&costTime=1277×tamp=1606817596806 HTTP/1.1" 302 -
116.227.210.113 - - [04/Dec/2021:10:38:01 +0800] "GET /xingrg/login.html HTTP/1.1" 200 7641
116.227.210.113 - - [04/Dec/2021:10:38:01 +0800] "GET /favicon.ico HTTP/1.1" 404 -
120.253.135.82 - - [04/Dec/2021:10:38:03 +0800] "GET /xingrg/kc/print/load_data.html?order_code=212021120401256&kc_code=cgsh&condition= HTTP/1.1" 200 1604
116.238.248.233 - - [04/Dec/2021:10:38:03 +0800] "GET /xingrg/login.html HTTP/1.1" 200 7641
120.253.135.82 - - [04/Dec/2021:10:38:05 +0800] "GET /xingrg/all/function/internal_message.html?_=1638585490469&CODE_STATE=getMsg HTTP/1.1" 200 27
116.238.248.233 - - [04/Dec/2021:10:38:05 +0800] "GET /favicon.ico HTTP/1.1" 404 -
172.20.0.100 - - [04/Dec/2021:10:38:05 +0800] "GET /xingrg/all/report/report_query.html?isQuery=1&fileName=kc/base/crk_detail_by_small.xml&rh=99999&queryString=&queryText=%25E3%2580%2590%25E4%25BB%2593%25E5%25BA%2593%25E5%2590%258D%25E7%25A7%25B0%253A%25E5%258E%25A8%25E6%2588%25BF%25E3%2580%2591%25E3%2580%2590%25E4%25B8%259A%25E5%258A%25A1%25E7%25B1%25BB%25E5%259E%258B%25EF%25BC%259A%25E9%2587%2587%25E8%25B4%25AD%25E5%2585%25A5%25E5%25BA%2593%25E3%2580%2591%2520%253F%253F%253F%253F%253F2021-11-01%253F%253F2021-11-30&tableQueryString=crk_table%2524sp1%2524order_day%2520between%252020211101%2520and%252020211130%2520and%2520(base_code%253D'0010296')%2520and%2520(src_order_type%2520in%2520(21))%2520and%2520(is_rk%2520in%2520(1)) HTTP/1.1" 200 53687
172.20.0.100 - - [04/Dec/2021:10:38:06 +0800] "GET /xingrg/dwr/interface/AjaxReportQueryService.js HTTP/1.1" 200 13203
172.20.0.100 - - [04/Dec/2021:10:38:06 +0800] "GET /xingrg/dwr/engine.js HTTP/1.1" 200 43631
180.174.250.202 - - [04/Dec/2021:10:38:06 +0800] "GET /xingrg/all/function/internal_message.html?_=1638585487064&CODE_STATE=getMsg HTTP/1.1" 200 27
172.20.0.100 - - [04/Dec/2021:10:38:07 +0800] "POST /xingrg/all/report/load_report_page.html HTTP/1.1" 200 58603
172.20.0.100 - - [04/Dec/2021:10:38:07 +0800] "GET /xingrg/servlets/image?cache=0.989939971303394&image=px HTTP/1.1" 200 807
58.37.8.149 - - [04/Dec/2021:10:38:07 +0800] "GET /xingrg/all/function/internal_message.html?_=1638585309349&CODE_STATE=getMsg HTTP/1.1" 200 27
172.20.0.100 - - [04/Dec/2021:10:38:09 +0800] "POST /xingrg/all/report/load_report_page.html HTTP/1.1" 200 473537
172.20.0.100 - - [04/Dec/2021:10:38:10 +0800] "GET /xingrg/servlets/image?cache=0.39089213917894317&image=px HTTP/1.1" 200 807
116.238.248.233 - - [04/Dec/2021:10:38:10 +0800] "POST /xingrg/login.do HTTP/1.1" 302 -
116.238.248.233 - - [04/Dec/2021:10:38:10 +0800] "GET /xingrg/index.html?sysBaseUrl=http%3A%2F%2F180.169.147.146%3A18081%2Fxingrg%2F&costTime=122×tamp=1638585490049 HTTP/1.1" 200 17173
116.238.248.233 - - [04/Dec/2021:10:38:10 +0800] "POST /xingrg/all/common/load_tree.html?tree=area_rest_tree_json&manage=1 HTTP/1.1" 200 3472
116.238.248.233 - - [04/Dec/2021:10:38:10 +0800] "GET /xingrg/check_reg.html?_=1638585491673 HTTP/1.1" 200 22
116.238.248.233 - - [04/Dec/2021:10:38:10 +0800] "GET /xingrg/all/function/internal_message.html?_=1638585491672&CODE_STATE=count HTTP/1.1" 200 11
116.238.248.233 - - [04/Dec/2021:10:38:10 +0800] "GET /favicon.ico HTTP/1.1" 404 -
116.238.248.233 - - [04/Dec/2021:10:38:10 +0800] "POST /xingrg/load_menu.html HTTP/1.1" 200 6743
116.238.248.233 - - [04/Dec/2021:10:38:12 +0800] "GET /xingrg/kc/buy/buy_main.html HTTP/1.1" 200 12341
116.238.248.233 - - [04/Dec/2021:10:38:12 +0800] "GET /xingrg/css/new_ie.css HTTP/1.1" 404 1036
116.238.248.233 - - [04/Dec/2021:10:38:13 +0800] "GET /xingrg/kc/buy/cgsh_order_list.html HTTP/1.1" 200 49374
116.238.248.233 - - [04/Dec/2021:10:38:17 +0800] "POST /xingrg/kc/buy/cgsh_list_operate.html HTTP/1.1" 200 1675
172.20.0.100 - - [04/Dec/2021:10:38:19 +0800] "GET /xingrg/all/function/internal_message.html?_=1638585499054&CODE_STATE=getMsg HTTP/1.1" 200 27
172.20.0.100 - - [04/Dec/2021:10:38:19 +0800] "GET /xingrg/check_reg.html?_=1638585499058 HTTP/1.1" 200 22
116.227.210.113 - - [04/Dec/2021:10:38:20 +0800] "POST /xingrg/login.do HTTP/1.1" 302 -
116.227.210.113 - - [04/Dec/2021:10:38:20 +0800] "GET /xingrg/index.html?sysBaseUrl=http%3A%2F%2F180.169.147.146%3A18081%2Fxingrg%2F&costTime=105×tamp=1638585500694 HTTP/1.1" 200 17179
116.227.210.113 - - [04/Dec/2021:10:38:20 +0800] "GET /favicon.ico HTTP/1.1" 404 -
116.227.210.113 - - [04/Dec/2021:10:38:21 +0800] "POST /xingrg/all/common/load_tree.html?tree=area_rest_tree_json&manage=1 HTTP/1.1" 200 351
116.227.210.113 - - [04/Dec/2021:10:38:21 +0800] "GET /xingrg/all/function/internal_message.html?_=1638585500625&CODE_STATE=count HTTP/1.1" 200 11
116.227.210.113 - - [04/Dec/2021:10:38:21 +0800] "GET /xingrg/check_reg.html?_=1638585500626 HTTP/1.1" 200 22
116.227.210.113 - - [04/Dec/2021:10:38:21 +0800] "POST /xingrg/load_menu.html HTTP/1.1" 200 5138
180.169.147.146 - - [04/Dec/2021:10:38:22 +0800] "GET /xingrg/all/function/internal_message.html?_=1638585505160&CODE_STATE=getMsg HTTP/1.1" 200 27
116.227.210.113 - - [04/Dec/2021:10:38:22 +0800] "GET /xingrg/kc/buy/buy_main.html HTTP/1.1" 200 12412
116.227.210.113 - - [04/Dec/2021:10:38:22 +0800] "GET /xingrg/css/new_ie.css HTTP/1.1" 404 1036
116.227.210.113 - - [04/Dec/2021:10:38:23 +0800] "GET /xingrg/images/yd/bt.gif HTTP/1.1" 404 1040
114.85.125.222 - - [04/Dec/2021:10:38:24 +0800] "GET /xingrg/check_reg.html?_=1638585470098 HTTP/1.1" 200 22
116.227.210.113 - - [04/Dec/2021:10:38:24 +0800] "GET /xingrg/kc/buy/cgsh_order_list.html HTTP/1.1" 200 49380
114.85.125.222 - - [04/Dec/2021:10:38:24 +0800] "GET /xingrg/all/function/internal_message.html?_=1638585470519&CODE_STATE=getMsg HTTP/1.1" 200 27
124.78.153.86 - - [04/Dec/2021:10:38:26 +0800] "GET /xingrg/check_reg.html?_=1638585517817 HTTP/1.1" 200 22
116.227.210.113 - - [04/Dec/2021:10:38:26 +0800] "POST /xingrg/kc/buy/cgsh_list_operate.html HTTP/1.1" 200 876
58.39.139.200 - - [04/Dec/2021:10:38:28 +0800] "GET /xingrg/all/function/internal_message.html?_=1638585509483&CODE_STATE=getMsg HTTP/1.1" 200 27
116.227.210.113 - - [04/Dec/2021:10:38:30 +0800] "GET /xingrg/kc/buy/cgsh_order_add.html HTTP/1.1" 200 65071
116.227.210.113 - - [04/Dec/2021:10:38:30 +0800] "GET /xingrg/words/20211203111311_words.js HTTP/1.1" 304 -
116.227.210.113 - - [04/Dec/2021:10:38:30 +0800] "POST /xingrg/kc/buy/cgsh_order_operate.html HTTP/1.1" 200 8245
116.227.210.113 - - [04/Dec/2021:10:38:30 +0800] "GET /xingrg/all/common/auto_word.html?type=employee&rest_code=00155 HTTP/1.1" 200 205
116.227.210.113 - - [04/Dec/2021:10:38:30 +0800] "GET /xingrg/javascript/easyui/themes/default/validatebox.css HTTP/1.1" 404 1104
116.227.210.113 - - [04/Dec/2021:10:38:30 +0800] "GET /xingrg/all/common/auto_word.html?type=employee&rest_code=00155 HTTP/1.1" 200 205
58.39.139.200 - - [04/Dec/2021:10:38:32 +0800] "GET /xingrg/all/function/internal_message.html?_=1638585450335&CODE_STATE=getMsg HTTP/1.1" 200 27
180.174.250.202 - - [04/Dec/2021:10:38:32 +0800] "GET /xingrg/check_reg.html?_=1638585520467 HTTP/1.1" 200 22
180.174.250.202 - - [04/Dec/2021:10:38:32 +0800] "GET /xingrg/all/function/internal_message.html?_=1638585520472&CODE_STATE=getMsg HTTP/1.1" 200 27
180.162.114.163 - - [04/Dec/2021:10:38:34 +0800] "GET /xingrg/all/function/internal_message.html?_=1638584976209&CODE_STATE=getMsg HTTP/1.1" 200 27
116.238.248.233 - - [04/Dec/2021:10:38:37 +0800] "GET /xingrg/javascript/auto/indicator.gif HTTP/1.1" 404 1066
222.70.171.86 - - [04/Dec/2021:10:38:41 +0800] "GET /xingrg/all/function/internal_message.html?_=1638585518829&CODE_STATE=getMsg HTTP/1.1" 200 27
58.37.8.149 - - [04/Dec/2021:10:38:41 +0800] "GET /xingrg/login.html HTTP/1.1" 200 7641
58.37.8.149 - - [04/Dec/2021:10:38:42 +0800] "GET /favicon.ico HTTP/1.1" 404 -
180.174.250.202 - - [04/Dec/2021:10:38:42 +0800] "POST /xingrg/kc/buy/cgsh_order_operate.html HTTP/1.1" 200 37
172.20.0.100 - - [04/Dec/2021:10:38:43 +0800] "GET /xingrg/all/function/internal_message.html?_=1638585522598&CODE_STATE=getMsg HTTP/1.1" 200 27
120.253.135.82 - - [04/Dec/2021:10:38:43 +0800] "GET /xingrg/check_reg.html?_=1638585301792 HTTP/1.1" 200 22
120.253.135.82 - - [04/Dec/2021:10:38:43 +0800] "GET /xingrg/all/function/internal_message.html?_=1638585302020&CODE_STATE=getMsg HTTP/1.1" 200 27
172.20.0.100 - - [04/Dec/2021:10:38:43 +0800] "GET /xingrg/check_reg.html?_=1638585523243 HTTP/1.1" 200 22
58.37.8.149 - - [04/Dec/2021:10:38:45 +0800] "POST /xingrg/login.do HTTP/1.1" 302 -
58.37.8.149 - - [04/Dec/2021:10:38:45 +0800] "GET /xingrg/index.html?sysBaseUrl=http%3A%2F%2F180.169.147.146%3A18081%2Fxingrg%2F&costTime=118×tamp=1638585525419 HTTP/1.1" 200 17419
58.37.8.149 - - [04/Dec/2021:10:38:45 +0800] "POST /xingrg/all/common/load_tree.html?tree=area_rest_tree_json&manage=1 HTTP/1.1" 200 479
58.37.8.149 - - [04/Dec/2021:10:38:45 +0800] "GET /xingrg/check_reg.html?_=1638585527531 HTTP/1.1" 200 22
58.37.8.149 - - [04/Dec/2021:10:38:45 +0800] "GET /xingrg/all/function/internal_message.html?_=1638585527527&CODE_STATE=count HTTP/1.1" 200 11
58.37.8.149 - - [04/Dec/2021:10:38:46 +0800] "GET /favicon.ico HTTP/1.1" 404 -
58.37.8.149 - - [04/Dec/2021:10:38:46 +0800] "POST /xingrg/load_menu.html HTTP/1.1" 200 9959
58.40.7.146 - - [04/Dec/2021:10:38:46 +0800] "GET /xingrg/all/function/internal_message.html?_=1638585529291&CODE_STATE=getMsg HTTP/1.1" 200 27
180.174.250.202 - - [04/Dec/2021:10:38:47 +0800] "POST /xingrg/kc/buy/cgsh_order_operate.html HTTP/1.1" 200 12
58.37.8.149 - - [04/Dec/2021:10:38:48 +0800] "GET /xingrg/kc/report/report_main.html HTTP/1.1" 200 7340
180.174.250.202 - - [04/Dec/2021:10:38:48 +0800] "GET /xingrg/kc/buy/cgsh_order_info.html?code=212021120401257 HTTP/1.1" 200 60022
180.174.250.202 - - [04/Dec/2021:10:38:49 +0800] "GET /xingrg/javascript/easyui/themes/default/validatebox.css HTTP/1.1" 404 1104
58.37.8.149 - - [04/Dec/2021:10:38:49 +0800] "GET /xingrg/all/report/report_query.html?fileName=kc/buy/gys_amount.xml&rh=99999 HTTP/1.1" 200 52006
58.37.8.149 - - [04/Dec/2021:10:38:49 +0800] "GET /xingrg/dwr/interface/AjaxReportQueryService.js HTTP/1.1" 200 13203
58.37.8.149 - - [04/Dec/2021:10:38:49 +0800] "GET /xingrg/dwr/util.js HTTP/1.1" 200 35990
58.37.8.149 - - [04/Dec/2021:10:38:49 +0800] "GET /xingrg/dwr/engine.js HTTP/1.1" 200 43631
180.174.250.202 - - [04/Dec/2021:10:38:49 +0800] "POST /xingrg/kc/buy/cgsh_order_operate.html HTTP/1.1" 200 607
58.37.8.149 - - [04/Dec/2021:10:38:50 +0800] "POST /xingrg/dwr/call/plaincall/AjaxReportQueryService.getFixDate.dwr HTTP/1.1" 200 111
58.37.8.149 - - [04/Dec/2021:10:38:50 +0800] "POST /xingrg/all/common/load_tree.html?tree=supplier_tree_json&manage=1 HTTP/1.1" 200 62135
58.37.8.149 - - [04/Dec/2021:10:38:50 +0800] "POST /xingrg/all/common/load_tree.html?tree=materiel_sort_tree_json HTTP/1.1" 200 9388
114.83.217.40 - - [04/Dec/2021:10:38:50 +0800] "GET /xingrg/all/function/internal_message.html?_=1638585530425&CODE_STATE=getMsg HTTP/1.1" 200 27
180.174.250.202 - - [04/Dec/2021:10:38:50 +0800] "GET /xingrg/kc/print/load_data.html?order_code=212021120401257&kc_code=cgsh&condition= HTTP/1.1" 200 705
58.37.8.149 - - [04/Dec/2021:10:38:52 +0800] "POST /xingrg/dwr/call/plaincall/AjaxReportQueryService.getInitString.dwr HTTP/1.1" 200 996
58.37.8.149 - - [04/Dec/2021:10:38:53 +0800] "POST /xingrg/load_menu.html HTTP/1.1" 200 9242
101.85.120.86 - - [04/Dec/2021:10:38:53 +0800] "GET /xingrg/all/function/internal_message.html?_=1638585534330&CODE_STATE=getMsg HTTP/1.1" 200 27
180.174.250.202 - - [04/Dec/2021:10:38:53 +0800] "GET /xingrg/kc/buy/cgsh_order_add.html HTTP/1.1" 200 65109
180.174.250.202 - - [04/Dec/2021:10:38:54 +0800] "POST /xingrg/kc/buy/cgsh_order_operate.html HTTP/1.1" 200 8245
180.174.250.202 - - [04/Dec/2021:10:38:54 +0800] "GET /xingrg/javascript/easyui/themes/default/validatebox.css HTTP/1.1" 404 1104
222.70.176.97 - - [04/Dec/2021:10:38:56 +0800] "GET /xingrg/all/function/internal_message.html?_=1638585534962&CODE_STATE=getMsg HTTP/1.1" 200 27
58.37.8.149 - - [04/Dec/2021:10:38:57 +0800] "GET /xingrg/all/report/report_query.html?fileName=dma/new_5.0/yingye/order_list.xml HTTP/1.1" 200 55281
58.37.8.149 - - [04/Dec/2021:10:38:57 +0800] "GET /xingrg/dwr/interface/AjaxReportQueryService.js HTTP/1.1" 200 13203
58.37.8.149 - - [04/Dec/2021:10:38:57 +0800] "GET /xingrg/dwr/engine.js HTTP/1.1" 200 43631
58.37.8.149 - - [04/Dec/2021:10:38:57 +0800] "POST /xingrg/dwr/call/plaincall/AjaxReportQueryService.getFixDate.dwr HTTP/1.1" 200 111
58.37.8.149 - - [04/Dec/2021:10:38:57 +0800] "POST /xingrg/all/common/load_tree.html?tree=area_station_tree_json&manage=1 HTTP/1.1" 200 471
124.78.153.86 - - [04/Dec/2021:10:38:57 +0800] "GET /xingrg/all/function/internal_message.html?_=1638585549221&CODE_STATE=getMsg HTTP/1.1" 200 27
58.37.8.149 - - [04/Dec/2021:10:38:57 +0800] "POST /xingrg/dwr/call/plaincall/AjaxReportQueryService.getInitString.dwr HTTP/1.1" 200 76
61.151.178.180 - - [04/Dec/2021:10:38:57 +0800] "GET /xingrg/all/function/internal_message.html?_=1638585489251&CODE_STATE=getMsg HTTP/1.1" 302 -
116.233.78.65 - - [04/Dec/2021:10:38:58 +0800] "GET /xingrg/all/function/internal_message.html?_=1638585539850&CODE_STATE=getMsg HTTP/1.1" 200 27
61.151.178.180 - - [04/Dec/2021:10:38:58 +0800] "GET /xingrg/login.html HTTP/1.1" 200 7641
58.37.8.149 - - [04/Dec/2021:10:39:01 +0800] "POST /xingrg/dwr/call/plaincall/AjaxReportQueryService.queryInitializeString.dwr HTTP/1.1" 200 189
180.174.250.202 - - [04/Dec/2021:10:39:01 +0800] "GET /xingrg/kc/buy/cgsh_order_operate.html?command=get_materiel&rest_code=00102&code=00101006166&supplier_code=00100442&order_time=2021-12-03 HTTP/1.1" 200 421
58.37.8.149 - - [04/Dec/2021:10:39:02 +0800] "POST /xingrg/dwr/call/plaincall/AjaxReportQueryService.refreshCache.dwr HTTP/1.1" 200 78
58.37.8.149 - - [04/Dec/2021:10:39:02 +0800] "POST /xingrg/all/report/load_report_page.html HTTP/1.1" 200 208873
58.37.8.149 - - [04/Dec/2021:10:39:02 +0800] "GET /xingrg/servlets/image?cache=0.7981778093865086&image=px HTTP/1.1" 200 807
180.174.250.202 - - [04/Dec/2021:10:39:02 +0800] "GET /xingrg/check_reg.html?_=1638585543175 HTTP/1.1" 200 22
116.238.248.233 - - [04/Dec/2021:10:39:03 +0800] "POST /xingrg/kc/buy/cgsh_list_operate.html HTTP/1.1" 200 5297
172.20.0.100 - - [04/Dec/2021:10:39:04 +0800] "GET /xingrg/all/report/report_query.html?isQuery=1&fileName=kc/base/crk_detail_by_small.xml&rh=99999&queryString=&queryText=%25E3%2580%2590%25E4%25BB%2593%25E5%25BA%2593%25E5%2590%258D%25E7%25A7%25B0%253A%25E5%258E%25A8%25E6%2588%25BF%25E3%2580%2591%25E3%2580%2590%25E4%25B8%259A%25E5%258A%25A1%25E7%25B1%25BB%25E5%259E%258B%25EF%25BC%259A%25E9%2587%2587%25E8%25B4%25AD%25E5%2585%25A5%25E5%25BA%2593%25E3%2580%2591%2520%253F%253F%253F%253F%253F2021-11-01%253F%253F2021-11-30&tableQueryString=crk_table%2524sp1%2524order_day%2520between%252020211101%2520and%252020211130%2520and%2520(base_code%253D'0010296')%2520and%2520(src_order_type%2520in%2520(21))%2520and%2520(is_rk%2520in%2520(1)) HTTP/1.1" 200 53687
120.253.135.82 - - [04/Dec/2021:10:39:05 +0800] "GET /xingrg/all/function/internal_message.html?_=1638585550480&CODE_STATE=getMsg HTTP/1.1" 200 27
172.20.0.100 - - [04/Dec/2021:10:39:05 +0800] "GET /xingrg/dwr/interface/AjaxReportQueryService.js HTTP/1.1" 200 13203
172.20.0.100 - - [04/Dec/2021:10:39:05 +0800] "GET /xingrg/dwr/engine.js HTTP/1.1" 200 43631
58.37.8.149 - - [04/Dec/2021:10:39:06 +0800] "POST /xingrg/all/report/load_report_page.html HTTP/1.1" 200 178192
172.20.0.100 - - [04/Dec/2021:10:39:06 +0800] "POST /xingrg/all/report/load_report_page.html HTTP/1.1" 200 58667
172.20.0.100 - - [04/Dec/2021:10:39:06 +0800] "GET /xingrg/servlets/image?cache=0.16193809195040365&image=px HTTP/1.1" 200 807
58.37.8.149 - - [04/Dec/2021:10:39:06 +0800] "GET /xingrg/servlets/image?cache=0.8231137459174285&image=px HTTP/1.1" 200 807
180.174.250.202 - - [04/Dec/2021:10:39:06 +0800] "GET /xingrg/all/function/internal_message.html?_=1638585547069&CODE_STATE=getMsg HTTP/1.1" 200 27
58.37.8.149 - - [04/Dec/2021:10:39:07 +0800] "GET /xingrg/all/function/internal_message.html?_=1638585369324&CODE_STATE=getMsg HTTP/1.1" 200 27
116.238.248.233 - - [04/Dec/2021:10:39:10 +0800] "GET /xingrg/all/function/internal_message.html?_=1638585551691&CODE_STATE=getMsg HTTP/1.1" 200 27
180.174.250.202 - - [04/Dec/2021:10:39:11 +0800] "GET /xingrg/kc/buy/cgsh_order_operate.html?command=get_materiel&rest_code=00102&code=00101010719&supplier_code=00100442&order_time=2021-12-03 HTTP/1.1" 200 392
101.85.55.123 - - [04/Dec/2021:10:39:14 +0800] "GET /xingrg/login.html HTTP/1.1" 200 7641
120.253.135.82 - - [04/Dec/2021:10:39:16 +0800] "POST /xingrg/kc/buy/cgsh_order_operate.html HTTP/1.1" 200 37
101.85.55.123 - - [04/Dec/2021:10:39:17 +0800] "GET /favicon.ico HTTP/1.1" 404 -
180.174.250.202 - - [04/Dec/2021:10:39:19 +0800] "GET /xingrg/kc/buy/cgsh_order_operate.html?command=get_materiel&rest_code=00102&code=00101006268&supplier_code=00100442&order_time=2021-12-03 HTTP/1.1" 200 395
172.20.0.100 - - [04/Dec/2021:10:39:19 +0800] "GET /xingrg/all/function/internal_message.html?_=1638585559044&CODE_STATE=getMsg HTTP/1.1" 200 27
116.227.210.113 - - [04/Dec/2021:10:39:21 +0800] "GET /xingrg/all/function/internal_message.html?_=1638585560649&CODE_STATE=getMsg HTTP/1.1" 200 27
180.169.147.146 - - [04/Dec/2021:10:39:22 +0800] "GET /xingrg/all/function/internal_message.html?_=1638585565150&CODE_STATE=getMsg HTTP/1.1" 200 27
114.85.125.222 - - [04/Dec/2021:10:39:24 +0800] "GET /xingrg/all/function/internal_message.html?_=1638585530532&CODE_STATE=getMsg HTTP/1.1" 200 27
180.174.250.202 - - [04/Dec/2021:10:39:25 +0800] "GET /xingrg/kc/buy/cgsh_order_operate.html?command=get_materiel&rest_code=00102&code=00101010658&supplier_code=00100442&order_time=2021-12-03 HTTP/1.1" 200 397
120.253.135.82 - - [04/Dec/2021:10:39:26 +0800] "POST /xingrg/kc/buy/cgsh_order_operate.html HTTP/1.1" 200 12
180.169.147.146 - - [04/Dec/2021:10:39:27 +0800] "GET /xingrg/kc/base/wldb_order_list.html HTTP/1.1" 200 19526
61.151.178.197 - - [04/Dec/2021:10:39:27 +0800] "GET /xingrg/check_reg.html?_=1638585517817 HTTP/1.1" 302 -
180.169.147.146 - - [04/Dec/2021:10:39:27 +0800] "POST /xingrg/kc/base/wldb_list_operate.html HTTP/1.1" 200 928
58.39.139.200 - - [04/Dec/2021:10:39:28 +0800] "GET /xingrg/all/function/internal_message.html?_=1638585569483&CODE_STATE=getMsg HTTP/1.1" 200 27
61.151.178.197 - - [04/Dec/2021:10:39:28 +0800] "GET /xingrg/login.html HTTP/1.1" 200 7641
180.169.147.146 - - [04/Dec/2021:10:39:29 +0800] "GET /xingrg/kc/base/wldb_order_add.html HTTP/1.1" 200 30485
180.169.147.146 - - [04/Dec/2021:10:39:29 +0800] "POST /xingrg/kc/base/wldb_order_operate.html HTTP/1.1" 200 6806
180.169.147.146 - - [04/Dec/2021:10:39:29 +0800] "GET /xingrg/all/common/auto_word.html?type=base&rest_code=00141 HTTP/1.1" 200 1799
180.169.147.146 - - [04/Dec/2021:10:39:29 +0800] "GET /xingrg/all/common/auto_word.html?type=base&rest_code=00141 HTTP/1.1" 200 1799
180.169.147.146 - - [04/Dec/2021:10:39:29 +0800] "GET /xingrg/javascript/easyui/themes/default/validatebox.css HTTP/1.1" 404 1104
120.253.135.82 - - [04/Dec/2021:10:39:31 +0800] "GET /xingrg/kc/buy/cgsh_order_info.html?code=212021120401256 HTTP/1.1" 200 59066
120.253.135.82 - - [04/Dec/2021:10:39:31 +0800] "GET /xingrg/javascript/easyui/themes/default/validatebox.css HTTP/1.1" 404 1104
180.169.147.146 - - [04/Dec/2021:10:39:32 +0800] "GET /xingrg/javascript/auto/indicator.gif HTTP/1.1" 404 1066
58.39.139.200 - - [04/Dec/2021:10:39:32 +0800] "GET /xingrg/all/function/internal_message.html?_=1638585510335&CODE_STATE=getMsg HTTP/1.1" 200 27
180.174.250.202 - - [04/Dec/2021:10:39:32 +0800] "GET /xingrg/all/function/internal_message.html?_=1638585580456&CODE_STATE=getMsg HTTP/1.1" 200 27
180.174.250.202 - - [04/Dec/2021:10:39:33 +0800] "POST /xingrg/kc/buy/cgsh_order_operate.html HTTP/1.1" 200 37
120.253.135.82 - - [04/Dec/2021:10:39:33 +0800] "POST /xingrg/kc/buy/cgsh_order_operate.html HTTP/1.1" 200 3032
180.162.114.163 - - [04/Dec/2021:10:39:34 +0800] "GET /xingrg/all/function/internal_message.html?_=1638585036209&CODE_STATE=getMsg HTTP/1.1" 200 27
180.169.147.146 - - [04/Dec/2021:10:39:36 +0800] "GET /xingrg/javascript/jquery_tools/images/next.gif HTTP/1.1" 404 1086
180.169.147.146 - - [04/Dec/2021:10:39:36 +0800] "GET /xingrg/javascript/jquery_tools/images/prev.gif HTTP/1.1" 404 1086
58.37.8.149 - - [04/Dec/2021:10:39:36 +0800] "GET /xingrg/check_reg.html?_=1638585398379 HTTP/1.1" 200 22
222.70.171.86 - - [04/Dec/2021:10:39:39 +0800] "GET /xingrg/check_reg.html?_=1638585600183 HTTP/1.1" 302 -
222.70.171.86 - - [04/Dec/2021:10:39:41 +0800] "GET /xingrg/all/function/internal_message.html?_=1638585578845&CODE_STATE=getMsg HTTP/1.1" 200 27
172.20.0.100 - - [04/Dec/2021:10:39:42 +0800] "GET /xingrg/all/function/internal_message.html?_=1638585582586&CODE_STATE=getMsg HTTP/1.1" 200 27
116.233.78.65 - - [04/Dec/2021:10:39:43 +0800] "POST /xingrg/kc/buy/cgsh_order_operate.html HTTP/1.1" 200 205
180.174.250.202 - - [04/Dec/2021:10:39:43 +0800] "POST /xingrg/kc/buy/cgsh_order_operate.html HTTP/1.1" 200 12
180.169.147.146 - - [04/Dec/2021:10:39:43 +0800] "GET /xingrg/kc/base/wldb_order_operate.html?command=get_materiel&rest_code=00141&base_code=0010162&code=00101013133 HTTP/1.1" 200 432
120.253.135.82 - - [04/Dec/2021:10:39:43 +0800] "GET /xingrg/kc/buy/cgsh_order_info.html?code=212021120401256 HTTP/1.1" 200 59066
120.253.135.82 - - [04/Dec/2021:10:39:43 +0800] "GET /xingrg/all/function/internal_message.html?_=1638585362077&CODE_STATE=getMsg HTTP/1.1" 200 27
120.253.135.82 - - [04/Dec/2021:10:39:43 +0800] "GET /xingrg/kc/buy/cgsh_order_list.html HTTP/1.1" 200 49374
120.253.135.82 - - [04/Dec/2021:10:39:43 +0800] "GET /xingrg/javascript/easyui/themes/default/validatebox.css HTTP/1.1" 404 1104
180.174.250.202 - - [04/Dec/2021:10:39:43 +0800] "GET /xingrg/kc/buy/cgsh_order_info.html?code=212021120401258 HTTP/1.1" 200 60020
180.174.250.202 - - [04/Dec/2021:10:39:44 +0800] "GET /xingrg/javascript/easyui/themes/default/validatebox.css HTTP/1.1" 404 1104
120.253.135.82 - - [04/Dec/2021:10:39:44 +0800] "POST /xingrg/kc/buy/cgsh_list_operate.html HTTP/1.1" 200 876
120.253.135.82 - - [04/Dec/2021:10:39:44 +0800] "POST /xingrg/kc/buy/cgsh_order_operate.html HTTP/1.1" 200 3032
180.174.250.202 - - [04/Dec/2021:10:39:45 +0800] "POST /xingrg/kc/buy/cgsh_order_operate.html HTTP/1.1" 200 2380
58.37.8.149 - - [04/Dec/2021:10:39:46 +0800] "GET /xingrg/all/function/internal_message.html?_=1638585587558&CODE_STATE=getMsg HTTP/1.1" 200 27
180.174.250.202 - - [04/Dec/2021:10:39:46 +0800] "GET /xingrg/kc/print/load_data.html?order_code=212021120401258&kc_code=cgsh&condition= HTTP/1.1" 200 1382
58.40.7.146 - - [04/Dec/2021:10:39:46 +0800] "GET /xingrg/all/function/internal_message.html?_=1638585589294&CODE_STATE=getMsg HTTP/1.1" 200 27
120.253.135.82 - - [04/Dec/2021:10:39:47 +0800] "POST /xingrg/kc/buy/cgsh_list_operate.html HTTP/1.1" 200 876
120.253.135.82 - - [04/Dec/2021:10:39:48 +0800] "GET /xingrg/kc/buy/cgsh_order_list.html HTTP/1.1" 200 49374
120.253.135.82 - - [04/Dec/2021:10:39:49 +0800] "POST /xingrg/kc/buy/cgsh_list_operate.html HTTP/1.1" 200 876
180.174.250.202 - - [04/Dec/2021:10:39:50 +0800] "GET /xingrg/kc/buy/cgsh_order_add.html HTTP/1.1" 200 65109
114.83.217.40 - - [04/Dec/2021:10:39:50 +0800] "GET /xingrg/all/function/internal_message.html?_=1638585590395&CODE_STATE=getMsg HTTP/1.1" 200 27
180.174.250.202 - - [04/Dec/2021:10:39:50 +0800] "POST /xingrg/kc/buy/cgsh_order_operate.html HTTP/1.1" 200 8245
180.169.147.146 - - [04/Dec/2021:10:39:50 +0800] "GET /xingrg/kc/base/wldb_order_operate.html?command=get_materiel&rest_code=00141&base_code=0010162&code=00101016019 HTTP/1.1" 200 449
180.174.250.202 - - [04/Dec/2021:10:39:50 +0800] "GET /xingrg/javascript/easyui/themes/default/validatebox.css HTTP/1.1" 404 1104
101.85.120.86 - - [04/Dec/2021:10:39:53 +0800] "GET /xingrg/check_reg.html?_=1638585594330 HTTP/1.1" 200 22
101.85.120.86 - - [04/Dec/2021:10:39:53 +0800] "GET /xingrg/all/function/internal_message.html?_=1638585594333&CODE_STATE=getMsg HTTP/1.1" 200 27
116.233.78.65 - - [04/Dec/2021:10:39:54 +0800] "POST /xingrg/kc/buy/cgsh_order_operate.html HTTP/1.1" 200 37
222.70.176.97 - - [04/Dec/2021:10:39:56 +0800] "GET /xingrg/all/function/internal_message.html?_=1638585594960&CODE_STATE=getMsg HTTP/1.1" 200 27
116.233.78.65 - - [04/Dec/2021:10:39:56 +0800] "POST /xingrg/kc/buy/cgsh_order_operate.html HTTP/1.1" 200 42942
120.253.135.82 - - [04/Dec/2021:10:39:57 +0800] "GET /xingrg/kc/pszx/mdqp_order_list.html?state=10 HTTP/1.1" 200 11062
120.253.135.82 - - [04/Dec/2021:10:39:57 +0800] "GET /xingrg/dwr/interface/AjaxReportQueryService.js HTTP/1.1" 200 13203
120.253.135.82 - - [04/Dec/2021:10:39:57 +0800] "GET /xingrg/dwr/interface/AjaxQqpsService.js HTTP/1.1" 200 16326
120.253.135.82 - - [04/Dec/2021:10:39:57 +0800] "GET /xingrg/dwr/engine.js HTTP/1.1" 200 43631
124.78.153.86 - - [04/Dec/2021:10:39:57 +0800] "GET /xingrg/all/function/internal_message.html?_=1638585609199&CODE_STATE=getMsg HTTP/1.1" 200 27
180.174.250.202 - - [04/Dec/2021:10:39:57 +0800] "GET /xingrg/kc/buy/cgsh_order_operate.html?command=get_materiel&rest_code=00102&code=00101012046&supplier_code=00100487&order_time=2021-12-04 HTTP/1.1" 200 417
116.233.78.65 - - [04/Dec/2021:10:39:58 +0800] "GET /xingrg/all/function/internal_message.html?_=1638585599847&CODE_STATE=getMsg HTTP/1.1" 200 27
116.233.78.65 - - [04/Dec/2021:10:39:58 +0800] "GET /xingrg/kc/print/load_config.html?kc_code=cgsh HTTP/1.1" 200 2281
180.169.147.146 - - [04/Dec/2021:10:39:59 +0800] "GET /xingrg/kc/base/wldb_order_operate.html?command=get_materiel&rest_code=00141&base_code=0010162&code=00101019031 HTTP/1.1" 200 431
116.233.78.65 - - [04/Dec/2021:10:39:59 +0800] "GET /xingrg/kc/print/load_data.html?order_code=212021120401231&kc_code=cgsh&condition= HTTP/1.1" 200 15953
116.227.210.113 - - [04/Dec/2021:10:40:00 +0800] "POST /xingrg/services/DataTransmitService HTTP/1.1" 200 524
120.253.135.82 - - [04/Dec/2021:10:40:00 +0800] "GET /xingrg/kc/pszx/mdps_order_list.html?orderType=0 HTTP/1.1" 200 21130
120.253.135.82 - - [04/Dec/2021:10:40:00 +0800] "POST /xingrg/kc/pszx/mdps_list_operate.html HTTP/1.1" 200 4238
116.227.210.113 - - [04/Dec/2021:10:40:01 +0800] "POST /xingrg/services/DataTransmitService HTTP/1.1" 200 1979
180.169.147.146 - - [04/Dec/2021:10:40:03 +0800] "GET /xingrg/kc/base/wldb_order_operate.html?command=get_materiel&rest_code=00141&base_code=0010162&code=00101019015 HTTP/1.1" 200 435
116.233.78.65 - - [04/Dec/2021:10:40:04 +0800] "GET /xingrg/kc/buy/cgsh_order_add.html HTTP/1.1" 200 65185
116.233.78.65 - - [04/Dec/2021:10:40:04 +0800] "POST /xingrg/kc/buy/cgsh_order_operate.html HTTP/1.1" 200 8245
116.233.78.65 - - [04/Dec/2021:10:40:04 +0800] "GET /xingrg/all/common/auto_word.html?type=employee&rest_code=00109 HTTP/1.1" 200 255
116.233.78.65 - - [04/Dec/2021:10:40:04 +0800] "GET /xingrg/all/common/auto_word.html?type=employee&rest_code=00109 HTTP/1.1" 200 255
116.233.78.65 - - [04/Dec/2021:10:40:04 +0800] "GET /xingrg/javascript/easyui/themes/default/validatebox.css HTTP/1.1" 404 1104
120.253.135.82 - - [04/Dec/2021:10:40:04 +0800] "GET /xingrg/check_reg.html?_=1638585610453 HTTP/1.1" 200 22
120.253.135.82 - - [04/Dec/2021:10:40:05 +0800] "GET /xingrg/all/function/internal_message.html?_=1638585610494&CODE_STATE=getMsg HTTP/1.1" 200 27
180.174.250.202 - - [04/Dec/2021:10:40:05 +0800] "POST /xingrg/kc/buy/cgsh_order_operate.html HTTP/1.1" 200 37
180.174.250.202 - - [04/Dec/2021:10:40:06 +0800] "GET /xingrg/all/function/internal_message.html?_=1638585607083&CODE_STATE=getMsg HTTP/1.1" 200 27
58.37.8.149 - - [04/Dec/2021:10:40:07 +0800] "GET /xingrg/all/function/internal_message.html?_=1638585429294&CODE_STATE=getMsg HTTP/1.1" 200 27
58.37.8.149 - - [04/Dec/2021:10:40:08 +0800] "GET /xingrg/check_reg.html?_=1638585429795 HTTP/1.1" 200 22
180.174.250.202 - - [04/Dec/2021:10:40:08 +0800] "POST /xingrg/kc/buy/cgsh_order_operate.html HTTP/1.1" 200 12
116.233.78.65 - - [04/Dec/2021:10:40:09 +0800] "GET /xingrg/javascript/jquery_tools/images/prev.gif HTTP/1.1" 404 1086
116.233.78.65 - - [04/Dec/2021:10:40:09 +0800] "GET /xingrg/javascript/jquery_tools/images/next.gif HTTP/1.1" 404 1086
116.227.210.113 - - [04/Dec/2021:10:40:09 +0800] "POST /xingrg/services/DataTransmitService HTTP/1.1" 200 524
180.174.250.202 - - [04/Dec/2021:10:40:10 +0800] "GET /xingrg/kc/buy/cgsh_order_info.html?code=212021120401259 HTTP/1.1" 200 60028
116.238.248.233 - - [04/Dec/2021:10:40:10 +0800] "GET /xingrg/all/function/internal_message.html?_=1638585611688&CODE_STATE=getMsg HTTP/1.1" 200 27
116.227.210.113 - - [04/Dec/2021:10:40:10 +0800] "POST /xingrg/services/DataTransmitService HTTP/1.1" 200 501
180.174.250.202 - - [04/Dec/2021:10:40:10 +0800] "GET /xingrg/javascript/easyui/themes/default/validatebox.css HTTP/1.1" 404 1104
180.174.250.202 - - [04/Dec/2021:10:40:11 +0800] "POST /xingrg/kc/buy/cgsh_order_operate.html HTTP/1.1" 200 610
180.174.250.202 - - [04/Dec/2021:10:40:12 +0800] "GET /xingrg/kc/print/load_data.html?order_code=212021120401259&kc_code=cgsh&condition= HTTP/1.1" 200 704
116.227.210.113 - - [04/Dec/2021:10:40:12 +0800] "POST /xingrg/services/DataTransmitService HTTP/1.1" 200 524
180.174.250.202 - - [04/Dec/2021:10:40:16 +0800] "GET /xingrg/kc/buy/cgsh_order_add.html HTTP/1.1" 200 65109
180.174.250.202 - - [04/Dec/2021:10:40:16 +0800] "POST /xingrg/kc/buy/cgsh_order_operate.html HTTP/1.1" 200 8245
180.174.250.202 - - [04/Dec/2021:10:40:16 +0800] "GET /xingrg/javascript/easyui/themes/default/validatebox.css HTTP/1.1" 404 1104
172.20.0.100 - - [04/Dec/2021:10:40:19 +0800] "GET /xingrg/all/function/internal_message.html?_=1638585619049&CODE_STATE=getMsg HTTP/1.1" 200 27
116.233.78.65 - - [04/Dec/2021:10:40:19 +0800] "GET /xingrg/kc/buy/cgsh_order_operate.html?command=get_materiel&rest_code=00109&code=00101009049&supplier_code=00100022&order_time=2021-12-04 HTTP/1.1" 200 416
116.227.210.113 - - [04/Dec/2021:10:40:21 +0800] "GET /xingrg/all/function/internal_message.html?_=1638585620630&CODE_STATE=getMsg HTTP/1.1" 200 27
180.169.147.146 - - [04/Dec/2021:10:40:22 +0800] "GET /xingrg/all/function/internal_message.html?_=1638585625151&CODE_STATE=getMsg HTTP/1.1" 200 27
114.85.125.222 - - [04/Dec/2021:10:40:24 +0800] "GET /xingrg/all/function/internal_message.html?_=1638585590545&CODE_STATE=getMsg HTTP/1.1" 200 27
116.227.210.113 - - [04/Dec/2021:10:40:25 +0800] "POST /xingrg/services/DataTransmitService HTTP/1.1" 200 501
116.227.210.113 - - [04/Dec/2021:10:40:25 +0800] "POST /xingrg/services/DataTransmitService HTTP/1.1" 200 501
180.174.250.202 - - [04/Dec/2021:10:40:27 +0800] "GET /xingrg/kc/buy/cgsh_order_operate.html?command=get_materiel&rest_code=00102&code=00101010108&supplier_code=00100336&order_time=2021-12-04 HTTP/1.1" 200 421
58.39.139.200 - - [04/Dec/2021:10:40:28 +0800] "GET /xingrg/all/function/internal_message.html?_=1638585629484&CODE_STATE=getMsg HTTP/1.1" 200 27
58.39.139.200 - - [04/Dec/2021:10:40:28 +0800] "GET /xingrg/check_reg.html?_=1638585629483 HTTP/1.1" 200 22
116.227.210.113 - - [04/Dec/2021:10:40:28 +0800] "POST /xingrg/services/DataTransmitService HTTP/1.1" 200 501
116.227.210.113 - - [04/Dec/2021:10:40:28 +0800] "POST /xingrg/services/DataTransmitService HTTP/1.1" 500 1621
180.169.147.146 - - [04/Dec/2021:10:40:29 +0800] "GET /xingrg/kc/base/wldb_order_operate.html?command=get_materiel&rest_code=00141&base_code=0010162&code=00101019542 HTTP/1.1" 200 446
116.233.78.65 - - [04/Dec/2021:10:40:31 +0800] "GET /xingrg/kc/buy/cgsh_order_operate.html?command=get_materiel&rest_code=00109&code=00101008418&supplier_code=00100022&order_time=2021-12-04 HTTP/1.1" 200 398
58.39.139.200 - - [04/Dec/2021:10:40:32 +0800] "GET /xingrg/all/function/internal_message.html?_=1638585570336&CODE_STATE=getMsg HTTP/1.1" 200 27
58.39.139.200 - - [04/Dec/2021:10:40:32 +0800] "GET /xingrg/check_reg.html?_=1638585570339 HTTP/1.1" 200 22
116.227.210.113 - - [04/Dec/2021:10:40:32 +0800] "POST /xingrg/services/DataTransmitService HTTP/1.1" 200 524
116.227.210.113 - - [04/Dec/2021:10:40:33 +0800] "POST /xingrg/services/DataTransmitService HTTP/1.1" 200 501
116.227.210.113 - - [04/Dec/2021:10:40:33 +0800] "POST /xingrg/services/DataTransmitService HTTP/1.1" 200 501
116.227.210.113 - - [04/Dec/2021:10:40:34 +0800] "GET /xingrg/javascript/auto/indicator.gif HTTP/1.1" 404 1066
180.162.114.163 - - [04/Dec/2021:10:40:34 +0800] "GET /xingrg/all/function/internal_message.html?_=1638585096209&CODE_STATE=getMsg HTTP/1.1" 200 27
116.227.210.113 - - [04/Dec/2021:10:40:36 +0800] "POST /xingrg/services/DataTransmitService HTTP/1.1" 200 501
116.227.210.113 - - [04/Dec/2021:10:40:36 +0800] "POST /xingrg/services/DataTransmitService HTTP/1.1" 500 1621
180.169.147.146 - - [04/Dec/2021:10:40:37 +0800] "GET /xingrg/kc/base/wldb_order_operate.html?command=get_materiel&rest_code=00141&base_code=0010162&code=00101019063 HTTP/1.1" 200 446
180.174.250.202 - - [04/Dec/2021:10:40:40 +0800] "POST /xingrg/kc/buy/cgsh_order_operate.html HTTP/1.1" 200 37
222.70.171.86 - - [04/Dec/2021:10:40:40 +0800] "GET /xingrg/check_reg.html?_=1638585638171 HTTP/1.1" 200 22
222.70.171.86 - - [04/Dec/2021:10:40:41 +0800] "GET /xingrg/all/function/internal_message.html?_=1638585638859&CODE_STATE=getMsg HTTP/1.1" 200 27
172.20.0.100 - - [04/Dec/2021:10:40:42 +0800] "GET /xingrg/all/function/internal_message.html?_=1638585642565&CODE_STATE=getMsg HTTP/1.1" 200 27
120.253.135.82 - - [04/Dec/2021:10:40:43 +0800] "GET /xingrg/all/function/internal_message.html?_=1638585422079&CODE_STATE=getMsg HTTP/1.1" 200 27
116.233.78.65 - - [04/Dec/2021:10:40:43 +0800] "GET /xingrg/javascript/auto/indicator.gif HTTP/1.1" 404 1066
116.233.78.65 - - [04/Dec/2021:10:40:44 +0800] "GET /xingrg/kc/buy/cgsh_order_operate.html?command=get_materiel&rest_code=00109&code=00101009013&supplier_code=00100022&order_time=2021-12-04 HTTP/1.1" 200 420
58.37.8.149 - - [04/Dec/2021:10:40:46 +0800] "GET /xingrg/all/function/internal_message.html?_=1638585647562&CODE_STATE=getMsg HTTP/1.1" 200 27
58.40.7.146 - - [04/Dec/2021:10:40:46 +0800] "GET /xingrg/check_reg.html?_=1638585649281 HTTP/1.1" 200 22
58.40.7.146 - - [04/Dec/2021:10:40:46 +0800] "GET /xingrg/all/function/internal_message.html?_=1638585649284&CODE_STATE=getMsg HTTP/1.1" 200 27
180.174.250.202 - - [04/Dec/2021:10:40:48 +0800] "POST /xingrg/kc/buy/cgsh_order_operate.html HTTP/1.1" 200 12
180.169.147.146 - - [04/Dec/2021:10:40:50 +0800] "GET /xingrg/kc/base/wldb_order_operate.html?command=get_materiel&rest_code=00141&base_code=0010162&code=00101008323 HTTP/1.1" 200 430
114.83.217.40 - - [04/Dec/2021:10:40:50 +0800] "GET /xingrg/all/function/internal_message.html?_=1638585650379&CODE_STATE=getMsg HTTP/1.1" 200 27
180.174.250.202 - - [04/Dec/2021:10:40:50 +0800] "GET /xingrg/kc/buy/cgsh_order_info.html?code=212021120401260 HTTP/1.1" 200 60018
180.174.250.202 - - [04/Dec/2021:10:40:51 +0800] "GET /xingrg/javascript/easyui/themes/default/validatebox.css HTTP/1.1" 404 1104
101.85.120.86 - - [04/Dec/2021:10:40:53 +0800] "GET /xingrg/all/function/internal_message.html?_=1638585654317&CODE_STATE=getMsg HTTP/1.1" 200 27
180.174.250.202 - - [04/Dec/2021:10:40:53 +0800] "POST /xingrg/kc/buy/cgsh_order_operate.html HTTP/1.1" 200 615
116.233.78.65 - - [04/Dec/2021:10:40:56 +0800] "GET /xingrg/kc/buy/cgsh_order_operate.html?command=get_materiel&rest_code=00109&code=00101009063&supplier_code=00100022&order_time=2021-12-04 HTTP/1.1" 200 410
222.70.176.97 - - [04/Dec/2021:10:40:56 +0800] "GET /xingrg/all/function/internal_message.html?_=1638585654960&CODE_STATE=getMsg HTTP/1.1" 200 27
124.78.153.86 - - [04/Dec/2021:10:40:57 +0800] "GET /xingrg/all/function/internal_message.html?_=1638585669171&CODE_STATE=getMsg HTTP/1.1" 200 27
101.91.60.11 - - [04/Dec/2021:10:40:57 +0800] "GET /xingrg/all/function/internal_message.html?_=1638585609199&CODE_STATE=getMsg HTTP/1.1" 302 -
116.233.78.65 - - [04/Dec/2021:10:40:58 +0800] "GET /xingrg/all/function/internal_message.html?_=1638585659849&CODE_STATE=getMsg HTTP/1.1" 200 27
116.233.78.65 - - [04/Dec/2021:10:40:58 +0800] "GET /xingrg/check_reg.html?_=1638585659850 HTTP/1.1" 200 22
101.91.60.11 - - [04/Dec/2021:10:40:58 +0800] "GET /xingrg/login.html HTTP/1.1" 200 7641
180.174.250.202 - - [04/Dec/2021:10:40:58 +0800] "GET /xingrg/kc/print/load_data.html?order_code=212021120401260&kc_code=cgsh&condition= HTTP/1.1" 200 707
180.174.250.202 - - [04/Dec/2021:10:41:04 +0800] "GET /xingrg/kc/buy/cgsh_order_add.html HTTP/1.1" 200 65109
180.174.250.202 - - [04/Dec/2021:10:41:05 +0800] "POST /xingrg/kc/buy/cgsh_order_operate.html HTTP/1.1" 200 8245
120.253.135.82 - - [04/Dec/2021:10:41:05 +0800] "GET /xingrg/all/function/internal_message.html?_=1638585670509&CODE_STATE=getMsg HTTP/1.1" 200 27
180.174.250.202 - - [04/Dec/2021:10:41:05 +0800] "GET /xingrg/javascript/easyui/themes/default/validatebox.css HTTP/1.1" 404 1104
116.233.78.65 - - [04/Dec/2021:10:41:06 +0800] "GET /xingrg/kc/buy/cgsh_order_operate.html?command=get_materiel&rest_code=00109&code=00101009044&supplier_code=00100022&order_time=2021-12-04 HTTP/1.1" 200 412
180.174.250.202 - - [04/Dec/2021:10:41:07 +0800] "GET /xingrg/all/function/internal_message.html?_=1638585667372&CODE_STATE=getMsg HTTP/1.1" 200 27
58.37.8.149 - - [04/Dec/2021:10:41:07 +0800] "GET /xingrg/all/function/internal_message.html?_=1638585489269&CODE_STATE=getMsg HTTP/1.1" 200 27
116.238.248.233 - - [04/Dec/2021:10:41:10 +0800] "GET /xingrg/all/function/internal_message.html?_=1638585671688&CODE_STATE=getMsg HTTP/1.1" 200 27
116.233.78.65 - - [04/Dec/2021:10:41:17 +0800] "GET /xingrg/kc/buy/cgsh_order_operate.html?command=get_materiel&rest_code=00109&code=00101009044&supplier_code=00100022&order_time=2021-12-04 HTTP/1.1" 200 412
172.20.0.100 - - [04/Dec/2021:10:41:19 +0800] "GET /xingrg/all/function/internal_message.html?_=1638585679051&CODE_STATE=getMsg HTTP/1.1" 200 27
116.227.210.113 - - [04/Dec/2021:10:41:21 +0800] "GET /xingrg/all/function/internal_message.html?_=1638585680642&CODE_STATE=getMsg HTTP/1.1" 200 27
180.169.147.146 - - [04/Dec/2021:10:41:22 +0800] "GET /xingrg/all/function/internal_message.html?_=1638585685152&CODE_STATE=getMsg HTTP/1.1" 200 27
114.85.125.222 - - [04/Dec/2021:10:41:24 +0800] "GET /xingrg/all/function/internal_message.html?_=1638585650572&CODE_STATE=getMsg HTTP/1.1" 200 27
116.233.78.65 - - [04/Dec/2021:10:41:27 +0800] "GET /xingrg/kc/buy/cgsh_order_operate.html?command=get_materiel&rest_code=00109&code=00101009044&supplier_code=00100022&order_time=2021-12-04 HTTP/1.1" 200 412
58.39.139.200 - - [04/Dec/2021:10:41:28 +0800] "GET /xingrg/all/function/internal_message.html?_=1638585689482&CODE_STATE=getMsg HTTP/1.1" 200 27
116.227.210.113 - - [04/Dec/2021:10:41:30 +0800] "GET /xingrg/javascript/jquery_tools/images/prev.gif HTTP/1.1" 404 1086
116.227.210.113 - - [04/Dec/2021:10:41:30 +0800] "GET /xingrg/javascript/jquery_tools/images/next.gif HTTP/1.1" 404 1086
58.39.139.200 - - [04/Dec/2021:10:41:32 +0800] "GET /xingrg/all/function/internal_message.html?_=1638585630339&CODE_STATE=getMsg HTTP/1.1" 200 27
180.174.250.202 - - [04/Dec/2021:10:41:32 +0800] "GET /xingrg/all/function/internal_message.html?_=1638585700472&CODE_STATE=getMsg HTTP/1.1" 200 27
180.162.114.163 - - [04/Dec/2021:10:41:34 +0800] "GET /xingrg/all/function/internal_message.html?_=1638585156209&CODE_STATE=getMsg HTTP/1.1" 200 27
180.169.147.146 - - [04/Dec/2021:10:41:35 +0800] "GET /xingrg/kc/base/wldb_order_list.html HTTP/1.1" 200 19526
180.169.147.146 - - [04/Dec/2021:10:41:36 +0800] "POST /xingrg/kc/base/wldb_list_operate.html HTTP/1.1" 200 928
222.70.171.86 - - [04/Dec/2021:10:41:41 +0800] "GET /xingrg/all/function/internal_message.html?_=1638585698872&CODE_STATE=getMsg HTTP/1.1" 200 27
172.20.0.100 - - [04/Dec/2021:10:41:42 +0800] "GET /xingrg/all/function/internal_message.html?_=1638585702538&CODE_STATE=getMsg HTTP/1.1" 200 27
120.253.135.82 - - [04/Dec/2021:10:41:43 +0800] "GET /xingrg/all/function/internal_message.html?_=1638585482093&CODE_STATE=getMsg HTTP/1.1" 200 27
58.37.8.149 - - [04/Dec/2021:10:41:46 +0800] "GET /xingrg/all/function/internal_message.html?_=1638585707554&CODE_STATE=getMsg HTTP/1.1" 200 27
58.40.7.146 - - [04/Dec/2021:10:41:46 +0800] "GET /xingrg/all/function/internal_message.html?_=1638585709285&CODE_STATE=getMsg HTTP/1.1" 200 27
180.169.147.146 - - [04/Dec/2021:10:41:47 +0800] "POST /xingrg/kc/base/wldb_list_operate.html HTTP/1.1" 200 5735
101.85.55.123 - - [04/Dec/2021:10:41:47 +0800] "POST /xingrg/login.do HTTP/1.1" 302 -
101.85.55.123 - - [04/Dec/2021:10:41:48 +0800] "GET /xingrg/index.html?sysBaseUrl=http%3A%2F%2F180.169.147.146%3A18081%2Fxingrg%2F&costTime=88×tamp=1638585707869 HTTP/1.1" 200 17179
101.85.55.123 - - [04/Dec/2021:10:41:48 +0800] "POST /xingrg/all/common/load_tree.html?tree=area_rest_tree_json&manage=1 HTTP/1.1" 200 351
101.85.55.123 - - [04/Dec/2021:10:41:48 +0800] "GET /xingrg/check_reg.html?_=1638585701425 HTTP/1.1" 200 22
101.85.55.123 - - [04/Dec/2021:10:41:48 +0800] "GET /xingrg/all/function/internal_message.html?_=1638585701421&CODE_STATE=count HTTP/1.1" 200 11
101.85.55.123 - - [04/Dec/2021:10:41:49 +0800] "GET /favicon.ico HTTP/1.1" 404 -
101.85.55.123 - - [04/Dec/2021:10:41:49 +0800] "POST /xingrg/load_menu.html HTTP/1.1" 200 5138
180.174.250.202 - - [04/Dec/2021:10:41:50 +0800] "GET /xingrg/kc/buy/cgsh_order_operate.html?command=get_materiel&rest_code=00102&code=00101010282&supplier_code=00100324&order_time=2021-12-03 HTTP/1.1" 200 415
114.83.217.40 - - [04/Dec/2021:10:41:50 +0800] "GET /xingrg/all/function/internal_message.html?_=1638585710363&CODE_STATE=getMsg HTTP/1.1" 200 27
180.169.147.146 - - [04/Dec/2021:10:41:50 +0800] "POST /xingrg/kc/base/wldb_list_operate.html HTTP/1.1" 200 352
101.85.120.86 - - [04/Dec/2021:10:41:53 +0800] "GET /xingrg/all/function/internal_message.html?_=1638585714317&CODE_STATE=getMsg HTTP/1.1" 200 27
101.85.55.123 - - [04/Dec/2021:10:41:55 +0800] "GET /xingrg/kc/base/base_main.html HTTP/1.1" 200 12142
222.70.176.97 - - [04/Dec/2021:10:41:56 +0800] "GET /xingrg/all/function/internal_message.html?_=1638585714959&CODE_STATE=getMsg HTTP/1.1" 200 27
222.70.176.97 - - [04/Dec/2021:10:41:56 +0800] "GET /xingrg/check_reg.html?_=1638585714963 HTTP/1.1" 200 22
124.78.153.86 - - [04/Dec/2021:10:41:57 +0800] "GET /xingrg/all/function/internal_message.html?_=1638585729145&CODE_STATE=getMsg HTTP/1.1" 200 27
101.91.60.88 - - [04/Dec/2021:10:41:57 +0800] "GET /xingrg/all/function/internal_message.html?_=1638585669171&CODE_STATE=getMsg HTTP/1.1" 302 -
101.91.60.88 - - [04/Dec/2021:10:41:57 +0800] "GET /xingrg/login.html HTTP/1.1" 200 7641
116.233.78.65 - - [04/Dec/2021:10:41:58 +0800] "GET /xingrg/all/function/internal_message.html?_=1638585719852&CODE_STATE=getMsg HTTP/1.1" 200 27
101.85.55.123 - - [04/Dec/2021:10:41:58 +0800] "GET /xingrg/kc/base/wldb_order_list.html HTTP/1.1" 200 19271
180.174.250.202 - - [04/Dec/2021:10:42:00 +0800] "POST /xingrg/kc/buy/cgsh_order_operate.html HTTP/1.1" 200 37
101.85.55.123 - - [04/Dec/2021:10:42:01 +0800] "POST /xingrg/kc/base/wldb_list_operate.html HTTP/1.1" 200 928
101.85.55.123 - - [04/Dec/2021:10:42:01 +0800] "GET /xingrg/kc/base/wldb_order_add.html HTTP/1.1" 200 30485
101.85.55.123 - - [04/Dec/2021:10:42:01 +0800] "GET /xingrg/words/20211203111311_words.js HTTP/1.1" 304 -
101.85.55.123 - - [04/Dec/2021:10:42:02 +0800] "POST /xingrg/kc/base/wldb_order_operate.html HTTP/1.1" 200 6806
116.227.210.113 - - [04/Dec/2021:10:42:02 +0800] "GET /xingrg/kc/buy/cgsh_order_operate.html?command=get_materiel&rest_code=00155&code=00101008290&supplier_code=00100005&order_time=2021-12-04 HTTP/1.1" 200 416
101.85.55.123 - - [04/Dec/2021:10:42:02 +0800] "GET /xingrg/all/common/auto_word.html?type=base&rest_code=00145 HTTP/1.1" 200 819
101.85.55.123 - - [04/Dec/2021:10:42:02 +0800] "GET /xingrg/all/common/auto_word.html?type=base&rest_code=00145 HTTP/1.1" 200 819
101.85.55.123 - - [04/Dec/2021:10:42:02 +0800] "GET /xingrg/javascript/easyui/themes/default/validatebox.css HTTP/1.1" 404 1104
120.253.135.82 - - [04/Dec/2021:10:42:03 +0800] "GET /xingrg/kc/report/report_main.html HTTP/1.1" 200 8599
101.85.55.123 - - [04/Dec/2021:10:42:04 +0800] "GET /xingrg/javascript/auto/indicator.gif HTTP/1.1" 404 1066
120.253.135.82 - - [04/Dec/2021:10:42:05 +0800] "GET /xingrg/all/function/internal_message.html?_=1638585730522&CODE_STATE=getMsg HTTP/1.1" 200 27
120.253.135.82 - - [04/Dec/2021:10:42:05 +0800] "GET /xingrg/kc/base/kc_stocks.html HTTP/1.1" 200 16437
120.253.135.82 - - [04/Dec/2021:10:42:05 +0800] "GET /xingrg/javascript/easyui/themes/default/tree.css HTTP/1.1" 404 1090
180.174.250.202 - - [04/Dec/2021:10:42:05 +0800] "POST /xingrg/kc/buy/cgsh_order_operate.html HTTP/1.1" 200 12
120.253.135.82 - - [04/Dec/2021:10:42:05 +0800] "POST /xingrg/all/common/load_tree.html?tree=materiel_sort_tree_json HTTP/1.1" 200 9388
180.174.250.202 - - [04/Dec/2021:10:42:06 +0800] "GET /xingrg/kc/buy/cgsh_order_info.html?code=212021120401261 HTTP/1.1" 200 60022
120.253.135.82 - - [04/Dec/2021:10:42:06 +0800] "POST /xingrg/all/common/load_combo.html?type=base HTTP/1.1" 200 1075
180.174.250.202 - - [04/Dec/2021:10:42:07 +0800] "GET /xingrg/javascript/easyui/themes/default/validatebox.css HTTP/1.1" 404 1104
180.174.250.202 - - [04/Dec/2021:10:42:07 +0800] "GET /xingrg/all/function/internal_message.html?_=1638585727374&CODE_STATE=getMsg HTTP/1.1" 200 27
180.174.250.202 - - [04/Dec/2021:10:42:07 +0800] "POST /xingrg/kc/buy/cgsh_order_operate.html HTTP/1.1" 200 610
58.37.8.149 - - [04/Dec/2021:10:42:07 +0800] "GET /xingrg/all/function/internal_message.html?_=1638585549240&CODE_STATE=getMsg HTTP/1.1" 200 27
101.85.55.123 - - [04/Dec/2021:10:42:08 +0800] "GET /xingrg/javascript/jquery_tools/images/prev.gif HTTP/1.1" 404 1086
