180.162.114.163 - - [04/Dec/2021:10:02:45 +0800] "GET /xingrg/javascript/easyui/easyloader.js HTTP/1.1" 304 -
180.162.114.163 - - [04/Dec/2021:10:02:45 +0800] "GET /xingrg/javascript/jquery.cookie.js HTTP/1.1" 304 -
180.162.114.163 - - [04/Dec/2021:10:02:45 +0800] "GET /xingrg/javascript/print/LodopFuncs.js HTTP/1.1" 304 -
58.37.8.149 - - [04/Dec/2021:10:02:46 +0800] "GET /xingrg/kc/buy/cgsh_order_operate.html?command=get_materiel&rest_code=00141&code=00101008131&supplier_code=00100007&order_time=2021-12-04 HTTP/1.1" 200 408
180.162.114.163 - - [04/Dec/2021:10:02:47 +0800] "GET /xingrg/javascript/easyui/themes/icons/import_new.png HTTP/1.1" 304 -
180.162.114.163 - - [04/Dec/2021:10:02:47 +0800] "GET /xingrg/javascript/easyui/themes/icons/field_new.png HTTP/1.1" 304 -
180.162.114.163 - - [04/Dec/2021:10:02:47 +0800] "GET /xingrg/javascript/easyui/themes/icons/check_new.png HTTP/1.1" 304 -
180.162.114.163 - - [04/Dec/2021:10:02:47 +0800] "GET /xingrg/javascript/easyui/themes/icons/cance_new.png HTTP/1.1" 304 -
180.162.114.163 - - [04/Dec/2021:10:02:47 +0800] "GET /xingrg/javascript/easyui/themes/icons/edit_add_new.png HTTP/1.1" 304 -
180.162.114.163 - - [04/Dec/2021:10:02:47 +0800] "GET /xingrg/javascript/easyui/plugins/jquery.parser.js HTTP/1.1" 304 -
180.162.114.163 - - [04/Dec/2021:10:02:47 +0800] "GET /xingrg/images/control/ajaxLoader.gif HTTP/1.1" 304 -
114.83.217.40 - - [04/Dec/2021:10:02:48 +0800] "GET /xingrg/check_reg.html?_=1638583368675 HTTP/1.1" 200 22
180.162.114.163 - - [04/Dec/2021:10:02:49 +0800] "POST /xingrg/kc/buy/cgsh_list_operate.html HTTP/1.1" 200 1696
222.70.176.97 - - [04/Dec/2021:10:02:50 +0800] "GET /xingrg/kc/buy/cgsh_order_operate.html?command=get_materiel&rest_code=00111&code=00101006127&supplier_code=00100012&order_time=2021-12-04 HTTP/1.1" 200 422
114.83.217.40 - - [04/Dec/2021:10:02:50 +0800] "GET /xingrg/all/function/internal_message.html?_=1638583370968&CODE_STATE=getMsg HTTP/1.1" 200 27
180.162.114.163 - - [04/Dec/2021:10:02:51 +0800] "GET /xingrg/javascript/easyui/themes/default/images/button_plain_hover.png HTTP/1.1" 304 -
180.162.114.163 - - [04/Dec/2021:10:02:52 +0800] "GET /xingrg/kc/buy/cgsh_order_add.html HTTP/1.1" 200 64231
180.162.114.163 - - [04/Dec/2021:10:02:52 +0800] "GET /xingrg/javascript/jquery_tools/order_manager.js HTTP/1.1" 304 -
180.162.114.163 - - [04/Dec/2021:10:02:52 +0800] "GET /xingrg/javascript/convert.js HTTP/1.1" 304 -
180.162.114.163 - - [04/Dec/2021:10:02:52 +0800] "GET /xingrg/javascript/json2.js HTTP/1.1" 304 -
180.162.114.163 - - [04/Dec/2021:10:02:52 +0800] "GET /xingrg/javascript/print/kc_print.js HTTP/1.1" 304 -
180.162.114.163 - - [04/Dec/2021:10:02:52 +0800] "GET /xingrg/words/20211203111311_words.js HTTP/1.1" 200 876430
180.162.114.163 - - [04/Dec/2021:10:02:52 +0800] "GET /xingrg/javascript/easyui/themes/icons/ok.png HTTP/1.1" 304 -
180.162.114.163 - - [04/Dec/2021:10:02:52 +0800] "GET /xingrg/javascript/easyui/themes/icons/template_new.png HTTP/1.1" 304 -
180.162.114.163 - - [04/Dec/2021:10:02:52 +0800] "GET /xingrg/javascript/easyui/themes/icons/copy_new.png HTTP/1.1" 304 -
180.162.114.163 - - [04/Dec/2021:10:02:52 +0800] "GET /xingrg/javascript/easyui/themes/icons/print.png HTTP/1.1" 304 -
180.162.114.163 - - [04/Dec/2021:10:02:52 +0800] "GET /xingrg/javascript/easyui/themes/default/images/menu_downarrow.png HTTP/1.1" 304 -
180.162.114.163 - - [04/Dec/2021:10:02:52 +0800] "GET /xingrg/javascript/easyui/themes/icons/cancel.png HTTP/1.1" 304 -
180.162.114.163 - - [04/Dec/2021:10:02:52 +0800] "GET /xingrg/all/common/auto_word.html?type=employee&rest_code=00143 HTTP/1.1" 200 55
180.162.114.163 - - [04/Dec/2021:10:02:52 +0800] "GET /xingrg/all/common/auto_word.html?type=employee&rest_code=00143 HTTP/1.1" 200 55
180.162.114.163 - - [04/Dec/2021:10:02:52 +0800] "GET /xingrg/javascript/easyui/themes/default/validatebox.css HTTP/1.1" 404 1104
180.162.114.163 - - [04/Dec/2021:10:02:52 +0800] "GET /xingrg/javascript/easyui/plugins/jquery.validatebox.js HTTP/1.1" 304 -
180.162.114.163 - - [04/Dec/2021:10:02:52 +0800] "POST /xingrg/kc/buy/cgsh_order_operate.html HTTP/1.1" 200 8245
180.162.114.163 - - [04/Dec/2021:10:02:52 +0800] "GET /xingrg/javascript/easyui/plugins/jquery.numberbox.js HTTP/1.1" 304 -
180.162.114.163 - - [04/Dec/2021:10:02:52 +0800] "GET /xingrg/javascript/easyui/themes/icons/edit_remove.png HTTP/1.1" 304 -
180.162.114.163 - - [04/Dec/2021:10:02:53 +0800] "GET /xingrg/javascript/easyui/plugins/jquery.draggable.js HTTP/1.1" 304 -
180.162.114.163 - - [04/Dec/2021:10:02:53 +0800] "GET /xingrg/css/images/panel_loading.gif HTTP/1.1" 304 -
180.162.114.163 - - [04/Dec/2021:10:02:53 +0800] "GET /xingrg/javascript/easyui/plugins/jquery.droppable.js HTTP/1.1" 304 -
180.162.114.163 - - [04/Dec/2021:10:02:53 +0800] "GET /xingrg/javascript/easyui/themes/default/tree.css HTTP/1.1" 404 1090
180.162.114.163 - - [04/Dec/2021:10:02:53 +0800] "GET /xingrg/javascript/easyui/plugins/jquery.tree.js HTTP/1.1" 304 -
180.162.114.163 - - [04/Dec/2021:10:02:54 +0800] "POST /xingrg/all/common/load_tree.html?tree=supplier_tree_json&isDelete=1 HTTP/1.1" 200 60927
180.162.114.163 - - [04/Dec/2021:10:02:55 +0800] "GET /xingrg/javascript/easyui/themes/default/images/tree_arrows.gif HTTP/1.1" 304 -
180.162.114.163 - - [04/Dec/2021:10:02:55 +0800] "GET /xingrg/javascript/easyui/themes/default/images/tree_folder_open.gif HTTP/1.1" 304 -
180.162.114.163 - - [04/Dec/2021:10:02:55 +0800] "GET /xingrg/javascript/easyui/themes/default/images/tree_folder.gif HTTP/1.1" 304 -
180.162.114.163 - - [04/Dec/2021:10:02:55 +0800] "GET /xingrg/javascript/easyui/themes/default/images/tree_file.gif HTTP/1.1" 304 -
222.70.176.97 - - [04/Dec/2021:10:02:56 +0800] "GET /xingrg/all/function/internal_message.html?_=1638583374940&CODE_STATE=getMsg HTTP/1.1" 200 27
116.233.78.65 - - [04/Dec/2021:10:02:58 +0800] "GET /xingrg/all/function/internal_message.html?_=1638583379771&CODE_STATE=getMsg HTTP/1.1" 200 27
58.37.8.149 - - [04/Dec/2021:10:03:00 +0800] "GET /xingrg/kc/buy/cgsh_order_operate.html?command=get_materiel&rest_code=00141&code=00101008233&supplier_code=00100007&order_time=2021-12-04 HTTP/1.1" 200 408
180.174.250.202 - - [04/Dec/2021:10:03:02 +0800] "GET /xingrg/all/function/internal_message.html?_=1638583383074&CODE_STATE=getMsg HTTP/1.1" 200 27
120.253.135.82 - - [04/Dec/2021:10:03:03 +0800] "GET /xingrg/kc/pszx/mdps_order_list.html?orderType=0 HTTP/1.1" 200 21130
120.253.135.82 - - [04/Dec/2021:10:03:03 +0800] "POST /xingrg/kc/pszx/mdps_list_operate.html HTTP/1.1" 200 5312
58.39.139.200 - - [04/Dec/2021:10:03:06 +0800] "GET /xingrg/kc/buy/cgsh_order_operate.html?command=get_materiel&rest_code=00105&code=00101006129&supplier_code=00100012&order_time=2021-12-04 HTTP/1.1" 200 431
58.37.8.149 - - [04/Dec/2021:10:03:08 +0800] "GET /xingrg/all/function/internal_message.html?_=1638583209756&CODE_STATE=getMsg HTTP/1.1" 200 27
58.37.8.149 - - [04/Dec/2021:10:03:09 +0800] "GET /xingrg/kc/buy/cgsh_order_operate.html?command=get_materiel&rest_code=00141&code=00101008318&supplier_code=00100007&order_time=2021-12-04 HTTP/1.1" 200 408
120.253.135.82 - - [04/Dec/2021:10:03:10 +0800] "GET /xingrg/check_reg.html?_=1638583169268 HTTP/1.1" 200 22
120.253.135.82 - - [04/Dec/2021:10:03:10 +0800] "GET /xingrg/all/function/internal_message.html?_=1638583169535&CODE_STATE=getMsg HTTP/1.1" 200 27
120.253.135.82 - - [04/Dec/2021:10:03:11 +0800] "POST /xingrg/kc/pszx/mdps_list_operate.html HTTP/1.1" 200 868
180.162.114.163 - - [04/Dec/2021:10:03:15 +0800] "GET /xingrg/javascript/jquery_tools/images/next.gif HTTP/1.1" 404 1086
180.162.114.163 - - [04/Dec/2021:10:03:15 +0800] "GET /xingrg/javascript/jquery_tools/images/prev.gif HTTP/1.1" 404 1086
58.39.139.200 - - [04/Dec/2021:10:03:17 +0800] "GET /xingrg/kc/buy/cgsh_order_operate.html?command=get_materiel&rest_code=00105&code=00101010248&supplier_code=00100012&order_time=2021-12-04 HTTP/1.1" 200 430
120.253.135.82 - - [04/Dec/2021:10:03:18 +0800] "POST /xingrg/kc/pszx/mdps_list_operate.html HTTP/1.1" 200 2107
58.39.139.200 - - [04/Dec/2021:10:03:18 +0800] "POST /xingrg/all/common/load_select.html HTTP/1.1" 200 25
58.37.8.149 - - [04/Dec/2021:10:03:18 +0800] "GET /xingrg/kc/buy/cgsh_order_operate.html?command=get_materiel&rest_code=00141&code=00101008098&supplier_code=00100007&order_time=2021-12-04 HTTP/1.1" 200 412
172.20.0.100 - - [04/Dec/2021:10:03:19 +0800] "GET /xingrg/all/function/internal_message.html?_=1638583399054&CODE_STATE=getMsg HTTP/1.1" 200 27
172.20.0.100 - - [04/Dec/2021:10:03:19 +0800] "GET /xingrg/check_reg.html?_=1638583399055 HTTP/1.1" 200 22
120.253.135.82 - - [04/Dec/2021:10:03:20 +0800] "POST /xingrg/kc/pszx/mdps_list_operate.html HTTP/1.1" 200 202
180.162.114.163 - - [04/Dec/2021:10:03:21 +0800] "GET /xingrg/javascript/auto/indicator.gif HTTP/1.1" 404 1066
180.169.147.146 - - [04/Dec/2021:10:03:21 +0800] "GET /xingrg/all/function/internal_message.html?_=1638583404920&CODE_STATE=getMsg HTTP/1.1" 200 27
58.39.139.200 - - [04/Dec/2021:10:03:22 +0800] "GET /xingrg/kc/buy/cgsh_order_operate.html?command=get_materiel_price&rest_code=00105&code=00101010248&unit_code=00100043&supplier_code=00100012&order_time=2021-12-04 HTTP/1.1" 200 29
114.85.125.222 - - [04/Dec/2021:10:03:22 +0800] "POST /xingrg/all/user/operate.html HTTP/1.1" 200 36
120.253.135.82 - - [04/Dec/2021:10:03:23 +0800] "POST /xingrg/kc/pszx/mdps_list_operate.html HTTP/1.1" 200 279
114.85.125.222 - - [04/Dec/2021:10:03:23 +0800] "GET /xingrg/javascript/jquery_easy_ui/themes/default/easyui.css HTTP/1.1" 304 -
114.85.125.222 - - [04/Dec/2021:10:03:23 +0800] "GET /xingrg/index.html?sysBaseUrl=http%3A%2F%2F180.169.147.146%3A18081%2Fxingrg%2F&costTime=61×tamp=1638581619889 HTTP/1.1" 200 17179
114.85.125.222 - - [04/Dec/2021:10:03:23 +0800] "GET /xingrg/javascript/jquery_easy_ui/themes/icon.css HTTP/1.1" 304 -
114.85.125.222 - - [04/Dec/2021:10:03:23 +0800] "GET /xingrg/css/form.css HTTP/1.1" 304 -
114.85.125.222 - - [04/Dec/2021:10:03:23 +0800] "GET /xingrg/javascript/jquery-1.4.2.min.js HTTP/1.1" 304 -
114.85.125.222 - - [04/Dec/2021:10:03:23 +0800] "GET /xingrg/javascript/jquery_easy_ui/jquery.easyui.min.js HTTP/1.1" 304 -
114.85.125.222 - - [04/Dec/2021:10:03:23 +0800] "GET /xingrg/javascript/jquery_easy_ui/easyui-lang-zh_CN.js HTTP/1.1" 304 -
114.85.125.222 - - [04/Dec/2021:10:03:23 +0800] "GET /xingrg/javascript/jquery.form.js HTTP/1.1" 304 -
114.85.125.222 - - [04/Dec/2021:10:03:23 +0800] "GET /xingrg/javascript/jquery.utils.js HTTP/1.1" 304 -
114.85.125.222 - - [04/Dec/2021:10:03:23 +0800] "GET /xingrg/javascript/jquery.timers.js HTTP/1.1" 304 -
114.85.125.222 - - [04/Dec/2021:10:03:23 +0800] "GET /xingrg/images/blue/jxLogo.png HTTP/1.1" 304 -
114.85.125.222 - - [04/Dec/2021:10:03:23 +0800] "GET /xingrg/images/blue/navBackgound.jpg HTTP/1.1" 304 -
114.85.125.222 - - [04/Dec/2021:10:03:23 +0800] "GET /xingrg/javascript/jquery_easy_ui/themes/icons/settle_new.png HTTP/1.1" 304 -
114.85.125.222 - - [04/Dec/2021:10:03:23 +0800] "POST /xingrg/all/common/load_tree.html?tree=area_rest_tree_json&manage=1 HTTP/1.1" 200 476
114.85.125.222 - - [04/Dec/2021:10:03:23 +0800] "GET /xingrg/images/blue/pingpu.png HTTP/1.1" 304 -
114.85.125.222 - - [04/Dec/2021:10:03:23 +0800] "GET /xingrg/javascript/jquery_easy_ui/themes/default/images/tabs_leftarrow.png HTTP/1.1" 304 -
114.85.125.222 - - [04/Dec/2021:10:03:23 +0800] "GET /xingrg/javascript/jquery_easy_ui/themes/default/images/tabs_rightarrow.png HTTP/1.1" 304 -
114.85.125.222 - - [04/Dec/2021:10:03:23 +0800] "GET /xingrg/javascript/jquery_easy_ui/themes/default/images/panel_tool_collapse.gif HTTP/1.1" 304 -
114.85.125.222 - - [04/Dec/2021:10:03:23 +0800] "GET /xingrg/all/function/internal_message.html?_=1638583369971&CODE_STATE=count HTTP/1.1" 200 11
114.85.125.222 - - [04/Dec/2021:10:03:23 +0800] "GET /xingrg/check_reg.html?_=1638583369972 HTTP/1.1" 200 22
114.85.125.222 - - [04/Dec/2021:10:03:23 +0800] "POST /xingrg/load_menu.html HTTP/1.1" 200 5138
114.85.125.222 - - [04/Dec/2021:10:03:26 +0800] "GET /xingrg/kc/buy/cgsh_order_list.html HTTP/1.1" 200 49380
120.253.135.82 - - [04/Dec/2021:10:03:26 +0800] "GET /xingrg/kc/pszx/mdps_order_info.html?code=312021120200082 HTTP/1.1" 200 19587
120.253.135.82 - - [04/Dec/2021:10:03:26 +0800] "POST /xingrg/kc/pszx/mdps_order_operate.html HTTP/1.1" 200 1001
120.253.135.82 - - [04/Dec/2021:10:03:26 +0800] "GET /xingrg/javascript/easyui/themes/default/validatebox.css HTTP/1.1" 404 1104
180.162.114.163 - - [04/Dec/2021:10:03:26 +0800] "GET /xingrg/kc/buy/cgsh_order_operate.html?command=get_materiel&rest_code=00143&code=00101008352&supplier_code=00100161&order_time=2021-12-01 HTTP/1.1" 200 412
114.85.125.222 - - [04/Dec/2021:10:03:27 +0800] "POST /xingrg/kc/buy/cgsh_list_operate.html HTTP/1.1" 200 876
58.39.139.200 - - [04/Dec/2021:10:03:28 +0800] "GET /xingrg/all/function/internal_message.html?_=1638583409453&CODE_STATE=getMsg HTTP/1.1" 200 27
114.85.125.222 - - [04/Dec/2021:10:03:28 +0800] "GET /xingrg/kc/buy/cgsh_order_add.html HTTP/1.1" 200 65039
114.85.125.222 - - [04/Dec/2021:10:03:28 +0800] "POST /xingrg/kc/buy/cgsh_order_operate.html HTTP/1.1" 200 8245
114.85.125.222 - - [04/Dec/2021:10:03:28 +0800] "GET /xingrg/javascript/easyui/themes/default/validatebox.css HTTP/1.1" 404 1104
58.37.8.149 - - [04/Dec/2021:10:03:29 +0800] "GET /xingrg/kc/buy/cgsh_order_operate.html?command=get_materiel&rest_code=00141&code=00101008005&supplier_code=00100007&order_time=2021-12-04 HTTP/1.1" 200 412
114.85.125.222 - - [04/Dec/2021:10:03:29 +0800] "GET /xingrg/javascript/auto/indicator.gif HTTP/1.1" 404 1066
58.39.139.200 - - [04/Dec/2021:10:03:30 +0800] "GET /xingrg/kc/buy/cgsh_order_operate.html?command=get_materiel&rest_code=00105&code=00101019502&supplier_code=00100012&order_time=2021-12-04 HTTP/1.1" 200 408
58.39.139.200 - - [04/Dec/2021:10:03:32 +0800] "GET /xingrg/all/function/internal_message.html?_=1638583350284&CODE_STATE=getMsg HTTP/1.1" 200 27
172.20.0.100 - - [04/Dec/2021:10:03:34 +0800] "GET /xingrg/all/function/internal_message.html?_=1638583413840&CODE_STATE=getMsg HTTP/1.1" 200 27
222.70.176.97 - - [04/Dec/2021:10:03:34 +0800] "GET /xingrg/kc/buy/cgsh_order_operate.html?command=get_materiel&rest_code=00111&code=00101006130&supplier_code=00100012&order_time=2021-12-04 HTTP/1.1" 200 427
180.162.114.163 - - [04/Dec/2021:10:03:34 +0800] "GET /xingrg/all/function/internal_message.html?_=1638582876185&CODE_STATE=getMsg HTTP/1.1" 200 27
114.85.125.222 - - [04/Dec/2021:10:03:36 +0800] "GET /xingrg/kc/buy/cgsh_order_operate.html?command=get_materiel&rest_code=00150&code=00101002022&supplier_code=00100400&order_time=2021-12-04 HTTP/1.1" 200 409
222.70.171.86 - - [04/Dec/2021:10:03:40 +0800] "GET /xingrg/all/function/internal_message.html?_=1638583418309&CODE_STATE=getMsg HTTP/1.1" 200 27
120.253.135.82 - - [04/Dec/2021:10:03:41 +0800] "GET /xingrg/kc/pszx/mdps_order_info.html?code=312021120200082 HTTP/1.1" 200 19587
120.253.135.82 - - [04/Dec/2021:10:03:41 +0800] "POST /xingrg/kc/pszx/mdps_order_operate.html HTTP/1.1" 200 1001
120.253.135.82 - - [04/Dec/2021:10:03:41 +0800] "GET /xingrg/javascript/easyui/themes/default/validatebox.css HTTP/1.1" 404 1104
222.70.176.97 - - [04/Dec/2021:10:03:43 +0800] "GET /xingrg/kc/buy/cgsh_order_operate.html?command=get_materiel&rest_code=00111&code=00101006240&supplier_code=00100012&order_time=2021-12-04 HTTP/1.1" 200 408
120.253.135.82 - - [04/Dec/2021:10:03:43 +0800] "POST /xingrg/kc/pszx/mdps_list_operate.html HTTP/1.1" 200 2107
58.39.139.200 - - [04/Dec/2021:10:03:45 +0800] "GET /xingrg/kc/buy/cgsh_order_operate.html?command=get_materiel&rest_code=00105&code=00101006106&supplier_code=00100012&order_time=2021-12-04 HTTP/1.1" 200 421
120.253.135.82 - - [04/Dec/2021:10:03:45 +0800] "POST /xingrg/kc/pszx/mdps_list_operate.html HTTP/1.1" 200 202
120.253.135.82 - - [04/Dec/2021:10:03:45 +0800] "GET /xingrg/kc/pszx/mdps_order_info.html?code=312021120300099 HTTP/1.1" 200 19593
120.253.135.82 - - [04/Dec/2021:10:03:46 +0800] "POST /xingrg/kc/pszx/mdps_order_operate.html HTTP/1.1" 200 503
120.253.135.82 - - [04/Dec/2021:10:03:46 +0800] "GET /xingrg/javascript/easyui/themes/default/validatebox.css HTTP/1.1" 404 1104
180.162.114.163 - - [04/Dec/2021:10:03:47 +0800] "GET /xingrg/kc/buy/cgsh_order_operate.html?command=get_materiel&rest_code=00143&code=00101012071&supplier_code=00100161&order_time=2021-12-01 HTTP/1.1" 200 402
114.83.217.40 - - [04/Dec/2021:10:03:50 +0800] "GET /xingrg/all/function/internal_message.html?_=1638583430952&CODE_STATE=getMsg HTTP/1.1" 200 27
58.37.8.149 - - [04/Dec/2021:10:03:51 +0800] "GET /xingrg/kc/buy/cgsh_order_operate.html?command=get_materiel&rest_code=00141&code=00101008271&supplier_code=00100007&order_time=2021-12-04 HTTP/1.1" 200 408
120.253.135.82 - - [04/Dec/2021:10:03:51 +0800] "POST /xingrg/kc/pszx/mdps_list_operate.html HTTP/1.1" 200 2107
120.253.135.82 - - [04/Dec/2021:10:03:54 +0800] "GET /xingrg/kc/pszx/mdqp_order_list.html?state=10 HTTP/1.1" 200 11062
120.253.135.82 - - [04/Dec/2021:10:03:54 +0800] "POST /xingrg/kc/pszx/mdps_list_operate.html HTTP/1.1" 200 2107
120.253.135.82 - - [04/Dec/2021:10:03:54 +0800] "GET /xingrg/dwr/interface/AjaxReportQueryService.js HTTP/1.1" 200 13203
120.253.135.82 - - [04/Dec/2021:10:03:54 +0800] "GET /xingrg/dwr/interface/AjaxQqpsService.js HTTP/1.1" 200 16326
120.253.135.82 - - [04/Dec/2021:10:03:54 +0800] "GET /xingrg/dwr/engine.js HTTP/1.1" 200 43631
58.37.8.149 - - [04/Dec/2021:10:03:54 +0800] "POST /xingrg/kc/buy/cgsh_order_operate.html HTTP/1.1" 200 2065
58.39.139.200 - - [04/Dec/2021:10:03:54 +0800] "GET /xingrg/kc/buy/cgsh_order_operate.html?command=get_materiel&rest_code=00105&code=00101006144&supplier_code=00100012&order_time=2021-12-04 HTTP/1.1" 200 409
222.70.176.97 - - [04/Dec/2021:10:03:56 +0800] "GET /xingrg/all/function/internal_message.html?_=1638583434945&CODE_STATE=getMsg HTTP/1.1" 200 27
116.233.78.65 - - [04/Dec/2021:10:03:58 +0800] "GET /xingrg/all/function/internal_message.html?_=1638583439773&CODE_STATE=getMsg HTTP/1.1" 200 27
58.37.8.149 - - [04/Dec/2021:10:04:00 +0800] "GET /xingrg/kc/buy/cgsh_order_operate.html?command=get_materiel&rest_code=00141&code=00101008353&supplier_code=00100007&order_time=2021-12-04 HTTP/1.1" 200 408
114.85.125.222 - - [04/Dec/2021:10:04:02 +0800] "GET /xingrg/kc/buy/cgsh_order_operate.html?command=get_materiel&rest_code=00150&code=00101005037&supplier_code=00100400&order_time=2021-12-04 HTTP/1.1" 200 409
180.174.250.202 - - [04/Dec/2021:10:04:02 +0800] "GET /xingrg/check_reg.html?_=1638583442653 HTTP/1.1" 200 22
180.174.250.202 - - [04/Dec/2021:10:04:03 +0800] "GET /xingrg/all/function/internal_message.html?_=1638583443321&CODE_STATE=getMsg HTTP/1.1" 200 27
180.162.114.163 - - [04/Dec/2021:10:04:06 +0800] "GET /xingrg/kc/buy/cgsh_order_operate.html?command=get_materiel&rest_code=00143&code=00101008108&supplier_code=00100161&order_time=2021-12-01 HTTP/1.1" 200 412
58.37.8.149 - - [04/Dec/2021:10:04:08 +0800] "GET /xingrg/all/function/internal_message.html?_=1638583269763&CODE_STATE=getMsg HTTP/1.1" 200 27
114.85.125.222 - - [04/Dec/2021:10:04:09 +0800] "POST /xingrg/kc/buy/cgsh_order_operate.html HTTP/1.1" 200 37
58.37.8.149 - - [04/Dec/2021:10:04:09 +0800] "GET /xingrg/kc/buy/cgsh_order_operate.html?command=get_materiel&rest_code=00141&code=00101008213&supplier_code=00100007&order_time=2021-12-04 HTTP/1.1" 200 412
58.39.139.200 - - [04/Dec/2021:10:04:10 +0800] "GET /xingrg/kc/buy/cgsh_order_operate.html?command=get_materiel&rest_code=00105&code=00101006112&supplier_code=00100012&order_time=2021-12-04 HTTP/1.1" 200 409
120.253.135.82 - - [04/Dec/2021:10:04:10 +0800] "GET /xingrg/all/function/internal_message.html?_=1638583229548&CODE_STATE=getMsg HTTP/1.1" 200 27
120.253.135.82 - - [04/Dec/2021:10:04:12 +0800] "GET /xingrg/kc/pszx/mdqp_order_list.html?state=10 HTTP/1.1" 200 11062
120.253.135.82 - - [04/Dec/2021:10:04:12 +0800] "GET /xingrg/dwr/interface/AjaxQqpsService.js HTTP/1.1" 200 16326
120.253.135.82 - - [04/Dec/2021:10:04:12 +0800] "GET /xingrg/dwr/interface/AjaxReportQueryService.js HTTP/1.1" 200 13203
120.253.135.82 - - [04/Dec/2021:10:04:12 +0800] "GET /xingrg/dwr/engine.js HTTP/1.1" 200 43631
114.85.125.222 - - [04/Dec/2021:10:04:12 +0800] "POST /xingrg/kc/buy/cgsh_order_operate.html HTTP/1.1" 200 12
114.85.125.222 - - [04/Dec/2021:10:04:13 +0800] "GET /xingrg/kc/buy/cgsh_order_info.html?code=212021120401242 HTTP/1.1" 200 59950
114.85.125.222 - - [04/Dec/2021:10:04:13 +0800] "GET /xingrg/javascript/easyui/themes/default/validatebox.css HTTP/1.1" 404 1104
114.85.125.222 - - [04/Dec/2021:10:04:14 +0800] "POST /xingrg/kc/buy/cgsh_order_operate.html HTTP/1.1" 200 1194
120.253.135.82 - - [04/Dec/2021:10:04:15 +0800] "GET /xingrg/kc/pszx/mdps_order_list.html?orderType=0 HTTP/1.1" 200 21130
114.85.125.222 - - [04/Dec/2021:10:04:15 +0800] "GET /xingrg/kc/print/load_data.html?order_code=212021120401242&kc_code=cgsh&condition= HTTP/1.1" 200 940
120.253.135.82 - - [04/Dec/2021:10:04:15 +0800] "POST /xingrg/kc/pszx/mdps_list_operate.html HTTP/1.1" 200 5312
120.253.135.82 - - [04/Dec/2021:10:04:18 +0800] "GET /xingrg/kc/pszx/mdqp_order_list.html?state=10 HTTP/1.1" 200 11062
120.253.135.82 - - [04/Dec/2021:10:04:18 +0800] "GET /xingrg/dwr/interface/AjaxQqpsService.js HTTP/1.1" 200 16326
120.253.135.82 - - [04/Dec/2021:10:04:18 +0800] "GET /xingrg/dwr/interface/AjaxReportQueryService.js HTTP/1.1" 200 13203
120.253.135.82 - - [04/Dec/2021:10:04:18 +0800] "GET /xingrg/dwr/engine.js HTTP/1.1" 200 43631
58.37.8.149 - - [04/Dec/2021:10:04:18 +0800] "GET /xingrg/kc/buy/cgsh_order_operate.html?command=get_materiel&rest_code=00141&code=00101008298&supplier_code=00100007&order_time=2021-12-04 HTTP/1.1" 200 412
172.20.0.100 - - [04/Dec/2021:10:04:19 +0800] "GET /xingrg/all/function/internal_message.html?_=1638583459055&CODE_STATE=getMsg HTTP/1.1" 200 27
58.39.139.200 - - [04/Dec/2021:10:04:19 +0800] "GET /xingrg/kc/buy/cgsh_order_operate.html?command=get_materiel&rest_code=00105&code=00101007044&supplier_code=00100012&order_time=2021-12-04 HTTP/1.1" 200 422
172.20.0.100 - - [04/Dec/2021:10:04:20 +0800] "GET /xingrg/kc/report/report_main.html HTTP/1.1" 200 7320
180.169.147.146 - - [04/Dec/2021:10:04:21 +0800] "GET /xingrg/check_reg.html?_=1638583464924 HTTP/1.1" 200 22
180.169.147.146 - - [04/Dec/2021:10:04:21 +0800] "GET /xingrg/all/function/internal_message.html?_=1638583464926&CODE_STATE=getMsg HTTP/1.1" 200 27
172.20.0.100 - - [04/Dec/2021:10:04:22 +0800] "GET /xingrg/kc/base/crk_hz.html HTTP/1.1" 200 11227
172.20.0.100 - - [04/Dec/2021:10:04:22 +0800] "POST /xingrg/kc/cost/cost_operate.html?command=get_base_tree HTTP/1.1" 200 969
172.20.0.100 - - [04/Dec/2021:10:04:22 +0800] "POST /xingrg/all/common/load_tree.html?tree=materiel_sort_tree_json HTTP/1.1" 200 9388
172.20.0.100 - - [04/Dec/2021:10:04:22 +0800] "GET /xingrg/javascript/jquery_easy_ui/themes/default/images/combo_arrow_dot.gif HTTP/1.1" 200 79
172.20.0.100 - - [04/Dec/2021:10:04:22 +0800] "GET /xingrg/javascript/jquery_easy_ui/themes/default/images/menu.gif HTTP/1.1" 200 834
172.20.0.100 - - [04/Dec/2021:10:04:22 +0800] "GET /xingrg/javascript/jquery_easy_ui/themes/default/images/tree_checkbox_0.gif HTTP/1.1" 200 168
180.162.114.163 - - [04/Dec/2021:10:04:23 +0800] "GET /xingrg/kc/buy/cgsh_order_operate.html?command=get_materiel&rest_code=00143&code=00101008036&supplier_code=00100161&order_time=2021-12-01 HTTP/1.1" 200 408
114.85.125.222 - - [04/Dec/2021:10:04:23 +0800] "GET /xingrg/all/function/internal_message.html?_=1638583429979&CODE_STATE=getMsg HTTP/1.1" 200 27
172.20.0.100 - - [04/Dec/2021:10:04:24 +0800] "GET /xingrg/all/common/get_data_part.html?part=previousMonth&_=1638583463958 HTTP/1.1" 200 41
172.20.0.100 - - [04/Dec/2021:10:04:26 +0800] "GET /xingrg/javascript/jquery_easy_ui/themes/default/images/tree_checkbox_1.gif HTTP/1.1" 200 174
172.20.0.100 - - [04/Dec/2021:10:04:26 +0800] "GET /xingrg/javascript/jquery_easy_ui/themes/default/images/tree_checkbox_2.gif HTTP/1.1" 200 181
172.20.0.100 - - [04/Dec/2021:10:04:27 +0800] "GET /xingrg/kc/base/crk_hz.html?_=1638583466665&command=get_cost_id&end_date=2021-11-30&start_date=2021-11-01 HTTP/1.1" 200 51
172.20.0.100 - - [04/Dec/2021:10:04:27 +0800] "GET /xingrg/all/report/report_query.html?isQuery=1&onlyBody=1&rh=99999&rw=1800&varString=start:20211101,cost_id:3392,mid:20211101&fileName=kc/base/crk_hz_type_by_base.xml&queryString=%20m.sort_code%20in%20('00101001','00101002','00101003','00101004','00101005','00101006','00101007','00101008','00101009','00101010','00101011','00101012','00101013','00101014','00101015','00101016','00101017','00101018','00101019','00101020','00101021','00101022','00101023','00101024','00101025','00101026','00101027','00101028','00101029','00101030','00101031','00101032','00101033','00101034','00101036','00101037','00101038','00101039','00101040','00101041','00101042')%20&queryText=ÈÕÆÚ£º2021-11-01ÖÁ2021-11-30&tableQueryString=materiel_table$sp1$$sp$before_table$sp1$$sp$crk_table$sp1$order_day%20between%2020211101%20and%2020211130 HTTP/1.1" 200 49758
172.20.0.100 - - [04/Dec/2021:10:04:27 +0800] "GET /xingrg/javascript/multi_select/jqueryMultiSelect.css HTTP/1.1" 200 951
172.20.0.100 - - [04/Dec/2021:10:04:27 +0800] "GET /xingrg/javascript/calendar/timePicker.css HTTP/1.1" 200 523
172.20.0.100 - - [04/Dec/2021:10:04:27 +0800] "GET /xingrg/javascript/bigrid/fix.css HTTP/1.1" 200 1702
172.20.0.100 - - [04/Dec/2021:10:04:27 +0800] "GET /xingrg/dwr/interface/AjaxReportQueryService.js HTTP/1.1" 200 13203
172.20.0.100 - - [04/Dec/2021:10:04:27 +0800] "GET /xingrg/dwr/engine.js HTTP/1.1" 200 43631
172.20.0.100 - - [04/Dec/2021:10:04:27 +0800] "GET /xingrg/dwr/util.js HTTP/1.1" 304 -
172.20.0.100 - - [04/Dec/2021:10:04:27 +0800] "GET /xingrg/javascript/jqueryMultiSelect.js HTTP/1.1" 200 11866
172.20.0.100 - - [04/Dec/2021:10:04:27 +0800] "GET /xingrg/javascript/calendar/jquery.timePicker.min.js HTTP/1.1" 200 2997
172.20.0.100 - - [04/Dec/2021:10:04:27 +0800] "GET /xingrg/javascript/bigrid/fix.js HTTP/1.1" 200 6439
172.20.0.100 - - [04/Dec/2021:10:04:27 +0800] "GET /xingrg/images/control/loading.gif HTTP/1.1" 200 13463
172.20.0.100 - - [04/Dec/2021:10:04:27 +0800] "GET /xingrg/images/blue/button/advanceover.gif HTTP/1.1" 200 1347
172.20.0.100 - - [04/Dec/2021:10:04:27 +0800] "GET /xingrg/images/blue/button/advance2over.gif HTTP/1.1" 200 1336
172.20.0.100 - - [04/Dec/2021:10:04:27 +0800] "GET /xingrg/images/blue/button/back2over.gif HTTP/1.1" 200 1335
172.20.0.100 - - [04/Dec/2021:10:04:27 +0800] "GET /xingrg/images/blue/button/backover.gif HTTP/1.1" 200 1348
172.20.0.100 - - [04/Dec/2021:10:04:27 +0800] "GET /xingrg/javascript/jquery_easy_ui/themes/icons/help.png HTTP/1.1" 200 1187
58.39.139.200 - - [04/Dec/2021:10:04:28 +0800] "GET /xingrg/all/function/internal_message.html?_=1638583469485&CODE_STATE=getMsg HTTP/1.1" 200 27
172.20.0.100 - - [04/Dec/2021:10:04:28 +0800] "POST /xingrg/all/report/load_report_page.html HTTP/1.1" 200 284903
172.20.0.100 - - [04/Dec/2021:10:04:28 +0800] "GET /xingrg/servlets/image?cache=0.9830459381388976&image=px HTTP/1.1" 200 807
58.37.8.149 - - [04/Dec/2021:10:04:30 +0800] "GET /xingrg/kc/buy/cgsh_order_operate.html?command=get_materiel&rest_code=00141&code=00101013179&supplier_code=00100007&order_time=2021-12-04 HTTP/1.1" 200 412
58.39.139.200 - - [04/Dec/2021:10:04:32 +0800] "GET /xingrg/all/function/internal_message.html?_=1638583410284&CODE_STATE=getMsg HTTP/1.1" 200 27
180.162.114.163 - - [04/Dec/2021:10:04:33 +0800] "GET /xingrg/kc/buy/cgsh_order_operate.html?command=get_materiel&rest_code=00143&code=00101008005&supplier_code=00100161&order_time=2021-12-01 HTTP/1.1" 200 412
172.20.0.100 - - [04/Dec/2021:10:04:34 +0800] "GET /xingrg/all/function/internal_message.html?_=1638583473848&CODE_STATE=getMsg HTTP/1.1" 200 27
180.162.114.163 - - [04/Dec/2021:10:04:34 +0800] "GET /xingrg/all/function/internal_message.html?_=1638582936181&CODE_STATE=getMsg HTTP/1.1" 200 27
172.20.0.100 - - [04/Dec/2021:10:04:36 +0800] "GET /xingrg/all/report/report_query.html?isQuery=1&fileName=kc/base/crk_detail_by_small.xml&rh=99999&queryString=&queryText=%25E3%2580%2590%25E4%25BB%2593%25E5%25BA%2593%25E5%2590%258D%25E7%25A7%25B0%253A%25E5%258E%25A8%25E6%2588%25BF%25E3%2580%2591%25E3%2580%2590%25E4%25B8%259A%25E5%258A%25A1%25E7%25B1%25BB%25E5%259E%258B%25EF%25BC%259A%25E9%2587%2587%25E8%25B4%25AD%25E5%2585%25A5%25E5%25BA%2593%25E3%2580%2591%2520%253F%253F%253F%253F%253F2021-11-01%253F%253F2021-11-30&tableQueryString=crk_table%2524sp1%2524order_day%2520between%252020211101%2520and%252020211130%2520and%2520(base_code%253D'0010273')%2520and%2520(src_order_type%2520in%2520(21))%2520and%2520(is_rk%2520in%2520(1)) HTTP/1.1" 200 53687
172.20.0.100 - - [04/Dec/2021:10:04:36 +0800] "GET /xingrg/dwr/interface/AjaxReportQueryService.js HTTP/1.1" 200 13203
172.20.0.100 - - [04/Dec/2021:10:04:36 +0800] "GET /xingrg/dwr/engine.js HTTP/1.1" 200 43631
58.37.8.149 - - [04/Dec/2021:10:04:36 +0800] "GET /xingrg/check_reg.html?_=1638583298491 HTTP/1.1" 200 22
172.20.0.100 - - [04/Dec/2021:10:04:37 +0800] "GET /xingrg/javascript/jquery_easy_ui/themes/default/images/menu_rightarrow.png HTTP/1.1" 200 3617
172.20.0.100 - - [04/Dec/2021:10:04:37 +0800] "POST /xingrg/all/report/load_report_page.html HTTP/1.1" 200 56498
172.20.0.100 - - [04/Dec/2021:10:04:37 +0800] "GET /xingrg/servlets/image?cache=0.38200076792361237&image=px HTTP/1.1" 200 807
222.70.171.86 - - [04/Dec/2021:10:04:39 +0800] "GET /xingrg/check_reg.html?_=1638583500045 HTTP/1.1" 302 -
172.20.0.100 - - [04/Dec/2021:10:04:40 +0800] "GET /xingrg/all/report/report_query.html?isQuery=1&fileName=kc/base/crk_detail_by_materiel.xml&queryString=&queryText=%25E3%2580%2590%25E4%25BB%2593%25E5%25BA%2593%25E5%2590%258D%25E7%25A7%25B0%253A%25E5%258E%25A8%25E6%2588%25BF%25E3%2580%2591%25E3%2580%2590%25E4%25B8%259A%25E5%258A%25A1%25E7%25B1%25BB%25E5%259E%258B%25EF%25BC%259A%25E9%2587%2587%25E8%25B4%25AD%25E5%2585%25A5%25E5%25BA%2593%25E3%2580%2591%2520%253F%253F%253F%253F%253F2021-11-01%253F%253F2021-11-30&tableQueryString=crk_table%2524sp1%2524order_day%2520between%252020211101%2520and%252020211130%2520and%2520(base_code%253D'0010273')%2520and%2520(src_order_type%2520in%2520(21))%2520and%2520(is_rk%2520in%2520(1))%2520and%2520(m.sort_code%253D'00102002') HTTP/1.1" 200 53714
222.70.171.86 - - [04/Dec/2021:10:04:40 +0800] "GET /xingrg/all/function/internal_message.html?_=1638583478333&CODE_STATE=getMsg HTTP/1.1" 200 27
172.20.0.100 - - [04/Dec/2021:10:04:41 +0800] "GET /xingrg/dwr/interface/AjaxReportQueryService.js HTTP/1.1" 200 13203
172.20.0.100 - - [04/Dec/2021:10:04:41 +0800] "GET /xingrg/dwr/engine.js HTTP/1.1" 200 43631
172.20.0.100 - - [04/Dec/2021:10:04:41 +0800] "POST /xingrg/all/report/load_report_page.html HTTP/1.1" 200 34185
172.20.0.100 - - [04/Dec/2021:10:04:41 +0800] "GET /xingrg/servlets/image?cache=0.15168141366630739&image=px HTTP/1.1" 200 807
172.20.0.100 - - [04/Dec/2021:10:04:44 +0800] "GET /xingrg/javascript/jquery_easy_ui/themes/default/images/tabs_active.png HTTP/1.1" 200 2894
180.162.114.163 - - [04/Dec/2021:10:04:44 +0800] "GET /xingrg/kc/buy/cgsh_order_operate.html?command=get_materiel&rest_code=00143&code=00101008261&supplier_code=00100161&order_time=2021-12-01 HTTP/1.1" 200 408
114.83.217.40 - - [04/Dec/2021:10:04:50 +0800] "GET /xingrg/all/function/internal_message.html?_=1638583490940&CODE_STATE=getMsg HTTP/1.1" 200 27
58.37.8.149 - - [04/Dec/2021:10:04:51 +0800] "POST /xingrg/kc/buy/cgsh_order_operate.html HTTP/1.1" 200 2065
101.85.120.86 - - [04/Dec/2021:10:04:52 +0800] "POST /xingrg/login.do HTTP/1.1" 302 -
101.85.120.86 - - [04/Dec/2021:10:04:52 +0800] "GET /xingrg/index.html?sysBaseUrl=http%3A%2F%2F180.169.147.146%3A18081%2Fxingrg%2F&costTime=46×tamp=1638583492417 HTTP/1.1" 200 17179
101.85.120.86 - - [04/Dec/2021:10:04:52 +0800] "GET /favicon.ico HTTP/1.1" 404 -
101.85.120.86 - - [04/Dec/2021:10:04:52 +0800] "POST /xingrg/all/common/load_tree.html?tree=area_rest_tree_json&manage=1 HTTP/1.1" 200 351
101.85.120.86 - - [04/Dec/2021:10:04:52 +0800] "GET /xingrg/check_reg.html?_=1638583494288 HTTP/1.1" 200 22
101.85.120.86 - - [04/Dec/2021:10:04:52 +0800] "GET /xingrg/all/function/internal_message.html?_=1638583494287&CODE_STATE=count HTTP/1.1" 200 11
101.85.120.86 - - [04/Dec/2021:10:04:53 +0800] "POST /xingrg/load_menu.html HTTP/1.1" 200 5138
180.162.114.163 - - [04/Dec/2021:10:04:55 +0800] "GET /xingrg/kc/buy/cgsh_order_operate.html?command=get_materiel&rest_code=00143&code=00101008268&supplier_code=00100161&order_time=2021-12-01 HTTP/1.1" 200 408
222.70.176.97 - - [04/Dec/2021:10:04:56 +0800] "GET /xingrg/all/function/internal_message.html?_=1638583494945&CODE_STATE=getMsg HTTP/1.1" 200 27
58.37.8.149 - - [04/Dec/2021:10:04:58 +0800] "GET /xingrg/kc/buy/cgsh_order_operate.html?command=get_materiel&rest_code=00141&code=00101008337&supplier_code=00100007&order_time=2021-12-04 HTTP/1.1" 200 408
116.233.78.65 - - [04/Dec/2021:10:04:58 +0800] "GET /xingrg/all/function/internal_message.html?_=1638583500510&CODE_STATE=getMsg HTTP/1.1" 200 27
222.70.176.97 - - [04/Dec/2021:10:05:00 +0800] "GET /xingrg/kc/buy/cgsh_order_operate.html?command=get_materiel&rest_code=00111&code=00101018011&supplier_code=00100012&order_time=2021-12-04 HTTP/1.1" 200 413
180.174.250.202 - - [04/Dec/2021:10:05:03 +0800] "GET /xingrg/all/function/internal_message.html?_=1638583503333&CODE_STATE=getMsg HTTP/1.1" 200 27
180.162.114.163 - - [04/Dec/2021:10:05:06 +0800] "GET /xingrg/kc/buy/cgsh_order_operate.html?command=get_materiel&rest_code=00143&code=00101008199&supplier_code=00100161&order_time=2021-12-01 HTTP/1.1" 200 408
172.20.0.100 - - [04/Dec/2021:10:05:07 +0800] "GET /xingrg/all/report/report_query.html?isQuery=1&fileName=kc/base/crk_detail_by_small.xml&rh=99999&queryString=&queryText=%25E3%2580%2590%25E4%25BB%2593%25E5%25BA%2593%25E5%2590%258D%25E7%25A7%25B0%253A%25E5%2585%258D%25E8%25B4%25B9%25E7%2594%259C%25E5%2593%2581%25E3%2580%2591%25E3%2580%2590%25E4%25B8%259A%25E5%258A%25A1%25E7%25B1%25BB%25E5%259E%258B%25EF%25BC%259A%25E9%2587%2587%25E8%25B4%25AD%25E5%2585%25A5%25E5%25BA%2593%25E3%2580%2591%2520%253F%253F%253F%253F%253F2021-11-01%253F%253F2021-11-30&tableQueryString=crk_table%2524sp1%2524order_day%2520between%252020211101%2520and%252020211130%2520and%2520(base_code%253D'0010819')%2520and%2520(src_order_type%2520in%2520(21))%2520and%2520(is_rk%2520in%2520(1)) HTTP/1.1" 200 53695
58.37.8.149 - - [04/Dec/2021:10:05:08 +0800] "GET /xingrg/check_reg.html?_=1638583329726 HTTP/1.1" 200 22
58.37.8.149 - - [04/Dec/2021:10:05:08 +0800] "GET /xingrg/all/function/internal_message.html?_=1638583329726&CODE_STATE=getMsg HTTP/1.1" 200 27
172.20.0.100 - - [04/Dec/2021:10:05:08 +0800] "GET /xingrg/dwr/interface/AjaxReportQueryService.js HTTP/1.1" 200 13203
172.20.0.100 - - [04/Dec/2021:10:05:08 +0800] "GET /xingrg/dwr/engine.js HTTP/1.1" 200 43631
101.85.120.86 - - [04/Dec/2021:10:05:08 +0800] "GET /xingrg/kc/buy/cgsh_order_list.html HTTP/1.1" 200 49380
172.20.0.100 - - [04/Dec/2021:10:05:09 +0800] "POST /xingrg/all/report/load_report_page.html HTTP/1.1" 200 16085
172.20.0.100 - - [04/Dec/2021:10:05:09 +0800] "GET /xingrg/servlets/image?cache=0.8989506617576842&image=px HTTP/1.1" 200 807
101.85.120.86 - - [04/Dec/2021:10:05:10 +0800] "POST /xingrg/kc/buy/cgsh_list_operate.html HTTP/1.1" 200 876
120.253.135.82 - - [04/Dec/2021:10:05:10 +0800] "GET /xingrg/all/function/internal_message.html?_=1638583289602&CODE_STATE=getMsg HTTP/1.1" 200 27
101.85.120.86 - - [04/Dec/2021:10:05:12 +0800] "GET /xingrg/kc/buy/cgsh_order_add.html HTTP/1.1" 200 64269
101.85.120.86 - - [04/Dec/2021:10:05:12 +0800] "GET /xingrg/words/20211203111311_words.js HTTP/1.1" 200 876430
101.85.120.86 - - [04/Dec/2021:10:05:13 +0800] "POST /xingrg/kc/buy/cgsh_order_operate.html HTTP/1.1" 200 8245
101.85.120.86 - - [04/Dec/2021:10:05:13 +0800] "GET /xingrg/javascript/easyui/themes/default/validatebox.css HTTP/1.1" 404 1104
101.85.120.86 - - [04/Dec/2021:10:05:13 +0800] "GET /xingrg/all/common/auto_word.html?type=employee&rest_code=00142 HTTP/1.1" 200 105
101.85.120.86 - - [04/Dec/2021:10:05:13 +0800] "GET /xingrg/all/common/auto_word.html?type=employee&rest_code=00142 HTTP/1.1" 200 105
180.169.147.146 - - [04/Dec/2021:10:05:13 +0800] "POST /xingrg/all/user/operate.html HTTP/1.1" 200 36
180.169.147.146 - - [04/Dec/2021:10:05:14 +0800] "GET /xingrg/index.html?sysBaseUrl=http%3A%2F%2F180.169.147.146%3A18081%2Fxingrg%2F&costTime=188×tamp=1638581423358 HTTP/1.1" 200 17503
180.169.147.146 - - [04/Dec/2021:10:05:14 +0800] "GET /xingrg/javascript/jquery_easy_ui/themes/default/easyui.css HTTP/1.1" 304 -
180.169.147.146 - - [04/Dec/2021:10:05:14 +0800] "GET /xingrg/javascript/jquery_easy_ui/themes/icon.css HTTP/1.1" 304 -
180.169.147.146 - - [04/Dec/2021:10:05:14 +0800] "GET /xingrg/css/form.css HTTP/1.1" 304 -
180.169.147.146 - - [04/Dec/2021:10:05:14 +0800] "GET /xingrg/javascript/jquery-1.4.2.min.js HTTP/1.1" 304 -
180.169.147.146 - - [04/Dec/2021:10:05:14 +0800] "GET /xingrg/javascript/jquery_easy_ui/jquery.easyui.min.js HTTP/1.1" 304 -
180.169.147.146 - - [04/Dec/2021:10:05:14 +0800] "GET /xingrg/javascript/jquery_easy_ui/easyui-lang-zh_CN.js HTTP/1.1" 304 -
180.169.147.146 - - [04/Dec/2021:10:05:14 +0800] "GET /xingrg/javascript/jquery.form.js HTTP/1.1" 304 -
180.169.147.146 - - [04/Dec/2021:10:05:14 +0800] "GET /xingrg/javascript/jquery.utils.js HTTP/1.1" 304 -
180.169.147.146 - - [04/Dec/2021:10:05:14 +0800] "GET /xingrg/javascript/jquery.timers.js HTTP/1.1" 304 -
180.169.147.146 - - [04/Dec/2021:10:05:14 +0800] "GET /xingrg/images/blue/jxLogo.png HTTP/1.1" 304 -
180.169.147.146 - - [04/Dec/2021:10:05:14 +0800] "GET /xingrg/images/blue/navBackgound.jpg HTTP/1.1" 304 -
180.169.147.146 - - [04/Dec/2021:10:05:14 +0800] "GET /xingrg/javascript/jquery_easy_ui/themes/icons/settle_new.png HTTP/1.1" 304 -
180.169.147.146 - - [04/Dec/2021:10:05:14 +0800] "POST /xingrg/all/common/load_tree.html?tree=area_rest_tree_json&manage=1 HTTP/1.1" 200 3472
180.169.147.146 - - [04/Dec/2021:10:05:14 +0800] "GET /xingrg/check_reg.html?_=1638583517273 HTTP/1.1" 200 22
180.169.147.146 - - [04/Dec/2021:10:05:14 +0800] "GET /xingrg/all/function/internal_message.html?_=1638583517273&CODE_STATE=count HTTP/1.1" 200 11
180.169.147.146 - - [04/Dec/2021:10:05:14 +0800] "GET /xingrg/javascript/jquery_easy_ui/themes/default/images/tabs_rightarrow.png HTTP/1.1" 304 -
180.169.147.146 - - [04/Dec/2021:10:05:14 +0800] "GET /xingrg/javascript/jquery_easy_ui/themes/default/images/panel_tool_collapse.gif HTTP/1.1" 304 -
180.169.147.146 - - [04/Dec/2021:10:05:14 +0800] "GET /xingrg/javascript/jquery_easy_ui/themes/default/images/tabs_leftarrow.png HTTP/1.1" 304 -
180.169.147.146 - - [04/Dec/2021:10:05:14 +0800] "GET /xingrg/javascript/jquery_easy_ui/themes/default/images/panel_tool_expand.gif HTTP/1.1" 304 -
180.169.147.146 - - [04/Dec/2021:10:05:14 +0800] "GET /xingrg/images/blue/pingpu.png HTTP/1.1" 304 -
180.169.147.146 - - [04/Dec/2021:10:05:14 +0800] "POST /xingrg/load_menu.html HTTP/1.1" 200 9959
180.169.147.146 - - [04/Dec/2021:10:05:17 +0800] "GET /xingrg/kc/base/wldb_order_list.html HTTP/1.1" 200 19520
58.39.139.200 - - [04/Dec/2021:10:05:17 +0800] "POST /xingrg/kc/buy/cgsh_order_operate.html HTTP/1.1" 200 37
180.169.147.146 - - [04/Dec/2021:10:05:18 +0800] "POST /xingrg/kc/base/wldb_list_operate.html HTTP/1.1" 200 928
180.162.114.163 - - [04/Dec/2021:10:05:18 +0800] "GET /xingrg/kc/buy/cgsh_order_operate.html?command=get_materiel&rest_code=00143&code=00101008361&supplier_code=00100161&order_time=2021-12-01 HTTP/1.1" 200 408
58.39.139.200 - - [04/Dec/2021:10:05:18 +0800] "POST /xingrg/kc/buy/cgsh_order_operate.html HTTP/1.1" 200 6259
172.20.0.100 - - [04/Dec/2021:10:05:19 +0800] "GET /xingrg/all/function/internal_message.html?_=1638583519059&CODE_STATE=getMsg HTTP/1.1" 200 27
58.39.139.200 - - [04/Dec/2021:10:05:19 +0800] "GET /xingrg/kc/print/load_data.html?order_code=212021120401243&kc_code=cgsh&condition= HTTP/1.1" 200 2165
58.39.139.200 - - [04/Dec/2021:10:05:22 +0800] "GET /xingrg/javascript/jquery_easy_ui/themes/default/images/tabs_active.png HTTP/1.1" 304 -
222.70.176.97 - - [04/Dec/2021:10:05:23 +0800] "POST /xingrg/kc/buy/cgsh_order_operate.html HTTP/1.1" 200 37
58.37.8.149 - - [04/Dec/2021:10:05:23 +0800] "GET /xingrg/kc/buy/cgsh_order_operate.html?command=get_materiel&rest_code=00141&code=00101008370&supplier_code=00100007&order_time=2021-12-04 HTTP/1.1" 200 412
114.85.125.222 - - [04/Dec/2021:10:05:24 +0800] "GET /xingrg/all/function/internal_message.html?_=1638583490005&CODE_STATE=getMsg HTTP/1.1" 200 27
180.169.147.146 - - [04/Dec/2021:10:05:24 +0800] "GET /xingrg/kc/base/wldb_order_add.html HTTP/1.1" 200 30479
180.169.147.146 - - [04/Dec/2021:10:05:24 +0800] "GET /xingrg/javascript/jquery_tools/order_manager.js HTTP/1.1" 200 11183
180.169.147.146 - - [04/Dec/2021:10:05:24 +0800] "GET /xingrg/words/20211203111311_words.js HTTP/1.1" 200 876430
180.169.147.146 - - [04/Dec/2021:10:05:24 +0800] "GET /xingrg/javascript/easyui/themes/icons/template_new.png HTTP/1.1" 200 3956
180.169.147.146 - - [04/Dec/2021:10:05:24 +0800] "GET /xingrg/javascript/easyui/themes/icons/ok.png HTTP/1.1" 200 883
180.169.147.146 - - [04/Dec/2021:10:05:24 +0800] "GET /xingrg/javascript/easyui/themes/icons/cancel.png HTTP/1.1" 200 1133
180.169.147.146 - - [04/Dec/2021:10:05:24 +0800] "GET /xingrg/javascript/easyui/themes/default/images/menu_downarrow.png HTTP/1.1" 200 173
180.169.147.146 - - [04/Dec/2021:10:05:24 +0800] "GET /xingrg/javascript/easyui/themes/icons/print.png HTTP/1.1" 200 1057
180.169.147.146 - - [04/Dec/2021:10:05:24 +0800] "POST /xingrg/kc/base/wldb_order_operate.html HTTP/1.1" 200 6806
180.169.147.146 - - [04/Dec/2021:10:05:25 +0800] "GET /xingrg/javascript/easyui/themes/default/validatebox.css HTTP/1.1" 404 1104
180.169.147.146 - - [04/Dec/2021:10:05:25 +0800] "GET /xingrg/javascript/easyui/plugins/jquery.validatebox.js HTTP/1.1" 200 6103
180.169.147.146 - - [04/Dec/2021:10:05:25 +0800] "GET /xingrg/javascript/easyui/plugins/jquery.numberbox.js HTTP/1.1" 200 5213
180.169.147.146 - - [04/Dec/2021:10:05:25 +0800] "GET /xingrg/javascript/easyui/themes/icons/edit_remove.png HTTP/1.1" 200 625
222.70.176.97 - - [04/Dec/2021:10:05:26 +0800] "POST /xingrg/kc/buy/cgsh_order_operate.html HTTP/1.1" 200 5057
180.169.147.146 - - [04/Dec/2021:10:05:26 +0800] "GET /xingrg/javascript/auto/indicator.gif HTTP/1.1" 404 1066
58.39.139.200 - - [04/Dec/2021:10:05:28 +0800] "GET /xingrg/all/function/internal_message.html?_=1638583529451&CODE_STATE=getMsg HTTP/1.1" 200 27
58.39.139.200 - - [04/Dec/2021:10:05:28 +0800] "GET /xingrg/check_reg.html?_=1638583529453 HTTP/1.1" 200 22
120.253.135.82 - - [04/Dec/2021:10:05:28 +0800] "GET /xingrg/kc/pszx/mdqp_order_list.html?state=10 HTTP/1.1" 200 11062
120.253.135.82 - - [04/Dec/2021:10:05:28 +0800] "GET /xingrg/dwr/interface/AjaxReportQueryService.js HTTP/1.1" 200 13203
120.253.135.82 - - [04/Dec/2021:10:05:28 +0800] "GET /xingrg/dwr/interface/AjaxQqpsService.js HTTP/1.1" 200 16326
120.253.135.82 - - [04/Dec/2021:10:05:28 +0800] "GET /xingrg/dwr/engine.js HTTP/1.1" 200 43631
180.169.147.146 - - [04/Dec/2021:10:05:30 +0800] "GET /xingrg/javascript/jquery_tools/images/prev.gif HTTP/1.1" 404 1086
180.169.147.146 - - [04/Dec/2021:10:05:30 +0800] "GET /xingrg/javascript/jquery_tools/images/next.gif HTTP/1.1" 404 1086
120.253.135.82 - - [04/Dec/2021:10:05:31 +0800] "GET /xingrg/kc/report/report_main.html HTTP/1.1" 200 8599
180.162.114.163 - - [04/Dec/2021:10:05:31 +0800] "GET /xingrg/kc/buy/cgsh_order_operate.html?command=get_materiel&rest_code=00143&code=00101008097&supplier_code=00100161&order_time=2021-12-01 HTTP/1.1" 200 408
222.70.176.97 - - [04/Dec/2021:10:05:31 +0800] "GET /xingrg/kc/print/load_data.html?order_code=212021120401244&kc_code=cgsh&condition= HTTP/1.1" 200 1690
58.37.8.149 - - [04/Dec/2021:10:05:32 +0800] "GET /xingrg/kc/buy/cgsh_order_operate.html?command=get_materiel&rest_code=00141&code=00101008312&supplier_code=00100007&order_time=2021-12-04 HTTP/1.1" 200 412
58.39.139.200 - - [04/Dec/2021:10:05:32 +0800] "GET /xingrg/all/function/internal_message.html?_=1638583470284&CODE_STATE=getMsg HTTP/1.1" 200 27
58.39.139.200 - - [04/Dec/2021:10:05:32 +0800] "GET /xingrg/check_reg.html?_=1638583470287 HTTP/1.1" 200 22
120.253.135.82 - - [04/Dec/2021:10:05:33 +0800] "GET /xingrg/kc/pszx/mdqp_order_list.html?state=10 HTTP/1.1" 200 11062
120.253.135.82 - - [04/Dec/2021:10:05:33 +0800] "GET /xingrg/dwr/interface/AjaxReportQueryService.js HTTP/1.1" 200 13203
120.253.135.82 - - [04/Dec/2021:10:05:33 +0800] "GET /xingrg/dwr/interface/AjaxQqpsService.js HTTP/1.1" 200 16326
120.253.135.82 - - [04/Dec/2021:10:05:33 +0800] "GET /xingrg/dwr/engine.js HTTP/1.1" 200 43631
172.20.0.100 - - [04/Dec/2021:10:05:34 +0800] "GET /xingrg/check_reg.html?_=1638583533845 HTTP/1.1" 200 22
172.20.0.100 - - [04/Dec/2021:10:05:34 +0800] "GET /xingrg/all/function/internal_message.html?_=1638583533847&CODE_STATE=getMsg HTTP/1.1" 200 27
180.162.114.163 - - [04/Dec/2021:10:05:34 +0800] "GET /xingrg/all/function/internal_message.html?_=1638582996190&CODE_STATE=getMsg HTTP/1.1" 200 27
222.70.176.97 - - [04/Dec/2021:10:05:37 +0800] "GET /xingrg/kc/buy/cgsh_order_add.html HTTP/1.1" 200 65059
222.70.176.97 - - [04/Dec/2021:10:05:37 +0800] "POST /xingrg/kc/buy/cgsh_order_operate.html HTTP/1.1" 200 8245
222.70.176.97 - - [04/Dec/2021:10:05:37 +0800] "GET /xingrg/javascript/easyui/themes/default/validatebox.css HTTP/1.1" 404 1104
222.70.171.86 - - [04/Dec/2021:10:05:40 +0800] "GET /xingrg/check_reg.html?_=1638583538117 HTTP/1.1" 200 22
222.70.171.86 - - [04/Dec/2021:10:05:40 +0800] "GET /xingrg/all/function/internal_message.html?_=1638583538348&CODE_STATE=getMsg HTTP/1.1" 200 27
180.162.114.163 - - [04/Dec/2021:10:05:40 +0800] "GET /xingrg/kc/buy/cgsh_order_operate.html?command=get_materiel&rest_code=00143&code=00101008098&supplier_code=00100161&order_time=2021-12-01 HTTP/1.1" 200 412
180.169.147.146 - - [04/Dec/2021:10:05:41 +0800] "GET /xingrg/kc/base/wldb_order_operate.html?command=get_materiel&rest_code=00106&base_code=0010239&code=00101013133 HTTP/1.1" 200 434
222.70.176.97 - - [04/Dec/2021:10:05:42 +0800] "GET /xingrg/javascript/easyui/themes/default/tree.css HTTP/1.1" 404 1090
222.70.176.97 - - [04/Dec/2021:10:05:42 +0800] "POST /xingrg/all/common/load_tree.html?tree=supplier_tree_json&isDelete=1 HTTP/1.1" 200 60927
120.253.135.82 - - [04/Dec/2021:10:05:42 +0800] "GET /xingrg/kc/pszx/mdps_order_list.html?orderType=0 HTTP/1.1" 200 21130
120.253.135.82 - - [04/Dec/2021:10:05:42 +0800] "POST /xingrg/kc/pszx/mdps_list_operate.html HTTP/1.1" 200 5312
116.233.78.65 - - [04/Dec/2021:10:05:44 +0800] "POST /xingrg/services/DataTransmitService HTTP/1.1" 200 524
116.233.78.65 - - [04/Dec/2021:10:05:45 +0800] "POST /xingrg/services/DataTransmitService HTTP/1.1" 200 501
116.233.78.65 - - [04/Dec/2021:10:05:45 +0800] "POST /xingrg/services/DataTransmitService HTTP/1.1" 200 501
116.233.78.65 - - [04/Dec/2021:10:05:45 +0800] "POST /xingrg/services/DataTransmitService HTTP/1.1" 200 501
116.233.78.65 - - [04/Dec/2021:10:05:46 +0800] "POST /xingrg/services/DataTransmitService HTTP/1.1" 200 501
116.233.78.65 - - [04/Dec/2021:10:05:46 +0800] "POST /xingrg/services/DataTransmitService HTTP/1.1" 200 501
116.233.78.65 - - [04/Dec/2021:10:05:47 +0800] "POST /xingrg/services/DataTransmitService HTTP/1.1" 200 501
58.39.139.200 - - [04/Dec/2021:10:05:48 +0800] "GET /xingrg/kc/buy/cgsh_order_add.html HTTP/1.1" 200 65191
116.233.78.65 - - [04/Dec/2021:10:05:48 +0800] "POST /xingrg/services/DataTransmitService HTTP/1.1" 200 412
58.39.139.200 - - [04/Dec/2021:10:05:48 +0800] "GET /xingrg/javascript/easyui/themes/default/validatebox.css HTTP/1.1" 404 1104
58.39.139.200 - - [04/Dec/2021:10:05:48 +0800] "POST /xingrg/kc/buy/cgsh_order_operate.html HTTP/1.1" 200 8245
116.233.78.65 - - [04/Dec/2021:10:05:49 +0800] "POST /xingrg/services/DataTransmitService HTTP/1.1" 200 524
120.253.135.82 - - [04/Dec/2021:10:05:50 +0800] "POST /xingrg/kc/pszx/mdps_list_operate.html HTTP/1.1" 200 3565
114.83.217.40 - - [04/Dec/2021:10:05:50 +0800] "GET /xingrg/all/function/internal_message.html?_=1638583550928&CODE_STATE=getMsg HTTP/1.1" 200 27
120.253.135.82 - - [04/Dec/2021:10:05:52 +0800] "POST /xingrg/kc/pszx/mdps_list_operate.html HTTP/1.1" 200 533
101.85.120.86 - - [04/Dec/2021:10:05:52 +0800] "GET /xingrg/all/function/internal_message.html?_=1638583554297&CODE_STATE=getMsg HTTP/1.1" 200 27
180.162.114.163 - - [04/Dec/2021:10:05:54 +0800] "GET /xingrg/kc/buy/cgsh_order_operate.html?command=get_materiel&rest_code=00143&code=00101008355&supplier_code=00100161&order_time=2021-12-01 HTTP/1.1" 200 408
120.253.135.82 - - [04/Dec/2021:10:05:54 +0800] "GET /xingrg/kc/pszx/mdps_order_info.html?code=312021120300089 HTTP/1.1" 200 23935
120.253.135.82 - - [04/Dec/2021:10:05:55 +0800] "GET /xingrg/javascript/easyui/themes/default/validatebox.css HTTP/1.1" 404 1104
120.253.135.82 - - [04/Dec/2021:10:05:55 +0800] "POST /xingrg/kc/pszx/mdps_order_operate.html HTTP/1.1" 200 4302
222.70.176.97 - - [04/Dec/2021:10:05:56 +0800] "GET /xingrg/all/function/internal_message.html?_=1638583554947&CODE_STATE=getMsg HTTP/1.1" 200 27
116.233.78.65 - - [04/Dec/2021:10:05:58 +0800] "GET /xingrg/all/function/internal_message.html?_=1638583560515&CODE_STATE=getMsg HTTP/1.1" 200 27
116.233.78.65 - - [04/Dec/2021:10:05:58 +0800] "GET /xingrg/check_reg.html?_=1638583560516 HTTP/1.1" 200 22
58.37.8.149 - - [04/Dec/2021:10:06:00 +0800] "GET /xingrg/kc/buy/cgsh_order_operate.html?command=get_materiel&rest_code=00141&code=00101008355&supplier_code=00100007&order_time=2021-12-04 HTTP/1.1" 200 408
58.37.8.149 - - [04/Dec/2021:10:06:02 +0800] "POST /xingrg/kc/buy/cgsh_order_operate.html HTTP/1.1" 200 2065
180.174.250.202 - - [04/Dec/2021:10:06:03 +0800] "GET /xingrg/all/function/internal_message.html?_=1638583563345&CODE_STATE=getMsg HTTP/1.1" 200 27
