120.253.135.82 - - [03/Dec/2021:07:30:11 +0800] "GET /xingrg/kc/pszx/mdps_order_info.html?code=312021120300094 HTTP/1.1" 200 23931
120.253.135.82 - - [03/Dec/2021:07:30:12 +0800] "GET /xingrg/javascript/easyui/themes/default/validatebox.css HTTP/1.1" 404 1104
120.253.135.82 - - [03/Dec/2021:07:30:12 +0800] "POST /xingrg/kc/pszx/mdps_order_operate.html HTTP/1.1" 200 10804
222.70.171.86 - - [03/Dec/2021:07:30:18 +0800] "GET /xingrg/all/function/internal_message.html?_=1638487833072&CODE_STATE=getMsg HTTP/1.1" 302 -
120.253.135.82 - - [03/Dec/2021:07:30:26 +0800] "POST /xingrg/kc/pszx/mdps_order_operate.html HTTP/1.1" 200 37
120.253.135.82 - - [03/Dec/2021:07:30:27 +0800] "GET /xingrg/kc/pszx/mdps_order_info.html?code=312021120300094 HTTP/1.1" 200 23931
120.253.135.82 - - [03/Dec/2021:07:30:28 +0800] "GET /xingrg/javascript/easyui/themes/default/validatebox.css HTTP/1.1" 404 1104
120.253.135.82 - - [03/Dec/2021:07:30:28 +0800] "POST /xingrg/kc/pszx/mdps_order_operate.html HTTP/1.1" 200 9826
114.85.125.222 - - [03/Dec/2021:07:30:30 +0800] "GET /xingrg/all/function/internal_message.html?_=1638487794875&CODE_STATE=getMsg HTTP/1.1" 200 27
120.253.135.82 - - [03/Dec/2021:07:30:32 +0800] "POST /xingrg/kc/pszx/mdps_list_operate.html HTTP/1.1" 200 3550
120.253.135.82 - - [03/Dec/2021:07:30:35 +0800] "POST /xingrg/kc/pszx/mdps_list_operate.html HTTP/1.1" 200 541
120.253.135.82 - - [03/Dec/2021:07:30:35 +0800] "GET /xingrg/kc/pszx/mdps_order_info.html?code=312021120300095 HTTP/1.1" 200 23931
120.253.135.82 - - [03/Dec/2021:07:30:35 +0800] "POST /xingrg/kc/pszx/mdps_order_operate.html HTTP/1.1" 200 4280
120.253.135.82 - - [03/Dec/2021:07:30:35 +0800] "GET /xingrg/javascript/easyui/themes/default/validatebox.css HTTP/1.1" 404 1104
116.238.248.233 - - [03/Dec/2021:07:30:37 +0800] "GET /xingrg/all/function/internal_message.html?_=1638487836026&CODE_STATE=getMsg HTTP/1.1" 200 27
120.253.135.82 - - [03/Dec/2021:07:30:39 +0800] "POST /xingrg/all/common/load_combo.html?type=base HTTP/1.1" 200 1075
120.253.135.82 - - [03/Dec/2021:07:30:43 +0800] "POST /xingrg/kc/pszx/mdps_order_operate.html HTTP/1.1" 200 37
120.253.135.82 - - [03/Dec/2021:07:30:43 +0800] "GET /xingrg/kc/pszx/mdps_order_info.html?code=312021120300095 HTTP/1.1" 200 23931
120.253.135.82 - - [03/Dec/2021:07:30:44 +0800] "POST /xingrg/kc/pszx/mdps_order_operate.html HTTP/1.1" 200 4320
120.253.135.82 - - [03/Dec/2021:07:30:44 +0800] "GET /xingrg/javascript/easyui/themes/default/validatebox.css HTTP/1.1" 404 1104
222.70.171.86 - - [03/Dec/2021:07:30:49 +0800] "GET /xingrg/all/function/internal_message.html?_=1638487865565&CODE_STATE=getMsg HTTP/1.1" 200 27
222.70.176.97 - - [03/Dec/2021:07:30:51 +0800] "GET /xingrg/all/function/internal_message.html?_=1638487848204&CODE_STATE=getMsg HTTP/1.1" 200 27
120.253.135.82 - - [03/Dec/2021:07:30:56 +0800] "POST /xingrg/kc/pszx/mdps_order_operate.html HTTP/1.1" 200 37
120.253.135.82 - - [03/Dec/2021:07:30:57 +0800] "GET /xingrg/kc/pszx/mdps_order_info.html?code=312021120300095 HTTP/1.1" 200 23931
120.253.135.82 - - [03/Dec/2021:07:30:58 +0800] "GET /xingrg/javascript/easyui/themes/default/validatebox.css HTTP/1.1" 404 1104
120.253.135.82 - - [03/Dec/2021:07:30:58 +0800] "POST /xingrg/kc/pszx/mdps_order_operate.html HTTP/1.1" 200 4321
120.253.135.82 - - [03/Dec/2021:07:31:10 +0800] "POST /xingrg/kc/pszx/mdps_order_operate.html HTTP/1.1" 200 37
120.253.135.82 - - [03/Dec/2021:07:31:10 +0800] "GET /xingrg/kc/pszx/mdps_order_info.html?code=312021120300095 HTTP/1.1" 200 23931
120.253.135.82 - - [03/Dec/2021:07:31:11 +0800] "POST /xingrg/kc/pszx/mdps_order_operate.html HTTP/1.1" 200 4321
120.253.135.82 - - [03/Dec/2021:07:31:11 +0800] "GET /xingrg/javascript/easyui/themes/default/validatebox.css HTTP/1.1" 404 1104
120.253.135.82 - - [03/Dec/2021:07:31:12 +0800] "GET /xingrg/all/function/internal_message.html?_=1638487647881&CODE_STATE=getMsg HTTP/1.1" 200 27
120.253.135.82 - - [03/Dec/2021:07:31:12 +0800] "POST /xingrg/kc/pszx/mdps_list_operate.html HTTP/1.1" 200 3550
120.253.135.82 - - [03/Dec/2021:07:31:15 +0800] "POST /xingrg/kc/pszx/mdps_list_operate.html HTTP/1.1" 200 670
120.253.135.82 - - [03/Dec/2021:07:31:17 +0800] "GET /xingrg/kc/pszx/mdps_order_info.html?code=312021120300096 HTTP/1.1" 200 23931
120.253.135.82 - - [03/Dec/2021:07:31:18 +0800] "GET /xingrg/javascript/easyui/themes/default/validatebox.css HTTP/1.1" 404 1104
120.253.135.82 - - [03/Dec/2021:07:31:18 +0800] "POST /xingrg/kc/pszx/mdps_order_operate.html HTTP/1.1" 200 9947
222.70.171.86 - - [03/Dec/2021:07:31:18 +0800] "GET /xingrg/all/function/internal_message.html?_=1638487893096&CODE_STATE=getMsg HTTP/1.1" 302 -
120.253.135.82 - - [03/Dec/2021:07:31:21 +0800] "POST /xingrg/kc/pszx/mdps_order_operate.html HTTP/1.1" 200 37
120.253.135.82 - - [03/Dec/2021:07:31:22 +0800] "GET /xingrg/kc/pszx/mdps_order_info.html?code=312021120300096 HTTP/1.1" 200 23931
120.253.135.82 - - [03/Dec/2021:07:31:22 +0800] "GET /xingrg/javascript/easyui/themes/default/validatebox.css HTTP/1.1" 404 1104
120.253.135.82 - - [03/Dec/2021:07:31:22 +0800] "POST /xingrg/kc/pszx/mdps_order_operate.html HTTP/1.1" 200 10078
114.85.125.222 - - [03/Dec/2021:07:31:30 +0800] "GET /xingrg/all/function/internal_message.html?_=1638487854897&CODE_STATE=getMsg HTTP/1.1" 200 27
116.238.248.233 - - [03/Dec/2021:07:31:37 +0800] "GET /xingrg/all/function/internal_message.html?_=1638487896025&CODE_STATE=getMsg HTTP/1.1" 200 27
222.70.171.86 - - [03/Dec/2021:07:31:49 +0800] "GET /xingrg/all/function/internal_message.html?_=1638487925567&CODE_STATE=getMsg HTTP/1.1" 200 27
222.70.176.97 - - [03/Dec/2021:07:31:51 +0800] "GET /xingrg/all/function/internal_message.html?_=1638487908190&CODE_STATE=getMsg HTTP/1.1" 200 27
120.253.135.82 - - [03/Dec/2021:07:32:05 +0800] "GET /xingrg/check_reg.html?_=1638487701109 HTTP/1.1" 200 22
120.253.135.82 - - [03/Dec/2021:07:32:12 +0800] "GET /xingrg/all/function/internal_message.html?_=1638487707895&CODE_STATE=getMsg HTTP/1.1" 200 27
114.85.125.222 - - [03/Dec/2021:07:32:14 +0800] "GET /xingrg/check_reg.html?_=1638487898616 HTTP/1.1" 200 22
120.253.135.82 - - [03/Dec/2021:07:32:16 +0800] "POST /xingrg/kc/pszx/mdps_order_operate.html HTTP/1.1" 200 37
120.253.135.82 - - [03/Dec/2021:07:32:17 +0800] "GET /xingrg/kc/pszx/mdps_order_info.html?code=312021120300096 HTTP/1.1" 200 23931
120.253.135.82 - - [03/Dec/2021:07:32:18 +0800] "GET /xingrg/javascript/easyui/themes/default/validatebox.css HTTP/1.1" 404 1104
120.253.135.82 - - [03/Dec/2021:07:32:18 +0800] "POST /xingrg/kc/pszx/mdps_order_operate.html HTTP/1.1" 200 10079
222.70.171.86 - - [03/Dec/2021:07:32:18 +0800] "GET /xingrg/all/function/internal_message.html?_=1638487953099&CODE_STATE=getMsg HTTP/1.1" 302 -
120.253.135.82 - - [03/Dec/2021:07:32:24 +0800] "POST /xingrg/kc/pszx/mdps_list_operate.html HTTP/1.1" 200 3550
120.253.135.82 - - [03/Dec/2021:07:32:26 +0800] "POST /xingrg/kc/pszx/mdps_list_operate.html HTTP/1.1" 200 670
120.253.135.82 - - [03/Dec/2021:07:32:27 +0800] "GET /xingrg/kc/pszx/mdps_order_info.html?code=312021120300096 HTTP/1.1" 200 23931
120.253.135.82 - - [03/Dec/2021:07:32:28 +0800] "GET /xingrg/javascript/easyui/themes/default/validatebox.css HTTP/1.1" 404 1104
120.253.135.82 - - [03/Dec/2021:07:32:28 +0800] "POST /xingrg/kc/pszx/mdps_order_operate.html HTTP/1.1" 200 10079
114.85.125.222 - - [03/Dec/2021:07:32:30 +0800] "GET /xingrg/all/function/internal_message.html?_=1638487914903&CODE_STATE=getMsg HTTP/1.1" 200 27
120.253.135.82 - - [03/Dec/2021:07:32:35 +0800] "POST /xingrg/kc/pszx/mdps_list_operate.html HTTP/1.1" 200 3550
120.253.135.82 - - [03/Dec/2021:07:32:36 +0800] "POST /xingrg/kc/pszx/mdps_list_operate.html HTTP/1.1" 200 278
120.253.135.82 - - [03/Dec/2021:07:32:37 +0800] "GET /xingrg/kc/pszx/mdps_order_info.html?code=312021120300097 HTTP/1.1" 200 23931
116.238.248.233 - - [03/Dec/2021:07:32:37 +0800] "GET /xingrg/all/function/internal_message.html?_=1638487956034&CODE_STATE=getMsg HTTP/1.1" 200 27
120.253.135.82 - - [03/Dec/2021:07:32:38 +0800] "POST /xingrg/kc/pszx/mdps_order_operate.html HTTP/1.1" 200 2761
120.253.135.82 - - [03/Dec/2021:07:32:38 +0800] "GET /xingrg/javascript/easyui/themes/default/validatebox.css HTTP/1.1" 404 1104
120.253.135.82 - - [03/Dec/2021:07:32:39 +0800] "POST /xingrg/kc/pszx/mdps_list_operate.html HTTP/1.1" 200 3550
120.253.135.82 - - [03/Dec/2021:07:32:42 +0800] "POST /xingrg/kc/pszx/mdps_list_operate.html HTTP/1.1" 200 670
120.253.135.82 - - [03/Dec/2021:07:32:44 +0800] "GET /xingrg/kc/pszx/mdps_order_info.html?code=312021120300096 HTTP/1.1" 200 23931
120.253.135.82 - - [03/Dec/2021:07:32:45 +0800] "GET /xingrg/javascript/easyui/themes/default/validatebox.css HTTP/1.1" 404 1104
120.253.135.82 - - [03/Dec/2021:07:32:45 +0800] "POST /xingrg/kc/pszx/mdps_order_operate.html HTTP/1.1" 200 10079
222.70.171.86 - - [03/Dec/2021:07:32:47 +0800] "GET /xingrg/check_reg.html?_=1638487984203 HTTP/1.1" 200 22
222.70.171.86 - - [03/Dec/2021:07:32:49 +0800] "GET /xingrg/all/function/internal_message.html?_=1638487985582&CODE_STATE=getMsg HTTP/1.1" 200 27
120.253.135.82 - - [03/Dec/2021:07:32:49 +0800] "POST /xingrg/kc/pszx/mdps_list_operate.html HTTP/1.1" 200 3550
222.70.176.97 - - [03/Dec/2021:07:32:51 +0800] "GET /xingrg/all/function/internal_message.html?_=1638487968175&CODE_STATE=getMsg HTTP/1.1" 200 27
120.253.135.82 - - [03/Dec/2021:07:32:51 +0800] "POST /xingrg/kc/pszx/mdps_list_operate.html HTTP/1.1" 200 541
120.253.135.82 - - [03/Dec/2021:07:32:52 +0800] "GET /xingrg/kc/pszx/mdps_order_info.html?code=312021120300095 HTTP/1.1" 200 23931
120.253.135.82 - - [03/Dec/2021:07:32:53 +0800] "POST /xingrg/kc/pszx/mdps_order_operate.html HTTP/1.1" 200 4321
120.253.135.82 - - [03/Dec/2021:07:32:53 +0800] "GET /xingrg/javascript/easyui/themes/default/validatebox.css HTTP/1.1" 404 1104
120.253.135.82 - - [03/Dec/2021:07:32:55 +0800] "POST /xingrg/kc/pszx/mdps_list_operate.html HTTP/1.1" 200 3550
120.253.135.82 - - [03/Dec/2021:07:32:56 +0800] "POST /xingrg/kc/pszx/mdps_list_operate.html HTTP/1.1" 200 670
120.253.135.82 - - [03/Dec/2021:07:32:57 +0800] "GET /xingrg/kc/pszx/mdps_order_info.html?code=312021120300096 HTTP/1.1" 200 23931
120.253.135.82 - - [03/Dec/2021:07:32:58 +0800] "POST /xingrg/kc/pszx/mdps_order_operate.html HTTP/1.1" 200 10079
120.253.135.82 - - [03/Dec/2021:07:32:58 +0800] "GET /xingrg/javascript/easyui/themes/default/validatebox.css HTTP/1.1" 404 1104
120.253.135.82 - - [03/Dec/2021:07:33:12 +0800] "GET /xingrg/all/function/internal_message.html?_=1638487767909&CODE_STATE=getMsg HTTP/1.1" 200 27
222.70.171.86 - - [03/Dec/2021:07:33:18 +0800] "GET /xingrg/all/function/internal_message.html?_=1638488013123&CODE_STATE=getMsg HTTP/1.1" 302 -
114.85.125.222 - - [03/Dec/2021:07:33:30 +0800] "GET /xingrg/all/function/internal_message.html?_=1638487974916&CODE_STATE=getMsg HTTP/1.1" 200 27
116.238.248.233 - - [03/Dec/2021:07:33:37 +0800] "GET /xingrg/all/function/internal_message.html?_=1638488016036&CODE_STATE=getMsg HTTP/1.1" 200 27
116.238.248.233 - - [03/Dec/2021:07:33:37 +0800] "GET /xingrg/check_reg.html?_=1638488016038 HTTP/1.1" 200 22
222.70.171.86 - - [03/Dec/2021:07:33:49 +0800] "GET /xingrg/all/function/internal_message.html?_=1638488045595&CODE_STATE=getMsg HTTP/1.1" 200 27
222.70.176.97 - - [03/Dec/2021:07:33:51 +0800] "GET /xingrg/all/function/internal_message.html?_=1638488028159&CODE_STATE=getMsg HTTP/1.1" 200 27
180.169.147.146 - - [03/Dec/2021:07:33:57 +0800] "GET /xingrg/check_reg.html?_=1638488036421 HTTP/1.1" 200 22
222.70.171.86 - - [03/Dec/2021:07:34:02 +0800] "GET /xingrg/check_reg.html?_=1638488056668 HTTP/1.1" 302 -
120.253.135.82 - - [03/Dec/2021:07:34:12 +0800] "GET /xingrg/all/function/internal_message.html?_=1638487827922&CODE_STATE=getMsg HTTP/1.1" 200 27
222.70.171.86 - - [03/Dec/2021:07:34:18 +0800] "GET /xingrg/all/function/internal_message.html?_=1638488073126&CODE_STATE=getMsg HTTP/1.1" 302 -
120.253.135.82 - - [03/Dec/2021:07:34:19 +0800] "POST /xingrg/kc/pszx/mdps_list_operate.html HTTP/1.1" 200 3550
120.253.135.82 - - [03/Dec/2021:07:34:21 +0800] "POST /xingrg/kc/pszx/mdps_list_operate.html HTTP/1.1" 200 541
120.253.135.82 - - [03/Dec/2021:07:34:24 +0800] "POST /xingrg/kc/pszx/mdps_list_operate.html HTTP/1.1" 200 639
120.253.135.82 - - [03/Dec/2021:07:34:25 +0800] "GET /xingrg/kc/pszx/mdps_order_info.html?code=312021120300094 HTTP/1.1" 200 23931
120.253.135.82 - - [03/Dec/2021:07:34:26 +0800] "GET /xingrg/javascript/easyui/themes/default/validatebox.css HTTP/1.1" 404 1104
120.253.135.82 - - [03/Dec/2021:07:34:26 +0800] "POST /xingrg/kc/pszx/mdps_order_operate.html HTTP/1.1" 200 9826
114.85.125.222 - - [03/Dec/2021:07:34:30 +0800] "GET /xingrg/all/function/internal_message.html?_=1638488034938&CODE_STATE=getMsg HTTP/1.1" 200 27
116.238.248.233 - - [03/Dec/2021:07:34:37 +0800] "GET /xingrg/all/function/internal_message.html?_=1638488076037&CODE_STATE=getMsg HTTP/1.1" 200 27
222.70.171.86 - - [03/Dec/2021:07:34:49 +0800] "GET /xingrg/all/function/internal_message.html?_=1638488105608&CODE_STATE=getMsg HTTP/1.1" 200 27
222.70.176.97 - - [03/Dec/2021:07:34:51 +0800] "GET /xingrg/all/function/internal_message.html?_=1638488088130&CODE_STATE=getMsg HTTP/1.1" 200 27
120.253.135.82 - - [03/Dec/2021:07:34:52 +0800] "POST /xingrg/kc/pszx/mdps_list_operate.html HTTP/1.1" 200 3550
222.70.176.97 - - [03/Dec/2021:07:35:04 +0800] "GET /xingrg/check_reg.html?_=1638488101408 HTTP/1.1" 200 22
120.253.135.82 - - [03/Dec/2021:07:35:12 +0800] "GET /xingrg/all/function/internal_message.html?_=1638487887936&CODE_STATE=getMsg HTTP/1.1" 200 27
120.253.135.82 - - [03/Dec/2021:07:35:12 +0800] "GET /xingrg/kc/report/report_main.html HTTP/1.1" 200 8599
120.253.135.82 - - [03/Dec/2021:07:35:12 +0800] "POST /xingrg/kc/pszx/mdps_list_operate.html HTTP/1.1" 200 3550
120.253.135.82 - - [03/Dec/2021:07:35:13 +0800] "GET /xingrg/kc/base/kc_stocks.html HTTP/1.1" 200 16437
120.253.135.82 - - [03/Dec/2021:07:35:13 +0800] "GET /xingrg/javascript/easyui/themes/sunny/easyui.css HTTP/1.1" 200 34304
120.253.135.82 - - [03/Dec/2021:07:35:13 +0800] "GET /xingrg/javascript/easyui/themes/icons/print_new.png HTTP/1.1" 200 3580
120.253.135.82 - - [03/Dec/2021:07:35:13 +0800] "GET /xingrg/javascript/easyui/themes/icons/filter_new.png HTTP/1.1" 200 795
120.253.135.82 - - [03/Dec/2021:07:35:13 +0800] "GET /xingrg/javascript/easyui/themes/icons/refresh_new.png HTTP/1.1" 200 685
120.253.135.82 - - [03/Dec/2021:07:35:13 +0800] "GET /xingrg/javascript/easyui/plugins/jquery.draggable.js HTTP/1.1" 200 6121
120.253.135.82 - - [03/Dec/2021:07:35:13 +0800] "GET /xingrg/javascript/easyui/plugins/jquery.droppable.js HTTP/1.1" 200 1167
120.253.135.82 - - [03/Dec/2021:07:35:13 +0800] "GET /xingrg/javascript/easyui/themes/default/tree.css HTTP/1.1" 404 1090
120.253.135.82 - - [03/Dec/2021:07:35:13 +0800] "GET /xingrg/javascript/easyui/plugins/jquery.tree.js HTTP/1.1" 200 20874
120.253.135.82 - - [03/Dec/2021:07:35:13 +0800] "POST /xingrg/all/common/load_tree.html?tree=materiel_sort_tree_json HTTP/1.1" 200 9388
120.253.135.82 - - [03/Dec/2021:07:35:14 +0800] "GET /xingrg/javascript/easyui/themes/sunny/images/tree_arrows.gif HTTP/1.1" 200 617
120.253.135.82 - - [03/Dec/2021:07:35:14 +0800] "GET /xingrg/javascript/easyui/themes/sunny/images/tree_folder_open.gif HTTP/1.1" 200 956
120.253.135.82 - - [03/Dec/2021:07:35:14 +0800] "GET /xingrg/javascript/easyui/themes/sunny/images/tree_folder.gif HTTP/1.1" 200 952
120.253.135.82 - - [03/Dec/2021:07:35:14 +0800] "GET /xingrg/javascript/easyui/themes/sunny/images/tree_file.gif HTTP/1.1" 200 118
120.253.135.82 - - [03/Dec/2021:07:35:15 +0800] "POST /xingrg/all/common/load_combo.html?type=base HTTP/1.1" 200 1075
222.70.171.86 - - [03/Dec/2021:07:35:18 +0800] "GET /xingrg/all/function/internal_message.html?_=1638488133151&CODE_STATE=getMsg HTTP/1.1" 302 -
120.253.135.82 - - [03/Dec/2021:07:35:24 +0800] "POST /xingrg/kc/base/stock_operate.html HTTP/1.1" 200 1739
120.253.135.82 - - [03/Dec/2021:07:35:24 +0800] "GET /xingrg/javascript/jquery_tools/fix_table.js HTTP/1.1" 200 6528
114.85.125.222 - - [03/Dec/2021:07:35:30 +0800] "GET /xingrg/all/function/internal_message.html?_=1638488094944&CODE_STATE=getMsg HTTP/1.1" 200 27
120.253.135.82 - - [03/Dec/2021:07:35:33 +0800] "POST /xingrg/kc/base/stock_operate.html HTTP/1.1" 200 1471
116.238.248.233 - - [03/Dec/2021:07:35:37 +0800] "GET /xingrg/all/function/internal_message.html?_=1638488136040&CODE_STATE=getMsg HTTP/1.1" 200 27
120.253.135.82 - - [03/Dec/2021:07:35:40 +0800] "POST /xingrg/kc/base/stock_operate.html HTTP/1.1" 200 1467
222.70.171.86 - - [03/Dec/2021:07:35:49 +0800] "GET /xingrg/all/function/internal_message.html?_=1638488165912&CODE_STATE=getMsg HTTP/1.1" 200 27
222.70.176.97 - - [03/Dec/2021:07:35:51 +0800] "GET /xingrg/all/function/internal_message.html?_=1638488148100&CODE_STATE=getMsg HTTP/1.1" 200 27
120.253.135.82 - - [03/Dec/2021:07:36:12 +0800] "GET /xingrg/all/function/internal_message.html?_=1638487947950&CODE_STATE=getMsg HTTP/1.1" 200 27
222.70.171.86 - - [03/Dec/2021:07:36:18 +0800] "GET /xingrg/all/function/internal_message.html?_=1638488193153&CODE_STATE=getMsg HTTP/1.1" 302 -
120.253.135.82 - - [03/Dec/2021:07:36:28 +0800] "POST /xingrg/kc/base/stock_operate.html HTTP/1.1" 200 1731
114.85.125.222 - - [03/Dec/2021:07:36:30 +0800] "GET /xingrg/all/function/internal_message.html?_=1638488154966&CODE_STATE=getMsg HTTP/1.1" 200 27
120.253.135.82 - - [03/Dec/2021:07:36:36 +0800] "POST /xingrg/kc/base/stock_operate.html HTTP/1.1" 200 1756
116.238.248.233 - - [03/Dec/2021:07:36:37 +0800] "GET /xingrg/all/function/internal_message.html?_=1638488196040&CODE_STATE=getMsg HTTP/1.1" 200 27
120.253.135.82 - - [03/Dec/2021:07:36:47 +0800] "POST /xingrg/kc/base/stock_operate.html HTTP/1.1" 200 1742
222.70.171.86 - - [03/Dec/2021:07:36:49 +0800] "GET /xingrg/all/function/internal_message.html?_=1638488225916&CODE_STATE=getMsg HTTP/1.1" 200 27
222.70.176.97 - - [03/Dec/2021:07:36:51 +0800] "GET /xingrg/all/function/internal_message.html?_=1638488208085&CODE_STATE=getMsg HTTP/1.1" 200 27
120.253.135.82 - - [03/Dec/2021:07:37:01 +0800] "POST /xingrg/kc/base/stock_operate.html HTTP/1.1" 200 1464
120.253.135.82 - - [03/Dec/2021:07:37:05 +0800] "GET /xingrg/check_reg.html?_=1638488001119 HTTP/1.1" 200 22
120.253.135.82 - - [03/Dec/2021:07:37:12 +0800] "GET /xingrg/all/function/internal_message.html?_=1638488007962&CODE_STATE=getMsg HTTP/1.1" 200 27
114.85.125.222 - - [03/Dec/2021:07:37:14 +0800] "GET /xingrg/check_reg.html?_=1638488198622 HTTP/1.1" 200 22
222.70.171.86 - - [03/Dec/2021:07:37:19 +0800] "GET /xingrg/all/function/internal_message.html?_=1638488253179&CODE_STATE=getMsg HTTP/1.1" 302 -
114.85.125.222 - - [03/Dec/2021:07:37:30 +0800] "GET /xingrg/all/function/internal_message.html?_=1638488214971&CODE_STATE=getMsg HTTP/1.1" 200 27
116.238.248.233 - - [03/Dec/2021:07:37:37 +0800] "GET /xingrg/all/function/internal_message.html?_=1638488256058&CODE_STATE=getMsg HTTP/1.1" 200 27
222.70.171.86 - - [03/Dec/2021:07:37:47 +0800] "GET /xingrg/check_reg.html?_=1638488284464 HTTP/1.1" 200 22
222.70.171.86 - - [03/Dec/2021:07:37:49 +0800] "GET /xingrg/all/function/internal_message.html?_=1638488285930&CODE_STATE=getMsg HTTP/1.1" 200 27
222.70.176.97 - - [03/Dec/2021:07:37:51 +0800] "GET /xingrg/all/function/internal_message.html?_=1638488268070&CODE_STATE=getMsg HTTP/1.1" 200 27
120.253.135.82 - - [03/Dec/2021:07:37:52 +0800] "POST /xingrg/kc/base/stock_operate.html HTTP/1.1" 200 1729
120.253.135.82 - - [03/Dec/2021:07:38:12 +0800] "GET /xingrg/all/function/internal_message.html?_=1638488067977&CODE_STATE=getMsg HTTP/1.1" 200 27
222.70.171.86 - - [03/Dec/2021:07:38:18 +0800] "GET /xingrg/all/function/internal_message.html?_=1638488313180&CODE_STATE=getMsg HTTP/1.1" 302 -
120.253.135.82 - - [03/Dec/2021:07:38:20 +0800] "POST /xingrg/kc/base/stock_operate.html HTTP/1.1" 200 1718
114.85.125.222 - - [03/Dec/2021:07:38:30 +0800] "GET /xingrg/all/function/internal_message.html?_=1638488274986&CODE_STATE=getMsg HTTP/1.1" 200 27
116.238.248.233 - - [03/Dec/2021:07:38:37 +0800] "GET /xingrg/all/function/internal_message.html?_=1638488316063&CODE_STATE=getMsg HTTP/1.1" 200 27
116.238.248.233 - - [03/Dec/2021:07:38:37 +0800] "GET /xingrg/check_reg.html?_=1638488316061 HTTP/1.1" 200 22
120.253.135.82 - - [03/Dec/2021:07:38:39 +0800] "POST /xingrg/kc/base/stock_operate.html HTTP/1.1" 200 1467
222.70.171.86 - - [03/Dec/2021:07:38:49 +0800] "GET /xingrg/all/function/internal_message.html?_=1638488345943&CODE_STATE=getMsg HTTP/1.1" 200 27
222.70.176.97 - - [03/Dec/2021:07:38:51 +0800] "GET /xingrg/all/function/internal_message.html?_=1638488328054&CODE_STATE=getMsg HTTP/1.1" 200 27
180.169.147.146 - - [03/Dec/2021:07:38:57 +0800] "GET /xingrg/check_reg.html?_=1638488336397 HTTP/1.1" 200 22
222.70.171.86 - - [03/Dec/2021:07:39:02 +0800] "GET /xingrg/check_reg.html?_=1638488356684 HTTP/1.1" 302 -
120.253.135.82 - - [03/Dec/2021:07:39:04 +0800] "POST /xingrg/kc/base/stock_operate.html HTTP/1.1" 200 1486
120.253.135.82 - - [03/Dec/2021:07:39:12 +0800] "GET /xingrg/all/function/internal_message.html?_=1638488127990&CODE_STATE=getMsg HTTP/1.1" 200 27
222.70.171.86 - - [03/Dec/2021:07:39:19 +0800] "GET /xingrg/all/function/internal_message.html?_=1638488373204&CODE_STATE=getMsg HTTP/1.1" 302 -
114.85.125.222 - - [03/Dec/2021:07:39:30 +0800] "GET /xingrg/all/function/internal_message.html?_=1638488335007&CODE_STATE=getMsg HTTP/1.1" 200 27
116.238.248.233 - - [03/Dec/2021:07:39:37 +0800] "GET /xingrg/all/function/internal_message.html?_=1638488376071&CODE_STATE=getMsg HTTP/1.1" 200 27
222.70.171.86 - - [03/Dec/2021:07:39:49 +0800] "GET /xingrg/all/function/internal_message.html?_=1638488405957&CODE_STATE=getMsg HTTP/1.1" 200 27
222.70.176.97 - - [03/Dec/2021:07:39:51 +0800] "GET /xingrg/all/function/internal_message.html?_=1638488388039&CODE_STATE=getMsg HTTP/1.1" 200 27
120.253.135.82 - - [03/Dec/2021:07:39:57 +0800] "POST /xingrg/kc/base/stock_operate.html HTTP/1.1" 200 1724
222.70.176.97 - - [03/Dec/2021:07:40:04 +0800] "GET /xingrg/check_reg.html?_=1638488401411 HTTP/1.1" 200 22
120.253.135.82 - - [03/Dec/2021:07:40:12 +0800] "GET /xingrg/all/function/internal_message.html?_=1638488188004&CODE_STATE=getMsg HTTP/1.1" 200 27
222.70.171.86 - - [03/Dec/2021:07:40:19 +0800] "GET /xingrg/all/function/internal_message.html?_=1638488433208&CODE_STATE=getMsg HTTP/1.1" 302 -
114.85.125.222 - - [03/Dec/2021:07:40:30 +0800] "GET /xingrg/all/function/internal_message.html?_=1638488395012&CODE_STATE=getMsg HTTP/1.1" 200 27
116.238.248.233 - - [03/Dec/2021:07:40:37 +0800] "GET /xingrg/all/function/internal_message.html?_=1638488436073&CODE_STATE=getMsg HTTP/1.1" 200 27
120.253.135.82 - - [03/Dec/2021:07:40:44 +0800] "POST /xingrg/kc/base/stock_operate.html HTTP/1.1" 200 1482
222.70.171.86 - - [03/Dec/2021:07:40:49 +0800] "GET /xingrg/all/function/internal_message.html?_=1638488466237&CODE_STATE=getMsg HTTP/1.1" 200 27
222.70.176.97 - - [03/Dec/2021:07:40:51 +0800] "GET /xingrg/all/function/internal_message.html?_=1638488448010&CODE_STATE=getMsg HTTP/1.1" 200 27
120.253.135.82 - - [03/Dec/2021:07:41:12 +0800] "POST /xingrg/kc/base/stock_operate.html HTTP/1.1" 200 1488
120.253.135.82 - - [03/Dec/2021:07:41:12 +0800] "GET /xingrg/all/function/internal_message.html?_=1638488248017&CODE_STATE=getMsg HTTP/1.1" 200 27
222.70.171.86 - - [03/Dec/2021:07:41:19 +0800] "GET /xingrg/all/function/internal_message.html?_=1638488493233&CODE_STATE=getMsg HTTP/1.1" 302 -
114.85.125.222 - - [03/Dec/2021:07:41:30 +0800] "GET /xingrg/all/function/internal_message.html?_=1638488455034&CODE_STATE=getMsg HTTP/1.1" 200 27
116.238.248.233 - - [03/Dec/2021:07:41:37 +0800] "GET /xingrg/all/function/internal_message.html?_=1638488496082&CODE_STATE=getMsg HTTP/1.1" 200 27
222.70.171.86 - - [03/Dec/2021:07:41:49 +0800] "GET /xingrg/all/function/internal_message.html?_=1638488526249&CODE_STATE=getMsg HTTP/1.1" 200 27
222.70.176.97 - - [03/Dec/2021:07:41:51 +0800] "GET /xingrg/all/function/internal_message.html?_=1638488507995&CODE_STATE=getMsg HTTP/1.1" 200 27
120.253.135.82 - - [03/Dec/2021:07:42:05 +0800] "GET /xingrg/check_reg.html?_=1638488301120 HTTP/1.1" 200 22
120.253.135.82 - - [03/Dec/2021:07:42:12 +0800] "GET /xingrg/all/function/internal_message.html?_=1638488308031&CODE_STATE=getMsg HTTP/1.1" 200 27
114.85.125.222 - - [03/Dec/2021:07:42:14 +0800] "GET /xingrg/check_reg.html?_=1638488498627 HTTP/1.1" 200 22
222.70.171.86 - - [03/Dec/2021:07:42:19 +0800] "GET /xingrg/all/function/internal_message.html?_=1638488553235&CODE_STATE=getMsg HTTP/1.1" 302 -
114.85.125.222 - - [03/Dec/2021:07:42:30 +0800] "GET /xingrg/all/function/internal_message.html?_=1638488515039&CODE_STATE=getMsg HTTP/1.1" 200 27
116.238.248.233 - - [03/Dec/2021:07:42:37 +0800] "GET /xingrg/all/function/internal_message.html?_=1638488556089&CODE_STATE=getMsg HTTP/1.1" 200 27
222.70.171.86 - - [03/Dec/2021:07:42:48 +0800] "GET /xingrg/check_reg.html?_=1638488584734 HTTP/1.1" 200 22
222.70.171.86 - - [03/Dec/2021:07:42:49 +0800] "GET /xingrg/all/function/internal_message.html?_=1638488586263&CODE_STATE=getMsg HTTP/1.1" 200 27
222.70.176.97 - - [03/Dec/2021:07:42:51 +0800] "GET /xingrg/all/function/internal_message.html?_=1638488567980&CODE_STATE=getMsg HTTP/1.1" 200 27
120.253.135.82 - - [03/Dec/2021:07:43:12 +0800] "GET /xingrg/all/function/internal_message.html?_=1638488368045&CODE_STATE=getMsg HTTP/1.1" 200 27
222.70.171.86 - - [03/Dec/2021:07:43:19 +0800] "GET /xingrg/all/function/internal_message.html?_=1638488613260&CODE_STATE=getMsg HTTP/1.1" 302 -
114.85.125.222 - - [03/Dec/2021:07:43:30 +0800] "GET /xingrg/all/function/internal_message.html?_=1638488575052&CODE_STATE=getMsg HTTP/1.1" 200 27
116.238.248.233 - - [03/Dec/2021:07:43:37 +0800] "GET /xingrg/check_reg.html?_=1638488616088 HTTP/1.1" 200 22
116.238.248.233 - - [03/Dec/2021:07:43:37 +0800] "GET /xingrg/all/function/internal_message.html?_=1638488616089&CODE_STATE=getMsg HTTP/1.1" 200 27
222.70.171.86 - - [03/Dec/2021:07:43:49 +0800] "GET /xingrg/all/function/internal_message.html?_=1638488646276&CODE_STATE=getMsg HTTP/1.1" 200 27
222.70.176.97 - - [03/Dec/2021:07:43:51 +0800] "GET /xingrg/all/function/internal_message.html?_=1638488627965&CODE_STATE=getMsg HTTP/1.1" 200 27
180.169.147.146 - - [03/Dec/2021:07:43:57 +0800] "GET /xingrg/check_reg.html?_=1638488636403 HTTP/1.1" 200 22
222.70.171.86 - - [03/Dec/2021:07:44:02 +0800] "GET /xingrg/check_reg.html?_=1638488656683 HTTP/1.1" 302 -
120.253.135.82 - - [03/Dec/2021:07:44:12 +0800] "GET /xingrg/all/function/internal_message.html?_=1638488428277&CODE_STATE=getMsg HTTP/1.1" 200 27
222.70.171.86 - - [03/Dec/2021:07:44:19 +0800] "GET /xingrg/all/function/internal_message.html?_=1638488673262&CODE_STATE=getMsg HTTP/1.1" 302 -
114.85.125.222 - - [03/Dec/2021:07:44:30 +0800] "GET /xingrg/all/function/internal_message.html?_=1638488635075&CODE_STATE=getMsg HTTP/1.1" 200 27
120.253.135.82 - - [03/Dec/2021:07:44:31 +0800] "POST /xingrg/kc/base/stock_operate.html HTTP/1.1" 200 1483
116.238.248.233 - - [03/Dec/2021:07:44:37 +0800] "GET /xingrg/all/function/internal_message.html?_=1638488676088&CODE_STATE=getMsg HTTP/1.1" 200 27
58.39.139.200 - - [03/Dec/2021:07:44:42 +0800] "POST /xingrg/services/DataTransmitService HTTP/1.1" 200 524
222.70.171.86 - - [03/Dec/2021:07:44:49 +0800] "GET /xingrg/all/function/internal_message.html?_=1638488706291&CODE_STATE=getMsg HTTP/1.1" 200 27
222.70.176.97 - - [03/Dec/2021:07:44:51 +0800] "GET /xingrg/all/function/internal_message.html?_=1638488687949&CODE_STATE=getMsg HTTP/1.1" 200 27
58.39.139.200 - - [03/Dec/2021:07:45:01 +0800] "POST /xingrg/services/DataTransmitService HTTP/1.1" 200 501
58.39.139.200 - - [03/Dec/2021:07:45:01 +0800] "POST /xingrg/services/DataTransmitService HTTP/1.1" 200 501
58.39.139.200 - - [03/Dec/2021:07:45:02 +0800] "POST /xingrg/services/DataTransmitService HTTP/1.1" 200 501
58.39.139.200 - - [03/Dec/2021:07:45:03 +0800] "POST /xingrg/services/DataTransmitService HTTP/1.1" 200 501
120.253.135.82 - - [03/Dec/2021:07:45:04 +0800] "POST /xingrg/kc/base/stock_operate.html HTTP/1.1" 200 1478
58.39.139.200 - - [03/Dec/2021:07:45:04 +0800] "POST /xingrg/services/DataTransmitService HTTP/1.1" 200 501
222.70.176.97 - - [03/Dec/2021:07:45:04 +0800] "GET /xingrg/check_reg.html?_=1638488701412 HTTP/1.1" 200 22
58.39.139.200 - - [03/Dec/2021:07:45:05 +0800] "POST /xingrg/services/DataTransmitService HTTP/1.1" 200 501
58.39.139.200 - - [03/Dec/2021:07:45:06 +0800] "POST /xingrg/services/DataTransmitService HTTP/1.1" 200 501
58.39.139.200 - - [03/Dec/2021:07:45:06 +0800] "POST /xingrg/services/DataTransmitService HTTP/1.1" 200 501
58.39.139.200 - - [03/Dec/2021:07:45:08 +0800] "POST /xingrg/services/DataTransmitService HTTP/1.1" 200 412
120.253.135.82 - - [03/Dec/2021:07:45:12 +0800] "GET /xingrg/all/function/internal_message.html?_=1638488488290&CODE_STATE=getMsg HTTP/1.1" 200 27
222.70.171.86 - - [03/Dec/2021:07:45:19 +0800] "GET /xingrg/all/function/internal_message.html?_=1638488733286&CODE_STATE=getMsg HTTP/1.1" 302 -
114.85.125.222 - - [03/Dec/2021:07:45:30 +0800] "GET /xingrg/all/function/internal_message.html?_=1638488695080&CODE_STATE=getMsg HTTP/1.1" 200 27
116.238.248.233 - - [03/Dec/2021:07:45:37 +0800] "GET /xingrg/all/function/internal_message.html?_=1638488736087&CODE_STATE=getMsg HTTP/1.1" 200 27
222.70.171.86 - - [03/Dec/2021:07:45:50 +0800] "GET /xingrg/all/function/internal_message.html?_=1638488766568&CODE_STATE=getMsg HTTP/1.1" 200 27
222.70.176.97 - - [03/Dec/2021:07:45:51 +0800] "GET /xingrg/all/function/internal_message.html?_=1638488747932&CODE_STATE=getMsg HTTP/1.1" 200 27
120.253.135.82 - - [03/Dec/2021:07:46:12 +0800] "GET /xingrg/all/function/internal_message.html?_=1638488548517&CODE_STATE=getMsg HTTP/1.1" 200 27
120.253.135.82 - - [03/Dec/2021:07:46:16 +0800] "POST /xingrg/kc/base/stock_operate.html HTTP/1.1" 200 1731
222.70.171.86 - - [03/Dec/2021:07:46:19 +0800] "GET /xingrg/all/function/internal_message.html?_=1638488793289&CODE_STATE=getMsg HTTP/1.1" 302 -
114.85.125.222 - - [03/Dec/2021:07:46:30 +0800] "GET /xingrg/all/function/internal_message.html?_=1638488755102&CODE_STATE=getMsg HTTP/1.1" 200 27
116.238.248.233 - - [03/Dec/2021:07:46:37 +0800] "GET /xingrg/all/function/internal_message.html?_=1638488796107&CODE_STATE=getMsg HTTP/1.1" 200 27
222.70.171.86 - - [03/Dec/2021:07:46:50 +0800] "GET /xingrg/all/function/internal_message.html?_=1638488826583&CODE_STATE=getMsg HTTP/1.1" 200 27
222.70.176.97 - - [03/Dec/2021:07:46:51 +0800] "GET /xingrg/all/function/internal_message.html?_=1638488807917&CODE_STATE=getMsg HTTP/1.1" 200 27
120.253.135.82 - - [03/Dec/2021:07:47:05 +0800] "GET /xingrg/check_reg.html?_=1638488601129 HTTP/1.1" 200 22
120.253.135.82 - - [03/Dec/2021:07:47:12 +0800] "GET /xingrg/all/function/internal_message.html?_=1638488608520&CODE_STATE=getMsg HTTP/1.1" 200 27
114.85.125.222 - - [03/Dec/2021:07:47:14 +0800] "GET /xingrg/check_reg.html?_=1638488798635 HTTP/1.1" 200 22
222.70.171.86 - - [03/Dec/2021:07:47:19 +0800] "GET /xingrg/all/function/internal_message.html?_=1638488853314&CODE_STATE=getMsg HTTP/1.1" 302 -
114.85.125.222 - - [03/Dec/2021:07:47:30 +0800] "GET /xingrg/all/function/internal_message.html?_=1638488815107&CODE_STATE=getMsg HTTP/1.1" 200 27
116.238.248.233 - - [03/Dec/2021:07:47:37 +0800] "GET /xingrg/all/function/internal_message.html?_=1638488856106&CODE_STATE=getMsg HTTP/1.1" 200 27
222.70.171.86 - - [03/Dec/2021:07:47:48 +0800] "GET /xingrg/check_reg.html?_=1638488885055 HTTP/1.1" 200 22
222.70.171.86 - - [03/Dec/2021:07:47:50 +0800] "GET /xingrg/all/function/internal_message.html?_=1638488886596&CODE_STATE=getMsg HTTP/1.1" 200 27
222.70.176.97 - - [03/Dec/2021:07:47:51 +0800] "GET /xingrg/all/function/internal_message.html?_=1638488867902&CODE_STATE=getMsg HTTP/1.1" 200 27
120.253.135.82 - - [03/Dec/2021:07:48:12 +0800] "GET /xingrg/all/function/internal_message.html?_=1638488668533&CODE_STATE=getMsg HTTP/1.1" 200 27
222.70.171.86 - - [03/Dec/2021:07:48:19 +0800] "GET /xingrg/all/function/internal_message.html?_=1638488913316&CODE_STATE=getMsg HTTP/1.1" 302 -
114.85.125.222 - - [03/Dec/2021:07:48:30 +0800] "GET /xingrg/all/function/internal_message.html?_=1638488875120&CODE_STATE=getMsg HTTP/1.1" 200 27
116.238.248.233 - - [03/Dec/2021:07:48:37 +0800] "GET /xingrg/all/function/internal_message.html?_=1638488916115&CODE_STATE=getMsg HTTP/1.1" 200 27
116.238.248.233 - - [03/Dec/2021:07:48:37 +0800] "GET /xingrg/check_reg.html?_=1638488916118 HTTP/1.1" 200 22
222.70.171.86 - - [03/Dec/2021:07:48:50 +0800] "GET /xingrg/all/function/internal_message.html?_=1638488946610&CODE_STATE=getMsg HTTP/1.1" 200 27
222.70.176.97 - - [03/Dec/2021:07:48:51 +0800] "GET /xingrg/all/function/internal_message.html?_=1638488927887&CODE_STATE=getMsg HTTP/1.1" 200 27
180.169.147.146 - - [03/Dec/2021:07:48:57 +0800] "GET /xingrg/check_reg.html?_=1638488936377 HTTP/1.1" 200 22
222.70.171.86 - - [03/Dec/2021:07:49:02 +0800] "GET /xingrg/check_reg.html?_=1638488956695 HTTP/1.1" 302 -
120.253.135.82 - - [03/Dec/2021:07:49:12 +0800] "GET /xingrg/all/function/internal_message.html?_=1638488728790&CODE_STATE=getMsg HTTP/1.1" 200 27
222.70.171.86 - - [03/Dec/2021:07:49:19 +0800] "GET /xingrg/all/function/internal_message.html?_=1638488973342&CODE_STATE=getMsg HTTP/1.1" 302 -
114.85.125.222 - - [03/Dec/2021:07:49:30 +0800] "GET /xingrg/all/function/internal_message.html?_=1638488935141&CODE_STATE=getMsg HTTP/1.1" 200 27
116.238.248.233 - - [03/Dec/2021:07:49:37 +0800] "GET /xingrg/all/function/internal_message.html?_=1638488976117&CODE_STATE=getMsg HTTP/1.1" 200 27
222.70.171.86 - - [03/Dec/2021:07:49:50 +0800] "GET /xingrg/all/function/internal_message.html?_=1638489006624&CODE_STATE=getMsg HTTP/1.1" 200 27
222.70.176.97 - - [03/Dec/2021:07:49:51 +0800] "GET /xingrg/all/function/internal_message.html?_=1638488987872&CODE_STATE=getMsg HTTP/1.1" 200 27
120.253.135.82 - - [03/Dec/2021:07:50:00 +0800] "GET /xingrg/javascript/easyui/themes/sunny/images/ui-bg_gloss-wave_60_fece2f_500x100.png HTTP/1.1" 200 3512
222.70.176.97 - - [03/Dec/2021:07:50:04 +0800] "GET /xingrg/check_reg.html?_=1638489001415 HTTP/1.1" 200 22
120.253.135.82 - - [03/Dec/2021:07:50:09 +0800] "POST /xingrg/kc/base/stock_operate.html HTTP/1.1" 200 1468
120.253.135.82 - - [03/Dec/2021:07:50:12 +0800] "GET /xingrg/all/function/internal_message.html?_=1638488788795&CODE_STATE=getMsg HTTP/1.1" 200 27
222.70.171.86 - - [03/Dec/2021:07:50:19 +0800] "GET /xingrg/all/function/internal_message.html?_=1638489033343&CODE_STATE=getMsg HTTP/1.1" 302 -
120.253.135.82 - - [03/Dec/2021:07:50:21 +0800] "POST /xingrg/kc/base/stock_operate.html HTTP/1.1" 200 1742
114.85.125.222 - - [03/Dec/2021:07:50:30 +0800] "GET /xingrg/all/function/internal_message.html?_=1638488995147&CODE_STATE=getMsg HTTP/1.1" 200 27
116.238.248.233 - - [03/Dec/2021:07:50:37 +0800] "GET /xingrg/all/function/internal_message.html?_=1638489036125&CODE_STATE=getMsg HTTP/1.1" 200 27
222.70.171.86 - - [03/Dec/2021:07:50:50 +0800] "GET /xingrg/all/function/internal_message.html?_=1638489066900&CODE_STATE=getMsg HTTP/1.1" 200 27
222.70.176.97 - - [03/Dec/2021:07:50:51 +0800] "GET /xingrg/all/function/internal_message.html?_=1638489047858&CODE_STATE=getMsg HTTP/1.1" 200 27
120.253.135.82 - - [03/Dec/2021:07:51:12 +0800] "GET /xingrg/all/function/internal_message.html?_=1638488848809&CODE_STATE=getMsg HTTP/1.1" 200 27
222.70.171.86 - - [03/Dec/2021:07:51:19 +0800] "GET /xingrg/all/function/internal_message.html?_=1638489093369&CODE_STATE=getMsg HTTP/1.1" 302 -
114.85.125.222 - - [03/Dec/2021:07:51:30 +0800] "GET /xingrg/all/function/internal_message.html?_=1638489055171&CODE_STATE=getMsg HTTP/1.1" 200 27
116.238.248.233 - - [03/Dec/2021:07:51:37 +0800] "GET /xingrg/all/function/internal_message.html?_=1638489096124&CODE_STATE=getMsg HTTP/1.1" 200 27
222.70.171.86 - - [03/Dec/2021:07:51:50 +0800] "GET /xingrg/all/function/internal_message.html?_=1638489126901&CODE_STATE=getMsg HTTP/1.1" 200 27
222.70.176.97 - - [03/Dec/2021:07:51:51 +0800] "GET /xingrg/all/function/internal_message.html?_=1638489107869&CODE_STATE=getMsg HTTP/1.1" 200 27
120.253.135.82 - - [03/Dec/2021:07:52:05 +0800] "GET /xingrg/check_reg.html?_=1638488901130 HTTP/1.1" 200 22
120.253.135.82 - - [03/Dec/2021:07:52:12 +0800] "GET /xingrg/all/function/internal_message.html?_=1638488908822&CODE_STATE=getMsg HTTP/1.1" 200 27
114.85.125.222 - - [03/Dec/2021:07:52:14 +0800] "GET /xingrg/check_reg.html?_=1638489098639 HTTP/1.1" 200 22
222.70.171.86 - - [03/Dec/2021:07:52:19 +0800] "GET /xingrg/all/function/internal_message.html?_=1638489153371&CODE_STATE=getMsg HTTP/1.1" 302 -
114.85.125.222 - - [03/Dec/2021:07:52:30 +0800] "GET /xingrg/all/function/internal_message.html?_=1638489115174&CODE_STATE=getMsg HTTP/1.1" 200 27
120.253.135.82 - - [03/Dec/2021:07:52:32 +0800] "GET /xingrg/kc/pszx/mdqp_order_list.html?state=10 HTTP/1.1" 200 10217
120.253.135.82 - - [03/Dec/2021:07:52:32 +0800] "GET /xingrg/dwr/interface/AjaxQqpsService.js HTTP/1.1" 200 16326
120.253.135.82 - - [03/Dec/2021:07:52:32 +0800] "GET /xingrg/dwr/interface/AjaxReportQueryService.js HTTP/1.1" 200 13203
120.253.135.82 - - [03/Dec/2021:07:52:32 +0800] "GET /xingrg/dwr/engine.js HTTP/1.1" 200 43631
116.238.248.233 - - [03/Dec/2021:07:52:37 +0800] "GET /xingrg/all/function/internal_message.html?_=1638489156134&CODE_STATE=getMsg HTTP/1.1" 200 27
222.70.171.86 - - [03/Dec/2021:07:52:48 +0800] "GET /xingrg/check_reg.html?_=1638489185341 HTTP/1.1" 200 22
222.70.171.86 - - [03/Dec/2021:07:52:50 +0800] "GET /xingrg/all/function/internal_message.html?_=1638489186914&CODE_STATE=getMsg HTTP/1.1" 200 27
222.70.176.97 - - [03/Dec/2021:07:52:51 +0800] "GET /xingrg/all/function/internal_message.html?_=1638489167853&CODE_STATE=getMsg HTTP/1.1" 200 27
120.253.135.82 - - [03/Dec/2021:07:53:13 +0800] "GET /xingrg/all/function/internal_message.html?_=1638488969273&CODE_STATE=getMsg HTTP/1.1" 200 27
222.70.171.86 - - [03/Dec/2021:07:53:19 +0800] "GET /xingrg/all/function/internal_message.html?_=1638489213396&CODE_STATE=getMsg HTTP/1.1" 302 -
114.85.125.222 - - [03/Dec/2021:07:53:30 +0800] "GET /xingrg/all/function/internal_message.html?_=1638489175188&CODE_STATE=getMsg HTTP/1.1" 200 27
116.238.248.233 - - [03/Dec/2021:07:53:37 +0800] "GET /xingrg/all/function/internal_message.html?_=1638489216138&CODE_STATE=getMsg HTTP/1.1" 200 27
116.238.248.233 - - [03/Dec/2021:07:53:37 +0800] "GET /xingrg/check_reg.html?_=1638489216139 HTTP/1.1" 200 22
222.70.171.86 - - [03/Dec/2021:07:53:50 +0800] "GET /xingrg/all/function/internal_message.html?_=1638489246927&CODE_STATE=getMsg HTTP/1.1" 200 27
222.70.176.97 - - [03/Dec/2021:07:53:51 +0800] "GET /xingrg/all/function/internal_message.html?_=1638489227839&CODE_STATE=getMsg HTTP/1.1" 200 27
180.169.147.146 - - [03/Dec/2021:07:53:57 +0800] "GET /xingrg/check_reg.html?_=1638489236351 HTTP/1.1" 200 22
222.70.171.86 - - [03/Dec/2021:07:54:02 +0800] "GET /xingrg/check_reg.html?_=1638489256694 HTTP/1.1" 302 -
120.253.135.82 - - [03/Dec/2021:07:54:13 +0800] "GET /xingrg/all/function/internal_message.html?_=1638489029286&CODE_STATE=getMsg HTTP/1.1" 200 27
222.70.171.86 - - [03/Dec/2021:07:54:19 +0800] "GET /xingrg/all/function/internal_message.html?_=1638489273398&CODE_STATE=getMsg HTTP/1.1" 302 -
114.85.125.222 - - [03/Dec/2021:07:54:30 +0800] "GET /xingrg/all/function/internal_message.html?_=1638489235210&CODE_STATE=getMsg HTTP/1.1" 200 27
116.238.248.233 - - [03/Dec/2021:07:54:37 +0800] "GET /xingrg/all/function/internal_message.html?_=1638489276141&CODE_STATE=getMsg HTTP/1.1" 200 27
222.70.171.86 - - [03/Dec/2021:07:54:50 +0800] "GET /xingrg/all/function/internal_message.html?_=1638489306941&CODE_STATE=getMsg HTTP/1.1" 200 27
222.70.176.97 - - [03/Dec/2021:07:54:51 +0800] "GET /xingrg/all/function/internal_message.html?_=1638489287824&CODE_STATE=getMsg HTTP/1.1" 200 27
120.253.135.82 - - [03/Dec/2021:07:54:52 +0800] "GET /xingrg/kc/pszx/mdps_order_list.html?orderType=0 HTTP/1.1" 200 21130
120.253.135.82 - - [03/Dec/2021:07:54:52 +0800] "POST /xingrg/kc/pszx/mdps_list_operate.html HTTP/1.1" 200 5490
120.253.135.82 - - [03/Dec/2021:07:55:01 +0800] "POST /xingrg/kc/pszx/mdps_list_operate.html HTTP/1.1" 200 2425
120.253.135.82 - - [03/Dec/2021:07:55:02 +0800] "POST /xingrg/kc/pszx/mdps_list_operate.html HTTP/1.1" 200 279
120.253.135.82 - - [03/Dec/2021:07:55:03 +0800] "GET /xingrg/kc/pszx/mdps_order_info.html?code=312021120200082 HTTP/1.1" 200 23927
120.253.135.82 - - [03/Dec/2021:07:55:03 +0800] "GET /xingrg/javascript/easyui/themes/default/validatebox.css HTTP/1.1" 404 1104
120.253.135.82 - - [03/Dec/2021:07:55:03 +0800] "POST /xingrg/kc/pszx/mdps_order_operate.html HTTP/1.1" 200 2784
222.70.176.97 - - [03/Dec/2021:07:55:04 +0800] "GET /xingrg/check_reg.html?_=1638489301444 HTTP/1.1" 200 22
120.253.135.82 - - [03/Dec/2021:07:55:08 +0800] "GET /xingrg/kc/print/load_data.html?order_code=312021120200082&kc_code=mdps&condition= HTTP/1.1" 200 920
120.253.135.82 - - [03/Dec/2021:07:55:13 +0800] "GET /xingrg/all/function/internal_message.html?_=1638489089299&CODE_STATE=getMsg HTTP/1.1" 200 27
222.70.171.86 - - [03/Dec/2021:07:55:19 +0800] "GET /xingrg/all/function/internal_message.html?_=1638489333421&CODE_STATE=getMsg HTTP/1.1" 302 -
114.85.125.222 - - [03/Dec/2021:07:55:30 +0800] "GET /xingrg/all/function/internal_message.html?_=1638489295215&CODE_STATE=getMsg HTTP/1.1" 200 27
116.238.248.233 - - [03/Dec/2021:07:55:37 +0800] "GET /xingrg/all/function/internal_message.html?_=1638489336151&CODE_STATE=getMsg HTTP/1.1" 200 27
222.70.171.86 - - [03/Dec/2021:07:55:50 +0800] "GET /xingrg/all/function/internal_message.html?_=1638489367228&CODE_STATE=getMsg HTTP/1.1" 200 27
222.70.176.97 - - [03/Dec/2021:07:55:51 +0800] "GET /xingrg/all/function/internal_message.html?_=1638489347811&CODE_STATE=getMsg HTTP/1.1" 200 27
120.253.135.82 - - [03/Dec/2021:07:56:13 +0800] "GET /xingrg/all/function/internal_message.html?_=1638489149527&CODE_STATE=getMsg HTTP/1.1" 200 27
222.70.171.86 - - [03/Dec/2021:07:56:19 +0800] "GET /xingrg/all/function/internal_message.html?_=1638489393425&CODE_STATE=getMsg HTTP/1.1" 302 -
114.85.125.222 - - [03/Dec/2021:07:56:30 +0800] "GET /xingrg/all/function/internal_message.html?_=1638489355237&CODE_STATE=getMsg HTTP/1.1" 200 27
116.238.248.233 - - [03/Dec/2021:07:56:37 +0800] "GET /xingrg/all/function/internal_message.html?_=1638489396154&CODE_STATE=getMsg HTTP/1.1" 200 27
222.70.171.86 - - [03/Dec/2021:07:56:50 +0800] "GET /xingrg/all/function/internal_message.html?_=1638489427233&CODE_STATE=getMsg HTTP/1.1" 200 27
222.70.176.97 - - [03/Dec/2021:07:56:51 +0800] "GET /xingrg/all/function/internal_message.html?_=1638489407795&CODE_STATE=getMsg HTTP/1.1" 200 27
120.253.135.82 - - [03/Dec/2021:07:57:05 +0800] "GET /xingrg/check_reg.html?_=1638489201138 HTTP/1.1" 200 22
120.253.135.82 - - [03/Dec/2021:07:57:13 +0800] "GET /xingrg/all/function/internal_message.html?_=1638489209530&CODE_STATE=getMsg HTTP/1.1" 200 27
114.85.125.222 - - [03/Dec/2021:07:57:14 +0800] "GET /xingrg/check_reg.html?_=1638489398644 HTTP/1.1" 200 22
222.70.171.86 - - [03/Dec/2021:07:57:19 +0800] "GET /xingrg/all/function/internal_message.html?_=1638489453453&CODE_STATE=getMsg HTTP/1.1" 302 -
114.85.125.222 - - [03/Dec/2021:07:57:30 +0800] "GET /xingrg/all/function/internal_message.html?_=1638489415242&CODE_STATE=getMsg HTTP/1.1" 200 27
116.238.248.233 - - [03/Dec/2021:07:57:37 +0800] "GET /xingrg/all/function/internal_message.html?_=1638489456156&CODE_STATE=getMsg HTTP/1.1" 200 27
222.70.171.86 - - [03/Dec/2021:07:57:49 +0800] "GET /xingrg/check_reg.html?_=1638489485622 HTTP/1.1" 200 22
222.70.171.86 - - [03/Dec/2021:07:57:50 +0800] "GET /xingrg/all/function/internal_message.html?_=1638489487246&CODE_STATE=getMsg HTTP/1.1" 200 27
222.70.176.97 - - [03/Dec/2021:07:57:51 +0800] "GET /xingrg/all/function/internal_message.html?_=1638489467779&CODE_STATE=getMsg HTTP/1.1" 200 27
120.253.135.82 - - [03/Dec/2021:07:58:13 +0800] "GET /xingrg/all/function/internal_message.html?_=1638489269542&CODE_STATE=getMsg HTTP/1.1" 200 27
222.70.171.86 - - [03/Dec/2021:07:58:19 +0800] "GET /xingrg/all/function/internal_message.html?_=1638489513468&CODE_STATE=getMsg HTTP/1.1" 302 -
114.85.125.222 - - [03/Dec/2021:07:58:30 +0800] "GET /xingrg/all/function/internal_message.html?_=1638489475256&CODE_STATE=getMsg HTTP/1.1" 200 27
116.238.248.233 - - [03/Dec/2021:07:58:37 +0800] "GET /xingrg/all/function/internal_message.html?_=1638489516162&CODE_STATE=getMsg HTTP/1.1" 200 27
116.238.248.233 - - [03/Dec/2021:07:58:37 +0800] "GET /xingrg/check_reg.html?_=1638489516168 HTTP/1.1" 200 22
222.70.171.86 - - [03/Dec/2021:07:58:50 +0800] "GET /xingrg/all/function/internal_message.html?_=1638489547260&CODE_STATE=getMsg HTTP/1.1" 200 27
222.70.176.97 - - [03/Dec/2021:07:58:51 +0800] "GET /xingrg/all/function/internal_message.html?_=1638489527764&CODE_STATE=getMsg HTTP/1.1" 200 27
180.169.147.146 - - [03/Dec/2021:07:58:57 +0800] "GET /xingrg/check_reg.html?_=1638489536325 HTTP/1.1" 200 22
222.70.171.86 - - [03/Dec/2021:07:59:02 +0800] "GET /xingrg/check_reg.html?_=1638489556709 HTTP/1.1" 302 -
120.253.135.82 - - [03/Dec/2021:07:59:14 +0800] "GET /xingrg/all/function/internal_message.html?_=1638489329799&CODE_STATE=getMsg HTTP/1.1" 200 27
222.70.171.86 - - [03/Dec/2021:07:59:19 +0800] "GET /xingrg/all/function/internal_message.html?_=1638489573491&CODE_STATE=getMsg HTTP/1.1" 302 -
114.85.125.222 - - [03/Dec/2021:07:59:30 +0800] "GET /xingrg/all/function/internal_message.html?_=1638489535278&CODE_STATE=getMsg HTTP/1.1" 200 27
116.238.248.233 - - [03/Dec/2021:07:59:37 +0800] "GET /xingrg/all/function/internal_message.html?_=1638489576165&CODE_STATE=getMsg HTTP/1.1" 200 27
222.70.171.86 - - [03/Dec/2021:07:59:50 +0800] "GET /xingrg/all/function/internal_message.html?_=1638489607274&CODE_STATE=getMsg HTTP/1.1" 200 27
222.70.176.97 - - [03/Dec/2021:07:59:51 +0800] "GET /xingrg/all/function/internal_message.html?_=1638489587749&CODE_STATE=getMsg HTTP/1.1" 200 27
222.70.176.97 - - [03/Dec/2021:08:00:04 +0800] "GET /xingrg/check_reg.html?_=1638489601433 HTTP/1.1" 200 22
120.253.135.82 - - [03/Dec/2021:08:00:14 +0800] "GET /xingrg/all/function/internal_message.html?_=1638489389804&CODE_STATE=getMsg HTTP/1.1" 200 27
222.70.171.86 - - [03/Dec/2021:08:00:19 +0800] "GET /xingrg/all/function/internal_message.html?_=1638489633495&CODE_STATE=getMsg HTTP/1.1" 302 -
114.85.125.222 - - [03/Dec/2021:08:00:30 +0800] "GET /xingrg/all/function/internal_message.html?_=1638489595283&CODE_STATE=getMsg HTTP/1.1" 200 27
116.238.248.233 - - [03/Dec/2021:08:00:37 +0800] "GET /xingrg/all/function/internal_message.html?_=1638489636179&CODE_STATE=getMsg HTTP/1.1" 200 27
222.70.171.86 - - [03/Dec/2021:08:00:51 +0800] "GET /xingrg/all/function/internal_message.html?_=1638489667574&CODE_STATE=getMsg HTTP/1.1" 200 27
222.70.176.97 - - [03/Dec/2021:08:00:51 +0800] "GET /xingrg/all/function/internal_message.html?_=1638489647721&CODE_STATE=getMsg HTTP/1.1" 200 27
120.253.135.82 - - [03/Dec/2021:08:01:14 +0800] "GET /xingrg/all/function/internal_message.html?_=1638489450103&CODE_STATE=getMsg HTTP/1.1" 200 27
222.70.171.86 - - [03/Dec/2021:08:01:19 +0800] "GET /xingrg/all/function/internal_message.html?_=1638489693520&CODE_STATE=getMsg HTTP/1.1" 302 -
114.85.125.222 - - [03/Dec/2021:08:01:30 +0800] "GET /xingrg/all/function/internal_message.html?_=1638489655306&CODE_STATE=getMsg HTTP/1.1" 200 27
116.238.248.233 - - [03/Dec/2021:08:01:37 +0800] "GET /xingrg/all/function/internal_message.html?_=1638489696178&CODE_STATE=getMsg HTTP/1.1" 200 27
222.70.171.86 - - [03/Dec/2021:08:01:51 +0800] "GET /xingrg/all/function/internal_message.html?_=1638489727582&CODE_STATE=getMsg HTTP/1.1" 200 27
222.70.176.97 - - [03/Dec/2021:08:01:51 +0800] "GET /xingrg/all/function/internal_message.html?_=1638489707706&CODE_STATE=getMsg HTTP/1.1" 200 27
120.253.135.82 - - [03/Dec/2021:08:02:05 +0800] "GET /xingrg/check_reg.html?_=1638489501142 HTTP/1.1" 200 22
114.85.125.222 - - [03/Dec/2021:08:02:14 +0800] "GET /xingrg/check_reg.html?_=1638489698650 HTTP/1.1" 200 22
120.253.135.82 - - [03/Dec/2021:08:02:14 +0800] "GET /xingrg/all/function/internal_message.html?_=1638489510112&CODE_STATE=getMsg HTTP/1.1" 200 27
222.70.171.86 - - [03/Dec/2021:08:02:19 +0800] "GET /xingrg/all/function/internal_message.html?_=1638489753522&CODE_STATE=getMsg HTTP/1.1" 302 -
114.85.125.222 - - [03/Dec/2021:08:02:30 +0800] "GET /xingrg/all/function/internal_message.html?_=1638489715311&CODE_STATE=getMsg HTTP/1.1" 200 27
116.238.248.233 - - [03/Dec/2021:08:02:37 +0800] "GET /xingrg/all/function/internal_message.html?_=1638489756181&CODE_STATE=getMsg HTTP/1.1" 200 27
222.70.171.86 - - [03/Dec/2021:08:02:49 +0800] "GET /xingrg/check_reg.html?_=1638489785891 HTTP/1.1" 200 22
222.70.176.97 - - [03/Dec/2021:08:02:51 +0800] "GET /xingrg/all/function/internal_message.html?_=1638489767690&CODE_STATE=getMsg HTTP/1.1" 200 27
222.70.171.86 - - [03/Dec/2021:08:02:51 +0800] "GET /xingrg/all/function/internal_message.html?_=1638489787595&CODE_STATE=getMsg HTTP/1.1" 200 27
120.253.135.82 - - [03/Dec/2021:08:03:14 +0800] "GET /xingrg/all/function/internal_message.html?_=1638489570126&CODE_STATE=getMsg HTTP/1.1" 200 27
222.70.171.86 - - [03/Dec/2021:08:03:19 +0800] "GET /xingrg/all/function/internal_message.html?_=1638489813548&CODE_STATE=getMsg HTTP/1.1" 302 -
114.85.125.222 - - [03/Dec/2021:08:03:30 +0800] "GET /xingrg/all/function/internal_message.html?_=1638489775325&CODE_STATE=getMsg HTTP/1.1" 200 27
116.238.248.233 - - [03/Dec/2021:08:03:37 +0800] "GET /xingrg/all/function/internal_message.html?_=1638489816186&CODE_STATE=getMsg HTTP/1.1" 200 27
116.238.248.233 - - [03/Dec/2021:08:03:37 +0800] "GET /xingrg/check_reg.html?_=1638489816187 HTTP/1.1" 200 22
222.70.176.97 - - [03/Dec/2021:08:03:51 +0800] "GET /xingrg/all/function/internal_message.html?_=1638489827675&CODE_STATE=getMsg HTTP/1.1" 200 27
