120.253.135.82 - - [03/Dec/2021:06:35:12 +0800] "GET /xingrg/javascript/jquery_easy_ui/themes/default/images/tabs_active.png HTTP/1.1" 200 2894
222.70.171.86 - - [03/Dec/2021:06:35:18 +0800] "GET /xingrg/all/function/internal_message.html?_=1638484532304&CODE_STATE=getMsg HTTP/1.1" 302 -
120.253.135.82 - - [03/Dec/2021:06:35:26 +0800] "GET /xingrg/javascript/jquery_easy_ui/themes/default/images/tabs_active.png HTTP/1.1" 200 2894
124.78.153.86 - - [03/Dec/2021:06:35:26 +0800] "GET /xingrg/check_reg.html?_=1638484536018 HTTP/1.1" 200 22
124.78.153.86 - - [03/Dec/2021:06:35:26 +0800] "GET /xingrg/all/function/internal_message.html?_=1638484536021&CODE_STATE=getMsg HTTP/1.1" 200 27
114.85.125.222 - - [03/Dec/2021:06:35:29 +0800] "GET /xingrg/all/function/internal_message.html?_=1638484494128&CODE_STATE=getMsg HTTP/1.1" 200 27
116.238.248.233 - - [03/Dec/2021:06:35:37 +0800] "GET /xingrg/all/function/internal_message.html?_=1638484535754&CODE_STATE=getMsg HTTP/1.1" 200 27
120.253.135.82 - - [03/Dec/2021:06:35:45 +0800] "GET /xingrg/kc/buy/cgth_order_list.html HTTP/1.1" 200 48771
120.253.135.82 - - [03/Dec/2021:06:35:45 +0800] "POST /xingrg/kc/buy/cgth_list_operate.html HTTP/1.1" 200 1915
222.70.171.86 - - [03/Dec/2021:06:35:45 +0800] "GET /xingrg/all/function/internal_message.html?_=1638484562265&CODE_STATE=getMsg HTTP/1.1" 200 27
222.70.176.97 - - [03/Dec/2021:06:35:52 +0800] "GET /xingrg/all/function/internal_message.html?_=1638484549120&CODE_STATE=getMsg HTTP/1.1" 200 27
120.253.135.82 - - [03/Dec/2021:06:36:05 +0800] "GET /xingrg/all/function/internal_message.html?_=1638484341102&CODE_STATE=getMsg HTTP/1.1" 200 27
120.253.135.82 - - [03/Dec/2021:06:36:18 +0800] "POST /xingrg/kc/buy/cgth_list_operate.html HTTP/1.1" 200 213
222.70.171.86 - - [03/Dec/2021:06:36:18 +0800] "GET /xingrg/all/function/internal_message.html?_=1638484592307&CODE_STATE=getMsg HTTP/1.1" 302 -
120.253.135.82 - - [03/Dec/2021:06:36:19 +0800] "GET /xingrg/kc/buy/cgth_order_info.html?code=232021120200002 HTTP/1.1" 200 66786
120.253.135.82 - - [03/Dec/2021:06:36:19 +0800] "GET /xingrg/dwr/interface/AjaxComOrderService.js HTTP/1.1" 200 18264
120.253.135.82 - - [03/Dec/2021:06:36:19 +0800] "GET /xingrg/dwr/interface/AjaxCgthService.js HTTP/1.1" 200 14519
120.253.135.82 - - [03/Dec/2021:06:36:19 +0800] "GET /xingrg/dwr/engine.js HTTP/1.1" 200 43631
120.253.135.82 - - [03/Dec/2021:06:36:19 +0800] "GET /xingrg/javascript/jquery_easy_ui/themes/icons/ok.png HTTP/1.1" 200 883
120.253.135.82 - - [03/Dec/2021:06:36:19 +0800] "GET /xingrg/javascript/jquery_easy_ui/themes/icons/edit_add_new.png HTTP/1.1" 200 2997
120.253.135.82 - - [03/Dec/2021:06:36:19 +0800] "GET /xingrg/javascript/jquery_easy_ui/themes/icons/cance_new.png HTTP/1.1" 200 3986
120.253.135.82 - - [03/Dec/2021:06:36:19 +0800] "POST /xingrg/all/common/load_tree.html?tree=supplier_tree_json&isDelete=1 HTTP/1.1" 200 60927
120.253.135.82 - - [03/Dec/2021:06:36:19 +0800] "GET /xingrg/images/blue/button/kc_tab_add.gif HTTP/1.1" 200 375
120.253.135.82 - - [03/Dec/2021:06:36:19 +0800] "GET /xingrg/images/blue/button/kc_tab_del.gif HTTP/1.1" 200 383
120.253.135.82 - - [03/Dec/2021:06:36:20 +0800] "POST /xingrg/dwr/call/plaincall/AjaxCgthService.loadMaterielItems.dwr HTTP/1.1" 200 841
124.78.153.86 - - [03/Dec/2021:06:36:26 +0800] "GET /xingrg/all/function/internal_message.html?_=1638484596045&CODE_STATE=getMsg HTTP/1.1" 200 27
120.253.135.82 - - [03/Dec/2021:06:36:28 +0800] "GET /xingrg/images/yd/bt.gif HTTP/1.1" 404 1040
114.85.125.222 - - [03/Dec/2021:06:36:29 +0800] "GET /xingrg/all/function/internal_message.html?_=1638484554152&CODE_STATE=getMsg HTTP/1.1" 200 27
120.253.135.82 - - [03/Dec/2021:06:36:31 +0800] "POST /xingrg/dwr/call/plaincall/AjaxCgthService.saveOrder.dwr HTTP/1.1" 200 78
120.253.135.82 - - [03/Dec/2021:06:36:36 +0800] "GET /xingrg/kc/print/load_config.html?_=1638484371931&kc_code=cgth HTTP/1.1" 200 2458
120.253.135.82 - - [03/Dec/2021:06:36:36 +0800] "GET /xingrg/kc/print/load_data.html?_=1638484371951&order_code=232021120200002&kc_code=cgth&condition= HTTP/1.1" 200 543
116.238.248.233 - - [03/Dec/2021:06:36:37 +0800] "GET /xingrg/all/function/internal_message.html?_=1638484595757&CODE_STATE=getMsg HTTP/1.1" 200 27
222.70.171.86 - - [03/Dec/2021:06:36:45 +0800] "GET /xingrg/all/function/internal_message.html?_=1638484622279&CODE_STATE=getMsg HTTP/1.1" 200 27
114.85.125.222 - - [03/Dec/2021:06:36:52 +0800] "POST /xingrg/services/DataTransmitService HTTP/1.1" 200 524
222.70.176.97 - - [03/Dec/2021:06:36:52 +0800] "GET /xingrg/all/function/internal_message.html?_=1638484609104&CODE_STATE=getMsg HTTP/1.1" 200 27
114.85.125.222 - - [03/Dec/2021:06:36:52 +0800] "POST /xingrg/services/DataTransmitService HTTP/1.1" 200 501
120.253.135.82 - - [03/Dec/2021:06:37:04 +0800] "GET /xingrg/check_reg.html?_=1638484400658 HTTP/1.1" 200 22
120.253.135.82 - - [03/Dec/2021:06:37:05 +0800] "GET /xingrg/all/function/internal_message.html?_=1638484401164&CODE_STATE=getMsg HTTP/1.1" 200 27
114.85.125.222 - - [03/Dec/2021:06:37:13 +0800] "GET /xingrg/check_reg.html?_=1638484598561 HTTP/1.1" 200 22
222.70.171.86 - - [03/Dec/2021:06:37:18 +0800] "GET /xingrg/all/function/internal_message.html?_=1638484652331&CODE_STATE=getMsg HTTP/1.1" 302 -
124.78.153.86 - - [03/Dec/2021:06:37:26 +0800] "GET /xingrg/all/function/internal_message.html?_=1638484656043&CODE_STATE=getMsg HTTP/1.1" 200 27
114.85.125.222 - - [03/Dec/2021:06:37:29 +0800] "GET /xingrg/all/function/internal_message.html?_=1638484614156&CODE_STATE=getMsg HTTP/1.1" 200 27
116.238.248.233 - - [03/Dec/2021:06:37:37 +0800] "GET /xingrg/all/function/internal_message.html?_=1638484655771&CODE_STATE=getMsg HTTP/1.1" 200 27
222.70.171.86 - - [03/Dec/2021:06:37:45 +0800] "GET /xingrg/check_reg.html?_=1638484681943 HTTP/1.1" 200 22
222.70.171.86 - - [03/Dec/2021:06:37:45 +0800] "GET /xingrg/all/function/internal_message.html?_=1638484682292&CODE_STATE=getMsg HTTP/1.1" 200 27
222.70.176.97 - - [03/Dec/2021:06:37:52 +0800] "GET /xingrg/all/function/internal_message.html?_=1638484669089&CODE_STATE=getMsg HTTP/1.1" 200 27
120.253.135.82 - - [03/Dec/2021:06:38:05 +0800] "GET /xingrg/all/function/internal_message.html?_=1638484461170&CODE_STATE=getMsg HTTP/1.1" 200 27
222.70.171.86 - - [03/Dec/2021:06:38:18 +0800] "GET /xingrg/all/function/internal_message.html?_=1638484712334&CODE_STATE=getMsg HTTP/1.1" 302 -
124.78.153.86 - - [03/Dec/2021:06:38:26 +0800] "GET /xingrg/all/function/internal_message.html?_=1638484716045&CODE_STATE=getMsg HTTP/1.1" 200 27
114.85.125.222 - - [03/Dec/2021:06:38:29 +0800] "GET /xingrg/all/function/internal_message.html?_=1638484674169&CODE_STATE=getMsg HTTP/1.1" 200 27
116.238.248.233 - - [03/Dec/2021:06:38:37 +0800] "GET /xingrg/check_reg.html?_=1638484715768 HTTP/1.1" 200 22
116.238.248.233 - - [03/Dec/2021:06:38:37 +0800] "GET /xingrg/all/function/internal_message.html?_=1638484715770&CODE_STATE=getMsg HTTP/1.1" 200 27
120.253.135.82 - - [03/Dec/2021:06:38:43 +0800] "POST /xingrg/dwr/call/plaincall/AjaxCgthService.checkOrder.dwr HTTP/1.1" 200 78
222.70.171.86 - - [03/Dec/2021:06:38:45 +0800] "GET /xingrg/all/function/internal_message.html?_=1638484742305&CODE_STATE=getMsg HTTP/1.1" 200 27
222.70.176.97 - - [03/Dec/2021:06:38:52 +0800] "GET /xingrg/all/function/internal_message.html?_=1638484729074&CODE_STATE=getMsg HTTP/1.1" 200 27
180.169.147.146 - - [03/Dec/2021:06:38:57 +0800] "GET /xingrg/check_reg.html?_=1638484736646 HTTP/1.1" 200 22
222.70.171.86 - - [03/Dec/2021:06:39:02 +0800] "GET /xingrg/check_reg.html?_=1638484756618 HTTP/1.1" 302 -
120.253.135.82 - - [03/Dec/2021:06:39:03 +0800] "GET /xingrg/kc/buy/cgth_order_info.html?code=232021120200002&part=buyck HTTP/1.1" 200 64526
120.253.135.82 - - [03/Dec/2021:06:39:03 +0800] "GET /xingrg/dwr/interface/AjaxComOrderService.js HTTP/1.1" 200 18264
120.253.135.82 - - [03/Dec/2021:06:39:03 +0800] "GET /xingrg/dwr/interface/AjaxCgthService.js HTTP/1.1" 200 14519
120.253.135.82 - - [03/Dec/2021:06:39:03 +0800] "GET /xingrg/dwr/engine.js HTTP/1.1" 200 43631
120.253.135.82 - - [03/Dec/2021:06:39:04 +0800] "POST /xingrg/all/common/load_tree.html?tree=supplier_tree_json&isDelete=1 HTTP/1.1" 200 60927
120.253.135.82 - - [03/Dec/2021:06:39:05 +0800] "POST /xingrg/dwr/call/plaincall/AjaxCgthService.loadMaterielItems.dwr HTTP/1.1" 200 753
120.253.135.82 - - [03/Dec/2021:06:39:05 +0800] "GET /xingrg/all/function/internal_message.html?_=1638484521784&CODE_STATE=getMsg HTTP/1.1" 200 27
120.253.135.82 - - [03/Dec/2021:06:39:10 +0800] "GET /xingrg/kc/buy/cgth_order_list.html?isBack=1 HTTP/1.1" 200 48771
120.253.135.82 - - [03/Dec/2021:06:39:10 +0800] "POST /xingrg/kc/buy/cgth_list_operate.html HTTP/1.1" 200 1035
120.253.135.82 - - [03/Dec/2021:06:39:16 +0800] "GET /xingrg/kc/pszx/mdqp_order_list.html?state=10 HTTP/1.1" 200 14681
120.253.135.82 - - [03/Dec/2021:06:39:16 +0800] "GET /xingrg/dwr/interface/AjaxReportQueryService.js HTTP/1.1" 200 13203
120.253.135.82 - - [03/Dec/2021:06:39:16 +0800] "GET /xingrg/dwr/interface/AjaxQqpsService.js HTTP/1.1" 200 16326
120.253.135.82 - - [03/Dec/2021:06:39:16 +0800] "GET /xingrg/dwr/engine.js HTTP/1.1" 200 43631
222.70.171.86 - - [03/Dec/2021:06:39:18 +0800] "GET /xingrg/all/function/internal_message.html?_=1638484772358&CODE_STATE=getMsg HTTP/1.1" 302 -
120.253.135.82 - - [03/Dec/2021:06:39:25 +0800] "GET /xingrg/kc/pszx/mdqp_order_info.html?code=302021120200052 HTTP/1.1" 200 13350
120.253.135.82 - - [03/Dec/2021:06:39:25 +0800] "GET /xingrg/dwr/interface/AjaxComOrderService.js HTTP/1.1" 200 18264
120.253.135.82 - - [03/Dec/2021:06:39:25 +0800] "GET /xingrg/dwr/interface/AjaxQqpsService.js HTTP/1.1" 200 16326
120.253.135.82 - - [03/Dec/2021:06:39:25 +0800] "GET /xingrg/dwr/engine.js HTTP/1.1" 200 43631
120.253.135.82 - - [03/Dec/2021:06:39:25 +0800] "POST /xingrg/dwr/call/plaincall/AjaxQqpsService.loadMaterielItems.dwr HTTP/1.1" 200 3687
124.78.153.86 - - [03/Dec/2021:06:39:26 +0800] "GET /xingrg/all/function/internal_message.html?_=1638484776045&CODE_STATE=getMsg HTTP/1.1" 200 27
114.85.125.222 - - [03/Dec/2021:06:39:29 +0800] "GET /xingrg/all/function/internal_message.html?_=1638484734191&CODE_STATE=getMsg HTTP/1.1" 200 27
116.238.248.233 - - [03/Dec/2021:06:39:37 +0800] "GET /xingrg/all/function/internal_message.html?_=1638484775783&CODE_STATE=getMsg HTTP/1.1" 200 27
222.70.171.86 - - [03/Dec/2021:06:39:45 +0800] "GET /xingrg/all/function/internal_message.html?_=1638484802318&CODE_STATE=getMsg HTTP/1.1" 200 27
222.70.176.97 - - [03/Dec/2021:06:39:52 +0800] "GET /xingrg/all/function/internal_message.html?_=1638484789058&CODE_STATE=getMsg HTTP/1.1" 200 27
120.253.135.82 - - [03/Dec/2021:06:39:57 +0800] "GET /xingrg/images/yd/bt.gif HTTP/1.1" 404 1040
120.253.135.82 - - [03/Dec/2021:06:39:59 +0800] "GET /xingrg/images/yd/bt2.gif HTTP/1.1" 404 1042
120.253.135.82 - - [03/Dec/2021:06:40:02 +0800] "GET /xingrg/kc/pszx/mdqp_order_list.html?isBack=1 HTTP/1.1" 302 -
120.253.135.82 - - [03/Dec/2021:06:40:02 +0800] "GET /xingrg/kc/pszx/mdqp_order_list.html?state=10 HTTP/1.1" 200 14681
120.253.135.82 - - [03/Dec/2021:06:40:02 +0800] "GET /xingrg/dwr/interface/AjaxReportQueryService.js HTTP/1.1" 200 13203
120.253.135.82 - - [03/Dec/2021:06:40:02 +0800] "GET /xingrg/dwr/engine.js HTTP/1.1" 200 43631
120.253.135.82 - - [03/Dec/2021:06:40:02 +0800] "GET /xingrg/dwr/interface/AjaxQqpsService.js HTTP/1.1" 200 16326
222.70.176.97 - - [03/Dec/2021:06:40:04 +0800] "GET /xingrg/check_reg.html?_=1638484801352 HTTP/1.1" 200 22
120.253.135.82 - - [03/Dec/2021:06:40:05 +0800] "GET /xingrg/all/function/internal_message.html?_=1638484581790&CODE_STATE=getMsg HTTP/1.1" 200 27
120.253.135.82 - - [03/Dec/2021:06:40:06 +0800] "GET /xingrg/kc/pszx/jzcl_ps.html HTTP/1.1" 200 7683
120.253.135.82 - - [03/Dec/2021:06:40:06 +0800] "POST /xingrg/all/common/load_tree.html?tree=area_rest_tree_json HTTP/1.1" 200 3472
120.253.135.82 - - [03/Dec/2021:06:40:07 +0800] "POST /xingrg/kc/pszx/jzcl_ps_operate.html HTTP/1.1" 200 4855
120.253.135.82 - - [03/Dec/2021:06:40:07 +0800] "POST /xingrg/kc/pszx/jzcl_ps_operate.html HTTP/1.1" 200 4855
120.253.135.82 - - [03/Dec/2021:06:40:12 +0800] "POST /xingrg/kc/pszx/jzcl_ps_operate.html HTTP/1.1" 200 4
120.253.135.82 - - [03/Dec/2021:06:40:12 +0800] "GET /xingrg/javascript/step/images/navBtn.gif HTTP/1.1" 200 361
120.253.135.82 - - [03/Dec/2021:06:40:14 +0800] "GET /xingrg/kc/pszx/mdps_order_list.html HTTP/1.1" 200 21130
120.253.135.82 - - [03/Dec/2021:06:40:14 +0800] "POST /xingrg/kc/pszx/mdps_list_operate.html HTTP/1.1" 200 5417
222.70.171.86 - - [03/Dec/2021:06:40:18 +0800] "GET /xingrg/all/function/internal_message.html?_=1638484832361&CODE_STATE=getMsg HTTP/1.1" 302 -
61.151.207.205 - - [03/Dec/2021:06:40:25 +0800] "GET /xingrg/all/function/internal_message.html?_=1638484776045&CODE_STATE=getMsg HTTP/1.1" 302 -
124.78.153.86 - - [03/Dec/2021:06:40:26 +0800] "GET /xingrg/check_reg.html?_=1638484836047 HTTP/1.1" 200 22
124.78.153.86 - - [03/Dec/2021:06:40:26 +0800] "GET /xingrg/all/function/internal_message.html?_=1638484836049&CODE_STATE=getMsg HTTP/1.1" 200 27
61.151.207.205 - - [03/Dec/2021:06:40:26 +0800] "GET /xingrg/login.html HTTP/1.1" 200 7641
120.253.135.82 - - [03/Dec/2021:06:40:26 +0800] "POST /xingrg/kc/pszx/mdps_list_operate.html HTTP/1.1" 200 2063
120.253.135.82 - - [03/Dec/2021:06:40:29 +0800] "POST /xingrg/kc/pszx/mdps_list_operate.html HTTP/1.1" 200 203
114.85.125.222 - - [03/Dec/2021:06:40:29 +0800] "GET /xingrg/all/function/internal_message.html?_=1638484794197&CODE_STATE=getMsg HTTP/1.1" 200 27
120.253.135.82 - - [03/Dec/2021:06:40:30 +0800] "GET /xingrg/kc/pszx/mdps_order_info.html?code=312021120100044 HTTP/1.1" 200 23931
120.253.135.82 - - [03/Dec/2021:06:40:30 +0800] "GET /xingrg/javascript/easyui/themes/default/validatebox.css HTTP/1.1" 404 1104
120.253.135.82 - - [03/Dec/2021:06:40:30 +0800] "POST /xingrg/kc/pszx/mdps_order_operate.html HTTP/1.1" 200 2284
120.253.135.82 - - [03/Dec/2021:06:40:34 +0800] "POST /xingrg/kc/pszx/mdps_list_operate.html HTTP/1.1" 200 611
120.253.135.82 - - [03/Dec/2021:06:40:35 +0800] "GET /xingrg/kc/pszx/mdps_order_info.html?code=312021120300086 HTTP/1.1" 200 23931
120.253.135.82 - - [03/Dec/2021:06:40:35 +0800] "GET /xingrg/javascript/easyui/themes/default/validatebox.css HTTP/1.1" 404 1104
120.253.135.82 - - [03/Dec/2021:06:40:35 +0800] "POST /xingrg/kc/pszx/mdps_order_operate.html HTTP/1.1" 200 7792
116.238.248.233 - - [03/Dec/2021:06:40:37 +0800] "GET /xingrg/all/function/internal_message.html?_=1638484835788&CODE_STATE=getMsg HTTP/1.1" 200 27
120.253.135.82 - - [03/Dec/2021:06:40:38 +0800] "POST /xingrg/kc/pszx/mdps_order_operate.html HTTP/1.1" 200 37
120.253.135.82 - - [03/Dec/2021:06:40:39 +0800] "GET /xingrg/kc/pszx/mdps_order_info.html?code=312021120300086 HTTP/1.1" 200 23931
120.253.135.82 - - [03/Dec/2021:06:40:40 +0800] "GET /xingrg/javascript/easyui/themes/default/validatebox.css HTTP/1.1" 404 1104
120.253.135.82 - - [03/Dec/2021:06:40:40 +0800] "POST /xingrg/kc/pszx/mdps_order_operate.html HTTP/1.1" 200 7885
120.253.135.82 - - [03/Dec/2021:06:40:44 +0800] "POST /xingrg/all/common/load_select.html HTTP/1.1" 200 25
222.70.171.86 - - [03/Dec/2021:06:40:45 +0800] "GET /xingrg/all/function/internal_message.html?_=1638484862332&CODE_STATE=getMsg HTTP/1.1" 200 27
120.253.135.82 - - [03/Dec/2021:06:40:46 +0800] "GET /xingrg/kc/pszx/mdps_order_operate.html?command=get_materiel_price&pszx_code=00101&rest_code=00156&base_code=0010246&code=00101019222&unit_code=00100130&order_time=2021-12-04 HTTP/1.1" 200 34
222.70.171.86 - - [03/Dec/2021:06:40:47 +0800] "GET /xingrg/kc/base/check_order_list.html HTTP/1.1" 200 16390
222.70.171.86 - - [03/Dec/2021:06:40:47 +0800] "GET /xingrg/css/base.css HTTP/1.1" 304 -
222.70.171.86 - - [03/Dec/2021:06:40:47 +0800] "GET /xingrg/css/site.css HTTP/1.1" 304 -
222.70.171.86 - - [03/Dec/2021:06:40:47 +0800] "GET /xingrg/javascript/jquery_tools/datebox.css HTTP/1.1" 304 -
222.70.171.86 - - [03/Dec/2021:06:40:47 +0800] "GET /xingrg/javascript/easyui/themes/default/easyui.css HTTP/1.1" 304 -
222.70.171.86 - - [03/Dec/2021:06:40:47 +0800] "GET /xingrg/javascript/easyui/themes/icon.css HTTP/1.1" 304 -
222.70.171.86 - - [03/Dec/2021:06:40:47 +0800] "GET /xingrg/javascript/jquery_tools/jquery.tools.extend.js HTTP/1.1" 304 -
222.70.171.86 - - [03/Dec/2021:06:40:47 +0800] "GET /xingrg/javascript/jquery_tools/fix.css HTTP/1.1" 304 -
222.70.171.86 - - [03/Dec/2021:06:40:47 +0800] "GET /xingrg/javascript/auto/jquery.autocomplete.css HTTP/1.1" 304 -
222.70.171.86 - - [03/Dec/2021:06:40:47 +0800] "GET /xingrg/javascript/jquery_tools/table.css HTTP/1.1" 304 -
222.70.171.86 - - [03/Dec/2021:06:40:47 +0800] "GET /xingrg/javascript/jquery_tools/jquery.tools.min.js HTTP/1.1" 304 -
222.70.171.86 - - [03/Dec/2021:06:40:47 +0800] "GET /xingrg/javascript/jquery_tools/jquery.tools.hotkey.js HTTP/1.1" 304 -
222.70.171.86 - - [03/Dec/2021:06:40:47 +0800] "GET /xingrg/javascript/jquery_tools/jquery.tools.table.js HTTP/1.1" 304 -
222.70.171.86 - - [03/Dec/2021:06:40:47 +0800] "GET /xingrg/javascript/jquery_tools/list_manager.js HTTP/1.1" 304 -
222.70.171.86 - - [03/Dec/2021:06:40:47 +0800] "GET /xingrg/javascript/auto/jquery.autocomplete.js HTTP/1.1" 304 -
222.70.171.86 - - [03/Dec/2021:06:40:47 +0800] "GET /xingrg/javascript/jquery.utils.js HTTP/1.1" 304 -
222.70.171.86 - - [03/Dec/2021:06:40:47 +0800] "GET /xingrg/javascript/easyui/easyloader.js HTTP/1.1" 304 -
222.70.171.86 - - [03/Dec/2021:06:40:47 +0800] "GET /xingrg/javascript/jquery.cookie.js HTTP/1.1" 304 -
222.70.171.86 - - [03/Dec/2021:06:40:47 +0800] "GET /xingrg/javascript/easyui/plugins/jquery.parser.js HTTP/1.1" 304 -
222.70.171.86 - - [03/Dec/2021:06:40:47 +0800] "POST /xingrg/kc/base/check_list_operate.html HTTP/1.1" 200 3921
222.70.176.97 - - [03/Dec/2021:06:40:52 +0800] "GET /xingrg/all/function/internal_message.html?_=1638484849028&CODE_STATE=getMsg HTTP/1.1" 200 27
120.253.135.82 - - [03/Dec/2021:06:41:05 +0800] "GET /xingrg/all/function/internal_message.html?_=1638484641805&CODE_STATE=getMsg HTTP/1.1" 200 27
222.70.171.86 - - [03/Dec/2021:06:41:13 +0800] "GET /xingrg/javascript/print/LodopFuncs.js HTTP/1.1" 304 -
222.70.171.86 - - [03/Dec/2021:06:41:13 +0800] "GET /xingrg/kc/base/wldb_order_list.html HTTP/1.1" 200 19271
222.70.171.86 - - [03/Dec/2021:06:41:13 +0800] "POST /xingrg/kc/base/wldb_list_operate.html HTTP/1.1" 200 928
222.70.171.86 - - [03/Dec/2021:06:41:15 +0800] "GET /xingrg/kc/base/wldb_order_add.html HTTP/1.1" 200 30485
222.70.171.86 - - [03/Dec/2021:06:41:15 +0800] "GET /xingrg/javascript/jquery_tools/order_manager.js HTTP/1.1" 304 -
222.70.171.86 - - [03/Dec/2021:06:41:15 +0800] "GET /xingrg/javascript/pic_change.js HTTP/1.1" 304 -
222.70.171.86 - - [03/Dec/2021:06:41:15 +0800] "GET /xingrg/javascript/convert.js HTTP/1.1" 304 -
222.70.171.86 - - [03/Dec/2021:06:41:15 +0800] "GET /xingrg/javascript/json2.js HTTP/1.1" 304 -
222.70.171.86 - - [03/Dec/2021:06:41:15 +0800] "GET /xingrg/javascript/print/kc_print.js HTTP/1.1" 304 -
222.70.171.86 - - [03/Dec/2021:06:41:15 +0800] "GET /xingrg/words/20211201121711_words.js HTTP/1.1" 304 -
222.70.171.86 - - [03/Dec/2021:06:41:15 +0800] "POST /xingrg/kc/base/wldb_order_operate.html HTTP/1.1" 200 6806
222.70.171.86 - - [03/Dec/2021:06:41:15 +0800] "GET /xingrg/all/common/auto_word.html?type=base&rest_code=00146 HTTP/1.1" 200 1749
222.70.171.86 - - [03/Dec/2021:06:41:15 +0800] "GET /xingrg/all/common/auto_word.html?type=base&rest_code=00146 HTTP/1.1" 200 1749
222.70.171.86 - - [03/Dec/2021:06:41:15 +0800] "GET /xingrg/javascript/easyui/themes/default/validatebox.css HTTP/1.1" 404 1104
222.70.171.86 - - [03/Dec/2021:06:41:15 +0800] "GET /xingrg/javascript/easyui/plugins/jquery.validatebox.js HTTP/1.1" 304 -
222.70.171.86 - - [03/Dec/2021:06:41:15 +0800] "GET /xingrg/javascript/easyui/plugins/jquery.numberbox.js HTTP/1.1" 304 -
222.70.171.86 - - [03/Dec/2021:06:41:18 +0800] "GET /xingrg/all/function/internal_message.html?_=1638484892386&CODE_STATE=getMsg HTTP/1.1" 302 -
124.78.153.86 - - [03/Dec/2021:06:41:26 +0800] "GET /xingrg/all/function/internal_message.html?_=1638484896049&CODE_STATE=getMsg HTTP/1.1" 200 27
101.89.239.245 - - [03/Dec/2021:06:41:26 +0800] "GET /xingrg/all/function/internal_message.html?_=1638484836049&CODE_STATE=getMsg HTTP/1.1" 302 -
101.89.239.245 - - [03/Dec/2021:06:41:26 +0800] "GET /xingrg/login.html HTTP/1.1" 200 7641
114.85.125.222 - - [03/Dec/2021:06:41:29 +0800] "GET /xingrg/all/function/internal_message.html?_=1638484854218&CODE_STATE=getMsg HTTP/1.1" 200 27
222.70.171.86 - - [03/Dec/2021:06:41:32 +0800] "GET /xingrg/kc/base/wldb_order_operate.html?command=get_materiel&rest_code=00146&base_code=0010063&code=00101016049 HTTP/1.1" 200 447
116.238.248.233 - - [03/Dec/2021:06:41:37 +0800] "GET /xingrg/all/function/internal_message.html?_=1638484895782&CODE_STATE=getMsg HTTP/1.1" 200 27
222.70.171.86 - - [03/Dec/2021:06:41:40 +0800] "GET /xingrg/kc/base/wldb_order_operate.html?command=get_materiel&rest_code=00146&base_code=0010063&code=00101016001 HTTP/1.1" 200 458
222.70.171.86 - - [03/Dec/2021:06:41:45 +0800] "GET /xingrg/all/function/internal_message.html?_=1638484922345&CODE_STATE=getMsg HTTP/1.1" 200 27
222.70.171.86 - - [03/Dec/2021:06:41:48 +0800] "GET /xingrg/kc/base/wldb_order_operate.html?command=get_materiel&rest_code=00146&base_code=0010063&code=00101019108 HTTP/1.1" 200 463
222.70.176.97 - - [03/Dec/2021:06:41:52 +0800] "GET /xingrg/all/function/internal_message.html?_=1638484909012&CODE_STATE=getMsg HTTP/1.1" 200 27
222.70.171.86 - - [03/Dec/2021:06:41:55 +0800] "GET /xingrg/kc/base/wldb_order_operate.html?command=get_materiel&rest_code=00146&base_code=0010063&code=00101013139 HTTP/1.1" 200 451
120.253.135.82 - - [03/Dec/2021:06:42:04 +0800] "GET /xingrg/check_reg.html?_=1638484700666 HTTP/1.1" 200 22
120.253.135.82 - - [03/Dec/2021:06:42:05 +0800] "GET /xingrg/all/function/internal_message.html?_=1638484701818&CODE_STATE=getMsg HTTP/1.1" 200 27
222.70.171.86 - - [03/Dec/2021:06:42:09 +0800] "GET /xingrg/kc/base/wldb_order_operate.html?command=get_materiel&rest_code=00146&base_code=0010063&code=00101019199 HTTP/1.1" 200 459
114.85.125.222 - - [03/Dec/2021:06:42:13 +0800] "GET /xingrg/check_reg.html?_=1638484898561 HTTP/1.1" 200 22
222.70.171.86 - - [03/Dec/2021:06:42:18 +0800] "GET /xingrg/all/function/internal_message.html?_=1638484952388&CODE_STATE=getMsg HTTP/1.1" 302 -
222.70.171.86 - - [03/Dec/2021:06:42:23 +0800] "POST /xingrg/kc/base/wldb_order_operate.html HTTP/1.1" 200 37
222.70.171.86 - - [03/Dec/2021:06:42:25 +0800] "POST /xingrg/kc/base/wldb_order_operate.html HTTP/1.1" 200 12
222.70.171.86 - - [03/Dec/2021:06:42:25 +0800] "POST /xingrg/kc/base/wldb_order_operate.html HTTP/1.1" 200 4180
124.78.153.86 - - [03/Dec/2021:06:42:26 +0800] "GET /xingrg/all/function/internal_message.html?_=1638484956050&CODE_STATE=getMsg HTTP/1.1" 200 27
222.70.171.86 - - [03/Dec/2021:06:42:26 +0800] "GET /xingrg/kc/base/wldb_order_info.html?code=422021120300192 HTTP/1.1" 200 26363
222.70.171.86 - - [03/Dec/2021:06:42:27 +0800] "GET /xingrg/javascript/easyui/themes/default/validatebox.css HTTP/1.1" 404 1104
222.70.171.86 - - [03/Dec/2021:06:42:27 +0800] "POST /xingrg/kc/base/wldb_order_operate.html HTTP/1.1" 200 2430
114.85.125.222 - - [03/Dec/2021:06:42:29 +0800] "GET /xingrg/all/function/internal_message.html?_=1638484914223&CODE_STATE=getMsg HTTP/1.1" 200 27
222.70.171.86 - - [03/Dec/2021:06:42:30 +0800] "GET /xingrg/kc/base/wldb_order_add.html HTTP/1.1" 200 30485
222.70.171.86 - - [03/Dec/2021:06:42:31 +0800] "POST /xingrg/kc/base/wldb_order_operate.html HTTP/1.1" 200 6806
222.70.171.86 - - [03/Dec/2021:06:42:31 +0800] "GET /xingrg/javascript/easyui/themes/default/validatebox.css HTTP/1.1" 404 1104
116.238.248.233 - - [03/Dec/2021:06:42:37 +0800] "GET /xingrg/all/function/internal_message.html?_=1638484955790&CODE_STATE=getMsg HTTP/1.1" 200 27
222.70.171.86 - - [03/Dec/2021:06:42:45 +0800] "GET /xingrg/check_reg.html?_=1638484981937 HTTP/1.1" 200 22
222.70.171.86 - - [03/Dec/2021:06:42:46 +0800] "GET /xingrg/all/function/internal_message.html?_=1638484982359&CODE_STATE=getMsg HTTP/1.1" 200 27
222.70.171.86 - - [03/Dec/2021:06:42:49 +0800] "GET /xingrg/kc/base/wldb_order_operate.html?command=get_materiel&rest_code=00146&base_code=0010063&code=00101019164 HTTP/1.1" 200 452
222.70.176.97 - - [03/Dec/2021:06:42:52 +0800] "GET /xingrg/all/function/internal_message.html?_=1638484968997&CODE_STATE=getMsg HTTP/1.1" 200 27
222.70.171.86 - - [03/Dec/2021:06:42:55 +0800] "GET /xingrg/kc/base/wldb_order_operate.html?command=get_materiel&rest_code=00146&base_code=0010063&code=00101019438 HTTP/1.1" 200 445
120.253.135.82 - - [03/Dec/2021:06:43:05 +0800] "GET /xingrg/all/function/internal_message.html?_=1638484761832&CODE_STATE=getMsg HTTP/1.1" 200 27
222.70.171.86 - - [03/Dec/2021:06:43:08 +0800] "GET /xingrg/kc/base/wldb_order_operate.html?command=get_materiel&rest_code=00146&base_code=0010063&code=00101019306 HTTP/1.1" 200 463
222.70.171.86 - - [03/Dec/2021:06:43:18 +0800] "GET /xingrg/all/function/internal_message.html?_=1638485012413&CODE_STATE=getMsg HTTP/1.1" 302 -
222.70.171.86 - - [03/Dec/2021:06:43:19 +0800] "GET /xingrg/kc/base/wldb_order_operate.html?command=get_materiel&rest_code=00146&base_code=0010063&code=00101019253 HTTP/1.1" 200 467
124.78.153.86 - - [03/Dec/2021:06:43:26 +0800] "GET /xingrg/all/function/internal_message.html?_=1638485016050&CODE_STATE=getMsg HTTP/1.1" 200 27
222.70.171.86 - - [03/Dec/2021:06:43:26 +0800] "GET /xingrg/kc/base/wldb_order_operate.html?command=get_materiel&rest_code=00146&base_code=0010063&code=00101019184 HTTP/1.1" 200 444
114.85.125.222 - - [03/Dec/2021:06:43:29 +0800] "GET /xingrg/all/function/internal_message.html?_=1638484974237&CODE_STATE=getMsg HTTP/1.1" 200 27
116.238.248.233 - - [03/Dec/2021:06:43:37 +0800] "GET /xingrg/all/function/internal_message.html?_=1638485015790&CODE_STATE=getMsg HTTP/1.1" 200 27
116.238.248.233 - - [03/Dec/2021:06:43:37 +0800] "GET /xingrg/check_reg.html?_=1638485015793 HTTP/1.1" 200 22
222.70.171.86 - - [03/Dec/2021:06:43:38 +0800] "GET /xingrg/kc/base/wldb_order_operate.html?command=get_materiel&rest_code=00146&base_code=0010063&code=00101016094 HTTP/1.1" 200 469
120.253.135.82 - - [03/Dec/2021:06:43:39 +0800] "POST /xingrg/kc/pszx/mdps_order_operate.html HTTP/1.1" 200 37
120.253.135.82 - - [03/Dec/2021:06:43:41 +0800] "GET /xingrg/kc/pszx/mdps_order_info.html?code=312021120300086 HTTP/1.1" 200 23931
120.253.135.82 - - [03/Dec/2021:06:43:41 +0800] "GET /xingrg/javascript/easyui/themes/default/validatebox.css HTTP/1.1" 404 1104
120.253.135.82 - - [03/Dec/2021:06:43:41 +0800] "POST /xingrg/kc/pszx/mdps_order_operate.html HTTP/1.1" 200 7883
222.70.171.86 - - [03/Dec/2021:06:43:46 +0800] "GET /xingrg/all/function/internal_message.html?_=1638485042372&CODE_STATE=getMsg HTTP/1.1" 200 27
222.70.176.97 - - [03/Dec/2021:06:43:52 +0800] "GET /xingrg/all/function/internal_message.html?_=1638485028981&CODE_STATE=getMsg HTTP/1.1" 200 27
222.70.171.86 - - [03/Dec/2021:06:43:52 +0800] "POST /xingrg/kc/base/wldb_order_operate.html HTTP/1.1" 200 37
222.70.171.86 - - [03/Dec/2021:06:43:54 +0800] "POST /xingrg/kc/base/wldb_order_operate.html HTTP/1.1" 200 12
222.70.171.86 - - [03/Dec/2021:06:43:54 +0800] "POST /xingrg/kc/base/wldb_order_operate.html HTTP/1.1" 200 4716
180.169.147.146 - - [03/Dec/2021:06:43:57 +0800] "GET /xingrg/check_reg.html?_=1638485036621 HTTP/1.1" 200 22
222.70.171.86 - - [03/Dec/2021:06:44:00 +0800] "GET /xingrg/kc/base/wldb_order_info.html?code=422021120300193 HTTP/1.1" 200 26364
222.70.171.86 - - [03/Dec/2021:06:44:01 +0800] "GET /xingrg/javascript/easyui/themes/default/validatebox.css HTTP/1.1" 404 1104
222.70.171.86 - - [03/Dec/2021:06:44:01 +0800] "POST /xingrg/kc/base/wldb_order_operate.html HTTP/1.1" 200 2954
222.70.171.86 - - [03/Dec/2021:06:44:02 +0800] "GET /xingrg/check_reg.html?_=1638485056619 HTTP/1.1" 302 -
222.70.171.86 - - [03/Dec/2021:06:44:04 +0800] "GET /xingrg/kc/base/wldb_order_add.html HTTP/1.1" 200 30485
222.70.171.86 - - [03/Dec/2021:06:44:04 +0800] "POST /xingrg/kc/base/wldb_order_operate.html HTTP/1.1" 200 6806
222.70.171.86 - - [03/Dec/2021:06:44:04 +0800] "GET /xingrg/javascript/easyui/themes/default/validatebox.css HTTP/1.1" 404 1104
120.253.135.82 - - [03/Dec/2021:06:44:05 +0800] "GET /xingrg/all/function/internal_message.html?_=1638484821845&CODE_STATE=getMsg HTTP/1.1" 200 27
222.70.171.86 - - [03/Dec/2021:06:44:18 +0800] "GET /xingrg/all/function/internal_message.html?_=1638485072416&CODE_STATE=getMsg HTTP/1.1" 302 -
222.70.171.86 - - [03/Dec/2021:06:44:24 +0800] "GET /xingrg/kc/base/wldb_order_operate.html?command=get_materiel&rest_code=00146&base_code=0010063&code=00101019529 HTTP/1.1" 200 475
124.78.153.86 - - [03/Dec/2021:06:44:26 +0800] "GET /xingrg/all/function/internal_message.html?_=1638485076050&CODE_STATE=getMsg HTTP/1.1" 200 27
114.85.125.222 - - [03/Dec/2021:06:44:29 +0800] "GET /xingrg/all/function/internal_message.html?_=1638485034259&CODE_STATE=getMsg HTTP/1.1" 200 27
222.70.171.86 - - [03/Dec/2021:06:44:31 +0800] "GET /xingrg/kc/base/wldb_order_operate.html?command=get_materiel&rest_code=00146&base_code=0010063&code=00101019430 HTTP/1.1" 200 464
116.238.248.233 - - [03/Dec/2021:06:44:37 +0800] "GET /xingrg/all/function/internal_message.html?_=1638485075790&CODE_STATE=getMsg HTTP/1.1" 200 27
222.70.171.86 - - [03/Dec/2021:06:44:46 +0800] "GET /xingrg/all/function/internal_message.html?_=1638485102448&CODE_STATE=getMsg HTTP/1.1" 200 27
120.253.135.82 - - [03/Dec/2021:06:44:48 +0800] "POST /xingrg/kc/pszx/mdps_order_operate.html HTTP/1.1" 200 37
222.70.171.86 - - [03/Dec/2021:06:44:48 +0800] "GET /xingrg/kc/base/wldb_order_operate.html?command=get_materiel&rest_code=00146&base_code=0010063&code=00101019313 HTTP/1.1" 200 443
120.253.135.82 - - [03/Dec/2021:06:44:49 +0800] "GET /xingrg/kc/pszx/mdps_order_info.html?code=312021120300086 HTTP/1.1" 200 23931
120.253.135.82 - - [03/Dec/2021:06:44:50 +0800] "GET /xingrg/javascript/easyui/themes/default/validatebox.css HTTP/1.1" 404 1104
120.253.135.82 - - [03/Dec/2021:06:44:50 +0800] "POST /xingrg/kc/pszx/mdps_order_operate.html HTTP/1.1" 200 7883
222.70.176.97 - - [03/Dec/2021:06:44:52 +0800] "GET /xingrg/all/function/internal_message.html?_=1638485088965&CODE_STATE=getMsg HTTP/1.1" 200 27
120.253.135.82 - - [03/Dec/2021:06:44:56 +0800] "POST /xingrg/kc/pszx/mdps_list_operate.html HTTP/1.1" 200 2063
120.253.135.82 - - [03/Dec/2021:06:44:59 +0800] "GET /xingrg/kc/pszx/mdqp_order_list.html?state=10 HTTP/1.1" 200 14278
120.253.135.82 - - [03/Dec/2021:06:44:59 +0800] "GET /xingrg/dwr/interface/AjaxReportQueryService.js HTTP/1.1" 200 13203
120.253.135.82 - - [03/Dec/2021:06:44:59 +0800] "GET /xingrg/dwr/interface/AjaxQqpsService.js HTTP/1.1" 200 16326
120.253.135.82 - - [03/Dec/2021:06:44:59 +0800] "GET /xingrg/dwr/engine.js HTTP/1.1" 200 43631
120.253.135.82 - - [03/Dec/2021:06:44:59 +0800] "POST /xingrg/kc/pszx/mdps_list_operate.html HTTP/1.1" 200 2063
222.70.171.86 - - [03/Dec/2021:06:45:00 +0800] "GET /xingrg/kc/base/wldb_order_operate.html?command=get_materiel&rest_code=00146&base_code=0010063&code=00101019071 HTTP/1.1" 200 455
222.70.176.97 - - [03/Dec/2021:06:45:04 +0800] "GET /xingrg/check_reg.html?_=1638485101352 HTTP/1.1" 200 22
120.253.135.82 - - [03/Dec/2021:06:45:05 +0800] "GET /xingrg/all/function/internal_message.html?_=1638484881858&CODE_STATE=getMsg HTTP/1.1" 200 27
222.70.171.86 - - [03/Dec/2021:06:45:07 +0800] "GET /xingrg/kc/base/wldb_order_operate.html?command=get_materiel&rest_code=00146&base_code=0010063&code=00101019384 HTTP/1.1" 200 457
120.253.135.82 - - [03/Dec/2021:06:45:13 +0800] "GET /xingrg/kc/pszx/jzcl_ps.html HTTP/1.1" 200 7683
120.253.135.82 - - [03/Dec/2021:06:45:13 +0800] "POST /xingrg/all/common/load_tree.html?tree=area_rest_tree_json HTTP/1.1" 200 3472
120.253.135.82 - - [03/Dec/2021:06:45:13 +0800] "POST /xingrg/kc/pszx/jzcl_ps_operate.html HTTP/1.1" 200 4406
120.253.135.82 - - [03/Dec/2021:06:45:13 +0800] "POST /xingrg/kc/pszx/jzcl_ps_operate.html HTTP/1.1" 200 4406
222.70.171.86 - - [03/Dec/2021:06:45:18 +0800] "GET /xingrg/all/function/internal_message.html?_=1638485132440&CODE_STATE=getMsg HTTP/1.1" 302 -
222.70.171.86 - - [03/Dec/2021:06:45:19 +0800] "GET /xingrg/kc/base/wldb_order_operate.html?command=get_materiel&rest_code=00146&base_code=0010063&code=00101019257 HTTP/1.1" 200 478
124.78.153.86 - - [03/Dec/2021:06:45:26 +0800] "GET /xingrg/all/function/internal_message.html?_=1638485136050&CODE_STATE=getMsg HTTP/1.1" 200 27
124.78.153.86 - - [03/Dec/2021:06:45:26 +0800] "GET /xingrg/check_reg.html?_=1638485136050 HTTP/1.1" 200 22
114.85.125.222 - - [03/Dec/2021:06:45:29 +0800] "GET /xingrg/all/function/internal_message.html?_=1638485094265&CODE_STATE=getMsg HTTP/1.1" 200 27
222.70.171.86 - - [03/Dec/2021:06:45:30 +0800] "GET /xingrg/kc/base/wldb_order_operate.html?command=get_materiel&rest_code=00146&base_code=0010063&code=00101019391 HTTP/1.1" 200 471
120.253.135.82 - - [03/Dec/2021:06:45:34 +0800] "POST /xingrg/kc/pszx/jzcl_ps_operate.html HTTP/1.1" 200 4
120.253.135.82 - - [03/Dec/2021:06:45:36 +0800] "GET /xingrg/kc/pszx/mdps_order_list.html HTTP/1.1" 200 21130
120.253.135.82 - - [03/Dec/2021:06:45:36 +0800] "POST /xingrg/kc/pszx/jzcl_ps_operate.html HTTP/1.1" 200 2702
120.253.135.82 - - [03/Dec/2021:06:45:37 +0800] "POST /xingrg/kc/pszx/mdps_list_operate.html HTTP/1.1" 200 5451
116.238.248.233 - - [03/Dec/2021:06:45:37 +0800] "GET /xingrg/all/function/internal_message.html?_=1638485135805&CODE_STATE=getMsg HTTP/1.1" 200 27
222.70.171.86 - - [03/Dec/2021:06:45:44 +0800] "POST /xingrg/kc/base/wldb_order_operate.html HTTP/1.1" 200 37
222.70.171.86 - - [03/Dec/2021:06:45:46 +0800] "GET /xingrg/all/function/internal_message.html?_=1638485162462&CODE_STATE=getMsg HTTP/1.1" 200 27
222.70.171.86 - - [03/Dec/2021:06:45:46 +0800] "POST /xingrg/kc/base/wldb_order_operate.html HTTP/1.1" 200 12
222.70.171.86 - - [03/Dec/2021:06:45:46 +0800] "POST /xingrg/kc/base/wldb_order_operate.html HTTP/1.1" 200 5742
120.253.135.82 - - [03/Dec/2021:06:45:47 +0800] "POST /xingrg/kc/pszx/mdps_list_operate.html HTTP/1.1" 200 3567
222.70.171.86 - - [03/Dec/2021:06:45:48 +0800] "GET /xingrg/kc/base/wldb_order_info.html?code=422021120300194 HTTP/1.1" 200 26364
222.70.171.86 - - [03/Dec/2021:06:45:49 +0800] "GET /xingrg/javascript/easyui/themes/default/validatebox.css HTTP/1.1" 404 1104
222.70.171.86 - - [03/Dec/2021:06:45:49 +0800] "POST /xingrg/kc/base/wldb_order_operate.html HTTP/1.1" 200 3955
120.253.135.82 - - [03/Dec/2021:06:45:50 +0800] "POST /xingrg/kc/pszx/mdps_list_operate.html HTTP/1.1" 200 203
222.70.176.97 - - [03/Dec/2021:06:45:52 +0800] "GET /xingrg/all/function/internal_message.html?_=1638485148949&CODE_STATE=getMsg HTTP/1.1" 200 27
222.70.171.86 - - [03/Dec/2021:06:45:52 +0800] "GET /xingrg/kc/base/wldb_order_add.html HTTP/1.1" 200 30485
222.70.171.86 - - [03/Dec/2021:06:45:53 +0800] "POST /xingrg/kc/base/wldb_order_operate.html HTTP/1.1" 200 6806
222.70.171.86 - - [03/Dec/2021:06:45:53 +0800] "GET /xingrg/javascript/easyui/themes/default/validatebox.css HTTP/1.1" 404 1104
120.253.135.82 - - [03/Dec/2021:06:45:54 +0800] "POST /xingrg/kc/pszx/mdps_list_operate.html HTTP/1.1" 200 216
120.253.135.82 - - [03/Dec/2021:06:45:55 +0800] "POST /xingrg/kc/pszx/mdps_list_operate.html HTTP/1.1" 200 202
120.253.135.82 - - [03/Dec/2021:06:45:57 +0800] "GET /xingrg/kc/pszx/mdps_order_info.html?code=312021120300090 HTTP/1.1" 200 23935
120.253.135.82 - - [03/Dec/2021:06:45:57 +0800] "GET /xingrg/javascript/easyui/themes/default/validatebox.css HTTP/1.1" 404 1104
120.253.135.82 - - [03/Dec/2021:06:45:57 +0800] "POST /xingrg/kc/pszx/mdps_order_operate.html HTTP/1.1" 200 2271
120.253.135.82 - - [03/Dec/2021:06:45:59 +0800] "GET /xingrg/css/images/panel_loading.gif HTTP/1.1" 200 1737
120.253.135.82 - - [03/Dec/2021:06:45:59 +0800] "POST /xingrg/all/common/load_combo.html?type=base HTTP/1.1" 200 1075
120.253.135.82 - - [03/Dec/2021:06:46:04 +0800] "POST /xingrg/kc/pszx/mdps_order_operate.html HTTP/1.1" 200 37
120.253.135.82 - - [03/Dec/2021:06:46:04 +0800] "GET /xingrg/kc/pszx/mdps_order_info.html?code=312021120300090 HTTP/1.1" 200 23935
120.253.135.82 - - [03/Dec/2021:06:46:05 +0800] "GET /xingrg/javascript/easyui/themes/default/validatebox.css HTTP/1.1" 404 1104
120.253.135.82 - - [03/Dec/2021:06:46:05 +0800] "POST /xingrg/kc/pszx/mdps_order_operate.html HTTP/1.1" 200 2278
120.253.135.82 - - [03/Dec/2021:06:46:05 +0800] "GET /xingrg/all/function/internal_message.html?_=1638484941873&CODE_STATE=getMsg HTTP/1.1" 200 27
120.253.135.82 - - [03/Dec/2021:06:46:09 +0800] "POST /xingrg/kc/pszx/mdps_list_operate.html HTTP/1.1" 200 528
120.253.135.82 - - [03/Dec/2021:06:46:10 +0800] "GET /xingrg/kc/pszx/mdps_order_info.html?code=312021120300089 HTTP/1.1" 200 23935
120.253.135.82 - - [03/Dec/2021:06:46:10 +0800] "GET /xingrg/javascript/easyui/themes/default/validatebox.css HTTP/1.1" 404 1104
120.253.135.82 - - [03/Dec/2021:06:46:11 +0800] "POST /xingrg/kc/pszx/mdps_order_operate.html HTTP/1.1" 200 4251
120.253.135.82 - - [03/Dec/2021:06:46:14 +0800] "POST /xingrg/all/common/load_combo.html?type=base HTTP/1.1" 200 1075
222.70.171.86 - - [03/Dec/2021:06:46:18 +0800] "GET /xingrg/all/function/internal_message.html?_=1638485192443&CODE_STATE=getMsg HTTP/1.1" 302 -
222.70.171.86 - - [03/Dec/2021:06:46:18 +0800] "GET /xingrg/kc/base/wldb_order_operate.html?command=get_materiel&rest_code=00146&base_code=0010063&code=00101019222 HTTP/1.1" 200 453
120.253.135.82 - - [03/Dec/2021:06:46:19 +0800] "POST /xingrg/kc/pszx/mdps_order_operate.html HTTP/1.1" 200 37
120.253.135.82 - - [03/Dec/2021:06:46:21 +0800] "GET /xingrg/kc/pszx/mdps_order_info.html?code=312021120300089 HTTP/1.1" 200 23935
120.253.135.82 - - [03/Dec/2021:06:46:21 +0800] "GET /xingrg/javascript/easyui/themes/default/validatebox.css HTTP/1.1" 404 1104
120.253.135.82 - - [03/Dec/2021:06:46:21 +0800] "POST /xingrg/kc/pszx/mdps_order_operate.html HTTP/1.1" 200 4293
124.78.153.86 - - [03/Dec/2021:06:46:26 +0800] "GET /xingrg/all/function/internal_message.html?_=1638485196049&CODE_STATE=getMsg HTTP/1.1" 200 27
114.85.125.222 - - [03/Dec/2021:06:46:29 +0800] "GET /xingrg/all/function/internal_message.html?_=1638485154288&CODE_STATE=getMsg HTTP/1.1" 200 27
116.238.248.233 - - [03/Dec/2021:06:46:37 +0800] "GET /xingrg/all/function/internal_message.html?_=1638485195804&CODE_STATE=getMsg HTTP/1.1" 200 27
222.70.171.86 - - [03/Dec/2021:06:46:40 +0800] "POST /xingrg/kc/base/wldb_order_operate.html HTTP/1.1" 200 37
222.70.171.86 - - [03/Dec/2021:06:46:42 +0800] "POST /xingrg/kc/base/wldb_order_operate.html HTTP/1.1" 200 12
222.70.171.86 - - [03/Dec/2021:06:46:42 +0800] "POST /xingrg/kc/base/wldb_order_operate.html HTTP/1.1" 200 3211
120.253.135.82 - - [03/Dec/2021:06:46:44 +0800] "POST /xingrg/kc/pszx/mdps_order_operate.html HTTP/1.1" 200 37
222.70.171.86 - - [03/Dec/2021:06:46:44 +0800] "GET /xingrg/kc/base/wldb_order_info.html?code=422021120300195 HTTP/1.1" 200 26364
222.70.171.86 - - [03/Dec/2021:06:46:45 +0800] "POST /xingrg/kc/base/wldb_order_operate.html HTTP/1.1" 200 1485
222.70.171.86 - - [03/Dec/2021:06:46:45 +0800] "GET /xingrg/javascript/easyui/themes/default/validatebox.css HTTP/1.1" 404 1104
120.253.135.82 - - [03/Dec/2021:06:46:45 +0800] "GET /xingrg/kc/pszx/mdps_order_info.html?code=312021120300089 HTTP/1.1" 200 23935
222.70.171.86 - - [03/Dec/2021:06:46:46 +0800] "GET /xingrg/all/function/internal_message.html?_=1638485222476&CODE_STATE=getMsg HTTP/1.1" 200 27
120.253.135.82 - - [03/Dec/2021:06:46:46 +0800] "POST /xingrg/kc/pszx/mdps_order_operate.html HTTP/1.1" 200 4294
120.253.135.82 - - [03/Dec/2021:06:46:46 +0800] "GET /xingrg/javascript/easyui/themes/default/validatebox.css HTTP/1.1" 404 1104
222.70.171.86 - - [03/Dec/2021:06:46:50 +0800] "GET /xingrg/kc/base/wldb_order_add.html HTTP/1.1" 200 30485
222.70.171.86 - - [03/Dec/2021:06:46:51 +0800] "POST /xingrg/kc/base/wldb_order_operate.html HTTP/1.1" 200 6806
222.70.171.86 - - [03/Dec/2021:06:46:51 +0800] "GET /xingrg/javascript/easyui/themes/default/validatebox.css HTTP/1.1" 404 1104
222.70.176.97 - - [03/Dec/2021:06:46:52 +0800] "GET /xingrg/all/function/internal_message.html?_=1638485208959&CODE_STATE=getMsg HTTP/1.1" 200 27
180.157.253.6 - - [03/Dec/2021:06:46:55 +0800] "POST /xingrg/services/DataTransmitService HTTP/1.1" 200 524
180.157.253.6 - - [03/Dec/2021:06:46:59 +0800] "POST /xingrg/services/DataTransmitService HTTP/1.1" 200 501
180.157.253.6 - - [03/Dec/2021:06:46:59 +0800] "POST /xingrg/services/DataTransmitService HTTP/1.1" 200 501
180.157.253.6 - - [03/Dec/2021:06:47:00 +0800] "POST /xingrg/services/DataTransmitService HTTP/1.1" 200 501
180.157.253.6 - - [03/Dec/2021:06:47:01 +0800] "POST /xingrg/services/DataTransmitService HTTP/1.1" 200 501
180.157.253.6 - - [03/Dec/2021:06:47:01 +0800] "POST /xingrg/services/DataTransmitService HTTP/1.1" 200 501
180.157.253.6 - - [03/Dec/2021:06:47:01 +0800] "POST /xingrg/services/DataTransmitService HTTP/1.1" 200 501
180.157.253.6 - - [03/Dec/2021:06:47:02 +0800] "POST /xingrg/services/DataTransmitService HTTP/1.1" 200 501
180.157.253.6 - - [03/Dec/2021:06:47:02 +0800] "POST /xingrg/services/DataTransmitService HTTP/1.1" 200 501
180.157.253.6 - - [03/Dec/2021:06:47:02 +0800] "POST /xingrg/services/DataTransmitService HTTP/1.1" 200 501
180.157.253.6 - - [03/Dec/2021:06:47:02 +0800] "POST /xingrg/services/DataTransmitService HTTP/1.1" 200 412
120.253.135.82 - - [03/Dec/2021:06:47:04 +0800] "GET /xingrg/check_reg.html?_=1638485000670 HTTP/1.1" 200 22
120.253.135.82 - - [03/Dec/2021:06:47:06 +0800] "GET /xingrg/all/function/internal_message.html?_=1638485001885&CODE_STATE=getMsg HTTP/1.1" 200 27
222.70.171.86 - - [03/Dec/2021:06:47:09 +0800] "GET /xingrg/kc/base/wldb_order_operate.html?command=get_materiel&rest_code=00146&base_code=0010064&code=00102002453 HTTP/1.1" 200 435
114.85.125.222 - - [03/Dec/2021:06:47:13 +0800] "GET /xingrg/check_reg.html?_=1638485198568 HTTP/1.1" 200 22
222.70.171.86 - - [03/Dec/2021:06:47:18 +0800] "GET /xingrg/all/function/internal_message.html?_=1638485252468&CODE_STATE=getMsg HTTP/1.1" 302 -
222.70.171.86 - - [03/Dec/2021:06:47:20 +0800] "POST /xingrg/kc/base/wldb_order_operate.html HTTP/1.1" 200 37
222.70.171.86 - - [03/Dec/2021:06:47:22 +0800] "POST /xingrg/kc/base/wldb_order_operate.html HTTP/1.1" 200 12
222.70.171.86 - - [03/Dec/2021:06:47:22 +0800] "POST /xingrg/kc/base/wldb_order_operate.html HTTP/1.1" 200 2184
222.70.171.86 - - [03/Dec/2021:06:47:23 +0800] "GET /xingrg/kc/base/wldb_order_info.html?code=422021120300196 HTTP/1.1" 200 26362
222.70.171.86 - - [03/Dec/2021:06:47:24 +0800] "GET /xingrg/javascript/easyui/themes/default/validatebox.css HTTP/1.1" 404 1104
222.70.171.86 - - [03/Dec/2021:06:47:24 +0800] "POST /xingrg/kc/base/wldb_order_operate.html HTTP/1.1" 200 477
124.78.153.86 - - [03/Dec/2021:06:47:26 +0800] "GET /xingrg/all/function/internal_message.html?_=1638485256049&CODE_STATE=getMsg HTTP/1.1" 200 27
222.70.171.86 - - [03/Dec/2021:06:47:26 +0800] "GET /xingrg/kc/base/wldb_order_add.html HTTP/1.1" 200 30485
222.70.171.86 - - [03/Dec/2021:06:47:27 +0800] "POST /xingrg/kc/base/wldb_order_operate.html HTTP/1.1" 200 6806
222.70.171.86 - - [03/Dec/2021:06:47:27 +0800] "GET /xingrg/javascript/easyui/themes/default/validatebox.css HTTP/1.1" 404 1104
114.85.125.222 - - [03/Dec/2021:06:47:29 +0800] "GET /xingrg/all/function/internal_message.html?_=1638485214291&CODE_STATE=getMsg HTTP/1.1" 200 27
116.238.248.233 - - [03/Dec/2021:06:47:37 +0800] "GET /xingrg/all/function/internal_message.html?_=1638485255803&CODE_STATE=getMsg HTTP/1.1" 200 27
222.70.171.86 - - [03/Dec/2021:06:47:42 +0800] "GET /xingrg/kc/base/wldb_order_operate.html?command=get_materiel&rest_code=00146&base_code=0010064&code=00102001110 HTTP/1.1" 200 445
222.70.171.86 - - [03/Dec/2021:06:47:45 +0800] "GET /xingrg/check_reg.html?_=1638485281950 HTTP/1.1" 200 22
222.70.171.86 - - [03/Dec/2021:06:47:46 +0800] "GET /xingrg/all/function/internal_message.html?_=1638485282489&CODE_STATE=getMsg HTTP/1.1" 200 27
222.70.171.86 - - [03/Dec/2021:06:47:50 +0800] "GET /xingrg/kc/base/wldb_order_operate.html?command=get_materiel&rest_code=00146&base_code=0010064&code=00102001031 HTTP/1.1" 200 440
222.70.176.97 - - [03/Dec/2021:06:47:52 +0800] "GET /xingrg/all/function/internal_message.html?_=1638485268943&CODE_STATE=getMsg HTTP/1.1" 200 27
222.70.171.86 - - [03/Dec/2021:06:48:02 +0800] "GET /xingrg/kc/base/wldb_order_operate.html?command=get_materiel&rest_code=00146&base_code=0010064&code=00102002304 HTTP/1.1" 200 449
120.253.135.82 - - [03/Dec/2021:06:48:03 +0800] "GET /xingrg/kc/pszx/mdps_order_operate.html?command=get_materiel&pszx_code=00101&rest_code=00155&base_code=0010250&code=00102002562 HTTP/1.1" 200 445
120.253.135.82 - - [03/Dec/2021:06:48:05 +0800] "POST /xingrg/all/common/load_select.html HTTP/1.1" 200 25
120.253.135.82 - - [03/Dec/2021:06:48:06 +0800] "GET /xingrg/all/function/internal_message.html?_=1638485061900&CODE_STATE=getMsg HTTP/1.1" 200 27
120.253.135.82 - - [03/Dec/2021:06:48:07 +0800] "GET /xingrg/kc/pszx/mdps_order_operate.html?command=get_materiel_price&pszx_code=00101&rest_code=00155&base_code=0010250&code=00102002562&unit_code=00100037&order_time=2021-12-04 HTTP/1.1" 200 34
222.70.171.86 - - [03/Dec/2021:06:48:12 +0800] "GET /xingrg/kc/base/wldb_order_operate.html?command=get_materiel&rest_code=00146&base_code=0010064&code=00102004030 HTTP/1.1" 200 444
120.253.135.82 - - [03/Dec/2021:06:48:13 +0800] "POST /xingrg/kc/pszx/mdps_order_operate.html HTTP/1.1" 200 37
120.253.135.82 - - [03/Dec/2021:06:48:14 +0800] "GET /xingrg/kc/pszx/mdps_order_info.html?code=312021120300089 HTTP/1.1" 200 23935
120.253.135.82 - - [03/Dec/2021:06:48:15 +0800] "POST /xingrg/kc/pszx/mdps_order_operate.html HTTP/1.1" 200 4302
120.253.135.82 - - [03/Dec/2021:06:48:15 +0800] "GET /xingrg/javascript/easyui/themes/default/validatebox.css HTTP/1.1" 404 1104
120.253.135.82 - - [03/Dec/2021:06:48:16 +0800] "POST /xingrg/kc/pszx/mdps_list_operate.html HTTP/1.1" 200 3567
222.70.171.86 - - [03/Dec/2021:06:48:18 +0800] "GET /xingrg/all/function/internal_message.html?_=1638485312470&CODE_STATE=getMsg HTTP/1.1" 302 -
120.253.135.82 - - [03/Dec/2021:06:48:19 +0800] "POST /xingrg/kc/pszx/mdps_list_operate.html HTTP/1.1" 200 651
120.253.135.82 - - [03/Dec/2021:06:48:21 +0800] "POST /xingrg/kc/pszx/mdps_list_operate.html HTTP/1.1" 200 204
120.253.135.82 - - [03/Dec/2021:06:48:23 +0800] "GET /xingrg/kc/pszx/mdps_order_info.html?code=312021120300087 HTTP/1.1" 200 23931
120.253.135.82 - - [03/Dec/2021:06:48:23 +0800] "GET /xingrg/javascript/easyui/themes/default/validatebox.css HTTP/1.1" 404 1104
120.253.135.82 - - [03/Dec/2021:06:48:23 +0800] "POST /xingrg/kc/pszx/mdps_order_operate.html HTTP/1.1" 200 2291
222.70.171.86 - - [03/Dec/2021:06:48:24 +0800] "POST /xingrg/kc/base/wldb_order_operate.html HTTP/1.1" 200 37
120.253.135.82 - - [03/Dec/2021:06:48:25 +0800] "POST /xingrg/all/common/load_combo.html?type=base HTTP/1.1" 200 1075
222.70.171.86 - - [03/Dec/2021:06:48:26 +0800] "POST /xingrg/kc/base/wldb_order_operate.html HTTP/1.1" 200 12
222.70.171.86 - - [03/Dec/2021:06:48:26 +0800] "POST /xingrg/kc/base/wldb_order_operate.html HTTP/1.1" 200 3643
124.78.153.86 - - [03/Dec/2021:06:48:26 +0800] "GET /xingrg/all/function/internal_message.html?_=1638485316048&CODE_STATE=getMsg HTTP/1.1" 200 27
222.70.171.86 - - [03/Dec/2021:06:48:27 +0800] "GET /xingrg/kc/base/wldb_order_info.html?code=422021120300197 HTTP/1.1" 200 26363
222.70.171.86 - - [03/Dec/2021:06:48:28 +0800] "GET /xingrg/javascript/easyui/themes/default/validatebox.css HTTP/1.1" 404 1104
222.70.171.86 - - [03/Dec/2021:06:48:28 +0800] "POST /xingrg/kc/base/wldb_order_operate.html HTTP/1.1" 200 1904
114.85.125.222 - - [03/Dec/2021:06:48:29 +0800] "GET /xingrg/all/function/internal_message.html?_=1638485274305&CODE_STATE=getMsg HTTP/1.1" 200 27
222.70.171.86 - - [03/Dec/2021:06:48:30 +0800] "GET /xingrg/kc/base/wldb_order_add.html HTTP/1.1" 200 30485
222.70.171.86 - - [03/Dec/2021:06:48:31 +0800] "POST /xingrg/kc/base/wldb_order_operate.html HTTP/1.1" 200 6806
222.70.171.86 - - [03/Dec/2021:06:48:31 +0800] "GET /xingrg/javascript/easyui/themes/default/validatebox.css HTTP/1.1" 404 1104
120.253.135.82 - - [03/Dec/2021:06:48:31 +0800] "POST /xingrg/kc/pszx/mdps_order_operate.html HTTP/1.1" 200 37
120.253.135.82 - - [03/Dec/2021:06:48:32 +0800] "GET /xingrg/kc/pszx/mdps_order_info.html?code=312021120300087 HTTP/1.1" 200 23929
120.253.135.82 - - [03/Dec/2021:06:48:33 +0800] "GET /xingrg/javascript/easyui/themes/default/validatebox.css HTTP/1.1" 404 1104
120.253.135.82 - - [03/Dec/2021:06:48:33 +0800] "POST /xingrg/kc/pszx/mdps_order_operate.html HTTP/1.1" 200 2298
120.253.135.82 - - [03/Dec/2021:06:48:36 +0800] "POST /xingrg/kc/pszx/mdps_list_operate.html HTTP/1.1" 200 3564
116.238.248.233 - - [03/Dec/2021:06:48:37 +0800] "GET /xingrg/all/function/internal_message.html?_=1638485315803&CODE_STATE=getMsg HTTP/1.1" 200 27
116.238.248.233 - - [03/Dec/2021:06:48:37 +0800] "GET /xingrg/check_reg.html?_=1638485315824 HTTP/1.1" 200 22
120.253.135.82 - - [03/Dec/2021:06:48:38 +0800] "GET /xingrg/kc/buy/buy_main.html HTTP/1.1" 200 12341
120.253.135.82 - - [03/Dec/2021:06:48:38 +0800] "GET /xingrg/css/new_ie.css HTTP/1.1" 404 1036
120.253.135.82 - - [03/Dec/2021:06:48:38 +0800] "GET /xingrg/javascript/jquery_ui/jquery-ui.min.js HTTP/1.1" 200 186181
120.253.135.82 - - [03/Dec/2021:06:48:38 +0800] "GET /xingrg/javascript/jquery_ui/themes/humanity/humanity.css HTTP/1.1" 200 27801
120.253.135.82 - - [03/Dec/2021:06:48:38 +0800] "POST /xingrg/kc/pszx/mdps_list_operate.html HTTP/1.1" 200 3564
120.253.135.82 - - [03/Dec/2021:06:48:38 +0800] "GET /xingrg/images/blue/button/cgxqd.gif HTTP/1.1" 200 2619
120.253.135.82 - - [03/Dec/2021:06:48:38 +0800] "GET /xingrg/images/blue/button/cgydd.gif HTTP/1.1" 200 2712
120.253.135.82 - - [03/Dec/2021:06:48:38 +0800] "GET /xingrg/images/blue/button/cgshd.gif HTTP/1.1" 200 2618
