58.37.8.149 - - [03/Dec/2021:09:54:09 +0800] "GET /xingrg/kc/buy/cgsh_order_operate.html?command=get_materiel&rest_code=00141&code=00101006055&supplier_code=00100012&order_time=2021-12-03 HTTP/1.1" 200 409
58.221.95.50 - - [03/Dec/2021:09:54:17 +0800] "GET /xingrg/check_reg.html?_=1638496456576 HTTP/1.1" 302 -
222.70.171.86 - - [03/Dec/2021:09:54:20 +0800] "GET /xingrg/all/function/internal_message.html?_=1638496475075&CODE_STATE=getMsg HTTP/1.1" 302 -
180.174.250.202 - - [03/Dec/2021:09:54:21 +0800] "GET /xingrg/kc/print/load_data.html?order_code=212021120300795&kc_code=cgsh&condition= HTTP/1.1" 200 1337
180.169.147.146 - - [03/Dec/2021:09:54:27 +0800] "GET /xingrg/all/function/internal_message.html?_=1638496466947&CODE_STATE=getMsg HTTP/1.1" 200 27
58.37.8.149 - - [03/Dec/2021:09:54:28 +0800] "GET /xingrg/kc/buy/cgsh_order_operate.html?command=get_materiel&rest_code=00141&code=00101006128&supplier_code=00100012&order_time=2021-12-03 HTTP/1.1" 200 427
58.37.8.149 - - [03/Dec/2021:09:54:30 +0800] "GET /xingrg/all/function/internal_message.html?_=1638496290783&CODE_STATE=getMsg HTTP/1.1" 200 27
180.157.253.6 - - [03/Dec/2021:09:54:31 +0800] "GET /xingrg/all/function/internal_message.html?_=1638496471790&CODE_STATE=getMsg HTTP/1.1" 200 27
114.85.125.222 - - [03/Dec/2021:09:54:33 +0800] "GET /xingrg/css/base.css HTTP/1.1" 304 -
114.85.125.222 - - [03/Dec/2021:09:54:33 +0800] "GET /xingrg/css/site.css HTTP/1.1" 304 -
114.85.125.222 - - [03/Dec/2021:09:54:33 +0800] "GET /xingrg/javascript/easyui/themes/icon.css HTTP/1.1" 304 -
114.85.125.222 - - [03/Dec/2021:09:54:33 +0800] "GET /xingrg/javascript/jquery_tools/datebox.css HTTP/1.1" 304 -
114.85.125.222 - - [03/Dec/2021:09:54:33 +0800] "GET /xingrg/javascript/jquery_tools/table.css HTTP/1.1" 304 -
114.85.125.222 - - [03/Dec/2021:09:54:33 +0800] "GET /xingrg/javascript/jquery_tools/fix.css HTTP/1.1" 304 -
114.85.125.222 - - [03/Dec/2021:09:54:33 +0800] "GET /xingrg/javascript/easyui/themes/default/easyui.css HTTP/1.1" 304 -
114.85.125.222 - - [03/Dec/2021:09:54:33 +0800] "GET /xingrg/javascript/jquery_tools/jquery.tools.min.js HTTP/1.1" 304 -
114.85.125.222 - - [03/Dec/2021:09:54:33 +0800] "GET /xingrg/javascript/auto/jquery.autocomplete.css HTTP/1.1" 304 -
114.85.125.222 - - [03/Dec/2021:09:54:33 +0800] "GET /xingrg/javascript/jquery_tools/jquery.tools.extend.js HTTP/1.1" 304 -
114.85.125.222 - - [03/Dec/2021:09:54:33 +0800] "GET /xingrg/javascript/jquery_tools/jquery.tools.hotkey.js HTTP/1.1" 304 -
114.85.125.222 - - [03/Dec/2021:09:54:33 +0800] "GET /xingrg/javascript/auto/jquery.autocomplete.js HTTP/1.1" 304 -
114.85.125.222 - - [03/Dec/2021:09:54:33 +0800] "GET /xingrg/javascript/jquery_tools/jquery.tools.table.js HTTP/1.1" 304 -
114.85.125.222 - - [03/Dec/2021:09:54:33 +0800] "GET /xingrg/javascript/easyui/easyloader.js HTTP/1.1" 304 -
114.85.125.222 - - [03/Dec/2021:09:54:33 +0800] "GET /xingrg/javascript/jquery.utils.js HTTP/1.1" 304 -
114.85.125.222 - - [03/Dec/2021:09:54:33 +0800] "GET /xingrg/javascript/jquery_tools/order_manager.js HTTP/1.1" 304 -
114.85.125.222 - - [03/Dec/2021:09:54:33 +0800] "GET /xingrg/javascript/convert.js HTTP/1.1" 304 -
114.85.125.222 - - [03/Dec/2021:09:54:33 +0800] "GET /xingrg/javascript/pic_change.js HTTP/1.1" 304 -
114.85.125.222 - - [03/Dec/2021:09:54:33 +0800] "GET /xingrg/kc/buy/cgsh_order_info.html?code=212021120300776 HTTP/1.1" 200 59942
114.85.125.222 - - [03/Dec/2021:09:54:33 +0800] "GET /xingrg/javascript/jquery.cookie.js HTTP/1.1" 304 -
114.85.125.222 - - [03/Dec/2021:09:54:33 +0800] "GET /xingrg/javascript/json2.js HTTP/1.1" 304 -
114.85.125.222 - - [03/Dec/2021:09:54:33 +0800] "GET /xingrg/javascript/print/kc_print.js HTTP/1.1" 304 -
114.85.125.222 - - [03/Dec/2021:09:54:33 +0800] "GET /xingrg/javascript/print/LodopFuncs.js HTTP/1.1" 304 -
114.85.125.222 - - [03/Dec/2021:09:54:33 +0800] "GET /xingrg/words/20211201121711_words.js HTTP/1.1" 304 -
114.85.125.222 - - [03/Dec/2021:09:54:33 +0800] "GET /xingrg/javascript/easyui/themes/icons/edit_add_new.png HTTP/1.1" 304 -
114.85.125.222 - - [03/Dec/2021:09:54:33 +0800] "GET /xingrg/javascript/easyui/themes/icons/copy_new.png HTTP/1.1" 304 -
114.85.125.222 - - [03/Dec/2021:09:54:33 +0800] "GET /xingrg/javascript/easyui/themes/icons/print.png HTTP/1.1" 304 -
114.85.125.222 - - [03/Dec/2021:09:54:33 +0800] "GET /xingrg/javascript/easyui/themes/icons/cancel.png HTTP/1.1" 304 -
114.85.125.222 - - [03/Dec/2021:09:54:33 +0800] "GET /xingrg/javascript/easyui/themes/default/images/menu_downarrow.png HTTP/1.1" 304 -
114.85.125.222 - - [03/Dec/2021:09:54:33 +0800] "GET /xingrg/javascript/easyui/plugins/jquery.parser.js HTTP/1.1" 304 -
114.85.125.222 - - [03/Dec/2021:09:54:33 +0800] "GET /xingrg/images/control/ajaxLoader.gif HTTP/1.1" 304 -
114.85.125.222 - - [03/Dec/2021:09:54:33 +0800] "GET /xingrg/javascript/easyui/themes/default/validatebox.css HTTP/1.1" 404 1104
114.85.125.222 - - [03/Dec/2021:09:54:34 +0800] "POST /xingrg/kc/buy/cgsh_order_operate.html HTTP/1.1" 200 4771
114.83.221.14 - - [03/Dec/2021:09:54:34 +0800] "GET /xingrg/all/function/internal_message.html?_=1638496472094&CODE_STATE=getMsg HTTP/1.1" 200 27
114.83.221.14 - - [03/Dec/2021:09:54:34 +0800] "GET /xingrg/check_reg.html?_=1638496472235 HTTP/1.1" 200 22
114.85.125.222 - - [03/Dec/2021:09:54:35 +0800] "GET /xingrg/css/base.css HTTP/1.1" 304 -
114.85.125.222 - - [03/Dec/2021:09:54:35 +0800] "GET /xingrg/javascript/easyui/themes/default/easyui.css HTTP/1.1" 304 -
114.85.125.222 - - [03/Dec/2021:09:54:35 +0800] "GET /xingrg/css/site.css HTTP/1.1" 304 -
114.85.125.222 - - [03/Dec/2021:09:54:35 +0800] "GET /xingrg/javascript/easyui/themes/icon.css HTTP/1.1" 304 -
114.85.125.222 - - [03/Dec/2021:09:54:35 +0800] "GET /xingrg/javascript/jquery_tools/fix.css HTTP/1.1" 304 -
114.85.125.222 - - [03/Dec/2021:09:54:35 +0800] "GET /xingrg/javascript/auto/jquery.autocomplete.css HTTP/1.1" 304 -
114.85.125.222 - - [03/Dec/2021:09:54:35 +0800] "GET /xingrg/javascript/jquery_tools/table.css HTTP/1.1" 304 -
114.85.125.222 - - [03/Dec/2021:09:54:35 +0800] "GET /xingrg/javascript/pic_change.js HTTP/1.1" 304 -
114.85.125.222 - - [03/Dec/2021:09:54:35 +0800] "GET /xingrg/javascript/auto/jquery.autocomplete.js HTTP/1.1" 304 -
114.85.125.222 - - [03/Dec/2021:09:54:35 +0800] "GET /xingrg/javascript/jquery_tools/jquery.tools.min.js HTTP/1.1" 304 -
114.85.125.222 - - [03/Dec/2021:09:54:35 +0800] "GET /xingrg/javascript/jquery.utils.js HTTP/1.1" 304 -
114.85.125.222 - - [03/Dec/2021:09:54:35 +0800] "GET /xingrg/javascript/jquery_tools/order_manager.js HTTP/1.1" 304 -
114.85.125.222 - - [03/Dec/2021:09:54:35 +0800] "GET /xingrg/javascript/convert.js HTTP/1.1" 304 -
114.85.125.222 - - [03/Dec/2021:09:54:35 +0800] "GET /xingrg/javascript/jquery_tools/datebox.css HTTP/1.1" 304 -
114.85.125.222 - - [03/Dec/2021:09:54:35 +0800] "GET /xingrg/javascript/jquery_tools/jquery.tools.extend.js HTTP/1.1" 304 -
114.85.125.222 - - [03/Dec/2021:09:54:35 +0800] "GET /xingrg/javascript/jquery.cookie.js HTTP/1.1" 304 -
114.85.125.222 - - [03/Dec/2021:09:54:35 +0800] "GET /xingrg/javascript/print/kc_print.js HTTP/1.1" 304 -
114.85.125.222 - - [03/Dec/2021:09:54:35 +0800] "GET /xingrg/javascript/print/LodopFuncs.js HTTP/1.1" 304 -
114.85.125.222 - - [03/Dec/2021:09:54:35 +0800] "GET /xingrg/javascript/easyui/easyloader.js HTTP/1.1" 304 -
114.85.125.222 - - [03/Dec/2021:09:54:35 +0800] "GET /xingrg/javascript/jquery_tools/jquery.tools.hotkey.js HTTP/1.1" 304 -
114.85.125.222 - - [03/Dec/2021:09:54:35 +0800] "GET /xingrg/javascript/jquery_tools/jquery.tools.table.js HTTP/1.1" 304 -
114.85.125.222 - - [03/Dec/2021:09:54:35 +0800] "GET /xingrg/javascript/json2.js HTTP/1.1" 304 -
114.85.125.222 - - [03/Dec/2021:09:54:35 +0800] "GET /xingrg/kc/buy/cgsh_order_info.html?code=212021120300776 HTTP/1.1" 200 59942
114.85.125.222 - - [03/Dec/2021:09:54:35 +0800] "GET /xingrg/words/20211201121711_words.js HTTP/1.1" 304 -
114.85.125.222 - - [03/Dec/2021:09:54:35 +0800] "GET /xingrg/javascript/easyui/themes/icons/edit_add_new.png HTTP/1.1" 304 -
114.85.125.222 - - [03/Dec/2021:09:54:35 +0800] "GET /xingrg/javascript/easyui/themes/icons/copy_new.png HTTP/1.1" 304 -
114.85.125.222 - - [03/Dec/2021:09:54:35 +0800] "GET /xingrg/javascript/easyui/themes/icons/print.png HTTP/1.1" 304 -
114.85.125.222 - - [03/Dec/2021:09:54:35 +0800] "GET /xingrg/javascript/easyui/themes/default/images/menu_downarrow.png HTTP/1.1" 304 -
114.85.125.222 - - [03/Dec/2021:09:54:35 +0800] "GET /xingrg/javascript/easyui/themes/icons/cancel.png HTTP/1.1" 304 -
114.85.125.222 - - [03/Dec/2021:09:54:35 +0800] "GET /xingrg/javascript/easyui/plugins/jquery.parser.js HTTP/1.1" 304 -
114.85.125.222 - - [03/Dec/2021:09:54:35 +0800] "GET /xingrg/images/control/ajaxLoader.gif HTTP/1.1" 304 -
114.85.125.222 - - [03/Dec/2021:09:54:35 +0800] "GET /xingrg/javascript/easyui/themes/default/validatebox.css HTTP/1.1" 404 1104
114.85.125.222 - - [03/Dec/2021:09:54:35 +0800] "POST /xingrg/kc/buy/cgsh_order_operate.html HTTP/1.1" 200 4771
116.228.172.94 - - [03/Dec/2021:09:54:39 +0800] "GET /xingrg/all/function/internal_message.html?_=1638496344795&CODE_STATE=getMsg HTTP/1.1" 200 27
58.39.139.200 - - [03/Dec/2021:09:54:39 +0800] "GET /xingrg/all/function/internal_message.html?_=1638496479745&CODE_STATE=getMsg HTTP/1.1" 200 27
116.238.248.233 - - [03/Dec/2021:09:54:40 +0800] "GET /xingrg/all/function/internal_message.html?_=1638496478890&CODE_STATE=getMsg HTTP/1.1" 200 27
58.39.139.200 - - [03/Dec/2021:09:54:41 +0800] "GET /xingrg/kc/buy/cgsh_order_operate.html?command=get_materiel&rest_code=00105&code=00102009597&supplier_code=00100212&order_time=2021-12-03 HTTP/1.1" 200 412
180.174.250.202 - - [03/Dec/2021:09:54:43 +0800] "GET /xingrg/all/function/internal_message.html?_=1638496480936&CODE_STATE=getMsg HTTP/1.1" 200 27
116.238.248.233 - - [03/Dec/2021:09:54:48 +0800] "POST /xingrg/all/user/operate.html HTTP/1.1" 200 36
58.37.8.149 - - [03/Dec/2021:09:54:48 +0800] "POST /xingrg/kc/buy/cgsh_order_operate.html HTTP/1.1" 200 37
116.238.248.233 - - [03/Dec/2021:09:54:48 +0800] "GET /xingrg/index.html?sysBaseUrl=http%3A%2F%2F180.169.147.146%3A18081%2Fxingrg%2F&costTime=40×tamp=1638417384168 HTTP/1.1" 200 17179
116.238.248.233 - - [03/Dec/2021:09:54:48 +0800] "GET /xingrg/javascript/jquery_easy_ui/themes/default/easyui.css HTTP/1.1" 304 -
116.238.248.233 - - [03/Dec/2021:09:54:48 +0800] "GET /xingrg/javascript/jquery_easy_ui/themes/icon.css HTTP/1.1" 304 -
116.238.248.233 - - [03/Dec/2021:09:54:48 +0800] "GET /xingrg/css/form.css HTTP/1.1" 304 -
116.238.248.233 - - [03/Dec/2021:09:54:48 +0800] "GET /xingrg/javascript/jquery-1.4.2.min.js HTTP/1.1" 304 -
116.238.248.233 - - [03/Dec/2021:09:54:48 +0800] "GET /xingrg/javascript/jquery_easy_ui/jquery.easyui.min.js HTTP/1.1" 304 -
116.238.248.233 - - [03/Dec/2021:09:54:48 +0800] "GET /xingrg/javascript/jquery_easy_ui/easyui-lang-zh_CN.js HTTP/1.1" 304 -
116.238.248.233 - - [03/Dec/2021:09:54:48 +0800] "GET /xingrg/javascript/jquery.form.js HTTP/1.1" 304 -
116.238.248.233 - - [03/Dec/2021:09:54:48 +0800] "GET /xingrg/javascript/jquery.utils.js HTTP/1.1" 304 -
116.238.248.233 - - [03/Dec/2021:09:54:48 +0800] "GET /xingrg/javascript/jquery.timers.js HTTP/1.1" 304 -
116.238.248.233 - - [03/Dec/2021:09:54:48 +0800] "GET /xingrg/images/blue/jxLogo.png HTTP/1.1" 304 -
116.238.248.233 - - [03/Dec/2021:09:54:48 +0800] "GET /xingrg/images/blue/navBackgound.jpg HTTP/1.1" 304 -
116.238.248.233 - - [03/Dec/2021:09:54:48 +0800] "GET /xingrg/javascript/jquery_easy_ui/themes/icons/settle_new.png HTTP/1.1" 304 -
116.238.248.233 - - [03/Dec/2021:09:54:49 +0800] "POST /xingrg/all/common/load_tree.html?tree=area_rest_tree_json&manage=1 HTTP/1.1" 200 476
116.238.248.233 - - [03/Dec/2021:09:54:49 +0800] "GET /xingrg/check_reg.html?_=1638496487313 HTTP/1.1" 200 22
116.238.248.233 - - [03/Dec/2021:09:54:49 +0800] "GET /xingrg/all/function/internal_message.html?_=1638496487311&CODE_STATE=count HTTP/1.1" 200 11
116.238.248.233 - - [03/Dec/2021:09:54:49 +0800] "GET /xingrg/images/blue/pingpu.png HTTP/1.1" 304 -
116.238.248.233 - - [03/Dec/2021:09:54:49 +0800] "GET /xingrg/javascript/jquery_easy_ui/themes/default/images/tabs_rightarrow.png HTTP/1.1" 304 -
116.238.248.233 - - [03/Dec/2021:09:54:49 +0800] "GET /xingrg/javascript/jquery_easy_ui/themes/default/images/panel_tool_collapse.gif HTTP/1.1" 304 -
116.238.248.233 - - [03/Dec/2021:09:54:49 +0800] "GET /xingrg/javascript/jquery_easy_ui/themes/default/images/tabs_leftarrow.png HTTP/1.1" 304 -
222.70.176.97 - - [03/Dec/2021:09:54:49 +0800] "GET /xingrg/all/function/internal_message.html?_=1638496485687&CODE_STATE=getMsg HTTP/1.1" 200 27
116.238.248.233 - - [03/Dec/2021:09:54:49 +0800] "POST /xingrg/load_menu.html HTTP/1.1" 200 5138
116.238.248.233 - - [03/Dec/2021:09:54:51 +0800] "GET /xingrg/kc/buy/cgsh_order_list.html HTTP/1.1" 200 49380
58.37.8.149 - - [03/Dec/2021:09:54:52 +0800] "POST /xingrg/kc/buy/cgsh_order_operate.html HTTP/1.1" 200 12
116.238.248.233 - - [03/Dec/2021:09:54:53 +0800] "POST /xingrg/kc/buy/cgsh_list_operate.html HTTP/1.1" 200 876
58.37.8.149 - - [03/Dec/2021:09:54:53 +0800] "GET /xingrg/kc/buy/cgsh_order_info.html?code=212021120300796 HTTP/1.1" 200 60059
58.37.8.149 - - [03/Dec/2021:09:54:53 +0800] "GET /xingrg/javascript/easyui/themes/default/validatebox.css HTTP/1.1" 404 1104
116.238.248.233 - - [03/Dec/2021:09:54:54 +0800] "GET /xingrg/kc/buy/cgsh_order_add.html HTTP/1.1" 200 65027
58.37.8.149 - - [03/Dec/2021:09:54:54 +0800] "POST /xingrg/kc/buy/cgsh_order_operate.html HTTP/1.1" 200 2395
116.238.248.233 - - [03/Dec/2021:09:54:54 +0800] "POST /xingrg/kc/buy/cgsh_order_operate.html HTTP/1.1" 200 8245
116.238.248.233 - - [03/Dec/2021:09:54:54 +0800] "GET /xingrg/javascript/easyui/themes/default/validatebox.css HTTP/1.1" 404 1104
116.238.248.233 - - [03/Dec/2021:09:54:56 +0800] "GET /xingrg/javascript/auto/indicator.gif HTTP/1.1" 404 1066
58.39.139.200 - - [03/Dec/2021:09:54:56 +0800] "GET /xingrg/kc/buy/cgsh_order_operate.html?command=get_materiel&rest_code=00105&code=00102010700&supplier_code=00100212&order_time=2021-12-03 HTTP/1.1" 200 412
58.37.8.149 - - [03/Dec/2021:09:54:56 +0800] "GET /xingrg/kc/print/load_data.html?order_code=212021120300796&kc_code=cgsh&condition= HTTP/1.1" 200 1487
58.37.8.149 - - [03/Dec/2021:09:55:00 +0800] "GET /xingrg/kc/buy/cgsh_order_add.html HTTP/1.1" 200 65150
58.37.8.149 - - [03/Dec/2021:09:55:00 +0800] "POST /xingrg/kc/buy/cgsh_order_operate.html HTTP/1.1" 200 8245
58.37.8.149 - - [03/Dec/2021:09:55:00 +0800] "GET /xingrg/javascript/easyui/themes/default/validatebox.css HTTP/1.1" 404 1104
222.70.171.86 - - [03/Dec/2021:09:55:01 +0800] "GET /xingrg/all/function/internal_message.html?_=1638496518663&CODE_STATE=getMsg HTTP/1.1" 200 27
222.70.176.97 - - [03/Dec/2021:09:55:04 +0800] "GET /xingrg/check_reg.html?_=1638496501537 HTTP/1.1" 200 22
116.238.248.233 - - [03/Dec/2021:09:55:05 +0800] "GET /xingrg/kc/buy/cgsh_order_operate.html?command=get_materiel&rest_code=00150&code=00101028005&supplier_code=00100018&order_time=2021-12-03 HTTP/1.1" 200 436
58.37.8.149 - - [03/Dec/2021:09:55:09 +0800] "GET /xingrg/kc/buy/cgsh_order_operate.html?command=get_materiel&rest_code=00141&code=00101007061&supplier_code=00100004&order_time=2021-12-03 HTTP/1.1" 200 409
58.39.139.200 - - [03/Dec/2021:09:55:13 +0800] "POST /xingrg/kc/buy/cgsh_order_operate.html HTTP/1.1" 200 37
58.39.139.200 - - [03/Dec/2021:09:55:15 +0800] "POST /xingrg/kc/buy/cgsh_order_operate.html HTTP/1.1" 200 7432
58.39.139.200 - - [03/Dec/2021:09:55:16 +0800] "GET /xingrg/kc/buy/cgsh_order_list.html HTTP/1.1" 200 49374
58.37.8.149 - - [03/Dec/2021:09:55:17 +0800] "GET /xingrg/kc/buy/cgsh_order_operate.html?command=get_materiel&rest_code=00141&code=00101007049&supplier_code=00100004&order_time=2021-12-03 HTTP/1.1" 200 409
116.232.55.144 - - [03/Dec/2021:09:55:17 +0800] "POST /xingrg/services/DataTransmitService HTTP/1.1" 200 524
116.232.55.144 - - [03/Dec/2021:09:55:18 +0800] "POST /xingrg/services/DataTransmitService HTTP/1.1" 200 501
58.39.139.200 - - [03/Dec/2021:09:55:18 +0800] "POST /xingrg/kc/buy/cgsh_list_operate.html HTTP/1.1" 200 3109
116.232.55.144 - - [03/Dec/2021:09:55:20 +0800] "POST /xingrg/services/DataTransmitService HTTP/1.1" 200 524
222.70.171.86 - - [03/Dec/2021:09:55:20 +0800] "GET /xingrg/all/function/internal_message.html?_=1638496535099&CODE_STATE=getMsg HTTP/1.1" 302 -
116.232.55.144 - - [03/Dec/2021:09:55:22 +0800] "POST /xingrg/services/DataTransmitService HTTP/1.1" 200 501
58.37.8.149 - - [03/Dec/2021:09:55:24 +0800] "GET /xingrg/kc/buy/cgsh_order_operate.html?command=get_materiel&rest_code=00141&code=00101007084&supplier_code=00100004&order_time=2021-12-03 HTTP/1.1" 200 417
180.169.147.146 - - [03/Dec/2021:09:55:27 +0800] "GET /xingrg/check_reg.html?_=1638496526932 HTTP/1.1" 200 22
180.169.147.146 - - [03/Dec/2021:09:55:27 +0800] "GET /xingrg/all/function/internal_message.html?_=1638496526934&CODE_STATE=getMsg HTTP/1.1" 200 27
58.37.8.149 - - [03/Dec/2021:09:55:30 +0800] "GET /xingrg/all/function/internal_message.html?_=1638496350755&CODE_STATE=getMsg HTTP/1.1" 200 27
58.37.8.149 - - [03/Dec/2021:09:55:30 +0800] "GET /xingrg/check_reg.html?_=1638496350802 HTTP/1.1" 200 22
180.157.253.6 - - [03/Dec/2021:09:55:31 +0800] "GET /xingrg/all/function/internal_message.html?_=1638496531789&CODE_STATE=getMsg HTTP/1.1" 200 27
180.157.253.6 - - [03/Dec/2021:09:55:31 +0800] "GET /xingrg/check_reg.html?_=1638496531791 HTTP/1.1" 200 22
58.37.8.149 - - [03/Dec/2021:09:55:32 +0800] "GET /xingrg/kc/buy/cgsh_order_operate.html?command=get_materiel&rest_code=00141&code=00101007038&supplier_code=00100004&order_time=2021-12-03 HTTP/1.1" 200 442
116.232.55.144 - - [03/Dec/2021:09:55:33 +0800] "POST /xingrg/services/DataTransmitService HTTP/1.1" 200 524
116.232.55.144 - - [03/Dec/2021:09:55:33 +0800] "POST /xingrg/services/DataTransmitService HTTP/1.1" 200 501
114.83.221.14 - - [03/Dec/2021:09:55:34 +0800] "GET /xingrg/all/function/internal_message.html?_=1638496532100&CODE_STATE=getMsg HTTP/1.1" 200 27
58.39.139.200 - - [03/Dec/2021:09:55:38 +0800] "POST /xingrg/kc/buy/cgsh_list_operate.html HTTP/1.1" 200 5437
116.228.172.94 - - [03/Dec/2021:09:55:39 +0800] "GET /xingrg/all/function/internal_message.html?_=1638496404786&CODE_STATE=getMsg HTTP/1.1" 200 27
116.228.172.94 - - [03/Dec/2021:09:55:39 +0800] "GET /xingrg/check_reg.html?_=1638496404787 HTTP/1.1" 200 22
58.39.139.200 - - [03/Dec/2021:09:55:39 +0800] "GET /xingrg/all/function/internal_message.html?_=1638496539741&CODE_STATE=getMsg HTTP/1.1" 200 27
116.232.55.144 - - [03/Dec/2021:09:55:39 +0800] "POST /xingrg/services/DataTransmitService HTTP/1.1" 200 524
58.37.8.149 - - [03/Dec/2021:09:55:41 +0800] "GET /xingrg/kc/buy/cgsh_order_operate.html?command=get_materiel&rest_code=00141&code=00101007063&supplier_code=00100004&order_time=2021-12-03 HTTP/1.1" 200 409
180.174.250.202 - - [03/Dec/2021:09:55:43 +0800] "GET /xingrg/all/function/internal_message.html?_=1638496541287&CODE_STATE=getMsg HTTP/1.1" 200 27
116.238.248.233 - - [03/Dec/2021:09:55:49 +0800] "GET /xingrg/all/function/internal_message.html?_=1638496547324&CODE_STATE=getMsg HTTP/1.1" 200 27
222.70.176.97 - - [03/Dec/2021:09:55:49 +0800] "GET /xingrg/all/function/internal_message.html?_=1638496545659&CODE_STATE=getMsg HTTP/1.1" 200 27
58.37.8.149 - - [03/Dec/2021:09:55:49 +0800] "GET /xingrg/kc/buy/cgsh_order_operate.html?command=get_materiel&rest_code=00141&code=00101007077&supplier_code=00100004&order_time=2021-12-03 HTTP/1.1" 200 415
222.70.176.97 - - [03/Dec/2021:09:55:54 +0800] "POST /xingrg/kc/buy/cgsh_order_operate.html HTTP/1.1" 200 2065
58.37.8.149 - - [03/Dec/2021:09:55:56 +0800] "GET /xingrg/kc/buy/cgsh_order_operate.html?command=get_materiel&rest_code=00141&code=00101007085&supplier_code=00100004&order_time=2021-12-03 HTTP/1.1" 200 413
120.253.135.82 - - [03/Dec/2021:09:55:58 +0800] "GET /xingrg/check_reg.html?_=1638496334532 HTTP/1.1" 200 22
222.70.171.86 - - [03/Dec/2021:09:56:01 +0800] "GET /xingrg/all/function/internal_message.html?_=1638496578678&CODE_STATE=getMsg HTTP/1.1" 200 27
58.37.8.149 - - [03/Dec/2021:09:56:07 +0800] "POST /xingrg/kc/buy/cgsh_order_operate.html HTTP/1.1" 200 37
116.238.248.233 - - [03/Dec/2021:09:56:07 +0800] "GET /xingrg/kc/buy/cgsh_order_operate.html?command=get_materiel&rest_code=00150&code=00101029020&supplier_code=00100018&order_time=2021-12-03 HTTP/1.1" 200 459
58.37.8.149 - - [03/Dec/2021:09:56:11 +0800] "POST /xingrg/kc/buy/cgsh_order_operate.html HTTP/1.1" 200 12
58.37.8.149 - - [03/Dec/2021:09:56:12 +0800] "GET /xingrg/kc/buy/cgsh_order_info.html?code=212021120300798 HTTP/1.1" 200 60059
58.37.8.149 - - [03/Dec/2021:09:56:12 +0800] "GET /xingrg/javascript/easyui/themes/default/validatebox.css HTTP/1.1" 404 1104
58.37.8.149 - - [03/Dec/2021:09:56:13 +0800] "POST /xingrg/kc/buy/cgsh_order_operate.html HTTP/1.1" 200 4157
58.37.8.149 - - [03/Dec/2021:09:56:14 +0800] "GET /xingrg/kc/print/load_data.html?order_code=212021120300798&kc_code=cgsh&condition= HTTP/1.1" 200 2113
58.37.8.149 - - [03/Dec/2021:09:56:17 +0800] "GET /xingrg/kc/buy/cgsh_order_add.html HTTP/1.1" 200 65150
58.37.8.149 - - [03/Dec/2021:09:56:18 +0800] "POST /xingrg/kc/buy/cgsh_order_operate.html HTTP/1.1" 200 8245
58.37.8.149 - - [03/Dec/2021:09:56:18 +0800] "GET /xingrg/javascript/easyui/themes/default/validatebox.css HTTP/1.1" 404 1104
222.70.171.86 - - [03/Dec/2021:09:56:20 +0800] "GET /xingrg/all/function/internal_message.html?_=1638496595102&CODE_STATE=getMsg HTTP/1.1" 302 -
116.238.248.233 - - [03/Dec/2021:09:56:21 +0800] "GET /xingrg/kc/buy/cgsh_order_operate.html?command=get_materiel&rest_code=00150&code=00101029036&supplier_code=00100018&order_time=2021-12-03 HTTP/1.1" 200 461
180.169.147.146 - - [03/Dec/2021:09:56:27 +0800] "GET /xingrg/all/function/internal_message.html?_=1638496586934&CODE_STATE=getMsg HTTP/1.1" 200 27
58.37.8.149 - - [03/Dec/2021:09:56:30 +0800] "GET /xingrg/all/function/internal_message.html?_=1638496410742&CODE_STATE=getMsg HTTP/1.1" 200 27
180.157.253.6 - - [03/Dec/2021:09:56:31 +0800] "GET /xingrg/all/function/internal_message.html?_=1638496591790&CODE_STATE=getMsg HTTP/1.1" 200 27
114.83.221.14 - - [03/Dec/2021:09:56:34 +0800] "GET /xingrg/all/function/internal_message.html?_=1638496592098&CODE_STATE=getMsg HTTP/1.1" 200 27
116.228.172.94 - - [03/Dec/2021:09:56:39 +0800] "GET /xingrg/all/function/internal_message.html?_=1638496464791&CODE_STATE=getMsg HTTP/1.1" 200 27
58.39.139.200 - - [03/Dec/2021:09:56:39 +0800] "GET /xingrg/all/function/internal_message.html?_=1638496599747&CODE_STATE=getMsg HTTP/1.1" 200 27
116.238.248.233 - - [03/Dec/2021:09:56:40 +0800] "POST /xingrg/kc/buy/cgsh_order_operate.html HTTP/1.1" 200 37
58.37.8.149 - - [03/Dec/2021:09:56:41 +0800] "GET /xingrg/kc/buy/cgsh_order_operate.html?command=get_materiel&rest_code=00141&code=00101008091&supplier_code=00100007&order_time=2021-12-03 HTTP/1.1" 200 413
180.174.250.202 - - [03/Dec/2021:09:56:43 +0800] "GET /xingrg/all/function/internal_message.html?_=1638496601289&CODE_STATE=getMsg HTTP/1.1" 200 27
116.238.248.233 - - [03/Dec/2021:09:56:43 +0800] "POST /xingrg/kc/buy/cgsh_order_operate.html HTTP/1.1" 200 12
116.238.248.233 - - [03/Dec/2021:09:56:44 +0800] "GET /xingrg/kc/buy/cgsh_order_info.html?code=212021120300799 HTTP/1.1" 200 59934
116.238.248.233 - - [03/Dec/2021:09:56:45 +0800] "GET /xingrg/javascript/easyui/themes/default/validatebox.css HTTP/1.1" 404 1104
222.70.176.97 - - [03/Dec/2021:09:56:46 +0800] "GET /xingrg/kc/buy/cgsh_order_operate.html?command=get_materiel&rest_code=00111&code=00101008072&supplier_code=00100005&order_time=2021-12-03 HTTP/1.1" 200 408
58.39.139.200 - - [03/Dec/2021:09:56:46 +0800] "POST /xingrg/kc/buy/cgsh_list_operate.html HTTP/1.1" 200 5437
116.238.248.233 - - [03/Dec/2021:09:56:46 +0800] "POST /xingrg/kc/buy/cgsh_order_operate.html HTTP/1.1" 200 1263
116.238.248.233 - - [03/Dec/2021:09:56:47 +0800] "GET /xingrg/kc/print/load_data.html?order_code=212021120300799&kc_code=cgsh&condition= HTTP/1.1" 200 1050
222.70.176.97 - - [03/Dec/2021:09:56:49 +0800] "GET /xingrg/all/function/internal_message.html?_=1638496605635&CODE_STATE=getMsg HTTP/1.1" 200 27
116.238.248.233 - - [03/Dec/2021:09:56:49 +0800] "GET /xingrg/all/function/internal_message.html?_=1638496607342&CODE_STATE=getMsg HTTP/1.1" 200 27
58.39.139.200 - - [03/Dec/2021:09:56:50 +0800] "GET /xingrg/kc/buy/cgsh_order_list.html HTTP/1.1" 200 49374
58.39.139.200 - - [03/Dec/2021:09:56:52 +0800] "POST /xingrg/kc/buy/cgsh_list_operate.html HTTP/1.1" 200 3109
58.37.8.149 - - [03/Dec/2021:09:56:53 +0800] "GET /xingrg/kc/buy/cgsh_order_operate.html?command=get_materiel&rest_code=00141&code=00101008257&supplier_code=00100007&order_time=2021-12-03 HTTP/1.1" 200 416
58.39.139.200 - - [03/Dec/2021:09:56:56 +0800] "POST /xingrg/kc/buy/cgsh_list_operate.html HTTP/1.1" 200 582
58.39.139.200 - - [03/Dec/2021:09:56:57 +0800] "GET /xingrg/kc/buy/cgsh_order_info.html?code=212021120300797 HTTP/1.1" 200 65192
58.39.139.200 - - [03/Dec/2021:09:56:57 +0800] "GET /xingrg/javascript/easyui/themes/default/validatebox.css HTTP/1.1" 404 1104
58.39.139.200 - - [03/Dec/2021:09:56:58 +0800] "POST /xingrg/kc/buy/cgsh_order_operate.html HTTP/1.1" 200 7432
58.37.8.149 - - [03/Dec/2021:09:56:59 +0800] "GET /xingrg/kc/buy/cgsh_order_operate.html?command=get_materiel&rest_code=00141&code=00101008612&supplier_code=00100007&order_time=2021-12-03 HTTP/1.1" 200 406
222.70.171.86 - - [03/Dec/2021:09:57:02 +0800] "GET /xingrg/all/function/internal_message.html?_=1638496639174&CODE_STATE=getMsg HTTP/1.1" 200 27
58.37.8.149 - - [03/Dec/2021:09:57:08 +0800] "GET /xingrg/kc/buy/cgsh_order_operate.html?command=get_materiel&rest_code=00141&code=00101008026&supplier_code=00100007&order_time=2021-12-03 HTTP/1.1" 200 409
222.70.176.97 - - [03/Dec/2021:09:57:10 +0800] "GET /xingrg/kc/buy/cgsh_order_operate.html?command=get_materiel&rest_code=00111&code=00101008126&supplier_code=00100005&order_time=2021-12-03 HTTP/1.1" 200 412
58.37.8.149 - - [03/Dec/2021:09:57:16 +0800] "GET /xingrg/kc/buy/cgsh_order_operate.html?command=get_materiel&rest_code=00141&code=00101008110&supplier_code=00100007&order_time=2021-12-03 HTTP/1.1" 200 408
222.70.171.86 - - [03/Dec/2021:09:57:20 +0800] "GET /xingrg/all/function/internal_message.html?_=1638496655127&CODE_STATE=getMsg HTTP/1.1" 302 -
58.37.8.149 - - [03/Dec/2021:09:57:23 +0800] "GET /xingrg/kc/buy/cgsh_order_operate.html?command=get_materiel&rest_code=00141&code=00101008096&supplier_code=00100007&order_time=2021-12-03 HTTP/1.1" 200 412
58.39.139.200 - - [03/Dec/2021:09:57:24 +0800] "GET /xingrg/kc/buy/cgsh_order_operate.html?command=get_materiel&rest_code=00105&code=00102010719&supplier_code=00100212&order_time=2021-12-03 HTTP/1.1" 200 416
180.169.147.146 - - [03/Dec/2021:09:57:27 +0800] "GET /xingrg/all/function/internal_message.html?_=1638496646936&CODE_STATE=getMsg HTTP/1.1" 200 27
58.37.8.149 - - [03/Dec/2021:09:57:29 +0800] "GET /xingrg/kc/buy/cgsh_order_operate.html?command=get_materiel&rest_code=00141&code=00101008038&supplier_code=00100007&order_time=2021-12-03 HTTP/1.1" 200 412
58.37.8.149 - - [03/Dec/2021:09:57:30 +0800] "GET /xingrg/all/function/internal_message.html?_=1638496470704&CODE_STATE=getMsg HTTP/1.1" 200 27
180.157.253.6 - - [03/Dec/2021:09:57:31 +0800] "GET /xingrg/all/function/internal_message.html?_=1638496651788&CODE_STATE=getMsg HTTP/1.1" 200 27
114.83.221.14 - - [03/Dec/2021:09:57:34 +0800] "GET /xingrg/all/function/internal_message.html?_=1638496652110&CODE_STATE=getMsg HTTP/1.1" 200 27
222.70.176.97 - - [03/Dec/2021:09:57:35 +0800] "GET /xingrg/kc/buy/cgsh_order_operate.html?command=get_materiel&rest_code=00111&code=00101008270&supplier_code=00100005&order_time=2021-12-03 HTTP/1.1" 200 412
58.37.8.149 - - [03/Dec/2021:09:57:38 +0800] "GET /xingrg/kc/buy/cgsh_order_operate.html?command=get_materiel&rest_code=00141&code=00101008221&supplier_code=00100007&order_time=2021-12-03 HTTP/1.1" 200 412
116.228.172.94 - - [03/Dec/2021:09:57:39 +0800] "GET /xingrg/all/function/internal_message.html?_=1638496524782&CODE_STATE=getMsg HTTP/1.1" 200 27
58.39.139.200 - - [03/Dec/2021:09:57:39 +0800] "GET /xingrg/all/function/internal_message.html?_=1638496659782&CODE_STATE=getMsg HTTP/1.1" 200 27
180.174.250.202 - - [03/Dec/2021:09:57:43 +0800] "GET /xingrg/all/function/internal_message.html?_=1638496661637&CODE_STATE=getMsg HTTP/1.1" 200 27
58.39.139.200 - - [03/Dec/2021:09:57:44 +0800] "GET /xingrg/kc/buy/cgsh_order_operate.html?command=get_materiel&rest_code=00105&code=00101013054&supplier_code=00100212&order_time=2021-12-03 HTTP/1.1" 200 408
58.37.8.149 - - [03/Dec/2021:09:57:46 +0800] "GET /xingrg/kc/buy/cgsh_order_operate.html?command=get_materiel&rest_code=00141&code=00101008163&supplier_code=00100007&order_time=2021-12-03 HTTP/1.1" 200 409
222.70.176.97 - - [03/Dec/2021:09:57:49 +0800] "GET /xingrg/all/function/internal_message.html?_=1638496665618&CODE_STATE=getMsg HTTP/1.1" 200 27
116.238.248.233 - - [03/Dec/2021:09:57:49 +0800] "GET /xingrg/all/function/internal_message.html?_=1638496667324&CODE_STATE=getMsg HTTP/1.1" 200 27
222.70.171.86 - - [03/Dec/2021:09:57:51 +0800] "GET /xingrg/check_reg.html?_=1638496688565 HTTP/1.1" 200 22
58.39.139.200 - - [03/Dec/2021:09:57:52 +0800] "GET /xingrg/kc/buy/cgsh_order_operate.html?command=get_materiel&rest_code=00105&code=00102009646&supplier_code=00100212&order_time=2021-12-03 HTTP/1.1" 200 410
58.37.8.149 - - [03/Dec/2021:09:58:00 +0800] "GET /xingrg/kc/buy/cgsh_order_operate.html?command=get_materiel&rest_code=00141&code=00101008264&supplier_code=00100007&order_time=2021-12-03 HTTP/1.1" 200 412
222.70.171.86 - - [03/Dec/2021:09:58:02 +0800] "GET /xingrg/all/function/internal_message.html?_=1638496699188&CODE_STATE=getMsg HTTP/1.1" 200 27
222.70.176.97 - - [03/Dec/2021:09:58:04 +0800] "GET /xingrg/kc/buy/cgsh_order_operate.html?command=get_materiel&rest_code=00111&code=00101008244&supplier_code=00100005&order_time=2021-12-03 HTTP/1.1" 200 408
58.37.8.149 - - [03/Dec/2021:09:58:07 +0800] "GET /xingrg/kc/buy/cgsh_order_operate.html?command=get_materiel&rest_code=00141&code=00101008356&supplier_code=00100007&order_time=2021-12-03 HTTP/1.1" 200 408
58.37.8.149 - - [03/Dec/2021:09:58:15 +0800] "GET /xingrg/kc/buy/cgsh_order_operate.html?command=get_materiel&rest_code=00141&code=00101008137&supplier_code=00100007&order_time=2021-12-03 HTTP/1.1" 200 408
222.70.176.97 - - [03/Dec/2021:09:58:17 +0800] "POST /xingrg/kc/buy/cgsh_order_operate.html HTTP/1.1" 200 2065
222.70.171.86 - - [03/Dec/2021:09:58:20 +0800] "GET /xingrg/all/function/internal_message.html?_=1638496715129&CODE_STATE=getMsg HTTP/1.1" 302 -
58.37.8.149 - - [03/Dec/2021:09:58:22 +0800] "GET /xingrg/kc/buy/cgsh_order_operate.html?command=get_materiel&rest_code=00141&code=00101008360&supplier_code=00100007&order_time=2021-12-03 HTTP/1.1" 200 413
222.70.176.97 - - [03/Dec/2021:09:58:27 +0800] "GET /xingrg/kc/buy/cgsh_order_operate.html?command=get_materiel&rest_code=00111&code=00101008358&supplier_code=00100005&order_time=2021-12-03 HTTP/1.1" 200 412
180.169.147.146 - - [03/Dec/2021:09:58:27 +0800] "GET /xingrg/all/function/internal_message.html?_=1638496706941&CODE_STATE=getMsg HTTP/1.1" 200 27
58.37.8.149 - - [03/Dec/2021:09:58:30 +0800] "GET /xingrg/all/function/internal_message.html?_=1638496530707&CODE_STATE=getMsg HTTP/1.1" 200 27
180.157.253.6 - - [03/Dec/2021:09:58:31 +0800] "GET /xingrg/all/function/internal_message.html?_=1638496711787&CODE_STATE=getMsg HTTP/1.1" 200 27
114.83.221.14 - - [03/Dec/2021:09:58:34 +0800] "GET /xingrg/all/function/internal_message.html?_=1638496712108&CODE_STATE=getMsg HTTP/1.1" 200 27
180.174.250.202 - - [03/Dec/2021:09:58:34 +0800] "GET /xingrg/check_reg.html?_=1638496712445 HTTP/1.1" 200 22
116.228.172.94 - - [03/Dec/2021:09:58:39 +0800] "GET /xingrg/all/function/internal_message.html?_=1638496584791&CODE_STATE=getMsg HTTP/1.1" 200 27
58.39.139.200 - - [03/Dec/2021:09:58:39 +0800] "GET /xingrg/all/function/internal_message.html?_=1638496719746&CODE_STATE=getMsg HTTP/1.1" 200 27
58.39.139.200 - - [03/Dec/2021:09:58:39 +0800] "GET /xingrg/check_reg.html?_=1638496719761 HTTP/1.1" 200 22
58.37.8.149 - - [03/Dec/2021:09:58:41 +0800] "GET /xingrg/kc/buy/cgsh_order_operate.html?command=get_materiel&rest_code=00141&code=00101008196&supplier_code=00100007&order_time=2021-12-03 HTTP/1.1" 200 416
58.39.139.200 - - [03/Dec/2021:09:58:42 +0800] "GET /xingrg/kc/buy/cgsh_order_operate.html?command=get_materiel&rest_code=00105&code=00102011267&supplier_code=00100212&order_time=2021-12-03 HTTP/1.1" 200 389
180.174.250.202 - - [03/Dec/2021:09:58:43 +0800] "GET /xingrg/all/function/internal_message.html?_=1638496721644&CODE_STATE=getMsg HTTP/1.1" 200 27
222.70.176.97 - - [03/Dec/2021:09:58:49 +0800] "GET /xingrg/all/function/internal_message.html?_=1638496725589&CODE_STATE=getMsg HTTP/1.1" 200 27
116.238.248.233 - - [03/Dec/2021:09:58:49 +0800] "GET /xingrg/all/function/internal_message.html?_=1638496727339&CODE_STATE=getMsg HTTP/1.1" 200 27
58.37.8.149 - - [03/Dec/2021:09:58:52 +0800] "GET /xingrg/kc/buy/cgsh_order_operate.html?command=get_materiel&rest_code=00141&code=00101008357&supplier_code=00100007&order_time=2021-12-03 HTTP/1.1" 200 408
58.39.139.200 - - [03/Dec/2021:09:58:55 +0800] "GET /xingrg/kc/buy/cgsh_order_operate.html?command=get_materiel&rest_code=00105&code=00102010440&supplier_code=00100212&order_time=2021-12-03 HTTP/1.1" 200 409
180.169.147.146 - - [03/Dec/2021:09:58:56 +0800] "GET /xingrg/check_reg.html?_=1638496735853 HTTP/1.1" 200 22
58.37.8.149 - - [03/Dec/2021:09:58:59 +0800] "GET /xingrg/kc/buy/cgsh_order_operate.html?command=get_materiel&rest_code=00141&code=00101008069&supplier_code=00100007&order_time=2021-12-03 HTTP/1.1" 200 412
222.70.171.86 - - [03/Dec/2021:09:59:02 +0800] "GET /xingrg/all/function/internal_message.html?_=1638496759204&CODE_STATE=getMsg HTTP/1.1" 200 27
222.70.171.86 - - [03/Dec/2021:09:59:02 +0800] "GET /xingrg/check_reg.html?_=1638496756870 HTTP/1.1" 302 -
58.37.8.149 - - [03/Dec/2021:09:59:06 +0800] "GET /xingrg/kc/buy/cgsh_order_operate.html?command=get_materiel&rest_code=00141&code=00101008286&supplier_code=00100007&order_time=2021-12-03 HTTP/1.1" 200 408
58.37.8.149 - - [03/Dec/2021:09:59:14 +0800] "GET /xingrg/kc/buy/cgsh_order_operate.html?command=get_materiel&rest_code=00141&code=00101008036&supplier_code=00100007&order_time=2021-12-03 HTTP/1.1" 200 408
222.70.176.97 - - [03/Dec/2021:09:59:16 +0800] "GET /xingrg/kc/buy/cgsh_order_operate.html?command=get_materiel&rest_code=00111&code=00101008038&supplier_code=00100005&order_time=2021-12-03 HTTP/1.1" 200 412
58.221.95.50 - - [03/Dec/2021:09:59:17 +0800] "GET /xingrg/check_reg.html?_=1638496756587 HTTP/1.1" 302 -
222.70.171.86 - - [03/Dec/2021:09:59:20 +0800] "GET /xingrg/all/function/internal_message.html?_=1638496775153&CODE_STATE=getMsg HTTP/1.1" 302 -
58.37.8.149 - - [03/Dec/2021:09:59:21 +0800] "GET /xingrg/kc/buy/cgsh_order_operate.html?command=get_materiel&rest_code=00141&code=00101008131&supplier_code=00100007&order_time=2021-12-03 HTTP/1.1" 200 408
58.37.8.149 - - [03/Dec/2021:09:59:23 +0800] "POST /xingrg/kc/buy/cgsh_order_operate.html HTTP/1.1" 200 2065
58.39.139.200 - - [03/Dec/2021:09:59:24 +0800] "POST /xingrg/kc/buy/cgsh_order_operate.html HTTP/1.1" 200 37
58.39.139.200 - - [03/Dec/2021:09:59:26 +0800] "POST /xingrg/kc/buy/cgsh_order_operate.html HTTP/1.1" 200 9826
180.169.147.146 - - [03/Dec/2021:09:59:27 +0800] "GET /xingrg/all/function/internal_message.html?_=1638496766944&CODE_STATE=getMsg HTTP/1.1" 200 27
58.39.139.200 - - [03/Dec/2021:09:59:27 +0800] "GET /xingrg/kc/print/load_data.html?order_code=212021120300797&kc_code=cgsh&condition= HTTP/1.1" 200 3391
58.37.8.149 - - [03/Dec/2021:09:59:28 +0800] "GET /xingrg/kc/buy/cgsh_order_operate.html?command=get_materiel&rest_code=00141&code=00101008352&supplier_code=00100007&order_time=2021-12-03 HTTP/1.1" 200 412
58.37.8.149 - - [03/Dec/2021:09:59:30 +0800] "GET /xingrg/all/function/internal_message.html?_=1638496590724&CODE_STATE=getMsg HTTP/1.1" 200 27
124.78.13.35 - - [03/Dec/2021:09:59:30 +0800] "GET /favicon.ico HTTP/1.1" 404 -
180.157.253.6 - - [03/Dec/2021:09:59:31 +0800] "GET /xingrg/all/function/internal_message.html?_=1638496771787&CODE_STATE=getMsg HTTP/1.1" 200 27
114.83.221.14 - - [03/Dec/2021:09:59:34 +0800] "GET /xingrg/all/function/internal_message.html?_=1638496772114&CODE_STATE=getMsg HTTP/1.1" 200 27
114.83.221.14 - - [03/Dec/2021:09:59:34 +0800] "GET /xingrg/check_reg.html?_=1638496772239 HTTP/1.1" 200 22
124.78.13.35 - - [03/Dec/2021:09:59:35 +0800] "GET /favicon.ico HTTP/1.1" 404 -
58.37.8.149 - - [03/Dec/2021:09:59:36 +0800] "GET /xingrg/kc/buy/cgsh_order_operate.html?command=get_materiel&rest_code=00141&code=00101008005&supplier_code=00100007&order_time=2021-12-03 HTTP/1.1" 200 412
116.228.172.94 - - [03/Dec/2021:09:59:39 +0800] "GET /xingrg/all/function/internal_message.html?_=1638496644789&CODE_STATE=getMsg HTTP/1.1" 200 27
58.39.139.200 - - [03/Dec/2021:09:59:39 +0800] "GET /xingrg/all/function/internal_message.html?_=1638496779740&CODE_STATE=getMsg HTTP/1.1" 200 27
180.174.250.202 - - [03/Dec/2021:09:59:43 +0800] "GET /xingrg/all/function/internal_message.html?_=1638496781658&CODE_STATE=getMsg HTTP/1.1" 200 27
58.37.8.149 - - [03/Dec/2021:09:59:44 +0800] "GET /xingrg/kc/buy/cgsh_order_operate.html?command=get_materiel&rest_code=00141&code=00101008271&supplier_code=00100007&order_time=2021-12-03 HTTP/1.1" 200 408
222.70.176.97 - - [03/Dec/2021:09:59:49 +0800] "GET /xingrg/all/function/internal_message.html?_=1638496785651&CODE_STATE=getMsg HTTP/1.1" 200 27
116.238.248.233 - - [03/Dec/2021:09:59:49 +0800] "GET /xingrg/check_reg.html?_=1638496787338 HTTP/1.1" 200 22
116.238.248.233 - - [03/Dec/2021:09:59:49 +0800] "GET /xingrg/all/function/internal_message.html?_=1638496787346&CODE_STATE=getMsg HTTP/1.1" 200 27
58.37.8.149 - - [03/Dec/2021:09:59:52 +0800] "GET /xingrg/kc/buy/cgsh_order_operate.html?command=get_materiel&rest_code=00141&code=00101008353&supplier_code=00100007&order_time=2021-12-03 HTTP/1.1" 200 408
58.37.8.149 - - [03/Dec/2021:09:59:58 +0800] "GET /xingrg/kc/buy/cgsh_order_operate.html?command=get_materiel&rest_code=00141&code=00101008213&supplier_code=00100007&order_time=2021-12-03 HTTP/1.1" 200 412
58.37.8.149 - - [03/Dec/2021:10:00:00 +0800] "POST /xingrg/kc/buy/cgsh_order_operate.html HTTP/1.1" 200 2065
222.70.171.86 - - [03/Dec/2021:10:00:02 +0800] "GET /xingrg/all/function/internal_message.html?_=1638496819748&CODE_STATE=getMsg HTTP/1.1" 200 27
222.70.176.97 - - [03/Dec/2021:10:00:04 +0800] "GET /xingrg/check_reg.html?_=1638496801514 HTTP/1.1" 200 22
58.37.8.149 - - [03/Dec/2021:10:00:05 +0800] "GET /xingrg/kc/buy/cgsh_order_operate.html?command=get_materiel&rest_code=00141&code=00101008298&supplier_code=00100007&order_time=2021-12-03 HTTP/1.1" 200 412
58.37.8.149 - - [03/Dec/2021:10:00:14 +0800] "GET /xingrg/kc/buy/cgsh_order_operate.html?command=get_materiel&rest_code=00141&code=00101008283&supplier_code=00100007&order_time=2021-12-03 HTTP/1.1" 200 408
58.37.8.149 - - [03/Dec/2021:10:00:20 +0800] "GET /xingrg/kc/buy/cgsh_order_operate.html?command=get_materiel&rest_code=00141&code=00101008224&supplier_code=00100007&order_time=2021-12-03 HTTP/1.1" 200 416
222.70.171.86 - - [03/Dec/2021:10:00:20 +0800] "GET /xingrg/all/function/internal_message.html?_=1638496835156&CODE_STATE=getMsg HTTP/1.1" 302 -
120.253.135.82 - - [03/Dec/2021:10:00:22 +0800] "GET /xingrg/kc/pszx/mdqp_order_list.html?state=10 HTTP/1.1" 200 10217
120.253.135.82 - - [03/Dec/2021:10:00:22 +0800] "GET /xingrg/dwr/interface/AjaxReportQueryService.js HTTP/1.1" 200 13203
120.253.135.82 - - [03/Dec/2021:10:00:22 +0800] "GET /xingrg/dwr/engine.js HTTP/1.1" 200 43631
120.253.135.82 - - [03/Dec/2021:10:00:22 +0800] "GET /xingrg/dwr/interface/AjaxQqpsService.js HTTP/1.1" 200 16326
222.70.176.97 - - [03/Dec/2021:10:00:24 +0800] "GET /xingrg/kc/buy/cgsh_order_operate.html?command=get_materiel&rest_code=00111&code=00101008003&supplier_code=00100005&order_time=2021-12-03 HTTP/1.1" 200 408
120.253.135.82 - - [03/Dec/2021:10:00:25 +0800] "GET /xingrg/kc/pszx/mdps_order_list.html?orderType=0 HTTP/1.1" 200 21130
120.253.135.82 - - [03/Dec/2021:10:00:26 +0800] "POST /xingrg/kc/pszx/mdps_list_operate.html HTTP/1.1" 200 5490
180.169.147.146 - - [03/Dec/2021:10:00:27 +0800] "GET /xingrg/check_reg.html?_=1638496826944 HTTP/1.1" 200 22
180.169.147.146 - - [03/Dec/2021:10:00:27 +0800] "GET /xingrg/all/function/internal_message.html?_=1638496826946&CODE_STATE=getMsg HTTP/1.1" 200 27
58.37.8.149 - - [03/Dec/2021:10:00:30 +0800] "GET /xingrg/all/function/internal_message.html?_=1638496650760&CODE_STATE=getMsg HTTP/1.1" 200 27
58.37.8.149 - - [03/Dec/2021:10:00:30 +0800] "GET /xingrg/check_reg.html?_=1638496650806 HTTP/1.1" 200 22
180.157.253.6 - - [03/Dec/2021:10:00:31 +0800] "GET /xingrg/all/function/internal_message.html?_=1638496831786&CODE_STATE=getMsg HTTP/1.1" 200 27
180.157.253.6 - - [03/Dec/2021:10:00:31 +0800] "GET /xingrg/check_reg.html?_=1638496831788 HTTP/1.1" 200 22
114.83.221.14 - - [03/Dec/2021:10:00:34 +0800] "GET /xingrg/all/function/internal_message.html?_=1638496832114&CODE_STATE=getMsg HTTP/1.1" 200 27
116.228.172.94 - - [03/Dec/2021:10:00:39 +0800] "GET /xingrg/check_reg.html?_=1638496704806 HTTP/1.1" 200 22
116.228.172.94 - - [03/Dec/2021:10:00:39 +0800] "GET /xingrg/all/function/internal_message.html?_=1638496704809&CODE_STATE=getMsg HTTP/1.1" 200 27
58.39.139.200 - - [03/Dec/2021:10:00:39 +0800] "GET /xingrg/all/function/internal_message.html?_=1638496839740&CODE_STATE=getMsg HTTP/1.1" 200 27
180.174.250.202 - - [03/Dec/2021:10:00:44 +0800] "GET /xingrg/all/function/internal_message.html?_=1638496842018&CODE_STATE=getMsg HTTP/1.1" 200 27
222.70.176.97 - - [03/Dec/2021:10:00:49 +0800] "GET /xingrg/all/function/internal_message.html?_=1638496845623&CODE_STATE=getMsg HTTP/1.1" 200 27
116.238.248.233 - - [03/Dec/2021:10:00:49 +0800] "GET /xingrg/all/function/internal_message.html?_=1638496847352&CODE_STATE=getMsg HTTP/1.1" 200 27
222.70.176.97 - - [03/Dec/2021:10:00:51 +0800] "GET /xingrg/kc/buy/cgsh_order_operate.html?command=get_materiel&rest_code=00111&code=00101008361&supplier_code=00100005&order_time=2021-12-03 HTTP/1.1" 200 408
222.70.176.97 - - [03/Dec/2021:10:00:56 +0800] "POST /xingrg/kc/buy/cgsh_order_operate.html HTTP/1.1" 200 2065
120.253.135.82 - - [03/Dec/2021:10:00:58 +0800] "GET /xingrg/check_reg.html?_=1638496634553 HTTP/1.1" 200 22
222.70.171.86 - - [03/Dec/2021:10:01:02 +0800] "GET /xingrg/all/function/internal_message.html?_=1638496879761&CODE_STATE=getMsg HTTP/1.1" 200 27
58.37.8.149 - - [03/Dec/2021:10:01:07 +0800] "GET /xingrg/kc/buy/cgsh_order_operate.html?command=get_materiel&rest_code=00141&code=00101008169&supplier_code=00100007&order_time=2021-12-03 HTTP/1.1" 200 412
58.37.8.149 - - [03/Dec/2021:10:01:15 +0800] "POST /xingrg/kc/buy/cgsh_order_operate.html HTTP/1.1" 200 2065
58.37.8.149 - - [03/Dec/2021:10:01:20 +0800] "GET /xingrg/kc/buy/cgsh_order_operate.html?command=get_materiel&rest_code=00141&code=00101008059&supplier_code=00100007&order_time=2021-12-03 HTTP/1.1" 200 408
222.70.171.86 - - [03/Dec/2021:10:01:20 +0800] "GET /xingrg/all/function/internal_message.html?_=1638496895184&CODE_STATE=getMsg HTTP/1.1" 302 -
222.70.176.97 - - [03/Dec/2021:10:01:24 +0800] "GET /xingrg/kc/buy/cgsh_order_operate.html?command=get_materiel&rest_code=00111&code=00101008251&supplier_code=00100005&order_time=2021-12-03 HTTP/1.1" 200 408
180.169.147.146 - - [03/Dec/2021:10:01:27 +0800] "GET /xingrg/all/function/internal_message.html?_=1638496886948&CODE_STATE=getMsg HTTP/1.1" 200 27
58.37.8.149 - - [03/Dec/2021:10:01:30 +0800] "GET /xingrg/all/function/internal_message.html?_=1638496710739&CODE_STATE=getMsg HTTP/1.1" 200 27
180.157.253.6 - - [03/Dec/2021:10:01:31 +0800] "GET /xingrg/all/function/internal_message.html?_=1638496891787&CODE_STATE=getMsg HTTP/1.1" 200 27
58.39.139.200 - - [03/Dec/2021:10:01:34 +0800] "GET /xingrg/kc/buy/cgsh_order_add.html HTTP/1.1" 200 65191
114.83.221.14 - - [03/Dec/2021:10:01:34 +0800] "GET /xingrg/all/function/internal_message.html?_=1638496892113&CODE_STATE=getMsg HTTP/1.1" 200 27
58.39.139.200 - - [03/Dec/2021:10:01:34 +0800] "POST /xingrg/kc/buy/cgsh_order_operate.html HTTP/1.1" 200 8245
58.39.139.200 - - [03/Dec/2021:10:01:34 +0800] "GET /xingrg/javascript/easyui/themes/default/validatebox.css HTTP/1.1" 404 1104
120.253.135.82 - - [03/Dec/2021:10:01:36 +0800] "POST /xingrg/kc/pszx/mdps_list_operate.html HTTP/1.1" 200 868
116.228.172.94 - - [03/Dec/2021:10:01:39 +0800] "GET /xingrg/all/function/internal_message.html?_=1638496764784&CODE_STATE=getMsg HTTP/1.1" 200 27
58.39.139.200 - - [03/Dec/2021:10:01:39 +0800] "GET /xingrg/all/function/internal_message.html?_=1638496899740&CODE_STATE=getMsg HTTP/1.1" 200 27
120.253.135.82 - - [03/Dec/2021:10:01:41 +0800] "POST /xingrg/kc/pszx/mdps_list_operate.html HTTP/1.1" 200 2491
180.174.250.202 - - [03/Dec/2021:10:01:44 +0800] "GET /xingrg/all/function/internal_message.html?_=1638496902029&CODE_STATE=getMsg HTTP/1.1" 200 27
120.253.135.82 - - [03/Dec/2021:10:01:44 +0800] "GET /xingrg/kc/pszx/mdqp_order_list.html?state=10 HTTP/1.1" 200 10217
120.253.135.82 - - [03/Dec/2021:10:01:44 +0800] "GET /xingrg/dwr/interface/AjaxReportQueryService.js HTTP/1.1" 200 13203
120.253.135.82 - - [03/Dec/2021:10:01:44 +0800] "GET /xingrg/dwr/interface/AjaxQqpsService.js HTTP/1.1" 200 16326
120.253.135.82 - - [03/Dec/2021:10:01:44 +0800] "GET /xingrg/dwr/engine.js HTTP/1.1" 200 43631
58.37.8.149 - - [03/Dec/2021:10:01:47 +0800] "GET /xingrg/kc/buy/cgsh_order_operate.html?command=get_materiel&rest_code=00141&code=00101008332&supplier_code=00100007&order_time=2021-12-03 HTTP/1.1" 200 412
58.39.139.200 - - [03/Dec/2021:10:01:48 +0800] "GET /xingrg/kc/buy/cgsh_order_list.html HTTP/1.1" 200 49374
222.70.176.97 - - [03/Dec/2021:10:01:49 +0800] "GET /xingrg/all/function/internal_message.html?_=1638496905601&CODE_STATE=getMsg HTTP/1.1" 200 27
116.238.248.233 - - [03/Dec/2021:10:01:49 +0800] "GET /xingrg/all/function/internal_message.html?_=1638496907357&CODE_STATE=getMsg HTTP/1.1" 200 27
58.39.139.200 - - [03/Dec/2021:10:01:50 +0800] "POST /xingrg/kc/buy/cgsh_list_operate.html HTTP/1.1" 200 3109
58.39.139.200 - - [03/Dec/2021:10:01:54 +0800] "POST /xingrg/kc/buy/cgsh_list_operate.html HTTP/1.1" 200 569
58.39.139.200 - - [03/Dec/2021:10:01:55 +0800] "GET /xingrg/kc/buy/cgsh_order_info.html?code=212021120300772 HTTP/1.1" 200 65194
58.39.139.200 - - [03/Dec/2021:10:01:55 +0800] "GET /xingrg/javascript/easyui/themes/default/validatebox.css HTTP/1.1" 404 1104
58.39.139.200 - - [03/Dec/2021:10:01:56 +0800] "POST /xingrg/kc/buy/cgsh_order_operate.html HTTP/1.1" 200 49336
116.232.55.144 - - [03/Dec/2021:10:01:58 +0800] "POST /xingrg/services/DataTransmitService HTTP/1.1" 200 501
116.232.55.144 - - [03/Dec/2021:10:01:59 +0800] "POST /xingrg/services/DataTransmitService HTTP/1.1" 200 501
222.70.176.97 - - [03/Dec/2021:10:02:00 +0800] "GET /xingrg/kc/buy/cgsh_order_operate.html?command=get_materiel&rest_code=00111&code=00101008352&supplier_code=00100005&order_time=2021-12-03 HTTP/1.1" 200 412
58.37.8.149 - - [03/Dec/2021:10:02:00 +0800] "GET /xingrg/kc/buy/cgsh_order_operate.html?command=get_materiel&rest_code=00141&code=00101008355&supplier_code=00100007&order_time=2021-12-03 HTTP/1.1" 200 408
222.70.171.86 - - [03/Dec/2021:10:02:03 +0800] "GET /xingrg/all/function/internal_message.html?_=1638496940280&CODE_STATE=getMsg HTTP/1.1" 200 27
116.232.55.144 - - [03/Dec/2021:10:02:03 +0800] "POST /xingrg/services/DataTransmitService HTTP/1.1" 200 501
116.232.55.144 - - [03/Dec/2021:10:02:08 +0800] "POST /xingrg/services/DataTransmitService HTTP/1.1" 200 501
58.37.8.149 - - [03/Dec/2021:10:02:09 +0800] "GET /xingrg/kc/buy/cgsh_order_operate.html?command=get_materiel&rest_code=00141&code=00101019738&supplier_code=00100007&order_time=2021-12-03 HTTP/1.1" 200 454
116.232.55.144 - - [03/Dec/2021:10:02:11 +0800] "POST /xingrg/services/DataTransmitService HTTP/1.1" 200 501
116.232.55.144 - - [03/Dec/2021:10:02:11 +0800] "POST /xingrg/services/DataTransmitService HTTP/1.1" 200 501
116.232.55.144 - - [03/Dec/2021:10:02:14 +0800] "POST /xingrg/services/DataTransmitService HTTP/1.1" 200 501
116.232.55.144 - - [03/Dec/2021:10:02:15 +0800] "POST /xingrg/services/DataTransmitService HTTP/1.1" 200 501
116.232.55.144 - - [03/Dec/2021:10:02:15 +0800] "POST /xingrg/services/DataTransmitService HTTP/1.1" 200 501
116.232.55.144 - - [03/Dec/2021:10:02:17 +0800] "POST /xingrg/services/DataTransmitService HTTP/1.1" 200 412
222.70.171.86 - - [03/Dec/2021:10:02:20 +0800] "GET /xingrg/all/function/internal_message.html?_=1638496955199&CODE_STATE=getMsg HTTP/1.1" 302 -
120.253.135.82 - - [03/Dec/2021:10:02:20 +0800] "GET /xingrg/kc/pszx/mdps_order_list.html?orderType=0 HTTP/1.1" 200 21130
120.253.135.82 - - [03/Dec/2021:10:02:21 +0800] "POST /xingrg/kc/pszx/mdps_list_operate.html HTTP/1.1" 200 5490
222.70.176.97 - - [03/Dec/2021:10:02:26 +0800] "GET /xingrg/kc/buy/cgsh_order_operate.html?command=get_materiel&rest_code=00111&code=00101008236&supplier_code=00100005&order_time=2021-12-03 HTTP/1.1" 200 416
180.169.147.146 - - [03/Dec/2021:10:02:27 +0800] "GET /xingrg/all/function/internal_message.html?_=1638496946934&CODE_STATE=getMsg HTTP/1.1" 200 27
120.253.135.82 - - [03/Dec/2021:10:02:28 +0800] "GET /xingrg/kc/pszx/mdps_order_info.html?code=312021120300090 HTTP/1.1" 200 23935
120.253.135.82 - - [03/Dec/2021:10:02:28 +0800] "GET /xingrg/javascript/easyui/themes/default/validatebox.css HTTP/1.1" 404 1104
120.253.135.82 - - [03/Dec/2021:10:02:28 +0800] "POST /xingrg/kc/pszx/mdps_order_operate.html HTTP/1.1" 200 2278
58.37.8.149 - - [03/Dec/2021:10:02:30 +0800] "GET /xingrg/all/function/internal_message.html?_=1638496770649&CODE_STATE=getMsg HTTP/1.1" 200 27
180.157.253.6 - - [03/Dec/2021:10:02:31 +0800] "GET /xingrg/all/function/internal_message.html?_=1638496951786&CODE_STATE=getMsg HTTP/1.1" 200 27
