180.169.147.146 - - [03/Dec/2021:11:11:27 +0800] "GET /xingrg/all/function/internal_message.html?_=1638501086656&CODE_STATE=getMsg HTTP/1.1" 200 27
180.169.147.146 - - [03/Dec/2021:11:11:28 +0800] "GET /xingrg/kc/base/wldb_order_operate.html?command=get_materiel&rest_code=00147&base_code=0010287&code=00102002315 HTTP/1.1" 200 447
124.78.153.86 - - [03/Dec/2021:11:11:29 +0800] "GET /xingrg/kc/base/base_main.html HTTP/1.1" 200 12142
124.78.153.86 - - [03/Dec/2021:11:11:30 +0800] "POST /xingrg/kc/base/wldb_order_operate.html HTTP/1.1" 200 37
124.78.153.86 - - [03/Dec/2021:11:11:30 +0800] "POST /xingrg/kc/base/wldb_order_operate.html HTTP/1.1" 200 2676
124.78.153.86 - - [03/Dec/2021:11:11:30 +0800] "GET /xingrg/kc/base/wldb_order_info.html?code=422021120300221 HTTP/1.1" 200 30497
124.78.153.86 - - [03/Dec/2021:11:11:31 +0800] "GET /xingrg/javascript/easyui/themes/default/validatebox.css HTTP/1.1" 404 1104
116.227.210.113 - - [03/Dec/2021:11:11:31 +0800] "POST /xingrg/kc/buy/cgsh_order_operate.html HTTP/1.1" 200 37
180.169.147.146 - - [03/Dec/2021:11:11:31 +0800] "POST /xingrg/kc/base/wldb_order_operate.html HTTP/1.1" 200 37
124.78.153.86 - - [03/Dec/2021:11:11:32 +0800] "POST /xingrg/kc/base/wldb_order_operate.html HTTP/1.1" 200 2676
180.157.253.6 - - [03/Dec/2021:11:11:32 +0800] "GET /xingrg/all/function/internal_message.html?_=1638501091906&CODE_STATE=getMsg HTTP/1.1" 200 27
180.169.147.146 - - [03/Dec/2021:11:11:32 +0800] "POST /xingrg/kc/base/wldb_order_operate.html HTTP/1.1" 200 3667
180.169.147.146 - - [03/Dec/2021:11:11:32 +0800] "GET /xingrg/kc/base/wldb_order_info.html?code=422021120300222 HTTP/1.1" 200 30500
124.78.153.86 - - [03/Dec/2021:11:11:33 +0800] "GET /xingrg/kc/base/wldb_order_list.html HTTP/1.1" 200 19265
116.227.210.113 - - [03/Dec/2021:11:11:33 +0800] "POST /xingrg/kc/buy/cgsh_order_operate.html HTTP/1.1" 200 3838
180.169.147.146 - - [03/Dec/2021:11:11:33 +0800] "GET /xingrg/javascript/easyui/themes/default/validatebox.css HTTP/1.1" 404 1104
180.169.147.146 - - [03/Dec/2021:11:11:33 +0800] "POST /xingrg/kc/base/wldb_order_operate.html HTTP/1.1" 200 3667
124.78.153.86 - - [03/Dec/2021:11:11:33 +0800] "POST /xingrg/kc/base/wldb_list_operate.html HTTP/1.1" 200 4545
180.169.147.146 - - [03/Dec/2021:11:11:34 +0800] "GET /xingrg/kc/base/wldb_order_add.html HTTP/1.1" 200 30485
180.169.147.146 - - [03/Dec/2021:11:11:34 +0800] "POST /xingrg/kc/base/wldb_order_operate.html HTTP/1.1" 200 6806
180.169.147.146 - - [03/Dec/2021:11:11:35 +0800] "GET /xingrg/javascript/easyui/themes/default/validatebox.css HTTP/1.1" 404 1104
116.227.210.113 - - [03/Dec/2021:11:11:35 +0800] "GET /xingrg/all/function/internal_message.html?_=1638501092234&CODE_STATE=getMsg HTTP/1.1" 200 27
180.169.147.146 - - [03/Dec/2021:11:11:35 +0800] "POST /xingrg/all/common/load_combo.html?type=base HTTP/1.1" 200 3142
116.227.210.113 - - [03/Dec/2021:11:11:36 +0800] "GET /xingrg/kc/print/load_data.html?order_code=212021120300851&kc_code=cgsh&condition= HTTP/1.1" 200 1202
180.169.147.146 - - [03/Dec/2021:11:11:37 +0800] "POST /xingrg/all/common/load_combo.html?type=base HTTP/1.1" 200 3142
120.253.135.82 - - [03/Dec/2021:11:11:38 +0800] "GET /xingrg/all/function/internal_message.html?_=1638501102880&CODE_STATE=getMsg HTTP/1.1" 200 27
58.39.139.200 - - [03/Dec/2021:11:11:38 +0800] "GET /xingrg/all/function/internal_message.html?_=1638501098668&CODE_STATE=getMsg HTTP/1.1" 200 27
116.228.172.94 - - [03/Dec/2021:11:11:39 +0800] "GET /xingrg/all/function/internal_message.html?_=1638500964800&CODE_STATE=getMsg HTTP/1.1" 200 27
124.78.153.86 - - [03/Dec/2021:11:11:40 +0800] "GET /xingrg/kc/base/wldb_order_add.html HTTP/1.1" 200 30483
116.238.248.233 - - [03/Dec/2021:11:11:40 +0800] "GET /xingrg/all/function/internal_message.html?_=1638501098821&CODE_STATE=getMsg HTTP/1.1" 200 27
116.238.248.233 - - [03/Dec/2021:11:11:40 +0800] "GET /xingrg/check_reg.html?_=1638501098819 HTTP/1.1" 200 22
124.78.153.86 - - [03/Dec/2021:11:11:40 +0800] "GET /xingrg/javascript/easyui/themes/default/validatebox.css HTTP/1.1" 404 1104
124.78.153.86 - - [03/Dec/2021:11:11:40 +0800] "POST /xingrg/kc/base/wldb_order_operate.html HTTP/1.1" 200 6806
124.78.153.86 - - [03/Dec/2021:11:11:41 +0800] "POST /xingrg/all/common/load_combo.html?type=base HTTP/1.1" 200 3227
116.227.210.113 - - [03/Dec/2021:11:11:41 +0800] "GET /xingrg/kc/buy/cgsh_order_add.html HTTP/1.1" 200 65071
116.227.210.113 - - [03/Dec/2021:11:11:41 +0800] "POST /xingrg/kc/buy/cgsh_order_operate.html HTTP/1.1" 200 8245
116.227.210.113 - - [03/Dec/2021:11:11:41 +0800] "GET /xingrg/javascript/easyui/themes/default/validatebox.css HTTP/1.1" 404 1104
180.169.147.146 - - [03/Dec/2021:11:11:43 +0800] "GET /xingrg/kc/base/wldb_order_operate.html?command=get_materiel&rest_code=00147&base_code=0010270&code=00101027001 HTTP/1.1" 200 471
124.78.153.86 - - [03/Dec/2021:11:11:44 +0800] "POST /xingrg/all/common/load_combo.html?type=base HTTP/1.1" 200 3227
124.78.153.86 - - [03/Dec/2021:11:11:46 +0800] "GET /xingrg/all/function/internal_message.html?_=1638501115513&CODE_STATE=getMsg HTTP/1.1" 200 27
222.70.176.97 - - [03/Dec/2021:11:11:46 +0800] "GET /favicon.ico HTTP/1.1" 404 -
180.169.147.146 - - [03/Dec/2021:11:11:48 +0800] "POST /xingrg/kc/base/wldb_order_operate.html HTTP/1.1" 200 37
180.169.147.146 - - [03/Dec/2021:11:11:48 +0800] "POST /xingrg/kc/base/wldb_order_operate.html HTTP/1.1" 200 2213
180.169.147.146 - - [03/Dec/2021:11:11:49 +0800] "GET /xingrg/kc/base/wldb_order_info.html?code=422021120300223 HTTP/1.1" 200 30499
180.169.147.146 - - [03/Dec/2021:11:11:49 +0800] "GET /xingrg/javascript/easyui/themes/default/validatebox.css HTTP/1.1" 404 1104
180.169.147.146 - - [03/Dec/2021:11:11:49 +0800] "POST /xingrg/kc/base/wldb_order_operate.html HTTP/1.1" 200 2213
180.169.147.146 - - [03/Dec/2021:11:11:50 +0800] "GET /xingrg/kc/base/wldb_order_add.html HTTP/1.1" 200 30485
180.169.147.146 - - [03/Dec/2021:11:11:51 +0800] "POST /xingrg/kc/base/wldb_order_operate.html HTTP/1.1" 200 6806
180.169.147.146 - - [03/Dec/2021:11:11:51 +0800] "GET /xingrg/javascript/easyui/themes/default/validatebox.css HTTP/1.1" 404 1104
180.169.147.146 - - [03/Dec/2021:11:11:52 +0800] "POST /xingrg/all/common/load_combo.html?type=base HTTP/1.1" 200 3142
114.83.221.14 - - [03/Dec/2021:11:11:52 +0800] "GET /xingrg/all/function/internal_message.html?_=1638501110361&CODE_STATE=getMsg HTTP/1.1" 200 27
180.169.147.146 - - [03/Dec/2021:11:11:54 +0800] "GET /xingrg/all/function/internal_message.html?_=1638501113222&CODE_STATE=getMsg HTTP/1.1" 200 27
180.169.147.146 - - [03/Dec/2021:11:11:55 +0800] "GET /xingrg/kc/info/info_main.html HTTP/1.1" 200 6010
180.169.147.146 - - [03/Dec/2021:11:11:55 +0800] "GET /xingrg/javascript/ToolTips.js HTTP/1.1" 200 5615
180.169.147.146 - - [03/Dec/2021:11:11:55 +0800] "GET /xingrg/css/blue.css HTTP/1.1" 200 15949
180.169.147.146 - - [03/Dec/2021:11:11:55 +0800] "GET /xingrg/javascript/pic_change.js HTTP/1.1" 200 4739
180.169.147.146 - - [03/Dec/2021:11:11:55 +0800] "GET /xingrg/images/blue/ckxx.gif HTTP/1.1" 200 2041
180.169.147.146 - - [03/Dec/2021:11:11:55 +0800] "GET /xingrg/javascript/myfunction.js HTTP/1.1" 200 24559
180.169.147.146 - - [03/Dec/2021:11:11:55 +0800] "GET /xingrg/images/blue/gysxxgl.gif HTTP/1.1" 200 1945
180.169.147.146 - - [03/Dec/2021:11:11:55 +0800] "GET /xingrg/images/blue/cldwgl.gif HTTP/1.1" 200 2487
180.169.147.146 - - [03/Dec/2021:11:11:55 +0800] "GET /xingrg/images/blue/clxx.gif HTTP/1.1" 200 1916
180.169.147.146 - - [03/Dec/2021:11:11:55 +0800] "GET /xingrg/images/blue/gyslbgl.gif HTTP/1.1" 200 1480
180.169.147.146 - - [03/Dec/2021:11:11:55 +0800] "GET /xingrg/images/blue/gyscljg.gif HTTP/1.1" 200 2081
180.169.147.146 - - [03/Dec/2021:11:11:55 +0800] "GET /xingrg/images/blue/button/cgxqd.gif HTTP/1.1" 200 2619
58.39.139.200 - - [03/Dec/2021:11:11:57 +0800] "GET /xingrg/all/function/internal_message.html?_=1638501053664&CODE_STATE=getMsg HTTP/1.1" 302 -
180.169.147.146 - - [03/Dec/2021:11:11:58 +0800] "POST /xingrg/all/common/load_combo.html?type=base HTTP/1.1" 200 3142
180.169.147.146 - - [03/Dec/2021:11:11:58 +0800] "GET /xingrg/system/info/materiel_manager.html HTTP/1.1" 200 19497
180.169.147.146 - - [03/Dec/2021:11:11:58 +0800] "GET /xingrg/css/xtree.css HTTP/1.1" 200 880
180.169.147.146 - - [03/Dec/2021:11:11:58 +0800] "GET /xingrg/javascript/jquery_ui/themes/base/base.css HTTP/1.1" 200 28568
180.169.147.146 - - [03/Dec/2021:11:11:58 +0800] "GET /xingrg/dwr/interface/AjaxBaseInfoService.js HTTP/1.1" 200 21363
180.169.147.146 - - [03/Dec/2021:11:11:58 +0800] "GET /xingrg/dwr/interface/AjaxComOrderService.js HTTP/1.1" 200 18264
180.169.147.146 - - [03/Dec/2021:11:11:58 +0800] "GET /xingrg/javascript/Grid.js HTTP/1.1" 200 58908
180.169.147.146 - - [03/Dec/2021:11:11:58 +0800] "GET /xingrg/javascript/Calendar.js HTTP/1.1" 200 31561
180.169.147.146 - - [03/Dec/2021:11:11:58 +0800] "GET /xingrg/dwr/util.js HTTP/1.1" 200 35990
180.169.147.146 - - [03/Dec/2021:11:11:58 +0800] "GET /xingrg/javascript/xtree.js HTTP/1.1" 200 26582
180.169.147.146 - - [03/Dec/2021:11:11:58 +0800] "GET /xingrg/dwr/engine.js HTTP/1.1" 200 43631
180.169.147.146 - - [03/Dec/2021:11:11:58 +0800] "GET /xingrg/images/xtree/openfoldericon.png HTTP/1.1" 200 232
180.169.147.146 - - [03/Dec/2021:11:11:58 +0800] "GET /xingrg/javascript/jquery_easy_ui/themes/icons/print_new.png HTTP/1.1" 200 3580
180.169.147.146 - - [03/Dec/2021:11:11:58 +0800] "GET /xingrg/javascript/jquery_easy_ui/themes/icons/back_new.png HTTP/1.1" 200 3414
180.169.147.146 - - [03/Dec/2021:11:11:58 +0800] "GET /xingrg/javascript/jquery_easy_ui/themes/icons/import_new.png HTTP/1.1" 200 1247
180.169.147.146 - - [03/Dec/2021:11:11:58 +0800] "GET /xingrg/images/blue/wait.gif HTTP/1.1" 200 1100
180.169.147.146 - - [03/Dec/2021:11:11:58 +0800] "POST /xingrg/dwr/call/plaincall/AjaxBaseInfoService.getSubMaterielSorts.dwr HTTP/1.1" 200 219
180.169.147.146 - - [03/Dec/2021:11:11:58 +0800] "GET /xingrg/images/xtree/foldericon.png HTTP/1.1" 200 229
180.169.147.146 - - [03/Dec/2021:11:11:58 +0800] "GET /xingrg/images/xtree/Tplus.png HTTP/1.1" 200 222
180.169.147.146 - - [03/Dec/2021:11:11:58 +0800] "GET /xingrg/images/xtree/Lplus.png HTTP/1.1" 200 224
180.169.147.146 - - [03/Dec/2021:11:11:58 +0800] "POST /xingrg/dwr/call/plaincall/AjaxBaseInfoService.getMateriels.dwr HTTP/1.1" 200 2929
124.78.153.86 - - [03/Dec/2021:11:12:00 +0800] "GET /xingrg/kc/base/wldb_order_operate.html?command=get_materiel&rest_code=00106&base_code=0010397&code=00102002453 HTTP/1.1" 200 433
124.78.153.86 - - [03/Dec/2021:11:12:01 +0800] "GET /xingrg/all/function/internal_message.html?_=1638501122221&CODE_STATE=getMsg HTTP/1.1" 200 27
58.37.8.149 - - [03/Dec/2021:11:12:02 +0800] "GET /xingrg/all/function/internal_message.html?_=1638500942178&CODE_STATE=getMsg HTTP/1.1" 200 27
222.70.171.86 - - [03/Dec/2021:11:12:03 +0800] "GET /xingrg/all/function/internal_message.html?_=1638501140006&CODE_STATE=getMsg HTTP/1.1" 200 27
114.83.221.14 - - [03/Dec/2021:11:12:03 +0800] "GET /xingrg/kc/buy/cgsh_order_operate.html?command=get_materiel&rest_code=00149&code=00101009051&supplier_code=00100201&order_time=2021-12-03 HTTP/1.1" 200 409
180.169.147.146 - - [03/Dec/2021:11:12:05 +0800] "POST /xingrg/dwr/call/plaincall/AjaxBaseInfoService.searchMateriels.dwr HTTP/1.1" 200 343
124.78.153.86 - - [03/Dec/2021:11:12:07 +0800] "GET /xingrg/kc/base/wldb_order_operate.html?command=get_materiel&rest_code=00106&base_code=0010397&code=00102002586 HTTP/1.1" 200 439
180.174.250.202 - - [03/Dec/2021:11:12:08 +0800] "GET /xingrg/all/function/internal_message.html?_=1638501126133&CODE_STATE=getMsg HTTP/1.1" 200 27
180.169.147.146 - - [03/Dec/2021:11:12:08 +0800] "GET /xingrg/kc/base/wldb_order_operate.html?command=get_materiel&rest_code=00147&base_code=0010341&code=00101026094 HTTP/1.1" 200 440
120.253.135.82 - - [03/Dec/2021:11:12:10 +0800] "POST /xingrg/kc/buy/cgsh_order_operate.html HTTP/1.1" 200 37
124.78.153.86 - - [03/Dec/2021:11:12:12 +0800] "POST /xingrg/kc/base/wldb_order_operate.html HTTP/1.1" 200 37
124.78.153.86 - - [03/Dec/2021:11:12:13 +0800] "POST /xingrg/kc/base/wldb_order_operate.html HTTP/1.1" 200 3137
124.78.153.86 - - [03/Dec/2021:11:12:14 +0800] "GET /xingrg/kc/base/wldb_order_info.html?code=422021120300224 HTTP/1.1" 200 30498
124.78.153.86 - - [03/Dec/2021:11:12:14 +0800] "GET /xingrg/javascript/easyui/themes/default/validatebox.css HTTP/1.1" 404 1104
120.253.135.82 - - [03/Dec/2021:11:12:14 +0800] "POST /xingrg/kc/buy/cgsh_order_operate.html HTTP/1.1" 200 12
124.78.153.86 - - [03/Dec/2021:11:12:15 +0800] "POST /xingrg/kc/base/wldb_order_operate.html HTTP/1.1" 200 3137
180.169.147.146 - - [03/Dec/2021:11:12:15 +0800] "GET /xingrg/kc/base/wldb_order_operate.html?command=get_materiel&rest_code=00147&base_code=0010341&code=00101026177 HTTP/1.1" 200 423
114.83.221.14 - - [03/Dec/2021:11:12:16 +0800] "GET /xingrg/kc/buy/cgsh_order_operate.html?command=get_materiel&rest_code=00149&code=00101009107&supplier_code=00100201&order_time=2021-12-03 HTTP/1.1" 200 395
120.253.135.82 - - [03/Dec/2021:11:12:16 +0800] "GET /xingrg/kc/buy/cgsh_order_info.html?code=212021120300849 HTTP/1.1" 200 59080
180.169.147.146 - - [03/Dec/2021:11:12:16 +0800] "POST /xingrg/dwr/call/plaincall/AjaxBaseInfoService.searchMateriels.dwr HTTP/1.1" 200 2726
120.253.135.82 - - [03/Dec/2021:11:12:16 +0800] "GET /xingrg/javascript/easyui/themes/default/validatebox.css HTTP/1.1" 404 1104
222.70.176.97 - - [03/Dec/2021:11:12:17 +0800] "GET /xingrg/all/function/internal_message.html?_=1638501133852&CODE_STATE=getMsg HTTP/1.1" 200 27
120.253.135.82 - - [03/Dec/2021:11:12:17 +0800] "POST /xingrg/kc/buy/cgsh_order_operate.html HTTP/1.1" 200 1231
124.78.153.86 - - [03/Dec/2021:11:12:20 +0800] "GET /xingrg/kc/base/wldb_order_add.html HTTP/1.1" 200 30483
124.78.153.86 - - [03/Dec/2021:11:12:21 +0800] "GET /xingrg/javascript/easyui/themes/default/validatebox.css HTTP/1.1" 404 1104
124.78.153.86 - - [03/Dec/2021:11:12:21 +0800] "POST /xingrg/kc/base/wldb_order_operate.html HTTP/1.1" 200 6806
222.70.171.86 - - [03/Dec/2021:11:12:21 +0800] "GET /xingrg/all/function/internal_message.html?_=1638501156165&CODE_STATE=getMsg HTTP/1.1" 302 -
180.169.147.146 - - [03/Dec/2021:11:12:21 +0800] "GET /xingrg/kc/base/wldb_order_operate.html?command=get_materiel&rest_code=00147&base_code=0010341&code=00101025018 HTTP/1.1" 200 483
222.70.176.97 - - [03/Dec/2021:11:12:22 +0800] "GET /xingrg/all/function/internal_message.html?_=1638501138721&CODE_STATE=getMsg HTTP/1.1" 200 27
116.232.55.144 - - [03/Dec/2021:11:12:22 +0800] "GET /xingrg/all/function/internal_message.html?_=1638501143591&CODE_STATE=getMsg HTTP/1.1" 200 27
124.78.153.86 - - [03/Dec/2021:11:12:22 +0800] "POST /xingrg/all/common/load_combo.html?type=base HTTP/1.1" 200 3227
114.83.221.14 - - [03/Dec/2021:11:12:24 +0800] "GET /xingrg/kc/buy/cgsh_order_operate.html?command=get_materiel&rest_code=00149&code=00101009007&supplier_code=00100201&order_time=2021-12-03 HTTP/1.1" 200 408
180.169.147.146 - - [03/Dec/2021:11:12:25 +0800] "POST /xingrg/kc/base/wldb_order_operate.html HTTP/1.1" 200 37
180.169.147.146 - - [03/Dec/2021:11:12:25 +0800] "POST /xingrg/kc/base/wldb_order_operate.html HTTP/1.1" 200 3185
180.162.114.163 - - [03/Dec/2021:11:12:26 +0800] "GET /xingrg/all/function/internal_message.html?_=1638500606278&CODE_STATE=getMsg HTTP/1.1" 200 27
120.253.135.82 - - [03/Dec/2021:11:12:26 +0800] "GET /xingrg/kc/buy/cgsh_order_info.html?code=212021120300849 HTTP/1.1" 200 59080
120.253.135.82 - - [03/Dec/2021:11:12:26 +0800] "GET /xingrg/javascript/easyui/themes/default/validatebox.css HTTP/1.1" 404 1104
180.169.147.146 - - [03/Dec/2021:11:12:27 +0800] "POST /xingrg/dwr/call/plaincall/AjaxBaseInfoService.getSubMaterielSorts.dwr HTTP/1.1" 200 3802
180.169.147.146 - - [03/Dec/2021:11:12:27 +0800] "GET /xingrg/images/xtree/blank.png HTTP/1.1" 200 144
180.169.147.146 - - [03/Dec/2021:11:12:27 +0800] "GET /xingrg/images/xtree/file.png HTTP/1.1" 200 251
180.169.147.146 - - [03/Dec/2021:11:12:27 +0800] "GET /xingrg/images/xtree/T.png HTTP/1.1" 200 152
180.169.147.146 - - [03/Dec/2021:11:12:27 +0800] "GET /xingrg/images/xtree/L.png HTTP/1.1" 200 153
180.169.147.146 - - [03/Dec/2021:11:12:27 +0800] "GET /xingrg/images/xtree/Lminus.png HTTP/1.1" 200 219
180.169.147.146 - - [03/Dec/2021:11:12:27 +0800] "POST /xingrg/dwr/call/plaincall/AjaxBaseInfoService.searchMateriels.dwr HTTP/1.1" 200 2743
180.169.147.146 - - [03/Dec/2021:11:12:27 +0800] "GET /xingrg/all/function/internal_message.html?_=1638501146930&CODE_STATE=getMsg HTTP/1.1" 200 27
120.253.135.82 - - [03/Dec/2021:11:12:27 +0800] "POST /xingrg/kc/buy/cgsh_order_operate.html HTTP/1.1" 200 1231
180.169.147.146 - - [03/Dec/2021:11:12:27 +0800] "GET /xingrg/all/function/internal_message.html?_=1638501146657&CODE_STATE=getMsg HTTP/1.1" 200 27
180.169.147.146 - - [03/Dec/2021:11:12:27 +0800] "GET /xingrg/kc/base/wldb_order_info.html?code=422021120300225 HTTP/1.1" 200 30500
180.169.147.146 - - [03/Dec/2021:11:12:28 +0800] "GET /xingrg/javascript/easyui/themes/default/validatebox.css HTTP/1.1" 404 1104
180.169.147.146 - - [03/Dec/2021:11:12:28 +0800] "POST /xingrg/kc/base/wldb_order_operate.html HTTP/1.1" 200 3185
120.253.135.82 - - [03/Dec/2021:11:12:30 +0800] "POST /xingrg/kc/buy/cgsh_list_operate.html HTTP/1.1" 200 876
124.78.153.86 - - [03/Dec/2021:11:12:31 +0800] "POST /xingrg/all/common/load_combo.html?type=base HTTP/1.1" 200 3227
180.157.253.6 - - [03/Dec/2021:11:12:32 +0800] "GET /xingrg/all/function/internal_message.html?_=1638501151912&CODE_STATE=getMsg HTTP/1.1" 200 27
180.169.147.146 - - [03/Dec/2021:11:12:32 +0800] "GET /xingrg/kc/base/wldb_order_add.html HTTP/1.1" 200 30485
114.83.221.14 - - [03/Dec/2021:11:12:33 +0800] "POST /xingrg/kc/buy/cgsh_order_operate.html HTTP/1.1" 200 37
180.169.147.146 - - [03/Dec/2021:11:12:33 +0800] "POST /xingrg/kc/base/wldb_order_operate.html HTTP/1.1" 200 6806
180.169.147.146 - - [03/Dec/2021:11:12:33 +0800] "GET /xingrg/javascript/easyui/themes/default/validatebox.css HTTP/1.1" 404 1104
120.253.135.82 - - [03/Dec/2021:11:12:33 +0800] "GET /xingrg/kc/pszx/mdqp_order_list.html?state=10 HTTP/1.1" 200 10217
120.253.135.82 - - [03/Dec/2021:11:12:33 +0800] "GET /xingrg/dwr/interface/AjaxQqpsService.js HTTP/1.1" 200 16326
120.253.135.82 - - [03/Dec/2021:11:12:33 +0800] "GET /xingrg/dwr/interface/AjaxReportQueryService.js HTTP/1.1" 200 13203
120.253.135.82 - - [03/Dec/2021:11:12:33 +0800] "GET /xingrg/dwr/engine.js HTTP/1.1" 200 43631
180.169.147.146 - - [03/Dec/2021:11:12:33 +0800] "POST /xingrg/all/common/load_combo.html?type=base HTTP/1.1" 200 3142
116.227.210.113 - - [03/Dec/2021:11:12:35 +0800] "GET /xingrg/all/function/internal_message.html?_=1638501152227&CODE_STATE=getMsg HTTP/1.1" 200 27
180.169.147.146 - - [03/Dec/2021:11:12:37 +0800] "POST /xingrg/all/common/load_combo.html?type=base HTTP/1.1" 200 3142
124.78.153.86 - - [03/Dec/2021:11:12:37 +0800] "GET /xingrg/kc/base/wldb_order_operate.html?command=get_materiel&rest_code=00106&base_code=0010397&code=00102002562 HTTP/1.1" 200 446
120.253.135.82 - - [03/Dec/2021:11:12:38 +0800] "GET /xingrg/all/function/internal_message.html?_=1638501162904&CODE_STATE=getMsg HTTP/1.1" 200 27
58.39.139.200 - - [03/Dec/2021:11:12:38 +0800] "GET /xingrg/all/function/internal_message.html?_=1638501158635&CODE_STATE=getMsg HTTP/1.1" 200 27
114.83.221.14 - - [03/Dec/2021:11:12:39 +0800] "POST /xingrg/kc/buy/cgsh_order_operate.html HTTP/1.1" 200 12
116.228.172.94 - - [03/Dec/2021:11:12:39 +0800] "GET /xingrg/all/function/internal_message.html?_=1638501024802&CODE_STATE=getMsg HTTP/1.1" 200 27
116.238.248.233 - - [03/Dec/2021:11:12:40 +0800] "GET /xingrg/all/function/internal_message.html?_=1638501158850&CODE_STATE=getMsg HTTP/1.1" 200 27
180.169.147.146 - - [03/Dec/2021:11:12:40 +0800] "POST /xingrg/dwr/call/plaincall/AjaxBaseInfoService.getMateriels.dwr HTTP/1.1" 200 2944
124.78.153.86 - - [03/Dec/2021:11:12:42 +0800] "GET /xingrg/kc/base/wldb_order_operate.html?command=get_materiel&rest_code=00106&base_code=0010397&code=00102002347 HTTP/1.1" 200 443
114.83.221.14 - - [03/Dec/2021:11:12:42 +0800] "GET /xingrg/kc/buy/cgsh_order_info.html?code=212021120300852 HTTP/1.1" 200 60106
114.83.221.14 - - [03/Dec/2021:11:12:43 +0800] "GET /xingrg/javascript/easyui/themes/default/validatebox.css HTTP/1.1" 404 1104
180.169.147.146 - - [03/Dec/2021:11:12:43 +0800] "GET /xingrg/system/info/materiel_info.html?code=00102016&isAdd=1 HTTP/1.1" 200 35968
180.169.147.146 - - [03/Dec/2021:11:12:43 +0800] "GET /xingrg/dwr/interface/AjaxGetFirstChart.js HTTP/1.1" 200 631
180.169.147.146 - - [03/Dec/2021:11:12:43 +0800] "GET /xingrg/javascript/checkform.js HTTP/1.1" 200 18351
180.169.147.146 - - [03/Dec/2021:11:12:43 +0800] "GET /xingrg/dwr/engine.js HTTP/1.1" 200 43631
114.83.221.14 - - [03/Dec/2021:11:12:43 +0800] "POST /xingrg/kc/buy/cgsh_order_operate.html HTTP/1.1" 200 5324
180.169.147.146 - - [03/Dec/2021:11:12:43 +0800] "POST /xingrg/all/common/load_tree.html?tree=area_rest_tree_json HTTP/1.1" 200 3472
180.169.147.146 - - [03/Dec/2021:11:12:43 +0800] "GET /favicon.ico HTTP/1.1" 404 -
180.169.147.146 - - [03/Dec/2021:11:12:43 +0800] "POST /xingrg/dwr/call/plaincall/AjaxBaseInfoService.getMaterielInfo.dwr HTTP/1.1" 200 222
180.169.147.146 - - [03/Dec/2021:11:12:44 +0800] "POST /xingrg/all/common/load_tree.html?tree=area_rest_tree_json&defaultRests=undefined HTTP/1.1" 200 3472
180.169.147.146 - - [03/Dec/2021:11:12:44 +0800] "GET /xingrg/javascript/jquery_easy_ui/themes/default/images/tree_checkbox_0.gif HTTP/1.1" 200 168
124.78.153.86 - - [03/Dec/2021:11:12:44 +0800] "GET /xingrg/check_reg.html?_=1638501174496 HTTP/1.1" 200 22
124.78.153.86 - - [03/Dec/2021:11:12:47 +0800] "POST /xingrg/kc/base/wldb_order_operate.html HTTP/1.1" 200 37
124.78.153.86 - - [03/Dec/2021:11:12:47 +0800] "POST /xingrg/kc/base/wldb_order_operate.html HTTP/1.1" 200 2699
180.169.147.146 - - [03/Dec/2021:11:12:50 +0800] "GET /xingrg/kc/base/wldb_order_operate.html?command=get_materiel&rest_code=00147&base_code=0010270&code=00101019529 HTTP/1.1" 200 475
124.78.153.86 - - [03/Dec/2021:11:12:52 +0800] "GET /xingrg/kc/base/wldb_order_info.html?code=422021120300226 HTTP/1.1" 200 30497
180.169.147.146 - - [03/Dec/2021:11:12:52 +0800] "POST /xingrg/dwr/call/plaincall/AjaxGetFirstChart.getFirstChart.dwr HTTP/1.1" 200 82
114.83.221.14 - - [03/Dec/2021:11:12:52 +0800] "GET /xingrg/all/function/internal_message.html?_=1638501170343&CODE_STATE=getMsg HTTP/1.1" 200 27
124.78.153.86 - - [03/Dec/2021:11:12:52 +0800] "GET /xingrg/javascript/easyui/themes/default/validatebox.css HTTP/1.1" 404 1104
124.78.153.86 - - [03/Dec/2021:11:12:53 +0800] "POST /xingrg/kc/base/wldb_order_operate.html HTTP/1.1" 200 2699
114.83.221.14 - - [03/Dec/2021:11:12:53 +0800] "GET /xingrg/kc/print/load_data.html?order_code=212021120300852&kc_code=cgsh&condition= HTTP/1.1" 200 2498
180.169.147.146 - - [03/Dec/2021:11:12:54 +0800] "GET /xingrg/all/function/internal_message.html?_=1638501173212&CODE_STATE=getMsg HTTP/1.1" 200 27
124.78.153.86 - - [03/Dec/2021:11:12:55 +0800] "POST /xingrg/kc/buy/cgsh_list_operate.html HTTP/1.1" 200 1703
124.78.153.86 - - [03/Dec/2021:11:12:56 +0800] "GET /xingrg/kc/buy/buy_main.html HTTP/1.1" 200 12412
124.78.153.86 - - [03/Dec/2021:11:12:56 +0800] "GET /xingrg/css/new_ie.css HTTP/1.1" 404 1036
124.78.153.86 - - [03/Dec/2021:11:12:57 +0800] "GET /xingrg/images/yd/bt.gif HTTP/1.1" 404 1040
58.39.139.200 - - [03/Dec/2021:11:12:57 +0800] "GET /xingrg/all/function/internal_message.html?_=1638501113663&CODE_STATE=getMsg HTTP/1.1" 302 -
58.39.139.200 - - [03/Dec/2021:11:12:57 +0800] "GET /xingrg/check_reg.html?_=1638501113664 HTTP/1.1" 302 -
124.78.153.86 - - [03/Dec/2021:11:12:57 +0800] "GET /xingrg/kc/buy/cgsh_order_list.html HTTP/1.1" 200 49374
180.169.147.146 - - [03/Dec/2021:11:12:58 +0800] "GET /xingrg/kc/base/wldb_order_operate.html?command=get_materiel&rest_code=00147&base_code=0010270&code=00101019079 HTTP/1.1" 200 464
124.78.153.86 - - [03/Dec/2021:11:13:00 +0800] "POST /xingrg/kc/buy/cgsh_list_operate.html HTTP/1.1" 200 1703
124.78.153.86 - - [03/Dec/2021:11:13:01 +0800] "GET /xingrg/all/function/internal_message.html?_=1638501182224&CODE_STATE=getMsg HTTP/1.1" 200 27
124.78.153.86 - - [03/Dec/2021:11:13:01 +0800] "POST /xingrg/kc/buy/cgsh_list_operate.html HTTP/1.1" 200 271
58.37.8.149 - - [03/Dec/2021:11:13:02 +0800] "GET /xingrg/all/function/internal_message.html?_=1638501002193&CODE_STATE=getMsg HTTP/1.1" 200 27
124.78.153.86 - - [03/Dec/2021:11:13:02 +0800] "GET /xingrg/kc/buy/cgsh_order_info.html?code=212021120300845 HTTP/1.1" 200 65163
124.78.153.86 - - [03/Dec/2021:11:13:02 +0800] "GET /xingrg/javascript/easyui/themes/default/validatebox.css HTTP/1.1" 404 1104
222.70.171.86 - - [03/Dec/2021:11:13:03 +0800] "GET /xingrg/all/function/internal_message.html?_=1638501200073&CODE_STATE=getMsg HTTP/1.1" 200 27
124.78.153.86 - - [03/Dec/2021:11:13:03 +0800] "POST /xingrg/kc/buy/cgsh_order_operate.html HTTP/1.1" 200 3242
114.83.221.14 - - [03/Dec/2021:11:13:03 +0800] "GET /xingrg/kc/buy/cgsh_order_add.html HTTP/1.1" 200 65197
114.83.221.14 - - [03/Dec/2021:11:13:04 +0800] "POST /xingrg/kc/buy/cgsh_order_operate.html HTTP/1.1" 200 8245
114.83.221.14 - - [03/Dec/2021:11:13:04 +0800] "GET /xingrg/javascript/easyui/themes/default/validatebox.css HTTP/1.1" 404 1104
180.174.250.202 - - [03/Dec/2021:11:13:08 +0800] "GET /xingrg/all/function/internal_message.html?_=1638501186146&CODE_STATE=getMsg HTTP/1.1" 200 27
180.169.147.146 - - [03/Dec/2021:11:13:09 +0800] "POST /xingrg/dwr/call/plaincall/AjaxBaseInfoService.changeUnitGroup.dwr HTTP/1.1" 200 243
180.169.147.146 - - [03/Dec/2021:11:13:11 +0800] "POST /xingrg/dwr/call/plaincall/AjaxBaseInfoService.saveMateriel.dwr HTTP/1.1" 200 109
180.169.147.146 - - [03/Dec/2021:11:13:11 +0800] "POST /xingrg/dwr/call/plaincall/AjaxBaseInfoService.getMateriels.dwr HTTP/1.1" 200 2944
124.78.153.86 - - [03/Dec/2021:11:13:11 +0800] "GET /xingrg/kc/buy/cgsh_order_operate.html?command=get_materiel&rest_code=00106&code=00102002765&supplier_code=00100075&order_time=2021-12-03 HTTP/1.1" 200 423
180.169.147.146 - - [03/Dec/2021:11:13:14 +0800] "GET /xingrg/kc/base/wldb_order_operate.html?command=get_materiel&rest_code=00147&base_code=0010270&code=00101019295 HTTP/1.1" 200 461
180.174.250.202 - - [03/Dec/2021:11:13:16 +0800] "GET /xingrg/kc/base/wldb_order_list.html HTTP/1.1" 200 19265
222.70.176.97 - - [03/Dec/2021:11:13:17 +0800] "GET /xingrg/all/function/internal_message.html?_=1638501193853&CODE_STATE=getMsg HTTP/1.1" 200 27
180.174.250.202 - - [03/Dec/2021:11:13:17 +0800] "GET /xingrg/javascript/easyui/themes/icons/cance_new.png HTTP/1.1" 304 -
180.174.250.202 - - [03/Dec/2021:11:13:17 +0800] "GET /xingrg/javascript/easyui/themes/icons/check_new.png HTTP/1.1" 304 -
180.174.250.202 - - [03/Dec/2021:11:13:17 +0800] "POST /xingrg/kc/base/wldb_list_operate.html HTTP/1.1" 200 928
180.169.147.146 - - [03/Dec/2021:11:13:18 +0800] "GET /xingrg/system/info/materiel_info.html?code=00102016&isAdd=1 HTTP/1.1" 200 35968
180.169.147.146 - - [03/Dec/2021:11:13:18 +0800] "GET /xingrg/dwr/interface/AjaxGetFirstChart.js HTTP/1.1" 200 631
180.169.147.146 - - [03/Dec/2021:11:13:18 +0800] "GET /xingrg/dwr/interface/AjaxBaseInfoService.js HTTP/1.1" 200 21363
180.169.147.146 - - [03/Dec/2021:11:13:18 +0800] "GET /xingrg/dwr/interface/AjaxComOrderService.js HTTP/1.1" 200 18264
180.169.147.146 - - [03/Dec/2021:11:13:18 +0800] "GET /xingrg/dwr/engine.js HTTP/1.1" 200 43631
180.169.147.146 - - [03/Dec/2021:11:13:18 +0800] "POST /xingrg/all/common/load_tree.html?tree=area_rest_tree_json HTTP/1.1" 200 3472
180.169.147.146 - - [03/Dec/2021:11:13:18 +0800] "POST /xingrg/dwr/call/plaincall/AjaxBaseInfoService.getMaterielInfo.dwr HTTP/1.1" 200 222
180.169.147.146 - - [03/Dec/2021:11:13:18 +0800] "POST /xingrg/all/common/load_tree.html?tree=area_rest_tree_json&defaultRests=undefined HTTP/1.1" 200 3472
222.70.171.86 - - [03/Dec/2021:11:13:21 +0800] "GET /xingrg/all/function/internal_message.html?_=1638501216191&CODE_STATE=getMsg HTTP/1.1" 302 -
222.70.176.97 - - [03/Dec/2021:11:13:22 +0800] "GET /xingrg/all/function/internal_message.html?_=1638501198694&CODE_STATE=getMsg HTTP/1.1" 200 27
116.232.55.144 - - [03/Dec/2021:11:13:22 +0800] "GET /xingrg/all/function/internal_message.html?_=1638501203596&CODE_STATE=getMsg HTTP/1.1" 200 27
180.174.250.202 - - [03/Dec/2021:11:13:24 +0800] "GET /xingrg/kc/base/yddb_order_list.html HTTP/1.1" 200 16871
116.227.210.113 - - [03/Dec/2021:11:13:24 +0800] "GET /xingrg/kc/buy/cgsh_order_operate.html?command=get_materiel&rest_code=00155&code=00101012032&supplier_code=00100037&order_time=2021-12-03 HTTP/1.1" 200 416
180.174.250.202 - - [03/Dec/2021:11:13:24 +0800] "POST /xingrg/kc/base/yddb_list_operate.html HTTP/1.1" 200 636
114.83.221.14 - - [03/Dec/2021:11:13:25 +0800] "GET /xingrg/kc/buy/cgsh_order_operate.html?command=get_materiel&rest_code=00149&code=00101007061&supplier_code=00100205&order_time=2021-12-03 HTTP/1.1" 200 411
180.162.114.163 - - [03/Dec/2021:11:13:26 +0800] "GET /xingrg/check_reg.html?_=1638500666277 HTTP/1.1" 200 22
180.162.114.163 - - [03/Dec/2021:11:13:26 +0800] "GET /xingrg/all/function/internal_message.html?_=1638500666279&CODE_STATE=getMsg HTTP/1.1" 200 27
180.169.147.146 - - [03/Dec/2021:11:13:27 +0800] "GET /xingrg/all/function/internal_message.html?_=1638501206944&CODE_STATE=getMsg HTTP/1.1" 200 27
180.169.147.146 - - [03/Dec/2021:11:13:27 +0800] "GET /xingrg/all/function/internal_message.html?_=1638501206662&CODE_STATE=getMsg HTTP/1.1" 200 27
124.78.153.86 - - [03/Dec/2021:11:13:28 +0800] "GET /xingrg/kc/base/base_main.html HTTP/1.1" 200 12142
124.78.153.86 - - [03/Dec/2021:11:13:29 +0800] "GET /xingrg/kc/buy/cgsh_order_info.html?code=212021120300845 HTTP/1.1" 200 65163
124.78.153.86 - - [03/Dec/2021:11:13:29 +0800] "GET /xingrg/words/20211203111311_words.js HTTP/1.1" 200 876430
180.174.250.202 - - [03/Dec/2021:11:13:29 +0800] "POST /xingrg/kc/base/yddb_list_operate.html HTTP/1.1" 200 4318
124.78.153.86 - - [03/Dec/2021:11:13:29 +0800] "GET /xingrg/javascript/easyui/themes/default/validatebox.css HTTP/1.1" 404 1104
124.78.153.86 - - [03/Dec/2021:11:13:30 +0800] "POST /xingrg/kc/buy/cgsh_order_operate.html HTTP/1.1" 200 3242
180.157.253.6 - - [03/Dec/2021:11:13:32 +0800] "GET /xingrg/all/function/internal_message.html?_=1638501211906&CODE_STATE=getMsg HTTP/1.1" 200 27
116.227.210.113 - - [03/Dec/2021:11:13:35 +0800] "GET /xingrg/all/function/internal_message.html?_=1638501212232&CODE_STATE=getMsg HTTP/1.1" 200 27
124.78.153.86 - - [03/Dec/2021:11:13:36 +0800] "GET /xingrg/kc/buy/cgsh_order_operate.html?command=get_materiel&rest_code=00106&code=00102016761&supplier_code=00100075&order_time=2021-12-03 HTTP/1.1" 200 407
180.174.250.202 - - [03/Dec/2021:11:13:37 +0800] "POST /xingrg/kc/base/yddb_list_operate.html HTTP/1.1" 200 203
180.174.250.202 - - [03/Dec/2021:11:13:37 +0800] "GET /xingrg/kc/base/yddb_order_info.html?code=482021103000225 HTTP/1.1" 200 31601
180.174.250.202 - - [03/Dec/2021:11:13:37 +0800] "GET /xingrg/dwr/interface/AjaxYddbService.js HTTP/1.1" 200 13201
180.174.250.202 - - [03/Dec/2021:11:13:37 +0800] "GET /xingrg/dwr/interface/AjaxComOrderService.js HTTP/1.1" 200 18264
180.174.250.202 - - [03/Dec/2021:11:13:37 +0800] "GET /xingrg/dwr/engine.js HTTP/1.1" 200 43631
180.174.250.202 - - [03/Dec/2021:11:13:37 +0800] "POST /xingrg/dwr/call/plaincall/AjaxYddbService.loadMaterielItems.dwr HTTP/1.1" 200 394
180.169.147.146 - - [03/Dec/2021:11:13:38 +0800] "GET /xingrg/kc/base/wldb_order_operate.html?command=get_materiel&rest_code=00147&base_code=0010270&code=00101019248 HTTP/1.1" 200 459
120.253.135.82 - - [03/Dec/2021:11:13:38 +0800] "GET /xingrg/check_reg.html?_=1638501222845 HTTP/1.1" 200 22
58.39.139.200 - - [03/Dec/2021:11:13:38 +0800] "GET /xingrg/all/function/internal_message.html?_=1638501218606&CODE_STATE=getMsg HTTP/1.1" 200 27
120.253.135.82 - - [03/Dec/2021:11:13:38 +0800] "GET /xingrg/all/function/internal_message.html?_=1638501222917&CODE_STATE=getMsg HTTP/1.1" 200 27
120.253.135.82 - - [03/Dec/2021:11:13:38 +0800] "GET /xingrg/check_reg.html?_=1638500994905 HTTP/1.1" 200 22
116.232.55.144 - - [03/Dec/2021:11:13:39 +0800] "GET /xingrg/kc/buy/cgsh_order_operate.html?command=get_materiel&rest_code=00109&code=00101008323&supplier_code=00100005&order_time=2021-12-03 HTTP/1.1" 200 408
116.228.172.94 - - [03/Dec/2021:11:13:39 +0800] "GET /xingrg/all/function/internal_message.html?_=1638501084804&CODE_STATE=getMsg HTTP/1.1" 200 27
58.39.139.200 - - [03/Dec/2021:11:13:39 +0800] "GET /xingrg/check_reg.html?_=1638501219787 HTTP/1.1" 200 22
116.238.248.233 - - [03/Dec/2021:11:13:40 +0800] "GET /xingrg/all/function/internal_message.html?_=1638501218849&CODE_STATE=getMsg HTTP/1.1" 200 27
114.83.221.14 - - [03/Dec/2021:11:13:43 +0800] "GET /xingrg/kc/buy/cgsh_order_operate.html?command=get_materiel&rest_code=00149&code=00101007043&supplier_code=00100205&order_time=2021-12-03 HTTP/1.1" 200 409
124.78.153.86 - - [03/Dec/2021:11:13:46 +0800] "GET /xingrg/all/function/internal_message.html?_=1638501235524&CODE_STATE=getMsg HTTP/1.1" 200 27
116.232.55.144 - - [03/Dec/2021:11:13:49 +0800] "GET /xingrg/kc/buy/cgsh_order_operate.html?command=get_materiel&rest_code=00109&code=00101008350&supplier_code=00100005&order_time=2021-12-03 HTTP/1.1" 200 408
180.169.147.146 - - [03/Dec/2021:11:13:50 +0800] "GET /xingrg/kc/base/wldb_order_operate.html?command=get_materiel&rest_code=00147&base_code=0010270&code=00101019058 HTTP/1.1" 200 454
61.151.178.163 - - [03/Dec/2021:11:13:51 +0800] "GET /xingrg/check_reg.html?_=1638501174496 HTTP/1.1" 302 -
61.151.178.163 - - [03/Dec/2021:11:13:52 +0800] "GET /xingrg/login.html HTTP/1.1" 200 7641
114.83.221.14 - - [03/Dec/2021:11:13:52 +0800] "GET /xingrg/all/function/internal_message.html?_=1638501230331&CODE_STATE=getMsg HTTP/1.1" 200 27
180.169.147.146 - - [03/Dec/2021:11:13:54 +0800] "GET /xingrg/all/function/internal_message.html?_=1638501233224&CODE_STATE=getMsg HTTP/1.1" 200 27
116.232.55.144 - - [03/Dec/2021:11:13:56 +0800] "GET /xingrg/kc/buy/cgsh_order_operate.html?command=get_materiel&rest_code=00109&code=00101008003&supplier_code=00100005&order_time=2021-12-03 HTTP/1.1" 200 408
180.169.147.146 - - [03/Dec/2021:11:13:56 +0800] "GET /xingrg/check_reg.html?_=1638501235576 HTTP/1.1" 200 22
58.39.139.200 - - [03/Dec/2021:11:13:57 +0800] "GET /xingrg/all/function/internal_message.html?_=1638501173662&CODE_STATE=getMsg HTTP/1.1" 302 -
180.169.147.146 - - [03/Dec/2021:11:13:59 +0800] "GET /xingrg/kc/base/wldb_order_operate.html?command=get_materiel&rest_code=00147&base_code=0010270&code=00101019391 HTTP/1.1" 200 471
124.78.153.86 - - [03/Dec/2021:11:14:01 +0800] "GET /xingrg/all/function/internal_message.html?_=1638501242233&CODE_STATE=getMsg HTTP/1.1" 200 27
58.37.8.149 - - [03/Dec/2021:11:14:02 +0800] "GET /xingrg/check_reg.html?_=1638501062193 HTTP/1.1" 200 22
58.37.8.149 - - [03/Dec/2021:11:14:02 +0800] "GET /xingrg/all/function/internal_message.html?_=1638501062194&CODE_STATE=getMsg HTTP/1.1" 200 27
222.70.171.86 - - [03/Dec/2021:11:14:02 +0800] "GET /xingrg/check_reg.html?_=1638501256962 HTTP/1.1" 302 -
222.70.171.86 - - [03/Dec/2021:11:14:02 +0800] "GET /xingrg/check_reg.html?_=1638501259877 HTTP/1.1" 200 22
222.70.171.86 - - [03/Dec/2021:11:14:03 +0800] "GET /xingrg/all/function/internal_message.html?_=1638501260081&CODE_STATE=getMsg HTTP/1.1" 200 27
124.78.153.86 - - [03/Dec/2021:11:14:04 +0800] "POST /xingrg/kc/buy/cgsh_order_operate.html HTTP/1.1" 200 37
116.227.210.113 - - [03/Dec/2021:11:14:04 +0800] "GET /xingrg/kc/buy/cgsh_order_operate.html?command=get_materiel&rest_code=00155&code=00101011010&supplier_code=00100037&order_time=2021-12-03 HTTP/1.1" 200 23
180.169.147.146 - - [03/Dec/2021:11:14:05 +0800] "GET /xingrg/kc/base/wldb_order_operate.html?command=get_materiel&rest_code=00147&base_code=0010270&code=00101019438 HTTP/1.1" 200 447
124.78.153.86 - - [03/Dec/2021:11:14:07 +0800] "POST /xingrg/kc/buy/cgsh_order_operate.html HTTP/1.1" 200 12
180.174.250.202 - - [03/Dec/2021:11:14:08 +0800] "GET /xingrg/all/function/internal_message.html?_=1638501246163&CODE_STATE=getMsg HTTP/1.1" 200 27
124.78.153.86 - - [03/Dec/2021:11:14:08 +0800] "GET /xingrg/kc/buy/cgsh_order_info.html?code=212021120300845 HTTP/1.1" 200 60065
124.78.153.86 - - [03/Dec/2021:11:14:09 +0800] "GET /xingrg/javascript/easyui/themes/default/validatebox.css HTTP/1.1" 404 1104
124.78.153.86 - - [03/Dec/2021:11:14:10 +0800] "POST /xingrg/kc/buy/cgsh_order_operate.html HTTP/1.1" 200 2979
101.89.239.120 - - [03/Dec/2021:11:14:11 +0800] "GET /xingrg/kc/buy/cgsh_order_info.html?code=212021120300845 HTTP/1.1" 302 -
124.78.153.86 - - [03/Dec/2021:11:14:11 +0800] "GET /xingrg/kc/print/load_data.html?order_code=212021120300845&kc_code=cgsh&condition= HTTP/1.1" 200 1630
116.227.210.113 - - [03/Dec/2021:11:14:12 +0800] "GET /xingrg/kc/buy/cgsh_order_add.html HTTP/1.1" 200 65071
116.227.210.113 - - [03/Dec/2021:11:14:12 +0800] "GET /xingrg/words/20211203111311_words.js HTTP/1.1" 200 876430
116.227.210.113 - - [03/Dec/2021:11:14:12 +0800] "POST /xingrg/kc/buy/cgsh_order_operate.html HTTP/1.1" 200 8245
116.227.210.113 - - [03/Dec/2021:11:14:13 +0800] "GET /xingrg/javascript/easyui/themes/default/validatebox.css HTTP/1.1" 404 1104
180.169.147.146 - - [03/Dec/2021:11:14:13 +0800] "GET /xingrg/kc/base/wldb_order_operate.html?command=get_materiel&rest_code=00147&base_code=0010270&code=00101019536 HTTP/1.1" 200 469
101.89.239.120 - - [03/Dec/2021:11:14:14 +0800] "GET /xingrg/login.html HTTP/1.1" 200 7641
222.70.176.97 - - [03/Dec/2021:11:14:17 +0800] "GET /xingrg/all/function/internal_message.html?_=1638501253847&CODE_STATE=getMsg HTTP/1.1" 200 27
114.83.221.14 - - [03/Dec/2021:11:14:17 +0800] "GET /xingrg/kc/buy/cgsh_order_operate.html?command=get_materiel&rest_code=00149&code=00101007083&supplier_code=00100205&order_time=2021-12-03 HTTP/1.1" 200 423
58.221.95.50 - - [03/Dec/2021:11:14:17 +0800] "GET /xingrg/check_reg.html?_=1638501256659 HTTP/1.1" 302 -
222.70.171.86 - - [03/Dec/2021:11:14:19 +0800] "GET /xingrg/kc/buy/cgsh_order_operate.html?command=get_materiel&rest_code=00146&code=00101006161&supplier_code=00100041&order_time=2021-12-03 HTTP/1.1" 200 409
222.70.171.86 - - [03/Dec/2021:11:14:21 +0800] "GET /xingrg/all/function/internal_message.html?_=1638501276193&CODE_STATE=getMsg HTTP/1.1" 302 -
222.70.176.97 - - [03/Dec/2021:11:14:21 +0800] "GET /xingrg/check_reg.html?_=1638501258347 HTTP/1.1" 200 22
222.70.176.97 - - [03/Dec/2021:11:14:22 +0800] "GET /xingrg/all/function/internal_message.html?_=1638501258677&CODE_STATE=getMsg HTTP/1.1" 200 27
116.232.55.144 - - [03/Dec/2021:11:14:22 +0800] "GET /xingrg/all/function/internal_message.html?_=1638501263590&CODE_STATE=getMsg HTTP/1.1" 200 27
116.232.55.144 - - [03/Dec/2021:11:14:22 +0800] "GET /xingrg/check_reg.html?_=1638501263592 HTTP/1.1" 200 22
180.162.114.163 - - [03/Dec/2021:11:14:26 +0800] "GET /xingrg/all/function/internal_message.html?_=1638500726279&CODE_STATE=getMsg HTTP/1.1" 200 27
180.169.147.146 - - [03/Dec/2021:11:14:27 +0800] "GET /xingrg/all/function/internal_message.html?_=1638501266940&CODE_STATE=getMsg HTTP/1.1" 200 27
180.169.147.146 - - [03/Dec/2021:11:14:27 +0800] "GET /xingrg/all/function/internal_message.html?_=1638501266663&CODE_STATE=getMsg HTTP/1.1" 200 27
114.83.221.14 - - [03/Dec/2021:11:14:30 +0800] "GET /xingrg/kc/buy/cgsh_order_operate.html?command=get_materiel&rest_code=00149&code=00101007023&supplier_code=00100205&order_time=2021-12-03 HTTP/1.1" 200 411
180.157.253.6 - - [03/Dec/2021:11:14:32 +0800] "GET /xingrg/all/function/internal_message.html?_=1638501271906&CODE_STATE=getMsg HTTP/1.1" 200 27
116.227.210.113 - - [03/Dec/2021:11:14:35 +0800] "GET /xingrg/check_reg.html?_=1638501272244 HTTP/1.1" 200 22
116.227.210.113 - - [03/Dec/2021:11:14:35 +0800] "GET /xingrg/all/function/internal_message.html?_=1638501272247&CODE_STATE=getMsg HTTP/1.1" 200 27
180.169.147.146 - - [03/Dec/2021:11:14:35 +0800] "GET /xingrg/kc/base/wldb_order_operate.html?command=get_materiel&rest_code=00147&base_code=0010270&code=00101019187 HTTP/1.1" 200 464
58.39.139.200 - - [03/Dec/2021:11:14:38 +0800] "GET /xingrg/all/function/internal_message.html?_=1638501278583&CODE_STATE=getMsg HTTP/1.1" 200 27
120.253.135.82 - - [03/Dec/2021:11:14:38 +0800] "GET /xingrg/all/function/internal_message.html?_=1638501282921&CODE_STATE=getMsg HTTP/1.1" 200 27
116.228.172.94 - - [03/Dec/2021:11:14:39 +0800] "GET /xingrg/all/function/internal_message.html?_=1638501144802&CODE_STATE=getMsg HTTP/1.1" 200 27
116.238.248.233 - - [03/Dec/2021:11:14:40 +0800] "GET /xingrg/all/function/internal_message.html?_=1638501278849&CODE_STATE=getMsg HTTP/1.1" 200 27
114.83.221.14 - - [03/Dec/2021:11:14:43 +0800] "GET /xingrg/kc/buy/cgsh_order_operate.html?command=get_materiel&rest_code=00149&code=00101007049&supplier_code=00100205&order_time=2021-12-03 HTTP/1.1" 200 409
124.78.153.86 - - [03/Dec/2021:11:14:46 +0800] "GET /xingrg/all/function/internal_message.html?_=1638501295493&CODE_STATE=getMsg HTTP/1.1" 200 27
180.169.147.146 - - [03/Dec/2021:11:14:49 +0800] "GET /xingrg/kc/base/wldb_order_operate.html?command=get_materiel&rest_code=00147&base_code=0010270&code=00101019263 HTTP/1.1" 200 465
222.70.171.86 - - [03/Dec/2021:11:14:50 +0800] "GET /xingrg/kc/buy/cgsh_order_operate.html?command=get_materiel&rest_code=00146&code=00101001032&supplier_code=00100041&order_time=2021-12-03 HTTP/1.1" 200 413
180.174.250.202 - - [03/Dec/2021:11:14:51 +0800] "GET /xingrg/kc/base/check_order_list.html HTTP/1.1" 200 16384
180.174.250.202 - - [03/Dec/2021:11:14:51 +0800] "POST /xingrg/kc/base/check_list_operate.html HTTP/1.1" 200 1560
114.83.221.14 - - [03/Dec/2021:11:14:52 +0800] "GET /xingrg/all/function/internal_message.html?_=1638501290303&CODE_STATE=getMsg HTTP/1.1" 200 27
114.83.221.14 - - [03/Dec/2021:11:14:53 +0800] "GET /xingrg/check_reg.html?_=1638501290739 HTTP/1.1" 200 22
180.174.250.202 - - [03/Dec/2021:11:14:53 +0800] "GET /xingrg/css/table.css HTTP/1.1" 304 -
180.174.250.202 - - [03/Dec/2021:11:14:53 +0800] "GET /xingrg/kc/base/check_order_info.html?code=452021113000404 HTTP/1.1" 200 26438
180.174.250.202 - - [03/Dec/2021:11:14:53 +0800] "GET /xingrg/javascript/convert.js HTTP/1.1" 304 -
180.174.250.202 - - [03/Dec/2021:11:14:53 +0800] "GET /xingrg/javascript/print/kc_print.js HTTP/1.1" 304 -
180.174.250.202 - - [03/Dec/2021:11:14:53 +0800] "GET /xingrg/dwr/interface/AjaxCheckService.js HTTP/1.1" 200 14003
180.174.250.202 - - [03/Dec/2021:11:14:53 +0800] "GET /xingrg/dwr/interface/AjaxComOrderService.js HTTP/1.1" 200 18264
180.174.250.202 - - [03/Dec/2021:11:14:53 +0800] "GET /xingrg/dwr/engine.js HTTP/1.1" 200 43631
180.174.250.202 - - [03/Dec/2021:11:14:53 +0800] "GET /xingrg/javascript/jquery_easy_ui/themes/icons/cance_new.png HTTP/1.1" 304 -
101.85.120.86 - - [03/Dec/2021:11:14:54 +0800] "POST /xingrg/login.do HTTP/1.1" 302 -
180.169.147.146 - - [03/Dec/2021:11:14:54 +0800] "GET /xingrg/check_reg.html?_=1638501293217 HTTP/1.1" 200 22
180.169.147.146 - - [03/Dec/2021:11:14:54 +0800] "GET /xingrg/all/function/internal_message.html?_=1638501293220&CODE_STATE=getMsg HTTP/1.1" 200 27
101.85.120.86 - - [03/Dec/2021:11:14:54 +0800] "GET /xingrg/index.html?sysBaseUrl=http%3A%2F%2F180.169.147.146%3A18081%2Fxingrg%2F&costTime=44×tamp=1638501294357 HTTP/1.1" 200 17179
114.83.221.14 - - [03/Dec/2021:11:14:54 +0800] "GET /xingrg/kc/buy/cgsh_order_operate.html?command=get_materiel&rest_code=00149&code=00101007081&supplier_code=00100205&order_time=2021-12-03 HTTP/1.1" 200 415
101.85.120.86 - - [03/Dec/2021:11:14:54 +0800] "GET /favicon.ico HTTP/1.1" 404 -
101.85.120.86 - - [03/Dec/2021:11:14:54 +0800] "POST /xingrg/all/common/load_tree.html?tree=area_rest_tree_json&manage=1 HTTP/1.1" 200 351
101.85.120.86 - - [03/Dec/2021:11:14:54 +0800] "GET /xingrg/all/function/internal_message.html?_=1638501291978&CODE_STATE=count HTTP/1.1" 200 11
101.85.120.86 - - [03/Dec/2021:11:14:54 +0800] "GET /xingrg/check_reg.html?_=1638501291979 HTTP/1.1" 200 22
101.85.120.86 - - [03/Dec/2021:11:14:55 +0800] "POST /xingrg/load_menu.html HTTP/1.1" 200 5138
180.174.250.202 - - [03/Dec/2021:11:14:55 +0800] "POST /xingrg/dwr/call/plaincall/AjaxCheckService.loadOrderItems.dwr HTTP/1.1" 200 70242
180.174.250.202 - - [03/Dec/2021:11:14:55 +0800] "GET /xingrg/javascript/jquery_easy_ui/themes/icons/no.png HTTP/1.1" 304 -
58.39.139.200 - - [03/Dec/2021:11:14:57 +0800] "GET /xingrg/all/function/internal_message.html?_=1638501233660&CODE_STATE=getMsg HTTP/1.1" 302 -
58.37.8.149 - - [03/Dec/2021:11:14:58 +0800] "POST /xingrg/services/DataTransmitService HTTP/1.1" 200 524
58.37.8.149 - - [03/Dec/2021:11:14:59 +0800] "POST /xingrg/services/DataTransmitService HTTP/1.1" 200 501
180.169.147.146 - - [03/Dec/2021:11:14:59 +0800] "GET /xingrg/kc/base/wldb_order_operate.html?command=get_materiel&rest_code=00147&base_code=0010270&code=00101019132 HTTP/1.1" 200 473
124.78.153.86 - - [03/Dec/2021:11:15:01 +0800] "GET /xingrg/all/function/internal_message.html?_=1638501302233&CODE_STATE=getMsg HTTP/1.1" 200 27
124.78.153.86 - - [03/Dec/2021:11:15:01 +0800] "GET /xingrg/check_reg.html?_=1638501302236 HTTP/1.1" 200 22
58.37.8.149 - - [03/Dec/2021:11:15:02 +0800] "GET /xingrg/all/function/internal_message.html?_=1638501122192&CODE_STATE=getMsg HTTP/1.1" 200 27
222.70.171.86 - - [03/Dec/2021:11:15:03 +0800] "GET /xingrg/all/function/internal_message.html?_=1638501320094&CODE_STATE=getMsg HTTP/1.1" 200 27
114.83.221.14 - - [03/Dec/2021:11:15:06 +0800] "GET /xingrg/kc/buy/cgsh_order_operate.html?command=get_materiel&rest_code=00149&code=00101007059&supplier_code=00100205&order_time=2021-12-03 HTTP/1.1" 200 409
101.85.120.86 - - [03/Dec/2021:11:15:07 +0800] "GET /xingrg/kc/buy/cgsh_order_list.html HTTP/1.1" 200 49380
116.227.210.113 - - [03/Dec/2021:11:15:07 +0800] "GET /xingrg/kc/buy/cgsh_order_operate.html?command=get_materiel&rest_code=00155&code=00101007159&supplier_code=00100037&order_time=2021-12-03 HTTP/1.1" 200 426
180.174.250.202 - - [03/Dec/2021:11:15:08 +0800] "GET /xingrg/check_reg.html?_=1638501306113 HTTP/1.1" 200 22
180.174.250.202 - - [03/Dec/2021:11:15:08 +0800] "GET /xingrg/all/function/internal_message.html?_=1638501306171&CODE_STATE=getMsg HTTP/1.1" 200 27
101.85.120.86 - - [03/Dec/2021:11:15:10 +0800] "POST /xingrg/kc/buy/cgsh_list_operate.html HTTP/1.1" 200 2053
101.85.120.86 - - [03/Dec/2021:11:15:12 +0800] "GET /xingrg/kc/buy/cgsh_order_add.html HTTP/1.1" 200 64269
101.85.120.86 - - [03/Dec/2021:11:15:12 +0800] "GET /xingrg/words/20211203111311_words.js HTTP/1.1" 200 876430
101.85.120.86 - - [03/Dec/2021:11:15:13 +0800] "POST /xingrg/kc/buy/cgsh_order_operate.html HTTP/1.1" 200 8245
101.85.120.86 - - [03/Dec/2021:11:15:13 +0800] "GET /xingrg/all/common/auto_word.html?type=employee&rest_code=00142 HTTP/1.1" 200 105
101.85.120.86 - - [03/Dec/2021:11:15:13 +0800] "GET /xingrg/all/common/auto_word.html?type=employee&rest_code=00142 HTTP/1.1" 200 105
101.85.120.86 - - [03/Dec/2021:11:15:13 +0800] "GET /xingrg/javascript/easyui/themes/default/validatebox.css HTTP/1.1" 404 1104
101.85.120.86 - - [03/Dec/2021:11:15:14 +0800] "GET /xingrg/javascript/auto/indicator.gif HTTP/1.1" 404 1066
222.70.176.97 - - [03/Dec/2021:11:15:17 +0800] "GET /xingrg/all/function/internal_message.html?_=1638501313847&CODE_STATE=getMsg HTTP/1.1" 200 27
180.169.147.146 - - [03/Dec/2021:11:15:20 +0800] "GET /xingrg/kc/base/wldb_order_operate.html?command=get_materiel&rest_code=00147&base_code=0010270&code=00101016060 HTTP/1.1" 200 464
222.70.171.86 - - [03/Dec/2021:11:15:21 +0800] "GET /xingrg/all/function/internal_message.html?_=1638501336217&CODE_STATE=getMsg HTTP/1.1" 302 -
222.70.176.97 - - [03/Dec/2021:11:15:22 +0800] "GET /xingrg/all/function/internal_message.html?_=1638501318660&CODE_STATE=getMsg HTTP/1.1" 200 27
116.232.55.144 - - [03/Dec/2021:11:15:22 +0800] "GET /xingrg/all/function/internal_message.html?_=1638501323593&CODE_STATE=getMsg HTTP/1.1" 200 27
180.174.250.202 - - [03/Dec/2021:11:15:23 +0800] "GET /xingrg/kc/base/yddb_order_list.html HTTP/1.1" 200 16871
180.174.250.202 - - [03/Dec/2021:11:15:23 +0800] "POST /xingrg/kc/base/yddb_list_operate.html HTTP/1.1" 200 636
114.83.221.14 - - [03/Dec/2021:11:15:24 +0800] "POST /xingrg/kc/buy/cgsh_order_operate.html HTTP/1.1" 200 37
180.162.114.163 - - [03/Dec/2021:11:15:26 +0800] "GET /xingrg/all/function/internal_message.html?_=1638500786279&CODE_STATE=getMsg HTTP/1.1" 200 27
180.169.147.146 - - [03/Dec/2021:11:15:26 +0800] "POST /xingrg/kc/base/wldb_order_operate.html HTTP/1.1" 200 37
180.169.147.146 - - [03/Dec/2021:11:15:27 +0800] "POST /xingrg/kc/base/wldb_order_operate.html HTTP/1.1" 200 6742
180.169.147.146 - - [03/Dec/2021:11:15:27 +0800] "GET /xingrg/check_reg.html?_=1638501326942 HTTP/1.1" 200 22
180.169.147.146 - - [03/Dec/2021:11:15:27 +0800] "GET /xingrg/all/function/internal_message.html?_=1638501326942&CODE_STATE=getMsg HTTP/1.1" 200 27
180.169.147.146 - - [03/Dec/2021:11:15:27 +0800] "GET /xingrg/check_reg.html?_=1638501326666 HTTP/1.1" 200 22
180.169.147.146 - - [03/Dec/2021:11:15:27 +0800] "GET /xingrg/all/function/internal_message.html?_=1638501326662&CODE_STATE=getMsg HTTP/1.1" 200 27
180.174.250.202 - - [03/Dec/2021:11:15:27 +0800] "POST /xingrg/kc/base/yddb_list_operate.html HTTP/1.1" 200 4318
114.83.221.14 - - [03/Dec/2021:11:15:29 +0800] "POST /xingrg/kc/buy/cgsh_order_operate.html HTTP/1.1" 200 12
180.169.147.146 - - [03/Dec/2021:11:15:31 +0800] "GET /xingrg/kc/base/wldb_order_info.html?code=422021120300227 HTTP/1.1" 200 30500
180.169.147.146 - - [03/Dec/2021:11:15:31 +0800] "GET /xingrg/words/20211203111311_words.js HTTP/1.1" 200 876430
180.169.147.146 - - [03/Dec/2021:11:15:31 +0800] "GET /xingrg/javascript/easyui/themes/default/validatebox.css HTTP/1.1" 404 1104
180.169.147.146 - - [03/Dec/2021:11:15:32 +0800] "POST /xingrg/kc/base/wldb_order_operate.html HTTP/1.1" 200 6742
