120.253.135.82 - - [03/Dec/2021:06:15:13 +0800] "GET /xingrg/dwr/interface/AjaxQqpsService.js HTTP/1.1" 200 16326
120.253.135.82 - - [03/Dec/2021:06:15:13 +0800] "GET /xingrg/dwr/interface/AjaxReportQueryService.js HTTP/1.1" 200 13203
120.253.135.82 - - [03/Dec/2021:06:15:13 +0800] "GET /xingrg/dwr/engine.js HTTP/1.1" 200 43631
222.70.171.86 - - [03/Dec/2021:06:15:18 +0800] "GET /xingrg/all/function/internal_message.html?_=1638483332017&CODE_STATE=getMsg HTTP/1.1" 302 -
120.253.135.82 - - [03/Dec/2021:06:15:25 +0800] "GET /xingrg/kc/pszx/mdqp_order_info.html?code=302021120200046 HTTP/1.1" 200 13350
120.253.135.82 - - [03/Dec/2021:06:15:25 +0800] "GET /xingrg/dwr/interface/AjaxQqpsService.js HTTP/1.1" 200 16326
120.253.135.82 - - [03/Dec/2021:06:15:25 +0800] "GET /xingrg/dwr/interface/AjaxComOrderService.js HTTP/1.1" 200 18264
120.253.135.82 - - [03/Dec/2021:06:15:25 +0800] "GET /xingrg/dwr/engine.js HTTP/1.1" 200 43631
124.78.153.86 - - [03/Dec/2021:06:15:26 +0800] "GET /xingrg/check_reg.html?_=1638483336004 HTTP/1.1" 200 22
124.78.153.86 - - [03/Dec/2021:06:15:26 +0800] "GET /xingrg/all/function/internal_message.html?_=1638483336007&CODE_STATE=getMsg HTTP/1.1" 200 27
120.253.135.82 - - [03/Dec/2021:06:15:26 +0800] "POST /xingrg/dwr/call/plaincall/AjaxQqpsService.loadMaterielItems.dwr HTTP/1.1" 200 370
120.253.135.82 - - [03/Dec/2021:06:15:28 +0800] "GET /xingrg/kc/pszx/mdqp_order_list.html?isBack=1 HTTP/1.1" 302 -
120.253.135.82 - - [03/Dec/2021:06:15:28 +0800] "GET /xingrg/kc/pszx/mdqp_order_list.html?state=10 HTTP/1.1" 200 14681
120.253.135.82 - - [03/Dec/2021:06:15:28 +0800] "GET /xingrg/dwr/interface/AjaxReportQueryService.js HTTP/1.1" 200 13203
120.253.135.82 - - [03/Dec/2021:06:15:28 +0800] "GET /xingrg/dwr/interface/AjaxQqpsService.js HTTP/1.1" 200 16326
120.253.135.82 - - [03/Dec/2021:06:15:28 +0800] "GET /xingrg/dwr/engine.js HTTP/1.1" 200 43631
114.85.125.222 - - [03/Dec/2021:06:15:29 +0800] "GET /xingrg/all/function/internal_message.html?_=1638483293858&CODE_STATE=getMsg HTTP/1.1" 200 27
120.253.135.82 - - [03/Dec/2021:06:15:30 +0800] "GET /xingrg/kc/pszx/mdqp_order_info.html?code=302021120200044 HTTP/1.1" 200 13354
120.253.135.82 - - [03/Dec/2021:06:15:30 +0800] "GET /xingrg/dwr/interface/AjaxComOrderService.js HTTP/1.1" 200 18264
120.253.135.82 - - [03/Dec/2021:06:15:30 +0800] "GET /xingrg/dwr/engine.js HTTP/1.1" 200 43631
120.253.135.82 - - [03/Dec/2021:06:15:30 +0800] "GET /xingrg/dwr/interface/AjaxQqpsService.js HTTP/1.1" 200 16326
120.253.135.82 - - [03/Dec/2021:06:15:31 +0800] "POST /xingrg/dwr/call/plaincall/AjaxQqpsService.loadMaterielItems.dwr HTTP/1.1" 200 10158
116.238.248.233 - - [03/Dec/2021:06:15:37 +0800] "GET /xingrg/all/function/internal_message.html?_=1638483335655&CODE_STATE=getMsg HTTP/1.1" 200 27
222.70.171.86 - - [03/Dec/2021:06:15:45 +0800] "GET /xingrg/all/function/internal_message.html?_=1638483361329&CODE_STATE=getMsg HTTP/1.1" 200 27
120.253.135.82 - - [03/Dec/2021:06:15:47 +0800] "GET /xingrg/images/yd/bt.gif HTTP/1.1" 404 1040
120.253.135.82 - - [03/Dec/2021:06:15:47 +0800] "GET /xingrg/images/yd/bt2.gif HTTP/1.1" 404 1042
222.70.176.97 - - [03/Dec/2021:06:15:52 +0800] "GET /xingrg/all/function/internal_message.html?_=1638483349493&CODE_STATE=getMsg HTTP/1.1" 200 27
120.253.135.82 - - [03/Dec/2021:06:16:04 +0800] "GET /xingrg/all/function/internal_message.html?_=1638483140685&CODE_STATE=getMsg HTTP/1.1" 200 27
222.70.171.86 - - [03/Dec/2021:06:16:18 +0800] "GET /xingrg/all/function/internal_message.html?_=1638483392020&CODE_STATE=getMsg HTTP/1.1" 302 -
124.78.153.86 - - [03/Dec/2021:06:16:26 +0800] "GET /xingrg/all/function/internal_message.html?_=1638483396005&CODE_STATE=getMsg HTTP/1.1" 200 27
114.85.125.222 - - [03/Dec/2021:06:16:29 +0800] "GET /xingrg/all/function/internal_message.html?_=1638483353880&CODE_STATE=getMsg HTTP/1.1" 200 27
120.253.135.82 - - [03/Dec/2021:06:16:33 +0800] "GET /xingrg/kc/pszx/mdqp_order_list.html?isBack=1 HTTP/1.1" 302 -
120.253.135.82 - - [03/Dec/2021:06:16:33 +0800] "GET /xingrg/kc/pszx/mdqp_order_list.html?state=10 HTTP/1.1" 200 14681
120.253.135.82 - - [03/Dec/2021:06:16:33 +0800] "GET /xingrg/dwr/interface/AjaxReportQueryService.js HTTP/1.1" 200 13203
120.253.135.82 - - [03/Dec/2021:06:16:33 +0800] "GET /xingrg/dwr/interface/AjaxQqpsService.js HTTP/1.1" 200 16326
120.253.135.82 - - [03/Dec/2021:06:16:33 +0800] "GET /xingrg/dwr/engine.js HTTP/1.1" 200 43631
116.238.248.233 - - [03/Dec/2021:06:16:37 +0800] "GET /xingrg/all/function/internal_message.html?_=1638483395661&CODE_STATE=getMsg HTTP/1.1" 200 27
222.70.171.86 - - [03/Dec/2021:06:16:45 +0800] "GET /xingrg/all/function/internal_message.html?_=1638483421335&CODE_STATE=getMsg HTTP/1.1" 200 27
222.70.176.97 - - [03/Dec/2021:06:16:52 +0800] "GET /xingrg/all/function/internal_message.html?_=1638483409478&CODE_STATE=getMsg HTTP/1.1" 200 27
120.253.135.82 - - [03/Dec/2021:06:17:04 +0800] "GET /xingrg/check_reg.html?_=1638483200636 HTTP/1.1" 200 22
120.253.135.82 - - [03/Dec/2021:06:17:04 +0800] "GET /xingrg/all/function/internal_message.html?_=1638483200698&CODE_STATE=getMsg HTTP/1.1" 200 27
114.85.125.222 - - [03/Dec/2021:06:17:13 +0800] "GET /xingrg/check_reg.html?_=1638483398538 HTTP/1.1" 200 22
222.70.171.86 - - [03/Dec/2021:06:17:18 +0800] "GET /xingrg/all/function/internal_message.html?_=1638483452045&CODE_STATE=getMsg HTTP/1.1" 302 -
101.89.239.120 - - [03/Dec/2021:06:17:25 +0800] "GET /xingrg/all/function/internal_message.html?_=1638483396005&CODE_STATE=getMsg HTTP/1.1" 302 -
124.78.153.86 - - [03/Dec/2021:06:17:26 +0800] "GET /xingrg/all/function/internal_message.html?_=1638483456006&CODE_STATE=getMsg HTTP/1.1" 200 27
101.89.239.120 - - [03/Dec/2021:06:17:26 +0800] "GET /xingrg/login.html HTTP/1.1" 200 7641
114.85.125.222 - - [03/Dec/2021:06:17:29 +0800] "GET /xingrg/all/function/internal_message.html?_=1638483413884&CODE_STATE=getMsg HTTP/1.1" 200 27
116.238.248.233 - - [03/Dec/2021:06:17:37 +0800] "GET /xingrg/all/function/internal_message.html?_=1638483455658&CODE_STATE=getMsg HTTP/1.1" 200 27
222.70.171.86 - - [03/Dec/2021:06:17:44 +0800] "GET /xingrg/check_reg.html?_=1638483481289 HTTP/1.1" 200 22
222.70.171.86 - - [03/Dec/2021:06:17:45 +0800] "GET /xingrg/all/function/internal_message.html?_=1638483481349&CODE_STATE=getMsg HTTP/1.1" 200 27
222.70.176.97 - - [03/Dec/2021:06:17:52 +0800] "GET /xingrg/all/function/internal_message.html?_=1638483469462&CODE_STATE=getMsg HTTP/1.1" 200 27
120.253.135.82 - - [03/Dec/2021:06:18:04 +0800] "GET /xingrg/all/function/internal_message.html?_=1638483260712&CODE_STATE=getMsg HTTP/1.1" 200 27
222.70.171.86 - - [03/Dec/2021:06:18:18 +0800] "GET /xingrg/all/function/internal_message.html?_=1638483512047&CODE_STATE=getMsg HTTP/1.1" 302 -
124.78.153.86 - - [03/Dec/2021:06:18:26 +0800] "GET /xingrg/all/function/internal_message.html?_=1638483515994&CODE_STATE=getMsg HTTP/1.1" 200 27
114.85.125.222 - - [03/Dec/2021:06:18:29 +0800] "GET /xingrg/all/function/internal_message.html?_=1638483473898&CODE_STATE=getMsg HTTP/1.1" 200 27
120.253.135.82 - - [03/Dec/2021:06:18:33 +0800] "GET /xingrg/kc/pszx/mdps_order_list.html?orderType=0 HTTP/1.1" 200 21130
120.253.135.82 - - [03/Dec/2021:06:18:33 +0800] "POST /xingrg/kc/pszx/mdps_list_operate.html HTTP/1.1" 200 5409
116.238.248.233 - - [03/Dec/2021:06:18:37 +0800] "GET /xingrg/check_reg.html?_=1638483515674 HTTP/1.1" 200 22
116.238.248.233 - - [03/Dec/2021:06:18:37 +0800] "GET /xingrg/all/function/internal_message.html?_=1638483515657&CODE_STATE=getMsg HTTP/1.1" 200 27
120.253.135.82 - - [03/Dec/2021:06:18:39 +0800] "GET /xingrg/javascript/auto/indicator.gif HTTP/1.1" 404 1066
222.70.171.86 - - [03/Dec/2021:06:18:45 +0800] "GET /xingrg/all/function/internal_message.html?_=1638483541362&CODE_STATE=getMsg HTTP/1.1" 200 27
120.253.135.82 - - [03/Dec/2021:06:18:46 +0800] "POST /xingrg/kc/pszx/mdps_list_operate.html HTTP/1.1" 200 5035
120.253.135.82 - - [03/Dec/2021:06:18:50 +0800] "POST /xingrg/kc/pszx/mdps_list_operate.html HTTP/1.1" 200 203
120.253.135.82 - - [03/Dec/2021:06:18:52 +0800] "POST /xingrg/kc/pszx/mdps_list_operate.html HTTP/1.1" 200 216
222.70.176.97 - - [03/Dec/2021:06:18:52 +0800] "GET /xingrg/all/function/internal_message.html?_=1638483529447&CODE_STATE=getMsg HTTP/1.1" 200 27
120.253.135.82 - - [03/Dec/2021:06:18:54 +0800] "POST /xingrg/kc/pszx/mdps_list_operate.html HTTP/1.1" 200 202
180.169.147.146 - - [03/Dec/2021:06:18:57 +0800] "GET /xingrg/check_reg.html?_=1638483536723 HTTP/1.1" 200 22
222.70.171.86 - - [03/Dec/2021:06:19:02 +0800] "GET /xingrg/check_reg.html?_=1638483556580 HTTP/1.1" 302 -
120.253.135.82 - - [03/Dec/2021:06:19:04 +0800] "GET /xingrg/all/function/internal_message.html?_=1638483320732&CODE_STATE=getMsg HTTP/1.1" 200 27
114.84.2.174 - - [03/Dec/2021:06:19:13 +0800] "POST /xingrg/services/DataTransmitService HTTP/1.1" 200 524
114.84.2.174 - - [03/Dec/2021:06:19:13 +0800] "POST /xingrg/services/DataTransmitService HTTP/1.1" 200 501
222.70.171.86 - - [03/Dec/2021:06:19:18 +0800] "GET /xingrg/all/function/internal_message.html?_=1638483572069&CODE_STATE=getMsg HTTP/1.1" 302 -
124.78.153.86 - - [03/Dec/2021:06:19:26 +0800] "GET /xingrg/all/function/internal_message.html?_=1638483575994&CODE_STATE=getMsg HTTP/1.1" 200 27
114.85.125.222 - - [03/Dec/2021:06:19:29 +0800] "GET /xingrg/all/function/internal_message.html?_=1638483533918&CODE_STATE=getMsg HTTP/1.1" 200 27
120.253.135.82 - - [03/Dec/2021:06:19:32 +0800] "POST /xingrg/kc/pszx/mdps_list_operate.html HTTP/1.1" 200 4658
120.253.135.82 - - [03/Dec/2021:06:19:35 +0800] "POST /xingrg/kc/pszx/mdps_list_operate.html HTTP/1.1" 200 208
116.238.248.233 - - [03/Dec/2021:06:19:37 +0800] "GET /xingrg/all/function/internal_message.html?_=1638483575671&CODE_STATE=getMsg HTTP/1.1" 200 27
120.253.135.82 - - [03/Dec/2021:06:19:37 +0800] "POST /xingrg/kc/pszx/mdps_list_operate.html HTTP/1.1" 200 202
120.253.135.82 - - [03/Dec/2021:06:19:39 +0800] "POST /xingrg/kc/pszx/mdps_list_operate.html HTTP/1.1" 200 296
222.70.171.86 - - [03/Dec/2021:06:19:45 +0800] "GET /xingrg/all/function/internal_message.html?_=1638483601375&CODE_STATE=getMsg HTTP/1.1" 200 27
120.253.135.82 - - [03/Dec/2021:06:19:48 +0800] "GET /xingrg/kc/pszx/mdps_order_info.html?code=312021120200079 HTTP/1.1" 200 23931
120.253.135.82 - - [03/Dec/2021:06:19:48 +0800] "GET /xingrg/javascript/convert.js HTTP/1.1" 200 1239
120.253.135.82 - - [03/Dec/2021:06:19:48 +0800] "GET /xingrg/javascript/jquery_tools/order_manager.js HTTP/1.1" 200 11183
120.253.135.82 - - [03/Dec/2021:06:19:48 +0800] "GET /xingrg/javascript/json2.js HTTP/1.1" 200 11259
120.253.135.82 - - [03/Dec/2021:06:19:48 +0800] "GET /xingrg/words/20211201121711_words.js HTTP/1.1" 200 876367
120.253.135.82 - - [03/Dec/2021:06:19:48 +0800] "GET /xingrg/javascript/easyui/themes/icons/copy_new.png HTTP/1.1" 200 815
120.253.135.82 - - [03/Dec/2021:06:19:48 +0800] "GET /xingrg/javascript/easyui/themes/icons/print.png HTTP/1.1" 200 1057
120.253.135.82 - - [03/Dec/2021:06:19:48 +0800] "GET /xingrg/javascript/easyui/themes/default/images/menu_downarrow.png HTTP/1.1" 200 173
120.253.135.82 - - [03/Dec/2021:06:19:48 +0800] "GET /xingrg/javascript/easyui/themes/icons/cancel.png HTTP/1.1" 200 1133
120.253.135.82 - - [03/Dec/2021:06:19:48 +0800] "GET /xingrg/javascript/easyui/themes/icons/ok.png HTTP/1.1" 200 883
120.253.135.82 - - [03/Dec/2021:06:19:48 +0800] "GET /xingrg/all/common/auto_word.html?type=base&rest_code=00101 HTTP/1.1" 200 613
120.253.135.82 - - [03/Dec/2021:06:19:49 +0800] "GET /xingrg/javascript/easyui/themes/default/validatebox.css HTTP/1.1" 404 1104
120.253.135.82 - - [03/Dec/2021:06:19:49 +0800] "GET /xingrg/javascript/easyui/plugins/jquery.validatebox.js HTTP/1.1" 200 6103
120.253.135.82 - - [03/Dec/2021:06:19:49 +0800] "POST /xingrg/kc/pszx/mdps_order_operate.html HTTP/1.1" 200 2809
120.253.135.82 - - [03/Dec/2021:06:19:49 +0800] "GET /xingrg/javascript/easyui/plugins/jquery.numberbox.js HTTP/1.1" 200 5213
120.253.135.82 - - [03/Dec/2021:06:19:49 +0800] "GET /xingrg/javascript/easyui/themes/icons/edit_remove.png HTTP/1.1" 200 625
222.70.176.97 - - [03/Dec/2021:06:19:52 +0800] "GET /xingrg/all/function/internal_message.html?_=1638483589430&CODE_STATE=getMsg HTTP/1.1" 200 27
222.70.176.97 - - [03/Dec/2021:06:20:04 +0800] "GET /xingrg/check_reg.html?_=1638483601367 HTTP/1.1" 200 22
120.253.135.82 - - [03/Dec/2021:06:20:04 +0800] "GET /xingrg/all/function/internal_message.html?_=1638483380739&CODE_STATE=getMsg HTTP/1.1" 200 27
120.253.135.82 - - [03/Dec/2021:06:20:06 +0800] "GET /xingrg/kc/pszx/mdps_order_operate.html?command=get_materiel&pszx_code=00101&rest_code=00149&base_code=0010246&code=00101030013 HTTP/1.1" 200 434
120.253.135.82 - - [03/Dec/2021:06:20:11 +0800] "GET /xingrg/javascript/easyui/themes/default/images/button_plain_hover.png HTTP/1.1" 200 144
120.253.135.82 - - [03/Dec/2021:06:20:13 +0800] "POST /xingrg/kc/pszx/mdps_order_operate.html HTTP/1.1" 200 37
120.253.135.82 - - [03/Dec/2021:06:20:14 +0800] "GET /xingrg/kc/pszx/mdps_order_info.html?code=312021120200079 HTTP/1.1" 200 23931
120.253.135.82 - - [03/Dec/2021:06:20:15 +0800] "GET /xingrg/javascript/easyui/themes/default/validatebox.css HTTP/1.1" 404 1104
120.253.135.82 - - [03/Dec/2021:06:20:15 +0800] "POST /xingrg/kc/pszx/mdps_order_operate.html HTTP/1.1" 200 3294
222.70.171.86 - - [03/Dec/2021:06:20:18 +0800] "GET /xingrg/all/function/internal_message.html?_=1638483632074&CODE_STATE=getMsg HTTP/1.1" 302 -
120.253.135.82 - - [03/Dec/2021:06:20:21 +0800] "GET /xingrg/kc/pszx/mdps_order_info.html?code=312021120300085 HTTP/1.1" 200 23931
120.253.135.82 - - [03/Dec/2021:06:20:21 +0800] "GET /xingrg/javascript/easyui/themes/default/validatebox.css HTTP/1.1" 404 1104
120.253.135.82 - - [03/Dec/2021:06:20:21 +0800] "POST /xingrg/kc/pszx/mdps_order_operate.html HTTP/1.1" 200 2270
120.253.135.82 - - [03/Dec/2021:06:20:24 +0800] "POST /xingrg/kc/pszx/mdps_order_operate.html HTTP/1.1" 200 12
120.253.135.82 - - [03/Dec/2021:06:20:25 +0800] "POST /xingrg/kc/pszx/mdps_list_operate.html HTTP/1.1" 200 4287
124.78.153.86 - - [03/Dec/2021:06:20:26 +0800] "GET /xingrg/all/function/internal_message.html?_=1638483636020&CODE_STATE=getMsg HTTP/1.1" 200 27
124.78.153.86 - - [03/Dec/2021:06:20:26 +0800] "GET /xingrg/check_reg.html?_=1638483636022 HTTP/1.1" 200 22
120.253.135.82 - - [03/Dec/2021:06:20:28 +0800] "POST /xingrg/kc/pszx/mdps_list_operate.html HTTP/1.1" 200 372
114.85.125.222 - - [03/Dec/2021:06:20:29 +0800] "GET /xingrg/all/function/internal_message.html?_=1638483593924&CODE_STATE=getMsg HTTP/1.1" 200 27
120.253.135.82 - - [03/Dec/2021:06:20:29 +0800] "GET /xingrg/kc/pszx/mdps_order_info.html?code=312021120200079 HTTP/1.1" 200 23931
120.253.135.82 - - [03/Dec/2021:06:20:30 +0800] "GET /xingrg/javascript/easyui/themes/default/validatebox.css HTTP/1.1" 404 1104
120.253.135.82 - - [03/Dec/2021:06:20:30 +0800] "POST /xingrg/kc/pszx/mdps_order_operate.html HTTP/1.1" 200 3294
120.253.135.82 - - [03/Dec/2021:06:20:31 +0800] "POST /xingrg/kc/pszx/mdps_list_operate.html HTTP/1.1" 200 4287
120.253.135.82 - - [03/Dec/2021:06:20:33 +0800] "POST /xingrg/kc/pszx/mdps_list_operate.html HTTP/1.1" 200 372
120.253.135.82 - - [03/Dec/2021:06:20:36 +0800] "GET /xingrg/kc/pszx/mdps_order_info.html?code=312021120200079 HTTP/1.1" 200 23931
120.253.135.82 - - [03/Dec/2021:06:20:36 +0800] "GET /xingrg/javascript/easyui/themes/default/validatebox.css HTTP/1.1" 404 1104
120.253.135.82 - - [03/Dec/2021:06:20:37 +0800] "POST /xingrg/kc/pszx/mdps_order_operate.html HTTP/1.1" 200 3294
116.238.248.233 - - [03/Dec/2021:06:20:37 +0800] "GET /xingrg/all/function/internal_message.html?_=1638483635676&CODE_STATE=getMsg HTTP/1.1" 200 27
120.253.135.82 - - [03/Dec/2021:06:20:43 +0800] "POST /xingrg/kc/pszx/mdps_list_operate.html HTTP/1.1" 200 4287
222.70.171.86 - - [03/Dec/2021:06:20:45 +0800] "GET /xingrg/all/function/internal_message.html?_=1638483661552&CODE_STATE=getMsg HTTP/1.1" 200 27
120.253.135.82 - - [03/Dec/2021:06:20:45 +0800] "POST /xingrg/kc/pszx/mdps_list_operate.html HTTP/1.1" 200 372
120.253.135.82 - - [03/Dec/2021:06:20:46 +0800] "GET /xingrg/kc/pszx/mdps_order_info.html?code=312021120200079 HTTP/1.1" 200 23931
120.253.135.82 - - [03/Dec/2021:06:20:47 +0800] "POST /xingrg/kc/pszx/mdps_order_operate.html HTTP/1.1" 200 3294
120.253.135.82 - - [03/Dec/2021:06:20:47 +0800] "GET /xingrg/javascript/easyui/themes/default/validatebox.css HTTP/1.1" 404 1104
120.253.135.82 - - [03/Dec/2021:06:20:49 +0800] "GET /xingrg/kc/print/load_config.html?kc_code=mdps HTTP/1.1" 200 2390
120.253.135.82 - - [03/Dec/2021:06:20:49 +0800] "GET /xingrg/kc/print/load_data.html?order_code=312021120200079&kc_code=mdps&condition= HTTP/1.1" 200 1189
222.70.176.97 - - [03/Dec/2021:06:20:52 +0800] "GET /xingrg/all/function/internal_message.html?_=1638483649403&CODE_STATE=getMsg HTTP/1.1" 200 27
120.253.135.82 - - [03/Dec/2021:06:20:57 +0800] "POST /xingrg/kc/pszx/mdps_list_operate.html HTTP/1.1" 200 4287
120.253.135.82 - - [03/Dec/2021:06:21:04 +0800] "GET /xingrg/all/function/internal_message.html?_=1638483440780&CODE_STATE=getMsg HTTP/1.1" 200 27
222.70.171.86 - - [03/Dec/2021:06:21:18 +0800] "GET /xingrg/all/function/internal_message.html?_=1638483692099&CODE_STATE=getMsg HTTP/1.1" 302 -
124.78.153.86 - - [03/Dec/2021:06:21:26 +0800] "GET /xingrg/all/function/internal_message.html?_=1638483696028&CODE_STATE=getMsg HTTP/1.1" 200 27
114.85.125.222 - - [03/Dec/2021:06:21:29 +0800] "GET /xingrg/all/function/internal_message.html?_=1638483653946&CODE_STATE=getMsg HTTP/1.1" 200 27
116.238.248.233 - - [03/Dec/2021:06:21:37 +0800] "GET /xingrg/all/function/internal_message.html?_=1638483695691&CODE_STATE=getMsg HTTP/1.1" 200 27
222.70.171.86 - - [03/Dec/2021:06:21:45 +0800] "GET /xingrg/all/function/internal_message.html?_=1638483721560&CODE_STATE=getMsg HTTP/1.1" 200 27
222.70.176.97 - - [03/Dec/2021:06:21:52 +0800] "GET /xingrg/all/function/internal_message.html?_=1638483709388&CODE_STATE=getMsg HTTP/1.1" 200 27
120.253.135.82 - - [03/Dec/2021:06:22:04 +0800] "GET /xingrg/check_reg.html?_=1638483500643 HTTP/1.1" 200 22
120.253.135.82 - - [03/Dec/2021:06:22:04 +0800] "GET /xingrg/all/function/internal_message.html?_=1638483500781&CODE_STATE=getMsg HTTP/1.1" 200 27
114.85.125.222 - - [03/Dec/2021:06:22:13 +0800] "GET /xingrg/check_reg.html?_=1638483698542 HTTP/1.1" 200 22
222.70.171.86 - - [03/Dec/2021:06:22:18 +0800] "GET /xingrg/all/function/internal_message.html?_=1638483752101&CODE_STATE=getMsg HTTP/1.1" 302 -
124.78.153.86 - - [03/Dec/2021:06:22:26 +0800] "GET /xingrg/all/function/internal_message.html?_=1638483756027&CODE_STATE=getMsg HTTP/1.1" 200 27
114.85.125.222 - - [03/Dec/2021:06:22:29 +0800] "GET /xingrg/all/function/internal_message.html?_=1638483713952&CODE_STATE=getMsg HTTP/1.1" 200 27
116.238.248.233 - - [03/Dec/2021:06:22:37 +0800] "GET /xingrg/all/function/internal_message.html?_=1638483755699&CODE_STATE=getMsg HTTP/1.1" 200 27
222.70.171.86 - - [03/Dec/2021:06:22:45 +0800] "GET /xingrg/check_reg.html?_=1638483781457 HTTP/1.1" 200 22
222.70.171.86 - - [03/Dec/2021:06:22:45 +0800] "GET /xingrg/all/function/internal_message.html?_=1638483781572&CODE_STATE=getMsg HTTP/1.1" 200 27
222.70.176.97 - - [03/Dec/2021:06:22:52 +0800] "GET /xingrg/all/function/internal_message.html?_=1638483769372&CODE_STATE=getMsg HTTP/1.1" 200 27
120.253.135.82 - - [03/Dec/2021:06:23:04 +0800] "GET /xingrg/all/function/internal_message.html?_=1638483560796&CODE_STATE=getMsg HTTP/1.1" 200 27
222.70.171.86 - - [03/Dec/2021:06:23:18 +0800] "GET /xingrg/all/function/internal_message.html?_=1638483812127&CODE_STATE=getMsg HTTP/1.1" 302 -
124.78.153.86 - - [03/Dec/2021:06:23:23 +0800] "POST /xingrg/services/DataTransmitService HTTP/1.1" 200 524
124.78.153.86 - - [03/Dec/2021:06:23:23 +0800] "POST /xingrg/services/DataTransmitService HTTP/1.1" 200 501
124.78.153.86 - - [03/Dec/2021:06:23:26 +0800] "GET /xingrg/all/function/internal_message.html?_=1638483816037&CODE_STATE=getMsg HTTP/1.1" 200 27
114.85.125.222 - - [03/Dec/2021:06:23:29 +0800] "GET /xingrg/all/function/internal_message.html?_=1638483773965&CODE_STATE=getMsg HTTP/1.1" 200 27
120.253.135.82 - - [03/Dec/2021:06:23:35 +0800] "POST /xingrg/kc/pszx/mdps_list_operate.html HTTP/1.1" 200 5228
116.238.248.233 - - [03/Dec/2021:06:23:37 +0800] "GET /xingrg/check_reg.html?_=1638483815703 HTTP/1.1" 200 22
116.238.248.233 - - [03/Dec/2021:06:23:37 +0800] "GET /xingrg/all/function/internal_message.html?_=1638483815709&CODE_STATE=getMsg HTTP/1.1" 200 27
120.253.135.82 - - [03/Dec/2021:06:23:42 +0800] "POST /xingrg/kc/pszx/mdps_list_operate.html HTTP/1.1" 200 1881
120.253.135.82 - - [03/Dec/2021:06:23:44 +0800] "POST /xingrg/kc/pszx/mdps_list_operate.html HTTP/1.1" 200 211
222.70.171.86 - - [03/Dec/2021:06:23:45 +0800] "GET /xingrg/all/function/internal_message.html?_=1638483841587&CODE_STATE=getMsg HTTP/1.1" 200 27
222.70.176.97 - - [03/Dec/2021:06:23:52 +0800] "GET /xingrg/all/function/internal_message.html?_=1638483829357&CODE_STATE=getMsg HTTP/1.1" 200 27
180.169.147.146 - - [03/Dec/2021:06:23:57 +0800] "GET /xingrg/check_reg.html?_=1638483836725 HTTP/1.1" 200 22
222.70.171.86 - - [03/Dec/2021:06:24:02 +0800] "GET /xingrg/check_reg.html?_=1638483856579 HTTP/1.1" 302 -
120.253.135.82 - - [03/Dec/2021:06:24:04 +0800] "GET /xingrg/all/function/internal_message.html?_=1638483620809&CODE_STATE=getMsg HTTP/1.1" 200 27
222.70.171.86 - - [03/Dec/2021:06:24:18 +0800] "GET /xingrg/all/function/internal_message.html?_=1638483872144&CODE_STATE=getMsg HTTP/1.1" 302 -
124.78.153.86 - - [03/Dec/2021:06:24:26 +0800] "GET /xingrg/all/function/internal_message.html?_=1638483876022&CODE_STATE=getMsg HTTP/1.1" 200 27
114.85.125.222 - - [03/Dec/2021:06:24:29 +0800] "GET /xingrg/all/function/internal_message.html?_=1638483833988&CODE_STATE=getMsg HTTP/1.1" 200 27
116.238.248.233 - - [03/Dec/2021:06:24:37 +0800] "GET /xingrg/all/function/internal_message.html?_=1638483875707&CODE_STATE=getMsg HTTP/1.1" 200 27
222.70.171.86 - - [03/Dec/2021:06:24:45 +0800] "GET /xingrg/all/function/internal_message.html?_=1638483901599&CODE_STATE=getMsg HTTP/1.1" 200 27
222.70.176.97 - - [03/Dec/2021:06:24:52 +0800] "GET /xingrg/all/function/internal_message.html?_=1638483889342&CODE_STATE=getMsg HTTP/1.1" 200 27
120.253.135.82 - - [03/Dec/2021:06:25:03 +0800] "POST /xingrg/kc/pszx/mdps_list_operate.html HTTP/1.1" 200 5223
222.70.176.97 - - [03/Dec/2021:06:25:04 +0800] "GET /xingrg/check_reg.html?_=1638483901356 HTTP/1.1" 200 22
120.253.135.82 - - [03/Dec/2021:06:25:04 +0800] "GET /xingrg/all/function/internal_message.html?_=1638483680823&CODE_STATE=getMsg HTTP/1.1" 200 27
120.253.135.82 - - [03/Dec/2021:06:25:10 +0800] "POST /xingrg/kc/pszx/mdps_list_operate.html HTTP/1.1" 200 204
120.253.135.82 - - [03/Dec/2021:06:25:12 +0800] "POST /xingrg/kc/pszx/mdps_list_operate.html HTTP/1.1" 200 535
120.253.135.82 - - [03/Dec/2021:06:25:14 +0800] "POST /xingrg/kc/pszx/mdps_list_operate.html HTTP/1.1" 200 365
222.70.171.86 - - [03/Dec/2021:06:25:18 +0800] "GET /xingrg/all/function/internal_message.html?_=1638483932168&CODE_STATE=getMsg HTTP/1.1" 302 -
120.253.135.82 - - [03/Dec/2021:06:25:22 +0800] "POST /xingrg/kc/pszx/mdps_list_operate.html HTTP/1.1" 200 1879
120.253.135.82 - - [03/Dec/2021:06:25:24 +0800] "POST /xingrg/kc/pszx/mdps_list_operate.html HTTP/1.1" 200 220
61.151.179.84 - - [03/Dec/2021:06:25:25 +0800] "GET /xingrg/all/function/internal_message.html?_=1638483876022&CODE_STATE=getMsg HTTP/1.1" 302 -
124.78.153.86 - - [03/Dec/2021:06:25:26 +0800] "GET /xingrg/all/function/internal_message.html?_=1638483936022&CODE_STATE=getMsg HTTP/1.1" 200 27
124.78.153.86 - - [03/Dec/2021:06:25:26 +0800] "GET /xingrg/check_reg.html?_=1638483936025 HTTP/1.1" 200 22
61.151.179.84 - - [03/Dec/2021:06:25:26 +0800] "GET /xingrg/login.html HTTP/1.1" 200 7641
120.253.135.82 - - [03/Dec/2021:06:25:27 +0800] "POST /xingrg/kc/pszx/mdps_list_operate.html HTTP/1.1" 200 5223
114.85.125.222 - - [03/Dec/2021:06:25:29 +0800] "GET /xingrg/all/function/internal_message.html?_=1638483893992&CODE_STATE=getMsg HTTP/1.1" 200 27
120.253.135.82 - - [03/Dec/2021:06:25:31 +0800] "POST /xingrg/kc/pszx/mdps_list_operate.html HTTP/1.1" 200 217
120.253.135.82 - - [03/Dec/2021:06:25:32 +0800] "GET /xingrg/kc/pszx/mdps_order_info.html?code=312021120300084 HTTP/1.1" 200 23931
120.253.135.82 - - [03/Dec/2021:06:25:32 +0800] "GET /xingrg/javascript/easyui/themes/default/validatebox.css HTTP/1.1" 404 1104
120.253.135.82 - - [03/Dec/2021:06:25:32 +0800] "POST /xingrg/kc/pszx/mdps_order_operate.html HTTP/1.1" 200 2308
120.253.135.82 - - [03/Dec/2021:06:25:36 +0800] "POST /xingrg/kc/pszx/mdps_order_operate.html HTTP/1.1" 200 37
120.253.135.82 - - [03/Dec/2021:06:25:37 +0800] "GET /xingrg/kc/pszx/mdps_order_info.html?code=312021120300084 HTTP/1.1" 200 23931
116.238.248.233 - - [03/Dec/2021:06:25:37 +0800] "GET /xingrg/all/function/internal_message.html?_=1638483935706&CODE_STATE=getMsg HTTP/1.1" 200 27
120.253.135.82 - - [03/Dec/2021:06:25:37 +0800] "POST /xingrg/kc/pszx/mdps_order_operate.html HTTP/1.1" 200 2317
120.253.135.82 - - [03/Dec/2021:06:25:37 +0800] "GET /xingrg/javascript/easyui/themes/default/validatebox.css HTTP/1.1" 404 1104
222.70.171.86 - - [03/Dec/2021:06:25:45 +0800] "GET /xingrg/all/function/internal_message.html?_=1638483961783&CODE_STATE=getMsg HTTP/1.1" 200 27
120.253.135.82 - - [03/Dec/2021:06:25:49 +0800] "GET /xingrg/kc/print/load_data.html?order_code=312021120300084&kc_code=mdps&condition= HTTP/1.1" 200 719
222.70.176.97 - - [03/Dec/2021:06:25:52 +0800] "GET /xingrg/all/function/internal_message.html?_=1638483949313&CODE_STATE=getMsg HTTP/1.1" 200 27
120.253.135.82 - - [03/Dec/2021:06:26:04 +0800] "GET /xingrg/all/function/internal_message.html?_=1638483740837&CODE_STATE=getMsg HTTP/1.1" 200 27
222.70.171.86 - - [03/Dec/2021:06:26:18 +0800] "GET /xingrg/all/function/internal_message.html?_=1638483992171&CODE_STATE=getMsg HTTP/1.1" 302 -
124.78.153.86 - - [03/Dec/2021:06:26:26 +0800] "GET /xingrg/all/function/internal_message.html?_=1638483996023&CODE_STATE=getMsg HTTP/1.1" 200 27
114.85.125.222 - - [03/Dec/2021:06:26:29 +0800] "GET /xingrg/all/function/internal_message.html?_=1638483954015&CODE_STATE=getMsg HTTP/1.1" 200 27
116.238.248.233 - - [03/Dec/2021:06:26:37 +0800] "GET /xingrg/all/function/internal_message.html?_=1638483995716&CODE_STATE=getMsg HTTP/1.1" 200 27
222.70.171.86 - - [03/Dec/2021:06:26:45 +0800] "GET /xingrg/all/function/internal_message.html?_=1638484021799&CODE_STATE=getMsg HTTP/1.1" 200 27
222.70.176.97 - - [03/Dec/2021:06:26:52 +0800] "GET /xingrg/all/function/internal_message.html?_=1638484009298&CODE_STATE=getMsg HTTP/1.1" 200 27
120.253.135.82 - - [03/Dec/2021:06:27:04 +0800] "GET /xingrg/check_reg.html?_=1638483800647 HTTP/1.1" 200 22
120.253.135.82 - - [03/Dec/2021:06:27:04 +0800] "GET /xingrg/all/function/internal_message.html?_=1638483800850&CODE_STATE=getMsg HTTP/1.1" 200 27
114.85.125.222 - - [03/Dec/2021:06:27:13 +0800] "GET /xingrg/check_reg.html?_=1638483998545 HTTP/1.1" 200 22
222.70.171.86 - - [03/Dec/2021:06:27:18 +0800] "GET /xingrg/all/function/internal_message.html?_=1638484052196&CODE_STATE=getMsg HTTP/1.1" 302 -
58.35.210.86 - - [03/Dec/2021:06:27:22 +0800] "POST /xingrg/services/DataTransmitService HTTP/1.1" 200 524
58.35.210.86 - - [03/Dec/2021:06:27:23 +0800] "POST /xingrg/services/DataTransmitService HTTP/1.1" 200 501
124.78.153.86 - - [03/Dec/2021:06:27:26 +0800] "GET /xingrg/all/function/internal_message.html?_=1638484056025&CODE_STATE=getMsg HTTP/1.1" 200 27
114.85.125.222 - - [03/Dec/2021:06:27:29 +0800] "GET /xingrg/all/function/internal_message.html?_=1638484014020&CODE_STATE=getMsg HTTP/1.1" 200 27
116.238.248.233 - - [03/Dec/2021:06:27:37 +0800] "GET /xingrg/all/function/internal_message.html?_=1638484055716&CODE_STATE=getMsg HTTP/1.1" 200 27
222.70.171.86 - - [03/Dec/2021:06:27:45 +0800] "GET /xingrg/check_reg.html?_=1638484081615 HTTP/1.1" 200 22
222.70.171.86 - - [03/Dec/2021:06:27:45 +0800] "GET /xingrg/all/function/internal_message.html?_=1638484081813&CODE_STATE=getMsg HTTP/1.1" 200 27
222.70.176.97 - - [03/Dec/2021:06:27:52 +0800] "GET /xingrg/all/function/internal_message.html?_=1638484069282&CODE_STATE=getMsg HTTP/1.1" 200 27
120.253.135.82 - - [03/Dec/2021:06:27:54 +0800] "POST /xingrg/kc/pszx/mdps_list_operate.html HTTP/1.1" 200 5223
180.174.250.202 - - [03/Dec/2021:06:27:56 +0800] "POST /xingrg/services/DataTransmitService HTTP/1.1" 200 524
120.253.135.82 - - [03/Dec/2021:06:27:56 +0800] "POST /xingrg/kc/pszx/mdps_list_operate.html HTTP/1.1" 200 204
180.174.250.202 - - [03/Dec/2021:06:27:57 +0800] "POST /xingrg/services/DataTransmitService HTTP/1.1" 200 501
120.253.135.82 - - [03/Dec/2021:06:27:59 +0800] "POST /xingrg/kc/pszx/mdps_list_operate.html HTTP/1.1" 200 535
120.253.135.82 - - [03/Dec/2021:06:28:00 +0800] "POST /xingrg/kc/pszx/mdps_list_operate.html HTTP/1.1" 200 365
120.253.135.82 - - [03/Dec/2021:06:28:02 +0800] "POST /xingrg/kc/pszx/mdps_list_operate.html HTTP/1.1" 200 613
120.253.135.82 - - [03/Dec/2021:06:28:05 +0800] "POST /xingrg/kc/pszx/mdps_list_operate.html HTTP/1.1" 200 203
120.253.135.82 - - [03/Dec/2021:06:28:05 +0800] "GET /xingrg/all/function/internal_message.html?_=1638483860923&CODE_STATE=getMsg HTTP/1.1" 200 27
120.253.135.82 - - [03/Dec/2021:06:28:07 +0800] "POST /xingrg/kc/pszx/mdps_list_operate.html HTTP/1.1" 200 202
120.253.135.82 - - [03/Dec/2021:06:28:07 +0800] "GET /xingrg/kc/pszx/mdps_order_info.html?code=312021120100029 HTTP/1.1" 200 23931
120.253.135.82 - - [03/Dec/2021:06:28:07 +0800] "GET /xingrg/javascript/easyui/themes/default/validatebox.css HTTP/1.1" 404 1104
120.253.135.82 - - [03/Dec/2021:06:28:07 +0800] "POST /xingrg/kc/pszx/mdps_order_operate.html HTTP/1.1" 200 2275
120.253.135.82 - - [03/Dec/2021:06:28:10 +0800] "POST /xingrg/kc/pszx/mdps_list_operate.html HTTP/1.1" 200 5223
120.253.135.82 - - [03/Dec/2021:06:28:12 +0800] "POST /xingrg/kc/pszx/mdps_list_operate.html HTTP/1.1" 200 311
120.253.135.82 - - [03/Dec/2021:06:28:15 +0800] "POST /xingrg/kc/pszx/mdps_list_operate.html HTTP/1.1" 200 632
222.70.171.86 - - [03/Dec/2021:06:28:18 +0800] "GET /xingrg/all/function/internal_message.html?_=1638484112198&CODE_STATE=getMsg HTTP/1.1" 302 -
120.253.135.82 - - [03/Dec/2021:06:28:19 +0800] "POST /xingrg/kc/pszx/mdps_list_operate.html HTTP/1.1" 200 216
120.253.135.82 - - [03/Dec/2021:06:28:21 +0800] "POST /xingrg/kc/pszx/mdps_list_operate.html HTTP/1.1" 200 217
124.78.153.86 - - [03/Dec/2021:06:28:26 +0800] "GET /xingrg/all/function/internal_message.html?_=1638484116025&CODE_STATE=getMsg HTTP/1.1" 200 27
114.85.125.222 - - [03/Dec/2021:06:28:29 +0800] "GET /xingrg/all/function/internal_message.html?_=1638484074033&CODE_STATE=getMsg HTTP/1.1" 200 27
116.238.248.233 - - [03/Dec/2021:06:28:37 +0800] "GET /xingrg/all/function/internal_message.html?_=1638484115715&CODE_STATE=getMsg HTTP/1.1" 200 27
116.238.248.233 - - [03/Dec/2021:06:28:37 +0800] "GET /xingrg/check_reg.html?_=1638484115716 HTTP/1.1" 200 22
222.70.171.86 - - [03/Dec/2021:06:28:45 +0800] "GET /xingrg/all/function/internal_message.html?_=1638484141826&CODE_STATE=getMsg HTTP/1.1" 200 27
222.70.176.97 - - [03/Dec/2021:06:28:52 +0800] "GET /xingrg/all/function/internal_message.html?_=1638484129267&CODE_STATE=getMsg HTTP/1.1" 200 27
180.169.147.146 - - [03/Dec/2021:06:28:57 +0800] "GET /xingrg/check_reg.html?_=1638484136698 HTTP/1.1" 200 22
222.70.171.86 - - [03/Dec/2021:06:29:02 +0800] "GET /xingrg/check_reg.html?_=1638484156598 HTTP/1.1" 302 -
120.253.135.82 - - [03/Dec/2021:06:29:05 +0800] "GET /xingrg/all/function/internal_message.html?_=1638483920949&CODE_STATE=getMsg HTTP/1.1" 200 27
222.70.171.86 - - [03/Dec/2021:06:29:18 +0800] "GET /xingrg/all/function/internal_message.html?_=1638484172221&CODE_STATE=getMsg HTTP/1.1" 302 -
124.78.153.86 - - [03/Dec/2021:06:29:26 +0800] "GET /xingrg/all/function/internal_message.html?_=1638484176027&CODE_STATE=getMsg HTTP/1.1" 200 27
114.85.125.222 - - [03/Dec/2021:06:29:29 +0800] "GET /xingrg/all/function/internal_message.html?_=1638484134054&CODE_STATE=getMsg HTTP/1.1" 200 27
116.238.248.233 - - [03/Dec/2021:06:29:37 +0800] "GET /xingrg/all/function/internal_message.html?_=1638484175716&CODE_STATE=getMsg HTTP/1.1" 200 27
222.70.171.86 - - [03/Dec/2021:06:29:45 +0800] "GET /xingrg/all/function/internal_message.html?_=1638484201840&CODE_STATE=getMsg HTTP/1.1" 200 27
222.70.176.97 - - [03/Dec/2021:06:29:52 +0800] "GET /xingrg/all/function/internal_message.html?_=1638484189238&CODE_STATE=getMsg HTTP/1.1" 200 27
222.70.176.97 - - [03/Dec/2021:06:30:04 +0800] "GET /xingrg/check_reg.html?_=1638484201362 HTTP/1.1" 200 22
120.253.135.82 - - [03/Dec/2021:06:30:05 +0800] "GET /xingrg/all/function/internal_message.html?_=1638483980953&CODE_STATE=getMsg HTTP/1.1" 200 27
120.253.135.82 - - [03/Dec/2021:06:30:05 +0800] "GET /xingrg/kc/pszx/mdps_order_info.html?code=312021120300084 HTTP/1.1" 200 23931
120.253.135.82 - - [03/Dec/2021:06:30:06 +0800] "GET /xingrg/javascript/easyui/themes/default/validatebox.css HTTP/1.1" 404 1104
120.253.135.82 - - [03/Dec/2021:06:30:06 +0800] "POST /xingrg/kc/pszx/mdps_order_operate.html HTTP/1.1" 200 2317
120.253.135.82 - - [03/Dec/2021:06:30:08 +0800] "POST /xingrg/kc/pszx/mdps_list_operate.html HTTP/1.1" 200 5223
120.253.135.82 - - [03/Dec/2021:06:30:09 +0800] "POST /xingrg/kc/pszx/mdps_list_operate.html HTTP/1.1" 200 216
120.253.135.82 - - [03/Dec/2021:06:30:10 +0800] "GET /xingrg/kc/pszx/mdps_order_info.html?code=312021113000732 HTTP/1.1" 200 23931
120.253.135.82 - - [03/Dec/2021:06:30:10 +0800] "POST /xingrg/kc/pszx/mdps_order_operate.html HTTP/1.1" 200 2294
120.253.135.82 - - [03/Dec/2021:06:30:10 +0800] "GET /xingrg/javascript/easyui/themes/default/validatebox.css HTTP/1.1" 404 1104
120.253.135.82 - - [03/Dec/2021:06:30:12 +0800] "GET /xingrg/javascript/jquery_tools/images/prev.gif HTTP/1.1" 404 1086
120.253.135.82 - - [03/Dec/2021:06:30:13 +0800] "GET /xingrg/javascript/jquery_tools/images/next.gif HTTP/1.1" 404 1086
120.253.135.82 - - [03/Dec/2021:06:30:17 +0800] "POST /xingrg/kc/pszx/mdps_order_operate.html HTTP/1.1" 200 37
222.70.171.86 - - [03/Dec/2021:06:30:18 +0800] "GET /xingrg/all/function/internal_message.html?_=1638484232225&CODE_STATE=getMsg HTTP/1.1" 302 -
120.253.135.82 - - [03/Dec/2021:06:30:18 +0800] "GET /xingrg/kc/pszx/mdps_order_info.html?code=312021113000732 HTTP/1.1" 200 23931
120.253.135.82 - - [03/Dec/2021:06:30:19 +0800] "GET /xingrg/javascript/easyui/themes/default/validatebox.css HTTP/1.1" 404 1104
120.253.135.82 - - [03/Dec/2021:06:30:19 +0800] "POST /xingrg/kc/pszx/mdps_order_operate.html HTTP/1.1" 200 2294
120.253.135.82 - - [03/Dec/2021:06:30:23 +0800] "POST /xingrg/kc/pszx/mdps_list_operate.html HTTP/1.1" 200 5223
124.78.153.86 - - [03/Dec/2021:06:30:26 +0800] "GET /xingrg/check_reg.html?_=1638484236026 HTTP/1.1" 200 22
124.78.153.86 - - [03/Dec/2021:06:30:26 +0800] "GET /xingrg/all/function/internal_message.html?_=1638484236028&CODE_STATE=getMsg HTTP/1.1" 200 27
120.253.135.82 - - [03/Dec/2021:06:30:27 +0800] "POST /xingrg/kc/pszx/mdps_list_operate.html HTTP/1.1" 200 632
120.253.135.82 - - [03/Dec/2021:06:30:28 +0800] "GET /xingrg/kc/pszx/mdps_order_info.html?code=312021120100027 HTTP/1.1" 200 23931
120.253.135.82 - - [03/Dec/2021:06:30:28 +0800] "POST /xingrg/kc/pszx/mdps_order_operate.html HTTP/1.1" 200 7907
120.253.135.82 - - [03/Dec/2021:06:30:28 +0800] "GET /xingrg/javascript/easyui/themes/default/validatebox.css HTTP/1.1" 404 1104
114.85.125.222 - - [03/Dec/2021:06:30:29 +0800] "GET /xingrg/all/function/internal_message.html?_=1638484194061&CODE_STATE=getMsg HTTP/1.1" 200 27
116.238.248.233 - - [03/Dec/2021:06:30:37 +0800] "GET /xingrg/all/function/internal_message.html?_=1638484235740&CODE_STATE=getMsg HTTP/1.1" 200 27
120.253.135.82 - - [03/Dec/2021:06:30:38 +0800] "POST /xingrg/kc/pszx/mdps_order_operate.html HTTP/1.1" 200 37
120.253.135.82 - - [03/Dec/2021:06:30:39 +0800] "GET /xingrg/kc/pszx/mdps_order_info.html?code=312021120100027 HTTP/1.1" 200 23931
120.253.135.82 - - [03/Dec/2021:06:30:40 +0800] "POST /xingrg/kc/pszx/mdps_order_operate.html HTTP/1.1" 200 7907
120.253.135.82 - - [03/Dec/2021:06:30:40 +0800] "GET /xingrg/javascript/easyui/themes/default/validatebox.css HTTP/1.1" 404 1104
222.70.171.86 - - [03/Dec/2021:06:30:45 +0800] "GET /xingrg/all/function/internal_message.html?_=1638484262026&CODE_STATE=getMsg HTTP/1.1" 200 27
222.70.176.97 - - [03/Dec/2021:06:30:52 +0800] "GET /xingrg/all/function/internal_message.html?_=1638484249210&CODE_STATE=getMsg HTTP/1.1" 200 27
120.253.135.82 - - [03/Dec/2021:06:30:52 +0800] "POST /xingrg/kc/pszx/mdps_list_operate.html HTTP/1.1" 200 5223
120.253.135.82 - - [03/Dec/2021:06:30:55 +0800] "POST /xingrg/kc/pszx/mdps_list_operate.html HTTP/1.1" 200 311
120.253.135.82 - - [03/Dec/2021:06:30:56 +0800] "GET /xingrg/kc/pszx/mdps_order_info.html?code=312021120100028 HTTP/1.1" 200 23931
120.253.135.82 - - [03/Dec/2021:06:30:56 +0800] "POST /xingrg/kc/pszx/mdps_order_operate.html HTTP/1.1" 200 2841
120.253.135.82 - - [03/Dec/2021:06:30:56 +0800] "GET /xingrg/javascript/easyui/themes/default/validatebox.css HTTP/1.1" 404 1104
120.253.135.82 - - [03/Dec/2021:06:31:05 +0800] "POST /xingrg/kc/pszx/mdps_order_operate.html HTTP/1.1" 200 37
120.253.135.82 - - [03/Dec/2021:06:31:05 +0800] "GET /xingrg/all/function/internal_message.html?_=1638484040968&CODE_STATE=getMsg HTTP/1.1" 200 27
120.253.135.82 - - [03/Dec/2021:06:31:06 +0800] "GET /xingrg/kc/pszx/mdps_order_info.html?code=312021120100028 HTTP/1.1" 200 23931
120.253.135.82 - - [03/Dec/2021:06:31:06 +0800] "GET /xingrg/javascript/easyui/themes/default/validatebox.css HTTP/1.1" 404 1104
120.253.135.82 - - [03/Dec/2021:06:31:06 +0800] "POST /xingrg/kc/pszx/mdps_order_operate.html HTTP/1.1" 200 2841
120.253.135.82 - - [03/Dec/2021:06:31:17 +0800] "POST /xingrg/kc/pszx/mdps_list_operate.html HTTP/1.1" 200 5223
222.70.171.86 - - [03/Dec/2021:06:31:18 +0800] "GET /xingrg/all/function/internal_message.html?_=1638484292250&CODE_STATE=getMsg HTTP/1.1" 302 -
120.253.135.82 - - [03/Dec/2021:06:31:20 +0800] "POST /xingrg/kc/pszx/mdps_list_operate.html HTTP/1.1" 200 217
120.253.135.82 - - [03/Dec/2021:06:31:22 +0800] "POST /xingrg/kc/pszx/mdps_list_operate.html HTTP/1.1" 200 202
120.253.135.82 - - [03/Dec/2021:06:31:23 +0800] "GET /xingrg/kc/pszx/mdps_order_info.html?code=312021120100029 HTTP/1.1" 200 23931
120.253.135.82 - - [03/Dec/2021:06:31:23 +0800] "GET /xingrg/javascript/easyui/themes/default/validatebox.css HTTP/1.1" 404 1104
120.253.135.82 - - [03/Dec/2021:06:31:23 +0800] "POST /xingrg/kc/pszx/mdps_order_operate.html HTTP/1.1" 200 2275
124.78.153.86 - - [03/Dec/2021:06:31:26 +0800] "GET /xingrg/all/function/internal_message.html?_=1638484296027&CODE_STATE=getMsg HTTP/1.1" 200 27
114.85.125.222 - - [03/Dec/2021:06:31:29 +0800] "GET /xingrg/all/function/internal_message.html?_=1638484254082&CODE_STATE=getMsg HTTP/1.1" 200 27
120.253.135.82 - - [03/Dec/2021:06:31:33 +0800] "POST /xingrg/kc/pszx/mdps_order_operate.html HTTP/1.1" 200 37
120.253.135.82 - - [03/Dec/2021:06:31:34 +0800] "GET /xingrg/kc/pszx/mdps_order_info.html?code=312021120100029 HTTP/1.1" 200 23931
120.253.135.82 - - [03/Dec/2021:06:31:35 +0800] "GET /xingrg/javascript/easyui/themes/default/validatebox.css HTTP/1.1" 404 1104
120.253.135.82 - - [03/Dec/2021:06:31:35 +0800] "POST /xingrg/kc/pszx/mdps_order_operate.html HTTP/1.1" 200 2275
116.238.248.233 - - [03/Dec/2021:06:31:37 +0800] "GET /xingrg/all/function/internal_message.html?_=1638484295739&CODE_STATE=getMsg HTTP/1.1" 200 27
120.253.135.82 - - [03/Dec/2021:06:31:45 +0800] "POST /xingrg/kc/pszx/mdps_list_operate.html HTTP/1.1" 200 5223
222.70.171.86 - - [03/Dec/2021:06:31:45 +0800] "GET /xingrg/all/function/internal_message.html?_=1638484322038&CODE_STATE=getMsg HTTP/1.1" 200 27
120.253.135.82 - - [03/Dec/2021:06:31:48 +0800] "POST /xingrg/kc/pszx/mdps_list_operate.html HTTP/1.1" 200 203
120.253.135.82 - - [03/Dec/2021:06:31:49 +0800] "GET /xingrg/kc/pszx/mdps_order_info.html?code=312021120100030 HTTP/1.1" 200 23931
120.253.135.82 - - [03/Dec/2021:06:31:49 +0800] "POST /xingrg/kc/pszx/mdps_order_operate.html HTTP/1.1" 200 2287
120.253.135.82 - - [03/Dec/2021:06:31:49 +0800] "GET /xingrg/javascript/easyui/themes/default/validatebox.css HTTP/1.1" 404 1104
222.70.176.97 - - [03/Dec/2021:06:31:52 +0800] "GET /xingrg/all/function/internal_message.html?_=1638484309196&CODE_STATE=getMsg HTTP/1.1" 200 27
120.253.135.82 - - [03/Dec/2021:06:31:56 +0800] "POST /xingrg/kc/pszx/mdps_order_operate.html HTTP/1.1" 200 37
120.253.135.82 - - [03/Dec/2021:06:31:57 +0800] "GET /xingrg/kc/pszx/mdps_order_info.html?code=312021120100030 HTTP/1.1" 200 23931
120.253.135.82 - - [03/Dec/2021:06:31:58 +0800] "GET /xingrg/javascript/easyui/themes/default/validatebox.css HTTP/1.1" 404 1104
120.253.135.82 - - [03/Dec/2021:06:31:58 +0800] "POST /xingrg/kc/pszx/mdps_order_operate.html HTTP/1.1" 200 2287
120.253.135.82 - - [03/Dec/2021:06:32:04 +0800] "GET /xingrg/check_reg.html?_=1638484100655 HTTP/1.1" 200 22
120.253.135.82 - - [03/Dec/2021:06:32:05 +0800] "GET /xingrg/all/function/internal_message.html?_=1638484100980&CODE_STATE=getMsg HTTP/1.1" 200 27
120.253.135.82 - - [03/Dec/2021:06:32:09 +0800] "POST /xingrg/kc/pszx/mdps_list_operate.html HTTP/1.1" 200 5223
120.253.135.82 - - [03/Dec/2021:06:32:13 +0800] "POST /xingrg/kc/pszx/mdps_list_operate.html HTTP/1.1" 200 613
114.85.125.222 - - [03/Dec/2021:06:32:13 +0800] "GET /xingrg/check_reg.html?_=1638484298551 HTTP/1.1" 200 22
120.253.135.82 - - [03/Dec/2021:06:32:13 +0800] "GET /xingrg/kc/pszx/mdps_order_info.html?code=312021120100031 HTTP/1.1" 200 23931
120.253.135.82 - - [03/Dec/2021:06:32:14 +0800] "POST /xingrg/kc/pszx/mdps_order_operate.html HTTP/1.1" 200 5331
120.253.135.82 - - [03/Dec/2021:06:32:14 +0800] "GET /xingrg/javascript/easyui/themes/default/validatebox.css HTTP/1.1" 404 1104
222.70.171.86 - - [03/Dec/2021:06:32:18 +0800] "GET /xingrg/all/function/internal_message.html?_=1638484352253&CODE_STATE=getMsg HTTP/1.1" 302 -
124.78.153.86 - - [03/Dec/2021:06:32:26 +0800] "GET /xingrg/all/function/internal_message.html?_=1638484356026&CODE_STATE=getMsg HTTP/1.1" 200 27
120.253.135.82 - - [03/Dec/2021:06:32:28 +0800] "POST /xingrg/kc/pszx/mdps_order_operate.html HTTP/1.1" 200 37
114.85.125.222 - - [03/Dec/2021:06:32:29 +0800] "GET /xingrg/all/function/internal_message.html?_=1638484314087&CODE_STATE=getMsg HTTP/1.1" 200 27
120.253.135.82 - - [03/Dec/2021:06:32:29 +0800] "GET /xingrg/kc/pszx/mdps_order_info.html?code=312021120100031 HTTP/1.1" 200 23931
120.253.135.82 - - [03/Dec/2021:06:32:30 +0800] "GET /xingrg/javascript/easyui/themes/default/validatebox.css HTTP/1.1" 404 1104
120.253.135.82 - - [03/Dec/2021:06:32:30 +0800] "POST /xingrg/kc/pszx/mdps_order_operate.html HTTP/1.1" 200 5331
116.238.248.233 - - [03/Dec/2021:06:32:37 +0800] "GET /xingrg/all/function/internal_message.html?_=1638484355736&CODE_STATE=getMsg HTTP/1.1" 200 27
120.253.135.82 - - [03/Dec/2021:06:32:37 +0800] "POST /xingrg/kc/pszx/mdps_list_operate.html HTTP/1.1" 200 5223
120.253.135.82 - - [03/Dec/2021:06:32:39 +0800] "POST /xingrg/kc/pszx/mdps_list_operate.html HTTP/1.1" 200 365
120.253.135.82 - - [03/Dec/2021:06:32:42 +0800] "GET /xingrg/kc/pszx/mdps_order_info.html?code=312021120100032 HTTP/1.1" 200 23931
120.253.135.82 - - [03/Dec/2021:06:32:42 +0800] "POST /xingrg/kc/pszx/mdps_order_operate.html HTTP/1.1" 200 3284
120.253.135.82 - - [03/Dec/2021:06:32:42 +0800] "GET /xingrg/javascript/easyui/themes/default/validatebox.css HTTP/1.1" 404 1104
222.70.171.86 - - [03/Dec/2021:06:32:45 +0800] "GET /xingrg/check_reg.html?_=1638484381777 HTTP/1.1" 200 22
222.70.171.86 - - [03/Dec/2021:06:32:45 +0800] "GET /xingrg/all/function/internal_message.html?_=1638484382051&CODE_STATE=getMsg HTTP/1.1" 200 27
120.253.135.82 - - [03/Dec/2021:06:32:50 +0800] "POST /xingrg/kc/pszx/mdps_order_operate.html HTTP/1.1" 200 37
222.70.176.97 - - [03/Dec/2021:06:32:52 +0800] "GET /xingrg/all/function/internal_message.html?_=1638484369181&CODE_STATE=getMsg HTTP/1.1" 200 27
120.253.135.82 - - [03/Dec/2021:06:32:53 +0800] "GET /xingrg/kc/pszx/mdps_order_info.html?code=312021120100032 HTTP/1.1" 200 23931
120.253.135.82 - - [03/Dec/2021:06:32:54 +0800] "GET /xingrg/javascript/easyui/themes/default/validatebox.css HTTP/1.1" 404 1104
120.253.135.82 - - [03/Dec/2021:06:32:54 +0800] "POST /xingrg/kc/pszx/mdps_order_operate.html HTTP/1.1" 200 3284
120.253.135.82 - - [03/Dec/2021:06:32:56 +0800] "POST /xingrg/kc/pszx/mdps_list_operate.html HTTP/1.1" 200 5223
120.253.135.82 - - [03/Dec/2021:06:32:59 +0800] "POST /xingrg/kc/pszx/mdps_list_operate.html HTTP/1.1" 200 535
120.253.135.82 - - [03/Dec/2021:06:33:00 +0800] "GET /xingrg/kc/pszx/mdps_order_info.html?code=312021120100033 HTTP/1.1" 200 23931
120.253.135.82 - - [03/Dec/2021:06:33:00 +0800] "GET /xingrg/javascript/easyui/themes/default/validatebox.css HTTP/1.1" 404 1104
120.253.135.82 - - [03/Dec/2021:06:33:00 +0800] "POST /xingrg/kc/pszx/mdps_order_operate.html HTTP/1.1" 200 4284
120.253.135.82 - - [03/Dec/2021:06:33:05 +0800] "GET /xingrg/all/function/internal_message.html?_=1638484160994&CODE_STATE=getMsg HTTP/1.1" 200 27
222.70.171.86 - - [03/Dec/2021:06:33:18 +0800] "GET /xingrg/all/function/internal_message.html?_=1638484412277&CODE_STATE=getMsg HTTP/1.1" 302 -
120.253.135.82 - - [03/Dec/2021:06:33:18 +0800] "POST /xingrg/kc/pszx/mdps_order_operate.html HTTP/1.1" 200 37
120.253.135.82 - - [03/Dec/2021:06:33:19 +0800] "GET /xingrg/kc/pszx/mdps_order_info.html?code=312021120100033 HTTP/1.1" 200 23931
120.253.135.82 - - [03/Dec/2021:06:33:19 +0800] "POST /xingrg/kc/pszx/mdps_order_operate.html HTTP/1.1" 200 4284
120.253.135.82 - - [03/Dec/2021:06:33:20 +0800] "GET /xingrg/javascript/easyui/themes/default/validatebox.css HTTP/1.1" 404 1104
120.253.135.82 - - [03/Dec/2021:06:33:23 +0800] "POST /xingrg/kc/pszx/mdps_list_operate.html HTTP/1.1" 200 5223
120.253.135.82 - - [03/Dec/2021:06:33:25 +0800] "POST /xingrg/kc/pszx/mdps_list_operate.html HTTP/1.1" 200 204
120.253.135.82 - - [03/Dec/2021:06:33:26 +0800] "GET /xingrg/kc/pszx/mdps_order_info.html?code=312021120100034 HTTP/1.1" 200 23931
124.78.153.86 - - [03/Dec/2021:06:33:26 +0800] "GET /xingrg/all/function/internal_message.html?_=1638484416028&CODE_STATE=getMsg HTTP/1.1" 200 27
120.253.135.82 - - [03/Dec/2021:06:33:26 +0800] "POST /xingrg/kc/pszx/mdps_order_operate.html HTTP/1.1" 200 2285
120.253.135.82 - - [03/Dec/2021:06:33:26 +0800] "GET /xingrg/javascript/easyui/themes/default/validatebox.css HTTP/1.1" 404 1104
114.85.125.222 - - [03/Dec/2021:06:33:29 +0800] "GET /xingrg/all/function/internal_message.html?_=1638484374101&CODE_STATE=getMsg HTTP/1.1" 200 27
120.253.135.82 - - [03/Dec/2021:06:33:32 +0800] "POST /xingrg/kc/pszx/mdps_order_operate.html HTTP/1.1" 200 37
120.253.135.82 - - [03/Dec/2021:06:33:33 +0800] "GET /xingrg/kc/pszx/mdps_order_info.html?code=312021120100034 HTTP/1.1" 200 23931
120.253.135.82 - - [03/Dec/2021:06:33:34 +0800] "GET /xingrg/javascript/easyui/themes/default/validatebox.css HTTP/1.1" 404 1104
120.253.135.82 - - [03/Dec/2021:06:33:34 +0800] "POST /xingrg/kc/pszx/mdps_order_operate.html HTTP/1.1" 200 2285
120.253.135.82 - - [03/Dec/2021:06:33:36 +0800] "POST /xingrg/kc/pszx/mdps_list_operate.html HTTP/1.1" 200 5223
116.238.248.233 - - [03/Dec/2021:06:33:37 +0800] "GET /xingrg/all/function/internal_message.html?_=1638484415736&CODE_STATE=getMsg HTTP/1.1" 200 27
116.238.248.233 - - [03/Dec/2021:06:33:37 +0800] "GET /xingrg/check_reg.html?_=1638484415736 HTTP/1.1" 200 22
222.70.171.86 - - [03/Dec/2021:06:33:45 +0800] "GET /xingrg/all/function/internal_message.html?_=1638484442065&CODE_STATE=getMsg HTTP/1.1" 200 27
120.253.135.82 - - [03/Dec/2021:06:33:46 +0800] "GET /xingrg/kc/pszx/mdqp_order_list.html?state=10 HTTP/1.1" 200 14681
120.253.135.82 - - [03/Dec/2021:06:33:46 +0800] "GET /xingrg/dwr/interface/AjaxReportQueryService.js HTTP/1.1" 200 13203
120.253.135.82 - - [03/Dec/2021:06:33:46 +0800] "GET /xingrg/dwr/engine.js HTTP/1.1" 200 43631
120.253.135.82 - - [03/Dec/2021:06:33:46 +0800] "GET /xingrg/dwr/interface/AjaxQqpsService.js HTTP/1.1" 200 16326
120.253.135.82 - - [03/Dec/2021:06:33:52 +0800] "GET /xingrg/kc/pszx/mdps_order_list.html?orderType=0 HTTP/1.1" 200 21130
222.70.176.97 - - [03/Dec/2021:06:33:52 +0800] "GET /xingrg/all/function/internal_message.html?_=1638484429165&CODE_STATE=getMsg HTTP/1.1" 200 27
120.253.135.82 - - [03/Dec/2021:06:33:52 +0800] "POST /xingrg/kc/pszx/mdps_list_operate.html HTTP/1.1" 200 5417
180.169.147.146 - - [03/Dec/2021:06:33:57 +0800] "GET /xingrg/check_reg.html?_=1638484436673 HTTP/1.1" 200 22
222.70.171.86 - - [03/Dec/2021:06:34:02 +0800] "GET /xingrg/check_reg.html?_=1638484456604 HTTP/1.1" 302 -
120.253.135.82 - - [03/Dec/2021:06:34:05 +0800] "GET /xingrg/all/function/internal_message.html?_=1638484221008&CODE_STATE=getMsg HTTP/1.1" 200 27
222.70.171.86 - - [03/Dec/2021:06:34:18 +0800] "GET /xingrg/all/function/internal_message.html?_=1638484472280&CODE_STATE=getMsg HTTP/1.1" 302 -
124.78.153.86 - - [03/Dec/2021:06:34:26 +0800] "GET /xingrg/all/function/internal_message.html?_=1638484476033&CODE_STATE=getMsg HTTP/1.1" 200 27
114.85.125.222 - - [03/Dec/2021:06:34:29 +0800] "GET /xingrg/all/function/internal_message.html?_=1638484434123&CODE_STATE=getMsg HTTP/1.1" 200 27
116.238.248.233 - - [03/Dec/2021:06:34:37 +0800] "GET /xingrg/all/function/internal_message.html?_=1638484475735&CODE_STATE=getMsg HTTP/1.1" 200 27
222.70.171.86 - - [03/Dec/2021:06:34:45 +0800] "GET /xingrg/all/function/internal_message.html?_=1638484502080&CODE_STATE=getMsg HTTP/1.1" 200 27
222.70.176.97 - - [03/Dec/2021:06:34:52 +0800] "GET /xingrg/all/function/internal_message.html?_=1638484489150&CODE_STATE=getMsg HTTP/1.1" 200 27
222.70.176.97 - - [03/Dec/2021:06:35:04 +0800] "GET /xingrg/check_reg.html?_=1638484501366 HTTP/1.1" 200 22
120.253.135.82 - - [03/Dec/2021:06:35:05 +0800] "GET /xingrg/all/function/internal_message.html?_=1638484281061&CODE_STATE=getMsg HTTP/1.1" 200 27
