120.253.135.82 - - [02/Dec/2021:06:24:15 +0800] "GET /xingrg/kc/pszx/ps_main.html HTTP/1.1" 200 13401
120.253.135.82 - - [02/Dec/2021:06:24:15 +0800] "GET /xingrg/images/blue/button/yddb.gif HTTP/1.1" 200 2040
120.253.135.82 - - [02/Dec/2021:06:24:15 +0800] "GET /xingrg/images/blue/button/pszx.gif HTTP/1.1" 200 2648
120.253.135.82 - - [02/Dec/2021:06:24:15 +0800] "GET /xingrg/images/blue/pic_form2.gif HTTP/1.1" 200 1853
120.253.135.82 - - [02/Dec/2021:06:24:15 +0800] "GET /xingrg/images/blue/button/fdps2.gif HTTP/1.1" 200 2548
120.253.135.82 - - [02/Dec/2021:06:24:15 +0800] "GET /xingrg/images/blue/button/fdqpd.gif HTTP/1.1" 200 2116
120.253.135.82 - - [02/Dec/2021:06:24:15 +0800] "GET /xingrg/images/blue/button/ckpd.gif HTTP/1.1" 200 2051
120.253.135.82 - - [02/Dec/2021:06:24:15 +0800] "GET /xingrg/images/blue/button/cgydd.gif HTTP/1.1" 200 2712
120.253.135.82 - - [02/Dec/2021:06:24:15 +0800] "GET /xingrg/images/blue/button/jzcgd.gif HTTP/1.1" 200 1976
120.253.135.82 - - [02/Dec/2021:06:24:15 +0800] "GET /xingrg/images/blue/bg_dotted.jpg HTTP/1.1" 200 319
120.253.135.82 - - [02/Dec/2021:06:24:15 +0800] "GET /xingrg/images/blue/button/line.jpg HTTP/1.1" 200 1397
120.253.135.82 - - [02/Dec/2021:06:24:15 +0800] "GET /xingrg/images/blue/button/right_down_ah.jpg HTTP/1.1" 200 1842
120.253.135.82 - - [02/Dec/2021:06:24:15 +0800] "GET /xingrg/images/blue/button/down_ah.jpg HTTP/1.1" 200 1732
120.253.135.82 - - [02/Dec/2021:06:24:15 +0800] "GET /xingrg/images/blue/button/left_down_ah.jpg HTTP/1.1" 200 1848
120.253.135.82 - - [02/Dec/2021:06:24:16 +0800] "GET /xingrg/images/yd/bt.gif HTTP/1.1" 404 1040
58.40.7.146 - - [02/Dec/2021:06:24:16 +0800] "GET /xingrg/all/function/internal_message.html?_=1638397456645&CODE_STATE=getMsg HTTP/1.1" 302 -
222.70.171.86 - - [02/Dec/2021:06:24:17 +0800] "GET /xingrg/check_reg.html?_=1638397468217 HTTP/1.1" 302 -
120.253.135.82 - - [02/Dec/2021:06:24:17 +0800] "GET /xingrg/dwr/interface/AjaxReportQueryService.js HTTP/1.1" 200 13203
120.253.135.82 - - [02/Dec/2021:06:24:17 +0800] "GET /xingrg/dwr/interface/AjaxQqpsService.js HTTP/1.1" 200 16326
120.253.135.82 - - [02/Dec/2021:06:24:17 +0800] "GET /xingrg/kc/pszx/mdqp_order_list.html HTTP/1.1" 200 50330
120.253.135.82 - - [02/Dec/2021:06:24:17 +0800] "GET /xingrg/dwr/engine.js HTTP/1.1" 200 43631
120.253.135.82 - - [02/Dec/2021:06:24:21 +0800] "GET /xingrg/kc/pszx/mdqp_order_list.html?page_num=2 HTTP/1.1" 200 50406
120.253.135.82 - - [02/Dec/2021:06:24:21 +0800] "GET /xingrg/dwr/interface/AjaxReportQueryService.js HTTP/1.1" 200 13203
120.253.135.82 - - [02/Dec/2021:06:24:21 +0800] "GET /xingrg/dwr/interface/AjaxQqpsService.js HTTP/1.1" 200 16326
120.253.135.82 - - [02/Dec/2021:06:24:21 +0800] "GET /xingrg/dwr/engine.js HTTP/1.1" 200 43631
120.253.135.82 - - [02/Dec/2021:06:24:29 +0800] "GET /xingrg/dwr/interface/AjaxReportQueryService.js HTTP/1.1" 200 13203
120.253.135.82 - - [02/Dec/2021:06:24:29 +0800] "GET /xingrg/dwr/interface/AjaxQqpsService.js HTTP/1.1" 200 16326
120.253.135.82 - - [02/Dec/2021:06:24:29 +0800] "GET /xingrg/dwr/engine.js HTTP/1.1" 200 43631
120.253.135.82 - - [02/Dec/2021:06:24:29 +0800] "GET /xingrg/kc/pszx/mdqp_order_list.html?page_num=3 HTTP/1.1" 200 50456
120.253.135.82 - - [02/Dec/2021:06:24:37 +0800] "GET /xingrg/dwr/interface/AjaxQqpsService.js HTTP/1.1" 200 16326
120.253.135.82 - - [02/Dec/2021:06:24:37 +0800] "GET /xingrg/dwr/interface/AjaxReportQueryService.js HTTP/1.1" 200 13203
120.253.135.82 - - [02/Dec/2021:06:24:37 +0800] "GET /xingrg/kc/pszx/mdqp_order_list.html?page_num=4 HTTP/1.1" 200 50436
120.253.135.82 - - [02/Dec/2021:06:24:37 +0800] "GET /xingrg/dwr/engine.js HTTP/1.1" 200 43631
58.35.210.86 - - [02/Dec/2021:06:24:38 +0800] "POST /xingrg/services/DataTransmitService HTTP/1.1" 200 501
58.35.210.86 - - [02/Dec/2021:06:24:38 +0800] "POST /xingrg/services/DataTransmitService HTTP/1.1" 200 501
180.169.147.146 - - [02/Dec/2021:06:24:40 +0800] "GET /xingrg/all/function/internal_message.html?_=1638397479869&CODE_STATE=getMsg HTTP/1.1" 200 27
120.253.135.82 - - [02/Dec/2021:06:24:42 +0800] "GET /xingrg/kc/pszx/mdqp_order_info.html?code=302021120100017 HTTP/1.1" 200 12913
120.253.135.82 - - [02/Dec/2021:06:24:42 +0800] "GET /xingrg/dwr/interface/AjaxQqpsService.js HTTP/1.1" 200 16326
120.253.135.82 - - [02/Dec/2021:06:24:42 +0800] "GET /xingrg/dwr/interface/AjaxComOrderService.js HTTP/1.1" 200 18264
120.253.135.82 - - [02/Dec/2021:06:24:42 +0800] "GET /xingrg/dwr/engine.js HTTP/1.1" 200 43631
120.253.135.82 - - [02/Dec/2021:06:24:43 +0800] "POST /xingrg/dwr/call/plaincall/AjaxQqpsService.loadMaterielItems.dwr HTTP/1.1" 200 372
58.35.210.86 - - [02/Dec/2021:06:24:44 +0800] "POST /xingrg/services/DataTransmitService HTTP/1.1" 200 501
120.253.135.82 - - [02/Dec/2021:06:24:45 +0800] "GET /xingrg/kc/pszx/mdqp_order_list.html?isBack=1 HTTP/1.1" 302 -
120.253.135.82 - - [02/Dec/2021:06:24:45 +0800] "GET /xingrg/images/yd/bt.gif HTTP/1.1" 404 1040
120.253.135.82 - - [02/Dec/2021:06:24:45 +0800] "GET /xingrg/images/yd/bt2.gif HTTP/1.1" 404 1042
120.253.135.82 - - [02/Dec/2021:06:24:45 +0800] "GET /xingrg/dwr/interface/AjaxQqpsService.js HTTP/1.1" 200 16326
120.253.135.82 - - [02/Dec/2021:06:24:45 +0800] "GET /xingrg/dwr/interface/AjaxReportQueryService.js HTTP/1.1" 200 13203
120.253.135.82 - - [02/Dec/2021:06:24:45 +0800] "GET /xingrg/kc/pszx/mdqp_order_list.html?page_num=4 HTTP/1.1" 200 50436
120.253.135.82 - - [02/Dec/2021:06:24:45 +0800] "GET /xingrg/dwr/engine.js HTTP/1.1" 200 43631
114.85.125.222 - - [02/Dec/2021:06:24:49 +0800] "GET /xingrg/all/function/internal_message.html?_=1638397455710&CODE_STATE=getMsg HTTP/1.1" 200 27
120.253.135.82 - - [02/Dec/2021:06:24:49 +0800] "GET /xingrg/kc/pszx/mdqp_order_info.html?code=302021120100018 HTTP/1.1" 200 12913
120.253.135.82 - - [02/Dec/2021:06:24:49 +0800] "GET /xingrg/dwr/interface/AjaxQqpsService.js HTTP/1.1" 200 16326
120.253.135.82 - - [02/Dec/2021:06:24:49 +0800] "GET /xingrg/dwr/interface/AjaxComOrderService.js HTTP/1.1" 200 18264
120.253.135.82 - - [02/Dec/2021:06:24:49 +0800] "GET /xingrg/dwr/engine.js HTTP/1.1" 200 43631
58.35.210.86 - - [02/Dec/2021:06:24:49 +0800] "POST /xingrg/services/DataTransmitService HTTP/1.1" 200 501
120.253.135.82 - - [02/Dec/2021:06:24:50 +0800] "POST /xingrg/dwr/call/plaincall/AjaxQqpsService.loadMaterielItems.dwr HTTP/1.1" 200 3845
58.35.210.86 - - [02/Dec/2021:06:24:50 +0800] "POST /xingrg/services/DataTransmitService HTTP/1.1" 200 501
58.35.210.86 - - [02/Dec/2021:06:24:51 +0800] "POST /xingrg/services/DataTransmitService HTTP/1.1" 200 501
120.253.135.82 - - [02/Dec/2021:06:24:51 +0800] "GET /xingrg/images/yd/bt.gif HTTP/1.1" 404 1040
120.253.135.82 - - [02/Dec/2021:06:24:51 +0800] "GET /xingrg/images/yd/bt2.gif HTTP/1.1" 404 1042
58.35.210.86 - - [02/Dec/2021:06:24:51 +0800] "POST /xingrg/services/DataTransmitService HTTP/1.1" 200 501
58.35.210.86 - - [02/Dec/2021:06:24:53 +0800] "POST /xingrg/services/DataTransmitService HTTP/1.1" 200 501
58.35.210.86 - - [02/Dec/2021:06:24:53 +0800] "POST /xingrg/services/DataTransmitService HTTP/1.1" 200 501
58.35.210.86 - - [02/Dec/2021:06:24:54 +0800] "POST /xingrg/services/DataTransmitService HTTP/1.1" 200 501
58.35.210.86 - - [02/Dec/2021:06:24:55 +0800] "POST /xingrg/services/DataTransmitService HTTP/1.1" 200 412
222.70.176.97 - - [02/Dec/2021:06:24:56 +0800] "GET /xingrg/all/function/internal_message.html?_=1638397494265&CODE_STATE=getMsg HTTP/1.1" 200 27
180.169.147.146 - - [02/Dec/2021:06:24:59 +0800] "GET /xingrg/check_reg.html?_=1638397499337 HTTP/1.1" 200 22
180.169.147.146 - - [02/Dec/2021:06:24:59 +0800] "GET /xingrg/all/function/internal_message.html?_=1638397499340&CODE_STATE=getMsg HTTP/1.1" 200 27
120.253.135.82 - - [02/Dec/2021:06:25:01 +0800] "GET /xingrg/all/function/internal_message.html?_=1638397507129&CODE_STATE=getMsg HTTP/1.1" 200 27
120.253.135.82 - - [02/Dec/2021:06:25:02 +0800] "GET /xingrg/all/function/internal_message.html?_=1638397278677&CODE_STATE=getMsg HTTP/1.1" 200 27
120.253.135.82 - - [02/Dec/2021:06:25:04 +0800] "GET /xingrg/kc/pszx/mdqp_order_list.html?isBack=1 HTTP/1.1" 302 -
222.70.171.86 - - [02/Dec/2021:06:25:04 +0800] "GET /xingrg/all/function/internal_message.html?_=1638397517575&CODE_STATE=getMsg HTTP/1.1" 200 27
120.253.135.82 - - [02/Dec/2021:06:25:05 +0800] "GET /xingrg/kc/pszx/mdqp_order_list.html?page_num=4 HTTP/1.1" 200 50436
120.253.135.82 - - [02/Dec/2021:06:25:05 +0800] "GET /xingrg/dwr/interface/AjaxReportQueryService.js HTTP/1.1" 200 13203
120.253.135.82 - - [02/Dec/2021:06:25:05 +0800] "GET /xingrg/dwr/interface/AjaxQqpsService.js HTTP/1.1" 200 16326
120.253.135.82 - - [02/Dec/2021:06:25:05 +0800] "GET /xingrg/dwr/engine.js HTTP/1.1" 200 43631
116.238.248.233 - - [02/Dec/2021:06:25:07 +0800] "GET /xingrg/all/function/internal_message.html?_=1638397506743&CODE_STATE=getMsg HTTP/1.1" 200 27
120.253.135.82 - - [02/Dec/2021:06:25:08 +0800] "GET /xingrg/kc/pszx/mdps_order_list.html?orderType=0 HTTP/1.1" 200 21130
120.253.135.82 - - [02/Dec/2021:06:25:08 +0800] "POST /xingrg/kc/pszx/mdps_list_operate.html HTTP/1.1" 200 5469
180.174.250.202 - - [02/Dec/2021:06:25:10 +0800] "GET /xingrg/all/function/internal_message.html?_=1638397514103&CODE_STATE=getMsg HTTP/1.1" 302 -
222.70.171.86 - - [02/Dec/2021:06:25:12 +0800] "GET /xingrg/all/function/internal_message.html?_=1638397523879&CODE_STATE=getMsg HTTP/1.1" 302 -
58.40.7.146 - - [02/Dec/2021:06:25:16 +0800] "GET /xingrg/all/function/internal_message.html?_=1638397516647&CODE_STATE=getMsg HTTP/1.1" 302 -
120.253.135.82 - - [02/Dec/2021:06:25:21 +0800] "POST /xingrg/kc/pszx/mdps_list_operate.html HTTP/1.1" 200 2064
120.253.135.82 - - [02/Dec/2021:06:25:31 +0800] "POST /xingrg/kc/pszx/mdps_list_operate.html HTTP/1.1" 200 626
120.253.135.82 - - [02/Dec/2021:06:25:32 +0800] "GET /xingrg/kc/pszx/mdps_order_info.html?code=312021120200054 HTTP/1.1" 200 23931
120.253.135.82 - - [02/Dec/2021:06:25:32 +0800] "GET /xingrg/javascript/easyui/themes/default/validatebox.css HTTP/1.1" 404 1104
120.253.135.82 - - [02/Dec/2021:06:25:32 +0800] "POST /xingrg/kc/pszx/mdps_order_operate.html HTTP/1.1" 200 8346
180.169.147.146 - - [02/Dec/2021:06:25:40 +0800] "GET /xingrg/all/function/internal_message.html?_=1638397539852&CODE_STATE=getMsg HTTP/1.1" 200 27
120.253.135.82 - - [02/Dec/2021:06:25:44 +0800] "GET /xingrg/check_reg.html?_=1638397549311 HTTP/1.1" 200 22
114.85.125.222 - - [02/Dec/2021:06:25:49 +0800] "GET /xingrg/all/function/internal_message.html?_=1638397515733&CODE_STATE=getMsg HTTP/1.1" 200 27
222.70.176.97 - - [02/Dec/2021:06:25:56 +0800] "GET /xingrg/all/function/internal_message.html?_=1638397554250&CODE_STATE=getMsg HTTP/1.1" 200 27
180.169.147.146 - - [02/Dec/2021:06:25:56 +0800] "GET /xingrg/check_reg.html?_=1638397555563 HTTP/1.1" 200 22
180.169.147.146 - - [02/Dec/2021:06:25:59 +0800] "GET /xingrg/all/function/internal_message.html?_=1638397559330&CODE_STATE=getMsg HTTP/1.1" 200 27
120.253.135.82 - - [02/Dec/2021:06:26:01 +0800] "GET /xingrg/all/function/internal_message.html?_=1638397567139&CODE_STATE=getMsg HTTP/1.1" 200 27
120.253.135.82 - - [02/Dec/2021:06:26:02 +0800] "GET /xingrg/check_reg.html?_=1638397338020 HTTP/1.1" 200 22
120.253.135.82 - - [02/Dec/2021:06:26:02 +0800] "GET /xingrg/all/function/internal_message.html?_=1638397338691&CODE_STATE=getMsg HTTP/1.1" 200 27
222.70.171.86 - - [02/Dec/2021:06:26:04 +0800] "GET /xingrg/all/function/internal_message.html?_=1638397577588&CODE_STATE=getMsg HTTP/1.1" 200 27
116.238.248.233 - - [02/Dec/2021:06:26:07 +0800] "GET /xingrg/all/function/internal_message.html?_=1638397566740&CODE_STATE=getMsg HTTP/1.1" 200 27
180.174.250.202 - - [02/Dec/2021:06:26:10 +0800] "GET /xingrg/check_reg.html?_=1638397574101 HTTP/1.1" 302 -
180.174.250.202 - - [02/Dec/2021:06:26:10 +0800] "GET /xingrg/all/function/internal_message.html?_=1638397574105&CODE_STATE=getMsg HTTP/1.1" 302 -
222.70.171.86 - - [02/Dec/2021:06:26:12 +0800] "GET /xingrg/all/function/internal_message.html?_=1638397583888&CODE_STATE=getMsg HTTP/1.1" 302 -
58.40.7.146 - - [02/Dec/2021:06:26:16 +0800] "GET /xingrg/all/function/internal_message.html?_=1638397576649&CODE_STATE=getMsg HTTP/1.1" 302 -
58.40.7.146 - - [02/Dec/2021:06:26:16 +0800] "GET /xingrg/check_reg.html?_=1638397576652 HTTP/1.1" 302 -
120.253.135.82 - - [02/Dec/2021:06:26:24 +0800] "POST /xingrg/kc/pszx/mdps_order_operate.html HTTP/1.1" 200 37
120.253.135.82 - - [02/Dec/2021:06:26:25 +0800] "GET /xingrg/kc/pszx/mdps_order_info.html?code=312021120200054 HTTP/1.1" 200 23931
120.253.135.82 - - [02/Dec/2021:06:26:26 +0800] "GET /xingrg/javascript/easyui/themes/default/validatebox.css HTTP/1.1" 404 1104
120.253.135.82 - - [02/Dec/2021:06:26:26 +0800] "POST /xingrg/kc/pszx/mdps_order_operate.html HTTP/1.1" 200 7353
120.253.135.82 - - [02/Dec/2021:06:26:30 +0800] "POST /xingrg/kc/pszx/mdps_list_operate.html HTTP/1.1" 200 209
120.253.135.82 - - [02/Dec/2021:06:26:30 +0800] "GET /xingrg/kc/pszx/mdps_order_info.html?code=312021120200055 HTTP/1.1" 200 23931
120.253.135.82 - - [02/Dec/2021:06:26:31 +0800] "GET /xingrg/javascript/easyui/themes/default/validatebox.css HTTP/1.1" 404 1104
120.253.135.82 - - [02/Dec/2021:06:26:31 +0800] "POST /xingrg/kc/pszx/mdps_order_operate.html HTTP/1.1" 200 2297
120.253.135.82 - - [02/Dec/2021:06:26:34 +0800] "POST /xingrg/kc/pszx/mdps_list_operate.html HTTP/1.1" 200 2064
120.253.135.82 - - [02/Dec/2021:06:26:35 +0800] "POST /xingrg/kc/pszx/mdps_list_operate.html HTTP/1.1" 200 209
120.253.135.82 - - [02/Dec/2021:06:26:37 +0800] "GET /xingrg/kc/pszx/mdps_order_info.html?code=312021120200055 HTTP/1.1" 200 23931
120.253.135.82 - - [02/Dec/2021:06:26:37 +0800] "GET /xingrg/javascript/easyui/themes/default/validatebox.css HTTP/1.1" 404 1104
120.253.135.82 - - [02/Dec/2021:06:26:37 +0800] "POST /xingrg/kc/pszx/mdps_order_operate.html HTTP/1.1" 200 2297
120.253.135.82 - - [02/Dec/2021:06:26:39 +0800] "GET /xingrg/kc/print/load_data.html?order_code=312021120200055&kc_code=mdps&condition= HTTP/1.1" 200 702
180.169.147.146 - - [02/Dec/2021:06:26:40 +0800] "GET /xingrg/all/function/internal_message.html?_=1638397599837&CODE_STATE=getMsg HTTP/1.1" 200 27
120.253.135.82 - - [02/Dec/2021:06:26:46 +0800] "POST /xingrg/kc/pszx/mdps_list_operate.html HTTP/1.1" 200 2064
120.253.135.82 - - [02/Dec/2021:06:26:47 +0800] "POST /xingrg/kc/pszx/mdps_list_operate.html HTTP/1.1" 200 626
120.253.135.82 - - [02/Dec/2021:06:26:48 +0800] "GET /xingrg/kc/pszx/mdps_order_info.html?code=312021120200054 HTTP/1.1" 200 23931
120.253.135.82 - - [02/Dec/2021:06:26:48 +0800] "GET /xingrg/javascript/easyui/themes/default/validatebox.css HTTP/1.1" 404 1104
120.253.135.82 - - [02/Dec/2021:06:26:48 +0800] "POST /xingrg/kc/pszx/mdps_order_operate.html HTTP/1.1" 200 7353
114.85.125.222 - - [02/Dec/2021:06:26:49 +0800] "GET /xingrg/all/function/internal_message.html?_=1638397575738&CODE_STATE=getMsg HTTP/1.1" 200 27
120.253.135.82 - - [02/Dec/2021:06:26:54 +0800] "GET /xingrg/kc/print/load_data.html?order_code=312021120200054&kc_code=mdps&condition= HTTP/1.1" 200 3067
222.70.176.97 - - [02/Dec/2021:06:26:56 +0800] "GET /xingrg/all/function/internal_message.html?_=1638397614235&CODE_STATE=getMsg HTTP/1.1" 200 27
180.169.147.146 - - [02/Dec/2021:06:26:59 +0800] "GET /xingrg/all/function/internal_message.html?_=1638397619341&CODE_STATE=getMsg HTTP/1.1" 200 27
120.253.135.82 - - [02/Dec/2021:06:27:00 +0800] "POST /xingrg/kc/pszx/mdps_list_operate.html HTTP/1.1" 200 2064
120.253.135.82 - - [02/Dec/2021:06:27:01 +0800] "GET /xingrg/all/function/internal_message.html?_=1638397627154&CODE_STATE=getMsg HTTP/1.1" 200 27
120.253.135.82 - - [02/Dec/2021:06:27:02 +0800] "GET /xingrg/all/function/internal_message.html?_=1638397398704&CODE_STATE=getMsg HTTP/1.1" 200 27
222.70.171.86 - - [02/Dec/2021:06:27:05 +0800] "GET /xingrg/all/function/internal_message.html?_=1638397638149&CODE_STATE=getMsg HTTP/1.1" 200 27
116.238.248.233 - - [02/Dec/2021:06:27:07 +0800] "GET /xingrg/all/function/internal_message.html?_=1638397626741&CODE_STATE=getMsg HTTP/1.1" 200 27
222.70.176.97 - - [02/Dec/2021:06:27:07 +0800] "GET /xingrg/check_reg.html?_=1638397625593 HTTP/1.1" 200 22
180.174.250.202 - - [02/Dec/2021:06:27:10 +0800] "GET /xingrg/all/function/internal_message.html?_=1638397634099&CODE_STATE=getMsg HTTP/1.1" 302 -
222.70.171.86 - - [02/Dec/2021:06:27:12 +0800] "GET /xingrg/all/function/internal_message.html?_=1638397643908&CODE_STATE=getMsg HTTP/1.1" 302 -
58.40.7.146 - - [02/Dec/2021:06:27:16 +0800] "GET /xingrg/all/function/internal_message.html?_=1638397636655&CODE_STATE=getMsg HTTP/1.1" 302 -
180.174.250.202 - - [02/Dec/2021:06:27:36 +0800] "POST /xingrg/services/DataTransmitService HTTP/1.1" 200 524
180.174.250.202 - - [02/Dec/2021:06:27:37 +0800] "POST /xingrg/services/DataTransmitService HTTP/1.1" 200 501
180.169.147.146 - - [02/Dec/2021:06:27:40 +0800] "GET /xingrg/all/function/internal_message.html?_=1638397659821&CODE_STATE=getMsg HTTP/1.1" 200 27
114.85.125.222 - - [02/Dec/2021:06:27:49 +0800] "GET /xingrg/all/function/internal_message.html?_=1638397635758&CODE_STATE=getMsg HTTP/1.1" 200 27
222.70.176.97 - - [02/Dec/2021:06:27:56 +0800] "GET /xingrg/all/function/internal_message.html?_=1638397674205&CODE_STATE=getMsg HTTP/1.1" 200 27
180.169.147.146 - - [02/Dec/2021:06:27:59 +0800] "GET /xingrg/all/function/internal_message.html?_=1638397679331&CODE_STATE=getMsg HTTP/1.1" 200 27
120.253.135.82 - - [02/Dec/2021:06:28:01 +0800] "GET /xingrg/all/function/internal_message.html?_=1638397687185&CODE_STATE=getMsg HTTP/1.1" 200 27
120.253.135.82 - - [02/Dec/2021:06:28:02 +0800] "GET /xingrg/all/function/internal_message.html?_=1638397458783&CODE_STATE=getMsg HTTP/1.1" 200 27
222.70.171.86 - - [02/Dec/2021:06:28:05 +0800] "GET /xingrg/all/function/internal_message.html?_=1638397698162&CODE_STATE=getMsg HTTP/1.1" 200 27
116.238.248.233 - - [02/Dec/2021:06:28:07 +0800] "GET /xingrg/all/function/internal_message.html?_=1638397686752&CODE_STATE=getMsg HTTP/1.1" 200 27
116.238.248.233 - - [02/Dec/2021:06:28:07 +0800] "GET /xingrg/check_reg.html?_=1638397686756 HTTP/1.1" 200 22
180.174.250.202 - - [02/Dec/2021:06:28:10 +0800] "GET /xingrg/all/function/internal_message.html?_=1638397694096&CODE_STATE=getMsg HTTP/1.1" 302 -
222.70.171.86 - - [02/Dec/2021:06:28:12 +0800] "GET /xingrg/all/function/internal_message.html?_=1638397703915&CODE_STATE=getMsg HTTP/1.1" 302 -
58.40.7.146 - - [02/Dec/2021:06:28:16 +0800] "GET /xingrg/all/function/internal_message.html?_=1638397696658&CODE_STATE=getMsg HTTP/1.1" 302 -
180.169.147.146 - - [02/Dec/2021:06:28:40 +0800] "GET /xingrg/all/function/internal_message.html?_=1638397719806&CODE_STATE=getMsg HTTP/1.1" 200 27
114.85.125.222 - - [02/Dec/2021:06:28:40 +0800] "GET /xingrg/check_reg.html?_=1638397687050 HTTP/1.1" 200 22
114.85.125.222 - - [02/Dec/2021:06:28:49 +0800] "GET /xingrg/all/function/internal_message.html?_=1638397695765&CODE_STATE=getMsg HTTP/1.1" 200 27
222.70.176.97 - - [02/Dec/2021:06:28:56 +0800] "GET /xingrg/all/function/internal_message.html?_=1638397734190&CODE_STATE=getMsg HTTP/1.1" 200 27
222.70.171.86 - - [02/Dec/2021:06:28:57 +0800] "GET /xingrg/check_reg.html?_=1638397748069 HTTP/1.1" 302 -
180.169.147.146 - - [02/Dec/2021:06:28:59 +0800] "GET /xingrg/all/function/internal_message.html?_=1638397739342&CODE_STATE=getMsg HTTP/1.1" 200 27
120.253.135.82 - - [02/Dec/2021:06:29:01 +0800] "GET /xingrg/all/function/internal_message.html?_=1638397747197&CODE_STATE=getMsg HTTP/1.1" 200 27
120.253.135.82 - - [02/Dec/2021:06:29:03 +0800] "GET /xingrg/all/function/internal_message.html?_=1638397518858&CODE_STATE=getMsg HTTP/1.1" 200 27
222.70.171.86 - - [02/Dec/2021:06:29:03 +0800] "GET /xingrg/check_reg.html?_=1638397756813 HTTP/1.1" 200 22
222.70.171.86 - - [02/Dec/2021:06:29:05 +0800] "GET /xingrg/all/function/internal_message.html?_=1638397758176&CODE_STATE=getMsg HTTP/1.1" 200 27
116.238.248.233 - - [02/Dec/2021:06:29:07 +0800] "GET /xingrg/all/function/internal_message.html?_=1638397746741&CODE_STATE=getMsg HTTP/1.1" 200 27
180.174.250.202 - - [02/Dec/2021:06:29:10 +0800] "GET /xingrg/all/function/internal_message.html?_=1638397754094&CODE_STATE=getMsg HTTP/1.1" 302 -
222.70.171.86 - - [02/Dec/2021:06:29:12 +0800] "GET /xingrg/all/function/internal_message.html?_=1638397763934&CODE_STATE=getMsg HTTP/1.1" 302 -
58.40.7.146 - - [02/Dec/2021:06:29:16 +0800] "GET /xingrg/all/function/internal_message.html?_=1638397756649&CODE_STATE=getMsg HTTP/1.1" 302 -
222.70.171.86 - - [02/Dec/2021:06:29:17 +0800] "GET /xingrg/check_reg.html?_=1638397768223 HTTP/1.1" 302 -
180.169.147.146 - - [02/Dec/2021:06:29:40 +0800] "GET /xingrg/all/function/internal_message.html?_=1638397779776&CODE_STATE=getMsg HTTP/1.1" 200 27
114.85.125.222 - - [02/Dec/2021:06:29:49 +0800] "GET /xingrg/all/function/internal_message.html?_=1638397755778&CODE_STATE=getMsg HTTP/1.1" 200 27
222.70.176.97 - - [02/Dec/2021:06:29:56 +0800] "GET /xingrg/all/function/internal_message.html?_=1638397794175&CODE_STATE=getMsg HTTP/1.1" 200 27
180.169.147.146 - - [02/Dec/2021:06:29:59 +0800] "GET /xingrg/check_reg.html?_=1638397799343 HTTP/1.1" 200 22
180.169.147.146 - - [02/Dec/2021:06:29:59 +0800] "GET /xingrg/all/function/internal_message.html?_=1638397799345&CODE_STATE=getMsg HTTP/1.1" 200 27
120.253.135.82 - - [02/Dec/2021:06:30:01 +0800] "GET /xingrg/all/function/internal_message.html?_=1638397807226&CODE_STATE=getMsg HTTP/1.1" 200 27
120.253.135.82 - - [02/Dec/2021:06:30:03 +0800] "GET /xingrg/all/function/internal_message.html?_=1638397578869&CODE_STATE=getMsg HTTP/1.1" 200 27
222.70.171.86 - - [02/Dec/2021:06:30:05 +0800] "GET /xingrg/all/function/internal_message.html?_=1638397818189&CODE_STATE=getMsg HTTP/1.1" 200 27
120.253.135.82 - - [02/Dec/2021:06:30:06 +0800] "POST /xingrg/kc/pszx/mdps_list_operate.html HTTP/1.1" 200 2446
116.238.248.233 - - [02/Dec/2021:06:30:07 +0800] "GET /xingrg/all/function/internal_message.html?_=1638397806749&CODE_STATE=getMsg HTTP/1.1" 200 27
120.253.135.82 - - [02/Dec/2021:06:30:09 +0800] "POST /xingrg/kc/pszx/mdps_list_operate.html HTTP/1.1" 200 212
180.174.250.202 - - [02/Dec/2021:06:30:10 +0800] "GET /xingrg/all/function/internal_message.html?_=1638397814093&CODE_STATE=getMsg HTTP/1.1" 302 -
120.253.135.82 - - [02/Dec/2021:06:30:10 +0800] "POST /xingrg/kc/pszx/mdps_list_operate.html HTTP/1.1" 200 639
120.253.135.82 - - [02/Dec/2021:06:30:11 +0800] "GET /xingrg/kc/pszx/mdps_order_info.html?code=312021120200049 HTTP/1.1" 200 23931
120.253.135.82 - - [02/Dec/2021:06:30:11 +0800] "GET /xingrg/javascript/easyui/themes/default/validatebox.css HTTP/1.1" 404 1104
120.253.135.82 - - [02/Dec/2021:06:30:11 +0800] "POST /xingrg/kc/pszx/mdps_order_operate.html HTTP/1.1" 200 15332
222.70.171.86 - - [02/Dec/2021:06:30:12 +0800] "GET /xingrg/all/function/internal_message.html?_=1638397823942&CODE_STATE=getMsg HTTP/1.1" 302 -
120.253.135.82 - - [02/Dec/2021:06:30:14 +0800] "POST /xingrg/kc/pszx/mdps_order_operate.html HTTP/1.1" 200 37
120.253.135.82 - - [02/Dec/2021:06:30:15 +0800] "GET /xingrg/kc/pszx/mdps_order_info.html?code=312021120200049 HTTP/1.1" 200 23931
120.253.135.82 - - [02/Dec/2021:06:30:16 +0800] "GET /xingrg/javascript/easyui/themes/default/validatebox.css HTTP/1.1" 404 1104
120.253.135.82 - - [02/Dec/2021:06:30:16 +0800] "POST /xingrg/kc/pszx/mdps_order_operate.html HTTP/1.1" 200 15554
58.40.7.146 - - [02/Dec/2021:06:30:16 +0800] "GET /xingrg/all/function/internal_message.html?_=1638397816652&CODE_STATE=getMsg HTTP/1.1" 302 -
180.169.147.146 - - [02/Dec/2021:06:30:40 +0800] "GET /xingrg/all/function/internal_message.html?_=1638397839760&CODE_STATE=getMsg HTTP/1.1" 200 27
120.253.135.82 - - [02/Dec/2021:06:30:44 +0800] "GET /xingrg/check_reg.html?_=1638397849314 HTTP/1.1" 200 22
120.253.135.82 - - [02/Dec/2021:06:30:47 +0800] "POST /xingrg/all/common/load_select.html HTTP/1.1" 200 25
120.253.135.82 - - [02/Dec/2021:06:30:49 +0800] "GET /xingrg/kc/pszx/mdps_order_operate.html?command=get_materiel_price&pszx_code=00101&rest_code=00145&base_code=0010246&code=00101019400&unit_code=00100111&order_time=2021-12-02 HTTP/1.1" 200 35
114.85.125.222 - - [02/Dec/2021:06:30:49 +0800] "GET /xingrg/all/function/internal_message.html?_=1638397815799&CODE_STATE=getMsg HTTP/1.1" 200 27
222.70.176.97 - - [02/Dec/2021:06:30:56 +0800] "GET /xingrg/all/function/internal_message.html?_=1638397854159&CODE_STATE=getMsg HTTP/1.1" 200 27
180.169.147.146 - - [02/Dec/2021:06:30:56 +0800] "GET /xingrg/check_reg.html?_=1638397855533 HTTP/1.1" 200 22
180.169.147.146 - - [02/Dec/2021:06:30:59 +0800] "GET /xingrg/all/function/internal_message.html?_=1638397859342&CODE_STATE=getMsg HTTP/1.1" 200 27
120.253.135.82 - - [02/Dec/2021:06:31:01 +0800] "GET /xingrg/all/function/internal_message.html?_=1638397867239&CODE_STATE=getMsg HTTP/1.1" 200 27
120.253.135.82 - - [02/Dec/2021:06:31:02 +0800] "GET /xingrg/check_reg.html?_=1638397638030 HTTP/1.1" 200 22
120.253.135.82 - - [02/Dec/2021:06:31:03 +0800] "GET /xingrg/all/function/internal_message.html?_=1638397638884&CODE_STATE=getMsg HTTP/1.1" 200 27
222.70.171.86 - - [02/Dec/2021:06:31:05 +0800] "GET /xingrg/all/function/internal_message.html?_=1638397878203&CODE_STATE=getMsg HTTP/1.1" 200 27
116.238.248.233 - - [02/Dec/2021:06:31:07 +0800] "GET /xingrg/all/function/internal_message.html?_=1638397866762&CODE_STATE=getMsg HTTP/1.1" 200 27
180.174.250.202 - - [02/Dec/2021:06:31:10 +0800] "GET /xingrg/all/function/internal_message.html?_=1638397874104&CODE_STATE=getMsg HTTP/1.1" 302 -
180.174.250.202 - - [02/Dec/2021:06:31:10 +0800] "GET /xingrg/check_reg.html?_=1638397874108 HTTP/1.1" 302 -
222.70.171.86 - - [02/Dec/2021:06:31:12 +0800] "GET /xingrg/all/function/internal_message.html?_=1638397883962&CODE_STATE=getMsg HTTP/1.1" 302 -
58.40.7.146 - - [02/Dec/2021:06:31:16 +0800] "GET /xingrg/all/function/internal_message.html?_=1638397876657&CODE_STATE=getMsg HTTP/1.1" 302 -
58.40.7.146 - - [02/Dec/2021:06:31:16 +0800] "GET /xingrg/check_reg.html?_=1638397876659 HTTP/1.1" 302 -
120.253.135.82 - - [02/Dec/2021:06:31:35 +0800] "POST /xingrg/kc/pszx/mdps_order_operate.html HTTP/1.1" 200 37
120.253.135.82 - - [02/Dec/2021:06:31:36 +0800] "GET /xingrg/kc/pszx/mdps_order_info.html?code=312021120200049 HTTP/1.1" 200 23931
120.253.135.82 - - [02/Dec/2021:06:31:36 +0800] "GET /xingrg/javascript/easyui/themes/default/validatebox.css HTTP/1.1" 404 1104
120.253.135.82 - - [02/Dec/2021:06:31:36 +0800] "POST /xingrg/kc/pszx/mdps_order_operate.html HTTP/1.1" 200 15555
180.169.147.146 - - [02/Dec/2021:06:31:40 +0800] "GET /xingrg/all/function/internal_message.html?_=1638397899744&CODE_STATE=getMsg HTTP/1.1" 200 27
114.85.125.222 - - [02/Dec/2021:06:31:49 +0800] "GET /xingrg/all/function/internal_message.html?_=1638397875806&CODE_STATE=getMsg HTTP/1.1" 200 27
222.70.176.97 - - [02/Dec/2021:06:31:56 +0800] "GET /xingrg/all/function/internal_message.html?_=1638397914144&CODE_STATE=getMsg HTTP/1.1" 200 27
180.169.147.146 - - [02/Dec/2021:06:31:59 +0800] "GET /xingrg/all/function/internal_message.html?_=1638397919355&CODE_STATE=getMsg HTTP/1.1" 200 27
120.253.135.82 - - [02/Dec/2021:06:32:01 +0800] "GET /xingrg/all/function/internal_message.html?_=1638397927253&CODE_STATE=getMsg HTTP/1.1" 200 27
120.253.135.82 - - [02/Dec/2021:06:32:03 +0800] "GET /xingrg/all/function/internal_message.html?_=1638397698971&CODE_STATE=getMsg HTTP/1.1" 200 27
222.70.171.86 - - [02/Dec/2021:06:32:05 +0800] "GET /xingrg/all/function/internal_message.html?_=1638397938739&CODE_STATE=getMsg HTTP/1.1" 200 27
116.238.248.233 - - [02/Dec/2021:06:32:07 +0800] "GET /xingrg/all/function/internal_message.html?_=1638397926760&CODE_STATE=getMsg HTTP/1.1" 200 27
222.70.176.97 - - [02/Dec/2021:06:32:07 +0800] "GET /xingrg/check_reg.html?_=1638397925598 HTTP/1.1" 200 22
180.174.250.202 - - [02/Dec/2021:06:32:10 +0800] "GET /xingrg/all/function/internal_message.html?_=1638397934103&CODE_STATE=getMsg HTTP/1.1" 302 -
222.70.171.86 - - [02/Dec/2021:06:32:12 +0800] "GET /xingrg/all/function/internal_message.html?_=1638397943970&CODE_STATE=getMsg HTTP/1.1" 302 -
58.40.7.146 - - [02/Dec/2021:06:32:16 +0800] "GET /xingrg/all/function/internal_message.html?_=1638397936668&CODE_STATE=getMsg HTTP/1.1" 302 -
180.169.147.146 - - [02/Dec/2021:06:32:40 +0800] "GET /xingrg/all/function/internal_message.html?_=1638397959727&CODE_STATE=getMsg HTTP/1.1" 200 27
114.85.125.222 - - [02/Dec/2021:06:32:49 +0800] "GET /xingrg/all/function/internal_message.html?_=1638397935826&CODE_STATE=getMsg HTTP/1.1" 200 27
222.70.176.97 - - [02/Dec/2021:06:32:56 +0800] "GET /xingrg/all/function/internal_message.html?_=1638397974117&CODE_STATE=getMsg HTTP/1.1" 200 27
180.169.147.146 - - [02/Dec/2021:06:32:59 +0800] "GET /xingrg/all/function/internal_message.html?_=1638397979349&CODE_STATE=getMsg HTTP/1.1" 200 27
120.253.135.82 - - [02/Dec/2021:06:33:02 +0800] "GET /xingrg/all/function/internal_message.html?_=1638397987288&CODE_STATE=getMsg HTTP/1.1" 200 27
120.253.135.82 - - [02/Dec/2021:06:33:03 +0800] "GET /xingrg/all/function/internal_message.html?_=1638397758973&CODE_STATE=getMsg HTTP/1.1" 200 27
222.70.171.86 - - [02/Dec/2021:06:33:05 +0800] "GET /xingrg/all/function/internal_message.html?_=1638397998744&CODE_STATE=getMsg HTTP/1.1" 200 27
116.238.248.233 - - [02/Dec/2021:06:33:07 +0800] "GET /xingrg/all/function/internal_message.html?_=1638397986760&CODE_STATE=getMsg HTTP/1.1" 200 27
116.238.248.233 - - [02/Dec/2021:06:33:07 +0800] "GET /xingrg/check_reg.html?_=1638397986776 HTTP/1.1" 200 22
180.174.250.202 - - [02/Dec/2021:06:33:10 +0800] "GET /xingrg/all/function/internal_message.html?_=1638397994099&CODE_STATE=getMsg HTTP/1.1" 302 -
222.70.171.86 - - [02/Dec/2021:06:33:12 +0800] "GET /xingrg/all/function/internal_message.html?_=1638398003989&CODE_STATE=getMsg HTTP/1.1" 302 -
58.40.7.146 - - [02/Dec/2021:06:33:16 +0800] "GET /xingrg/all/function/internal_message.html?_=1638397996655&CODE_STATE=getMsg HTTP/1.1" 302 -
120.253.135.82 - - [02/Dec/2021:06:33:18 +0800] "POST /xingrg/all/common/load_select.html HTTP/1.1" 200 25
120.253.135.82 - - [02/Dec/2021:06:33:20 +0800] "GET /xingrg/kc/pszx/mdps_order_operate.html?command=get_materiel_price&pszx_code=00101&rest_code=00145&base_code=0010246&code=00101019451&unit_code=00100155&order_time=2021-12-02 HTTP/1.1" 200 34
120.253.135.82 - - [02/Dec/2021:06:33:36 +0800] "POST /xingrg/kc/pszx/mdps_order_operate.html HTTP/1.1" 200 37
120.253.135.82 - - [02/Dec/2021:06:33:38 +0800] "GET /xingrg/kc/pszx/mdps_order_info.html?code=312021120200049 HTTP/1.1" 200 23931
120.253.135.82 - - [02/Dec/2021:06:33:39 +0800] "POST /xingrg/kc/pszx/mdps_order_operate.html HTTP/1.1" 200 15554
120.253.135.82 - - [02/Dec/2021:06:33:39 +0800] "GET /xingrg/javascript/easyui/themes/default/validatebox.css HTTP/1.1" 404 1104
180.169.147.146 - - [02/Dec/2021:06:33:40 +0800] "GET /xingrg/all/function/internal_message.html?_=1638398019712&CODE_STATE=getMsg HTTP/1.1" 200 27
114.85.125.222 - - [02/Dec/2021:06:33:40 +0800] "GET /xingrg/check_reg.html?_=1638397987052 HTTP/1.1" 200 22
120.253.135.82 - - [02/Dec/2021:06:33:45 +0800] "POST /xingrg/kc/pszx/mdps_order_operate.html HTTP/1.1" 200 37
120.253.135.82 - - [02/Dec/2021:06:33:46 +0800] "GET /xingrg/kc/pszx/mdps_order_info.html?code=312021120200049 HTTP/1.1" 200 23931
120.253.135.82 - - [02/Dec/2021:06:33:47 +0800] "GET /xingrg/javascript/easyui/themes/default/validatebox.css HTTP/1.1" 404 1104
120.253.135.82 - - [02/Dec/2021:06:33:47 +0800] "POST /xingrg/kc/pszx/mdps_order_operate.html HTTP/1.1" 200 15554
114.85.125.222 - - [02/Dec/2021:06:33:49 +0800] "GET /xingrg/all/function/internal_message.html?_=1638397995834&CODE_STATE=getMsg HTTP/1.1" 200 27
120.253.135.82 - - [02/Dec/2021:06:33:51 +0800] "POST /xingrg/kc/pszx/mdps_list_operate.html HTTP/1.1" 200 2445
120.253.135.82 - - [02/Dec/2021:06:33:53 +0800] "POST /xingrg/kc/pszx/mdps_list_operate.html HTTP/1.1" 200 287
120.253.135.82 - - [02/Dec/2021:06:33:53 +0800] "GET /xingrg/kc/pszx/mdps_order_info.html?code=312021120200050 HTTP/1.1" 200 23931
120.253.135.82 - - [02/Dec/2021:06:33:54 +0800] "GET /xingrg/javascript/easyui/themes/default/validatebox.css HTTP/1.1" 404 1104
120.253.135.82 - - [02/Dec/2021:06:33:54 +0800] "POST /xingrg/kc/pszx/mdps_order_operate.html HTTP/1.1" 200 2778
222.70.176.97 - - [02/Dec/2021:06:33:56 +0800] "GET /xingrg/all/function/internal_message.html?_=1638398034102&CODE_STATE=getMsg HTTP/1.1" 200 27
222.70.171.86 - - [02/Dec/2021:06:33:56 +0800] "GET /xingrg/check_reg.html?_=1638398048073 HTTP/1.1" 302 -
120.253.135.82 - - [02/Dec/2021:06:33:58 +0800] "POST /xingrg/all/common/load_combo.html?type=base HTTP/1.1" 200 1075
180.169.147.146 - - [02/Dec/2021:06:33:59 +0800] "GET /xingrg/all/function/internal_message.html?_=1638398039339&CODE_STATE=getMsg HTTP/1.1" 200 27
120.253.135.82 - - [02/Dec/2021:06:34:02 +0800] "GET /xingrg/all/function/internal_message.html?_=1638398047296&CODE_STATE=getMsg HTTP/1.1" 200 27
120.253.135.82 - - [02/Dec/2021:06:34:03 +0800] "POST /xingrg/kc/pszx/mdps_order_operate.html HTTP/1.1" 200 37
222.70.171.86 - - [02/Dec/2021:06:34:04 +0800] "GET /xingrg/check_reg.html?_=1638398057320 HTTP/1.1" 200 22
120.253.135.82 - - [02/Dec/2021:06:34:04 +0800] "GET /xingrg/kc/pszx/mdps_order_info.html?code=312021120200050 HTTP/1.1" 200 23931
120.253.135.82 - - [02/Dec/2021:06:34:05 +0800] "GET /xingrg/javascript/easyui/themes/default/validatebox.css HTTP/1.1" 404 1104
120.253.135.82 - - [02/Dec/2021:06:34:05 +0800] "POST /xingrg/kc/pszx/mdps_order_operate.html HTTP/1.1" 200 2795
222.70.171.86 - - [02/Dec/2021:06:34:05 +0800] "GET /xingrg/all/function/internal_message.html?_=1638398058757&CODE_STATE=getMsg HTTP/1.1" 200 27
120.253.135.82 - - [02/Dec/2021:06:34:05 +0800] "GET /xingrg/all/function/internal_message.html?_=1638397821779&CODE_STATE=getMsg HTTP/1.1" 200 27
116.238.248.233 - - [02/Dec/2021:06:34:07 +0800] "GET /xingrg/all/function/internal_message.html?_=1638398046776&CODE_STATE=getMsg HTTP/1.1" 200 27
120.253.135.82 - - [02/Dec/2021:06:34:09 +0800] "POST /xingrg/kc/pszx/mdps_list_operate.html HTTP/1.1" 200 2445
180.174.250.202 - - [02/Dec/2021:06:34:10 +0800] "GET /xingrg/all/function/internal_message.html?_=1638398054096&CODE_STATE=getMsg HTTP/1.1" 302 -
222.70.171.86 - - [02/Dec/2021:06:34:12 +0800] "GET /xingrg/all/function/internal_message.html?_=1638398063997&CODE_STATE=getMsg HTTP/1.1" 302 -
58.40.7.146 - - [02/Dec/2021:06:34:16 +0800] "GET /xingrg/all/function/internal_message.html?_=1638398056658&CODE_STATE=getMsg HTTP/1.1" 302 -
222.70.171.86 - - [02/Dec/2021:06:34:17 +0800] "GET /xingrg/check_reg.html?_=1638398068228 HTTP/1.1" 302 -
180.169.147.146 - - [02/Dec/2021:06:34:40 +0800] "GET /xingrg/all/function/internal_message.html?_=1638398079695&CODE_STATE=getMsg HTTP/1.1" 200 27
114.85.125.222 - - [02/Dec/2021:06:34:49 +0800] "GET /xingrg/all/function/internal_message.html?_=1638398055846&CODE_STATE=getMsg HTTP/1.1" 200 27
222.70.176.97 - - [02/Dec/2021:06:34:56 +0800] "GET /xingrg/all/function/internal_message.html?_=1638398094090&CODE_STATE=getMsg HTTP/1.1" 200 27
180.169.147.146 - - [02/Dec/2021:06:34:59 +0800] "GET /xingrg/check_reg.html?_=1638398099352 HTTP/1.1" 200 22
180.169.147.146 - - [02/Dec/2021:06:34:59 +0800] "GET /xingrg/all/function/internal_message.html?_=1638398099351&CODE_STATE=getMsg HTTP/1.1" 200 27
120.253.135.82 - - [02/Dec/2021:06:35:02 +0800] "GET /xingrg/all/function/internal_message.html?_=1638398107325&CODE_STATE=getMsg HTTP/1.1" 200 27
222.70.171.86 - - [02/Dec/2021:06:35:05 +0800] "GET /xingrg/all/function/internal_message.html?_=1638398118771&CODE_STATE=getMsg HTTP/1.1" 200 27
120.253.135.82 - - [02/Dec/2021:06:35:06 +0800] "GET /xingrg/all/function/internal_message.html?_=1638397881877&CODE_STATE=getMsg HTTP/1.1" 200 27
116.238.248.233 - - [02/Dec/2021:06:35:07 +0800] "GET /xingrg/all/function/internal_message.html?_=1638398106775&CODE_STATE=getMsg HTTP/1.1" 200 27
180.174.250.202 - - [02/Dec/2021:06:35:10 +0800] "GET /xingrg/all/function/internal_message.html?_=1638398114094&CODE_STATE=getMsg HTTP/1.1" 302 -
222.70.171.86 - - [02/Dec/2021:06:35:12 +0800] "GET /xingrg/all/function/internal_message.html?_=1638398124015&CODE_STATE=getMsg HTTP/1.1" 302 -
58.40.7.146 - - [02/Dec/2021:06:35:16 +0800] "GET /xingrg/all/function/internal_message.html?_=1638398116663&CODE_STATE=getMsg HTTP/1.1" 302 -
180.169.147.146 - - [02/Dec/2021:06:35:40 +0800] "GET /xingrg/all/function/internal_message.html?_=1638398139679&CODE_STATE=getMsg HTTP/1.1" 200 27
120.253.135.82 - - [02/Dec/2021:06:35:44 +0800] "GET /xingrg/check_reg.html?_=1638398149319 HTTP/1.1" 200 22
114.85.125.222 - - [02/Dec/2021:06:35:49 +0800] "GET /xingrg/all/function/internal_message.html?_=1638398115869&CODE_STATE=getMsg HTTP/1.1" 200 27
222.70.176.97 - - [02/Dec/2021:06:35:56 +0800] "GET /xingrg/all/function/internal_message.html?_=1638398154073&CODE_STATE=getMsg HTTP/1.1" 200 27
180.169.147.146 - - [02/Dec/2021:06:35:56 +0800] "GET /xingrg/check_reg.html?_=1638398155514 HTTP/1.1" 200 22
180.169.147.146 - - [02/Dec/2021:06:35:59 +0800] "GET /xingrg/all/function/internal_message.html?_=1638398159354&CODE_STATE=getMsg HTTP/1.1" 200 27
120.253.135.82 - - [02/Dec/2021:06:36:02 +0800] "GET /xingrg/all/function/internal_message.html?_=1638398167338&CODE_STATE=getMsg HTTP/1.1" 200 27
120.253.135.82 - - [02/Dec/2021:06:36:02 +0800] "GET /xingrg/check_reg.html?_=1638397938031 HTTP/1.1" 200 22
222.70.171.86 - - [02/Dec/2021:06:36:05 +0800] "GET /xingrg/all/function/internal_message.html?_=1638398178785&CODE_STATE=getMsg HTTP/1.1" 200 27
120.253.135.82 - - [02/Dec/2021:06:36:06 +0800] "GET /xingrg/all/function/internal_message.html?_=1638397941885&CODE_STATE=getMsg HTTP/1.1" 200 27
116.238.248.233 - - [02/Dec/2021:06:36:07 +0800] "GET /xingrg/all/function/internal_message.html?_=1638398166773&CODE_STATE=getMsg HTTP/1.1" 200 27
180.174.250.202 - - [02/Dec/2021:06:36:10 +0800] "GET /xingrg/all/function/internal_message.html?_=1638398174093&CODE_STATE=getMsg HTTP/1.1" 302 -
180.174.250.202 - - [02/Dec/2021:06:36:10 +0800] "GET /xingrg/check_reg.html?_=1638398174096 HTTP/1.1" 302 -
222.70.171.86 - - [02/Dec/2021:06:36:12 +0800] "GET /xingrg/all/function/internal_message.html?_=1638398184024&CODE_STATE=getMsg HTTP/1.1" 302 -
58.40.7.146 - - [02/Dec/2021:06:36:16 +0800] "GET /xingrg/check_reg.html?_=1638398176666 HTTP/1.1" 302 -
58.40.7.146 - - [02/Dec/2021:06:36:16 +0800] "GET /xingrg/all/function/internal_message.html?_=1638398176669&CODE_STATE=getMsg HTTP/1.1" 302 -
180.169.147.146 - - [02/Dec/2021:06:36:40 +0800] "GET /xingrg/all/function/internal_message.html?_=1638398199648&CODE_STATE=getMsg HTTP/1.1" 200 27
114.85.125.222 - - [02/Dec/2021:06:36:45 +0800] "POST /xingrg/services/DataTransmitService HTTP/1.1" 200 524
114.85.125.222 - - [02/Dec/2021:06:36:49 +0800] "GET /xingrg/all/function/internal_message.html?_=1638398175874&CODE_STATE=getMsg HTTP/1.1" 200 27
222.70.176.97 - - [02/Dec/2021:06:36:56 +0800] "GET /xingrg/all/function/internal_message.html?_=1638398214059&CODE_STATE=getMsg HTTP/1.1" 200 27
180.169.147.146 - - [02/Dec/2021:06:36:59 +0800] "GET /xingrg/all/function/internal_message.html?_=1638398219350&CODE_STATE=getMsg HTTP/1.1" 200 27
120.253.135.82 - - [02/Dec/2021:06:37:02 +0800] "GET /xingrg/all/function/internal_message.html?_=1638398227351&CODE_STATE=getMsg HTTP/1.1" 200 27
120.253.135.82 - - [02/Dec/2021:06:37:06 +0800] "GET /xingrg/all/function/internal_message.html?_=1638398001898&CODE_STATE=getMsg HTTP/1.1" 200 27
222.70.171.86 - - [02/Dec/2021:06:37:06 +0800] "GET /xingrg/all/function/internal_message.html?_=1638398239305&CODE_STATE=getMsg HTTP/1.1" 200 27
116.238.248.233 - - [02/Dec/2021:06:37:07 +0800] "GET /xingrg/all/function/internal_message.html?_=1638398226789&CODE_STATE=getMsg HTTP/1.1" 200 27
222.70.176.97 - - [02/Dec/2021:06:37:07 +0800] "GET /xingrg/check_reg.html?_=1638398225590 HTTP/1.1" 200 22
180.174.250.202 - - [02/Dec/2021:06:37:10 +0800] "GET /xingrg/all/function/internal_message.html?_=1638398234090&CODE_STATE=getMsg HTTP/1.1" 302 -
222.70.171.86 - - [02/Dec/2021:06:37:12 +0800] "GET /xingrg/all/function/internal_message.html?_=1638398244044&CODE_STATE=getMsg HTTP/1.1" 302 -
58.40.7.146 - - [02/Dec/2021:06:37:16 +0800] "GET /xingrg/all/function/internal_message.html?_=1638398236655&CODE_STATE=getMsg HTTP/1.1" 302 -
120.253.135.82 - - [02/Dec/2021:06:37:31 +0800] "POST /xingrg/kc/pszx/mdps_list_operate.html HTTP/1.1" 200 287
120.253.135.82 - - [02/Dec/2021:06:37:36 +0800] "GET /xingrg/javascript/jquery_tools/images/prev.gif HTTP/1.1" 404 1086
120.253.135.82 - - [02/Dec/2021:06:37:36 +0800] "GET /xingrg/javascript/jquery_tools/images/next.gif HTTP/1.1" 404 1086
120.253.135.82 - - [02/Dec/2021:06:37:36 +0800] "POST /xingrg/kc/pszx/mdps_list_operate.html HTTP/1.1" 200 212
120.253.135.82 - - [02/Dec/2021:06:37:38 +0800] "GET /xingrg/kc/pszx/mdps_order_info.html?code=312021120100005 HTTP/1.1" 200 23937
120.253.135.82 - - [02/Dec/2021:06:37:38 +0800] "GET /xingrg/javascript/easyui/themes/default/validatebox.css HTTP/1.1" 404 1104
120.253.135.82 - - [02/Dec/2021:06:37:38 +0800] "POST /xingrg/kc/pszx/mdps_order_operate.html HTTP/1.1" 200 2287
180.169.147.146 - - [02/Dec/2021:06:37:40 +0800] "GET /xingrg/all/function/internal_message.html?_=1638398259631&CODE_STATE=getMsg HTTP/1.1" 200 27
120.253.135.82 - - [02/Dec/2021:06:37:42 +0800] "GET /xingrg/kc/print/load_data.html?order_code=312021120100005&kc_code=mdps&condition= HTTP/1.1" 200 694
120.253.135.82 - - [02/Dec/2021:06:37:47 +0800] "POST /xingrg/kc/pszx/mdps_list_operate.html HTTP/1.1" 200 2445
120.253.135.82 - - [02/Dec/2021:06:37:49 +0800] "POST /xingrg/kc/pszx/mdps_list_operate.html HTTP/1.1" 200 639
114.85.125.222 - - [02/Dec/2021:06:37:49 +0800] "GET /xingrg/all/function/internal_message.html?_=1638398235894&CODE_STATE=getMsg HTTP/1.1" 200 27
120.253.135.82 - - [02/Dec/2021:06:37:50 +0800] "GET /xingrg/kc/pszx/mdps_order_info.html?code=312021120200049 HTTP/1.1" 200 23931
120.253.135.82 - - [02/Dec/2021:06:37:50 +0800] "GET /xingrg/javascript/easyui/themes/default/validatebox.css HTTP/1.1" 404 1104
120.253.135.82 - - [02/Dec/2021:06:37:50 +0800] "POST /xingrg/kc/pszx/mdps_order_operate.html HTTP/1.1" 200 15554
222.70.176.97 - - [02/Dec/2021:06:37:56 +0800] "GET /xingrg/all/function/internal_message.html?_=1638398274030&CODE_STATE=getMsg HTTP/1.1" 200 27
222.70.171.86 - - [02/Dec/2021:06:37:58 +0800] "GET /xingrg/css/base.css HTTP/1.1" 304 -
222.70.171.86 - - [02/Dec/2021:06:37:58 +0800] "GET /xingrg/javascript/jquery_tools/datebox.css HTTP/1.1" 304 -
222.70.171.86 - - [02/Dec/2021:06:37:58 +0800] "GET /xingrg/css/site.css HTTP/1.1" 304 -
222.70.171.86 - - [02/Dec/2021:06:37:58 +0800] "GET /xingrg/javascript/auto/jquery.autocomplete.css HTTP/1.1" 304 -
222.70.171.86 - - [02/Dec/2021:06:37:58 +0800] "GET /xingrg/javascript/jquery_tools/fix.css HTTP/1.1" 304 -
222.70.171.86 - - [02/Dec/2021:06:37:58 +0800] "GET /xingrg/javascript/easyui/themes/icon.css HTTP/1.1" 304 -
222.70.171.86 - - [02/Dec/2021:06:37:58 +0800] "GET /xingrg/javascript/jquery_tools/table.css HTTP/1.1" 304 -
222.70.171.86 - - [02/Dec/2021:06:37:58 +0800] "GET /xingrg/javascript/jquery_tools/jquery.tools.min.js HTTP/1.1" 304 -
222.70.171.86 - - [02/Dec/2021:06:37:58 +0800] "GET /xingrg/javascript/jquery_tools/jquery.tools.extend.js HTTP/1.1" 304 -
222.70.171.86 - - [02/Dec/2021:06:37:58 +0800] "GET /xingrg/javascript/jquery_tools/jquery.tools.hotkey.js HTTP/1.1" 304 -
222.70.171.86 - - [02/Dec/2021:06:37:58 +0800] "GET /xingrg/javascript/jquery_tools/list_manager.js HTTP/1.1" 304 -
222.70.171.86 - - [02/Dec/2021:06:37:58 +0800] "GET /xingrg/javascript/easyui/easyloader.js HTTP/1.1" 304 -
222.70.171.86 - - [02/Dec/2021:06:37:58 +0800] "GET /xingrg/javascript/easyui/themes/default/easyui.css HTTP/1.1" 304 -
222.70.171.86 - - [02/Dec/2021:06:37:58 +0800] "GET /xingrg/javascript/auto/jquery.autocomplete.js HTTP/1.1" 304 -
222.70.171.86 - - [02/Dec/2021:06:37:58 +0800] "GET /xingrg/javascript/jquery.utils.js HTTP/1.1" 304 -
222.70.171.86 - - [02/Dec/2021:06:37:58 +0800] "GET /xingrg/javascript/print/LodopFuncs.js HTTP/1.1" 304 -
222.70.171.86 - - [02/Dec/2021:06:37:58 +0800] "GET /xingrg/javascript/jquery.cookie.js HTTP/1.1" 304 -
222.70.171.86 - - [02/Dec/2021:06:37:58 +0800] "GET /xingrg/javascript/jquery_tools/jquery.tools.table.js HTTP/1.1" 304 -
222.70.171.86 - - [02/Dec/2021:06:37:58 +0800] "GET /xingrg/kc/buy/cgsh_order_list.html HTTP/1.1" 200 49380
222.70.171.86 - - [02/Dec/2021:06:37:58 +0800] "GET /xingrg/javascript/easyui/plugins/jquery.parser.js HTTP/1.1" 304 -
180.169.147.146 - - [02/Dec/2021:06:37:59 +0800] "GET /xingrg/all/function/internal_message.html?_=1638398279339&CODE_STATE=getMsg HTTP/1.1" 200 27
222.70.171.86 - - [02/Dec/2021:06:38:00 +0800] "POST /xingrg/kc/buy/cgsh_list_operate.html HTTP/1.1" 200 5220
120.253.135.82 - - [02/Dec/2021:06:38:02 +0800] "GET /xingrg/all/function/internal_message.html?_=1638398287382&CODE_STATE=getMsg HTTP/1.1" 200 27
222.70.171.86 - - [02/Dec/2021:06:38:04 +0800] "POST /xingrg/kc/buy/cgsh_list_operate.html HTTP/1.1" 200 572
120.253.135.82 - - [02/Dec/2021:06:38:06 +0800] "GET /xingrg/all/function/internal_message.html?_=1638398061996&CODE_STATE=getMsg HTTP/1.1" 200 27
222.70.171.86 - - [02/Dec/2021:06:38:07 +0800] "GET /xingrg/all/function/internal_message.html?_=1638398299932&CODE_STATE=getMsg HTTP/1.1" 200 27
116.238.248.233 - - [02/Dec/2021:06:38:07 +0800] "GET /xingrg/all/function/internal_message.html?_=1638398286787&CODE_STATE=getMsg HTTP/1.1" 200 27
116.238.248.233 - - [02/Dec/2021:06:38:07 +0800] "GET /xingrg/check_reg.html?_=1638398286790 HTTP/1.1" 200 22
222.70.171.86 - - [02/Dec/2021:06:38:09 +0800] "POST /xingrg/kc/buy/cgsh_list_operate.html HTTP/1.1" 200 575
180.174.250.202 - - [02/Dec/2021:06:38:10 +0800] "GET /xingrg/all/function/internal_message.html?_=1638398294103&CODE_STATE=getMsg HTTP/1.1" 302 -
222.70.171.86 - - [02/Dec/2021:06:38:12 +0800] "GET /xingrg/all/function/internal_message.html?_=1638398304051&CODE_STATE=getMsg HTTP/1.1" 302 -
222.70.171.86 - - [02/Dec/2021:06:38:14 +0800] "POST /xingrg/kc/buy/cgsh_list_operate.html HTTP/1.1" 200 343
58.40.7.146 - - [02/Dec/2021:06:38:16 +0800] "GET /xingrg/all/function/internal_message.html?_=1638398296658&CODE_STATE=getMsg HTTP/1.1" 302 -
120.253.135.82 - - [02/Dec/2021:06:38:24 +0800] "POST /xingrg/kc/pszx/mdps_list_operate.html HTTP/1.1" 200 2445
120.253.135.82 - - [02/Dec/2021:06:38:27 +0800] "POST /xingrg/kc/pszx/mdps_list_operate.html HTTP/1.1" 200 212
120.253.135.82 - - [02/Dec/2021:06:38:28 +0800] "GET /xingrg/kc/pszx/mdps_order_info.html?code=312021120100005 HTTP/1.1" 200 23937
120.253.135.82 - - [02/Dec/2021:06:38:29 +0800] "GET /xingrg/javascript/easyui/themes/default/validatebox.css HTTP/1.1" 404 1104
120.253.135.82 - - [02/Dec/2021:06:38:29 +0800] "POST /xingrg/kc/pszx/mdps_order_operate.html HTTP/1.1" 200 2287
120.253.135.82 - - [02/Dec/2021:06:38:36 +0800] "POST /xingrg/kc/pszx/mdps_order_operate.html HTTP/1.1" 200 12
120.253.135.82 - - [02/Dec/2021:06:38:37 +0800] "POST /xingrg/kc/pszx/mdps_list_operate.html HTTP/1.1" 200 2065
120.253.135.82 - - [02/Dec/2021:06:38:39 +0800] "POST /xingrg/kc/pszx/mdps_list_operate.html HTTP/1.1" 200 639
120.253.135.82 - - [02/Dec/2021:06:38:39 +0800] "GET /xingrg/kc/pszx/mdps_order_info.html?code=312021120200049 HTTP/1.1" 200 23931
120.253.135.82 - - [02/Dec/2021:06:38:40 +0800] "POST /xingrg/kc/pszx/mdps_order_operate.html HTTP/1.1" 200 15554
180.169.147.146 - - [02/Dec/2021:06:38:40 +0800] "GET /xingrg/all/function/internal_message.html?_=1638398319615&CODE_STATE=getMsg HTTP/1.1" 200 27
120.253.135.82 - - [02/Dec/2021:06:38:40 +0800] "GET /xingrg/javascript/easyui/themes/default/validatebox.css HTTP/1.1" 404 1104
114.85.125.222 - - [02/Dec/2021:06:38:40 +0800] "GET /xingrg/check_reg.html?_=1638398287061 HTTP/1.1" 200 22
222.70.171.86 - - [02/Dec/2021:06:38:44 +0800] "POST /xingrg/kc/buy/cgsh_list_operate.html HTTP/1.1" 200 4
114.85.125.222 - - [02/Dec/2021:06:38:49 +0800] "GET /xingrg/all/function/internal_message.html?_=1638398295901&CODE_STATE=getMsg HTTP/1.1" 200 27
222.70.176.97 - - [02/Dec/2021:06:38:56 +0800] "GET /xingrg/all/function/internal_message.html?_=1638398334016&CODE_STATE=getMsg HTTP/1.1" 200 27
222.70.171.86 - - [02/Dec/2021:06:38:56 +0800] "POST /xingrg/kc/buy/cgsh_list_operate.html HTTP/1.1" 200 5145
222.70.171.86 - - [02/Dec/2021:06:38:56 +0800] "GET /xingrg/check_reg.html?_=1638398348086 HTTP/1.1" 302 -
180.169.147.146 - - [02/Dec/2021:06:38:59 +0800] "GET /xingrg/all/function/internal_message.html?_=1638398339345&CODE_STATE=getMsg HTTP/1.1" 200 27
120.253.135.82 - - [02/Dec/2021:06:39:02 +0800] "GET /xingrg/all/function/internal_message.html?_=1638398347395&CODE_STATE=getMsg HTTP/1.1" 200 27
222.70.171.86 - - [02/Dec/2021:06:39:02 +0800] "POST /xingrg/kc/buy/cgsh_list_operate.html HTTP/1.1" 200 568
222.70.171.86 - - [02/Dec/2021:06:39:04 +0800] "GET /xingrg/check_reg.html?_=1638398357313 HTTP/1.1" 200 22
120.253.135.82 - - [02/Dec/2021:06:39:06 +0800] "GET /xingrg/all/function/internal_message.html?_=1638398122075&CODE_STATE=getMsg HTTP/1.1" 200 27
222.70.171.86 - - [02/Dec/2021:06:39:07 +0800] "GET /xingrg/all/function/internal_message.html?_=1638398359933&CODE_STATE=getMsg HTTP/1.1" 200 27
116.238.248.233 - - [02/Dec/2021:06:39:07 +0800] "GET /xingrg/all/function/internal_message.html?_=1638398346788&CODE_STATE=getMsg HTTP/1.1" 200 27
222.70.171.86 - - [02/Dec/2021:06:39:08 +0800] "POST /xingrg/kc/buy/cgsh_list_operate.html HTTP/1.1" 200 607
180.174.250.202 - - [02/Dec/2021:06:39:10 +0800] "GET /xingrg/all/function/internal_message.html?_=1638398354101&CODE_STATE=getMsg HTTP/1.1" 302 -
222.70.171.86 - - [02/Dec/2021:06:39:12 +0800] "GET /xingrg/all/function/internal_message.html?_=1638398364070&CODE_STATE=getMsg HTTP/1.1" 302 -
58.40.7.146 - - [02/Dec/2021:06:39:16 +0800] "GET /xingrg/all/function/internal_message.html?_=1638398356661&CODE_STATE=getMsg HTTP/1.1" 302 -
