58.37.8.149 - - [02/Dec/2021:09:44:06 +0800] "GET /xingrg/all/common/auto_word.html?type=employee&rest_code=00141 HTTP/1.1" 200 201
58.37.8.149 - - [02/Dec/2021:09:44:06 +0800] "GET /xingrg/javascript/easyui/themes/default/validatebox.css HTTP/1.1" 404 1104
222.70.171.86 - - [02/Dec/2021:09:44:06 +0800] "GET /xingrg/check_reg.html?_=1638409460079 HTTP/1.1" 200 22
58.37.8.149 - - [02/Dec/2021:09:44:08 +0800] "GET /xingrg/javascript/auto/indicator.gif HTTP/1.1" 404 1066
58.37.8.149 - - [02/Dec/2021:09:44:15 +0800] "GET /xingrg/kc/buy/cgsh_order_operate.html?command=get_materiel&rest_code=00141&code=00101019086&supplier_code=&order_time=2021-12-02 HTTP/1.1" 200 409
222.70.171.86 - - [02/Dec/2021:09:44:16 +0800] "GET /xingrg/check_reg.html?_=1638409468438 HTTP/1.1" 302 -
58.40.7.146 - - [02/Dec/2021:09:44:17 +0800] "GET /xingrg/all/function/internal_message.html?_=1638409456741&CODE_STATE=getMsg HTTP/1.1" 302 -
58.39.139.200 - - [02/Dec/2021:09:44:18 +0800] "GET /xingrg/all/function/internal_message.html?_=1638409394553&CODE_STATE=getMsg HTTP/1.1" 302 -
101.85.120.86 - - [02/Dec/2021:09:44:19 +0800] "GET /xingrg/all/function/internal_message.html?_=1638409459499&CODE_STATE=getMsg HTTP/1.1" 200 27
222.70.176.97 - - [02/Dec/2021:09:44:25 +0800] "GET /xingrg/all/function/internal_message.html?_=1638409463634&CODE_STATE=getMsg HTTP/1.1" 200 27
172.20.0.100 - - [02/Dec/2021:09:44:25 +0800] "GET /xingrg/all/function/internal_message.html?_=1638409466048&CODE_STATE=getMsg HTTP/1.1" 200 27
180.169.147.146 - - [02/Dec/2021:09:44:29 +0800] "GET /xingrg/all/function/internal_message.html?_=1638409468009&CODE_STATE=getMsg HTTP/1.1" 200 27
116.238.248.233 - - [02/Dec/2021:09:44:34 +0800] "GET /xingrg/all/function/internal_message.html?_=1638409474139&CODE_STATE=getMsg HTTP/1.1" 200 27
180.169.147.146 - - [02/Dec/2021:09:44:37 +0800] "GET /xingrg/all/function/internal_message.html?_=1638409476667&CODE_STATE=getMsg HTTP/1.1" 200 27
222.70.171.86 - - [02/Dec/2021:09:44:43 +0800] "GET /xingrg/all/function/internal_message.html?_=1638409496471&CODE_STATE=getMsg HTTP/1.1" 200 27
58.39.139.200 - - [02/Dec/2021:09:44:51 +0800] "GET /xingrg/all/function/internal_message.html?_=1638409492094&CODE_STATE=getMsg HTTP/1.1" 200 27
114.85.125.222 - - [02/Dec/2021:09:44:52 +0800] "GET /xingrg/all/function/internal_message.html?_=1638409458444&CODE_STATE=getMsg HTTP/1.1" 200 27
180.169.147.146 - - [02/Dec/2021:09:44:59 +0800] "GET /xingrg/all/function/internal_message.html?_=1638409528148&CODE_STATE=getMsg HTTP/1.1" 200 27
180.169.147.146 - - [02/Dec/2021:09:44:59 +0800] "GET /xingrg/check_reg.html?_=1638409499423 HTTP/1.1" 200 22
180.169.147.146 - - [02/Dec/2021:09:44:59 +0800] "GET /xingrg/all/function/internal_message.html?_=1638409499421&CODE_STATE=getMsg HTTP/1.1" 200 27
58.37.8.149 - - [02/Dec/2021:09:45:01 +0800] "GET /xingrg/all/function/internal_message.html?_=1638409321919&CODE_STATE=getMsg HTTP/1.1" 200 27
120.253.135.82 - - [02/Dec/2021:09:45:06 +0800] "GET /xingrg/all/function/internal_message.html?_=1638409511188&CODE_STATE=getMsg HTTP/1.1" 200 27
58.40.7.146 - - [02/Dec/2021:09:45:17 +0800] "GET /xingrg/all/function/internal_message.html?_=1638409516746&CODE_STATE=getMsg HTTP/1.1" 302 -
58.39.139.200 - - [02/Dec/2021:09:45:18 +0800] "GET /xingrg/all/function/internal_message.html?_=1638409454551&CODE_STATE=getMsg HTTP/1.1" 302 -
101.85.120.86 - - [02/Dec/2021:09:45:19 +0800] "GET /xingrg/check_reg.html?_=1638409519501 HTTP/1.1" 200 22
101.85.120.86 - - [02/Dec/2021:09:45:19 +0800] "GET /xingrg/all/function/internal_message.html?_=1638409519504&CODE_STATE=getMsg HTTP/1.1" 200 27
222.70.176.97 - - [02/Dec/2021:09:45:25 +0800] "GET /xingrg/all/function/internal_message.html?_=1638409523633&CODE_STATE=getMsg HTTP/1.1" 200 27
172.20.0.100 - - [02/Dec/2021:09:45:25 +0800] "GET /xingrg/all/function/internal_message.html?_=1638409526034&CODE_STATE=getMsg HTTP/1.1" 200 27
180.169.147.146 - - [02/Dec/2021:09:45:28 +0800] "GET /xingrg/all/function/internal_message.html?_=1638409528004&CODE_STATE=getMsg HTTP/1.1" 200 27
116.238.248.233 - - [02/Dec/2021:09:45:34 +0800] "GET /xingrg/check_reg.html?_=1638409534055 HTTP/1.1" 200 22
116.238.248.233 - - [02/Dec/2021:09:45:34 +0800] "GET /xingrg/all/function/internal_message.html?_=1638409534129&CODE_STATE=getMsg HTTP/1.1" 200 27
180.169.147.146 - - [02/Dec/2021:09:45:37 +0800] "GET /xingrg/all/function/internal_message.html?_=1638409536651&CODE_STATE=getMsg HTTP/1.1" 200 27
58.221.95.50 - - [02/Dec/2021:09:45:39 +0800] "GET /xingrg/check_reg.html?_=1638409539523 HTTP/1.1" 302 -
222.70.171.86 - - [02/Dec/2021:09:45:43 +0800] "GET /xingrg/all/function/internal_message.html?_=1638409556483&CODE_STATE=getMsg HTTP/1.1" 200 27
120.253.135.82 - - [02/Dec/2021:09:45:44 +0800] "GET /xingrg/check_reg.html?_=1638409549534 HTTP/1.1" 200 22
58.39.139.200 - - [02/Dec/2021:09:45:51 +0800] "GET /xingrg/all/function/internal_message.html?_=1638409552096&CODE_STATE=getMsg HTTP/1.1" 200 27
58.39.139.200 - - [02/Dec/2021:09:45:52 +0800] "GET /xingrg/check_reg.html?_=1638409552597 HTTP/1.1" 200 22
114.85.125.222 - - [02/Dec/2021:09:45:52 +0800] "GET /xingrg/all/function/internal_message.html?_=1638409518457&CODE_STATE=getMsg HTTP/1.1" 200 27
180.169.147.146 - - [02/Dec/2021:09:45:56 +0800] "GET /xingrg/check_reg.html?_=1638409555000 HTTP/1.1" 200 22
180.169.147.146 - - [02/Dec/2021:09:45:59 +0800] "GET /xingrg/all/function/internal_message.html?_=1638409588166&CODE_STATE=getMsg HTTP/1.1" 200 27
180.169.147.146 - - [02/Dec/2021:09:45:59 +0800] "GET /xingrg/all/function/internal_message.html?_=1638409559424&CODE_STATE=getMsg HTTP/1.1" 200 27
58.37.8.149 - - [02/Dec/2021:09:46:01 +0800] "GET /xingrg/all/function/internal_message.html?_=1638409381923&CODE_STATE=getMsg HTTP/1.1" 200 27
120.253.135.82 - - [02/Dec/2021:09:46:06 +0800] "GET /xingrg/all/function/internal_message.html?_=1638409571200&CODE_STATE=getMsg HTTP/1.1" 200 27
58.40.7.146 - - [02/Dec/2021:09:46:17 +0800] "GET /xingrg/all/function/internal_message.html?_=1638409576749&CODE_STATE=getMsg HTTP/1.1" 302 -
58.40.7.146 - - [02/Dec/2021:09:46:17 +0800] "GET /xingrg/check_reg.html?_=1638409576751 HTTP/1.1" 302 -
58.39.139.200 - - [02/Dec/2021:09:46:18 +0800] "GET /xingrg/all/function/internal_message.html?_=1638409514576&CODE_STATE=getMsg HTTP/1.1" 302 -
101.85.120.86 - - [02/Dec/2021:09:46:19 +0800] "GET /xingrg/all/function/internal_message.html?_=1638409579505&CODE_STATE=getMsg HTTP/1.1" 200 27
222.70.176.97 - - [02/Dec/2021:09:46:25 +0800] "GET /xingrg/check_reg.html?_=1638409583630 HTTP/1.1" 200 22
222.70.176.97 - - [02/Dec/2021:09:46:25 +0800] "GET /xingrg/all/function/internal_message.html?_=1638409583631&CODE_STATE=getMsg HTTP/1.1" 200 27
172.20.0.100 - - [02/Dec/2021:09:46:25 +0800] "GET /xingrg/all/function/internal_message.html?_=1638409586038&CODE_STATE=getMsg HTTP/1.1" 200 27
180.169.147.146 - - [02/Dec/2021:09:46:29 +0800] "GET /xingrg/check_reg.html?_=1638409588032 HTTP/1.1" 200 22
180.169.147.146 - - [02/Dec/2021:09:46:29 +0800] "GET /xingrg/all/function/internal_message.html?_=1638409588025&CODE_STATE=getMsg HTTP/1.1" 200 27
116.238.248.233 - - [02/Dec/2021:09:46:34 +0800] "GET /xingrg/all/function/internal_message.html?_=1638409594107&CODE_STATE=getMsg HTTP/1.1" 200 27
180.169.147.146 - - [02/Dec/2021:09:46:37 +0800] "GET /xingrg/all/function/internal_message.html?_=1638409596621&CODE_STATE=getMsg HTTP/1.1" 200 27
222.70.171.86 - - [02/Dec/2021:09:46:43 +0800] "GET /xingrg/all/function/internal_message.html?_=1638409617004&CODE_STATE=getMsg HTTP/1.1" 200 27
58.39.139.200 - - [02/Dec/2021:09:46:51 +0800] "GET /xingrg/all/function/internal_message.html?_=1638409612071&CODE_STATE=getMsg HTTP/1.1" 200 27
114.85.125.222 - - [02/Dec/2021:09:46:52 +0800] "GET /xingrg/all/function/internal_message.html?_=1638409578478&CODE_STATE=getMsg HTTP/1.1" 200 27
180.169.147.146 - - [02/Dec/2021:09:46:59 +0800] "GET /xingrg/all/function/internal_message.html?_=1638409648154&CODE_STATE=getMsg HTTP/1.1" 200 27
180.169.147.146 - - [02/Dec/2021:09:46:59 +0800] "GET /xingrg/all/function/internal_message.html?_=1638409619412&CODE_STATE=getMsg HTTP/1.1" 200 27
58.37.8.149 - - [02/Dec/2021:09:47:01 +0800] "GET /xingrg/all/function/internal_message.html?_=1638409441922&CODE_STATE=getMsg HTTP/1.1" 200 27
120.253.135.82 - - [02/Dec/2021:09:47:06 +0800] "GET /xingrg/all/function/internal_message.html?_=1638409631211&CODE_STATE=getMsg HTTP/1.1" 200 27
114.85.125.222 - - [02/Dec/2021:09:47:08 +0800] "GET /xingrg/javascript/jquery_easy_ui/themes/default/images/button_a_bg.gif HTTP/1.1" 304 -
114.85.125.222 - - [02/Dec/2021:09:47:08 +0800] "GET /xingrg/javascript/jquery_easy_ui/themes/icons/ok.png HTTP/1.1" 304 -
114.85.125.222 - - [02/Dec/2021:09:47:08 +0800] "GET /xingrg/javascript/jquery_easy_ui/themes/default/images/button_span_bg.gif HTTP/1.1" 304 -
114.85.125.222 - - [02/Dec/2021:09:47:08 +0800] "GET /xingrg/javascript/jquery_easy_ui/themes/default/images/panel_tools.gif HTTP/1.1" 304 -
114.85.125.222 - - [02/Dec/2021:09:47:08 +0800] "GET /xingrg/javascript/jquery_easy_ui/themes/default/images/panel_title.png HTTP/1.1" 304 -
114.85.125.222 - - [02/Dec/2021:09:47:10 +0800] "POST /xingrg/all/user/operate.html HTTP/1.1" 200 36
114.85.125.222 - - [02/Dec/2021:09:47:11 +0800] "GET /xingrg/javascript/jquery_easy_ui/themes/default/easyui.css HTTP/1.1" 304 -
114.85.125.222 - - [02/Dec/2021:09:47:11 +0800] "GET /xingrg/javascript/jquery_easy_ui/themes/icon.css HTTP/1.1" 304 -
114.85.125.222 - - [02/Dec/2021:09:47:11 +0800] "GET /xingrg/index.html?sysBaseUrl=http%3A%2F%2F180.169.147.146%3A18081%2Fxingrg%2F&costTime=42×tamp=1638320925284 HTTP/1.1" 200 17177
114.85.125.222 - - [02/Dec/2021:09:47:11 +0800] "GET /xingrg/css/form.css HTTP/1.1" 304 -
114.85.125.222 - - [02/Dec/2021:09:47:11 +0800] "GET /xingrg/javascript/jquery-1.4.2.min.js HTTP/1.1" 304 -
114.85.125.222 - - [02/Dec/2021:09:47:11 +0800] "GET /xingrg/javascript/jquery_easy_ui/jquery.easyui.min.js HTTP/1.1" 304 -
114.85.125.222 - - [02/Dec/2021:09:47:11 +0800] "GET /xingrg/javascript/jquery_easy_ui/easyui-lang-zh_CN.js HTTP/1.1" 304 -
114.85.125.222 - - [02/Dec/2021:09:47:11 +0800] "GET /xingrg/javascript/jquery.form.js HTTP/1.1" 304 -
114.85.125.222 - - [02/Dec/2021:09:47:11 +0800] "GET /xingrg/javascript/jquery.utils.js HTTP/1.1" 304 -
114.85.125.222 - - [02/Dec/2021:09:47:11 +0800] "GET /xingrg/javascript/jquery.timers.js HTTP/1.1" 304 -
114.85.125.222 - - [02/Dec/2021:09:47:11 +0800] "GET /xingrg/images/blue/navBackgound.jpg HTTP/1.1" 304 -
114.85.125.222 - - [02/Dec/2021:09:47:11 +0800] "GET /xingrg/images/blue/jxLogo.png HTTP/1.1" 304 -
114.85.125.222 - - [02/Dec/2021:09:47:11 +0800] "GET /xingrg/javascript/jquery_easy_ui/themes/icons/settle_new.png HTTP/1.1" 304 -
114.85.125.222 - - [02/Dec/2021:09:47:11 +0800] "POST /xingrg/all/common/load_tree.html?tree=area_rest_tree_json&manage=1 HTTP/1.1" 200 476
114.85.125.222 - - [02/Dec/2021:09:47:11 +0800] "GET /xingrg/images/blue/pingpu.png HTTP/1.1" 304 -
114.85.125.222 - - [02/Dec/2021:09:47:11 +0800] "GET /xingrg/javascript/jquery_easy_ui/themes/default/images/tabs_leftarrow.png HTTP/1.1" 304 -
114.85.125.222 - - [02/Dec/2021:09:47:11 +0800] "GET /xingrg/javascript/jquery_easy_ui/themes/default/images/tabs_rightarrow.png HTTP/1.1" 304 -
114.85.125.222 - - [02/Dec/2021:09:47:11 +0800] "GET /xingrg/javascript/jquery_easy_ui/themes/default/images/panel_tool_collapse.gif HTTP/1.1" 304 -
114.85.125.222 - - [02/Dec/2021:09:47:11 +0800] "GET /xingrg/all/function/internal_message.html?_=1638409597172&CODE_STATE=count HTTP/1.1" 200 11
114.85.125.222 - - [02/Dec/2021:09:47:11 +0800] "GET /xingrg/check_reg.html?_=1638409597173 HTTP/1.1" 200 22
114.85.125.222 - - [02/Dec/2021:09:47:11 +0800] "GET /xingrg/javascript/jquery_easy_ui/themes/default/images/tree_arrows.gif HTTP/1.1" 304 -
114.85.125.222 - - [02/Dec/2021:09:47:11 +0800] "POST /xingrg/load_menu.html HTTP/1.1" 200 5138
114.85.125.222 - - [02/Dec/2021:09:47:11 +0800] "GET /xingrg/javascript/jquery_easy_ui/themes/default/images/tree_folder_open.gif HTTP/1.1" 304 -
114.85.125.222 - - [02/Dec/2021:09:47:11 +0800] "GET /xingrg/javascript/jquery_easy_ui/themes/default/images/tree_folder.gif HTTP/1.1" 304 -
114.85.125.222 - - [02/Dec/2021:09:47:11 +0800] "GET /xingrg/javascript/jquery_easy_ui/themes/icons/search_new.png HTTP/1.1" 304 -
114.85.125.222 - - [02/Dec/2021:09:47:11 +0800] "GET /xingrg/javascript/jquery_easy_ui/themes/icons/forms_new.png HTTP/1.1" 304 -
114.85.125.222 - - [02/Dec/2021:09:47:11 +0800] "GET /xingrg/javascript/jquery_easy_ui/themes/icons/storage_new.png HTTP/1.1" 304 -
114.85.125.222 - - [02/Dec/2021:09:47:11 +0800] "GET /xingrg/javascript/jquery_easy_ui/themes/default/images/tree_file.gif HTTP/1.1" 304 -
114.85.125.222 - - [02/Dec/2021:09:47:15 +0800] "GET /xingrg/javascript/jquery_easy_ui/themes/default/images/tabs_close.gif HTTP/1.1" 304 -
114.85.125.222 - - [02/Dec/2021:09:47:15 +0800] "GET /xingrg/kc/base/check_order_list.html HTTP/1.1" 200 16388
114.85.125.222 - - [02/Dec/2021:09:47:15 +0800] "POST /xingrg/kc/base/check_list_operate.html HTTP/1.1" 200 1596
58.40.7.146 - - [02/Dec/2021:09:47:17 +0800] "GET /xingrg/all/function/internal_message.html?_=1638409636755&CODE_STATE=getMsg HTTP/1.1" 302 -
58.39.139.200 - - [02/Dec/2021:09:47:18 +0800] "GET /xingrg/all/function/internal_message.html?_=1638409574575&CODE_STATE=getMsg HTTP/1.1" 302 -
101.85.120.86 - - [02/Dec/2021:09:47:19 +0800] "GET /xingrg/all/function/internal_message.html?_=1638409639489&CODE_STATE=getMsg HTTP/1.1" 200 27
114.85.125.222 - - [02/Dec/2021:09:47:22 +0800] "GET /xingrg/css/table.css HTTP/1.1" 304 -
114.85.125.222 - - [02/Dec/2021:09:47:22 +0800] "GET /xingrg/javascript/pic_change.js HTTP/1.1" 304 -
114.85.125.222 - - [02/Dec/2021:09:47:22 +0800] "GET /xingrg/css/blue.css HTTP/1.1" 304 -
114.85.125.222 - - [02/Dec/2021:09:47:22 +0800] "GET /xingrg/dwr/util.js HTTP/1.1" 304 -
114.85.125.222 - - [02/Dec/2021:09:47:22 +0800] "GET /xingrg/kc/base/check_order_info.html?code=452021113000260 HTTP/1.1" 200 26167
114.85.125.222 - - [02/Dec/2021:09:47:22 +0800] "GET /xingrg/javascript/AjaxInfoList.js HTTP/1.1" 304 -
114.85.125.222 - - [02/Dec/2021:09:47:22 +0800] "GET /xingrg/javascript/print/kc_print.js HTTP/1.1" 304 -
114.85.125.222 - - [02/Dec/2021:09:47:22 +0800] "GET /xingrg/javascript/myfunction.js HTTP/1.1" 304 -
114.85.125.222 - - [02/Dec/2021:09:47:22 +0800] "GET /xingrg/javascript/Calendar.js HTTP/1.1" 304 -
114.85.125.222 - - [02/Dec/2021:09:47:22 +0800] "GET /xingrg/javascript/convert.js HTTP/1.1" 304 -
114.85.125.222 - - [02/Dec/2021:09:47:22 +0800] "GET /xingrg/dwr/interface/AjaxComOrderService.js HTTP/1.1" 200 18264
114.85.125.222 - - [02/Dec/2021:09:47:22 +0800] "GET /xingrg/dwr/interface/AjaxCheckService.js HTTP/1.1" 200 14003
114.85.125.222 - - [02/Dec/2021:09:47:22 +0800] "GET /xingrg/dwr/engine.js HTTP/1.1" 200 43631
114.85.125.222 - - [02/Dec/2021:09:47:22 +0800] "GET /xingrg/javascript/jquery_easy_ui/themes/icons/check_new.png HTTP/1.1" 304 -
114.85.125.222 - - [02/Dec/2021:09:47:22 +0800] "GET /xingrg/javascript/jquery_easy_ui/themes/icons/print.png HTTP/1.1" 304 -
114.85.125.222 - - [02/Dec/2021:09:47:22 +0800] "GET /xingrg/javascript/jquery_easy_ui/themes/icons/cance_new.png HTTP/1.1" 304 -
114.85.125.222 - - [02/Dec/2021:09:47:22 +0800] "GET /xingrg/javascript/jquery_easy_ui/themes/default/images/menu_downarrow.png HTTP/1.1" 304 -
114.85.125.222 - - [02/Dec/2021:09:47:22 +0800] "GET /xingrg/javascript/jquery_easy_ui/themes/icons/back_new.png HTTP/1.1" 304 -
114.85.125.222 - - [02/Dec/2021:09:47:22 +0800] "POST /xingrg/dwr/call/plaincall/AjaxCheckService.loadOrderItems.dwr HTTP/1.1" 200 37774
114.85.125.222 - - [02/Dec/2021:09:47:23 +0800] "GET /xingrg/javascript/jquery_easy_ui/themes/icons/no.png HTTP/1.1" 304 -
222.70.176.97 - - [02/Dec/2021:09:47:25 +0800] "GET /xingrg/all/function/internal_message.html?_=1638409643630&CODE_STATE=getMsg HTTP/1.1" 200 27
172.20.0.100 - - [02/Dec/2021:09:47:25 +0800] "GET /xingrg/all/function/internal_message.html?_=1638409646038&CODE_STATE=getMsg HTTP/1.1" 200 27
172.20.0.100 - - [02/Dec/2021:09:47:25 +0800] "GET /xingrg/check_reg.html?_=1638409646040 HTTP/1.1" 200 22
180.169.147.146 - - [02/Dec/2021:09:47:29 +0800] "GET /xingrg/all/function/internal_message.html?_=1638409648013&CODE_STATE=getMsg HTTP/1.1" 200 27
116.238.248.233 - - [02/Dec/2021:09:47:34 +0800] "GET /xingrg/all/function/internal_message.html?_=1638409654088&CODE_STATE=getMsg HTTP/1.1" 200 27
180.169.147.146 - - [02/Dec/2021:09:47:37 +0800] "GET /xingrg/all/function/internal_message.html?_=1638409656605&CODE_STATE=getMsg HTTP/1.1" 200 27
222.70.171.86 - - [02/Dec/2021:09:47:43 +0800] "GET /xingrg/all/function/internal_message.html?_=1638409677010&CODE_STATE=getMsg HTTP/1.1" 200 27
58.39.139.200 - - [02/Dec/2021:09:47:51 +0800] "GET /xingrg/all/function/internal_message.html?_=1638409672046&CODE_STATE=getMsg HTTP/1.1" 200 27
180.169.147.146 - - [02/Dec/2021:09:47:59 +0800] "GET /xingrg/all/function/internal_message.html?_=1638409708156&CODE_STATE=getMsg HTTP/1.1" 200 27
180.169.147.146 - - [02/Dec/2021:09:47:59 +0800] "GET /xingrg/check_reg.html?_=1638409708156 HTTP/1.1" 200 22
180.169.147.146 - - [02/Dec/2021:09:47:59 +0800] "GET /xingrg/all/function/internal_message.html?_=1638409679426&CODE_STATE=getMsg HTTP/1.1" 200 27
58.37.8.149 - - [02/Dec/2021:09:48:01 +0800] "GET /xingrg/all/function/internal_message.html?_=1638409501920&CODE_STATE=getMsg HTTP/1.1" 200 27
120.253.135.82 - - [02/Dec/2021:09:48:06 +0800] "GET /xingrg/all/function/internal_message.html?_=1638409691245&CODE_STATE=getMsg HTTP/1.1" 200 27
114.85.125.222 - - [02/Dec/2021:09:48:11 +0800] "GET /xingrg/all/function/internal_message.html?_=1638409657189&CODE_STATE=getMsg HTTP/1.1" 200 27
58.40.7.146 - - [02/Dec/2021:09:48:17 +0800] "GET /xingrg/all/function/internal_message.html?_=1638409696743&CODE_STATE=getMsg HTTP/1.1" 302 -
58.39.139.200 - - [02/Dec/2021:09:48:18 +0800] "GET /xingrg/all/function/internal_message.html?_=1638409634573&CODE_STATE=getMsg HTTP/1.1" 302 -
58.39.139.200 - - [02/Dec/2021:09:48:18 +0800] "GET /xingrg/check_reg.html?_=1638409634574 HTTP/1.1" 302 -
101.85.120.86 - - [02/Dec/2021:09:48:19 +0800] "GET /xingrg/all/function/internal_message.html?_=1638409699490&CODE_STATE=getMsg HTTP/1.1" 200 27
222.70.176.97 - - [02/Dec/2021:09:48:25 +0800] "GET /xingrg/all/function/internal_message.html?_=1638409703630&CODE_STATE=getMsg HTTP/1.1" 200 27
172.20.0.100 - - [02/Dec/2021:09:48:25 +0800] "GET /xingrg/all/function/internal_message.html?_=1638409706042&CODE_STATE=getMsg HTTP/1.1" 200 27
180.169.147.146 - - [02/Dec/2021:09:48:28 +0800] "GET /xingrg/all/function/internal_message.html?_=1638409708002&CODE_STATE=getMsg HTTP/1.1" 200 27
116.238.248.233 - - [02/Dec/2021:09:48:34 +0800] "GET /xingrg/all/function/internal_message.html?_=1638409714072&CODE_STATE=getMsg HTTP/1.1" 200 27
180.169.147.146 - - [02/Dec/2021:09:48:37 +0800] "GET /xingrg/all/function/internal_message.html?_=1638409716588&CODE_STATE=getMsg HTTP/1.1" 200 27
222.70.171.86 - - [02/Dec/2021:09:48:44 +0800] "GET /xingrg/all/function/internal_message.html?_=1638409737524&CODE_STATE=getMsg HTTP/1.1" 200 27
58.39.139.200 - - [02/Dec/2021:09:48:51 +0800] "GET /xingrg/all/function/internal_message.html?_=1638409732020&CODE_STATE=getMsg HTTP/1.1" 200 27
180.169.147.146 - - [02/Dec/2021:09:48:59 +0800] "GET /xingrg/all/function/internal_message.html?_=1638409768158&CODE_STATE=getMsg HTTP/1.1" 200 27
180.169.147.146 - - [02/Dec/2021:09:48:59 +0800] "GET /xingrg/all/function/internal_message.html?_=1638409739426&CODE_STATE=getMsg HTTP/1.1" 200 27
58.37.8.149 - - [02/Dec/2021:09:49:01 +0800] "GET /xingrg/check_reg.html?_=1638409561919 HTTP/1.1" 200 22
58.37.8.149 - - [02/Dec/2021:09:49:01 +0800] "GET /xingrg/all/function/internal_message.html?_=1638409561920&CODE_STATE=getMsg HTTP/1.1" 200 27
120.253.135.82 - - [02/Dec/2021:09:49:06 +0800] "GET /xingrg/all/function/internal_message.html?_=1638409751254&CODE_STATE=getMsg HTTP/1.1" 200 27
222.70.171.86 - - [02/Dec/2021:09:49:06 +0800] "GET /xingrg/check_reg.html?_=1638409760080 HTTP/1.1" 200 22
114.85.125.222 - - [02/Dec/2021:09:49:11 +0800] "GET /xingrg/all/function/internal_message.html?_=1638409717203&CODE_STATE=getMsg HTTP/1.1" 200 27
222.70.171.86 - - [02/Dec/2021:09:49:16 +0800] "GET /xingrg/check_reg.html?_=1638409768448 HTTP/1.1" 302 -
58.40.7.146 - - [02/Dec/2021:09:49:17 +0800] "GET /xingrg/all/function/internal_message.html?_=1638409756746&CODE_STATE=getMsg HTTP/1.1" 302 -
58.39.139.200 - - [02/Dec/2021:09:49:18 +0800] "GET /xingrg/all/function/internal_message.html?_=1638409694572&CODE_STATE=getMsg HTTP/1.1" 302 -
101.85.120.86 - - [02/Dec/2021:09:49:19 +0800] "GET /xingrg/all/function/internal_message.html?_=1638409759490&CODE_STATE=getMsg HTTP/1.1" 200 27
222.70.176.97 - - [02/Dec/2021:09:49:25 +0800] "GET /xingrg/all/function/internal_message.html?_=1638409763628&CODE_STATE=getMsg HTTP/1.1" 200 27
172.20.0.100 - - [02/Dec/2021:09:49:25 +0800] "GET /xingrg/all/function/internal_message.html?_=1638409766045&CODE_STATE=getMsg HTTP/1.1" 200 27
180.169.147.146 - - [02/Dec/2021:09:49:28 +0800] "GET /xingrg/all/function/internal_message.html?_=1638409768008&CODE_STATE=getMsg HTTP/1.1" 200 27
116.238.248.233 - - [02/Dec/2021:09:49:34 +0800] "GET /xingrg/all/function/internal_message.html?_=1638409774055&CODE_STATE=getMsg HTTP/1.1" 200 27
180.169.147.146 - - [02/Dec/2021:09:49:37 +0800] "GET /xingrg/all/function/internal_message.html?_=1638409776573&CODE_STATE=getMsg HTTP/1.1" 200 27
222.70.171.86 - - [02/Dec/2021:09:49:44 +0800] "GET /xingrg/all/function/internal_message.html?_=1638409797537&CODE_STATE=getMsg HTTP/1.1" 200 27
58.39.139.200 - - [02/Dec/2021:09:49:51 +0800] "GET /xingrg/all/function/internal_message.html?_=1638409791994&CODE_STATE=getMsg HTTP/1.1" 200 27
180.169.147.146 - - [02/Dec/2021:09:49:59 +0800] "GET /xingrg/all/function/internal_message.html?_=1638409828160&CODE_STATE=getMsg HTTP/1.1" 200 27
58.37.8.149 - - [02/Dec/2021:09:49:59 +0800] "GET /xingrg/kc/buy/buy_main.html HTTP/1.1" 200 12412
58.37.8.149 - - [02/Dec/2021:09:49:59 +0800] "GET /xingrg/css/new_ie.css HTTP/1.1" 404 1036
180.169.147.146 - - [02/Dec/2021:09:49:59 +0800] "GET /xingrg/check_reg.html?_=1638409799428 HTTP/1.1" 200 22
180.169.147.146 - - [02/Dec/2021:09:49:59 +0800] "GET /xingrg/all/function/internal_message.html?_=1638409799432&CODE_STATE=getMsg HTTP/1.1" 200 27
58.37.8.149 - - [02/Dec/2021:09:50:00 +0800] "GET /xingrg/images/yd/bt.gif HTTP/1.1" 404 1040
58.37.8.149 - - [02/Dec/2021:09:50:01 +0800] "GET /xingrg/kc/buy/cgsh_order_list.html HTTP/1.1" 200 49380
58.37.8.149 - - [02/Dec/2021:09:50:01 +0800] "GET /xingrg/all/function/internal_message.html?_=1638409621928&CODE_STATE=getMsg HTTP/1.1" 200 27
58.37.8.149 - - [02/Dec/2021:09:50:03 +0800] "POST /xingrg/kc/buy/cgsh_list_operate.html HTTP/1.1" 200 1699
58.37.8.149 - - [02/Dec/2021:09:50:04 +0800] "POST /xingrg/kc/buy/cgsh_list_operate.html HTTP/1.1" 200 212
58.37.8.149 - - [02/Dec/2021:09:50:05 +0800] "GET /xingrg/kc/buy/cgsh_order_info.html?code=212021120100137 HTTP/1.1" 200 65165
58.37.8.149 - - [02/Dec/2021:09:50:05 +0800] "GET /xingrg/javascript/easyui/themes/default/validatebox.css HTTP/1.1" 404 1104
58.37.8.149 - - [02/Dec/2021:09:50:05 +0800] "POST /xingrg/kc/buy/cgsh_order_operate.html HTTP/1.1" 200 2674
120.253.135.82 - - [02/Dec/2021:09:50:06 +0800] "GET /xingrg/all/function/internal_message.html?_=1638409811287&CODE_STATE=getMsg HTTP/1.1" 200 27
116.238.248.233 - - [02/Dec/2021:09:50:08 +0800] "POST /xingrg/all/user/operate.html HTTP/1.1" 200 36
58.37.8.149 - - [02/Dec/2021:09:50:08 +0800] "GET /xingrg/javascript/jquery_tools/images/prev.gif HTTP/1.1" 404 1086
58.37.8.149 - - [02/Dec/2021:09:50:08 +0800] "GET /xingrg/javascript/jquery_tools/images/next.gif HTTP/1.1" 404 1086
116.238.248.233 - - [02/Dec/2021:09:50:08 +0800] "GET /xingrg/index.html?sysBaseUrl=http%3A%2F%2F180.169.147.146%3A18081%2Fxingrg%2F&costTime=45×tamp=1638319508541 HTTP/1.1" 200 17179
116.238.248.233 - - [02/Dec/2021:09:50:08 +0800] "GET /xingrg/javascript/jquery_easy_ui/themes/default/easyui.css HTTP/1.1" 304 -
116.238.248.233 - - [02/Dec/2021:09:50:08 +0800] "GET /xingrg/javascript/jquery_easy_ui/themes/icon.css HTTP/1.1" 304 -
116.238.248.233 - - [02/Dec/2021:09:50:08 +0800] "GET /xingrg/css/form.css HTTP/1.1" 304 -
116.238.248.233 - - [02/Dec/2021:09:50:08 +0800] "GET /xingrg/javascript/jquery-1.4.2.min.js HTTP/1.1" 304 -
116.238.248.233 - - [02/Dec/2021:09:50:08 +0800] "GET /xingrg/javascript/jquery_easy_ui/jquery.easyui.min.js HTTP/1.1" 304 -
116.238.248.233 - - [02/Dec/2021:09:50:08 +0800] "GET /xingrg/javascript/jquery_easy_ui/easyui-lang-zh_CN.js HTTP/1.1" 304 -
116.238.248.233 - - [02/Dec/2021:09:50:08 +0800] "GET /xingrg/javascript/jquery.form.js HTTP/1.1" 304 -
116.238.248.233 - - [02/Dec/2021:09:50:08 +0800] "GET /xingrg/javascript/jquery.utils.js HTTP/1.1" 304 -
116.238.248.233 - - [02/Dec/2021:09:50:08 +0800] "GET /xingrg/javascript/jquery.timers.js HTTP/1.1" 304 -
116.238.248.233 - - [02/Dec/2021:09:50:09 +0800] "GET /xingrg/images/blue/jxLogo.png HTTP/1.1" 304 -
116.238.248.233 - - [02/Dec/2021:09:50:09 +0800] "GET /xingrg/images/blue/navBackgound.jpg HTTP/1.1" 304 -
116.238.248.233 - - [02/Dec/2021:09:50:09 +0800] "GET /xingrg/javascript/jquery_easy_ui/themes/icons/settle_new.png HTTP/1.1" 304 -
116.238.248.233 - - [02/Dec/2021:09:50:09 +0800] "POST /xingrg/all/common/load_tree.html?tree=area_rest_tree_json&manage=1 HTTP/1.1" 200 476
116.238.248.233 - - [02/Dec/2021:09:50:09 +0800] "GET /xingrg/all/function/internal_message.html?_=1638409808593&CODE_STATE=count HTTP/1.1" 200 11
116.238.248.233 - - [02/Dec/2021:09:50:09 +0800] "GET /xingrg/check_reg.html?_=1638409808595 HTTP/1.1" 200 22
116.238.248.233 - - [02/Dec/2021:09:50:09 +0800] "GET /xingrg/javascript/jquery_easy_ui/themes/default/images/panel_tool_collapse.gif HTTP/1.1" 304 -
116.238.248.233 - - [02/Dec/2021:09:50:09 +0800] "GET /xingrg/javascript/jquery_easy_ui/themes/default/images/tabs_leftarrow.png HTTP/1.1" 304 -
116.238.248.233 - - [02/Dec/2021:09:50:09 +0800] "GET /xingrg/images/blue/pingpu.png HTTP/1.1" 304 -
116.238.248.233 - - [02/Dec/2021:09:50:09 +0800] "GET /xingrg/javascript/jquery_easy_ui/themes/default/images/tabs_rightarrow.png HTTP/1.1" 304 -
116.238.248.233 - - [02/Dec/2021:09:50:09 +0800] "POST /xingrg/load_menu.html HTTP/1.1" 200 5138
114.85.125.222 - - [02/Dec/2021:09:50:11 +0800] "GET /xingrg/all/function/internal_message.html?_=1638409777219&CODE_STATE=getMsg HTTP/1.1" 200 27
116.238.248.233 - - [02/Dec/2021:09:50:11 +0800] "GET /xingrg/kc/buy/cgsh_order_list.html HTTP/1.1" 200 49380
116.238.248.233 - - [02/Dec/2021:09:50:12 +0800] "POST /xingrg/kc/buy/cgsh_list_operate.html HTTP/1.1" 200 876
116.238.248.233 - - [02/Dec/2021:09:50:13 +0800] "GET /xingrg/kc/buy/cgsh_order_add.html HTTP/1.1" 200 65027
116.238.248.233 - - [02/Dec/2021:09:50:13 +0800] "POST /xingrg/kc/buy/cgsh_order_operate.html HTTP/1.1" 200 8245
116.238.248.233 - - [02/Dec/2021:09:50:13 +0800] "GET /xingrg/javascript/easyui/themes/default/validatebox.css HTTP/1.1" 404 1104
58.37.8.149 - - [02/Dec/2021:09:50:14 +0800] "POST /xingrg/kc/buy/cgsh_order_operate.html HTTP/1.1" 200 37
116.238.248.233 - - [02/Dec/2021:09:50:14 +0800] "GET /xingrg/javascript/auto/indicator.gif HTTP/1.1" 404 1066
58.40.7.146 - - [02/Dec/2021:09:50:17 +0800] "GET /xingrg/all/function/internal_message.html?_=1638409816750&CODE_STATE=getMsg HTTP/1.1" 302 -
58.37.8.149 - - [02/Dec/2021:09:50:17 +0800] "POST /xingrg/kc/buy/cgsh_order_operate.html HTTP/1.1" 200 12
58.37.8.149 - - [02/Dec/2021:09:50:18 +0800] "GET /xingrg/kc/buy/cgsh_order_info.html?code=212021120100137 HTTP/1.1" 200 60063
58.37.8.149 - - [02/Dec/2021:09:50:18 +0800] "GET /xingrg/javascript/easyui/themes/default/validatebox.css HTTP/1.1" 404 1104
58.39.139.200 - - [02/Dec/2021:09:50:18 +0800] "GET /xingrg/all/function/internal_message.html?_=1638409754571&CODE_STATE=getMsg HTTP/1.1" 302 -
58.37.8.149 - - [02/Dec/2021:09:50:19 +0800] "POST /xingrg/kc/buy/cgsh_order_operate.html HTTP/1.1" 200 624
101.85.120.86 - - [02/Dec/2021:09:50:19 +0800] "GET /xingrg/all/function/internal_message.html?_=1638409819491&CODE_STATE=getMsg HTTP/1.1" 200 27
101.85.120.86 - - [02/Dec/2021:09:50:19 +0800] "GET /xingrg/check_reg.html?_=1638409819494 HTTP/1.1" 200 22
58.37.8.149 - - [02/Dec/2021:09:50:19 +0800] "GET /xingrg/kc/buy/cgsh_order_add.html HTTP/1.1" 200 65150
58.37.8.149 - - [02/Dec/2021:09:50:20 +0800] "POST /xingrg/kc/buy/cgsh_order_operate.html HTTP/1.1" 200 8245
58.37.8.149 - - [02/Dec/2021:09:50:20 +0800] "GET /xingrg/javascript/easyui/themes/default/validatebox.css HTTP/1.1" 404 1104
222.70.176.97 - - [02/Dec/2021:09:50:25 +0800] "GET /xingrg/all/function/internal_message.html?_=1638409823629&CODE_STATE=getMsg HTTP/1.1" 200 27
172.20.0.100 - - [02/Dec/2021:09:50:26 +0800] "GET /xingrg/all/function/internal_message.html?_=1638409826049&CODE_STATE=getMsg HTTP/1.1" 200 27
180.169.147.146 - - [02/Dec/2021:09:50:29 +0800] "GET /xingrg/all/function/internal_message.html?_=1638409828022&CODE_STATE=getMsg HTTP/1.1" 200 27
180.169.147.146 - - [02/Dec/2021:09:50:37 +0800] "GET /xingrg/all/function/internal_message.html?_=1638409836557&CODE_STATE=getMsg HTTP/1.1" 200 27
58.37.8.149 - - [02/Dec/2021:09:50:37 +0800] "GET /xingrg/kc/buy/cgsh_order_operate.html?command=get_materiel&rest_code=00141&code=00101011010&supplier_code=00100036&order_time=2021-12-02 HTTP/1.1" 200 418
58.221.95.50 - - [02/Dec/2021:09:50:39 +0800] "GET /xingrg/check_reg.html?_=1638409839528 HTTP/1.1" 302 -
222.70.171.86 - - [02/Dec/2021:09:50:44 +0800] "GET /xingrg/all/function/internal_message.html?_=1638409857550&CODE_STATE=getMsg HTTP/1.1" 200 27
120.253.135.82 - - [02/Dec/2021:09:50:44 +0800] "GET /xingrg/check_reg.html?_=1638409849540 HTTP/1.1" 200 22
58.37.8.149 - - [02/Dec/2021:09:50:46 +0800] "GET /xingrg/kc/buy/cgsh_order_operate.html?command=get_materiel&rest_code=00141&code=00101016044&supplier_code=00100036&order_time=2021-12-02 HTTP/1.1" 200 464
58.37.8.149 - - [02/Dec/2021:09:50:49 +0800] "POST /xingrg/all/common/load_select.html HTTP/1.1" 200 25
116.238.248.233 - - [02/Dec/2021:09:50:51 +0800] "GET /xingrg/kc/buy/cgsh_order_operate.html?command=get_materiel&rest_code=00150&code=00101029024&supplier_code=00100017&order_time=2021-12-02 HTTP/1.1" 200 438
58.39.139.200 - - [02/Dec/2021:09:50:51 +0800] "GET /xingrg/all/function/internal_message.html?_=1638409851972&CODE_STATE=getMsg HTTP/1.1" 200 27
58.39.139.200 - - [02/Dec/2021:09:50:52 +0800] "GET /xingrg/check_reg.html?_=1638409852598 HTTP/1.1" 200 22
58.37.8.149 - - [02/Dec/2021:09:50:54 +0800] "GET /xingrg/kc/buy/cgsh_order_operate.html?command=get_materiel_price&rest_code=00141&code=00101016044&unit_code=00100068&supplier_code=00100036&order_time=2021-12-02 HTTP/1.1" 200 30
180.169.147.146 - - [02/Dec/2021:09:50:56 +0800] "GET /xingrg/check_reg.html?_=1638409854983 HTTP/1.1" 200 22
180.169.147.146 - - [02/Dec/2021:09:50:59 +0800] "GET /xingrg/all/function/internal_message.html?_=1638409888148&CODE_STATE=getMsg HTTP/1.1" 200 27
180.169.147.146 - - [02/Dec/2021:09:50:59 +0800] "GET /xingrg/all/function/internal_message.html?_=1638409859427&CODE_STATE=getMsg HTTP/1.1" 200 27
58.37.8.149 - - [02/Dec/2021:09:51:01 +0800] "GET /xingrg/kc/buy/cgsh_order_operate.html?command=get_materiel&rest_code=00141&code=00101016043&supplier_code=00100036&order_time=2021-12-02 HTTP/1.1" 200 442
58.37.8.149 - - [02/Dec/2021:09:51:01 +0800] "GET /xingrg/all/function/internal_message.html?_=1638409681941&CODE_STATE=getMsg HTTP/1.1" 200 27
58.37.8.149 - - [02/Dec/2021:09:51:02 +0800] "POST /xingrg/all/common/load_select.html HTTP/1.1" 200 25
58.37.8.149 - - [02/Dec/2021:09:51:05 +0800] "GET /xingrg/kc/buy/cgsh_order_operate.html?command=get_materiel_price&rest_code=00141&code=00101016043&unit_code=00100152&supplier_code=00100036&order_time=2021-12-02 HTTP/1.1" 200 28
120.253.135.82 - - [02/Dec/2021:09:51:06 +0800] "GET /xingrg/all/function/internal_message.html?_=1638409871298&CODE_STATE=getMsg HTTP/1.1" 200 27
116.238.248.233 - - [02/Dec/2021:09:51:09 +0800] "GET /xingrg/all/function/internal_message.html?_=1638409868669&CODE_STATE=getMsg HTTP/1.1" 200 27
114.85.125.222 - - [02/Dec/2021:09:51:11 +0800] "GET /xingrg/all/function/internal_message.html?_=1638409837229&CODE_STATE=getMsg HTTP/1.1" 200 27
116.238.248.233 - - [02/Dec/2021:09:51:12 +0800] "GET /xingrg/kc/buy/cgsh_order_operate.html?command=get_materiel&rest_code=00150&code=00101029025&supplier_code=00100017&order_time=2021-12-02 HTTP/1.1" 200 442
58.40.7.146 - - [02/Dec/2021:09:51:17 +0800] "GET /xingrg/all/function/internal_message.html?_=1638409876754&CODE_STATE=getMsg HTTP/1.1" 302 -
58.40.7.146 - - [02/Dec/2021:09:51:17 +0800] "GET /xingrg/check_reg.html?_=1638409876756 HTTP/1.1" 302 -
58.37.8.149 - - [02/Dec/2021:09:51:18 +0800] "GET /xingrg/kc/buy/cgsh_order_operate.html?command=get_materiel&rest_code=00141&code=00101016025&supplier_code=00100036&order_time=2021-12-02 HTTP/1.1" 200 408
58.39.139.200 - - [02/Dec/2021:09:51:18 +0800] "GET /xingrg/all/function/internal_message.html?_=1638409814569&CODE_STATE=getMsg HTTP/1.1" 302 -
101.85.120.86 - - [02/Dec/2021:09:51:19 +0800] "GET /xingrg/all/function/internal_message.html?_=1638409879492&CODE_STATE=getMsg HTTP/1.1" 200 27
58.37.8.149 - - [02/Dec/2021:09:51:25 +0800] "GET /xingrg/kc/buy/cgsh_order_operate.html?command=get_materiel&rest_code=00141&code=00101012025&supplier_code=00100036&order_time=2021-12-02 HTTP/1.1" 200 412
222.70.176.97 - - [02/Dec/2021:09:51:25 +0800] "GET /xingrg/check_reg.html?_=1638409883665 HTTP/1.1" 200 22
222.70.176.97 - - [02/Dec/2021:09:51:25 +0800] "GET /xingrg/all/function/internal_message.html?_=1638409883664&CODE_STATE=getMsg HTTP/1.1" 200 27
172.20.0.100 - - [02/Dec/2021:09:51:25 +0800] "GET /xingrg/all/function/internal_message.html?_=1638409886035&CODE_STATE=getMsg HTTP/1.1" 200 27
116.238.248.233 - - [02/Dec/2021:09:51:28 +0800] "GET /xingrg/kc/buy/cgsh_order_operate.html?command=get_materiel&rest_code=00150&code=00101029003&supplier_code=00100017&order_time=2021-12-02 HTTP/1.1" 200 454
180.169.147.146 - - [02/Dec/2021:09:51:29 +0800] "GET /xingrg/all/function/internal_message.html?_=1638409888023&CODE_STATE=getMsg HTTP/1.1" 200 27
180.169.147.146 - - [02/Dec/2021:09:51:29 +0800] "GET /xingrg/check_reg.html?_=1638409888029 HTTP/1.1" 200 22
58.37.8.149 - - [02/Dec/2021:09:51:32 +0800] "GET /xingrg/kc/buy/cgsh_order_operate.html?command=get_materiel&rest_code=00141&code=00101016105&supplier_code=00100036&order_time=2021-12-02 HTTP/1.1" 200 409
116.238.248.233 - - [02/Dec/2021:09:51:34 +0800] "POST /xingrg/all/common/load_select.html HTTP/1.1" 200 25
180.169.147.146 - - [02/Dec/2021:09:51:37 +0800] "GET /xingrg/all/function/internal_message.html?_=1638409896527&CODE_STATE=getMsg HTTP/1.1" 200 27
116.238.248.233 - - [02/Dec/2021:09:51:37 +0800] "GET /xingrg/kc/buy/cgsh_order_operate.html?command=get_materiel_price&rest_code=00150&code=00101029003&unit_code=00100179&supplier_code=00100017&order_time=2021-12-02 HTTP/1.1" 200 29
58.37.8.149 - - [02/Dec/2021:09:51:41 +0800] "GET /xingrg/kc/buy/cgsh_order_operate.html?command=get_materiel&rest_code=00141&code=00101012040&supplier_code=00100036&order_time=2021-12-02 HTTP/1.1" 200 413
116.238.248.233 - - [02/Dec/2021:09:51:41 +0800] "POST /xingrg/all/common/load_select.html HTTP/1.1" 200 25
222.70.171.86 - - [02/Dec/2021:09:51:44 +0800] "GET /xingrg/all/function/internal_message.html?_=1638409918066&CODE_STATE=getMsg HTTP/1.1" 200 27
116.238.248.233 - - [02/Dec/2021:09:51:44 +0800] "GET /xingrg/kc/buy/cgsh_order_operate.html?command=get_materiel_price&rest_code=00150&code=00101029025&unit_code=00100159&supplier_code=00100017&order_time=2021-12-02 HTTP/1.1" 200 30
58.39.139.200 - - [02/Dec/2021:09:51:51 +0800] "GET /xingrg/all/function/internal_message.html?_=1638409911954&CODE_STATE=getMsg HTTP/1.1" 200 27
116.238.248.233 - - [02/Dec/2021:09:51:53 +0800] "POST /xingrg/kc/buy/cgsh_order_operate.html HTTP/1.1" 200 37
116.238.248.233 - - [02/Dec/2021:09:51:56 +0800] "POST /xingrg/kc/buy/cgsh_order_operate.html HTTP/1.1" 200 12
116.238.248.233 - - [02/Dec/2021:09:51:57 +0800] "GET /xingrg/kc/buy/cgsh_order_info.html?code=212021120200405 HTTP/1.1" 200 59934
116.238.248.233 - - [02/Dec/2021:09:51:57 +0800] "GET /xingrg/javascript/easyui/themes/default/validatebox.css HTTP/1.1" 404 1104
116.238.248.233 - - [02/Dec/2021:09:51:58 +0800] "POST /xingrg/kc/buy/cgsh_order_operate.html HTTP/1.1" 200 1270
58.37.8.149 - - [02/Dec/2021:09:51:58 +0800] "GET /xingrg/kc/buy/cgsh_order_operate.html?command=get_materiel&rest_code=00141&code=00101012038&supplier_code=00100036&order_time=2021-12-02 HTTP/1.1" 200 412
180.169.147.146 - - [02/Dec/2021:09:51:59 +0800] "GET /xingrg/all/function/internal_message.html?_=1638409948150&CODE_STATE=getMsg HTTP/1.1" 200 27
116.238.248.233 - - [02/Dec/2021:09:51:59 +0800] "GET /xingrg/kc/print/load_data.html?order_code=212021120200405&kc_code=cgsh&condition= HTTP/1.1" 200 1063
180.169.147.146 - - [02/Dec/2021:09:51:59 +0800] "GET /xingrg/all/function/internal_message.html?_=1638409919415&CODE_STATE=getMsg HTTP/1.1" 200 27
58.37.8.149 - - [02/Dec/2021:09:52:01 +0800] "GET /xingrg/all/function/internal_message.html?_=1638409741928&CODE_STATE=getMsg HTTP/1.1" 200 27
120.253.135.82 - - [02/Dec/2021:09:52:06 +0800] "GET /xingrg/all/function/internal_message.html?_=1638409931311&CODE_STATE=getMsg HTTP/1.1" 200 27
172.20.0.100 - - [02/Dec/2021:09:52:06 +0800] "GET /xingrg/kc/base/check_order_list.html HTTP/1.1" 200 16631
172.20.0.100 - - [02/Dec/2021:09:52:07 +0800] "POST /xingrg/kc/base/check_list_operate.html HTTP/1.1" 200 2244
116.238.248.233 - - [02/Dec/2021:09:52:08 +0800] "GET /xingrg/kc/base/yddb_order_list.html HTTP/1.1" 200 16877
116.238.248.233 - - [02/Dec/2021:09:52:09 +0800] "POST /xingrg/kc/base/yddb_list_operate.html HTTP/1.1" 200 636
116.238.248.233 - - [02/Dec/2021:09:52:09 +0800] "GET /xingrg/all/function/internal_message.html?_=1638409928645&CODE_STATE=getMsg HTTP/1.1" 200 27
172.20.0.100 - - [02/Dec/2021:09:52:09 +0800] "GET /xingrg/kc/base/check_order_list.html HTTP/1.1" 200 16631
172.20.0.100 - - [02/Dec/2021:09:52:09 +0800] "POST /xingrg/kc/base/check_list_operate.html HTTP/1.1" 200 2244
172.20.0.100 - - [02/Dec/2021:09:52:10 +0800] "GET /xingrg/javascript/jquery_easy_ui/themes/icons/area.png HTTP/1.1" 200 262
172.20.0.100 - - [02/Dec/2021:09:52:10 +0800] "GET /xingrg/javascript/jquery_easy_ui/themes/icons/manage.png HTTP/1.1" 200 696
172.20.0.100 - - [02/Dec/2021:09:52:10 +0800] "GET /xingrg/javascript/jquery_easy_ui/themes/icons/rest.png HTTP/1.1" 200 695
116.238.248.233 - - [02/Dec/2021:09:52:11 +0800] "GET /xingrg/kc/base/yddb_order_add.html HTTP/1.1" 200 29837
116.238.248.233 - - [02/Dec/2021:09:52:11 +0800] "GET /xingrg/dwr/util.js HTTP/1.1" 304 -
116.238.248.233 - - [02/Dec/2021:09:52:11 +0800] "GET /xingrg/dwr/interface/AjaxYddbService.js HTTP/1.1" 200 13201
116.238.248.233 - - [02/Dec/2021:09:52:11 +0800] "GET /xingrg/dwr/interface/AjaxComOrderService.js HTTP/1.1" 200 18264
114.85.125.222 - - [02/Dec/2021:09:52:11 +0800] "GET /xingrg/check_reg.html?_=1638409897189 HTTP/1.1" 200 22
116.238.248.233 - - [02/Dec/2021:09:52:11 +0800] "GET /xingrg/dwr/engine.js HTTP/1.1" 200 43631
114.85.125.222 - - [02/Dec/2021:09:52:11 +0800] "GET /xingrg/all/function/internal_message.html?_=1638409897242&CODE_STATE=getMsg HTTP/1.1" 200 27
58.37.8.149 - - [02/Dec/2021:09:52:12 +0800] "POST /xingrg/kc/buy/cgsh_order_operate.html HTTP/1.1" 200 37
172.20.0.100 - - [02/Dec/2021:09:52:14 +0800] "POST /xingrg/all/user/operate.html HTTP/1.1" 200 36
172.20.0.100 - - [02/Dec/2021:09:52:14 +0800] "GET /xingrg/index.html?sysBaseUrl=http%3A%2F%2F172.17.0.8%3A18081%2Fxingrg%2F&costTime=213×tamp=1585200360465 HTTP/1.1" 200 17454
172.20.0.100 - - [02/Dec/2021:09:52:14 +0800] "GET /xingrg/javascript/jquery_easy_ui/themes/default/easyui.css HTTP/1.1" 304 -
172.20.0.100 - - [02/Dec/2021:09:52:14 +0800] "GET /xingrg/javascript/jquery_easy_ui/themes/icon.css HTTP/1.1" 304 -
172.20.0.100 - - [02/Dec/2021:09:52:14 +0800] "GET /xingrg/css/form.css HTTP/1.1" 304 -
172.20.0.100 - - [02/Dec/2021:09:52:14 +0800] "GET /xingrg/javascript/jquery-1.4.2.min.js HTTP/1.1" 304 -
172.20.0.100 - - [02/Dec/2021:09:52:14 +0800] "GET /xingrg/javascript/jquery_easy_ui/jquery.easyui.min.js HTTP/1.1" 304 -
172.20.0.100 - - [02/Dec/2021:09:52:14 +0800] "GET /xingrg/javascript/jquery_easy_ui/easyui-lang-zh_CN.js HTTP/1.1" 304 -
172.20.0.100 - - [02/Dec/2021:09:52:14 +0800] "GET /xingrg/javascript/jquery.form.js HTTP/1.1" 304 -
172.20.0.100 - - [02/Dec/2021:09:52:14 +0800] "GET /xingrg/javascript/jquery.utils.js HTTP/1.1" 304 -
172.20.0.100 - - [02/Dec/2021:09:52:14 +0800] "GET /xingrg/javascript/jquery.timers.js HTTP/1.1" 304 -
172.20.0.100 - - [02/Dec/2021:09:52:14 +0800] "GET /xingrg/images/blue/jxLogo.png HTTP/1.1" 304 -
172.20.0.100 - - [02/Dec/2021:09:52:14 +0800] "GET /xingrg/javascript/jquery_easy_ui/themes/icons/settle_new.png HTTP/1.1" 304 -
172.20.0.100 - - [02/Dec/2021:09:52:14 +0800] "GET /xingrg/images/blue/navBackgound.jpg HTTP/1.1" 304 -
172.20.0.100 - - [02/Dec/2021:09:52:14 +0800] "POST /xingrg/all/common/load_tree.html?tree=area_rest_tree_json&manage=1 HTTP/1.1" 200 3472
172.20.0.100 - - [02/Dec/2021:09:52:14 +0800] "GET /xingrg/all/function/internal_message.html?_=1638409934715&CODE_STATE=count HTTP/1.1" 200 11
172.20.0.100 - - [02/Dec/2021:09:52:14 +0800] "GET /xingrg/check_reg.html?_=1638409934716 HTTP/1.1" 200 22
172.20.0.100 - - [02/Dec/2021:09:52:14 +0800] "GET /xingrg/images/blue/pingpu.png HTTP/1.1" 304 -
172.20.0.100 - - [02/Dec/2021:09:52:14 +0800] "GET /xingrg/javascript/jquery_easy_ui/themes/default/images/panel_tool_expand.gif HTTP/1.1" 304 -
172.20.0.100 - - [02/Dec/2021:09:52:14 +0800] "GET /xingrg/javascript/jquery_easy_ui/themes/default/images/tabs_rightarrow.png HTTP/1.1" 304 -
172.20.0.100 - - [02/Dec/2021:09:52:14 +0800] "GET /xingrg/javascript/jquery_easy_ui/themes/default/images/tabs_leftarrow.png HTTP/1.1" 304 -
172.20.0.100 - - [02/Dec/2021:09:52:14 +0800] "GET /xingrg/javascript/jquery_easy_ui/themes/default/images/panel_tool_collapse.gif HTTP/1.1" 304 -
172.20.0.100 - - [02/Dec/2021:09:52:14 +0800] "POST /xingrg/load_menu.html HTTP/1.1" 200 9924
58.37.8.149 - - [02/Dec/2021:09:52:16 +0800] "POST /xingrg/kc/buy/cgsh_order_operate.html HTTP/1.1" 200 12
58.40.7.146 - - [02/Dec/2021:09:52:17 +0800] "GET /xingrg/all/function/internal_message.html?_=1638409936760&CODE_STATE=getMsg HTTP/1.1" 302 -
58.37.8.149 - - [02/Dec/2021:09:52:17 +0800] "GET /xingrg/kc/buy/cgsh_order_info.html?code=212021120200406 HTTP/1.1" 200 60061
58.37.8.149 - - [02/Dec/2021:09:52:17 +0800] "GET /xingrg/javascript/easyui/themes/default/validatebox.css HTTP/1.1" 404 1104
116.238.248.233 - - [02/Dec/2021:09:52:17 +0800] "POST /xingrg/dwr/call/plaincall/AjaxYddbService.getRestBases.dwr HTTP/1.1" 200 1535
58.37.8.149 - - [02/Dec/2021:09:52:18 +0800] "POST /xingrg/kc/buy/cgsh_order_operate.html HTTP/1.1" 200 4765
58.39.139.200 - - [02/Dec/2021:09:52:18 +0800] "GET /xingrg/all/function/internal_message.html?_=1638409874569&CODE_STATE=getMsg HTTP/1.1" 302 -
58.37.8.149 - - [02/Dec/2021:09:52:19 +0800] "GET /xingrg/kc/print/load_config.html?kc_code=cgsh HTTP/1.1" 200 2281
58.37.8.149 - - [02/Dec/2021:09:52:19 +0800] "GET /xingrg/kc/print/load_data.html?order_code=212021120200406&kc_code=cgsh&condition= HTTP/1.1" 200 2373
172.20.0.100 - - [02/Dec/2021:09:52:19 +0800] "GET /xingrg/kc/base/check_order_list.html HTTP/1.1" 200 16631
172.20.0.100 - - [02/Dec/2021:09:52:19 +0800] "POST /xingrg/kc/base/check_list_operate.html HTTP/1.1" 200 4805
101.85.120.86 - - [02/Dec/2021:09:52:19 +0800] "GET /xingrg/all/function/internal_message.html?_=1638409939492&CODE_STATE=getMsg HTTP/1.1" 200 27
116.238.248.233 - - [02/Dec/2021:09:52:23 +0800] "POST /xingrg/dwr/call/plaincall/AjaxYddbService.saveOrder.dwr HTTP/1.1" 200 78
172.20.0.100 - - [02/Dec/2021:09:52:23 +0800] "GET /xingrg/kc/report/report_main.html HTTP/1.1" 200 7320
172.20.0.100 - - [02/Dec/2021:09:52:23 +0800] "GET /xingrg/javascript/jquery_ui/themes/humanity/humanity.css HTTP/1.1" 200 27801
172.20.0.100 - - [02/Dec/2021:09:52:23 +0800] "GET /xingrg/javascript/json2.js HTTP/1.1" 200 11259
116.238.248.233 - - [02/Dec/2021:09:52:24 +0800] "GET /xingrg/images/yd/bt.gif HTTP/1.1" 404 1040
172.20.0.100 - - [02/Dec/2021:09:52:25 +0800] "GET /xingrg/kc/base/kc_stocks.html HTTP/1.1" 200 16417
172.20.0.100 - - [02/Dec/2021:09:52:25 +0800] "GET /xingrg/javascript/easyui/themes/sunny/easyui.css HTTP/1.1" 200 34304
172.20.0.100 - - [02/Dec/2021:09:52:25 +0800] "GET /xingrg/javascript/convert.js HTTP/1.1" 200 1239
58.37.8.149 - - [02/Dec/2021:09:52:25 +0800] "GET /xingrg/kc/buy/cgsh_order_add.html HTTP/1.1" 200 65150
172.20.0.100 - - [02/Dec/2021:09:52:25 +0800] "GET /xingrg/javascript/easyui/themes/icons/refresh_new.png HTTP/1.1" 200 685
172.20.0.100 - - [02/Dec/2021:09:52:25 +0800] "GET /xingrg/javascript/easyui/themes/icons/filter_new.png HTTP/1.1" 200 795
172.20.0.100 - - [02/Dec/2021:09:52:25 +0800] "GET /xingrg/javascript/easyui/themes/icons/print_new.png HTTP/1.1" 200 3580
172.20.0.100 - - [02/Dec/2021:09:52:25 +0800] "GET /xingrg/javascript/easyui/plugins/jquery.draggable.js HTTP/1.1" 200 6121
172.20.0.100 - - [02/Dec/2021:09:52:25 +0800] "GET /xingrg/all/common/auto_word.html?type=base&rest_code=00104 HTTP/1.1" 200 1799
172.20.0.100 - - [02/Dec/2021:09:52:25 +0800] "GET /xingrg/javascript/easyui/plugins/jquery.droppable.js HTTP/1.1" 200 1167
172.20.0.100 - - [02/Dec/2021:09:52:25 +0800] "GET /xingrg/javascript/easyui/themes/default/tree.css HTTP/1.1" 404 1090
172.20.0.100 - - [02/Dec/2021:09:52:25 +0800] "GET /xingrg/javascript/easyui/plugins/jquery.tree.js HTTP/1.1" 200 20874
58.37.8.149 - - [02/Dec/2021:09:52:25 +0800] "POST /xingrg/kc/buy/cgsh_order_operate.html HTTP/1.1" 200 8245
172.20.0.100 - - [02/Dec/2021:09:52:25 +0800] "POST /xingrg/all/common/load_tree.html?tree=materiel_sort_tree_json HTTP/1.1" 200 9388
58.37.8.149 - - [02/Dec/2021:09:52:25 +0800] "GET /xingrg/javascript/easyui/themes/default/validatebox.css HTTP/1.1" 404 1104
222.70.176.97 - - [02/Dec/2021:09:52:25 +0800] "GET /xingrg/all/function/internal_message.html?_=1638409943649&CODE_STATE=getMsg HTTP/1.1" 200 27
172.20.0.100 - - [02/Dec/2021:09:52:26 +0800] "GET /xingrg/javascript/easyui/themes/sunny/images/tree_arrows.gif HTTP/1.1" 200 617
172.20.0.100 - - [02/Dec/2021:09:52:26 +0800] "GET /xingrg/javascript/easyui/themes/sunny/images/tree_file.gif HTTP/1.1" 200 118
172.20.0.100 - - [02/Dec/2021:09:52:26 +0800] "GET /xingrg/javascript/easyui/themes/sunny/images/tree_folder_open.gif HTTP/1.1" 200 956
172.20.0.100 - - [02/Dec/2021:09:52:26 +0800] "GET /xingrg/javascript/easyui/themes/sunny/images/tree_folder.gif HTTP/1.1" 200 952
116.238.248.233 - - [02/Dec/2021:09:52:27 +0800] "POST /xingrg/dwr/call/plaincall/AjaxComOrderService.getMaterielSearchList.dwr HTTP/1.1" 200 26930
116.238.248.233 - - [02/Dec/2021:09:52:28 +0800] "POST /xingrg/dwr/call/plaincall/AjaxComOrderService.getMaterielSearchList.dwr HTTP/1.1" 200 2450
180.169.147.146 - - [02/Dec/2021:09:52:29 +0800] "GET /xingrg/all/function/internal_message.html?_=1638409948007&CODE_STATE=getMsg HTTP/1.1" 200 27
116.238.248.233 - - [02/Dec/2021:09:52:31 +0800] "POST /xingrg/dwr/call/plaincall/AjaxYddbService.getMaterielByMap.dwr HTTP/1.1" 200 3774
172.20.0.100 - - [02/Dec/2021:09:52:32 +0800] "POST /xingrg/kc/base/stock_operate.html HTTP/1.1" 200 3982
116.238.248.233 - - [02/Dec/2021:09:52:32 +0800] "POST /xingrg/dwr/call/plaincall/AjaxYddbService.getUnitPrice.dwr HTTP/1.1" 200 87
172.20.0.100 - - [02/Dec/2021:09:52:32 +0800] "GET /xingrg/javascript/jquery_tools/fix_table.js HTTP/1.1" 200 6528
58.37.8.149 - - [02/Dec/2021:09:52:34 +0800] "GET /xingrg/kc/buy/cgsh_order_operate.html?command=get_materiel&rest_code=00141&code=00101006111&supplier_code=00100012&order_time=2021-12-02 HTTP/1.1" 200 409
180.169.147.146 - - [02/Dec/2021:09:52:37 +0800] "GET /xingrg/all/function/internal_message.html?_=1638409956510&CODE_STATE=getMsg HTTP/1.1" 200 27
172.20.0.100 - - [02/Dec/2021:09:52:39 +0800] "POST /xingrg/kc/base/stock_operate.html HTTP/1.1" 200 4093
116.238.248.233 - - [02/Dec/2021:09:52:40 +0800] "POST /xingrg/dwr/call/plaincall/AjaxYddbService.saveMaterielItem.dwr HTTP/1.1" 200 78
58.37.8.149 - - [02/Dec/2021:09:52:41 +0800] "GET /xingrg/kc/buy/cgsh_order_operate.html?command=get_materiel&rest_code=00141&code=00101006109&supplier_code=00100012&order_time=2021-12-02 HTTP/1.1" 200 409
116.238.248.233 - - [02/Dec/2021:09:52:44 +0800] "POST /xingrg/dwr/call/plaincall/AjaxComOrderService.getMaterielSearchList.dwr HTTP/1.1" 200 3408
172.20.0.100 - - [02/Dec/2021:09:52:44 +0800] "GET /xingrg/kc/base/stock_detail.html?m=00102002232 HTTP/1.1" 200 7304
172.20.0.100 - - [02/Dec/2021:09:52:44 +0800] "GET /xingrg/javascript/jquery_easy_ui/themes/icons/search.png HTTP/1.1" 200 813
172.20.0.100 - - [02/Dec/2021:09:52:44 +0800] "GET /xingrg/javascript/jquery_easy_ui/themes/default/images/calendar_nextmonth.gif HTTP/1.1" 200 64
172.20.0.100 - - [02/Dec/2021:09:52:44 +0800] "GET /xingrg/javascript/jquery_easy_ui/themes/icons/print.png HTTP/1.1" 200 1057
172.20.0.100 - - [02/Dec/2021:09:52:44 +0800] "GET /xingrg/javascript/jquery_easy_ui/themes/default/images/calendar_prevmonth.gif HTTP/1.1" 200 66
172.20.0.100 - - [02/Dec/2021:09:52:44 +0800] "GET /xingrg/javascript/jquery_easy_ui/themes/default/images/menu.gif HTTP/1.1" 200 834
172.20.0.100 - - [02/Dec/2021:09:52:44 +0800] "GET /xingrg/javascript/jquery_easy_ui/themes/default/images/menu_downarrow.png HTTP/1.1" 200 173
172.20.0.100 - - [02/Dec/2021:09:52:44 +0800] "GET /xingrg/javascript/jquery_easy_ui/themes/default/images/calendar_prevyear.gif HTTP/1.1" 200 76
