120.253.135.82 - - [02/Dec/2021:08:03:03 +0800] "GET /xingrg/all/function/internal_message.html?_=1638403389098&CODE_STATE=getMsg HTTP/1.1" 200 27
116.238.248.233 - - [02/Dec/2021:08:03:07 +0800] "GET /xingrg/all/function/internal_message.html?_=1638403387223&CODE_STATE=getMsg HTTP/1.1" 200 27
116.238.248.233 - - [02/Dec/2021:08:03:07 +0800] "GET /xingrg/check_reg.html?_=1638403387224 HTTP/1.1" 200 22
120.253.135.82 - - [02/Dec/2021:08:03:08 +0800] "POST /xingrg/kc/buy/cgsh_order_operate.html HTTP/1.1" 200 12
120.253.135.82 - - [02/Dec/2021:08:03:10 +0800] "GET /xingrg/kc/buy/cgsh_order_info.html?code=212021120200388 HTTP/1.1" 200 59073
120.253.135.82 - - [02/Dec/2021:08:03:11 +0800] "GET /xingrg/javascript/easyui/themes/default/validatebox.css HTTP/1.1" 404 1104
120.253.135.82 - - [02/Dec/2021:08:03:11 +0800] "POST /xingrg/kc/buy/cgsh_order_operate.html HTTP/1.1" 200 1841
58.40.7.146 - - [02/Dec/2021:08:03:17 +0800] "GET /xingrg/all/function/internal_message.html?_=1638403396725&CODE_STATE=getMsg HTTP/1.1" 302 -
222.70.171.86 - - [02/Dec/2021:08:03:22 +0800] "GET /xingrg/all/function/internal_message.html?_=1638403415359&CODE_STATE=getMsg HTTP/1.1" 200 27
120.253.135.82 - - [02/Dec/2021:08:03:33 +0800] "GET /xingrg/all/function/internal_message.html?_=1638403189555&CODE_STATE=getMsg HTTP/1.1" 200 27
180.169.147.146 - - [02/Dec/2021:08:03:39 +0800] "GET /xingrg/all/function/internal_message.html?_=1638403418281&CODE_STATE=getMsg HTTP/1.1" 200 27
114.85.125.222 - - [02/Dec/2021:08:03:41 +0800] "GET /xingrg/check_reg.html?_=1638403387149 HTTP/1.1" 200 22
114.85.125.222 - - [02/Dec/2021:08:03:51 +0800] "GET /xingrg/all/function/internal_message.html?_=1638403397056&CODE_STATE=getMsg HTTP/1.1" 200 27
222.70.176.97 - - [02/Dec/2021:08:03:55 +0800] "GET /xingrg/all/function/internal_message.html?_=1638403432869&CODE_STATE=getMsg HTTP/1.1" 200 27
180.169.147.146 - - [02/Dec/2021:08:03:59 +0800] "GET /xingrg/all/function/internal_message.html?_=1638403439375&CODE_STATE=getMsg HTTP/1.1" 200 27
120.253.135.82 - - [02/Dec/2021:08:04:03 +0800] "GET /xingrg/all/function/internal_message.html?_=1638403449110&CODE_STATE=getMsg HTTP/1.1" 200 27
222.70.171.86 - - [02/Dec/2021:08:04:06 +0800] "GET /xingrg/check_reg.html?_=1638403459450 HTTP/1.1" 200 22
120.253.135.82 - - [02/Dec/2021:08:04:06 +0800] "GET /xingrg/kc/buy/cgsh_order_add.html HTTP/1.1" 200 64167
120.253.135.82 - - [02/Dec/2021:08:04:07 +0800] "POST /xingrg/kc/buy/cgsh_order_operate.html HTTP/1.1" 200 8245
120.253.135.82 - - [02/Dec/2021:08:04:07 +0800] "GET /xingrg/javascript/easyui/themes/default/validatebox.css HTTP/1.1" 404 1104
116.238.248.233 - - [02/Dec/2021:08:04:07 +0800] "GET /xingrg/all/function/internal_message.html?_=1638403447223&CODE_STATE=getMsg HTTP/1.1" 200 27
120.253.135.82 - - [02/Dec/2021:08:04:16 +0800] "POST /xingrg/all/common/load_combo.html?type=employee HTTP/1.1" 200 2101
58.40.7.146 - - [02/Dec/2021:08:04:17 +0800] "GET /xingrg/all/function/internal_message.html?_=1638403456732&CODE_STATE=getMsg HTTP/1.1" 302 -
222.70.171.86 - - [02/Dec/2021:08:04:17 +0800] "GET /xingrg/check_reg.html?_=1638403468332 HTTP/1.1" 302 -
222.70.171.86 - - [02/Dec/2021:08:04:22 +0800] "GET /xingrg/all/function/internal_message.html?_=1638403475363&CODE_STATE=getMsg HTTP/1.1" 200 27
120.253.135.82 - - [02/Dec/2021:08:04:30 +0800] "GET /xingrg/kc/buy/cgsh_order_operate.html?command=get_materiel&rest_code=00101&code=00101019346&supplier_code=00100151&order_time=2021-12-02 HTTP/1.1" 200 446
120.253.135.82 - - [02/Dec/2021:08:04:32 +0800] "POST /xingrg/all/common/load_select.html HTTP/1.1" 200 25
120.253.135.82 - - [02/Dec/2021:08:04:33 +0800] "GET /xingrg/all/function/internal_message.html?_=1638403249631&CODE_STATE=getMsg HTTP/1.1" 200 27
120.253.135.82 - - [02/Dec/2021:08:04:37 +0800] "GET /xingrg/kc/buy/cgsh_order_operate.html?command=get_materiel_price&rest_code=00101&code=00101019346&unit_code=00100188&supplier_code=00100151&order_time=2021-12-02 HTTP/1.1" 200 29
180.169.147.146 - - [02/Dec/2021:08:04:39 +0800] "GET /xingrg/all/function/internal_message.html?_=1638403478266&CODE_STATE=getMsg HTTP/1.1" 200 27
114.85.125.222 - - [02/Dec/2021:08:04:51 +0800] "GET /xingrg/all/function/internal_message.html?_=1638403457070&CODE_STATE=getMsg HTTP/1.1" 200 27
222.70.176.97 - - [02/Dec/2021:08:04:55 +0800] "GET /xingrg/all/function/internal_message.html?_=1638403492855&CODE_STATE=getMsg HTTP/1.1" 200 27
180.169.147.146 - - [02/Dec/2021:08:04:59 +0800] "GET /xingrg/all/function/internal_message.html?_=1638403499390&CODE_STATE=getMsg HTTP/1.1" 200 27
180.169.147.146 - - [02/Dec/2021:08:04:59 +0800] "GET /xingrg/check_reg.html?_=1638403499391 HTTP/1.1" 200 22
120.253.135.82 - - [02/Dec/2021:08:05:03 +0800] "GET /xingrg/all/function/internal_message.html?_=1638403509142&CODE_STATE=getMsg HTTP/1.1" 200 27
120.253.135.82 - - [02/Dec/2021:08:05:05 +0800] "POST /xingrg/kc/buy/cgsh_order_operate.html HTTP/1.1" 200 37
120.253.135.82 - - [02/Dec/2021:08:05:06 +0800] "POST /xingrg/kc/buy/cgsh_order_operate.html HTTP/1.1" 200 2675
116.238.248.233 - - [02/Dec/2021:08:05:07 +0800] "GET /xingrg/all/function/internal_message.html?_=1638403507235&CODE_STATE=getMsg HTTP/1.1" 200 27
120.253.135.82 - - [02/Dec/2021:08:05:11 +0800] "GET /xingrg/kc/print/load_data.html?order_code=212021120200389&kc_code=cgsh&condition= HTTP/1.1" 200 659
58.40.7.146 - - [02/Dec/2021:08:05:17 +0800] "GET /xingrg/all/function/internal_message.html?_=1638403516722&CODE_STATE=getMsg HTTP/1.1" 302 -
222.70.171.86 - - [02/Dec/2021:08:05:22 +0800] "GET /xingrg/all/function/internal_message.html?_=1638403535376&CODE_STATE=getMsg HTTP/1.1" 200 27
222.70.171.86 - - [02/Dec/2021:08:05:32 +0800] "POST /xingrg/kc/buy/cgsh_list_operate.html HTTP/1.1" 200 5025
120.253.135.82 - - [02/Dec/2021:08:05:32 +0800] "GET /xingrg/check_reg.html?_=1638403308732 HTTP/1.1" 200 22
120.253.135.82 - - [02/Dec/2021:08:05:33 +0800] "GET /xingrg/all/function/internal_message.html?_=1638403309645&CODE_STATE=getMsg HTTP/1.1" 200 27
180.169.147.146 - - [02/Dec/2021:08:05:39 +0800] "GET /xingrg/all/function/internal_message.html?_=1638403538249&CODE_STATE=getMsg HTTP/1.1" 200 27
120.253.135.82 - - [02/Dec/2021:08:05:44 +0800] "GET /xingrg/check_reg.html?_=1638403549421 HTTP/1.1" 200 22
222.70.171.86 - - [02/Dec/2021:08:05:50 +0800] "GET /xingrg/kc/buy/cgsh_order_list.html HTTP/1.1" 200 49380
222.70.171.86 - - [02/Dec/2021:08:05:50 +0800] "POST /xingrg/kc/buy/cgsh_list_operate.html HTTP/1.1" 200 876
114.85.125.222 - - [02/Dec/2021:08:05:51 +0800] "GET /xingrg/all/function/internal_message.html?_=1638403517091&CODE_STATE=getMsg HTTP/1.1" 200 27
222.70.176.97 - - [02/Dec/2021:08:05:55 +0800] "GET /xingrg/all/function/internal_message.html?_=1638403552839&CODE_STATE=getMsg HTTP/1.1" 200 27
180.169.147.146 - - [02/Dec/2021:08:05:56 +0800] "GET /xingrg/check_reg.html?_=1638403555286 HTTP/1.1" 200 22
180.169.147.146 - - [02/Dec/2021:08:05:59 +0800] "GET /xingrg/all/function/internal_message.html?_=1638403559386&CODE_STATE=getMsg HTTP/1.1" 200 27
222.70.171.86 - - [02/Dec/2021:08:06:01 +0800] "POST /xingrg/kc/buy/cgsh_list_operate.html HTTP/1.1" 200 5470
120.253.135.82 - - [02/Dec/2021:08:06:03 +0800] "GET /xingrg/all/function/internal_message.html?_=1638403569153&CODE_STATE=getMsg HTTP/1.1" 200 27
116.238.248.233 - - [02/Dec/2021:08:06:07 +0800] "GET /xingrg/all/function/internal_message.html?_=1638403567261&CODE_STATE=getMsg HTTP/1.1" 200 27
222.70.171.86 - - [02/Dec/2021:08:06:07 +0800] "POST /xingrg/kc/buy/cgsh_list_operate.html HTTP/1.1" 200 343
222.70.171.86 - - [02/Dec/2021:08:06:09 +0800] "GET /xingrg/kc/buy/cgsh_order_info.html?code=212021120100055 HTTP/1.1" 200 60018
222.70.171.86 - - [02/Dec/2021:08:06:09 +0800] "GET /xingrg/javascript/pic_change.js HTTP/1.1" 304 -
222.70.171.86 - - [02/Dec/2021:08:06:09 +0800] "GET /xingrg/javascript/print/kc_print.js HTTP/1.1" 304 -
222.70.171.86 - - [02/Dec/2021:08:06:09 +0800] "GET /xingrg/javascript/jquery_tools/order_manager.js HTTP/1.1" 304 -
222.70.171.86 - - [02/Dec/2021:08:06:09 +0800] "GET /xingrg/javascript/convert.js HTTP/1.1" 304 -
222.70.171.86 - - [02/Dec/2021:08:06:09 +0800] "GET /xingrg/javascript/json2.js HTTP/1.1" 304 -
222.70.171.86 - - [02/Dec/2021:08:06:09 +0800] "GET /xingrg/words/20211201121711_words.js HTTP/1.1" 304 -
222.70.171.86 - - [02/Dec/2021:08:06:09 +0800] "GET /xingrg/javascript/easyui/themes/default/validatebox.css HTTP/1.1" 404 1104
222.70.171.86 - - [02/Dec/2021:08:06:09 +0800] "GET /xingrg/javascript/easyui/plugins/jquery.validatebox.js HTTP/1.1" 304 -
222.70.171.86 - - [02/Dec/2021:08:06:09 +0800] "GET /xingrg/javascript/easyui/plugins/jquery.numberbox.js HTTP/1.1" 304 -
222.70.171.86 - - [02/Dec/2021:08:06:10 +0800] "POST /xingrg/kc/buy/cgsh_order_operate.html HTTP/1.1" 200 1782
222.70.171.86 - - [02/Dec/2021:08:06:11 +0800] "GET /xingrg/kc/print/load_config.html?kc_code=cgsh HTTP/1.1" 200 2281
222.70.171.86 - - [02/Dec/2021:08:06:11 +0800] "GET /xingrg/kc/print/load_data.html?order_code=212021120100055&kc_code=cgsh HTTP/1.1" 200 1168
58.40.7.146 - - [02/Dec/2021:08:06:17 +0800] "GET /xingrg/check_reg.html?_=1638403576726 HTTP/1.1" 302 -
58.40.7.146 - - [02/Dec/2021:08:06:17 +0800] "GET /xingrg/all/function/internal_message.html?_=1638403576727&CODE_STATE=getMsg HTTP/1.1" 302 -
222.70.171.86 - - [02/Dec/2021:08:06:17 +0800] "GET /xingrg/kc/print/load_data.html?order_code=212021120100055&kc_code=cgsh&condition= HTTP/1.1" 200 1168
222.70.171.86 - - [02/Dec/2021:08:06:22 +0800] "GET /xingrg/all/function/internal_message.html?_=1638403595389&CODE_STATE=getMsg HTTP/1.1" 200 27
120.253.135.82 - - [02/Dec/2021:08:06:32 +0800] "POST /xingrg/kc/buy/cgsh_order_operate.html HTTP/1.1" 200 37
120.253.135.82 - - [02/Dec/2021:08:06:37 +0800] "POST /xingrg/kc/buy/cgsh_order_operate.html HTTP/1.1" 200 12
120.253.135.82 - - [02/Dec/2021:08:06:39 +0800] "GET /xingrg/kc/buy/cgsh_order_info.html?code=212021120200389 HTTP/1.1" 200 59064
180.169.147.146 - - [02/Dec/2021:08:06:39 +0800] "GET /xingrg/all/function/internal_message.html?_=1638403598234&CODE_STATE=getMsg HTTP/1.1" 200 27
120.253.135.82 - - [02/Dec/2021:08:06:39 +0800] "GET /xingrg/javascript/easyui/themes/default/validatebox.css HTTP/1.1" 404 1104
120.253.135.82 - - [02/Dec/2021:08:06:39 +0800] "GET /xingrg/all/function/internal_message.html?_=1638403375711&CODE_STATE=getMsg HTTP/1.1" 200 27
120.253.135.82 - - [02/Dec/2021:08:06:40 +0800] "POST /xingrg/kc/buy/cgsh_order_operate.html HTTP/1.1" 200 625
120.253.135.82 - - [02/Dec/2021:08:06:43 +0800] "POST /xingrg/kc/buy/cgsh_list_operate.html HTTP/1.1" 200 876
120.253.135.82 - - [02/Dec/2021:08:06:46 +0800] "GET /xingrg/kc/buy/cgsh_order_list.html HTTP/1.1" 200 49374
120.253.135.82 - - [02/Dec/2021:08:06:47 +0800] "POST /xingrg/kc/buy/cgsh_list_operate.html HTTP/1.1" 200 876
120.253.135.82 - - [02/Dec/2021:08:06:50 +0800] "GET /xingrg/kc/pszx/mdqp_order_list.html?state=10 HTTP/1.1" 200 11453
120.253.135.82 - - [02/Dec/2021:08:06:50 +0800] "GET /xingrg/dwr/interface/AjaxReportQueryService.js HTTP/1.1" 200 13203
120.253.135.82 - - [02/Dec/2021:08:06:50 +0800] "GET /xingrg/dwr/engine.js HTTP/1.1" 200 43631
120.253.135.82 - - [02/Dec/2021:08:06:50 +0800] "GET /xingrg/dwr/interface/AjaxQqpsService.js HTTP/1.1" 200 16326
114.85.125.222 - - [02/Dec/2021:08:06:51 +0800] "GET /xingrg/all/function/internal_message.html?_=1638403577096&CODE_STATE=getMsg HTTP/1.1" 200 27
120.253.135.82 - - [02/Dec/2021:08:06:52 +0800] "GET /xingrg/kc/pszx/mdps_order_list.html?orderType=0 HTTP/1.1" 200 21130
120.253.135.82 - - [02/Dec/2021:08:06:52 +0800] "POST /xingrg/kc/pszx/mdps_list_operate.html HTTP/1.1" 200 5528
222.70.176.97 - - [02/Dec/2021:08:06:55 +0800] "GET /xingrg/all/function/internal_message.html?_=1638403612836&CODE_STATE=getMsg HTTP/1.1" 200 27
120.253.135.82 - - [02/Dec/2021:08:06:55 +0800] "POST /xingrg/kc/pszx/mdps_list_operate.html HTTP/1.1" 200 203
120.253.135.82 - - [02/Dec/2021:08:06:56 +0800] "GET /xingrg/kc/pszx/mdps_order_info.html?code=312021120100045 HTTP/1.1" 200 23925
120.253.135.82 - - [02/Dec/2021:08:06:56 +0800] "POST /xingrg/kc/pszx/mdps_order_operate.html HTTP/1.1" 200 2285
120.253.135.82 - - [02/Dec/2021:08:06:56 +0800] "GET /xingrg/javascript/easyui/themes/default/validatebox.css HTTP/1.1" 404 1104
180.169.147.146 - - [02/Dec/2021:08:06:59 +0800] "GET /xingrg/all/function/internal_message.html?_=1638403619386&CODE_STATE=getMsg HTTP/1.1" 200 27
120.253.135.82 - - [02/Dec/2021:08:07:01 +0800] "POST /xingrg/kc/pszx/mdps_list_operate.html HTTP/1.1" 200 203
120.253.135.82 - - [02/Dec/2021:08:07:03 +0800] "GET /xingrg/all/function/internal_message.html?_=1638403629166&CODE_STATE=getMsg HTTP/1.1" 200 27
120.253.135.82 - - [02/Dec/2021:08:07:05 +0800] "POST /xingrg/kc/pszx/mdps_list_operate.html HTTP/1.1" 200 203
116.238.248.233 - - [02/Dec/2021:08:07:07 +0800] "GET /xingrg/all/function/internal_message.html?_=1638403627260&CODE_STATE=getMsg HTTP/1.1" 200 27
222.70.176.97 - - [02/Dec/2021:08:07:07 +0800] "GET /xingrg/check_reg.html?_=1638403625676 HTTP/1.1" 200 22
120.253.135.82 - - [02/Dec/2021:08:07:08 +0800] "GET /xingrg/kc/pszx/mdps_order_info.html?code=312021120100041 HTTP/1.1" 200 23925
120.253.135.82 - - [02/Dec/2021:08:07:09 +0800] "GET /xingrg/javascript/easyui/themes/default/validatebox.css HTTP/1.1" 404 1104
120.253.135.82 - - [02/Dec/2021:08:07:09 +0800] "POST /xingrg/kc/pszx/mdps_order_operate.html HTTP/1.1" 200 2285
120.253.135.82 - - [02/Dec/2021:08:07:11 +0800] "POST /xingrg/kc/pszx/mdps_list_operate.html HTTP/1.1" 200 5528
58.40.7.146 - - [02/Dec/2021:08:07:17 +0800] "GET /xingrg/all/function/internal_message.html?_=1638403636729&CODE_STATE=getMsg HTTP/1.1" 302 -
222.70.171.86 - - [02/Dec/2021:08:07:22 +0800] "GET /xingrg/all/function/internal_message.html?_=1638403655867&CODE_STATE=getMsg HTTP/1.1" 200 27
120.253.135.82 - - [02/Dec/2021:08:07:30 +0800] "GET /xingrg/kc/base/check_order_list.html HTTP/1.1" 200 16384
120.253.135.82 - - [02/Dec/2021:08:07:30 +0800] "POST /xingrg/kc/base/check_list_operate.html HTTP/1.1" 200 4724
120.253.135.82 - - [02/Dec/2021:08:07:35 +0800] "GET /xingrg/kc/base/wlsy_order_list.html?syType=1 HTTP/1.1" 200 17385
120.253.135.82 - - [02/Dec/2021:08:07:35 +0800] "POST /xingrg/kc/base/wlsy_list_operate.html?syType=1 HTTP/1.1" 200 862
180.169.147.146 - - [02/Dec/2021:08:07:39 +0800] "GET /xingrg/all/function/internal_message.html?_=1638403658217&CODE_STATE=getMsg HTTP/1.1" 200 27
120.253.135.82 - - [02/Dec/2021:08:07:40 +0800] "GET /xingrg/all/function/internal_message.html?_=1638403435779&CODE_STATE=getMsg HTTP/1.1" 200 27
120.253.135.82 - - [02/Dec/2021:08:07:44 +0800] "GET /xingrg/kc/base/wlsy_order_list.html?syType=1 HTTP/1.1" 200 17385
120.253.135.82 - - [02/Dec/2021:08:07:45 +0800] "POST /xingrg/kc/base/wlsy_list_operate.html?syType=1 HTTP/1.1" 200 862
120.253.135.82 - - [02/Dec/2021:08:07:49 +0800] "GET /xingrg/kc/base/wlsy_order_add.html?syType=1 HTTP/1.1" 200 28684
120.253.135.82 - - [02/Dec/2021:08:07:49 +0800] "POST /xingrg/kc/base/wlsy_order_operate.html HTTP/1.1" 200 6806
120.253.135.82 - - [02/Dec/2021:08:07:49 +0800] "GET /xingrg/javascript/easyui/themes/default/validatebox.css HTTP/1.1" 404 1104
114.85.125.222 - - [02/Dec/2021:08:07:51 +0800] "GET /xingrg/all/function/internal_message.html?_=1638403637117&CODE_STATE=getMsg HTTP/1.1" 200 27
120.253.135.82 - - [02/Dec/2021:08:07:51 +0800] "POST /xingrg/all/common/load_combo.html?type=base HTTP/1.1" 200 1075
222.70.176.97 - - [02/Dec/2021:08:07:55 +0800] "GET /xingrg/all/function/internal_message.html?_=1638403672822&CODE_STATE=getMsg HTTP/1.1" 200 27
120.253.135.82 - - [02/Dec/2021:08:07:55 +0800] "GET /xingrg/javascript/easyui/themes/default/tree.css HTTP/1.1" 404 1090
120.253.135.82 - - [02/Dec/2021:08:07:55 +0800] "POST /xingrg/all/common/load_tree.html?tree=employee_tree_json HTTP/1.1" 200 25308
120.253.135.82 - - [02/Dec/2021:08:07:56 +0800] "GET /xingrg/javascript/easyui/themes/default/images/tree_arrows.gif HTTP/1.1" 200 617
120.253.135.82 - - [02/Dec/2021:08:07:56 +0800] "GET /xingrg/javascript/easyui/themes/default/images/tree_folder_open.gif HTTP/1.1" 200 956
120.253.135.82 - - [02/Dec/2021:08:07:56 +0800] "GET /xingrg/javascript/easyui/themes/icons/rest.png HTTP/1.1" 200 695
120.253.135.82 - - [02/Dec/2021:08:07:56 +0800] "GET /xingrg/javascript/easyui/themes/icons/areas.png HTTP/1.1" 200 720
120.253.135.82 - - [02/Dec/2021:08:07:56 +0800] "GET /xingrg/javascript/easyui/themes/icons/accept_new.png HTTP/1.1" 200 722
180.169.147.146 - - [02/Dec/2021:08:07:59 +0800] "GET /xingrg/all/function/internal_message.html?_=1638403679380&CODE_STATE=getMsg HTTP/1.1" 200 27
120.253.135.82 - - [02/Dec/2021:08:08:04 +0800] "GET /xingrg/all/function/internal_message.html?_=1638403689199&CODE_STATE=getMsg HTTP/1.1" 200 27
116.238.248.233 - - [02/Dec/2021:08:08:07 +0800] "GET /xingrg/all/function/internal_message.html?_=1638403687266&CODE_STATE=getMsg HTTP/1.1" 200 27
116.238.248.233 - - [02/Dec/2021:08:08:07 +0800] "GET /xingrg/check_reg.html?_=1638403687265 HTTP/1.1" 200 22
120.253.135.82 - - [02/Dec/2021:08:08:09 +0800] "GET /xingrg/kc/base/wlsy_order_operate.html?command=get_materiel&rest_code=00101&base_code=0010250&code=00102002425 HTTP/1.1" 200 424
58.40.7.146 - - [02/Dec/2021:08:08:17 +0800] "GET /xingrg/all/function/internal_message.html?_=1638403696734&CODE_STATE=getMsg HTTP/1.1" 302 -
120.253.135.82 - - [02/Dec/2021:08:08:22 +0800] "POST /xingrg/kc/base/wlsy_order_operate.html HTTP/1.1" 200 37
120.253.135.82 - - [02/Dec/2021:08:08:22 +0800] "POST /xingrg/kc/base/wlsy_order_operate.html HTTP/1.1" 200 2164
222.70.171.86 - - [02/Dec/2021:08:08:22 +0800] "GET /xingrg/all/function/internal_message.html?_=1638403715868&CODE_STATE=getMsg HTTP/1.1" 200 27
120.253.135.82 - - [02/Dec/2021:08:08:24 +0800] "POST /xingrg/kc/base/wlsy_list_operate.html?syType=1 HTTP/1.1" 200 1675
120.253.135.82 - - [02/Dec/2021:08:08:30 +0800] "GET /xingrg/kc/pszx/mdps_order_list.html?orderType=0 HTTP/1.1" 200 21130
120.253.135.82 - - [02/Dec/2021:08:08:30 +0800] "POST /xingrg/kc/pszx/mdps_list_operate.html HTTP/1.1" 200 5528
180.169.147.146 - - [02/Dec/2021:08:08:39 +0800] "GET /xingrg/all/function/internal_message.html?_=1638403718202&CODE_STATE=getMsg HTTP/1.1" 200 27
120.253.135.82 - - [02/Dec/2021:08:08:39 +0800] "POST /xingrg/kc/pszx/mdps_list_operate.html HTTP/1.1" 200 5142
120.253.135.82 - - [02/Dec/2021:08:08:40 +0800] "GET /xingrg/all/function/internal_message.html?_=1638403495785&CODE_STATE=getMsg HTTP/1.1" 200 27
114.85.125.222 - - [02/Dec/2021:08:08:41 +0800] "GET /xingrg/check_reg.html?_=1638403687155 HTTP/1.1" 200 22
120.253.135.82 - - [02/Dec/2021:08:08:42 +0800] "POST /xingrg/kc/pszx/mdps_list_operate.html HTTP/1.1" 200 611
114.85.125.222 - - [02/Dec/2021:08:08:51 +0800] "GET /xingrg/all/function/internal_message.html?_=1638403697124&CODE_STATE=getMsg HTTP/1.1" 200 27
120.253.135.82 - - [02/Dec/2021:08:08:51 +0800] "POST /xingrg/kc/pszx/mdps_list_operate.html HTTP/1.1" 200 2596
120.253.135.82 - - [02/Dec/2021:08:08:53 +0800] "POST /xingrg/kc/pszx/mdps_list_operate.html HTTP/1.1" 200 630
120.253.135.82 - - [02/Dec/2021:08:08:54 +0800] "GET /xingrg/kc/pszx/mdps_order_info.html?code=312021120100026 HTTP/1.1" 200 23925
120.253.135.82 - - [02/Dec/2021:08:08:54 +0800] "GET /xingrg/javascript/easyui/themes/default/validatebox.css HTTP/1.1" 404 1104
120.253.135.82 - - [02/Dec/2021:08:08:54 +0800] "POST /xingrg/kc/pszx/mdps_order_operate.html HTTP/1.1" 200 4823
222.70.176.97 - - [02/Dec/2021:08:08:55 +0800] "GET /xingrg/all/function/internal_message.html?_=1638403732807&CODE_STATE=getMsg HTTP/1.1" 200 27
180.169.147.146 - - [02/Dec/2021:08:08:59 +0800] "GET /xingrg/all/function/internal_message.html?_=1638403739378&CODE_STATE=getMsg HTTP/1.1" 200 27
120.253.135.82 - - [02/Dec/2021:08:09:04 +0800] "GET /xingrg/all/function/internal_message.html?_=1638403749210&CODE_STATE=getMsg HTTP/1.1" 200 27
222.70.171.86 - - [02/Dec/2021:08:09:06 +0800] "GET /xingrg/check_reg.html?_=1638403759971 HTTP/1.1" 200 22
116.238.248.233 - - [02/Dec/2021:08:09:07 +0800] "GET /xingrg/all/function/internal_message.html?_=1638403747270&CODE_STATE=getMsg HTTP/1.1" 200 27
120.253.135.82 - - [02/Dec/2021:08:09:08 +0800] "GET /xingrg/kc/base/wlsy_order_list.html?syType=1 HTTP/1.1" 200 17385
120.253.135.82 - - [02/Dec/2021:08:09:08 +0800] "POST /xingrg/kc/base/wlsy_list_operate.html?syType=1 HTTP/1.1" 200 1675
120.253.135.82 - - [02/Dec/2021:08:09:09 +0800] "POST /xingrg/kc/base/wlsy_list_operate.html?syType=1 HTTP/1.1" 200 208
120.253.135.82 - - [02/Dec/2021:08:09:10 +0800] "GET /xingrg/kc/base/wlsy_order_info.html?code=412021120200002 HTTP/1.1" 200 28780
120.253.135.82 - - [02/Dec/2021:08:09:11 +0800] "POST /xingrg/kc/base/wlsy_order_operate.html HTTP/1.1" 200 2164
120.253.135.82 - - [02/Dec/2021:08:09:11 +0800] "GET /xingrg/javascript/easyui/themes/default/validatebox.css HTTP/1.1" 404 1104
120.253.135.82 - - [02/Dec/2021:08:09:16 +0800] "POST /xingrg/kc/base/wlsy_order_operate.html HTTP/1.1" 200 37
120.253.135.82 - - [02/Dec/2021:08:09:16 +0800] "POST /xingrg/kc/base/wlsy_order_operate.html HTTP/1.1" 200 2164
58.40.7.146 - - [02/Dec/2021:08:09:17 +0800] "GET /xingrg/all/function/internal_message.html?_=1638403756737&CODE_STATE=getMsg HTTP/1.1" 302 -
222.70.171.86 - - [02/Dec/2021:08:09:17 +0800] "GET /xingrg/check_reg.html?_=1638403768333 HTTP/1.1" 302 -
120.253.135.82 - - [02/Dec/2021:08:09:17 +0800] "POST /xingrg/kc/base/wlsy_order_operate.html HTTP/1.1" 200 12
120.253.135.82 - - [02/Dec/2021:08:09:20 +0800] "POST /xingrg/kc/base/wlsy_list_operate.html?syType=1 HTTP/1.1" 200 862
222.70.171.86 - - [02/Dec/2021:08:09:22 +0800] "GET /xingrg/all/function/internal_message.html?_=1638403775883&CODE_STATE=getMsg HTTP/1.1" 200 27
120.253.135.82 - - [02/Dec/2021:08:09:27 +0800] "GET /xingrg/kc/pszx/mdps_order_list.html?orderType=0 HTTP/1.1" 200 21130
120.253.135.82 - - [02/Dec/2021:08:09:27 +0800] "POST /xingrg/kc/pszx/mdps_list_operate.html HTTP/1.1" 200 5528
120.253.135.82 - - [02/Dec/2021:08:09:34 +0800] "POST /xingrg/kc/pszx/mdps_list_operate.html HTTP/1.1" 200 5142
120.253.135.82 - - [02/Dec/2021:08:09:36 +0800] "POST /xingrg/kc/pszx/mdps_list_operate.html HTTP/1.1" 200 2596
120.253.135.82 - - [02/Dec/2021:08:09:38 +0800] "POST /xingrg/kc/pszx/mdps_list_operate.html HTTP/1.1" 200 630
180.169.147.146 - - [02/Dec/2021:08:09:39 +0800] "GET /xingrg/all/function/internal_message.html?_=1638403778185&CODE_STATE=getMsg HTTP/1.1" 200 27
120.253.135.82 - - [02/Dec/2021:08:09:39 +0800] "GET /xingrg/kc/pszx/mdps_order_info.html?code=312021120100026 HTTP/1.1" 200 23925
120.253.135.82 - - [02/Dec/2021:08:09:39 +0800] "GET /xingrg/javascript/easyui/themes/default/validatebox.css HTTP/1.1" 404 1104
120.253.135.82 - - [02/Dec/2021:08:09:39 +0800] "POST /xingrg/kc/pszx/mdps_order_operate.html HTTP/1.1" 200 4825
120.253.135.82 - - [02/Dec/2021:08:09:40 +0800] "GET /xingrg/all/function/internal_message.html?_=1638403555799&CODE_STATE=getMsg HTTP/1.1" 200 27
120.253.135.82 - - [02/Dec/2021:08:09:44 +0800] "POST /xingrg/kc/pszx/mdps_list_operate.html HTTP/1.1" 200 453
120.253.135.82 - - [02/Dec/2021:08:09:47 +0800] "POST /xingrg/kc/pszx/mdps_list_operate.html HTTP/1.1" 200 203
120.253.135.82 - - [02/Dec/2021:08:09:49 +0800] "GET /xingrg/kc/pszx/mdps_order_info.html?code=312021120100036 HTTP/1.1" 200 23925
120.253.135.82 - - [02/Dec/2021:08:09:49 +0800] "GET /xingrg/javascript/easyui/themes/default/validatebox.css HTTP/1.1" 404 1104
120.253.135.82 - - [02/Dec/2021:08:09:49 +0800] "POST /xingrg/kc/pszx/mdps_order_operate.html HTTP/1.1" 200 2285
114.85.125.222 - - [02/Dec/2021:08:09:51 +0800] "GET /xingrg/all/function/internal_message.html?_=1638403757137&CODE_STATE=getMsg HTTP/1.1" 200 27
120.253.135.82 - - [02/Dec/2021:08:09:51 +0800] "POST /xingrg/kc/pszx/mdps_list_operate.html HTTP/1.1" 200 2596
222.70.176.97 - - [02/Dec/2021:08:09:55 +0800] "GET /xingrg/all/function/internal_message.html?_=1638403792778&CODE_STATE=getMsg HTTP/1.1" 200 27
120.253.135.82 - - [02/Dec/2021:08:09:55 +0800] "GET /xingrg/kc/pszx/mdqp_order_list.html?state=10 HTTP/1.1" 200 11453
120.253.135.82 - - [02/Dec/2021:08:09:55 +0800] "GET /xingrg/dwr/interface/AjaxReportQueryService.js HTTP/1.1" 200 13203
120.253.135.82 - - [02/Dec/2021:08:09:55 +0800] "GET /xingrg/dwr/interface/AjaxQqpsService.js HTTP/1.1" 200 16326
120.253.135.82 - - [02/Dec/2021:08:09:55 +0800] "GET /xingrg/dwr/engine.js HTTP/1.1" 200 43631
120.253.135.82 - - [02/Dec/2021:08:09:59 +0800] "GET /xingrg/kc/pszx/mdqp_order_info.html?code=302021113000632 HTTP/1.1" 200 13346
120.253.135.82 - - [02/Dec/2021:08:09:59 +0800] "GET /xingrg/javascript/tools/jquery.qtip-1.0.0-rc3.min.js HTTP/1.1" 304 -
120.253.135.82 - - [02/Dec/2021:08:09:59 +0800] "GET /xingrg/dwr/interface/AjaxComOrderService.js HTTP/1.1" 200 18264
120.253.135.82 - - [02/Dec/2021:08:09:59 +0800] "GET /xingrg/dwr/interface/AjaxQqpsService.js HTTP/1.1" 200 16326
120.253.135.82 - - [02/Dec/2021:08:09:59 +0800] "GET /xingrg/javascript/Grid.js HTTP/1.1" 304 -
120.253.135.82 - - [02/Dec/2021:08:09:59 +0800] "GET /xingrg/javascript/checkform.js HTTP/1.1" 304 -
120.253.135.82 - - [02/Dec/2021:08:09:59 +0800] "GET /xingrg/javascript/ToolTips.js HTTP/1.1" 304 -
120.253.135.82 - - [02/Dec/2021:08:09:59 +0800] "GET /xingrg/javascript/AjaxInfoList.js HTTP/1.1" 304 -
120.253.135.82 - - [02/Dec/2021:08:09:59 +0800] "GET /xingrg/dwr/engine.js HTTP/1.1" 200 43631
120.253.135.82 - - [02/Dec/2021:08:09:59 +0800] "GET /xingrg/javascript/jquery_easy_ui/themes/default/images/menu_downarrow.png HTTP/1.1" 304 -
120.253.135.82 - - [02/Dec/2021:08:09:59 +0800] "GET /xingrg/javascript/jquery_easy_ui/themes/icons/print.png HTTP/1.1" 304 -
120.253.135.82 - - [02/Dec/2021:08:09:59 +0800] "GET /xingrg/images/blue/button/kc_tab_edit.gif HTTP/1.1" 200 551
120.253.135.82 - - [02/Dec/2021:08:09:59 +0800] "GET /xingrg/images/blue/button/kc_tab_save.gif HTTP/1.1" 200 777
120.253.135.82 - - [02/Dec/2021:08:09:59 +0800] "GET /xingrg/images/blue/kc_tab_mid.gif HTTP/1.1" 200 44
120.253.135.82 - - [02/Dec/2021:08:09:59 +0800] "GET /xingrg/images/blue/kc_tab2_right.gif HTTP/1.1" 200 192
120.253.135.82 - - [02/Dec/2021:08:09:59 +0800] "GET /xingrg/images/blue/kc_tab_right.gif HTTP/1.1" 200 643
120.253.135.82 - - [02/Dec/2021:08:09:59 +0800] "GET /xingrg/images/blue/kc_tab2_left.gif HTTP/1.1" 200 625
120.253.135.82 - - [02/Dec/2021:08:09:59 +0800] "GET /xingrg/images/blue/kc_tab_left.gif HTTP/1.1" 200 188
120.253.135.82 - - [02/Dec/2021:08:09:59 +0800] "GET /xingrg/images/blue/wait.gif HTTP/1.1" 200 1100
120.253.135.82 - - [02/Dec/2021:08:09:59 +0800] "POST /xingrg/dwr/call/plaincall/AjaxQqpsService.loadMaterielItems.dwr HTTP/1.1" 200 936
180.169.147.146 - - [02/Dec/2021:08:09:59 +0800] "GET /xingrg/all/function/internal_message.html?_=1638403799383&CODE_STATE=getMsg HTTP/1.1" 200 27
180.169.147.146 - - [02/Dec/2021:08:09:59 +0800] "GET /xingrg/check_reg.html?_=1638403799384 HTTP/1.1" 200 22
120.253.135.82 - - [02/Dec/2021:08:10:02 +0800] "GET /xingrg/javascript/jquery_easy_ui/themes/default/images/button_plain_hover.png HTTP/1.1" 200 252
120.253.135.82 - - [02/Dec/2021:08:10:03 +0800] "GET /xingrg/kc/pszx/mdqp_order_list.html?isBack=1 HTTP/1.1" 302 -
120.253.135.82 - - [02/Dec/2021:08:10:03 +0800] "GET /xingrg/kc/pszx/mdqp_order_list.html?state=10 HTTP/1.1" 200 11453
120.253.135.82 - - [02/Dec/2021:08:10:03 +0800] "GET /xingrg/dwr/interface/AjaxQqpsService.js HTTP/1.1" 200 16326
120.253.135.82 - - [02/Dec/2021:08:10:03 +0800] "GET /xingrg/dwr/interface/AjaxReportQueryService.js HTTP/1.1" 200 13203
120.253.135.82 - - [02/Dec/2021:08:10:03 +0800] "GET /xingrg/dwr/engine.js HTTP/1.1" 200 43631
120.253.135.82 - - [02/Dec/2021:08:10:04 +0800] "GET /xingrg/all/function/internal_message.html?_=1638403809243&CODE_STATE=getMsg HTTP/1.1" 200 27
120.253.135.82 - - [02/Dec/2021:08:10:05 +0800] "GET /xingrg/kc/pszx/mdqp_order_info.html?code=302021113000633 HTTP/1.1" 200 13346
120.253.135.82 - - [02/Dec/2021:08:10:05 +0800] "GET /xingrg/dwr/interface/AjaxQqpsService.js HTTP/1.1" 200 16326
120.253.135.82 - - [02/Dec/2021:08:10:05 +0800] "GET /xingrg/dwr/engine.js HTTP/1.1" 200 43631
120.253.135.82 - - [02/Dec/2021:08:10:06 +0800] "GET /xingrg/dwr/interface/AjaxComOrderService.js HTTP/1.1" 200 18264
120.253.135.82 - - [02/Dec/2021:08:10:06 +0800] "POST /xingrg/dwr/call/plaincall/AjaxQqpsService.loadMaterielItems.dwr HTTP/1.1" 200 637
116.238.248.233 - - [02/Dec/2021:08:10:07 +0800] "GET /xingrg/all/function/internal_message.html?_=1638403807269&CODE_STATE=getMsg HTTP/1.1" 200 27
120.253.135.82 - - [02/Dec/2021:08:10:12 +0800] "GET /xingrg/kc/pszx/mdqp_order_list.html?isBack=1 HTTP/1.1" 302 -
120.253.135.82 - - [02/Dec/2021:08:10:12 +0800] "GET /xingrg/kc/pszx/mdqp_order_list.html?state=10 HTTP/1.1" 200 11453
120.253.135.82 - - [02/Dec/2021:08:10:12 +0800] "GET /xingrg/dwr/interface/AjaxReportQueryService.js HTTP/1.1" 200 13203
120.253.135.82 - - [02/Dec/2021:08:10:12 +0800] "GET /xingrg/dwr/interface/AjaxQqpsService.js HTTP/1.1" 200 16326
120.253.135.82 - - [02/Dec/2021:08:10:12 +0800] "GET /xingrg/dwr/engine.js HTTP/1.1" 200 43631
120.253.135.82 - - [02/Dec/2021:08:10:14 +0800] "GET /xingrg/kc/pszx/mdqp_order_info.html?code=302021113000634 HTTP/1.1" 200 13346
120.253.135.82 - - [02/Dec/2021:08:10:14 +0800] "GET /xingrg/dwr/interface/AjaxQqpsService.js HTTP/1.1" 200 16326
120.253.135.82 - - [02/Dec/2021:08:10:14 +0800] "GET /xingrg/dwr/interface/AjaxComOrderService.js HTTP/1.1" 200 18264
120.253.135.82 - - [02/Dec/2021:08:10:14 +0800] "GET /xingrg/dwr/engine.js HTTP/1.1" 200 43631
120.253.135.82 - - [02/Dec/2021:08:10:14 +0800] "POST /xingrg/dwr/call/plaincall/AjaxQqpsService.loadMaterielItems.dwr HTTP/1.1" 200 1764
58.40.7.146 - - [02/Dec/2021:08:10:17 +0800] "GET /xingrg/all/function/internal_message.html?_=1638403816724&CODE_STATE=getMsg HTTP/1.1" 302 -
120.253.135.82 - - [02/Dec/2021:08:10:18 +0800] "GET /xingrg/kc/pszx/mdqp_order_list.html?isBack=1 HTTP/1.1" 302 -
120.253.135.82 - - [02/Dec/2021:08:10:18 +0800] "GET /xingrg/kc/pszx/mdqp_order_list.html?state=10 HTTP/1.1" 200 11453
120.253.135.82 - - [02/Dec/2021:08:10:18 +0800] "GET /xingrg/dwr/interface/AjaxReportQueryService.js HTTP/1.1" 200 13203
120.253.135.82 - - [02/Dec/2021:08:10:18 +0800] "GET /xingrg/dwr/interface/AjaxQqpsService.js HTTP/1.1" 200 16326
120.253.135.82 - - [02/Dec/2021:08:10:19 +0800] "GET /xingrg/dwr/engine.js HTTP/1.1" 200 43631
222.70.171.86 - - [02/Dec/2021:08:10:22 +0800] "GET /xingrg/all/function/internal_message.html?_=1638403835896&CODE_STATE=getMsg HTTP/1.1" 200 27
120.253.135.82 - - [02/Dec/2021:08:10:32 +0800] "GET /xingrg/check_reg.html?_=1638403608729 HTTP/1.1" 200 22
180.169.147.146 - - [02/Dec/2021:08:10:39 +0800] "GET /xingrg/all/function/internal_message.html?_=1638403838168&CODE_STATE=getMsg HTTP/1.1" 200 27
120.253.135.82 - - [02/Dec/2021:08:10:40 +0800] "GET /xingrg/all/function/internal_message.html?_=1638403615813&CODE_STATE=getMsg HTTP/1.1" 200 27
120.253.135.82 - - [02/Dec/2021:08:10:44 +0800] "GET /xingrg/check_reg.html?_=1638403849430 HTTP/1.1" 200 22
114.85.125.222 - - [02/Dec/2021:08:10:51 +0800] "GET /xingrg/all/function/internal_message.html?_=1638403817157&CODE_STATE=getMsg HTTP/1.1" 200 27
222.70.176.97 - - [02/Dec/2021:08:10:55 +0800] "GET /xingrg/all/function/internal_message.html?_=1638403852762&CODE_STATE=getMsg HTTP/1.1" 200 27
180.169.147.146 - - [02/Dec/2021:08:10:56 +0800] "GET /xingrg/check_reg.html?_=1638403855267 HTTP/1.1" 200 22
180.169.147.146 - - [02/Dec/2021:08:10:59 +0800] "GET /xingrg/all/function/internal_message.html?_=1638403859384&CODE_STATE=getMsg HTTP/1.1" 200 27
120.253.135.82 - - [02/Dec/2021:08:11:04 +0800] "GET /xingrg/all/function/internal_message.html?_=1638403869268&CODE_STATE=getMsg HTTP/1.1" 200 27
116.238.248.233 - - [02/Dec/2021:08:11:07 +0800] "GET /xingrg/all/function/internal_message.html?_=1638403867268&CODE_STATE=getMsg HTTP/1.1" 200 27
58.40.7.146 - - [02/Dec/2021:08:11:17 +0800] "GET /xingrg/all/function/internal_message.html?_=1638403876727&CODE_STATE=getMsg HTTP/1.1" 302 -
58.40.7.146 - - [02/Dec/2021:08:11:17 +0800] "GET /xingrg/check_reg.html?_=1638403876728 HTTP/1.1" 302 -
222.70.171.86 - - [02/Dec/2021:08:11:23 +0800] "GET /xingrg/all/function/internal_message.html?_=1638403896416&CODE_STATE=getMsg HTTP/1.1" 200 27
120.253.135.82 - - [02/Dec/2021:08:11:28 +0800] "GET /xingrg/kc/pszx/mdqp_order_list.html?state=10 HTTP/1.1" 200 11453
120.253.135.82 - - [02/Dec/2021:08:11:28 +0800] "GET /xingrg/dwr/interface/AjaxReportQueryService.js HTTP/1.1" 200 13203
120.253.135.82 - - [02/Dec/2021:08:11:28 +0800] "GET /xingrg/dwr/engine.js HTTP/1.1" 200 43631
120.253.135.82 - - [02/Dec/2021:08:11:28 +0800] "GET /xingrg/dwr/interface/AjaxQqpsService.js HTTP/1.1" 200 16326
120.253.135.82 - - [02/Dec/2021:08:11:31 +0800] "GET /xingrg/kc/pszx/mdps_order_list.html?orderType=0 HTTP/1.1" 200 21130
120.253.135.82 - - [02/Dec/2021:08:11:31 +0800] "POST /xingrg/kc/pszx/mdps_list_operate.html HTTP/1.1" 200 5528
120.253.135.82 - - [02/Dec/2021:08:11:35 +0800] "GET /xingrg/kc/pszx/mdqp_order_list.html?state=10 HTTP/1.1" 200 11453
120.253.135.82 - - [02/Dec/2021:08:11:35 +0800] "GET /xingrg/dwr/interface/AjaxReportQueryService.js HTTP/1.1" 200 13203
120.253.135.82 - - [02/Dec/2021:08:11:35 +0800] "GET /xingrg/dwr/interface/AjaxQqpsService.js HTTP/1.1" 200 16326
120.253.135.82 - - [02/Dec/2021:08:11:35 +0800] "GET /xingrg/dwr/engine.js HTTP/1.1" 200 43631
180.169.147.146 - - [02/Dec/2021:08:11:39 +0800] "GET /xingrg/all/function/internal_message.html?_=1638403898153&CODE_STATE=getMsg HTTP/1.1" 200 27
120.253.135.82 - - [02/Dec/2021:08:11:40 +0800] "GET /xingrg/all/function/internal_message.html?_=1638403675828&CODE_STATE=getMsg HTTP/1.1" 200 27
120.253.135.82 - - [02/Dec/2021:08:11:42 +0800] "GET /xingrg/kc/pszx/mdth_order_list.html HTTP/1.1" 200 18554
120.253.135.82 - - [02/Dec/2021:08:11:42 +0800] "POST /xingrg/kc/pszx/mdth_order_new_list.html HTTP/1.1" 200 4142
120.253.135.82 - - [02/Dec/2021:08:11:45 +0800] "POST /xingrg/kc/pszx/mdth_order_new_list.html HTTP/1.1" 200 492
120.253.135.82 - - [02/Dec/2021:08:11:48 +0800] "GET /xingrg/kc/pszx/mdqp_order_list.html?state=10 HTTP/1.1" 200 11453
120.253.135.82 - - [02/Dec/2021:08:11:48 +0800] "GET /xingrg/dwr/interface/AjaxReportQueryService.js HTTP/1.1" 200 13203
120.253.135.82 - - [02/Dec/2021:08:11:48 +0800] "GET /xingrg/dwr/interface/AjaxQqpsService.js HTTP/1.1" 200 16326
120.253.135.82 - - [02/Dec/2021:08:11:48 +0800] "GET /xingrg/dwr/engine.js HTTP/1.1" 200 43631
114.85.125.222 - - [02/Dec/2021:08:11:51 +0800] "GET /xingrg/all/function/internal_message.html?_=1638403877165&CODE_STATE=getMsg HTTP/1.1" 200 27
222.70.176.97 - - [02/Dec/2021:08:11:54 +0800] "GET /xingrg/all/function/internal_message.html?_=1638403912745&CODE_STATE=getMsg HTTP/1.1" 200 27
180.169.147.146 - - [02/Dec/2021:08:11:59 +0800] "GET /xingrg/all/function/internal_message.html?_=1638403919384&CODE_STATE=getMsg HTTP/1.1" 200 27
120.253.135.82 - - [02/Dec/2021:08:12:04 +0800] "GET /xingrg/all/function/internal_message.html?_=1638403929281&CODE_STATE=getMsg HTTP/1.1" 200 27
116.238.248.233 - - [02/Dec/2021:08:12:07 +0800] "GET /xingrg/all/function/internal_message.html?_=1638403927267&CODE_STATE=getMsg HTTP/1.1" 200 27
222.70.176.97 - - [02/Dec/2021:08:12:07 +0800] "GET /xingrg/check_reg.html?_=1638403925665 HTTP/1.1" 200 22
58.40.7.146 - - [02/Dec/2021:08:12:17 +0800] "GET /xingrg/all/function/internal_message.html?_=1638403936731&CODE_STATE=getMsg HTTP/1.1" 302 -
222.70.171.86 - - [02/Dec/2021:08:12:23 +0800] "GET /xingrg/all/function/internal_message.html?_=1638403956422&CODE_STATE=getMsg HTTP/1.1" 200 27
180.169.147.146 - - [02/Dec/2021:08:12:39 +0800] "GET /xingrg/all/function/internal_message.html?_=1638403958137&CODE_STATE=getMsg HTTP/1.1" 200 27
120.253.135.82 - - [02/Dec/2021:08:12:40 +0800] "GET /xingrg/all/function/internal_message.html?_=1638403735923&CODE_STATE=getMsg HTTP/1.1" 200 27
114.85.125.222 - - [02/Dec/2021:08:12:51 +0800] "GET /xingrg/all/function/internal_message.html?_=1638403937185&CODE_STATE=getMsg HTTP/1.1" 200 27
222.70.176.97 - - [02/Dec/2021:08:12:54 +0800] "GET /xingrg/all/function/internal_message.html?_=1638403972717&CODE_STATE=getMsg HTTP/1.1" 200 27
180.169.147.146 - - [02/Dec/2021:08:12:59 +0800] "GET /xingrg/all/function/internal_message.html?_=1638403979382&CODE_STATE=getMsg HTTP/1.1" 200 27
120.253.135.82 - - [02/Dec/2021:08:13:04 +0800] "GET /xingrg/all/function/internal_message.html?_=1638403989314&CODE_STATE=getMsg HTTP/1.1" 200 27
116.238.248.233 - - [02/Dec/2021:08:13:07 +0800] "GET /xingrg/all/function/internal_message.html?_=1638403987287&CODE_STATE=getMsg HTTP/1.1" 200 27
116.238.248.233 - - [02/Dec/2021:08:13:07 +0800] "GET /xingrg/check_reg.html?_=1638403987288 HTTP/1.1" 200 22
58.40.7.146 - - [02/Dec/2021:08:13:17 +0800] "GET /xingrg/all/function/internal_message.html?_=1638403996735&CODE_STATE=getMsg HTTP/1.1" 302 -
222.70.171.86 - - [02/Dec/2021:08:13:23 +0800] "GET /xingrg/all/function/internal_message.html?_=1638404016944&CODE_STATE=getMsg HTTP/1.1" 200 27
180.169.147.146 - - [02/Dec/2021:08:13:39 +0800] "GET /xingrg/all/function/internal_message.html?_=1638404018121&CODE_STATE=getMsg HTTP/1.1" 200 27
120.253.135.82 - - [02/Dec/2021:08:13:40 +0800] "GET /xingrg/all/function/internal_message.html?_=1638403795931&CODE_STATE=getMsg HTTP/1.1" 200 27
114.85.125.222 - - [02/Dec/2021:08:13:41 +0800] "GET /xingrg/check_reg.html?_=1638403987164 HTTP/1.1" 200 22
114.85.125.222 - - [02/Dec/2021:08:13:51 +0800] "GET /xingrg/all/function/internal_message.html?_=1638403997192&CODE_STATE=getMsg HTTP/1.1" 200 27
222.70.176.97 - - [02/Dec/2021:08:13:54 +0800] "GET /xingrg/all/function/internal_message.html?_=1638404032735&CODE_STATE=getMsg HTTP/1.1" 200 27
58.35.210.86 - - [02/Dec/2021:08:13:58 +0800] "POST /xingrg/services/DataTransmitService HTTP/1.1" 200 524
180.169.147.146 - - [02/Dec/2021:08:13:59 +0800] "GET /xingrg/all/function/internal_message.html?_=1638404039380&CODE_STATE=getMsg HTTP/1.1" 200 27
120.253.135.82 - - [02/Dec/2021:08:14:04 +0800] "GET /xingrg/all/function/internal_message.html?_=1638404049324&CODE_STATE=getMsg HTTP/1.1" 200 27
222.70.171.86 - - [02/Dec/2021:08:14:06 +0800] "GET /xingrg/check_reg.html?_=1638404059975 HTTP/1.1" 200 22
116.238.248.233 - - [02/Dec/2021:08:14:07 +0800] "GET /xingrg/all/function/internal_message.html?_=1638404047292&CODE_STATE=getMsg HTTP/1.1" 200 27
58.40.7.146 - - [02/Dec/2021:08:14:17 +0800] "GET /xingrg/all/function/internal_message.html?_=1638404056742&CODE_STATE=getMsg HTTP/1.1" 302 -
222.70.171.86 - - [02/Dec/2021:08:14:17 +0800] "GET /xingrg/check_reg.html?_=1638404068341 HTTP/1.1" 302 -
222.70.171.86 - - [02/Dec/2021:08:14:23 +0800] "GET /xingrg/all/function/internal_message.html?_=1638404076949&CODE_STATE=getMsg HTTP/1.1" 200 27
180.169.147.146 - - [02/Dec/2021:08:14:39 +0800] "GET /xingrg/all/function/internal_message.html?_=1638404078104&CODE_STATE=getMsg HTTP/1.1" 200 27
120.253.135.82 - - [02/Dec/2021:08:14:40 +0800] "GET /xingrg/all/function/internal_message.html?_=1638403855944&CODE_STATE=getMsg HTTP/1.1" 200 27
114.85.125.222 - - [02/Dec/2021:08:14:51 +0800] "GET /xingrg/all/function/internal_message.html?_=1638404057205&CODE_STATE=getMsg HTTP/1.1" 200 27
222.70.176.97 - - [02/Dec/2021:08:14:54 +0800] "GET /xingrg/all/function/internal_message.html?_=1638404092718&CODE_STATE=getMsg HTTP/1.1" 200 27
180.169.147.146 - - [02/Dec/2021:08:14:59 +0800] "GET /xingrg/all/function/internal_message.html?_=1638404099393&CODE_STATE=getMsg HTTP/1.1" 200 27
180.169.147.146 - - [02/Dec/2021:08:14:59 +0800] "GET /xingrg/check_reg.html?_=1638404099394 HTTP/1.1" 200 22
120.253.135.82 - - [02/Dec/2021:08:15:04 +0800] "GET /xingrg/all/function/internal_message.html?_=1638404109358&CODE_STATE=getMsg HTTP/1.1" 200 27
116.238.248.233 - - [02/Dec/2021:08:15:07 +0800] "GET /xingrg/all/function/internal_message.html?_=1638404107297&CODE_STATE=getMsg HTTP/1.1" 200 27
58.40.7.146 - - [02/Dec/2021:08:15:17 +0800] "GET /xingrg/all/function/internal_message.html?_=1638404116729&CODE_STATE=getMsg HTTP/1.1" 302 -
222.70.171.86 - - [02/Dec/2021:08:15:23 +0800] "GET /xingrg/all/function/internal_message.html?_=1638404136964&CODE_STATE=getMsg HTTP/1.1" 200 27
120.253.135.82 - - [02/Dec/2021:08:15:32 +0800] "GET /xingrg/check_reg.html?_=1638403908739 HTTP/1.1" 200 22
180.169.147.146 - - [02/Dec/2021:08:15:39 +0800] "GET /xingrg/all/function/internal_message.html?_=1638404138088&CODE_STATE=getMsg HTTP/1.1" 200 27
120.253.135.82 - - [02/Dec/2021:08:15:40 +0800] "GET /xingrg/all/function/internal_message.html?_=1638403916037&CODE_STATE=getMsg HTTP/1.1" 200 27
120.253.135.82 - - [02/Dec/2021:08:15:44 +0800] "GET /xingrg/check_reg.html?_=1638404149434 HTTP/1.1" 200 22
114.85.125.222 - - [02/Dec/2021:08:15:51 +0800] "GET /xingrg/all/function/internal_message.html?_=1638404117228&CODE_STATE=getMsg HTTP/1.1" 200 27
222.70.176.97 - - [02/Dec/2021:08:15:54 +0800] "GET /xingrg/all/function/internal_message.html?_=1638404152703&CODE_STATE=getMsg HTTP/1.1" 200 27
180.169.147.146 - - [02/Dec/2021:08:15:56 +0800] "GET /xingrg/check_reg.html?_=1638404155249 HTTP/1.1" 200 22
180.169.147.146 - - [02/Dec/2021:08:15:59 +0800] "GET /xingrg/all/function/internal_message.html?_=1638404159386&CODE_STATE=getMsg HTTP/1.1" 200 27
120.253.135.82 - - [02/Dec/2021:08:16:04 +0800] "GET /xingrg/all/function/internal_message.html?_=1638404169367&CODE_STATE=getMsg HTTP/1.1" 200 27
116.238.248.233 - - [02/Dec/2021:08:16:07 +0800] "GET /xingrg/all/function/internal_message.html?_=1638404167298&CODE_STATE=getMsg HTTP/1.1" 200 27
58.40.7.146 - - [02/Dec/2021:08:16:17 +0800] "GET /xingrg/all/function/internal_message.html?_=1638404176734&CODE_STATE=getMsg HTTP/1.1" 302 -
58.40.7.146 - - [02/Dec/2021:08:16:17 +0800] "GET /xingrg/check_reg.html?_=1638404176735 HTTP/1.1" 302 -
222.70.171.86 - - [02/Dec/2021:08:16:24 +0800] "GET /xingrg/all/function/internal_message.html?_=1638404197496&CODE_STATE=getMsg HTTP/1.1" 200 27
180.169.147.146 - - [02/Dec/2021:08:16:39 +0800] "GET /xingrg/all/function/internal_message.html?_=1638404198072&CODE_STATE=getMsg HTTP/1.1" 200 27
120.253.135.82 - - [02/Dec/2021:08:16:40 +0800] "GET /xingrg/all/function/internal_message.html?_=1638403976049&CODE_STATE=getMsg HTTP/1.1" 200 27
114.85.125.222 - - [02/Dec/2021:08:16:51 +0800] "GET /xingrg/all/function/internal_message.html?_=1638404177234&CODE_STATE=getMsg HTTP/1.1" 200 27
222.70.176.97 - - [02/Dec/2021:08:16:54 +0800] "GET /xingrg/all/function/internal_message.html?_=1638404212713&CODE_STATE=getMsg HTTP/1.1" 200 27
180.169.147.146 - - [02/Dec/2021:08:16:59 +0800] "GET /xingrg/all/function/internal_message.html?_=1638404219385&CODE_STATE=getMsg HTTP/1.1" 200 27
120.253.135.82 - - [02/Dec/2021:08:17:04 +0800] "GET /xingrg/all/function/internal_message.html?_=1638404229380&CODE_STATE=getMsg HTTP/1.1" 200 27
116.238.248.233 - - [02/Dec/2021:08:17:07 +0800] "GET /xingrg/all/function/internal_message.html?_=1638404227308&CODE_STATE=getMsg HTTP/1.1" 200 27
222.70.176.97 - - [02/Dec/2021:08:17:07 +0800] "GET /xingrg/check_reg.html?_=1638404225696 HTTP/1.1" 200 22
58.40.7.146 - - [02/Dec/2021:08:17:17 +0800] "GET /xingrg/all/function/internal_message.html?_=1638404236738&CODE_STATE=getMsg HTTP/1.1" 302 -
222.70.171.86 - - [02/Dec/2021:08:17:24 +0800] "GET /xingrg/all/function/internal_message.html?_=1638404257505&CODE_STATE=getMsg HTTP/1.1" 200 27
180.169.147.146 - - [02/Dec/2021:08:17:39 +0800] "GET /xingrg/all/function/internal_message.html?_=1638404258056&CODE_STATE=getMsg HTTP/1.1" 200 27
120.253.135.82 - - [02/Dec/2021:08:17:40 +0800] "GET /xingrg/all/function/internal_message.html?_=1638404036132&CODE_STATE=getMsg HTTP/1.1" 200 27
114.85.125.222 - - [02/Dec/2021:08:17:51 +0800] "GET /xingrg/all/function/internal_message.html?_=1638404237255&CODE_STATE=getMsg HTTP/1.1" 200 27
222.70.176.97 - - [02/Dec/2021:08:17:54 +0800] "GET /xingrg/all/function/internal_message.html?_=1638404272686&CODE_STATE=getMsg HTTP/1.1" 200 27
180.169.147.146 - - [02/Dec/2021:08:17:59 +0800] "GET /xingrg/all/function/internal_message.html?_=1638404279374&CODE_STATE=getMsg HTTP/1.1" 200 27
120.253.135.82 - - [02/Dec/2021:08:18:04 +0800] "GET /xingrg/all/function/internal_message.html?_=1638404289411&CODE_STATE=getMsg HTTP/1.1" 200 27
116.238.248.233 - - [02/Dec/2021:08:18:07 +0800] "GET /xingrg/all/function/internal_message.html?_=1638404287320&CODE_STATE=getMsg HTTP/1.1" 200 27
116.238.248.233 - - [02/Dec/2021:08:18:07 +0800] "GET /xingrg/check_reg.html?_=1638404287321 HTTP/1.1" 200 22
58.40.7.146 - - [02/Dec/2021:08:18:17 +0800] "GET /xingrg/all/function/internal_message.html?_=1638404296743&CODE_STATE=getMsg HTTP/1.1" 302 -
222.70.171.86 - - [02/Dec/2021:08:18:24 +0800] "GET /xingrg/all/function/internal_message.html?_=1638404318031&CODE_STATE=getMsg HTTP/1.1" 200 27
180.169.147.146 - - [02/Dec/2021:08:18:39 +0800] "GET /xingrg/all/function/internal_message.html?_=1638404318040&CODE_STATE=getMsg HTTP/1.1" 200 27
120.253.135.82 - - [02/Dec/2021:08:18:40 +0800] "GET /xingrg/all/function/internal_message.html?_=1638404096155&CODE_STATE=getMsg HTTP/1.1" 200 27
114.85.125.222 - - [02/Dec/2021:08:18:41 +0800] "GET /xingrg/check_reg.html?_=1638404287169 HTTP/1.1" 200 22
120.253.135.82 - - [02/Dec/2021:08:18:45 +0800] "GET /xingrg/kc/pszx/mdqp_order_list.html?state=10 HTTP/1.1" 200 11453
120.253.135.82 - - [02/Dec/2021:08:18:45 +0800] "GET /xingrg/dwr/interface/AjaxQqpsService.js HTTP/1.1" 200 16326
120.253.135.82 - - [02/Dec/2021:08:18:45 +0800] "GET /xingrg/dwr/interface/AjaxReportQueryService.js HTTP/1.1" 200 13203
120.253.135.82 - - [02/Dec/2021:08:18:45 +0800] "GET /xingrg/dwr/engine.js HTTP/1.1" 200 43631
114.85.125.222 - - [02/Dec/2021:08:18:51 +0800] "GET /xingrg/all/function/internal_message.html?_=1638404297259&CODE_STATE=getMsg HTTP/1.1" 200 27
222.70.176.97 - - [02/Dec/2021:08:18:54 +0800] "GET /xingrg/all/function/internal_message.html?_=1638404332670&CODE_STATE=getMsg HTTP/1.1" 200 27
180.169.147.146 - - [02/Dec/2021:08:18:59 +0800] "GET /xingrg/all/function/internal_message.html?_=1638404339383&CODE_STATE=getMsg HTTP/1.1" 200 27
120.253.135.82 - - [02/Dec/2021:08:19:04 +0800] "GET /xingrg/all/function/internal_message.html?_=1638404349423&CODE_STATE=getMsg HTTP/1.1" 200 27
222.70.171.86 - - [02/Dec/2021:08:19:06 +0800] "GET /xingrg/check_reg.html?_=1638404359981 HTTP/1.1" 200 22
116.238.248.233 - - [02/Dec/2021:08:19:07 +0800] "GET /xingrg/all/function/internal_message.html?_=1638404347307&CODE_STATE=getMsg HTTP/1.1" 200 27
58.40.7.146 - - [02/Dec/2021:08:19:17 +0800] "GET /xingrg/all/function/internal_message.html?_=1638404356730&CODE_STATE=getMsg HTTP/1.1" 302 -
222.70.171.86 - - [02/Dec/2021:08:19:17 +0800] "GET /xingrg/check_reg.html?_=1638404368344 HTTP/1.1" 302 -
222.70.171.86 - - [02/Dec/2021:08:19:24 +0800] "GET /xingrg/all/function/internal_message.html?_=1638404378037&CODE_STATE=getMsg HTTP/1.1" 200 27
180.169.147.146 - - [02/Dec/2021:08:19:39 +0800] "GET /xingrg/all/function/internal_message.html?_=1638404378024&CODE_STATE=getMsg HTTP/1.1" 200 27
120.253.135.82 - - [02/Dec/2021:08:19:40 +0800] "GET /xingrg/all/function/internal_message.html?_=1638404156246&CODE_STATE=getMsg HTTP/1.1" 200 27
114.85.125.222 - - [02/Dec/2021:08:19:51 +0800] "GET /xingrg/all/function/internal_message.html?_=1638404357273&CODE_STATE=getMsg HTTP/1.1" 200 27
222.70.176.97 - - [02/Dec/2021:08:19:54 +0800] "GET /xingrg/all/function/internal_message.html?_=1638404392655&CODE_STATE=getMsg HTTP/1.1" 200 27
180.169.147.146 - - [02/Dec/2021:08:19:59 +0800] "GET /xingrg/all/function/internal_message.html?_=1638404399401&CODE_STATE=getMsg HTTP/1.1" 200 27
180.169.147.146 - - [02/Dec/2021:08:19:59 +0800] "GET /xingrg/check_reg.html?_=1638404399403 HTTP/1.1" 200 22
120.253.135.82 - - [02/Dec/2021:08:20:04 +0800] "GET /xingrg/all/function/internal_message.html?_=1638404409460&CODE_STATE=getMsg HTTP/1.1" 200 27
116.238.248.233 - - [02/Dec/2021:08:20:07 +0800] "GET /xingrg/all/function/internal_message.html?_=1638404407320&CODE_STATE=getMsg HTTP/1.1" 200 27
58.40.7.146 - - [02/Dec/2021:08:20:17 +0800] "GET /xingrg/all/function/internal_message.html?_=1638404416735&CODE_STATE=getMsg HTTP/1.1" 302 -
222.70.171.86 - - [02/Dec/2021:08:20:24 +0800] "GET /xingrg/all/function/internal_message.html?_=1638404438045&CODE_STATE=getMsg HTTP/1.1" 200 27
120.253.135.82 - - [02/Dec/2021:08:20:32 +0800] "GET /xingrg/check_reg.html?_=1638404208741 HTTP/1.1" 200 22
180.169.147.146 - - [02/Dec/2021:08:20:39 +0800] "GET /xingrg/all/function/internal_message.html?_=1638404438008&CODE_STATE=getMsg HTTP/1.1" 200 27
120.253.135.82 - - [02/Dec/2021:08:20:40 +0800] "GET /xingrg/all/function/internal_message.html?_=1638404216260&CODE_STATE=getMsg HTTP/1.1" 200 27
120.253.135.82 - - [02/Dec/2021:08:20:44 +0800] "GET /xingrg/check_reg.html?_=1638404449440 HTTP/1.1" 200 22
114.85.125.222 - - [02/Dec/2021:08:20:51 +0800] "GET /xingrg/all/function/internal_message.html?_=1638404417294&CODE_STATE=getMsg HTTP/1.1" 200 27
222.70.176.97 - - [02/Dec/2021:08:20:54 +0800] "GET /xingrg/all/function/internal_message.html?_=1638404452649&CODE_STATE=getMsg HTTP/1.1" 200 27
180.169.147.146 - - [02/Dec/2021:08:20:56 +0800] "GET /xingrg/check_reg.html?_=1638404455232 HTTP/1.1" 200 22
180.169.147.146 - - [02/Dec/2021:08:20:59 +0800] "GET /xingrg/all/function/internal_message.html?_=1638404459388&CODE_STATE=getMsg HTTP/1.1" 200 27
120.253.135.82 - - [02/Dec/2021:08:21:04 +0800] "GET /xingrg/all/function/internal_message.html?_=1638404469466&CODE_STATE=getMsg HTTP/1.1" 200 27
116.238.248.233 - - [02/Dec/2021:08:21:07 +0800] "GET /xingrg/all/function/internal_message.html?_=1638404467321&CODE_STATE=getMsg HTTP/1.1" 200 27
58.40.7.146 - - [02/Dec/2021:08:21:17 +0800] "GET /xingrg/all/function/internal_message.html?_=1638404476738&CODE_STATE=getMsg HTTP/1.1" 302 -
58.40.7.146 - - [02/Dec/2021:08:21:17 +0800] "GET /xingrg/check_reg.html?_=1638404476740 HTTP/1.1" 302 -
