58.40.7.146 - - [01/Dec/2021:08:41:15 +0800] "GET /xingrg/all/function/internal_message.html?_=1638319275837&CODE_STATE=getMsg HTTP/1.1" 302 -
58.39.139.200 - - [01/Dec/2021:08:41:18 +0800] "GET /xingrg/all/function/internal_message.html?_=1638319278814&CODE_STATE=getMsg HTTP/1.1" 200 27
58.39.139.200 - - [01/Dec/2021:08:41:21 +0800] "GET /xingrg/kc/buy/cgsh_order_operate.html?command=get_materiel&rest_code=00105&code=00101008361&supplier_code=00100203&order_time=2021-12-01 HTTP/1.1" 200 408
116.227.210.113 - - [01/Dec/2021:08:41:25 +0800] "GET /xingrg/all/function/internal_message.html?_=1638319282809&CODE_STATE=getMsg HTTP/1.1" 200 27
116.227.210.113 - - [01/Dec/2021:08:41:25 +0800] "GET /xingrg/check_reg.html?_=1638319282812 HTTP/1.1" 200 22
58.39.139.200 - - [01/Dec/2021:08:41:28 +0800] "GET /xingrg/javascript/jquery_tools/images/next.gif HTTP/1.1" 404 1086
58.39.139.200 - - [01/Dec/2021:08:41:28 +0800] "GET /xingrg/javascript/jquery_tools/images/prev.gif HTTP/1.1" 404 1086
58.39.139.200 - - [01/Dec/2021:08:41:36 +0800] "GET /xingrg/kc/buy/cgsh_order_operate.html?command=get_materiel&rest_code=00105&code=00101008118&supplier_code=00100203&order_time=2021-12-01 HTTP/1.1" 200 418
120.253.135.82 - - [01/Dec/2021:08:41:45 +0800] "GET /xingrg/kc/pszx/mdqp_order_list.html?state=10 HTTP/1.1" 200 10217
120.253.135.82 - - [01/Dec/2021:08:41:45 +0800] "GET /xingrg/dwr/interface/AjaxReportQueryService.js HTTP/1.1" 200 13203
120.253.135.82 - - [01/Dec/2021:08:41:45 +0800] "GET /xingrg/dwr/interface/AjaxQqpsService.js HTTP/1.1" 200 16326
120.253.135.82 - - [01/Dec/2021:08:41:45 +0800] "GET /xingrg/dwr/engine.js HTTP/1.1" 200 43631
120.253.135.82 - - [01/Dec/2021:08:41:48 +0800] "GET /xingrg/kc/pszx/mdth_order_list.html HTTP/1.1" 200 18513
120.253.135.82 - - [01/Dec/2021:08:41:49 +0800] "POST /xingrg/kc/pszx/mdth_order_new_list.html HTTP/1.1" 200 4142
58.39.139.200 - - [01/Dec/2021:08:41:50 +0800] "GET /xingrg/kc/base/wldb_order_operate.html?command=get_materiel&rest_code=00105&base_code=0010510&code=00101036002 HTTP/1.1" 200 441
58.39.139.200 - - [01/Dec/2021:08:41:51 +0800] "GET /xingrg/all/function/internal_message.html?_=1638319247997&CODE_STATE=getMsg HTTP/1.1" 200 27
120.253.135.82 - - [01/Dec/2021:08:41:51 +0800] "GET /xingrg/kc/pszx/mdqp_order_list.html?state=10 HTTP/1.1" 200 10217
120.253.135.82 - - [01/Dec/2021:08:41:51 +0800] "GET /xingrg/dwr/interface/AjaxQqpsService.js HTTP/1.1" 200 16326
120.253.135.82 - - [01/Dec/2021:08:41:51 +0800] "GET /xingrg/dwr/interface/AjaxReportQueryService.js HTTP/1.1" 200 13203
120.253.135.82 - - [01/Dec/2021:08:41:51 +0800] "GET /xingrg/dwr/engine.js HTTP/1.1" 200 43631
58.39.139.200 - - [01/Dec/2021:08:41:53 +0800] "POST /xingrg/all/common/load_select.html HTTP/1.1" 200 25
222.70.171.86 - - [01/Dec/2021:08:41:54 +0800] "GET /xingrg/all/function/internal_message.html?_=1638319324085&CODE_STATE=getMsg HTTP/1.1" 200 27
58.39.139.200 - - [01/Dec/2021:08:41:56 +0800] "GET /xingrg/kc/base/wldb_order_operate.html?command=get_materiel_price&rest_code=00105&base_code=0010510&code=00101036002&unit_code=00100317 HTTP/1.1" 200 37
114.86.228.29 - - [01/Dec/2021:08:41:58 +0800] "GET /xingrg/check_reg.html?_=1638319318630 HTTP/1.1" 200 22
114.86.228.29 - - [01/Dec/2021:08:41:58 +0800] "GET /xingrg/all/function/internal_message.html?_=1638319318633&CODE_STATE=getMsg HTTP/1.1" 200 27
58.39.139.200 - - [01/Dec/2021:08:42:07 +0800] "POST /xingrg/kc/base/wldb_order_operate.html HTTP/1.1" 200 37
58.39.139.200 - - [01/Dec/2021:08:42:08 +0800] "POST /xingrg/kc/base/wldb_order_operate.html HTTP/1.1" 200 2191
120.253.135.82 - - [01/Dec/2021:08:42:08 +0800] "GET /xingrg/all/function/internal_message.html?_=1638319105340&CODE_STATE=getMsg HTTP/1.1" 200 27
58.39.139.200 - - [01/Dec/2021:08:42:09 +0800] "GET /xingrg/kc/base/wldb_order_info.html?code=422021120100001 HTTP/1.1" 200 30451
58.39.139.200 - - [01/Dec/2021:08:42:09 +0800] "GET /xingrg/javascript/easyui/themes/default/validatebox.css HTTP/1.1" 404 1104
58.39.139.200 - - [01/Dec/2021:08:42:10 +0800] "POST /xingrg/kc/base/wldb_order_operate.html HTTP/1.1" 200 2191
58.39.139.200 - - [01/Dec/2021:08:42:11 +0800] "GET /xingrg/kc/buy/cgsh_order_operate.html?command=get_materiel&rest_code=00105&code=00101008098&supplier_code=00100203&order_time=2021-12-01 HTTP/1.1" 200 412
58.40.7.146 - - [01/Dec/2021:08:42:15 +0800] "GET /xingrg/all/function/internal_message.html?_=1638319335839&CODE_STATE=getMsg HTTP/1.1" 302 -
58.39.139.200 - - [01/Dec/2021:08:42:17 +0800] "GET /xingrg/kc/buy/cgsh_order_operate.html?command=get_materiel&rest_code=00105&code=00101008353&supplier_code=00100203&order_time=2021-12-01 HTTP/1.1" 200 408
58.39.139.200 - - [01/Dec/2021:08:42:18 +0800] "GET /xingrg/all/function/internal_message.html?_=1638319338872&CODE_STATE=getMsg HTTP/1.1" 200 27
58.39.139.200 - - [01/Dec/2021:08:42:24 +0800] "GET /xingrg/kc/buy/cgsh_order_operate.html?command=get_materiel&rest_code=00105&code=00101001166&supplier_code=00100203&order_time=2021-12-01 HTTP/1.1" 200 408
116.227.210.113 - - [01/Dec/2021:08:42:25 +0800] "GET /xingrg/all/function/internal_message.html?_=1638319342807&CODE_STATE=getMsg HTTP/1.1" 200 27
58.39.139.200 - - [01/Dec/2021:08:42:26 +0800] "POST /xingrg/kc/buy/cgsh_order_operate.html HTTP/1.1" 200 2065
114.83.221.14 - - [01/Dec/2021:08:42:28 +0800] "GET /favicon.ico HTTP/1.1" 404 -
58.39.139.200 - - [01/Dec/2021:08:42:32 +0800] "GET /xingrg/kc/buy/cgsh_order_operate.html?command=get_materiel&rest_code=00105&code=00101008201&supplier_code=00100203&order_time=2021-12-01 HTTP/1.1" 200 412
58.39.139.200 - - [01/Dec/2021:08:42:39 +0800] "GET /xingrg/kc/buy/cgsh_order_operate.html?command=get_materiel&rest_code=00105&code=00101010136&supplier_code=00100203&order_time=2021-12-01 HTTP/1.1" 200 408
58.39.139.200 - - [01/Dec/2021:08:42:47 +0800] "POST /xingrg/all/common/load_select.html HTTP/1.1" 200 12
58.39.139.200 - - [01/Dec/2021:08:42:51 +0800] "GET /xingrg/all/function/internal_message.html?_=1638319307995&CODE_STATE=getMsg HTTP/1.1" 200 27
222.70.171.86 - - [01/Dec/2021:08:42:54 +0800] "GET /xingrg/all/function/internal_message.html?_=1638319384106&CODE_STATE=getMsg HTTP/1.1" 200 27
114.86.228.29 - - [01/Dec/2021:08:42:58 +0800] "GET /xingrg/all/function/internal_message.html?_=1638319378632&CODE_STATE=getMsg HTTP/1.1" 200 27
58.39.139.200 - - [01/Dec/2021:08:43:02 +0800] "GET /xingrg/kc/buy/cgsh_order_operate.html?command=get_materiel_price&rest_code=00105&code=00101008353&unit_code=00100190&supplier_code=00100203&order_time=2021-12-01 HTTP/1.1" 200 27
120.253.135.82 - - [01/Dec/2021:08:43:08 +0800] "GET /xingrg/all/function/internal_message.html?_=1638319165347&CODE_STATE=getMsg HTTP/1.1" 200 27
58.39.139.200 - - [01/Dec/2021:08:43:10 +0800] "POST /xingrg/kc/buy/cgsh_order_operate.html HTTP/1.1" 200 75
58.40.7.146 - - [01/Dec/2021:08:43:15 +0800] "GET /xingrg/all/function/internal_message.html?_=1638319395841&CODE_STATE=getMsg HTTP/1.1" 302 -
58.39.139.200 - - [01/Dec/2021:08:43:18 +0800] "GET /xingrg/all/function/internal_message.html?_=1638319398841&CODE_STATE=getMsg HTTP/1.1" 200 27
116.227.210.113 - - [01/Dec/2021:08:43:25 +0800] "GET /xingrg/all/function/internal_message.html?_=1638319402805&CODE_STATE=getMsg HTTP/1.1" 200 27
58.39.139.200 - - [01/Dec/2021:08:43:30 +0800] "POST /xingrg/kc/buy/cgsh_order_operate.html HTTP/1.1" 200 37
58.39.139.200 - - [01/Dec/2021:08:43:31 +0800] "POST /xingrg/kc/buy/cgsh_order_operate.html HTTP/1.1" 200 38100
222.70.171.86 - - [01/Dec/2021:08:43:32 +0800] "GET /xingrg/kc/base/check_order_info.html?code=452021113000378 HTTP/1.1" 200 26360
222.70.171.86 - - [01/Dec/2021:08:43:32 +0800] "GET /xingrg/dwr/interface/AjaxComOrderService.js HTTP/1.1" 200 18264
222.70.171.86 - - [01/Dec/2021:08:43:32 +0800] "GET /xingrg/dwr/interface/AjaxCheckService.js HTTP/1.1" 200 14003
222.70.171.86 - - [01/Dec/2021:08:43:32 +0800] "GET /xingrg/dwr/engine.js HTTP/1.1" 200 43631
222.70.171.86 - - [01/Dec/2021:08:43:33 +0800] "POST /xingrg/dwr/call/plaincall/AjaxCheckService.loadOrderItems.dwr HTTP/1.1" 200 105734
58.39.139.200 - - [01/Dec/2021:08:43:51 +0800] "GET /xingrg/all/function/internal_message.html?_=1638319367996&CODE_STATE=getMsg HTTP/1.1" 200 27
222.70.171.86 - - [01/Dec/2021:08:43:54 +0800] "POST /xingrg/dwr/call/plaincall/AjaxCheckService.setItemNumber.dwr HTTP/1.1" 200 76
222.70.171.86 - - [01/Dec/2021:08:43:54 +0800] "GET /xingrg/all/function/internal_message.html?_=1638319444113&CODE_STATE=getMsg HTTP/1.1" 200 27
114.86.228.29 - - [01/Dec/2021:08:43:58 +0800] "GET /xingrg/all/function/internal_message.html?_=1638319438633&CODE_STATE=getMsg HTTP/1.1" 200 27
222.70.171.86 - - [01/Dec/2021:08:43:58 +0800] "POST /xingrg/dwr/call/plaincall/AjaxCheckService.setItemNumber.dwr HTTP/1.1" 200 76
114.83.221.14 - - [01/Dec/2021:08:44:00 +0800] "GET /favicon.ico HTTP/1.1" 404 -
114.83.221.14 - - [01/Dec/2021:08:44:00 +0800] "GET /favicon.ico HTTP/1.1" 404 -
120.253.135.82 - - [01/Dec/2021:08:44:06 +0800] "GET /xingrg/check_reg.html?_=1638319222719 HTTP/1.1" 200 22
120.253.135.82 - - [01/Dec/2021:08:44:08 +0800] "GET /xingrg/all/function/internal_message.html?_=1638319225360&CODE_STATE=getMsg HTTP/1.1" 200 27
114.83.221.14 - - [01/Dec/2021:08:44:09 +0800] "GET /xingrg/login.html?sysBaseUrl=http%3A%2F%2F180.169.147.146%3A18081%2Fxingrg%2F&costTime=31×tamp=1615347190560 HTTP/1.1" 200 7641
114.83.221.14 - - [01/Dec/2021:08:44:09 +0800] "GET /xingrg/images/blue/jxLogo.png HTTP/1.1" 304 -
114.83.221.14 - - [01/Dec/2021:08:44:09 +0800] "GET /xingrg/images/blue/login_bg.png HTTP/1.1" 304 -
114.83.221.14 - - [01/Dec/2021:08:44:09 +0800] "GET /xingrg/images/blue/hj.png HTTP/1.1" 304 -
114.83.221.14 - - [01/Dec/2021:08:44:09 +0800] "GET /xingrg/images/blue/srbg.png HTTP/1.1" 304 -
222.70.171.86 - - [01/Dec/2021:08:44:09 +0800] "POST /xingrg/dwr/call/plaincall/AjaxCheckService.setItemNumber.dwr HTTP/1.1" 200 76
114.83.221.14 - - [01/Dec/2021:08:44:09 +0800] "GET /favicon.ico HTTP/1.1" 404 -
114.83.221.14 - - [01/Dec/2021:08:44:11 +0800] "POST /xingrg/login.do HTTP/1.1" 302 -
114.83.221.14 - - [01/Dec/2021:08:44:11 +0800] "GET /xingrg/javascript/jquery_easy_ui/themes/icon.css HTTP/1.1" 200 3949
114.83.221.14 - - [01/Dec/2021:08:44:11 +0800] "GET /xingrg/index.html?sysBaseUrl=http%3A%2F%2F180.169.147.146%3A18081%2Fxingrg%2F&costTime=53×tamp=1638319451327 HTTP/1.1" 200 17179
114.83.221.14 - - [01/Dec/2021:08:44:11 +0800] "GET /xingrg/css/form.css HTTP/1.1" 200 893
114.83.221.14 - - [01/Dec/2021:08:44:11 +0800] "GET /xingrg/javascript/jquery-1.4.2.min.js HTTP/1.1" 200 72205
114.83.221.14 - - [01/Dec/2021:08:44:11 +0800] "GET /xingrg/javascript/jquery_easy_ui/jquery.easyui.min.js HTTP/1.1" 200 213662
114.83.221.14 - - [01/Dec/2021:08:44:11 +0800] "GET /xingrg/javascript/jquery_easy_ui/easyui-lang-zh_CN.js HTTP/1.1" 200 1900
114.83.221.14 - - [01/Dec/2021:08:44:11 +0800] "GET /xingrg/javascript/jquery.timers.js HTTP/1.1" 200 3532
114.83.221.14 - - [01/Dec/2021:08:44:11 +0800] "GET /xingrg/javascript/jquery.utils.js HTTP/1.1" 200 11805
114.83.221.14 - - [01/Dec/2021:08:44:11 +0800] "GET /xingrg/javascript/jquery_easy_ui/themes/default/easyui.css HTTP/1.1" 200 26500
114.83.221.14 - - [01/Dec/2021:08:44:11 +0800] "GET /xingrg/javascript/jquery.form.js HTTP/1.1" 200 23110
114.83.221.14 - - [01/Dec/2021:08:44:11 +0800] "GET /favicon.ico HTTP/1.1" 404 -
114.83.221.14 - - [01/Dec/2021:08:44:11 +0800] "GET /xingrg/javascript/jquery_easy_ui/themes/icons/settle_new.png HTTP/1.1" 200 826
114.83.221.14 - - [01/Dec/2021:08:44:11 +0800] "GET /xingrg/images/blue/navBackgound.jpg HTTP/1.1" 200 12378
114.83.221.14 - - [01/Dec/2021:08:44:11 +0800] "POST /xingrg/all/common/load_tree.html?tree=area_rest_tree_json&manage=1 HTTP/1.1" 200 351
222.70.171.86 - - [01/Dec/2021:08:44:11 +0800] "POST /xingrg/dwr/call/plaincall/AjaxCheckService.setItemNumber.dwr HTTP/1.1" 200 76
114.83.221.14 - - [01/Dec/2021:08:44:11 +0800] "GET /xingrg/check_reg.html?_=1638319450830 HTTP/1.1" 200 22
114.83.221.14 - - [01/Dec/2021:08:44:11 +0800] "GET /xingrg/all/function/internal_message.html?_=1638319450829&CODE_STATE=count HTTP/1.1" 200 11
114.83.221.14 - - [01/Dec/2021:08:44:11 +0800] "GET /xingrg/images/blue/pingpu.png HTTP/1.1" 200 231
114.83.221.14 - - [01/Dec/2021:08:44:11 +0800] "GET /xingrg/javascript/jquery_easy_ui/themes/default/images/tabs_leftarrow.png HTTP/1.1" 200 389
114.83.221.14 - - [01/Dec/2021:08:44:11 +0800] "GET /xingrg/javascript/jquery_easy_ui/themes/default/images/tabs_rightarrow.png HTTP/1.1" 200 395
114.83.221.14 - - [01/Dec/2021:08:44:11 +0800] "GET /xingrg/javascript/jquery_easy_ui/themes/default/images/panel_tool_collapse.gif HTTP/1.1" 200 246
114.83.221.14 - - [01/Dec/2021:08:44:11 +0800] "POST /xingrg/load_menu.html HTTP/1.1" 200 5138
114.83.221.14 - - [01/Dec/2021:08:44:11 +0800] "GET /xingrg/javascript/jquery_easy_ui/themes/default/images/tree_arrows.gif HTTP/1.1" 200 1043
114.83.221.14 - - [01/Dec/2021:08:44:11 +0800] "GET /xingrg/javascript/jquery_easy_ui/themes/default/images/tree_folder_open.gif HTTP/1.1" 200 956
114.83.221.14 - - [01/Dec/2021:08:44:11 +0800] "GET /xingrg/javascript/jquery_easy_ui/themes/icons/search_new.png HTTP/1.1" 200 586
114.83.221.14 - - [01/Dec/2021:08:44:11 +0800] "GET /xingrg/javascript/jquery_easy_ui/themes/default/images/tree_folder.gif HTTP/1.1" 200 952
114.83.221.14 - - [01/Dec/2021:08:44:11 +0800] "GET /xingrg/javascript/jquery_easy_ui/themes/icons/storage_new.png HTTP/1.1" 200 853
114.83.221.14 - - [01/Dec/2021:08:44:11 +0800] "GET /xingrg/javascript/jquery_easy_ui/themes/default/images/tree_file.gif HTTP/1.1" 200 118
114.83.221.14 - - [01/Dec/2021:08:44:11 +0800] "GET /xingrg/javascript/jquery_easy_ui/themes/icons/forms_new.png HTTP/1.1" 200 350
222.70.171.86 - - [01/Dec/2021:08:44:14 +0800] "POST /xingrg/dwr/call/plaincall/AjaxCheckService.setItemNumber.dwr HTTP/1.1" 200 76
222.70.171.86 - - [01/Dec/2021:08:44:15 +0800] "POST /xingrg/dwr/call/plaincall/AjaxCheckService.setItemNumber.dwr HTTP/1.1" 200 76
58.40.7.146 - - [01/Dec/2021:08:44:15 +0800] "GET /xingrg/all/function/internal_message.html?_=1638319455845&CODE_STATE=getMsg HTTP/1.1" 302 -
222.70.171.86 - - [01/Dec/2021:08:44:16 +0800] "POST /xingrg/dwr/call/plaincall/AjaxCheckService.setItemNumber.dwr HTTP/1.1" 200 76
222.70.171.86 - - [01/Dec/2021:08:44:17 +0800] "POST /xingrg/dwr/call/plaincall/AjaxCheckService.setItemNumber.dwr HTTP/1.1" 200 76
58.39.139.200 - - [01/Dec/2021:08:44:18 +0800] "GET /xingrg/check_reg.html?_=1638319458715 HTTP/1.1" 200 22
58.39.139.200 - - [01/Dec/2021:08:44:18 +0800] "GET /xingrg/all/function/internal_message.html?_=1638319458815&CODE_STATE=getMsg HTTP/1.1" 200 27
222.70.171.86 - - [01/Dec/2021:08:44:18 +0800] "POST /xingrg/dwr/call/plaincall/AjaxCheckService.setItemNumber.dwr HTTP/1.1" 200 76
222.70.171.86 - - [01/Dec/2021:08:44:18 +0800] "GET /xingrg/check_reg.html?_=1638319466749 HTTP/1.1" 302 -
222.70.171.86 - - [01/Dec/2021:08:44:19 +0800] "POST /xingrg/dwr/call/plaincall/AjaxCheckService.setItemNumber.dwr HTTP/1.1" 200 77
222.70.171.86 - - [01/Dec/2021:08:44:20 +0800] "POST /xingrg/dwr/call/plaincall/AjaxCheckService.setItemNumber.dwr HTTP/1.1" 200 77
222.70.171.86 - - [01/Dec/2021:08:44:21 +0800] "POST /xingrg/dwr/call/plaincall/AjaxCheckService.setItemNumber.dwr HTTP/1.1" 200 77
222.70.171.86 - - [01/Dec/2021:08:44:22 +0800] "POST /xingrg/dwr/call/plaincall/AjaxCheckService.setItemNumber.dwr HTTP/1.1" 200 77
222.70.171.86 - - [01/Dec/2021:08:44:24 +0800] "POST /xingrg/dwr/call/plaincall/AjaxCheckService.setItemNumber.dwr HTTP/1.1" 200 77
116.227.210.113 - - [01/Dec/2021:08:44:25 +0800] "GET /xingrg/all/function/internal_message.html?_=1638319462808&CODE_STATE=getMsg HTTP/1.1" 200 27
222.70.171.86 - - [01/Dec/2021:08:44:26 +0800] "POST /xingrg/dwr/call/plaincall/AjaxCheckService.setItemNumber.dwr HTTP/1.1" 200 77
222.70.171.86 - - [01/Dec/2021:08:44:27 +0800] "POST /xingrg/dwr/call/plaincall/AjaxCheckService.setItemNumber.dwr HTTP/1.1" 200 77
222.70.171.86 - - [01/Dec/2021:08:44:28 +0800] "POST /xingrg/dwr/call/plaincall/AjaxCheckService.setItemNumber.dwr HTTP/1.1" 200 77
222.70.171.86 - - [01/Dec/2021:08:44:29 +0800] "POST /xingrg/dwr/call/plaincall/AjaxCheckService.setItemNumber.dwr HTTP/1.1" 200 77
222.70.171.86 - - [01/Dec/2021:08:44:31 +0800] "POST /xingrg/dwr/call/plaincall/AjaxCheckService.setItemNumber.dwr HTTP/1.1" 200 77
222.70.171.86 - - [01/Dec/2021:08:44:31 +0800] "POST /xingrg/dwr/call/plaincall/AjaxCheckService.setItemNumber.dwr HTTP/1.1" 200 77
222.70.171.86 - - [01/Dec/2021:08:44:32 +0800] "POST /xingrg/dwr/call/plaincall/AjaxCheckService.setItemNumber.dwr HTTP/1.1" 200 77
222.70.171.86 - - [01/Dec/2021:08:44:33 +0800] "POST /xingrg/dwr/call/plaincall/AjaxCheckService.setItemNumber.dwr HTTP/1.1" 200 77
222.70.171.86 - - [01/Dec/2021:08:44:33 +0800] "POST /xingrg/dwr/call/plaincall/AjaxCheckService.setItemNumber.dwr HTTP/1.1" 200 77
222.70.171.86 - - [01/Dec/2021:08:44:34 +0800] "POST /xingrg/dwr/call/plaincall/AjaxCheckService.setItemNumber.dwr HTTP/1.1" 200 77
222.70.171.86 - - [01/Dec/2021:08:44:34 +0800] "POST /xingrg/dwr/call/plaincall/AjaxCheckService.setItemNumber.dwr HTTP/1.1" 200 77
58.39.139.200 - - [01/Dec/2021:08:44:51 +0800] "GET /xingrg/all/function/internal_message.html?_=1638319427997&CODE_STATE=getMsg HTTP/1.1" 200 27
222.70.171.86 - - [01/Dec/2021:08:44:54 +0800] "GET /xingrg/all/function/internal_message.html?_=1638319504127&CODE_STATE=getMsg HTTP/1.1" 200 27
114.86.228.29 - - [01/Dec/2021:08:44:58 +0800] "GET /xingrg/all/function/internal_message.html?_=1638319498618&CODE_STATE=getMsg HTTP/1.1" 200 27
116.238.248.233 - - [01/Dec/2021:08:45:06 +0800] "GET /xingrg/kc/buy/cgsh_order_list.html HTTP/1.1" 302 -
116.238.248.233 - - [01/Dec/2021:08:45:06 +0800] "GET /xingrg/login.html HTTP/1.1" 200 7641
116.238.248.233 - - [01/Dec/2021:08:45:06 +0800] "GET /xingrg/login.html HTTP/1.1" 200 7641
116.238.248.233 - - [01/Dec/2021:08:45:06 +0800] "GET /favicon.ico HTTP/1.1" 404 -
116.238.248.233 - - [01/Dec/2021:08:45:08 +0800] "POST /xingrg/login.do HTTP/1.1" 302 -
116.238.248.233 - - [01/Dec/2021:08:45:08 +0800] "GET /xingrg/index.html?sysBaseUrl=http%3A%2F%2F180.169.147.146%3A18081%2Fxingrg%2F&costTime=45×tamp=1638319508541 HTTP/1.1" 200 17177
116.238.248.233 - - [01/Dec/2021:08:45:08 +0800] "GET /favicon.ico HTTP/1.1" 404 -
116.238.248.233 - - [01/Dec/2021:08:45:08 +0800] "POST /xingrg/all/common/load_tree.html?tree=area_rest_tree_json&manage=1 HTTP/1.1" 200 476
116.238.248.233 - - [01/Dec/2021:08:45:08 +0800] "GET /xingrg/check_reg.html?_=1638319508972 HTTP/1.1" 200 22
116.238.248.233 - - [01/Dec/2021:08:45:08 +0800] "GET /xingrg/all/function/internal_message.html?_=1638319508970&CODE_STATE=count HTTP/1.1" 200 11
116.238.248.233 - - [01/Dec/2021:08:45:09 +0800] "POST /xingrg/load_menu.html HTTP/1.1" 200 5138
114.83.221.14 - - [01/Dec/2021:08:45:11 +0800] "GET /xingrg/all/function/internal_message.html?_=1638319510843&CODE_STATE=getMsg HTTP/1.1" 200 27
116.238.248.233 - - [01/Dec/2021:08:45:12 +0800] "GET /xingrg/kc/buy/cgsh_order_list.html HTTP/1.1" 200 49337
116.238.248.233 - - [01/Dec/2021:08:45:13 +0800] "POST /xingrg/kc/buy/cgsh_list_operate.html HTTP/1.1" 200 876
116.238.248.233 - - [01/Dec/2021:08:45:15 +0800] "GET /xingrg/kc/buy/cgsh_order_add.html HTTP/1.1" 200 64707
58.40.7.146 - - [01/Dec/2021:08:45:15 +0800] "GET /xingrg/all/function/internal_message.html?_=1638319515833&CODE_STATE=getMsg HTTP/1.1" 302 -
116.238.248.233 - - [01/Dec/2021:08:45:15 +0800] "GET /xingrg/words/20211130204235_words.js HTTP/1.1" 200 876305
116.238.248.233 - - [01/Dec/2021:08:45:16 +0800] "POST /xingrg/kc/buy/cgsh_order_operate.html HTTP/1.1" 200 8245
116.238.248.233 - - [01/Dec/2021:08:45:16 +0800] "GET /xingrg/all/common/auto_word.html?type=employee&rest_code=00151 HTTP/1.1" 200 293
116.238.248.233 - - [01/Dec/2021:08:45:16 +0800] "GET /xingrg/all/common/auto_word.html?type=employee&rest_code=00151 HTTP/1.1" 200 293
116.238.248.233 - - [01/Dec/2021:08:45:16 +0800] "GET /xingrg/javascript/easyui/themes/default/validatebox.css HTTP/1.1" 404 1104
58.39.139.200 - - [01/Dec/2021:08:45:18 +0800] "GET /xingrg/all/function/internal_message.html?_=1638319518953&CODE_STATE=getMsg HTTP/1.1" 200 27
58.39.139.200 - - [01/Dec/2021:08:45:22 +0800] "GET /xingrg/kc/buy/cgsh_order_operate.html?command=get_materiel&rest_code=00105&code=00101008148&supplier_code=00100203&order_time=2021-12-01 HTTP/1.1" 200 416
116.227.210.113 - - [01/Dec/2021:08:45:25 +0800] "GET /xingrg/all/function/internal_message.html?_=1638319522802&CODE_STATE=getMsg HTTP/1.1" 200 27
116.238.248.233 - - [01/Dec/2021:08:45:26 +0800] "GET /xingrg/javascript/auto/indicator.gif HTTP/1.1" 404 1066
222.70.171.86 - - [01/Dec/2021:08:45:33 +0800] "POST /xingrg/dwr/call/plaincall/AjaxCheckService.setItemNumber.dwr HTTP/1.1" 200 77
222.70.171.86 - - [01/Dec/2021:08:45:40 +0800] "POST /xingrg/dwr/call/plaincall/AjaxCheckService.setItemNumber.dwr HTTP/1.1" 200 77
222.70.171.86 - - [01/Dec/2021:08:45:42 +0800] "POST /xingrg/dwr/call/plaincall/AjaxCheckService.setItemNumber.dwr HTTP/1.1" 200 77
222.70.171.86 - - [01/Dec/2021:08:45:43 +0800] "POST /xingrg/dwr/call/plaincall/AjaxCheckService.setItemNumber.dwr HTTP/1.1" 200 77
222.70.171.86 - - [01/Dec/2021:08:45:44 +0800] "POST /xingrg/dwr/call/plaincall/AjaxCheckService.setItemNumber.dwr HTTP/1.1" 200 77
222.70.171.86 - - [01/Dec/2021:08:45:45 +0800] "POST /xingrg/dwr/call/plaincall/AjaxCheckService.setItemNumber.dwr HTTP/1.1" 200 77
222.70.171.86 - - [01/Dec/2021:08:45:46 +0800] "POST /xingrg/dwr/call/plaincall/AjaxCheckService.setItemNumber.dwr HTTP/1.1" 200 77
116.238.248.233 - - [01/Dec/2021:08:45:48 +0800] "GET /xingrg/kc/buy/cgsh_order_operate.html?command=get_materiel&rest_code=00151&code=00102030058&supplier_code=00100416&order_time=2021-12-01 HTTP/1.1" 200 474
222.70.171.86 - - [01/Dec/2021:08:45:48 +0800] "POST /xingrg/dwr/call/plaincall/AjaxCheckService.setItemNumber.dwr HTTP/1.1" 200 77
222.70.171.86 - - [01/Dec/2021:08:45:49 +0800] "POST /xingrg/dwr/call/plaincall/AjaxCheckService.setItemNumber.dwr HTTP/1.1" 200 77
222.70.171.86 - - [01/Dec/2021:08:45:50 +0800] "POST /xingrg/dwr/call/plaincall/AjaxCheckService.setItemNumber.dwr HTTP/1.1" 200 77
58.39.139.200 - - [01/Dec/2021:08:45:51 +0800] "GET /xingrg/check_reg.html?_=1638319487999 HTTP/1.1" 200 22
58.39.139.200 - - [01/Dec/2021:08:45:51 +0800] "GET /xingrg/all/function/internal_message.html?_=1638319488002&CODE_STATE=getMsg HTTP/1.1" 200 27
222.70.171.86 - - [01/Dec/2021:08:45:52 +0800] "GET /xingrg/check_reg.html?_=1638319562372 HTTP/1.1" 200 22
222.70.171.86 - - [01/Dec/2021:08:45:52 +0800] "POST /xingrg/dwr/call/plaincall/AjaxCheckService.setItemNumber.dwr HTTP/1.1" 200 77
222.70.171.86 - - [01/Dec/2021:08:45:54 +0800] "GET /xingrg/all/function/internal_message.html?_=1638319564386&CODE_STATE=getMsg HTTP/1.1" 200 27
222.70.171.86 - - [01/Dec/2021:08:45:54 +0800] "POST /xingrg/dwr/call/plaincall/AjaxCheckService.setItemNumber.dwr HTTP/1.1" 200 77
222.70.171.86 - - [01/Dec/2021:08:45:56 +0800] "POST /xingrg/dwr/call/plaincall/AjaxCheckService.setItemNumber.dwr HTTP/1.1" 200 77
222.70.171.86 - - [01/Dec/2021:08:45:57 +0800] "POST /xingrg/dwr/call/plaincall/AjaxCheckService.setItemNumber.dwr HTTP/1.1" 200 77
114.86.228.29 - - [01/Dec/2021:08:45:58 +0800] "GET /xingrg/all/function/internal_message.html?_=1638319558619&CODE_STATE=getMsg HTTP/1.1" 200 27
116.238.248.233 - - [01/Dec/2021:08:45:59 +0800] "POST /xingrg/kc/buy/cgsh_order_operate.html HTTP/1.1" 200 37
222.70.171.86 - - [01/Dec/2021:08:45:59 +0800] "POST /xingrg/dwr/call/plaincall/AjaxCheckService.setItemNumber.dwr HTTP/1.1" 200 77
116.238.248.233 - - [01/Dec/2021:08:46:02 +0800] "POST /xingrg/kc/buy/cgsh_order_operate.html HTTP/1.1" 200 12
116.238.248.233 - - [01/Dec/2021:08:46:03 +0800] "GET /xingrg/kc/buy/cgsh_order_info.html?code=212021120100007 HTTP/1.1" 200 59626
116.238.248.233 - - [01/Dec/2021:08:46:03 +0800] "GET /xingrg/javascript/easyui/themes/default/validatebox.css HTTP/1.1" 404 1104
116.238.248.233 - - [01/Dec/2021:08:46:04 +0800] "POST /xingrg/kc/buy/cgsh_order_operate.html HTTP/1.1" 200 682
116.238.248.233 - - [01/Dec/2021:08:46:05 +0800] "GET /xingrg/kc/print/load_config.html?kc_code=cgsh HTTP/1.1" 200 2281
116.238.248.233 - - [01/Dec/2021:08:46:05 +0800] "GET /xingrg/kc/print/load_data.html?order_code=212021120100007&kc_code=cgsh&condition= HTTP/1.1" 200 793
222.70.171.86 - - [01/Dec/2021:08:46:07 +0800] "POST /xingrg/dwr/call/plaincall/AjaxCheckService.setItemNumber.dwr HTTP/1.1" 200 77
116.238.248.233 - - [01/Dec/2021:08:46:08 +0800] "GET /xingrg/all/function/internal_message.html?_=1638319569005&CODE_STATE=getMsg HTTP/1.1" 200 27
58.40.7.146 - - [01/Dec/2021:08:46:15 +0800] "GET /xingrg/all/function/internal_message.html?_=1638319575835&CODE_STATE=getMsg HTTP/1.1" 302 -
58.40.7.146 - - [01/Dec/2021:08:46:15 +0800] "GET /xingrg/check_reg.html?_=1638319575837 HTTP/1.1" 302 -
222.70.171.86 - - [01/Dec/2021:08:46:16 +0800] "POST /xingrg/dwr/call/plaincall/AjaxCheckService.setItemNumber.dwr HTTP/1.1" 200 77
58.39.139.200 - - [01/Dec/2021:08:46:18 +0800] "GET /xingrg/all/function/internal_message.html?_=1638319578772&CODE_STATE=getMsg HTTP/1.1" 200 27
114.86.228.29 - - [01/Dec/2021:08:46:20 +0800] "GET /xingrg/kc/base/check_order_info.html?code=452021113000457 HTTP/1.1" 200 26564
114.86.228.29 - - [01/Dec/2021:08:46:20 +0800] "GET /xingrg/dwr/interface/AjaxCheckService.js HTTP/1.1" 200 14003
114.86.228.29 - - [01/Dec/2021:08:46:20 +0800] "GET /xingrg/dwr/interface/AjaxComOrderService.js HTTP/1.1" 200 18264
114.86.228.29 - - [01/Dec/2021:08:46:20 +0800] "GET /xingrg/dwr/engine.js HTTP/1.1" 200 43631
222.70.171.86 - - [01/Dec/2021:08:46:20 +0800] "POST /xingrg/dwr/call/plaincall/AjaxCheckService.setItemNumber.dwr HTTP/1.1" 200 77
114.86.228.29 - - [01/Dec/2021:08:46:20 +0800] "POST /xingrg/dwr/call/plaincall/AjaxCheckService.loadOrderItems.dwr HTTP/1.1" 200 188711
222.70.171.86 - - [01/Dec/2021:08:46:23 +0800] "POST /xingrg/dwr/call/plaincall/AjaxCheckService.setItemNumber.dwr HTTP/1.1" 200 77
116.227.210.113 - - [01/Dec/2021:08:46:25 +0800] "GET /xingrg/all/function/internal_message.html?_=1638319582820&CODE_STATE=getMsg HTTP/1.1" 200 27
116.227.210.113 - - [01/Dec/2021:08:46:25 +0800] "GET /xingrg/check_reg.html?_=1638319582826 HTTP/1.1" 200 22
222.70.171.86 - - [01/Dec/2021:08:46:25 +0800] "POST /xingrg/dwr/call/plaincall/AjaxCheckService.setItemNumber.dwr HTTP/1.1" 200 77
114.86.228.29 - - [01/Dec/2021:08:46:25 +0800] "POST /xingrg/dwr/call/plaincall/AjaxCheckService.setItemNumber.dwr HTTP/1.1" 200 76
222.70.171.86 - - [01/Dec/2021:08:46:25 +0800] "POST /xingrg/dwr/call/plaincall/AjaxCheckService.setItemNumber.dwr HTTP/1.1" 200 77
114.86.228.29 - - [01/Dec/2021:08:46:26 +0800] "POST /xingrg/dwr/call/plaincall/AjaxCheckService.setItemNumber.dwr HTTP/1.1" 200 76
114.86.228.29 - - [01/Dec/2021:08:46:26 +0800] "POST /xingrg/dwr/call/plaincall/AjaxCheckService.setItemNumber.dwr HTTP/1.1" 200 76
114.86.228.29 - - [01/Dec/2021:08:46:27 +0800] "POST /xingrg/dwr/call/plaincall/AjaxCheckService.setItemNumber.dwr HTTP/1.1" 200 76
114.86.228.29 - - [01/Dec/2021:08:46:27 +0800] "POST /xingrg/dwr/call/plaincall/AjaxCheckService.setItemNumber.dwr HTTP/1.1" 200 76
114.86.228.29 - - [01/Dec/2021:08:46:28 +0800] "POST /xingrg/dwr/call/plaincall/AjaxCheckService.setItemNumber.dwr HTTP/1.1" 200 76
114.86.228.29 - - [01/Dec/2021:08:46:28 +0800] "POST /xingrg/dwr/call/plaincall/AjaxCheckService.setItemNumber.dwr HTTP/1.1" 200 76
114.86.228.29 - - [01/Dec/2021:08:46:28 +0800] "POST /xingrg/dwr/call/plaincall/AjaxCheckService.setItemNumber.dwr HTTP/1.1" 200 76
114.86.228.29 - - [01/Dec/2021:08:46:29 +0800] "POST /xingrg/dwr/call/plaincall/AjaxCheckService.setItemNumber.dwr HTTP/1.1" 200 76
114.86.228.29 - - [01/Dec/2021:08:46:29 +0800] "POST /xingrg/dwr/call/plaincall/AjaxCheckService.setItemNumber.dwr HTTP/1.1" 200 77
114.86.228.29 - - [01/Dec/2021:08:46:30 +0800] "POST /xingrg/dwr/call/plaincall/AjaxCheckService.setItemNumber.dwr HTTP/1.1" 200 77
114.86.228.29 - - [01/Dec/2021:08:46:30 +0800] "POST /xingrg/dwr/call/plaincall/AjaxCheckService.setItemNumber.dwr HTTP/1.1" 200 77
114.86.228.29 - - [01/Dec/2021:08:46:31 +0800] "POST /xingrg/dwr/call/plaincall/AjaxCheckService.setItemNumber.dwr HTTP/1.1" 200 77
114.86.228.29 - - [01/Dec/2021:08:46:31 +0800] "POST /xingrg/dwr/call/plaincall/AjaxCheckService.setItemNumber.dwr HTTP/1.1" 200 77
114.86.228.29 - - [01/Dec/2021:08:46:32 +0800] "POST /xingrg/dwr/call/plaincall/AjaxCheckService.setItemNumber.dwr HTTP/1.1" 200 77
114.86.228.29 - - [01/Dec/2021:08:46:32 +0800] "POST /xingrg/dwr/call/plaincall/AjaxCheckService.setItemNumber.dwr HTTP/1.1" 200 77
114.86.228.29 - - [01/Dec/2021:08:46:32 +0800] "POST /xingrg/dwr/call/plaincall/AjaxCheckService.setItemNumber.dwr HTTP/1.1" 200 77
114.86.228.29 - - [01/Dec/2021:08:46:33 +0800] "POST /xingrg/dwr/call/plaincall/AjaxCheckService.setItemNumber.dwr HTTP/1.1" 200 77
114.86.228.29 - - [01/Dec/2021:08:46:33 +0800] "POST /xingrg/dwr/call/plaincall/AjaxCheckService.setItemNumber.dwr HTTP/1.1" 200 77
114.86.228.29 - - [01/Dec/2021:08:46:34 +0800] "POST /xingrg/dwr/call/plaincall/AjaxCheckService.setItemNumber.dwr HTTP/1.1" 200 77
114.86.228.29 - - [01/Dec/2021:08:46:34 +0800] "POST /xingrg/dwr/call/plaincall/AjaxCheckService.setItemNumber.dwr HTTP/1.1" 200 77
114.86.228.29 - - [01/Dec/2021:08:46:34 +0800] "POST /xingrg/dwr/call/plaincall/AjaxCheckService.setItemNumber.dwr HTTP/1.1" 200 77
114.86.228.29 - - [01/Dec/2021:08:46:35 +0800] "POST /xingrg/dwr/call/plaincall/AjaxCheckService.setItemNumber.dwr HTTP/1.1" 200 77
114.86.228.29 - - [01/Dec/2021:08:46:35 +0800] "POST /xingrg/dwr/call/plaincall/AjaxCheckService.setItemNumber.dwr HTTP/1.1" 200 77
114.86.228.29 - - [01/Dec/2021:08:46:36 +0800] "POST /xingrg/dwr/call/plaincall/AjaxCheckService.setItemNumber.dwr HTTP/1.1" 200 77
114.86.228.29 - - [01/Dec/2021:08:46:36 +0800] "POST /xingrg/dwr/call/plaincall/AjaxCheckService.setItemNumber.dwr HTTP/1.1" 200 77
114.86.228.29 - - [01/Dec/2021:08:46:37 +0800] "POST /xingrg/dwr/call/plaincall/AjaxCheckService.setItemNumber.dwr HTTP/1.1" 200 77
114.86.228.29 - - [01/Dec/2021:08:46:38 +0800] "POST /xingrg/dwr/call/plaincall/AjaxCheckService.setItemNumber.dwr HTTP/1.1" 200 77
114.86.228.29 - - [01/Dec/2021:08:46:38 +0800] "POST /xingrg/dwr/call/plaincall/AjaxCheckService.setItemNumber.dwr HTTP/1.1" 200 77
114.86.228.29 - - [01/Dec/2021:08:46:39 +0800] "POST /xingrg/dwr/call/plaincall/AjaxCheckService.setItemNumber.dwr HTTP/1.1" 200 77
114.86.228.29 - - [01/Dec/2021:08:46:39 +0800] "POST /xingrg/dwr/call/plaincall/AjaxCheckService.setItemNumber.dwr HTTP/1.1" 200 77
114.86.228.29 - - [01/Dec/2021:08:46:40 +0800] "POST /xingrg/dwr/call/plaincall/AjaxCheckService.setItemNumber.dwr HTTP/1.1" 200 77
222.70.171.86 - - [01/Dec/2021:08:46:41 +0800] "POST /xingrg/dwr/call/plaincall/AjaxCheckService.setItemNumber.dwr HTTP/1.1" 200 77
114.86.228.29 - - [01/Dec/2021:08:46:42 +0800] "POST /xingrg/dwr/call/plaincall/AjaxCheckService.setItemNumber.dwr HTTP/1.1" 200 77
114.86.228.29 - - [01/Dec/2021:08:46:43 +0800] "POST /xingrg/dwr/call/plaincall/AjaxCheckService.setItemNumber.dwr HTTP/1.1" 200 77
114.86.228.29 - - [01/Dec/2021:08:46:43 +0800] "POST /xingrg/dwr/call/plaincall/AjaxCheckService.setItemNumber.dwr HTTP/1.1" 200 77
114.86.228.29 - - [01/Dec/2021:08:46:44 +0800] "POST /xingrg/dwr/call/plaincall/AjaxCheckService.setItemNumber.dwr HTTP/1.1" 200 77
222.70.171.86 - - [01/Dec/2021:08:46:44 +0800] "POST /xingrg/dwr/call/plaincall/AjaxCheckService.setItemNumber.dwr HTTP/1.1" 200 77
114.86.228.29 - - [01/Dec/2021:08:46:44 +0800] "POST /xingrg/dwr/call/plaincall/AjaxCheckService.setItemNumber.dwr HTTP/1.1" 200 77
114.86.228.29 - - [01/Dec/2021:08:46:45 +0800] "POST /xingrg/dwr/call/plaincall/AjaxCheckService.setItemNumber.dwr HTTP/1.1" 200 77
114.86.228.29 - - [01/Dec/2021:08:46:45 +0800] "POST /xingrg/dwr/call/plaincall/AjaxCheckService.setItemNumber.dwr HTTP/1.1" 200 77
222.70.171.86 - - [01/Dec/2021:08:46:46 +0800] "POST /xingrg/dwr/call/plaincall/AjaxCheckService.setItemNumber.dwr HTTP/1.1" 200 77
222.70.171.86 - - [01/Dec/2021:08:46:47 +0800] "POST /xingrg/dwr/call/plaincall/AjaxCheckService.setItemNumber.dwr HTTP/1.1" 200 77
222.70.171.86 - - [01/Dec/2021:08:46:49 +0800] "POST /xingrg/dwr/call/plaincall/AjaxCheckService.setItemNumber.dwr HTTP/1.1" 200 77
114.86.228.29 - - [01/Dec/2021:08:46:49 +0800] "POST /xingrg/dwr/call/plaincall/AjaxCheckService.setItemNumber.dwr HTTP/1.1" 200 77
114.86.228.29 - - [01/Dec/2021:08:46:50 +0800] "POST /xingrg/dwr/call/plaincall/AjaxCheckService.setItemNumber.dwr HTTP/1.1" 200 77
222.70.171.86 - - [01/Dec/2021:08:46:50 +0800] "POST /xingrg/dwr/call/plaincall/AjaxCheckService.setItemNumber.dwr HTTP/1.1" 200 77
114.86.228.29 - - [01/Dec/2021:08:46:50 +0800] "POST /xingrg/dwr/call/plaincall/AjaxCheckService.setItemNumber.dwr HTTP/1.1" 200 77
114.86.228.29 - - [01/Dec/2021:08:46:50 +0800] "POST /xingrg/dwr/call/plaincall/AjaxCheckService.setItemNumber.dwr HTTP/1.1" 200 77
222.70.171.86 - - [01/Dec/2021:08:46:51 +0800] "POST /xingrg/dwr/call/plaincall/AjaxCheckService.setItemNumber.dwr HTTP/1.1" 200 77
58.39.139.200 - - [01/Dec/2021:08:46:51 +0800] "GET /xingrg/all/function/internal_message.html?_=1638319547989&CODE_STATE=getMsg HTTP/1.1" 200 27
114.86.228.29 - - [01/Dec/2021:08:46:51 +0800] "POST /xingrg/dwr/call/plaincall/AjaxCheckService.setItemNumber.dwr HTTP/1.1" 200 77
114.86.228.29 - - [01/Dec/2021:08:46:51 +0800] "POST /xingrg/dwr/call/plaincall/AjaxCheckService.setItemNumber.dwr HTTP/1.1" 200 77
114.86.228.29 - - [01/Dec/2021:08:46:52 +0800] "POST /xingrg/dwr/call/plaincall/AjaxCheckService.setItemNumber.dwr HTTP/1.1" 200 77
114.86.228.29 - - [01/Dec/2021:08:46:52 +0800] "POST /xingrg/dwr/call/plaincall/AjaxCheckService.setItemNumber.dwr HTTP/1.1" 200 77
114.86.228.29 - - [01/Dec/2021:08:46:53 +0800] "POST /xingrg/dwr/call/plaincall/AjaxCheckService.setItemNumber.dwr HTTP/1.1" 200 77
114.86.228.29 - - [01/Dec/2021:08:46:53 +0800] "POST /xingrg/dwr/call/plaincall/AjaxCheckService.setItemNumber.dwr HTTP/1.1" 200 77
222.70.171.86 - - [01/Dec/2021:08:46:54 +0800] "GET /xingrg/all/function/internal_message.html?_=1638319624387&CODE_STATE=getMsg HTTP/1.1" 200 27
114.86.228.29 - - [01/Dec/2021:08:46:58 +0800] "GET /xingrg/all/function/internal_message.html?_=1638319618632&CODE_STATE=getMsg HTTP/1.1" 200 27
114.86.228.29 - - [01/Dec/2021:08:46:58 +0800] "GET /xingrg/check_reg.html?_=1638319618635 HTTP/1.1" 200 22
114.86.228.29 - - [01/Dec/2021:08:47:02 +0800] "POST /xingrg/dwr/call/plaincall/AjaxCheckService.setItemNumber.dwr HTTP/1.1" 200 77
114.86.228.29 - - [01/Dec/2021:08:47:02 +0800] "POST /xingrg/dwr/call/plaincall/AjaxCheckService.setItemNumber.dwr HTTP/1.1" 200 77
114.86.228.29 - - [01/Dec/2021:08:47:04 +0800] "POST /xingrg/dwr/call/plaincall/AjaxCheckService.setItemNumber.dwr HTTP/1.1" 200 77
114.86.228.29 - - [01/Dec/2021:08:47:04 +0800] "POST /xingrg/dwr/call/plaincall/AjaxCheckService.setItemNumber.dwr HTTP/1.1" 200 77
114.86.228.29 - - [01/Dec/2021:08:47:05 +0800] "POST /xingrg/dwr/call/plaincall/AjaxCheckService.setItemNumber.dwr HTTP/1.1" 200 77
222.70.171.86 - - [01/Dec/2021:08:47:05 +0800] "POST /xingrg/dwr/call/plaincall/AjaxCheckService.setItemNumber.dwr HTTP/1.1" 200 77
114.86.228.29 - - [01/Dec/2021:08:47:05 +0800] "POST /xingrg/dwr/call/plaincall/AjaxCheckService.setItemNumber.dwr HTTP/1.1" 200 77
114.86.228.29 - - [01/Dec/2021:08:47:06 +0800] "POST /xingrg/dwr/call/plaincall/AjaxCheckService.setItemNumber.dwr HTTP/1.1" 200 77
114.86.228.29 - - [01/Dec/2021:08:47:06 +0800] "POST /xingrg/dwr/call/plaincall/AjaxCheckService.setItemNumber.dwr HTTP/1.1" 200 77
114.86.228.29 - - [01/Dec/2021:08:47:07 +0800] "POST /xingrg/dwr/call/plaincall/AjaxCheckService.setItemNumber.dwr HTTP/1.1" 200 77
114.86.228.29 - - [01/Dec/2021:08:47:07 +0800] "POST /xingrg/dwr/call/plaincall/AjaxCheckService.setItemNumber.dwr HTTP/1.1" 200 77
114.86.228.29 - - [01/Dec/2021:08:47:08 +0800] "POST /xingrg/dwr/call/plaincall/AjaxCheckService.setItemNumber.dwr HTTP/1.1" 200 77
114.86.228.29 - - [01/Dec/2021:08:47:08 +0800] "POST /xingrg/dwr/call/plaincall/AjaxCheckService.setItemNumber.dwr HTTP/1.1" 200 77
116.238.248.233 - - [01/Dec/2021:08:47:08 +0800] "GET /xingrg/all/function/internal_message.html?_=1638319628990&CODE_STATE=getMsg HTTP/1.1" 200 27
114.86.228.29 - - [01/Dec/2021:08:47:09 +0800] "POST /xingrg/dwr/call/plaincall/AjaxCheckService.setItemNumber.dwr HTTP/1.1" 200 77
222.70.171.86 - - [01/Dec/2021:08:47:09 +0800] "POST /xingrg/dwr/call/plaincall/AjaxCheckService.setItemNumber.dwr HTTP/1.1" 200 77
114.86.228.29 - - [01/Dec/2021:08:47:09 +0800] "POST /xingrg/dwr/call/plaincall/AjaxCheckService.setItemNumber.dwr HTTP/1.1" 200 77
114.86.228.29 - - [01/Dec/2021:08:47:10 +0800] "POST /xingrg/dwr/call/plaincall/AjaxCheckService.setItemNumber.dwr HTTP/1.1" 200 77
222.70.171.86 - - [01/Dec/2021:08:47:10 +0800] "POST /xingrg/dwr/call/plaincall/AjaxCheckService.setItemNumber.dwr HTTP/1.1" 200 77
114.86.228.29 - - [01/Dec/2021:08:47:10 +0800] "POST /xingrg/dwr/call/plaincall/AjaxCheckService.setItemNumber.dwr HTTP/1.1" 200 77
114.86.228.29 - - [01/Dec/2021:08:47:10 +0800] "POST /xingrg/dwr/call/plaincall/AjaxCheckService.setItemNumber.dwr HTTP/1.1" 200 77
222.70.171.86 - - [01/Dec/2021:08:47:11 +0800] "POST /xingrg/dwr/call/plaincall/AjaxCheckService.setItemNumber.dwr HTTP/1.1" 200 77
114.86.228.29 - - [01/Dec/2021:08:47:11 +0800] "POST /xingrg/dwr/call/plaincall/AjaxCheckService.setItemNumber.dwr HTTP/1.1" 200 77
114.86.228.29 - - [01/Dec/2021:08:47:11 +0800] "POST /xingrg/dwr/call/plaincall/AjaxCheckService.setItemNumber.dwr HTTP/1.1" 200 77
114.86.228.29 - - [01/Dec/2021:08:47:12 +0800] "POST /xingrg/dwr/call/plaincall/AjaxCheckService.setItemNumber.dwr HTTP/1.1" 200 77
114.86.228.29 - - [01/Dec/2021:08:47:12 +0800] "POST /xingrg/dwr/call/plaincall/AjaxCheckService.setItemNumber.dwr HTTP/1.1" 200 77
114.86.228.29 - - [01/Dec/2021:08:47:13 +0800] "POST /xingrg/dwr/call/plaincall/AjaxCheckService.setItemNumber.dwr HTTP/1.1" 200 77
114.86.228.29 - - [01/Dec/2021:08:47:13 +0800] "POST /xingrg/dwr/call/plaincall/AjaxCheckService.setItemNumber.dwr HTTP/1.1" 200 77
114.86.228.29 - - [01/Dec/2021:08:47:14 +0800] "POST /xingrg/dwr/call/plaincall/AjaxCheckService.setItemNumber.dwr HTTP/1.1" 200 77
114.86.228.29 - - [01/Dec/2021:08:47:14 +0800] "POST /xingrg/dwr/call/plaincall/AjaxCheckService.setItemNumber.dwr HTTP/1.1" 200 77
114.86.228.29 - - [01/Dec/2021:08:47:15 +0800] "POST /xingrg/dwr/call/plaincall/AjaxCheckService.setItemNumber.dwr HTTP/1.1" 200 77
114.86.228.29 - - [01/Dec/2021:08:47:15 +0800] "POST /xingrg/dwr/call/plaincall/AjaxCheckService.setItemNumber.dwr HTTP/1.1" 200 77
58.40.7.146 - - [01/Dec/2021:08:47:15 +0800] "GET /xingrg/all/function/internal_message.html?_=1638319635843&CODE_STATE=getMsg HTTP/1.1" 302 -
114.86.228.29 - - [01/Dec/2021:08:47:15 +0800] "POST /xingrg/dwr/call/plaincall/AjaxCheckService.setItemNumber.dwr HTTP/1.1" 200 77
114.86.228.29 - - [01/Dec/2021:08:47:16 +0800] "POST /xingrg/dwr/call/plaincall/AjaxCheckService.setItemNumber.dwr HTTP/1.1" 200 77
114.86.228.29 - - [01/Dec/2021:08:47:16 +0800] "POST /xingrg/dwr/call/plaincall/AjaxCheckService.setItemNumber.dwr HTTP/1.1" 200 77
114.86.228.29 - - [01/Dec/2021:08:47:16 +0800] "POST /xingrg/dwr/call/plaincall/AjaxCheckService.setItemNumber.dwr HTTP/1.1" 200 77
114.86.228.29 - - [01/Dec/2021:08:47:17 +0800] "POST /xingrg/dwr/call/plaincall/AjaxCheckService.setItemNumber.dwr HTTP/1.1" 200 77
58.39.139.200 - - [01/Dec/2021:08:47:18 +0800] "GET /xingrg/all/function/internal_message.html?_=1638319638888&CODE_STATE=getMsg HTTP/1.1" 200 27
114.86.228.29 - - [01/Dec/2021:08:47:18 +0800] "POST /xingrg/dwr/call/plaincall/AjaxCheckService.setItemNumber.dwr HTTP/1.1" 200 77
114.86.228.29 - - [01/Dec/2021:08:47:18 +0800] "POST /xingrg/dwr/call/plaincall/AjaxCheckService.setItemNumber.dwr HTTP/1.1" 200 77
114.86.228.29 - - [01/Dec/2021:08:47:19 +0800] "POST /xingrg/dwr/call/plaincall/AjaxCheckService.setItemNumber.dwr HTTP/1.1" 200 77
114.86.228.29 - - [01/Dec/2021:08:47:19 +0800] "POST /xingrg/dwr/call/plaincall/AjaxCheckService.setItemNumber.dwr HTTP/1.1" 200 77
114.86.228.29 - - [01/Dec/2021:08:47:19 +0800] "POST /xingrg/dwr/call/plaincall/AjaxCheckService.setItemNumber.dwr HTTP/1.1" 200 77
114.86.228.29 - - [01/Dec/2021:08:47:20 +0800] "POST /xingrg/dwr/call/plaincall/AjaxCheckService.setItemNumber.dwr HTTP/1.1" 200 77
114.86.228.29 - - [01/Dec/2021:08:47:20 +0800] "POST /xingrg/dwr/call/plaincall/AjaxCheckService.setItemNumber.dwr HTTP/1.1" 200 77
222.70.171.86 - - [01/Dec/2021:08:47:20 +0800] "POST /xingrg/dwr/call/plaincall/AjaxCheckService.setItemNumber.dwr HTTP/1.1" 200 77
114.86.228.29 - - [01/Dec/2021:08:47:21 +0800] "POST /xingrg/dwr/call/plaincall/AjaxCheckService.setItemNumber.dwr HTTP/1.1" 200 77
114.86.228.29 - - [01/Dec/2021:08:47:21 +0800] "POST /xingrg/dwr/call/plaincall/AjaxCheckService.setItemNumber.dwr HTTP/1.1" 200 77
114.86.228.29 - - [01/Dec/2021:08:47:22 +0800] "POST /xingrg/dwr/call/plaincall/AjaxCheckService.setItemNumber.dwr HTTP/1.1" 200 77
114.86.228.29 - - [01/Dec/2021:08:47:23 +0800] "POST /xingrg/dwr/call/plaincall/AjaxCheckService.setItemNumber.dwr HTTP/1.1" 200 77
114.86.228.29 - - [01/Dec/2021:08:47:23 +0800] "POST /xingrg/dwr/call/plaincall/AjaxCheckService.setItemNumber.dwr HTTP/1.1" 200 77
222.70.171.86 - - [01/Dec/2021:08:47:23 +0800] "POST /xingrg/dwr/call/plaincall/AjaxCheckService.setItemNumber.dwr HTTP/1.1" 200 77
222.70.171.86 - - [01/Dec/2021:08:47:24 +0800] "POST /xingrg/dwr/call/plaincall/AjaxCheckService.setItemNumber.dwr HTTP/1.1" 200 77
116.227.210.113 - - [01/Dec/2021:08:47:25 +0800] "GET /xingrg/all/function/internal_message.html?_=1638319642809&CODE_STATE=getMsg HTTP/1.1" 200 27
114.86.228.29 - - [01/Dec/2021:08:47:26 +0800] "POST /xingrg/dwr/call/plaincall/AjaxCheckService.setItemNumber.dwr HTTP/1.1" 200 77
114.86.228.29 - - [01/Dec/2021:08:47:27 +0800] "POST /xingrg/dwr/call/plaincall/AjaxCheckService.setItemNumber.dwr HTTP/1.1" 200 77
114.86.228.29 - - [01/Dec/2021:08:47:27 +0800] "POST /xingrg/dwr/call/plaincall/AjaxCheckService.setItemNumber.dwr HTTP/1.1" 200 77
114.86.228.29 - - [01/Dec/2021:08:47:28 +0800] "POST /xingrg/dwr/call/plaincall/AjaxCheckService.setItemNumber.dwr HTTP/1.1" 200 77
114.86.228.29 - - [01/Dec/2021:08:47:28 +0800] "POST /xingrg/dwr/call/plaincall/AjaxCheckService.setItemNumber.dwr HTTP/1.1" 200 77
222.70.171.86 - - [01/Dec/2021:08:47:30 +0800] "POST /xingrg/dwr/call/plaincall/AjaxCheckService.setItemNumber.dwr HTTP/1.1" 200 77
222.70.171.86 - - [01/Dec/2021:08:47:31 +0800] "POST /xingrg/dwr/call/plaincall/AjaxCheckService.setItemNumber.dwr HTTP/1.1" 200 77
222.70.171.86 - - [01/Dec/2021:08:47:32 +0800] "POST /xingrg/dwr/call/plaincall/AjaxCheckService.setItemNumber.dwr HTTP/1.1" 200 77
222.70.171.86 - - [01/Dec/2021:08:47:33 +0800] "POST /xingrg/dwr/call/plaincall/AjaxCheckService.setItemNumber.dwr HTTP/1.1" 200 77
222.70.171.86 - - [01/Dec/2021:08:47:34 +0800] "POST /xingrg/dwr/call/plaincall/AjaxCheckService.setItemNumber.dwr HTTP/1.1" 200 77
222.70.171.86 - - [01/Dec/2021:08:47:35 +0800] "POST /xingrg/dwr/call/plaincall/AjaxCheckService.setItemNumber.dwr HTTP/1.1" 200 77
222.70.171.86 - - [01/Dec/2021:08:47:36 +0800] "POST /xingrg/dwr/call/plaincall/AjaxCheckService.setItemNumber.dwr HTTP/1.1" 200 77
114.86.228.29 - - [01/Dec/2021:08:47:37 +0800] "POST /xingrg/dwr/call/plaincall/AjaxCheckService.setItemNumber.dwr HTTP/1.1" 200 77
114.86.228.29 - - [01/Dec/2021:08:47:37 +0800] "POST /xingrg/dwr/call/plaincall/AjaxCheckService.setItemNumber.dwr HTTP/1.1" 200 78
114.86.228.29 - - [01/Dec/2021:08:47:38 +0800] "POST /xingrg/dwr/call/plaincall/AjaxCheckService.setItemNumber.dwr HTTP/1.1" 200 78
114.86.228.29 - - [01/Dec/2021:08:47:38 +0800] "POST /xingrg/dwr/call/plaincall/AjaxCheckService.setItemNumber.dwr HTTP/1.1" 200 78
114.86.228.29 - - [01/Dec/2021:08:47:39 +0800] "POST /xingrg/dwr/call/plaincall/AjaxCheckService.setItemNumber.dwr HTTP/1.1" 200 78
114.86.228.29 - - [01/Dec/2021:08:47:39 +0800] "POST /xingrg/dwr/call/plaincall/AjaxCheckService.setItemNumber.dwr HTTP/1.1" 200 78
114.86.228.29 - - [01/Dec/2021:08:47:39 +0800] "POST /xingrg/dwr/call/plaincall/AjaxCheckService.setItemNumber.dwr HTTP/1.1" 200 78
114.86.228.29 - - [01/Dec/2021:08:47:40 +0800] "POST /xingrg/dwr/call/plaincall/AjaxCheckService.setItemNumber.dwr HTTP/1.1" 200 78
114.86.228.29 - - [01/Dec/2021:08:47:40 +0800] "POST /xingrg/dwr/call/plaincall/AjaxCheckService.setItemNumber.dwr HTTP/1.1" 200 78
114.86.228.29 - - [01/Dec/2021:08:47:41 +0800] "POST /xingrg/dwr/call/plaincall/AjaxCheckService.setItemNumber.dwr HTTP/1.1" 200 78
114.86.228.29 - - [01/Dec/2021:08:47:41 +0800] "POST /xingrg/dwr/call/plaincall/AjaxCheckService.setItemNumber.dwr HTTP/1.1" 200 78
116.238.248.233 - - [01/Dec/2021:08:47:41 +0800] "POST /xingrg/all/user/operate.html HTTP/1.1" 200 36
116.238.248.233 - - [01/Dec/2021:08:47:42 +0800] "GET /xingrg/index.html?sysBaseUrl=http%3A%2F%2F180.169.147.146%3A18081%2Fxingrg%2F&costTime=45×tamp=1638319508541 HTTP/1.1" 200 17179
116.238.248.233 - - [01/Dec/2021:08:47:42 +0800] "GET /xingrg/javascript/jquery_easy_ui/themes/default/easyui.css HTTP/1.1" 304 -
116.238.248.233 - - [01/Dec/2021:08:47:42 +0800] "GET /xingrg/javascript/jquery_easy_ui/themes/icon.css HTTP/1.1" 304 -
116.238.248.233 - - [01/Dec/2021:08:47:42 +0800] "GET /xingrg/css/form.css HTTP/1.1" 304 -
116.238.248.233 - - [01/Dec/2021:08:47:42 +0800] "GET /xingrg/javascript/jquery-1.4.2.min.js HTTP/1.1" 304 -
116.238.248.233 - - [01/Dec/2021:08:47:42 +0800] "GET /xingrg/javascript/jquery_easy_ui/jquery.easyui.min.js HTTP/1.1" 304 -
116.238.248.233 - - [01/Dec/2021:08:47:42 +0800] "GET /xingrg/javascript/jquery_easy_ui/easyui-lang-zh_CN.js HTTP/1.1" 304 -
116.238.248.233 - - [01/Dec/2021:08:47:42 +0800] "GET /xingrg/javascript/jquery.form.js HTTP/1.1" 304 -
116.238.248.233 - - [01/Dec/2021:08:47:42 +0800] "GET /xingrg/javascript/jquery.utils.js HTTP/1.1" 304 -
116.238.248.233 - - [01/Dec/2021:08:47:42 +0800] "GET /xingrg/javascript/jquery.timers.js HTTP/1.1" 304 -
116.238.248.233 - - [01/Dec/2021:08:47:42 +0800] "GET /xingrg/images/blue/jxLogo.png HTTP/1.1" 304 -
116.238.248.233 - - [01/Dec/2021:08:47:42 +0800] "GET /xingrg/javascript/jquery_easy_ui/themes/icons/settle_new.png HTTP/1.1" 304 -
116.238.248.233 - - [01/Dec/2021:08:47:42 +0800] "GET /xingrg/images/blue/navBackgound.jpg HTTP/1.1" 304 -
116.238.248.233 - - [01/Dec/2021:08:47:42 +0800] "POST /xingrg/all/common/load_tree.html?tree=area_rest_tree_json&manage=1 HTTP/1.1" 200 476
116.238.248.233 - - [01/Dec/2021:08:47:42 +0800] "GET /xingrg/all/function/internal_message.html?_=1638319662352&CODE_STATE=count HTTP/1.1" 200 11
116.238.248.233 - - [01/Dec/2021:08:47:42 +0800] "GET /xingrg/check_reg.html?_=1638319662353 HTTP/1.1" 200 22
116.238.248.233 - - [01/Dec/2021:08:47:42 +0800] "GET /xingrg/javascript/jquery_easy_ui/themes/default/images/tabs_leftarrow.png HTTP/1.1" 304 -
116.238.248.233 - - [01/Dec/2021:08:47:42 +0800] "GET /xingrg/javascript/jquery_easy_ui/themes/default/images/tabs_rightarrow.png HTTP/1.1" 304 -
116.238.248.233 - - [01/Dec/2021:08:47:42 +0800] "GET /xingrg/images/blue/pingpu.png HTTP/1.1" 304 -
116.238.248.233 - - [01/Dec/2021:08:47:42 +0800] "GET /xingrg/javascript/jquery_easy_ui/themes/default/images/panel_tool_collapse.gif HTTP/1.1" 304 -
116.238.248.233 - - [01/Dec/2021:08:47:42 +0800] "POST /xingrg/load_menu.html HTTP/1.1" 200 5138
222.70.171.86 - - [01/Dec/2021:08:47:43 +0800] "POST /xingrg/dwr/call/plaincall/AjaxCheckService.setItemNumber.dwr HTTP/1.1" 200 77
114.86.228.29 - - [01/Dec/2021:08:47:43 +0800] "POST /xingrg/dwr/call/plaincall/AjaxCheckService.setItemNumber.dwr HTTP/1.1" 200 78
114.86.228.29 - - [01/Dec/2021:08:47:44 +0800] "POST /xingrg/dwr/call/plaincall/AjaxCheckService.setItemNumber.dwr HTTP/1.1" 200 78
114.86.228.29 - - [01/Dec/2021:08:47:44 +0800] "POST /xingrg/dwr/call/plaincall/AjaxCheckService.setItemNumber.dwr HTTP/1.1" 200 78
116.238.248.233 - - [01/Dec/2021:08:47:44 +0800] "GET /xingrg/kc/base/check_order_list.html HTTP/1.1" 200 16349
116.238.248.233 - - [01/Dec/2021:08:47:45 +0800] "POST /xingrg/kc/base/check_list_operate.html HTTP/1.1" 200 3591
114.86.228.29 - - [01/Dec/2021:08:47:45 +0800] "POST /xingrg/dwr/call/plaincall/AjaxCheckService.setItemNumber.dwr HTTP/1.1" 200 78
114.86.228.29 - - [01/Dec/2021:08:47:45 +0800] "POST /xingrg/dwr/call/plaincall/AjaxCheckService.setItemNumber.dwr HTTP/1.1" 200 78
114.86.228.29 - - [01/Dec/2021:08:47:45 +0800] "POST /xingrg/dwr/call/plaincall/AjaxCheckService.setItemNumber.dwr HTTP/1.1" 200 78
114.86.228.29 - - [01/Dec/2021:08:47:46 +0800] "POST /xingrg/dwr/call/plaincall/AjaxCheckService.setItemNumber.dwr HTTP/1.1" 200 78
114.86.228.29 - - [01/Dec/2021:08:47:46 +0800] "POST /xingrg/dwr/call/plaincall/AjaxCheckService.setItemNumber.dwr HTTP/1.1" 200 78
114.86.228.29 - - [01/Dec/2021:08:47:47 +0800] "POST /xingrg/dwr/call/plaincall/AjaxCheckService.setItemNumber.dwr HTTP/1.1" 200 78
222.70.171.86 - - [01/Dec/2021:08:47:47 +0800] "POST /xingrg/dwr/call/plaincall/AjaxCheckService.setItemNumber.dwr HTTP/1.1" 200 77
114.86.228.29 - - [01/Dec/2021:08:47:47 +0800] "POST /xingrg/dwr/call/plaincall/AjaxCheckService.setItemNumber.dwr HTTP/1.1" 200 78
222.70.171.86 - - [01/Dec/2021:08:47:47 +0800] "POST /xingrg/dwr/call/plaincall/AjaxCheckService.setItemNumber.dwr HTTP/1.1" 200 77
114.86.228.29 - - [01/Dec/2021:08:47:47 +0800] "POST /xingrg/dwr/call/plaincall/AjaxCheckService.setItemNumber.dwr HTTP/1.1" 200 78
114.86.228.29 - - [01/Dec/2021:08:47:48 +0800] "POST /xingrg/dwr/call/plaincall/AjaxCheckService.setItemNumber.dwr HTTP/1.1" 200 78
114.86.228.29 - - [01/Dec/2021:08:47:48 +0800] "POST /xingrg/dwr/call/plaincall/AjaxCheckService.setItemNumber.dwr HTTP/1.1" 200 78
114.86.228.29 - - [01/Dec/2021:08:47:49 +0800] "POST /xingrg/dwr/call/plaincall/AjaxCheckService.setItemNumber.dwr HTTP/1.1" 200 78
