58.37.8.149 - - [01/Dec/2021:09:44:23 +0800] "GET /xingrg/all/function/internal_message.html?_=1638322885505&CODE_STATE=getMsg HTTP/1.1" 200 27
58.37.8.149 - - [01/Dec/2021:09:44:23 +0800] "GET /xingrg/check_reg.html?_=1638322885506 HTTP/1.1" 200 22
222.69.132.164 - - [01/Dec/2021:09:44:23 +0800] "GET /xingrg/all/function/internal_message.html?_=1638323072390&CODE_STATE=getMsg HTTP/1.1" 200 27
180.169.147.146 - - [01/Dec/2021:09:44:23 +0800] "POST /xingrg/dwr/call/plaincall/AjaxCheckService.setItemNumber.dwr HTTP/1.1" 200 77
116.227.210.113 - - [01/Dec/2021:09:44:25 +0800] "GET /xingrg/all/function/internal_message.html?_=1638323062811&CODE_STATE=getMsg HTTP/1.1" 200 27
116.238.248.233 - - [01/Dec/2021:09:44:25 +0800] "GET /xingrg/all/function/internal_message.html?_=1638323065656&CODE_STATE=getMsg HTTP/1.1" 200 27
58.37.8.149 - - [01/Dec/2021:09:44:28 +0800] "GET /xingrg/kc/buy/cgsh_order_operate.html?command=get_materiel&rest_code=00141&code=00101006184&supplier_code=00100012&order_time=2021-12-01 HTTP/1.1" 200 408
180.174.250.202 - - [01/Dec/2021:09:44:29 +0800] "GET /xingrg/kc/buy/cgsh_order_operate.html?command=get_materiel&rest_code=00102&code=00101001009&supplier_code=00100400&order_time=2021-12-01 HTTP/1.1" 200 410
180.169.147.146 - - [01/Dec/2021:09:44:31 +0800] "POST /xingrg/dwr/call/plaincall/AjaxCheckService.setItemNumber.dwr HTTP/1.1" 200 77
180.169.147.146 - - [01/Dec/2021:09:44:33 +0800] "POST /xingrg/dwr/call/plaincall/AjaxCheckService.setItemNumber.dwr HTTP/1.1" 200 77
180.169.147.146 - - [01/Dec/2021:09:44:34 +0800] "POST /xingrg/dwr/call/plaincall/AjaxCheckService.setItemNumber.dwr HTTP/1.1" 200 77
180.169.147.146 - - [01/Dec/2021:09:44:36 +0800] "POST /xingrg/dwr/call/plaincall/AjaxCheckService.setItemNumber.dwr HTTP/1.1" 200 77
180.169.147.146 - - [01/Dec/2021:09:44:41 +0800] "POST /xingrg/dwr/call/plaincall/AjaxCheckService.setItemNumber.dwr HTTP/1.1" 200 77
116.238.248.233 - - [01/Dec/2021:09:44:42 +0800] "POST /xingrg/kc/buy/cgsh_order_operate.html HTTP/1.1" 200 37
180.169.147.146 - - [01/Dec/2021:09:44:42 +0800] "POST /xingrg/dwr/call/plaincall/AjaxCheckService.setItemNumber.dwr HTTP/1.1" 200 77
180.169.147.146 - - [01/Dec/2021:09:44:43 +0800] "POST /xingrg/dwr/call/plaincall/AjaxCheckService.setItemNumber.dwr HTTP/1.1" 200 77
180.169.147.146 - - [01/Dec/2021:09:44:44 +0800] "POST /xingrg/dwr/call/plaincall/AjaxCheckService.setItemNumber.dwr HTTP/1.1" 200 77
180.174.250.202 - - [01/Dec/2021:09:44:44 +0800] "GET /xingrg/kc/buy/cgsh_order_operate.html?command=get_materiel&rest_code=00102&code=00101001075&supplier_code=00100400&order_time=2021-12-01 HTTP/1.1" 200 411
180.169.147.146 - - [01/Dec/2021:09:44:44 +0800] "POST /xingrg/dwr/call/plaincall/AjaxCheckService.setItemNumber.dwr HTTP/1.1" 200 77
101.85.120.86 - - [01/Dec/2021:09:44:44 +0800] "GET /xingrg/all/function/internal_message.html?_=1638323083027&CODE_STATE=getMsg HTTP/1.1" 200 27
180.169.147.146 - - [01/Dec/2021:09:44:45 +0800] "POST /xingrg/dwr/call/plaincall/AjaxCheckService.setItemNumber.dwr HTTP/1.1" 200 77
180.169.147.146 - - [01/Dec/2021:09:44:46 +0800] "GET /xingrg/all/function/internal_message.html?_=1638323086890&CODE_STATE=getMsg HTTP/1.1" 200 27
58.37.8.149 - - [01/Dec/2021:09:44:47 +0800] "POST /xingrg/kc/buy/cgsh_order_operate.html HTTP/1.1" 200 37
116.238.248.233 - - [01/Dec/2021:09:44:47 +0800] "POST /xingrg/kc/buy/cgsh_order_operate.html HTTP/1.1" 200 12
180.174.250.202 - - [01/Dec/2021:09:44:48 +0800] "POST /xingrg/services/DataTransmitService HTTP/1.1" 200 524
180.174.250.202 - - [01/Dec/2021:09:44:48 +0800] "POST /xingrg/services/DataTransmitService HTTP/1.1" 200 501
116.238.248.233 - - [01/Dec/2021:09:44:48 +0800] "GET /xingrg/kc/buy/cgsh_order_info.html?code=212021120100026 HTTP/1.1" 200 59887
116.238.248.233 - - [01/Dec/2021:09:44:49 +0800] "GET /xingrg/javascript/easyui/themes/default/validatebox.css HTTP/1.1" 404 1104
116.238.248.233 - - [01/Dec/2021:09:44:50 +0800] "POST /xingrg/kc/buy/cgsh_order_operate.html HTTP/1.1" 200 1204
180.169.147.146 - - [01/Dec/2021:09:44:51 +0800] "GET /xingrg/kc/base/check_order_list.html?isBack=1 HTTP/1.1" 200 16349
180.169.147.146 - - [01/Dec/2021:09:44:51 +0800] "POST /xingrg/kc/base/check_list_operate.html HTTP/1.1" 200 3585
58.39.139.200 - - [01/Dec/2021:09:44:51 +0800] "GET /xingrg/all/function/internal_message.html?_=1638323028040&CODE_STATE=getMsg HTTP/1.1" 200 27
58.37.8.149 - - [01/Dec/2021:09:44:51 +0800] "POST /xingrg/kc/buy/cgsh_order_operate.html HTTP/1.1" 200 12
58.37.8.149 - - [01/Dec/2021:09:44:52 +0800] "GET /xingrg/kc/buy/cgsh_order_info.html?code=212021120100027 HTTP/1.1" 200 60018
116.238.248.233 - - [01/Dec/2021:09:44:52 +0800] "GET /xingrg/kc/print/load_data.html?order_code=212021120100026&kc_code=cgsh&condition= HTTP/1.1" 200 920
58.37.8.149 - - [01/Dec/2021:09:44:52 +0800] "GET /xingrg/javascript/easyui/themes/default/validatebox.css HTTP/1.1" 404 1104
58.37.8.149 - - [01/Dec/2021:09:44:53 +0800] "POST /xingrg/kc/buy/cgsh_order_operate.html HTTP/1.1" 200 2976
58.37.8.149 - - [01/Dec/2021:09:44:54 +0800] "GET /xingrg/kc/print/load_data.html?order_code=212021120100027&kc_code=cgsh&condition= HTTP/1.1" 200 1710
180.174.250.202 - - [01/Dec/2021:09:44:55 +0800] "GET /xingrg/all/function/internal_message.html?_=1638323092351&CODE_STATE=getMsg HTTP/1.1" 200 27
180.169.147.146 - - [01/Dec/2021:09:44:55 +0800] "GET /xingrg/kc/base/check_order_info.html?code=452021113000432 HTTP/1.1" 200 26362
180.169.147.146 - - [01/Dec/2021:09:44:55 +0800] "GET /xingrg/dwr/interface/AjaxComOrderService.js HTTP/1.1" 200 18264
180.169.147.146 - - [01/Dec/2021:09:44:55 +0800] "GET /xingrg/dwr/interface/AjaxCheckService.js HTTP/1.1" 200 14003
180.169.147.146 - - [01/Dec/2021:09:44:55 +0800] "GET /xingrg/dwr/engine.js HTTP/1.1" 200 43631
180.169.147.146 - - [01/Dec/2021:09:44:55 +0800] "POST /xingrg/dwr/call/plaincall/AjaxCheckService.loadOrderItems.dwr HTTP/1.1" 200 13000
58.37.8.149 - - [01/Dec/2021:09:44:58 +0800] "GET /xingrg/kc/buy/cgsh_order_add.html HTTP/1.1" 200 65109
58.37.8.149 - - [01/Dec/2021:09:44:58 +0800] "POST /xingrg/kc/buy/cgsh_order_operate.html HTTP/1.1" 200 8245
114.86.228.29 - - [01/Dec/2021:09:44:58 +0800] "GET /xingrg/all/function/internal_message.html?_=1638323098812&CODE_STATE=getMsg HTTP/1.1" 200 27
58.37.8.149 - - [01/Dec/2021:09:44:58 +0800] "GET /xingrg/javascript/easyui/themes/default/validatebox.css HTTP/1.1" 404 1104
222.70.171.86 - - [01/Dec/2021:09:44:58 +0800] "GET /xingrg/all/function/internal_message.html?_=1638323107030&CODE_STATE=getMsg HTTP/1.1" 200 27
180.169.147.146 - - [01/Dec/2021:09:44:59 +0800] "POST /xingrg/dwr/call/plaincall/AjaxCheckService.setItemNumber.dwr HTTP/1.1" 200 76
180.169.147.146 - - [01/Dec/2021:09:45:00 +0800] "POST /xingrg/dwr/call/plaincall/AjaxCheckService.setItemNumber.dwr HTTP/1.1" 200 76
180.169.147.146 - - [01/Dec/2021:09:45:01 +0800] "POST /xingrg/dwr/call/plaincall/AjaxCheckService.setItemNumber.dwr HTTP/1.1" 200 76
180.169.147.146 - - [01/Dec/2021:09:45:02 +0800] "POST /xingrg/dwr/call/plaincall/AjaxCheckService.setItemNumber.dwr HTTP/1.1" 200 76
180.169.147.146 - - [01/Dec/2021:09:45:03 +0800] "POST /xingrg/dwr/call/plaincall/AjaxCheckService.setItemNumber.dwr HTTP/1.1" 200 76
114.85.125.222 - - [01/Dec/2021:09:45:03 +0800] "GET /xingrg/all/function/internal_message.html?_=1638323070909&CODE_STATE=getMsg HTTP/1.1" 200 27
180.174.250.202 - - [01/Dec/2021:09:45:04 +0800] "GET /xingrg/kc/buy/cgsh_order_operate.html?command=get_materiel&rest_code=00102&code=00101005037&supplier_code=00100400&order_time=2021-12-01 HTTP/1.1" 200 409
180.169.147.146 - - [01/Dec/2021:09:45:04 +0800] "POST /xingrg/dwr/call/plaincall/AjaxCheckService.setItemNumber.dwr HTTP/1.1" 200 76
180.169.147.146 - - [01/Dec/2021:09:45:05 +0800] "POST /xingrg/dwr/call/plaincall/AjaxCheckService.setItemNumber.dwr HTTP/1.1" 200 76
180.169.147.146 - - [01/Dec/2021:09:45:06 +0800] "POST /xingrg/dwr/call/plaincall/AjaxCheckService.setItemNumber.dwr HTTP/1.1" 200 76
180.169.147.146 - - [01/Dec/2021:09:45:06 +0800] "POST /xingrg/dwr/call/plaincall/AjaxCheckService.setItemNumber.dwr HTTP/1.1" 200 76
180.169.147.146 - - [01/Dec/2021:09:45:08 +0800] "POST /xingrg/dwr/call/plaincall/AjaxCheckService.setItemNumber.dwr HTTP/1.1" 200 77
180.169.147.146 - - [01/Dec/2021:09:45:09 +0800] "POST /xingrg/dwr/call/plaincall/AjaxCheckService.setItemNumber.dwr HTTP/1.1" 200 77
180.169.147.146 - - [01/Dec/2021:09:45:10 +0800] "POST /xingrg/dwr/call/plaincall/AjaxCheckService.setItemNumber.dwr HTTP/1.1" 200 77
180.169.147.146 - - [01/Dec/2021:09:45:11 +0800] "POST /xingrg/dwr/call/plaincall/AjaxCheckService.setItemNumber.dwr HTTP/1.1" 200 77
58.37.8.149 - - [01/Dec/2021:09:45:12 +0800] "GET /xingrg/kc/buy/cgsh_order_operate.html?command=get_materiel&rest_code=00141&code=00101010194&supplier_code=00100036&order_time=2021-12-01 HTTP/1.1" 200 417
114.83.221.14 - - [01/Dec/2021:09:45:12 +0800] "GET /xingrg/check_reg.html?_=1638323111901 HTTP/1.1" 200 22
114.83.221.14 - - [01/Dec/2021:09:45:12 +0800] "GET /xingrg/all/function/internal_message.html?_=1638323111905&CODE_STATE=getMsg HTTP/1.1" 200 27
58.40.7.146 - - [01/Dec/2021:09:45:15 +0800] "GET /xingrg/all/function/internal_message.html?_=1638323115886&CODE_STATE=getMsg HTTP/1.1" 302 -
180.169.147.146 - - [01/Dec/2021:09:45:15 +0800] "POST /xingrg/dwr/call/plaincall/AjaxCheckService.setItemNumber.dwr HTTP/1.1" 200 77
180.169.147.146 - - [01/Dec/2021:09:45:17 +0800] "POST /xingrg/dwr/call/plaincall/AjaxCheckService.setItemNumber.dwr HTTP/1.1" 200 77
58.39.139.200 - - [01/Dec/2021:09:45:18 +0800] "GET /xingrg/all/function/internal_message.html?_=1638323118713&CODE_STATE=getMsg HTTP/1.1" 200 27
180.169.147.146 - - [01/Dec/2021:09:45:18 +0800] "POST /xingrg/dwr/call/plaincall/AjaxCheckService.setItemNumber.dwr HTTP/1.1" 200 77
180.169.147.146 - - [01/Dec/2021:09:45:18 +0800] "POST /xingrg/dwr/call/plaincall/AjaxCheckService.setItemNumber.dwr HTTP/1.1" 200 77
180.169.147.146 - - [01/Dec/2021:09:45:19 +0800] "POST /xingrg/dwr/call/plaincall/AjaxCheckService.setItemNumber.dwr HTTP/1.1" 200 77
58.37.8.149 - - [01/Dec/2021:09:45:21 +0800] "GET /xingrg/kc/buy/cgsh_order_operate.html?command=get_materiel&rest_code=00141&code=00101006026&supplier_code=00100036&order_time=2021-12-01 HTTP/1.1" 200 409
180.169.147.146 - - [01/Dec/2021:09:45:21 +0800] "POST /xingrg/dwr/call/plaincall/AjaxCheckService.setItemNumber.dwr HTTP/1.1" 200 77
222.70.176.97 - - [01/Dec/2021:09:45:22 +0800] "GET /xingrg/all/function/internal_message.html?_=1638323120807&CODE_STATE=getMsg HTTP/1.1" 200 27
58.37.8.149 - - [01/Dec/2021:09:45:23 +0800] "GET /xingrg/all/function/internal_message.html?_=1638322945508&CODE_STATE=getMsg HTTP/1.1" 200 27
180.169.147.146 - - [01/Dec/2021:09:45:23 +0800] "POST /xingrg/dwr/call/plaincall/AjaxCheckService.setItemNumber.dwr HTTP/1.1" 200 77
222.69.132.164 - - [01/Dec/2021:09:45:23 +0800] "GET /xingrg/all/function/internal_message.html?_=1638323132384&CODE_STATE=getMsg HTTP/1.1" 200 27
116.227.210.113 - - [01/Dec/2021:09:45:25 +0800] "GET /xingrg/all/function/internal_message.html?_=1638323122806&CODE_STATE=getMsg HTTP/1.1" 200 27
116.238.248.233 - - [01/Dec/2021:09:45:25 +0800] "GET /xingrg/all/function/internal_message.html?_=1638323125658&CODE_STATE=getMsg HTTP/1.1" 200 27
180.169.147.146 - - [01/Dec/2021:09:45:25 +0800] "GET /xingrg/kc/base/check_order_list.html?isBack=1 HTTP/1.1" 200 16349
180.169.147.146 - - [01/Dec/2021:09:45:25 +0800] "POST /xingrg/kc/base/check_list_operate.html HTTP/1.1" 200 3585
58.37.8.149 - - [01/Dec/2021:09:45:27 +0800] "GET /xingrg/kc/buy/cgsh_order_operate.html?command=get_materiel&rest_code=00141&code=00101010092&supplier_code=00100036&order_time=2021-12-01 HTTP/1.1" 200 450
180.174.250.202 - - [01/Dec/2021:09:45:35 +0800] "POST /xingrg/kc/buy/cgsh_order_operate.html HTTP/1.1" 200 37
58.37.8.149 - - [01/Dec/2021:09:45:37 +0800] "GET /xingrg/kc/buy/cgsh_order_operate.html?command=get_materiel&rest_code=00141&code=00101016053&supplier_code=00100036&order_time=2021-12-01 HTTP/1.1" 200 408
180.174.250.202 - - [01/Dec/2021:09:45:39 +0800] "POST /xingrg/kc/buy/cgsh_order_operate.html HTTP/1.1" 200 12
180.174.250.202 - - [01/Dec/2021:09:45:40 +0800] "GET /xingrg/kc/buy/cgsh_order_info.html?code=212021120100028 HTTP/1.1" 200 59967
180.169.147.146 - - [01/Dec/2021:09:45:41 +0800] "GET /xingrg/kc/base/check_order_info.html?code=452021113000437 HTTP/1.1" 200 26362
180.169.147.146 - - [01/Dec/2021:09:45:41 +0800] "GET /xingrg/dwr/interface/AjaxComOrderService.js HTTP/1.1" 200 18264
180.169.147.146 - - [01/Dec/2021:09:45:41 +0800] "GET /xingrg/dwr/interface/AjaxCheckService.js HTTP/1.1" 200 14003
180.169.147.146 - - [01/Dec/2021:09:45:41 +0800] "GET /xingrg/dwr/engine.js HTTP/1.1" 200 43631
180.169.147.146 - - [01/Dec/2021:09:45:41 +0800] "POST /xingrg/dwr/call/plaincall/AjaxCheckService.loadOrderItems.dwr HTTP/1.1" 200 231811
180.174.250.202 - - [01/Dec/2021:09:45:41 +0800] "GET /xingrg/javascript/easyui/themes/default/validatebox.css HTTP/1.1" 404 1104
180.174.250.202 - - [01/Dec/2021:09:45:42 +0800] "POST /xingrg/kc/buy/cgsh_order_operate.html HTTP/1.1" 200 3564
101.85.120.86 - - [01/Dec/2021:09:45:44 +0800] "GET /xingrg/all/function/internal_message.html?_=1638323143027&CODE_STATE=getMsg HTTP/1.1" 200 27
180.169.147.146 - - [01/Dec/2021:09:45:46 +0800] "GET /xingrg/all/function/internal_message.html?_=1638323146875&CODE_STATE=getMsg HTTP/1.1" 200 27
58.37.8.149 - - [01/Dec/2021:09:45:48 +0800] "GET /xingrg/kc/buy/cgsh_order_operate.html?command=get_materiel&rest_code=00141&code=00101012025&supplier_code=00100036&order_time=2021-12-01 HTTP/1.1" 200 412
58.39.139.200 - - [01/Dec/2021:09:45:51 +0800] "GET /xingrg/all/function/internal_message.html?_=1638323088046&CODE_STATE=getMsg HTTP/1.1" 200 27
58.39.139.200 - - [01/Dec/2021:09:45:51 +0800] "GET /xingrg/check_reg.html?_=1638323088049 HTTP/1.1" 200 22
180.169.147.146 - - [01/Dec/2021:09:45:53 +0800] "POST /xingrg/dwr/call/plaincall/AjaxCheckService.setItemNumber.dwr HTTP/1.1" 200 76
180.174.250.202 - - [01/Dec/2021:09:45:55 +0800] "GET /xingrg/all/function/internal_message.html?_=1638323152359&CODE_STATE=getMsg HTTP/1.1" 200 27
180.169.147.146 - - [01/Dec/2021:09:45:55 +0800] "POST /xingrg/dwr/call/plaincall/AjaxCheckService.setItemNumber.dwr HTTP/1.1" 200 76
180.169.147.146 - - [01/Dec/2021:09:45:56 +0800] "POST /xingrg/dwr/call/plaincall/AjaxCheckService.setItemNumber.dwr HTTP/1.1" 200 76
58.37.8.149 - - [01/Dec/2021:09:45:56 +0800] "GET /xingrg/kc/buy/cgsh_order_operate.html?command=get_materiel&rest_code=00141&code=00101016025&supplier_code=00100036&order_time=2021-12-01 HTTP/1.1" 200 408
180.169.147.146 - - [01/Dec/2021:09:45:56 +0800] "POST /xingrg/dwr/call/plaincall/AjaxCheckService.setItemNumber.dwr HTTP/1.1" 200 76
114.86.228.29 - - [01/Dec/2021:09:45:58 +0800] "GET /xingrg/all/function/internal_message.html?_=1638323158801&CODE_STATE=getMsg HTTP/1.1" 200 27
222.70.171.86 - - [01/Dec/2021:09:45:58 +0800] "GET /xingrg/all/function/internal_message.html?_=1638323167043&CODE_STATE=getMsg HTTP/1.1" 200 27
180.169.147.146 - - [01/Dec/2021:09:45:58 +0800] "POST /xingrg/dwr/call/plaincall/AjaxCheckService.setItemNumber.dwr HTTP/1.1" 200 76
180.169.147.146 - - [01/Dec/2021:09:46:00 +0800] "POST /xingrg/dwr/call/plaincall/AjaxCheckService.setItemNumber.dwr HTTP/1.1" 200 76
180.169.147.146 - - [01/Dec/2021:09:46:02 +0800] "POST /xingrg/dwr/call/plaincall/AjaxCheckService.setItemNumber.dwr HTTP/1.1" 200 76
180.169.147.146 - - [01/Dec/2021:09:46:02 +0800] "POST /xingrg/dwr/call/plaincall/AjaxCheckService.setItemNumber.dwr HTTP/1.1" 200 76
114.85.125.222 - - [01/Dec/2021:09:46:03 +0800] "GET /xingrg/all/function/internal_message.html?_=1638323130921&CODE_STATE=getMsg HTTP/1.1" 200 27
180.169.147.146 - - [01/Dec/2021:09:46:04 +0800] "POST /xingrg/dwr/call/plaincall/AjaxCheckService.setItemNumber.dwr HTTP/1.1" 200 76
180.169.147.146 - - [01/Dec/2021:09:46:05 +0800] "POST /xingrg/dwr/call/plaincall/AjaxCheckService.setItemNumber.dwr HTTP/1.1" 200 77
180.169.147.146 - - [01/Dec/2021:09:46:06 +0800] "POST /xingrg/dwr/call/plaincall/AjaxCheckService.setItemNumber.dwr HTTP/1.1" 200 77
180.169.147.146 - - [01/Dec/2021:09:46:09 +0800] "POST /xingrg/dwr/call/plaincall/AjaxCheckService.setItemNumber.dwr HTTP/1.1" 200 77
180.174.250.202 - - [01/Dec/2021:09:46:12 +0800] "GET /xingrg/kc/print/load_data.html?order_code=212021120100028&kc_code=cgsh&condition= HTTP/1.1" 200 1798
114.83.221.14 - - [01/Dec/2021:09:46:12 +0800] "GET /xingrg/all/function/internal_message.html?_=1638323171903&CODE_STATE=getMsg HTTP/1.1" 200 27
180.169.147.146 - - [01/Dec/2021:09:46:12 +0800] "POST /xingrg/dwr/call/plaincall/AjaxCheckService.setItemNumber.dwr HTTP/1.1" 200 77
180.169.147.146 - - [01/Dec/2021:09:46:14 +0800] "POST /xingrg/dwr/call/plaincall/AjaxCheckService.setItemNumber.dwr HTTP/1.1" 200 77
58.40.7.146 - - [01/Dec/2021:09:46:15 +0800] "GET /xingrg/check_reg.html?_=1638323175873 HTTP/1.1" 302 -
58.40.7.146 - - [01/Dec/2021:09:46:15 +0800] "GET /xingrg/all/function/internal_message.html?_=1638323175874&CODE_STATE=getMsg HTTP/1.1" 302 -
180.169.147.146 - - [01/Dec/2021:09:46:16 +0800] "POST /xingrg/dwr/call/plaincall/AjaxCheckService.setItemNumber.dwr HTTP/1.1" 200 77
180.169.147.146 - - [01/Dec/2021:09:46:17 +0800] "POST /xingrg/dwr/call/plaincall/AjaxCheckService.setItemNumber.dwr HTTP/1.1" 200 77
58.39.139.200 - - [01/Dec/2021:09:46:18 +0800] "GET /xingrg/all/function/internal_message.html?_=1638323178728&CODE_STATE=getMsg HTTP/1.1" 200 27
180.169.147.146 - - [01/Dec/2021:09:46:18 +0800] "POST /xingrg/dwr/call/plaincall/AjaxCheckService.setItemNumber.dwr HTTP/1.1" 200 77
180.169.147.146 - - [01/Dec/2021:09:46:19 +0800] "POST /xingrg/dwr/call/plaincall/AjaxCheckService.setItemNumber.dwr HTTP/1.1" 200 77
180.169.147.146 - - [01/Dec/2021:09:46:20 +0800] "POST /xingrg/dwr/call/plaincall/AjaxCheckService.setItemNumber.dwr HTTP/1.1" 200 77
116.235.94.0 - - [01/Dec/2021:09:46:21 +0800] "GET /favicon.ico HTTP/1.1" 404 -
222.70.176.97 - - [01/Dec/2021:09:46:22 +0800] "GET /xingrg/all/function/internal_message.html?_=1638323180789&CODE_STATE=getMsg HTTP/1.1" 200 27
180.169.147.146 - - [01/Dec/2021:09:46:22 +0800] "POST /xingrg/dwr/call/plaincall/AjaxCheckService.setItemNumber.dwr HTTP/1.1" 200 77
58.37.8.149 - - [01/Dec/2021:09:46:23 +0800] "GET /xingrg/all/function/internal_message.html?_=1638323005476&CODE_STATE=getMsg HTTP/1.1" 200 27
180.169.147.146 - - [01/Dec/2021:09:46:23 +0800] "POST /xingrg/dwr/call/plaincall/AjaxCheckService.setItemNumber.dwr HTTP/1.1" 200 77
222.69.132.164 - - [01/Dec/2021:09:46:23 +0800] "GET /xingrg/all/function/internal_message.html?_=1638323192381&CODE_STATE=getMsg HTTP/1.1" 200 27
222.69.132.164 - - [01/Dec/2021:09:46:23 +0800] "GET /xingrg/check_reg.html?_=1638323192384 HTTP/1.1" 200 22
180.169.147.146 - - [01/Dec/2021:09:46:24 +0800] "POST /xingrg/dwr/call/plaincall/AjaxCheckService.setItemNumber.dwr HTTP/1.1" 200 77
116.227.210.113 - - [01/Dec/2021:09:46:25 +0800] "GET /xingrg/check_reg.html?_=1638323182832 HTTP/1.1" 200 22
116.227.210.113 - - [01/Dec/2021:09:46:25 +0800] "GET /xingrg/all/function/internal_message.html?_=1638323182829&CODE_STATE=getMsg HTTP/1.1" 200 27
180.169.147.146 - - [01/Dec/2021:09:46:25 +0800] "POST /xingrg/dwr/call/plaincall/AjaxCheckService.setItemNumber.dwr HTTP/1.1" 200 77
116.238.248.233 - - [01/Dec/2021:09:46:25 +0800] "GET /xingrg/all/function/internal_message.html?_=1638323185657&CODE_STATE=getMsg HTTP/1.1" 200 27
180.169.147.146 - - [01/Dec/2021:09:46:26 +0800] "POST /xingrg/dwr/call/plaincall/AjaxCheckService.setItemNumber.dwr HTTP/1.1" 200 77
180.169.147.146 - - [01/Dec/2021:09:46:27 +0800] "POST /xingrg/dwr/call/plaincall/AjaxCheckService.setItemNumber.dwr HTTP/1.1" 200 77
180.169.147.146 - - [01/Dec/2021:09:46:28 +0800] "POST /xingrg/dwr/call/plaincall/AjaxCheckService.setItemNumber.dwr HTTP/1.1" 200 77
180.169.147.146 - - [01/Dec/2021:09:46:29 +0800] "POST /xingrg/dwr/call/plaincall/AjaxCheckService.setItemNumber.dwr HTTP/1.1" 200 77
180.169.147.146 - - [01/Dec/2021:09:46:30 +0800] "POST /xingrg/dwr/call/plaincall/AjaxCheckService.setItemNumber.dwr HTTP/1.1" 200 77
180.169.147.146 - - [01/Dec/2021:09:46:31 +0800] "POST /xingrg/dwr/call/plaincall/AjaxCheckService.setItemNumber.dwr HTTP/1.1" 200 77
180.169.147.146 - - [01/Dec/2021:09:46:31 +0800] "POST /xingrg/dwr/call/plaincall/AjaxCheckService.setItemNumber.dwr HTTP/1.1" 200 77
58.37.8.149 - - [01/Dec/2021:09:46:32 +0800] "GET /xingrg/kc/buy/cgsh_order_operate.html?command=get_materiel&rest_code=00141&code=00101011001&supplier_code=00100036&order_time=2021-12-01 HTTP/1.1" 200 423
180.169.147.146 - - [01/Dec/2021:09:46:33 +0800] "POST /xingrg/dwr/call/plaincall/AjaxCheckService.setItemNumber.dwr HTTP/1.1" 200 77
180.169.147.146 - - [01/Dec/2021:09:46:34 +0800] "POST /xingrg/dwr/call/plaincall/AjaxCheckService.setItemNumber.dwr HTTP/1.1" 200 77
180.169.147.146 - - [01/Dec/2021:09:46:36 +0800] "POST /xingrg/dwr/call/plaincall/AjaxCheckService.setItemNumber.dwr HTTP/1.1" 200 77
180.169.147.146 - - [01/Dec/2021:09:46:37 +0800] "POST /xingrg/dwr/call/plaincall/AjaxCheckService.setItemNumber.dwr HTTP/1.1" 200 77
180.169.147.146 - - [01/Dec/2021:09:46:38 +0800] "POST /xingrg/dwr/call/plaincall/AjaxCheckService.setItemNumber.dwr HTTP/1.1" 200 77
180.169.147.146 - - [01/Dec/2021:09:46:39 +0800] "POST /xingrg/dwr/call/plaincall/AjaxCheckService.setItemNumber.dwr HTTP/1.1" 200 77
180.169.147.146 - - [01/Dec/2021:09:46:40 +0800] "POST /xingrg/dwr/call/plaincall/AjaxCheckService.setItemNumber.dwr HTTP/1.1" 200 77
58.37.8.149 - - [01/Dec/2021:09:46:40 +0800] "GET /xingrg/kc/buy/cgsh_order_operate.html?command=get_materiel&rest_code=00141&code=00101012002&supplier_code=00100036&order_time=2021-12-01 HTTP/1.1" 200 419
180.169.147.146 - - [01/Dec/2021:09:46:41 +0800] "POST /xingrg/dwr/call/plaincall/AjaxCheckService.setItemNumber.dwr HTTP/1.1" 200 77
180.169.147.146 - - [01/Dec/2021:09:46:43 +0800] "POST /xingrg/dwr/call/plaincall/AjaxCheckService.setItemNumber.dwr HTTP/1.1" 200 77
101.85.120.86 - - [01/Dec/2021:09:46:44 +0800] "GET /xingrg/all/function/internal_message.html?_=1638323203026&CODE_STATE=getMsg HTTP/1.1" 200 27
180.174.250.202 - - [01/Dec/2021:09:46:46 +0800] "GET /xingrg/check_reg.html?_=1638323203617 HTTP/1.1" 200 22
180.169.147.146 - - [01/Dec/2021:09:46:46 +0800] "GET /xingrg/all/function/internal_message.html?_=1638323206853&CODE_STATE=getMsg HTTP/1.1" 200 27
58.37.8.149 - - [01/Dec/2021:09:46:49 +0800] "GET /xingrg/kc/buy/cgsh_order_operate.html?command=get_materiel&rest_code=00141&code=00101012051&supplier_code=00100036&order_time=2021-12-01 HTTP/1.1" 200 408
58.39.139.200 - - [01/Dec/2021:09:46:51 +0800] "GET /xingrg/all/function/internal_message.html?_=1638323148049&CODE_STATE=getMsg HTTP/1.1" 200 27
180.174.250.202 - - [01/Dec/2021:09:46:55 +0800] "GET /xingrg/all/function/internal_message.html?_=1638323212371&CODE_STATE=getMsg HTTP/1.1" 200 27
114.86.228.29 - - [01/Dec/2021:09:46:58 +0800] "GET /xingrg/check_reg.html?_=1638323218795 HTTP/1.1" 200 22
114.86.228.29 - - [01/Dec/2021:09:46:58 +0800] "GET /xingrg/all/function/internal_message.html?_=1638323218799&CODE_STATE=getMsg HTTP/1.1" 200 27
222.70.171.86 - - [01/Dec/2021:09:46:58 +0800] "GET /xingrg/all/function/internal_message.html?_=1638323227059&CODE_STATE=getMsg HTTP/1.1" 200 27
180.169.147.146 - - [01/Dec/2021:09:46:59 +0800] "POST /xingrg/dwr/call/plaincall/AjaxCheckService.setItemNumber.dwr HTTP/1.1" 200 77
180.169.147.146 - - [01/Dec/2021:09:47:01 +0800] "POST /xingrg/dwr/call/plaincall/AjaxCheckService.setItemNumber.dwr HTTP/1.1" 200 77
180.169.147.146 - - [01/Dec/2021:09:47:02 +0800] "POST /xingrg/dwr/call/plaincall/AjaxCheckService.setItemNumber.dwr HTTP/1.1" 200 77
180.169.147.146 - - [01/Dec/2021:09:47:03 +0800] "POST /xingrg/dwr/call/plaincall/AjaxCheckService.setItemNumber.dwr HTTP/1.1" 200 77
180.157.253.6 - - [01/Dec/2021:09:47:03 +0800] "GET /xingrg/check_reg.html?_=1638323224059 HTTP/1.1" 200 22
114.85.125.222 - - [01/Dec/2021:09:47:03 +0800] "GET /xingrg/all/function/internal_message.html?_=1638323191118&CODE_STATE=getMsg HTTP/1.1" 200 27
58.37.8.149 - - [01/Dec/2021:09:47:04 +0800] "GET /xingrg/kc/buy/cgsh_order_operate.html?command=get_materiel&rest_code=00141&code=00101008233&supplier_code=00100036&order_time=2021-12-01 HTTP/1.1" 200 408
180.169.147.146 - - [01/Dec/2021:09:47:04 +0800] "POST /xingrg/dwr/call/plaincall/AjaxCheckService.setItemNumber.dwr HTTP/1.1" 200 77
180.169.147.146 - - [01/Dec/2021:09:47:06 +0800] "POST /xingrg/dwr/call/plaincall/AjaxCheckService.setItemNumber.dwr HTTP/1.1" 200 77
180.169.147.146 - - [01/Dec/2021:09:47:08 +0800] "POST /xingrg/dwr/call/plaincall/AjaxCheckService.setItemNumber.dwr HTTP/1.1" 200 77
180.169.147.146 - - [01/Dec/2021:09:47:09 +0800] "POST /xingrg/dwr/call/plaincall/AjaxCheckService.setItemNumber.dwr HTTP/1.1" 200 77
180.169.147.146 - - [01/Dec/2021:09:47:11 +0800] "POST /xingrg/dwr/call/plaincall/AjaxCheckService.setItemNumber.dwr HTTP/1.1" 200 77
114.83.221.14 - - [01/Dec/2021:09:47:12 +0800] "GET /xingrg/all/function/internal_message.html?_=1638323231905&CODE_STATE=getMsg HTTP/1.1" 200 27
58.40.7.146 - - [01/Dec/2021:09:47:15 +0800] "GET /xingrg/all/function/internal_message.html?_=1638323235878&CODE_STATE=getMsg HTTP/1.1" 302 -
58.39.139.200 - - [01/Dec/2021:09:47:18 +0800] "GET /xingrg/all/function/internal_message.html?_=1638323238713&CODE_STATE=getMsg HTTP/1.1" 200 27
58.37.8.149 - - [01/Dec/2021:09:47:18 +0800] "GET /xingrg/kc/buy/cgsh_order_operate.html?command=get_materiel&rest_code=00141&code=00101012044&supplier_code=00100036&order_time=2021-12-01 HTTP/1.1" 200 409
180.169.147.146 - - [01/Dec/2021:09:47:18 +0800] "POST /xingrg/dwr/call/plaincall/AjaxCheckService.setItemNumber.dwr HTTP/1.1" 200 77
222.70.176.97 - - [01/Dec/2021:09:47:21 +0800] "GET /xingrg/all/function/internal_message.html?_=1638323240772&CODE_STATE=getMsg HTTP/1.1" 200 27
58.37.8.149 - - [01/Dec/2021:09:47:23 +0800] "GET /xingrg/all/function/internal_message.html?_=1638323065537&CODE_STATE=getMsg HTTP/1.1" 200 27
222.69.132.164 - - [01/Dec/2021:09:47:23 +0800] "GET /xingrg/all/function/internal_message.html?_=1638323252398&CODE_STATE=getMsg HTTP/1.1" 200 27
116.227.210.113 - - [01/Dec/2021:09:47:25 +0800] "GET /xingrg/all/function/internal_message.html?_=1638323242805&CODE_STATE=getMsg HTTP/1.1" 200 27
116.238.248.233 - - [01/Dec/2021:09:47:25 +0800] "GET /xingrg/all/function/internal_message.html?_=1638323245664&CODE_STATE=getMsg HTTP/1.1" 200 27
116.238.248.233 - - [01/Dec/2021:09:47:25 +0800] "GET /xingrg/check_reg.html?_=1638323245663 HTTP/1.1" 200 22
180.169.147.146 - - [01/Dec/2021:09:47:30 +0800] "GET /xingrg/check_reg.html?_=1638323250087 HTTP/1.1" 302 -
58.37.8.149 - - [01/Dec/2021:09:47:30 +0800] "GET /xingrg/kc/buy/cgsh_order_operate.html?command=get_materiel&rest_code=00141&code=00101011007&supplier_code=00100036&order_time=2021-12-01 HTTP/1.1" 200 414
180.174.250.202 - - [01/Dec/2021:09:47:36 +0800] "GET /xingrg/javascript/jquery_easy_ui/themes/default/images/tabs_active.png HTTP/1.1" 200 2894
58.37.8.149 - - [01/Dec/2021:09:47:42 +0800] "POST /xingrg/kc/buy/cgsh_order_operate.html HTTP/1.1" 200 37
101.85.120.86 - - [01/Dec/2021:09:47:44 +0800] "GET /xingrg/check_reg.html?_=1638323263024 HTTP/1.1" 200 22
101.85.120.86 - - [01/Dec/2021:09:47:44 +0800] "GET /xingrg/all/function/internal_message.html?_=1638323263027&CODE_STATE=getMsg HTTP/1.1" 200 27
58.37.8.149 - - [01/Dec/2021:09:47:49 +0800] "POST /xingrg/kc/buy/cgsh_order_operate.html HTTP/1.1" 200 12
58.39.139.200 - - [01/Dec/2021:09:47:51 +0800] "GET /xingrg/all/function/internal_message.html?_=1638323208049&CODE_STATE=getMsg HTTP/1.1" 200 27
58.37.8.149 - - [01/Dec/2021:09:47:51 +0800] "GET /xingrg/kc/buy/cgsh_order_info.html?code=212021120100029 HTTP/1.1" 200 60020
58.37.8.149 - - [01/Dec/2021:09:47:51 +0800] "GET /xingrg/javascript/easyui/themes/default/validatebox.css HTTP/1.1" 404 1104
58.37.8.149 - - [01/Dec/2021:09:47:52 +0800] "POST /xingrg/kc/buy/cgsh_order_operate.html HTTP/1.1" 200 8345
180.174.250.202 - - [01/Dec/2021:09:47:55 +0800] "GET /xingrg/all/function/internal_message.html?_=1638323272386&CODE_STATE=getMsg HTTP/1.1" 200 27
114.86.228.29 - - [01/Dec/2021:09:47:58 +0800] "GET /xingrg/all/function/internal_message.html?_=1638323278805&CODE_STATE=getMsg HTTP/1.1" 200 27
222.70.171.86 - - [01/Dec/2021:09:47:58 +0800] "GET /xingrg/all/function/internal_message.html?_=1638323287070&CODE_STATE=getMsg HTTP/1.1" 200 27
114.85.125.222 - - [01/Dec/2021:09:48:03 +0800] "GET /xingrg/all/function/internal_message.html?_=1638323251137&CODE_STATE=getMsg HTTP/1.1" 200 27
58.221.95.50 - - [01/Dec/2021:09:48:06 +0800] "GET /xingrg/check_reg.html?_=1638323286933 HTTP/1.1" 302 -
114.83.221.14 - - [01/Dec/2021:09:48:12 +0800] "GET /xingrg/all/function/internal_message.html?_=1638323291904&CODE_STATE=getMsg HTTP/1.1" 200 27
58.40.7.146 - - [01/Dec/2021:09:48:15 +0800] "GET /xingrg/all/function/internal_message.html?_=1638323295880&CODE_STATE=getMsg HTTP/1.1" 302 -
58.39.139.200 - - [01/Dec/2021:09:48:18 +0800] "GET /xingrg/all/function/internal_message.html?_=1638323298724&CODE_STATE=getMsg HTTP/1.1" 200 27
222.70.176.97 - - [01/Dec/2021:09:48:18 +0800] "GET /xingrg/check_reg.html?_=1638323297118 HTTP/1.1" 200 22
222.70.176.97 - - [01/Dec/2021:09:48:21 +0800] "GET /xingrg/all/function/internal_message.html?_=1638323300754&CODE_STATE=getMsg HTTP/1.1" 200 27
58.37.8.149 - - [01/Dec/2021:09:48:23 +0800] "GET /xingrg/all/function/internal_message.html?_=1638323125527&CODE_STATE=getMsg HTTP/1.1" 200 27
222.69.132.164 - - [01/Dec/2021:09:48:23 +0800] "GET /xingrg/all/function/internal_message.html?_=1638323312395&CODE_STATE=getMsg HTTP/1.1" 200 27
116.227.210.113 - - [01/Dec/2021:09:48:25 +0800] "GET /xingrg/all/function/internal_message.html?_=1638323302822&CODE_STATE=getMsg HTTP/1.1" 200 27
116.238.248.233 - - [01/Dec/2021:09:48:25 +0800] "GET /xingrg/all/function/internal_message.html?_=1638323305664&CODE_STATE=getMsg HTTP/1.1" 200 27
180.169.147.146 - - [01/Dec/2021:09:48:28 +0800] "POST /xingrg/dwr/call/plaincall/AjaxCheckService.setItemNumber.dwr HTTP/1.1" 200 77
180.169.147.146 - - [01/Dec/2021:09:48:28 +0800] "GET /xingrg/all/function/internal_message.html?_=1638323267035&CODE_STATE=getMsg HTTP/1.1" 200 27
180.169.147.146 - - [01/Dec/2021:09:48:29 +0800] "POST /xingrg/dwr/call/plaincall/AjaxCheckService.setItemNumber.dwr HTTP/1.1" 200 77
180.169.147.146 - - [01/Dec/2021:09:48:29 +0800] "POST /xingrg/dwr/call/plaincall/AjaxCheckService.setItemNumber.dwr HTTP/1.1" 200 77
180.169.147.146 - - [01/Dec/2021:09:48:29 +0800] "POST /xingrg/dwr/call/plaincall/AjaxCheckService.setItemNumber.dwr HTTP/1.1" 200 77
180.169.147.146 - - [01/Dec/2021:09:48:29 +0800] "POST /xingrg/dwr/call/plaincall/AjaxCheckService.setItemNumber.dwr HTTP/1.1" 200 77
180.169.147.146 - - [01/Dec/2021:09:48:29 +0800] "POST /xingrg/dwr/call/plaincall/AjaxCheckService.setItemNumber.dwr HTTP/1.1" 200 77
180.169.147.146 - - [01/Dec/2021:09:48:29 +0800] "POST /xingrg/dwr/call/plaincall/AjaxCheckService.setItemNumber.dwr HTTP/1.1" 200 77
180.169.147.146 - - [01/Dec/2021:09:48:29 +0800] "POST /xingrg/dwr/call/plaincall/AjaxCheckService.setItemNumber.dwr HTTP/1.1" 200 77
180.169.147.146 - - [01/Dec/2021:09:48:30 +0800] "POST /xingrg/dwr/call/plaincall/AjaxCheckService.setItemNumber.dwr HTTP/1.1" 200 77
180.169.147.146 - - [01/Dec/2021:09:48:30 +0800] "POST /xingrg/dwr/call/plaincall/AjaxCheckService.setItemNumber.dwr HTTP/1.1" 200 77
180.169.147.146 - - [01/Dec/2021:09:48:30 +0800] "POST /xingrg/dwr/call/plaincall/AjaxCheckService.setItemNumber.dwr HTTP/1.1" 200 77
180.169.147.146 - - [01/Dec/2021:09:48:30 +0800] "POST /xingrg/dwr/call/plaincall/AjaxCheckService.setItemNumber.dwr HTTP/1.1" 200 77
180.169.147.146 - - [01/Dec/2021:09:48:30 +0800] "POST /xingrg/dwr/call/plaincall/AjaxCheckService.setItemNumber.dwr HTTP/1.1" 200 77
180.169.147.146 - - [01/Dec/2021:09:48:30 +0800] "POST /xingrg/dwr/call/plaincall/AjaxCheckService.setItemNumber.dwr HTTP/1.1" 200 77
180.169.147.146 - - [01/Dec/2021:09:48:30 +0800] "POST /xingrg/dwr/call/plaincall/AjaxCheckService.setItemNumber.dwr HTTP/1.1" 200 77
180.169.147.146 - - [01/Dec/2021:09:48:30 +0800] "POST /xingrg/dwr/call/plaincall/AjaxCheckService.setItemNumber.dwr HTTP/1.1" 200 77
180.169.147.146 - - [01/Dec/2021:09:48:30 +0800] "POST /xingrg/dwr/call/plaincall/AjaxCheckService.setItemNumber.dwr HTTP/1.1" 200 77
180.169.147.146 - - [01/Dec/2021:09:48:30 +0800] "POST /xingrg/dwr/call/plaincall/AjaxCheckService.setItemNumber.dwr HTTP/1.1" 200 77
180.169.147.146 - - [01/Dec/2021:09:48:30 +0800] "POST /xingrg/dwr/call/plaincall/AjaxCheckService.setItemNumber.dwr HTTP/1.1" 200 77
180.169.147.146 - - [01/Dec/2021:09:48:30 +0800] "POST /xingrg/dwr/call/plaincall/AjaxCheckService.setItemNumber.dwr HTTP/1.1" 200 77
180.169.147.146 - - [01/Dec/2021:09:48:30 +0800] "POST /xingrg/dwr/call/plaincall/AjaxCheckService.setItemNumber.dwr HTTP/1.1" 200 77
180.169.147.146 - - [01/Dec/2021:09:48:30 +0800] "POST /xingrg/dwr/call/plaincall/AjaxCheckService.setItemNumber.dwr HTTP/1.1" 200 77
180.169.147.146 - - [01/Dec/2021:09:48:30 +0800] "POST /xingrg/dwr/call/plaincall/AjaxCheckService.setItemNumber.dwr HTTP/1.1" 200 77
180.169.147.146 - - [01/Dec/2021:09:48:30 +0800] "POST /xingrg/dwr/call/plaincall/AjaxCheckService.setItemNumber.dwr HTTP/1.1" 200 77
180.169.147.146 - - [01/Dec/2021:09:48:30 +0800] "POST /xingrg/dwr/call/plaincall/AjaxCheckService.setItemNumber.dwr HTTP/1.1" 200 77
180.169.147.146 - - [01/Dec/2021:09:48:30 +0800] "POST /xingrg/dwr/call/plaincall/AjaxCheckService.setItemNumber.dwr HTTP/1.1" 200 77
180.169.147.146 - - [01/Dec/2021:09:48:30 +0800] "POST /xingrg/dwr/call/plaincall/AjaxCheckService.setItemNumber.dwr HTTP/1.1" 200 77
180.169.147.146 - - [01/Dec/2021:09:48:30 +0800] "POST /xingrg/dwr/call/plaincall/AjaxCheckService.setItemNumber.dwr HTTP/1.1" 200 77
180.169.147.146 - - [01/Dec/2021:09:48:31 +0800] "POST /xingrg/dwr/call/plaincall/AjaxCheckService.setItemNumber.dwr HTTP/1.1" 200 77
180.169.147.146 - - [01/Dec/2021:09:48:31 +0800] "POST /xingrg/dwr/call/plaincall/AjaxCheckService.setItemNumber.dwr HTTP/1.1" 200 77
180.169.147.146 - - [01/Dec/2021:09:48:31 +0800] "POST /xingrg/dwr/call/plaincall/AjaxCheckService.setItemNumber.dwr HTTP/1.1" 200 77
180.169.147.146 - - [01/Dec/2021:09:48:31 +0800] "POST /xingrg/dwr/call/plaincall/AjaxCheckService.setItemNumber.dwr HTTP/1.1" 200 77
180.169.147.146 - - [01/Dec/2021:09:48:31 +0800] "POST /xingrg/dwr/call/plaincall/AjaxCheckService.setItemNumber.dwr HTTP/1.1" 200 77
180.169.147.146 - - [01/Dec/2021:09:48:31 +0800] "POST /xingrg/dwr/call/plaincall/AjaxCheckService.setItemNumber.dwr HTTP/1.1" 200 77
180.169.147.146 - - [01/Dec/2021:09:48:31 +0800] "POST /xingrg/dwr/call/plaincall/AjaxCheckService.setItemNumber.dwr HTTP/1.1" 200 77
180.169.147.146 - - [01/Dec/2021:09:48:31 +0800] "POST /xingrg/dwr/call/plaincall/AjaxCheckService.setItemNumber.dwr HTTP/1.1" 200 77
180.169.147.146 - - [01/Dec/2021:09:48:31 +0800] "POST /xingrg/dwr/call/plaincall/AjaxCheckService.setItemNumber.dwr HTTP/1.1" 200 77
180.169.147.146 - - [01/Dec/2021:09:48:31 +0800] "POST /xingrg/dwr/call/plaincall/AjaxCheckService.setItemNumber.dwr HTTP/1.1" 200 77
180.169.147.146 - - [01/Dec/2021:09:48:31 +0800] "POST /xingrg/dwr/call/plaincall/AjaxCheckService.setItemNumber.dwr HTTP/1.1" 200 77
180.169.147.146 - - [01/Dec/2021:09:48:33 +0800] "POST /xingrg/dwr/call/plaincall/AjaxCheckService.setItemNumber.dwr HTTP/1.1" 200 77
180.169.147.146 - - [01/Dec/2021:09:48:33 +0800] "POST /xingrg/dwr/call/plaincall/AjaxCheckService.setItemNumber.dwr HTTP/1.1" 200 77
180.169.147.146 - - [01/Dec/2021:09:48:38 +0800] "POST /xingrg/dwr/call/plaincall/AjaxCheckService.setItemNumber.dwr HTTP/1.1" 200 77
180.169.147.146 - - [01/Dec/2021:09:48:39 +0800] "POST /xingrg/dwr/call/plaincall/AjaxCheckService.setItemNumber.dwr HTTP/1.1" 200 77
180.169.147.146 - - [01/Dec/2021:09:48:41 +0800] "POST /xingrg/dwr/call/plaincall/AjaxCheckService.setItemNumber.dwr HTTP/1.1" 200 77
180.169.147.146 - - [01/Dec/2021:09:48:42 +0800] "POST /xingrg/dwr/call/plaincall/AjaxCheckService.setItemNumber.dwr HTTP/1.1" 200 77
101.85.120.86 - - [01/Dec/2021:09:48:44 +0800] "GET /xingrg/all/function/internal_message.html?_=1638323323025&CODE_STATE=getMsg HTTP/1.1" 200 27
180.169.147.146 - - [01/Dec/2021:09:48:46 +0800] "GET /xingrg/check_reg.html?_=1638323326587 HTTP/1.1" 200 22
180.169.147.146 - - [01/Dec/2021:09:48:47 +0800] "GET /xingrg/all/function/internal_message.html?_=1638323327215&CODE_STATE=getMsg HTTP/1.1" 200 27
180.169.147.146 - - [01/Dec/2021:09:48:47 +0800] "POST /xingrg/dwr/call/plaincall/AjaxCheckService.setItemNumber.dwr HTTP/1.1" 200 77
180.169.147.146 - - [01/Dec/2021:09:48:48 +0800] "POST /xingrg/dwr/call/plaincall/AjaxCheckService.setItemNumber.dwr HTTP/1.1" 200 77
180.169.147.146 - - [01/Dec/2021:09:48:50 +0800] "POST /xingrg/dwr/call/plaincall/AjaxCheckService.setItemNumber.dwr HTTP/1.1" 200 77
58.39.139.200 - - [01/Dec/2021:09:48:51 +0800] "GET /xingrg/all/function/internal_message.html?_=1638323268049&CODE_STATE=getMsg HTTP/1.1" 200 27
180.169.147.146 - - [01/Dec/2021:09:48:51 +0800] "POST /xingrg/dwr/call/plaincall/AjaxCheckService.setItemNumber.dwr HTTP/1.1" 200 78
180.169.147.146 - - [01/Dec/2021:09:48:52 +0800] "POST /xingrg/dwr/call/plaincall/AjaxCheckService.setItemNumber.dwr HTTP/1.1" 200 78
180.169.147.146 - - [01/Dec/2021:09:48:54 +0800] "POST /xingrg/dwr/call/plaincall/AjaxCheckService.setItemNumber.dwr HTTP/1.1" 200 78
180.174.250.202 - - [01/Dec/2021:09:48:55 +0800] "GET /xingrg/all/function/internal_message.html?_=1638323332399&CODE_STATE=getMsg HTTP/1.1" 200 27
180.169.147.146 - - [01/Dec/2021:09:48:55 +0800] "POST /xingrg/dwr/call/plaincall/AjaxCheckService.setItemNumber.dwr HTTP/1.1" 200 78
222.70.171.86 - - [01/Dec/2021:09:48:58 +0800] "GET /xingrg/check_reg.html?_=1638323346653 HTTP/1.1" 200 22
114.86.228.29 - - [01/Dec/2021:09:48:58 +0800] "GET /xingrg/all/function/internal_message.html?_=1638323338798&CODE_STATE=getMsg HTTP/1.1" 200 27
222.70.171.86 - - [01/Dec/2021:09:48:58 +0800] "GET /xingrg/all/function/internal_message.html?_=1638323347084&CODE_STATE=getMsg HTTP/1.1" 200 27
116.238.248.233 - - [01/Dec/2021:09:48:59 +0800] "GET /xingrg/kc/buy/cgsh_order_list.html HTTP/1.1" 200 49339
116.238.248.233 - - [01/Dec/2021:09:49:01 +0800] "POST /xingrg/kc/buy/cgsh_list_operate.html HTTP/1.1" 200 1691
58.37.8.149 - - [01/Dec/2021:09:49:02 +0800] "GET /xingrg/kc/print/load_data.html?order_code=212021120100029&kc_code=cgsh&condition= HTTP/1.1" 200 3733
114.85.125.222 - - [01/Dec/2021:09:49:02 +0800] "GET /xingrg/check_reg.html?_=1638323310022 HTTP/1.1" 200 22
116.238.248.233 - - [01/Dec/2021:09:49:03 +0800] "GET /xingrg/kc/buy/cgsh_order_add.html HTTP/1.1" 200 64986
114.85.125.222 - - [01/Dec/2021:09:49:03 +0800] "GET /xingrg/all/function/internal_message.html?_=1638323311151&CODE_STATE=getMsg HTTP/1.1" 200 27
116.238.248.233 - - [01/Dec/2021:09:49:04 +0800] "GET /xingrg/javascript/easyui/themes/default/validatebox.css HTTP/1.1" 404 1104
116.238.248.233 - - [01/Dec/2021:09:49:04 +0800] "POST /xingrg/kc/buy/cgsh_order_operate.html HTTP/1.1" 200 8245
58.37.8.149 - - [01/Dec/2021:09:49:05 +0800] "GET /xingrg/kc/buy/cgsh_order_add.html HTTP/1.1" 200 65109
58.37.8.149 - - [01/Dec/2021:09:49:06 +0800] "POST /xingrg/kc/buy/cgsh_order_operate.html HTTP/1.1" 200 8245
58.37.8.149 - - [01/Dec/2021:09:49:06 +0800] "GET /xingrg/javascript/easyui/themes/default/validatebox.css HTTP/1.1" 404 1104
114.83.221.14 - - [01/Dec/2021:09:49:12 +0800] "GET /xingrg/all/function/internal_message.html?_=1638323351908&CODE_STATE=getMsg HTTP/1.1" 200 27
116.238.248.233 - - [01/Dec/2021:09:49:13 +0800] "GET /xingrg/kc/buy/cgsh_order_operate.html?command=get_materiel&rest_code=00150&code=00101009062&supplier_code=00100424&order_time=2021-12-01 HTTP/1.1" 200 412
58.37.8.149 - - [01/Dec/2021:09:49:15 +0800] "GET /xingrg/kc/buy/cgsh_order_operate.html?command=get_materiel&rest_code=00141&code=00102003255&supplier_code=00100004&order_time=2021-12-01 HTTP/1.1" 200 424
58.40.7.146 - - [01/Dec/2021:09:49:15 +0800] "GET /xingrg/all/function/internal_message.html?_=1638323355884&CODE_STATE=getMsg HTTP/1.1" 302 -
58.39.139.200 - - [01/Dec/2021:09:49:18 +0800] "GET /xingrg/check_reg.html?_=1638323358751 HTTP/1.1" 200 22
58.39.139.200 - - [01/Dec/2021:09:49:18 +0800] "GET /xingrg/all/function/internal_message.html?_=1638323358749&CODE_STATE=getMsg HTTP/1.1" 200 27
222.70.171.86 - - [01/Dec/2021:09:49:18 +0800] "GET /xingrg/check_reg.html?_=1638323366822 HTTP/1.1" 200 22
222.70.176.97 - - [01/Dec/2021:09:49:21 +0800] "GET /xingrg/all/function/internal_message.html?_=1638323360738&CODE_STATE=getMsg HTTP/1.1" 200 27
222.69.132.164 - - [01/Dec/2021:09:49:23 +0800] "GET /xingrg/all/function/internal_message.html?_=1638323372385&CODE_STATE=getMsg HTTP/1.1" 200 27
58.37.8.149 - - [01/Dec/2021:09:49:23 +0800] "GET /xingrg/check_reg.html?_=1638323186111 HTTP/1.1" 200 22
58.37.8.149 - - [01/Dec/2021:09:49:23 +0800] "GET /xingrg/all/function/internal_message.html?_=1638323186112&CODE_STATE=getMsg HTTP/1.1" 200 27
116.227.210.113 - - [01/Dec/2021:09:49:25 +0800] "GET /xingrg/all/function/internal_message.html?_=1638323362820&CODE_STATE=getMsg HTTP/1.1" 200 27
116.238.248.233 - - [01/Dec/2021:09:49:25 +0800] "GET /xingrg/all/function/internal_message.html?_=1638323365676&CODE_STATE=getMsg HTTP/1.1" 200 27
116.238.248.233 - - [01/Dec/2021:09:49:25 +0800] "GET /xingrg/kc/buy/cgsh_order_operate.html?command=get_materiel&rest_code=00150&code=00101009016&supplier_code=00100424&order_time=2021-12-01 HTTP/1.1" 200 412
58.37.8.149 - - [01/Dec/2021:09:49:28 +0800] "GET /xingrg/kc/buy/cgsh_order_operate.html?command=get_materiel&rest_code=00141&code=00101007061&supplier_code=00100004&order_time=2021-12-01 HTTP/1.1" 200 409
116.238.248.233 - - [01/Dec/2021:09:49:36 +0800] "GET /xingrg/kc/buy/cgsh_order_operate.html?command=get_materiel&rest_code=00150&code=00101009013&supplier_code=00100424&order_time=2021-12-01 HTTP/1.1" 200 420
58.37.8.149 - - [01/Dec/2021:09:49:38 +0800] "GET /xingrg/kc/buy/cgsh_order_operate.html?command=get_materiel&rest_code=00141&code=00101007038&supplier_code=00100004&order_time=2021-12-01 HTTP/1.1" 200 421
116.238.248.233 - - [01/Dec/2021:09:49:44 +0800] "POST /xingrg/kc/buy/cgsh_order_operate.html HTTP/1.1" 200 37
101.85.120.86 - - [01/Dec/2021:09:49:44 +0800] "GET /xingrg/all/function/internal_message.html?_=1638323383024&CODE_STATE=getMsg HTTP/1.1" 200 27
180.169.147.146 - - [01/Dec/2021:09:49:47 +0800] "GET /xingrg/all/function/internal_message.html?_=1638323387188&CODE_STATE=getMsg HTTP/1.1" 200 27
116.238.248.233 - - [01/Dec/2021:09:49:48 +0800] "POST /xingrg/kc/buy/cgsh_order_operate.html HTTP/1.1" 200 12
58.37.8.149 - - [01/Dec/2021:09:49:48 +0800] "GET /xingrg/kc/buy/cgsh_order_operate.html?command=get_materiel&rest_code=00141&code=00101007048&supplier_code=00100004&order_time=2021-12-01 HTTP/1.1" 200 408
116.238.248.233 - - [01/Dec/2021:09:49:50 +0800] "GET /xingrg/kc/buy/cgsh_order_info.html?code=212021120100030 HTTP/1.1" 200 59895
116.238.248.233 - - [01/Dec/2021:09:49:50 +0800] "GET /xingrg/javascript/easyui/themes/default/validatebox.css HTTP/1.1" 404 1104
116.238.248.233 - - [01/Dec/2021:09:49:51 +0800] "POST /xingrg/kc/buy/cgsh_order_operate.html HTTP/1.1" 200 1794
58.39.139.200 - - [01/Dec/2021:09:49:51 +0800] "GET /xingrg/all/function/internal_message.html?_=1638323328050&CODE_STATE=getMsg HTTP/1.1" 200 27
116.238.248.233 - - [01/Dec/2021:09:49:52 +0800] "GET /xingrg/kc/print/load_data.html?order_code=212021120100030&kc_code=cgsh&condition= HTTP/1.1" 200 1158
180.174.250.202 - - [01/Dec/2021:09:49:55 +0800] "GET /xingrg/all/function/internal_message.html?_=1638323392412&CODE_STATE=getMsg HTTP/1.1" 200 27
114.86.228.29 - - [01/Dec/2021:09:49:58 +0800] "GET /xingrg/all/function/internal_message.html?_=1638323398807&CODE_STATE=getMsg HTTP/1.1" 200 27
58.37.8.149 - - [01/Dec/2021:09:49:58 +0800] "GET /xingrg/kc/buy/cgsh_order_operate.html?command=get_materiel&rest_code=00141&code=00101007077&supplier_code=00100004&order_time=2021-12-01 HTTP/1.1" 200 415
222.70.171.86 - - [01/Dec/2021:09:49:58 +0800] "GET /xingrg/all/function/internal_message.html?_=1638323407097&CODE_STATE=getMsg HTTP/1.1" 200 27
116.238.248.233 - - [01/Dec/2021:09:49:58 +0800] "POST /xingrg/kc/buy/cgsh_list_operate.html HTTP/1.1" 200 1691
116.238.248.233 - - [01/Dec/2021:09:50:02 +0800] "POST /xingrg/kc/buy/cgsh_list_operate.html HTTP/1.1" 200 562
116.238.248.233 - - [01/Dec/2021:09:50:03 +0800] "GET /xingrg/kc/buy/cgsh_order_info.html?code=212021120100014 HTTP/1.1" 200 64995
116.238.248.233 - - [01/Dec/2021:09:50:03 +0800] "GET /xingrg/javascript/easyui/themes/default/validatebox.css HTTP/1.1" 404 1104
114.85.125.222 - - [01/Dec/2021:09:50:03 +0800] "GET /xingrg/all/function/internal_message.html?_=1638323371164&CODE_STATE=getMsg HTTP/1.1" 200 27
116.238.248.233 - - [01/Dec/2021:09:50:04 +0800] "POST /xingrg/kc/buy/cgsh_order_operate.html HTTP/1.1" 200 29264
58.37.8.149 - - [01/Dec/2021:09:50:09 +0800] "GET /xingrg/kc/buy/cgsh_order_operate.html?command=get_materiel&rest_code=00141&code=00101007085&supplier_code=00100004&order_time=2021-12-01 HTTP/1.1" 200 413
114.83.221.14 - - [01/Dec/2021:09:50:12 +0800] "GET /xingrg/all/function/internal_message.html?_=1638323411908&CODE_STATE=getMsg HTTP/1.1" 200 27
114.83.221.14 - - [01/Dec/2021:09:50:12 +0800] "GET /xingrg/check_reg.html?_=1638323411917 HTTP/1.1" 200 22
58.40.7.146 - - [01/Dec/2021:09:50:15 +0800] "GET /xingrg/all/function/internal_message.html?_=1638323415889&CODE_STATE=getMsg HTTP/1.1" 302 -
58.39.139.200 - - [01/Dec/2021:09:50:18 +0800] "GET /xingrg/all/function/internal_message.html?_=1638323418750&CODE_STATE=getMsg HTTP/1.1" 200 27
222.70.176.97 - - [01/Dec/2021:09:50:21 +0800] "GET /xingrg/all/function/internal_message.html?_=1638323420724&CODE_STATE=getMsg HTTP/1.1" 200 27
222.69.132.164 - - [01/Dec/2021:09:50:23 +0800] "GET /xingrg/all/function/internal_message.html?_=1638323432382&CODE_STATE=getMsg HTTP/1.1" 200 27
58.37.8.149 - - [01/Dec/2021:09:50:23 +0800] "GET /xingrg/all/function/internal_message.html?_=1638323246087&CODE_STATE=getMsg HTTP/1.1" 200 27
58.37.8.149 - - [01/Dec/2021:09:50:24 +0800] "GET /xingrg/kc/buy/cgsh_order_operate.html?command=get_materiel&rest_code=00141&code=00101007049&supplier_code=00100004&order_time=2021-12-01 HTTP/1.1" 200 409
116.227.210.113 - - [01/Dec/2021:09:50:25 +0800] "GET /xingrg/all/function/internal_message.html?_=1638323422815&CODE_STATE=getMsg HTTP/1.1" 200 27
116.238.248.233 - - [01/Dec/2021:09:50:25 +0800] "GET /xingrg/all/function/internal_message.html?_=1638323425678&CODE_STATE=getMsg HTTP/1.1" 200 27
58.37.8.149 - - [01/Dec/2021:09:50:44 +0800] "POST /xingrg/kc/buy/cgsh_order_operate.html HTTP/1.1" 200 37
101.85.120.86 - - [01/Dec/2021:09:50:44 +0800] "GET /xingrg/all/function/internal_message.html?_=1638323443024&CODE_STATE=getMsg HTTP/1.1" 200 27
180.169.147.146 - - [01/Dec/2021:09:50:46 +0800] "GET /xingrg/all/function/internal_message.html?_=1638323447166&CODE_STATE=getMsg HTTP/1.1" 200 27
58.37.8.149 - - [01/Dec/2021:09:50:48 +0800] "POST /xingrg/kc/buy/cgsh_order_operate.html HTTP/1.1" 200 12
180.169.147.146 - - [01/Dec/2021:09:50:49 +0800] "POST /xingrg/dwr/call/plaincall/AjaxCheckService.setItemNumber.dwr HTTP/1.1" 200 78
58.37.8.149 - - [01/Dec/2021:09:50:50 +0800] "GET /xingrg/kc/buy/cgsh_order_info.html?code=212021120100031 HTTP/1.1" 200 60018
58.37.8.149 - - [01/Dec/2021:09:50:50 +0800] "GET /xingrg/javascript/easyui/themes/default/validatebox.css HTTP/1.1" 404 1104
58.37.8.149 - - [01/Dec/2021:09:50:51 +0800] "POST /xingrg/kc/buy/cgsh_order_operate.html HTTP/1.1" 200 3561
58.39.139.200 - - [01/Dec/2021:09:50:51 +0800] "GET /xingrg/check_reg.html?_=1638323388050 HTTP/1.1" 200 22
58.39.139.200 - - [01/Dec/2021:09:50:51 +0800] "GET /xingrg/all/function/internal_message.html?_=1638323388053&CODE_STATE=getMsg HTTP/1.1" 200 27
58.37.8.149 - - [01/Dec/2021:09:50:52 +0800] "GET /xingrg/kc/print/load_data.html?order_code=212021120100031&kc_code=cgsh&condition= HTTP/1.1" 200 1884
180.169.147.146 - - [01/Dec/2021:09:50:52 +0800] "POST /xingrg/dwr/call/plaincall/AjaxCheckService.setItemNumber.dwr HTTP/1.1" 200 78
180.169.147.146 - - [01/Dec/2021:09:50:53 +0800] "POST /xingrg/dwr/call/plaincall/AjaxCheckService.setItemNumber.dwr HTTP/1.1" 200 78
180.174.250.202 - - [01/Dec/2021:09:50:55 +0800] "GET /xingrg/all/function/internal_message.html?_=1638323452425&CODE_STATE=getMsg HTTP/1.1" 200 27
180.169.147.146 - - [01/Dec/2021:09:50:56 +0800] "POST /xingrg/dwr/call/plaincall/AjaxCheckService.setItemNumber.dwr HTTP/1.1" 200 78
58.37.8.149 - - [01/Dec/2021:09:50:56 +0800] "GET /xingrg/kc/buy/cgsh_order_add.html HTTP/1.1" 200 65109
58.37.8.149 - - [01/Dec/2021:09:50:57 +0800] "POST /xingrg/kc/buy/cgsh_order_operate.html HTTP/1.1" 200 8245
58.37.8.149 - - [01/Dec/2021:09:50:57 +0800] "GET /xingrg/javascript/easyui/themes/default/validatebox.css HTTP/1.1" 404 1104
114.86.228.29 - - [01/Dec/2021:09:50:58 +0800] "GET /xingrg/all/function/internal_message.html?_=1638323458817&CODE_STATE=getMsg HTTP/1.1" 200 27
180.169.147.146 - - [01/Dec/2021:09:50:58 +0800] "POST /xingrg/dwr/call/plaincall/AjaxCheckService.setItemNumber.dwr HTTP/1.1" 200 78
222.70.171.86 - - [01/Dec/2021:09:50:58 +0800] "GET /xingrg/all/function/internal_message.html?_=1638323467111&CODE_STATE=getMsg HTTP/1.1" 200 27
180.169.147.146 - - [01/Dec/2021:09:50:59 +0800] "POST /xingrg/dwr/call/plaincall/AjaxCheckService.setItemNumber.dwr HTTP/1.1" 200 78
180.169.147.146 - - [01/Dec/2021:09:51:00 +0800] "POST /xingrg/dwr/call/plaincall/AjaxCheckService.setItemNumber.dwr HTTP/1.1" 200 78
180.169.147.146 - - [01/Dec/2021:09:51:01 +0800] "POST /xingrg/dwr/call/plaincall/AjaxCheckService.setItemNumber.dwr HTTP/1.1" 200 78
