114.86.228.29 - - [01/Dec/2021:09:08:58 +0800] "POST /xingrg/dwr/call/plaincall/AjaxCheckService.setItemNumber.dwr HTTP/1.1" 200 78
116.238.248.233 - - [01/Dec/2021:09:09:02 +0800] "POST /xingrg/dwr/call/plaincall/AjaxCheckService.setItemRemark.dwr HTTP/1.1" 200 77
114.85.125.222 - - [01/Dec/2021:09:09:06 +0800] "GET /xingrg/kc/buy/cgsh_order_operate.html?command=get_materiel&rest_code=00150&code=00101011005&supplier_code=00100047&order_time=2021-12-01 HTTP/1.1" 200 408
116.238.248.233 - - [01/Dec/2021:09:09:09 +0800] "POST /xingrg/dwr/call/plaincall/AjaxCheckService.setItemRemark.dwr HTTP/1.1" 200 77
114.83.221.14 - - [01/Dec/2021:09:09:12 +0800] "GET /xingrg/all/function/internal_message.html?_=1638320951776&CODE_STATE=getMsg HTTP/1.1" 200 27
116.238.248.233 - - [01/Dec/2021:09:09:15 +0800] "POST /xingrg/dwr/call/plaincall/AjaxCheckService.setItemRemark.dwr HTTP/1.1" 200 77
58.40.7.146 - - [01/Dec/2021:09:09:15 +0800] "GET /xingrg/all/function/internal_message.html?_=1638320955837&CODE_STATE=getMsg HTTP/1.1" 302 -
58.39.139.200 - - [01/Dec/2021:09:09:18 +0800] "GET /xingrg/check_reg.html?_=1638320958681 HTTP/1.1" 200 22
58.39.139.200 - - [01/Dec/2021:09:09:18 +0800] "GET /xingrg/all/function/internal_message.html?_=1638320958682&CODE_STATE=getMsg HTTP/1.1" 200 27
114.85.125.222 - - [01/Dec/2021:09:09:18 +0800] "POST /xingrg/kc/buy/cgsh_order_operate.html HTTP/1.1" 200 37
222.70.171.86 - - [01/Dec/2021:09:09:18 +0800] "GET /xingrg/check_reg.html?_=1638320966781 HTTP/1.1" 302 -
114.85.125.222 - - [01/Dec/2021:09:09:22 +0800] "POST /xingrg/kc/buy/cgsh_order_operate.html HTTP/1.1" 200 12
114.85.125.222 - - [01/Dec/2021:09:09:23 +0800] "GET /xingrg/kc/buy/cgsh_order_info.html?code=212021120100010 HTTP/1.1" 200 59911
114.85.125.222 - - [01/Dec/2021:09:09:23 +0800] "GET /xingrg/javascript/easyui/themes/default/validatebox.css HTTP/1.1" 404 1104
114.85.125.222 - - [01/Dec/2021:09:09:24 +0800] "POST /xingrg/kc/buy/cgsh_order_operate.html HTTP/1.1" 200 606
116.227.210.113 - - [01/Dec/2021:09:09:25 +0800] "GET /xingrg/all/function/internal_message.html?_=1638320962805&CODE_STATE=getMsg HTTP/1.1" 200 27
114.85.125.222 - - [01/Dec/2021:09:09:28 +0800] "GET /xingrg/kc/print/load_config.html?kc_code=cgsh HTTP/1.1" 200 2281
114.85.125.222 - - [01/Dec/2021:09:09:28 +0800] "GET /xingrg/kc/print/load_data.html?order_code=212021120100010&kc_code=cgsh&condition= HTTP/1.1" 200 783
114.83.221.14 - - [01/Dec/2021:09:09:33 +0800] "GET /xingrg/kc/buy/cgsh_order_operate.html?command=get_materiel&rest_code=00149&code=00101008069&supplier_code=00100005&order_time=2021-12-01 HTTP/1.1" 200 412
114.85.125.222 - - [01/Dec/2021:09:09:40 +0800] "GET /xingrg/kc/buy/cgsh_order_add.html HTTP/1.1" 200 64998
114.85.125.222 - - [01/Dec/2021:09:09:40 +0800] "POST /xingrg/kc/buy/cgsh_order_operate.html HTTP/1.1" 200 8245
114.85.125.222 - - [01/Dec/2021:09:09:40 +0800] "GET /xingrg/javascript/easyui/themes/default/validatebox.css HTTP/1.1" 404 1104
116.238.248.233 - - [01/Dec/2021:09:09:42 +0800] "GET /xingrg/all/function/internal_message.html?_=1638320982468&CODE_STATE=getMsg HTTP/1.1" 200 27
114.83.221.14 - - [01/Dec/2021:09:09:45 +0800] "GET /xingrg/kc/buy/cgsh_order_operate.html?command=get_materiel&rest_code=00149&code=00101008286&supplier_code=00100005&order_time=2021-12-01 HTTP/1.1" 200 408
114.85.125.222 - - [01/Dec/2021:09:09:45 +0800] "GET /xingrg/all/function/internal_message.html?_=1638320952992&CODE_STATE=getMsg HTTP/1.1" 200 27
116.238.248.233 - - [01/Dec/2021:09:09:46 +0800] "POST /xingrg/dwr/call/plaincall/AjaxCheckService.setItemRemark.dwr HTTP/1.1" 200 77
58.39.139.200 - - [01/Dec/2021:09:09:51 +0800] "GET /xingrg/all/function/internal_message.html?_=1638320928024&CODE_STATE=getMsg HTTP/1.1" 200 27
222.70.171.86 - - [01/Dec/2021:09:09:52 +0800] "POST /xingrg/dwr/call/plaincall/AjaxCheckService.setItemNumber.dwr HTTP/1.1" 200 77
114.83.221.14 - - [01/Dec/2021:09:09:53 +0800] "GET /xingrg/kc/buy/cgsh_order_operate.html?command=get_materiel&rest_code=00149&code=00101008036&supplier_code=00100005&order_time=2021-12-01 HTTP/1.1" 200 408
114.85.125.222 - - [01/Dec/2021:09:09:53 +0800] "GET /xingrg/kc/buy/cgsh_order_operate.html?command=get_materiel&rest_code=00150&code=00101012039&supplier_code=00100096&order_time=2021-12-01 HTTP/1.1" 200 408
222.70.171.86 - - [01/Dec/2021:09:09:54 +0800] "POST /xingrg/dwr/call/plaincall/AjaxCheckService.setItemNumber.dwr HTTP/1.1" 200 77
222.70.171.86 - - [01/Dec/2021:09:09:54 +0800] "POST /xingrg/dwr/call/plaincall/AjaxCheckService.setItemNumber.dwr HTTP/1.1" 200 77
222.70.171.86 - - [01/Dec/2021:09:09:55 +0800] "GET /xingrg/all/function/internal_message.html?_=1638321005247&CODE_STATE=getMsg HTTP/1.1" 200 27
114.86.228.29 - - [01/Dec/2021:09:09:58 +0800] "GET /xingrg/all/function/internal_message.html?_=1638320998819&CODE_STATE=getMsg HTTP/1.1" 200 27
114.86.228.29 - - [01/Dec/2021:09:10:00 +0800] "POST /xingrg/dwr/call/plaincall/AjaxCheckService.checkOrder.dwr HTTP/1.1" 200 80
222.70.171.86 - - [01/Dec/2021:09:10:00 +0800] "POST /xingrg/dwr/call/plaincall/AjaxCheckService.setItemNumber.dwr HTTP/1.1" 200 77
222.70.171.86 - - [01/Dec/2021:09:10:00 +0800] "POST /xingrg/dwr/call/plaincall/AjaxCheckService.setItemNumber.dwr HTTP/1.1" 200 77
222.70.171.86 - - [01/Dec/2021:09:10:00 +0800] "POST /xingrg/dwr/call/plaincall/AjaxCheckService.setItemNumber.dwr HTTP/1.1" 200 77
116.238.248.233 - - [01/Dec/2021:09:10:00 +0800] "POST /xingrg/dwr/call/plaincall/AjaxCheckService.setItemRemark.dwr HTTP/1.1" 200 77
222.70.171.86 - - [01/Dec/2021:09:10:03 +0800] "POST /xingrg/dwr/call/plaincall/AjaxCheckService.setItemNumber.dwr HTTP/1.1" 200 77
114.85.125.222 - - [01/Dec/2021:09:10:03 +0800] "GET /xingrg/kc/buy/cgsh_order_operate.html?command=get_materiel&rest_code=00150&code=00101016025&supplier_code=00100096&order_time=2021-12-01 HTTP/1.1" 200 410
222.70.171.86 - - [01/Dec/2021:09:10:04 +0800] "POST /xingrg/dwr/call/plaincall/AjaxCheckService.setItemNumber.dwr HTTP/1.1" 200 77
114.83.221.14 - - [01/Dec/2021:09:10:05 +0800] "GET /xingrg/kc/buy/cgsh_order_operate.html?command=get_materiel&rest_code=00149&code=00101008131&supplier_code=00100005&order_time=2021-12-01 HTTP/1.1" 200 408
114.86.228.29 - - [01/Dec/2021:09:10:05 +0800] "GET /xingrg/kc/base/check_order_info.html?code=452021113000460 HTTP/1.1" 200 22854
114.86.228.29 - - [01/Dec/2021:09:10:05 +0800] "GET /xingrg/dwr/interface/AjaxComOrderService.js HTTP/1.1" 200 18264
114.86.228.29 - - [01/Dec/2021:09:10:05 +0800] "GET /xingrg/dwr/interface/AjaxCheckService.js HTTP/1.1" 200 14003
114.86.228.29 - - [01/Dec/2021:09:10:05 +0800] "GET /xingrg/dwr/engine.js HTTP/1.1" 200 43631
222.70.171.86 - - [01/Dec/2021:09:10:05 +0800] "POST /xingrg/dwr/call/plaincall/AjaxCheckService.setItemNumber.dwr HTTP/1.1" 200 77
114.86.228.29 - - [01/Dec/2021:09:10:06 +0800] "POST /xingrg/dwr/call/plaincall/AjaxCheckService.loadOrderItems.dwr HTTP/1.1" 200 57810
222.70.171.86 - - [01/Dec/2021:09:10:06 +0800] "POST /xingrg/dwr/call/plaincall/AjaxCheckService.setItemNumber.dwr HTTP/1.1" 200 77
114.86.228.29 - - [01/Dec/2021:09:10:07 +0800] "GET /xingrg/kc/base/check_order_list.html?isBack=1 HTTP/1.1" 200 16343
116.238.248.233 - - [01/Dec/2021:09:10:07 +0800] "POST /xingrg/dwr/call/plaincall/AjaxCheckService.setItemRemark.dwr HTTP/1.1" 200 77
114.86.228.29 - - [01/Dec/2021:09:10:07 +0800] "POST /xingrg/kc/base/check_list_operate.html HTTP/1.1" 200 1875
114.83.221.14 - - [01/Dec/2021:09:10:09 +0800] "POST /xingrg/kc/buy/cgsh_order_operate.html HTTP/1.1" 200 2065
114.86.228.29 - - [01/Dec/2021:09:10:09 +0800] "GET /xingrg/kc/base/check_order_info.html?code=452021113000465 HTTP/1.1" 200 26564
114.86.228.29 - - [01/Dec/2021:09:10:09 +0800] "GET /xingrg/dwr/interface/AjaxCheckService.js HTTP/1.1" 200 14003
114.86.228.29 - - [01/Dec/2021:09:10:09 +0800] "GET /xingrg/dwr/interface/AjaxComOrderService.js HTTP/1.1" 200 18264
114.86.228.29 - - [01/Dec/2021:09:10:09 +0800] "GET /xingrg/dwr/engine.js HTTP/1.1" 200 43631
114.86.228.29 - - [01/Dec/2021:09:10:09 +0800] "POST /xingrg/dwr/call/plaincall/AjaxCheckService.loadOrderItems.dwr HTTP/1.1" 200 13028
222.70.171.86 - - [01/Dec/2021:09:10:09 +0800] "POST /xingrg/dwr/call/plaincall/AjaxCheckService.setItemNumber.dwr HTTP/1.1" 200 77
222.70.171.86 - - [01/Dec/2021:09:10:10 +0800] "POST /xingrg/dwr/call/plaincall/AjaxCheckService.setItemNumber.dwr HTTP/1.1" 200 77
114.83.221.14 - - [01/Dec/2021:09:10:12 +0800] "GET /xingrg/all/function/internal_message.html?_=1638321011799&CODE_STATE=getMsg HTTP/1.1" 200 27
114.83.221.14 - - [01/Dec/2021:09:10:12 +0800] "GET /xingrg/check_reg.html?_=1638321011797 HTTP/1.1" 200 22
114.85.125.222 - - [01/Dec/2021:09:10:14 +0800] "GET /xingrg/kc/buy/cgsh_order_operate.html?command=get_materiel&rest_code=00150&code=00101016071&supplier_code=00100096&order_time=2021-12-01 HTTP/1.1" 200 416
222.70.171.86 - - [01/Dec/2021:09:10:15 +0800] "POST /xingrg/dwr/call/plaincall/AjaxCheckService.setItemNumber.dwr HTTP/1.1" 200 77
58.40.7.146 - - [01/Dec/2021:09:10:15 +0800] "GET /xingrg/all/function/internal_message.html?_=1638321015845&CODE_STATE=getMsg HTTP/1.1" 302 -
222.70.171.86 - - [01/Dec/2021:09:10:16 +0800] "POST /xingrg/dwr/call/plaincall/AjaxCheckService.setItemNumber.dwr HTTP/1.1" 200 77
222.70.171.86 - - [01/Dec/2021:09:10:17 +0800] "POST /xingrg/dwr/call/plaincall/AjaxCheckService.setItemNumber.dwr HTTP/1.1" 200 77
58.39.139.200 - - [01/Dec/2021:09:10:18 +0800] "GET /xingrg/all/function/internal_message.html?_=1638321018681&CODE_STATE=getMsg HTTP/1.1" 200 27
222.70.171.86 - - [01/Dec/2021:09:10:18 +0800] "POST /xingrg/dwr/call/plaincall/AjaxCheckService.setItemNumber.dwr HTTP/1.1" 200 77
222.70.171.86 - - [01/Dec/2021:09:10:20 +0800] "POST /xingrg/dwr/call/plaincall/AjaxCheckService.setItemNumber.dwr HTTP/1.1" 200 77
222.70.171.86 - - [01/Dec/2021:09:10:21 +0800] "POST /xingrg/dwr/call/plaincall/AjaxCheckService.setItemNumber.dwr HTTP/1.1" 200 77
114.85.125.222 - - [01/Dec/2021:09:10:22 +0800] "GET /xingrg/kc/buy/cgsh_order_operate.html?command=get_materiel&rest_code=00150&code=00101012025&supplier_code=00100096&order_time=2021-12-01 HTTP/1.1" 200 412
116.238.248.233 - - [01/Dec/2021:09:10:22 +0800] "POST /xingrg/dwr/call/plaincall/AjaxCheckService.setItemRemark.dwr HTTP/1.1" 200 77
114.83.221.14 - - [01/Dec/2021:09:10:22 +0800] "GET /xingrg/kc/buy/cgsh_order_operate.html?command=get_materiel&rest_code=00149&code=00101008233&supplier_code=00100005&order_time=2021-12-01 HTTP/1.1" 200 408
222.70.171.86 - - [01/Dec/2021:09:10:22 +0800] "POST /xingrg/dwr/call/plaincall/AjaxCheckService.setItemNumber.dwr HTTP/1.1" 200 77
222.70.171.86 - - [01/Dec/2021:09:10:23 +0800] "POST /xingrg/dwr/call/plaincall/AjaxCheckService.setItemNumber.dwr HTTP/1.1" 200 77
222.70.171.86 - - [01/Dec/2021:09:10:24 +0800] "POST /xingrg/dwr/call/plaincall/AjaxCheckService.setItemNumber.dwr HTTP/1.1" 200 77
116.227.210.113 - - [01/Dec/2021:09:10:25 +0800] "GET /xingrg/all/function/internal_message.html?_=1638321022815&CODE_STATE=getMsg HTTP/1.1" 200 27
116.238.248.233 - - [01/Dec/2021:09:10:27 +0800] "POST /xingrg/dwr/call/plaincall/AjaxCheckService.checkOrder.dwr HTTP/1.1" 200 79
222.70.171.86 - - [01/Dec/2021:09:10:27 +0800] "POST /xingrg/dwr/call/plaincall/AjaxCheckService.setItemNumber.dwr HTTP/1.1" 200 77
222.70.171.86 - - [01/Dec/2021:09:10:27 +0800] "POST /xingrg/dwr/call/plaincall/AjaxCheckService.setItemNumber.dwr HTTP/1.1" 200 77
114.86.228.29 - - [01/Dec/2021:09:10:27 +0800] "POST /xingrg/dwr/call/plaincall/AjaxCheckService.setItemNumber.dwr HTTP/1.1" 200 76
222.70.171.86 - - [01/Dec/2021:09:10:27 +0800] "POST /xingrg/dwr/call/plaincall/AjaxCheckService.setItemNumber.dwr HTTP/1.1" 200 77
114.86.228.29 - - [01/Dec/2021:09:10:27 +0800] "POST /xingrg/dwr/call/plaincall/AjaxCheckService.setItemNumber.dwr HTTP/1.1" 200 76
116.238.248.233 - - [01/Dec/2021:09:10:28 +0800] "GET /xingrg/kc/base/check_order_info.html?code=452021113000330 HTTP/1.1" 200 22864
116.238.248.233 - - [01/Dec/2021:09:10:28 +0800] "GET /xingrg/dwr/interface/AjaxComOrderService.js HTTP/1.1" 200 18264
116.238.248.233 - - [01/Dec/2021:09:10:28 +0800] "GET /xingrg/dwr/interface/AjaxCheckService.js HTTP/1.1" 200 14003
116.238.248.233 - - [01/Dec/2021:09:10:28 +0800] "GET /xingrg/dwr/engine.js HTTP/1.1" 200 43631
114.86.228.29 - - [01/Dec/2021:09:10:28 +0800] "POST /xingrg/dwr/call/plaincall/AjaxCheckService.setItemNumber.dwr HTTP/1.1" 200 76
114.86.228.29 - - [01/Dec/2021:09:10:28 +0800] "POST /xingrg/dwr/call/plaincall/AjaxCheckService.setItemNumber.dwr HTTP/1.1" 200 76
222.70.171.86 - - [01/Dec/2021:09:10:28 +0800] "POST /xingrg/dwr/call/plaincall/AjaxCheckService.setItemNumber.dwr HTTP/1.1" 200 77
116.238.248.233 - - [01/Dec/2021:09:10:28 +0800] "POST /xingrg/dwr/call/plaincall/AjaxCheckService.loadOrderItems.dwr HTTP/1.1" 200 19136
114.86.228.29 - - [01/Dec/2021:09:10:29 +0800] "POST /xingrg/dwr/call/plaincall/AjaxCheckService.setItemNumber.dwr HTTP/1.1" 200 76
114.86.228.29 - - [01/Dec/2021:09:10:29 +0800] "POST /xingrg/dwr/call/plaincall/AjaxCheckService.setItemNumber.dwr HTTP/1.1" 200 76
114.86.228.29 - - [01/Dec/2021:09:10:36 +0800] "POST /xingrg/dwr/call/plaincall/AjaxCheckService.checkOrder.dwr HTTP/1.1" 200 78
116.238.248.233 - - [01/Dec/2021:09:10:36 +0800] "GET /xingrg/kc/buy/cgsh_order_list.html HTTP/1.1" 200 49339
114.86.228.29 - - [01/Dec/2021:09:10:37 +0800] "GET /xingrg/kc/base/check_order_info.html?code=452021113000465 HTTP/1.1" 200 22854
114.86.228.29 - - [01/Dec/2021:09:10:38 +0800] "GET /xingrg/dwr/interface/AjaxComOrderService.js HTTP/1.1" 200 18264
114.86.228.29 - - [01/Dec/2021:09:10:38 +0800] "GET /xingrg/dwr/interface/AjaxCheckService.js HTTP/1.1" 200 14003
114.86.228.29 - - [01/Dec/2021:09:10:38 +0800] "GET /xingrg/dwr/engine.js HTTP/1.1" 200 43631
116.238.248.233 - - [01/Dec/2021:09:10:38 +0800] "POST /xingrg/kc/buy/cgsh_list_operate.html HTTP/1.1" 200 876
114.86.228.29 - - [01/Dec/2021:09:10:38 +0800] "POST /xingrg/dwr/call/plaincall/AjaxCheckService.loadOrderItems.dwr HTTP/1.1" 200 5885
116.238.248.233 - - [01/Dec/2021:09:10:38 +0800] "GET /xingrg/kc/buy/cgsh_order_add.html HTTP/1.1" 200 64986
116.238.248.233 - - [01/Dec/2021:09:10:39 +0800] "POST /xingrg/kc/buy/cgsh_order_operate.html HTTP/1.1" 200 8245
116.238.248.233 - - [01/Dec/2021:09:10:39 +0800] "GET /xingrg/all/common/auto_word.html?type=employee&rest_code=00150 HTTP/1.1" 200 159
116.238.248.233 - - [01/Dec/2021:09:10:39 +0800] "GET /xingrg/all/common/auto_word.html?type=employee&rest_code=00150 HTTP/1.1" 200 159
116.238.248.233 - - [01/Dec/2021:09:10:39 +0800] "GET /xingrg/javascript/easyui/themes/default/validatebox.css HTTP/1.1" 404 1104
114.86.228.29 - - [01/Dec/2021:09:10:40 +0800] "GET /xingrg/kc/base/check_order_list.html?isBack=1 HTTP/1.1" 200 16343
114.86.228.29 - - [01/Dec/2021:09:10:40 +0800] "POST /xingrg/kc/base/check_list_operate.html HTTP/1.1" 200 1554
114.86.228.29 - - [01/Dec/2021:09:10:41 +0800] "GET /xingrg/kc/base/check_order_info.html?code=452021113000455 HTTP/1.1" 200 26564
114.86.228.29 - - [01/Dec/2021:09:10:41 +0800] "GET /xingrg/dwr/interface/AjaxComOrderService.js HTTP/1.1" 200 18264
114.86.228.29 - - [01/Dec/2021:09:10:41 +0800] "GET /xingrg/dwr/interface/AjaxCheckService.js HTTP/1.1" 200 14003
114.86.228.29 - - [01/Dec/2021:09:10:41 +0800] "GET /xingrg/dwr/engine.js HTTP/1.1" 200 43631
114.86.228.29 - - [01/Dec/2021:09:10:41 +0800] "POST /xingrg/dwr/call/plaincall/AjaxCheckService.loadOrderItems.dwr HTTP/1.1" 200 66424
116.238.248.233 - - [01/Dec/2021:09:10:41 +0800] "GET /xingrg/javascript/auto/indicator.gif HTTP/1.1" 404 1066
116.238.248.233 - - [01/Dec/2021:09:10:42 +0800] "GET /xingrg/all/function/internal_message.html?_=1638321042478&CODE_STATE=getMsg HTTP/1.1" 200 27
114.83.221.14 - - [01/Dec/2021:09:10:43 +0800] "GET /xingrg/kc/buy/cgsh_order_operate.html?command=get_materiel&rest_code=00149&code=00101008318&supplier_code=00100005&order_time=2021-12-01 HTTP/1.1" 200 408
114.85.125.222 - - [01/Dec/2021:09:10:44 +0800] "GET /xingrg/kc/buy/cgsh_order_operate.html?command=get_materiel&rest_code=00150&code=00101006130&supplier_code=00100096&order_time=2021-12-01 HTTP/1.1" 200 427
114.85.125.222 - - [01/Dec/2021:09:10:45 +0800] "GET /xingrg/all/function/internal_message.html?_=1638321013005&CODE_STATE=getMsg HTTP/1.1" 200 27
116.238.248.233 - - [01/Dec/2021:09:10:48 +0800] "GET /xingrg/kc/buy/cgsh_order_operate.html?command=get_materiel&rest_code=00150&code=00101008091&supplier_code=00100007&order_time=2021-12-01 HTTP/1.1" 200 413
58.39.139.200 - - [01/Dec/2021:09:10:50 +0800] "GET /xingrg/kc/buy/cgsh_order_list.html HTTP/1.1" 200 49333
58.39.139.200 - - [01/Dec/2021:09:10:51 +0800] "GET /xingrg/check_reg.html?_=1638320988028 HTTP/1.1" 200 22
58.39.139.200 - - [01/Dec/2021:09:10:51 +0800] "GET /xingrg/all/function/internal_message.html?_=1638320988032&CODE_STATE=getMsg HTTP/1.1" 200 27
222.70.171.86 - - [01/Dec/2021:09:10:52 +0800] "GET /xingrg/check_reg.html?_=1638321062389 HTTP/1.1" 200 22
58.39.139.200 - - [01/Dec/2021:09:10:52 +0800] "POST /xingrg/kc/buy/cgsh_list_operate.html HTTP/1.1" 200 2045
114.83.221.14 - - [01/Dec/2021:09:10:54 +0800] "GET /xingrg/kc/buy/cgsh_order_operate.html?command=get_materiel&rest_code=00149&code=00101008352&supplier_code=00100005&order_time=2021-12-01 HTTP/1.1" 200 412
222.70.171.86 - - [01/Dec/2021:09:10:55 +0800] "GET /xingrg/all/function/internal_message.html?_=1638321065268&CODE_STATE=getMsg HTTP/1.1" 200 27
116.238.248.233 - - [01/Dec/2021:09:10:57 +0800] "GET /xingrg/kc/buy/cgsh_order_operate.html?command=get_materiel&rest_code=00150&code=00101008027&supplier_code=00100007&order_time=2021-12-01 HTTP/1.1" 200 408
114.85.125.222 - - [01/Dec/2021:09:10:57 +0800] "GET /xingrg/kc/buy/cgsh_order_operate.html?command=get_materiel&rest_code=00150&code=00101006065&supplier_code=00100096&order_time=2021-12-01 HTTP/1.1" 200 411
114.86.228.29 - - [01/Dec/2021:09:10:58 +0800] "GET /xingrg/all/function/internal_message.html?_=1638321058826&CODE_STATE=getMsg HTTP/1.1" 200 27
116.238.248.233 - - [01/Dec/2021:09:11:03 +0800] "GET /xingrg/kc/buy/cgsh_order_operate.html?command=get_materiel&rest_code=00150&code=00101008156&supplier_code=00100007&order_time=2021-12-01 HTTP/1.1" 200 414
114.85.125.222 - - [01/Dec/2021:09:11:08 +0800] "GET /xingrg/kc/buy/cgsh_order_operate.html?command=get_materiel&rest_code=00150&code=00101006055&supplier_code=00100096&order_time=2021-12-01 HTTP/1.1" 200 409
114.83.221.14 - - [01/Dec/2021:09:11:09 +0800] "GET /xingrg/kc/buy/cgsh_order_operate.html?command=get_materiel&rest_code=00149&code=00101008098&supplier_code=00100005&order_time=2021-12-01 HTTP/1.1" 200 412
116.238.248.233 - - [01/Dec/2021:09:11:10 +0800] "GET /xingrg/kc/buy/cgsh_order_operate.html?command=get_materiel&rest_code=00150&code=00101008350&supplier_code=00100007&order_time=2021-12-01 HTTP/1.1" 200 408
114.83.221.14 - - [01/Dec/2021:09:11:12 +0800] "GET /xingrg/all/function/internal_message.html?_=1638321071797&CODE_STATE=getMsg HTTP/1.1" 200 27
58.40.7.146 - - [01/Dec/2021:09:11:15 +0800] "GET /xingrg/all/function/internal_message.html?_=1638321075833&CODE_STATE=getMsg HTTP/1.1" 302 -
58.40.7.146 - - [01/Dec/2021:09:11:15 +0800] "GET /xingrg/check_reg.html?_=1638321075835 HTTP/1.1" 302 -
116.238.248.233 - - [01/Dec/2021:09:11:17 +0800] "GET /xingrg/kc/buy/cgsh_order_operate.html?command=get_materiel&rest_code=00150&code=00101008049&supplier_code=00100007&order_time=2021-12-01 HTTP/1.1" 200 408
58.39.139.200 - - [01/Dec/2021:09:11:18 +0800] "GET /xingrg/all/function/internal_message.html?_=1638321078691&CODE_STATE=getMsg HTTP/1.1" 200 27
114.85.125.222 - - [01/Dec/2021:09:11:18 +0800] "GET /xingrg/kc/buy/cgsh_order_operate.html?command=get_materiel&rest_code=00150&code=00101006111&supplier_code=00100096&order_time=2021-12-01 HTTP/1.1" 200 409
114.83.221.14 - - [01/Dec/2021:09:11:22 +0800] "GET /xingrg/kc/buy/cgsh_order_operate.html?command=get_materiel&rest_code=00149&code=00101008005&supplier_code=00100005&order_time=2021-12-01 HTTP/1.1" 200 412
116.238.248.233 - - [01/Dec/2021:09:11:24 +0800] "GET /xingrg/kc/buy/cgsh_order_operate.html?command=get_materiel&rest_code=00150&code=00101008149&supplier_code=00100007&order_time=2021-12-01 HTTP/1.1" 200 408
116.227.210.113 - - [01/Dec/2021:09:11:25 +0800] "GET /xingrg/check_reg.html?_=1638321082810 HTTP/1.1" 200 22
116.227.210.113 - - [01/Dec/2021:09:11:25 +0800] "GET /xingrg/all/function/internal_message.html?_=1638321082813&CODE_STATE=getMsg HTTP/1.1" 200 27
114.83.221.14 - - [01/Dec/2021:09:11:25 +0800] "POST /xingrg/kc/buy/cgsh_order_operate.html HTTP/1.1" 200 2065
116.238.248.233 - - [01/Dec/2021:09:11:37 +0800] "GET /xingrg/kc/buy/cgsh_order_operate.html?command=get_materiel&rest_code=00150&code=00101008612&supplier_code=00100007&order_time=2021-12-01 HTTP/1.1" 200 406
114.85.125.222 - - [01/Dec/2021:09:11:39 +0800] "GET /xingrg/kc/buy/cgsh_order_operate.html?command=get_materiel&rest_code=00150&code=00101007128&supplier_code=00100096&order_time=2021-12-01 HTTP/1.1" 200 406
114.86.228.29 - - [01/Dec/2021:09:11:40 +0800] "POST /xingrg/dwr/call/plaincall/AjaxCheckService.setItemNumber.dwr HTTP/1.1" 200 76
114.86.228.29 - - [01/Dec/2021:09:11:40 +0800] "POST /xingrg/dwr/call/plaincall/AjaxCheckService.setItemNumber.dwr HTTP/1.1" 200 76
114.86.228.29 - - [01/Dec/2021:09:11:40 +0800] "POST /xingrg/dwr/call/plaincall/AjaxCheckService.setItemNumber.dwr HTTP/1.1" 200 76
114.86.228.29 - - [01/Dec/2021:09:11:41 +0800] "POST /xingrg/dwr/call/plaincall/AjaxCheckService.setItemNumber.dwr HTTP/1.1" 200 76
116.238.248.233 - - [01/Dec/2021:09:11:42 +0800] "GET /xingrg/all/function/internal_message.html?_=1638321102481&CODE_STATE=getMsg HTTP/1.1" 200 27
114.86.228.29 - - [01/Dec/2021:09:11:43 +0800] "POST /xingrg/dwr/call/plaincall/AjaxCheckService.setItemNumber.dwr HTTP/1.1" 200 76
116.238.248.233 - - [01/Dec/2021:09:11:44 +0800] "GET /xingrg/kc/buy/cgsh_order_operate.html?command=get_materiel&rest_code=00150&code=00101008163&supplier_code=00100007&order_time=2021-12-01 HTTP/1.1" 200 409
114.86.228.29 - - [01/Dec/2021:09:11:44 +0800] "POST /xingrg/dwr/call/plaincall/AjaxCheckService.setItemNumber.dwr HTTP/1.1" 200 76
114.85.125.222 - - [01/Dec/2021:09:11:45 +0800] "GET /xingrg/all/function/internal_message.html?_=1638321073020&CODE_STATE=getMsg HTTP/1.1" 200 27
114.85.125.222 - - [01/Dec/2021:09:11:45 +0800] "GET /xingrg/kc/buy/cgsh_order_operate.html?command=get_materiel&rest_code=00150&code=00101037251&supplier_code=00100096&order_time=2021-12-01 HTTP/1.1" 200 416
114.86.228.29 - - [01/Dec/2021:09:11:48 +0800] "POST /xingrg/dwr/call/plaincall/AjaxCheckService.setItemNumber.dwr HTTP/1.1" 200 76
114.86.228.29 - - [01/Dec/2021:09:11:48 +0800] "POST /xingrg/dwr/call/plaincall/AjaxCheckService.setItemNumber.dwr HTTP/1.1" 200 76
114.86.228.29 - - [01/Dec/2021:09:11:49 +0800] "POST /xingrg/dwr/call/plaincall/AjaxCheckService.setItemNumber.dwr HTTP/1.1" 200 76
114.86.228.29 - - [01/Dec/2021:09:11:49 +0800] "POST /xingrg/dwr/call/plaincall/AjaxCheckService.setItemNumber.dwr HTTP/1.1" 200 77
114.86.228.29 - - [01/Dec/2021:09:11:50 +0800] "POST /xingrg/dwr/call/plaincall/AjaxCheckService.setItemNumber.dwr HTTP/1.1" 200 77
58.39.139.200 - - [01/Dec/2021:09:11:51 +0800] "GET /xingrg/all/function/internal_message.html?_=1638321048017&CODE_STATE=getMsg HTTP/1.1" 200 27
114.86.228.29 - - [01/Dec/2021:09:11:52 +0800] "POST /xingrg/dwr/call/plaincall/AjaxCheckService.setItemNumber.dwr HTTP/1.1" 200 77
114.86.228.29 - - [01/Dec/2021:09:11:52 +0800] "POST /xingrg/dwr/call/plaincall/AjaxCheckService.setItemNumber.dwr HTTP/1.1" 200 77
114.86.228.29 - - [01/Dec/2021:09:11:53 +0800] "POST /xingrg/dwr/call/plaincall/AjaxCheckService.setItemNumber.dwr HTTP/1.1" 200 77
114.86.228.29 - - [01/Dec/2021:09:11:54 +0800] "POST /xingrg/dwr/call/plaincall/AjaxCheckService.setItemNumber.dwr HTTP/1.1" 200 77
114.86.228.29 - - [01/Dec/2021:09:11:54 +0800] "POST /xingrg/dwr/call/plaincall/AjaxCheckService.setItemNumber.dwr HTTP/1.1" 200 77
222.70.171.86 - - [01/Dec/2021:09:11:55 +0800] "GET /xingrg/all/function/internal_message.html?_=1638321125274&CODE_STATE=getMsg HTTP/1.1" 200 27
114.86.228.29 - - [01/Dec/2021:09:11:55 +0800] "POST /xingrg/dwr/call/plaincall/AjaxCheckService.setItemNumber.dwr HTTP/1.1" 200 77
114.86.228.29 - - [01/Dec/2021:09:11:56 +0800] "POST /xingrg/dwr/call/plaincall/AjaxCheckService.setItemNumber.dwr HTTP/1.1" 200 77
114.85.125.222 - - [01/Dec/2021:09:11:57 +0800] "GET /xingrg/kc/buy/cgsh_order_operate.html?command=get_materiel&rest_code=00150&code=00101007061&supplier_code=00100096&order_time=2021-12-01 HTTP/1.1" 200 411
116.238.248.233 - - [01/Dec/2021:09:11:57 +0800] "GET /xingrg/kc/buy/cgsh_order_operate.html?command=get_materiel&rest_code=00150&code=00101008355&supplier_code=00100007&order_time=2021-12-01 HTTP/1.1" 200 408
114.86.228.29 - - [01/Dec/2021:09:11:57 +0800] "POST /xingrg/dwr/call/plaincall/AjaxCheckService.setItemNumber.dwr HTTP/1.1" 200 77
114.86.228.29 - - [01/Dec/2021:09:11:57 +0800] "POST /xingrg/dwr/call/plaincall/AjaxCheckService.setItemNumber.dwr HTTP/1.1" 200 77
114.86.228.29 - - [01/Dec/2021:09:11:58 +0800] "GET /xingrg/check_reg.html?_=1638321118709 HTTP/1.1" 200 22
114.86.228.29 - - [01/Dec/2021:09:11:58 +0800] "GET /xingrg/all/function/internal_message.html?_=1638321118818&CODE_STATE=getMsg HTTP/1.1" 200 27
222.70.176.97 - - [01/Dec/2021:09:11:59 +0800] "GET /xingrg/login.html HTTP/1.1" 200 7641
58.39.139.200 - - [01/Dec/2021:09:11:59 +0800] "POST /xingrg/kc/buy/cgsh_list_operate.html HTTP/1.1" 200 567
222.70.176.97 - - [01/Dec/2021:09:11:59 +0800] "GET /favicon.ico HTTP/1.1" 404 -
58.39.139.200 - - [01/Dec/2021:09:12:00 +0800] "GET /xingrg/kc/buy/cgsh_order_info.html?code=212021120100006 HTTP/1.1" 200 65153
58.39.139.200 - - [01/Dec/2021:09:12:01 +0800] "GET /xingrg/javascript/easyui/themes/default/validatebox.css HTTP/1.1" 404 1104
58.39.139.200 - - [01/Dec/2021:09:12:01 +0800] "POST /xingrg/kc/buy/cgsh_order_operate.html HTTP/1.1" 200 38119
180.157.253.6 - - [01/Dec/2021:09:12:03 +0800] "GET /xingrg/check_reg.html?_=1638321124167 HTTP/1.1" 200 22
116.238.248.233 - - [01/Dec/2021:09:12:03 +0800] "GET /xingrg/kc/buy/cgsh_order_operate.html?command=get_materiel&rest_code=00150&code=00101008264&supplier_code=00100007&order_time=2021-12-01 HTTP/1.1" 200 412
114.86.228.29 - - [01/Dec/2021:09:12:05 +0800] "POST /xingrg/dwr/call/plaincall/AjaxCheckService.setItemNumber.dwr HTTP/1.1" 200 77
114.86.228.29 - - [01/Dec/2021:09:12:07 +0800] "POST /xingrg/dwr/call/plaincall/AjaxCheckService.setItemNumber.dwr HTTP/1.1" 200 77
116.238.248.233 - - [01/Dec/2021:09:12:12 +0800] "GET /xingrg/kc/buy/cgsh_order_operate.html?command=get_materiel&rest_code=00150&code=00101008321&supplier_code=00100007&order_time=2021-12-01 HTTP/1.1" 200 412
114.83.221.14 - - [01/Dec/2021:09:12:12 +0800] "GET /xingrg/kc/buy/cgsh_order_operate.html?command=get_materiel&rest_code=00149&code=00101008353&supplier_code=00100005&order_time=2021-12-01 HTTP/1.1" 200 408
114.83.221.14 - - [01/Dec/2021:09:12:12 +0800] "GET /xingrg/all/function/internal_message.html?_=1638321131861&CODE_STATE=getMsg HTTP/1.1" 200 27
114.85.125.222 - - [01/Dec/2021:09:12:15 +0800] "GET /xingrg/kc/buy/cgsh_order_operate.html?command=get_materiel&rest_code=00150&code=00101007049&supplier_code=00100096&order_time=2021-12-01 HTTP/1.1" 200 409
58.40.7.146 - - [01/Dec/2021:09:12:15 +0800] "GET /xingrg/all/function/internal_message.html?_=1638321135837&CODE_STATE=getMsg HTTP/1.1" 302 -
58.39.139.200 - - [01/Dec/2021:09:12:18 +0800] "GET /xingrg/all/function/internal_message.html?_=1638321138702&CODE_STATE=getMsg HTTP/1.1" 200 27
180.157.253.6 - - [01/Dec/2021:09:12:18 +0800] "GET /xingrg/kc/report/report_main.html HTTP/1.1" 200 7340
180.157.253.6 - - [01/Dec/2021:09:12:18 +0800] "GET /xingrg/javascript/jquery_ui/themes/humanity/humanity.css HTTP/1.1" 304 -
180.157.253.6 - - [01/Dec/2021:09:12:21 +0800] "GET /xingrg/all/report/report_query.html?fileName=kc/buy/gys_amount.xml&rh=99999 HTTP/1.1" 200 52006
180.157.253.6 - - [01/Dec/2021:09:12:21 +0800] "GET /xingrg/dwr/interface/AjaxReportQueryService.js HTTP/1.1" 200 13203
180.157.253.6 - - [01/Dec/2021:09:12:21 +0800] "GET /xingrg/dwr/engine.js HTTP/1.1" 200 43631
116.238.248.233 - - [01/Dec/2021:09:12:21 +0800] "GET /xingrg/kc/buy/cgsh_order_operate.html?command=get_materiel&rest_code=00150&code=00101008024&supplier_code=00100007&order_time=2021-12-01 HTTP/1.1" 200 408
180.157.253.6 - - [01/Dec/2021:09:12:21 +0800] "POST /xingrg/dwr/call/plaincall/AjaxReportQueryService.getFixDate.dwr HTTP/1.1" 200 111
180.157.253.6 - - [01/Dec/2021:09:12:21 +0800] "GET /xingrg/javascript/jquery_easy_ui/themes/default/images/menu_rightarrow.png HTTP/1.1" 304 -
180.157.253.6 - - [01/Dec/2021:09:12:21 +0800] "GET /xingrg/javascript/jquery_easy_ui/themes/default/images/combo_arrow_dot.gif HTTP/1.1" 304 -
180.157.253.6 - - [01/Dec/2021:09:12:21 +0800] "POST /xingrg/all/common/load_tree.html?tree=supplier_tree_json&manage=1 HTTP/1.1" 200 62135
114.85.125.222 - - [01/Dec/2021:09:12:22 +0800] "GET /xingrg/kc/buy/cgsh_order_operate.html?command=get_materiel&rest_code=00150&code=00101007081&supplier_code=00100096&order_time=2021-12-01 HTTP/1.1" 200 415
114.86.228.29 - - [01/Dec/2021:09:12:22 +0800] "POST /xingrg/dwr/call/plaincall/AjaxCheckService.setItemNumber.dwr HTTP/1.1" 200 77
180.157.253.6 - - [01/Dec/2021:09:12:22 +0800] "POST /xingrg/all/common/load_tree.html?tree=materiel_sort_tree_json HTTP/1.1" 200 9388
180.157.253.6 - - [01/Dec/2021:09:12:22 +0800] "POST /xingrg/dwr/call/plaincall/AjaxReportQueryService.getInitString.dwr HTTP/1.1" 200 996
180.157.253.6 - - [01/Dec/2021:09:12:22 +0800] "GET /xingrg/javascript/multi_select/dropdown.gif HTTP/1.1" 304 -
114.86.228.29 - - [01/Dec/2021:09:12:23 +0800] "POST /xingrg/dwr/call/plaincall/AjaxCheckService.setItemNumber.dwr HTTP/1.1" 200 77
114.86.228.29 - - [01/Dec/2021:09:12:24 +0800] "POST /xingrg/dwr/call/plaincall/AjaxCheckService.setItemNumber.dwr HTTP/1.1" 200 77
114.86.228.29 - - [01/Dec/2021:09:12:24 +0800] "POST /xingrg/dwr/call/plaincall/AjaxCheckService.setItemNumber.dwr HTTP/1.1" 200 77
114.86.228.29 - - [01/Dec/2021:09:12:24 +0800] "POST /xingrg/dwr/call/plaincall/AjaxCheckService.setItemNumber.dwr HTTP/1.1" 200 77
116.227.210.113 - - [01/Dec/2021:09:12:25 +0800] "GET /xingrg/all/function/internal_message.html?_=1638321142812&CODE_STATE=getMsg HTTP/1.1" 200 27
114.86.228.29 - - [01/Dec/2021:09:12:25 +0800] "POST /xingrg/dwr/call/plaincall/AjaxCheckService.setItemNumber.dwr HTTP/1.1" 200 77
114.86.228.29 - - [01/Dec/2021:09:12:26 +0800] "POST /xingrg/dwr/call/plaincall/AjaxCheckService.setItemNumber.dwr HTTP/1.1" 200 77
114.86.228.29 - - [01/Dec/2021:09:12:26 +0800] "POST /xingrg/dwr/call/plaincall/AjaxCheckService.setItemNumber.dwr HTTP/1.1" 200 77
114.86.228.29 - - [01/Dec/2021:09:12:27 +0800] "POST /xingrg/dwr/call/plaincall/AjaxCheckService.setItemNumber.dwr HTTP/1.1" 200 77
114.86.228.29 - - [01/Dec/2021:09:12:27 +0800] "POST /xingrg/dwr/call/plaincall/AjaxCheckService.setItemNumber.dwr HTTP/1.1" 200 77
114.86.228.29 - - [01/Dec/2021:09:12:27 +0800] "POST /xingrg/dwr/call/plaincall/AjaxCheckService.setItemNumber.dwr HTTP/1.1" 200 77
114.86.228.29 - - [01/Dec/2021:09:12:29 +0800] "POST /xingrg/dwr/call/plaincall/AjaxCheckService.setItemNumber.dwr HTTP/1.1" 200 77
114.86.228.29 - - [01/Dec/2021:09:12:30 +0800] "POST /xingrg/dwr/call/plaincall/AjaxCheckService.setItemNumber.dwr HTTP/1.1" 200 77
114.86.228.29 - - [01/Dec/2021:09:12:30 +0800] "POST /xingrg/dwr/call/plaincall/AjaxCheckService.setItemNumber.dwr HTTP/1.1" 200 77
116.238.248.233 - - [01/Dec/2021:09:12:32 +0800] "GET /xingrg/kc/buy/cgsh_order_operate.html?command=get_materiel&rest_code=00150&code=00101008360&supplier_code=00100007&order_time=2021-12-01 HTTP/1.1" 200 413
114.86.228.29 - - [01/Dec/2021:09:12:33 +0800] "POST /xingrg/dwr/call/plaincall/AjaxCheckService.setItemNumber.dwr HTTP/1.1" 200 77
114.83.221.14 - - [01/Dec/2021:09:12:34 +0800] "GET /xingrg/kc/buy/cgsh_order_operate.html?command=get_materiel&rest_code=00149&code=00101008359&supplier_code=00100005&order_time=2021-12-01 HTTP/1.1" 200 408
180.157.253.6 - - [01/Dec/2021:09:12:34 +0800] "POST /xingrg/dwr/call/plaincall/AjaxReportQueryService.getFixDate.dwr HTTP/1.1" 200 111
114.85.125.222 - - [01/Dec/2021:09:12:35 +0800] "GET /xingrg/kc/buy/cgsh_order_operate.html?command=get_materiel&rest_code=00150&code=00101007071&supplier_code=00100096&order_time=2021-12-01 HTTP/1.1" 200 419
180.157.253.6 - - [01/Dec/2021:09:12:35 +0800] "POST /xingrg/dwr/call/plaincall/AjaxReportQueryService.refreshCache.dwr HTTP/1.1" 200 78
222.70.176.97 - - [01/Dec/2021:09:12:35 +0800] "POST /xingrg/login.do HTTP/1.1" 302 -
222.70.176.97 - - [01/Dec/2021:09:12:35 +0800] "GET /xingrg/index.html?sysBaseUrl=http%3A%2F%2F180.169.147.146%3A18081%2Fxingrg%2F&costTime=45×tamp=1638321155814 HTTP/1.1" 200 17179
114.86.228.29 - - [01/Dec/2021:09:12:35 +0800] "POST /xingrg/dwr/call/plaincall/AjaxCheckService.setItemNumber.dwr HTTP/1.1" 200 77
114.86.228.29 - - [01/Dec/2021:09:12:36 +0800] "POST /xingrg/dwr/call/plaincall/AjaxCheckService.setItemNumber.dwr HTTP/1.1" 200 77
222.70.176.97 - - [01/Dec/2021:09:12:36 +0800] "POST /xingrg/all/common/load_tree.html?tree=area_rest_tree_json&manage=1 HTTP/1.1" 200 723
222.70.176.97 - - [01/Dec/2021:09:12:36 +0800] "GET /xingrg/all/function/internal_message.html?_=1638321155184&CODE_STATE=count HTTP/1.1" 200 11
222.70.176.97 - - [01/Dec/2021:09:12:36 +0800] "GET /xingrg/check_reg.html?_=1638321155185 HTTP/1.1" 200 22
222.70.176.97 - - [01/Dec/2021:09:12:36 +0800] "GET /favicon.ico HTTP/1.1" 404 -
222.70.176.97 - - [01/Dec/2021:09:12:36 +0800] "POST /xingrg/load_menu.html HTTP/1.1" 200 5138
114.86.228.29 - - [01/Dec/2021:09:12:36 +0800] "POST /xingrg/dwr/call/plaincall/AjaxCheckService.setItemNumber.dwr HTTP/1.1" 200 77
114.86.228.29 - - [01/Dec/2021:09:12:37 +0800] "POST /xingrg/dwr/call/plaincall/AjaxCheckService.setItemNumber.dwr HTTP/1.1" 200 77
114.86.228.29 - - [01/Dec/2021:09:12:37 +0800] "POST /xingrg/dwr/call/plaincall/AjaxCheckService.setItemNumber.dwr HTTP/1.1" 200 77
114.86.228.29 - - [01/Dec/2021:09:12:37 +0800] "POST /xingrg/dwr/call/plaincall/AjaxCheckService.setItemNumber.dwr HTTP/1.1" 200 77
222.70.176.97 - - [01/Dec/2021:09:12:38 +0800] "GET /xingrg/kc/buy/buy_main.html HTTP/1.1" 200 12412
222.70.176.97 - - [01/Dec/2021:09:12:38 +0800] "GET /xingrg/css/new_ie.css HTTP/1.1" 404 1036
180.157.253.6 - - [01/Dec/2021:09:12:38 +0800] "POST /xingrg/all/report/load_report_page.html HTTP/1.1" 200 180330
180.157.253.6 - - [01/Dec/2021:09:12:38 +0800] "GET /xingrg/servlets/image?cache=0.7338096642015304&image=px HTTP/1.1" 200 807
222.70.176.97 - - [01/Dec/2021:09:12:38 +0800] "GET /xingrg/images/yd/bt.gif HTTP/1.1" 404 1040
114.86.228.29 - - [01/Dec/2021:09:12:39 +0800] "POST /xingrg/dwr/call/plaincall/AjaxCheckService.setItemNumber.dwr HTTP/1.1" 200 77
116.238.248.233 - - [01/Dec/2021:09:12:39 +0800] "GET /xingrg/kc/buy/cgsh_order_operate.html?command=get_materiel&rest_code=00150&code=00101008398&supplier_code=00100007&order_time=2021-12-01 HTTP/1.1" 200 405
114.86.228.29 - - [01/Dec/2021:09:12:40 +0800] "POST /xingrg/dwr/call/plaincall/AjaxCheckService.setItemNumber.dwr HTTP/1.1" 200 77
222.70.176.97 - - [01/Dec/2021:09:12:40 +0800] "GET /xingrg/kc/buy/cgsh_order_list.html HTTP/1.1" 200 49339
114.86.228.29 - - [01/Dec/2021:09:12:40 +0800] "POST /xingrg/dwr/call/plaincall/AjaxCheckService.setItemNumber.dwr HTTP/1.1" 200 77
114.86.228.29 - - [01/Dec/2021:09:12:42 +0800] "POST /xingrg/dwr/call/plaincall/AjaxCheckService.setItemNumber.dwr HTTP/1.1" 200 77
222.70.176.97 - - [01/Dec/2021:09:12:42 +0800] "POST /xingrg/kc/buy/cgsh_list_operate.html HTTP/1.1" 200 876
116.238.248.233 - - [01/Dec/2021:09:12:42 +0800] "GET /xingrg/all/function/internal_message.html?_=1638321162520&CODE_STATE=getMsg HTTP/1.1" 200 27
116.238.248.233 - - [01/Dec/2021:09:12:42 +0800] "GET /xingrg/check_reg.html?_=1638321162523 HTTP/1.1" 200 22
114.86.228.29 - - [01/Dec/2021:09:12:42 +0800] "POST /xingrg/dwr/call/plaincall/AjaxCheckService.setItemNumber.dwr HTTP/1.1" 200 77
114.86.228.29 - - [01/Dec/2021:09:12:44 +0800] "POST /xingrg/dwr/call/plaincall/AjaxCheckService.setItemNumber.dwr HTTP/1.1" 200 77
114.83.221.14 - - [01/Dec/2021:09:12:44 +0800] "GET /xingrg/kc/buy/cgsh_order_operate.html?command=get_materiel&rest_code=00149&code=00101008213&supplier_code=00100005&order_time=2021-12-01 HTTP/1.1" 200 412
116.238.248.233 - - [01/Dec/2021:09:12:44 +0800] "GET /xingrg/kc/buy/cgsh_order_operate.html?command=get_materiel&rest_code=00150&code=00101008357&supplier_code=00100007&order_time=2021-12-01 HTTP/1.1" 200 408
114.85.125.222 - - [01/Dec/2021:09:12:45 +0800] "GET /xingrg/all/function/internal_message.html?_=1638321133059&CODE_STATE=getMsg HTTP/1.1" 200 27
180.157.253.6 - - [01/Dec/2021:09:12:48 +0800] "GET /xingrg/all/report/report_query.html?isQuery=1&fileName=kc/buy/wlcg_cate_hz.xml&queryString=(CONVERT(char(10)%252Ca.order_time%252C%2520120)%253E%253D'2021-11-01')%2520and%2520(CONVERT(char(10)%252Ca.order_time%252C%2520120)%253C%253D'2021-11-30')%2520and%2520(a.number%253E0%2520and%2520a.supplier_code%253D'00100004')&queryText=%25E3%2580%2590%25E9%2587%2587%25E8%25B4%25AD%25E6%2597%25A5%25E6%259C%259F%253A2021-11-01%2520%25E8%2587%25B3%25202021-11-30%25E3%2580%2591%2520%25E5%25B9%25B6%25E4%25B8%2594%2520%25E3%2580%2590%25E4%25BE%259B%25E5%25BA%2594%25E5%2595%2586%253D%25E5%25AE%25B6%25E7%25A6%25BD%25EF%25BC%2588%25E5%25B7%25A6%25E4%25BD%259C%25E6%2598%25A5%25EF%25BC%2589%25E3%2580%2591 HTTP/1.1" 200 54374
180.157.253.6 - - [01/Dec/2021:09:12:48 +0800] "GET /xingrg/dwr/interface/AjaxReportQueryService.js HTTP/1.1" 200 13203
180.157.253.6 - - [01/Dec/2021:09:12:48 +0800] "GET /xingrg/dwr/engine.js HTTP/1.1" 200 43631
114.85.125.222 - - [01/Dec/2021:09:12:49 +0800] "GET /xingrg/kc/buy/cgsh_order_operate.html?command=get_materiel&rest_code=00150&code=00101001010&supplier_code=00100096&order_time=2021-12-01 HTTP/1.1" 200 411
114.86.228.29 - - [01/Dec/2021:09:12:50 +0800] "POST /xingrg/dwr/call/plaincall/AjaxCheckService.setItemNumber.dwr HTTP/1.1" 200 77
180.157.253.6 - - [01/Dec/2021:09:12:50 +0800] "POST /xingrg/all/report/load_report_page.html HTTP/1.1" 200 8725
180.157.253.6 - - [01/Dec/2021:09:12:50 +0800] "GET /xingrg/servlets/image?cache=0.07541489903728327&image=px HTTP/1.1" 200 807
114.86.228.29 - - [01/Dec/2021:09:12:51 +0800] "POST /xingrg/dwr/call/plaincall/AjaxCheckService.setItemNumber.dwr HTTP/1.1" 200 77
58.39.139.200 - - [01/Dec/2021:09:12:51 +0800] "GET /xingrg/all/function/internal_message.html?_=1638321108018&CODE_STATE=getMsg HTTP/1.1" 200 27
116.238.248.233 - - [01/Dec/2021:09:12:51 +0800] "GET /xingrg/kc/buy/cgsh_order_operate.html?command=get_materiel&rest_code=00150&code=00101008069&supplier_code=00100007&order_time=2021-12-01 HTTP/1.1" 200 412
114.86.228.29 - - [01/Dec/2021:09:12:51 +0800] "POST /xingrg/dwr/call/plaincall/AjaxCheckService.setItemNumber.dwr HTTP/1.1" 200 77
114.86.228.29 - - [01/Dec/2021:09:12:52 +0800] "POST /xingrg/dwr/call/plaincall/AjaxCheckService.setItemNumber.dwr HTTP/1.1" 200 77
114.86.228.29 - - [01/Dec/2021:09:12:52 +0800] "POST /xingrg/dwr/call/plaincall/AjaxCheckService.setItemNumber.dwr HTTP/1.1" 200 77
180.157.253.6 - - [01/Dec/2021:09:12:53 +0800] "POST /xingrg/all/report/load_report_page.html HTTP/1.1" 200 43331
180.157.253.6 - - [01/Dec/2021:09:12:53 +0800] "GET /xingrg/servlets/image?cache=0.9569808277727291&image=px HTTP/1.1" 200 807
114.86.228.29 - - [01/Dec/2021:09:12:54 +0800] "POST /xingrg/dwr/call/plaincall/AjaxCheckService.setItemNumber.dwr HTTP/1.1" 200 77
114.86.228.29 - - [01/Dec/2021:09:12:54 +0800] "POST /xingrg/dwr/call/plaincall/AjaxCheckService.setItemNumber.dwr HTTP/1.1" 200 77
114.86.228.29 - - [01/Dec/2021:09:12:55 +0800] "POST /xingrg/dwr/call/plaincall/AjaxCheckService.setItemNumber.dwr HTTP/1.1" 200 77
222.70.171.86 - - [01/Dec/2021:09:12:55 +0800] "GET /xingrg/all/function/internal_message.html?_=1638321185287&CODE_STATE=getMsg HTTP/1.1" 200 27
114.86.228.29 - - [01/Dec/2021:09:12:56 +0800] "POST /xingrg/dwr/call/plaincall/AjaxCheckService.setItemNumber.dwr HTTP/1.1" 200 77
114.86.228.29 - - [01/Dec/2021:09:12:56 +0800] "POST /xingrg/dwr/call/plaincall/AjaxCheckService.setItemNumber.dwr HTTP/1.1" 200 77
116.238.248.233 - - [01/Dec/2021:09:12:56 +0800] "GET /xingrg/kc/buy/cgsh_order_operate.html?command=get_materiel&rest_code=00150&code=00101008286&supplier_code=00100007&order_time=2021-12-01 HTTP/1.1" 200 408
114.86.228.29 - - [01/Dec/2021:09:12:56 +0800] "POST /xingrg/dwr/call/plaincall/AjaxCheckService.setItemNumber.dwr HTTP/1.1" 200 77
114.86.228.29 - - [01/Dec/2021:09:12:57 +0800] "POST /xingrg/dwr/call/plaincall/AjaxCheckService.setItemNumber.dwr HTTP/1.1" 200 77
114.86.228.29 - - [01/Dec/2021:09:12:57 +0800] "POST /xingrg/dwr/call/plaincall/AjaxCheckService.setItemNumber.dwr HTTP/1.1" 200 77
114.86.228.29 - - [01/Dec/2021:09:12:58 +0800] "POST /xingrg/dwr/call/plaincall/AjaxCheckService.setItemNumber.dwr HTTP/1.1" 200 77
114.86.228.29 - - [01/Dec/2021:09:12:58 +0800] "GET /xingrg/all/function/internal_message.html?_=1638321178790&CODE_STATE=getMsg HTTP/1.1" 200 27
114.86.228.29 - - [01/Dec/2021:09:12:58 +0800] "POST /xingrg/dwr/call/plaincall/AjaxCheckService.setItemNumber.dwr HTTP/1.1" 200 77
114.86.228.29 - - [01/Dec/2021:09:12:58 +0800] "POST /xingrg/dwr/call/plaincall/AjaxCheckService.setItemNumber.dwr HTTP/1.1" 200 77
114.86.228.29 - - [01/Dec/2021:09:12:59 +0800] "POST /xingrg/dwr/call/plaincall/AjaxCheckService.setItemNumber.dwr HTTP/1.1" 200 77
114.86.228.29 - - [01/Dec/2021:09:13:00 +0800] "POST /xingrg/dwr/call/plaincall/AjaxCheckService.setItemNumber.dwr HTTP/1.1" 200 77
114.86.228.29 - - [01/Dec/2021:09:13:00 +0800] "POST /xingrg/dwr/call/plaincall/AjaxCheckService.setItemNumber.dwr HTTP/1.1" 200 77
114.86.228.29 - - [01/Dec/2021:09:13:01 +0800] "POST /xingrg/dwr/call/plaincall/AjaxCheckService.setItemNumber.dwr HTTP/1.1" 200 77
222.70.176.97 - - [01/Dec/2021:09:13:01 +0800] "GET /xingrg/index.html?sysBaseUrl=http%3A%2F%2F180.169.147.146%3A18081%2Fxingrg%2F&costTime=45×tamp=1638321155814 HTTP/1.1" 200 17179
222.70.176.97 - - [01/Dec/2021:09:13:01 +0800] "GET /xingrg/javascript/jquery_easy_ui/themes/default/easyui.css HTTP/1.1" 304 -
222.70.176.97 - - [01/Dec/2021:09:13:01 +0800] "GET /xingrg/javascript/jquery_easy_ui/themes/icon.css HTTP/1.1" 304 -
222.70.176.97 - - [01/Dec/2021:09:13:01 +0800] "GET /xingrg/css/form.css HTTP/1.1" 304 -
222.70.176.97 - - [01/Dec/2021:09:13:01 +0800] "GET /xingrg/javascript/jquery-1.4.2.min.js HTTP/1.1" 304 -
222.70.176.97 - - [01/Dec/2021:09:13:01 +0800] "GET /xingrg/javascript/jquery.form.js HTTP/1.1" 304 -
222.70.176.97 - - [01/Dec/2021:09:13:01 +0800] "GET /xingrg/javascript/jquery_easy_ui/jquery.easyui.min.js HTTP/1.1" 304 -
222.70.176.97 - - [01/Dec/2021:09:13:01 +0800] "GET /xingrg/javascript/jquery.timers.js HTTP/1.1" 304 -
222.70.176.97 - - [01/Dec/2021:09:13:01 +0800] "GET /xingrg/javascript/jquery_easy_ui/easyui-lang-zh_CN.js HTTP/1.1" 304 -
222.70.176.97 - - [01/Dec/2021:09:13:01 +0800] "GET /xingrg/javascript/jquery.utils.js HTTP/1.1" 304 -
222.70.176.97 - - [01/Dec/2021:09:13:01 +0800] "GET /xingrg/images/blue/jxLogo.png HTTP/1.1" 304 -
222.70.176.97 - - [01/Dec/2021:09:13:01 +0800] "GET /xingrg/images/blue/navBackgound.jpg HTTP/1.1" 304 -
222.70.176.97 - - [01/Dec/2021:09:13:01 +0800] "GET /xingrg/javascript/jquery_easy_ui/themes/icons/settle_new.png HTTP/1.1" 304 -
222.70.176.97 - - [01/Dec/2021:09:13:01 +0800] "POST /xingrg/all/common/load_tree.html?tree=area_rest_tree_json&manage=1 HTTP/1.1" 200 723
222.70.176.97 - - [01/Dec/2021:09:13:01 +0800] "GET /xingrg/check_reg.html?_=1638321180668 HTTP/1.1" 200 22
222.70.176.97 - - [01/Dec/2021:09:13:01 +0800] "GET /xingrg/all/function/internal_message.html?_=1638321180668&CODE_STATE=count HTTP/1.1" 200 11
222.70.176.97 - - [01/Dec/2021:09:13:01 +0800] "GET /xingrg/javascript/jquery_easy_ui/themes/default/images/tabs_leftarrow.png HTTP/1.1" 304 -
222.70.176.97 - - [01/Dec/2021:09:13:01 +0800] "GET /xingrg/images/blue/pingpu.png HTTP/1.1" 304 -
222.70.176.97 - - [01/Dec/2021:09:13:01 +0800] "GET /xingrg/javascript/jquery_easy_ui/themes/default/images/tabs_rightarrow.png HTTP/1.1" 304 -
222.70.176.97 - - [01/Dec/2021:09:13:01 +0800] "GET /xingrg/javascript/jquery_easy_ui/themes/default/images/panel_tool_collapse.gif HTTP/1.1" 304 -
114.85.125.222 - - [01/Dec/2021:09:13:01 +0800] "GET /xingrg/kc/buy/cgsh_order_operate.html?command=get_materiel&rest_code=00150&code=00101007077&supplier_code=00100096&order_time=2021-12-01 HTTP/1.1" 200 415
222.70.176.97 - - [01/Dec/2021:09:13:01 +0800] "POST /xingrg/load_menu.html HTTP/1.1" 200 5138
114.86.228.29 - - [01/Dec/2021:09:13:02 +0800] "POST /xingrg/dwr/call/plaincall/AjaxCheckService.setItemNumber.dwr HTTP/1.1" 200 77
114.86.228.29 - - [01/Dec/2021:09:13:02 +0800] "POST /xingrg/dwr/call/plaincall/AjaxCheckService.setItemNumber.dwr HTTP/1.1" 200 77
114.86.228.29 - - [01/Dec/2021:09:13:02 +0800] "POST /xingrg/dwr/call/plaincall/AjaxCheckService.setItemNumber.dwr HTTP/1.1" 200 77
180.157.253.6 - - [01/Dec/2021:09:13:03 +0800] "GET /xingrg/all/report/report_query.html?isQuery=1&fileName=kc/buy/wlcg_cate_hz.xml&queryString=(CONVERT(char(10)%252Ca.order_time%252C%2520120)%253E%253D'2021-11-01')%2520and%2520(CONVERT(char(10)%252Ca.order_time%252C%2520120)%253C%253D'2021-11-30')%2520and%2520(a.number%253E0%2520and%2520a.supplier_code%253D'00100004')&queryText=%25E3%2580%2590%25E9%2587%2587%25E8%25B4%25AD%25E6%2597%25A5%25E6%259C%259F%253A2021-11-01%2520%25E8%2587%25B3%25202021-11-30%25E3%2580%2591%2520%25E5%25B9%25B6%25E4%25B8%2594%2520%25E3%2580%2590%25E4%25BE%259B%25E5%25BA%2594%25E5%2595%2586%253D%25E5%25AE%25B6%25E7%25A6%25BD%25EF%25BC%2588%25E5%25B7%25A6%25E4%25BD%259C%25E6%2598%25A5%25EF%25BC%2589%25E3%2580%2591 HTTP/1.1" 200 54374
180.157.253.6 - - [01/Dec/2021:09:13:03 +0800] "GET /xingrg/dwr/interface/AjaxReportQueryService.js HTTP/1.1" 200 13203
180.157.253.6 - - [01/Dec/2021:09:13:03 +0800] "GET /xingrg/dwr/engine.js HTTP/1.1" 200 43631
114.86.228.29 - - [01/Dec/2021:09:13:03 +0800] "POST /xingrg/dwr/call/plaincall/AjaxCheckService.setItemNumber.dwr HTTP/1.1" 200 77
116.238.248.233 - - [01/Dec/2021:09:13:03 +0800] "GET /xingrg/kc/buy/cgsh_order_operate.html?command=get_materiel&rest_code=00150&code=00101008131&supplier_code=00100007&order_time=2021-12-01 HTTP/1.1" 200 408
222.70.176.97 - - [01/Dec/2021:09:13:03 +0800] "GET /xingrg/kc/buy/buy_main.html HTTP/1.1" 200 12412
222.70.176.97 - - [01/Dec/2021:09:13:03 +0800] "GET /xingrg/css/new_ie.css HTTP/1.1" 404 1036
222.70.176.97 - - [01/Dec/2021:09:13:04 +0800] "GET /xingrg/images/yd/bt.gif HTTP/1.1" 404 1040
180.157.253.6 - - [01/Dec/2021:09:13:04 +0800] "POST /xingrg/all/report/load_report_page.html HTTP/1.1" 200 8725
180.157.253.6 - - [01/Dec/2021:09:13:04 +0800] "GET /xingrg/servlets/image?cache=0.38886346216070156&image=px HTTP/1.1" 200 807
114.86.228.29 - - [01/Dec/2021:09:13:05 +0800] "POST /xingrg/dwr/call/plaincall/AjaxCheckService.setItemNumber.dwr HTTP/1.1" 200 77
222.70.176.97 - - [01/Dec/2021:09:13:05 +0800] "GET /xingrg/kc/buy/cgsh_order_list.html HTTP/1.1" 200 49339
114.86.228.29 - - [01/Dec/2021:09:13:06 +0800] "POST /xingrg/dwr/call/plaincall/AjaxCheckService.setItemNumber.dwr HTTP/1.1" 200 77
222.70.176.97 - - [01/Dec/2021:09:13:06 +0800] "POST /xingrg/kc/buy/cgsh_list_operate.html HTTP/1.1" 200 876
114.86.228.29 - - [01/Dec/2021:09:13:07 +0800] "POST /xingrg/dwr/call/plaincall/AjaxCheckService.setItemNumber.dwr HTTP/1.1" 200 77
114.86.228.29 - - [01/Dec/2021:09:13:07 +0800] "POST /xingrg/dwr/call/plaincall/AjaxCheckService.setItemNumber.dwr HTTP/1.1" 200 77
114.86.228.29 - - [01/Dec/2021:09:13:08 +0800] "POST /xingrg/dwr/call/plaincall/AjaxCheckService.setItemNumber.dwr HTTP/1.1" 200 77
180.157.253.6 - - [01/Dec/2021:09:13:08 +0800] "POST /xingrg/all/report/load_report_page.html HTTP/1.1" 200 43331
180.157.253.6 - - [01/Dec/2021:09:13:08 +0800] "GET /xingrg/servlets/image?cache=0.7487202738014331&image=px HTTP/1.1" 200 807
114.86.228.29 - - [01/Dec/2021:09:13:09 +0800] "POST /xingrg/dwr/call/plaincall/AjaxCheckService.setItemNumber.dwr HTTP/1.1" 200 77
114.86.228.29 - - [01/Dec/2021:09:13:09 +0800] "POST /xingrg/dwr/call/plaincall/AjaxCheckService.setItemNumber.dwr HTTP/1.1" 200 77
114.83.221.14 - - [01/Dec/2021:09:13:10 +0800] "POST /xingrg/services/DataTransmitService HTTP/1.1" 401 565
114.83.221.14 - - [01/Dec/2021:09:13:10 +0800] "POST /xingrg/services/DataTransmitService HTTP/1.1" 200 478
114.83.221.14 - - [01/Dec/2021:09:13:10 +0800] "POST /xingrg/services/DataTransmitService HTTP/1.1" 200 1320
114.83.221.14 - - [01/Dec/2021:09:13:10 +0800] "POST /xingrg/services/DataTransmitService HTTP/1.1" 200 478
114.83.221.14 - - [01/Dec/2021:09:13:10 +0800] "POST /xingrg/services/DataTransmitService HTTP/1.1" 200 1320
114.83.221.14 - - [01/Dec/2021:09:13:10 +0800] "POST /xingrg/services/DataTransmitService HTTP/1.1" 200 524
114.86.228.29 - - [01/Dec/2021:09:13:10 +0800] "POST /xingrg/dwr/call/plaincall/AjaxCheckService.setItemNumber.dwr HTTP/1.1" 200 77
114.83.221.14 - - [01/Dec/2021:09:13:10 +0800] "POST /xingrg/services/DataTransmitService HTTP/1.1" 200 1983
114.83.221.14 - - [01/Dec/2021:09:13:11 +0800] "POST /xingrg/services/DataTransmitService HTTP/1.1" 200 45454
222.70.176.97 - - [01/Dec/2021:09:13:11 +0800] "GET /xingrg/kc/buy/cgsh_order_add.html HTTP/1.1" 200 65103
114.83.221.14 - - [01/Dec/2021:09:13:11 +0800] "POST /xingrg/services/DataTransmitService HTTP/1.1" 200 19237
222.70.176.97 - - [01/Dec/2021:09:13:11 +0800] "GET /xingrg/words/20211130204235_words.js HTTP/1.1" 200 876305
114.86.228.29 - - [01/Dec/2021:09:13:11 +0800] "POST /xingrg/dwr/call/plaincall/AjaxCheckService.setItemNumber.dwr HTTP/1.1" 200 77
