180.169.147.146 - - [01/Dec/2021:09:58:54 +0800] "POST /xingrg/dwr/call/plaincall/AjaxCheckService.setItemNumber.dwr HTTP/1.1" 200 78
180.174.250.202 - - [01/Dec/2021:09:58:55 +0800] "GET /xingrg/all/function/internal_message.html?_=1638323933033&CODE_STATE=getMsg HTTP/1.1" 200 27
58.37.8.149 - - [01/Dec/2021:09:58:56 +0800] "GET /xingrg/kc/buy/cgsh_order_operate.html?command=get_materiel&rest_code=00141&code=00101009062&supplier_code=00100007&order_time=2021-12-01 HTTP/1.1" 200 412
180.169.147.146 - - [01/Dec/2021:09:58:57 +0800] "POST /xingrg/dwr/call/plaincall/AjaxCheckService.setItemNumber.dwr HTTP/1.1" 200 78
222.70.171.86 - - [01/Dec/2021:09:58:58 +0800] "GET /xingrg/check_reg.html?_=1638323946660 HTTP/1.1" 200 22
114.86.228.29 - - [01/Dec/2021:09:58:58 +0800] "GET /xingrg/all/function/internal_message.html?_=1638323938819&CODE_STATE=getMsg HTTP/1.1" 200 27
222.70.171.86 - - [01/Dec/2021:09:58:58 +0800] "GET /xingrg/all/function/internal_message.html?_=1638323947220&CODE_STATE=getMsg HTTP/1.1" 200 27
180.169.147.146 - - [01/Dec/2021:09:58:59 +0800] "POST /xingrg/dwr/call/plaincall/AjaxCheckService.setItemNumber.dwr HTTP/1.1" 200 78
58.39.139.200 - - [01/Dec/2021:09:59:00 +0800] "GET /xingrg/javascript/jquery_tools/images/prev.gif HTTP/1.1" 404 1086
58.39.139.200 - - [01/Dec/2021:09:59:00 +0800] "GET /xingrg/javascript/jquery_tools/images/next.gif HTTP/1.1" 404 1086
180.169.147.146 - - [01/Dec/2021:09:59:00 +0800] "POST /xingrg/dwr/call/plaincall/AjaxCheckService.setItemNumber.dwr HTTP/1.1" 200 78
180.169.147.146 - - [01/Dec/2021:09:59:02 +0800] "POST /xingrg/dwr/call/plaincall/AjaxCheckService.setItemNumber.dwr HTTP/1.1" 200 78
172.20.0.100 - - [01/Dec/2021:09:59:02 +0800] "GET /xingrg/all/function/internal_message.html?_=1638323942834&CODE_STATE=getMsg HTTP/1.1" 200 27
114.85.125.222 - - [01/Dec/2021:09:59:03 +0800] "GET /xingrg/check_reg.html?_=1638323910360 HTTP/1.1" 200 22
114.85.125.222 - - [01/Dec/2021:09:59:04 +0800] "GET /xingrg/all/function/internal_message.html?_=1638323911583&CODE_STATE=getMsg HTTP/1.1" 200 27
180.169.147.146 - - [01/Dec/2021:09:59:04 +0800] "POST /xingrg/dwr/call/plaincall/AjaxCheckService.setItemNumber.dwr HTTP/1.1" 200 78
180.174.250.202 - - [01/Dec/2021:09:59:05 +0800] "POST /xingrg/kc/buy/cgsh_list_operate.html HTTP/1.1" 200 5728
58.37.8.149 - - [01/Dec/2021:09:59:06 +0800] "GET /xingrg/kc/buy/cgsh_order_operate.html?command=get_materiel&rest_code=00141&code=00101008041&supplier_code=00100007&order_time=2021-12-01 HTTP/1.1" 200 408
180.169.147.146 - - [01/Dec/2021:09:59:07 +0800] "POST /xingrg/dwr/call/plaincall/AjaxCheckService.setItemNumber.dwr HTTP/1.1" 200 78
180.169.147.146 - - [01/Dec/2021:09:59:08 +0800] "POST /xingrg/dwr/call/plaincall/AjaxCheckService.setItemNumber.dwr HTTP/1.1" 200 78
58.37.8.149 - - [01/Dec/2021:09:59:10 +0800] "POST /xingrg/kc/buy/cgsh_order_operate.html HTTP/1.1" 200 2065
180.174.250.202 - - [01/Dec/2021:09:59:10 +0800] "POST /xingrg/kc/buy/cgsh_list_operate.html HTTP/1.1" 200 6047
180.169.147.146 - - [01/Dec/2021:09:59:10 +0800] "POST /xingrg/dwr/call/plaincall/AjaxCheckService.setItemNumber.dwr HTTP/1.1" 200 78
180.169.147.146 - - [01/Dec/2021:09:59:11 +0800] "POST /xingrg/dwr/call/plaincall/AjaxCheckService.setItemNumber.dwr HTTP/1.1" 200 78
114.83.221.14 - - [01/Dec/2021:09:59:12 +0800] "GET /xingrg/all/function/internal_message.html?_=1638323951930&CODE_STATE=getMsg HTTP/1.1" 200 27
180.169.147.146 - - [01/Dec/2021:09:59:13 +0800] "POST /xingrg/dwr/call/plaincall/AjaxCheckService.setItemNumber.dwr HTTP/1.1" 200 78
180.169.147.146 - - [01/Dec/2021:09:59:14 +0800] "POST /xingrg/dwr/call/plaincall/AjaxCheckService.setItemNumber.dwr HTTP/1.1" 200 78
58.40.7.146 - - [01/Dec/2021:09:59:15 +0800] "GET /xingrg/all/function/internal_message.html?_=1638323955891&CODE_STATE=getMsg HTTP/1.1" 302 -
180.169.147.146 - - [01/Dec/2021:09:59:15 +0800] "POST /xingrg/dwr/call/plaincall/AjaxCheckService.setItemNumber.dwr HTTP/1.1" 200 78
180.169.147.146 - - [01/Dec/2021:09:59:17 +0800] "POST /xingrg/dwr/call/plaincall/AjaxCheckService.setItemNumber.dwr HTTP/1.1" 200 78
58.39.139.200 - - [01/Dec/2021:09:59:18 +0800] "GET /xingrg/check_reg.html?_=1638323958754 HTTP/1.1" 200 22
58.39.139.200 - - [01/Dec/2021:09:59:18 +0800] "GET /xingrg/all/function/internal_message.html?_=1638323958754&CODE_STATE=getMsg HTTP/1.1" 200 27
222.70.171.86 - - [01/Dec/2021:09:59:18 +0800] "GET /xingrg/check_reg.html?_=1638323966833 HTTP/1.1" 200 22
180.169.147.146 - - [01/Dec/2021:09:59:19 +0800] "POST /xingrg/dwr/call/plaincall/AjaxCheckService.setItemNumber.dwr HTTP/1.1" 200 78
180.169.147.146 - - [01/Dec/2021:09:59:20 +0800] "POST /xingrg/dwr/call/plaincall/AjaxCheckService.setItemNumber.dwr HTTP/1.1" 200 78
180.169.147.146 - - [01/Dec/2021:09:59:21 +0800] "POST /xingrg/dwr/call/plaincall/AjaxCheckService.setItemNumber.dwr HTTP/1.1" 200 78
222.70.176.97 - - [01/Dec/2021:09:59:21 +0800] "GET /xingrg/all/function/internal_message.html?_=1638323960580&CODE_STATE=getMsg HTTP/1.1" 200 27
180.169.147.146 - - [01/Dec/2021:09:59:22 +0800] "POST /xingrg/dwr/call/plaincall/AjaxCheckService.setItemNumber.dwr HTTP/1.1" 200 78
180.169.147.146 - - [01/Dec/2021:09:59:23 +0800] "POST /xingrg/dwr/call/plaincall/AjaxCheckService.setItemNumber.dwr HTTP/1.1" 200 78
58.37.8.149 - - [01/Dec/2021:09:59:23 +0800] "GET /xingrg/kc/buy/cgsh_order_operate.html?command=get_materiel&rest_code=00141&code=00101008323&supplier_code=00100007&order_time=2021-12-01 HTTP/1.1" 200 408
58.37.8.149 - - [01/Dec/2021:09:59:23 +0800] "GET /xingrg/all/function/internal_message.html?_=1638323785896&CODE_STATE=getMsg HTTP/1.1" 200 27
222.69.132.164 - - [01/Dec/2021:09:59:23 +0800] "GET /xingrg/all/function/internal_message.html?_=1638323972382&CODE_STATE=getMsg HTTP/1.1" 200 27
58.37.8.149 - - [01/Dec/2021:09:59:23 +0800] "GET /xingrg/check_reg.html?_=1638323786062 HTTP/1.1" 200 22
180.169.147.146 - - [01/Dec/2021:09:59:24 +0800] "POST /xingrg/dwr/call/plaincall/AjaxCheckService.setItemNumber.dwr HTTP/1.1" 200 78
180.169.147.146 - - [01/Dec/2021:09:59:24 +0800] "POST /xingrg/dwr/call/plaincall/AjaxCheckService.setItemNumber.dwr HTTP/1.1" 200 78
116.227.210.113 - - [01/Dec/2021:09:59:25 +0800] "GET /xingrg/all/function/internal_message.html?_=1638323962804&CODE_STATE=getMsg HTTP/1.1" 200 27
180.169.147.146 - - [01/Dec/2021:09:59:25 +0800] "POST /xingrg/dwr/call/plaincall/AjaxCheckService.setItemNumber.dwr HTTP/1.1" 200 78
180.169.147.146 - - [01/Dec/2021:09:59:26 +0800] "POST /xingrg/dwr/call/plaincall/AjaxCheckService.setItemNumber.dwr HTTP/1.1" 200 78
180.169.147.146 - - [01/Dec/2021:09:59:27 +0800] "POST /xingrg/dwr/call/plaincall/AjaxCheckService.setItemNumber.dwr HTTP/1.1" 200 78
180.174.250.202 - - [01/Dec/2021:09:59:29 +0800] "POST /xingrg/kc/buy/cgsh_list_operate.html HTTP/1.1" 200 5931
180.169.147.146 - - [01/Dec/2021:09:59:30 +0800] "POST /xingrg/dwr/call/plaincall/AjaxCheckService.setItemNumber.dwr HTTP/1.1" 200 78
180.169.147.146 - - [01/Dec/2021:09:59:32 +0800] "POST /xingrg/dwr/call/plaincall/AjaxCheckService.setItemNumber.dwr HTTP/1.1" 200 78
180.169.147.146 - - [01/Dec/2021:09:59:33 +0800] "POST /xingrg/dwr/call/plaincall/AjaxCheckService.setItemNumber.dwr HTTP/1.1" 200 78
58.37.8.149 - - [01/Dec/2021:09:59:35 +0800] "GET /xingrg/kc/buy/cgsh_order_operate.html?command=get_materiel&rest_code=00141&code=00101008302&supplier_code=00100007&order_time=2021-12-01 HTTP/1.1" 200 412
180.169.147.146 - - [01/Dec/2021:09:59:35 +0800] "POST /xingrg/dwr/call/plaincall/AjaxCheckService.setItemNumber.dwr HTTP/1.1" 200 78
180.169.147.146 - - [01/Dec/2021:09:59:37 +0800] "POST /xingrg/dwr/call/plaincall/AjaxCheckService.setItemNumber.dwr HTTP/1.1" 200 78
58.37.8.149 - - [01/Dec/2021:09:59:42 +0800] "GET /xingrg/kc/buy/cgsh_order_operate.html?command=get_materiel&rest_code=00141&code=00101008027&supplier_code=00100007&order_time=2021-12-01 HTTP/1.1" 200 408
180.169.147.146 - - [01/Dec/2021:09:59:44 +0800] "POST /xingrg/dwr/call/plaincall/AjaxCheckService.setItemNumber.dwr HTTP/1.1" 200 78
101.85.120.86 - - [01/Dec/2021:09:59:44 +0800] "GET /xingrg/all/function/internal_message.html?_=1638323983019&CODE_STATE=getMsg HTTP/1.1" 200 27
180.169.147.146 - - [01/Dec/2021:09:59:45 +0800] "POST /xingrg/dwr/call/plaincall/AjaxCheckService.setItemNumber.dwr HTTP/1.1" 200 78
180.174.250.202 - - [01/Dec/2021:09:59:45 +0800] "POST /xingrg/kc/buy/cgsh_list_operate.html HTTP/1.1" 200 6030
180.169.147.146 - - [01/Dec/2021:09:59:46 +0800] "POST /xingrg/dwr/call/plaincall/AjaxCheckService.setItemNumber.dwr HTTP/1.1" 200 78
180.169.147.146 - - [01/Dec/2021:09:59:47 +0800] "GET /xingrg/all/function/internal_message.html?_=1638323987348&CODE_STATE=getMsg HTTP/1.1" 200 27
180.169.147.146 - - [01/Dec/2021:09:59:48 +0800] "POST /xingrg/dwr/call/plaincall/AjaxCheckService.setItemNumber.dwr HTTP/1.1" 200 78
180.169.147.146 - - [01/Dec/2021:09:59:49 +0800] "POST /xingrg/dwr/call/plaincall/AjaxCheckService.setItemNumber.dwr HTTP/1.1" 200 78
58.37.8.149 - - [01/Dec/2021:09:59:49 +0800] "GET /xingrg/kc/buy/cgsh_order_operate.html?command=get_materiel&rest_code=00141&code=00101008257&supplier_code=00100007&order_time=2021-12-01 HTTP/1.1" 200 416
180.169.147.146 - - [01/Dec/2021:09:59:50 +0800] "POST /xingrg/dwr/call/plaincall/AjaxCheckService.setItemNumber.dwr HTTP/1.1" 200 78
180.169.147.146 - - [01/Dec/2021:09:59:51 +0800] "POST /xingrg/dwr/call/plaincall/AjaxCheckService.setItemNumber.dwr HTTP/1.1" 200 78
58.39.139.200 - - [01/Dec/2021:09:59:51 +0800] "GET /xingrg/all/function/internal_message.html?_=1638323928043&CODE_STATE=getMsg HTTP/1.1" 200 27
180.174.250.202 - - [01/Dec/2021:09:59:53 +0800] "POST /xingrg/kc/buy/cgsh_list_operate.html HTTP/1.1" 200 5931
116.238.248.233 - - [01/Dec/2021:09:59:54 +0800] "GET /xingrg/all/function/internal_message.html?_=1638323994500&CODE_STATE=getMsg HTTP/1.1" 200 27
180.174.250.202 - - [01/Dec/2021:09:59:55 +0800] "GET /xingrg/all/function/internal_message.html?_=1638323993046&CODE_STATE=getMsg HTTP/1.1" 200 27
114.86.228.29 - - [01/Dec/2021:09:59:58 +0800] "GET /xingrg/all/function/internal_message.html?_=1638323998819&CODE_STATE=getMsg HTTP/1.1" 200 27
180.169.147.146 - - [01/Dec/2021:09:59:58 +0800] "POST /xingrg/dwr/call/plaincall/AjaxCheckService.setItemNumber.dwr HTTP/1.1" 200 78
222.70.171.86 - - [01/Dec/2021:09:59:58 +0800] "GET /xingrg/all/function/internal_message.html?_=1638324007233&CODE_STATE=getMsg HTTP/1.1" 200 27
180.174.250.202 - - [01/Dec/2021:09:59:59 +0800] "POST /xingrg/kc/buy/cgsh_list_operate.html HTTP/1.1" 200 6030
180.169.147.146 - - [01/Dec/2021:10:00:00 +0800] "POST /xingrg/dwr/call/plaincall/AjaxCheckService.setItemNumber.dwr HTTP/1.1" 200 78
58.37.8.149 - - [01/Dec/2021:10:00:00 +0800] "POST /xingrg/kc/buy/cgsh_order_operate.html HTTP/1.1" 200 2065
180.169.147.146 - - [01/Dec/2021:10:00:01 +0800] "POST /xingrg/dwr/call/plaincall/AjaxCheckService.setItemNumber.dwr HTTP/1.1" 200 78
172.20.0.100 - - [01/Dec/2021:10:00:02 +0800] "GET /xingrg/all/function/internal_message.html?_=1638324002823&CODE_STATE=getMsg HTTP/1.1" 200 27
180.169.147.146 - - [01/Dec/2021:10:00:04 +0800] "POST /xingrg/dwr/call/plaincall/AjaxCheckService.setItemNumber.dwr HTTP/1.1" 200 78
114.85.125.222 - - [01/Dec/2021:10:00:04 +0800] "GET /xingrg/all/function/internal_message.html?_=1638323971595&CODE_STATE=getMsg HTTP/1.1" 200 27
180.169.147.146 - - [01/Dec/2021:10:00:07 +0800] "POST /xingrg/dwr/call/plaincall/AjaxCheckService.setItemNumber.dwr HTTP/1.1" 200 78
58.37.8.149 - - [01/Dec/2021:10:00:08 +0800] "GET /xingrg/kc/buy/cgsh_order_operate.html?command=get_materiel&rest_code=00141&code=00101008244&supplier_code=00100007&order_time=2021-12-01 HTTP/1.1" 200 408
180.174.250.202 - - [01/Dec/2021:10:00:08 +0800] "POST /xingrg/kc/buy/cgsh_list_operate.html HTTP/1.1" 200 6031
180.169.147.146 - - [01/Dec/2021:10:00:10 +0800] "POST /xingrg/dwr/call/plaincall/AjaxCheckService.setItemNumber.dwr HTTP/1.1" 200 78
180.174.250.202 - - [01/Dec/2021:10:00:12 +0800] "POST /xingrg/kc/buy/cgsh_list_operate.html HTTP/1.1" 200 572
114.83.221.14 - - [01/Dec/2021:10:00:12 +0800] "GET /xingrg/all/function/internal_message.html?_=1638324011941&CODE_STATE=getMsg HTTP/1.1" 200 27
114.83.221.14 - - [01/Dec/2021:10:00:12 +0800] "GET /xingrg/check_reg.html?_=1638324011946 HTTP/1.1" 200 22
180.169.147.146 - - [01/Dec/2021:10:00:12 +0800] "POST /xingrg/dwr/call/plaincall/AjaxCheckService.setItemNumber.dwr HTTP/1.1" 200 78
180.169.147.146 - - [01/Dec/2021:10:00:13 +0800] "POST /xingrg/dwr/call/plaincall/AjaxCheckService.setItemNumber.dwr HTTP/1.1" 200 78
180.169.147.146 - - [01/Dec/2021:10:00:14 +0800] "POST /xingrg/dwr/call/plaincall/AjaxCheckService.setItemNumber.dwr HTTP/1.1" 200 78
180.169.147.146 - - [01/Dec/2021:10:00:15 +0800] "POST /xingrg/dwr/call/plaincall/AjaxCheckService.setItemNumber.dwr HTTP/1.1" 200 78
58.40.7.146 - - [01/Dec/2021:10:00:15 +0800] "GET /xingrg/all/function/internal_message.html?_=1638324015896&CODE_STATE=getMsg HTTP/1.1" 302 -
180.169.147.146 - - [01/Dec/2021:10:00:17 +0800] "POST /xingrg/dwr/call/plaincall/AjaxCheckService.setItemNumber.dwr HTTP/1.1" 200 78
180.169.147.146 - - [01/Dec/2021:10:00:17 +0800] "POST /xingrg/dwr/call/plaincall/AjaxCheckService.setItemNumber.dwr HTTP/1.1" 200 78
58.39.139.200 - - [01/Dec/2021:10:00:18 +0800] "GET /xingrg/all/function/internal_message.html?_=1638324018789&CODE_STATE=getMsg HTTP/1.1" 200 27
180.169.147.146 - - [01/Dec/2021:10:00:18 +0800] "POST /xingrg/dwr/call/plaincall/AjaxCheckService.setItemNumber.dwr HTTP/1.1" 200 78
180.169.147.146 - - [01/Dec/2021:10:00:19 +0800] "POST /xingrg/dwr/call/plaincall/AjaxCheckService.setItemNumber.dwr HTTP/1.1" 200 78
180.169.147.146 - - [01/Dec/2021:10:00:20 +0800] "POST /xingrg/dwr/call/plaincall/AjaxCheckService.setItemNumber.dwr HTTP/1.1" 200 78
222.70.176.97 - - [01/Dec/2021:10:00:21 +0800] "GET /xingrg/all/function/internal_message.html?_=1638324020599&CODE_STATE=getMsg HTTP/1.1" 200 27
180.169.147.146 - - [01/Dec/2021:10:00:22 +0800] "POST /xingrg/dwr/call/plaincall/AjaxCheckService.setItemNumber.dwr HTTP/1.1" 200 78
180.169.147.146 - - [01/Dec/2021:10:00:23 +0800] "POST /xingrg/dwr/call/plaincall/AjaxCheckService.setItemNumber.dwr HTTP/1.1" 200 78
222.69.132.164 - - [01/Dec/2021:10:00:23 +0800] "GET /xingrg/all/function/internal_message.html?_=1638324032391&CODE_STATE=getMsg HTTP/1.1" 200 27
58.37.8.149 - - [01/Dec/2021:10:00:23 +0800] "GET /xingrg/all/function/internal_message.html?_=1638323845943&CODE_STATE=getMsg HTTP/1.1" 200 27
180.169.147.146 - - [01/Dec/2021:10:00:24 +0800] "POST /xingrg/dwr/call/plaincall/AjaxCheckService.setItemNumber.dwr HTTP/1.1" 200 78
58.37.8.149 - - [01/Dec/2021:10:00:24 +0800] "GET /xingrg/kc/buy/cgsh_order_operate.html?command=get_materiel&rest_code=00141&code=00101001013&supplier_code=00100007&order_time=2021-12-01 HTTP/1.1" 200 414
116.227.210.113 - - [01/Dec/2021:10:00:25 +0800] "GET /xingrg/all/function/internal_message.html?_=1638324022810&CODE_STATE=getMsg HTTP/1.1" 200 27
180.169.147.146 - - [01/Dec/2021:10:00:25 +0800] "POST /xingrg/dwr/call/plaincall/AjaxCheckService.setItemNumber.dwr HTTP/1.1" 200 78
180.169.147.146 - - [01/Dec/2021:10:00:28 +0800] "POST /xingrg/dwr/call/plaincall/AjaxCheckService.setItemNumber.dwr HTTP/1.1" 200 78
180.169.147.146 - - [01/Dec/2021:10:00:31 +0800] "POST /xingrg/dwr/call/plaincall/AjaxCheckService.setItemNumber.dwr HTTP/1.1" 200 78
180.169.147.146 - - [01/Dec/2021:10:00:32 +0800] "POST /xingrg/dwr/call/plaincall/AjaxCheckService.setItemNumber.dwr HTTP/1.1" 200 78
180.174.250.202 - - [01/Dec/2021:10:00:34 +0800] "GET /xingrg/kc/buy/cgsh_order_info.html?code=212021112912861 HTTP/1.1" 200 60018
180.169.147.146 - - [01/Dec/2021:10:00:34 +0800] "POST /xingrg/dwr/call/plaincall/AjaxCheckService.setItemNumber.dwr HTTP/1.1" 200 78
180.174.250.202 - - [01/Dec/2021:10:00:35 +0800] "GET /xingrg/javascript/easyui/themes/default/validatebox.css HTTP/1.1" 404 1104
180.174.250.202 - - [01/Dec/2021:10:00:35 +0800] "POST /xingrg/kc/buy/cgsh_order_operate.html HTTP/1.1" 200 10087
180.169.147.146 - - [01/Dec/2021:10:00:35 +0800] "POST /xingrg/dwr/call/plaincall/AjaxCheckService.setItemNumber.dwr HTTP/1.1" 200 78
58.37.8.149 - - [01/Dec/2021:10:00:38 +0800] "GET /xingrg/kc/buy/cgsh_order_operate.html?command=get_materiel&rest_code=00141&code=00101008361&supplier_code=00100007&order_time=2021-12-01 HTTP/1.1" 200 408
58.39.139.200 - - [01/Dec/2021:10:00:39 +0800] "POST /xingrg/kc/buy/cgsh_list_operate.html HTTP/1.1" 200 5790
180.169.147.146 - - [01/Dec/2021:10:00:43 +0800] "POST /xingrg/dwr/call/plaincall/AjaxCheckService.setItemNumber.dwr HTTP/1.1" 200 78
180.169.147.146 - - [01/Dec/2021:10:00:44 +0800] "POST /xingrg/dwr/call/plaincall/AjaxCheckService.setItemNumber.dwr HTTP/1.1" 200 78
101.85.120.86 - - [01/Dec/2021:10:00:44 +0800] "GET /xingrg/all/function/internal_message.html?_=1638324043034&CODE_STATE=getMsg HTTP/1.1" 200 27
58.39.139.200 - - [01/Dec/2021:10:00:45 +0800] "GET /xingrg/javascript/jquery_easy_ui/themes/icons/area.png HTTP/1.1" 304 -
58.39.139.200 - - [01/Dec/2021:10:00:45 +0800] "GET /xingrg/javascript/jquery_easy_ui/themes/icons/rest.png HTTP/1.1" 304 -
58.39.139.200 - - [01/Dec/2021:10:00:45 +0800] "GET /xingrg/javascript/jquery_easy_ui/themes/icons/manage.png HTTP/1.1" 304 -
58.37.8.149 - - [01/Dec/2021:10:00:46 +0800] "GET /xingrg/kc/buy/cgsh_order_operate.html?command=get_materiel&rest_code=00141&code=00101008242&supplier_code=00100007&order_time=2021-12-01 HTTP/1.1" 200 408
180.169.147.146 - - [01/Dec/2021:10:00:46 +0800] "POST /xingrg/dwr/call/plaincall/AjaxCheckService.setItemNumber.dwr HTTP/1.1" 200 78
180.169.147.146 - - [01/Dec/2021:10:00:47 +0800] "GET /xingrg/all/function/internal_message.html?_=1638324047326&CODE_STATE=getMsg HTTP/1.1" 200 27
180.174.250.202 - - [01/Dec/2021:10:00:49 +0800] "POST /xingrg/kc/buy/cgsh_list_operate.html HTTP/1.1" 200 6031
58.37.8.149 - - [01/Dec/2021:10:00:49 +0800] "POST /xingrg/kc/buy/cgsh_order_operate.html HTTP/1.1" 200 2065
58.39.139.200 - - [01/Dec/2021:10:00:51 +0800] "GET /xingrg/all/function/internal_message.html?_=1638323988043&CODE_STATE=getMsg HTTP/1.1" 200 27
58.39.139.200 - - [01/Dec/2021:10:00:51 +0800] "GET /xingrg/check_reg.html?_=1638323988046 HTTP/1.1" 200 22
180.174.250.202 - - [01/Dec/2021:10:00:52 +0800] "POST /xingrg/kc/buy/cgsh_list_operate.html HTTP/1.1" 200 575
180.169.147.146 - - [01/Dec/2021:10:00:53 +0800] "POST /xingrg/dwr/call/plaincall/AjaxCheckService.setItemNumber.dwr HTTP/1.1" 200 78
116.238.248.233 - - [01/Dec/2021:10:00:54 +0800] "GET /xingrg/all/function/internal_message.html?_=1638324054504&CODE_STATE=getMsg HTTP/1.1" 200 27
180.169.147.146 - - [01/Dec/2021:10:00:55 +0800] "POST /xingrg/dwr/call/plaincall/AjaxCheckService.setItemNumber.dwr HTTP/1.1" 200 78
180.174.250.202 - - [01/Dec/2021:10:00:55 +0800] "GET /xingrg/all/function/internal_message.html?_=1638324053060&CODE_STATE=getMsg HTTP/1.1" 200 27
180.169.147.146 - - [01/Dec/2021:10:00:56 +0800] "POST /xingrg/dwr/call/plaincall/AjaxCheckService.setItemNumber.dwr HTTP/1.1" 200 78
180.169.147.146 - - [01/Dec/2021:10:00:56 +0800] "POST /xingrg/dwr/call/plaincall/AjaxCheckService.setItemNumber.dwr HTTP/1.1" 200 78
180.169.147.146 - - [01/Dec/2021:10:00:57 +0800] "POST /xingrg/dwr/call/plaincall/AjaxCheckService.setItemNumber.dwr HTTP/1.1" 200 78
114.86.228.29 - - [01/Dec/2021:10:00:58 +0800] "GET /xingrg/all/function/internal_message.html?_=1638324058846&CODE_STATE=getMsg HTTP/1.1" 200 27
180.169.147.146 - - [01/Dec/2021:10:00:58 +0800] "POST /xingrg/dwr/call/plaincall/AjaxCheckService.setItemNumber.dwr HTTP/1.1" 200 78
222.70.171.86 - - [01/Dec/2021:10:00:58 +0800] "GET /xingrg/all/function/internal_message.html?_=1638324067247&CODE_STATE=getMsg HTTP/1.1" 200 27
58.39.139.200 - - [01/Dec/2021:10:00:58 +0800] "GET /xingrg/kc/buy/cgsh_order_add.html HTTP/1.1" 200 65191
58.39.139.200 - - [01/Dec/2021:10:00:59 +0800] "GET /xingrg/javascript/easyui/themes/default/validatebox.css HTTP/1.1" 404 1104
58.39.139.200 - - [01/Dec/2021:10:00:59 +0800] "POST /xingrg/kc/buy/cgsh_order_operate.html HTTP/1.1" 200 8245
180.169.147.146 - - [01/Dec/2021:10:01:00 +0800] "POST /xingrg/dwr/call/plaincall/AjaxCheckService.setItemNumber.dwr HTTP/1.1" 200 78
58.37.8.149 - - [01/Dec/2021:10:01:02 +0800] "GET /xingrg/kc/buy/cgsh_order_operate.html?command=get_materiel&rest_code=00141&code=00101008300&supplier_code=00100007&order_time=2021-12-01 HTTP/1.1" 200 412
172.20.0.100 - - [01/Dec/2021:10:01:02 +0800] "GET /xingrg/check_reg.html?_=1638324062827 HTTP/1.1" 200 22
172.20.0.100 - - [01/Dec/2021:10:01:02 +0800] "GET /xingrg/all/function/internal_message.html?_=1638324062828&CODE_STATE=getMsg HTTP/1.1" 200 27
180.169.147.146 - - [01/Dec/2021:10:01:02 +0800] "POST /xingrg/dwr/call/plaincall/AjaxCheckService.setItemNumber.dwr HTTP/1.1" 200 78
180.174.250.202 - - [01/Dec/2021:10:01:03 +0800] "POST /xingrg/kc/buy/cgsh_list_operate.html HTTP/1.1" 200 6017
114.85.125.222 - - [01/Dec/2021:10:01:04 +0800] "GET /xingrg/all/function/internal_message.html?_=1638324031610&CODE_STATE=getMsg HTTP/1.1" 200 27
180.169.147.146 - - [01/Dec/2021:10:01:05 +0800] "GET /xingrg/kc/base/check_order_list.html?isBack=1 HTTP/1.1" 200 16390
180.169.147.146 - - [01/Dec/2021:10:01:05 +0800] "POST /xingrg/kc/base/check_list_operate.html HTTP/1.1" 200 3585
180.174.250.202 - - [01/Dec/2021:10:01:07 +0800] "POST /xingrg/kc/buy/cgsh_list_operate.html HTTP/1.1" 200 559
114.83.221.14 - - [01/Dec/2021:10:01:12 +0800] "GET /xingrg/all/function/internal_message.html?_=1638324071945&CODE_STATE=getMsg HTTP/1.1" 200 27
58.40.7.146 - - [01/Dec/2021:10:01:15 +0800] "GET /xingrg/check_reg.html?_=1638324075887 HTTP/1.1" 302 -
58.40.7.146 - - [01/Dec/2021:10:01:15 +0800] "GET /xingrg/all/function/internal_message.html?_=1638324075889&CODE_STATE=getMsg HTTP/1.1" 302 -
58.39.139.200 - - [01/Dec/2021:10:01:18 +0800] "GET /xingrg/all/function/internal_message.html?_=1638324078788&CODE_STATE=getMsg HTTP/1.1" 200 27
222.70.176.97 - - [01/Dec/2021:10:01:22 +0800] "GET /xingrg/all/function/internal_message.html?_=1638324080770&CODE_STATE=getMsg HTTP/1.1" 200 27
180.174.250.202 - - [01/Dec/2021:10:01:23 +0800] "GET /xingrg/kc/buy/cgsh_order_info.html?code=212021112912859 HTTP/1.1" 200 60018
222.70.176.97 - - [01/Dec/2021:10:01:23 +0800] "POST /xingrg/dwr/call/plaincall/AjaxCheckService.checkOrder.dwr HTTP/1.1" 200 79
58.37.8.149 - - [01/Dec/2021:10:01:23 +0800] "GET /xingrg/all/function/internal_message.html?_=1638323905896&CODE_STATE=getMsg HTTP/1.1" 200 27
222.69.132.164 - - [01/Dec/2021:10:01:23 +0800] "GET /xingrg/check_reg.html?_=1638324092392 HTTP/1.1" 200 22
222.69.132.164 - - [01/Dec/2021:10:01:23 +0800] "GET /xingrg/all/function/internal_message.html?_=1638324092395&CODE_STATE=getMsg HTTP/1.1" 200 27
58.39.139.200 - - [01/Dec/2021:10:01:24 +0800] "GET /xingrg/kc/buy/cgsh_order_operate.html?command=get_materiel&rest_code=00105&code=00101006191&supplier_code=00100012&order_time=2021-12-01 HTTP/1.1" 200 419
180.174.250.202 - - [01/Dec/2021:10:01:24 +0800] "GET /xingrg/javascript/easyui/themes/default/validatebox.css HTTP/1.1" 404 1104
180.174.250.202 - - [01/Dec/2021:10:01:24 +0800] "POST /xingrg/kc/buy/cgsh_order_operate.html HTTP/1.1" 200 7073
116.227.210.113 - - [01/Dec/2021:10:01:25 +0800] "GET /xingrg/all/function/internal_message.html?_=1638324082797&CODE_STATE=getMsg HTTP/1.1" 200 27
116.227.210.113 - - [01/Dec/2021:10:01:25 +0800] "GET /xingrg/check_reg.html?_=1638324082799 HTTP/1.1" 200 22
222.70.176.97 - - [01/Dec/2021:10:01:30 +0800] "GET /xingrg/kc/base/check_order_info.html?code=452021113000285 HTTP/1.1" 200 22862
222.70.176.97 - - [01/Dec/2021:10:01:30 +0800] "GET /xingrg/dwr/interface/AjaxComOrderService.js HTTP/1.1" 200 18264
222.70.176.97 - - [01/Dec/2021:10:01:30 +0800] "GET /xingrg/dwr/interface/AjaxCheckService.js HTTP/1.1" 200 14003
222.70.176.97 - - [01/Dec/2021:10:01:30 +0800] "GET /xingrg/dwr/engine.js HTTP/1.1" 200 43631
222.70.176.97 - - [01/Dec/2021:10:01:31 +0800] "POST /xingrg/dwr/call/plaincall/AjaxCheckService.loadOrderItems.dwr HTTP/1.1" 200 4740
58.37.8.149 - - [01/Dec/2021:10:01:32 +0800] "GET /xingrg/kc/buy/cgsh_order_operate.html?command=get_materiel&rest_code=00141&code=00101008295&supplier_code=00100007&order_time=2021-12-01 HTTP/1.1" 200 412
58.37.8.149 - - [01/Dec/2021:10:01:35 +0800] "POST /xingrg/kc/buy/cgsh_order_operate.html HTTP/1.1" 200 2065
222.70.176.97 - - [01/Dec/2021:10:01:44 +0800] "GET /xingrg/kc/base/check_order_list.html?isBack=1 HTTP/1.1" 200 16384
101.85.120.86 - - [01/Dec/2021:10:01:44 +0800] "GET /xingrg/all/function/internal_message.html?_=1638324103021&CODE_STATE=getMsg HTTP/1.1" 200 27
222.70.176.97 - - [01/Dec/2021:10:01:45 +0800] "POST /xingrg/kc/base/check_list_operate.html HTTP/1.1" 200 1560
180.169.147.146 - - [01/Dec/2021:10:01:45 +0800] "GET /xingrg/kc/base/wldb_order_list.html HTTP/1.1" 200 19271
180.169.147.146 - - [01/Dec/2021:10:01:45 +0800] "POST /xingrg/kc/base/wldb_list_operate.html HTTP/1.1" 200 928
180.174.250.202 - - [01/Dec/2021:10:01:46 +0800] "GET /xingrg/check_reg.html?_=1638324103888 HTTP/1.1" 200 22
180.169.147.146 - - [01/Dec/2021:10:01:46 +0800] "GET /xingrg/kc/base/wldb_order_add.html HTTP/1.1" 200 30485
180.169.147.146 - - [01/Dec/2021:10:01:46 +0800] "GET /xingrg/words/20211130204235_words.js HTTP/1.1" 200 876305
180.169.147.146 - - [01/Dec/2021:10:01:47 +0800] "POST /xingrg/kc/base/wldb_order_operate.html HTTP/1.1" 200 6806
180.169.147.146 - - [01/Dec/2021:10:01:47 +0800] "GET /xingrg/all/common/auto_word.html?type=base&rest_code=00147 HTTP/1.1" 200 1753
180.169.147.146 - - [01/Dec/2021:10:01:47 +0800] "GET /xingrg/all/common/auto_word.html?type=base&rest_code=00147 HTTP/1.1" 200 1753
180.169.147.146 - - [01/Dec/2021:10:01:47 +0800] "GET /xingrg/javascript/easyui/themes/default/validatebox.css HTTP/1.1" 404 1104
180.169.147.146 - - [01/Dec/2021:10:01:47 +0800] "GET /xingrg/all/function/internal_message.html?_=1638324107386&CODE_STATE=getMsg HTTP/1.1" 200 27
180.169.147.146 - - [01/Dec/2021:10:01:48 +0800] "GET /xingrg/javascript/jquery_tools/images/prev.gif HTTP/1.1" 404 1086
180.169.147.146 - - [01/Dec/2021:10:01:48 +0800] "GET /xingrg/javascript/jquery_tools/images/next.gif HTTP/1.1" 404 1086
58.39.139.200 - - [01/Dec/2021:10:01:51 +0800] "GET /xingrg/all/function/internal_message.html?_=1638324048072&CODE_STATE=getMsg HTTP/1.1" 200 27
222.70.176.97 - - [01/Dec/2021:10:01:53 +0800] "GET /xingrg/kc/buy/buy_main.html HTTP/1.1" 200 12412
222.70.176.97 - - [01/Dec/2021:10:01:53 +0800] "GET /xingrg/css/new_ie.css HTTP/1.1" 404 1036
116.238.248.233 - - [01/Dec/2021:10:01:54 +0800] "GET /xingrg/check_reg.html?_=1638324114502 HTTP/1.1" 200 22
116.238.248.233 - - [01/Dec/2021:10:01:54 +0800] "GET /xingrg/all/function/internal_message.html?_=1638324114505&CODE_STATE=getMsg HTTP/1.1" 200 27
222.70.176.97 - - [01/Dec/2021:10:01:54 +0800] "GET /xingrg/images/yd/bt.gif HTTP/1.1" 404 1040
222.70.176.97 - - [01/Dec/2021:10:01:55 +0800] "GET /xingrg/kc/buy/cgsh_order_list.html HTTP/1.1" 200 49374
180.174.250.202 - - [01/Dec/2021:10:01:55 +0800] "GET /xingrg/all/function/internal_message.html?_=1638324113074&CODE_STATE=getMsg HTTP/1.1" 200 27
222.70.176.97 - - [01/Dec/2021:10:01:56 +0800] "POST /xingrg/kc/buy/cgsh_list_operate.html HTTP/1.1" 200 876
114.86.228.29 - - [01/Dec/2021:10:01:58 +0800] "GET /xingrg/check_reg.html?_=1638324118847 HTTP/1.1" 200 22
114.86.228.29 - - [01/Dec/2021:10:01:58 +0800] "GET /xingrg/all/function/internal_message.html?_=1638324118850&CODE_STATE=getMsg HTTP/1.1" 200 27
222.70.171.86 - - [01/Dec/2021:10:01:58 +0800] "GET /xingrg/all/function/internal_message.html?_=1638324127262&CODE_STATE=getMsg HTTP/1.1" 200 27
58.37.8.149 - - [01/Dec/2021:10:02:00 +0800] "GET /xingrg/kc/buy/cgsh_order_operate.html?command=get_materiel&rest_code=00141&code=00101008403&supplier_code=00100007&order_time=2021-12-01 HTTP/1.1" 200 412
180.169.147.146 - - [01/Dec/2021:10:02:02 +0800] "POST /xingrg/all/common/load_combo.html?type=base HTTP/1.1" 200 3142
172.20.0.100 - - [01/Dec/2021:10:02:02 +0800] "GET /xingrg/all/function/internal_message.html?_=1638324122832&CODE_STATE=getMsg HTTP/1.1" 200 27
180.157.253.6 - - [01/Dec/2021:10:02:03 +0800] "GET /xingrg/check_reg.html?_=1638324124029 HTTP/1.1" 200 22
180.169.147.146 - - [01/Dec/2021:10:02:04 +0800] "POST /xingrg/all/common/load_combo.html?type=base HTTP/1.1" 200 3142
114.85.125.222 - - [01/Dec/2021:10:02:04 +0800] "GET /xingrg/all/function/internal_message.html?_=1638324091745&CODE_STATE=getMsg HTTP/1.1" 200 27
58.37.8.149 - - [01/Dec/2021:10:02:08 +0800] "GET /xingrg/kc/buy/cgsh_order_operate.html?command=get_materiel&rest_code=00141&code=00101008344&supplier_code=00100007&order_time=2021-12-01 HTTP/1.1" 200 412
180.169.147.146 - - [01/Dec/2021:10:02:10 +0800] "GET /xingrg/javascript/auto/indicator.gif HTTP/1.1" 404 1066
114.83.221.14 - - [01/Dec/2021:10:02:12 +0800] "GET /xingrg/all/function/internal_message.html?_=1638324131943&CODE_STATE=getMsg HTTP/1.1" 200 27
58.40.7.146 - - [01/Dec/2021:10:02:15 +0800] "GET /xingrg/all/function/internal_message.html?_=1638324135892&CODE_STATE=getMsg HTTP/1.1" 302 -
58.37.8.149 - - [01/Dec/2021:10:02:15 +0800] "GET /xingrg/kc/buy/cgsh_order_operate.html?command=get_materiel&rest_code=00141&code=00101008186&supplier_code=00100007&order_time=2021-12-01 HTTP/1.1" 200 408
58.39.139.200 - - [01/Dec/2021:10:02:18 +0800] "GET /xingrg/all/function/internal_message.html?_=1638324138759&CODE_STATE=getMsg HTTP/1.1" 200 27
180.169.147.146 - - [01/Dec/2021:10:02:19 +0800] "GET /xingrg/kc/base/wldb_order_operate.html?command=get_materiel&rest_code=00147&base_code=0010337&code=00101014073 HTTP/1.1" 200 447
222.70.176.97 - - [01/Dec/2021:10:02:21 +0800] "GET /xingrg/all/function/internal_message.html?_=1638324140762&CODE_STATE=getMsg HTTP/1.1" 200 27
58.37.8.149 - - [01/Dec/2021:10:02:22 +0800] "POST /xingrg/kc/buy/cgsh_order_operate.html HTTP/1.1" 200 2065
222.69.132.164 - - [01/Dec/2021:10:02:23 +0800] "GET /xingrg/all/function/internal_message.html?_=1638324152396&CODE_STATE=getMsg HTTP/1.1" 200 27
58.37.8.149 - - [01/Dec/2021:10:02:23 +0800] "GET /xingrg/all/function/internal_message.html?_=1638323965992&CODE_STATE=getMsg HTTP/1.1" 200 27
116.227.210.113 - - [01/Dec/2021:10:02:25 +0800] "GET /xingrg/all/function/internal_message.html?_=1638324142810&CODE_STATE=getMsg HTTP/1.1" 200 27
222.70.176.97 - - [01/Dec/2021:10:02:25 +0800] "POST /xingrg/kc/buy/cgsh_list_operate.html HTTP/1.1" 200 876
58.37.8.149 - - [01/Dec/2021:10:02:26 +0800] "GET /xingrg/kc/buy/cgsh_order_operate.html?command=get_materiel&rest_code=00141&code=00101008225&supplier_code=00100007&order_time=2021-12-01 HTTP/1.1" 200 416
58.39.139.200 - - [01/Dec/2021:10:02:32 +0800] "GET /xingrg/kc/buy/cgsh_order_operate.html?command=get_materiel&rest_code=00105&code=00101006106&supplier_code=00100012&order_time=2021-12-01 HTTP/1.1" 200 421
180.169.147.146 - - [01/Dec/2021:10:02:33 +0800] "POST /xingrg/kc/base/wldb_order_operate.html HTTP/1.1" 200 37
180.169.147.146 - - [01/Dec/2021:10:02:33 +0800] "POST /xingrg/kc/base/wldb_order_operate.html HTTP/1.1" 200 2188
180.169.147.146 - - [01/Dec/2021:10:02:33 +0800] "GET /xingrg/kc/base/wldb_order_info.html?code=422021120100002 HTTP/1.1" 200 30499
180.169.147.146 - - [01/Dec/2021:10:02:34 +0800] "GET /xingrg/javascript/easyui/themes/default/validatebox.css HTTP/1.1" 404 1104
180.169.147.146 - - [01/Dec/2021:10:02:34 +0800] "POST /xingrg/kc/base/wldb_order_operate.html HTTP/1.1" 200 2188
58.37.8.149 - - [01/Dec/2021:10:02:34 +0800] "GET /xingrg/kc/buy/cgsh_order_operate.html?command=get_materiel&rest_code=00141&code=00101008098&supplier_code=00100007&order_time=2021-12-01 HTTP/1.1" 200 412
180.169.147.146 - - [01/Dec/2021:10:02:37 +0800] "POST /xingrg/kc/base/wldb_order_operate.html HTTP/1.1" 200 37
180.169.147.146 - - [01/Dec/2021:10:02:40 +0800] "POST /xingrg/kc/base/wldb_order_operate.html HTTP/1.1" 200 12
180.169.147.146 - - [01/Dec/2021:10:02:40 +0800] "POST /xingrg/kc/base/wldb_order_operate.html HTTP/1.1" 200 2186
58.37.8.149 - - [01/Dec/2021:10:02:44 +0800] "GET /xingrg/kc/buy/cgsh_order_operate.html?command=get_materiel&rest_code=00141&code=00101006178&supplier_code=00100007&order_time=2021-12-01 HTTP/1.1" 200 409
222.70.176.97 - - [01/Dec/2021:10:02:44 +0800] "GET /xingrg/kc/buy/cgsh_order_add.html HTTP/1.1" 200 65059
101.85.120.86 - - [01/Dec/2021:10:02:44 +0800] "GET /xingrg/all/function/internal_message.html?_=1638324163021&CODE_STATE=getMsg HTTP/1.1" 200 27
101.85.120.86 - - [01/Dec/2021:10:02:44 +0800] "GET /xingrg/check_reg.html?_=1638324163024 HTTP/1.1" 200 22
222.70.176.97 - - [01/Dec/2021:10:02:45 +0800] "POST /xingrg/kc/buy/cgsh_order_operate.html HTTP/1.1" 200 8245
222.70.176.97 - - [01/Dec/2021:10:02:45 +0800] "GET /xingrg/javascript/easyui/themes/default/validatebox.css HTTP/1.1" 404 1104
222.70.176.97 - - [01/Dec/2021:10:02:45 +0800] "GET /xingrg/all/common/auto_word.html?type=employee&rest_code=00111 HTTP/1.1" 200 155
222.70.176.97 - - [01/Dec/2021:10:02:45 +0800] "GET /xingrg/all/common/auto_word.html?type=employee&rest_code=00111 HTTP/1.1" 200 155
58.39.139.200 - - [01/Dec/2021:10:02:45 +0800] "GET /xingrg/kc/buy/cgsh_order_operate.html?command=get_materiel&rest_code=00105&code=00101006109&supplier_code=00100012&order_time=2021-12-01 HTTP/1.1" 200 409
222.70.176.97 - - [01/Dec/2021:10:02:46 +0800] "GET /xingrg/javascript/easyui/themes/default/tree.css HTTP/1.1" 404 1090
222.70.176.97 - - [01/Dec/2021:10:02:46 +0800] "POST /xingrg/all/common/load_tree.html?tree=supplier_tree_json&isDelete=1 HTTP/1.1" 200 60927
180.169.147.146 - - [01/Dec/2021:10:02:47 +0800] "GET /xingrg/all/function/internal_message.html?_=1638324167405&CODE_STATE=getMsg HTTP/1.1" 200 27
180.169.147.146 - - [01/Dec/2021:10:02:47 +0800] "GET /xingrg/kc/base/wldb_order_info.html?code=422021120100002 HTTP/1.1" 200 26363
180.169.147.146 - - [01/Dec/2021:10:02:47 +0800] "GET /xingrg/javascript/easyui/themes/default/validatebox.css HTTP/1.1" 404 1104
180.169.147.146 - - [01/Dec/2021:10:02:47 +0800] "POST /xingrg/kc/base/wldb_order_operate.html HTTP/1.1" 200 481
58.39.139.200 - - [01/Dec/2021:10:02:51 +0800] "GET /xingrg/all/function/internal_message.html?_=1638324108071&CODE_STATE=getMsg HTTP/1.1" 200 27
116.238.248.233 - - [01/Dec/2021:10:02:54 +0800] "GET /xingrg/all/function/internal_message.html?_=1638324174519&CODE_STATE=getMsg HTTP/1.1" 200 27
180.174.250.202 - - [01/Dec/2021:10:02:55 +0800] "GET /xingrg/all/function/internal_message.html?_=1638324173088&CODE_STATE=getMsg HTTP/1.1" 200 27
58.39.139.200 - - [01/Dec/2021:10:02:55 +0800] "GET /xingrg/kc/buy/cgsh_order_operate.html?command=get_materiel&rest_code=00105&code=00101010247&supplier_code=00100012&order_time=2021-12-01 HTTP/1.1" 200 410
114.86.228.29 - - [01/Dec/2021:10:02:58 +0800] "GET /xingrg/all/function/internal_message.html?_=1638324178850&CODE_STATE=getMsg HTTP/1.1" 200 27
222.70.171.86 - - [01/Dec/2021:10:02:58 +0800] "GET /xingrg/all/function/internal_message.html?_=1638324187274&CODE_STATE=getMsg HTTP/1.1" 200 27
180.169.147.146 - - [01/Dec/2021:10:02:58 +0800] "POST /xingrg/kc/base/wldb_list_operate.html HTTP/1.1" 200 928
180.169.147.146 - - [01/Dec/2021:10:02:59 +0800] "POST /xingrg/kc/base/wldb_list_operate.html HTTP/1.1" 200 928
180.169.147.146 - - [01/Dec/2021:10:03:01 +0800] "POST /xingrg/kc/base/wldb_list_operate.html HTTP/1.1" 200 6215
172.20.0.100 - - [01/Dec/2021:10:03:02 +0800] "GET /xingrg/all/function/internal_message.html?_=1638324182834&CODE_STATE=getMsg HTTP/1.1" 200 27
180.169.147.146 - - [01/Dec/2021:10:03:03 +0800] "POST /xingrg/kc/base/wldb_list_operate.html HTTP/1.1" 200 199
114.85.125.222 - - [01/Dec/2021:10:03:04 +0800] "GET /xingrg/all/function/internal_message.html?_=1638324151898&CODE_STATE=getMsg HTTP/1.1" 200 27
180.169.147.146 - - [01/Dec/2021:10:03:04 +0800] "GET /xingrg/kc/base/wldb_order_info.html?code=422021120100002 HTTP/1.1" 200 26363
180.169.147.146 - - [01/Dec/2021:10:03:04 +0800] "GET /xingrg/javascript/easyui/themes/default/validatebox.css HTTP/1.1" 404 1104
180.169.147.146 - - [01/Dec/2021:10:03:04 +0800] "POST /xingrg/kc/base/wldb_order_operate.html HTTP/1.1" 200 481
58.39.139.200 - - [01/Dec/2021:10:03:11 +0800] "GET /xingrg/kc/buy/cgsh_order_operate.html?command=get_materiel&rest_code=00105&code=00101006063&supplier_code=00100012&order_time=2021-12-01 HTTP/1.1" 200 413
58.37.8.149 - - [01/Dec/2021:10:03:11 +0800] "POST /xingrg/kc/buy/cgsh_order_operate.html HTTP/1.1" 200 2065
114.83.221.14 - - [01/Dec/2021:10:03:12 +0800] "GET /xingrg/all/function/internal_message.html?_=1638324191943&CODE_STATE=getMsg HTTP/1.1" 200 27
58.40.7.146 - - [01/Dec/2021:10:03:15 +0800] "GET /xingrg/all/function/internal_message.html?_=1638324195895&CODE_STATE=getMsg HTTP/1.1" 302 -
58.37.8.149 - - [01/Dec/2021:10:03:17 +0800] "GET /xingrg/kc/buy/cgsh_order_operate.html?command=get_materiel&rest_code=00141&code=00101008095&supplier_code=00100007&order_time=2021-12-01 HTTP/1.1" 200 412
58.39.139.200 - - [01/Dec/2021:10:03:18 +0800] "GET /xingrg/all/function/internal_message.html?_=1638324198769&CODE_STATE=getMsg HTTP/1.1" 200 27
222.70.176.97 - - [01/Dec/2021:10:03:18 +0800] "GET /xingrg/check_reg.html?_=1638324197148 HTTP/1.1" 200 22
58.221.95.50 - - [01/Dec/2021:10:03:20 +0800] "GET /xingrg/check_reg.html?_=1638324200503 HTTP/1.1" 302 -
222.70.176.97 - - [01/Dec/2021:10:03:21 +0800] "GET /xingrg/all/function/internal_message.html?_=1638324200748&CODE_STATE=getMsg HTTP/1.1" 200 27
58.37.8.149 - - [01/Dec/2021:10:03:23 +0800] "GET /xingrg/all/function/internal_message.html?_=1638324025882&CODE_STATE=getMsg HTTP/1.1" 200 27
222.69.132.164 - - [01/Dec/2021:10:03:23 +0800] "GET /xingrg/all/function/internal_message.html?_=1638324212396&CODE_STATE=getMsg HTTP/1.1" 200 27
116.227.210.113 - - [01/Dec/2021:10:03:25 +0800] "GET /xingrg/all/function/internal_message.html?_=1638324202800&CODE_STATE=getMsg HTTP/1.1" 200 27
58.37.8.149 - - [01/Dec/2021:10:03:36 +0800] "GET /xingrg/kc/buy/cgsh_order_operate.html?command=get_materiel&rest_code=00141&code=00101008223&supplier_code=00100007&order_time=2021-12-01 HTTP/1.1" 200 412
101.85.120.86 - - [01/Dec/2021:10:03:44 +0800] "GET /xingrg/all/function/internal_message.html?_=1638324223023&CODE_STATE=getMsg HTTP/1.1" 200 27
180.169.147.146 - - [01/Dec/2021:10:03:46 +0800] "GET /xingrg/check_reg.html?_=1638324226756 HTTP/1.1" 200 22
180.169.147.146 - - [01/Dec/2021:10:03:47 +0800] "GET /xingrg/all/function/internal_message.html?_=1638324227382&CODE_STATE=getMsg HTTP/1.1" 200 27
58.39.139.200 - - [01/Dec/2021:10:03:51 +0800] "GET /xingrg/all/function/internal_message.html?_=1638324168071&CODE_STATE=getMsg HTTP/1.1" 200 27
116.238.248.233 - - [01/Dec/2021:10:03:54 +0800] "GET /xingrg/all/function/internal_message.html?_=1638324234524&CODE_STATE=getMsg HTTP/1.1" 200 27
58.37.8.149 - - [01/Dec/2021:10:03:55 +0800] "GET /xingrg/kc/buy/cgsh_order_operate.html?command=get_materiel&rest_code=00141&code=00101008236&supplier_code=00100007&order_time=2021-12-01 HTTP/1.1" 200 416
180.174.250.202 - - [01/Dec/2021:10:03:56 +0800] "GET /xingrg/all/function/internal_message.html?_=1638324233356&CODE_STATE=getMsg HTTP/1.1" 200 27
222.70.176.97 - - [01/Dec/2021:10:03:57 +0800] "GET /xingrg/javascript/auto/indicator.gif HTTP/1.1" 404 1066
222.70.171.86 - - [01/Dec/2021:10:03:58 +0800] "GET /xingrg/check_reg.html?_=1638324246674 HTTP/1.1" 200 22
114.86.228.29 - - [01/Dec/2021:10:03:58 +0800] "GET /xingrg/all/function/internal_message.html?_=1638324238850&CODE_STATE=getMsg HTTP/1.1" 200 27
222.70.171.86 - - [01/Dec/2021:10:03:58 +0800] "GET /xingrg/all/function/internal_message.html?_=1638324247288&CODE_STATE=getMsg HTTP/1.1" 200 27
58.37.8.149 - - [01/Dec/2021:10:03:58 +0800] "POST /xingrg/kc/buy/cgsh_order_operate.html HTTP/1.1" 200 2065
172.20.0.100 - - [01/Dec/2021:10:04:02 +0800] "GET /xingrg/all/function/internal_message.html?_=1638324242836&CODE_STATE=getMsg HTTP/1.1" 200 27
114.85.125.222 - - [01/Dec/2021:10:04:03 +0800] "GET /xingrg/check_reg.html?_=1638324210356 HTTP/1.1" 200 22
114.85.125.222 - - [01/Dec/2021:10:04:04 +0800] "GET /xingrg/all/function/internal_message.html?_=1638324211901&CODE_STATE=getMsg HTTP/1.1" 200 27
58.37.8.149 - - [01/Dec/2021:10:04:06 +0800] "GET /xingrg/kc/buy/cgsh_order_operate.html?command=get_materiel&rest_code=00141&code=00101008168&supplier_code=00100007&order_time=2021-12-01 HTTP/1.1" 200 412
222.70.176.97 - - [01/Dec/2021:10:04:09 +0800] "GET /xingrg/kc/buy/cgsh_order_operate.html?command=get_materiel&rest_code=00111&code=00101008248&supplier_code=00100005&order_time=2021-12-01 HTTP/1.1" 200 412
114.83.221.14 - - [01/Dec/2021:10:04:12 +0800] "GET /xingrg/all/function/internal_message.html?_=1638324251949&CODE_STATE=getMsg HTTP/1.1" 200 27
58.39.139.200 - - [01/Dec/2021:10:04:12 +0800] "POST /xingrg/kc/buy/cgsh_order_operate.html HTTP/1.1" 200 37
58.39.139.200 - - [01/Dec/2021:10:04:14 +0800] "POST /xingrg/kc/buy/cgsh_order_operate.html HTTP/1.1" 200 5630
58.37.8.149 - - [01/Dec/2021:10:04:15 +0800] "GET /xingrg/kc/buy/cgsh_order_operate.html?command=get_materiel&rest_code=00141&code=00101008114&supplier_code=00100007&order_time=2021-12-01 HTTP/1.1" 200 413
58.40.7.146 - - [01/Dec/2021:10:04:15 +0800] "GET /xingrg/all/function/internal_message.html?_=1638324255900&CODE_STATE=getMsg HTTP/1.1" 302 -
58.39.139.200 - - [01/Dec/2021:10:04:16 +0800] "GET /xingrg/kc/print/load_data.html?order_code=212021120100034&kc_code=cgsh&condition= HTTP/1.1" 200 1898
58.39.139.200 - - [01/Dec/2021:10:04:18 +0800] "GET /xingrg/check_reg.html?_=1638324258784 HTTP/1.1" 200 22
58.39.139.200 - - [01/Dec/2021:10:04:18 +0800] "GET /xingrg/all/function/internal_message.html?_=1638324258785&CODE_STATE=getMsg HTTP/1.1" 200 27
222.70.171.86 - - [01/Dec/2021:10:04:18 +0800] "GET /xingrg/check_reg.html?_=1638324266835 HTTP/1.1" 200 22
222.70.176.97 - - [01/Dec/2021:10:04:21 +0800] "GET /xingrg/all/function/internal_message.html?_=1638324260726&CODE_STATE=getMsg HTTP/1.1" 200 27
222.69.132.164 - - [01/Dec/2021:10:04:23 +0800] "GET /xingrg/all/function/internal_message.html?_=1638324272395&CODE_STATE=getMsg HTTP/1.1" 200 27
58.37.8.149 - - [01/Dec/2021:10:04:23 +0800] "GET /xingrg/all/function/internal_message.html?_=1638324085954&CODE_STATE=getMsg HTTP/1.1" 200 27
58.37.8.149 - - [01/Dec/2021:10:04:23 +0800] "GET /xingrg/check_reg.html?_=1638324086061 HTTP/1.1" 200 22
58.37.8.149 - - [01/Dec/2021:10:04:24 +0800] "GET /xingrg/kc/buy/cgsh_order_operate.html?command=get_materiel&rest_code=00141&code=00101008558&supplier_code=00100007&order_time=2021-12-01 HTTP/1.1" 200 395
116.227.210.113 - - [01/Dec/2021:10:04:25 +0800] "GET /xingrg/all/function/internal_message.html?_=1638324262813&CODE_STATE=getMsg HTTP/1.1" 200 27
58.37.8.149 - - [01/Dec/2021:10:04:40 +0800] "GET /xingrg/kc/buy/cgsh_order_operate.html?command=get_materiel&rest_code=00141&code=00101009016&supplier_code=00100007&order_time=2021-12-01 HTTP/1.1" 200 412
101.85.120.86 - - [01/Dec/2021:10:04:44 +0800] "GET /xingrg/all/function/internal_message.html?_=1638324283026&CODE_STATE=getMsg HTTP/1.1" 200 27
180.169.147.146 - - [01/Dec/2021:10:04:47 +0800] "GET /xingrg/all/function/internal_message.html?_=1638324287361&CODE_STATE=getMsg HTTP/1.1" 200 27
58.37.8.149 - - [01/Dec/2021:10:04:48 +0800] "GET /xingrg/kc/buy/cgsh_order_operate.html?command=get_materiel&rest_code=00141&code=00101009013&supplier_code=00100007&order_time=2021-12-01 HTTP/1.1" 200 420
58.39.139.200 - - [01/Dec/2021:10:04:51 +0800] "GET /xingrg/all/function/internal_message.html?_=1638324228071&CODE_STATE=getMsg HTTP/1.1" 200 27
116.238.248.233 - - [01/Dec/2021:10:04:54 +0800] "GET /xingrg/all/function/internal_message.html?_=1638324294528&CODE_STATE=getMsg HTTP/1.1" 200 27
58.37.8.149 - - [01/Dec/2021:10:04:54 +0800] "POST /xingrg/kc/buy/cgsh_order_operate.html HTTP/1.1" 200 2065
172.20.0.100 - - [01/Dec/2021:10:04:55 +0800] "GET /xingrg/logout.do HTTP/1.1" 302 -
172.20.0.100 - - [01/Dec/2021:10:04:55 +0800] "GET /xingrg/login.html?sysBaseUrl=http%3A%2F%2F172.20.0.8%3A18081%2Fxingrg%2F&costTime=4×tamp=1638324295452 HTTP/1.1" 200 7636
172.20.0.100 - - [01/Dec/2021:10:04:55 +0800] "GET /xingrg/images/blue/login_bg.png HTTP/1.1" 200 22101
172.20.0.100 - - [01/Dec/2021:10:04:55 +0800] "GET /xingrg/images/blue/hj.png HTTP/1.1" 200 1014
172.20.0.100 - - [01/Dec/2021:10:04:55 +0800] "GET /xingrg/images/blue/srbg.png HTTP/1.1" 200 138
172.20.0.100 - - [01/Dec/2021:10:04:55 +0800] "GET /favicon.ico HTTP/1.1" 404 -
180.174.250.202 - - [01/Dec/2021:10:04:56 +0800] "GET /xingrg/all/function/internal_message.html?_=1638324293364&CODE_STATE=getMsg HTTP/1.1" 200 27
172.20.0.100 - - [01/Dec/2021:10:04:57 +0800] "POST /xingrg/login.do HTTP/1.1" 302 -
172.20.0.100 - - [01/Dec/2021:10:04:57 +0800] "GET /xingrg/index.html?sysBaseUrl=http%3A%2F%2F172.20.0.8%3A18081%2Fxingrg%2F&costTime=54×tamp=1638324297588 HTTP/1.1" 200 17448
172.20.0.100 - - [01/Dec/2021:10:04:57 +0800] "GET /favicon.ico HTTP/1.1" 404 -
172.20.0.100 - - [01/Dec/2021:10:04:57 +0800] "POST /xingrg/all/common/load_tree.html?tree=area_rest_tree_json&manage=1 HTTP/1.1" 200 3472
172.20.0.100 - - [01/Dec/2021:10:04:57 +0800] "GET /xingrg/check_reg.html?_=1638324298044 HTTP/1.1" 200 22
172.20.0.100 - - [01/Dec/2021:10:04:57 +0800] "GET /xingrg/all/function/internal_message.html?_=1638324298044&CODE_STATE=count HTTP/1.1" 200 11
172.20.0.100 - - [01/Dec/2021:10:04:57 +0800] "POST /xingrg/load_menu.html HTTP/1.1" 200 11529
172.20.0.100 - - [01/Dec/2021:10:04:58 +0800] "GET /xingrg/javascript/jquery_easy_ui/themes/icons/delivery_new.png HTTP/1.1" 200 700
114.86.228.29 - - [01/Dec/2021:10:04:58 +0800] "GET /xingrg/all/function/internal_message.html?_=1638324298851&CODE_STATE=getMsg HTTP/1.1" 200 27
222.70.171.86 - - [01/Dec/2021:10:04:58 +0800] "GET /xingrg/all/function/internal_message.html?_=1638324307301&CODE_STATE=getMsg HTTP/1.1" 200 27
172.20.0.100 - - [01/Dec/2021:10:05:03 +0800] "POST /xingrg/all/user/operate.html HTTP/1.1" 200 36
172.20.0.100 - - [01/Dec/2021:10:05:03 +0800] "GET /xingrg/index.html?sysBaseUrl=http%3A%2F%2F172.20.0.8%3A18081%2Fxingrg%2F&costTime=54×tamp=1638324297588 HTTP/1.1" 200 17454
172.20.0.100 - - [01/Dec/2021:10:05:03 +0800] "GET /xingrg/javascript/jquery_easy_ui/themes/default/easyui.css HTTP/1.1" 304 -
172.20.0.100 - - [01/Dec/2021:10:05:03 +0800] "GET /xingrg/javascript/jquery_easy_ui/themes/icon.css HTTP/1.1" 304 -
172.20.0.100 - - [01/Dec/2021:10:05:03 +0800] "GET /xingrg/css/form.css HTTP/1.1" 304 -
172.20.0.100 - - [01/Dec/2021:10:05:03 +0800] "GET /xingrg/javascript/jquery-1.4.2.min.js HTTP/1.1" 304 -
172.20.0.100 - - [01/Dec/2021:10:05:03 +0800] "GET /xingrg/javascript/jquery_easy_ui/jquery.easyui.min.js HTTP/1.1" 304 -
172.20.0.100 - - [01/Dec/2021:10:05:03 +0800] "GET /xingrg/javascript/jquery_easy_ui/easyui-lang-zh_CN.js HTTP/1.1" 304 -
172.20.0.100 - - [01/Dec/2021:10:05:03 +0800] "GET /xingrg/javascript/jquery.form.js HTTP/1.1" 304 -
172.20.0.100 - - [01/Dec/2021:10:05:03 +0800] "GET /xingrg/javascript/jquery.utils.js HTTP/1.1" 304 -
172.20.0.100 - - [01/Dec/2021:10:05:03 +0800] "GET /xingrg/javascript/jquery.timers.js HTTP/1.1" 304 -
172.20.0.100 - - [01/Dec/2021:10:05:03 +0800] "GET /xingrg/images/blue/jxLogo.png HTTP/1.1" 304 -
172.20.0.100 - - [01/Dec/2021:10:05:03 +0800] "GET /xingrg/javascript/jquery_easy_ui/themes/icons/settle_new.png HTTP/1.1" 304 -
172.20.0.100 - - [01/Dec/2021:10:05:03 +0800] "GET /xingrg/images/blue/navBackgound.jpg HTTP/1.1" 304 -
172.20.0.100 - - [01/Dec/2021:10:05:03 +0800] "POST /xingrg/all/common/load_tree.html?tree=area_rest_tree_json&manage=1 HTTP/1.1" 200 3472
172.20.0.100 - - [01/Dec/2021:10:05:03 +0800] "GET /xingrg/all/function/internal_message.html?_=1638324303768&CODE_STATE=count HTTP/1.1" 200 11
172.20.0.100 - - [01/Dec/2021:10:05:03 +0800] "GET /xingrg/check_reg.html?_=1638324303768 HTTP/1.1" 200 22
172.20.0.100 - - [01/Dec/2021:10:05:03 +0800] "GET /xingrg/javascript/jquery_easy_ui/themes/default/images/tabs_rightarrow.png HTTP/1.1" 304 -
172.20.0.100 - - [01/Dec/2021:10:05:03 +0800] "GET /xingrg/javascript/jquery_easy_ui/themes/default/images/panel_tool_collapse.gif HTTP/1.1" 304 -
172.20.0.100 - - [01/Dec/2021:10:05:03 +0800] "GET /xingrg/images/blue/pingpu.png HTTP/1.1" 304 -
172.20.0.100 - - [01/Dec/2021:10:05:03 +0800] "GET /xingrg/javascript/jquery_easy_ui/themes/default/images/panel_tool_expand.gif HTTP/1.1" 304 -
172.20.0.100 - - [01/Dec/2021:10:05:03 +0800] "GET /xingrg/javascript/jquery_easy_ui/themes/default/images/tabs_leftarrow.png HTTP/1.1" 304 -
172.20.0.100 - - [01/Dec/2021:10:05:03 +0800] "POST /xingrg/load_menu.html HTTP/1.1" 200 9924
58.37.8.149 - - [01/Dec/2021:10:05:03 +0800] "GET /xingrg/kc/buy/cgsh_order_operate.html?command=get_materiel&rest_code=00141&code=00101009054&supplier_code=00100007&order_time=2021-12-01 HTTP/1.1" 200 413
114.85.125.222 - - [01/Dec/2021:10:05:04 +0800] "GET /xingrg/all/function/internal_message.html?_=1638324271928&CODE_STATE=getMsg HTTP/1.1" 200 27
172.20.0.100 - - [01/Dec/2021:10:05:06 +0800] "GET /xingrg/kc/buy/cgsh_order_list.html HTTP/1.1" 200 49616
172.20.0.100 - - [01/Dec/2021:10:05:06 +0800] "GET /xingrg/javascript/easyui/themes/default/easyui.css HTTP/1.1" 200 30432
172.20.0.100 - - [01/Dec/2021:10:05:06 +0800] "GET /xingrg/javascript/jquery_tools/table.css HTTP/1.1" 200 1032
172.20.0.100 - - [01/Dec/2021:10:05:06 +0800] "GET /xingrg/javascript/jquery_tools/jquery.tools.table.js HTTP/1.1" 200 6994
172.20.0.100 - - [01/Dec/2021:10:05:06 +0800] "GET /xingrg/javascript/easyui/themes/icons/check_new.png HTTP/1.1" 200 3224
172.20.0.100 - - [01/Dec/2021:10:05:06 +0800] "GET /xingrg/javascript/easyui/themes/icons/uncheck_new.png HTTP/1.1" 200 3197
172.20.0.100 - - [01/Dec/2021:10:05:06 +0800] "GET /xingrg/javascript/easyui/themes/icons/cance_new.png HTTP/1.1" 200 3986
172.20.0.100 - - [01/Dec/2021:10:05:06 +0800] "GET /xingrg/javascript/easyui/themes/icons/edit_add_new.png HTTP/1.1" 200 2997
