120.253.135.82 - - [30/Nov/2021:07:41:27 +0800] "GET /xingrg/javascript/easyui/themes/default/validatebox.css HTTP/1.1" 404 1104
120.253.135.82 - - [30/Nov/2021:07:41:27 +0800] "POST /xingrg/kc/pszx/mdps_order_operate.html HTTP/1.1" 200 4811
114.85.125.222 - - [30/Nov/2021:07:41:35 +0800] "GET /xingrg/all/function/internal_message.html?_=1638229262671&CODE_STATE=getMsg HTTP/1.1" 200 27
172.20.0.100 - - [30/Nov/2021:07:41:40 +0800] "GET /xingrg/all/function/internal_message.html?_=1638229299119&CODE_STATE=getMsg HTTP/1.1" 200 27
120.253.135.82 - - [30/Nov/2021:07:41:41 +0800] "GET /xingrg/kc/pszx/mdps_order_operate.html?command=get_materiel&pszx_code=00101&rest_code=00111&base_code=0010246&code=00101013166 HTTP/1.1" 200 453
116.227.210.113 - - [30/Nov/2021:07:41:47 +0800] "GET /xingrg/all/function/internal_message.html?_=1638229305271&CODE_STATE=getMsg HTTP/1.1" 200 27
120.253.135.82 - - [30/Nov/2021:07:41:55 +0800] "POST /xingrg/kc/pszx/mdps_order_operate.html HTTP/1.1" 200 37
120.253.135.82 - - [30/Nov/2021:07:41:56 +0800] "GET /xingrg/kc/pszx/mdps_order_info.html?code=312021113000719 HTTP/1.1" 200 23925
120.253.135.82 - - [30/Nov/2021:07:41:56 +0800] "POST /xingrg/kc/pszx/mdps_order_operate.html HTTP/1.1" 200 4805
120.253.135.82 - - [30/Nov/2021:07:41:57 +0800] "GET /xingrg/javascript/easyui/themes/default/validatebox.css HTTP/1.1" 404 1104
222.70.171.86 - - [30/Nov/2021:07:41:59 +0800] "GET /xingrg/all/function/internal_message.html?_=1638229324269&CODE_STATE=getMsg HTTP/1.1" 200 27
120.253.135.82 - - [30/Nov/2021:07:42:13 +0800] "GET /xingrg/all/function/internal_message.html?_=1638229109092&CODE_STATE=getMsg HTTP/1.1" 200 27
116.238.248.233 - - [30/Nov/2021:07:42:20 +0800] "GET /xingrg/all/function/internal_message.html?_=1638229339510&CODE_STATE=getMsg HTTP/1.1" 200 27
222.70.171.86 - - [30/Nov/2021:07:42:27 +0800] "GET /xingrg/all/function/internal_message.html?_=1638229350663&CODE_STATE=getMsg HTTP/1.1" 302 -
114.85.125.222 - - [30/Nov/2021:07:42:35 +0800] "GET /xingrg/all/function/internal_message.html?_=1638229322690&CODE_STATE=getMsg HTTP/1.1" 200 27
172.20.0.100 - - [30/Nov/2021:07:42:40 +0800] "GET /xingrg/all/function/internal_message.html?_=1638229359124&CODE_STATE=getMsg HTTP/1.1" 200 27
116.227.210.113 - - [30/Nov/2021:07:42:47 +0800] "GET /xingrg/all/function/internal_message.html?_=1638229365291&CODE_STATE=getMsg HTTP/1.1" 200 27
222.70.171.86 - - [30/Nov/2021:07:42:59 +0800] "GET /xingrg/all/function/internal_message.html?_=1638229384289&CODE_STATE=getMsg HTTP/1.1" 200 27
120.253.135.82 - - [30/Nov/2021:07:43:10 +0800] "GET /xingrg/check_reg.html?_=1638229166142 HTTP/1.1" 200 22
120.253.135.82 - - [30/Nov/2021:07:43:13 +0800] "GET /xingrg/all/function/internal_message.html?_=1638229169105&CODE_STATE=getMsg HTTP/1.1" 200 27
120.253.135.82 - - [30/Nov/2021:07:43:19 +0800] "POST /xingrg/kc/pszx/mdps_order_operate.html HTTP/1.1" 200 37
120.253.135.82 - - [30/Nov/2021:07:43:20 +0800] "GET /xingrg/kc/pszx/mdps_order_info.html?code=312021113000719 HTTP/1.1" 200 23925
116.238.248.233 - - [30/Nov/2021:07:43:20 +0800] "GET /xingrg/all/function/internal_message.html?_=1638229399503&CODE_STATE=getMsg HTTP/1.1" 200 27
120.253.135.82 - - [30/Nov/2021:07:43:20 +0800] "GET /xingrg/javascript/easyui/themes/default/validatebox.css HTTP/1.1" 404 1104
120.253.135.82 - - [30/Nov/2021:07:43:20 +0800] "POST /xingrg/kc/pszx/mdps_order_operate.html HTTP/1.1" 200 4805
120.253.135.82 - - [30/Nov/2021:07:43:22 +0800] "POST /xingrg/kc/pszx/mdps_list_operate.html HTTP/1.1" 200 3133
120.253.135.82 - - [30/Nov/2021:07:43:24 +0800] "POST /xingrg/kc/pszx/mdps_list_operate.html HTTP/1.1" 200 610
120.253.135.82 - - [30/Nov/2021:07:43:26 +0800] "GET /xingrg/kc/pszx/mdqp_order_list.html?state=10 HTTP/1.1" 200 12289
120.253.135.82 - - [30/Nov/2021:07:43:26 +0800] "POST /xingrg/kc/pszx/mdps_list_operate.html HTTP/1.1" 200 3133
120.253.135.82 - - [30/Nov/2021:07:43:26 +0800] "GET /xingrg/dwr/engine.js HTTP/1.1" 200 43631
120.253.135.82 - - [30/Nov/2021:07:43:26 +0800] "GET /xingrg/dwr/interface/AjaxReportQueryService.js HTTP/1.1" 200 13203
120.253.135.82 - - [30/Nov/2021:07:43:26 +0800] "GET /xingrg/dwr/interface/AjaxQqpsService.js HTTP/1.1" 200 16326
222.70.171.86 - - [30/Nov/2021:07:43:27 +0800] "GET /xingrg/all/function/internal_message.html?_=1638229410685&CODE_STATE=getMsg HTTP/1.1" 302 -
180.174.250.202 - - [30/Nov/2021:07:43:27 +0800] "GET /xingrg/check_reg.html?_=1638229403559 HTTP/1.1" 302 -
120.253.135.82 - - [30/Nov/2021:07:43:30 +0800] "GET /xingrg/kc/pszx/mdqp_order_info.html?code=302021112900609 HTTP/1.1" 200 13346
120.253.135.82 - - [30/Nov/2021:07:43:30 +0800] "GET /xingrg/dwr/interface/AjaxQqpsService.js HTTP/1.1" 200 16326
120.253.135.82 - - [30/Nov/2021:07:43:30 +0800] "GET /xingrg/dwr/interface/AjaxComOrderService.js HTTP/1.1" 200 18264
120.253.135.82 - - [30/Nov/2021:07:43:30 +0800] "GET /xingrg/dwr/engine.js HTTP/1.1" 200 43631
120.253.135.82 - - [30/Nov/2021:07:43:31 +0800] "POST /xingrg/dwr/call/plaincall/AjaxQqpsService.loadMaterielItems.dwr HTTP/1.1" 200 1831
114.85.125.222 - - [30/Nov/2021:07:43:35 +0800] "GET /xingrg/all/function/internal_message.html?_=1638229382698&CODE_STATE=getMsg HTTP/1.1" 200 27
120.253.135.82 - - [30/Nov/2021:07:43:36 +0800] "GET /xingrg/kc/pszx/mdqp_order_list.html?isBack=1 HTTP/1.1" 302 -
120.253.135.82 - - [30/Nov/2021:07:43:36 +0800] "GET /xingrg/kc/pszx/mdqp_order_list.html?state=10 HTTP/1.1" 200 12289
120.253.135.82 - - [30/Nov/2021:07:43:36 +0800] "GET /xingrg/dwr/interface/AjaxReportQueryService.js HTTP/1.1" 200 13203
120.253.135.82 - - [30/Nov/2021:07:43:36 +0800] "GET /xingrg/dwr/interface/AjaxQqpsService.js HTTP/1.1" 200 16326
120.253.135.82 - - [30/Nov/2021:07:43:36 +0800] "GET /xingrg/dwr/engine.js HTTP/1.1" 200 43631
116.238.248.233 - - [30/Nov/2021:07:43:38 +0800] "GET /xingrg/check_reg.html?_=1638229417635 HTTP/1.1" 200 22
120.253.135.82 - - [30/Nov/2021:07:43:39 +0800] "GET /xingrg/kc/pszx/mdqp_order_info.html?code=302021112900608 HTTP/1.1" 200 13346
120.253.135.82 - - [30/Nov/2021:07:43:39 +0800] "GET /xingrg/dwr/interface/AjaxQqpsService.js HTTP/1.1" 200 16326
120.253.135.82 - - [30/Nov/2021:07:43:39 +0800] "GET /xingrg/dwr/interface/AjaxComOrderService.js HTTP/1.1" 200 18264
120.253.135.82 - - [30/Nov/2021:07:43:39 +0800] "GET /xingrg/dwr/engine.js HTTP/1.1" 200 43631
120.253.135.82 - - [30/Nov/2021:07:43:40 +0800] "POST /xingrg/dwr/call/plaincall/AjaxQqpsService.loadMaterielItems.dwr HTTP/1.1" 200 1592
172.20.0.100 - - [30/Nov/2021:07:43:40 +0800] "GET /xingrg/all/function/internal_message.html?_=1638229419130&CODE_STATE=getMsg HTTP/1.1" 200 27
116.227.210.113 - - [30/Nov/2021:07:43:47 +0800] "GET /xingrg/all/function/internal_message.html?_=1638229425282&CODE_STATE=getMsg HTTP/1.1" 200 27
222.70.171.86 - - [30/Nov/2021:07:43:59 +0800] "GET /xingrg/all/function/internal_message.html?_=1638229444297&CODE_STATE=getMsg HTTP/1.1" 200 27
120.253.135.82 - - [30/Nov/2021:07:44:13 +0800] "GET /xingrg/all/function/internal_message.html?_=1638229229119&CODE_STATE=getMsg HTTP/1.1" 200 27
116.238.248.233 - - [30/Nov/2021:07:44:20 +0800] "GET /xingrg/all/function/internal_message.html?_=1638229459492&CODE_STATE=getMsg HTTP/1.1" 200 27
222.70.171.86 - - [30/Nov/2021:07:44:27 +0800] "GET /xingrg/all/function/internal_message.html?_=1638229470690&CODE_STATE=getMsg HTTP/1.1" 302 -
114.85.125.222 - - [30/Nov/2021:07:44:35 +0800] "GET /xingrg/all/function/internal_message.html?_=1638229442718&CODE_STATE=getMsg HTTP/1.1" 200 27
120.253.135.82 - - [30/Nov/2021:07:44:36 +0800] "GET /xingrg/kc/pszx/mdqp_order_list.html?isBack=1 HTTP/1.1" 302 -
120.253.135.82 - - [30/Nov/2021:07:44:36 +0800] "GET /xingrg/kc/pszx/mdqp_order_list.html?state=10 HTTP/1.1" 200 12289
120.253.135.82 - - [30/Nov/2021:07:44:36 +0800] "GET /xingrg/dwr/interface/AjaxReportQueryService.js HTTP/1.1" 200 13203
120.253.135.82 - - [30/Nov/2021:07:44:36 +0800] "GET /xingrg/dwr/interface/AjaxQqpsService.js HTTP/1.1" 200 16326
120.253.135.82 - - [30/Nov/2021:07:44:36 +0800] "GET /xingrg/dwr/engine.js HTTP/1.1" 200 43631
120.253.135.82 - - [30/Nov/2021:07:44:40 +0800] "GET /xingrg/kc/pszx/jzcl_ps.html HTTP/1.1" 200 7683
172.20.0.100 - - [30/Nov/2021:07:44:40 +0800] "GET /xingrg/all/function/internal_message.html?_=1638229479118&CODE_STATE=getMsg HTTP/1.1" 200 27
120.253.135.82 - - [30/Nov/2021:07:44:40 +0800] "POST /xingrg/all/common/load_tree.html?tree=area_rest_tree_json HTTP/1.1" 200 3472
120.253.135.82 - - [30/Nov/2021:07:44:40 +0800] "POST /xingrg/kc/pszx/jzcl_ps_operate.html HTTP/1.1" 200 2283
120.253.135.82 - - [30/Nov/2021:07:44:40 +0800] "POST /xingrg/kc/pszx/jzcl_ps_operate.html HTTP/1.1" 200 2283
116.227.210.113 - - [30/Nov/2021:07:44:47 +0800] "GET /xingrg/check_reg.html?_=1638229485280 HTTP/1.1" 200 22
116.227.210.113 - - [30/Nov/2021:07:44:47 +0800] "GET /xingrg/all/function/internal_message.html?_=1638229485284&CODE_STATE=getMsg HTTP/1.1" 200 27
120.253.135.82 - - [30/Nov/2021:07:44:49 +0800] "POST /xingrg/kc/pszx/jzcl_ps_operate.html HTTP/1.1" 200 4
120.253.135.82 - - [30/Nov/2021:07:44:50 +0800] "GET /xingrg/kc/pszx/mdps_order_list.html HTTP/1.1" 200 21089
120.253.135.82 - - [30/Nov/2021:07:44:51 +0800] "POST /xingrg/kc/pszx/mdps_list_operate.html HTTP/1.1" 200 5167
120.253.135.82 - - [30/Nov/2021:07:44:54 +0800] "POST /xingrg/kc/pszx/mdps_list_operate.html HTTP/1.1" 200 5167
120.253.135.82 - - [30/Nov/2021:07:44:56 +0800] "GET /xingrg/kc/pszx/jzcl_ps.html HTTP/1.1" 200 7683
120.253.135.82 - - [30/Nov/2021:07:44:56 +0800] "POST /xingrg/all/common/load_tree.html?tree=area_rest_tree_json HTTP/1.1" 200 3472
120.253.135.82 - - [30/Nov/2021:07:44:56 +0800] "POST /xingrg/kc/pszx/jzcl_ps_operate.html HTTP/1.1" 200 1327
120.253.135.82 - - [30/Nov/2021:07:44:56 +0800] "POST /xingrg/kc/pszx/jzcl_ps_operate.html HTTP/1.1" 200 1327
222.70.171.86 - - [30/Nov/2021:07:44:58 +0800] "POST /xingrg/services/DataTransmitService HTTP/1.1" 200 524
120.253.135.82 - - [30/Nov/2021:07:44:58 +0800] "GET /xingrg/kc/pszx/mdqp_order_info.html?type=look&code=302021112900601 HTTP/1.1" 200 13046
120.253.135.82 - - [30/Nov/2021:07:44:58 +0800] "GET /xingrg/dwr/engine.js HTTP/1.1" 200 43631
120.253.135.82 - - [30/Nov/2021:07:44:59 +0800] "GET /favicon.ico HTTP/1.1" 404 -
120.253.135.82 - - [30/Nov/2021:07:44:59 +0800] "POST /xingrg/dwr/call/plaincall/AjaxQqpsService.loadMaterielItems.dwr HTTP/1.1" 200 4397
222.70.171.86 - - [30/Nov/2021:07:44:59 +0800] "GET /xingrg/all/function/internal_message.html?_=1638229504317&CODE_STATE=getMsg HTTP/1.1" 200 27
120.253.135.82 - - [30/Nov/2021:07:45:03 +0800] "POST /xingrg/kc/pszx/jzcl_ps_operate.html HTTP/1.1" 200 4
120.253.135.82 - - [30/Nov/2021:07:45:05 +0800] "GET /xingrg/kc/pszx/mdps_order_list.html HTTP/1.1" 200 21089
120.253.135.82 - - [30/Nov/2021:07:45:05 +0800] "POST /xingrg/kc/pszx/jzcl_ps_operate.html HTTP/1.1" 200 21
120.253.135.82 - - [30/Nov/2021:07:45:05 +0800] "POST /xingrg/kc/pszx/mdps_list_operate.html HTTP/1.1" 200 5167
120.253.135.82 - - [30/Nov/2021:07:45:13 +0800] "POST /xingrg/kc/pszx/mdps_list_operate.html HTTP/1.1" 200 2057
120.253.135.82 - - [30/Nov/2021:07:45:13 +0800] "GET /xingrg/all/function/internal_message.html?_=1638229289132&CODE_STATE=getMsg HTTP/1.1" 200 27
120.253.135.82 - - [30/Nov/2021:07:45:14 +0800] "POST /xingrg/kc/pszx/mdps_list_operate.html HTTP/1.1" 200 546
120.253.135.82 - - [30/Nov/2021:07:45:15 +0800] "GET /xingrg/kc/pszx/mdps_order_info.html?code=312021113000720 HTTP/1.1" 200 23929
120.253.135.82 - - [30/Nov/2021:07:45:15 +0800] "GET /xingrg/javascript/easyui/themes/default/validatebox.css HTTP/1.1" 404 1104
120.253.135.82 - - [30/Nov/2021:07:45:15 +0800] "POST /xingrg/kc/pszx/mdps_order_operate.html HTTP/1.1" 200 4288
222.70.171.86 - - [30/Nov/2021:07:45:16 +0800] "GET /xingrg/check_reg.html?_=1638229519810 HTTP/1.1" 302 -
120.253.135.82 - - [30/Nov/2021:07:45:18 +0800] "POST /xingrg/kc/pszx/mdps_order_operate.html HTTP/1.1" 200 37
120.253.135.82 - - [30/Nov/2021:07:45:19 +0800] "GET /xingrg/kc/pszx/mdps_order_info.html?code=312021113000720 HTTP/1.1" 200 23929
120.253.135.82 - - [30/Nov/2021:07:45:20 +0800] "GET /xingrg/javascript/easyui/themes/default/validatebox.css HTTP/1.1" 404 1104
120.253.135.82 - - [30/Nov/2021:07:45:20 +0800] "POST /xingrg/kc/pszx/mdps_order_operate.html HTTP/1.1" 200 4324
116.238.248.233 - - [30/Nov/2021:07:45:20 +0800] "GET /xingrg/all/function/internal_message.html?_=1638229519478&CODE_STATE=getMsg HTTP/1.1" 200 27
114.85.125.222 - - [30/Nov/2021:07:45:26 +0800] "GET /xingrg/check_reg.html?_=1638229493539 HTTP/1.1" 200 22
222.70.171.86 - - [30/Nov/2021:07:45:27 +0800] "GET /xingrg/all/function/internal_message.html?_=1638229530711&CODE_STATE=getMsg HTTP/1.1" 302 -
114.85.125.222 - - [30/Nov/2021:07:45:35 +0800] "GET /xingrg/all/function/internal_message.html?_=1638229502726&CODE_STATE=getMsg HTTP/1.1" 200 27
172.20.0.100 - - [30/Nov/2021:07:45:40 +0800] "GET /xingrg/all/function/internal_message.html?_=1638229539123&CODE_STATE=getMsg HTTP/1.1" 200 27
172.20.0.100 - - [30/Nov/2021:07:45:40 +0800] "GET /xingrg/check_reg.html?_=1638229539127 HTTP/1.1" 200 22
116.227.210.113 - - [30/Nov/2021:07:45:47 +0800] "GET /xingrg/all/function/internal_message.html?_=1638229545271&CODE_STATE=getMsg HTTP/1.1" 200 27
222.70.171.86 - - [30/Nov/2021:07:45:51 +0800] "GET /xingrg/check_reg.html?_=1638229556259 HTTP/1.1" 200 22
222.70.171.86 - - [30/Nov/2021:07:45:59 +0800] "GET /xingrg/all/function/internal_message.html?_=1638229564325&CODE_STATE=getMsg HTTP/1.1" 200 27
120.253.135.82 - - [30/Nov/2021:07:46:13 +0800] "GET /xingrg/all/function/internal_message.html?_=1638229349146&CODE_STATE=getMsg HTTP/1.1" 200 27
120.253.135.82 - - [30/Nov/2021:07:46:15 +0800] "GET /xingrg/kc/pszx/mdps_order_operate.html?command=get_materiel&pszx_code=00101&rest_code=00151&base_code=0010246&code=00101012077 HTTP/1.1" 200 423
116.238.248.233 - - [30/Nov/2021:07:46:20 +0800] "GET /xingrg/all/function/internal_message.html?_=1638229579462&CODE_STATE=getMsg HTTP/1.1" 200 27
120.253.135.82 - - [30/Nov/2021:07:46:26 +0800] "POST /xingrg/kc/pszx/mdps_order_operate.html HTTP/1.1" 200 37
222.70.171.86 - - [30/Nov/2021:07:46:27 +0800] "GET /xingrg/all/function/internal_message.html?_=1638229590717&CODE_STATE=getMsg HTTP/1.1" 302 -
120.253.135.82 - - [30/Nov/2021:07:46:27 +0800] "GET /xingrg/kc/pszx/mdps_order_info.html?code=312021113000720 HTTP/1.1" 200 23929
120.253.135.82 - - [30/Nov/2021:07:46:28 +0800] "POST /xingrg/kc/pszx/mdps_order_operate.html HTTP/1.1" 200 4320
120.253.135.82 - - [30/Nov/2021:07:46:28 +0800] "GET /xingrg/javascript/easyui/themes/default/validatebox.css HTTP/1.1" 404 1104
120.253.135.82 - - [30/Nov/2021:07:46:31 +0800] "GET /xingrg/kc/pszx/mdps_order_info.html?code=312021113000720 HTTP/1.1" 200 23929
120.253.135.82 - - [30/Nov/2021:07:46:32 +0800] "POST /xingrg/kc/pszx/mdps_order_operate.html HTTP/1.1" 200 4320
120.253.135.82 - - [30/Nov/2021:07:46:32 +0800] "GET /xingrg/javascript/easyui/themes/default/validatebox.css HTTP/1.1" 404 1104
114.85.125.222 - - [30/Nov/2021:07:46:35 +0800] "GET /xingrg/all/function/internal_message.html?_=1638229562739&CODE_STATE=getMsg HTTP/1.1" 200 27
172.20.0.100 - - [30/Nov/2021:07:46:40 +0800] "GET /xingrg/all/function/internal_message.html?_=1638229599133&CODE_STATE=getMsg HTTP/1.1" 200 27
120.253.135.82 - - [30/Nov/2021:07:46:40 +0800] "POST /xingrg/kc/pszx/mdps_list_operate.html HTTP/1.1" 200 2057
120.253.135.82 - - [30/Nov/2021:07:46:42 +0800] "POST /xingrg/kc/pszx/mdps_list_operate.html HTTP/1.1" 200 650
120.253.135.82 - - [30/Nov/2021:07:46:42 +0800] "GET /xingrg/kc/pszx/mdps_order_info.html?code=312021113000721 HTTP/1.1" 200 23929
120.253.135.82 - - [30/Nov/2021:07:46:43 +0800] "GET /xingrg/javascript/easyui/themes/default/validatebox.css HTTP/1.1" 404 1104
120.253.135.82 - - [30/Nov/2021:07:46:43 +0800] "POST /xingrg/kc/pszx/mdps_order_operate.html HTTP/1.1" 200 4780
120.253.135.82 - - [30/Nov/2021:07:46:46 +0800] "POST /xingrg/kc/pszx/mdps_order_operate.html HTTP/1.1" 200 37
120.253.135.82 - - [30/Nov/2021:07:46:46 +0800] "GET /xingrg/kc/pszx/mdps_order_info.html?code=312021113000721 HTTP/1.1" 200 23929
120.253.135.82 - - [30/Nov/2021:07:46:47 +0800] "POST /xingrg/kc/pszx/mdps_order_operate.html HTTP/1.1" 200 4823
120.253.135.82 - - [30/Nov/2021:07:46:47 +0800] "GET /xingrg/javascript/easyui/themes/default/validatebox.css HTTP/1.1" 404 1104
116.227.210.113 - - [30/Nov/2021:07:46:47 +0800] "GET /xingrg/all/function/internal_message.html?_=1638229605278&CODE_STATE=getMsg HTTP/1.1" 200 27
222.70.171.86 - - [30/Nov/2021:07:46:59 +0800] "GET /xingrg/all/function/internal_message.html?_=1638229624337&CODE_STATE=getMsg HTTP/1.1" 200 27
120.253.135.82 - - [30/Nov/2021:07:47:13 +0800] "GET /xingrg/all/function/internal_message.html?_=1638229409160&CODE_STATE=getMsg HTTP/1.1" 200 27
116.238.248.233 - - [30/Nov/2021:07:47:20 +0800] "GET /xingrg/all/function/internal_message.html?_=1638229639456&CODE_STATE=getMsg HTTP/1.1" 200 27
222.70.171.86 - - [30/Nov/2021:07:47:27 +0800] "GET /xingrg/all/function/internal_message.html?_=1638229650740&CODE_STATE=getMsg HTTP/1.1" 302 -
114.85.125.222 - - [30/Nov/2021:07:47:35 +0800] "GET /xingrg/all/function/internal_message.html?_=1638229622758&CODE_STATE=getMsg HTTP/1.1" 200 27
172.20.0.100 - - [30/Nov/2021:07:47:40 +0800] "GET /xingrg/all/function/internal_message.html?_=1638229659120&CODE_STATE=getMsg HTTP/1.1" 200 27
116.227.210.113 - - [30/Nov/2021:07:47:47 +0800] "GET /xingrg/all/function/internal_message.html?_=1638229665271&CODE_STATE=getMsg HTTP/1.1" 200 27
222.70.171.86 - - [30/Nov/2021:07:48:00 +0800] "GET /xingrg/all/function/internal_message.html?_=1638229684364&CODE_STATE=getMsg HTTP/1.1" 200 27
120.253.135.82 - - [30/Nov/2021:07:48:10 +0800] "GET /xingrg/check_reg.html?_=1638229466146 HTTP/1.1" 200 22
120.253.135.82 - - [30/Nov/2021:07:48:13 +0800] "GET /xingrg/all/function/internal_message.html?_=1638229469334&CODE_STATE=getMsg HTTP/1.1" 200 27
116.238.248.233 - - [30/Nov/2021:07:48:20 +0800] "GET /xingrg/all/function/internal_message.html?_=1638229699446&CODE_STATE=getMsg HTTP/1.1" 200 27
222.70.171.86 - - [30/Nov/2021:07:48:27 +0800] "GET /xingrg/all/function/internal_message.html?_=1638229710744&CODE_STATE=getMsg HTTP/1.1" 302 -
180.174.250.202 - - [30/Nov/2021:07:48:27 +0800] "GET /xingrg/check_reg.html?_=1638229703563 HTTP/1.1" 302 -
114.85.125.222 - - [30/Nov/2021:07:48:35 +0800] "GET /xingrg/all/function/internal_message.html?_=1638229682767&CODE_STATE=getMsg HTTP/1.1" 200 27
116.238.248.233 - - [30/Nov/2021:07:48:38 +0800] "GET /xingrg/check_reg.html?_=1638229717650 HTTP/1.1" 200 22
172.20.0.100 - - [30/Nov/2021:07:48:40 +0800] "GET /xingrg/all/function/internal_message.html?_=1638229719127&CODE_STATE=getMsg HTTP/1.1" 200 27
116.227.210.113 - - [30/Nov/2021:07:48:47 +0800] "GET /xingrg/all/function/internal_message.html?_=1638229725284&CODE_STATE=getMsg HTTP/1.1" 200 27
222.70.171.86 - - [30/Nov/2021:07:49:00 +0800] "GET /xingrg/all/function/internal_message.html?_=1638229744381&CODE_STATE=getMsg HTTP/1.1" 200 27
120.253.135.82 - - [30/Nov/2021:07:49:13 +0800] "GET /xingrg/all/function/internal_message.html?_=1638229529343&CODE_STATE=getMsg HTTP/1.1" 200 27
116.238.248.233 - - [30/Nov/2021:07:49:20 +0800] "GET /xingrg/all/function/internal_message.html?_=1638229759429&CODE_STATE=getMsg HTTP/1.1" 200 27
222.70.171.86 - - [30/Nov/2021:07:49:27 +0800] "GET /xingrg/all/function/internal_message.html?_=1638229770767&CODE_STATE=getMsg HTTP/1.1" 302 -
120.253.135.82 - - [30/Nov/2021:07:49:31 +0800] "POST /xingrg/kc/pszx/mdps_list_operate.html HTTP/1.1" 200 2057
114.85.125.222 - - [30/Nov/2021:07:49:35 +0800] "GET /xingrg/all/function/internal_message.html?_=1638229742787&CODE_STATE=getMsg HTTP/1.1" 200 27
172.20.0.100 - - [30/Nov/2021:07:49:40 +0800] "GET /xingrg/all/function/internal_message.html?_=1638229779115&CODE_STATE=getMsg HTTP/1.1" 200 27
120.253.135.82 - - [30/Nov/2021:07:49:42 +0800] "POST /xingrg/kc/pszx/mdps_list_operate.html HTTP/1.1" 200 2439
120.253.135.82 - - [30/Nov/2021:07:49:44 +0800] "POST /xingrg/kc/pszx/mdps_list_operate.html HTTP/1.1" 200 205
120.253.135.82 - - [30/Nov/2021:07:49:46 +0800] "GET /xingrg/kc/pszx/mdps_order_info.html?code=312021113000722 HTTP/1.1" 200 23931
120.253.135.82 - - [30/Nov/2021:07:49:46 +0800] "GET /xingrg/javascript/easyui/themes/default/validatebox.css HTTP/1.1" 404 1104
120.253.135.82 - - [30/Nov/2021:07:49:46 +0800] "POST /xingrg/kc/pszx/mdps_order_operate.html HTTP/1.1" 200 2276
116.227.210.113 - - [30/Nov/2021:07:49:47 +0800] "GET /xingrg/check_reg.html?_=1638229785282 HTTP/1.1" 200 22
116.227.210.113 - - [30/Nov/2021:07:49:47 +0800] "GET /xingrg/all/function/internal_message.html?_=1638229785284&CODE_STATE=getMsg HTTP/1.1" 200 27
120.253.135.82 - - [30/Nov/2021:07:49:49 +0800] "POST /xingrg/kc/pszx/mdps_list_operate.html HTTP/1.1" 200 2439
222.70.171.86 - - [30/Nov/2021:07:50:00 +0800] "GET /xingrg/all/function/internal_message.html?_=1638229804400&CODE_STATE=getMsg HTTP/1.1" 200 27
120.253.135.82 - - [30/Nov/2021:07:50:13 +0800] "GET /xingrg/all/function/internal_message.html?_=1638229589537&CODE_STATE=getMsg HTTP/1.1" 200 27
222.70.171.86 - - [30/Nov/2021:07:50:16 +0800] "GET /xingrg/check_reg.html?_=1638229819804 HTTP/1.1" 302 -
116.238.248.233 - - [30/Nov/2021:07:50:20 +0800] "GET /xingrg/all/function/internal_message.html?_=1638229819423&CODE_STATE=getMsg HTTP/1.1" 200 27
120.253.135.82 - - [30/Nov/2021:07:50:24 +0800] "POST /xingrg/kc/pszx/mdps_list_operate.html HTTP/1.1" 200 205
120.253.135.82 - - [30/Nov/2021:07:50:26 +0800] "POST /xingrg/kc/pszx/mdps_list_operate.html HTTP/1.1" 200 593
114.85.125.222 - - [30/Nov/2021:07:50:26 +0800] "GET /xingrg/check_reg.html?_=1638229793547 HTTP/1.1" 200 22
120.253.135.82 - - [30/Nov/2021:07:50:27 +0800] "GET /xingrg/kc/pszx/mdps_order_info.html?code=312021113000723 HTTP/1.1" 200 23931
222.70.171.86 - - [30/Nov/2021:07:50:27 +0800] "GET /xingrg/all/function/internal_message.html?_=1638229830771&CODE_STATE=getMsg HTTP/1.1" 302 -
120.253.135.82 - - [30/Nov/2021:07:50:27 +0800] "GET /xingrg/javascript/easyui/themes/default/validatebox.css HTTP/1.1" 404 1104
120.253.135.82 - - [30/Nov/2021:07:50:27 +0800] "POST /xingrg/kc/pszx/mdps_order_operate.html HTTP/1.1" 200 9182
120.253.135.82 - - [30/Nov/2021:07:50:30 +0800] "POST /xingrg/all/common/load_combo.html?type=base HTTP/1.1" 200 1075
114.85.125.222 - - [30/Nov/2021:07:50:35 +0800] "GET /xingrg/all/function/internal_message.html?_=1638229802793&CODE_STATE=getMsg HTTP/1.1" 200 27
120.253.135.82 - - [30/Nov/2021:07:50:36 +0800] "POST /xingrg/kc/pszx/mdps_order_operate.html HTTP/1.1" 200 37
120.253.135.82 - - [30/Nov/2021:07:50:38 +0800] "GET /xingrg/kc/pszx/mdps_order_info.html?code=312021113000723 HTTP/1.1" 200 23931
120.253.135.82 - - [30/Nov/2021:07:50:39 +0800] "POST /xingrg/kc/pszx/mdps_order_operate.html HTTP/1.1" 200 9310
120.253.135.82 - - [30/Nov/2021:07:50:39 +0800] "GET /xingrg/javascript/easyui/themes/default/validatebox.css HTTP/1.1" 404 1104
172.20.0.100 - - [30/Nov/2021:07:50:40 +0800] "GET /xingrg/all/function/internal_message.html?_=1638229839121&CODE_STATE=getMsg HTTP/1.1" 200 27
172.20.0.100 - - [30/Nov/2021:07:50:40 +0800] "GET /xingrg/check_reg.html?_=1638229839123 HTTP/1.1" 200 22
116.227.210.113 - - [30/Nov/2021:07:50:47 +0800] "GET /xingrg/all/function/internal_message.html?_=1638229845279&CODE_STATE=getMsg HTTP/1.1" 200 27
222.70.171.86 - - [30/Nov/2021:07:50:51 +0800] "GET /xingrg/check_reg.html?_=1638229856266 HTTP/1.1" 200 22
222.70.171.86 - - [30/Nov/2021:07:51:00 +0800] "GET /xingrg/all/function/internal_message.html?_=1638229864408&CODE_STATE=getMsg HTTP/1.1" 200 27
120.253.135.82 - - [30/Nov/2021:07:51:13 +0800] "GET /xingrg/all/function/internal_message.html?_=1638229649542&CODE_STATE=getMsg HTTP/1.1" 200 27
116.238.248.233 - - [30/Nov/2021:07:51:20 +0800] "GET /xingrg/all/function/internal_message.html?_=1638229879411&CODE_STATE=getMsg HTTP/1.1" 200 27
120.253.135.82 - - [30/Nov/2021:07:51:23 +0800] "POST /xingrg/kc/pszx/mdps_order_operate.html HTTP/1.1" 200 37
120.253.135.82 - - [30/Nov/2021:07:51:24 +0800] "GET /xingrg/kc/pszx/mdps_order_info.html?code=312021113000723 HTTP/1.1" 200 23931
120.253.135.82 - - [30/Nov/2021:07:51:25 +0800] "GET /xingrg/javascript/easyui/themes/default/validatebox.css HTTP/1.1" 404 1104
120.253.135.82 - - [30/Nov/2021:07:51:25 +0800] "POST /xingrg/kc/pszx/mdps_order_operate.html HTTP/1.1" 200 9310
222.70.171.86 - - [30/Nov/2021:07:51:27 +0800] "GET /xingrg/all/function/internal_message.html?_=1638229890794&CODE_STATE=getMsg HTTP/1.1" 302 -
120.253.135.82 - - [30/Nov/2021:07:51:30 +0800] "POST /xingrg/kc/pszx/mdps_list_operate.html HTTP/1.1" 200 2439
120.253.135.82 - - [30/Nov/2021:07:51:32 +0800] "POST /xingrg/kc/pszx/mdps_list_operate.html HTTP/1.1" 200 634
120.253.135.82 - - [30/Nov/2021:07:51:33 +0800] "GET /xingrg/kc/pszx/mdps_order_info.html?code=312021113000724 HTTP/1.1" 200 23931
120.253.135.82 - - [30/Nov/2021:07:51:34 +0800] "POST /xingrg/kc/pszx/mdps_order_operate.html HTTP/1.1" 200 23999
120.253.135.82 - - [30/Nov/2021:07:51:34 +0800] "GET /xingrg/javascript/easyui/themes/default/validatebox.css HTTP/1.1" 404 1104
114.85.125.222 - - [30/Nov/2021:07:51:35 +0800] "GET /xingrg/all/function/internal_message.html?_=1638229862806&CODE_STATE=getMsg HTTP/1.1" 200 27
120.253.135.82 - - [30/Nov/2021:07:51:37 +0800] "POST /xingrg/kc/pszx/mdps_order_operate.html HTTP/1.1" 200 37
120.253.135.82 - - [30/Nov/2021:07:51:38 +0800] "GET /xingrg/kc/pszx/mdps_order_info.html?code=312021113000724 HTTP/1.1" 200 23931
120.253.135.82 - - [30/Nov/2021:07:51:39 +0800] "GET /xingrg/javascript/easyui/themes/default/validatebox.css HTTP/1.1" 404 1104
120.253.135.82 - - [30/Nov/2021:07:51:39 +0800] "POST /xingrg/kc/pszx/mdps_order_operate.html HTTP/1.1" 200 24340
172.20.0.100 - - [30/Nov/2021:07:51:40 +0800] "GET /xingrg/all/function/internal_message.html?_=1638229899126&CODE_STATE=getMsg HTTP/1.1" 200 27
116.227.210.113 - - [30/Nov/2021:07:51:47 +0800] "GET /xingrg/all/function/internal_message.html?_=1638229905276&CODE_STATE=getMsg HTTP/1.1" 200 27
222.70.171.86 - - [30/Nov/2021:07:52:00 +0800] "GET /xingrg/all/function/internal_message.html?_=1638229924422&CODE_STATE=getMsg HTTP/1.1" 200 27
120.253.135.82 - - [30/Nov/2021:07:52:13 +0800] "GET /xingrg/all/function/internal_message.html?_=1638229709555&CODE_STATE=getMsg HTTP/1.1" 200 27
116.238.248.233 - - [30/Nov/2021:07:52:20 +0800] "GET /xingrg/all/function/internal_message.html?_=1638229939396&CODE_STATE=getMsg HTTP/1.1" 200 27
222.70.171.86 - - [30/Nov/2021:07:52:27 +0800] "GET /xingrg/all/function/internal_message.html?_=1638229950798&CODE_STATE=getMsg HTTP/1.1" 302 -
120.253.135.82 - - [30/Nov/2021:07:52:31 +0800] "GET /xingrg/kc/pszx/mdps_order_operate.html?command=get_materiel&pszx_code=00101&rest_code=00150&base_code=0010246&code=00101019161 HTTP/1.1" 200 434
114.85.125.222 - - [30/Nov/2021:07:52:35 +0800] "GET /xingrg/all/function/internal_message.html?_=1638229922826&CODE_STATE=getMsg HTTP/1.1" 200 27
172.20.0.100 - - [30/Nov/2021:07:52:40 +0800] "GET /xingrg/all/function/internal_message.html?_=1638229959115&CODE_STATE=getMsg HTTP/1.1" 200 27
120.253.135.82 - - [30/Nov/2021:07:52:46 +0800] "POST /xingrg/kc/pszx/mdps_order_operate.html HTTP/1.1" 200 37
116.227.210.113 - - [30/Nov/2021:07:52:47 +0800] "GET /xingrg/all/function/internal_message.html?_=1638229965279&CODE_STATE=getMsg HTTP/1.1" 200 27
120.253.135.82 - - [30/Nov/2021:07:52:47 +0800] "GET /xingrg/kc/pszx/mdps_order_info.html?code=312021113000724 HTTP/1.1" 200 23931
120.253.135.82 - - [30/Nov/2021:07:52:48 +0800] "POST /xingrg/kc/pszx/mdps_order_operate.html HTTP/1.1" 200 24343
120.253.135.82 - - [30/Nov/2021:07:52:48 +0800] "GET /xingrg/javascript/easyui/themes/default/validatebox.css HTTP/1.1" 404 1104
222.70.171.86 - - [30/Nov/2021:07:53:00 +0800] "GET /xingrg/all/function/internal_message.html?_=1638229984441&CODE_STATE=getMsg HTTP/1.1" 200 27
120.253.135.82 - - [30/Nov/2021:07:53:10 +0800] "GET /xingrg/check_reg.html?_=1638229766152 HTTP/1.1" 200 22
120.253.135.82 - - [30/Nov/2021:07:53:13 +0800] "GET /xingrg/all/function/internal_message.html?_=1638229769569&CODE_STATE=getMsg HTTP/1.1" 200 27
116.238.248.233 - - [30/Nov/2021:07:53:20 +0800] "GET /xingrg/all/function/internal_message.html?_=1638229999381&CODE_STATE=getMsg HTTP/1.1" 200 27
222.70.171.86 - - [30/Nov/2021:07:53:27 +0800] "GET /xingrg/all/function/internal_message.html?_=1638230010821&CODE_STATE=getMsg HTTP/1.1" 302 -
180.174.250.202 - - [30/Nov/2021:07:53:28 +0800] "GET /xingrg/check_reg.html?_=1638230003572 HTTP/1.1" 302 -
114.85.125.222 - - [30/Nov/2021:07:53:35 +0800] "GET /xingrg/all/function/internal_message.html?_=1638229982834&CODE_STATE=getMsg HTTP/1.1" 200 27
120.253.135.82 - - [30/Nov/2021:07:53:36 +0800] "POST /xingrg/kc/pszx/mdps_order_operate.html HTTP/1.1" 200 37
120.253.135.82 - - [30/Nov/2021:07:53:37 +0800] "GET /xingrg/kc/pszx/mdps_order_info.html?code=312021113000724 HTTP/1.1" 200 23931
120.253.135.82 - - [30/Nov/2021:07:53:37 +0800] "POST /xingrg/kc/pszx/mdps_order_operate.html HTTP/1.1" 200 24343
120.253.135.82 - - [30/Nov/2021:07:53:38 +0800] "GET /xingrg/javascript/easyui/themes/default/validatebox.css HTTP/1.1" 404 1104
116.238.248.233 - - [30/Nov/2021:07:53:38 +0800] "GET /xingrg/check_reg.html?_=1638230017664 HTTP/1.1" 200 22
172.20.0.100 - - [30/Nov/2021:07:53:40 +0800] "GET /xingrg/all/function/internal_message.html?_=1638230019121&CODE_STATE=getMsg HTTP/1.1" 200 27
116.227.210.113 - - [30/Nov/2021:07:53:47 +0800] "GET /xingrg/all/function/internal_message.html?_=1638230025278&CODE_STATE=getMsg HTTP/1.1" 200 27
180.174.250.202 - - [30/Nov/2021:07:53:57 +0800] "GET /favicon.ico HTTP/1.1" 404 -
180.174.250.202 - - [30/Nov/2021:07:53:58 +0800] "GET /favicon.ico HTTP/1.1" 404 -
180.174.250.202 - - [30/Nov/2021:07:53:58 +0800] "GET /favicon.ico HTTP/1.1" 404 -
222.70.171.86 - - [30/Nov/2021:07:54:00 +0800] "GET /xingrg/all/function/internal_message.html?_=1638230044448&CODE_STATE=getMsg HTTP/1.1" 200 27
120.253.135.82 - - [30/Nov/2021:07:54:13 +0800] "GET /xingrg/all/function/internal_message.html?_=1638229829583&CODE_STATE=getMsg HTTP/1.1" 200 27
116.238.248.233 - - [30/Nov/2021:07:54:20 +0800] "GET /xingrg/all/function/internal_message.html?_=1638230059368&CODE_STATE=getMsg HTTP/1.1" 200 27
222.70.171.86 - - [30/Nov/2021:07:54:27 +0800] "GET /xingrg/all/function/internal_message.html?_=1638230070826&CODE_STATE=getMsg HTTP/1.1" 302 -
114.85.125.222 - - [30/Nov/2021:07:54:35 +0800] "GET /xingrg/all/function/internal_message.html?_=1638230042855&CODE_STATE=getMsg HTTP/1.1" 200 27
172.20.0.100 - - [30/Nov/2021:07:54:40 +0800] "GET /xingrg/all/function/internal_message.html?_=1638230079128&CODE_STATE=getMsg HTTP/1.1" 200 27
116.227.210.113 - - [30/Nov/2021:07:54:47 +0800] "GET /xingrg/all/function/internal_message.html?_=1638230085276&CODE_STATE=getMsg HTTP/1.1" 200 27
116.227.210.113 - - [30/Nov/2021:07:54:47 +0800] "GET /xingrg/check_reg.html?_=1638230085280 HTTP/1.1" 200 22
222.70.171.86 - - [30/Nov/2021:07:55:00 +0800] "GET /xingrg/all/function/internal_message.html?_=1638230104468&CODE_STATE=getMsg HTTP/1.1" 200 27
120.253.135.82 - - [30/Nov/2021:07:55:13 +0800] "GET /xingrg/all/function/internal_message.html?_=1638229889595&CODE_STATE=getMsg HTTP/1.1" 200 27
222.70.171.86 - - [30/Nov/2021:07:55:16 +0800] "GET /xingrg/check_reg.html?_=1638230119823 HTTP/1.1" 302 -
116.238.248.233 - - [30/Nov/2021:07:55:20 +0800] "GET /xingrg/all/function/internal_message.html?_=1638230119352&CODE_STATE=getMsg HTTP/1.1" 200 27
114.85.125.222 - - [30/Nov/2021:07:55:26 +0800] "GET /xingrg/check_reg.html?_=1638230093548 HTTP/1.1" 200 22
222.70.171.86 - - [30/Nov/2021:07:55:27 +0800] "GET /xingrg/all/function/internal_message.html?_=1638230130847&CODE_STATE=getMsg HTTP/1.1" 302 -
114.85.125.222 - - [30/Nov/2021:07:55:35 +0800] "GET /xingrg/all/function/internal_message.html?_=1638230102862&CODE_STATE=getMsg HTTP/1.1" 200 27
172.20.0.100 - - [30/Nov/2021:07:55:40 +0800] "GET /xingrg/check_reg.html?_=1638230139126 HTTP/1.1" 200 22
172.20.0.100 - - [30/Nov/2021:07:55:40 +0800] "GET /xingrg/all/function/internal_message.html?_=1638230139129&CODE_STATE=getMsg HTTP/1.1" 200 27
116.227.210.113 - - [30/Nov/2021:07:55:47 +0800] "GET /xingrg/all/function/internal_message.html?_=1638230145280&CODE_STATE=getMsg HTTP/1.1" 200 27
222.70.171.86 - - [30/Nov/2021:07:55:51 +0800] "GET /xingrg/check_reg.html?_=1638230156271 HTTP/1.1" 200 22
222.70.171.86 - - [30/Nov/2021:07:56:00 +0800] "GET /xingrg/all/function/internal_message.html?_=1638230164476&CODE_STATE=getMsg HTTP/1.1" 200 27
120.253.135.82 - - [30/Nov/2021:07:56:13 +0800] "GET /xingrg/all/function/internal_message.html?_=1638229949610&CODE_STATE=getMsg HTTP/1.1" 200 27
116.238.248.233 - - [30/Nov/2021:07:56:20 +0800] "GET /xingrg/all/function/internal_message.html?_=1638230179335&CODE_STATE=getMsg HTTP/1.1" 200 27
222.70.171.86 - - [30/Nov/2021:07:56:27 +0800] "GET /xingrg/all/function/internal_message.html?_=1638230190853&CODE_STATE=getMsg HTTP/1.1" 302 -
114.85.125.222 - - [30/Nov/2021:07:56:35 +0800] "GET /xingrg/all/function/internal_message.html?_=1638230162874&CODE_STATE=getMsg HTTP/1.1" 200 27
172.20.0.100 - - [30/Nov/2021:07:56:40 +0800] "GET /xingrg/all/function/internal_message.html?_=1638230199115&CODE_STATE=getMsg HTTP/1.1" 200 27
116.227.210.113 - - [30/Nov/2021:07:56:47 +0800] "GET /xingrg/all/function/internal_message.html?_=1638230205279&CODE_STATE=getMsg HTTP/1.1" 200 27
222.70.171.86 - - [30/Nov/2021:07:57:00 +0800] "GET /xingrg/all/function/internal_message.html?_=1638230224489&CODE_STATE=getMsg HTTP/1.1" 200 27
120.253.135.82 - - [30/Nov/2021:07:57:13 +0800] "GET /xingrg/all/function/internal_message.html?_=1638230009622&CODE_STATE=getMsg HTTP/1.1" 200 27
116.238.248.233 - - [30/Nov/2021:07:57:20 +0800] "GET /xingrg/all/function/internal_message.html?_=1638230239319&CODE_STATE=getMsg HTTP/1.1" 200 27
222.70.171.86 - - [30/Nov/2021:07:57:27 +0800] "GET /xingrg/all/function/internal_message.html?_=1638230250875&CODE_STATE=getMsg HTTP/1.1" 302 -
120.253.135.82 - - [30/Nov/2021:07:57:28 +0800] "POST /xingrg/kc/pszx/mdps_order_operate.html HTTP/1.1" 200 37
120.253.135.82 - - [30/Nov/2021:07:57:30 +0800] "GET /xingrg/kc/pszx/mdps_order_info.html?code=312021113000724 HTTP/1.1" 200 23931
120.253.135.82 - - [30/Nov/2021:07:57:30 +0800] "POST /xingrg/kc/pszx/mdps_order_operate.html HTTP/1.1" 200 24343
120.253.135.82 - - [30/Nov/2021:07:57:31 +0800] "GET /xingrg/javascript/easyui/themes/default/validatebox.css HTTP/1.1" 404 1104
114.85.125.222 - - [30/Nov/2021:07:57:35 +0800] "GET /xingrg/all/function/internal_message.html?_=1638230222895&CODE_STATE=getMsg HTTP/1.1" 200 27
172.20.0.100 - - [30/Nov/2021:07:57:40 +0800] "GET /xingrg/all/function/internal_message.html?_=1638230259118&CODE_STATE=getMsg HTTP/1.1" 200 27
116.227.210.113 - - [30/Nov/2021:07:57:47 +0800] "GET /xingrg/all/function/internal_message.html?_=1638230265274&CODE_STATE=getMsg HTTP/1.1" 200 27
120.253.135.82 - - [30/Nov/2021:07:57:58 +0800] "POST /xingrg/kc/pszx/mdps_order_operate.html HTTP/1.1" 200 37
120.253.135.82 - - [30/Nov/2021:07:57:59 +0800] "GET /xingrg/kc/pszx/mdps_order_info.html?code=312021113000724 HTTP/1.1" 200 23931
222.70.171.86 - - [30/Nov/2021:07:58:00 +0800] "GET /xingrg/all/function/internal_message.html?_=1638230284511&CODE_STATE=getMsg HTTP/1.1" 200 27
120.253.135.82 - - [30/Nov/2021:07:58:00 +0800] "GET /xingrg/javascript/easyui/themes/default/validatebox.css HTTP/1.1" 404 1104
120.253.135.82 - - [30/Nov/2021:07:58:00 +0800] "POST /xingrg/kc/pszx/mdps_order_operate.html HTTP/1.1" 200 24343
120.253.135.82 - - [30/Nov/2021:07:58:05 +0800] "POST /xingrg/kc/pszx/mdps_list_operate.html HTTP/1.1" 200 2439
120.253.135.82 - - [30/Nov/2021:07:58:07 +0800] "POST /xingrg/kc/pszx/mdps_list_operate.html HTTP/1.1" 200 634
120.253.135.82 - - [30/Nov/2021:07:58:08 +0800] "POST /xingrg/kc/pszx/mdps_list_operate.html HTTP/1.1" 200 593
120.253.135.82 - - [30/Nov/2021:07:58:09 +0800] "POST /xingrg/kc/pszx/mdps_list_operate.html HTTP/1.1" 200 205
120.253.135.82 - - [30/Nov/2021:07:58:10 +0800] "GET /xingrg/check_reg.html?_=1638230066158 HTTP/1.1" 200 22
120.253.135.82 - - [30/Nov/2021:07:58:14 +0800] "GET /xingrg/all/function/internal_message.html?_=1638230069637&CODE_STATE=getMsg HTTP/1.1" 200 27
116.238.248.233 - - [30/Nov/2021:07:58:20 +0800] "GET /xingrg/all/function/internal_message.html?_=1638230299321&CODE_STATE=getMsg HTTP/1.1" 200 27
222.70.171.86 - - [30/Nov/2021:07:58:27 +0800] "GET /xingrg/all/function/internal_message.html?_=1638230310880&CODE_STATE=getMsg HTTP/1.1" 302 -
114.85.125.222 - - [30/Nov/2021:07:58:35 +0800] "GET /xingrg/all/function/internal_message.html?_=1638230282901&CODE_STATE=getMsg HTTP/1.1" 200 27
116.238.248.233 - - [30/Nov/2021:07:58:38 +0800] "GET /xingrg/check_reg.html?_=1638230317699 HTTP/1.1" 200 22
172.20.0.100 - - [30/Nov/2021:07:58:40 +0800] "GET /xingrg/all/function/internal_message.html?_=1638230319128&CODE_STATE=getMsg HTTP/1.1" 200 27
116.227.210.113 - - [30/Nov/2021:07:58:47 +0800] "GET /xingrg/all/function/internal_message.html?_=1638230325278&CODE_STATE=getMsg HTTP/1.1" 200 27
222.70.171.86 - - [30/Nov/2021:07:59:00 +0800] "GET /xingrg/all/function/internal_message.html?_=1638230344516&CODE_STATE=getMsg HTTP/1.1" 200 27
120.253.135.82 - - [30/Nov/2021:07:59:13 +0800] "GET /xingrg/kc/report/report_main.html HTTP/1.1" 200 8599
120.253.135.82 - - [30/Nov/2021:07:59:14 +0800] "GET /xingrg/all/function/internal_message.html?_=1638230129650&CODE_STATE=getMsg HTTP/1.1" 200 27
120.253.135.82 - - [30/Nov/2021:07:59:14 +0800] "GET /xingrg/kc/base/kc_stocks.html HTTP/1.1" 200 16437
120.253.135.82 - - [30/Nov/2021:07:59:14 +0800] "GET /xingrg/javascript/easyui/themes/default/tree.css HTTP/1.1" 404 1090
120.253.135.82 - - [30/Nov/2021:07:59:14 +0800] "POST /xingrg/all/common/load_tree.html?tree=materiel_sort_tree_json HTTP/1.1" 200 9388
120.253.135.82 - - [30/Nov/2021:07:59:15 +0800] "POST /xingrg/all/common/load_combo.html?type=base HTTP/1.1" 200 1075
116.238.248.233 - - [30/Nov/2021:07:59:20 +0800] "GET /xingrg/all/function/internal_message.html?_=1638230359307&CODE_STATE=getMsg HTTP/1.1" 200 27
222.70.171.86 - - [30/Nov/2021:07:59:27 +0800] "GET /xingrg/all/function/internal_message.html?_=1638230370903&CODE_STATE=getMsg HTTP/1.1" 302 -
120.253.135.82 - - [30/Nov/2021:07:59:29 +0800] "POST /xingrg/kc/base/stock_operate.html HTTP/1.1" 200 1464
114.85.125.222 - - [30/Nov/2021:07:59:35 +0800] "GET /xingrg/all/function/internal_message.html?_=1638230342922&CODE_STATE=getMsg HTTP/1.1" 200 27
172.20.0.100 - - [30/Nov/2021:07:59:40 +0800] "GET /xingrg/all/function/internal_message.html?_=1638230379118&CODE_STATE=getMsg HTTP/1.1" 200 27
116.227.210.113 - - [30/Nov/2021:07:59:47 +0800] "GET /xingrg/all/function/internal_message.html?_=1638230385280&CODE_STATE=getMsg HTTP/1.1" 200 27
116.227.210.113 - - [30/Nov/2021:07:59:47 +0800] "GET /xingrg/check_reg.html?_=1638230385283 HTTP/1.1" 200 22
222.70.171.86 - - [30/Nov/2021:08:00:00 +0800] "GET /xingrg/all/function/internal_message.html?_=1638230404538&CODE_STATE=getMsg HTTP/1.1" 200 27
120.253.135.82 - - [30/Nov/2021:08:00:14 +0800] "GET /xingrg/all/function/internal_message.html?_=1638230189664&CODE_STATE=getMsg HTTP/1.1" 200 27
222.70.171.86 - - [30/Nov/2021:08:00:16 +0800] "GET /xingrg/check_reg.html?_=1638230419822 HTTP/1.1" 302 -
116.238.248.233 - - [30/Nov/2021:08:00:20 +0800] "GET /xingrg/all/function/internal_message.html?_=1638230419301&CODE_STATE=getMsg HTTP/1.1" 200 27
114.85.125.222 - - [30/Nov/2021:08:00:26 +0800] "GET /xingrg/check_reg.html?_=1638230393553 HTTP/1.1" 200 22
222.70.171.86 - - [30/Nov/2021:08:00:27 +0800] "GET /xingrg/all/function/internal_message.html?_=1638230430907&CODE_STATE=getMsg HTTP/1.1" 302 -
120.253.135.82 - - [30/Nov/2021:08:00:31 +0800] "POST /xingrg/kc/base/stock_operate.html HTTP/1.1" 200 1474
114.85.125.222 - - [30/Nov/2021:08:00:35 +0800] "GET /xingrg/all/function/internal_message.html?_=1638230402929&CODE_STATE=getMsg HTTP/1.1" 200 27
172.20.0.100 - - [30/Nov/2021:08:00:40 +0800] "GET /xingrg/all/function/internal_message.html?_=1638230439124&CODE_STATE=getMsg HTTP/1.1" 200 27
172.20.0.100 - - [30/Nov/2021:08:00:40 +0800] "GET /xingrg/check_reg.html?_=1638230439129 HTTP/1.1" 200 22
116.227.210.113 - - [30/Nov/2021:08:00:47 +0800] "GET /xingrg/all/function/internal_message.html?_=1638230445283&CODE_STATE=getMsg HTTP/1.1" 200 27
120.253.135.82 - - [30/Nov/2021:08:00:49 +0800] "POST /xingrg/kc/base/stock_operate.html HTTP/1.1" 200 1718
222.70.171.86 - - [30/Nov/2021:08:00:51 +0800] "GET /xingrg/check_reg.html?_=1638230456282 HTTP/1.1" 200 22
222.70.171.86 - - [30/Nov/2021:08:01:00 +0800] "GET /xingrg/all/function/internal_message.html?_=1638230464544&CODE_STATE=getMsg HTTP/1.1" 200 27
120.253.135.82 - - [30/Nov/2021:08:01:14 +0800] "GET /xingrg/all/function/internal_message.html?_=1638230249962&CODE_STATE=getMsg HTTP/1.1" 200 27
120.253.135.82 - - [30/Nov/2021:08:01:15 +0800] "POST /xingrg/kc/base/stock_operate.html HTTP/1.1" 200 1457
116.238.248.233 - - [30/Nov/2021:08:01:20 +0800] "GET /xingrg/all/function/internal_message.html?_=1638230479284&CODE_STATE=getMsg HTTP/1.1" 200 27
120.253.135.82 - - [30/Nov/2021:08:01:24 +0800] "POST /xingrg/kc/base/stock_operate.html HTTP/1.1" 200 1465
222.70.171.86 - - [30/Nov/2021:08:01:27 +0800] "GET /xingrg/all/function/internal_message.html?_=1638230490930&CODE_STATE=getMsg HTTP/1.1" 302 -
120.253.135.82 - - [30/Nov/2021:08:01:30 +0800] "POST /xingrg/kc/base/stock_operate.html HTTP/1.1" 200 1466
114.85.125.222 - - [30/Nov/2021:08:01:35 +0800] "GET /xingrg/all/function/internal_message.html?_=1638230462943&CODE_STATE=getMsg HTTP/1.1" 200 27
172.20.0.100 - - [30/Nov/2021:08:01:40 +0800] "GET /xingrg/all/function/internal_message.html?_=1638230499114&CODE_STATE=getMsg HTTP/1.1" 200 27
116.227.210.113 - - [30/Nov/2021:08:01:47 +0800] "GET /xingrg/all/function/internal_message.html?_=1638230505276&CODE_STATE=getMsg HTTP/1.1" 200 27
120.253.135.82 - - [30/Nov/2021:08:01:55 +0800] "POST /xingrg/kc/base/stock_operate.html HTTP/1.1" 200 1470
222.70.171.86 - - [30/Nov/2021:08:02:00 +0800] "GET /xingrg/all/function/internal_message.html?_=1638230524557&CODE_STATE=getMsg HTTP/1.1" 200 27
120.253.135.82 - - [30/Nov/2021:08:02:01 +0800] "POST /xingrg/kc/base/stock_operate.html HTTP/1.1" 200 1471
120.253.135.82 - - [30/Nov/2021:08:02:14 +0800] "GET /xingrg/all/function/internal_message.html?_=1638230309971&CODE_STATE=getMsg HTTP/1.1" 200 27
116.238.248.233 - - [30/Nov/2021:08:02:20 +0800] "GET /xingrg/all/function/internal_message.html?_=1638230539269&CODE_STATE=getMsg HTTP/1.1" 200 27
222.70.171.86 - - [30/Nov/2021:08:02:27 +0800] "GET /xingrg/all/function/internal_message.html?_=1638230550934&CODE_STATE=getMsg HTTP/1.1" 302 -
114.85.125.222 - - [30/Nov/2021:08:02:35 +0800] "GET /xingrg/all/function/internal_message.html?_=1638230522963&CODE_STATE=getMsg HTTP/1.1" 200 27
172.20.0.100 - - [30/Nov/2021:08:02:40 +0800] "GET /xingrg/all/function/internal_message.html?_=1638230559120&CODE_STATE=getMsg HTTP/1.1" 200 27
116.227.210.113 - - [30/Nov/2021:08:02:47 +0800] "GET /xingrg/all/function/internal_message.html?_=1638230565275&CODE_STATE=getMsg HTTP/1.1" 200 27
222.70.171.86 - - [30/Nov/2021:08:03:00 +0800] "GET /xingrg/all/function/internal_message.html?_=1638230584580&CODE_STATE=getMsg HTTP/1.1" 200 27
120.253.135.82 - - [30/Nov/2021:08:03:10 +0800] "GET /xingrg/check_reg.html?_=1638230366386 HTTP/1.1" 200 22
120.253.135.82 - - [30/Nov/2021:08:03:14 +0800] "GET /xingrg/all/function/internal_message.html?_=1638230370033&CODE_STATE=getMsg HTTP/1.1" 200 27
116.238.248.233 - - [30/Nov/2021:08:03:20 +0800] "GET /xingrg/all/function/internal_message.html?_=1638230599269&CODE_STATE=getMsg HTTP/1.1" 200 27
222.70.171.86 - - [30/Nov/2021:08:03:27 +0800] "GET /xingrg/all/function/internal_message.html?_=1638230610957&CODE_STATE=getMsg HTTP/1.1" 302 -
180.174.250.202 - - [30/Nov/2021:08:03:28 +0800] "GET /favicon.ico HTTP/1.1" 404 -
180.174.250.202 - - [30/Nov/2021:08:03:28 +0800] "GET /favicon.ico HTTP/1.1" 404 -
180.174.250.202 - - [30/Nov/2021:08:03:29 +0800] "GET /favicon.ico HTTP/1.1" 404 -
180.174.250.202 - - [30/Nov/2021:08:03:31 +0800] "GET /xingrg/login.html HTTP/1.1" 200 7641
180.174.250.202 - - [30/Nov/2021:08:03:32 +0800] "GET /xingrg/images/blue/jxLogo.png HTTP/1.1" 304 -
180.174.250.202 - - [30/Nov/2021:08:03:32 +0800] "GET /xingrg/images/blue/login_bg.png HTTP/1.1" 304 -
180.174.250.202 - - [30/Nov/2021:08:03:32 +0800] "GET /xingrg/images/blue/srbg.png HTTP/1.1" 304 -
180.174.250.202 - - [30/Nov/2021:08:03:32 +0800] "GET /xingrg/images/blue/hj.png HTTP/1.1" 304 -
180.174.250.202 - - [30/Nov/2021:08:03:33 +0800] "GET /favicon.ico HTTP/1.1" 404 -
114.85.125.222 - - [30/Nov/2021:08:03:35 +0800] "GET /xingrg/all/function/internal_message.html?_=1638230582970&CODE_STATE=getMsg HTTP/1.1" 200 27
180.174.250.202 - - [30/Nov/2021:08:03:36 +0800] "POST /xingrg/login.do HTTP/1.1" 302 -
180.174.250.202 - - [30/Nov/2021:08:03:36 +0800] "GET /xingrg/index.html?sysBaseUrl=http%3A%2F%2F180.169.147.146%3A18081%2Fxingrg%2F&costTime=98×tamp=1638230616720 HTTP/1.1" 200 17173
180.174.250.202 - - [30/Nov/2021:08:03:36 +0800] "GET /xingrg/javascript/jquery_easy_ui/themes/icon.css HTTP/1.1" 304 -
180.174.250.202 - - [30/Nov/2021:08:03:36 +0800] "GET /xingrg/javascript/jquery_easy_ui/themes/default/easyui.css HTTP/1.1" 304 -
180.174.250.202 - - [30/Nov/2021:08:03:36 +0800] "GET /xingrg/javascript/jquery-1.4.2.min.js HTTP/1.1" 304 -
180.174.250.202 - - [30/Nov/2021:08:03:36 +0800] "GET /xingrg/css/form.css HTTP/1.1" 304 -
180.174.250.202 - - [30/Nov/2021:08:03:36 +0800] "GET /xingrg/javascript/jquery_easy_ui/jquery.easyui.min.js HTTP/1.1" 304 -
180.174.250.202 - - [30/Nov/2021:08:03:36 +0800] "GET /xingrg/javascript/jquery.utils.js HTTP/1.1" 304 -
180.174.250.202 - - [30/Nov/2021:08:03:36 +0800] "GET /xingrg/javascript/jquery.timers.js HTTP/1.1" 304 -
180.174.250.202 - - [30/Nov/2021:08:03:36 +0800] "GET /xingrg/javascript/jquery_easy_ui/easyui-lang-zh_CN.js HTTP/1.1" 304 -
180.174.250.202 - - [30/Nov/2021:08:03:36 +0800] "GET /xingrg/javascript/jquery.form.js HTTP/1.1" 304 -
180.174.250.202 - - [30/Nov/2021:08:03:37 +0800] "GET /xingrg/images/blue/navBackgound.jpg HTTP/1.1" 304 -
180.174.250.202 - - [30/Nov/2021:08:03:37 +0800] "GET /xingrg/javascript/jquery_easy_ui/themes/icons/settle_new.png HTTP/1.1" 304 -
180.174.250.202 - - [30/Nov/2021:08:03:37 +0800] "GET /xingrg/images/blue/pingpu.png HTTP/1.1" 304 -
180.174.250.202 - - [30/Nov/2021:08:03:37 +0800] "POST /xingrg/all/common/load_tree.html?tree=area_rest_tree_json&manage=1 HTTP/1.1" 200 342
180.174.250.202 - - [30/Nov/2021:08:03:37 +0800] "GET /xingrg/javascript/jquery_easy_ui/themes/default/images/tabs_leftarrow.png HTTP/1.1" 304 -
180.174.250.202 - - [30/Nov/2021:08:03:37 +0800] "GET /xingrg/javascript/jquery_easy_ui/themes/default/images/tabs_rightarrow.png HTTP/1.1" 304 -
180.174.250.202 - - [30/Nov/2021:08:03:37 +0800] "GET /xingrg/javascript/jquery_easy_ui/themes/default/images/panel_tool_collapse.gif HTTP/1.1" 304 -
180.174.250.202 - - [30/Nov/2021:08:03:38 +0800] "GET /xingrg/all/function/internal_message.html?_=1638230613749&CODE_STATE=count HTTP/1.1" 200 11
180.174.250.202 - - [30/Nov/2021:08:03:38 +0800] "GET /xingrg/check_reg.html?_=1638230613750 HTTP/1.1" 200 22
180.174.250.202 - - [30/Nov/2021:08:03:38 +0800] "POST /xingrg/load_menu.html HTTP/1.1" 200 5138
180.174.250.202 - - [30/Nov/2021:08:03:38 +0800] "GET /xingrg/javascript/jquery_easy_ui/themes/default/images/tree_arrows.gif HTTP/1.1" 304 -
180.174.250.202 - - [30/Nov/2021:08:03:38 +0800] "GET /favicon.ico HTTP/1.1" 404 -
180.174.250.202 - - [30/Nov/2021:08:03:38 +0800] "GET /xingrg/javascript/jquery_easy_ui/themes/default/images/tree_folder_open.gif HTTP/1.1" 304 -
180.174.250.202 - - [30/Nov/2021:08:03:38 +0800] "GET /xingrg/javascript/jquery_easy_ui/themes/icons/search_new.png HTTP/1.1" 304 -
180.174.250.202 - - [30/Nov/2021:08:03:38 +0800] "GET /xingrg/javascript/jquery_easy_ui/themes/default/images/tree_folder.gif HTTP/1.1" 304 -
180.174.250.202 - - [30/Nov/2021:08:03:38 +0800] "GET /xingrg/javascript/jquery_easy_ui/themes/icons/storage_new.png HTTP/1.1" 304 -
180.174.250.202 - - [30/Nov/2021:08:03:38 +0800] "GET /xingrg/javascript/jquery_easy_ui/themes/icons/forms_new.png HTTP/1.1" 304 -
180.174.250.202 - - [30/Nov/2021:08:03:38 +0800] "GET /xingrg/javascript/jquery_easy_ui/themes/default/images/tree_file.gif HTTP/1.1" 304 -
116.238.248.233 - - [30/Nov/2021:08:03:38 +0800] "GET /xingrg/check_reg.html?_=1638230617725 HTTP/1.1" 200 22
172.20.0.100 - - [30/Nov/2021:08:03:40 +0800] "GET /xingrg/all/function/internal_message.html?_=1638230619126&CODE_STATE=getMsg HTTP/1.1" 200 27
180.174.250.202 - - [30/Nov/2021:08:03:42 +0800] "GET /xingrg/javascript/jquery_easy_ui/themes/default/images/tabs_close.gif HTTP/1.1" 304 -
180.174.250.202 - - [30/Nov/2021:08:03:42 +0800] "GET /xingrg/css/site.css HTTP/1.1" 304 -
180.174.250.202 - - [30/Nov/2021:08:03:42 +0800] "GET /xingrg/css/base.css HTTP/1.1" 304 -
180.174.250.202 - - [30/Nov/2021:08:03:42 +0800] "GET /xingrg/javascript/jquery_tools/datebox.css HTTP/1.1" 304 -
180.174.250.202 - - [30/Nov/2021:08:03:42 +0800] "GET /xingrg/javascript/easyui/themes/default/easyui.css HTTP/1.1" 304 -
180.174.250.202 - - [30/Nov/2021:08:03:42 +0800] "GET /xingrg/javascript/jquery_tools/fix.css HTTP/1.1" 304 -
180.174.250.202 - - [30/Nov/2021:08:03:42 +0800] "GET /xingrg/javascript/auto/jquery.autocomplete.css HTTP/1.1" 304 -
180.174.250.202 - - [30/Nov/2021:08:03:42 +0800] "GET /xingrg/javascript/easyui/themes/icon.css HTTP/1.1" 304 -
180.174.250.202 - - [30/Nov/2021:08:03:42 +0800] "GET /xingrg/javascript/jquery_tools/table.css HTTP/1.1" 304 -
180.174.250.202 - - [30/Nov/2021:08:03:42 +0800] "GET /xingrg/javascript/jquery_tools/jquery.tools.min.js HTTP/1.1" 304 -
