114.85.125.222 - - [30/Nov/2021:10:18:55 +0800] "GET /xingrg/javascript/jquery.utils.js HTTP/1.1" 304 -
114.85.125.222 - - [30/Nov/2021:10:18:55 +0800] "GET /xingrg/javascript/jquery_easy_ui/themes/icons/settle_new.png HTTP/1.1" 304 -
114.85.125.222 - - [30/Nov/2021:10:18:55 +0800] "GET /favicon.ico HTTP/1.1" 404 -
114.85.125.222 - - [30/Nov/2021:10:18:55 +0800] "GET /xingrg/images/blue/navBackgound.jpg HTTP/1.1" 304 -
114.85.125.222 - - [30/Nov/2021:10:18:55 +0800] "GET /xingrg/images/blue/pingpu.png HTTP/1.1" 304 -
114.85.125.222 - - [30/Nov/2021:10:18:55 +0800] "GET /xingrg/javascript/jquery_easy_ui/themes/default/images/tabs_leftarrow.png HTTP/1.1" 304 -
114.85.125.222 - - [30/Nov/2021:10:18:55 +0800] "GET /xingrg/javascript/jquery_easy_ui/themes/default/images/tabs_rightarrow.png HTTP/1.1" 304 -
114.85.125.222 - - [30/Nov/2021:10:18:55 +0800] "POST /xingrg/all/common/load_tree.html?tree=area_rest_tree_json&manage=1 HTTP/1.1" 200 476
114.85.125.222 - - [30/Nov/2021:10:18:55 +0800] "GET /xingrg/javascript/jquery_easy_ui/themes/default/images/panel_tool_collapse.gif HTTP/1.1" 304 -
114.85.125.222 - - [30/Nov/2021:10:18:55 +0800] "GET /xingrg/all/function/internal_message.html?_=1638238702486&CODE_STATE=count HTTP/1.1" 200 11
114.85.125.222 - - [30/Nov/2021:10:18:55 +0800] "GET /xingrg/check_reg.html?_=1638238702487 HTTP/1.1" 200 22
114.85.125.222 - - [30/Nov/2021:10:18:55 +0800] "POST /xingrg/load_menu.html HTTP/1.1" 200 5138
114.85.125.222 - - [30/Nov/2021:10:18:55 +0800] "GET /xingrg/javascript/jquery_easy_ui/themes/default/images/tree_arrows.gif HTTP/1.1" 304 -
114.85.125.222 - - [30/Nov/2021:10:18:55 +0800] "GET /xingrg/javascript/jquery_easy_ui/themes/default/images/tree_folder_open.gif HTTP/1.1" 304 -
114.85.125.222 - - [30/Nov/2021:10:18:55 +0800] "GET /xingrg/javascript/jquery_easy_ui/themes/icons/search_new.png HTTP/1.1" 304 -
114.85.125.222 - - [30/Nov/2021:10:18:55 +0800] "GET /xingrg/javascript/jquery_easy_ui/themes/default/images/tree_folder.gif HTTP/1.1" 304 -
114.85.125.222 - - [30/Nov/2021:10:18:55 +0800] "GET /xingrg/javascript/jquery_easy_ui/themes/icons/storage_new.png HTTP/1.1" 304 -
114.85.125.222 - - [30/Nov/2021:10:18:55 +0800] "GET /xingrg/javascript/jquery_easy_ui/themes/icons/forms_new.png HTTP/1.1" 304 -
114.85.125.222 - - [30/Nov/2021:10:18:55 +0800] "GET /xingrg/javascript/jquery_easy_ui/themes/default/images/tree_file.gif HTTP/1.1" 304 -
58.40.7.146 - - [30/Nov/2021:10:18:56 +0800] "POST /xingrg/kc/base/check_list_operate.html HTTP/1.1" 200 5601
116.238.248.233 - - [30/Nov/2021:10:18:57 +0800] "POST /xingrg/kc/buy/cgsh_list_operate.html HTTP/1.1" 200 5573
114.85.125.222 - - [30/Nov/2021:10:18:58 +0800] "GET /xingrg/javascript/jquery_easy_ui/themes/default/images/tabs_close.gif HTTP/1.1" 304 -
114.85.125.222 - - [30/Nov/2021:10:18:58 +0800] "GET /xingrg/kc/base/wldb_order_list.html HTTP/1.1" 200 19230
114.85.125.222 - - [30/Nov/2021:10:18:58 +0800] "GET /xingrg/css/base.css HTTP/1.1" 304 -
114.85.125.222 - - [30/Nov/2021:10:18:58 +0800] "GET /xingrg/javascript/easyui/themes/default/easyui.css HTTP/1.1" 304 -
114.85.125.222 - - [30/Nov/2021:10:18:58 +0800] "GET /xingrg/javascript/jquery_tools/fix.css HTTP/1.1" 304 -
114.85.125.222 - - [30/Nov/2021:10:18:58 +0800] "GET /xingrg/javascript/jquery_tools/table.css HTTP/1.1" 304 -
114.85.125.222 - - [30/Nov/2021:10:18:58 +0800] "GET /xingrg/javascript/auto/jquery.autocomplete.css HTTP/1.1" 304 -
114.85.125.222 - - [30/Nov/2021:10:18:58 +0800] "GET /xingrg/javascript/jquery_tools/datebox.css HTTP/1.1" 304 -
114.85.125.222 - - [30/Nov/2021:10:18:58 +0800] "GET /xingrg/css/site.css HTTP/1.1" 304 -
114.85.125.222 - - [30/Nov/2021:10:18:58 +0800] "GET /xingrg/javascript/easyui/themes/icon.css HTTP/1.1" 304 -
114.85.125.222 - - [30/Nov/2021:10:18:58 +0800] "GET /xingrg/javascript/jquery_tools/jquery.tools.extend.js HTTP/1.1" 304 -
114.85.125.222 - - [30/Nov/2021:10:18:58 +0800] "GET /xingrg/javascript/jquery_tools/jquery.tools.table.js HTTP/1.1" 304 -
114.85.125.222 - - [30/Nov/2021:10:18:58 +0800] "GET /xingrg/javascript/jquery_tools/jquery.tools.min.js HTTP/1.1" 304 -
114.85.125.222 - - [30/Nov/2021:10:18:58 +0800] "GET /xingrg/javascript/jquery.cookie.js HTTP/1.1" 304 -
114.85.125.222 - - [30/Nov/2021:10:18:58 +0800] "GET /xingrg/javascript/jquery_tools/list_manager.js HTTP/1.1" 304 -
114.85.125.222 - - [30/Nov/2021:10:18:58 +0800] "GET /xingrg/javascript/auto/jquery.autocomplete.js HTTP/1.1" 304 -
114.85.125.222 - - [30/Nov/2021:10:18:58 +0800] "GET /xingrg/javascript/jquery_tools/jquery.tools.hotkey.js HTTP/1.1" 304 -
114.85.125.222 - - [30/Nov/2021:10:18:58 +0800] "GET /xingrg/javascript/print/LodopFuncs.js HTTP/1.1" 304 -
114.85.125.222 - - [30/Nov/2021:10:18:58 +0800] "GET /xingrg/javascript/easyui/easyloader.js HTTP/1.1" 304 -
114.85.125.222 - - [30/Nov/2021:10:18:58 +0800] "GET /xingrg/javascript/easyui/themes/icons/edit_add_new.png HTTP/1.1" 304 -
114.85.125.222 - - [30/Nov/2021:10:18:58 +0800] "GET /xingrg/javascript/easyui/themes/icons/cance_new.png HTTP/1.1" 304 -
114.85.125.222 - - [30/Nov/2021:10:18:58 +0800] "GET /xingrg/javascript/easyui/themes/icons/check_new.png HTTP/1.1" 304 -
114.85.125.222 - - [30/Nov/2021:10:18:58 +0800] "GET /xingrg/javascript/easyui/themes/icons/field_new.png HTTP/1.1" 304 -
114.85.125.222 - - [30/Nov/2021:10:18:58 +0800] "GET /xingrg/javascript/easyui/themes/icons/import_new.png HTTP/1.1" 304 -
114.85.125.222 - - [30/Nov/2021:10:18:58 +0800] "GET /xingrg/javascript/jquery_easy_ui/themes/icons/area.png HTTP/1.1" 304 -
114.85.125.222 - - [30/Nov/2021:10:18:58 +0800] "GET /xingrg/javascript/jquery_easy_ui/themes/icons/rest.png HTTP/1.1" 304 -
114.85.125.222 - - [30/Nov/2021:10:18:58 +0800] "GET /xingrg/javascript/easyui/plugins/jquery.parser.js HTTP/1.1" 304 -
114.85.125.222 - - [30/Nov/2021:10:18:58 +0800] "GET /xingrg/images/control/ajaxLoader.gif HTTP/1.1" 304 -
114.85.125.222 - - [30/Nov/2021:10:18:59 +0800] "POST /xingrg/kc/base/wldb_list_operate.html HTTP/1.1" 200 928
180.174.250.202 - - [30/Nov/2021:10:19:00 +0800] "GET /xingrg/all/function/internal_message.html?_=1638238736160&CODE_STATE=getMsg HTTP/1.1" 200 27
114.85.125.222 - - [30/Nov/2021:10:19:01 +0800] "GET /xingrg/javascript/easyui/themes/default/images/button_plain_hover.png HTTP/1.1" 304 -
222.70.171.86 - - [30/Nov/2021:10:19:02 +0800] "GET /xingrg/all/function/internal_message.html?_=1638238747135&CODE_STATE=getMsg HTTP/1.1" 200 27
222.69.132.164 - - [30/Nov/2021:10:19:03 +0800] "GET /xingrg/kc/buy/cgsh_order_operate.html?command=get_materiel&rest_code=00154&code=00101006252&supplier_code=00100501&order_time=2021-11-30 HTTP/1.1" 200 394
114.85.125.222 - - [30/Nov/2021:10:19:03 +0800] "GET /xingrg/javascript/pic_change.js HTTP/1.1" 304 -
114.85.125.222 - - [30/Nov/2021:10:19:03 +0800] "GET /xingrg/javascript/jquery_tools/order_manager.js HTTP/1.1" 304 -
114.85.125.222 - - [30/Nov/2021:10:19:03 +0800] "GET /xingrg/javascript/convert.js HTTP/1.1" 304 -
114.85.125.222 - - [30/Nov/2021:10:19:03 +0800] "GET /xingrg/javascript/json2.js HTTP/1.1" 304 -
114.85.125.222 - - [30/Nov/2021:10:19:03 +0800] "GET /xingrg/javascript/print/kc_print.js HTTP/1.1" 304 -
114.85.125.222 - - [30/Nov/2021:10:19:03 +0800] "GET /xingrg/kc/base/wldb_order_add.html HTTP/1.1" 200 30452
114.85.125.222 - - [30/Nov/2021:10:19:03 +0800] "GET /xingrg/words/20211129181953_words.js HTTP/1.1" 304 -
114.85.125.222 - - [30/Nov/2021:10:19:04 +0800] "GET /xingrg/javascript/easyui/themes/icons/template_new.png HTTP/1.1" 304 -
114.85.125.222 - - [30/Nov/2021:10:19:04 +0800] "GET /xingrg/javascript/easyui/themes/icons/ok.png HTTP/1.1" 304 -
114.85.125.222 - - [30/Nov/2021:10:19:04 +0800] "GET /xingrg/javascript/easyui/themes/icons/print.png HTTP/1.1" 304 -
114.85.125.222 - - [30/Nov/2021:10:19:04 +0800] "GET /xingrg/javascript/easyui/themes/default/images/menu_downarrow.png HTTP/1.1" 304 -
114.85.125.222 - - [30/Nov/2021:10:19:04 +0800] "GET /xingrg/javascript/easyui/themes/icons/cancel.png HTTP/1.1" 304 -
114.85.125.222 - - [30/Nov/2021:10:19:04 +0800] "POST /xingrg/kc/base/wldb_order_operate.html HTTP/1.1" 200 6806
114.85.125.222 - - [30/Nov/2021:10:19:04 +0800] "GET /xingrg/javascript/easyui/themes/icons/edit_remove.png HTTP/1.1" 304 -
114.85.125.222 - - [30/Nov/2021:10:19:04 +0800] "GET /xingrg/all/common/auto_word.html?type=base&rest_code=00150 HTTP/1.1" 200 1649
114.85.125.222 - - [30/Nov/2021:10:19:04 +0800] "GET /xingrg/all/common/auto_word.html?type=base&rest_code=00150 HTTP/1.1" 200 1649
114.93.37.108 - - [30/Nov/2021:10:19:04 +0800] "GET /xingrg/all/function/internal_message.html?_=1638238740892&CODE_STATE=getMsg HTTP/1.1" 200 27
114.85.125.222 - - [30/Nov/2021:10:19:04 +0800] "GET /xingrg/javascript/easyui/themes/default/validatebox.css HTTP/1.1" 404 1104
114.85.125.222 - - [30/Nov/2021:10:19:04 +0800] "GET /xingrg/javascript/easyui/plugins/jquery.validatebox.js HTTP/1.1" 304 -
114.85.125.222 - - [30/Nov/2021:10:19:04 +0800] "GET /xingrg/javascript/easyui/plugins/jquery.numberbox.js HTTP/1.1" 304 -
114.85.125.222 - - [30/Nov/2021:10:19:05 +0800] "GET /xingrg/css/images/panel_loading.gif HTTP/1.1" 304 -
114.85.125.222 - - [30/Nov/2021:10:19:05 +0800] "POST /xingrg/all/common/load_combo.html?type=base HTTP/1.1" 200 2963
114.85.125.222 - - [30/Nov/2021:10:19:07 +0800] "GET /xingrg/javascript/auto/indicator.gif HTTP/1.1" 404 1066
116.238.248.233 - - [30/Nov/2021:10:19:10 +0800] "GET /xingrg/all/function/internal_message.html?_=1638238749684&CODE_STATE=getMsg HTTP/1.1" 200 27
114.85.125.222 - - [30/Nov/2021:10:19:13 +0800] "GET /xingrg/kc/base/wldb_order_operate.html?command=get_materiel&rest_code=00150&base_code=0010445&code=00101013162 HTTP/1.1" 200 434
180.162.112.229 - - [30/Nov/2021:10:19:14 +0800] "GET /xingrg/all/function/internal_message.html?_=1638238217633&CODE_STATE=getMsg HTTP/1.1" 200 27
116.235.94.0 - - [30/Nov/2021:10:19:15 +0800] "GET /xingrg/all/function/internal_message.html?_=1638238873785&CODE_STATE=getMsg HTTP/1.1" 200 27
116.227.210.113 - - [30/Nov/2021:10:19:19 +0800] "GET /xingrg/all/function/internal_message.html?_=1638238758761&CODE_STATE=getMsg HTTP/1.1" 200 27
222.70.176.97 - - [30/Nov/2021:10:19:21 +0800] "GET /xingrg/all/function/internal_message.html?_=1638238760089&CODE_STATE=getMsg HTTP/1.1" 200 27
114.85.125.222 - - [30/Nov/2021:10:19:24 +0800] "GET /xingrg/kc/base/wldb_order_operate.html?command=get_materiel&rest_code=00150&base_code=0010445&code=00101019391 HTTP/1.1" 200 470
58.40.7.146 - - [30/Nov/2021:10:19:25 +0800] "GET /xingrg/kc/base/check_order_add.html HTTP/1.1" 200 26107
58.40.7.146 - - [30/Nov/2021:10:19:25 +0800] "GET /xingrg/dwr/interface/AjaxComOrderService.js HTTP/1.1" 200 18264
58.40.7.146 - - [30/Nov/2021:10:19:25 +0800] "GET /xingrg/dwr/interface/AjaxCheckService.js HTTP/1.1" 200 14003
58.40.7.146 - - [30/Nov/2021:10:19:25 +0800] "GET /xingrg/dwr/engine.js HTTP/1.1" 200 43631
114.86.224.129 - - [30/Nov/2021:10:19:28 +0800] "GET /xingrg/all/function/internal_message.html?_=1638238767886&CODE_STATE=getMsg HTTP/1.1" 200 27
222.70.171.86 - - [30/Nov/2021:10:19:28 +0800] "GET /xingrg/all/function/internal_message.html?_=1638238772805&CODE_STATE=getMsg HTTP/1.1" 302 -
58.40.7.146 - - [30/Nov/2021:10:19:30 +0800] "POST /xingrg/dwr/call/plaincall/AjaxCheckService.saveOrder.dwr HTTP/1.1" 200 78
58.39.139.200 - - [30/Nov/2021:10:19:30 +0800] "GET /xingrg/check_reg.html?_=1638238769811 HTTP/1.1" 200 22
58.39.139.200 - - [30/Nov/2021:10:19:30 +0800] "GET /xingrg/all/function/internal_message.html?_=1638238769814&CODE_STATE=getMsg HTTP/1.1" 200 27
114.85.125.222 - - [30/Nov/2021:10:19:31 +0800] "GET /xingrg/kc/base/wldb_order_operate.html?command=get_materiel&rest_code=00150&base_code=0010445&code=00101016076 HTTP/1.1" 200 477
58.40.7.146 - - [30/Nov/2021:10:19:32 +0800] "POST /xingrg/dwr/call/plaincall/AjaxCheckService.loadOrderItems.dwr HTTP/1.1" 200 367
116.228.172.94 - - [30/Nov/2021:10:19:32 +0800] "GET /xingrg/all/function/internal_message.html?_=1638238645803&CODE_STATE=getMsg HTTP/1.1" 200 27
114.83.223.93 - - [30/Nov/2021:10:19:33 +0800] "GET /xingrg/all/function/internal_message.html?_=1638238771541&CODE_STATE=getMsg HTTP/1.1" 200 27
180.174.250.202 - - [30/Nov/2021:10:19:35 +0800] "GET /xingrg/all/function/internal_message.html?_=1638238775386&CODE_STATE=getMsg HTTP/1.1" 200 27
114.85.125.222 - - [30/Nov/2021:10:19:37 +0800] "GET /xingrg/kc/base/wldb_order_operate.html?command=get_materiel&rest_code=00150&base_code=0010445&code=00101019438 HTTP/1.1" 200 447
101.85.120.86 - - [30/Nov/2021:10:19:38 +0800] "GET /xingrg/check_reg.html?_=1638238776145 HTTP/1.1" 200 22
101.85.120.86 - - [30/Nov/2021:10:19:38 +0800] "GET /xingrg/all/function/internal_message.html?_=1638238776148&CODE_STATE=getMsg HTTP/1.1" 200 27
58.37.8.149 - - [30/Nov/2021:10:19:38 +0800] "GET /xingrg/all/function/internal_message.html?_=1638238599484&CODE_STATE=getMsg HTTP/1.1" 200 27
120.253.135.82 - - [30/Nov/2021:10:19:39 +0800] "GET /xingrg/all/function/internal_message.html?_=1638238354377&CODE_STATE=getMsg HTTP/1.1" 302 -
172.20.0.100 - - [30/Nov/2021:10:19:40 +0800] "GET /xingrg/all/function/internal_message.html?_=1638238779126&CODE_STATE=getMsg HTTP/1.1" 200 27
114.85.125.222 - - [30/Nov/2021:10:19:43 +0800] "GET /xingrg/kc/base/wldb_order_operate.html?command=get_materiel&rest_code=00150&base_code=0010445&code=00101019400 HTTP/1.1" 200 451
114.83.223.93 - - [30/Nov/2021:10:19:44 +0800] "POST /xingrg/dwr/call/plaincall/AjaxReportQueryService.refreshCache.dwr HTTP/1.1" 200 78
180.169.147.146 - - [30/Nov/2021:10:19:45 +0800] "GET /xingrg/all/function/internal_message.html?_=1638238783697&CODE_STATE=getMsg HTTP/1.1" 200 27
58.40.7.146 - - [30/Nov/2021:10:19:45 +0800] "POST /xingrg/dwr/call/plaincall/AjaxCheckService.saveOrder.dwr HTTP/1.1" 200 78
114.83.223.93 - - [30/Nov/2021:10:19:45 +0800] "POST /xingrg/all/report/load_report_page.html HTTP/1.1" 200 8733
114.83.223.93 - - [30/Nov/2021:10:19:45 +0800] "GET /xingrg/servlets/image?cache=0.062189360211502454&image=px HTTP/1.1" 200 807
58.40.7.146 - - [30/Nov/2021:10:19:47 +0800] "POST /xingrg/dwr/call/plaincall/AjaxCheckService.loadOrderItems.dwr HTTP/1.1" 200 367
58.40.7.146 - - [30/Nov/2021:10:19:47 +0800] "GET /xingrg/all/function/internal_message.html?_=1638238786707&CODE_STATE=getMsg HTTP/1.1" 200 27
116.227.210.113 - - [30/Nov/2021:10:19:47 +0800] "GET /xingrg/check_reg.html?_=1638238785285 HTTP/1.1" 200 22
116.227.210.113 - - [30/Nov/2021:10:19:47 +0800] "GET /xingrg/all/function/internal_message.html?_=1638238785289&CODE_STATE=getMsg HTTP/1.1" 200 27
180.157.253.6 - - [30/Nov/2021:10:19:48 +0800] "GET /xingrg/all/function/internal_message.html?_=1638238787263&CODE_STATE=getMsg HTTP/1.1" 200 27
114.85.125.222 - - [30/Nov/2021:10:19:48 +0800] "GET /xingrg/kc/base/wldb_order_operate.html?command=get_materiel&rest_code=00150&base_code=0010445&code=00101019183 HTTP/1.1" 200 434
58.40.7.146 - - [30/Nov/2021:10:19:49 +0800] "POST /xingrg/kc/report/common_data.html?type=materiel_category_tree HTTP/1.1" 200 3878
222.69.132.164 - - [30/Nov/2021:10:19:49 +0800] "GET /xingrg/all/function/internal_message.html?_=1638238796918&CODE_STATE=getMsg HTTP/1.1" 200 27
114.85.125.222 - - [30/Nov/2021:10:19:54 +0800] "GET /xingrg/kc/base/wldb_order_operate.html?command=get_materiel&rest_code=00150&base_code=0010445&code=00101019133 HTTP/1.1" 200 466
114.85.125.222 - - [30/Nov/2021:10:19:55 +0800] "GET /xingrg/all/function/internal_message.html?_=1638238762492&CODE_STATE=getMsg HTTP/1.1" 200 27
58.40.7.146 - - [30/Nov/2021:10:19:58 +0800] "POST /xingrg/dwr/call/plaincall/AjaxCheckService.importOrderItems.dwr HTTP/1.1" 200 78
58.40.7.146 - - [30/Nov/2021:10:19:59 +0800] "POST /xingrg/dwr/call/plaincall/AjaxCheckService.loadOrderItems.dwr HTTP/1.1" 200 11803
180.174.250.202 - - [30/Nov/2021:10:20:00 +0800] "GET /xingrg/all/function/internal_message.html?_=1638238796174&CODE_STATE=getMsg HTTP/1.1" 200 27
222.70.171.86 - - [30/Nov/2021:10:20:02 +0800] "GET /xingrg/all/function/internal_message.html?_=1638238807321&CODE_STATE=getMsg HTTP/1.1" 200 27
114.93.37.108 - - [30/Nov/2021:10:20:04 +0800] "GET /xingrg/all/function/internal_message.html?_=1638238800890&CODE_STATE=getMsg HTTP/1.1" 200 27
58.39.139.200 - - [30/Nov/2021:10:20:05 +0800] "GET /xingrg/index.html?sysBaseUrl=http%3A%2F%2F180.169.147.146%3A18081%2Fxingrg%2F&costTime=32×tamp=1585224308505 HTTP/1.1" 302 -
58.39.139.200 - - [30/Nov/2021:10:20:05 +0800] "GET /xingrg/login.html HTTP/1.1" 200 7641
58.39.139.200 - - [30/Nov/2021:10:20:05 +0800] "GET /xingrg/images/blue/jxLogo.png HTTP/1.1" 304 -
58.39.139.200 - - [30/Nov/2021:10:20:09 +0800] "GET /xingrg/images/blue/login_bg.png HTTP/1.1" 304 -
58.39.139.200 - - [30/Nov/2021:10:20:09 +0800] "GET /xingrg/images/blue/hj.png HTTP/1.1" 304 -
58.39.139.200 - - [30/Nov/2021:10:20:09 +0800] "GET /xingrg/images/blue/srbg.png HTTP/1.1" 304 -
58.39.139.200 - - [30/Nov/2021:10:20:09 +0800] "GET /favicon.ico HTTP/1.1" 404 -
116.238.248.233 - - [30/Nov/2021:10:20:10 +0800] "GET /xingrg/all/function/internal_message.html?_=1638238809692&CODE_STATE=getMsg HTTP/1.1" 200 27
180.162.112.229 - - [30/Nov/2021:10:20:14 +0800] "GET /xingrg/all/function/internal_message.html?_=1638238277611&CODE_STATE=getMsg HTTP/1.1" 200 27
114.85.125.222 - - [30/Nov/2021:10:20:14 +0800] "POST /xingrg/kc/base/wldb_order_operate.html HTTP/1.1" 200 37
116.235.94.0 - - [30/Nov/2021:10:20:15 +0800] "GET /xingrg/all/function/internal_message.html?_=1638238933783&CODE_STATE=getMsg HTTP/1.1" 200 27
222.70.171.86 - - [30/Nov/2021:10:20:16 +0800] "GET /xingrg/check_reg.html?_=1638238819988 HTTP/1.1" 302 -
114.85.125.222 - - [30/Nov/2021:10:20:16 +0800] "POST /xingrg/kc/base/wldb_order_operate.html HTTP/1.1" 200 12
114.85.125.222 - - [30/Nov/2021:10:20:16 +0800] "POST /xingrg/kc/base/wldb_order_operate.html HTTP/1.1" 200 5196
114.85.125.222 - - [30/Nov/2021:10:20:17 +0800] "GET /xingrg/kc/base/wldb_order_info.html?code=422021113003322 HTTP/1.1" 200 26335
114.85.125.222 - - [30/Nov/2021:10:20:18 +0800] "GET /xingrg/javascript/easyui/themes/default/validatebox.css HTTP/1.1" 404 1104
114.85.125.222 - - [30/Nov/2021:10:20:18 +0800] "POST /xingrg/kc/base/wldb_order_operate.html HTTP/1.1" 200 3424
222.69.132.164 - - [30/Nov/2021:10:20:18 +0800] "GET /xingrg/kc/buy/cgsh_order_operate.html?command=get_materiel&rest_code=00154&code=00101006198&supplier_code=00100501&order_time=2021-11-30 HTTP/1.1" 200 409
116.227.210.113 - - [30/Nov/2021:10:20:19 +0800] "GET /xingrg/all/function/internal_message.html?_=1638238818763&CODE_STATE=getMsg HTTP/1.1" 200 27
222.70.176.97 - - [30/Nov/2021:10:20:21 +0800] "GET /xingrg/check_reg.html?_=1638238820088 HTTP/1.1" 200 22
222.70.176.97 - - [30/Nov/2021:10:20:21 +0800] "GET /xingrg/all/function/internal_message.html?_=1638238820089&CODE_STATE=getMsg HTTP/1.1" 200 27
58.39.139.200 - - [30/Nov/2021:10:20:22 +0800] "POST /xingrg/login.do HTTP/1.1" 302 -
58.39.139.200 - - [30/Nov/2021:10:20:23 +0800] "GET /xingrg/index.html?sysBaseUrl=http%3A%2F%2F180.169.147.146%3A18081%2Fxingrg%2F&costTime=40×tamp=1638238822985 HTTP/1.1" 200 17173
58.39.139.200 - - [30/Nov/2021:10:20:23 +0800] "GET /xingrg/javascript/jquery_easy_ui/themes/default/easyui.css HTTP/1.1" 304 -
58.39.139.200 - - [30/Nov/2021:10:20:23 +0800] "GET /xingrg/javascript/jquery_easy_ui/themes/icon.css HTTP/1.1" 304 -
58.39.139.200 - - [30/Nov/2021:10:20:23 +0800] "GET /xingrg/css/form.css HTTP/1.1" 304 -
58.39.139.200 - - [30/Nov/2021:10:20:23 +0800] "GET /xingrg/javascript/jquery-1.4.2.min.js HTTP/1.1" 304 -
58.39.139.200 - - [30/Nov/2021:10:20:23 +0800] "GET /xingrg/javascript/jquery_easy_ui/jquery.easyui.min.js HTTP/1.1" 304 -
58.39.139.200 - - [30/Nov/2021:10:20:23 +0800] "GET /xingrg/javascript/jquery_easy_ui/easyui-lang-zh_CN.js HTTP/1.1" 304 -
58.39.139.200 - - [30/Nov/2021:10:20:23 +0800] "GET /xingrg/javascript/jquery.form.js HTTP/1.1" 304 -
58.39.139.200 - - [30/Nov/2021:10:20:23 +0800] "GET /xingrg/javascript/jquery.utils.js HTTP/1.1" 304 -
58.39.139.200 - - [30/Nov/2021:10:20:23 +0800] "GET /xingrg/javascript/jquery.timers.js HTTP/1.1" 304 -
58.39.139.200 - - [30/Nov/2021:10:20:23 +0800] "GET /favicon.ico HTTP/1.1" 404 -
58.39.139.200 - - [30/Nov/2021:10:20:23 +0800] "GET /xingrg/javascript/jquery_easy_ui/themes/icons/settle_new.png HTTP/1.1" 304 -
58.39.139.200 - - [30/Nov/2021:10:20:23 +0800] "GET /xingrg/images/blue/navBackgound.jpg HTTP/1.1" 304 -
58.39.139.200 - - [30/Nov/2021:10:20:23 +0800] "POST /xingrg/all/common/load_tree.html?tree=area_rest_tree_json&manage=1 HTTP/1.1" 200 342
58.39.139.200 - - [30/Nov/2021:10:20:23 +0800] "GET /xingrg/all/function/internal_message.html?_=1638238759115&CODE_STATE=count HTTP/1.1" 200 11
58.39.139.200 - - [30/Nov/2021:10:20:23 +0800] "GET /xingrg/check_reg.html?_=1638238759116 HTTP/1.1" 200 22
58.39.139.200 - - [30/Nov/2021:10:20:23 +0800] "GET /xingrg/images/blue/pingpu.png HTTP/1.1" 304 -
58.39.139.200 - - [30/Nov/2021:10:20:23 +0800] "GET /xingrg/javascript/jquery_easy_ui/themes/default/images/tabs_rightarrow.png HTTP/1.1" 304 -
58.39.139.200 - - [30/Nov/2021:10:20:23 +0800] "GET /xingrg/javascript/jquery_easy_ui/themes/default/images/panel_tool_collapse.gif HTTP/1.1" 304 -
58.39.139.200 - - [30/Nov/2021:10:20:23 +0800] "GET /xingrg/javascript/jquery_easy_ui/themes/default/images/tabs_leftarrow.png HTTP/1.1" 304 -
58.39.139.200 - - [30/Nov/2021:10:20:23 +0800] "POST /xingrg/load_menu.html HTTP/1.1" 200 5138
58.39.139.200 - - [30/Nov/2021:10:20:23 +0800] "GET /xingrg/javascript/jquery_easy_ui/themes/default/images/tree_arrows.gif HTTP/1.1" 304 -
58.39.139.200 - - [30/Nov/2021:10:20:23 +0800] "GET /xingrg/javascript/jquery_easy_ui/themes/default/images/tree_folder_open.gif HTTP/1.1" 304 -
58.39.139.200 - - [30/Nov/2021:10:20:23 +0800] "GET /xingrg/javascript/jquery_easy_ui/themes/icons/search_new.png HTTP/1.1" 304 -
58.39.139.200 - - [30/Nov/2021:10:20:23 +0800] "GET /xingrg/javascript/jquery_easy_ui/themes/default/images/tree_folder.gif HTTP/1.1" 304 -
58.39.139.200 - - [30/Nov/2021:10:20:23 +0800] "GET /xingrg/javascript/jquery_easy_ui/themes/icons/storage_new.png HTTP/1.1" 304 -
58.39.139.200 - - [30/Nov/2021:10:20:23 +0800] "GET /xingrg/javascript/jquery_easy_ui/themes/icons/forms_new.png HTTP/1.1" 304 -
58.39.139.200 - - [30/Nov/2021:10:20:23 +0800] "GET /xingrg/javascript/jquery_easy_ui/themes/default/images/tree_file.gif HTTP/1.1" 304 -
114.86.224.129 - - [30/Nov/2021:10:20:28 +0800] "GET /xingrg/all/function/internal_message.html?_=1638238827896&CODE_STATE=getMsg HTTP/1.1" 200 27
222.70.171.86 - - [30/Nov/2021:10:20:28 +0800] "GET /xingrg/all/function/internal_message.html?_=1638238832809&CODE_STATE=getMsg HTTP/1.1" 302 -
58.39.139.200 - - [30/Nov/2021:10:20:30 +0800] "GET /xingrg/all/function/internal_message.html?_=1638238829813&CODE_STATE=getMsg HTTP/1.1" 200 27
116.228.172.94 - - [30/Nov/2021:10:20:32 +0800] "GET /xingrg/all/function/internal_message.html?_=1638238705793&CODE_STATE=getMsg HTTP/1.1" 200 27
114.83.223.93 - - [30/Nov/2021:10:20:32 +0800] "POST /xingrg/dwr/call/plaincall/AjaxReportQueryService.refreshCache.dwr HTTP/1.1" 200 78
114.83.223.93 - - [30/Nov/2021:10:20:33 +0800] "GET /xingrg/all/function/internal_message.html?_=1638238831519&CODE_STATE=getMsg HTTP/1.1" 200 27
114.83.223.93 - - [30/Nov/2021:10:20:34 +0800] "POST /xingrg/all/report/load_report_page.html HTTP/1.1" 200 8720
114.83.223.93 - - [30/Nov/2021:10:20:34 +0800] "GET /xingrg/servlets/image?cache=0.23878241639267495&image=px HTTP/1.1" 200 807
180.174.250.202 - - [30/Nov/2021:10:20:35 +0800] "GET /xingrg/all/function/internal_message.html?_=1638238835358&CODE_STATE=getMsg HTTP/1.1" 200 27
101.85.120.86 - - [30/Nov/2021:10:20:38 +0800] "GET /xingrg/all/function/internal_message.html?_=1638238836133&CODE_STATE=getMsg HTTP/1.1" 200 27
58.37.8.149 - - [30/Nov/2021:10:20:38 +0800] "GET /xingrg/all/function/internal_message.html?_=1638238659466&CODE_STATE=getMsg HTTP/1.1" 200 27
120.253.135.82 - - [30/Nov/2021:10:20:39 +0800] "GET /xingrg/all/function/internal_message.html?_=1638238414352&CODE_STATE=getMsg HTTP/1.1" 302 -
172.20.0.100 - - [30/Nov/2021:10:20:40 +0800] "GET /xingrg/all/function/internal_message.html?_=1638238839115&CODE_STATE=getMsg HTTP/1.1" 200 27
172.20.0.100 - - [30/Nov/2021:10:20:40 +0800] "GET /xingrg/check_reg.html?_=1638238839119 HTTP/1.1" 200 22
180.169.147.146 - - [30/Nov/2021:10:20:45 +0800] "GET /xingrg/all/function/internal_message.html?_=1638238843695&CODE_STATE=getMsg HTTP/1.1" 200 27
58.40.7.146 - - [30/Nov/2021:10:20:47 +0800] "GET /xingrg/all/function/internal_message.html?_=1638238846682&CODE_STATE=getMsg HTTP/1.1" 200 27
116.227.210.113 - - [30/Nov/2021:10:20:47 +0800] "GET /xingrg/all/function/internal_message.html?_=1638238845279&CODE_STATE=getMsg HTTP/1.1" 200 27
180.157.253.6 - - [30/Nov/2021:10:20:48 +0800] "GET /xingrg/all/function/internal_message.html?_=1638238847261&CODE_STATE=getMsg HTTP/1.1" 200 27
222.69.132.164 - - [30/Nov/2021:10:20:49 +0800] "GET /xingrg/all/function/internal_message.html?_=1638238856896&CODE_STATE=getMsg HTTP/1.1" 200 27
222.70.171.86 - - [30/Nov/2021:10:20:51 +0800] "GET /xingrg/check_reg.html?_=1638238856516 HTTP/1.1" 200 22
222.69.132.164 - - [30/Nov/2021:10:20:55 +0800] "POST /xingrg/kc/buy/cgsh_order_operate.html HTTP/1.1" 200 8245
222.69.132.164 - - [30/Nov/2021:10:20:55 +0800] "GET /xingrg/javascript/easyui/themes/default/validatebox.css HTTP/1.1" 404 1104
114.85.125.222 - - [30/Nov/2021:10:20:55 +0800] "GET /xingrg/all/function/internal_message.html?_=1638238822506&CODE_STATE=getMsg HTTP/1.1" 200 27
180.174.250.202 - - [30/Nov/2021:10:21:01 +0800] "GET /xingrg/all/function/internal_message.html?_=1638238857284&CODE_STATE=getMsg HTTP/1.1" 200 27
222.70.171.86 - - [30/Nov/2021:10:21:02 +0800] "GET /xingrg/all/function/internal_message.html?_=1638238867335&CODE_STATE=getMsg HTTP/1.1" 200 27
114.93.37.108 - - [30/Nov/2021:10:21:04 +0800] "GET /xingrg/all/function/internal_message.html?_=1638238860890&CODE_STATE=getMsg HTTP/1.1" 200 27
222.69.132.164 - - [30/Nov/2021:10:21:08 +0800] "GET /xingrg/kc/buy/cgsh_order_list.html HTTP/1.1" 200 49276
222.69.132.164 - - [30/Nov/2021:10:21:09 +0800] "POST /xingrg/kc/buy/cgsh_list_operate.html HTTP/1.1" 200 876
222.69.132.164 - - [30/Nov/2021:10:21:10 +0800] "GET /xingrg/kc/buy/cgsh_order_add.html HTTP/1.1" 200 64209
116.238.248.233 - - [30/Nov/2021:10:21:10 +0800] "GET /xingrg/all/function/internal_message.html?_=1638238869696&CODE_STATE=getMsg HTTP/1.1" 200 27
116.238.248.233 - - [30/Nov/2021:10:21:10 +0800] "GET /xingrg/check_reg.html?_=1638238869697 HTTP/1.1" 200 22
222.69.132.164 - - [30/Nov/2021:10:21:10 +0800] "POST /xingrg/kc/buy/cgsh_order_operate.html HTTP/1.1" 200 8245
222.69.132.164 - - [30/Nov/2021:10:21:11 +0800] "GET /xingrg/javascript/easyui/themes/default/validatebox.css HTTP/1.1" 404 1104
180.162.112.229 - - [30/Nov/2021:10:21:14 +0800] "GET /xingrg/all/function/internal_message.html?_=1638238337586&CODE_STATE=getMsg HTTP/1.1" 200 27
116.235.94.0 - - [30/Nov/2021:10:21:15 +0800] "GET /xingrg/all/function/internal_message.html?_=1638238993782&CODE_STATE=getMsg HTTP/1.1" 200 27
116.227.210.113 - - [30/Nov/2021:10:21:19 +0800] "GET /xingrg/all/function/internal_message.html?_=1638238878760&CODE_STATE=getMsg HTTP/1.1" 200 27
222.70.176.97 - - [30/Nov/2021:10:21:21 +0800] "GET /xingrg/all/function/internal_message.html?_=1638238880087&CODE_STATE=getMsg HTTP/1.1" 200 27
58.39.139.200 - - [30/Nov/2021:10:21:23 +0800] "GET /xingrg/all/function/internal_message.html?_=1638238819123&CODE_STATE=getMsg HTTP/1.1" 200 27
58.39.139.200 - - [30/Nov/2021:10:21:25 +0800] "GET /xingrg/kc/base/wldb_order_add.html HTTP/1.1" 200 30438
58.39.139.200 - - [30/Nov/2021:10:21:25 +0800] "POST /xingrg/kc/base/wldb_order_operate.html HTTP/1.1" 200 6806
58.39.139.200 - - [30/Nov/2021:10:21:25 +0800] "GET /xingrg/javascript/easyui/themes/default/validatebox.css HTTP/1.1" 404 1104
114.86.224.129 - - [30/Nov/2021:10:21:28 +0800] "GET /xingrg/all/function/internal_message.html?_=1638238887892&CODE_STATE=getMsg HTTP/1.1" 200 27
222.70.171.86 - - [30/Nov/2021:10:21:28 +0800] "GET /xingrg/all/function/internal_message.html?_=1638238892832&CODE_STATE=getMsg HTTP/1.1" 302 -
58.39.139.200 - - [30/Nov/2021:10:21:30 +0800] "GET /xingrg/all/function/internal_message.html?_=1638238889834&CODE_STATE=getMsg HTTP/1.1" 200 27
116.228.172.94 - - [30/Nov/2021:10:21:32 +0800] "GET /xingrg/all/function/internal_message.html?_=1638238765788&CODE_STATE=getMsg HTTP/1.1" 200 27
116.228.172.94 - - [30/Nov/2021:10:21:32 +0800] "GET /xingrg/check_reg.html?_=1638238765797 HTTP/1.1" 200 22
114.83.223.93 - - [30/Nov/2021:10:21:33 +0800] "GET /xingrg/all/function/internal_message.html?_=1638238891503&CODE_STATE=getMsg HTTP/1.1" 200 27
180.174.250.202 - - [30/Nov/2021:10:21:35 +0800] "GET /xingrg/all/function/internal_message.html?_=1638238895332&CODE_STATE=getMsg HTTP/1.1" 200 27
101.85.120.86 - - [30/Nov/2021:10:21:38 +0800] "GET /xingrg/all/function/internal_message.html?_=1638238896132&CODE_STATE=getMsg HTTP/1.1" 200 27
58.37.8.149 - - [30/Nov/2021:10:21:38 +0800] "GET /xingrg/all/function/internal_message.html?_=1638238719440&CODE_STATE=getMsg HTTP/1.1" 200 27
120.253.135.82 - - [30/Nov/2021:10:21:39 +0800] "GET /xingrg/all/function/internal_message.html?_=1638238474330&CODE_STATE=getMsg HTTP/1.1" 302 -
172.20.0.100 - - [30/Nov/2021:10:21:40 +0800] "GET /xingrg/all/function/internal_message.html?_=1638238899120&CODE_STATE=getMsg HTTP/1.1" 200 27
180.169.147.146 - - [30/Nov/2021:10:21:45 +0800] "GET /xingrg/all/function/internal_message.html?_=1638238903694&CODE_STATE=getMsg HTTP/1.1" 200 27
58.40.7.146 - - [30/Nov/2021:10:21:47 +0800] "GET /xingrg/all/function/internal_message.html?_=1638238906662&CODE_STATE=getMsg HTTP/1.1" 200 27
116.227.210.113 - - [30/Nov/2021:10:21:47 +0800] "GET /xingrg/all/function/internal_message.html?_=1638238905278&CODE_STATE=getMsg HTTP/1.1" 200 27
180.157.253.6 - - [30/Nov/2021:10:21:48 +0800] "GET /xingrg/all/function/internal_message.html?_=1638238907258&CODE_STATE=getMsg HTTP/1.1" 200 27
180.157.253.6 - - [30/Nov/2021:10:21:48 +0800] "GET /xingrg/check_reg.html?_=1638238907259 HTTP/1.1" 200 22
222.69.132.164 - - [30/Nov/2021:10:21:49 +0800] "GET /xingrg/all/function/internal_message.html?_=1638238916880&CODE_STATE=getMsg HTTP/1.1" 200 27
114.83.223.93 - - [30/Nov/2021:10:21:50 +0800] "GET /xingrg/kc/base/wldb_order_list.html HTTP/1.1" 200 19230
114.83.223.93 - - [30/Nov/2021:10:21:50 +0800] "POST /xingrg/kc/base/wldb_list_operate.html HTTP/1.1" 200 928
114.83.223.93 - - [30/Nov/2021:10:21:51 +0800] "GET /xingrg/kc/base/wldb_order_add.html HTTP/1.1" 200 30444
114.83.223.93 - - [30/Nov/2021:10:21:51 +0800] "GET /xingrg/words/20211129181953_words.js HTTP/1.1" 304 -
114.83.223.93 - - [30/Nov/2021:10:21:52 +0800] "POST /xingrg/kc/base/wldb_order_operate.html HTTP/1.1" 200 6806
114.83.223.93 - - [30/Nov/2021:10:21:52 +0800] "GET /xingrg/javascript/easyui/themes/default/validatebox.css HTTP/1.1" 404 1104
114.85.125.222 - - [30/Nov/2021:10:21:55 +0800] "GET /xingrg/all/function/internal_message.html?_=1638238882519&CODE_STATE=getMsg HTTP/1.1" 200 27
114.86.224.129 - - [30/Nov/2021:10:21:55 +0800] "GET /favicon.ico HTTP/1.1" 404 -
114.83.223.93 - - [30/Nov/2021:10:22:00 +0800] "GET /xingrg/kc/base/wldb_order_operate.html?command=get_materiel&rest_code=00149&base_code=0010394&code=00101019222 HTTP/1.1" 200 453
180.174.250.202 - - [30/Nov/2021:10:22:01 +0800] "GET /xingrg/all/function/internal_message.html?_=1638238917293&CODE_STATE=getMsg HTTP/1.1" 200 27
222.69.132.164 - - [30/Nov/2021:10:22:01 +0800] "POST /xingrg/kc/buy/cgsh_order_operate.html HTTP/1.1" 200 37
222.70.176.97 - - [30/Nov/2021:10:22:02 +0800] "GET /xingrg/kc/buy/buy_main.html HTTP/1.1" 200 12412
222.70.176.97 - - [30/Nov/2021:10:22:02 +0800] "GET /xingrg/css/new_ie.css HTTP/1.1" 404 1036
222.70.176.97 - - [30/Nov/2021:10:22:02 +0800] "GET /xingrg/images/yd/bt.gif HTTP/1.1" 404 1040
222.70.171.86 - - [30/Nov/2021:10:22:02 +0800] "GET /xingrg/all/function/internal_message.html?_=1638238927349&CODE_STATE=getMsg HTTP/1.1" 200 27
222.70.176.97 - - [30/Nov/2021:10:22:03 +0800] "GET /xingrg/kc/buy/cgsh_order_list.html HTTP/1.1" 200 49270
114.93.37.108 - - [30/Nov/2021:10:22:04 +0800] "GET /xingrg/all/function/internal_message.html?_=1638238920888&CODE_STATE=getMsg HTTP/1.1" 200 27
114.93.37.108 - - [30/Nov/2021:10:22:04 +0800] "GET /xingrg/check_reg.html?_=1638238920890 HTTP/1.1" 200 22
222.69.132.164 - - [30/Nov/2021:10:22:04 +0800] "POST /xingrg/kc/buy/cgsh_order_operate.html HTTP/1.1" 200 12
114.83.223.93 - - [30/Nov/2021:10:22:04 +0800] "GET /xingrg/kc/base/wldb_order_operate.html?command=get_materiel&rest_code=00149&base_code=0010394&code=00101016019 HTTP/1.1" 200 451
222.69.132.164 - - [30/Nov/2021:10:22:05 +0800] "GET /xingrg/kc/buy/cgsh_order_info.html?code=212021113012933 HTTP/1.1" 200 59122
58.39.139.200 - - [30/Nov/2021:10:22:05 +0800] "GET /xingrg/kc/base/wldb_order_operate.html?command=get_materiel&rest_code=00105&base_code=0010512&code=00101004020 HTTP/1.1" 200 431
222.69.132.164 - - [30/Nov/2021:10:22:05 +0800] "GET /xingrg/javascript/easyui/themes/default/validatebox.css HTTP/1.1" 404 1104
222.70.176.97 - - [30/Nov/2021:10:22:06 +0800] "POST /xingrg/kc/buy/cgsh_list_operate.html HTTP/1.1" 200 2773
222.69.132.164 - - [30/Nov/2021:10:22:06 +0800] "POST /xingrg/kc/buy/cgsh_order_operate.html HTTP/1.1" 200 1195
222.69.132.164 - - [30/Nov/2021:10:22:08 +0800] "GET /xingrg/kc/print/load_data.html?order_code=212021113012933&kc_code=cgsh&condition= HTTP/1.1" 200 931
114.83.223.93 - - [30/Nov/2021:10:22:09 +0800] "GET /xingrg/kc/base/wldb_order_operate.html?command=get_materiel&rest_code=00149&base_code=0010394&code=00101019199 HTTP/1.1" 200 458
222.70.176.97 - - [30/Nov/2021:10:22:10 +0800] "POST /xingrg/kc/buy/cgsh_list_operate.html HTTP/1.1" 200 570
116.238.248.233 - - [30/Nov/2021:10:22:10 +0800] "GET /xingrg/all/function/internal_message.html?_=1638238929697&CODE_STATE=getMsg HTTP/1.1" 200 27
222.70.176.97 - - [30/Nov/2021:10:22:11 +0800] "GET /xingrg/kc/buy/cgsh_order_info.html?code=212021113012905 HTTP/1.1" 200 64970
114.83.223.93 - - [30/Nov/2021:10:22:12 +0800] "GET /xingrg/kc/base/wldb_order_operate.html?command=get_materiel&rest_code=00149&base_code=0010394&code=00101019391 HTTP/1.1" 200 471
222.70.176.97 - - [30/Nov/2021:10:22:12 +0800] "GET /xingrg/javascript/easyui/themes/default/validatebox.css HTTP/1.1" 404 1104
222.70.176.97 - - [30/Nov/2021:10:22:13 +0800] "POST /xingrg/kc/buy/cgsh_order_operate.html HTTP/1.1" 200 32235
58.39.139.200 - - [30/Nov/2021:10:22:13 +0800] "GET /xingrg/kc/base/wldb_order_operate.html?command=get_materiel&rest_code=00105&base_code=0010512&code=00101004030 HTTP/1.1" 200 430
180.162.112.229 - - [30/Nov/2021:10:22:13 +0800] "GET /xingrg/check_reg.html?_=1638238397017 HTTP/1.1" 200 22
180.162.112.229 - - [30/Nov/2021:10:22:14 +0800] "GET /xingrg/all/function/internal_message.html?_=1638238397565&CODE_STATE=getMsg HTTP/1.1" 200 27
116.235.94.0 - - [30/Nov/2021:10:22:15 +0800] "GET /xingrg/all/function/internal_message.html?_=1638239053796&CODE_STATE=getMsg HTTP/1.1" 200 27
114.83.223.93 - - [30/Nov/2021:10:22:16 +0800] "GET /xingrg/kc/base/wldb_order_operate.html?command=get_materiel&rest_code=00149&base_code=0010394&code=00101019133 HTTP/1.1" 200 466
114.83.223.93 - - [30/Nov/2021:10:22:19 +0800] "GET /xingrg/kc/base/wldb_order_operate.html?command=get_materiel&rest_code=00149&base_code=0010394&code=00101019185 HTTP/1.1" 200 453
116.227.210.113 - - [30/Nov/2021:10:22:19 +0800] "GET /xingrg/all/function/internal_message.html?_=1638238938755&CODE_STATE=getMsg HTTP/1.1" 200 27
58.39.139.200 - - [30/Nov/2021:10:22:21 +0800] "GET /xingrg/kc/base/wldb_order_operate.html?command=get_materiel&rest_code=00105&base_code=0010512&code=00101001170 HTTP/1.1" 200 431
222.70.176.97 - - [30/Nov/2021:10:22:21 +0800] "GET /xingrg/all/function/internal_message.html?_=1638238940099&CODE_STATE=getMsg HTTP/1.1" 200 27
58.39.139.200 - - [30/Nov/2021:10:22:23 +0800] "GET /xingrg/all/function/internal_message.html?_=1638238879128&CODE_STATE=getMsg HTTP/1.1" 200 27
114.85.125.222 - - [30/Nov/2021:10:22:27 +0800] "GET /xingrg/kc/report/report_main.html HTTP/1.1" 200 7340
114.85.125.222 - - [30/Nov/2021:10:22:27 +0800] "GET /xingrg/javascript/jquery_ui/themes/humanity/humanity.css HTTP/1.1" 304 -
114.85.125.222 - - [30/Nov/2021:10:22:27 +0800] "GET /xingrg/css/blue.css HTTP/1.1" 304 -
114.85.125.222 - - [30/Nov/2021:10:22:27 +0800] "GET /xingrg/javascript/myfunction.js HTTP/1.1" 304 -
114.85.125.222 - - [30/Nov/2021:10:22:27 +0800] "GET /xingrg/javascript/jquery_easy_ui/themes/icons/back_new.png HTTP/1.1" 304 -
114.86.224.129 - - [30/Nov/2021:10:22:28 +0800] "GET /xingrg/all/function/internal_message.html?_=1638238947901&CODE_STATE=getMsg HTTP/1.1" 200 27
114.86.224.129 - - [30/Nov/2021:10:22:28 +0800] "GET /xingrg/check_reg.html?_=1638238947902 HTTP/1.1" 200 22
114.85.125.222 - - [30/Nov/2021:10:22:28 +0800] "GET /xingrg/all/report/report_query.html?fileName=kc/buy/gys_amount.xml&rh=99999 HTTP/1.1" 200 52006
114.85.125.222 - - [30/Nov/2021:10:22:28 +0800] "GET /xingrg/javascript/multi_select/jqueryMultiSelect.css HTTP/1.1" 304 -
114.85.125.222 - - [30/Nov/2021:10:22:28 +0800] "GET /xingrg/javascript/calendar/jquery.timePicker.min.js HTTP/1.1" 304 -
114.85.125.222 - - [30/Nov/2021:10:22:28 +0800] "GET /xingrg/dwr/util.js HTTP/1.1" 304 -
114.85.125.222 - - [30/Nov/2021:10:22:28 +0800] "GET /xingrg/dwr/interface/AjaxReportQueryService.js HTTP/1.1" 200 13203
114.85.125.222 - - [30/Nov/2021:10:22:28 +0800] "GET /xingrg/javascript/calendar/timePicker.css HTTP/1.1" 304 -
114.85.125.222 - - [30/Nov/2021:10:22:28 +0800] "GET /xingrg/javascript/Calendar.js HTTP/1.1" 304 -
114.85.125.222 - - [30/Nov/2021:10:22:28 +0800] "GET /xingrg/javascript/bigrid/fix.css HTTP/1.1" 304 -
114.85.125.222 - - [30/Nov/2021:10:22:28 +0800] "GET /xingrg/javascript/jqueryMultiSelect.js HTTP/1.1" 304 -
114.85.125.222 - - [30/Nov/2021:10:22:28 +0800] "GET /xingrg/javascript/bigrid/fix.js HTTP/1.1" 304 -
114.85.125.222 - - [30/Nov/2021:10:22:28 +0800] "GET /xingrg/dwr/engine.js HTTP/1.1" 200 43631
114.85.125.222 - - [30/Nov/2021:10:22:28 +0800] "GET /xingrg/images/control/loading.gif HTTP/1.1" 304 -
114.85.125.222 - - [30/Nov/2021:10:22:28 +0800] "GET /xingrg/images/blue/button/advanceover.gif HTTP/1.1" 304 -
114.85.125.222 - - [30/Nov/2021:10:22:28 +0800] "GET /xingrg/images/blue/button/advance2over.gif HTTP/1.1" 304 -
114.85.125.222 - - [30/Nov/2021:10:22:28 +0800] "GET /xingrg/images/blue/button/backover.gif HTTP/1.1" 304 -
114.85.125.222 - - [30/Nov/2021:10:22:28 +0800] "GET /xingrg/images/blue/button/back2over.gif HTTP/1.1" 304 -
114.85.125.222 - - [30/Nov/2021:10:22:28 +0800] "GET /xingrg/javascript/jquery_easy_ui/themes/icons/help.png HTTP/1.1" 304 -
114.85.125.222 - - [30/Nov/2021:10:22:28 +0800] "GET /xingrg/javascript/jquery_easy_ui/themes/default/images/menu_downarrow.png HTTP/1.1" 304 -
114.85.125.222 - - [30/Nov/2021:10:22:28 +0800] "GET /xingrg/javascript/jquery_easy_ui/themes/default/images/menu.gif HTTP/1.1" 304 -
114.85.125.222 - - [30/Nov/2021:10:22:28 +0800] "GET /xingrg/javascript/jquery_easy_ui/themes/icons/print.png HTTP/1.1" 304 -
114.85.125.222 - - [30/Nov/2021:10:22:28 +0800] "GET /xingrg/javascript/jquery_easy_ui/themes/icons/pencil.png HTTP/1.1" 304 -
114.85.125.222 - - [30/Nov/2021:10:22:28 +0800] "GET /xingrg/javascript/jquery_easy_ui/themes/default/images/menu_rightarrow.png HTTP/1.1" 304 -
114.85.125.222 - - [30/Nov/2021:10:22:28 +0800] "POST /xingrg/dwr/call/plaincall/AjaxReportQueryService.getFixDate.dwr HTTP/1.1" 200 111
222.70.171.86 - - [30/Nov/2021:10:22:28 +0800] "GET /xingrg/all/function/internal_message.html?_=1638238952836&CODE_STATE=getMsg HTTP/1.1" 302 -
114.85.125.222 - - [30/Nov/2021:10:22:28 +0800] "GET /xingrg/javascript/jquery_easy_ui/themes/default/images/combo_arrow_dot.gif HTTP/1.1" 304 -
114.85.125.222 - - [30/Nov/2021:10:22:29 +0800] "POST /xingrg/all/common/load_tree.html?tree=supplier_tree_json&manage=1 HTTP/1.1" 200 62010
114.85.125.222 - - [30/Nov/2021:10:22:30 +0800] "GET /xingrg/javascript/jquery_easy_ui/themes/default/images/tree_checkbox_0.gif HTTP/1.1" 304 -
114.85.125.222 - - [30/Nov/2021:10:22:30 +0800] "POST /xingrg/all/common/load_tree.html?tree=materiel_sort_tree_json HTTP/1.1" 200 9388
58.39.139.200 - - [30/Nov/2021:10:22:30 +0800] "GET /xingrg/all/function/internal_message.html?_=1638238949859&CODE_STATE=getMsg HTTP/1.1" 200 27
114.85.125.222 - - [30/Nov/2021:10:22:30 +0800] "POST /xingrg/dwr/call/plaincall/AjaxReportQueryService.getInitString.dwr HTTP/1.1" 200 1503
114.85.125.222 - - [30/Nov/2021:10:22:30 +0800] "GET /xingrg/javascript/multi_select/dropdown.gif HTTP/1.1" 304 -
114.85.125.222 - - [30/Nov/2021:10:22:32 +0800] "GET /xingrg/javascript/jquery_easy_ui/themes/default/images/button_plain_hover.png HTTP/1.1" 304 -
116.228.172.94 - - [30/Nov/2021:10:22:32 +0800] "GET /xingrg/all/function/internal_message.html?_=1638238825790&CODE_STATE=getMsg HTTP/1.1" 200 27
114.83.223.93 - - [30/Nov/2021:10:22:33 +0800] "GET /xingrg/all/function/internal_message.html?_=1638238951484&CODE_STATE=getMsg HTTP/1.1" 200 27
114.85.125.222 - - [30/Nov/2021:10:22:33 +0800] "POST /xingrg/dwr/call/plaincall/AjaxReportQueryService.refreshCache.dwr HTTP/1.1" 200 78
114.83.223.93 - - [30/Nov/2021:10:22:34 +0800] "GET /xingrg/check_reg.html?_=1638238952850 HTTP/1.1" 200 22
114.83.223.93 - - [30/Nov/2021:10:22:34 +0800] "POST /xingrg/kc/base/wldb_order_operate.html HTTP/1.1" 200 37
114.83.223.93 - - [30/Nov/2021:10:22:35 +0800] "POST /xingrg/kc/base/wldb_order_operate.html HTTP/1.1" 200 4714
114.83.223.93 - - [30/Nov/2021:10:22:35 +0800] "GET /xingrg/kc/base/wldb_order_info.html?code=422021113003323 HTTP/1.1" 200 30458
114.83.223.93 - - [30/Nov/2021:10:22:35 +0800] "GET /xingrg/javascript/easyui/themes/default/validatebox.css HTTP/1.1" 404 1104
180.174.250.202 - - [30/Nov/2021:10:22:35 +0800] "GET /xingrg/all/function/internal_message.html?_=1638238955303&CODE_STATE=getMsg HTTP/1.1" 200 27
114.83.223.93 - - [30/Nov/2021:10:22:36 +0800] "POST /xingrg/kc/base/wldb_order_operate.html HTTP/1.1" 200 4714
114.85.125.222 - - [30/Nov/2021:10:22:36 +0800] "POST /xingrg/all/report/load_report_page.html HTTP/1.1" 200 180308
114.85.125.222 - - [30/Nov/2021:10:22:36 +0800] "GET /xingrg/servlets/image?cache=0.6869230437507219&image=px HTTP/1.1" 200 807
114.83.223.93 - - [30/Nov/2021:10:22:38 +0800] "POST /xingrg/kc/base/wldb_list_operate.html HTTP/1.1" 200 1781
101.85.120.86 - - [30/Nov/2021:10:22:38 +0800] "GET /xingrg/all/function/internal_message.html?_=1638238956209&CODE_STATE=getMsg HTTP/1.1" 200 27
58.37.8.149 - - [30/Nov/2021:10:22:38 +0800] "GET /xingrg/all/function/internal_message.html?_=1638238779416&CODE_STATE=getMsg HTTP/1.1" 200 27
58.37.8.149 - - [30/Nov/2021:10:22:39 +0800] "GET /xingrg/check_reg.html?_=1638238780430 HTTP/1.1" 200 22
120.253.135.82 - - [30/Nov/2021:10:22:39 +0800] "GET /xingrg/all/function/internal_message.html?_=1638238534306&CODE_STATE=getMsg HTTP/1.1" 302 -
172.20.0.100 - - [30/Nov/2021:10:22:40 +0800] "GET /xingrg/all/function/internal_message.html?_=1638238959125&CODE_STATE=getMsg HTTP/1.1" 200 27
114.85.125.222 - - [30/Nov/2021:10:22:41 +0800] "GET /xingrg/all/report/report_query.html?isQuery=1&fileName=kc/buy/wlcg_cate_hz.xml&queryString=(CONVERT(char(10)%252Ca.order_time%252C%2520120)%253E%253D'2021-11-01')%2520and%2520(CONVERT(char(10)%252Ca.order_time%252C%2520120)%253C%253D'2021-11-30')%2520and%2520(a.number%253E0%2520and%2520a.supplier_code%253D'00100054')&queryText=%25E3%2580%2590%25E9%2587%2587%25E8%25B4%25AD%25E6%2597%25A5%25E6%259C%259F%253A2021-11-01%2520%25E8%2587%25B3%25202021-11-30%25E3%2580%2591%2520%25E5%25B9%25B6%25E4%25B8%2594%2520%25E3%2580%2590%25E4%25BE%259B%25E5%25BA%2594%25E5%2595%2586%253D%25E9%25B2%259C%25E8%258A%25B1%25EF%25BC%2588%25E6%2596%2587%25E5%2586%259B%25EF%25BC%2589%25E3%2580%2591 HTTP/1.1" 200 54370
114.85.125.222 - - [30/Nov/2021:10:22:41 +0800] "GET /xingrg/dwr/interface/AjaxReportQueryService.js HTTP/1.1" 200 13203
114.85.125.222 - - [30/Nov/2021:10:22:41 +0800] "GET /xingrg/dwr/engine.js HTTP/1.1" 200 43631
114.85.125.222 - - [30/Nov/2021:10:22:43 +0800] "POST /xingrg/all/report/load_report_page.html HTTP/1.1" 200 8713
114.85.125.222 - - [30/Nov/2021:10:22:43 +0800] "GET /xingrg/servlets/image?cache=0.5017902565703303&image=px HTTP/1.1" 200 807
114.85.125.222 - - [30/Nov/2021:10:22:44 +0800] "POST /xingrg/all/report/load_report_page.html HTTP/1.1" 200 43341
114.85.125.222 - - [30/Nov/2021:10:22:44 +0800] "GET /xingrg/servlets/image?cache=0.5891121286063798&image=px HTTP/1.1" 200 807
180.169.147.146 - - [30/Nov/2021:10:22:45 +0800] "GET /xingrg/all/function/internal_message.html?_=1638238963693&CODE_STATE=getMsg HTTP/1.1" 200 27
180.169.147.146 - - [30/Nov/2021:10:22:45 +0800] "GET /xingrg/check_reg.html?_=1638238963694 HTTP/1.1" 200 22
58.40.7.146 - - [30/Nov/2021:10:22:46 +0800] "GET /xingrg/check_reg.html?_=1638238965917 HTTP/1.1" 200 22
58.40.7.146 - - [30/Nov/2021:10:22:47 +0800] "GET /xingrg/all/function/internal_message.html?_=1638238966639&CODE_STATE=getMsg HTTP/1.1" 200 27
116.227.210.113 - - [30/Nov/2021:10:22:47 +0800] "GET /xingrg/all/function/internal_message.html?_=1638238965271&CODE_STATE=getMsg HTTP/1.1" 200 27
180.157.253.6 - - [30/Nov/2021:10:22:48 +0800] "GET /xingrg/all/function/internal_message.html?_=1638238967257&CODE_STATE=getMsg HTTP/1.1" 200 27
222.69.132.164 - - [30/Nov/2021:10:22:49 +0800] "GET /xingrg/all/function/internal_message.html?_=1638238976860&CODE_STATE=getMsg HTTP/1.1" 200 27
222.69.132.164 - - [30/Nov/2021:10:22:49 +0800] "GET /xingrg/check_reg.html?_=1638238977397 HTTP/1.1" 200 22
114.85.125.222 - - [30/Nov/2021:10:22:55 +0800] "GET /xingrg/all/function/internal_message.html?_=1638238942549&CODE_STATE=getMsg HTTP/1.1" 200 27
114.85.125.222 - - [30/Nov/2021:10:22:56 +0800] "POST /xingrg/all/report/report_print.html HTTP/1.1" 302 -
114.85.125.222 - - [30/Nov/2021:10:22:56 +0800] "GET /xingrg/servlets/image?image=px HTTP/1.1" 200 807
114.85.125.222 - - [30/Nov/2021:10:22:56 +0800] "GET /xingrg/servlets/html?sysBaseUrl=http%3A%2F%2F180.169.147.146%3A18081%2Fxingrg%2F&costTime=541×tamp=1638238976733 HTTP/1.1" 200 42810
114.85.125.222 - - [30/Nov/2021:10:22:56 +0800] "GET /favicon.ico HTTP/1.1" 404 -
180.174.250.202 - - [30/Nov/2021:10:23:00 +0800] "GET /xingrg/check_reg.html?_=1638238979629 HTTP/1.1" 200 22
58.39.139.200 - - [30/Nov/2021:10:23:02 +0800] "GET /xingrg/kc/base/wldb_order_operate.html?command=get_materiel&rest_code=00105&base_code=0010512&code=00101001015 HTTP/1.1" 200 433
222.70.171.86 - - [30/Nov/2021:10:23:02 +0800] "GET /xingrg/all/function/internal_message.html?_=1638238987540&CODE_STATE=getMsg HTTP/1.1" 200 27
180.174.250.202 - - [30/Nov/2021:10:23:02 +0800] "GET /xingrg/all/function/internal_message.html?_=1638238978860&CODE_STATE=getMsg HTTP/1.1" 200 27
180.162.112.229 - - [30/Nov/2021:10:23:04 +0800] "POST /xingrg/kc/buy/cgsh_order_operate.html HTTP/1.1" 200 37
114.93.37.108 - - [30/Nov/2021:10:23:04 +0800] "GET /xingrg/all/function/internal_message.html?_=1638238980888&CODE_STATE=getMsg HTTP/1.1" 200 27
180.162.112.229 - - [30/Nov/2021:10:23:05 +0800] "POST /xingrg/kc/buy/cgsh_order_operate.html HTTP/1.1" 200 14548
114.85.125.222 - - [30/Nov/2021:10:23:09 +0800] "GET /xingrg/javascript/jquery_easy_ui/themes/default/images/tabs_active.png HTTP/1.1" 304 -
116.238.248.233 - - [30/Nov/2021:10:23:10 +0800] "GET /xingrg/all/function/internal_message.html?_=1638238989713&CODE_STATE=getMsg HTTP/1.1" 200 27
180.162.112.229 - - [30/Nov/2021:10:23:14 +0800] "GET /xingrg/all/function/internal_message.html?_=1638238457540&CODE_STATE=getMsg HTTP/1.1" 200 27
58.39.139.200 - - [30/Nov/2021:10:23:14 +0800] "GET /xingrg/kc/base/wldb_order_operate.html?command=get_materiel&rest_code=00105&base_code=0010512&code=00101001168 HTTP/1.1" 200 436
116.235.94.0 - - [30/Nov/2021:10:23:15 +0800] "GET /xingrg/check_reg.html?_=1638239113795 HTTP/1.1" 200 22
116.235.94.0 - - [30/Nov/2021:10:23:15 +0800] "GET /xingrg/all/function/internal_message.html?_=1638239113797&CODE_STATE=getMsg HTTP/1.1" 200 27
116.227.210.113 - - [30/Nov/2021:10:23:19 +0800] "GET /xingrg/all/function/internal_message.html?_=1638238998757&CODE_STATE=getMsg HTTP/1.1" 200 27
116.227.210.113 - - [30/Nov/2021:10:23:19 +0800] "GET /xingrg/check_reg.html?_=1638238998759 HTTP/1.1" 200 22
222.70.176.97 - - [30/Nov/2021:10:23:21 +0800] "GET /xingrg/all/function/internal_message.html?_=1638239000086&CODE_STATE=getMsg HTTP/1.1" 200 27
58.39.139.200 - - [30/Nov/2021:10:23:23 +0800] "GET /xingrg/kc/base/wldb_order_operate.html?command=get_materiel&rest_code=00105&base_code=0010512&code=00101001136 HTTP/1.1" 200 434
58.39.139.200 - - [30/Nov/2021:10:23:23 +0800] "GET /xingrg/all/function/internal_message.html?_=1638238939129&CODE_STATE=getMsg HTTP/1.1" 200 27
222.69.132.164 - - [30/Nov/2021:10:23:24 +0800] "GET /xingrg/kc/buy/cgsh_order_add.html HTTP/1.1" 200 64209
222.69.132.164 - - [30/Nov/2021:10:23:24 +0800] "POST /xingrg/kc/buy/cgsh_order_operate.html HTTP/1.1" 200 8245
222.69.132.164 - - [30/Nov/2021:10:23:24 +0800] "GET /xingrg/javascript/easyui/themes/default/validatebox.css HTTP/1.1" 404 1104
114.86.224.129 - - [30/Nov/2021:10:23:28 +0800] "GET /xingrg/all/function/internal_message.html?_=1638239007897&CODE_STATE=getMsg HTTP/1.1" 200 27
222.70.171.86 - - [30/Nov/2021:10:23:28 +0800] "GET /xingrg/all/function/internal_message.html?_=1638239012860&CODE_STATE=getMsg HTTP/1.1" 302 -
58.39.139.200 - - [30/Nov/2021:10:23:30 +0800] "GET /xingrg/all/function/internal_message.html?_=1638239009847&CODE_STATE=getMsg HTTP/1.1" 200 27
116.228.172.94 - - [30/Nov/2021:10:23:32 +0800] "GET /xingrg/all/function/internal_message.html?_=1638238885796&CODE_STATE=getMsg HTTP/1.1" 200 27
114.83.223.93 - - [30/Nov/2021:10:23:33 +0800] "GET /xingrg/all/function/internal_message.html?_=1638239011472&CODE_STATE=getMsg HTTP/1.1" 200 27
