114.86.224.129 - - [30/Nov/2021:09:01:12 +0800] "GET /xingrg/kc/buy/cgsh_order_operate.html?command=get_materiel&rest_code=00109&code=00101006029&supplier_code=00100015&order_time=2021-11-30 HTTP/1.1" 200 409
114.83.223.93 - - [30/Nov/2021:09:01:15 +0800] "GET /xingrg/kc/buy/cgsh_order_operate.html?command=get_materiel&rest_code=00149&code=00101008110&supplier_code=00100005&order_time=2021-11-30 HTTP/1.1" 200 409
222.70.176.97 - - [30/Nov/2021:09:01:17 +0800] "GET /xingrg/kc/buy/cgsh_order_operate.html?command=get_materiel&rest_code=00111&code=00101008251&supplier_code=00100005&order_time=2021-11-30 HTTP/1.1" 200 408
114.86.224.129 - - [30/Nov/2021:09:01:18 +0800] "GET /xingrg/kc/buy/cgsh_order_operate.html?command=get_materiel&rest_code=00109&code=00101006115&supplier_code=00100015&order_time=2021-11-30 HTTP/1.1" 200 427
120.253.135.82 - - [30/Nov/2021:09:01:19 +0800] "GET /xingrg/all/function/internal_message.html?_=1638233854580&CODE_STATE=getMsg HTTP/1.1" 200 27
222.70.176.97 - - [30/Nov/2021:09:01:21 +0800] "GET /xingrg/all/function/internal_message.html?_=1638234080030&CODE_STATE=getMsg HTTP/1.1" 200 27
58.221.95.50 - - [30/Nov/2021:09:01:21 +0800] "GET /xingrg/all/function/internal_message.html?_=1638234082358&CODE_STATE=getMsg HTTP/1.1" 302 -
222.70.176.97 - - [30/Nov/2021:09:01:23 +0800] "POST /xingrg/kc/buy/cgsh_order_operate.html HTTP/1.1" 200 2065
114.83.223.93 - - [30/Nov/2021:09:01:25 +0800] "GET /xingrg/kc/buy/cgsh_order_operate.html?command=get_materiel&rest_code=00149&code=00101008283&supplier_code=00100005&order_time=2021-11-30 HTTP/1.1" 200 408
114.86.224.129 - - [30/Nov/2021:09:01:26 +0800] "GET /xingrg/kc/buy/cgsh_order_operate.html?command=get_materiel&rest_code=00109&code=00101006013&supplier_code=00100015&order_time=2021-11-30 HTTP/1.1" 200 409
222.70.171.86 - - [30/Nov/2021:09:01:27 +0800] "GET /xingrg/all/function/internal_message.html?_=1638234091745&CODE_STATE=getMsg HTTP/1.1" 302 -
114.86.224.129 - - [30/Nov/2021:09:01:28 +0800] "GET /xingrg/all/function/internal_message.html?_=1638234087699&CODE_STATE=getMsg HTTP/1.1" 200 27
222.70.176.97 - - [30/Nov/2021:09:01:29 +0800] "GET /xingrg/kc/buy/cgsh_order_operate.html?command=get_materiel&rest_code=00111&code=00101008357&supplier_code=00100005&order_time=2021-11-30 HTTP/1.1" 200 408
58.39.139.200 - - [30/Nov/2021:09:01:30 +0800] "GET /xingrg/all/function/internal_message.html?_=1638234089701&CODE_STATE=getMsg HTTP/1.1" 200 27
116.238.248.233 - - [30/Nov/2021:09:01:33 +0800] "GET /xingrg/all/function/internal_message.html?_=1638234092561&CODE_STATE=getMsg HTTP/1.1" 200 27
114.83.223.93 - - [30/Nov/2021:09:01:34 +0800] "GET /xingrg/all/function/internal_message.html?_=1638234092593&CODE_STATE=getMsg HTTP/1.1" 200 27
114.86.224.129 - - [30/Nov/2021:09:01:34 +0800] "GET /xingrg/kc/buy/cgsh_order_operate.html?command=get_materiel&rest_code=00109&code=00101006240&supplier_code=00100015&order_time=2021-11-30 HTTP/1.1" 200 408
180.157.253.6 - - [30/Nov/2021:09:01:37 +0800] "GET /favicon.ico HTTP/1.1" 404 -
222.70.176.97 - - [30/Nov/2021:09:01:38 +0800] "GET /xingrg/kc/buy/cgsh_order_operate.html?command=get_materiel&rest_code=00111&code=00101008286&supplier_code=00100005&order_time=2021-11-30 HTTP/1.1" 200 408
172.20.0.100 - - [30/Nov/2021:09:01:40 +0800] "GET /xingrg/all/function/internal_message.html?_=1638234099121&CODE_STATE=getMsg HTTP/1.1" 200 27
114.83.223.93 - - [30/Nov/2021:09:01:41 +0800] "GET /xingrg/kc/buy/cgsh_order_operate.html?command=get_materiel&rest_code=00149&code=00101008121&supplier_code=00100005&order_time=2021-11-30 HTTP/1.1" 200 413
120.253.135.82 - - [30/Nov/2021:09:01:41 +0800] "GET /xingrg/all/function/internal_message.html?_=1638233675283&CODE_STATE=getMsg HTTP/1.1" 302 -
114.86.224.129 - - [30/Nov/2021:09:01:41 +0800] "GET /xingrg/kc/buy/cgsh_order_operate.html?command=get_materiel&rest_code=00109&code=00101006122&supplier_code=00100015&order_time=2021-11-30 HTTP/1.1" 200 408
180.174.250.202 - - [30/Nov/2021:09:01:43 +0800] "GET /xingrg/all/function/internal_message.html?_=1638234099171&CODE_STATE=getMsg HTTP/1.1" 200 27
180.157.253.6 - - [30/Nov/2021:09:01:44 +0800] "GET /xingrg/index.html?sysBaseUrl=http%3A%2F%2F180.169.147.146%3A18081%2Fxingrg%2F&costTime=44×tamp=1622098168715 HTTP/1.1" 302 -
180.157.253.6 - - [30/Nov/2021:09:01:44 +0800] "GET /xingrg/login.html HTTP/1.1" 200 7641
180.157.253.6 - - [30/Nov/2021:09:01:45 +0800] "GET /xingrg/images/blue/jxLogo.png HTTP/1.1" 304 -
180.157.253.6 - - [30/Nov/2021:09:01:45 +0800] "GET /xingrg/images/blue/login_bg.png HTTP/1.1" 304 -
180.157.253.6 - - [30/Nov/2021:09:01:46 +0800] "GET /xingrg/images/blue/hj.png HTTP/1.1" 304 -
180.157.253.6 - - [30/Nov/2021:09:01:46 +0800] "GET /xingrg/images/blue/srbg.png HTTP/1.1" 304 -
180.157.253.6 - - [30/Nov/2021:09:01:46 +0800] "GET /favicon.ico HTTP/1.1" 404 -
114.86.224.129 - - [30/Nov/2021:09:01:46 +0800] "GET /xingrg/kc/buy/cgsh_order_operate.html?command=get_materiel&rest_code=00109&code=00101006057&supplier_code=00100015&order_time=2021-11-30 HTTP/1.1" 200 413
114.83.223.93 - - [30/Nov/2021:09:01:47 +0800] "POST /xingrg/kc/buy/cgsh_order_operate.html HTTP/1.1" 200 2065
180.157.253.6 - - [30/Nov/2021:09:01:47 +0800] "POST /xingrg/login.do HTTP/1.1" 302 -
180.157.253.6 - - [30/Nov/2021:09:01:47 +0800] "GET /xingrg/javascript/jquery_easy_ui/themes/default/easyui.css HTTP/1.1" 304 -
180.157.253.6 - - [30/Nov/2021:09:01:47 +0800] "GET /xingrg/javascript/jquery_easy_ui/themes/icon.css HTTP/1.1" 304 -
180.157.253.6 - - [30/Nov/2021:09:01:47 +0800] "GET /xingrg/index.html?sysBaseUrl=http%3A%2F%2F180.169.147.146%3A18081%2Fxingrg%2F&costTime=42×tamp=1638234107562 HTTP/1.1" 200 17179
180.157.253.6 - - [30/Nov/2021:09:01:47 +0800] "GET /xingrg/javascript/jquery.form.js HTTP/1.1" 304 -
180.157.253.6 - - [30/Nov/2021:09:01:47 +0800] "GET /xingrg/javascript/jquery_easy_ui/easyui-lang-zh_CN.js HTTP/1.1" 304 -
180.157.253.6 - - [30/Nov/2021:09:01:47 +0800] "GET /xingrg/css/form.css HTTP/1.1" 304 -
180.157.253.6 - - [30/Nov/2021:09:01:47 +0800] "GET /xingrg/javascript/jquery-1.4.2.min.js HTTP/1.1" 304 -
180.157.253.6 - - [30/Nov/2021:09:01:47 +0800] "GET /xingrg/javascript/jquery.utils.js HTTP/1.1" 304 -
180.157.253.6 - - [30/Nov/2021:09:01:47 +0800] "GET /xingrg/javascript/jquery_easy_ui/jquery.easyui.min.js HTTP/1.1" 304 -
180.157.253.6 - - [30/Nov/2021:09:01:47 +0800] "GET /xingrg/javascript/jquery.timers.js HTTP/1.1" 304 -
180.157.253.6 - - [30/Nov/2021:09:01:47 +0800] "GET /favicon.ico HTTP/1.1" 404 -
180.157.253.6 - - [30/Nov/2021:09:01:47 +0800] "GET /xingrg/javascript/jquery_easy_ui/themes/icons/settle_new.png HTTP/1.1" 304 -
180.157.253.6 - - [30/Nov/2021:09:01:47 +0800] "GET /xingrg/images/blue/navBackgound.jpg HTTP/1.1" 304 -
116.227.210.113 - - [30/Nov/2021:09:01:47 +0800] "GET /xingrg/all/function/internal_message.html?_=1638234105270&CODE_STATE=getMsg HTTP/1.1" 200 27
180.157.253.6 - - [30/Nov/2021:09:01:47 +0800] "POST /xingrg/all/common/load_tree.html?tree=area_rest_tree_json&manage=1 HTTP/1.1" 200 351
180.157.253.6 - - [30/Nov/2021:09:01:47 +0800] "GET /xingrg/all/function/internal_message.html?_=1638234110692&CODE_STATE=count HTTP/1.1" 200 11
180.157.253.6 - - [30/Nov/2021:09:01:47 +0800] "GET /xingrg/check_reg.html?_=1638234110693 HTTP/1.1" 200 22
180.157.253.6 - - [30/Nov/2021:09:01:48 +0800] "GET /xingrg/images/blue/pingpu.png HTTP/1.1" 304 -
180.157.253.6 - - [30/Nov/2021:09:01:48 +0800] "GET /xingrg/javascript/jquery_easy_ui/themes/default/images/tabs_leftarrow.png HTTP/1.1" 304 -
180.157.253.6 - - [30/Nov/2021:09:01:48 +0800] "GET /xingrg/javascript/jquery_easy_ui/themes/default/images/tabs_rightarrow.png HTTP/1.1" 304 -
180.157.253.6 - - [30/Nov/2021:09:01:48 +0800] "GET /xingrg/javascript/jquery_easy_ui/themes/default/images/panel_tool_collapse.gif HTTP/1.1" 304 -
180.157.253.6 - - [30/Nov/2021:09:01:48 +0800] "POST /xingrg/load_menu.html HTTP/1.1" 200 5138
180.157.253.6 - - [30/Nov/2021:09:01:48 +0800] "GET /xingrg/javascript/jquery_easy_ui/themes/default/images/tree_arrows.gif HTTP/1.1" 304 -
180.157.253.6 - - [30/Nov/2021:09:01:48 +0800] "GET /xingrg/javascript/jquery_easy_ui/themes/default/images/tree_folder_open.gif HTTP/1.1" 304 -
180.157.253.6 - - [30/Nov/2021:09:01:48 +0800] "GET /xingrg/javascript/jquery_easy_ui/themes/icons/search_new.png HTTP/1.1" 304 -
180.157.253.6 - - [30/Nov/2021:09:01:48 +0800] "GET /xingrg/javascript/jquery_easy_ui/themes/default/images/tree_folder.gif HTTP/1.1" 304 -
180.157.253.6 - - [30/Nov/2021:09:01:48 +0800] "GET /xingrg/javascript/jquery_easy_ui/themes/icons/storage_new.png HTTP/1.1" 304 -
180.157.253.6 - - [30/Nov/2021:09:01:48 +0800] "GET /xingrg/javascript/jquery_easy_ui/themes/icons/forms_new.png HTTP/1.1" 304 -
180.157.253.6 - - [30/Nov/2021:09:01:48 +0800] "GET /xingrg/javascript/jquery_easy_ui/themes/default/images/tree_file.gif HTTP/1.1" 304 -
222.70.176.97 - - [30/Nov/2021:09:01:48 +0800] "GET /xingrg/kc/buy/cgsh_order_operate.html?command=get_materiel&rest_code=00111&code=00101008131&supplier_code=00100005&order_time=2021-11-30 HTTP/1.1" 200 408
222.69.132.164 - - [30/Nov/2021:09:01:49 +0800] "GET /xingrg/all/function/internal_message.html?_=1638234117335&CODE_STATE=getMsg HTTP/1.1" 200 27
180.157.253.6 - - [30/Nov/2021:09:01:50 +0800] "GET /xingrg/javascript/jquery_easy_ui/themes/default/images/tabs_close.gif HTTP/1.1" 304 -
180.157.253.6 - - [30/Nov/2021:09:01:50 +0800] "GET /xingrg/css/base.css HTTP/1.1" 304 -
180.157.253.6 - - [30/Nov/2021:09:01:50 +0800] "GET /xingrg/css/site.css HTTP/1.1" 304 -
180.157.253.6 - - [30/Nov/2021:09:01:50 +0800] "GET /xingrg/javascript/jquery_tools/datebox.css HTTP/1.1" 304 -
180.157.253.6 - - [30/Nov/2021:09:01:50 +0800] "GET /xingrg/javascript/easyui/themes/default/easyui.css HTTP/1.1" 304 -
180.157.253.6 - - [30/Nov/2021:09:01:50 +0800] "GET /xingrg/javascript/easyui/themes/icon.css HTTP/1.1" 304 -
180.157.253.6 - - [30/Nov/2021:09:01:50 +0800] "GET /xingrg/javascript/auto/jquery.autocomplete.css HTTP/1.1" 304 -
180.157.253.6 - - [30/Nov/2021:09:01:50 +0800] "GET /xingrg/javascript/jquery_tools/fix.css HTTP/1.1" 304 -
180.157.253.6 - - [30/Nov/2021:09:01:50 +0800] "GET /xingrg/javascript/jquery_tools/table.css HTTP/1.1" 304 -
180.157.253.6 - - [30/Nov/2021:09:01:50 +0800] "GET /xingrg/kc/buy/cgsh_order_list.html HTTP/1.1" 200 49276
180.157.253.6 - - [30/Nov/2021:09:01:50 +0800] "GET /xingrg/javascript/jquery_tools/jquery.tools.min.js HTTP/1.1" 304 -
180.157.253.6 - - [30/Nov/2021:09:01:50 +0800] "GET /xingrg/javascript/jquery_tools/jquery.tools.extend.js HTTP/1.1" 304 -
180.157.253.6 - - [30/Nov/2021:09:01:50 +0800] "GET /xingrg/javascript/jquery_tools/jquery.tools.hotkey.js HTTP/1.1" 304 -
180.157.253.6 - - [30/Nov/2021:09:01:50 +0800] "GET /xingrg/javascript/jquery_tools/jquery.tools.table.js HTTP/1.1" 304 -
180.157.253.6 - - [30/Nov/2021:09:01:50 +0800] "GET /xingrg/javascript/jquery_tools/list_manager.js HTTP/1.1" 304 -
180.157.253.6 - - [30/Nov/2021:09:01:50 +0800] "GET /xingrg/javascript/easyui/easyloader.js HTTP/1.1" 304 -
180.157.253.6 - - [30/Nov/2021:09:01:50 +0800] "GET /xingrg/javascript/auto/jquery.autocomplete.js HTTP/1.1" 304 -
180.157.253.6 - - [30/Nov/2021:09:01:50 +0800] "GET /xingrg/javascript/jquery.cookie.js HTTP/1.1" 304 -
180.157.253.6 - - [30/Nov/2021:09:01:50 +0800] "GET /xingrg/javascript/print/LodopFuncs.js HTTP/1.1" 304 -
114.86.224.129 - - [30/Nov/2021:09:01:51 +0800] "GET /xingrg/kc/buy/cgsh_order_operate.html?command=get_materiel&rest_code=00109&code=00101006058&supplier_code=00100015&order_time=2021-11-30 HTTP/1.1" 200 413
180.157.253.6 - - [30/Nov/2021:09:01:51 +0800] "GET /xingrg/javascript/easyui/themes/icons/edit_add_new.png HTTP/1.1" 304 -
180.157.253.6 - - [30/Nov/2021:09:01:51 +0800] "GET /xingrg/javascript/easyui/themes/icons/cance_new.png HTTP/1.1" 304 -
180.157.253.6 - - [30/Nov/2021:09:01:51 +0800] "GET /xingrg/javascript/easyui/themes/icons/check_new.png HTTP/1.1" 304 -
180.157.253.6 - - [30/Nov/2021:09:01:51 +0800] "GET /xingrg/javascript/easyui/themes/icons/field_new.png HTTP/1.1" 304 -
180.157.253.6 - - [30/Nov/2021:09:01:51 +0800] "GET /xingrg/javascript/easyui/themes/icons/import_new.png HTTP/1.1" 304 -
180.157.253.6 - - [30/Nov/2021:09:01:51 +0800] "GET /xingrg/javascript/easyui/plugins/jquery.parser.js HTTP/1.1" 304 -
180.157.253.6 - - [30/Nov/2021:09:01:51 +0800] "GET /xingrg/images/control/ajaxLoader.gif HTTP/1.1" 304 -
180.157.253.6 - - [30/Nov/2021:09:01:53 +0800] "POST /xingrg/kc/buy/cgsh_list_operate.html HTTP/1.1" 200 2003
222.70.176.97 - - [30/Nov/2021:09:01:55 +0800] "GET /xingrg/kc/buy/cgsh_order_operate.html?command=get_materiel&rest_code=00111&code=00101008296&supplier_code=00100005&order_time=2021-11-30 HTTP/1.1" 200 416
180.157.253.6 - - [30/Nov/2021:09:01:56 +0800] "GET /xingrg/kc/base/kc_stocks.html HTTP/1.1" 200 16443
180.157.253.6 - - [30/Nov/2021:09:01:56 +0800] "GET /xingrg/javascript/easyui/themes/sunny/easyui.css HTTP/1.1" 304 -
180.157.253.6 - - [30/Nov/2021:09:01:56 +0800] "GET /xingrg/javascript/convert.js HTTP/1.1" 304 -
180.157.253.6 - - [30/Nov/2021:09:01:56 +0800] "GET /xingrg/javascript/json2.js HTTP/1.1" 304 -
180.157.253.6 - - [30/Nov/2021:09:01:56 +0800] "GET /xingrg/javascript/easyui/themes/icons/filter_new.png HTTP/1.1" 304 -
180.157.253.6 - - [30/Nov/2021:09:01:56 +0800] "GET /xingrg/javascript/easyui/themes/icons/refresh_new.png HTTP/1.1" 304 -
180.157.253.6 - - [30/Nov/2021:09:01:56 +0800] "GET /xingrg/javascript/easyui/themes/icons/print_new.png HTTP/1.1" 304 -
180.157.253.6 - - [30/Nov/2021:09:01:57 +0800] "GET /xingrg/javascript/easyui/plugins/jquery.draggable.js HTTP/1.1" 304 -
180.157.253.6 - - [30/Nov/2021:09:01:57 +0800] "GET /xingrg/all/common/auto_word.html?type=base&rest_code=00148 HTTP/1.1" 200 1749
180.157.253.6 - - [30/Nov/2021:09:01:57 +0800] "GET /xingrg/javascript/easyui/plugins/jquery.droppable.js HTTP/1.1" 304 -
180.157.253.6 - - [30/Nov/2021:09:01:57 +0800] "GET /xingrg/javascript/easyui/themes/default/tree.css HTTP/1.1" 404 1090
180.157.253.6 - - [30/Nov/2021:09:01:57 +0800] "GET /xingrg/javascript/easyui/plugins/jquery.tree.js HTTP/1.1" 304 -
180.157.253.6 - - [30/Nov/2021:09:01:57 +0800] "POST /xingrg/all/common/load_tree.html?tree=materiel_sort_tree_json HTTP/1.1" 200 9388
180.157.253.6 - - [30/Nov/2021:09:01:57 +0800] "GET /xingrg/javascript/easyui/themes/sunny/images/tree_arrows.gif HTTP/1.1" 304 -
180.157.253.6 - - [30/Nov/2021:09:01:57 +0800] "GET /xingrg/javascript/easyui/themes/sunny/images/tree_folder_open.gif HTTP/1.1" 304 -
180.157.253.6 - - [30/Nov/2021:09:01:57 +0800] "GET /xingrg/javascript/easyui/themes/sunny/images/tree_folder.gif HTTP/1.1" 304 -
180.157.253.6 - - [30/Nov/2021:09:01:57 +0800] "GET /xingrg/javascript/easyui/themes/sunny/images/tree_file.gif HTTP/1.1" 304 -
114.86.224.129 - - [30/Nov/2021:09:01:58 +0800] "POST /xingrg/kc/buy/cgsh_order_operate.html HTTP/1.1" 200 37
114.86.224.129 - - [30/Nov/2021:09:02:00 +0800] "POST /xingrg/kc/buy/cgsh_order_operate.html HTTP/1.1" 200 6811
180.157.253.6 - - [30/Nov/2021:09:02:00 +0800] "GET /xingrg/kc/base/check_order_list.html HTTP/1.1" 200 16349
180.157.253.6 - - [30/Nov/2021:09:02:00 +0800] "POST /xingrg/kc/base/check_list_operate.html HTTP/1.1" 200 781
222.70.171.86 - - [30/Nov/2021:09:02:00 +0800] "GET /xingrg/all/function/internal_message.html?_=1638234125498&CODE_STATE=getMsg HTTP/1.1" 200 27
180.157.253.6 - - [30/Nov/2021:09:02:02 +0800] "GET /xingrg/kc/base/wldb_order_list.html HTTP/1.1" 200 19230
180.157.253.6 - - [30/Nov/2021:09:02:02 +0800] "POST /xingrg/kc/base/wldb_list_operate.html HTTP/1.1" 200 928
114.86.224.129 - - [30/Nov/2021:09:02:03 +0800] "GET /xingrg/kc/print/load_config.html?kc_code=cgsh HTTP/1.1" 200 2281
114.86.224.129 - - [30/Nov/2021:09:02:03 +0800] "GET /xingrg/kc/print/load_data.html?order_code=212021113012903&kc_code=cgsh&condition= HTTP/1.1" 200 2343
114.85.125.222 - - [30/Nov/2021:09:02:03 +0800] "GET /xingrg/check_reg.html?_=1638234091080 HTTP/1.1" 200 22
180.157.253.6 - - [30/Nov/2021:09:02:03 +0800] "GET /xingrg/kc/base/kc_stocks.html HTTP/1.1" 200 16443
114.85.125.222 - - [30/Nov/2021:09:02:03 +0800] "GET /xingrg/all/function/internal_message.html?_=1638234091137&CODE_STATE=getMsg HTTP/1.1" 200 27
180.157.253.6 - - [30/Nov/2021:09:02:04 +0800] "GET /xingrg/javascript/easyui/themes/default/tree.css HTTP/1.1" 404 1090
180.157.253.6 - - [30/Nov/2021:09:02:04 +0800] "POST /xingrg/all/common/load_tree.html?tree=materiel_sort_tree_json HTTP/1.1" 200 9388
222.70.176.97 - - [30/Nov/2021:09:02:05 +0800] "GET /xingrg/kc/buy/cgsh_order_operate.html?command=get_materiel&rest_code=00111&code=00101008098&supplier_code=00100005&order_time=2021-11-30 HTTP/1.1" 200 412
114.83.223.93 - - [30/Nov/2021:09:02:07 +0800] "GET /xingrg/kc/buy/cgsh_order_operate.html?command=get_materiel&rest_code=00149&code=00101019155&supplier_code=00100005&order_time=2021-11-30 HTTP/1.1" 200 476
180.157.253.6 - - [30/Nov/2021:09:02:07 +0800] "GET /xingrg/kc/base/check_order_list.html HTTP/1.1" 200 16349
180.157.253.6 - - [30/Nov/2021:09:02:07 +0800] "POST /xingrg/kc/base/check_list_operate.html HTTP/1.1" 200 781
222.70.176.97 - - [30/Nov/2021:09:02:07 +0800] "POST /xingrg/kc/buy/cgsh_order_operate.html HTTP/1.1" 200 2065
180.157.253.6 - - [30/Nov/2021:09:02:08 +0800] "GET /xingrg/javascript/easyui/themes/default/images/button_plain_hover.png HTTP/1.1" 304 -
180.157.253.6 - - [30/Nov/2021:09:02:09 +0800] "GET /xingrg/kc/base/check_order_add.html HTTP/1.1" 200 26432
180.157.253.6 - - [30/Nov/2021:09:02:09 +0800] "GET /xingrg/css/blue.css HTTP/1.1" 304 -
180.157.253.6 - - [30/Nov/2021:09:02:09 +0800] "GET /xingrg/css/table.css HTTP/1.1" 304 -
180.157.253.6 - - [30/Nov/2021:09:02:09 +0800] "GET /xingrg/javascript/pic_change.js HTTP/1.1" 304 -
180.157.253.6 - - [30/Nov/2021:09:02:09 +0800] "GET /xingrg/dwr/interface/AjaxComOrderService.js HTTP/1.1" 200 18264
180.157.253.6 - - [30/Nov/2021:09:02:09 +0800] "GET /xingrg/dwr/interface/AjaxCheckService.js HTTP/1.1" 200 14003
180.157.253.6 - - [30/Nov/2021:09:02:09 +0800] "GET /xingrg/dwr/engine.js HTTP/1.1" 200 43631
180.157.253.6 - - [30/Nov/2021:09:02:09 +0800] "GET /xingrg/javascript/AjaxInfoList.js HTTP/1.1" 304 -
180.157.253.6 - - [30/Nov/2021:09:02:09 +0800] "GET /xingrg/dwr/util.js HTTP/1.1" 200 35990
180.157.253.6 - - [30/Nov/2021:09:02:09 +0800] "GET /xingrg/javascript/Calendar.js HTTP/1.1" 304 -
180.157.253.6 - - [30/Nov/2021:09:02:09 +0800] "GET /xingrg/javascript/myfunction.js HTTP/1.1" 304 -
180.157.253.6 - - [30/Nov/2021:09:02:09 +0800] "GET /xingrg/javascript/print/kc_print.js HTTP/1.1" 304 -
180.157.253.6 - - [30/Nov/2021:09:02:09 +0800] "GET /xingrg/javascript/jquery_easy_ui/themes/icons/check_new.png HTTP/1.1" 304 -
180.157.253.6 - - [30/Nov/2021:09:02:09 +0800] "GET /xingrg/javascript/jquery_easy_ui/themes/icons/cance_new.png HTTP/1.1" 304 -
180.157.253.6 - - [30/Nov/2021:09:02:09 +0800] "GET /xingrg/javascript/jquery_easy_ui/themes/icons/print.png HTTP/1.1" 304 -
180.157.253.6 - - [30/Nov/2021:09:02:09 +0800] "GET /xingrg/javascript/jquery_easy_ui/themes/default/images/menu_downarrow.png HTTP/1.1" 304 -
180.157.253.6 - - [30/Nov/2021:09:02:09 +0800] "GET /xingrg/javascript/jquery_easy_ui/themes/icons/back_new.png HTTP/1.1" 304 -
114.86.224.129 - - [30/Nov/2021:09:02:09 +0800] "GET /xingrg/kc/buy/cgsh_order_add.html HTTP/1.1" 200 65081
114.86.224.129 - - [30/Nov/2021:09:02:09 +0800] "POST /xingrg/kc/buy/cgsh_order_operate.html HTTP/1.1" 200 8245
114.86.224.129 - - [30/Nov/2021:09:02:09 +0800] "GET /xingrg/all/common/auto_word.html?type=employee&rest_code=00109 HTTP/1.1" 200 255
114.86.224.129 - - [30/Nov/2021:09:02:09 +0800] "GET /xingrg/all/common/auto_word.html?type=employee&rest_code=00109 HTTP/1.1" 200 255
114.86.224.129 - - [30/Nov/2021:09:02:09 +0800] "GET /xingrg/javascript/easyui/themes/default/validatebox.css HTTP/1.1" 404 1104
222.70.176.97 - - [30/Nov/2021:09:02:13 +0800] "GET /xingrg/kc/buy/cgsh_order_operate.html?command=get_materiel&rest_code=00111&code=00101008213&supplier_code=00100005&order_time=2021-11-30 HTTP/1.1" 200 412
180.157.253.6 - - [30/Nov/2021:09:02:14 +0800] "POST /xingrg/dwr/call/plaincall/AjaxCheckService.saveOrder.dwr HTTP/1.1" 200 78
180.157.253.6 - - [30/Nov/2021:09:02:15 +0800] "POST /xingrg/dwr/call/plaincall/AjaxCheckService.loadOrderItems.dwr HTTP/1.1" 200 367
180.157.253.6 - - [30/Nov/2021:09:02:16 +0800] "GET /xingrg/javascript/jquery_easy_ui/themes/default/images/button_a_bg.gif HTTP/1.1" 304 -
180.157.253.6 - - [30/Nov/2021:09:02:16 +0800] "GET /xingrg/javascript/jquery_easy_ui/themes/default/images/button_span_bg.gif HTTP/1.1" 304 -
180.157.253.6 - - [30/Nov/2021:09:02:16 +0800] "GET /xingrg/javascript/jquery_easy_ui/themes/default/images/panel_title.png HTTP/1.1" 304 -
180.157.253.6 - - [30/Nov/2021:09:02:16 +0800] "GET /xingrg/javascript/jquery_easy_ui/themes/icons/ok.png HTTP/1.1" 304 -
180.157.253.6 - - [30/Nov/2021:09:02:16 +0800] "GET /xingrg/javascript/jquery_easy_ui/themes/icons/pencil.png HTTP/1.1" 304 -
180.157.253.6 - - [30/Nov/2021:09:02:16 +0800] "GET /xingrg/javascript/jquery_easy_ui/themes/default/images/panel_tools.gif HTTP/1.1" 304 -
180.157.253.6 - - [30/Nov/2021:09:02:17 +0800] "POST /xingrg/kc/report/common_data.html?type=materiel_category_tree HTTP/1.1" 200 3878
180.157.253.6 - - [30/Nov/2021:09:02:18 +0800] "GET /xingrg/javascript/jquery_easy_ui/themes/default/images/tree_checkbox_0.gif HTTP/1.1" 304 -
120.253.135.82 - - [30/Nov/2021:09:02:19 +0800] "GET /xingrg/all/function/internal_message.html?_=1638233914832&CODE_STATE=getMsg HTTP/1.1" 200 27
180.157.253.6 - - [30/Nov/2021:09:02:20 +0800] "GET /xingrg/javascript/jquery_easy_ui/themes/default/images/tree_checkbox_1.gif HTTP/1.1" 304 -
180.157.253.6 - - [30/Nov/2021:09:02:20 +0800] "GET /xingrg/javascript/jquery_easy_ui/themes/default/images/tree_checkbox_2.gif HTTP/1.1" 304 -
58.221.95.50 - - [30/Nov/2021:09:02:21 +0800] "GET /xingrg/all/function/internal_message.html?_=1638234142360&CODE_STATE=getMsg HTTP/1.1" 302 -
222.70.176.97 - - [30/Nov/2021:09:02:21 +0800] "GET /xingrg/all/function/internal_message.html?_=1638234140056&CODE_STATE=getMsg HTTP/1.1" 200 27
58.221.95.50 - - [30/Nov/2021:09:02:22 +0800] "GET /xingrg/check_reg.html?_=1638234142820 HTTP/1.1" 302 -
114.83.223.93 - - [30/Nov/2021:09:02:23 +0800] "GET /xingrg/kc/buy/cgsh_order_operate.html?command=get_materiel&rest_code=00149&code=00101013137&supplier_code=00100005&order_time=2021-11-30 HTTP/1.1" 200 432
180.157.253.6 - - [30/Nov/2021:09:02:25 +0800] "POST /xingrg/dwr/call/plaincall/AjaxCheckService.importOrderItems.dwr HTTP/1.1" 200 78
114.86.224.129 - - [30/Nov/2021:09:02:25 +0800] "GET /xingrg/kc/buy/cgsh_order_operate.html?command=get_materiel&rest_code=00109&code=00101008072&supplier_code=00100005&order_time=2021-11-30 HTTP/1.1" 200 408
180.157.253.6 - - [30/Nov/2021:09:02:26 +0800] "POST /xingrg/dwr/call/plaincall/AjaxCheckService.loadOrderItems.dwr HTTP/1.1" 200 60522
180.157.253.6 - - [30/Nov/2021:09:02:26 +0800] "GET /xingrg/javascript/jquery_easy_ui/themes/icons/no.png HTTP/1.1" 304 -
222.70.171.86 - - [30/Nov/2021:09:02:27 +0800] "GET /xingrg/all/function/internal_message.html?_=1638234151749&CODE_STATE=getMsg HTTP/1.1" 302 -
222.70.176.97 - - [30/Nov/2021:09:02:27 +0800] "GET /xingrg/kc/buy/cgsh_order_operate.html?command=get_materiel&rest_code=00111&code=00101008091&supplier_code=00100005&order_time=2021-11-30 HTTP/1.1" 200 413
114.86.224.129 - - [30/Nov/2021:09:02:28 +0800] "GET /xingrg/all/function/internal_message.html?_=1638234147707&CODE_STATE=getMsg HTTP/1.1" 200 27
114.86.224.129 - - [30/Nov/2021:09:02:28 +0800] "GET /xingrg/check_reg.html?_=1638234147709 HTTP/1.1" 200 22
180.157.253.6 - - [30/Nov/2021:09:02:29 +0800] "GET /xingrg/javascript/jquery_easy_ui/themes/default/images/button_plain_hover.png HTTP/1.1" 304 -
58.39.139.200 - - [30/Nov/2021:09:02:30 +0800] "GET /xingrg/all/function/internal_message.html?_=1638234149695&CODE_STATE=getMsg HTTP/1.1" 200 27
180.157.253.6 - - [30/Nov/2021:09:02:31 +0800] "GET /xingrg/kc/print/load_config.html?_=1638234154016&kc_code=check HTTP/1.1" 200 2411
180.157.253.6 - - [30/Nov/2021:09:02:31 +0800] "GET /xingrg/kc/print/load_data.html?_=1638234154052&order_code=452021113000246&kc_code=check&condition= HTTP/1.1" 200 16926
116.238.248.233 - - [30/Nov/2021:09:02:33 +0800] "GET /xingrg/all/function/internal_message.html?_=1638234152564&CODE_STATE=getMsg HTTP/1.1" 200 27
114.83.223.93 - - [30/Nov/2021:09:02:34 +0800] "GET /xingrg/all/function/internal_message.html?_=1638234152585&CODE_STATE=getMsg HTTP/1.1" 200 27
114.83.223.93 - - [30/Nov/2021:09:02:34 +0800] "GET /xingrg/check_reg.html?_=1638234152616 HTTP/1.1" 200 22
172.20.0.100 - - [30/Nov/2021:09:02:40 +0800] "GET /xingrg/all/function/internal_message.html?_=1638234159124&CODE_STATE=getMsg HTTP/1.1" 200 27
222.70.176.97 - - [30/Nov/2021:09:02:40 +0800] "GET /xingrg/kc/buy/cgsh_order_operate.html?command=get_materiel&rest_code=00111&code=00101008024&supplier_code=00100005&order_time=2021-11-30 HTTP/1.1" 200 408
120.253.135.82 - - [30/Nov/2021:09:02:41 +0800] "GET /xingrg/all/function/internal_message.html?_=1638233735259&CODE_STATE=getMsg HTTP/1.1" 302 -
180.174.250.202 - - [30/Nov/2021:09:02:43 +0800] "GET /xingrg/all/function/internal_message.html?_=1638234159435&CODE_STATE=getMsg HTTP/1.1" 200 27
58.39.139.200 - - [30/Nov/2021:09:02:46 +0800] "POST /xingrg/kc/buy/cgsh_order_operate.html HTTP/1.1" 200 2065
116.227.210.113 - - [30/Nov/2021:09:02:47 +0800] "GET /xingrg/all/function/internal_message.html?_=1638234165284&CODE_STATE=getMsg HTTP/1.1" 200 27
180.157.253.6 - - [30/Nov/2021:09:02:47 +0800] "GET /xingrg/all/function/internal_message.html?_=1638234170694&CODE_STATE=getMsg HTTP/1.1" 200 27
222.70.176.97 - - [30/Nov/2021:09:02:49 +0800] "GET /xingrg/kc/buy/cgsh_order_operate.html?command=get_materiel&rest_code=00111&code=00101008436&supplier_code=00100005&order_time=2021-11-30 HTTP/1.1" 200 398
222.69.132.164 - - [30/Nov/2021:09:02:49 +0800] "GET /xingrg/check_reg.html?_=1638234177336 HTTP/1.1" 200 22
222.69.132.164 - - [30/Nov/2021:09:02:49 +0800] "GET /xingrg/all/function/internal_message.html?_=1638234177340&CODE_STATE=getMsg HTTP/1.1" 200 27
222.70.176.97 - - [30/Nov/2021:09:02:53 +0800] "POST /xingrg/kc/buy/cgsh_order_operate.html HTTP/1.1" 200 2065
222.70.176.97 - - [30/Nov/2021:09:02:59 +0800] "GET /xingrg/kc/buy/cgsh_order_operate.html?command=get_materiel&rest_code=00111&code=00101008141&supplier_code=00100005&order_time=2021-11-30 HTTP/1.1" 200 412
222.70.171.86 - - [30/Nov/2021:09:03:00 +0800] "GET /xingrg/all/function/internal_message.html?_=1638234185518&CODE_STATE=getMsg HTTP/1.1" 200 27
114.85.125.222 - - [30/Nov/2021:09:03:03 +0800] "GET /xingrg/all/function/internal_message.html?_=1638234151149&CODE_STATE=getMsg HTTP/1.1" 200 27
114.83.223.93 - - [30/Nov/2021:09:03:05 +0800] "GET /xingrg/kc/buy/cgsh_order_operate.html?command=get_materiel&rest_code=00149&code=00101013175&supplier_code=00100005&order_time=2021-11-30 HTTP/1.1" 200 431
58.39.139.200 - - [30/Nov/2021:09:03:10 +0800] "GET /xingrg/kc/buy/cgsh_order_operate.html?command=get_materiel&rest_code=00105&code=00102003144&supplier_code=00100075&order_time=2021-11-30 HTTP/1.1" 200 420
120.253.135.82 - - [30/Nov/2021:09:03:11 +0800] "GET /xingrg/check_reg.html?_=1638233967290 HTTP/1.1" 200 22
114.86.224.129 - - [30/Nov/2021:09:03:16 +0800] "GET /xingrg/kc/buy/cgsh_order_operate.html?command=get_materiel&rest_code=00109&code=00101008155&supplier_code=00100005&order_time=2021-11-30 HTTP/1.1" 200 408
120.253.135.82 - - [30/Nov/2021:09:03:19 +0800] "GET /xingrg/all/function/internal_message.html?_=1638233974840&CODE_STATE=getMsg HTTP/1.1" 200 27
180.157.253.6 - - [30/Nov/2021:09:03:21 +0800] "GET /favicon.ico HTTP/1.1" 404 -
58.221.95.50 - - [30/Nov/2021:09:03:21 +0800] "GET /xingrg/all/function/internal_message.html?_=1638234202341&CODE_STATE=getMsg HTTP/1.1" 302 -
222.70.176.97 - - [30/Nov/2021:09:03:21 +0800] "GET /xingrg/all/function/internal_message.html?_=1638234200029&CODE_STATE=getMsg HTTP/1.1" 200 27
114.86.224.129 - - [30/Nov/2021:09:03:23 +0800] "GET /xingrg/kc/buy/cgsh_order_operate.html?command=get_materiel&rest_code=00109&code=00101008049&supplier_code=00100005&order_time=2021-11-30 HTTP/1.1" 200 408
222.70.176.97 - - [30/Nov/2021:09:03:24 +0800] "GET /xingrg/kc/buy/cgsh_order_operate.html?command=get_materiel&rest_code=00111&code=00101008264&supplier_code=00100005&order_time=2021-11-30 HTTP/1.1" 200 412
180.157.253.6 - - [30/Nov/2021:09:03:26 +0800] "GET /xingrg/login.html HTTP/1.1" 200 7641
222.70.171.86 - - [30/Nov/2021:09:03:28 +0800] "GET /xingrg/all/function/internal_message.html?_=1638234211772&CODE_STATE=getMsg HTTP/1.1" 302 -
114.86.224.129 - - [30/Nov/2021:09:03:28 +0800] "GET /xingrg/all/function/internal_message.html?_=1638234207711&CODE_STATE=getMsg HTTP/1.1" 200 27
180.157.253.6 - - [30/Nov/2021:09:03:28 +0800] "GET /favicon.ico HTTP/1.1" 404 -
114.86.224.129 - - [30/Nov/2021:09:03:29 +0800] "GET /xingrg/kc/buy/cgsh_order_operate.html?command=get_materiel&rest_code=00109&code=00101008199&supplier_code=00100005&order_time=2021-11-30 HTTP/1.1" 200 408
58.39.139.200 - - [30/Nov/2021:09:03:30 +0800] "GET /xingrg/all/function/internal_message.html?_=1638234209684&CODE_STATE=getMsg HTTP/1.1" 200 27
180.157.253.6 - - [30/Nov/2021:09:03:32 +0800] "POST /xingrg/login.do HTTP/1.1" 302 -
180.157.253.6 - - [30/Nov/2021:09:03:32 +0800] "GET /xingrg/index.html?sysBaseUrl=http%3A%2F%2F180.169.147.146%3A18081%2Fxingrg%2F&costTime=43×tamp=1638234212868 HTTP/1.1" 200 17179
222.70.176.97 - - [30/Nov/2021:09:03:33 +0800] "GET /xingrg/kc/buy/cgsh_order_operate.html?command=get_materiel&rest_code=00111&code=00101008196&supplier_code=00100005&order_time=2021-11-30 HTTP/1.1" 200 416
180.157.253.6 - - [30/Nov/2021:09:03:33 +0800] "GET /favicon.ico HTTP/1.1" 404 -
180.157.253.6 - - [30/Nov/2021:09:03:33 +0800] "POST /xingrg/all/common/load_tree.html?tree=area_rest_tree_json&manage=1 HTTP/1.1" 200 470
180.157.253.6 - - [30/Nov/2021:09:03:33 +0800] "GET /xingrg/all/function/internal_message.html?_=1638234213592&CODE_STATE=count HTTP/1.1" 200 11
180.157.253.6 - - [30/Nov/2021:09:03:33 +0800] "GET /xingrg/check_reg.html?_=1638234213595 HTTP/1.1" 200 22
180.157.253.6 - - [30/Nov/2021:09:03:33 +0800] "POST /xingrg/load_menu.html HTTP/1.1" 200 5138
116.238.248.233 - - [30/Nov/2021:09:03:33 +0800] "GET /xingrg/all/function/internal_message.html?_=1638234212586&CODE_STATE=getMsg HTTP/1.1" 200 27
116.238.248.233 - - [30/Nov/2021:09:03:33 +0800] "GET /xingrg/check_reg.html?_=1638234212591 HTTP/1.1" 200 22
114.83.223.93 - - [30/Nov/2021:09:03:34 +0800] "GET /xingrg/all/function/internal_message.html?_=1638234212598&CODE_STATE=getMsg HTTP/1.1" 200 27
114.86.224.129 - - [30/Nov/2021:09:03:34 +0800] "GET /xingrg/kc/buy/cgsh_order_operate.html?command=get_materiel&rest_code=00109&code=00101008024&supplier_code=00100005&order_time=2021-11-30 HTTP/1.1" 200 408
222.70.176.97 - - [30/Nov/2021:09:03:35 +0800] "POST /xingrg/kc/buy/cgsh_order_operate.html HTTP/1.1" 200 2065
180.157.253.6 - - [30/Nov/2021:09:03:36 +0800] "GET /xingrg/kc/buy/buy_main.html HTTP/1.1" 200 12412
180.157.253.6 - - [30/Nov/2021:09:03:36 +0800] "GET /xingrg/css/new_ie.css HTTP/1.1" 404 1036
180.157.253.6 - - [30/Nov/2021:09:03:36 +0800] "GET /xingrg/css/blue.css HTTP/1.1" 200 15949
180.157.253.6 - - [30/Nov/2021:09:03:36 +0800] "GET /xingrg/javascript/ToolTips.js HTTP/1.1" 200 5615
180.157.253.6 - - [30/Nov/2021:09:03:36 +0800] "GET /xingrg/javascript/myfunction.js HTTP/1.1" 200 24559
180.157.253.6 - - [30/Nov/2021:09:03:36 +0800] "GET /xingrg/images/blue/button/cgshd.gif HTTP/1.1" 200 2618
180.157.253.6 - - [30/Nov/2021:09:03:36 +0800] "GET /xingrg/images/blue/button/kc.gif HTTP/1.1" 200 2160
180.157.253.6 - - [30/Nov/2021:09:03:36 +0800] "GET /xingrg/javascript/jquery_ui/jquery-ui.min.js HTTP/1.1" 200 186181
180.157.253.6 - - [30/Nov/2021:09:03:36 +0800] "GET /xingrg/images/blue/button/cgfkd.gif HTTP/1.1" 200 2075
180.157.253.6 - - [30/Nov/2021:09:03:36 +0800] "GET /xingrg/javascript/jquery_ui/themes/humanity/humanity.css HTTP/1.1" 200 27801
180.157.253.6 - - [30/Nov/2021:09:03:36 +0800] "GET /xingrg/images/blue/button/ckthd.gif HTTP/1.1" 200 2045
180.157.253.6 - - [30/Nov/2021:09:03:36 +0800] "GET /xingrg/images/blue/button/cgxqd.gif HTTP/1.1" 200 2619
180.157.253.6 - - [30/Nov/2021:09:03:36 +0800] "GET /xingrg/images/blue/button/cgydd.gif HTTP/1.1" 200 2712
180.157.253.6 - - [30/Nov/2021:09:03:36 +0800] "GET /xingrg/images/blue/pic_form2.gif HTTP/1.1" 200 1853
180.157.253.6 - - [30/Nov/2021:09:03:36 +0800] "GET /xingrg/javascript/jquery_ui/themes/humanity/images/ui-bg_inset-soft_100_f4f0ec_1x100.png HTTP/1.1" 200 141
180.157.253.6 - - [30/Nov/2021:09:03:36 +0800] "GET /xingrg/images/blue/bg_dotted.jpg HTTP/1.1" 200 319
180.157.253.6 - - [30/Nov/2021:09:03:36 +0800] "GET /xingrg/images/blue/button/right_ah.jpg HTTP/1.1" 200 1744
180.157.253.6 - - [30/Nov/2021:09:03:36 +0800] "GET /xingrg/images/blue/button/down_ah.jpg HTTP/1.1" 200 1732
180.157.253.6 - - [30/Nov/2021:09:03:36 +0800] "GET /xingrg/javascript/jquery_ui/themes/humanity/images/ui-icons_ffffff_256x240.png HTTP/1.1" 200 4369
180.157.253.6 - - [30/Nov/2021:09:03:36 +0800] "GET /xingrg/javascript/jquery_ui/themes/humanity/images/ui-bg_glass_70_ede4d4_1x400.png HTTP/1.1" 200 161
180.157.253.6 - - [30/Nov/2021:09:03:36 +0800] "GET /xingrg/javascript/jquery_ui/themes/humanity/images/ui-iconsnew.jpg HTTP/1.1" 200 337
180.157.253.6 - - [30/Nov/2021:09:03:36 +0800] "GET /xingrg/javascript/jquery_ui/themes/humanity/images/ui-icons_c47a23_256x240.png HTTP/1.1" 200 5355
180.157.253.6 - - [30/Nov/2021:09:03:36 +0800] "GET /xingrg/images/yd/bt.gif HTTP/1.1" 404 1040
180.157.253.6 - - [30/Nov/2021:09:03:37 +0800] "GET /xingrg/kc/buy/cgsh_order_list.html HTTP/1.1" 200 49276
180.174.250.202 - - [30/Nov/2021:09:03:38 +0800] "GET /xingrg/check_reg.html?_=1638234214445 HTTP/1.1" 200 22
114.86.224.129 - - [30/Nov/2021:09:03:39 +0800] "GET /xingrg/kc/buy/cgsh_order_operate.html?command=get_materiel&rest_code=00109&code=00101008270&supplier_code=00100005&order_time=2021-11-30 HTTP/1.1" 200 412
180.157.253.6 - - [30/Nov/2021:09:03:40 +0800] "POST /xingrg/kc/buy/cgsh_list_operate.html HTTP/1.1" 200 2003
172.20.0.100 - - [30/Nov/2021:09:03:40 +0800] "GET /xingrg/all/function/internal_message.html?_=1638234219129&CODE_STATE=getMsg HTTP/1.1" 200 27
120.253.135.82 - - [30/Nov/2021:09:03:41 +0800] "GET /xingrg/all/function/internal_message.html?_=1638233795230&CODE_STATE=getMsg HTTP/1.1" 302 -
222.70.176.97 - - [30/Nov/2021:09:03:41 +0800] "GET /xingrg/kc/buy/cgsh_order_operate.html?command=get_materiel&rest_code=00111&code=00101008005&supplier_code=00100005&order_time=2021-11-30 HTTP/1.1" 200 412
114.83.223.93 - - [30/Nov/2021:09:03:43 +0800] "POST /xingrg/services/DataTransmitService HTTP/1.1" 200 524
180.174.250.202 - - [30/Nov/2021:09:03:43 +0800] "GET /xingrg/all/function/internal_message.html?_=1638234219449&CODE_STATE=getMsg HTTP/1.1" 200 27
114.83.223.93 - - [30/Nov/2021:09:03:43 +0800] "POST /xingrg/services/DataTransmitService HTTP/1.1" 200 1983
114.83.223.93 - - [30/Nov/2021:09:03:44 +0800] "POST /xingrg/services/DataTransmitService HTTP/1.1" 200 132307
114.86.224.129 - - [30/Nov/2021:09:03:44 +0800] "GET /xingrg/kc/buy/cgsh_order_operate.html?command=get_materiel&rest_code=00109&code=00101008298&supplier_code=00100005&order_time=2021-11-30 HTTP/1.1" 200 412
116.227.210.113 - - [30/Nov/2021:09:03:47 +0800] "GET /xingrg/all/function/internal_message.html?_=1638234225273&CODE_STATE=getMsg HTTP/1.1" 200 27
180.157.253.6 - - [30/Nov/2021:09:03:47 +0800] "GET /xingrg/all/function/internal_message.html?_=1638234230707&CODE_STATE=getMsg HTTP/1.1" 200 27
114.86.224.129 - - [30/Nov/2021:09:03:49 +0800] "GET /xingrg/kc/buy/cgsh_order_operate.html?command=get_materiel&rest_code=00109&code=00101008084&supplier_code=00100005&order_time=2021-11-30 HTTP/1.1" 200 412
222.69.132.164 - - [30/Nov/2021:09:03:49 +0800] "GET /xingrg/all/function/internal_message.html?_=1638234237328&CODE_STATE=getMsg HTTP/1.1" 200 27
222.70.176.97 - - [30/Nov/2021:09:03:53 +0800] "GET /xingrg/kc/buy/cgsh_order_operate.html?command=get_materiel&rest_code=00111&code=00101008353&supplier_code=00100005&order_time=2021-11-30 HTTP/1.1" 200 408
180.157.253.6 - - [30/Nov/2021:09:03:54 +0800] "POST /xingrg/kc/buy/cgsh_list_operate.html HTTP/1.1" 200 578
114.86.224.129 - - [30/Nov/2021:09:03:55 +0800] "GET /xingrg/kc/buy/cgsh_order_operate.html?command=get_materiel&rest_code=00109&code=00101008354&supplier_code=00100005&order_time=2021-11-30 HTTP/1.1" 200 412
180.157.253.6 - - [30/Nov/2021:09:03:55 +0800] "POST /xingrg/kc/buy/cgsh_list_operate.html HTTP/1.1" 200 565
222.70.171.86 - - [30/Nov/2021:09:04:00 +0800] "GET /xingrg/all/function/internal_message.html?_=1638234245525&CODE_STATE=getMsg HTTP/1.1" 200 27
114.86.224.129 - - [30/Nov/2021:09:04:01 +0800] "GET /xingrg/kc/buy/cgsh_order_operate.html?command=get_materiel&rest_code=00109&code=00101008360&supplier_code=00100005&order_time=2021-11-30 HTTP/1.1" 200 413
222.70.176.97 - - [30/Nov/2021:09:04:02 +0800] "GET /xingrg/kc/buy/cgsh_order_operate.html?command=get_materiel&rest_code=00111&code=00101008291&supplier_code=00100005&order_time=2021-11-30 HTTP/1.1" 200 408
114.85.125.222 - - [30/Nov/2021:09:04:03 +0800] "GET /xingrg/all/function/internal_message.html?_=1638234211163&CODE_STATE=getMsg HTTP/1.1" 200 27
114.86.224.129 - - [30/Nov/2021:09:04:06 +0800] "GET /xingrg/kc/buy/cgsh_order_operate.html?command=get_materiel&rest_code=00109&code=00101008036&supplier_code=00100005&order_time=2021-11-30 HTTP/1.1" 200 408
180.157.253.6 - - [30/Nov/2021:09:04:08 +0800] "POST /xingrg/kc/buy/cgsh_list_operate.html HTTP/1.1" 200 4
114.83.223.93 - - [30/Nov/2021:09:04:09 +0800] "POST /xingrg/services/DataTransmitService HTTP/1.1" 200 524
114.83.223.93 - - [30/Nov/2021:09:04:12 +0800] "POST /xingrg/kc/buy/cgsh_order_operate.html HTTP/1.1" 200 37
180.157.253.6 - - [30/Nov/2021:09:04:12 +0800] "POST /xingrg/kc/buy/cgsh_list_operate.html HTTP/1.1" 200 876
180.157.253.6 - - [30/Nov/2021:09:04:12 +0800] "GET /xingrg/kc/mdqp/qp_main.html HTTP/1.1" 200 10633
180.157.253.6 - - [30/Nov/2021:09:04:12 +0800] "GET /xingrg/images/blue/button/pszx.gif HTTP/1.1" 200 2648
180.157.253.6 - - [30/Nov/2021:09:04:12 +0800] "GET /xingrg/images/blue/button/qqpsd.gif HTTP/1.1" 200 2548
180.157.253.6 - - [30/Nov/2021:09:04:12 +0800] "GET /xingrg/images/blue/button/psshd.gif HTTP/1.1" 200 2692
180.157.253.6 - - [30/Nov/2021:09:04:13 +0800] "GET /xingrg/images/yd/bt.gif HTTP/1.1" 404 1040
114.83.223.93 - - [30/Nov/2021:09:04:13 +0800] "POST /xingrg/services/DataTransmitService HTTP/1.1" 200 501
114.86.224.129 - - [30/Nov/2021:09:04:13 +0800] "GET /xingrg/kc/buy/cgsh_order_operate.html?command=get_materiel&rest_code=00109&code=00101008196&supplier_code=00100005&order_time=2021-11-30 HTTP/1.1" 200 416
180.157.253.6 - - [30/Nov/2021:09:04:14 +0800] "GET /xingrg/kc/mdqp/pssh_order_list.html HTTP/1.1" 200 17861
180.157.253.6 - - [30/Nov/2021:09:04:14 +0800] "POST /xingrg/kc/mdqp/pssh_list_operate.html HTTP/1.1" 200 5392
114.83.223.93 - - [30/Nov/2021:09:04:15 +0800] "POST /xingrg/services/DataTransmitService HTTP/1.1" 200 524
180.157.253.6 - - [30/Nov/2021:09:04:17 +0800] "GET /xingrg/kc/base/base_main.html HTTP/1.1" 200 12142
180.157.253.6 - - [30/Nov/2021:09:04:17 +0800] "GET /xingrg/images/blue/button/wlsy.gif HTTP/1.1" 200 2536
180.157.253.6 - - [30/Nov/2021:09:04:17 +0800] "GET /xingrg/images/blue/button/ckpd.gif HTTP/1.1" 200 2051
180.157.253.6 - - [30/Nov/2021:09:04:17 +0800] "GET /xingrg/images/blue/button/ckdb.gif HTTP/1.1" 200 1950
180.157.253.6 - - [30/Nov/2021:09:04:17 +0800] "GET /xingrg/images/blue/button/yddb.gif HTTP/1.1" 200 2040
180.157.253.6 - - [30/Nov/2021:09:04:17 +0800] "GET /xingrg/images/blue/button/top_left.jpg HTTP/1.1" 200 1632
180.157.253.6 - - [30/Nov/2021:09:04:17 +0800] "GET /xingrg/images/blue/button/left_ah.jpg HTTP/1.1" 200 1643
180.157.253.6 - - [30/Nov/2021:09:04:17 +0800] "GET /xingrg/images/blue/button/bottom_left.jpg HTTP/1.1" 200 1524
180.157.253.6 - - [30/Nov/2021:09:04:17 +0800] "GET /xingrg/images/blue/button/top_right.jpg HTTP/1.1" 200 1708
180.157.253.6 - - [30/Nov/2021:09:04:17 +0800] "GET /xingrg/images/blue/button/down.jpg HTTP/1.1" 200 1560
180.157.253.6 - - [30/Nov/2021:09:04:17 +0800] "GET /xingrg/images/blue/button/bottom_right.jpg HTTP/1.1" 200 1436
180.157.253.6 - - [30/Nov/2021:09:04:18 +0800] "GET /xingrg/kc/base/wldb_order_list.html HTTP/1.1" 200 19230
180.157.253.6 - - [30/Nov/2021:09:04:18 +0800] "POST /xingrg/kc/base/wldb_list_operate.html HTTP/1.1" 200 928
114.86.224.129 - - [30/Nov/2021:09:04:19 +0800] "GET /xingrg/kc/buy/cgsh_order_operate.html?command=get_materiel&rest_code=00109&code=00101008197&supplier_code=00100005&order_time=2021-11-30 HTTP/1.1" 200 416
120.253.135.82 - - [30/Nov/2021:09:04:19 +0800] "GET /xingrg/all/function/internal_message.html?_=1638234034855&CODE_STATE=getMsg HTTP/1.1" 200 27
180.157.253.6 - - [30/Nov/2021:09:04:19 +0800] "GET /xingrg/kc/base/wldb_order_add.html HTTP/1.1" 200 30440
180.157.253.6 - - [30/Nov/2021:09:04:19 +0800] "GET /xingrg/words/20211129181953_words.js HTTP/1.1" 200 876095
114.83.223.93 - - [30/Nov/2021:09:04:20 +0800] "POST /xingrg/kc/buy/cgsh_order_operate.html HTTP/1.1" 200 12
180.157.253.6 - - [30/Nov/2021:09:04:20 +0800] "GET /xingrg/all/common/auto_word.html?type=base&rest_code=00148 HTTP/1.1" 200 1749
180.157.253.6 - - [30/Nov/2021:09:04:20 +0800] "GET /xingrg/all/common/auto_word.html?type=base&rest_code=00148 HTTP/1.1" 200 1749
180.157.253.6 - - [30/Nov/2021:09:04:20 +0800] "GET /xingrg/javascript/easyui/themes/default/validatebox.css HTTP/1.1" 404 1104
180.157.253.6 - - [30/Nov/2021:09:04:20 +0800] "POST /xingrg/kc/base/wldb_order_operate.html HTTP/1.1" 200 6806
114.83.223.93 - - [30/Nov/2021:09:04:21 +0800] "GET /xingrg/kc/buy/cgsh_order_info.html?code=212021113012904 HTTP/1.1" 200 60002
114.83.223.93 - - [30/Nov/2021:09:04:21 +0800] "GET /xingrg/javascript/easyui/themes/default/validatebox.css HTTP/1.1" 404 1104
58.221.95.50 - - [30/Nov/2021:09:04:21 +0800] "GET /xingrg/all/function/internal_message.html?_=1638234262317&CODE_STATE=getMsg HTTP/1.1" 302 -
222.70.176.97 - - [30/Nov/2021:09:04:21 +0800] "GET /xingrg/all/function/internal_message.html?_=1638234260049&CODE_STATE=getMsg HTTP/1.1" 200 27
180.157.253.6 - - [30/Nov/2021:09:04:21 +0800] "GET /xingrg/javascript/auto/indicator.gif HTTP/1.1" 404 1066
114.83.223.93 - - [30/Nov/2021:09:04:22 +0800] "POST /xingrg/kc/buy/cgsh_order_operate.html HTTP/1.1" 200 24293
114.83.223.93 - - [30/Nov/2021:09:04:24 +0800] "GET /xingrg/kc/print/report_design.html?orderType=cgsh HTTP/1.1" 200 8625
114.83.223.93 - - [30/Nov/2021:09:04:24 +0800] "GET /xingrg/css/design.css HTTP/1.1" 200 2477
114.83.223.93 - - [30/Nov/2021:09:04:24 +0800] "GET /xingrg/javascript/easyui/jquery.easyui.min.js HTTP/1.1" 200 272531
114.83.223.93 - - [30/Nov/2021:09:04:24 +0800] "GET /xingrg/javascript/print/report.helper.js HTTP/1.1" 200 7208
114.83.223.93 - - [30/Nov/2021:09:04:24 +0800] "GET /xingrg/javascript/print/report.js HTTP/1.1" 200 10993
114.83.223.93 - - [30/Nov/2021:09:04:24 +0800] "GET /xingrg/javascript/easyui/themes/sunny/easyui.css HTTP/1.1" 200 34304
114.83.223.93 - - [30/Nov/2021:09:04:24 +0800] "GET /xingrg/javascript/easyui/themes/sunny/images/ui-bg_highlight-soft_100_feeebd_1x100.png HTTP/1.1" 200 108
114.83.223.93 - - [30/Nov/2021:09:04:24 +0800] "GET /xingrg/javascript/easyui/themes/sunny/images/ui-bg_gloss-wave_45_817865_500x100.png HTTP/1.1" 200 3971
114.83.223.93 - - [30/Nov/2021:09:04:24 +0800] "GET /xingrg/javascript/easyui/themes/sunny/images/blank.gif HTTP/1.1" 200 43
114.83.223.93 - - [30/Nov/2021:09:04:24 +0800] "GET /xingrg/javascript/easyui/themes/sunny/images/ui-icons_fadc7a_256x240.png HTTP/1.1" 200 4369
114.83.223.93 - - [30/Nov/2021:09:04:24 +0800] "GET /xingrg/kc/print/design_operate.html?_=1638234262804&command=load_config&code=cgsh HTTP/1.1" 200 3167
114.83.223.93 - - [30/Nov/2021:09:04:24 +0800] "GET /xingrg/javascript/easyui/themes/sunny/images/ui-icons_bd7b00_256x240.png HTTP/1.1" 200 4369
114.83.223.93 - - [30/Nov/2021:09:04:24 +0800] "GET /xingrg/javascript/easyui/themes/sunny/images/ui-bg_gloss-wave_70_ffdd57_500x100.png HTTP/1.1" 200 3830
114.83.223.93 - - [30/Nov/2021:09:04:24 +0800] "GET /favicon.ico HTTP/1.1" 404 -
114.83.223.93 - - [30/Nov/2021:09:04:24 +0800] "GET /xingrg/css/images/background.png HTTP/1.1" 200 137
222.70.176.97 - - [30/Nov/2021:09:04:24 +0800] "GET /xingrg/kc/buy/cgsh_order_operate.html?command=get_materiel&rest_code=00111&code=00101008633&supplier_code=00100005&order_time=2021-11-30 HTTP/1.1" 200 400
114.83.223.93 - - [30/Nov/2021:09:04:26 +0800] "POST /xingrg/services/DataTransmitService HTTP/1.1" 200 501
114.83.223.93 - - [30/Nov/2021:09:04:26 +0800] "POST /xingrg/services/DataTransmitService HTTP/1.1" 200 501
180.157.253.6 - - [30/Nov/2021:09:04:26 +0800] "GET /xingrg/javascript/jquery_tools/images/prev.gif HTTP/1.1" 404 1086
180.157.253.6 - - [30/Nov/2021:09:04:26 +0800] "GET /xingrg/javascript/jquery_tools/images/next.gif HTTP/1.1" 404 1086
114.86.224.129 - - [30/Nov/2021:09:04:27 +0800] "GET /xingrg/kc/buy/cgsh_order_operate.html?command=get_materiel&rest_code=00109&code=00101008221&supplier_code=00100005&order_time=2021-11-30 HTTP/1.1" 200 412
114.83.223.93 - - [30/Nov/2021:09:04:27 +0800] "GET /xingrg/kc/print/load_config.html?kc_code=cgsh HTTP/1.1" 200 2281
114.83.223.93 - - [30/Nov/2021:09:04:27 +0800] "GET /xingrg/kc/print/load_data.html?order_code=212021113012904&kc_code=cgsh&condition= HTTP/1.1" 200 9744
114.83.223.93 - - [30/Nov/2021:09:04:27 +0800] "POST /xingrg/services/DataTransmitService HTTP/1.1" 200 501
222.70.171.86 - - [30/Nov/2021:09:04:28 +0800] "GET /xingrg/all/function/internal_message.html?_=1638234271777&CODE_STATE=getMsg HTTP/1.1" 302 -
114.83.223.93 - - [30/Nov/2021:09:04:28 +0800] "POST /xingrg/services/DataTransmitService HTTP/1.1" 200 501
114.86.224.129 - - [30/Nov/2021:09:04:28 +0800] "GET /xingrg/all/function/internal_message.html?_=1638234267709&CODE_STATE=getMsg HTTP/1.1" 200 27
114.83.223.93 - - [30/Nov/2021:09:04:28 +0800] "POST /xingrg/services/DataTransmitService HTTP/1.1" 200 501
222.70.176.97 - - [30/Nov/2021:09:04:28 +0800] "POST /xingrg/kc/buy/cgsh_order_operate.html HTTP/1.1" 200 2065
114.83.223.93 - - [30/Nov/2021:09:04:28 +0800] "POST /xingrg/services/DataTransmitService HTTP/1.1" 200 501
114.83.223.93 - - [30/Nov/2021:09:04:29 +0800] "POST /xingrg/services/DataTransmitService HTTP/1.1" 200 501
114.83.223.93 - - [30/Nov/2021:09:04:29 +0800] "POST /xingrg/services/DataTransmitService HTTP/1.1" 200 501
114.83.223.93 - - [30/Nov/2021:09:04:29 +0800] "POST /xingrg/services/DataTransmitService HTTP/1.1" 200 501
114.83.223.93 - - [30/Nov/2021:09:04:30 +0800] "POST /xingrg/services/DataTransmitService HTTP/1.1" 200 412
58.39.139.200 - - [30/Nov/2021:09:04:30 +0800] "GET /xingrg/all/function/internal_message.html?_=1638234269699&CODE_STATE=getMsg HTTP/1.1" 200 27
58.39.139.200 - - [30/Nov/2021:09:04:30 +0800] "GET /xingrg/check_reg.html?_=1638234269703 HTTP/1.1" 200 22
114.86.224.129 - - [30/Nov/2021:09:04:33 +0800] "GET /xingrg/kc/buy/cgsh_order_operate.html?command=get_materiel&rest_code=00109&code=00101015037&supplier_code=00100005&order_time=2021-11-30 HTTP/1.1" 200 412
180.157.253.6 - - [30/Nov/2021:09:04:33 +0800] "GET /xingrg/all/function/internal_message.html?_=1638234273611&CODE_STATE=getMsg HTTP/1.1" 200 27
116.238.248.233 - - [30/Nov/2021:09:04:33 +0800] "GET /xingrg/all/function/internal_message.html?_=1638234272575&CODE_STATE=getMsg HTTP/1.1" 200 27
114.83.223.93 - - [30/Nov/2021:09:04:34 +0800] "GET /xingrg/all/function/internal_message.html?_=1638234272592&CODE_STATE=getMsg HTTP/1.1" 200 27
222.70.176.97 - - [30/Nov/2021:09:04:38 +0800] "GET /xingrg/kc/buy/cgsh_order_operate.html?command=get_materiel&rest_code=00111&code=00101008031&supplier_code=00100005&order_time=2021-11-30 HTTP/1.1" 200 413
114.86.224.129 - - [30/Nov/2021:09:04:38 +0800] "GET /xingrg/kc/buy/cgsh_order_operate.html?command=get_materiel&rest_code=00109&code=00101008027&supplier_code=00100005&order_time=2021-11-30 HTTP/1.1" 200 408
172.20.0.100 - - [30/Nov/2021:09:04:40 +0800] "GET /xingrg/all/function/internal_message.html?_=1638234279117&CODE_STATE=getMsg HTTP/1.1" 200 27
120.253.135.82 - - [30/Nov/2021:09:04:41 +0800] "GET /xingrg/all/function/internal_message.html?_=1638233855203&CODE_STATE=getMsg HTTP/1.1" 302 -
180.174.250.202 - - [30/Nov/2021:09:04:43 +0800] "GET /xingrg/all/function/internal_message.html?_=1638234279463&CODE_STATE=getMsg HTTP/1.1" 200 27
114.86.224.129 - - [30/Nov/2021:09:04:44 +0800] "GET /xingrg/kc/buy/cgsh_order_operate.html?command=get_materiel&rest_code=00109&code=00101008244&supplier_code=00100005&order_time=2021-11-30 HTTP/1.1" 200 408
116.227.210.113 - - [30/Nov/2021:09:04:47 +0800] "GET /xingrg/all/function/internal_message.html?_=1638234285285&CODE_STATE=getMsg HTTP/1.1" 200 27
116.227.210.113 - - [30/Nov/2021:09:04:47 +0800] "GET /xingrg/check_reg.html?_=1638234285287 HTTP/1.1" 200 22
180.157.253.6 - - [30/Nov/2021:09:04:47 +0800] "GET /xingrg/all/function/internal_message.html?_=1638234290704&CODE_STATE=getMsg HTTP/1.1" 200 27
222.69.132.164 - - [30/Nov/2021:09:04:49 +0800] "GET /xingrg/all/function/internal_message.html?_=1638234297321&CODE_STATE=getMsg HTTP/1.1" 200 27
180.157.253.6 - - [30/Nov/2021:09:04:50 +0800] "GET /xingrg/kc/base/wldb_order_operate.html?command=get_materiel&rest_code=00148&base_code=0010002&code=00101019541 HTTP/1.1" 200 432
114.86.224.129 - - [30/Nov/2021:09:04:51 +0800] "GET /xingrg/kc/buy/cgsh_order_operate.html?command=get_materiel&rest_code=00109&code=00101008351&supplier_code=00100005&order_time=2021-11-30 HTTP/1.1" 200 408
