180.157.253.6 - - [30/Nov/2021:10:47:32 +0800] "GET /xingrg/javascript/jquery_easy_ui/themes/icons/help.png HTTP/1.1" 200 1187
180.157.253.6 - - [30/Nov/2021:10:47:32 +0800] "GET /xingrg/javascript/jquery_easy_ui/themes/default/images/button_a_bg.gif HTTP/1.1" 200 1194
116.228.172.94 - - [30/Nov/2021:10:47:32 +0800] "GET /xingrg/all/function/internal_message.html?_=1638240325671&CODE_STATE=getMsg HTTP/1.1" 200 27
180.157.253.6 - - [30/Nov/2021:10:47:32 +0800] "POST /xingrg/dwr/call/plaincall/AjaxReportQueryService.getFixDate.dwr HTTP/1.1" 200 111
180.157.253.6 - - [30/Nov/2021:10:47:32 +0800] "POST /xingrg/dwr/call/plaincall/AjaxReportQueryService.getInitString.dwr HTTP/1.1" 200 125
180.157.253.6 - - [30/Nov/2021:10:47:32 +0800] "GET /xingrg/javascript/multi_select/dropdown.gif HTTP/1.1" 200 61
114.83.223.93 - - [30/Nov/2021:10:47:32 +0800] "GET /xingrg/all/function/internal_message.html?_=1638240451048&CODE_STATE=getMsg HTTP/1.1" 200 27
124.78.153.86 - - [30/Nov/2021:10:47:32 +0800] "POST /xingrg/kc/buy/cgsh_order_operate.html HTTP/1.1" 200 37
116.227.210.113 - - [30/Nov/2021:10:47:33 +0800] "GET /xingrg/all/function/internal_message.html?_=1638240452230&CODE_STATE=getMsg HTTP/1.1" 200 27
114.83.223.93 - - [30/Nov/2021:10:47:34 +0800] "GET /xingrg/check_reg.html?_=1638240452824 HTTP/1.1" 200 22
116.227.210.113 - - [30/Nov/2021:10:47:34 +0800] "GET /xingrg/kc/buy/cgsh_order_operate.html?command=get_materiel&rest_code=00155&code=00101008353&supplier_code=00100005&order_time=2021-11-30 HTTP/1.1" 200 408
180.174.250.202 - - [30/Nov/2021:10:47:35 +0800] "GET /xingrg/all/function/internal_message.html?_=1638240454659&CODE_STATE=getMsg HTTP/1.1" 200 27
180.157.253.6 - - [30/Nov/2021:10:47:36 +0800] "GET /xingrg/javascript/multi_select/dropdown_hover.gif HTTP/1.1" 200 61
124.78.153.86 - - [30/Nov/2021:10:47:36 +0800] "POST /xingrg/kc/buy/cgsh_order_operate.html HTTP/1.1" 200 12
116.227.210.113 - - [30/Nov/2021:10:47:38 +0800] "POST /xingrg/kc/buy/cgsh_order_operate.html HTTP/1.1" 200 2065
101.85.120.86 - - [30/Nov/2021:10:47:38 +0800] "GET /xingrg/all/function/internal_message.html?_=1638240456158&CODE_STATE=getMsg HTTP/1.1" 200 27
58.37.8.149 - - [30/Nov/2021:10:47:38 +0800] "GET /xingrg/check_reg.html?_=1638240280412 HTTP/1.1" 200 22
120.253.135.82 - - [30/Nov/2021:10:47:39 +0800] "GET /xingrg/all/function/internal_message.html?_=1638240033708&CODE_STATE=getMsg HTTP/1.1" 302 -
124.78.153.86 - - [30/Nov/2021:10:47:39 +0800] "GET /xingrg/kc/buy/cgsh_order_info.html?code=212021113012950 HTTP/1.1" 200 59955
172.20.0.100 - - [30/Nov/2021:10:47:40 +0800] "GET /xingrg/all/function/internal_message.html?_=1638240459128&CODE_STATE=getMsg HTTP/1.1" 200 27
124.78.153.86 - - [30/Nov/2021:10:47:40 +0800] "GET /xingrg/javascript/easyui/themes/default/validatebox.css HTTP/1.1" 404 1104
124.78.153.86 - - [30/Nov/2021:10:47:40 +0800] "GET /xingrg/all/function/internal_message.html?_=1638240454832&CODE_STATE=getMsg HTTP/1.1" 200 27
116.238.248.233 - - [30/Nov/2021:10:47:41 +0800] "GET /xingrg/kc/base/wldb_order_operate.html?command=get_materiel&rest_code=00150&base_code=0010445&code=00101019071 HTTP/1.1" 200 455
124.78.153.86 - - [30/Nov/2021:10:47:41 +0800] "POST /xingrg/kc/buy/cgsh_order_operate.html HTTP/1.1" 200 2376
116.235.94.0 - - [30/Nov/2021:10:47:42 +0800] "GET /xingrg/kc/base/wldb_order_operate.html?command=get_materiel&rest_code=00104&base_code=0010033&code=00102002254 HTTP/1.1" 200 433
124.78.153.86 - - [30/Nov/2021:10:47:43 +0800] "GET /xingrg/kc/print/load_data.html?order_code=212021113012950&kc_code=cgsh&condition= HTTP/1.1" 200 1408
180.174.250.202 - - [30/Nov/2021:10:47:44 +0800] "GET /xingrg/all/function/internal_message.html?_=1638240460206&CODE_STATE=getMsg HTTP/1.1" 200 27
180.169.147.146 - - [30/Nov/2021:10:47:45 +0800] "GET /xingrg/check_reg.html?_=1638240463749 HTTP/1.1" 200 22
180.169.147.146 - - [30/Nov/2021:10:47:45 +0800] "GET /xingrg/all/function/internal_message.html?_=1638240463750&CODE_STATE=getMsg HTTP/1.1" 200 27
116.238.248.233 - - [30/Nov/2021:10:47:45 +0800] "POST /xingrg/kc/base/wldb_order_operate.html HTTP/1.1" 200 37
180.157.253.6 - - [30/Nov/2021:10:47:45 +0800] "POST /xingrg/dwr/call/plaincall/AjaxReportQueryService.refreshCache.dwr HTTP/1.1" 200 78
180.157.253.6 - - [30/Nov/2021:10:47:46 +0800] "POST /xingrg/all/report/load_report_page.html HTTP/1.1" 200 28851
180.157.253.6 - - [30/Nov/2021:10:47:46 +0800] "GET /xingrg/servlets/image?cache=0.7325759310605164&image=px HTTP/1.1" 200 807
58.40.7.146 - - [30/Nov/2021:10:47:46 +0800] "GET /xingrg/check_reg.html?_=1638240465813 HTTP/1.1" 200 22
58.40.7.146 - - [30/Nov/2021:10:47:46 +0800] "GET /xingrg/all/function/internal_message.html?_=1638240466065&CODE_STATE=getMsg HTTP/1.1" 200 27
180.157.253.6 - - [30/Nov/2021:10:47:48 +0800] "GET /xingrg/all/function/internal_message.html?_=1638240467328&CODE_STATE=getMsg HTTP/1.1" 200 27
180.157.253.6 - - [30/Nov/2021:10:47:48 +0800] "GET /xingrg/all/function/internal_message.html?_=1638240468312&CODE_STATE=getMsg HTTP/1.1" 200 27
116.238.248.233 - - [30/Nov/2021:10:47:48 +0800] "POST /xingrg/kc/base/wldb_order_operate.html HTTP/1.1" 200 12
222.69.132.164 - - [30/Nov/2021:10:47:48 +0800] "GET /xingrg/all/function/internal_message.html?_=1638240476417&CODE_STATE=getMsg HTTP/1.1" 200 27
116.238.248.233 - - [30/Nov/2021:10:47:49 +0800] "POST /xingrg/kc/base/wldb_order_operate.html HTTP/1.1" 200 2714
114.86.224.129 - - [30/Nov/2021:10:47:49 +0800] "GET /xingrg/check_reg.html?_=1638240468672 HTTP/1.1" 200 22
114.86.224.129 - - [30/Nov/2021:10:47:49 +0800] "GET /xingrg/all/function/internal_message.html?_=1638240468675&CODE_STATE=getMsg HTTP/1.1" 200 27
124.78.153.86 - - [30/Nov/2021:10:47:49 +0800] "GET /xingrg/kc/print/load_data.html?order_code=212021113012950&kc_code=cgsh HTTP/1.1" 200 1408
116.227.210.113 - - [30/Nov/2021:10:47:49 +0800] "GET /xingrg/kc/buy/cgsh_order_operate.html?command=get_materiel&rest_code=00155&code=00101008312&supplier_code=00100005&order_time=2021-11-30 HTTP/1.1" 200 412
222.69.132.164 - - [30/Nov/2021:10:47:49 +0800] "GET /xingrg/check_reg.html?_=1638240477322 HTTP/1.1" 200 22
116.227.210.113 - - [30/Nov/2021:10:47:49 +0800] "GET /xingrg/check_reg.html?_=1638240467202 HTTP/1.1" 200 22
116.227.210.113 - - [30/Nov/2021:10:47:49 +0800] "GET /xingrg/all/function/internal_message.html?_=1638240467205&CODE_STATE=getMsg HTTP/1.1" 200 27
222.70.176.97 - - [30/Nov/2021:10:47:51 +0800] "GET /xingrg/all/function/internal_message.html?_=1638240469561&CODE_STATE=getMsg HTTP/1.1" 200 27
116.238.248.233 - - [30/Nov/2021:10:47:52 +0800] "GET /xingrg/kc/base/wldb_order_info.html?code=422021113003337 HTTP/1.1" 200 26322
116.238.248.233 - - [30/Nov/2021:10:47:53 +0800] "GET /xingrg/javascript/easyui/themes/default/validatebox.css HTTP/1.1" 404 1104
116.238.248.233 - - [30/Nov/2021:10:47:53 +0800] "POST /xingrg/kc/base/wldb_order_operate.html HTTP/1.1" 200 998
180.157.253.6 - - [30/Nov/2021:10:47:55 +0800] "POST /xingrg/dwr/call/plaincall/AjaxReportQueryService.refreshCache.dwr HTTP/1.1" 200 78
114.85.125.222 - - [30/Nov/2021:10:47:55 +0800] "GET /xingrg/all/function/internal_message.html?_=1638240443028&CODE_STATE=getMsg HTTP/1.1" 200 27
180.157.253.6 - - [30/Nov/2021:10:47:56 +0800] "POST /xingrg/all/report/load_report_page.html HTTP/1.1" 200 58326
180.157.253.6 - - [30/Nov/2021:10:47:56 +0800] "GET /xingrg/images/blue/button/back2.gif HTTP/1.1" 200 1339
180.157.253.6 - - [30/Nov/2021:10:47:56 +0800] "GET /xingrg/images/blue/button/back.gif HTTP/1.1" 200 1352
180.157.253.6 - - [30/Nov/2021:10:47:56 +0800] "GET /xingrg/servlets/image?cache=0.3062717009763656&image=px HTTP/1.1" 200 807
180.174.250.202 - - [30/Nov/2021:10:48:00 +0800] "GET /xingrg/check_reg.html?_=1638240479628 HTTP/1.1" 200 22
180.157.253.6 - - [30/Nov/2021:10:48:00 +0800] "GET /xingrg/kc/mdqp/qp_main.html HTTP/1.1" 200 10633
180.157.253.6 - - [30/Nov/2021:10:48:01 +0800] "GET /xingrg/kc/mdqp/qqps_order_list.html HTTP/1.1" 200 9222
180.157.253.6 - - [30/Nov/2021:10:48:01 +0800] "GET /xingrg/dwr/interface/AjaxQqpsService.js HTTP/1.1" 200 16326
180.157.253.6 - - [30/Nov/2021:10:48:01 +0800] "GET /xingrg/dwr/interface/AjaxReportQueryService.js HTTP/1.1" 200 13203
180.157.253.6 - - [30/Nov/2021:10:48:01 +0800] "GET /xingrg/dwr/engine.js HTTP/1.1" 200 43631
180.157.253.6 - - [30/Nov/2021:10:48:02 +0800] "GET /xingrg/dwr/interface/AjaxComOrderService.js HTTP/1.1" 200 18264
180.157.253.6 - - [30/Nov/2021:10:48:02 +0800] "GET /xingrg/kc/mdqp/qqps_order_add.html HTTP/1.1" 200 28219
180.157.253.6 - - [30/Nov/2021:10:48:02 +0800] "GET /xingrg/javascript/tools/jquery.qtip-1.0.0-rc3.min.js HTTP/1.1" 200 38404
180.157.253.6 - - [30/Nov/2021:10:48:02 +0800] "GET /xingrg/dwr/interface/AjaxQqpsService.js HTTP/1.1" 200 16326
180.157.253.6 - - [30/Nov/2021:10:48:02 +0800] "GET /xingrg/dwr/engine.js HTTP/1.1" 200 43631
180.157.253.6 - - [30/Nov/2021:10:48:02 +0800] "GET /xingrg/javascript/AjaxInfoList.js HTTP/1.1" 200 3774
180.157.253.6 - - [30/Nov/2021:10:48:02 +0800] "GET /xingrg/javascript/Grid.js HTTP/1.1" 200 58908
180.157.253.6 - - [30/Nov/2021:10:48:03 +0800] "GET /xingrg/javascript/jquery_easy_ui/themes/icons/template_new.png HTTP/1.1" 200 3956
180.157.253.6 - - [30/Nov/2021:10:48:03 +0800] "GET /xingrg/javascript/jquery_easy_ui/themes/icons/copy_new.png HTTP/1.1" 200 815
180.157.253.6 - - [30/Nov/2021:10:48:03 +0800] "GET /xingrg/javascript/jquery_easy_ui/themes/icons/ok.png HTTP/1.1" 200 883
180.157.253.6 - - [30/Nov/2021:10:48:04 +0800] "GET /xingrg/images/blue/button/kc_tab_add.gif HTTP/1.1" 200 375
180.157.253.6 - - [30/Nov/2021:10:48:04 +0800] "GET /xingrg/images/blue/button/kc_tab_edit.gif HTTP/1.1" 200 551
180.157.253.6 - - [30/Nov/2021:10:48:04 +0800] "GET /xingrg/images/blue/button/kc_tab_save.gif HTTP/1.1" 200 777
180.157.253.6 - - [30/Nov/2021:10:48:04 +0800] "GET /xingrg/images/blue/button/kc_tab_del.gif HTTP/1.1" 200 383
180.157.253.6 - - [30/Nov/2021:10:48:04 +0800] "GET /xingrg/images/blue/kc_tab_mid.gif HTTP/1.1" 200 44
180.157.253.6 - - [30/Nov/2021:10:48:04 +0800] "GET /xingrg/javascript/jquery_easy_ui/themes/default/images/combo_arrow_dot.gif HTTP/1.1" 200 79
180.157.253.6 - - [30/Nov/2021:10:48:04 +0800] "GET /xingrg/images/blue/kc_tab2_left.gif HTTP/1.1" 200 625
180.157.253.6 - - [30/Nov/2021:10:48:04 +0800] "GET /xingrg/images/blue/kc_tab_left.gif HTTP/1.1" 200 188
180.157.253.6 - - [30/Nov/2021:10:48:04 +0800] "GET /xingrg/images/blue/kc_tab_right.gif HTTP/1.1" 200 643
180.157.253.6 - - [30/Nov/2021:10:48:04 +0800] "GET /xingrg/images/blue/kc_tab2_right.gif HTTP/1.1" 200 192
222.70.171.86 - - [30/Nov/2021:10:48:04 +0800] "GET /xingrg/all/function/internal_message.html?_=1638240489059&CODE_STATE=getMsg HTTP/1.1" 200 27
114.93.37.108 - - [30/Nov/2021:10:48:04 +0800] "GET /xingrg/all/function/internal_message.html?_=1638240480919&CODE_STATE=getMsg HTTP/1.1" 200 27
116.227.210.113 - - [30/Nov/2021:10:48:04 +0800] "GET /xingrg/kc/buy/cgsh_order_operate.html?command=get_materiel&rest_code=00155&code=00101008095&supplier_code=00100005&order_time=2021-11-30 HTTP/1.1" 200 412
116.238.248.233 - - [30/Nov/2021:10:48:07 +0800] "GET /xingrg/all/function/internal_message.html?_=1638240486220&CODE_STATE=getMsg HTTP/1.1" 200 27
180.157.253.6 - - [30/Nov/2021:10:48:13 +0800] "GET /xingrg/images/blue/wait.gif HTTP/1.1" 200 1100
180.157.253.6 - - [30/Nov/2021:10:48:13 +0800] "POST /xingrg/dwr/call/plaincall/AjaxQqpsService.saveOrder.dwr HTTP/1.1" 200 78
180.162.112.229 - - [30/Nov/2021:10:48:13 +0800] "GET /xingrg/all/function/internal_message.html?_=1638239957111&CODE_STATE=getMsg HTTP/1.1" 200 27
116.235.94.0 - - [30/Nov/2021:10:48:15 +0800] "GET /xingrg/check_reg.html?_=1638240613830 HTTP/1.1" 200 22
116.235.94.0 - - [30/Nov/2021:10:48:15 +0800] "GET /xingrg/all/function/internal_message.html?_=1638240613831&CODE_STATE=getMsg HTTP/1.1" 200 27
116.227.210.113 - - [30/Nov/2021:10:48:15 +0800] "GET /xingrg/kc/buy/cgsh_order_operate.html?command=get_materiel&rest_code=00155&code=00101008110&supplier_code=00100005&order_time=2021-11-30 HTTP/1.1" 200 409
58.39.139.200 - - [30/Nov/2021:10:48:23 +0800] "GET /xingrg/all/function/internal_message.html?_=1638240439142&CODE_STATE=getMsg HTTP/1.1" 200 27
116.227.210.113 - - [30/Nov/2021:10:48:26 +0800] "GET /xingrg/kc/buy/cgsh_order_operate.html?command=get_materiel&rest_code=00155&code=00101008027&supplier_code=00100005&order_time=2021-11-30 HTTP/1.1" 200 408
180.157.253.6 - - [30/Nov/2021:10:48:27 +0800] "POST /xingrg/dwr/call/plaincall/AjaxQqpsService.getMaterielByCode.dwr HTTP/1.1" 200 2626
222.70.171.86 - - [30/Nov/2021:10:48:29 +0800] "GET /xingrg/all/function/internal_message.html?_=1638240513189&CODE_STATE=getMsg HTTP/1.1" 302 -
116.235.94.0 - - [30/Nov/2021:10:48:29 +0800] "POST /xingrg/kc/base/wldb_order_operate.html HTTP/1.1" 200 37
116.235.94.0 - - [30/Nov/2021:10:48:29 +0800] "POST /xingrg/kc/base/wldb_order_operate.html HTTP/1.1" 200 2675
116.235.94.0 - - [30/Nov/2021:10:48:30 +0800] "GET /xingrg/kc/base/wldb_order_info.html?code=422021113003338 HTTP/1.1" 200 30458
58.39.139.200 - - [30/Nov/2021:10:48:30 +0800] "GET /xingrg/all/function/internal_message.html?_=1638240509398&CODE_STATE=getMsg HTTP/1.1" 200 27
116.235.94.0 - - [30/Nov/2021:10:48:30 +0800] "GET /xingrg/javascript/easyui/themes/default/validatebox.css HTTP/1.1" 404 1104
116.235.94.0 - - [30/Nov/2021:10:48:30 +0800] "POST /xingrg/kc/base/wldb_order_operate.html HTTP/1.1" 200 2675
180.157.253.6 - - [30/Nov/2021:10:48:31 +0800] "POST /xingrg/dwr/call/plaincall/AjaxQqpsService.saveMaterielItem.dwr HTTP/1.1" 200 78
116.235.94.0 - - [30/Nov/2021:10:48:32 +0800] "GET /xingrg/kc/print/load_config.html?kc_code=wldb HTTP/1.1" 200 2173
222.70.176.97 - - [30/Nov/2021:10:48:32 +0800] "POST /xingrg/kc/buy/cgsh_list_operate.html HTTP/1.1" 200 2482
116.235.94.0 - - [30/Nov/2021:10:48:32 +0800] "GET /xingrg/kc/print/load_data.html?order_code=422021113003338&kc_code=wldb&condition= HTTP/1.1" 200 685
116.228.172.94 - - [30/Nov/2021:10:48:32 +0800] "GET /xingrg/all/function/internal_message.html?_=1638240385652&CODE_STATE=getMsg HTTP/1.1" 200 27
114.83.223.93 - - [30/Nov/2021:10:48:32 +0800] "GET /xingrg/all/function/internal_message.html?_=1638240511030&CODE_STATE=getMsg HTTP/1.1" 200 27
180.174.250.202 - - [30/Nov/2021:10:48:35 +0800] "GET /xingrg/all/function/internal_message.html?_=1638240514639&CODE_STATE=getMsg HTTP/1.1" 200 27
101.85.120.86 - - [30/Nov/2021:10:48:38 +0800] "GET /xingrg/all/function/internal_message.html?_=1638240516159&CODE_STATE=getMsg HTTP/1.1" 200 27
120.253.135.82 - - [30/Nov/2021:10:48:39 +0800] "GET /xingrg/all/function/internal_message.html?_=1638240093682&CODE_STATE=getMsg HTTP/1.1" 302 -
120.253.135.82 - - [30/Nov/2021:10:48:39 +0800] "GET /xingrg/check_reg.html?_=1638240094355 HTTP/1.1" 302 -
172.20.0.100 - - [30/Nov/2021:10:48:40 +0800] "GET /xingrg/all/function/internal_message.html?_=1638240519118&CODE_STATE=getMsg HTTP/1.1" 200 27
124.78.153.86 - - [30/Nov/2021:10:48:40 +0800] "GET /xingrg/all/function/internal_message.html?_=1638240514803&CODE_STATE=getMsg HTTP/1.1" 200 27
180.174.250.202 - - [30/Nov/2021:10:48:44 +0800] "GET /xingrg/all/function/internal_message.html?_=1638240520514&CODE_STATE=getMsg HTTP/1.1" 200 27
180.169.147.146 - - [30/Nov/2021:10:48:45 +0800] "GET /xingrg/all/function/internal_message.html?_=1638240523748&CODE_STATE=getMsg HTTP/1.1" 200 27
58.40.7.146 - - [30/Nov/2021:10:48:46 +0800] "GET /xingrg/all/function/internal_message.html?_=1638240526037&CODE_STATE=getMsg HTTP/1.1" 200 27
180.157.253.6 - - [30/Nov/2021:10:48:48 +0800] "GET /xingrg/all/function/internal_message.html?_=1638240527327&CODE_STATE=getMsg HTTP/1.1" 200 27
180.157.253.6 - - [30/Nov/2021:10:48:48 +0800] "GET /xingrg/all/function/internal_message.html?_=1638240528284&CODE_STATE=getMsg HTTP/1.1" 200 27
222.69.132.164 - - [30/Nov/2021:10:48:48 +0800] "GET /xingrg/all/function/internal_message.html?_=1638240536415&CODE_STATE=getMsg HTTP/1.1" 200 27
114.86.224.129 - - [30/Nov/2021:10:48:49 +0800] "GET /xingrg/all/function/internal_message.html?_=1638240528675&CODE_STATE=getMsg HTTP/1.1" 200 27
180.157.253.6 - - [30/Nov/2021:10:48:49 +0800] "GET /xingrg/kc/base/check_order_list.html HTTP/1.1" 200 16349
180.157.253.6 - - [30/Nov/2021:10:48:49 +0800] "POST /xingrg/kc/base/check_list_operate.html HTTP/1.1" 200 781
116.227.210.113 - - [30/Nov/2021:10:48:49 +0800] "GET /xingrg/all/function/internal_message.html?_=1638240527206&CODE_STATE=getMsg HTTP/1.1" 200 27
180.157.253.6 - - [30/Nov/2021:10:48:50 +0800] "GET /xingrg/kc/base/kc_stocks.html HTTP/1.1" 200 16443
180.157.253.6 - - [30/Nov/2021:10:48:50 +0800] "GET /xingrg/javascript/easyui/themes/default/tree.css HTTP/1.1" 404 1090
180.157.253.6 - - [30/Nov/2021:10:48:50 +0800] "POST /xingrg/all/common/load_tree.html?tree=materiel_sort_tree_json HTTP/1.1" 200 9388
222.70.176.97 - - [30/Nov/2021:10:48:51 +0800] "GET /xingrg/all/function/internal_message.html?_=1638240529577&CODE_STATE=getMsg HTTP/1.1" 200 27
180.157.253.6 - - [30/Nov/2021:10:48:51 +0800] "GET /xingrg/kc/base/check_order_list.html HTTP/1.1" 200 16349
180.157.253.6 - - [30/Nov/2021:10:48:52 +0800] "POST /xingrg/kc/base/check_list_operate.html HTTP/1.1" 200 781
180.157.253.6 - - [30/Nov/2021:10:48:54 +0800] "GET /xingrg/kc/base/wldb_order_list.html HTTP/1.1" 200 19230
180.157.253.6 - - [30/Nov/2021:10:48:54 +0800] "POST /xingrg/kc/base/wldb_list_operate.html HTTP/1.1" 200 4934
114.85.125.222 - - [30/Nov/2021:10:48:55 +0800] "GET /xingrg/check_reg.html?_=1638240502667 HTTP/1.1" 200 22
114.85.125.222 - - [30/Nov/2021:10:48:55 +0800] "GET /xingrg/all/function/internal_message.html?_=1638240503042&CODE_STATE=getMsg HTTP/1.1" 200 27
180.157.253.6 - - [30/Nov/2021:10:48:59 +0800] "GET /xingrg/kc/base/kc_stocks.html HTTP/1.1" 200 16443
180.157.253.6 - - [30/Nov/2021:10:48:59 +0800] "GET /xingrg/javascript/easyui/themes/default/tree.css HTTP/1.1" 404 1090
180.157.253.6 - - [30/Nov/2021:10:48:59 +0800] "POST /xingrg/all/common/load_tree.html?tree=materiel_sort_tree_json HTTP/1.1" 200 9388
114.83.223.93 - - [30/Nov/2021:10:49:04 +0800] "GET /xingrg/kc/report/report_main.html HTTP/1.1" 200 7340
114.93.37.108 - - [30/Nov/2021:10:49:04 +0800] "GET /xingrg/all/function/internal_message.html?_=1638240540917&CODE_STATE=getMsg HTTP/1.1" 200 27
222.70.171.86 - - [30/Nov/2021:10:49:04 +0800] "GET /xingrg/all/function/internal_message.html?_=1638240549072&CODE_STATE=getMsg HTTP/1.1" 200 27
114.83.223.93 - - [30/Nov/2021:10:49:05 +0800] "GET /xingrg/all/report/report_query.html?fileName=kc/buy/wlcg_cate_hz.xml HTTP/1.1" 200 53941
114.83.223.93 - - [30/Nov/2021:10:49:05 +0800] "GET /xingrg/dwr/interface/AjaxReportQueryService.js HTTP/1.1" 200 13203
114.83.223.93 - - [30/Nov/2021:10:49:05 +0800] "GET /xingrg/dwr/engine.js HTTP/1.1" 200 43631
114.83.223.93 - - [30/Nov/2021:10:49:05 +0800] "POST /xingrg/dwr/call/plaincall/AjaxReportQueryService.getFixDate.dwr HTTP/1.1" 200 111
114.83.223.93 - - [30/Nov/2021:10:49:06 +0800] "POST /xingrg/all/common/load_tree.html?tree=materiel_sort_tree_json HTTP/1.1" 200 9388
114.83.223.93 - - [30/Nov/2021:10:49:06 +0800] "POST /xingrg/all/common/load_tree.html?tree=supplier_tree_json&manage=1 HTTP/1.1" 200 62010
116.238.248.233 - - [30/Nov/2021:10:49:07 +0800] "GET /xingrg/all/function/internal_message.html?_=1638240546205&CODE_STATE=getMsg HTTP/1.1" 200 27
114.83.223.93 - - [30/Nov/2021:10:49:07 +0800] "POST /xingrg/all/common/load_tree.html?tree=base_tree_json HTTP/1.1" 200 3866
180.157.253.6 - - [30/Nov/2021:10:49:08 +0800] "POST /xingrg/kc/base/stock_operate.html HTTP/1.1" 200 2698
180.162.112.229 - - [30/Nov/2021:10:49:09 +0800] "POST /xingrg/kc/buy/cgsh_list_operate.html HTTP/1.1" 200 876
124.78.153.86 - - [30/Nov/2021:10:49:09 +0800] "GET /xingrg/check_reg.html?_=1638240543356 HTTP/1.1" 200 22
114.83.223.93 - - [30/Nov/2021:10:49:13 +0800] "POST /xingrg/dwr/call/plaincall/AjaxReportQueryService.getFixDate.dwr HTTP/1.1" 200 111
116.235.94.0 - - [30/Nov/2021:10:49:15 +0800] "GET /xingrg/all/function/internal_message.html?_=1638240673830&CODE_STATE=getMsg HTTP/1.1" 200 27
180.157.253.6 - - [30/Nov/2021:10:49:22 +0800] "GET /xingrg/kc/base/stock_detail.html?m=00101016040 HTTP/1.1" 200 7319
58.39.139.200 - - [30/Nov/2021:10:49:23 +0800] "GET /xingrg/all/function/internal_message.html?_=1638240499142&CODE_STATE=getMsg HTTP/1.1" 200 27
180.157.253.6 - - [30/Nov/2021:10:49:23 +0800] "GET /xingrg/kc/base/stock_operate.html?_=1638240562919&command=get_report_file&start_day=20211101 HTTP/1.1" 200 53
180.157.253.6 - - [30/Nov/2021:10:49:23 +0800] "GET /xingrg/all/report/report_query.html?isQuery=1&onlyBody=1&rh=2000&fileName=kc/base/kc_stock_detail_new.xml&queryString=(1=1)&queryText=&tableQueryString=init_table$sp1$$sp$crk_table$sp1$order_day%20between%2020211101%20and%2020211130&varString=start_day:20211101,materiel_code:00101016040,cost_id:3403,end_date:20211031 HTTP/1.1" 200 48701
180.157.253.6 - - [30/Nov/2021:10:49:23 +0800] "GET /xingrg/dwr/interface/AjaxReportQueryService.js HTTP/1.1" 200 13203
180.157.253.6 - - [30/Nov/2021:10:49:23 +0800] "GET /xingrg/dwr/engine.js HTTP/1.1" 200 43631
180.157.253.6 - - [30/Nov/2021:10:49:24 +0800] "POST /xingrg/all/report/load_report_page.html HTTP/1.1" 200 157341
180.157.253.6 - - [30/Nov/2021:10:49:24 +0800] "GET /xingrg/servlets/image?cache=0.9243156118849913&image=px HTTP/1.1" 200 807
180.174.250.202 - - [30/Nov/2021:10:49:25 +0800] "GET /xingrg/javascript/jquery_easy_ui/themes/default/images/tabs_active.png HTTP/1.1" 304 -
116.228.172.94 - - [30/Nov/2021:10:49:25 +0800] "POST /xingrg/kc/buy/cgsh_list_operate.html HTTP/1.1" 200 876
116.228.172.94 - - [30/Nov/2021:10:49:26 +0800] "GET /xingrg/kc/buy/cgsh_order_add.html HTTP/1.1" 200 64093
116.228.172.94 - - [30/Nov/2021:10:49:26 +0800] "GET /xingrg/words/20211129181953_words.js HTTP/1.1" 304 -
116.228.172.94 - - [30/Nov/2021:10:49:26 +0800] "POST /xingrg/kc/buy/cgsh_order_operate.html HTTP/1.1" 200 8245
116.228.172.94 - - [30/Nov/2021:10:49:26 +0800] "GET /xingrg/javascript/easyui/themes/default/validatebox.css HTTP/1.1" 404 1104
222.70.171.86 - - [30/Nov/2021:10:49:29 +0800] "GET /xingrg/all/function/internal_message.html?_=1638240573213&CODE_STATE=getMsg HTTP/1.1" 302 -
58.39.139.200 - - [30/Nov/2021:10:49:30 +0800] "GET /xingrg/all/function/internal_message.html?_=1638240569379&CODE_STATE=getMsg HTTP/1.1" 200 27
58.39.139.200 - - [30/Nov/2021:10:49:30 +0800] "GET /xingrg/check_reg.html?_=1638240569865 HTTP/1.1" 200 22
116.228.172.94 - - [30/Nov/2021:10:49:32 +0800] "GET /xingrg/all/function/internal_message.html?_=1638240445631&CODE_STATE=getMsg HTTP/1.1" 200 27
114.83.223.93 - - [30/Nov/2021:10:49:32 +0800] "GET /xingrg/all/function/internal_message.html?_=1638240571017&CODE_STATE=getMsg HTTP/1.1" 200 27
180.174.250.202 - - [30/Nov/2021:10:49:35 +0800] "GET /xingrg/all/function/internal_message.html?_=1638240574614&CODE_STATE=getMsg HTTP/1.1" 200 27
101.85.120.86 - - [30/Nov/2021:10:49:38 +0800] "GET /xingrg/all/function/internal_message.html?_=1638240576160&CODE_STATE=getMsg HTTP/1.1" 200 27
101.85.120.86 - - [30/Nov/2021:10:49:38 +0800] "GET /xingrg/check_reg.html?_=1638240576163 HTTP/1.1" 200 22
114.83.223.93 - - [30/Nov/2021:10:49:39 +0800] "POST /xingrg/all/report/load_report_page.html HTTP/1.1" 200 113696
114.83.223.93 - - [30/Nov/2021:10:49:39 +0800] "GET /xingrg/servlets/image?cache=0.2209414543726942&image=px HTTP/1.1" 200 807
120.253.135.82 - - [30/Nov/2021:10:49:39 +0800] "GET /xingrg/all/function/internal_message.html?_=1638240153654&CODE_STATE=getMsg HTTP/1.1" 302 -
172.20.0.100 - - [30/Nov/2021:10:49:40 +0800] "GET /xingrg/all/function/internal_message.html?_=1638240579121&CODE_STATE=getMsg HTTP/1.1" 200 27
124.78.153.86 - - [30/Nov/2021:10:49:40 +0800] "GET /xingrg/all/function/internal_message.html?_=1638240574779&CODE_STATE=getMsg HTTP/1.1" 200 27
180.169.147.146 - - [30/Nov/2021:10:49:45 +0800] "GET /xingrg/all/function/internal_message.html?_=1638240583747&CODE_STATE=getMsg HTTP/1.1" 200 27
180.174.250.202 - - [30/Nov/2021:10:49:45 +0800] "GET /xingrg/all/function/internal_message.html?_=1638240581346&CODE_STATE=getMsg HTTP/1.1" 200 27
58.40.7.146 - - [30/Nov/2021:10:49:46 +0800] "GET /xingrg/all/function/internal_message.html?_=1638240586009&CODE_STATE=getMsg HTTP/1.1" 200 27
114.83.223.93 - - [30/Nov/2021:10:49:48 +0800] "POST /xingrg/all/report/report_print.html HTTP/1.1" 302 -
114.83.223.93 - - [30/Nov/2021:10:49:48 +0800] "GET /xingrg/servlets/image?image=px HTTP/1.1" 200 807
180.157.253.6 - - [30/Nov/2021:10:49:48 +0800] "GET /xingrg/all/function/internal_message.html?_=1638240587343&CODE_STATE=getMsg HTTP/1.1" 200 27
114.83.223.93 - - [30/Nov/2021:10:49:48 +0800] "GET /xingrg/servlets/html?sysBaseUrl=http%3A%2F%2F180.169.147.146%3A18081%2Fxingrg%2F&costTime=3255×tamp=1638240588112 HTTP/1.1" 200 306495
180.157.253.6 - - [30/Nov/2021:10:49:48 +0800] "GET /xingrg/all/function/internal_message.html?_=1638240588255&CODE_STATE=getMsg HTTP/1.1" 200 27
114.83.223.93 - - [30/Nov/2021:10:49:48 +0800] "GET /favicon.ico HTTP/1.1" 404 -
116.228.172.94 - - [30/Nov/2021:10:49:48 +0800] "GET /xingrg/kc/buy/cgsh_order_operate.html?command=get_materiel&rest_code=00153&code=00101011010&supplier_code=00100049&order_time=2021-11-30 HTTP/1.1" 200 418
222.69.132.164 - - [30/Nov/2021:10:49:48 +0800] "GET /xingrg/all/function/internal_message.html?_=1638240596391&CODE_STATE=getMsg HTTP/1.1" 200 27
114.86.224.129 - - [30/Nov/2021:10:49:49 +0800] "GET /xingrg/all/function/internal_message.html?_=1638240588677&CODE_STATE=getMsg HTTP/1.1" 200 27
116.227.210.113 - - [30/Nov/2021:10:49:49 +0800] "GET /xingrg/all/function/internal_message.html?_=1638240587221&CODE_STATE=getMsg HTTP/1.1" 200 27
222.70.176.97 - - [30/Nov/2021:10:49:51 +0800] "GET /xingrg/all/function/internal_message.html?_=1638240589567&CODE_STATE=getMsg HTTP/1.1" 200 27
114.85.125.222 - - [30/Nov/2021:10:49:56 +0800] "GET /xingrg/all/function/internal_message.html?_=1638240563055&CODE_STATE=getMsg HTTP/1.1" 200 27
114.93.37.108 - - [30/Nov/2021:10:50:04 +0800] "GET /xingrg/all/function/internal_message.html?_=1638240600941&CODE_STATE=getMsg HTTP/1.1" 200 27
222.70.171.86 - - [30/Nov/2021:10:50:04 +0800] "GET /xingrg/all/function/internal_message.html?_=1638240609085&CODE_STATE=getMsg HTTP/1.1" 200 27
116.228.172.94 - - [30/Nov/2021:10:50:05 +0800] "POST /xingrg/kc/buy/cgsh_order_operate.html HTTP/1.1" 200 37
116.238.248.233 - - [30/Nov/2021:10:50:07 +0800] "GET /xingrg/all/function/internal_message.html?_=1638240606196&CODE_STATE=getMsg HTTP/1.1" 200 27
116.228.172.94 - - [30/Nov/2021:10:50:11 +0800] "POST /xingrg/kc/buy/cgsh_order_operate.html HTTP/1.1" 200 12
116.235.94.0 - - [30/Nov/2021:10:50:15 +0800] "GET /xingrg/all/function/internal_message.html?_=1638240733826&CODE_STATE=getMsg HTTP/1.1" 200 27
222.70.171.86 - - [30/Nov/2021:10:50:16 +0800] "GET /xingrg/check_reg.html?_=1638240620019 HTTP/1.1" 302 -
58.39.139.200 - - [30/Nov/2021:10:50:23 +0800] "GET /xingrg/all/function/internal_message.html?_=1638240559142&CODE_STATE=getMsg HTTP/1.1" 200 27
58.39.139.200 - - [30/Nov/2021:10:50:23 +0800] "GET /xingrg/check_reg.html?_=1638240559145 HTTP/1.1" 200 22
124.78.153.86 - - [30/Nov/2021:10:50:26 +0800] "GET /xingrg/login.html?r=1 HTTP/1.1" 200 7641
124.78.153.86 - - [30/Nov/2021:10:50:27 +0800] "GET /favicon.ico HTTP/1.1" 404 -
124.78.153.86 - - [30/Nov/2021:10:50:28 +0800] "POST /xingrg/login.do HTTP/1.1" 302 -
124.78.153.86 - - [30/Nov/2021:10:50:28 +0800] "GET /xingrg/index.html?sysBaseUrl=http%3A%2F%2F180.169.147.146%3A18081%2Fxingrg%2F&costTime=127×tamp=1638240628854 HTTP/1.1" 200 17173
124.78.153.86 - - [30/Nov/2021:10:50:28 +0800] "GET /favicon.ico HTTP/1.1" 404 -
124.78.153.86 - - [30/Nov/2021:10:50:29 +0800] "POST /xingrg/all/common/load_tree.html?tree=area_rest_tree_json&manage=1 HTTP/1.1" 200 342
124.78.153.86 - - [30/Nov/2021:10:50:29 +0800] "GET /xingrg/all/function/internal_message.html?_=1638240628511&CODE_STATE=count HTTP/1.1" 200 11
124.78.153.86 - - [30/Nov/2021:10:50:29 +0800] "GET /xingrg/check_reg.html?_=1638240628514 HTTP/1.1" 200 22
124.78.153.86 - - [30/Nov/2021:10:50:29 +0800] "POST /xingrg/load_menu.html HTTP/1.1" 200 5138
222.70.171.86 - - [30/Nov/2021:10:50:29 +0800] "GET /xingrg/all/function/internal_message.html?_=1638240633217&CODE_STATE=getMsg HTTP/1.1" 302 -
58.39.139.200 - - [30/Nov/2021:10:50:30 +0800] "GET /xingrg/all/function/internal_message.html?_=1638240629355&CODE_STATE=getMsg HTTP/1.1" 200 27
114.83.223.93 - - [30/Nov/2021:10:50:31 +0800] "GET /xingrg/kc/report/report_main.html HTTP/1.1" 200 7340
114.83.223.93 - - [30/Nov/2021:10:50:32 +0800] "GET /xingrg/all/function/internal_message.html?_=1638240631002&CODE_STATE=getMsg HTTP/1.1" 200 27
114.83.223.93 - - [30/Nov/2021:10:50:34 +0800] "GET /xingrg/all/report/report_query.html?fileName=kc/base/wldb_base.xml HTTP/1.1" 200 51144
114.83.223.93 - - [30/Nov/2021:10:50:34 +0800] "GET /xingrg/dwr/interface/AjaxReportQueryService.js HTTP/1.1" 200 13203
114.83.223.93 - - [30/Nov/2021:10:50:34 +0800] "GET /xingrg/dwr/engine.js HTTP/1.1" 200 43631
114.83.223.93 - - [30/Nov/2021:10:50:34 +0800] "POST /xingrg/dwr/call/plaincall/AjaxReportQueryService.getFixDate.dwr HTTP/1.1" 200 111
114.83.223.93 - - [30/Nov/2021:10:50:34 +0800] "POST /xingrg/dwr/call/plaincall/AjaxReportQueryService.getInitString.dwr HTTP/1.1" 200 1035
114.83.223.93 - - [30/Nov/2021:10:50:34 +0800] "GET /xingrg/javascript/multi_select/dropdown.gif HTTP/1.1" 200 61
114.83.223.93 - - [30/Nov/2021:10:50:34 +0800] "POST /xingrg/dwr/call/plaincall/AjaxReportQueryService.getInitString.dwr HTTP/1.1" 200 1035
114.83.223.93 - - [30/Nov/2021:10:50:34 +0800] "POST /xingrg/all/common/load_tree.html?tree=materiel_sort_tree_json HTTP/1.1" 200 9388
124.78.153.86 - - [30/Nov/2021:10:50:34 +0800] "GET /xingrg/kc/mdqp/qp_main.html HTTP/1.1" 200 10633
180.174.250.202 - - [30/Nov/2021:10:50:35 +0800] "GET /xingrg/all/function/internal_message.html?_=1638240634584&CODE_STATE=getMsg HTTP/1.1" 200 27
116.228.172.94 - - [30/Nov/2021:10:50:35 +0800] "GET /xingrg/kc/buy/cgsh_order_info.html?code=212021113012951 HTTP/1.1" 200 59000
116.228.172.94 - - [30/Nov/2021:10:50:35 +0800] "GET /xingrg/javascript/easyui/themes/default/validatebox.css HTTP/1.1" 404 1104
114.83.223.93 - - [30/Nov/2021:10:50:35 +0800] "GET /xingrg/javascript/multi_select/dropdown_hover.gif HTTP/1.1" 200 61
116.228.172.94 - - [30/Nov/2021:10:50:36 +0800] "POST /xingrg/kc/buy/cgsh_order_operate.html HTTP/1.1" 200 615
124.78.153.86 - - [30/Nov/2021:10:50:36 +0800] "GET /xingrg/images/yd/bt.gif HTTP/1.1" 404 1040
114.83.223.93 - - [30/Nov/2021:10:50:36 +0800] "GET /xingrg/javascript/multi_select/dropdown_active.gif HTTP/1.1" 200 61
124.78.153.86 - - [30/Nov/2021:10:50:36 +0800] "GET /xingrg/kc/mdqp/qqps_order_list.html HTTP/1.1" 200 9222
124.78.153.86 - - [30/Nov/2021:10:50:36 +0800] "GET /xingrg/dwr/interface/AjaxQqpsService.js HTTP/1.1" 200 16326
124.78.153.86 - - [30/Nov/2021:10:50:36 +0800] "GET /xingrg/dwr/interface/AjaxReportQueryService.js HTTP/1.1" 200 13203
124.78.153.86 - - [30/Nov/2021:10:50:36 +0800] "GET /xingrg/dwr/engine.js HTTP/1.1" 200 43631
101.85.120.86 - - [30/Nov/2021:10:50:38 +0800] "GET /xingrg/all/function/internal_message.html?_=1638240636163&CODE_STATE=getMsg HTTP/1.1" 200 27
124.78.153.86 - - [30/Nov/2021:10:50:38 +0800] "GET /xingrg/javascript/jquery_easy_ui/themes/default/images/button_plain_hover.png HTTP/1.1" 200 252
120.253.135.82 - - [30/Nov/2021:10:50:39 +0800] "GET /xingrg/all/function/internal_message.html?_=1638240213634&CODE_STATE=getMsg HTTP/1.1" 302 -
124.78.153.86 - - [30/Nov/2021:10:50:39 +0800] "GET /xingrg/javascript/tools/jquery.qtip-1.0.0-rc3.min.js HTTP/1.1" 200 38404
124.78.153.86 - - [30/Nov/2021:10:50:39 +0800] "GET /xingrg/dwr/interface/AjaxComOrderService.js HTTP/1.1" 200 18264
124.78.153.86 - - [30/Nov/2021:10:50:39 +0800] "GET /xingrg/javascript/AjaxInfoList.js HTTP/1.1" 200 3774
124.78.153.86 - - [30/Nov/2021:10:50:39 +0800] "GET /xingrg/javascript/Grid.js HTTP/1.1" 200 58908
124.78.153.86 - - [30/Nov/2021:10:50:39 +0800] "GET /xingrg/kc/mdqp/qqps_order_add.html HTTP/1.1" 200 28236
124.78.153.86 - - [30/Nov/2021:10:50:39 +0800] "GET /xingrg/dwr/interface/AjaxQqpsService.js HTTP/1.1" 200 16326
124.78.153.86 - - [30/Nov/2021:10:50:39 +0800] "GET /xingrg/dwr/engine.js HTTP/1.1" 200 43631
124.78.153.86 - - [30/Nov/2021:10:50:39 +0800] "GET /xingrg/words/20211129181953_words.js HTTP/1.1" 200 876095
124.78.153.86 - - [30/Nov/2021:10:50:39 +0800] "GET /xingrg/javascript/jquery_easy_ui/themes/default/images/menu_downarrow.png HTTP/1.1" 200 173
124.78.153.86 - - [30/Nov/2021:10:50:39 +0800] "GET /xingrg/javascript/jquery_easy_ui/themes/icons/template_new.png HTTP/1.1" 200 3956
124.78.153.86 - - [30/Nov/2021:10:50:39 +0800] "GET /xingrg/javascript/jquery_easy_ui/themes/icons/ok.png HTTP/1.1" 200 883
124.78.153.86 - - [30/Nov/2021:10:50:39 +0800] "GET /xingrg/javascript/jquery_easy_ui/themes/icons/print.png HTTP/1.1" 200 1057
124.78.153.86 - - [30/Nov/2021:10:50:39 +0800] "GET /xingrg/javascript/jquery_easy_ui/themes/icons/copy_new.png HTTP/1.1" 200 815
124.78.153.86 - - [30/Nov/2021:10:50:39 +0800] "GET /xingrg/javascript/jquery_easy_ui/themes/icons/back_new.png HTTP/1.1" 200 3414
124.78.153.86 - - [30/Nov/2021:10:50:40 +0800] "GET /xingrg/images/blue/button/kc_tab_edit.gif HTTP/1.1" 200 551
124.78.153.86 - - [30/Nov/2021:10:50:40 +0800] "GET /xingrg/images/blue/button/kc_tab_add.gif HTTP/1.1" 200 375
124.78.153.86 - - [30/Nov/2021:10:50:40 +0800] "GET /xingrg/images/blue/button/kc_tab_del.gif HTTP/1.1" 200 383
124.78.153.86 - - [30/Nov/2021:10:50:40 +0800] "GET /xingrg/images/blue/button/kc_tab_save.gif HTTP/1.1" 200 777
124.78.153.86 - - [30/Nov/2021:10:50:40 +0800] "GET /xingrg/javascript/jquery_easy_ui/themes/default/images/combo_arrow_dot.gif HTTP/1.1" 200 79
124.78.153.86 - - [30/Nov/2021:10:50:40 +0800] "GET /xingrg/images/blue/kc_tab_left.gif HTTP/1.1" 200 188
124.78.153.86 - - [30/Nov/2021:10:50:40 +0800] "GET /xingrg/images/blue/kc_tab2_left.gif HTTP/1.1" 200 625
124.78.153.86 - - [30/Nov/2021:10:50:40 +0800] "GET /xingrg/images/blue/kc_tab_right.gif HTTP/1.1" 200 643
124.78.153.86 - - [30/Nov/2021:10:50:40 +0800] "GET /xingrg/images/blue/kc_tab_mid.gif HTTP/1.1" 200 44
124.78.153.86 - - [30/Nov/2021:10:50:40 +0800] "GET /xingrg/images/blue/kc_tab2_right.gif HTTP/1.1" 200 192
172.20.0.100 - - [30/Nov/2021:10:50:40 +0800] "GET /xingrg/all/function/internal_message.html?_=1638240639126&CODE_STATE=getMsg HTTP/1.1" 200 27
172.20.0.100 - - [30/Nov/2021:10:50:40 +0800] "GET /xingrg/check_reg.html?_=1638240639129 HTTP/1.1" 200 22
116.228.172.94 - - [30/Nov/2021:10:50:40 +0800] "GET /xingrg/kc/print/load_data.html?order_code=212021113012951&kc_code=cgsh&condition= HTTP/1.1" 200 741
124.78.153.86 - - [30/Nov/2021:10:50:40 +0800] "GET /xingrg/all/function/internal_message.html?_=1638240634754&CODE_STATE=getMsg HTTP/1.1" 200 27
180.174.250.202 - - [30/Nov/2021:10:50:43 +0800] "GET /xingrg/check_reg.html?_=1638240638951 HTTP/1.1" 200 22
180.174.250.202 - - [30/Nov/2021:10:50:45 +0800] "GET /xingrg/all/function/internal_message.html?_=1638240641353&CODE_STATE=getMsg HTTP/1.1" 200 27
58.40.7.146 - - [30/Nov/2021:10:50:46 +0800] "GET /xingrg/all/function/internal_message.html?_=1638240645994&CODE_STATE=getMsg HTTP/1.1" 200 27
180.157.253.6 - - [30/Nov/2021:10:50:48 +0800] "GET /xingrg/all/function/internal_message.html?_=1638240647336&CODE_STATE=getMsg HTTP/1.1" 200 27
180.157.253.6 - - [30/Nov/2021:10:50:48 +0800] "GET /xingrg/all/function/internal_message.html?_=1638240648233&CODE_STATE=getMsg HTTP/1.1" 200 27
180.157.253.6 - - [30/Nov/2021:10:50:48 +0800] "GET /xingrg/check_reg.html?_=1638240648548 HTTP/1.1" 200 22
222.69.132.164 - - [30/Nov/2021:10:50:48 +0800] "GET /xingrg/all/function/internal_message.html?_=1638240656376&CODE_STATE=getMsg HTTP/1.1" 200 27
114.83.223.93 - - [30/Nov/2021:10:50:48 +0800] "POST /xingrg/dwr/call/plaincall/AjaxReportQueryService.refreshCache.dwr HTTP/1.1" 200 78
114.86.224.129 - - [30/Nov/2021:10:50:49 +0800] "GET /xingrg/all/function/internal_message.html?_=1638240648678&CODE_STATE=getMsg HTTP/1.1" 200 27
114.83.223.93 - - [30/Nov/2021:10:50:49 +0800] "POST /xingrg/all/report/load_report_page.html HTTP/1.1" 200 89883
114.83.223.93 - - [30/Nov/2021:10:50:49 +0800] "GET /xingrg/servlets/image?cache=0.4733653675372641&image=px HTTP/1.1" 200 807
116.227.210.113 - - [30/Nov/2021:10:50:49 +0800] "GET /xingrg/all/function/internal_message.html?_=1638240647216&CODE_STATE=getMsg HTTP/1.1" 200 27
222.70.176.97 - - [30/Nov/2021:10:50:51 +0800] "GET /xingrg/check_reg.html?_=1638240649578 HTTP/1.1" 200 22
222.70.176.97 - - [30/Nov/2021:10:50:51 +0800] "GET /xingrg/all/function/internal_message.html?_=1638240649573&CODE_STATE=getMsg HTTP/1.1" 200 27
222.70.171.86 - - [30/Nov/2021:10:50:51 +0800] "GET /xingrg/check_reg.html?_=1638240656542 HTTP/1.1" 200 22
124.78.153.86 - - [30/Nov/2021:10:50:52 +0800] "GET /xingrg/images/blue/wait.gif HTTP/1.1" 200 1100
124.78.153.86 - - [30/Nov/2021:10:50:53 +0800] "POST /xingrg/dwr/call/plaincall/AjaxQqpsService.saveOrder.dwr HTTP/1.1" 200 78
114.85.125.222 - - [30/Nov/2021:10:50:56 +0800] "GET /xingrg/all/function/internal_message.html?_=1638240623070&CODE_STATE=getMsg HTTP/1.1" 200 27
124.78.153.86 - - [30/Nov/2021:10:51:03 +0800] "GET /xingrg/javascript/auto/indicator.gif HTTP/1.1" 404 1066
114.93.37.108 - - [30/Nov/2021:10:51:04 +0800] "GET /xingrg/all/function/internal_message.html?_=1638240660939&CODE_STATE=getMsg HTTP/1.1" 200 27
222.70.171.86 - - [30/Nov/2021:10:51:04 +0800] "GET /xingrg/all/function/internal_message.html?_=1638240669099&CODE_STATE=getMsg HTTP/1.1" 200 27
114.83.223.93 - - [30/Nov/2021:10:51:05 +0800] "POST /xingrg/all/report/report_print.html HTTP/1.1" 302 -
114.83.223.93 - - [30/Nov/2021:10:51:05 +0800] "GET /xingrg/servlets/image?image=px HTTP/1.1" 200 807
114.83.223.93 - - [30/Nov/2021:10:51:05 +0800] "GET /xingrg/servlets/html?sysBaseUrl=http%3A%2F%2F180.169.147.146%3A18081%2Fxingrg%2F&costTime=142×tamp=1638240665411 HTTP/1.1" 200 76906
114.83.223.93 - - [30/Nov/2021:10:51:05 +0800] "GET /favicon.ico HTTP/1.1" 404 -
116.238.248.233 - - [30/Nov/2021:10:51:07 +0800] "GET /xingrg/all/function/internal_message.html?_=1638240666162&CODE_STATE=getMsg HTTP/1.1" 200 27
116.238.248.233 - - [30/Nov/2021:10:51:07 +0800] "GET /xingrg/check_reg.html?_=1638240666216 HTTP/1.1" 200 22
222.70.176.97 - - [30/Nov/2021:10:51:08 +0800] "GET /favicon.ico HTTP/1.1" 404 -
124.78.153.86 - - [30/Nov/2021:10:51:14 +0800] "POST /xingrg/dwr/call/plaincall/AjaxQqpsService.getMaterielByCode.dwr HTTP/1.1" 200 2657
116.235.94.0 - - [30/Nov/2021:10:51:15 +0800] "GET /xingrg/all/function/internal_message.html?_=1638240793831&CODE_STATE=getMsg HTTP/1.1" 200 27
58.39.139.200 - - [30/Nov/2021:10:51:23 +0800] "GET /xingrg/all/function/internal_message.html?_=1638240619146&CODE_STATE=getMsg HTTP/1.1" 200 27
124.78.153.86 - - [30/Nov/2021:10:51:29 +0800] "GET /xingrg/all/function/internal_message.html?_=1638240688520&CODE_STATE=getMsg HTTP/1.1" 200 27
222.70.171.86 - - [30/Nov/2021:10:51:29 +0800] "GET /xingrg/all/function/internal_message.html?_=1638240693239&CODE_STATE=getMsg HTTP/1.1" 302 -
58.39.139.200 - - [30/Nov/2021:10:51:30 +0800] "GET /xingrg/all/function/internal_message.html?_=1638240689337&CODE_STATE=getMsg HTTP/1.1" 200 27
116.228.172.94 - - [30/Nov/2021:10:51:32 +0800] "GET /xingrg/all/function/internal_message.html?_=1638240565644&CODE_STATE=getMsg HTTP/1.1" 200 27
114.83.223.93 - - [30/Nov/2021:10:51:32 +0800] "GET /xingrg/all/function/internal_message.html?_=1638240690978&CODE_STATE=getMsg HTTP/1.1" 200 27
116.228.172.94 - - [30/Nov/2021:10:51:32 +0800] "GET /xingrg/check_reg.html?_=1638240565798 HTTP/1.1" 200 22
180.174.250.202 - - [30/Nov/2021:10:51:34 +0800] "GET /xingrg/all/function/internal_message.html?_=1638240694554&CODE_STATE=getMsg HTTP/1.1" 200 27
101.85.120.86 - - [30/Nov/2021:10:51:38 +0800] "GET /xingrg/all/function/internal_message.html?_=1638240696163&CODE_STATE=getMsg HTTP/1.1" 200 27
120.253.135.82 - - [30/Nov/2021:10:51:39 +0800] "GET /xingrg/all/function/internal_message.html?_=1638240273610&CODE_STATE=getMsg HTTP/1.1" 302 -
172.20.0.100 - - [30/Nov/2021:10:51:40 +0800] "GET /xingrg/all/function/internal_message.html?_=1638240699113&CODE_STATE=getMsg HTTP/1.1" 200 27
124.78.153.86 - - [30/Nov/2021:10:51:40 +0800] "POST /xingrg/dwr/call/plaincall/AjaxQqpsService.saveMaterielItem.dwr HTTP/1.1" 200 78
124.78.153.86 - - [30/Nov/2021:10:51:40 +0800] "GET /xingrg/all/function/internal_message.html?_=1638240694724&CODE_STATE=getMsg HTTP/1.1" 200 27
116.227.210.113 - - [30/Nov/2021:10:51:44 +0800] "GET /xingrg/kc/buy/cgsh_order_operate.html?command=get_materiel&rest_code=00155&code=00101008283&supplier_code=00100005&order_time=2021-11-30 HTTP/1.1" 200 408
180.174.250.202 - - [30/Nov/2021:10:51:45 +0800] "GET /xingrg/all/function/internal_message.html?_=1638240701368&CODE_STATE=getMsg HTTP/1.1" 200 27
58.40.7.146 - - [30/Nov/2021:10:51:46 +0800] "GET /xingrg/all/function/internal_message.html?_=1638240705980&CODE_STATE=getMsg HTTP/1.1" 200 27
180.157.253.6 - - [30/Nov/2021:10:51:48 +0800] "GET /xingrg/check_reg.html?_=1638240707339 HTTP/1.1" 200 22
180.157.253.6 - - [30/Nov/2021:10:51:48 +0800] "GET /xingrg/all/function/internal_message.html?_=1638240707338&CODE_STATE=getMsg HTTP/1.1" 200 27
180.157.253.6 - - [30/Nov/2021:10:51:48 +0800] "GET /xingrg/all/function/internal_message.html?_=1638240708212&CODE_STATE=getMsg HTTP/1.1" 200 27
222.69.132.164 - - [30/Nov/2021:10:51:48 +0800] "GET /xingrg/all/function/internal_message.html?_=1638240716367&CODE_STATE=getMsg HTTP/1.1" 200 27
114.86.224.129 - - [30/Nov/2021:10:51:49 +0800] "GET /xingrg/all/function/internal_message.html?_=1638240708678&CODE_STATE=getMsg HTTP/1.1" 200 27
116.227.210.113 - - [30/Nov/2021:10:51:49 +0800] "GET /xingrg/all/function/internal_message.html?_=1638240707208&CODE_STATE=getMsg HTTP/1.1" 200 27
116.227.210.113 - - [30/Nov/2021:10:51:50 +0800] "POST /xingrg/kc/buy/cgsh_order_operate.html HTTP/1.1" 200 2065
222.70.176.97 - - [30/Nov/2021:10:51:51 +0800] "GET /xingrg/all/function/internal_message.html?_=1638240709569&CODE_STATE=getMsg HTTP/1.1" 200 27
114.85.125.222 - - [30/Nov/2021:10:51:56 +0800] "GET /xingrg/all/function/internal_message.html?_=1638240683118&CODE_STATE=getMsg HTTP/1.1" 200 27
124.78.153.86 - - [30/Nov/2021:10:51:56 +0800] "POST /xingrg/dwr/call/plaincall/AjaxQqpsService.getMaterielByCode.dwr HTTP/1.1" 200 2680
222.70.176.97 - - [30/Nov/2021:10:51:57 +0800] "POST /xingrg/kc/buy/cgsh_list_operate.html HTTP/1.1" 200 353
124.78.153.86 - - [30/Nov/2021:10:51:59 +0800] "POST /xingrg/dwr/call/plaincall/AjaxQqpsService.saveMaterielItem.dwr HTTP/1.1" 200 78
222.70.176.97 - - [30/Nov/2021:10:52:02 +0800] "GET /xingrg/kc/buy/cgsh_order_info.html?code=212021110401629 HTTP/1.1" 200 59872
222.70.176.97 - - [30/Nov/2021:10:52:03 +0800] "GET /xingrg/javascript/easyui/themes/default/validatebox.css HTTP/1.1" 404 1104
222.70.176.97 - - [30/Nov/2021:10:52:03 +0800] "POST /xingrg/kc/buy/cgsh_order_operate.html HTTP/1.1" 200 1812
114.93.37.108 - - [30/Nov/2021:10:52:04 +0800] "GET /xingrg/all/function/internal_message.html?_=1638240720937&CODE_STATE=getMsg HTTP/1.1" 200 27
114.93.37.108 - - [30/Nov/2021:10:52:04 +0800] "GET /xingrg/check_reg.html?_=1638240720939 HTTP/1.1" 200 22
222.70.171.86 - - [30/Nov/2021:10:52:04 +0800] "GET /xingrg/all/function/internal_message.html?_=1638240729112&CODE_STATE=getMsg HTTP/1.1" 200 27
116.238.248.233 - - [30/Nov/2021:10:52:07 +0800] "GET /xingrg/all/function/internal_message.html?_=1638240726154&CODE_STATE=getMsg HTTP/1.1" 200 27
124.78.153.86 - - [30/Nov/2021:10:52:08 +0800] "POST /xingrg/dwr/call/plaincall/AjaxQqpsService.getMaterielByCode.dwr HTTP/1.1" 200 2680
124.78.153.86 - - [30/Nov/2021:10:52:10 +0800] "POST /xingrg/dwr/call/plaincall/AjaxQqpsService.saveMaterielItem.dwr HTTP/1.1" 200 78
124.78.153.86 - - [30/Nov/2021:10:52:13 +0800] "POST /xingrg/dwr/call/plaincall/AjaxQqpsService.saveOrder.dwr HTTP/1.1" 200 78
116.235.94.0 - - [30/Nov/2021:10:52:15 +0800] "GET /xingrg/all/function/internal_message.html?_=1638240853833&CODE_STATE=getMsg HTTP/1.1" 200 27
124.78.153.86 - - [30/Nov/2021:10:52:20 +0800] "POST /xingrg/dwr/call/plaincall/AjaxQqpsService.saveOrder.dwr HTTP/1.1" 200 78
58.39.139.200 - - [30/Nov/2021:10:52:23 +0800] "GET /xingrg/all/function/internal_message.html?_=1638240679146&CODE_STATE=getMsg HTTP/1.1" 200 27
222.70.171.86 - - [30/Nov/2021:10:52:29 +0800] "GET /xingrg/all/function/internal_message.html?_=1638240753244&CODE_STATE=getMsg HTTP/1.1" 302 -
58.39.139.200 - - [30/Nov/2021:10:52:30 +0800] "GET /xingrg/all/function/internal_message.html?_=1638240749313&CODE_STATE=getMsg HTTP/1.1" 200 27
116.228.172.94 - - [30/Nov/2021:10:52:32 +0800] "GET /xingrg/all/function/internal_message.html?_=1638240625627&CODE_STATE=getMsg HTTP/1.1" 200 27
114.83.223.93 - - [30/Nov/2021:10:52:32 +0800] "GET /xingrg/all/function/internal_message.html?_=1638240750961&CODE_STATE=getMsg HTTP/1.1" 200 27
114.83.223.93 - - [30/Nov/2021:10:52:34 +0800] "GET /xingrg/check_reg.html?_=1638240752807 HTTP/1.1" 200 22
180.174.250.202 - - [30/Nov/2021:10:52:34 +0800] "GET /xingrg/all/function/internal_message.html?_=1638240754524&CODE_STATE=getMsg HTTP/1.1" 200 27
116.227.210.113 - - [30/Nov/2021:10:52:35 +0800] "GET /xingrg/kc/buy/cgsh_order_operate.html?command=get_materiel&rest_code=00155&code=00101008059&supplier_code=00100005&order_time=2021-11-30 HTTP/1.1" 200 408
101.85.120.86 - - [30/Nov/2021:10:52:38 +0800] "GET /xingrg/all/function/internal_message.html?_=1638240756163&CODE_STATE=getMsg HTTP/1.1" 200 27
58.37.8.149 - - [30/Nov/2021:10:52:38 +0800] "GET /xingrg/check_reg.html?_=1638240580416 HTTP/1.1" 200 22
120.253.135.82 - - [30/Nov/2021:10:52:39 +0800] "GET /xingrg/all/function/internal_message.html?_=1638240333580&CODE_STATE=getMsg HTTP/1.1" 302 -
172.20.0.100 - - [30/Nov/2021:10:52:40 +0800] "GET /xingrg/all/function/internal_message.html?_=1638240759118&CODE_STATE=getMsg HTTP/1.1" 200 27
124.78.153.86 - - [30/Nov/2021:10:52:40 +0800] "GET /xingrg/all/function/internal_message.html?_=1638240754695&CODE_STATE=getMsg HTTP/1.1" 200 27
124.78.153.86 - - [30/Nov/2021:10:52:40 +0800] "GET /xingrg/login.html?r=1 HTTP/1.1" 200 7641
124.78.153.86 - - [30/Nov/2021:10:52:41 +0800] "GET /favicon.ico HTTP/1.1" 404 -
124.78.153.86 - - [30/Nov/2021:10:52:42 +0800] "POST /xingrg/login.do HTTP/1.1" 302 -
124.78.153.86 - - [30/Nov/2021:10:52:42 +0800] "GET /xingrg/index.html?sysBaseUrl=http%3A%2F%2F180.169.147.146%3A18081%2Fxingrg%2F&costTime=38×tamp=1638240762649 HTTP/1.1" 200 17173
124.78.153.86 - - [30/Nov/2021:10:52:42 +0800] "GET /favicon.ico HTTP/1.1" 404 -
124.78.153.86 - - [30/Nov/2021:10:52:42 +0800] "POST /xingrg/all/common/load_tree.html?tree=area_rest_tree_json&manage=1 HTTP/1.1" 200 342
124.78.153.86 - - [30/Nov/2021:10:52:42 +0800] "GET /xingrg/all/function/internal_message.html?_=1638240762310&CODE_STATE=count HTTP/1.1" 200 11
124.78.153.86 - - [30/Nov/2021:10:52:42 +0800] "GET /xingrg/check_reg.html?_=1638240762312 HTTP/1.1" 200 22
124.78.153.86 - - [30/Nov/2021:10:52:42 +0800] "POST /xingrg/load_menu.html HTTP/1.1" 200 5138
124.78.153.86 - - [30/Nov/2021:10:52:45 +0800] "GET /xingrg/kc/mdqp/qp_main.html HTTP/1.1" 200 10633
180.174.250.202 - - [30/Nov/2021:10:52:45 +0800] "GET /xingrg/all/function/internal_message.html?_=1638240761381&CODE_STATE=getMsg HTTP/1.1" 200 27
124.78.153.86 - - [30/Nov/2021:10:52:46 +0800] "GET /xingrg/images/yd/bt.gif HTTP/1.1" 404 1040
124.78.153.86 - - [30/Nov/2021:10:52:46 +0800] "GET /xingrg/kc/mdqp/qqps_order_list.html HTTP/1.1" 200 9642
124.78.153.86 - - [30/Nov/2021:10:52:46 +0800] "GET /xingrg/dwr/interface/AjaxQqpsService.js HTTP/1.1" 200 16326
124.78.153.86 - - [30/Nov/2021:10:52:46 +0800] "GET /xingrg/dwr/interface/AjaxReportQueryService.js HTTP/1.1" 200 13203
124.78.153.86 - - [30/Nov/2021:10:52:46 +0800] "GET /xingrg/dwr/engine.js HTTP/1.1" 200 43631
58.40.7.146 - - [30/Nov/2021:10:52:46 +0800] "GET /xingrg/check_reg.html?_=1638240765796 HTTP/1.1" 200 22
58.40.7.146 - - [30/Nov/2021:10:52:46 +0800] "GET /xingrg/all/function/internal_message.html?_=1638240765955&CODE_STATE=getMsg HTTP/1.1" 200 27
180.157.253.6 - - [30/Nov/2021:10:52:48 +0800] "GET /xingrg/all/function/internal_message.html?_=1638240767342&CODE_STATE=getMsg HTTP/1.1" 200 27
180.157.253.6 - - [30/Nov/2021:10:52:48 +0800] "GET /xingrg/all/function/internal_message.html?_=1638240768190&CODE_STATE=getMsg HTTP/1.1" 200 27
124.78.153.86 - - [30/Nov/2021:10:52:48 +0800] "GET /xingrg/kc/mdqp/qqps_order_add.html HTTP/1.1" 200 28236
124.78.153.86 - - [30/Nov/2021:10:52:48 +0800] "GET /xingrg/dwr/interface/AjaxQqpsService.js HTTP/1.1" 200 16326
124.78.153.86 - - [30/Nov/2021:10:52:48 +0800] "GET /xingrg/dwr/interface/AjaxComOrderService.js HTTP/1.1" 200 18264
124.78.153.86 - - [30/Nov/2021:10:52:48 +0800] "GET /xingrg/dwr/engine.js HTTP/1.1" 200 43631
222.69.132.164 - - [30/Nov/2021:10:52:48 +0800] "GET /xingrg/all/function/internal_message.html?_=1638240776343&CODE_STATE=getMsg HTTP/1.1" 200 27
114.86.224.129 - - [30/Nov/2021:10:52:49 +0800] "GET /xingrg/check_reg.html?_=1638240768678 HTTP/1.1" 200 22
114.86.224.129 - - [30/Nov/2021:10:52:49 +0800] "GET /xingrg/all/function/internal_message.html?_=1638240768681&CODE_STATE=getMsg HTTP/1.1" 200 27
222.69.132.164 - - [30/Nov/2021:10:52:49 +0800] "GET /xingrg/check_reg.html?_=1638240777312 HTTP/1.1" 200 22
116.227.210.113 - - [30/Nov/2021:10:52:49 +0800] "GET /xingrg/check_reg.html?_=1638240767208 HTTP/1.1" 200 22
116.227.210.113 - - [30/Nov/2021:10:52:49 +0800] "GET /xingrg/all/function/internal_message.html?_=1638240767214&CODE_STATE=getMsg HTTP/1.1" 200 27
222.70.176.97 - - [30/Nov/2021:10:52:51 +0800] "GET /xingrg/all/function/internal_message.html?_=1638240769580&CODE_STATE=getMsg HTTP/1.1" 200 27
