58.39.139.200 - - [30/Nov/2021:08:24:41 +0800] "GET /xingrg/all/common/auto_word.html?type=employee&rest_code=00105 HTTP/1.1" 200 193
58.39.139.200 - - [30/Nov/2021:08:24:41 +0800] "GET /xingrg/javascript/easyui/themes/default/validatebox.css HTTP/1.1" 404 1104
58.39.139.200 - - [30/Nov/2021:08:24:41 +0800] "GET /xingrg/javascript/easyui/plugins/jquery.validatebox.js HTTP/1.1" 304 -
58.39.139.200 - - [30/Nov/2021:08:24:41 +0800] "GET /xingrg/javascript/easyui/themes/icons/edit_remove.png HTTP/1.1" 304 -
58.39.139.200 - - [30/Nov/2021:08:24:41 +0800] "GET /xingrg/javascript/easyui/plugins/jquery.numberbox.js HTTP/1.1" 304 -
116.227.210.113 - - [30/Nov/2021:08:24:47 +0800] "GET /xingrg/check_reg.html?_=1638231885273 HTTP/1.1" 200 22
116.227.210.113 - - [30/Nov/2021:08:24:47 +0800] "GET /xingrg/all/function/internal_message.html?_=1638231885276&CODE_STATE=getMsg HTTP/1.1" 200 27
222.70.171.86 - - [30/Nov/2021:08:25:00 +0800] "GET /xingrg/all/function/internal_message.html?_=1638231904907&CODE_STATE=getMsg HTTP/1.1" 200 27
58.39.139.200 - - [30/Nov/2021:08:25:12 +0800] "GET /xingrg/javascript/auto/indicator.gif HTTP/1.1" 404 1066
120.253.135.82 - - [30/Nov/2021:08:25:16 +0800] "GET /xingrg/all/function/internal_message.html?_=1638231691702&CODE_STATE=getMsg HTTP/1.1" 200 27
222.70.171.86 - - [30/Nov/2021:08:25:16 +0800] "GET /xingrg/check_reg.html?_=1638231919852 HTTP/1.1" 302 -
116.238.248.233 - - [30/Nov/2021:08:25:20 +0800] "GET /xingrg/all/function/internal_message.html?_=1638231918992&CODE_STATE=getMsg HTTP/1.1" 200 27
58.39.139.200 - - [30/Nov/2021:08:25:21 +0800] "GET /xingrg/kc/buy/cgsh_order_operate.html?command=get_materiel&rest_code=00105&code=00101002027&supplier_code=&order_time=2021-11-30 HTTP/1.1" 200 433
114.85.125.222 - - [30/Nov/2021:08:25:26 +0800] "GET /xingrg/check_reg.html?_=1638231893581 HTTP/1.1" 200 22
222.70.171.86 - - [30/Nov/2021:08:25:27 +0800] "GET /xingrg/all/function/internal_message.html?_=1638231931255&CODE_STATE=getMsg HTTP/1.1" 302 -
58.39.139.200 - - [30/Nov/2021:08:25:29 +0800] "GET /xingrg/kc/buy/cgsh_order_operate.html?command=get_materiel&rest_code=00105&code=00101001062&supplier_code=&order_time=2021-11-30 HTTP/1.1" 200 416
58.39.139.200 - - [30/Nov/2021:08:25:30 +0800] "GET /xingrg/all/function/internal_message.html?_=1638231929658&CODE_STATE=getMsg HTTP/1.1" 200 27
114.85.125.222 - - [30/Nov/2021:08:25:36 +0800] "GET /xingrg/all/function/internal_message.html?_=1638231903316&CODE_STATE=getMsg HTTP/1.1" 200 27
58.39.139.200 - - [30/Nov/2021:08:25:38 +0800] "GET /xingrg/kc/buy/cgsh_order_operate.html?command=get_materiel&rest_code=00105&code=00101008112&supplier_code=&order_time=2021-11-30 HTTP/1.1" 200 412
180.174.250.202 - - [30/Nov/2021:08:25:39 +0800] "GET /xingrg/all/function/internal_message.html?_=1638231935515&CODE_STATE=getMsg HTTP/1.1" 200 27
172.20.0.100 - - [30/Nov/2021:08:25:40 +0800] "GET /xingrg/check_reg.html?_=1638231939115 HTTP/1.1" 200 22
172.20.0.100 - - [30/Nov/2021:08:25:40 +0800] "GET /xingrg/all/function/internal_message.html?_=1638231939118&CODE_STATE=getMsg HTTP/1.1" 200 27
124.78.153.86 - - [30/Nov/2021:08:25:43 +0800] "POST /xingrg/services/DataTransmitService HTTP/1.1" 200 524
116.227.210.113 - - [30/Nov/2021:08:25:47 +0800] "GET /xingrg/all/function/internal_message.html?_=1638231945273&CODE_STATE=getMsg HTTP/1.1" 200 27
222.70.171.86 - - [30/Nov/2021:08:25:51 +0800] "GET /xingrg/check_reg.html?_=1638231956303 HTTP/1.1" 200 22
222.70.171.86 - - [30/Nov/2021:08:26:00 +0800] "GET /xingrg/all/function/internal_message.html?_=1638231964914&CODE_STATE=getMsg HTTP/1.1" 200 27
58.39.139.200 - - [30/Nov/2021:08:26:10 +0800] "GET /xingrg/kc/buy/cgsh_order_operate.html?command=get_materiel&rest_code=00105&code=00101008242&supplier_code=&order_time=2021-11-30 HTTP/1.1" 200 408
120.253.135.82 - - [30/Nov/2021:08:26:16 +0800] "GET /xingrg/all/function/internal_message.html?_=1638231751702&CODE_STATE=getMsg HTTP/1.1" 200 27
116.238.248.233 - - [30/Nov/2021:08:26:20 +0800] "GET /xingrg/all/function/internal_message.html?_=1638231978976&CODE_STATE=getMsg HTTP/1.1" 200 27
222.70.171.86 - - [30/Nov/2021:08:26:27 +0800] "GET /xingrg/all/function/internal_message.html?_=1638231991260&CODE_STATE=getMsg HTTP/1.1" 302 -
58.39.139.200 - - [30/Nov/2021:08:26:30 +0800] "GET /xingrg/all/function/internal_message.html?_=1638231989649&CODE_STATE=getMsg HTTP/1.1" 200 27
58.39.139.200 - - [30/Nov/2021:08:26:34 +0800] "GET /xingrg/kc/buy/cgsh_order_operate.html?command=get_materiel&rest_code=00105&code=00101008092&supplier_code=&order_time=2021-11-30 HTTP/1.1" 200 412
114.85.125.222 - - [30/Nov/2021:08:26:36 +0800] "GET /xingrg/all/function/internal_message.html?_=1638231963330&CODE_STATE=getMsg HTTP/1.1" 200 27
180.174.250.202 - - [30/Nov/2021:08:26:39 +0800] "GET /xingrg/all/function/internal_message.html?_=1638231995689&CODE_STATE=getMsg HTTP/1.1" 200 27
172.20.0.100 - - [30/Nov/2021:08:26:40 +0800] "GET /xingrg/all/function/internal_message.html?_=1638231999120&CODE_STATE=getMsg HTTP/1.1" 200 27
116.227.210.113 - - [30/Nov/2021:08:26:47 +0800] "GET /xingrg/all/function/internal_message.html?_=1638232005269&CODE_STATE=getMsg HTTP/1.1" 200 27
222.70.171.86 - - [30/Nov/2021:08:27:00 +0800] "GET /xingrg/all/function/internal_message.html?_=1638232024928&CODE_STATE=getMsg HTTP/1.1" 200 27
114.84.2.174 - - [30/Nov/2021:08:27:03 +0800] "POST /xingrg/services/DataTransmitService HTTP/1.1" 200 524
120.253.135.82 - - [30/Nov/2021:08:27:16 +0800] "GET /xingrg/all/function/internal_message.html?_=1638231811940&CODE_STATE=getMsg HTTP/1.1" 200 27
116.238.248.233 - - [30/Nov/2021:08:27:20 +0800] "GET /xingrg/all/function/internal_message.html?_=1638232038959&CODE_STATE=getMsg HTTP/1.1" 200 27
222.70.171.86 - - [30/Nov/2021:08:27:27 +0800] "GET /xingrg/all/function/internal_message.html?_=1638232051284&CODE_STATE=getMsg HTTP/1.1" 302 -
58.39.139.200 - - [30/Nov/2021:08:27:30 +0800] "GET /xingrg/all/function/internal_message.html?_=1638232049689&CODE_STATE=getMsg HTTP/1.1" 200 27
114.85.125.222 - - [30/Nov/2021:08:27:36 +0800] "GET /xingrg/all/function/internal_message.html?_=1638232023351&CODE_STATE=getMsg HTTP/1.1" 200 27
180.174.250.202 - - [30/Nov/2021:08:27:39 +0800] "GET /xingrg/all/function/internal_message.html?_=1638232055699&CODE_STATE=getMsg HTTP/1.1" 200 27
172.20.0.100 - - [30/Nov/2021:08:27:40 +0800] "GET /xingrg/all/function/internal_message.html?_=1638232059125&CODE_STATE=getMsg HTTP/1.1" 200 27
116.227.210.113 - - [30/Nov/2021:08:27:47 +0800] "GET /xingrg/all/function/internal_message.html?_=1638232065275&CODE_STATE=getMsg HTTP/1.1" 200 27
222.70.171.86 - - [30/Nov/2021:08:28:00 +0800] "GET /xingrg/all/function/internal_message.html?_=1638232084947&CODE_STATE=getMsg HTTP/1.1" 200 27
120.253.135.82 - - [30/Nov/2021:08:28:11 +0800] "GET /xingrg/check_reg.html?_=1638231866677 HTTP/1.1" 200 22
120.253.135.82 - - [30/Nov/2021:08:28:16 +0800] "GET /xingrg/all/function/internal_message.html?_=1638231871948&CODE_STATE=getMsg HTTP/1.1" 200 27
116.238.248.233 - - [30/Nov/2021:08:28:20 +0800] "GET /xingrg/all/function/internal_message.html?_=1638232098959&CODE_STATE=getMsg HTTP/1.1" 200 27
222.70.171.86 - - [30/Nov/2021:08:28:27 +0800] "GET /xingrg/all/function/internal_message.html?_=1638232111288&CODE_STATE=getMsg HTTP/1.1" 302 -
58.39.139.200 - - [30/Nov/2021:08:28:30 +0800] "GET /xingrg/all/function/internal_message.html?_=1638232109655&CODE_STATE=getMsg HTTP/1.1" 200 27
114.85.125.222 - - [30/Nov/2021:08:28:36 +0800] "GET /xingrg/all/function/internal_message.html?_=1638232083356&CODE_STATE=getMsg HTTP/1.1" 200 27
180.174.250.202 - - [30/Nov/2021:08:28:38 +0800] "GET /xingrg/check_reg.html?_=1638232114126 HTTP/1.1" 200 22
116.238.248.233 - - [30/Nov/2021:08:28:38 +0800] "GET /xingrg/check_reg.html?_=1638232117854 HTTP/1.1" 200 22
180.174.250.202 - - [30/Nov/2021:08:28:39 +0800] "GET /xingrg/all/function/internal_message.html?_=1638232115712&CODE_STATE=getMsg HTTP/1.1" 200 27
172.20.0.100 - - [30/Nov/2021:08:28:40 +0800] "GET /xingrg/all/function/internal_message.html?_=1638232119116&CODE_STATE=getMsg HTTP/1.1" 200 27
116.227.210.113 - - [30/Nov/2021:08:28:47 +0800] "GET /xingrg/all/function/internal_message.html?_=1638232125275&CODE_STATE=getMsg HTTP/1.1" 200 27
58.39.139.200 - - [30/Nov/2021:08:28:48 +0800] "GET /xingrg/javascript/jquery_easy_ui/themes/default/images/tabs_active.png HTTP/1.1" 304 -
222.70.171.86 - - [30/Nov/2021:08:29:00 +0800] "GET /xingrg/all/function/internal_message.html?_=1638232144955&CODE_STATE=getMsg HTTP/1.1" 200 27
120.253.135.82 - - [30/Nov/2021:08:29:16 +0800] "GET /xingrg/all/function/internal_message.html?_=1638231931960&CODE_STATE=getMsg HTTP/1.1" 200 27
116.238.248.233 - - [30/Nov/2021:08:29:20 +0800] "GET /xingrg/all/function/internal_message.html?_=1638232158952&CODE_STATE=getMsg HTTP/1.1" 200 27
222.70.171.86 - - [30/Nov/2021:08:29:27 +0800] "GET /xingrg/all/function/internal_message.html?_=1638232171311&CODE_STATE=getMsg HTTP/1.1" 302 -
58.39.139.200 - - [30/Nov/2021:08:29:30 +0800] "GET /xingrg/check_reg.html?_=1638232169657 HTTP/1.1" 200 22
58.39.139.200 - - [30/Nov/2021:08:29:30 +0800] "GET /xingrg/all/function/internal_message.html?_=1638232169659&CODE_STATE=getMsg HTTP/1.1" 200 27
58.35.210.86 - - [30/Nov/2021:08:29:33 +0800] "POST /xingrg/services/DataTransmitService HTTP/1.1" 200 524
58.35.210.86 - - [30/Nov/2021:08:29:35 +0800] "POST /xingrg/services/DataTransmitService HTTP/1.1" 200 501
114.85.125.222 - - [30/Nov/2021:08:29:36 +0800] "GET /xingrg/all/function/internal_message.html?_=1638232143376&CODE_STATE=getMsg HTTP/1.1" 200 27
180.174.250.202 - - [30/Nov/2021:08:29:39 +0800] "GET /xingrg/all/function/internal_message.html?_=1638232175726&CODE_STATE=getMsg HTTP/1.1" 200 27
172.20.0.100 - - [30/Nov/2021:08:29:40 +0800] "GET /xingrg/all/function/internal_message.html?_=1638232179120&CODE_STATE=getMsg HTTP/1.1" 200 27
116.227.210.113 - - [30/Nov/2021:08:29:47 +0800] "GET /xingrg/check_reg.html?_=1638232185271 HTTP/1.1" 200 22
116.227.210.113 - - [30/Nov/2021:08:29:47 +0800] "GET /xingrg/all/function/internal_message.html?_=1638232185274&CODE_STATE=getMsg HTTP/1.1" 200 27
222.70.171.86 - - [30/Nov/2021:08:30:00 +0800] "GET /xingrg/all/function/internal_message.html?_=1638232204983&CODE_STATE=getMsg HTTP/1.1" 200 27
222.70.171.86 - - [30/Nov/2021:08:30:16 +0800] "GET /xingrg/check_reg.html?_=1638232219853 HTTP/1.1" 302 -
120.253.135.82 - - [30/Nov/2021:08:30:16 +0800] "GET /xingrg/all/function/internal_message.html?_=1638231992204&CODE_STATE=getMsg HTTP/1.1" 200 27
116.238.248.233 - - [30/Nov/2021:08:30:20 +0800] "GET /xingrg/all/function/internal_message.html?_=1638232218939&CODE_STATE=getMsg HTTP/1.1" 200 27
114.85.125.222 - - [30/Nov/2021:08:30:26 +0800] "GET /xingrg/check_reg.html?_=1638232193589 HTTP/1.1" 200 22
222.70.171.86 - - [30/Nov/2021:08:30:27 +0800] "GET /xingrg/all/function/internal_message.html?_=1638232231315&CODE_STATE=getMsg HTTP/1.1" 302 -
58.39.139.200 - - [30/Nov/2021:08:30:30 +0800] "GET /xingrg/all/function/internal_message.html?_=1638232229650&CODE_STATE=getMsg HTTP/1.1" 200 27
114.85.125.222 - - [30/Nov/2021:08:30:36 +0800] "GET /xingrg/all/function/internal_message.html?_=1638232203383&CODE_STATE=getMsg HTTP/1.1" 200 27
180.174.250.202 - - [30/Nov/2021:08:30:39 +0800] "GET /xingrg/all/function/internal_message.html?_=1638232235740&CODE_STATE=getMsg HTTP/1.1" 200 27
172.20.0.100 - - [30/Nov/2021:08:30:40 +0800] "GET /xingrg/check_reg.html?_=1638232239128 HTTP/1.1" 200 22
172.20.0.100 - - [30/Nov/2021:08:30:40 +0800] "GET /xingrg/all/function/internal_message.html?_=1638232239131&CODE_STATE=getMsg HTTP/1.1" 200 27
116.227.210.113 - - [30/Nov/2021:08:30:47 +0800] "GET /xingrg/all/function/internal_message.html?_=1638232245289&CODE_STATE=getMsg HTTP/1.1" 200 27
222.70.171.86 - - [30/Nov/2021:08:30:51 +0800] "GET /xingrg/check_reg.html?_=1638232256308 HTTP/1.1" 200 22
222.70.171.86 - - [30/Nov/2021:08:31:00 +0800] "GET /xingrg/all/function/internal_message.html?_=1638232264997&CODE_STATE=getMsg HTTP/1.1" 200 27
58.39.139.200 - - [30/Nov/2021:08:31:07 +0800] "GET /xingrg/kc/buy/cgsh_order_operate.html?command=get_materiel&rest_code=00105&code=00101008355&supplier_code=00100203&order_time=2021-11-30 HTTP/1.1" 200 408
120.253.135.82 - - [30/Nov/2021:08:31:16 +0800] "GET /xingrg/all/function/internal_message.html?_=1638232052207&CODE_STATE=getMsg HTTP/1.1" 200 27
116.238.248.233 - - [30/Nov/2021:08:31:20 +0800] "GET /xingrg/all/function/internal_message.html?_=1638232278932&CODE_STATE=getMsg HTTP/1.1" 200 27
58.39.139.200 - - [30/Nov/2021:08:31:21 +0800] "GET /xingrg/kc/buy/cgsh_order_operate.html?command=get_materiel&rest_code=00105&code=00101008264&supplier_code=00100203&order_time=2021-11-30 HTTP/1.1" 200 412
180.174.250.202 - - [30/Nov/2021:08:31:23 +0800] "GET /xingrg/kc/buy/cgsh_order_list.html HTTP/1.1" 200 49270
180.174.250.202 - - [30/Nov/2021:08:31:24 +0800] "POST /xingrg/kc/buy/cgsh_list_operate.html HTTP/1.1" 200 876
180.174.250.202 - - [30/Nov/2021:08:31:25 +0800] "GET /xingrg/kc/buy/cgsh_order_add.html HTTP/1.1" 200 64999
180.174.250.202 - - [30/Nov/2021:08:31:26 +0800] "POST /xingrg/kc/buy/cgsh_order_operate.html HTTP/1.1" 200 8245
180.174.250.202 - - [30/Nov/2021:08:31:27 +0800] "GET /xingrg/javascript/easyui/themes/default/validatebox.css HTTP/1.1" 404 1104
222.70.171.86 - - [30/Nov/2021:08:31:27 +0800] "GET /xingrg/all/function/internal_message.html?_=1638232291337&CODE_STATE=getMsg HTTP/1.1" 302 -
58.39.139.200 - - [30/Nov/2021:08:31:30 +0800] "GET /xingrg/all/function/internal_message.html?_=1638232289688&CODE_STATE=getMsg HTTP/1.1" 200 27
114.85.125.222 - - [30/Nov/2021:08:31:36 +0800] "GET /xingrg/all/function/internal_message.html?_=1638232263397&CODE_STATE=getMsg HTTP/1.1" 200 27
58.39.139.200 - - [30/Nov/2021:08:31:38 +0800] "GET /xingrg/kc/buy/cgsh_order_operate.html?command=get_materiel&rest_code=00105&code=00101008230&supplier_code=00100203&order_time=2021-11-30 HTTP/1.1" 200 408
180.174.250.202 - - [30/Nov/2021:08:31:38 +0800] "GET /xingrg/kc/buy/cgsh_order_operate.html?command=get_materiel&rest_code=00102&code=00101010136&supplier_code=00100151&order_time=2021-11-30 HTTP/1.1" 200 408
180.174.250.202 - - [30/Nov/2021:08:31:39 +0800] "GET /xingrg/all/function/internal_message.html?_=1638232295752&CODE_STATE=getMsg HTTP/1.1" 200 27
172.20.0.100 - - [30/Nov/2021:08:31:40 +0800] "GET /xingrg/all/function/internal_message.html?_=1638232299125&CODE_STATE=getMsg HTTP/1.1" 200 27
116.238.248.233 - - [30/Nov/2021:08:31:45 +0800] "GET /xingrg/kc/buy/cgsh_order_list.html HTTP/1.1" 200 49274
116.238.248.233 - - [30/Nov/2021:08:31:47 +0800] "POST /xingrg/kc/buy/cgsh_list_operate.html HTTP/1.1" 200 876
116.227.210.113 - - [30/Nov/2021:08:31:47 +0800] "GET /xingrg/all/function/internal_message.html?_=1638232305286&CODE_STATE=getMsg HTTP/1.1" 200 27
116.238.248.233 - - [30/Nov/2021:08:31:49 +0800] "GET /xingrg/kc/buy/cgsh_order_add.html HTTP/1.1" 200 64644
116.238.248.233 - - [30/Nov/2021:08:31:49 +0800] "GET /xingrg/words/20211129181953_words.js HTTP/1.1" 200 876095
116.238.248.233 - - [30/Nov/2021:08:31:49 +0800] "POST /xingrg/kc/buy/cgsh_order_operate.html HTTP/1.1" 200 8245
116.238.248.233 - - [30/Nov/2021:08:31:49 +0800] "GET /xingrg/all/common/auto_word.html?type=employee&rest_code=00151 HTTP/1.1" 200 293
116.238.248.233 - - [30/Nov/2021:08:31:49 +0800] "GET /xingrg/all/common/auto_word.html?type=employee&rest_code=00151 HTTP/1.1" 200 293
116.238.248.233 - - [30/Nov/2021:08:31:49 +0800] "GET /xingrg/javascript/easyui/themes/default/validatebox.css HTTP/1.1" 404 1104
58.39.139.200 - - [30/Nov/2021:08:31:54 +0800] "GET /xingrg/kc/buy/cgsh_order_operate.html?command=get_materiel&rest_code=00105&code=00101008330&supplier_code=00100203&order_time=2021-11-30 HTTP/1.1" 200 409
222.70.171.86 - - [30/Nov/2021:08:32:00 +0800] "GET /xingrg/all/function/internal_message.html?_=1638232325012&CODE_STATE=getMsg HTTP/1.1" 200 27
58.39.139.200 - - [30/Nov/2021:08:32:05 +0800] "GET /xingrg/kc/buy/cgsh_order_operate.html?command=get_materiel&rest_code=00105&code=00101008027&supplier_code=00100203&order_time=2021-11-30 HTTP/1.1" 200 408
58.39.139.200 - - [30/Nov/2021:08:32:14 +0800] "GET /xingrg/kc/buy/cgsh_order_operate.html?command=get_materiel&rest_code=00105&code=00101008055&supplier_code=00100203&order_time=2021-11-30 HTTP/1.1" 200 409
120.253.135.82 - - [30/Nov/2021:08:32:16 +0800] "GET /xingrg/all/function/internal_message.html?_=1638232112444&CODE_STATE=getMsg HTTP/1.1" 200 27
116.238.248.233 - - [30/Nov/2021:08:32:18 +0800] "GET /xingrg/kc/buy/cgsh_order_operate.html?command=get_materiel&rest_code=00151&code=00101016038&supplier_code=00100007&order_time=2021-11-30 HTTP/1.1" 200 408
116.238.248.233 - - [30/Nov/2021:08:32:20 +0800] "GET /xingrg/all/function/internal_message.html?_=1638232338924&CODE_STATE=getMsg HTTP/1.1" 200 27
58.39.139.200 - - [30/Nov/2021:08:32:22 +0800] "GET /xingrg/kc/buy/cgsh_order_operate.html?command=get_materiel&rest_code=00105&code=00101008257&supplier_code=00100203&order_time=2021-11-30 HTTP/1.1" 200 416
222.70.171.86 - - [30/Nov/2021:08:32:27 +0800] "GET /xingrg/all/function/internal_message.html?_=1638232351342&CODE_STATE=getMsg HTTP/1.1" 302 -
116.238.248.233 - - [30/Nov/2021:08:32:29 +0800] "GET /xingrg/kc/buy/cgsh_order_operate.html?command=get_materiel&rest_code=00151&code=00101008318&supplier_code=00100007&order_time=2021-11-30 HTTP/1.1" 200 408
58.39.139.200 - - [30/Nov/2021:08:32:30 +0800] "GET /xingrg/all/function/internal_message.html?_=1638232349715&CODE_STATE=getMsg HTTP/1.1" 200 27
58.39.139.200 - - [30/Nov/2021:08:32:31 +0800] "GET /xingrg/kc/buy/cgsh_order_operate.html?command=get_materiel&rest_code=00105&code=00101008244&supplier_code=00100203&order_time=2021-11-30 HTTP/1.1" 200 408
114.85.125.222 - - [30/Nov/2021:08:32:36 +0800] "GET /xingrg/all/function/internal_message.html?_=1638232323416&CODE_STATE=getMsg HTTP/1.1" 200 27
116.238.248.233 - - [30/Nov/2021:08:32:37 +0800] "GET /xingrg/kc/buy/cgsh_order_operate.html?command=get_materiel&rest_code=00151&code=00101008095&supplier_code=00100007&order_time=2021-11-30 HTTP/1.1" 200 412
180.174.250.202 - - [30/Nov/2021:08:32:39 +0800] "GET /xingrg/all/function/internal_message.html?_=1638232355767&CODE_STATE=getMsg HTTP/1.1" 200 27
172.20.0.100 - - [30/Nov/2021:08:32:40 +0800] "GET /xingrg/all/function/internal_message.html?_=1638232359131&CODE_STATE=getMsg HTTP/1.1" 200 27
58.39.139.200 - - [30/Nov/2021:08:32:40 +0800] "GET /xingrg/kc/buy/cgsh_order_operate.html?command=get_materiel&rest_code=00105&code=00101008251&supplier_code=00100203&order_time=2021-11-30 HTTP/1.1" 200 408
116.238.248.233 - - [30/Nov/2021:08:32:42 +0800] "GET /xingrg/kc/buy/cgsh_order_operate.html?command=get_materiel&rest_code=00151&code=00101008221&supplier_code=00100007&order_time=2021-11-30 HTTP/1.1" 200 412
116.227.210.113 - - [30/Nov/2021:08:32:47 +0800] "GET /xingrg/all/function/internal_message.html?_=1638232365274&CODE_STATE=getMsg HTTP/1.1" 200 27
116.238.248.233 - - [30/Nov/2021:08:32:48 +0800] "GET /xingrg/kc/buy/cgsh_order_operate.html?command=get_materiel&rest_code=00151&code=00101008450&supplier_code=00100007&order_time=2021-11-30 HTTP/1.1" 200 411
58.39.139.200 - - [30/Nov/2021:08:32:48 +0800] "GET /xingrg/kc/buy/cgsh_order_operate.html?command=get_materiel&rest_code=00105&code=00101008357&supplier_code=00100203&order_time=2021-11-30 HTTP/1.1" 200 408
58.39.139.200 - - [30/Nov/2021:08:32:56 +0800] "GET /xingrg/kc/buy/cgsh_order_operate.html?command=get_materiel&rest_code=00105&code=00101008108&supplier_code=00100203&order_time=2021-11-30 HTTP/1.1" 200 412
222.70.171.86 - - [30/Nov/2021:08:33:00 +0800] "GET /xingrg/all/function/internal_message.html?_=1638232385039&CODE_STATE=getMsg HTTP/1.1" 200 27
58.39.139.200 - - [30/Nov/2021:08:33:03 +0800] "GET /xingrg/kc/buy/cgsh_order_operate.html?command=get_materiel&rest_code=00105&code=00101008353&supplier_code=00100203&order_time=2021-11-30 HTTP/1.1" 200 408
120.253.135.82 - - [30/Nov/2021:08:33:11 +0800] "GET /xingrg/check_reg.html?_=1638232166680 HTTP/1.1" 200 22
116.238.248.233 - - [30/Nov/2021:08:33:14 +0800] "GET /xingrg/kc/buy/cgsh_order_operate.html?command=get_materiel&rest_code=00151&code=00101008118&supplier_code=00100007&order_time=2021-11-30 HTTP/1.1" 200 418
120.253.135.82 - - [30/Nov/2021:08:33:16 +0800] "GET /xingrg/all/function/internal_message.html?_=1638232172452&CODE_STATE=getMsg HTTP/1.1" 200 27
116.238.248.233 - - [30/Nov/2021:08:33:20 +0800] "GET /xingrg/all/function/internal_message.html?_=1638232398900&CODE_STATE=getMsg HTTP/1.1" 200 27
58.39.139.200 - - [30/Nov/2021:08:33:20 +0800] "GET /xingrg/kc/buy/cgsh_order_operate.html?command=get_materiel&rest_code=00105&code=00101008242&supplier_code=00100203&order_time=2021-11-30 HTTP/1.1" 200 408
116.238.248.233 - - [30/Nov/2021:08:33:21 +0800] "GET /xingrg/kc/buy/cgsh_order_operate.html?command=get_materiel&rest_code=00151&code=00101012044&supplier_code=00100007&order_time=2021-11-30 HTTP/1.1" 200 408
222.70.171.86 - - [30/Nov/2021:08:33:27 +0800] "GET /xingrg/all/function/internal_message.html?_=1638232411365&CODE_STATE=getMsg HTTP/1.1" 302 -
120.253.135.82 - - [30/Nov/2021:08:33:28 +0800] "GET /xingrg/kc/pszx/mdqp_order_list.html?state=10 HTTP/1.1" 200 10217
120.253.135.82 - - [30/Nov/2021:08:33:28 +0800] "POST /xingrg/kc/pszx/mdps_list_operate.html HTTP/1.1" 200 3857
120.253.135.82 - - [30/Nov/2021:08:33:28 +0800] "GET /xingrg/dwr/engine.js HTTP/1.1" 200 43631
120.253.135.82 - - [30/Nov/2021:08:33:28 +0800] "GET /xingrg/dwr/interface/AjaxReportQueryService.js HTTP/1.1" 200 13203
120.253.135.82 - - [30/Nov/2021:08:33:28 +0800] "GET /xingrg/dwr/interface/AjaxQqpsService.js HTTP/1.1" 200 16326
116.238.248.233 - - [30/Nov/2021:08:33:28 +0800] "GET /xingrg/kc/buy/cgsh_order_operate.html?command=get_materiel&rest_code=00151&code=00101008098&supplier_code=00100007&order_time=2021-11-30 HTTP/1.1" 200 412
58.39.139.200 - - [30/Nov/2021:08:33:30 +0800] "GET /xingrg/kc/buy/cgsh_order_operate.html?command=get_materiel&rest_code=00105&code=00101008105&supplier_code=00100203&order_time=2021-11-30 HTTP/1.1" 200 412
58.39.139.200 - - [30/Nov/2021:08:33:30 +0800] "GET /xingrg/all/function/internal_message.html?_=1638232409681&CODE_STATE=getMsg HTTP/1.1" 200 27
120.253.135.82 - - [30/Nov/2021:08:33:30 +0800] "GET /xingrg/kc/pszx/mdps_order_list.html?orderType=0 HTTP/1.1" 200 21089
120.253.135.82 - - [30/Nov/2021:08:33:31 +0800] "POST /xingrg/kc/pszx/mdps_list_operate.html HTTP/1.1" 200 5167
116.238.248.233 - - [30/Nov/2021:08:33:34 +0800] "GET /xingrg/kc/buy/cgsh_order_operate.html?command=get_materiel&rest_code=00151&code=00101008242&supplier_code=00100007&order_time=2021-11-30 HTTP/1.1" 200 409
114.85.125.222 - - [30/Nov/2021:08:33:36 +0800] "GET /xingrg/all/function/internal_message.html?_=1638232383426&CODE_STATE=getMsg HTTP/1.1" 200 27
58.39.139.200 - - [30/Nov/2021:08:33:36 +0800] "POST /xingrg/kc/buy/cgsh_order_operate.html HTTP/1.1" 200 2065
180.174.250.202 - - [30/Nov/2021:08:33:37 +0800] "GET /xingrg/kc/buy/cgsh_order_operate.html?command=get_materiel&rest_code=00102&code=00101020103&supplier_code=00100151&order_time=2021-11-30 HTTP/1.1" 200 408
180.174.250.202 - - [30/Nov/2021:08:33:38 +0800] "GET /xingrg/check_reg.html?_=1638232414135 HTTP/1.1" 200 22
116.238.248.233 - - [30/Nov/2021:08:33:39 +0800] "GET /xingrg/check_reg.html?_=1638232417901 HTTP/1.1" 200 22
120.253.135.82 - - [30/Nov/2021:08:33:39 +0800] "POST /xingrg/kc/pszx/mdps_list_operate.html HTTP/1.1" 200 2439
180.174.250.202 - - [30/Nov/2021:08:33:40 +0800] "GET /xingrg/all/function/internal_message.html?_=1638232415795&CODE_STATE=getMsg HTTP/1.1" 200 27
172.20.0.100 - - [30/Nov/2021:08:33:40 +0800] "GET /xingrg/all/function/internal_message.html?_=1638232419120&CODE_STATE=getMsg HTTP/1.1" 200 27
120.253.135.82 - - [30/Nov/2021:08:33:40 +0800] "POST /xingrg/kc/pszx/mdps_list_operate.html HTTP/1.1" 200 634
120.253.135.82 - - [30/Nov/2021:08:33:41 +0800] "GET /xingrg/kc/pszx/mdps_order_info.html?code=312021113000724 HTTP/1.1" 200 23931
120.253.135.82 - - [30/Nov/2021:08:33:42 +0800] "GET /xingrg/javascript/easyui/themes/default/validatebox.css HTTP/1.1" 404 1104
120.253.135.82 - - [30/Nov/2021:08:33:42 +0800] "POST /xingrg/kc/pszx/mdps_order_operate.html HTTP/1.1" 200 24343
116.238.248.233 - - [30/Nov/2021:08:33:43 +0800] "GET /xingrg/kc/buy/cgsh_order_operate.html?command=get_materiel&rest_code=00151&code=00101008300&supplier_code=00100007&order_time=2021-11-30 HTTP/1.1" 200 412
116.227.210.113 - - [30/Nov/2021:08:33:47 +0800] "GET /xingrg/all/function/internal_message.html?_=1638232425266&CODE_STATE=getMsg HTTP/1.1" 200 27
116.238.248.233 - - [30/Nov/2021:08:33:48 +0800] "GET /xingrg/kc/buy/cgsh_order_operate.html?command=get_materiel&rest_code=00151&code=00101008286&supplier_code=00100007&order_time=2021-11-30 HTTP/1.1" 200 408
58.39.139.200 - - [30/Nov/2021:08:33:53 +0800] "GET /xingrg/kc/buy/cgsh_order_operate.html?command=get_materiel&rest_code=00105&code=00101008350&supplier_code=00100203&order_time=2021-11-30 HTTP/1.1" 200 408
116.238.248.233 - - [30/Nov/2021:08:33:54 +0800] "GET /xingrg/kc/buy/cgsh_order_operate.html?command=get_materiel&rest_code=00151&code=00101012039&supplier_code=00100007&order_time=2021-11-30 HTTP/1.1" 200 429
222.70.171.86 - - [30/Nov/2021:08:34:00 +0800] "GET /xingrg/all/function/internal_message.html?_=1638232445054&CODE_STATE=getMsg HTTP/1.1" 200 27
116.238.248.233 - - [30/Nov/2021:08:34:01 +0800] "GET /xingrg/kc/buy/cgsh_order_operate.html?command=get_materiel&rest_code=00151&code=00101008362&supplier_code=00100007&order_time=2021-11-30 HTTP/1.1" 200 408
116.238.248.233 - - [30/Nov/2021:08:34:06 +0800] "GET /xingrg/kc/buy/cgsh_order_operate.html?command=get_materiel&rest_code=00151&code=00101008137&supplier_code=00100007&order_time=2021-11-30 HTTP/1.1" 200 408
116.238.248.233 - - [30/Nov/2021:08:34:11 +0800] "GET /xingrg/kc/buy/cgsh_order_operate.html?command=get_materiel&rest_code=00151&code=00101008372&supplier_code=00100007&order_time=2021-11-30 HTTP/1.1" 200 408
120.253.135.82 - - [30/Nov/2021:08:34:13 +0800] "POST /xingrg/kc/pszx/mdps_order_operate.html HTTP/1.1" 200 37
58.39.139.200 - - [30/Nov/2021:08:34:14 +0800] "GET /xingrg/kc/buy/cgsh_order_operate.html?command=get_materiel&rest_code=00105&code=00101008112&supplier_code=00100203&order_time=2021-11-30 HTTP/1.1" 200 412
120.253.135.82 - - [30/Nov/2021:08:34:14 +0800] "GET /xingrg/kc/pszx/mdps_order_info.html?code=312021113000724 HTTP/1.1" 200 23931
120.253.135.82 - - [30/Nov/2021:08:34:15 +0800] "GET /xingrg/javascript/easyui/themes/default/validatebox.css HTTP/1.1" 404 1104
120.253.135.82 - - [30/Nov/2021:08:34:15 +0800] "POST /xingrg/kc/pszx/mdps_order_operate.html HTTP/1.1" 200 24341
120.253.135.82 - - [30/Nov/2021:08:34:16 +0800] "GET /xingrg/all/function/internal_message.html?_=1638232232513&CODE_STATE=getMsg HTTP/1.1" 200 27
116.238.248.233 - - [30/Nov/2021:08:34:20 +0800] "GET /xingrg/all/function/internal_message.html?_=1638232458902&CODE_STATE=getMsg HTTP/1.1" 200 27
120.253.135.82 - - [30/Nov/2021:08:34:20 +0800] "GET /xingrg/kc/buy/buy_main.html HTTP/1.1" 200 12341
120.253.135.82 - - [30/Nov/2021:08:34:20 +0800] "GET /xingrg/css/new_ie.css HTTP/1.1" 404 1036
120.253.135.82 - - [30/Nov/2021:08:34:20 +0800] "POST /xingrg/kc/pszx/mdps_list_operate.html HTTP/1.1" 200 2438
120.253.135.82 - - [30/Nov/2021:08:34:20 +0800] "GET /xingrg/images/yd/bt.gif HTTP/1.1" 404 1040
120.253.135.82 - - [30/Nov/2021:08:34:21 +0800] "GET /xingrg/kc/buy/cgsh_order_list.html HTTP/1.1" 200 49270
120.253.135.82 - - [30/Nov/2021:08:34:23 +0800] "POST /xingrg/kc/buy/cgsh_list_operate.html HTTP/1.1" 200 876
120.253.135.82 - - [30/Nov/2021:08:34:23 +0800] "GET /xingrg/kc/buy/cgsh_order_add.html HTTP/1.1" 200 64063
120.253.135.82 - - [30/Nov/2021:08:34:24 +0800] "POST /xingrg/kc/buy/cgsh_order_operate.html HTTP/1.1" 200 8245
120.253.135.82 - - [30/Nov/2021:08:34:24 +0800] "GET /xingrg/javascript/easyui/themes/default/validatebox.css HTTP/1.1" 404 1104
116.238.248.233 - - [30/Nov/2021:08:34:26 +0800] "GET /xingrg/kc/buy/cgsh_order_operate.html?command=get_materiel&rest_code=00151&code=00101012007&supplier_code=00100007&order_time=2021-11-30 HTTP/1.1" 200 412
222.70.171.86 - - [30/Nov/2021:08:34:27 +0800] "GET /xingrg/all/function/internal_message.html?_=1638232471369&CODE_STATE=getMsg HTTP/1.1" 302 -
58.39.139.200 - - [30/Nov/2021:08:34:30 +0800] "GET /xingrg/check_reg.html?_=1638232469734 HTTP/1.1" 200 22
58.39.139.200 - - [30/Nov/2021:08:34:30 +0800] "GET /xingrg/all/function/internal_message.html?_=1638232469735&CODE_STATE=getMsg HTTP/1.1" 200 27
120.253.135.82 - - [30/Nov/2021:08:34:33 +0800] "GET /xingrg/kc/buy/cgsh_order_operate.html?command=get_materiel&rest_code=00101&code=00101019212&supplier_code=&order_time=2021-11-30 HTTP/1.1" 200 463
180.174.250.202 - - [30/Nov/2021:08:34:33 +0800] "GET /xingrg/kc/buy/cgsh_order_operate.html?command=get_materiel&rest_code=00102&code=00101006088&supplier_code=00100151&order_time=2021-11-30 HTTP/1.1" 200 411
120.253.135.82 - - [30/Nov/2021:08:34:34 +0800] "POST /xingrg/all/common/load_select.html HTTP/1.1" 200 25
114.85.125.222 - - [30/Nov/2021:08:34:36 +0800] "GET /xingrg/all/function/internal_message.html?_=1638232443447&CODE_STATE=getMsg HTTP/1.1" 200 27
116.238.248.233 - - [30/Nov/2021:08:34:36 +0800] "GET /xingrg/kc/buy/cgsh_order_operate.html?command=get_materiel&rest_code=00151&code=00101008131&supplier_code=00100007&order_time=2021-11-30 HTTP/1.1" 200 408
120.253.135.82 - - [30/Nov/2021:08:34:38 +0800] "GET /xingrg/kc/buy/cgsh_order_operate.html?command=get_materiel_price&rest_code=00101&code=00101019212&unit_code=00100179&supplier_code=&order_time=2021-11-30 HTTP/1.1" 200 30
180.174.250.202 - - [30/Nov/2021:08:34:40 +0800] "GET /xingrg/all/function/internal_message.html?_=1638232475932&CODE_STATE=getMsg HTTP/1.1" 200 27
172.20.0.100 - - [30/Nov/2021:08:34:40 +0800] "GET /xingrg/all/function/internal_message.html?_=1638232479125&CODE_STATE=getMsg HTTP/1.1" 200 27
120.253.135.82 - - [30/Nov/2021:08:34:45 +0800] "GET /xingrg/kc/pszx/mdps_order_list.html?orderType=0 HTTP/1.1" 200 21089
120.253.135.82 - - [30/Nov/2021:08:34:46 +0800] "POST /xingrg/kc/pszx/mdps_list_operate.html HTTP/1.1" 200 5167
120.253.135.82 - - [30/Nov/2021:08:34:46 +0800] "POST /xingrg/kc/buy/cgsh_list_operate.html HTTP/1.1" 200 876
116.238.248.233 - - [30/Nov/2021:08:34:47 +0800] "GET /xingrg/kc/buy/cgsh_order_operate.html?command=get_materiel&rest_code=00151&code=00101008125&supplier_code=00100007&order_time=2021-11-30 HTTP/1.1" 200 413
116.227.210.113 - - [30/Nov/2021:08:34:47 +0800] "GET /xingrg/all/function/internal_message.html?_=1638232485274&CODE_STATE=getMsg HTTP/1.1" 200 27
116.227.210.113 - - [30/Nov/2021:08:34:47 +0800] "GET /xingrg/check_reg.html?_=1638232485278 HTTP/1.1" 200 22
180.174.250.202 - - [30/Nov/2021:08:34:48 +0800] "GET /xingrg/kc/buy/cgsh_order_operate.html?command=get_materiel&rest_code=00102&code=00101008355&supplier_code=00100151&order_time=2021-11-30 HTTP/1.1" 200 408
116.238.248.233 - - [30/Nov/2021:08:34:52 +0800] "GET /xingrg/kc/buy/cgsh_order_operate.html?command=get_materiel&rest_code=00151&code=00101008213&supplier_code=00100007&order_time=2021-11-30 HTTP/1.1" 200 412
116.238.248.233 - - [30/Nov/2021:08:35:00 +0800] "GET /xingrg/kc/buy/cgsh_order_operate.html?command=get_materiel&rest_code=00151&code=00101008224&supplier_code=00100007&order_time=2021-11-30 HTTP/1.1" 200 416
222.70.171.86 - - [30/Nov/2021:08:35:00 +0800] "GET /xingrg/all/function/internal_message.html?_=1638232505076&CODE_STATE=getMsg HTTP/1.1" 200 27
120.253.135.82 - - [30/Nov/2021:08:35:01 +0800] "POST /xingrg/kc/pszx/mdps_list_operate.html HTTP/1.1" 200 2438
116.238.248.233 - - [30/Nov/2021:08:35:02 +0800] "POST /xingrg/kc/buy/cgsh_order_operate.html HTTP/1.1" 200 2065
120.253.135.82 - - [30/Nov/2021:08:35:03 +0800] "POST /xingrg/kc/pszx/mdps_list_operate.html HTTP/1.1" 200 634
120.253.135.82 - - [30/Nov/2021:08:35:05 +0800] "GET /xingrg/kc/pszx/mdps_order_info.html?code=312021113000724 HTTP/1.1" 200 23931
120.253.135.82 - - [30/Nov/2021:08:35:05 +0800] "GET /xingrg/javascript/easyui/themes/default/validatebox.css HTTP/1.1" 404 1104
120.253.135.82 - - [30/Nov/2021:08:35:05 +0800] "POST /xingrg/kc/pszx/mdps_order_operate.html HTTP/1.1" 200 24341
116.238.248.233 - - [30/Nov/2021:08:35:08 +0800] "GET /xingrg/kc/buy/cgsh_order_operate.html?command=get_materiel&rest_code=00151&code=00101012030&supplier_code=00100007&order_time=2021-11-30 HTTP/1.1" 200 416
58.39.139.200 - - [30/Nov/2021:08:35:14 +0800] "GET /xingrg/kc/buy/cgsh_order_operate.html?command=get_materiel&rest_code=00105&code=00101008041&supplier_code=00100203&order_time=2021-11-30 HTTP/1.1" 200 408
222.70.171.86 - - [30/Nov/2021:08:35:16 +0800] "GET /xingrg/check_reg.html?_=1638232519863 HTTP/1.1" 302 -
120.253.135.82 - - [30/Nov/2021:08:35:16 +0800] "GET /xingrg/all/function/internal_message.html?_=1638232292526&CODE_STATE=getMsg HTTP/1.1" 200 27
116.238.248.233 - - [30/Nov/2021:08:35:19 +0800] "GET /xingrg/all/function/internal_message.html?_=1638232518864&CODE_STATE=getMsg HTTP/1.1" 200 27
180.174.250.202 - - [30/Nov/2021:08:35:24 +0800] "GET /xingrg/kc/buy/cgsh_order_operate.html?command=get_materiel&rest_code=00102&code=00101008286&supplier_code=00100151&order_time=2021-11-30 HTTP/1.1" 200 408
114.85.125.222 - - [30/Nov/2021:08:35:26 +0800] "GET /xingrg/check_reg.html?_=1638232493592 HTTP/1.1" 200 22
58.39.139.200 - - [30/Nov/2021:08:35:27 +0800] "GET /xingrg/kc/buy/cgsh_order_operate.html?command=get_materiel&rest_code=00105&code=00101008092&supplier_code=00100203&order_time=2021-11-30 HTTP/1.1" 200 412
222.70.171.86 - - [30/Nov/2021:08:35:27 +0800] "GET /xingrg/all/function/internal_message.html?_=1638232531391&CODE_STATE=getMsg HTTP/1.1" 302 -
116.238.248.233 - - [30/Nov/2021:08:35:29 +0800] "POST /xingrg/kc/buy/cgsh_order_operate.html HTTP/1.1" 200 37
58.39.139.200 - - [30/Nov/2021:08:35:30 +0800] "GET /xingrg/all/function/internal_message.html?_=1638232529778&CODE_STATE=getMsg HTTP/1.1" 200 27
116.238.248.233 - - [30/Nov/2021:08:35:31 +0800] "POST /xingrg/kc/buy/cgsh_order_operate.html HTTP/1.1" 200 15236
114.85.125.222 - - [30/Nov/2021:08:35:36 +0800] "GET /xingrg/all/function/internal_message.html?_=1638232503452&CODE_STATE=getMsg HTTP/1.1" 200 27
58.39.139.200 - - [30/Nov/2021:08:35:37 +0800] "GET /xingrg/kc/buy/cgsh_order_operate.html?command=get_materiel&rest_code=00105&code=00101016122&supplier_code=00100203&order_time=2021-11-30 HTTP/1.1" 200 395
116.238.248.233 - - [30/Nov/2021:08:35:39 +0800] "GET /xingrg/kc/buy/cgsh_order_add.html HTTP/1.1" 200 64644
116.238.248.233 - - [30/Nov/2021:08:35:40 +0800] "POST /xingrg/kc/buy/cgsh_order_operate.html HTTP/1.1" 200 8245
180.174.250.202 - - [30/Nov/2021:08:35:40 +0800] "GET /xingrg/all/function/internal_message.html?_=1638232535948&CODE_STATE=getMsg HTTP/1.1" 200 27
116.238.248.233 - - [30/Nov/2021:08:35:40 +0800] "GET /xingrg/javascript/easyui/themes/default/validatebox.css HTTP/1.1" 404 1104
172.20.0.100 - - [30/Nov/2021:08:35:40 +0800] "GET /xingrg/all/function/internal_message.html?_=1638232539124&CODE_STATE=getMsg HTTP/1.1" 200 27
172.20.0.100 - - [30/Nov/2021:08:35:40 +0800] "GET /xingrg/check_reg.html?_=1638232539128 HTTP/1.1" 200 22
116.227.210.113 - - [30/Nov/2021:08:35:47 +0800] "GET /xingrg/all/function/internal_message.html?_=1638232545273&CODE_STATE=getMsg HTTP/1.1" 200 27
116.238.248.233 - - [30/Nov/2021:08:35:48 +0800] "GET /xingrg/kc/buy/cgsh_order_operate.html?command=get_materiel&rest_code=00151&code=00101009124&supplier_code=00100424&order_time=2021-11-30 HTTP/1.1" 200 402
222.70.171.86 - - [30/Nov/2021:08:35:51 +0800] "GET /xingrg/check_reg.html?_=1638232556321 HTTP/1.1" 200 22
116.238.248.233 - - [30/Nov/2021:08:35:55 +0800] "GET /xingrg/kc/buy/cgsh_order_operate.html?command=get_materiel&rest_code=00151&code=00101009053&supplier_code=00100424&order_time=2021-11-30 HTTP/1.1" 200 408
58.39.139.200 - - [30/Nov/2021:08:35:57 +0800] "GET /xingrg/kc/buy/cgsh_order_operate.html?command=get_materiel&rest_code=00105&code=00101008223&supplier_code=00100203&order_time=2021-11-30 HTTP/1.1" 200 412
58.39.139.200 - - [30/Nov/2021:08:35:59 +0800] "POST /xingrg/kc/buy/cgsh_order_operate.html HTTP/1.1" 200 2065
222.70.171.86 - - [30/Nov/2021:08:36:00 +0800] "GET /xingrg/all/function/internal_message.html?_=1638232565081&CODE_STATE=getMsg HTTP/1.1" 200 27
116.238.248.233 - - [30/Nov/2021:08:36:02 +0800] "GET /xingrg/kc/buy/cgsh_order_operate.html?command=get_materiel&rest_code=00151&code=00101009023&supplier_code=00100424&order_time=2021-11-30 HTTP/1.1" 200 408
120.253.135.82 - - [30/Nov/2021:08:36:03 +0800] "POST /xingrg/kc/pszx/mdps_order_operate.html HTTP/1.1" 200 37
120.253.135.82 - - [30/Nov/2021:08:36:04 +0800] "GET /xingrg/kc/pszx/mdps_order_info.html?code=312021113000724 HTTP/1.1" 200 23931
120.253.135.82 - - [30/Nov/2021:08:36:05 +0800] "GET /xingrg/javascript/easyui/themes/default/validatebox.css HTTP/1.1" 404 1104
120.253.135.82 - - [30/Nov/2021:08:36:05 +0800] "POST /xingrg/kc/pszx/mdps_order_operate.html HTTP/1.1" 200 24341
58.39.139.200 - - [30/Nov/2021:08:36:11 +0800] "GET /xingrg/kc/buy/cgsh_order_operate.html?command=get_materiel&rest_code=00105&code=00101008261&supplier_code=00100203&order_time=2021-11-30 HTTP/1.1" 200 408
120.253.135.82 - - [30/Nov/2021:08:36:17 +0800] "GET /xingrg/all/function/internal_message.html?_=1638232352659&CODE_STATE=getMsg HTTP/1.1" 200 27
116.238.248.233 - - [30/Nov/2021:08:36:20 +0800] "GET /xingrg/all/function/internal_message.html?_=1638232578902&CODE_STATE=getMsg HTTP/1.1" 200 27
58.39.139.200 - - [30/Nov/2021:08:36:24 +0800] "GET /xingrg/kc/buy/cgsh_order_operate.html?command=get_materiel&rest_code=00105&code=00101008046&supplier_code=00100203&order_time=2021-11-30 HTTP/1.1" 200 408
116.238.248.233 - - [30/Nov/2021:08:36:26 +0800] "POST /xingrg/kc/buy/cgsh_order_operate.html HTTP/1.1" 200 37
222.70.171.86 - - [30/Nov/2021:08:36:27 +0800] "GET /xingrg/all/function/internal_message.html?_=1638232591396&CODE_STATE=getMsg HTTP/1.1" 302 -
58.39.139.200 - - [30/Nov/2021:08:36:30 +0800] "GET /xingrg/all/function/internal_message.html?_=1638232589681&CODE_STATE=getMsg HTTP/1.1" 200 27
116.238.248.233 - - [30/Nov/2021:08:36:30 +0800] "POST /xingrg/kc/buy/cgsh_order_operate.html HTTP/1.1" 200 3858
180.174.250.202 - - [30/Nov/2021:08:36:34 +0800] "GET /xingrg/kc/buy/cgsh_order_operate.html?command=get_materiel&rest_code=00102&code=00101020112&supplier_code=00100151&order_time=2021-11-30 HTTP/1.1" 200 408
114.85.125.222 - - [30/Nov/2021:08:36:36 +0800] "GET /xingrg/all/function/internal_message.html?_=1638232563468&CODE_STATE=getMsg HTTP/1.1" 200 27
116.238.248.233 - - [30/Nov/2021:08:36:36 +0800] "POST /xingrg/all/user/operate.html HTTP/1.1" 200 36
116.238.248.233 - - [30/Nov/2021:08:36:37 +0800] "GET /xingrg/index.html?sysBaseUrl=http%3A%2F%2F180.169.147.146%3A18081%2Fxingrg%2F&costTime=96×tamp=1637976339710 HTTP/1.1" 200 17179
116.238.248.233 - - [30/Nov/2021:08:36:37 +0800] "GET /xingrg/javascript/jquery_easy_ui/themes/default/easyui.css HTTP/1.1" 304 -
116.238.248.233 - - [30/Nov/2021:08:36:37 +0800] "GET /xingrg/javascript/jquery_easy_ui/themes/icon.css HTTP/1.1" 304 -
116.238.248.233 - - [30/Nov/2021:08:36:37 +0800] "GET /xingrg/css/form.css HTTP/1.1" 304 -
116.238.248.233 - - [30/Nov/2021:08:36:37 +0800] "GET /xingrg/javascript/jquery-1.4.2.min.js HTTP/1.1" 304 -
116.238.248.233 - - [30/Nov/2021:08:36:37 +0800] "GET /xingrg/javascript/jquery_easy_ui/jquery.easyui.min.js HTTP/1.1" 304 -
116.238.248.233 - - [30/Nov/2021:08:36:37 +0800] "GET /xingrg/javascript/jquery_easy_ui/easyui-lang-zh_CN.js HTTP/1.1" 304 -
116.238.248.233 - - [30/Nov/2021:08:36:37 +0800] "GET /xingrg/javascript/jquery.form.js HTTP/1.1" 304 -
116.238.248.233 - - [30/Nov/2021:08:36:37 +0800] "GET /xingrg/javascript/jquery.utils.js HTTP/1.1" 304 -
116.238.248.233 - - [30/Nov/2021:08:36:37 +0800] "GET /xingrg/javascript/jquery.timers.js HTTP/1.1" 304 -
116.238.248.233 - - [30/Nov/2021:08:36:37 +0800] "GET /xingrg/images/blue/jxLogo.png HTTP/1.1" 304 -
116.238.248.233 - - [30/Nov/2021:08:36:37 +0800] "GET /xingrg/images/blue/navBackgound.jpg HTTP/1.1" 304 -
116.238.248.233 - - [30/Nov/2021:08:36:37 +0800] "GET /xingrg/javascript/jquery_easy_ui/themes/icons/settle_new.png HTTP/1.1" 304 -
116.238.248.233 - - [30/Nov/2021:08:36:37 +0800] "POST /xingrg/all/common/load_tree.html?tree=area_rest_tree_json&manage=1 HTTP/1.1" 200 476
116.238.248.233 - - [30/Nov/2021:08:36:37 +0800] "GET /xingrg/all/function/internal_message.html?_=1638232596322&CODE_STATE=count HTTP/1.1" 200 11
116.238.248.233 - - [30/Nov/2021:08:36:37 +0800] "GET /xingrg/check_reg.html?_=1638232596323 HTTP/1.1" 200 22
116.238.248.233 - - [30/Nov/2021:08:36:37 +0800] "GET /xingrg/images/blue/pingpu.png HTTP/1.1" 304 -
116.238.248.233 - - [30/Nov/2021:08:36:37 +0800] "GET /xingrg/javascript/jquery_easy_ui/themes/default/images/panel_tool_collapse.gif HTTP/1.1" 304 -
116.238.248.233 - - [30/Nov/2021:08:36:37 +0800] "GET /xingrg/javascript/jquery_easy_ui/themes/default/images/tabs_rightarrow.png HTTP/1.1" 304 -
116.238.248.233 - - [30/Nov/2021:08:36:37 +0800] "GET /xingrg/javascript/jquery_easy_ui/themes/default/images/tabs_leftarrow.png HTTP/1.1" 304 -
116.238.248.233 - - [30/Nov/2021:08:36:37 +0800] "POST /xingrg/load_menu.html HTTP/1.1" 200 5138
116.238.248.233 - - [30/Nov/2021:08:36:39 +0800] "GET /xingrg/kc/buy/cgsh_order_list.html HTTP/1.1" 200 49276
180.174.250.202 - - [30/Nov/2021:08:36:40 +0800] "GET /xingrg/all/function/internal_message.html?_=1638232595961&CODE_STATE=getMsg HTTP/1.1" 200 27
172.20.0.100 - - [30/Nov/2021:08:36:40 +0800] "GET /xingrg/all/function/internal_message.html?_=1638232599128&CODE_STATE=getMsg HTTP/1.1" 200 27
116.238.248.233 - - [30/Nov/2021:08:36:40 +0800] "POST /xingrg/kc/buy/cgsh_list_operate.html HTTP/1.1" 200 876
116.238.248.233 - - [30/Nov/2021:08:36:42 +0800] "GET /xingrg/kc/buy/cgsh_order_add.html HTTP/1.1" 200 64923
116.238.248.233 - - [30/Nov/2021:08:36:42 +0800] "GET /xingrg/all/common/auto_word.html?type=employee&rest_code=00150 HTTP/1.1" 200 159
116.238.248.233 - - [30/Nov/2021:08:36:42 +0800] "GET /xingrg/javascript/easyui/themes/default/validatebox.css HTTP/1.1" 404 1104
116.238.248.233 - - [30/Nov/2021:08:36:42 +0800] "GET /xingrg/all/common/auto_word.html?type=employee&rest_code=00150 HTTP/1.1" 200 159
116.238.248.233 - - [30/Nov/2021:08:36:42 +0800] "POST /xingrg/kc/buy/cgsh_order_operate.html HTTP/1.1" 200 8245
58.39.139.200 - - [30/Nov/2021:08:36:43 +0800] "GET /xingrg/kc/buy/cgsh_order_operate.html?command=get_materiel&rest_code=00105&code=00101008211&supplier_code=00100203&order_time=2021-11-30 HTTP/1.1" 200 412
116.238.248.233 - - [30/Nov/2021:08:36:43 +0800] "GET /xingrg/javascript/auto/indicator.gif HTTP/1.1" 404 1066
120.253.135.82 - - [30/Nov/2021:08:36:44 +0800] "POST /xingrg/kc/pszx/mdps_order_operate.html HTTP/1.1" 200 37
120.253.135.82 - - [30/Nov/2021:08:36:45 +0800] "GET /xingrg/kc/pszx/mdps_order_info.html?code=312021113000724 HTTP/1.1" 200 23931
120.253.135.82 - - [30/Nov/2021:08:36:46 +0800] "GET /xingrg/javascript/easyui/themes/default/validatebox.css HTTP/1.1" 404 1104
120.253.135.82 - - [30/Nov/2021:08:36:46 +0800] "POST /xingrg/kc/pszx/mdps_order_operate.html HTTP/1.1" 200 24341
116.227.210.113 - - [30/Nov/2021:08:36:47 +0800] "GET /xingrg/all/function/internal_message.html?_=1638232605266&CODE_STATE=getMsg HTTP/1.1" 200 27
58.39.139.200 - - [30/Nov/2021:08:36:50 +0800] "GET /xingrg/kc/buy/cgsh_order_operate.html?command=get_materiel&rest_code=00105&code=00101008087&supplier_code=00100203&order_time=2021-11-30 HTTP/1.1" 200 412
116.238.248.233 - - [30/Nov/2021:08:36:53 +0800] "GET /xingrg/kc/buy/cgsh_order_operate.html?command=get_materiel&rest_code=00150&code=00101008323&supplier_code=00100007&order_time=2021-11-30 HTTP/1.1" 200 429
58.39.139.200 - - [30/Nov/2021:08:36:57 +0800] "GET /xingrg/kc/buy/cgsh_order_operate.html?command=get_materiel&rest_code=00105&code=00101008137&supplier_code=00100203&order_time=2021-11-30 HTTP/1.1" 200 408
222.70.171.86 - - [30/Nov/2021:08:37:00 +0800] "GET /xingrg/all/function/internal_message.html?_=1638232625095&CODE_STATE=getMsg HTTP/1.1" 200 27
116.238.248.233 - - [30/Nov/2021:08:37:02 +0800] "GET /xingrg/kc/buy/cgsh_order_operate.html?command=get_materiel&rest_code=00150&code=00101008027&supplier_code=00100007&order_time=2021-11-30 HTTP/1.1" 200 408
120.253.135.82 - - [30/Nov/2021:08:37:07 +0800] "GET /xingrg/kc/pszx/mdqp_order_list.html?state=10 HTTP/1.1" 200 10217
120.253.135.82 - - [30/Nov/2021:08:37:07 +0800] "POST /xingrg/kc/pszx/mdps_list_operate.html HTTP/1.1" 200 2438
120.253.135.82 - - [30/Nov/2021:08:37:07 +0800] "GET /xingrg/dwr/interface/AjaxQqpsService.js HTTP/1.1" 200 16326
120.253.135.82 - - [30/Nov/2021:08:37:07 +0800] "GET /xingrg/dwr/interface/AjaxReportQueryService.js HTTP/1.1" 200 13203
120.253.135.82 - - [30/Nov/2021:08:37:07 +0800] "GET /xingrg/dwr/engine.js HTTP/1.1" 200 43631
116.238.248.233 - - [30/Nov/2021:08:37:09 +0800] "GET /xingrg/kc/buy/cgsh_order_operate.html?command=get_materiel&rest_code=00150&code=00101008350&supplier_code=00100007&order_time=2021-11-30 HTTP/1.1" 200 408
120.253.135.82 - - [30/Nov/2021:08:37:10 +0800] "GET /xingrg/javascript/jquery_easy_ui/themes/default/images/tabs_active.png HTTP/1.1" 200 2894
58.39.139.200 - - [30/Nov/2021:08:37:10 +0800] "GET /xingrg/kc/buy/cgsh_order_operate.html?command=get_materiel&rest_code=00105&code=00101008213&supplier_code=00100203&order_time=2021-11-30 HTTP/1.1" 200 412
120.253.135.82 - - [30/Nov/2021:08:37:16 +0800] "GET /xingrg/javascript/jquery_easy_ui/themes/default/images/tabs_active.png HTTP/1.1" 200 2894
120.253.135.82 - - [30/Nov/2021:08:37:17 +0800] "GET /xingrg/all/function/internal_message.html?_=1638232412662&CODE_STATE=getMsg HTTP/1.1" 200 27
116.238.248.233 - - [30/Nov/2021:08:37:17 +0800] "GET /xingrg/kc/buy/cgsh_order_operate.html?command=get_materiel&rest_code=00150&code=00101008612&supplier_code=00100007&order_time=2021-11-30 HTTP/1.1" 200 406
58.39.139.200 - - [30/Nov/2021:08:37:23 +0800] "GET /xingrg/kc/buy/cgsh_order_operate.html?command=get_materiel&rest_code=00105&code=00101016018&supplier_code=00100203&order_time=2021-11-30 HTTP/1.1" 200 441
222.70.171.86 - - [30/Nov/2021:08:37:27 +0800] "GET /xingrg/all/function/internal_message.html?_=1638232651420&CODE_STATE=getMsg HTTP/1.1" 302 -
58.39.139.200 - - [30/Nov/2021:08:37:28 +0800] "POST /xingrg/kc/buy/cgsh_order_operate.html HTTP/1.1" 200 2065
58.39.139.200 - - [30/Nov/2021:08:37:30 +0800] "GET /xingrg/all/function/internal_message.html?_=1638232649656&CODE_STATE=getMsg HTTP/1.1" 200 27
114.85.125.222 - - [30/Nov/2021:08:37:36 +0800] "GET /xingrg/all/function/internal_message.html?_=1638232623489&CODE_STATE=getMsg HTTP/1.1" 200 27
116.238.248.233 - - [30/Nov/2021:08:37:37 +0800] "GET /xingrg/all/function/internal_message.html?_=1638232656337&CODE_STATE=getMsg HTTP/1.1" 200 27
180.174.250.202 - - [30/Nov/2021:08:37:40 +0800] "GET /xingrg/all/function/internal_message.html?_=1638232655974&CODE_STATE=getMsg HTTP/1.1" 200 27
172.20.0.100 - - [30/Nov/2021:08:37:40 +0800] "GET /xingrg/all/function/internal_message.html?_=1638232659124&CODE_STATE=getMsg HTTP/1.1" 200 27
58.39.139.200 - - [30/Nov/2021:08:37:43 +0800] "GET /xingrg/kc/buy/cgsh_order_operate.html?command=get_materiel&rest_code=00105&code=00101010194&supplier_code=00100203&order_time=2021-11-30 HTTP/1.1" 200 416
116.227.210.113 - - [30/Nov/2021:08:37:47 +0800] "GET /xingrg/all/function/internal_message.html?_=1638232665271&CODE_STATE=getMsg HTTP/1.1" 200 27
58.39.139.200 - - [30/Nov/2021:08:37:53 +0800] "GET /xingrg/kc/buy/cgsh_order_operate.html?command=get_materiel&rest_code=00105&code=00101010136&supplier_code=00100203&order_time=2021-11-30 HTTP/1.1" 200 408
120.253.135.82 - - [30/Nov/2021:08:37:55 +0800] "GET /xingrg/kc/report/report_main.html HTTP/1.1" 200 8599
120.253.135.82 - - [30/Nov/2021:08:37:56 +0800] "GET /xingrg/kc/base/kc_stocks.html HTTP/1.1" 200 16437
120.253.135.82 - - [30/Nov/2021:08:37:56 +0800] "GET /xingrg/javascript/easyui/themes/default/tree.css HTTP/1.1" 404 1090
120.253.135.82 - - [30/Nov/2021:08:37:57 +0800] "POST /xingrg/all/common/load_tree.html?tree=materiel_sort_tree_json HTTP/1.1" 200 9388
120.253.135.82 - - [30/Nov/2021:08:37:58 +0800] "POST /xingrg/all/common/load_combo.html?type=base HTTP/1.1" 200 1075
222.70.171.86 - - [30/Nov/2021:08:38:00 +0800] "GET /xingrg/all/function/internal_message.html?_=1638232685123&CODE_STATE=getMsg HTTP/1.1" 200 27
58.39.139.200 - - [30/Nov/2021:08:38:02 +0800] "POST /xingrg/kc/buy/cgsh_order_operate.html HTTP/1.1" 200 37
116.238.248.233 - - [30/Nov/2021:08:38:03 +0800] "GET /xingrg/kc/buy/cgsh_order_operate.html?command=get_materiel&rest_code=00150&code=00101008351&supplier_code=00100007&order_time=2021-11-30 HTTP/1.1" 200 408
120.253.135.82 - - [30/Nov/2021:08:38:04 +0800] "POST /xingrg/kc/base/stock_operate.html HTTP/1.1" 200 1469
120.253.135.82 - - [30/Nov/2021:08:38:11 +0800] "GET /xingrg/check_reg.html?_=1638232466686 HTTP/1.1" 200 22
58.39.139.200 - - [30/Nov/2021:08:38:11 +0800] "POST /xingrg/kc/buy/cgsh_order_operate.html HTTP/1.1" 200 20383
116.238.248.233 - - [30/Nov/2021:08:38:15 +0800] "GET /xingrg/kc/buy/cgsh_order_operate.html?command=get_materiel&rest_code=00150&code=00101008095&supplier_code=00100007&order_time=2021-11-30 HTTP/1.1" 200 412
120.253.135.82 - - [30/Nov/2021:08:38:17 +0800] "GET /xingrg/all/function/internal_message.html?_=1638232472676&CODE_STATE=getMsg HTTP/1.1" 200 27
222.70.171.86 - - [30/Nov/2021:08:38:27 +0800] "GET /xingrg/all/function/internal_message.html?_=1638232711423&CODE_STATE=getMsg HTTP/1.1" 302 -
58.39.139.200 - - [30/Nov/2021:08:38:30 +0800] "GET /xingrg/all/function/internal_message.html?_=1638232709756&CODE_STATE=getMsg HTTP/1.1" 200 27
