180.169.147.146 - - [30/Nov/2021:09:32:48 +0800] "GET /xingrg/dwr/interface/AjaxReportQueryService.js HTTP/1.1" 200 13203
180.169.147.146 - - [30/Nov/2021:09:32:48 +0800] "GET /xingrg/dwr/engine.js HTTP/1.1" 200 43631
180.169.147.146 - - [30/Nov/2021:09:32:48 +0800] "POST /xingrg/dwr/call/plaincall/AjaxReportQueryService.getFixDate.dwr HTTP/1.1" 200 111
180.169.147.146 - - [30/Nov/2021:09:32:48 +0800] "POST /xingrg/all/common/load_tree.html?tree=supplier_tree_json&manage=1 HTTP/1.1" 200 62010
101.85.120.86 - - [30/Nov/2021:09:32:49 +0800] "POST /xingrg/dwr/call/plaincall/AjaxCheckService.setItemNumber.dwr HTTP/1.1" 200 77
222.69.132.164 - - [30/Nov/2021:09:32:49 +0800] "GET /xingrg/all/function/internal_message.html?_=1638235977323&CODE_STATE=getMsg HTTP/1.1" 200 27
222.69.132.164 - - [30/Nov/2021:09:32:49 +0800] "GET /xingrg/check_reg.html?_=1638235977327 HTTP/1.1" 200 22
101.85.120.86 - - [30/Nov/2021:09:32:53 +0800] "POST /xingrg/dwr/call/plaincall/AjaxCheckService.setItemNumber.dwr HTTP/1.1" 200 77
58.37.8.149 - - [30/Nov/2021:09:32:55 +0800] "GET /xingrg/kc/buy/cgsh_order_operate.html?command=get_materiel&rest_code=00141&code=00101016071&supplier_code=00100036&order_time=2021-11-30 HTTP/1.1" 200 416
101.85.120.86 - - [30/Nov/2021:09:32:56 +0800] "POST /xingrg/dwr/call/plaincall/AjaxCheckService.setItemNumber.dwr HTTP/1.1" 200 77
222.70.171.86 - - [30/Nov/2021:09:33:01 +0800] "GET /xingrg/all/function/internal_message.html?_=1638235985975&CODE_STATE=getMsg HTTP/1.1" 200 27
180.169.147.146 - - [30/Nov/2021:09:33:02 +0800] "POST /xingrg/dwr/call/plaincall/AjaxReportQueryService.refreshCache.dwr HTTP/1.1" 200 78
180.169.147.146 - - [30/Nov/2021:09:33:02 +0800] "POST /xingrg/all/report/load_report_page.html HTTP/1.1" 200 10348
180.169.147.146 - - [30/Nov/2021:09:33:02 +0800] "GET /xingrg/servlets/image?cache=0.7418537781520639&image=px HTTP/1.1" 200 807
58.37.8.149 - - [30/Nov/2021:09:33:03 +0800] "GET /xingrg/kc/buy/cgsh_order_operate.html?command=get_materiel&rest_code=00141&code=00101016105&supplier_code=00100036&order_time=2021-11-30 HTTP/1.1" 200 409
114.85.125.222 - - [30/Nov/2021:09:33:04 +0800] "GET /xingrg/all/function/internal_message.html?_=1638235951557&CODE_STATE=getMsg HTTP/1.1" 200 27
180.169.147.146 - - [30/Nov/2021:09:33:04 +0800] "GET /xingrg/all/report/report_query.html?isQuery=1&fileName=kc/buy/gys_order.xml&queryString=(a.supplier_code%3D'00100454')%20and%20(CONVERT(char(10)%2Ca.order_time%2C%20120)%3E%3D'2021-10-01')%20and%20('2021-10-31'%3E%3DCONVERT(char(10)%2Ca.order_time%2C%20120))&queryText=%E3%80%90%E6%9F%A5%E8%AF%A2%E6%97%A5%E6%9C%9F%3A2021-10-01%20%E8%87%B3%202021-10-31%E3%80%91%20%E5%B9%B6%E4%B8%94%20%20%E3%80%90%E4%BE%9B%E5%BA%94%E5%95%86%20%3D%20%E6%B2%B3%E9%B2%9C%EF%BC%88%E7%8E%8B%E6%A0%91%E6%9E%97%EF%BC%89%E3%80%91%20%E3%80%90%E4%BE%9B%E5%BA%94%E5%95%86%20%3D%20%E6%B2%B3%E9%B2%9C%EF%BC%88%E7%8E%8B%E6%A0%91%E6%9E%97%EF%BC%89%E3%80%91&rand=0.24381881323711785 HTTP/1.1" 200 51518
180.169.147.146 - - [30/Nov/2021:09:33:04 +0800] "GET /xingrg/all/report/report_query.html?isQuery=1&fileName=kc/buy/gys_order.xml&queryString=(a.supplier_code%3D'00100454')%20and%20(CONVERT(char(10)%2Ca.order_time%2C%20120)%3E%3D'2021-10-01')%20and%20('2021-10-31'%3E%3DCONVERT(char(10)%2Ca.order_time%2C%20120))&queryText=%E3%80%90%E6%9F%A5%E8%AF%A2%E6%97%A5%E6%9C%9F%3A2021-10-01%20%E8%87%B3%202021-10-31%E3%80%91%20%E5%B9%B6%E4%B8%94%20%20%E3%80%90%E4%BE%9B%E5%BA%94%E5%95%86%20%3D%20%E6%B2%B3%E9%B2%9C%EF%BC%88%E7%8E%8B%E6%A0%91%E6%9E%97%EF%BC%89%E3%80%91%20%E3%80%90%E4%BE%9B%E5%BA%94%E5%95%86%20%3D%20%E6%B2%B3%E9%B2%9C%EF%BC%88%E7%8E%8B%E6%A0%91%E6%9E%97%EF%BC%89%E3%80%91&rand=0.24381881323711785 HTTP/1.1" 200 51518
180.169.147.146 - - [30/Nov/2021:09:33:04 +0800] "GET /xingrg/dwr/interface/AjaxReportQueryService.js HTTP/1.1" 200 13203
180.169.147.146 - - [30/Nov/2021:09:33:04 +0800] "GET /xingrg/dwr/engine.js HTTP/1.1" 200 43631
180.169.147.146 - - [30/Nov/2021:09:33:05 +0800] "POST /xingrg/all/report/load_report_page.html HTTP/1.1" 200 71308
180.169.147.146 - - [30/Nov/2021:09:33:05 +0800] "GET /xingrg/servlets/image?cache=0.19394600318334687&image=px HTTP/1.1" 200 807
180.169.147.146 - - [30/Nov/2021:09:33:08 +0800] "POST /xingrg/all/report/load_report_page.html HTTP/1.1" 200 41206
180.169.147.146 - - [30/Nov/2021:09:33:08 +0800] "GET /xingrg/servlets/image?cache=0.5749830992417986&image=px HTTP/1.1" 200 807
116.238.248.233 - - [30/Nov/2021:09:33:10 +0800] "GET /xingrg/all/function/internal_message.html?_=1638235989447&CODE_STATE=getMsg HTTP/1.1" 200 27
120.253.135.82 - - [30/Nov/2021:09:33:11 +0800] "GET /xingrg/check_reg.html?_=1638235767324 HTTP/1.1" 200 22
120.253.135.82 - - [30/Nov/2021:09:33:12 +0800] "GET /xingrg/all/function/internal_message.html?_=1638235566302&CODE_STATE=getMsg HTTP/1.1" 302 -
58.37.8.149 - - [30/Nov/2021:09:33:20 +0800] "POST /xingrg/kc/buy/cgsh_order_operate.html HTTP/1.1" 200 37
101.85.120.86 - - [30/Nov/2021:09:33:21 +0800] "GET /xingrg/javascript/jquery_easy_ui/themes/default/images/button_plain_hover.png HTTP/1.1" 200 252
58.221.95.50 - - [30/Nov/2021:09:33:21 +0800] "GET /xingrg/all/function/internal_message.html?_=1638236001809&CODE_STATE=getMsg HTTP/1.1" 302 -
114.83.223.93 - - [30/Nov/2021:09:33:21 +0800] "GET /xingrg/kc/report/report_main.html HTTP/1.1" 200 7340
222.70.176.97 - - [30/Nov/2021:09:33:21 +0800] "GET /xingrg/all/function/internal_message.html?_=1638236000040&CODE_STATE=getMsg HTTP/1.1" 200 27
180.169.147.146 - - [30/Nov/2021:09:33:22 +0800] "GET /xingrg/all/report/report_query.html?isQuery=1&fileName=kc/buy/gys_order.xml&queryString=(a.supplier_code%3D'00100454')%20and%20(CONVERT(char(10)%2Ca.order_time%2C%20120)%3E%3D'2021-10-01')%20and%20('2021-10-31'%3E%3DCONVERT(char(10)%2Ca.order_time%2C%20120))&queryText=%E3%80%90%E6%9F%A5%E8%AF%A2%E6%97%A5%E6%9C%9F%3A2021-10-01%20%E8%87%B3%202021-10-31%E3%80%91%20%E5%B9%B6%E4%B8%94%20%20%E3%80%90%E4%BE%9B%E5%BA%94%E5%95%86%20%3D%20%E6%B2%B3%E9%B2%9C%EF%BC%88%E7%8E%8B%E6%A0%91%E6%9E%97%EF%BC%89%E3%80%91%20%E3%80%90%E4%BE%9B%E5%BA%94%E5%95%86%20%3D%20%E6%B2%B3%E9%B2%9C%EF%BC%88%E7%8E%8B%E6%A0%91%E6%9E%97%EF%BC%89%E3%80%91&rand=0.34452704159081176 HTTP/1.1" 200 51518
180.169.147.146 - - [30/Nov/2021:09:33:22 +0800] "GET /xingrg/all/report/report_query.html?isQuery=1&fileName=kc/buy/gys_order.xml&queryString=(a.supplier_code%3D'00100454')%20and%20(CONVERT(char(10)%2Ca.order_time%2C%20120)%3E%3D'2021-10-01')%20and%20('2021-10-31'%3E%3DCONVERT(char(10)%2Ca.order_time%2C%20120))&queryText=%E3%80%90%E6%9F%A5%E8%AF%A2%E6%97%A5%E6%9C%9F%3A2021-10-01%20%E8%87%B3%202021-10-31%E3%80%91%20%E5%B9%B6%E4%B8%94%20%20%E3%80%90%E4%BE%9B%E5%BA%94%E5%95%86%20%3D%20%E6%B2%B3%E9%B2%9C%EF%BC%88%E7%8E%8B%E6%A0%91%E6%9E%97%EF%BC%89%E3%80%91%20%E3%80%90%E4%BE%9B%E5%BA%94%E5%95%86%20%3D%20%E6%B2%B3%E9%B2%9C%EF%BC%88%E7%8E%8B%E6%A0%91%E6%9E%97%EF%BC%89%E3%80%91&rand=0.34452704159081176 HTTP/1.1" 200 51518
180.169.147.146 - - [30/Nov/2021:09:33:22 +0800] "GET /xingrg/dwr/interface/AjaxReportQueryService.js HTTP/1.1" 200 13203
180.169.147.146 - - [30/Nov/2021:09:33:22 +0800] "GET /xingrg/dwr/engine.js HTTP/1.1" 200 43631
120.253.135.82 - - [30/Nov/2021:09:33:22 +0800] "GET /xingrg/all/function/internal_message.html?_=1638235778165&CODE_STATE=getMsg HTTP/1.1" 200 27
114.83.223.93 - - [30/Nov/2021:09:33:22 +0800] "GET /xingrg/all/report/report_query.html?fileName=kc/buy/wlcg_cate_hz.xml HTTP/1.1" 200 53941
114.83.223.93 - - [30/Nov/2021:09:33:22 +0800] "GET /xingrg/dwr/interface/AjaxReportQueryService.js HTTP/1.1" 200 13203
114.83.223.93 - - [30/Nov/2021:09:33:22 +0800] "GET /xingrg/dwr/engine.js HTTP/1.1" 200 43631
114.83.223.93 - - [30/Nov/2021:09:33:22 +0800] "POST /xingrg/dwr/call/plaincall/AjaxReportQueryService.getFixDate.dwr HTTP/1.1" 200 111
114.83.223.93 - - [30/Nov/2021:09:33:23 +0800] "POST /xingrg/all/common/load_tree.html?tree=supplier_tree_json&manage=1 HTTP/1.1" 200 62010
58.37.8.149 - - [30/Nov/2021:09:33:24 +0800] "POST /xingrg/kc/buy/cgsh_order_operate.html HTTP/1.1" 200 12
180.169.147.146 - - [30/Nov/2021:09:33:24 +0800] "POST /xingrg/all/report/load_report_page.html HTTP/1.1" 200 71290
180.169.147.146 - - [30/Nov/2021:09:33:24 +0800] "GET /xingrg/servlets/image?cache=0.385296367208368&image=px HTTP/1.1" 200 807
114.83.223.93 - - [30/Nov/2021:09:33:24 +0800] "POST /xingrg/all/common/load_tree.html?tree=materiel_sort_tree_json HTTP/1.1" 200 9388
114.83.223.93 - - [30/Nov/2021:09:33:24 +0800] "POST /xingrg/all/common/load_tree.html?tree=base_tree_json HTTP/1.1" 200 3866
58.37.8.149 - - [30/Nov/2021:09:33:25 +0800] "GET /xingrg/kc/buy/cgsh_order_info.html?code=212021113012916 HTTP/1.1" 200 59957
58.37.8.149 - - [30/Nov/2021:09:33:25 +0800] "GET /xingrg/javascript/easyui/themes/default/validatebox.css HTTP/1.1" 404 1104
101.85.120.86 - - [30/Nov/2021:09:33:25 +0800] "POST /xingrg/dwr/call/plaincall/AjaxCheckService.checkOrder.dwr HTTP/1.1" 200 430
58.37.8.149 - - [30/Nov/2021:09:33:26 +0800] "POST /xingrg/kc/buy/cgsh_order_operate.html HTTP/1.1" 200 4728
58.37.8.149 - - [30/Nov/2021:09:33:27 +0800] "GET /xingrg/kc/print/load_config.html?kc_code=cgsh HTTP/1.1" 200 2281
58.37.8.149 - - [30/Nov/2021:09:33:27 +0800] "GET /xingrg/kc/print/load_data.html?order_code=212021113012916&kc_code=cgsh&condition= HTTP/1.1" 200 2343
222.70.171.86 - - [30/Nov/2021:09:33:28 +0800] "GET /xingrg/all/function/internal_message.html?_=1638236012181&CODE_STATE=getMsg HTTP/1.1" 302 -
114.86.224.129 - - [30/Nov/2021:09:33:28 +0800] "GET /xingrg/all/function/internal_message.html?_=1638236007776&CODE_STATE=getMsg HTTP/1.1" 200 27
58.39.139.200 - - [30/Nov/2021:09:33:30 +0800] "GET /xingrg/all/function/internal_message.html?_=1638236009749&CODE_STATE=getMsg HTTP/1.1" 200 27
58.37.8.149 - - [30/Nov/2021:09:33:31 +0800] "GET /xingrg/kc/buy/cgsh_order_add.html HTTP/1.1" 200 65046
58.37.8.149 - - [30/Nov/2021:09:33:31 +0800] "POST /xingrg/kc/buy/cgsh_order_operate.html HTTP/1.1" 200 8245
58.37.8.149 - - [30/Nov/2021:09:33:31 +0800] "GET /xingrg/javascript/easyui/themes/default/validatebox.css HTTP/1.1" 404 1104
116.228.172.94 - - [30/Nov/2021:09:33:32 +0800] "GET /xingrg/all/function/internal_message.html?_=1638235885804&CODE_STATE=getMsg HTTP/1.1" 200 27
114.83.223.93 - - [30/Nov/2021:09:33:33 +0800] "GET /xingrg/all/function/internal_message.html?_=1638236012302&CODE_STATE=getMsg HTTP/1.1" 200 27
101.85.120.86 - - [30/Nov/2021:09:33:38 +0800] "GET /xingrg/all/function/internal_message.html?_=1638236016114&CODE_STATE=getMsg HTTP/1.1" 200 27
114.83.223.93 - - [30/Nov/2021:09:33:38 +0800] "POST /xingrg/dwr/call/plaincall/AjaxReportQueryService.getFixDate.dwr HTTP/1.1" 200 111
180.174.250.202 - - [30/Nov/2021:09:33:38 +0800] "GET /xingrg/check_reg.html?_=1638236014476 HTTP/1.1" 200 22
58.40.7.146 - - [30/Nov/2021:09:33:38 +0800] "GET /xingrg/all/function/internal_message.html?_=1638236017985&CODE_STATE=getMsg HTTP/1.1" 200 27
58.37.8.149 - - [30/Nov/2021:09:33:39 +0800] "GET /xingrg/all/function/internal_message.html?_=1638235840337&CODE_STATE=getMsg HTTP/1.1" 200 27
172.20.0.100 - - [30/Nov/2021:09:33:40 +0800] "GET /xingrg/all/function/internal_message.html?_=1638236019120&CODE_STATE=getMsg HTTP/1.1" 200 27
180.169.147.146 - - [30/Nov/2021:09:33:41 +0800] "GET /xingrg/kc/buy/cgsh_order_info.html?isLook=1&code=212021100702986 HTTP/1.1" 200 59917
180.169.147.146 - - [30/Nov/2021:09:33:41 +0800] "GET /xingrg/words/20211129181953_words.js HTTP/1.1" 304 -
180.169.147.146 - - [30/Nov/2021:09:33:42 +0800] "GET /favicon.ico HTTP/1.1" 404 -
180.169.147.146 - - [30/Nov/2021:09:33:42 +0800] "GET /xingrg/javascript/easyui/themes/default/validatebox.css HTTP/1.1" 404 1104
114.83.223.93 - - [30/Nov/2021:09:33:42 +0800] "POST /xingrg/dwr/call/plaincall/AjaxReportQueryService.refreshCache.dwr HTTP/1.1" 200 78
180.169.147.146 - - [30/Nov/2021:09:33:42 +0800] "POST /xingrg/kc/buy/cgsh_order_operate.html HTTP/1.1" 200 607
114.83.223.93 - - [30/Nov/2021:09:33:43 +0800] "POST /xingrg/all/report/load_report_page.html HTTP/1.1" 200 8690
114.83.223.93 - - [30/Nov/2021:09:33:43 +0800] "GET /xingrg/servlets/image?cache=0.5774155680605&image=px HTTP/1.1" 200 807
101.85.120.86 - - [30/Nov/2021:09:33:43 +0800] "GET /xingrg/kc/base/check_order_list.html?isBack=1 HTTP/1.1" 200 16349
101.85.120.86 - - [30/Nov/2021:09:33:43 +0800] "POST /xingrg/kc/base/check_list_operate.html HTTP/1.1" 200 1578
180.169.147.146 - - [30/Nov/2021:09:33:45 +0800] "GET /xingrg/all/function/internal_message.html?_=1638236023622&CODE_STATE=getMsg HTTP/1.1" 200 27
101.85.120.86 - - [30/Nov/2021:09:33:47 +0800] "GET /xingrg/kc/base/check_order_info.html?code=452021112900225 HTTP/1.1" 200 25534
101.85.120.86 - - [30/Nov/2021:09:33:47 +0800] "GET /xingrg/dwr/interface/AjaxCheckService.js HTTP/1.1" 200 14003
101.85.120.86 - - [30/Nov/2021:09:33:47 +0800] "GET /xingrg/dwr/interface/AjaxComOrderService.js HTTP/1.1" 200 18264
101.85.120.86 - - [30/Nov/2021:09:33:47 +0800] "GET /xingrg/dwr/engine.js HTTP/1.1" 200 43631
180.174.250.202 - - [30/Nov/2021:09:33:47 +0800] "GET /xingrg/all/function/internal_message.html?_=1638236023537&CODE_STATE=getMsg HTTP/1.1" 200 27
101.85.120.86 - - [30/Nov/2021:09:33:47 +0800] "POST /xingrg/dwr/call/plaincall/AjaxCheckService.loadOrderItems.dwr HTTP/1.1" 200 12636
116.227.210.113 - - [30/Nov/2021:09:33:47 +0800] "GET /xingrg/all/function/internal_message.html?_=1638236025276&CODE_STATE=getMsg HTTP/1.1" 200 27
180.157.253.6 - - [30/Nov/2021:09:33:48 +0800] "GET /xingrg/all/function/internal_message.html?_=1638236027184&CODE_STATE=getMsg HTTP/1.1" 200 27
222.69.132.164 - - [30/Nov/2021:09:33:49 +0800] "GET /xingrg/all/function/internal_message.html?_=1638236037328&CODE_STATE=getMsg HTTP/1.1" 200 27
222.70.171.86 - - [30/Nov/2021:09:34:01 +0800] "GET /xingrg/all/function/internal_message.html?_=1638236045979&CODE_STATE=getMsg HTTP/1.1" 200 27
114.85.125.222 - - [30/Nov/2021:09:34:04 +0800] "GET /xingrg/all/function/internal_message.html?_=1638236011576&CODE_STATE=getMsg HTTP/1.1" 200 27
116.238.248.233 - - [30/Nov/2021:09:34:10 +0800] "GET /xingrg/all/function/internal_message.html?_=1638236049455&CODE_STATE=getMsg HTTP/1.1" 200 27
120.253.135.82 - - [30/Nov/2021:09:34:12 +0800] "GET /xingrg/all/function/internal_message.html?_=1638235626275&CODE_STATE=getMsg HTTP/1.1" 302 -
58.221.95.50 - - [30/Nov/2021:09:34:21 +0800] "GET /xingrg/all/function/internal_message.html?_=1638236061796&CODE_STATE=getMsg HTTP/1.1" 302 -
222.70.176.97 - - [30/Nov/2021:09:34:21 +0800] "GET /xingrg/all/function/internal_message.html?_=1638236060040&CODE_STATE=getMsg HTTP/1.1" 200 27
222.70.171.86 - - [30/Nov/2021:09:34:28 +0800] "GET /xingrg/all/function/internal_message.html?_=1638236072184&CODE_STATE=getMsg HTTP/1.1" 302 -
114.86.224.129 - - [30/Nov/2021:09:34:28 +0800] "GET /xingrg/all/function/internal_message.html?_=1638236067787&CODE_STATE=getMsg HTTP/1.1" 200 27
58.39.139.200 - - [30/Nov/2021:09:34:30 +0800] "GET /xingrg/check_reg.html?_=1638236069749 HTTP/1.1" 200 22
58.39.139.200 - - [30/Nov/2021:09:34:30 +0800] "GET /xingrg/all/function/internal_message.html?_=1638236069752&CODE_STATE=getMsg HTTP/1.1" 200 27
116.228.172.94 - - [30/Nov/2021:09:34:32 +0800] "GET /xingrg/all/function/internal_message.html?_=1638235945803&CODE_STATE=getMsg HTTP/1.1" 200 27
114.83.223.93 - - [30/Nov/2021:09:34:33 +0800] "POST /xingrg/dwr/call/plaincall/AjaxReportQueryService.refreshCache.dwr HTTP/1.1" 200 78
114.83.223.93 - - [30/Nov/2021:09:34:33 +0800] "GET /xingrg/all/function/internal_message.html?_=1638236072276&CODE_STATE=getMsg HTTP/1.1" 200 27
114.83.223.93 - - [30/Nov/2021:09:34:34 +0800] "POST /xingrg/all/report/load_report_page.html HTTP/1.1" 200 8714
114.83.223.93 - - [30/Nov/2021:09:34:34 +0800] "GET /xingrg/servlets/image?cache=0.5388026619016194&image=px HTTP/1.1" 200 807
101.85.120.86 - - [30/Nov/2021:09:34:38 +0800] "GET /xingrg/all/function/internal_message.html?_=1638236076114&CODE_STATE=getMsg HTTP/1.1" 200 27
101.85.120.86 - - [30/Nov/2021:09:34:38 +0800] "GET /xingrg/check_reg.html?_=1638236076117 HTTP/1.1" 200 22
58.40.7.146 - - [30/Nov/2021:09:34:38 +0800] "GET /xingrg/all/function/internal_message.html?_=1638236077987&CODE_STATE=getMsg HTTP/1.1" 200 27
58.37.8.149 - - [30/Nov/2021:09:34:39 +0800] "GET /xingrg/all/function/internal_message.html?_=1638235900313&CODE_STATE=getMsg HTTP/1.1" 200 27
172.20.0.100 - - [30/Nov/2021:09:34:40 +0800] "GET /xingrg/all/function/internal_message.html?_=1638236079124&CODE_STATE=getMsg HTTP/1.1" 200 27
58.37.8.149 - - [30/Nov/2021:09:34:40 +0800] "GET /xingrg/kc/buy/buy_main.html HTTP/1.1" 200 12412
58.37.8.149 - - [30/Nov/2021:09:34:40 +0800] "GET /xingrg/css/new_ie.css HTTP/1.1" 404 1036
58.37.8.149 - - [30/Nov/2021:09:34:41 +0800] "GET /xingrg/images/yd/bt.gif HTTP/1.1" 404 1040
58.37.8.149 - - [30/Nov/2021:09:34:41 +0800] "GET /xingrg/kc/buy/cgsh_order_list.html HTTP/1.1" 200 49276
58.37.8.149 - - [30/Nov/2021:09:34:42 +0800] "POST /xingrg/kc/buy/cgsh_list_operate.html HTTP/1.1" 200 876
180.169.147.146 - - [30/Nov/2021:09:34:45 +0800] "GET /xingrg/all/function/internal_message.html?_=1638236083621&CODE_STATE=getMsg HTTP/1.1" 200 27
180.174.250.202 - - [30/Nov/2021:09:34:47 +0800] "GET /xingrg/all/function/internal_message.html?_=1638236083550&CODE_STATE=getMsg HTTP/1.1" 200 27
116.227.210.113 - - [30/Nov/2021:09:34:47 +0800] "GET /xingrg/check_reg.html?_=1638236085271 HTTP/1.1" 200 22
116.227.210.113 - - [30/Nov/2021:09:34:47 +0800] "GET /xingrg/all/function/internal_message.html?_=1638236085275&CODE_STATE=getMsg HTTP/1.1" 200 27
180.157.253.6 - - [30/Nov/2021:09:34:48 +0800] "GET /xingrg/all/function/internal_message.html?_=1638236087183&CODE_STATE=getMsg HTTP/1.1" 200 27
222.69.132.164 - - [30/Nov/2021:09:34:49 +0800] "GET /xingrg/all/function/internal_message.html?_=1638236097326&CODE_STATE=getMsg HTTP/1.1" 200 27
58.37.8.149 - - [30/Nov/2021:09:34:51 +0800] "POST /xingrg/kc/buy/cgsh_list_operate.html HTTP/1.1" 200 1716
58.37.8.149 - - [30/Nov/2021:09:34:55 +0800] "POST /xingrg/kc/buy/cgsh_list_operate.html HTTP/1.1" 200 558
58.37.8.149 - - [30/Nov/2021:09:34:56 +0800] "GET /xingrg/kc/buy/cgsh_order_info.html?code=212021113012916 HTTP/1.1" 200 59957
58.37.8.149 - - [30/Nov/2021:09:34:56 +0800] "GET /xingrg/javascript/easyui/themes/default/validatebox.css HTTP/1.1" 404 1104
58.37.8.149 - - [30/Nov/2021:09:34:57 +0800] "POST /xingrg/kc/buy/cgsh_order_operate.html HTTP/1.1" 200 4728
222.70.171.86 - - [30/Nov/2021:09:35:01 +0800] "GET /xingrg/all/function/internal_message.html?_=1638236106000&CODE_STATE=getMsg HTTP/1.1" 200 27
114.83.223.93 - - [30/Nov/2021:09:35:01 +0800] "POST /xingrg/dwr/call/plaincall/AjaxReportQueryService.refreshCache.dwr HTTP/1.1" 200 78
180.169.147.146 - - [30/Nov/2021:09:35:02 +0800] "GET /xingrg/kc/buy/cgsh_order_info.html?isLook=1&code=212021100903797 HTTP/1.1" 200 59917
180.169.147.146 - - [30/Nov/2021:09:35:02 +0800] "GET /favicon.ico HTTP/1.1" 404 -
180.169.147.146 - - [30/Nov/2021:09:35:02 +0800] "GET /xingrg/javascript/easyui/themes/default/validatebox.css HTTP/1.1" 404 1104
180.169.147.146 - - [30/Nov/2021:09:35:03 +0800] "POST /xingrg/kc/buy/cgsh_order_operate.html HTTP/1.1" 200 2381
114.83.223.93 - - [30/Nov/2021:09:35:03 +0800] "POST /xingrg/all/report/load_report_page.html HTTP/1.1" 200 8724
114.83.223.93 - - [30/Nov/2021:09:35:03 +0800] "GET /xingrg/servlets/image?cache=0.14782592654058457&image=px HTTP/1.1" 200 807
114.85.125.222 - - [30/Nov/2021:09:35:04 +0800] "GET /xingrg/all/function/internal_message.html?_=1638236071584&CODE_STATE=getMsg HTTP/1.1" 200 27
116.238.248.233 - - [30/Nov/2021:09:35:10 +0800] "GET /xingrg/all/function/internal_message.html?_=1638236109472&CODE_STATE=getMsg HTTP/1.1" 200 27
120.253.135.82 - - [30/Nov/2021:09:35:12 +0800] "GET /xingrg/all/function/internal_message.html?_=1638235686256&CODE_STATE=getMsg HTTP/1.1" 302 -
222.70.171.86 - - [30/Nov/2021:09:35:16 +0800] "GET /xingrg/check_reg.html?_=1638236119929 HTTP/1.1" 302 -
58.221.95.50 - - [30/Nov/2021:09:35:21 +0800] "GET /xingrg/all/function/internal_message.html?_=1638236121769&CODE_STATE=getMsg HTTP/1.1" 302 -
222.70.176.97 - - [30/Nov/2021:09:35:21 +0800] "GET /xingrg/check_reg.html?_=1638236120039 HTTP/1.1" 200 22
222.70.176.97 - - [30/Nov/2021:09:35:21 +0800] "GET /xingrg/all/function/internal_message.html?_=1638236120040&CODE_STATE=getMsg HTTP/1.1" 200 27
222.70.171.86 - - [30/Nov/2021:09:35:28 +0800] "GET /xingrg/all/function/internal_message.html?_=1638236132206&CODE_STATE=getMsg HTTP/1.1" 302 -
114.86.224.129 - - [30/Nov/2021:09:35:28 +0800] "GET /xingrg/all/function/internal_message.html?_=1638236127791&CODE_STATE=getMsg HTTP/1.1" 200 27
58.39.139.200 - - [30/Nov/2021:09:35:30 +0800] "GET /xingrg/all/function/internal_message.html?_=1638236129752&CODE_STATE=getMsg HTTP/1.1" 200 27
116.228.172.94 - - [30/Nov/2021:09:35:32 +0800] "GET /xingrg/all/function/internal_message.html?_=1638236005797&CODE_STATE=getMsg HTTP/1.1" 200 27
114.83.223.93 - - [30/Nov/2021:09:35:33 +0800] "GET /xingrg/all/function/internal_message.html?_=1638236132261&CODE_STATE=getMsg HTTP/1.1" 200 27
101.85.120.86 - - [30/Nov/2021:09:35:38 +0800] "GET /xingrg/all/function/internal_message.html?_=1638236136109&CODE_STATE=getMsg HTTP/1.1" 200 27
58.40.7.146 - - [30/Nov/2021:09:35:38 +0800] "GET /xingrg/all/function/internal_message.html?_=1638236137990&CODE_STATE=getMsg HTTP/1.1" 200 27
58.37.8.149 - - [30/Nov/2021:09:35:39 +0800] "GET /xingrg/all/function/internal_message.html?_=1638235960319&CODE_STATE=getMsg HTTP/1.1" 200 27
180.171.131.115 - - [30/Nov/2021:09:35:39 +0800] "POST /xingrg/services/DataTransmitService HTTP/1.1" 200 524
172.20.0.100 - - [30/Nov/2021:09:35:40 +0800] "GET /xingrg/all/function/internal_message.html?_=1638236139129&CODE_STATE=getMsg HTTP/1.1" 200 27
172.20.0.100 - - [30/Nov/2021:09:35:40 +0800] "GET /xingrg/check_reg.html?_=1638236139133 HTTP/1.1" 200 22
120.253.135.82 - - [30/Nov/2021:09:35:41 +0800] "GET /xingrg/check_reg.html?_=1638235715500 HTTP/1.1" 302 -
180.169.147.146 - - [30/Nov/2021:09:35:45 +0800] "GET /xingrg/all/function/internal_message.html?_=1638236143620&CODE_STATE=getMsg HTTP/1.1" 200 27
116.227.210.113 - - [30/Nov/2021:09:35:47 +0800] "GET /xingrg/all/function/internal_message.html?_=1638236145289&CODE_STATE=getMsg HTTP/1.1" 200 27
180.157.253.6 - - [30/Nov/2021:09:35:48 +0800] "GET /xingrg/all/function/internal_message.html?_=1638236147182&CODE_STATE=getMsg HTTP/1.1" 200 27
180.174.250.202 - - [30/Nov/2021:09:35:48 +0800] "GET /xingrg/all/function/internal_message.html?_=1638236143966&CODE_STATE=getMsg HTTP/1.1" 200 27
222.69.132.164 - - [30/Nov/2021:09:35:49 +0800] "GET /xingrg/all/function/internal_message.html?_=1638236157314&CODE_STATE=getMsg HTTP/1.1" 200 27
222.70.171.86 - - [30/Nov/2021:09:35:51 +0800] "GET /xingrg/check_reg.html?_=1638236156384 HTTP/1.1" 200 22
180.171.131.115 - - [30/Nov/2021:09:36:00 +0800] "POST /xingrg/services/DataTransmitService HTTP/1.1" 200 501
114.83.223.93 - - [30/Nov/2021:09:36:00 +0800] "POST /xingrg/dwr/call/plaincall/AjaxReportQueryService.refreshCache.dwr HTTP/1.1" 200 78
180.171.131.115 - - [30/Nov/2021:09:36:01 +0800] "POST /xingrg/services/DataTransmitService HTTP/1.1" 200 501
222.70.171.86 - - [30/Nov/2021:09:36:01 +0800] "GET /xingrg/all/function/internal_message.html?_=1638236166006&CODE_STATE=getMsg HTTP/1.1" 200 27
180.171.131.115 - - [30/Nov/2021:09:36:01 +0800] "POST /xingrg/services/DataTransmitService HTTP/1.1" 200 501
114.83.223.93 - - [30/Nov/2021:09:36:02 +0800] "POST /xingrg/all/report/load_report_page.html HTTP/1.1" 200 8717
114.83.223.93 - - [30/Nov/2021:09:36:02 +0800] "GET /xingrg/servlets/image?cache=0.6381269276372317&image=px HTTP/1.1" 200 807
180.171.131.115 - - [30/Nov/2021:09:36:02 +0800] "POST /xingrg/services/DataTransmitService HTTP/1.1" 200 501
180.171.131.115 - - [30/Nov/2021:09:36:03 +0800] "POST /xingrg/services/DataTransmitService HTTP/1.1" 200 501
180.171.131.115 - - [30/Nov/2021:09:36:03 +0800] "POST /xingrg/services/DataTransmitService HTTP/1.1" 200 501
180.171.131.115 - - [30/Nov/2021:09:36:03 +0800] "POST /xingrg/services/DataTransmitService HTTP/1.1" 200 501
180.171.131.115 - - [30/Nov/2021:09:36:04 +0800] "POST /xingrg/services/DataTransmitService HTTP/1.1" 200 501
180.171.131.115 - - [30/Nov/2021:09:36:04 +0800] "POST /xingrg/services/DataTransmitService HTTP/1.1" 200 501
114.85.125.222 - - [30/Nov/2021:09:36:04 +0800] "GET /xingrg/all/function/internal_message.html?_=1638236131605&CODE_STATE=getMsg HTTP/1.1" 200 27
180.171.131.115 - - [30/Nov/2021:09:36:04 +0800] "POST /xingrg/services/DataTransmitService HTTP/1.1" 200 501
180.171.131.115 - - [30/Nov/2021:09:36:06 +0800] "POST /xingrg/services/DataTransmitService HTTP/1.1" 200 412
116.238.248.233 - - [30/Nov/2021:09:36:10 +0800] "GET /xingrg/check_reg.html?_=1638236169471 HTTP/1.1" 200 22
116.238.248.233 - - [30/Nov/2021:09:36:10 +0800] "GET /xingrg/all/function/internal_message.html?_=1638236169472&CODE_STATE=getMsg HTTP/1.1" 200 27
120.253.135.82 - - [30/Nov/2021:09:36:12 +0800] "GET /xingrg/all/function/internal_message.html?_=1638235746241&CODE_STATE=getMsg HTTP/1.1" 302 -
180.169.147.146 - - [30/Nov/2021:09:36:17 +0800] "GET /xingrg/kc/buy/cgsh_order_info.html?isLook=1&code=212021101606969 HTTP/1.1" 200 59917
180.169.147.146 - - [30/Nov/2021:09:36:17 +0800] "GET /favicon.ico HTTP/1.1" 404 -
180.169.147.146 - - [30/Nov/2021:09:36:17 +0800] "GET /xingrg/javascript/easyui/themes/default/validatebox.css HTTP/1.1" 404 1104
180.169.147.146 - - [30/Nov/2021:09:36:18 +0800] "POST /xingrg/kc/buy/cgsh_order_operate.html HTTP/1.1" 200 1199
58.221.95.50 - - [30/Nov/2021:09:36:21 +0800] "GET /xingrg/all/function/internal_message.html?_=1638236181740&CODE_STATE=getMsg HTTP/1.1" 302 -
222.70.176.97 - - [30/Nov/2021:09:36:21 +0800] "GET /xingrg/all/function/internal_message.html?_=1638236180038&CODE_STATE=getMsg HTTP/1.1" 200 27
222.70.171.86 - - [30/Nov/2021:09:36:28 +0800] "GET /xingrg/all/function/internal_message.html?_=1638236192211&CODE_STATE=getMsg HTTP/1.1" 302 -
114.86.224.129 - - [30/Nov/2021:09:36:28 +0800] "GET /xingrg/all/function/internal_message.html?_=1638236187788&CODE_STATE=getMsg HTTP/1.1" 200 27
58.39.139.200 - - [30/Nov/2021:09:36:30 +0800] "GET /xingrg/all/function/internal_message.html?_=1638236189752&CODE_STATE=getMsg HTTP/1.1" 200 27
116.228.172.94 - - [30/Nov/2021:09:36:32 +0800] "GET /xingrg/check_reg.html?_=1638236065786 HTTP/1.1" 200 22
116.228.172.94 - - [30/Nov/2021:09:36:32 +0800] "GET /xingrg/all/function/internal_message.html?_=1638236065788&CODE_STATE=getMsg HTTP/1.1" 200 27
114.83.223.93 - - [30/Nov/2021:09:36:33 +0800] "GET /xingrg/all/function/internal_message.html?_=1638236192249&CODE_STATE=getMsg HTTP/1.1" 200 27
101.85.120.86 - - [30/Nov/2021:09:36:38 +0800] "GET /xingrg/all/function/internal_message.html?_=1638236196114&CODE_STATE=getMsg HTTP/1.1" 200 27
58.40.7.146 - - [30/Nov/2021:09:36:38 +0800] "GET /xingrg/all/function/internal_message.html?_=1638236197994&CODE_STATE=getMsg HTTP/1.1" 200 27
58.37.8.149 - - [30/Nov/2021:09:36:39 +0800] "GET /xingrg/all/function/internal_message.html?_=1638236020326&CODE_STATE=getMsg HTTP/1.1" 200 27
172.20.0.100 - - [30/Nov/2021:09:36:40 +0800] "GET /xingrg/all/function/internal_message.html?_=1638236199126&CODE_STATE=getMsg HTTP/1.1" 200 27
180.169.147.146 - - [30/Nov/2021:09:36:45 +0800] "GET /xingrg/all/function/internal_message.html?_=1638236203631&CODE_STATE=getMsg HTTP/1.1" 200 27
116.227.210.113 - - [30/Nov/2021:09:36:47 +0800] "GET /xingrg/all/function/internal_message.html?_=1638236205267&CODE_STATE=getMsg HTTP/1.1" 200 27
180.157.253.6 - - [30/Nov/2021:09:36:48 +0800] "GET /xingrg/check_reg.html?_=1638236207183 HTTP/1.1" 200 22
180.157.253.6 - - [30/Nov/2021:09:36:48 +0800] "GET /xingrg/all/function/internal_message.html?_=1638236207186&CODE_STATE=getMsg HTTP/1.1" 200 27
180.174.250.202 - - [30/Nov/2021:09:36:48 +0800] "GET /xingrg/all/function/internal_message.html?_=1638236203967&CODE_STATE=getMsg HTTP/1.1" 200 27
222.69.132.164 - - [30/Nov/2021:09:36:49 +0800] "GET /xingrg/all/function/internal_message.html?_=1638236217322&CODE_STATE=getMsg HTTP/1.1" 200 27
114.85.125.222 - - [30/Nov/2021:09:36:55 +0800] "POST /xingrg/kc/buy/cgsh_list_operate.html HTTP/1.1" 200 876
222.70.171.86 - - [30/Nov/2021:09:37:01 +0800] "GET /xingrg/all/function/internal_message.html?_=1638236226020&CODE_STATE=getMsg HTTP/1.1" 200 27
114.85.125.222 - - [30/Nov/2021:09:37:03 +0800] "GET /xingrg/check_reg.html?_=1638236191124 HTTP/1.1" 200 22
114.85.125.222 - - [30/Nov/2021:09:37:04 +0800] "GET /xingrg/all/function/internal_message.html?_=1638236191611&CODE_STATE=getMsg HTTP/1.1" 200 27
116.238.248.233 - - [30/Nov/2021:09:37:10 +0800] "GET /xingrg/all/function/internal_message.html?_=1638236229472&CODE_STATE=getMsg HTTP/1.1" 200 27
120.253.135.82 - - [30/Nov/2021:09:37:12 +0800] "GET /xingrg/all/function/internal_message.html?_=1638235806210&CODE_STATE=getMsg HTTP/1.1" 302 -
58.221.95.50 - - [30/Nov/2021:09:37:21 +0800] "GET /xingrg/all/function/internal_message.html?_=1638236241739&CODE_STATE=getMsg HTTP/1.1" 302 -
222.70.176.97 - - [30/Nov/2021:09:37:21 +0800] "GET /xingrg/all/function/internal_message.html?_=1638236240038&CODE_STATE=getMsg HTTP/1.1" 200 27
58.221.95.50 - - [30/Nov/2021:09:37:22 +0800] "GET /xingrg/check_reg.html?_=1638236242867 HTTP/1.1" 302 -
114.85.125.222 - - [30/Nov/2021:09:37:23 +0800] "GET /xingrg/javascript/jquery_tools/images/prev.gif HTTP/1.1" 404 1086
114.85.125.222 - - [30/Nov/2021:09:37:23 +0800] "GET /xingrg/javascript/jquery_tools/images/next.gif HTTP/1.1" 404 1086
180.169.147.146 - - [30/Nov/2021:09:37:25 +0800] "GET /xingrg/kc/buy/cgsh_order_info.html?isLook=1&code=212021101606969 HTTP/1.1" 200 59917
180.169.147.146 - - [30/Nov/2021:09:37:25 +0800] "GET /favicon.ico HTTP/1.1" 404 -
180.169.147.146 - - [30/Nov/2021:09:37:25 +0800] "GET /xingrg/javascript/easyui/themes/default/validatebox.css HTTP/1.1" 404 1104
180.169.147.146 - - [30/Nov/2021:09:37:26 +0800] "POST /xingrg/kc/buy/cgsh_order_operate.html HTTP/1.1" 200 1199
222.70.171.86 - - [30/Nov/2021:09:37:28 +0800] "GET /xingrg/all/function/internal_message.html?_=1638236252235&CODE_STATE=getMsg HTTP/1.1" 302 -
114.86.224.129 - - [30/Nov/2021:09:37:28 +0800] "GET /xingrg/all/function/internal_message.html?_=1638236247794&CODE_STATE=getMsg HTTP/1.1" 200 27
114.86.224.129 - - [30/Nov/2021:09:37:28 +0800] "GET /xingrg/check_reg.html?_=1638236247794 HTTP/1.1" 200 22
58.39.139.200 - - [30/Nov/2021:09:37:30 +0800] "GET /xingrg/all/function/internal_message.html?_=1638236249751&CODE_STATE=getMsg HTTP/1.1" 200 27
116.228.172.94 - - [30/Nov/2021:09:37:32 +0800] "GET /xingrg/all/function/internal_message.html?_=1638236125804&CODE_STATE=getMsg HTTP/1.1" 200 27
114.83.223.93 - - [30/Nov/2021:09:37:33 +0800] "GET /xingrg/all/function/internal_message.html?_=1638236252222&CODE_STATE=getMsg HTTP/1.1" 200 27
114.83.223.93 - - [30/Nov/2021:09:37:34 +0800] "GET /xingrg/check_reg.html?_=1638236252710 HTTP/1.1" 200 22
101.85.120.86 - - [30/Nov/2021:09:37:38 +0800] "GET /xingrg/all/function/internal_message.html?_=1638236256119&CODE_STATE=getMsg HTTP/1.1" 200 27
58.40.7.146 - - [30/Nov/2021:09:37:38 +0800] "GET /xingrg/check_reg.html?_=1638236257996 HTTP/1.1" 200 22
58.40.7.146 - - [30/Nov/2021:09:37:38 +0800] "GET /xingrg/all/function/internal_message.html?_=1638236257997&CODE_STATE=getMsg HTTP/1.1" 200 27
58.37.8.149 - - [30/Nov/2021:09:37:39 +0800] "GET /xingrg/all/function/internal_message.html?_=1638236080312&CODE_STATE=getMsg HTTP/1.1" 200 27
58.37.8.149 - - [30/Nov/2021:09:37:39 +0800] "GET /xingrg/check_reg.html?_=1638236080311 HTTP/1.1" 200 22
172.20.0.100 - - [30/Nov/2021:09:37:40 +0800] "GET /xingrg/all/function/internal_message.html?_=1638236259125&CODE_STATE=getMsg HTTP/1.1" 200 27
114.85.125.222 - - [30/Nov/2021:09:37:44 +0800] "GET /xingrg/javascript/auto/indicator.gif HTTP/1.1" 404 1066
180.169.147.146 - - [30/Nov/2021:09:37:45 +0800] "GET /xingrg/check_reg.html?_=1638236263627 HTTP/1.1" 200 22
180.169.147.146 - - [30/Nov/2021:09:37:45 +0800] "GET /xingrg/all/function/internal_message.html?_=1638236263628&CODE_STATE=getMsg HTTP/1.1" 200 27
116.227.210.113 - - [30/Nov/2021:09:37:47 +0800] "GET /xingrg/all/function/internal_message.html?_=1638236265274&CODE_STATE=getMsg HTTP/1.1" 200 27
180.157.253.6 - - [30/Nov/2021:09:37:48 +0800] "GET /xingrg/all/function/internal_message.html?_=1638236267185&CODE_STATE=getMsg HTTP/1.1" 200 27
180.174.250.202 - - [30/Nov/2021:09:37:48 +0800] "GET /xingrg/all/function/internal_message.html?_=1638236263982&CODE_STATE=getMsg HTTP/1.1" 200 27
222.69.132.164 - - [30/Nov/2021:09:37:49 +0800] "GET /xingrg/all/function/internal_message.html?_=1638236277327&CODE_STATE=getMsg HTTP/1.1" 200 27
222.69.132.164 - - [30/Nov/2021:09:37:49 +0800] "GET /xingrg/check_reg.html?_=1638236277329 HTTP/1.1" 200 22
114.85.125.222 - - [30/Nov/2021:09:37:56 +0800] "POST /xingrg/kc/buy/cgsh_list_operate.html HTTP/1.1" 200 5551
180.169.147.146 - - [30/Nov/2021:09:37:57 +0800] "GET /xingrg/kc/buy/cgsh_order_info.html?isLook=1&code=212021101808115 HTTP/1.1" 200 59917
180.169.147.146 - - [30/Nov/2021:09:37:57 +0800] "GET /favicon.ico HTTP/1.1" 404 -
180.169.147.146 - - [30/Nov/2021:09:37:57 +0800] "GET /xingrg/javascript/easyui/themes/default/validatebox.css HTTP/1.1" 404 1104
180.169.147.146 - - [30/Nov/2021:09:37:58 +0800] "POST /xingrg/kc/buy/cgsh_order_operate.html HTTP/1.1" 200 1197
116.227.210.113 - - [30/Nov/2021:09:38:00 +0800] "GET /favicon.ico HTTP/1.1" 404 -
222.70.171.86 - - [30/Nov/2021:09:38:01 +0800] "GET /xingrg/all/function/internal_message.html?_=1638236286047&CODE_STATE=getMsg HTTP/1.1" 200 27
114.85.125.222 - - [30/Nov/2021:09:38:04 +0800] "GET /xingrg/all/function/internal_message.html?_=1638236251625&CODE_STATE=getMsg HTTP/1.1" 200 27
114.85.125.222 - - [30/Nov/2021:09:38:06 +0800] "POST /xingrg/kc/buy/cgsh_list_operate.html HTTP/1.1" 200 346
116.227.210.113 - - [30/Nov/2021:09:38:07 +0800] "GET /xingrg/index.html?sysBaseUrl=http%3A%2F%2F180.169.147.146%3A18081%2Fxingrg%2F&costTime=168×tamp=1612061578558 HTTP/1.1" 302 -
116.227.210.113 - - [30/Nov/2021:09:38:08 +0800] "GET /favicon.ico HTTP/1.1" 404 -
116.238.248.233 - - [30/Nov/2021:09:38:10 +0800] "GET /xingrg/all/function/internal_message.html?_=1638236289480&CODE_STATE=getMsg HTTP/1.1" 200 27
114.85.125.222 - - [30/Nov/2021:09:38:10 +0800] "POST /xingrg/kc/buy/cgsh_list_operate.html HTTP/1.1" 200 563
120.253.135.82 - - [30/Nov/2021:09:38:12 +0800] "GET /xingrg/all/function/internal_message.html?_=1638235866178&CODE_STATE=getMsg HTTP/1.1" 302 -
116.227.210.113 - - [30/Nov/2021:09:38:13 +0800] "POST /xingrg/login.do HTTP/1.1" 302 -
116.227.210.113 - - [30/Nov/2021:09:38:13 +0800] "GET /xingrg/index.html?sysBaseUrl=http%3A%2F%2F180.169.147.146%3A18081%2Fxingrg%2F&costTime=46×tamp=1638236293346 HTTP/1.1" 200 17503
116.227.210.113 - - [30/Nov/2021:09:38:13 +0800] "GET /favicon.ico HTTP/1.1" 404 -
116.227.210.113 - - [30/Nov/2021:09:38:13 +0800] "POST /xingrg/all/common/load_tree.html?tree=area_rest_tree_json&manage=1 HTTP/1.1" 200 710
116.227.210.113 - - [30/Nov/2021:09:38:13 +0800] "GET /xingrg/all/function/internal_message.html?_=1638236292857&CODE_STATE=count HTTP/1.1" 200 11
116.227.210.113 - - [30/Nov/2021:09:38:13 +0800] "GET /xingrg/check_reg.html?_=1638236292858 HTTP/1.1" 200 22
116.227.210.113 - - [30/Nov/2021:09:38:13 +0800] "POST /xingrg/load_menu.html HTTP/1.1" 200 11564
114.85.125.222 - - [30/Nov/2021:09:38:15 +0800] "POST /xingrg/kc/buy/cgsh_list_operate.html HTTP/1.1" 200 559
116.227.210.113 - - [30/Nov/2021:09:38:19 +0800] "POST /xingrg/all/user/operate.html HTTP/1.1" 200 36
116.227.210.113 - - [30/Nov/2021:09:38:19 +0800] "GET /xingrg/javascript/jquery_easy_ui/themes/default/easyui.css HTTP/1.1" 304 -
116.227.210.113 - - [30/Nov/2021:09:38:19 +0800] "GET /xingrg/index.html?sysBaseUrl=http%3A%2F%2F180.169.147.146%3A18081%2Fxingrg%2F&costTime=46×tamp=1638236293346 HTTP/1.1" 200 17509
116.227.210.113 - - [30/Nov/2021:09:38:19 +0800] "GET /xingrg/javascript/jquery_easy_ui/themes/icon.css HTTP/1.1" 304 -
116.227.210.113 - - [30/Nov/2021:09:38:19 +0800] "GET /xingrg/css/form.css HTTP/1.1" 304 -
116.227.210.113 - - [30/Nov/2021:09:38:19 +0800] "GET /xingrg/javascript/jquery-1.4.2.min.js HTTP/1.1" 304 -
116.227.210.113 - - [30/Nov/2021:09:38:19 +0800] "GET /xingrg/javascript/jquery_easy_ui/jquery.easyui.min.js HTTP/1.1" 304 -
116.227.210.113 - - [30/Nov/2021:09:38:19 +0800] "GET /xingrg/javascript/jquery_easy_ui/easyui-lang-zh_CN.js HTTP/1.1" 304 -
116.227.210.113 - - [30/Nov/2021:09:38:19 +0800] "GET /xingrg/javascript/jquery.form.js HTTP/1.1" 304 -
116.227.210.113 - - [30/Nov/2021:09:38:19 +0800] "GET /xingrg/javascript/jquery.utils.js HTTP/1.1" 304 -
116.227.210.113 - - [30/Nov/2021:09:38:19 +0800] "GET /xingrg/javascript/jquery.timers.js HTTP/1.1" 304 -
116.227.210.113 - - [30/Nov/2021:09:38:19 +0800] "GET /xingrg/images/blue/jxLogo.png HTTP/1.1" 304 -
116.227.210.113 - - [30/Nov/2021:09:38:19 +0800] "GET /xingrg/images/blue/navBackgound.jpg HTTP/1.1" 304 -
116.227.210.113 - - [30/Nov/2021:09:38:19 +0800] "GET /xingrg/javascript/jquery_easy_ui/themes/icons/settle_new.png HTTP/1.1" 304 -
116.227.210.113 - - [30/Nov/2021:09:38:19 +0800] "POST /xingrg/all/common/load_tree.html?tree=area_rest_tree_json&manage=1 HTTP/1.1" 200 710
116.227.210.113 - - [30/Nov/2021:09:38:19 +0800] "GET /xingrg/all/function/internal_message.html?_=1638236298738&CODE_STATE=count HTTP/1.1" 200 11
116.227.210.113 - - [30/Nov/2021:09:38:19 +0800] "GET /xingrg/check_reg.html?_=1638236298739 HTTP/1.1" 200 22
116.227.210.113 - - [30/Nov/2021:09:38:19 +0800] "GET /xingrg/javascript/jquery_easy_ui/themes/default/images/panel_tool_expand.gif HTTP/1.1" 304 -
116.227.210.113 - - [30/Nov/2021:09:38:19 +0800] "GET /xingrg/javascript/jquery_easy_ui/themes/default/images/tabs_rightarrow.png HTTP/1.1" 304 -
116.227.210.113 - - [30/Nov/2021:09:38:19 +0800] "GET /xingrg/javascript/jquery_easy_ui/themes/default/images/tabs_leftarrow.png HTTP/1.1" 304 -
116.227.210.113 - - [30/Nov/2021:09:38:19 +0800] "GET /xingrg/images/blue/pingpu.png HTTP/1.1" 304 -
116.227.210.113 - - [30/Nov/2021:09:38:19 +0800] "GET /xingrg/javascript/jquery_easy_ui/themes/default/images/panel_tool_collapse.gif HTTP/1.1" 304 -
116.227.210.113 - - [30/Nov/2021:09:38:19 +0800] "POST /xingrg/load_menu.html HTTP/1.1" 200 9959
58.221.95.50 - - [30/Nov/2021:09:38:21 +0800] "GET /xingrg/all/function/internal_message.html?_=1638236301712&CODE_STATE=getMsg HTTP/1.1" 302 -
222.70.176.97 - - [30/Nov/2021:09:38:21 +0800] "GET /xingrg/all/function/internal_message.html?_=1638236300048&CODE_STATE=getMsg HTTP/1.1" 200 27
180.171.131.115 - - [30/Nov/2021:09:38:21 +0800] "POST /xingrg/services/DataTransmitService HTTP/1.1" 200 524
180.171.131.115 - - [30/Nov/2021:09:38:22 +0800] "POST /xingrg/services/DataTransmitService HTTP/1.1" 200 501
114.85.125.222 - - [30/Nov/2021:09:38:26 +0800] "POST /xingrg/kc/buy/cgsh_list_operate.html HTTP/1.1" 200 573
116.227.210.113 - - [30/Nov/2021:09:38:26 +0800] "GET /xingrg/kc/base/wldb_order_list.html HTTP/1.1" 200 19485
116.227.210.113 - - [30/Nov/2021:09:38:26 +0800] "GET /xingrg/javascript/jquery_tools/list_manager.js HTTP/1.1" 200 3652
116.227.210.113 - - [30/Nov/2021:09:38:26 +0800] "GET /xingrg/javascript/jquery.cookie.js HTTP/1.1" 200 5513
116.227.210.113 - - [30/Nov/2021:09:38:27 +0800] "GET /xingrg/javascript/easyui/themes/icons/check_new.png HTTP/1.1" 200 3224
116.227.210.113 - - [30/Nov/2021:09:38:27 +0800] "GET /xingrg/javascript/easyui/themes/icons/field_new.png HTTP/1.1" 200 1097
116.227.210.113 - - [30/Nov/2021:09:38:27 +0800] "GET /xingrg/javascript/easyui/themes/icons/import_new.png HTTP/1.1" 200 1247
116.227.210.113 - - [30/Nov/2021:09:38:27 +0800] "GET /xingrg/javascript/easyui/themes/icons/cance_new.png HTTP/1.1" 200 3986
116.227.210.113 - - [30/Nov/2021:09:38:27 +0800] "POST /xingrg/kc/base/wldb_list_operate.html HTTP/1.1" 200 928
222.70.171.86 - - [30/Nov/2021:09:38:28 +0800] "GET /xingrg/all/function/internal_message.html?_=1638236312238&CODE_STATE=getMsg HTTP/1.1" 302 -
114.86.224.129 - - [30/Nov/2021:09:38:28 +0800] "GET /xingrg/all/function/internal_message.html?_=1638236307795&CODE_STATE=getMsg HTTP/1.1" 200 27
114.85.125.222 - - [30/Nov/2021:09:38:29 +0800] "POST /xingrg/kc/buy/cgsh_list_operate.html HTTP/1.1" 200 5637
58.39.139.200 - - [30/Nov/2021:09:38:30 +0800] "GET /xingrg/all/function/internal_message.html?_=1638236309752&CODE_STATE=getMsg HTTP/1.1" 200 27
116.227.210.113 - - [30/Nov/2021:09:38:32 +0800] "GET /xingrg/kc/base/wldb_order_add.html HTTP/1.1" 200 30444
116.227.210.113 - - [30/Nov/2021:09:38:32 +0800] "GET /xingrg/words/20211129181953_words.js HTTP/1.1" 200 876095
116.227.210.113 - - [30/Nov/2021:09:38:32 +0800] "GET /xingrg/javascript/easyui/themes/icons/template_new.png HTTP/1.1" 200 3956
116.227.210.113 - - [30/Nov/2021:09:38:32 +0800] "GET /xingrg/javascript/easyui/themes/icons/ok.png HTTP/1.1" 200 883
116.228.172.94 - - [30/Nov/2021:09:38:32 +0800] "GET /xingrg/all/function/internal_message.html?_=1638236185801&CODE_STATE=getMsg HTTP/1.1" 200 27
116.227.210.113 - - [30/Nov/2021:09:38:32 +0800] "POST /xingrg/kc/base/wldb_order_operate.html HTTP/1.1" 200 6806
116.227.210.113 - - [30/Nov/2021:09:38:32 +0800] "GET /xingrg/all/common/auto_word.html?type=base&rest_code=00155 HTTP/1.1" 200 1703
116.227.210.113 - - [30/Nov/2021:09:38:32 +0800] "GET /xingrg/all/common/auto_word.html?type=base&rest_code=00155 HTTP/1.1" 200 1703
116.227.210.113 - - [30/Nov/2021:09:38:32 +0800] "GET /xingrg/javascript/easyui/themes/default/validatebox.css HTTP/1.1" 404 1104
114.83.223.93 - - [30/Nov/2021:09:38:33 +0800] "GET /xingrg/all/function/internal_message.html?_=1638236312205&CODE_STATE=getMsg HTTP/1.1" 200 27
116.227.210.113 - - [30/Nov/2021:09:38:36 +0800] "GET /xingrg/javascript/auto/indicator.gif HTTP/1.1" 404 1066
101.85.120.86 - - [30/Nov/2021:09:38:38 +0800] "GET /xingrg/all/function/internal_message.html?_=1638236316118&CODE_STATE=getMsg HTTP/1.1" 200 27
180.174.250.202 - - [30/Nov/2021:09:38:38 +0800] "GET /xingrg/check_reg.html?_=1638236314481 HTTP/1.1" 200 22
58.40.7.146 - - [30/Nov/2021:09:38:38 +0800] "GET /xingrg/all/function/internal_message.html?_=1638236317999&CODE_STATE=getMsg HTTP/1.1" 200 27
58.37.8.149 - - [30/Nov/2021:09:38:39 +0800] "GET /xingrg/all/function/internal_message.html?_=1638236140316&CODE_STATE=getMsg HTTP/1.1" 200 27
172.20.0.100 - - [30/Nov/2021:09:38:40 +0800] "GET /xingrg/all/function/internal_message.html?_=1638236319118&CODE_STATE=getMsg HTTP/1.1" 200 27
180.169.147.146 - - [30/Nov/2021:09:38:45 +0800] "GET /xingrg/all/function/internal_message.html?_=1638236323634&CODE_STATE=getMsg HTTP/1.1" 200 27
116.227.210.113 - - [30/Nov/2021:09:38:47 +0800] "GET /xingrg/javascript/jquery_tools/images/prev.gif HTTP/1.1" 404 1086
116.227.210.113 - - [30/Nov/2021:09:38:47 +0800] "GET /xingrg/javascript/jquery_tools/images/next.gif HTTP/1.1" 404 1086
116.227.210.113 - - [30/Nov/2021:09:38:47 +0800] "GET /xingrg/all/function/internal_message.html?_=1638236325276&CODE_STATE=getMsg HTTP/1.1" 200 27
180.157.253.6 - - [30/Nov/2021:09:38:48 +0800] "GET /xingrg/all/function/internal_message.html?_=1638236327184&CODE_STATE=getMsg HTTP/1.1" 200 27
180.174.250.202 - - [30/Nov/2021:09:38:48 +0800] "GET /xingrg/all/function/internal_message.html?_=1638236323996&CODE_STATE=getMsg HTTP/1.1" 200 27
114.85.125.222 - - [30/Nov/2021:09:38:49 +0800] "POST /xingrg/kc/buy/cgsh_list_operate.html HTTP/1.1" 200 347
222.69.132.164 - - [30/Nov/2021:09:38:49 +0800] "GET /xingrg/all/function/internal_message.html?_=1638236337326&CODE_STATE=getMsg HTTP/1.1" 200 27
222.70.171.86 - - [30/Nov/2021:09:39:01 +0800] "GET /xingrg/all/function/internal_message.html?_=1638236346062&CODE_STATE=getMsg HTTP/1.1" 200 27
116.227.210.113 - - [30/Nov/2021:09:39:02 +0800] "GET /xingrg/kc/base/wldb_order_operate.html?command=get_materiel&rest_code=00155&base_code=0010743&code=00101027001 HTTP/1.1" 200 470
114.85.125.222 - - [30/Nov/2021:09:39:04 +0800] "GET /xingrg/all/function/internal_message.html?_=1638236311639&CODE_STATE=getMsg HTTP/1.1" 200 27
114.85.125.222 - - [30/Nov/2021:09:39:08 +0800] "POST /xingrg/kc/buy/cgsh_list_operate.html HTTP/1.1" 200 560
180.174.250.202 - - [30/Nov/2021:09:39:09 +0800] "GET /xingrg/kc/base/wldb_order_add.html HTTP/1.1" 200 30434
116.238.248.233 - - [30/Nov/2021:09:39:10 +0800] "GET /xingrg/all/function/internal_message.html?_=1638236349483&CODE_STATE=getMsg HTTP/1.1" 200 27
180.174.250.202 - - [30/Nov/2021:09:39:12 +0800] "POST /xingrg/kc/base/wldb_order_operate.html HTTP/1.1" 200 6806
120.253.135.82 - - [30/Nov/2021:09:39:12 +0800] "GET /xingrg/all/function/internal_message.html?_=1638235926152&CODE_STATE=getMsg HTTP/1.1" 302 -
180.174.250.202 - - [30/Nov/2021:09:39:12 +0800] "GET /xingrg/javascript/easyui/themes/default/validatebox.css HTTP/1.1" 404 1104
180.174.250.202 - - [30/Nov/2021:09:39:16 +0800] "POST /xingrg/all/common/load_combo.html?type=base HTTP/1.1" 200 3145
114.85.125.222 - - [30/Nov/2021:09:39:16 +0800] "POST /xingrg/kc/buy/cgsh_list_operate.html HTTP/1.1" 200 5581
58.37.8.149 - - [30/Nov/2021:09:39:17 +0800] "GET /xingrg/kc/buy/cgsh_order_add.html HTTP/1.1" 200 65046
58.37.8.149 - - [30/Nov/2021:09:39:17 +0800] "POST /xingrg/kc/buy/cgsh_order_operate.html HTTP/1.1" 200 8245
58.37.8.149 - - [30/Nov/2021:09:39:17 +0800] "GET /xingrg/javascript/easyui/themes/default/validatebox.css HTTP/1.1" 404 1104
116.227.210.113 - - [30/Nov/2021:09:39:19 +0800] "GET /xingrg/all/function/internal_message.html?_=1638236358750&CODE_STATE=getMsg HTTP/1.1" 200 27
58.221.95.50 - - [30/Nov/2021:09:39:20 +0800] "GET /xingrg/all/function/internal_message.html?_=1638236361686&CODE_STATE=getMsg HTTP/1.1" 302 -
222.70.176.97 - - [30/Nov/2021:09:39:21 +0800] "GET /xingrg/all/function/internal_message.html?_=1638236360031&CODE_STATE=getMsg HTTP/1.1" 200 27
114.85.125.222 - - [30/Nov/2021:09:39:25 +0800] "POST /xingrg/kc/buy/cgsh_list_operate.html HTTP/1.1" 200 568
58.37.8.149 - - [30/Nov/2021:09:39:28 +0800] "GET /xingrg/kc/buy/cgsh_order_operate.html?command=get_materiel&rest_code=00141&code=00101006109&supplier_code=00100012&order_time=2021-11-30 HTTP/1.1" 200 409
114.86.224.129 - - [30/Nov/2021:09:39:28 +0800] "GET /xingrg/all/function/internal_message.html?_=1638236367796&CODE_STATE=getMsg HTTP/1.1" 200 27
222.70.171.86 - - [30/Nov/2021:09:39:28 +0800] "GET /xingrg/all/function/internal_message.html?_=1638236372262&CODE_STATE=getMsg HTTP/1.1" 302 -
58.39.139.200 - - [30/Nov/2021:09:39:30 +0800] "GET /xingrg/all/function/internal_message.html?_=1638236369757&CODE_STATE=getMsg HTTP/1.1" 200 27
58.39.139.200 - - [30/Nov/2021:09:39:30 +0800] "GET /xingrg/check_reg.html?_=1638236369754 HTTP/1.1" 200 22
116.228.172.94 - - [30/Nov/2021:09:39:32 +0800] "GET /xingrg/all/function/internal_message.html?_=1638236245796&CODE_STATE=getMsg HTTP/1.1" 200 27
114.83.223.93 - - [30/Nov/2021:09:39:33 +0800] "GET /xingrg/all/function/internal_message.html?_=1638236372181&CODE_STATE=getMsg HTTP/1.1" 200 27
116.228.172.94 - - [30/Nov/2021:09:39:35 +0800] "GET /xingrg/kc/base/base_main.html HTTP/1.1" 200 12142
58.37.8.149 - - [30/Nov/2021:09:39:35 +0800] "GET /xingrg/kc/buy/cgsh_order_operate.html?command=get_materiel&rest_code=00141&code=00101006111&supplier_code=00100012&order_time=2021-11-30 HTTP/1.1" 200 409
116.228.172.94 - - [30/Nov/2021:09:39:37 +0800] "GET /xingrg/kc/base/check_order_list.html HTTP/1.1" 200 16347
116.228.172.94 - - [30/Nov/2021:09:39:37 +0800] "POST /xingrg/kc/base/check_list_operate.html HTTP/1.1" 200 781
101.85.120.86 - - [30/Nov/2021:09:39:38 +0800] "GET /xingrg/check_reg.html?_=1638236376108 HTTP/1.1" 200 22
101.85.120.86 - - [30/Nov/2021:09:39:38 +0800] "GET /xingrg/all/function/internal_message.html?_=1638236376111&CODE_STATE=getMsg HTTP/1.1" 200 27
58.40.7.146 - - [30/Nov/2021:09:39:38 +0800] "GET /xingrg/all/function/internal_message.html?_=1638236377984&CODE_STATE=getMsg HTTP/1.1" 200 27
58.37.8.149 - - [30/Nov/2021:09:39:39 +0800] "GET /xingrg/all/function/internal_message.html?_=1638236200320&CODE_STATE=getMsg HTTP/1.1" 200 27
116.228.172.94 - - [30/Nov/2021:09:39:39 +0800] "GET /xingrg/kc/base/check_order_add.html HTTP/1.1" 200 25380
116.228.172.94 - - [30/Nov/2021:09:39:39 +0800] "GET /xingrg/dwr/interface/AjaxComOrderService.js HTTP/1.1" 200 18264
116.228.172.94 - - [30/Nov/2021:09:39:39 +0800] "GET /xingrg/dwr/util.js HTTP/1.1" 304 -
116.228.172.94 - - [30/Nov/2021:09:39:39 +0800] "GET /xingrg/dwr/interface/AjaxCheckService.js HTTP/1.1" 200 14003
116.228.172.94 - - [30/Nov/2021:09:39:39 +0800] "GET /xingrg/dwr/engine.js HTTP/1.1" 200 43631
172.20.0.100 - - [30/Nov/2021:09:39:40 +0800] "GET /xingrg/all/function/internal_message.html?_=1638236379126&CODE_STATE=getMsg HTTP/1.1" 200 27
58.37.8.149 - - [30/Nov/2021:09:39:41 +0800] "GET /xingrg/kc/buy/cgsh_order_operate.html?command=get_materiel&rest_code=00141&code=00101006177&supplier_code=00100012&order_time=2021-11-30 HTTP/1.1" 200 409
116.227.210.113 - - [30/Nov/2021:09:39:42 +0800] "GET /xingrg/kc/base/wldb_order_operate.html?command=get_materiel&rest_code=00155&base_code=0010756&code=00101027001 HTTP/1.1" 200 472
180.169.147.146 - - [30/Nov/2021:09:39:45 +0800] "GET /xingrg/all/function/internal_message.html?_=1638236383618&CODE_STATE=getMsg HTTP/1.1" 200 27
116.227.210.113 - - [30/Nov/2021:09:39:47 +0800] "GET /xingrg/check_reg.html?_=1638236385267 HTTP/1.1" 200 22
116.227.210.113 - - [30/Nov/2021:09:39:47 +0800] "GET /xingrg/all/function/internal_message.html?_=1638236385271&CODE_STATE=getMsg HTTP/1.1" 200 27
180.157.253.6 - - [30/Nov/2021:09:39:48 +0800] "GET /xingrg/all/function/internal_message.html?_=1638236387184&CODE_STATE=getMsg HTTP/1.1" 200 27
180.174.250.202 - - [30/Nov/2021:09:39:48 +0800] "GET /xingrg/all/function/internal_message.html?_=1638236384009&CODE_STATE=getMsg HTTP/1.1" 200 27
114.85.125.222 - - [30/Nov/2021:09:39:48 +0800] "POST /xingrg/kc/buy/cgsh_list_operate.html HTTP/1.1" 200 563
