116.228.172.94 - - [30/Nov/2021:09:22:32 +0800] "GET /xingrg/all/function/internal_message.html?_=1638235225795&CODE_STATE=getMsg HTTP/1.1" 200 27
116.238.248.233 - - [30/Nov/2021:09:22:33 +0800] "GET /xingrg/all/function/internal_message.html?_=1638235352657&CODE_STATE=getMsg HTTP/1.1" 200 27
58.40.7.146 - - [30/Nov/2021:09:22:34 +0800] "POST /xingrg/login.do HTTP/1.1" 302 -
58.40.7.146 - - [30/Nov/2021:09:22:34 +0800] "GET /xingrg/javascript/jquery_easy_ui/themes/icon.css HTTP/1.1" 200 3949
58.40.7.146 - - [30/Nov/2021:09:22:34 +0800] "GET /xingrg/index.html?sysBaseUrl=http%3A%2F%2F180.169.147.146%3A18081%2Fxingrg%2F&costTime=42×tamp=1638235354000 HTTP/1.1" 200 17503
58.40.7.146 - - [30/Nov/2021:09:22:34 +0800] "GET /xingrg/javascript/jquery-1.4.2.min.js HTTP/1.1" 200 72205
58.40.7.146 - - [30/Nov/2021:09:22:34 +0800] "GET /xingrg/css/form.css HTTP/1.1" 200 893
58.40.7.146 - - [30/Nov/2021:09:22:34 +0800] "GET /xingrg/javascript/jquery_easy_ui/easyui-lang-zh_CN.js HTTP/1.1" 200 1900
58.40.7.146 - - [30/Nov/2021:09:22:34 +0800] "GET /xingrg/javascript/jquery_easy_ui/jquery.easyui.min.js HTTP/1.1" 200 213662
58.40.7.146 - - [30/Nov/2021:09:22:34 +0800] "GET /xingrg/javascript/jquery.timers.js HTTP/1.1" 200 3532
58.40.7.146 - - [30/Nov/2021:09:22:34 +0800] "GET /xingrg/javascript/jquery.utils.js HTTP/1.1" 200 11805
58.40.7.146 - - [30/Nov/2021:09:22:34 +0800] "GET /xingrg/javascript/jquery_easy_ui/themes/default/easyui.css HTTP/1.1" 200 26500
58.40.7.146 - - [30/Nov/2021:09:22:34 +0800] "GET /xingrg/javascript/jquery.form.js HTTP/1.1" 200 23110
58.40.7.146 - - [30/Nov/2021:09:22:34 +0800] "GET /favicon.ico HTTP/1.1" 404 -
114.83.223.93 - - [30/Nov/2021:09:22:34 +0800] "GET /xingrg/all/function/internal_message.html?_=1638235352448&CODE_STATE=getMsg HTTP/1.1" 200 27
58.40.7.146 - - [30/Nov/2021:09:22:34 +0800] "GET /xingrg/javascript/jquery_easy_ui/themes/icons/settle_new.png HTTP/1.1" 200 826
58.40.7.146 - - [30/Nov/2021:09:22:34 +0800] "GET /xingrg/images/blue/navBackgound.jpg HTTP/1.1" 200 12378
58.40.7.146 - - [30/Nov/2021:09:22:34 +0800] "POST /xingrg/all/common/load_tree.html?tree=area_rest_tree_json&manage=1 HTTP/1.1" 200 597
114.83.223.93 - - [30/Nov/2021:09:22:34 +0800] "GET /xingrg/check_reg.html?_=1638235352667 HTTP/1.1" 200 22
58.40.7.146 - - [30/Nov/2021:09:22:34 +0800] "GET /xingrg/check_reg.html?_=1638235353583 HTTP/1.1" 200 22
58.40.7.146 - - [30/Nov/2021:09:22:34 +0800] "GET /xingrg/all/function/internal_message.html?_=1638235353582&CODE_STATE=count HTTP/1.1" 200 11
58.40.7.146 - - [30/Nov/2021:09:22:34 +0800] "GET /xingrg/images/blue/pingpu.png HTTP/1.1" 200 231
58.40.7.146 - - [30/Nov/2021:09:22:34 +0800] "GET /xingrg/javascript/jquery_easy_ui/themes/default/images/tabs_leftarrow.png HTTP/1.1" 200 389
58.40.7.146 - - [30/Nov/2021:09:22:34 +0800] "GET /xingrg/javascript/jquery_easy_ui/themes/default/images/tabs_rightarrow.png HTTP/1.1" 200 395
58.40.7.146 - - [30/Nov/2021:09:22:34 +0800] "GET /xingrg/javascript/jquery_easy_ui/themes/default/images/panel_tool_expand.gif HTTP/1.1" 200 247
58.40.7.146 - - [30/Nov/2021:09:22:34 +0800] "GET /xingrg/javascript/jquery_easy_ui/themes/default/images/panel_tool_collapse.gif HTTP/1.1" 200 246
58.40.7.146 - - [30/Nov/2021:09:22:34 +0800] "POST /xingrg/load_menu.html HTTP/1.1" 200 11564
58.40.7.146 - - [30/Nov/2021:09:22:34 +0800] "GET /xingrg/javascript/jquery_easy_ui/themes/default/images/tree_arrows.gif HTTP/1.1" 200 1043
58.40.7.146 - - [30/Nov/2021:09:22:34 +0800] "GET /xingrg/javascript/jquery_easy_ui/themes/default/images/tree_folder_open.gif HTTP/1.1" 200 956
58.40.7.146 - - [30/Nov/2021:09:22:34 +0800] "GET /xingrg/javascript/jquery_easy_ui/themes/icons/search_new.png HTTP/1.1" 200 586
58.40.7.146 - - [30/Nov/2021:09:22:34 +0800] "GET /xingrg/javascript/jquery_easy_ui/themes/icons/delivery_new.png HTTP/1.1" 200 700
58.40.7.146 - - [30/Nov/2021:09:22:34 +0800] "GET /xingrg/javascript/jquery_easy_ui/themes/icons/storage_new.png HTTP/1.1" 200 853
58.40.7.146 - - [30/Nov/2021:09:22:34 +0800] "GET /xingrg/javascript/jquery_easy_ui/themes/icons/checkout_new.png HTTP/1.1" 200 744
58.40.7.146 - - [30/Nov/2021:09:22:34 +0800] "GET /xingrg/javascript/jquery_easy_ui/themes/icons/forms_new.png HTTP/1.1" 200 350
58.40.7.146 - - [30/Nov/2021:09:22:34 +0800] "GET /xingrg/javascript/jquery_easy_ui/themes/icons/setting_new.png HTTP/1.1" 200 450
58.40.7.146 - - [30/Nov/2021:09:22:34 +0800] "GET /xingrg/javascript/jquery_easy_ui/themes/icons/systemset_new.png HTTP/1.1" 200 606
58.40.7.146 - - [30/Nov/2021:09:22:34 +0800] "GET /xingrg/javascript/jquery_easy_ui/themes/default/images/tree_file.gif HTTP/1.1" 200 118
58.40.7.146 - - [30/Nov/2021:09:22:34 +0800] "GET /xingrg/javascript/jquery_easy_ui/themes/default/images/tree_folder.gif HTTP/1.1" 200 952
58.40.7.146 - - [30/Nov/2021:09:22:36 +0800] "GET /xingrg/javascript/jquery_easy_ui/themes/icons/area.png HTTP/1.1" 200 262
58.40.7.146 - - [30/Nov/2021:09:22:36 +0800] "GET /xingrg/javascript/jquery_easy_ui/themes/icons/manage.png HTTP/1.1" 200 696
58.40.7.146 - - [30/Nov/2021:09:22:36 +0800] "GET /xingrg/javascript/jquery_easy_ui/themes/icons/rest.png HTTP/1.1" 200 695
58.40.7.146 - - [30/Nov/2021:09:22:36 +0800] "GET /xingrg/javascript/jquery_easy_ui/themes/default/images/button_a_bg.gif HTTP/1.1" 200 1194
58.40.7.146 - - [30/Nov/2021:09:22:36 +0800] "GET /xingrg/javascript/jquery_easy_ui/themes/default/images/button_span_bg.gif HTTP/1.1" 200 2061
58.40.7.146 - - [30/Nov/2021:09:22:36 +0800] "GET /xingrg/javascript/jquery_easy_ui/themes/icons/ok.png HTTP/1.1" 200 883
58.40.7.146 - - [30/Nov/2021:09:22:36 +0800] "GET /xingrg/javascript/jquery_easy_ui/themes/default/images/panel_title.png HTTP/1.1" 200 266
58.40.7.146 - - [30/Nov/2021:09:22:36 +0800] "GET /xingrg/javascript/jquery_easy_ui/themes/default/images/panel_tools.gif HTTP/1.1" 200 737
58.40.7.146 - - [30/Nov/2021:09:22:38 +0800] "GET /xingrg/images/control/ajaxLoader.gif HTTP/1.1" 200 4659
58.40.7.146 - - [30/Nov/2021:09:22:38 +0800] "POST /xingrg/all/user/operate.html HTTP/1.1" 200 36
58.40.7.146 - - [30/Nov/2021:09:22:38 +0800] "GET /xingrg/index.html?sysBaseUrl=http%3A%2F%2F180.169.147.146%3A18081%2Fxingrg%2F&costTime=42×tamp=1638235354000 HTTP/1.1" 200 17507
58.40.7.146 - - [30/Nov/2021:09:22:38 +0800] "GET /xingrg/javascript/jquery_easy_ui/themes/default/easyui.css HTTP/1.1" 304 -
58.40.7.146 - - [30/Nov/2021:09:22:38 +0800] "GET /xingrg/javascript/jquery_easy_ui/themes/icon.css HTTP/1.1" 304 -
58.40.7.146 - - [30/Nov/2021:09:22:38 +0800] "GET /xingrg/css/form.css HTTP/1.1" 304 -
58.40.7.146 - - [30/Nov/2021:09:22:38 +0800] "GET /xingrg/javascript/jquery-1.4.2.min.js HTTP/1.1" 304 -
58.40.7.146 - - [30/Nov/2021:09:22:38 +0800] "GET /xingrg/javascript/jquery_easy_ui/jquery.easyui.min.js HTTP/1.1" 304 -
58.40.7.146 - - [30/Nov/2021:09:22:38 +0800] "GET /xingrg/javascript/jquery_easy_ui/easyui-lang-zh_CN.js HTTP/1.1" 304 -
58.40.7.146 - - [30/Nov/2021:09:22:38 +0800] "GET /xingrg/javascript/jquery.form.js HTTP/1.1" 304 -
58.40.7.146 - - [30/Nov/2021:09:22:38 +0800] "GET /xingrg/javascript/jquery.utils.js HTTP/1.1" 304 -
58.40.7.146 - - [30/Nov/2021:09:22:38 +0800] "GET /xingrg/javascript/jquery.timers.js HTTP/1.1" 304 -
58.40.7.146 - - [30/Nov/2021:09:22:38 +0800] "GET /xingrg/images/blue/jxLogo.png HTTP/1.1" 304 -
58.40.7.146 - - [30/Nov/2021:09:22:38 +0800] "GET /xingrg/images/blue/navBackgound.jpg HTTP/1.1" 304 -
58.40.7.146 - - [30/Nov/2021:09:22:38 +0800] "GET /xingrg/javascript/jquery_easy_ui/themes/icons/settle_new.png HTTP/1.1" 304 -
58.40.7.146 - - [30/Nov/2021:09:22:38 +0800] "POST /xingrg/all/common/load_tree.html?tree=area_rest_tree_json&manage=1 HTTP/1.1" 200 597
58.40.7.146 - - [30/Nov/2021:09:22:38 +0800] "GET /xingrg/all/function/internal_message.html?_=1638235357977&CODE_STATE=count HTTP/1.1" 200 11
58.40.7.146 - - [30/Nov/2021:09:22:38 +0800] "GET /xingrg/check_reg.html?_=1638235357978 HTTP/1.1" 200 22
58.40.7.146 - - [30/Nov/2021:09:22:38 +0800] "GET /xingrg/javascript/jquery_easy_ui/themes/default/images/tabs_rightarrow.png HTTP/1.1" 304 -
58.40.7.146 - - [30/Nov/2021:09:22:38 +0800] "GET /xingrg/javascript/jquery_easy_ui/themes/default/images/panel_tool_expand.gif HTTP/1.1" 304 -
58.40.7.146 - - [30/Nov/2021:09:22:38 +0800] "GET /xingrg/javascript/jquery_easy_ui/themes/default/images/panel_tool_collapse.gif HTTP/1.1" 304 -
58.40.7.146 - - [30/Nov/2021:09:22:38 +0800] "GET /xingrg/javascript/jquery_easy_ui/themes/default/images/tabs_leftarrow.png HTTP/1.1" 304 -
58.40.7.146 - - [30/Nov/2021:09:22:38 +0800] "GET /xingrg/images/blue/pingpu.png HTTP/1.1" 304 -
58.40.7.146 - - [30/Nov/2021:09:22:38 +0800] "POST /xingrg/load_menu.html HTTP/1.1" 200 9959
58.40.7.146 - - [30/Nov/2021:09:22:39 +0800] "GET /xingrg/javascript/jquery_easy_ui/themes/default/images/tabs_close.gif HTTP/1.1" 200 829
58.40.7.146 - - [30/Nov/2021:09:22:39 +0800] "GET /xingrg/kc/report/report_main.html HTTP/1.1" 200 7340
58.40.7.146 - - [30/Nov/2021:09:22:39 +0800] "GET /xingrg/javascript/pic_change.js HTTP/1.1" 200 4739
58.40.7.146 - - [30/Nov/2021:09:22:39 +0800] "GET /xingrg/css/blue.css HTTP/1.1" 200 15949
58.40.7.146 - - [30/Nov/2021:09:22:39 +0800] "GET /xingrg/javascript/jquery_ui/themes/humanity/humanity.css HTTP/1.1" 200 27801
58.40.7.146 - - [30/Nov/2021:09:22:39 +0800] "GET /xingrg/javascript/myfunction.js HTTP/1.1" 200 24559
58.40.7.146 - - [30/Nov/2021:09:22:39 +0800] "GET /xingrg/javascript/json2.js HTTP/1.1" 200 11259
58.40.7.146 - - [30/Nov/2021:09:22:39 +0800] "GET /xingrg/javascript/jquery_easy_ui/themes/icons/back_new.png HTTP/1.1" 200 3414
172.20.0.100 - - [30/Nov/2021:09:22:40 +0800] "GET /xingrg/all/function/internal_message.html?_=1638235359128&CODE_STATE=getMsg HTTP/1.1" 200 27
58.40.7.146 - - [30/Nov/2021:09:22:42 +0800] "POST /xingrg/load_menu.html HTTP/1.1" 200 10797
180.174.250.202 - - [30/Nov/2021:09:22:45 +0800] "GET /xingrg/all/function/internal_message.html?_=1638235361655&CODE_STATE=getMsg HTTP/1.1" 200 27
58.40.7.146 - - [30/Nov/2021:09:22:46 +0800] "GET /xingrg/all/report/report_query.html?fileName=dma/new_5.0/menu/menu_category_hz.xml HTTP/1.1" 200 53064
58.40.7.146 - - [30/Nov/2021:09:22:46 +0800] "GET /xingrg/javascript/multi_select/jqueryMultiSelect.css HTTP/1.1" 200 951
58.40.7.146 - - [30/Nov/2021:09:22:46 +0800] "GET /xingrg/javascript/calendar/timePicker.css HTTP/1.1" 200 523
58.40.7.146 - - [30/Nov/2021:09:22:46 +0800] "GET /xingrg/javascript/bigrid/fix.css HTTP/1.1" 200 1702
58.40.7.146 - - [30/Nov/2021:09:22:47 +0800] "GET /xingrg/dwr/interface/AjaxReportQueryService.js HTTP/1.1" 200 13203
58.40.7.146 - - [30/Nov/2021:09:22:47 +0800] "GET /xingrg/dwr/util.js HTTP/1.1" 200 35990
58.40.7.146 - - [30/Nov/2021:09:22:47 +0800] "GET /xingrg/javascript/calendar/jquery.timePicker.min.js HTTP/1.1" 200 2997
58.40.7.146 - - [30/Nov/2021:09:22:47 +0800] "GET /xingrg/dwr/engine.js HTTP/1.1" 200 43631
58.40.7.146 - - [30/Nov/2021:09:22:47 +0800] "GET /xingrg/javascript/bigrid/fix.js HTTP/1.1" 200 6439
58.40.7.146 - - [30/Nov/2021:09:22:47 +0800] "GET /xingrg/javascript/jqueryMultiSelect.js HTTP/1.1" 200 11866
58.40.7.146 - - [30/Nov/2021:09:22:47 +0800] "GET /xingrg/javascript/Calendar.js HTTP/1.1" 200 31561
58.40.7.146 - - [30/Nov/2021:09:22:47 +0800] "GET /xingrg/images/blue/button/advanceover.gif HTTP/1.1" 200 1347
58.40.7.146 - - [30/Nov/2021:09:22:47 +0800] "GET /xingrg/images/blue/button/advance2over.gif HTTP/1.1" 200 1336
58.40.7.146 - - [30/Nov/2021:09:22:47 +0800] "GET /xingrg/images/blue/button/back2over.gif HTTP/1.1" 200 1335
58.40.7.146 - - [30/Nov/2021:09:22:47 +0800] "GET /xingrg/images/blue/button/backover.gif HTTP/1.1" 200 1348
58.40.7.146 - - [30/Nov/2021:09:22:47 +0800] "GET /xingrg/images/control/loading.gif HTTP/1.1" 200 13463
58.40.7.146 - - [30/Nov/2021:09:22:47 +0800] "GET /xingrg/javascript/jquery_easy_ui/themes/default/images/menu_rightarrow.png HTTP/1.1" 200 3617
58.40.7.146 - - [30/Nov/2021:09:22:47 +0800] "GET /xingrg/javascript/jquery_easy_ui/themes/default/images/menu_downarrow.png HTTP/1.1" 200 173
58.40.7.146 - - [30/Nov/2021:09:22:47 +0800] "GET /xingrg/javascript/jquery_easy_ui/themes/default/images/menu.gif HTTP/1.1" 200 834
58.40.7.146 - - [30/Nov/2021:09:22:47 +0800] "GET /xingrg/javascript/jquery_easy_ui/themes/icons/print.png HTTP/1.1" 200 1057
58.40.7.146 - - [30/Nov/2021:09:22:47 +0800] "GET /xingrg/javascript/jquery_easy_ui/themes/icons/help.png HTTP/1.1" 200 1187
58.40.7.146 - - [30/Nov/2021:09:22:47 +0800] "POST /xingrg/dwr/call/plaincall/AjaxReportQueryService.getFixDate.dwr HTTP/1.1" 200 111
58.40.7.146 - - [30/Nov/2021:09:22:47 +0800] "GET /xingrg/javascript/jquery_easy_ui/themes/icons/pencil.png HTTP/1.1" 200 713
58.40.7.146 - - [30/Nov/2021:09:22:47 +0800] "GET /xingrg/javascript/jquery_easy_ui/themes/default/images/combo_arrow_dot.gif HTTP/1.1" 200 79
58.40.7.146 - - [30/Nov/2021:09:22:47 +0800] "POST /xingrg/all/common/load_tree.html?tree=area_station_tree_json&manage=1 HTTP/1.1" 200 583
58.40.7.146 - - [30/Nov/2021:09:22:47 +0800] "GET /xingrg/javascript/multi_select/dropdown.gif HTTP/1.1" 200 61
116.227.210.113 - - [30/Nov/2021:09:22:47 +0800] "GET /xingrg/all/function/internal_message.html?_=1638235365277&CODE_STATE=getMsg HTTP/1.1" 200 27
180.157.253.6 - - [30/Nov/2021:09:22:48 +0800] "GET /xingrg/all/function/internal_message.html?_=1638235367155&CODE_STATE=getMsg HTTP/1.1" 200 27
58.40.7.146 - - [30/Nov/2021:09:22:49 +0800] "GET /xingrg/all/report/report_query.html?fileName=dma/new_5.0/menu/menu_stca_hz.xml HTTP/1.1" 200 51418
58.40.7.146 - - [30/Nov/2021:09:22:49 +0800] "GET /xingrg/dwr/interface/AjaxReportQueryService.js HTTP/1.1" 200 13203
58.40.7.146 - - [30/Nov/2021:09:22:49 +0800] "GET /xingrg/dwr/engine.js HTTP/1.1" 200 43631
58.40.7.146 - - [30/Nov/2021:09:22:49 +0800] "POST /xingrg/dwr/call/plaincall/AjaxReportQueryService.getFixDate.dwr HTTP/1.1" 200 111
58.40.7.146 - - [30/Nov/2021:09:22:49 +0800] "POST /xingrg/all/common/load_tree.html?tree=area_station_tree_json&manage=1 HTTP/1.1" 200 583
58.40.7.146 - - [30/Nov/2021:09:22:49 +0800] "GET /xingrg/javascript/jquery_easy_ui/themes/default/images/tree_checkbox_0.gif HTTP/1.1" 200 168
222.69.132.164 - - [30/Nov/2021:09:22:49 +0800] "GET /xingrg/check_reg.html?_=1638235377329 HTTP/1.1" 200 22
222.69.132.164 - - [30/Nov/2021:09:22:49 +0800] "GET /xingrg/all/function/internal_message.html?_=1638235377332&CODE_STATE=getMsg HTTP/1.1" 200 27
58.40.7.146 - - [30/Nov/2021:09:22:52 +0800] "POST /xingrg/dwr/call/plaincall/AjaxReportQueryService.getFixDate.dwr HTTP/1.1" 200 111
58.40.7.146 - - [30/Nov/2021:09:22:55 +0800] "GET /xingrg/javascript/jquery_easy_ui/themes/default/images/tree_checkbox_1.gif HTTP/1.1" 200 174
58.40.7.146 - - [30/Nov/2021:09:22:55 +0800] "GET /xingrg/javascript/jquery_easy_ui/themes/default/images/tree_checkbox_2.gif HTTP/1.1" 200 181
58.40.7.146 - - [30/Nov/2021:09:22:56 +0800] "POST /xingrg/dwr/call/plaincall/AjaxReportQueryService.refreshCache.dwr HTTP/1.1" 200 78
58.40.7.146 - - [30/Nov/2021:09:22:57 +0800] "POST /xingrg/all/report/load_report_page.html HTTP/1.1" 200 59023
58.40.7.146 - - [30/Nov/2021:09:22:57 +0800] "GET /xingrg/servlets/image?cache=0.9950339801464921&image=px HTTP/1.1" 200 807
58.37.8.149 - - [30/Nov/2021:09:22:59 +0800] "GET /xingrg/check_reg.html?_=1638235200460 HTTP/1.1" 302 -
222.70.171.86 - - [30/Nov/2021:09:23:01 +0800] "GET /xingrg/all/function/internal_message.html?_=1638235385819&CODE_STATE=getMsg HTTP/1.1" 200 27
114.85.125.222 - - [30/Nov/2021:09:23:04 +0800] "GET /xingrg/all/function/internal_message.html?_=1638235351421&CODE_STATE=getMsg HTTP/1.1" 200 27
120.253.135.82 - - [30/Nov/2021:09:23:11 +0800] "GET /xingrg/check_reg.html?_=1638235167314 HTTP/1.1" 200 22
120.253.135.82 - - [30/Nov/2021:09:23:21 +0800] "GET /xingrg/all/function/internal_message.html?_=1638235176782&CODE_STATE=getMsg HTTP/1.1" 200 27
58.221.95.50 - - [30/Nov/2021:09:23:21 +0800] "GET /xingrg/all/function/internal_message.html?_=1638235401983&CODE_STATE=getMsg HTTP/1.1" 302 -
222.70.176.97 - - [30/Nov/2021:09:23:21 +0800] "GET /xingrg/all/function/internal_message.html?_=1638235400037&CODE_STATE=getMsg HTTP/1.1" 200 27
222.70.171.86 - - [30/Nov/2021:09:23:28 +0800] "GET /xingrg/all/function/internal_message.html?_=1638235412045&CODE_STATE=getMsg HTTP/1.1" 302 -
114.86.224.129 - - [30/Nov/2021:09:23:28 +0800] "GET /xingrg/all/function/internal_message.html?_=1638235407759&CODE_STATE=getMsg HTTP/1.1" 200 27
58.39.139.200 - - [30/Nov/2021:09:23:30 +0800] "GET /xingrg/all/function/internal_message.html?_=1638235409729&CODE_STATE=getMsg HTTP/1.1" 200 27
116.228.172.94 - - [30/Nov/2021:09:23:32 +0800] "GET /xingrg/all/function/internal_message.html?_=1638235285797&CODE_STATE=getMsg HTTP/1.1" 200 27
116.238.248.233 - - [30/Nov/2021:09:23:33 +0800] "GET /xingrg/all/function/internal_message.html?_=1638235412688&CODE_STATE=getMsg HTTP/1.1" 200 27
116.238.248.233 - - [30/Nov/2021:09:23:33 +0800] "GET /xingrg/check_reg.html?_=1638235412691 HTTP/1.1" 200 22
114.83.223.93 - - [30/Nov/2021:09:23:34 +0800] "GET /xingrg/all/function/internal_message.html?_=1638235412426&CODE_STATE=getMsg HTTP/1.1" 200 27
180.174.250.202 - - [30/Nov/2021:09:23:38 +0800] "GET /xingrg/check_reg.html?_=1638235414470 HTTP/1.1" 200 22
58.40.7.146 - - [30/Nov/2021:09:23:38 +0800] "GET /xingrg/all/function/internal_message.html?_=1638235417992&CODE_STATE=getMsg HTTP/1.1" 200 27
172.20.0.100 - - [30/Nov/2021:09:23:40 +0800] "GET /xingrg/all/function/internal_message.html?_=1638235419119&CODE_STATE=getMsg HTTP/1.1" 200 27
114.83.223.93 - - [30/Nov/2021:09:23:43 +0800] "GET /xingrg/kc/base/wldb_order_operate.html?command=get_materiel&rest_code=00149&base_code=0010403&code=00101007077 HTTP/1.1" 200 437
180.174.250.202 - - [30/Nov/2021:09:23:45 +0800] "GET /xingrg/all/function/internal_message.html?_=1638235421669&CODE_STATE=getMsg HTTP/1.1" 200 27
222.70.171.86 - - [30/Nov/2021:09:23:47 +0800] "GET /favicon.ico HTTP/1.1" 404 -
116.227.210.113 - - [30/Nov/2021:09:23:47 +0800] "GET /xingrg/all/function/internal_message.html?_=1638235425275&CODE_STATE=getMsg HTTP/1.1" 200 27
180.157.253.6 - - [30/Nov/2021:09:23:48 +0800] "GET /xingrg/all/function/internal_message.html?_=1638235427156&CODE_STATE=getMsg HTTP/1.1" 200 27
114.83.223.93 - - [30/Nov/2021:09:23:49 +0800] "GET /xingrg/kc/base/wldb_order_operate.html?command=get_materiel&rest_code=00149&base_code=0010403&code=00101007110 HTTP/1.1" 200 431
222.69.132.164 - - [30/Nov/2021:09:23:49 +0800] "GET /xingrg/all/function/internal_message.html?_=1638235437338&CODE_STATE=getMsg HTTP/1.1" 200 27
222.70.171.86 - - [30/Nov/2021:09:24:01 +0800] "GET /xingrg/all/function/internal_message.html?_=1638235445827&CODE_STATE=getMsg HTTP/1.1" 200 27
114.83.223.93 - - [30/Nov/2021:09:24:02 +0800] "POST /xingrg/kc/base/wldb_order_operate.html HTTP/1.1" 200 37
114.83.223.93 - - [30/Nov/2021:09:24:03 +0800] "POST /xingrg/kc/base/wldb_order_operate.html HTTP/1.1" 200 2660
114.83.223.93 - - [30/Nov/2021:09:24:03 +0800] "GET /xingrg/kc/base/wldb_order_info.html?code=422021113003314 HTTP/1.1" 200 30455
114.83.223.93 - - [30/Nov/2021:09:24:03 +0800] "GET /xingrg/javascript/easyui/themes/default/validatebox.css HTTP/1.1" 404 1104
114.83.223.93 - - [30/Nov/2021:09:24:04 +0800] "POST /xingrg/kc/base/wldb_order_operate.html HTTP/1.1" 200 2660
114.85.125.222 - - [30/Nov/2021:09:24:04 +0800] "GET /xingrg/all/function/internal_message.html?_=1638235411434&CODE_STATE=getMsg HTTP/1.1" 200 27
114.83.223.93 - - [30/Nov/2021:09:24:06 +0800] "GET /xingrg/kc/base/wldb_order_add.html HTTP/1.1" 200 30444
114.83.223.93 - - [30/Nov/2021:09:24:06 +0800] "POST /xingrg/kc/base/wldb_order_operate.html HTTP/1.1" 200 6806
114.83.223.93 - - [30/Nov/2021:09:24:06 +0800] "GET /xingrg/javascript/easyui/themes/default/validatebox.css HTTP/1.1" 404 1104
222.70.171.86 - - [30/Nov/2021:09:24:12 +0800] "POST /xingrg/services/DataTransmitService HTTP/1.1" 200 524
222.70.171.86 - - [30/Nov/2021:09:24:12 +0800] "POST /xingrg/services/DataTransmitService HTTP/1.1" 200 501
114.83.223.93 - - [30/Nov/2021:09:24:14 +0800] "GET /xingrg/kc/base/wldb_order_operate.html?command=get_materiel&rest_code=00149&base_code=0010403&code=00101020225 HTTP/1.1" 200 422
58.221.95.50 - - [30/Nov/2021:09:24:21 +0800] "GET /xingrg/all/function/internal_message.html?_=1638235461966&CODE_STATE=getMsg HTTP/1.1" 302 -
120.253.135.82 - - [30/Nov/2021:09:24:21 +0800] "GET /xingrg/all/function/internal_message.html?_=1638235236795&CODE_STATE=getMsg HTTP/1.1" 200 27
222.70.176.97 - - [30/Nov/2021:09:24:21 +0800] "GET /xingrg/all/function/internal_message.html?_=1638235460036&CODE_STATE=getMsg HTTP/1.1" 200 27
114.83.223.93 - - [30/Nov/2021:09:24:26 +0800] "POST /xingrg/kc/base/wldb_order_operate.html HTTP/1.1" 200 37
114.83.223.93 - - [30/Nov/2021:09:24:26 +0800] "POST /xingrg/kc/base/wldb_order_operate.html HTTP/1.1" 200 2184
114.83.223.93 - - [30/Nov/2021:09:24:28 +0800] "GET /xingrg/kc/base/wldb_order_info.html?code=422021113003315 HTTP/1.1" 200 30451
222.70.171.86 - - [30/Nov/2021:09:24:28 +0800] "GET /xingrg/all/function/internal_message.html?_=1638235472048&CODE_STATE=getMsg HTTP/1.1" 302 -
114.83.223.93 - - [30/Nov/2021:09:24:28 +0800] "GET /xingrg/javascript/easyui/themes/default/validatebox.css HTTP/1.1" 404 1104
114.86.224.129 - - [30/Nov/2021:09:24:28 +0800] "GET /xingrg/all/function/internal_message.html?_=1638235467761&CODE_STATE=getMsg HTTP/1.1" 200 27
114.83.223.93 - - [30/Nov/2021:09:24:28 +0800] "POST /xingrg/kc/base/wldb_order_operate.html HTTP/1.1" 200 2184
114.83.223.93 - - [30/Nov/2021:09:24:28 +0800] "GET /xingrg/javascript/jquery_easy_ui/themes/icons/rest.png HTTP/1.1" 200 695
114.83.223.93 - - [30/Nov/2021:09:24:28 +0800] "GET /xingrg/javascript/jquery_easy_ui/themes/icons/area.png HTTP/1.1" 200 262
58.39.139.200 - - [30/Nov/2021:09:24:30 +0800] "GET /xingrg/check_reg.html?_=1638235469729 HTTP/1.1" 200 22
58.39.139.200 - - [30/Nov/2021:09:24:30 +0800] "GET /xingrg/all/function/internal_message.html?_=1638235469733&CODE_STATE=getMsg HTTP/1.1" 200 27
114.83.223.93 - - [30/Nov/2021:09:24:30 +0800] "POST /xingrg/kc/mdqp/pssh_list_operate.html HTTP/1.1" 200 814
101.85.120.86 - - [30/Nov/2021:09:24:30 +0800] "GET /favicon.ico HTTP/1.1" 404 -
101.85.120.86 - - [30/Nov/2021:09:24:31 +0800] "GET /xingrg/login.html HTTP/1.1" 200 7641
101.85.120.86 - - [30/Nov/2021:09:24:32 +0800] "GET /favicon.ico HTTP/1.1" 404 -
116.228.172.94 - - [30/Nov/2021:09:24:32 +0800] "GET /xingrg/all/function/internal_message.html?_=1638235345793&CODE_STATE=getMsg HTTP/1.1" 200 27
116.238.248.233 - - [30/Nov/2021:09:24:33 +0800] "GET /xingrg/all/function/internal_message.html?_=1638235472675&CODE_STATE=getMsg HTTP/1.1" 200 27
114.83.223.93 - - [30/Nov/2021:09:24:34 +0800] "GET /xingrg/all/function/internal_message.html?_=1638235472415&CODE_STATE=getMsg HTTP/1.1" 200 27
101.85.120.86 - - [30/Nov/2021:09:24:37 +0800] "POST /xingrg/login.do HTTP/1.1" 302 -
101.85.120.86 - - [30/Nov/2021:09:24:37 +0800] "GET /xingrg/index.html?sysBaseUrl=http%3A%2F%2F180.169.147.146%3A18081%2Fxingrg%2F&costTime=38×tamp=1638235477451 HTTP/1.1" 200 17179
101.85.120.86 - - [30/Nov/2021:09:24:37 +0800] "GET /favicon.ico HTTP/1.1" 404 -
101.85.120.86 - - [30/Nov/2021:09:24:37 +0800] "POST /xingrg/all/common/load_tree.html?tree=area_rest_tree_json&manage=1 HTTP/1.1" 200 351
101.85.120.86 - - [30/Nov/2021:09:24:38 +0800] "GET /xingrg/all/function/internal_message.html?_=1638235476095&CODE_STATE=count HTTP/1.1" 200 11
101.85.120.86 - - [30/Nov/2021:09:24:38 +0800] "GET /xingrg/check_reg.html?_=1638235476096 HTTP/1.1" 200 22
101.85.120.86 - - [30/Nov/2021:09:24:38 +0800] "POST /xingrg/load_menu.html HTTP/1.1" 200 5138
58.40.7.146 - - [30/Nov/2021:09:24:38 +0800] "GET /xingrg/all/function/internal_message.html?_=1638235477994&CODE_STATE=getMsg HTTP/1.1" 200 27
172.20.0.100 - - [30/Nov/2021:09:24:40 +0800] "GET /xingrg/all/function/internal_message.html?_=1638235479124&CODE_STATE=getMsg HTTP/1.1" 200 27
180.174.250.202 - - [30/Nov/2021:09:24:45 +0800] "GET /xingrg/all/function/internal_message.html?_=1638235481683&CODE_STATE=getMsg HTTP/1.1" 200 27
116.227.210.113 - - [30/Nov/2021:09:24:47 +0800] "GET /xingrg/all/function/internal_message.html?_=1638235485270&CODE_STATE=getMsg HTTP/1.1" 200 27
116.227.210.113 - - [30/Nov/2021:09:24:47 +0800] "GET /xingrg/check_reg.html?_=1638235485272 HTTP/1.1" 200 22
180.157.253.6 - - [30/Nov/2021:09:24:48 +0800] "GET /xingrg/all/function/internal_message.html?_=1638235487155&CODE_STATE=getMsg HTTP/1.1" 200 27
222.69.132.164 - - [30/Nov/2021:09:24:49 +0800] "GET /xingrg/all/function/internal_message.html?_=1638235497341&CODE_STATE=getMsg HTTP/1.1" 200 27
180.174.250.202 - - [30/Nov/2021:09:24:51 +0800] "GET /xingrg/kc/base/wldb_order_list.html HTTP/1.1" 200 19224
101.85.120.86 - - [30/Nov/2021:09:24:51 +0800] "GET /xingrg/kc/buy/cgsh_order_list.html HTTP/1.1" 200 49276
180.174.250.202 - - [30/Nov/2021:09:24:51 +0800] "GET /xingrg/css/base.css HTTP/1.1" 200 2811
180.174.250.202 - - [30/Nov/2021:09:24:51 +0800] "GET /xingrg/css/site.css HTTP/1.1" 200 7541
180.174.250.202 - - [30/Nov/2021:09:24:51 +0800] "GET /xingrg/javascript/jquery_tools/datebox.css HTTP/1.1" 200 2597
180.174.250.202 - - [30/Nov/2021:09:24:51 +0800] "GET /xingrg/javascript/easyui/themes/icon.css HTTP/1.1" 200 4483
180.174.250.202 - - [30/Nov/2021:09:24:51 +0800] "GET /xingrg/javascript/auto/jquery.autocomplete.css HTTP/1.1" 200 587
180.174.250.202 - - [30/Nov/2021:09:24:51 +0800] "GET /xingrg/javascript/jquery_tools/fix.css HTTP/1.1" 200 1702
180.174.250.202 - - [30/Nov/2021:09:24:51 +0800] "GET /xingrg/javascript/jquery_tools/table.css HTTP/1.1" 200 1032
180.174.250.202 - - [30/Nov/2021:09:24:51 +0800] "GET /xingrg/javascript/jquery_tools/jquery.tools.min.js HTTP/1.1" 200 138801
180.174.250.202 - - [30/Nov/2021:09:24:51 +0800] "GET /xingrg/javascript/jquery_tools/jquery.tools.hotkey.js HTTP/1.1" 200 3242
180.174.250.202 - - [30/Nov/2021:09:24:51 +0800] "GET /xingrg/javascript/jquery_tools/jquery.tools.table.js HTTP/1.1" 200 6994
180.174.250.202 - - [30/Nov/2021:09:24:51 +0800] "GET /xingrg/javascript/jquery_tools/list_manager.js HTTP/1.1" 200 3652
180.174.250.202 - - [30/Nov/2021:09:24:51 +0800] "GET /xingrg/javascript/easyui/easyloader.js HTTP/1.1" 200 5975
180.174.250.202 - - [30/Nov/2021:09:24:51 +0800] "GET /xingrg/javascript/jquery.cookie.js HTTP/1.1" 200 5513
180.174.250.202 - - [30/Nov/2021:09:24:51 +0800] "GET /xingrg/javascript/jquery_tools/jquery.tools.extend.js HTTP/1.1" 200 15385
180.174.250.202 - - [30/Nov/2021:09:24:51 +0800] "GET /xingrg/javascript/print/LodopFuncs.js HTTP/1.1" 200 5121
180.174.250.202 - - [30/Nov/2021:09:24:51 +0800] "GET /xingrg/javascript/easyui/themes/default/easyui.css HTTP/1.1" 200 30432
180.174.250.202 - - [30/Nov/2021:09:24:52 +0800] "GET /xingrg/javascript/jquery.utils.js HTTP/1.1" 200 11805
180.174.250.202 - - [30/Nov/2021:09:24:52 +0800] "GET /xingrg/javascript/auto/jquery.autocomplete.js HTTP/1.1" 200 21624
180.174.250.202 - - [30/Nov/2021:09:24:52 +0800] "GET /xingrg/javascript/easyui/themes/icons/edit_add_new.png HTTP/1.1" 200 2997
180.174.250.202 - - [30/Nov/2021:09:24:52 +0800] "GET /xingrg/javascript/easyui/themes/icons/cance_new.png HTTP/1.1" 200 3986
180.174.250.202 - - [30/Nov/2021:09:24:52 +0800] "GET /xingrg/javascript/easyui/themes/icons/check_new.png HTTP/1.1" 200 3224
180.174.250.202 - - [30/Nov/2021:09:24:52 +0800] "GET /xingrg/javascript/easyui/themes/icons/field_new.png HTTP/1.1" 200 1097
180.174.250.202 - - [30/Nov/2021:09:24:52 +0800] "GET /xingrg/javascript/easyui/themes/icons/import_new.png HTTP/1.1" 200 1247
180.174.250.202 - - [30/Nov/2021:09:24:52 +0800] "GET /xingrg/javascript/easyui/plugins/jquery.parser.js HTTP/1.1" 200 1142
180.174.250.202 - - [30/Nov/2021:09:24:52 +0800] "GET /xingrg/images/control/ajaxLoader.gif HTTP/1.1" 200 4659
180.174.250.202 - - [30/Nov/2021:09:24:52 +0800] "POST /xingrg/kc/base/wldb_list_operate.html HTTP/1.1" 200 928
180.174.250.202 - - [30/Nov/2021:09:24:53 +0800] "GET /xingrg/javascript/easyui/themes/default/images/button_plain_hover.png HTTP/1.1" 200 144
180.174.250.202 - - [30/Nov/2021:09:24:53 +0800] "GET /xingrg/kc/base/wldb_order_add.html HTTP/1.1" 200 30434
180.174.250.202 - - [30/Nov/2021:09:24:53 +0800] "GET /xingrg/javascript/pic_change.js HTTP/1.1" 200 4739
180.174.250.202 - - [30/Nov/2021:09:24:53 +0800] "GET /xingrg/javascript/convert.js HTTP/1.1" 200 1239
180.174.250.202 - - [30/Nov/2021:09:24:53 +0800] "GET /xingrg/javascript/jquery_tools/order_manager.js HTTP/1.1" 200 11183
180.174.250.202 - - [30/Nov/2021:09:24:54 +0800] "GET /xingrg/javascript/print/kc_print.js HTTP/1.1" 200 11415
180.174.250.202 - - [30/Nov/2021:09:24:54 +0800] "GET /xingrg/javascript/json2.js HTTP/1.1" 200 11259
180.174.250.202 - - [30/Nov/2021:09:24:54 +0800] "GET /xingrg/words/20211129181953_words.js HTTP/1.1" 200 876095
180.174.250.202 - - [30/Nov/2021:09:24:54 +0800] "GET /xingrg/javascript/easyui/themes/icons/template_new.png HTTP/1.1" 200 3956
180.174.250.202 - - [30/Nov/2021:09:24:54 +0800] "GET /xingrg/javascript/easyui/themes/icons/ok.png HTTP/1.1" 200 883
180.174.250.202 - - [30/Nov/2021:09:24:54 +0800] "GET /xingrg/javascript/easyui/themes/default/images/menu_downarrow.png HTTP/1.1" 200 173
180.174.250.202 - - [30/Nov/2021:09:24:54 +0800] "GET /xingrg/javascript/easyui/themes/icons/print.png HTTP/1.1" 200 1057
180.174.250.202 - - [30/Nov/2021:09:24:54 +0800] "GET /xingrg/javascript/easyui/themes/icons/cancel.png HTTP/1.1" 200 1133
101.85.120.86 - - [30/Nov/2021:09:24:54 +0800] "POST /xingrg/kc/buy/cgsh_list_operate.html HTTP/1.1" 200 1696
180.174.250.202 - - [30/Nov/2021:09:24:56 +0800] "POST /xingrg/kc/base/wldb_order_operate.html HTTP/1.1" 200 6806
180.174.250.202 - - [30/Nov/2021:09:24:56 +0800] "GET /xingrg/all/common/auto_word.html?type=base&rest_code=00102 HTTP/1.1" 200 1757
180.174.250.202 - - [30/Nov/2021:09:24:56 +0800] "GET /xingrg/all/common/auto_word.html?type=base&rest_code=00102 HTTP/1.1" 200 1757
180.174.250.202 - - [30/Nov/2021:09:24:57 +0800] "GET /xingrg/javascript/easyui/themes/default/validatebox.css HTTP/1.1" 404 1104
180.174.250.202 - - [30/Nov/2021:09:24:57 +0800] "GET /xingrg/javascript/easyui/plugins/jquery.validatebox.js HTTP/1.1" 200 6103
180.174.250.202 - - [30/Nov/2021:09:24:57 +0800] "GET /xingrg/javascript/easyui/plugins/jquery.numberbox.js HTTP/1.1" 200 5213
180.174.250.202 - - [30/Nov/2021:09:24:57 +0800] "GET /xingrg/css/images/panel_loading.gif HTTP/1.1" 200 1737
180.174.250.202 - - [30/Nov/2021:09:24:57 +0800] "POST /xingrg/all/common/load_combo.html?type=base HTTP/1.1" 200 3145
222.70.171.86 - - [30/Nov/2021:09:25:01 +0800] "GET /xingrg/all/function/internal_message.html?_=1638235505851&CODE_STATE=getMsg HTTP/1.1" 200 27
101.85.120.86 - - [30/Nov/2021:09:25:02 +0800] "GET /xingrg/kc/buy/cgsh_order_add.html HTTP/1.1" 200 64165
101.85.120.86 - - [30/Nov/2021:09:25:02 +0800] "GET /xingrg/words/20211129181953_words.js HTTP/1.1" 200 876095
101.85.120.86 - - [30/Nov/2021:09:25:02 +0800] "GET /xingrg/all/common/auto_word.html?type=employee&rest_code=00142 HTTP/1.1" 200 105
101.85.120.86 - - [30/Nov/2021:09:25:02 +0800] "GET /xingrg/all/common/auto_word.html?type=employee&rest_code=00142 HTTP/1.1" 200 105
101.85.120.86 - - [30/Nov/2021:09:25:02 +0800] "GET /xingrg/javascript/easyui/themes/default/validatebox.css HTTP/1.1" 404 1104
101.85.120.86 - - [30/Nov/2021:09:25:03 +0800] "POST /xingrg/kc/buy/cgsh_order_operate.html HTTP/1.1" 200 8245
101.85.120.86 - - [30/Nov/2021:09:25:03 +0800] "GET /xingrg/javascript/auto/indicator.gif HTTP/1.1" 404 1066
114.85.125.222 - - [30/Nov/2021:09:25:04 +0800] "GET /xingrg/all/function/internal_message.html?_=1638235471454&CODE_STATE=getMsg HTTP/1.1" 200 27
180.174.250.202 - - [30/Nov/2021:09:25:11 +0800] "GET /xingrg/kc/base/wldb_order_operate.html?command=get_materiel&rest_code=00102&base_code=0010478&code=00101014076 HTTP/1.1" 200 466
222.70.171.86 - - [30/Nov/2021:09:25:16 +0800] "GET /xingrg/check_reg.html?_=1638235519919 HTTP/1.1" 302 -
120.253.135.82 - - [30/Nov/2021:09:25:16 +0800] "GET /xingrg/all/function/internal_message.html?_=1638235086485&CODE_STATE=getMsg HTTP/1.1" 302 -
180.174.250.202 - - [30/Nov/2021:09:25:19 +0800] "GET /xingrg/kc/base/wldb_order_operate.html?command=get_materiel&rest_code=00102&base_code=0010478&code=00101014061 HTTP/1.1" 200 433
58.221.95.50 - - [30/Nov/2021:09:25:21 +0800] "GET /xingrg/all/function/internal_message.html?_=1638235521941&CODE_STATE=getMsg HTTP/1.1" 302 -
120.253.135.82 - - [30/Nov/2021:09:25:21 +0800] "GET /xingrg/all/function/internal_message.html?_=1638235297179&CODE_STATE=getMsg HTTP/1.1" 200 27
222.70.176.97 - - [30/Nov/2021:09:25:21 +0800] "GET /xingrg/all/function/internal_message.html?_=1638235520037&CODE_STATE=getMsg HTTP/1.1" 200 27
222.70.176.97 - - [30/Nov/2021:09:25:21 +0800] "GET /xingrg/check_reg.html?_=1638235520038 HTTP/1.1" 200 22
180.174.250.202 - - [30/Nov/2021:09:25:28 +0800] "GET /xingrg/kc/base/wldb_order_operate.html?command=get_materiel&rest_code=00102&base_code=0010479&code=00101036003 HTTP/1.1" 200 440
222.70.171.86 - - [30/Nov/2021:09:25:28 +0800] "GET /xingrg/all/function/internal_message.html?_=1638235532070&CODE_STATE=getMsg HTTP/1.1" 302 -
114.86.224.129 - - [30/Nov/2021:09:25:28 +0800] "GET /xingrg/all/function/internal_message.html?_=1638235527764&CODE_STATE=getMsg HTTP/1.1" 200 27
101.85.120.86 - - [30/Nov/2021:09:25:29 +0800] "GET /xingrg/kc/buy/cgsh_order_operate.html?command=get_materiel&rest_code=00142&code=00101011001&supplier_code=00100311&order_time=2021-11-30 HTTP/1.1" 200 423
58.39.139.200 - - [30/Nov/2021:09:25:30 +0800] "GET /xingrg/all/function/internal_message.html?_=1638235529718&CODE_STATE=getMsg HTTP/1.1" 200 27
180.174.250.202 - - [30/Nov/2021:09:25:32 +0800] "GET /xingrg/kc/base/wldb_order_operate.html?command=get_materiel&rest_code=00102&base_code=0010479&code=00101036002 HTTP/1.1" 200 440
116.228.172.94 - - [30/Nov/2021:09:25:32 +0800] "GET /xingrg/all/function/internal_message.html?_=1638235405788&CODE_STATE=getMsg HTTP/1.1" 200 27
116.238.248.233 - - [30/Nov/2021:09:25:33 +0800] "GET /xingrg/all/function/internal_message.html?_=1638235532684&CODE_STATE=getMsg HTTP/1.1" 200 27
114.83.223.93 - - [30/Nov/2021:09:25:34 +0800] "GET /xingrg/all/function/internal_message.html?_=1638235532392&CODE_STATE=getMsg HTTP/1.1" 200 27
101.85.120.86 - - [30/Nov/2021:09:25:38 +0800] "GET /xingrg/all/function/internal_message.html?_=1638235536098&CODE_STATE=getMsg HTTP/1.1" 200 27
58.40.7.146 - - [30/Nov/2021:09:25:38 +0800] "GET /xingrg/all/function/internal_message.html?_=1638235537980&CODE_STATE=getMsg HTTP/1.1" 200 27
172.20.0.100 - - [30/Nov/2021:09:25:40 +0800] "GET /xingrg/all/function/internal_message.html?_=1638235539129&CODE_STATE=getMsg HTTP/1.1" 200 27
172.20.0.100 - - [30/Nov/2021:09:25:40 +0800] "GET /xingrg/check_reg.html?_=1638235539131 HTTP/1.1" 200 22
120.253.135.82 - - [30/Nov/2021:09:25:41 +0800] "GET /xingrg/check_reg.html?_=1638235115518 HTTP/1.1" 302 -
101.85.120.86 - - [30/Nov/2021:09:25:42 +0800] "GET /xingrg/kc/buy/cgsh_order_operate.html?command=get_materiel&rest_code=00142&code=00101011005&supplier_code=00100311&order_time=2021-11-30 HTTP/1.1" 200 428
180.174.250.202 - - [30/Nov/2021:09:25:45 +0800] "GET /xingrg/all/function/internal_message.html?_=1638235541697&CODE_STATE=getMsg HTTP/1.1" 200 27
116.227.210.113 - - [30/Nov/2021:09:25:47 +0800] "GET /xingrg/all/function/internal_message.html?_=1638235545275&CODE_STATE=getMsg HTTP/1.1" 200 27
180.157.253.6 - - [30/Nov/2021:09:25:48 +0800] "GET /xingrg/all/function/internal_message.html?_=1638235547153&CODE_STATE=getMsg HTTP/1.1" 200 27
222.69.132.164 - - [30/Nov/2021:09:25:49 +0800] "GET /xingrg/all/function/internal_message.html?_=1638235557339&CODE_STATE=getMsg HTTP/1.1" 200 27
222.70.171.86 - - [30/Nov/2021:09:25:51 +0800] "GET /xingrg/check_reg.html?_=1638235556369 HTTP/1.1" 200 22
180.174.250.202 - - [30/Nov/2021:09:25:59 +0800] "GET /xingrg/kc/base/wldb_order_operate.html?command=get_materiel&rest_code=00102&base_code=0010480&code=00101025021 HTTP/1.1" 200 475
222.70.171.86 - - [30/Nov/2021:09:26:01 +0800] "GET /xingrg/all/function/internal_message.html?_=1638235565854&CODE_STATE=getMsg HTTP/1.1" 200 27
180.174.250.202 - - [30/Nov/2021:09:26:03 +0800] "GET /xingrg/kc/base/wldb_order_operate.html?command=get_materiel&rest_code=00102&base_code=0010480&code=00101025020 HTTP/1.1" 200 475
114.85.125.222 - - [30/Nov/2021:09:26:04 +0800] "GET /xingrg/all/function/internal_message.html?_=1638235531463&CODE_STATE=getMsg HTTP/1.1" 200 27
180.174.250.202 - - [30/Nov/2021:09:26:07 +0800] "GET /xingrg/kc/base/wldb_order_operate.html?command=get_materiel&rest_code=00102&base_code=0010480&code=00101025041 HTTP/1.1" 200 455
180.174.250.202 - - [30/Nov/2021:09:26:12 +0800] "GET /xingrg/kc/base/wldb_order_operate.html?command=get_materiel&rest_code=00102&base_code=0010480&code=00101025014 HTTP/1.1" 200 463
120.253.135.82 - - [30/Nov/2021:09:26:12 +0800] "GET /xingrg/all/function/internal_message.html?_=1638235146462&CODE_STATE=getMsg HTTP/1.1" 302 -
58.221.95.50 - - [30/Nov/2021:09:26:21 +0800] "GET /xingrg/all/function/internal_message.html?_=1638235581916&CODE_STATE=getMsg HTTP/1.1" 302 -
120.253.135.82 - - [30/Nov/2021:09:26:21 +0800] "GET /xingrg/all/function/internal_message.html?_=1638235357182&CODE_STATE=getMsg HTTP/1.1" 200 27
222.70.176.97 - - [30/Nov/2021:09:26:21 +0800] "GET /xingrg/all/function/internal_message.html?_=1638235580038&CODE_STATE=getMsg HTTP/1.1" 200 27
101.85.120.86 - - [30/Nov/2021:09:26:22 +0800] "POST /xingrg/kc/buy/cgsh_order_operate.html HTTP/1.1" 200 37
101.85.120.86 - - [30/Nov/2021:09:26:25 +0800] "POST /xingrg/kc/buy/cgsh_order_operate.html HTTP/1.1" 200 12
101.85.120.86 - - [30/Nov/2021:09:26:26 +0800] "GET /xingrg/kc/buy/cgsh_order_info.html?code=212021113012913 HTTP/1.1" 200 59078
101.85.120.86 - - [30/Nov/2021:09:26:26 +0800] "GET /xingrg/javascript/easyui/themes/default/validatebox.css HTTP/1.1" 404 1104
101.85.120.86 - - [30/Nov/2021:09:26:27 +0800] "POST /xingrg/kc/buy/cgsh_order_operate.html HTTP/1.1" 200 1202
101.85.120.86 - - [30/Nov/2021:09:26:28 +0800] "GET /xingrg/kc/print/load_config.html?kc_code=cgsh HTTP/1.1" 200 2281
222.70.171.86 - - [30/Nov/2021:09:26:28 +0800] "GET /xingrg/all/function/internal_message.html?_=1638235592075&CODE_STATE=getMsg HTTP/1.1" 302 -
101.85.120.86 - - [30/Nov/2021:09:26:28 +0800] "GET /xingrg/kc/print/load_data.html?order_code=212021113012913&kc_code=cgsh&condition= HTTP/1.1" 200 938
114.86.224.129 - - [30/Nov/2021:09:26:28 +0800] "GET /xingrg/all/function/internal_message.html?_=1638235587766&CODE_STATE=getMsg HTTP/1.1" 200 27
58.39.139.200 - - [30/Nov/2021:09:26:30 +0800] "GET /xingrg/all/function/internal_message.html?_=1638235589718&CODE_STATE=getMsg HTTP/1.1" 200 27
116.228.172.94 - - [30/Nov/2021:09:26:32 +0800] "GET /xingrg/all/function/internal_message.html?_=1638235465800&CODE_STATE=getMsg HTTP/1.1" 200 27
116.228.172.94 - - [30/Nov/2021:09:26:32 +0800] "GET /xingrg/check_reg.html?_=1638235465804 HTTP/1.1" 200 22
101.85.120.86 - - [30/Nov/2021:09:26:33 +0800] "GET /xingrg/kc/buy/cgsh_order_add.html HTTP/1.1" 200 64165
101.85.120.86 - - [30/Nov/2021:09:26:33 +0800] "POST /xingrg/kc/buy/cgsh_order_operate.html HTTP/1.1" 200 8245
101.85.120.86 - - [30/Nov/2021:09:26:33 +0800] "GET /xingrg/javascript/easyui/themes/default/validatebox.css HTTP/1.1" 404 1104
116.238.248.233 - - [30/Nov/2021:09:26:33 +0800] "GET /xingrg/all/function/internal_message.html?_=1638235592682&CODE_STATE=getMsg HTTP/1.1" 200 27
114.83.223.93 - - [30/Nov/2021:09:26:34 +0800] "GET /xingrg/all/function/internal_message.html?_=1638235592367&CODE_STATE=getMsg HTTP/1.1" 200 27
101.85.120.86 - - [30/Nov/2021:09:26:38 +0800] "GET /xingrg/all/function/internal_message.html?_=1638235596101&CODE_STATE=getMsg HTTP/1.1" 200 27
58.40.7.146 - - [30/Nov/2021:09:26:38 +0800] "GET /xingrg/all/function/internal_message.html?_=1638235597982&CODE_STATE=getMsg HTTP/1.1" 200 27
172.20.0.100 - - [30/Nov/2021:09:26:40 +0800] "GET /xingrg/all/function/internal_message.html?_=1638235599118&CODE_STATE=getMsg HTTP/1.1" 200 27
180.174.250.202 - - [30/Nov/2021:09:26:46 +0800] "GET /xingrg/all/function/internal_message.html?_=1638235602260&CODE_STATE=getMsg HTTP/1.1" 200 27
116.227.210.113 - - [30/Nov/2021:09:26:47 +0800] "GET /xingrg/all/function/internal_message.html?_=1638235605276&CODE_STATE=getMsg HTTP/1.1" 200 27
180.157.253.6 - - [30/Nov/2021:09:26:48 +0800] "GET /xingrg/check_reg.html?_=1638235607159 HTTP/1.1" 200 22
180.157.253.6 - - [30/Nov/2021:09:26:48 +0800] "GET /xingrg/all/function/internal_message.html?_=1638235607153&CODE_STATE=getMsg HTTP/1.1" 200 27
222.69.132.164 - - [30/Nov/2021:09:26:49 +0800] "GET /xingrg/all/function/internal_message.html?_=1638235617331&CODE_STATE=getMsg HTTP/1.1" 200 27
101.85.120.86 - - [30/Nov/2021:09:26:52 +0800] "GET /xingrg/kc/buy/cgsh_order_operate.html?command=get_materiel&rest_code=00142&code=00101008108&supplier_code=00100161&order_time=2021-11-30 HTTP/1.1" 200 412
222.70.171.86 - - [30/Nov/2021:09:27:01 +0800] "GET /xingrg/all/function/internal_message.html?_=1638235625867&CODE_STATE=getMsg HTTP/1.1" 200 27
101.85.120.86 - - [30/Nov/2021:09:27:03 +0800] "GET /xingrg/kc/buy/cgsh_order_operate.html?command=get_materiel&rest_code=00142&code=00101008005&supplier_code=00100161&order_time=2021-11-30 HTTP/1.1" 200 412
114.85.125.222 - - [30/Nov/2021:09:27:03 +0800] "GET /xingrg/check_reg.html?_=1638235591107 HTTP/1.1" 200 22
114.83.223.93 - - [30/Nov/2021:09:27:04 +0800] "POST /xingrg/kc/base/wldb_list_operate.html HTTP/1.1" 200 2171
114.85.125.222 - - [30/Nov/2021:09:27:04 +0800] "GET /xingrg/all/function/internal_message.html?_=1638235591475&CODE_STATE=getMsg HTTP/1.1" 200 27
180.174.250.202 - - [30/Nov/2021:09:27:09 +0800] "GET /xingrg/kc/mdqp/qqps_order_list.html HTTP/1.1" 200 9222
180.174.250.202 - - [30/Nov/2021:09:27:10 +0800] "GET /xingrg/css/blue.css HTTP/1.1" 200 15949
180.174.250.202 - - [30/Nov/2021:09:27:10 +0800] "GET /xingrg/javascript/ToolTips.js HTTP/1.1" 200 5615
180.174.250.202 - - [30/Nov/2021:09:27:10 +0800] "GET /xingrg/javascript/jquery_easy_ui/themes/icon.css HTTP/1.1" 200 3949
180.174.250.202 - - [30/Nov/2021:09:27:10 +0800] "GET /xingrg/dwr/interface/AjaxReportQueryService.js HTTP/1.1" 200 13203
180.174.250.202 - - [30/Nov/2021:09:27:10 +0800] "GET /xingrg/dwr/interface/AjaxQqpsService.js HTTP/1.1" 200 16326
180.174.250.202 - - [30/Nov/2021:09:27:10 +0800] "GET /xingrg/javascript/myfunction.js HTTP/1.1" 200 24559
180.174.250.202 - - [30/Nov/2021:09:27:10 +0800] "GET /xingrg/dwr/util.js HTTP/1.1" 200 35990
180.174.250.202 - - [30/Nov/2021:09:27:10 +0800] "GET /xingrg/javascript/jquery_easy_ui/themes/default/easyui.css HTTP/1.1" 200 26500
180.174.250.202 - - [30/Nov/2021:09:27:10 +0800] "GET /xingrg/javascript/Calendar.js HTTP/1.1" 200 31561
180.174.250.202 - - [30/Nov/2021:09:27:10 +0800] "GET /xingrg/dwr/engine.js HTTP/1.1" 200 43631
180.174.250.202 - - [30/Nov/2021:09:27:10 +0800] "GET /xingrg/javascript/jquery_easy_ui/themes/icons/edit_add_new.png HTTP/1.1" 200 2997
180.174.250.202 - - [30/Nov/2021:09:27:10 +0800] "GET /xingrg/javascript/jquery_easy_ui/themes/icons/check_new.png HTTP/1.1" 200 3224
180.174.250.202 - - [30/Nov/2021:09:27:10 +0800] "GET /xingrg/javascript/jquery_easy_ui/themes/icons/uncheck_new.png HTTP/1.1" 200 3197
180.174.250.202 - - [30/Nov/2021:09:27:10 +0800] "GET /xingrg/javascript/jquery_easy_ui/themes/icons/cance_new.png HTTP/1.1" 200 3986
101.85.120.86 - - [30/Nov/2021:09:27:11 +0800] "GET /xingrg/kc/buy/cgsh_order_operate.html?command=get_materiel&rest_code=00142&code=00101008155&supplier_code=00100161&order_time=2021-11-30 HTTP/1.1" 200 408
120.253.135.82 - - [30/Nov/2021:09:27:12 +0800] "GET /xingrg/all/function/internal_message.html?_=1638235206435&CODE_STATE=getMsg HTTP/1.1" 302 -
114.83.223.93 - - [30/Nov/2021:09:27:12 +0800] "POST /xingrg/kc/base/wldb_list_operate.html HTTP/1.1" 200 4
116.238.248.233 - - [30/Nov/2021:09:27:16 +0800] "GET /xingrg/kc/mdqp/qqps_order_list.html HTTP/1.1" 200 9222
116.238.248.233 - - [30/Nov/2021:09:27:16 +0800] "GET /xingrg/dwr/interface/AjaxQqpsService.js HTTP/1.1" 200 16326
116.238.248.233 - - [30/Nov/2021:09:27:16 +0800] "GET /xingrg/dwr/interface/AjaxReportQueryService.js HTTP/1.1" 200 13203
116.238.248.233 - - [30/Nov/2021:09:27:16 +0800] "GET /xingrg/dwr/engine.js HTTP/1.1" 200 43631
114.83.223.93 - - [30/Nov/2021:09:27:16 +0800] "POST /xingrg/kc/base/wldb_list_operate.html HTTP/1.1" 200 928
180.174.250.202 - - [30/Nov/2021:09:27:16 +0800] "GET /xingrg/kc/mdqp/qqps_order_list.html?isQuery=1&timeSelect=1&orderTime=day&startTime=2021-11-29&endTime=2021-11-29&state=all&query=%C8%B7++%B6%A8 HTTP/1.1" 200 11798
180.174.250.202 - - [30/Nov/2021:09:27:17 +0800] "GET /xingrg/dwr/interface/AjaxReportQueryService.js HTTP/1.1" 200 13203
180.174.250.202 - - [30/Nov/2021:09:27:17 +0800] "GET /xingrg/dwr/interface/AjaxQqpsService.js HTTP/1.1" 200 16326
180.174.250.202 - - [30/Nov/2021:09:27:17 +0800] "GET /xingrg/dwr/engine.js HTTP/1.1" 200 43631
101.85.120.86 - - [30/Nov/2021:09:27:20 +0800] "GET /xingrg/kc/buy/cgsh_order_operate.html?command=get_materiel&rest_code=00142&code=00101008355&supplier_code=00100161&order_time=2021-11-30 HTTP/1.1" 200 408
58.221.95.50 - - [30/Nov/2021:09:27:21 +0800] "GET /xingrg/all/function/internal_message.html?_=1638235641921&CODE_STATE=getMsg HTTP/1.1" 302 -
180.174.250.202 - - [30/Nov/2021:09:27:21 +0800] "GET /xingrg/kc/mdqp/qqps_order_info.html?code=302021112900615 HTTP/1.1" 200 26548
180.174.250.202 - - [30/Nov/2021:09:27:21 +0800] "GET /xingrg/javascript/jquery_easy_ui/easyui-lang-zh_CN.js HTTP/1.1" 200 1900
180.174.250.202 - - [30/Nov/2021:09:27:21 +0800] "GET /xingrg/javascript/jquery-1.4.2.min.js HTTP/1.1" 200 72205
180.174.250.202 - - [30/Nov/2021:09:27:21 +0800] "GET /xingrg/javascript/jquery_easy_ui/jquery.easyui.min.js HTTP/1.1" 200 213662
222.70.176.97 - - [30/Nov/2021:09:27:21 +0800] "GET /xingrg/all/function/internal_message.html?_=1638235640036&CODE_STATE=getMsg HTTP/1.1" 200 27
180.174.250.202 - - [30/Nov/2021:09:27:21 +0800] "GET /xingrg/javascript/tools/jquery.qtip-1.0.0-rc3.min.js HTTP/1.1" 200 38404
180.174.250.202 - - [30/Nov/2021:09:27:21 +0800] "GET /xingrg/dwr/interface/AjaxComOrderService.js HTTP/1.1" 200 18264
180.174.250.202 - - [30/Nov/2021:09:27:21 +0800] "GET /xingrg/javascript/AjaxInfoList.js HTTP/1.1" 200 3774
180.174.250.202 - - [30/Nov/2021:09:27:21 +0800] "GET /xingrg/javascript/Grid.js HTTP/1.1" 200 58908
120.253.135.82 - - [30/Nov/2021:09:27:21 +0800] "GET /xingrg/all/function/internal_message.html?_=1638235417466&CODE_STATE=getMsg HTTP/1.1" 200 27
180.174.250.202 - - [30/Nov/2021:09:27:21 +0800] "GET /xingrg/dwr/interface/AjaxQqpsService.js HTTP/1.1" 200 16326
58.221.95.50 - - [30/Nov/2021:09:27:22 +0800] "GET /xingrg/check_reg.html?_=1638235642847 HTTP/1.1" 302 -
180.174.250.202 - - [30/Nov/2021:09:27:22 +0800] "GET /xingrg/dwr/engine.js HTTP/1.1" 200 43631
116.238.248.233 - - [30/Nov/2021:09:27:22 +0800] "GET /xingrg/kc/mdqp/qqps_order_list.html?isQuery=1&timeSelect=1&orderTime=day&startTime=2021-11-29&endTime=2021-11-30&state=all&query=%C8%B7++%B6%A8 HTTP/1.1" 200 11026
116.238.248.233 - - [30/Nov/2021:09:27:22 +0800] "GET /xingrg/dwr/interface/AjaxReportQueryService.js HTTP/1.1" 200 13203
116.238.248.233 - - [30/Nov/2021:09:27:22 +0800] "GET /xingrg/dwr/interface/AjaxQqpsService.js HTTP/1.1" 200 16326
116.238.248.233 - - [30/Nov/2021:09:27:22 +0800] "GET /xingrg/dwr/engine.js HTTP/1.1" 200 43631
180.174.250.202 - - [30/Nov/2021:09:27:24 +0800] "GET /xingrg/javascript/jquery_easy_ui/themes/icons/template_new.png HTTP/1.1" 200 3956
180.174.250.202 - - [30/Nov/2021:09:27:24 +0800] "GET /xingrg/javascript/jquery_easy_ui/themes/icons/copy_new.png HTTP/1.1" 200 815
180.174.250.202 - - [30/Nov/2021:09:27:24 +0800] "GET /xingrg/javascript/jquery_easy_ui/themes/default/images/menu_downarrow.png HTTP/1.1" 200 173
180.174.250.202 - - [30/Nov/2021:09:27:24 +0800] "GET /xingrg/javascript/jquery_easy_ui/themes/icons/print.png HTTP/1.1" 200 1057
180.174.250.202 - - [30/Nov/2021:09:27:24 +0800] "GET /xingrg/javascript/jquery_easy_ui/themes/icons/back_new.png HTTP/1.1" 200 3414
180.174.250.202 - - [30/Nov/2021:09:27:25 +0800] "GET /xingrg/javascript/jquery_easy_ui/themes/default/images/combo_arrow_dot.gif HTTP/1.1" 200 79
116.238.248.233 - - [30/Nov/2021:09:27:25 +0800] "GET /xingrg/kc/base/yddb_order_list.html HTTP/1.1" 200 16836
116.238.248.233 - - [30/Nov/2021:09:27:25 +0800] "POST /xingrg/kc/base/yddb_list_operate.html HTTP/1.1" 200 636
180.174.250.202 - - [30/Nov/2021:09:27:26 +0800] "GET /xingrg/images/blue/kc_tab_left.gif HTTP/1.1" 200 188
180.174.250.202 - - [30/Nov/2021:09:27:26 +0800] "GET /xingrg/images/blue/kc_tab_right.gif HTTP/1.1" 200 643
180.174.250.202 - - [30/Nov/2021:09:27:26 +0800] "GET /xingrg/images/blue/kc_tab_mid.gif HTTP/1.1" 200 44
180.174.250.202 - - [30/Nov/2021:09:27:26 +0800] "GET /xingrg/images/blue/wait.gif HTTP/1.1" 200 1100
180.174.250.202 - - [30/Nov/2021:09:27:26 +0800] "POST /xingrg/dwr/call/plaincall/AjaxQqpsService.loadMaterielItems.dwr HTTP/1.1" 200 4220
116.238.248.233 - - [30/Nov/2021:09:27:27 +0800] "GET /xingrg/kc/base/yddb_order_add.html HTTP/1.1" 200 29837
116.238.248.233 - - [30/Nov/2021:09:27:27 +0800] "GET /xingrg/dwr/interface/AjaxComOrderService.js HTTP/1.1" 200 18264
116.238.248.233 - - [30/Nov/2021:09:27:27 +0800] "GET /xingrg/dwr/interface/AjaxYddbService.js HTTP/1.1" 200 13201
116.238.248.233 - - [30/Nov/2021:09:27:27 +0800] "GET /xingrg/dwr/engine.js HTTP/1.1" 200 43631
101.85.120.86 - - [30/Nov/2021:09:27:28 +0800] "GET /xingrg/kc/buy/cgsh_order_operate.html?command=get_materiel&rest_code=00142&code=00101008024&supplier_code=00100161&order_time=2021-11-30 HTTP/1.1" 200 408
222.70.171.86 - - [30/Nov/2021:09:27:28 +0800] "GET /xingrg/all/function/internal_message.html?_=1638235652100&CODE_STATE=getMsg HTTP/1.1" 302 -
