222.70.171.86 - - [29/Nov/2021:11:02:12 +0800] "GET /xingrg/check_reg.html?_=1638154933354 HTTP/1.1" 302 -
58.37.231.44 - - [29/Nov/2021:11:02:14 +0800] "GET /xingrg/all/function/internal_message.html?_=1638154765902&CODE_STATE=getMsg HTTP/1.1" 200 27
180.162.112.229 - - [29/Nov/2021:11:02:18 +0800] "GET /xingrg/all/function/internal_message.html?_=1638154403275&CODE_STATE=getMsg HTTP/1.1" 200 27
222.70.171.86 - - [29/Nov/2021:11:02:20 +0800] "GET /xingrg/check_reg.html?_=1638154941511 HTTP/1.1" 200 22
116.228.172.94 - - [29/Nov/2021:11:02:20 +0800] "GET /xingrg/kc/buy/cgsh_order_operate.html?command=get_materiel&rest_code=00153&code=00101008387&supplier_code=00100199&order_time=2021-11-28 HTTP/1.1" 200 412
114.86.229.41 - - [29/Nov/2021:11:02:20 +0800] "GET /xingrg/all/function/internal_message.html?_=1638154942547&CODE_STATE=getMsg HTTP/1.1" 200 27
114.86.229.41 - - [29/Nov/2021:11:02:20 +0800] "GET /xingrg/check_reg.html?_=1638154942548 HTTP/1.1" 200 22
222.70.171.86 - - [29/Nov/2021:11:02:20 +0800] "GET /xingrg/all/function/internal_message.html?_=1638154942039&CODE_STATE=getMsg HTTP/1.1" 302 -
180.169.147.146 - - [29/Nov/2021:11:02:21 +0800] "GET /xingrg/all/function/internal_message.html?_=1638154941819&CODE_STATE=getMsg HTTP/1.1" 200 27
180.174.250.202 - - [29/Nov/2021:11:02:22 +0800] "POST /xingrg/kc/base/wldb_order_operate.html HTTP/1.1" 200 37
58.39.139.200 - - [29/Nov/2021:11:02:24 +0800] "GET /xingrg/all/function/internal_message.html?_=1638154880752&CODE_STATE=getMsg HTTP/1.1" 200 27
180.162.112.229 - - [29/Nov/2021:11:02:24 +0800] "POST /xingrg/kc/base/wldb_order_operate.html HTTP/1.1" 200 37
180.174.250.202 - - [29/Nov/2021:11:02:25 +0800] "POST /xingrg/kc/base/wldb_order_operate.html HTTP/1.1" 200 12
180.174.250.202 - - [29/Nov/2021:11:02:25 +0800] "POST /xingrg/kc/base/wldb_order_operate.html HTTP/1.1" 200 4210
180.174.250.202 - - [29/Nov/2021:11:02:26 +0800] "GET /xingrg/kc/base/wldb_order_info.html?code=422021112903190 HTTP/1.1" 200 26310
180.162.112.229 - - [29/Nov/2021:11:02:27 +0800] "POST /xingrg/kc/base/wldb_order_operate.html HTTP/1.1" 200 12
116.227.210.113 - - [29/Nov/2021:11:02:27 +0800] "POST /xingrg/all/report/load_report_page.html HTTP/1.1" 200 491822
180.162.112.229 - - [29/Nov/2021:11:02:27 +0800] "POST /xingrg/kc/base/wldb_order_operate.html HTTP/1.1" 200 11647
116.227.210.113 - - [29/Nov/2021:11:02:27 +0800] "GET /xingrg/servlets/image?cache=0.5154434896453624&image=px HTTP/1.1" 200 807
124.78.153.86 - - [29/Nov/2021:11:02:28 +0800] "GET /xingrg/all/function/internal_message.html?_=1638154944036&CODE_STATE=getMsg HTTP/1.1" 200 27
180.162.112.229 - - [29/Nov/2021:11:02:28 +0800] "GET /xingrg/kc/base/wldb_order_info.html?code=422021112903188 HTTP/1.1" 200 26329
180.174.250.202 - - [29/Nov/2021:11:02:29 +0800] "POST /xingrg/kc/base/wldb_order_operate.html HTTP/1.1" 200 2462
180.162.112.229 - - [29/Nov/2021:11:02:29 +0800] "GET /xingrg/javascript/easyui/themes/default/validatebox.css HTTP/1.1" 404 1104
180.162.112.229 - - [29/Nov/2021:11:02:29 +0800] "POST /xingrg/kc/base/wldb_order_operate.html HTTP/1.1" 200 9733
180.174.250.202 - - [29/Nov/2021:11:02:30 +0800] "GET /xingrg/javascript/easyui/themes/default/validatebox.css HTTP/1.1" 404 1104
180.174.250.202 - - [29/Nov/2021:11:02:32 +0800] "GET /xingrg/kc/base/wldb_order_add.html HTTP/1.1" 200 30434
124.78.153.86 - - [29/Nov/2021:11:02:34 +0800] "GET /xingrg/all/function/internal_message.html?_=1638154954632&CODE_STATE=getMsg HTTP/1.1" 200 27
180.174.250.202 - - [29/Nov/2021:11:02:34 +0800] "POST /xingrg/kc/base/wldb_order_operate.html HTTP/1.1" 200 6806
222.70.171.86 - - [29/Nov/2021:11:02:35 +0800] "GET /xingrg/all/function/internal_message.html?_=1638154956455&CODE_STATE=getMsg HTTP/1.1" 200 27
180.174.250.202 - - [29/Nov/2021:11:02:36 +0800] "GET /xingrg/javascript/easyui/themes/default/validatebox.css HTTP/1.1" 404 1104
180.174.250.202 - - [29/Nov/2021:11:02:36 +0800] "POST /xingrg/all/common/load_combo.html?type=base HTTP/1.1" 200 3145
222.70.176.97 - - [29/Nov/2021:11:02:36 +0800] "GET /xingrg/all/function/internal_message.html?_=1638154953439&CODE_STATE=getMsg HTTP/1.1" 200 27
116.228.172.94 - - [29/Nov/2021:11:02:38 +0800] "GET /xingrg/check_reg.html?_=1638154835000 HTTP/1.1" 200 22
116.228.172.94 - - [29/Nov/2021:11:02:38 +0800] "GET /xingrg/all/function/internal_message.html?_=1638154835028&CODE_STATE=getMsg HTTP/1.1" 200 27
172.20.0.100 - - [29/Nov/2021:11:02:38 +0800] "GET /xingrg/all/function/internal_message.html?_=1638154957995&CODE_STATE=getMsg HTTP/1.1" 200 27
180.174.250.202 - - [29/Nov/2021:11:02:39 +0800] "POST /xingrg/all/common/load_combo.html?type=base HTTP/1.1" 200 3145
180.174.250.202 - - [29/Nov/2021:11:02:39 +0800] "GET /xingrg/all/function/internal_message.html?_=1638154957230&CODE_STATE=getMsg HTTP/1.1" 200 27
58.39.139.200 - - [29/Nov/2021:11:02:40 +0800] "GET /xingrg/all/function/internal_message.html?_=1638154961900&CODE_STATE=getMsg HTTP/1.1" 200 27
58.39.139.200 - - [29/Nov/2021:11:02:41 +0800] "GET /xingrg/check_reg.html?_=1638154962698 HTTP/1.1" 200 22
101.85.120.86 - - [29/Nov/2021:11:02:42 +0800] "GET /xingrg/all/function/internal_message.html?_=1638154962272&CODE_STATE=getMsg HTTP/1.1" 200 27
116.238.248.233 - - [29/Nov/2021:11:02:44 +0800] "GET /xingrg/all/function/internal_message.html?_=1638154963688&CODE_STATE=getMsg HTTP/1.1" 200 27
180.174.250.202 - - [29/Nov/2021:11:02:44 +0800] "GET /xingrg/kc/base/wldb_order_operate.html?command=get_materiel&rest_code=00102&base_code=0010476&code=00101019391 HTTP/1.1" 200 471
222.70.176.97 - - [29/Nov/2021:11:02:49 +0800] "GET /xingrg/javascript/jquery_easy_ui/themes/default/images/tabs_active.png HTTP/1.1" 200 2894
116.228.172.94 - - [29/Nov/2021:11:02:50 +0800] "GET /xingrg/kc/buy/cgsh_order_operate.html?command=get_materiel&rest_code=00153&code=00101008357&supplier_code=00100199&order_time=2021-11-28 HTTP/1.1" 200 408
124.78.153.86 - - [29/Nov/2021:11:02:51 +0800] "GET /xingrg/kc/buy/cgsh_order_operate.html?command=get_materiel&rest_code=00106&code=00101006240&supplier_code=00100015&order_time=2021-11-29 HTTP/1.1" 200 408
180.174.250.202 - - [29/Nov/2021:11:02:54 +0800] "GET /xingrg/kc/base/wldb_order_operate.html?command=get_materiel&rest_code=00102&base_code=0010476&code=00101016044 HTTP/1.1" 200 464
116.227.210.113 - - [29/Nov/2021:11:02:58 +0800] "POST /xingrg/all/report/load_report_page.html HTTP/1.1" 200 272794
116.227.210.113 - - [29/Nov/2021:11:02:59 +0800] "GET /xingrg/servlets/image?cache=0.8867120626049181&image=px HTTP/1.1" 200 807
180.169.147.146 - - [29/Nov/2021:11:03:00 +0800] "GET /xingrg/all/function/internal_message.html?_=1638154980116&CODE_STATE=getMsg HTTP/1.1" 200 27
180.169.147.146 - - [29/Nov/2021:11:03:00 +0800] "GET /xingrg/all/function/internal_message.html?_=1638154980441&CODE_STATE=getMsg HTTP/1.1" 200 27
114.85.125.222 - - [29/Nov/2021:11:03:01 +0800] "GET /xingrg/all/function/internal_message.html?_=1638154949957&CODE_STATE=getMsg HTTP/1.1" 200 27
116.228.172.94 - - [29/Nov/2021:11:03:01 +0800] "GET /xingrg/kc/buy/cgsh_order_operate.html?command=get_materiel&rest_code=00153&code=00101008276&supplier_code=00100199&order_time=2021-11-28 HTTP/1.1" 200 431
114.83.222.132 - - [29/Nov/2021:11:03:03 +0800] "GET /xingrg/all/function/internal_message.html?_=1638154983864&CODE_STATE=getMsg HTTP/1.1" 200 27
116.227.210.113 - - [29/Nov/2021:11:03:06 +0800] "GET /xingrg/all/function/internal_message.html?_=1638154984158&CODE_STATE=getMsg HTTP/1.1" 200 27
116.227.210.113 - - [29/Nov/2021:11:03:06 +0800] "GET /xingrg/check_reg.html?_=1638154984231 HTTP/1.1" 200 22
124.78.153.86 - - [29/Nov/2021:11:03:07 +0800] "GET /xingrg/kc/buy/cgsh_order_operate.html?command=get_materiel&rest_code=00106&code=00101006111&supplier_code=00100015&order_time=2021-11-29 HTTP/1.1" 200 409
222.70.176.97 - - [29/Nov/2021:11:03:09 +0800] "GET /xingrg/all/function/internal_message.html?_=1638154988488&CODE_STATE=getMsg HTTP/1.1" 200 27
116.228.172.94 - - [29/Nov/2021:11:03:10 +0800] "GET /xingrg/kc/buy/cgsh_order_operate.html?command=get_materiel&rest_code=00153&code=00101016053&supplier_code=00100199&order_time=2021-11-28 HTTP/1.1" 200 408
114.83.222.132 - - [29/Nov/2021:11:03:13 +0800] "GET /xingrg/kc/buy/cgsh_order_add.html HTTP/1.1" 200 64969
114.83.222.132 - - [29/Nov/2021:11:03:13 +0800] "GET /xingrg/words/20211129091037_words.js HTTP/1.1" 200 875791
124.78.153.86 - - [29/Nov/2021:11:03:13 +0800] "GET /xingrg/kc/buy/cgsh_order_operate.html?command=get_materiel&rest_code=00106&code=00101006112&supplier_code=00100015&order_time=2021-11-29 HTTP/1.1" 200 409
114.83.222.132 - - [29/Nov/2021:11:03:13 +0800] "GET /xingrg/javascript/easyui/themes/default/validatebox.css HTTP/1.1" 404 1104
114.83.222.132 - - [29/Nov/2021:11:03:13 +0800] "POST /xingrg/kc/buy/cgsh_order_operate.html HTTP/1.1" 200 8245
58.37.231.44 - - [29/Nov/2021:11:03:14 +0800] "GET /xingrg/all/function/internal_message.html?_=1638154825871&CODE_STATE=getMsg HTTP/1.1" 200 27
180.162.112.229 - - [29/Nov/2021:11:03:18 +0800] "GET /xingrg/all/function/internal_message.html?_=1638154463270&CODE_STATE=getMsg HTTP/1.1" 200 27
114.86.229.41 - - [29/Nov/2021:11:03:20 +0800] "GET /xingrg/all/function/internal_message.html?_=1638155002550&CODE_STATE=getMsg HTTP/1.1" 200 27
222.70.171.86 - - [29/Nov/2021:11:03:20 +0800] "GET /xingrg/all/function/internal_message.html?_=1638155002085&CODE_STATE=getMsg HTTP/1.1" 302 -
180.169.147.146 - - [29/Nov/2021:11:03:21 +0800] "GET /xingrg/all/function/internal_message.html?_=1638155001807&CODE_STATE=getMsg HTTP/1.1" 200 27
116.228.172.94 - - [29/Nov/2021:11:03:22 +0800] "GET /xingrg/kc/buy/cgsh_order_operate.html?command=get_materiel&rest_code=00153&code=00101006240&supplier_code=00100199&order_time=2021-11-28 HTTP/1.1" 200 408
180.174.250.202 - - [29/Nov/2021:11:03:24 +0800] "GET /xingrg/kc/base/wldb_order_operate.html?command=get_materiel&rest_code=00102&base_code=0010476&code=00101019195 HTTP/1.1" 200 460
58.39.139.200 - - [29/Nov/2021:11:03:24 +0800] "GET /xingrg/all/function/internal_message.html?_=1638154940754&CODE_STATE=getMsg HTTP/1.1" 200 27
183.193.153.245 - - [29/Nov/2021:11:03:24 +0800] "GET /xingrg/login.html HTTP/1.1" 200 7641
183.193.153.245 - - [29/Nov/2021:11:03:25 +0800] "GET /favicon.ico HTTP/1.1" 404 -
124.78.153.86 - - [29/Nov/2021:11:03:28 +0800] "GET /xingrg/all/function/internal_message.html?_=1638155004007&CODE_STATE=getMsg HTTP/1.1" 200 27
180.174.250.202 - - [29/Nov/2021:11:03:28 +0800] "GET /xingrg/kc/base/wldb_order_operate.html?command=get_materiel&rest_code=00102&base_code=0010476&code=00101019315 HTTP/1.1" 200 461
180.174.250.202 - - [29/Nov/2021:11:03:30 +0800] "GET /xingrg/check_reg.html?_=1638155007731 HTTP/1.1" 200 22
124.78.153.86 - - [29/Nov/2021:11:03:31 +0800] "GET /xingrg/kc/buy/cgsh_order_operate.html?command=get_materiel&rest_code=00106&code=00101006129&supplier_code=00100015&order_time=2021-11-29 HTTP/1.1" 200 433
116.227.210.113 - - [29/Nov/2021:11:03:31 +0800] "GET /xingrg/all/report/report_query.html?isQuery=1&fileName=kc/buy/wlcg_mx.xml&queryString=(CONVERT(char(10)%252Ca.order_time%252C%2520120)%253E%253D'2021-11-01')%2520and%2520(CONVERT(char(10)%252Ca.order_time%252C%2520120)%253C%253D'2021-11-30')%2520and%2520(a.supplier_code%2520in%2520('00100100'%252C'00100101'%252C'00100102'%252C'00100103'%252C'00100104'%252C'00100105'%252C'00100106'%252C'00100107'%252C'00100108'%252C'00100109'%252C'00100110'%252C'00100111'%252C'00100112'%252C'00100113'%252C'00100114'%252C'00100115'%252C'00100116'%252C'00100117'%252C'00100118'%252C'00100119'%252C'00100120'%252C'00100121'%252C'00100122'%252C'00100123'%252C'00100124'%252C'00100125'%252C'00100126'%252C'00100127'%252C'00100128'%252C'00100129'%252C'00100130'%252C'00100131'%252C'00100132'%252C'00100133'%252C'00100134'%252C'00100135'%252C'00100136'%252C'00100137'%252C'00100138'%252C'00100139'%252C'00100140'%252C'00100141'%252C'00100142'%252C'00100143'%252C'00100144'%252C'00100145'%252C'00100146'%252C'00100147'%252C'00100148'%252C'00100149'%252C'00100150'%252C'00100208'%252C'00100209'%252C'00100210'%252C'00100215'%252C'00100216'%252C'00100217'%252C'00100218'%252C'00100221'%252C'00100223'%252C'00100229'%252C'00100231'%252C'00100232'%252C'00100236'%252C'00100237'%252C'00100248'%252C'00100250'%252C'00100251'%252C'00100275'%252C'00100281'%252C'00100283'%252C'00100292'%252C'00100305'%252C'00100307'%252C'00100350'%252C'00100364'%252C'00100365'%252C'00100368'%252C'00100377'%252C'00100379'%252C'00100380'%252C'00100382'%252C'00100383'%252C'00100387'%252C'00100388'%252C'00100390'%252C'00100391'%252C'00100392'%252C'00100396'%252C'00100398'%252C'00100405'%252C'00100413'%252C'00100415'%252C'00100452'%252C'00100459'%252C'00100462'%252C'00100469'%252C'00100470'%252C'00100471'%252C'00100498'%252C'00100499'%252C'00100017'%252C'00100018'%252C'00100019'%252C'00100020'%252C'00100021'%252C'00100213'%252C'00100226'%252C'00100228'%252C'00100230'%252C'00100239'%252C'00100241'%252C'00100243'%252C'00100252'%252C'00100253'%252C'00100264'%252C'00100271'%252C'00100273'%252C' HTTP/1.1" 200 53222
116.227.210.113 - - [29/Nov/2021:11:03:31 +0800] "GET /xingrg/dwr/engine.js HTTP/1.1" 200 43631
116.227.210.113 - - [29/Nov/2021:11:03:32 +0800] "GET /favicon.ico HTTP/1.1" 404 -
116.227.210.113 - - [29/Nov/2021:11:03:32 +0800] "POST /xingrg/all/report/load_report_page.html HTTP/1.1" 200 163
180.174.250.202 - - [29/Nov/2021:11:03:33 +0800] "GET /xingrg/kc/base/wldb_order_operate.html?command=get_materiel&rest_code=00102&base_code=0010476&code=00101019079 HTTP/1.1" 200 465
124.78.153.86 - - [29/Nov/2021:11:03:34 +0800] "GET /xingrg/all/function/internal_message.html?_=1638155014617&CODE_STATE=getMsg HTTP/1.1" 200 27
222.70.171.86 - - [29/Nov/2021:11:03:35 +0800] "GET /xingrg/all/function/internal_message.html?_=1638155016469&CODE_STATE=getMsg HTTP/1.1" 200 27
222.70.176.97 - - [29/Nov/2021:11:03:36 +0800] "GET /xingrg/all/function/internal_message.html?_=1638155013452&CODE_STATE=getMsg HTTP/1.1" 200 27
116.228.172.94 - - [29/Nov/2021:11:03:38 +0800] "GET /xingrg/all/function/internal_message.html?_=1638154895010&CODE_STATE=getMsg HTTP/1.1" 200 27
172.20.0.100 - - [29/Nov/2021:11:03:38 +0800] "GET /xingrg/all/function/internal_message.html?_=1638155018001&CODE_STATE=getMsg HTTP/1.1" 200 27
180.174.250.202 - - [29/Nov/2021:11:03:39 +0800] "GET /xingrg/all/function/internal_message.html?_=1638155017476&CODE_STATE=getMsg HTTP/1.1" 200 27
58.39.139.200 - - [29/Nov/2021:11:03:40 +0800] "GET /xingrg/all/function/internal_message.html?_=1638155021870&CODE_STATE=getMsg HTTP/1.1" 200 27
180.174.250.202 - - [29/Nov/2021:11:03:42 +0800] "GET /xingrg/kc/base/wldb_order_operate.html?command=get_materiel&rest_code=00102&base_code=0010476&code=00101019134 HTTP/1.1" 200 464
101.85.120.86 - - [29/Nov/2021:11:03:42 +0800] "GET /xingrg/check_reg.html?_=1638155022272 HTTP/1.1" 200 22
101.85.120.86 - - [29/Nov/2021:11:03:42 +0800] "GET /xingrg/all/function/internal_message.html?_=1638155022275&CODE_STATE=getMsg HTTP/1.1" 200 27
116.238.248.233 - - [29/Nov/2021:11:03:44 +0800] "GET /xingrg/all/function/internal_message.html?_=1638155023690&CODE_STATE=getMsg HTTP/1.1" 200 27
116.228.172.94 - - [29/Nov/2021:11:03:45 +0800] "POST /xingrg/kc/buy/cgsh_order_operate.html HTTP/1.1" 200 37
180.174.250.202 - - [29/Nov/2021:11:03:48 +0800] "GET /xingrg/kc/base/wldb_order_operate.html?command=get_materiel&rest_code=00102&base_code=0010476&code=00101019127 HTTP/1.1" 200 465
180.162.112.229 - - [29/Nov/2021:11:03:52 +0800] "GET /xingrg/kc/base/wldb_order_add.html HTTP/1.1" 200 30448
180.162.112.229 - - [29/Nov/2021:11:03:52 +0800] "POST /xingrg/kc/base/wldb_order_operate.html HTTP/1.1" 200 6806
180.162.112.229 - - [29/Nov/2021:11:03:53 +0800] "GET /xingrg/javascript/easyui/themes/default/validatebox.css HTTP/1.1" 404 1104
116.228.172.94 - - [29/Nov/2021:11:03:54 +0800] "POST /xingrg/kc/buy/cgsh_order_operate.html HTTP/1.1" 200 12
180.162.112.229 - - [29/Nov/2021:11:03:54 +0800] "POST /xingrg/all/common/load_combo.html?type=base HTTP/1.1" 200 1221
116.228.172.94 - - [29/Nov/2021:11:03:55 +0800] "GET /xingrg/kc/buy/cgsh_order_info.html?code=212021112912490 HTTP/1.1" 200 58874
116.228.172.94 - - [29/Nov/2021:11:03:55 +0800] "GET /xingrg/javascript/easyui/themes/default/validatebox.css HTTP/1.1" 404 1104
116.228.172.94 - - [29/Nov/2021:11:03:56 +0800] "POST /xingrg/kc/buy/cgsh_order_operate.html HTTP/1.1" 200 7124
180.174.250.202 - - [29/Nov/2021:11:03:57 +0800] "GET /xingrg/kc/base/wldb_order_operate.html?command=get_materiel&rest_code=00102&base_code=0010476&code=00101019258 HTTP/1.1" 200 468
116.228.172.94 - - [29/Nov/2021:11:03:57 +0800] "GET /xingrg/kc/print/load_data.html?order_code=212021112912490&kc_code=cgsh&condition= HTTP/1.1" 200 3164
180.162.112.229 - - [29/Nov/2021:11:03:58 +0800] "POST /xingrg/all/common/load_combo.html?type=base HTTP/1.1" 200 1221
180.169.147.146 - - [29/Nov/2021:11:04:00 +0800] "GET /xingrg/all/function/internal_message.html?_=1638155040125&CODE_STATE=getMsg HTTP/1.1" 200 27
114.85.125.222 - - [29/Nov/2021:11:04:00 +0800] "GET /xingrg/check_reg.html?_=1638155009101 HTTP/1.1" 200 22
180.169.147.146 - - [29/Nov/2021:11:04:00 +0800] "GET /xingrg/all/function/internal_message.html?_=1638155040425&CODE_STATE=getMsg HTTP/1.1" 200 27
114.85.125.222 - - [29/Nov/2021:11:04:01 +0800] "GET /xingrg/all/function/internal_message.html?_=1638155009970&CODE_STATE=getMsg HTTP/1.1" 200 27
180.174.250.202 - - [29/Nov/2021:11:04:02 +0800] "GET /xingrg/kc/base/wldb_order_operate.html?command=get_materiel&rest_code=00102&base_code=0010476&code=00101019222 HTTP/1.1" 200 453
114.83.222.132 - - [29/Nov/2021:11:04:03 +0800] "GET /xingrg/all/function/internal_message.html?_=1638155043864&CODE_STATE=getMsg HTTP/1.1" 200 27
116.227.210.113 - - [29/Nov/2021:11:04:06 +0800] "GET /xingrg/all/function/internal_message.html?_=1638155044132&CODE_STATE=getMsg HTTP/1.1" 200 27
180.174.250.202 - - [29/Nov/2021:11:04:07 +0800] "GET /xingrg/kc/base/wldb_order_operate.html?command=get_materiel&rest_code=00102&base_code=0010476&code=00101019130 HTTP/1.1" 200 471
222.70.176.97 - - [29/Nov/2021:11:04:09 +0800] "GET /xingrg/all/function/internal_message.html?_=1638155048487&CODE_STATE=getMsg HTTP/1.1" 200 27
222.70.176.97 - - [29/Nov/2021:11:04:09 +0800] "GET /xingrg/check_reg.html?_=1638155048507 HTTP/1.1" 200 22
124.78.153.86 - - [29/Nov/2021:11:04:12 +0800] "GET /xingrg/kc/buy/cgsh_order_operate.html?command=get_materiel&rest_code=00106&code=00101006124&supplier_code=00100015&order_time=2021-11-29 HTTP/1.1" 200 431
58.37.231.44 - - [29/Nov/2021:11:04:14 +0800] "GET /xingrg/all/function/internal_message.html?_=1638154885852&CODE_STATE=getMsg HTTP/1.1" 200 27
180.162.112.229 - - [29/Nov/2021:11:04:18 +0800] "GET /xingrg/all/function/internal_message.html?_=1638154523268&CODE_STATE=getMsg HTTP/1.1" 200 27
180.162.112.229 - - [29/Nov/2021:11:04:18 +0800] "GET /xingrg/check_reg.html?_=1638154523271 HTTP/1.1" 200 22
114.86.229.41 - - [29/Nov/2021:11:04:20 +0800] "GET /xingrg/all/function/internal_message.html?_=1638155062550&CODE_STATE=getMsg HTTP/1.1" 200 27
222.70.171.86 - - [29/Nov/2021:11:04:20 +0800] "GET /xingrg/all/function/internal_message.html?_=1638155062097&CODE_STATE=getMsg HTTP/1.1" 302 -
180.169.147.146 - - [29/Nov/2021:11:04:21 +0800] "GET /xingrg/all/function/internal_message.html?_=1638155061821&CODE_STATE=getMsg HTTP/1.1" 200 27
124.78.153.86 - - [29/Nov/2021:11:04:24 +0800] "GET /xingrg/kc/buy/cgsh_order_operate.html?command=get_materiel&rest_code=00106&code=00101006184&supplier_code=00100015&order_time=2021-11-29 HTTP/1.1" 200 410
58.39.139.200 - - [29/Nov/2021:11:04:24 +0800] "GET /xingrg/all/function/internal_message.html?_=1638155000755&CODE_STATE=getMsg HTTP/1.1" 200 27
124.78.153.86 - - [29/Nov/2021:11:04:28 +0800] "GET /xingrg/all/function/internal_message.html?_=1638155063978&CODE_STATE=getMsg HTTP/1.1" 200 27
124.78.153.86 - - [29/Nov/2021:11:04:34 +0800] "GET /xingrg/all/function/internal_message.html?_=1638155074602&CODE_STATE=getMsg HTTP/1.1" 200 27
124.78.153.86 - - [29/Nov/2021:11:04:35 +0800] "GET /xingrg/check_reg.html?_=1638155075151 HTTP/1.1" 200 22
222.70.171.86 - - [29/Nov/2021:11:04:35 +0800] "GET /xingrg/all/function/internal_message.html?_=1638155076711&CODE_STATE=getMsg HTTP/1.1" 200 27
222.70.176.97 - - [29/Nov/2021:11:04:36 +0800] "GET /xingrg/all/function/internal_message.html?_=1638155073447&CODE_STATE=getMsg HTTP/1.1" 200 27
124.78.153.86 - - [29/Nov/2021:11:04:38 +0800] "GET /xingrg/kc/buy/cgsh_order_operate.html?command=get_materiel&rest_code=00106&code=00101006109&supplier_code=00100015&order_time=2021-11-29 HTTP/1.1" 200 409
116.228.172.94 - - [29/Nov/2021:11:04:38 +0800] "GET /xingrg/all/function/internal_message.html?_=1638154955016&CODE_STATE=getMsg HTTP/1.1" 200 27
172.20.0.100 - - [29/Nov/2021:11:04:38 +0800] "GET /xingrg/all/function/internal_message.html?_=1638155077988&CODE_STATE=getMsg HTTP/1.1" 200 27
180.174.250.202 - - [29/Nov/2021:11:04:40 +0800] "POST /xingrg/kc/base/wldb_order_operate.html HTTP/1.1" 200 37
180.174.250.202 - - [29/Nov/2021:11:04:40 +0800] "GET /xingrg/all/function/internal_message.html?_=1638155078073&CODE_STATE=getMsg HTTP/1.1" 200 27
58.39.139.200 - - [29/Nov/2021:11:04:40 +0800] "GET /xingrg/all/function/internal_message.html?_=1638155081843&CODE_STATE=getMsg HTTP/1.1" 200 27
180.174.250.202 - - [29/Nov/2021:11:04:42 +0800] "POST /xingrg/kc/base/wldb_order_operate.html HTTP/1.1" 200 12
180.174.250.202 - - [29/Nov/2021:11:04:42 +0800] "POST /xingrg/kc/base/wldb_order_operate.html HTTP/1.1" 200 6789
101.85.120.86 - - [29/Nov/2021:11:04:42 +0800] "GET /xingrg/all/function/internal_message.html?_=1638155082260&CODE_STATE=getMsg HTTP/1.1" 200 27
180.174.250.202 - - [29/Nov/2021:11:04:44 +0800] "GET /xingrg/kc/base/wldb_order_info.html?code=422021112903191 HTTP/1.1" 200 26311
116.238.248.233 - - [29/Nov/2021:11:04:44 +0800] "GET /xingrg/all/function/internal_message.html?_=1638155083684&CODE_STATE=getMsg HTTP/1.1" 200 27
116.238.248.233 - - [29/Nov/2021:11:04:44 +0800] "GET /xingrg/check_reg.html?_=1638155083685 HTTP/1.1" 200 22
180.174.250.202 - - [29/Nov/2021:11:04:46 +0800] "POST /xingrg/kc/base/wldb_order_operate.html HTTP/1.1" 200 4983
180.174.250.202 - - [29/Nov/2021:11:04:46 +0800] "GET /xingrg/javascript/easyui/themes/default/validatebox.css HTTP/1.1" 404 1104
124.78.153.86 - - [29/Nov/2021:11:04:58 +0800] "GET /xingrg/kc/buy/cgsh_order_operate.html?command=get_materiel&rest_code=00106&code=00101006065&supplier_code=00100015&order_time=2021-11-29 HTTP/1.1" 200 428
180.169.147.146 - - [29/Nov/2021:11:05:00 +0800] "GET /xingrg/all/function/internal_message.html?_=1638155100143&CODE_STATE=getMsg HTTP/1.1" 200 27
180.169.147.146 - - [29/Nov/2021:11:05:00 +0800] "GET /xingrg/all/function/internal_message.html?_=1638155100409&CODE_STATE=getMsg HTTP/1.1" 200 27
114.85.125.222 - - [29/Nov/2021:11:05:01 +0800] "GET /xingrg/all/function/internal_message.html?_=1638155069984&CODE_STATE=getMsg HTTP/1.1" 200 27
114.83.222.132 - - [29/Nov/2021:11:05:03 +0800] "GET /xingrg/all/function/internal_message.html?_=1638155103874&CODE_STATE=getMsg HTTP/1.1" 200 27
116.227.210.113 - - [29/Nov/2021:11:05:06 +0800] "GET /xingrg/all/function/internal_message.html?_=1638155104113&CODE_STATE=getMsg HTTP/1.1" 200 27
114.83.222.132 - - [29/Nov/2021:11:05:06 +0800] "GET /xingrg/kc/buy/cgsh_order_operate.html?command=get_materiel&rest_code=00149&code=00101003031&supplier_code=00100039&order_time=2021-11-29 HTTP/1.1" 200 427
222.70.176.97 - - [29/Nov/2021:11:05:09 +0800] "GET /xingrg/all/function/internal_message.html?_=1638155108491&CODE_STATE=getMsg HTTP/1.1" 200 27
116.227.210.113 - - [29/Nov/2021:11:05:10 +0800] "GET /xingrg/all/report/report_query.html?fileName=kc/mdqp/qp_report_mdqp_hz_report.xml HTTP/1.1" 200 51356
116.227.210.113 - - [29/Nov/2021:11:05:10 +0800] "GET /xingrg/dwr/interface/AjaxReportQueryService.js HTTP/1.1" 200 13203
116.227.210.113 - - [29/Nov/2021:11:05:10 +0800] "GET /xingrg/dwr/engine.js HTTP/1.1" 200 43631
116.227.210.113 - - [29/Nov/2021:11:05:10 +0800] "POST /xingrg/dwr/call/plaincall/AjaxReportQueryService.getFixDate.dwr HTTP/1.1" 200 111
116.227.210.113 - - [29/Nov/2021:11:05:10 +0800] "POST /xingrg/dwr/call/plaincall/AjaxReportQueryService.getInitString.dwr HTTP/1.1" 200 125
58.37.231.44 - - [29/Nov/2021:11:05:14 +0800] "GET /xingrg/all/function/internal_message.html?_=1638154945831&CODE_STATE=getMsg HTTP/1.1" 200 27
124.78.153.86 - - [29/Nov/2021:11:05:17 +0800] "GET /xingrg/kc/buy/cgsh_order_operate.html?command=get_materiel&rest_code=00106&code=00101006062&supplier_code=00100015&order_time=2021-11-29 HTTP/1.1" 200 411
180.162.112.229 - - [29/Nov/2021:11:05:18 +0800] "GET /xingrg/all/function/internal_message.html?_=1638154583274&CODE_STATE=getMsg HTTP/1.1" 200 27
114.86.229.41 - - [29/Nov/2021:11:05:20 +0800] "GET /xingrg/all/function/internal_message.html?_=1638155122552&CODE_STATE=getMsg HTTP/1.1" 200 27
222.70.171.86 - - [29/Nov/2021:11:05:20 +0800] "GET /xingrg/all/function/internal_message.html?_=1638155122144&CODE_STATE=getMsg HTTP/1.1" 302 -
114.83.222.132 - - [29/Nov/2021:11:05:21 +0800] "GET /xingrg/kc/buy/cgsh_order_operate.html?command=get_materiel&rest_code=00149&code=00101001075&supplier_code=00100039&order_time=2021-11-29 HTTP/1.1" 200 411
180.169.147.146 - - [29/Nov/2021:11:05:21 +0800] "GET /xingrg/all/function/internal_message.html?_=1638155121826&CODE_STATE=getMsg HTTP/1.1" 200 27
180.162.112.229 - - [29/Nov/2021:11:05:23 +0800] "GET /xingrg/kc/base/wldb_order_operate.html?command=get_materiel&rest_code=00143&base_code=0010222&code=00102002362 HTTP/1.1" 200 434
58.39.139.200 - - [29/Nov/2021:11:05:24 +0800] "GET /xingrg/check_reg.html?_=1638155060754 HTTP/1.1" 200 22
58.39.139.200 - - [29/Nov/2021:11:05:24 +0800] "GET /xingrg/all/function/internal_message.html?_=1638155060757&CODE_STATE=getMsg HTTP/1.1" 200 27
116.227.210.113 - - [29/Nov/2021:11:05:24 +0800] "POST /xingrg/dwr/call/plaincall/AjaxReportQueryService.refreshCache.dwr HTTP/1.1" 200 78
116.227.210.113 - - [29/Nov/2021:11:05:25 +0800] "POST /xingrg/all/report/load_report_page.html HTTP/1.1" 200 89
124.78.153.86 - - [29/Nov/2021:11:05:28 +0800] "GET /xingrg/kc/buy/cgsh_order_operate.html?command=get_materiel&rest_code=00106&code=00101006193&supplier_code=00100015&order_time=2021-11-29 HTTP/1.1" 200 411
124.78.153.86 - - [29/Nov/2021:11:05:28 +0800] "GET /xingrg/all/function/internal_message.html?_=1638155123948&CODE_STATE=getMsg HTTP/1.1" 200 27
124.78.153.86 - - [29/Nov/2021:11:05:34 +0800] "GET /xingrg/all/function/internal_message.html?_=1638155134574&CODE_STATE=getMsg HTTP/1.1" 200 27
222.70.171.86 - - [29/Nov/2021:11:05:35 +0800] "GET /xingrg/all/function/internal_message.html?_=1638155136715&CODE_STATE=getMsg HTTP/1.1" 200 27
222.70.176.97 - - [29/Nov/2021:11:05:36 +0800] "GET /xingrg/all/function/internal_message.html?_=1638155133464&CODE_STATE=getMsg HTTP/1.1" 200 27
116.227.210.113 - - [29/Nov/2021:11:05:37 +0800] "GET /xingrg/all/report/report_query.html?fileName=kc/buy/wlcg_cate_hz.xml HTTP/1.1" 200 53941
116.227.210.113 - - [29/Nov/2021:11:05:38 +0800] "GET /xingrg/dwr/interface/AjaxReportQueryService.js HTTP/1.1" 200 13203
116.227.210.113 - - [29/Nov/2021:11:05:38 +0800] "GET /xingrg/dwr/engine.js HTTP/1.1" 200 43631
116.228.172.94 - - [29/Nov/2021:11:05:38 +0800] "GET /xingrg/all/function/internal_message.html?_=1638155015015&CODE_STATE=getMsg HTTP/1.1" 200 27
116.227.210.113 - - [29/Nov/2021:11:05:38 +0800] "POST /xingrg/dwr/call/plaincall/AjaxReportQueryService.getFixDate.dwr HTTP/1.1" 200 111
116.227.210.113 - - [29/Nov/2021:11:05:38 +0800] "POST /xingrg/all/common/load_tree.html?tree=supplier_tree_json&manage=1 HTTP/1.1" 200 61763
172.20.0.100 - - [29/Nov/2021:11:05:38 +0800] "GET /xingrg/all/function/internal_message.html?_=1638155137996&CODE_STATE=getMsg HTTP/1.1" 200 27
172.20.0.100 - - [29/Nov/2021:11:05:38 +0800] "GET /xingrg/check_reg.html?_=1638155138000 HTTP/1.1" 200 22
116.227.210.113 - - [29/Nov/2021:11:05:39 +0800] "POST /xingrg/all/common/load_tree.html?tree=materiel_sort_tree_json HTTP/1.1" 200 9388
116.227.210.113 - - [29/Nov/2021:11:05:39 +0800] "POST /xingrg/all/common/load_tree.html?tree=base_tree_json HTTP/1.1" 200 3563
124.78.153.86 - - [29/Nov/2021:11:05:40 +0800] "POST /xingrg/kc/buy/cgsh_order_operate.html HTTP/1.1" 200 37
58.39.139.200 - - [29/Nov/2021:11:05:40 +0800] "GET /xingrg/all/function/internal_message.html?_=1638155141817&CODE_STATE=getMsg HTTP/1.1" 200 27
180.174.250.202 - - [29/Nov/2021:11:05:42 +0800] "GET /xingrg/all/function/internal_message.html?_=1638155139551&CODE_STATE=getMsg HTTP/1.1" 200 27
101.85.120.86 - - [29/Nov/2021:11:05:42 +0800] "GET /xingrg/all/function/internal_message.html?_=1638155142259&CODE_STATE=getMsg HTTP/1.1" 200 27
116.238.248.233 - - [29/Nov/2021:11:05:44 +0800] "GET /xingrg/all/function/internal_message.html?_=1638155143678&CODE_STATE=getMsg HTTP/1.1" 200 27
124.78.153.86 - - [29/Nov/2021:11:05:47 +0800] "POST /xingrg/kc/buy/cgsh_order_operate.html HTTP/1.1" 200 12
124.78.153.86 - - [29/Nov/2021:11:05:49 +0800] "GET /xingrg/kc/buy/cgsh_order_info.html?code=212021112912491 HTTP/1.1" 200 59833
124.78.153.86 - - [29/Nov/2021:11:05:49 +0800] "GET /xingrg/javascript/easyui/themes/default/validatebox.css HTTP/1.1" 404 1104
124.78.153.86 - - [29/Nov/2021:11:05:50 +0800] "POST /xingrg/kc/buy/cgsh_order_operate.html HTTP/1.1" 200 7128
114.83.222.132 - - [29/Nov/2021:11:05:53 +0800] "POST /xingrg/kc/buy/cgsh_order_operate.html HTTP/1.1" 200 37
114.83.222.132 - - [29/Nov/2021:11:05:56 +0800] "POST /xingrg/kc/buy/cgsh_order_operate.html HTTP/1.1" 200 12
58.37.231.44 - - [29/Nov/2021:11:05:57 +0800] "GET /xingrg/check_reg.html?_=1638154988630 HTTP/1.1" 200 22
114.83.222.132 - - [29/Nov/2021:11:05:58 +0800] "GET /xingrg/kc/buy/cgsh_order_info.html?code=212021112912492 HTTP/1.1" 200 59878
114.83.222.132 - - [29/Nov/2021:11:05:58 +0800] "GET /xingrg/javascript/easyui/themes/default/validatebox.css HTTP/1.1" 404 1104
114.83.222.132 - - [29/Nov/2021:11:05:59 +0800] "POST /xingrg/kc/buy/cgsh_order_operate.html HTTP/1.1" 200 1211
180.162.112.229 - - [29/Nov/2021:11:05:59 +0800] "GET /xingrg/kc/base/wldb_order_operate.html?command=get_materiel&rest_code=00143&base_code=0010222&code=00102002511 HTTP/1.1" 200 434
180.169.147.146 - - [29/Nov/2021:11:06:00 +0800] "GET /xingrg/all/function/internal_message.html?_=1638155160150&CODE_STATE=getMsg HTTP/1.1" 200 27
116.227.210.113 - - [29/Nov/2021:11:06:00 +0800] "POST /xingrg/dwr/call/plaincall/AjaxReportQueryService.refreshCache.dwr HTTP/1.1" 200 78
180.169.147.146 - - [29/Nov/2021:11:06:00 +0800] "GET /xingrg/all/function/internal_message.html?_=1638155160391&CODE_STATE=getMsg HTTP/1.1" 200 27
114.83.222.132 - - [29/Nov/2021:11:06:00 +0800] "GET /xingrg/kc/print/load_data.html?order_code=212021112912492&kc_code=cgsh&condition= HTTP/1.1" 200 962
114.85.125.222 - - [29/Nov/2021:11:06:01 +0800] "GET /xingrg/all/function/internal_message.html?_=1638155129998&CODE_STATE=getMsg HTTP/1.1" 200 27
114.83.222.132 - - [29/Nov/2021:11:06:03 +0800] "GET /xingrg/all/function/internal_message.html?_=1638155163876&CODE_STATE=getMsg HTTP/1.1" 200 27
116.227.210.113 - - [29/Nov/2021:11:06:04 +0800] "POST /xingrg/all/report/load_report_page.html HTTP/1.1" 200 10897
124.78.153.86 - - [29/Nov/2021:11:06:04 +0800] "GET /xingrg/kc/print/load_data.html?order_code=212021112912491&kc_code=cgsh&condition= HTTP/1.1" 200 3280
116.227.210.113 - - [29/Nov/2021:11:06:04 +0800] "GET /xingrg/servlets/image?cache=0.41094179322338387&image=px HTTP/1.1" 200 807
114.83.222.132 - - [29/Nov/2021:11:06:05 +0800] "GET /xingrg/kc/buy/cgsh_order_add.html HTTP/1.1" 200 64969
114.83.222.132 - - [29/Nov/2021:11:06:05 +0800] "POST /xingrg/kc/buy/cgsh_order_operate.html HTTP/1.1" 200 8245
114.83.222.132 - - [29/Nov/2021:11:06:05 +0800] "GET /xingrg/javascript/easyui/themes/default/validatebox.css HTTP/1.1" 404 1104
116.227.210.113 - - [29/Nov/2021:11:06:06 +0800] "GET /xingrg/all/function/internal_message.html?_=1638155164099&CODE_STATE=getMsg HTTP/1.1" 200 27
222.70.176.97 - - [29/Nov/2021:11:06:09 +0800] "GET /xingrg/all/function/internal_message.html?_=1638155168491&CODE_STATE=getMsg HTTP/1.1" 200 27
124.78.153.86 - - [29/Nov/2021:11:06:11 +0800] "GET /xingrg/kc/print/load_data.html?order_code=212021112912491&kc_code=cgsh HTTP/1.1" 200 3280
58.37.231.44 - - [29/Nov/2021:11:06:14 +0800] "GET /xingrg/all/function/internal_message.html?_=1638155005813&CODE_STATE=getMsg HTTP/1.1" 200 27
116.227.210.113 - - [29/Nov/2021:11:06:17 +0800] "GET /xingrg/all/report/report_query.html?fileName=kc/buy/wlcg_mx.xml HTTP/1.1" 200 51648
116.227.210.113 - - [29/Nov/2021:11:06:18 +0800] "GET /xingrg/dwr/interface/AjaxReportQueryService.js HTTP/1.1" 200 13203
116.227.210.113 - - [29/Nov/2021:11:06:18 +0800] "GET /xingrg/dwr/engine.js HTTP/1.1" 200 43631
180.162.112.229 - - [29/Nov/2021:11:06:18 +0800] "GET /xingrg/all/function/internal_message.html?_=1638154643269&CODE_STATE=getMsg HTTP/1.1" 200 27
116.227.210.113 - - [29/Nov/2021:11:06:18 +0800] "POST /xingrg/dwr/call/plaincall/AjaxReportQueryService.getFixDate.dwr HTTP/1.1" 200 111
116.227.210.113 - - [29/Nov/2021:11:06:18 +0800] "POST /xingrg/dwr/call/plaincall/AjaxReportQueryService.getInitString.dwr HTTP/1.1" 200 27974
116.227.210.113 - - [29/Nov/2021:11:06:18 +0800] "POST /xingrg/dwr/call/plaincall/AjaxReportQueryService.getInitString.dwr HTTP/1.1" 200 975
116.227.210.113 - - [29/Nov/2021:11:06:19 +0800] "POST /xingrg/dwr/call/plaincall/AjaxReportQueryService.getInitString.dwr HTTP/1.1" 200 125
114.86.229.41 - - [29/Nov/2021:11:06:20 +0800] "GET /xingrg/all/function/internal_message.html?_=1638155182554&CODE_STATE=getMsg HTTP/1.1" 200 27
222.70.171.86 - - [29/Nov/2021:11:06:20 +0800] "GET /xingrg/all/function/internal_message.html?_=1638155182156&CODE_STATE=getMsg HTTP/1.1" 302 -
180.169.147.146 - - [29/Nov/2021:11:06:21 +0800] "GET /xingrg/all/function/internal_message.html?_=1638155181823&CODE_STATE=getMsg HTTP/1.1" 200 27
180.169.147.146 - - [29/Nov/2021:11:06:21 +0800] "GET /xingrg/check_reg.html?_=1638155181827 HTTP/1.1" 200 22
58.39.139.200 - - [29/Nov/2021:11:06:24 +0800] "GET /xingrg/all/function/internal_message.html?_=1638155120758&CODE_STATE=getMsg HTTP/1.1" 200 27
124.78.153.86 - - [29/Nov/2021:11:06:26 +0800] "GET /xingrg/check_reg.html?_=1638155181907 HTTP/1.1" 200 22
124.78.153.86 - - [29/Nov/2021:11:06:28 +0800] "GET /xingrg/all/function/internal_message.html?_=1638155183922&CODE_STATE=getMsg HTTP/1.1" 200 27
124.78.153.86 - - [29/Nov/2021:11:06:34 +0800] "GET /xingrg/all/function/internal_message.html?_=1638155194559&CODE_STATE=getMsg HTTP/1.1" 200 27
222.70.171.86 - - [29/Nov/2021:11:06:35 +0800] "GET /xingrg/all/function/internal_message.html?_=1638155196989&CODE_STATE=getMsg HTTP/1.1" 200 27
116.227.210.113 - - [29/Nov/2021:11:06:35 +0800] "POST /xingrg/dwr/call/plaincall/AjaxReportQueryService.refreshCache.dwr HTTP/1.1" 200 78
222.70.176.97 - - [29/Nov/2021:11:06:36 +0800] "GET /xingrg/check_reg.html?_=1638155193458 HTTP/1.1" 200 22
222.70.176.97 - - [29/Nov/2021:11:06:36 +0800] "GET /xingrg/all/function/internal_message.html?_=1638155193459&CODE_STATE=getMsg HTTP/1.1" 200 27
116.228.172.94 - - [29/Nov/2021:11:06:38 +0800] "GET /xingrg/all/function/internal_message.html?_=1638155075012&CODE_STATE=getMsg HTTP/1.1" 200 27
116.227.210.113 - - [29/Nov/2021:11:06:38 +0800] "POST /xingrg/all/report/load_report_page.html HTTP/1.1" 200 98711
116.227.210.113 - - [29/Nov/2021:11:06:38 +0800] "GET /xingrg/servlets/image?cache=0.41492290314946445&image=px HTTP/1.1" 200 807
172.20.0.100 - - [29/Nov/2021:11:06:38 +0800] "GET /xingrg/all/function/internal_message.html?_=1638155197991&CODE_STATE=getMsg HTTP/1.1" 200 27
58.39.139.200 - - [29/Nov/2021:11:06:40 +0800] "GET /xingrg/all/function/internal_message.html?_=1638155201794&CODE_STATE=getMsg HTTP/1.1" 200 27
180.174.250.202 - - [29/Nov/2021:11:06:42 +0800] "GET /xingrg/all/function/internal_message.html?_=1638155199560&CODE_STATE=getMsg HTTP/1.1" 200 27
101.85.120.86 - - [29/Nov/2021:11:06:42 +0800] "GET /xingrg/all/function/internal_message.html?_=1638155202259&CODE_STATE=getMsg HTTP/1.1" 200 27
116.238.248.233 - - [29/Nov/2021:11:06:44 +0800] "GET /xingrg/all/function/internal_message.html?_=1638155203710&CODE_STATE=getMsg HTTP/1.1" 200 27
180.169.147.146 - - [29/Nov/2021:11:06:47 +0800] "GET /xingrg/check_reg.html?_=1638155207271 HTTP/1.1" 200 22
116.227.210.113 - - [29/Nov/2021:11:06:49 +0800] "POST /xingrg/all/report/load_report_page.html HTTP/1.1" 200 98685
116.227.210.113 - - [29/Nov/2021:11:06:49 +0800] "GET /xingrg/servlets/image?cache=0.1112945891310565&image=px HTTP/1.1" 200 807
124.78.153.86 - - [29/Nov/2021:11:06:54 +0800] "GET /xingrg/kc/buy/cgsh_order_add.html HTTP/1.1" 200 64922
116.227.210.113 - - [29/Nov/2021:11:06:54 +0800] "POST /xingrg/all/report/load_report_page.html HTTP/1.1" 200 98695
116.227.210.113 - - [29/Nov/2021:11:06:54 +0800] "GET /xingrg/servlets/image?cache=0.8606452374606621&image=px HTTP/1.1" 200 807
124.78.153.86 - - [29/Nov/2021:11:06:54 +0800] "GET /xingrg/javascript/easyui/themes/default/validatebox.css HTTP/1.1" 404 1104
124.78.153.86 - - [29/Nov/2021:11:06:55 +0800] "POST /xingrg/kc/buy/cgsh_order_operate.html HTTP/1.1" 200 8245
116.227.210.113 - - [29/Nov/2021:11:06:59 +0800] "POST /xingrg/all/report/load_report_page.html HTTP/1.1" 200 33922
116.227.210.113 - - [29/Nov/2021:11:07:00 +0800] "GET /xingrg/servlets/image?cache=0.26430375521897365&image=px HTTP/1.1" 200 807
180.169.147.146 - - [29/Nov/2021:11:07:00 +0800] "GET /xingrg/all/function/internal_message.html?_=1638155220123&CODE_STATE=getMsg HTTP/1.1" 200 27
180.169.147.146 - - [29/Nov/2021:11:07:00 +0800] "GET /xingrg/check_reg.html?_=1638155220122 HTTP/1.1" 200 22
180.169.147.146 - - [29/Nov/2021:11:07:00 +0800] "GET /xingrg/all/function/internal_message.html?_=1638155220376&CODE_STATE=getMsg HTTP/1.1" 200 27
114.85.125.222 - - [29/Nov/2021:11:07:01 +0800] "GET /xingrg/all/function/internal_message.html?_=1638155190015&CODE_STATE=getMsg HTTP/1.1" 200 27
114.83.222.132 - - [29/Nov/2021:11:07:03 +0800] "GET /xingrg/all/function/internal_message.html?_=1638155223884&CODE_STATE=getMsg HTTP/1.1" 200 27
114.83.222.132 - - [29/Nov/2021:11:07:03 +0800] "GET /xingrg/check_reg.html?_=1638155223889 HTTP/1.1" 200 22
180.162.112.229 - - [29/Nov/2021:11:07:04 +0800] "GET /xingrg/kc/base/wldb_order_operate.html?command=get_materiel&rest_code=00143&base_code=0010222&code=00102002150 HTTP/1.1" 200 433
116.227.210.113 - - [29/Nov/2021:11:07:06 +0800] "GET /xingrg/all/function/internal_message.html?_=1638155224087&CODE_STATE=getMsg HTTP/1.1" 200 27
222.70.176.97 - - [29/Nov/2021:11:07:09 +0800] "GET /xingrg/all/function/internal_message.html?_=1638155228489&CODE_STATE=getMsg HTTP/1.1" 200 27
222.70.171.86 - - [29/Nov/2021:11:07:12 +0800] "GET /xingrg/check_reg.html?_=1638155233386 HTTP/1.1" 302 -
58.37.231.44 - - [29/Nov/2021:11:07:14 +0800] "GET /xingrg/all/function/internal_message.html?_=1638155065785&CODE_STATE=getMsg HTTP/1.1" 200 27
180.162.112.229 - - [29/Nov/2021:11:07:18 +0800] "GET /xingrg/all/function/internal_message.html?_=1638154703271&CODE_STATE=getMsg HTTP/1.1" 200 27
222.70.171.86 - - [29/Nov/2021:11:07:20 +0800] "GET /xingrg/check_reg.html?_=1638155241521 HTTP/1.1" 200 22
114.86.229.41 - - [29/Nov/2021:11:07:20 +0800] "GET /xingrg/all/function/internal_message.html?_=1638155242555&CODE_STATE=getMsg HTTP/1.1" 200 27
114.86.229.41 - - [29/Nov/2021:11:07:20 +0800] "GET /xingrg/check_reg.html?_=1638155242557 HTTP/1.1" 200 22
222.70.171.86 - - [29/Nov/2021:11:07:20 +0800] "GET /xingrg/all/function/internal_message.html?_=1638155242169&CODE_STATE=getMsg HTTP/1.1" 302 -
180.169.147.146 - - [29/Nov/2021:11:07:21 +0800] "GET /xingrg/all/function/internal_message.html?_=1638155241826&CODE_STATE=getMsg HTTP/1.1" 200 27
116.227.210.113 - - [29/Nov/2021:11:07:23 +0800] "GET /xingrg/all/report/report_query.html?fileName=kc/buy/yfk_hz_supplier.xml HTTP/1.1" 200 53943
116.227.210.113 - - [29/Nov/2021:11:07:23 +0800] "GET /xingrg/dwr/interface/AjaxReportQueryService.js HTTP/1.1" 200 13203
116.227.210.113 - - [29/Nov/2021:11:07:23 +0800] "GET /xingrg/dwr/engine.js HTTP/1.1" 200 43631
124.78.153.86 - - [29/Nov/2021:11:07:23 +0800] "GET /xingrg/javascript/easyui/themes/default/tree.css HTTP/1.1" 404 1090
116.227.210.113 - - [29/Nov/2021:11:07:23 +0800] "POST /xingrg/dwr/call/plaincall/AjaxReportQueryService.getFixDate.dwr HTTP/1.1" 200 111
124.78.153.86 - - [29/Nov/2021:11:07:23 +0800] "POST /xingrg/all/common/load_tree.html?tree=supplier_tree_json&isDelete=1 HTTP/1.1" 200 60555
116.227.210.113 - - [29/Nov/2021:11:07:23 +0800] "POST /xingrg/all/common/load_tree.html?tree=supplier_tree_json&manage=1 HTTP/1.1" 200 61763
58.39.139.200 - - [29/Nov/2021:11:07:24 +0800] "GET /xingrg/all/function/internal_message.html?_=1638155180759&CODE_STATE=getMsg HTTP/1.1" 200 27
124.78.153.86 - - [29/Nov/2021:11:07:28 +0800] "GET /xingrg/all/function/internal_message.html?_=1638155243896&CODE_STATE=getMsg HTTP/1.1" 200 27
116.227.210.113 - - [29/Nov/2021:11:07:34 +0800] "GET /xingrg/all/report/report_query.html?fileName=kc/base/rk_by_base.xml&rh=9999 HTTP/1.1" 200 51953
124.78.153.86 - - [29/Nov/2021:11:07:34 +0800] "GET /xingrg/all/function/internal_message.html?_=1638155254543&CODE_STATE=getMsg HTTP/1.1" 200 27
116.227.210.113 - - [29/Nov/2021:11:07:34 +0800] "GET /xingrg/dwr/interface/AjaxReportQueryService.js HTTP/1.1" 200 13203
116.227.210.113 - - [29/Nov/2021:11:07:34 +0800] "GET /xingrg/dwr/engine.js HTTP/1.1" 200 43631
124.78.153.86 - - [29/Nov/2021:11:07:34 +0800] "GET /xingrg/kc/buy/cgsh_order_operate.html?command=get_materiel&rest_code=00106&code=00101007033&supplier_code=00100002&order_time=2021-11-29 HTTP/1.1" 200 418
116.227.210.113 - - [29/Nov/2021:11:07:34 +0800] "POST /xingrg/dwr/call/plaincall/AjaxReportQueryService.getFixDate.dwr HTTP/1.1" 200 111
116.227.210.113 - - [29/Nov/2021:11:07:34 +0800] "POST /xingrg/all/common/load_tree.html?tree=materiel_sort_tree_json HTTP/1.1" 200 9388
116.227.210.113 - - [29/Nov/2021:11:07:35 +0800] "POST /xingrg/dwr/call/plaincall/AjaxReportQueryService.getInitString.dwr HTTP/1.1" 200 975
222.70.171.86 - - [29/Nov/2021:11:07:35 +0800] "GET /xingrg/all/function/internal_message.html?_=1638155256993&CODE_STATE=getMsg HTTP/1.1" 200 27
222.70.176.97 - - [29/Nov/2021:11:07:36 +0800] "GET /xingrg/all/function/internal_message.html?_=1638155253447&CODE_STATE=getMsg HTTP/1.1" 200 27
116.228.172.94 - - [29/Nov/2021:11:07:38 +0800] "GET /xingrg/check_reg.html?_=1638155135004 HTTP/1.1" 200 22
116.228.172.94 - - [29/Nov/2021:11:07:38 +0800] "GET /xingrg/all/function/internal_message.html?_=1638155135006&CODE_STATE=getMsg HTTP/1.1" 200 27
172.20.0.100 - - [29/Nov/2021:11:07:38 +0800] "GET /xingrg/all/function/internal_message.html?_=1638155257998&CODE_STATE=getMsg HTTP/1.1" 200 27
58.39.139.200 - - [29/Nov/2021:11:07:40 +0800] "GET /xingrg/all/function/internal_message.html?_=1638155261763&CODE_STATE=getMsg HTTP/1.1" 200 27
58.39.139.200 - - [29/Nov/2021:11:07:41 +0800] "GET /xingrg/check_reg.html?_=1638155262702 HTTP/1.1" 200 22
101.85.120.86 - - [29/Nov/2021:11:07:42 +0800] "GET /xingrg/all/function/internal_message.html?_=1638155262260&CODE_STATE=getMsg HTTP/1.1" 200 27
180.174.250.202 - - [29/Nov/2021:11:07:42 +0800] "GET /xingrg/all/function/internal_message.html?_=1638155260334&CODE_STATE=getMsg HTTP/1.1" 200 27
116.238.248.233 - - [29/Nov/2021:11:07:44 +0800] "GET /xingrg/all/function/internal_message.html?_=1638155263704&CODE_STATE=getMsg HTTP/1.1" 200 27
116.227.210.113 - - [29/Nov/2021:11:07:46 +0800] "POST /xingrg/dwr/call/plaincall/AjaxReportQueryService.refreshCache.dwr HTTP/1.1" 200 78
116.227.210.113 - - [29/Nov/2021:11:07:47 +0800] "POST /xingrg/all/report/load_report_page.html HTTP/1.1" 200 9344
116.227.210.113 - - [29/Nov/2021:11:07:47 +0800] "GET /xingrg/servlets/image?cache=0.05575995449363391&image=px HTTP/1.1" 200 807
116.227.210.113 - - [29/Nov/2021:11:07:50 +0800] "GET /xingrg/all/report/report_query.html?isQuery=1&fileName=kc/base/crk_detail_by_small.xml&rh=99999&queryString=&queryText=%25E3%2580%2590%25E4%25BB%2593%25E5%25BA%2593%25E5%2590%258D%25E7%25A7%25B0%253A%25E5%2590%25A7%25E5%258F%25B0%25E3%2580%2591%25E3%2580%2590%25E4%25B8%259A%25E5%258A%25A1%25E7%25B1%25BB%25E5%259E%258B%25EF%25BC%259A%25E9%2587%2587%25E8%25B4%25AD%25E5%2585%25A5%25E5%25BA%2593%25E3%2580%2591%2520%25E3%2580%2590%25E6%259F%25A5%25E8%25AF%25A2%25E6%2597%25A5%25E6%259C%259F%253A2021-11-01%2520%25E8%2587%25B3%25202021-11-30%25E3%2580%2591%2520%25E5%25B9%25B6%25E4%25B8%2594%2520%2520%25E3%2580%2590%25E4%25BB%2593%25E5%25BA%2593%25E5%2590%258D%25E7%25A7%25B0%2520%253D%2520%25E5%2590%25A7%25E5%258F%25B0%252C%2520%25E6%2594%25B6%25E9%2593%25B6%25E3%2580%2591&tableQueryString=crk_table%2524sp1%2524(a.order_day%2520between%252020211101%2520and%252020211130)%2520and%2520(base_code%253D'0010756')%2520and%2520(src_order_type%2520in%2520(21%252C23))%2520and%2520(is_rk%2520in%2520(0%252C1)) HTTP/1.1" 200 53855
116.227.210.113 - - [29/Nov/2021:11:07:50 +0800] "GET /xingrg/dwr/interface/AjaxReportQueryService.js HTTP/1.1" 200 13203
116.227.210.113 - - [29/Nov/2021:11:07:50 +0800] "GET /xingrg/dwr/engine.js HTTP/1.1" 200 43631
116.227.210.113 - - [29/Nov/2021:11:07:51 +0800] "POST /xingrg/all/report/load_report_page.html HTTP/1.1" 200 18242
116.227.210.113 - - [29/Nov/2021:11:07:51 +0800] "GET /xingrg/servlets/image?cache=0.5650741446567505&image=px HTTP/1.1" 200 807
124.78.153.86 - - [29/Nov/2021:11:07:52 +0800] "GET /xingrg/kc/buy/cgsh_order_operate.html?command=get_materiel&rest_code=00106&code=00101007049&supplier_code=00100002&order_time=2021-11-29 HTTP/1.1" 200 409
180.169.147.146 - - [29/Nov/2021:11:08:00 +0800] "GET /xingrg/all/function/internal_message.html?_=1638155280129&CODE_STATE=getMsg HTTP/1.1" 200 27
180.169.147.146 - - [29/Nov/2021:11:08:00 +0800] "GET /xingrg/all/function/internal_message.html?_=1638155280359&CODE_STATE=getMsg HTTP/1.1" 200 27
114.85.125.222 - - [29/Nov/2021:11:08:01 +0800] "GET /xingrg/all/function/internal_message.html?_=1638155250025&CODE_STATE=getMsg HTTP/1.1" 200 27
124.78.153.86 - - [29/Nov/2021:11:08:02 +0800] "GET /xingrg/kc/buy/cgsh_order_operate.html?command=get_materiel&rest_code=00106&code=00101007048&supplier_code=00100002&order_time=2021-11-29 HTTP/1.1" 200 408
114.83.222.132 - - [29/Nov/2021:11:08:03 +0800] "GET /xingrg/all/function/internal_message.html?_=1638155283888&CODE_STATE=getMsg HTTP/1.1" 200 27
116.227.210.113 - - [29/Nov/2021:11:08:05 +0800] "POST /xingrg/all/report/load_report_page.html HTTP/1.1" 200 97668
116.227.210.113 - - [29/Nov/2021:11:08:05 +0800] "GET /xingrg/servlets/image?cache=0.22334531645914557&image=px HTTP/1.1" 200 807
116.227.210.113 - - [29/Nov/2021:11:08:06 +0800] "GET /xingrg/all/function/internal_message.html?_=1638155284070&CODE_STATE=getMsg HTTP/1.1" 200 27
116.227.210.113 - - [29/Nov/2021:11:08:06 +0800] "GET /xingrg/check_reg.html?_=1638155284229 HTTP/1.1" 200 22
222.70.176.97 - - [29/Nov/2021:11:08:09 +0800] "GET /xingrg/all/function/internal_message.html?_=1638155288493&CODE_STATE=getMsg HTTP/1.1" 200 27
124.78.153.86 - - [29/Nov/2021:11:08:10 +0800] "GET /xingrg/kc/buy/cgsh_order_operate.html?command=get_materiel&rest_code=00106&code=00101007098&supplier_code=00100002&order_time=2021-11-29 HTTP/1.1" 200 412
222.70.176.97 - - [29/Nov/2021:11:08:11 +0800] "GET /xingrg/kc/buy/buy_main.html HTTP/1.1" 200 12412
222.70.176.97 - - [29/Nov/2021:11:08:11 +0800] "GET /xingrg/css/new_ie.css HTTP/1.1" 404 1036
222.70.176.97 - - [29/Nov/2021:11:08:12 +0800] "GET /xingrg/images/yd/bt.gif HTTP/1.1" 404 1040
222.70.176.97 - - [29/Nov/2021:11:08:12 +0800] "GET /xingrg/kc/buy/cgsh_order_list.html HTTP/1.1" 200 49140
180.162.112.229 - - [29/Nov/2021:11:08:14 +0800] "GET /xingrg/kc/base/wldb_order_operate.html?command=get_materiel&rest_code=00143&base_code=0010222&code=00102002249 HTTP/1.1" 200 433
58.37.231.44 - - [29/Nov/2021:11:08:14 +0800] "GET /xingrg/all/function/internal_message.html?_=1638155125765&CODE_STATE=getMsg HTTP/1.1" 200 27
222.70.176.97 - - [29/Nov/2021:11:08:15 +0800] "POST /xingrg/kc/buy/cgsh_list_operate.html HTTP/1.1" 200 2771
222.70.176.97 - - [29/Nov/2021:11:08:17 +0800] "GET /xingrg/kc/buy/cgsh_order_add.html HTTP/1.1" 200 64837
222.70.176.97 - - [29/Nov/2021:11:08:17 +0800] "POST /xingrg/kc/buy/cgsh_order_operate.html HTTP/1.1" 200 8245
222.70.176.97 - - [29/Nov/2021:11:08:17 +0800] "GET /xingrg/javascript/easyui/themes/default/validatebox.css HTTP/1.1" 404 1104
180.162.112.229 - - [29/Nov/2021:11:08:18 +0800] "GET /xingrg/all/function/internal_message.html?_=1638154763274&CODE_STATE=getMsg HTTP/1.1" 200 27
124.78.153.86 - - [29/Nov/2021:11:08:19 +0800] "GET /xingrg/kc/buy/cgsh_order_operate.html?command=get_materiel&rest_code=00106&code=00101007077&supplier_code=00100002&order_time=2021-11-29 HTTP/1.1" 200 415
114.86.229.41 - - [29/Nov/2021:11:08:20 +0800] "GET /xingrg/all/function/internal_message.html?_=1638155302558&CODE_STATE=getMsg HTTP/1.1" 200 27
222.70.171.86 - - [29/Nov/2021:11:08:21 +0800] "GET /xingrg/all/function/internal_message.html?_=1638155302215&CODE_STATE=getMsg HTTP/1.1" 302 -
180.169.147.146 - - [29/Nov/2021:11:08:21 +0800] "GET /xingrg/all/function/internal_message.html?_=1638155301819&CODE_STATE=getMsg HTTP/1.1" 200 27
58.39.139.200 - - [29/Nov/2021:11:08:24 +0800] "GET /xingrg/all/function/internal_message.html?_=1638155240760&CODE_STATE=getMsg HTTP/1.1" 200 27
222.70.176.97 - - [29/Nov/2021:11:08:28 +0800] "GET /xingrg/javascript/jquery_tools/images/prev.gif HTTP/1.1" 404 1086
222.70.176.97 - - [29/Nov/2021:11:08:28 +0800] "GET /xingrg/javascript/jquery_tools/images/next.gif HTTP/1.1" 404 1086
124.78.153.86 - - [29/Nov/2021:11:08:28 +0800] "GET /xingrg/all/function/internal_message.html?_=1638155303875&CODE_STATE=getMsg HTTP/1.1" 200 27
180.174.250.202 - - [29/Nov/2021:11:08:30 +0800] "GET /xingrg/check_reg.html?_=1638155307731 HTTP/1.1" 200 22
