172.20.0.100 - - [29/Nov/2021:06:25:38 +0800] "GET /xingrg/all/function/internal_message.html?_=1638138338004&CODE_STATE=getMsg HTTP/1.1" 200 27
222.70.171.86 - - [29/Nov/2021:06:25:40 +0800] "GET /xingrg/all/function/internal_message.html?_=1638138341505&CODE_STATE=getMsg HTTP/1.1" 200 27
120.253.135.82 - - [29/Nov/2021:06:25:49 +0800] "GET /xingrg/all/function/internal_message.html?_=1638138345183&CODE_STATE=getMsg HTTP/1.1" 200 27
58.37.231.44 - - [29/Nov/2021:06:25:57 +0800] "GET /xingrg/check_reg.html?_=1638138188012 HTTP/1.1" 200 22
116.238.248.233 - - [29/Nov/2021:06:26:03 +0800] "GET /xingrg/all/function/internal_message.html?_=1638138362648&CODE_STATE=getMsg HTTP/1.1" 200 27
114.85.125.222 - - [29/Nov/2021:06:26:03 +0800] "GET /xingrg/all/function/internal_message.html?_=1638138332449&CODE_STATE=getMsg HTTP/1.1" 200 27
120.253.135.82 - - [29/Nov/2021:06:26:12 +0800] "GET /xingrg/all/function/internal_message.html?_=1638138147744&CODE_STATE=getMsg HTTP/1.1" 200 27
222.70.171.86 - - [29/Nov/2021:06:26:14 +0800] "GET /xingrg/all/function/internal_message.html?_=1638138374859&CODE_STATE=getMsg HTTP/1.1" 200 27
222.70.171.86 - - [29/Nov/2021:06:26:17 +0800] "GET /xingrg/all/function/internal_message.html?_=1638138378479&CODE_STATE=getMsg HTTP/1.1" 302 -
222.70.171.86 - - [29/Nov/2021:06:26:19 +0800] "GET /xingrg/all/function/internal_message.html?_=1638138379865&CODE_STATE=getMsg HTTP/1.1" 200 27
58.37.231.44 - - [29/Nov/2021:06:26:21 +0800] "GET /xingrg/all/function/internal_message.html?_=1638138212129&CODE_STATE=getMsg HTTP/1.1" 200 27
172.20.0.100 - - [29/Nov/2021:06:26:38 +0800] "GET /xingrg/all/function/internal_message.html?_=1638138397988&CODE_STATE=getMsg HTTP/1.1" 200 27
222.70.171.86 - - [29/Nov/2021:06:26:40 +0800] "GET /xingrg/all/function/internal_message.html?_=1638138401518&CODE_STATE=getMsg HTTP/1.1" 200 27
120.253.135.82 - - [29/Nov/2021:06:26:49 +0800] "GET /xingrg/all/function/internal_message.html?_=1638138405209&CODE_STATE=getMsg HTTP/1.1" 200 27
120.253.135.82 - - [29/Nov/2021:06:26:56 +0800] "POST /xingrg/kc/pszx/mdps_order_operate.html HTTP/1.1" 200 37
120.253.135.82 - - [29/Nov/2021:06:26:57 +0800] "GET /xingrg/kc/pszx/mdps_order_info.html?code=312021112900703 HTTP/1.1" 200 23931
120.253.135.82 - - [29/Nov/2021:06:26:58 +0800] "POST /xingrg/kc/pszx/mdps_order_operate.html HTTP/1.1" 200 10939
120.253.135.82 - - [29/Nov/2021:06:26:58 +0800] "GET /xingrg/javascript/easyui/themes/default/validatebox.css HTTP/1.1" 404 1104
120.253.135.82 - - [29/Nov/2021:06:27:00 +0800] "POST /xingrg/kc/pszx/mdps_list_operate.html HTTP/1.1" 200 1692
120.253.135.82 - - [29/Nov/2021:06:27:02 +0800] "GET /xingrg/kc/pszx/mdps_order_add.html HTTP/1.1" 200 29111
120.253.135.82 - - [29/Nov/2021:06:27:02 +0800] "POST /xingrg/kc/pszx/mdps_order_operate.html HTTP/1.1" 200 7126
120.253.135.82 - - [29/Nov/2021:06:27:02 +0800] "GET /xingrg/javascript/easyui/themes/default/validatebox.css HTTP/1.1" 404 1104
116.238.248.233 - - [29/Nov/2021:06:27:03 +0800] "GET /xingrg/all/function/internal_message.html?_=1638138422653&CODE_STATE=getMsg HTTP/1.1" 200 27
114.85.125.222 - - [29/Nov/2021:06:27:03 +0800] "GET /xingrg/all/function/internal_message.html?_=1638138392467&CODE_STATE=getMsg HTTP/1.1" 200 27
120.253.135.82 - - [29/Nov/2021:06:27:09 +0800] "POST /xingrg/all/common/load_combo.html?type=base HTTP/1.1" 200 1075
222.70.171.86 - - [29/Nov/2021:06:27:10 +0800] "GET /xingrg/check_reg.html?_=1638138431454 HTTP/1.1" 200 22
120.253.135.82 - - [29/Nov/2021:06:27:12 +0800] "GET /xingrg/all/function/internal_message.html?_=1638138207758&CODE_STATE=getMsg HTTP/1.1" 200 27
222.70.171.86 - - [29/Nov/2021:06:27:14 +0800] "GET /xingrg/all/function/internal_message.html?_=1638138434871&CODE_STATE=getMsg HTTP/1.1" 200 27
222.70.171.86 - - [29/Nov/2021:06:27:17 +0800] "GET /xingrg/all/function/internal_message.html?_=1638138438492&CODE_STATE=getMsg HTTP/1.1" 302 -
222.70.171.86 - - [29/Nov/2021:06:27:19 +0800] "GET /xingrg/all/function/internal_message.html?_=1638138440004&CODE_STATE=getMsg HTTP/1.1" 200 27
58.37.231.44 - - [29/Nov/2021:06:27:21 +0800] "GET /xingrg/all/function/internal_message.html?_=1638138272101&CODE_STATE=getMsg HTTP/1.1" 200 27
120.253.135.82 - - [29/Nov/2021:06:27:27 +0800] "GET /xingrg/kc/pszx/mdps_order_operate.html?command=get_materiel&pszx_code=00101&rest_code=00144&base_code=0010250&code=00102002881 HTTP/1.1" 200 455
120.253.135.82 - - [29/Nov/2021:06:27:33 +0800] "POST /xingrg/kc/pszx/mdps_order_operate.html HTTP/1.1" 200 37
120.253.135.82 - - [29/Nov/2021:06:27:33 +0800] "GET /xingrg/kc/pszx/mdps_order_info.html?code=312021112900704 HTTP/1.1" 200 23931
120.253.135.82 - - [29/Nov/2021:06:27:34 +0800] "POST /xingrg/kc/pszx/mdps_order_operate.html HTTP/1.1" 200 2301
120.253.135.82 - - [29/Nov/2021:06:27:34 +0800] "GET /xingrg/javascript/easyui/themes/default/validatebox.css HTTP/1.1" 404 1104
120.253.135.82 - - [29/Nov/2021:06:27:35 +0800] "POST /xingrg/kc/pszx/mdps_list_operate.html HTTP/1.1" 200 2063
172.20.0.100 - - [29/Nov/2021:06:27:38 +0800] "GET /xingrg/all/function/internal_message.html?_=1638138457995&CODE_STATE=getMsg HTTP/1.1" 200 27
120.253.135.82 - - [29/Nov/2021:06:27:40 +0800] "GET /xingrg/kc/buy/buy_main.html HTTP/1.1" 200 12341
120.253.135.82 - - [29/Nov/2021:06:27:40 +0800] "GET /xingrg/css/new_ie.css HTTP/1.1" 404 1036
120.253.135.82 - - [29/Nov/2021:06:27:40 +0800] "GET /xingrg/javascript/jquery_ui/themes/humanity/humanity.css HTTP/1.1" 304 -
120.253.135.82 - - [29/Nov/2021:06:27:40 +0800] "GET /xingrg/javascript/jquery_ui/jquery-ui.min.js HTTP/1.1" 304 -
120.253.135.82 - - [29/Nov/2021:06:27:40 +0800] "GET /xingrg/images/blue/button/cgxqd.gif HTTP/1.1" 304 -
120.253.135.82 - - [29/Nov/2021:06:27:40 +0800] "GET /xingrg/images/blue/button/cgshd.gif HTTP/1.1" 304 -
120.253.135.82 - - [29/Nov/2021:06:27:40 +0800] "GET /xingrg/images/blue/button/cgfkd.gif HTTP/1.1" 304 -
120.253.135.82 - - [29/Nov/2021:06:27:40 +0800] "GET /xingrg/images/blue/button/kc.gif HTTP/1.1" 304 -
120.253.135.82 - - [29/Nov/2021:06:27:40 +0800] "GET /xingrg/images/blue/button/right_ah.jpg HTTP/1.1" 304 -
120.253.135.82 - - [29/Nov/2021:06:27:40 +0800] "GET /xingrg/images/blue/button/ckthd.gif HTTP/1.1" 304 -
120.253.135.82 - - [29/Nov/2021:06:27:40 +0800] "GET /xingrg/javascript/jquery_ui/themes/humanity/images/ui-bg_inset-soft_100_f4f0ec_1x100.png HTTP/1.1" 304 -
120.253.135.82 - - [29/Nov/2021:06:27:40 +0800] "GET /xingrg/javascript/jquery_ui/themes/humanity/images/ui-iconsnew.jpg HTTP/1.1" 304 -
120.253.135.82 - - [29/Nov/2021:06:27:40 +0800] "GET /xingrg/javascript/jquery_ui/themes/humanity/images/ui-icons_ffffff_256x240.png HTTP/1.1" 304 -
120.253.135.82 - - [29/Nov/2021:06:27:40 +0800] "GET /xingrg/javascript/jquery_ui/themes/humanity/images/ui-icons_c47a23_256x240.png HTTP/1.1" 304 -
120.253.135.82 - - [29/Nov/2021:06:27:40 +0800] "GET /xingrg/javascript/jquery_ui/themes/humanity/images/ui-bg_glass_70_ede4d4_1x400.png HTTP/1.1" 304 -
222.70.171.86 - - [29/Nov/2021:06:27:40 +0800] "GET /xingrg/all/function/internal_message.html?_=1638138461541&CODE_STATE=getMsg HTTP/1.1" 200 27
120.253.135.82 - - [29/Nov/2021:06:27:40 +0800] "GET /xingrg/images/yd/bt.gif HTTP/1.1" 404 1040
120.253.135.82 - - [29/Nov/2021:06:27:42 +0800] "GET /xingrg/kc/buy/cgsh_order_list.html HTTP/1.1" 200 49140
120.253.135.82 - - [29/Nov/2021:06:27:43 +0800] "POST /xingrg/kc/buy/cgsh_list_operate.html HTTP/1.1" 200 876
120.253.135.82 - - [29/Nov/2021:06:27:44 +0800] "GET /xingrg/kc/buy/cgsh_order_add.html HTTP/1.1" 200 63939
120.253.135.82 - - [29/Nov/2021:06:27:44 +0800] "GET /xingrg/javascript/easyui/themes/icons/template_new.png HTTP/1.1" 304 -
120.253.135.82 - - [29/Nov/2021:06:27:44 +0800] "POST /xingrg/kc/buy/cgsh_order_operate.html HTTP/1.1" 200 8245
120.253.135.82 - - [29/Nov/2021:06:27:44 +0800] "GET /xingrg/all/common/auto_word.html?type=employee&rest_code=00101 HTTP/1.1" 200 1173
120.253.135.82 - - [29/Nov/2021:06:27:44 +0800] "GET /xingrg/all/common/auto_word.html?type=employee&rest_code=00101 HTTP/1.1" 200 1173
120.253.135.82 - - [29/Nov/2021:06:27:44 +0800] "GET /xingrg/javascript/easyui/themes/default/validatebox.css HTTP/1.1" 404 1104
120.253.135.82 - - [29/Nov/2021:06:27:49 +0800] "GET /xingrg/all/function/internal_message.html?_=1638138465228&CODE_STATE=getMsg HTTP/1.1" 200 27
120.253.135.82 - - [29/Nov/2021:06:27:53 +0800] "GET /xingrg/kc/buy/cgsh_order_operate.html?command=get_materiel&rest_code=00101&code=00101019536&supplier_code=&order_time=2021-11-29 HTTP/1.1" 200 469
120.253.135.82 - - [29/Nov/2021:06:27:55 +0800] "POST /xingrg/all/common/load_select.html HTTP/1.1" 200 25
120.253.135.82 - - [29/Nov/2021:06:27:58 +0800] "GET /xingrg/kc/buy/cgsh_order_operate.html?command=get_materiel_price&rest_code=00101&code=00101019536&unit_code=00100157&supplier_code=&order_time=2021-11-29 HTTP/1.1" 200 29
116.238.248.233 - - [29/Nov/2021:06:28:03 +0800] "GET /xingrg/all/function/internal_message.html?_=1638138482652&CODE_STATE=getMsg HTTP/1.1" 200 27
114.85.125.222 - - [29/Nov/2021:06:28:03 +0800] "GET /xingrg/all/function/internal_message.html?_=1638138452476&CODE_STATE=getMsg HTTP/1.1" 200 27
120.253.135.82 - - [29/Nov/2021:06:28:03 +0800] "GET /xingrg/kc/pszx/mdps_order_list.html?orderType=0 HTTP/1.1" 200 21089
120.253.135.82 - - [29/Nov/2021:06:28:03 +0800] "POST /xingrg/kc/pszx/mdps_list_operate.html HTTP/1.1" 200 5264
120.253.135.82 - - [29/Nov/2021:06:28:11 +0800] "GET /xingrg/check_reg.html?_=1638138267444 HTTP/1.1" 200 22
120.253.135.82 - - [29/Nov/2021:06:28:12 +0800] "GET /xingrg/all/function/internal_message.html?_=1638138267772&CODE_STATE=getMsg HTTP/1.1" 200 27
120.253.135.82 - - [29/Nov/2021:06:28:12 +0800] "GET /xingrg/kc/pszx/mdps_order_info.html?code=312021112800689 HTTP/1.1" 200 23931
120.253.135.82 - - [29/Nov/2021:06:28:12 +0800] "GET /xingrg/javascript/easyui/themes/default/validatebox.css HTTP/1.1" 404 1104
120.253.135.82 - - [29/Nov/2021:06:28:12 +0800] "POST /xingrg/kc/pszx/mdps_order_operate.html HTTP/1.1" 200 2812
222.70.171.86 - - [29/Nov/2021:06:28:14 +0800] "GET /xingrg/all/function/internal_message.html?_=1638138494884&CODE_STATE=getMsg HTTP/1.1" 200 27
120.253.135.82 - - [29/Nov/2021:06:28:17 +0800] "POST /xingrg/kc/pszx/mdps_list_operate.html HTTP/1.1" 200 2063
222.70.171.86 - - [29/Nov/2021:06:28:18 +0800] "GET /xingrg/all/function/internal_message.html?_=1638138498892&CODE_STATE=getMsg HTTP/1.1" 302 -
120.253.135.82 - - [29/Nov/2021:06:28:18 +0800] "POST /xingrg/kc/pszx/mdps_list_operate.html HTTP/1.1" 200 615
222.70.171.86 - - [29/Nov/2021:06:28:19 +0800] "GET /xingrg/all/function/internal_message.html?_=1638138500017&CODE_STATE=getMsg HTTP/1.1" 200 27
120.253.135.82 - - [29/Nov/2021:06:28:19 +0800] "GET /xingrg/kc/pszx/mdps_order_info.html?code=312021112900703 HTTP/1.1" 200 23931
120.253.135.82 - - [29/Nov/2021:06:28:20 +0800] "POST /xingrg/kc/pszx/mdps_order_operate.html HTTP/1.1" 200 10939
120.253.135.82 - - [29/Nov/2021:06:28:20 +0800] "GET /xingrg/javascript/easyui/themes/default/validatebox.css HTTP/1.1" 404 1104
58.37.231.44 - - [29/Nov/2021:06:28:21 +0800] "GET /xingrg/all/function/internal_message.html?_=1638138332079&CODE_STATE=getMsg HTTP/1.1" 200 27
172.20.0.100 - - [29/Nov/2021:06:28:38 +0800] "GET /xingrg/all/function/internal_message.html?_=1638138517988&CODE_STATE=getMsg HTTP/1.1" 200 27
222.70.171.86 - - [29/Nov/2021:06:28:40 +0800] "GET /xingrg/all/function/internal_message.html?_=1638138521545&CODE_STATE=getMsg HTTP/1.1" 200 27
120.253.135.82 - - [29/Nov/2021:06:28:45 +0800] "POST /xingrg/kc/pszx/mdps_order_operate.html HTTP/1.1" 200 37
120.253.135.82 - - [29/Nov/2021:06:28:45 +0800] "GET /xingrg/kc/pszx/mdps_order_info.html?code=312021112900703 HTTP/1.1" 200 23931
120.253.135.82 - - [29/Nov/2021:06:28:46 +0800] "GET /xingrg/javascript/easyui/themes/default/validatebox.css HTTP/1.1" 404 1104
120.253.135.82 - - [29/Nov/2021:06:28:46 +0800] "POST /xingrg/kc/pszx/mdps_order_operate.html HTTP/1.1" 200 9922
120.253.135.82 - - [29/Nov/2021:06:28:49 +0800] "GET /xingrg/all/function/internal_message.html?_=1638138525256&CODE_STATE=getMsg HTTP/1.1" 200 27
116.238.248.233 - - [29/Nov/2021:06:29:03 +0800] "GET /xingrg/all/function/internal_message.html?_=1638138542651&CODE_STATE=getMsg HTTP/1.1" 200 27
116.238.248.233 - - [29/Nov/2021:06:29:03 +0800] "GET /xingrg/check_reg.html?_=1638138542652 HTTP/1.1" 200 22
114.85.125.222 - - [29/Nov/2021:06:29:03 +0800] "GET /xingrg/all/function/internal_message.html?_=1638138512495&CODE_STATE=getMsg HTTP/1.1" 200 27
120.253.135.82 - - [29/Nov/2021:06:29:12 +0800] "GET /xingrg/all/function/internal_message.html?_=1638138327786&CODE_STATE=getMsg HTTP/1.1" 200 27
222.70.171.86 - - [29/Nov/2021:06:29:14 +0800] "GET /xingrg/all/function/internal_message.html?_=1638138554933&CODE_STATE=getMsg HTTP/1.1" 200 27
222.70.171.86 - - [29/Nov/2021:06:29:18 +0800] "GET /xingrg/all/function/internal_message.html?_=1638138558894&CODE_STATE=getMsg HTTP/1.1" 302 -
222.70.171.86 - - [29/Nov/2021:06:29:19 +0800] "GET /xingrg/all/function/internal_message.html?_=1638138560149&CODE_STATE=getMsg HTTP/1.1" 200 27
58.37.231.44 - - [29/Nov/2021:06:29:21 +0800] "GET /xingrg/all/function/internal_message.html?_=1638138392059&CODE_STATE=getMsg HTTP/1.1" 200 27
120.253.135.82 - - [29/Nov/2021:06:29:30 +0800] "GET /xingrg/check_reg.html?_=1638138566054 HTTP/1.1" 200 22
172.20.0.100 - - [29/Nov/2021:06:29:38 +0800] "GET /xingrg/all/function/internal_message.html?_=1638138577996&CODE_STATE=getMsg HTTP/1.1" 200 27
222.70.171.86 - - [29/Nov/2021:06:29:40 +0800] "GET /xingrg/all/function/internal_message.html?_=1638138581566&CODE_STATE=getMsg HTTP/1.1" 200 27
222.70.171.86 - - [29/Nov/2021:06:29:42 +0800] "GET /xingrg/check_reg.html?_=1638138583072 HTTP/1.1" 200 22
120.253.135.82 - - [29/Nov/2021:06:29:49 +0800] "GET /xingrg/all/function/internal_message.html?_=1638138585268&CODE_STATE=getMsg HTTP/1.1" 200 27
114.85.125.222 - - [29/Nov/2021:06:29:52 +0800] "GET /xingrg/check_reg.html?_=1638138561817 HTTP/1.1" 200 22
120.253.135.82 - - [29/Nov/2021:06:29:57 +0800] "POST /xingrg/kc/pszx/mdps_order_operate.html HTTP/1.1" 200 37
120.253.135.82 - - [29/Nov/2021:06:29:58 +0800] "GET /xingrg/kc/pszx/mdps_order_info.html?code=312021112900703 HTTP/1.1" 200 23931
120.253.135.82 - - [29/Nov/2021:06:29:59 +0800] "GET /xingrg/javascript/easyui/themes/default/validatebox.css HTTP/1.1" 404 1104
120.253.135.82 - - [29/Nov/2021:06:29:59 +0800] "POST /xingrg/kc/pszx/mdps_order_operate.html HTTP/1.1" 200 9922
120.253.135.82 - - [29/Nov/2021:06:30:00 +0800] "POST /xingrg/kc/pszx/mdps_list_operate.html HTTP/1.1" 200 2063
116.238.248.233 - - [29/Nov/2021:06:30:03 +0800] "GET /xingrg/all/function/internal_message.html?_=1638138602664&CODE_STATE=getMsg HTTP/1.1" 200 27
114.85.125.222 - - [29/Nov/2021:06:30:03 +0800] "GET /xingrg/all/function/internal_message.html?_=1638138572503&CODE_STATE=getMsg HTTP/1.1" 200 27
120.253.135.82 - - [29/Nov/2021:06:30:04 +0800] "POST /xingrg/kc/pszx/mdps_list_operate.html HTTP/1.1" 200 616
120.253.135.82 - - [29/Nov/2021:06:30:04 +0800] "GET /xingrg/kc/pszx/mdps_order_info.html?code=312021112900703 HTTP/1.1" 200 23931
120.253.135.82 - - [29/Nov/2021:06:30:05 +0800] "POST /xingrg/kc/pszx/mdps_order_operate.html HTTP/1.1" 200 9922
120.253.135.82 - - [29/Nov/2021:06:30:05 +0800] "GET /xingrg/javascript/easyui/themes/default/validatebox.css HTTP/1.1" 404 1104
120.253.135.82 - - [29/Nov/2021:06:30:07 +0800] "GET /xingrg/kc/print/load_data.html?order_code=312021112900703&kc_code=mdps&condition= HTTP/1.1" 200 4243
222.70.171.86 - - [29/Nov/2021:06:30:09 +0800] "GET /xingrg/check_reg.html?_=1638138609957 HTTP/1.1" 302 -
120.253.135.82 - - [29/Nov/2021:06:30:12 +0800] "GET /xingrg/all/function/internal_message.html?_=1638138387799&CODE_STATE=getMsg HTTP/1.1" 200 27
120.253.135.82 - - [29/Nov/2021:06:30:13 +0800] "POST /xingrg/kc/pszx/mdps_list_operate.html HTTP/1.1" 200 2063
222.70.171.86 - - [29/Nov/2021:06:30:14 +0800] "GET /xingrg/all/function/internal_message.html?_=1638138614943&CODE_STATE=getMsg HTTP/1.1" 200 27
120.253.135.82 - - [29/Nov/2021:06:30:14 +0800] "POST /xingrg/kc/pszx/mdps_list_operate.html HTTP/1.1" 200 215
120.253.135.82 - - [29/Nov/2021:06:30:16 +0800] "GET /xingrg/kc/pszx/mdps_order_info.html?code=312021112900704 HTTP/1.1" 200 23931
120.253.135.82 - - [29/Nov/2021:06:30:16 +0800] "POST /xingrg/kc/pszx/mdps_order_operate.html HTTP/1.1" 200 2301
120.253.135.82 - - [29/Nov/2021:06:30:16 +0800] "GET /xingrg/javascript/easyui/themes/default/validatebox.css HTTP/1.1" 404 1104
222.70.171.86 - - [29/Nov/2021:06:30:18 +0800] "GET /xingrg/all/function/internal_message.html?_=1638138618909&CODE_STATE=getMsg HTTP/1.1" 302 -
120.253.135.82 - - [29/Nov/2021:06:30:18 +0800] "GET /xingrg/kc/print/load_data.html?order_code=312021112900704&kc_code=mdps&condition= HTTP/1.1" 200 709
222.70.171.86 - - [29/Nov/2021:06:30:19 +0800] "GET /xingrg/all/function/internal_message.html?_=1638138620154&CODE_STATE=getMsg HTTP/1.1" 200 27
58.37.231.44 - - [29/Nov/2021:06:30:21 +0800] "GET /xingrg/all/function/internal_message.html?_=1638138452038&CODE_STATE=getMsg HTTP/1.1" 200 27
222.70.171.86 - - [29/Nov/2021:06:30:24 +0800] "GET /xingrg/check_reg.html?_=1638138624771 HTTP/1.1" 200 22
120.253.135.82 - - [29/Nov/2021:06:30:24 +0800] "POST /xingrg/kc/pszx/mdps_list_operate.html HTTP/1.1" 200 2063
172.20.0.100 - - [29/Nov/2021:06:30:38 +0800] "GET /xingrg/all/function/internal_message.html?_=1638138637999&CODE_STATE=getMsg HTTP/1.1" 200 27
172.20.0.100 - - [29/Nov/2021:06:30:38 +0800] "GET /xingrg/check_reg.html?_=1638138638002 HTTP/1.1" 200 22
222.70.171.86 - - [29/Nov/2021:06:30:40 +0800] "GET /xingrg/all/function/internal_message.html?_=1638138641573&CODE_STATE=getMsg HTTP/1.1" 200 27
120.253.135.82 - - [29/Nov/2021:06:30:49 +0800] "GET /xingrg/all/function/internal_message.html?_=1638138645281&CODE_STATE=getMsg HTTP/1.1" 200 27
58.37.231.44 - - [29/Nov/2021:06:30:57 +0800] "GET /xingrg/check_reg.html?_=1638138488003 HTTP/1.1" 200 22
116.238.248.233 - - [29/Nov/2021:06:31:03 +0800] "GET /xingrg/all/function/internal_message.html?_=1638138662670&CODE_STATE=getMsg HTTP/1.1" 200 27
114.85.125.222 - - [29/Nov/2021:06:31:03 +0800] "GET /xingrg/all/function/internal_message.html?_=1638138632518&CODE_STATE=getMsg HTTP/1.1" 200 27
120.253.135.82 - - [29/Nov/2021:06:31:12 +0800] "GET /xingrg/all/function/internal_message.html?_=1638138447875&CODE_STATE=getMsg HTTP/1.1" 200 27
222.70.171.86 - - [29/Nov/2021:06:31:14 +0800] "GET /xingrg/all/function/internal_message.html?_=1638138674988&CODE_STATE=getMsg HTTP/1.1" 200 27
222.70.171.86 - - [29/Nov/2021:06:31:18 +0800] "GET /xingrg/all/function/internal_message.html?_=1638138679260&CODE_STATE=getMsg HTTP/1.1" 302 -
222.70.171.86 - - [29/Nov/2021:06:31:19 +0800] "GET /xingrg/all/function/internal_message.html?_=1638138680167&CODE_STATE=getMsg HTTP/1.1" 200 27
58.37.231.44 - - [29/Nov/2021:06:31:21 +0800] "GET /xingrg/all/function/internal_message.html?_=1638138512014&CODE_STATE=getMsg HTTP/1.1" 200 27
172.20.0.100 - - [29/Nov/2021:06:31:38 +0800] "GET /xingrg/all/function/internal_message.html?_=1638138697987&CODE_STATE=getMsg HTTP/1.1" 200 27
222.70.171.86 - - [29/Nov/2021:06:31:40 +0800] "GET /xingrg/all/function/internal_message.html?_=1638138701586&CODE_STATE=getMsg HTTP/1.1" 200 27
120.253.135.82 - - [29/Nov/2021:06:31:49 +0800] "GET /xingrg/all/function/internal_message.html?_=1638138705306&CODE_STATE=getMsg HTTP/1.1" 200 27
116.238.248.233 - - [29/Nov/2021:06:32:03 +0800] "GET /xingrg/all/function/internal_message.html?_=1638138722674&CODE_STATE=getMsg HTTP/1.1" 200 27
114.85.125.222 - - [29/Nov/2021:06:32:03 +0800] "GET /xingrg/all/function/internal_message.html?_=1638138692537&CODE_STATE=getMsg HTTP/1.1" 200 27
222.70.171.86 - - [29/Nov/2021:06:32:10 +0800] "GET /xingrg/check_reg.html?_=1638138731460 HTTP/1.1" 200 22
120.253.135.82 - - [29/Nov/2021:06:32:12 +0800] "GET /xingrg/all/function/internal_message.html?_=1638138507889&CODE_STATE=getMsg HTTP/1.1" 200 27
222.70.171.86 - - [29/Nov/2021:06:32:14 +0800] "GET /xingrg/all/function/internal_message.html?_=1638138735001&CODE_STATE=getMsg HTTP/1.1" 200 27
222.70.171.86 - - [29/Nov/2021:06:32:18 +0800] "GET /xingrg/all/function/internal_message.html?_=1638138739263&CODE_STATE=getMsg HTTP/1.1" 302 -
222.70.171.86 - - [29/Nov/2021:06:32:19 +0800] "GET /xingrg/all/function/internal_message.html?_=1638138740301&CODE_STATE=getMsg HTTP/1.1" 200 27
58.37.231.44 - - [29/Nov/2021:06:32:21 +0800] "GET /xingrg/all/function/internal_message.html?_=1638138571984&CODE_STATE=getMsg HTTP/1.1" 200 27
172.20.0.100 - - [29/Nov/2021:06:32:38 +0800] "GET /xingrg/all/function/internal_message.html?_=1638138757994&CODE_STATE=getMsg HTTP/1.1" 200 27
222.70.171.86 - - [29/Nov/2021:06:32:40 +0800] "GET /xingrg/all/function/internal_message.html?_=1638138761609&CODE_STATE=getMsg HTTP/1.1" 200 27
120.253.135.82 - - [29/Nov/2021:06:32:49 +0800] "GET /xingrg/all/function/internal_message.html?_=1638138765312&CODE_STATE=getMsg HTTP/1.1" 200 27
180.157.253.6 - - [29/Nov/2021:06:32:58 +0800] "POST /xingrg/services/DataTransmitService HTTP/1.1" 200 524
116.238.248.233 - - [29/Nov/2021:06:33:03 +0800] "GET /xingrg/all/function/internal_message.html?_=1638138782674&CODE_STATE=getMsg HTTP/1.1" 200 27
114.85.125.222 - - [29/Nov/2021:06:33:03 +0800] "GET /xingrg/all/function/internal_message.html?_=1638138752545&CODE_STATE=getMsg HTTP/1.1" 200 27
120.253.135.82 - - [29/Nov/2021:06:33:11 +0800] "GET /xingrg/check_reg.html?_=1638138567512 HTTP/1.1" 200 22
120.253.135.82 - - [29/Nov/2021:06:33:12 +0800] "GET /xingrg/all/function/internal_message.html?_=1638138567901&CODE_STATE=getMsg HTTP/1.1" 200 27
222.70.171.86 - - [29/Nov/2021:06:33:14 +0800] "GET /xingrg/all/function/internal_message.html?_=1638138795015&CODE_STATE=getMsg HTTP/1.1" 200 27
222.70.171.86 - - [29/Nov/2021:06:33:18 +0800] "GET /xingrg/all/function/internal_message.html?_=1638138799635&CODE_STATE=getMsg HTTP/1.1" 302 -
222.70.171.86 - - [29/Nov/2021:06:33:19 +0800] "GET /xingrg/all/function/internal_message.html?_=1638138800304&CODE_STATE=getMsg HTTP/1.1" 200 27
58.37.231.44 - - [29/Nov/2021:06:33:21 +0800] "GET /xingrg/all/function/internal_message.html?_=1638138631961&CODE_STATE=getMsg HTTP/1.1" 200 27
172.20.0.100 - - [29/Nov/2021:06:33:38 +0800] "GET /xingrg/all/function/internal_message.html?_=1638138817997&CODE_STATE=getMsg HTTP/1.1" 200 27
222.70.171.86 - - [29/Nov/2021:06:33:40 +0800] "GET /xingrg/all/function/internal_message.html?_=1638138821613&CODE_STATE=getMsg HTTP/1.1" 200 27
120.253.135.82 - - [29/Nov/2021:06:33:49 +0800] "GET /xingrg/all/function/internal_message.html?_=1638138825334&CODE_STATE=getMsg HTTP/1.1" 200 27
116.238.248.233 - - [29/Nov/2021:06:34:03 +0800] "GET /xingrg/check_reg.html?_=1638138842687 HTTP/1.1" 200 22
116.238.248.233 - - [29/Nov/2021:06:34:03 +0800] "GET /xingrg/all/function/internal_message.html?_=1638138842689&CODE_STATE=getMsg HTTP/1.1" 200 27
114.85.125.222 - - [29/Nov/2021:06:34:03 +0800] "GET /xingrg/all/function/internal_message.html?_=1638138812565&CODE_STATE=getMsg HTTP/1.1" 200 27
120.253.135.82 - - [29/Nov/2021:06:34:12 +0800] "GET /xingrg/all/function/internal_message.html?_=1638138627916&CODE_STATE=getMsg HTTP/1.1" 200 27
222.70.171.86 - - [29/Nov/2021:06:34:14 +0800] "GET /xingrg/all/function/internal_message.html?_=1638138855062&CODE_STATE=getMsg HTTP/1.1" 200 27
222.70.171.86 - - [29/Nov/2021:06:34:18 +0800] "GET /xingrg/all/function/internal_message.html?_=1638138859648&CODE_STATE=getMsg HTTP/1.1" 302 -
222.70.171.86 - - [29/Nov/2021:06:34:19 +0800] "GET /xingrg/all/function/internal_message.html?_=1638138860433&CODE_STATE=getMsg HTTP/1.1" 200 27
58.37.231.44 - - [29/Nov/2021:06:34:21 +0800] "GET /xingrg/all/function/internal_message.html?_=1638138691970&CODE_STATE=getMsg HTTP/1.1" 200 27
120.253.135.82 - - [29/Nov/2021:06:34:30 +0800] "GET /xingrg/check_reg.html?_=1638138866057 HTTP/1.1" 200 22
172.20.0.100 - - [29/Nov/2021:06:34:38 +0800] "GET /xingrg/all/function/internal_message.html?_=1638138877986&CODE_STATE=getMsg HTTP/1.1" 200 27
222.70.171.86 - - [29/Nov/2021:06:34:40 +0800] "GET /xingrg/all/function/internal_message.html?_=1638138881637&CODE_STATE=getMsg HTTP/1.1" 200 27
222.70.171.86 - - [29/Nov/2021:06:34:42 +0800] "GET /xingrg/check_reg.html?_=1638138883077 HTTP/1.1" 200 22
120.253.135.82 - - [29/Nov/2021:06:34:49 +0800] "GET /xingrg/all/function/internal_message.html?_=1638138885337&CODE_STATE=getMsg HTTP/1.1" 200 27
114.85.125.222 - - [29/Nov/2021:06:34:52 +0800] "GET /xingrg/check_reg.html?_=1638138861823 HTTP/1.1" 200 22
116.238.248.233 - - [29/Nov/2021:06:35:03 +0800] "GET /xingrg/all/function/internal_message.html?_=1638138902687&CODE_STATE=getMsg HTTP/1.1" 200 27
114.85.125.222 - - [29/Nov/2021:06:35:03 +0800] "GET /xingrg/all/function/internal_message.html?_=1638138872573&CODE_STATE=getMsg HTTP/1.1" 200 27
222.70.171.86 - - [29/Nov/2021:06:35:09 +0800] "GET /xingrg/check_reg.html?_=1638138910311 HTTP/1.1" 302 -
120.253.135.82 - - [29/Nov/2021:06:35:12 +0800] "GET /xingrg/all/function/internal_message.html?_=1638138687929&CODE_STATE=getMsg HTTP/1.1" 200 27
222.70.171.86 - - [29/Nov/2021:06:35:14 +0800] "GET /xingrg/all/function/internal_message.html?_=1638138915073&CODE_STATE=getMsg HTTP/1.1" 200 27
222.70.171.86 - - [29/Nov/2021:06:35:18 +0800] "GET /xingrg/all/function/internal_message.html?_=1638138919662&CODE_STATE=getMsg HTTP/1.1" 302 -
222.70.171.86 - - [29/Nov/2021:06:35:19 +0800] "GET /xingrg/all/function/internal_message.html?_=1638138920440&CODE_STATE=getMsg HTTP/1.1" 200 27
58.37.231.44 - - [29/Nov/2021:06:35:21 +0800] "GET /xingrg/all/function/internal_message.html?_=1638138751950&CODE_STATE=getMsg HTTP/1.1" 200 27
222.70.171.86 - - [29/Nov/2021:06:35:24 +0800] "GET /xingrg/check_reg.html?_=1638138924781 HTTP/1.1" 200 22
58.40.7.146 - - [29/Nov/2021:06:35:29 +0800] "POST /xingrg/services/DataTransmitService HTTP/1.1" 200 524
114.84.2.174 - - [29/Nov/2021:06:35:29 +0800] "POST /xingrg/services/DataTransmitService HTTP/1.1" 200 524
114.84.2.174 - - [29/Nov/2021:06:35:30 +0800] "POST /xingrg/services/DataTransmitService HTTP/1.1" 200 501
172.20.0.100 - - [29/Nov/2021:06:35:38 +0800] "GET /xingrg/all/function/internal_message.html?_=1638138937990&CODE_STATE=getMsg HTTP/1.1" 200 27
172.20.0.100 - - [29/Nov/2021:06:35:38 +0800] "GET /xingrg/check_reg.html?_=1638138937993 HTTP/1.1" 200 22
222.70.171.86 - - [29/Nov/2021:06:35:40 +0800] "GET /xingrg/all/function/internal_message.html?_=1638138941640&CODE_STATE=getMsg HTTP/1.1" 200 27
120.253.135.82 - - [29/Nov/2021:06:35:49 +0800] "GET /xingrg/all/function/internal_message.html?_=1638138945350&CODE_STATE=getMsg HTTP/1.1" 200 27
58.37.231.44 - - [29/Nov/2021:06:35:57 +0800] "GET /xingrg/check_reg.html?_=1638138788038 HTTP/1.1" 200 22
114.85.125.222 - - [29/Nov/2021:06:36:00 +0800] "POST /xingrg/services/DataTransmitService HTTP/1.1" 200 524
116.238.248.233 - - [29/Nov/2021:06:36:03 +0800] "GET /xingrg/all/function/internal_message.html?_=1638138962699&CODE_STATE=getMsg HTTP/1.1" 200 27
114.85.125.222 - - [29/Nov/2021:06:36:03 +0800] "GET /xingrg/all/function/internal_message.html?_=1638138932586&CODE_STATE=getMsg HTTP/1.1" 200 27
120.253.135.82 - - [29/Nov/2021:06:36:12 +0800] "GET /xingrg/all/function/internal_message.html?_=1638138748087&CODE_STATE=getMsg HTTP/1.1" 200 27
222.70.171.86 - - [29/Nov/2021:06:36:14 +0800] "GET /xingrg/all/function/internal_message.html?_=1638138975120&CODE_STATE=getMsg HTTP/1.1" 200 27
222.70.171.86 - - [29/Nov/2021:06:36:19 +0800] "GET /xingrg/all/function/internal_message.html?_=1638138980013&CODE_STATE=getMsg HTTP/1.1" 302 -
222.70.171.86 - - [29/Nov/2021:06:36:19 +0800] "GET /xingrg/all/function/internal_message.html?_=1638138980453&CODE_STATE=getMsg HTTP/1.1" 200 27
58.37.231.44 - - [29/Nov/2021:06:36:21 +0800] "GET /xingrg/all/function/internal_message.html?_=1638138811924&CODE_STATE=getMsg HTTP/1.1" 200 27
172.20.0.100 - - [29/Nov/2021:06:36:38 +0800] "GET /xingrg/all/function/internal_message.html?_=1638138997994&CODE_STATE=getMsg HTTP/1.1" 200 27
222.70.171.86 - - [29/Nov/2021:06:36:40 +0800] "GET /xingrg/all/function/internal_message.html?_=1638139001654&CODE_STATE=getMsg HTTP/1.1" 200 27
120.253.135.82 - - [29/Nov/2021:06:36:49 +0800] "GET /xingrg/all/function/internal_message.html?_=1638139005378&CODE_STATE=getMsg HTTP/1.1" 200 27
180.171.133.10 - - [29/Nov/2021:06:36:55 +0800] "POST /xingrg/services/DataTransmitService HTTP/1.1" 200 524
116.238.248.233 - - [29/Nov/2021:06:37:03 +0800] "GET /xingrg/all/function/internal_message.html?_=1638139022697&CODE_STATE=getMsg HTTP/1.1" 200 27
114.85.125.222 - - [29/Nov/2021:06:37:03 +0800] "GET /xingrg/all/function/internal_message.html?_=1638138992606&CODE_STATE=getMsg HTTP/1.1" 200 27
222.70.171.86 - - [29/Nov/2021:06:37:10 +0800] "GET /xingrg/check_reg.html?_=1638139031466 HTTP/1.1" 200 22
120.253.135.82 - - [29/Nov/2021:06:37:12 +0800] "GET /xingrg/all/function/internal_message.html?_=1638138808097&CODE_STATE=getMsg HTTP/1.1" 200 27
222.70.171.86 - - [29/Nov/2021:06:37:14 +0800] "GET /xingrg/all/function/internal_message.html?_=1638139035132&CODE_STATE=getMsg HTTP/1.1" 200 27
222.70.171.86 - - [29/Nov/2021:06:37:19 +0800] "GET /xingrg/all/function/internal_message.html?_=1638139040017&CODE_STATE=getMsg HTTP/1.1" 302 -
222.70.171.86 - - [29/Nov/2021:06:37:19 +0800] "GET /xingrg/all/function/internal_message.html?_=1638139040586&CODE_STATE=getMsg HTTP/1.1" 200 27
58.37.231.44 - - [29/Nov/2021:06:37:21 +0800] "GET /xingrg/all/function/internal_message.html?_=1638138871903&CODE_STATE=getMsg HTTP/1.1" 200 27
172.20.0.100 - - [29/Nov/2021:06:37:38 +0800] "GET /xingrg/all/function/internal_message.html?_=1638139057998&CODE_STATE=getMsg HTTP/1.1" 200 27
222.70.171.86 - - [29/Nov/2021:06:37:41 +0800] "GET /xingrg/all/function/internal_message.html?_=1638139061676&CODE_STATE=getMsg HTTP/1.1" 200 27
120.253.135.82 - - [29/Nov/2021:06:37:49 +0800] "GET /xingrg/all/function/internal_message.html?_=1638139065393&CODE_STATE=getMsg HTTP/1.1" 200 27
116.238.248.233 - - [29/Nov/2021:06:38:03 +0800] "GET /xingrg/all/function/internal_message.html?_=1638139082694&CODE_STATE=getMsg HTTP/1.1" 200 27
114.85.125.222 - - [29/Nov/2021:06:38:03 +0800] "GET /xingrg/all/function/internal_message.html?_=1638139052613&CODE_STATE=getMsg HTTP/1.1" 200 27
120.253.135.82 - - [29/Nov/2021:06:38:12 +0800] "GET /xingrg/check_reg.html?_=1638138867583 HTTP/1.1" 200 22
120.253.135.82 - - [29/Nov/2021:06:38:12 +0800] "GET /xingrg/all/function/internal_message.html?_=1638138868110&CODE_STATE=getMsg HTTP/1.1" 200 27
222.70.171.86 - - [29/Nov/2021:06:38:14 +0800] "GET /xingrg/all/function/internal_message.html?_=1638139095145&CODE_STATE=getMsg HTTP/1.1" 200 27
222.70.171.86 - - [29/Nov/2021:06:38:19 +0800] "GET /xingrg/all/function/internal_message.html?_=1638139100387&CODE_STATE=getMsg HTTP/1.1" 302 -
222.70.171.86 - - [29/Nov/2021:06:38:19 +0800] "GET /xingrg/all/function/internal_message.html?_=1638139100589&CODE_STATE=getMsg HTTP/1.1" 200 27
58.37.231.44 - - [29/Nov/2021:06:38:21 +0800] "GET /xingrg/all/function/internal_message.html?_=1638138931875&CODE_STATE=getMsg HTTP/1.1" 200 27
172.20.0.100 - - [29/Nov/2021:06:38:38 +0800] "GET /xingrg/all/function/internal_message.html?_=1638139117985&CODE_STATE=getMsg HTTP/1.1" 200 27
222.70.171.86 - - [29/Nov/2021:06:38:41 +0800] "GET /xingrg/all/function/internal_message.html?_=1638139121681&CODE_STATE=getMsg HTTP/1.1" 200 27
124.78.153.86 - - [29/Nov/2021:06:38:44 +0800] "POST /xingrg/services/DataTransmitService HTTP/1.1" 200 524
124.78.153.86 - - [29/Nov/2021:06:38:44 +0800] "POST /xingrg/services/DataTransmitService HTTP/1.1" 200 501
120.253.135.82 - - [29/Nov/2021:06:38:49 +0800] "GET /xingrg/all/function/internal_message.html?_=1638139125418&CODE_STATE=getMsg HTTP/1.1" 200 27
116.238.248.233 - - [29/Nov/2021:06:39:03 +0800] "GET /xingrg/all/function/internal_message.html?_=1638139142694&CODE_STATE=getMsg HTTP/1.1" 200 27
116.238.248.233 - - [29/Nov/2021:06:39:03 +0800] "GET /xingrg/check_reg.html?_=1638139142715 HTTP/1.1" 200 22
114.85.125.222 - - [29/Nov/2021:06:39:03 +0800] "GET /xingrg/all/function/internal_message.html?_=1638139112633&CODE_STATE=getMsg HTTP/1.1" 200 27
120.253.135.82 - - [29/Nov/2021:06:39:12 +0800] "GET /xingrg/all/function/internal_message.html?_=1638138928124&CODE_STATE=getMsg HTTP/1.1" 200 27
222.70.171.86 - - [29/Nov/2021:06:39:14 +0800] "GET /xingrg/all/function/internal_message.html?_=1638139155193&CODE_STATE=getMsg HTTP/1.1" 200 27
222.70.171.86 - - [29/Nov/2021:06:39:19 +0800] "GET /xingrg/all/function/internal_message.html?_=1638139160387&CODE_STATE=getMsg HTTP/1.1" 302 -
222.70.171.86 - - [29/Nov/2021:06:39:20 +0800] "GET /xingrg/all/function/internal_message.html?_=1638139160723&CODE_STATE=getMsg HTTP/1.1" 200 27
58.37.231.44 - - [29/Nov/2021:06:39:21 +0800] "GET /xingrg/all/function/internal_message.html?_=1638138991856&CODE_STATE=getMsg HTTP/1.1" 200 27
120.253.135.82 - - [29/Nov/2021:06:39:30 +0800] "GET /xingrg/check_reg.html?_=1638139166063 HTTP/1.1" 200 22
172.20.0.100 - - [29/Nov/2021:06:39:38 +0800] "GET /xingrg/all/function/internal_message.html?_=1638139177991&CODE_STATE=getMsg HTTP/1.1" 200 27
222.70.171.86 - - [29/Nov/2021:06:39:41 +0800] "GET /xingrg/all/function/internal_message.html?_=1638139181704&CODE_STATE=getMsg HTTP/1.1" 200 27
222.70.171.86 - - [29/Nov/2021:06:39:42 +0800] "GET /xingrg/check_reg.html?_=1638139183083 HTTP/1.1" 200 22
120.253.135.82 - - [29/Nov/2021:06:39:49 +0800] "GET /xingrg/all/function/internal_message.html?_=1638139185436&CODE_STATE=getMsg HTTP/1.1" 200 27
114.85.125.222 - - [29/Nov/2021:06:39:52 +0800] "GET /xingrg/check_reg.html?_=1638139161829 HTTP/1.1" 200 22
116.238.248.233 - - [29/Nov/2021:06:40:03 +0800] "GET /xingrg/all/function/internal_message.html?_=1638139202714&CODE_STATE=getMsg HTTP/1.1" 200 27
114.85.125.222 - - [29/Nov/2021:06:40:03 +0800] "GET /xingrg/all/function/internal_message.html?_=1638139172640&CODE_STATE=getMsg HTTP/1.1" 200 27
222.70.171.86 - - [29/Nov/2021:06:40:09 +0800] "GET /xingrg/check_reg.html?_=1638139210685 HTTP/1.1" 302 -
222.70.171.86 - - [29/Nov/2021:06:40:12 +0800] "POST /xingrg/kc/buy/cgsh_list_operate.html HTTP/1.1" 302 -
120.253.135.82 - - [29/Nov/2021:06:40:12 +0800] "GET /xingrg/all/function/internal_message.html?_=1638138988138&CODE_STATE=getMsg HTTP/1.1" 200 27
222.70.171.86 - - [29/Nov/2021:06:40:14 +0800] "GET /xingrg/all/function/internal_message.html?_=1638139215204&CODE_STATE=getMsg HTTP/1.1" 200 27
222.70.171.86 - - [29/Nov/2021:06:40:20 +0800] "GET /xingrg/all/function/internal_message.html?_=1638139220726&CODE_STATE=getMsg HTTP/1.1" 200 27
58.37.231.44 - - [29/Nov/2021:06:40:21 +0800] "GET /xingrg/all/function/internal_message.html?_=1638139051844&CODE_STATE=getMsg HTTP/1.1" 200 27
222.70.171.86 - - [29/Nov/2021:06:40:23 +0800] "GET /xingrg/login.html HTTP/1.1" 200 7641
222.70.171.86 - - [29/Nov/2021:06:40:23 +0800] "GET /favicon.ico HTTP/1.1" 404 -
222.70.171.86 - - [29/Nov/2021:06:40:24 +0800] "GET /xingrg/check_reg.html?_=1638139224782 HTTP/1.1" 200 22
222.70.171.86 - - [29/Nov/2021:06:40:25 +0800] "POST /xingrg/login.do HTTP/1.1" 302 -
222.70.171.86 - - [29/Nov/2021:06:40:25 +0800] "GET /xingrg/index.html?sysBaseUrl=http%3A%2F%2F180.169.147.146%3A18081%2Fxingrg%2F&costTime=38×tamp=1638139225273 HTTP/1.1" 200 17179
222.70.171.86 - - [29/Nov/2021:06:40:25 +0800] "GET /xingrg/javascript/jquery_easy_ui/themes/icon.css HTTP/1.1" 304 -
222.70.171.86 - - [29/Nov/2021:06:40:25 +0800] "GET /xingrg/javascript/jquery_easy_ui/themes/default/easyui.css HTTP/1.1" 304 -
222.70.171.86 - - [29/Nov/2021:06:40:25 +0800] "GET /xingrg/css/form.css HTTP/1.1" 304 -
222.70.171.86 - - [29/Nov/2021:06:40:25 +0800] "GET /xingrg/javascript/jquery-1.4.2.min.js HTTP/1.1" 304 -
222.70.171.86 - - [29/Nov/2021:06:40:25 +0800] "GET /xingrg/javascript/jquery_easy_ui/easyui-lang-zh_CN.js HTTP/1.1" 304 -
222.70.171.86 - - [29/Nov/2021:06:40:25 +0800] "GET /xingrg/javascript/jquery.form.js HTTP/1.1" 304 -
222.70.171.86 - - [29/Nov/2021:06:40:25 +0800] "GET /xingrg/javascript/jquery_easy_ui/jquery.easyui.min.js HTTP/1.1" 304 -
222.70.171.86 - - [29/Nov/2021:06:40:25 +0800] "GET /xingrg/javascript/jquery.utils.js HTTP/1.1" 304 -
222.70.171.86 - - [29/Nov/2021:06:40:25 +0800] "GET /xingrg/javascript/jquery.timers.js HTTP/1.1" 304 -
222.70.171.86 - - [29/Nov/2021:06:40:25 +0800] "GET /favicon.ico HTTP/1.1" 404 -
222.70.171.86 - - [29/Nov/2021:06:40:25 +0800] "POST /xingrg/all/common/load_tree.html?tree=area_rest_tree_json&manage=1 HTTP/1.1" 200 479
222.70.171.86 - - [29/Nov/2021:06:40:25 +0800] "GET /xingrg/all/function/internal_message.html?_=1638139226329&CODE_STATE=count HTTP/1.1" 200 11
222.70.171.86 - - [29/Nov/2021:06:40:25 +0800] "GET /xingrg/check_reg.html?_=1638139226332 HTTP/1.1" 200 22
222.70.171.86 - - [29/Nov/2021:06:40:25 +0800] "POST /xingrg/load_menu.html HTTP/1.1" 200 5138
222.70.171.86 - - [29/Nov/2021:06:40:29 +0800] "GET /xingrg/css/base.css HTTP/1.1" 304 -
222.70.171.86 - - [29/Nov/2021:06:40:29 +0800] "GET /xingrg/css/site.css HTTP/1.1" 304 -
222.70.171.86 - - [29/Nov/2021:06:40:29 +0800] "GET /xingrg/javascript/jquery_tools/datebox.css HTTP/1.1" 304 -
222.70.171.86 - - [29/Nov/2021:06:40:29 +0800] "GET /xingrg/javascript/jquery_tools/fix.css HTTP/1.1" 304 -
222.70.171.86 - - [29/Nov/2021:06:40:29 +0800] "GET /xingrg/javascript/easyui/themes/default/easyui.css HTTP/1.1" 304 -
222.70.171.86 - - [29/Nov/2021:06:40:29 +0800] "GET /xingrg/javascript/jquery_tools/table.css HTTP/1.1" 304 -
222.70.171.86 - - [29/Nov/2021:06:40:29 +0800] "GET /xingrg/javascript/easyui/themes/icon.css HTTP/1.1" 304 -
222.70.171.86 - - [29/Nov/2021:06:40:29 +0800] "GET /xingrg/javascript/auto/jquery.autocomplete.css HTTP/1.1" 304 -
222.70.171.86 - - [29/Nov/2021:06:40:29 +0800] "GET /xingrg/javascript/jquery_tools/jquery.tools.extend.js HTTP/1.1" 304 -
222.70.171.86 - - [29/Nov/2021:06:40:29 +0800] "GET /xingrg/javascript/jquery_tools/jquery.tools.min.js HTTP/1.1" 304 -
222.70.171.86 - - [29/Nov/2021:06:40:29 +0800] "GET /xingrg/javascript/auto/jquery.autocomplete.js HTTP/1.1" 304 -
222.70.171.86 - - [29/Nov/2021:06:40:29 +0800] "GET /xingrg/javascript/easyui/easyloader.js HTTP/1.1" 304 -
222.70.171.86 - - [29/Nov/2021:06:40:29 +0800] "GET /xingrg/javascript/jquery_tools/jquery.tools.hotkey.js HTTP/1.1" 304 -
222.70.171.86 - - [29/Nov/2021:06:40:29 +0800] "GET /xingrg/javascript/print/LodopFuncs.js HTTP/1.1" 304 -
222.70.171.86 - - [29/Nov/2021:06:40:29 +0800] "GET /xingrg/javascript/jquery_tools/list_manager.js HTTP/1.1" 304 -
222.70.171.86 - - [29/Nov/2021:06:40:29 +0800] "GET /xingrg/javascript/jquery_tools/jquery.tools.table.js HTTP/1.1" 304 -
222.70.171.86 - - [29/Nov/2021:06:40:29 +0800] "GET /xingrg/javascript/jquery.cookie.js HTTP/1.1" 304 -
222.70.171.86 - - [29/Nov/2021:06:40:29 +0800] "GET /xingrg/kc/buy/cgsh_order_list.html HTTP/1.1" 200 49146
222.70.171.86 - - [29/Nov/2021:06:40:29 +0800] "GET /xingrg/javascript/easyui/plugins/jquery.parser.js HTTP/1.1" 304 -
222.70.171.86 - - [29/Nov/2021:06:40:31 +0800] "POST /xingrg/kc/buy/cgsh_list_operate.html HTTP/1.1" 200 5233
222.70.171.86 - - [29/Nov/2021:06:40:35 +0800] "POST /xingrg/kc/buy/cgsh_list_operate.html HTTP/1.1" 200 557
172.20.0.100 - - [29/Nov/2021:06:40:38 +0800] "GET /xingrg/all/function/internal_message.html?_=1638139237995&CODE_STATE=getMsg HTTP/1.1" 200 27
172.20.0.100 - - [29/Nov/2021:06:40:38 +0800] "GET /xingrg/check_reg.html?_=1638139237999 HTTP/1.1" 200 22
222.70.171.86 - - [29/Nov/2021:06:40:40 +0800] "POST /xingrg/kc/buy/cgsh_list_operate.html HTTP/1.1" 200 572
222.70.171.86 - - [29/Nov/2021:06:40:41 +0800] "GET /xingrg/all/function/internal_message.html?_=1638139241708&CODE_STATE=getMsg HTTP/1.1" 302 -
222.70.171.86 - - [29/Nov/2021:06:40:44 +0800] "POST /xingrg/kc/buy/cgsh_list_operate.html HTTP/1.1" 200 559
120.253.135.82 - - [29/Nov/2021:06:40:49 +0800] "GET /xingrg/all/function/internal_message.html?_=1638139245450&CODE_STATE=getMsg HTTP/1.1" 200 27
222.70.171.86 - - [29/Nov/2021:06:40:52 +0800] "POST /xingrg/kc/buy/cgsh_list_operate.html HTTP/1.1" 200 564
120.253.135.82 - - [29/Nov/2021:06:40:54 +0800] "GET /xingrg/kc/pszx/mdps_order_list.html?orderType=0 HTTP/1.1" 200 21089
120.253.135.82 - - [29/Nov/2021:06:40:54 +0800] "POST /xingrg/kc/pszx/mdps_list_operate.html HTTP/1.1" 200 5264
58.37.231.44 - - [29/Nov/2021:06:40:57 +0800] "GET /xingrg/check_reg.html?_=1638139088029 HTTP/1.1" 200 22
116.238.248.233 - - [29/Nov/2021:06:41:03 +0800] "GET /xingrg/all/function/internal_message.html?_=1638139262718&CODE_STATE=getMsg HTTP/1.1" 200 27
114.85.125.222 - - [29/Nov/2021:06:41:03 +0800] "GET /xingrg/all/function/internal_message.html?_=1638139232653&CODE_STATE=getMsg HTTP/1.1" 200 27
120.253.135.82 - - [29/Nov/2021:06:41:12 +0800] "GET /xingrg/all/function/internal_message.html?_=1638139048151&CODE_STATE=getMsg HTTP/1.1" 200 27
222.70.171.86 - - [29/Nov/2021:06:41:14 +0800] "GET /xingrg/all/function/internal_message.html?_=1638139275250&CODE_STATE=getMsg HTTP/1.1" 302 -
120.253.135.82 - - [29/Nov/2021:06:41:16 +0800] "POST /xingrg/kc/pszx/mdps_list_operate.html HTTP/1.1" 200 1690
120.253.135.82 - - [29/Nov/2021:06:41:18 +0800] "POST /xingrg/kc/pszx/mdps_list_operate.html HTTP/1.1" 200 205
120.253.135.82 - - [29/Nov/2021:06:41:19 +0800] "GET /xingrg/kc/pszx/mdps_order_info.html?code=312021112700642 HTTP/1.1" 200 23931
120.253.135.82 - - [29/Nov/2021:06:41:19 +0800] "GET /xingrg/javascript/easyui/themes/default/validatebox.css HTTP/1.1" 404 1104
120.253.135.82 - - [29/Nov/2021:06:41:19 +0800] "POST /xingrg/kc/pszx/mdps_order_operate.html HTTP/1.1" 200 2284
222.70.171.86 - - [29/Nov/2021:06:41:20 +0800] "GET /xingrg/all/function/internal_message.html?_=1638139280739&CODE_STATE=getMsg HTTP/1.1" 302 -
58.37.231.44 - - [29/Nov/2021:06:41:21 +0800] "GET /xingrg/all/function/internal_message.html?_=1638139111804&CODE_STATE=getMsg HTTP/1.1" 200 27
222.70.171.86 - - [29/Nov/2021:06:41:21 +0800] "POST /xingrg/kc/buy/cgsh_list_operate.html HTTP/1.1" 200 4
172.20.0.100 - - [29/Nov/2021:06:41:38 +0800] "GET /xingrg/all/function/internal_message.html?_=1638139298000&CODE_STATE=getMsg HTTP/1.1" 200 27
222.70.171.86 - - [29/Nov/2021:06:41:41 +0800] "GET /xingrg/all/function/internal_message.html?_=1638139301722&CODE_STATE=getMsg HTTP/1.1" 302 -
222.70.171.86 - - [29/Nov/2021:06:41:44 +0800] "POST /xingrg/kc/buy/cgsh_list_operate.html HTTP/1.1" 200 5151
120.253.135.82 - - [29/Nov/2021:06:41:47 +0800] "GET /xingrg/kc/pszx/mdps_order_operate.html?command=get_materiel&pszx_code=00101&rest_code=00106&base_code=0010246&code=00101013024 HTTP/1.1" 200 418
120.253.135.82 - - [29/Nov/2021:06:41:49 +0800] "GET /xingrg/all/function/internal_message.html?_=1638139305477&CODE_STATE=getMsg HTTP/1.1" 200 27
222.70.171.86 - - [29/Nov/2021:06:41:51 +0800] "POST /xingrg/kc/buy/cgsh_list_operate.html HTTP/1.1" 200 562
222.70.171.86 - - [29/Nov/2021:06:41:54 +0800] "POST /xingrg/kc/buy/cgsh_list_operate.html HTTP/1.1" 200 274
116.238.248.233 - - [29/Nov/2021:06:42:03 +0800] "GET /xingrg/all/function/internal_message.html?_=1638139322717&CODE_STATE=getMsg HTTP/1.1" 200 27
114.85.125.222 - - [29/Nov/2021:06:42:03 +0800] "GET /xingrg/all/function/internal_message.html?_=1638139292672&CODE_STATE=getMsg HTTP/1.1" 200 27
222.70.171.86 - - [29/Nov/2021:06:42:10 +0800] "GET /xingrg/check_reg.html?_=1638139331471 HTTP/1.1" 302 -
120.253.135.82 - - [29/Nov/2021:06:42:12 +0800] "GET /xingrg/all/function/internal_message.html?_=1638139108165&CODE_STATE=getMsg HTTP/1.1" 200 27
120.253.135.82 - - [29/Nov/2021:06:42:12 +0800] "GET /xingrg/kc/pszx/mdps_order_operate.html?command=get_materiel&pszx_code=00101&rest_code=00106&base_code=0010246&code=00101010442 HTTP/1.1" 200 401
222.70.171.86 - - [29/Nov/2021:06:42:14 +0800] "GET /xingrg/all/function/internal_message.html?_=1638139335262&CODE_STATE=getMsg HTTP/1.1" 302 -
222.70.171.86 - - [29/Nov/2021:06:42:19 +0800] "GET /xingrg/all/function/internal_message.html?_=1638139340553&CODE_STATE=getMsg HTTP/1.1" 200 27
222.70.171.86 - - [29/Nov/2021:06:42:20 +0800] "GET /xingrg/all/function/internal_message.html?_=1638139340875&CODE_STATE=getMsg HTTP/1.1" 302 -
58.37.231.44 - - [29/Nov/2021:06:42:20 +0800] "GET /xingrg/all/function/internal_message.html?_=1638139171775&CODE_STATE=getMsg HTTP/1.1" 200 27
172.20.0.100 - - [29/Nov/2021:06:42:38 +0800] "GET /xingrg/all/function/internal_message.html?_=1638139357991&CODE_STATE=getMsg HTTP/1.1" 200 27
222.70.171.86 - - [29/Nov/2021:06:42:41 +0800] "GET /xingrg/all/function/internal_message.html?_=1638139361746&CODE_STATE=getMsg HTTP/1.1" 302 -
222.70.171.86 - - [29/Nov/2021:06:42:41 +0800] "POST /xingrg/kc/buy/cgsh_list_operate.html HTTP/1.1" 200 4
222.70.171.86 - - [29/Nov/2021:06:42:46 +0800] "POST /xingrg/kc/buy/cgsh_list_operate.html HTTP/1.1" 200 2419
120.253.135.82 - - [29/Nov/2021:06:42:49 +0800] "GET /xingrg/all/function/internal_message.html?_=1638139365492&CODE_STATE=getMsg HTTP/1.1" 200 27
116.238.248.233 - - [29/Nov/2021:06:43:03 +0800] "GET /xingrg/all/function/internal_message.html?_=1638139382723&CODE_STATE=getMsg HTTP/1.1" 200 27
114.85.125.222 - - [29/Nov/2021:06:43:03 +0800] "GET /xingrg/all/function/internal_message.html?_=1638139352681&CODE_STATE=getMsg HTTP/1.1" 200 27
120.253.135.82 - - [29/Nov/2021:06:43:12 +0800] "GET /xingrg/check_reg.html?_=1638139167652 HTTP/1.1" 200 22
120.253.135.82 - - [29/Nov/2021:06:43:12 +0800] "GET /xingrg/all/function/internal_message.html?_=1638139168179&CODE_STATE=getMsg HTTP/1.1" 200 27
222.70.171.86 - - [29/Nov/2021:06:43:14 +0800] "GET /xingrg/all/function/internal_message.html?_=1638139395311&CODE_STATE=getMsg HTTP/1.1" 302 -
222.70.171.86 - - [29/Nov/2021:06:43:20 +0800] "GET /xingrg/all/function/internal_message.html?_=1638139400876&CODE_STATE=getMsg HTTP/1.1" 302 -
58.37.231.44 - - [29/Nov/2021:06:43:20 +0800] "GET /xingrg/all/function/internal_message.html?_=1638139231743&CODE_STATE=getMsg HTTP/1.1" 200 27
172.20.0.100 - - [29/Nov/2021:06:43:38 +0800] "GET /xingrg/all/function/internal_message.html?_=1638139417998&CODE_STATE=getMsg HTTP/1.1" 200 27
222.70.171.86 - - [29/Nov/2021:06:43:41 +0800] "GET /xingrg/all/function/internal_message.html?_=1638139421749&CODE_STATE=getMsg HTTP/1.1" 302 -
120.253.135.82 - - [29/Nov/2021:06:43:49 +0800] "GET /xingrg/all/function/internal_message.html?_=1638139425520&CODE_STATE=getMsg HTTP/1.1" 200 27
116.238.248.233 - - [29/Nov/2021:06:44:03 +0800] "GET /xingrg/check_reg.html?_=1638139442720 HTTP/1.1" 200 22
116.238.248.233 - - [29/Nov/2021:06:44:03 +0800] "GET /xingrg/all/function/internal_message.html?_=1638139442722&CODE_STATE=getMsg HTTP/1.1" 200 27
114.85.125.222 - - [29/Nov/2021:06:44:03 +0800] "GET /xingrg/all/function/internal_message.html?_=1638139412700&CODE_STATE=getMsg HTTP/1.1" 200 27
120.253.135.82 - - [29/Nov/2021:06:44:12 +0800] "GET /xingrg/all/function/internal_message.html?_=1638139228192&CODE_STATE=getMsg HTTP/1.1" 200 27
222.70.171.86 - - [29/Nov/2021:06:44:14 +0800] "GET /xingrg/all/function/internal_message.html?_=1638139455321&CODE_STATE=getMsg HTTP/1.1" 302 -
222.70.171.86 - - [29/Nov/2021:06:44:20 +0800] "GET /xingrg/all/function/internal_message.html?_=1638139461007&CODE_STATE=getMsg HTTP/1.1" 302 -
58.37.231.44 - - [29/Nov/2021:06:44:20 +0800] "GET /xingrg/all/function/internal_message.html?_=1638139291723&CODE_STATE=getMsg HTTP/1.1" 200 27
120.253.135.82 - - [29/Nov/2021:06:44:30 +0800] "GET /xingrg/check_reg.html?_=1638139466065 HTTP/1.1" 200 22
172.20.0.100 - - [29/Nov/2021:06:44:38 +0800] "GET /xingrg/all/function/internal_message.html?_=1638139477985&CODE_STATE=getMsg HTTP/1.1" 200 27
222.70.171.86 - - [29/Nov/2021:06:44:41 +0800] "GET /xingrg/all/function/internal_message.html?_=1638139481772&CODE_STATE=getMsg HTTP/1.1" 302 -
222.70.171.86 - - [29/Nov/2021:06:44:42 +0800] "GET /xingrg/check_reg.html?_=1638139483088 HTTP/1.1" 302 -
120.253.135.82 - - [29/Nov/2021:06:44:49 +0800] "GET /xingrg/all/function/internal_message.html?_=1638139485535&CODE_STATE=getMsg HTTP/1.1" 200 27
222.70.171.86 - - [29/Nov/2021:06:44:52 +0800] "POST /xingrg/kc/buy/cgsh_list_operate.html HTTP/1.1" 200 4
114.85.125.222 - - [29/Nov/2021:06:44:52 +0800] "GET /xingrg/check_reg.html?_=1638139461836 HTTP/1.1" 200 22
116.238.248.233 - - [29/Nov/2021:06:45:03 +0800] "GET /xingrg/all/function/internal_message.html?_=1638139502746&CODE_STATE=getMsg HTTP/1.1" 200 27
114.85.125.222 - - [29/Nov/2021:06:45:03 +0800] "GET /xingrg/all/function/internal_message.html?_=1638139472707&CODE_STATE=getMsg HTTP/1.1" 200 27
120.253.135.82 - - [29/Nov/2021:06:45:12 +0800] "GET /xingrg/all/function/internal_message.html?_=1638139288206&CODE_STATE=getMsg HTTP/1.1" 200 27
222.70.171.86 - - [29/Nov/2021:06:45:14 +0800] "GET /xingrg/all/function/internal_message.html?_=1638139515370&CODE_STATE=getMsg HTTP/1.1" 302 -
222.70.171.86 - - [29/Nov/2021:06:45:20 +0800] "GET /xingrg/all/function/internal_message.html?_=1638139521013&CODE_STATE=getMsg HTTP/1.1" 302 -
58.37.231.44 - - [29/Nov/2021:06:45:21 +0800] "GET /xingrg/all/function/internal_message.html?_=1638139351696&CODE_STATE=getMsg HTTP/1.1" 200 27
222.70.171.86 - - [29/Nov/2021:06:45:24 +0800] "GET /xingrg/check_reg.html?_=1638139524792 HTTP/1.1" 302 -
172.20.0.100 - - [29/Nov/2021:06:45:38 +0800] "GET /xingrg/all/function/internal_message.html?_=1638139537990&CODE_STATE=getMsg HTTP/1.1" 200 27
172.20.0.100 - - [29/Nov/2021:06:45:38 +0800] "GET /xingrg/check_reg.html?_=1638139537996 HTTP/1.1" 200 22
222.70.171.86 - - [29/Nov/2021:06:45:41 +0800] "GET /xingrg/all/function/internal_message.html?_=1638139541776&CODE_STATE=getMsg HTTP/1.1" 302 -
120.253.135.82 - - [29/Nov/2021:06:45:49 +0800] "GET /xingrg/all/function/internal_message.html?_=1638139545565&CODE_STATE=getMsg HTTP/1.1" 200 27
58.37.231.44 - - [29/Nov/2021:06:45:57 +0800] "GET /xingrg/check_reg.html?_=1638139388060 HTTP/1.1" 200 22
