58.39.139.200 - - [29/Nov/2021:10:50:40 +0800] "GET /xingrg/all/function/internal_message.html?_=1638154242179&CODE_STATE=getMsg HTTP/1.1" 200 27
116.238.248.233 - - [29/Nov/2021:10:50:42 +0800] "POST /xingrg/dwr/call/plaincall/AjaxQqpsService.saveMaterielItem.dwr HTTP/1.1" 200 79
101.85.120.86 - - [29/Nov/2021:10:50:42 +0800] "GET /xingrg/all/function/internal_message.html?_=1638154242265&CODE_STATE=getMsg HTTP/1.1" 200 27
116.238.248.233 - - [29/Nov/2021:10:50:44 +0800] "GET /xingrg/all/function/internal_message.html?_=1638154243609&CODE_STATE=getMsg HTTP/1.1" 200 27
116.227.210.113 - - [29/Nov/2021:10:50:48 +0800] "GET /xingrg/all/report/report_query.html?fileName=kc/buy/wlcg_mx.xml HTTP/1.1" 200 51648
116.227.210.113 - - [29/Nov/2021:10:50:48 +0800] "GET /xingrg/javascript/multi_select/jqueryMultiSelect.css HTTP/1.1" 200 951
116.227.210.113 - - [29/Nov/2021:10:50:48 +0800] "GET /xingrg/javascript/calendar/timePicker.css HTTP/1.1" 200 523
116.227.210.113 - - [29/Nov/2021:10:50:48 +0800] "GET /xingrg/javascript/bigrid/fix.css HTTP/1.1" 200 1702
116.227.210.113 - - [29/Nov/2021:10:50:48 +0800] "GET /xingrg/dwr/interface/AjaxReportQueryService.js HTTP/1.1" 200 13203
116.227.210.113 - - [29/Nov/2021:10:50:48 +0800] "GET /xingrg/javascript/calendar/jquery.timePicker.min.js HTTP/1.1" 200 2997
116.227.210.113 - - [29/Nov/2021:10:50:48 +0800] "GET /xingrg/javascript/bigrid/fix.js HTTP/1.1" 200 6439
116.227.210.113 - - [29/Nov/2021:10:50:48 +0800] "GET /xingrg/javascript/jqueryMultiSelect.js HTTP/1.1" 200 11866
116.227.210.113 - - [29/Nov/2021:10:50:48 +0800] "GET /xingrg/dwr/util.js HTTP/1.1" 200 35990
116.227.210.113 - - [29/Nov/2021:10:50:48 +0800] "GET /xingrg/dwr/engine.js HTTP/1.1" 200 43631
116.227.210.113 - - [29/Nov/2021:10:50:48 +0800] "GET /xingrg/javascript/Calendar.js HTTP/1.1" 200 31561
61.151.207.205 - - [29/Nov/2021:10:50:48 +0800] "GET /xingrg/kc/buy/cgsh_order_operate.html?command=get_materiel&rest_code=00106&code=00101008213&supplier_code=00100007&order_time=2021-11-29 HTTP/1.1" 302 -
116.227.210.113 - - [29/Nov/2021:10:50:48 +0800] "GET /xingrg/images/blue/button/advanceover.gif HTTP/1.1" 200 1347
116.227.210.113 - - [29/Nov/2021:10:50:48 +0800] "GET /xingrg/images/blue/button/advance2over.gif HTTP/1.1" 200 1336
116.227.210.113 - - [29/Nov/2021:10:50:48 +0800] "GET /xingrg/images/blue/button/back2over.gif HTTP/1.1" 200 1335
116.227.210.113 - - [29/Nov/2021:10:50:48 +0800] "GET /xingrg/images/blue/button/backover.gif HTTP/1.1" 200 1348
116.227.210.113 - - [29/Nov/2021:10:50:48 +0800] "GET /xingrg/images/control/loading.gif HTTP/1.1" 200 13463
116.227.210.113 - - [29/Nov/2021:10:50:49 +0800] "GET /xingrg/javascript/jquery_easy_ui/themes/default/images/menu_rightarrow.png HTTP/1.1" 200 3617
116.227.210.113 - - [29/Nov/2021:10:50:49 +0800] "GET /xingrg/javascript/jquery_easy_ui/themes/icons/pencil.png HTTP/1.1" 200 713
116.227.210.113 - - [29/Nov/2021:10:50:49 +0800] "GET /xingrg/javascript/jquery_easy_ui/themes/icons/print.png HTTP/1.1" 200 1057
116.227.210.113 - - [29/Nov/2021:10:50:49 +0800] "GET /xingrg/javascript/jquery_easy_ui/themes/default/images/menu_downarrow.png HTTP/1.1" 200 173
116.227.210.113 - - [29/Nov/2021:10:50:49 +0800] "GET /xingrg/javascript/jquery_easy_ui/themes/icons/help.png HTTP/1.1" 200 1187
116.227.210.113 - - [29/Nov/2021:10:50:49 +0800] "POST /xingrg/dwr/call/plaincall/AjaxReportQueryService.getFixDate.dwr HTTP/1.1" 200 111
116.227.210.113 - - [29/Nov/2021:10:50:49 +0800] "GET /xingrg/javascript/jquery_easy_ui/themes/default/images/button_a_bg.gif HTTP/1.1" 200 1194
116.227.210.113 - - [29/Nov/2021:10:50:49 +0800] "GET /xingrg/javascript/jquery_easy_ui/themes/default/images/menu.gif HTTP/1.1" 200 834
116.227.210.113 - - [29/Nov/2021:10:50:49 +0800] "POST /xingrg/dwr/call/plaincall/AjaxReportQueryService.getInitString.dwr HTTP/1.1" 200 27974
116.227.210.113 - - [29/Nov/2021:10:50:49 +0800] "GET /xingrg/javascript/multi_select/dropdown.gif HTTP/1.1" 200 61
116.227.210.113 - - [29/Nov/2021:10:50:49 +0800] "POST /xingrg/dwr/call/plaincall/AjaxReportQueryService.getInitString.dwr HTTP/1.1" 200 975
116.227.210.113 - - [29/Nov/2021:10:50:49 +0800] "POST /xingrg/dwr/call/plaincall/AjaxReportQueryService.getInitString.dwr HTTP/1.1" 200 125
116.238.248.233 - - [29/Nov/2021:10:50:50 +0800] "POST /xingrg/dwr/call/plaincall/AjaxQqpsService.getMaterielByCode.dwr HTTP/1.1" 200 3669
61.151.178.177 - - [29/Nov/2021:10:50:51 +0800] "GET /xingrg/kc/buy/cgsh_order_operate.html?command=get_materiel&rest_code=00106&code=00101008298&supplier_code=00100007&order_time=2021-11-29 HTTP/1.1" 302 -
116.238.248.233 - - [29/Nov/2021:10:50:53 +0800] "POST /xingrg/dwr/call/plaincall/AjaxQqpsService.saveMaterielItem.dwr HTTP/1.1" 200 79
61.151.178.177 - - [29/Nov/2021:10:50:53 +0800] "GET /xingrg/login.html HTTP/1.1" 200 7641
61.151.207.205 - - [29/Nov/2021:10:50:54 +0800] "GET /xingrg/login.html HTTP/1.1" 200 7641
124.78.153.86 - - [29/Nov/2021:10:50:55 +0800] "GET /xingrg/kc/buy/cgsh_order_operate.html?command=get_materiel&rest_code=00106&code=00101008223&supplier_code=00100007&order_time=2021-11-29 HTTP/1.1" 200 412
116.227.210.113 - - [29/Nov/2021:10:50:56 +0800] "GET /xingrg/javascript/multi_select/dropdown_hover.gif HTTP/1.1" 200 61
116.227.210.113 - - [29/Nov/2021:10:50:56 +0800] "GET /xingrg/javascript/multi_select/dropdown_active.gif HTTP/1.1" 200 61
58.37.231.44 - - [29/Nov/2021:10:50:57 +0800] "GET /xingrg/check_reg.html?_=1638154088599 HTTP/1.1" 200 22
116.238.248.233 - - [29/Nov/2021:10:50:57 +0800] "POST /xingrg/dwr/call/plaincall/AjaxQqpsService.getMaterielByCode.dwr HTTP/1.1" 200 3627
116.238.248.233 - - [29/Nov/2021:10:51:00 +0800] "POST /xingrg/dwr/call/plaincall/AjaxQqpsService.saveMaterielItem.dwr HTTP/1.1" 200 79
180.169.147.146 - - [29/Nov/2021:10:51:00 +0800] "GET /xingrg/all/function/internal_message.html?_=1638154260126&CODE_STATE=getMsg HTTP/1.1" 200 27
180.169.147.146 - - [29/Nov/2021:10:51:00 +0800] "GET /xingrg/all/function/internal_message.html?_=1638154260630&CODE_STATE=getMsg HTTP/1.1" 200 27
114.85.125.222 - - [29/Nov/2021:10:51:01 +0800] "GET /xingrg/all/function/internal_message.html?_=1638154229794&CODE_STATE=getMsg HTTP/1.1" 200 27
114.83.222.132 - - [29/Nov/2021:10:51:03 +0800] "GET /xingrg/all/function/internal_message.html?_=1638154263811&CODE_STATE=getMsg HTTP/1.1" 200 27
116.238.248.233 - - [29/Nov/2021:10:51:04 +0800] "POST /xingrg/dwr/call/plaincall/AjaxQqpsService.getMaterielByCode.dwr HTTP/1.1" 200 3715
116.238.248.233 - - [29/Nov/2021:10:51:05 +0800] "POST /xingrg/dwr/call/plaincall/AjaxQqpsService.saveMaterielItem.dwr HTTP/1.1" 200 79
124.78.153.86 - - [29/Nov/2021:10:51:05 +0800] "GET /xingrg/kc/buy/cgsh_order_operate.html?command=get_materiel&rest_code=00106&code=00101008168&supplier_code=00100007&order_time=2021-11-29 HTTP/1.1" 200 412
116.227.210.113 - - [29/Nov/2021:10:51:06 +0800] "GET /xingrg/all/function/internal_message.html?_=1638154264130&CODE_STATE=getMsg HTTP/1.1" 200 27
222.70.176.97 - - [29/Nov/2021:10:51:08 +0800] "GET /xingrg/all/function/internal_message.html?_=1638154268493&CODE_STATE=getMsg HTTP/1.1" 200 27
116.238.248.233 - - [29/Nov/2021:10:51:14 +0800] "POST /xingrg/dwr/call/plaincall/AjaxQqpsService.getMaterielByCode.dwr HTTP/1.1" 200 3697
58.37.231.44 - - [29/Nov/2021:10:51:15 +0800] "GET /xingrg/all/function/internal_message.html?_=1638154106137&CODE_STATE=getMsg HTTP/1.1" 200 27
124.78.153.86 - - [29/Nov/2021:10:51:15 +0800] "GET /xingrg/kc/buy/cgsh_order_operate.html?command=get_materiel&rest_code=00106&code=00101008114&supplier_code=00100007&order_time=2021-11-29 HTTP/1.1" 200 413
116.238.248.233 - - [29/Nov/2021:10:51:15 +0800] "POST /xingrg/dwr/call/plaincall/AjaxQqpsService.saveMaterielItem.dwr HTTP/1.1" 200 79
180.162.112.229 - - [29/Nov/2021:10:51:18 +0800] "GET /xingrg/all/function/internal_message.html?_=1638153743268&CODE_STATE=getMsg HTTP/1.1" 200 27
116.238.248.233 - - [29/Nov/2021:10:51:19 +0800] "POST /xingrg/dwr/call/plaincall/AjaxQqpsService.getMaterielByCode.dwr HTTP/1.1" 200 3661
114.86.229.41 - - [29/Nov/2021:10:51:20 +0800] "GET /xingrg/all/function/internal_message.html?_=1638154282523&CODE_STATE=getMsg HTTP/1.1" 200 27
222.70.171.86 - - [29/Nov/2021:10:51:20 +0800] "GET /xingrg/all/function/internal_message.html?_=1638154281764&CODE_STATE=getMsg HTTP/1.1" 302 -
180.162.112.229 - - [29/Nov/2021:10:51:21 +0800] "GET /xingrg/kc/base/wldb_order_operate.html?command=get_materiel&rest_code=00143&base_code=0010216&code=00101008052 HTTP/1.1" 200 449
180.169.147.146 - - [29/Nov/2021:10:51:21 +0800] "GET /xingrg/check_reg.html?_=1638154281816 HTTP/1.1" 200 22
180.169.147.146 - - [29/Nov/2021:10:51:21 +0800] "GET /xingrg/all/function/internal_message.html?_=1638154281821&CODE_STATE=getMsg HTTP/1.1" 200 27
116.238.248.233 - - [29/Nov/2021:10:51:21 +0800] "POST /xingrg/dwr/call/plaincall/AjaxQqpsService.saveMaterielItem.dwr HTTP/1.1" 200 79
180.162.112.229 - - [29/Nov/2021:10:51:23 +0800] "POST /xingrg/all/common/load_select.html HTTP/1.1" 200 25
124.78.153.86 - - [29/Nov/2021:10:51:23 +0800] "GET /xingrg/kc/buy/cgsh_order_operate.html?command=get_materiel&rest_code=00106&code=00101008125&supplier_code=00100007&order_time=2021-11-29 HTTP/1.1" 200 413
124.78.153.86 - - [29/Nov/2021:10:51:23 +0800] "GET /xingrg/check_reg.html?_=1638154279237 HTTP/1.1" 200 22
124.78.153.86 - - [29/Nov/2021:10:51:24 +0800] "GET /xingrg/all/function/internal_message.html?_=1638154279238&CODE_STATE=getMsg HTTP/1.1" 200 27
180.162.112.229 - - [29/Nov/2021:10:51:25 +0800] "GET /xingrg/kc/base/wldb_order_operate.html?command=get_materiel_price&rest_code=00143&base_code=0010216&code=00101008052&unit_code=00100252 HTTP/1.1" 200 36
124.78.153.86 - - [29/Nov/2021:10:51:25 +0800] "POST /xingrg/kc/buy/cgsh_order_operate.html HTTP/1.1" 200 2065
61.151.178.163 - - [29/Nov/2021:10:51:27 +0800] "GET /xingrg/all/function/internal_message.html?_=1638154219295&CODE_STATE=getMsg HTTP/1.1" 302 -
116.238.248.233 - - [29/Nov/2021:10:51:30 +0800] "POST /xingrg/dwr/call/plaincall/AjaxQqpsService.getMaterielByCode.dwr HTTP/1.1" 200 3667
61.151.178.163 - - [29/Nov/2021:10:51:31 +0800] "GET /xingrg/login.html HTTP/1.1" 200 7641
116.238.248.233 - - [29/Nov/2021:10:51:33 +0800] "POST /xingrg/dwr/call/plaincall/AjaxQqpsService.saveMaterielItem.dwr HTTP/1.1" 200 79
222.70.171.86 - - [29/Nov/2021:10:51:34 +0800] "GET /xingrg/all/function/internal_message.html?_=1638154295406&CODE_STATE=getMsg HTTP/1.1" 200 27
124.78.153.86 - - [29/Nov/2021:10:51:34 +0800] "GET /xingrg/all/function/internal_message.html?_=1638154294768&CODE_STATE=getMsg HTTP/1.1" 200 27
124.78.153.86 - - [29/Nov/2021:10:51:35 +0800] "GET /xingrg/kc/buy/cgsh_order_operate.html?command=get_materiel&rest_code=00106&code=00101015039&supplier_code=00100007&order_time=2021-11-29 HTTP/1.1" 200 412
180.174.250.202 - - [29/Nov/2021:10:51:38 +0800] "GET /xingrg/all/function/internal_message.html?_=1638154295627&CODE_STATE=getMsg HTTP/1.1" 200 27
116.228.172.94 - - [29/Nov/2021:10:51:38 +0800] "GET /xingrg/all/function/internal_message.html?_=1638154174999&CODE_STATE=getMsg HTTP/1.1" 200 27
172.20.0.100 - - [29/Nov/2021:10:51:38 +0800] "GET /xingrg/all/function/internal_message.html?_=1638154297992&CODE_STATE=getMsg HTTP/1.1" 200 27
58.39.139.200 - - [29/Nov/2021:10:51:40 +0800] "GET /xingrg/all/function/internal_message.html?_=1638154302151&CODE_STATE=getMsg HTTP/1.1" 200 27
180.157.253.6 - - [29/Nov/2021:10:51:41 +0800] "GET /favicon.ico HTTP/1.1" 404 -
101.85.120.86 - - [29/Nov/2021:10:51:42 +0800] "GET /xingrg/all/function/internal_message.html?_=1638154302266&CODE_STATE=getMsg HTTP/1.1" 200 27
116.238.248.233 - - [29/Nov/2021:10:51:44 +0800] "GET /xingrg/all/function/internal_message.html?_=1638154303612&CODE_STATE=getMsg HTTP/1.1" 200 27
124.78.153.86 - - [29/Nov/2021:10:51:45 +0800] "GET /xingrg/kc/buy/cgsh_order_operate.html?command=get_materiel&rest_code=00106&code=00101008041&supplier_code=00100007&order_time=2021-11-29 HTTP/1.1" 200 408
180.169.147.146 - - [29/Nov/2021:10:51:47 +0800] "GET /xingrg/check_reg.html?_=1638154307243 HTTP/1.1" 200 22
180.162.112.229 - - [29/Nov/2021:10:51:47 +0800] "GET /xingrg/kc/base/wldb_order_operate.html?command=get_materiel&rest_code=00143&base_code=0010216&code=00101019272 HTTP/1.1" 200 485
116.238.248.233 - - [29/Nov/2021:10:51:53 +0800] "POST /xingrg/dwr/call/plaincall/AjaxQqpsService.saveOrder.dwr HTTP/1.1" 200 79
101.89.239.120 - - [29/Nov/2021:10:51:54 +0800] "GET /xingrg/kc/buy/cgsh_order_operate.html?command=get_materiel&rest_code=00106&code=00101008223&supplier_code=00100007&order_time=2021-11-29 HTTP/1.1" 302 -
101.89.239.120 - - [29/Nov/2021:10:51:56 +0800] "GET /xingrg/login.html HTTP/1.1" 200 7641
114.86.229.41 - - [29/Nov/2021:10:51:59 +0800] "GET /favicon.ico HTTP/1.1" 404 -
124.78.153.86 - - [29/Nov/2021:10:52:00 +0800] "GET /xingrg/kc/buy/cgsh_order_operate.html?command=get_materiel&rest_code=00106&code=00101008350&supplier_code=00100007&order_time=2021-11-29 HTTP/1.1" 200 408
180.169.147.146 - - [29/Nov/2021:10:52:00 +0800] "GET /xingrg/all/function/internal_message.html?_=1638154320127&CODE_STATE=getMsg HTTP/1.1" 200 27
180.169.147.146 - - [29/Nov/2021:10:52:00 +0800] "GET /xingrg/check_reg.html?_=1638154320126 HTTP/1.1" 200 22
180.169.147.146 - - [29/Nov/2021:10:52:00 +0800] "GET /xingrg/all/function/internal_message.html?_=1638154320613&CODE_STATE=getMsg HTTP/1.1" 200 27
114.85.125.222 - - [29/Nov/2021:10:52:01 +0800] "GET /xingrg/all/function/internal_message.html?_=1638154289812&CODE_STATE=getMsg HTTP/1.1" 200 27
114.83.222.132 - - [29/Nov/2021:10:52:03 +0800] "GET /xingrg/all/function/internal_message.html?_=1638154323811&CODE_STATE=getMsg HTTP/1.1" 200 27
114.83.222.132 - - [29/Nov/2021:10:52:03 +0800] "GET /xingrg/check_reg.html?_=1638154323826 HTTP/1.1" 200 22
116.227.210.113 - - [29/Nov/2021:10:52:06 +0800] "GET /xingrg/all/function/internal_message.html?_=1638154324114&CODE_STATE=getMsg HTTP/1.1" 200 27
222.70.176.97 - - [29/Nov/2021:10:52:08 +0800] "GET /xingrg/all/function/internal_message.html?_=1638154328492&CODE_STATE=getMsg HTTP/1.1" 200 27
222.70.171.86 - - [29/Nov/2021:10:52:12 +0800] "GET /xingrg/check_reg.html?_=1638154333276 HTTP/1.1" 302 -
101.89.239.238 - - [29/Nov/2021:10:52:12 +0800] "GET /xingrg/kc/buy/cgsh_order_operate.html?command=get_materiel&rest_code=00106&code=00101008168&supplier_code=00100007&order_time=2021-11-29 HTTP/1.1" 302 -
124.78.153.86 - - [29/Nov/2021:10:52:12 +0800] "GET /xingrg/kc/buy/cgsh_order_operate.html?command=get_materiel&rest_code=00106&code=00101008137&supplier_code=00100007&order_time=2021-11-29 HTTP/1.1" 200 408
101.89.239.238 - - [29/Nov/2021:10:52:14 +0800] "GET /xingrg/login.html HTTP/1.1" 200 7641
58.37.231.44 - - [29/Nov/2021:10:52:15 +0800] "GET /xingrg/all/function/internal_message.html?_=1638154166109&CODE_STATE=getMsg HTTP/1.1" 200 27
180.162.112.229 - - [29/Nov/2021:10:52:18 +0800] "GET /xingrg/all/function/internal_message.html?_=1638153803264&CODE_STATE=getMsg HTTP/1.1" 200 27
222.70.171.86 - - [29/Nov/2021:10:52:20 +0800] "GET /xingrg/check_reg.html?_=1638154341500 HTTP/1.1" 200 22
114.86.229.41 - - [29/Nov/2021:10:52:20 +0800] "GET /xingrg/all/function/internal_message.html?_=1638154342525&CODE_STATE=getMsg HTTP/1.1" 200 27
114.86.229.41 - - [29/Nov/2021:10:52:20 +0800] "GET /xingrg/check_reg.html?_=1638154342526 HTTP/1.1" 200 22
222.70.171.86 - - [29/Nov/2021:10:52:20 +0800] "GET /xingrg/all/function/internal_message.html?_=1638154341778&CODE_STATE=getMsg HTTP/1.1" 302 -
180.169.147.146 - - [29/Nov/2021:10:52:21 +0800] "GET /xingrg/all/function/internal_message.html?_=1638154341823&CODE_STATE=getMsg HTTP/1.1" 200 27
124.78.153.86 - - [29/Nov/2021:10:52:21 +0800] "GET /xingrg/kc/buy/cgsh_order_operate.html?command=get_materiel&rest_code=00106&code=00101008312&supplier_code=00100007&order_time=2021-11-29 HTTP/1.1" 200 412
124.78.153.86 - - [29/Nov/2021:10:52:23 +0800] "GET /xingrg/all/function/internal_message.html?_=1638154339235&CODE_STATE=getMsg HTTP/1.1" 200 27
101.89.29.78 - - [29/Nov/2021:10:52:24 +0800] "GET /xingrg/all/function/internal_message.html?_=1638154279238&CODE_STATE=getMsg HTTP/1.1" 302 -
101.89.29.78 - - [29/Nov/2021:10:52:25 +0800] "GET /xingrg/login.html HTTP/1.1" 200 7641
124.78.153.86 - - [29/Nov/2021:10:52:26 +0800] "POST /xingrg/kc/buy/cgsh_order_operate.html HTTP/1.1" 200 2065
180.162.112.229 - - [29/Nov/2021:10:52:31 +0800] "GET /xingrg/kc/base/wldb_order_operate.html?command=get_materiel&rest_code=00143&base_code=0010216&code=00101019249 HTTP/1.1" 200 470
222.70.171.86 - - [29/Nov/2021:10:52:34 +0800] "GET /xingrg/all/function/internal_message.html?_=1638154355416&CODE_STATE=getMsg HTTP/1.1" 200 27
124.78.153.86 - - [29/Nov/2021:10:52:34 +0800] "GET /xingrg/all/function/internal_message.html?_=1638154354782&CODE_STATE=getMsg HTTP/1.1" 200 27
61.151.179.84 - - [29/Nov/2021:10:52:36 +0800] "GET /xingrg/kc/buy/cgsh_order_operate.html?command=get_materiel&rest_code=00106&code=00101015039&supplier_code=00100007&order_time=2021-11-29 HTTP/1.1" 302 -
116.228.172.94 - - [29/Nov/2021:10:52:38 +0800] "GET /xingrg/check_reg.html?_=1638154235002 HTTP/1.1" 200 22
116.228.172.94 - - [29/Nov/2021:10:52:38 +0800] "GET /xingrg/all/function/internal_message.html?_=1638154235003&CODE_STATE=getMsg HTTP/1.1" 200 27
180.174.250.202 - - [29/Nov/2021:10:52:38 +0800] "GET /xingrg/all/function/internal_message.html?_=1638154356067&CODE_STATE=getMsg HTTP/1.1" 200 27
172.20.0.100 - - [29/Nov/2021:10:52:38 +0800] "GET /xingrg/all/function/internal_message.html?_=1638154357997&CODE_STATE=getMsg HTTP/1.1" 200 27
61.151.179.84 - - [29/Nov/2021:10:52:38 +0800] "GET /xingrg/login.html HTTP/1.1" 200 7641
58.39.139.200 - - [29/Nov/2021:10:52:40 +0800] "GET /xingrg/all/function/internal_message.html?_=1638154362128&CODE_STATE=getMsg HTTP/1.1" 200 27
58.39.139.200 - - [29/Nov/2021:10:52:41 +0800] "GET /xingrg/check_reg.html?_=1638154362677 HTTP/1.1" 200 22
101.85.120.86 - - [29/Nov/2021:10:52:42 +0800] "GET /xingrg/all/function/internal_message.html?_=1638154362265&CODE_STATE=getMsg HTTP/1.1" 200 27
116.238.248.233 - - [29/Nov/2021:10:52:44 +0800] "GET /xingrg/all/function/internal_message.html?_=1638154363606&CODE_STATE=getMsg HTTP/1.1" 200 27
61.151.178.197 - - [29/Nov/2021:10:52:45 +0800] "GET /xingrg/kc/buy/cgsh_order_operate.html?command=get_materiel&rest_code=00106&code=00101008041&supplier_code=00100007&order_time=2021-11-29 HTTP/1.1" 302 -
61.151.178.197 - - [29/Nov/2021:10:52:48 +0800] "GET /xingrg/login.html HTTP/1.1" 200 7641
124.78.153.86 - - [29/Nov/2021:10:52:57 +0800] "POST /xingrg/kc/buy/cgsh_order_operate.html HTTP/1.1" 200 37
220.250.45.226 - - [29/Nov/2021:10:52:57 +0800] "GET /favicon.ico HTTP/1.1" 404 -
180.169.147.146 - - [29/Nov/2021:10:53:00 +0800] "GET /xingrg/all/function/internal_message.html?_=1638154380125&CODE_STATE=getMsg HTTP/1.1" 200 27
124.78.153.86 - - [29/Nov/2021:10:53:00 +0800] "POST /xingrg/kc/buy/cgsh_order_operate.html HTTP/1.1" 200 12
180.169.147.146 - - [29/Nov/2021:10:53:00 +0800] "GET /xingrg/all/function/internal_message.html?_=1638154380596&CODE_STATE=getMsg HTTP/1.1" 200 27
114.85.125.222 - - [29/Nov/2021:10:53:01 +0800] "GET /xingrg/all/function/internal_message.html?_=1638154349820&CODE_STATE=getMsg HTTP/1.1" 200 27
114.83.222.132 - - [29/Nov/2021:10:53:03 +0800] "GET /xingrg/all/function/internal_message.html?_=1638154383826&CODE_STATE=getMsg HTTP/1.1" 200 27
116.227.210.113 - - [29/Nov/2021:10:53:06 +0800] "GET /xingrg/all/function/internal_message.html?_=1638154384139&CODE_STATE=getMsg HTTP/1.1" 200 27
116.227.210.113 - - [29/Nov/2021:10:53:06 +0800] "GET /xingrg/check_reg.html?_=1638154384264 HTTP/1.1" 200 22
222.70.176.97 - - [29/Nov/2021:10:53:08 +0800] "GET /xingrg/all/function/internal_message.html?_=1638154388491&CODE_STATE=getMsg HTTP/1.1" 200 27
101.89.29.78 - - [29/Nov/2021:10:53:09 +0800] "GET /xingrg/kc/buy/cgsh_order_operate.html?command=get_materiel&rest_code=00106&code=00101008350&supplier_code=00100007&order_time=2021-11-29 HTTP/1.1" 302 -
101.89.29.78 - - [29/Nov/2021:10:53:10 +0800] "GET /xingrg/login.html HTTP/1.1" 200 7641
101.91.60.11 - - [29/Nov/2021:10:53:12 +0800] "GET /xingrg/kc/buy/cgsh_order_operate.html?command=get_materiel&rest_code=00106&code=00101008137&supplier_code=00100007&order_time=2021-11-29 HTTP/1.1" 302 -
58.37.231.44 - - [29/Nov/2021:10:53:15 +0800] "GET /xingrg/all/function/internal_message.html?_=1638154226082&CODE_STATE=getMsg HTTP/1.1" 200 27
101.91.60.11 - - [29/Nov/2021:10:53:15 +0800] "GET /xingrg/login.html HTTP/1.1" 200 7641
180.162.112.229 - - [29/Nov/2021:10:53:18 +0800] "GET /xingrg/all/function/internal_message.html?_=1638153863263&CODE_STATE=getMsg HTTP/1.1" 200 27
114.86.229.41 - - [29/Nov/2021:10:53:20 +0800] "GET /xingrg/all/function/internal_message.html?_=1638154402526&CODE_STATE=getMsg HTTP/1.1" 200 27
222.70.171.86 - - [29/Nov/2021:10:53:20 +0800] "GET /xingrg/all/function/internal_message.html?_=1638154401824&CODE_STATE=getMsg HTTP/1.1" 302 -
180.169.147.146 - - [29/Nov/2021:10:53:21 +0800] "GET /xingrg/all/function/internal_message.html?_=1638154401824&CODE_STATE=getMsg HTTP/1.1" 200 27
124.78.153.86 - - [29/Nov/2021:10:53:26 +0800] "GET /xingrg/all/function/internal_message.html?_=1638154401305&CODE_STATE=getMsg HTTP/1.1" 200 27
61.151.178.177 - - [29/Nov/2021:10:53:26 +0800] "GET /xingrg/kc/buy/cgsh_order_operate.html?command=get_materiel&rest_code=00106&code=00101008312&supplier_code=00100007&order_time=2021-11-29 HTTP/1.1" 302 -
124.78.153.86 - - [29/Nov/2021:10:53:26 +0800] "GET /xingrg/kc/buy/cgsh_order_info.html?code=212021112912484 HTTP/1.1" 200 59833
124.78.153.86 - - [29/Nov/2021:10:53:26 +0800] "GET /xingrg/javascript/easyui/themes/default/validatebox.css HTTP/1.1" 404 1104
124.78.153.86 - - [29/Nov/2021:10:53:27 +0800] "POST /xingrg/kc/buy/cgsh_order_operate.html HTTP/1.1" 200 20071
61.151.178.177 - - [29/Nov/2021:10:53:28 +0800] "GET /xingrg/login.html HTTP/1.1" 200 7641
101.91.60.11 - - [29/Nov/2021:10:53:28 +0800] "GET /xingrg/all/function/internal_message.html?_=1638154339235&CODE_STATE=getMsg HTTP/1.1" 302 -
180.174.250.202 - - [29/Nov/2021:10:53:29 +0800] "GET /xingrg/check_reg.html?_=1638154407248 HTTP/1.1" 200 22
101.91.60.11 - - [29/Nov/2021:10:53:31 +0800] "GET /xingrg/login.html HTTP/1.1" 200 7641
222.70.171.86 - - [29/Nov/2021:10:53:34 +0800] "GET /xingrg/all/function/internal_message.html?_=1638154415428&CODE_STATE=getMsg HTTP/1.1" 200 27
124.78.153.86 - - [29/Nov/2021:10:53:34 +0800] "GET /xingrg/all/function/internal_message.html?_=1638154414766&CODE_STATE=getMsg HTTP/1.1" 200 27
124.78.153.86 - - [29/Nov/2021:10:53:34 +0800] "GET /xingrg/kc/print/load_config.html?kc_code=cgsh HTTP/1.1" 200 2281
124.78.153.86 - - [29/Nov/2021:10:53:35 +0800] "GET /xingrg/kc/print/load_data.html?order_code=212021112912484&kc_code=cgsh&condition= HTTP/1.1" 200 8086
116.228.172.94 - - [29/Nov/2021:10:53:38 +0800] "GET /xingrg/all/function/internal_message.html?_=1638154295020&CODE_STATE=getMsg HTTP/1.1" 200 27
180.174.250.202 - - [29/Nov/2021:10:53:38 +0800] "GET /xingrg/all/function/internal_message.html?_=1638154416075&CODE_STATE=getMsg HTTP/1.1" 200 27
172.20.0.100 - - [29/Nov/2021:10:53:38 +0800] "GET /xingrg/all/function/internal_message.html?_=1638154417986&CODE_STATE=getMsg HTTP/1.1" 200 27
58.39.139.200 - - [29/Nov/2021:10:53:40 +0800] "GET /xingrg/all/function/internal_message.html?_=1638154422106&CODE_STATE=getMsg HTTP/1.1" 200 27
101.85.120.86 - - [29/Nov/2021:10:53:42 +0800] "GET /xingrg/all/function/internal_message.html?_=1638154422265&CODE_STATE=getMsg HTTP/1.1" 200 27
101.85.120.86 - - [29/Nov/2021:10:53:42 +0800] "GET /xingrg/check_reg.html?_=1638154422268 HTTP/1.1" 200 22
116.238.248.233 - - [29/Nov/2021:10:53:44 +0800] "GET /xingrg/all/function/internal_message.html?_=1638154423619&CODE_STATE=getMsg HTTP/1.1" 200 27
124.78.153.86 - - [29/Nov/2021:10:53:57 +0800] "GET /xingrg/kc/print/load_data.html?order_code=212021112912484&kc_code=cgsh HTTP/1.1" 200 8086
180.169.147.146 - - [29/Nov/2021:10:54:00 +0800] "GET /xingrg/all/function/internal_message.html?_=1638154440140&CODE_STATE=getMsg HTTP/1.1" 200 27
114.85.125.222 - - [29/Nov/2021:10:54:00 +0800] "GET /xingrg/check_reg.html?_=1638154409089 HTTP/1.1" 200 22
180.169.147.146 - - [29/Nov/2021:10:54:00 +0800] "GET /xingrg/all/function/internal_message.html?_=1638154440580&CODE_STATE=getMsg HTTP/1.1" 200 27
114.85.125.222 - - [29/Nov/2021:10:54:01 +0800] "GET /xingrg/all/function/internal_message.html?_=1638154409835&CODE_STATE=getMsg HTTP/1.1" 200 27
114.83.222.132 - - [29/Nov/2021:10:54:03 +0800] "GET /xingrg/all/function/internal_message.html?_=1638154443824&CODE_STATE=getMsg HTTP/1.1" 200 27
116.227.210.113 - - [29/Nov/2021:10:54:06 +0800] "GET /xingrg/all/function/internal_message.html?_=1638154444114&CODE_STATE=getMsg HTTP/1.1" 200 27
222.70.176.97 - - [29/Nov/2021:10:54:08 +0800] "GET /xingrg/all/function/internal_message.html?_=1638154448489&CODE_STATE=getMsg HTTP/1.1" 200 27
222.70.176.97 - - [29/Nov/2021:10:54:09 +0800] "GET /xingrg/check_reg.html?_=1638154448491 HTTP/1.1" 200 22
58.37.231.44 - - [29/Nov/2021:10:54:15 +0800] "GET /xingrg/all/function/internal_message.html?_=1638154286060&CODE_STATE=getMsg HTTP/1.1" 200 27
180.162.112.229 - - [29/Nov/2021:10:54:18 +0800] "GET /xingrg/check_reg.html?_=1638153923259 HTTP/1.1" 200 22
180.162.112.229 - - [29/Nov/2021:10:54:18 +0800] "GET /xingrg/all/function/internal_message.html?_=1638153923262&CODE_STATE=getMsg HTTP/1.1" 200 27
114.86.229.41 - - [29/Nov/2021:10:54:20 +0800] "GET /xingrg/all/function/internal_message.html?_=1638154462531&CODE_STATE=getMsg HTTP/1.1" 200 27
222.70.171.86 - - [29/Nov/2021:10:54:20 +0800] "GET /xingrg/all/function/internal_message.html?_=1638154461837&CODE_STATE=getMsg HTTP/1.1" 302 -
180.169.147.146 - - [29/Nov/2021:10:54:21 +0800] "GET /xingrg/all/function/internal_message.html?_=1638154461821&CODE_STATE=getMsg HTTP/1.1" 200 27
61.151.178.163 - - [29/Nov/2021:10:54:25 +0800] "GET /xingrg/all/function/internal_message.html?_=1638154401305&CODE_STATE=getMsg HTTP/1.1" 302 -
61.151.178.163 - - [29/Nov/2021:10:54:27 +0800] "GET /xingrg/login.html HTTP/1.1" 200 7641
124.78.153.86 - - [29/Nov/2021:10:54:28 +0800] "GET /xingrg/all/function/internal_message.html?_=1638154464153&CODE_STATE=getMsg HTTP/1.1" 200 27
116.227.210.113 - - [29/Nov/2021:10:54:30 +0800] "POST /xingrg/dwr/call/plaincall/AjaxReportQueryService.refreshCache.dwr HTTP/1.1" 200 78
116.227.210.113 - - [29/Nov/2021:10:54:32 +0800] "POST /xingrg/all/report/load_report_page.html HTTP/1.1" 200 98711
116.227.210.113 - - [29/Nov/2021:10:54:32 +0800] "GET /xingrg/images/blue/button/back2.gif HTTP/1.1" 200 1339
116.227.210.113 - - [29/Nov/2021:10:54:32 +0800] "GET /xingrg/images/blue/button/back.gif HTTP/1.1" 200 1352
116.227.210.113 - - [29/Nov/2021:10:54:32 +0800] "GET /xingrg/servlets/image?cache=0.05276799125223919&image=px HTTP/1.1" 200 807
222.70.171.86 - - [29/Nov/2021:10:54:34 +0800] "GET /xingrg/all/function/internal_message.html?_=1638154475677&CODE_STATE=getMsg HTTP/1.1" 200 27
124.78.153.86 - - [29/Nov/2021:10:54:34 +0800] "GET /xingrg/all/function/internal_message.html?_=1638154474752&CODE_STATE=getMsg HTTP/1.1" 200 27
124.78.153.86 - - [29/Nov/2021:10:54:34 +0800] "GET /xingrg/check_reg.html?_=1638154475113 HTTP/1.1" 200 22
116.228.172.94 - - [29/Nov/2021:10:54:38 +0800] "GET /xingrg/all/function/internal_message.html?_=1638154355020&CODE_STATE=getMsg HTTP/1.1" 200 27
180.174.250.202 - - [29/Nov/2021:10:54:38 +0800] "GET /xingrg/all/function/internal_message.html?_=1638154476089&CODE_STATE=getMsg HTTP/1.1" 200 27
172.20.0.100 - - [29/Nov/2021:10:54:38 +0800] "GET /xingrg/all/function/internal_message.html?_=1638154477991&CODE_STATE=getMsg HTTP/1.1" 200 27
61.151.178.164 - - [29/Nov/2021:10:54:40 +0800] "GET /xingrg/kc/print/load_config.html?kc_code=cgsh HTTP/1.1" 302 -
58.39.139.200 - - [29/Nov/2021:10:54:40 +0800] "GET /xingrg/all/function/internal_message.html?_=1638154482076&CODE_STATE=getMsg HTTP/1.1" 200 27
61.151.178.197 - - [29/Nov/2021:10:54:41 +0800] "GET /xingrg/kc/print/load_data.html?order_code=212021112912484&kc_code=cgsh&condition= HTTP/1.1" 302 -
101.85.120.86 - - [29/Nov/2021:10:54:42 +0800] "GET /xingrg/all/function/internal_message.html?_=1638154482268&CODE_STATE=getMsg HTTP/1.1" 200 27
61.151.178.164 - - [29/Nov/2021:10:54:43 +0800] "GET /xingrg/login.html HTTP/1.1" 200 7641
61.151.178.197 - - [29/Nov/2021:10:54:44 +0800] "GET /xingrg/login.html HTTP/1.1" 200 7641
116.238.248.233 - - [29/Nov/2021:10:54:44 +0800] "GET /xingrg/all/function/internal_message.html?_=1638154483630&CODE_STATE=getMsg HTTP/1.1" 200 27
116.238.248.233 - - [29/Nov/2021:10:54:44 +0800] "GET /xingrg/check_reg.html?_=1638154483632 HTTP/1.1" 200 22
180.162.112.229 - - [29/Nov/2021:10:54:50 +0800] "GET /xingrg/kc/base/wldb_order_operate.html?command=get_materiel&rest_code=00143&base_code=0010216&code=00101019739 HTTP/1.1" 200 455
180.162.112.229 - - [29/Nov/2021:10:54:51 +0800] "POST /xingrg/all/common/load_select.html HTTP/1.1" 200 38
180.162.112.229 - - [29/Nov/2021:10:54:52 +0800] "GET /xingrg/kc/base/wldb_order_operate.html?command=get_materiel_price&rest_code=00143&base_code=0010216&code=00101019739&unit_code=00100491 HTTP/1.1" 200 34
58.40.7.146 - - [29/Nov/2021:10:54:59 +0800] "POST /xingrg/services/DataTransmitService HTTP/1.1" 200 524
180.169.147.146 - - [29/Nov/2021:10:55:00 +0800] "GET /xingrg/all/function/internal_message.html?_=1638154500127&CODE_STATE=getMsg HTTP/1.1" 200 27
180.169.147.146 - - [29/Nov/2021:10:55:00 +0800] "GET /xingrg/all/function/internal_message.html?_=1638154500563&CODE_STATE=getMsg HTTP/1.1" 200 27
114.85.125.222 - - [29/Nov/2021:10:55:01 +0800] "GET /xingrg/all/function/internal_message.html?_=1638154469848&CODE_STATE=getMsg HTTP/1.1" 200 27
114.83.222.132 - - [29/Nov/2021:10:55:03 +0800] "GET /xingrg/all/function/internal_message.html?_=1638154503828&CODE_STATE=getMsg HTTP/1.1" 200 27
116.227.210.113 - - [29/Nov/2021:10:55:06 +0800] "GET /xingrg/all/function/internal_message.html?_=1638154504097&CODE_STATE=getMsg HTTP/1.1" 200 27
222.70.176.97 - - [29/Nov/2021:10:55:08 +0800] "GET /xingrg/all/function/internal_message.html?_=1638154508491&CODE_STATE=getMsg HTTP/1.1" 200 27
58.39.139.200 - - [29/Nov/2021:10:55:12 +0800] "GET /xingrg/index.html?sysBaseUrl=http%3A%2F%2F180.169.147.146%3A18081%2Fxingrg%2F&costTime=32×tamp=1585224308505 HTTP/1.1" 302 -
58.39.139.200 - - [29/Nov/2021:10:55:12 +0800] "GET /xingrg/login.html HTTP/1.1" 200 7641
58.39.139.200 - - [29/Nov/2021:10:55:12 +0800] "GET /xingrg/images/blue/jxLogo.png HTTP/1.1" 304 -
58.39.139.200 - - [29/Nov/2021:10:55:12 +0800] "GET /xingrg/images/blue/login_bg.png HTTP/1.1" 304 -
58.39.139.200 - - [29/Nov/2021:10:55:12 +0800] "GET /xingrg/images/blue/hj.png HTTP/1.1" 304 -
58.39.139.200 - - [29/Nov/2021:10:55:12 +0800] "GET /xingrg/images/blue/srbg.png HTTP/1.1" 304 -
180.162.112.229 - - [29/Nov/2021:10:55:12 +0800] "GET /xingrg/kc/base/wldb_order_operate.html?command=get_materiel&rest_code=00143&base_code=0010216&code=00101022099 HTTP/1.1" 200 424
58.39.139.200 - - [29/Nov/2021:10:55:13 +0800] "GET /favicon.ico HTTP/1.1" 404 -
58.37.231.44 - - [29/Nov/2021:10:55:15 +0800] "GET /xingrg/all/function/internal_message.html?_=1638154346035&CODE_STATE=getMsg HTTP/1.1" 200 27
180.162.112.229 - - [29/Nov/2021:10:55:18 +0800] "GET /xingrg/all/function/internal_message.html?_=1638153983266&CODE_STATE=getMsg HTTP/1.1" 200 27
114.86.229.41 - - [29/Nov/2021:10:55:20 +0800] "GET /xingrg/all/function/internal_message.html?_=1638154522533&CODE_STATE=getMsg HTTP/1.1" 200 27
222.70.171.86 - - [29/Nov/2021:10:55:20 +0800] "GET /xingrg/all/function/internal_message.html?_=1638154521884&CODE_STATE=getMsg HTTP/1.1" 302 -
180.169.147.146 - - [29/Nov/2021:10:55:21 +0800] "GET /xingrg/all/function/internal_message.html?_=1638154521812&CODE_STATE=getMsg HTTP/1.1" 200 27
58.39.139.200 - - [29/Nov/2021:10:55:23 +0800] "POST /xingrg/login.do HTTP/1.1" 302 -
58.39.139.200 - - [29/Nov/2021:10:55:23 +0800] "GET /xingrg/index.html?sysBaseUrl=http%3A%2F%2F180.169.147.146%3A18081%2Fxingrg%2F&costTime=40×tamp=1638154523872 HTTP/1.1" 200 17173
58.39.139.200 - - [29/Nov/2021:10:55:24 +0800] "GET /xingrg/javascript/jquery_easy_ui/themes/default/easyui.css HTTP/1.1" 304 -
58.39.139.200 - - [29/Nov/2021:10:55:24 +0800] "GET /xingrg/javascript/jquery_easy_ui/themes/icon.css HTTP/1.1" 304 -
58.39.139.200 - - [29/Nov/2021:10:55:24 +0800] "GET /xingrg/css/form.css HTTP/1.1" 304 -
58.39.139.200 - - [29/Nov/2021:10:55:24 +0800] "GET /xingrg/javascript/jquery-1.4.2.min.js HTTP/1.1" 304 -
58.39.139.200 - - [29/Nov/2021:10:55:24 +0800] "GET /xingrg/javascript/jquery_easy_ui/jquery.easyui.min.js HTTP/1.1" 304 -
58.39.139.200 - - [29/Nov/2021:10:55:24 +0800] "GET /xingrg/javascript/jquery_easy_ui/easyui-lang-zh_CN.js HTTP/1.1" 304 -
58.39.139.200 - - [29/Nov/2021:10:55:24 +0800] "GET /xingrg/javascript/jquery.form.js HTTP/1.1" 304 -
58.39.139.200 - - [29/Nov/2021:10:55:24 +0800] "GET /xingrg/javascript/jquery.utils.js HTTP/1.1" 304 -
58.39.139.200 - - [29/Nov/2021:10:55:24 +0800] "GET /xingrg/javascript/jquery.timers.js HTTP/1.1" 304 -
58.39.139.200 - - [29/Nov/2021:10:55:24 +0800] "GET /favicon.ico HTTP/1.1" 404 -
58.39.139.200 - - [29/Nov/2021:10:55:24 +0800] "GET /xingrg/javascript/jquery_easy_ui/themes/icons/settle_new.png HTTP/1.1" 304 -
58.39.139.200 - - [29/Nov/2021:10:55:24 +0800] "GET /xingrg/images/blue/navBackgound.jpg HTTP/1.1" 304 -
58.39.139.200 - - [29/Nov/2021:10:55:24 +0800] "POST /xingrg/all/common/load_tree.html?tree=area_rest_tree_json&manage=1 HTTP/1.1" 200 342
58.39.139.200 - - [29/Nov/2021:10:55:24 +0800] "GET /xingrg/all/function/internal_message.html?_=1638154460741&CODE_STATE=count HTTP/1.1" 200 11
58.39.139.200 - - [29/Nov/2021:10:55:24 +0800] "GET /xingrg/check_reg.html?_=1638154460744 HTTP/1.1" 200 22
58.39.139.200 - - [29/Nov/2021:10:55:24 +0800] "GET /xingrg/images/blue/pingpu.png HTTP/1.1" 304 -
58.39.139.200 - - [29/Nov/2021:10:55:24 +0800] "GET /xingrg/javascript/jquery_easy_ui/themes/default/images/tabs_leftarrow.png HTTP/1.1" 304 -
58.39.139.200 - - [29/Nov/2021:10:55:24 +0800] "GET /xingrg/javascript/jquery_easy_ui/themes/default/images/tabs_rightarrow.png HTTP/1.1" 304 -
58.39.139.200 - - [29/Nov/2021:10:55:24 +0800] "GET /xingrg/javascript/jquery_easy_ui/themes/default/images/panel_tool_collapse.gif HTTP/1.1" 304 -
58.39.139.200 - - [29/Nov/2021:10:55:24 +0800] "POST /xingrg/load_menu.html HTTP/1.1" 200 5138
58.39.139.200 - - [29/Nov/2021:10:55:24 +0800] "GET /xingrg/javascript/jquery_easy_ui/themes/default/images/tree_arrows.gif HTTP/1.1" 304 -
58.39.139.200 - - [29/Nov/2021:10:55:24 +0800] "GET /xingrg/javascript/jquery_easy_ui/themes/default/images/tree_folder_open.gif HTTP/1.1" 304 -
58.39.139.200 - - [29/Nov/2021:10:55:24 +0800] "GET /xingrg/javascript/jquery_easy_ui/themes/icons/search_new.png HTTP/1.1" 304 -
58.39.139.200 - - [29/Nov/2021:10:55:24 +0800] "GET /xingrg/javascript/jquery_easy_ui/themes/default/images/tree_folder.gif HTTP/1.1" 304 -
58.39.139.200 - - [29/Nov/2021:10:55:25 +0800] "GET /xingrg/javascript/jquery_easy_ui/themes/icons/storage_new.png HTTP/1.1" 304 -
58.39.139.200 - - [29/Nov/2021:10:55:25 +0800] "GET /xingrg/javascript/jquery_easy_ui/themes/icons/forms_new.png HTTP/1.1" 304 -
58.39.139.200 - - [29/Nov/2021:10:55:25 +0800] "GET /xingrg/javascript/jquery_easy_ui/themes/default/images/tree_file.gif HTTP/1.1" 304 -
124.78.153.86 - - [29/Nov/2021:10:55:28 +0800] "GET /xingrg/all/function/internal_message.html?_=1638154524126&CODE_STATE=getMsg HTTP/1.1" 200 27
180.162.112.229 - - [29/Nov/2021:10:55:31 +0800] "GET /xingrg/kc/base/wldb_order_operate.html?command=get_materiel&rest_code=00143&base_code=0010216&code=00101016044 HTTP/1.1" 200 464
116.238.248.233 - - [29/Nov/2021:10:55:33 +0800] "POST /xingrg/dwr/call/plaincall/AjaxQqpsService.saveMaterielItem.dwr HTTP/1.1" 200 79
222.70.171.86 - - [29/Nov/2021:10:55:34 +0800] "GET /xingrg/all/function/internal_message.html?_=1638154535690&CODE_STATE=getMsg HTTP/1.1" 200 27
124.78.153.86 - - [29/Nov/2021:10:55:34 +0800] "GET /xingrg/all/function/internal_message.html?_=1638154534722&CODE_STATE=getMsg HTTP/1.1" 200 27
116.238.248.233 - - [29/Nov/2021:10:55:35 +0800] "POST /xingrg/dwr/call/plaincall/AjaxQqpsService.saveOrder.dwr HTTP/1.1" 200 79
116.227.210.113 - - [29/Nov/2021:10:55:36 +0800] "GET /xingrg/all/report/report_query.html?fileName=kc/buy/wlcg_hz_day.xml&rw=1600 HTTP/1.1" 200 51683
116.227.210.113 - - [29/Nov/2021:10:55:36 +0800] "GET /xingrg/dwr/interface/AjaxReportQueryService.js HTTP/1.1" 200 13203
116.227.210.113 - - [29/Nov/2021:10:55:36 +0800] "GET /xingrg/dwr/engine.js HTTP/1.1" 200 43631
116.227.210.113 - - [29/Nov/2021:10:55:36 +0800] "POST /xingrg/dwr/call/plaincall/AjaxReportQueryService.getFixDate.dwr HTTP/1.1" 200 111
116.227.210.113 - - [29/Nov/2021:10:55:36 +0800] "GET /xingrg/javascript/jquery_easy_ui/themes/default/images/combo_arrow_dot.gif HTTP/1.1" 200 79
116.227.210.113 - - [29/Nov/2021:10:55:36 +0800] "POST /xingrg/all/common/load_tree.html?tree=supplier_tree_json&manage=1 HTTP/1.1" 200 61763
116.227.210.113 - - [29/Nov/2021:10:55:37 +0800] "GET /xingrg/javascript/jquery_easy_ui/themes/default/images/tree_checkbox_0.gif HTTP/1.1" 200 168
116.227.210.113 - - [29/Nov/2021:10:55:38 +0800] "POST /xingrg/all/common/load_tree.html?tree=materiel_sort_tree_json HTTP/1.1" 200 9388
116.228.172.94 - - [29/Nov/2021:10:55:38 +0800] "GET /xingrg/all/function/internal_message.html?_=1638154415006&CODE_STATE=getMsg HTTP/1.1" 200 27
180.174.250.202 - - [29/Nov/2021:10:55:38 +0800] "GET /xingrg/all/function/internal_message.html?_=1638154536103&CODE_STATE=getMsg HTTP/1.1" 200 27
172.20.0.100 - - [29/Nov/2021:10:55:38 +0800] "GET /xingrg/all/function/internal_message.html?_=1638154537985&CODE_STATE=getMsg HTTP/1.1" 200 27
172.20.0.100 - - [29/Nov/2021:10:55:38 +0800] "GET /xingrg/check_reg.html?_=1638154537989 HTTP/1.1" 200 22
58.39.139.200 - - [29/Nov/2021:10:55:40 +0800] "GET /xingrg/all/function/internal_message.html?_=1638154542050&CODE_STATE=getMsg HTTP/1.1" 200 27
101.85.120.86 - - [29/Nov/2021:10:55:42 +0800] "GET /xingrg/all/function/internal_message.html?_=1638154542268&CODE_STATE=getMsg HTTP/1.1" 200 27
116.238.248.233 - - [29/Nov/2021:10:55:44 +0800] "GET /xingrg/kc/report/report_main.html HTTP/1.1" 200 7340
116.238.248.233 - - [29/Nov/2021:10:55:44 +0800] "GET /xingrg/all/function/internal_message.html?_=1638154543693&CODE_STATE=getMsg HTTP/1.1" 200 27
116.227.210.113 - - [29/Nov/2021:10:55:47 +0800] "GET /xingrg/javascript/jquery_easy_ui/themes/default/images/tree_checkbox_1.gif HTTP/1.1" 200 174
116.227.210.113 - - [29/Nov/2021:10:55:47 +0800] "GET /xingrg/javascript/jquery_easy_ui/themes/default/images/tree_checkbox_2.gif HTTP/1.1" 200 181
116.238.248.233 - - [29/Nov/2021:10:55:52 +0800] "GET /xingrg/kc/base/kc_stocks.html HTTP/1.1" 200 16443
116.238.248.233 - - [29/Nov/2021:10:55:52 +0800] "GET /xingrg/javascript/easyui/themes/icons/print_new.png HTTP/1.1" 200 3580
116.238.248.233 - - [29/Nov/2021:10:55:52 +0800] "GET /xingrg/javascript/easyui/themes/icons/refresh_new.png HTTP/1.1" 200 685
116.238.248.233 - - [29/Nov/2021:10:55:52 +0800] "GET /xingrg/javascript/easyui/themes/icons/filter_new.png HTTP/1.1" 200 795
116.238.248.233 - - [29/Nov/2021:10:55:52 +0800] "GET /xingrg/javascript/easyui/themes/default/tree.css HTTP/1.1" 404 1090
116.238.248.233 - - [29/Nov/2021:10:55:52 +0800] "GET /xingrg/all/common/auto_word.html?type=base&rest_code=00150 HTTP/1.1" 200 1649
116.238.248.233 - - [29/Nov/2021:10:55:52 +0800] "POST /xingrg/all/common/load_tree.html?tree=materiel_sort_tree_json HTTP/1.1" 200 9388
116.238.248.233 - - [29/Nov/2021:10:55:53 +0800] "GET /xingrg/javascript/easyui/themes/sunny/images/tree_folder.gif HTTP/1.1" 200 952
116.238.248.233 - - [29/Nov/2021:10:55:53 +0800] "GET /xingrg/javascript/easyui/themes/sunny/images/tree_arrows.gif HTTP/1.1" 200 617
116.238.248.233 - - [29/Nov/2021:10:55:53 +0800] "GET /xingrg/javascript/easyui/themes/sunny/images/tree_file.gif HTTP/1.1" 200 118
116.238.248.233 - - [29/Nov/2021:10:55:53 +0800] "GET /xingrg/javascript/easyui/themes/sunny/images/tree_folder_open.gif HTTP/1.1" 200 956
116.227.210.113 - - [29/Nov/2021:10:55:57 +0800] "POST /xingrg/dwr/call/plaincall/AjaxReportQueryService.refreshCache.dwr HTTP/1.1" 200 78
58.37.231.44 - - [29/Nov/2021:10:55:57 +0800] "GET /xingrg/check_reg.html?_=1638154388598 HTTP/1.1" 200 22
180.169.147.146 - - [29/Nov/2021:10:56:00 +0800] "GET /xingrg/all/function/internal_message.html?_=1638154560120&CODE_STATE=getMsg HTTP/1.1" 200 27
116.227.210.113 - - [29/Nov/2021:10:56:00 +0800] "POST /xingrg/all/report/load_report_page.html HTTP/1.1" 200 375332
116.227.210.113 - - [29/Nov/2021:10:56:00 +0800] "GET /xingrg/servlets/image?cache=0.1600146014184628&image=px HTTP/1.1" 200 807
180.169.147.146 - - [29/Nov/2021:10:56:00 +0800] "GET /xingrg/all/function/internal_message.html?_=1638154560546&CODE_STATE=getMsg HTTP/1.1" 200 27
114.85.125.222 - - [29/Nov/2021:10:56:01 +0800] "GET /xingrg/all/function/internal_message.html?_=1638154529861&CODE_STATE=getMsg HTTP/1.1" 200 27
116.238.248.233 - - [29/Nov/2021:10:56:01 +0800] "POST /xingrg/kc/base/stock_operate.html HTTP/1.1" 200 4361
116.238.248.233 - - [29/Nov/2021:10:56:02 +0800] "GET /xingrg/javascript/easyui/themes/sunny/images/ui-bg_gloss-wave_70_ffdd57_500x100.png HTTP/1.1" 200 3830
114.83.222.132 - - [29/Nov/2021:10:56:03 +0800] "GET /xingrg/all/function/internal_message.html?_=1638154563847&CODE_STATE=getMsg HTTP/1.1" 200 27
116.227.210.113 - - [29/Nov/2021:10:56:03 +0800] "POST /xingrg/services/DataTransmitService HTTP/1.1" 401 565
116.227.210.113 - - [29/Nov/2021:10:56:03 +0800] "POST /xingrg/services/DataTransmitService HTTP/1.1" 200 478
116.227.210.113 - - [29/Nov/2021:10:56:03 +0800] "POST /xingrg/services/DataTransmitService HTTP/1.1" 200 1320
116.227.210.113 - - [29/Nov/2021:10:56:03 +0800] "POST /xingrg/services/DataTransmitService HTTP/1.1" 200 478
116.227.210.113 - - [29/Nov/2021:10:56:03 +0800] "POST /xingrg/services/DataTransmitService HTTP/1.1" 200 1320
116.227.210.113 - - [29/Nov/2021:10:56:03 +0800] "POST /xingrg/services/DataTransmitService HTTP/1.1" 200 524
116.238.248.233 - - [29/Nov/2021:10:56:03 +0800] "POST /xingrg/kc/base/stock_operate.html HTTP/1.1" 200 26723
116.227.210.113 - - [29/Nov/2021:10:56:04 +0800] "POST /xingrg/services/DataTransmitService HTTP/1.1" 200 1979
116.227.210.113 - - [29/Nov/2021:10:56:04 +0800] "POST /xingrg/services/DataTransmitService HTTP/1.1" 200 45454
116.227.210.113 - - [29/Nov/2021:10:56:04 +0800] "POST /xingrg/services/DataTransmitService HTTP/1.1" 200 19237
116.227.210.113 - - [29/Nov/2021:10:56:06 +0800] "GET /xingrg/all/function/internal_message.html?_=1638154564074&CODE_STATE=getMsg HTTP/1.1" 200 27
116.227.210.113 - - [29/Nov/2021:10:56:08 +0800] "POST /xingrg/services/DataTransmitService HTTP/1.1" 200 524
222.70.176.97 - - [29/Nov/2021:10:56:09 +0800] "GET /xingrg/all/function/internal_message.html?_=1638154568509&CODE_STATE=getMsg HTTP/1.1" 200 27
58.37.231.44 - - [29/Nov/2021:10:56:15 +0800] "GET /xingrg/all/function/internal_message.html?_=1638154406014&CODE_STATE=getMsg HTTP/1.1" 200 27
180.162.112.229 - - [29/Nov/2021:10:56:18 +0800] "GET /xingrg/all/function/internal_message.html?_=1638154043260&CODE_STATE=getMsg HTTP/1.1" 200 27
114.86.229.41 - - [29/Nov/2021:10:56:20 +0800] "GET /xingrg/all/function/internal_message.html?_=1638154582533&CODE_STATE=getMsg HTTP/1.1" 200 27
222.70.171.86 - - [29/Nov/2021:10:56:20 +0800] "GET /xingrg/all/function/internal_message.html?_=1638154581895&CODE_STATE=getMsg HTTP/1.1" 302 -
180.169.147.146 - - [29/Nov/2021:10:56:21 +0800] "GET /xingrg/check_reg.html?_=1638154581823 HTTP/1.1" 200 22
180.169.147.146 - - [29/Nov/2021:10:56:21 +0800] "GET /xingrg/all/function/internal_message.html?_=1638154581822&CODE_STATE=getMsg HTTP/1.1" 200 27
124.78.153.86 - - [29/Nov/2021:10:56:24 +0800] "GET /xingrg/check_reg.html?_=1638154579244 HTTP/1.1" 200 22
58.39.139.200 - - [29/Nov/2021:10:56:24 +0800] "GET /xingrg/all/function/internal_message.html?_=1638154520762&CODE_STATE=getMsg HTTP/1.1" 200 27
124.78.153.86 - - [29/Nov/2021:10:56:28 +0800] "GET /xingrg/all/function/internal_message.html?_=1638154584096&CODE_STATE=getMsg HTTP/1.1" 200 27
222.70.171.86 - - [29/Nov/2021:10:56:34 +0800] "GET /xingrg/all/function/internal_message.html?_=1638154595944&CODE_STATE=getMsg HTTP/1.1" 200 27
124.78.153.86 - - [29/Nov/2021:10:56:34 +0800] "GET /xingrg/all/function/internal_message.html?_=1638154594708&CODE_STATE=getMsg HTTP/1.1" 200 27
180.162.112.229 - - [29/Nov/2021:10:56:36 +0800] "GET /xingrg/kc/base/wldb_order_operate.html?command=get_materiel&rest_code=00143&base_code=0010216&code=00101022082 HTTP/1.1" 200 429
116.228.172.94 - - [29/Nov/2021:10:56:38 +0800] "GET /xingrg/all/function/internal_message.html?_=1638154475008&CODE_STATE=getMsg HTTP/1.1" 200 27
172.20.0.100 - - [29/Nov/2021:10:56:38 +0800] "GET /xingrg/all/function/internal_message.html?_=1638154597991&CODE_STATE=getMsg HTTP/1.1" 200 27
180.174.250.202 - - [29/Nov/2021:10:56:39 +0800] "GET /xingrg/all/function/internal_message.html?_=1638154596601&CODE_STATE=getMsg HTTP/1.1" 200 27
58.39.139.200 - - [29/Nov/2021:10:56:40 +0800] "GET /xingrg/all/function/internal_message.html?_=1638154602025&CODE_STATE=getMsg HTTP/1.1" 200 27
101.85.120.86 - - [29/Nov/2021:10:56:42 +0800] "GET /xingrg/all/function/internal_message.html?_=1638154602269&CODE_STATE=getMsg HTTP/1.1" 200 27
116.238.248.233 - - [29/Nov/2021:10:56:44 +0800] "GET /xingrg/all/function/internal_message.html?_=1638154603680&CODE_STATE=getMsg HTTP/1.1" 200 27
180.169.147.146 - - [29/Nov/2021:10:56:47 +0800] "GET /xingrg/check_reg.html?_=1638154607253 HTTP/1.1" 200 22
180.162.112.229 - - [29/Nov/2021:10:56:54 +0800] "GET /xingrg/kc/base/wldb_order_operate.html?command=get_materiel&rest_code=00143&base_code=0010216&code=00101019429 HTTP/1.1" 200 441
116.227.210.113 - - [29/Nov/2021:10:56:56 +0800] "GET /xingrg/all/report/report_query.html?isQuery=1&fileName=kc/buy/wlcg_mx.xml&queryString=(CONVERT(char(10)%252Ca.order_time%252C%2520120)%253E%253D'2021-11-01')%2520and%2520(CONVERT(char(10)%252Ca.order_time%252C%2520120)%253C%253D'2021-11-30')%2520and%2520(a.supplier_code%2520in%2520('00100017'%252C'00100018'%252C'00100019'%252C'00100020'%252C'00100021'%252C'00100213'%252C'00100226'%252C'00100228'%252C'00100230'%252C'00100239'%252C'00100241'%252C'00100243'%252C'00100252'%252C'00100253'%252C'00100264'%252C'00100271'%252C'00100273'%252C'00100278'%252C'00100280'%252C'00100282'%252C'00100367'%252C'00100373'%252C'00100402'%252C'00100406'%252C'00100409'%252C'00100410'%252C'00100427'%252C'00100428'))%2520and%2520(a.small_sort%2520in%2520('00101001'%252C'00101002'%252C'00101003'%252C'00101004'%252C'00101005'%252C'00101006'%252C'00101007'%252C'00101008'%252C'00101009'%252C'00101010'%252C'00101011'%252C'00101012'%252C'00101013'%252C'00101014'%252C'00101015'%252C'00101016'%252C'00101017'%252C'00101018'%252C'00101019'%252C'00101020'%252C'00101021'%252C'00101022'%252C'00101023'%252C'00101024'%252C'00101025'%252C'00101026'%252C'00101027'%252C'00101028'%252C'00101029'%252C'00101030'%252C'00101031'%252C'00101032'%252C'00101033'%252C'00101034'%252C'00101036'%252C'00101037'%252C'00101038'%252C'00101039'%252C'00101040'%252C'00101041'%252C'00101042'%252C'00102001'%252C'00102002'%252C'00102003'%252C'00102004'%252C'00102005'%252C'00102006'%252C'00102007'%252C'00102008'%252C'00102009'%252C'00102010'%252C'00102011'%252C'00102012'%252C'00102013'%252C'00102014'%252C'00102015'%252C'00102016'%252C'00102017'%252C'00102018'%252C'00102019'%252C'00102020'%252C'00102021'%252C'00102022'%252C'00102023'%252C'00102024'%252C'00102025'%252C'00102026'%252C'00102027'%252C'00102028'%252C'00102029'%252C'00102030'%252C'00102031'%252C'00102032'%252C'00102033'%252C'00102034'%252C'00102035'%252C'00102036'))%2520and%2520(a.materiel_code%253D'00101028012')&queryText=%25E3%2580%2590%25E9%2587%2587%25E8%25B4%25AD%25E6%2597%25B6%25E9%2597%25B4%253A2021-11-01%2520%25E8%258 HTTP/1.1" 200 53271
116.227.210.113 - - [29/Nov/2021:10:56:56 +0800] "GET /xingrg/dwr/engine.js HTTP/1.1" 200 43631
116.227.210.113 - - [29/Nov/2021:10:56:56 +0800] "GET /favicon.ico HTTP/1.1" 404 -
116.227.210.113 - - [29/Nov/2021:10:56:59 +0800] "POST /xingrg/all/report/load_report_page.html HTTP/1.1" 200 16412
180.169.147.146 - - [29/Nov/2021:10:57:00 +0800] "GET /xingrg/check_reg.html?_=1638154620137 HTTP/1.1" 200 22
180.169.147.146 - - [29/Nov/2021:10:57:00 +0800] "GET /xingrg/all/function/internal_message.html?_=1638154620136&CODE_STATE=getMsg HTTP/1.1" 200 27
180.169.147.146 - - [29/Nov/2021:10:57:00 +0800] "GET /xingrg/all/function/internal_message.html?_=1638154620529&CODE_STATE=getMsg HTTP/1.1" 200 27
114.85.125.222 - - [29/Nov/2021:10:57:01 +0800] "GET /xingrg/all/function/internal_message.html?_=1638154589880&CODE_STATE=getMsg HTTP/1.1" 200 27
114.83.222.132 - - [29/Nov/2021:10:57:03 +0800] "GET /xingrg/check_reg.html?_=1638154623848 HTTP/1.1" 200 22
114.83.222.132 - - [29/Nov/2021:10:57:03 +0800] "GET /xingrg/all/function/internal_message.html?_=1638154623853&CODE_STATE=getMsg HTTP/1.1" 200 27
116.227.210.113 - - [29/Nov/2021:10:57:06 +0800] "GET /xingrg/all/function/internal_message.html?_=1638154624251&CODE_STATE=getMsg HTTP/1.1" 200 27
222.70.176.97 - - [29/Nov/2021:10:57:09 +0800] "GET /xingrg/all/function/internal_message.html?_=1638154628493&CODE_STATE=getMsg HTTP/1.1" 200 27
222.70.171.86 - - [29/Nov/2021:10:57:12 +0800] "GET /xingrg/check_reg.html?_=1638154633315 HTTP/1.1" 302 -
58.37.231.44 - - [29/Nov/2021:10:57:15 +0800] "GET /xingrg/all/function/internal_message.html?_=1638154465995&CODE_STATE=getMsg HTTP/1.1" 200 27
180.162.112.229 - - [29/Nov/2021:10:57:18 +0800] "GET /xingrg/all/function/internal_message.html?_=1638154103267&CODE_STATE=getMsg HTTP/1.1" 200 27
