222.70.171.86 - - [27/Nov/2021:10:31:20 +0800] "GET /xingrg/all/function/internal_message.html?_=1637980296829&CODE_STATE=getMsg HTTP/1.1" 302 -
222.70.176.97 - - [27/Nov/2021:10:31:24 +0800] "POST /xingrg/kc/buy/cgsh_order_operate.html HTTP/1.1" 200 37
124.78.153.86 - - [27/Nov/2021:10:31:26 +0800] "GET /xingrg/kc/buy/cgsh_order_operate.html?command=get_materiel&rest_code=00106&code=00101009013&supplier_code=00100022&order_time=2021-11-27 HTTP/1.1" 200 422
58.37.231.44 - - [27/Nov/2021:10:31:27 +0800] "GET /xingrg/all/function/internal_message.html?_=1637980111261&CODE_STATE=getMsg HTTP/1.1" 200 27
222.70.176.97 - - [27/Nov/2021:10:31:28 +0800] "POST /xingrg/kc/buy/cgsh_order_operate.html HTTP/1.1" 200 4430
120.253.135.82 - - [27/Nov/2021:10:31:29 +0800] "GET /xingrg/check_reg.html?_=1637980061117 HTTP/1.1" 200 22
222.70.176.97 - - [27/Nov/2021:10:31:29 +0800] "GET /xingrg/kc/print/load_config.html?kc_code=cgsh HTTP/1.1" 200 2281
222.70.176.97 - - [27/Nov/2021:10:31:30 +0800] "GET /xingrg/kc/print/load_data.html?order_code=212021112711662&kc_code=cgsh&condition= HTTP/1.1" 200 1372
120.253.135.82 - - [27/Nov/2021:10:31:34 +0800] "GET /xingrg/all/function/internal_message.html?_=1637980065999&CODE_STATE=getMsg HTTP/1.1" 200 27
222.70.176.97 - - [27/Nov/2021:10:31:38 +0800] "GET /xingrg/kc/buy/cgsh_order_add.html HTTP/1.1" 200 64837
180.169.147.146 - - [27/Nov/2021:10:31:38 +0800] "GET /xingrg/all/function/internal_message.html?_=1637980284460&CODE_STATE=getMsg HTTP/1.1" 200 27
222.70.176.97 - - [27/Nov/2021:10:31:38 +0800] "POST /xingrg/kc/buy/cgsh_order_operate.html HTTP/1.1" 200 8245
222.70.176.97 - - [27/Nov/2021:10:31:38 +0800] "GET /xingrg/javascript/easyui/themes/default/validatebox.css HTTP/1.1" 404 1104
124.78.153.86 - - [27/Nov/2021:10:31:40 +0800] "GET /xingrg/kc/buy/cgsh_order_operate.html?command=get_materiel&rest_code=00106&code=00101009016&supplier_code=00100022&order_time=2021-11-27 HTTP/1.1" 200 414
116.235.94.0 - - [27/Nov/2021:10:31:41 +0800] "GET /xingrg/javascript/easyui/themes/default/images/button_plain_hover.png HTTP/1.1" 304 -
116.235.94.0 - - [27/Nov/2021:10:31:41 +0800] "GET /xingrg/javascript/easyui/themes/default/images/button_plain_hover.png HTTP/1.1" 304 -
116.235.94.0 - - [27/Nov/2021:10:31:41 +0800] "GET /xingrg/javascript/easyui/themes/default/images/button_plain_hover.png HTTP/1.1" 304 -
116.235.94.0 - - [27/Nov/2021:10:31:41 +0800] "GET /xingrg/javascript/easyui/themes/default/images/button_plain_hover.png HTTP/1.1" 304 -
180.157.253.6 - - [27/Nov/2021:10:31:42 +0800] "GET /xingrg/all/function/internal_message.html?_=1637980299906&CODE_STATE=getMsg HTTP/1.1" 200 27
116.235.94.0 - - [27/Nov/2021:10:31:42 +0800] "GET /xingrg/javascript/easyui/themes/default/images/button_plain_hover.png HTTP/1.1" 304 -
116.235.94.0 - - [27/Nov/2021:10:31:42 +0800] "GET /xingrg/javascript/easyui/themes/default/images/button_plain_hover.png HTTP/1.1" 304 -
116.235.94.0 - - [27/Nov/2021:10:31:42 +0800] "GET /xingrg/javascript/easyui/themes/default/images/button_plain_hover.png HTTP/1.1" 304 -
116.235.94.0 - - [27/Nov/2021:10:31:43 +0800] "GET /xingrg/javascript/easyui/themes/default/images/button_plain_hover.png HTTP/1.1" 304 -
116.235.94.0 - - [27/Nov/2021:10:31:43 +0800] "GET /xingrg/javascript/easyui/themes/default/images/button_plain_hover.png HTTP/1.1" 304 -
116.235.94.0 - - [27/Nov/2021:10:31:45 +0800] "GET /xingrg/javascript/easyui/themes/default/images/button_plain_hover.png HTTP/1.1" 304 -
116.235.94.0 - - [27/Nov/2021:10:31:45 +0800] "GET /xingrg/javascript/easyui/themes/default/images/button_plain_hover.png HTTP/1.1" 304 -
116.235.94.0 - - [27/Nov/2021:10:31:45 +0800] "GET /xingrg/javascript/easyui/themes/default/images/button_plain_hover.png HTTP/1.1" 304 -
222.70.171.86 - - [27/Nov/2021:10:31:46 +0800] "GET /xingrg/all/function/internal_message.html?_=1637980323354&CODE_STATE=getMsg HTTP/1.1" 302 -
101.89.29.78 - - [27/Nov/2021:10:31:48 +0800] "GET /xingrg/kc/buy/cgsh_order_operate.html?command=get_materiel&rest_code=00106&code=00101009062&supplier_code=00100022&order_time=2021-11-27 HTTP/1.1" 302 -
101.89.29.78 - - [27/Nov/2021:10:31:48 +0800] "GET /xingrg/login.html HTTP/1.1" 200 7641
116.238.248.233 - - [27/Nov/2021:10:31:49 +0800] "GET /xingrg/all/function/internal_message.html?_=1637980304750&CODE_STATE=getMsg HTTP/1.1" 200 27
180.174.250.202 - - [27/Nov/2021:10:31:50 +0800] "GET /xingrg/all/function/internal_message.html?_=1637980303547&CODE_STATE=getMsg HTTP/1.1" 200 27
116.235.94.0 - - [27/Nov/2021:10:31:50 +0800] "GET /xingrg/all/function/internal_message.html?_=1637980314592&CODE_STATE=getMsg HTTP/1.1" 200 27
222.70.176.97 - - [27/Nov/2021:10:31:51 +0800] "GET /xingrg/kc/buy/cgsh_order_operate.html?command=get_materiel&rest_code=00111&code=00101007109&supplier_code=00100037&order_time=2021-11-27 HTTP/1.1" 200 408
180.157.253.6 - - [27/Nov/2021:10:31:52 +0800] "GET /xingrg/all/function/internal_message.html?_=1637980310277&CODE_STATE=getMsg HTTP/1.1" 200 27
124.78.153.86 - - [27/Nov/2021:10:31:53 +0800] "GET /xingrg/check_reg.html?_=1637980306551 HTTP/1.1" 200 22
114.85.125.222 - - [27/Nov/2021:10:31:54 +0800] "GET /xingrg/all/function/internal_message.html?_=1637980280909&CODE_STATE=getMsg HTTP/1.1" 200 27
58.39.139.200 - - [27/Nov/2021:10:31:54 +0800] "GET /xingrg/all/function/internal_message.html?_=1637980247531&CODE_STATE=getMsg HTTP/1.1" 200 27
222.70.176.97 - - [27/Nov/2021:10:32:01 +0800] "GET /xingrg/kc/buy/cgsh_order_operate.html?command=get_materiel&rest_code=00111&code=00101016071&supplier_code=00100037&order_time=2021-11-27 HTTP/1.1" 200 416
116.228.172.94 - - [27/Nov/2021:10:32:05 +0800] "GET /xingrg/all/function/internal_message.html?_=1637980202916&CODE_STATE=getMsg HTTP/1.1" 200 27
116.235.94.0 - - [27/Nov/2021:10:32:06 +0800] "GET /xingrg/javascript/easyui/themes/default/images/button_plain_hover.png HTTP/1.1" 304 -
116.235.94.0 - - [27/Nov/2021:10:32:06 +0800] "GET /xingrg/javascript/easyui/themes/default/images/button_plain_hover.png HTTP/1.1" 304 -
116.235.94.0 - - [27/Nov/2021:10:32:06 +0800] "GET /xingrg/javascript/easyui/themes/default/images/button_plain_hover.png HTTP/1.1" 304 -
114.83.222.132 - - [27/Nov/2021:10:32:06 +0800] "GET /xingrg/all/function/internal_message.html?_=1637980323837&CODE_STATE=getMsg HTTP/1.1" 200 27
124.78.153.86 - - [27/Nov/2021:10:32:06 +0800] "POST /xingrg/kc/buy/cgsh_order_operate.html HTTP/1.1" 200 37
116.227.210.113 - - [27/Nov/2021:10:32:07 +0800] "GET /xingrg/check_reg.html?_=1637980323598 HTTP/1.1" 200 22
116.227.210.113 - - [27/Nov/2021:10:32:07 +0800] "GET /xingrg/all/function/internal_message.html?_=1637980323602&CODE_STATE=getMsg HTTP/1.1" 200 27
124.78.153.86 - - [27/Nov/2021:10:32:09 +0800] "POST /xingrg/kc/buy/cgsh_order_operate.html HTTP/1.1" 200 12
116.227.210.113 - - [27/Nov/2021:10:32:10 +0800] "GET /favicon.ico HTTP/1.1" 404 -
61.151.207.205 - - [27/Nov/2021:10:32:10 +0800] "GET /xingrg/kc/buy/cgsh_order_operate.html?command=get_materiel&rest_code=00106&code=00101009051&supplier_code=00100022&order_time=2021-11-27 HTTP/1.1" 302 -
61.151.207.205 - - [27/Nov/2021:10:32:10 +0800] "GET /xingrg/login.html HTTP/1.1" 200 7641
124.78.153.86 - - [27/Nov/2021:10:32:10 +0800] "GET /xingrg/kc/buy/cgsh_order_info.html?code=212021112711663 HTTP/1.1" 200 59831
222.70.176.97 - - [27/Nov/2021:10:32:10 +0800] "GET /xingrg/kc/buy/cgsh_order_operate.html?command=get_materiel&rest_code=00111&code=00101016030&supplier_code=00100037&order_time=2021-11-27 HTTP/1.1" 200 412
124.78.153.86 - - [27/Nov/2021:10:32:11 +0800] "GET /xingrg/javascript/easyui/themes/default/validatebox.css HTTP/1.1" 404 1104
124.78.153.86 - - [27/Nov/2021:10:32:11 +0800] "POST /xingrg/kc/buy/cgsh_order_operate.html HTTP/1.1" 200 4165
222.70.171.86 - - [27/Nov/2021:10:32:12 +0800] "GET /xingrg/check_reg.html?_=1637980348810 HTTP/1.1" 302 -
222.70.171.86 - - [27/Nov/2021:10:32:12 +0800] "GET /xingrg/all/function/internal_message.html?_=1637980352987&CODE_STATE=getMsg HTTP/1.1" 200 27
124.78.153.86 - - [27/Nov/2021:10:32:13 +0800] "GET /xingrg/kc/print/load_data.html?order_code=212021112711663&kc_code=cgsh&condition= HTTP/1.1" 200 2098
101.91.60.11 - - [27/Nov/2021:10:32:14 +0800] "GET /xingrg/all/function/internal_message.html?_=1637980266978&CODE_STATE=getMsg HTTP/1.1" 302 -
124.78.153.86 - - [27/Nov/2021:10:32:14 +0800] "GET /xingrg/all/function/internal_message.html?_=1637980326966&CODE_STATE=getMsg HTTP/1.1" 200 27
101.91.60.11 - - [27/Nov/2021:10:32:15 +0800] "GET /xingrg/login.html HTTP/1.1" 200 7641
222.70.176.97 - - [27/Nov/2021:10:32:16 +0800] "GET /xingrg/all/function/internal_message.html?_=1637980329328&CODE_STATE=getMsg HTTP/1.1" 200 27
124.78.153.86 - - [27/Nov/2021:10:32:18 +0800] "GET /xingrg/kc/print/load_data.html?order_code=212021112711663&kc_code=cgsh HTTP/1.1" 200 2098
116.233.77.48 - - [27/Nov/2021:10:32:20 +0800] "GET /xingrg/all/function/internal_message.html?_=1637980336303&CODE_STATE=getMsg HTTP/1.1" 200 27
222.70.171.86 - - [27/Nov/2021:10:32:20 +0800] "GET /xingrg/all/function/internal_message.html?_=1637980356843&CODE_STATE=getMsg HTTP/1.1" 302 -
222.70.171.86 - - [27/Nov/2021:10:32:22 +0800] "GET /xingrg/kc/buy/cgsh_order_add.html HTTP/1.1" 200 64881
222.70.171.86 - - [27/Nov/2021:10:32:22 +0800] "POST /xingrg/kc/buy/cgsh_order_operate.html HTTP/1.1" 200 8245
222.70.171.86 - - [27/Nov/2021:10:32:22 +0800] "GET /xingrg/javascript/easyui/themes/default/validatebox.css HTTP/1.1" 404 1104
101.89.29.78 - - [27/Nov/2021:10:32:23 +0800] "GET /xingrg/kc/buy/cgsh_order_operate.html?command=get_materiel&rest_code=00106&code=00101009013&supplier_code=00100022&order_time=2021-11-27 HTTP/1.1" 302 -
222.70.176.97 - - [27/Nov/2021:10:32:24 +0800] "GET /xingrg/kc/buy/cgsh_order_operate.html?command=get_materiel&rest_code=00111&code=00101019238&supplier_code=00100037&order_time=2021-11-27 HTTP/1.1" 200 467
101.89.29.78 - - [27/Nov/2021:10:32:24 +0800] "GET /xingrg/login.html HTTP/1.1" 200 7641
58.37.231.44 - - [27/Nov/2021:10:32:27 +0800] "GET /xingrg/all/function/internal_message.html?_=1637980171234&CODE_STATE=getMsg HTTP/1.1" 200 27
120.253.135.82 - - [27/Nov/2021:10:32:34 +0800] "GET /xingrg/all/function/internal_message.html?_=1637980126014&CODE_STATE=getMsg HTTP/1.1" 200 27
222.70.176.97 - - [27/Nov/2021:10:32:35 +0800] "GET /xingrg/kc/buy/cgsh_order_operate.html?command=get_materiel&rest_code=00111&code=00101010540&supplier_code=00100037&order_time=2021-11-27 HTTP/1.1" 200 399
222.70.171.86 - - [27/Nov/2021:10:32:37 +0800] "GET /xingrg/kc/buy/cgsh_order_operate.html?command=get_materiel&rest_code=00146&code=00101016025&supplier_code=00100033&order_time=2021-11-27 HTTP/1.1" 200 408
61.151.178.163 - - [27/Nov/2021:10:32:38 +0800] "GET /xingrg/kc/buy/cgsh_order_operate.html?command=get_materiel&rest_code=00106&code=00101009016&supplier_code=00100022&order_time=2021-11-27 HTTP/1.1" 302 -
180.169.147.146 - - [27/Nov/2021:10:32:38 +0800] "GET /xingrg/all/function/internal_message.html?_=1637980344442&CODE_STATE=getMsg HTTP/1.1" 200 27
61.151.178.163 - - [27/Nov/2021:10:32:39 +0800] "GET /xingrg/login.html HTTP/1.1" 200 7641
58.39.139.200 - - [27/Nov/2021:10:32:39 +0800] "GET /xingrg/kc/buy/cgsh_order_add.html HTTP/1.1" 200 64963
58.39.139.200 - - [27/Nov/2021:10:32:39 +0800] "POST /xingrg/kc/buy/cgsh_order_operate.html HTTP/1.1" 200 8245
58.39.139.200 - - [27/Nov/2021:10:32:39 +0800] "GET /xingrg/javascript/easyui/themes/default/validatebox.css HTTP/1.1" 404 1104
180.157.253.6 - - [27/Nov/2021:10:32:42 +0800] "GET /xingrg/all/function/internal_message.html?_=1637980359891&CODE_STATE=getMsg HTTP/1.1" 200 27
222.70.171.86 - - [27/Nov/2021:10:32:46 +0800] "GET /xingrg/all/function/internal_message.html?_=1637980383363&CODE_STATE=getMsg HTTP/1.1" 302 -
222.70.171.86 - - [27/Nov/2021:10:32:49 +0800] "GET /xingrg/kc/buy/cgsh_order_operate.html?command=get_materiel&rest_code=00146&code=00101012025&supplier_code=00100033&order_time=2021-11-27 HTTP/1.1" 200 412
116.238.248.233 - - [27/Nov/2021:10:32:49 +0800] "GET /xingrg/all/function/internal_message.html?_=1637980364749&CODE_STATE=getMsg HTTP/1.1" 200 27
180.174.250.202 - - [27/Nov/2021:10:32:50 +0800] "GET /xingrg/all/function/internal_message.html?_=1637980363561&CODE_STATE=getMsg HTTP/1.1" 200 27
116.235.94.0 - - [27/Nov/2021:10:32:51 +0800] "GET /xingrg/all/function/internal_message.html?_=1637980375314&CODE_STATE=getMsg HTTP/1.1" 200 27
180.157.253.6 - - [27/Nov/2021:10:32:52 +0800] "GET /xingrg/check_reg.html?_=1637980370262 HTTP/1.1" 200 22
180.157.253.6 - - [27/Nov/2021:10:32:52 +0800] "GET /xingrg/all/function/internal_message.html?_=1637980370264&CODE_STATE=getMsg HTTP/1.1" 200 27
180.169.147.146 - - [27/Nov/2021:10:32:53 +0800] "GET /xingrg/kc/buy/buy_main.html HTTP/1.1" 200 12412
180.169.147.146 - - [27/Nov/2021:10:32:53 +0800] "GET /xingrg/css/new_ie.css HTTP/1.1" 404 1036
114.85.125.222 - - [27/Nov/2021:10:32:54 +0800] "GET /xingrg/all/function/internal_message.html?_=1637980340931&CODE_STATE=getMsg HTTP/1.1" 200 27
101.89.29.78 - - [27/Nov/2021:10:32:54 +0800] "GET /xingrg/check_reg.html?_=1637980306551 HTTP/1.1" 302 -
101.89.29.78 - - [27/Nov/2021:10:32:54 +0800] "GET /xingrg/login.html HTTP/1.1" 200 7641
180.169.147.146 - - [27/Nov/2021:10:32:54 +0800] "GET /xingrg/kc/buy/cgsh_order_list.html HTTP/1.1" 200 49146
58.39.139.200 - - [27/Nov/2021:10:32:54 +0800] "GET /xingrg/all/function/internal_message.html?_=1637980307532&CODE_STATE=getMsg HTTP/1.1" 200 27
58.39.139.200 - - [27/Nov/2021:10:32:54 +0800] "GET /xingrg/check_reg.html?_=1637980307536 HTTP/1.1" 200 22
180.169.147.146 - - [27/Nov/2021:10:32:55 +0800] "POST /xingrg/kc/buy/cgsh_list_operate.html HTTP/1.1" 200 876
222.70.171.86 - - [27/Nov/2021:10:33:02 +0800] "GET /xingrg/kc/buy/cgsh_order_operate.html?command=get_materiel&rest_code=00146&code=00101016080&supplier_code=00100033&order_time=2021-11-27 HTTP/1.1" 200 408
116.228.172.94 - - [27/Nov/2021:10:33:05 +0800] "GET /xingrg/check_reg.html?_=1637980262917 HTTP/1.1" 200 22
116.228.172.94 - - [27/Nov/2021:10:33:05 +0800] "GET /xingrg/all/function/internal_message.html?_=1637980262918&CODE_STATE=getMsg HTTP/1.1" 200 27
114.83.222.132 - - [27/Nov/2021:10:33:06 +0800] "GET /xingrg/all/function/internal_message.html?_=1637980383824&CODE_STATE=getMsg HTTP/1.1" 200 27
116.227.210.113 - - [27/Nov/2021:10:33:07 +0800] "GET /xingrg/all/function/internal_message.html?_=1637980383603&CODE_STATE=getMsg HTTP/1.1" 200 27
61.151.207.141 - - [27/Nov/2021:10:33:11 +0800] "GET /xingrg/kc/buy/cgsh_order_info.html?code=212021112711663 HTTP/1.1" 302 -
222.70.171.86 - - [27/Nov/2021:10:33:11 +0800] "GET /xingrg/kc/buy/cgsh_order_operate.html?command=get_materiel&rest_code=00146&code=00101011001&supplier_code=00100033&order_time=2021-11-27 HTTP/1.1" 200 423
222.70.171.86 - - [27/Nov/2021:10:33:12 +0800] "GET /xingrg/all/function/internal_message.html?_=1637980413001&CODE_STATE=getMsg HTTP/1.1" 200 27
61.151.207.141 - - [27/Nov/2021:10:33:12 +0800] "GET /xingrg/login.html HTTP/1.1" 200 7641
124.78.153.86 - - [27/Nov/2021:10:33:14 +0800] "GET /xingrg/all/function/internal_message.html?_=1637980386936&CODE_STATE=getMsg HTTP/1.1" 200 27
222.70.176.97 - - [27/Nov/2021:10:33:16 +0800] "GET /xingrg/all/function/internal_message.html?_=1637980389333&CODE_STATE=getMsg HTTP/1.1" 200 27
58.39.139.200 - - [27/Nov/2021:10:33:18 +0800] "GET /xingrg/kc/buy/cgsh_order_operate.html?command=get_materiel&rest_code=00105&code=00101009109&supplier_code=00100024&order_time=2021-11-27 HTTP/1.1" 200 399
116.233.77.48 - - [27/Nov/2021:10:33:20 +0800] "GET /xingrg/all/function/internal_message.html?_=1637980396303&CODE_STATE=getMsg HTTP/1.1" 200 27
116.233.77.48 - - [27/Nov/2021:10:33:20 +0800] "GET /xingrg/check_reg.html?_=1637980396306 HTTP/1.1" 200 22
222.70.171.86 - - [27/Nov/2021:10:33:20 +0800] "GET /xingrg/all/function/internal_message.html?_=1637980416885&CODE_STATE=getMsg HTTP/1.1" 302 -
222.70.171.86 - - [27/Nov/2021:10:33:22 +0800] "GET /xingrg/kc/buy/cgsh_order_operate.html?command=get_materiel&rest_code=00146&code=00101016105&supplier_code=00100033&order_time=2021-11-27 HTTP/1.1" 200 409
58.37.231.44 - - [27/Nov/2021:10:33:27 +0800] "GET /xingrg/all/function/internal_message.html?_=1637980231209&CODE_STATE=getMsg HTTP/1.1" 200 27
120.253.135.82 - - [27/Nov/2021:10:33:34 +0800] "GET /xingrg/all/function/internal_message.html?_=1637980186142&CODE_STATE=getMsg HTTP/1.1" 200 27
222.70.171.86 - - [27/Nov/2021:10:33:35 +0800] "GET /xingrg/kc/buy/cgsh_order_operate.html?command=get_materiel&rest_code=00146&code=00101012033&supplier_code=00100033&order_time=2021-11-27 HTTP/1.1" 200 426
180.169.147.146 - - [27/Nov/2021:10:33:38 +0800] "GET /xingrg/all/function/internal_message.html?_=1637980404429&CODE_STATE=getMsg HTTP/1.1" 200 27
180.169.147.146 - - [27/Nov/2021:10:33:39 +0800] "GET /xingrg/check_reg.html?_=1637980405164 HTTP/1.1" 200 22
180.157.253.6 - - [27/Nov/2021:10:33:42 +0800] "GET /xingrg/all/function/internal_message.html?_=1637980419861&CODE_STATE=getMsg HTTP/1.1" 200 27
222.70.171.86 - - [27/Nov/2021:10:33:45 +0800] "GET /xingrg/check_reg.html?_=1637980441931 HTTP/1.1" 302 -
180.174.250.202 - - [27/Nov/2021:10:33:45 +0800] "GET /xingrg/check_reg.html?_=1637980419096 HTTP/1.1" 200 22
222.70.171.86 - - [27/Nov/2021:10:33:46 +0800] "GET /xingrg/all/function/internal_message.html?_=1637980443377&CODE_STATE=getMsg HTTP/1.1" 302 -
116.238.248.233 - - [27/Nov/2021:10:33:49 +0800] "GET /xingrg/all/function/internal_message.html?_=1637980424748&CODE_STATE=getMsg HTTP/1.1" 200 27
180.174.250.202 - - [27/Nov/2021:10:33:50 +0800] "GET /xingrg/all/function/internal_message.html?_=1637980423574&CODE_STATE=getMsg HTTP/1.1" 200 27
116.235.94.0 - - [27/Nov/2021:10:33:51 +0800] "GET /xingrg/all/function/internal_message.html?_=1637980435338&CODE_STATE=getMsg HTTP/1.1" 200 27
180.157.253.6 - - [27/Nov/2021:10:33:52 +0800] "GET /xingrg/all/function/internal_message.html?_=1637980430262&CODE_STATE=getMsg HTTP/1.1" 200 27
114.85.125.222 - - [27/Nov/2021:10:33:54 +0800] "GET /xingrg/all/function/internal_message.html?_=1637980400937&CODE_STATE=getMsg HTTP/1.1" 200 27
58.39.139.200 - - [27/Nov/2021:10:33:54 +0800] "GET /xingrg/all/function/internal_message.html?_=1637980367540&CODE_STATE=getMsg HTTP/1.1" 200 27
222.70.171.86 - - [27/Nov/2021:10:33:57 +0800] "POST /xingrg/kc/buy/cgsh_order_operate.html HTTP/1.1" 200 37
222.70.171.86 - - [27/Nov/2021:10:34:00 +0800] "POST /xingrg/kc/buy/cgsh_order_operate.html HTTP/1.1" 200 5616
222.70.171.86 - - [27/Nov/2021:10:34:02 +0800] "GET /xingrg/kc/print/load_data.html?order_code=212021112711664&kc_code=cgsh&condition= HTTP/1.1" 200 1840
116.228.172.94 - - [27/Nov/2021:10:34:05 +0800] "GET /xingrg/all/function/internal_message.html?_=1637980322916&CODE_STATE=getMsg HTTP/1.1" 200 27
58.39.139.200 - - [27/Nov/2021:10:34:06 +0800] "GET /xingrg/kc/buy/cgsh_order_operate.html?command=get_materiel&rest_code=00105&code=00101009062&supplier_code=00100024&order_time=2021-11-27 HTTP/1.1" 200 412
114.83.222.132 - - [27/Nov/2021:10:34:06 +0800] "GET /xingrg/all/function/internal_message.html?_=1637980443814&CODE_STATE=getMsg HTTP/1.1" 200 27
116.227.210.113 - - [27/Nov/2021:10:34:07 +0800] "GET /xingrg/all/function/internal_message.html?_=1637980443603&CODE_STATE=getMsg HTTP/1.1" 200 27
116.227.210.113 - - [27/Nov/2021:10:34:08 +0800] "GET /xingrg/kc/buy/cgsh_order_operate.html?command=get_materiel&rest_code=00155&code=00101008361&supplier_code=00100005&order_time=2021-11-27 HTTP/1.1" 200 408
222.70.171.86 - - [27/Nov/2021:10:34:12 +0800] "GET /xingrg/all/function/internal_message.html?_=1637980473014&CODE_STATE=getMsg HTTP/1.1" 200 27
124.78.153.86 - - [27/Nov/2021:10:34:14 +0800] "GET /xingrg/all/function/internal_message.html?_=1637980446909&CODE_STATE=getMsg HTTP/1.1" 200 27
101.89.239.120 - - [27/Nov/2021:10:34:15 +0800] "GET /xingrg/all/function/internal_message.html?_=1637980386936&CODE_STATE=getMsg HTTP/1.1" 302 -
222.70.176.97 - - [27/Nov/2021:10:34:16 +0800] "GET /xingrg/all/function/internal_message.html?_=1637980449329&CODE_STATE=getMsg HTTP/1.1" 200 27
101.89.239.120 - - [27/Nov/2021:10:34:17 +0800] "GET /xingrg/login.html HTTP/1.1" 200 7641
116.233.77.48 - - [27/Nov/2021:10:34:20 +0800] "GET /xingrg/all/function/internal_message.html?_=1637980456305&CODE_STATE=getMsg HTTP/1.1" 200 27
222.70.171.86 - - [27/Nov/2021:10:34:20 +0800] "GET /xingrg/all/function/internal_message.html?_=1637980476886&CODE_STATE=getMsg HTTP/1.1" 302 -
222.70.171.86 - - [27/Nov/2021:10:34:20 +0800] "GET /xingrg/kc/buy/cgsh_order_add.html HTTP/1.1" 200 64881
222.70.171.86 - - [27/Nov/2021:10:34:20 +0800] "POST /xingrg/kc/buy/cgsh_order_operate.html HTTP/1.1" 200 8245
116.227.210.113 - - [27/Nov/2021:10:34:21 +0800] "GET /xingrg/kc/buy/cgsh_order_operate.html?command=get_materiel&rest_code=00155&code=00101008355&supplier_code=00100005&order_time=2021-11-27 HTTP/1.1" 200 408
222.70.171.86 - - [27/Nov/2021:10:34:21 +0800] "GET /xingrg/javascript/easyui/themes/default/validatebox.css HTTP/1.1" 404 1104
58.37.231.44 - - [27/Nov/2021:10:34:27 +0800] "GET /xingrg/all/function/internal_message.html?_=1637980291214&CODE_STATE=getMsg HTTP/1.1" 200 27
114.83.222.132 - - [27/Nov/2021:10:34:29 +0800] "POST /xingrg/services/DataTransmitService HTTP/1.1" 200 524
114.83.222.132 - - [27/Nov/2021:10:34:29 +0800] "POST /xingrg/services/DataTransmitService HTTP/1.1" 200 1979
114.83.222.132 - - [27/Nov/2021:10:34:30 +0800] "POST /xingrg/services/DataTransmitService HTTP/1.1" 200 132319
222.70.176.97 - - [27/Nov/2021:10:34:31 +0800] "GET /xingrg/kc/buy/cgsh_order_operate.html?command=get_materiel&rest_code=00111&code=00101008041&supplier_code=00100037&order_time=2021-11-27 HTTP/1.1" 200 408
120.253.135.82 - - [27/Nov/2021:10:34:34 +0800] "GET /xingrg/all/function/internal_message.html?_=1637980246150&CODE_STATE=getMsg HTTP/1.1" 200 27
222.70.171.86 - - [27/Nov/2021:10:34:35 +0800] "GET /xingrg/kc/buy/cgsh_order_operate.html?command=get_materiel&rest_code=00146&code=00101006184&supplier_code=00100012&order_time=2021-11-27 HTTP/1.1" 200 408
180.169.147.146 - - [27/Nov/2021:10:34:38 +0800] "GET /xingrg/all/function/internal_message.html?_=1637980464409&CODE_STATE=getMsg HTTP/1.1" 200 27
116.227.210.113 - - [27/Nov/2021:10:34:39 +0800] "GET /xingrg/kc/buy/cgsh_order_operate.html?command=get_materiel&rest_code=00155&code=00101008264&supplier_code=00100005&order_time=2021-11-27 HTTP/1.1" 200 412
116.235.94.0 - - [27/Nov/2021:10:34:41 +0800] "GET /xingrg/check_reg.html?_=1637980485828 HTTP/1.1" 200 22
180.157.253.6 - - [27/Nov/2021:10:34:42 +0800] "GET /xingrg/all/function/internal_message.html?_=1637980479847&CODE_STATE=getMsg HTTP/1.1" 200 27
222.70.171.86 - - [27/Nov/2021:10:34:46 +0800] "GET /xingrg/all/function/internal_message.html?_=1637980503394&CODE_STATE=getMsg HTTP/1.1" 302 -
116.238.248.233 - - [27/Nov/2021:10:34:49 +0800] "GET /xingrg/all/function/internal_message.html?_=1637980484751&CODE_STATE=getMsg HTTP/1.1" 200 27
116.238.248.233 - - [27/Nov/2021:10:34:49 +0800] "GET /xingrg/check_reg.html?_=1637980484752 HTTP/1.1" 200 22
222.70.171.86 - - [27/Nov/2021:10:34:49 +0800] "GET /xingrg/kc/buy/cgsh_order_operate.html?command=get_materiel&rest_code=00146&code=00101006065&supplier_code=00100012&order_time=2021-11-27 HTTP/1.1" 200 428
180.174.250.202 - - [27/Nov/2021:10:34:50 +0800] "GET /xingrg/all/function/internal_message.html?_=1637980483587&CODE_STATE=getMsg HTTP/1.1" 200 27
222.70.176.97 - - [27/Nov/2021:10:34:50 +0800] "GET /xingrg/kc/buy/cgsh_order_operate.html?command=get_materiel&rest_code=00111&code=00101008123&supplier_code=00100037&order_time=2021-11-27 HTTP/1.1" 200 412
116.235.94.0 - - [27/Nov/2021:10:34:51 +0800] "GET /xingrg/all/function/internal_message.html?_=1637980495351&CODE_STATE=getMsg HTTP/1.1" 200 27
180.157.253.6 - - [27/Nov/2021:10:34:52 +0800] "GET /xingrg/all/function/internal_message.html?_=1637980490261&CODE_STATE=getMsg HTTP/1.1" 200 27
114.85.125.222 - - [27/Nov/2021:10:34:54 +0800] "GET /xingrg/all/function/internal_message.html?_=1637980460957&CODE_STATE=getMsg HTTP/1.1" 200 27
58.39.139.200 - - [27/Nov/2021:10:34:55 +0800] "GET /xingrg/all/function/internal_message.html?_=1637980427758&CODE_STATE=getMsg HTTP/1.1" 200 27
222.70.171.86 - - [27/Nov/2021:10:34:59 +0800] "GET /xingrg/kc/buy/cgsh_order_operate.html?command=get_materiel&rest_code=00146&code=00101006109&supplier_code=00100012&order_time=2021-11-27 HTTP/1.1" 200 409
116.228.172.94 - - [27/Nov/2021:10:35:05 +0800] "GET /xingrg/all/function/internal_message.html?_=1637980382909&CODE_STATE=getMsg HTTP/1.1" 200 27
114.83.222.132 - - [27/Nov/2021:10:35:06 +0800] "GET /xingrg/all/function/internal_message.html?_=1637980503799&CODE_STATE=getMsg HTTP/1.1" 200 27
116.227.210.113 - - [27/Nov/2021:10:35:07 +0800] "GET /xingrg/all/function/internal_message.html?_=1637980503599&CODE_STATE=getMsg HTTP/1.1" 200 27
114.83.222.132 - - [27/Nov/2021:10:35:08 +0800] "GET /xingrg/check_reg.html?_=1637980505173 HTTP/1.1" 200 22
58.39.139.200 - - [27/Nov/2021:10:35:08 +0800] "GET /xingrg/kc/buy/cgsh_order_operate.html?command=get_materiel&rest_code=00105&code=00101009011&supplier_code=00100024&order_time=2021-11-27 HTTP/1.1" 200 416
116.227.210.113 - - [27/Nov/2021:10:35:10 +0800] "GET /xingrg/kc/buy/cgsh_order_operate.html?command=get_materiel&rest_code=00155&code=00101008212&supplier_code=00100005&order_time=2021-11-27 HTTP/1.1" 200 412
222.70.171.86 - - [27/Nov/2021:10:35:11 +0800] "GET /xingrg/check_reg.html?_=1637980532216 HTTP/1.1" 200 22
222.70.171.86 - - [27/Nov/2021:10:35:12 +0800] "GET /xingrg/all/function/internal_message.html?_=1637980533027&CODE_STATE=getMsg HTTP/1.1" 200 27
222.70.171.86 - - [27/Nov/2021:10:35:12 +0800] "GET /xingrg/kc/buy/cgsh_order_operate.html?command=get_materiel&rest_code=00146&code=00101006027&supplier_code=00100012&order_time=2021-11-27 HTTP/1.1" 200 411
61.151.207.141 - - [27/Nov/2021:10:35:14 +0800] "GET /xingrg/all/function/internal_message.html?_=1637980446909&CODE_STATE=getMsg HTTP/1.1" 302 -
124.78.153.86 - - [27/Nov/2021:10:35:14 +0800] "GET /xingrg/all/function/internal_message.html?_=1637980506888&CODE_STATE=getMsg HTTP/1.1" 200 27
61.151.207.141 - - [27/Nov/2021:10:35:14 +0800] "GET /xingrg/login.html HTTP/1.1" 200 7641
222.70.176.97 - - [27/Nov/2021:10:35:16 +0800] "GET /xingrg/check_reg.html?_=1637980509322 HTTP/1.1" 200 22
222.70.176.97 - - [27/Nov/2021:10:35:16 +0800] "GET /xingrg/all/function/internal_message.html?_=1637980509324&CODE_STATE=getMsg HTTP/1.1" 200 27
114.85.125.222 - - [27/Nov/2021:10:35:18 +0800] "POST /xingrg/services/DataTransmitService HTTP/1.1" 200 524
116.233.77.48 - - [27/Nov/2021:10:35:20 +0800] "GET /xingrg/all/function/internal_message.html?_=1637980516307&CODE_STATE=getMsg HTTP/1.1" 200 27
222.70.171.86 - - [27/Nov/2021:10:35:20 +0800] "GET /xingrg/all/function/internal_message.html?_=1637980536922&CODE_STATE=getMsg HTTP/1.1" 302 -
124.78.153.86 - - [27/Nov/2021:10:35:20 +0800] "POST /xingrg/services/DataTransmitService HTTP/1.1" 200 524
124.78.153.86 - - [27/Nov/2021:10:35:21 +0800] "POST /xingrg/services/DataTransmitService HTTP/1.1" 200 501
180.157.253.6 - - [27/Nov/2021:10:35:22 +0800] "GET /xingrg/javascript/jquery_easy_ui/themes/default/images/tabs_active.png HTTP/1.1" 304 -
58.37.231.44 - - [27/Nov/2021:10:35:27 +0800] "GET /xingrg/all/function/internal_message.html?_=1637980351186&CODE_STATE=getMsg HTTP/1.1" 200 27
222.70.176.97 - - [27/Nov/2021:10:35:32 +0800] "GET /xingrg/kc/buy/cgsh_order_operate.html?command=get_materiel&rest_code=00111&code=00101008284&supplier_code=00100037&order_time=2021-11-27 HTTP/1.1" 200 412
222.70.171.86 - - [27/Nov/2021:10:35:36 +0800] "GET /xingrg/kc/buy/cgsh_order_operate.html?command=get_materiel&rest_code=00146&code=00101006130&supplier_code=00100012&order_time=2021-11-27 HTTP/1.1" 200 447
180.169.147.146 - - [27/Nov/2021:10:35:38 +0800] "GET /xingrg/all/function/internal_message.html?_=1637980524388&CODE_STATE=getMsg HTTP/1.1" 200 27
114.85.125.222 - - [27/Nov/2021:10:35:41 +0800] "GET /xingrg/check_reg.html?_=1637980508238 HTTP/1.1" 200 22
222.70.176.97 - - [27/Nov/2021:10:35:42 +0800] "GET /xingrg/kc/buy/cgsh_order_operate.html?command=get_materiel&rest_code=00111&code=00101015046&supplier_code=00100037&order_time=2021-11-27 HTTP/1.1" 200 412
180.157.253.6 - - [27/Nov/2021:10:35:42 +0800] "GET /xingrg/all/function/internal_message.html?_=1637980539832&CODE_STATE=getMsg HTTP/1.1" 200 27
222.70.171.86 - - [27/Nov/2021:10:35:46 +0800] "GET /xingrg/all/function/internal_message.html?_=1637980563404&CODE_STATE=getMsg HTTP/1.1" 302 -
116.238.248.233 - - [27/Nov/2021:10:35:49 +0800] "GET /xingrg/all/function/internal_message.html?_=1637980544759&CODE_STATE=getMsg HTTP/1.1" 200 27
180.174.250.202 - - [27/Nov/2021:10:35:50 +0800] "GET /xingrg/all/function/internal_message.html?_=1637980543883&CODE_STATE=getMsg HTTP/1.1" 200 27
116.235.94.0 - - [27/Nov/2021:10:35:51 +0800] "GET /xingrg/all/function/internal_message.html?_=1637980555380&CODE_STATE=getMsg HTTP/1.1" 200 27
222.70.176.97 - - [27/Nov/2021:10:35:51 +0800] "GET /xingrg/kc/buy/cgsh_order_operate.html?command=get_materiel&rest_code=00111&code=00101015038&supplier_code=00100037&order_time=2021-11-27 HTTP/1.1" 200 418
180.157.253.6 - - [27/Nov/2021:10:35:52 +0800] "GET /xingrg/all/function/internal_message.html?_=1637980550272&CODE_STATE=getMsg HTTP/1.1" 200 27
114.85.125.222 - - [27/Nov/2021:10:35:54 +0800] "GET /xingrg/all/function/internal_message.html?_=1637980520965&CODE_STATE=getMsg HTTP/1.1" 200 27
116.232.38.196 - - [27/Nov/2021:10:35:54 +0800] "GET /favicon.ico HTTP/1.1" 404 -
58.39.139.200 - - [27/Nov/2021:10:35:55 +0800] "GET /xingrg/all/function/internal_message.html?_=1637980487738&CODE_STATE=getMsg HTTP/1.1" 200 27
114.83.222.132 - - [27/Nov/2021:10:35:55 +0800] "GET /xingrg/kc/mdqp/qqps_order_info.html?code=302021112700572 HTTP/1.1" 200 26720
114.83.222.132 - - [27/Nov/2021:10:35:55 +0800] "GET /xingrg/dwr/interface/AjaxComOrderService.js HTTP/1.1" 200 18264
114.83.222.132 - - [27/Nov/2021:10:35:55 +0800] "GET /xingrg/dwr/interface/AjaxQqpsService.js HTTP/1.1" 200 16326
114.83.222.132 - - [27/Nov/2021:10:35:55 +0800] "GET /xingrg/dwr/engine.js HTTP/1.1" 200 43631
114.83.222.132 - - [27/Nov/2021:10:35:55 +0800] "POST /xingrg/dwr/call/plaincall/AjaxQqpsService.loadMaterielItems.dwr HTTP/1.1" 200 984
114.83.222.132 - - [27/Nov/2021:10:35:57 +0800] "POST /xingrg/dwr/call/plaincall/AjaxQqpsService.uncheckOrder.dwr HTTP/1.1" 200 78
58.37.231.44 - - [27/Nov/2021:10:35:58 +0800] "GET /xingrg/check_reg.html?_=1637980382182 HTTP/1.1" 200 22
114.83.222.132 - - [27/Nov/2021:10:35:58 +0800] "GET /xingrg/css/blue.css HTTP/1.1" 304 -
114.83.222.132 - - [27/Nov/2021:10:35:58 +0800] "GET /xingrg/javascript/auto/jquery.autocomplete.css HTTP/1.1" 304 -
114.83.222.132 - - [27/Nov/2021:10:35:58 +0800] "GET /xingrg/javascript/jquery_easy_ui/themes/icon.css HTTP/1.1" 304 -
114.83.222.132 - - [27/Nov/2021:10:35:58 +0800] "GET /xingrg/javascript/jquery-1.4.2.min.js HTTP/1.1" 304 -
114.83.222.132 - - [27/Nov/2021:10:35:58 +0800] "GET /xingrg/javascript/pic_change.js HTTP/1.1" 304 -
114.83.222.132 - - [27/Nov/2021:10:35:58 +0800] "GET /xingrg/javascript/jquery_easy_ui/jquery.easyui.min.js HTTP/1.1" 304 -
114.83.222.132 - - [27/Nov/2021:10:35:58 +0800] "GET /xingrg/javascript/jquery_easy_ui/easyui-lang-zh_CN.js HTTP/1.1" 304 -
114.83.222.132 - - [27/Nov/2021:10:35:58 +0800] "GET /xingrg/javascript/auto/jquery.autocomplete.js HTTP/1.1" 304 -
114.83.222.132 - - [27/Nov/2021:10:35:58 +0800] "GET /xingrg/javascript/tools/jquery.qtip-1.0.0-rc3.min.js HTTP/1.1" 304 -
114.83.222.132 - - [27/Nov/2021:10:35:58 +0800] "GET /xingrg/javascript/jquery.utils.js HTTP/1.1" 304 -
114.83.222.132 - - [27/Nov/2021:10:35:58 +0800] "GET /xingrg/dwr/util.js HTTP/1.1" 304 -
114.83.222.132 - - [27/Nov/2021:10:35:58 +0800] "GET /xingrg/kc/mdqp/qqps_order_info.html?code=302021112700572 HTTP/1.1" 200 28479
114.83.222.132 - - [27/Nov/2021:10:35:58 +0800] "GET /xingrg/javascript/Calendar.js HTTP/1.1" 304 -
114.83.222.132 - - [27/Nov/2021:10:35:58 +0800] "GET /xingrg/javascript/myfunction.js HTTP/1.1" 304 -
114.83.222.132 - - [27/Nov/2021:10:35:58 +0800] "GET /xingrg/javascript/AjaxInfoList.js HTTP/1.1" 304 -
114.83.222.132 - - [27/Nov/2021:10:35:58 +0800] "GET /xingrg/javascript/Grid.js HTTP/1.1" 304 -
114.83.222.132 - - [27/Nov/2021:10:35:58 +0800] "GET /xingrg/javascript/ToolTips.js HTTP/1.1" 304 -
114.83.222.132 - - [27/Nov/2021:10:35:58 +0800] "GET /xingrg/javascript/print/kc_print.js HTTP/1.1" 304 -
114.83.222.132 - - [27/Nov/2021:10:35:58 +0800] "GET /xingrg/javascript/print/LodopFuncs.js HTTP/1.1" 304 -
114.83.222.132 - - [27/Nov/2021:10:35:58 +0800] "GET /xingrg/dwr/interface/AjaxComOrderService.js HTTP/1.1" 200 18264
114.83.222.132 - - [27/Nov/2021:10:35:58 +0800] "GET /xingrg/dwr/interface/AjaxQqpsService.js HTTP/1.1" 200 16326
114.83.222.132 - - [27/Nov/2021:10:35:58 +0800] "GET /xingrg/dwr/engine.js HTTP/1.1" 200 43631
114.83.222.132 - - [27/Nov/2021:10:35:58 +0800] "GET /xingrg/javascript/jquery_easy_ui/themes/icon.css HTTP/1.1" 304 -
114.83.222.132 - - [27/Nov/2021:10:35:58 +0800] "GET /xingrg/javascript/jquery_easy_ui/themes/default/easyui.css HTTP/1.1" 304 -
114.83.222.132 - - [27/Nov/2021:10:35:58 +0800] "GET /xingrg/words/20211126233806_words.js HTTP/1.1" 304 -
114.83.222.132 - - [27/Nov/2021:10:35:59 +0800] "GET /xingrg/images/blue/button/kc_tab_add.gif HTTP/1.1" 304 -
114.83.222.132 - - [27/Nov/2021:10:35:59 +0800] "GET /xingrg/images/blue/button/kc_tab_edit.gif HTTP/1.1" 304 -
114.83.222.132 - - [27/Nov/2021:10:35:59 +0800] "GET /xingrg/images/blue/button/kc_tab_save.gif HTTP/1.1" 304 -
114.83.222.132 - - [27/Nov/2021:10:35:59 +0800] "GET /xingrg/images/blue/button/kc_tab_del.gif HTTP/1.1" 304 -
114.83.222.132 - - [27/Nov/2021:10:35:59 +0800] "GET /xingrg/images/blue/wait.gif HTTP/1.1" 304 -
114.83.222.132 - - [27/Nov/2021:10:35:59 +0800] "POST /xingrg/dwr/call/plaincall/AjaxQqpsService.loadMaterielItems.dwr HTTP/1.1" 200 984
222.70.176.97 - - [27/Nov/2021:10:35:59 +0800] "GET /xingrg/kc/buy/cgsh_order_operate.html?command=get_materiel&rest_code=00111&code=00101009013&supplier_code=00100037&order_time=2021-11-27 HTTP/1.1" 200 421
114.83.222.132 - - [27/Nov/2021:10:36:01 +0800] "GET /xingrg/javascript/auto/indicator.gif HTTP/1.1" 404 1066
180.157.253.6 - - [27/Nov/2021:10:36:01 +0800] "GET /xingrg/check_reg.html?_=1637980558931 HTTP/1.1" 200 22
114.83.222.132 - - [27/Nov/2021:10:36:02 +0800] "POST /xingrg/dwr/call/plaincall/AjaxQqpsService.getMaterielByCode.dwr HTTP/1.1" 200 2785
114.83.222.132 - - [27/Nov/2021:10:36:03 +0800] "POST /xingrg/dwr/call/plaincall/AjaxQqpsService.saveMaterielItem.dwr HTTP/1.1" 200 78
116.228.172.94 - - [27/Nov/2021:10:36:05 +0800] "GET /xingrg/all/function/internal_message.html?_=1637980442914&CODE_STATE=getMsg HTTP/1.1" 200 27
114.83.222.132 - - [27/Nov/2021:10:36:06 +0800] "POST /xingrg/dwr/call/plaincall/AjaxQqpsService.checkOrder.dwr HTTP/1.1" 200 78
114.83.222.132 - - [27/Nov/2021:10:36:07 +0800] "GET /xingrg/kc/mdqp/qqps_order_info.html?code=302021112700572 HTTP/1.1" 200 26720
114.83.222.132 - - [27/Nov/2021:10:36:07 +0800] "GET /xingrg/dwr/interface/AjaxComOrderService.js HTTP/1.1" 200 18264
114.83.222.132 - - [27/Nov/2021:10:36:07 +0800] "GET /xingrg/dwr/interface/AjaxQqpsService.js HTTP/1.1" 200 16326
114.83.222.132 - - [27/Nov/2021:10:36:07 +0800] "GET /xingrg/dwr/engine.js HTTP/1.1" 200 43631
116.227.210.113 - - [27/Nov/2021:10:36:07 +0800] "GET /xingrg/all/function/internal_message.html?_=1637980563612&CODE_STATE=getMsg HTTP/1.1" 200 27
114.83.222.132 - - [27/Nov/2021:10:36:07 +0800] "POST /xingrg/dwr/call/plaincall/AjaxQqpsService.loadMaterielItems.dwr HTTP/1.1" 200 1316
222.70.176.97 - - [27/Nov/2021:10:36:09 +0800] "GET /xingrg/kc/buy/cgsh_order_operate.html?command=get_materiel&rest_code=00111&code=00101009007&supplier_code=00100037&order_time=2021-11-27 HTTP/1.1" 200 408
116.227.210.113 - - [27/Nov/2021:10:36:12 +0800] "GET /xingrg/kc/buy/cgsh_order_operate.html?command=get_materiel&rest_code=00155&code=00101008300&supplier_code=00100005&order_time=2021-11-27 HTTP/1.1" 200 412
222.70.171.86 - - [27/Nov/2021:10:36:12 +0800] "GET /xingrg/all/function/internal_message.html?_=1637980593042&CODE_STATE=getMsg HTTP/1.1" 200 27
61.151.207.141 - - [27/Nov/2021:10:36:14 +0800] "GET /xingrg/all/function/internal_message.html?_=1637980506888&CODE_STATE=getMsg HTTP/1.1" 302 -
124.78.153.86 - - [27/Nov/2021:10:36:14 +0800] "GET /xingrg/all/function/internal_message.html?_=1637980566857&CODE_STATE=getMsg HTTP/1.1" 200 27
222.70.171.86 - - [27/Nov/2021:10:36:14 +0800] "GET /xingrg/kc/buy/cgsh_order_operate.html?command=get_materiel&rest_code=00146&code=00101006055&supplier_code=00100012&order_time=2021-11-27 HTTP/1.1" 200 429
61.151.207.141 - - [27/Nov/2021:10:36:15 +0800] "GET /xingrg/login.html HTTP/1.1" 200 7641
222.70.176.97 - - [27/Nov/2021:10:36:16 +0800] "GET /xingrg/all/function/internal_message.html?_=1637980569357&CODE_STATE=getMsg HTTP/1.1" 200 27
116.233.77.48 - - [27/Nov/2021:10:36:20 +0800] "GET /xingrg/all/function/internal_message.html?_=1637980576309&CODE_STATE=getMsg HTTP/1.1" 200 27
222.70.171.86 - - [27/Nov/2021:10:36:20 +0800] "GET /xingrg/all/function/internal_message.html?_=1637980596929&CODE_STATE=getMsg HTTP/1.1" 302 -
116.227.210.113 - - [27/Nov/2021:10:36:25 +0800] "GET /xingrg/kc/buy/cgsh_order_operate.html?command=get_materiel&rest_code=00155&code=00101008251&supplier_code=00100005&order_time=2021-11-27 HTTP/1.1" 200 408
222.70.176.97 - - [27/Nov/2021:10:36:25 +0800] "GET /xingrg/kc/buy/cgsh_order_operate.html?command=get_materiel&rest_code=00111&code=00101009016&supplier_code=00100037&order_time=2021-11-27 HTTP/1.1" 200 412
58.37.231.44 - - [27/Nov/2021:10:36:27 +0800] "GET /xingrg/all/function/internal_message.html?_=1637980411156&CODE_STATE=getMsg HTTP/1.1" 200 27
222.70.171.86 - - [27/Nov/2021:10:36:29 +0800] "GET /xingrg/kc/buy/cgsh_order_operate.html?command=get_materiel&rest_code=00146&code=00101006174&supplier_code=00100012&order_time=2021-11-27 HTTP/1.1" 200 433
222.70.176.97 - - [27/Nov/2021:10:36:34 +0800] "GET /xingrg/kc/buy/cgsh_order_operate.html?command=get_materiel&rest_code=00111&code=00101008418&supplier_code=00100037&order_time=2021-11-27 HTTP/1.1" 200 399
116.227.210.113 - - [27/Nov/2021:10:36:37 +0800] "GET /xingrg/kc/buy/cgsh_order_operate.html?command=get_materiel&rest_code=00155&code=00101008362&supplier_code=00100005&order_time=2021-11-27 HTTP/1.1" 200 408
180.169.147.146 - - [27/Nov/2021:10:36:38 +0800] "GET /xingrg/all/function/internal_message.html?_=1637980584361&CODE_STATE=getMsg HTTP/1.1" 200 27
222.70.171.86 - - [27/Nov/2021:10:36:40 +0800] "GET /xingrg/kc/buy/cgsh_order_operate.html?command=get_materiel&rest_code=00146&code=00101006025&supplier_code=00100012&order_time=2021-11-27 HTTP/1.1" 200 417
222.70.176.97 - - [27/Nov/2021:10:36:42 +0800] "GET /xingrg/kc/buy/cgsh_order_operate.html?command=get_materiel&rest_code=00111&code=00101020131&supplier_code=00100037&order_time=2021-11-27 HTTP/1.1" 200 436
180.157.253.6 - - [27/Nov/2021:10:36:42 +0800] "GET /xingrg/all/function/internal_message.html?_=1637980599806&CODE_STATE=getMsg HTTP/1.1" 200 27
222.70.171.86 - - [27/Nov/2021:10:36:46 +0800] "GET /xingrg/all/function/internal_message.html?_=1637980623422&CODE_STATE=getMsg HTTP/1.1" 302 -
116.238.248.233 - - [27/Nov/2021:10:36:49 +0800] "GET /xingrg/all/function/internal_message.html?_=1637980604757&CODE_STATE=getMsg HTTP/1.1" 200 27
116.227.210.113 - - [27/Nov/2021:10:36:49 +0800] "GET /xingrg/kc/buy/cgsh_order_operate.html?command=get_materiel&rest_code=00155&code=00101008360&supplier_code=00100005&order_time=2021-11-27 HTTP/1.1" 200 413
180.174.250.202 - - [27/Nov/2021:10:36:50 +0800] "GET /xingrg/all/function/internal_message.html?_=1637980603896&CODE_STATE=getMsg HTTP/1.1" 200 27
222.70.176.97 - - [27/Nov/2021:10:36:51 +0800] "GET /xingrg/kc/buy/cgsh_order_operate.html?command=get_materiel&rest_code=00111&code=00101008403&supplier_code=00100037&order_time=2021-11-27 HTTP/1.1" 200 412
116.235.94.0 - - [27/Nov/2021:10:36:51 +0800] "GET /xingrg/all/function/internal_message.html?_=1637980616152&CODE_STATE=getMsg HTTP/1.1" 200 27
180.157.253.6 - - [27/Nov/2021:10:36:52 +0800] "GET /xingrg/all/function/internal_message.html?_=1637980610272&CODE_STATE=getMsg HTTP/1.1" 200 27
124.78.153.86 - - [27/Nov/2021:10:36:53 +0800] "GET /xingrg/check_reg.html?_=1637980606553 HTTP/1.1" 200 22
114.85.125.222 - - [27/Nov/2021:10:36:54 +0800] "GET /xingrg/all/function/internal_message.html?_=1637980580978&CODE_STATE=getMsg HTTP/1.1" 200 27
58.39.139.200 - - [27/Nov/2021:10:36:55 +0800] "GET /xingrg/all/function/internal_message.html?_=1637980547716&CODE_STATE=getMsg HTTP/1.1" 200 27
222.70.171.86 - - [27/Nov/2021:10:36:56 +0800] "GET /xingrg/kc/buy/cgsh_order_operate.html?command=get_materiel&rest_code=00146&code=00101006127&supplier_code=00100012&order_time=2021-11-27 HTTP/1.1" 200 423
222.70.176.97 - - [27/Nov/2021:10:37:01 +0800] "GET /xingrg/kc/buy/cgsh_order_operate.html?command=get_materiel&rest_code=00111&code=00101016025&supplier_code=00100037&order_time=2021-11-27 HTTP/1.1" 200 408
116.228.172.94 - - [27/Nov/2021:10:37:05 +0800] "GET /xingrg/all/function/internal_message.html?_=1637980502903&CODE_STATE=getMsg HTTP/1.1" 200 27
114.83.222.132 - - [27/Nov/2021:10:37:06 +0800] "GET /xingrg/all/function/internal_message.html?_=1637980623813&CODE_STATE=getMsg HTTP/1.1" 200 27
116.227.210.113 - - [27/Nov/2021:10:37:07 +0800] "GET /xingrg/all/function/internal_message.html?_=1637980623728&CODE_STATE=getMsg HTTP/1.1" 200 27
116.227.210.113 - - [27/Nov/2021:10:37:07 +0800] "GET /xingrg/check_reg.html?_=1637980623729 HTTP/1.1" 200 22
222.70.171.86 - - [27/Nov/2021:10:37:12 +0800] "GET /xingrg/check_reg.html?_=1637980648832 HTTP/1.1" 302 -
222.70.171.86 - - [27/Nov/2021:10:37:12 +0800] "GET /xingrg/all/function/internal_message.html?_=1637980653054&CODE_STATE=getMsg HTTP/1.1" 200 27
222.70.171.86 - - [27/Nov/2021:10:37:12 +0800] "GET /xingrg/kc/buy/cgsh_order_operate.html?command=get_materiel&rest_code=00146&code=00101006013&supplier_code=00100012&order_time=2021-11-27 HTTP/1.1" 200 409
124.78.153.86 - - [27/Nov/2021:10:37:14 +0800] "GET /xingrg/all/function/internal_message.html?_=1637980626828&CODE_STATE=getMsg HTTP/1.1" 200 27
222.70.176.97 - - [27/Nov/2021:10:37:16 +0800] "GET /xingrg/all/function/internal_message.html?_=1637980629332&CODE_STATE=getMsg HTTP/1.1" 200 27
222.70.176.97 - - [27/Nov/2021:10:37:16 +0800] "GET /xingrg/kc/buy/cgsh_order_operate.html?command=get_materiel&rest_code=00111&code=00101009039&supplier_code=00100037&order_time=2021-11-27 HTTP/1.1" 200 408
58.39.139.200 - - [27/Nov/2021:10:37:18 +0800] "GET /xingrg/kc/buy/cgsh_order_operate.html?command=get_materiel&rest_code=00105&code=00101009118&supplier_code=00100024&order_time=2021-11-27 HTTP/1.1" 200 391
116.233.77.48 - - [27/Nov/2021:10:37:20 +0800] "GET /xingrg/all/function/internal_message.html?_=1637980636311&CODE_STATE=getMsg HTTP/1.1" 200 27
222.70.171.86 - - [27/Nov/2021:10:37:20 +0800] "GET /xingrg/all/function/internal_message.html?_=1637980656943&CODE_STATE=getMsg HTTP/1.1" 302 -
116.227.210.113 - - [27/Nov/2021:10:37:23 +0800] "GET /xingrg/kc/buy/cgsh_order_operate.html?command=get_materiel&rest_code=00155&code=00101008077&supplier_code=00100005&order_time=2021-11-27 HTTP/1.1" 200 416
58.37.231.44 - - [27/Nov/2021:10:37:27 +0800] "GET /xingrg/all/function/internal_message.html?_=1637980471126&CODE_STATE=getMsg HTTP/1.1" 200 27
222.70.176.97 - - [27/Nov/2021:10:37:33 +0800] "POST /xingrg/kc/buy/cgsh_order_operate.html HTTP/1.1" 200 2065
222.70.171.86 - - [27/Nov/2021:10:37:34 +0800] "GET /xingrg/kc/buy/cgsh_order_operate.html?command=get_materiel&rest_code=00146&code=00101006111&supplier_code=00100012&order_time=2021-11-27 HTTP/1.1" 200 409
222.70.176.97 - - [27/Nov/2021:10:37:38 +0800] "GET /xingrg/kc/buy/cgsh_order_operate.html?command=get_materiel&rest_code=00111&code=00101012025&supplier_code=00100037&order_time=2021-11-27 HTTP/1.1" 200 412
180.169.147.146 - - [27/Nov/2021:10:37:38 +0800] "GET /xingrg/all/function/internal_message.html?_=1637980644345&CODE_STATE=getMsg HTTP/1.1" 200 27
180.157.253.6 - - [27/Nov/2021:10:37:42 +0800] "GET /xingrg/all/function/internal_message.html?_=1637980659792&CODE_STATE=getMsg HTTP/1.1" 200 27
222.70.171.86 - - [27/Nov/2021:10:37:45 +0800] "POST /xingrg/kc/buy/cgsh_order_operate.html HTTP/1.1" 200 37
222.70.171.86 - - [27/Nov/2021:10:37:46 +0800] "GET /xingrg/all/function/internal_message.html?_=1637980683432&CODE_STATE=getMsg HTTP/1.1" 302 -
222.70.176.97 - - [27/Nov/2021:10:37:47 +0800] "GET /xingrg/kc/buy/cgsh_order_operate.html?command=get_materiel&rest_code=00111&code=00101020153&supplier_code=00100037&order_time=2021-11-27 HTTP/1.1" 200 408
116.227.210.113 - - [27/Nov/2021:10:37:47 +0800] "GET /xingrg/kc/buy/cgsh_order_operate.html?command=get_materiel&rest_code=00155&code=00101008196&supplier_code=00100005&order_time=2021-11-27 HTTP/1.1" 200 416
222.70.171.86 - - [27/Nov/2021:10:37:47 +0800] "POST /xingrg/kc/buy/cgsh_order_operate.html HTTP/1.1" 200 9195
116.238.248.233 - - [27/Nov/2021:10:37:49 +0800] "GET /xingrg/all/function/internal_message.html?_=1637980664772&CODE_STATE=getMsg HTTP/1.1" 200 27
222.70.171.86 - - [27/Nov/2021:10:37:50 +0800] "GET /xingrg/kc/print/load_data.html?order_code=212021112711665&kc_code=cgsh&condition= HTTP/1.1" 200 3254
180.174.250.202 - - [27/Nov/2021:10:37:50 +0800] "GET /xingrg/all/function/internal_message.html?_=1637980664172&CODE_STATE=getMsg HTTP/1.1" 200 27
116.235.94.0 - - [27/Nov/2021:10:37:51 +0800] "GET /xingrg/all/function/internal_message.html?_=1637980676172&CODE_STATE=getMsg HTTP/1.1" 200 27
180.157.253.6 - - [27/Nov/2021:10:37:52 +0800] "GET /xingrg/check_reg.html?_=1637980670297 HTTP/1.1" 200 22
180.157.253.6 - - [27/Nov/2021:10:37:52 +0800] "GET /xingrg/all/function/internal_message.html?_=1637980670298&CODE_STATE=getMsg HTTP/1.1" 200 27
114.85.125.222 - - [27/Nov/2021:10:37:54 +0800] "GET /xingrg/all/function/internal_message.html?_=1637980640998&CODE_STATE=getMsg HTTP/1.1" 200 27
58.39.139.200 - - [27/Nov/2021:10:37:54 +0800] "GET /xingrg/check_reg.html?_=1637980607543 HTTP/1.1" 200 22
58.39.139.200 - - [27/Nov/2021:10:37:55 +0800] "GET /xingrg/all/function/internal_message.html?_=1637980607688&CODE_STATE=getMsg HTTP/1.1" 200 27
61.151.178.163 - - [27/Nov/2021:10:37:55 +0800] "GET /xingrg/check_reg.html?_=1637980606553 HTTP/1.1" 302 -
61.151.178.163 - - [27/Nov/2021:10:37:55 +0800] "GET /xingrg/login.html HTTP/1.1" 200 7641
222.70.176.97 - - [27/Nov/2021:10:37:55 +0800] "GET /xingrg/kc/buy/cgsh_order_operate.html?command=get_materiel&rest_code=00111&code=00101012014&supplier_code=00100037&order_time=2021-11-27 HTTP/1.1" 200 408
116.227.210.113 - - [27/Nov/2021:10:37:59 +0800] "GET /xingrg/kc/buy/cgsh_order_operate.html?command=get_materiel&rest_code=00155&code=00101008136&supplier_code=00100005&order_time=2021-11-27 HTTP/1.1" 200 413
180.169.147.146 - - [27/Nov/2021:10:38:01 +0800] "GET /xingrg/kc/buy/cgsh_order_add.html HTTP/1.1" 200 64884
180.169.147.146 - - [27/Nov/2021:10:38:01 +0800] "POST /xingrg/kc/buy/cgsh_order_operate.html HTTP/1.1" 200 8245
180.169.147.146 - - [27/Nov/2021:10:38:01 +0800] "GET /xingrg/javascript/easyui/themes/default/validatebox.css HTTP/1.1" 404 1104
116.228.172.94 - - [27/Nov/2021:10:38:05 +0800] "GET /xingrg/all/function/internal_message.html?_=1637980562920&CODE_STATE=getMsg HTTP/1.1" 200 27
116.228.172.94 - - [27/Nov/2021:10:38:05 +0800] "GET /xingrg/check_reg.html?_=1637980562921 HTTP/1.1" 200 22
114.83.222.132 - - [27/Nov/2021:10:38:06 +0800] "GET /xingrg/all/function/internal_message.html?_=1637980683785&CODE_STATE=getMsg HTTP/1.1" 200 27
222.70.176.97 - - [27/Nov/2021:10:38:07 +0800] "GET /xingrg/kc/buy/cgsh_order_operate.html?command=get_materiel&rest_code=00111&code=00101006006&supplier_code=00100037&order_time=2021-11-27 HTTP/1.1" 200 409
116.227.210.113 - - [27/Nov/2021:10:38:07 +0800] "GET /xingrg/all/function/internal_message.html?_=1637980683702&CODE_STATE=getMsg HTTP/1.1" 200 27
116.227.210.113 - - [27/Nov/2021:10:38:12 +0800] "GET /xingrg/kc/buy/cgsh_order_operate.html?command=get_materiel&rest_code=00155&code=00101008286&supplier_code=00100005&order_time=2021-11-27 HTTP/1.1" 200 408
222.70.171.86 - - [27/Nov/2021:10:38:12 +0800] "GET /xingrg/all/function/internal_message.html?_=1637980713068&CODE_STATE=getMsg HTTP/1.1" 200 27
58.39.139.200 - - [27/Nov/2021:10:38:12 +0800] "GET /xingrg/kc/buy/cgsh_order_operate.html?command=get_materiel&rest_code=00105&code=00101009010&supplier_code=00100024&order_time=2021-11-27 HTTP/1.1" 200 412
124.78.153.86 - - [27/Nov/2021:10:38:14 +0800] "GET /xingrg/all/function/internal_message.html?_=1637980686811&CODE_STATE=getMsg HTTP/1.1" 200 27
222.70.176.97 - - [27/Nov/2021:10:38:16 +0800] "GET /xingrg/all/function/internal_message.html?_=1637980689324&CODE_STATE=getMsg HTTP/1.1" 200 27
116.233.77.48 - - [27/Nov/2021:10:38:20 +0800] "GET /xingrg/all/function/internal_message.html?_=1637980696315&CODE_STATE=getMsg HTTP/1.1" 200 27
116.233.77.48 - - [27/Nov/2021:10:38:20 +0800] "GET /xingrg/check_reg.html?_=1637980696316 HTTP/1.1" 200 22
222.70.171.86 - - [27/Nov/2021:10:38:20 +0800] "GET /xingrg/all/function/internal_message.html?_=1637980716976&CODE_STATE=getMsg HTTP/1.1" 302 -
58.37.231.44 - - [27/Nov/2021:10:38:27 +0800] "GET /xingrg/all/function/internal_message.html?_=1637980531098&CODE_STATE=getMsg HTTP/1.1" 200 27
116.238.248.233 - - [27/Nov/2021:10:38:27 +0800] "GET /xingrg/kc/buy/cgsh_order_list.html HTTP/1.1" 200 49144
116.238.248.233 - - [27/Nov/2021:10:38:28 +0800] "POST /xingrg/kc/buy/cgsh_list_operate.html HTTP/1.1" 200 876
116.238.248.233 - - [27/Nov/2021:10:38:36 +0800] "GET /xingrg/javascript/jquery_tools/images/next.gif HTTP/1.1" 404 1086
116.238.248.233 - - [27/Nov/2021:10:38:36 +0800] "GET /xingrg/javascript/jquery_tools/images/prev.gif HTTP/1.1" 404 1086
