58.221.95.50 - - [27/Nov/2021:10:00:43 +0800] "GET /xingrg/all/function/internal_message.html?_=1637978438805&CODE_STATE=getMsg HTTP/1.1" 200 27
58.221.95.50 - - [27/Nov/2021:10:00:43 +0800] "GET /xingrg/check_reg.html?_=1637978438812 HTTP/1.1" 200 22
220.250.46.102 - - [27/Nov/2021:10:00:43 +0800] "POST /xingrg/kc/buy/cgsh_list_operate.html HTTP/1.1" 200 876
222.70.171.86 - - [27/Nov/2021:10:00:46 +0800] "GET /xingrg/all/function/internal_message.html?_=1637978462929&CODE_STATE=getMsg HTTP/1.1" 200 27
116.235.94.0 - - [27/Nov/2021:10:00:46 +0800] "GET /xingrg/kc/buy/cgsh_order_operate.html?command=get_materiel&rest_code=00104&code=00101008084&supplier_code=00100005&order_time=2021-11-27 HTTP/1.1" 200 412
180.174.250.202 - - [27/Nov/2021:10:00:46 +0800] "GET /xingrg/all/function/internal_message.html?_=1637978440225&CODE_STATE=getMsg HTTP/1.1" 200 27
58.37.231.44 - - [27/Nov/2021:10:00:47 +0800] "POST /xingrg/kc/buy/cgsh_order_operate.html HTTP/1.1" 200 2065
116.238.248.233 - - [27/Nov/2021:10:00:48 +0800] "GET /xingrg/kc/buy/cgsh_order_operate.html?command=get_materiel&rest_code=00151&code=00101008036&supplier_code=00100007&order_time=2021-11-27 HTTP/1.1" 200 408
116.238.248.233 - - [27/Nov/2021:10:00:50 +0800] "POST /xingrg/kc/buy/cgsh_order_operate.html HTTP/1.1" 200 2065
120.253.135.82 - - [27/Nov/2021:10:00:52 +0800] "GET /xingrg/all/function/internal_message.html?_=1637978441486&CODE_STATE=getMsg HTTP/1.1" 200 27
180.157.253.6 - - [27/Nov/2021:10:00:52 +0800] "GET /xingrg/all/function/internal_message.html?_=1637978450221&CODE_STATE=getMsg HTTP/1.1" 200 27
58.37.231.44 - - [27/Nov/2021:10:00:52 +0800] "GET /xingrg/kc/buy/cgsh_order_operate.html?command=get_materiel&rest_code=00141&code=00101008087&supplier_code=00100007&order_time=2021-11-27 HTTP/1.1" 200 412
114.85.125.222 - - [27/Nov/2021:10:00:53 +0800] "GET /xingrg/all/function/internal_message.html?_=1637978420489&CODE_STATE=getMsg HTTP/1.1" 200 27
116.238.248.233 - - [27/Nov/2021:10:00:55 +0800] "GET /xingrg/kc/buy/cgsh_order_operate.html?command=get_materiel&rest_code=00151&code=00101008283&supplier_code=00100007&order_time=2021-11-27 HTTP/1.1" 200 408
116.235.94.0 - - [27/Nov/2021:10:00:55 +0800] "GET /xingrg/kc/buy/cgsh_order_operate.html?command=get_materiel&rest_code=00104&code=00101008312&supplier_code=00100005&order_time=2021-11-27 HTTP/1.1" 200 412
58.37.231.44 - - [27/Nov/2021:10:00:58 +0800] "GET /xingrg/check_reg.html?_=1637978282114 HTTP/1.1" 200 22
58.37.231.44 - - [27/Nov/2021:10:00:59 +0800] "GET /xingrg/kc/buy/cgsh_order_operate.html?command=get_materiel&rest_code=00141&code=00101008331&supplier_code=00100007&order_time=2021-11-27 HTTP/1.1" 200 416
180.157.253.6 - - [27/Nov/2021:10:01:01 +0800] "GET /xingrg/check_reg.html?_=1637978458909 HTTP/1.1" 200 22
116.235.94.0 - - [27/Nov/2021:10:01:04 +0800] "GET /xingrg/kc/buy/cgsh_order_operate.html?command=get_materiel&rest_code=00104&code=00101008141&supplier_code=00100005&order_time=2021-11-27 HTTP/1.1" 200 412
116.228.172.94 - - [27/Nov/2021:10:01:05 +0800] "GET /xingrg/all/function/internal_message.html?_=1637978342913&CODE_STATE=getMsg HTTP/1.1" 200 27
114.83.222.132 - - [27/Nov/2021:10:01:07 +0800] "GET /xingrg/all/function/internal_message.html?_=1637978464269&CODE_STATE=getMsg HTTP/1.1" 200 27
116.227.210.113 - - [27/Nov/2021:10:01:07 +0800] "GET /xingrg/all/function/internal_message.html?_=1637978463589&CODE_STATE=getMsg HTTP/1.1" 200 27
222.70.171.86 - - [27/Nov/2021:10:01:08 +0800] "GET /xingrg/check_reg.html?_=1637978489076 HTTP/1.1" 302 -
116.238.248.233 - - [27/Nov/2021:10:01:09 +0800] "GET /xingrg/all/function/internal_message.html?_=1637978465505&CODE_STATE=getMsg HTTP/1.1" 200 27
222.70.171.86 - - [27/Nov/2021:10:01:10 +0800] "GET /xingrg/all/function/internal_message.html?_=1637978491208&CODE_STATE=getMsg HTTP/1.1" 302 -
220.250.46.102 - - [27/Nov/2021:10:01:12 +0800] "GET /xingrg/all/function/internal_message.html?_=1637978468643&CODE_STATE=getMsg HTTP/1.1" 200 27
58.39.139.200 - - [27/Nov/2021:10:01:17 +0800] "GET /xingrg/all/function/internal_message.html?_=1637978409716&CODE_STATE=getMsg HTTP/1.1" 302 -
58.37.231.44 - - [27/Nov/2021:10:01:19 +0800] "GET /xingrg/kc/buy/cgsh_order_operate.html?command=get_materiel&rest_code=00141&code=00101008115&supplier_code=00100007&order_time=2021-11-27 HTTP/1.1" 200 412
222.70.171.86 - - [27/Nov/2021:10:01:19 +0800] "GET /xingrg/all/function/internal_message.html?_=1637978496211&CODE_STATE=getMsg HTTP/1.1" 200 27
116.233.77.48 - - [27/Nov/2021:10:01:19 +0800] "GET /xingrg/all/function/internal_message.html?_=1637978476093&CODE_STATE=getMsg HTTP/1.1" 200 27
116.238.248.233 - - [27/Nov/2021:10:01:23 +0800] "GET /xingrg/kc/buy/cgsh_order_operate.html?command=get_materiel&rest_code=00151&code=00101008355&supplier_code=00100007&order_time=2021-11-27 HTTP/1.1" 200 408
116.235.94.0 - - [27/Nov/2021:10:01:26 +0800] "GET /xingrg/kc/buy/cgsh_order_operate.html?command=get_materiel&rest_code=00104&code=00101008332&supplier_code=00100005&order_time=2021-11-27 HTTP/1.1" 200 412
58.37.231.44 - - [27/Nov/2021:10:01:26 +0800] "GET /xingrg/kc/buy/cgsh_order_operate.html?command=get_materiel&rest_code=00141&code=00101008176&supplier_code=00100007&order_time=2021-11-27 HTTP/1.1" 200 412
58.37.231.44 - - [27/Nov/2021:10:01:28 +0800] "GET /xingrg/all/function/internal_message.html?_=1637978311819&CODE_STATE=getMsg HTTP/1.1" 200 27
120.253.135.82 - - [27/Nov/2021:10:01:29 +0800] "GET /xingrg/check_reg.html?_=1637978260938 HTTP/1.1" 200 22
120.253.135.82 - - [27/Nov/2021:10:01:29 +0800] "GET /xingrg/all/function/internal_message.html?_=1637978261162&CODE_STATE=getMsg HTTP/1.1" 200 27
180.157.253.6 - - [27/Nov/2021:10:01:30 +0800] "POST /xingrg/services/DataTransmitService HTTP/1.1" 200 524
180.157.253.6 - - [27/Nov/2021:10:01:30 +0800] "POST /xingrg/services/DataTransmitService HTTP/1.1" 200 501
180.157.253.6 - - [27/Nov/2021:10:01:31 +0800] "POST /xingrg/services/DataTransmitService HTTP/1.1" 200 501
180.157.253.6 - - [27/Nov/2021:10:01:31 +0800] "POST /xingrg/services/DataTransmitService HTTP/1.1" 200 501
180.157.253.6 - - [27/Nov/2021:10:01:31 +0800] "POST /xingrg/services/DataTransmitService HTTP/1.1" 200 501
180.157.253.6 - - [27/Nov/2021:10:01:31 +0800] "POST /xingrg/services/DataTransmitService HTTP/1.1" 200 501
180.157.253.6 - - [27/Nov/2021:10:01:32 +0800] "POST /xingrg/services/DataTransmitService HTTP/1.1" 200 501
180.157.253.6 - - [27/Nov/2021:10:01:32 +0800] "POST /xingrg/services/DataTransmitService HTTP/1.1" 200 501
180.157.253.6 - - [27/Nov/2021:10:01:32 +0800] "POST /xingrg/services/DataTransmitService HTTP/1.1" 200 412
58.37.231.44 - - [27/Nov/2021:10:01:34 +0800] "GET /xingrg/kc/buy/cgsh_order_operate.html?command=get_materiel&rest_code=00141&code=00101008355&supplier_code=00100007&order_time=2021-11-27 HTTP/1.1" 200 408
222.70.176.97 - - [27/Nov/2021:10:01:37 +0800] "GET /xingrg/all/function/internal_message.html?_=1637978490378&CODE_STATE=getMsg HTTP/1.1" 200 27
116.235.94.0 - - [27/Nov/2021:10:01:38 +0800] "GET /xingrg/kc/buy/cgsh_order_operate.html?command=get_materiel&rest_code=00104&code=00101008100&supplier_code=00100005&order_time=2021-11-27 HTTP/1.1" 200 408
180.169.147.146 - - [27/Nov/2021:10:01:39 +0800] "GET /xingrg/all/function/internal_message.html?_=1637978484997&CODE_STATE=getMsg HTTP/1.1" 200 27
116.235.94.0 - - [27/Nov/2021:10:01:40 +0800] "GET /xingrg/all/function/internal_message.html?_=1637978504724&CODE_STATE=getMsg HTTP/1.1" 200 27
58.37.231.44 - - [27/Nov/2021:10:01:42 +0800] "POST /xingrg/kc/buy/cgsh_order_operate.html HTTP/1.1" 200 2065
180.157.253.6 - - [27/Nov/2021:10:01:42 +0800] "GET /xingrg/all/function/internal_message.html?_=1637978500518&CODE_STATE=getMsg HTTP/1.1" 200 27
58.221.95.50 - - [27/Nov/2021:10:01:43 +0800] "GET /xingrg/all/function/internal_message.html?_=1637978498793&CODE_STATE=getMsg HTTP/1.1" 200 27
124.78.153.86 - - [27/Nov/2021:10:01:45 +0800] "GET /xingrg/login.html HTTP/1.1" 200 7641
222.70.171.86 - - [27/Nov/2021:10:01:46 +0800] "GET /xingrg/all/function/internal_message.html?_=1637978522945&CODE_STATE=getMsg HTTP/1.1" 200 27
180.174.250.202 - - [27/Nov/2021:10:01:47 +0800] "GET /xingrg/all/function/internal_message.html?_=1637978500460&CODE_STATE=getMsg HTTP/1.1" 200 27
58.37.231.44 - - [27/Nov/2021:10:01:48 +0800] "GET /xingrg/kc/buy/cgsh_order_operate.html?command=get_materiel&rest_code=00141&code=00101008209&supplier_code=00100007&order_time=2021-11-27 HTTP/1.1" 200 409
124.78.153.86 - - [27/Nov/2021:10:01:51 +0800] "GET /favicon.ico HTTP/1.1" 404 -
116.235.94.0 - - [27/Nov/2021:10:01:51 +0800] "GET /xingrg/kc/buy/cgsh_order_operate.html?command=get_materiel&rest_code=00104&code=00101008010&supplier_code=00100005&order_time=2021-11-27 HTTP/1.1" 200 412
180.157.253.6 - - [27/Nov/2021:10:01:52 +0800] "GET /xingrg/all/function/internal_message.html?_=1637978510221&CODE_STATE=getMsg HTTP/1.1" 200 27
124.78.153.86 - - [27/Nov/2021:10:01:53 +0800] "POST /xingrg/login.do HTTP/1.1" 302 -
124.78.153.86 - - [27/Nov/2021:10:01:53 +0800] "GET /xingrg/index.html?sysBaseUrl=http%3A%2F%2F180.169.147.146%3A18081%2Fxingrg%2F&costTime=41×tamp=1637978513315 HTTP/1.1" 200 17173
124.78.153.86 - - [27/Nov/2021:10:01:53 +0800] "GET /favicon.ico HTTP/1.1" 404 -
114.85.125.222 - - [27/Nov/2021:10:01:53 +0800] "GET /xingrg/all/function/internal_message.html?_=1637978480502&CODE_STATE=getMsg HTTP/1.1" 200 27
124.78.153.86 - - [27/Nov/2021:10:01:53 +0800] "POST /xingrg/all/common/load_tree.html?tree=area_rest_tree_json&manage=1 HTTP/1.1" 200 342
124.78.153.86 - - [27/Nov/2021:10:01:53 +0800] "GET /xingrg/check_reg.html?_=1637978506519 HTTP/1.1" 200 22
124.78.153.86 - - [27/Nov/2021:10:01:53 +0800] "GET /xingrg/all/function/internal_message.html?_=1637978506519&CODE_STATE=count HTTP/1.1" 200 11
124.78.153.86 - - [27/Nov/2021:10:01:53 +0800] "POST /xingrg/load_menu.html HTTP/1.1" 200 5138
124.78.153.86 - - [27/Nov/2021:10:01:55 +0800] "GET /xingrg/kc/buy/buy_main.html HTTP/1.1" 200 12412
124.78.153.86 - - [27/Nov/2021:10:01:55 +0800] "GET /xingrg/css/new_ie.css HTTP/1.1" 404 1036
124.78.153.86 - - [27/Nov/2021:10:01:56 +0800] "GET /xingrg/images/yd/bt.gif HTTP/1.1" 404 1040
124.78.153.86 - - [27/Nov/2021:10:01:56 +0800] "GET /xingrg/kc/buy/cgsh_order_list.html HTTP/1.1" 200 49140
124.78.153.86 - - [27/Nov/2021:10:01:58 +0800] "POST /xingrg/kc/buy/cgsh_list_operate.html HTTP/1.1" 200 876
124.78.153.86 - - [27/Nov/2021:10:01:59 +0800] "GET /xingrg/kc/buy/cgsh_order_add.html HTTP/1.1" 200 64922
124.78.153.86 - - [27/Nov/2021:10:01:59 +0800] "GET /xingrg/words/20211126233806_words.js HTTP/1.1" 200 875490
124.78.153.86 - - [27/Nov/2021:10:02:00 +0800] "POST /xingrg/kc/buy/cgsh_order_operate.html HTTP/1.1" 200 8245
124.78.153.86 - - [27/Nov/2021:10:02:00 +0800] "GET /xingrg/all/common/auto_word.html?type=employee&rest_code=00106 HTTP/1.1" 200 205
124.78.153.86 - - [27/Nov/2021:10:02:00 +0800] "GET /xingrg/javascript/easyui/themes/default/validatebox.css HTTP/1.1" 404 1104
124.78.153.86 - - [27/Nov/2021:10:02:00 +0800] "GET /xingrg/all/common/auto_word.html?type=employee&rest_code=00106 HTTP/1.1" 200 205
58.37.231.44 - - [27/Nov/2021:10:02:00 +0800] "GET /xingrg/kc/buy/cgsh_order_operate.html?command=get_materiel&rest_code=00141&code=00101009030&supplier_code=00100007&order_time=2021-11-27 HTTP/1.1" 200 413
124.78.153.86 - - [27/Nov/2021:10:02:00 +0800] "GET /xingrg/javascript/easyui/themes/default/tree.css HTTP/1.1" 404 1090
124.78.153.86 - - [27/Nov/2021:10:02:01 +0800] "POST /xingrg/all/common/load_tree.html?tree=supplier_tree_json&isDelete=1 HTTP/1.1" 200 60555
116.228.172.94 - - [27/Nov/2021:10:02:05 +0800] "GET /xingrg/all/function/internal_message.html?_=1637978402909&CODE_STATE=getMsg HTTP/1.1" 200 27
116.235.94.0 - - [27/Nov/2021:10:02:05 +0800] "GET /xingrg/kc/buy/cgsh_order_operate.html?command=get_materiel&rest_code=00104&code=00101008125&supplier_code=00100005&order_time=2021-11-27 HTTP/1.1" 200 413
114.83.222.132 - - [27/Nov/2021:10:02:07 +0800] "GET /xingrg/all/function/internal_message.html?_=1637978524254&CODE_STATE=getMsg HTTP/1.1" 200 27
116.227.210.113 - - [27/Nov/2021:10:02:07 +0800] "GET /xingrg/all/function/internal_message.html?_=1637978523599&CODE_STATE=getMsg HTTP/1.1" 200 27
116.227.210.113 - - [27/Nov/2021:10:02:07 +0800] "GET /xingrg/check_reg.html?_=1637978523599 HTTP/1.1" 200 22
124.78.153.86 - - [27/Nov/2021:10:02:07 +0800] "GET /xingrg/javascript/auto/indicator.gif HTTP/1.1" 404 1066
116.238.248.233 - - [27/Nov/2021:10:02:09 +0800] "GET /xingrg/all/function/internal_message.html?_=1637978525511&CODE_STATE=getMsg HTTP/1.1" 200 27
116.238.248.233 - - [27/Nov/2021:10:02:09 +0800] "GET /xingrg/check_reg.html?_=1637978525513 HTTP/1.1" 200 22
124.78.153.86 - - [27/Nov/2021:10:02:10 +0800] "GET /xingrg/kc/buy/cgsh_order_operate.html?command=get_materiel&rest_code=00106&code=00101008155&supplier_code=00100007&order_time=2021-11-27 HTTP/1.1" 200 408
222.70.171.86 - - [27/Nov/2021:10:02:10 +0800] "GET /xingrg/all/function/internal_message.html?_=1637978551226&CODE_STATE=getMsg HTTP/1.1" 302 -
222.70.171.86 - - [27/Nov/2021:10:02:12 +0800] "GET /xingrg/check_reg.html?_=1637978548733 HTTP/1.1" 200 22
220.250.46.102 - - [27/Nov/2021:10:02:12 +0800] "GET /xingrg/all/function/internal_message.html?_=1637978528650&CODE_STATE=getMsg HTTP/1.1" 200 27
116.235.94.0 - - [27/Nov/2021:10:02:16 +0800] "GET /xingrg/kc/buy/cgsh_order_operate.html?command=get_materiel&rest_code=00104&code=00101008155&supplier_code=00100005&order_time=2021-11-27 HTTP/1.1" 200 410
58.39.139.200 - - [27/Nov/2021:10:02:17 +0800] "GET /xingrg/all/function/internal_message.html?_=1637978469717&CODE_STATE=getMsg HTTP/1.1" 302 -
116.238.248.233 - - [27/Nov/2021:10:02:19 +0800] "POST /xingrg/kc/buy/cgsh_order_operate.html HTTP/1.1" 200 37
222.70.171.86 - - [27/Nov/2021:10:02:19 +0800] "GET /xingrg/all/function/internal_message.html?_=1637978556218&CODE_STATE=getMsg HTTP/1.1" 200 27
116.233.77.48 - - [27/Nov/2021:10:02:19 +0800] "GET /xingrg/all/function/internal_message.html?_=1637978536096&CODE_STATE=getMsg HTTP/1.1" 200 27
124.78.153.86 - - [27/Nov/2021:10:02:20 +0800] "GET /xingrg/kc/buy/cgsh_order_operate.html?command=get_materiel&rest_code=00106&code=00101008351&supplier_code=00100007&order_time=2021-11-27 HTTP/1.1" 200 408
58.37.231.44 - - [27/Nov/2021:10:02:20 +0800] "GET /xingrg/kc/buy/cgsh_order_operate.html?command=get_materiel&rest_code=00141&code=00101008356&supplier_code=00100007&order_time=2021-11-27 HTTP/1.1" 200 408
116.238.248.233 - - [27/Nov/2021:10:02:23 +0800] "POST /xingrg/kc/buy/cgsh_order_operate.html HTTP/1.1" 200 12
116.238.248.233 - - [27/Nov/2021:10:02:24 +0800] "GET /xingrg/kc/buy/cgsh_order_info.html?code=212021112711635 HTTP/1.1" 200 59429
116.238.248.233 - - [27/Nov/2021:10:02:24 +0800] "GET /xingrg/javascript/easyui/themes/default/validatebox.css HTTP/1.1" 404 1104
116.238.248.233 - - [27/Nov/2021:10:02:25 +0800] "POST /xingrg/kc/buy/cgsh_order_operate.html HTTP/1.1" 200 23885
116.238.248.233 - - [27/Nov/2021:10:02:26 +0800] "GET /xingrg/kc/print/load_data.html?order_code=212021112711635&kc_code=cgsh&condition= HTTP/1.1" 200 9703
58.37.231.44 - - [27/Nov/2021:10:02:28 +0800] "GET /xingrg/all/function/internal_message.html?_=1637978371834&CODE_STATE=getMsg HTTP/1.1" 200 27
120.253.135.82 - - [27/Nov/2021:10:02:29 +0800] "GET /xingrg/all/function/internal_message.html?_=1637978321175&CODE_STATE=getMsg HTTP/1.1" 200 27
124.78.153.86 - - [27/Nov/2021:10:02:29 +0800] "GET /xingrg/kc/buy/cgsh_order_operate.html?command=get_materiel&rest_code=00106&code=00101008110&supplier_code=00100007&order_time=2021-11-27 HTTP/1.1" 200 409
116.235.94.0 - - [27/Nov/2021:10:02:29 +0800] "GET /xingrg/kc/buy/cgsh_order_operate.html?command=get_materiel&rest_code=00104&code=00101008283&supplier_code=00100005&order_time=2021-11-27 HTTP/1.1" 200 408
124.78.153.86 - - [27/Nov/2021:10:02:37 +0800] "GET /xingrg/kc/buy/cgsh_order_operate.html?command=get_materiel&rest_code=00106&code=00101008038&supplier_code=00100007&order_time=2021-11-27 HTTP/1.1" 200 412
222.70.176.97 - - [27/Nov/2021:10:02:37 +0800] "GET /xingrg/all/function/internal_message.html?_=1637978550363&CODE_STATE=getMsg HTTP/1.1" 200 27
58.37.231.44 - - [27/Nov/2021:10:02:39 +0800] "GET /xingrg/kc/buy/cgsh_order_operate.html?command=get_materiel&rest_code=00141&code=00101008323&supplier_code=00100007&order_time=2021-11-27 HTTP/1.1" 200 408
180.169.147.146 - - [27/Nov/2021:10:02:39 +0800] "GET /xingrg/all/function/internal_message.html?_=1637978544982&CODE_STATE=getMsg HTTP/1.1" 200 27
116.235.94.0 - - [27/Nov/2021:10:02:40 +0800] "GET /xingrg/all/function/internal_message.html?_=1637978564729&CODE_STATE=getMsg HTTP/1.1" 200 27
116.235.94.0 - - [27/Nov/2021:10:02:41 +0800] "GET /xingrg/kc/buy/cgsh_order_operate.html?command=get_materiel&rest_code=00104&code=00101008257&supplier_code=00100005&order_time=2021-11-27 HTTP/1.1" 200 416
180.157.253.6 - - [27/Nov/2021:10:02:42 +0800] "GET /xingrg/all/function/internal_message.html?_=1637978560487&CODE_STATE=getMsg HTTP/1.1" 200 27
58.221.95.50 - - [27/Nov/2021:10:02:43 +0800] "GET /xingrg/all/function/internal_message.html?_=1637978558814&CODE_STATE=getMsg HTTP/1.1" 200 27
58.37.231.44 - - [27/Nov/2021:10:02:43 +0800] "POST /xingrg/kc/buy/cgsh_order_operate.html HTTP/1.1" 200 2065
124.78.153.86 - - [27/Nov/2021:10:02:44 +0800] "GET /xingrg/kc/buy/cgsh_order_operate.html?command=get_materiel&rest_code=00106&code=00101008190&supplier_code=00100007&order_time=2021-11-27 HTTP/1.1" 200 412
101.91.60.88 - - [27/Nov/2021:10:02:45 +0800] "GET /xingrg/login.html HTTP/1.1" 200 7641
222.70.171.86 - - [27/Nov/2021:10:02:46 +0800] "GET /xingrg/all/function/internal_message.html?_=1637978582956&CODE_STATE=getMsg HTTP/1.1" 200 27
120.253.135.82 - - [27/Nov/2021:10:02:47 +0800] "GET /xingrg/kc/pszx/mdqp_order_list.html?state=10 HTTP/1.1" 200 11062
180.174.250.202 - - [27/Nov/2021:10:02:47 +0800] "GET /xingrg/all/function/internal_message.html?_=1637978560470&CODE_STATE=getMsg HTTP/1.1" 200 27
120.253.135.82 - - [27/Nov/2021:10:02:47 +0800] "GET /xingrg/dwr/interface/AjaxReportQueryService.js HTTP/1.1" 200 13203
120.253.135.82 - - [27/Nov/2021:10:02:47 +0800] "POST /xingrg/kc/pszx/mdps_list_operate.html HTTP/1.1" 200 4292
120.253.135.82 - - [27/Nov/2021:10:02:47 +0800] "GET /xingrg/dwr/interface/AjaxQqpsService.js HTTP/1.1" 200 16326
120.253.135.82 - - [27/Nov/2021:10:02:47 +0800] "GET /xingrg/dwr/engine.js HTTP/1.1" 200 43631
120.253.135.82 - - [27/Nov/2021:10:02:51 +0800] "GET /xingrg/kc/pszx/mdqp_order_info.html?code=302021112700574 HTTP/1.1" 200 13350
120.253.135.82 - - [27/Nov/2021:10:02:51 +0800] "GET /xingrg/javascript/jquery_easy_ui/easyui-lang-zh_CN.js HTTP/1.1" 200 1900
120.253.135.82 - - [27/Nov/2021:10:02:51 +0800] "GET /xingrg/javascript/AjaxInfoList.js HTTP/1.1" 200 3774
120.253.135.82 - - [27/Nov/2021:10:02:51 +0800] "GET /xingrg/dwr/interface/AjaxQqpsService.js HTTP/1.1" 200 16326
120.253.135.82 - - [27/Nov/2021:10:02:51 +0800] "GET /xingrg/dwr/interface/AjaxComOrderService.js HTTP/1.1" 200 18264
120.253.135.82 - - [27/Nov/2021:10:02:51 +0800] "GET /xingrg/javascript/tools/jquery.qtip-1.0.0-rc3.min.js HTTP/1.1" 200 38404
120.253.135.82 - - [27/Nov/2021:10:02:51 +0800] "GET /xingrg/javascript/ToolTips.js HTTP/1.1" 200 5615
120.253.135.82 - - [27/Nov/2021:10:02:51 +0800] "GET /xingrg/javascript/Grid.js HTTP/1.1" 200 58908
120.253.135.82 - - [27/Nov/2021:10:02:51 +0800] "GET /xingrg/javascript/checkform.js HTTP/1.1" 200 18351
120.253.135.82 - - [27/Nov/2021:10:02:51 +0800] "GET /xingrg/dwr/engine.js HTTP/1.1" 200 43631
120.253.135.82 - - [27/Nov/2021:10:02:51 +0800] "GET /xingrg/javascript/jquery_easy_ui/themes/default/images/menu_downarrow.png HTTP/1.1" 200 173
120.253.135.82 - - [27/Nov/2021:10:02:51 +0800] "GET /xingrg/javascript/jquery_easy_ui/themes/icons/print.png HTTP/1.1" 200 1057
120.253.135.82 - - [27/Nov/2021:10:02:51 +0800] "GET /xingrg/images/blue/button/kc_tab_edit.gif HTTP/1.1" 200 551
120.253.135.82 - - [27/Nov/2021:10:02:51 +0800] "GET /xingrg/images/blue/button/kc_tab_save.gif HTTP/1.1" 200 777
120.253.135.82 - - [27/Nov/2021:10:02:51 +0800] "GET /xingrg/images/blue/kc_tab_left.gif HTTP/1.1" 200 188
120.253.135.82 - - [27/Nov/2021:10:02:51 +0800] "GET /xingrg/images/blue/kc_tab_mid.gif HTTP/1.1" 200 44
120.253.135.82 - - [27/Nov/2021:10:02:51 +0800] "GET /xingrg/images/blue/kc_tab_right.gif HTTP/1.1" 200 643
120.253.135.82 - - [27/Nov/2021:10:02:51 +0800] "GET /xingrg/images/blue/kc_tab2_left.gif HTTP/1.1" 200 625
120.253.135.82 - - [27/Nov/2021:10:02:51 +0800] "GET /xingrg/images/blue/kc_tab2_right.gif HTTP/1.1" 200 192
120.253.135.82 - - [27/Nov/2021:10:02:51 +0800] "GET /xingrg/images/blue/wait.gif HTTP/1.1" 200 1100
120.253.135.82 - - [27/Nov/2021:10:02:51 +0800] "POST /xingrg/dwr/call/plaincall/AjaxQqpsService.loadMaterielItems.dwr HTTP/1.1" 200 652
180.157.253.6 - - [27/Nov/2021:10:02:52 +0800] "GET /xingrg/check_reg.html?_=1637978570220 HTTP/1.1" 200 22
180.157.253.6 - - [27/Nov/2021:10:02:52 +0800] "GET /xingrg/all/function/internal_message.html?_=1637978570222&CODE_STATE=getMsg HTTP/1.1" 200 27
124.78.153.86 - - [27/Nov/2021:10:02:52 +0800] "GET /xingrg/kc/buy/cgsh_order_operate.html?command=get_materiel&rest_code=00106&code=00101008356&supplier_code=00100007&order_time=2021-11-27 HTTP/1.1" 200 408
61.151.178.164 - - [27/Nov/2021:10:02:53 +0800] "GET /xingrg/all/function/internal_message.html?_=1637978506519&CODE_STATE=count HTTP/1.1" 302 -
58.37.231.44 - - [27/Nov/2021:10:02:53 +0800] "GET /xingrg/kc/buy/cgsh_order_operate.html?command=get_materiel&rest_code=00141&code=00101008301&supplier_code=00100007&order_time=2021-11-27 HTTP/1.1" 200 422
101.89.29.78 - - [27/Nov/2021:10:02:53 +0800] "GET /xingrg/index.html?sysBaseUrl=http://180.169.147.146:18081/xingrg/&costTime=41×tamp=1637978513315 HTTP/1.1" 302 -
114.85.125.222 - - [27/Nov/2021:10:02:53 +0800] "GET /xingrg/all/function/internal_message.html?_=1637978540520&CODE_STATE=getMsg HTTP/1.1" 200 27
124.78.153.86 - - [27/Nov/2021:10:02:53 +0800] "GET /xingrg/all/function/internal_message.html?_=1637978566525&CODE_STATE=getMsg HTTP/1.1" 200 27
116.235.94.0 - - [27/Nov/2021:10:02:54 +0800] "GET /xingrg/kc/buy/cgsh_order_operate.html?command=get_materiel&rest_code=00104&code=00101008439&supplier_code=00100005&order_time=2021-11-27 HTTP/1.1" 200 399
180.174.250.202 - - [27/Nov/2021:10:02:54 +0800] "GET /xingrg/login.html HTTP/1.1" 200 7641
101.89.29.78 - - [27/Nov/2021:10:02:54 +0800] "GET /xingrg/login.html HTTP/1.1" 200 7641
180.174.250.202 - - [27/Nov/2021:10:02:55 +0800] "GET /favicon.ico HTTP/1.1" 404 -
101.89.239.238 - - [27/Nov/2021:10:02:55 +0800] "GET /xingrg/check_reg.html?_=1637978506519 HTTP/1.1" 302 -
101.89.239.238 - - [27/Nov/2021:10:02:55 +0800] "GET /xingrg/login.html HTTP/1.1" 200 7641
61.151.178.164 - - [27/Nov/2021:10:02:55 +0800] "GET /xingrg/login.html HTTP/1.1" 200 7641
180.174.250.202 - - [27/Nov/2021:10:02:56 +0800] "POST /xingrg/login.do HTTP/1.1" 302 -
180.174.250.202 - - [27/Nov/2021:10:02:56 +0800] "GET /xingrg/index.html?sysBaseUrl=http%3A%2F%2F180.169.147.146%3A18081%2Fxingrg%2F&costTime=37×tamp=1637978576298 HTTP/1.1" 200 17173
180.174.250.202 - - [27/Nov/2021:10:02:56 +0800] "POST /xingrg/all/common/load_tree.html?tree=area_rest_tree_json&manage=1 HTTP/1.1" 200 342
180.174.250.202 - - [27/Nov/2021:10:02:56 +0800] "GET /xingrg/all/function/internal_message.html?_=1637978573796&CODE_STATE=count HTTP/1.1" 200 11
180.174.250.202 - - [27/Nov/2021:10:02:56 +0800] "GET /xingrg/check_reg.html?_=1637978573798 HTTP/1.1" 200 22
180.174.250.202 - - [27/Nov/2021:10:02:56 +0800] "GET /favicon.ico HTTP/1.1" 404 -
180.174.250.202 - - [27/Nov/2021:10:02:56 +0800] "POST /xingrg/load_menu.html HTTP/1.1" 200 5138
120.253.135.82 - - [27/Nov/2021:10:02:56 +0800] "GET /xingrg/javascript/jquery_easy_ui/themes/default/images/button_plain_hover.png HTTP/1.1" 200 252
180.174.250.202 - - [27/Nov/2021:10:02:59 +0800] "GET /xingrg/kc/mdqp/pssh_order_list.html HTTP/1.1" 200 17865
180.174.250.202 - - [27/Nov/2021:10:02:59 +0800] "POST /xingrg/kc/mdqp/pssh_list_operate.html HTTP/1.1" 200 5465
61.151.207.141 - - [27/Nov/2021:10:03:00 +0800] "GET /xingrg/kc/buy/cgsh_order_list.html HTTP/1.1" 302 -
61.151.207.141 - - [27/Nov/2021:10:03:01 +0800] "GET /xingrg/login.html HTTP/1.1" 200 7641
120.253.135.82 - - [27/Nov/2021:10:03:02 +0800] "GET /xingrg/kc/pszx/mdqp_order_list.html?isBack=1 HTTP/1.1" 302 -
120.253.135.82 - - [27/Nov/2021:10:03:02 +0800] "GET /xingrg/kc/pszx/mdqp_order_list.html?state=10 HTTP/1.1" 200 11062
120.253.135.82 - - [27/Nov/2021:10:03:02 +0800] "GET /xingrg/dwr/interface/AjaxReportQueryService.js HTTP/1.1" 200 13203
120.253.135.82 - - [27/Nov/2021:10:03:02 +0800] "GET /xingrg/dwr/interface/AjaxQqpsService.js HTTP/1.1" 200 16326
120.253.135.82 - - [27/Nov/2021:10:03:02 +0800] "GET /xingrg/dwr/engine.js HTTP/1.1" 200 43631
58.37.231.44 - - [27/Nov/2021:10:03:02 +0800] "GET /xingrg/kc/buy/cgsh_order_operate.html?command=get_materiel&rest_code=00141&code=00101009031&supplier_code=00100007&order_time=2021-11-27 HTTP/1.1" 200 410
124.78.153.86 - - [27/Nov/2021:10:03:02 +0800] "GET /xingrg/kc/buy/cgsh_order_operate.html?command=get_materiel&rest_code=00106&code=00101008357&supplier_code=00100007&order_time=2021-11-27 HTTP/1.1" 200 408
116.228.172.94 - - [27/Nov/2021:10:03:05 +0800] "GET /xingrg/all/function/internal_message.html?_=1637978462914&CODE_STATE=getMsg HTTP/1.1" 200 27
116.228.172.94 - - [27/Nov/2021:10:03:05 +0800] "GET /xingrg/check_reg.html?_=1637978462917 HTTP/1.1" 200 22
120.253.135.82 - - [27/Nov/2021:10:03:06 +0800] "GET /xingrg/kc/pszx/mdqp_order_info.html?code=302021112700572 HTTP/1.1" 200 13350
120.253.135.82 - - [27/Nov/2021:10:03:06 +0800] "GET /xingrg/dwr/interface/AjaxQqpsService.js HTTP/1.1" 200 16326
120.253.135.82 - - [27/Nov/2021:10:03:06 +0800] "GET /xingrg/dwr/interface/AjaxComOrderService.js HTTP/1.1" 200 18264
120.253.135.82 - - [27/Nov/2021:10:03:06 +0800] "GET /xingrg/dwr/engine.js HTTP/1.1" 200 43631
120.253.135.82 - - [27/Nov/2021:10:03:06 +0800] "POST /xingrg/dwr/call/plaincall/AjaxQqpsService.loadMaterielItems.dwr HTTP/1.1" 200 667
114.83.222.132 - - [27/Nov/2021:10:03:07 +0800] "GET /xingrg/all/function/internal_message.html?_=1637978584238&CODE_STATE=getMsg HTTP/1.1" 200 27
116.227.210.113 - - [27/Nov/2021:10:03:07 +0800] "GET /xingrg/all/function/internal_message.html?_=1637978583593&CODE_STATE=getMsg HTTP/1.1" 200 27
116.235.94.0 - - [27/Nov/2021:10:03:08 +0800] "GET /xingrg/kc/buy/cgsh_order_operate.html?command=get_materiel&rest_code=00104&code=00101009011&supplier_code=00100005&order_time=2021-11-27 HTTP/1.1" 200 416
101.89.239.120 - - [27/Nov/2021:10:03:08 +0800] "GET /xingrg/kc/buy/cgsh_order_operate.html?command=get_materiel&rest_code=00106&code=00101008155&supplier_code=00100007&order_time=2021-11-27 HTTP/1.1" 302 -
124.78.153.86 - - [27/Nov/2021:10:03:09 +0800] "GET /xingrg/kc/buy/cgsh_order_operate.html?command=get_materiel&rest_code=00106&code=00101008069&supplier_code=00100007&order_time=2021-11-27 HTTP/1.1" 200 412
120.253.135.82 - - [27/Nov/2021:10:03:09 +0800] "GET /xingrg/kc/pszx/mdqp_order_list.html?isBack=1 HTTP/1.1" 302 -
120.253.135.82 - - [27/Nov/2021:10:03:09 +0800] "GET /xingrg/kc/pszx/mdqp_order_list.html?state=10 HTTP/1.1" 200 11062
120.253.135.82 - - [27/Nov/2021:10:03:09 +0800] "GET /xingrg/dwr/interface/AjaxQqpsService.js HTTP/1.1" 200 16326
120.253.135.82 - - [27/Nov/2021:10:03:09 +0800] "GET /xingrg/dwr/interface/AjaxReportQueryService.js HTTP/1.1" 200 13203
120.253.135.82 - - [27/Nov/2021:10:03:09 +0800] "GET /xingrg/dwr/engine.js HTTP/1.1" 200 43631
101.89.239.120 - - [27/Nov/2021:10:03:09 +0800] "GET /xingrg/login.html HTTP/1.1" 200 7641
116.238.248.233 - - [27/Nov/2021:10:03:09 +0800] "GET /xingrg/all/function/internal_message.html?_=1637978585525&CODE_STATE=getMsg HTTP/1.1" 200 27
222.70.171.86 - - [27/Nov/2021:10:03:10 +0800] "GET /xingrg/all/function/internal_message.html?_=1637978611235&CODE_STATE=getMsg HTTP/1.1" 302 -
220.250.46.102 - - [27/Nov/2021:10:03:12 +0800] "GET /xingrg/all/function/internal_message.html?_=1637978588645&CODE_STATE=getMsg HTTP/1.1" 200 27
58.37.231.44 - - [27/Nov/2021:10:03:12 +0800] "GET /xingrg/kc/buy/cgsh_order_operate.html?command=get_materiel&rest_code=00141&code=00101009135&supplier_code=00100007&order_time=2021-11-27 HTTP/1.1" 200 396
124.78.153.86 - - [27/Nov/2021:10:03:15 +0800] "GET /xingrg/kc/buy/cgsh_order_operate.html?command=get_materiel&rest_code=00106&code=00101008286&supplier_code=00100007&order_time=2021-11-27 HTTP/1.1" 200 408
58.39.139.200 - - [27/Nov/2021:10:03:17 +0800] "GET /xingrg/all/function/internal_message.html?_=1637978529716&CODE_STATE=getMsg HTTP/1.1" 302 -
61.151.207.158 - - [27/Nov/2021:10:03:18 +0800] "GET /xingrg/kc/buy/cgsh_order_operate.html?command=get_materiel&rest_code=00106&code=00101008351&supplier_code=00100007&order_time=2021-11-27 HTTP/1.1" 302 -
61.151.207.158 - - [27/Nov/2021:10:03:18 +0800] "GET /xingrg/login.html HTTP/1.1" 200 7641
222.70.171.86 - - [27/Nov/2021:10:03:19 +0800] "GET /xingrg/all/function/internal_message.html?_=1637978616231&CODE_STATE=getMsg HTTP/1.1" 200 27
116.233.77.48 - - [27/Nov/2021:10:03:19 +0800] "GET /xingrg/all/function/internal_message.html?_=1637978596097&CODE_STATE=getMsg HTTP/1.1" 200 27
116.233.77.48 - - [27/Nov/2021:10:03:19 +0800] "GET /xingrg/check_reg.html?_=1637978596099 HTTP/1.1" 200 22
116.235.94.0 - - [27/Nov/2021:10:03:21 +0800] "GET /xingrg/kc/buy/cgsh_order_operate.html?command=get_materiel&rest_code=00104&code=00101008132&supplier_code=00100005&order_time=2021-11-27 HTTP/1.1" 200 409
124.78.153.86 - - [27/Nov/2021:10:03:23 +0800] "GET /xingrg/kc/buy/cgsh_order_operate.html?command=get_materiel&rest_code=00106&code=00101008036&supplier_code=00100007&order_time=2021-11-27 HTTP/1.1" 200 408
120.253.135.82 - - [27/Nov/2021:10:03:26 +0800] "GET /xingrg/kc/pszx/jzcl_ps.html HTTP/1.1" 200 7683
120.253.135.82 - - [27/Nov/2021:10:03:26 +0800] "GET /xingrg/javascript/step/step.css HTTP/1.1" 200 999
120.253.135.82 - - [27/Nov/2021:10:03:26 +0800] "GET /xingrg/css/table.css HTTP/1.1" 200 3684
120.253.135.82 - - [27/Nov/2021:10:03:26 +0800] "GET /xingrg/javascript/step/images/navCurrentBtn.gif HTTP/1.1" 200 557
120.253.135.82 - - [27/Nov/2021:10:03:26 +0800] "GET /xingrg/javascript/jquery_easy_ui/themes/default/images/button_a_bg.gif HTTP/1.1" 200 1194
120.253.135.82 - - [27/Nov/2021:10:03:26 +0800] "GET /xingrg/javascript/jquery_easy_ui/themes/default/images/button_span_bg.gif HTTP/1.1" 200 2061
120.253.135.82 - - [27/Nov/2021:10:03:26 +0800] "GET /xingrg/javascript/jquery_easy_ui/themes/icons/search.png HTTP/1.1" 200 813
120.253.135.82 - - [27/Nov/2021:10:03:26 +0800] "GET /xingrg/javascript/jquery_easy_ui/themes/default/images/calendar_prevyear.gif HTTP/1.1" 200 76
120.253.135.82 - - [27/Nov/2021:10:03:26 +0800] "GET /xingrg/javascript/jquery_easy_ui/themes/default/images/combo_arrow_dot.gif HTTP/1.1" 200 79
120.253.135.82 - - [27/Nov/2021:10:03:26 +0800] "GET /xingrg/javascript/jquery_easy_ui/themes/default/images/calendar_nextyear.gif HTTP/1.1" 200 75
120.253.135.82 - - [27/Nov/2021:10:03:26 +0800] "GET /xingrg/javascript/jquery_easy_ui/themes/default/images/calendar_nextmonth.gif HTTP/1.1" 200 64
120.253.135.82 - - [27/Nov/2021:10:03:26 +0800] "GET /xingrg/javascript/jquery_easy_ui/themes/default/images/calendar_prevmonth.gif HTTP/1.1" 200 66
120.253.135.82 - - [27/Nov/2021:10:03:26 +0800] "POST /xingrg/all/common/load_tree.html?tree=area_rest_tree_json HTTP/1.1" 200 3472
120.253.135.82 - - [27/Nov/2021:10:03:26 +0800] "GET /xingrg/javascript/jquery_easy_ui/themes/default/images/datagrid_header_bg.gif HTTP/1.1" 200 97
120.253.135.82 - - [27/Nov/2021:10:03:26 +0800] "GET /xingrg/javascript/jquery_easy_ui/themes/default/images/pagination_loading.gif HTTP/1.1" 200 1737
120.253.135.82 - - [27/Nov/2021:10:03:26 +0800] "GET /xingrg/javascript/jquery_easy_ui/themes/default/images/tree_checkbox_0.gif HTTP/1.1" 200 168
120.253.135.82 - - [27/Nov/2021:10:03:26 +0800] "POST /xingrg/kc/pszx/jzcl_ps_operate.html HTTP/1.1" 200 816
120.253.135.82 - - [27/Nov/2021:10:03:26 +0800] "POST /xingrg/kc/pszx/jzcl_ps_operate.html HTTP/1.1" 200 816
120.253.135.82 - - [27/Nov/2021:10:03:26 +0800] "GET /xingrg/javascript/jquery_easy_ui/themes/icons/rest.png HTTP/1.1" 200 695
58.37.231.44 - - [27/Nov/2021:10:03:28 +0800] "GET /xingrg/all/function/internal_message.html?_=1637978431885&CODE_STATE=getMsg HTTP/1.1" 200 27
124.78.153.86 - - [27/Nov/2021:10:03:30 +0800] "GET /xingrg/kc/buy/cgsh_order_operate.html?command=get_materiel&rest_code=00106&code=00101008131&supplier_code=00100007&order_time=2021-11-27 HTTP/1.1" 200 408
120.253.135.82 - - [27/Nov/2021:10:03:30 +0800] "POST /xingrg/kc/pszx/jzcl_ps_operate.html HTTP/1.1" 200 4
120.253.135.82 - - [27/Nov/2021:10:03:30 +0800] "GET /xingrg/javascript/step/images/navLastDoneBtn.gif HTTP/1.1" 200 552
120.253.135.82 - - [27/Nov/2021:10:03:30 +0800] "GET /xingrg/javascript/step/images/navDoneBtn.gif HTTP/1.1" 200 394
120.253.135.82 - - [27/Nov/2021:10:03:32 +0800] "GET /xingrg/kc/pszx/mdps_order_list.html HTTP/1.1" 200 21089
120.253.135.82 - - [27/Nov/2021:10:03:32 +0800] "POST /xingrg/kc/pszx/mdps_list_operate.html HTTP/1.1" 200 5456
120.253.135.82 - - [27/Nov/2021:10:03:33 +0800] "GET /xingrg/all/function/internal_message.html?_=1637978384696&CODE_STATE=getMsg HTTP/1.1" 200 27
116.235.94.0 - - [27/Nov/2021:10:03:34 +0800] "GET /xingrg/kc/buy/cgsh_order_operate.html?command=get_materiel&rest_code=00104&code=00101008119&supplier_code=00100005&order_time=2021-11-27 HTTP/1.1" 200 413
101.89.239.120 - - [27/Nov/2021:10:03:35 +0800] "GET /xingrg/kc/buy/cgsh_order_operate.html?command=get_materiel&rest_code=00106&code=00101008038&supplier_code=00100007&order_time=2021-11-27 HTTP/1.1" 302 -
101.89.239.120 - - [27/Nov/2021:10:03:35 +0800] "GET /xingrg/login.html HTTP/1.1" 200 7641
222.70.176.97 - - [27/Nov/2021:10:03:37 +0800] "GET /xingrg/all/function/internal_message.html?_=1637978610347&CODE_STATE=getMsg HTTP/1.1" 200 27
124.78.153.86 - - [27/Nov/2021:10:03:37 +0800] "GET /xingrg/kc/buy/cgsh_order_operate.html?command=get_materiel&rest_code=00106&code=00101008352&supplier_code=00100007&order_time=2021-11-27 HTTP/1.1" 200 412
180.169.147.146 - - [27/Nov/2021:10:03:39 +0800] "GET /xingrg/all/function/internal_message.html?_=1637978604966&CODE_STATE=getMsg HTTP/1.1" 200 27
180.169.147.146 - - [27/Nov/2021:10:03:39 +0800] "GET /xingrg/check_reg.html?_=1637978605093 HTTP/1.1" 200 22
116.235.94.0 - - [27/Nov/2021:10:03:40 +0800] "GET /xingrg/all/function/internal_message.html?_=1637978624742&CODE_STATE=getMsg HTTP/1.1" 200 27
120.253.135.82 - - [27/Nov/2021:10:03:40 +0800] "POST /xingrg/kc/pszx/mdps_list_operate.html HTTP/1.1" 200 4662
180.157.253.6 - - [27/Nov/2021:10:03:42 +0800] "GET /xingrg/all/function/internal_message.html?_=1637978620457&CODE_STATE=getMsg HTTP/1.1" 200 27
120.253.135.82 - - [27/Nov/2021:10:03:42 +0800] "POST /xingrg/kc/pszx/mdps_list_operate.html HTTP/1.1" 200 519
58.221.95.50 - - [27/Nov/2021:10:03:43 +0800] "GET /xingrg/all/function/internal_message.html?_=1637978618795&CODE_STATE=getMsg HTTP/1.1" 200 27
116.235.94.0 - - [27/Nov/2021:10:03:44 +0800] "GET /xingrg/kc/buy/cgsh_order_operate.html?command=get_materiel&rest_code=00104&code=00101008096&supplier_code=00100005&order_time=2021-11-27 HTTP/1.1" 200 412
222.70.171.86 - - [27/Nov/2021:10:03:45 +0800] "GET /xingrg/check_reg.html?_=1637978641900 HTTP/1.1" 200 22
180.174.250.202 - - [27/Nov/2021:10:03:45 +0800] "GET /xingrg/check_reg.html?_=1637978618821 HTTP/1.1" 200 22
124.78.153.86 - - [27/Nov/2021:10:03:45 +0800] "GET /xingrg/kc/buy/cgsh_order_operate.html?command=get_materiel&rest_code=00106&code=00101008005&supplier_code=00100007&order_time=2021-11-27 HTTP/1.1" 200 412
120.253.135.82 - - [27/Nov/2021:10:03:45 +0800] "POST /xingrg/kc/pszx/mdps_list_operate.html HTTP/1.1" 200 284
222.70.171.86 - - [27/Nov/2021:10:03:46 +0800] "GET /xingrg/all/function/internal_message.html?_=1637978642970&CODE_STATE=getMsg HTTP/1.1" 200 27
180.174.250.202 - - [27/Nov/2021:10:03:47 +0800] "GET /xingrg/all/function/internal_message.html?_=1637978620486&CODE_STATE=getMsg HTTP/1.1" 200 27
120.253.135.82 - - [27/Nov/2021:10:03:47 +0800] "POST /xingrg/kc/pszx/mdps_list_operate.html HTTP/1.1" 200 293
180.157.253.6 - - [27/Nov/2021:10:03:52 +0800] "GET /xingrg/all/function/internal_message.html?_=1637978630210&CODE_STATE=getMsg HTTP/1.1" 200 27
120.253.135.82 - - [27/Nov/2021:10:03:52 +0800] "GET /xingrg/kc/pszx/mdps_order_info.html?code=312021112700645 HTTP/1.1" 200 23931
58.37.231.44 - - [27/Nov/2021:10:03:52 +0800] "GET /xingrg/kc/buy/cgsh_order_operate.html?command=get_materiel&rest_code=00141&code=00101008302&supplier_code=00100007&order_time=2021-11-27 HTTP/1.1" 200 412
120.253.135.82 - - [27/Nov/2021:10:03:53 +0800] "GET /xingrg/javascript/easyui/themes/default/validatebox.css HTTP/1.1" 404 1104
120.253.135.82 - - [27/Nov/2021:10:03:53 +0800] "POST /xingrg/kc/pszx/mdps_order_operate.html HTTP/1.1" 200 2820
101.89.239.238 - - [27/Nov/2021:10:03:53 +0800] "GET /xingrg/all/function/internal_message.html?_=1637978566525&CODE_STATE=getMsg HTTP/1.1" 302 -
114.85.125.222 - - [27/Nov/2021:10:03:53 +0800] "GET /xingrg/all/function/internal_message.html?_=1637978600529&CODE_STATE=getMsg HTTP/1.1" 200 27
124.78.153.86 - - [27/Nov/2021:10:03:53 +0800] "GET /xingrg/all/function/internal_message.html?_=1637978626526&CODE_STATE=getMsg HTTP/1.1" 200 27
116.235.94.0 - - [27/Nov/2021:10:03:54 +0800] "GET /xingrg/kc/buy/cgsh_order_operate.html?command=get_materiel&rest_code=00104&code=00101008038&supplier_code=00100005&order_time=2021-11-27 HTTP/1.1" 200 412
101.89.239.238 - - [27/Nov/2021:10:03:55 +0800] "GET /xingrg/login.html HTTP/1.1" 200 7641
101.89.239.238 - - [27/Nov/2021:10:03:55 +0800] "GET /xingrg/kc/buy/cgsh_order_operate.html?command=get_materiel&rest_code=00106&code=00101008356&supplier_code=00100007&order_time=2021-11-27 HTTP/1.1" 302 -
58.37.231.44 - - [27/Nov/2021:10:03:55 +0800] "POST /xingrg/kc/buy/cgsh_order_operate.html HTTP/1.1" 200 2065
180.174.250.202 - - [27/Nov/2021:10:03:56 +0800] "GET /xingrg/all/function/internal_message.html?_=1637978633802&CODE_STATE=getMsg HTTP/1.1" 200 27
124.78.153.86 - - [27/Nov/2021:10:03:57 +0800] "GET /xingrg/kc/buy/cgsh_order_operate.html?command=get_materiel&rest_code=00106&code=00101008277&supplier_code=00100007&order_time=2021-11-27 HTTP/1.1" 200 413
101.89.239.238 - - [27/Nov/2021:10:03:58 +0800] "GET /xingrg/login.html HTTP/1.1" 200 7641
101.89.239.245 - - [27/Nov/2021:10:04:00 +0800] "GET /xingrg/kc/buy/cgsh_order_operate.html?command=get_materiel&rest_code=00106&code=00101008357&supplier_code=00100007&order_time=2021-11-27 HTTP/1.1" 302 -
101.89.239.245 - - [27/Nov/2021:10:04:00 +0800] "GET /xingrg/login.html HTTP/1.1" 200 7641
120.253.135.82 - - [27/Nov/2021:10:04:01 +0800] "GET /xingrg/kc/pszx/mdps_order_operate.html?command=get_materiel&pszx_code=00101&rest_code=00147&base_code=0010246&code=00101019132 HTTP/1.1" 200 471
116.228.172.94 - - [27/Nov/2021:10:04:05 +0800] "GET /xingrg/all/function/internal_message.html?_=1637978522912&CODE_STATE=getMsg HTTP/1.1" 200 27
124.78.153.86 - - [27/Nov/2021:10:04:05 +0800] "GET /xingrg/kc/buy/cgsh_order_operate.html?command=get_materiel&rest_code=00106&code=00101013179&supplier_code=00100007&order_time=2021-11-27 HTTP/1.1" 200 412
101.91.60.88 - - [27/Nov/2021:10:04:07 +0800] "GET /xingrg/kc/buy/cgsh_order_operate.html?command=get_materiel&rest_code=00106&code=00101008069&supplier_code=00100007&order_time=2021-11-27 HTTP/1.1" 302 -
114.83.222.132 - - [27/Nov/2021:10:04:07 +0800] "GET /xingrg/all/function/internal_message.html?_=1637978644223&CODE_STATE=getMsg HTTP/1.1" 200 27
101.91.60.88 - - [27/Nov/2021:10:04:07 +0800] "GET /xingrg/login.html HTTP/1.1" 200 7641
116.227.210.113 - - [27/Nov/2021:10:04:07 +0800] "GET /xingrg/all/function/internal_message.html?_=1637978643604&CODE_STATE=getMsg HTTP/1.1" 200 27
116.235.94.0 - - [27/Nov/2021:10:04:09 +0800] "GET /xingrg/kc/buy/cgsh_order_operate.html?command=get_materiel&rest_code=00104&code=00101008163&supplier_code=00100005&order_time=2021-11-27 HTTP/1.1" 200 409
58.37.231.44 - - [27/Nov/2021:10:04:09 +0800] "GET /xingrg/kc/buy/cgsh_order_operate.html?command=get_materiel&rest_code=00141&code=00101008027&supplier_code=00100007&order_time=2021-11-27 HTTP/1.1" 200 408
120.253.135.82 - - [27/Nov/2021:10:04:09 +0800] "POST /xingrg/kc/pszx/mdps_order_operate.html HTTP/1.1" 200 37
116.238.248.233 - - [27/Nov/2021:10:04:09 +0800] "GET /xingrg/all/function/internal_message.html?_=1637978645519&CODE_STATE=getMsg HTTP/1.1" 200 27
222.70.171.86 - - [27/Nov/2021:10:04:10 +0800] "GET /xingrg/all/function/internal_message.html?_=1637978671256&CODE_STATE=getMsg HTTP/1.1" 302 -
120.253.135.82 - - [27/Nov/2021:10:04:10 +0800] "GET /xingrg/kc/pszx/mdps_order_info.html?code=312021112700645 HTTP/1.1" 200 23931
120.253.135.82 - - [27/Nov/2021:10:04:11 +0800] "GET /xingrg/javascript/easyui/themes/default/validatebox.css HTTP/1.1" 404 1104
120.253.135.82 - - [27/Nov/2021:10:04:11 +0800] "POST /xingrg/kc/pszx/mdps_order_operate.html HTTP/1.1" 200 3335
116.235.94.0 - - [27/Nov/2021:10:04:12 +0800] "POST /xingrg/kc/buy/cgsh_order_operate.html HTTP/1.1" 200 2065
220.250.46.102 - - [27/Nov/2021:10:04:12 +0800] "GET /xingrg/all/function/internal_message.html?_=1637978648656&CODE_STATE=getMsg HTTP/1.1" 200 27
124.78.153.86 - - [27/Nov/2021:10:04:13 +0800] "GET /xingrg/kc/buy/cgsh_order_operate.html?command=get_materiel&rest_code=00106&code=00101008588&supplier_code=00100007&order_time=2021-11-27 HTTP/1.1" 200 392
61.151.178.163 - - [27/Nov/2021:10:04:15 +0800] "GET /xingrg/kc/buy/cgsh_order_operate.html?command=get_materiel&rest_code=00106&code=00101008286&supplier_code=00100007&order_time=2021-11-27 HTTP/1.1" 302 -
61.151.178.163 - - [27/Nov/2021:10:04:16 +0800] "GET /xingrg/login.html HTTP/1.1" 200 7641
120.253.135.82 - - [27/Nov/2021:10:04:16 +0800] "GET /xingrg/kc/pszx/mdps_order_info.html?code=312021112700645 HTTP/1.1" 200 23931
58.39.139.200 - - [27/Nov/2021:10:04:17 +0800] "GET /xingrg/all/function/internal_message.html?_=1637978589717&CODE_STATE=getMsg HTTP/1.1" 302 -
58.39.139.200 - - [27/Nov/2021:10:04:17 +0800] "GET /xingrg/check_reg.html?_=1637978589892 HTTP/1.1" 302 -
120.253.135.82 - - [27/Nov/2021:10:04:17 +0800] "GET /xingrg/javascript/easyui/themes/default/validatebox.css HTTP/1.1" 404 1104
120.253.135.82 - - [27/Nov/2021:10:04:17 +0800] "POST /xingrg/kc/pszx/mdps_order_operate.html HTTP/1.1" 200 3335
116.235.94.0 - - [27/Nov/2021:10:04:18 +0800] "GET /xingrg/kc/buy/cgsh_order_operate.html?command=get_materiel&rest_code=00104&code=00101008064&supplier_code=00100005&order_time=2021-11-27 HTTP/1.1" 200 412
222.70.171.86 - - [27/Nov/2021:10:04:19 +0800] "GET /xingrg/all/function/internal_message.html?_=1637978676275&CODE_STATE=getMsg HTTP/1.1" 200 27
116.233.77.48 - - [27/Nov/2021:10:04:19 +0800] "GET /xingrg/all/function/internal_message.html?_=1637978656100&CODE_STATE=getMsg HTTP/1.1" 200 27
124.78.153.86 - - [27/Nov/2021:10:04:22 +0800] "GET /xingrg/kc/buy/cgsh_order_operate.html?command=get_materiel&rest_code=00106&code=00101008067&supplier_code=00100007&order_time=2021-11-27 HTTP/1.1" 200 416
222.70.171.86 - - [27/Nov/2021:10:04:24 +0800] "POST /xingrg/services/DataTransmitService HTTP/1.1" 200 524
120.253.135.82 - - [27/Nov/2021:10:04:25 +0800] "GET /xingrg/kc/pszx/mdps_order_operate.html?command=get_materiel&pszx_code=00101&rest_code=00147&base_code=0010246&code=00101019425 HTTP/1.1" 200 471
222.70.171.86 - - [27/Nov/2021:10:04:25 +0800] "POST /xingrg/services/DataTransmitService HTTP/1.1" 200 2171
222.70.171.86 - - [27/Nov/2021:10:04:25 +0800] "POST /xingrg/services/DataTransmitService HTTP/1.1" 200 2451
222.70.171.86 - - [27/Nov/2021:10:04:26 +0800] "POST /xingrg/services/DataTransmitService HTTP/1.1" 200 1411
116.235.94.0 - - [27/Nov/2021:10:04:26 +0800] "GET /xingrg/kc/buy/cgsh_order_operate.html?command=get_materiel&rest_code=00104&code=00101008355&supplier_code=00100005&order_time=2021-11-27 HTTP/1.1" 200 408
222.70.171.86 - - [27/Nov/2021:10:04:26 +0800] "POST /xingrg/services/DataTransmitService HTTP/1.1" 200 164715
120.253.135.82 - - [27/Nov/2021:10:04:27 +0800] "POST /xingrg/all/common/load_select.html HTTP/1.1" 200 25
58.37.231.44 - - [27/Nov/2021:10:04:28 +0800] "GET /xingrg/all/function/internal_message.html?_=1637978491856&CODE_STATE=getMsg HTTP/1.1" 200 27
120.253.135.82 - - [27/Nov/2021:10:04:29 +0800] "GET /xingrg/kc/pszx/mdps_order_operate.html?command=get_materiel_price&pszx_code=00101&rest_code=00147&base_code=0010246&code=00101019425&unit_code=00100157&order_time=2021-11-28 HTTP/1.1" 200 34
180.157.253.6 - - [27/Nov/2021:10:04:29 +0800] "POST /xingrg/services/DataTransmitService HTTP/1.1" 200 524
101.89.239.120 - - [27/Nov/2021:10:04:29 +0800] "GET /xingrg/kc/buy/cgsh_order_operate.html?command=get_materiel&rest_code=00106&code=00101008131&supplier_code=00100007&order_time=2021-11-27 HTTP/1.1" 302 -
101.89.239.120 - - [27/Nov/2021:10:04:30 +0800] "GET /xingrg/login.html HTTP/1.1" 200 7641
124.78.153.86 - - [27/Nov/2021:10:04:32 +0800] "GET /xingrg/kc/buy/cgsh_order_operate.html?command=get_materiel&rest_code=00106&code=00101008300&supplier_code=00100007&order_time=2021-11-27 HTTP/1.1" 200 412
120.253.135.82 - - [27/Nov/2021:10:04:33 +0800] "GET /xingrg/all/function/internal_message.html?_=1637978444713&CODE_STATE=getMsg HTTP/1.1" 200 27
120.253.135.82 - - [27/Nov/2021:10:04:34 +0800] "POST /xingrg/kc/pszx/mdps_order_operate.html HTTP/1.1" 200 37
61.151.178.164 - - [27/Nov/2021:10:04:35 +0800] "GET /xingrg/kc/buy/cgsh_order_operate.html?command=get_materiel&rest_code=00106&code=00101008352&supplier_code=00100007&order_time=2021-11-27 HTTP/1.1" 302 -
120.253.135.82 - - [27/Nov/2021:10:04:35 +0800] "GET /xingrg/kc/pszx/mdps_order_info.html?code=312021112700645 HTTP/1.1" 200 23931
120.253.135.82 - - [27/Nov/2021:10:04:36 +0800] "POST /xingrg/kc/pszx/mdps_order_operate.html HTTP/1.1" 200 3835
120.253.135.82 - - [27/Nov/2021:10:04:36 +0800] "GET /xingrg/javascript/easyui/themes/default/validatebox.css HTTP/1.1" 404 1104
61.151.178.164 - - [27/Nov/2021:10:04:36 +0800] "GET /xingrg/login.html HTTP/1.1" 200 7641
180.157.253.6 - - [27/Nov/2021:10:04:37 +0800] "POST /xingrg/services/DataTransmitService HTTP/1.1" 200 501
180.157.253.6 - - [27/Nov/2021:10:04:37 +0800] "POST /xingrg/services/DataTransmitService HTTP/1.1" 200 501
222.70.176.97 - - [27/Nov/2021:10:04:37 +0800] "GET /xingrg/all/function/internal_message.html?_=1637978670332&CODE_STATE=getMsg HTTP/1.1" 200 27
120.253.135.82 - - [27/Nov/2021:10:04:37 +0800] "POST /xingrg/kc/pszx/mdps_list_operate.html HTTP/1.1" 200 4662
180.157.253.6 - - [27/Nov/2021:10:04:38 +0800] "POST /xingrg/services/DataTransmitService HTTP/1.1" 200 501
124.78.153.86 - - [27/Nov/2021:10:04:38 +0800] "GET /xingrg/kc/buy/cgsh_order_operate.html?command=get_materiel&rest_code=00106&code=00101008126&supplier_code=00100007&order_time=2021-11-27 HTTP/1.1" 200 412
180.169.147.146 - - [27/Nov/2021:10:04:39 +0800] "GET /xingrg/all/function/internal_message.html?_=1637978664936&CODE_STATE=getMsg HTTP/1.1" 200 27
120.253.135.82 - - [27/Nov/2021:10:04:39 +0800] "POST /xingrg/kc/pszx/mdps_list_operate.html HTTP/1.1" 200 284
120.253.135.82 - - [27/Nov/2021:10:04:40 +0800] "GET /xingrg/kc/pszx/mdps_order_info.html?code=312021112700677 HTTP/1.1" 200 23931
180.157.253.6 - - [27/Nov/2021:10:04:40 +0800] "POST /xingrg/services/DataTransmitService HTTP/1.1" 200 501
116.235.94.0 - - [27/Nov/2021:10:04:40 +0800] "GET /xingrg/check_reg.html?_=1637978684651 HTTP/1.1" 200 22
120.253.135.82 - - [27/Nov/2021:10:04:40 +0800] "GET /xingrg/javascript/easyui/themes/default/validatebox.css HTTP/1.1" 404 1104
120.253.135.82 - - [27/Nov/2021:10:04:40 +0800] "POST /xingrg/kc/pszx/mdps_order_operate.html HTTP/1.1" 200 2772
116.235.94.0 - - [27/Nov/2021:10:04:40 +0800] "GET /xingrg/all/function/internal_message.html?_=1637978684842&CODE_STATE=getMsg HTTP/1.1" 200 27
180.157.253.6 - - [27/Nov/2021:10:04:40 +0800] "POST /xingrg/services/DataTransmitService HTTP/1.1" 200 501
180.157.253.6 - - [27/Nov/2021:10:04:41 +0800] "POST /xingrg/services/DataTransmitService HTTP/1.1" 200 501
180.157.253.6 - - [27/Nov/2021:10:04:41 +0800] "POST /xingrg/services/DataTransmitService HTTP/1.1" 200 501
180.157.253.6 - - [27/Nov/2021:10:04:41 +0800] "POST /xingrg/services/DataTransmitService HTTP/1.1" 200 501
180.157.253.6 - - [27/Nov/2021:10:04:41 +0800] "POST /xingrg/services/DataTransmitService HTTP/1.1" 200 501
180.157.253.6 - - [27/Nov/2021:10:04:42 +0800] "GET /xingrg/all/function/internal_message.html?_=1637978680442&CODE_STATE=getMsg HTTP/1.1" 200 27
58.221.95.50 - - [27/Nov/2021:10:04:43 +0800] "GET /xingrg/all/function/internal_message.html?_=1637978678799&CODE_STATE=getMsg HTTP/1.1" 200 27
180.157.253.6 - - [27/Nov/2021:10:04:43 +0800] "POST /xingrg/services/DataTransmitService HTTP/1.1" 200 412
120.253.135.82 - - [27/Nov/2021:10:04:43 +0800] "POST /xingrg/kc/pszx/mdps_order_operate.html HTTP/1.1" 200 12
120.253.135.82 - - [27/Nov/2021:10:04:44 +0800] "POST /xingrg/kc/pszx/mdps_list_operate.html HTTP/1.1" 200 4292
61.151.178.180 - - [27/Nov/2021:10:04:46 +0800] "GET /xingrg/kc/buy/cgsh_order_operate.html?command=get_materiel&rest_code=00106&code=00101008005&supplier_code=00100007&order_time=2021-11-27 HTTP/1.1" 302 -
222.70.171.86 - - [27/Nov/2021:10:04:46 +0800] "GET /xingrg/all/function/internal_message.html?_=1637978702984&CODE_STATE=getMsg HTTP/1.1" 200 27
124.78.153.86 - - [27/Nov/2021:10:04:46 +0800] "GET /xingrg/kc/buy/cgsh_order_operate.html?command=get_materiel&rest_code=00106&code=00101008361&supplier_code=00100007&order_time=2021-11-27 HTTP/1.1" 200 408
58.37.231.44 - - [27/Nov/2021:10:04:46 +0800] "GET /xingrg/kc/buy/cgsh_order_operate.html?command=get_materiel&rest_code=00141&code=00101008257&supplier_code=00100007&order_time=2021-11-27 HTTP/1.1" 200 416
