116.238.248.233 - - [27/Nov/2021:09:24:22 +0800] "GET /xingrg/kc/buy/cgsh_order_operate.html?command=get_materiel&rest_code=00151&code=00101010711&supplier_code=00100096&order_time=2021-11-27 HTTP/1.1" 200 394
58.37.231.44 - - [27/Nov/2021:09:24:28 +0800] "GET /xingrg/all/function/internal_message.html?_=1637976092352&CODE_STATE=getMsg HTTP/1.1" 200 27
180.174.250.202 - - [27/Nov/2021:09:24:33 +0800] "POST /xingrg/kc/buy/cgsh_order_operate.html HTTP/1.1" 200 37
116.238.248.233 - - [27/Nov/2021:09:24:35 +0800] "GET /xingrg/kc/buy/cgsh_order_operate.html?command=get_materiel&rest_code=00151&code=00101016104&supplier_code=00100096&order_time=2021-11-27 HTTP/1.1" 200 410
222.70.176.97 - - [27/Nov/2021:09:24:38 +0800] "GET /xingrg/all/function/internal_message.html?_=1637976270961&CODE_STATE=getMsg HTTP/1.1" 200 27
180.174.250.202 - - [27/Nov/2021:09:24:40 +0800] "POST /xingrg/kc/buy/cgsh_order_operate.html HTTP/1.1" 200 9812
180.157.253.6 - - [27/Nov/2021:09:24:43 +0800] "GET /xingrg/all/function/internal_message.html?_=1637976281247&CODE_STATE=getMsg HTTP/1.1" 200 27
180.174.250.202 - - [27/Nov/2021:09:24:43 +0800] "GET /xingrg/all/function/internal_message.html?_=1637976277270&CODE_STATE=getMsg HTTP/1.1" 200 27
222.70.171.86 - - [27/Nov/2021:09:24:45 +0800] "GET /xingrg/all/function/internal_message.html?_=1637976302439&CODE_STATE=getMsg HTTP/1.1" 200 27
116.238.248.233 - - [27/Nov/2021:09:24:45 +0800] "GET /xingrg/kc/buy/cgsh_order_operate.html?command=get_materiel&rest_code=00151&code=00101006084&supplier_code=00100096&order_time=2021-11-27 HTTP/1.1" 200 413
180.174.250.202 - - [27/Nov/2021:09:24:51 +0800] "POST /xingrg/kc/buy/cgsh_order_operate.html HTTP/1.1" 200 37
180.157.253.6 - - [27/Nov/2021:09:24:52 +0800] "GET /xingrg/all/function/internal_message.html?_=1637976290150&CODE_STATE=getMsg HTTP/1.1" 200 27
114.85.125.222 - - [27/Nov/2021:09:24:53 +0800] "GET /xingrg/all/function/internal_message.html?_=1637976260007&CODE_STATE=getMsg HTTP/1.1" 200 27
222.70.176.97 - - [27/Nov/2021:09:24:54 +0800] "GET /xingrg/check_reg.html?_=1637976287486 HTTP/1.1" 200 22
180.174.250.202 - - [27/Nov/2021:09:24:56 +0800] "POST /xingrg/kc/buy/cgsh_order_operate.html HTTP/1.1" 200 12
180.174.250.202 - - [27/Nov/2021:09:24:58 +0800] "GET /xingrg/kc/buy/cgsh_order_info.html?code=212021112711618 HTTP/1.1" 200 59772
180.174.250.202 - - [27/Nov/2021:09:24:58 +0800] "GET /xingrg/javascript/jquery_easy_ui/themes/icons/area.png HTTP/1.1" 304 -
180.174.250.202 - - [27/Nov/2021:09:24:58 +0800] "GET /xingrg/javascript/jquery_easy_ui/themes/icons/rest.png HTTP/1.1" 304 -
180.174.250.202 - - [27/Nov/2021:09:24:59 +0800] "GET /xingrg/javascript/easyui/themes/default/validatebox.css HTTP/1.1" 404 1104
180.174.250.202 - - [27/Nov/2021:09:25:00 +0800] "POST /xingrg/kc/buy/cgsh_order_operate.html HTTP/1.1" 200 7737
180.174.250.202 - - [27/Nov/2021:09:25:03 +0800] "GET /xingrg/kc/print/load_config.html?kc_code=cgsh HTTP/1.1" 200 2281
180.174.250.202 - - [27/Nov/2021:09:25:03 +0800] "GET /xingrg/kc/print/load_data.html?order_code=212021112711618&kc_code=cgsh&condition= HTTP/1.1" 200 3386
116.238.248.233 - - [27/Nov/2021:09:25:03 +0800] "GET /xingrg/kc/buy/cgsh_order_operate.html?command=get_materiel&rest_code=00151&code=00101006088&supplier_code=00100096&order_time=2021-11-27 HTTP/1.1" 200 409
116.227.210.113 - - [27/Nov/2021:09:25:07 +0800] "GET /xingrg/all/function/internal_message.html?_=1637976301898&CODE_STATE=getMsg HTTP/1.1" 200 27
114.83.222.132 - - [27/Nov/2021:09:25:07 +0800] "GET /xingrg/all/function/internal_message.html?_=1637976304815&CODE_STATE=getMsg HTTP/1.1" 200 27
114.83.222.132 - - [27/Nov/2021:09:25:07 +0800] "GET /xingrg/check_reg.html?_=1637976304927 HTTP/1.1" 200 22
222.70.171.86 - - [27/Nov/2021:09:25:10 +0800] "GET /xingrg/all/function/internal_message.html?_=1637976330719&CODE_STATE=getMsg HTTP/1.1" 302 -
116.238.248.233 - - [27/Nov/2021:09:25:12 +0800] "GET /xingrg/all/function/internal_message.html?_=1637976307792&CODE_STATE=getMsg HTTP/1.1" 200 27
116.233.77.48 - - [27/Nov/2021:09:25:12 +0800] "GET /xingrg/all/function/internal_message.html?_=1637976308843&CODE_STATE=getMsg HTTP/1.1" 200 27
58.39.139.200 - - [27/Nov/2021:09:25:17 +0800] "GET /xingrg/all/function/internal_message.html?_=1637976249813&CODE_STATE=getMsg HTTP/1.1" 302 -
222.70.171.86 - - [27/Nov/2021:09:25:18 +0800] "GET /xingrg/all/function/internal_message.html?_=1637976335480&CODE_STATE=getMsg HTTP/1.1" 200 27
116.233.77.48 - - [27/Nov/2021:09:25:18 +0800] "POST /xingrg/kc/buy/cgsh_order_operate.html HTTP/1.1" 200 37
116.238.248.233 - - [27/Nov/2021:09:25:19 +0800] "GET /xingrg/kc/buy/cgsh_order_operate.html?command=get_materiel&rest_code=00151&code=00101006056&supplier_code=00100096&order_time=2021-11-27 HTTP/1.1" 200 23
116.238.248.233 - - [27/Nov/2021:09:25:25 +0800] "POST /xingrg/kc/buy/cgsh_order_operate.html HTTP/1.1" 200 37
116.238.248.233 - - [27/Nov/2021:09:25:27 +0800] "POST /xingrg/kc/buy/cgsh_order_operate.html HTTP/1.1" 200 8060
58.37.231.44 - - [27/Nov/2021:09:25:28 +0800] "GET /xingrg/all/function/internal_message.html?_=1637976152355&CODE_STATE=getMsg HTTP/1.1" 200 27
116.238.248.233 - - [27/Nov/2021:09:25:34 +0800] "GET /xingrg/login.html HTTP/1.1" 200 7641
116.238.248.233 - - [27/Nov/2021:09:25:34 +0800] "GET /favicon.ico HTTP/1.1" 404 -
116.233.77.48 - - [27/Nov/2021:09:25:35 +0800] "POST /xingrg/kc/buy/cgsh_order_operate.html HTTP/1.1" 200 45331
222.70.176.97 - - [27/Nov/2021:09:25:38 +0800] "GET /xingrg/all/function/internal_message.html?_=1637976330934&CODE_STATE=getMsg HTTP/1.1" 200 27
116.238.248.233 - - [27/Nov/2021:09:25:39 +0800] "POST /xingrg/login.do HTTP/1.1" 302 -
116.238.248.233 - - [27/Nov/2021:09:25:39 +0800] "GET /xingrg/index.html?sysBaseUrl=http%3A%2F%2F180.169.147.146%3A18081%2Fxingrg%2F&costTime=96×tamp=1637976339710 HTTP/1.1" 200 17177
116.238.248.233 - - [27/Nov/2021:09:25:39 +0800] "GET /favicon.ico HTTP/1.1" 404 -
116.238.248.233 - - [27/Nov/2021:09:25:40 +0800] "POST /xingrg/all/common/load_tree.html?tree=area_rest_tree_json&manage=1 HTTP/1.1" 200 476
116.238.248.233 - - [27/Nov/2021:09:25:40 +0800] "GET /xingrg/all/function/internal_message.html?_=1637976335832&CODE_STATE=count HTTP/1.1" 200 11
116.238.248.233 - - [27/Nov/2021:09:25:40 +0800] "GET /xingrg/check_reg.html?_=1637976335835 HTTP/1.1" 200 22
116.238.248.233 - - [27/Nov/2021:09:25:40 +0800] "POST /xingrg/load_menu.html HTTP/1.1" 200 5138
114.85.125.222 - - [27/Nov/2021:09:25:41 +0800] "GET /xingrg/check_reg.html?_=1637976308161 HTTP/1.1" 200 22
116.238.248.233 - - [27/Nov/2021:09:25:42 +0800] "GET /xingrg/kc/buy/cgsh_order_list.html HTTP/1.1" 200 49144
180.157.253.6 - - [27/Nov/2021:09:25:43 +0800] "GET /xingrg/all/function/internal_message.html?_=1637976341233&CODE_STATE=getMsg HTTP/1.1" 200 27
180.174.250.202 - - [27/Nov/2021:09:25:43 +0800] "GET /xingrg/all/function/internal_message.html?_=1637976337284&CODE_STATE=getMsg HTTP/1.1" 200 27
222.70.171.86 - - [27/Nov/2021:09:25:45 +0800] "GET /xingrg/all/function/internal_message.html?_=1637976362453&CODE_STATE=getMsg HTTP/1.1" 200 27
116.238.248.233 - - [27/Nov/2021:09:25:45 +0800] "POST /xingrg/kc/buy/cgsh_list_operate.html HTTP/1.1" 200 1675
116.238.248.233 - - [27/Nov/2021:09:25:47 +0800] "POST /xingrg/kc/buy/cgsh_list_operate.html HTTP/1.1" 200 571
116.238.248.233 - - [27/Nov/2021:09:25:48 +0800] "GET /xingrg/kc/buy/cgsh_order_info.html?code=212021112711619 HTTP/1.1" 200 64519
116.238.248.233 - - [27/Nov/2021:09:25:48 +0800] "GET /xingrg/javascript/easyui/themes/default/validatebox.css HTTP/1.1" 404 1104
116.238.248.233 - - [27/Nov/2021:09:25:48 +0800] "GET /xingrg/all/common/auto_word.html?type=employee&rest_code=00151 HTTP/1.1" 200 293
116.238.248.233 - - [27/Nov/2021:09:25:48 +0800] "GET /xingrg/all/common/auto_word.html?type=employee&rest_code=00151 HTTP/1.1" 200 293
116.238.248.233 - - [27/Nov/2021:09:25:49 +0800] "POST /xingrg/kc/buy/cgsh_order_operate.html HTTP/1.1" 200 8060
116.238.248.233 - - [27/Nov/2021:09:25:52 +0800] "GET /xingrg/javascript/auto/indicator.gif HTTP/1.1" 404 1066
180.157.253.6 - - [27/Nov/2021:09:25:52 +0800] "GET /xingrg/all/function/internal_message.html?_=1637976350149&CODE_STATE=getMsg HTTP/1.1" 200 27
114.85.125.222 - - [27/Nov/2021:09:25:53 +0800] "GET /xingrg/all/function/internal_message.html?_=1637976320013&CODE_STATE=getMsg HTTP/1.1" 200 27
116.238.248.233 - - [27/Nov/2021:09:25:56 +0800] "GET /xingrg/kc/buy/cgsh_order_operate.html?command=get_materiel&rest_code=00151&code=00101006056&supplier_code=00100096&order_time=2021-11-27 HTTP/1.1" 200 415
58.37.231.44 - - [27/Nov/2021:09:25:58 +0800] "GET /xingrg/check_reg.html?_=1637976182038 HTTP/1.1" 200 22
180.157.253.6 - - [27/Nov/2021:09:26:01 +0800] "GET /xingrg/check_reg.html?_=1637976358879 HTTP/1.1" 200 22
116.228.172.94 - - [27/Nov/2021:09:26:07 +0800] "GET /favicon.ico HTTP/1.1" 404 -
116.227.210.113 - - [27/Nov/2021:09:26:07 +0800] "GET /xingrg/all/function/internal_message.html?_=1637976361892&CODE_STATE=getMsg HTTP/1.1" 200 27
114.83.222.132 - - [27/Nov/2021:09:26:07 +0800] "GET /xingrg/all/function/internal_message.html?_=1637976364787&CODE_STATE=getMsg HTTP/1.1" 200 27
222.70.171.86 - - [27/Nov/2021:09:26:08 +0800] "GET /xingrg/check_reg.html?_=1637976389024 HTTP/1.1" 302 -
222.70.171.86 - - [27/Nov/2021:09:26:10 +0800] "GET /xingrg/all/function/internal_message.html?_=1637976390733&CODE_STATE=getMsg HTTP/1.1" 302 -
116.238.248.233 - - [27/Nov/2021:09:26:11 +0800] "GET /xingrg/kc/buy/cgsh_order_operate.html?command=get_materiel&rest_code=00151&code=00101006131&supplier_code=00100096&order_time=2021-11-27 HTTP/1.1" 200 419
116.233.77.48 - - [27/Nov/2021:09:26:12 +0800] "GET /xingrg/all/function/internal_message.html?_=1637976368844&CODE_STATE=getMsg HTTP/1.1" 200 27
116.228.172.94 - - [27/Nov/2021:09:26:14 +0800] "GET /xingrg/login.html HTTP/1.1" 200 7641
116.228.172.94 - - [27/Nov/2021:09:26:15 +0800] "GET /favicon.ico HTTP/1.1" 404 -
58.39.139.200 - - [27/Nov/2021:09:26:17 +0800] "GET /xingrg/all/function/internal_message.html?_=1637976309783&CODE_STATE=getMsg HTTP/1.1" 302 -
222.70.171.86 - - [27/Nov/2021:09:26:18 +0800] "GET /xingrg/all/function/internal_message.html?_=1637976395515&CODE_STATE=getMsg HTTP/1.1" 200 27
116.238.248.233 - - [27/Nov/2021:09:26:22 +0800] "GET /xingrg/kc/buy/cgsh_order_operate.html?command=get_materiel&rest_code=00151&code=00101007083&supplier_code=00100096&order_time=2021-11-27 HTTP/1.1" 200 423
58.37.231.44 - - [27/Nov/2021:09:26:28 +0800] "GET /xingrg/all/function/internal_message.html?_=1637976212332&CODE_STATE=getMsg HTTP/1.1" 200 27
116.228.172.94 - - [27/Nov/2021:09:26:29 +0800] "POST /xingrg/login.do HTTP/1.1" 302 -
116.228.172.94 - - [27/Nov/2021:09:26:29 +0800] "GET /xingrg/index.html?sysBaseUrl=http%3A%2F%2F180.169.147.146%3A18081%2Fxingrg%2F&costTime=42×tamp=1637976389433 HTTP/1.1" 200 17417
116.228.172.94 - - [27/Nov/2021:09:26:29 +0800] "GET /favicon.ico HTTP/1.1" 404 -
116.228.172.94 - - [27/Nov/2021:09:26:29 +0800] "POST /xingrg/all/common/load_tree.html?tree=area_rest_tree_json&manage=1 HTTP/1.1" 200 348
116.228.172.94 - - [27/Nov/2021:09:26:29 +0800] "GET /xingrg/all/function/internal_message.html?_=1637976267496&CODE_STATE=count HTTP/1.1" 200 11
116.228.172.94 - - [27/Nov/2021:09:26:29 +0800] "GET /xingrg/check_reg.html?_=1637976267497 HTTP/1.1" 200 22
116.228.172.94 - - [27/Nov/2021:09:26:29 +0800] "POST /xingrg/load_menu.html HTTP/1.1" 200 9959
116.228.172.94 - - [27/Nov/2021:09:26:32 +0800] "GET /xingrg/kc/main_page.html HTTP/1.1" 200 2725
116.228.172.94 - - [27/Nov/2021:09:26:32 +0800] "POST /xingrg/kc/main/get_notify_info.html HTTP/1.1" 200 112
116.228.172.94 - - [27/Nov/2021:09:26:32 +0800] "POST /xingrg/kc/main/get_notify_info.html HTTP/1.1" 200 1361
116.228.172.94 - - [27/Nov/2021:09:26:35 +0800] "GET /xingrg/kc/buy/buy_main.html HTTP/1.1" 200 12412
116.228.172.94 - - [27/Nov/2021:09:26:35 +0800] "GET /xingrg/css/new_ie.css HTTP/1.1" 404 1036
116.228.172.94 - - [27/Nov/2021:09:26:36 +0800] "GET /xingrg/images/yd/bt.gif HTTP/1.1" 404 1040
116.228.172.94 - - [27/Nov/2021:09:26:37 +0800] "GET /xingrg/kc/buy/cgsh_order_list.html HTTP/1.1" 200 49144
116.228.172.94 - - [27/Nov/2021:09:26:38 +0800] "POST /xingrg/kc/buy/cgsh_list_operate.html HTTP/1.1" 200 876
222.70.176.97 - - [27/Nov/2021:09:26:38 +0800] "GET /xingrg/all/function/internal_message.html?_=1637976390930&CODE_STATE=getMsg HTTP/1.1" 200 27
116.228.172.94 - - [27/Nov/2021:09:26:39 +0800] "GET /xingrg/kc/buy/cgsh_order_add.html HTTP/1.1" 200 63969
116.228.172.94 - - [27/Nov/2021:09:26:39 +0800] "GET /xingrg/words/20211126233806_words.js HTTP/1.1" 200 875490
116.228.172.94 - - [27/Nov/2021:09:26:39 +0800] "POST /xingrg/kc/buy/cgsh_order_operate.html HTTP/1.1" 200 8245
116.228.172.94 - - [27/Nov/2021:09:26:39 +0800] "GET /xingrg/all/common/auto_word.html?type=employee&rest_code=00153 HTTP/1.1" 200 47
116.228.172.94 - - [27/Nov/2021:09:26:39 +0800] "GET /xingrg/all/common/auto_word.html?type=employee&rest_code=00153 HTTP/1.1" 200 47
116.228.172.94 - - [27/Nov/2021:09:26:39 +0800] "GET /xingrg/javascript/easyui/themes/default/validatebox.css HTTP/1.1" 404 1104
116.238.248.233 - - [27/Nov/2021:09:26:40 +0800] "GET /xingrg/all/function/internal_message.html?_=1637976395851&CODE_STATE=getMsg HTTP/1.1" 200 27
116.228.172.94 - - [27/Nov/2021:09:26:42 +0800] "GET /xingrg/javascript/auto/indicator.gif HTTP/1.1" 404 1066
180.157.253.6 - - [27/Nov/2021:09:26:43 +0800] "GET /xingrg/all/function/internal_message.html?_=1637976401205&CODE_STATE=getMsg HTTP/1.1" 200 27
180.174.250.202 - - [27/Nov/2021:09:26:44 +0800] "GET /xingrg/all/function/internal_message.html?_=1637976397449&CODE_STATE=getMsg HTTP/1.1" 200 27
222.70.171.86 - - [27/Nov/2021:09:26:45 +0800] "GET /xingrg/all/function/internal_message.html?_=1637976422472&CODE_STATE=getMsg HTTP/1.1" 200 27
116.228.172.94 - - [27/Nov/2021:09:26:51 +0800] "GET /xingrg/javascript/jquery_tools/images/prev.gif HTTP/1.1" 404 1086
116.228.172.94 - - [27/Nov/2021:09:26:51 +0800] "GET /xingrg/javascript/jquery_tools/images/next.gif HTTP/1.1" 404 1086
180.157.253.6 - - [27/Nov/2021:09:26:52 +0800] "GET /xingrg/all/function/internal_message.html?_=1637976410148&CODE_STATE=getMsg HTTP/1.1" 200 27
114.85.125.222 - - [27/Nov/2021:09:26:53 +0800] "GET /xingrg/all/function/internal_message.html?_=1637976380026&CODE_STATE=getMsg HTTP/1.1" 200 27
116.228.172.94 - - [27/Nov/2021:09:26:59 +0800] "GET /xingrg/kc/buy/cgsh_order_operate.html?command=get_materiel&rest_code=00153&code=00101016097&supplier_code=00100049&order_time=2021-11-27 HTTP/1.1" 200 470
116.227.210.113 - - [27/Nov/2021:09:27:07 +0800] "GET /xingrg/check_reg.html?_=1637976421898 HTTP/1.1" 200 22
116.227.210.113 - - [27/Nov/2021:09:27:07 +0800] "GET /xingrg/all/function/internal_message.html?_=1637976421901&CODE_STATE=getMsg HTTP/1.1" 200 27
114.83.222.132 - - [27/Nov/2021:09:27:07 +0800] "GET /xingrg/all/function/internal_message.html?_=1637976424772&CODE_STATE=getMsg HTTP/1.1" 200 27
222.70.171.86 - - [27/Nov/2021:09:27:10 +0800] "GET /xingrg/all/function/internal_message.html?_=1637976450751&CODE_STATE=getMsg HTTP/1.1" 302 -
222.70.171.86 - - [27/Nov/2021:09:27:12 +0800] "GET /xingrg/check_reg.html?_=1637976448695 HTTP/1.1" 200 22
116.233.77.48 - - [27/Nov/2021:09:27:12 +0800] "GET /xingrg/all/function/internal_message.html?_=1637976428847&CODE_STATE=getMsg HTTP/1.1" 200 27
116.233.77.48 - - [27/Nov/2021:09:27:12 +0800] "GET /xingrg/check_reg.html?_=1637976428849 HTTP/1.1" 200 22
58.221.95.50 - - [27/Nov/2021:09:27:12 +0800] "GET /xingrg/check_reg.html?_=1637976428522 HTTP/1.1" 302 -
58.39.139.200 - - [27/Nov/2021:09:27:17 +0800] "GET /xingrg/all/function/internal_message.html?_=1637976369768&CODE_STATE=getMsg HTTP/1.1" 302 -
222.70.171.86 - - [27/Nov/2021:09:27:18 +0800] "GET /xingrg/all/function/internal_message.html?_=1637976455524&CODE_STATE=getMsg HTTP/1.1" 200 27
116.228.172.94 - - [27/Nov/2021:09:27:24 +0800] "POST /xingrg/all/common/load_select.html HTTP/1.1" 200 25
58.37.231.44 - - [27/Nov/2021:09:27:28 +0800] "GET /xingrg/all/function/internal_message.html?_=1637976272314&CODE_STATE=getMsg HTTP/1.1" 200 27
116.228.172.94 - - [27/Nov/2021:09:27:29 +0800] "GET /xingrg/kc/buy/cgsh_order_operate.html?command=get_materiel_price&rest_code=00153&code=00101016097&unit_code=00100163&supplier_code=00100049&order_time=2021-11-27 HTTP/1.1" 200 32
116.228.172.94 - - [27/Nov/2021:09:27:29 +0800] "GET /xingrg/all/function/internal_message.html?_=1637976327507&CODE_STATE=getMsg HTTP/1.1" 200 27
222.70.176.97 - - [27/Nov/2021:09:27:38 +0800] "GET /xingrg/all/function/internal_message.html?_=1637976450904&CODE_STATE=getMsg HTTP/1.1" 200 27
116.238.248.233 - - [27/Nov/2021:09:27:40 +0800] "GET /xingrg/all/function/internal_message.html?_=1637976455847&CODE_STATE=getMsg HTTP/1.1" 200 27
180.157.253.6 - - [27/Nov/2021:09:27:43 +0800] "GET /xingrg/all/function/internal_message.html?_=1637976461175&CODE_STATE=getMsg HTTP/1.1" 200 27
180.174.250.202 - - [27/Nov/2021:09:27:44 +0800] "GET /xingrg/all/function/internal_message.html?_=1637976457451&CODE_STATE=getMsg HTTP/1.1" 200 27
222.70.171.86 - - [27/Nov/2021:09:27:45 +0800] "GET /xingrg/all/function/internal_message.html?_=1637976482480&CODE_STATE=getMsg HTTP/1.1" 200 27
116.228.172.94 - - [27/Nov/2021:09:27:46 +0800] "POST /xingrg/kc/buy/cgsh_order_operate.html HTTP/1.1" 200 37
116.227.210.113 - - [27/Nov/2021:09:27:50 +0800] "GET /xingrg/kc/buy/cgsh_order_add.html HTTP/1.1" 200 64843
116.227.210.113 - - [27/Nov/2021:09:27:50 +0800] "GET /xingrg/words/20211126233806_words.js HTTP/1.1" 200 875490
116.228.172.94 - - [27/Nov/2021:09:27:50 +0800] "POST /xingrg/kc/buy/cgsh_order_operate.html HTTP/1.1" 200 12
116.227.210.113 - - [27/Nov/2021:09:27:50 +0800] "POST /xingrg/kc/buy/cgsh_order_operate.html HTTP/1.1" 200 8245
116.227.210.113 - - [27/Nov/2021:09:27:50 +0800] "GET /xingrg/all/common/auto_word.html?type=employee&rest_code=00155 HTTP/1.1" 200 205
116.227.210.113 - - [27/Nov/2021:09:27:50 +0800] "GET /xingrg/javascript/easyui/themes/default/validatebox.css HTTP/1.1" 404 1104
116.227.210.113 - - [27/Nov/2021:09:27:50 +0800] "GET /xingrg/all/common/auto_word.html?type=employee&rest_code=00155 HTTP/1.1" 200 205
180.157.253.6 - - [27/Nov/2021:09:27:52 +0800] "GET /xingrg/all/function/internal_message.html?_=1637976470163&CODE_STATE=getMsg HTTP/1.1" 200 27
180.157.253.6 - - [27/Nov/2021:09:27:52 +0800] "GET /xingrg/check_reg.html?_=1637976470165 HTTP/1.1" 200 22
116.228.172.94 - - [27/Nov/2021:09:27:52 +0800] "GET /xingrg/kc/buy/cgsh_order_info.html?code=212021112711620 HTTP/1.1" 200 58876
116.228.172.94 - - [27/Nov/2021:09:27:52 +0800] "GET /xingrg/javascript/easyui/themes/default/validatebox.css HTTP/1.1" 404 1104
114.85.125.222 - - [27/Nov/2021:09:27:53 +0800] "GET /xingrg/all/function/internal_message.html?_=1637976440046&CODE_STATE=getMsg HTTP/1.1" 200 27
116.228.172.94 - - [27/Nov/2021:09:27:56 +0800] "POST /xingrg/kc/buy/cgsh_order_operate.html HTTP/1.1" 200 15
180.157.253.6 - - [27/Nov/2021:09:27:56 +0800] "POST /xingrg/kc/buy/cgsh_order_operate.html HTTP/1.1" 200 37
116.238.248.233 - - [27/Nov/2021:09:27:59 +0800] "POST /xingrg/kc/buy/cgsh_order_operate.html HTTP/1.1" 200 37
180.157.253.6 - - [27/Nov/2021:09:27:59 +0800] "POST /xingrg/kc/buy/cgsh_order_operate.html HTTP/1.1" 200 41662
180.157.253.6 - - [27/Nov/2021:09:28:01 +0800] "GET /xingrg/kc/print/load_config.html?kc_code=cgsh HTTP/1.1" 200 2281
180.157.253.6 - - [27/Nov/2021:09:28:01 +0800] "GET /xingrg/kc/print/load_data.html?order_code=212021112711600&kc_code=cgsh&condition= HTTP/1.1" 200 15388
116.238.248.233 - - [27/Nov/2021:09:28:02 +0800] "POST /xingrg/kc/buy/cgsh_order_operate.html HTTP/1.1" 200 12
116.227.210.113 - - [27/Nov/2021:09:28:02 +0800] "GET /xingrg/javascript/auto/indicator.gif HTTP/1.1" 404 1066
116.238.248.233 - - [27/Nov/2021:09:28:04 +0800] "GET /xingrg/kc/buy/cgsh_order_info.html?code=212021112711619 HTTP/1.1" 200 59419
116.238.248.233 - - [27/Nov/2021:09:28:04 +0800] "GET /xingrg/javascript/easyui/themes/default/validatebox.css HTTP/1.1" 404 1104
116.228.172.94 - - [27/Nov/2021:09:28:04 +0800] "GET /xingrg/index.html?sysBaseUrl=http%3A%2F%2F180.169.147.146%3A18081%2Fxingrg%2F&costTime=42×tamp=1637976389433 HTTP/1.1" 200 17417
116.228.172.94 - - [27/Nov/2021:09:28:04 +0800] "GET /xingrg/javascript/jquery_easy_ui/themes/default/easyui.css HTTP/1.1" 304 -
116.228.172.94 - - [27/Nov/2021:09:28:04 +0800] "GET /xingrg/javascript/jquery_easy_ui/themes/icon.css HTTP/1.1" 304 -
116.228.172.94 - - [27/Nov/2021:09:28:05 +0800] "GET /xingrg/css/form.css HTTP/1.1" 304 -
116.228.172.94 - - [27/Nov/2021:09:28:05 +0800] "GET /xingrg/javascript/jquery-1.4.2.min.js HTTP/1.1" 304 -
116.228.172.94 - - [27/Nov/2021:09:28:05 +0800] "GET /xingrg/javascript/jquery_easy_ui/jquery.easyui.min.js HTTP/1.1" 304 -
116.238.248.233 - - [27/Nov/2021:09:28:05 +0800] "POST /xingrg/kc/buy/cgsh_order_operate.html HTTP/1.1" 200 7774
116.228.172.94 - - [27/Nov/2021:09:28:05 +0800] "GET /xingrg/javascript/jquery_easy_ui/easyui-lang-zh_CN.js HTTP/1.1" 304 -
116.228.172.94 - - [27/Nov/2021:09:28:05 +0800] "GET /xingrg/javascript/jquery.form.js HTTP/1.1" 304 -
116.228.172.94 - - [27/Nov/2021:09:28:05 +0800] "GET /xingrg/javascript/jquery.utils.js HTTP/1.1" 304 -
116.228.172.94 - - [27/Nov/2021:09:28:05 +0800] "GET /xingrg/javascript/jquery.timers.js HTTP/1.1" 304 -
116.228.172.94 - - [27/Nov/2021:09:28:05 +0800] "GET /xingrg/images/blue/jxLogo.png HTTP/1.1" 304 -
116.228.172.94 - - [27/Nov/2021:09:28:05 +0800] "GET /xingrg/javascript/jquery_easy_ui/themes/icons/settle_new.png HTTP/1.1" 304 -
116.228.172.94 - - [27/Nov/2021:09:28:05 +0800] "GET /xingrg/images/blue/navBackgound.jpg HTTP/1.1" 304 -
116.227.210.113 - - [27/Nov/2021:09:28:05 +0800] "GET /xingrg/javascript/jquery_tools/images/prev.gif HTTP/1.1" 404 1086
116.227.210.113 - - [27/Nov/2021:09:28:05 +0800] "GET /xingrg/javascript/jquery_tools/images/next.gif HTTP/1.1" 404 1086
116.228.172.94 - - [27/Nov/2021:09:28:05 +0800] "POST /xingrg/all/common/load_tree.html?tree=area_rest_tree_json&manage=1 HTTP/1.1" 200 348
116.228.172.94 - - [27/Nov/2021:09:28:05 +0800] "GET /xingrg/all/function/internal_message.html?_=1637976362897&CODE_STATE=count HTTP/1.1" 200 11
116.228.172.94 - - [27/Nov/2021:09:28:05 +0800] "GET /xingrg/check_reg.html?_=1637976362898 HTTP/1.1" 200 22
116.228.172.94 - - [27/Nov/2021:09:28:05 +0800] "GET /xingrg/javascript/jquery_easy_ui/themes/default/images/tabs_rightarrow.png HTTP/1.1" 304 -
116.228.172.94 - - [27/Nov/2021:09:28:05 +0800] "GET /xingrg/images/blue/pingpu.png HTTP/1.1" 304 -
116.228.172.94 - - [27/Nov/2021:09:28:05 +0800] "GET /xingrg/javascript/jquery_easy_ui/themes/default/images/panel_tool_expand.gif HTTP/1.1" 304 -
116.228.172.94 - - [27/Nov/2021:09:28:05 +0800] "GET /xingrg/javascript/jquery_easy_ui/themes/default/images/tabs_leftarrow.png HTTP/1.1" 304 -
116.228.172.94 - - [27/Nov/2021:09:28:05 +0800] "GET /xingrg/javascript/jquery_easy_ui/themes/default/images/panel_tool_collapse.gif HTTP/1.1" 304 -
116.228.172.94 - - [27/Nov/2021:09:28:05 +0800] "POST /xingrg/load_menu.html HTTP/1.1" 200 9959
116.238.248.233 - - [27/Nov/2021:09:28:06 +0800] "GET /xingrg/kc/print/load_config.html?kc_code=cgsh HTTP/1.1" 200 2281
116.238.248.233 - - [27/Nov/2021:09:28:06 +0800] "GET /xingrg/kc/print/load_data.html?order_code=212021112711619&kc_code=cgsh&condition= HTTP/1.1" 200 3437
116.228.172.94 - - [27/Nov/2021:09:28:06 +0800] "GET /xingrg/kc/buy/buy_main.html HTTP/1.1" 200 12412
116.228.172.94 - - [27/Nov/2021:09:28:06 +0800] "GET /xingrg/css/new_ie.css HTTP/1.1" 404 1036
180.174.250.202 - - [27/Nov/2021:09:28:07 +0800] "GET /xingrg/kc/buy/cgsh_order_add.html HTTP/1.1" 200 64875
116.227.210.113 - - [27/Nov/2021:09:28:07 +0800] "GET /xingrg/all/function/internal_message.html?_=1637976481893&CODE_STATE=getMsg HTTP/1.1" 200 27
114.83.222.132 - - [27/Nov/2021:09:28:07 +0800] "GET /xingrg/all/function/internal_message.html?_=1637976484768&CODE_STATE=getMsg HTTP/1.1" 200 27
116.228.172.94 - - [27/Nov/2021:09:28:07 +0800] "GET /xingrg/images/yd/bt.gif HTTP/1.1" 404 1040
116.228.172.94 - - [27/Nov/2021:09:28:08 +0800] "GET /xingrg/kc/buy/cgsh_order_list.html HTTP/1.1" 200 49144
116.228.172.94 - - [27/Nov/2021:09:28:08 +0800] "POST /xingrg/kc/buy/cgsh_list_operate.html HTTP/1.1" 200 876
180.174.250.202 - - [27/Nov/2021:09:28:09 +0800] "POST /xingrg/kc/buy/cgsh_order_operate.html HTTP/1.1" 200 8245
180.174.250.202 - - [27/Nov/2021:09:28:09 +0800] "GET /xingrg/javascript/easyui/themes/default/validatebox.css HTTP/1.1" 404 1104
222.70.171.86 - - [27/Nov/2021:09:28:10 +0800] "GET /xingrg/all/function/internal_message.html?_=1637976510760&CODE_STATE=getMsg HTTP/1.1" 302 -
116.233.77.48 - - [27/Nov/2021:09:28:12 +0800] "GET /xingrg/all/function/internal_message.html?_=1637976488849&CODE_STATE=getMsg HTTP/1.1" 200 27
116.238.248.233 - - [27/Nov/2021:09:28:12 +0800] "POST /xingrg/all/user/operate.html HTTP/1.1" 200 36
116.238.248.233 - - [27/Nov/2021:09:28:13 +0800] "GET /xingrg/index.html?sysBaseUrl=http%3A%2F%2F180.169.147.146%3A18081%2Fxingrg%2F&costTime=96×tamp=1637976339710 HTTP/1.1" 200 17179
116.238.248.233 - - [27/Nov/2021:09:28:13 +0800] "GET /xingrg/javascript/jquery_easy_ui/themes/default/easyui.css HTTP/1.1" 304 -
116.238.248.233 - - [27/Nov/2021:09:28:13 +0800] "GET /xingrg/javascript/jquery_easy_ui/themes/icon.css HTTP/1.1" 304 -
116.238.248.233 - - [27/Nov/2021:09:28:13 +0800] "GET /xingrg/css/form.css HTTP/1.1" 304 -
116.238.248.233 - - [27/Nov/2021:09:28:13 +0800] "GET /xingrg/javascript/jquery-1.4.2.min.js HTTP/1.1" 304 -
116.238.248.233 - - [27/Nov/2021:09:28:13 +0800] "GET /xingrg/javascript/jquery_easy_ui/jquery.easyui.min.js HTTP/1.1" 304 -
116.238.248.233 - - [27/Nov/2021:09:28:13 +0800] "GET /xingrg/javascript/jquery_easy_ui/easyui-lang-zh_CN.js HTTP/1.1" 304 -
116.238.248.233 - - [27/Nov/2021:09:28:13 +0800] "GET /xingrg/javascript/jquery.form.js HTTP/1.1" 304 -
116.238.248.233 - - [27/Nov/2021:09:28:13 +0800] "GET /xingrg/javascript/jquery.utils.js HTTP/1.1" 304 -
116.238.248.233 - - [27/Nov/2021:09:28:13 +0800] "GET /xingrg/javascript/jquery.timers.js HTTP/1.1" 304 -
116.238.248.233 - - [27/Nov/2021:09:28:13 +0800] "GET /xingrg/images/blue/jxLogo.png HTTP/1.1" 304 -
116.238.248.233 - - [27/Nov/2021:09:28:13 +0800] "GET /xingrg/javascript/jquery_easy_ui/themes/icons/settle_new.png HTTP/1.1" 304 -
116.238.248.233 - - [27/Nov/2021:09:28:13 +0800] "GET /xingrg/images/blue/navBackgound.jpg HTTP/1.1" 304 -
116.238.248.233 - - [27/Nov/2021:09:28:13 +0800] "POST /xingrg/all/common/load_tree.html?tree=area_rest_tree_json&manage=1 HTTP/1.1" 200 476
116.238.248.233 - - [27/Nov/2021:09:28:13 +0800] "GET /xingrg/all/function/internal_message.html?_=1637976489094&CODE_STATE=count HTTP/1.1" 200 11
116.238.248.233 - - [27/Nov/2021:09:28:13 +0800] "GET /xingrg/check_reg.html?_=1637976489096 HTTP/1.1" 200 22
116.238.248.233 - - [27/Nov/2021:09:28:13 +0800] "GET /xingrg/javascript/jquery_easy_ui/themes/default/images/tabs_leftarrow.png HTTP/1.1" 304 -
116.238.248.233 - - [27/Nov/2021:09:28:13 +0800] "GET /xingrg/javascript/jquery_easy_ui/themes/default/images/tabs_rightarrow.png HTTP/1.1" 304 -
116.238.248.233 - - [27/Nov/2021:09:28:13 +0800] "GET /xingrg/images/blue/pingpu.png HTTP/1.1" 304 -
116.238.248.233 - - [27/Nov/2021:09:28:13 +0800] "GET /xingrg/javascript/jquery_easy_ui/themes/default/images/panel_tool_collapse.gif HTTP/1.1" 304 -
116.238.248.233 - - [27/Nov/2021:09:28:13 +0800] "POST /xingrg/load_menu.html HTTP/1.1" 200 5138
116.228.172.94 - - [27/Nov/2021:09:28:16 +0800] "POST /xingrg/kc/buy/cgsh_list_operate.html HTTP/1.1" 200 1701
58.39.139.200 - - [27/Nov/2021:09:28:17 +0800] "GET /xingrg/all/function/internal_message.html?_=1637976429751&CODE_STATE=getMsg HTTP/1.1" 302 -
116.228.172.94 - - [27/Nov/2021:09:28:17 +0800] "POST /xingrg/kc/buy/cgsh_list_operate.html HTTP/1.1" 200 213
116.228.172.94 - - [27/Nov/2021:09:28:17 +0800] "GET /xingrg/kc/buy/cgsh_order_info.html?code=212021112711620 HTTP/1.1" 200 58876
116.228.172.94 - - [27/Nov/2021:09:28:18 +0800] "GET /xingrg/javascript/easyui/themes/default/validatebox.css HTTP/1.1" 404 1104
222.70.171.86 - - [27/Nov/2021:09:28:18 +0800] "GET /xingrg/all/function/internal_message.html?_=1637976515537&CODE_STATE=getMsg HTTP/1.1" 200 27
116.228.172.94 - - [27/Nov/2021:09:28:18 +0800] "POST /xingrg/kc/buy/cgsh_order_operate.html HTTP/1.1" 200 638
116.228.172.94 - - [27/Nov/2021:09:28:20 +0800] "GET /xingrg/kc/print/load_config.html?kc_code=cgsh HTTP/1.1" 200 2281
116.228.172.94 - - [27/Nov/2021:09:28:20 +0800] "GET /xingrg/kc/print/load_data.html?order_code=212021112711620&kc_code=cgsh&condition= HTTP/1.1" 200 767
116.238.248.233 - - [27/Nov/2021:09:28:24 +0800] "GET /xingrg/kc/buy/cgsh_order_list.html HTTP/1.1" 200 49146
116.238.248.233 - - [27/Nov/2021:09:28:26 +0800] "POST /xingrg/kc/buy/cgsh_list_operate.html HTTP/1.1" 200 2053
180.174.250.202 - - [27/Nov/2021:09:28:27 +0800] "GET /xingrg/javascript/easyui/plugins/jquery.draggable.js HTTP/1.1" 200 6121
180.174.250.202 - - [27/Nov/2021:09:28:27 +0800] "GET /xingrg/css/images/panel_loading.gif HTTP/1.1" 200 1737
180.174.250.202 - - [27/Nov/2021:09:28:27 +0800] "GET /xingrg/javascript/easyui/plugins/jquery.droppable.js HTTP/1.1" 200 1167
180.174.250.202 - - [27/Nov/2021:09:28:27 +0800] "GET /xingrg/javascript/easyui/themes/default/tree.css HTTP/1.1" 404 1090
180.174.250.202 - - [27/Nov/2021:09:28:27 +0800] "GET /xingrg/javascript/easyui/plugins/jquery.tree.js HTTP/1.1" 200 20874
116.238.248.233 - - [27/Nov/2021:09:28:28 +0800] "POST /xingrg/kc/buy/cgsh_list_operate.html HTTP/1.1" 200 585
180.174.250.202 - - [27/Nov/2021:09:28:28 +0800] "POST /xingrg/all/common/load_tree.html?tree=supplier_tree_json&isDelete=1 HTTP/1.1" 200 60555
58.37.231.44 - - [27/Nov/2021:09:28:28 +0800] "GET /xingrg/all/function/internal_message.html?_=1637976332282&CODE_STATE=getMsg HTTP/1.1" 200 27
116.238.248.233 - - [27/Nov/2021:09:28:29 +0800] "GET /xingrg/kc/buy/cgsh_order_info.html?code=212021112711607 HTTP/1.1" 200 64808
116.238.248.233 - - [27/Nov/2021:09:28:29 +0800] "GET /xingrg/all/common/auto_word.html?type=employee&rest_code=00150 HTTP/1.1" 200 159
116.238.248.233 - - [27/Nov/2021:09:28:29 +0800] "GET /xingrg/all/common/auto_word.html?type=employee&rest_code=00150 HTTP/1.1" 200 159
116.238.248.233 - - [27/Nov/2021:09:28:29 +0800] "GET /xingrg/javascript/easyui/themes/default/validatebox.css HTTP/1.1" 404 1104
116.238.248.233 - - [27/Nov/2021:09:28:30 +0800] "POST /xingrg/kc/buy/cgsh_order_operate.html HTTP/1.1" 200 6215
180.174.250.202 - - [27/Nov/2021:09:28:30 +0800] "GET /xingrg/javascript/easyui/themes/default/images/tree_arrows.gif HTTP/1.1" 200 617
180.174.250.202 - - [27/Nov/2021:09:28:30 +0800] "GET /xingrg/javascript/easyui/themes/default/images/tree_folder_open.gif HTTP/1.1" 200 956
180.174.250.202 - - [27/Nov/2021:09:28:31 +0800] "GET /xingrg/javascript/easyui/themes/default/images/tree_file.gif HTTP/1.1" 200 118
180.174.250.202 - - [27/Nov/2021:09:28:31 +0800] "GET /xingrg/javascript/easyui/themes/default/images/tree_folder.gif HTTP/1.1" 200 952
116.238.248.233 - - [27/Nov/2021:09:28:33 +0800] "POST /xingrg/kc/buy/cgsh_order_operate.html HTTP/1.1" 200 37
116.238.248.233 - - [27/Nov/2021:09:28:37 +0800] "POST /xingrg/kc/buy/cgsh_order_operate.html HTTP/1.1" 200 12
222.70.176.97 - - [27/Nov/2021:09:28:38 +0800] "GET /xingrg/all/function/internal_message.html?_=1637976510889&CODE_STATE=getMsg HTTP/1.1" 200 27
116.238.248.233 - - [27/Nov/2021:09:28:38 +0800] "GET /xingrg/kc/buy/cgsh_order_info.html?code=212021112711607 HTTP/1.1" 200 59708
116.238.248.233 - - [27/Nov/2021:09:28:38 +0800] "GET /xingrg/javascript/easyui/themes/default/validatebox.css HTTP/1.1" 404 1104
116.238.248.233 - - [27/Nov/2021:09:28:39 +0800] "POST /xingrg/kc/buy/cgsh_order_operate.html HTTP/1.1" 200 4162
116.238.248.233 - - [27/Nov/2021:09:28:40 +0800] "GET /xingrg/kc/print/load_data.html?order_code=212021112711607&kc_code=cgsh&condition= HTTP/1.1" 200 2068
180.157.253.6 - - [27/Nov/2021:09:28:43 +0800] "GET /xingrg/all/function/internal_message.html?_=1637976521160&CODE_STATE=getMsg HTTP/1.1" 200 27
180.174.250.202 - - [27/Nov/2021:09:28:43 +0800] "GET /xingrg/check_reg.html?_=1637976517035 HTTP/1.1" 200 22
180.174.250.202 - - [27/Nov/2021:09:28:44 +0800] "GET /xingrg/all/function/internal_message.html?_=1637976517466&CODE_STATE=getMsg HTTP/1.1" 200 27
222.70.171.86 - - [27/Nov/2021:09:28:45 +0800] "GET /xingrg/check_reg.html?_=1637976541860 HTTP/1.1" 200 22
116.238.248.233 - - [27/Nov/2021:09:28:45 +0800] "POST /xingrg/kc/buy/cgsh_list_operate.html HTTP/1.1" 200 583
222.70.171.86 - - [27/Nov/2021:09:28:45 +0800] "GET /xingrg/all/function/internal_message.html?_=1637976542494&CODE_STATE=getMsg HTTP/1.1" 200 27
116.238.248.233 - - [27/Nov/2021:09:28:47 +0800] "GET /xingrg/kc/buy/cgsh_order_info.html?code=212021112711605 HTTP/1.1" 200 64808
116.238.248.233 - - [27/Nov/2021:09:28:47 +0800] "GET /xingrg/javascript/easyui/themes/default/validatebox.css HTTP/1.1" 404 1104
116.238.248.233 - - [27/Nov/2021:09:28:48 +0800] "POST /xingrg/kc/buy/cgsh_order_operate.html HTTP/1.1" 200 25775
180.157.253.6 - - [27/Nov/2021:09:28:52 +0800] "GET /xingrg/all/function/internal_message.html?_=1637976530160&CODE_STATE=getMsg HTTP/1.1" 200 27
116.233.77.48 - - [27/Nov/2021:09:28:52 +0800] "POST /xingrg/kc/buy/cgsh_order_operate.html HTTP/1.1" 200 37
114.85.125.222 - - [27/Nov/2021:09:28:53 +0800] "GET /xingrg/all/function/internal_message.html?_=1637976500054&CODE_STATE=getMsg HTTP/1.1" 200 27
116.233.77.48 - - [27/Nov/2021:09:28:57 +0800] "POST /xingrg/kc/buy/cgsh_order_operate.html HTTP/1.1" 200 45331
116.233.77.48 - - [27/Nov/2021:09:29:00 +0800] "GET /xingrg/kc/print/load_config.html?kc_code=cgsh HTTP/1.1" 200 2281
116.233.77.48 - - [27/Nov/2021:09:29:01 +0800] "GET /xingrg/kc/print/load_data.html?order_code=212021112711604&kc_code=cgsh&condition= HTTP/1.1" 200 16873
116.228.172.94 - - [27/Nov/2021:09:29:05 +0800] "GET /xingrg/all/function/internal_message.html?_=1637976422916&CODE_STATE=getMsg HTTP/1.1" 200 27
116.227.210.113 - - [27/Nov/2021:09:29:07 +0800] "GET /xingrg/all/function/internal_message.html?_=1637976541887&CODE_STATE=getMsg HTTP/1.1" 200 27
114.83.222.132 - - [27/Nov/2021:09:29:07 +0800] "GET /xingrg/all/function/internal_message.html?_=1637976544757&CODE_STATE=getMsg HTTP/1.1" 200 27
222.70.171.86 - - [27/Nov/2021:09:29:10 +0800] "GET /xingrg/all/function/internal_message.html?_=1637976570782&CODE_STATE=getMsg HTTP/1.1" 302 -
116.233.77.48 - - [27/Nov/2021:09:29:12 +0800] "GET /xingrg/all/function/internal_message.html?_=1637976548851&CODE_STATE=getMsg HTTP/1.1" 200 27
116.238.248.233 - - [27/Nov/2021:09:29:13 +0800] "GET /xingrg/all/function/internal_message.html?_=1637976549120&CODE_STATE=getMsg HTTP/1.1" 200 27
58.39.139.200 - - [27/Nov/2021:09:29:16 +0800] "GET /xingrg/all/function/internal_message.html?_=1637976489734&CODE_STATE=getMsg HTTP/1.1" 302 -
58.39.139.200 - - [27/Nov/2021:09:29:17 +0800] "GET /xingrg/check_reg.html?_=1637976490031 HTTP/1.1" 302 -
116.227.210.113 - - [27/Nov/2021:09:29:18 +0800] "GET /xingrg/kc/buy/cgsh_order_operate.html?command=get_materiel&rest_code=00155&code=00101001075&supplier_code=00100199&order_time=2021-11-27 HTTP/1.1" 200 409
222.70.171.86 - - [27/Nov/2021:09:29:18 +0800] "GET /xingrg/all/function/internal_message.html?_=1637976575572&CODE_STATE=getMsg HTTP/1.1" 200 27
58.37.231.44 - - [27/Nov/2021:09:29:28 +0800] "GET /xingrg/all/function/internal_message.html?_=1637976392258&CODE_STATE=getMsg HTTP/1.1" 200 27
222.70.176.97 - - [27/Nov/2021:09:29:37 +0800] "GET /xingrg/all/function/internal_message.html?_=1637976570875&CODE_STATE=getMsg HTTP/1.1" 200 27
116.227.210.113 - - [27/Nov/2021:09:29:38 +0800] "GET /xingrg/kc/buy/cgsh_order_operate.html?command=get_materiel&rest_code=00155&code=00101002027&supplier_code=00100199&order_time=2021-11-27 HTTP/1.1" 200 433
180.174.250.202 - - [27/Nov/2021:09:29:39 +0800] "GET /xingrg/kc/buy/cgsh_order_operate.html?command=get_materiel&rest_code=00102&code=00101002027&supplier_code=00100400&order_time=2021-11-27 HTTP/1.1" 200 433
180.157.253.6 - - [27/Nov/2021:09:29:43 +0800] "GET /xingrg/all/function/internal_message.html?_=1637976581145&CODE_STATE=getMsg HTTP/1.1" 200 27
180.174.250.202 - - [27/Nov/2021:09:29:44 +0800] "GET /xingrg/all/function/internal_message.html?_=1637976577479&CODE_STATE=getMsg HTTP/1.1" 200 27
222.70.171.86 - - [27/Nov/2021:09:29:45 +0800] "GET /xingrg/all/function/internal_message.html?_=1637976602509&CODE_STATE=getMsg HTTP/1.1" 200 27
116.227.210.113 - - [27/Nov/2021:09:29:50 +0800] "GET /xingrg/kc/buy/cgsh_order_operate.html?command=get_materiel&rest_code=00155&code=00101002006&supplier_code=00100199&order_time=2021-11-27 HTTP/1.1" 200 414
180.157.253.6 - - [27/Nov/2021:09:29:52 +0800] "GET /xingrg/all/function/internal_message.html?_=1637976590171&CODE_STATE=getMsg HTTP/1.1" 200 27
114.85.125.222 - - [27/Nov/2021:09:29:53 +0800] "GET /xingrg/all/function/internal_message.html?_=1637976560076&CODE_STATE=getMsg HTTP/1.1" 200 27
180.174.250.202 - - [27/Nov/2021:09:29:53 +0800] "GET /xingrg/kc/buy/cgsh_order_operate.html?command=get_materiel&rest_code=00102&code=00101001075&supplier_code=00100400&order_time=2021-11-27 HTTP/1.1" 200 409
222.70.176.97 - - [27/Nov/2021:09:29:54 +0800] "GET /xingrg/check_reg.html?_=1637976587491 HTTP/1.1" 200 22
116.228.172.94 - - [27/Nov/2021:09:30:05 +0800] "GET /xingrg/all/function/internal_message.html?_=1637976482920&CODE_STATE=getMsg HTTP/1.1" 200 27
116.227.210.113 - - [27/Nov/2021:09:30:07 +0800] "GET /xingrg/all/function/internal_message.html?_=1637976601887&CODE_STATE=getMsg HTTP/1.1" 200 27
114.83.222.132 - - [27/Nov/2021:09:30:07 +0800] "GET /xingrg/all/function/internal_message.html?_=1637976604735&CODE_STATE=getMsg HTTP/1.1" 200 27
114.83.222.132 - - [27/Nov/2021:09:30:07 +0800] "GET /xingrg/check_reg.html?_=1637976604940 HTTP/1.1" 200 22
222.70.171.86 - - [27/Nov/2021:09:30:10 +0800] "GET /xingrg/all/function/internal_message.html?_=1637976630787&CODE_STATE=getMsg HTTP/1.1" 302 -
180.174.250.202 - - [27/Nov/2021:09:30:10 +0800] "GET /xingrg/kc/buy/cgsh_order_operate.html?command=get_materiel&rest_code=00102&code=00101001009&supplier_code=00100400&order_time=2021-11-27 HTTP/1.1" 200 411
116.233.77.48 - - [27/Nov/2021:09:30:12 +0800] "GET /xingrg/all/function/internal_message.html?_=1637976608853&CODE_STATE=getMsg HTTP/1.1" 200 27
116.238.248.233 - - [27/Nov/2021:09:30:13 +0800] "GET /xingrg/all/function/internal_message.html?_=1637976609303&CODE_STATE=getMsg HTTP/1.1" 200 27
58.39.139.200 - - [27/Nov/2021:09:30:16 +0800] "GET /xingrg/all/function/internal_message.html?_=1637976549717&CODE_STATE=getMsg HTTP/1.1" 302 -
222.70.171.86 - - [27/Nov/2021:09:30:18 +0800] "GET /xingrg/all/function/internal_message.html?_=1637976635580&CODE_STATE=getMsg HTTP/1.1" 200 27
58.37.231.44 - - [27/Nov/2021:09:30:28 +0800] "GET /xingrg/all/function/internal_message.html?_=1637976452226&CODE_STATE=getMsg HTTP/1.1" 200 27
116.227.210.113 - - [27/Nov/2021:09:30:33 +0800] "POST /xingrg/kc/buy/cgsh_order_operate.html HTTP/1.1" 200 37
180.174.250.202 - - [27/Nov/2021:09:30:36 +0800] "GET /xingrg/kc/buy/cgsh_order_operate.html?command=get_materiel&rest_code=00102&code=00101005037&supplier_code=00100400&order_time=2021-11-27 HTTP/1.1" 200 409
116.227.210.113 - - [27/Nov/2021:09:30:36 +0800] "POST /xingrg/kc/buy/cgsh_order_operate.html HTTP/1.1" 200 3839
222.70.176.97 - - [27/Nov/2021:09:30:37 +0800] "GET /xingrg/all/function/internal_message.html?_=1637976630845&CODE_STATE=getMsg HTTP/1.1" 200 27
116.227.210.113 - - [27/Nov/2021:09:30:40 +0800] "GET /xingrg/kc/print/load_config.html?kc_code=cgsh HTTP/1.1" 200 2281
116.227.210.113 - - [27/Nov/2021:09:30:40 +0800] "GET /xingrg/kc/print/load_data.html?order_code=212021112711621&kc_code=cgsh&condition= HTTP/1.1" 200 1124
114.85.125.222 - - [27/Nov/2021:09:30:41 +0800] "GET /xingrg/check_reg.html?_=1637976608162 HTTP/1.1" 200 22
180.157.253.6 - - [27/Nov/2021:09:30:43 +0800] "GET /xingrg/all/function/internal_message.html?_=1637976641130&CODE_STATE=getMsg HTTP/1.1" 200 27
180.174.250.202 - - [27/Nov/2021:09:30:44 +0800] "GET /xingrg/all/function/internal_message.html?_=1637976637883&CODE_STATE=getMsg HTTP/1.1" 200 27
222.70.171.86 - - [27/Nov/2021:09:30:45 +0800] "GET /xingrg/all/function/internal_message.html?_=1637976662522&CODE_STATE=getMsg HTTP/1.1" 200 27
116.227.210.113 - - [27/Nov/2021:09:30:48 +0800] "GET /xingrg/kc/buy/cgsh_order_add.html HTTP/1.1" 200 64843
116.227.210.113 - - [27/Nov/2021:09:30:48 +0800] "POST /xingrg/kc/buy/cgsh_order_operate.html HTTP/1.1" 200 8245
116.227.210.113 - - [27/Nov/2021:09:30:48 +0800] "GET /xingrg/javascript/easyui/themes/default/validatebox.css HTTP/1.1" 404 1104
180.174.250.202 - - [27/Nov/2021:09:30:50 +0800] "GET /xingrg/javascript/easyui/themes/default/images/button_plain_hover.png HTTP/1.1" 200 144
180.157.253.6 - - [27/Nov/2021:09:30:52 +0800] "GET /xingrg/all/function/internal_message.html?_=1637976650171&CODE_STATE=getMsg HTTP/1.1" 200 27
114.85.125.222 - - [27/Nov/2021:09:30:53 +0800] "GET /xingrg/all/function/internal_message.html?_=1637976620083&CODE_STATE=getMsg HTTP/1.1" 200 27
180.174.250.202 - - [27/Nov/2021:09:30:54 +0800] "POST /xingrg/kc/buy/cgsh_order_operate.html HTTP/1.1" 200 37
58.37.231.44 - - [27/Nov/2021:09:30:58 +0800] "GET /xingrg/check_reg.html?_=1637976482036 HTTP/1.1" 200 22
180.174.250.202 - - [27/Nov/2021:09:31:00 +0800] "POST /xingrg/kc/buy/cgsh_order_operate.html HTTP/1.1" 200 12
180.157.253.6 - - [27/Nov/2021:09:31:01 +0800] "GET /xingrg/check_reg.html?_=1637976658871 HTTP/1.1" 200 22
116.238.248.233 - - [27/Nov/2021:09:31:03 +0800] "POST /xingrg/kc/buy/cgsh_order_operate.html HTTP/1.1" 200 37
116.228.172.94 - - [27/Nov/2021:09:31:05 +0800] "GET /xingrg/all/function/internal_message.html?_=1637976542914&CODE_STATE=getMsg HTTP/1.1" 200 27
116.238.248.233 - - [27/Nov/2021:09:31:06 +0800] "POST /xingrg/kc/buy/cgsh_order_operate.html HTTP/1.1" 200 12
180.174.250.202 - - [27/Nov/2021:09:31:06 +0800] "GET /xingrg/kc/buy/cgsh_order_info.html?code=212021112711622 HTTP/1.1" 200 59780
180.174.250.202 - - [27/Nov/2021:09:31:06 +0800] "GET /xingrg/css/base.css HTTP/1.1" 200 2811
180.174.250.202 - - [27/Nov/2021:09:31:06 +0800] "GET /xingrg/css/site.css HTTP/1.1" 200 7541
180.174.250.202 - - [27/Nov/2021:09:31:06 +0800] "GET /xingrg/javascript/jquery_tools/datebox.css HTTP/1.1" 200 2597
180.174.250.202 - - [27/Nov/2021:09:31:06 +0800] "GET /xingrg/javascript/easyui/themes/icon.css HTTP/1.1" 200 4483
180.174.250.202 - - [27/Nov/2021:09:31:06 +0800] "GET /xingrg/javascript/jquery_tools/fix.css HTTP/1.1" 200 1702
180.174.250.202 - - [27/Nov/2021:09:31:06 +0800] "GET /xingrg/javascript/jquery_tools/table.css HTTP/1.1" 200 1032
180.174.250.202 - - [27/Nov/2021:09:31:06 +0800] "GET /xingrg/javascript/jquery_tools/jquery.tools.min.js HTTP/1.1" 200 138801
180.174.250.202 - - [27/Nov/2021:09:31:06 +0800] "GET /xingrg/javascript/easyui/themes/default/easyui.css HTTP/1.1" 200 30432
180.174.250.202 - - [27/Nov/2021:09:31:06 +0800] "GET /xingrg/javascript/auto/jquery.autocomplete.css HTTP/1.1" 200 587
180.174.250.202 - - [27/Nov/2021:09:31:06 +0800] "GET /xingrg/javascript/pic_change.js HTTP/1.1" 200 4739
180.174.250.202 - - [27/Nov/2021:09:31:06 +0800] "GET /xingrg/javascript/easyui/easyloader.js HTTP/1.1" 200 5975
180.174.250.202 - - [27/Nov/2021:09:31:06 +0800] "GET /xingrg/javascript/jquery_tools/jquery.tools.hotkey.js HTTP/1.1" 200 3242
180.174.250.202 - - [27/Nov/2021:09:31:06 +0800] "GET /xingrg/javascript/jquery_tools/jquery.tools.table.js HTTP/1.1" 200 6994
180.174.250.202 - - [27/Nov/2021:09:31:06 +0800] "GET /xingrg/javascript/auto/jquery.autocomplete.js HTTP/1.1" 200 21624
180.174.250.202 - - [27/Nov/2021:09:31:06 +0800] "GET /xingrg/javascript/json2.js HTTP/1.1" 200 11259
180.174.250.202 - - [27/Nov/2021:09:31:06 +0800] "GET /xingrg/javascript/print/kc_print.js HTTP/1.1" 200 11415
180.174.250.202 - - [27/Nov/2021:09:31:06 +0800] "GET /xingrg/javascript/jquery_tools/jquery.tools.extend.js HTTP/1.1" 200 15385
180.174.250.202 - - [27/Nov/2021:09:31:06 +0800] "GET /xingrg/javascript/jquery.utils.js HTTP/1.1" 200 11805
180.174.250.202 - - [27/Nov/2021:09:31:06 +0800] "GET /xingrg/javascript/jquery_tools/order_manager.js HTTP/1.1" 200 11183
180.174.250.202 - - [27/Nov/2021:09:31:06 +0800] "GET /xingrg/javascript/convert.js HTTP/1.1" 200 1239
180.174.250.202 - - [27/Nov/2021:09:31:06 +0800] "GET /xingrg/javascript/jquery.cookie.js HTTP/1.1" 200 5513
180.174.250.202 - - [27/Nov/2021:09:31:06 +0800] "GET /xingrg/javascript/print/LodopFuncs.js HTTP/1.1" 200 5121
116.238.248.233 - - [27/Nov/2021:09:31:07 +0800] "GET /xingrg/kc/buy/cgsh_order_info.html?code=212021112711605 HTTP/1.1" 200 59708
180.174.250.202 - - [27/Nov/2021:09:31:07 +0800] "GET /xingrg/words/20211126233806_words.js HTTP/1.1" 200 875490
180.174.250.202 - - [27/Nov/2021:09:31:07 +0800] "GET /xingrg/javascript/easyui/themes/icons/copy_new.png HTTP/1.1" 200 815
180.174.250.202 - - [27/Nov/2021:09:31:07 +0800] "GET /xingrg/javascript/easyui/themes/icons/print.png HTTP/1.1" 200 1057
180.174.250.202 - - [27/Nov/2021:09:31:07 +0800] "GET /xingrg/javascript/easyui/themes/icons/cancel.png HTTP/1.1" 200 1133
180.174.250.202 - - [27/Nov/2021:09:31:07 +0800] "GET /xingrg/javascript/easyui/themes/default/images/menu_downarrow.png HTTP/1.1" 200 173
116.227.210.113 - - [27/Nov/2021:09:31:07 +0800] "GET /xingrg/all/function/internal_message.html?_=1637976661905&CODE_STATE=getMsg HTTP/1.1" 200 27
116.238.248.233 - - [27/Nov/2021:09:31:07 +0800] "GET /xingrg/javascript/easyui/themes/default/validatebox.css HTTP/1.1" 404 1104
114.83.222.132 - - [27/Nov/2021:09:31:07 +0800] "GET /xingrg/all/function/internal_message.html?_=1637976664713&CODE_STATE=getMsg HTTP/1.1" 200 27
116.238.248.233 - - [27/Nov/2021:09:31:08 +0800] "POST /xingrg/kc/buy/cgsh_order_operate.html HTTP/1.1" 200 23713
222.70.171.86 - - [27/Nov/2021:09:31:08 +0800] "GET /xingrg/check_reg.html?_=1637976689029 HTTP/1.1" 302 -
180.174.250.202 - - [27/Nov/2021:09:31:09 +0800] "GET /xingrg/javascript/easyui/plugins/jquery.parser.js HTTP/1.1" 200 1142
180.174.250.202 - - [27/Nov/2021:09:31:09 +0800] "GET /xingrg/javascript/easyui/themes/default/validatebox.css HTTP/1.1" 404 1104
180.174.250.202 - - [27/Nov/2021:09:31:09 +0800] "GET /xingrg/javascript/easyui/plugins/jquery.validatebox.js HTTP/1.1" 200 6103
180.174.250.202 - - [27/Nov/2021:09:31:09 +0800] "GET /xingrg/javascript/easyui/plugins/jquery.numberbox.js HTTP/1.1" 200 5213
116.238.248.233 - - [27/Nov/2021:09:31:09 +0800] "GET /xingrg/kc/print/load_data.html?order_code=212021112711605&kc_code=cgsh&condition= HTTP/1.1" 200 9538
180.174.250.202 - - [27/Nov/2021:09:31:09 +0800] "POST /xingrg/kc/buy/cgsh_order_operate.html HTTP/1.1" 200 2970
222.70.171.86 - - [27/Nov/2021:09:31:10 +0800] "GET /xingrg/all/function/internal_message.html?_=1637976690802&CODE_STATE=getMsg HTTP/1.1" 302 -
180.174.250.202 - - [27/Nov/2021:09:31:12 +0800] "GET /xingrg/kc/print/load_config.html?kc_code=cgsh HTTP/1.1" 200 2281
180.174.250.202 - - [27/Nov/2021:09:31:12 +0800] "GET /xingrg/kc/print/load_data.html?order_code=212021112711622&kc_code=cgsh&condition= HTTP/1.1" 200 1576
116.233.77.48 - - [27/Nov/2021:09:31:12 +0800] "GET /xingrg/all/function/internal_message.html?_=1637976668855&CODE_STATE=getMsg HTTP/1.1" 200 27
116.238.248.233 - - [27/Nov/2021:09:31:14 +0800] "GET /xingrg/all/function/internal_message.html?_=1637976670012&CODE_STATE=getMsg HTTP/1.1" 200 27
116.238.248.233 - - [27/Nov/2021:09:31:16 +0800] "POST /xingrg/kc/buy/cgsh_list_operate.html HTTP/1.1" 200 876
58.39.139.200 - - [27/Nov/2021:09:31:16 +0800] "GET /xingrg/all/function/internal_message.html?_=1637976609701&CODE_STATE=getMsg HTTP/1.1" 302 -
222.70.171.86 - - [27/Nov/2021:09:31:18 +0800] "GET /xingrg/all/function/internal_message.html?_=1637976695618&CODE_STATE=getMsg HTTP/1.1" 200 27
58.37.231.44 - - [27/Nov/2021:09:31:28 +0800] "GET /xingrg/all/function/internal_message.html?_=1637976512200&CODE_STATE=getMsg HTTP/1.1" 200 27
222.70.176.97 - - [27/Nov/2021:09:31:37 +0800] "GET /xingrg/all/function/internal_message.html?_=1637976690831&CODE_STATE=getMsg HTTP/1.1" 200 27
116.227.210.113 - - [27/Nov/2021:09:31:38 +0800] "GET /xingrg/kc/buy/cgsh_order_operate.html?command=get_materiel&rest_code=00155&code=00101006109&supplier_code=00100012&order_time=2021-11-27 HTTP/1.1" 200 409
180.157.253.6 - - [27/Nov/2021:09:31:43 +0800] "GET /xingrg/all/function/internal_message.html?_=1637976701103&CODE_STATE=getMsg HTTP/1.1" 200 27
180.174.250.202 - - [27/Nov/2021:09:31:44 +0800] "GET /xingrg/all/function/internal_message.html?_=1637976697895&CODE_STATE=getMsg HTTP/1.1" 200 27
222.70.171.86 - - [27/Nov/2021:09:31:45 +0800] "GET /xingrg/all/function/internal_message.html?_=1637976722538&CODE_STATE=getMsg HTTP/1.1" 200 27
180.174.250.202 - - [27/Nov/2021:09:31:50 +0800] "GET /xingrg/kc/buy/cgsh_order_add.html HTTP/1.1" 200 64875
114.83.222.132 - - [27/Nov/2021:09:31:50 +0800] "GET /xingrg/kc/buy/cgsh_order_add.html HTTP/1.1" 200 64969
114.83.222.132 - - [27/Nov/2021:09:31:51 +0800] "POST /xingrg/kc/buy/cgsh_order_operate.html HTTP/1.1" 200 8245
114.83.222.132 - - [27/Nov/2021:09:31:51 +0800] "GET /xingrg/javascript/easyui/themes/default/validatebox.css HTTP/1.1" 404 1104
180.157.253.6 - - [27/Nov/2021:09:31:52 +0800] "GET /xingrg/all/function/internal_message.html?_=1637976710170&CODE_STATE=getMsg HTTP/1.1" 200 27
180.174.250.202 - - [27/Nov/2021:09:31:52 +0800] "GET /xingrg/javascript/easyui/themes/icons/template_new.png HTTP/1.1" 200 3956
180.174.250.202 - - [27/Nov/2021:09:31:52 +0800] "GET /xingrg/javascript/easyui/themes/icons/ok.png HTTP/1.1" 200 883
180.174.250.202 - - [27/Nov/2021:09:31:52 +0800] "POST /xingrg/kc/buy/cgsh_order_operate.html HTTP/1.1" 200 8245
