220.250.46.102 - - [27/Nov/2021:10:14:12 +0800] "GET /xingrg/all/function/internal_message.html?_=1637979248643&CODE_STATE=getMsg HTTP/1.1" 200 27
116.233.77.48 - - [27/Nov/2021:10:14:13 +0800] "GET /xingrg/kc/buy/cgsh_order_operate.html?command=get_materiel&rest_code=00109&code=00101006144&supplier_code=00100015&order_time=2021-11-27 HTTP/1.1" 200 409
58.39.139.200 - - [27/Nov/2021:10:14:17 +0800] "GET /xingrg/all/function/internal_message.html?_=1637979189754&CODE_STATE=getMsg HTTP/1.1" 302 -
58.39.139.200 - - [27/Nov/2021:10:14:17 +0800] "GET /xingrg/check_reg.html?_=1637979189881 HTTP/1.1" 302 -
124.78.153.86 - - [27/Nov/2021:10:14:19 +0800] "POST /xingrg/kc/buy/cgsh_order_operate.html HTTP/1.1" 200 37
222.70.171.86 - - [27/Nov/2021:10:14:19 +0800] "GET /xingrg/all/function/internal_message.html?_=1637979276474&CODE_STATE=getMsg HTTP/1.1" 302 -
116.233.77.48 - - [27/Nov/2021:10:14:19 +0800] "GET /xingrg/all/function/internal_message.html?_=1637979256121&CODE_STATE=getMsg HTTP/1.1" 200 27
180.174.250.202 - - [27/Nov/2021:10:14:21 +0800] "POST /xingrg/services/DataTransmitService HTTP/1.1" 200 524
180.174.250.202 - - [27/Nov/2021:10:14:21 +0800] "POST /xingrg/services/DataTransmitService HTTP/1.1" 200 501
124.78.153.86 - - [27/Nov/2021:10:14:24 +0800] "POST /xingrg/kc/buy/cgsh_order_operate.html HTTP/1.1" 200 12
116.235.94.0 - - [27/Nov/2021:10:14:25 +0800] "GET /xingrg/kc/buy/cgsh_order_operate.html?command=get_materiel&rest_code=00104&code=00101008160&supplier_code=00100005&order_time=2021-11-27 HTTP/1.1" 200 408
116.233.77.48 - - [27/Nov/2021:10:14:26 +0800] "GET /xingrg/kc/buy/cgsh_order_operate.html?command=get_materiel&rest_code=00109&code=00101006122&supplier_code=00100015&order_time=2021-11-27 HTTP/1.1" 200 408
124.78.153.86 - - [27/Nov/2021:10:14:26 +0800] "GET /xingrg/kc/buy/cgsh_order_info.html?code=212021112711636 HTTP/1.1" 200 59833
124.78.153.86 - - [27/Nov/2021:10:14:27 +0800] "GET /xingrg/javascript/easyui/themes/default/validatebox.css HTTP/1.1" 404 1104
124.78.153.86 - - [27/Nov/2021:10:14:27 +0800] "POST /xingrg/kc/buy/cgsh_order_operate.html HTTP/1.1" 200 34273
58.37.231.44 - - [27/Nov/2021:10:14:27 +0800] "GET /xingrg/all/function/internal_message.html?_=1637979091651&CODE_STATE=getMsg HTTP/1.1" 200 27
124.78.153.86 - - [27/Nov/2021:10:14:29 +0800] "GET /xingrg/kc/print/load_config.html?kc_code=cgsh HTTP/1.1" 200 2281
124.78.153.86 - - [27/Nov/2021:10:14:29 +0800] "GET /xingrg/kc/print/load_data.html?order_code=212021112711636&kc_code=cgsh&condition= HTTP/1.1" 200 13461
120.253.135.82 - - [27/Nov/2021:10:14:33 +0800] "GET /xingrg/all/function/internal_message.html?_=1637979045036&CODE_STATE=getMsg HTTP/1.1" 200 27
222.70.171.86 - - [27/Nov/2021:10:14:33 +0800] "GET /xingrg/kc/buy/cgsh_order_operate.html?command=get_materiel&rest_code=00146&code=00101008132&supplier_code=00100005&order_time=2021-11-27 HTTP/1.1" 200 408
116.233.77.48 - - [27/Nov/2021:10:14:34 +0800] "GET /favicon.ico HTTP/1.1" 404 -
116.238.248.233 - - [27/Nov/2021:10:14:36 +0800] "GET /xingrg/all/function/internal_message.html?_=1637979272110&CODE_STATE=getMsg HTTP/1.1" 200 27
180.169.147.146 - - [27/Nov/2021:10:14:39 +0800] "GET /xingrg/all/function/internal_message.html?_=1637979264765&CODE_STATE=getMsg HTTP/1.1" 200 27
124.78.153.86 - - [27/Nov/2021:10:14:39 +0800] "GET /xingrg/kc/print/load_data.html?order_code=212021112711636&kc_code=cgsh HTTP/1.1" 200 13461
116.235.94.0 - - [27/Nov/2021:10:14:39 +0800] "GET /xingrg/kc/buy/cgsh_order_operate.html?command=get_materiel&rest_code=00104&code=00101008168&supplier_code=00100005&order_time=2021-11-27 HTTP/1.1" 200 412
116.235.94.0 - - [27/Nov/2021:10:14:40 +0800] "GET /xingrg/check_reg.html?_=1637979284897 HTTP/1.1" 200 22
116.235.94.0 - - [27/Nov/2021:10:14:41 +0800] "GET /xingrg/all/function/internal_message.html?_=1637979285766&CODE_STATE=getMsg HTTP/1.1" 200 27
114.83.222.132 - - [27/Nov/2021:10:14:42 +0800] "GET /xingrg/kc/mdqp/qqps_order_list.html HTTP/1.1" 200 9668
114.83.222.132 - - [27/Nov/2021:10:14:42 +0800] "GET /xingrg/dwr/interface/AjaxQqpsService.js HTTP/1.1" 200 16326
114.83.222.132 - - [27/Nov/2021:10:14:42 +0800] "GET /xingrg/dwr/interface/AjaxReportQueryService.js HTTP/1.1" 200 13203
114.83.222.132 - - [27/Nov/2021:10:14:42 +0800] "GET /xingrg/dwr/engine.js HTTP/1.1" 200 43631
180.157.253.6 - - [27/Nov/2021:10:14:42 +0800] "GET /xingrg/all/function/internal_message.html?_=1637979280240&CODE_STATE=getMsg HTTP/1.1" 200 27
114.83.222.132 - - [27/Nov/2021:10:14:44 +0800] "GET /xingrg/kc/mdqp/qqps_order_info.html?code=302021112700572 HTTP/1.1" 200 26720
114.83.222.132 - - [27/Nov/2021:10:14:44 +0800] "GET /xingrg/dwr/interface/AjaxComOrderService.js HTTP/1.1" 200 18264
114.83.222.132 - - [27/Nov/2021:10:14:44 +0800] "GET /xingrg/dwr/engine.js HTTP/1.1" 200 43631
114.83.222.132 - - [27/Nov/2021:10:14:44 +0800] "GET /xingrg/dwr/interface/AjaxQqpsService.js HTTP/1.1" 200 16326
114.83.222.132 - - [27/Nov/2021:10:14:44 +0800] "POST /xingrg/dwr/call/plaincall/AjaxQqpsService.loadMaterielItems.dwr HTTP/1.1" 200 667
222.70.171.86 - - [27/Nov/2021:10:14:46 +0800] "GET /xingrg/all/function/internal_message.html?_=1637979303123&CODE_STATE=getMsg HTTP/1.1" 302 -
114.83.222.132 - - [27/Nov/2021:10:14:46 +0800] "POST /xingrg/dwr/call/plaincall/AjaxQqpsService.uncheckOrder.dwr HTTP/1.1" 200 78
114.83.222.132 - - [27/Nov/2021:10:14:47 +0800] "GET /xingrg/css/blue.css HTTP/1.1" 304 -
114.83.222.132 - - [27/Nov/2021:10:14:47 +0800] "GET /xingrg/javascript/jquery_easy_ui/themes/icon.css HTTP/1.1" 304 -
114.83.222.132 - - [27/Nov/2021:10:14:47 +0800] "GET /xingrg/javascript/auto/jquery.autocomplete.css HTTP/1.1" 304 -
114.83.222.132 - - [27/Nov/2021:10:14:47 +0800] "GET /xingrg/kc/mdqp/qqps_order_info.html?code=302021112700572 HTTP/1.1" 200 28479
114.83.222.132 - - [27/Nov/2021:10:14:47 +0800] "GET /xingrg/javascript/jquery_easy_ui/jquery.easyui.min.js HTTP/1.1" 304 -
114.83.222.132 - - [27/Nov/2021:10:14:47 +0800] "GET /xingrg/javascript/auto/jquery.autocomplete.js HTTP/1.1" 304 -
114.83.222.132 - - [27/Nov/2021:10:14:47 +0800] "GET /xingrg/javascript/jquery_easy_ui/easyui-lang-zh_CN.js HTTP/1.1" 304 -
114.83.222.132 - - [27/Nov/2021:10:14:47 +0800] "GET /xingrg/javascript/tools/jquery.qtip-1.0.0-rc3.min.js HTTP/1.1" 304 -
114.83.222.132 - - [27/Nov/2021:10:14:47 +0800] "GET /xingrg/javascript/jquery.utils.js HTTP/1.1" 304 -
114.83.222.132 - - [27/Nov/2021:10:14:47 +0800] "GET /xingrg/javascript/jquery-1.4.2.min.js HTTP/1.1" 304 -
114.83.222.132 - - [27/Nov/2021:10:14:47 +0800] "GET /xingrg/javascript/pic_change.js HTTP/1.1" 304 -
114.83.222.132 - - [27/Nov/2021:10:14:47 +0800] "GET /xingrg/dwr/util.js HTTP/1.1" 304 -
114.83.222.132 - - [27/Nov/2021:10:14:47 +0800] "GET /xingrg/javascript/Calendar.js HTTP/1.1" 304 -
114.83.222.132 - - [27/Nov/2021:10:14:47 +0800] "GET /xingrg/javascript/myfunction.js HTTP/1.1" 304 -
114.83.222.132 - - [27/Nov/2021:10:14:47 +0800] "GET /xingrg/javascript/AjaxInfoList.js HTTP/1.1" 304 -
114.83.222.132 - - [27/Nov/2021:10:14:47 +0800] "GET /xingrg/javascript/Grid.js HTTP/1.1" 304 -
114.83.222.132 - - [27/Nov/2021:10:14:47 +0800] "GET /xingrg/javascript/ToolTips.js HTTP/1.1" 304 -
114.83.222.132 - - [27/Nov/2021:10:14:47 +0800] "GET /xingrg/javascript/print/kc_print.js HTTP/1.1" 304 -
114.83.222.132 - - [27/Nov/2021:10:14:47 +0800] "GET /xingrg/javascript/jquery_easy_ui/themes/icon.css HTTP/1.1" 304 -
114.83.222.132 - - [27/Nov/2021:10:14:47 +0800] "GET /xingrg/javascript/jquery_easy_ui/themes/default/easyui.css HTTP/1.1" 304 -
114.83.222.132 - - [27/Nov/2021:10:14:47 +0800] "GET /xingrg/javascript/print/LodopFuncs.js HTTP/1.1" 304 -
114.83.222.132 - - [27/Nov/2021:10:14:47 +0800] "GET /xingrg/dwr/interface/AjaxComOrderService.js HTTP/1.1" 200 18264
114.83.222.132 - - [27/Nov/2021:10:14:47 +0800] "GET /xingrg/dwr/interface/AjaxQqpsService.js HTTP/1.1" 200 16326
114.83.222.132 - - [27/Nov/2021:10:14:47 +0800] "GET /xingrg/dwr/engine.js HTTP/1.1" 200 43631
180.174.250.202 - - [27/Nov/2021:10:14:47 +0800] "GET /xingrg/all/function/internal_message.html?_=1637979281195&CODE_STATE=getMsg HTTP/1.1" 200 27
114.83.222.132 - - [27/Nov/2021:10:14:47 +0800] "GET /xingrg/words/20211126233806_words.js HTTP/1.1" 304 -
222.70.171.86 - - [27/Nov/2021:10:14:47 +0800] "GET /xingrg/kc/buy/cgsh_order_operate.html?command=get_materiel&rest_code=00146&code=00101008244&supplier_code=00100005&order_time=2021-11-27 HTTP/1.1" 200 408
114.83.222.132 - - [27/Nov/2021:10:14:48 +0800] "GET /xingrg/images/blue/button/kc_tab_add.gif HTTP/1.1" 304 -
114.83.222.132 - - [27/Nov/2021:10:14:48 +0800] "GET /xingrg/images/blue/button/kc_tab_edit.gif HTTP/1.1" 304 -
114.83.222.132 - - [27/Nov/2021:10:14:48 +0800] "GET /xingrg/images/blue/button/kc_tab_save.gif HTTP/1.1" 304 -
114.83.222.132 - - [27/Nov/2021:10:14:48 +0800] "GET /xingrg/images/blue/button/kc_tab_del.gif HTTP/1.1" 304 -
114.83.222.132 - - [27/Nov/2021:10:14:48 +0800] "GET /xingrg/images/blue/wait.gif HTTP/1.1" 304 -
114.83.222.132 - - [27/Nov/2021:10:14:48 +0800] "POST /xingrg/dwr/call/plaincall/AjaxQqpsService.loadMaterielItems.dwr HTTP/1.1" 200 667
61.151.178.165 - - [27/Nov/2021:10:14:51 +0800] "GET /xingrg/kc/buy/cgsh_order_operate.html?command=get_materiel&rest_code=00106&code=00101009063&supplier_code=00100007&order_time=2021-11-27 HTTP/1.1" 302 -
61.151.178.165 - - [27/Nov/2021:10:14:52 +0800] "GET /xingrg/login.html HTTP/1.1" 200 7641
180.157.253.6 - - [27/Nov/2021:10:14:52 +0800] "GET /xingrg/all/function/internal_message.html?_=1637979290242&CODE_STATE=getMsg HTTP/1.1" 200 27
114.83.222.132 - - [27/Nov/2021:10:14:53 +0800] "POST /xingrg/dwr/call/plaincall/AjaxQqpsService.getMaterielByCode.dwr HTTP/1.1" 200 2770
114.85.125.222 - - [27/Nov/2021:10:14:53 +0800] "GET /xingrg/all/function/internal_message.html?_=1637979260686&CODE_STATE=getMsg HTTP/1.1" 200 27
61.151.179.84 - - [27/Nov/2021:10:14:54 +0800] "GET /xingrg/all/function/internal_message.html?_=1637979226661&CODE_STATE=getMsg HTTP/1.1" 302 -
114.83.222.132 - - [27/Nov/2021:10:14:54 +0800] "POST /xingrg/dwr/call/plaincall/AjaxQqpsService.saveMaterielItem.dwr HTTP/1.1" 200 78
61.151.179.84 - - [27/Nov/2021:10:14:54 +0800] "GET /xingrg/login.html HTTP/1.1" 200 7641
180.174.250.202 - - [27/Nov/2021:10:14:56 +0800] "GET /xingrg/all/function/internal_message.html?_=1637979293804&CODE_STATE=getMsg HTTP/1.1" 200 27
114.83.222.132 - - [27/Nov/2021:10:14:56 +0800] "POST /xingrg/dwr/call/plaincall/AjaxQqpsService.checkOrder.dwr HTTP/1.1" 200 78
114.83.222.132 - - [27/Nov/2021:10:14:57 +0800] "GET /xingrg/kc/mdqp/qqps_order_info.html?code=302021112700572 HTTP/1.1" 200 26720
114.83.222.132 - - [27/Nov/2021:10:14:57 +0800] "GET /xingrg/dwr/interface/AjaxQqpsService.js HTTP/1.1" 200 16326
114.83.222.132 - - [27/Nov/2021:10:14:57 +0800] "GET /xingrg/dwr/interface/AjaxComOrderService.js HTTP/1.1" 200 18264
114.83.222.132 - - [27/Nov/2021:10:14:57 +0800] "GET /xingrg/dwr/engine.js HTTP/1.1" 200 43631
114.83.222.132 - - [27/Nov/2021:10:14:58 +0800] "POST /xingrg/dwr/call/plaincall/AjaxQqpsService.loadMaterielItems.dwr HTTP/1.1" 200 984
222.70.171.86 - - [27/Nov/2021:10:14:58 +0800] "GET /xingrg/kc/buy/cgsh_order_operate.html?command=get_materiel&rest_code=00146&code=00101008096&supplier_code=00100005&order_time=2021-11-27 HTTP/1.1" 200 412
61.151.178.163 - - [27/Nov/2021:10:14:58 +0800] "GET /xingrg/kc/buy/cgsh_order_operate.html?command=get_materiel&rest_code=00106&code=00101008358&supplier_code=00100007&order_time=2021-11-27 HTTP/1.1" 302 -
61.151.178.163 - - [27/Nov/2021:10:15:00 +0800] "GET /xingrg/login.html HTTP/1.1" 200 7641
114.83.222.132 - - [27/Nov/2021:10:15:02 +0800] "GET /xingrg/kc/mdqp/qqps_order_list.html?isBack=1 HTTP/1.1" 200 9677
114.83.222.132 - - [27/Nov/2021:10:15:02 +0800] "GET /xingrg/dwr/interface/AjaxQqpsService.js HTTP/1.1" 200 16326
114.83.222.132 - - [27/Nov/2021:10:15:02 +0800] "GET /xingrg/dwr/interface/AjaxReportQueryService.js HTTP/1.1" 200 13203
114.83.222.132 - - [27/Nov/2021:10:15:02 +0800] "GET /xingrg/dwr/engine.js HTTP/1.1" 200 43631
116.228.172.94 - - [27/Nov/2021:10:15:05 +0800] "GET /xingrg/all/function/internal_message.html?_=1637979182917&CODE_STATE=getMsg HTTP/1.1" 200 27
114.83.222.132 - - [27/Nov/2021:10:15:06 +0800] "GET /xingrg/all/function/internal_message.html?_=1637979304038&CODE_STATE=getMsg HTTP/1.1" 200 27
116.227.210.113 - - [27/Nov/2021:10:15:07 +0800] "GET /xingrg/all/function/internal_message.html?_=1637979303587&CODE_STATE=getMsg HTTP/1.1" 200 27
114.83.222.132 - - [27/Nov/2021:10:15:08 +0800] "GET /xingrg/check_reg.html?_=1637979305147 HTTP/1.1" 200 22
116.235.94.0 - - [27/Nov/2021:10:15:10 +0800] "POST /xingrg/kc/buy/cgsh_order_operate.html HTTP/1.1" 200 2065
114.83.222.132 - - [27/Nov/2021:10:15:11 +0800] "GET /xingrg/kc/buy/cgsh_order_operate.html?command=get_materiel&rest_code=00149&code=00101009109&supplier_code=00100201&order_time=2021-11-27 HTTP/1.1" 200 399
222.70.171.86 - - [27/Nov/2021:10:15:11 +0800] "GET /xingrg/check_reg.html?_=1637979332193 HTTP/1.1" 200 22
222.70.171.86 - - [27/Nov/2021:10:15:11 +0800] "GET /xingrg/all/function/internal_message.html?_=1637979332248&CODE_STATE=getMsg HTTP/1.1" 200 27
220.250.46.102 - - [27/Nov/2021:10:15:12 +0800] "GET /xingrg/all/function/internal_message.html?_=1637979308661&CODE_STATE=getMsg HTTP/1.1" 200 27
220.250.46.102 - - [27/Nov/2021:10:15:12 +0800] "GET /xingrg/check_reg.html?_=1637979308665 HTTP/1.1" 200 22
222.70.171.86 - - [27/Nov/2021:10:15:13 +0800] "GET /xingrg/kc/buy/cgsh_order_operate.html?command=get_materiel&rest_code=00146&code=00101008067&supplier_code=00100005&order_time=2021-11-27 HTTP/1.1" 200 416
124.78.153.86 - - [27/Nov/2021:10:15:14 +0800] "GET /xingrg/all/function/internal_message.html?_=1637979307313&CODE_STATE=getMsg HTTP/1.1" 200 27
180.174.250.202 - - [27/Nov/2021:10:15:16 +0800] "GET /xingrg/kc/buy/cgsh_order_add.html HTTP/1.1" 200 64881
180.174.250.202 - - [27/Nov/2021:10:15:16 +0800] "POST /xingrg/kc/buy/cgsh_order_operate.html HTTP/1.1" 200 8245
180.174.250.202 - - [27/Nov/2021:10:15:16 +0800] "GET /xingrg/javascript/easyui/themes/default/validatebox.css HTTP/1.1" 404 1104
58.39.139.200 - - [27/Nov/2021:10:15:17 +0800] "GET /xingrg/all/function/internal_message.html?_=1637979249742&CODE_STATE=getMsg HTTP/1.1" 302 -
222.70.171.86 - - [27/Nov/2021:10:15:19 +0800] "GET /xingrg/all/function/internal_message.html?_=1637979336517&CODE_STATE=getMsg HTTP/1.1" 302 -
116.233.77.48 - - [27/Nov/2021:10:15:19 +0800] "GET /xingrg/all/function/internal_message.html?_=1637979316123&CODE_STATE=getMsg HTTP/1.1" 200 27
114.83.222.132 - - [27/Nov/2021:10:15:20 +0800] "GET /xingrg/kc/buy/cgsh_order_operate.html?command=get_materiel&rest_code=00149&code=00101009062&supplier_code=00100201&order_time=2021-11-27 HTTP/1.1" 200 412
180.174.250.202 - - [27/Nov/2021:10:15:20 +0800] "GET /xingrg/javascript/jquery_tools/images/prev.gif HTTP/1.1" 404 1086
180.174.250.202 - - [27/Nov/2021:10:15:20 +0800] "GET /xingrg/javascript/jquery_tools/images/next.gif HTTP/1.1" 404 1086
116.235.94.0 - - [27/Nov/2021:10:15:21 +0800] "GET /xingrg/kc/buy/cgsh_order_operate.html?command=get_materiel&rest_code=00104&code=00101009016&supplier_code=00100005&order_time=2021-11-27 HTTP/1.1" 200 412
180.174.250.202 - - [27/Nov/2021:10:15:27 +0800] "GET /xingrg/kc/buy/cgsh_order_operate.html?command=get_materiel&rest_code=00102&code=00101008091&supplier_code=00100008&order_time=2021-11-27 HTTP/1.1" 200 413
58.37.231.44 - - [27/Nov/2021:10:15:27 +0800] "GET /xingrg/all/function/internal_message.html?_=1637979151622&CODE_STATE=getMsg HTTP/1.1" 200 27
114.83.222.132 - - [27/Nov/2021:10:15:28 +0800] "GET /xingrg/kc/buy/cgsh_order_operate.html?command=get_materiel&rest_code=00149&code=00101009011&supplier_code=00100201&order_time=2021-11-27 HTTP/1.1" 200 416
222.70.171.86 - - [27/Nov/2021:10:15:29 +0800] "GET /xingrg/kc/buy/cgsh_order_operate.html?command=get_materiel&rest_code=00146&code=00101008264&supplier_code=00100005&order_time=2021-11-27 HTTP/1.1" 200 412
101.91.60.11 - - [27/Nov/2021:10:15:29 +0800] "GET /xingrg/kc/print/load_data.html?order_code=212021112711636&kc_code=cgsh&condition= HTTP/1.1" 302 -
101.91.60.11 - - [27/Nov/2021:10:15:30 +0800] "GET /xingrg/login.html HTTP/1.1" 200 7641
120.253.135.82 - - [27/Nov/2021:10:15:33 +0800] "GET /xingrg/all/function/internal_message.html?_=1637979105153&CODE_STATE=getMsg HTTP/1.1" 200 27
116.233.77.48 - - [27/Nov/2021:10:15:34 +0800] "GET /xingrg/kc/buy/cgsh_order_operate.html?command=get_materiel&rest_code=00109&code=00101006057&supplier_code=00100015&order_time=2021-11-27 HTTP/1.1" 200 413
116.235.94.0 - - [27/Nov/2021:10:15:35 +0800] "GET /xingrg/kc/buy/cgsh_order_operate.html?command=get_materiel&rest_code=00104&code=00101008155&supplier_code=00100005&order_time=2021-11-27 HTTP/1.1" 200 410
114.83.222.132 - - [27/Nov/2021:10:15:35 +0800] "GET /xingrg/kc/buy/cgsh_order_operate.html?command=get_materiel&rest_code=00149&code=00101009016&supplier_code=00100201&order_time=2021-11-27 HTTP/1.1" 200 412
180.174.250.202 - - [27/Nov/2021:10:15:36 +0800] "GET /xingrg/kc/buy/cgsh_order_operate.html?command=get_materiel&rest_code=00102&code=00101008256&supplier_code=00100008&order_time=2021-11-27 HTTP/1.1" 200 413
116.238.248.233 - - [27/Nov/2021:10:15:36 +0800] "GET /xingrg/all/function/internal_message.html?_=1637979332110&CODE_STATE=getMsg HTTP/1.1" 200 27
180.169.147.146 - - [27/Nov/2021:10:15:39 +0800] "GET /xingrg/all/function/internal_message.html?_=1637979324748&CODE_STATE=getMsg HTTP/1.1" 200 27
101.89.239.245 - - [27/Nov/2021:10:15:39 +0800] "GET /xingrg/kc/print/load_data.html?order_code=212021112711636&kc_code=cgsh HTTP/1.1" 302 -
101.89.239.245 - - [27/Nov/2021:10:15:39 +0800] "GET /xingrg/login.html HTTP/1.1" 200 7641
222.70.171.86 - - [27/Nov/2021:10:15:40 +0800] "GET /xingrg/kc/buy/cgsh_order_operate.html?command=get_materiel&rest_code=00146&code=00101008024&supplier_code=00100005&order_time=2021-11-27 HTTP/1.1" 200 408
114.85.125.222 - - [27/Nov/2021:10:15:41 +0800] "GET /xingrg/check_reg.html?_=1637979308212 HTTP/1.1" 200 22
116.235.94.0 - - [27/Nov/2021:10:15:41 +0800] "GET /xingrg/all/function/internal_message.html?_=1637979345780&CODE_STATE=getMsg HTTP/1.1" 200 27
180.157.253.6 - - [27/Nov/2021:10:15:42 +0800] "GET /xingrg/all/function/internal_message.html?_=1637979340225&CODE_STATE=getMsg HTTP/1.1" 200 27
180.174.250.202 - - [27/Nov/2021:10:15:43 +0800] "GET /xingrg/kc/buy/cgsh_order_operate.html?command=get_materiel&rest_code=00102&code=00101008155&supplier_code=00100008&order_time=2021-11-27 HTTP/1.1" 200 409
114.83.222.132 - - [27/Nov/2021:10:15:45 +0800] "POST /xingrg/kc/buy/cgsh_order_operate.html HTTP/1.1" 200 37
222.70.171.86 - - [27/Nov/2021:10:15:46 +0800] "GET /xingrg/all/function/internal_message.html?_=1637979363133&CODE_STATE=getMsg HTTP/1.1" 302 -
180.174.250.202 - - [27/Nov/2021:10:15:47 +0800] "GET /xingrg/all/function/internal_message.html?_=1637979341207&CODE_STATE=getMsg HTTP/1.1" 200 27
116.233.77.48 - - [27/Nov/2021:10:15:49 +0800] "GET /xingrg/kc/buy/cgsh_order_operate.html?command=get_materiel&rest_code=00109&code=00101006240&supplier_code=00100015&order_time=2021-11-27 HTTP/1.1" 200 408
180.174.250.202 - - [27/Nov/2021:10:15:51 +0800] "GET /xingrg/kc/buy/cgsh_order_operate.html?command=get_materiel&rest_code=00102&code=00101008112&supplier_code=00100008&order_time=2021-11-27 HTTP/1.1" 200 414
180.157.253.6 - - [27/Nov/2021:10:15:52 +0800] "GET /xingrg/all/function/internal_message.html?_=1637979350241&CODE_STATE=getMsg HTTP/1.1" 200 27
222.70.171.86 - - [27/Nov/2021:10:15:52 +0800] "GET /xingrg/kc/buy/cgsh_order_operate.html?command=get_materiel&rest_code=00146&code=00101008356&supplier_code=00100005&order_time=2021-11-27 HTTP/1.1" 200 408
114.83.222.132 - - [27/Nov/2021:10:15:53 +0800] "POST /xingrg/kc/buy/cgsh_order_operate.html HTTP/1.1" 200 12
114.85.125.222 - - [27/Nov/2021:10:15:53 +0800] "GET /xingrg/all/function/internal_message.html?_=1637979320693&CODE_STATE=getMsg HTTP/1.1" 200 27
114.83.222.132 - - [27/Nov/2021:10:15:54 +0800] "GET /xingrg/kc/buy/cgsh_order_info.html?code=212021112711644 HTTP/1.1" 200 59878
114.83.222.132 - - [27/Nov/2021:10:15:54 +0800] "GET /xingrg/javascript/easyui/themes/default/validatebox.css HTTP/1.1" 404 1104
114.83.222.132 - - [27/Nov/2021:10:15:55 +0800] "POST /xingrg/kc/buy/cgsh_order_operate.html HTTP/1.1" 200 2384
180.174.250.202 - - [27/Nov/2021:10:15:56 +0800] "GET /xingrg/all/function/internal_message.html?_=1637979353816&CODE_STATE=getMsg HTTP/1.1" 200 27
114.83.222.132 - - [27/Nov/2021:10:15:56 +0800] "GET /xingrg/kc/print/report_design.html?orderType=cgsh HTTP/1.1" 200 8625
114.83.222.132 - - [27/Nov/2021:10:15:56 +0800] "GET /xingrg/css/design.css HTTP/1.1" 200 2477
114.83.222.132 - - [27/Nov/2021:10:15:56 +0800] "GET /xingrg/javascript/easyui/jquery.easyui.min.js HTTP/1.1" 200 272531
114.83.222.132 - - [27/Nov/2021:10:15:56 +0800] "GET /xingrg/javascript/print/report.helper.js HTTP/1.1" 200 7208
114.83.222.132 - - [27/Nov/2021:10:15:56 +0800] "GET /xingrg/javascript/easyui/themes/sunny/easyui.css HTTP/1.1" 200 34304
114.83.222.132 - - [27/Nov/2021:10:15:56 +0800] "GET /xingrg/javascript/print/report.js HTTP/1.1" 200 10993
114.83.222.132 - - [27/Nov/2021:10:15:57 +0800] "GET /xingrg/javascript/easyui/themes/sunny/images/ui-bg_highlight-soft_100_feeebd_1x100.png HTTP/1.1" 200 108
114.83.222.132 - - [27/Nov/2021:10:15:57 +0800] "GET /xingrg/javascript/easyui/themes/sunny/images/ui-bg_gloss-wave_45_817865_500x100.png HTTP/1.1" 200 3971
114.83.222.132 - - [27/Nov/2021:10:15:57 +0800] "GET /xingrg/javascript/easyui/themes/sunny/images/blank.gif HTTP/1.1" 200 43
114.83.222.132 - - [27/Nov/2021:10:15:57 +0800] "GET /xingrg/javascript/easyui/themes/sunny/images/ui-icons_fadc7a_256x240.png HTTP/1.1" 200 4369
114.83.222.132 - - [27/Nov/2021:10:15:57 +0800] "GET /xingrg/kc/print/design_operate.html?_=1637979354097&command=load_config&code=cgsh HTTP/1.1" 200 3167
114.83.222.132 - - [27/Nov/2021:10:15:57 +0800] "GET /xingrg/javascript/easyui/themes/sunny/images/ui-icons_bd7b00_256x240.png HTTP/1.1" 200 4369
114.83.222.132 - - [27/Nov/2021:10:15:57 +0800] "GET /xingrg/javascript/easyui/themes/sunny/images/ui-bg_gloss-wave_70_ffdd57_500x100.png HTTP/1.1" 200 3830
114.83.222.132 - - [27/Nov/2021:10:15:57 +0800] "GET /favicon.ico HTTP/1.1" 404 -
114.83.222.132 - - [27/Nov/2021:10:15:57 +0800] "GET /xingrg/css/images/background.png HTTP/1.1" 200 137
58.37.231.44 - - [27/Nov/2021:10:15:58 +0800] "GET /xingrg/check_reg.html?_=1637979182132 HTTP/1.1" 200 22
180.174.250.202 - - [27/Nov/2021:10:15:59 +0800] "GET /xingrg/kc/buy/cgsh_order_operate.html?command=get_materiel&rest_code=00102&code=00101008351&supplier_code=00100008&order_time=2021-11-27 HTTP/1.1" 200 408
114.83.222.132 - - [27/Nov/2021:10:15:59 +0800] "GET /xingrg/kc/print/load_data.html?order_code=212021112711644&kc_code=cgsh&condition= HTTP/1.1" 200 1393
180.157.253.6 - - [27/Nov/2021:10:16:01 +0800] "GET /xingrg/check_reg.html?_=1637979358904 HTTP/1.1" 200 22
222.70.171.86 - - [27/Nov/2021:10:16:02 +0800] "GET /xingrg/kc/buy/cgsh_order_operate.html?command=get_materiel&rest_code=00146&code=00101008196&supplier_code=00100005&order_time=2021-11-27 HTTP/1.1" 200 416
114.83.222.132 - - [27/Nov/2021:10:16:03 +0800] "GET /xingrg/kc/buy/cgsh_order_add.html HTTP/1.1" 200 64969
114.83.222.132 - - [27/Nov/2021:10:16:04 +0800] "POST /xingrg/kc/buy/cgsh_order_operate.html HTTP/1.1" 200 8245
114.83.222.132 - - [27/Nov/2021:10:16:04 +0800] "GET /xingrg/javascript/easyui/themes/default/validatebox.css HTTP/1.1" 404 1104
116.228.172.94 - - [27/Nov/2021:10:16:05 +0800] "GET /xingrg/all/function/internal_message.html?_=1637979242913&CODE_STATE=getMsg HTTP/1.1" 200 27
222.70.171.86 - - [27/Nov/2021:10:16:06 +0800] "POST /xingrg/kc/buy/cgsh_order_operate.html HTTP/1.1" 200 2065
180.174.250.202 - - [27/Nov/2021:10:16:06 +0800] "GET /xingrg/kc/buy/cgsh_order_operate.html?command=get_materiel&rest_code=00102&code=00101008110&supplier_code=00100008&order_time=2021-11-27 HTTP/1.1" 200 408
114.83.222.132 - - [27/Nov/2021:10:16:06 +0800] "GET /xingrg/all/function/internal_message.html?_=1637979364020&CODE_STATE=getMsg HTTP/1.1" 200 27
116.227.210.113 - - [27/Nov/2021:10:16:07 +0800] "GET /xingrg/all/function/internal_message.html?_=1637979363608&CODE_STATE=getMsg HTTP/1.1" 200 27
114.83.222.132 - - [27/Nov/2021:10:16:10 +0800] "GET /xingrg/javascript/auto/indicator.gif HTTP/1.1" 404 1066
222.70.171.86 - - [27/Nov/2021:10:16:11 +0800] "GET /xingrg/all/function/internal_message.html?_=1637979392254&CODE_STATE=getMsg HTTP/1.1" 200 27
114.83.222.132 - - [27/Nov/2021:10:16:11 +0800] "GET /xingrg/javascript/jquery_tools/images/prev.gif HTTP/1.1" 404 1086
114.83.222.132 - - [27/Nov/2021:10:16:11 +0800] "GET /xingrg/javascript/jquery_tools/images/next.gif HTTP/1.1" 404 1086
220.250.46.102 - - [27/Nov/2021:10:16:12 +0800] "GET /xingrg/all/function/internal_message.html?_=1637979368665&CODE_STATE=getMsg HTTP/1.1" 200 27
124.78.153.86 - - [27/Nov/2021:10:16:14 +0800] "GET /xingrg/all/function/internal_message.html?_=1637979367287&CODE_STATE=getMsg HTTP/1.1" 200 27
101.89.239.238 - - [27/Nov/2021:10:16:16 +0800] "GET /xingrg/all/function/internal_message.html?_=1637979307313&CODE_STATE=getMsg HTTP/1.1" 302 -
222.70.171.86 - - [27/Nov/2021:10:16:16 +0800] "GET /xingrg/kc/buy/cgsh_order_operate.html?command=get_materiel&rest_code=00146&code=00101008357&supplier_code=00100005&order_time=2021-11-27 HTTP/1.1" 200 408
101.89.239.238 - - [27/Nov/2021:10:16:16 +0800] "GET /xingrg/login.html HTTP/1.1" 200 7641
58.39.139.200 - - [27/Nov/2021:10:16:17 +0800] "GET /xingrg/all/function/internal_message.html?_=1637979309742&CODE_STATE=getMsg HTTP/1.1" 302 -
180.174.250.202 - - [27/Nov/2021:10:16:17 +0800] "GET /xingrg/kc/buy/cgsh_order_operate.html?command=get_materiel&rest_code=00102&code=00101008038&supplier_code=00100008&order_time=2021-11-27 HTTP/1.1" 200 412
222.70.171.86 - - [27/Nov/2021:10:16:19 +0800] "GET /xingrg/all/function/internal_message.html?_=1637979396533&CODE_STATE=getMsg HTTP/1.1" 302 -
116.233.77.48 - - [27/Nov/2021:10:16:19 +0800] "GET /xingrg/all/function/internal_message.html?_=1637979376131&CODE_STATE=getMsg HTTP/1.1" 200 27
116.233.77.48 - - [27/Nov/2021:10:16:21 +0800] "GET /xingrg/kc/buy/cgsh_order_operate.html?command=get_materiel&rest_code=00109&code=00101006013&supplier_code=00100015&order_time=2021-11-27 HTTP/1.1" 200 409
180.174.250.202 - - [27/Nov/2021:10:16:23 +0800] "GET /xingrg/kc/buy/cgsh_order_operate.html?command=get_materiel&rest_code=00102&code=00101008283&supplier_code=00100008&order_time=2021-11-27 HTTP/1.1" 200 408
58.37.231.44 - - [27/Nov/2021:10:16:27 +0800] "GET /xingrg/all/function/internal_message.html?_=1637979211603&CODE_STATE=getMsg HTTP/1.1" 200 27
180.174.250.202 - - [27/Nov/2021:10:16:29 +0800] "GET /xingrg/kc/buy/cgsh_order_operate.html?command=get_materiel&rest_code=00102&code=00101008163&supplier_code=00100008&order_time=2021-11-27 HTTP/1.1" 200 409
222.70.171.86 - - [27/Nov/2021:10:16:29 +0800] "GET /xingrg/kc/buy/cgsh_order_operate.html?command=get_materiel&rest_code=00146&code=00101008286&supplier_code=00100005&order_time=2021-11-27 HTTP/1.1" 200 408
120.253.135.82 - - [27/Nov/2021:10:16:29 +0800] "GET /xingrg/check_reg.html?_=1637979160946 HTTP/1.1" 200 22
120.253.135.82 - - [27/Nov/2021:10:16:33 +0800] "GET /xingrg/all/function/internal_message.html?_=1637979165157&CODE_STATE=getMsg HTTP/1.1" 200 27
180.174.250.202 - - [27/Nov/2021:10:16:33 +0800] "GET /xingrg/kc/buy/cgsh_order_operate.html?command=get_materiel&rest_code=00102&code=00101008361&supplier_code=00100008&order_time=2021-11-27 HTTP/1.1" 200 408
116.233.77.48 - - [27/Nov/2021:10:16:34 +0800] "GET /xingrg/kc/buy/cgsh_order_operate.html?command=get_materiel&rest_code=00109&code=00101006057&supplier_code=00100015&order_time=2021-11-27 HTTP/1.1" 200 413
116.238.248.233 - - [27/Nov/2021:10:16:36 +0800] "GET /xingrg/all/function/internal_message.html?_=1637979392120&CODE_STATE=getMsg HTTP/1.1" 200 27
180.169.147.146 - - [27/Nov/2021:10:16:39 +0800] "GET /xingrg/all/function/internal_message.html?_=1637979384732&CODE_STATE=getMsg HTTP/1.1" 200 27
222.70.171.86 - - [27/Nov/2021:10:16:40 +0800] "GET /xingrg/kc/buy/cgsh_order_operate.html?command=get_materiel&rest_code=00146&code=00101008131&supplier_code=00100005&order_time=2021-11-27 HTTP/1.1" 200 408
116.235.94.0 - - [27/Nov/2021:10:16:41 +0800] "GET /xingrg/all/function/internal_message.html?_=1637979405794&CODE_STATE=getMsg HTTP/1.1" 200 27
180.157.253.6 - - [27/Nov/2021:10:16:42 +0800] "GET /xingrg/all/function/internal_message.html?_=1637979400199&CODE_STATE=getMsg HTTP/1.1" 200 27
116.233.77.48 - - [27/Nov/2021:10:16:43 +0800] "POST /xingrg/kc/buy/cgsh_order_operate.html HTTP/1.1" 200 37
114.83.222.132 - - [27/Nov/2021:10:16:44 +0800] "GET /xingrg/kc/buy/cgsh_order_operate.html?command=get_materiel&rest_code=00149&code=00102035088&supplier_code=00100079&order_time=2021-11-27 HTTP/1.1" 200 444
222.70.171.86 - - [27/Nov/2021:10:16:46 +0800] "GET /xingrg/all/function/internal_message.html?_=1637979423151&CODE_STATE=getMsg HTTP/1.1" 302 -
116.233.77.48 - - [27/Nov/2021:10:16:48 +0800] "POST /xingrg/kc/buy/cgsh_order_operate.html HTTP/1.1" 200 6230
180.174.250.202 - - [27/Nov/2021:10:16:48 +0800] "GET /xingrg/all/function/internal_message.html?_=1637979401472&CODE_STATE=getMsg HTTP/1.1" 200 27
222.70.171.86 - - [27/Nov/2021:10:16:51 +0800] "GET /xingrg/kc/buy/cgsh_order_operate.html?command=get_materiel&rest_code=00146&code=00101008296&supplier_code=00100005&order_time=2021-11-27 HTTP/1.1" 200 416
180.157.253.6 - - [27/Nov/2021:10:16:52 +0800] "GET /xingrg/all/function/internal_message.html?_=1637979410240&CODE_STATE=getMsg HTTP/1.1" 200 27
114.85.125.222 - - [27/Nov/2021:10:16:53 +0800] "GET /xingrg/all/function/internal_message.html?_=1637979380705&CODE_STATE=getMsg HTTP/1.1" 200 27
124.78.153.86 - - [27/Nov/2021:10:16:53 +0800] "GET /xingrg/check_reg.html?_=1637979406540 HTTP/1.1" 200 22
180.174.250.202 - - [27/Nov/2021:10:16:56 +0800] "GET /xingrg/all/function/internal_message.html?_=1637979413816&CODE_STATE=getMsg HTTP/1.1" 200 27
222.70.171.86 - - [27/Nov/2021:10:17:01 +0800] "GET /xingrg/kc/buy/cgsh_order_operate.html?command=get_materiel&rest_code=00146&code=00101008098&supplier_code=00100005&order_time=2021-11-27 HTTP/1.1" 200 412
222.70.171.86 - - [27/Nov/2021:10:17:04 +0800] "POST /xingrg/kc/buy/cgsh_order_operate.html HTTP/1.1" 200 2065
116.228.172.94 - - [27/Nov/2021:10:17:05 +0800] "GET /xingrg/all/function/internal_message.html?_=1637979302903&CODE_STATE=getMsg HTTP/1.1" 200 27
114.83.222.132 - - [27/Nov/2021:10:17:06 +0800] "GET /xingrg/all/function/internal_message.html?_=1637979424002&CODE_STATE=getMsg HTTP/1.1" 200 27
116.227.210.113 - - [27/Nov/2021:10:17:07 +0800] "GET /xingrg/check_reg.html?_=1637979423609 HTTP/1.1" 200 22
116.227.210.113 - - [27/Nov/2021:10:17:07 +0800] "GET /xingrg/all/function/internal_message.html?_=1637979423612&CODE_STATE=getMsg HTTP/1.1" 200 27
222.70.171.86 - - [27/Nov/2021:10:17:11 +0800] "GET /xingrg/all/function/internal_message.html?_=1637979452268&CODE_STATE=getMsg HTTP/1.1" 200 27
222.70.171.86 - - [27/Nov/2021:10:17:12 +0800] "GET /xingrg/check_reg.html?_=1637979448746 HTTP/1.1" 302 -
222.70.171.86 - - [27/Nov/2021:10:17:12 +0800] "GET /xingrg/kc/buy/cgsh_order_operate.html?command=get_materiel&rest_code=00146&code=00101008353&supplier_code=00100005&order_time=2021-11-27 HTTP/1.1" 200 408
220.250.46.102 - - [27/Nov/2021:10:17:12 +0800] "GET /xingrg/all/function/internal_message.html?_=1637979428639&CODE_STATE=getMsg HTTP/1.1" 200 27
124.78.153.86 - - [27/Nov/2021:10:17:14 +0800] "GET /xingrg/all/function/internal_message.html?_=1637979427255&CODE_STATE=getMsg HTTP/1.1" 200 27
58.39.139.200 - - [27/Nov/2021:10:17:17 +0800] "GET /xingrg/all/function/internal_message.html?_=1637979369742&CODE_STATE=getMsg HTTP/1.1" 302 -
222.70.171.86 - - [27/Nov/2021:10:17:19 +0800] "GET /xingrg/all/function/internal_message.html?_=1637979456546&CODE_STATE=getMsg HTTP/1.1" 302 -
116.233.77.48 - - [27/Nov/2021:10:17:19 +0800] "GET /xingrg/all/function/internal_message.html?_=1637979436126&CODE_STATE=getMsg HTTP/1.1" 200 27
222.70.171.86 - - [27/Nov/2021:10:17:22 +0800] "GET /xingrg/kc/buy/cgsh_order_operate.html?command=get_materiel&rest_code=00146&code=00101008213&supplier_code=00100005&order_time=2021-11-27 HTTP/1.1" 200 412
58.37.231.44 - - [27/Nov/2021:10:17:27 +0800] "GET /xingrg/all/function/internal_message.html?_=1637979271578&CODE_STATE=getMsg HTTP/1.1" 200 27
114.83.222.132 - - [27/Nov/2021:10:17:30 +0800] "GET /xingrg/kc/buy/cgsh_order_operate.html?command=get_materiel&rest_code=00149&code=00102035045&supplier_code=00100079&order_time=2021-11-27 HTTP/1.1" 200 421
120.253.135.82 - - [27/Nov/2021:10:17:33 +0800] "GET /xingrg/all/function/internal_message.html?_=1637979225170&CODE_STATE=getMsg HTTP/1.1" 200 27
222.70.171.86 - - [27/Nov/2021:10:17:34 +0800] "GET /xingrg/kc/buy/cgsh_order_operate.html?command=get_materiel&rest_code=00146&code=00101008242&supplier_code=00100005&order_time=2021-11-27 HTTP/1.1" 200 408
116.238.248.233 - - [27/Nov/2021:10:17:36 +0800] "GET /xingrg/all/function/internal_message.html?_=1637979452123&CODE_STATE=getMsg HTTP/1.1" 200 27
116.238.248.233 - - [27/Nov/2021:10:17:38 +0800] "POST /xingrg/dwr/call/plaincall/AjaxYddbService.saveOrder.dwr HTTP/1.1" 200 78
180.169.147.146 - - [27/Nov/2021:10:17:39 +0800] "GET /xingrg/all/function/internal_message.html?_=1637979444716&CODE_STATE=getMsg HTTP/1.1" 200 27
116.238.248.233 - - [27/Nov/2021:10:17:39 +0800] "GET /xingrg/images/yd/bt.gif HTTP/1.1" 404 1040
116.238.248.233 - - [27/Nov/2021:10:17:41 +0800] "POST /xingrg/dwr/call/plaincall/AjaxComOrderService.getMaterielSearchList.dwr HTTP/1.1" 200 29660
116.235.94.0 - - [27/Nov/2021:10:17:41 +0800] "GET /xingrg/all/function/internal_message.html?_=1637979465807&CODE_STATE=getMsg HTTP/1.1" 200 27
116.238.248.233 - - [27/Nov/2021:10:17:41 +0800] "POST /xingrg/dwr/call/plaincall/AjaxComOrderService.getMaterielSearchList.dwr HTTP/1.1" 200 1819
180.157.253.6 - - [27/Nov/2021:10:17:42 +0800] "GET /xingrg/all/function/internal_message.html?_=1637979460169&CODE_STATE=getMsg HTTP/1.1" 200 27
116.238.248.233 - - [27/Nov/2021:10:17:43 +0800] "POST /xingrg/dwr/call/plaincall/AjaxYddbService.getMaterielByMap.dwr HTTP/1.1" 200 3776
116.238.248.233 - - [27/Nov/2021:10:17:46 +0800] "POST /xingrg/dwr/call/plaincall/AjaxYddbService.saveMaterielItem.dwr HTTP/1.1" 200 78
222.70.171.86 - - [27/Nov/2021:10:17:46 +0800] "GET /xingrg/all/function/internal_message.html?_=1637979483159&CODE_STATE=getMsg HTTP/1.1" 302 -
222.70.171.86 - - [27/Nov/2021:10:17:47 +0800] "GET /xingrg/kc/buy/cgsh_order_operate.html?command=get_materiel&rest_code=00146&code=00101008125&supplier_code=00100005&order_time=2021-11-27 HTTP/1.1" 200 413
180.174.250.202 - - [27/Nov/2021:10:17:48 +0800] "GET /xingrg/all/function/internal_message.html?_=1637979461713&CODE_STATE=getMsg HTTP/1.1" 200 27
180.174.250.202 - - [27/Nov/2021:10:17:48 +0800] "GET /favicon.ico HTTP/1.1" 404 -
116.238.248.233 - - [27/Nov/2021:10:17:49 +0800] "POST /xingrg/dwr/call/plaincall/AjaxYddbService.checkOrder.dwr HTTP/1.1" 200 78
114.83.222.132 - - [27/Nov/2021:10:17:49 +0800] "GET /xingrg/kc/buy/cgsh_order_operate.html?command=get_materiel&rest_code=00149&code=00102005307&supplier_code=00100079&order_time=2021-11-27 HTTP/1.1" 200 420
180.157.253.6 - - [27/Nov/2021:10:17:52 +0800] "GET /xingrg/all/function/internal_message.html?_=1637979470239&CODE_STATE=getMsg HTTP/1.1" 200 27
180.157.253.6 - - [27/Nov/2021:10:17:52 +0800] "GET /xingrg/check_reg.html?_=1637979470241 HTTP/1.1" 200 22
116.235.94.0 - - [27/Nov/2021:10:17:53 +0800] "GET /xingrg/kc/buy/cgsh_order_operate.html?command=get_materiel&rest_code=00104&code=00101008350&supplier_code=00100005&order_time=2021-11-27 HTTP/1.1" 200 408
114.85.125.222 - - [27/Nov/2021:10:17:53 +0800] "GET /xingrg/all/function/internal_message.html?_=1637979440727&CODE_STATE=getMsg HTTP/1.1" 200 27
116.238.248.233 - - [27/Nov/2021:10:17:54 +0800] "GET /xingrg/kc/base/yddb_order_info.html?code=482021112700153 HTTP/1.1" 200 29464
116.238.248.233 - - [27/Nov/2021:10:17:54 +0800] "GET /xingrg/dwr/interface/AjaxYddbService.js HTTP/1.1" 200 13201
116.238.248.233 - - [27/Nov/2021:10:17:54 +0800] "GET /xingrg/dwr/interface/AjaxComOrderService.js HTTP/1.1" 200 18264
116.238.248.233 - - [27/Nov/2021:10:17:54 +0800] "GET /xingrg/dwr/engine.js HTTP/1.1" 200 43631
116.238.248.233 - - [27/Nov/2021:10:17:55 +0800] "POST /xingrg/dwr/call/plaincall/AjaxYddbService.loadMaterielItems.dwr HTTP/1.1" 200 444
180.174.250.202 - - [27/Nov/2021:10:17:56 +0800] "GET /xingrg/check_reg.html?_=1637979473809 HTTP/1.1" 200 22
180.174.250.202 - - [27/Nov/2021:10:17:56 +0800] "GET /xingrg/all/function/internal_message.html?_=1637979473815&CODE_STATE=getMsg HTTP/1.1" 200 27
222.70.171.86 - - [27/Nov/2021:10:17:57 +0800] "GET /xingrg/kc/buy/cgsh_order_operate.html?command=get_materiel&rest_code=00146&code=00101008225&supplier_code=00100005&order_time=2021-11-27 HTTP/1.1" 200 416
116.238.248.233 - - [27/Nov/2021:10:17:57 +0800] "GET /xingrg/kc/base/yddb_order_add.html HTTP/1.1" 200 29837
116.238.248.233 - - [27/Nov/2021:10:17:57 +0800] "GET /xingrg/dwr/interface/AjaxYddbService.js HTTP/1.1" 200 13201
116.238.248.233 - - [27/Nov/2021:10:17:57 +0800] "GET /xingrg/dwr/interface/AjaxComOrderService.js HTTP/1.1" 200 18264
116.238.248.233 - - [27/Nov/2021:10:17:57 +0800] "GET /xingrg/dwr/engine.js HTTP/1.1" 200 43631
222.70.171.86 - - [27/Nov/2021:10:18:00 +0800] "POST /xingrg/kc/buy/cgsh_order_operate.html HTTP/1.1" 200 2065
116.238.248.233 - - [27/Nov/2021:10:18:00 +0800] "POST /xingrg/dwr/call/plaincall/AjaxYddbService.getRestBases.dwr HTTP/1.1" 200 1535
116.238.248.233 - - [27/Nov/2021:10:18:04 +0800] "POST /xingrg/dwr/call/plaincall/AjaxYddbService.saveOrder.dwr HTTP/1.1" 200 78
116.228.172.94 - - [27/Nov/2021:10:18:05 +0800] "GET /xingrg/all/function/internal_message.html?_=1637979362914&CODE_STATE=getMsg HTTP/1.1" 200 27
116.228.172.94 - - [27/Nov/2021:10:18:05 +0800] "GET /xingrg/check_reg.html?_=1637979362916 HTTP/1.1" 200 22
114.83.222.132 - - [27/Nov/2021:10:18:06 +0800] "GET /xingrg/all/function/internal_message.html?_=1637979483985&CODE_STATE=getMsg HTTP/1.1" 200 27
116.227.210.113 - - [27/Nov/2021:10:18:07 +0800] "GET /xingrg/all/function/internal_message.html?_=1637979483601&CODE_STATE=getMsg HTTP/1.1" 200 27
116.238.248.233 - - [27/Nov/2021:10:18:07 +0800] "POST /xingrg/dwr/call/plaincall/AjaxComOrderService.getMaterielSearchList.dwr HTTP/1.1" 200 1812
116.238.248.233 - - [27/Nov/2021:10:18:09 +0800] "POST /xingrg/dwr/call/plaincall/AjaxYddbService.getMaterielByMap.dwr HTTP/1.1" 200 3800
116.238.248.233 - - [27/Nov/2021:10:18:11 +0800] "POST /xingrg/dwr/call/plaincall/AjaxYddbService.getUnitPrice.dwr HTTP/1.1" 200 86
222.70.171.86 - - [27/Nov/2021:10:18:11 +0800] "GET /xingrg/all/function/internal_message.html?_=1637979512282&CODE_STATE=getMsg HTTP/1.1" 200 27
220.250.46.102 - - [27/Nov/2021:10:18:12 +0800] "GET /xingrg/all/function/internal_message.html?_=1637979488645&CODE_STATE=getMsg HTTP/1.1" 200 27
222.70.171.86 - - [27/Nov/2021:10:18:12 +0800] "GET /xingrg/kc/buy/cgsh_order_operate.html?command=get_materiel&rest_code=00146&code=00101008156&supplier_code=00100005&order_time=2021-11-27 HTTP/1.1" 200 414
116.238.248.233 - - [27/Nov/2021:10:18:13 +0800] "POST /xingrg/dwr/call/plaincall/AjaxYddbService.saveMaterielItem.dwr HTTP/1.1" 200 78
61.151.178.165 - - [27/Nov/2021:10:18:14 +0800] "GET /xingrg/all/function/internal_message.html?_=1637979427255&CODE_STATE=getMsg HTTP/1.1" 302 -
124.78.153.86 - - [27/Nov/2021:10:18:14 +0800] "GET /xingrg/all/function/internal_message.html?_=1637979487235&CODE_STATE=getMsg HTTP/1.1" 200 27
61.151.178.165 - - [27/Nov/2021:10:18:15 +0800] "GET /xingrg/login.html HTTP/1.1" 200 7641
116.238.248.233 - - [27/Nov/2021:10:18:16 +0800] "POST /xingrg/dwr/call/plaincall/AjaxComOrderService.getMaterielSearchList.dwr HTTP/1.1" 200 5456
116.238.248.233 - - [27/Nov/2021:10:18:17 +0800] "POST /xingrg/dwr/call/plaincall/AjaxComOrderService.getMaterielSearchList.dwr HTTP/1.1" 200 1129
58.39.139.200 - - [27/Nov/2021:10:18:17 +0800] "GET /xingrg/all/function/internal_message.html?_=1637979429743&CODE_STATE=getMsg HTTP/1.1" 302 -
116.238.248.233 - - [27/Nov/2021:10:18:18 +0800] "POST /xingrg/dwr/call/plaincall/AjaxYddbService.getMaterielByMap.dwr HTTP/1.1" 200 3783
222.70.171.86 - - [27/Nov/2021:10:18:19 +0800] "GET /xingrg/all/function/internal_message.html?_=1637979516580&CODE_STATE=getMsg HTTP/1.1" 302 -
116.233.77.48 - - [27/Nov/2021:10:18:19 +0800] "GET /xingrg/all/function/internal_message.html?_=1637979496129&CODE_STATE=getMsg HTTP/1.1" 200 27
116.233.77.48 - - [27/Nov/2021:10:18:19 +0800] "GET /xingrg/check_reg.html?_=1637979496130 HTTP/1.1" 200 22
116.238.248.233 - - [27/Nov/2021:10:18:21 +0800] "POST /xingrg/dwr/call/plaincall/AjaxYddbService.getUnitPrice.dwr HTTP/1.1" 200 86
116.238.248.233 - - [27/Nov/2021:10:18:24 +0800] "POST /xingrg/dwr/call/plaincall/AjaxYddbService.saveMaterielItem.dwr HTTP/1.1" 200 79
116.238.248.233 - - [27/Nov/2021:10:18:26 +0800] "POST /xingrg/dwr/call/plaincall/AjaxComOrderService.getMaterielSearchList.dwr HTTP/1.1" 200 19550
116.238.248.233 - - [27/Nov/2021:10:18:26 +0800] "POST /xingrg/dwr/call/plaincall/AjaxComOrderService.getMaterielSearchList.dwr HTTP/1.1" 200 2306
58.37.231.44 - - [27/Nov/2021:10:18:27 +0800] "GET /xingrg/all/function/internal_message.html?_=1637979331549&CODE_STATE=getMsg HTTP/1.1" 200 27
116.238.248.233 - - [27/Nov/2021:10:18:28 +0800] "POST /xingrg/dwr/call/plaincall/AjaxYddbService.getMaterielByMap.dwr HTTP/1.1" 200 3783
116.238.248.233 - - [27/Nov/2021:10:18:31 +0800] "POST /xingrg/dwr/call/plaincall/AjaxYddbService.saveMaterielItem.dwr HTTP/1.1" 200 79
120.253.135.82 - - [27/Nov/2021:10:18:33 +0800] "GET /xingrg/all/function/internal_message.html?_=1637979285334&CODE_STATE=getMsg HTTP/1.1" 200 27
116.238.248.233 - - [27/Nov/2021:10:18:34 +0800] "POST /xingrg/dwr/call/plaincall/AjaxYddbService.checkOrder.dwr HTTP/1.1" 200 79
180.169.147.146 - - [27/Nov/2021:10:18:39 +0800] "GET /xingrg/all/function/internal_message.html?_=1637979504701&CODE_STATE=getMsg HTTP/1.1" 200 27
222.70.171.86 - - [27/Nov/2021:10:18:39 +0800] "GET /xingrg/kc/buy/cgsh_order_operate.html?command=get_materiel&rest_code=00146&code=00101008350&supplier_code=00100005&order_time=2021-11-27 HTTP/1.1" 200 408
180.169.147.146 - - [27/Nov/2021:10:18:39 +0800] "GET /xingrg/check_reg.html?_=1637979505125 HTTP/1.1" 200 22
116.238.248.233 - - [27/Nov/2021:10:18:39 +0800] "GET /xingrg/kc/base/yddb_order_info.html?code=482021112700154 HTTP/1.1" 200 29465
116.238.248.233 - - [27/Nov/2021:10:18:39 +0800] "GET /xingrg/dwr/interface/AjaxComOrderService.js HTTP/1.1" 200 18264
116.238.248.233 - - [27/Nov/2021:10:18:39 +0800] "GET /xingrg/dwr/interface/AjaxYddbService.js HTTP/1.1" 200 13201
116.238.248.233 - - [27/Nov/2021:10:18:39 +0800] "GET /xingrg/dwr/engine.js HTTP/1.1" 200 43631
116.238.248.233 - - [27/Nov/2021:10:18:39 +0800] "POST /xingrg/dwr/call/plaincall/AjaxYddbService.loadMaterielItems.dwr HTTP/1.1" 200 1184
116.235.94.0 - - [27/Nov/2021:10:18:41 +0800] "GET /xingrg/all/function/internal_message.html?_=1637979525821&CODE_STATE=getMsg HTTP/1.1" 200 27
180.157.253.6 - - [27/Nov/2021:10:18:42 +0800] "GET /xingrg/all/function/internal_message.html?_=1637979520181&CODE_STATE=getMsg HTTP/1.1" 200 27
116.238.248.233 - - [27/Nov/2021:10:18:42 +0800] "GET /xingrg/kc/base/yddb_order_add.html HTTP/1.1" 200 29837
116.238.248.233 - - [27/Nov/2021:10:18:42 +0800] "GET /xingrg/dwr/interface/AjaxYddbService.js HTTP/1.1" 200 13201
116.238.248.233 - - [27/Nov/2021:10:18:42 +0800] "GET /xingrg/dwr/interface/AjaxComOrderService.js HTTP/1.1" 200 18264
116.238.248.233 - - [27/Nov/2021:10:18:42 +0800] "GET /xingrg/dwr/engine.js HTTP/1.1" 200 43631
222.70.171.86 - - [27/Nov/2021:10:18:45 +0800] "GET /xingrg/check_reg.html?_=1637979541914 HTTP/1.1" 302 -
116.238.248.233 - - [27/Nov/2021:10:18:45 +0800] "POST /xingrg/dwr/call/plaincall/AjaxYddbService.getRestBases.dwr HTTP/1.1" 200 1535
180.174.250.202 - - [27/Nov/2021:10:18:45 +0800] "GET /xingrg/check_reg.html?_=1637979519079 HTTP/1.1" 200 22
222.70.171.86 - - [27/Nov/2021:10:18:46 +0800] "GET /xingrg/all/function/internal_message.html?_=1637979543174&CODE_STATE=getMsg HTTP/1.1" 302 -
180.174.250.202 - - [27/Nov/2021:10:18:48 +0800] "GET /xingrg/all/function/internal_message.html?_=1637979521716&CODE_STATE=getMsg HTTP/1.1" 200 27
116.238.248.233 - - [27/Nov/2021:10:18:50 +0800] "POST /xingrg/dwr/call/plaincall/AjaxYddbService.saveOrder.dwr HTTP/1.1" 200 78
180.157.253.6 - - [27/Nov/2021:10:18:52 +0800] "GET /xingrg/all/function/internal_message.html?_=1637979530240&CODE_STATE=getMsg HTTP/1.1" 200 27
114.85.125.222 - - [27/Nov/2021:10:18:53 +0800] "GET /xingrg/all/function/internal_message.html?_=1637979500734&CODE_STATE=getMsg HTTP/1.1" 200 27
116.238.248.233 - - [27/Nov/2021:10:18:53 +0800] "POST /xingrg/dwr/call/plaincall/AjaxComOrderService.getMaterielSearchList.dwr HTTP/1.1" 200 297
116.238.248.233 - - [27/Nov/2021:10:18:54 +0800] "POST /xingrg/dwr/call/plaincall/AjaxComOrderService.getMaterielSearchList.dwr HTTP/1.1" 200 297
222.70.171.86 - - [27/Nov/2021:10:18:54 +0800] "GET /xingrg/kc/buy/cgsh_order_operate.html?command=get_materiel&rest_code=00146&code=00101008558&supplier_code=00100005&order_time=2021-11-27 HTTP/1.1" 200 395
116.238.248.233 - - [27/Nov/2021:10:18:54 +0800] "POST /xingrg/dwr/call/plaincall/AjaxYddbService.getMaterielByMap.dwr HTTP/1.1" 200 3773
180.174.250.202 - - [27/Nov/2021:10:18:56 +0800] "GET /xingrg/all/function/internal_message.html?_=1637979533816&CODE_STATE=getMsg HTTP/1.1" 200 27
116.238.248.233 - - [27/Nov/2021:10:18:57 +0800] "POST /xingrg/dwr/call/plaincall/AjaxYddbService.saveMaterielItem.dwr HTTP/1.1" 200 78
116.238.248.233 - - [27/Nov/2021:10:18:59 +0800] "POST /xingrg/dwr/call/plaincall/AjaxComOrderService.getMaterielSearchList.dwr HTTP/1.1" 200 8550
116.238.248.233 - - [27/Nov/2021:10:19:00 +0800] "POST /xingrg/dwr/call/plaincall/AjaxComOrderService.getMaterielSearchList.dwr HTTP/1.1" 200 890
116.238.248.233 - - [27/Nov/2021:10:19:04 +0800] "POST /xingrg/dwr/call/plaincall/AjaxYddbService.getMaterielByMap.dwr HTTP/1.1" 200 3795
116.228.172.94 - - [27/Nov/2021:10:19:05 +0800] "GET /xingrg/all/function/internal_message.html?_=1637979422907&CODE_STATE=getMsg HTTP/1.1" 200 27
114.83.222.132 - - [27/Nov/2021:10:19:06 +0800] "GET /xingrg/all/function/internal_message.html?_=1637979543968&CODE_STATE=getMsg HTTP/1.1" 200 27
116.238.248.233 - - [27/Nov/2021:10:19:06 +0800] "POST /xingrg/dwr/call/plaincall/AjaxYddbService.getUnitPrice.dwr HTTP/1.1" 200 86
116.227.210.113 - - [27/Nov/2021:10:19:07 +0800] "GET /xingrg/all/function/internal_message.html?_=1637979543596&CODE_STATE=getMsg HTTP/1.1" 200 27
222.70.171.86 - - [27/Nov/2021:10:19:08 +0800] "GET /xingrg/kc/buy/cgsh_order_operate.html?command=get_materiel&rest_code=00146&code=00101008038&supplier_code=00100005&order_time=2021-11-27 HTTP/1.1" 200 412
116.238.248.233 - - [27/Nov/2021:10:19:09 +0800] "POST /xingrg/dwr/call/plaincall/AjaxYddbService.saveMaterielItem.dwr HTTP/1.1" 200 79
222.70.171.86 - - [27/Nov/2021:10:19:11 +0800] "GET /xingrg/all/function/internal_message.html?_=1637979572379&CODE_STATE=getMsg HTTP/1.1" 200 27
116.238.248.233 - - [27/Nov/2021:10:19:12 +0800] "POST /xingrg/dwr/call/plaincall/AjaxComOrderService.getMaterielSearchList.dwr HTTP/1.1" 200 7955
220.250.46.102 - - [27/Nov/2021:10:19:12 +0800] "GET /xingrg/all/function/internal_message.html?_=1637979548662&CODE_STATE=getMsg HTTP/1.1" 200 27
222.70.171.86 - - [27/Nov/2021:10:19:12 +0800] "POST /xingrg/kc/buy/cgsh_order_operate.html HTTP/1.1" 200 2065
116.238.248.233 - - [27/Nov/2021:10:19:12 +0800] "POST /xingrg/dwr/call/plaincall/AjaxComOrderService.getMaterielSearchList.dwr HTTP/1.1" 200 699
116.238.248.233 - - [27/Nov/2021:10:19:14 +0800] "POST /xingrg/dwr/call/plaincall/AjaxYddbService.getMaterielByMap.dwr HTTP/1.1" 200 3758
101.89.239.120 - - [27/Nov/2021:10:19:14 +0800] "GET /xingrg/all/function/internal_message.html?_=1637979487235&CODE_STATE=getMsg HTTP/1.1" 302 -
124.78.153.86 - - [27/Nov/2021:10:19:14 +0800] "GET /xingrg/all/function/internal_message.html?_=1637979547209&CODE_STATE=getMsg HTTP/1.1" 200 27
101.89.239.120 - - [27/Nov/2021:10:19:15 +0800] "GET /xingrg/login.html HTTP/1.1" 200 7641
116.238.248.233 - - [27/Nov/2021:10:19:16 +0800] "POST /xingrg/dwr/call/plaincall/AjaxYddbService.saveMaterielItem.dwr HTTP/1.1" 200 79
58.39.139.200 - - [27/Nov/2021:10:19:17 +0800] "GET /xingrg/all/function/internal_message.html?_=1637979489743&CODE_STATE=getMsg HTTP/1.1" 302 -
58.39.139.200 - - [27/Nov/2021:10:19:17 +0800] "GET /xingrg/check_reg.html?_=1637979489855 HTTP/1.1" 302 -
222.70.171.86 - - [27/Nov/2021:10:19:19 +0800] "GET /xingrg/all/function/internal_message.html?_=1637979576588&CODE_STATE=getMsg HTTP/1.1" 302 -
116.238.248.233 - - [27/Nov/2021:10:19:19 +0800] "POST /xingrg/dwr/call/plaincall/AjaxComOrderService.getMaterielSearchList.dwr HTTP/1.1" 200 19859
116.233.77.48 - - [27/Nov/2021:10:19:19 +0800] "GET /xingrg/all/function/internal_message.html?_=1637979556130&CODE_STATE=getMsg HTTP/1.1" 200 27
222.70.171.86 - - [27/Nov/2021:10:19:20 +0800] "GET /xingrg/kc/buy/cgsh_order_operate.html?command=get_materiel&rest_code=00146&code=00101008163&supplier_code=00100005&order_time=2021-11-27 HTTP/1.1" 200 409
116.238.248.233 - - [27/Nov/2021:10:19:20 +0800] "POST /xingrg/dwr/call/plaincall/AjaxComOrderService.getMaterielSearchList.dwr HTTP/1.1" 200 739
116.238.248.233 - - [27/Nov/2021:10:19:21 +0800] "POST /xingrg/dwr/call/plaincall/AjaxYddbService.getMaterielByMap.dwr HTTP/1.1" 200 3797
116.238.248.233 - - [27/Nov/2021:10:19:25 +0800] "POST /xingrg/dwr/call/plaincall/AjaxYddbService.saveMaterielItem.dwr HTTP/1.1" 200 79
