120.253.135.82 - - [27/Nov/2021:09:18:17 +0800] "GET /xingrg/check_reg.html?_=1637975669044 HTTP/1.1" 200 22
222.70.171.86 - - [27/Nov/2021:09:18:18 +0800] "GET /xingrg/all/function/internal_message.html?_=1637975915339&CODE_STATE=getMsg HTTP/1.1" 200 27
120.253.135.82 - - [27/Nov/2021:09:18:18 +0800] "GET /xingrg/all/function/internal_message.html?_=1637975670110&CODE_STATE=getMsg HTTP/1.1" 200 27
114.83.222.132 - - [27/Nov/2021:09:18:21 +0800] "GET /xingrg/kc/buy/cgsh_order_add.html HTTP/1.1" 200 64969
114.83.222.132 - - [27/Nov/2021:09:18:21 +0800] "POST /xingrg/kc/buy/cgsh_order_operate.html HTTP/1.1" 200 8245
114.83.222.132 - - [27/Nov/2021:09:18:21 +0800] "GET /xingrg/javascript/easyui/themes/default/validatebox.css HTTP/1.1" 404 1104
116.233.77.48 - - [27/Nov/2021:09:18:25 +0800] "GET /xingrg/kc/buy/cgsh_order_operate.html?command=get_materiel&rest_code=00109&code=00101008286&supplier_code=00100005&order_time=2021-11-27 HTTP/1.1" 200 408
58.37.231.44 - - [27/Nov/2021:09:18:28 +0800] "GET /xingrg/all/function/internal_message.html?_=1637975732493&CODE_STATE=getMsg HTTP/1.1" 200 27
180.174.250.202 - - [27/Nov/2021:09:18:33 +0800] "GET /favicon.ico HTTP/1.1" 404 -
180.174.250.202 - - [27/Nov/2021:09:18:33 +0800] "GET /favicon.ico HTTP/1.1" 404 -
180.174.250.202 - - [27/Nov/2021:09:18:34 +0800] "GET /favicon.ico HTTP/1.1" 404 -
180.174.250.202 - - [27/Nov/2021:09:18:34 +0800] "GET /favicon.ico HTTP/1.1" 404 -
180.174.250.202 - - [27/Nov/2021:09:18:36 +0800] "GET /xingrg/login.html HTTP/1.1" 200 7641
180.174.250.202 - - [27/Nov/2021:09:18:37 +0800] "GET /xingrg/images/blue/jxLogo.png HTTP/1.1" 304 -
180.174.250.202 - - [27/Nov/2021:09:18:37 +0800] "GET /xingrg/images/blue/login_bg.png HTTP/1.1" 304 -
180.174.250.202 - - [27/Nov/2021:09:18:37 +0800] "GET /xingrg/images/blue/srbg.png HTTP/1.1" 304 -
180.174.250.202 - - [27/Nov/2021:09:18:37 +0800] "GET /xingrg/images/blue/hj.png HTTP/1.1" 304 -
222.70.176.97 - - [27/Nov/2021:09:18:38 +0800] "GET /xingrg/all/function/internal_message.html?_=1637975911066&CODE_STATE=getMsg HTTP/1.1" 200 27
180.174.250.202 - - [27/Nov/2021:09:18:38 +0800] "GET /favicon.ico HTTP/1.1" 404 -
116.233.77.48 - - [27/Nov/2021:09:18:39 +0800] "GET /xingrg/kc/buy/cgsh_order_operate.html?command=get_materiel&rest_code=00109&code=00101008131&supplier_code=00100005&order_time=2021-11-27 HTTP/1.1" 200 408
180.174.250.202 - - [27/Nov/2021:09:18:42 +0800] "POST /xingrg/login.do HTTP/1.1" 302 -
180.174.250.202 - - [27/Nov/2021:09:18:42 +0800] "GET /xingrg/index.html?sysBaseUrl=http%3A%2F%2F180.169.147.146%3A18081%2Fxingrg%2F&costTime=37×tamp=1637975922278 HTTP/1.1" 200 17173
180.174.250.202 - - [27/Nov/2021:09:18:42 +0800] "GET /xingrg/javascript/jquery_easy_ui/themes/default/easyui.css HTTP/1.1" 304 -
180.174.250.202 - - [27/Nov/2021:09:18:42 +0800] "GET /xingrg/javascript/jquery_easy_ui/themes/icon.css HTTP/1.1" 304 -
180.174.250.202 - - [27/Nov/2021:09:18:42 +0800] "GET /xingrg/css/form.css HTTP/1.1" 304 -
180.174.250.202 - - [27/Nov/2021:09:18:42 +0800] "GET /xingrg/javascript/jquery-1.4.2.min.js HTTP/1.1" 304 -
180.174.250.202 - - [27/Nov/2021:09:18:42 +0800] "GET /xingrg/javascript/jquery_easy_ui/jquery.easyui.min.js HTTP/1.1" 304 -
180.174.250.202 - - [27/Nov/2021:09:18:42 +0800] "GET /xingrg/javascript/jquery_easy_ui/easyui-lang-zh_CN.js HTTP/1.1" 304 -
180.174.250.202 - - [27/Nov/2021:09:18:42 +0800] "GET /xingrg/javascript/jquery.form.js HTTP/1.1" 304 -
180.174.250.202 - - [27/Nov/2021:09:18:42 +0800] "GET /xingrg/javascript/jquery.utils.js HTTP/1.1" 304 -
180.174.250.202 - - [27/Nov/2021:09:18:42 +0800] "GET /xingrg/javascript/jquery.timers.js HTTP/1.1" 304 -
180.174.250.202 - - [27/Nov/2021:09:18:42 +0800] "GET /xingrg/images/blue/navBackgound.jpg HTTP/1.1" 304 -
180.174.250.202 - - [27/Nov/2021:09:18:42 +0800] "GET /xingrg/javascript/jquery_easy_ui/themes/icons/settle_new.png HTTP/1.1" 304 -
180.174.250.202 - - [27/Nov/2021:09:18:43 +0800] "GET /favicon.ico HTTP/1.1" 404 -
180.174.250.202 - - [27/Nov/2021:09:18:43 +0800] "POST /xingrg/all/common/load_tree.html?tree=area_rest_tree_json&manage=1 HTTP/1.1" 200 342
180.174.250.202 - - [27/Nov/2021:09:18:43 +0800] "GET /xingrg/images/blue/pingpu.png HTTP/1.1" 304 -
180.174.250.202 - - [27/Nov/2021:09:18:43 +0800] "GET /xingrg/javascript/jquery_easy_ui/themes/default/images/tabs_leftarrow.png HTTP/1.1" 304 -
180.174.250.202 - - [27/Nov/2021:09:18:43 +0800] "GET /xingrg/javascript/jquery_easy_ui/themes/default/images/tabs_rightarrow.png HTTP/1.1" 304 -
180.174.250.202 - - [27/Nov/2021:09:18:43 +0800] "GET /xingrg/javascript/jquery_easy_ui/themes/default/images/panel_tool_collapse.gif HTTP/1.1" 304 -
180.174.250.202 - - [27/Nov/2021:09:18:43 +0800] "GET /xingrg/all/function/internal_message.html?_=1637975916984&CODE_STATE=count HTTP/1.1" 200 11
180.174.250.202 - - [27/Nov/2021:09:18:43 +0800] "GET /xingrg/check_reg.html?_=1637975916985 HTTP/1.1" 200 22
180.174.250.202 - - [27/Nov/2021:09:18:43 +0800] "POST /xingrg/load_menu.html HTTP/1.1" 200 5138
180.157.253.6 - - [27/Nov/2021:09:18:43 +0800] "GET /xingrg/all/function/internal_message.html?_=1637975921363&CODE_STATE=getMsg HTTP/1.1" 200 27
180.174.250.202 - - [27/Nov/2021:09:18:43 +0800] "GET /xingrg/javascript/jquery_easy_ui/themes/default/images/tree_arrows.gif HTTP/1.1" 304 -
114.83.222.132 - - [27/Nov/2021:09:18:44 +0800] "GET /xingrg/kc/buy/cgsh_order_operate.html?command=get_materiel&rest_code=00149&code=00101011003&supplier_code=00100051&order_time=2021-11-27 HTTP/1.1" 200 432
180.174.250.202 - - [27/Nov/2021:09:18:44 +0800] "GET /xingrg/javascript/jquery_easy_ui/themes/default/images/tree_folder_open.gif HTTP/1.1" 304 -
180.174.250.202 - - [27/Nov/2021:09:18:44 +0800] "GET /xingrg/javascript/jquery_easy_ui/themes/icons/search_new.png HTTP/1.1" 304 -
180.174.250.202 - - [27/Nov/2021:09:18:44 +0800] "GET /xingrg/javascript/jquery_easy_ui/themes/default/images/tree_folder.gif HTTP/1.1" 304 -
180.174.250.202 - - [27/Nov/2021:09:18:44 +0800] "GET /xingrg/javascript/jquery_easy_ui/themes/icons/storage_new.png HTTP/1.1" 304 -
180.174.250.202 - - [27/Nov/2021:09:18:44 +0800] "GET /xingrg/javascript/jquery_easy_ui/themes/icons/forms_new.png HTTP/1.1" 304 -
180.174.250.202 - - [27/Nov/2021:09:18:44 +0800] "GET /xingrg/javascript/jquery_easy_ui/themes/default/images/tree_file.gif HTTP/1.1" 304 -
222.70.171.86 - - [27/Nov/2021:09:18:45 +0800] "GET /xingrg/check_reg.html?_=1637975941851 HTTP/1.1" 200 22
222.70.171.86 - - [27/Nov/2021:09:18:45 +0800] "GET /xingrg/all/function/internal_message.html?_=1637975942359&CODE_STATE=getMsg HTTP/1.1" 200 27
116.238.248.233 - - [27/Nov/2021:09:18:45 +0800] "GET /xingrg/all/function/internal_message.html?_=1637975921209&CODE_STATE=getMsg HTTP/1.1" 200 27
180.174.250.202 - - [27/Nov/2021:09:18:47 +0800] "GET /xingrg/javascript/jquery_easy_ui/themes/default/images/tabs_close.gif HTTP/1.1" 304 -
180.174.250.202 - - [27/Nov/2021:09:18:47 +0800] "GET /xingrg/css/base.css HTTP/1.1" 304 -
180.174.250.202 - - [27/Nov/2021:09:18:47 +0800] "GET /xingrg/css/site.css HTTP/1.1" 304 -
180.174.250.202 - - [27/Nov/2021:09:18:47 +0800] "GET /xingrg/javascript/easyui/themes/default/easyui.css HTTP/1.1" 304 -
180.174.250.202 - - [27/Nov/2021:09:18:47 +0800] "GET /xingrg/javascript/jquery_tools/datebox.css HTTP/1.1" 304 -
180.174.250.202 - - [27/Nov/2021:09:18:47 +0800] "GET /xingrg/javascript/easyui/themes/icon.css HTTP/1.1" 304 -
180.174.250.202 - - [27/Nov/2021:09:18:47 +0800] "GET /xingrg/javascript/auto/jquery.autocomplete.css HTTP/1.1" 304 -
180.174.250.202 - - [27/Nov/2021:09:18:47 +0800] "GET /xingrg/javascript/jquery_tools/table.css HTTP/1.1" 304 -
180.174.250.202 - - [27/Nov/2021:09:18:47 +0800] "GET /xingrg/javascript/jquery_tools/fix.css HTTP/1.1" 304 -
180.174.250.202 - - [27/Nov/2021:09:18:47 +0800] "GET /xingrg/javascript/jquery_tools/jquery.tools.extend.js HTTP/1.1" 304 -
180.174.250.202 - - [27/Nov/2021:09:18:47 +0800] "GET /xingrg/kc/buy/cgsh_order_list.html HTTP/1.1" 200 49140
180.174.250.202 - - [27/Nov/2021:09:18:47 +0800] "GET /xingrg/javascript/jquery_tools/jquery.tools.min.js HTTP/1.1" 304 -
180.174.250.202 - - [27/Nov/2021:09:18:47 +0800] "GET /xingrg/javascript/jquery_tools/jquery.tools.hotkey.js HTTP/1.1" 304 -
180.174.250.202 - - [27/Nov/2021:09:18:47 +0800] "GET /xingrg/javascript/jquery_tools/jquery.tools.table.js HTTP/1.1" 304 -
180.174.250.202 - - [27/Nov/2021:09:18:47 +0800] "GET /xingrg/javascript/auto/jquery.autocomplete.js HTTP/1.1" 304 -
180.174.250.202 - - [27/Nov/2021:09:18:47 +0800] "GET /xingrg/javascript/easyui/easyloader.js HTTP/1.1" 304 -
180.174.250.202 - - [27/Nov/2021:09:18:47 +0800] "GET /xingrg/javascript/jquery_tools/list_manager.js HTTP/1.1" 304 -
180.174.250.202 - - [27/Nov/2021:09:18:47 +0800] "GET /xingrg/javascript/jquery.cookie.js HTTP/1.1" 304 -
180.174.250.202 - - [27/Nov/2021:09:18:47 +0800] "GET /xingrg/javascript/print/LodopFuncs.js HTTP/1.1" 304 -
180.174.250.202 - - [27/Nov/2021:09:18:49 +0800] "GET /xingrg/javascript/easyui/themes/icons/field_new.png HTTP/1.1" 304 -
180.174.250.202 - - [27/Nov/2021:09:18:49 +0800] "GET /xingrg/javascript/easyui/themes/icons/check_new.png HTTP/1.1" 304 -
180.174.250.202 - - [27/Nov/2021:09:18:49 +0800] "GET /xingrg/javascript/easyui/themes/icons/import_new.png HTTP/1.1" 304 -
180.174.250.202 - - [27/Nov/2021:09:18:49 +0800] "GET /xingrg/javascript/easyui/themes/icons/cance_new.png HTTP/1.1" 304 -
180.174.250.202 - - [27/Nov/2021:09:18:49 +0800] "GET /xingrg/javascript/easyui/themes/icons/edit_add_new.png HTTP/1.1" 304 -
180.174.250.202 - - [27/Nov/2021:09:18:49 +0800] "GET /xingrg/javascript/easyui/plugins/jquery.parser.js HTTP/1.1" 304 -
180.174.250.202 - - [27/Nov/2021:09:18:49 +0800] "GET /xingrg/images/control/ajaxLoader.gif HTTP/1.1" 304 -
180.174.250.202 - - [27/Nov/2021:09:18:50 +0800] "POST /xingrg/kc/buy/cgsh_list_operate.html HTTP/1.1" 200 876
180.174.250.202 - - [27/Nov/2021:09:18:50 +0800] "GET /xingrg/javascript/easyui/themes/default/images/button_plain_hover.png HTTP/1.1" 304 -
180.174.250.202 - - [27/Nov/2021:09:18:51 +0800] "GET /xingrg/javascript/pic_change.js HTTP/1.1" 304 -
180.174.250.202 - - [27/Nov/2021:09:18:51 +0800] "GET /xingrg/javascript/jquery_tools/order_manager.js HTTP/1.1" 304 -
180.174.250.202 - - [27/Nov/2021:09:18:51 +0800] "GET /xingrg/javascript/convert.js HTTP/1.1" 304 -
180.174.250.202 - - [27/Nov/2021:09:18:51 +0800] "GET /xingrg/javascript/json2.js HTTP/1.1" 304 -
180.174.250.202 - - [27/Nov/2021:09:18:51 +0800] "GET /xingrg/javascript/print/kc_print.js HTTP/1.1" 304 -
180.174.250.202 - - [27/Nov/2021:09:18:51 +0800] "GET /xingrg/kc/buy/cgsh_order_add.html HTTP/1.1" 200 64875
180.157.253.6 - - [27/Nov/2021:09:18:52 +0800] "GET /xingrg/all/function/internal_message.html?_=1637975930127&CODE_STATE=getMsg HTTP/1.1" 200 27
180.174.250.202 - - [27/Nov/2021:09:18:52 +0800] "GET /xingrg/javascript/easyui/themes/icons/copy_new.png HTTP/1.1" 304 -
180.174.250.202 - - [27/Nov/2021:09:18:52 +0800] "GET /xingrg/javascript/easyui/themes/icons/template_new.png HTTP/1.1" 304 -
180.174.250.202 - - [27/Nov/2021:09:18:52 +0800] "GET /xingrg/words/20211126233806_words.js HTTP/1.1" 200 875490
180.174.250.202 - - [27/Nov/2021:09:18:52 +0800] "GET /xingrg/javascript/easyui/themes/icons/cancel.png HTTP/1.1" 304 -
180.174.250.202 - - [27/Nov/2021:09:18:52 +0800] "GET /xingrg/javascript/easyui/themes/icons/print.png HTTP/1.1" 304 -
180.174.250.202 - - [27/Nov/2021:09:18:52 +0800] "GET /xingrg/javascript/easyui/themes/default/images/menu_downarrow.png HTTP/1.1" 304 -
180.174.250.202 - - [27/Nov/2021:09:18:52 +0800] "GET /xingrg/javascript/easyui/themes/icons/ok.png HTTP/1.1" 304 -
114.85.125.222 - - [27/Nov/2021:09:18:53 +0800] "GET /xingrg/all/function/internal_message.html?_=1637975899919&CODE_STATE=getMsg HTTP/1.1" 200 27
180.174.250.202 - - [27/Nov/2021:09:18:54 +0800] "POST /xingrg/kc/buy/cgsh_order_operate.html HTTP/1.1" 200 8245
114.83.222.132 - - [27/Nov/2021:09:18:55 +0800] "GET /xingrg/kc/buy/cgsh_order_operate.html?command=get_materiel&rest_code=00149&code=00101011001&supplier_code=00100051&order_time=2021-11-27 HTTP/1.1" 200 423
180.174.250.202 - - [27/Nov/2021:09:18:55 +0800] "GET /xingrg/javascript/easyui/themes/icons/edit_remove.png HTTP/1.1" 304 -
180.174.250.202 - - [27/Nov/2021:09:18:55 +0800] "GET /xingrg/all/common/auto_word.html?type=employee&rest_code=00102 HTTP/1.1" 200 189
180.174.250.202 - - [27/Nov/2021:09:18:55 +0800] "GET /xingrg/all/common/auto_word.html?type=employee&rest_code=00102 HTTP/1.1" 200 189
180.174.250.202 - - [27/Nov/2021:09:18:56 +0800] "GET /xingrg/javascript/easyui/themes/default/validatebox.css HTTP/1.1" 404 1104
180.174.250.202 - - [27/Nov/2021:09:18:56 +0800] "GET /xingrg/javascript/easyui/plugins/jquery.validatebox.js HTTP/1.1" 304 -
180.174.250.202 - - [27/Nov/2021:09:18:56 +0800] "GET /xingrg/javascript/easyui/plugins/jquery.numberbox.js HTTP/1.1" 304 -
180.174.250.202 - - [27/Nov/2021:09:19:03 +0800] "GET /xingrg/javascript/auto/indicator.gif HTTP/1.1" 404 1066
114.83.222.132 - - [27/Nov/2021:09:19:07 +0800] "POST /xingrg/kc/buy/cgsh_order_operate.html HTTP/1.1" 200 37
116.227.210.113 - - [27/Nov/2021:09:19:07 +0800] "GET /xingrg/all/function/internal_message.html?_=1637975941895&CODE_STATE=getMsg HTTP/1.1" 200 27
116.233.77.48 - - [27/Nov/2021:09:19:08 +0800] "GET /xingrg/kc/buy/cgsh_order_operate.html?command=get_materiel&rest_code=00109&code=00101008353&supplier_code=00100005&order_time=2021-11-27 HTTP/1.1" 200 408
222.70.171.86 - - [27/Nov/2021:09:19:10 +0800] "GET /xingrg/all/function/internal_message.html?_=1637975970647&CODE_STATE=getMsg HTTP/1.1" 302 -
114.83.222.132 - - [27/Nov/2021:09:19:10 +0800] "POST /xingrg/kc/buy/cgsh_order_operate.html HTTP/1.1" 200 12
114.83.222.132 - - [27/Nov/2021:09:19:12 +0800] "GET /xingrg/kc/buy/cgsh_order_info.html?code=212021112711614 HTTP/1.1" 200 59878
114.83.222.132 - - [27/Nov/2021:09:19:12 +0800] "GET /xingrg/javascript/easyui/themes/default/validatebox.css HTTP/1.1" 404 1104
116.233.77.48 - - [27/Nov/2021:09:19:12 +0800] "GET /xingrg/all/function/internal_message.html?_=1637975948830&CODE_STATE=getMsg HTTP/1.1" 200 27
114.83.222.132 - - [27/Nov/2021:09:19:12 +0800] "POST /xingrg/kc/buy/cgsh_order_operate.html HTTP/1.1" 200 1207
114.83.222.132 - - [27/Nov/2021:09:19:14 +0800] "GET /xingrg/kc/print/load_data.html?order_code=212021112711614&kc_code=cgsh&condition= HTTP/1.1" 200 955
116.233.77.48 - - [27/Nov/2021:09:19:17 +0800] "GET /xingrg/kc/buy/cgsh_order_operate.html?command=get_materiel&rest_code=00109&code=00101008298&supplier_code=00100005&order_time=2021-11-27 HTTP/1.1" 200 412
58.39.139.200 - - [27/Nov/2021:09:19:17 +0800] "GET /xingrg/all/function/internal_message.html?_=1637975889916&CODE_STATE=getMsg HTTP/1.1" 302 -
58.39.139.200 - - [27/Nov/2021:09:19:17 +0800] "GET /xingrg/check_reg.html?_=1637975890074 HTTP/1.1" 302 -
222.70.171.86 - - [27/Nov/2021:09:19:18 +0800] "GET /xingrg/all/function/internal_message.html?_=1637975975374&CODE_STATE=getMsg HTTP/1.1" 200 27
120.253.135.82 - - [27/Nov/2021:09:19:18 +0800] "GET /xingrg/all/function/internal_message.html?_=1637975730124&CODE_STATE=getMsg HTTP/1.1" 200 27
114.83.222.132 - - [27/Nov/2021:09:19:19 +0800] "GET /xingrg/kc/buy/cgsh_order_add.html HTTP/1.1" 200 64969
114.83.222.132 - - [27/Nov/2021:09:19:19 +0800] "POST /xingrg/kc/buy/cgsh_order_operate.html HTTP/1.1" 200 8245
114.83.222.132 - - [27/Nov/2021:09:19:19 +0800] "GET /xingrg/javascript/easyui/themes/default/validatebox.css HTTP/1.1" 404 1104
116.233.77.48 - - [27/Nov/2021:09:19:19 +0800] "POST /xingrg/kc/buy/cgsh_order_operate.html HTTP/1.1" 200 2065
116.233.77.48 - - [27/Nov/2021:09:19:25 +0800] "GET /xingrg/kc/buy/cgsh_order_operate.html?command=get_materiel&rest_code=00109&code=00101008290&supplier_code=00100005&order_time=2021-11-27 HTTP/1.1" 200 416
58.37.231.44 - - [27/Nov/2021:09:19:28 +0800] "GET /xingrg/all/function/internal_message.html?_=1637975792473&CODE_STATE=getMsg HTTP/1.1" 200 27
116.233.77.48 - - [27/Nov/2021:09:19:34 +0800] "GET /xingrg/kc/buy/cgsh_order_operate.html?command=get_materiel&rest_code=00109&code=00101008114&supplier_code=00100005&order_time=2021-11-27 HTTP/1.1" 200 413
222.70.176.97 - - [27/Nov/2021:09:19:38 +0800] "GET /xingrg/all/function/internal_message.html?_=1637975971051&CODE_STATE=getMsg HTTP/1.1" 200 27
116.233.77.48 - - [27/Nov/2021:09:19:43 +0800] "GET /xingrg/kc/buy/cgsh_order_operate.html?command=get_materiel&rest_code=00109&code=00101008168&supplier_code=00100005&order_time=2021-11-27 HTTP/1.1" 200 412
180.174.250.202 - - [27/Nov/2021:09:19:43 +0800] "GET /xingrg/all/function/internal_message.html?_=1637975977022&CODE_STATE=getMsg HTTP/1.1" 200 27
180.157.253.6 - - [27/Nov/2021:09:19:43 +0800] "GET /xingrg/all/function/internal_message.html?_=1637975981348&CODE_STATE=getMsg HTTP/1.1" 200 27
116.238.248.233 - - [27/Nov/2021:09:19:45 +0800] "GET /xingrg/all/function/internal_message.html?_=1637975981225&CODE_STATE=getMsg HTTP/1.1" 200 27
222.70.171.86 - - [27/Nov/2021:09:19:45 +0800] "GET /xingrg/all/function/internal_message.html?_=1637976002372&CODE_STATE=getMsg HTTP/1.1" 200 27
114.83.222.132 - - [27/Nov/2021:09:19:47 +0800] "GET /xingrg/kc/buy/cgsh_order_operate.html?command=get_materiel&rest_code=00149&code=00102002453&supplier_code=00100072&order_time=2021-11-27 HTTP/1.1" 200 433
116.233.77.48 - - [27/Nov/2021:09:19:51 +0800] "GET /xingrg/kc/buy/cgsh_order_operate.html?command=get_materiel&rest_code=00109&code=00101008110&supplier_code=00100005&order_time=2021-11-27 HTTP/1.1" 200 409
180.157.253.6 - - [27/Nov/2021:09:19:52 +0800] "GET /xingrg/all/function/internal_message.html?_=1637975990122&CODE_STATE=getMsg HTTP/1.1" 200 27
114.85.125.222 - - [27/Nov/2021:09:19:53 +0800] "GET /xingrg/all/function/internal_message.html?_=1637975959938&CODE_STATE=getMsg HTTP/1.1" 200 27
222.70.176.97 - - [27/Nov/2021:09:19:54 +0800] "GET /xingrg/check_reg.html?_=1637975987485 HTTP/1.1" 200 22
116.233.77.48 - - [27/Nov/2021:09:19:59 +0800] "GET /xingrg/kc/buy/cgsh_order_operate.html?command=get_materiel&rest_code=00109&code=00101008155&supplier_code=00100005&order_time=2021-11-27 HTTP/1.1" 200 408
116.233.77.48 - - [27/Nov/2021:09:20:01 +0800] "POST /xingrg/kc/buy/cgsh_order_operate.html HTTP/1.1" 200 2065
116.233.77.48 - - [27/Nov/2021:09:20:06 +0800] "GET /xingrg/kc/buy/cgsh_order_operate.html?command=get_materiel&rest_code=00109&code=00101008123&supplier_code=00100005&order_time=2021-11-27 HTTP/1.1" 200 412
116.227.210.113 - - [27/Nov/2021:09:20:07 +0800] "GET /xingrg/all/function/internal_message.html?_=1637976001886&CODE_STATE=getMsg HTTP/1.1" 200 27
114.83.222.132 - - [27/Nov/2021:09:20:07 +0800] "GET /xingrg/all/function/internal_message.html?_=1637976004910&CODE_STATE=getMsg HTTP/1.1" 200 27
114.83.222.132 - - [27/Nov/2021:09:20:07 +0800] "GET /xingrg/check_reg.html?_=1637976004913 HTTP/1.1" 200 22
222.70.171.86 - - [27/Nov/2021:09:20:10 +0800] "GET /xingrg/all/function/internal_message.html?_=1637976030651&CODE_STATE=getMsg HTTP/1.1" 302 -
116.233.77.48 - - [27/Nov/2021:09:20:12 +0800] "GET /xingrg/all/function/internal_message.html?_=1637976008836&CODE_STATE=getMsg HTTP/1.1" 200 27
116.233.77.48 - - [27/Nov/2021:09:20:16 +0800] "GET /xingrg/kc/buy/cgsh_order_operate.html?command=get_materiel&rest_code=00109&code=00101015046&supplier_code=00100005&order_time=2021-11-27 HTTP/1.1" 200 412
58.39.139.200 - - [27/Nov/2021:09:20:17 +0800] "GET /xingrg/all/function/internal_message.html?_=1637975949901&CODE_STATE=getMsg HTTP/1.1" 302 -
222.70.171.86 - - [27/Nov/2021:09:20:18 +0800] "GET /xingrg/all/function/internal_message.html?_=1637976035382&CODE_STATE=getMsg HTTP/1.1" 200 27
120.253.135.82 - - [27/Nov/2021:09:20:18 +0800] "GET /xingrg/all/function/internal_message.html?_=1637975790137&CODE_STATE=getMsg HTTP/1.1" 200 27
114.83.222.132 - - [27/Nov/2021:09:20:19 +0800] "POST /xingrg/kc/buy/cgsh_order_operate.html HTTP/1.1" 200 37
114.83.222.132 - - [27/Nov/2021:09:20:22 +0800] "POST /xingrg/kc/buy/cgsh_order_operate.html HTTP/1.1" 200 12
116.233.77.48 - - [27/Nov/2021:09:20:24 +0800] "GET /xingrg/kc/buy/cgsh_order_operate.html?command=get_materiel&rest_code=00109&code=00101015038&supplier_code=00100005&order_time=2021-11-27 HTTP/1.1" 200 418
114.83.222.132 - - [27/Nov/2021:09:20:25 +0800] "GET /xingrg/kc/buy/cgsh_order_info.html?code=212021112711615 HTTP/1.1" 200 59880
114.83.222.132 - - [27/Nov/2021:09:20:25 +0800] "GET /xingrg/javascript/easyui/themes/default/validatebox.css HTTP/1.1" 404 1104
114.83.222.132 - - [27/Nov/2021:09:20:26 +0800] "POST /xingrg/kc/buy/cgsh_order_operate.html HTTP/1.1" 200 1203
114.83.222.132 - - [27/Nov/2021:09:20:27 +0800] "GET /xingrg/kc/print/load_data.html?order_code=212021112711615&kc_code=cgsh&condition= HTTP/1.1" 200 943
58.37.231.44 - - [27/Nov/2021:09:20:28 +0800] "GET /xingrg/all/function/internal_message.html?_=1637975852446&CODE_STATE=getMsg HTTP/1.1" 200 27
116.233.77.48 - - [27/Nov/2021:09:20:32 +0800] "GET /xingrg/kc/buy/cgsh_order_operate.html?command=get_materiel&rest_code=00109&code=00101008323&supplier_code=00100005&order_time=2021-11-27 HTTP/1.1" 200 408
114.83.222.132 - - [27/Nov/2021:09:20:34 +0800] "GET /xingrg/kc/buy/cgsh_order_add.html HTTP/1.1" 200 64969
114.83.222.132 - - [27/Nov/2021:09:20:34 +0800] "POST /xingrg/kc/buy/cgsh_order_operate.html HTTP/1.1" 200 8245
114.83.222.132 - - [27/Nov/2021:09:20:34 +0800] "GET /xingrg/javascript/easyui/themes/default/validatebox.css HTTP/1.1" 404 1104
222.70.176.97 - - [27/Nov/2021:09:20:38 +0800] "GET /xingrg/all/function/internal_message.html?_=1637976031025&CODE_STATE=getMsg HTTP/1.1" 200 27
180.174.250.202 - - [27/Nov/2021:09:20:39 +0800] "GET /xingrg/kc/buy/cgsh_order_operate.html?command=get_materiel&rest_code=00102&code=00101016038&supplier_code=00100096&order_time=2021-11-27 HTTP/1.1" 200 408
114.85.125.222 - - [27/Nov/2021:09:20:41 +0800] "GET /xingrg/check_reg.html?_=1637976008151 HTTP/1.1" 200 22
116.233.77.48 - - [27/Nov/2021:09:20:43 +0800] "GET /xingrg/kc/buy/cgsh_order_operate.html?command=get_materiel&rest_code=00109&code=00101008261&supplier_code=00100005&order_time=2021-11-27 HTTP/1.1" 200 408
180.157.253.6 - - [27/Nov/2021:09:20:43 +0800] "GET /xingrg/all/function/internal_message.html?_=1637976041333&CODE_STATE=getMsg HTTP/1.1" 200 27
180.174.250.202 - - [27/Nov/2021:09:20:43 +0800] "GET /xingrg/all/function/internal_message.html?_=1637976037219&CODE_STATE=getMsg HTTP/1.1" 200 27
116.233.77.48 - - [27/Nov/2021:09:20:45 +0800] "POST /xingrg/kc/buy/cgsh_order_operate.html HTTP/1.1" 200 2065
116.238.248.233 - - [27/Nov/2021:09:20:45 +0800] "GET /xingrg/all/function/internal_message.html?_=1637976041227&CODE_STATE=getMsg HTTP/1.1" 200 27
222.70.171.86 - - [27/Nov/2021:09:20:45 +0800] "GET /xingrg/all/function/internal_message.html?_=1637976062385&CODE_STATE=getMsg HTTP/1.1" 200 27
180.174.250.202 - - [27/Nov/2021:09:20:50 +0800] "GET /xingrg/kc/buy/cgsh_order_operate.html?command=get_materiel&rest_code=00102&code=00101006056&supplier_code=00100096&order_time=2021-11-27 HTTP/1.1" 200 415
180.157.253.6 - - [27/Nov/2021:09:20:52 +0800] "GET /xingrg/all/function/internal_message.html?_=1637976050155&CODE_STATE=getMsg HTTP/1.1" 200 27
114.85.125.222 - - [27/Nov/2021:09:20:53 +0800] "GET /xingrg/all/function/internal_message.html?_=1637976019945&CODE_STATE=getMsg HTTP/1.1" 200 27
116.233.77.48 - - [27/Nov/2021:09:20:56 +0800] "GET /xingrg/kc/buy/cgsh_order_operate.html?command=get_materiel&rest_code=00109&code=00101008210&supplier_code=00100005&order_time=2021-11-27 HTTP/1.1" 200 408
58.37.231.44 - - [27/Nov/2021:09:20:58 +0800] "GET /xingrg/check_reg.html?_=1637975882007 HTTP/1.1" 200 22
180.157.253.6 - - [27/Nov/2021:09:21:01 +0800] "GET /xingrg/check_reg.html?_=1637976058870 HTTP/1.1" 200 22
180.174.250.202 - - [27/Nov/2021:09:21:02 +0800] "GET /xingrg/kc/buy/cgsh_order_operate.html?command=get_materiel&rest_code=00102&code=00101006109&supplier_code=00100096&order_time=2021-11-27 HTTP/1.1" 200 409
116.233.77.48 - - [27/Nov/2021:09:21:03 +0800] "GET /xingrg/kc/buy/cgsh_order_operate.html?command=get_materiel&rest_code=00109&code=00101008361&supplier_code=00100005&order_time=2021-11-27 HTTP/1.1" 200 408
116.227.210.113 - - [27/Nov/2021:09:21:07 +0800] "GET /xingrg/all/function/internal_message.html?_=1637976061895&CODE_STATE=getMsg HTTP/1.1" 200 27
114.83.222.132 - - [27/Nov/2021:09:21:07 +0800] "GET /xingrg/all/function/internal_message.html?_=1637976064884&CODE_STATE=getMsg HTTP/1.1" 200 27
222.70.171.86 - - [27/Nov/2021:09:21:08 +0800] "GET /xingrg/check_reg.html?_=1637976089018 HTTP/1.1" 302 -
116.238.248.233 - - [27/Nov/2021:09:21:09 +0800] "GET /xingrg/kc/buy/cgsh_order_list.html HTTP/1.1" 200 49146
222.70.171.86 - - [27/Nov/2021:09:21:10 +0800] "GET /xingrg/all/function/internal_message.html?_=1637976090665&CODE_STATE=getMsg HTTP/1.1" 302 -
116.238.248.233 - - [27/Nov/2021:09:21:12 +0800] "POST /xingrg/kc/buy/cgsh_list_operate.html HTTP/1.1" 200 2053
116.233.77.48 - - [27/Nov/2021:09:21:12 +0800] "GET /xingrg/kc/buy/cgsh_order_operate.html?command=get_materiel&rest_code=00109&code=00101008372&supplier_code=00100005&order_time=2021-11-27 HTTP/1.1" 200 410
116.233.77.48 - - [27/Nov/2021:09:21:12 +0800] "GET /xingrg/all/function/internal_message.html?_=1637976068835&CODE_STATE=getMsg HTTP/1.1" 200 27
116.238.248.233 - - [27/Nov/2021:09:21:15 +0800] "POST /xingrg/kc/buy/cgsh_list_operate.html HTTP/1.1" 200 583
180.174.250.202 - - [27/Nov/2021:09:21:15 +0800] "GET /xingrg/kc/buy/cgsh_order_operate.html?command=get_materiel&rest_code=00102&code=00101006195&supplier_code=00100096&order_time=2021-11-27 HTTP/1.1" 200 411
116.238.248.233 - - [27/Nov/2021:09:21:15 +0800] "GET /xingrg/kc/buy/cgsh_order_info.html?code=212021112711605 HTTP/1.1" 200 64808
114.83.222.132 - - [27/Nov/2021:09:21:15 +0800] "GET /xingrg/kc/buy/cgsh_order_operate.html?command=get_materiel&rest_code=00149&code=00101004065&supplier_code=00100083&order_time=2021-11-27 HTTP/1.1" 200 435
116.238.248.233 - - [27/Nov/2021:09:21:16 +0800] "GET /xingrg/javascript/easyui/themes/default/validatebox.css HTTP/1.1" 404 1104
116.238.248.233 - - [27/Nov/2021:09:21:16 +0800] "POST /xingrg/kc/buy/cgsh_order_operate.html HTTP/1.1" 200 22803
58.39.139.200 - - [27/Nov/2021:09:21:17 +0800] "GET /xingrg/all/function/internal_message.html?_=1637976009887&CODE_STATE=getMsg HTTP/1.1" 302 -
222.70.171.86 - - [27/Nov/2021:09:21:18 +0800] "GET /xingrg/all/function/internal_message.html?_=1637976095417&CODE_STATE=getMsg HTTP/1.1" 200 27
116.233.77.48 - - [27/Nov/2021:09:21:19 +0800] "GET /xingrg/kc/buy/cgsh_order_operate.html?command=get_materiel&rest_code=00109&code=00101008059&supplier_code=00100005&order_time=2021-11-27 HTTP/1.1" 200 409
116.238.248.233 - - [27/Nov/2021:09:21:24 +0800] "GET /xingrg/kc/buy/cgsh_order_operate.html?command=get_materiel&rest_code=00150&code=00101008353&supplier_code=00100007&order_time=2021-11-27 HTTP/1.1" 200 408
58.37.231.44 - - [27/Nov/2021:09:21:28 +0800] "GET /xingrg/all/function/internal_message.html?_=1637975912428&CODE_STATE=getMsg HTTP/1.1" 200 27
116.233.77.48 - - [27/Nov/2021:09:21:28 +0800] "GET /xingrg/kc/buy/cgsh_order_operate.html?command=get_materiel&rest_code=00109&code=00101008270&supplier_code=00100005&order_time=2021-11-27 HTTP/1.1" 200 412
180.174.250.202 - - [27/Nov/2021:09:21:31 +0800] "GET /xingrg/kc/buy/cgsh_order_operate.html?command=get_materiel&rest_code=00102&code=00101006144&supplier_code=00100096&order_time=2021-11-27 HTTP/1.1" 200 411
114.83.222.132 - - [27/Nov/2021:09:21:32 +0800] "GET /xingrg/kc/buy/cgsh_order_operate.html?command=get_materiel&rest_code=00149&code=00101004071&supplier_code=00100083&order_time=2021-11-27 HTTP/1.1" 200 409
116.238.248.233 - - [27/Nov/2021:09:21:33 +0800] "GET /xingrg/kc/buy/cgsh_order_operate.html?command=get_materiel&rest_code=00150&code=00101008114&supplier_code=00100007&order_time=2021-11-27 HTTP/1.1" 200 413
222.70.171.86 - - [27/Nov/2021:09:21:37 +0800] "POST /xingrg/services/DataTransmitService HTTP/1.1" 200 524
222.70.171.86 - - [27/Nov/2021:09:21:37 +0800] "POST /xingrg/services/DataTransmitService HTTP/1.1" 200 501
116.233.77.48 - - [27/Nov/2021:09:21:37 +0800] "GET /xingrg/kc/buy/cgsh_order_operate.html?command=get_materiel&rest_code=00109&code=00101008403&supplier_code=00100005&order_time=2021-11-27 HTTP/1.1" 200 412
222.70.176.97 - - [27/Nov/2021:09:21:38 +0800] "GET /xingrg/all/function/internal_message.html?_=1637976091008&CODE_STATE=getMsg HTTP/1.1" 200 27
222.70.171.86 - - [27/Nov/2021:09:21:38 +0800] "POST /xingrg/services/DataTransmitService HTTP/1.1" 200 524
222.70.171.86 - - [27/Nov/2021:09:21:38 +0800] "POST /xingrg/services/DataTransmitService HTTP/1.1" 200 501
116.233.77.48 - - [27/Nov/2021:09:21:39 +0800] "POST /xingrg/kc/buy/cgsh_order_operate.html HTTP/1.1" 200 2065
222.70.171.86 - - [27/Nov/2021:09:21:39 +0800] "POST /xingrg/services/DataTransmitService HTTP/1.1" 200 524
116.238.248.233 - - [27/Nov/2021:09:21:40 +0800] "GET /xingrg/kc/buy/cgsh_order_operate.html?command=get_materiel&rest_code=00150&code=00101008061&supplier_code=00100007&order_time=2021-11-27 HTTP/1.1" 200 422
222.70.171.86 - - [27/Nov/2021:09:21:41 +0800] "POST /xingrg/services/DataTransmitService HTTP/1.1" 200 501
180.174.250.202 - - [27/Nov/2021:09:21:41 +0800] "GET /xingrg/kc/buy/cgsh_order_operate.html?command=get_materiel&rest_code=00102&code=00101006111&supplier_code=00100096&order_time=2021-11-27 HTTP/1.1" 200 411
114.83.222.132 - - [27/Nov/2021:09:21:41 +0800] "GET /xingrg/kc/buy/cgsh_order_operate.html?command=get_materiel&rest_code=00149&code=00101004067&supplier_code=00100083&order_time=2021-11-27 HTTP/1.1" 200 413
222.70.171.86 - - [27/Nov/2021:09:21:43 +0800] "POST /xingrg/services/DataTransmitService HTTP/1.1" 200 524
180.157.253.6 - - [27/Nov/2021:09:21:43 +0800] "GET /xingrg/all/function/internal_message.html?_=1637976101306&CODE_STATE=getMsg HTTP/1.1" 200 27
180.174.250.202 - - [27/Nov/2021:09:21:43 +0800] "GET /xingrg/all/function/internal_message.html?_=1637976097229&CODE_STATE=getMsg HTTP/1.1" 200 27
116.238.248.233 - - [27/Nov/2021:09:21:45 +0800] "GET /xingrg/kc/buy/cgsh_order_operate.html?command=get_materiel&rest_code=00150&code=00101008236&supplier_code=00100007&order_time=2021-11-27 HTTP/1.1" 200 416
116.238.248.233 - - [27/Nov/2021:09:21:45 +0800] "GET /xingrg/all/function/internal_message.html?_=1637976101307&CODE_STATE=getMsg HTTP/1.1" 200 27
116.233.77.48 - - [27/Nov/2021:09:21:45 +0800] "GET /xingrg/kc/buy/cgsh_order_operate.html?command=get_materiel&rest_code=00109&code=00101008350&supplier_code=00100005&order_time=2021-11-27 HTTP/1.1" 200 408
222.70.171.86 - - [27/Nov/2021:09:21:45 +0800] "GET /xingrg/all/function/internal_message.html?_=1637976122402&CODE_STATE=getMsg HTTP/1.1" 200 27
116.238.248.233 - - [27/Nov/2021:09:21:50 +0800] "GET /xingrg/kc/buy/cgsh_order_operate.html?command=get_materiel&rest_code=00150&code=00101008096&supplier_code=00100007&order_time=2021-11-27 HTTP/1.1" 200 412
180.157.253.6 - - [27/Nov/2021:09:21:52 +0800] "GET /xingrg/all/function/internal_message.html?_=1637976110162&CODE_STATE=getMsg HTTP/1.1" 200 27
180.174.250.202 - - [27/Nov/2021:09:21:52 +0800] "GET /xingrg/kc/buy/cgsh_order_operate.html?command=get_materiel&rest_code=00102&code=00101006130&supplier_code=00100096&order_time=2021-11-27 HTTP/1.1" 200 427
114.83.222.132 - - [27/Nov/2021:09:21:52 +0800] "GET /xingrg/kc/buy/cgsh_order_operate.html?command=get_materiel&rest_code=00149&code=00101004074&supplier_code=00100083&order_time=2021-11-27 HTTP/1.1" 200 406
114.85.125.222 - - [27/Nov/2021:09:21:53 +0800] "GET /xingrg/all/function/internal_message.html?_=1637976079959&CODE_STATE=getMsg HTTP/1.1" 200 27
116.233.77.48 - - [27/Nov/2021:09:22:01 +0800] "GET /xingrg/kc/buy/cgsh_order_operate.html?command=get_materiel&rest_code=00109&code=00101008148&supplier_code=00100005&order_time=2021-11-27 HTTP/1.1" 200 416
116.238.248.233 - - [27/Nov/2021:09:22:01 +0800] "POST /xingrg/kc/buy/cgsh_order_operate.html HTTP/1.1" 200 37
114.83.222.132 - - [27/Nov/2021:09:22:03 +0800] "POST /xingrg/kc/buy/cgsh_order_operate.html HTTP/1.1" 200 37
116.238.248.233 - - [27/Nov/2021:09:22:03 +0800] "POST /xingrg/kc/buy/cgsh_order_operate.html HTTP/1.1" 200 25775
180.174.250.202 - - [27/Nov/2021:09:22:06 +0800] "GET /xingrg/kc/buy/cgsh_order_operate.html?command=get_materiel&rest_code=00102&code=00101006129&supplier_code=00100096&order_time=2021-11-27 HTTP/1.1" 200 431
116.227.210.113 - - [27/Nov/2021:09:22:07 +0800] "GET /xingrg/check_reg.html?_=1637976121887 HTTP/1.1" 200 22
116.227.210.113 - - [27/Nov/2021:09:22:07 +0800] "GET /xingrg/all/function/internal_message.html?_=1637976121889&CODE_STATE=getMsg HTTP/1.1" 200 27
114.83.222.132 - - [27/Nov/2021:09:22:07 +0800] "GET /xingrg/all/function/internal_message.html?_=1637976124869&CODE_STATE=getMsg HTTP/1.1" 200 27
114.83.222.132 - - [27/Nov/2021:09:22:08 +0800] "POST /xingrg/kc/buy/cgsh_order_operate.html HTTP/1.1" 200 12
116.233.77.48 - - [27/Nov/2021:09:22:08 +0800] "GET /xingrg/kc/buy/cgsh_order_operate.html?command=get_materiel&rest_code=00109&code=00101008357&supplier_code=00100005&order_time=2021-11-27 HTTP/1.1" 200 408
222.70.171.86 - - [27/Nov/2021:09:22:10 +0800] "GET /xingrg/all/function/internal_message.html?_=1637976150684&CODE_STATE=getMsg HTTP/1.1" 302 -
114.83.222.132 - - [27/Nov/2021:09:22:11 +0800] "GET /xingrg/kc/buy/cgsh_order_info.html?code=212021112711616 HTTP/1.1" 200 59876
114.83.222.132 - - [27/Nov/2021:09:22:11 +0800] "GET /xingrg/javascript/easyui/themes/default/validatebox.css HTTP/1.1" 404 1104
116.238.248.233 - - [27/Nov/2021:09:22:11 +0800] "POST /xingrg/all/user/operate.html HTTP/1.1" 200 36
116.238.248.233 - - [27/Nov/2021:09:22:11 +0800] "GET /xingrg/index.html?sysBaseUrl=http%3A%2F%2F180.169.147.146%3A18081%2Fxingrg%2F&costTime=38×tamp=1637975260355 HTTP/1.1" 200 17177
116.238.248.233 - - [27/Nov/2021:09:22:11 +0800] "GET /xingrg/javascript/jquery_easy_ui/themes/default/easyui.css HTTP/1.1" 304 -
116.238.248.233 - - [27/Nov/2021:09:22:11 +0800] "GET /xingrg/javascript/jquery_easy_ui/themes/icon.css HTTP/1.1" 304 -
116.238.248.233 - - [27/Nov/2021:09:22:11 +0800] "GET /xingrg/css/form.css HTTP/1.1" 304 -
116.238.248.233 - - [27/Nov/2021:09:22:11 +0800] "GET /xingrg/javascript/jquery-1.4.2.min.js HTTP/1.1" 304 -
116.238.248.233 - - [27/Nov/2021:09:22:11 +0800] "GET /xingrg/javascript/jquery_easy_ui/jquery.easyui.min.js HTTP/1.1" 304 -
116.238.248.233 - - [27/Nov/2021:09:22:11 +0800] "GET /xingrg/javascript/jquery_easy_ui/easyui-lang-zh_CN.js HTTP/1.1" 304 -
114.83.222.132 - - [27/Nov/2021:09:22:11 +0800] "POST /xingrg/kc/buy/cgsh_order_operate.html HTTP/1.1" 200 2388
116.238.248.233 - - [27/Nov/2021:09:22:11 +0800] "GET /xingrg/javascript/jquery.form.js HTTP/1.1" 304 -
116.238.248.233 - - [27/Nov/2021:09:22:11 +0800] "GET /xingrg/javascript/jquery.utils.js HTTP/1.1" 304 -
116.238.248.233 - - [27/Nov/2021:09:22:11 +0800] "GET /xingrg/javascript/jquery.timers.js HTTP/1.1" 304 -
116.238.248.233 - - [27/Nov/2021:09:22:11 +0800] "GET /xingrg/images/blue/jxLogo.png HTTP/1.1" 304 -
116.238.248.233 - - [27/Nov/2021:09:22:11 +0800] "GET /xingrg/images/blue/navBackgound.jpg HTTP/1.1" 304 -
116.238.248.233 - - [27/Nov/2021:09:22:11 +0800] "GET /xingrg/javascript/jquery_easy_ui/themes/icons/settle_new.png HTTP/1.1" 304 -
116.238.248.233 - - [27/Nov/2021:09:22:12 +0800] "POST /xingrg/all/common/load_tree.html?tree=area_rest_tree_json&manage=1 HTTP/1.1" 200 476
222.70.171.86 - - [27/Nov/2021:09:22:12 +0800] "GET /xingrg/check_reg.html?_=1637976148688 HTTP/1.1" 200 22
116.238.248.233 - - [27/Nov/2021:09:22:12 +0800] "GET /xingrg/all/function/internal_message.html?_=1637976127748&CODE_STATE=count HTTP/1.1" 200 11
116.238.248.233 - - [27/Nov/2021:09:22:12 +0800] "GET /xingrg/check_reg.html?_=1637976127749 HTTP/1.1" 200 22
116.238.248.233 - - [27/Nov/2021:09:22:12 +0800] "GET /xingrg/javascript/jquery_easy_ui/themes/default/images/tabs_rightarrow.png HTTP/1.1" 304 -
116.238.248.233 - - [27/Nov/2021:09:22:12 +0800] "GET /xingrg/javascript/jquery_easy_ui/themes/default/images/tabs_leftarrow.png HTTP/1.1" 304 -
116.238.248.233 - - [27/Nov/2021:09:22:12 +0800] "GET /xingrg/images/blue/pingpu.png HTTP/1.1" 304 -
116.238.248.233 - - [27/Nov/2021:09:22:12 +0800] "GET /xingrg/javascript/jquery_easy_ui/themes/default/images/panel_tool_collapse.gif HTTP/1.1" 304 -
116.238.248.233 - - [27/Nov/2021:09:22:12 +0800] "POST /xingrg/load_menu.html HTTP/1.1" 200 5138
116.233.77.48 - - [27/Nov/2021:09:22:12 +0800] "GET /xingrg/all/function/internal_message.html?_=1637976128836&CODE_STATE=getMsg HTTP/1.1" 200 27
116.233.77.48 - - [27/Nov/2021:09:22:12 +0800] "GET /xingrg/check_reg.html?_=1637976128838 HTTP/1.1" 200 22
58.221.95.50 - - [27/Nov/2021:09:22:12 +0800] "GET /xingrg/check_reg.html?_=1637976128511 HTTP/1.1" 302 -
114.83.222.132 - - [27/Nov/2021:09:22:13 +0800] "GET /xingrg/kc/print/load_data.html?order_code=212021112711616&kc_code=cgsh&condition= HTTP/1.1" 200 1404
116.238.248.233 - - [27/Nov/2021:09:22:14 +0800] "GET /xingrg/kc/buy/cgsh_order_list.html HTTP/1.1" 200 49144
116.238.248.233 - - [27/Nov/2021:09:22:15 +0800] "POST /xingrg/kc/buy/cgsh_list_operate.html HTTP/1.1" 200 876
116.238.248.233 - - [27/Nov/2021:09:22:15 +0800] "GET /xingrg/kc/buy/cgsh_order_add.html HTTP/1.1" 200 64520
116.238.248.233 - - [27/Nov/2021:09:22:16 +0800] "GET /xingrg/all/common/auto_word.html?type=employee&rest_code=00151 HTTP/1.1" 200 293
116.238.248.233 - - [27/Nov/2021:09:22:16 +0800] "GET /xingrg/javascript/easyui/themes/default/validatebox.css HTTP/1.1" 404 1104
116.238.248.233 - - [27/Nov/2021:09:22:16 +0800] "GET /xingrg/all/common/auto_word.html?type=employee&rest_code=00151 HTTP/1.1" 200 293
116.238.248.233 - - [27/Nov/2021:09:22:16 +0800] "POST /xingrg/kc/buy/cgsh_order_operate.html HTTP/1.1" 200 8245
116.238.248.233 - - [27/Nov/2021:09:22:16 +0800] "GET /xingrg/javascript/auto/indicator.gif HTTP/1.1" 404 1066
58.39.139.200 - - [27/Nov/2021:09:22:17 +0800] "GET /xingrg/all/function/internal_message.html?_=1637976069870&CODE_STATE=getMsg HTTP/1.1" 302 -
222.70.171.86 - - [27/Nov/2021:09:22:18 +0800] "POST /xingrg/services/DataTransmitService HTTP/1.1" 200 501
222.70.171.86 - - [27/Nov/2021:09:22:18 +0800] "POST /xingrg/services/DataTransmitService HTTP/1.1" 200 501
222.70.171.86 - - [27/Nov/2021:09:22:18 +0800] "GET /xingrg/all/function/internal_message.html?_=1637976155425&CODE_STATE=getMsg HTTP/1.1" 200 27
222.70.171.86 - - [27/Nov/2021:09:22:20 +0800] "POST /xingrg/services/DataTransmitService HTTP/1.1" 200 501
116.233.77.48 - - [27/Nov/2021:09:22:20 +0800] "GET /xingrg/kc/buy/cgsh_order_operate.html?command=get_materiel&rest_code=00109&code=00101008350&supplier_code=00100005&order_time=2021-11-27 HTTP/1.1" 200 408
180.174.250.202 - - [27/Nov/2021:09:22:20 +0800] "GET /xingrg/kc/buy/cgsh_order_operate.html?command=get_materiel&rest_code=00102&code=00101007001&supplier_code=00100096&order_time=2021-11-27 HTTP/1.1" 200 409
222.70.171.86 - - [27/Nov/2021:09:22:21 +0800] "POST /xingrg/services/DataTransmitService HTTP/1.1" 200 501
222.70.171.86 - - [27/Nov/2021:09:22:22 +0800] "POST /xingrg/services/DataTransmitService HTTP/1.1" 200 501
222.70.171.86 - - [27/Nov/2021:09:22:22 +0800] "POST /xingrg/services/DataTransmitService HTTP/1.1" 200 501
222.70.171.86 - - [27/Nov/2021:09:22:23 +0800] "POST /xingrg/services/DataTransmitService HTTP/1.1" 200 501
116.238.248.233 - - [27/Nov/2021:09:22:23 +0800] "GET /xingrg/kc/buy/cgsh_order_operate.html?command=get_materiel&rest_code=00151&code=00101011005&supplier_code=00100047&order_time=2021-11-27 HTTP/1.1" 200 428
222.70.171.86 - - [27/Nov/2021:09:22:23 +0800] "POST /xingrg/services/DataTransmitService HTTP/1.1" 200 501
222.70.171.86 - - [27/Nov/2021:09:22:24 +0800] "POST /xingrg/services/DataTransmitService HTTP/1.1" 200 501
222.70.171.86 - - [27/Nov/2021:09:22:24 +0800] "POST /xingrg/services/DataTransmitService HTTP/1.1" 200 412
58.37.231.44 - - [27/Nov/2021:09:22:28 +0800] "GET /xingrg/all/function/internal_message.html?_=1637975972408&CODE_STATE=getMsg HTTP/1.1" 200 27
116.238.248.233 - - [27/Nov/2021:09:22:31 +0800] "GET /xingrg/kc/buy/cgsh_order_operate.html?command=get_materiel&rest_code=00151&code=00101011001&supplier_code=00100047&order_time=2021-11-27 HTTP/1.1" 200 423
180.174.250.202 - - [27/Nov/2021:09:22:32 +0800] "GET /xingrg/kc/buy/cgsh_order_operate.html?command=get_materiel&rest_code=00102&code=00101007077&supplier_code=00100096&order_time=2021-11-27 HTTP/1.1" 200 415
114.83.222.132 - - [27/Nov/2021:09:22:37 +0800] "GET /favicon.ico HTTP/1.1" 404 -
116.238.248.233 - - [27/Nov/2021:09:22:37 +0800] "GET /xingrg/kc/buy/cgsh_order_operate.html?command=get_materiel&rest_code=00151&code=00101011010&supplier_code=00100047&order_time=2021-11-27 HTTP/1.1" 200 418
116.233.77.48 - - [27/Nov/2021:09:22:37 +0800] "GET /xingrg/kc/buy/cgsh_order_operate.html?command=get_materiel&rest_code=00109&code=00101008350&supplier_code=00100005&order_time=2021-11-27 HTTP/1.1" 200 408
222.70.176.97 - - [27/Nov/2021:09:22:38 +0800] "GET /xingrg/all/function/internal_message.html?_=1637976150993&CODE_STATE=getMsg HTTP/1.1" 200 27
180.157.253.6 - - [27/Nov/2021:09:22:43 +0800] "GET /xingrg/all/function/internal_message.html?_=1637976161292&CODE_STATE=getMsg HTTP/1.1" 200 27
116.238.248.233 - - [27/Nov/2021:09:22:43 +0800] "POST /xingrg/kc/buy/cgsh_order_operate.html HTTP/1.1" 200 37
180.174.250.202 - - [27/Nov/2021:09:22:43 +0800] "GET /xingrg/all/function/internal_message.html?_=1637976157243&CODE_STATE=getMsg HTTP/1.1" 200 27
116.233.77.48 - - [27/Nov/2021:09:22:45 +0800] "GET /xingrg/kc/buy/cgsh_order_operate.html?command=get_materiel&rest_code=00109&code=00101008036&supplier_code=00100005&order_time=2021-11-27 HTTP/1.1" 200 408
222.70.171.86 - - [27/Nov/2021:09:22:45 +0800] "GET /xingrg/all/function/internal_message.html?_=1637976182413&CODE_STATE=getMsg HTTP/1.1" 200 27
116.238.248.233 - - [27/Nov/2021:09:22:46 +0800] "POST /xingrg/kc/buy/cgsh_order_operate.html HTTP/1.1" 200 12
116.233.77.48 - - [27/Nov/2021:09:22:47 +0800] "POST /xingrg/kc/buy/cgsh_order_operate.html HTTP/1.1" 200 2065
116.238.248.233 - - [27/Nov/2021:09:22:47 +0800] "GET /xingrg/kc/buy/cgsh_order_info.html?code=212021112711617 HTTP/1.1" 200 59429
116.238.248.233 - - [27/Nov/2021:09:22:48 +0800] "GET /xingrg/javascript/easyui/themes/default/validatebox.css HTTP/1.1" 404 1104
116.238.248.233 - - [27/Nov/2021:09:22:48 +0800] "POST /xingrg/kc/buy/cgsh_order_operate.html HTTP/1.1" 200 1828
116.238.248.233 - - [27/Nov/2021:09:22:50 +0800] "GET /xingrg/kc/print/load_config.html?kc_code=cgsh HTTP/1.1" 200 2281
116.238.248.233 - - [27/Nov/2021:09:22:50 +0800] "GET /xingrg/kc/print/load_data.html?order_code=212021112711617&kc_code=cgsh&condition= HTTP/1.1" 200 1241
180.157.253.6 - - [27/Nov/2021:09:22:52 +0800] "GET /xingrg/check_reg.html?_=1637976170152 HTTP/1.1" 200 22
180.157.253.6 - - [27/Nov/2021:09:22:52 +0800] "GET /xingrg/all/function/internal_message.html?_=1637976170155&CODE_STATE=getMsg HTTP/1.1" 200 27
114.85.125.222 - - [27/Nov/2021:09:22:53 +0800] "GET /xingrg/all/function/internal_message.html?_=1637976139978&CODE_STATE=getMsg HTTP/1.1" 200 27
116.233.77.48 - - [27/Nov/2021:09:22:54 +0800] "GET /xingrg/kc/buy/cgsh_order_operate.html?command=get_materiel&rest_code=00109&code=00101008286&supplier_code=00100005&order_time=2021-11-27 HTTP/1.1" 200 408
116.238.248.233 - - [27/Nov/2021:09:22:55 +0800] "GET /xingrg/kc/buy/cgsh_order_add.html HTTP/1.1" 200 64520
116.238.248.233 - - [27/Nov/2021:09:22:55 +0800] "POST /xingrg/kc/buy/cgsh_order_operate.html HTTP/1.1" 200 8245
116.238.248.233 - - [27/Nov/2021:09:22:55 +0800] "GET /xingrg/javascript/easyui/themes/default/validatebox.css HTTP/1.1" 404 1104
180.174.250.202 - - [27/Nov/2021:09:23:02 +0800] "GET /xingrg/kc/buy/cgsh_order_operate.html?command=get_materiel&rest_code=00102&code=00101006259&supplier_code=00100096&order_time=2021-11-27 HTTP/1.1" 200 397
116.233.77.48 - - [27/Nov/2021:09:23:03 +0800] "GET /xingrg/kc/buy/cgsh_order_operate.html?command=get_materiel&rest_code=00109&code=00101008155&supplier_code=00100005&order_time=2021-11-27 HTTP/1.1" 200 408
116.238.248.233 - - [27/Nov/2021:09:23:04 +0800] "GET /xingrg/kc/buy/cgsh_order_operate.html?command=get_materiel&rest_code=00151&code=00101012025&supplier_code=00100096&order_time=2021-11-27 HTTP/1.1" 200 412
116.227.210.113 - - [27/Nov/2021:09:23:07 +0800] "GET /xingrg/all/function/internal_message.html?_=1637976181901&CODE_STATE=getMsg HTTP/1.1" 200 27
114.83.222.132 - - [27/Nov/2021:09:23:07 +0800] "GET /xingrg/all/function/internal_message.html?_=1637976184840&CODE_STATE=getMsg HTTP/1.1" 200 27
222.70.171.86 - - [27/Nov/2021:09:23:10 +0800] "GET /xingrg/all/function/internal_message.html?_=1637976210693&CODE_STATE=getMsg HTTP/1.1" 302 -
116.238.248.233 - - [27/Nov/2021:09:23:12 +0800] "GET /xingrg/all/function/internal_message.html?_=1637976187765&CODE_STATE=getMsg HTTP/1.1" 200 27
116.233.77.48 - - [27/Nov/2021:09:23:12 +0800] "GET /xingrg/all/function/internal_message.html?_=1637976188844&CODE_STATE=getMsg HTTP/1.1" 200 27
116.233.77.48 - - [27/Nov/2021:09:23:14 +0800] "GET /xingrg/kc/buy/cgsh_order_operate.html?command=get_materiel&rest_code=00109&code=00101008041&supplier_code=00100005&order_time=2021-11-27 HTTP/1.1" 200 408
58.39.139.200 - - [27/Nov/2021:09:23:17 +0800] "GET /xingrg/all/function/internal_message.html?_=1637976129855&CODE_STATE=getMsg HTTP/1.1" 302 -
116.238.248.233 - - [27/Nov/2021:09:23:17 +0800] "GET /xingrg/kc/buy/cgsh_order_operate.html?command=get_materiel&rest_code=00151&code=00101012019&supplier_code=00100096&order_time=2021-11-27 HTTP/1.1" 200 412
222.70.171.86 - - [27/Nov/2021:09:23:18 +0800] "GET /xingrg/all/function/internal_message.html?_=1637976215438&CODE_STATE=getMsg HTTP/1.1" 200 27
180.174.250.202 - - [27/Nov/2021:09:23:18 +0800] "GET /xingrg/kc/buy/cgsh_order_operate.html?command=get_materiel&rest_code=00102&code=00101012026&supplier_code=00100096&order_time=2021-11-27 HTTP/1.1" 200 408
116.233.77.48 - - [27/Nov/2021:09:23:27 +0800] "POST /xingrg/kc/buy/cgsh_order_operate.html HTTP/1.1" 200 37
58.37.231.44 - - [27/Nov/2021:09:23:28 +0800] "GET /xingrg/all/function/internal_message.html?_=1637976032380&CODE_STATE=getMsg HTTP/1.1" 200 27
116.233.77.48 - - [27/Nov/2021:09:23:30 +0800] "POST /xingrg/kc/buy/cgsh_order_operate.html HTTP/1.1" 200 45330
116.238.248.233 - - [27/Nov/2021:09:23:32 +0800] "GET /xingrg/kc/buy/cgsh_order_operate.html?command=get_materiel&rest_code=00151&code=00101001075&supplier_code=00100096&order_time=2021-11-27 HTTP/1.1" 200 411
222.70.176.97 - - [27/Nov/2021:09:23:38 +0800] "GET /xingrg/all/function/internal_message.html?_=1637976210977&CODE_STATE=getMsg HTTP/1.1" 200 27
180.157.253.6 - - [27/Nov/2021:09:23:40 +0800] "POST /xingrg/kc/buy/cgsh_order_operate.html HTTP/1.1" 200 37
180.157.253.6 - - [27/Nov/2021:09:23:42 +0800] "POST /xingrg/kc/buy/cgsh_order_operate.html HTTP/1.1" 200 41662
116.238.248.233 - - [27/Nov/2021:09:23:43 +0800] "GET /xingrg/kc/buy/cgsh_order_operate.html?command=get_materiel&rest_code=00151&code=00101006184&supplier_code=00100096&order_time=2021-11-27 HTTP/1.1" 200 410
180.174.250.202 - - [27/Nov/2021:09:23:43 +0800] "GET /xingrg/kc/buy/cgsh_order_operate.html?command=get_materiel&rest_code=00102&code=00101006133&supplier_code=00100096&order_time=2021-11-27 HTTP/1.1" 200 415
180.157.253.6 - - [27/Nov/2021:09:23:43 +0800] "GET /xingrg/all/function/internal_message.html?_=1637976221262&CODE_STATE=getMsg HTTP/1.1" 200 27
180.174.250.202 - - [27/Nov/2021:09:23:43 +0800] "GET /xingrg/check_reg.html?_=1637976217029 HTTP/1.1" 200 22
180.174.250.202 - - [27/Nov/2021:09:23:43 +0800] "GET /xingrg/all/function/internal_message.html?_=1637976217257&CODE_STATE=getMsg HTTP/1.1" 200 27
222.70.171.86 - - [27/Nov/2021:09:23:45 +0800] "GET /xingrg/check_reg.html?_=1637976241852 HTTP/1.1" 200 22
222.70.171.86 - - [27/Nov/2021:09:23:45 +0800] "GET /xingrg/all/function/internal_message.html?_=1637976242427&CODE_STATE=getMsg HTTP/1.1" 200 27
180.157.253.6 - - [27/Nov/2021:09:23:52 +0800] "GET /xingrg/all/function/internal_message.html?_=1637976230150&CODE_STATE=getMsg HTTP/1.1" 200 27
114.85.125.222 - - [27/Nov/2021:09:23:53 +0800] "GET /xingrg/all/function/internal_message.html?_=1637976199987&CODE_STATE=getMsg HTTP/1.1" 200 27
116.238.248.233 - - [27/Nov/2021:09:23:55 +0800] "GET /xingrg/kc/buy/cgsh_order_operate.html?command=get_materiel&rest_code=00151&code=00101006065&supplier_code=00100096&order_time=2021-11-27 HTTP/1.1" 200 428
116.227.210.113 - - [27/Nov/2021:09:24:07 +0800] "GET /xingrg/all/function/internal_message.html?_=1637976241900&CODE_STATE=getMsg HTTP/1.1" 200 27
114.83.222.132 - - [27/Nov/2021:09:24:07 +0800] "GET /xingrg/all/function/internal_message.html?_=1637976244825&CODE_STATE=getMsg HTTP/1.1" 200 27
116.238.248.233 - - [27/Nov/2021:09:24:09 +0800] "GET /xingrg/kc/buy/cgsh_order_operate.html?command=get_materiel&rest_code=00151&code=00101006168&supplier_code=00100096&order_time=2021-11-27 HTTP/1.1" 200 423
222.70.171.86 - - [27/Nov/2021:09:24:10 +0800] "GET /xingrg/all/function/internal_message.html?_=1637976270715&CODE_STATE=getMsg HTTP/1.1" 302 -
116.238.248.233 - - [27/Nov/2021:09:24:12 +0800] "GET /xingrg/all/function/internal_message.html?_=1637976247772&CODE_STATE=getMsg HTTP/1.1" 200 27
116.233.77.48 - - [27/Nov/2021:09:24:12 +0800] "GET /xingrg/all/function/internal_message.html?_=1637976248840&CODE_STATE=getMsg HTTP/1.1" 200 27
58.39.139.200 - - [27/Nov/2021:09:24:17 +0800] "GET /xingrg/all/function/internal_message.html?_=1637976189839&CODE_STATE=getMsg HTTP/1.1" 302 -
58.39.139.200 - - [27/Nov/2021:09:24:17 +0800] "GET /xingrg/check_reg.html?_=1637976190059 HTTP/1.1" 302 -
222.70.171.86 - - [27/Nov/2021:09:24:18 +0800] "GET /xingrg/all/function/internal_message.html?_=1637976275474&CODE_STATE=getMsg HTTP/1.1" 200 27
