116.238.248.233 - - [27/Nov/2021:09:08:09 +0800] "GET /xingrg/kc/buy/cgsh_order_operate.html?command=get_materiel&rest_code=00150&code=00101009062&supplier_code=00100424&order_time=2021-11-27 HTTP/1.1" 200 412
114.83.222.132 - - [27/Nov/2021:09:08:09 +0800] "GET /xingrg/kc/buy/cgsh_order_operate.html?command=get_materiel&rest_code=00149&code=00101006130&supplier_code=00100012&order_time=2021-11-27 HTTP/1.1" 200 427
222.70.171.86 - - [27/Nov/2021:09:08:10 +0800] "GET /xingrg/all/function/internal_message.html?_=1637975310489&CODE_STATE=getMsg HTTP/1.1" 302 -
222.70.176.97 - - [27/Nov/2021:09:08:12 +0800] "GET /xingrg/kc/buy/cgsh_order_operate.html?command=get_materiel&rest_code=00111&code=00101008323&supplier_code=00100005&order_time=2021-11-27 HTTP/1.1" 200 408
116.233.77.48 - - [27/Nov/2021:09:08:12 +0800] "GET /xingrg/all/function/internal_message.html?_=1637975288807&CODE_STATE=getMsg HTTP/1.1" 200 27
116.238.248.233 - - [27/Nov/2021:09:08:16 +0800] "GET /xingrg/kc/buy/cgsh_order_operate.html?command=get_materiel&rest_code=00150&code=00101009124&supplier_code=00100424&order_time=2021-11-27 HTTP/1.1" 200 402
58.39.139.200 - - [27/Nov/2021:09:08:16 +0800] "GET /xingrg/all/function/internal_message.html?_=1637975229693&CODE_STATE=getMsg HTTP/1.1" 200 27
120.253.135.82 - - [27/Nov/2021:09:08:17 +0800] "GET /xingrg/check_reg.html?_=1637975068857 HTTP/1.1" 200 22
222.70.171.86 - - [27/Nov/2021:09:08:18 +0800] "GET /xingrg/all/function/internal_message.html?_=1637975315125&CODE_STATE=getMsg HTTP/1.1" 200 27
120.253.135.82 - - [27/Nov/2021:09:08:18 +0800] "GET /xingrg/all/function/internal_message.html?_=1637975069771&CODE_STATE=getMsg HTTP/1.1" 200 27
114.83.222.132 - - [27/Nov/2021:09:08:19 +0800] "GET /xingrg/kc/buy/cgsh_order_operate.html?command=get_materiel&rest_code=00149&code=00101006109&supplier_code=00100012&order_time=2021-11-27 HTTP/1.1" 200 409
116.238.248.233 - - [27/Nov/2021:09:08:24 +0800] "GET /xingrg/kc/buy/cgsh_order_operate.html?command=get_materiel&rest_code=00150&code=00101009011&supplier_code=00100424&order_time=2021-11-27 HTTP/1.1" 200 416
114.83.222.132 - - [27/Nov/2021:09:08:25 +0800] "GET /xingrg/javascript/jquery_easy_ui/themes/icons/area.png HTTP/1.1" 200 262
114.83.222.132 - - [27/Nov/2021:09:08:25 +0800] "GET /xingrg/javascript/jquery_easy_ui/themes/icons/rest.png HTTP/1.1" 200 695
222.70.176.97 - - [27/Nov/2021:09:08:26 +0800] "GET /xingrg/kc/buy/cgsh_order_operate.html?command=get_materiel&rest_code=00111&code=00101008350&supplier_code=00100005&order_time=2021-11-27 HTTP/1.1" 200 408
58.37.231.44 - - [27/Nov/2021:09:08:28 +0800] "GET /xingrg/all/function/internal_message.html?_=1637975132687&CODE_STATE=getMsg HTTP/1.1" 200 27
114.83.222.132 - - [27/Nov/2021:09:08:30 +0800] "POST /xingrg/kc/buy/cgsh_order_operate.html HTTP/1.1" 200 37
222.70.171.86 - - [27/Nov/2021:09:08:33 +0800] "POST /xingrg/services/DataTransmitService HTTP/1.1" 200 524
222.70.176.97 - - [27/Nov/2021:09:08:36 +0800] "GET /xingrg/kc/buy/cgsh_order_operate.html?command=get_materiel&rest_code=00111&code=00101008112&supplier_code=00100005&order_time=2021-11-27 HTTP/1.1" 200 412
222.70.176.97 - - [27/Nov/2021:09:08:38 +0800] "GET /xingrg/all/function/internal_message.html?_=1637975311026&CODE_STATE=getMsg HTTP/1.1" 200 27
116.238.248.233 - - [27/Nov/2021:09:08:39 +0800] "GET /xingrg/kc/buy/cgsh_order_operate.html?command=get_materiel&rest_code=00150&code=00101009045&supplier_code=00100424&order_time=2021-11-27 HTTP/1.1" 200 412
180.157.253.6 - - [27/Nov/2021:09:08:43 +0800] "GET /xingrg/all/function/internal_message.html?_=1637975321596&CODE_STATE=getMsg HTTP/1.1" 200 27
222.70.171.86 - - [27/Nov/2021:09:08:45 +0800] "GET /xingrg/check_reg.html?_=1637975341843 HTTP/1.1" 200 22
114.83.222.132 - - [27/Nov/2021:09:08:45 +0800] "POST /xingrg/kc/buy/cgsh_order_operate.html HTTP/1.1" 200 12
116.238.248.233 - - [27/Nov/2021:09:08:45 +0800] "GET /xingrg/all/function/internal_message.html?_=1637975321162&CODE_STATE=getMsg HTTP/1.1" 200 27
222.70.171.86 - - [27/Nov/2021:09:08:45 +0800] "GET /xingrg/all/function/internal_message.html?_=1637975342207&CODE_STATE=getMsg HTTP/1.1" 200 27
114.83.222.132 - - [27/Nov/2021:09:08:47 +0800] "GET /xingrg/kc/buy/cgsh_order_info.html?code=212021112711606 HTTP/1.1" 200 59878
114.83.222.132 - - [27/Nov/2021:09:08:47 +0800] "GET /xingrg/javascript/easyui/themes/default/validatebox.css HTTP/1.1" 404 1104
222.70.176.97 - - [27/Nov/2021:09:08:47 +0800] "GET /xingrg/kc/buy/cgsh_order_operate.html?command=get_materiel&rest_code=00111&code=00101008633&supplier_code=00100005&order_time=2021-11-27 HTTP/1.1" 200 400
114.83.222.132 - - [27/Nov/2021:09:08:47 +0800] "POST /xingrg/kc/buy/cgsh_order_operate.html HTTP/1.1" 200 1805
114.83.222.132 - - [27/Nov/2021:09:08:49 +0800] "GET /xingrg/kc/print/load_data.html?order_code=212021112711606&kc_code=cgsh&condition= HTTP/1.1" 200 1260
116.238.248.233 - - [27/Nov/2021:09:08:51 +0800] "GET /xingrg/kc/buy/cgsh_order_operate.html?command=get_materiel&rest_code=00150&code=00101009016&supplier_code=00100424&order_time=2021-11-27 HTTP/1.1" 200 412
180.157.253.6 - - [27/Nov/2021:09:08:52 +0800] "GET /xingrg/all/function/internal_message.html?_=1637975330131&CODE_STATE=getMsg HTTP/1.1" 200 27
222.70.176.97 - - [27/Nov/2021:09:08:52 +0800] "POST /xingrg/kc/buy/cgsh_order_operate.html HTTP/1.1" 200 2065
114.85.125.222 - - [27/Nov/2021:09:08:52 +0800] "GET /xingrg/all/function/internal_message.html?_=1637975299783&CODE_STATE=getMsg HTTP/1.1" 200 27
222.70.176.97 - - [27/Nov/2021:09:08:59 +0800] "GET /xingrg/kc/buy/cgsh_order_operate.html?command=get_materiel&rest_code=00111&code=00101008121&supplier_code=00100005&order_time=2021-11-27 HTTP/1.1" 200 413
116.238.248.233 - - [27/Nov/2021:09:09:02 +0800] "POST /xingrg/kc/buy/cgsh_order_operate.html HTTP/1.1" 200 37
116.238.248.233 - - [27/Nov/2021:09:09:03 +0800] "POST /xingrg/kc/buy/cgsh_order_operate.html HTTP/1.1" 200 6215
222.70.171.86 - - [27/Nov/2021:09:09:06 +0800] "POST /xingrg/services/DataTransmitService HTTP/1.1" 200 501
222.70.171.86 - - [27/Nov/2021:09:09:06 +0800] "POST /xingrg/services/DataTransmitService HTTP/1.1" 200 501
114.83.222.132 - - [27/Nov/2021:09:09:07 +0800] "GET /xingrg/all/function/internal_message.html?_=1637975344867&CODE_STATE=getMsg HTTP/1.1" 200 27
58.39.139.200 - - [27/Nov/2021:09:09:08 +0800] "POST /xingrg/kc/buy/cgsh_order_operate.html HTTP/1.1" 200 37
222.70.171.86 - - [27/Nov/2021:09:09:08 +0800] "POST /xingrg/services/DataTransmitService HTTP/1.1" 200 501
58.39.139.200 - - [27/Nov/2021:09:09:09 +0800] "POST /xingrg/kc/buy/cgsh_order_operate.html HTTP/1.1" 200 3836
222.70.171.86 - - [27/Nov/2021:09:09:10 +0800] "GET /xingrg/all/function/internal_message.html?_=1637975370513&CODE_STATE=getMsg HTTP/1.1" 302 -
222.70.171.86 - - [27/Nov/2021:09:09:10 +0800] "POST /xingrg/services/DataTransmitService HTTP/1.1" 200 501
222.70.171.86 - - [27/Nov/2021:09:09:11 +0800] "POST /xingrg/services/DataTransmitService HTTP/1.1" 200 501
222.70.171.86 - - [27/Nov/2021:09:09:11 +0800] "POST /xingrg/services/DataTransmitService HTTP/1.1" 200 501
222.70.171.86 - - [27/Nov/2021:09:09:11 +0800] "POST /xingrg/services/DataTransmitService HTTP/1.1" 200 501
222.70.171.86 - - [27/Nov/2021:09:09:12 +0800] "POST /xingrg/services/DataTransmitService HTTP/1.1" 200 501
222.70.171.86 - - [27/Nov/2021:09:09:12 +0800] "POST /xingrg/services/DataTransmitService HTTP/1.1" 200 501
222.70.171.86 - - [27/Nov/2021:09:09:12 +0800] "POST /xingrg/services/DataTransmitService HTTP/1.1" 200 412
116.233.77.48 - - [27/Nov/2021:09:09:12 +0800] "GET /xingrg/all/function/internal_message.html?_=1637975348809&CODE_STATE=getMsg HTTP/1.1" 200 27
58.39.139.200 - - [27/Nov/2021:09:09:13 +0800] "GET /xingrg/kc/print/load_data.html?order_code=212021112711608&kc_code=cgsh&condition= HTTP/1.1" 200 1188
114.83.222.132 - - [27/Nov/2021:09:09:14 +0800] "GET /xingrg/kc/buy/cgsh_order_add.html HTTP/1.1" 200 64969
114.83.222.132 - - [27/Nov/2021:09:09:14 +0800] "POST /xingrg/kc/buy/cgsh_order_operate.html HTTP/1.1" 200 8245
114.83.222.132 - - [27/Nov/2021:09:09:14 +0800] "GET /xingrg/javascript/easyui/themes/default/validatebox.css HTTP/1.1" 404 1104
58.39.139.200 - - [27/Nov/2021:09:09:17 +0800] "GET /xingrg/all/function/internal_message.html?_=1637975290107&CODE_STATE=getMsg HTTP/1.1" 200 27
58.39.139.200 - - [27/Nov/2021:09:09:17 +0800] "GET /xingrg/check_reg.html?_=1637975290110 HTTP/1.1" 200 22
120.253.135.82 - - [27/Nov/2021:09:09:18 +0800] "GET /xingrg/all/function/internal_message.html?_=1637975129785&CODE_STATE=getMsg HTTP/1.1" 200 27
222.70.171.86 - - [27/Nov/2021:09:09:18 +0800] "GET /xingrg/all/function/internal_message.html?_=1637975375161&CODE_STATE=getMsg HTTP/1.1" 200 27
222.70.176.97 - - [27/Nov/2021:09:09:18 +0800] "GET /xingrg/kc/buy/cgsh_order_operate.html?command=get_materiel&rest_code=00111&code=00101008223&supplier_code=00100005&order_time=2021-11-27 HTTP/1.1" 200 412
58.37.231.44 - - [27/Nov/2021:09:09:28 +0800] "GET /xingrg/all/function/internal_message.html?_=1637975192665&CODE_STATE=getMsg HTTP/1.1" 200 27
114.83.222.132 - - [27/Nov/2021:09:09:32 +0800] "GET /xingrg/kc/buy/cgsh_order_operate.html?command=get_materiel&rest_code=00149&code=00101012051&supplier_code=00100036&order_time=2021-11-27 HTTP/1.1" 200 408
222.70.176.97 - - [27/Nov/2021:09:09:38 +0800] "GET /xingrg/all/function/internal_message.html?_=1637975371010&CODE_STATE=getMsg HTTP/1.1" 200 27
180.157.253.6 - - [27/Nov/2021:09:09:43 +0800] "GET /xingrg/all/function/internal_message.html?_=1637975381566&CODE_STATE=getMsg HTTP/1.1" 200 27
116.238.248.233 - - [27/Nov/2021:09:09:45 +0800] "GET /xingrg/all/function/internal_message.html?_=1637975381172&CODE_STATE=getMsg HTTP/1.1" 200 27
222.70.171.86 - - [27/Nov/2021:09:09:45 +0800] "GET /xingrg/all/function/internal_message.html?_=1637975402220&CODE_STATE=getMsg HTTP/1.1" 200 27
114.83.222.132 - - [27/Nov/2021:09:09:45 +0800] "GET /xingrg/kc/buy/cgsh_order_operate.html?command=get_materiel&rest_code=00149&code=00101012025&supplier_code=00100036&order_time=2021-11-27 HTTP/1.1" 200 412
180.157.253.6 - - [27/Nov/2021:09:09:52 +0800] "GET /xingrg/all/function/internal_message.html?_=1637975390131&CODE_STATE=getMsg HTTP/1.1" 200 27
114.85.125.222 - - [27/Nov/2021:09:09:52 +0800] "GET /xingrg/all/function/internal_message.html?_=1637975359802&CODE_STATE=getMsg HTTP/1.1" 200 27
222.70.176.97 - - [27/Nov/2021:09:09:54 +0800] "GET /xingrg/check_reg.html?_=1637975387473 HTTP/1.1" 200 22
114.83.222.132 - - [27/Nov/2021:09:09:57 +0800] "GET /xingrg/kc/buy/cgsh_order_operate.html?command=get_materiel&rest_code=00149&code=00101016080&supplier_code=00100036&order_time=2021-11-27 HTTP/1.1" 200 408
114.83.222.132 - - [27/Nov/2021:09:10:07 +0800] "GET /xingrg/check_reg.html?_=1637975404886 HTTP/1.1" 200 22
114.83.222.132 - - [27/Nov/2021:09:10:07 +0800] "GET /xingrg/all/function/internal_message.html?_=1637975404890&CODE_STATE=getMsg HTTP/1.1" 200 27
114.83.222.132 - - [27/Nov/2021:09:10:08 +0800] "POST /xingrg/kc/buy/cgsh_order_operate.html HTTP/1.1" 200 37
222.70.171.86 - - [27/Nov/2021:09:10:10 +0800] "GET /xingrg/all/function/internal_message.html?_=1637975430515&CODE_STATE=getMsg HTTP/1.1" 302 -
114.83.222.132 - - [27/Nov/2021:09:10:12 +0800] "POST /xingrg/kc/buy/cgsh_order_operate.html HTTP/1.1" 200 12
116.233.77.48 - - [27/Nov/2021:09:10:12 +0800] "GET /xingrg/all/function/internal_message.html?_=1637975408811&CODE_STATE=getMsg HTTP/1.1" 200 27
114.83.222.132 - - [27/Nov/2021:09:10:13 +0800] "GET /xingrg/kc/buy/cgsh_order_info.html?code=212021112711609 HTTP/1.1" 200 59880
114.83.222.132 - - [27/Nov/2021:09:10:13 +0800] "GET /xingrg/javascript/easyui/themes/default/validatebox.css HTTP/1.1" 404 1104
114.83.222.132 - - [27/Nov/2021:09:10:14 +0800] "POST /xingrg/kc/buy/cgsh_order_operate.html HTTP/1.1" 200 1781
58.39.139.200 - - [27/Nov/2021:09:10:17 +0800] "GET /xingrg/all/function/internal_message.html?_=1637975350090&CODE_STATE=getMsg HTTP/1.1" 200 27
120.253.135.82 - - [27/Nov/2021:09:10:18 +0800] "GET /xingrg/all/function/internal_message.html?_=1637975189799&CODE_STATE=getMsg HTTP/1.1" 200 27
222.70.171.86 - - [27/Nov/2021:09:10:18 +0800] "GET /xingrg/all/function/internal_message.html?_=1637975435168&CODE_STATE=getMsg HTTP/1.1" 200 27
114.83.222.132 - - [27/Nov/2021:09:10:18 +0800] "GET /xingrg/kc/print/load_data.html?order_code=212021112711609&kc_code=cgsh&condition= HTTP/1.1" 200 1225
58.37.231.44 - - [27/Nov/2021:09:10:28 +0800] "GET /xingrg/all/function/internal_message.html?_=1637975252643&CODE_STATE=getMsg HTTP/1.1" 200 27
222.70.176.97 - - [27/Nov/2021:09:10:34 +0800] "GET /xingrg/kc/buy/cgsh_order_operate.html?command=get_materiel&rest_code=00111&code=00101008114&supplier_code=00100005&order_time=2021-11-27 HTTP/1.1" 200 413
222.70.176.97 - - [27/Nov/2021:09:10:38 +0800] "GET /xingrg/all/function/internal_message.html?_=1637975430986&CODE_STATE=getMsg HTTP/1.1" 200 27
222.70.176.97 - - [27/Nov/2021:09:10:38 +0800] "POST /xingrg/kc/buy/cgsh_order_operate.html HTTP/1.1" 200 2065
114.85.125.222 - - [27/Nov/2021:09:10:41 +0800] "GET /xingrg/check_reg.html?_=1637975408141 HTTP/1.1" 200 22
180.157.253.6 - - [27/Nov/2021:09:10:43 +0800] "GET /xingrg/all/function/internal_message.html?_=1637975441537&CODE_STATE=getMsg HTTP/1.1" 200 27
222.70.176.97 - - [27/Nov/2021:09:10:44 +0800] "GET /xingrg/kc/buy/cgsh_order_operate.html?command=get_materiel&rest_code=00111&code=00101008095&supplier_code=00100005&order_time=2021-11-27 HTTP/1.1" 200 412
116.238.248.233 - - [27/Nov/2021:09:10:45 +0800] "GET /xingrg/all/function/internal_message.html?_=1637975441164&CODE_STATE=getMsg HTTP/1.1" 200 27
222.70.171.86 - - [27/Nov/2021:09:10:45 +0800] "GET /xingrg/all/function/internal_message.html?_=1637975462234&CODE_STATE=getMsg HTTP/1.1" 200 27
180.157.253.6 - - [27/Nov/2021:09:10:52 +0800] "GET /xingrg/all/function/internal_message.html?_=1637975450130&CODE_STATE=getMsg HTTP/1.1" 200 27
114.85.125.222 - - [27/Nov/2021:09:10:52 +0800] "GET /xingrg/all/function/internal_message.html?_=1637975419810&CODE_STATE=getMsg HTTP/1.1" 200 27
58.37.231.44 - - [27/Nov/2021:09:10:58 +0800] "GET /xingrg/check_reg.html?_=1637975281987 HTTP/1.1" 200 22
180.157.253.6 - - [27/Nov/2021:09:11:01 +0800] "GET /xingrg/check_reg.html?_=1637975458872 HTTP/1.1" 200 22
114.83.222.132 - - [27/Nov/2021:09:11:03 +0800] "GET /xingrg/kc/buy/cgsh_order_add.html HTTP/1.1" 200 64969
114.83.222.132 - - [27/Nov/2021:09:11:04 +0800] "POST /xingrg/kc/buy/cgsh_order_operate.html HTTP/1.1" 200 8245
114.83.222.132 - - [27/Nov/2021:09:11:04 +0800] "GET /xingrg/javascript/easyui/themes/default/validatebox.css HTTP/1.1" 404 1104
116.233.77.48 - - [27/Nov/2021:09:11:05 +0800] "GET /xingrg/kc/buy/cgsh_order_operate.html?command=get_materiel&rest_code=00109&code=00101008439&supplier_code=00100005&order_time=2021-11-27 HTTP/1.1" 200 398
114.83.222.132 - - [27/Nov/2021:09:11:07 +0800] "GET /xingrg/all/function/internal_message.html?_=1637975464871&CODE_STATE=getMsg HTTP/1.1" 200 27
222.70.171.86 - - [27/Nov/2021:09:11:08 +0800] "GET /xingrg/check_reg.html?_=1637975489005 HTTP/1.1" 302 -
222.70.171.86 - - [27/Nov/2021:09:11:10 +0800] "GET /xingrg/all/function/internal_message.html?_=1637975490530&CODE_STATE=getMsg HTTP/1.1" 302 -
116.233.77.48 - - [27/Nov/2021:09:11:12 +0800] "GET /xingrg/all/function/internal_message.html?_=1637975468813&CODE_STATE=getMsg HTTP/1.1" 200 27
222.70.176.97 - - [27/Nov/2021:09:11:14 +0800] "POST /xingrg/kc/buy/cgsh_order_operate.html HTTP/1.1" 200 37
116.233.77.48 - - [27/Nov/2021:09:11:14 +0800] "GET /xingrg/kc/buy/cgsh_order_operate.html?command=get_materiel&rest_code=00109&code=00101008360&supplier_code=00100005&order_time=2021-11-27 HTTP/1.1" 200 413
114.83.222.132 - - [27/Nov/2021:09:11:15 +0800] "GET /xingrg/kc/buy/cgsh_order_operate.html?command=get_materiel&rest_code=00149&code=00101007076&supplier_code=00100205&order_time=2021-11-27 HTTP/1.1" 200 410
222.70.176.97 - - [27/Nov/2021:09:11:15 +0800] "POST /xingrg/kc/buy/cgsh_order_operate.html HTTP/1.1" 200 38747
222.70.176.97 - - [27/Nov/2021:09:11:17 +0800] "GET /xingrg/kc/print/load_data.html?order_code=212021112711610&kc_code=cgsh HTTP/1.1" 200 14360
58.39.139.200 - - [27/Nov/2021:09:11:17 +0800] "GET /xingrg/all/function/internal_message.html?_=1637975410059&CODE_STATE=getMsg HTTP/1.1" 200 27
222.70.171.86 - - [27/Nov/2021:09:11:18 +0800] "GET /xingrg/all/function/internal_message.html?_=1637975495202&CODE_STATE=getMsg HTTP/1.1" 200 27
120.253.135.82 - - [27/Nov/2021:09:11:18 +0800] "GET /xingrg/all/function/internal_message.html?_=1637975249891&CODE_STATE=getMsg HTTP/1.1" 200 27
116.233.77.48 - - [27/Nov/2021:09:11:25 +0800] "GET /xingrg/kc/buy/cgsh_order_operate.html?command=get_materiel&rest_code=00109&code=00101008357&supplier_code=00100005&order_time=2021-11-27 HTTP/1.1" 200 408
58.37.231.44 - - [27/Nov/2021:09:11:28 +0800] "GET /xingrg/all/function/internal_message.html?_=1637975312626&CODE_STATE=getMsg HTTP/1.1" 200 27
114.83.222.132 - - [27/Nov/2021:09:11:31 +0800] "GET /xingrg/kc/buy/cgsh_order_operate.html?command=get_materiel&rest_code=00149&code=00101007061&supplier_code=00100205&order_time=2021-11-27 HTTP/1.1" 200 431
116.233.77.48 - - [27/Nov/2021:09:11:32 +0800] "GET /xingrg/kc/buy/cgsh_order_operate.html?command=get_materiel&rest_code=00109&code=00101008069&supplier_code=00100005&order_time=2021-11-27 HTTP/1.1" 200 412
116.233.77.48 - - [27/Nov/2021:09:11:34 +0800] "POST /xingrg/kc/buy/cgsh_order_operate.html HTTP/1.1" 200 2065
222.70.176.97 - - [27/Nov/2021:09:11:38 +0800] "GET /xingrg/all/function/internal_message.html?_=1637975491212&CODE_STATE=getMsg HTTP/1.1" 200 27
116.233.77.48 - - [27/Nov/2021:09:11:40 +0800] "GET /xingrg/kc/buy/cgsh_order_operate.html?command=get_materiel&rest_code=00109&code=00101008131&supplier_code=00100005&order_time=2021-11-27 HTTP/1.1" 200 408
222.70.176.97 - - [27/Nov/2021:09:11:41 +0800] "GET /xingrg/kc/print/load_data.html?order_code=212021112711610&kc_code=cgsh&condition= HTTP/1.1" 200 14360
180.157.253.6 - - [27/Nov/2021:09:11:43 +0800] "GET /xingrg/all/function/internal_message.html?_=1637975501509&CODE_STATE=getMsg HTTP/1.1" 200 27
114.83.222.132 - - [27/Nov/2021:09:11:44 +0800] "POST /xingrg/kc/buy/cgsh_order_operate.html HTTP/1.1" 200 37
116.238.248.233 - - [27/Nov/2021:09:11:45 +0800] "GET /xingrg/all/function/internal_message.html?_=1637975501182&CODE_STATE=getMsg HTTP/1.1" 200 27
222.70.171.86 - - [27/Nov/2021:09:11:45 +0800] "GET /xingrg/all/function/internal_message.html?_=1637975522252&CODE_STATE=getMsg HTTP/1.1" 200 27
116.233.77.48 - - [27/Nov/2021:09:11:48 +0800] "GET /xingrg/kc/buy/cgsh_order_operate.html?command=get_materiel&rest_code=00109&code=00101008318&supplier_code=00100005&order_time=2021-11-27 HTTP/1.1" 200 408
114.83.222.132 - - [27/Nov/2021:09:11:50 +0800] "POST /xingrg/kc/buy/cgsh_order_operate.html HTTP/1.1" 200 12
222.70.176.97 - - [27/Nov/2021:09:11:51 +0800] "GET /xingrg/kc/buy/cgsh_order_add.html HTTP/1.1" 200 64837
180.157.253.6 - - [27/Nov/2021:09:11:52 +0800] "GET /xingrg/all/function/internal_message.html?_=1637975510129&CODE_STATE=getMsg HTTP/1.1" 200 27
114.83.222.132 - - [27/Nov/2021:09:11:52 +0800] "GET /xingrg/kc/buy/cgsh_order_info.html?code=212021112711611 HTTP/1.1" 200 59876
222.70.176.97 - - [27/Nov/2021:09:11:52 +0800] "POST /xingrg/kc/buy/cgsh_order_operate.html HTTP/1.1" 200 8245
222.70.176.97 - - [27/Nov/2021:09:11:52 +0800] "GET /xingrg/javascript/easyui/themes/default/validatebox.css HTTP/1.1" 404 1104
114.83.222.132 - - [27/Nov/2021:09:11:52 +0800] "GET /xingrg/javascript/easyui/themes/default/validatebox.css HTTP/1.1" 404 1104
114.85.125.222 - - [27/Nov/2021:09:11:52 +0800] "GET /xingrg/all/function/internal_message.html?_=1637975479823&CODE_STATE=getMsg HTTP/1.1" 200 27
114.83.222.132 - - [27/Nov/2021:09:11:53 +0800] "POST /xingrg/kc/buy/cgsh_order_operate.html HTTP/1.1" 200 1197
114.83.222.132 - - [27/Nov/2021:09:11:54 +0800] "GET /xingrg/kc/print/load_data.html?order_code=212021112711611&kc_code=cgsh&condition= HTTP/1.1" 200 915
116.233.77.48 - - [27/Nov/2021:09:11:55 +0800] "GET /xingrg/kc/buy/cgsh_order_operate.html?command=get_materiel&rest_code=00109&code=00101008644&supplier_code=00100005&order_time=2021-11-27 HTTP/1.1" 200 406
116.233.77.48 - - [27/Nov/2021:09:12:03 +0800] "GET /xingrg/kc/buy/cgsh_order_operate.html?command=get_materiel&rest_code=00109&code=00101008098&supplier_code=00100005&order_time=2021-11-27 HTTP/1.1" 200 412
222.70.176.97 - - [27/Nov/2021:09:12:07 +0800] "GET /xingrg/kc/buy/cgsh_order_operate.html?command=get_materiel&rest_code=00111&code=00101002027&supplier_code=00100199&order_time=2021-11-27 HTTP/1.1" 200 433
114.83.222.132 - - [27/Nov/2021:09:12:07 +0800] "GET /xingrg/all/function/internal_message.html?_=1637975524873&CODE_STATE=getMsg HTTP/1.1" 200 27
222.70.171.86 - - [27/Nov/2021:09:12:10 +0800] "GET /xingrg/all/function/internal_message.html?_=1637975550550&CODE_STATE=getMsg HTTP/1.1" 302 -
116.233.77.48 - - [27/Nov/2021:09:12:11 +0800] "GET /xingrg/kc/buy/cgsh_order_operate.html?command=get_materiel&rest_code=00109&code=00101008005&supplier_code=00100005&order_time=2021-11-27 HTTP/1.1" 200 412
222.70.171.86 - - [27/Nov/2021:09:12:12 +0800] "GET /xingrg/check_reg.html?_=1637975548674 HTTP/1.1" 200 22
116.233.77.48 - - [27/Nov/2021:09:12:12 +0800] "GET /xingrg/all/function/internal_message.html?_=1637975528830&CODE_STATE=getMsg HTTP/1.1" 200 27
116.233.77.48 - - [27/Nov/2021:09:12:12 +0800] "GET /xingrg/check_reg.html?_=1637975528831 HTTP/1.1" 200 22
116.233.77.48 - - [27/Nov/2021:09:12:13 +0800] "POST /xingrg/kc/buy/cgsh_order_operate.html HTTP/1.1" 200 2065
58.39.139.200 - - [27/Nov/2021:09:12:17 +0800] "GET /xingrg/all/function/internal_message.html?_=1637975470042&CODE_STATE=getMsg HTTP/1.1" 200 27
222.70.171.86 - - [27/Nov/2021:09:12:18 +0800] "GET /xingrg/all/function/internal_message.html?_=1637975555211&CODE_STATE=getMsg HTTP/1.1" 200 27
120.253.135.82 - - [27/Nov/2021:09:12:18 +0800] "GET /xingrg/all/function/internal_message.html?_=1637975309904&CODE_STATE=getMsg HTTP/1.1" 200 27
222.70.176.97 - - [27/Nov/2021:09:12:19 +0800] "GET /xingrg/kc/buy/cgsh_order_operate.html?command=get_materiel&rest_code=00111&code=00101002006&supplier_code=00100199&order_time=2021-11-27 HTTP/1.1" 200 416
116.233.77.48 - - [27/Nov/2021:09:12:20 +0800] "GET /xingrg/kc/buy/cgsh_order_operate.html?command=get_materiel&rest_code=00109&code=00101008353&supplier_code=00100005&order_time=2021-11-27 HTTP/1.1" 200 408
58.37.231.44 - - [27/Nov/2021:09:12:28 +0800] "GET /xingrg/all/function/internal_message.html?_=1637975372608&CODE_STATE=getMsg HTTP/1.1" 200 27
116.233.77.48 - - [27/Nov/2021:09:12:30 +0800] "GET /xingrg/kc/buy/cgsh_order_operate.html?command=get_materiel&rest_code=00109&code=00101008196&supplier_code=00100005&order_time=2021-11-27 HTTP/1.1" 200 416
116.233.77.48 - - [27/Nov/2021:09:12:37 +0800] "GET /xingrg/kc/buy/cgsh_order_operate.html?command=get_materiel&rest_code=00109&code=00101008197&supplier_code=00100005&order_time=2021-11-27 HTTP/1.1" 200 416
222.70.176.97 - - [27/Nov/2021:09:12:38 +0800] "GET /xingrg/all/function/internal_message.html?_=1637975551191&CODE_STATE=getMsg HTTP/1.1" 200 27
222.70.176.97 - - [27/Nov/2021:09:12:40 +0800] "POST /xingrg/kc/buy/cgsh_order_operate.html HTTP/1.1" 200 37
222.70.176.97 - - [27/Nov/2021:09:12:43 +0800] "POST /xingrg/kc/buy/cgsh_order_operate.html HTTP/1.1" 200 3848
180.157.253.6 - - [27/Nov/2021:09:12:43 +0800] "GET /xingrg/all/function/internal_message.html?_=1637975561494&CODE_STATE=getMsg HTTP/1.1" 200 27
116.238.248.233 - - [27/Nov/2021:09:12:45 +0800] "GET /xingrg/check_reg.html?_=1637975561173 HTTP/1.1" 200 22
116.238.248.233 - - [27/Nov/2021:09:12:45 +0800] "GET /xingrg/all/function/internal_message.html?_=1637975561175&CODE_STATE=getMsg HTTP/1.1" 200 27
222.70.176.97 - - [27/Nov/2021:09:12:45 +0800] "GET /xingrg/kc/print/load_data.html?order_code=212021112711612&kc_code=cgsh&condition= HTTP/1.1" 200 1128
222.70.171.86 - - [27/Nov/2021:09:12:45 +0800] "GET /xingrg/all/function/internal_message.html?_=1637975582262&CODE_STATE=getMsg HTTP/1.1" 200 27
116.233.77.48 - - [27/Nov/2021:09:12:46 +0800] "GET /xingrg/kc/buy/cgsh_order_operate.html?command=get_materiel&rest_code=00109&code=00101008221&supplier_code=00100005&order_time=2021-11-27 HTTP/1.1" 200 412
180.157.253.6 - - [27/Nov/2021:09:12:52 +0800] "GET /xingrg/all/function/internal_message.html?_=1637975570129&CODE_STATE=getMsg HTTP/1.1" 200 27
180.157.253.6 - - [27/Nov/2021:09:12:52 +0800] "GET /xingrg/check_reg.html?_=1637975570131 HTTP/1.1" 200 22
114.85.125.222 - - [27/Nov/2021:09:12:52 +0800] "GET /xingrg/all/function/internal_message.html?_=1637975539841&CODE_STATE=getMsg HTTP/1.1" 200 27
222.70.176.97 - - [27/Nov/2021:09:12:55 +0800] "GET /xingrg/kc/buy/cgsh_order_add.html HTTP/1.1" 200 64837
222.70.176.97 - - [27/Nov/2021:09:12:56 +0800] "POST /xingrg/kc/buy/cgsh_order_operate.html HTTP/1.1" 200 8245
222.70.176.97 - - [27/Nov/2021:09:12:56 +0800] "GET /xingrg/javascript/easyui/themes/default/validatebox.css HTTP/1.1" 404 1104
222.70.176.97 - - [27/Nov/2021:09:13:06 +0800] "GET /xingrg/kc/buy/cgsh_order_operate.html?command=get_materiel&rest_code=00111&code=00101007031&supplier_code=00100004&order_time=2021-11-27 HTTP/1.1" 200 413
114.83.222.132 - - [27/Nov/2021:09:13:07 +0800] "GET /xingrg/all/function/internal_message.html?_=1637975584874&CODE_STATE=getMsg HTTP/1.1" 200 27
222.70.171.86 - - [27/Nov/2021:09:13:10 +0800] "GET /xingrg/all/function/internal_message.html?_=1637975610557&CODE_STATE=getMsg HTTP/1.1" 302 -
116.233.77.48 - - [27/Nov/2021:09:13:12 +0800] "GET /xingrg/all/function/internal_message.html?_=1637975588819&CODE_STATE=getMsg HTTP/1.1" 200 27
58.39.139.200 - - [27/Nov/2021:09:13:17 +0800] "GET /xingrg/all/function/internal_message.html?_=1637975530026&CODE_STATE=getMsg HTTP/1.1" 302 -
222.70.176.97 - - [27/Nov/2021:09:13:17 +0800] "GET /xingrg/kc/buy/cgsh_order_operate.html?command=get_materiel&rest_code=00111&code=00101007061&supplier_code=00100004&order_time=2021-11-27 HTTP/1.1" 200 429
120.253.135.82 - - [27/Nov/2021:09:13:17 +0800] "GET /xingrg/check_reg.html?_=1637975368949 HTTP/1.1" 200 22
222.70.171.86 - - [27/Nov/2021:09:13:18 +0800] "GET /xingrg/all/function/internal_message.html?_=1637975615225&CODE_STATE=getMsg HTTP/1.1" 200 27
120.253.135.82 - - [27/Nov/2021:09:13:18 +0800] "GET /xingrg/all/function/internal_message.html?_=1637975369917&CODE_STATE=getMsg HTTP/1.1" 200 27
58.37.231.44 - - [27/Nov/2021:09:13:28 +0800] "GET /xingrg/all/function/internal_message.html?_=1637975432583&CODE_STATE=getMsg HTTP/1.1" 200 27
116.233.77.48 - - [27/Nov/2021:09:13:33 +0800] "POST /xingrg/kc/buy/cgsh_order_operate.html HTTP/1.1" 200 37
222.70.176.97 - - [27/Nov/2021:09:13:33 +0800] "GET /xingrg/kc/buy/cgsh_order_operate.html?command=get_materiel&rest_code=00111&code=00101007125&supplier_code=00100004&order_time=2021-11-27 HTTP/1.1" 200 425
116.233.77.48 - - [27/Nov/2021:09:13:36 +0800] "POST /xingrg/kc/buy/cgsh_order_operate.html HTTP/1.1" 200 17499
222.70.176.97 - - [27/Nov/2021:09:13:38 +0800] "GET /xingrg/all/function/internal_message.html?_=1637975611166&CODE_STATE=getMsg HTTP/1.1" 200 27
222.70.176.97 - - [27/Nov/2021:09:13:42 +0800] "GET /xingrg/kc/buy/cgsh_order_operate.html?command=get_materiel&rest_code=00111&code=00101007085&supplier_code=00100004&order_time=2021-11-27 HTTP/1.1" 200 432
116.233.77.48 - - [27/Nov/2021:09:13:43 +0800] "GET /xingrg/kc/buy/cgsh_order_operate.html?command=get_materiel&rest_code=00109&code=00101008176&supplier_code=00100005&order_time=2021-11-27 HTTP/1.1" 200 412
180.157.253.6 - - [27/Nov/2021:09:13:43 +0800] "GET /xingrg/all/function/internal_message.html?_=1637975621480&CODE_STATE=getMsg HTTP/1.1" 200 27
222.70.171.86 - - [27/Nov/2021:09:13:45 +0800] "GET /xingrg/check_reg.html?_=1637975641842 HTTP/1.1" 200 22
116.238.248.233 - - [27/Nov/2021:09:13:45 +0800] "GET /xingrg/all/function/internal_message.html?_=1637975621173&CODE_STATE=getMsg HTTP/1.1" 200 27
222.70.171.86 - - [27/Nov/2021:09:13:45 +0800] "GET /xingrg/all/function/internal_message.html?_=1637975642291&CODE_STATE=getMsg HTTP/1.1" 200 27
222.70.176.97 - - [27/Nov/2021:09:13:51 +0800] "GET /xingrg/kc/buy/cgsh_order_operate.html?command=get_materiel&rest_code=00111&code=00101007077&supplier_code=00100004&order_time=2021-11-27 HTTP/1.1" 200 415
180.157.253.6 - - [27/Nov/2021:09:13:52 +0800] "GET /xingrg/all/function/internal_message.html?_=1637975630130&CODE_STATE=getMsg HTTP/1.1" 200 27
114.85.125.222 - - [27/Nov/2021:09:13:53 +0800] "GET /xingrg/all/function/internal_message.html?_=1637975599850&CODE_STATE=getMsg HTTP/1.1" 200 27
116.233.77.48 - - [27/Nov/2021:09:13:55 +0800] "GET /xingrg/kc/buy/cgsh_order_operate.html?command=get_materiel&rest_code=00109&code=00101008027&supplier_code=00100005&order_time=2021-11-27 HTTP/1.1" 200 408
222.70.176.97 - - [27/Nov/2021:09:14:03 +0800] "POST /xingrg/kc/buy/cgsh_order_operate.html HTTP/1.1" 200 37
116.233.77.48 - - [27/Nov/2021:09:14:05 +0800] "GET /xingrg/kc/buy/cgsh_order_operate.html?command=get_materiel&rest_code=00109&code=00101008055&supplier_code=00100005&order_time=2021-11-27 HTTP/1.1" 200 409
222.70.176.97 - - [27/Nov/2021:09:14:05 +0800] "POST /xingrg/kc/buy/cgsh_order_operate.html HTTP/1.1" 200 5021
114.83.222.132 - - [27/Nov/2021:09:14:07 +0800] "GET /xingrg/all/function/internal_message.html?_=1637975644874&CODE_STATE=getMsg HTTP/1.1" 200 27
222.70.171.86 - - [27/Nov/2021:09:14:10 +0800] "GET /xingrg/all/function/internal_message.html?_=1637975670581&CODE_STATE=getMsg HTTP/1.1" 302 -
222.70.176.97 - - [27/Nov/2021:09:14:11 +0800] "GET /xingrg/kc/print/load_data.html?order_code=212021112711613&kc_code=cgsh&condition= HTTP/1.1" 200 1629
116.233.77.48 - - [27/Nov/2021:09:14:12 +0800] "GET /xingrg/all/function/internal_message.html?_=1637975648821&CODE_STATE=getMsg HTTP/1.1" 200 27
116.233.77.48 - - [27/Nov/2021:09:14:13 +0800] "GET /xingrg/kc/buy/cgsh_order_operate.html?command=get_materiel&rest_code=00109&code=00101008244&supplier_code=00100005&order_time=2021-11-27 HTTP/1.1" 200 408
116.233.77.48 - - [27/Nov/2021:09:14:15 +0800] "POST /xingrg/kc/buy/cgsh_order_operate.html HTTP/1.1" 200 2065
58.39.139.200 - - [27/Nov/2021:09:14:17 +0800] "GET /xingrg/all/function/internal_message.html?_=1637975589995&CODE_STATE=getMsg HTTP/1.1" 302 -
58.39.139.200 - - [27/Nov/2021:09:14:17 +0800] "GET /xingrg/check_reg.html?_=1637975590090 HTTP/1.1" 302 -
222.70.171.86 - - [27/Nov/2021:09:14:18 +0800] "GET /xingrg/all/function/internal_message.html?_=1637975675267&CODE_STATE=getMsg HTTP/1.1" 200 27
120.253.135.82 - - [27/Nov/2021:09:14:18 +0800] "GET /xingrg/all/function/internal_message.html?_=1637975429931&CODE_STATE=getMsg HTTP/1.1" 200 27
222.70.176.97 - - [27/Nov/2021:09:14:20 +0800] "GET /xingrg/kc/print/load_data.html?order_code=212021112711613&kc_code=cgsh HTTP/1.1" 200 1629
116.233.77.48 - - [27/Nov/2021:09:14:22 +0800] "GET /xingrg/kc/buy/cgsh_order_operate.html?command=get_materiel&rest_code=00109&code=00101008186&supplier_code=00100005&order_time=2021-11-27 HTTP/1.1" 200 408
58.37.231.44 - - [27/Nov/2021:09:14:28 +0800] "GET /xingrg/all/function/internal_message.html?_=1637975492582&CODE_STATE=getMsg HTTP/1.1" 200 27
116.233.77.48 - - [27/Nov/2021:09:14:32 +0800] "GET /xingrg/kc/buy/cgsh_order_operate.html?command=get_materiel&rest_code=00109&code=00101008298&supplier_code=00100005&order_time=2021-11-27 HTTP/1.1" 200 412
222.70.176.97 - - [27/Nov/2021:09:14:38 +0800] "GET /xingrg/all/function/internal_message.html?_=1637975671140&CODE_STATE=getMsg HTTP/1.1" 200 27
116.233.77.48 - - [27/Nov/2021:09:14:41 +0800] "GET /xingrg/kc/buy/cgsh_order_operate.html?command=get_materiel&rest_code=00109&code=00101008290&supplier_code=00100005&order_time=2021-11-27 HTTP/1.1" 200 416
180.157.253.6 - - [27/Nov/2021:09:14:43 +0800] "GET /xingrg/all/function/internal_message.html?_=1637975681450&CODE_STATE=getMsg HTTP/1.1" 200 27
116.238.248.233 - - [27/Nov/2021:09:14:45 +0800] "GET /xingrg/all/function/internal_message.html?_=1637975681172&CODE_STATE=getMsg HTTP/1.1" 200 27
222.70.171.86 - - [27/Nov/2021:09:14:45 +0800] "GET /xingrg/all/function/internal_message.html?_=1637975702304&CODE_STATE=getMsg HTTP/1.1" 200 27
116.233.77.48 - - [27/Nov/2021:09:14:50 +0800] "GET /xingrg/kc/buy/cgsh_order_operate.html?command=get_materiel&rest_code=00109&code=00101008300&supplier_code=00100005&order_time=2021-11-27 HTTP/1.1" 200 412
180.157.253.6 - - [27/Nov/2021:09:14:52 +0800] "GET /xingrg/all/function/internal_message.html?_=1637975690129&CODE_STATE=getMsg HTTP/1.1" 200 27
114.85.125.222 - - [27/Nov/2021:09:14:53 +0800] "GET /xingrg/all/function/internal_message.html?_=1637975659871&CODE_STATE=getMsg HTTP/1.1" 200 27
222.70.176.97 - - [27/Nov/2021:09:14:54 +0800] "GET /xingrg/check_reg.html?_=1637975687492 HTTP/1.1" 200 22
116.233.77.48 - - [27/Nov/2021:09:15:00 +0800] "GET /xingrg/kc/buy/cgsh_order_operate.html?command=get_materiel&rest_code=00109&code=00101008286&supplier_code=00100005&order_time=2021-11-27 HTTP/1.1" 200 408
116.233.77.48 - - [27/Nov/2021:09:15:03 +0800] "POST /xingrg/kc/buy/cgsh_order_operate.html HTTP/1.1" 200 2065
114.83.222.132 - - [27/Nov/2021:09:15:07 +0800] "GET /xingrg/all/function/internal_message.html?_=1637975704874&CODE_STATE=getMsg HTTP/1.1" 200 27
114.83.222.132 - - [27/Nov/2021:09:15:07 +0800] "GET /xingrg/check_reg.html?_=1637975704876 HTTP/1.1" 200 22
116.233.77.48 - - [27/Nov/2021:09:15:08 +0800] "GET /xingrg/kc/buy/cgsh_order_operate.html?command=get_materiel&rest_code=00109&code=00101008069&supplier_code=00100005&order_time=2021-11-27 HTTP/1.1" 200 412
222.70.171.86 - - [27/Nov/2021:09:15:10 +0800] "GET /xingrg/all/function/internal_message.html?_=1637975730584&CODE_STATE=getMsg HTTP/1.1" 302 -
116.233.77.48 - - [27/Nov/2021:09:15:12 +0800] "GET /xingrg/all/function/internal_message.html?_=1637975708822&CODE_STATE=getMsg HTTP/1.1" 200 27
116.233.77.48 - - [27/Nov/2021:09:15:17 +0800] "GET /xingrg/kc/buy/cgsh_order_operate.html?command=get_materiel&rest_code=00109&code=00101008644&supplier_code=00100005&order_time=2021-11-27 HTTP/1.1" 200 406
58.39.139.200 - - [27/Nov/2021:09:15:17 +0800] "GET /xingrg/all/function/internal_message.html?_=1637975649980&CODE_STATE=getMsg HTTP/1.1" 302 -
222.70.171.86 - - [27/Nov/2021:09:15:18 +0800] "GET /xingrg/all/function/internal_message.html?_=1637975735282&CODE_STATE=getMsg HTTP/1.1" 200 27
120.253.135.82 - - [27/Nov/2021:09:15:18 +0800] "GET /xingrg/all/function/internal_message.html?_=1637975489944&CODE_STATE=getMsg HTTP/1.1" 200 27
114.83.222.132 - - [27/Nov/2021:09:15:18 +0800] "POST /xingrg/services/DataTransmitService HTTP/1.1" 200 524
114.83.222.132 - - [27/Nov/2021:09:15:19 +0800] "POST /xingrg/services/DataTransmitService HTTP/1.1" 200 1983
114.83.222.132 - - [27/Nov/2021:09:15:19 +0800] "POST /xingrg/services/DataTransmitService HTTP/1.1" 200 2331
114.83.222.132 - - [27/Nov/2021:09:15:19 +0800] "POST /xingrg/services/DataTransmitService HTTP/1.1" 200 1427
114.83.222.132 - - [27/Nov/2021:09:15:20 +0800] "POST /xingrg/services/DataTransmitService HTTP/1.1" 200 132259
116.233.77.48 - - [27/Nov/2021:09:15:24 +0800] "GET /xingrg/kc/buy/cgsh_order_operate.html?command=get_materiel&rest_code=00109&code=00101008213&supplier_code=00100005&order_time=2021-11-27 HTTP/1.1" 200 412
58.37.231.44 - - [27/Nov/2021:09:15:28 +0800] "GET /xingrg/all/function/internal_message.html?_=1637975552559&CODE_STATE=getMsg HTTP/1.1" 200 27
116.233.77.48 - - [27/Nov/2021:09:15:35 +0800] "GET /xingrg/kc/buy/cgsh_order_operate.html?command=get_materiel&rest_code=00109&code=00101008242&supplier_code=00100005&order_time=2021-11-27 HTTP/1.1" 200 408
222.70.176.97 - - [27/Nov/2021:09:15:38 +0800] "GET /xingrg/all/function/internal_message.html?_=1637975731113&CODE_STATE=getMsg HTTP/1.1" 200 27
114.85.125.222 - - [27/Nov/2021:09:15:41 +0800] "GET /xingrg/check_reg.html?_=1637975708151 HTTP/1.1" 200 22
180.157.253.6 - - [27/Nov/2021:09:15:43 +0800] "GET /xingrg/all/function/internal_message.html?_=1637975741435&CODE_STATE=getMsg HTTP/1.1" 200 27
116.238.248.233 - - [27/Nov/2021:09:15:45 +0800] "GET /xingrg/all/function/internal_message.html?_=1637975741197&CODE_STATE=getMsg HTTP/1.1" 200 27
222.70.171.86 - - [27/Nov/2021:09:15:45 +0800] "GET /xingrg/all/function/internal_message.html?_=1637975762318&CODE_STATE=getMsg HTTP/1.1" 200 27
116.233.77.48 - - [27/Nov/2021:09:15:50 +0800] "GET /xingrg/kc/buy/cgsh_order_operate.html?command=get_materiel&rest_code=00109&code=00101008225&supplier_code=00100005&order_time=2021-11-27 HTTP/1.1" 200 416
114.83.222.132 - - [27/Nov/2021:09:15:51 +0800] "POST /xingrg/services/DataTransmitService HTTP/1.1" 200 524
114.83.222.132 - - [27/Nov/2021:09:15:51 +0800] "POST /xingrg/services/DataTransmitService HTTP/1.1" 200 501
180.157.253.6 - - [27/Nov/2021:09:15:52 +0800] "GET /xingrg/all/function/internal_message.html?_=1637975750128&CODE_STATE=getMsg HTTP/1.1" 200 27
116.233.77.48 - - [27/Nov/2021:09:15:52 +0800] "POST /xingrg/kc/buy/cgsh_order_operate.html HTTP/1.1" 200 2065
114.85.125.222 - - [27/Nov/2021:09:15:53 +0800] "GET /xingrg/all/function/internal_message.html?_=1637975719878&CODE_STATE=getMsg HTTP/1.1" 200 27
116.233.77.48 - - [27/Nov/2021:09:15:58 +0800] "GET /xingrg/kc/buy/cgsh_order_operate.html?command=get_materiel&rest_code=00109&code=00101008271&supplier_code=00100005&order_time=2021-11-27 HTTP/1.1" 200 408
58.37.231.44 - - [27/Nov/2021:09:15:58 +0800] "GET /xingrg/check_reg.html?_=1637975582011 HTTP/1.1" 200 22
114.83.222.132 - - [27/Nov/2021:09:15:58 +0800] "POST /xingrg/services/DataTransmitService HTTP/1.1" 200 524
180.157.253.6 - - [27/Nov/2021:09:16:01 +0800] "GET /xingrg/check_reg.html?_=1637975758879 HTTP/1.1" 200 22
114.83.222.132 - - [27/Nov/2021:09:16:07 +0800] "GET /xingrg/all/function/internal_message.html?_=1637975764876&CODE_STATE=getMsg HTTP/1.1" 200 27
222.70.171.86 - - [27/Nov/2021:09:16:08 +0800] "GET /xingrg/check_reg.html?_=1637975789006 HTTP/1.1" 302 -
222.70.171.86 - - [27/Nov/2021:09:16:10 +0800] "GET /xingrg/all/function/internal_message.html?_=1637975790597&CODE_STATE=getMsg HTTP/1.1" 302 -
116.233.77.48 - - [27/Nov/2021:09:16:12 +0800] "GET /xingrg/all/function/internal_message.html?_=1637975768828&CODE_STATE=getMsg HTTP/1.1" 200 27
58.39.139.200 - - [27/Nov/2021:09:16:17 +0800] "GET /xingrg/all/function/internal_message.html?_=1637975709963&CODE_STATE=getMsg HTTP/1.1" 302 -
222.70.171.86 - - [27/Nov/2021:09:16:18 +0800] "GET /xingrg/all/function/internal_message.html?_=1637975795318&CODE_STATE=getMsg HTTP/1.1" 200 27
120.253.135.82 - - [27/Nov/2021:09:16:18 +0800] "GET /xingrg/all/function/internal_message.html?_=1637975550042&CODE_STATE=getMsg HTTP/1.1" 200 27
114.83.222.132 - - [27/Nov/2021:09:16:19 +0800] "POST /xingrg/services/DataTransmitService HTTP/1.1" 200 501
114.83.222.132 - - [27/Nov/2021:09:16:19 +0800] "POST /xingrg/services/DataTransmitService HTTP/1.1" 200 501
114.83.222.132 - - [27/Nov/2021:09:16:20 +0800] "POST /xingrg/services/DataTransmitService HTTP/1.1" 200 501
114.83.222.132 - - [27/Nov/2021:09:16:22 +0800] "POST /xingrg/services/DataTransmitService HTTP/1.1" 200 501
114.83.222.132 - - [27/Nov/2021:09:16:22 +0800] "POST /xingrg/services/DataTransmitService HTTP/1.1" 200 501
114.83.222.132 - - [27/Nov/2021:09:16:22 +0800] "POST /xingrg/services/DataTransmitService HTTP/1.1" 200 501
114.83.222.132 - - [27/Nov/2021:09:16:23 +0800] "POST /xingrg/services/DataTransmitService HTTP/1.1" 200 501
114.83.222.132 - - [27/Nov/2021:09:16:23 +0800] "POST /xingrg/services/DataTransmitService HTTP/1.1" 200 501
114.83.222.132 - - [27/Nov/2021:09:16:24 +0800] "POST /xingrg/services/DataTransmitService HTTP/1.1" 200 501
114.83.222.132 - - [27/Nov/2021:09:16:24 +0800] "POST /xingrg/services/DataTransmitService HTTP/1.1" 200 412
116.227.210.113 - - [27/Nov/2021:09:16:25 +0800] "GET /xingrg/index.html?sysBaseUrl=http%3A%2F%2F180.169.147.146%3A18081%2Fxingrg%2F&costTime=1277×tamp=1606817596806 HTTP/1.1" 302 -
116.227.210.113 - - [27/Nov/2021:09:16:25 +0800] "GET /xingrg/login.html HTTP/1.1" 200 7641
116.227.210.113 - - [27/Nov/2021:09:16:26 +0800] "GET /favicon.ico HTTP/1.1" 404 -
58.37.231.44 - - [27/Nov/2021:09:16:28 +0800] "GET /xingrg/all/function/internal_message.html?_=1637975612538&CODE_STATE=getMsg HTTP/1.1" 200 27
116.227.210.113 - - [27/Nov/2021:09:16:38 +0800] "POST /xingrg/login.do HTTP/1.1" 200 2421
222.70.176.97 - - [27/Nov/2021:09:16:38 +0800] "GET /xingrg/all/function/internal_message.html?_=1637975791098&CODE_STATE=getMsg HTTP/1.1" 200 27
116.227.210.113 - - [27/Nov/2021:09:16:38 +0800] "GET /favicon.ico HTTP/1.1" 404 -
116.227.210.113 - - [27/Nov/2021:09:16:39 +0800] "GET /xingrg/login.html HTTP/1.1" 200 7641
116.227.210.113 - - [27/Nov/2021:09:16:39 +0800] "GET /favicon.ico HTTP/1.1" 404 -
180.157.253.6 - - [27/Nov/2021:09:16:43 +0800] "GET /xingrg/all/function/internal_message.html?_=1637975801408&CODE_STATE=getMsg HTTP/1.1" 200 27
116.238.248.233 - - [27/Nov/2021:09:16:45 +0800] "GET /xingrg/all/function/internal_message.html?_=1637975801211&CODE_STATE=getMsg HTTP/1.1" 200 27
222.70.171.86 - - [27/Nov/2021:09:16:45 +0800] "GET /xingrg/all/function/internal_message.html?_=1637975822334&CODE_STATE=getMsg HTTP/1.1" 200 27
180.157.253.6 - - [27/Nov/2021:09:16:52 +0800] "GET /xingrg/all/function/internal_message.html?_=1637975810128&CODE_STATE=getMsg HTTP/1.1" 200 27
114.85.125.222 - - [27/Nov/2021:09:16:53 +0800] "GET /xingrg/all/function/internal_message.html?_=1637975779890&CODE_STATE=getMsg HTTP/1.1" 200 27
116.227.210.113 - - [27/Nov/2021:09:16:53 +0800] "POST /xingrg/login.do HTTP/1.1" 200 2421
116.227.210.113 - - [27/Nov/2021:09:16:53 +0800] "GET /favicon.ico HTTP/1.1" 404 -
116.227.210.113 - - [27/Nov/2021:09:16:54 +0800] "GET /xingrg/login.html HTTP/1.1" 200 7641
116.227.210.113 - - [27/Nov/2021:09:16:54 +0800] "GET /favicon.ico HTTP/1.1" 404 -
116.227.210.113 - - [27/Nov/2021:09:17:07 +0800] "POST /xingrg/login.do HTTP/1.1" 302 -
116.227.210.113 - - [27/Nov/2021:09:17:07 +0800] "GET /xingrg/index.html?sysBaseUrl=http%3A%2F%2F180.169.147.146%3A18081%2Fxingrg%2F&costTime=37×tamp=1637975827178 HTTP/1.1" 200 17179
116.227.210.113 - - [27/Nov/2021:09:17:07 +0800] "GET /favicon.ico HTTP/1.1" 404 -
116.227.210.113 - - [27/Nov/2021:09:17:07 +0800] "POST /xingrg/all/common/load_tree.html?tree=area_rest_tree_json&manage=1 HTTP/1.1" 200 351
116.227.210.113 - - [27/Nov/2021:09:17:07 +0800] "GET /xingrg/all/function/internal_message.html?_=1637975821881&CODE_STATE=count HTTP/1.1" 200 11
116.227.210.113 - - [27/Nov/2021:09:17:07 +0800] "GET /xingrg/check_reg.html?_=1637975821881 HTTP/1.1" 200 22
116.227.210.113 - - [27/Nov/2021:09:17:07 +0800] "POST /xingrg/load_menu.html HTTP/1.1" 200 5138
114.83.222.132 - - [27/Nov/2021:09:17:07 +0800] "GET /xingrg/all/function/internal_message.html?_=1637975824898&CODE_STATE=getMsg HTTP/1.1" 200 27
222.70.171.86 - - [27/Nov/2021:09:17:10 +0800] "GET /xingrg/all/function/internal_message.html?_=1637975850615&CODE_STATE=getMsg HTTP/1.1" 302 -
116.227.210.113 - - [27/Nov/2021:09:17:11 +0800] "GET /xingrg/kc/buy/buy_main.html HTTP/1.1" 200 12412
116.227.210.113 - - [27/Nov/2021:09:17:11 +0800] "GET /xingrg/css/new_ie.css HTTP/1.1" 404 1036
116.227.210.113 - - [27/Nov/2021:09:17:12 +0800] "GET /xingrg/javascript/jquery_ui/jquery-ui.min.js HTTP/1.1" 304 -
116.227.210.113 - - [27/Nov/2021:09:17:12 +0800] "GET /xingrg/images/blue/button/cgxqd.gif HTTP/1.1" 200 2619
116.227.210.113 - - [27/Nov/2021:09:17:12 +0800] "GET /xingrg/images/blue/button/cgshd.gif HTTP/1.1" 200 2618
116.227.210.113 - - [27/Nov/2021:09:17:12 +0800] "GET /xingrg/images/blue/button/cgydd.gif HTTP/1.1" 200 2712
116.227.210.113 - - [27/Nov/2021:09:17:12 +0800] "GET /xingrg/images/blue/button/cgfkd.gif HTTP/1.1" 200 2075
116.227.210.113 - - [27/Nov/2021:09:17:12 +0800] "GET /xingrg/images/blue/button/kc.gif HTTP/1.1" 200 2160
116.227.210.113 - - [27/Nov/2021:09:17:12 +0800] "GET /xingrg/images/blue/button/ckthd.gif HTTP/1.1" 200 2045
116.227.210.113 - - [27/Nov/2021:09:17:12 +0800] "GET /xingrg/images/blue/pic_form2.gif HTTP/1.1" 200 1853
116.227.210.113 - - [27/Nov/2021:09:17:12 +0800] "GET /xingrg/javascript/jquery_ui/themes/humanity/images/ui-bg_inset-soft_100_f4f0ec_1x100.png HTTP/1.1" 200 141
116.227.210.113 - - [27/Nov/2021:09:17:12 +0800] "GET /xingrg/images/blue/bg_dotted.jpg HTTP/1.1" 200 319
116.227.210.113 - - [27/Nov/2021:09:17:12 +0800] "GET /xingrg/images/blue/button/right_ah.jpg HTTP/1.1" 200 1744
116.227.210.113 - - [27/Nov/2021:09:17:12 +0800] "GET /xingrg/images/blue/button/down_ah.jpg HTTP/1.1" 200 1732
222.70.171.86 - - [27/Nov/2021:09:17:12 +0800] "GET /xingrg/check_reg.html?_=1637975848684 HTTP/1.1" 200 22
116.227.210.113 - - [27/Nov/2021:09:17:12 +0800] "GET /xingrg/javascript/jquery_ui/themes/humanity/images/ui-iconsnew.jpg HTTP/1.1" 200 337
116.227.210.113 - - [27/Nov/2021:09:17:12 +0800] "GET /xingrg/javascript/jquery_ui/themes/humanity/images/ui-icons_ffffff_256x240.png HTTP/1.1" 200 4369
116.227.210.113 - - [27/Nov/2021:09:17:12 +0800] "GET /xingrg/javascript/jquery_ui/themes/humanity/images/ui-icons_c47a23_256x240.png HTTP/1.1" 200 5355
116.227.210.113 - - [27/Nov/2021:09:17:12 +0800] "GET /xingrg/javascript/jquery_ui/themes/humanity/images/ui-bg_glass_70_ede4d4_1x400.png HTTP/1.1" 200 161
116.233.77.48 - - [27/Nov/2021:09:17:12 +0800] "GET /xingrg/all/function/internal_message.html?_=1637975828826&CODE_STATE=getMsg HTTP/1.1" 200 27
116.233.77.48 - - [27/Nov/2021:09:17:12 +0800] "GET /xingrg/check_reg.html?_=1637975828828 HTTP/1.1" 200 22
58.221.95.50 - - [27/Nov/2021:09:17:12 +0800] "GET /xingrg/check_reg.html?_=1637975828500 HTTP/1.1" 302 -
116.227.210.113 - - [27/Nov/2021:09:17:12 +0800] "GET /xingrg/images/yd/bt.gif HTTP/1.1" 404 1040
58.221.95.50 - - [27/Nov/2021:09:17:12 +0800] "GET /xingrg/login.html HTTP/1.1" 200 7641
116.233.77.48 - - [27/Nov/2021:09:17:13 +0800] "POST /xingrg/kc/buy/cgsh_order_operate.html HTTP/1.1" 200 37
116.227.210.113 - - [27/Nov/2021:09:17:14 +0800] "GET /xingrg/kc/buy/cgsh_order_list.html HTTP/1.1" 200 49146
116.233.77.48 - - [27/Nov/2021:09:17:14 +0800] "POST /xingrg/kc/buy/cgsh_order_operate.html HTTP/1.1" 200 26372
116.227.210.113 - - [27/Nov/2021:09:17:16 +0800] "POST /xingrg/kc/buy/cgsh_list_operate.html HTTP/1.1" 200 876
58.39.139.200 - - [27/Nov/2021:09:17:17 +0800] "GET /xingrg/all/function/internal_message.html?_=1637975769948&CODE_STATE=getMsg HTTP/1.1" 302 -
222.70.171.86 - - [27/Nov/2021:09:17:18 +0800] "GET /xingrg/all/function/internal_message.html?_=1637975855325&CODE_STATE=getMsg HTTP/1.1" 200 27
120.253.135.82 - - [27/Nov/2021:09:17:18 +0800] "GET /xingrg/all/function/internal_message.html?_=1637975610050&CODE_STATE=getMsg HTTP/1.1" 200 27
116.233.77.48 - - [27/Nov/2021:09:17:22 +0800] "GET /xingrg/kc/buy/cgsh_order_operate.html?command=get_materiel&rest_code=00109&code=00101008350&supplier_code=00100005&order_time=2021-11-27 HTTP/1.1" 200 408
116.233.77.48 - - [27/Nov/2021:09:17:25 +0800] "GET /xingrg/javascript/auto/indicator.gif HTTP/1.1" 404 1066
58.37.231.44 - - [27/Nov/2021:09:17:28 +0800] "GET /xingrg/all/function/internal_message.html?_=1637975672510&CODE_STATE=getMsg HTTP/1.1" 200 27
222.70.176.97 - - [27/Nov/2021:09:17:38 +0800] "GET /xingrg/all/function/internal_message.html?_=1637975851082&CODE_STATE=getMsg HTTP/1.1" 200 27
180.157.253.6 - - [27/Nov/2021:09:17:43 +0800] "GET /xingrg/all/function/internal_message.html?_=1637975861393&CODE_STATE=getMsg HTTP/1.1" 200 27
116.238.248.233 - - [27/Nov/2021:09:17:45 +0800] "GET /xingrg/check_reg.html?_=1637975861211 HTTP/1.1" 200 22
116.238.248.233 - - [27/Nov/2021:09:17:45 +0800] "GET /xingrg/all/function/internal_message.html?_=1637975861212&CODE_STATE=getMsg HTTP/1.1" 200 27
222.70.171.86 - - [27/Nov/2021:09:17:45 +0800] "GET /xingrg/all/function/internal_message.html?_=1637975882345&CODE_STATE=getMsg HTTP/1.1" 200 27
116.233.77.48 - - [27/Nov/2021:09:17:48 +0800] "GET /xingrg/kc/buy/cgsh_order_operate.html?command=get_materiel&rest_code=00109&code=00101008112&supplier_code=00100005&order_time=2021-11-27 HTTP/1.1" 200 412
180.157.253.6 - - [27/Nov/2021:09:17:52 +0800] "GET /xingrg/all/function/internal_message.html?_=1637975870127&CODE_STATE=getMsg HTTP/1.1" 200 27
180.157.253.6 - - [27/Nov/2021:09:17:52 +0800] "GET /xingrg/check_reg.html?_=1637975870128 HTTP/1.1" 200 22
114.85.125.222 - - [27/Nov/2021:09:17:53 +0800] "GET /xingrg/all/function/internal_message.html?_=1637975839911&CODE_STATE=getMsg HTTP/1.1" 200 27
116.233.77.48 - - [27/Nov/2021:09:17:56 +0800] "GET /xingrg/kc/buy/cgsh_order_operate.html?command=get_materiel&rest_code=00109&code=00101008223&supplier_code=00100005&order_time=2021-11-27 HTTP/1.1" 200 412
116.233.77.48 - - [27/Nov/2021:09:18:04 +0800] "GET /xingrg/kc/buy/cgsh_order_operate.html?command=get_materiel&rest_code=00109&code=00101008005&supplier_code=00100005&order_time=2021-11-27 HTTP/1.1" 200 412
116.233.77.48 - - [27/Nov/2021:09:18:06 +0800] "POST /xingrg/kc/buy/cgsh_order_operate.html HTTP/1.1" 200 2065
116.227.210.113 - - [27/Nov/2021:09:18:07 +0800] "GET /xingrg/all/function/internal_message.html?_=1637975881885&CODE_STATE=getMsg HTTP/1.1" 200 27
114.83.222.132 - - [27/Nov/2021:09:18:07 +0800] "GET /xingrg/all/function/internal_message.html?_=1637975884890&CODE_STATE=getMsg HTTP/1.1" 200 27
222.70.171.86 - - [27/Nov/2021:09:18:10 +0800] "GET /xingrg/all/function/internal_message.html?_=1637975910625&CODE_STATE=getMsg HTTP/1.1" 302 -
116.233.77.48 - - [27/Nov/2021:09:18:12 +0800] "GET /xingrg/kc/buy/cgsh_order_operate.html?command=get_materiel&rest_code=00109&code=00101008095&supplier_code=00100005&order_time=2021-11-27 HTTP/1.1" 200 412
116.233.77.48 - - [27/Nov/2021:09:18:12 +0800] "GET /xingrg/all/function/internal_message.html?_=1637975888828&CODE_STATE=getMsg HTTP/1.1" 200 27
58.39.139.200 - - [27/Nov/2021:09:18:17 +0800] "GET /xingrg/all/function/internal_message.html?_=1637975829932&CODE_STATE=getMsg HTTP/1.1" 302 -
