222.70.171.86 - - [26/Nov/2021:10:47:55 +0800] "GET /xingrg/all/function/internal_message.html?_=1637894893034&CODE_STATE=getMsg HTTP/1.1" 200 27
180.169.147.146 - - [26/Nov/2021:10:47:55 +0800] "GET /xingrg/javascript/jquery_tools/jquery-1.4.2.min.js HTTP/1.1" 404 1094
180.169.147.146 - - [26/Nov/2021:10:47:55 +0800] "GET /xingrg/kc/mdqp/pssh_order_info.html?code=312021112600630 HTTP/1.1" 200 17281
180.169.147.146 - - [26/Nov/2021:10:47:56 +0800] "POST /xingrg/kc/mdqp/pssh_order_operate.html HTTP/1.1" 200 5374
180.169.147.146 - - [26/Nov/2021:10:47:56 +0800] "GET /xingrg/all/common/auto_word.html?type=base&rest_code=00147&rest_code=00147 HTTP/1.1" 200 1753
180.169.147.146 - - [26/Nov/2021:10:47:56 +0800] "GET /xingrg/javascript/easyui/themes/default/validatebox.css HTTP/1.1" 404 1104
124.78.153.86 - - [26/Nov/2021:10:47:56 +0800] "GET /xingrg/kc/base/wldb_order_operate.html?command=get_materiel&rest_code=00106&base_code=0010396&code=00101019185 HTTP/1.1" 200 455
124.78.153.86 - - [26/Nov/2021:10:47:58 +0800] "GET /xingrg/all/function/internal_message.html?_=1637894872071&CODE_STATE=getMsg HTTP/1.1" 200 27
180.174.250.202 - - [26/Nov/2021:10:48:00 +0800] "GET /xingrg/kc/buy/cgsh_order_operate.html?command=get_materiel&rest_code=00102&code=00101009016&supplier_code=00100424&order_time=2021-11-26 HTTP/1.1" 200 412
124.78.153.86 - - [26/Nov/2021:10:48:02 +0800] "GET /xingrg/all/function/internal_message.html?_=1637894883235&CODE_STATE=getMsg HTTP/1.1" 200 27
222.70.171.86 - - [26/Nov/2021:10:48:04 +0800] "GET /xingrg/kc/buy/cgsh_order_operate.html?command=get_materiel&rest_code=00146&code=00101008354&supplier_code=00100005&order_time=2021-11-26 HTTP/1.1" 200 412
180.174.250.202 - - [26/Nov/2021:10:48:08 +0800] "GET /xingrg/kc/buy/cgsh_order_operate.html?command=get_materiel&rest_code=00102&code=00101009013&supplier_code=00100424&order_time=2021-11-26 HTTP/1.1" 200 420
114.83.221.74 - - [26/Nov/2021:10:48:09 +0800] "GET /xingrg/kc/base/wldb_order_operate.html?command=get_materiel&rest_code=00149&base_code=0010394&code=00101019185 HTTP/1.1" 200 453
114.85.125.222 - - [26/Nov/2021:10:48:09 +0800] "GET /xingrg/all/function/internal_message.html?_=1637894857383&CODE_STATE=getMsg HTTP/1.1" 200 27
222.70.176.97 - - [26/Nov/2021:10:48:09 +0800] "GET /xingrg/all/function/internal_message.html?_=1637894883135&CODE_STATE=getMsg HTTP/1.1" 200 27
222.70.176.97 - - [26/Nov/2021:10:48:09 +0800] "GET /xingrg/check_reg.html?_=1637894883136 HTTP/1.1" 200 22
124.78.153.86 - - [26/Nov/2021:10:48:09 +0800] "GET /xingrg/kc/base/wldb_order_operate.html?command=get_materiel&rest_code=00106&base_code=0010396&code=00101019258 HTTP/1.1" 200 469
101.85.120.86 - - [26/Nov/2021:10:48:10 +0800] "POST /xingrg/kc/buy/cgsh_order_operate.html HTTP/1.1" 200 2654
180.162.112.229 - - [26/Nov/2021:10:48:10 +0800] "GET /xingrg/check_reg.html?_=1637894355678 HTTP/1.1" 200 22
180.162.112.229 - - [26/Nov/2021:10:48:10 +0800] "GET /xingrg/all/function/internal_message.html?_=1637894355681&CODE_STATE=getMsg HTTP/1.1" 200 27
116.238.248.233 - - [26/Nov/2021:10:48:10 +0800] "GET /xingrg/all/function/internal_message.html?_=1637894886522&CODE_STATE=getMsg HTTP/1.1" 200 27
120.253.135.82 - - [26/Nov/2021:10:48:14 +0800] "GET /xingrg/all/function/internal_message.html?_=1637894666673&CODE_STATE=getMsg HTTP/1.1" 200 27
101.85.120.86 - - [26/Nov/2021:10:48:14 +0800] "GET /xingrg/all/function/internal_message.html?_=1637894890285&CODE_STATE=getMsg HTTP/1.1" 200 27
180.174.250.202 - - [26/Nov/2021:10:48:16 +0800] "GET /xingrg/kc/buy/cgsh_order_operate.html?command=get_materiel&rest_code=00102&code=00101009007&supplier_code=00100424&order_time=2021-11-26 HTTP/1.1" 200 408
222.70.171.86 - - [26/Nov/2021:10:48:17 +0800] "GET /xingrg/kc/buy/cgsh_order_operate.html?command=get_materiel&rest_code=00146&code=00101008088&supplier_code=00100005&order_time=2021-11-26 HTTP/1.1" 200 408
58.37.231.44 - - [26/Nov/2021:10:48:17 +0800] "GET /xingrg/all/function/internal_message.html?_=1637894720234&CODE_STATE=getMsg HTTP/1.1" 200 27
58.37.231.44 - - [26/Nov/2021:10:48:17 +0800] "GET /xingrg/check_reg.html?_=1637894720235 HTTP/1.1" 200 22
101.85.120.86 - - [26/Nov/2021:10:48:18 +0800] "POST /xingrg/kc/buy/cgsh_order_operate.html HTTP/1.1" 200 37
101.85.120.86 - - [26/Nov/2021:10:48:22 +0800] "POST /xingrg/kc/buy/cgsh_order_operate.html HTTP/1.1" 200 12
101.85.120.86 - - [26/Nov/2021:10:48:24 +0800] "GET /xingrg/kc/buy/cgsh_order_info.html?code=212021112611080 HTTP/1.1" 200 58954
101.85.120.86 - - [26/Nov/2021:10:48:24 +0800] "GET /xingrg/javascript/easyui/themes/default/validatebox.css HTTP/1.1" 404 1104
101.85.120.86 - - [26/Nov/2021:10:48:24 +0800] "POST /xingrg/kc/buy/cgsh_order_operate.html HTTP/1.1" 200 604
180.174.250.202 - - [26/Nov/2021:10:48:25 +0800] "GET /xingrg/all/function/internal_message.html?_=1637894898163&CODE_STATE=getMsg HTTP/1.1" 200 27
124.78.153.86 - - [26/Nov/2021:10:48:27 +0800] "GET /xingrg/kc/base/wldb_order_operate.html?command=get_materiel&rest_code=00106&base_code=0010396&code=00101016020 HTTP/1.1" 200 446
101.85.120.86 - - [26/Nov/2021:10:48:28 +0800] "GET /xingrg/kc/print/load_data.html?order_code=212021112611080&kc_code=cgsh&condition= HTTP/1.1" 200 705
222.70.171.86 - - [26/Nov/2021:10:48:30 +0800] "GET /xingrg/kc/buy/cgsh_order_operate.html?command=get_materiel&rest_code=00146&code=00101008003&supplier_code=00100005&order_time=2021-11-26 HTTP/1.1" 200 408
180.174.250.202 - - [26/Nov/2021:10:48:32 +0800] "GET /xingrg/kc/buy/cgsh_order_operate.html?command=get_materiel&rest_code=00102&code=00101009066&supplier_code=00100424&order_time=2021-11-26 HTTP/1.1" 200 416
180.162.112.229 - - [26/Nov/2021:10:48:35 +0800] "GET /xingrg/kc/base/base_main.html HTTP/1.1" 200 12142
222.70.171.86 - - [26/Nov/2021:10:48:36 +0800] "POST /xingrg/kc/buy/cgsh_order_operate.html HTTP/1.1" 200 2065
116.232.55.22 - - [26/Nov/2021:10:48:38 +0800] "GET /xingrg/all/function/internal_message.html?_=1637894917182&CODE_STATE=getMsg HTTP/1.1" 200 27
114.83.221.74 - - [26/Nov/2021:10:48:42 +0800] "GET /xingrg/kc/base/wldb_order_operate.html?command=get_materiel&rest_code=00149&base_code=0010394&code=00101019391 HTTP/1.1" 200 471
116.227.210.113 - - [26/Nov/2021:10:48:43 +0800] "GET /xingrg/all/function/internal_message.html?_=1637894919688&CODE_STATE=getMsg HTTP/1.1" 200 27
180.157.253.6 - - [26/Nov/2021:10:48:44 +0800] "GET /xingrg/all/function/internal_message.html?_=1637894921101&CODE_STATE=getMsg HTTP/1.1" 200 27
124.78.153.86 - - [26/Nov/2021:10:48:44 +0800] "GET /xingrg/kc/base/wldb_order_operate.html?command=get_materiel&rest_code=00106&base_code=0010396&code=00101016044 HTTP/1.1" 200 466
222.70.171.86 - - [26/Nov/2021:10:48:45 +0800] "GET /xingrg/kc/buy/cgsh_order_operate.html?command=get_materiel&rest_code=00146&code=00101008361&supplier_code=00100005&order_time=2021-11-26 HTTP/1.1" 200 408
180.174.250.202 - - [26/Nov/2021:10:48:46 +0800] "GET /xingrg/kc/buy/cgsh_order_operate.html?command=get_materiel&rest_code=00102&code=00101009063&supplier_code=00100424&order_time=2021-11-26 HTTP/1.1" 200 410
180.162.112.229 - - [26/Nov/2021:10:48:47 +0800] "GET /xingrg/kc/report/report_main.html HTTP/1.1" 200 7340
114.83.221.74 - - [26/Nov/2021:10:48:49 +0800] "GET /xingrg/all/function/internal_message.html?_=1637894927227&CODE_STATE=getMsg HTTP/1.1" 200 27
180.162.112.229 - - [26/Nov/2021:10:48:49 +0800] "GET /xingrg/all/report/report_query.html?fileName=kc/buy/gys_amount.xml&rh=99999 HTTP/1.1" 200 52006
180.162.112.229 - - [26/Nov/2021:10:48:49 +0800] "GET /xingrg/dwr/interface/AjaxReportQueryService.js HTTP/1.1" 200 13203
180.162.112.229 - - [26/Nov/2021:10:48:49 +0800] "GET /xingrg/dwr/engine.js HTTP/1.1" 200 43631
180.162.112.229 - - [26/Nov/2021:10:48:49 +0800] "POST /xingrg/dwr/call/plaincall/AjaxReportQueryService.getFixDate.dwr HTTP/1.1" 200 111
180.162.112.229 - - [26/Nov/2021:10:48:49 +0800] "POST /xingrg/all/common/load_tree.html?tree=supplier_tree_json&manage=1 HTTP/1.1" 200 61763
180.162.112.229 - - [26/Nov/2021:10:48:51 +0800] "POST /xingrg/all/common/load_tree.html?tree=materiel_sort_tree_json HTTP/1.1" 200 9388
180.162.112.229 - - [26/Nov/2021:10:48:51 +0800] "POST /xingrg/dwr/call/plaincall/AjaxReportQueryService.getInitString.dwr HTTP/1.1" 200 411
222.70.171.86 - - [26/Nov/2021:10:48:52 +0800] "GET /xingrg/all/function/internal_message.html?_=1637894946390&CODE_STATE=getMsg HTTP/1.1" 302 -
58.39.139.200 - - [26/Nov/2021:10:48:53 +0800] "GET /xingrg/all/function/internal_message.html?_=1637894866702&CODE_STATE=getMsg HTTP/1.1" 200 27
180.162.112.229 - - [26/Nov/2021:10:48:54 +0800] "POST /xingrg/dwr/call/plaincall/AjaxReportQueryService.refreshCache.dwr HTTP/1.1" 200 78
222.70.171.86 - - [26/Nov/2021:10:48:55 +0800] "GET /xingrg/all/function/internal_message.html?_=1637894953047&CODE_STATE=getMsg HTTP/1.1" 200 27
222.70.171.86 - - [26/Nov/2021:10:48:56 +0800] "GET /xingrg/kc/buy/cgsh_order_operate.html?command=get_materiel&rest_code=00146&code=00101008067&supplier_code=00100005&order_time=2021-11-26 HTTP/1.1" 200 416
180.162.112.229 - - [26/Nov/2021:10:48:57 +0800] "POST /xingrg/all/report/load_report_page.html HTTP/1.1" 200 25197
180.162.112.229 - - [26/Nov/2021:10:48:57 +0800] "GET /xingrg/servlets/image?cache=0.7044116800158392&image=px HTTP/1.1" 200 807
124.78.153.86 - - [26/Nov/2021:10:48:58 +0800] "GET /xingrg/kc/base/wldb_order_operate.html?command=get_materiel&rest_code=00106&base_code=0010396&code=00101019400 HTTP/1.1" 200 451
124.78.153.86 - - [26/Nov/2021:10:48:58 +0800] "GET /xingrg/all/function/internal_message.html?_=1637894932052&CODE_STATE=getMsg HTTP/1.1" 200 27
61.151.178.180 - - [26/Nov/2021:10:48:59 +0800] "GET /xingrg/all/function/internal_message.html?_=1637894872071&CODE_STATE=getMsg HTTP/1.1" 302 -
61.151.178.180 - - [26/Nov/2021:10:49:00 +0800] "GET /xingrg/login.html HTTP/1.1" 200 7641
124.78.153.86 - - [26/Nov/2021:10:49:02 +0800] "GET /xingrg/all/function/internal_message.html?_=1637894943245&CODE_STATE=getMsg HTTP/1.1" 200 27
114.83.221.74 - - [26/Nov/2021:10:49:03 +0800] "GET /xingrg/kc/base/wldb_order_operate.html?command=get_materiel&rest_code=00149&base_code=0010394&code=00101019199 HTTP/1.1" 200 459
180.169.147.146 - - [26/Nov/2021:10:49:03 +0800] "GET /xingrg/check_reg.html?_=1637894932546 HTTP/1.1" 200 22
180.174.250.202 - - [26/Nov/2021:10:49:05 +0800] "GET /xingrg/javascript/jquery_easy_ui/themes/default/images/tabs_active.png HTTP/1.1" 200 2894
222.70.171.86 - - [26/Nov/2021:10:49:06 +0800] "GET /xingrg/kc/buy/cgsh_order_operate.html?command=get_materiel&rest_code=00146&code=00101008264&supplier_code=00100005&order_time=2021-11-26 HTTP/1.1" 200 412
114.85.125.222 - - [26/Nov/2021:10:49:09 +0800] "GET /xingrg/all/function/internal_message.html?_=1637894917396&CODE_STATE=getMsg HTTP/1.1" 200 27
222.70.176.97 - - [26/Nov/2021:10:49:09 +0800] "GET /xingrg/all/function/internal_message.html?_=1637894943135&CODE_STATE=getMsg HTTP/1.1" 200 27
180.162.112.229 - - [26/Nov/2021:10:49:10 +0800] "GET /xingrg/all/function/internal_message.html?_=1637894415679&CODE_STATE=getMsg HTTP/1.1" 200 27
116.238.248.233 - - [26/Nov/2021:10:49:10 +0800] "GET /xingrg/all/function/internal_message.html?_=1637894946541&CODE_STATE=getMsg HTTP/1.1" 200 27
120.253.135.82 - - [26/Nov/2021:10:49:14 +0800] "GET /xingrg/check_reg.html?_=1637894726589 HTTP/1.1" 200 22
120.253.135.82 - - [26/Nov/2021:10:49:14 +0800] "GET /xingrg/all/function/internal_message.html?_=1637894726688&CODE_STATE=getMsg HTTP/1.1" 200 27
101.85.120.86 - - [26/Nov/2021:10:49:14 +0800] "GET /xingrg/all/function/internal_message.html?_=1637894950302&CODE_STATE=getMsg HTTP/1.1" 200 27
180.174.250.202 - - [26/Nov/2021:10:49:17 +0800] "POST /xingrg/kc/buy/cgsh_order_operate.html HTTP/1.1" 200 37
58.37.231.44 - - [26/Nov/2021:10:49:17 +0800] "GET /xingrg/all/function/internal_message.html?_=1637894780274&CODE_STATE=getMsg HTTP/1.1" 200 27
114.83.221.74 - - [26/Nov/2021:10:49:18 +0800] "POST /xingrg/kc/base/wldb_order_operate.html HTTP/1.1" 200 37
114.83.221.74 - - [26/Nov/2021:10:49:19 +0800] "POST /xingrg/kc/base/wldb_order_operate.html HTTP/1.1" 200 8742
222.70.171.86 - - [26/Nov/2021:10:49:19 +0800] "GET /xingrg/kc/buy/cgsh_order_operate.html?command=get_materiel&rest_code=00146&code=00101008024&supplier_code=00100005&order_time=2021-11-26 HTTP/1.1" 200 408
114.83.221.74 - - [26/Nov/2021:10:49:19 +0800] "GET /xingrg/kc/base/wldb_order_info.html?code=422021112602820 HTTP/1.1" 200 30459
114.83.221.74 - - [26/Nov/2021:10:49:19 +0800] "GET /xingrg/javascript/easyui/themes/default/validatebox.css HTTP/1.1" 404 1104
180.174.250.202 - - [26/Nov/2021:10:49:21 +0800] "POST /xingrg/kc/buy/cgsh_order_operate.html HTTP/1.1" 200 12
114.83.221.74 - - [26/Nov/2021:10:49:21 +0800] "POST /xingrg/kc/base/wldb_order_operate.html HTTP/1.1" 200 8742
180.174.250.202 - - [26/Nov/2021:10:49:23 +0800] "GET /xingrg/kc/buy/cgsh_order_info.html?code=212021112611081 HTTP/1.1" 200 59782
180.174.250.202 - - [26/Nov/2021:10:49:24 +0800] "GET /xingrg/javascript/easyui/themes/default/validatebox.css HTTP/1.1" 404 1104
180.174.250.202 - - [26/Nov/2021:10:49:25 +0800] "POST /xingrg/kc/buy/cgsh_order_operate.html HTTP/1.1" 200 4752
180.174.250.202 - - [26/Nov/2021:10:49:25 +0800] "GET /xingrg/all/function/internal_message.html?_=1637894958177&CODE_STATE=getMsg HTTP/1.1" 200 27
180.162.112.229 - - [26/Nov/2021:10:49:26 +0800] "GET /xingrg/all/report/report_query.html?isQuery=1&fileName=kc/buy/wlcg_cate_hz.xml&queryString=(CONVERT(char(10)%252Ca.order_time%252C%2520120)%253E%253D'2021-11-01')%2520and%2520(CONVERT(char(10)%252Ca.order_time%252C%2520120)%253C%253D'2021-11-30')%2520and%2520(a.supplier_code%253D'00100156')&queryText=%25E3%2580%2590%25E9%2587%2587%25E8%25B4%25AD%25E6%2597%25A5%25E6%259C%259F%253A2021-11-01%2520%25E8%2587%25B3%25202021-11-30%25E3%2580%2591%2520%25E5%25B9%25B6%25E4%25B8%2594%2520%25E3%2580%2590%25E4%25BE%259B%25E5%25BA%2594%25E5%2595%2586%253D%25E9%2585%2592%25E6%25B0%25B4(%25E5%2590%25B4%25E6%25A1%2582%25E5%2585%25B0)%25E3%2580%2591 HTTP/1.1" 200 54355
180.162.112.229 - - [26/Nov/2021:10:49:26 +0800] "GET /xingrg/dwr/interface/AjaxReportQueryService.js HTTP/1.1" 200 13203
180.162.112.229 - - [26/Nov/2021:10:49:26 +0800] "GET /xingrg/dwr/engine.js HTTP/1.1" 200 43631
180.162.112.229 - - [26/Nov/2021:10:49:27 +0800] "POST /xingrg/all/report/load_report_page.html HTTP/1.1" 200 10885
180.162.112.229 - - [26/Nov/2021:10:49:27 +0800] "GET /xingrg/servlets/image?cache=0.5780975096844612&image=px HTTP/1.1" 200 807
180.174.250.202 - - [26/Nov/2021:10:49:28 +0800] "GET /xingrg/kc/print/load_data.html?order_code=212021112611081&kc_code=cgsh&condition= HTTP/1.1" 200 2263
180.162.112.229 - - [26/Nov/2021:10:49:30 +0800] "POST /xingrg/all/report/load_report_page.html HTTP/1.1" 200 40317
180.162.112.229 - - [26/Nov/2021:10:49:30 +0800] "GET /xingrg/servlets/image?cache=0.7687101745051464&image=px HTTP/1.1" 200 807
114.83.221.74 - - [26/Nov/2021:10:49:30 +0800] "GET /xingrg/kc/base/wldb_order_add.html HTTP/1.1" 200 30444
114.83.221.74 - - [26/Nov/2021:10:49:30 +0800] "POST /xingrg/kc/base/wldb_order_operate.html HTTP/1.1" 200 6806
114.83.221.74 - - [26/Nov/2021:10:49:30 +0800] "GET /xingrg/javascript/easyui/themes/default/validatebox.css HTTP/1.1" 404 1104
124.78.153.86 - - [26/Nov/2021:10:49:31 +0800] "POST /xingrg/kc/base/wldb_order_operate.html HTTP/1.1" 200 37
124.78.153.86 - - [26/Nov/2021:10:49:32 +0800] "POST /xingrg/kc/base/wldb_order_operate.html HTTP/1.1" 200 7221
222.70.171.86 - - [26/Nov/2021:10:49:32 +0800] "GET /xingrg/kc/buy/cgsh_order_operate.html?command=get_materiel&rest_code=00146&code=00101008356&supplier_code=00100005&order_time=2021-11-26 HTTP/1.1" 200 408
124.78.153.86 - - [26/Nov/2021:10:49:33 +0800] "GET /xingrg/kc/base/wldb_order_info.html?code=422021112602821 HTTP/1.1" 200 30453
124.78.153.86 - - [26/Nov/2021:10:49:33 +0800] "GET /xingrg/javascript/easyui/themes/default/validatebox.css HTTP/1.1" 404 1104
124.78.153.86 - - [26/Nov/2021:10:49:33 +0800] "POST /xingrg/kc/base/wldb_order_operate.html HTTP/1.1" 200 7221
222.70.171.86 - - [26/Nov/2021:10:49:35 +0800] "POST /xingrg/kc/buy/cgsh_order_operate.html HTTP/1.1" 200 2065
124.78.153.86 - - [26/Nov/2021:10:49:36 +0800] "GET /xingrg/kc/base/wldb_order_add.html HTTP/1.1" 200 30438
124.78.153.86 - - [26/Nov/2021:10:49:36 +0800] "POST /xingrg/kc/base/wldb_order_operate.html HTTP/1.1" 200 6806
124.78.153.86 - - [26/Nov/2021:10:49:36 +0800] "GET /xingrg/javascript/easyui/themes/default/validatebox.css HTTP/1.1" 404 1104
114.83.221.74 - - [26/Nov/2021:10:49:37 +0800] "GET /xingrg/kc/base/wldb_order_operate.html?command=get_materiel&rest_code=00149&base_code=0010400&code=00101004065 HTTP/1.1" 200 435
124.78.153.86 - - [26/Nov/2021:10:49:37 +0800] "POST /xingrg/all/common/load_combo.html?type=base HTTP/1.1" 200 3227
116.232.55.22 - - [26/Nov/2021:10:49:38 +0800] "GET /xingrg/all/function/internal_message.html?_=1637894977184&CODE_STATE=getMsg HTTP/1.1" 200 27
124.78.153.86 - - [26/Nov/2021:10:49:41 +0800] "POST /xingrg/all/common/load_combo.html?type=base HTTP/1.1" 200 3227
116.227.210.113 - - [26/Nov/2021:10:49:43 +0800] "GET /xingrg/all/function/internal_message.html?_=1637894979684&CODE_STATE=getMsg HTTP/1.1" 200 27
222.70.171.86 - - [26/Nov/2021:10:49:44 +0800] "GET /xingrg/kc/buy/cgsh_order_operate.html?command=get_materiel&rest_code=00146&code=00101008212&supplier_code=00100005&order_time=2021-11-26 HTTP/1.1" 200 412
180.157.253.6 - - [26/Nov/2021:10:49:44 +0800] "GET /xingrg/all/function/internal_message.html?_=1637894981099&CODE_STATE=getMsg HTTP/1.1" 200 27
222.69.132.164 - - [26/Nov/2021:10:49:48 +0800] "GET /xingrg/login.html HTTP/1.1" 200 7641
114.83.221.74 - - [26/Nov/2021:10:49:48 +0800] "POST /xingrg/kc/base/wldb_order_operate.html HTTP/1.1" 200 37
222.69.132.164 - - [26/Nov/2021:10:49:48 +0800] "GET /favicon.ico HTTP/1.1" 404 -
114.83.221.74 - - [26/Nov/2021:10:49:48 +0800] "POST /xingrg/kc/base/wldb_order_operate.html HTTP/1.1" 200 2185
114.83.221.74 - - [26/Nov/2021:10:49:49 +0800] "GET /xingrg/kc/base/wldb_order_info.html?code=422021112602822 HTTP/1.1" 200 30457
222.69.132.164 - - [26/Nov/2021:10:49:49 +0800] "POST /xingrg/login.do HTTP/1.1" 302 -
114.83.221.74 - - [26/Nov/2021:10:49:49 +0800] "GET /xingrg/javascript/easyui/themes/default/validatebox.css HTTP/1.1" 404 1104
222.69.132.164 - - [26/Nov/2021:10:49:49 +0800] "GET /xingrg/index.html?sysBaseUrl=http%3A%2F%2F180.169.147.146%3A18081%2Fxingrg%2F&costTime=47×tamp=1637894989609 HTTP/1.1" 200 17179
222.69.132.164 - - [26/Nov/2021:10:49:49 +0800] "GET /favicon.ico HTTP/1.1" 404 -
222.69.132.164 - - [26/Nov/2021:10:49:49 +0800] "POST /xingrg/all/common/load_tree.html?tree=area_rest_tree_json&manage=1 HTTP/1.1" 200 351
222.69.132.164 - - [26/Nov/2021:10:49:49 +0800] "GET /xingrg/all/function/internal_message.html?_=1637894991334&CODE_STATE=count HTTP/1.1" 200 11
222.69.132.164 - - [26/Nov/2021:10:49:49 +0800] "GET /xingrg/check_reg.html?_=1637894991335 HTTP/1.1" 200 22
222.69.132.164 - - [26/Nov/2021:10:49:49 +0800] "POST /xingrg/load_menu.html HTTP/1.1" 200 5138
114.83.221.74 - - [26/Nov/2021:10:49:50 +0800] "POST /xingrg/kc/base/wldb_order_operate.html HTTP/1.1" 200 2185
222.69.132.164 - - [26/Nov/2021:10:49:52 +0800] "GET /xingrg/kc/buy/cgsh_order_list.html HTTP/1.1" 200 49146
58.39.139.200 - - [26/Nov/2021:10:49:52 +0800] "GET /xingrg/kc/buy/cgsh_order_operate.html?command=get_materiel&rest_code=00105&code=00101008351&supplier_code=00100203&order_time=2021-11-26 HTTP/1.1" 200 408
222.70.171.86 - - [26/Nov/2021:10:49:52 +0800] "GET /xingrg/all/function/internal_message.html?_=1637895006403&CODE_STATE=getMsg HTTP/1.1" 302 -
222.69.132.164 - - [26/Nov/2021:10:49:53 +0800] "POST /xingrg/kc/buy/cgsh_list_operate.html HTTP/1.1" 200 876
58.39.139.200 - - [26/Nov/2021:10:49:53 +0800] "GET /xingrg/all/function/internal_message.html?_=1637894926670&CODE_STATE=getMsg HTTP/1.1" 200 27
180.169.147.146 - - [26/Nov/2021:10:49:54 +0800] "GET /xingrg/kc/mdqp/pssh_order_list.html?isBack=1 HTTP/1.1" 200 17863
180.169.147.146 - - [26/Nov/2021:10:49:54 +0800] "POST /xingrg/kc/mdqp/pssh_list_operate.html HTTP/1.1" 200 5220
180.169.147.146 - - [26/Nov/2021:10:49:55 +0800] "POST /xingrg/kc/mdqp/pssh_list_operate.html HTTP/1.1" 200 792
222.70.171.86 - - [26/Nov/2021:10:49:55 +0800] "GET /xingrg/all/function/internal_message.html?_=1637895013065&CODE_STATE=getMsg HTTP/1.1" 200 27
222.69.132.164 - - [26/Nov/2021:10:49:58 +0800] "POST /xingrg/kc/buy/cgsh_list_operate.html HTTP/1.1" 200 5760
124.78.153.86 - - [26/Nov/2021:10:49:58 +0800] "GET /xingrg/all/function/internal_message.html?_=1637894992025&CODE_STATE=getMsg HTTP/1.1" 200 27
180.169.147.146 - - [26/Nov/2021:10:50:00 +0800] "GET /xingrg/kc/mdqp/qqps_order_list.html HTTP/1.1" 200 9222
180.169.147.146 - - [26/Nov/2021:10:50:00 +0800] "GET /xingrg/dwr/interface/AjaxQqpsService.js HTTP/1.1" 200 16326
180.169.147.146 - - [26/Nov/2021:10:50:00 +0800] "GET /xingrg/dwr/interface/AjaxReportQueryService.js HTTP/1.1" 200 13203
180.169.147.146 - - [26/Nov/2021:10:50:00 +0800] "GET /xingrg/dwr/engine.js HTTP/1.1" 200 43631
61.151.178.197 - - [26/Nov/2021:10:50:00 +0800] "GET /xingrg/all/function/internal_message.html?_=1637894932052&CODE_STATE=getMsg HTTP/1.1" 302 -
61.151.178.197 - - [26/Nov/2021:10:50:00 +0800] "GET /xingrg/login.html HTTP/1.1" 200 7641
180.169.147.146 - - [26/Nov/2021:10:50:01 +0800] "GET /xingrg/kc/mdqp/qqps_order_add.html HTTP/1.1" 200 27993
180.169.147.146 - - [26/Nov/2021:10:50:01 +0800] "GET /xingrg/dwr/interface/AjaxComOrderService.js HTTP/1.1" 200 18264
180.169.147.146 - - [26/Nov/2021:10:50:01 +0800] "GET /xingrg/dwr/interface/AjaxQqpsService.js HTTP/1.1" 200 16326
180.169.147.146 - - [26/Nov/2021:10:50:01 +0800] "GET /xingrg/dwr/engine.js HTTP/1.1" 200 43631
124.78.153.86 - - [26/Nov/2021:10:50:02 +0800] "GET /xingrg/all/function/internal_message.html?_=1637895003254&CODE_STATE=getMsg HTTP/1.1" 200 27
222.69.132.164 - - [26/Nov/2021:10:50:02 +0800] "POST /xingrg/kc/buy/cgsh_list_operate.html HTTP/1.1" 200 592
222.70.176.97 - - [26/Nov/2021:10:50:09 +0800] "GET /xingrg/all/function/internal_message.html?_=1637895003159&CODE_STATE=getMsg HTTP/1.1" 200 27
114.85.125.222 - - [26/Nov/2021:10:50:09 +0800] "GET /xingrg/all/function/internal_message.html?_=1637894977564&CODE_STATE=getMsg HTTP/1.1" 200 27
180.169.147.146 - - [26/Nov/2021:10:50:09 +0800] "POST /xingrg/dwr/call/plaincall/AjaxQqpsService.saveOrder.dwr HTTP/1.1" 200 78
180.162.112.229 - - [26/Nov/2021:10:50:10 +0800] "GET /xingrg/all/function/internal_message.html?_=1637894475804&CODE_STATE=getMsg HTTP/1.1" 200 27
116.238.248.233 - - [26/Nov/2021:10:50:10 +0800] "GET /xingrg/check_reg.html?_=1637895006540 HTTP/1.1" 200 22
116.238.248.233 - - [26/Nov/2021:10:50:10 +0800] "GET /xingrg/all/function/internal_message.html?_=1637895006552&CODE_STATE=getMsg HTTP/1.1" 200 27
222.69.132.164 - - [26/Nov/2021:10:50:12 +0800] "GET /xingrg/kc/buy/cgsh_order_info.html?code=212021112510818 HTTP/1.1" 200 58984
222.69.132.164 - - [26/Nov/2021:10:50:12 +0800] "GET /xingrg/javascript/easyui/themes/default/validatebox.css HTTP/1.1" 404 1104
222.69.132.164 - - [26/Nov/2021:10:50:12 +0800] "POST /xingrg/kc/buy/cgsh_order_operate.html HTTP/1.1" 200 9563
120.253.135.82 - - [26/Nov/2021:10:50:14 +0800] "GET /xingrg/all/function/internal_message.html?_=1637894786700&CODE_STATE=getMsg HTTP/1.1" 200 27
101.85.120.86 - - [26/Nov/2021:10:50:14 +0800] "GET /xingrg/all/function/internal_message.html?_=1637895010287&CODE_STATE=getMsg HTTP/1.1" 200 27
222.69.132.164 - - [26/Nov/2021:10:50:15 +0800] "GET /xingrg/kc/print/load_config.html?kc_code=cgsh HTTP/1.1" 200 2281
222.69.132.164 - - [26/Nov/2021:10:50:15 +0800] "GET /xingrg/kc/print/load_data.html?order_code=212021112510818&kc_code=cgsh&condition= HTTP/1.1" 200 4118
180.169.147.146 - - [26/Nov/2021:10:50:15 +0800] "POST /xingrg/dwr/call/plaincall/AjaxQqpsService.getMaterielByCode.dwr HTTP/1.1" 200 2819
180.169.147.146 - - [26/Nov/2021:10:50:17 +0800] "POST /xingrg/dwr/call/plaincall/AjaxQqpsService.saveMaterielItem.dwr HTTP/1.1" 200 78
58.39.139.200 - - [26/Nov/2021:10:50:17 +0800] "GET /xingrg/kc/buy/cgsh_order_operate.html?command=get_materiel&rest_code=00105&code=00101008223&supplier_code=00100203&order_time=2021-11-26 HTTP/1.1" 200 412
58.37.231.44 - - [26/Nov/2021:10:50:17 +0800] "GET /xingrg/all/function/internal_message.html?_=1637894840273&CODE_STATE=getMsg HTTP/1.1" 200 27
180.169.147.146 - - [26/Nov/2021:10:50:20 +0800] "POST /xingrg/dwr/call/plaincall/AjaxQqpsService.getMaterielByCode.dwr HTTP/1.1" 200 2798
180.169.147.146 - - [26/Nov/2021:10:50:21 +0800] "POST /xingrg/dwr/call/plaincall/AjaxQqpsService.saveMaterielItem.dwr HTTP/1.1" 200 78
180.169.147.146 - - [26/Nov/2021:10:50:23 +0800] "GET /xingrg/kc/mdqp/qqps_order_list.html?isBack=1 HTTP/1.1" 200 9651
180.169.147.146 - - [26/Nov/2021:10:50:23 +0800] "GET /xingrg/dwr/interface/AjaxQqpsService.js HTTP/1.1" 200 16326
180.169.147.146 - - [26/Nov/2021:10:50:23 +0800] "GET /xingrg/dwr/interface/AjaxReportQueryService.js HTTP/1.1" 200 13203
180.169.147.146 - - [26/Nov/2021:10:50:23 +0800] "GET /xingrg/dwr/engine.js HTTP/1.1" 200 43631
58.39.139.200 - - [26/Nov/2021:10:50:24 +0800] "POST /xingrg/kc/buy/cgsh_order_operate.html HTTP/1.1" 200 2065
180.174.250.202 - - [26/Nov/2021:10:50:25 +0800] "GET /xingrg/all/function/internal_message.html?_=1637895018190&CODE_STATE=getMsg HTTP/1.1" 200 27
116.232.55.22 - - [26/Nov/2021:10:50:38 +0800] "GET /xingrg/all/function/internal_message.html?_=1637895037186&CODE_STATE=getMsg HTTP/1.1" 200 27
58.221.95.50 - - [26/Nov/2021:10:50:39 +0800] "GET /xingrg/check_reg.html?_=1637895036212 HTTP/1.1" 302 -
116.227.210.113 - - [26/Nov/2021:10:50:43 +0800] "GET /xingrg/all/function/internal_message.html?_=1637895039670&CODE_STATE=getMsg HTTP/1.1" 200 27
180.157.253.6 - - [26/Nov/2021:10:50:44 +0800] "GET /xingrg/all/function/internal_message.html?_=1637895041099&CODE_STATE=getMsg HTTP/1.1" 200 27
114.83.221.74 - - [26/Nov/2021:10:50:49 +0800] "GET /xingrg/all/function/internal_message.html?_=1637895047246&CODE_STATE=getMsg HTTP/1.1" 200 27
222.69.132.164 - - [26/Nov/2021:10:50:49 +0800] "GET /xingrg/all/function/internal_message.html?_=1637895051356&CODE_STATE=getMsg HTTP/1.1" 200 27
222.70.171.86 - - [26/Nov/2021:10:50:52 +0800] "GET /xingrg/check_reg.html?_=1637895069629 HTTP/1.1" 200 22
222.70.171.86 - - [26/Nov/2021:10:50:52 +0800] "GET /xingrg/all/function/internal_message.html?_=1637895066434&CODE_STATE=getMsg HTTP/1.1" 302 -
58.39.139.200 - - [26/Nov/2021:10:50:53 +0800] "GET /xingrg/all/function/internal_message.html?_=1637894986664&CODE_STATE=getMsg HTTP/1.1" 200 27
222.70.171.86 - - [26/Nov/2021:10:50:55 +0800] "GET /xingrg/all/function/internal_message.html?_=1637895073074&CODE_STATE=getMsg HTTP/1.1" 200 27
124.78.153.86 - - [26/Nov/2021:10:50:58 +0800] "GET /xingrg/all/function/internal_message.html?_=1637895052001&CODE_STATE=getMsg HTTP/1.1" 200 27
101.85.120.86 - - [26/Nov/2021:10:50:58 +0800] "GET /xingrg/kc/buy/cgsh_order_add.html HTTP/1.1" 200 64041
101.85.120.86 - - [26/Nov/2021:10:50:58 +0800] "POST /xingrg/kc/buy/cgsh_order_operate.html HTTP/1.1" 200 8245
101.85.120.86 - - [26/Nov/2021:10:50:58 +0800] "GET /xingrg/javascript/easyui/themes/default/validatebox.css HTTP/1.1" 404 1104
124.78.153.86 - - [26/Nov/2021:10:51:02 +0800] "GET /xingrg/check_reg.html?_=1637895063237 HTTP/1.1" 200 22
124.78.153.86 - - [26/Nov/2021:10:51:02 +0800] "GET /xingrg/all/function/internal_message.html?_=1637895063241&CODE_STATE=getMsg HTTP/1.1" 200 27
101.89.239.245 - - [26/Nov/2021:10:51:03 +0800] "GET /xingrg/all/function/internal_message.html?_=1637894992025&CODE_STATE=getMsg HTTP/1.1" 302 -
101.89.239.245 - - [26/Nov/2021:10:51:04 +0800] "GET /xingrg/login.html HTTP/1.1" 200 7641
124.78.153.86 - - [26/Nov/2021:10:51:05 +0800] "GET /xingrg/check_reg.html?_=1637895059330 HTTP/1.1" 200 22
124.78.153.86 - - [26/Nov/2021:10:51:08 +0800] "GET /xingrg/kc/base/wldb_order_operate.html?command=get_materiel&rest_code=00106&base_code=0010396&code=00101019071 HTTP/1.1" 200 455
222.70.176.97 - - [26/Nov/2021:10:51:09 +0800] "GET /xingrg/all/function/internal_message.html?_=1637895063158&CODE_STATE=getMsg HTTP/1.1" 200 27
114.85.125.222 - - [26/Nov/2021:10:51:09 +0800] "GET /xingrg/all/function/internal_message.html?_=1637895037564&CODE_STATE=getMsg HTTP/1.1" 200 27
180.162.112.229 - - [26/Nov/2021:10:51:10 +0800] "GET /xingrg/all/function/internal_message.html?_=1637894535784&CODE_STATE=getMsg HTTP/1.1" 200 27
116.238.248.233 - - [26/Nov/2021:10:51:10 +0800] "GET /xingrg/all/function/internal_message.html?_=1637895066552&CODE_STATE=getMsg HTTP/1.1" 200 27
120.253.135.82 - - [26/Nov/2021:10:51:14 +0800] "GET /xingrg/all/function/internal_message.html?_=1637894846715&CODE_STATE=getMsg HTTP/1.1" 200 27
101.85.120.86 - - [26/Nov/2021:10:51:14 +0800] "GET /xingrg/all/function/internal_message.html?_=1637895070296&CODE_STATE=getMsg HTTP/1.1" 200 27
101.85.120.86 - - [26/Nov/2021:10:51:14 +0800] "GET /xingrg/check_reg.html?_=1637895070298 HTTP/1.1" 200 22
101.85.120.86 - - [26/Nov/2021:10:51:15 +0800] "GET /xingrg/kc/buy/cgsh_order_operate.html?command=get_materiel&rest_code=00142&code=00101003002&supplier_code=00100152&order_time=2021-11-25 HTTP/1.1" 200 409
180.174.250.202 - - [26/Nov/2021:10:51:15 +0800] "GET /xingrg/check_reg.html?_=1637895068275 HTTP/1.1" 200 22
58.37.231.44 - - [26/Nov/2021:10:51:17 +0800] "GET /xingrg/all/function/internal_message.html?_=1637894900271&CODE_STATE=getMsg HTTP/1.1" 200 27
124.78.153.86 - - [26/Nov/2021:10:51:21 +0800] "GET /xingrg/kc/base/wldb_order_operate.html?command=get_materiel&rest_code=00106&base_code=0010396&code=00101019405 HTTP/1.1" 200 467
222.70.171.86 - - [26/Nov/2021:10:51:25 +0800] "GET /xingrg/kc/buy/cgsh_order_operate.html?command=get_materiel&rest_code=00146&code=00101008286&supplier_code=00100005&order_time=2021-11-26 HTTP/1.1" 200 408
180.174.250.202 - - [26/Nov/2021:10:51:25 +0800] "GET /xingrg/all/function/internal_message.html?_=1637895078204&CODE_STATE=getMsg HTTP/1.1" 200 27
116.232.55.22 - - [26/Nov/2021:10:51:38 +0800] "GET /xingrg/all/function/internal_message.html?_=1637895097188&CODE_STATE=getMsg HTTP/1.1" 200 27
101.85.120.86 - - [26/Nov/2021:10:51:38 +0800] "POST /xingrg/kc/buy/cgsh_order_operate.html HTTP/1.1" 200 37
58.39.139.200 - - [26/Nov/2021:10:51:39 +0800] "GET /xingrg/kc/buy/cgsh_order_operate.html?command=get_materiel&rest_code=00105&code=00101008236&supplier_code=00100203&order_time=2021-11-26 HTTP/1.1" 200 416
222.70.171.86 - - [26/Nov/2021:10:51:40 +0800] "GET /xingrg/kc/buy/cgsh_order_operate.html?command=get_materiel&rest_code=00146&code=00101008131&supplier_code=00100005&order_time=2021-11-26 HTTP/1.1" 200 408
101.85.120.86 - - [26/Nov/2021:10:51:42 +0800] "POST /xingrg/kc/buy/cgsh_order_operate.html HTTP/1.1" 200 12
116.227.210.113 - - [26/Nov/2021:10:51:43 +0800] "GET /xingrg/all/function/internal_message.html?_=1637895099653&CODE_STATE=getMsg HTTP/1.1" 200 27
101.85.120.86 - - [26/Nov/2021:10:51:43 +0800] "GET /xingrg/kc/buy/cgsh_order_info.html?code=212021112611082 HTTP/1.1" 200 58954
101.85.120.86 - - [26/Nov/2021:10:51:43 +0800] "GET /xingrg/javascript/easyui/themes/default/validatebox.css HTTP/1.1" 404 1104
101.85.120.86 - - [26/Nov/2021:10:51:44 +0800] "POST /xingrg/kc/buy/cgsh_order_operate.html HTTP/1.1" 200 602
222.70.171.86 - - [26/Nov/2021:10:51:44 +0800] "POST /xingrg/kc/buy/cgsh_order_operate.html HTTP/1.1" 200 2065
180.157.253.6 - - [26/Nov/2021:10:51:44 +0800] "GET /xingrg/all/function/internal_message.html?_=1637895101098&CODE_STATE=getMsg HTTP/1.1" 200 27
180.157.253.6 - - [26/Nov/2021:10:51:44 +0800] "GET /xingrg/check_reg.html?_=1637895101100 HTTP/1.1" 200 22
101.85.120.86 - - [26/Nov/2021:10:51:46 +0800] "GET /xingrg/kc/print/load_data.html?order_code=212021112611082&kc_code=cgsh&condition= HTTP/1.1" 200 710
124.78.153.86 - - [26/Nov/2021:10:51:48 +0800] "GET /xingrg/kc/base/wldb_order_operate.html?command=get_materiel&rest_code=00106&base_code=0010396&code=00101019359 HTTP/1.1" 200 446
114.83.221.74 - - [26/Nov/2021:10:51:49 +0800] "GET /xingrg/all/function/internal_message.html?_=1637895107216&CODE_STATE=getMsg HTTP/1.1" 200 27
222.69.132.164 - - [26/Nov/2021:10:51:49 +0800] "GET /xingrg/all/function/internal_message.html?_=1637895111357&CODE_STATE=getMsg HTTP/1.1" 200 27
114.83.221.74 - - [26/Nov/2021:10:51:50 +0800] "GET /xingrg/check_reg.html?_=1637895108596 HTTP/1.1" 200 22
101.85.120.86 - - [26/Nov/2021:10:51:51 +0800] "POST /xingrg/kc/buy/cgsh_list_operate.html HTTP/1.1" 200 876
222.70.171.86 - - [26/Nov/2021:10:51:52 +0800] "GET /xingrg/all/function/internal_message.html?_=1637895126446&CODE_STATE=getMsg HTTP/1.1" 302 -
58.39.139.200 - - [26/Nov/2021:10:51:53 +0800] "GET /xingrg/all/function/internal_message.html?_=1637895046647&CODE_STATE=getMsg HTTP/1.1" 200 27
58.39.139.200 - - [26/Nov/2021:10:51:53 +0800] "GET /xingrg/check_reg.html?_=1637895046735 HTTP/1.1" 200 22
222.70.171.86 - - [26/Nov/2021:10:51:55 +0800] "GET /xingrg/all/function/internal_message.html?_=1637895133088&CODE_STATE=getMsg HTTP/1.1" 200 27
124.78.153.86 - - [26/Nov/2021:10:51:58 +0800] "GET /xingrg/all/function/internal_message.html?_=1637895111970&CODE_STATE=getMsg HTTP/1.1" 200 27
124.78.153.86 - - [26/Nov/2021:10:52:02 +0800] "GET /xingrg/all/function/internal_message.html?_=1637895123237&CODE_STATE=getMsg HTTP/1.1" 200 27
101.89.239.238 - - [26/Nov/2021:10:52:05 +0800] "GET /xingrg/all/function/internal_message.html?_=1637895052001&CODE_STATE=getMsg HTTP/1.1" 302 -
101.89.239.238 - - [26/Nov/2021:10:52:06 +0800] "GET /xingrg/login.html HTTP/1.1" 200 7641
114.85.125.222 - - [26/Nov/2021:10:52:08 +0800] "GET /xingrg/check_reg.html?_=1637895096705 HTTP/1.1" 200 22
222.70.176.97 - - [26/Nov/2021:10:52:09 +0800] "GET /xingrg/all/function/internal_message.html?_=1637895123157&CODE_STATE=getMsg HTTP/1.1" 200 27
114.85.125.222 - - [26/Nov/2021:10:52:09 +0800] "GET /xingrg/all/function/internal_message.html?_=1637895097578&CODE_STATE=getMsg HTTP/1.1" 200 27
180.162.112.229 - - [26/Nov/2021:10:52:10 +0800] "GET /xingrg/all/function/internal_message.html?_=1637894595769&CODE_STATE=getMsg HTTP/1.1" 200 27
116.238.248.233 - - [26/Nov/2021:10:52:10 +0800] "GET /xingrg/all/function/internal_message.html?_=1637895126557&CODE_STATE=getMsg HTTP/1.1" 200 27
222.70.171.86 - - [26/Nov/2021:10:52:10 +0800] "GET /xingrg/kc/buy/cgsh_order_operate.html?command=get_materiel&rest_code=00146&code=00101008296&supplier_code=00100005&order_time=2021-11-26 HTTP/1.1" 200 416
222.70.171.86 - - [26/Nov/2021:10:52:11 +0800] "GET /xingrg/check_reg.html?_=1637895145215 HTTP/1.1" 302 -
101.85.120.86 - - [26/Nov/2021:10:52:14 +0800] "GET /xingrg/all/function/internal_message.html?_=1637895130303&CODE_STATE=getMsg HTTP/1.1" 200 27
120.253.135.82 - - [26/Nov/2021:10:52:14 +0800] "GET /xingrg/all/function/internal_message.html?_=1637894906771&CODE_STATE=getMsg HTTP/1.1" 200 27
58.39.139.200 - - [26/Nov/2021:10:52:14 +0800] "GET /xingrg/kc/buy/cgsh_order_operate.html?command=get_materiel&rest_code=00105&code=00101008114&supplier_code=00100203&order_time=2021-11-26 HTTP/1.1" 200 413
124.78.153.86 - - [26/Nov/2021:10:52:17 +0800] "GET /xingrg/kc/buy/cgsh_order_add.html HTTP/1.1" 200 64922
58.37.231.44 - - [26/Nov/2021:10:52:17 +0800] "GET /xingrg/all/function/internal_message.html?_=1637894960270&CODE_STATE=getMsg HTTP/1.1" 200 27
124.78.153.86 - - [26/Nov/2021:10:52:18 +0800] "GET /xingrg/javascript/easyui/themes/default/validatebox.css HTTP/1.1" 404 1104
124.78.153.86 - - [26/Nov/2021:10:52:18 +0800] "POST /xingrg/kc/buy/cgsh_order_operate.html HTTP/1.1" 200 8245
58.39.139.200 - - [26/Nov/2021:10:52:20 +0800] "POST /xingrg/kc/buy/cgsh_order_operate.html HTTP/1.1" 200 2065
124.78.153.86 - - [26/Nov/2021:10:52:20 +0800] "GET /xingrg/javascript/easyui/themes/default/tree.css HTTP/1.1" 404 1090
124.78.153.86 - - [26/Nov/2021:10:52:20 +0800] "POST /xingrg/all/common/load_tree.html?tree=supplier_tree_json&isDelete=1 HTTP/1.1" 200 60555
180.174.250.202 - - [26/Nov/2021:10:52:25 +0800] "GET /xingrg/all/function/internal_message.html?_=1637895138218&CODE_STATE=getMsg HTTP/1.1" 200 27
124.78.153.86 - - [26/Nov/2021:10:52:32 +0800] "GET /xingrg/kc/buy/cgsh_order_operate.html?command=get_materiel&rest_code=00106&code=00101008146&supplier_code=00100009&order_time=2021-11-26 HTTP/1.1" 200 416
58.39.139.200 - - [26/Nov/2021:10:52:33 +0800] "GET /xingrg/kc/buy/cgsh_order_operate.html?command=get_materiel&rest_code=00105&code=00101008168&supplier_code=00100203&order_time=2021-11-26 HTTP/1.1" 200 412
116.232.55.22 - - [26/Nov/2021:10:52:38 +0800] "GET /xingrg/all/function/internal_message.html?_=1637895157191&CODE_STATE=getMsg HTTP/1.1" 200 27
116.232.55.22 - - [26/Nov/2021:10:52:38 +0800] "GET /xingrg/check_reg.html?_=1637895157192 HTTP/1.1" 200 22
124.78.153.86 - - [26/Nov/2021:10:52:40 +0800] "GET /xingrg/kc/buy/cgsh_order_operate.html?command=get_materiel&rest_code=00106&code=00101008147&supplier_code=00100009&order_time=2021-11-26 HTTP/1.1" 200 416
116.227.210.113 - - [26/Nov/2021:10:52:41 +0800] "GET /xingrg/check_reg.html?_=1637895157861 HTTP/1.1" 200 22
116.227.210.113 - - [26/Nov/2021:10:52:43 +0800] "GET /xingrg/all/function/internal_message.html?_=1637895159629&CODE_STATE=getMsg HTTP/1.1" 200 27
124.78.153.86 - - [26/Nov/2021:10:52:43 +0800] "POST /xingrg/kc/base/wldb_order_operate.html HTTP/1.1" 200 37
124.78.153.86 - - [26/Nov/2021:10:52:44 +0800] "POST /xingrg/kc/base/wldb_order_operate.html HTTP/1.1" 200 5734
180.157.253.6 - - [26/Nov/2021:10:52:44 +0800] "GET /xingrg/all/function/internal_message.html?_=1637895161099&CODE_STATE=getMsg HTTP/1.1" 200 27
124.78.153.86 - - [26/Nov/2021:10:52:45 +0800] "GET /xingrg/kc/base/wldb_order_info.html?code=422021112602823 HTTP/1.1" 200 30453
124.78.153.86 - - [26/Nov/2021:10:52:45 +0800] "GET /xingrg/javascript/easyui/themes/default/validatebox.css HTTP/1.1" 404 1104
124.78.153.86 - - [26/Nov/2021:10:52:46 +0800] "POST /xingrg/kc/base/wldb_order_operate.html HTTP/1.1" 200 5734
124.78.153.86 - - [26/Nov/2021:10:52:47 +0800] "GET /xingrg/kc/buy/cgsh_order_operate.html?command=get_materiel&rest_code=00106&code=00101008037&supplier_code=00100009&order_time=2021-11-26 HTTP/1.1" 200 413
124.78.153.86 - - [26/Nov/2021:10:52:48 +0800] "GET /xingrg/kc/base/base_main.html HTTP/1.1" 200 12142
114.83.221.74 - - [26/Nov/2021:10:52:49 +0800] "GET /xingrg/all/function/internal_message.html?_=1637895167207&CODE_STATE=getMsg HTTP/1.1" 200 27
124.78.153.86 - - [26/Nov/2021:10:52:49 +0800] "GET /xingrg/kc/base/wldb_order_list.html HTTP/1.1" 200 19224
222.69.132.164 - - [26/Nov/2021:10:52:49 +0800] "GET /xingrg/all/function/internal_message.html?_=1637895171357&CODE_STATE=getMsg HTTP/1.1" 200 27
58.39.139.200 - - [26/Nov/2021:10:52:50 +0800] "POST /xingrg/kc/buy/cgsh_order_operate.html HTTP/1.1" 200 37
124.78.153.86 - - [26/Nov/2021:10:52:50 +0800] "POST /xingrg/kc/base/wldb_list_operate.html HTTP/1.1" 200 2560
222.70.171.86 - - [26/Nov/2021:10:52:52 +0800] "GET /xingrg/all/function/internal_message.html?_=1637895186474&CODE_STATE=getMsg HTTP/1.1" 302 -
58.39.139.200 - - [26/Nov/2021:10:52:52 +0800] "POST /xingrg/kc/buy/cgsh_order_operate.html HTTP/1.1" 200 33349
58.39.139.200 - - [26/Nov/2021:10:52:53 +0800] "GET /xingrg/all/function/internal_message.html?_=1637895106614&CODE_STATE=getMsg HTTP/1.1" 200 27
124.78.153.86 - - [26/Nov/2021:10:52:54 +0800] "GET /xingrg/kc/buy/buy_main.html HTTP/1.1" 200 12412
124.78.153.86 - - [26/Nov/2021:10:52:54 +0800] "GET /xingrg/css/new_ie.css HTTP/1.1" 404 1036
222.70.171.86 - - [26/Nov/2021:10:52:55 +0800] "GET /xingrg/kc/buy/cgsh_order_operate.html?command=get_materiel&rest_code=00146&code=00101008353&supplier_code=00100005&order_time=2021-11-26 HTTP/1.1" 200 408
222.70.171.86 - - [26/Nov/2021:10:52:55 +0800] "GET /xingrg/all/function/internal_message.html?_=1637895193108&CODE_STATE=getMsg HTTP/1.1" 200 27
120.253.135.82 - - [26/Nov/2021:10:52:57 +0800] "GET /xingrg/kc/buy/cgth_order_list.html?isBack=1 HTTP/1.1" 200 48543
120.253.135.82 - - [26/Nov/2021:10:52:57 +0800] "POST /xingrg/kc/buy/cgth_list_operate.html HTTP/1.1" 200 1035
124.78.153.86 - - [26/Nov/2021:10:52:58 +0800] "GET /xingrg/all/function/internal_message.html?_=1637895171977&CODE_STATE=getMsg HTTP/1.1" 200 27
124.78.153.86 - - [26/Nov/2021:10:53:00 +0800] "GET /xingrg/kc/buy/cgsh_order_operate.html?command=get_materiel&rest_code=00106&code=00101008530&supplier_code=00100009&order_time=2021-11-26 HTTP/1.1" 200 422
120.253.135.82 - - [26/Nov/2021:10:53:04 +0800] "GET /xingrg/kc/pszx/mdqp_order_list.html?state=10 HTTP/1.1" 200 10657
120.253.135.82 - - [26/Nov/2021:10:53:05 +0800] "GET /xingrg/dwr/interface/AjaxReportQueryService.js HTTP/1.1" 200 13203
120.253.135.82 - - [26/Nov/2021:10:53:05 +0800] "GET /xingrg/dwr/interface/AjaxQqpsService.js HTTP/1.1" 200 16326
120.253.135.82 - - [26/Nov/2021:10:53:05 +0800] "GET /xingrg/dwr/engine.js HTTP/1.1" 200 43631
222.70.171.86 - - [26/Nov/2021:10:53:06 +0800] "GET /xingrg/kc/buy/cgsh_order_operate.html?command=get_materiel&rest_code=00146&code=00101008213&supplier_code=00100005&order_time=2021-11-26 HTTP/1.1" 200 412
222.70.176.97 - - [26/Nov/2021:10:53:09 +0800] "GET /xingrg/all/function/internal_message.html?_=1637895183156&CODE_STATE=getMsg HTTP/1.1" 200 27
222.70.176.97 - - [26/Nov/2021:10:53:09 +0800] "GET /xingrg/check_reg.html?_=1637895183156 HTTP/1.1" 200 22
114.85.125.222 - - [26/Nov/2021:10:53:09 +0800] "GET /xingrg/all/function/internal_message.html?_=1637895157592&CODE_STATE=getMsg HTTP/1.1" 200 27
180.162.112.229 - - [26/Nov/2021:10:53:10 +0800] "GET /xingrg/check_reg.html?_=1637894655691 HTTP/1.1" 200 22
180.162.112.229 - - [26/Nov/2021:10:53:10 +0800] "GET /xingrg/all/function/internal_message.html?_=1637894655739&CODE_STATE=getMsg HTTP/1.1" 200 27
116.238.248.233 - - [26/Nov/2021:10:53:10 +0800] "GET /xingrg/all/function/internal_message.html?_=1637895186562&CODE_STATE=getMsg HTTP/1.1" 200 27
101.85.120.86 - - [26/Nov/2021:10:53:14 +0800] "GET /xingrg/all/function/internal_message.html?_=1637895190300&CODE_STATE=getMsg HTTP/1.1" 200 27
120.253.135.82 - - [26/Nov/2021:10:53:14 +0800] "GET /xingrg/all/function/internal_message.html?_=1637894966773&CODE_STATE=getMsg HTTP/1.1" 200 27
222.70.171.86 - - [26/Nov/2021:10:53:16 +0800] "GET /xingrg/kc/buy/cgsh_order_operate.html?command=get_materiel&rest_code=00146&code=00101016122&supplier_code=00100005&order_time=2021-11-26 HTTP/1.1" 200 395
58.37.231.44 - - [26/Nov/2021:10:53:17 +0800] "GET /xingrg/check_reg.html?_=1637895020268 HTTP/1.1" 200 22
58.37.231.44 - - [26/Nov/2021:10:53:17 +0800] "GET /xingrg/all/function/internal_message.html?_=1637895020269&CODE_STATE=getMsg HTTP/1.1" 200 27
120.253.135.82 - - [26/Nov/2021:10:53:17 +0800] "GET /xingrg/kc/pszx/mdqp_order_list.html?state=10 HTTP/1.1" 200 10657
120.253.135.82 - - [26/Nov/2021:10:53:17 +0800] "GET /xingrg/dwr/interface/AjaxQqpsService.js HTTP/1.1" 200 16326
120.253.135.82 - - [26/Nov/2021:10:53:17 +0800] "GET /xingrg/dwr/interface/AjaxReportQueryService.js HTTP/1.1" 200 13203
120.253.135.82 - - [26/Nov/2021:10:53:18 +0800] "GET /xingrg/dwr/engine.js HTTP/1.1" 200 43631
180.174.250.202 - - [26/Nov/2021:10:53:25 +0800] "GET /xingrg/all/function/internal_message.html?_=1637895198735&CODE_STATE=getMsg HTTP/1.1" 200 27
222.70.171.86 - - [26/Nov/2021:10:53:30 +0800] "GET /xingrg/kc/buy/cgsh_order_operate.html?command=get_materiel&rest_code=00146&code=00101008305&supplier_code=00100005&order_time=2021-11-26 HTTP/1.1" 200 412
222.70.171.86 - - [26/Nov/2021:10:53:33 +0800] "POST /xingrg/kc/buy/cgsh_order_operate.html HTTP/1.1" 200 2065
116.232.55.22 - - [26/Nov/2021:10:53:38 +0800] "GET /xingrg/all/function/internal_message.html?_=1637895217193&CODE_STATE=getMsg HTTP/1.1" 200 27
101.85.120.86 - - [26/Nov/2021:10:53:38 +0800] "GET /xingrg/kc/buy/cgsh_order_add.html HTTP/1.1" 200 64041
101.85.120.86 - - [26/Nov/2021:10:53:38 +0800] "POST /xingrg/kc/buy/cgsh_order_operate.html HTTP/1.1" 200 8245
101.85.120.86 - - [26/Nov/2021:10:53:38 +0800] "GET /xingrg/javascript/easyui/themes/default/validatebox.css HTTP/1.1" 404 1104
124.78.153.86 - - [26/Nov/2021:10:53:40 +0800] "POST /xingrg/kc/buy/cgsh_order_operate.html HTTP/1.1" 200 37
116.227.210.113 - - [26/Nov/2021:10:53:43 +0800] "GET /xingrg/all/function/internal_message.html?_=1637895219614&CODE_STATE=getMsg HTTP/1.1" 200 27
222.70.171.86 - - [26/Nov/2021:10:53:43 +0800] "GET /xingrg/kc/buy/cgsh_order_operate.html?command=get_materiel&rest_code=00146&code=00101008242&supplier_code=00100005&order_time=2021-11-26 HTTP/1.1" 200 408
180.157.253.6 - - [26/Nov/2021:10:53:44 +0800] "GET /xingrg/all/function/internal_message.html?_=1637895221098&CODE_STATE=getMsg HTTP/1.1" 200 27
114.83.221.74 - - [26/Nov/2021:10:53:49 +0800] "GET /xingrg/all/function/internal_message.html?_=1637895227182&CODE_STATE=getMsg HTTP/1.1" 200 27
222.69.132.164 - - [26/Nov/2021:10:53:49 +0800] "GET /xingrg/all/function/internal_message.html?_=1637895231360&CODE_STATE=getMsg HTTP/1.1" 200 27
124.78.153.86 - - [26/Nov/2021:10:53:51 +0800] "POST /xingrg/kc/buy/cgsh_order_operate.html HTTP/1.1" 200 12
222.70.171.86 - - [26/Nov/2021:10:53:52 +0800] "GET /xingrg/all/function/internal_message.html?_=1637895246489&CODE_STATE=getMsg HTTP/1.1" 302 -
124.78.153.86 - - [26/Nov/2021:10:53:53 +0800] "GET /xingrg/kc/buy/cgsh_order_info.html?code=212021112611083 HTTP/1.1" 200 59837
58.39.139.200 - - [26/Nov/2021:10:53:53 +0800] "GET /xingrg/all/function/internal_message.html?_=1637895166574&CODE_STATE=getMsg HTTP/1.1" 200 27
124.78.153.86 - - [26/Nov/2021:10:53:53 +0800] "GET /xingrg/javascript/easyui/themes/default/validatebox.css HTTP/1.1" 404 1104
58.39.139.200 - - [26/Nov/2021:10:53:54 +0800] "GET /xingrg/kc/buy/cgsh_order_operate.html?command=get_materiel&rest_code=00105&code=00101008072&supplier_code=00100203&order_time=2021-11-26 HTTP/1.1" 200 408
124.78.153.86 - - [26/Nov/2021:10:53:54 +0800] "POST /xingrg/kc/buy/cgsh_order_operate.html HTTP/1.1" 200 2406
222.70.171.86 - - [26/Nov/2021:10:53:54 +0800] "GET /xingrg/kc/buy/cgsh_order_operate.html?command=get_materiel&rest_code=00146&code=00101008298&supplier_code=00100005&order_time=2021-11-26 HTTP/1.1" 200 412
222.70.171.86 - - [26/Nov/2021:10:53:55 +0800] "GET /xingrg/all/function/internal_message.html?_=1637895253115&CODE_STATE=getMsg HTTP/1.1" 200 27
124.78.153.86 - - [26/Nov/2021:10:53:58 +0800] "GET /xingrg/all/function/internal_message.html?_=1637895231934&CODE_STATE=getMsg HTTP/1.1" 200 27
101.85.120.86 - - [26/Nov/2021:10:53:58 +0800] "GET /xingrg/kc/buy/cgsh_order_operate.html?command=get_materiel&rest_code=00142&code=00101010301&supplier_code=00100152&order_time=2021-11-25 HTTP/1.1" 200 437
124.78.153.86 - - [26/Nov/2021:10:53:58 +0800] "GET /xingrg/kc/print/load_data.html?order_code=212021112611083&kc_code=cgsh&condition= HTTP/1.1" 200 1477
61.151.178.197 - - [26/Nov/2021:10:53:59 +0800] "GET /xingrg/kc/buy/cgsh_order_operate.html?command=get_materiel&rest_code=00106&code=00101008530&supplier_code=00100009&order_time=2021-11-26 HTTP/1.1" 302 -
61.151.178.197 - - [26/Nov/2021:10:54:00 +0800] "GET /xingrg/login.html HTTP/1.1" 200 7641
180.169.147.146 - - [26/Nov/2021:10:54:03 +0800] "GET /xingrg/check_reg.html?_=1637895232527 HTTP/1.1" 200 22
124.78.153.86 - - [26/Nov/2021:10:54:04 +0800] "GET /xingrg/kc/print/load_data.html?order_code=212021112611083&kc_code=cgsh HTTP/1.1" 200 1477
101.89.29.78 - - [26/Nov/2021:10:54:05 +0800] "GET /xingrg/all/function/internal_message.html?_=1637895171977&CODE_STATE=getMsg HTTP/1.1" 302 -
222.70.171.86 - - [26/Nov/2021:10:54:05 +0800] "GET /xingrg/kc/buy/cgsh_order_operate.html?command=get_materiel&rest_code=00146&code=00101008225&supplier_code=00100005&order_time=2021-11-26 HTTP/1.1" 200 416
101.89.29.78 - - [26/Nov/2021:10:54:05 +0800] "GET /xingrg/login.html HTTP/1.1" 200 7641
120.253.135.82 - - [26/Nov/2021:10:54:06 +0800] "GET /xingrg/kc/pszx/mdqp_order_list.html?state=10 HTTP/1.1" 200 10657
120.253.135.82 - - [26/Nov/2021:10:54:06 +0800] "GET /xingrg/dwr/interface/AjaxQqpsService.js HTTP/1.1" 200 16326
120.253.135.82 - - [26/Nov/2021:10:54:06 +0800] "GET /xingrg/dwr/interface/AjaxReportQueryService.js HTTP/1.1" 200 13203
120.253.135.82 - - [26/Nov/2021:10:54:06 +0800] "GET /xingrg/dwr/engine.js HTTP/1.1" 200 43631
222.70.176.97 - - [26/Nov/2021:10:54:09 +0800] "GET /xingrg/all/function/internal_message.html?_=1637895243155&CODE_STATE=getMsg HTTP/1.1" 200 27
114.85.125.222 - - [26/Nov/2021:10:54:09 +0800] "GET /xingrg/all/function/internal_message.html?_=1637895217605&CODE_STATE=getMsg HTTP/1.1" 200 27
180.162.112.229 - - [26/Nov/2021:10:54:10 +0800] "GET /xingrg/all/function/internal_message.html?_=1637894715724&CODE_STATE=getMsg HTTP/1.1" 200 27
116.238.248.233 - - [26/Nov/2021:10:54:10 +0800] "GET /xingrg/all/function/internal_message.html?_=1637895246561&CODE_STATE=getMsg HTTP/1.1" 200 27
120.253.135.82 - - [26/Nov/2021:10:54:14 +0800] "GET /xingrg/check_reg.html?_=1637895026586 HTTP/1.1" 200 22
101.85.120.86 - - [26/Nov/2021:10:54:14 +0800] "GET /xingrg/all/function/internal_message.html?_=1637895250294&CODE_STATE=getMsg HTTP/1.1" 200 27
120.253.135.82 - - [26/Nov/2021:10:54:14 +0800] "GET /xingrg/all/function/internal_message.html?_=1637895026787&CODE_STATE=getMsg HTTP/1.1" 200 27
58.37.231.44 - - [26/Nov/2021:10:54:17 +0800] "GET /xingrg/all/function/internal_message.html?_=1637895080269&CODE_STATE=getMsg HTTP/1.1" 200 27
222.70.171.86 - - [26/Nov/2021:10:54:17 +0800] "GET /xingrg/kc/buy/cgsh_order_operate.html?command=get_materiel&rest_code=00146&code=00101008257&supplier_code=00100005&order_time=2021-11-26 HTTP/1.1" 200 416
180.174.250.202 - - [26/Nov/2021:10:54:25 +0800] "GET /xingrg/all/function/internal_message.html?_=1637895258744&CODE_STATE=getMsg HTTP/1.1" 200 27
180.162.112.229 - - [26/Nov/2021:10:54:27 +0800] "GET /xingrg/kc/base/base_main.html HTTP/1.1" 200 12142
