124.78.153.86 - - [26/Nov/2021:07:25:46 +0800] "GET /xingrg/all/function/internal_message.html?_=1637882740603&CODE_STATE=getMsg HTTP/1.1" 200 27
61.151.179.84 - - [26/Nov/2021:07:25:47 +0800] "GET /xingrg/login.html HTTP/1.1" 200 7641
222.70.171.86 - - [26/Nov/2021:07:25:48 +0800] "GET /xingrg/check_reg.html?_=1637882765302 HTTP/1.1" 200 22
222.70.171.86 - - [26/Nov/2021:07:25:48 +0800] "GET /xingrg/all/function/internal_message.html?_=1637882762087&CODE_STATE=getMsg HTTP/1.1" 302 -
114.85.125.222 - - [26/Nov/2021:07:26:00 +0800] "GET /xingrg/all/function/internal_message.html?_=1637882728617&CODE_STATE=getMsg HTTP/1.1" 200 27
116.238.248.233 - - [26/Nov/2021:07:26:02 +0800] "GET /xingrg/all/function/internal_message.html?_=1637882758457&CODE_STATE=getMsg HTTP/1.1" 200 27
124.78.153.86 - - [26/Nov/2021:07:26:06 +0800] "GET /xingrg/check_reg.html?_=1637882760127 HTTP/1.1" 200 22
120.253.135.82 - - [26/Nov/2021:07:26:20 +0800] "GET /xingrg/all/function/internal_message.html?_=1637882552089&CODE_STATE=getMsg HTTP/1.1" 200 27
222.70.176.97 - - [26/Nov/2021:07:26:31 +0800] "GET /xingrg/all/function/internal_message.html?_=1637882785486&CODE_STATE=getMsg HTTP/1.1" 200 27
222.70.171.86 - - [26/Nov/2021:07:26:31 +0800] "GET /xingrg/all/function/internal_message.html?_=1637882808417&CODE_STATE=getMsg HTTP/1.1" 200 27
61.151.178.163 - - [26/Nov/2021:07:26:46 +0800] "GET /xingrg/all/function/internal_message.html?_=1637882740603&CODE_STATE=getMsg HTTP/1.1" 302 -
124.78.153.86 - - [26/Nov/2021:07:26:46 +0800] "GET /xingrg/all/function/internal_message.html?_=1637882800572&CODE_STATE=getMsg HTTP/1.1" 200 27
61.151.178.163 - - [26/Nov/2021:07:26:46 +0800] "GET /xingrg/login.html HTTP/1.1" 200 7641
222.70.171.86 - - [26/Nov/2021:07:26:48 +0800] "GET /xingrg/all/function/internal_message.html?_=1637882822116&CODE_STATE=getMsg HTTP/1.1" 302 -
120.253.135.82 - - [26/Nov/2021:07:26:59 +0800] "POST /xingrg/kc/base/stock_operate.html HTTP/1.1" 200 1478
114.85.125.222 - - [26/Nov/2021:07:27:00 +0800] "GET /xingrg/all/function/internal_message.html?_=1637882788637&CODE_STATE=getMsg HTTP/1.1" 200 27
116.238.248.233 - - [26/Nov/2021:07:27:02 +0800] "GET /xingrg/all/function/internal_message.html?_=1637882818461&CODE_STATE=getMsg HTTP/1.1" 200 27
120.253.135.82 - - [26/Nov/2021:07:27:04 +0800] "POST /xingrg/kc/base/stock_operate.html HTTP/1.1" 200 2001
222.70.171.86 - - [26/Nov/2021:07:27:11 +0800] "GET /xingrg/check_reg.html?_=1637882844658 HTTP/1.1" 302 -
120.253.135.82 - - [26/Nov/2021:07:27:16 +0800] "POST /xingrg/kc/base/stock_operate.html HTTP/1.1" 200 1470
120.253.135.82 - - [26/Nov/2021:07:27:20 +0800] "GET /xingrg/all/function/internal_message.html?_=1637882612102&CODE_STATE=getMsg HTTP/1.1" 200 27
222.70.176.97 - - [26/Nov/2021:07:27:31 +0800] "GET /xingrg/all/function/internal_message.html?_=1637882845487&CODE_STATE=getMsg HTTP/1.1" 200 27
222.70.171.86 - - [26/Nov/2021:07:27:31 +0800] "GET /xingrg/all/function/internal_message.html?_=1637882868715&CODE_STATE=getMsg HTTP/1.1" 200 27
124.78.153.86 - - [26/Nov/2021:07:27:46 +0800] "GET /xingrg/all/function/internal_message.html?_=1637882860543&CODE_STATE=getMsg HTTP/1.1" 200 27
222.70.171.86 - - [26/Nov/2021:07:27:48 +0800] "GET /xingrg/all/function/internal_message.html?_=1637882882131&CODE_STATE=getMsg HTTP/1.1" 302 -
114.85.125.222 - - [26/Nov/2021:07:28:00 +0800] "GET /xingrg/all/function/internal_message.html?_=1637882848645&CODE_STATE=getMsg HTTP/1.1" 200 27
116.238.248.233 - - [26/Nov/2021:07:28:02 +0800] "GET /xingrg/check_reg.html?_=1637882878466 HTTP/1.1" 200 22
116.238.248.233 - - [26/Nov/2021:07:28:02 +0800] "GET /xingrg/all/function/internal_message.html?_=1637882878474&CODE_STATE=getMsg HTTP/1.1" 200 27
120.253.135.82 - - [26/Nov/2021:07:28:17 +0800] "GET /xingrg/check_reg.html?_=1637882669811 HTTP/1.1" 200 22
120.253.135.82 - - [26/Nov/2021:07:28:20 +0800] "GET /xingrg/all/function/internal_message.html?_=1637882672116&CODE_STATE=getMsg HTTP/1.1" 200 27
222.70.176.97 - - [26/Nov/2021:07:28:31 +0800] "GET /xingrg/all/function/internal_message.html?_=1637882905506&CODE_STATE=getMsg HTTP/1.1" 200 27
222.70.171.86 - - [26/Nov/2021:07:28:31 +0800] "GET /xingrg/all/function/internal_message.html?_=1637882928725&CODE_STATE=getMsg HTTP/1.1" 200 27
124.78.153.86 - - [26/Nov/2021:07:28:46 +0800] "GET /xingrg/all/function/internal_message.html?_=1637882920510&CODE_STATE=getMsg HTTP/1.1" 200 27
222.70.171.86 - - [26/Nov/2021:07:28:48 +0800] "GET /xingrg/all/function/internal_message.html?_=1637882942158&CODE_STATE=getMsg HTTP/1.1" 302 -
114.85.125.222 - - [26/Nov/2021:07:29:00 +0800] "GET /xingrg/all/function/internal_message.html?_=1637882908666&CODE_STATE=getMsg HTTP/1.1" 200 27
116.238.248.233 - - [26/Nov/2021:07:29:02 +0800] "GET /xingrg/all/function/internal_message.html?_=1637882938474&CODE_STATE=getMsg HTTP/1.1" 200 27
180.169.147.146 - - [26/Nov/2021:07:29:04 +0800] "GET /xingrg/check_reg.html?_=1637882933201 HTTP/1.1" 200 22
120.253.135.82 - - [26/Nov/2021:07:29:20 +0800] "GET /xingrg/all/function/internal_message.html?_=1637882732129&CODE_STATE=getMsg HTTP/1.1" 200 27
120.253.135.82 - - [26/Nov/2021:07:29:31 +0800] "GET /xingrg/javascript/easyui/themes/sunny/images/ui-bg_gloss-wave_60_fece2f_500x100.png HTTP/1.1" 200 3512
222.70.176.97 - - [26/Nov/2021:07:29:31 +0800] "GET /xingrg/all/function/internal_message.html?_=1637882965494&CODE_STATE=getMsg HTTP/1.1" 200 27
222.70.176.97 - - [26/Nov/2021:07:29:31 +0800] "GET /xingrg/check_reg.html?_=1637882965491 HTTP/1.1" 200 22
222.70.171.86 - - [26/Nov/2021:07:29:32 +0800] "GET /xingrg/all/function/internal_message.html?_=1637882989085&CODE_STATE=getMsg HTTP/1.1" 200 27
124.78.153.86 - - [26/Nov/2021:07:29:46 +0800] "GET /xingrg/all/function/internal_message.html?_=1637882980483&CODE_STATE=getMsg HTTP/1.1" 200 27
222.70.171.86 - - [26/Nov/2021:07:29:48 +0800] "GET /xingrg/all/function/internal_message.html?_=1637883002173&CODE_STATE=getMsg HTTP/1.1" 302 -
114.85.125.222 - - [26/Nov/2021:07:29:49 +0800] "GET /xingrg/check_reg.html?_=1637882958188 HTTP/1.1" 200 22
114.85.125.222 - - [26/Nov/2021:07:30:00 +0800] "GET /xingrg/all/function/internal_message.html?_=1637882968671&CODE_STATE=getMsg HTTP/1.1" 200 27
116.238.248.233 - - [26/Nov/2021:07:30:02 +0800] "GET /xingrg/all/function/internal_message.html?_=1637882998478&CODE_STATE=getMsg HTTP/1.1" 200 27
120.253.135.82 - - [26/Nov/2021:07:30:20 +0800] "GET /xingrg/all/function/internal_message.html?_=1637882792349&CODE_STATE=getMsg HTTP/1.1" 200 27
222.70.176.97 - - [26/Nov/2021:07:30:31 +0800] "GET /xingrg/all/function/internal_message.html?_=1637883025493&CODE_STATE=getMsg HTTP/1.1" 200 27
222.70.171.86 - - [26/Nov/2021:07:30:32 +0800] "GET /xingrg/all/function/internal_message.html?_=1637883049094&CODE_STATE=getMsg HTTP/1.1" 200 27
124.78.153.86 - - [26/Nov/2021:07:30:46 +0800] "GET /xingrg/all/function/internal_message.html?_=1637883040451&CODE_STATE=getMsg HTTP/1.1" 200 27
222.70.171.86 - - [26/Nov/2021:07:30:48 +0800] "GET /xingrg/all/function/internal_message.html?_=1637883062202&CODE_STATE=getMsg HTTP/1.1" 302 -
222.70.171.86 - - [26/Nov/2021:07:30:48 +0800] "GET /xingrg/check_reg.html?_=1637883065605 HTTP/1.1" 200 22
114.85.125.222 - - [26/Nov/2021:07:31:00 +0800] "GET /xingrg/all/function/internal_message.html?_=1637883028685&CODE_STATE=getMsg HTTP/1.1" 200 27
116.238.248.233 - - [26/Nov/2021:07:31:02 +0800] "GET /xingrg/all/function/internal_message.html?_=1637883058477&CODE_STATE=getMsg HTTP/1.1" 200 27
124.78.153.86 - - [26/Nov/2021:07:31:06 +0800] "GET /xingrg/check_reg.html?_=1637883060100 HTTP/1.1" 200 22
120.253.135.82 - - [26/Nov/2021:07:31:20 +0800] "GET /xingrg/all/function/internal_message.html?_=1637882852359&CODE_STATE=getMsg HTTP/1.1" 200 27
222.70.176.97 - - [26/Nov/2021:07:31:31 +0800] "GET /xingrg/all/function/internal_message.html?_=1637883085533&CODE_STATE=getMsg HTTP/1.1" 200 27
222.70.171.86 - - [26/Nov/2021:07:31:32 +0800] "GET /xingrg/all/function/internal_message.html?_=1637883109109&CODE_STATE=getMsg HTTP/1.1" 200 27
61.151.207.205 - - [26/Nov/2021:07:31:46 +0800] "GET /xingrg/all/function/internal_message.html?_=1637883040451&CODE_STATE=getMsg HTTP/1.1" 302 -
61.151.207.205 - - [26/Nov/2021:07:31:46 +0800] "GET /xingrg/login.html HTTP/1.1" 200 7641
124.78.153.86 - - [26/Nov/2021:07:31:46 +0800] "GET /xingrg/all/function/internal_message.html?_=1637883100433&CODE_STATE=getMsg HTTP/1.1" 200 27
222.70.171.86 - - [26/Nov/2021:07:31:48 +0800] "GET /xingrg/all/function/internal_message.html?_=1637883122215&CODE_STATE=getMsg HTTP/1.1" 302 -
114.85.125.222 - - [26/Nov/2021:07:32:00 +0800] "GET /xingrg/all/function/internal_message.html?_=1637883088703&CODE_STATE=getMsg HTTP/1.1" 200 27
116.238.248.233 - - [26/Nov/2021:07:32:02 +0800] "GET /xingrg/all/function/internal_message.html?_=1637883118488&CODE_STATE=getMsg HTTP/1.1" 200 27
101.91.62.89 - - [26/Nov/2021:07:32:06 +0800] "GET /xingrg/check_reg.html?_=1637883060100 HTTP/1.1" 302 -
101.91.62.89 - - [26/Nov/2021:07:32:06 +0800] "GET /xingrg/login.html HTTP/1.1" 200 7641
222.70.171.86 - - [26/Nov/2021:07:32:11 +0800] "GET /xingrg/check_reg.html?_=1637883144687 HTTP/1.1" 302 -
120.253.135.82 - - [26/Nov/2021:07:32:20 +0800] "GET /xingrg/all/function/internal_message.html?_=1637882912373&CODE_STATE=getMsg HTTP/1.1" 200 27
222.70.176.97 - - [26/Nov/2021:07:32:31 +0800] "GET /xingrg/all/function/internal_message.html?_=1637883145517&CODE_STATE=getMsg HTTP/1.1" 200 27
120.253.135.82 - - [26/Nov/2021:07:32:31 +0800] "GET /xingrg/kc/pszx/mdps_order_list.html?orderType=0 HTTP/1.1" 200 21089
120.253.135.82 - - [26/Nov/2021:07:32:31 +0800] "POST /xingrg/kc/pszx/mdps_list_operate.html HTTP/1.1" 200 5337
222.70.171.86 - - [26/Nov/2021:07:32:32 +0800] "GET /xingrg/all/function/internal_message.html?_=1637883169122&CODE_STATE=getMsg HTTP/1.1" 200 27
120.253.135.82 - - [26/Nov/2021:07:32:35 +0800] "GET /xingrg/kc/pszx/mdps_order_add.html HTTP/1.1" 200 29111
120.253.135.82 - - [26/Nov/2021:07:32:36 +0800] "POST /xingrg/kc/pszx/mdps_order_operate.html HTTP/1.1" 200 7126
120.253.135.82 - - [26/Nov/2021:07:32:36 +0800] "GET /xingrg/javascript/easyui/themes/default/validatebox.css HTTP/1.1" 404 1104
114.84.2.174 - - [26/Nov/2021:07:32:36 +0800] "POST /xingrg/services/DataTransmitService HTTP/1.1" 200 524
114.84.2.174 - - [26/Nov/2021:07:32:37 +0800] "POST /xingrg/services/DataTransmitService HTTP/1.1" 200 501
61.151.178.180 - - [26/Nov/2021:07:32:46 +0800] "GET /xingrg/all/function/internal_message.html?_=1637883100433&CODE_STATE=getMsg HTTP/1.1" 302 -
124.78.153.86 - - [26/Nov/2021:07:32:46 +0800] "GET /xingrg/all/function/internal_message.html?_=1637883160403&CODE_STATE=getMsg HTTP/1.1" 200 27
61.151.178.180 - - [26/Nov/2021:07:32:46 +0800] "GET /xingrg/login.html HTTP/1.1" 200 7641
120.253.135.82 - - [26/Nov/2021:07:32:47 +0800] "POST /xingrg/all/common/load_combo.html?type=base HTTP/1.1" 200 1075
222.70.171.86 - - [26/Nov/2021:07:32:48 +0800] "GET /xingrg/all/function/internal_message.html?_=1637883182243&CODE_STATE=getMsg HTTP/1.1" 302 -
114.85.125.222 - - [26/Nov/2021:07:33:00 +0800] "GET /xingrg/all/function/internal_message.html?_=1637883148712&CODE_STATE=getMsg HTTP/1.1" 200 27
116.238.248.233 - - [26/Nov/2021:07:33:02 +0800] "GET /xingrg/all/function/internal_message.html?_=1637883178493&CODE_STATE=getMsg HTTP/1.1" 200 27
116.238.248.233 - - [26/Nov/2021:07:33:02 +0800] "GET /xingrg/check_reg.html?_=1637883178495 HTTP/1.1" 200 22
120.253.135.82 - - [26/Nov/2021:07:33:10 +0800] "GET /xingrg/kc/pszx/mdps_order_operate.html?command=get_materiel&pszx_code=00101&rest_code=00151&base_code=0010250&code=00102002679 HTTP/1.1" 200 444
120.253.135.82 - - [26/Nov/2021:07:33:17 +0800] "GET /xingrg/check_reg.html?_=1637882969814 HTTP/1.1" 200 22
120.253.135.82 - - [26/Nov/2021:07:33:20 +0800] "GET /xingrg/all/function/internal_message.html?_=1637882972387&CODE_STATE=getMsg HTTP/1.1" 200 27
222.70.176.97 - - [26/Nov/2021:07:33:31 +0800] "GET /xingrg/all/function/internal_message.html?_=1637883205500&CODE_STATE=getMsg HTTP/1.1" 200 27
222.70.171.86 - - [26/Nov/2021:07:33:32 +0800] "GET /xingrg/all/function/internal_message.html?_=1637883229472&CODE_STATE=getMsg HTTP/1.1" 200 27
61.151.178.197 - - [26/Nov/2021:07:33:46 +0800] "GET /xingrg/all/function/internal_message.html?_=1637883160403&CODE_STATE=getMsg HTTP/1.1" 302 -
124.78.153.86 - - [26/Nov/2021:07:33:46 +0800] "GET /xingrg/all/function/internal_message.html?_=1637883220374&CODE_STATE=getMsg HTTP/1.1" 200 27
61.151.178.197 - - [26/Nov/2021:07:33:46 +0800] "GET /xingrg/login.html HTTP/1.1" 200 7641
222.70.171.86 - - [26/Nov/2021:07:33:48 +0800] "GET /xingrg/all/function/internal_message.html?_=1637883242243&CODE_STATE=getMsg HTTP/1.1" 302 -
114.85.125.222 - - [26/Nov/2021:07:34:00 +0800] "GET /xingrg/all/function/internal_message.html?_=1637883208731&CODE_STATE=getMsg HTTP/1.1" 200 27
116.238.248.233 - - [26/Nov/2021:07:34:02 +0800] "GET /xingrg/all/function/internal_message.html?_=1637883238495&CODE_STATE=getMsg HTTP/1.1" 200 27
180.169.147.146 - - [26/Nov/2021:07:34:04 +0800] "GET /xingrg/check_reg.html?_=1637883233175 HTTP/1.1" 200 22
120.253.135.82 - - [26/Nov/2021:07:34:20 +0800] "GET /xingrg/all/function/internal_message.html?_=1637883032400&CODE_STATE=getMsg HTTP/1.1" 200 27
120.253.135.82 - - [26/Nov/2021:07:34:27 +0800] "POST /xingrg/all/common/load_select.html HTTP/1.1" 200 25
120.253.135.82 - - [26/Nov/2021:07:34:29 +0800] "GET /xingrg/kc/pszx/mdps_order_operate.html?command=get_materiel_price&pszx_code=00101&rest_code=00151&base_code=0010250&code=00102002679&unit_code=00100037&order_time=2021-11-26 HTTP/1.1" 200 35
222.70.176.97 - - [26/Nov/2021:07:34:31 +0800] "GET /xingrg/all/function/internal_message.html?_=1637883265491&CODE_STATE=getMsg HTTP/1.1" 200 27
222.70.176.97 - - [26/Nov/2021:07:34:31 +0800] "GET /xingrg/check_reg.html?_=1637883265487 HTTP/1.1" 200 22
222.70.171.86 - - [26/Nov/2021:07:34:32 +0800] "GET /xingrg/all/function/internal_message.html?_=1637883289477&CODE_STATE=getMsg HTTP/1.1" 200 27
120.253.135.82 - - [26/Nov/2021:07:34:37 +0800] "POST /xingrg/kc/pszx/mdps_order_operate.html HTTP/1.1" 200 37
120.253.135.82 - - [26/Nov/2021:07:34:38 +0800] "GET /xingrg/kc/pszx/mdps_order_info.html?code=312021112600635 HTTP/1.1" 200 23929
120.253.135.82 - - [26/Nov/2021:07:34:39 +0800] "POST /xingrg/kc/pszx/mdps_order_operate.html HTTP/1.1" 200 2293
120.253.135.82 - - [26/Nov/2021:07:34:39 +0800] "GET /xingrg/javascript/easyui/themes/default/validatebox.css HTTP/1.1" 404 1104
124.78.153.86 - - [26/Nov/2021:07:34:46 +0800] "GET /xingrg/all/function/internal_message.html?_=1637883280343&CODE_STATE=getMsg HTTP/1.1" 200 27
101.89.19.197 - - [26/Nov/2021:07:34:46 +0800] "GET /xingrg/all/function/internal_message.html?_=1637883220374&CODE_STATE=getMsg HTTP/1.1" 302 -
101.89.19.197 - - [26/Nov/2021:07:34:47 +0800] "GET /xingrg/login.html HTTP/1.1" 200 7641
120.253.135.82 - - [26/Nov/2021:07:34:47 +0800] "POST /xingrg/kc/pszx/mdps_order_operate.html HTTP/1.1" 200 37
222.70.171.86 - - [26/Nov/2021:07:34:48 +0800] "GET /xingrg/all/function/internal_message.html?_=1637883302273&CODE_STATE=getMsg HTTP/1.1" 302 -
120.253.135.82 - - [26/Nov/2021:07:34:48 +0800] "GET /xingrg/kc/pszx/mdps_order_info.html?code=312021112600635 HTTP/1.1" 200 23929
114.85.125.222 - - [26/Nov/2021:07:34:49 +0800] "GET /xingrg/check_reg.html?_=1637883258194 HTTP/1.1" 200 22
120.253.135.82 - - [26/Nov/2021:07:34:49 +0800] "POST /xingrg/kc/pszx/mdps_order_operate.html HTTP/1.1" 200 2293
120.253.135.82 - - [26/Nov/2021:07:34:49 +0800] "GET /xingrg/javascript/easyui/themes/default/validatebox.css HTTP/1.1" 404 1104
120.253.135.82 - - [26/Nov/2021:07:34:55 +0800] "GET /xingrg/kc/print/load_config.html?kc_code=mdps HTTP/1.1" 200 2390
120.253.135.82 - - [26/Nov/2021:07:34:55 +0800] "GET /xingrg/kc/print/load_data.html?order_code=312021112600635&kc_code=mdps&condition= HTTP/1.1" 200 690
114.85.125.222 - - [26/Nov/2021:07:35:00 +0800] "GET /xingrg/all/function/internal_message.html?_=1637883268739&CODE_STATE=getMsg HTTP/1.1" 200 27
116.238.248.233 - - [26/Nov/2021:07:35:02 +0800] "GET /xingrg/all/function/internal_message.html?_=1637883298503&CODE_STATE=getMsg HTTP/1.1" 200 27
120.253.135.82 - - [26/Nov/2021:07:35:20 +0800] "GET /xingrg/all/function/internal_message.html?_=1637883092414&CODE_STATE=getMsg HTTP/1.1" 200 27
222.70.176.97 - - [26/Nov/2021:07:35:31 +0800] "GET /xingrg/all/function/internal_message.html?_=1637883325491&CODE_STATE=getMsg HTTP/1.1" 200 27
222.70.171.86 - - [26/Nov/2021:07:35:32 +0800] "GET /xingrg/all/function/internal_message.html?_=1637883349490&CODE_STATE=getMsg HTTP/1.1" 200 27
124.78.153.86 - - [26/Nov/2021:07:35:46 +0800] "GET /xingrg/all/function/internal_message.html?_=1637883340320&CODE_STATE=getMsg HTTP/1.1" 200 27
61.151.178.197 - - [26/Nov/2021:07:35:47 +0800] "GET /xingrg/all/function/internal_message.html?_=1637883280343&CODE_STATE=getMsg HTTP/1.1" 302 -
61.151.178.197 - - [26/Nov/2021:07:35:47 +0800] "GET /xingrg/login.html HTTP/1.1" 200 7641
222.70.171.86 - - [26/Nov/2021:07:35:48 +0800] "GET /xingrg/all/function/internal_message.html?_=1637883362286&CODE_STATE=getMsg HTTP/1.1" 302 -
222.70.171.86 - - [26/Nov/2021:07:35:48 +0800] "GET /xingrg/check_reg.html?_=1637883365606 HTTP/1.1" 200 22
114.85.125.222 - - [26/Nov/2021:07:36:00 +0800] "GET /xingrg/all/function/internal_message.html?_=1637883328753&CODE_STATE=getMsg HTTP/1.1" 200 27
116.238.248.233 - - [26/Nov/2021:07:36:02 +0800] "GET /xingrg/all/function/internal_message.html?_=1637883358510&CODE_STATE=getMsg HTTP/1.1" 200 27
124.78.153.86 - - [26/Nov/2021:07:36:06 +0800] "GET /xingrg/check_reg.html?_=1637883360072 HTTP/1.1" 200 22
120.253.135.82 - - [26/Nov/2021:07:36:20 +0800] "GET /xingrg/all/function/internal_message.html?_=1637883152510&CODE_STATE=getMsg HTTP/1.1" 200 27
120.253.135.82 - - [26/Nov/2021:07:36:30 +0800] "GET /xingrg/kc/pszx/mdqp_order_list.html?state=10 HTTP/1.1" 200 10657
120.253.135.82 - - [26/Nov/2021:07:36:30 +0800] "GET /xingrg/dwr/interface/AjaxReportQueryService.js HTTP/1.1" 200 13203
120.253.135.82 - - [26/Nov/2021:07:36:30 +0800] "POST /xingrg/kc/pszx/mdps_list_operate.html HTTP/1.1" 200 5330
120.253.135.82 - - [26/Nov/2021:07:36:30 +0800] "GET /xingrg/dwr/interface/AjaxQqpsService.js HTTP/1.1" 200 16326
120.253.135.82 - - [26/Nov/2021:07:36:30 +0800] "GET /xingrg/dwr/engine.js HTTP/1.1" 200 43631
222.70.176.97 - - [26/Nov/2021:07:36:31 +0800] "GET /xingrg/all/function/internal_message.html?_=1637883385493&CODE_STATE=getMsg HTTP/1.1" 200 27
222.70.171.86 - - [26/Nov/2021:07:36:32 +0800] "GET /xingrg/all/function/internal_message.html?_=1637883409504&CODE_STATE=getMsg HTTP/1.1" 200 27
120.253.135.82 - - [26/Nov/2021:07:36:33 +0800] "GET /xingrg/kc/pszx/mdps_order_list.html?orderType=0 HTTP/1.1" 200 21089
120.253.135.82 - - [26/Nov/2021:07:36:33 +0800] "POST /xingrg/kc/pszx/mdps_list_operate.html HTTP/1.1" 200 5330
61.151.179.84 - - [26/Nov/2021:07:36:46 +0800] "GET /xingrg/all/function/internal_message.html?_=1637883340320&CODE_STATE=getMsg HTTP/1.1" 302 -
124.78.153.86 - - [26/Nov/2021:07:36:46 +0800] "GET /xingrg/all/function/internal_message.html?_=1637883400293&CODE_STATE=getMsg HTTP/1.1" 200 27
61.151.179.84 - - [26/Nov/2021:07:36:46 +0800] "GET /xingrg/login.html HTTP/1.1" 200 7641
120.253.135.82 - - [26/Nov/2021:07:36:48 +0800] "GET /xingrg/kc/pszx/mdqp_order_list.html?state=10 HTTP/1.1" 200 10657
120.253.135.82 - - [26/Nov/2021:07:36:48 +0800] "GET /xingrg/dwr/interface/AjaxQqpsService.js HTTP/1.1" 200 16326
120.253.135.82 - - [26/Nov/2021:07:36:48 +0800] "GET /xingrg/dwr/interface/AjaxReportQueryService.js HTTP/1.1" 200 13203
120.253.135.82 - - [26/Nov/2021:07:36:48 +0800] "GET /xingrg/dwr/engine.js HTTP/1.1" 200 43631
222.70.171.86 - - [26/Nov/2021:07:36:48 +0800] "GET /xingrg/all/function/internal_message.html?_=1637883422315&CODE_STATE=getMsg HTTP/1.1" 302 -
120.253.135.82 - - [26/Nov/2021:07:36:56 +0800] "GET /xingrg/kc/pszx/mdqp_order_list.html?state=10 HTTP/1.1" 200 10657
120.253.135.82 - - [26/Nov/2021:07:36:56 +0800] "GET /xingrg/dwr/interface/AjaxQqpsService.js HTTP/1.1" 200 16326
120.253.135.82 - - [26/Nov/2021:07:36:56 +0800] "GET /xingrg/dwr/interface/AjaxReportQueryService.js HTTP/1.1" 200 13203
120.253.135.82 - - [26/Nov/2021:07:36:56 +0800] "GET /xingrg/dwr/engine.js HTTP/1.1" 200 43631
114.85.125.222 - - [26/Nov/2021:07:37:00 +0800] "GET /xingrg/all/function/internal_message.html?_=1637883388772&CODE_STATE=getMsg HTTP/1.1" 200 27
120.253.135.82 - - [26/Nov/2021:07:37:00 +0800] "GET /xingrg/kc/pszx/mdth_order_list.html HTTP/1.1" 200 18513
120.253.135.82 - - [26/Nov/2021:07:37:00 +0800] "POST /xingrg/kc/pszx/mdth_order_new_list.html HTTP/1.1" 200 4652
116.238.248.233 - - [26/Nov/2021:07:37:02 +0800] "GET /xingrg/all/function/internal_message.html?_=1637883418509&CODE_STATE=getMsg HTTP/1.1" 200 27
120.253.135.82 - - [26/Nov/2021:07:37:04 +0800] "GET /xingrg/kc/pszx/mdqp_order_list.html?state=10 HTTP/1.1" 200 10657
120.253.135.82 - - [26/Nov/2021:07:37:04 +0800] "GET /xingrg/dwr/interface/AjaxQqpsService.js HTTP/1.1" 200 16326
120.253.135.82 - - [26/Nov/2021:07:37:04 +0800] "GET /xingrg/dwr/interface/AjaxReportQueryService.js HTTP/1.1" 200 13203
120.253.135.82 - - [26/Nov/2021:07:37:04 +0800] "GET /xingrg/dwr/engine.js HTTP/1.1" 200 43631
101.89.239.238 - - [26/Nov/2021:07:37:07 +0800] "GET /xingrg/check_reg.html?_=1637883360072 HTTP/1.1" 302 -
101.89.239.238 - - [26/Nov/2021:07:37:07 +0800] "GET /xingrg/login.html HTTP/1.1" 200 7641
222.70.171.86 - - [26/Nov/2021:07:37:11 +0800] "GET /xingrg/check_reg.html?_=1637883444689 HTTP/1.1" 302 -
120.253.135.82 - - [26/Nov/2021:07:37:20 +0800] "GET /xingrg/all/function/internal_message.html?_=1637883212720&CODE_STATE=getMsg HTTP/1.1" 200 27
222.70.176.97 - - [26/Nov/2021:07:37:31 +0800] "GET /xingrg/all/function/internal_message.html?_=1637883445495&CODE_STATE=getMsg HTTP/1.1" 200 27
222.70.171.86 - - [26/Nov/2021:07:37:32 +0800] "GET /xingrg/all/function/internal_message.html?_=1637883469517&CODE_STATE=getMsg HTTP/1.1" 200 27
120.253.135.82 - - [26/Nov/2021:07:37:38 +0800] "GET /xingrg/kc/report/report_main.html HTTP/1.1" 200 8599
120.253.135.82 - - [26/Nov/2021:07:37:40 +0800] "GET /xingrg/kc/base/kc_stocks.html HTTP/1.1" 200 16437
120.253.135.82 - - [26/Nov/2021:07:37:40 +0800] "GET /xingrg/javascript/easyui/themes/default/tree.css HTTP/1.1" 404 1090
120.253.135.82 - - [26/Nov/2021:07:37:40 +0800] "POST /xingrg/all/common/load_tree.html?tree=materiel_sort_tree_json HTTP/1.1" 200 9388
120.253.135.82 - - [26/Nov/2021:07:37:41 +0800] "POST /xingrg/all/common/load_combo.html?type=base HTTP/1.1" 200 1075
124.78.153.86 - - [26/Nov/2021:07:37:46 +0800] "GET /xingrg/all/function/internal_message.html?_=1637883460271&CODE_STATE=getMsg HTTP/1.1" 200 27
222.70.171.86 - - [26/Nov/2021:07:37:48 +0800] "GET /xingrg/all/function/internal_message.html?_=1637883482328&CODE_STATE=getMsg HTTP/1.1" 302 -
120.253.135.82 - - [26/Nov/2021:07:37:49 +0800] "POST /xingrg/kc/base/stock_operate.html HTTP/1.1" 200 1470
114.85.125.222 - - [26/Nov/2021:07:38:00 +0800] "GET /xingrg/all/function/internal_message.html?_=1637883448781&CODE_STATE=getMsg HTTP/1.1" 200 27
116.238.248.233 - - [26/Nov/2021:07:38:02 +0800] "GET /xingrg/check_reg.html?_=1637883478526 HTTP/1.1" 200 22
116.238.248.233 - - [26/Nov/2021:07:38:02 +0800] "GET /xingrg/all/function/internal_message.html?_=1637883478518&CODE_STATE=getMsg HTTP/1.1" 200 27
120.253.135.82 - - [26/Nov/2021:07:38:17 +0800] "GET /xingrg/check_reg.html?_=1637883269818 HTTP/1.1" 200 22
120.253.135.82 - - [26/Nov/2021:07:38:20 +0800] "GET /xingrg/all/function/internal_message.html?_=1637883272720&CODE_STATE=getMsg HTTP/1.1" 200 27
222.70.176.97 - - [26/Nov/2021:07:38:31 +0800] "GET /xingrg/all/function/internal_message.html?_=1637883505496&CODE_STATE=getMsg HTTP/1.1" 200 27
222.70.171.86 - - [26/Nov/2021:07:38:33 +0800] "GET /xingrg/all/function/internal_message.html?_=1637883529837&CODE_STATE=getMsg HTTP/1.1" 200 27
101.91.62.89 - - [26/Nov/2021:07:38:46 +0800] "GET /xingrg/all/function/internal_message.html?_=1637883460271&CODE_STATE=getMsg HTTP/1.1" 302 -
124.78.153.86 - - [26/Nov/2021:07:38:46 +0800] "GET /xingrg/all/function/internal_message.html?_=1637883520251&CODE_STATE=getMsg HTTP/1.1" 200 27
101.91.62.89 - - [26/Nov/2021:07:38:46 +0800] "GET /xingrg/login.html HTTP/1.1" 200 7641
222.70.171.86 - - [26/Nov/2021:07:38:48 +0800] "GET /xingrg/all/function/internal_message.html?_=1637883542362&CODE_STATE=getMsg HTTP/1.1" 302 -
114.85.125.222 - - [26/Nov/2021:07:39:00 +0800] "GET /xingrg/all/function/internal_message.html?_=1637883508799&CODE_STATE=getMsg HTTP/1.1" 200 27
116.238.248.233 - - [26/Nov/2021:07:39:02 +0800] "GET /xingrg/all/function/internal_message.html?_=1637883538526&CODE_STATE=getMsg HTTP/1.1" 200 27
180.169.147.146 - - [26/Nov/2021:07:39:04 +0800] "GET /xingrg/check_reg.html?_=1637883533151 HTTP/1.1" 200 22
120.253.135.82 - - [26/Nov/2021:07:39:20 +0800] "GET /xingrg/all/function/internal_message.html?_=1637883332732&CODE_STATE=getMsg HTTP/1.1" 200 27
222.70.176.97 - - [26/Nov/2021:07:39:31 +0800] "GET /xingrg/all/function/internal_message.html?_=1637883565499&CODE_STATE=getMsg HTTP/1.1" 200 27
222.70.176.97 - - [26/Nov/2021:07:39:31 +0800] "GET /xingrg/check_reg.html?_=1637883565496 HTTP/1.1" 200 22
222.70.171.86 - - [26/Nov/2021:07:39:33 +0800] "GET /xingrg/all/function/internal_message.html?_=1637883589841&CODE_STATE=getMsg HTTP/1.1" 200 27
101.89.239.238 - - [26/Nov/2021:07:39:46 +0800] "GET /xingrg/all/function/internal_message.html?_=1637883520251&CODE_STATE=getMsg HTTP/1.1" 302 -
124.78.153.86 - - [26/Nov/2021:07:39:46 +0800] "GET /xingrg/all/function/internal_message.html?_=1637883580228&CODE_STATE=getMsg HTTP/1.1" 200 27
101.89.239.238 - - [26/Nov/2021:07:39:46 +0800] "GET /xingrg/login.html HTTP/1.1" 200 7641
222.70.171.86 - - [26/Nov/2021:07:39:48 +0800] "GET /xingrg/all/function/internal_message.html?_=1637883602372&CODE_STATE=getMsg HTTP/1.1" 302 -
114.85.125.222 - - [26/Nov/2021:07:39:49 +0800] "GET /xingrg/check_reg.html?_=1637883558201 HTTP/1.1" 200 22
114.85.125.222 - - [26/Nov/2021:07:40:00 +0800] "GET /xingrg/all/function/internal_message.html?_=1637883568808&CODE_STATE=getMsg HTTP/1.1" 200 27
116.238.248.233 - - [26/Nov/2021:07:40:02 +0800] "GET /xingrg/all/function/internal_message.html?_=1637883598531&CODE_STATE=getMsg HTTP/1.1" 200 27
120.253.135.82 - - [26/Nov/2021:07:40:20 +0800] "GET /xingrg/all/function/internal_message.html?_=1637883392747&CODE_STATE=getMsg HTTP/1.1" 200 27
222.70.176.97 - - [26/Nov/2021:07:40:31 +0800] "GET /xingrg/all/function/internal_message.html?_=1637883625509&CODE_STATE=getMsg HTTP/1.1" 200 27
222.70.171.86 - - [26/Nov/2021:07:40:33 +0800] "GET /xingrg/all/function/internal_message.html?_=1637883650157&CODE_STATE=getMsg HTTP/1.1" 200 27
120.253.135.82 - - [26/Nov/2021:07:40:45 +0800] "GET /xingrg/kc/pszx/mdqp_order_list.html?state=10 HTTP/1.1" 200 10657
120.253.135.82 - - [26/Nov/2021:07:40:46 +0800] "GET /xingrg/dwr/interface/AjaxReportQueryService.js HTTP/1.1" 200 13203
120.253.135.82 - - [26/Nov/2021:07:40:46 +0800] "GET /xingrg/dwr/engine.js HTTP/1.1" 200 43631
120.253.135.82 - - [26/Nov/2021:07:40:46 +0800] "GET /xingrg/dwr/interface/AjaxQqpsService.js HTTP/1.1" 200 16326
124.78.153.86 - - [26/Nov/2021:07:40:46 +0800] "GET /xingrg/all/function/internal_message.html?_=1637883640224&CODE_STATE=getMsg HTTP/1.1" 200 27
120.253.135.82 - - [26/Nov/2021:07:40:48 +0800] "GET /xingrg/kc/pszx/mdps_order_list.html?orderType=0 HTTP/1.1" 200 21089
120.253.135.82 - - [26/Nov/2021:07:40:48 +0800] "POST /xingrg/kc/pszx/mdps_list_operate.html HTTP/1.1" 200 5330
222.70.171.86 - - [26/Nov/2021:07:40:48 +0800] "GET /xingrg/check_reg.html?_=1637883665610 HTTP/1.1" 200 22
222.70.171.86 - - [26/Nov/2021:07:40:48 +0800] "GET /xingrg/all/function/internal_message.html?_=1637883662399&CODE_STATE=getMsg HTTP/1.1" 302 -
120.253.135.82 - - [26/Nov/2021:07:40:53 +0800] "POST /xingrg/kc/pszx/mdps_list_operate.html HTTP/1.1" 200 3865
120.253.135.82 - - [26/Nov/2021:07:40:56 +0800] "POST /xingrg/kc/pszx/mdps_list_operate.html HTTP/1.1" 200 217
120.253.135.82 - - [26/Nov/2021:07:40:56 +0800] "GET /xingrg/kc/pszx/mdps_order_info.html?code=312021112500592 HTTP/1.1" 200 23923
120.253.135.82 - - [26/Nov/2021:07:40:57 +0800] "GET /xingrg/javascript/easyui/themes/default/validatebox.css HTTP/1.1" 404 1104
120.253.135.82 - - [26/Nov/2021:07:40:57 +0800] "POST /xingrg/kc/pszx/mdps_order_operate.html HTTP/1.1" 200 2301
114.85.125.222 - - [26/Nov/2021:07:41:00 +0800] "GET /xingrg/all/function/internal_message.html?_=1637883628822&CODE_STATE=getMsg HTTP/1.1" 200 27
116.238.248.233 - - [26/Nov/2021:07:41:02 +0800] "GET /xingrg/all/function/internal_message.html?_=1637883658531&CODE_STATE=getMsg HTTP/1.1" 200 27
120.253.135.82 - - [26/Nov/2021:07:41:04 +0800] "POST /xingrg/kc/pszx/mdps_order_operate.html HTTP/1.1" 200 37
120.253.135.82 - - [26/Nov/2021:07:41:05 +0800] "GET /xingrg/kc/pszx/mdps_order_info.html?code=312021112500592 HTTP/1.1" 200 23923
120.253.135.82 - - [26/Nov/2021:07:41:06 +0800] "POST /xingrg/kc/pszx/mdps_order_operate.html HTTP/1.1" 200 2301
120.253.135.82 - - [26/Nov/2021:07:41:06 +0800] "GET /xingrg/javascript/easyui/themes/default/validatebox.css HTTP/1.1" 404 1104
124.78.153.86 - - [26/Nov/2021:07:41:06 +0800] "GET /xingrg/check_reg.html?_=1637883660079 HTTP/1.1" 200 22
222.70.176.97 - - [26/Nov/2021:07:41:31 +0800] "GET /xingrg/all/function/internal_message.html?_=1637883685510&CODE_STATE=getMsg HTTP/1.1" 200 27
120.253.135.82 - - [26/Nov/2021:07:41:31 +0800] "GET /xingrg/login.html HTTP/1.1" 200 7641
120.253.135.82 - - [26/Nov/2021:07:41:31 +0800] "GET /xingrg/images/blue/jxLogo.png HTTP/1.1" 304 -
120.253.135.82 - - [26/Nov/2021:07:41:32 +0800] "GET /xingrg/images/blue/hj.png HTTP/1.1" 304 -
120.253.135.82 - - [26/Nov/2021:07:41:32 +0800] "GET /xingrg/images/blue/login_bg.png HTTP/1.1" 304 -
120.253.135.82 - - [26/Nov/2021:07:41:32 +0800] "GET /xingrg/images/blue/srbg.png HTTP/1.1" 304 -
120.253.135.82 - - [26/Nov/2021:07:41:32 +0800] "GET /favicon.ico HTTP/1.1" 404 -
222.70.171.86 - - [26/Nov/2021:07:41:33 +0800] "GET /xingrg/all/function/internal_message.html?_=1637883710166&CODE_STATE=getMsg HTTP/1.1" 200 27
120.253.135.82 - - [26/Nov/2021:07:41:35 +0800] "POST /xingrg/login.do HTTP/1.1" 302 -
120.253.135.82 - - [26/Nov/2021:07:41:35 +0800] "GET /xingrg/index.html?sysBaseUrl=http%3A%2F%2F180.169.147.146%3A18081%2Fxingrg%2F&costTime=37×tamp=1637883695331 HTTP/1.1" 200 17173
120.253.135.82 - - [26/Nov/2021:07:41:35 +0800] "GET /xingrg/javascript/jquery_easy_ui/themes/default/easyui.css HTTP/1.1" 304 -
120.253.135.82 - - [26/Nov/2021:07:41:35 +0800] "GET /xingrg/javascript/jquery_easy_ui/themes/icon.css HTTP/1.1" 304 -
120.253.135.82 - - [26/Nov/2021:07:41:35 +0800] "GET /xingrg/javascript/jquery.utils.js HTTP/1.1" 304 -
120.253.135.82 - - [26/Nov/2021:07:41:35 +0800] "GET /xingrg/javascript/jquery.form.js HTTP/1.1" 304 -
120.253.135.82 - - [26/Nov/2021:07:41:35 +0800] "GET /xingrg/css/form.css HTTP/1.1" 304 -
120.253.135.82 - - [26/Nov/2021:07:41:35 +0800] "GET /xingrg/javascript/jquery_easy_ui/jquery.easyui.min.js HTTP/1.1" 304 -
120.253.135.82 - - [26/Nov/2021:07:41:35 +0800] "GET /xingrg/javascript/jquery-1.4.2.min.js HTTP/1.1" 304 -
120.253.135.82 - - [26/Nov/2021:07:41:35 +0800] "GET /xingrg/javascript/jquery.timers.js HTTP/1.1" 304 -
120.253.135.82 - - [26/Nov/2021:07:41:35 +0800] "GET /xingrg/javascript/jquery_easy_ui/easyui-lang-zh_CN.js HTTP/1.1" 304 -
120.253.135.82 - - [26/Nov/2021:07:41:35 +0800] "GET /xingrg/images/blue/navBackgound.jpg HTTP/1.1" 304 -
120.253.135.82 - - [26/Nov/2021:07:41:35 +0800] "GET /xingrg/javascript/jquery_easy_ui/themes/icons/settle_new.png HTTP/1.1" 304 -
120.253.135.82 - - [26/Nov/2021:07:41:35 +0800] "GET /xingrg/images/blue/pingpu.png HTTP/1.1" 304 -
120.253.135.82 - - [26/Nov/2021:07:41:35 +0800] "GET /xingrg/javascript/jquery_easy_ui/themes/default/images/tabs_leftarrow.png HTTP/1.1" 304 -
120.253.135.82 - - [26/Nov/2021:07:41:35 +0800] "GET /xingrg/javascript/jquery_easy_ui/themes/default/images/tabs_rightarrow.png HTTP/1.1" 304 -
120.253.135.82 - - [26/Nov/2021:07:41:35 +0800] "POST /xingrg/all/common/load_tree.html?tree=area_rest_tree_json&manage=1 HTTP/1.1" 200 344
120.253.135.82 - - [26/Nov/2021:07:41:35 +0800] "GET /xingrg/javascript/jquery_easy_ui/themes/default/images/panel_tool_collapse.gif HTTP/1.1" 304 -
120.253.135.82 - - [26/Nov/2021:07:41:35 +0800] "GET /xingrg/javascript/jquery_easy_ui/themes/default/images/tree_arrows.gif HTTP/1.1" 304 -
120.253.135.82 - - [26/Nov/2021:07:41:35 +0800] "GET /xingrg/check_reg.html?_=1637883467956 HTTP/1.1" 200 22
120.253.135.82 - - [26/Nov/2021:07:41:35 +0800] "GET /xingrg/all/function/internal_message.html?_=1637883467955&CODE_STATE=count HTTP/1.1" 200 11
120.253.135.82 - - [26/Nov/2021:07:41:35 +0800] "GET /favicon.ico HTTP/1.1" 404 -
120.253.135.82 - - [26/Nov/2021:07:41:36 +0800] "POST /xingrg/load_menu.html HTTP/1.1" 200 6743
120.253.135.82 - - [26/Nov/2021:07:41:36 +0800] "GET /xingrg/javascript/jquery_easy_ui/themes/default/images/tree_folder_open.gif HTTP/1.1" 304 -
120.253.135.82 - - [26/Nov/2021:07:41:36 +0800] "GET /xingrg/javascript/jquery_easy_ui/themes/icons/search_new.png HTTP/1.1" 304 -
120.253.135.82 - - [26/Nov/2021:07:41:36 +0800] "GET /xingrg/javascript/jquery_easy_ui/themes/icons/delivery_new.png HTTP/1.1" 304 -
120.253.135.82 - - [26/Nov/2021:07:41:36 +0800] "GET /xingrg/javascript/jquery_easy_ui/themes/icons/storage_new.png HTTP/1.1" 304 -
120.253.135.82 - - [26/Nov/2021:07:41:36 +0800] "GET /xingrg/javascript/jquery_easy_ui/themes/icons/forms_new.png HTTP/1.1" 304 -
120.253.135.82 - - [26/Nov/2021:07:41:36 +0800] "GET /xingrg/javascript/jquery_easy_ui/themes/default/images/tree_file.gif HTTP/1.1" 304 -
120.253.135.82 - - [26/Nov/2021:07:41:36 +0800] "GET /xingrg/javascript/jquery_easy_ui/themes/default/images/tree_folder.gif HTTP/1.1" 304 -
120.253.135.82 - - [26/Nov/2021:07:41:39 +0800] "GET /xingrg/kc/pszx/mdqp_order_list.html?state=10 HTTP/1.1" 200 10657
120.253.135.82 - - [26/Nov/2021:07:41:39 +0800] "GET /xingrg/javascript/jquery_easy_ui/themes/default/images/tabs_close.gif HTTP/1.1" 304 -
120.253.135.82 - - [26/Nov/2021:07:41:39 +0800] "GET /xingrg/css/blue.css HTTP/1.1" 304 -
120.253.135.82 - - [26/Nov/2021:07:41:39 +0800] "GET /xingrg/dwr/util.js HTTP/1.1" 304 -
120.253.135.82 - - [26/Nov/2021:07:41:39 +0800] "GET /xingrg/javascript/pic_change.js HTTP/1.1" 304 -
120.253.135.82 - - [26/Nov/2021:07:41:39 +0800] "GET /xingrg/javascript/Calendar.js HTTP/1.1" 304 -
120.253.135.82 - - [26/Nov/2021:07:41:39 +0800] "GET /xingrg/javascript/myfunction.js HTTP/1.1" 304 -
120.253.135.82 - - [26/Nov/2021:07:41:39 +0800] "GET /xingrg/dwr/interface/AjaxReportQueryService.js HTTP/1.1" 200 13203
120.253.135.82 - - [26/Nov/2021:07:41:39 +0800] "GET /xingrg/dwr/engine.js HTTP/1.1" 200 43631
120.253.135.82 - - [26/Nov/2021:07:41:39 +0800] "GET /xingrg/dwr/interface/AjaxQqpsService.js HTTP/1.1" 200 16326
120.253.135.82 - - [26/Nov/2021:07:41:39 +0800] "GET /xingrg/javascript/jquery_easy_ui/themes/icons/check_new.png HTTP/1.1" 304 -
120.253.135.82 - - [26/Nov/2021:07:41:39 +0800] "GET /xingrg/javascript/jquery_easy_ui/themes/icons/uncheck_new.png HTTP/1.1" 304 -
120.253.135.82 - - [26/Nov/2021:07:41:39 +0800] "GET /xingrg/javascript/jquery_easy_ui/themes/icons/back_new.png HTTP/1.1" 304 -
120.253.135.82 - - [26/Nov/2021:07:41:43 +0800] "GET /xingrg/css/base.css HTTP/1.1" 304 -
120.253.135.82 - - [26/Nov/2021:07:41:43 +0800] "GET /xingrg/css/site.css HTTP/1.1" 304 -
120.253.135.82 - - [26/Nov/2021:07:41:43 +0800] "GET /xingrg/javascript/easyui/themes/default/easyui.css HTTP/1.1" 304 -
120.253.135.82 - - [26/Nov/2021:07:41:43 +0800] "GET /xingrg/javascript/jquery_tools/datebox.css HTTP/1.1" 304 -
120.253.135.82 - - [26/Nov/2021:07:41:43 +0800] "GET /xingrg/javascript/jquery_tools/jquery.tools.extend.js HTTP/1.1" 304 -
120.253.135.82 - - [26/Nov/2021:07:41:43 +0800] "GET /xingrg/javascript/easyui/themes/icon.css HTTP/1.1" 304 -
120.253.135.82 - - [26/Nov/2021:07:41:43 +0800] "GET /xingrg/javascript/auto/jquery.autocomplete.css HTTP/1.1" 304 -
120.253.135.82 - - [26/Nov/2021:07:41:43 +0800] "GET /xingrg/javascript/jquery_tools/list_manager.js HTTP/1.1" 304 -
120.253.135.82 - - [26/Nov/2021:07:41:43 +0800] "GET /xingrg/javascript/jquery_tools/fix.css HTTP/1.1" 304 -
120.253.135.82 - - [26/Nov/2021:07:41:43 +0800] "GET /xingrg/javascript/jquery_tools/jquery.tools.hotkey.js HTTP/1.1" 304 -
120.253.135.82 - - [26/Nov/2021:07:41:43 +0800] "GET /xingrg/javascript/auto/jquery.autocomplete.js HTTP/1.1" 304 -
120.253.135.82 - - [26/Nov/2021:07:41:43 +0800] "GET /xingrg/kc/pszx/mdps_order_list.html?orderType=0 HTTP/1.1" 200 21089
120.253.135.82 - - [26/Nov/2021:07:41:43 +0800] "GET /xingrg/javascript/jquery_tools/table.css HTTP/1.1" 304 -
120.253.135.82 - - [26/Nov/2021:07:41:43 +0800] "GET /xingrg/javascript/jquery_tools/jquery.tools.table.js HTTP/1.1" 304 -
120.253.135.82 - - [26/Nov/2021:07:41:43 +0800] "GET /xingrg/javascript/easyui/easyloader.js HTTP/1.1" 304 -
120.253.135.82 - - [26/Nov/2021:07:41:43 +0800] "GET /xingrg/javascript/jquery_tools/jquery.tools.min.js HTTP/1.1" 304 -
120.253.135.82 - - [26/Nov/2021:07:41:43 +0800] "GET /xingrg/javascript/jquery.cookie.js HTTP/1.1" 304 -
120.253.135.82 - - [26/Nov/2021:07:41:43 +0800] "GET /xingrg/javascript/print/LodopFuncs.js HTTP/1.1" 304 -
120.253.135.82 - - [26/Nov/2021:07:41:44 +0800] "GET /xingrg/javascript/easyui/themes/icons/cance_new.png HTTP/1.1" 304 -
120.253.135.82 - - [26/Nov/2021:07:41:44 +0800] "GET /xingrg/javascript/easyui/themes/icons/uncheck_new.png HTTP/1.1" 304 -
120.253.135.82 - - [26/Nov/2021:07:41:44 +0800] "GET /xingrg/javascript/easyui/themes/icons/edit_add_new.png HTTP/1.1" 304 -
120.253.135.82 - - [26/Nov/2021:07:41:44 +0800] "GET /xingrg/javascript/easyui/themes/icons/field_new.png HTTP/1.1" 304 -
120.253.135.82 - - [26/Nov/2021:07:41:44 +0800] "GET /xingrg/javascript/easyui/themes/icons/check_new.png HTTP/1.1" 304 -
120.253.135.82 - - [26/Nov/2021:07:41:44 +0800] "GET /xingrg/javascript/easyui/themes/icons/import_new.png HTTP/1.1" 304 -
120.253.135.82 - - [26/Nov/2021:07:41:44 +0800] "GET /xingrg/javascript/easyui/plugins/jquery.parser.js HTTP/1.1" 304 -
120.253.135.82 - - [26/Nov/2021:07:41:44 +0800] "GET /xingrg/images/control/ajaxLoader.gif HTTP/1.1" 304 -
120.253.135.82 - - [26/Nov/2021:07:41:44 +0800] "GET /xingrg/javascript/jquery_easy_ui/themes/icons/area.png HTTP/1.1" 304 -
120.253.135.82 - - [26/Nov/2021:07:41:44 +0800] "GET /xingrg/javascript/jquery_easy_ui/themes/icons/manage.png HTTP/1.1" 304 -
120.253.135.82 - - [26/Nov/2021:07:41:44 +0800] "POST /xingrg/kc/pszx/mdps_list_operate.html HTTP/1.1" 200 5330
124.78.153.86 - - [26/Nov/2021:07:41:46 +0800] "GET /xingrg/all/function/internal_message.html?_=1637883700196&CODE_STATE=getMsg HTTP/1.1" 200 27
222.70.171.86 - - [26/Nov/2021:07:41:48 +0800] "GET /xingrg/all/function/internal_message.html?_=1637883722414&CODE_STATE=getMsg HTTP/1.1" 302 -
120.253.135.82 - - [26/Nov/2021:07:41:49 +0800] "GET /xingrg/javascript/auto/indicator.gif HTTP/1.1" 404 1066
120.253.135.82 - - [26/Nov/2021:07:41:50 +0800] "GET /xingrg/javascript/jquery_tools/images/prev.gif HTTP/1.1" 404 1086
120.253.135.82 - - [26/Nov/2021:07:41:50 +0800] "GET /xingrg/javascript/jquery_tools/images/next.gif HTTP/1.1" 404 1086
120.253.135.82 - - [26/Nov/2021:07:41:54 +0800] "POST /xingrg/kc/pszx/mdps_list_operate.html HTTP/1.1" 200 3865
120.253.135.82 - - [26/Nov/2021:07:41:56 +0800] "POST /xingrg/kc/pszx/mdps_list_operate.html HTTP/1.1" 200 217
120.253.135.82 - - [26/Nov/2021:07:41:56 +0800] "GET /xingrg/kc/pszx/mdps_order_info.html?code=312021112500592 HTTP/1.1" 200 23923
120.253.135.82 - - [26/Nov/2021:07:41:56 +0800] "GET /xingrg/javascript/jquery_tools/order_manager.js HTTP/1.1" 304 -
120.253.135.82 - - [26/Nov/2021:07:41:56 +0800] "GET /xingrg/javascript/print/kc_print.js HTTP/1.1" 304 -
120.253.135.82 - - [26/Nov/2021:07:41:56 +0800] "GET /xingrg/javascript/json2.js HTTP/1.1" 304 -
120.253.135.82 - - [26/Nov/2021:07:41:56 +0800] "GET /xingrg/javascript/convert.js HTTP/1.1" 304 -
120.253.135.82 - - [26/Nov/2021:07:41:56 +0800] "GET /xingrg/words/20211123155242_words.js HTTP/1.1" 304 -
120.253.135.82 - - [26/Nov/2021:07:41:56 +0800] "GET /xingrg/javascript/easyui/themes/icons/copy_new.png HTTP/1.1" 304 -
120.253.135.82 - - [26/Nov/2021:07:41:56 +0800] "GET /xingrg/javascript/easyui/themes/icons/ok.png HTTP/1.1" 304 -
120.253.135.82 - - [26/Nov/2021:07:41:56 +0800] "GET /xingrg/javascript/easyui/themes/icons/print.png HTTP/1.1" 304 -
120.253.135.82 - - [26/Nov/2021:07:41:56 +0800] "GET /xingrg/javascript/easyui/themes/default/images/menu_downarrow.png HTTP/1.1" 304 -
120.253.135.82 - - [26/Nov/2021:07:41:56 +0800] "GET /xingrg/javascript/easyui/themes/icons/cancel.png HTTP/1.1" 304 -
120.253.135.82 - - [26/Nov/2021:07:41:56 +0800] "GET /xingrg/all/common/auto_word.html?type=base&rest_code=00101 HTTP/1.1" 200 613
120.253.135.82 - - [26/Nov/2021:07:41:56 +0800] "POST /xingrg/kc/pszx/mdps_order_operate.html HTTP/1.1" 200 2301
120.253.135.82 - - [26/Nov/2021:07:41:56 +0800] "GET /xingrg/javascript/easyui/plugins/jquery.validatebox.js HTTP/1.1" 304 -
120.253.135.82 - - [26/Nov/2021:07:41:56 +0800] "GET /xingrg/javascript/easyui/themes/default/validatebox.css HTTP/1.1" 404 1104
120.253.135.82 - - [26/Nov/2021:07:41:56 +0800] "GET /xingrg/javascript/easyui/themes/icons/edit_remove.png HTTP/1.1" 304 -
120.253.135.82 - - [26/Nov/2021:07:41:56 +0800] "GET /xingrg/javascript/easyui/plugins/jquery.numberbox.js HTTP/1.1" 304 -
114.85.125.222 - - [26/Nov/2021:07:42:00 +0800] "GET /xingrg/all/function/internal_message.html?_=1637883688840&CODE_STATE=getMsg HTTP/1.1" 200 27
120.253.135.82 - - [26/Nov/2021:07:42:02 +0800] "GET /xingrg/javascript/easyui/themes/default/images/button_plain_hover.png HTTP/1.1" 304 -
116.238.248.233 - - [26/Nov/2021:07:42:02 +0800] "GET /xingrg/all/function/internal_message.html?_=1637883718531&CODE_STATE=getMsg HTTP/1.1" 200 27
120.253.135.82 - - [26/Nov/2021:07:42:04 +0800] "GET /xingrg/kc/print/load_config.html?kc_code=mdps HTTP/1.1" 200 2390
120.253.135.82 - - [26/Nov/2021:07:42:04 +0800] "GET /xingrg/kc/print/load_data.html?order_code=312021112500592&kc_code=mdps&condition= HTTP/1.1" 200 688
61.151.178.163 - - [26/Nov/2021:07:42:07 +0800] "GET /xingrg/check_reg.html?_=1637883660079 HTTP/1.1" 302 -
61.151.178.163 - - [26/Nov/2021:07:42:07 +0800] "GET /xingrg/login.html HTTP/1.1" 200 7641
222.70.171.86 - - [26/Nov/2021:07:42:11 +0800] "GET /xingrg/check_reg.html?_=1637883744706 HTTP/1.1" 302 -
222.70.176.97 - - [26/Nov/2021:07:42:31 +0800] "GET /xingrg/all/function/internal_message.html?_=1637883745508&CODE_STATE=getMsg HTTP/1.1" 200 27
222.70.171.86 - - [26/Nov/2021:07:42:33 +0800] "GET /xingrg/all/function/internal_message.html?_=1637883770178&CODE_STATE=getMsg HTTP/1.1" 200 27
120.253.135.82 - - [26/Nov/2021:07:42:35 +0800] "GET /xingrg/all/function/internal_message.html?_=1637883527969&CODE_STATE=getMsg HTTP/1.1" 200 27
61.151.207.205 - - [26/Nov/2021:07:42:46 +0800] "GET /xingrg/all/function/internal_message.html?_=1637883700196&CODE_STATE=getMsg HTTP/1.1" 302 -
124.78.153.86 - - [26/Nov/2021:07:42:46 +0800] "GET /xingrg/all/function/internal_message.html?_=1637883760177&CODE_STATE=getMsg HTTP/1.1" 200 27
61.151.207.205 - - [26/Nov/2021:07:42:46 +0800] "GET /xingrg/login.html HTTP/1.1" 200 7641
222.70.171.86 - - [26/Nov/2021:07:42:48 +0800] "GET /xingrg/all/function/internal_message.html?_=1637883782442&CODE_STATE=getMsg HTTP/1.1" 302 -
114.85.125.222 - - [26/Nov/2021:07:43:00 +0800] "GET /xingrg/all/function/internal_message.html?_=1637883748848&CODE_STATE=getMsg HTTP/1.1" 200 27
116.238.248.233 - - [26/Nov/2021:07:43:02 +0800] "GET /xingrg/all/function/internal_message.html?_=1637883778535&CODE_STATE=getMsg HTTP/1.1" 200 27
116.238.248.233 - - [26/Nov/2021:07:43:02 +0800] "GET /xingrg/check_reg.html?_=1637883778536 HTTP/1.1" 200 22
222.70.176.97 - - [26/Nov/2021:07:43:31 +0800] "GET /xingrg/all/function/internal_message.html?_=1637883805523&CODE_STATE=getMsg HTTP/1.1" 200 27
222.70.171.86 - - [26/Nov/2021:07:43:33 +0800] "GET /xingrg/all/function/internal_message.html?_=1637883830530&CODE_STATE=getMsg HTTP/1.1" 200 27
120.253.135.82 - - [26/Nov/2021:07:43:35 +0800] "GET /xingrg/all/function/internal_message.html?_=1637883587982&CODE_STATE=getMsg HTTP/1.1" 200 27
124.78.153.86 - - [26/Nov/2021:07:43:46 +0800] "GET /xingrg/all/function/internal_message.html?_=1637883820145&CODE_STATE=getMsg HTTP/1.1" 200 27
222.70.171.86 - - [26/Nov/2021:07:43:48 +0800] "GET /xingrg/all/function/internal_message.html?_=1637883842456&CODE_STATE=getMsg HTTP/1.1" 302 -
114.85.125.222 - - [26/Nov/2021:07:44:00 +0800] "GET /xingrg/all/function/internal_message.html?_=1637883808869&CODE_STATE=getMsg HTTP/1.1" 200 27
116.238.248.233 - - [26/Nov/2021:07:44:02 +0800] "GET /xingrg/all/function/internal_message.html?_=1637883838564&CODE_STATE=getMsg HTTP/1.1" 200 27
180.169.147.146 - - [26/Nov/2021:07:44:04 +0800] "GET /xingrg/check_reg.html?_=1637883833152 HTTP/1.1" 200 22
222.70.176.97 - - [26/Nov/2021:07:44:31 +0800] "GET /xingrg/check_reg.html?_=1637883865521 HTTP/1.1" 200 22
222.70.176.97 - - [26/Nov/2021:07:44:31 +0800] "GET /xingrg/all/function/internal_message.html?_=1637883865522&CODE_STATE=getMsg HTTP/1.1" 200 27
222.70.171.86 - - [26/Nov/2021:07:44:33 +0800] "GET /xingrg/all/function/internal_message.html?_=1637883890533&CODE_STATE=getMsg HTTP/1.1" 200 27
120.253.135.82 - - [26/Nov/2021:07:44:35 +0800] "GET /xingrg/all/function/internal_message.html?_=1637883648003&CODE_STATE=getMsg HTTP/1.1" 200 27
124.78.153.86 - - [26/Nov/2021:07:44:46 +0800] "GET /xingrg/all/function/internal_message.html?_=1637883880123&CODE_STATE=getMsg HTTP/1.1" 200 27
101.89.239.238 - - [26/Nov/2021:07:44:46 +0800] "GET /xingrg/all/function/internal_message.html?_=1637883820145&CODE_STATE=getMsg HTTP/1.1" 302 -
101.89.239.238 - - [26/Nov/2021:07:44:46 +0800] "GET /xingrg/login.html HTTP/1.1" 200 7641
222.70.171.86 - - [26/Nov/2021:07:44:48 +0800] "GET /xingrg/all/function/internal_message.html?_=1637883902485&CODE_STATE=getMsg HTTP/1.1" 302 -
114.85.125.222 - - [26/Nov/2021:07:44:49 +0800] "GET /xingrg/check_reg.html?_=1637883858205 HTTP/1.1" 200 22
114.85.125.222 - - [26/Nov/2021:07:45:00 +0800] "GET /xingrg/all/function/internal_message.html?_=1637883868875&CODE_STATE=getMsg HTTP/1.1" 200 27
116.238.248.233 - - [26/Nov/2021:07:45:02 +0800] "GET /xingrg/all/function/internal_message.html?_=1637883898563&CODE_STATE=getMsg HTTP/1.1" 200 27
222.70.176.97 - - [26/Nov/2021:07:45:31 +0800] "GET /xingrg/all/function/internal_message.html?_=1637883925521&CODE_STATE=getMsg HTTP/1.1" 200 27
222.70.171.86 - - [26/Nov/2021:07:45:34 +0800] "GET /xingrg/all/function/internal_message.html?_=1637883950873&CODE_STATE=getMsg HTTP/1.1" 200 27
120.253.135.82 - - [26/Nov/2021:07:45:35 +0800] "GET /xingrg/all/function/internal_message.html?_=1637883708009&CODE_STATE=getMsg HTTP/1.1" 200 27
124.78.153.86 - - [26/Nov/2021:07:45:46 +0800] "GET /xingrg/all/function/internal_message.html?_=1637883940092&CODE_STATE=getMsg HTTP/1.1" 200 27
222.70.171.86 - - [26/Nov/2021:07:45:48 +0800] "GET /xingrg/check_reg.html?_=1637883965616 HTTP/1.1" 200 22
222.70.171.86 - - [26/Nov/2021:07:45:48 +0800] "GET /xingrg/all/function/internal_message.html?_=1637883962500&CODE_STATE=getMsg HTTP/1.1" 302 -
114.85.125.222 - - [26/Nov/2021:07:46:00 +0800] "GET /xingrg/all/function/internal_message.html?_=1637883928889&CODE_STATE=getMsg HTTP/1.1" 200 27
116.238.248.233 - - [26/Nov/2021:07:46:02 +0800] "GET /xingrg/all/function/internal_message.html?_=1637883958569&CODE_STATE=getMsg HTTP/1.1" 200 27
124.78.153.86 - - [26/Nov/2021:07:46:06 +0800] "GET /xingrg/check_reg.html?_=1637883960049 HTTP/1.1" 200 22
222.70.176.97 - - [26/Nov/2021:07:46:31 +0800] "GET /xingrg/all/function/internal_message.html?_=1637883985519&CODE_STATE=getMsg HTTP/1.1" 200 27
222.70.171.86 - - [26/Nov/2021:07:46:34 +0800] "GET /xingrg/all/function/internal_message.html?_=1637884010888&CODE_STATE=getMsg HTTP/1.1" 200 27
120.253.135.82 - - [26/Nov/2021:07:46:35 +0800] "GET /xingrg/check_reg.html?_=1637883767960 HTTP/1.1" 200 22
120.253.135.82 - - [26/Nov/2021:07:46:35 +0800] "GET /xingrg/all/function/internal_message.html?_=1637883768022&CODE_STATE=getMsg HTTP/1.1" 200 27
124.78.153.86 - - [26/Nov/2021:07:46:46 +0800] "GET /xingrg/all/function/internal_message.html?_=1637884000068&CODE_STATE=getMsg HTTP/1.1" 200 27
61.151.178.180 - - [26/Nov/2021:07:46:46 +0800] "GET /xingrg/all/function/internal_message.html?_=1637883940092&CODE_STATE=getMsg HTTP/1.1" 302 -
61.151.178.180 - - [26/Nov/2021:07:46:46 +0800] "GET /xingrg/login.html HTTP/1.1" 200 7641
222.70.171.86 - - [26/Nov/2021:07:46:48 +0800] "GET /xingrg/all/function/internal_message.html?_=1637884022528&CODE_STATE=getMsg HTTP/1.1" 302 -
114.85.125.222 - - [26/Nov/2021:07:47:00 +0800] "GET /xingrg/all/function/internal_message.html?_=1637883988906&CODE_STATE=getMsg HTTP/1.1" 200 27
116.238.248.233 - - [26/Nov/2021:07:47:02 +0800] "GET /xingrg/all/function/internal_message.html?_=1637884018572&CODE_STATE=getMsg HTTP/1.1" 200 27
222.70.171.86 - - [26/Nov/2021:07:47:11 +0800] "GET /xingrg/check_reg.html?_=1637884044712 HTTP/1.1" 302 -
222.70.176.97 - - [26/Nov/2021:07:47:31 +0800] "GET /xingrg/all/function/internal_message.html?_=1637884045530&CODE_STATE=getMsg HTTP/1.1" 200 27
222.70.171.86 - - [26/Nov/2021:07:47:34 +0800] "GET /xingrg/all/function/internal_message.html?_=1637884070903&CODE_STATE=getMsg HTTP/1.1" 200 27
120.253.135.82 - - [26/Nov/2021:07:47:35 +0800] "GET /xingrg/all/function/internal_message.html?_=1637883828036&CODE_STATE=getMsg HTTP/1.1" 200 27
124.78.153.86 - - [26/Nov/2021:07:47:46 +0800] "GET /xingrg/all/function/internal_message.html?_=1637884060040&CODE_STATE=getMsg HTTP/1.1" 200 27
