222.70.176.97 - - [26/Nov/2021:06:58:31 +0800] "GET /xingrg/all/function/internal_message.html?_=1637881105468&CODE_STATE=getMsg HTTP/1.1" 200 27
124.78.153.86 - - [26/Nov/2021:06:58:47 +0800] "GET /xingrg/all/function/internal_message.html?_=1637881121253&CODE_STATE=getMsg HTTP/1.1" 200 27
222.70.171.86 - - [26/Nov/2021:06:58:48 +0800] "GET /xingrg/all/function/internal_message.html?_=1637881141532&CODE_STATE=getMsg HTTP/1.1" 302 -
114.85.125.222 - - [26/Nov/2021:06:58:59 +0800] "GET /xingrg/all/function/internal_message.html?_=1637881108256&CODE_STATE=getMsg HTTP/1.1" 200 27
116.238.248.233 - - [26/Nov/2021:06:59:02 +0800] "GET /xingrg/all/function/internal_message.html?_=1637881138278&CODE_STATE=getMsg HTTP/1.1" 200 27
180.169.147.146 - - [26/Nov/2021:06:59:04 +0800] "GET /xingrg/check_reg.html?_=1637881133299 HTTP/1.1" 200 22
120.253.135.82 - - [26/Nov/2021:06:59:18 +0800] "GET /xingrg/all/function/internal_message.html?_=1637880930536&CODE_STATE=getMsg HTTP/1.1" 200 27
222.70.171.86 - - [26/Nov/2021:06:59:29 +0800] "GET /xingrg/all/function/internal_message.html?_=1637881186287&CODE_STATE=getMsg HTTP/1.1" 200 27
222.70.176.97 - - [26/Nov/2021:06:59:31 +0800] "GET /xingrg/all/function/internal_message.html?_=1637881165473&CODE_STATE=getMsg HTTP/1.1" 200 27
222.70.176.97 - - [26/Nov/2021:06:59:31 +0800] "GET /xingrg/check_reg.html?_=1637881165469 HTTP/1.1" 200 22
120.253.135.82 - - [26/Nov/2021:06:59:45 +0800] "GET /xingrg/images/yd/bt.gif HTTP/1.1" 404 1040
120.253.135.82 - - [26/Nov/2021:06:59:45 +0800] "GET /xingrg/images/yd/bt2.gif HTTP/1.1" 404 1042
120.253.135.82 - - [26/Nov/2021:06:59:47 +0800] "GET /xingrg/dwr/interface/AjaxReportQueryService.js HTTP/1.1" 200 13203
120.253.135.82 - - [26/Nov/2021:06:59:47 +0800] "GET /xingrg/kc/pszx/mdqp_order_list.html?isBack=1 HTTP/1.1" 200 50049
120.253.135.82 - - [26/Nov/2021:06:59:47 +0800] "GET /xingrg/dwr/interface/AjaxQqpsService.js HTTP/1.1" 200 16326
120.253.135.82 - - [26/Nov/2021:06:59:47 +0800] "GET /xingrg/dwr/engine.js HTTP/1.1" 200 43631
101.91.60.88 - - [26/Nov/2021:06:59:47 +0800] "GET /xingrg/all/function/internal_message.html?_=1637881121253&CODE_STATE=getMsg HTTP/1.1" 302 -
124.78.153.86 - - [26/Nov/2021:06:59:47 +0800] "GET /xingrg/all/function/internal_message.html?_=1637881181232&CODE_STATE=getMsg HTTP/1.1" 200 27
101.91.60.88 - - [26/Nov/2021:06:59:47 +0800] "GET /xingrg/login.html HTTP/1.1" 200 7641
222.70.171.86 - - [26/Nov/2021:06:59:48 +0800] "GET /xingrg/all/function/internal_message.html?_=1637881201547&CODE_STATE=getMsg HTTP/1.1" 302 -
114.85.125.222 - - [26/Nov/2021:06:59:49 +0800] "GET /xingrg/check_reg.html?_=1637881158161 HTTP/1.1" 200 22
120.253.135.82 - - [26/Nov/2021:06:59:51 +0800] "GET /xingrg/kc/pszx/mdps_order_list.html?orderType=0 HTTP/1.1" 200 21089
120.253.135.82 - - [26/Nov/2021:06:59:51 +0800] "POST /xingrg/kc/pszx/mdps_list_operate.html HTTP/1.1" 200 5277
114.85.125.222 - - [26/Nov/2021:06:59:59 +0800] "GET /xingrg/all/function/internal_message.html?_=1637881168264&CODE_STATE=getMsg HTTP/1.1" 200 27
116.238.248.233 - - [26/Nov/2021:07:00:02 +0800] "GET /xingrg/all/function/internal_message.html?_=1637881198292&CODE_STATE=getMsg HTTP/1.1" 200 27
120.253.135.82 - - [26/Nov/2021:07:00:18 +0800] "GET /xingrg/all/function/internal_message.html?_=1637880990628&CODE_STATE=getMsg HTTP/1.1" 200 27
222.70.176.97 - - [26/Nov/2021:07:00:31 +0800] "GET /xingrg/all/function/internal_message.html?_=1637881225457&CODE_STATE=getMsg HTTP/1.1" 200 27
120.253.135.82 - - [26/Nov/2021:07:00:32 +0800] "POST /xingrg/kc/pszx/mdps_list_operate.html HTTP/1.1" 200 4221
120.253.135.82 - - [26/Nov/2021:07:00:35 +0800] "POST /xingrg/kc/pszx/mdps_list_operate.html HTTP/1.1" 200 597
120.253.135.82 - - [26/Nov/2021:07:00:36 +0800] "GET /xingrg/kc/pszx/mdps_order_info.html?code=312021112600620 HTTP/1.1" 200 23925
120.253.135.82 - - [26/Nov/2021:07:00:37 +0800] "GET /xingrg/javascript/easyui/themes/default/validatebox.css HTTP/1.1" 404 1104
120.253.135.82 - - [26/Nov/2021:07:00:37 +0800] "POST /xingrg/kc/pszx/mdps_order_operate.html HTTP/1.1" 200 10874
222.70.171.86 - - [26/Nov/2021:07:00:55 +0800] "GET /xingrg/all/function/internal_message.html?_=1637881246539&CODE_STATE=getMsg HTTP/1.1" 200 27
124.78.153.86 - - [26/Nov/2021:07:00:56 +0800] "GET /xingrg/all/function/internal_message.html?_=1637881241206&CODE_STATE=getMsg HTTP/1.1" 200 27
222.70.171.86 - - [26/Nov/2021:07:00:57 +0800] "GET /xingrg/check_reg.html?_=1637881264677 HTTP/1.1" 200 22
222.70.171.86 - - [26/Nov/2021:07:00:57 +0800] "GET /xingrg/all/function/internal_message.html?_=1637881261576&CODE_STATE=getMsg HTTP/1.1" 302 -
114.85.125.222 - - [26/Nov/2021:07:00:59 +0800] "GET /xingrg/all/function/internal_message.html?_=1637881228277&CODE_STATE=getMsg HTTP/1.1" 200 27
120.253.135.82 - - [26/Nov/2021:07:00:59 +0800] "POST /xingrg/kc/pszx/mdps_list_operate.html HTTP/1.1" 200 587
120.253.135.82 - - [26/Nov/2021:07:01:00 +0800] "GET /xingrg/kc/pszx/mdps_order_info.html?code=312021112600621 HTTP/1.1" 200 23925
120.253.135.82 - - [26/Nov/2021:07:01:01 +0800] "GET /xingrg/javascript/easyui/themes/default/validatebox.css HTTP/1.1" 404 1104
120.253.135.82 - - [26/Nov/2021:07:01:01 +0800] "POST /xingrg/kc/pszx/mdps_order_operate.html HTTP/1.1" 200 4731
116.238.248.233 - - [26/Nov/2021:07:01:02 +0800] "GET /xingrg/all/function/internal_message.html?_=1637881258314&CODE_STATE=getMsg HTTP/1.1" 200 27
124.78.153.86 - - [26/Nov/2021:07:01:06 +0800] "GET /xingrg/check_reg.html?_=1637881260241 HTTP/1.1" 200 22
120.253.135.82 - - [26/Nov/2021:07:01:08 +0800] "POST /xingrg/kc/pszx/mdps_list_operate.html HTTP/1.1" 200 4221
120.253.135.82 - - [26/Nov/2021:07:01:10 +0800] "POST /xingrg/kc/pszx/mdps_list_operate.html HTTP/1.1" 200 655
120.253.135.82 - - [26/Nov/2021:07:01:14 +0800] "POST /xingrg/kc/pszx/mdps_list_operate.html HTTP/1.1" 200 597
120.253.135.82 - - [26/Nov/2021:07:01:14 +0800] "GET /xingrg/kc/pszx/mdps_order_info.html?code=312021112600620 HTTP/1.1" 200 23925
120.253.135.82 - - [26/Nov/2021:07:01:15 +0800] "GET /xingrg/javascript/easyui/themes/default/validatebox.css HTTP/1.1" 404 1104
120.253.135.82 - - [26/Nov/2021:07:01:15 +0800] "POST /xingrg/kc/pszx/mdps_order_operate.html HTTP/1.1" 200 10874
120.253.135.82 - - [26/Nov/2021:07:01:18 +0800] "GET /xingrg/all/function/internal_message.html?_=1637881050641&CODE_STATE=getMsg HTTP/1.1" 200 27
120.253.135.82 - - [26/Nov/2021:07:01:22 +0800] "POST /xingrg/kc/pszx/mdps_list_operate.html HTTP/1.1" 200 4221
120.253.135.82 - - [26/Nov/2021:07:01:25 +0800] "POST /xingrg/kc/pszx/mdps_list_operate.html HTTP/1.1" 200 655
120.253.135.82 - - [26/Nov/2021:07:01:27 +0800] "GET /xingrg/kc/pszx/mdps_order_info.html?code=312021112600622 HTTP/1.1" 200 23925
120.253.135.82 - - [26/Nov/2021:07:01:28 +0800] "POST /xingrg/kc/pszx/mdps_order_operate.html HTTP/1.1" 200 7982
120.253.135.82 - - [26/Nov/2021:07:01:28 +0800] "GET /xingrg/javascript/easyui/themes/default/validatebox.css HTTP/1.1" 404 1104
222.70.171.86 - - [26/Nov/2021:07:01:29 +0800] "GET /xingrg/all/function/internal_message.html?_=1637881306548&CODE_STATE=getMsg HTTP/1.1" 200 27
222.70.176.97 - - [26/Nov/2021:07:01:31 +0800] "GET /xingrg/all/function/internal_message.html?_=1637881285459&CODE_STATE=getMsg HTTP/1.1" 200 27
120.253.135.82 - - [26/Nov/2021:07:01:34 +0800] "POST /xingrg/kc/pszx/mdps_list_operate.html HTTP/1.1" 200 4221
120.253.135.82 - - [26/Nov/2021:07:01:36 +0800] "POST /xingrg/kc/pszx/mdps_list_operate.html HTTP/1.1" 200 530
120.253.135.82 - - [26/Nov/2021:07:01:37 +0800] "GET /xingrg/kc/pszx/mdps_order_info.html?code=312021112600623 HTTP/1.1" 200 23925
120.253.135.82 - - [26/Nov/2021:07:01:37 +0800] "POST /xingrg/kc/pszx/mdps_order_operate.html HTTP/1.1" 200 4309
120.253.135.82 - - [26/Nov/2021:07:01:37 +0800] "GET /xingrg/javascript/easyui/themes/default/validatebox.css HTTP/1.1" 404 1104
120.253.135.82 - - [26/Nov/2021:07:01:46 +0800] "POST /xingrg/kc/pszx/mdps_list_operate.html HTTP/1.1" 200 4221
124.78.153.86 - - [26/Nov/2021:07:01:47 +0800] "GET /xingrg/all/function/internal_message.html?_=1637881301178&CODE_STATE=getMsg HTTP/1.1" 200 27
120.253.135.82 - - [26/Nov/2021:07:01:47 +0800] "POST /xingrg/kc/pszx/mdps_list_operate.html HTTP/1.1" 200 435
120.253.135.82 - - [26/Nov/2021:07:01:48 +0800] "GET /xingrg/kc/pszx/mdps_order_info.html?code=312021112600624 HTTP/1.1" 200 23925
222.70.171.86 - - [26/Nov/2021:07:01:48 +0800] "GET /xingrg/all/function/internal_message.html?_=1637881321589&CODE_STATE=getMsg HTTP/1.1" 302 -
120.253.135.82 - - [26/Nov/2021:07:01:48 +0800] "POST /xingrg/kc/pszx/mdps_order_operate.html HTTP/1.1" 200 3766
120.253.135.82 - - [26/Nov/2021:07:01:48 +0800] "GET /xingrg/javascript/easyui/themes/default/validatebox.css HTTP/1.1" 404 1104
120.253.135.82 - - [26/Nov/2021:07:01:50 +0800] "POST /xingrg/kc/pszx/mdps_list_operate.html HTTP/1.1" 200 4221
120.253.135.82 - - [26/Nov/2021:07:01:52 +0800] "POST /xingrg/kc/pszx/mdps_list_operate.html HTTP/1.1" 200 292
120.253.135.82 - - [26/Nov/2021:07:01:52 +0800] "GET /xingrg/kc/pszx/mdps_order_info.html?code=312021112600625 HTTP/1.1" 200 23925
120.253.135.82 - - [26/Nov/2021:07:01:52 +0800] "POST /xingrg/kc/pszx/mdps_order_operate.html HTTP/1.1" 200 2789
120.253.135.82 - - [26/Nov/2021:07:01:52 +0800] "GET /xingrg/javascript/easyui/themes/default/validatebox.css HTTP/1.1" 404 1104
120.253.135.82 - - [26/Nov/2021:07:01:56 +0800] "POST /xingrg/kc/pszx/mdps_order_operate.html HTTP/1.1" 200 37
61.151.178.165 - - [26/Nov/2021:07:01:56 +0800] "GET /xingrg/all/function/internal_message.html?_=1637881241206&CODE_STATE=getMsg HTTP/1.1" 302 -
61.151.178.165 - - [26/Nov/2021:07:01:56 +0800] "GET /xingrg/login.html HTTP/1.1" 200 7641
120.253.135.82 - - [26/Nov/2021:07:01:56 +0800] "GET /xingrg/kc/pszx/mdps_order_info.html?code=312021112600625 HTTP/1.1" 200 23925
120.253.135.82 - - [26/Nov/2021:07:01:57 +0800] "POST /xingrg/kc/pszx/mdps_order_operate.html HTTP/1.1" 200 2789
120.253.135.82 - - [26/Nov/2021:07:01:57 +0800] "GET /xingrg/javascript/easyui/themes/default/validatebox.css HTTP/1.1" 404 1104
114.85.125.222 - - [26/Nov/2021:07:01:59 +0800] "GET /xingrg/all/function/internal_message.html?_=1637881288298&CODE_STATE=getMsg HTTP/1.1" 200 27
120.253.135.82 - - [26/Nov/2021:07:02:01 +0800] "POST /xingrg/kc/pszx/mdps_list_operate.html HTTP/1.1" 200 4221
116.238.248.233 - - [26/Nov/2021:07:02:02 +0800] "GET /xingrg/all/function/internal_message.html?_=1637881318313&CODE_STATE=getMsg HTTP/1.1" 200 27
120.253.135.82 - - [26/Nov/2021:07:02:03 +0800] "POST /xingrg/kc/pszx/mdps_list_operate.html HTTP/1.1" 200 292
120.253.135.82 - - [26/Nov/2021:07:02:05 +0800] "POST /xingrg/kc/pszx/mdps_list_operate.html HTTP/1.1" 200 208
101.89.19.197 - - [26/Nov/2021:07:02:06 +0800] "GET /xingrg/check_reg.html?_=1637881260241 HTTP/1.1" 302 -
101.89.19.197 - - [26/Nov/2021:07:02:06 +0800] "GET /xingrg/login.html HTTP/1.1" 200 7641
120.253.135.82 - - [26/Nov/2021:07:02:07 +0800] "GET /xingrg/kc/pszx/mdps_order_info.html?code=312021112600626 HTTP/1.1" 200 23925
120.253.135.82 - - [26/Nov/2021:07:02:07 +0800] "POST /xingrg/kc/pszx/mdps_order_operate.html HTTP/1.1" 200 2298
120.253.135.82 - - [26/Nov/2021:07:02:07 +0800] "GET /xingrg/javascript/easyui/themes/default/validatebox.css HTTP/1.1" 404 1104
120.253.135.82 - - [26/Nov/2021:07:02:09 +0800] "POST /xingrg/kc/pszx/mdps_list_operate.html HTTP/1.1" 200 4221
222.70.171.86 - - [26/Nov/2021:07:02:11 +0800] "GET /xingrg/check_reg.html?_=1637881344603 HTTP/1.1" 302 -
120.253.135.82 - - [26/Nov/2021:07:02:11 +0800] "POST /xingrg/kc/pszx/mdps_list_operate.html HTTP/1.1" 200 278
120.253.135.82 - - [26/Nov/2021:07:02:12 +0800] "GET /xingrg/kc/pszx/mdps_order_info.html?code=312021112600627 HTTP/1.1" 200 23925
120.253.135.82 - - [26/Nov/2021:07:02:12 +0800] "POST /xingrg/kc/pszx/mdps_order_operate.html HTTP/1.1" 200 2762
120.253.135.82 - - [26/Nov/2021:07:02:12 +0800] "GET /xingrg/javascript/easyui/themes/default/validatebox.css HTTP/1.1" 404 1104
120.253.135.82 - - [26/Nov/2021:07:02:14 +0800] "POST /xingrg/kc/pszx/mdps_list_operate.html HTTP/1.1" 200 4221
120.253.135.82 - - [26/Nov/2021:07:02:18 +0800] "GET /xingrg/all/function/internal_message.html?_=1637881110655&CODE_STATE=getMsg HTTP/1.1" 200 27
222.70.171.86 - - [26/Nov/2021:07:02:29 +0800] "GET /xingrg/all/function/internal_message.html?_=1637881366561&CODE_STATE=getMsg HTTP/1.1" 200 27
222.70.176.97 - - [26/Nov/2021:07:02:31 +0800] "GET /xingrg/all/function/internal_message.html?_=1637881345460&CODE_STATE=getMsg HTTP/1.1" 200 27
124.78.153.86 - - [26/Nov/2021:07:02:47 +0800] "GET /xingrg/all/function/internal_message.html?_=1637881361158&CODE_STATE=getMsg HTTP/1.1" 200 27
222.70.171.86 - - [26/Nov/2021:07:02:48 +0800] "GET /xingrg/all/function/internal_message.html?_=1637881381616&CODE_STATE=getMsg HTTP/1.1" 302 -
120.253.135.82 - - [26/Nov/2021:07:02:57 +0800] "GET /xingrg/kc/pszx/mdqp_order_list.html?state=10 HTTP/1.1" 200 13487
120.253.135.82 - - [26/Nov/2021:07:02:57 +0800] "GET /xingrg/dwr/interface/AjaxReportQueryService.js HTTP/1.1" 200 13203
120.253.135.82 - - [26/Nov/2021:07:02:57 +0800] "GET /xingrg/dwr/interface/AjaxQqpsService.js HTTP/1.1" 200 16326
120.253.135.82 - - [26/Nov/2021:07:02:57 +0800] "GET /xingrg/dwr/engine.js HTTP/1.1" 200 43631
120.253.135.82 - - [26/Nov/2021:07:02:59 +0800] "GET /xingrg/kc/pszx/mdqp_order_info.html?code=302021112500519 HTTP/1.1" 200 13350
120.253.135.82 - - [26/Nov/2021:07:02:59 +0800] "GET /xingrg/dwr/interface/AjaxQqpsService.js HTTP/1.1" 200 16326
120.253.135.82 - - [26/Nov/2021:07:02:59 +0800] "GET /xingrg/dwr/interface/AjaxComOrderService.js HTTP/1.1" 200 18264
120.253.135.82 - - [26/Nov/2021:07:02:59 +0800] "GET /xingrg/dwr/engine.js HTTP/1.1" 200 43631
114.85.125.222 - - [26/Nov/2021:07:02:59 +0800] "GET /xingrg/all/function/internal_message.html?_=1637881348305&CODE_STATE=getMsg HTTP/1.1" 200 27
120.253.135.82 - - [26/Nov/2021:07:03:00 +0800] "POST /xingrg/dwr/call/plaincall/AjaxQqpsService.loadMaterielItems.dwr HTTP/1.1" 200 932
116.238.248.233 - - [26/Nov/2021:07:03:02 +0800] "GET /xingrg/check_reg.html?_=1637881378313 HTTP/1.1" 200 22
116.238.248.233 - - [26/Nov/2021:07:03:02 +0800] "GET /xingrg/all/function/internal_message.html?_=1637881378315&CODE_STATE=getMsg HTTP/1.1" 200 27
120.253.135.82 - - [26/Nov/2021:07:03:10 +0800] "GET /xingrg/kc/pszx/mdqp_order_list.html?isBack=1 HTTP/1.1" 302 -
120.253.135.82 - - [26/Nov/2021:07:03:10 +0800] "GET /xingrg/kc/pszx/mdqp_order_list.html?state=10 HTTP/1.1" 200 13487
120.253.135.82 - - [26/Nov/2021:07:03:10 +0800] "GET /xingrg/dwr/interface/AjaxReportQueryService.js HTTP/1.1" 200 13203
120.253.135.82 - - [26/Nov/2021:07:03:10 +0800] "GET /xingrg/dwr/interface/AjaxQqpsService.js HTTP/1.1" 200 16326
120.253.135.82 - - [26/Nov/2021:07:03:10 +0800] "GET /xingrg/dwr/engine.js HTTP/1.1" 200 43631
120.253.135.82 - - [26/Nov/2021:07:03:15 +0800] "GET /xingrg/kc/pszx/mdqp_order_info.html?code=302021112500520 HTTP/1.1" 200 13350
120.253.135.82 - - [26/Nov/2021:07:03:15 +0800] "GET /xingrg/dwr/interface/AjaxQqpsService.js HTTP/1.1" 200 16326
120.253.135.82 - - [26/Nov/2021:07:03:15 +0800] "GET /xingrg/dwr/interface/AjaxComOrderService.js HTTP/1.1" 200 18264
120.253.135.82 - - [26/Nov/2021:07:03:15 +0800] "GET /xingrg/dwr/engine.js HTTP/1.1" 200 43631
120.253.135.82 - - [26/Nov/2021:07:03:15 +0800] "POST /xingrg/dwr/call/plaincall/AjaxQqpsService.loadMaterielItems.dwr HTTP/1.1" 200 399
120.253.135.82 - - [26/Nov/2021:07:03:17 +0800] "GET /xingrg/check_reg.html?_=1637881169407 HTTP/1.1" 200 22
120.253.135.82 - - [26/Nov/2021:07:03:18 +0800] "GET /xingrg/kc/pszx/mdqp_order_list.html?isBack=1 HTTP/1.1" 302 -
120.253.135.82 - - [26/Nov/2021:07:03:18 +0800] "GET /xingrg/kc/pszx/mdqp_order_list.html?state=10 HTTP/1.1" 200 13487
120.253.135.82 - - [26/Nov/2021:07:03:18 +0800] "GET /xingrg/dwr/interface/AjaxReportQueryService.js HTTP/1.1" 200 13203
120.253.135.82 - - [26/Nov/2021:07:03:18 +0800] "GET /xingrg/dwr/interface/AjaxQqpsService.js HTTP/1.1" 200 16326
120.253.135.82 - - [26/Nov/2021:07:03:18 +0800] "GET /xingrg/dwr/engine.js HTTP/1.1" 200 43631
120.253.135.82 - - [26/Nov/2021:07:03:19 +0800] "GET /xingrg/all/function/internal_message.html?_=1637881171362&CODE_STATE=getMsg HTTP/1.1" 200 27
120.253.135.82 - - [26/Nov/2021:07:03:20 +0800] "GET /xingrg/kc/pszx/mdqp_order_info.html?code=302021112500521 HTTP/1.1" 200 13350
120.253.135.82 - - [26/Nov/2021:07:03:20 +0800] "GET /xingrg/dwr/interface/AjaxComOrderService.js HTTP/1.1" 200 18264
120.253.135.82 - - [26/Nov/2021:07:03:20 +0800] "GET /xingrg/dwr/interface/AjaxQqpsService.js HTTP/1.1" 200 16326
120.253.135.82 - - [26/Nov/2021:07:03:20 +0800] "GET /xingrg/dwr/engine.js HTTP/1.1" 200 43631
120.253.135.82 - - [26/Nov/2021:07:03:21 +0800] "POST /xingrg/dwr/call/plaincall/AjaxQqpsService.loadMaterielItems.dwr HTTP/1.1" 200 3185
120.253.135.82 - - [26/Nov/2021:07:03:25 +0800] "GET /xingrg/images/yd/bt.gif HTTP/1.1" 404 1040
120.253.135.82 - - [26/Nov/2021:07:03:25 +0800] "GET /xingrg/images/yd/bt2.gif HTTP/1.1" 404 1042
222.70.171.86 - - [26/Nov/2021:07:03:30 +0800] "GET /xingrg/all/function/internal_message.html?_=1637881426822&CODE_STATE=getMsg HTTP/1.1" 200 27
120.253.135.82 - - [26/Nov/2021:07:03:31 +0800] "GET /xingrg/kc/pszx/mdqp_order_list.html?isBack=1 HTTP/1.1" 302 -
120.253.135.82 - - [26/Nov/2021:07:03:31 +0800] "GET /xingrg/kc/pszx/mdqp_order_list.html?state=10 HTTP/1.1" 200 13487
120.253.135.82 - - [26/Nov/2021:07:03:31 +0800] "GET /xingrg/dwr/interface/AjaxReportQueryService.js HTTP/1.1" 200 13203
120.253.135.82 - - [26/Nov/2021:07:03:31 +0800] "GET /xingrg/dwr/interface/AjaxQqpsService.js HTTP/1.1" 200 16326
120.253.135.82 - - [26/Nov/2021:07:03:31 +0800] "GET /xingrg/dwr/engine.js HTTP/1.1" 200 43631
222.70.176.97 - - [26/Nov/2021:07:03:31 +0800] "GET /xingrg/all/function/internal_message.html?_=1637881405462&CODE_STATE=getMsg HTTP/1.1" 200 27
120.253.135.82 - - [26/Nov/2021:07:03:34 +0800] "GET /xingrg/kc/pszx/mdqp_order_info.html?code=302021112500522 HTTP/1.1" 200 13350
120.253.135.82 - - [26/Nov/2021:07:03:34 +0800] "GET /xingrg/dwr/interface/AjaxQqpsService.js HTTP/1.1" 200 16326
120.253.135.82 - - [26/Nov/2021:07:03:34 +0800] "GET /xingrg/dwr/interface/AjaxComOrderService.js HTTP/1.1" 200 18264
120.253.135.82 - - [26/Nov/2021:07:03:34 +0800] "GET /xingrg/dwr/engine.js HTTP/1.1" 200 43631
120.253.135.82 - - [26/Nov/2021:07:03:35 +0800] "POST /xingrg/dwr/call/plaincall/AjaxQqpsService.loadMaterielItems.dwr HTTP/1.1" 200 1446
124.78.153.86 - - [26/Nov/2021:07:03:47 +0800] "GET /xingrg/all/function/internal_message.html?_=1637881421138&CODE_STATE=getMsg HTTP/1.1" 200 27
101.89.239.245 - - [26/Nov/2021:07:03:47 +0800] "GET /xingrg/all/function/internal_message.html?_=1637881361158&CODE_STATE=getMsg HTTP/1.1" 302 -
101.89.239.245 - - [26/Nov/2021:07:03:47 +0800] "GET /xingrg/login.html HTTP/1.1" 200 7641
222.70.171.86 - - [26/Nov/2021:07:03:48 +0800] "GET /xingrg/all/function/internal_message.html?_=1637881441617&CODE_STATE=getMsg HTTP/1.1" 302 -
120.253.135.82 - - [26/Nov/2021:07:03:54 +0800] "GET /xingrg/kc/pszx/mdqp_order_list.html?isBack=1 HTTP/1.1" 302 -
120.253.135.82 - - [26/Nov/2021:07:03:54 +0800] "GET /xingrg/kc/pszx/mdqp_order_list.html?state=10 HTTP/1.1" 200 13487
120.253.135.82 - - [26/Nov/2021:07:03:54 +0800] "GET /xingrg/dwr/interface/AjaxQqpsService.js HTTP/1.1" 200 16326
120.253.135.82 - - [26/Nov/2021:07:03:54 +0800] "GET /xingrg/dwr/interface/AjaxReportQueryService.js HTTP/1.1" 200 13203
120.253.135.82 - - [26/Nov/2021:07:03:54 +0800] "GET /xingrg/dwr/engine.js HTTP/1.1" 200 43631
120.253.135.82 - - [26/Nov/2021:07:03:57 +0800] "GET /xingrg/kc/pszx/mdqp_order_info.html?code=302021112500521 HTTP/1.1" 200 13350
120.253.135.82 - - [26/Nov/2021:07:03:57 +0800] "GET /xingrg/dwr/interface/AjaxQqpsService.js HTTP/1.1" 200 16326
120.253.135.82 - - [26/Nov/2021:07:03:57 +0800] "GET /xingrg/dwr/interface/AjaxComOrderService.js HTTP/1.1" 200 18264
120.253.135.82 - - [26/Nov/2021:07:03:57 +0800] "GET /xingrg/dwr/engine.js HTTP/1.1" 200 43631
120.253.135.82 - - [26/Nov/2021:07:03:58 +0800] "POST /xingrg/dwr/call/plaincall/AjaxQqpsService.loadMaterielItems.dwr HTTP/1.1" 200 3185
114.85.125.222 - - [26/Nov/2021:07:03:59 +0800] "GET /xingrg/all/function/internal_message.html?_=1637881408324&CODE_STATE=getMsg HTTP/1.1" 200 27
116.238.248.233 - - [26/Nov/2021:07:04:02 +0800] "GET /xingrg/all/function/internal_message.html?_=1637881438330&CODE_STATE=getMsg HTTP/1.1" 200 27
180.169.147.146 - - [26/Nov/2021:07:04:04 +0800] "GET /xingrg/check_reg.html?_=1637881433275 HTTP/1.1" 200 22
120.253.135.82 - - [26/Nov/2021:07:04:05 +0800] "GET /xingrg/kc/pszx/mdqp_order_list.html?isBack=1 HTTP/1.1" 302 -
120.253.135.82 - - [26/Nov/2021:07:04:05 +0800] "GET /xingrg/kc/pszx/mdqp_order_list.html?state=10 HTTP/1.1" 200 13487
120.253.135.82 - - [26/Nov/2021:07:04:05 +0800] "GET /xingrg/dwr/interface/AjaxQqpsService.js HTTP/1.1" 200 16326
120.253.135.82 - - [26/Nov/2021:07:04:05 +0800] "GET /xingrg/dwr/interface/AjaxReportQueryService.js HTTP/1.1" 200 13203
120.253.135.82 - - [26/Nov/2021:07:04:05 +0800] "GET /xingrg/dwr/engine.js HTTP/1.1" 200 43631
120.253.135.82 - - [26/Nov/2021:07:04:11 +0800] "GET /xingrg/kc/pszx/mdqp_order_info.html?code=302021112500522 HTTP/1.1" 200 13350
120.253.135.82 - - [26/Nov/2021:07:04:11 +0800] "GET /xingrg/dwr/interface/AjaxComOrderService.js HTTP/1.1" 200 18264
120.253.135.82 - - [26/Nov/2021:07:04:11 +0800] "GET /xingrg/dwr/interface/AjaxQqpsService.js HTTP/1.1" 200 16326
120.253.135.82 - - [26/Nov/2021:07:04:11 +0800] "GET /xingrg/dwr/engine.js HTTP/1.1" 200 43631
120.253.135.82 - - [26/Nov/2021:07:04:12 +0800] "POST /xingrg/dwr/call/plaincall/AjaxQqpsService.loadMaterielItems.dwr HTTP/1.1" 200 1446
120.253.135.82 - - [26/Nov/2021:07:04:14 +0800] "GET /xingrg/kc/pszx/mdqp_order_list.html?isBack=1 HTTP/1.1" 302 -
120.253.135.82 - - [26/Nov/2021:07:04:14 +0800] "GET /xingrg/kc/pszx/mdqp_order_list.html?state=10 HTTP/1.1" 200 13487
120.253.135.82 - - [26/Nov/2021:07:04:14 +0800] "GET /xingrg/dwr/interface/AjaxQqpsService.js HTTP/1.1" 200 16326
120.253.135.82 - - [26/Nov/2021:07:04:14 +0800] "GET /xingrg/dwr/engine.js HTTP/1.1" 200 43631
120.253.135.82 - - [26/Nov/2021:07:04:14 +0800] "GET /xingrg/dwr/interface/AjaxReportQueryService.js HTTP/1.1" 200 13203
120.253.135.82 - - [26/Nov/2021:07:04:18 +0800] "GET /xingrg/kc/pszx/mdqp_order_info.html?code=302021112500523 HTTP/1.1" 200 13350
120.253.135.82 - - [26/Nov/2021:07:04:18 +0800] "GET /xingrg/dwr/interface/AjaxComOrderService.js HTTP/1.1" 200 18264
120.253.135.82 - - [26/Nov/2021:07:04:18 +0800] "GET /xingrg/dwr/interface/AjaxQqpsService.js HTTP/1.1" 200 16326
120.253.135.82 - - [26/Nov/2021:07:04:18 +0800] "GET /xingrg/dwr/engine.js HTTP/1.1" 200 43631
120.253.135.82 - - [26/Nov/2021:07:04:19 +0800] "POST /xingrg/dwr/call/plaincall/AjaxQqpsService.loadMaterielItems.dwr HTTP/1.1" 200 947
120.253.135.82 - - [26/Nov/2021:07:04:19 +0800] "GET /xingrg/all/function/internal_message.html?_=1637881231368&CODE_STATE=getMsg HTTP/1.1" 200 27
120.253.135.82 - - [26/Nov/2021:07:04:23 +0800] "GET /xingrg/kc/pszx/mdqp_order_list.html?isBack=1 HTTP/1.1" 302 -
120.253.135.82 - - [26/Nov/2021:07:04:23 +0800] "GET /xingrg/kc/pszx/mdqp_order_list.html?state=10 HTTP/1.1" 200 13487
120.253.135.82 - - [26/Nov/2021:07:04:23 +0800] "GET /xingrg/dwr/interface/AjaxQqpsService.js HTTP/1.1" 200 16326
120.253.135.82 - - [26/Nov/2021:07:04:23 +0800] "GET /xingrg/dwr/interface/AjaxReportQueryService.js HTTP/1.1" 200 13203
120.253.135.82 - - [26/Nov/2021:07:04:23 +0800] "GET /xingrg/dwr/engine.js HTTP/1.1" 200 43631
120.253.135.82 - - [26/Nov/2021:07:04:27 +0800] "GET /xingrg/kc/pszx/mdqp_order_info.html?code=302021112500524 HTTP/1.1" 200 13350
120.253.135.82 - - [26/Nov/2021:07:04:27 +0800] "GET /xingrg/dwr/interface/AjaxQqpsService.js HTTP/1.1" 200 16326
120.253.135.82 - - [26/Nov/2021:07:04:27 +0800] "GET /xingrg/dwr/interface/AjaxComOrderService.js HTTP/1.1" 200 18264
120.253.135.82 - - [26/Nov/2021:07:04:27 +0800] "GET /xingrg/dwr/engine.js HTTP/1.1" 200 43631
120.253.135.82 - - [26/Nov/2021:07:04:28 +0800] "POST /xingrg/dwr/call/plaincall/AjaxQqpsService.loadMaterielItems.dwr HTTP/1.1" 200 1454
222.70.171.86 - - [26/Nov/2021:07:04:30 +0800] "GET /xingrg/all/function/internal_message.html?_=1637881486823&CODE_STATE=getMsg HTTP/1.1" 200 27
222.70.176.97 - - [26/Nov/2021:07:04:31 +0800] "GET /xingrg/check_reg.html?_=1637881465466 HTTP/1.1" 200 22
222.70.176.97 - - [26/Nov/2021:07:04:31 +0800] "GET /xingrg/all/function/internal_message.html?_=1637881465463&CODE_STATE=getMsg HTTP/1.1" 200 27
120.253.135.82 - - [26/Nov/2021:07:04:34 +0800] "GET /xingrg/kc/pszx/mdqp_order_list.html?isBack=1 HTTP/1.1" 302 -
120.253.135.82 - - [26/Nov/2021:07:04:34 +0800] "GET /xingrg/kc/pszx/mdqp_order_list.html?state=10 HTTP/1.1" 200 13487
120.253.135.82 - - [26/Nov/2021:07:04:34 +0800] "GET /xingrg/dwr/interface/AjaxReportQueryService.js HTTP/1.1" 200 13203
120.253.135.82 - - [26/Nov/2021:07:04:34 +0800] "GET /xingrg/dwr/interface/AjaxQqpsService.js HTTP/1.1" 200 16326
120.253.135.82 - - [26/Nov/2021:07:04:34 +0800] "GET /xingrg/dwr/engine.js HTTP/1.1" 200 43631
120.253.135.82 - - [26/Nov/2021:07:04:37 +0800] "GET /xingrg/kc/pszx/mdqp_order_info.html?code=302021112500526 HTTP/1.1" 200 13350
120.253.135.82 - - [26/Nov/2021:07:04:37 +0800] "GET /xingrg/dwr/interface/AjaxQqpsService.js HTTP/1.1" 200 16326
120.253.135.82 - - [26/Nov/2021:07:04:37 +0800] "GET /xingrg/dwr/interface/AjaxComOrderService.js HTTP/1.1" 200 18264
120.253.135.82 - - [26/Nov/2021:07:04:37 +0800] "GET /xingrg/dwr/engine.js HTTP/1.1" 200 43631
120.253.135.82 - - [26/Nov/2021:07:04:38 +0800] "POST /xingrg/dwr/call/plaincall/AjaxQqpsService.loadMaterielItems.dwr HTTP/1.1" 200 372
120.253.135.82 - - [26/Nov/2021:07:04:45 +0800] "GET /xingrg/kc/pszx/mdqp_order_list.html?isBack=1 HTTP/1.1" 302 -
120.253.135.82 - - [26/Nov/2021:07:04:45 +0800] "GET /xingrg/kc/pszx/mdqp_order_list.html?state=10 HTTP/1.1" 200 13487
120.253.135.82 - - [26/Nov/2021:07:04:45 +0800] "GET /xingrg/dwr/interface/AjaxQqpsService.js HTTP/1.1" 200 16326
120.253.135.82 - - [26/Nov/2021:07:04:45 +0800] "GET /xingrg/dwr/interface/AjaxReportQueryService.js HTTP/1.1" 200 13203
120.253.135.82 - - [26/Nov/2021:07:04:45 +0800] "GET /xingrg/dwr/engine.js HTTP/1.1" 200 43631
124.78.153.86 - - [26/Nov/2021:07:04:47 +0800] "GET /xingrg/all/function/internal_message.html?_=1637881481121&CODE_STATE=getMsg HTTP/1.1" 200 27
101.91.60.11 - - [26/Nov/2021:07:04:47 +0800] "GET /xingrg/all/function/internal_message.html?_=1637881421138&CODE_STATE=getMsg HTTP/1.1" 302 -
101.91.60.11 - - [26/Nov/2021:07:04:47 +0800] "GET /xingrg/login.html HTTP/1.1" 200 7641
222.70.171.86 - - [26/Nov/2021:07:04:48 +0800] "GET /xingrg/all/function/internal_message.html?_=1637881501646&CODE_STATE=getMsg HTTP/1.1" 302 -
114.85.125.222 - - [26/Nov/2021:07:04:49 +0800] "GET /xingrg/check_reg.html?_=1637881458163 HTTP/1.1" 200 22
114.85.125.222 - - [26/Nov/2021:07:04:59 +0800] "GET /xingrg/all/function/internal_message.html?_=1637881468332&CODE_STATE=getMsg HTTP/1.1" 200 27
120.253.135.82 - - [26/Nov/2021:07:05:01 +0800] "GET /xingrg/kc/pszx/jzcl_ps.html HTTP/1.1" 200 7683
120.253.135.82 - - [26/Nov/2021:07:05:01 +0800] "POST /xingrg/all/common/load_tree.html?tree=area_rest_tree_json HTTP/1.1" 200 3472
120.253.135.82 - - [26/Nov/2021:07:05:01 +0800] "POST /xingrg/kc/pszx/jzcl_ps_operate.html HTTP/1.1" 200 3362
120.253.135.82 - - [26/Nov/2021:07:05:01 +0800] "POST /xingrg/kc/pszx/jzcl_ps_operate.html HTTP/1.1" 200 3362
116.238.248.233 - - [26/Nov/2021:07:05:02 +0800] "GET /xingrg/all/function/internal_message.html?_=1637881498334&CODE_STATE=getMsg HTTP/1.1" 200 27
120.253.135.82 - - [26/Nov/2021:07:05:14 +0800] "POST /xingrg/kc/pszx/jzcl_ps_operate.html HTTP/1.1" 200 4
120.253.135.82 - - [26/Nov/2021:07:05:17 +0800] "GET /xingrg/kc/pszx/mdps_order_list.html HTTP/1.1" 200 21089
120.253.135.82 - - [26/Nov/2021:07:05:18 +0800] "POST /xingrg/kc/pszx/mdps_list_operate.html HTTP/1.1" 200 5337
120.253.135.82 - - [26/Nov/2021:07:05:19 +0800] "GET /xingrg/all/function/internal_message.html?_=1637881291382&CODE_STATE=getMsg HTTP/1.1" 200 27
120.253.135.82 - - [26/Nov/2021:07:05:25 +0800] "POST /xingrg/kc/pszx/mdps_list_operate.html HTTP/1.1" 200 4221
120.253.135.82 - - [26/Nov/2021:07:05:27 +0800] "POST /xingrg/kc/pszx/mdps_list_operate.html HTTP/1.1" 200 597
120.253.135.82 - - [26/Nov/2021:07:05:28 +0800] "GET /xingrg/kc/pszx/mdps_order_info.html?code=312021112600620 HTTP/1.1" 200 23925
120.253.135.82 - - [26/Nov/2021:07:05:28 +0800] "GET /xingrg/javascript/easyui/themes/default/validatebox.css HTTP/1.1" 404 1104
120.253.135.82 - - [26/Nov/2021:07:05:28 +0800] "POST /xingrg/kc/pszx/mdps_order_operate.html HTTP/1.1" 200 10874
222.70.171.86 - - [26/Nov/2021:07:05:30 +0800] "GET /xingrg/all/function/internal_message.html?_=1637881547102&CODE_STATE=getMsg HTTP/1.1" 200 27
222.70.176.97 - - [26/Nov/2021:07:05:31 +0800] "GET /xingrg/all/function/internal_message.html?_=1637881525466&CODE_STATE=getMsg HTTP/1.1" 200 27
124.78.153.86 - - [26/Nov/2021:07:05:47 +0800] "GET /xingrg/all/function/internal_message.html?_=1637881541092&CODE_STATE=getMsg HTTP/1.1" 200 27
101.89.19.197 - - [26/Nov/2021:07:05:47 +0800] "GET /xingrg/all/function/internal_message.html?_=1637881481121&CODE_STATE=getMsg HTTP/1.1" 302 -
101.89.19.197 - - [26/Nov/2021:07:05:47 +0800] "GET /xingrg/login.html HTTP/1.1" 200 7641
222.70.171.86 - - [26/Nov/2021:07:05:47 +0800] "GET /xingrg/check_reg.html?_=1637881564682 HTTP/1.1" 200 22
222.70.171.86 - - [26/Nov/2021:07:05:48 +0800] "GET /xingrg/all/function/internal_message.html?_=1637881561659&CODE_STATE=getMsg HTTP/1.1" 302 -
120.253.135.82 - - [26/Nov/2021:07:05:54 +0800] "POST /xingrg/kc/pszx/mdps_list_operate.html HTTP/1.1" 200 4294
120.253.135.82 - - [26/Nov/2021:07:05:56 +0800] "POST /xingrg/kc/pszx/mdps_list_operate.html HTTP/1.1" 200 370
120.253.135.82 - - [26/Nov/2021:07:05:56 +0800] "GET /xingrg/kc/pszx/mdps_order_info.html?code=312021112600628 HTTP/1.1" 200 23931
120.253.135.82 - - [26/Nov/2021:07:05:57 +0800] "POST /xingrg/kc/pszx/mdps_order_operate.html HTTP/1.1" 200 3267
120.253.135.82 - - [26/Nov/2021:07:05:57 +0800] "GET /xingrg/javascript/easyui/themes/default/validatebox.css HTTP/1.1" 404 1104
120.253.135.82 - - [26/Nov/2021:07:05:59 +0800] "POST /xingrg/all/common/load_combo.html?type=base HTTP/1.1" 200 1075
114.85.125.222 - - [26/Nov/2021:07:05:59 +0800] "GET /xingrg/all/function/internal_message.html?_=1637881528345&CODE_STATE=getMsg HTTP/1.1" 200 27
116.238.248.233 - - [26/Nov/2021:07:06:02 +0800] "GET /xingrg/all/function/internal_message.html?_=1637881558334&CODE_STATE=getMsg HTTP/1.1" 200 27
120.253.135.82 - - [26/Nov/2021:07:06:03 +0800] "POST /xingrg/kc/pszx/mdps_order_operate.html HTTP/1.1" 200 37
120.253.135.82 - - [26/Nov/2021:07:06:03 +0800] "GET /xingrg/kc/pszx/mdps_order_info.html?code=312021112600628 HTTP/1.1" 200 23931
120.253.135.82 - - [26/Nov/2021:07:06:04 +0800] "GET /xingrg/javascript/easyui/themes/default/validatebox.css HTTP/1.1" 404 1104
120.253.135.82 - - [26/Nov/2021:07:06:04 +0800] "POST /xingrg/kc/pszx/mdps_order_operate.html HTTP/1.1" 200 3294
124.78.153.86 - - [26/Nov/2021:07:06:06 +0800] "GET /xingrg/check_reg.html?_=1637881560216 HTTP/1.1" 200 22
120.253.135.82 - - [26/Nov/2021:07:06:19 +0800] "GET /xingrg/all/function/internal_message.html?_=1637881351395&CODE_STATE=getMsg HTTP/1.1" 200 27
222.70.171.86 - - [26/Nov/2021:07:06:30 +0800] "GET /xingrg/all/function/internal_message.html?_=1637881607115&CODE_STATE=getMsg HTTP/1.1" 200 27
120.253.135.82 - - [26/Nov/2021:07:06:30 +0800] "POST /xingrg/kc/pszx/mdps_list_operate.html HTTP/1.1" 200 4294
222.70.176.97 - - [26/Nov/2021:07:06:31 +0800] "GET /xingrg/all/function/internal_message.html?_=1637881585466&CODE_STATE=getMsg HTTP/1.1" 200 27
120.253.135.82 - - [26/Nov/2021:07:06:32 +0800] "POST /xingrg/kc/pszx/mdps_list_operate.html HTTP/1.1" 200 370
120.253.135.82 - - [26/Nov/2021:07:06:33 +0800] "GET /xingrg/kc/pszx/mdps_order_info.html?code=312021112600628 HTTP/1.1" 200 23931
120.253.135.82 - - [26/Nov/2021:07:06:33 +0800] "POST /xingrg/kc/pszx/mdps_order_operate.html HTTP/1.1" 200 3294
120.253.135.82 - - [26/Nov/2021:07:06:33 +0800] "GET /xingrg/javascript/easyui/themes/default/validatebox.css HTTP/1.1" 404 1104
120.253.135.82 - - [26/Nov/2021:07:06:35 +0800] "POST /xingrg/kc/pszx/mdps_list_operate.html HTTP/1.1" 200 4294
120.253.135.82 - - [26/Nov/2021:07:06:37 +0800] "POST /xingrg/kc/pszx/mdps_list_operate.html HTTP/1.1" 200 214
120.253.135.82 - - [26/Nov/2021:07:06:38 +0800] "GET /xingrg/kc/pszx/mdps_order_info.html?code=312021112600629 HTTP/1.1" 200 23931
120.253.135.82 - - [26/Nov/2021:07:06:38 +0800] "GET /xingrg/javascript/easyui/themes/default/validatebox.css HTTP/1.1" 404 1104
120.253.135.82 - - [26/Nov/2021:07:06:38 +0800] "POST /xingrg/kc/pszx/mdps_order_operate.html HTTP/1.1" 200 2302
120.253.135.82 - - [26/Nov/2021:07:06:40 +0800] "POST /xingrg/kc/pszx/mdps_order_operate.html HTTP/1.1" 200 37
120.253.135.82 - - [26/Nov/2021:07:06:41 +0800] "GET /xingrg/kc/pszx/mdps_order_info.html?code=312021112600629 HTTP/1.1" 200 23931
120.253.135.82 - - [26/Nov/2021:07:06:42 +0800] "GET /xingrg/javascript/easyui/themes/default/validatebox.css HTTP/1.1" 404 1104
120.253.135.82 - - [26/Nov/2021:07:06:42 +0800] "POST /xingrg/kc/pszx/mdps_order_operate.html HTTP/1.1" 200 2310
120.253.135.82 - - [26/Nov/2021:07:06:44 +0800] "POST /xingrg/kc/pszx/mdps_list_operate.html HTTP/1.1" 200 4294
61.151.178.163 - - [26/Nov/2021:07:06:46 +0800] "GET /xingrg/all/function/internal_message.html?_=1637881541092&CODE_STATE=getMsg HTTP/1.1" 302 -
120.253.135.82 - - [26/Nov/2021:07:06:46 +0800] "POST /xingrg/kc/pszx/mdps_list_operate.html HTTP/1.1" 200 637
124.78.153.86 - - [26/Nov/2021:07:06:47 +0800] "GET /xingrg/all/function/internal_message.html?_=1637881601069&CODE_STATE=getMsg HTTP/1.1" 200 27
120.253.135.82 - - [26/Nov/2021:07:06:47 +0800] "GET /xingrg/kc/pszx/mdps_order_info.html?code=312021112600630 HTTP/1.1" 200 23931
61.151.178.163 - - [26/Nov/2021:07:06:47 +0800] "GET /xingrg/login.html HTTP/1.1" 200 7641
120.253.135.82 - - [26/Nov/2021:07:06:47 +0800] "POST /xingrg/kc/pszx/mdps_order_operate.html HTTP/1.1" 200 6868
120.253.135.82 - - [26/Nov/2021:07:06:47 +0800] "GET /xingrg/javascript/easyui/themes/default/validatebox.css HTTP/1.1" 404 1104
222.70.171.86 - - [26/Nov/2021:07:06:48 +0800] "GET /xingrg/all/function/internal_message.html?_=1637881621688&CODE_STATE=getMsg HTTP/1.1" 302 -
120.253.135.82 - - [26/Nov/2021:07:06:51 +0800] "POST /xingrg/kc/pszx/mdps_order_operate.html HTTP/1.1" 200 37
120.253.135.82 - - [26/Nov/2021:07:06:51 +0800] "GET /xingrg/kc/pszx/mdps_order_info.html?code=312021112600630 HTTP/1.1" 200 23931
120.253.135.82 - - [26/Nov/2021:07:06:52 +0800] "POST /xingrg/kc/pszx/mdps_order_operate.html HTTP/1.1" 200 6948
120.253.135.82 - - [26/Nov/2021:07:06:52 +0800] "GET /xingrg/javascript/easyui/themes/default/validatebox.css HTTP/1.1" 404 1104
114.85.125.222 - - [26/Nov/2021:07:06:59 +0800] "GET /xingrg/all/function/internal_message.html?_=1637881588366&CODE_STATE=getMsg HTTP/1.1" 200 27
120.253.135.82 - - [26/Nov/2021:07:07:01 +0800] "POST /xingrg/kc/pszx/mdps_order_operate.html HTTP/1.1" 200 37
120.253.135.82 - - [26/Nov/2021:07:07:02 +0800] "GET /xingrg/kc/pszx/mdps_order_info.html?code=312021112600630 HTTP/1.1" 200 23931
116.238.248.233 - - [26/Nov/2021:07:07:02 +0800] "GET /xingrg/all/function/internal_message.html?_=1637881618333&CODE_STATE=getMsg HTTP/1.1" 200 27
120.253.135.82 - - [26/Nov/2021:07:07:02 +0800] "POST /xingrg/kc/pszx/mdps_order_operate.html HTTP/1.1" 200 6948
120.253.135.82 - - [26/Nov/2021:07:07:02 +0800] "GET /xingrg/javascript/easyui/themes/default/validatebox.css HTTP/1.1" 404 1104
120.253.135.82 - - [26/Nov/2021:07:07:05 +0800] "GET /xingrg/kc/pszx/ps_main.html HTTP/1.1" 200 13401
61.151.207.141 - - [26/Nov/2021:07:07:06 +0800] "GET /xingrg/check_reg.html?_=1637881560216 HTTP/1.1" 302 -
61.151.207.141 - - [26/Nov/2021:07:07:06 +0800] "GET /xingrg/login.html HTTP/1.1" 200 7641
120.253.135.82 - - [26/Nov/2021:07:07:06 +0800] "GET /xingrg/images/yd/bt.gif HTTP/1.1" 404 1040
222.70.171.86 - - [26/Nov/2021:07:07:11 +0800] "GET /xingrg/check_reg.html?_=1637881644605 HTTP/1.1" 302 -
120.253.135.82 - - [26/Nov/2021:07:07:17 +0800] "GET /xingrg/kc/buy/cgsh_order_list.html HTTP/1.1" 200 49140
120.253.135.82 - - [26/Nov/2021:07:07:18 +0800] "POST /xingrg/kc/buy/cgsh_list_operate.html HTTP/1.1" 200 876
120.253.135.82 - - [26/Nov/2021:07:07:19 +0800] "GET /xingrg/all/function/internal_message.html?_=1637881411409&CODE_STATE=getMsg HTTP/1.1" 200 27
120.253.135.82 - - [26/Nov/2021:07:07:20 +0800] "GET /xingrg/kc/buy/cgsh_order_add.html HTTP/1.1" 200 63939
120.253.135.82 - - [26/Nov/2021:07:07:20 +0800] "GET /xingrg/javascript/easyui/themes/icons/template_new.png HTTP/1.1" 200 3956
120.253.135.82 - - [26/Nov/2021:07:07:20 +0800] "POST /xingrg/kc/buy/cgsh_order_operate.html HTTP/1.1" 200 8245
120.253.135.82 - - [26/Nov/2021:07:07:20 +0800] "GET /xingrg/all/common/auto_word.html?type=employee&rest_code=00101 HTTP/1.1" 200 1173
120.253.135.82 - - [26/Nov/2021:07:07:20 +0800] "GET /xingrg/all/common/auto_word.html?type=employee&rest_code=00101 HTTP/1.1" 200 1173
120.253.135.82 - - [26/Nov/2021:07:07:20 +0800] "GET /xingrg/javascript/easyui/themes/default/validatebox.css HTTP/1.1" 404 1104
120.253.135.82 - - [26/Nov/2021:07:07:27 +0800] "GET /xingrg/kc/buy/cgsh_order_operate.html?command=get_materiel&rest_code=00101&code=00101019236&supplier_code=&order_time=2021-11-26 HTTP/1.1" 200 452
120.253.135.82 - - [26/Nov/2021:07:07:29 +0800] "POST /xingrg/all/common/load_select.html HTTP/1.1" 200 25
222.70.171.86 - - [26/Nov/2021:07:07:30 +0800] "GET /xingrg/all/function/internal_message.html?_=1637881667128&CODE_STATE=getMsg HTTP/1.1" 200 27
222.70.176.97 - - [26/Nov/2021:07:07:31 +0800] "GET /xingrg/all/function/internal_message.html?_=1637881645466&CODE_STATE=getMsg HTTP/1.1" 200 27
120.253.135.82 - - [26/Nov/2021:07:07:33 +0800] "GET /xingrg/kc/buy/cgsh_order_operate.html?command=get_materiel_price&rest_code=00101&code=00101019236&unit_code=00100157&supplier_code=&order_time=2021-11-26 HTTP/1.1" 200 29
120.253.135.82 - - [26/Nov/2021:07:07:40 +0800] "GET /xingrg/kc/pszx/mdps_order_list.html?orderType=0 HTTP/1.1" 200 21089
120.253.135.82 - - [26/Nov/2021:07:07:40 +0800] "POST /xingrg/kc/pszx/mdps_list_operate.html HTTP/1.1" 200 5337
120.253.135.82 - - [26/Nov/2021:07:07:41 +0800] "POST /xingrg/kc/buy/cgsh_list_operate.html HTTP/1.1" 200 876
101.89.239.120 - - [26/Nov/2021:07:07:46 +0800] "GET /xingrg/all/function/internal_message.html?_=1637881601069&CODE_STATE=getMsg HTTP/1.1" 302 -
101.89.239.120 - - [26/Nov/2021:07:07:46 +0800] "GET /xingrg/login.html HTTP/1.1" 200 7641
124.78.153.86 - - [26/Nov/2021:07:07:47 +0800] "GET /xingrg/all/function/internal_message.html?_=1637881661039&CODE_STATE=getMsg HTTP/1.1" 200 27
222.70.171.86 - - [26/Nov/2021:07:07:48 +0800] "GET /xingrg/all/function/internal_message.html?_=1637881681703&CODE_STATE=getMsg HTTP/1.1" 302 -
120.253.135.82 - - [26/Nov/2021:07:07:57 +0800] "POST /xingrg/kc/pszx/mdps_list_operate.html HTTP/1.1" 200 4294
114.85.125.222 - - [26/Nov/2021:07:07:59 +0800] "GET /xingrg/all/function/internal_message.html?_=1637881648373&CODE_STATE=getMsg HTTP/1.1" 200 27
116.238.248.233 - - [26/Nov/2021:07:08:02 +0800] "GET /xingrg/all/function/internal_message.html?_=1637881678333&CODE_STATE=getMsg HTTP/1.1" 200 27
116.238.248.233 - - [26/Nov/2021:07:08:02 +0800] "GET /xingrg/check_reg.html?_=1637881678357 HTTP/1.1" 200 22
120.253.135.82 - - [26/Nov/2021:07:08:03 +0800] "POST /xingrg/kc/pszx/mdps_list_operate.html HTTP/1.1" 200 637
120.253.135.82 - - [26/Nov/2021:07:08:03 +0800] "GET /xingrg/kc/pszx/mdps_order_info.html?code=312021112600630 HTTP/1.1" 200 23931
120.253.135.82 - - [26/Nov/2021:07:08:04 +0800] "GET /xingrg/javascript/easyui/themes/default/validatebox.css HTTP/1.1" 404 1104
120.253.135.82 - - [26/Nov/2021:07:08:04 +0800] "POST /xingrg/kc/pszx/mdps_order_operate.html HTTP/1.1" 200 6948
120.253.135.82 - - [26/Nov/2021:07:08:17 +0800] "GET /xingrg/check_reg.html?_=1637881469417 HTTP/1.1" 200 22
120.253.135.82 - - [26/Nov/2021:07:08:19 +0800] "GET /xingrg/all/function/internal_message.html?_=1637881471423&CODE_STATE=getMsg HTTP/1.1" 200 27
120.253.135.82 - - [26/Nov/2021:07:08:30 +0800] "POST /xingrg/kc/pszx/mdps_order_operate.html HTTP/1.1" 200 37
222.70.171.86 - - [26/Nov/2021:07:08:30 +0800] "GET /xingrg/all/function/internal_message.html?_=1637881727407&CODE_STATE=getMsg HTTP/1.1" 200 27
120.253.135.82 - - [26/Nov/2021:07:08:31 +0800] "GET /xingrg/kc/pszx/mdps_order_info.html?code=312021112600630 HTTP/1.1" 200 23931
222.70.176.97 - - [26/Nov/2021:07:08:31 +0800] "GET /xingrg/all/function/internal_message.html?_=1637881705493&CODE_STATE=getMsg HTTP/1.1" 200 27
120.253.135.82 - - [26/Nov/2021:07:08:31 +0800] "POST /xingrg/kc/pszx/mdps_order_operate.html HTTP/1.1" 200 6948
120.253.135.82 - - [26/Nov/2021:07:08:31 +0800] "GET /xingrg/javascript/easyui/themes/default/validatebox.css HTTP/1.1" 404 1104
120.253.135.82 - - [26/Nov/2021:07:08:36 +0800] "GET /xingrg/kc/pszx/mdps_order_info.html?code=312021112600630 HTTP/1.1" 200 23931
120.253.135.82 - - [26/Nov/2021:07:08:37 +0800] "GET /xingrg/javascript/easyui/themes/default/validatebox.css HTTP/1.1" 404 1104
120.253.135.82 - - [26/Nov/2021:07:08:37 +0800] "POST /xingrg/kc/pszx/mdps_order_operate.html HTTP/1.1" 200 6948
222.70.171.86 - - [26/Nov/2021:07:08:37 +0800] "GET /xingrg/css/base.css HTTP/1.1" 304 -
222.70.171.86 - - [26/Nov/2021:07:08:37 +0800] "GET /xingrg/javascript/easyui/themes/default/easyui.css HTTP/1.1" 304 -
222.70.171.86 - - [26/Nov/2021:07:08:37 +0800] "GET /xingrg/javascript/easyui/themes/icon.css HTTP/1.1" 304 -
222.70.171.86 - - [26/Nov/2021:07:08:37 +0800] "GET /xingrg/javascript/jquery_tools/fix.css HTTP/1.1" 304 -
222.70.171.86 - - [26/Nov/2021:07:08:37 +0800] "GET /xingrg/javascript/jquery_tools/table.css HTTP/1.1" 304 -
222.70.171.86 - - [26/Nov/2021:07:08:37 +0800] "GET /xingrg/javascript/jquery_tools/jquery.tools.min.js HTTP/1.1" 304 -
222.70.171.86 - - [26/Nov/2021:07:08:37 +0800] "GET /xingrg/javascript/jquery_tools/jquery.tools.hotkey.js HTTP/1.1" 304 -
222.70.171.86 - - [26/Nov/2021:07:08:37 +0800] "GET /xingrg/javascript/jquery_tools/jquery.tools.extend.js HTTP/1.1" 304 -
222.70.171.86 - - [26/Nov/2021:07:08:37 +0800] "GET /xingrg/javascript/jquery_tools/jquery.tools.table.js HTTP/1.1" 304 -
222.70.171.86 - - [26/Nov/2021:07:08:37 +0800] "GET /xingrg/javascript/jquery_tools/list_manager.js HTTP/1.1" 304 -
222.70.171.86 - - [26/Nov/2021:07:08:37 +0800] "GET /xingrg/javascript/easyui/easyloader.js HTTP/1.1" 304 -
222.70.171.86 - - [26/Nov/2021:07:08:37 +0800] "GET /xingrg/javascript/jquery_tools/datebox.css HTTP/1.1" 304 -
222.70.171.86 - - [26/Nov/2021:07:08:37 +0800] "GET /xingrg/css/site.css HTTP/1.1" 304 -
222.70.171.86 - - [26/Nov/2021:07:08:37 +0800] "GET /xingrg/javascript/jquery.cookie.js HTTP/1.1" 304 -
222.70.171.86 - - [26/Nov/2021:07:08:37 +0800] "GET /xingrg/kc/buy/cgsh_order_list.html HTTP/1.1" 200 49146
222.70.171.86 - - [26/Nov/2021:07:08:37 +0800] "GET /xingrg/javascript/easyui/themes/icons/edit_add_new.png HTTP/1.1" 304 -
222.70.171.86 - - [26/Nov/2021:07:08:37 +0800] "GET /xingrg/javascript/easyui/themes/icons/cance_new.png HTTP/1.1" 304 -
222.70.171.86 - - [26/Nov/2021:07:08:37 +0800] "GET /xingrg/javascript/easyui/themes/icons/check_new.png HTTP/1.1" 304 -
222.70.171.86 - - [26/Nov/2021:07:08:37 +0800] "GET /xingrg/javascript/easyui/themes/icons/field_new.png HTTP/1.1" 304 -
222.70.171.86 - - [26/Nov/2021:07:08:37 +0800] "GET /xingrg/javascript/easyui/themes/icons/import_new.png HTTP/1.1" 304 -
222.70.171.86 - - [26/Nov/2021:07:08:37 +0800] "GET /xingrg/javascript/easyui/plugins/jquery.parser.js HTTP/1.1" 304 -
222.70.171.86 - - [26/Nov/2021:07:08:37 +0800] "GET /xingrg/images/control/ajaxLoader.gif HTTP/1.1" 304 -
222.70.171.86 - - [26/Nov/2021:07:08:39 +0800] "POST /xingrg/kc/buy/cgsh_list_operate.html HTTP/1.1" 200 5303
124.78.153.86 - - [26/Nov/2021:07:08:47 +0800] "GET /xingrg/all/function/internal_message.html?_=1637881721007&CODE_STATE=getMsg HTTP/1.1" 200 27
222.70.171.86 - - [26/Nov/2021:07:08:48 +0800] "GET /xingrg/all/function/internal_message.html?_=1637881741731&CODE_STATE=getMsg HTTP/1.1" 302 -
120.253.135.82 - - [26/Nov/2021:07:08:49 +0800] "POST /xingrg/kc/pszx/mdps_list_operate.html HTTP/1.1" 200 4294
222.70.171.86 - - [26/Nov/2021:07:08:51 +0800] "POST /xingrg/kc/buy/cgsh_list_operate.html HTTP/1.1" 200 575
120.253.135.82 - - [26/Nov/2021:07:08:51 +0800] "POST /xingrg/kc/pszx/mdps_list_operate.html HTTP/1.1" 200 531
120.253.135.82 - - [26/Nov/2021:07:08:52 +0800] "GET /xingrg/kc/pszx/mdps_order_info.html?code=312021112600631 HTTP/1.1" 200 23931
120.253.135.82 - - [26/Nov/2021:07:08:52 +0800] "GET /xingrg/javascript/easyui/themes/default/validatebox.css HTTP/1.1" 404 1104
120.253.135.82 - - [26/Nov/2021:07:08:52 +0800] "POST /xingrg/kc/pszx/mdps_order_operate.html HTTP/1.1" 200 4232
222.70.171.86 - - [26/Nov/2021:07:08:55 +0800] "POST /xingrg/kc/buy/cgsh_list_operate.html HTTP/1.1" 200 494
120.253.135.82 - - [26/Nov/2021:07:08:56 +0800] "POST /xingrg/kc/pszx/mdps_order_operate.html HTTP/1.1" 200 37
120.253.135.82 - - [26/Nov/2021:07:08:57 +0800] "GET /xingrg/kc/pszx/mdps_order_info.html?code=312021112600631 HTTP/1.1" 200 23931
120.253.135.82 - - [26/Nov/2021:07:08:58 +0800] "GET /xingrg/javascript/easyui/themes/default/validatebox.css HTTP/1.1" 404 1104
120.253.135.82 - - [26/Nov/2021:07:08:58 +0800] "POST /xingrg/kc/pszx/mdps_order_operate.html HTTP/1.1" 200 4267
222.70.171.86 - - [26/Nov/2021:07:08:58 +0800] "POST /xingrg/kc/buy/cgsh_list_operate.html HTTP/1.1" 200 575
114.85.125.222 - - [26/Nov/2021:07:08:59 +0800] "GET /xingrg/all/function/internal_message.html?_=1637881708392&CODE_STATE=getMsg HTTP/1.1" 200 27
116.238.248.233 - - [26/Nov/2021:07:09:02 +0800] "GET /xingrg/all/function/internal_message.html?_=1637881738357&CODE_STATE=getMsg HTTP/1.1" 200 27
222.70.171.86 - - [26/Nov/2021:07:09:02 +0800] "POST /xingrg/kc/buy/cgsh_list_operate.html HTTP/1.1" 200 198
180.169.147.146 - - [26/Nov/2021:07:09:04 +0800] "GET /xingrg/check_reg.html?_=1637881733250 HTTP/1.1" 200 22
222.70.171.86 - - [26/Nov/2021:07:09:08 +0800] "GET /xingrg/javascript/easyui/themes/default/images/button_plain_hover.png HTTP/1.1" 304 -
120.253.135.82 - - [26/Nov/2021:07:09:19 +0800] "GET /xingrg/all/function/internal_message.html?_=1637881531436&CODE_STATE=getMsg HTTP/1.1" 200 27
222.70.171.86 - - [26/Nov/2021:07:09:30 +0800] "GET /xingrg/all/function/internal_message.html?_=1637881787665&CODE_STATE=getMsg HTTP/1.1" 200 27
222.70.176.97 - - [26/Nov/2021:07:09:31 +0800] "GET /xingrg/all/function/internal_message.html?_=1637881765498&CODE_STATE=getMsg HTTP/1.1" 200 27
222.70.176.97 - - [26/Nov/2021:07:09:31 +0800] "GET /xingrg/check_reg.html?_=1637881765496 HTTP/1.1" 200 22
222.70.171.86 - - [26/Nov/2021:07:09:33 +0800] "POST /xingrg/kc/buy/cgsh_list_operate.html HTTP/1.1" 200 4
222.70.171.86 - - [26/Nov/2021:07:09:38 +0800] "POST /xingrg/kc/buy/cgsh_list_operate.html HTTP/1.1" 200 5203
222.70.171.86 - - [26/Nov/2021:07:09:43 +0800] "POST /xingrg/kc/buy/cgsh_list_operate.html HTTP/1.1" 200 567
101.89.19.197 - - [26/Nov/2021:07:09:46 +0800] "GET /xingrg/all/function/internal_message.html?_=1637881721007&CODE_STATE=getMsg HTTP/1.1" 302 -
222.70.171.86 - - [26/Nov/2021:07:09:46 +0800] "POST /xingrg/kc/buy/cgsh_list_operate.html HTTP/1.1" 200 564
124.78.153.86 - - [26/Nov/2021:07:09:47 +0800] "GET /xingrg/all/function/internal_message.html?_=1637881780979&CODE_STATE=getMsg HTTP/1.1" 200 27
101.89.19.197 - - [26/Nov/2021:07:09:47 +0800] "GET /xingrg/login.html HTTP/1.1" 200 7641
222.70.171.86 - - [26/Nov/2021:07:09:48 +0800] "GET /xingrg/all/function/internal_message.html?_=1637881801746&CODE_STATE=getMsg HTTP/1.1" 302 -
114.85.125.222 - - [26/Nov/2021:07:09:49 +0800] "GET /xingrg/check_reg.html?_=1637881758171 HTTP/1.1" 200 22
222.70.171.86 - - [26/Nov/2021:07:09:49 +0800] "POST /xingrg/kc/buy/cgsh_list_operate.html HTTP/1.1" 200 203
222.70.171.86 - - [26/Nov/2021:07:09:53 +0800] "POST /xingrg/kc/buy/cgsh_list_operate.html HTTP/1.1" 200 490
114.85.125.222 - - [26/Nov/2021:07:09:59 +0800] "GET /xingrg/all/function/internal_message.html?_=1637881768399&CODE_STATE=getMsg HTTP/1.1" 200 27
116.238.248.233 - - [26/Nov/2021:07:10:02 +0800] "GET /xingrg/all/function/internal_message.html?_=1637881798357&CODE_STATE=getMsg HTTP/1.1" 200 27
120.253.135.82 - - [26/Nov/2021:07:10:19 +0800] "GET /xingrg/all/function/internal_message.html?_=1637881591450&CODE_STATE=getMsg HTTP/1.1" 200 27
222.70.171.86 - - [26/Nov/2021:07:10:21 +0800] "POST /xingrg/kc/buy/cgsh_list_operate.html HTTP/1.1" 200 4
222.70.171.86 - - [26/Nov/2021:07:10:24 +0800] "POST /xingrg/kc/buy/cgsh_list_operate.html HTTP/1.1" 200 5166
222.70.171.86 - - [26/Nov/2021:07:10:28 +0800] "POST /xingrg/kc/buy/cgsh_list_operate.html HTTP/1.1" 200 421
222.70.171.86 - - [26/Nov/2021:07:10:30 +0800] "GET /xingrg/all/function/internal_message.html?_=1637881847668&CODE_STATE=getMsg HTTP/1.1" 200 27
222.70.176.97 - - [26/Nov/2021:07:10:31 +0800] "GET /xingrg/all/function/internal_message.html?_=1637881825496&CODE_STATE=getMsg HTTP/1.1" 200 27
124.78.153.86 - - [26/Nov/2021:07:10:47 +0800] "GET /xingrg/all/function/internal_message.html?_=1637881840957&CODE_STATE=getMsg HTTP/1.1" 200 27
61.151.178.180 - - [26/Nov/2021:07:10:47 +0800] "GET /xingrg/all/function/internal_message.html?_=1637881780979&CODE_STATE=getMsg HTTP/1.1" 302 -
61.151.178.180 - - [26/Nov/2021:07:10:47 +0800] "GET /xingrg/login.html HTTP/1.1" 200 7641
222.70.171.86 - - [26/Nov/2021:07:10:47 +0800] "GET /xingrg/check_reg.html?_=1637881864688 HTTP/1.1" 200 22
