120.253.135.82 - - [25/Nov/2021:06:50:53 +0800] "POST /xingrg/kc/pszx/mdps_order_operate.html HTTP/1.1" 200 2271
120.253.135.82 - - [25/Nov/2021:06:50:58 +0800] "POST /xingrg/all/common/load_combo.html?type=base HTTP/1.1" 200 1075
58.37.231.44 - - [25/Nov/2021:06:50:58 +0800] "GET /xingrg/check_reg.html?_=1637794083099 HTTP/1.1" 200 22
58.37.231.44 - - [25/Nov/2021:06:50:58 +0800] "GET /xingrg/all/function/internal_message.html?_=1637794083101&CODE_STATE=getMsg HTTP/1.1" 200 27
120.253.135.82 - - [25/Nov/2021:06:51:04 +0800] "POST /xingrg/kc/pszx/mdps_order_operate.html HTTP/1.1" 200 37
120.253.135.82 - - [25/Nov/2021:06:51:05 +0800] "GET /xingrg/kc/pszx/mdps_order_info.html?code=312021112500602 HTTP/1.1" 200 23931
61.151.178.165 - - [25/Nov/2021:06:51:05 +0800] "GET /xingrg/check_reg.html?_=1637794201516 HTTP/1.1" 302 -
120.253.135.82 - - [25/Nov/2021:06:51:06 +0800] "POST /xingrg/kc/pszx/mdps_order_operate.html HTTP/1.1" 200 2279
120.253.135.82 - - [25/Nov/2021:06:51:06 +0800] "GET /xingrg/javascript/easyui/themes/default/validatebox.css HTTP/1.1" 404 1104
61.151.178.165 - - [25/Nov/2021:06:51:06 +0800] "GET /xingrg/login.html HTTP/1.1" 200 7641
120.253.135.82 - - [25/Nov/2021:06:51:08 +0800] "POST /xingrg/kc/pszx/mdps_list_operate.html HTTP/1.1" 200 2439
222.70.176.97 - - [25/Nov/2021:06:51:08 +0800] "GET /xingrg/all/function/internal_message.html?_=1637794264054&CODE_STATE=getMsg HTTP/1.1" 200 27
120.253.135.82 - - [25/Nov/2021:06:51:10 +0800] "POST /xingrg/kc/pszx/mdps_list_operate.html HTTP/1.1" 200 624
120.253.135.82 - - [25/Nov/2021:06:51:10 +0800] "GET /xingrg/kc/pszx/mdps_order_info.html?code=312021112500603 HTTP/1.1" 200 23931
120.253.135.82 - - [25/Nov/2021:06:51:11 +0800] "GET /xingrg/javascript/easyui/themes/default/validatebox.css HTTP/1.1" 404 1104
120.253.135.82 - - [25/Nov/2021:06:51:11 +0800] "POST /xingrg/kc/pszx/mdps_order_operate.html HTTP/1.1" 200 15392
120.253.135.82 - - [25/Nov/2021:06:51:14 +0800] "POST /xingrg/kc/pszx/mdps_order_operate.html HTTP/1.1" 200 37
120.253.135.82 - - [25/Nov/2021:06:51:16 +0800] "GET /xingrg/kc/pszx/mdps_order_info.html?code=312021112500603 HTTP/1.1" 200 23931
120.253.135.82 - - [25/Nov/2021:06:51:16 +0800] "GET /xingrg/javascript/easyui/themes/default/validatebox.css HTTP/1.1" 404 1104
120.253.135.82 - - [25/Nov/2021:06:51:16 +0800] "POST /xingrg/kc/pszx/mdps_order_operate.html HTTP/1.1" 200 15601
116.238.248.233 - - [25/Nov/2021:06:51:18 +0800] "GET /xingrg/all/function/internal_message.html?_=1637794274408&CODE_STATE=getMsg HTTP/1.1" 200 27
222.70.176.97 - - [25/Nov/2021:06:51:21 +0800] "GET /xingrg/check_reg.html?_=1637794276772 HTTP/1.1" 200 22
222.70.171.86 - - [25/Nov/2021:06:51:26 +0800] "GET /xingrg/all/function/internal_message.html?_=1637794296620&CODE_STATE=getMsg HTTP/1.1" 302 -
120.253.135.82 - - [25/Nov/2021:06:51:30 +0800] "GET /xingrg/kc/pszx/mdps_order_operate.html?command=get_materiel&pszx_code=00101&rest_code=00150&base_code=0010246&code=00101019161 HTTP/1.1" 200 434
61.151.207.141 - - [25/Nov/2021:06:51:37 +0800] "GET /xingrg/all/function/internal_message.html?_=1637794233465&CODE_STATE=getMsg HTTP/1.1" 302 -
61.151.207.141 - - [25/Nov/2021:06:51:38 +0800] "GET /xingrg/login.html HTTP/1.1" 200 7641
124.78.153.86 - - [25/Nov/2021:06:51:38 +0800] "GET /xingrg/all/function/internal_message.html?_=1637794293436&CODE_STATE=getMsg HTTP/1.1" 200 27
120.253.135.82 - - [25/Nov/2021:06:51:40 +0800] "GET /xingrg/all/function/internal_message.html?_=1637794072664&CODE_STATE=getMsg HTTP/1.1" 200 27
222.70.171.86 - - [25/Nov/2021:06:51:47 +0800] "GET /xingrg/all/function/internal_message.html?_=1637794320421&CODE_STATE=getMsg HTTP/1.1" 200 27
180.174.250.202 - - [25/Nov/2021:06:51:51 +0800] "GET /xingrg/all/function/internal_message.html?_=1637794312450&CODE_STATE=getMsg HTTP/1.1" 200 27
120.253.135.82 - - [25/Nov/2021:06:51:57 +0800] "POST /xingrg/kc/pszx/mdps_order_operate.html HTTP/1.1" 200 37
58.37.231.44 - - [25/Nov/2021:06:51:58 +0800] "GET /xingrg/all/function/internal_message.html?_=1637794143099&CODE_STATE=getMsg HTTP/1.1" 200 27
120.253.135.82 - - [25/Nov/2021:06:51:58 +0800] "GET /xingrg/kc/pszx/mdps_order_info.html?code=312021112500603 HTTP/1.1" 200 23931
120.253.135.82 - - [25/Nov/2021:06:51:59 +0800] "POST /xingrg/kc/pszx/mdps_order_operate.html HTTP/1.1" 200 15605
120.253.135.82 - - [25/Nov/2021:06:51:59 +0800] "GET /xingrg/javascript/easyui/themes/default/validatebox.css HTTP/1.1" 404 1104
222.70.176.97 - - [25/Nov/2021:06:52:08 +0800] "GET /xingrg/all/function/internal_message.html?_=1637794324028&CODE_STATE=getMsg HTTP/1.1" 200 27
222.70.171.86 - - [25/Nov/2021:06:52:11 +0800] "GET /xingrg/check_reg.html?_=1637794341931 HTTP/1.1" 302 -
116.238.248.233 - - [25/Nov/2021:06:52:18 +0800] "GET /xingrg/all/function/internal_message.html?_=1637794334420&CODE_STATE=getMsg HTTP/1.1" 200 27
222.70.171.86 - - [25/Nov/2021:06:52:26 +0800] "GET /xingrg/all/function/internal_message.html?_=1637794356641&CODE_STATE=getMsg HTTP/1.1" 302 -
101.91.60.11 - - [25/Nov/2021:06:52:38 +0800] "GET /xingrg/all/function/internal_message.html?_=1637794293436&CODE_STATE=getMsg HTTP/1.1" 302 -
124.78.153.86 - - [25/Nov/2021:06:52:38 +0800] "GET /xingrg/all/function/internal_message.html?_=1637794353436&CODE_STATE=getMsg HTTP/1.1" 200 27
101.91.60.11 - - [25/Nov/2021:06:52:38 +0800] "GET /xingrg/login.html HTTP/1.1" 200 7641
120.253.135.82 - - [25/Nov/2021:06:52:40 +0800] "GET /xingrg/all/function/internal_message.html?_=1637794132677&CODE_STATE=getMsg HTTP/1.1" 200 27
222.70.171.86 - - [25/Nov/2021:06:52:47 +0800] "GET /xingrg/all/function/internal_message.html?_=1637794380808&CODE_STATE=getMsg HTTP/1.1" 200 27
180.174.250.202 - - [25/Nov/2021:06:52:51 +0800] "GET /xingrg/check_reg.html?_=1637794372448 HTTP/1.1" 200 22
180.174.250.202 - - [25/Nov/2021:06:52:51 +0800] "GET /xingrg/all/function/internal_message.html?_=1637794372452&CODE_STATE=getMsg HTTP/1.1" 200 27
58.37.231.44 - - [25/Nov/2021:06:52:58 +0800] "GET /xingrg/all/function/internal_message.html?_=1637794203097&CODE_STATE=getMsg HTTP/1.1" 200 27
222.70.171.86 - - [25/Nov/2021:06:53:02 +0800] "GET /xingrg/check_reg.html?_=1637794395949 HTTP/1.1" 200 22
222.70.176.97 - - [25/Nov/2021:06:53:08 +0800] "GET /xingrg/all/function/internal_message.html?_=1637794383997&CODE_STATE=getMsg HTTP/1.1" 200 27
120.253.135.82 - - [25/Nov/2021:06:53:11 +0800] "POST /xingrg/kc/pszx/mdps_order_operate.html HTTP/1.1" 200 37
120.253.135.82 - - [25/Nov/2021:06:53:12 +0800] "GET /xingrg/kc/pszx/mdps_order_info.html?code=312021112500603 HTTP/1.1" 200 23931
120.253.135.82 - - [25/Nov/2021:06:53:13 +0800] "GET /xingrg/javascript/easyui/themes/default/validatebox.css HTTP/1.1" 404 1104
120.253.135.82 - - [25/Nov/2021:06:53:13 +0800] "POST /xingrg/kc/pszx/mdps_order_operate.html HTTP/1.1" 200 15605
120.253.135.82 - - [25/Nov/2021:06:53:16 +0800] "POST /xingrg/kc/pszx/mdps_list_operate.html HTTP/1.1" 200 2438
116.238.248.233 - - [25/Nov/2021:06:53:18 +0800] "GET /xingrg/all/function/internal_message.html?_=1637794394420&CODE_STATE=getMsg HTTP/1.1" 200 27
116.238.248.233 - - [25/Nov/2021:06:53:18 +0800] "GET /xingrg/check_reg.html?_=1637794394417 HTTP/1.1" 200 22
120.253.135.82 - - [25/Nov/2021:06:53:18 +0800] "POST /xingrg/kc/pszx/mdps_list_operate.html HTTP/1.1" 200 624
120.253.135.82 - - [25/Nov/2021:06:53:19 +0800] "POST /xingrg/kc/pszx/mdps_list_operate.html HTTP/1.1" 200 202
222.70.171.86 - - [25/Nov/2021:06:53:26 +0800] "GET /xingrg/all/function/internal_message.html?_=1637794416646&CODE_STATE=getMsg HTTP/1.1" 302 -
120.253.135.82 - - [25/Nov/2021:06:53:27 +0800] "POST /xingrg/kc/pszx/mdps_list_operate.html HTTP/1.1" 200 1689
120.253.135.82 - - [25/Nov/2021:06:53:28 +0800] "POST /xingrg/kc/pszx/mdps_list_operate.html HTTP/1.1" 200 293
120.253.135.82 - - [25/Nov/2021:06:53:29 +0800] "GET /xingrg/kc/pszx/mdps_order_info.html?code=312021112500604 HTTP/1.1" 200 23929
120.253.135.82 - - [25/Nov/2021:06:53:29 +0800] "GET /xingrg/javascript/easyui/themes/default/validatebox.css HTTP/1.1" 404 1104
120.253.135.82 - - [25/Nov/2021:06:53:29 +0800] "POST /xingrg/kc/pszx/mdps_order_operate.html HTTP/1.1" 200 2779
120.253.135.82 - - [25/Nov/2021:06:53:32 +0800] "POST /xingrg/kc/pszx/mdps_order_operate.html HTTP/1.1" 200 37
120.253.135.82 - - [25/Nov/2021:06:53:32 +0800] "GET /xingrg/kc/pszx/mdps_order_info.html?code=312021112500604 HTTP/1.1" 200 23929
120.253.135.82 - - [25/Nov/2021:06:53:33 +0800] "GET /xingrg/javascript/easyui/themes/default/validatebox.css HTTP/1.1" 404 1104
120.253.135.82 - - [25/Nov/2021:06:53:33 +0800] "POST /xingrg/kc/pszx/mdps_order_operate.html HTTP/1.1" 200 2794
124.78.153.86 - - [25/Nov/2021:06:53:38 +0800] "GET /xingrg/all/function/internal_message.html?_=1637794413406&CODE_STATE=getMsg HTTP/1.1" 200 27
120.253.135.82 - - [25/Nov/2021:06:53:40 +0800] "GET /xingrg/all/function/internal_message.html?_=1637794192691&CODE_STATE=getMsg HTTP/1.1" 200 27
222.70.171.86 - - [25/Nov/2021:06:53:47 +0800] "GET /xingrg/all/function/internal_message.html?_=1637794440823&CODE_STATE=getMsg HTTP/1.1" 200 27
180.174.250.202 - - [25/Nov/2021:06:53:51 +0800] "GET /xingrg/all/function/internal_message.html?_=1637794432446&CODE_STATE=getMsg HTTP/1.1" 200 27
58.37.231.44 - - [25/Nov/2021:06:53:58 +0800] "GET /xingrg/all/function/internal_message.html?_=1637794263095&CODE_STATE=getMsg HTTP/1.1" 200 27
222.70.176.97 - - [25/Nov/2021:06:54:08 +0800] "GET /xingrg/all/function/internal_message.html?_=1637794443968&CODE_STATE=getMsg HTTP/1.1" 200 27
116.238.248.233 - - [25/Nov/2021:06:54:18 +0800] "GET /xingrg/all/function/internal_message.html?_=1637794454417&CODE_STATE=getMsg HTTP/1.1" 200 27
222.70.171.86 - - [25/Nov/2021:06:54:26 +0800] "GET /xingrg/all/function/internal_message.html?_=1637794476670&CODE_STATE=getMsg HTTP/1.1" 302 -
120.253.135.82 - - [25/Nov/2021:06:54:36 +0800] "GET /xingrg/check_reg.html?_=1637794249025 HTTP/1.1" 200 22
61.151.179.84 - - [25/Nov/2021:06:54:37 +0800] "GET /xingrg/all/function/internal_message.html?_=1637794413406&CODE_STATE=getMsg HTTP/1.1" 302 -
120.253.135.82 - - [25/Nov/2021:06:54:38 +0800] "POST /xingrg/kc/pszx/mdps_order_operate.html HTTP/1.1" 200 37
124.78.153.86 - - [25/Nov/2021:06:54:38 +0800] "GET /xingrg/all/function/internal_message.html?_=1637794473387&CODE_STATE=getMsg HTTP/1.1" 200 27
61.151.179.84 - - [25/Nov/2021:06:54:38 +0800] "GET /xingrg/login.html HTTP/1.1" 200 7641
120.253.135.82 - - [25/Nov/2021:06:54:38 +0800] "GET /xingrg/kc/pszx/mdps_order_info.html?code=312021112500604 HTTP/1.1" 200 23929
120.253.135.82 - - [25/Nov/2021:06:54:39 +0800] "GET /xingrg/javascript/easyui/themes/default/validatebox.css HTTP/1.1" 404 1104
120.253.135.82 - - [25/Nov/2021:06:54:39 +0800] "POST /xingrg/kc/pszx/mdps_order_operate.html HTTP/1.1" 200 2794
120.253.135.82 - - [25/Nov/2021:06:54:40 +0800] "GET /xingrg/all/function/internal_message.html?_=1637794252705&CODE_STATE=getMsg HTTP/1.1" 200 27
120.253.135.82 - - [25/Nov/2021:06:54:45 +0800] "POST /xingrg/kc/pszx/mdps_list_operate.html HTTP/1.1" 200 1689
120.253.135.82 - - [25/Nov/2021:06:54:46 +0800] "POST /xingrg/kc/pszx/mdps_list_operate.html HTTP/1.1" 200 293
120.253.135.82 - - [25/Nov/2021:06:54:47 +0800] "GET /xingrg/kc/pszx/mdps_order_info.html?code=312021112500604 HTTP/1.1" 200 23929
222.70.171.86 - - [25/Nov/2021:06:54:47 +0800] "GET /xingrg/all/function/internal_message.html?_=1637794500837&CODE_STATE=getMsg HTTP/1.1" 200 27
120.253.135.82 - - [25/Nov/2021:06:54:48 +0800] "POST /xingrg/kc/pszx/mdps_order_operate.html HTTP/1.1" 200 2794
120.253.135.82 - - [25/Nov/2021:06:54:48 +0800] "GET /xingrg/javascript/easyui/themes/default/validatebox.css HTTP/1.1" 404 1104
120.253.135.82 - - [25/Nov/2021:06:54:51 +0800] "POST /xingrg/kc/pszx/mdps_list_operate.html HTTP/1.1" 200 1689
180.174.250.202 - - [25/Nov/2021:06:54:51 +0800] "GET /xingrg/all/function/internal_message.html?_=1637794492444&CODE_STATE=getMsg HTTP/1.1" 200 27
58.40.7.146 - - [25/Nov/2021:06:54:52 +0800] "POST /xingrg/services/DataTransmitService HTTP/1.1" 200 524
120.253.135.82 - - [25/Nov/2021:06:54:53 +0800] "GET /xingrg/kc/pszx/mdqp_order_list.html?state=10 HTTP/1.1" 200 10217
120.253.135.82 - - [25/Nov/2021:06:54:54 +0800] "GET /xingrg/dwr/interface/AjaxReportQueryService.js HTTP/1.1" 200 13203
120.253.135.82 - - [25/Nov/2021:06:54:54 +0800] "GET /xingrg/dwr/interface/AjaxQqpsService.js HTTP/1.1" 200 16326
120.253.135.82 - - [25/Nov/2021:06:54:54 +0800] "GET /xingrg/dwr/engine.js HTTP/1.1" 200 43631
120.253.135.82 - - [25/Nov/2021:06:54:57 +0800] "GET /xingrg/kc/pszx/mdth_order_list.html HTTP/1.1" 200 18513
120.253.135.82 - - [25/Nov/2021:06:54:57 +0800] "POST /xingrg/kc/pszx/mdth_order_new_list.html HTTP/1.1" 200 4465
58.37.231.44 - - [25/Nov/2021:06:54:58 +0800] "GET /xingrg/all/function/internal_message.html?_=1637794323093&CODE_STATE=getMsg HTTP/1.1" 200 27
120.253.135.82 - - [25/Nov/2021:06:55:05 +0800] "POST /xingrg/kc/pszx/mdth_order_new_list.html HTTP/1.1" 200 210
120.253.135.82 - - [25/Nov/2021:06:55:06 +0800] "GET /xingrg/kc/pszx/mdth_order_info.html?code=322021112400005 HTTP/1.1" 200 22214
124.78.153.86 - - [25/Nov/2021:06:55:06 +0800] "GET /xingrg/check_reg.html?_=1637794501547 HTTP/1.1" 200 22
120.253.135.82 - - [25/Nov/2021:06:55:06 +0800] "GET /xingrg/all/common/auto_word.html?type=employee&rest_code=00101 HTTP/1.1" 200 1173
120.253.135.82 - - [25/Nov/2021:06:55:06 +0800] "POST /xingrg/kc/pszx/mdth_order_new_info.html HTTP/1.1" 200 289
120.253.135.82 - - [25/Nov/2021:06:55:06 +0800] "GET /xingrg/javascript/easyui/themes/default/validatebox.css HTTP/1.1" 404 1104
222.70.176.97 - - [25/Nov/2021:06:55:08 +0800] "GET /xingrg/all/function/internal_message.html?_=1637794503954&CODE_STATE=getMsg HTTP/1.1" 200 27
120.253.135.82 - - [25/Nov/2021:06:55:09 +0800] "POST /xingrg/all/common/load_combo.html?type=employee HTTP/1.1" 200 2101
116.238.248.233 - - [25/Nov/2021:06:55:18 +0800] "GET /xingrg/all/function/internal_message.html?_=1637794514435&CODE_STATE=getMsg HTTP/1.1" 200 27
120.253.135.82 - - [25/Nov/2021:06:55:18 +0800] "POST /xingrg/all/common/load_combo.html?type=base HTTP/1.1" 200 1075
120.253.135.82 - - [25/Nov/2021:06:55:22 +0800] "POST /xingrg/kc/pszx/mdth_order_new_info.html HTTP/1.1" 200 37
120.253.135.82 - - [25/Nov/2021:06:55:23 +0800] "POST /xingrg/kc/pszx/mdth_order_new_info.html HTTP/1.1" 200 296
120.253.135.82 - - [25/Nov/2021:06:55:26 +0800] "GET /xingrg/kc/print/load_config.html?kc_code=mdth HTTP/1.1" 200 3088
120.253.135.82 - - [25/Nov/2021:06:55:26 +0800] "GET /xingrg/kc/print/load_data.html?order_code=322021112400005&kc_code=mdth&condition= HTTP/1.1" 200 619
222.70.171.86 - - [25/Nov/2021:06:55:26 +0800] "GET /xingrg/all/function/internal_message.html?_=1637794536674&CODE_STATE=getMsg HTTP/1.1" 302 -
124.78.153.86 - - [25/Nov/2021:06:55:38 +0800] "GET /xingrg/all/function/internal_message.html?_=1637794533357&CODE_STATE=getMsg HTTP/1.1" 200 27
61.151.178.163 - - [25/Nov/2021:06:55:38 +0800] "GET /xingrg/all/function/internal_message.html?_=1637794473387&CODE_STATE=getMsg HTTP/1.1" 302 -
61.151.178.163 - - [25/Nov/2021:06:55:38 +0800] "GET /xingrg/login.html HTTP/1.1" 200 7641
120.253.135.82 - - [25/Nov/2021:06:55:40 +0800] "GET /xingrg/all/function/internal_message.html?_=1637794312718&CODE_STATE=getMsg HTTP/1.1" 200 27
222.70.171.86 - - [25/Nov/2021:06:55:48 +0800] "GET /xingrg/all/function/internal_message.html?_=1637794561260&CODE_STATE=getMsg HTTP/1.1" 200 27
180.174.250.202 - - [25/Nov/2021:06:55:51 +0800] "GET /xingrg/all/function/internal_message.html?_=1637794552442&CODE_STATE=getMsg HTTP/1.1" 200 27
58.37.231.44 - - [25/Nov/2021:06:55:58 +0800] "GET /xingrg/all/function/internal_message.html?_=1637794383092&CODE_STATE=getMsg HTTP/1.1" 200 27
58.37.231.44 - - [25/Nov/2021:06:55:58 +0800] "GET /xingrg/check_reg.html?_=1637794383093 HTTP/1.1" 200 22
222.70.176.97 - - [25/Nov/2021:06:56:08 +0800] "GET /xingrg/all/function/internal_message.html?_=1637794563985&CODE_STATE=getMsg HTTP/1.1" 200 27
116.238.248.233 - - [25/Nov/2021:06:56:18 +0800] "GET /xingrg/all/function/internal_message.html?_=1637794574435&CODE_STATE=getMsg HTTP/1.1" 200 27
222.70.176.97 - - [25/Nov/2021:06:56:21 +0800] "GET /xingrg/check_reg.html?_=1637794576747 HTTP/1.1" 200 22
222.70.171.86 - - [25/Nov/2021:06:56:26 +0800] "GET /xingrg/all/function/internal_message.html?_=1637794596698&CODE_STATE=getMsg HTTP/1.1" 302 -
124.78.153.86 - - [25/Nov/2021:06:56:38 +0800] "GET /xingrg/all/function/internal_message.html?_=1637794593337&CODE_STATE=getMsg HTTP/1.1" 200 27
120.253.135.82 - - [25/Nov/2021:06:56:40 +0800] "GET /xingrg/all/function/internal_message.html?_=1637794372857&CODE_STATE=getMsg HTTP/1.1" 200 27
222.70.171.86 - - [25/Nov/2021:06:56:48 +0800] "GET /xingrg/all/function/internal_message.html?_=1637794621269&CODE_STATE=getMsg HTTP/1.1" 200 27
180.174.250.202 - - [25/Nov/2021:06:56:51 +0800] "GET /xingrg/all/function/internal_message.html?_=1637794612454&CODE_STATE=getMsg HTTP/1.1" 200 27
120.253.135.82 - - [25/Nov/2021:06:56:57 +0800] "POST /xingrg/kc/pszx/mdth_order_new_info.html HTTP/1.1" 200 37
58.37.231.44 - - [25/Nov/2021:06:56:58 +0800] "GET /xingrg/all/function/internal_message.html?_=1637794443092&CODE_STATE=getMsg HTTP/1.1" 200 27
120.253.135.82 - - [25/Nov/2021:06:56:58 +0800] "POST /xingrg/kc/pszx/mdth_order_new_info.html HTTP/1.1" 200 296
120.253.135.82 - - [25/Nov/2021:06:56:59 +0800] "POST /xingrg/kc/pszx/mdth_order_new_info.html HTTP/1.1" 200 12
120.253.135.82 - - [25/Nov/2021:06:57:00 +0800] "GET /xingrg/kc/pszx/mdth_order_info.html?code=322021112400005 HTTP/1.1" 200 20274
120.253.135.82 - - [25/Nov/2021:06:57:01 +0800] "POST /xingrg/kc/pszx/mdth_order_new_info.html HTTP/1.1" 200 296
120.253.135.82 - - [25/Nov/2021:06:57:01 +0800] "GET /xingrg/javascript/easyui/themes/default/validatebox.css HTTP/1.1" 404 1104
120.253.135.82 - - [25/Nov/2021:06:57:05 +0800] "GET /xingrg/kc/pszx/mdth_order_info.html?code=322021112400005 HTTP/1.1" 200 20274
120.253.135.82 - - [25/Nov/2021:06:57:06 +0800] "POST /xingrg/kc/pszx/mdth_order_new_info.html HTTP/1.1" 200 296
120.253.135.82 - - [25/Nov/2021:06:57:06 +0800] "GET /xingrg/javascript/easyui/themes/default/validatebox.css HTTP/1.1" 404 1104
120.253.135.82 - - [25/Nov/2021:06:57:08 +0800] "POST /xingrg/kc/pszx/mdth_order_new_list.html HTTP/1.1" 200 4142
222.70.176.97 - - [25/Nov/2021:06:57:08 +0800] "GET /xingrg/all/function/internal_message.html?_=1637794623955&CODE_STATE=getMsg HTTP/1.1" 200 27
222.70.171.86 - - [25/Nov/2021:06:57:11 +0800] "GET /xingrg/check_reg.html?_=1637794641931 HTTP/1.1" 302 -
120.253.135.82 - - [25/Nov/2021:06:57:12 +0800] "POST /xingrg/kc/pszx/mdth_order_new_list.html HTTP/1.1" 200 286
120.253.135.82 - - [25/Nov/2021:06:57:16 +0800] "GET /xingrg/kc/buy/cgsh_order_list.html HTTP/1.1" 200 49140
116.238.248.233 - - [25/Nov/2021:06:57:18 +0800] "GET /xingrg/all/function/internal_message.html?_=1637794634432&CODE_STATE=getMsg HTTP/1.1" 200 27
120.253.135.82 - - [25/Nov/2021:06:57:18 +0800] "POST /xingrg/kc/buy/cgsh_list_operate.html HTTP/1.1" 200 1683
120.253.135.82 - - [25/Nov/2021:06:57:21 +0800] "POST /xingrg/kc/buy/cgsh_list_operate.html HTTP/1.1" 200 203
120.253.135.82 - - [25/Nov/2021:06:57:22 +0800] "GET /xingrg/kc/buy/cgsh_order_info.html?code=212021112410423 HTTP/1.1" 200 63942
120.253.135.82 - - [25/Nov/2021:06:57:23 +0800] "GET /xingrg/javascript/easyui/themes/icons/template_new.png HTTP/1.1" 200 3956
120.253.135.82 - - [25/Nov/2021:06:57:23 +0800] "GET /xingrg/javascript/easyui/themes/default/validatebox.css HTTP/1.1" 404 1104
120.253.135.82 - - [25/Nov/2021:06:57:23 +0800] "POST /xingrg/kc/buy/cgsh_order_operate.html HTTP/1.1" 200 2674
222.70.171.86 - - [25/Nov/2021:06:57:26 +0800] "GET /xingrg/all/function/internal_message.html?_=1637794656700&CODE_STATE=getMsg HTTP/1.1" 302 -
120.253.135.82 - - [25/Nov/2021:06:57:35 +0800] "POST /xingrg/kc/buy/cgsh_order_operate.html HTTP/1.1" 200 37
120.253.135.82 - - [25/Nov/2021:06:57:36 +0800] "POST /xingrg/kc/buy/cgsh_order_operate.html HTTP/1.1" 200 2674
124.78.153.86 - - [25/Nov/2021:06:57:38 +0800] "GET /xingrg/all/function/internal_message.html?_=1637794653316&CODE_STATE=getMsg HTTP/1.1" 200 27
120.253.135.82 - - [25/Nov/2021:06:57:40 +0800] "GET /xingrg/all/function/internal_message.html?_=1637794432871&CODE_STATE=getMsg HTTP/1.1" 200 27
222.70.171.86 - - [25/Nov/2021:06:57:48 +0800] "GET /xingrg/all/function/internal_message.html?_=1637794681689&CODE_STATE=getMsg HTTP/1.1" 200 27
120.253.135.82 - - [25/Nov/2021:06:57:49 +0800] "POST /xingrg/kc/buy/cgsh_order_operate.html HTTP/1.1" 200 37
120.253.135.82 - - [25/Nov/2021:06:57:50 +0800] "POST /xingrg/kc/buy/cgsh_order_operate.html HTTP/1.1" 200 2674
180.174.250.202 - - [25/Nov/2021:06:57:51 +0800] "GET /xingrg/check_reg.html?_=1637794672453 HTTP/1.1" 200 22
180.174.250.202 - - [25/Nov/2021:06:57:51 +0800] "GET /xingrg/all/function/internal_message.html?_=1637794672456&CODE_STATE=getMsg HTTP/1.1" 200 27
120.253.135.82 - - [25/Nov/2021:06:57:55 +0800] "GET /xingrg/kc/print/load_config.html?kc_code=cgsh HTTP/1.1" 200 2281
120.253.135.82 - - [25/Nov/2021:06:57:55 +0800] "GET /xingrg/kc/print/load_data.html?order_code=212021112410423&kc_code=cgsh&condition= HTTP/1.1" 200 726
58.37.231.44 - - [25/Nov/2021:06:57:58 +0800] "GET /xingrg/all/function/internal_message.html?_=1637794503089&CODE_STATE=getMsg HTTP/1.1" 200 27
222.70.171.86 - - [25/Nov/2021:06:58:02 +0800] "GET /xingrg/check_reg.html?_=1637794695949 HTTP/1.1" 200 22
120.253.135.82 - - [25/Nov/2021:06:58:08 +0800] "GET /xingrg/kc/buy/cgsh_order_info.html?code=212021112410423 HTTP/1.1" 200 63942
222.70.176.97 - - [25/Nov/2021:06:58:08 +0800] "GET /xingrg/all/function/internal_message.html?_=1637794683956&CODE_STATE=getMsg HTTP/1.1" 200 27
120.253.135.82 - - [25/Nov/2021:06:58:08 +0800] "GET /xingrg/javascript/easyui/themes/default/validatebox.css HTTP/1.1" 404 1104
120.253.135.82 - - [25/Nov/2021:06:58:09 +0800] "POST /xingrg/kc/buy/cgsh_order_operate.html HTTP/1.1" 200 2674
116.238.248.233 - - [25/Nov/2021:06:58:18 +0800] "GET /xingrg/all/function/internal_message.html?_=1637794694431&CODE_STATE=getMsg HTTP/1.1" 200 27
116.238.248.233 - - [25/Nov/2021:06:58:18 +0800] "GET /xingrg/check_reg.html?_=1637794694455 HTTP/1.1" 200 22
222.70.171.86 - - [25/Nov/2021:06:58:26 +0800] "GET /xingrg/all/function/internal_message.html?_=1637794716723&CODE_STATE=getMsg HTTP/1.1" 302 -
101.89.19.197 - - [25/Nov/2021:06:58:37 +0800] "GET /xingrg/all/function/internal_message.html?_=1637794653316&CODE_STATE=getMsg HTTP/1.1" 302 -
124.78.153.86 - - [25/Nov/2021:06:58:38 +0800] "GET /xingrg/all/function/internal_message.html?_=1637794713296&CODE_STATE=getMsg HTTP/1.1" 200 27
101.89.19.197 - - [25/Nov/2021:06:58:38 +0800] "GET /xingrg/login.html HTTP/1.1" 200 7641
120.253.135.82 - - [25/Nov/2021:06:58:40 +0800] "GET /xingrg/all/function/internal_message.html?_=1637794492884&CODE_STATE=getMsg HTTP/1.1" 200 27
222.70.171.86 - - [25/Nov/2021:06:58:48 +0800] "GET /xingrg/all/function/internal_message.html?_=1637794741702&CODE_STATE=getMsg HTTP/1.1" 200 27
180.174.250.202 - - [25/Nov/2021:06:58:51 +0800] "GET /xingrg/all/function/internal_message.html?_=1637794732450&CODE_STATE=getMsg HTTP/1.1" 200 27
58.37.231.44 - - [25/Nov/2021:06:58:58 +0800] "GET /xingrg/all/function/internal_message.html?_=1637794563115&CODE_STATE=getMsg HTTP/1.1" 200 27
120.253.135.82 - - [25/Nov/2021:06:59:04 +0800] "POST /xingrg/kc/buy/cgsh_order_operate.html HTTP/1.1" 200 37
120.253.135.82 - - [25/Nov/2021:06:59:07 +0800] "POST /xingrg/kc/buy/cgsh_order_operate.html HTTP/1.1" 200 12
222.70.176.97 - - [25/Nov/2021:06:59:08 +0800] "GET /xingrg/all/function/internal_message.html?_=1637794743939&CODE_STATE=getMsg HTTP/1.1" 200 27
120.253.135.82 - - [25/Nov/2021:06:59:09 +0800] "GET /xingrg/kc/buy/cgsh_order_info.html?code=212021112410423 HTTP/1.1" 200 58842
120.253.135.82 - - [25/Nov/2021:06:59:09 +0800] "GET /xingrg/javascript/easyui/themes/default/validatebox.css HTTP/1.1" 404 1104
120.253.135.82 - - [25/Nov/2021:06:59:10 +0800] "POST /xingrg/kc/buy/cgsh_order_operate.html HTTP/1.1" 200 624
120.253.135.82 - - [25/Nov/2021:06:59:12 +0800] "POST /xingrg/kc/buy/cgsh_list_operate.html HTTP/1.1" 200 876
120.253.135.82 - - [25/Nov/2021:06:59:14 +0800] "GET /xingrg/kc/pszx/mdqp_order_list.html?state=10 HTTP/1.1" 200 10217
120.253.135.82 - - [25/Nov/2021:06:59:14 +0800] "GET /xingrg/dwr/interface/AjaxReportQueryService.js HTTP/1.1" 200 13203
120.253.135.82 - - [25/Nov/2021:06:59:14 +0800] "GET /xingrg/dwr/interface/AjaxQqpsService.js HTTP/1.1" 200 16326
120.253.135.82 - - [25/Nov/2021:06:59:14 +0800] "GET /xingrg/dwr/engine.js HTTP/1.1" 200 43631
116.238.248.233 - - [25/Nov/2021:06:59:18 +0800] "GET /xingrg/all/function/internal_message.html?_=1637794754453&CODE_STATE=getMsg HTTP/1.1" 200 27
120.253.135.82 - - [25/Nov/2021:06:59:20 +0800] "GET /xingrg/kc/report/report_main.html HTTP/1.1" 200 8599
120.253.135.82 - - [25/Nov/2021:06:59:20 +0800] "GET /xingrg/javascript/jquery_ui/themes/humanity/humanity.css HTTP/1.1" 200 27801
120.253.135.82 - - [25/Nov/2021:06:59:20 +0800] "GET /xingrg/javascript/jquery_easy_ui/themes/icons/settle_new.png HTTP/1.1" 200 826
120.253.135.82 - - [25/Nov/2021:06:59:21 +0800] "GET /xingrg/kc/base/kc_stocks.html HTTP/1.1" 200 16437
120.253.135.82 - - [25/Nov/2021:06:59:21 +0800] "GET /xingrg/javascript/easyui/themes/sunny/easyui.css HTTP/1.1" 200 34304
120.253.135.82 - - [25/Nov/2021:06:59:21 +0800] "GET /xingrg/javascript/easyui/themes/icons/print_new.png HTTP/1.1" 200 3580
120.253.135.82 - - [25/Nov/2021:06:59:21 +0800] "GET /xingrg/javascript/easyui/themes/icons/refresh_new.png HTTP/1.1" 200 685
120.253.135.82 - - [25/Nov/2021:06:59:21 +0800] "GET /xingrg/javascript/easyui/themes/icons/filter_new.png HTTP/1.1" 200 795
120.253.135.82 - - [25/Nov/2021:06:59:21 +0800] "GET /xingrg/javascript/easyui/plugins/jquery.draggable.js HTTP/1.1" 200 6121
120.253.135.82 - - [25/Nov/2021:06:59:21 +0800] "GET /xingrg/javascript/easyui/plugins/jquery.droppable.js HTTP/1.1" 200 1167
120.253.135.82 - - [25/Nov/2021:06:59:21 +0800] "GET /xingrg/javascript/easyui/themes/default/tree.css HTTP/1.1" 404 1090
120.253.135.82 - - [25/Nov/2021:06:59:21 +0800] "GET /xingrg/javascript/easyui/plugins/jquery.tree.js HTTP/1.1" 200 20874
120.253.135.82 - - [25/Nov/2021:06:59:21 +0800] "POST /xingrg/all/common/load_tree.html?tree=materiel_sort_tree_json HTTP/1.1" 200 9388
120.253.135.82 - - [25/Nov/2021:06:59:21 +0800] "GET /xingrg/javascript/easyui/themes/sunny/images/tree_arrows.gif HTTP/1.1" 200 617
120.253.135.82 - - [25/Nov/2021:06:59:21 +0800] "GET /xingrg/javascript/easyui/themes/sunny/images/tree_file.gif HTTP/1.1" 200 118
120.253.135.82 - - [25/Nov/2021:06:59:21 +0800] "GET /xingrg/javascript/easyui/themes/sunny/images/tree_folder_open.gif HTTP/1.1" 200 956
120.253.135.82 - - [25/Nov/2021:06:59:21 +0800] "GET /xingrg/javascript/easyui/themes/sunny/images/tree_folder.gif HTTP/1.1" 200 952
120.253.135.82 - - [25/Nov/2021:06:59:22 +0800] "POST /xingrg/all/common/load_combo.html?type=base HTTP/1.1" 200 1075
222.70.171.86 - - [25/Nov/2021:06:59:24 +0800] "GET /xingrg/css/base.css HTTP/1.1" 304 -
222.70.171.86 - - [25/Nov/2021:06:59:24 +0800] "GET /xingrg/css/site.css HTTP/1.1" 304 -
222.70.171.86 - - [25/Nov/2021:06:59:24 +0800] "GET /xingrg/javascript/jquery_tools/datebox.css HTTP/1.1" 304 -
222.70.171.86 - - [25/Nov/2021:06:59:24 +0800] "GET /xingrg/javascript/easyui/themes/icon.css HTTP/1.1" 304 -
222.70.171.86 - - [25/Nov/2021:06:59:24 +0800] "GET /xingrg/javascript/easyui/themes/default/easyui.css HTTP/1.1" 304 -
222.70.171.86 - - [25/Nov/2021:06:59:24 +0800] "GET /xingrg/javascript/jquery_tools/table.css HTTP/1.1" 304 -
222.70.171.86 - - [25/Nov/2021:06:59:24 +0800] "GET /xingrg/javascript/jquery_tools/fix.css HTTP/1.1" 304 -
222.70.171.86 - - [25/Nov/2021:06:59:24 +0800] "GET /xingrg/javascript/jquery_tools/jquery.tools.min.js HTTP/1.1" 304 -
222.70.171.86 - - [25/Nov/2021:06:59:24 +0800] "GET /xingrg/javascript/auto/jquery.autocomplete.css HTTP/1.1" 304 -
222.70.171.86 - - [25/Nov/2021:06:59:24 +0800] "GET /xingrg/javascript/jquery_tools/jquery.tools.extend.js HTTP/1.1" 304 -
222.70.171.86 - - [25/Nov/2021:06:59:24 +0800] "GET /xingrg/javascript/jquery_tools/jquery.tools.hotkey.js HTTP/1.1" 304 -
222.70.171.86 - - [25/Nov/2021:06:59:24 +0800] "GET /xingrg/javascript/jquery_tools/list_manager.js HTTP/1.1" 304 -
222.70.171.86 - - [25/Nov/2021:06:59:24 +0800] "GET /xingrg/javascript/easyui/easyloader.js HTTP/1.1" 304 -
222.70.171.86 - - [25/Nov/2021:06:59:24 +0800] "GET /xingrg/javascript/jquery.cookie.js HTTP/1.1" 304 -
222.70.171.86 - - [25/Nov/2021:06:59:24 +0800] "GET /xingrg/javascript/jquery_tools/jquery.tools.table.js HTTP/1.1" 304 -
222.70.171.86 - - [25/Nov/2021:06:59:24 +0800] "GET /xingrg/javascript/auto/jquery.autocomplete.js HTTP/1.1" 304 -
222.70.171.86 - - [25/Nov/2021:06:59:24 +0800] "GET /xingrg/javascript/print/LodopFuncs.js HTTP/1.1" 304 -
222.70.171.86 - - [25/Nov/2021:06:59:24 +0800] "GET /xingrg/javascript/jquery.utils.js HTTP/1.1" 304 -
222.70.171.86 - - [25/Nov/2021:06:59:24 +0800] "GET /xingrg/kc/buy/cgsh_order_list.html HTTP/1.1" 200 49146
222.70.171.86 - - [25/Nov/2021:06:59:25 +0800] "GET /xingrg/javascript/easyui/plugins/jquery.parser.js HTTP/1.1" 304 -
222.70.171.86 - - [25/Nov/2021:06:59:26 +0800] "GET /xingrg/all/function/internal_message.html?_=1637794776727&CODE_STATE=getMsg HTTP/1.1" 302 -
222.70.171.86 - - [25/Nov/2021:06:59:26 +0800] "POST /xingrg/kc/buy/cgsh_list_operate.html HTTP/1.1" 200 5262
120.253.135.82 - - [25/Nov/2021:06:59:36 +0800] "GET /xingrg/check_reg.html?_=1637794549171 HTTP/1.1" 200 22
222.70.171.86 - - [25/Nov/2021:06:59:37 +0800] "GET /xingrg/javascript/easyui/themes/default/images/button_plain_hover.png HTTP/1.1" 304 -
124.78.153.86 - - [25/Nov/2021:06:59:38 +0800] "GET /xingrg/all/function/internal_message.html?_=1637794773265&CODE_STATE=getMsg HTTP/1.1" 200 27
120.253.135.82 - - [25/Nov/2021:06:59:40 +0800] "GET /xingrg/all/function/internal_message.html?_=1637794552896&CODE_STATE=getMsg HTTP/1.1" 200 27
120.253.135.82 - - [25/Nov/2021:06:59:45 +0800] "POST /xingrg/kc/base/stock_operate.html HTTP/1.1" 200 1739
120.253.135.82 - - [25/Nov/2021:06:59:45 +0800] "GET /xingrg/javascript/jquery_tools/fix_table.js HTTP/1.1" 200 6528
222.70.171.86 - - [25/Nov/2021:06:59:48 +0800] "GET /xingrg/all/function/internal_message.html?_=1637794801715&CODE_STATE=getMsg HTTP/1.1" 200 27
222.70.171.86 - - [25/Nov/2021:06:59:49 +0800] "POST /xingrg/kc/buy/cgsh_list_operate.html HTTP/1.1" 200 390
180.174.250.202 - - [25/Nov/2021:06:59:51 +0800] "GET /xingrg/all/function/internal_message.html?_=1637794792448&CODE_STATE=getMsg HTTP/1.1" 200 27
222.70.171.86 - - [25/Nov/2021:06:59:54 +0800] "POST /xingrg/kc/buy/cgsh_list_operate.html HTTP/1.1" 200 569
120.253.135.82 - - [25/Nov/2021:06:59:54 +0800] "POST /xingrg/kc/base/stock_operate.html HTTP/1.1" 200 1471
58.37.231.44 - - [25/Nov/2021:06:59:58 +0800] "GET /xingrg/all/function/internal_message.html?_=1637794623113&CODE_STATE=getMsg HTTP/1.1" 200 27
222.70.171.86 - - [25/Nov/2021:07:00:01 +0800] "POST /xingrg/kc/buy/cgsh_list_operate.html HTTP/1.1" 200 571
222.70.176.97 - - [25/Nov/2021:07:00:08 +0800] "GET /xingrg/all/function/internal_message.html?_=1637794803925&CODE_STATE=getMsg HTTP/1.1" 200 27
120.253.135.82 - - [25/Nov/2021:07:00:10 +0800] "POST /xingrg/kc/base/stock_operate.html HTTP/1.1" 200 1471
116.238.248.233 - - [25/Nov/2021:07:00:18 +0800] "GET /xingrg/all/function/internal_message.html?_=1637794814452&CODE_STATE=getMsg HTTP/1.1" 200 27
120.253.135.82 - - [25/Nov/2021:07:00:18 +0800] "POST /xingrg/kc/base/stock_operate.html HTTP/1.1" 200 1467
120.253.135.82 - - [25/Nov/2021:07:00:40 +0800] "GET /xingrg/all/function/internal_message.html?_=1637794612911&CODE_STATE=getMsg HTTP/1.1" 200 27
180.174.250.202 - - [25/Nov/2021:07:00:51 +0800] "GET /xingrg/all/function/internal_message.html?_=1637794852445&CODE_STATE=getMsg HTTP/1.1" 200 27
222.70.171.86 - - [25/Nov/2021:07:00:56 +0800] "GET /xingrg/all/function/internal_message.html?_=1637794836752&CODE_STATE=getMsg HTTP/1.1" 302 -
58.37.231.44 - - [25/Nov/2021:07:00:58 +0800] "GET /xingrg/all/function/internal_message.html?_=1637794683112&CODE_STATE=getMsg HTTP/1.1" 200 27
58.37.231.44 - - [25/Nov/2021:07:00:58 +0800] "GET /xingrg/check_reg.html?_=1637794683113 HTTP/1.1" 200 22
222.70.171.86 - - [25/Nov/2021:07:00:59 +0800] "GET /favicon.ico HTTP/1.1" 404 -
222.70.171.86 - - [25/Nov/2021:07:00:59 +0800] "GET /xingrg/login.html HTTP/1.1" 200 7641
222.70.171.86 - - [25/Nov/2021:07:00:59 +0800] "GET /xingrg/images/blue/hj.png HTTP/1.1" 304 -
222.70.171.86 - - [25/Nov/2021:07:00:59 +0800] "GET /xingrg/images/blue/login_bg.png HTTP/1.1" 304 -
222.70.171.86 - - [25/Nov/2021:07:00:59 +0800] "GET /xingrg/images/blue/jxLogo.png HTTP/1.1" 304 -
222.70.171.86 - - [25/Nov/2021:07:00:59 +0800] "GET /xingrg/images/blue/srbg.png HTTP/1.1" 304 -
222.70.171.86 - - [25/Nov/2021:07:00:59 +0800] "GET /favicon.ico HTTP/1.1" 404 -
222.70.171.86 - - [25/Nov/2021:07:01:01 +0800] "POST /xingrg/login.do HTTP/1.1" 302 -
222.70.171.86 - - [25/Nov/2021:07:01:01 +0800] "GET /xingrg/javascript/jquery_easy_ui/themes/default/easyui.css HTTP/1.1" 304 -
222.70.171.86 - - [25/Nov/2021:07:01:01 +0800] "GET /xingrg/javascript/jquery_easy_ui/themes/icon.css HTTP/1.1" 304 -
222.70.171.86 - - [25/Nov/2021:07:01:01 +0800] "GET /xingrg/index.html?sysBaseUrl=http%3A%2F%2F180.169.147.146%3A18081%2Fxingrg%2F&costTime=39×tamp=1637794861525 HTTP/1.1" 200 17179
222.70.171.86 - - [25/Nov/2021:07:01:01 +0800] "GET /xingrg/css/form.css HTTP/1.1" 304 -
222.70.171.86 - - [25/Nov/2021:07:01:01 +0800] "GET /xingrg/javascript/jquery-1.4.2.min.js HTTP/1.1" 304 -
222.70.171.86 - - [25/Nov/2021:07:01:01 +0800] "GET /xingrg/javascript/jquery.form.js HTTP/1.1" 304 -
222.70.171.86 - - [25/Nov/2021:07:01:01 +0800] "GET /xingrg/javascript/jquery_easy_ui/jquery.easyui.min.js HTTP/1.1" 304 -
222.70.171.86 - - [25/Nov/2021:07:01:01 +0800] "GET /xingrg/javascript/jquery_easy_ui/easyui-lang-zh_CN.js HTTP/1.1" 304 -
222.70.171.86 - - [25/Nov/2021:07:01:01 +0800] "GET /xingrg/javascript/jquery.utils.js HTTP/1.1" 304 -
222.70.171.86 - - [25/Nov/2021:07:01:01 +0800] "GET /xingrg/javascript/jquery.timers.js HTTP/1.1" 304 -
222.70.171.86 - - [25/Nov/2021:07:01:01 +0800] "GET /favicon.ico HTTP/1.1" 404 -
222.70.171.86 - - [25/Nov/2021:07:01:01 +0800] "GET /xingrg/images/blue/navBackgound.jpg HTTP/1.1" 304 -
222.70.171.86 - - [25/Nov/2021:07:01:01 +0800] "GET /xingrg/javascript/jquery_easy_ui/themes/icons/settle_new.png HTTP/1.1" 304 -
222.70.171.86 - - [25/Nov/2021:07:01:01 +0800] "POST /xingrg/all/common/load_tree.html?tree=area_rest_tree_json&manage=1 HTTP/1.1" 200 479
222.70.171.86 - - [25/Nov/2021:07:01:01 +0800] "GET /xingrg/images/blue/pingpu.png HTTP/1.1" 304 -
222.70.171.86 - - [25/Nov/2021:07:01:01 +0800] "GET /xingrg/javascript/jquery_easy_ui/themes/default/images/tabs_leftarrow.png HTTP/1.1" 304 -
222.70.171.86 - - [25/Nov/2021:07:01:01 +0800] "GET /xingrg/javascript/jquery_easy_ui/themes/default/images/tabs_rightarrow.png HTTP/1.1" 304 -
222.70.171.86 - - [25/Nov/2021:07:01:01 +0800] "GET /xingrg/javascript/jquery_easy_ui/themes/default/images/panel_tool_collapse.gif HTTP/1.1" 304 -
222.70.171.86 - - [25/Nov/2021:07:01:01 +0800] "GET /xingrg/all/function/internal_message.html?_=1637794874924&CODE_STATE=count HTTP/1.1" 200 11
222.70.171.86 - - [25/Nov/2021:07:01:01 +0800] "GET /xingrg/check_reg.html?_=1637794874925 HTTP/1.1" 200 22
222.70.171.86 - - [25/Nov/2021:07:01:01 +0800] "GET /xingrg/javascript/jquery_easy_ui/themes/default/images/tree_arrows.gif HTTP/1.1" 304 -
222.70.171.86 - - [25/Nov/2021:07:01:01 +0800] "POST /xingrg/load_menu.html HTTP/1.1" 200 5138
222.70.171.86 - - [25/Nov/2021:07:01:02 +0800] "GET /xingrg/javascript/jquery_easy_ui/themes/default/images/tree_folder_open.gif HTTP/1.1" 304 -
222.70.171.86 - - [25/Nov/2021:07:01:02 +0800] "GET /xingrg/javascript/jquery_easy_ui/themes/icons/search_new.png HTTP/1.1" 304 -
222.70.171.86 - - [25/Nov/2021:07:01:02 +0800] "GET /xingrg/javascript/jquery_easy_ui/themes/default/images/tree_folder.gif HTTP/1.1" 304 -
222.70.171.86 - - [25/Nov/2021:07:01:02 +0800] "GET /xingrg/javascript/jquery_easy_ui/themes/icons/storage_new.png HTTP/1.1" 304 -
222.70.171.86 - - [25/Nov/2021:07:01:02 +0800] "GET /xingrg/javascript/jquery_easy_ui/themes/icons/forms_new.png HTTP/1.1" 304 -
222.70.171.86 - - [25/Nov/2021:07:01:02 +0800] "GET /xingrg/javascript/jquery_easy_ui/themes/default/images/tree_file.gif HTTP/1.1" 304 -
120.253.135.82 - - [25/Nov/2021:07:01:02 +0800] "POST /xingrg/kc/base/stock_operate.html HTTP/1.1" 200 1457
222.70.176.97 - - [25/Nov/2021:07:01:08 +0800] "GET /xingrg/all/function/internal_message.html?_=1637794863895&CODE_STATE=getMsg HTTP/1.1" 200 27
222.70.171.86 - - [25/Nov/2021:07:01:12 +0800] "GET /xingrg/javascript/jquery_easy_ui/themes/default/images/tabs_close.gif HTTP/1.1" 304 -
222.70.171.86 - - [25/Nov/2021:07:01:12 +0800] "GET /xingrg/css/base.css HTTP/1.1" 304 -
222.70.171.86 - - [25/Nov/2021:07:01:12 +0800] "GET /xingrg/javascript/jquery_tools/datebox.css HTTP/1.1" 304 -
222.70.171.86 - - [25/Nov/2021:07:01:12 +0800] "GET /xingrg/css/site.css HTTP/1.1" 304 -
222.70.171.86 - - [25/Nov/2021:07:01:12 +0800] "GET /xingrg/javascript/easyui/themes/icon.css HTTP/1.1" 304 -
222.70.171.86 - - [25/Nov/2021:07:01:12 +0800] "GET /xingrg/javascript/easyui/themes/default/easyui.css HTTP/1.1" 304 -
222.70.171.86 - - [25/Nov/2021:07:01:12 +0800] "GET /xingrg/javascript/jquery_tools/fix.css HTTP/1.1" 304 -
222.70.171.86 - - [25/Nov/2021:07:01:12 +0800] "GET /xingrg/javascript/auto/jquery.autocomplete.css HTTP/1.1" 304 -
222.70.171.86 - - [25/Nov/2021:07:01:12 +0800] "GET /xingrg/javascript/jquery_tools/table.css HTTP/1.1" 304 -
222.70.171.86 - - [25/Nov/2021:07:01:12 +0800] "GET /xingrg/javascript/jquery_tools/jquery.tools.min.js HTTP/1.1" 304 -
222.70.171.86 - - [25/Nov/2021:07:01:12 +0800] "GET /xingrg/javascript/jquery_tools/jquery.tools.extend.js HTTP/1.1" 304 -
222.70.171.86 - - [25/Nov/2021:07:01:12 +0800] "GET /xingrg/javascript/jquery_tools/jquery.tools.hotkey.js HTTP/1.1" 304 -
222.70.171.86 - - [25/Nov/2021:07:01:12 +0800] "GET /xingrg/javascript/jquery_tools/jquery.tools.table.js HTTP/1.1" 304 -
222.70.171.86 - - [25/Nov/2021:07:01:12 +0800] "GET /xingrg/javascript/jquery_tools/list_manager.js HTTP/1.1" 304 -
222.70.171.86 - - [25/Nov/2021:07:01:12 +0800] "GET /xingrg/javascript/auto/jquery.autocomplete.js HTTP/1.1" 304 -
222.70.171.86 - - [25/Nov/2021:07:01:12 +0800] "GET /xingrg/javascript/easyui/easyloader.js HTTP/1.1" 304 -
222.70.171.86 - - [25/Nov/2021:07:01:12 +0800] "GET /xingrg/javascript/print/LodopFuncs.js HTTP/1.1" 304 -
222.70.171.86 - - [25/Nov/2021:07:01:12 +0800] "GET /xingrg/javascript/jquery.cookie.js HTTP/1.1" 304 -
222.70.171.86 - - [25/Nov/2021:07:01:12 +0800] "GET /xingrg/kc/buy/cgsh_order_list.html HTTP/1.1" 200 49146
222.70.171.86 - - [25/Nov/2021:07:01:12 +0800] "GET /xingrg/javascript/easyui/themes/icons/edit_add_new.png HTTP/1.1" 304 -
222.70.171.86 - - [25/Nov/2021:07:01:12 +0800] "GET /xingrg/javascript/easyui/themes/icons/import_new.png HTTP/1.1" 304 -
222.70.171.86 - - [25/Nov/2021:07:01:12 +0800] "GET /xingrg/javascript/easyui/themes/icons/check_new.png HTTP/1.1" 304 -
222.70.171.86 - - [25/Nov/2021:07:01:12 +0800] "GET /xingrg/javascript/easyui/themes/icons/cance_new.png HTTP/1.1" 304 -
222.70.171.86 - - [25/Nov/2021:07:01:12 +0800] "GET /xingrg/javascript/easyui/themes/icons/field_new.png HTTP/1.1" 304 -
222.70.171.86 - - [25/Nov/2021:07:01:12 +0800] "GET /xingrg/javascript/easyui/plugins/jquery.parser.js HTTP/1.1" 304 -
222.70.171.86 - - [25/Nov/2021:07:01:12 +0800] "GET /xingrg/images/control/ajaxLoader.gif HTTP/1.1" 304 -
222.70.171.86 - - [25/Nov/2021:07:01:12 +0800] "GET /xingrg/javascript/jquery_easy_ui/themes/icons/area.png HTTP/1.1" 304 -
222.70.171.86 - - [25/Nov/2021:07:01:12 +0800] "GET /xingrg/javascript/jquery_easy_ui/themes/icons/rest.png HTTP/1.1" 304 -
222.70.171.86 - - [25/Nov/2021:07:01:14 +0800] "POST /xingrg/kc/buy/cgsh_list_operate.html HTTP/1.1" 200 5262
116.238.248.233 - - [25/Nov/2021:07:01:18 +0800] "GET /xingrg/all/function/internal_message.html?_=1637794874462&CODE_STATE=getMsg HTTP/1.1" 200 27
222.70.176.97 - - [25/Nov/2021:07:01:21 +0800] "GET /xingrg/check_reg.html?_=1637794876722 HTTP/1.1" 200 22
222.70.171.86 - - [25/Nov/2021:07:01:25 +0800] "POST /xingrg/kc/buy/cgsh_list_operate.html HTTP/1.1" 200 564
222.70.171.86 - - [25/Nov/2021:07:01:26 +0800] "GET /xingrg/all/function/internal_message.html?_=1637794896755&CODE_STATE=getMsg HTTP/1.1" 302 -
222.70.171.86 - - [25/Nov/2021:07:01:31 +0800] "GET /xingrg/javascript/easyui/themes/default/images/button_plain_hover.png HTTP/1.1" 304 -
120.253.135.82 - - [25/Nov/2021:07:01:40 +0800] "GET /xingrg/all/function/internal_message.html?_=1637794672924&CODE_STATE=getMsg HTTP/1.1" 200 27
180.174.250.202 - - [25/Nov/2021:07:01:51 +0800] "GET /xingrg/all/function/internal_message.html?_=1637794912443&CODE_STATE=getMsg HTTP/1.1" 200 27
222.70.171.86 - - [25/Nov/2021:07:01:56 +0800] "POST /xingrg/kc/buy/cgsh_list_operate.html HTTP/1.1" 200 4
58.37.231.44 - - [25/Nov/2021:07:01:58 +0800] "GET /xingrg/all/function/internal_message.html?_=1637794743112&CODE_STATE=getMsg HTTP/1.1" 200 27
222.70.171.86 - - [25/Nov/2021:07:02:00 +0800] "POST /xingrg/kc/buy/cgsh_list_operate.html HTTP/1.1" 200 5228
222.70.171.86 - - [25/Nov/2021:07:02:01 +0800] "GET /xingrg/all/function/internal_message.html?_=1637794934941&CODE_STATE=getMsg HTTP/1.1" 200 27
222.70.176.97 - - [25/Nov/2021:07:02:08 +0800] "GET /xingrg/all/function/internal_message.html?_=1637794923868&CODE_STATE=getMsg HTTP/1.1" 200 27
222.70.171.86 - - [25/Nov/2021:07:02:11 +0800] "GET /xingrg/check_reg.html?_=1637794941944 HTTP/1.1" 302 -
116.238.248.233 - - [25/Nov/2021:07:02:18 +0800] "GET /xingrg/all/function/internal_message.html?_=1637794934459&CODE_STATE=getMsg HTTP/1.1" 200 27
222.70.171.86 - - [25/Nov/2021:07:02:26 +0800] "GET /xingrg/all/function/internal_message.html?_=1637794956778&CODE_STATE=getMsg HTTP/1.1" 302 -
222.70.171.86 - - [25/Nov/2021:07:02:31 +0800] "POST /xingrg/kc/buy/cgsh_list_operate.html HTTP/1.1" 200 4
222.70.171.86 - - [25/Nov/2021:07:02:35 +0800] "POST /xingrg/kc/buy/cgsh_list_operate.html HTTP/1.1" 200 5152
120.253.135.82 - - [25/Nov/2021:07:02:40 +0800] "GET /xingrg/all/function/internal_message.html?_=1637794732938&CODE_STATE=getMsg HTTP/1.1" 200 27
222.70.171.86 - - [25/Nov/2021:07:02:40 +0800] "POST /xingrg/kc/buy/cgsh_list_operate.html HTTP/1.1" 200 564
180.174.250.202 - - [25/Nov/2021:07:02:51 +0800] "GET /xingrg/all/function/internal_message.html?_=1637794972441&CODE_STATE=getMsg HTTP/1.1" 200 27
180.174.250.202 - - [25/Nov/2021:07:02:51 +0800] "GET /xingrg/check_reg.html?_=1637794972445 HTTP/1.1" 200 22
58.37.231.44 - - [25/Nov/2021:07:02:58 +0800] "GET /xingrg/all/function/internal_message.html?_=1637794803127&CODE_STATE=getMsg HTTP/1.1" 200 27
222.70.171.86 - - [25/Nov/2021:07:03:01 +0800] "GET /xingrg/all/function/internal_message.html?_=1637794994964&CODE_STATE=getMsg HTTP/1.1" 200 27
222.70.171.86 - - [25/Nov/2021:07:03:08 +0800] "POST /xingrg/kc/buy/cgsh_list_operate.html HTTP/1.1" 200 4
222.70.176.97 - - [25/Nov/2021:07:03:08 +0800] "GET /xingrg/all/function/internal_message.html?_=1637794983880&CODE_STATE=getMsg HTTP/1.1" 200 27
222.70.171.86 - - [25/Nov/2021:07:03:11 +0800] "POST /xingrg/kc/buy/cgsh_list_operate.html HTTP/1.1" 200 1693
116.238.248.233 - - [25/Nov/2021:07:03:18 +0800] "GET /xingrg/all/function/internal_message.html?_=1637794994459&CODE_STATE=getMsg HTTP/1.1" 200 27
116.238.248.233 - - [25/Nov/2021:07:03:18 +0800] "GET /xingrg/check_reg.html?_=1637794994477 HTTP/1.1" 200 22
222.70.171.86 - - [25/Nov/2021:07:03:19 +0800] "POST /xingrg/kc/buy/cgsh_list_operate.html HTTP/1.1" 200 565
222.70.171.86 - - [25/Nov/2021:07:03:21 +0800] "GET /xingrg/javascript/pic_change.js HTTP/1.1" 304 -
222.70.171.86 - - [25/Nov/2021:07:03:21 +0800] "GET /xingrg/javascript/jquery_tools/order_manager.js HTTP/1.1" 304 -
222.70.171.86 - - [25/Nov/2021:07:03:21 +0800] "GET /xingrg/javascript/convert.js HTTP/1.1" 304 -
222.70.171.86 - - [25/Nov/2021:07:03:21 +0800] "GET /xingrg/javascript/print/kc_print.js HTTP/1.1" 304 -
222.70.171.86 - - [25/Nov/2021:07:03:21 +0800] "GET /xingrg/javascript/json2.js HTTP/1.1" 304 -
222.70.171.86 - - [25/Nov/2021:07:03:21 +0800] "GET /xingrg/kc/buy/cgsh_order_info.html?code=212021112309801 HTTP/1.1" 200 64892
222.70.171.86 - - [25/Nov/2021:07:03:21 +0800] "GET /xingrg/words/20211123155242_words.js HTTP/1.1" 304 -
222.70.171.86 - - [25/Nov/2021:07:03:21 +0800] "GET /xingrg/javascript/easyui/themes/icons/copy_new.png HTTP/1.1" 304 -
222.70.171.86 - - [25/Nov/2021:07:03:21 +0800] "GET /xingrg/javascript/easyui/themes/icons/template_new.png HTTP/1.1" 304 -
222.70.171.86 - - [25/Nov/2021:07:03:21 +0800] "GET /xingrg/javascript/easyui/themes/icons/ok.png HTTP/1.1" 304 -
222.70.171.86 - - [25/Nov/2021:07:03:21 +0800] "GET /xingrg/javascript/easyui/themes/icons/print.png HTTP/1.1" 304 -
222.70.171.86 - - [25/Nov/2021:07:03:21 +0800] "GET /xingrg/javascript/easyui/themes/icons/cancel.png HTTP/1.1" 304 -
222.70.171.86 - - [25/Nov/2021:07:03:21 +0800] "GET /xingrg/javascript/easyui/themes/default/images/menu_downarrow.png HTTP/1.1" 304 -
222.70.171.86 - - [25/Nov/2021:07:03:21 +0800] "GET /xingrg/all/common/auto_word.html?type=employee&rest_code=00146 HTTP/1.1" 200 101
222.70.171.86 - - [25/Nov/2021:07:03:21 +0800] "GET /xingrg/all/common/auto_word.html?type=employee&rest_code=00146 HTTP/1.1" 200 101
222.70.171.86 - - [25/Nov/2021:07:03:21 +0800] "GET /xingrg/javascript/easyui/themes/default/validatebox.css HTTP/1.1" 404 1104
222.70.171.86 - - [25/Nov/2021:07:03:21 +0800] "GET /xingrg/javascript/easyui/plugins/jquery.validatebox.js HTTP/1.1" 304 -
222.70.171.86 - - [25/Nov/2021:07:03:21 +0800] "GET /xingrg/javascript/easyui/plugins/jquery.numberbox.js HTTP/1.1" 304 -
222.70.171.86 - - [25/Nov/2021:07:03:22 +0800] "POST /xingrg/kc/buy/cgsh_order_operate.html HTTP/1.1" 200 6201
222.70.171.86 - - [25/Nov/2021:07:03:22 +0800] "GET /xingrg/javascript/easyui/themes/icons/edit_remove.png HTTP/1.1" 304 -
222.70.171.86 - - [25/Nov/2021:07:03:26 +0800] "GET /xingrg/all/function/internal_message.html?_=1637795016783&CODE_STATE=getMsg HTTP/1.1" 302 -
120.253.135.82 - - [25/Nov/2021:07:03:40 +0800] "GET /xingrg/all/function/internal_message.html?_=1637794793101&CODE_STATE=getMsg HTTP/1.1" 200 27
222.70.171.86 - - [25/Nov/2021:07:03:42 +0800] "GET /xingrg/javascript/auto/indicator.gif HTTP/1.1" 404 1066
222.70.171.86 - - [25/Nov/2021:07:03:45 +0800] "GET /xingrg/javascript/jquery_tools/images/prev.gif HTTP/1.1" 404 1086
222.70.171.86 - - [25/Nov/2021:07:03:45 +0800] "GET /xingrg/javascript/jquery_tools/images/next.gif HTTP/1.1" 404 1086
180.174.250.202 - - [25/Nov/2021:07:03:51 +0800] "GET /xingrg/all/function/internal_message.html?_=1637795032439&CODE_STATE=getMsg HTTP/1.1" 200 27
58.37.231.44 - - [25/Nov/2021:07:03:58 +0800] "GET /xingrg/all/function/internal_message.html?_=1637794863126&CODE_STATE=getMsg HTTP/1.1" 200 27
222.70.171.86 - - [25/Nov/2021:07:04:08 +0800] "POST /xingrg/kc/buy/cgsh_order_operate.html HTTP/1.1" 200 37
222.70.176.97 - - [25/Nov/2021:07:04:08 +0800] "GET /xingrg/all/function/internal_message.html?_=1637795043863&CODE_STATE=getMsg HTTP/1.1" 200 27
222.70.171.86 - - [25/Nov/2021:07:04:11 +0800] "POST /xingrg/kc/buy/cgsh_order_operate.html HTTP/1.1" 200 12
222.70.171.86 - - [25/Nov/2021:07:04:13 +0800] "GET /xingrg/kc/buy/cgsh_order_info.html?code=212021112309801 HTTP/1.1" 200 59790
222.70.171.86 - - [25/Nov/2021:07:04:13 +0800] "GET /xingrg/javascript/easyui/themes/default/validatebox.css HTTP/1.1" 404 1104
222.70.171.86 - - [25/Nov/2021:07:04:13 +0800] "GET /xingrg/all/function/internal_message.html?_=1637795067167&CODE_STATE=getMsg HTTP/1.1" 200 27
222.70.171.86 - - [25/Nov/2021:07:04:14 +0800] "POST /xingrg/kc/buy/cgsh_order_operate.html HTTP/1.1" 200 4148
116.238.248.233 - - [25/Nov/2021:07:04:18 +0800] "GET /xingrg/all/function/internal_message.html?_=1637795054477&CODE_STATE=getMsg HTTP/1.1" 200 27
120.253.135.82 - - [25/Nov/2021:07:04:21 +0800] "GET /xingrg/javascript/easyui/themes/sunny/images/ui-bg_gloss-wave_60_fece2f_500x100.png HTTP/1.1" 200 3512
222.70.171.86 - - [25/Nov/2021:07:04:26 +0800] "GET /xingrg/all/function/internal_message.html?_=1637795076806&CODE_STATE=getMsg HTTP/1.1" 302 -
120.253.135.82 - - [25/Nov/2021:07:04:36 +0800] "GET /xingrg/check_reg.html?_=1637794849174 HTTP/1.1" 200 22
120.253.135.82 - - [25/Nov/2021:07:04:40 +0800] "GET /xingrg/all/function/internal_message.html?_=1637794853106&CODE_STATE=getMsg HTTP/1.1" 200 27
180.174.250.202 - - [25/Nov/2021:07:04:51 +0800] "GET /xingrg/all/function/internal_message.html?_=1637795092451&CODE_STATE=getMsg HTTP/1.1" 200 27
58.37.231.44 - - [25/Nov/2021:07:04:58 +0800] "GET /xingrg/all/function/internal_message.html?_=1637794923125&CODE_STATE=getMsg HTTP/1.1" 200 27
222.70.176.97 - - [25/Nov/2021:07:05:08 +0800] "GET /xingrg/all/function/internal_message.html?_=1637795103834&CODE_STATE=getMsg HTTP/1.1" 200 27
222.70.171.86 - - [25/Nov/2021:07:05:13 +0800] "GET /xingrg/all/function/internal_message.html?_=1637795127180&CODE_STATE=getMsg HTTP/1.1" 200 27
116.238.248.233 - - [25/Nov/2021:07:05:18 +0800] "GET /xingrg/all/function/internal_message.html?_=1637795114481&CODE_STATE=getMsg HTTP/1.1" 200 27
222.70.171.86 - - [25/Nov/2021:07:05:26 +0800] "GET /xingrg/all/function/internal_message.html?_=1637795136809&CODE_STATE=getMsg HTTP/1.1" 302 -
120.253.135.82 - - [25/Nov/2021:07:05:40 +0800] "GET /xingrg/all/function/internal_message.html?_=1637794913119&CODE_STATE=getMsg HTTP/1.1" 200 27
180.174.250.202 - - [25/Nov/2021:07:05:51 +0800] "GET /xingrg/all/function/internal_message.html?_=1637795152450&CODE_STATE=getMsg HTTP/1.1" 200 27
