180.157.253.6 - - [25/Nov/2021:10:53:31 +0800] "GET /xingrg/all/function/internal_message.html?_=1637808809225&CODE_STATE=getMsg HTTP/1.1" 200 27
124.78.153.86 - - [25/Nov/2021:10:53:37 +0800] "GET /xingrg/kc/buy/cgsh_order_operate.html?command=get_materiel&rest_code=00106&code=00101011001&supplier_code=00100050&order_time=2021-11-25 HTTP/1.1" 200 423
180.162.112.229 - - [25/Nov/2021:10:53:37 +0800] "GET /xingrg/all/function/internal_message.html?_=1637808285619&CODE_STATE=getMsg HTTP/1.1" 200 27
120.253.135.82 - - [25/Nov/2021:10:53:37 +0800] "GET /xingrg/all/function/internal_message.html?_=1637808590120&CODE_STATE=getMsg HTTP/1.1" 200 27
124.78.153.86 - - [25/Nov/2021:10:53:38 +0800] "GET /xingrg/kc/base/wldb_order_operate.html?command=get_materiel&rest_code=00106&base_code=0010396&code=00101019071 HTTP/1.1" 200 455
180.169.147.146 - - [25/Nov/2021:10:53:43 +0800] "GET /xingrg/all/function/internal_message.html?_=1637808812029&CODE_STATE=getMsg HTTP/1.1" 200 27
120.253.135.82 - - [25/Nov/2021:10:53:45 +0800] "GET /xingrg/kc/pszx/mdps_order_operate.html?command=get_materiel&pszx_code=00101&rest_code=00111&base_code=0010246&code=00101014110 HTTP/1.1" 200 406
180.162.112.229 - - [25/Nov/2021:10:53:47 +0800] "GET /xingrg/kc/base/wldb_order_operate.html?command=get_materiel&rest_code=00143&base_code=0010216&code=00101019831 HTTP/1.1" 200 435
58.39.139.200 - - [25/Nov/2021:10:53:48 +0800] "GET /xingrg/all/function/internal_message.html?_=1637808762753&CODE_STATE=getMsg HTTP/1.1" 200 27
222.70.171.86 - - [25/Nov/2021:10:53:50 +0800] "GET /xingrg/all/function/internal_message.html?_=1637808843771&CODE_STATE=getMsg HTTP/1.1" 200 27
124.78.153.86 - - [25/Nov/2021:10:53:50 +0800] "POST /xingrg/kc/buy/cgsh_order_operate.html HTTP/1.1" 200 37
180.174.250.202 - - [25/Nov/2021:10:53:50 +0800] "GET /xingrg/all/function/internal_message.html?_=1637808832647&CODE_STATE=getMsg HTTP/1.1" 200 27
180.157.253.6 - - [25/Nov/2021:10:53:52 +0800] "GET /xingrg/check_reg.html?_=1637808829608 HTTP/1.1" 200 22
180.157.253.6 - - [25/Nov/2021:10:53:52 +0800] "GET /xingrg/all/function/internal_message.html?_=1637808829610&CODE_STATE=getMsg HTTP/1.1" 200 27
116.228.172.94 - - [25/Nov/2021:10:53:52 +0800] "POST /xingrg/kc/buy/cgsh_order_operate.html HTTP/1.1" 200 37
120.253.135.82 - - [25/Nov/2021:10:53:53 +0800] "POST /xingrg/kc/pszx/mdps_order_operate.html HTTP/1.1" 200 37
116.228.172.94 - - [25/Nov/2021:10:53:54 +0800] "GET /xingrg/all/function/internal_message.html?_=1637808717876&CODE_STATE=getMsg HTTP/1.1" 200 27
120.253.135.82 - - [25/Nov/2021:10:53:54 +0800] "GET /xingrg/kc/pszx/mdps_order_info.html?code=312021112500607 HTTP/1.1" 200 23925
120.253.135.82 - - [25/Nov/2021:10:53:55 +0800] "GET /xingrg/javascript/easyui/themes/default/validatebox.css HTTP/1.1" 404 1104
124.78.153.86 - - [25/Nov/2021:10:53:55 +0800] "POST /xingrg/kc/buy/cgsh_order_operate.html HTTP/1.1" 200 12
120.253.135.82 - - [25/Nov/2021:10:53:55 +0800] "POST /xingrg/kc/pszx/mdps_order_operate.html HTTP/1.1" 200 2275
116.228.172.94 - - [25/Nov/2021:10:53:57 +0800] "POST /xingrg/kc/buy/cgsh_order_operate.html HTTP/1.1" 200 12
124.78.153.86 - - [25/Nov/2021:10:53:57 +0800] "GET /xingrg/kc/buy/cgsh_order_info.html?code=212021112510600 HTTP/1.1" 200 59833
120.253.135.82 - - [25/Nov/2021:10:53:57 +0800] "POST /xingrg/kc/pszx/mdps_list_operate.html HTTP/1.1" 200 3496
58.37.231.44 - - [25/Nov/2021:10:53:58 +0800] "GET /xingrg/all/function/internal_message.html?_=1637808662809&CODE_STATE=getMsg HTTP/1.1" 200 27
124.78.153.86 - - [25/Nov/2021:10:53:58 +0800] "GET /xingrg/javascript/easyui/themes/default/validatebox.css HTTP/1.1" 404 1104
116.228.172.94 - - [25/Nov/2021:10:53:58 +0800] "GET /xingrg/kc/buy/cgsh_order_info.html?code=212021112510601 HTTP/1.1" 200 58874
124.78.153.86 - - [25/Nov/2021:10:53:58 +0800] "POST /xingrg/kc/buy/cgsh_order_operate.html HTTP/1.1" 200 1207
116.228.172.94 - - [25/Nov/2021:10:53:58 +0800] "GET /xingrg/javascript/easyui/themes/default/validatebox.css HTTP/1.1" 404 1104
124.78.153.86 - - [25/Nov/2021:10:53:58 +0800] "GET /xingrg/kc/base/wldb_order_operate.html?command=get_materiel&rest_code=00106&base_code=0010396&code=00101019528 HTTP/1.1" 200 482
116.228.172.94 - - [25/Nov/2021:10:53:59 +0800] "POST /xingrg/kc/buy/cgsh_order_operate.html HTTP/1.1" 200 9490
58.39.139.200 - - [25/Nov/2021:10:54:00 +0800] "GET /xingrg/all/function/internal_message.html?_=1637808839269&CODE_STATE=getMsg HTTP/1.1" 200 27
58.39.139.200 - - [25/Nov/2021:10:54:00 +0800] "GET /xingrg/check_reg.html?_=1637808839273 HTTP/1.1" 200 22
116.228.172.94 - - [25/Nov/2021:10:54:01 +0800] "GET /xingrg/kc/print/load_config.html?kc_code=cgsh HTTP/1.1" 200 2281
116.228.172.94 - - [25/Nov/2021:10:54:01 +0800] "GET /xingrg/kc/print/load_data.html?order_code=212021112510601&kc_code=cgsh&condition= HTTP/1.1" 200 4038
124.78.153.86 - - [25/Nov/2021:10:54:01 +0800] "GET /xingrg/kc/print/load_data.html?order_code=212021112510600&kc_code=cgsh&condition= HTTP/1.1" 200 987
180.174.250.202 - - [25/Nov/2021:10:54:03 +0800] "GET /xingrg/all/function/internal_message.html?_=1637808835746&CODE_STATE=getMsg HTTP/1.1" 200 27
116.227.210.113 - - [25/Nov/2021:10:54:06 +0800] "GET /xingrg/all/function/internal_message.html?_=1637808829012&CODE_STATE=getMsg HTTP/1.1" 200 27
114.83.221.74 - - [25/Nov/2021:10:54:08 +0800] "GET /xingrg/all/function/internal_message.html?_=1637808846377&CODE_STATE=getMsg HTTP/1.1" 200 27
120.253.135.82 - - [25/Nov/2021:10:54:08 +0800] "POST /xingrg/kc/pszx/mdps_list_operate.html HTTP/1.1" 200 644
120.253.135.82 - - [25/Nov/2021:10:54:09 +0800] "GET /xingrg/kc/pszx/mdps_order_info.html?code=312021112500597 HTTP/1.1" 200 23925
124.78.153.86 - - [25/Nov/2021:10:54:09 +0800] "GET /xingrg/all/function/internal_message.html?_=1637808844840&CODE_STATE=getMsg HTTP/1.1" 200 27
120.253.135.82 - - [25/Nov/2021:10:54:10 +0800] "GET /xingrg/javascript/easyui/themes/default/validatebox.css HTTP/1.1" 404 1104
120.253.135.82 - - [25/Nov/2021:10:54:10 +0800] "POST /xingrg/kc/pszx/mdps_order_operate.html HTTP/1.1" 200 11045
124.78.153.86 - - [25/Nov/2021:10:54:14 +0800] "GET /xingrg/kc/base/wldb_order_operate.html?command=get_materiel&rest_code=00106&base_code=0010396&code=00101019450 HTTP/1.1" 200 468
222.70.176.97 - - [25/Nov/2021:10:54:14 +0800] "GET /xingrg/all/function/internal_message.html?_=1637808849708&CODE_STATE=getMsg HTTP/1.1" 200 27
116.233.78.109 - - [25/Nov/2021:10:54:17 +0800] "GET /xingrg/all/function/internal_message.html?_=1637808854910&CODE_STATE=getMsg HTTP/1.1" 200 27
222.70.171.86 - - [25/Nov/2021:10:54:17 +0800] "GET /xingrg/kc/buy/cgsh_order_operate.html?command=get_materiel&rest_code=00146&code=00102002595&supplier_code=00100151&order_time=2021-11-25 HTTP/1.1" 200 406
124.78.153.86 - - [25/Nov/2021:10:54:19 +0800] "GET /xingrg/all/function/internal_message.html?_=1637808861136&CODE_STATE=getMsg HTTP/1.1" 200 27
120.253.135.82 - - [25/Nov/2021:10:54:21 +0800] "POST /xingrg/kc/pszx/mdps_order_operate.html HTTP/1.1" 200 37
120.253.135.82 - - [25/Nov/2021:10:54:23 +0800] "GET /xingrg/kc/pszx/mdps_order_info.html?code=312021112500597 HTTP/1.1" 200 23925
120.253.135.82 - - [25/Nov/2021:10:54:24 +0800] "GET /xingrg/javascript/easyui/themes/default/validatebox.css HTTP/1.1" 404 1104
120.253.135.82 - - [25/Nov/2021:10:54:24 +0800] "POST /xingrg/kc/pszx/mdps_order_operate.html HTTP/1.1" 200 10556
61.151.178.163 - - [25/Nov/2021:10:54:25 +0800] "GET /xingrg/kc/buy/cgsh_order_operate.html?command=get_materiel&rest_code=00106&code=00101011005&supplier_code=00100050&order_time=2021-11-25 HTTP/1.1" 302 -
61.151.178.163 - - [25/Nov/2021:10:54:26 +0800] "GET /xingrg/login.html HTTP/1.1" 200 7641
222.69.132.164 - - [25/Nov/2021:10:54:27 +0800] "GET /xingrg/all/function/internal_message.html?_=1637808868051&CODE_STATE=getMsg HTTP/1.1" 200 27
222.69.132.164 - - [25/Nov/2021:10:54:27 +0800] "GET /xingrg/check_reg.html?_=1637808868054 HTTP/1.1" 200 22
116.238.248.233 - - [25/Nov/2021:10:54:28 +0800] "GET /xingrg/all/function/internal_message.html?_=1637808864734&CODE_STATE=getMsg HTTP/1.1" 200 27
124.78.153.86 - - [25/Nov/2021:10:54:28 +0800] "GET /xingrg/kc/base/wldb_order_operate.html?command=get_materiel&rest_code=00106&base_code=0010396&code=00101019359 HTTP/1.1" 200 446
222.70.171.86 - - [25/Nov/2021:10:54:29 +0800] "GET /xingrg/all/function/internal_message.html?_=1637808880134&CODE_STATE=getMsg HTTP/1.1" 302 -
180.157.253.6 - - [25/Nov/2021:10:54:31 +0800] "GET /xingrg/all/function/internal_message.html?_=1637808869225&CODE_STATE=getMsg HTTP/1.1" 200 27
180.174.250.202 - - [25/Nov/2021:10:54:37 +0800] "GET /xingrg/check_reg.html?_=1637808869899 HTTP/1.1" 200 22
120.253.135.82 - - [25/Nov/2021:10:54:37 +0800] "GET /xingrg/all/function/internal_message.html?_=1637808650130&CODE_STATE=getMsg HTTP/1.1" 200 27
180.162.112.229 - - [25/Nov/2021:10:54:37 +0800] "GET /xingrg/all/function/internal_message.html?_=1637808345809&CODE_STATE=getMsg HTTP/1.1" 200 27
120.253.135.82 - - [25/Nov/2021:10:54:38 +0800] "POST /xingrg/kc/pszx/mdps_list_operate.html HTTP/1.1" 200 3496
180.162.112.229 - - [25/Nov/2021:10:54:40 +0800] "GET /xingrg/kc/base/wldb_order_operate.html?command=get_materiel&rest_code=00143&base_code=0010216&code=00101012077 HTTP/1.1" 200 422
124.78.153.86 - - [25/Nov/2021:10:54:42 +0800] "GET /xingrg/kc/base/wldb_order_operate.html?command=get_materiel&rest_code=00106&base_code=0010396&code=00101019400 HTTP/1.1" 200 451
180.169.147.146 - - [25/Nov/2021:10:54:43 +0800] "GET /xingrg/all/function/internal_message.html?_=1637808872013&CODE_STATE=getMsg HTTP/1.1" 200 27
58.39.139.200 - - [25/Nov/2021:10:54:48 +0800] "GET /xingrg/all/function/internal_message.html?_=1637808822753&CODE_STATE=getMsg HTTP/1.1" 200 27
222.70.171.86 - - [25/Nov/2021:10:54:49 +0800] "GET /xingrg/check_reg.html?_=1637808903583 HTTP/1.1" 200 22
222.70.171.86 - - [25/Nov/2021:10:54:50 +0800] "GET /xingrg/all/function/internal_message.html?_=1637808903785&CODE_STATE=getMsg HTTP/1.1" 200 27
180.174.250.202 - - [25/Nov/2021:10:54:50 +0800] "GET /xingrg/all/function/internal_message.html?_=1637808892644&CODE_STATE=getMsg HTTP/1.1" 200 27
124.78.153.86 - - [25/Nov/2021:10:54:51 +0800] "GET /xingrg/kc/base/wldb_order_operate.html?command=get_materiel&rest_code=00106&base_code=0010396&code=00101019184 HTTP/1.1" 200 444
180.157.253.6 - - [25/Nov/2021:10:54:52 +0800] "GET /xingrg/all/function/internal_message.html?_=1637808889595&CODE_STATE=getMsg HTTP/1.1" 200 27
58.40.7.146 - - [25/Nov/2021:10:54:52 +0800] "POST /xingrg/services/DataTransmitService HTTP/1.1" 200 524
116.228.172.94 - - [25/Nov/2021:10:54:54 +0800] "GET /xingrg/all/function/internal_message.html?_=1637808777856&CODE_STATE=getMsg HTTP/1.1" 200 27
120.253.135.82 - - [25/Nov/2021:10:54:54 +0800] "POST /xingrg/kc/pszx/mdps_list_operate.html HTTP/1.1" 200 644
120.253.135.82 - - [25/Nov/2021:10:54:55 +0800] "GET /xingrg/kc/pszx/mdps_order_info.html?code=312021112500597 HTTP/1.1" 200 23925
120.253.135.82 - - [25/Nov/2021:10:54:55 +0800] "GET /xingrg/javascript/easyui/themes/default/validatebox.css HTTP/1.1" 404 1104
120.253.135.82 - - [25/Nov/2021:10:54:55 +0800] "POST /xingrg/kc/pszx/mdps_order_operate.html HTTP/1.1" 200 10556
58.37.231.44 - - [25/Nov/2021:10:54:58 +0800] "GET /xingrg/all/function/internal_message.html?_=1637808722791&CODE_STATE=getMsg HTTP/1.1" 200 27
58.39.139.200 - - [25/Nov/2021:10:55:00 +0800] "GET /xingrg/all/function/internal_message.html?_=1637808899271&CODE_STATE=getMsg HTTP/1.1" 200 27
120.253.135.82 - - [25/Nov/2021:10:55:01 +0800] "POST /xingrg/kc/pszx/mdps_list_operate.html HTTP/1.1" 200 3496
222.70.171.86 - - [25/Nov/2021:10:55:02 +0800] "POST /xingrg/kc/buy/cgsh_order_operate.html HTTP/1.1" 200 37
180.174.250.202 - - [25/Nov/2021:10:55:03 +0800] "GET /xingrg/all/function/internal_message.html?_=1637808895762&CODE_STATE=getMsg HTTP/1.1" 200 27
180.162.112.229 - - [25/Nov/2021:10:55:04 +0800] "GET /xingrg/kc/base/wldb_order_operate.html?command=get_materiel&rest_code=00143&base_code=0010216&code=00101019536 HTTP/1.1" 200 471
116.227.210.113 - - [25/Nov/2021:10:55:06 +0800] "GET /xingrg/all/function/internal_message.html?_=1637808888994&CODE_STATE=getMsg HTTP/1.1" 200 27
222.70.171.86 - - [25/Nov/2021:10:55:06 +0800] "POST /xingrg/kc/buy/cgsh_order_operate.html HTTP/1.1" 200 12
114.83.221.74 - - [25/Nov/2021:10:55:07 +0800] "GET /xingrg/check_reg.html?_=1637808905550 HTTP/1.1" 200 22
222.70.171.86 - - [25/Nov/2021:10:55:07 +0800] "GET /xingrg/kc/buy/cgsh_order_info.html?code=212021112510602 HTTP/1.1" 200 59780
114.83.221.74 - - [25/Nov/2021:10:55:08 +0800] "GET /xingrg/all/function/internal_message.html?_=1637808906377&CODE_STATE=getMsg HTTP/1.1" 200 27
222.70.171.86 - - [25/Nov/2021:10:55:08 +0800] "GET /xingrg/javascript/easyui/themes/default/validatebox.css HTTP/1.1" 404 1104
222.70.171.86 - - [25/Nov/2021:10:55:09 +0800] "POST /xingrg/kc/buy/cgsh_order_operate.html HTTP/1.1" 200 615
124.78.153.86 - - [25/Nov/2021:10:55:09 +0800] "GET /xingrg/all/function/internal_message.html?_=1637808904834&CODE_STATE=getMsg HTTP/1.1" 200 27
222.70.171.86 - - [25/Nov/2021:10:55:11 +0800] "GET /xingrg/kc/print/load_data.html?order_code=212021112510602&kc_code=cgsh&condition= HTTP/1.1" 200 692
222.70.176.97 - - [25/Nov/2021:10:55:14 +0800] "GET /xingrg/all/function/internal_message.html?_=1637808909691&CODE_STATE=getMsg HTTP/1.1" 200 27
116.233.78.109 - - [25/Nov/2021:10:55:17 +0800] "GET /xingrg/all/function/internal_message.html?_=1637808914913&CODE_STATE=getMsg HTTP/1.1" 200 27
124.78.153.86 - - [25/Nov/2021:10:55:19 +0800] "GET /xingrg/all/function/internal_message.html?_=1637808921128&CODE_STATE=getMsg HTTP/1.1" 200 27
222.69.132.164 - - [25/Nov/2021:10:55:27 +0800] "GET /xingrg/all/function/internal_message.html?_=1637808928040&CODE_STATE=getMsg HTTP/1.1" 200 27
116.238.248.233 - - [25/Nov/2021:10:55:28 +0800] "GET /xingrg/all/function/internal_message.html?_=1637808924742&CODE_STATE=getMsg HTTP/1.1" 200 27
116.238.248.233 - - [25/Nov/2021:10:55:28 +0800] "GET /xingrg/check_reg.html?_=1637808924750 HTTP/1.1" 200 22
222.70.171.86 - - [25/Nov/2021:10:55:29 +0800] "GET /xingrg/all/function/internal_message.html?_=1637808940137&CODE_STATE=getMsg HTTP/1.1" 302 -
180.157.253.6 - - [25/Nov/2021:10:55:31 +0800] "GET /xingrg/check_reg.html?_=1637808929252 HTTP/1.1" 200 22
180.157.253.6 - - [25/Nov/2021:10:55:32 +0800] "GET /xingrg/all/function/internal_message.html?_=1637808929254&CODE_STATE=getMsg HTTP/1.1" 200 27
120.253.135.82 - - [25/Nov/2021:10:55:37 +0800] "GET /xingrg/check_reg.html?_=1637808709916 HTTP/1.1" 200 22
120.253.135.82 - - [25/Nov/2021:10:55:37 +0800] "GET /xingrg/all/function/internal_message.html?_=1637808710144&CODE_STATE=getMsg HTTP/1.1" 200 27
180.162.112.229 - - [25/Nov/2021:10:55:37 +0800] "GET /xingrg/all/function/internal_message.html?_=1637808405785&CODE_STATE=getMsg HTTP/1.1" 200 27
180.169.147.146 - - [25/Nov/2021:10:55:43 +0800] "GET /xingrg/all/function/internal_message.html?_=1637808931996&CODE_STATE=getMsg HTTP/1.1" 200 27
180.169.147.146 - - [25/Nov/2021:10:55:43 +0800] "GET /xingrg/check_reg.html?_=1637808932341 HTTP/1.1" 200 22
58.39.139.200 - - [25/Nov/2021:10:55:48 +0800] "GET /xingrg/all/function/internal_message.html?_=1637808882753&CODE_STATE=getMsg HTTP/1.1" 200 27
222.70.171.86 - - [25/Nov/2021:10:55:50 +0800] "GET /xingrg/all/function/internal_message.html?_=1637808963798&CODE_STATE=getMsg HTTP/1.1" 200 27
180.174.250.202 - - [25/Nov/2021:10:55:50 +0800] "GET /xingrg/all/function/internal_message.html?_=1637808952658&CODE_STATE=getMsg HTTP/1.1" 200 27
58.221.95.50 - - [25/Nov/2021:10:55:52 +0800] "GET /xingrg/check_reg.html?_=1637808950597 HTTP/1.1" 302 -
180.157.253.6 - - [25/Nov/2021:10:55:52 +0800] "GET /xingrg/all/function/internal_message.html?_=1637808949609&CODE_STATE=getMsg HTTP/1.1" 200 27
116.228.172.94 - - [25/Nov/2021:10:55:53 +0800] "GET /xingrg/check_reg.html?_=1637808836984 HTTP/1.1" 200 22
116.228.172.94 - - [25/Nov/2021:10:55:54 +0800] "GET /xingrg/all/function/internal_message.html?_=1637808837839&CODE_STATE=getMsg HTTP/1.1" 200 27
58.37.231.44 - - [25/Nov/2021:10:55:58 +0800] "GET /xingrg/all/function/internal_message.html?_=1637808782764&CODE_STATE=getMsg HTTP/1.1" 200 27
58.37.231.44 - - [25/Nov/2021:10:55:58 +0800] "GET /xingrg/check_reg.html?_=1637808783685 HTTP/1.1" 200 22
58.39.139.200 - - [25/Nov/2021:10:56:00 +0800] "GET /xingrg/all/function/internal_message.html?_=1637808959271&CODE_STATE=getMsg HTTP/1.1" 200 27
180.174.250.202 - - [25/Nov/2021:10:56:03 +0800] "GET /xingrg/all/function/internal_message.html?_=1637808955778&CODE_STATE=getMsg HTTP/1.1" 200 27
116.227.210.113 - - [25/Nov/2021:10:56:06 +0800] "GET /xingrg/all/function/internal_message.html?_=1637808948991&CODE_STATE=getMsg HTTP/1.1" 200 27
58.39.139.200 - - [25/Nov/2021:10:56:08 +0800] "GET /xingrg/kc/base/base_main.html HTTP/1.1" 200 12142
58.39.139.200 - - [25/Nov/2021:10:56:08 +0800] "GET /xingrg/javascript/jquery_easy_ui/themes/default/images/tabs_close.gif HTTP/1.1" 304 -
58.39.139.200 - - [25/Nov/2021:10:56:08 +0800] "GET /xingrg/css/blue.css HTTP/1.1" 304 -
58.39.139.200 - - [25/Nov/2021:10:56:08 +0800] "GET /xingrg/javascript/myfunction.js HTTP/1.1" 304 -
58.39.139.200 - - [25/Nov/2021:10:56:08 +0800] "GET /xingrg/javascript/pic_change.js HTTP/1.1" 304 -
58.39.139.200 - - [25/Nov/2021:10:56:08 +0800] "GET /xingrg/images/blue/button/wlsy.gif HTTP/1.1" 304 -
58.39.139.200 - - [25/Nov/2021:10:56:08 +0800] "GET /xingrg/images/blue/button/ckpd.gif HTTP/1.1" 304 -
58.39.139.200 - - [25/Nov/2021:10:56:08 +0800] "GET /xingrg/images/blue/button/kc.gif HTTP/1.1" 304 -
58.39.139.200 - - [25/Nov/2021:10:56:08 +0800] "GET /xingrg/images/blue/button/ckdb.gif HTTP/1.1" 304 -
58.39.139.200 - - [25/Nov/2021:10:56:08 +0800] "GET /xingrg/images/blue/button/yddb.gif HTTP/1.1" 304 -
114.83.221.74 - - [25/Nov/2021:10:56:08 +0800] "GET /xingrg/all/function/internal_message.html?_=1637808966362&CODE_STATE=getMsg HTTP/1.1" 200 27
58.39.139.200 - - [25/Nov/2021:10:56:08 +0800] "GET /xingrg/images/blue/pic_form2.gif HTTP/1.1" 304 -
58.39.139.200 - - [25/Nov/2021:10:56:08 +0800] "GET /xingrg/images/blue/bg_dotted.jpg HTTP/1.1" 304 -
58.39.139.200 - - [25/Nov/2021:10:56:08 +0800] "GET /xingrg/images/blue/button/top_left.jpg HTTP/1.1" 304 -
58.39.139.200 - - [25/Nov/2021:10:56:08 +0800] "GET /xingrg/images/blue/button/top_right.jpg HTTP/1.1" 304 -
58.39.139.200 - - [25/Nov/2021:10:56:08 +0800] "GET /xingrg/images/blue/button/down.jpg HTTP/1.1" 304 -
58.39.139.200 - - [25/Nov/2021:10:56:08 +0800] "GET /xingrg/images/blue/button/left_ah.jpg HTTP/1.1" 304 -
58.39.139.200 - - [25/Nov/2021:10:56:08 +0800] "GET /xingrg/images/blue/button/bottom_left.jpg HTTP/1.1" 304 -
58.39.139.200 - - [25/Nov/2021:10:56:08 +0800] "GET /xingrg/images/blue/button/right_ah.jpg HTTP/1.1" 304 -
58.39.139.200 - - [25/Nov/2021:10:56:08 +0800] "GET /xingrg/images/blue/button/bottom_right.jpg HTTP/1.1" 304 -
58.39.139.200 - - [25/Nov/2021:10:56:09 +0800] "GET /xingrg/kc/base/wldb_order_list.html HTTP/1.1" 200 19224
58.39.139.200 - - [25/Nov/2021:10:56:09 +0800] "GET /xingrg/css/base.css HTTP/1.1" 304 -
58.39.139.200 - - [25/Nov/2021:10:56:09 +0800] "GET /xingrg/css/site.css HTTP/1.1" 304 -
58.39.139.200 - - [25/Nov/2021:10:56:09 +0800] "GET /xingrg/javascript/jquery_tools/datebox.css HTTP/1.1" 304 -
58.39.139.200 - - [25/Nov/2021:10:56:09 +0800] "GET /xingrg/javascript/easyui/themes/default/easyui.css HTTP/1.1" 304 -
58.39.139.200 - - [25/Nov/2021:10:56:09 +0800] "GET /xingrg/javascript/easyui/themes/icon.css HTTP/1.1" 304 -
58.39.139.200 - - [25/Nov/2021:10:56:09 +0800] "GET /xingrg/javascript/auto/jquery.autocomplete.css HTTP/1.1" 304 -
58.39.139.200 - - [25/Nov/2021:10:56:09 +0800] "GET /xingrg/javascript/jquery_tools/fix.css HTTP/1.1" 304 -
58.39.139.200 - - [25/Nov/2021:10:56:09 +0800] "GET /xingrg/javascript/jquery_tools/table.css HTTP/1.1" 304 -
58.39.139.200 - - [25/Nov/2021:10:56:09 +0800] "GET /xingrg/javascript/jquery_tools/jquery.tools.min.js HTTP/1.1" 304 -
58.39.139.200 - - [25/Nov/2021:10:56:09 +0800] "GET /xingrg/javascript/jquery_tools/jquery.tools.extend.js HTTP/1.1" 304 -
58.39.139.200 - - [25/Nov/2021:10:56:09 +0800] "GET /xingrg/javascript/jquery_tools/jquery.tools.hotkey.js HTTP/1.1" 304 -
58.39.139.200 - - [25/Nov/2021:10:56:09 +0800] "GET /xingrg/javascript/jquery_tools/jquery.tools.table.js HTTP/1.1" 304 -
58.39.139.200 - - [25/Nov/2021:10:56:09 +0800] "GET /xingrg/javascript/jquery_tools/list_manager.js HTTP/1.1" 304 -
58.39.139.200 - - [25/Nov/2021:10:56:09 +0800] "GET /xingrg/javascript/auto/jquery.autocomplete.js HTTP/1.1" 304 -
58.39.139.200 - - [25/Nov/2021:10:56:09 +0800] "GET /xingrg/javascript/easyui/easyloader.js HTTP/1.1" 304 -
58.39.139.200 - - [25/Nov/2021:10:56:09 +0800] "GET /xingrg/javascript/jquery.cookie.js HTTP/1.1" 304 -
58.39.139.200 - - [25/Nov/2021:10:56:09 +0800] "GET /xingrg/javascript/print/LodopFuncs.js HTTP/1.1" 304 -
124.78.153.86 - - [25/Nov/2021:10:56:09 +0800] "GET /xingrg/all/function/internal_message.html?_=1637808964834&CODE_STATE=getMsg HTTP/1.1" 200 27
124.78.153.86 - - [25/Nov/2021:10:56:09 +0800] "GET /xingrg/check_reg.html?_=1637808964836 HTTP/1.1" 200 22
58.39.139.200 - - [25/Nov/2021:10:56:10 +0800] "GET /xingrg/javascript/easyui/themes/icons/edit_add_new.png HTTP/1.1" 304 -
58.39.139.200 - - [25/Nov/2021:10:56:10 +0800] "GET /xingrg/javascript/easyui/themes/icons/field_new.png HTTP/1.1" 304 -
58.39.139.200 - - [25/Nov/2021:10:56:10 +0800] "GET /xingrg/javascript/easyui/themes/icons/import_new.png HTTP/1.1" 304 -
58.39.139.200 - - [25/Nov/2021:10:56:10 +0800] "GET /xingrg/javascript/easyui/themes/icons/check_new.png HTTP/1.1" 304 -
58.39.139.200 - - [25/Nov/2021:10:56:10 +0800] "GET /xingrg/javascript/easyui/themes/icons/cance_new.png HTTP/1.1" 304 -
58.39.139.200 - - [25/Nov/2021:10:56:10 +0800] "GET /xingrg/javascript/easyui/plugins/jquery.parser.js HTTP/1.1" 304 -
58.39.139.200 - - [25/Nov/2021:10:56:10 +0800] "GET /xingrg/images/control/ajaxLoader.gif HTTP/1.1" 304 -
58.39.139.200 - - [25/Nov/2021:10:56:10 +0800] "POST /xingrg/kc/base/wldb_list_operate.html HTTP/1.1" 200 928
58.39.139.200 - - [25/Nov/2021:10:56:12 +0800] "GET /xingrg/javascript/easyui/themes/default/images/button_plain_hover.png HTTP/1.1" 304 -
58.39.139.200 - - [25/Nov/2021:10:56:13 +0800] "GET /xingrg/kc/base/wldb_order_add.html HTTP/1.1" 200 30438
58.39.139.200 - - [25/Nov/2021:10:56:13 +0800] "GET /xingrg/javascript/jquery_tools/order_manager.js HTTP/1.1" 304 -
58.39.139.200 - - [25/Nov/2021:10:56:13 +0800] "GET /xingrg/javascript/convert.js HTTP/1.1" 304 -
58.39.139.200 - - [25/Nov/2021:10:56:13 +0800] "GET /xingrg/javascript/json2.js HTTP/1.1" 304 -
58.39.139.200 - - [25/Nov/2021:10:56:13 +0800] "GET /xingrg/javascript/print/kc_print.js HTTP/1.1" 304 -
58.39.139.200 - - [25/Nov/2021:10:56:13 +0800] "GET /xingrg/words/20211123155242_words.js HTTP/1.1" 200 875008
58.39.139.200 - - [25/Nov/2021:10:56:13 +0800] "GET /xingrg/javascript/easyui/themes/icons/ok.png HTTP/1.1" 304 -
58.39.139.200 - - [25/Nov/2021:10:56:13 +0800] "GET /xingrg/javascript/easyui/themes/icons/template_new.png HTTP/1.1" 304 -
58.39.139.200 - - [25/Nov/2021:10:56:13 +0800] "GET /xingrg/javascript/easyui/themes/icons/print.png HTTP/1.1" 304 -
58.39.139.200 - - [25/Nov/2021:10:56:13 +0800] "GET /xingrg/javascript/easyui/themes/default/images/menu_downarrow.png HTTP/1.1" 304 -
58.39.139.200 - - [25/Nov/2021:10:56:13 +0800] "GET /xingrg/javascript/easyui/themes/icons/cancel.png HTTP/1.1" 304 -
58.39.139.200 - - [25/Nov/2021:10:56:13 +0800] "POST /xingrg/kc/base/wldb_order_operate.html HTTP/1.1" 200 6806
58.39.139.200 - - [25/Nov/2021:10:56:13 +0800] "GET /xingrg/all/common/auto_word.html?type=base&rest_code=00105 HTTP/1.1" 200 1857
58.39.139.200 - - [25/Nov/2021:10:56:13 +0800] "GET /xingrg/all/common/auto_word.html?type=base&rest_code=00105 HTTP/1.1" 200 1857
58.39.139.200 - - [25/Nov/2021:10:56:14 +0800] "GET /xingrg/javascript/easyui/themes/default/validatebox.css HTTP/1.1" 404 1104
58.39.139.200 - - [25/Nov/2021:10:56:14 +0800] "GET /xingrg/javascript/easyui/plugins/jquery.validatebox.js HTTP/1.1" 304 -
58.39.139.200 - - [25/Nov/2021:10:56:14 +0800] "GET /xingrg/javascript/easyui/themes/icons/edit_remove.png HTTP/1.1" 304 -
58.39.139.200 - - [25/Nov/2021:10:56:14 +0800] "GET /xingrg/javascript/easyui/plugins/jquery.numberbox.js HTTP/1.1" 304 -
222.70.176.97 - - [25/Nov/2021:10:56:14 +0800] "GET /xingrg/check_reg.html?_=1637808969612 HTTP/1.1" 200 22
222.70.176.97 - - [25/Nov/2021:10:56:14 +0800] "GET /xingrg/all/function/internal_message.html?_=1637808969674&CODE_STATE=getMsg HTTP/1.1" 200 27
58.39.139.200 - - [25/Nov/2021:10:56:15 +0800] "POST /xingrg/all/common/load_combo.html?type=base HTTP/1.1" 200 3321
58.39.139.200 - - [25/Nov/2021:10:56:15 +0800] "GET /xingrg/css/images/panel_loading.gif HTTP/1.1" 304 -
180.162.112.229 - - [25/Nov/2021:10:56:16 +0800] "GET /xingrg/kc/base/wldb_order_operate.html?command=get_materiel&rest_code=00143&base_code=0010216&code=00101019133 HTTP/1.1" 200 466
116.233.78.109 - - [25/Nov/2021:10:56:17 +0800] "GET /xingrg/all/function/internal_message.html?_=1637808974915&CODE_STATE=getMsg HTTP/1.1" 200 27
116.233.78.109 - - [25/Nov/2021:10:56:17 +0800] "GET /xingrg/check_reg.html?_=1637808974919 HTTP/1.1" 200 22
124.78.153.86 - - [25/Nov/2021:10:56:19 +0800] "GET /xingrg/check_reg.html?_=1637808981136 HTTP/1.1" 200 22
124.78.153.86 - - [25/Nov/2021:10:56:19 +0800] "GET /xingrg/all/function/internal_message.html?_=1637808981139&CODE_STATE=getMsg HTTP/1.1" 200 27
222.69.132.164 - - [25/Nov/2021:10:56:27 +0800] "GET /xingrg/all/function/internal_message.html?_=1637808988041&CODE_STATE=getMsg HTTP/1.1" 200 27
116.238.248.233 - - [25/Nov/2021:10:56:28 +0800] "GET /xingrg/all/function/internal_message.html?_=1637808984750&CODE_STATE=getMsg HTTP/1.1" 200 27
222.70.171.86 - - [25/Nov/2021:10:56:29 +0800] "GET /xingrg/all/function/internal_message.html?_=1637809000162&CODE_STATE=getMsg HTTP/1.1" 302 -
180.157.253.6 - - [25/Nov/2021:10:56:31 +0800] "GET /xingrg/all/function/internal_message.html?_=1637808989240&CODE_STATE=getMsg HTTP/1.1" 200 27
180.162.112.229 - - [25/Nov/2021:10:56:37 +0800] "GET /xingrg/check_reg.html?_=1637808465620 HTTP/1.1" 200 22
180.162.112.229 - - [25/Nov/2021:10:56:37 +0800] "GET /xingrg/all/function/internal_message.html?_=1637808465764&CODE_STATE=getMsg HTTP/1.1" 200 27
120.253.135.82 - - [25/Nov/2021:10:56:37 +0800] "GET /xingrg/all/function/internal_message.html?_=1637808770158&CODE_STATE=getMsg HTTP/1.1" 200 27
180.169.147.146 - - [25/Nov/2021:10:56:43 +0800] "GET /xingrg/all/function/internal_message.html?_=1637808991966&CODE_STATE=getMsg HTTP/1.1" 200 27
58.39.139.200 - - [25/Nov/2021:10:56:48 +0800] "GET /xingrg/check_reg.html?_=1637808942785 HTTP/1.1" 200 22
58.39.139.200 - - [25/Nov/2021:10:56:48 +0800] "GET /xingrg/all/function/internal_message.html?_=1637808942788&CODE_STATE=getMsg HTTP/1.1" 200 27
222.70.171.86 - - [25/Nov/2021:10:56:50 +0800] "GET /xingrg/all/function/internal_message.html?_=1637809023944&CODE_STATE=getMsg HTTP/1.1" 200 27
180.174.250.202 - - [25/Nov/2021:10:56:50 +0800] "GET /xingrg/all/function/internal_message.html?_=1637809012682&CODE_STATE=getMsg HTTP/1.1" 200 27
58.39.139.200 - - [25/Nov/2021:10:56:52 +0800] "GET /xingrg/javascript/auto/indicator.gif HTTP/1.1" 404 1066
180.157.253.6 - - [25/Nov/2021:10:56:52 +0800] "GET /xingrg/all/function/internal_message.html?_=1637809009608&CODE_STATE=getMsg HTTP/1.1" 200 27
116.228.172.94 - - [25/Nov/2021:10:56:54 +0800] "GET /xingrg/all/function/internal_message.html?_=1637808897822&CODE_STATE=getMsg HTTP/1.1" 200 27
58.39.139.200 - - [25/Nov/2021:10:56:55 +0800] "GET /xingrg/javascript/jquery_tools/images/next.gif HTTP/1.1" 404 1086
58.39.139.200 - - [25/Nov/2021:10:56:55 +0800] "GET /xingrg/javascript/jquery_tools/images/prev.gif HTTP/1.1" 404 1086
180.162.112.229 - - [25/Nov/2021:10:56:57 +0800] "GET /xingrg/kc/base/wldb_order_operate.html?command=get_materiel&rest_code=00143&base_code=0010216&code=00101019238 HTTP/1.1" 200 468
58.37.231.44 - - [25/Nov/2021:10:56:58 +0800] "GET /xingrg/all/function/internal_message.html?_=1637808842744&CODE_STATE=getMsg HTTP/1.1" 200 27
58.39.139.200 - - [25/Nov/2021:10:57:00 +0800] "GET /xingrg/all/function/internal_message.html?_=1637809019270&CODE_STATE=getMsg HTTP/1.1" 200 27
180.174.250.202 - - [25/Nov/2021:10:57:03 +0800] "GET /xingrg/all/function/internal_message.html?_=1637809016347&CODE_STATE=getMsg HTTP/1.1" 200 27
116.227.210.113 - - [25/Nov/2021:10:57:06 +0800] "GET /xingrg/all/function/internal_message.html?_=1637809008970&CODE_STATE=getMsg HTTP/1.1" 200 27
58.39.139.200 - - [25/Nov/2021:10:57:06 +0800] "GET /xingrg/kc/base/wldb_order_operate.html?command=get_materiel&rest_code=00105&base_code=0010507&code=00101019438 HTTP/1.1" 200 447
114.83.221.74 - - [25/Nov/2021:10:57:08 +0800] "GET /xingrg/all/function/internal_message.html?_=1637809026348&CODE_STATE=getMsg HTTP/1.1" 200 27
124.78.153.86 - - [25/Nov/2021:10:57:09 +0800] "GET /xingrg/all/function/internal_message.html?_=1637809024834&CODE_STATE=getMsg HTTP/1.1" 200 27
222.70.171.86 - - [25/Nov/2021:10:57:11 +0800] "GET /xingrg/check_reg.html?_=1637809042274 HTTP/1.1" 302 -
222.70.176.97 - - [25/Nov/2021:10:57:14 +0800] "GET /xingrg/all/function/internal_message.html?_=1637809029657&CODE_STATE=getMsg HTTP/1.1" 200 27
116.233.78.109 - - [25/Nov/2021:10:57:17 +0800] "GET /xingrg/all/function/internal_message.html?_=1637809034918&CODE_STATE=getMsg HTTP/1.1" 200 27
58.39.139.200 - - [25/Nov/2021:10:57:19 +0800] "GET /xingrg/kc/base/wldb_order_operate.html?command=get_materiel&rest_code=00105&base_code=0010507&code=00101016076 HTTP/1.1" 200 477
124.78.153.86 - - [25/Nov/2021:10:57:19 +0800] "GET /xingrg/all/function/internal_message.html?_=1637809041134&CODE_STATE=getMsg HTTP/1.1" 200 27
222.69.132.164 - - [25/Nov/2021:10:57:27 +0800] "GET /xingrg/all/function/internal_message.html?_=1637809048038&CODE_STATE=getMsg HTTP/1.1" 200 27
116.238.248.233 - - [25/Nov/2021:10:57:28 +0800] "GET /xingrg/all/function/internal_message.html?_=1637809044754&CODE_STATE=getMsg HTTP/1.1" 200 27
222.70.171.86 - - [25/Nov/2021:10:57:29 +0800] "GET /xingrg/all/function/internal_message.html?_=1637809060163&CODE_STATE=getMsg HTTP/1.1" 302 -
180.157.253.6 - - [25/Nov/2021:10:57:31 +0800] "GET /xingrg/all/function/internal_message.html?_=1637809049241&CODE_STATE=getMsg HTTP/1.1" 200 27
58.39.139.200 - - [25/Nov/2021:10:57:33 +0800] "GET /xingrg/kc/base/wldb_order_operate.html?command=get_materiel&rest_code=00105&base_code=0010507&code=00101019267 HTTP/1.1" 200 481
180.162.112.229 - - [25/Nov/2021:10:57:37 +0800] "GET /xingrg/all/function/internal_message.html?_=1637808525734&CODE_STATE=getMsg HTTP/1.1" 200 27
120.253.135.82 - - [25/Nov/2021:10:57:37 +0800] "GET /xingrg/all/function/internal_message.html?_=1637808830171&CODE_STATE=getMsg HTTP/1.1" 200 27
180.169.147.146 - - [25/Nov/2021:10:57:43 +0800] "GET /xingrg/all/function/internal_message.html?_=1637809051950&CODE_STATE=getMsg HTTP/1.1" 200 27
58.39.139.200 - - [25/Nov/2021:10:57:48 +0800] "GET /xingrg/all/function/internal_message.html?_=1637809002779&CODE_STATE=getMsg HTTP/1.1" 200 27
222.70.171.86 - - [25/Nov/2021:10:57:50 +0800] "GET /xingrg/all/function/internal_message.html?_=1637809083950&CODE_STATE=getMsg HTTP/1.1" 200 27
58.39.139.200 - - [25/Nov/2021:10:57:50 +0800] "GET /xingrg/kc/base/wldb_order_operate.html?command=get_materiel&rest_code=00105&base_code=0010507&code=00101019253 HTTP/1.1" 200 467
180.174.250.202 - - [25/Nov/2021:10:57:50 +0800] "GET /xingrg/check_reg.html?_=1637809072679 HTTP/1.1" 200 22
180.174.250.202 - - [25/Nov/2021:10:57:50 +0800] "GET /xingrg/all/function/internal_message.html?_=1637809072682&CODE_STATE=getMsg HTTP/1.1" 200 27
180.157.253.6 - - [25/Nov/2021:10:57:52 +0800] "GET /xingrg/all/function/internal_message.html?_=1637809069607&CODE_STATE=getMsg HTTP/1.1" 200 27
116.228.172.94 - - [25/Nov/2021:10:57:54 +0800] "GET /xingrg/all/function/internal_message.html?_=1637808957804&CODE_STATE=getMsg HTTP/1.1" 200 27
58.37.231.44 - - [25/Nov/2021:10:57:58 +0800] "GET /xingrg/all/function/internal_message.html?_=1637808902719&CODE_STATE=getMsg HTTP/1.1" 200 27
58.39.139.200 - - [25/Nov/2021:10:58:00 +0800] "GET /xingrg/all/function/internal_message.html?_=1637809079270&CODE_STATE=getMsg HTTP/1.1" 200 27
58.39.139.200 - - [25/Nov/2021:10:58:01 +0800] "GET /xingrg/kc/base/wldb_order_operate.html?command=get_materiel&rest_code=00105&base_code=0010507&code=00101019249 HTTP/1.1" 200 470
180.174.250.202 - - [25/Nov/2021:10:58:03 +0800] "GET /xingrg/all/function/internal_message.html?_=1637809076349&CODE_STATE=getMsg HTTP/1.1" 200 27
116.227.210.113 - - [25/Nov/2021:10:58:05 +0800] "GET /xingrg/check_reg.html?_=1637809067896 HTTP/1.1" 200 22
116.227.210.113 - - [25/Nov/2021:10:58:06 +0800] "GET /xingrg/all/function/internal_message.html?_=1637809068946&CODE_STATE=getMsg HTTP/1.1" 200 27
114.83.221.74 - - [25/Nov/2021:10:58:08 +0800] "GET /xingrg/all/function/internal_message.html?_=1637809086334&CODE_STATE=getMsg HTTP/1.1" 200 27
124.78.153.86 - - [25/Nov/2021:10:58:09 +0800] "GET /xingrg/all/function/internal_message.html?_=1637809084832&CODE_STATE=getMsg HTTP/1.1" 200 27
58.39.139.200 - - [25/Nov/2021:10:58:12 +0800] "GET /xingrg/kc/base/wldb_order_operate.html?command=get_materiel&rest_code=00105&base_code=0010507&code=00101019400 HTTP/1.1" 200 450
222.70.176.97 - - [25/Nov/2021:10:58:14 +0800] "GET /xingrg/all/function/internal_message.html?_=1637809089640&CODE_STATE=getMsg HTTP/1.1" 200 27
116.233.78.109 - - [25/Nov/2021:10:58:17 +0800] "GET /xingrg/all/function/internal_message.html?_=1637809094920&CODE_STATE=getMsg HTTP/1.1" 200 27
124.78.153.86 - - [25/Nov/2021:10:58:19 +0800] "GET /xingrg/all/function/internal_message.html?_=1637809101128&CODE_STATE=getMsg HTTP/1.1" 200 27
58.39.139.200 - - [25/Nov/2021:10:58:22 +0800] "GET /xingrg/kc/base/wldb_order_operate.html?command=get_materiel&rest_code=00105&base_code=0010507&code=00101019183 HTTP/1.1" 200 433
222.69.132.164 - - [25/Nov/2021:10:58:27 +0800] "GET /xingrg/all/function/internal_message.html?_=1637809108048&CODE_STATE=getMsg HTTP/1.1" 200 27
116.238.248.233 - - [25/Nov/2021:10:58:28 +0800] "GET /xingrg/all/function/internal_message.html?_=1637809104753&CODE_STATE=getMsg HTTP/1.1" 200 27
222.70.171.86 - - [25/Nov/2021:10:58:29 +0800] "GET /xingrg/all/function/internal_message.html?_=1637809120189&CODE_STATE=getMsg HTTP/1.1" 302 -
58.39.139.200 - - [25/Nov/2021:10:58:31 +0800] "GET /xingrg/kc/base/wldb_order_operate.html?command=get_materiel&rest_code=00105&base_code=0010507&code=00101019222 HTTP/1.1" 200 454
180.157.253.6 - - [25/Nov/2021:10:58:31 +0800] "GET /xingrg/all/function/internal_message.html?_=1637809109243&CODE_STATE=getMsg HTTP/1.1" 200 27
180.162.112.229 - - [25/Nov/2021:10:58:37 +0800] "GET /xingrg/all/function/internal_message.html?_=1637808585715&CODE_STATE=getMsg HTTP/1.1" 200 27
120.253.135.82 - - [25/Nov/2021:10:58:38 +0800] "GET /xingrg/all/function/internal_message.html?_=1637808890242&CODE_STATE=getMsg HTTP/1.1" 200 27
180.169.147.146 - - [25/Nov/2021:10:58:43 +0800] "GET /xingrg/all/function/internal_message.html?_=1637809111933&CODE_STATE=getMsg HTTP/1.1" 200 27
58.39.139.200 - - [25/Nov/2021:10:58:45 +0800] "GET /xingrg/kc/base/wldb_order_operate.html?command=get_materiel&rest_code=00105&base_code=0010507&code=00101019199 HTTP/1.1" 200 459
58.39.139.200 - - [25/Nov/2021:10:58:48 +0800] "GET /xingrg/all/function/internal_message.html?_=1637809062775&CODE_STATE=getMsg HTTP/1.1" 200 27
222.70.171.86 - - [25/Nov/2021:10:58:50 +0800] "GET /xingrg/all/function/internal_message.html?_=1637809144098&CODE_STATE=getMsg HTTP/1.1" 200 27
180.174.250.202 - - [25/Nov/2021:10:58:50 +0800] "GET /xingrg/all/function/internal_message.html?_=1637809132676&CODE_STATE=getMsg HTTP/1.1" 200 27
180.157.253.6 - - [25/Nov/2021:10:58:52 +0800] "GET /xingrg/check_reg.html?_=1637809129608 HTTP/1.1" 200 22
180.157.253.6 - - [25/Nov/2021:10:58:52 +0800] "GET /xingrg/all/function/internal_message.html?_=1637809129606&CODE_STATE=getMsg HTTP/1.1" 200 27
116.228.172.94 - - [25/Nov/2021:10:58:53 +0800] "GET /xingrg/all/function/internal_message.html?_=1637809017790&CODE_STATE=getMsg HTTP/1.1" 200 27
58.39.139.200 - - [25/Nov/2021:10:58:55 +0800] "POST /xingrg/kc/base/wldb_order_operate.html HTTP/1.1" 200 37
58.39.139.200 - - [25/Nov/2021:10:58:55 +0800] "POST /xingrg/kc/base/wldb_order_operate.html HTTP/1.1" 200 6215
58.39.139.200 - - [25/Nov/2021:10:58:56 +0800] "GET /xingrg/kc/base/wldb_order_info.html?code=422021112502735 HTTP/1.1" 200 30453
58.39.139.200 - - [25/Nov/2021:10:58:56 +0800] "GET /xingrg/javascript/easyui/themes/default/validatebox.css HTTP/1.1" 404 1104
58.39.139.200 - - [25/Nov/2021:10:58:57 +0800] "POST /xingrg/kc/base/wldb_order_operate.html HTTP/1.1" 200 6215
58.37.231.44 - - [25/Nov/2021:10:58:57 +0800] "GET /xingrg/all/function/internal_message.html?_=1637808962694&CODE_STATE=getMsg HTTP/1.1" 200 27
58.39.139.200 - - [25/Nov/2021:10:59:00 +0800] "GET /xingrg/all/function/internal_message.html?_=1637809139273&CODE_STATE=getMsg HTTP/1.1" 200 27
58.39.139.200 - - [25/Nov/2021:10:59:00 +0800] "GET /xingrg/check_reg.html?_=1637809139274 HTTP/1.1" 200 22
180.174.250.202 - - [25/Nov/2021:10:59:04 +0800] "GET /xingrg/all/function/internal_message.html?_=1637809137185&CODE_STATE=getMsg HTTP/1.1" 200 27
116.227.210.113 - - [25/Nov/2021:10:59:06 +0800] "GET /xingrg/all/function/internal_message.html?_=1637809128920&CODE_STATE=getMsg HTTP/1.1" 200 27
114.83.221.74 - - [25/Nov/2021:10:59:08 +0800] "GET /xingrg/all/function/internal_message.html?_=1637809146307&CODE_STATE=getMsg HTTP/1.1" 200 27
180.162.112.229 - - [25/Nov/2021:10:59:09 +0800] "GET /xingrg/kc/base/wldb_order_operate.html?command=get_materiel&rest_code=00143&base_code=0010216&code=00101019179 HTTP/1.1" 200 452
61.151.179.84 - - [25/Nov/2021:10:59:09 +0800] "GET /xingrg/all/function/internal_message.html?_=1637809084832&CODE_STATE=getMsg HTTP/1.1" 302 -
124.78.153.86 - - [25/Nov/2021:10:59:09 +0800] "GET /xingrg/all/function/internal_message.html?_=1637809144831&CODE_STATE=getMsg HTTP/1.1" 200 27
61.151.179.84 - - [25/Nov/2021:10:59:10 +0800] "GET /xingrg/login.html HTTP/1.1" 200 7641
222.70.176.97 - - [25/Nov/2021:10:59:14 +0800] "GET /xingrg/all/function/internal_message.html?_=1637809149611&CODE_STATE=getMsg HTTP/1.1" 200 27
116.233.78.109 - - [25/Nov/2021:10:59:17 +0800] "GET /xingrg/all/function/internal_message.html?_=1637809154927&CODE_STATE=getMsg HTTP/1.1" 200 27
124.78.153.86 - - [25/Nov/2021:10:59:19 +0800] "GET /xingrg/all/function/internal_message.html?_=1637809161139&CODE_STATE=getMsg HTTP/1.1" 200 27
58.39.139.200 - - [25/Nov/2021:10:59:20 +0800] "GET /xingrg/kc/base/wldb_order_add.html HTTP/1.1" 200 30438
58.39.139.200 - - [25/Nov/2021:10:59:20 +0800] "POST /xingrg/kc/base/wldb_order_operate.html HTTP/1.1" 200 6806
58.39.139.200 - - [25/Nov/2021:10:59:20 +0800] "GET /xingrg/javascript/easyui/themes/default/validatebox.css HTTP/1.1" 404 1104
58.39.139.200 - - [25/Nov/2021:10:59:22 +0800] "POST /xingrg/all/common/load_combo.html?type=base HTTP/1.1" 200 3321
222.69.132.164 - - [25/Nov/2021:10:59:27 +0800] "GET /xingrg/all/function/internal_message.html?_=1637809168034&CODE_STATE=getMsg HTTP/1.1" 200 27
222.69.132.164 - - [25/Nov/2021:10:59:27 +0800] "GET /xingrg/check_reg.html?_=1637809168035 HTTP/1.1" 200 22
116.238.248.233 - - [25/Nov/2021:10:59:28 +0800] "GET /xingrg/all/function/internal_message.html?_=1637809164751&CODE_STATE=getMsg HTTP/1.1" 200 27
222.70.171.86 - - [25/Nov/2021:10:59:29 +0800] "GET /xingrg/all/function/internal_message.html?_=1637809180191&CODE_STATE=getMsg HTTP/1.1" 302 -
180.162.112.229 - - [25/Nov/2021:10:59:30 +0800] "GET /xingrg/kc/base/wldb_order_operate.html?command=get_materiel&rest_code=00143&base_code=0010216&code=00101019400 HTTP/1.1" 200 450
180.157.253.6 - - [25/Nov/2021:10:59:31 +0800] "GET /xingrg/all/function/internal_message.html?_=1637809169243&CODE_STATE=getMsg HTTP/1.1" 200 27
180.174.250.202 - - [25/Nov/2021:10:59:37 +0800] "GET /xingrg/check_reg.html?_=1637809169910 HTTP/1.1" 200 22
180.162.112.229 - - [25/Nov/2021:10:59:37 +0800] "GET /xingrg/all/function/internal_message.html?_=1637808645684&CODE_STATE=getMsg HTTP/1.1" 200 27
120.253.135.82 - - [25/Nov/2021:10:59:38 +0800] "GET /xingrg/all/function/internal_message.html?_=1637808950245&CODE_STATE=getMsg HTTP/1.1" 200 27
180.169.147.146 - - [25/Nov/2021:10:59:43 +0800] "GET /xingrg/all/function/internal_message.html?_=1637809171917&CODE_STATE=getMsg HTTP/1.1" 200 27
58.39.139.200 - - [25/Nov/2021:10:59:48 +0800] "GET /xingrg/all/function/internal_message.html?_=1637809122779&CODE_STATE=getMsg HTTP/1.1" 200 27
58.39.139.200 - - [25/Nov/2021:10:59:48 +0800] "GET /xingrg/kc/base/wldb_order_operate.html?command=get_materiel&rest_code=00105&base_code=0010507&code=00101019184 HTTP/1.1" 200 444
222.70.171.86 - - [25/Nov/2021:10:59:49 +0800] "GET /xingrg/check_reg.html?_=1637809203592 HTTP/1.1" 200 22
222.70.171.86 - - [25/Nov/2021:10:59:50 +0800] "GET /xingrg/all/function/internal_message.html?_=1637809204225&CODE_STATE=getMsg HTTP/1.1" 200 27
180.174.250.202 - - [25/Nov/2021:10:59:50 +0800] "GET /xingrg/all/function/internal_message.html?_=1637809192674&CODE_STATE=getMsg HTTP/1.1" 200 27
180.157.253.6 - - [25/Nov/2021:10:59:52 +0800] "GET /xingrg/all/function/internal_message.html?_=1637809189607&CODE_STATE=getMsg HTTP/1.1" 200 27
116.228.172.94 - - [25/Nov/2021:10:59:53 +0800] "GET /xingrg/all/function/internal_message.html?_=1637809077767&CODE_STATE=getMsg HTTP/1.1" 200 27
180.162.112.229 - - [25/Nov/2021:10:59:57 +0800] "GET /xingrg/kc/base/wldb_order_operate.html?command=get_materiel&rest_code=00143&base_code=0010216&code=00101016044 HTTP/1.1" 200 464
58.37.231.44 - - [25/Nov/2021:10:59:57 +0800] "GET /xingrg/all/function/internal_message.html?_=1637809022667&CODE_STATE=getMsg HTTP/1.1" 200 27
58.39.139.200 - - [25/Nov/2021:11:00:00 +0800] "GET /xingrg/all/function/internal_message.html?_=1637809199273&CODE_STATE=getMsg HTTP/1.1" 200 27
180.174.250.202 - - [25/Nov/2021:11:00:04 +0800] "GET /xingrg/all/function/internal_message.html?_=1637809197192&CODE_STATE=getMsg HTTP/1.1" 200 27
116.227.210.113 - - [25/Nov/2021:11:00:06 +0800] "GET /xingrg/all/function/internal_message.html?_=1637809188913&CODE_STATE=getMsg HTTP/1.1" 200 27
114.83.221.74 - - [25/Nov/2021:11:00:07 +0800] "GET /xingrg/check_reg.html?_=1637809205538 HTTP/1.1" 200 22
114.83.221.74 - - [25/Nov/2021:11:00:08 +0800] "GET /xingrg/all/function/internal_message.html?_=1637809206300&CODE_STATE=getMsg HTTP/1.1" 200 27
124.78.153.86 - - [25/Nov/2021:11:00:09 +0800] "GET /xingrg/all/function/internal_message.html?_=1637809204831&CODE_STATE=getMsg HTTP/1.1" 200 27
120.253.135.82 - - [25/Nov/2021:11:00:12 +0800] "GET /xingrg/javascript/jquery_easy_ui/themes/default/images/tabs_active.png HTTP/1.1" 304 -
120.253.135.82 - - [25/Nov/2021:11:00:12 +0800] "GET /xingrg/javascript/jquery_easy_ui/themes/default/images/tabs_active.png HTTP/1.1" 304 -
222.70.176.97 - - [25/Nov/2021:11:00:14 +0800] "GET /xingrg/all/function/internal_message.html?_=1637809209609&CODE_STATE=getMsg HTTP/1.1" 200 27
116.233.78.109 - - [25/Nov/2021:11:00:17 +0800] "GET /xingrg/all/function/internal_message.html?_=1637809214926&CODE_STATE=getMsg HTTP/1.1" 200 27
124.78.153.86 - - [25/Nov/2021:11:00:19 +0800] "GET /xingrg/all/function/internal_message.html?_=1637809221156&CODE_STATE=getMsg HTTP/1.1" 200 27
58.39.139.200 - - [25/Nov/2021:11:00:24 +0800] "GET /xingrg/kc/base/wldb_order_operate.html?command=get_materiel&rest_code=00105&base_code=0010507&code=00101019133 HTTP/1.1" 200 466
222.69.132.164 - - [25/Nov/2021:11:00:27 +0800] "GET /xingrg/all/function/internal_message.html?_=1637809228052&CODE_STATE=getMsg HTTP/1.1" 200 27
116.238.248.233 - - [25/Nov/2021:11:00:28 +0800] "GET /xingrg/all/function/internal_message.html?_=1637809224751&CODE_STATE=getMsg HTTP/1.1" 200 27
116.238.248.233 - - [25/Nov/2021:11:00:28 +0800] "GET /xingrg/check_reg.html?_=1637809224752 HTTP/1.1" 200 22
222.70.171.86 - - [25/Nov/2021:11:00:29 +0800] "GET /xingrg/all/function/internal_message.html?_=1637809240216&CODE_STATE=getMsg HTTP/1.1" 302 -
180.157.253.6 - - [25/Nov/2021:11:00:31 +0800] "GET /xingrg/kc/mdqp/qp_main.html HTTP/1.1" 200 10633
180.157.253.6 - - [25/Nov/2021:11:00:32 +0800] "GET /xingrg/images/yd/bt.gif HTTP/1.1" 404 1040
180.157.253.6 - - [25/Nov/2021:11:00:32 +0800] "GET /xingrg/all/function/internal_message.html?_=1637809229468&CODE_STATE=getMsg HTTP/1.1" 200 27
180.157.253.6 - - [25/Nov/2021:11:00:32 +0800] "GET /xingrg/check_reg.html?_=1637809229470 HTTP/1.1" 200 22
180.157.253.6 - - [25/Nov/2021:11:00:33 +0800] "GET /xingrg/kc/mdqp/pssh_order_list.html HTTP/1.1" 200 17867
180.157.253.6 - - [25/Nov/2021:11:00:33 +0800] "POST /xingrg/kc/mdqp/pssh_list_operate.html HTTP/1.1" 200 5458
58.39.139.200 - - [25/Nov/2021:11:00:35 +0800] "GET /xingrg/kc/base/wldb_order_operate.html?command=get_materiel&rest_code=00105&base_code=0010507&code=00101019185 HTTP/1.1" 200 453
120.253.135.82 - - [25/Nov/2021:11:00:37 +0800] "GET /xingrg/check_reg.html?_=1637809009973 HTTP/1.1" 200 22
180.162.112.229 - - [25/Nov/2021:11:00:37 +0800] "GET /xingrg/all/function/internal_message.html?_=1637808705665&CODE_STATE=getMsg HTTP/1.1" 200 27
120.253.135.82 - - [25/Nov/2021:11:00:38 +0800] "GET /xingrg/all/function/internal_message.html?_=1637809010258&CODE_STATE=getMsg HTTP/1.1" 200 27
180.157.253.6 - - [25/Nov/2021:11:00:39 +0800] "POST /xingrg/all/user/operate.html HTTP/1.1" 200 36
180.157.253.6 - - [25/Nov/2021:11:00:40 +0800] "GET /xingrg/index.html?sysBaseUrl=http%3A%2F%2F180.169.147.146%3A18081%2Fxingrg%2F&costTime=43×tamp=1637803378134 HTTP/1.1" 200 17179
180.157.253.6 - - [25/Nov/2021:11:00:40 +0800] "GET /xingrg/javascript/jquery_easy_ui/themes/icon.css HTTP/1.1" 304 -
180.157.253.6 - - [25/Nov/2021:11:00:40 +0800] "GET /xingrg/javascript/jquery_easy_ui/themes/default/easyui.css HTTP/1.1" 304 -
180.157.253.6 - - [25/Nov/2021:11:00:40 +0800] "GET /xingrg/css/form.css HTTP/1.1" 304 -
180.157.253.6 - - [25/Nov/2021:11:00:40 +0800] "GET /xingrg/javascript/jquery-1.4.2.min.js HTTP/1.1" 304 -
180.157.253.6 - - [25/Nov/2021:11:00:40 +0800] "GET /xingrg/javascript/jquery_easy_ui/easyui-lang-zh_CN.js HTTP/1.1" 304 -
180.157.253.6 - - [25/Nov/2021:11:00:40 +0800] "GET /xingrg/javascript/jquery_easy_ui/jquery.easyui.min.js HTTP/1.1" 304 -
180.157.253.6 - - [25/Nov/2021:11:00:40 +0800] "GET /xingrg/javascript/jquery.form.js HTTP/1.1" 304 -
180.157.253.6 - - [25/Nov/2021:11:00:40 +0800] "GET /xingrg/images/blue/jxLogo.png HTTP/1.1" 304 -
180.157.253.6 - - [25/Nov/2021:11:00:40 +0800] "GET /xingrg/javascript/jquery.utils.js HTTP/1.1" 304 -
180.157.253.6 - - [25/Nov/2021:11:00:40 +0800] "GET /xingrg/javascript/jquery.timers.js HTTP/1.1" 304 -
180.157.253.6 - - [25/Nov/2021:11:00:40 +0800] "GET /xingrg/images/blue/navBackgound.jpg HTTP/1.1" 304 -
180.157.253.6 - - [25/Nov/2021:11:00:40 +0800] "GET /xingrg/javascript/jquery_easy_ui/themes/icons/settle_new.png HTTP/1.1" 304 -
180.157.253.6 - - [25/Nov/2021:11:00:40 +0800] "POST /xingrg/all/common/load_tree.html?tree=area_rest_tree_json&manage=1 HTTP/1.1" 200 470
180.157.253.6 - - [25/Nov/2021:11:00:40 +0800] "GET /xingrg/all/function/internal_message.html?_=1637809237632&CODE_STATE=count HTTP/1.1" 200 11
180.157.253.6 - - [25/Nov/2021:11:00:40 +0800] "GET /xingrg/check_reg.html?_=1637809237634 HTTP/1.1" 200 22
180.157.253.6 - - [25/Nov/2021:11:00:40 +0800] "GET /xingrg/javascript/jquery_easy_ui/themes/default/images/tabs_rightarrow.png HTTP/1.1" 304 -
180.157.253.6 - - [25/Nov/2021:11:00:40 +0800] "GET /xingrg/javascript/jquery_easy_ui/themes/default/images/panel_tool_collapse.gif HTTP/1.1" 304 -
180.157.253.6 - - [25/Nov/2021:11:00:40 +0800] "GET /xingrg/images/blue/pingpu.png HTTP/1.1" 304 -
180.157.253.6 - - [25/Nov/2021:11:00:40 +0800] "GET /xingrg/javascript/jquery_easy_ui/themes/default/images/tabs_leftarrow.png HTTP/1.1" 304 -
180.157.253.6 - - [25/Nov/2021:11:00:40 +0800] "POST /xingrg/load_menu.html HTTP/1.1" 200 5138
180.157.253.6 - - [25/Nov/2021:11:00:42 +0800] "GET /xingrg/kc/mdqp/qp_main.html HTTP/1.1" 200 10633
180.169.147.146 - - [25/Nov/2021:11:00:43 +0800] "GET /xingrg/all/function/internal_message.html?_=1637809231928&CODE_STATE=getMsg HTTP/1.1" 200 27
180.157.253.6 - - [25/Nov/2021:11:00:43 +0800] "GET /xingrg/images/yd/bt.gif HTTP/1.1" 404 1040
180.157.253.6 - - [25/Nov/2021:11:00:43 +0800] "GET /xingrg/kc/mdqp/pssh_order_list.html HTTP/1.1" 200 17861
180.169.147.146 - - [25/Nov/2021:11:00:43 +0800] "GET /xingrg/check_reg.html?_=1637809232365 HTTP/1.1" 200 22
180.157.253.6 - - [25/Nov/2021:11:00:43 +0800] "POST /xingrg/kc/mdqp/pssh_list_operate.html HTTP/1.1" 200 5391
180.157.253.6 - - [25/Nov/2021:11:00:46 +0800] "POST /xingrg/kc/mdqp/pssh_list_operate.html HTTP/1.1" 200 813
180.157.253.6 - - [25/Nov/2021:11:00:47 +0800] "GET /xingrg/kc/mdqp/pssh_order_info.html?code=312021112300576 HTTP/1.1" 200 17303
180.157.253.6 - - [25/Nov/2021:11:00:47 +0800] "GET /xingrg/javascript/jquery_tools/jquery-1.4.2.min.js HTTP/1.1" 404 1094
180.157.253.6 - - [25/Nov/2021:11:00:47 +0800] "GET /xingrg/javascript/easyui/themes/icons/back_new.png HTTP/1.1" 200 3414
180.157.253.6 - - [25/Nov/2021:11:00:47 +0800] "POST /xingrg/kc/mdqp/pssh_order_operate.html HTTP/1.1" 200 14476
180.157.253.6 - - [25/Nov/2021:11:00:47 +0800] "GET /xingrg/all/common/auto_word.html?type=base&rest_code=00148&rest_code=00148 HTTP/1.1" 200 1749
180.157.253.6 - - [25/Nov/2021:11:00:47 +0800] "GET /xingrg/all/common/auto_word.html?type=employee&rest_code=00148 HTTP/1.1" 200 243
180.157.253.6 - - [25/Nov/2021:11:00:47 +0800] "GET /xingrg/javascript/easyui/themes/default/validatebox.css HTTP/1.1" 404 1104
58.39.139.200 - - [25/Nov/2021:11:00:48 +0800] "GET /xingrg/all/function/internal_message.html?_=1637809182777&CODE_STATE=getMsg HTTP/1.1" 200 27
