116.235.94.0 - - [25/Nov/2021:09:30:34 +0800] "GET /xingrg/all/function/internal_message.html?_=1637803838494&CODE_STATE=getMsg HTTP/1.1" 200 27
116.227.210.113 - - [25/Nov/2021:09:30:38 +0800] "GET /xingrg/kc/buy/cgsh_order_operate.html?command=get_materiel&rest_code=00155&code=00101008003&supplier_code=00100005&order_time=2021-11-25 HTTP/1.1" 200 408
114.85.125.222 - - [25/Nov/2021:09:30:41 +0800] "GET /xingrg/all/function/internal_message.html?_=1637803811486&CODE_STATE=getMsg HTTP/1.1" 200 27
180.174.250.202 - - [25/Nov/2021:09:30:42 +0800] "GET /xingrg/all/function/internal_message.html?_=1637803835356&CODE_STATE=getMsg HTTP/1.1" 200 27
116.227.210.113 - - [25/Nov/2021:09:30:43 +0800] "GET /xingrg/kc/buy/cgsh_order_operate.html?command=get_materiel&rest_code=00155&code=00101008141&supplier_code=00100005&order_time=2021-11-25 HTTP/1.1" 200 412
58.39.139.200 - - [25/Nov/2021:09:30:48 +0800] "GET /xingrg/all/function/internal_message.html?_=1637803782624&CODE_STATE=getMsg HTTP/1.1" 200 27
116.227.210.113 - - [25/Nov/2021:09:30:48 +0800] "GET /xingrg/kc/buy/cgsh_order_operate.html?command=get_materiel&rest_code=00155&code=00101008357&supplier_code=00100005&order_time=2021-11-25 HTTP/1.1" 200 408
180.174.250.202 - - [25/Nov/2021:09:30:51 +0800] "GET /xingrg/all/function/internal_message.html?_=1637803852578&CODE_STATE=getMsg HTTP/1.1" 200 27
180.157.253.6 - - [25/Nov/2021:09:30:52 +0800] "GET /xingrg/all/function/internal_message.html?_=1637803849444&CODE_STATE=getMsg HTTP/1.1" 200 27
116.227.210.113 - - [25/Nov/2021:09:30:54 +0800] "GET /xingrg/kc/buy/cgsh_order_operate.html?command=get_materiel&rest_code=00155&code=00101008148&supplier_code=00100005&order_time=2021-11-25 HTTP/1.1" 200 416
180.157.253.6 - - [25/Nov/2021:09:30:58 +0800] "GET /xingrg/all/function/internal_message.html?_=1637803855872&CODE_STATE=getMsg HTTP/1.1" 200 27
58.37.231.44 - - [25/Nov/2021:09:30:58 +0800] "GET /xingrg/check_reg.html?_=1637803683463 HTTP/1.1" 200 22
58.37.231.44 - - [25/Nov/2021:09:30:58 +0800] "GET /xingrg/all/function/internal_message.html?_=1637803683464&CODE_STATE=getMsg HTTP/1.1" 200 27
58.39.139.200 - - [25/Nov/2021:09:31:00 +0800] "GET /xingrg/all/function/internal_message.html?_=1637803859221&CODE_STATE=getMsg HTTP/1.1" 200 27
222.70.176.97 - - [25/Nov/2021:09:31:00 +0800] "GET /xingrg/login.html HTTP/1.1" 200 7641
222.70.171.86 - - [25/Nov/2021:09:31:01 +0800] "GET /xingrg/check_reg.html?_=1637803875146 HTTP/1.1" 200 22
222.70.176.97 - - [25/Nov/2021:09:31:02 +0800] "GET /favicon.ico HTTP/1.1" 404 -
116.227.210.113 - - [25/Nov/2021:09:31:04 +0800] "GET /xingrg/kc/buy/cgsh_order_operate.html?command=get_materiel&rest_code=00155&code=00101008108&supplier_code=00100005&order_time=2021-11-25 HTTP/1.1" 200 412
116.227.210.113 - - [25/Nov/2021:09:31:05 +0800] "GET /xingrg/all/function/internal_message.html?_=1637803847870&CODE_STATE=getMsg HTTP/1.1" 200 27
116.227.210.113 - - [25/Nov/2021:09:31:09 +0800] "GET /xingrg/kc/buy/cgsh_order_operate.html?command=get_materiel&rest_code=00155&code=00101008298&supplier_code=00100005&order_time=2021-11-25 HTTP/1.1" 200 412
114.83.221.74 - - [25/Nov/2021:09:31:09 +0800] "GET /xingrg/all/function/internal_message.html?_=1637803867515&CODE_STATE=getMsg HTTP/1.1" 200 27
222.70.176.97 - - [25/Nov/2021:09:31:13 +0800] "POST /xingrg/login.do HTTP/1.1" 302 -
222.70.176.97 - - [25/Nov/2021:09:31:13 +0800] "GET /xingrg/index.html?sysBaseUrl=http%3A%2F%2F180.169.147.146%3A18081%2Fxingrg%2F&costTime=38×tamp=1637803873587 HTTP/1.1" 200 17173
116.227.210.113 - - [25/Nov/2021:09:31:13 +0800] "GET /xingrg/kc/buy/cgsh_order_operate.html?command=get_materiel&rest_code=00155&code=00101008005&supplier_code=00100005&order_time=2021-11-25 HTTP/1.1" 200 412
222.70.176.97 - - [25/Nov/2021:09:31:14 +0800] "GET /favicon.ico HTTP/1.1" 404 -
222.70.176.97 - - [25/Nov/2021:09:31:14 +0800] "POST /xingrg/all/common/load_tree.html?tree=area_rest_tree_json&manage=1 HTTP/1.1" 200 342
222.70.176.97 - - [25/Nov/2021:09:31:14 +0800] "GET /xingrg/all/function/internal_message.html?_=1637803869547&CODE_STATE=count HTTP/1.1" 200 11
222.70.176.97 - - [25/Nov/2021:09:31:14 +0800] "GET /xingrg/check_reg.html?_=1637803869548 HTTP/1.1" 200 22
222.70.176.97 - - [25/Nov/2021:09:31:14 +0800] "POST /xingrg/load_menu.html HTTP/1.1" 200 5138
222.70.171.86 - - [25/Nov/2021:09:31:15 +0800] "GET /xingrg/all/function/internal_message.html?_=1637803889507&CODE_STATE=getMsg HTTP/1.1" 200 27
222.70.176.97 - - [25/Nov/2021:09:31:16 +0800] "GET /xingrg/kc/buy/buy_main.html HTTP/1.1" 200 12412
222.70.176.97 - - [25/Nov/2021:09:31:16 +0800] "GET /xingrg/css/new_ie.css HTTP/1.1" 404 1036
116.233.78.109 - - [25/Nov/2021:09:31:17 +0800] "GET /xingrg/all/function/internal_message.html?_=1637803874691&CODE_STATE=getMsg HTTP/1.1" 200 27
116.233.78.109 - - [25/Nov/2021:09:31:17 +0800] "GET /xingrg/check_reg.html?_=1637803874693 HTTP/1.1" 200 22
222.70.176.97 - - [25/Nov/2021:09:31:17 +0800] "GET /xingrg/images/yd/bt.gif HTTP/1.1" 404 1040
222.70.176.97 - - [25/Nov/2021:09:31:17 +0800] "GET /xingrg/kc/buy/cgsh_order_list.html HTTP/1.1" 200 49140
116.227.210.113 - - [25/Nov/2021:09:31:18 +0800] "GET /xingrg/kc/buy/cgsh_order_operate.html?command=get_materiel&rest_code=00155&code=00101008055&supplier_code=00100005&order_time=2021-11-25 HTTP/1.1" 200 409
222.70.176.97 - - [25/Nov/2021:09:31:19 +0800] "POST /xingrg/kc/buy/cgsh_list_operate.html HTTP/1.1" 200 876
222.70.176.97 - - [25/Nov/2021:09:31:22 +0800] "GET /xingrg/kc/buy/cgsh_order_add.html HTTP/1.1" 200 64875
222.70.176.97 - - [25/Nov/2021:09:31:22 +0800] "GET /xingrg/words/20211123155242_words.js HTTP/1.1" 304 -
222.70.176.97 - - [25/Nov/2021:09:31:22 +0800] "POST /xingrg/kc/buy/cgsh_order_operate.html HTTP/1.1" 200 8245
222.70.176.97 - - [25/Nov/2021:09:31:22 +0800] "GET /xingrg/all/common/auto_word.html?type=employee&rest_code=00111 HTTP/1.1" 200 155
222.70.176.97 - - [25/Nov/2021:09:31:22 +0800] "GET /xingrg/javascript/easyui/themes/default/validatebox.css HTTP/1.1" 404 1104
222.70.176.97 - - [25/Nov/2021:09:31:22 +0800] "GET /xingrg/all/common/auto_word.html?type=employee&rest_code=00111 HTTP/1.1" 200 155
222.70.171.86 - - [25/Nov/2021:09:31:28 +0800] "GET /xingrg/all/function/internal_message.html?_=1637803898886&CODE_STATE=getMsg HTTP/1.1" 302 -
222.70.176.97 - - [25/Nov/2021:09:31:30 +0800] "GET /xingrg/javascript/auto/indicator.gif HTTP/1.1" 404 1066
116.227.210.113 - - [25/Nov/2021:09:31:30 +0800] "GET /xingrg/kc/buy/cgsh_order_operate.html?command=get_materiel&rest_code=00155&code=00101008331&supplier_code=00100005&order_time=2021-11-25 HTTP/1.1" 200 416
116.238.248.233 - - [25/Nov/2021:09:31:32 +0800] "GET /xingrg/all/function/internal_message.html?_=1637803888774&CODE_STATE=getMsg HTTP/1.1" 200 27
222.70.176.97 - - [25/Nov/2021:09:31:32 +0800] "GET /xingrg/javascript/jquery_tools/images/prev.gif HTTP/1.1" 404 1086
222.70.176.97 - - [25/Nov/2021:09:31:32 +0800] "GET /xingrg/javascript/jquery_tools/images/next.gif HTTP/1.1" 404 1086
116.235.94.0 - - [25/Nov/2021:09:31:34 +0800] "GET /xingrg/all/function/internal_message.html?_=1637803898507&CODE_STATE=getMsg HTTP/1.1" 200 27
116.227.210.113 - - [25/Nov/2021:09:31:36 +0800] "GET /xingrg/kc/buy/cgsh_order_operate.html?command=get_materiel&rest_code=00155&code=00101008125&supplier_code=00100005&order_time=2021-11-25 HTTP/1.1" 200 413
222.70.176.97 - - [25/Nov/2021:09:31:40 +0800] "GET /xingrg/kc/buy/cgsh_order_operate.html?command=get_materiel&rest_code=00111&code=00101002027&supplier_code=00100199&order_time=2021-11-25 HTTP/1.1" 200 435
114.85.125.222 - - [25/Nov/2021:09:31:41 +0800] "GET /xingrg/check_reg.html?_=1637803871376 HTTP/1.1" 200 22
114.85.125.222 - - [25/Nov/2021:09:31:41 +0800] "GET /xingrg/all/function/internal_message.html?_=1637803871500&CODE_STATE=getMsg HTTP/1.1" 200 27
116.227.210.113 - - [25/Nov/2021:09:31:42 +0800] "GET /xingrg/kc/buy/cgsh_order_operate.html?command=get_materiel&rest_code=00155&code=00101008010&supplier_code=00100005&order_time=2021-11-25 HTTP/1.1" 200 412
180.174.250.202 - - [25/Nov/2021:09:31:43 +0800] "GET /xingrg/all/function/internal_message.html?_=1637803895579&CODE_STATE=getMsg HTTP/1.1" 200 27
116.227.210.113 - - [25/Nov/2021:09:31:48 +0800] "GET /xingrg/kc/buy/cgsh_order_operate.html?command=get_materiel&rest_code=00155&code=00101008096&supplier_code=00100005&order_time=2021-11-25 HTTP/1.1" 200 412
58.39.139.200 - - [25/Nov/2021:09:31:48 +0800] "GET /xingrg/check_reg.html?_=1637803842625 HTTP/1.1" 200 22
58.39.139.200 - - [25/Nov/2021:09:31:48 +0800] "GET /xingrg/all/function/internal_message.html?_=1637803842628&CODE_STATE=getMsg HTTP/1.1" 200 27
180.174.250.202 - - [25/Nov/2021:09:31:51 +0800] "GET /xingrg/all/function/internal_message.html?_=1637803912577&CODE_STATE=getMsg HTTP/1.1" 200 27
180.157.253.6 - - [25/Nov/2021:09:31:52 +0800] "GET /xingrg/all/function/internal_message.html?_=1637803909443&CODE_STATE=getMsg HTTP/1.1" 200 27
222.70.176.97 - - [25/Nov/2021:09:31:52 +0800] "GET /xingrg/kc/buy/cgsh_order_operate.html?command=get_materiel&rest_code=00111&code=00101002006&supplier_code=00100199&order_time=2021-11-25 HTTP/1.1" 200 414
180.157.253.6 - - [25/Nov/2021:09:31:58 +0800] "GET /xingrg/all/function/internal_message.html?_=1637803915872&CODE_STATE=getMsg HTTP/1.1" 200 27
58.37.231.44 - - [25/Nov/2021:09:31:58 +0800] "GET /xingrg/all/function/internal_message.html?_=1637803743490&CODE_STATE=getMsg HTTP/1.1" 200 27
58.39.139.200 - - [25/Nov/2021:09:32:00 +0800] "GET /xingrg/all/function/internal_message.html?_=1637803919207&CODE_STATE=getMsg HTTP/1.1" 200 27
116.227.210.113 - - [25/Nov/2021:09:32:00 +0800] "GET /xingrg/kc/buy/cgsh_order_operate.html?command=get_materiel&rest_code=00155&code=00101008361&supplier_code=00100005&order_time=2021-11-25 HTTP/1.1" 200 408
116.227.210.113 - - [25/Nov/2021:09:32:05 +0800] "GET /xingrg/all/function/internal_message.html?_=1637803907877&CODE_STATE=getMsg HTTP/1.1" 200 27
222.70.176.97 - - [25/Nov/2021:09:32:05 +0800] "POST /xingrg/kc/buy/cgsh_order_operate.html HTTP/1.1" 200 37
116.227.210.113 - - [25/Nov/2021:09:32:06 +0800] "GET /xingrg/kc/buy/cgsh_order_operate.html?command=get_materiel&rest_code=00155&code=00101008264&supplier_code=00100005&order_time=2021-11-25 HTTP/1.1" 200 412
114.83.221.74 - - [25/Nov/2021:09:32:09 +0800] "GET /xingrg/all/function/internal_message.html?_=1637803927502&CODE_STATE=getMsg HTTP/1.1" 200 27
222.70.176.97 - - [25/Nov/2021:09:32:10 +0800] "POST /xingrg/kc/buy/cgsh_order_operate.html HTTP/1.1" 200 3260
222.70.171.86 - - [25/Nov/2021:09:32:11 +0800] "GET /xingrg/check_reg.html?_=1637803942139 HTTP/1.1" 302 -
222.70.176.97 - - [25/Nov/2021:09:32:12 +0800] "GET /xingrg/kc/print/load_config.html?kc_code=cgsh HTTP/1.1" 200 2281
222.70.176.97 - - [25/Nov/2021:09:32:12 +0800] "GET /xingrg/kc/print/load_data.html?order_code=212021112510562&kc_code=cgsh&condition= HTTP/1.1" 200 899
116.227.210.113 - - [25/Nov/2021:09:32:12 +0800] "GET /xingrg/kc/buy/cgsh_order_operate.html?command=get_materiel&rest_code=00155&code=00101008024&supplier_code=00100005&order_time=2021-11-25 HTTP/1.1" 200 408
222.70.176.97 - - [25/Nov/2021:09:32:15 +0800] "GET /xingrg/all/function/internal_message.html?_=1637803930911&CODE_STATE=getMsg HTTP/1.1" 200 27
222.70.171.86 - - [25/Nov/2021:09:32:15 +0800] "GET /xingrg/all/function/internal_message.html?_=1637803949520&CODE_STATE=getMsg HTTP/1.1" 200 27
116.233.78.109 - - [25/Nov/2021:09:32:17 +0800] "GET /xingrg/all/function/internal_message.html?_=1637803934694&CODE_STATE=getMsg HTTP/1.1" 200 27
116.227.210.113 - - [25/Nov/2021:09:32:18 +0800] "GET /xingrg/kc/buy/cgsh_order_operate.html?command=get_materiel&rest_code=00155&code=00101008251&supplier_code=00100005&order_time=2021-11-25 HTTP/1.1" 200 408
116.227.210.113 - - [25/Nov/2021:09:32:20 +0800] "POST /xingrg/kc/buy/cgsh_order_operate.html HTTP/1.1" 200 2065
222.70.176.97 - - [25/Nov/2021:09:32:21 +0800] "GET /xingrg/kc/buy/cgsh_order_add.html HTTP/1.1" 200 64875
222.70.176.97 - - [25/Nov/2021:09:32:21 +0800] "POST /xingrg/kc/buy/cgsh_order_operate.html HTTP/1.1" 200 8245
222.70.176.97 - - [25/Nov/2021:09:32:21 +0800] "GET /xingrg/javascript/easyui/themes/default/validatebox.css HTTP/1.1" 404 1104
116.227.210.113 - - [25/Nov/2021:09:32:24 +0800] "GET /xingrg/kc/buy/cgsh_order_operate.html?command=get_materiel&rest_code=00155&code=00101008360&supplier_code=00100005&order_time=2021-11-25 HTTP/1.1" 200 413
222.70.171.86 - - [25/Nov/2021:09:32:28 +0800] "GET /xingrg/all/function/internal_message.html?_=1637803958911&CODE_STATE=getMsg HTTP/1.1" 302 -
116.227.210.113 - - [25/Nov/2021:09:32:28 +0800] "GET /xingrg/kc/buy/cgsh_order_operate.html?command=get_materiel&rest_code=00155&code=00101008196&supplier_code=00100005&order_time=2021-11-25 HTTP/1.1" 200 416
222.70.176.97 - - [25/Nov/2021:09:32:32 +0800] "GET /xingrg/kc/buy/cgsh_order_operate.html?command=get_materiel&rest_code=00111&code=00101006111&supplier_code=00100012&order_time=2021-11-25 HTTP/1.1" 200 409
116.238.248.233 - - [25/Nov/2021:09:32:32 +0800] "GET /xingrg/check_reg.html?_=1637803948772 HTTP/1.1" 200 22
116.238.248.233 - - [25/Nov/2021:09:32:32 +0800] "GET /xingrg/all/function/internal_message.html?_=1637803948773&CODE_STATE=getMsg HTTP/1.1" 200 27
116.227.210.113 - - [25/Nov/2021:09:32:34 +0800] "GET /xingrg/kc/buy/cgsh_order_operate.html?command=get_materiel&rest_code=00155&code=00101008069&supplier_code=00100005&order_time=2021-11-25 HTTP/1.1" 200 412
116.235.94.0 - - [25/Nov/2021:09:32:34 +0800] "GET /xingrg/all/function/internal_message.html?_=1637803958520&CODE_STATE=getMsg HTTP/1.1" 200 27
116.227.210.113 - - [25/Nov/2021:09:32:38 +0800] "GET /xingrg/kc/buy/cgsh_order_operate.html?command=get_materiel&rest_code=00155&code=00101008006&supplier_code=00100005&order_time=2021-11-25 HTTP/1.1" 200 416
114.85.125.222 - - [25/Nov/2021:09:32:41 +0800] "GET /xingrg/all/function/internal_message.html?_=1637803931514&CODE_STATE=getMsg HTTP/1.1" 200 27
180.174.250.202 - - [25/Nov/2021:09:32:43 +0800] "GET /xingrg/all/function/internal_message.html?_=1637803955586&CODE_STATE=getMsg HTTP/1.1" 200 27
116.227.210.113 - - [25/Nov/2021:09:32:44 +0800] "GET /xingrg/kc/buy/cgsh_order_operate.html?command=get_materiel&rest_code=00155&code=00101008131&supplier_code=00100005&order_time=2021-11-25 HTTP/1.1" 200 408
116.227.210.113 - - [25/Nov/2021:09:32:46 +0800] "POST /xingrg/kc/buy/cgsh_order_operate.html HTTP/1.1" 200 2065
58.39.139.200 - - [25/Nov/2021:09:32:48 +0800] "GET /xingrg/all/function/internal_message.html?_=1637803902654&CODE_STATE=getMsg HTTP/1.1" 200 27
180.174.250.202 - - [25/Nov/2021:09:32:51 +0800] "GET /xingrg/check_reg.html?_=1637803972574 HTTP/1.1" 200 22
180.174.250.202 - - [25/Nov/2021:09:32:51 +0800] "GET /xingrg/all/function/internal_message.html?_=1637803972577&CODE_STATE=getMsg HTTP/1.1" 200 27
222.70.176.97 - - [25/Nov/2021:09:32:51 +0800] "GET /xingrg/kc/buy/cgsh_order_operate.html?command=get_materiel&rest_code=00111&code=00101006065&supplier_code=00100012&order_time=2021-11-25 HTTP/1.1" 200 428
116.227.210.113 - - [25/Nov/2021:09:32:51 +0800] "GET /xingrg/kc/buy/cgsh_order_operate.html?command=get_materiel&rest_code=00155&code=00101008318&supplier_code=00100005&order_time=2021-11-25 HTTP/1.1" 200 408
180.157.253.6 - - [25/Nov/2021:09:32:52 +0800] "GET /xingrg/all/function/internal_message.html?_=1637803969442&CODE_STATE=getMsg HTTP/1.1" 200 27
116.227.210.113 - - [25/Nov/2021:09:32:57 +0800] "GET /xingrg/kc/buy/cgsh_order_operate.html?command=get_materiel&rest_code=00155&code=00101008371&supplier_code=00100005&order_time=2021-11-25 HTTP/1.1" 200 412
180.157.253.6 - - [25/Nov/2021:09:32:58 +0800] "GET /xingrg/check_reg.html?_=1637803975873 HTTP/1.1" 200 22
180.157.253.6 - - [25/Nov/2021:09:32:58 +0800] "GET /xingrg/all/function/internal_message.html?_=1637803975876&CODE_STATE=getMsg HTTP/1.1" 200 27
58.37.231.44 - - [25/Nov/2021:09:32:58 +0800] "GET /xingrg/all/function/internal_message.html?_=1637803803489&CODE_STATE=getMsg HTTP/1.1" 200 27
58.39.139.200 - - [25/Nov/2021:09:33:00 +0800] "GET /xingrg/all/function/internal_message.html?_=1637803979216&CODE_STATE=getMsg HTTP/1.1" 200 27
222.70.176.97 - - [25/Nov/2021:09:33:03 +0800] "GET /xingrg/kc/buy/cgsh_order_operate.html?command=get_materiel&rest_code=00111&code=00101006194&supplier_code=00100012&order_time=2021-11-25 HTTP/1.1" 200 413
116.227.210.113 - - [25/Nov/2021:09:33:03 +0800] "GET /xingrg/kc/buy/cgsh_order_operate.html?command=get_materiel&rest_code=00155&code=00101008353&supplier_code=00100005&order_time=2021-11-25 HTTP/1.1" 200 408
116.227.210.113 - - [25/Nov/2021:09:33:05 +0800] "GET /xingrg/all/function/internal_message.html?_=1637803967886&CODE_STATE=getMsg HTTP/1.1" 200 27
116.227.210.113 - - [25/Nov/2021:09:33:05 +0800] "GET /xingrg/check_reg.html?_=1637803967888 HTTP/1.1" 200 22
114.83.221.74 - - [25/Nov/2021:09:33:09 +0800] "GET /xingrg/all/function/internal_message.html?_=1637803987489&CODE_STATE=getMsg HTTP/1.1" 200 27
116.227.210.113 - - [25/Nov/2021:09:33:10 +0800] "GET /xingrg/kc/buy/cgsh_order_operate.html?command=get_materiel&rest_code=00155&code=00101008110&supplier_code=00100005&order_time=2021-11-25 HTTP/1.1" 200 409
222.70.176.97 - - [25/Nov/2021:09:33:15 +0800] "GET /xingrg/kc/buy/cgsh_order_operate.html?command=get_materiel&rest_code=00111&code=00101020012&supplier_code=00100012&order_time=2021-11-25 HTTP/1.1" 200 432
222.70.176.97 - - [25/Nov/2021:09:33:15 +0800] "GET /xingrg/all/function/internal_message.html?_=1637803990970&CODE_STATE=getMsg HTTP/1.1" 200 27
116.227.210.113 - - [25/Nov/2021:09:33:15 +0800] "GET /xingrg/kc/buy/cgsh_order_operate.html?command=get_materiel&rest_code=00155&code=00101008027&supplier_code=00100005&order_time=2021-11-25 HTTP/1.1" 200 408
222.70.171.86 - - [25/Nov/2021:09:33:15 +0800] "GET /xingrg/all/function/internal_message.html?_=1637804009560&CODE_STATE=getMsg HTTP/1.1" 200 27
116.233.78.109 - - [25/Nov/2021:09:33:17 +0800] "GET /xingrg/all/function/internal_message.html?_=1637803994693&CODE_STATE=getMsg HTTP/1.1" 200 27
116.227.210.113 - - [25/Nov/2021:09:33:17 +0800] "POST /xingrg/kc/buy/cgsh_order_operate.html HTTP/1.1" 200 2065
116.227.210.113 - - [25/Nov/2021:09:33:22 +0800] "GET /xingrg/kc/buy/cgsh_order_operate.html?command=get_materiel&rest_code=00155&code=00101008283&supplier_code=00100005&order_time=2021-11-25 HTTP/1.1" 200 408
222.70.176.97 - - [25/Nov/2021:09:33:26 +0800] "POST /xingrg/kc/buy/cgsh_order_operate.html HTTP/1.1" 200 37
222.70.171.86 - - [25/Nov/2021:09:33:28 +0800] "GET /xingrg/all/function/internal_message.html?_=1637804018913&CODE_STATE=getMsg HTTP/1.1" 302 -
222.70.176.97 - - [25/Nov/2021:09:33:29 +0800] "POST /xingrg/kc/buy/cgsh_order_operate.html HTTP/1.1" 200 4426
222.70.176.97 - - [25/Nov/2021:09:33:30 +0800] "GET /xingrg/kc/print/load_data.html?order_code=212021112510563&kc_code=cgsh&condition= HTTP/1.1" 200 1423
116.227.210.113 - - [25/Nov/2021:09:33:31 +0800] "GET /xingrg/kc/buy/cgsh_order_operate.html?command=get_materiel&rest_code=00155&code=00101008558&supplier_code=00100005&order_time=2021-11-25 HTTP/1.1" 200 395
116.238.248.233 - - [25/Nov/2021:09:33:32 +0800] "GET /xingrg/all/function/internal_message.html?_=1637804008772&CODE_STATE=getMsg HTTP/1.1" 200 27
116.235.94.0 - - [25/Nov/2021:09:33:34 +0800] "GET /xingrg/all/function/internal_message.html?_=1637804018939&CODE_STATE=getMsg HTTP/1.1" 200 27
222.70.176.97 - - [25/Nov/2021:09:33:38 +0800] "GET /xingrg/kc/print/load_data.html?order_code=212021112510563&kc_code=cgsh HTTP/1.1" 200 1423
116.227.210.113 - - [25/Nov/2021:09:33:38 +0800] "GET /xingrg/kc/buy/cgsh_order_operate.html?command=get_materiel&rest_code=00155&code=00101008041&supplier_code=00100005&order_time=2021-11-25 HTTP/1.1" 200 408
114.85.125.222 - - [25/Nov/2021:09:33:41 +0800] "GET /xingrg/all/function/internal_message.html?_=1637803991527&CODE_STATE=getMsg HTTP/1.1" 200 27
180.174.250.202 - - [25/Nov/2021:09:33:43 +0800] "GET /xingrg/all/function/internal_message.html?_=1637804015810&CODE_STATE=getMsg HTTP/1.1" 200 27
58.39.139.200 - - [25/Nov/2021:09:33:48 +0800] "GET /xingrg/all/function/internal_message.html?_=1637803962654&CODE_STATE=getMsg HTTP/1.1" 200 27
116.227.210.113 - - [25/Nov/2021:09:33:50 +0800] "GET /xingrg/kc/buy/cgsh_order_operate.html?command=get_materiel&rest_code=00155&code=00101008471&supplier_code=00100005&order_time=2021-11-25 HTTP/1.1" 200 394
180.174.250.202 - - [25/Nov/2021:09:33:51 +0800] "GET /xingrg/all/function/internal_message.html?_=1637804032571&CODE_STATE=getMsg HTTP/1.1" 200 27
180.157.253.6 - - [25/Nov/2021:09:33:52 +0800] "GET /xingrg/check_reg.html?_=1637804029443 HTTP/1.1" 200 22
180.157.253.6 - - [25/Nov/2021:09:33:52 +0800] "GET /xingrg/all/function/internal_message.html?_=1637804029441&CODE_STATE=getMsg HTTP/1.1" 200 27
116.227.210.113 - - [25/Nov/2021:09:33:54 +0800] "POST /xingrg/kc/buy/cgsh_order_operate.html HTTP/1.1" 200 2065
222.70.176.97 - - [25/Nov/2021:09:33:56 +0800] "GET /xingrg/kc/buy/cgsh_order_add.html HTTP/1.1" 200 64875
222.70.176.97 - - [25/Nov/2021:09:33:56 +0800] "POST /xingrg/kc/buy/cgsh_order_operate.html HTTP/1.1" 200 8245
222.70.176.97 - - [25/Nov/2021:09:33:56 +0800] "GET /xingrg/javascript/easyui/themes/default/validatebox.css HTTP/1.1" 404 1104
116.227.210.113 - - [25/Nov/2021:09:33:57 +0800] "GET /xingrg/kc/buy/cgsh_order_operate.html?command=get_materiel&rest_code=00155&code=00101008016&supplier_code=00100005&order_time=2021-11-25 HTTP/1.1" 200 416
180.157.253.6 - - [25/Nov/2021:09:33:58 +0800] "GET /xingrg/all/function/internal_message.html?_=1637804035903&CODE_STATE=getMsg HTTP/1.1" 200 27
58.37.231.44 - - [25/Nov/2021:09:33:58 +0800] "GET /xingrg/all/function/internal_message.html?_=1637803863488&CODE_STATE=getMsg HTTP/1.1" 200 27
58.39.139.200 - - [25/Nov/2021:09:34:00 +0800] "GET /xingrg/all/function/internal_message.html?_=1637804039216&CODE_STATE=getMsg HTTP/1.1" 200 27
58.39.139.200 - - [25/Nov/2021:09:34:00 +0800] "GET /xingrg/check_reg.html?_=1637804039219 HTTP/1.1" 200 22
116.227.210.113 - - [25/Nov/2021:09:34:05 +0800] "GET /xingrg/all/function/internal_message.html?_=1637804027884&CODE_STATE=getMsg HTTP/1.1" 200 27
114.83.221.74 - - [25/Nov/2021:09:34:09 +0800] "GET /xingrg/all/function/internal_message.html?_=1637804047478&CODE_STATE=getMsg HTTP/1.1" 200 27
116.227.210.113 - - [25/Nov/2021:09:34:14 +0800] "GET /xingrg/kc/buy/cgsh_order_operate.html?command=get_materiel&rest_code=00155&code=00101008223&supplier_code=00100005&order_time=2021-11-25 HTTP/1.1" 200 412
222.70.176.97 - - [25/Nov/2021:09:34:15 +0800] "GET /xingrg/kc/buy/cgsh_order_operate.html?command=get_materiel&rest_code=00111&code=00101006129&supplier_code=00100037&order_time=2021-11-25 HTTP/1.1" 200 431
222.70.176.97 - - [25/Nov/2021:09:34:15 +0800] "GET /xingrg/all/function/internal_message.html?_=1637804050942&CODE_STATE=getMsg HTTP/1.1" 200 27
222.70.171.86 - - [25/Nov/2021:09:34:15 +0800] "GET /xingrg/all/function/internal_message.html?_=1637804069564&CODE_STATE=getMsg HTTP/1.1" 200 27
116.233.78.109 - - [25/Nov/2021:09:34:17 +0800] "GET /xingrg/all/function/internal_message.html?_=1637804054696&CODE_STATE=getMsg HTTP/1.1" 200 27
116.227.210.113 - - [25/Nov/2021:09:34:21 +0800] "GET /xingrg/kc/buy/cgsh_order_operate.html?command=get_materiel&rest_code=00155&code=00101008633&supplier_code=00100005&order_time=2021-11-25 HTTP/1.1" 200 400
114.83.221.74 - - [25/Nov/2021:09:34:22 +0800] "GET /xingrg/kc/buy/cgsh_order_operate.html?command=get_materiel&rest_code=00149&code=00101011003&supplier_code=00100051&order_time=2021-11-25 HTTP/1.1" 200 432
116.227.210.113 - - [25/Nov/2021:09:34:26 +0800] "GET /xingrg/kc/buy/cgsh_order_operate.html?command=get_materiel&rest_code=00155&code=00101008229&supplier_code=00100005&order_time=2021-11-25 HTTP/1.1" 200 420
222.70.171.86 - - [25/Nov/2021:09:34:28 +0800] "GET /xingrg/all/function/internal_message.html?_=1637804078938&CODE_STATE=getMsg HTTP/1.1" 302 -
116.227.210.113 - - [25/Nov/2021:09:34:28 +0800] "POST /xingrg/kc/buy/cgsh_order_operate.html HTTP/1.1" 200 2065
114.83.221.74 - - [25/Nov/2021:09:34:30 +0800] "GET /xingrg/kc/buy/cgsh_order_operate.html?command=get_materiel&rest_code=00149&code=00101011010&supplier_code=00100051&order_time=2021-11-25 HTTP/1.1" 200 418
116.238.248.233 - - [25/Nov/2021:09:34:32 +0800] "GET /xingrg/all/function/internal_message.html?_=1637804068783&CODE_STATE=getMsg HTTP/1.1" 200 27
180.174.250.202 - - [25/Nov/2021:09:34:34 +0800] "GET /xingrg/check_reg.html?_=1637804066678 HTTP/1.1" 200 22
116.235.94.0 - - [25/Nov/2021:09:34:34 +0800] "GET /xingrg/all/function/internal_message.html?_=1637804078952&CODE_STATE=getMsg HTTP/1.1" 200 27
116.227.210.113 - - [25/Nov/2021:09:34:36 +0800] "GET /xingrg/kc/buy/cgsh_order_operate.html?command=get_materiel&rest_code=00155&code=00101008279&supplier_code=00100005&order_time=2021-11-25 HTTP/1.1" 200 412
114.83.221.74 - - [25/Nov/2021:09:34:39 +0800] "POST /xingrg/kc/buy/cgsh_order_operate.html HTTP/1.1" 200 37
222.70.176.97 - - [25/Nov/2021:09:34:40 +0800] "GET /xingrg/kc/buy/cgsh_order_operate.html?command=get_materiel&rest_code=00111&code=00101009050&supplier_code=00100037&order_time=2021-11-25 HTTP/1.1" 200 408
114.85.125.222 - - [25/Nov/2021:09:34:41 +0800] "GET /xingrg/all/function/internal_message.html?_=1637804051545&CODE_STATE=getMsg HTTP/1.1" 200 27
180.174.250.202 - - [25/Nov/2021:09:34:43 +0800] "GET /xingrg/all/function/internal_message.html?_=1637804075815&CODE_STATE=getMsg HTTP/1.1" 200 27
114.83.221.74 - - [25/Nov/2021:09:34:43 +0800] "POST /xingrg/kc/buy/cgsh_order_operate.html HTTP/1.1" 200 12
114.83.221.74 - - [25/Nov/2021:09:34:45 +0800] "GET /xingrg/kc/buy/cgsh_order_info.html?code=212021112510564 HTTP/1.1" 200 59878
114.83.221.74 - - [25/Nov/2021:09:34:45 +0800] "GET /xingrg/javascript/easyui/themes/default/validatebox.css HTTP/1.1" 404 1104
114.83.221.74 - - [25/Nov/2021:09:34:46 +0800] "POST /xingrg/kc/buy/cgsh_order_operate.html HTTP/1.1" 200 1206
114.83.221.74 - - [25/Nov/2021:09:34:48 +0800] "GET /xingrg/kc/print/load_data.html?order_code=212021112510564&kc_code=cgsh&condition= HTTP/1.1" 200 957
58.39.139.200 - - [25/Nov/2021:09:34:48 +0800] "GET /xingrg/all/function/internal_message.html?_=1637804022655&CODE_STATE=getMsg HTTP/1.1" 200 27
180.174.250.202 - - [25/Nov/2021:09:34:51 +0800] "GET /xingrg/all/function/internal_message.html?_=1637804092596&CODE_STATE=getMsg HTTP/1.1" 200 27
116.227.210.113 - - [25/Nov/2021:09:34:51 +0800] "GET /xingrg/kc/buy/cgsh_order_operate.html?command=get_materiel&rest_code=00155&code=00101008036&supplier_code=00100005&order_time=2021-11-25 HTTP/1.1" 200 408
180.157.253.6 - - [25/Nov/2021:09:34:52 +0800] "GET /xingrg/all/function/internal_message.html?_=1637804089441&CODE_STATE=getMsg HTTP/1.1" 200 27
116.227.210.113 - - [25/Nov/2021:09:34:57 +0800] "POST /xingrg/kc/buy/cgsh_order_operate.html HTTP/1.1" 200 2065
180.157.253.6 - - [25/Nov/2021:09:34:58 +0800] "GET /xingrg/all/function/internal_message.html?_=1637804095903&CODE_STATE=getMsg HTTP/1.1" 200 27
58.37.231.44 - - [25/Nov/2021:09:34:58 +0800] "GET /xingrg/all/function/internal_message.html?_=1637803923487&CODE_STATE=getMsg HTTP/1.1" 200 27
58.39.139.200 - - [25/Nov/2021:09:35:00 +0800] "GET /xingrg/all/function/internal_message.html?_=1637804099219&CODE_STATE=getMsg HTTP/1.1" 200 27
116.227.210.113 - - [25/Nov/2021:09:35:02 +0800] "POST /xingrg/kc/buy/cgsh_order_operate.html HTTP/1.1" 200 37
116.227.210.113 - - [25/Nov/2021:09:35:04 +0800] "POST /xingrg/kc/buy/cgsh_order_operate.html HTTP/1.1" 200 28117
116.227.210.113 - - [25/Nov/2021:09:35:05 +0800] "GET /xingrg/kc/print/load_data.html?order_code=212021112510565&kc_code=cgsh HTTP/1.1" 200 10365
116.227.210.113 - - [25/Nov/2021:09:35:05 +0800] "GET /xingrg/all/function/internal_message.html?_=1637804088304&CODE_STATE=getMsg HTTP/1.1" 200 27
114.83.221.74 - - [25/Nov/2021:09:35:07 +0800] "GET /xingrg/check_reg.html?_=1637804105653 HTTP/1.1" 200 22
114.83.221.74 - - [25/Nov/2021:09:35:09 +0800] "GET /xingrg/all/function/internal_message.html?_=1637804107450&CODE_STATE=getMsg HTTP/1.1" 200 27
222.70.176.97 - - [25/Nov/2021:09:35:15 +0800] "GET /xingrg/all/function/internal_message.html?_=1637804110921&CODE_STATE=getMsg HTTP/1.1" 200 27
222.70.171.86 - - [25/Nov/2021:09:35:16 +0800] "GET /xingrg/all/function/internal_message.html?_=1637804129589&CODE_STATE=getMsg HTTP/1.1" 200 27
116.233.78.109 - - [25/Nov/2021:09:35:17 +0800] "GET /xingrg/all/function/internal_message.html?_=1637804114698&CODE_STATE=getMsg HTTP/1.1" 200 27
222.70.176.97 - - [25/Nov/2021:09:35:25 +0800] "GET /xingrg/kc/buy/cgsh_order_operate.html?command=get_materiel&rest_code=00111&code=00101008357&supplier_code=00100037&order_time=2021-11-25 HTTP/1.1" 200 408
222.70.171.86 - - [25/Nov/2021:09:35:28 +0800] "GET /xingrg/all/function/internal_message.html?_=1637804138940&CODE_STATE=getMsg HTTP/1.1" 302 -
116.238.248.233 - - [25/Nov/2021:09:35:32 +0800] "GET /xingrg/all/function/internal_message.html?_=1637804128781&CODE_STATE=getMsg HTTP/1.1" 200 27
116.235.94.0 - - [25/Nov/2021:09:35:34 +0800] "GET /xingrg/check_reg.html?_=1637804138832 HTTP/1.1" 200 22
116.235.94.0 - - [25/Nov/2021:09:35:34 +0800] "GET /xingrg/all/function/internal_message.html?_=1637804138967&CODE_STATE=getMsg HTTP/1.1" 200 27
222.70.176.97 - - [25/Nov/2021:09:35:37 +0800] "GET /xingrg/kc/buy/cgsh_order_operate.html?command=get_materiel&rest_code=00111&code=00101008213&supplier_code=00100037&order_time=2021-11-25 HTTP/1.1" 200 412
114.85.125.222 - - [25/Nov/2021:09:35:41 +0800] "GET /xingrg/all/function/internal_message.html?_=1637804111554&CODE_STATE=getMsg HTTP/1.1" 200 27
180.174.250.202 - - [25/Nov/2021:09:35:43 +0800] "GET /xingrg/all/function/internal_message.html?_=1637804136202&CODE_STATE=getMsg HTTP/1.1" 200 27
222.70.176.97 - - [25/Nov/2021:09:35:45 +0800] "GET /xingrg/kc/buy/cgsh_order_operate.html?command=get_materiel&rest_code=00111&code=00101008418&supplier_code=00100037&order_time=2021-11-25 HTTP/1.1" 200 399
116.227.210.113 - - [25/Nov/2021:09:35:47 +0800] "GET /xingrg/kc/buy/cgsh_order_add.html HTTP/1.1" 200 64843
116.227.210.113 - - [25/Nov/2021:09:35:47 +0800] "POST /xingrg/kc/buy/cgsh_order_operate.html HTTP/1.1" 200 8245
116.227.210.113 - - [25/Nov/2021:09:35:47 +0800] "GET /xingrg/javascript/easyui/themes/default/validatebox.css HTTP/1.1" 404 1104
58.39.139.200 - - [25/Nov/2021:09:35:48 +0800] "GET /xingrg/all/function/internal_message.html?_=1637804082656&CODE_STATE=getMsg HTTP/1.1" 200 27
116.233.78.109 - - [25/Nov/2021:09:35:49 +0800] "POST /xingrg/kc/buy/cgsh_order_operate.html HTTP/1.1" 200 37
180.174.250.202 - - [25/Nov/2021:09:35:51 +0800] "GET /xingrg/all/function/internal_message.html?_=1637804152592&CODE_STATE=getMsg HTTP/1.1" 200 27
116.233.78.109 - - [25/Nov/2021:09:35:51 +0800] "POST /xingrg/kc/buy/cgsh_order_operate.html HTTP/1.1" 200 3840
116.233.78.109 - - [25/Nov/2021:09:35:52 +0800] "GET /xingrg/kc/print/load_config.html?kc_code=cgsh HTTP/1.1" 200 2281
180.157.253.6 - - [25/Nov/2021:09:35:52 +0800] "GET /xingrg/all/function/internal_message.html?_=1637804149441&CODE_STATE=getMsg HTTP/1.1" 200 27
116.233.78.109 - - [25/Nov/2021:09:35:52 +0800] "GET /xingrg/kc/print/load_data.html?order_code=212021112510561&kc_code=cgsh&condition= HTTP/1.1" 200 1165
222.70.176.97 - - [25/Nov/2021:09:35:53 +0800] "GET /xingrg/kc/buy/cgsh_order_operate.html?command=get_materiel&rest_code=00111&code=00101009007&supplier_code=00100037&order_time=2021-11-25 HTTP/1.1" 200 408
116.233.78.109 - - [25/Nov/2021:09:35:55 +0800] "GET /xingrg/kc/buy/cgsh_order_add.html HTTP/1.1" 200 64957
116.233.78.109 - - [25/Nov/2021:09:35:55 +0800] "POST /xingrg/kc/buy/cgsh_order_operate.html HTTP/1.1" 200 8245
116.233.78.109 - - [25/Nov/2021:09:35:55 +0800] "GET /xingrg/all/common/auto_word.html?type=employee&rest_code=00109 HTTP/1.1" 200 255
116.233.78.109 - - [25/Nov/2021:09:35:55 +0800] "GET /xingrg/all/common/auto_word.html?type=employee&rest_code=00109 HTTP/1.1" 200 255
116.233.78.109 - - [25/Nov/2021:09:35:55 +0800] "GET /xingrg/javascript/easyui/themes/default/validatebox.css HTTP/1.1" 404 1104
116.233.78.109 - - [25/Nov/2021:09:35:57 +0800] "GET /xingrg/javascript/jquery_tools/images/prev.gif HTTP/1.1" 404 1086
116.233.78.109 - - [25/Nov/2021:09:35:57 +0800] "GET /xingrg/javascript/jquery_tools/images/next.gif HTTP/1.1" 404 1086
180.157.253.6 - - [25/Nov/2021:09:35:58 +0800] "GET /xingrg/all/function/internal_message.html?_=1637804155905&CODE_STATE=getMsg HTTP/1.1" 200 27
58.37.231.44 - - [25/Nov/2021:09:35:58 +0800] "GET /xingrg/all/function/internal_message.html?_=1637803983486&CODE_STATE=getMsg HTTP/1.1" 200 27
58.37.231.44 - - [25/Nov/2021:09:35:58 +0800] "GET /xingrg/check_reg.html?_=1637803983488 HTTP/1.1" 200 22
58.39.139.200 - - [25/Nov/2021:09:36:00 +0800] "GET /xingrg/all/function/internal_message.html?_=1637804159219&CODE_STATE=getMsg HTTP/1.1" 200 27
222.70.171.86 - - [25/Nov/2021:09:36:01 +0800] "GET /xingrg/check_reg.html?_=1637804175145 HTTP/1.1" 200 22
116.233.78.109 - - [25/Nov/2021:09:36:04 +0800] "GET /xingrg/kc/buy/cgsh_order_operate.html?command=get_materiel&rest_code=00109&code=00101006025&supplier_code=00100015&order_time=2021-11-25 HTTP/1.1" 200 417
222.70.176.97 - - [25/Nov/2021:09:36:04 +0800] "GET /xingrg/kc/buy/cgsh_order_operate.html?command=get_materiel&rest_code=00111&code=00101009013&supplier_code=00100037&order_time=2021-11-25 HTTP/1.1" 200 421
116.227.210.113 - - [25/Nov/2021:09:36:05 +0800] "GET /xingrg/all/function/internal_message.html?_=1637804148303&CODE_STATE=getMsg HTTP/1.1" 200 27
114.83.221.74 - - [25/Nov/2021:09:36:09 +0800] "GET /xingrg/all/function/internal_message.html?_=1637804167438&CODE_STATE=getMsg HTTP/1.1" 200 27
116.233.78.109 - - [25/Nov/2021:09:36:10 +0800] "GET /xingrg/kc/buy/cgsh_order_operate.html?command=get_materiel&rest_code=00109&code=00101006109&supplier_code=00100015&order_time=2021-11-25 HTTP/1.1" 200 409
222.70.176.97 - - [25/Nov/2021:09:36:12 +0800] "GET /xingrg/kc/buy/cgsh_order_operate.html?command=get_materiel&rest_code=00111&code=00101009016&supplier_code=00100037&order_time=2021-11-25 HTTP/1.1" 200 412
222.70.176.97 - - [25/Nov/2021:09:36:14 +0800] "GET /xingrg/check_reg.html?_=1637804169561 HTTP/1.1" 200 22
222.70.176.97 - - [25/Nov/2021:09:36:15 +0800] "GET /xingrg/all/function/internal_message.html?_=1637804170903&CODE_STATE=getMsg HTTP/1.1" 200 27
222.70.171.86 - - [25/Nov/2021:09:36:16 +0800] "GET /xingrg/all/function/internal_message.html?_=1637804189591&CODE_STATE=getMsg HTTP/1.1" 200 27
116.233.78.109 - - [25/Nov/2021:09:36:17 +0800] "GET /xingrg/all/function/internal_message.html?_=1637804174676&CODE_STATE=getMsg HTTP/1.1" 200 27
116.233.78.109 - - [25/Nov/2021:09:36:17 +0800] "GET /xingrg/check_reg.html?_=1637804174678 HTTP/1.1" 200 22
116.233.78.109 - - [25/Nov/2021:09:36:17 +0800] "GET /xingrg/kc/buy/cgsh_order_operate.html?command=get_materiel&rest_code=00109&code=00101006240&supplier_code=00100015&order_time=2021-11-25 HTTP/1.1" 200 408
222.70.176.97 - - [25/Nov/2021:09:36:20 +0800] "GET /xingrg/kc/buy/cgsh_order_operate.html?command=get_materiel&rest_code=00111&code=00101015046&supplier_code=00100037&order_time=2021-11-25 HTTP/1.1" 200 412
116.233.78.109 - - [25/Nov/2021:09:36:25 +0800] "GET /xingrg/kc/buy/cgsh_order_operate.html?command=get_materiel&rest_code=00109&code=00101006013&supplier_code=00100015&order_time=2021-11-25 HTTP/1.1" 200 409
222.70.171.86 - - [25/Nov/2021:09:36:28 +0800] "GET /xingrg/all/function/internal_message.html?_=1637804198965&CODE_STATE=getMsg HTTP/1.1" 302 -
222.70.176.97 - - [25/Nov/2021:09:36:28 +0800] "GET /xingrg/kc/buy/cgsh_order_operate.html?command=get_materiel&rest_code=00111&code=00101015038&supplier_code=00100037&order_time=2021-11-25 HTTP/1.1" 200 418
116.233.78.109 - - [25/Nov/2021:09:36:32 +0800] "GET /xingrg/kc/buy/cgsh_order_operate.html?command=get_materiel&rest_code=00109&code=00101006144&supplier_code=00100015&order_time=2021-11-25 HTTP/1.1" 200 409
116.238.248.233 - - [25/Nov/2021:09:36:32 +0800] "GET /xingrg/all/function/internal_message.html?_=1637804188780&CODE_STATE=getMsg HTTP/1.1" 200 27
116.235.94.0 - - [25/Nov/2021:09:36:34 +0800] "GET /xingrg/all/function/internal_message.html?_=1637804198980&CODE_STATE=getMsg HTTP/1.1" 200 27
222.70.176.97 - - [25/Nov/2021:09:36:36 +0800] "GET /xingrg/kc/buy/cgsh_order_operate.html?command=get_materiel&rest_code=00111&code=00101008123&supplier_code=00100037&order_time=2021-11-25 HTTP/1.1" 200 412
116.233.78.109 - - [25/Nov/2021:09:36:38 +0800] "GET /xingrg/kc/buy/cgsh_order_operate.html?command=get_materiel&rest_code=00109&code=00101006180&supplier_code=00100015&order_time=2021-11-25 HTTP/1.1" 200 423
114.85.125.222 - - [25/Nov/2021:09:36:41 +0800] "GET /xingrg/check_reg.html?_=1637804171385 HTTP/1.1" 200 22
114.85.125.222 - - [25/Nov/2021:09:36:41 +0800] "GET /xingrg/all/function/internal_message.html?_=1637804171568&CODE_STATE=getMsg HTTP/1.1" 200 27
222.70.176.97 - - [25/Nov/2021:09:36:42 +0800] "GET /xingrg/kc/buy/cgsh_order_operate.html?command=get_materiel&rest_code=00111&code=00101008041&supplier_code=00100037&order_time=2021-11-25 HTTP/1.1" 200 408
180.174.250.202 - - [25/Nov/2021:09:36:43 +0800] "GET /xingrg/all/function/internal_message.html?_=1637804196221&CODE_STATE=getMsg HTTP/1.1" 200 27
116.233.78.109 - - [25/Nov/2021:09:36:44 +0800] "GET /xingrg/kc/buy/cgsh_order_operate.html?command=get_materiel&rest_code=00109&code=00101006110&supplier_code=00100015&order_time=2021-11-25 HTTP/1.1" 200 408
58.39.139.200 - - [25/Nov/2021:09:36:48 +0800] "GET /xingrg/check_reg.html?_=1637804142657 HTTP/1.1" 200 22
58.39.139.200 - - [25/Nov/2021:09:36:48 +0800] "GET /xingrg/all/function/internal_message.html?_=1637804142660&CODE_STATE=getMsg HTTP/1.1" 200 27
180.174.250.202 - - [25/Nov/2021:09:36:51 +0800] "GET /xingrg/all/function/internal_message.html?_=1637804212605&CODE_STATE=getMsg HTTP/1.1" 200 27
222.70.176.97 - - [25/Nov/2021:09:36:51 +0800] "GET /xingrg/kc/buy/cgsh_order_operate.html?command=get_materiel&rest_code=00111&code=00101015026&supplier_code=00100037&order_time=2021-11-25 HTTP/1.1" 200 412
180.157.253.6 - - [25/Nov/2021:09:36:52 +0800] "GET /xingrg/all/function/internal_message.html?_=1637804209440&CODE_STATE=getMsg HTTP/1.1" 200 27
180.157.253.6 - - [25/Nov/2021:09:36:58 +0800] "GET /xingrg/all/function/internal_message.html?_=1637804215906&CODE_STATE=getMsg HTTP/1.1" 200 27
58.37.231.44 - - [25/Nov/2021:09:36:58 +0800] "GET /xingrg/all/function/internal_message.html?_=1637804043486&CODE_STATE=getMsg HTTP/1.1" 200 27
58.39.139.200 - - [25/Nov/2021:09:37:00 +0800] "GET /xingrg/all/function/internal_message.html?_=1637804219220&CODE_STATE=getMsg HTTP/1.1" 200 27
222.70.176.97 - - [25/Nov/2021:09:37:01 +0800] "GET /xingrg/kc/buy/cgsh_order_operate.html?command=get_materiel&rest_code=00111&code=00101016025&supplier_code=00100037&order_time=2021-11-25 HTTP/1.1" 200 408
116.227.210.113 - - [25/Nov/2021:09:37:05 +0800] "GET /xingrg/all/function/internal_message.html?_=1637804208282&CODE_STATE=getMsg HTTP/1.1" 200 27
114.83.221.74 - - [25/Nov/2021:09:37:09 +0800] "GET /xingrg/all/function/internal_message.html?_=1637804227426&CODE_STATE=getMsg HTTP/1.1" 200 27
222.70.171.86 - - [25/Nov/2021:09:37:11 +0800] "GET /xingrg/check_reg.html?_=1637804242139 HTTP/1.1" 302 -
222.70.176.97 - - [25/Nov/2021:09:37:15 +0800] "GET /xingrg/all/function/internal_message.html?_=1637804230909&CODE_STATE=getMsg HTTP/1.1" 200 27
222.70.171.86 - - [25/Nov/2021:09:37:16 +0800] "GET /xingrg/all/function/internal_message.html?_=1637804249604&CODE_STATE=getMsg HTTP/1.1" 200 27
116.233.78.109 - - [25/Nov/2021:09:37:17 +0800] "GET /xingrg/all/function/internal_message.html?_=1637804234679&CODE_STATE=getMsg HTTP/1.1" 200 27
222.70.176.97 - - [25/Nov/2021:09:37:18 +0800] "GET /xingrg/kc/buy/cgsh_order_operate.html?command=get_materiel&rest_code=00111&code=00101007109&supplier_code=00100037&order_time=2021-11-25 HTTP/1.1" 200 408
114.83.221.74 - - [25/Nov/2021:09:37:18 +0800] "POST /xingrg/services/DataTransmitService HTTP/1.1" 200 524
116.233.78.109 - - [25/Nov/2021:09:37:23 +0800] "GET /xingrg/kc/buy/cgsh_order_operate.html?command=get_materiel&rest_code=00109&code=00101006029&supplier_code=00100015&order_time=2021-11-25 HTTP/1.1" 200 409
116.227.210.113 - - [25/Nov/2021:09:37:25 +0800] "GET /xingrg/kc/buy/cgsh_order_operate.html?command=get_materiel&rest_code=00155&code=00101006113&supplier_code=00100012&order_time=2021-11-25 HTTP/1.1" 200 413
222.70.176.97 - - [25/Nov/2021:09:37:28 +0800] "GET /xingrg/kc/buy/cgsh_order_operate.html?command=get_materiel&rest_code=00111&code=00101016105&supplier_code=00100037&order_time=2021-11-25 HTTP/1.1" 200 409
222.70.171.86 - - [25/Nov/2021:09:37:28 +0800] "GET /xingrg/all/function/internal_message.html?_=1637804258967&CODE_STATE=getMsg HTTP/1.1" 302 -
116.233.78.109 - - [25/Nov/2021:09:37:28 +0800] "GET /xingrg/kc/buy/cgsh_order_operate.html?command=get_materiel&rest_code=00109&code=00101006122&supplier_code=00100015&order_time=2021-11-25 HTTP/1.1" 200 408
116.238.248.233 - - [25/Nov/2021:09:37:32 +0800] "GET /xingrg/all/function/internal_message.html?_=1637804248779&CODE_STATE=getMsg HTTP/1.1" 200 27
116.238.248.233 - - [25/Nov/2021:09:37:32 +0800] "GET /xingrg/check_reg.html?_=1637804248802 HTTP/1.1" 200 22
116.233.78.109 - - [25/Nov/2021:09:37:34 +0800] "GET /xingrg/kc/buy/cgsh_order_operate.html?command=get_materiel&rest_code=00109&code=00101006058&supplier_code=00100015&order_time=2021-11-25 HTTP/1.1" 200 413
116.235.94.0 - - [25/Nov/2021:09:37:34 +0800] "GET /xingrg/all/function/internal_message.html?_=1637804258993&CODE_STATE=getMsg HTTP/1.1" 200 27
114.85.125.222 - - [25/Nov/2021:09:37:41 +0800] "GET /xingrg/all/function/internal_message.html?_=1637804231582&CODE_STATE=getMsg HTTP/1.1" 200 27
116.233.78.109 - - [25/Nov/2021:09:37:42 +0800] "POST /xingrg/kc/buy/cgsh_order_operate.html HTTP/1.1" 200 37
116.233.78.109 - - [25/Nov/2021:09:37:43 +0800] "POST /xingrg/kc/buy/cgsh_order_operate.html HTTP/1.1" 200 8010
180.174.250.202 - - [25/Nov/2021:09:37:44 +0800] "GET /xingrg/all/function/internal_message.html?_=1637804256675&CODE_STATE=getMsg HTTP/1.1" 200 27
116.233.78.109 - - [25/Nov/2021:09:37:44 +0800] "GET /xingrg/kc/print/load_config.html?kc_code=cgsh HTTP/1.1" 200 2281
116.233.78.109 - - [25/Nov/2021:09:37:44 +0800] "GET /xingrg/kc/print/load_data.html?order_code=212021112510566&kc_code=cgsh&condition= HTTP/1.1" 200 2807
114.83.221.74 - - [25/Nov/2021:09:37:46 +0800] "POST /xingrg/services/DataTransmitService HTTP/1.1" 200 501
114.83.221.74 - - [25/Nov/2021:09:37:46 +0800] "POST /xingrg/services/DataTransmitService HTTP/1.1" 200 501
114.83.221.74 - - [25/Nov/2021:09:37:48 +0800] "POST /xingrg/services/DataTransmitService HTTP/1.1" 200 501
58.39.139.200 - - [25/Nov/2021:09:37:48 +0800] "GET /xingrg/all/function/internal_message.html?_=1637804202660&CODE_STATE=getMsg HTTP/1.1" 200 27
114.83.221.74 - - [25/Nov/2021:09:37:49 +0800] "POST /xingrg/services/DataTransmitService HTTP/1.1" 200 501
114.83.221.74 - - [25/Nov/2021:09:37:50 +0800] "POST /xingrg/services/DataTransmitService HTTP/1.1" 200 501
180.169.147.146 - - [25/Nov/2021:09:37:50 +0800] "GET /favicon.ico HTTP/1.1" 404 -
114.83.221.74 - - [25/Nov/2021:09:37:50 +0800] "POST /xingrg/services/DataTransmitService HTTP/1.1" 200 501
180.174.250.202 - - [25/Nov/2021:09:37:51 +0800] "GET /xingrg/check_reg.html?_=1637804272603 HTTP/1.1" 200 22
180.174.250.202 - - [25/Nov/2021:09:37:51 +0800] "GET /xingrg/all/function/internal_message.html?_=1637804272606&CODE_STATE=getMsg HTTP/1.1" 200 27
114.83.221.74 - - [25/Nov/2021:09:37:51 +0800] "POST /xingrg/services/DataTransmitService HTTP/1.1" 200 501
114.83.221.74 - - [25/Nov/2021:09:37:51 +0800] "POST /xingrg/services/DataTransmitService HTTP/1.1" 200 501
114.83.221.74 - - [25/Nov/2021:09:37:52 +0800] "POST /xingrg/services/DataTransmitService HTTP/1.1" 200 501
180.157.253.6 - - [25/Nov/2021:09:37:52 +0800] "GET /xingrg/all/function/internal_message.html?_=1637804269455&CODE_STATE=getMsg HTTP/1.1" 200 27
114.83.221.74 - - [25/Nov/2021:09:37:52 +0800] "POST /xingrg/services/DataTransmitService HTTP/1.1" 200 412
116.227.210.113 - - [25/Nov/2021:09:37:54 +0800] "GET /xingrg/kc/buy/cgsh_order_operate.html?command=get_materiel&rest_code=00155&code=00101006229&supplier_code=00100012&order_time=2021-11-25 HTTP/1.1" 200 412
180.157.253.6 - - [25/Nov/2021:09:37:58 +0800] "GET /xingrg/check_reg.html?_=1637804275906 HTTP/1.1" 200 22
180.157.253.6 - - [25/Nov/2021:09:37:58 +0800] "GET /xingrg/all/function/internal_message.html?_=1637804275908&CODE_STATE=getMsg HTTP/1.1" 200 27
58.37.231.44 - - [25/Nov/2021:09:37:58 +0800] "GET /xingrg/all/function/internal_message.html?_=1637804103485&CODE_STATE=getMsg HTTP/1.1" 200 27
58.39.139.200 - - [25/Nov/2021:09:38:00 +0800] "GET /xingrg/all/function/internal_message.html?_=1637804279221&CODE_STATE=getMsg HTTP/1.1" 200 27
116.227.210.113 - - [25/Nov/2021:09:38:01 +0800] "GET /xingrg/kc/buy/cgsh_order_operate.html?command=get_materiel&rest_code=00155&code=00101006184&supplier_code=00100012&order_time=2021-11-25 HTTP/1.1" 200 408
116.227.210.113 - - [25/Nov/2021:09:38:05 +0800] "GET /xingrg/check_reg.html?_=1637804267875 HTTP/1.1" 200 22
116.227.210.113 - - [25/Nov/2021:09:38:05 +0800] "GET /xingrg/all/function/internal_message.html?_=1637804268275&CODE_STATE=getMsg HTTP/1.1" 200 27
114.83.221.74 - - [25/Nov/2021:09:38:09 +0800] "GET /xingrg/all/function/internal_message.html?_=1637804287406&CODE_STATE=getMsg HTTP/1.1" 200 27
116.227.210.113 - - [25/Nov/2021:09:38:09 +0800] "GET /xingrg/kc/buy/cgsh_order_operate.html?command=get_materiel&rest_code=00155&code=00101006130&supplier_code=00100012&order_time=2021-11-25 HTTP/1.1" 200 427
222.70.176.97 - - [25/Nov/2021:09:38:15 +0800] "GET /xingrg/all/function/internal_message.html?_=1637804290895&CODE_STATE=getMsg HTTP/1.1" 200 27
222.70.171.86 - - [25/Nov/2021:09:38:16 +0800] "GET /xingrg/all/function/internal_message.html?_=1637804309637&CODE_STATE=getMsg HTTP/1.1" 200 27
116.227.210.113 - - [25/Nov/2021:09:38:16 +0800] "GET /xingrg/kc/buy/cgsh_order_operate.html?command=get_materiel&rest_code=00155&code=00101006068&supplier_code=00100012&order_time=2021-11-25 HTTP/1.1" 200 409
116.233.78.109 - - [25/Nov/2021:09:38:17 +0800] "GET /xingrg/all/function/internal_message.html?_=1637804294707&CODE_STATE=getMsg HTTP/1.1" 200 27
116.227.210.113 - - [25/Nov/2021:09:38:24 +0800] "GET /xingrg/kc/buy/cgsh_order_operate.html?command=get_materiel&rest_code=00155&code=00101006062&supplier_code=00100012&order_time=2021-11-25 HTTP/1.1" 200 409
222.70.171.86 - - [25/Nov/2021:09:38:28 +0800] "GET /xingrg/all/function/internal_message.html?_=1637804318991&CODE_STATE=getMsg HTTP/1.1" 302 -
116.238.248.233 - - [25/Nov/2021:09:38:32 +0800] "GET /xingrg/all/function/internal_message.html?_=1637804308802&CODE_STATE=getMsg HTTP/1.1" 200 27
116.235.94.0 - - [25/Nov/2021:09:38:35 +0800] "GET /xingrg/all/function/internal_message.html?_=1637804319389&CODE_STATE=getMsg HTTP/1.1" 200 27
116.227.210.113 - - [25/Nov/2021:09:38:35 +0800] "GET /xingrg/kc/buy/cgsh_order_operate.html?command=get_materiel&rest_code=00155&code=00101006115&supplier_code=00100012&order_time=2021-11-25 HTTP/1.1" 200 427
114.85.125.222 - - [25/Nov/2021:09:38:41 +0800] "GET /xingrg/all/function/internal_message.html?_=1637804291596&CODE_STATE=getMsg HTTP/1.1" 200 27
180.174.250.202 - - [25/Nov/2021:09:38:44 +0800] "GET /xingrg/all/function/internal_message.html?_=1637804316699&CODE_STATE=getMsg HTTP/1.1" 200 27
58.39.139.200 - - [25/Nov/2021:09:38:48 +0800] "GET /xingrg/all/function/internal_message.html?_=1637804262660&CODE_STATE=getMsg HTTP/1.1" 200 27
116.227.210.113 - - [25/Nov/2021:09:38:49 +0800] "GET /xingrg/kc/buy/cgsh_order_operate.html?command=get_materiel&rest_code=00155&code=00101006071&supplier_code=00100012&order_time=2021-11-25 HTTP/1.1" 200 409
180.174.250.202 - - [25/Nov/2021:09:38:51 +0800] "GET /xingrg/all/function/internal_message.html?_=1637804332600&CODE_STATE=getMsg HTTP/1.1" 200 27
180.157.253.6 - - [25/Nov/2021:09:38:52 +0800] "GET /xingrg/check_reg.html?_=1637804329467 HTTP/1.1" 200 22
180.157.253.6 - - [25/Nov/2021:09:38:52 +0800] "GET /xingrg/all/function/internal_message.html?_=1637804329470&CODE_STATE=getMsg HTTP/1.1" 200 27
116.227.210.113 - - [25/Nov/2021:09:38:55 +0800] "POST /xingrg/kc/buy/cgsh_order_operate.html HTTP/1.1" 200 37
116.227.210.113 - - [25/Nov/2021:09:38:57 +0800] "POST /xingrg/kc/buy/cgsh_order_operate.html HTTP/1.1" 200 6811
116.227.210.113 - - [25/Nov/2021:09:38:57 +0800] "GET /xingrg/kc/print/load_data.html?order_code=212021112510567&kc_code=cgsh&condition= HTTP/1.1" 200 2361
180.157.253.6 - - [25/Nov/2021:09:38:58 +0800] "GET /xingrg/all/function/internal_message.html?_=1637804335907&CODE_STATE=getMsg HTTP/1.1" 200 27
58.37.231.44 - - [25/Nov/2021:09:38:58 +0800] "GET /xingrg/all/function/internal_message.html?_=1637804163484&CODE_STATE=getMsg HTTP/1.1" 200 27
58.39.139.200 - - [25/Nov/2021:09:39:00 +0800] "GET /xingrg/check_reg.html?_=1637804339220 HTTP/1.1" 200 22
58.39.139.200 - - [25/Nov/2021:09:39:00 +0800] "GET /xingrg/all/function/internal_message.html?_=1637804339223&CODE_STATE=getMsg HTTP/1.1" 200 27
116.227.210.113 - - [25/Nov/2021:09:39:00 +0800] "GET /xingrg/kc/print/load_data.html?order_code=212021112510567&kc_code=cgsh HTTP/1.1" 200 2361
116.227.210.113 - - [25/Nov/2021:09:39:07 +0800] "GET /xingrg/all/function/internal_message.html?_=1637804330353&CODE_STATE=getMsg HTTP/1.1" 200 27
114.83.221.74 - - [25/Nov/2021:09:39:09 +0800] "GET /xingrg/all/function/internal_message.html?_=1637804347377&CODE_STATE=getMsg HTTP/1.1" 200 27
222.70.176.97 - - [25/Nov/2021:09:39:15 +0800] "GET /xingrg/all/function/internal_message.html?_=1637804350876&CODE_STATE=getMsg HTTP/1.1" 200 27
222.70.171.86 - - [25/Nov/2021:09:39:16 +0800] "GET /xingrg/all/function/internal_message.html?_=1637804369649&CODE_STATE=getMsg HTTP/1.1" 200 27
