124.78.153.86 - - [25/Nov/2021:10:49:00 +0800] "GET /xingrg/kc/buy/cgsh_order_operate.html?command=get_materiel&rest_code=00106&code=00101016025&supplier_code=00100032&order_time=2021-11-25 HTTP/1.1" 200 408
180.174.250.202 - - [25/Nov/2021:10:49:00 +0800] "GET /xingrg/all/function/internal_message.html?_=1637808533419&CODE_STATE=getMsg HTTP/1.1" 200 27
116.227.210.113 - - [25/Nov/2021:10:49:06 +0800] "GET /xingrg/all/function/internal_message.html?_=1637808529108&CODE_STATE=getMsg HTTP/1.1" 200 27
114.83.221.74 - - [25/Nov/2021:10:49:08 +0800] "GET /xingrg/all/function/internal_message.html?_=1637808546476&CODE_STATE=getMsg HTTP/1.1" 200 27
124.78.153.86 - - [25/Nov/2021:10:49:09 +0800] "GET /xingrg/all/function/internal_message.html?_=1637808544860&CODE_STATE=getMsg HTTP/1.1" 200 27
124.78.153.86 - - [25/Nov/2021:10:49:11 +0800] "GET /xingrg/kc/buy/cgsh_order_operate.html?command=get_materiel&rest_code=00106&code=00101012069&supplier_code=00100032&order_time=2021-11-25 HTTP/1.1" 200 412
116.228.172.94 - - [25/Nov/2021:10:49:14 +0800] "GET /xingrg/kc/buy/buy_main.html HTTP/1.1" 200 12412
116.228.172.94 - - [25/Nov/2021:10:49:14 +0800] "GET /xingrg/css/new_ie.css HTTP/1.1" 404 1036
222.70.176.97 - - [25/Nov/2021:10:49:14 +0800] "GET /xingrg/all/function/internal_message.html?_=1637808549784&CODE_STATE=getMsg HTTP/1.1" 200 27
116.228.172.94 - - [25/Nov/2021:10:49:15 +0800] "GET /xingrg/images/yd/bt.gif HTTP/1.1" 404 1040
116.228.172.94 - - [25/Nov/2021:10:49:15 +0800] "GET /xingrg/kc/buy/cgsh_order_list.html HTTP/1.1" 200 49144
116.228.172.94 - - [25/Nov/2021:10:49:16 +0800] "POST /xingrg/kc/buy/cgsh_list_operate.html HTTP/1.1" 200 876
116.233.78.109 - - [25/Nov/2021:10:49:17 +0800] "GET /xingrg/all/function/internal_message.html?_=1637808554897&CODE_STATE=getMsg HTTP/1.1" 200 27
116.228.172.94 - - [25/Nov/2021:10:49:19 +0800] "GET /xingrg/kc/buy/cgsh_order_add.html HTTP/1.1" 200 63969
116.228.172.94 - - [25/Nov/2021:10:49:19 +0800] "POST /xingrg/kc/buy/cgsh_order_operate.html HTTP/1.1" 200 8245
116.228.172.94 - - [25/Nov/2021:10:49:19 +0800] "GET /xingrg/all/common/auto_word.html?type=employee&rest_code=00153 HTTP/1.1" 200 47
116.228.172.94 - - [25/Nov/2021:10:49:19 +0800] "GET /xingrg/javascript/easyui/themes/default/validatebox.css HTTP/1.1" 404 1104
116.228.172.94 - - [25/Nov/2021:10:49:19 +0800] "GET /xingrg/all/common/auto_word.html?type=employee&rest_code=00153 HTTP/1.1" 200 47
116.228.172.94 - - [25/Nov/2021:10:49:22 +0800] "GET /xingrg/javascript/jquery_tools/images/prev.gif HTTP/1.1" 404 1086
116.228.172.94 - - [25/Nov/2021:10:49:22 +0800] "GET /xingrg/javascript/jquery_tools/images/next.gif HTTP/1.1" 404 1086
180.174.250.202 - - [25/Nov/2021:10:49:22 +0800] "GET /xingrg/kc/base/wldb_order_list.html HTTP/1.1" 200 19224
180.174.250.202 - - [25/Nov/2021:10:49:23 +0800] "POST /xingrg/kc/base/wldb_list_operate.html HTTP/1.1" 200 1767
180.174.250.202 - - [25/Nov/2021:10:49:25 +0800] "POST /xingrg/kc/base/wldb_list_operate.html HTTP/1.1" 200 650
180.174.250.202 - - [25/Nov/2021:10:49:25 +0800] "GET /xingrg/kc/base/wldb_order_info.html?code=422021112502731 HTTP/1.1" 200 30449
180.174.250.202 - - [25/Nov/2021:10:49:26 +0800] "POST /xingrg/kc/base/wldb_order_operate.html HTTP/1.1" 200 7745
222.69.132.164 - - [25/Nov/2021:10:49:27 +0800] "GET /xingrg/all/function/internal_message.html?_=1637808568037&CODE_STATE=getMsg HTTP/1.1" 200 27
222.69.132.164 - - [25/Nov/2021:10:49:27 +0800] "GET /xingrg/check_reg.html?_=1637808568041 HTTP/1.1" 200 22
180.174.250.202 - - [25/Nov/2021:10:49:27 +0800] "GET /xingrg/javascript/easyui/themes/default/validatebox.css HTTP/1.1" 404 1104
124.78.153.86 - - [25/Nov/2021:10:49:28 +0800] "GET /xingrg/kc/buy/cgsh_order_operate.html?command=get_materiel&rest_code=00106&code=00101012025&supplier_code=00100032&order_time=2021-11-25 HTTP/1.1" 200 412
116.238.248.233 - - [25/Nov/2021:10:49:28 +0800] "GET /xingrg/all/function/internal_message.html?_=1637808564713&CODE_STATE=getMsg HTTP/1.1" 200 27
222.70.171.86 - - [25/Nov/2021:10:49:29 +0800] "GET /xingrg/all/function/internal_message.html?_=1637808580056&CODE_STATE=getMsg HTTP/1.1" 302 -
116.228.172.94 - - [25/Nov/2021:10:49:29 +0800] "GET /xingrg/kc/buy/cgsh_order_operate.html?command=get_materiel&rest_code=00153&code=00101008355&supplier_code=00100199&order_time=2021-11-25 HTTP/1.1" 200 408
180.174.250.202 - - [25/Nov/2021:10:49:31 +0800] "POST /xingrg/kc/base/wldb_order_operate.html HTTP/1.1" 200 37
180.157.253.6 - - [25/Nov/2021:10:49:31 +0800] "GET /xingrg/all/function/internal_message.html?_=1637808569221&CODE_STATE=getMsg HTTP/1.1" 200 27
180.174.250.202 - - [25/Nov/2021:10:49:34 +0800] "POST /xingrg/kc/base/wldb_order_operate.html HTTP/1.1" 200 12
180.174.250.202 - - [25/Nov/2021:10:49:34 +0800] "POST /xingrg/kc/base/wldb_order_operate.html HTTP/1.1" 200 7744
180.174.250.202 - - [25/Nov/2021:10:49:35 +0800] "GET /xingrg/kc/base/wldb_order_info.html?code=422021112502731 HTTP/1.1" 200 26311
124.78.153.86 - - [25/Nov/2021:10:49:35 +0800] "GET /xingrg/kc/buy/cgsh_order_operate.html?command=get_materiel&rest_code=00106&code=00101010248&supplier_code=00100032&order_time=2021-11-25 HTTP/1.1" 200 430
180.174.250.202 - - [25/Nov/2021:10:49:37 +0800] "POST /xingrg/kc/base/wldb_order_operate.html HTTP/1.1" 200 5919
180.174.250.202 - - [25/Nov/2021:10:49:37 +0800] "GET /xingrg/check_reg.html?_=1637808569898 HTTP/1.1" 200 22
180.174.250.202 - - [25/Nov/2021:10:49:37 +0800] "GET /xingrg/javascript/easyui/themes/default/validatebox.css HTTP/1.1" 404 1104
180.162.112.229 - - [25/Nov/2021:10:49:37 +0800] "GET /xingrg/all/function/internal_message.html?_=1637808045619&CODE_STATE=getMsg HTTP/1.1" 200 27
120.253.135.82 - - [25/Nov/2021:10:49:37 +0800] "GET /xingrg/all/function/internal_message.html?_=1637808350031&CODE_STATE=getMsg HTTP/1.1" 200 27
222.70.171.86 - - [25/Nov/2021:10:49:40 +0800] "POST /xingrg/kc/buy/cgsh_order_operate.html HTTP/1.1" 200 37
116.228.172.94 - - [25/Nov/2021:10:49:42 +0800] "GET /xingrg/kc/buy/cgsh_order_operate.html?command=get_materiel&rest_code=00153&code=00101008300&supplier_code=00100199&order_time=2021-11-25 HTTP/1.1" 200 412
180.169.147.146 - - [25/Nov/2021:10:49:43 +0800] "GET /xingrg/all/function/internal_message.html?_=1637808572093&CODE_STATE=getMsg HTTP/1.1" 200 27
124.78.153.86 - - [25/Nov/2021:10:49:44 +0800] "GET /xingrg/kc/buy/cgsh_order_operate.html?command=get_materiel&rest_code=00106&code=00101001111&supplier_code=00100032&order_time=2021-11-25 HTTP/1.1" 200 409
222.70.171.86 - - [25/Nov/2021:10:49:45 +0800] "POST /xingrg/kc/buy/cgsh_order_operate.html HTTP/1.1" 200 12
58.39.139.200 - - [25/Nov/2021:10:49:48 +0800] "GET /xingrg/all/function/internal_message.html?_=1637808522763&CODE_STATE=getMsg HTTP/1.1" 200 27
222.70.171.86 - - [25/Nov/2021:10:49:49 +0800] "GET /xingrg/kc/buy/cgsh_order_info.html?code=212021112510597 HTTP/1.1" 200 59780
222.70.171.86 - - [25/Nov/2021:10:49:49 +0800] "GET /xingrg/javascript/easyui/themes/default/validatebox.css HTTP/1.1" 404 1104
222.70.171.86 - - [25/Nov/2021:10:49:49 +0800] "GET /xingrg/check_reg.html?_=1637808603577 HTTP/1.1" 200 22
222.70.171.86 - - [25/Nov/2021:10:49:49 +0800] "GET /xingrg/all/function/internal_message.html?_=1637808603579&CODE_STATE=getMsg HTTP/1.1" 200 27
222.70.171.86 - - [25/Nov/2021:10:49:50 +0800] "POST /xingrg/kc/buy/cgsh_order_operate.html HTTP/1.1" 200 606
116.228.172.94 - - [25/Nov/2021:10:49:50 +0800] "GET /xingrg/kc/buy/cgsh_order_operate.html?command=get_materiel&rest_code=00153&code=00101008141&supplier_code=00100199&order_time=2021-11-25 HTTP/1.1" 200 412
180.174.250.202 - - [25/Nov/2021:10:49:50 +0800] "GET /xingrg/all/function/internal_message.html?_=1637808592655&CODE_STATE=getMsg HTTP/1.1" 200 27
180.157.253.6 - - [25/Nov/2021:10:49:52 +0800] "GET /xingrg/all/function/internal_message.html?_=1637808589596&CODE_STATE=getMsg HTTP/1.1" 200 27
222.70.171.86 - - [25/Nov/2021:10:49:52 +0800] "GET /xingrg/kc/print/load_data.html?order_code=212021112510597&kc_code=cgsh&condition= HTTP/1.1" 200 690
116.228.172.94 - - [25/Nov/2021:10:49:53 +0800] "GET /xingrg/all/function/internal_message.html?_=1637808476972&CODE_STATE=getMsg HTTP/1.1" 200 27
58.37.231.44 - - [25/Nov/2021:10:49:58 +0800] "GET /xingrg/all/function/internal_message.html?_=1637808422892&CODE_STATE=getMsg HTTP/1.1" 200 27
116.228.172.94 - - [25/Nov/2021:10:49:59 +0800] "GET /xingrg/kc/buy/cgsh_order_operate.html?command=get_materiel&rest_code=00153&code=00101008372&supplier_code=00100199&order_time=2021-11-25 HTTP/1.1" 200 408
58.39.139.200 - - [25/Nov/2021:10:50:00 +0800] "GET /xingrg/all/function/internal_message.html?_=1637808599284&CODE_STATE=getMsg HTTP/1.1" 200 27
180.174.250.202 - - [25/Nov/2021:10:50:01 +0800] "GET /xingrg/all/function/internal_message.html?_=1637808594628&CODE_STATE=getMsg HTTP/1.1" 200 27
124.78.153.86 - - [25/Nov/2021:10:50:03 +0800] "POST /xingrg/kc/buy/cgsh_order_operate.html HTTP/1.1" 200 37
116.227.210.113 - - [25/Nov/2021:10:50:06 +0800] "GET /xingrg/all/function/internal_message.html?_=1637808589082&CODE_STATE=getMsg HTTP/1.1" 200 27
114.83.221.74 - - [25/Nov/2021:10:50:07 +0800] "GET /xingrg/check_reg.html?_=1637808605570 HTTP/1.1" 200 22
114.83.221.74 - - [25/Nov/2021:10:50:08 +0800] "GET /xingrg/all/function/internal_message.html?_=1637808606462&CODE_STATE=getMsg HTTP/1.1" 200 27
124.78.153.86 - - [25/Nov/2021:10:50:09 +0800] "GET /xingrg/all/function/internal_message.html?_=1637808604829&CODE_STATE=getMsg HTTP/1.1" 200 27
124.78.153.86 - - [25/Nov/2021:10:50:10 +0800] "POST /xingrg/kc/buy/cgsh_order_operate.html HTTP/1.1" 200 12
222.70.171.86 - - [25/Nov/2021:10:50:10 +0800] "GET /xingrg/kc/buy/cgsh_order_add.html HTTP/1.1" 200 64881
222.70.171.86 - - [25/Nov/2021:10:50:11 +0800] "GET /xingrg/javascript/easyui/themes/default/validatebox.css HTTP/1.1" 404 1104
222.70.171.86 - - [25/Nov/2021:10:50:11 +0800] "POST /xingrg/kc/buy/cgsh_order_operate.html HTTP/1.1" 200 8245
124.78.153.86 - - [25/Nov/2021:10:50:12 +0800] "GET /xingrg/kc/buy/cgsh_order_info.html?code=212021112510598 HTTP/1.1" 200 59835
124.78.153.86 - - [25/Nov/2021:10:50:12 +0800] "GET /xingrg/javascript/easyui/themes/default/validatebox.css HTTP/1.1" 404 1104
124.78.153.86 - - [25/Nov/2021:10:50:13 +0800] "POST /xingrg/kc/buy/cgsh_order_operate.html HTTP/1.1" 200 4749
222.70.176.97 - - [25/Nov/2021:10:50:14 +0800] "GET /xingrg/all/function/internal_message.html?_=1637808609771&CODE_STATE=getMsg HTTP/1.1" 200 27
124.78.153.86 - - [25/Nov/2021:10:50:16 +0800] "GET /xingrg/kc/print/load_data.html?order_code=212021112510598&kc_code=cgsh&condition= HTTP/1.1" 200 2302
116.233.78.109 - - [25/Nov/2021:10:50:17 +0800] "GET /xingrg/all/function/internal_message.html?_=1637808614900&CODE_STATE=getMsg HTTP/1.1" 200 27
180.162.112.229 - - [25/Nov/2021:10:50:17 +0800] "GET /xingrg/kc/base/wldb_order_operate.html?command=get_materiel&rest_code=00143&base_code=0010216&code=00101022099 HTTP/1.1" 200 425
116.228.172.94 - - [25/Nov/2021:10:50:18 +0800] "GET /xingrg/kc/buy/cgsh_order_operate.html?command=get_materiel&rest_code=00153&code=00101008343&supplier_code=00100199&order_time=2021-11-25 HTTP/1.1" 200 412
124.78.153.86 - - [25/Nov/2021:10:50:20 +0800] "GET /xingrg/kc/print/load_data.html?order_code=212021112510598&kc_code=cgsh HTTP/1.1" 200 2302
222.69.132.164 - - [25/Nov/2021:10:50:27 +0800] "GET /xingrg/all/function/internal_message.html?_=1637808628044&CODE_STATE=getMsg HTTP/1.1" 200 27
116.238.248.233 - - [25/Nov/2021:10:50:28 +0800] "GET /xingrg/check_reg.html?_=1637808624718 HTTP/1.1" 200 22
116.238.248.233 - - [25/Nov/2021:10:50:28 +0800] "GET /xingrg/all/function/internal_message.html?_=1637808624720&CODE_STATE=getMsg HTTP/1.1" 200 27
222.70.171.86 - - [25/Nov/2021:10:50:29 +0800] "GET /xingrg/all/function/internal_message.html?_=1637808640079&CODE_STATE=getMsg HTTP/1.1" 302 -
120.253.135.82 - - [25/Nov/2021:10:50:29 +0800] "GET /xingrg/kc/pszx/mdqp_order_list.html?state=10 HTTP/1.1" 200 11453
120.253.135.82 - - [25/Nov/2021:10:50:29 +0800] "GET /xingrg/javascript/Calendar.js HTTP/1.1" 304 -
120.253.135.82 - - [25/Nov/2021:10:50:29 +0800] "GET /xingrg/dwr/util.js HTTP/1.1" 304 -
120.253.135.82 - - [25/Nov/2021:10:50:29 +0800] "GET /xingrg/dwr/interface/AjaxQqpsService.js HTTP/1.1" 200 16326
120.253.135.82 - - [25/Nov/2021:10:50:29 +0800] "GET /xingrg/dwr/interface/AjaxReportQueryService.js HTTP/1.1" 200 13203
120.253.135.82 - - [25/Nov/2021:10:50:29 +0800] "GET /xingrg/dwr/engine.js HTTP/1.1" 200 43631
120.253.135.82 - - [25/Nov/2021:10:50:29 +0800] "GET /xingrg/javascript/jquery_easy_ui/themes/icons/check_new.png HTTP/1.1" 304 -
120.253.135.82 - - [25/Nov/2021:10:50:29 +0800] "GET /xingrg/javascript/jquery_easy_ui/themes/icons/uncheck_new.png HTTP/1.1" 304 -
116.228.172.94 - - [25/Nov/2021:10:50:31 +0800] "GET /xingrg/kc/buy/cgsh_order_operate.html?command=get_materiel&rest_code=00153&code=00101008261&supplier_code=00100199&order_time=2021-11-25 HTTP/1.1" 200 408
180.157.253.6 - - [25/Nov/2021:10:50:31 +0800] "GET /xingrg/check_reg.html?_=1637808629223 HTTP/1.1" 200 22
180.157.253.6 - - [25/Nov/2021:10:50:31 +0800] "GET /xingrg/all/function/internal_message.html?_=1637808629226&CODE_STATE=getMsg HTTP/1.1" 200 27
120.253.135.82 - - [25/Nov/2021:10:50:34 +0800] "GET /xingrg/kc/pszx/mdqp_order_info.html?code=302021112500504 HTTP/1.1" 200 13338
120.253.135.82 - - [25/Nov/2021:10:50:34 +0800] "GET /xingrg/javascript/AjaxInfoList.js HTTP/1.1" 304 -
120.253.135.82 - - [25/Nov/2021:10:50:34 +0800] "GET /xingrg/javascript/tools/jquery.qtip-1.0.0-rc3.min.js HTTP/1.1" 304 -
120.253.135.82 - - [25/Nov/2021:10:50:34 +0800] "GET /xingrg/javascript/checkform.js HTTP/1.1" 304 -
120.253.135.82 - - [25/Nov/2021:10:50:34 +0800] "GET /xingrg/javascript/Grid.js HTTP/1.1" 304 -
120.253.135.82 - - [25/Nov/2021:10:50:34 +0800] "GET /xingrg/dwr/interface/AjaxComOrderService.js HTTP/1.1" 200 18264
120.253.135.82 - - [25/Nov/2021:10:50:34 +0800] "GET /xingrg/dwr/interface/AjaxQqpsService.js HTTP/1.1" 200 16326
120.253.135.82 - - [25/Nov/2021:10:50:34 +0800] "GET /xingrg/javascript/print/kc_print.js HTTP/1.1" 304 -
120.253.135.82 - - [25/Nov/2021:10:50:34 +0800] "GET /xingrg/javascript/ToolTips.js HTTP/1.1" 304 -
120.253.135.82 - - [25/Nov/2021:10:50:34 +0800] "GET /xingrg/dwr/engine.js HTTP/1.1" 200 43631
120.253.135.82 - - [25/Nov/2021:10:50:34 +0800] "GET /xingrg/javascript/jquery_easy_ui/themes/icons/print.png HTTP/1.1" 304 -
120.253.135.82 - - [25/Nov/2021:10:50:34 +0800] "GET /xingrg/javascript/jquery_easy_ui/themes/default/images/menu_downarrow.png HTTP/1.1" 304 -
120.253.135.82 - - [25/Nov/2021:10:50:34 +0800] "GET /xingrg/images/blue/button/kc_tab_edit.gif HTTP/1.1" 304 -
120.253.135.82 - - [25/Nov/2021:10:50:34 +0800] "GET /xingrg/images/blue/button/kc_tab_save.gif HTTP/1.1" 304 -
120.253.135.82 - - [25/Nov/2021:10:50:34 +0800] "GET /xingrg/images/blue/kc_tab_right.gif HTTP/1.1" 304 -
120.253.135.82 - - [25/Nov/2021:10:50:34 +0800] "GET /xingrg/images/blue/kc_tab_left.gif HTTP/1.1" 304 -
120.253.135.82 - - [25/Nov/2021:10:50:34 +0800] "GET /xingrg/images/blue/kc_tab_mid.gif HTTP/1.1" 304 -
120.253.135.82 - - [25/Nov/2021:10:50:34 +0800] "GET /xingrg/images/blue/kc_tab2_left.gif HTTP/1.1" 304 -
120.253.135.82 - - [25/Nov/2021:10:50:34 +0800] "GET /xingrg/images/blue/kc_tab2_right.gif HTTP/1.1" 304 -
120.253.135.82 - - [25/Nov/2021:10:50:34 +0800] "GET /xingrg/images/blue/wait.gif HTTP/1.1" 304 -
120.253.135.82 - - [25/Nov/2021:10:50:34 +0800] "POST /xingrg/dwr/call/plaincall/AjaxQqpsService.loadMaterielItems.dwr HTTP/1.1" 200 343
120.253.135.82 - - [25/Nov/2021:10:50:36 +0800] "GET /xingrg/javascript/jquery_easy_ui/themes/default/images/button_plain_hover.png HTTP/1.1" 304 -
120.253.135.82 - - [25/Nov/2021:10:50:37 +0800] "GET /xingrg/kc/pszx/mdqp_order_list.html?isBack=1 HTTP/1.1" 302 -
120.253.135.82 - - [25/Nov/2021:10:50:37 +0800] "GET /xingrg/kc/pszx/mdqp_order_list.html?state=10 HTTP/1.1" 200 11453
120.253.135.82 - - [25/Nov/2021:10:50:37 +0800] "GET /xingrg/javascript/jquery_easy_ui/themes/icons/manage.png HTTP/1.1" 200 696
120.253.135.82 - - [25/Nov/2021:10:50:37 +0800] "GET /xingrg/javascript/jquery_easy_ui/themes/icons/area.png HTTP/1.1" 200 262
120.253.135.82 - - [25/Nov/2021:10:50:37 +0800] "GET /xingrg/dwr/interface/AjaxReportQueryService.js HTTP/1.1" 200 13203
120.253.135.82 - - [25/Nov/2021:10:50:37 +0800] "GET /xingrg/dwr/interface/AjaxQqpsService.js HTTP/1.1" 200 16326
120.253.135.82 - - [25/Nov/2021:10:50:37 +0800] "GET /xingrg/dwr/engine.js HTTP/1.1" 200 43631
120.253.135.82 - - [25/Nov/2021:10:50:37 +0800] "GET /xingrg/check_reg.html?_=1637808409864 HTTP/1.1" 200 22
180.162.112.229 - - [25/Nov/2021:10:50:37 +0800] "GET /xingrg/all/function/internal_message.html?_=1637808105614&CODE_STATE=getMsg HTTP/1.1" 200 27
120.253.135.82 - - [25/Nov/2021:10:50:37 +0800] "GET /xingrg/all/function/internal_message.html?_=1637808410045&CODE_STATE=getMsg HTTP/1.1" 200 27
120.253.135.82 - - [25/Nov/2021:10:50:38 +0800] "GET /xingrg/kc/pszx/mdqp_order_info.html?code=302021112500505 HTTP/1.1" 200 13338
120.253.135.82 - - [25/Nov/2021:10:50:38 +0800] "GET /xingrg/dwr/interface/AjaxComOrderService.js HTTP/1.1" 200 18264
120.253.135.82 - - [25/Nov/2021:10:50:38 +0800] "GET /xingrg/dwr/interface/AjaxQqpsService.js HTTP/1.1" 200 16326
120.253.135.82 - - [25/Nov/2021:10:50:38 +0800] "GET /xingrg/dwr/engine.js HTTP/1.1" 200 43631
120.253.135.82 - - [25/Nov/2021:10:50:39 +0800] "POST /xingrg/dwr/call/plaincall/AjaxQqpsService.loadMaterielItems.dwr HTTP/1.1" 200 419
124.78.153.86 - - [25/Nov/2021:10:50:40 +0800] "GET /xingrg/kc/buy/cgsh_order_add.html HTTP/1.1" 200 64922
124.78.153.86 - - [25/Nov/2021:10:50:41 +0800] "POST /xingrg/kc/buy/cgsh_order_operate.html HTTP/1.1" 200 8245
124.78.153.86 - - [25/Nov/2021:10:50:41 +0800] "GET /xingrg/javascript/easyui/themes/default/validatebox.css HTTP/1.1" 404 1104
124.78.153.86 - - [25/Nov/2021:10:50:41 +0800] "GET /xingrg/javascript/easyui/themes/default/tree.css HTTP/1.1" 404 1090
124.78.153.86 - - [25/Nov/2021:10:50:42 +0800] "POST /xingrg/all/common/load_tree.html?tree=supplier_tree_json&isDelete=1 HTTP/1.1" 200 60555
180.169.147.146 - - [25/Nov/2021:10:50:43 +0800] "GET /xingrg/all/function/internal_message.html?_=1637808632077&CODE_STATE=getMsg HTTP/1.1" 200 27
180.169.147.146 - - [25/Nov/2021:10:50:43 +0800] "GET /xingrg/check_reg.html?_=1637808632328 HTTP/1.1" 200 22
120.253.135.82 - - [25/Nov/2021:10:50:44 +0800] "GET /xingrg/kc/pszx/mdqp_order_list.html?isBack=1 HTTP/1.1" 302 -
120.253.135.82 - - [25/Nov/2021:10:50:45 +0800] "GET /xingrg/kc/pszx/mdqp_order_list.html?state=10 HTTP/1.1" 200 11453
120.253.135.82 - - [25/Nov/2021:10:50:45 +0800] "GET /xingrg/dwr/interface/AjaxReportQueryService.js HTTP/1.1" 200 13203
120.253.135.82 - - [25/Nov/2021:10:50:45 +0800] "GET /xingrg/dwr/interface/AjaxQqpsService.js HTTP/1.1" 200 16326
120.253.135.82 - - [25/Nov/2021:10:50:45 +0800] "GET /xingrg/dwr/engine.js HTTP/1.1" 200 43631
116.228.172.94 - - [25/Nov/2021:10:50:45 +0800] "GET /xingrg/kc/buy/cgsh_order_operate.html?command=get_materiel&rest_code=00153&code=00101008521&supplier_code=00100199&order_time=2021-11-25 HTTP/1.1" 200 395
58.39.139.200 - - [25/Nov/2021:10:50:48 +0800] "GET /xingrg/all/function/internal_message.html?_=1637808582749&CODE_STATE=getMsg HTTP/1.1" 200 27
222.70.171.86 - - [25/Nov/2021:10:50:49 +0800] "GET /xingrg/all/function/internal_message.html?_=1637808663590&CODE_STATE=getMsg HTTP/1.1" 200 27
180.174.250.202 - - [25/Nov/2021:10:50:51 +0800] "GET /xingrg/all/function/internal_message.html?_=1637808652654&CODE_STATE=getMsg HTTP/1.1" 200 27
58.221.95.50 - - [25/Nov/2021:10:50:52 +0800] "GET /xingrg/check_reg.html?_=1637808650588 HTTP/1.1" 302 -
180.157.253.6 - - [25/Nov/2021:10:50:52 +0800] "GET /xingrg/all/function/internal_message.html?_=1637808649595&CODE_STATE=getMsg HTTP/1.1" 200 27
124.78.153.86 - - [25/Nov/2021:10:50:52 +0800] "GET /xingrg/kc/buy/cgsh_order_operate.html?command=get_materiel&rest_code=00106&code=00101009006&supplier_code=00100022&order_time=2021-11-25 HTTP/1.1" 200 408
116.228.172.94 - - [25/Nov/2021:10:50:53 +0800] "GET /xingrg/check_reg.html?_=1637808536979 HTTP/1.1" 200 22
116.228.172.94 - - [25/Nov/2021:10:50:53 +0800] "GET /xingrg/all/function/internal_message.html?_=1637808536984&CODE_STATE=getMsg HTTP/1.1" 200 27
58.37.231.44 - - [25/Nov/2021:10:50:58 +0800] "GET /xingrg/all/function/internal_message.html?_=1637808482864&CODE_STATE=getMsg HTTP/1.1" 200 27
58.37.231.44 - - [25/Nov/2021:10:50:58 +0800] "GET /xingrg/check_reg.html?_=1637808483661 HTTP/1.1" 200 22
58.39.139.200 - - [25/Nov/2021:10:51:00 +0800] "GET /xingrg/all/function/internal_message.html?_=1637808659269&CODE_STATE=getMsg HTTP/1.1" 200 27
180.174.250.202 - - [25/Nov/2021:10:51:01 +0800] "GET /xingrg/all/function/internal_message.html?_=1637808654632&CODE_STATE=getMsg HTTP/1.1" 200 27
124.78.153.86 - - [25/Nov/2021:10:51:02 +0800] "GET /xingrg/kc/buy/cgsh_order_operate.html?command=get_materiel&rest_code=00106&code=00101009011&supplier_code=00100022&order_time=2021-11-25 HTTP/1.1" 200 416
120.253.135.82 - - [25/Nov/2021:10:51:05 +0800] "GET /xingrg/kc/pszx/jzcl_ps.html HTTP/1.1" 200 7683
120.253.135.82 - - [25/Nov/2021:10:51:05 +0800] "GET /xingrg/javascript/step/step.css HTTP/1.1" 304 -
120.253.135.82 - - [25/Nov/2021:10:51:05 +0800] "GET /xingrg/css/table.css HTTP/1.1" 304 -
120.253.135.82 - - [25/Nov/2021:10:51:05 +0800] "GET /xingrg/javascript/step/images/navCurrentBtn.gif HTTP/1.1" 304 -
120.253.135.82 - - [25/Nov/2021:10:51:05 +0800] "GET /xingrg/javascript/jquery_easy_ui/themes/default/images/button_a_bg.gif HTTP/1.1" 304 -
120.253.135.82 - - [25/Nov/2021:10:51:05 +0800] "GET /xingrg/javascript/jquery_easy_ui/themes/icons/search.png HTTP/1.1" 304 -
120.253.135.82 - - [25/Nov/2021:10:51:05 +0800] "GET /xingrg/javascript/jquery_easy_ui/themes/default/images/button_span_bg.gif HTTP/1.1" 304 -
120.253.135.82 - - [25/Nov/2021:10:51:05 +0800] "GET /xingrg/javascript/jquery_easy_ui/themes/default/images/combo_arrow_dot.gif HTTP/1.1" 304 -
120.253.135.82 - - [25/Nov/2021:10:51:05 +0800] "GET /xingrg/javascript/jquery_easy_ui/themes/default/images/calendar_prevmonth.gif HTTP/1.1" 304 -
120.253.135.82 - - [25/Nov/2021:10:51:05 +0800] "GET /xingrg/javascript/jquery_easy_ui/themes/default/images/calendar_prevyear.gif HTTP/1.1" 304 -
120.253.135.82 - - [25/Nov/2021:10:51:05 +0800] "GET /xingrg/javascript/jquery_easy_ui/themes/default/images/calendar_nextyear.gif HTTP/1.1" 304 -
120.253.135.82 - - [25/Nov/2021:10:51:05 +0800] "GET /xingrg/javascript/jquery_easy_ui/themes/default/images/calendar_nextmonth.gif HTTP/1.1" 304 -
120.253.135.82 - - [25/Nov/2021:10:51:05 +0800] "POST /xingrg/all/common/load_tree.html?tree=area_rest_tree_json HTTP/1.1" 200 3472
120.253.135.82 - - [25/Nov/2021:10:51:05 +0800] "GET /xingrg/javascript/jquery_easy_ui/themes/default/images/datagrid_header_bg.gif HTTP/1.1" 304 -
120.253.135.82 - - [25/Nov/2021:10:51:05 +0800] "GET /xingrg/javascript/jquery_easy_ui/themes/default/images/pagination_loading.gif HTTP/1.1" 304 -
120.253.135.82 - - [25/Nov/2021:10:51:06 +0800] "GET /xingrg/javascript/jquery_easy_ui/themes/default/images/tree_checkbox_0.gif HTTP/1.1" 304 -
120.253.135.82 - - [25/Nov/2021:10:51:06 +0800] "POST /xingrg/kc/pszx/jzcl_ps_operate.html HTTP/1.1" 200 1166
120.253.135.82 - - [25/Nov/2021:10:51:06 +0800] "POST /xingrg/kc/pszx/jzcl_ps_operate.html HTTP/1.1" 200 1166
116.227.210.113 - - [25/Nov/2021:10:51:06 +0800] "GET /xingrg/all/function/internal_message.html?_=1637808649059&CODE_STATE=getMsg HTTP/1.1" 200 27
120.253.135.82 - - [25/Nov/2021:10:51:06 +0800] "GET /xingrg/javascript/jquery_easy_ui/themes/icons/rest.png HTTP/1.1" 304 -
114.83.221.74 - - [25/Nov/2021:10:51:08 +0800] "GET /xingrg/all/function/internal_message.html?_=1637808666442&CODE_STATE=getMsg HTTP/1.1" 200 27
124.78.153.86 - - [25/Nov/2021:10:51:08 +0800] "GET /xingrg/kc/buy/cgsh_order_operate.html?command=get_materiel&rest_code=00106&code=00101009124&supplier_code=00100022&order_time=2021-11-25 HTTP/1.1" 200 402
116.228.172.94 - - [25/Nov/2021:10:51:09 +0800] "GET /xingrg/kc/buy/cgsh_order_operate.html?command=get_materiel&rest_code=00153&code=00101008100&supplier_code=00100199&order_time=2021-11-25 HTTP/1.1" 200 408
124.78.153.86 - - [25/Nov/2021:10:51:09 +0800] "GET /xingrg/all/function/internal_message.html?_=1637808664863&CODE_STATE=getMsg HTTP/1.1" 200 27
124.78.153.86 - - [25/Nov/2021:10:51:10 +0800] "GET /xingrg/check_reg.html?_=1637808664865 HTTP/1.1" 200 22
120.253.135.82 - - [25/Nov/2021:10:51:11 +0800] "POST /xingrg/kc/pszx/jzcl_ps_operate.html HTTP/1.1" 200 4
120.253.135.82 - - [25/Nov/2021:10:51:11 +0800] "GET /xingrg/javascript/step/images/navBtn.gif HTTP/1.1" 200 361
120.253.135.82 - - [25/Nov/2021:10:51:11 +0800] "GET /xingrg/javascript/step/images/navDoneBtn.gif HTTP/1.1" 304 -
120.253.135.82 - - [25/Nov/2021:10:51:11 +0800] "GET /xingrg/javascript/step/images/navBtn.gif HTTP/1.1" 200 361
120.253.135.82 - - [25/Nov/2021:10:51:11 +0800] "GET /xingrg/javascript/step/images/navLastDoneBtn.gif HTTP/1.1" 304 -
120.253.135.82 - - [25/Nov/2021:10:51:12 +0800] "GET /xingrg/kc/pszx/mdps_order_list.html HTTP/1.1" 200 21089
120.253.135.82 - - [25/Nov/2021:10:51:12 +0800] "GET /xingrg/javascript/easyui/themes/default/easyui.css HTTP/1.1" 304 -
120.253.135.82 - - [25/Nov/2021:10:51:12 +0800] "GET /xingrg/javascript/jquery_tools/jquery.tools.table.js HTTP/1.1" 304 -
120.253.135.82 - - [25/Nov/2021:10:51:12 +0800] "GET /xingrg/javascript/jquery_tools/table.css HTTP/1.1" 304 -
120.253.135.82 - - [25/Nov/2021:10:51:12 +0800] "POST /xingrg/kc/pszx/jzcl_ps_operate.html HTTP/1.1" 200 403
120.253.135.82 - - [25/Nov/2021:10:51:12 +0800] "GET /xingrg/javascript/easyui/themes/icons/edit_add_new.png HTTP/1.1" 304 -
120.253.135.82 - - [25/Nov/2021:10:51:12 +0800] "GET /xingrg/javascript/easyui/themes/icons/uncheck_new.png HTTP/1.1" 304 -
120.253.135.82 - - [25/Nov/2021:10:51:12 +0800] "GET /xingrg/javascript/easyui/themes/icons/cance_new.png HTTP/1.1" 304 -
120.253.135.82 - - [25/Nov/2021:10:51:12 +0800] "GET /xingrg/javascript/easyui/themes/icons/check_new.png HTTP/1.1" 304 -
120.253.135.82 - - [25/Nov/2021:10:51:13 +0800] "POST /xingrg/kc/pszx/mdps_list_operate.html HTTP/1.1" 200 5138
222.70.176.97 - - [25/Nov/2021:10:51:14 +0800] "GET /xingrg/check_reg.html?_=1637808669616 HTTP/1.1" 200 22
222.70.176.97 - - [25/Nov/2021:10:51:14 +0800] "GET /xingrg/all/function/internal_message.html?_=1637808669741&CODE_STATE=getMsg HTTP/1.1" 200 27
120.253.135.82 - - [25/Nov/2021:10:51:14 +0800] "GET /xingrg/javascript/auto/indicator.gif HTTP/1.1" 404 1066
124.78.153.86 - - [25/Nov/2021:10:51:16 +0800] "GET /xingrg/kc/buy/cgsh_order_operate.html?command=get_materiel&rest_code=00106&code=00101009062&supplier_code=00100022&order_time=2021-11-25 HTTP/1.1" 200 412
116.233.78.109 - - [25/Nov/2021:10:51:17 +0800] "GET /xingrg/all/function/internal_message.html?_=1637808674901&CODE_STATE=getMsg HTTP/1.1" 200 27
116.233.78.109 - - [25/Nov/2021:10:51:17 +0800] "GET /xingrg/check_reg.html?_=1637808674902 HTTP/1.1" 200 22
120.253.135.82 - - [25/Nov/2021:10:51:17 +0800] "POST /xingrg/kc/pszx/mdps_list_operate.html HTTP/1.1" 200 3855
124.78.153.86 - - [25/Nov/2021:10:51:17 +0800] "GET /xingrg/login.html?r=1 HTTP/1.1" 200 7641
124.78.153.86 - - [25/Nov/2021:10:51:18 +0800] "GET /favicon.ico HTTP/1.1" 404 -
120.253.135.82 - - [25/Nov/2021:10:51:19 +0800] "POST /xingrg/kc/pszx/mdps_list_operate.html HTTP/1.1" 200 216
124.78.153.86 - - [25/Nov/2021:10:51:19 +0800] "POST /xingrg/login.do HTTP/1.1" 302 -
124.78.153.86 - - [25/Nov/2021:10:51:19 +0800] "GET /xingrg/index.html?sysBaseUrl=http%3A%2F%2F180.169.147.146%3A18081%2Fxingrg%2F&costTime=37×tamp=1637808679562 HTTP/1.1" 200 17173
124.78.153.86 - - [25/Nov/2021:10:51:19 +0800] "GET /favicon.ico HTTP/1.1" 404 -
124.78.153.86 - - [25/Nov/2021:10:51:19 +0800] "POST /xingrg/all/common/load_tree.html?tree=area_rest_tree_json&manage=1 HTTP/1.1" 200 342
124.78.153.86 - - [25/Nov/2021:10:51:19 +0800] "GET /xingrg/all/function/internal_message.html?_=1637808681123&CODE_STATE=count HTTP/1.1" 200 11
124.78.153.86 - - [25/Nov/2021:10:51:19 +0800] "GET /xingrg/check_reg.html?_=1637808681125 HTTP/1.1" 200 22
124.78.153.86 - - [25/Nov/2021:10:51:19 +0800] "POST /xingrg/load_menu.html HTTP/1.1" 200 5138
116.228.172.94 - - [25/Nov/2021:10:51:21 +0800] "GET /xingrg/kc/buy/cgsh_order_operate.html?command=get_materiel&rest_code=00153&code=00101008049&supplier_code=00100199&order_time=2021-11-25 HTTP/1.1" 200 408
120.253.135.82 - - [25/Nov/2021:10:51:23 +0800] "POST /xingrg/kc/pszx/mdps_list_operate.html HTTP/1.1" 200 631
124.78.153.86 - - [25/Nov/2021:10:51:24 +0800] "GET /xingrg/kc/base/base_main.html HTTP/1.1" 200 12142
120.253.135.82 - - [25/Nov/2021:10:51:24 +0800] "GET /xingrg/kc/pszx/mdps_order_info.html?code=312021112500600 HTTP/1.1" 200 23925
120.253.135.82 - - [25/Nov/2021:10:51:24 +0800] "GET /xingrg/javascript/jquery_tools/order_manager.js HTTP/1.1" 304 -
180.162.112.229 - - [25/Nov/2021:10:51:24 +0800] "GET /xingrg/kc/base/wldb_order_operate.html?command=get_materiel&rest_code=00143&base_code=0010216&code=00101019074 HTTP/1.1" 200 456
120.253.135.82 - - [25/Nov/2021:10:51:24 +0800] "GET /xingrg/words/20211123155242_words.js HTTP/1.1" 304 -
120.253.135.82 - - [25/Nov/2021:10:51:25 +0800] "GET /xingrg/javascript/easyui/themes/icons/print.png HTTP/1.1" 304 -
120.253.135.82 - - [25/Nov/2021:10:51:25 +0800] "GET /xingrg/javascript/easyui/themes/icons/copy_new.png HTTP/1.1" 304 -
120.253.135.82 - - [25/Nov/2021:10:51:25 +0800] "GET /xingrg/javascript/easyui/themes/icons/cancel.png HTTP/1.1" 304 -
120.253.135.82 - - [25/Nov/2021:10:51:25 +0800] "GET /xingrg/javascript/easyui/themes/icons/ok.png HTTP/1.1" 304 -
120.253.135.82 - - [25/Nov/2021:10:51:25 +0800] "GET /xingrg/javascript/easyui/themes/default/images/menu_downarrow.png HTTP/1.1" 304 -
120.253.135.82 - - [25/Nov/2021:10:51:25 +0800] "GET /xingrg/javascript/easyui/themes/default/validatebox.css HTTP/1.1" 404 1104
120.253.135.82 - - [25/Nov/2021:10:51:25 +0800] "GET /xingrg/javascript/easyui/plugins/jquery.validatebox.js HTTP/1.1" 304 -
120.253.135.82 - - [25/Nov/2021:10:51:25 +0800] "GET /xingrg/javascript/easyui/plugins/jquery.numberbox.js HTTP/1.1" 304 -
120.253.135.82 - - [25/Nov/2021:10:51:25 +0800] "POST /xingrg/kc/pszx/mdps_order_operate.html HTTP/1.1" 200 7814
120.253.135.82 - - [25/Nov/2021:10:51:25 +0800] "GET /xingrg/javascript/easyui/themes/icons/edit_remove.png HTTP/1.1" 304 -
124.78.153.86 - - [25/Nov/2021:10:51:25 +0800] "GET /xingrg/kc/base/wldb_order_list.html HTTP/1.1" 200 19224
124.78.153.86 - - [25/Nov/2021:10:51:26 +0800] "POST /xingrg/kc/base/wldb_list_operate.html HTTP/1.1" 200 928
124.78.153.86 - - [25/Nov/2021:10:51:26 +0800] "GET /xingrg/kc/buy/cgsh_order_operate.html?command=get_materiel&rest_code=00106&code=00101009016&supplier_code=00100022&order_time=2021-11-25 HTTP/1.1" 200 412
222.69.132.164 - - [25/Nov/2021:10:51:27 +0800] "GET /xingrg/all/function/internal_message.html?_=1637808688043&CODE_STATE=getMsg HTTP/1.1" 200 27
116.238.248.233 - - [25/Nov/2021:10:51:28 +0800] "GET /xingrg/all/function/internal_message.html?_=1637808684718&CODE_STATE=getMsg HTTP/1.1" 200 27
222.70.171.86 - - [25/Nov/2021:10:51:29 +0800] "GET /xingrg/all/function/internal_message.html?_=1637808700082&CODE_STATE=getMsg HTTP/1.1" 302 -
124.78.153.86 - - [25/Nov/2021:10:51:30 +0800] "GET /xingrg/kc/base/wldb_order_add.html HTTP/1.1" 200 30438
116.228.172.94 - - [25/Nov/2021:10:51:30 +0800] "GET /xingrg/kc/buy/cgsh_order_operate.html?command=get_materiel&rest_code=00153&code=00101008387&supplier_code=00100199&order_time=2021-11-25 HTTP/1.1" 200 412
124.78.153.86 - - [25/Nov/2021:10:51:30 +0800] "GET /xingrg/all/common/auto_word.html?type=base&rest_code=00106 HTTP/1.1" 200 1799
124.78.153.86 - - [25/Nov/2021:10:51:30 +0800] "GET /xingrg/all/common/auto_word.html?type=base&rest_code=00106 HTTP/1.1" 200 1799
124.78.153.86 - - [25/Nov/2021:10:51:30 +0800] "GET /xingrg/javascript/easyui/themes/default/validatebox.css HTTP/1.1" 404 1104
124.78.153.86 - - [25/Nov/2021:10:51:30 +0800] "POST /xingrg/kc/base/wldb_order_operate.html HTTP/1.1" 200 6806
180.157.253.6 - - [25/Nov/2021:10:51:31 +0800] "GET /xingrg/all/function/internal_message.html?_=1637808689224&CODE_STATE=getMsg HTTP/1.1" 200 27
124.78.153.86 - - [25/Nov/2021:10:51:32 +0800] "POST /xingrg/all/common/load_combo.html?type=base HTTP/1.1" 200 3227
124.78.153.86 - - [25/Nov/2021:10:51:35 +0800] "POST /xingrg/all/common/load_combo.html?type=base HTTP/1.1" 200 3227
120.253.135.82 - - [25/Nov/2021:10:51:36 +0800] "GET /xingrg/kc/pszx/mdps_order_operate.html?command=get_materiel&pszx_code=00101&rest_code=00111&base_code=0010250&code=00102002564 HTTP/1.1" 200 457
180.162.112.229 - - [25/Nov/2021:10:51:37 +0800] "GET /xingrg/check_reg.html?_=1637808165612 HTTP/1.1" 200 22
180.162.112.229 - - [25/Nov/2021:10:51:37 +0800] "GET /xingrg/all/function/internal_message.html?_=1637808165615&CODE_STATE=getMsg HTTP/1.1" 200 27
120.253.135.82 - - [25/Nov/2021:10:51:37 +0800] "GET /xingrg/all/function/internal_message.html?_=1637808470059&CODE_STATE=getMsg HTTP/1.1" 200 27
120.253.135.82 - - [25/Nov/2021:10:51:40 +0800] "GET /xingrg/javascript/easyui/themes/default/images/button_plain_hover.png HTTP/1.1" 304 -
120.253.135.82 - - [25/Nov/2021:10:51:42 +0800] "POST /xingrg/kc/pszx/mdps_order_operate.html HTTP/1.1" 200 37
180.169.147.146 - - [25/Nov/2021:10:51:43 +0800] "GET /xingrg/all/function/internal_message.html?_=1637808692062&CODE_STATE=getMsg HTTP/1.1" 200 27
120.253.135.82 - - [25/Nov/2021:10:51:43 +0800] "GET /xingrg/kc/pszx/mdps_order_info.html?code=312021112500600 HTTP/1.1" 200 23925
120.253.135.82 - - [25/Nov/2021:10:51:43 +0800] "GET /xingrg/javascript/easyui/themes/default/validatebox.css HTTP/1.1" 404 1104
120.253.135.82 - - [25/Nov/2021:10:51:43 +0800] "POST /xingrg/kc/pszx/mdps_order_operate.html HTTP/1.1" 200 8341
116.228.172.94 - - [25/Nov/2021:10:51:44 +0800] "GET /xingrg/kc/buy/cgsh_order_operate.html?command=get_materiel&rest_code=00153&code=00101008137&supplier_code=00100199&order_time=2021-11-25 HTTP/1.1" 200 408
124.78.153.86 - - [25/Nov/2021:10:51:44 +0800] "GET /xingrg/kc/buy/cgsh_order_operate.html?command=get_materiel&rest_code=00106&code=00101009032&supplier_code=00100022&order_time=2021-11-25 HTTP/1.1" 200 412
180.162.112.229 - - [25/Nov/2021:10:51:44 +0800] "GET /xingrg/kc/base/wldb_order_operate.html?command=get_materiel&rest_code=00143&base_code=0010216&code=00101019308 HTTP/1.1" 200 478
120.253.135.82 - - [25/Nov/2021:10:51:46 +0800] "POST /xingrg/kc/pszx/mdps_list_operate.html HTTP/1.1" 200 207
58.39.139.200 - - [25/Nov/2021:10:51:48 +0800] "GET /xingrg/all/function/internal_message.html?_=1637808642750&CODE_STATE=getMsg HTTP/1.1" 200 27
58.39.139.200 - - [25/Nov/2021:10:51:48 +0800] "GET /xingrg/check_reg.html?_=1637808642753 HTTP/1.1" 200 22
222.70.171.86 - - [25/Nov/2021:10:51:49 +0800] "GET /xingrg/all/function/internal_message.html?_=1637808723619&CODE_STATE=getMsg HTTP/1.1" 200 27
124.78.153.86 - - [25/Nov/2021:10:51:49 +0800] "GET /xingrg/kc/buy/cgsh_order_operate.html?command=get_materiel&rest_code=00106&code=00101009020&supplier_code=00100022&order_time=2021-11-25 HTTP/1.1" 200 420
120.253.135.82 - - [25/Nov/2021:10:51:50 +0800] "GET /xingrg/kc/pszx/mdps_order_info.html?code=312021112500605 HTTP/1.1" 200 23925
120.253.135.82 - - [25/Nov/2021:10:51:50 +0800] "GET /xingrg/javascript/easyui/themes/default/validatebox.css HTTP/1.1" 404 1104
120.253.135.82 - - [25/Nov/2021:10:51:50 +0800] "POST /xingrg/kc/pszx/mdps_order_operate.html HTTP/1.1" 200 2291
180.174.250.202 - - [25/Nov/2021:10:51:50 +0800] "GET /xingrg/all/function/internal_message.html?_=1637808712651&CODE_STATE=getMsg HTTP/1.1" 200 27
180.157.253.6 - - [25/Nov/2021:10:51:52 +0800] "GET /xingrg/all/function/internal_message.html?_=1637808709594&CODE_STATE=getMsg HTTP/1.1" 200 27
116.228.172.94 - - [25/Nov/2021:10:51:53 +0800] "GET /xingrg/all/function/internal_message.html?_=1637808596982&CODE_STATE=getMsg HTTP/1.1" 200 27
120.253.135.82 - - [25/Nov/2021:10:51:56 +0800] "POST /xingrg/kc/pszx/mdps_order_operate.html HTTP/1.1" 200 12
120.253.135.82 - - [25/Nov/2021:10:51:57 +0800] "POST /xingrg/kc/pszx/mdps_list_operate.html HTTP/1.1" 200 3494
58.37.231.44 - - [25/Nov/2021:10:51:58 +0800] "GET /xingrg/all/function/internal_message.html?_=1637808542836&CODE_STATE=getMsg HTTP/1.1" 200 27
120.253.135.82 - - [25/Nov/2021:10:51:59 +0800] "POST /xingrg/kc/pszx/mdps_list_operate.html HTTP/1.1" 200 207
116.228.172.94 - - [25/Nov/2021:10:51:59 +0800] "GET /xingrg/kc/buy/cgsh_order_operate.html?command=get_materiel&rest_code=00153&code=00101012029&supplier_code=00100199&order_time=2021-11-25 HTTP/1.1" 200 412
120.253.135.82 - - [25/Nov/2021:10:51:59 +0800] "GET /xingrg/kc/pszx/mdps_order_info.html?code=312021112500606 HTTP/1.1" 200 23925
124.78.153.86 - - [25/Nov/2021:10:51:59 +0800] "GET /xingrg/kc/buy/cgsh_order_operate.html?command=get_materiel&rest_code=00106&code=00101009050&supplier_code=00100022&order_time=2021-11-25 HTTP/1.1" 200 410
120.253.135.82 - - [25/Nov/2021:10:52:00 +0800] "GET /xingrg/javascript/easyui/themes/default/validatebox.css HTTP/1.1" 404 1104
120.253.135.82 - - [25/Nov/2021:10:52:00 +0800] "POST /xingrg/kc/pszx/mdps_order_operate.html HTTP/1.1" 200 2277
58.39.139.200 - - [25/Nov/2021:10:52:00 +0800] "GET /xingrg/all/function/internal_message.html?_=1637808719284&CODE_STATE=getMsg HTTP/1.1" 200 27
180.162.112.229 - - [25/Nov/2021:10:52:01 +0800] "GET /xingrg/kc/base/wldb_order_operate.html?command=get_materiel&rest_code=00143&base_code=0010216&code=00101019830 HTTP/1.1" 200 442
180.174.250.202 - - [25/Nov/2021:10:52:02 +0800] "GET /xingrg/all/function/internal_message.html?_=1637808715183&CODE_STATE=getMsg HTTP/1.1" 200 27
180.162.112.229 - - [25/Nov/2021:10:52:04 +0800] "POST /xingrg/all/common/load_select.html HTTP/1.1" 200 25
120.253.135.82 - - [25/Nov/2021:10:52:04 +0800] "POST /xingrg/kc/pszx/mdps_list_operate.html HTTP/1.1" 200 3494
116.227.210.113 - - [25/Nov/2021:10:52:06 +0800] "GET /xingrg/all/function/internal_message.html?_=1637808709049&CODE_STATE=getMsg HTTP/1.1" 200 27
124.78.153.86 - - [25/Nov/2021:10:52:06 +0800] "GET /xingrg/javascript/auto/indicator.gif HTTP/1.1" 404 1066
120.253.135.82 - - [25/Nov/2021:10:52:06 +0800] "POST /xingrg/kc/pszx/mdps_list_operate.html HTTP/1.1" 200 644
180.162.112.229 - - [25/Nov/2021:10:52:06 +0800] "GET /xingrg/kc/base/wldb_order_operate.html?command=get_materiel_price&rest_code=00143&base_code=0010216&code=00101019830&unit_code=00100206 HTTP/1.1" 200 35
120.253.135.82 - - [25/Nov/2021:10:52:07 +0800] "GET /xingrg/kc/pszx/mdps_order_info.html?code=312021112500597 HTTP/1.1" 200 23925
120.253.135.82 - - [25/Nov/2021:10:52:07 +0800] "POST /xingrg/kc/pszx/mdps_order_operate.html HTTP/1.1" 200 11045
120.253.135.82 - - [25/Nov/2021:10:52:08 +0800] "GET /xingrg/javascript/easyui/themes/default/validatebox.css HTTP/1.1" 404 1104
114.83.221.74 - - [25/Nov/2021:10:52:08 +0800] "GET /xingrg/all/function/internal_message.html?_=1637808726423&CODE_STATE=getMsg HTTP/1.1" 200 27
116.228.172.94 - - [25/Nov/2021:10:52:08 +0800] "GET /xingrg/kc/buy/cgsh_order_operate.html?command=get_materiel&rest_code=00153&code=00101012051&supplier_code=00100199&order_time=2021-11-25 HTTP/1.1" 200 408
124.78.153.86 - - [25/Nov/2021:10:52:10 +0800] "GET /xingrg/all/function/internal_message.html?_=1637808724872&CODE_STATE=getMsg HTTP/1.1" 200 27
124.78.153.86 - - [25/Nov/2021:10:52:10 +0800] "GET /xingrg/kc/base/wldb_order_operate.html?command=get_materiel&rest_code=00106&base_code=0010396&code=00101016094 HTTP/1.1" 200 470
222.70.171.86 - - [25/Nov/2021:10:52:11 +0800] "GET /xingrg/check_reg.html?_=1637808742276 HTTP/1.1" 302 -
222.70.176.97 - - [25/Nov/2021:10:52:14 +0800] "GET /xingrg/all/function/internal_message.html?_=1637808729737&CODE_STATE=getMsg HTTP/1.1" 200 27
116.228.172.94 - - [25/Nov/2021:10:52:15 +0800] "GET /xingrg/kc/buy/cgsh_order_operate.html?command=get_materiel&rest_code=00153&code=00101016053&supplier_code=00100199&order_time=2021-11-25 HTTP/1.1" 200 408
116.233.78.109 - - [25/Nov/2021:10:52:17 +0800] "GET /xingrg/all/function/internal_message.html?_=1637808734904&CODE_STATE=getMsg HTTP/1.1" 200 27
124.78.153.86 - - [25/Nov/2021:10:52:19 +0800] "GET /xingrg/all/function/internal_message.html?_=1637808741135&CODE_STATE=getMsg HTTP/1.1" 200 27
120.253.135.82 - - [25/Nov/2021:10:52:21 +0800] "POST /xingrg/kc/pszx/mdps_list_operate.html HTTP/1.1" 200 3494
120.253.135.82 - - [25/Nov/2021:10:52:23 +0800] "POST /xingrg/kc/pszx/mdps_list_operate.html HTTP/1.1" 200 233
116.228.172.94 - - [25/Nov/2021:10:52:24 +0800] "GET /xingrg/kc/buy/cgsh_order_operate.html?command=get_materiel&rest_code=00153&code=00101008036&supplier_code=00100199&order_time=2021-11-25 HTTP/1.1" 200 408
120.253.135.82 - - [25/Nov/2021:10:52:25 +0800] "POST /xingrg/kc/pszx/mdps_list_operate.html HTTP/1.1" 200 644
120.253.135.82 - - [25/Nov/2021:10:52:27 +0800] "POST /xingrg/kc/pszx/mdps_list_operate.html HTTP/1.1" 200 289
222.69.132.164 - - [25/Nov/2021:10:52:27 +0800] "GET /xingrg/all/function/internal_message.html?_=1637808748043&CODE_STATE=getMsg HTTP/1.1" 200 27
116.238.248.233 - - [25/Nov/2021:10:52:28 +0800] "GET /xingrg/all/function/internal_message.html?_=1637808744718&CODE_STATE=getMsg HTTP/1.1" 200 27
222.70.171.86 - - [25/Nov/2021:10:52:29 +0800] "GET /xingrg/all/function/internal_message.html?_=1637808760104&CODE_STATE=getMsg HTTP/1.1" 302 -
180.157.253.6 - - [25/Nov/2021:10:52:31 +0800] "GET /xingrg/all/function/internal_message.html?_=1637808749225&CODE_STATE=getMsg HTTP/1.1" 200 27
120.253.135.82 - - [25/Nov/2021:10:52:33 +0800] "GET /xingrg/kc/pszx/mdps_order_info.html?code=312021112500596 HTTP/1.1" 200 23925
120.253.135.82 - - [25/Nov/2021:10:52:33 +0800] "GET /xingrg/javascript/easyui/themes/default/validatebox.css HTTP/1.1" 404 1104
120.253.135.82 - - [25/Nov/2021:10:52:33 +0800] "POST /xingrg/kc/pszx/mdps_order_operate.html HTTP/1.1" 200 2793
180.162.112.229 - - [25/Nov/2021:10:52:37 +0800] "GET /xingrg/all/function/internal_message.html?_=1637808225607&CODE_STATE=getMsg HTTP/1.1" 200 27
120.253.135.82 - - [25/Nov/2021:10:52:37 +0800] "GET /xingrg/all/function/internal_message.html?_=1637808530072&CODE_STATE=getMsg HTTP/1.1" 200 27
116.228.172.94 - - [25/Nov/2021:10:52:38 +0800] "GET /xingrg/kc/buy/cgsh_order_operate.html?command=get_materiel&rest_code=00153&code=00101008361&supplier_code=00100199&order_time=2021-11-25 HTTP/1.1" 200 408
180.169.147.146 - - [25/Nov/2021:10:52:43 +0800] "GET /xingrg/all/function/internal_message.html?_=1637808752045&CODE_STATE=getMsg HTTP/1.1" 200 27
120.253.135.82 - - [25/Nov/2021:10:52:43 +0800] "GET /xingrg/kc/pszx/mdps_order_operate.html?command=get_materiel&pszx_code=00101&rest_code=00111&base_code=0010246&code=00101013052 HTTP/1.1" 200 441
124.78.153.86 - - [25/Nov/2021:10:52:43 +0800] "GET /xingrg/kc/buy/cgsh_order_operate.html?command=get_materiel&rest_code=00106&code=00101009013&supplier_code=00100022&order_time=2021-11-25 HTTP/1.1" 200 420
58.39.139.200 - - [25/Nov/2021:10:52:48 +0800] "GET /xingrg/all/function/internal_message.html?_=1637808702754&CODE_STATE=getMsg HTTP/1.1" 200 27
222.70.171.86 - - [25/Nov/2021:10:52:50 +0800] "GET /xingrg/all/function/internal_message.html?_=1637808783764&CODE_STATE=getMsg HTTP/1.1" 200 27
120.253.135.82 - - [25/Nov/2021:10:52:50 +0800] "POST /xingrg/kc/pszx/mdps_order_operate.html HTTP/1.1" 200 37
120.253.135.82 - - [25/Nov/2021:10:52:50 +0800] "GET /xingrg/kc/pszx/mdps_order_info.html?code=312021112500596 HTTP/1.1" 200 23925
180.174.250.202 - - [25/Nov/2021:10:52:50 +0800] "GET /xingrg/check_reg.html?_=1637808772649 HTTP/1.1" 200 22
180.174.250.202 - - [25/Nov/2021:10:52:50 +0800] "GET /xingrg/all/function/internal_message.html?_=1637808772652&CODE_STATE=getMsg HTTP/1.1" 200 27
120.253.135.82 - - [25/Nov/2021:10:52:51 +0800] "POST /xingrg/kc/pszx/mdps_order_operate.html HTTP/1.1" 200 3285
120.253.135.82 - - [25/Nov/2021:10:52:51 +0800] "GET /xingrg/javascript/easyui/themes/default/validatebox.css HTTP/1.1" 404 1104
180.157.253.6 - - [25/Nov/2021:10:52:52 +0800] "GET /xingrg/all/function/internal_message.html?_=1637808769609&CODE_STATE=getMsg HTTP/1.1" 200 27
124.78.153.86 - - [25/Nov/2021:10:52:53 +0800] "GET /xingrg/kc/buy/cgsh_order_operate.html?command=get_materiel&rest_code=00106&code=00101009044&supplier_code=00100022&order_time=2021-11-25 HTTP/1.1" 200 412
180.157.253.6 - - [25/Nov/2021:10:52:53 +0800] "GET /favicon.ico HTTP/1.1" 404 -
124.78.153.86 - - [25/Nov/2021:10:52:53 +0800] "GET /xingrg/kc/base/wldb_order_operate.html?command=get_materiel&rest_code=00106&base_code=0010396&code=00101019127 HTTP/1.1" 200 466
116.228.172.94 - - [25/Nov/2021:10:52:53 +0800] "GET /xingrg/all/function/internal_message.html?_=1637808656990&CODE_STATE=getMsg HTTP/1.1" 200 27
120.253.135.82 - - [25/Nov/2021:10:52:56 +0800] "POST /xingrg/kc/pszx/mdps_list_operate.html HTTP/1.1" 200 3495
120.253.135.82 - - [25/Nov/2021:10:52:57 +0800] "POST /xingrg/kc/pszx/mdps_list_operate.html HTTP/1.1" 200 207
58.37.231.44 - - [25/Nov/2021:10:52:58 +0800] "GET /xingrg/all/function/internal_message.html?_=1637808602805&CODE_STATE=getMsg HTTP/1.1" 200 27
120.253.135.82 - - [25/Nov/2021:10:52:58 +0800] "GET /xingrg/kc/pszx/mdps_order_info.html?code=312021112500606 HTTP/1.1" 200 23925
120.253.135.82 - - [25/Nov/2021:10:52:58 +0800] "GET /xingrg/javascript/easyui/themes/default/validatebox.css HTTP/1.1" 404 1104
120.253.135.82 - - [25/Nov/2021:10:52:58 +0800] "POST /xingrg/kc/pszx/mdps_order_operate.html HTTP/1.1" 200 2277
58.39.139.200 - - [25/Nov/2021:10:53:00 +0800] "GET /xingrg/all/function/internal_message.html?_=1637808779269&CODE_STATE=getMsg HTTP/1.1" 200 27
180.174.250.202 - - [25/Nov/2021:10:53:02 +0800] "GET /xingrg/all/function/internal_message.html?_=1637808775190&CODE_STATE=getMsg HTTP/1.1" 200 27
120.253.135.82 - - [25/Nov/2021:10:53:02 +0800] "POST /xingrg/kc/pszx/mdps_order_operate.html HTTP/1.1" 200 12
120.253.135.82 - - [25/Nov/2021:10:53:03 +0800] "POST /xingrg/kc/pszx/mdps_list_operate.html HTTP/1.1" 200 3133
120.253.135.82 - - [25/Nov/2021:10:53:05 +0800] "POST /xingrg/kc/pszx/mdps_list_operate.html HTTP/1.1" 200 644
116.227.210.113 - - [25/Nov/2021:10:53:05 +0800] "GET /xingrg/check_reg.html?_=1637808767873 HTTP/1.1" 200 22
120.253.135.82 - - [25/Nov/2021:10:53:05 +0800] "GET /xingrg/kc/pszx/mdps_order_info.html?code=312021112500597 HTTP/1.1" 200 23925
120.253.135.82 - - [25/Nov/2021:10:53:06 +0800] "GET /xingrg/javascript/easyui/themes/default/validatebox.css HTTP/1.1" 404 1104
120.253.135.82 - - [25/Nov/2021:10:53:06 +0800] "POST /xingrg/kc/pszx/mdps_order_operate.html HTTP/1.1" 200 11045
116.227.210.113 - - [25/Nov/2021:10:53:06 +0800] "GET /xingrg/all/function/internal_message.html?_=1637808769031&CODE_STATE=getMsg HTTP/1.1" 200 27
114.83.221.74 - - [25/Nov/2021:10:53:08 +0800] "GET /xingrg/all/function/internal_message.html?_=1637808786408&CODE_STATE=getMsg HTTP/1.1" 200 27
124.78.153.86 - - [25/Nov/2021:10:53:09 +0800] "GET /xingrg/all/function/internal_message.html?_=1637808784824&CODE_STATE=getMsg HTTP/1.1" 200 27
124.78.153.86 - - [25/Nov/2021:10:53:11 +0800] "POST /xingrg/kc/buy/cgsh_order_operate.html HTTP/1.1" 200 37
124.78.153.86 - - [25/Nov/2021:10:53:14 +0800] "POST /xingrg/kc/buy/cgsh_order_operate.html HTTP/1.1" 200 9214
120.253.135.82 - - [25/Nov/2021:10:53:14 +0800] "POST /xingrg/kc/pszx/mdps_list_operate.html HTTP/1.1" 200 3133
222.70.176.97 - - [25/Nov/2021:10:53:14 +0800] "GET /xingrg/all/function/internal_message.html?_=1637808789726&CODE_STATE=getMsg HTTP/1.1" 200 27
124.78.153.86 - - [25/Nov/2021:10:53:15 +0800] "GET /xingrg/kc/buy/cgsh_order_add.html HTTP/1.1" 200 64922
124.78.153.86 - - [25/Nov/2021:10:53:15 +0800] "GET /xingrg/javascript/easyui/themes/default/validatebox.css HTTP/1.1" 404 1104
124.78.153.86 - - [25/Nov/2021:10:53:15 +0800] "POST /xingrg/kc/buy/cgsh_order_operate.html HTTP/1.1" 200 8245
120.253.135.82 - - [25/Nov/2021:10:53:15 +0800] "POST /xingrg/kc/pszx/mdps_list_operate.html HTTP/1.1" 200 631
124.78.153.86 - - [25/Nov/2021:10:53:16 +0800] "GET /xingrg/javascript/easyui/themes/default/tree.css HTTP/1.1" 404 1090
124.78.153.86 - - [25/Nov/2021:10:53:16 +0800] "POST /xingrg/all/common/load_tree.html?tree=supplier_tree_json&isDelete=1 HTTP/1.1" 200 60555
116.233.78.109 - - [25/Nov/2021:10:53:17 +0800] "GET /xingrg/all/function/internal_message.html?_=1637808794911&CODE_STATE=getMsg HTTP/1.1" 200 27
120.253.135.82 - - [25/Nov/2021:10:53:18 +0800] "GET /xingrg/kc/pszx/mdps_order_add.html HTTP/1.1" 200 29111
120.253.135.82 - - [25/Nov/2021:10:53:18 +0800] "POST /xingrg/kc/pszx/mdps_order_operate.html HTTP/1.1" 200 7126
120.253.135.82 - - [25/Nov/2021:10:53:19 +0800] "GET /xingrg/javascript/easyui/themes/default/validatebox.css HTTP/1.1" 404 1104
124.78.153.86 - - [25/Nov/2021:10:53:19 +0800] "GET /xingrg/kc/base/wldb_order_operate.html?command=get_materiel&rest_code=00106&base_code=0010396&code=00101019405 HTTP/1.1" 200 467
124.78.153.86 - - [25/Nov/2021:10:53:19 +0800] "GET /xingrg/all/function/internal_message.html?_=1637808801136&CODE_STATE=getMsg HTTP/1.1" 200 27
120.253.135.82 - - [25/Nov/2021:10:53:25 +0800] "POST /xingrg/all/common/load_combo.html?type=base HTTP/1.1" 200 1075
222.69.132.164 - - [25/Nov/2021:10:53:27 +0800] "GET /xingrg/all/function/internal_message.html?_=1637808808032&CODE_STATE=getMsg HTTP/1.1" 200 27
116.238.248.233 - - [25/Nov/2021:10:53:28 +0800] "GET /xingrg/all/function/internal_message.html?_=1637808804734&CODE_STATE=getMsg HTTP/1.1" 200 27
222.70.171.86 - - [25/Nov/2021:10:53:29 +0800] "GET /xingrg/all/function/internal_message.html?_=1637808820109&CODE_STATE=getMsg HTTP/1.1" 302 -
124.78.153.86 - - [25/Nov/2021:10:53:29 +0800] "GET /xingrg/kc/buy/cgsh_order_operate.html?command=get_materiel&rest_code=00106&code=00101011005&supplier_code=00100050&order_time=2021-11-25 HTTP/1.1" 200 428
