116.233.78.109 - - [25/Nov/2021:09:23:17 +0800] "GET /xingrg/kc/buy/cgsh_order_operate.html?command=get_materiel&rest_code=00109&code=00101008125&supplier_code=00100005&order_time=2021-11-25 HTTP/1.1" 200 413
180.157.253.6 - - [25/Nov/2021:09:23:20 +0800] "POST /xingrg/all/report/load_report_page.html HTTP/1.1" 200 43646
180.157.253.6 - - [25/Nov/2021:09:23:20 +0800] "GET /xingrg/images/blue/button/advance.gif HTTP/1.1" 200 1354
180.157.253.6 - - [25/Nov/2021:09:23:20 +0800] "GET /xingrg/images/blue/button/advance2.gif HTTP/1.1" 200 1338
180.157.253.6 - - [25/Nov/2021:09:23:20 +0800] "GET /xingrg/servlets/image?cache=0.2335698273796164&image=px HTTP/1.1" 200 807
120.253.135.82 - - [25/Nov/2021:09:23:20 +0800] "GET /xingrg/all/function/internal_message.html?_=1637802974566&CODE_STATE=getMsg HTTP/1.1" 302 -
180.157.253.6 - - [25/Nov/2021:09:23:22 +0800] "GET /xingrg/kc/buy/cgsh_order_operate.html?command=get_materiel&rest_code=00148&code=00101007061&supplier_code=00100004&order_time=2021-11-25 HTTP/1.1" 200 429
116.233.78.109 - - [25/Nov/2021:09:23:22 +0800] "GET /xingrg/kc/buy/cgsh_order_operate.html?command=get_materiel&rest_code=00109&code=00101008003&supplier_code=00100005&order_time=2021-11-25 HTTP/1.1" 200 408
116.233.78.109 - - [25/Nov/2021:09:23:24 +0800] "POST /xingrg/kc/buy/cgsh_order_operate.html HTTP/1.1" 200 2065
180.157.253.6 - - [25/Nov/2021:09:23:25 +0800] "POST /xingrg/all/report/load_report_page.html HTTP/1.1" 200 43246
114.85.125.222 - - [25/Nov/2021:09:23:25 +0800] "POST /xingrg/kc/buy/cgsh_order_operate.html HTTP/1.1" 200 37
180.157.253.6 - - [25/Nov/2021:09:23:25 +0800] "GET /xingrg/servlets/image?cache=0.5142406168933226&image=px HTTP/1.1" 200 807
120.253.135.82 - - [25/Nov/2021:09:23:26 +0800] "GET /xingrg/check_reg.html?_=1637802980386 HTTP/1.1" 302 -
116.235.94.0 - - [25/Nov/2021:09:23:27 +0800] "GET /xingrg/javascript/easyui/themes/default/images/button_plain_hover.png HTTP/1.1" 304 -
116.235.94.0 - - [25/Nov/2021:09:23:27 +0800] "GET /xingrg/javascript/easyui/themes/default/images/button_plain_hover.png HTTP/1.1" 304 -
116.235.94.0 - - [25/Nov/2021:09:23:27 +0800] "GET /xingrg/javascript/easyui/themes/default/images/button_plain_hover.png HTTP/1.1" 304 -
180.157.253.6 - - [25/Nov/2021:09:23:27 +0800] "POST /xingrg/all/report/load_report_page.html HTTP/1.1" 200 43262
222.70.171.86 - - [25/Nov/2021:09:23:27 +0800] "GET /xingrg/all/function/internal_message.html?_=1637803418762&CODE_STATE=getMsg HTTP/1.1" 302 -
180.157.253.6 - - [25/Nov/2021:09:23:27 +0800] "GET /xingrg/servlets/image?cache=0.11328917493658164&image=px HTTP/1.1" 200 807
114.85.125.222 - - [25/Nov/2021:09:23:28 +0800] "POST /xingrg/kc/buy/cgsh_order_operate.html HTTP/1.1" 200 25158
116.235.94.0 - - [25/Nov/2021:09:23:28 +0800] "GET /xingrg/javascript/easyui/themes/default/images/button_plain_hover.png HTTP/1.1" 304 -
116.233.78.109 - - [25/Nov/2021:09:23:29 +0800] "GET /xingrg/kc/buy/cgsh_order_operate.html?command=get_materiel&rest_code=00109&code=00101008361&supplier_code=00100005&order_time=2021-11-25 HTTP/1.1" 200 408
116.238.248.233 - - [25/Nov/2021:09:23:29 +0800] "GET /xingrg/kc/buy/cgsh_order_operate.html?command=get_materiel&rest_code=00150&code=00101013168&supplier_code=00100424&order_time=2021-11-25 HTTP/1.1" 200 432
180.157.253.6 - - [25/Nov/2021:09:23:30 +0800] "POST /xingrg/all/report/load_report_page.html HTTP/1.1" 200 43246
180.157.253.6 - - [25/Nov/2021:09:23:31 +0800] "GET /xingrg/servlets/image?cache=0.8001486342858058&image=px HTTP/1.1" 200 807
116.238.248.233 - - [25/Nov/2021:09:23:32 +0800] "GET /xingrg/all/function/internal_message.html?_=1637803408720&CODE_STATE=getMsg HTTP/1.1" 200 27
180.157.253.6 - - [25/Nov/2021:09:23:32 +0800] "POST /xingrg/all/report/load_report_page.html HTTP/1.1" 200 43646
180.157.253.6 - - [25/Nov/2021:09:23:32 +0800] "GET /xingrg/servlets/image?cache=0.4342737990937322&image=px HTTP/1.1" 200 807
116.235.94.0 - - [25/Nov/2021:09:23:33 +0800] "GET /xingrg/all/function/internal_message.html?_=1637803417680&CODE_STATE=getMsg HTTP/1.1" 200 27
180.157.253.6 - - [25/Nov/2021:09:23:35 +0800] "GET /xingrg/kc/buy/cgsh_order_operate.html?command=get_materiel&rest_code=00148&code=00101007049&supplier_code=00100004&order_time=2021-11-25 HTTP/1.1" 200 23
180.174.250.202 - - [25/Nov/2021:09:23:35 +0800] "GET /xingrg/all/function/internal_message.html?_=1637803408468&CODE_STATE=getMsg HTTP/1.1" 200 27
116.235.94.0 - - [25/Nov/2021:09:23:39 +0800] "POST /xingrg/kc/buy/cgsh_order_operate.html HTTP/1.1" 200 37
116.233.78.109 - - [25/Nov/2021:09:23:40 +0800] "GET /xingrg/kc/buy/cgsh_order_operate.html?command=get_materiel&rest_code=00109&code=00101008356&supplier_code=00100005&order_time=2021-11-25 HTTP/1.1" 200 23
114.85.125.222 - - [25/Nov/2021:09:23:41 +0800] "GET /xingrg/all/function/internal_message.html?_=1637803391392&CODE_STATE=getMsg HTTP/1.1" 200 27
180.157.253.6 - - [25/Nov/2021:09:23:42 +0800] "POST /xingrg/kc/buy/cgsh_order_operate.html HTTP/1.1" 200 64
116.238.248.233 - - [25/Nov/2021:09:23:43 +0800] "POST /xingrg/kc/buy/cgsh_order_operate.html HTTP/1.1" 200 37
116.233.78.109 - - [25/Nov/2021:09:23:45 +0800] "GET /xingrg/kc/buy/cgsh_order_operate.html?command=get_materiel&rest_code=00109&code=00101008356&supplier_code=00100005&order_time=2021-11-25 HTTP/1.1" 200 408
116.238.248.233 - - [25/Nov/2021:09:23:45 +0800] "POST /xingrg/kc/buy/cgsh_order_operate.html HTTP/1.1" 200 5025
180.157.253.6 - - [25/Nov/2021:09:23:47 +0800] "POST /xingrg/kc/buy/cgsh_order_operate.html HTTP/1.1" 200 37
58.39.139.200 - - [25/Nov/2021:09:23:48 +0800] "GET /xingrg/all/function/internal_message.html?_=1637803362621&CODE_STATE=getMsg HTTP/1.1" 200 27
180.157.253.6 - - [25/Nov/2021:09:23:48 +0800] "POST /xingrg/kc/buy/cgsh_order_operate.html HTTP/1.1" 200 3830
180.157.253.6 - - [25/Nov/2021:09:23:49 +0800] "GET /xingrg/javascript/jquery_easy_ui/themes/default/images/tabs_active.png HTTP/1.1" 304 -
180.174.250.202 - - [25/Nov/2021:09:23:51 +0800] "GET /xingrg/all/function/internal_message.html?_=1637803432579&CODE_STATE=getMsg HTTP/1.1" 200 27
116.233.78.109 - - [25/Nov/2021:09:23:51 +0800] "GET /xingrg/kc/buy/cgsh_order_operate.html?command=get_materiel&rest_code=00109&code=00101008357&supplier_code=00100005&order_time=2021-11-25 HTTP/1.1" 200 408
180.157.253.6 - - [25/Nov/2021:09:23:51 +0800] "GET /xingrg/index.html?sysBaseUrl=http%3A%2F%2F180.169.147.146%3A18081%2Fxingrg%2F&costTime=44×tamp=1622098168715 HTTP/1.1" 200 17179
180.157.253.6 - - [25/Nov/2021:09:23:52 +0800] "POST /xingrg/all/common/load_tree.html?tree=area_rest_tree_json&manage=1 HTTP/1.1" 200 351
180.157.253.6 - - [25/Nov/2021:09:23:52 +0800] "GET /xingrg/all/function/internal_message.html?_=1637803429437&CODE_STATE=count HTTP/1.1" 200 11
180.157.253.6 - - [25/Nov/2021:09:23:52 +0800] "GET /xingrg/check_reg.html?_=1637803429438 HTTP/1.1" 200 22
180.157.253.6 - - [25/Nov/2021:09:23:52 +0800] "GET /favicon.ico HTTP/1.1" 404 -
180.157.253.6 - - [25/Nov/2021:09:23:52 +0800] "POST /xingrg/load_menu.html HTTP/1.1" 200 5138
180.157.253.6 - - [25/Nov/2021:09:23:54 +0800] "GET /xingrg/kc/buy/cgsh_order_list.html HTTP/1.1" 200 49146
116.235.94.0 - - [25/Nov/2021:09:23:55 +0800] "POST /xingrg/kc/buy/cgsh_order_operate.html HTTP/1.1" 200 32787
180.157.253.6 - - [25/Nov/2021:09:23:56 +0800] "POST /xingrg/kc/buy/cgsh_list_operate.html HTTP/1.1" 200 2033
116.233.78.109 - - [25/Nov/2021:09:23:56 +0800] "GET /xingrg/kc/buy/cgsh_order_operate.html?command=get_materiel&rest_code=00109&code=00101008069&supplier_code=00100005&order_time=2021-11-25 HTTP/1.1" 200 412
180.157.253.6 - - [25/Nov/2021:09:23:58 +0800] "GET /xingrg/all/function/internal_message.html?_=1637803435872&CODE_STATE=getMsg HTTP/1.1" 200 27
180.157.253.6 - - [25/Nov/2021:09:23:58 +0800] "POST /xingrg/kc/buy/cgsh_list_operate.html HTTP/1.1" 200 345
58.37.231.44 - - [25/Nov/2021:09:23:58 +0800] "GET /xingrg/all/function/internal_message.html?_=1637803263455&CODE_STATE=getMsg HTTP/1.1" 200 27
180.157.253.6 - - [25/Nov/2021:09:23:59 +0800] "GET /xingrg/kc/buy/cgsh_order_info.html?code=212021112510556 HTTP/1.1" 200 64884
180.157.253.6 - - [25/Nov/2021:09:23:59 +0800] "GET /xingrg/all/common/auto_word.html?type=employee&rest_code=00148 HTTP/1.1" 200 243
180.157.253.6 - - [25/Nov/2021:09:23:59 +0800] "GET /xingrg/javascript/easyui/themes/default/validatebox.css HTTP/1.1" 404 1104
180.157.253.6 - - [25/Nov/2021:09:23:59 +0800] "GET /xingrg/all/common/auto_word.html?type=employee&rest_code=00148 HTTP/1.1" 200 243
180.157.253.6 - - [25/Nov/2021:09:23:59 +0800] "POST /xingrg/kc/buy/cgsh_order_operate.html HTTP/1.1" 200 3830
58.39.139.200 - - [25/Nov/2021:09:24:00 +0800] "GET /xingrg/check_reg.html?_=1637803439219 HTTP/1.1" 200 22
58.39.139.200 - - [25/Nov/2021:09:24:00 +0800] "GET /xingrg/all/function/internal_message.html?_=1637803439222&CODE_STATE=getMsg HTTP/1.1" 200 27
116.233.78.109 - - [25/Nov/2021:09:24:03 +0800] "GET /xingrg/kc/buy/cgsh_order_operate.html?command=get_materiel&rest_code=00109&code=00101008131&supplier_code=00100005&order_time=2021-11-25 HTTP/1.1" 200 408
180.157.253.6 - - [25/Nov/2021:09:24:03 +0800] "GET /xingrg/javascript/auto/indicator.gif HTTP/1.1" 404 1066
116.227.210.113 - - [25/Nov/2021:09:24:05 +0800] "GET /xingrg/all/function/internal_message.html?_=1637803427884&CODE_STATE=getMsg HTTP/1.1" 200 27
116.233.78.109 - - [25/Nov/2021:09:24:05 +0800] "POST /xingrg/kc/buy/cgsh_order_operate.html HTTP/1.1" 200 2065
180.157.253.6 - - [25/Nov/2021:09:24:08 +0800] "GET /xingrg/kc/buy/cgsh_order_operate.html?command=get_materiel&rest_code=00148&code=00101007049&supplier_code=00100004&order_time=2021-11-25 HTTP/1.1" 200 409
116.233.78.109 - - [25/Nov/2021:09:24:08 +0800] "GET /xingrg/kc/buy/cgsh_order_operate.html?command=get_materiel&rest_code=00109&code=00101008296&supplier_code=00100005&order_time=2021-11-25 HTTP/1.1" 200 416
116.235.94.0 - - [25/Nov/2021:09:24:09 +0800] "GET /xingrg/kc/mdqp/qp_main.html HTTP/1.1" 200 10633
114.83.221.74 - - [25/Nov/2021:09:24:09 +0800] "GET /xingrg/all/function/internal_message.html?_=1637803447629&CODE_STATE=getMsg HTTP/1.1" 200 27
116.235.94.0 - - [25/Nov/2021:09:24:09 +0800] "GET /xingrg/css/blue.css HTTP/1.1" 304 -
116.235.94.0 - - [25/Nov/2021:09:24:09 +0800] "GET /xingrg/javascript/pic_change.js HTTP/1.1" 304 -
116.235.94.0 - - [25/Nov/2021:09:24:09 +0800] "GET /xingrg/javascript/ToolTips.js HTTP/1.1" 304 -
116.235.94.0 - - [25/Nov/2021:09:24:09 +0800] "GET /xingrg/javascript/jquery-1.4.2.min.js HTTP/1.1" 304 -
116.235.94.0 - - [25/Nov/2021:09:24:09 +0800] "GET /xingrg/javascript/jquery_ui/themes/humanity/humanity.css HTTP/1.1" 304 -
116.235.94.0 - - [25/Nov/2021:09:24:09 +0800] "GET /xingrg/javascript/jquery_easy_ui/themes/icon.css HTTP/1.1" 304 -
116.235.94.0 - - [25/Nov/2021:09:24:09 +0800] "GET /xingrg/javascript/jquery_ui/jquery-ui.min.js HTTP/1.1" 304 -
116.235.94.0 - - [25/Nov/2021:09:24:09 +0800] "GET /xingrg/javascript/myfunction.js HTTP/1.1" 304 -
116.235.94.0 - - [25/Nov/2021:09:24:09 +0800] "GET /xingrg/javascript/jquery_easy_ui/themes/default/easyui.css HTTP/1.1" 304 -
116.235.94.0 - - [25/Nov/2021:09:24:09 +0800] "GET /xingrg/images/blue/button/qqpsd.gif HTTP/1.1" 304 -
116.235.94.0 - - [25/Nov/2021:09:24:09 +0800] "GET /xingrg/images/blue/button/cgxqd.gif HTTP/1.1" 304 -
116.235.94.0 - - [25/Nov/2021:09:24:09 +0800] "GET /xingrg/images/blue/button/pszx.gif HTTP/1.1" 304 -
116.235.94.0 - - [25/Nov/2021:09:24:09 +0800] "GET /xingrg/images/blue/button/psshd.gif HTTP/1.1" 304 -
116.235.94.0 - - [25/Nov/2021:09:24:09 +0800] "GET /xingrg/images/blue/pic_form2.gif HTTP/1.1" 304 -
116.235.94.0 - - [25/Nov/2021:09:24:09 +0800] "GET /xingrg/javascript/jquery_ui/themes/humanity/images/ui-bg_inset-soft_100_f4f0ec_1x100.png HTTP/1.1" 304 -
116.235.94.0 - - [25/Nov/2021:09:24:09 +0800] "GET /xingrg/images/blue/bg_dotted.jpg HTTP/1.1" 304 -
116.235.94.0 - - [25/Nov/2021:09:24:09 +0800] "GET /xingrg/images/blue/button/right_ah.jpg HTTP/1.1" 304 -
116.235.94.0 - - [25/Nov/2021:09:24:09 +0800] "GET /xingrg/images/blue/button/down_ah.jpg HTTP/1.1" 304 -
116.235.94.0 - - [25/Nov/2021:09:24:09 +0800] "GET /xingrg/javascript/jquery_ui/themes/humanity/images/ui-iconsnew.jpg HTTP/1.1" 304 -
116.235.94.0 - - [25/Nov/2021:09:24:09 +0800] "GET /xingrg/javascript/jquery_ui/themes/humanity/images/ui-icons_ffffff_256x240.png HTTP/1.1" 304 -
116.235.94.0 - - [25/Nov/2021:09:24:09 +0800] "GET /xingrg/javascript/jquery_ui/themes/humanity/images/ui-icons_c47a23_256x240.png HTTP/1.1" 304 -
116.235.94.0 - - [25/Nov/2021:09:24:09 +0800] "GET /xingrg/javascript/jquery_ui/themes/humanity/images/ui-bg_glass_70_ede4d4_1x400.png HTTP/1.1" 304 -
116.235.94.0 - - [25/Nov/2021:09:24:10 +0800] "GET /xingrg/images/yd/bt.gif HTTP/1.1" 404 1040
116.235.94.0 - - [25/Nov/2021:09:24:11 +0800] "GET /xingrg/kc/mdqp/pssh_order_list.html HTTP/1.1" 200 17901
116.235.94.0 - - [25/Nov/2021:09:24:11 +0800] "GET /xingrg/css/site.css HTTP/1.1" 304 -
116.235.94.0 - - [25/Nov/2021:09:24:11 +0800] "GET /xingrg/javascript/jquery_tools/datebox.css HTTP/1.1" 304 -
116.235.94.0 - - [25/Nov/2021:09:24:11 +0800] "GET /xingrg/javascript/easyui/themes/default/easyui.css HTTP/1.1" 304 -
116.235.94.0 - - [25/Nov/2021:09:24:11 +0800] "GET /xingrg/javascript/easyui/themes/icon.css HTTP/1.1" 304 -
116.235.94.0 - - [25/Nov/2021:09:24:11 +0800] "GET /xingrg/javascript/auto/jquery.autocomplete.css HTTP/1.1" 304 -
116.235.94.0 - - [25/Nov/2021:09:24:11 +0800] "GET /xingrg/javascript/jquery_tools/fix.css HTTP/1.1" 304 -
116.235.94.0 - - [25/Nov/2021:09:24:11 +0800] "GET /xingrg/javascript/jquery_tools/table.css HTTP/1.1" 304 -
116.235.94.0 - - [25/Nov/2021:09:24:11 +0800] "GET /xingrg/javascript/jquery_tools/jquery.tools.min.js HTTP/1.1" 304 -
116.235.94.0 - - [25/Nov/2021:09:24:11 +0800] "GET /xingrg/javascript/jquery_tools/jquery.tools.extend.js HTTP/1.1" 304 -
116.235.94.0 - - [25/Nov/2021:09:24:11 +0800] "GET /xingrg/css/base.css HTTP/1.1" 304 -
116.235.94.0 - - [25/Nov/2021:09:24:11 +0800] "GET /xingrg/javascript/jquery_tools/list_manager.js HTTP/1.1" 304 -
116.235.94.0 - - [25/Nov/2021:09:24:11 +0800] "GET /xingrg/javascript/auto/jquery.autocomplete.js HTTP/1.1" 304 -
116.235.94.0 - - [25/Nov/2021:09:24:11 +0800] "GET /xingrg/javascript/jquery_tools/jquery.tools.table.js HTTP/1.1" 304 -
116.235.94.0 - - [25/Nov/2021:09:24:11 +0800] "GET /xingrg/javascript/easyui/easyloader.js HTTP/1.1" 304 -
116.235.94.0 - - [25/Nov/2021:09:24:11 +0800] "GET /xingrg/javascript/jquery.utils.js HTTP/1.1" 304 -
116.235.94.0 - - [25/Nov/2021:09:24:11 +0800] "GET /xingrg/javascript/jquery_tools/jquery.tools.hotkey.js HTTP/1.1" 304 -
116.235.94.0 - - [25/Nov/2021:09:24:11 +0800] "GET /xingrg/javascript/jquery.cookie.js HTTP/1.1" 304 -
116.235.94.0 - - [25/Nov/2021:09:24:13 +0800] "GET /xingrg/javascript/easyui/themes/icons/field_new.png HTTP/1.1" 304 -
116.235.94.0 - - [25/Nov/2021:09:24:13 +0800] "GET /xingrg/javascript/easyui/plugins/jquery.parser.js HTTP/1.1" 304 -
116.235.94.0 - - [25/Nov/2021:09:24:13 +0800] "POST /xingrg/kc/mdqp/pssh_list_operate.html HTTP/1.1" 200 5416
116.235.94.0 - - [25/Nov/2021:09:24:15 +0800] "POST /xingrg/kc/mdqp/pssh_list_operate.html HTTP/1.1" 200 352
222.70.171.86 - - [25/Nov/2021:09:24:15 +0800] "GET /xingrg/all/function/internal_message.html?_=1637803469413&CODE_STATE=getMsg HTTP/1.1" 200 27
116.233.78.109 - - [25/Nov/2021:09:24:17 +0800] "GET /xingrg/all/function/internal_message.html?_=1637803454648&CODE_STATE=getMsg HTTP/1.1" 200 27
120.253.135.82 - - [25/Nov/2021:09:24:20 +0800] "GET /xingrg/all/function/internal_message.html?_=1637803034542&CODE_STATE=getMsg HTTP/1.1" 302 -
180.157.253.6 - - [25/Nov/2021:09:24:21 +0800] "POST /xingrg/kc/buy/cgsh_order_operate.html HTTP/1.1" 200 37
180.157.253.6 - - [25/Nov/2021:09:24:22 +0800] "POST /xingrg/kc/buy/cgsh_order_operate.html HTTP/1.1" 200 4417
116.235.94.0 - - [25/Nov/2021:09:24:26 +0800] "POST /xingrg/kc/mdqp/pssh_list_operate.html HTTP/1.1" 200 259
222.70.171.86 - - [25/Nov/2021:09:24:27 +0800] "GET /xingrg/all/function/internal_message.html?_=1637803478787&CODE_STATE=getMsg HTTP/1.1" 302 -
116.238.248.233 - - [25/Nov/2021:09:24:32 +0800] "GET /xingrg/all/function/internal_message.html?_=1637803468727&CODE_STATE=getMsg HTTP/1.1" 200 27
116.235.94.0 - - [25/Nov/2021:09:24:33 +0800] "GET /xingrg/all/function/internal_message.html?_=1637803477694&CODE_STATE=getMsg HTTP/1.1" 200 27
180.174.250.202 - - [25/Nov/2021:09:24:33 +0800] "GET /xingrg/check_reg.html?_=1637803466304 HTTP/1.1" 200 22
180.174.250.202 - - [25/Nov/2021:09:24:36 +0800] "GET /xingrg/all/function/internal_message.html?_=1637803468605&CODE_STATE=getMsg HTTP/1.1" 200 27
116.233.78.109 - - [25/Nov/2021:09:24:36 +0800] "GET /xingrg/kc/buy/cgsh_order_operate.html?command=get_materiel&rest_code=00109&code=00101008323&supplier_code=00100005&order_time=2021-11-25 HTTP/1.1" 200 408
180.157.253.6 - - [25/Nov/2021:09:24:39 +0800] "POST /xingrg/kc/buy/cgsh_order_operate.html HTTP/1.1" 200 37
180.157.253.6 - - [25/Nov/2021:09:24:40 +0800] "POST /xingrg/kc/buy/cgsh_order_operate.html HTTP/1.1" 200 4417
180.157.253.6 - - [25/Nov/2021:09:24:41 +0800] "GET /xingrg/kc/print/load_config.html?kc_code=cgsh HTTP/1.1" 200 2281
180.157.253.6 - - [25/Nov/2021:09:24:41 +0800] "GET /xingrg/kc/print/load_data.html?order_code=212021112510556&kc_code=cgsh&condition= HTTP/1.1" 200 1386
114.85.125.222 - - [25/Nov/2021:09:24:41 +0800] "GET /xingrg/all/function/internal_message.html?_=1637803451410&CODE_STATE=getMsg HTTP/1.1" 200 27
116.233.78.109 - - [25/Nov/2021:09:24:44 +0800] "GET /xingrg/kc/buy/cgsh_order_operate.html?command=get_materiel&rest_code=00109&code=00101008350&supplier_code=00100005&order_time=2021-11-25 HTTP/1.1" 200 408
58.39.139.200 - - [25/Nov/2021:09:24:48 +0800] "GET /xingrg/all/function/internal_message.html?_=1637803422621&CODE_STATE=getMsg HTTP/1.1" 200 27
116.233.78.109 - - [25/Nov/2021:09:24:49 +0800] "GET /xingrg/kc/buy/cgsh_order_operate.html?command=get_materiel&rest_code=00109&code=00101008223&supplier_code=00100005&order_time=2021-11-25 HTTP/1.1" 200 412
180.174.250.202 - - [25/Nov/2021:09:24:51 +0800] "GET /xingrg/all/function/internal_message.html?_=1637803492577&CODE_STATE=getMsg HTTP/1.1" 200 27
180.157.253.6 - - [25/Nov/2021:09:24:52 +0800] "GET /xingrg/all/function/internal_message.html?_=1637803489453&CODE_STATE=getMsg HTTP/1.1" 200 27
116.233.78.109 - - [25/Nov/2021:09:24:56 +0800] "GET /xingrg/kc/buy/cgsh_order_operate.html?command=get_materiel&rest_code=00109&code=00101008095&supplier_code=00100005&order_time=2021-11-25 HTTP/1.1" 200 412
116.233.78.109 - - [25/Nov/2021:09:24:57 +0800] "POST /xingrg/kc/buy/cgsh_order_operate.html HTTP/1.1" 200 2065
180.157.253.6 - - [25/Nov/2021:09:24:58 +0800] "GET /xingrg/all/function/internal_message.html?_=1637803495871&CODE_STATE=getMsg HTTP/1.1" 200 27
58.37.231.44 - - [25/Nov/2021:09:24:58 +0800] "GET /xingrg/all/function/internal_message.html?_=1637803323454&CODE_STATE=getMsg HTTP/1.1" 200 27
58.39.139.200 - - [25/Nov/2021:09:25:00 +0800] "GET /xingrg/all/function/internal_message.html?_=1637803499206&CODE_STATE=getMsg HTTP/1.1" 200 27
116.233.78.109 - - [25/Nov/2021:09:25:01 +0800] "GET /xingrg/kc/buy/cgsh_order_operate.html?command=get_materiel&rest_code=00109&code=00101008168&supplier_code=00100005&order_time=2021-11-25 HTTP/1.1" 200 412
116.227.210.113 - - [25/Nov/2021:09:25:05 +0800] "GET /xingrg/all/function/internal_message.html?_=1637803487875&CODE_STATE=getMsg HTTP/1.1" 200 27
114.83.221.74 - - [25/Nov/2021:09:25:07 +0800] "GET /xingrg/check_reg.html?_=1637803505646 HTTP/1.1" 200 22
116.233.78.109 - - [25/Nov/2021:09:25:08 +0800] "GET /xingrg/kc/buy/cgsh_order_operate.html?command=get_materiel&rest_code=00109&code=00101008110&supplier_code=00100005&order_time=2021-11-25 HTTP/1.1" 200 409
114.83.221.74 - - [25/Nov/2021:09:25:09 +0800] "GET /xingrg/all/function/internal_message.html?_=1637803507607&CODE_STATE=getMsg HTTP/1.1" 200 27
116.233.78.109 - - [25/Nov/2021:09:25:13 +0800] "GET /xingrg/kc/buy/cgsh_order_operate.html?command=get_materiel&rest_code=00109&code=00101008236&supplier_code=00100005&order_time=2021-11-25 HTTP/1.1" 200 416
222.70.171.86 - - [25/Nov/2021:09:25:15 +0800] "GET /xingrg/all/function/internal_message.html?_=1637803529437&CODE_STATE=getMsg HTTP/1.1" 200 27
116.233.78.109 - - [25/Nov/2021:09:25:17 +0800] "GET /xingrg/all/function/internal_message.html?_=1637803514651&CODE_STATE=getMsg HTTP/1.1" 200 27
116.233.78.109 - - [25/Nov/2021:09:25:18 +0800] "GET /xingrg/kc/buy/cgsh_order_operate.html?command=get_materiel&rest_code=00109&code=00101015060&supplier_code=00100005&order_time=2021-11-25 HTTP/1.1" 200 412
120.253.135.82 - - [25/Nov/2021:09:25:20 +0800] "GET /xingrg/all/function/internal_message.html?_=1637803094524&CODE_STATE=getMsg HTTP/1.1" 302 -
116.233.78.109 - - [25/Nov/2021:09:25:24 +0800] "GET /xingrg/kc/buy/cgsh_order_operate.html?command=get_materiel&rest_code=00109&code=00101008150&supplier_code=00100005&order_time=2021-11-25 HTTP/1.1" 200 409
116.233.78.109 - - [25/Nov/2021:09:25:26 +0800] "POST /xingrg/kc/buy/cgsh_order_operate.html HTTP/1.1" 200 2065
222.70.171.86 - - [25/Nov/2021:09:25:27 +0800] "GET /xingrg/all/function/internal_message.html?_=1637803538790&CODE_STATE=getMsg HTTP/1.1" 302 -
116.233.78.109 - - [25/Nov/2021:09:25:30 +0800] "GET /xingrg/kc/buy/cgsh_order_operate.html?command=get_materiel&rest_code=00109&code=00101008469&supplier_code=00100005&order_time=2021-11-25 HTTP/1.1" 200 398
180.174.250.202 - - [25/Nov/2021:09:25:31 +0800] "GET /xingrg/css/images/panel_loading.gif HTTP/1.1" 200 1737
180.174.250.202 - - [25/Nov/2021:09:25:31 +0800] "GET /xingrg/javascript/easyui/plugins/jquery.draggable.js HTTP/1.1" 200 6121
180.174.250.202 - - [25/Nov/2021:09:25:31 +0800] "GET /xingrg/javascript/easyui/plugins/jquery.droppable.js HTTP/1.1" 200 1167
180.174.250.202 - - [25/Nov/2021:09:25:31 +0800] "GET /xingrg/javascript/easyui/themes/default/tree.css HTTP/1.1" 404 1090
180.174.250.202 - - [25/Nov/2021:09:25:32 +0800] "GET /xingrg/javascript/easyui/plugins/jquery.tree.js HTTP/1.1" 200 20874
180.174.250.202 - - [25/Nov/2021:09:25:32 +0800] "POST /xingrg/all/common/load_tree.html?tree=supplier_tree_json&isDelete=1 HTTP/1.1" 200 60555
116.238.248.233 - - [25/Nov/2021:09:25:32 +0800] "GET /xingrg/all/function/internal_message.html?_=1637803528718&CODE_STATE=getMsg HTTP/1.1" 200 27
116.235.94.0 - - [25/Nov/2021:09:25:33 +0800] "GET /xingrg/all/function/internal_message.html?_=1637803538042&CODE_STATE=getMsg HTTP/1.1" 200 27
116.235.94.0 - - [25/Nov/2021:09:25:33 +0800] "GET /xingrg/check_reg.html?_=1637803538040 HTTP/1.1" 200 22
180.174.250.202 - - [25/Nov/2021:09:25:34 +0800] "GET /xingrg/javascript/easyui/themes/default/images/tree_arrows.gif HTTP/1.1" 200 617
180.174.250.202 - - [25/Nov/2021:09:25:34 +0800] "GET /xingrg/javascript/easyui/themes/default/images/tree_folder_open.gif HTTP/1.1" 200 956
180.174.250.202 - - [25/Nov/2021:09:25:34 +0800] "GET /xingrg/javascript/easyui/themes/default/images/tree_folder.gif HTTP/1.1" 200 952
180.174.250.202 - - [25/Nov/2021:09:25:34 +0800] "GET /xingrg/javascript/easyui/themes/default/images/tree_file.gif HTTP/1.1" 200 118
116.233.78.109 - - [25/Nov/2021:09:25:35 +0800] "GET /xingrg/kc/buy/cgsh_order_operate.html?command=get_materiel&rest_code=00109&code=00101008290&supplier_code=00100005&order_time=2021-11-25 HTTP/1.1" 200 416
180.174.250.202 - - [25/Nov/2021:09:25:36 +0800] "GET /xingrg/all/function/internal_message.html?_=1637803528610&CODE_STATE=getMsg HTTP/1.1" 200 27
114.85.125.222 - - [25/Nov/2021:09:25:41 +0800] "GET /xingrg/all/function/internal_message.html?_=1637803511418&CODE_STATE=getMsg HTTP/1.1" 200 27
116.233.78.109 - - [25/Nov/2021:09:25:41 +0800] "GET /xingrg/kc/buy/cgsh_order_operate.html?command=get_materiel&rest_code=00109&code=00101008112&supplier_code=00100005&order_time=2021-11-25 HTTP/1.1" 200 412
116.233.78.109 - - [25/Nov/2021:09:25:47 +0800] "GET /xingrg/kc/buy/cgsh_order_operate.html?command=get_materiel&rest_code=00109&code=00101008286&supplier_code=00100005&order_time=2021-11-25 HTTP/1.1" 200 408
58.39.139.200 - - [25/Nov/2021:09:25:48 +0800] "GET /xingrg/all/function/internal_message.html?_=1637803482621&CODE_STATE=getMsg HTTP/1.1" 200 27
180.174.250.202 - - [25/Nov/2021:09:25:51 +0800] "GET /xingrg/all/function/internal_message.html?_=1637803552574&CODE_STATE=getMsg HTTP/1.1" 200 27
180.157.253.6 - - [25/Nov/2021:09:25:52 +0800] "GET /xingrg/all/function/internal_message.html?_=1637803549444&CODE_STATE=getMsg HTTP/1.1" 200 27
116.233.78.109 - - [25/Nov/2021:09:25:53 +0800] "GET /xingrg/kc/buy/cgsh_order_operate.html?command=get_materiel&rest_code=00109&code=00101008131&supplier_code=00100005&order_time=2021-11-25 HTTP/1.1" 200 408
116.233.78.109 - - [25/Nov/2021:09:25:55 +0800] "POST /xingrg/kc/buy/cgsh_order_operate.html HTTP/1.1" 200 2065
180.174.250.202 - - [25/Nov/2021:09:25:56 +0800] "GET /xingrg/kc/buy/cgsh_order_operate.html?command=get_materiel&rest_code=00102&code=00101005037&supplier_code=00100400&order_time=2021-11-25 HTTP/1.1" 200 409
180.157.253.6 - - [25/Nov/2021:09:25:58 +0800] "GET /xingrg/all/function/internal_message.html?_=1637803555871&CODE_STATE=getMsg HTTP/1.1" 200 27
58.37.231.44 - - [25/Nov/2021:09:25:58 +0800] "GET /xingrg/all/function/internal_message.html?_=1637803383453&CODE_STATE=getMsg HTTP/1.1" 200 27
58.37.231.44 - - [25/Nov/2021:09:25:58 +0800] "GET /xingrg/check_reg.html?_=1637803383454 HTTP/1.1" 200 22
116.233.78.109 - - [25/Nov/2021:09:25:59 +0800] "GET /xingrg/kc/buy/cgsh_order_operate.html?command=get_materiel&rest_code=00109&code=00101008353&supplier_code=00100005&order_time=2021-11-25 HTTP/1.1" 200 408
58.39.139.200 - - [25/Nov/2021:09:26:00 +0800] "GET /xingrg/all/function/internal_message.html?_=1637803559207&CODE_STATE=getMsg HTTP/1.1" 200 27
222.70.171.86 - - [25/Nov/2021:09:26:01 +0800] "GET /xingrg/check_reg.html?_=1637803575134 HTTP/1.1" 200 22
116.227.210.113 - - [25/Nov/2021:09:26:05 +0800] "GET /xingrg/all/function/internal_message.html?_=1637803547891&CODE_STATE=getMsg HTTP/1.1" 200 27
116.233.78.109 - - [25/Nov/2021:09:26:06 +0800] "GET /xingrg/kc/buy/cgsh_order_operate.html?command=get_materiel&rest_code=00109&code=00101015066&supplier_code=00100005&order_time=2021-11-25 HTTP/1.1" 200 413
180.174.250.202 - - [25/Nov/2021:09:26:08 +0800] "GET /xingrg/kc/buy/cgsh_order_operate.html?command=get_materiel&rest_code=00102&code=00101001010&supplier_code=00100400&order_time=2021-11-25 HTTP/1.1" 200 411
114.83.221.74 - - [25/Nov/2021:09:26:09 +0800] "GET /xingrg/all/function/internal_message.html?_=1637803567593&CODE_STATE=getMsg HTTP/1.1" 200 27
116.233.78.109 - - [25/Nov/2021:09:26:14 +0800] "GET /xingrg/kc/buy/cgsh_order_operate.html?command=get_materiel&rest_code=00109&code=00101008323&supplier_code=00100005&order_time=2021-11-25 HTTP/1.1" 200 408
222.70.171.86 - - [25/Nov/2021:09:26:15 +0800] "GET /xingrg/all/function/internal_message.html?_=1637803589440&CODE_STATE=getMsg HTTP/1.1" 200 27
116.233.78.109 - - [25/Nov/2021:09:26:17 +0800] "GET /xingrg/all/function/internal_message.html?_=1637803574652&CODE_STATE=getMsg HTTP/1.1" 200 27
116.233.78.109 - - [25/Nov/2021:09:26:17 +0800] "GET /xingrg/check_reg.html?_=1637803574655 HTTP/1.1" 200 22
116.233.78.109 - - [25/Nov/2021:09:26:20 +0800] "GET /xingrg/kc/buy/cgsh_order_operate.html?command=get_materiel&rest_code=00109&code=00101008072&supplier_code=00100005&order_time=2021-11-25 HTTP/1.1" 200 408
120.253.135.82 - - [25/Nov/2021:09:26:20 +0800] "GET /xingrg/all/function/internal_message.html?_=1637803154506&CODE_STATE=getMsg HTTP/1.1" 302 -
180.174.250.202 - - [25/Nov/2021:09:26:22 +0800] "GET /xingrg/kc/buy/cgsh_order_operate.html?command=get_materiel&rest_code=00102&code=00101002027&supplier_code=00100400&order_time=2021-11-25 HTTP/1.1" 200 433
116.233.78.109 - - [25/Nov/2021:09:26:27 +0800] "GET /xingrg/kc/buy/cgsh_order_operate.html?command=get_materiel&rest_code=00109&code=00101008210&supplier_code=00100005&order_time=2021-11-25 HTTP/1.1" 200 408
222.70.171.86 - - [25/Nov/2021:09:26:27 +0800] "GET /xingrg/all/function/internal_message.html?_=1637803598813&CODE_STATE=getMsg HTTP/1.1" 302 -
116.233.78.109 - - [25/Nov/2021:09:26:29 +0800] "POST /xingrg/kc/buy/cgsh_order_operate.html HTTP/1.1" 200 2065
116.238.248.233 - - [25/Nov/2021:09:26:32 +0800] "GET /xingrg/all/function/internal_message.html?_=1637803588710&CODE_STATE=getMsg HTTP/1.1" 200 27
116.233.78.109 - - [25/Nov/2021:09:26:32 +0800] "GET /xingrg/kc/buy/cgsh_order_operate.html?command=get_materiel&rest_code=00109&code=00101008067&supplier_code=00100005&order_time=2021-11-25 HTTP/1.1" 200 416
116.238.248.233 - - [25/Nov/2021:09:26:33 +0800] "GET /xingrg/kc/buy/cgsh_order_operate.html?command=get_materiel&rest_code=00150&code=00101009047&supplier_code=00100424&order_time=2021-11-25 HTTP/1.1" 200 409
116.235.94.0 - - [25/Nov/2021:09:26:33 +0800] "GET /xingrg/all/function/internal_message.html?_=1637803598048&CODE_STATE=getMsg HTTP/1.1" 200 27
180.174.250.202 - - [25/Nov/2021:09:26:36 +0800] "GET /xingrg/all/function/internal_message.html?_=1637803588625&CODE_STATE=getMsg HTTP/1.1" 200 27
116.233.78.109 - - [25/Nov/2021:09:26:37 +0800] "GET /xingrg/kc/buy/cgsh_order_operate.html?command=get_materiel&rest_code=00109&code=00101008270&supplier_code=00100005&order_time=2021-11-25 HTTP/1.1" 200 412
114.85.125.222 - - [25/Nov/2021:09:26:41 +0800] "GET /xingrg/check_reg.html?_=1637803571379 HTTP/1.1" 200 22
114.85.125.222 - - [25/Nov/2021:09:26:41 +0800] "GET /xingrg/all/function/internal_message.html?_=1637803571432&CODE_STATE=getMsg HTTP/1.1" 200 27
116.233.78.109 - - [25/Nov/2021:09:26:43 +0800] "GET /xingrg/kc/buy/cgsh_order_operate.html?command=get_materiel&rest_code=00109&code=00101008350&supplier_code=00100005&order_time=2021-11-25 HTTP/1.1" 200 408
180.174.250.202 - - [25/Nov/2021:09:26:46 +0800] "GET /xingrg/kc/buy/cgsh_order_operate.html?command=get_materiel&rest_code=00102&code=00101001075&supplier_code=00100400&order_time=2021-11-25 HTTP/1.1" 200 409
58.39.139.200 - - [25/Nov/2021:09:26:48 +0800] "GET /xingrg/all/function/internal_message.html?_=1637803542621&CODE_STATE=getMsg HTTP/1.1" 200 27
58.39.139.200 - - [25/Nov/2021:09:26:48 +0800] "GET /xingrg/check_reg.html?_=1637803542624 HTTP/1.1" 200 22
180.174.250.202 - - [25/Nov/2021:09:26:51 +0800] "GET /xingrg/all/function/internal_message.html?_=1637803612572&CODE_STATE=getMsg HTTP/1.1" 200 27
116.233.78.109 - - [25/Nov/2021:09:26:51 +0800] "GET /xingrg/kc/buy/cgsh_order_operate.html?command=get_materiel&rest_code=00109&code=00101008357&supplier_code=00100005&order_time=2021-11-25 HTTP/1.1" 200 408
180.157.253.6 - - [25/Nov/2021:09:26:52 +0800] "GET /xingrg/all/function/internal_message.html?_=1637803609445&CODE_STATE=getMsg HTTP/1.1" 200 27
116.233.78.109 - - [25/Nov/2021:09:26:57 +0800] "GET /xingrg/kc/buy/cgsh_order_operate.html?command=get_materiel&rest_code=00109&code=00101008353&supplier_code=00100005&order_time=2021-11-25 HTTP/1.1" 200 408
180.157.253.6 - - [25/Nov/2021:09:26:58 +0800] "GET /xingrg/all/function/internal_message.html?_=1637803615871&CODE_STATE=getMsg HTTP/1.1" 200 27
58.37.231.44 - - [25/Nov/2021:09:26:58 +0800] "GET /xingrg/all/function/internal_message.html?_=1637803443452&CODE_STATE=getMsg HTTP/1.1" 200 27
116.233.78.109 - - [25/Nov/2021:09:26:59 +0800] "POST /xingrg/kc/buy/cgsh_order_operate.html HTTP/1.1" 200 2065
58.39.139.200 - - [25/Nov/2021:09:27:00 +0800] "GET /xingrg/all/function/internal_message.html?_=1637803619208&CODE_STATE=getMsg HTTP/1.1" 200 27
116.233.78.109 - - [25/Nov/2021:09:27:03 +0800] "GET /xingrg/kc/buy/cgsh_order_operate.html?command=get_materiel&rest_code=00109&code=00101008041&supplier_code=00100005&order_time=2021-11-25 HTTP/1.1" 200 408
116.227.210.113 - - [25/Nov/2021:09:27:05 +0800] "GET /xingrg/all/function/internal_message.html?_=1637803607883&CODE_STATE=getMsg HTTP/1.1" 200 27
114.83.221.74 - - [25/Nov/2021:09:27:09 +0800] "GET /xingrg/all/function/internal_message.html?_=1637803627583&CODE_STATE=getMsg HTTP/1.1" 200 27
222.70.171.86 - - [25/Nov/2021:09:27:11 +0800] "GET /xingrg/check_reg.html?_=1637803642126 HTTP/1.1" 302 -
116.233.78.109 - - [25/Nov/2021:09:27:14 +0800] "GET /xingrg/kc/buy/cgsh_order_operate.html?command=get_materiel&rest_code=00109&code=00101015012&supplier_code=00100005&order_time=2021-11-25 HTTP/1.1" 200 412
222.70.171.86 - - [25/Nov/2021:09:27:15 +0800] "GET /xingrg/all/function/internal_message.html?_=1637803649453&CODE_STATE=getMsg HTTP/1.1" 200 27
116.233.78.109 - - [25/Nov/2021:09:27:17 +0800] "GET /xingrg/all/function/internal_message.html?_=1637803634657&CODE_STATE=getMsg HTTP/1.1" 200 27
120.253.135.82 - - [25/Nov/2021:09:27:20 +0800] "GET /xingrg/all/function/internal_message.html?_=1637803214488&CODE_STATE=getMsg HTTP/1.1" 302 -
116.233.78.109 - - [25/Nov/2021:09:27:27 +0800] "POST /xingrg/kc/buy/cgsh_order_operate.html HTTP/1.1" 200 37
222.70.171.86 - - [25/Nov/2021:09:27:27 +0800] "GET /xingrg/all/function/internal_message.html?_=1637803658816&CODE_STATE=getMsg HTTP/1.1" 302 -
116.233.78.109 - - [25/Nov/2021:09:27:29 +0800] "POST /xingrg/kc/buy/cgsh_order_operate.html HTTP/1.1" 200 41113
116.233.78.109 - - [25/Nov/2021:09:27:30 +0800] "GET /xingrg/kc/print/load_config.html?kc_code=cgsh HTTP/1.1" 200 2281
116.233.78.109 - - [25/Nov/2021:09:27:30 +0800] "GET /xingrg/kc/print/load_data.html?order_code=212021112510557&kc_code=cgsh&condition= HTTP/1.1" 200 15242
116.238.248.233 - - [25/Nov/2021:09:27:32 +0800] "GET /xingrg/all/function/internal_message.html?_=1637803648738&CODE_STATE=getMsg HTTP/1.1" 200 27
116.238.248.233 - - [25/Nov/2021:09:27:32 +0800] "GET /xingrg/check_reg.html?_=1637803648739 HTTP/1.1" 200 22
116.235.94.0 - - [25/Nov/2021:09:27:33 +0800] "GET /xingrg/all/function/internal_message.html?_=1637803658061&CODE_STATE=getMsg HTTP/1.1" 200 27
116.233.78.109 - - [25/Nov/2021:09:27:35 +0800] "GET /xingrg/kc/buy/cgsh_order_add.html HTTP/1.1" 200 64957
116.233.78.109 - - [25/Nov/2021:09:27:36 +0800] "POST /xingrg/kc/buy/cgsh_order_operate.html HTTP/1.1" 200 8245
116.233.78.109 - - [25/Nov/2021:09:27:36 +0800] "GET /xingrg/all/common/auto_word.html?type=employee&rest_code=00109 HTTP/1.1" 200 255
116.233.78.109 - - [25/Nov/2021:09:27:36 +0800] "GET /xingrg/all/common/auto_word.html?type=employee&rest_code=00109 HTTP/1.1" 200 255
116.233.78.109 - - [25/Nov/2021:09:27:36 +0800] "GET /xingrg/javascript/easyui/themes/default/validatebox.css HTTP/1.1" 404 1104
180.174.250.202 - - [25/Nov/2021:09:27:36 +0800] "GET /xingrg/all/function/internal_message.html?_=1637803648835&CODE_STATE=getMsg HTTP/1.1" 200 27
114.85.125.222 - - [25/Nov/2021:09:27:41 +0800] "GET /xingrg/all/function/internal_message.html?_=1637803631445&CODE_STATE=getMsg HTTP/1.1" 200 27
116.233.78.109 - - [25/Nov/2021:09:27:43 +0800] "GET /xingrg/kc/buy/cgsh_order_operate.html?command=get_materiel&rest_code=00109&code=00101001010&supplier_code=00100454&order_time=2021-11-25 HTTP/1.1" 200 411
58.39.139.200 - - [25/Nov/2021:09:27:48 +0800] "GET /xingrg/all/function/internal_message.html?_=1637803602624&CODE_STATE=getMsg HTTP/1.1" 200 27
180.169.147.146 - - [25/Nov/2021:09:27:48 +0800] "GET /favicon.ico HTTP/1.1" 404 -
180.169.147.146 - - [25/Nov/2021:09:27:50 +0800] "GET /favicon.ico HTTP/1.1" 404 -
180.174.250.202 - - [25/Nov/2021:09:27:51 +0800] "GET /xingrg/all/function/internal_message.html?_=1637803672570&CODE_STATE=getMsg HTTP/1.1" 200 27
180.174.250.202 - - [25/Nov/2021:09:27:51 +0800] "GET /xingrg/check_reg.html?_=1637803672574 HTTP/1.1" 200 22
180.157.253.6 - - [25/Nov/2021:09:27:52 +0800] "GET /xingrg/all/function/internal_message.html?_=1637803669444&CODE_STATE=getMsg HTTP/1.1" 200 27
116.233.78.109 - - [25/Nov/2021:09:27:54 +0800] "GET /xingrg/kc/buy/cgsh_order_operate.html?command=get_materiel&rest_code=00109&code=00101001269&supplier_code=00100454&order_time=2021-11-25 HTTP/1.1" 200 403
180.157.253.6 - - [25/Nov/2021:09:27:58 +0800] "GET /xingrg/check_reg.html?_=1637803675872 HTTP/1.1" 200 22
180.157.253.6 - - [25/Nov/2021:09:27:58 +0800] "GET /xingrg/all/function/internal_message.html?_=1637803675876&CODE_STATE=getMsg HTTP/1.1" 200 27
58.37.231.44 - - [25/Nov/2021:09:27:58 +0800] "GET /xingrg/all/function/internal_message.html?_=1637803503451&CODE_STATE=getMsg HTTP/1.1" 200 27
58.39.139.200 - - [25/Nov/2021:09:28:00 +0800] "GET /xingrg/all/function/internal_message.html?_=1637803679207&CODE_STATE=getMsg HTTP/1.1" 200 27
116.233.78.109 - - [25/Nov/2021:09:28:03 +0800] "GET /xingrg/kc/buy/cgsh_order_operate.html?command=get_materiel&rest_code=00109&code=00101002027&supplier_code=00100454&order_time=2021-11-25 HTTP/1.1" 200 433
116.227.210.113 - - [25/Nov/2021:09:28:05 +0800] "GET /xingrg/check_reg.html?_=1637803667882 HTTP/1.1" 200 22
116.227.210.113 - - [25/Nov/2021:09:28:05 +0800] "GET /xingrg/all/function/internal_message.html?_=1637803667885&CODE_STATE=getMsg HTTP/1.1" 200 27
116.233.78.109 - - [25/Nov/2021:09:28:08 +0800] "GET /xingrg/kc/buy/cgsh_order_operate.html?command=get_materiel&rest_code=00109&code=00101002027&supplier_code=00100454&order_time=2021-11-25 HTTP/1.1" 200 433
114.83.221.74 - - [25/Nov/2021:09:28:09 +0800] "GET /xingrg/all/function/internal_message.html?_=1637803687565&CODE_STATE=getMsg HTTP/1.1" 200 27
222.70.171.86 - - [25/Nov/2021:09:28:15 +0800] "GET /xingrg/all/function/internal_message.html?_=1637803709477&CODE_STATE=getMsg HTTP/1.1" 200 27
116.233.78.109 - - [25/Nov/2021:09:28:17 +0800] "GET /xingrg/all/function/internal_message.html?_=1637803694655&CODE_STATE=getMsg HTTP/1.1" 200 27
116.233.78.109 - - [25/Nov/2021:09:28:17 +0800] "POST /xingrg/kc/buy/cgsh_order_operate.html HTTP/1.1" 200 37
116.233.78.109 - - [25/Nov/2021:09:28:18 +0800] "POST /xingrg/kc/buy/cgsh_order_operate.html HTTP/1.1" 200 4436
116.233.78.109 - - [25/Nov/2021:09:28:19 +0800] "GET /xingrg/kc/print/load_config.html?kc_code=cgsh HTTP/1.1" 200 2281
116.233.78.109 - - [25/Nov/2021:09:28:19 +0800] "GET /xingrg/kc/print/load_data.html?order_code=212021112510558&kc_code=cgsh&condition= HTTP/1.1" 200 1331
120.253.135.82 - - [25/Nov/2021:09:28:20 +0800] "GET /xingrg/all/function/internal_message.html?_=1637803274458&CODE_STATE=getMsg HTTP/1.1" 302 -
116.233.78.109 - - [25/Nov/2021:09:28:22 +0800] "GET /xingrg/kc/buy/cgsh_order_add.html HTTP/1.1" 200 64957
116.233.78.109 - - [25/Nov/2021:09:28:23 +0800] "POST /xingrg/kc/buy/cgsh_order_operate.html HTTP/1.1" 200 8245
116.233.78.109 - - [25/Nov/2021:09:28:23 +0800] "GET /xingrg/all/common/auto_word.html?type=employee&rest_code=00109 HTTP/1.1" 200 255
116.233.78.109 - - [25/Nov/2021:09:28:23 +0800] "GET /xingrg/all/common/auto_word.html?type=employee&rest_code=00109 HTTP/1.1" 200 255
116.233.78.109 - - [25/Nov/2021:09:28:23 +0800] "GET /xingrg/javascript/easyui/themes/default/validatebox.css HTTP/1.1" 404 1104
120.253.135.82 - - [25/Nov/2021:09:28:26 +0800] "GET /xingrg/check_reg.html?_=1637803280364 HTTP/1.1" 302 -
222.70.171.86 - - [25/Nov/2021:09:28:28 +0800] "GET /xingrg/all/function/internal_message.html?_=1637803718840&CODE_STATE=getMsg HTTP/1.1" 302 -
116.233.78.109 - - [25/Nov/2021:09:28:30 +0800] "GET /xingrg/kc/buy/cgsh_order_operate.html?command=get_materiel&rest_code=00109&code=00101016105&supplier_code=00100035&order_time=2021-11-25 HTTP/1.1" 200 409
116.238.248.233 - - [25/Nov/2021:09:28:32 +0800] "GET /xingrg/all/function/internal_message.html?_=1637803708744&CODE_STATE=getMsg HTTP/1.1" 200 27
116.235.94.0 - - [25/Nov/2021:09:28:34 +0800] "GET /xingrg/all/function/internal_message.html?_=1637803718472&CODE_STATE=getMsg HTTP/1.1" 200 27
180.174.250.202 - - [25/Nov/2021:09:28:36 +0800] "POST /xingrg/kc/buy/cgsh_order_operate.html HTTP/1.1" 200 37
116.233.78.109 - - [25/Nov/2021:09:28:37 +0800] "GET /xingrg/kc/buy/cgsh_order_operate.html?command=get_materiel&rest_code=00109&code=00101012051&supplier_code=00100035&order_time=2021-11-25 HTTP/1.1" 200 408
180.174.250.202 - - [25/Nov/2021:09:28:39 +0800] "POST /xingrg/kc/buy/cgsh_order_operate.html HTTP/1.1" 200 12
114.85.125.222 - - [25/Nov/2021:09:28:41 +0800] "GET /xingrg/all/function/internal_message.html?_=1637803691459&CODE_STATE=getMsg HTTP/1.1" 200 27
180.174.250.202 - - [25/Nov/2021:09:28:41 +0800] "GET /xingrg/kc/buy/cgsh_order_info.html?code=212021112510559 HTTP/1.1" 200 59780
180.174.250.202 - - [25/Nov/2021:09:28:42 +0800] "GET /xingrg/all/function/internal_message.html?_=1637803715332&CODE_STATE=getMsg HTTP/1.1" 200 27
180.174.250.202 - - [25/Nov/2021:09:28:42 +0800] "GET /xingrg/javascript/easyui/themes/default/validatebox.css HTTP/1.1" 404 1104
180.174.250.202 - - [25/Nov/2021:09:28:43 +0800] "POST /xingrg/kc/buy/cgsh_order_operate.html HTTP/1.1" 200 2967
116.233.78.109 - - [25/Nov/2021:09:28:44 +0800] "GET /xingrg/kc/buy/cgsh_order_operate.html?command=get_materiel&rest_code=00109&code=00101016010&supplier_code=00100035&order_time=2021-11-25 HTTP/1.1" 200 408
180.174.250.202 - - [25/Nov/2021:09:28:46 +0800] "GET /xingrg/kc/print/load_data.html?order_code=212021112510559&kc_code=cgsh&condition= HTTP/1.1" 200 1568
58.39.139.200 - - [25/Nov/2021:09:28:48 +0800] "GET /xingrg/all/function/internal_message.html?_=1637803662624&CODE_STATE=getMsg HTTP/1.1" 200 27
116.233.78.109 - - [25/Nov/2021:09:28:50 +0800] "GET /xingrg/kc/buy/cgsh_order_operate.html?command=get_materiel&rest_code=00109&code=00101012025&supplier_code=00100035&order_time=2021-11-25 HTTP/1.1" 200 412
180.174.250.202 - - [25/Nov/2021:09:28:51 +0800] "GET /xingrg/all/function/internal_message.html?_=1637803732567&CODE_STATE=getMsg HTTP/1.1" 200 27
180.157.253.6 - - [25/Nov/2021:09:28:52 +0800] "GET /xingrg/check_reg.html?_=1637803729443 HTTP/1.1" 200 22
180.157.253.6 - - [25/Nov/2021:09:28:52 +0800] "GET /xingrg/all/function/internal_message.html?_=1637803729445&CODE_STATE=getMsg HTTP/1.1" 200 27
222.70.171.86 - - [25/Nov/2021:09:28:52 +0800] "POST /xingrg/services/DataTransmitService HTTP/1.1" 200 524
222.70.171.86 - - [25/Nov/2021:09:28:54 +0800] "POST /xingrg/services/DataTransmitService HTTP/1.1" 200 501
116.233.78.109 - - [25/Nov/2021:09:28:55 +0800] "POST /xingrg/services/DataTransmitService HTTP/1.1" 200 524
116.233.78.109 - - [25/Nov/2021:09:28:56 +0800] "GET /xingrg/kc/buy/cgsh_order_operate.html?command=get_materiel&rest_code=00109&code=00101012026&supplier_code=00100035&order_time=2021-11-25 HTTP/1.1" 200 408
180.157.253.6 - - [25/Nov/2021:09:28:58 +0800] "GET /xingrg/all/function/internal_message.html?_=1637803735876&CODE_STATE=getMsg HTTP/1.1" 200 27
58.37.231.44 - - [25/Nov/2021:09:28:58 +0800] "GET /xingrg/all/function/internal_message.html?_=1637803563466&CODE_STATE=getMsg HTTP/1.1" 200 27
58.39.139.200 - - [25/Nov/2021:09:29:00 +0800] "GET /xingrg/all/function/internal_message.html?_=1637803739221&CODE_STATE=getMsg HTTP/1.1" 200 27
58.39.139.200 - - [25/Nov/2021:09:29:00 +0800] "GET /xingrg/check_reg.html?_=1637803739223 HTTP/1.1" 200 22
116.227.210.113 - - [25/Nov/2021:09:29:05 +0800] "GET /xingrg/all/function/internal_message.html?_=1637803727876&CODE_STATE=getMsg HTTP/1.1" 200 27
180.174.250.202 - - [25/Nov/2021:09:29:07 +0800] "GET /xingrg/kc/buy/cgsh_order_add.html HTTP/1.1" 200 64875
180.174.250.202 - - [25/Nov/2021:09:29:09 +0800] "POST /xingrg/kc/buy/cgsh_order_operate.html HTTP/1.1" 200 8245
114.83.221.74 - - [25/Nov/2021:09:29:09 +0800] "GET /xingrg/all/function/internal_message.html?_=1637803747550&CODE_STATE=getMsg HTTP/1.1" 200 27
180.174.250.202 - - [25/Nov/2021:09:29:09 +0800] "GET /xingrg/javascript/easyui/themes/default/validatebox.css HTTP/1.1" 404 1104
222.70.171.86 - - [25/Nov/2021:09:29:15 +0800] "GET /xingrg/all/function/internal_message.html?_=1637803769480&CODE_STATE=getMsg HTTP/1.1" 200 27
116.233.78.109 - - [25/Nov/2021:09:29:17 +0800] "GET /xingrg/all/function/internal_message.html?_=1637803754657&CODE_STATE=getMsg HTTP/1.1" 200 27
120.253.135.82 - - [25/Nov/2021:09:29:20 +0800] "GET /xingrg/all/function/internal_message.html?_=1637803334439&CODE_STATE=getMsg HTTP/1.1" 302 -
116.233.78.109 - - [25/Nov/2021:09:29:21 +0800] "POST /xingrg/kc/buy/cgsh_order_operate.html HTTP/1.1" 200 37
116.233.78.109 - - [25/Nov/2021:09:29:23 +0800] "POST /xingrg/kc/buy/cgsh_order_operate.html HTTP/1.1" 200 5013
116.233.78.109 - - [25/Nov/2021:09:29:24 +0800] "GET /xingrg/kc/print/load_config.html?kc_code=cgsh HTTP/1.1" 200 2281
116.233.78.109 - - [25/Nov/2021:09:29:24 +0800] "GET /xingrg/kc/print/load_data.html?order_code=212021112510560&kc_code=cgsh&condition= HTTP/1.1" 200 1574
222.70.171.86 - - [25/Nov/2021:09:29:28 +0800] "GET /xingrg/all/function/internal_message.html?_=1637803778844&CODE_STATE=getMsg HTTP/1.1" 302 -
116.233.78.109 - - [25/Nov/2021:09:29:28 +0800] "GET /xingrg/kc/buy/cgsh_order_add.html HTTP/1.1" 200 64957
116.233.78.109 - - [25/Nov/2021:09:29:28 +0800] "POST /xingrg/kc/buy/cgsh_order_operate.html HTTP/1.1" 200 8245
116.233.78.109 - - [25/Nov/2021:09:29:28 +0800] "GET /xingrg/all/common/auto_word.html?type=employee&rest_code=00109 HTTP/1.1" 200 255
116.233.78.109 - - [25/Nov/2021:09:29:28 +0800] "GET /xingrg/all/common/auto_word.html?type=employee&rest_code=00109 HTTP/1.1" 200 255
116.233.78.109 - - [25/Nov/2021:09:29:28 +0800] "GET /xingrg/javascript/easyui/themes/default/validatebox.css HTTP/1.1" 404 1104
116.238.248.233 - - [25/Nov/2021:09:29:32 +0800] "GET /xingrg/all/function/internal_message.html?_=1637803768737&CODE_STATE=getMsg HTTP/1.1" 200 27
116.235.94.0 - - [25/Nov/2021:09:29:34 +0800] "GET /xingrg/all/function/internal_message.html?_=1637803778479&CODE_STATE=getMsg HTTP/1.1" 200 27
180.174.250.202 - - [25/Nov/2021:09:29:34 +0800] "GET /xingrg/check_reg.html?_=1637803766682 HTTP/1.1" 200 22
116.233.78.109 - - [25/Nov/2021:09:29:36 +0800] "GET /xingrg/kc/buy/cgsh_order_operate.html?command=get_materiel&rest_code=00109&code=00101007061&supplier_code=00100004&order_time=2021-11-25 HTTP/1.1" 200 429
116.227.210.113 - - [25/Nov/2021:09:29:40 +0800] "GET /xingrg/kc/buy/cgsh_order_add.html HTTP/1.1" 200 64843
116.227.210.113 - - [25/Nov/2021:09:29:41 +0800] "POST /xingrg/kc/buy/cgsh_order_operate.html HTTP/1.1" 200 8245
116.227.210.113 - - [25/Nov/2021:09:29:41 +0800] "GET /xingrg/javascript/easyui/themes/default/validatebox.css HTTP/1.1" 404 1104
114.85.125.222 - - [25/Nov/2021:09:29:41 +0800] "GET /xingrg/all/function/internal_message.html?_=1637803751473&CODE_STATE=getMsg HTTP/1.1" 200 27
180.174.250.202 - - [25/Nov/2021:09:29:42 +0800] "GET /xingrg/all/function/internal_message.html?_=1637803775342&CODE_STATE=getMsg HTTP/1.1" 200 27
116.233.78.109 - - [25/Nov/2021:09:29:44 +0800] "GET /xingrg/kc/buy/cgsh_order_operate.html?command=get_materiel&rest_code=00109&code=00101007081&supplier_code=00100004&order_time=2021-11-25 HTTP/1.1" 200 413
58.39.139.200 - - [25/Nov/2021:09:29:48 +0800] "GET /xingrg/all/function/internal_message.html?_=1637803722624&CODE_STATE=getMsg HTTP/1.1" 200 27
116.233.78.109 - - [25/Nov/2021:09:29:50 +0800] "GET /xingrg/kc/buy/cgsh_order_operate.html?command=get_materiel&rest_code=00109&code=00101007076&supplier_code=00100004&order_time=2021-11-25 HTTP/1.1" 200 408
180.174.250.202 - - [25/Nov/2021:09:29:51 +0800] "GET /xingrg/all/function/internal_message.html?_=1637803792580&CODE_STATE=getMsg HTTP/1.1" 200 27
180.157.253.6 - - [25/Nov/2021:09:29:52 +0800] "GET /xingrg/all/function/internal_message.html?_=1637803789445&CODE_STATE=getMsg HTTP/1.1" 200 27
180.157.253.6 - - [25/Nov/2021:09:29:58 +0800] "GET /xingrg/all/function/internal_message.html?_=1637803795877&CODE_STATE=getMsg HTTP/1.1" 200 27
58.37.231.44 - - [25/Nov/2021:09:29:58 +0800] "GET /xingrg/all/function/internal_message.html?_=1637803623464&CODE_STATE=getMsg HTTP/1.1" 200 27
116.233.78.109 - - [25/Nov/2021:09:29:59 +0800] "POST /xingrg/kc/buy/cgsh_order_operate.html HTTP/1.1" 200 37
58.39.139.200 - - [25/Nov/2021:09:30:00 +0800] "GET /xingrg/all/function/internal_message.html?_=1637803799220&CODE_STATE=getMsg HTTP/1.1" 200 27
116.233.78.109 - - [25/Nov/2021:09:30:01 +0800] "POST /xingrg/kc/buy/cgsh_order_operate.html HTTP/1.1" 200 3840
116.227.210.113 - - [25/Nov/2021:09:30:05 +0800] "GET /xingrg/all/function/internal_message.html?_=1637803787873&CODE_STATE=getMsg HTTP/1.1" 200 27
114.83.221.74 - - [25/Nov/2021:09:30:07 +0800] "GET /xingrg/check_reg.html?_=1637803805645 HTTP/1.1" 200 22
114.83.221.74 - - [25/Nov/2021:09:30:09 +0800] "GET /xingrg/all/function/internal_message.html?_=1637803807530&CODE_STATE=getMsg HTTP/1.1" 200 27
222.70.171.86 - - [25/Nov/2021:09:30:15 +0800] "GET /xingrg/all/function/internal_message.html?_=1637803829506&CODE_STATE=getMsg HTTP/1.1" 200 27
220.250.46.102 - - [25/Nov/2021:09:30:16 +0800] "GET /favicon.ico HTTP/1.1" 404 -
116.233.78.109 - - [25/Nov/2021:09:30:17 +0800] "GET /xingrg/all/function/internal_message.html?_=1637803814685&CODE_STATE=getMsg HTTP/1.1" 200 27
120.253.135.82 - - [25/Nov/2021:09:30:20 +0800] "GET /xingrg/all/function/internal_message.html?_=1637803394420&CODE_STATE=getMsg HTTP/1.1" 302 -
116.227.210.113 - - [25/Nov/2021:09:30:21 +0800] "GET /xingrg/kc/buy/cgsh_order_operate.html?command=get_materiel&rest_code=00155&code=00101008261&supplier_code=00100005&order_time=2021-11-25 HTTP/1.1" 200 408
116.227.210.113 - - [25/Nov/2021:09:30:27 +0800] "GET /xingrg/kc/buy/cgsh_order_operate.html?command=get_materiel&rest_code=00155&code=00101008350&supplier_code=00100005&order_time=2021-11-25 HTTP/1.1" 200 408
222.70.171.86 - - [25/Nov/2021:09:30:28 +0800] "GET /xingrg/all/function/internal_message.html?_=1637803838870&CODE_STATE=getMsg HTTP/1.1" 302 -
116.238.248.233 - - [25/Nov/2021:09:30:32 +0800] "GET /xingrg/all/function/internal_message.html?_=1637803828746&CODE_STATE=getMsg HTTP/1.1" 200 27
116.227.210.113 - - [25/Nov/2021:09:30:33 +0800] "GET /xingrg/kc/buy/cgsh_order_operate.html?command=get_materiel&rest_code=00155&code=00101008290&supplier_code=00100005&order_time=2021-11-25 HTTP/1.1" 200 416
116.235.94.0 - - [25/Nov/2021:09:30:34 +0800] "GET /xingrg/check_reg.html?_=1637803838442 HTTP/1.1" 200 22
