114.85.125.222 - - [22/Nov/2021:08:56:17 +0800] "GET /xingrg/javascript/jquery_easy_ui/themes/default/images/tabs_rightarrow.png HTTP/1.1" 304 -
114.85.125.222 - - [22/Nov/2021:08:56:17 +0800] "GET /xingrg/javascript/jquery_easy_ui/themes/default/images/panel_tool_collapse.gif HTTP/1.1" 304 -
114.85.125.222 - - [22/Nov/2021:08:56:17 +0800] "GET /xingrg/all/function/internal_message.html?_=1637542552044&CODE_STATE=count HTTP/1.1" 200 11
114.85.125.222 - - [22/Nov/2021:08:56:17 +0800] "GET /xingrg/check_reg.html?_=1637542552045 HTTP/1.1" 200 22
114.85.125.222 - - [22/Nov/2021:08:56:17 +0800] "POST /xingrg/load_menu.html HTTP/1.1" 200 5138
114.85.125.222 - - [22/Nov/2021:08:56:17 +0800] "GET /xingrg/javascript/jquery_easy_ui/themes/default/images/tree_arrows.gif HTTP/1.1" 304 -
114.85.125.222 - - [22/Nov/2021:08:56:17 +0800] "GET /xingrg/javascript/jquery_easy_ui/themes/default/images/tree_folder_open.gif HTTP/1.1" 304 -
114.85.125.222 - - [22/Nov/2021:08:56:17 +0800] "GET /xingrg/javascript/jquery_easy_ui/themes/icons/search_new.png HTTP/1.1" 304 -
114.85.125.222 - - [22/Nov/2021:08:56:17 +0800] "GET /xingrg/javascript/jquery_easy_ui/themes/icons/storage_new.png HTTP/1.1" 304 -
114.85.125.222 - - [22/Nov/2021:08:56:17 +0800] "GET /xingrg/javascript/jquery_easy_ui/themes/default/images/tree_folder.gif HTTP/1.1" 304 -
114.85.125.222 - - [22/Nov/2021:08:56:17 +0800] "GET /xingrg/javascript/jquery_easy_ui/themes/default/images/tree_file.gif HTTP/1.1" 304 -
114.85.125.222 - - [22/Nov/2021:08:56:17 +0800] "GET /xingrg/javascript/jquery_easy_ui/themes/icons/forms_new.png HTTP/1.1" 304 -
222.70.176.97 - - [22/Nov/2021:08:56:18 +0800] "GET /xingrg/check_reg.html?_=1637542577841 HTTP/1.1" 200 22
114.85.125.222 - - [22/Nov/2021:08:56:20 +0800] "GET /xingrg/javascript/jquery_easy_ui/themes/default/images/tabs_close.gif HTTP/1.1" 304 -
114.85.125.222 - - [22/Nov/2021:08:56:20 +0800] "GET /xingrg/kc/buy/cgsh_order_list.html HTTP/1.1" 200 49203
222.70.176.97 - - [22/Nov/2021:08:56:21 +0800] "GET /xingrg/all/function/internal_message.html?_=1637542580510&CODE_STATE=getMsg HTTP/1.1" 200 27
114.85.125.222 - - [22/Nov/2021:08:56:22 +0800] "POST /xingrg/kc/buy/cgsh_list_operate.html HTTP/1.1" 200 2050
116.238.248.233 - - [22/Nov/2021:08:56:30 +0800] "GET /xingrg/all/function/internal_message.html?_=1637542588785&CODE_STATE=getMsg HTTP/1.1" 200 27
114.85.125.222 - - [22/Nov/2021:08:56:31 +0800] "GET /xingrg/javascript/jquery_easy_ui/themes/icons/area.png HTTP/1.1" 304 -
114.85.125.222 - - [22/Nov/2021:08:56:31 +0800] "GET /xingrg/javascript/jquery_easy_ui/themes/icons/rest.png HTTP/1.1" 304 -
114.85.125.222 - - [22/Nov/2021:08:56:31 +0800] "GET /xingrg/css/blue.css HTTP/1.1" 304 -
114.85.125.222 - - [22/Nov/2021:08:56:31 +0800] "GET /xingrg/kc/mdqp/qqps_order_list.html HTTP/1.1" 200 9222
114.85.125.222 - - [22/Nov/2021:08:56:31 +0800] "GET /xingrg/dwr/util.js HTTP/1.1" 304 -
114.85.125.222 - - [22/Nov/2021:08:56:31 +0800] "GET /xingrg/javascript/Calendar.js HTTP/1.1" 304 -
114.85.125.222 - - [22/Nov/2021:08:56:31 +0800] "GET /xingrg/javascript/myfunction.js HTTP/1.1" 304 -
114.85.125.222 - - [22/Nov/2021:08:56:31 +0800] "GET /xingrg/javascript/ToolTips.js HTTP/1.1" 304 -
114.85.125.222 - - [22/Nov/2021:08:56:31 +0800] "GET /xingrg/dwr/interface/AjaxQqpsService.js HTTP/1.1" 200 16326
114.85.125.222 - - [22/Nov/2021:08:56:31 +0800] "GET /xingrg/dwr/interface/AjaxReportQueryService.js HTTP/1.1" 200 13203
114.85.125.222 - - [22/Nov/2021:08:56:31 +0800] "GET /xingrg/dwr/engine.js HTTP/1.1" 200 43631
114.85.125.222 - - [22/Nov/2021:08:56:31 +0800] "GET /xingrg/javascript/jquery_easy_ui/themes/icons/edit_add_new.png HTTP/1.1" 304 -
114.85.125.222 - - [22/Nov/2021:08:56:31 +0800] "GET /xingrg/javascript/jquery_easy_ui/themes/icons/uncheck_new.png HTTP/1.1" 304 -
114.85.125.222 - - [22/Nov/2021:08:56:31 +0800] "GET /xingrg/javascript/jquery_easy_ui/themes/icons/check_new.png HTTP/1.1" 304 -
114.85.125.222 - - [22/Nov/2021:08:56:31 +0800] "GET /xingrg/javascript/jquery_easy_ui/themes/icons/cance_new.png HTTP/1.1" 304 -
114.85.125.222 - - [22/Nov/2021:08:56:32 +0800] "GET /xingrg/javascript/jquery_easy_ui/themes/default/images/button_plain_hover.png HTTP/1.1" 304 -
114.85.125.222 - - [22/Nov/2021:08:56:33 +0800] "GET /xingrg/javascript/Grid.js HTTP/1.1" 304 -
114.85.125.222 - - [22/Nov/2021:08:56:33 +0800] "GET /xingrg/javascript/AjaxInfoList.js HTTP/1.1" 304 -
114.85.125.222 - - [22/Nov/2021:08:56:33 +0800] "GET /xingrg/kc/mdqp/qqps_order_add.html HTTP/1.1" 200 27580
114.85.125.222 - - [22/Nov/2021:08:56:33 +0800] "GET /xingrg/dwr/interface/AjaxComOrderService.js HTTP/1.1" 200 18264
114.85.125.222 - - [22/Nov/2021:08:56:33 +0800] "GET /xingrg/javascript/tools/jquery.qtip-1.0.0-rc3.min.js HTTP/1.1" 200 38404
114.85.125.222 - - [22/Nov/2021:08:56:33 +0800] "GET /xingrg/dwr/interface/AjaxQqpsService.js HTTP/1.1" 200 16326
114.85.125.222 - - [22/Nov/2021:08:56:33 +0800] "GET /xingrg/dwr/engine.js HTTP/1.1" 200 43631
116.227.210.113 - - [22/Nov/2021:08:56:33 +0800] "GET /xingrg/all/function/internal_message.html?_=1637542584576&CODE_STATE=getMsg HTTP/1.1" 200 27
114.85.125.222 - - [22/Nov/2021:08:56:33 +0800] "GET /xingrg/javascript/jquery_easy_ui/themes/icons/template_new.png HTTP/1.1" 200 3956
114.85.125.222 - - [22/Nov/2021:08:56:33 +0800] "GET /xingrg/javascript/jquery_easy_ui/themes/icons/copy_new.png HTTP/1.1" 200 815
114.85.125.222 - - [22/Nov/2021:08:56:33 +0800] "GET /xingrg/javascript/jquery_easy_ui/themes/icons/print.png HTTP/1.1" 304 -
114.85.125.222 - - [22/Nov/2021:08:56:33 +0800] "GET /xingrg/javascript/jquery_easy_ui/themes/default/images/menu_downarrow.png HTTP/1.1" 304 -
114.85.125.222 - - [22/Nov/2021:08:56:33 +0800] "GET /xingrg/javascript/jquery_easy_ui/themes/icons/back_new.png HTTP/1.1" 304 -
114.85.125.222 - - [22/Nov/2021:08:56:33 +0800] "GET /xingrg/javascript/jquery_easy_ui/themes/default/images/combo_arrow_dot.gif HTTP/1.1" 304 -
114.85.125.222 - - [22/Nov/2021:08:56:34 +0800] "GET /xingrg/images/blue/button/kc_tab_add.gif HTTP/1.1" 304 -
114.85.125.222 - - [22/Nov/2021:08:56:34 +0800] "GET /xingrg/images/blue/button/kc_tab_save.gif HTTP/1.1" 304 -
114.85.125.222 - - [22/Nov/2021:08:56:34 +0800] "GET /xingrg/images/blue/button/kc_tab_del.gif HTTP/1.1" 304 -
114.85.125.222 - - [22/Nov/2021:08:56:34 +0800] "GET /xingrg/images/blue/button/kc_tab_edit.gif HTTP/1.1" 304 -
114.85.125.222 - - [22/Nov/2021:08:56:34 +0800] "GET /xingrg/images/blue/kc_tab_left.gif HTTP/1.1" 304 -
114.85.125.222 - - [22/Nov/2021:08:56:34 +0800] "GET /xingrg/images/blue/kc_tab_mid.gif HTTP/1.1" 304 -
114.85.125.222 - - [22/Nov/2021:08:56:34 +0800] "GET /xingrg/images/blue/kc_tab2_right.gif HTTP/1.1" 304 -
114.85.125.222 - - [22/Nov/2021:08:56:34 +0800] "GET /xingrg/images/blue/kc_tab2_left.gif HTTP/1.1" 304 -
114.85.125.222 - - [22/Nov/2021:08:56:34 +0800] "GET /xingrg/images/blue/kc_tab_right.gif HTTP/1.1" 304 -
116.227.210.113 - - [22/Nov/2021:08:56:36 +0800] "GET /xingrg/kc/buy/cgsh_order_add.html HTTP/1.1" 200 64902
116.227.210.113 - - [22/Nov/2021:08:56:36 +0800] "POST /xingrg/kc/buy/cgsh_order_operate.html HTTP/1.1" 200 8245
116.227.210.113 - - [22/Nov/2021:08:56:36 +0800] "GET /xingrg/javascript/easyui/themes/default/validatebox.css HTTP/1.1" 404 1104
120.253.135.82 - - [22/Nov/2021:08:56:39 +0800] "GET /xingrg/all/function/internal_message.html?_=1637542373001&CODE_STATE=getMsg HTTP/1.1" 200 27
222.70.171.86 - - [22/Nov/2021:08:56:41 +0800] "GET /xingrg/all/function/internal_message.html?_=1637542604916&CODE_STATE=getMsg HTTP/1.1" 200 27
114.85.125.222 - - [22/Nov/2021:08:56:43 +0800] "GET /xingrg/images/blue/wait.gif HTTP/1.1" 304 -
114.85.125.222 - - [22/Nov/2021:08:56:43 +0800] "POST /xingrg/dwr/call/plaincall/AjaxQqpsService.saveOrder.dwr HTTP/1.1" 200 78
116.227.210.113 - - [22/Nov/2021:08:56:44 +0800] "GET /xingrg/kc/buy/cgsh_order_operate.html?command=get_materiel&rest_code=00155&code=00101001111&supplier_code=00100199&order_time=2021-11-22 HTTP/1.1" 200 409
114.85.125.222 - - [22/Nov/2021:08:56:47 +0800] "GET /xingrg/javascript/auto/indicator.gif HTTP/1.1" 404 1066
114.85.125.222 - - [22/Nov/2021:08:56:50 +0800] "POST /xingrg/dwr/call/plaincall/AjaxQqpsService.getMaterielByCode.dwr HTTP/1.1" 200 2254
114.85.125.222 - - [22/Nov/2021:08:56:52 +0800] "POST /xingrg/dwr/call/plaincall/AjaxQqpsService.saveMaterielItem.dwr HTTP/1.1" 200 78
114.85.125.222 - - [22/Nov/2021:08:56:54 +0800] "POST /xingrg/dwr/call/plaincall/AjaxQqpsService.checkOrder.dwr HTTP/1.1" 200 78
114.85.125.222 - - [22/Nov/2021:08:56:55 +0800] "GET /xingrg/kc/mdqp/qqps_order_info.html?code=302021112200467 HTTP/1.1" 200 25987
114.85.125.222 - - [22/Nov/2021:08:56:55 +0800] "GET /xingrg/dwr/interface/AjaxComOrderService.js HTTP/1.1" 200 18264
114.85.125.222 - - [22/Nov/2021:08:56:55 +0800] "GET /xingrg/dwr/interface/AjaxQqpsService.js HTTP/1.1" 200 16326
114.85.125.222 - - [22/Nov/2021:08:56:55 +0800] "GET /xingrg/dwr/engine.js HTTP/1.1" 200 43631
116.227.210.113 - - [22/Nov/2021:08:56:55 +0800] "GET /xingrg/kc/buy/cgsh_order_operate.html?command=get_materiel&rest_code=00155&code=00101001075&supplier_code=00100199&order_time=2021-11-22 HTTP/1.1" 200 409
114.85.125.222 - - [22/Nov/2021:08:56:55 +0800] "POST /xingrg/dwr/call/plaincall/AjaxQqpsService.loadMaterielItems.dwr HTTP/1.1" 200 362
124.78.153.86 - - [22/Nov/2021:08:56:58 +0800] "GET /xingrg/all/function/internal_message.html?_=1637542617107&CODE_STATE=getMsg HTTP/1.1" 200 27
101.89.239.120 - - [22/Nov/2021:08:56:59 +0800] "GET /xingrg/all/function/internal_message.html?_=1637542557133&CODE_STATE=getMsg HTTP/1.1" 302 -
101.89.239.120 - - [22/Nov/2021:08:56:59 +0800] "GET /xingrg/login.html HTTP/1.1" 200 7641
116.227.210.113 - - [22/Nov/2021:08:57:04 +0800] "GET /xingrg/kc/buy/cgsh_order_operate.html?command=get_materiel&rest_code=00155&code=00101002027&supplier_code=00100199&order_time=2021-11-22 HTTP/1.1" 200 434
116.227.210.113 - - [22/Nov/2021:08:57:09 +0800] "GET /xingrg/kc/buy/cgsh_order_operate.html?command=get_materiel&rest_code=00155&code=00101002041&supplier_code=00100199&order_time=2021-11-22 HTTP/1.1" 200 409
116.235.93.2 - - [22/Nov/2021:08:57:12 +0800] "GET /xingrg/all/function/internal_message.html?_=1637542746251&CODE_STATE=getMsg HTTP/1.1" 302 -
116.227.210.113 - - [22/Nov/2021:08:57:17 +0800] "POST /xingrg/kc/buy/cgsh_order_operate.html HTTP/1.1" 200 37
114.85.125.222 - - [22/Nov/2021:08:57:17 +0800] "GET /xingrg/all/function/internal_message.html?_=1637542612055&CODE_STATE=getMsg HTTP/1.1" 200 27
116.227.210.113 - - [22/Nov/2021:08:57:18 +0800] "POST /xingrg/kc/buy/cgsh_order_operate.html HTTP/1.1" 200 4427
116.227.210.113 - - [22/Nov/2021:08:57:19 +0800] "GET /xingrg/kc/print/load_data.html?order_code=212021112209348&kc_code=cgsh&condition= HTTP/1.1" 200 1345
222.70.176.97 - - [22/Nov/2021:08:57:21 +0800] "GET /xingrg/all/function/internal_message.html?_=1637542640492&CODE_STATE=getMsg HTTP/1.1" 200 27
222.70.171.86 - - [22/Nov/2021:08:57:28 +0800] "GET /xingrg/check_reg.html?_=1637542651611 HTTP/1.1" 200 22
120.253.135.82 - - [22/Nov/2021:08:57:28 +0800] "GET /xingrg/check_reg.html?_=1637542421728 HTTP/1.1" 200 22
116.238.248.233 - - [22/Nov/2021:08:57:30 +0800] "GET /xingrg/all/function/internal_message.html?_=1637542648809&CODE_STATE=getMsg HTTP/1.1" 200 27
116.227.210.113 - - [22/Nov/2021:08:57:33 +0800] "GET /xingrg/all/function/internal_message.html?_=1637542644592&CODE_STATE=getMsg HTTP/1.1" 200 27
120.253.135.82 - - [22/Nov/2021:08:57:39 +0800] "GET /xingrg/all/function/internal_message.html?_=1637542433070&CODE_STATE=getMsg HTTP/1.1" 200 27
222.70.171.86 - - [22/Nov/2021:08:57:41 +0800] "GET /xingrg/all/function/internal_message.html?_=1637542664928&CODE_STATE=getMsg HTTP/1.1" 200 27
124.78.153.86 - - [22/Nov/2021:08:57:57 +0800] "GET /xingrg/check_reg.html?_=1637542676344 HTTP/1.1" 200 22
124.78.153.86 - - [22/Nov/2021:08:57:58 +0800] "GET /xingrg/all/function/internal_message.html?_=1637542677079&CODE_STATE=getMsg HTTP/1.1" 200 27
116.238.248.233 - - [22/Nov/2021:08:58:11 +0800] "POST /xingrg/kc/buy/cgsh_order_operate.html HTTP/1.1" 200 37
116.235.93.2 - - [22/Nov/2021:08:58:12 +0800] "GET /xingrg/all/function/internal_message.html?_=1637542806276&CODE_STATE=getMsg HTTP/1.1" 302 -
116.238.248.233 - - [22/Nov/2021:08:58:13 +0800] "POST /xingrg/kc/buy/cgsh_order_operate.html HTTP/1.1" 200 4453
116.238.248.233 - - [22/Nov/2021:08:58:14 +0800] "GET /xingrg/kc/buy/cgsh_order_list.html HTTP/1.1" 200 49203
116.238.248.233 - - [22/Nov/2021:08:58:17 +0800] "POST /xingrg/kc/buy/cgsh_list_operate.html HTTP/1.1" 200 2050
114.85.125.222 - - [22/Nov/2021:08:58:17 +0800] "GET /xingrg/all/function/internal_message.html?_=1637542672068&CODE_STATE=getMsg HTTP/1.1" 200 27
116.238.248.233 - - [22/Nov/2021:08:58:19 +0800] "POST /xingrg/kc/buy/cgsh_list_operate.html HTTP/1.1" 200 556
116.238.248.233 - - [22/Nov/2021:08:58:19 +0800] "GET /xingrg/kc/buy/cgsh_order_info.html?code=212021112209337 HTTP/1.1" 200 64588
116.238.248.233 - - [22/Nov/2021:08:58:20 +0800] "GET /xingrg/javascript/easyui/themes/default/validatebox.css HTTP/1.1" 404 1104
116.238.248.233 - - [22/Nov/2021:08:58:20 +0800] "POST /xingrg/kc/buy/cgsh_order_operate.html HTTP/1.1" 200 21815
222.70.176.97 - - [22/Nov/2021:08:58:21 +0800] "GET /xingrg/all/function/internal_message.html?_=1637542700463&CODE_STATE=getMsg HTTP/1.1" 200 27
116.238.248.233 - - [22/Nov/2021:08:58:30 +0800] "GET /xingrg/all/function/internal_message.html?_=1637542708824&CODE_STATE=getMsg HTTP/1.1" 200 27
116.238.248.233 - - [22/Nov/2021:08:58:30 +0800] "GET /xingrg/check_reg.html?_=1637542708826 HTTP/1.1" 200 22
116.227.210.113 - - [22/Nov/2021:08:58:33 +0800] "GET /xingrg/all/function/internal_message.html?_=1637542704588&CODE_STATE=getMsg HTTP/1.1" 200 27
120.253.135.82 - - [22/Nov/2021:08:58:40 +0800] "GET /xingrg/all/function/internal_message.html?_=1637542493082&CODE_STATE=getMsg HTTP/1.1" 200 27
222.70.171.86 - - [22/Nov/2021:08:58:41 +0800] "GET /xingrg/all/function/internal_message.html?_=1637542724942&CODE_STATE=getMsg HTTP/1.1" 200 27
124.78.153.86 - - [22/Nov/2021:08:58:58 +0800] "GET /xingrg/all/function/internal_message.html?_=1637542737059&CODE_STATE=getMsg HTTP/1.1" 200 27
116.235.93.2 - - [22/Nov/2021:08:59:12 +0800] "GET /xingrg/all/function/internal_message.html?_=1637542866274&CODE_STATE=getMsg HTTP/1.1" 302 -
114.85.125.222 - - [22/Nov/2021:08:59:17 +0800] "GET /xingrg/all/function/internal_message.html?_=1637542732087&CODE_STATE=getMsg HTTP/1.1" 200 27
222.70.176.97 - - [22/Nov/2021:08:59:21 +0800] "GET /xingrg/all/function/internal_message.html?_=1637542760449&CODE_STATE=getMsg HTTP/1.1" 200 27
58.221.95.50 - - [22/Nov/2021:08:59:23 +0800] "GET /xingrg/check_reg.html?_=1637542764518 HTTP/1.1" 302 -
116.238.248.233 - - [22/Nov/2021:08:59:30 +0800] "GET /xingrg/all/function/internal_message.html?_=1637542768828&CODE_STATE=getMsg HTTP/1.1" 200 27
116.227.210.113 - - [22/Nov/2021:08:59:33 +0800] "GET /xingrg/all/function/internal_message.html?_=1637542764586&CODE_STATE=getMsg HTTP/1.1" 200 27
120.253.135.82 - - [22/Nov/2021:08:59:40 +0800] "GET /xingrg/all/function/internal_message.html?_=1637542553299&CODE_STATE=getMsg HTTP/1.1" 200 27
222.70.171.86 - - [22/Nov/2021:08:59:41 +0800] "GET /xingrg/all/function/internal_message.html?_=1637542784982&CODE_STATE=getMsg HTTP/1.1" 200 27
124.78.153.86 - - [22/Nov/2021:08:59:58 +0800] "GET /xingrg/all/function/internal_message.html?_=1637542797032&CODE_STATE=getMsg HTTP/1.1" 200 27
116.235.93.2 - - [22/Nov/2021:09:00:12 +0800] "GET /xingrg/all/function/internal_message.html?_=1637542926273&CODE_STATE=getMsg HTTP/1.1" 302 -
116.235.93.2 - - [22/Nov/2021:09:00:12 +0800] "GET /xingrg/check_reg.html?_=1637542926275 HTTP/1.1" 302 -
114.85.125.222 - - [22/Nov/2021:09:00:17 +0800] "GET /xingrg/all/function/internal_message.html?_=1637542792096&CODE_STATE=getMsg HTTP/1.1" 200 27
222.70.176.97 - - [22/Nov/2021:09:00:21 +0800] "GET /xingrg/all/function/internal_message.html?_=1637542820418&CODE_STATE=getMsg HTTP/1.1" 200 27
116.238.248.233 - - [22/Nov/2021:09:00:30 +0800] "GET /xingrg/all/function/internal_message.html?_=1637542828825&CODE_STATE=getMsg HTTP/1.1" 200 27
116.227.210.113 - - [22/Nov/2021:09:00:33 +0800] "GET /xingrg/all/function/internal_message.html?_=1637542824586&CODE_STATE=getMsg HTTP/1.1" 200 27
116.227.210.113 - - [22/Nov/2021:09:00:33 +0800] "GET /xingrg/check_reg.html?_=1637542824589 HTTP/1.1" 200 22
58.39.139.200 - - [22/Nov/2021:09:00:35 +0800] "GET /xingrg/index.html?sysBaseUrl=http%3A%2F%2F180.169.147.146%3A18081%2Fxingrg%2F&costTime=32×tamp=1585224308505 HTTP/1.1" 302 -
58.39.139.200 - - [22/Nov/2021:09:00:36 +0800] "GET /xingrg/login.html HTTP/1.1" 200 7641
58.39.139.200 - - [22/Nov/2021:09:00:38 +0800] "GET /xingrg/images/blue/jxLogo.png HTTP/1.1" 304 -
120.253.135.82 - - [22/Nov/2021:09:00:40 +0800] "GET /xingrg/all/function/internal_message.html?_=1637542613313&CODE_STATE=getMsg HTTP/1.1" 200 27
222.70.171.86 - - [22/Nov/2021:09:00:41 +0800] "GET /xingrg/all/function/internal_message.html?_=1637542845000&CODE_STATE=getMsg HTTP/1.1" 200 27
58.39.139.200 - - [22/Nov/2021:09:00:45 +0800] "GET /xingrg/images/blue/login_bg.png HTTP/1.1" 304 -
58.39.139.200 - - [22/Nov/2021:09:00:45 +0800] "GET /xingrg/images/blue/hj.png HTTP/1.1" 304 -
58.39.139.200 - - [22/Nov/2021:09:00:45 +0800] "GET /xingrg/images/blue/srbg.png HTTP/1.1" 304 -
58.39.139.200 - - [22/Nov/2021:09:00:46 +0800] "GET /favicon.ico HTTP/1.1" 404 -
61.151.178.163 - - [22/Nov/2021:09:00:57 +0800] "GET /xingrg/all/function/internal_message.html?_=1637542797032&CODE_STATE=getMsg HTTP/1.1" 302 -
61.151.178.163 - - [22/Nov/2021:09:00:58 +0800] "GET /xingrg/login.html HTTP/1.1" 200 7641
124.78.153.86 - - [22/Nov/2021:09:00:58 +0800] "GET /xingrg/all/function/internal_message.html?_=1637542857007&CODE_STATE=getMsg HTTP/1.1" 200 27
116.235.93.2 - - [22/Nov/2021:09:01:12 +0800] "GET /xingrg/all/function/internal_message.html?_=1637542986287&CODE_STATE=getMsg HTTP/1.1" 302 -
114.85.125.222 - - [22/Nov/2021:09:01:17 +0800] "GET /xingrg/check_reg.html?_=1637542852053 HTTP/1.1" 200 22
114.85.125.222 - - [22/Nov/2021:09:01:17 +0800] "GET /xingrg/all/function/internal_message.html?_=1637542852109&CODE_STATE=getMsg HTTP/1.1" 200 27
222.70.176.97 - - [22/Nov/2021:09:01:18 +0800] "GET /xingrg/check_reg.html?_=1637542877846 HTTP/1.1" 200 22
222.70.176.97 - - [22/Nov/2021:09:01:21 +0800] "GET /xingrg/all/function/internal_message.html?_=1637542880392&CODE_STATE=getMsg HTTP/1.1" 200 27
116.238.248.233 - - [22/Nov/2021:09:01:30 +0800] "GET /xingrg/all/function/internal_message.html?_=1637542888823&CODE_STATE=getMsg HTTP/1.1" 200 27
116.227.210.113 - - [22/Nov/2021:09:01:33 +0800] "GET /xingrg/all/function/internal_message.html?_=1637542884590&CODE_STATE=getMsg HTTP/1.1" 200 27
120.253.135.82 - - [22/Nov/2021:09:01:40 +0800] "GET /xingrg/all/function/internal_message.html?_=1637542673536&CODE_STATE=getMsg HTTP/1.1" 200 27
222.70.171.86 - - [22/Nov/2021:09:01:42 +0800] "GET /xingrg/all/function/internal_message.html?_=1637542905040&CODE_STATE=getMsg HTTP/1.1" 200 27
116.238.248.233 - - [22/Nov/2021:09:01:51 +0800] "GET /xingrg/kc/buy/cgsh_order_operate.html?command=get_materiel&rest_code=00151&code=00101008356&supplier_code=00100007&order_time=2021-11-22 HTTP/1.1" 200 408
61.151.207.141 - - [22/Nov/2021:09:01:57 +0800] "GET /xingrg/all/function/internal_message.html?_=1637542857007&CODE_STATE=getMsg HTTP/1.1" 302 -
61.151.207.141 - - [22/Nov/2021:09:01:58 +0800] "GET /xingrg/login.html HTTP/1.1" 200 7641
124.78.153.86 - - [22/Nov/2021:09:01:58 +0800] "GET /xingrg/all/function/internal_message.html?_=1637542916983&CODE_STATE=getMsg HTTP/1.1" 200 27
116.238.248.233 - - [22/Nov/2021:09:02:01 +0800] "POST /xingrg/kc/buy/cgsh_order_operate.html HTTP/1.1" 200 37
116.238.248.233 - - [22/Nov/2021:09:02:02 +0800] "POST /xingrg/kc/buy/cgsh_order_operate.html HTTP/1.1" 200 22415
116.238.248.233 - - [22/Nov/2021:09:02:06 +0800] "POST /xingrg/all/user/operate.html HTTP/1.1" 200 36
116.238.248.233 - - [22/Nov/2021:09:02:07 +0800] "GET /xingrg/index.html?sysBaseUrl=http%3A%2F%2F180.169.147.146%3A18081%2Fxingrg%2F&costTime=49×tamp=1637540475371 HTTP/1.1" 200 17179
116.238.248.233 - - [22/Nov/2021:09:02:07 +0800] "GET /xingrg/javascript/jquery_easy_ui/themes/default/easyui.css HTTP/1.1" 304 -
116.238.248.233 - - [22/Nov/2021:09:02:07 +0800] "GET /xingrg/javascript/jquery_easy_ui/themes/icon.css HTTP/1.1" 304 -
116.238.248.233 - - [22/Nov/2021:09:02:07 +0800] "GET /xingrg/css/form.css HTTP/1.1" 304 -
116.238.248.233 - - [22/Nov/2021:09:02:07 +0800] "GET /xingrg/javascript/jquery-1.4.2.min.js HTTP/1.1" 304 -
116.238.248.233 - - [22/Nov/2021:09:02:07 +0800] "GET /xingrg/javascript/jquery_easy_ui/jquery.easyui.min.js HTTP/1.1" 304 -
116.238.248.233 - - [22/Nov/2021:09:02:07 +0800] "GET /xingrg/javascript/jquery_easy_ui/easyui-lang-zh_CN.js HTTP/1.1" 304 -
116.238.248.233 - - [22/Nov/2021:09:02:07 +0800] "GET /xingrg/javascript/jquery.form.js HTTP/1.1" 304 -
116.238.248.233 - - [22/Nov/2021:09:02:07 +0800] "GET /xingrg/javascript/jquery.utils.js HTTP/1.1" 304 -
116.238.248.233 - - [22/Nov/2021:09:02:07 +0800] "GET /xingrg/javascript/jquery.timers.js HTTP/1.1" 304 -
116.238.248.233 - - [22/Nov/2021:09:02:07 +0800] "GET /xingrg/images/blue/jxLogo.png HTTP/1.1" 304 -
116.238.248.233 - - [22/Nov/2021:09:02:07 +0800] "GET /xingrg/images/blue/navBackgound.jpg HTTP/1.1" 304 -
116.238.248.233 - - [22/Nov/2021:09:02:07 +0800] "GET /xingrg/javascript/jquery_easy_ui/themes/icons/settle_new.png HTTP/1.1" 304 -
116.238.248.233 - - [22/Nov/2021:09:02:07 +0800] "POST /xingrg/all/common/load_tree.html?tree=area_rest_tree_json&manage=1 HTTP/1.1" 200 476
116.238.248.233 - - [22/Nov/2021:09:02:07 +0800] "GET /xingrg/all/function/internal_message.html?_=1637542925586&CODE_STATE=count HTTP/1.1" 200 11
116.238.248.233 - - [22/Nov/2021:09:02:07 +0800] "GET /xingrg/images/blue/pingpu.png HTTP/1.1" 304 -
116.238.248.233 - - [22/Nov/2021:09:02:07 +0800] "GET /xingrg/check_reg.html?_=1637542925587 HTTP/1.1" 200 22
116.238.248.233 - - [22/Nov/2021:09:02:07 +0800] "POST /xingrg/load_menu.html HTTP/1.1" 200 5138
116.238.248.233 - - [22/Nov/2021:09:02:07 +0800] "GET /xingrg/javascript/jquery_easy_ui/themes/default/images/tabs_rightarrow.png HTTP/1.1" 304 -
116.238.248.233 - - [22/Nov/2021:09:02:07 +0800] "GET /xingrg/javascript/jquery_easy_ui/themes/default/images/tabs_leftarrow.png HTTP/1.1" 304 -
116.238.248.233 - - [22/Nov/2021:09:02:07 +0800] "GET /xingrg/javascript/jquery_easy_ui/themes/default/images/panel_tool_collapse.gif HTTP/1.1" 304 -
116.235.93.2 - - [22/Nov/2021:09:02:12 +0800] "GET /xingrg/all/function/internal_message.html?_=1637543046270&CODE_STATE=getMsg HTTP/1.1" 302 -
114.85.125.222 - - [22/Nov/2021:09:02:17 +0800] "GET /xingrg/all/function/internal_message.html?_=1637542912122&CODE_STATE=getMsg HTTP/1.1" 200 27
222.70.176.97 - - [22/Nov/2021:09:02:21 +0800] "GET /xingrg/all/function/internal_message.html?_=1637542940393&CODE_STATE=getMsg HTTP/1.1" 200 27
222.70.171.86 - - [22/Nov/2021:09:02:28 +0800] "GET /xingrg/check_reg.html?_=1637542951611 HTTP/1.1" 200 22
120.253.135.82 - - [22/Nov/2021:09:02:28 +0800] "GET /xingrg/check_reg.html?_=1637542721733 HTTP/1.1" 200 22
116.227.210.113 - - [22/Nov/2021:09:02:33 +0800] "GET /xingrg/all/function/internal_message.html?_=1637542944582&CODE_STATE=getMsg HTTP/1.1" 200 27
120.253.135.82 - - [22/Nov/2021:09:02:40 +0800] "GET /xingrg/all/function/internal_message.html?_=1637542733543&CODE_STATE=getMsg HTTP/1.1" 200 27
222.70.171.86 - - [22/Nov/2021:09:02:42 +0800] "GET /xingrg/all/function/internal_message.html?_=1637542965059&CODE_STATE=getMsg HTTP/1.1" 200 27
116.238.248.233 - - [22/Nov/2021:09:02:44 +0800] "GET /xingrg/kc/buy/cgsh_order_list.html HTTP/1.1" 200 49205
116.238.248.233 - - [22/Nov/2021:09:02:47 +0800] "POST /xingrg/kc/buy/cgsh_list_operate.html HTTP/1.1" 200 2050
116.238.248.233 - - [22/Nov/2021:09:02:55 +0800] "GET /xingrg/kc/buy/cgsh_order_add.html HTTP/1.1" 200 64858
116.238.248.233 - - [22/Nov/2021:09:02:55 +0800] "GET /xingrg/javascript/easyui/themes/default/validatebox.css HTTP/1.1" 404 1104
116.238.248.233 - - [22/Nov/2021:09:02:55 +0800] "POST /xingrg/kc/buy/cgsh_order_operate.html HTTP/1.1" 200 8245
124.78.153.86 - - [22/Nov/2021:09:02:57 +0800] "GET /xingrg/check_reg.html?_=1637542976344 HTTP/1.1" 200 22
61.151.207.158 - - [22/Nov/2021:09:02:58 +0800] "GET /xingrg/all/function/internal_message.html?_=1637542916983&CODE_STATE=getMsg HTTP/1.1" 302 -
61.151.207.158 - - [22/Nov/2021:09:02:58 +0800] "GET /xingrg/login.html HTTP/1.1" 200 7641
124.78.153.86 - - [22/Nov/2021:09:02:58 +0800] "GET /xingrg/all/function/internal_message.html?_=1637542976963&CODE_STATE=getMsg HTTP/1.1" 200 27
116.238.248.233 - - [22/Nov/2021:09:03:07 +0800] "GET /xingrg/all/function/internal_message.html?_=1637542985606&CODE_STATE=getMsg HTTP/1.1" 200 27
116.235.93.2 - - [22/Nov/2021:09:03:12 +0800] "GET /xingrg/all/function/internal_message.html?_=1637543106277&CODE_STATE=getMsg HTTP/1.1" 302 -
114.85.125.222 - - [22/Nov/2021:09:03:17 +0800] "GET /xingrg/all/function/internal_message.html?_=1637542972136&CODE_STATE=getMsg HTTP/1.1" 200 27
116.238.248.233 - - [22/Nov/2021:09:03:20 +0800] "GET /xingrg/javascript/auto/indicator.gif HTTP/1.1" 404 1066
222.70.176.97 - - [22/Nov/2021:09:03:21 +0800] "GET /xingrg/all/function/internal_message.html?_=1637543000365&CODE_STATE=getMsg HTTP/1.1" 200 27
116.238.248.233 - - [22/Nov/2021:09:03:31 +0800] "GET /xingrg/kc/buy/cgsh_order_operate.html?command=get_materiel&rest_code=00150&code=00101012039&supplier_code=00100151&order_time=2021-11-22 HTTP/1.1" 200 408
116.227.210.113 - - [22/Nov/2021:09:03:33 +0800] "GET /xingrg/all/function/internal_message.html?_=1637543004576&CODE_STATE=getMsg HTTP/1.1" 200 27
222.70.171.86 - - [22/Nov/2021:09:03:40 +0800] "POST /xingrg/dwr/call/plaincall/AjaxCheckService.setItemNumber.dwr HTTP/1.1" 200 77
120.253.135.82 - - [22/Nov/2021:09:03:40 +0800] "GET /xingrg/all/function/internal_message.html?_=1637542793557&CODE_STATE=getMsg HTTP/1.1" 200 27
222.70.171.86 - - [22/Nov/2021:09:03:41 +0800] "POST /xingrg/dwr/call/plaincall/AjaxCheckService.setItemNumber.dwr HTTP/1.1" 200 77
222.70.171.86 - - [22/Nov/2021:09:03:42 +0800] "GET /xingrg/all/function/internal_message.html?_=1637543025185&CODE_STATE=getMsg HTTP/1.1" 200 27
222.70.171.86 - - [22/Nov/2021:09:03:43 +0800] "POST /xingrg/dwr/call/plaincall/AjaxCheckService.setItemNumber.dwr HTTP/1.1" 200 77
222.70.171.86 - - [22/Nov/2021:09:03:44 +0800] "POST /xingrg/dwr/call/plaincall/AjaxCheckService.setItemNumber.dwr HTTP/1.1" 200 77
222.70.171.86 - - [22/Nov/2021:09:03:45 +0800] "POST /xingrg/dwr/call/plaincall/AjaxCheckService.setItemNumber.dwr HTTP/1.1" 200 77
222.70.171.86 - - [22/Nov/2021:09:03:45 +0800] "POST /xingrg/dwr/call/plaincall/AjaxCheckService.setItemNumber.dwr HTTP/1.1" 200 77
222.70.171.86 - - [22/Nov/2021:09:03:46 +0800] "POST /xingrg/dwr/call/plaincall/AjaxCheckService.setItemNumber.dwr HTTP/1.1" 200 77
222.70.171.86 - - [22/Nov/2021:09:03:48 +0800] "POST /xingrg/dwr/call/plaincall/AjaxCheckService.setItemNumber.dwr HTTP/1.1" 200 77
222.70.171.86 - - [22/Nov/2021:09:03:51 +0800] "POST /xingrg/dwr/call/plaincall/AjaxCheckService.setItemNumber.dwr HTTP/1.1" 200 77
116.238.248.233 - - [22/Nov/2021:09:03:51 +0800] "POST /xingrg/kc/buy/cgsh_order_operate.html HTTP/1.1" 200 37
222.70.171.86 - - [22/Nov/2021:09:03:52 +0800] "POST /xingrg/dwr/call/plaincall/AjaxCheckService.setItemNumber.dwr HTTP/1.1" 200 77
222.70.171.86 - - [22/Nov/2021:09:03:53 +0800] "POST /xingrg/dwr/call/plaincall/AjaxCheckService.setItemNumber.dwr HTTP/1.1" 200 77
116.238.248.233 - - [22/Nov/2021:09:03:53 +0800] "POST /xingrg/kc/buy/cgsh_order_operate.html HTTP/1.1" 200 2652
222.70.171.86 - - [22/Nov/2021:09:03:53 +0800] "POST /xingrg/dwr/call/plaincall/AjaxCheckService.setItemNumber.dwr HTTP/1.1" 200 77
222.70.171.86 - - [22/Nov/2021:09:03:55 +0800] "POST /xingrg/dwr/call/plaincall/AjaxCheckService.setItemNumber.dwr HTTP/1.1" 200 77
222.70.171.86 - - [22/Nov/2021:09:03:55 +0800] "POST /xingrg/dwr/call/plaincall/AjaxCheckService.setItemNumber.dwr HTTP/1.1" 200 77
116.238.248.233 - - [22/Nov/2021:09:03:55 +0800] "GET /xingrg/kc/buy/cgsh_order_add.html HTTP/1.1" 200 64858
116.238.248.233 - - [22/Nov/2021:09:03:56 +0800] "POST /xingrg/kc/buy/cgsh_order_operate.html HTTP/1.1" 200 8245
222.70.171.86 - - [22/Nov/2021:09:03:56 +0800] "POST /xingrg/dwr/call/plaincall/AjaxCheckService.setItemNumber.dwr HTTP/1.1" 200 77
116.238.248.233 - - [22/Nov/2021:09:03:56 +0800] "GET /xingrg/javascript/easyui/themes/default/validatebox.css HTTP/1.1" 404 1104
222.70.171.86 - - [22/Nov/2021:09:03:57 +0800] "POST /xingrg/dwr/call/plaincall/AjaxCheckService.setItemNumber.dwr HTTP/1.1" 200 77
101.91.60.88 - - [22/Nov/2021:09:03:57 +0800] "GET /xingrg/check_reg.html?_=1637542976344 HTTP/1.1" 302 -
101.91.60.88 - - [22/Nov/2021:09:03:58 +0800] "GET /xingrg/login.html HTTP/1.1" 200 7641
222.70.171.86 - - [22/Nov/2021:09:03:58 +0800] "POST /xingrg/dwr/call/plaincall/AjaxCheckService.setItemNumber.dwr HTTP/1.1" 200 77
124.78.153.86 - - [22/Nov/2021:09:03:58 +0800] "GET /xingrg/all/function/internal_message.html?_=1637543036936&CODE_STATE=getMsg HTTP/1.1" 200 27
222.70.171.86 - - [22/Nov/2021:09:03:59 +0800] "POST /xingrg/dwr/call/plaincall/AjaxCheckService.setItemNumber.dwr HTTP/1.1" 200 77
222.70.171.86 - - [22/Nov/2021:09:04:00 +0800] "POST /xingrg/dwr/call/plaincall/AjaxCheckService.setItemNumber.dwr HTTP/1.1" 200 77
222.70.171.86 - - [22/Nov/2021:09:04:02 +0800] "POST /xingrg/dwr/call/plaincall/AjaxCheckService.setItemNumber.dwr HTTP/1.1" 200 77
222.70.171.86 - - [22/Nov/2021:09:04:06 +0800] "POST /xingrg/dwr/call/plaincall/AjaxCheckService.setItemNumber.dwr HTTP/1.1" 200 77
116.238.248.233 - - [22/Nov/2021:09:04:07 +0800] "GET /xingrg/all/function/internal_message.html?_=1637543045599&CODE_STATE=getMsg HTTP/1.1" 200 27
222.70.171.86 - - [22/Nov/2021:09:04:07 +0800] "POST /xingrg/dwr/call/plaincall/AjaxCheckService.setItemNumber.dwr HTTP/1.1" 200 77
222.70.171.86 - - [22/Nov/2021:09:04:09 +0800] "POST /xingrg/dwr/call/plaincall/AjaxCheckService.setItemNumber.dwr HTTP/1.1" 200 77
222.70.171.86 - - [22/Nov/2021:09:04:09 +0800] "POST /xingrg/dwr/call/plaincall/AjaxCheckService.setItemNumber.dwr HTTP/1.1" 200 77
222.70.171.86 - - [22/Nov/2021:09:04:10 +0800] "POST /xingrg/dwr/call/plaincall/AjaxCheckService.setItemNumber.dwr HTTP/1.1" 200 77
222.70.171.86 - - [22/Nov/2021:09:04:11 +0800] "POST /xingrg/dwr/call/plaincall/AjaxCheckService.setItemNumber.dwr HTTP/1.1" 200 77
222.70.171.86 - - [22/Nov/2021:09:04:11 +0800] "POST /xingrg/dwr/call/plaincall/AjaxCheckService.setItemNumber.dwr HTTP/1.1" 200 77
116.235.93.2 - - [22/Nov/2021:09:04:12 +0800] "GET /xingrg/all/function/internal_message.html?_=1637543166282&CODE_STATE=getMsg HTTP/1.1" 302 -
222.70.171.86 - - [22/Nov/2021:09:04:12 +0800] "POST /xingrg/dwr/call/plaincall/AjaxCheckService.setItemNumber.dwr HTTP/1.1" 200 77
222.70.171.86 - - [22/Nov/2021:09:04:16 +0800] "POST /xingrg/dwr/call/plaincall/AjaxCheckService.setItemNumber.dwr HTTP/1.1" 200 77
116.238.248.233 - - [22/Nov/2021:09:04:16 +0800] "GET /xingrg/kc/buy/cgsh_order_operate.html?command=get_materiel&rest_code=00150&code=00101031001&supplier_code=00100064&order_time=2021-11-22 HTTP/1.1" 200 419
114.85.125.222 - - [22/Nov/2021:09:04:17 +0800] "GET /xingrg/all/function/internal_message.html?_=1637543032154&CODE_STATE=getMsg HTTP/1.1" 200 27
222.70.176.97 - - [22/Nov/2021:09:04:21 +0800] "GET /xingrg/all/function/internal_message.html?_=1637543060350&CODE_STATE=getMsg HTTP/1.1" 200 27
58.221.95.50 - - [22/Nov/2021:09:04:23 +0800] "GET /xingrg/check_reg.html?_=1637543064516 HTTP/1.1" 302 -
116.238.248.233 - - [22/Nov/2021:09:04:26 +0800] "GET /xingrg/kc/buy/cgsh_order_operate.html?command=get_materiel&rest_code=00150&code=00101031012&supplier_code=00100064&order_time=2021-11-22 HTTP/1.1" 200 418
116.227.210.113 - - [22/Nov/2021:09:04:33 +0800] "GET /xingrg/all/function/internal_message.html?_=1637543064582&CODE_STATE=getMsg HTTP/1.1" 200 27
116.238.248.233 - - [22/Nov/2021:09:04:35 +0800] "POST /xingrg/kc/buy/cgsh_order_operate.html HTTP/1.1" 200 37
222.70.171.86 - - [22/Nov/2021:09:04:37 +0800] "POST /xingrg/dwr/call/plaincall/AjaxCheckService.setItemNumber.dwr HTTP/1.1" 200 77
116.238.248.233 - - [22/Nov/2021:09:04:38 +0800] "POST /xingrg/kc/buy/cgsh_order_operate.html HTTP/1.1" 200 12
116.238.248.233 - - [22/Nov/2021:09:04:41 +0800] "GET /xingrg/kc/buy/cgsh_order_info.html?code=212021112209350 HTTP/1.1" 200 59767
116.238.248.233 - - [22/Nov/2021:09:04:41 +0800] "GET /xingrg/javascript/easyui/themes/default/validatebox.css HTTP/1.1" 404 1104
116.238.248.233 - - [22/Nov/2021:09:04:41 +0800] "POST /xingrg/kc/buy/cgsh_order_operate.html HTTP/1.1" 200 1215
222.70.171.86 - - [22/Nov/2021:09:04:42 +0800] "GET /xingrg/all/function/internal_message.html?_=1637543085195&CODE_STATE=getMsg HTTP/1.1" 200 27
222.70.171.86 - - [22/Nov/2021:09:04:42 +0800] "POST /xingrg/dwr/call/plaincall/AjaxCheckService.setItemNumber.dwr HTTP/1.1" 200 77
222.70.171.86 - - [22/Nov/2021:09:04:43 +0800] "POST /xingrg/dwr/call/plaincall/AjaxCheckService.setItemNumber.dwr HTTP/1.1" 200 77
222.70.171.86 - - [22/Nov/2021:09:04:43 +0800] "POST /xingrg/dwr/call/plaincall/AjaxCheckService.setItemNumber.dwr HTTP/1.1" 200 77
222.70.171.86 - - [22/Nov/2021:09:04:44 +0800] "POST /xingrg/dwr/call/plaincall/AjaxCheckService.setItemNumber.dwr HTTP/1.1" 200 77
222.70.171.86 - - [22/Nov/2021:09:04:45 +0800] "POST /xingrg/dwr/call/plaincall/AjaxCheckService.setItemNumber.dwr HTTP/1.1" 200 77
116.238.248.233 - - [22/Nov/2021:09:04:45 +0800] "GET /xingrg/kc/print/load_data.html?order_code=212021112209350&kc_code=cgsh&condition= HTTP/1.1" 200 991
222.70.171.86 - - [22/Nov/2021:09:04:46 +0800] "POST /xingrg/dwr/call/plaincall/AjaxCheckService.setItemNumber.dwr HTTP/1.1" 200 77
222.70.171.86 - - [22/Nov/2021:09:04:55 +0800] "POST /xingrg/dwr/call/plaincall/AjaxCheckService.setItemNumber.dwr HTTP/1.1" 200 77
222.70.171.86 - - [22/Nov/2021:09:04:57 +0800] "POST /xingrg/dwr/call/plaincall/AjaxCheckService.setItemNumber.dwr HTTP/1.1" 200 77
124.78.153.86 - - [22/Nov/2021:09:04:58 +0800] "GET /xingrg/all/function/internal_message.html?_=1637543096913&CODE_STATE=getMsg HTTP/1.1" 200 27
222.70.171.86 - - [22/Nov/2021:09:04:58 +0800] "POST /xingrg/dwr/call/plaincall/AjaxCheckService.setItemNumber.dwr HTTP/1.1" 200 77
222.70.171.86 - - [22/Nov/2021:09:04:59 +0800] "POST /xingrg/dwr/call/plaincall/AjaxCheckService.setItemNumber.dwr HTTP/1.1" 200 77
116.238.248.233 - - [22/Nov/2021:09:05:00 +0800] "POST /xingrg/kc/buy/cgsh_list_operate.html HTTP/1.1" 200 563
222.70.171.86 - - [22/Nov/2021:09:05:00 +0800] "POST /xingrg/dwr/call/plaincall/AjaxCheckService.setItemNumber.dwr HTTP/1.1" 200 77
222.70.171.86 - - [22/Nov/2021:09:05:00 +0800] "GET /favicon.ico HTTP/1.1" 404 -
116.238.248.233 - - [22/Nov/2021:09:05:01 +0800] "GET /xingrg/kc/buy/cgsh_order_info.html?code=212021112209335 HTTP/1.1" 200 64867
222.70.171.86 - - [22/Nov/2021:09:05:01 +0800] "POST /xingrg/dwr/call/plaincall/AjaxCheckService.setItemNumber.dwr HTTP/1.1" 200 77
116.238.248.233 - - [22/Nov/2021:09:05:01 +0800] "GET /xingrg/javascript/easyui/themes/default/validatebox.css HTTP/1.1" 404 1104
116.238.248.233 - - [22/Nov/2021:09:05:02 +0800] "POST /xingrg/kc/buy/cgsh_order_operate.html HTTP/1.1" 200 20431
222.70.171.86 - - [22/Nov/2021:09:05:03 +0800] "POST /xingrg/dwr/call/plaincall/AjaxCheckService.setItemNumber.dwr HTTP/1.1" 200 77
222.70.171.86 - - [22/Nov/2021:09:05:05 +0800] "POST /xingrg/dwr/call/plaincall/AjaxCheckService.setItemNumber.dwr HTTP/1.1" 200 77
222.70.171.86 - - [22/Nov/2021:09:05:06 +0800] "POST /xingrg/dwr/call/plaincall/AjaxCheckService.setItemNumber.dwr HTTP/1.1" 200 77
222.70.171.86 - - [22/Nov/2021:09:05:06 +0800] "POST /xingrg/dwr/call/plaincall/AjaxCheckService.setItemNumber.dwr HTTP/1.1" 200 77
222.70.171.86 - - [22/Nov/2021:09:05:07 +0800] "POST /xingrg/dwr/call/plaincall/AjaxCheckService.setItemNumber.dwr HTTP/1.1" 200 77
116.238.248.233 - - [22/Nov/2021:09:05:07 +0800] "GET /xingrg/all/function/internal_message.html?_=1637543105634&CODE_STATE=getMsg HTTP/1.1" 200 27
222.70.171.86 - - [22/Nov/2021:09:05:10 +0800] "POST /xingrg/dwr/call/plaincall/AjaxCheckService.setItemNumber.dwr HTTP/1.1" 200 77
222.70.171.86 - - [22/Nov/2021:09:05:11 +0800] "POST /xingrg/dwr/call/plaincall/AjaxCheckService.setItemNumber.dwr HTTP/1.1" 200 77
116.235.93.2 - - [22/Nov/2021:09:05:12 +0800] "GET /xingrg/check_reg.html?_=1637543226272 HTTP/1.1" 302 -
116.235.93.2 - - [22/Nov/2021:09:05:12 +0800] "GET /xingrg/all/function/internal_message.html?_=1637543226273&CODE_STATE=getMsg HTTP/1.1" 302 -
222.70.171.86 - - [22/Nov/2021:09:05:13 +0800] "POST /xingrg/dwr/call/plaincall/AjaxCheckService.setItemNumber.dwr HTTP/1.1" 200 77
222.70.171.86 - - [22/Nov/2021:09:05:14 +0800] "POST /xingrg/dwr/call/plaincall/AjaxCheckService.setItemNumber.dwr HTTP/1.1" 200 77
222.70.171.86 - - [22/Nov/2021:09:05:15 +0800] "POST /xingrg/dwr/call/plaincall/AjaxCheckService.setItemNumber.dwr HTTP/1.1" 200 77
222.70.171.86 - - [22/Nov/2021:09:05:16 +0800] "POST /xingrg/dwr/call/plaincall/AjaxCheckService.setItemNumber.dwr HTTP/1.1" 200 77
222.70.171.86 - - [22/Nov/2021:09:05:17 +0800] "POST /xingrg/dwr/call/plaincall/AjaxCheckService.setItemNumber.dwr HTTP/1.1" 200 77
114.85.125.222 - - [22/Nov/2021:09:05:17 +0800] "GET /xingrg/all/function/internal_message.html?_=1637543092163&CODE_STATE=getMsg HTTP/1.1" 200 27
222.70.171.86 - - [22/Nov/2021:09:05:18 +0800] "POST /xingrg/dwr/call/plaincall/AjaxCheckService.setItemNumber.dwr HTTP/1.1" 200 77
222.70.171.86 - - [22/Nov/2021:09:05:20 +0800] "POST /xingrg/dwr/call/plaincall/AjaxCheckService.setItemNumber.dwr HTTP/1.1" 200 77
222.70.171.86 - - [22/Nov/2021:09:05:20 +0800] "POST /xingrg/dwr/call/plaincall/AjaxCheckService.setItemNumber.dwr HTTP/1.1" 200 77
222.70.176.97 - - [22/Nov/2021:09:05:21 +0800] "GET /xingrg/all/function/internal_message.html?_=1637543120324&CODE_STATE=getMsg HTTP/1.1" 200 27
222.70.171.86 - - [22/Nov/2021:09:05:22 +0800] "POST /xingrg/dwr/call/plaincall/AjaxCheckService.setItemNumber.dwr HTTP/1.1" 200 77
222.70.171.86 - - [22/Nov/2021:09:05:25 +0800] "POST /xingrg/dwr/call/plaincall/AjaxCheckService.setItemNumber.dwr HTTP/1.1" 200 77
222.70.171.86 - - [22/Nov/2021:09:05:31 +0800] "POST /xingrg/dwr/call/plaincall/AjaxCheckService.setItemNumber.dwr HTTP/1.1" 200 77
222.70.171.86 - - [22/Nov/2021:09:05:33 +0800] "POST /xingrg/dwr/call/plaincall/AjaxCheckService.setItemNumber.dwr HTTP/1.1" 200 77
116.227.210.113 - - [22/Nov/2021:09:05:33 +0800] "GET /xingrg/all/function/internal_message.html?_=1637543124571&CODE_STATE=getMsg HTTP/1.1" 200 27
116.227.210.113 - - [22/Nov/2021:09:05:33 +0800] "GET /xingrg/check_reg.html?_=1637543124575 HTTP/1.1" 200 22
222.70.171.86 - - [22/Nov/2021:09:05:33 +0800] "POST /xingrg/dwr/call/plaincall/AjaxCheckService.setItemNumber.dwr HTTP/1.1" 200 77
222.70.171.86 - - [22/Nov/2021:09:05:34 +0800] "POST /xingrg/dwr/call/plaincall/AjaxCheckService.setItemNumber.dwr HTTP/1.1" 200 77
222.70.171.86 - - [22/Nov/2021:09:05:35 +0800] "POST /xingrg/dwr/call/plaincall/AjaxCheckService.setItemNumber.dwr HTTP/1.1" 200 77
58.39.139.200 - - [22/Nov/2021:09:05:36 +0800] "GET /xingrg/index.html?sysBaseUrl=http%3A%2F%2F180.169.147.146%3A18081%2Fxingrg%2F&costTime=32×tamp=1585224308505 HTTP/1.1" 302 -
58.39.139.200 - - [22/Nov/2021:09:05:36 +0800] "GET /xingrg/login.html HTTP/1.1" 200 7641
222.70.171.86 - - [22/Nov/2021:09:05:36 +0800] "POST /xingrg/dwr/call/plaincall/AjaxCheckService.setItemNumber.dwr HTTP/1.1" 200 77
58.39.139.200 - - [22/Nov/2021:09:05:37 +0800] "GET /favicon.ico HTTP/1.1" 404 -
222.70.171.86 - - [22/Nov/2021:09:05:37 +0800] "POST /xingrg/dwr/call/plaincall/AjaxCheckService.setItemNumber.dwr HTTP/1.1" 200 77
222.70.171.86 - - [22/Nov/2021:09:05:37 +0800] "POST /xingrg/dwr/call/plaincall/AjaxCheckService.setItemNumber.dwr HTTP/1.1" 200 77
222.70.171.86 - - [22/Nov/2021:09:05:38 +0800] "POST /xingrg/dwr/call/plaincall/AjaxCheckService.setItemNumber.dwr HTTP/1.1" 200 77
222.70.171.86 - - [22/Nov/2021:09:05:42 +0800] "GET /xingrg/all/function/internal_message.html?_=1637543145209&CODE_STATE=getMsg HTTP/1.1" 200 27
222.70.171.86 - - [22/Nov/2021:09:05:43 +0800] "POST /xingrg/dwr/call/plaincall/AjaxCheckService.setItemNumber.dwr HTTP/1.1" 200 77
222.70.171.86 - - [22/Nov/2021:09:05:45 +0800] "POST /xingrg/dwr/call/plaincall/AjaxCheckService.setItemNumber.dwr HTTP/1.1" 200 77
58.39.139.200 - - [22/Nov/2021:09:05:48 +0800] "POST /xingrg/login.do HTTP/1.1" 302 -
58.39.139.200 - - [22/Nov/2021:09:05:48 +0800] "GET /xingrg/index.html?sysBaseUrl=http%3A%2F%2F180.169.147.146%3A18081%2Fxingrg%2F&costTime=38×tamp=1637543148203 HTTP/1.1" 200 17173
58.39.139.200 - - [22/Nov/2021:09:05:48 +0800] "GET /xingrg/javascript/jquery_easy_ui/themes/default/easyui.css HTTP/1.1" 304 -
58.39.139.200 - - [22/Nov/2021:09:05:48 +0800] "GET /xingrg/javascript/jquery_easy_ui/themes/icon.css HTTP/1.1" 304 -
58.39.139.200 - - [22/Nov/2021:09:05:48 +0800] "GET /xingrg/css/form.css HTTP/1.1" 304 -
58.39.139.200 - - [22/Nov/2021:09:05:48 +0800] "GET /xingrg/javascript/jquery-1.4.2.min.js HTTP/1.1" 304 -
58.39.139.200 - - [22/Nov/2021:09:05:48 +0800] "GET /xingrg/javascript/jquery_easy_ui/jquery.easyui.min.js HTTP/1.1" 304 -
58.39.139.200 - - [22/Nov/2021:09:05:48 +0800] "GET /xingrg/javascript/jquery_easy_ui/easyui-lang-zh_CN.js HTTP/1.1" 304 -
58.39.139.200 - - [22/Nov/2021:09:05:48 +0800] "GET /xingrg/javascript/jquery.form.js HTTP/1.1" 304 -
58.39.139.200 - - [22/Nov/2021:09:05:48 +0800] "GET /xingrg/javascript/jquery.utils.js HTTP/1.1" 304 -
58.39.139.200 - - [22/Nov/2021:09:05:48 +0800] "GET /xingrg/javascript/jquery.timers.js HTTP/1.1" 304 -
58.39.139.200 - - [22/Nov/2021:09:05:48 +0800] "GET /favicon.ico HTTP/1.1" 404 -
58.39.139.200 - - [22/Nov/2021:09:05:48 +0800] "GET /xingrg/javascript/jquery_easy_ui/themes/icons/settle_new.png HTTP/1.1" 304 -
58.39.139.200 - - [22/Nov/2021:09:05:48 +0800] "GET /xingrg/images/blue/navBackgound.jpg HTTP/1.1" 304 -
58.39.139.200 - - [22/Nov/2021:09:05:48 +0800] "POST /xingrg/all/common/load_tree.html?tree=area_rest_tree_json&manage=1 HTTP/1.1" 200 342
58.39.139.200 - - [22/Nov/2021:09:05:48 +0800] "GET /xingrg/all/function/internal_message.html?_=1637543084356&CODE_STATE=count HTTP/1.1" 200 11
58.39.139.200 - - [22/Nov/2021:09:05:48 +0800] "GET /xingrg/check_reg.html?_=1637543084357 HTTP/1.1" 200 22
58.39.139.200 - - [22/Nov/2021:09:05:48 +0800] "GET /xingrg/images/blue/pingpu.png HTTP/1.1" 304 -
58.39.139.200 - - [22/Nov/2021:09:05:48 +0800] "GET /xingrg/javascript/jquery_easy_ui/themes/default/images/tabs_leftarrow.png HTTP/1.1" 304 -
58.39.139.200 - - [22/Nov/2021:09:05:48 +0800] "GET /xingrg/javascript/jquery_easy_ui/themes/default/images/tabs_rightarrow.png HTTP/1.1" 304 -
58.39.139.200 - - [22/Nov/2021:09:05:48 +0800] "GET /xingrg/javascript/jquery_easy_ui/themes/default/images/panel_tool_collapse.gif HTTP/1.1" 304 -
58.39.139.200 - - [22/Nov/2021:09:05:48 +0800] "POST /xingrg/load_menu.html HTTP/1.1" 200 5138
58.39.139.200 - - [22/Nov/2021:09:05:49 +0800] "GET /xingrg/javascript/jquery_easy_ui/themes/default/images/tree_arrows.gif HTTP/1.1" 304 -
58.39.139.200 - - [22/Nov/2021:09:05:49 +0800] "GET /xingrg/javascript/jquery_easy_ui/themes/default/images/tree_folder_open.gif HTTP/1.1" 304 -
58.39.139.200 - - [22/Nov/2021:09:05:49 +0800] "GET /xingrg/javascript/jquery_easy_ui/themes/icons/search_new.png HTTP/1.1" 304 -
58.39.139.200 - - [22/Nov/2021:09:05:49 +0800] "GET /xingrg/javascript/jquery_easy_ui/themes/default/images/tree_folder.gif HTTP/1.1" 304 -
58.39.139.200 - - [22/Nov/2021:09:05:49 +0800] "GET /xingrg/javascript/jquery_easy_ui/themes/icons/storage_new.png HTTP/1.1" 304 -
58.39.139.200 - - [22/Nov/2021:09:05:49 +0800] "GET /xingrg/javascript/jquery_easy_ui/themes/icons/forms_new.png HTTP/1.1" 304 -
58.39.139.200 - - [22/Nov/2021:09:05:49 +0800] "GET /xingrg/javascript/jquery_easy_ui/themes/default/images/tree_file.gif HTTP/1.1" 304 -
116.235.93.2 - - [22/Nov/2021:09:05:49 +0800] "GET /xingrg/all/function/internal_message.html?_=1637543145793&CODE_STATE=getMsg HTTP/1.1" 302 -
116.235.93.2 - - [22/Nov/2021:09:05:49 +0800] "GET /xingrg/login.html HTTP/1.1" 200 7641
116.235.93.2 - - [22/Nov/2021:09:05:50 +0800] "GET /xingrg/check_reg.html?_=1637543146084 HTTP/1.1" 302 -
116.235.93.2 - - [22/Nov/2021:09:05:51 +0800] "GET /xingrg/login.html HTTP/1.1" 200 7641
58.39.139.200 - - [22/Nov/2021:09:05:51 +0800] "GET /xingrg/kc/buy/buy_main.html HTTP/1.1" 200 12412
58.39.139.200 - - [22/Nov/2021:09:05:51 +0800] "GET /xingrg/javascript/jquery_easy_ui/themes/default/images/tabs_close.gif HTTP/1.1" 304 -
58.39.139.200 - - [22/Nov/2021:09:05:51 +0800] "GET /xingrg/css/new_ie.css HTTP/1.1" 404 1036
58.39.139.200 - - [22/Nov/2021:09:05:51 +0800] "GET /xingrg/css/blue.css HTTP/1.1" 304 -
58.39.139.200 - - [22/Nov/2021:09:05:51 +0800] "GET /xingrg/javascript/jquery_ui/themes/humanity/humanity.css HTTP/1.1" 304 -
58.39.139.200 - - [22/Nov/2021:09:05:51 +0800] "GET /xingrg/javascript/pic_change.js HTTP/1.1" 304 -
58.39.139.200 - - [22/Nov/2021:09:05:51 +0800] "GET /xingrg/javascript/ToolTips.js HTTP/1.1" 304 -
58.39.139.200 - - [22/Nov/2021:09:05:51 +0800] "GET /xingrg/javascript/myfunction.js HTTP/1.1" 304 -
58.39.139.200 - - [22/Nov/2021:09:05:51 +0800] "GET /xingrg/javascript/jquery_ui/jquery-ui.min.js HTTP/1.1" 304 -
58.39.139.200 - - [22/Nov/2021:09:05:51 +0800] "GET /xingrg/images/blue/button/cgxqd.gif HTTP/1.1" 304 -
58.39.139.200 - - [22/Nov/2021:09:05:51 +0800] "GET /xingrg/images/blue/button/cgydd.gif HTTP/1.1" 304 -
58.39.139.200 - - [22/Nov/2021:09:05:51 +0800] "GET /xingrg/images/blue/button/cgshd.gif HTTP/1.1" 304 -
58.39.139.200 - - [22/Nov/2021:09:05:51 +0800] "GET /xingrg/images/blue/button/cgfkd.gif HTTP/1.1" 304 -
58.39.139.200 - - [22/Nov/2021:09:05:51 +0800] "GET /xingrg/images/blue/button/kc.gif HTTP/1.1" 304 -
58.39.139.200 - - [22/Nov/2021:09:05:51 +0800] "GET /xingrg/images/blue/button/ckthd.gif HTTP/1.1" 304 -
58.39.139.200 - - [22/Nov/2021:09:05:51 +0800] "GET /xingrg/images/blue/pic_form2.gif HTTP/1.1" 304 -
58.39.139.200 - - [22/Nov/2021:09:05:51 +0800] "GET /xingrg/javascript/jquery_ui/themes/humanity/images/ui-bg_inset-soft_100_f4f0ec_1x100.png HTTP/1.1" 304 -
58.39.139.200 - - [22/Nov/2021:09:05:51 +0800] "GET /xingrg/images/blue/bg_dotted.jpg HTTP/1.1" 304 -
58.39.139.200 - - [22/Nov/2021:09:05:51 +0800] "GET /xingrg/images/blue/button/right_ah.jpg HTTP/1.1" 304 -
58.39.139.200 - - [22/Nov/2021:09:05:51 +0800] "GET /xingrg/images/blue/button/down_ah.jpg HTTP/1.1" 304 -
58.39.139.200 - - [22/Nov/2021:09:05:52 +0800] "GET /xingrg/javascript/jquery_ui/themes/humanity/images/ui-iconsnew.jpg HTTP/1.1" 304 -
58.39.139.200 - - [22/Nov/2021:09:05:52 +0800] "GET /xingrg/javascript/jquery_ui/themes/humanity/images/ui-icons_ffffff_256x240.png HTTP/1.1" 304 -
58.39.139.200 - - [22/Nov/2021:09:05:52 +0800] "GET /xingrg/javascript/jquery_ui/themes/humanity/images/ui-icons_c47a23_256x240.png HTTP/1.1" 304 -
58.39.139.200 - - [22/Nov/2021:09:05:52 +0800] "GET /xingrg/javascript/jquery_ui/themes/humanity/images/ui-bg_glass_70_ede4d4_1x400.png HTTP/1.1" 304 -
58.39.139.200 - - [22/Nov/2021:09:05:52 +0800] "GET /xingrg/images/yd/bt.gif HTTP/1.1" 404 1040
58.39.139.200 - - [22/Nov/2021:09:05:54 +0800] "GET /xingrg/kc/buy/cgsh_order_list.html HTTP/1.1" 200 49199
58.39.139.200 - - [22/Nov/2021:09:05:54 +0800] "GET /xingrg/css/base.css HTTP/1.1" 304 -
58.39.139.200 - - [22/Nov/2021:09:05:54 +0800] "GET /xingrg/css/site.css HTTP/1.1" 304 -
58.39.139.200 - - [22/Nov/2021:09:05:54 +0800] "GET /xingrg/javascript/jquery_tools/datebox.css HTTP/1.1" 304 -
58.39.139.200 - - [22/Nov/2021:09:05:54 +0800] "GET /xingrg/javascript/easyui/themes/default/easyui.css HTTP/1.1" 304 -
58.39.139.200 - - [22/Nov/2021:09:05:54 +0800] "GET /xingrg/javascript/easyui/themes/icon.css HTTP/1.1" 304 -
58.39.139.200 - - [22/Nov/2021:09:05:54 +0800] "GET /xingrg/javascript/auto/jquery.autocomplete.css HTTP/1.1" 304 -
58.39.139.200 - - [22/Nov/2021:09:05:54 +0800] "GET /xingrg/javascript/jquery_tools/fix.css HTTP/1.1" 304 -
58.39.139.200 - - [22/Nov/2021:09:05:54 +0800] "GET /xingrg/javascript/jquery_tools/table.css HTTP/1.1" 304 -
58.39.139.200 - - [22/Nov/2021:09:05:54 +0800] "GET /xingrg/javascript/jquery_tools/jquery.tools.min.js HTTP/1.1" 304 -
58.39.139.200 - - [22/Nov/2021:09:05:54 +0800] "GET /xingrg/javascript/jquery_tools/jquery.tools.extend.js HTTP/1.1" 304 -
58.39.139.200 - - [22/Nov/2021:09:05:54 +0800] "GET /xingrg/javascript/jquery_tools/jquery.tools.hotkey.js HTTP/1.1" 304 -
58.39.139.200 - - [22/Nov/2021:09:05:54 +0800] "GET /xingrg/javascript/jquery_tools/jquery.tools.table.js HTTP/1.1" 304 -
58.39.139.200 - - [22/Nov/2021:09:05:54 +0800] "GET /xingrg/javascript/jquery_tools/list_manager.js HTTP/1.1" 304 -
58.39.139.200 - - [22/Nov/2021:09:05:54 +0800] "GET /xingrg/javascript/auto/jquery.autocomplete.js HTTP/1.1" 304 -
58.39.139.200 - - [22/Nov/2021:09:05:54 +0800] "GET /xingrg/javascript/easyui/easyloader.js HTTP/1.1" 304 -
58.39.139.200 - - [22/Nov/2021:09:05:54 +0800] "GET /xingrg/javascript/jquery.cookie.js HTTP/1.1" 304 -
58.39.139.200 - - [22/Nov/2021:09:05:54 +0800] "GET /xingrg/javascript/print/LodopFuncs.js HTTP/1.1" 304 -
58.39.139.200 - - [22/Nov/2021:09:05:55 +0800] "GET /xingrg/javascript/easyui/themes/icons/cance_new.png HTTP/1.1" 304 -
58.39.139.200 - - [22/Nov/2021:09:05:55 +0800] "GET /xingrg/javascript/easyui/themes/icons/check_new.png HTTP/1.1" 304 -
58.39.139.200 - - [22/Nov/2021:09:05:55 +0800] "GET /xingrg/javascript/easyui/themes/icons/field_new.png HTTP/1.1" 304 -
58.39.139.200 - - [22/Nov/2021:09:05:55 +0800] "GET /xingrg/javascript/easyui/themes/icons/import_new.png HTTP/1.1" 304 -
58.39.139.200 - - [22/Nov/2021:09:05:55 +0800] "GET /xingrg/javascript/easyui/themes/icons/edit_add_new.png HTTP/1.1" 304 -
