58.35.215.131 - - [22/Nov/2021:11:05:45 +0800] "GET /xingrg/images/blue/button/ckdb.gif HTTP/1.1" 200 1950
58.35.215.131 - - [22/Nov/2021:11:05:45 +0800] "GET /xingrg/images/blue/button/yddb.gif HTTP/1.1" 200 2040
58.35.215.131 - - [22/Nov/2021:11:05:45 +0800] "GET /xingrg/images/blue/button/top_right.jpg HTTP/1.1" 200 1708
58.35.215.131 - - [22/Nov/2021:11:05:45 +0800] "GET /xingrg/images/blue/button/left_ah.jpg HTTP/1.1" 200 1643
58.35.215.131 - - [22/Nov/2021:11:05:45 +0800] "GET /xingrg/images/blue/button/top_left.jpg HTTP/1.1" 200 1632
58.35.215.131 - - [22/Nov/2021:11:05:45 +0800] "GET /xingrg/images/blue/button/down.jpg HTTP/1.1" 200 1560
58.35.215.131 - - [22/Nov/2021:11:05:45 +0800] "GET /xingrg/images/blue/button/bottom_left.jpg HTTP/1.1" 200 1524
58.35.215.131 - - [22/Nov/2021:11:05:45 +0800] "GET /xingrg/images/blue/button/bottom_right.jpg HTTP/1.1" 200 1436
222.70.171.86 - - [22/Nov/2021:11:05:45 +0800] "GET /xingrg/all/function/internal_message.html?_=1637550349131&CODE_STATE=getMsg HTTP/1.1" 200 27
58.39.139.200 - - [22/Nov/2021:11:05:46 +0800] "GET /xingrg/all/function/internal_message.html?_=1637550282268&CODE_STATE=getMsg HTTP/1.1" 200 27
58.35.215.131 - - [22/Nov/2021:11:05:47 +0800] "GET /xingrg/kc/base/check_order_list.html HTTP/1.1" 200 16349
58.35.215.131 - - [22/Nov/2021:11:05:47 +0800] "GET /xingrg/css/site.css HTTP/1.1" 200 7541
58.35.215.131 - - [22/Nov/2021:11:05:47 +0800] "GET /xingrg/css/base.css HTTP/1.1" 200 2811
58.35.215.131 - - [22/Nov/2021:11:05:47 +0800] "GET /xingrg/javascript/jquery_tools/datebox.css HTTP/1.1" 200 2597
58.35.215.131 - - [22/Nov/2021:11:05:47 +0800] "GET /xingrg/javascript/auto/jquery.autocomplete.css HTTP/1.1" 200 587
58.35.215.131 - - [22/Nov/2021:11:05:47 +0800] "GET /xingrg/javascript/easyui/themes/icon.css HTTP/1.1" 200 4483
58.35.215.131 - - [22/Nov/2021:11:05:47 +0800] "GET /xingrg/javascript/jquery_tools/table.css HTTP/1.1" 200 1032
58.35.215.131 - - [22/Nov/2021:11:05:47 +0800] "GET /xingrg/javascript/jquery_tools/fix.css HTTP/1.1" 200 1702
58.35.215.131 - - [22/Nov/2021:11:05:47 +0800] "GET /xingrg/javascript/jquery_tools/jquery.tools.min.js HTTP/1.1" 200 138801
58.35.215.131 - - [22/Nov/2021:11:05:47 +0800] "GET /xingrg/javascript/jquery_tools/jquery.tools.hotkey.js HTTP/1.1" 200 3242
58.35.215.131 - - [22/Nov/2021:11:05:47 +0800] "GET /xingrg/javascript/easyui/themes/default/easyui.css HTTP/1.1" 200 30432
58.35.215.131 - - [22/Nov/2021:11:05:47 +0800] "GET /xingrg/javascript/jquery_tools/jquery.tools.table.js HTTP/1.1" 200 6994
58.35.215.131 - - [22/Nov/2021:11:05:47 +0800] "GET /xingrg/javascript/jquery_tools/jquery.tools.extend.js HTTP/1.1" 200 15385
58.35.215.131 - - [22/Nov/2021:11:05:47 +0800] "GET /xingrg/javascript/jquery_tools/list_manager.js HTTP/1.1" 200 3652
58.35.215.131 - - [22/Nov/2021:11:05:47 +0800] "GET /xingrg/javascript/jquery.cookie.js HTTP/1.1" 200 5513
58.35.215.131 - - [22/Nov/2021:11:05:47 +0800] "GET /xingrg/javascript/easyui/easyloader.js HTTP/1.1" 200 5975
58.35.215.131 - - [22/Nov/2021:11:05:47 +0800] "GET /xingrg/javascript/auto/jquery.autocomplete.js HTTP/1.1" 200 21624
58.35.215.131 - - [22/Nov/2021:11:05:47 +0800] "GET /xingrg/javascript/easyui/plugins/jquery.parser.js HTTP/1.1" 200 1142
58.35.215.131 - - [22/Nov/2021:11:05:47 +0800] "GET /xingrg/images/control/ajaxLoader.gif HTTP/1.1" 200 4659
58.35.215.131 - - [22/Nov/2021:11:05:47 +0800] "GET /xingrg/javascript/easyui/themes/icons/edit_add_new.png HTTP/1.1" 200 2997
58.35.215.131 - - [22/Nov/2021:11:05:47 +0800] "GET /xingrg/javascript/easyui/themes/icons/cance_new.png HTTP/1.1" 200 3986
58.35.215.131 - - [22/Nov/2021:11:05:47 +0800] "GET /xingrg/javascript/easyui/themes/icons/check_new.png HTTP/1.1" 200 3224
58.35.215.131 - - [22/Nov/2021:11:05:47 +0800] "GET /xingrg/javascript/easyui/themes/icons/field_new.png HTTP/1.1" 200 1097
58.35.215.131 - - [22/Nov/2021:11:05:47 +0800] "POST /xingrg/kc/base/check_list_operate.html HTTP/1.1" 200 3585
180.162.112.229 - - [22/Nov/2021:11:05:48 +0800] "GET /xingrg/all/function/internal_message.html?_=1637549820833&CODE_STATE=getMsg HTTP/1.1" 200 27
114.85.125.222 - - [22/Nov/2021:11:05:48 +0800] "GET /xingrg/all/function/internal_message.html?_=1637550323074&CODE_STATE=getMsg HTTP/1.1" 200 27
58.39.139.200 - - [22/Nov/2021:11:05:48 +0800] "GET /xingrg/check_reg.html?_=1637550284133 HTTP/1.1" 200 22
114.86.229.7 - - [22/Nov/2021:11:05:48 +0800] "GET /xingrg/all/function/internal_message.html?_=1637550348567&CODE_STATE=getMsg HTTP/1.1" 200 27
180.169.147.146 - - [22/Nov/2021:11:05:49 +0800] "GET /xingrg/check_reg.html?_=1637550348720 HTTP/1.1" 200 22
124.78.153.86 - - [22/Nov/2021:11:05:51 +0800] "GET /xingrg/kc/buy/cgsh_order_operate.html?command=get_materiel&rest_code=00106&code=00101016053&supplier_code=00100032&order_time=2021-11-22 HTTP/1.1" 200 408
180.157.253.6 - - [22/Nov/2021:11:05:52 +0800] "GET /xingrg/all/function/internal_message.html?_=1637550352325&CODE_STATE=getMsg HTTP/1.1" 200 27
180.169.147.146 - - [22/Nov/2021:11:05:53 +0800] "GET /xingrg/all/function/internal_message.html?_=1637550352317&CODE_STATE=getMsg HTTP/1.1" 200 27
222.70.176.97 - - [22/Nov/2021:11:05:54 +0800] "GET /xingrg/login.html HTTP/1.1" 200 7641
222.70.176.97 - - [22/Nov/2021:11:05:54 +0800] "GET /xingrg/images/blue/jxLogo.png HTTP/1.1" 200 6156
222.70.176.97 - - [22/Nov/2021:11:05:54 +0800] "GET /xingrg/images/blue/hj.png HTTP/1.1" 200 1014
222.70.176.97 - - [22/Nov/2021:11:05:54 +0800] "GET /xingrg/images/blue/srbg.png HTTP/1.1" 200 138
222.70.176.97 - - [22/Nov/2021:11:05:54 +0800] "GET /xingrg/images/blue/login_bg.png HTTP/1.1" 200 22101
222.70.176.97 - - [22/Nov/2021:11:05:54 +0800] "GET /favicon.ico HTTP/1.1" 404 -
180.169.147.146 - - [22/Nov/2021:11:05:54 +0800] "GET /xingrg/all/function/internal_message.html?_=1637550348321&CODE_STATE=getMsg HTTP/1.1" 200 27
116.235.93.2 - - [22/Nov/2021:11:05:55 +0800] "GET /xingrg/all/function/internal_message.html?_=1637550359831&CODE_STATE=getMsg HTTP/1.1" 200 27
180.174.250.202 - - [22/Nov/2021:11:05:56 +0800] "GET /xingrg/all/function/internal_message.html?_=1637550356274&CODE_STATE=getMsg HTTP/1.1" 200 27
124.78.153.86 - - [22/Nov/2021:11:05:59 +0800] "GET /xingrg/all/function/internal_message.html?_=1637550360737&CODE_STATE=getMsg HTTP/1.1" 200 27
222.70.176.97 - - [22/Nov/2021:11:05:59 +0800] "POST /xingrg/login.do HTTP/1.1" 302 -
222.70.176.97 - - [22/Nov/2021:11:05:59 +0800] "GET /xingrg/javascript/jquery_easy_ui/themes/icon.css HTTP/1.1" 200 3949
222.70.176.97 - - [22/Nov/2021:11:05:59 +0800] "GET /xingrg/css/form.css HTTP/1.1" 200 893
222.70.176.97 - - [22/Nov/2021:11:05:59 +0800] "GET /xingrg/index.html?sysBaseUrl=http%3A%2F%2F180.169.147.146%3A18081%2Fxingrg%2F&costTime=51×tamp=1637550359654 HTTP/1.1" 200 17413
222.70.176.97 - - [22/Nov/2021:11:05:59 +0800] "GET /xingrg/javascript/jquery-1.4.2.min.js HTTP/1.1" 200 72205
222.70.176.97 - - [22/Nov/2021:11:05:59 +0800] "GET /xingrg/javascript/jquery_easy_ui/jquery.easyui.min.js HTTP/1.1" 200 213662
222.70.176.97 - - [22/Nov/2021:11:05:59 +0800] "GET /xingrg/javascript/jquery_easy_ui/easyui-lang-zh_CN.js HTTP/1.1" 200 1900
222.70.176.97 - - [22/Nov/2021:11:05:59 +0800] "GET /xingrg/javascript/jquery.timers.js HTTP/1.1" 200 3532
222.70.176.97 - - [22/Nov/2021:11:05:59 +0800] "GET /xingrg/javascript/jquery.utils.js HTTP/1.1" 200 11805
222.70.176.97 - - [22/Nov/2021:11:05:59 +0800] "GET /favicon.ico HTTP/1.1" 404 -
124.78.153.86 - - [22/Nov/2021:11:05:59 +0800] "GET /xingrg/kc/buy/cgsh_order_operate.html?command=get_materiel&rest_code=00106&code=00101012003&supplier_code=00100032&order_time=2021-11-22 HTTP/1.1" 200 413
222.70.176.97 - - [22/Nov/2021:11:05:59 +0800] "GET /xingrg/javascript/jquery_easy_ui/themes/default/easyui.css HTTP/1.1" 200 26500
222.70.176.97 - - [22/Nov/2021:11:05:59 +0800] "GET /xingrg/javascript/jquery.form.js HTTP/1.1" 200 23110
222.70.176.97 - - [22/Nov/2021:11:05:59 +0800] "GET /xingrg/javascript/jquery_easy_ui/themes/icons/settle_new.png HTTP/1.1" 200 826
222.70.176.97 - - [22/Nov/2021:11:05:59 +0800] "GET /xingrg/images/blue/navBackgound.jpg HTTP/1.1" 200 12378
222.70.176.97 - - [22/Nov/2021:11:05:59 +0800] "POST /xingrg/all/common/load_tree.html?tree=area_rest_tree_json&manage=1 HTTP/1.1" 200 470
124.78.153.86 - - [22/Nov/2021:11:05:59 +0800] "GET /xingrg/all/function/internal_message.html?_=1637550358174&CODE_STATE=getMsg HTTP/1.1" 200 27
222.70.176.97 - - [22/Nov/2021:11:05:59 +0800] "GET /xingrg/images/blue/pingpu.png HTTP/1.1" 200 231
222.70.176.97 - - [22/Nov/2021:11:05:59 +0800] "GET /xingrg/all/function/internal_message.html?_=1637550358003&CODE_STATE=count HTTP/1.1" 200 11
222.70.176.97 - - [22/Nov/2021:11:05:59 +0800] "GET /xingrg/check_reg.html?_=1637550358003 HTTP/1.1" 200 22
222.70.176.97 - - [22/Nov/2021:11:05:59 +0800] "GET /xingrg/javascript/jquery_easy_ui/themes/default/images/tabs_leftarrow.png HTTP/1.1" 200 389
222.70.176.97 - - [22/Nov/2021:11:05:59 +0800] "GET /xingrg/javascript/jquery_easy_ui/themes/default/images/tabs_rightarrow.png HTTP/1.1" 200 395
222.70.176.97 - - [22/Nov/2021:11:05:59 +0800] "GET /xingrg/javascript/jquery_easy_ui/themes/default/images/panel_tool_expand.gif HTTP/1.1" 200 247
222.70.176.97 - - [22/Nov/2021:11:05:59 +0800] "GET /xingrg/javascript/jquery_easy_ui/themes/default/images/panel_tool_collapse.gif HTTP/1.1" 200 246
222.70.176.97 - - [22/Nov/2021:11:05:59 +0800] "POST /xingrg/load_menu.html HTTP/1.1" 200 9959
222.70.176.97 - - [22/Nov/2021:11:06:00 +0800] "GET /xingrg/javascript/jquery_easy_ui/themes/default/images/tree_arrows.gif HTTP/1.1" 200 1043
222.70.176.97 - - [22/Nov/2021:11:06:00 +0800] "GET /xingrg/javascript/jquery_easy_ui/themes/icons/search_new.png HTTP/1.1" 200 586
222.70.176.97 - - [22/Nov/2021:11:06:00 +0800] "GET /xingrg/javascript/jquery_easy_ui/themes/default/images/tree_folder_open.gif HTTP/1.1" 200 956
222.70.176.97 - - [22/Nov/2021:11:06:00 +0800] "GET /xingrg/javascript/jquery_easy_ui/themes/default/images/tree_folder.gif HTTP/1.1" 200 952
222.70.176.97 - - [22/Nov/2021:11:06:00 +0800] "GET /xingrg/javascript/jquery_easy_ui/themes/icons/checkout_new.png HTTP/1.1" 200 744
222.70.176.97 - - [22/Nov/2021:11:06:00 +0800] "GET /xingrg/javascript/jquery_easy_ui/themes/icons/storage_new.png HTTP/1.1" 200 853
222.70.176.97 - - [22/Nov/2021:11:06:00 +0800] "GET /xingrg/javascript/jquery_easy_ui/themes/icons/setting_new.png HTTP/1.1" 200 450
222.70.176.97 - - [22/Nov/2021:11:06:00 +0800] "GET /xingrg/javascript/jquery_easy_ui/themes/icons/forms_new.png HTTP/1.1" 200 350
222.70.176.97 - - [22/Nov/2021:11:06:00 +0800] "GET /xingrg/javascript/jquery_easy_ui/themes/icons/systemset_new.png HTTP/1.1" 200 606
222.70.176.97 - - [22/Nov/2021:11:06:00 +0800] "GET /xingrg/javascript/jquery_easy_ui/themes/default/images/tree_file.gif HTTP/1.1" 200 118
222.70.176.97 - - [22/Nov/2021:11:06:02 +0800] "POST /xingrg/load_menu.html HTTP/1.1" 200 9242
222.70.176.97 - - [22/Nov/2021:11:06:03 +0800] "GET /xingrg/javascript/jquery_easy_ui/themes/default/images/tabs_close.gif HTTP/1.1" 200 829
222.70.176.97 - - [22/Nov/2021:11:06:03 +0800] "GET /xingrg/javascript/multi_select/jqueryMultiSelect.css HTTP/1.1" 200 951
222.70.176.97 - - [22/Nov/2021:11:06:03 +0800] "GET /xingrg/javascript/calendar/timePicker.css HTTP/1.1" 200 523
222.70.176.97 - - [22/Nov/2021:11:06:03 +0800] "GET /xingrg/javascript/bigrid/fix.css HTTP/1.1" 200 1702
222.70.176.97 - - [22/Nov/2021:11:06:03 +0800] "GET /xingrg/javascript/pic_change.js HTTP/1.1" 200 4739
222.70.176.97 - - [22/Nov/2021:11:06:03 +0800] "GET /xingrg/css/blue.css HTTP/1.1" 200 15949
222.70.176.97 - - [22/Nov/2021:11:06:03 +0800] "GET /xingrg/all/report/report_query.html?fileName=dma/new_5.0/yingye/order_list.xml HTTP/1.1" 200 55281
222.70.176.97 - - [22/Nov/2021:11:06:03 +0800] "GET /xingrg/dwr/interface/AjaxReportQueryService.js HTTP/1.1" 200 13203
222.70.176.97 - - [22/Nov/2021:11:06:03 +0800] "GET /xingrg/javascript/jqueryMultiSelect.js HTTP/1.1" 200 11866
222.70.176.97 - - [22/Nov/2021:11:06:03 +0800] "GET /xingrg/javascript/calendar/jquery.timePicker.min.js HTTP/1.1" 200 2997
222.70.176.97 - - [22/Nov/2021:11:06:03 +0800] "GET /xingrg/dwr/util.js HTTP/1.1" 200 35990
222.70.176.97 - - [22/Nov/2021:11:06:03 +0800] "GET /xingrg/javascript/bigrid/fix.js HTTP/1.1" 200 6439
222.70.176.97 - - [22/Nov/2021:11:06:03 +0800] "GET /xingrg/javascript/myfunction.js HTTP/1.1" 200 24559
222.70.176.97 - - [22/Nov/2021:11:06:03 +0800] "GET /xingrg/javascript/Calendar.js HTTP/1.1" 200 31561
222.70.176.97 - - [22/Nov/2021:11:06:03 +0800] "GET /xingrg/dwr/engine.js HTTP/1.1" 200 43631
222.70.176.97 - - [22/Nov/2021:11:06:03 +0800] "GET /xingrg/images/blue/button/advanceover.gif HTTP/1.1" 200 1347
222.70.176.97 - - [22/Nov/2021:11:06:03 +0800] "GET /xingrg/images/blue/button/back2over.gif HTTP/1.1" 200 1335
222.70.176.97 - - [22/Nov/2021:11:06:03 +0800] "GET /xingrg/images/blue/button/advance2over.gif HTTP/1.1" 200 1336
222.70.176.97 - - [22/Nov/2021:11:06:03 +0800] "GET /xingrg/images/blue/button/backover.gif HTTP/1.1" 200 1348
222.70.176.97 - - [22/Nov/2021:11:06:03 +0800] "GET /xingrg/javascript/jquery_easy_ui/themes/icons/help.png HTTP/1.1" 200 1187
222.70.176.97 - - [22/Nov/2021:11:06:03 +0800] "GET /xingrg/images/control/loading.gif HTTP/1.1" 200 13463
222.70.176.97 - - [22/Nov/2021:11:06:03 +0800] "GET /xingrg/javascript/jquery_easy_ui/themes/default/images/menu_downarrow.png HTTP/1.1" 200 173
222.70.176.97 - - [22/Nov/2021:11:06:03 +0800] "GET /xingrg/javascript/jquery_easy_ui/themes/default/images/button_a_bg.gif HTTP/1.1" 200 1194
222.70.176.97 - - [22/Nov/2021:11:06:03 +0800] "GET /xingrg/javascript/jquery_easy_ui/themes/icons/print.png HTTP/1.1" 200 1057
222.70.176.97 - - [22/Nov/2021:11:06:03 +0800] "GET /xingrg/javascript/jquery_easy_ui/themes/default/images/menu.gif HTTP/1.1" 200 834
222.70.176.97 - - [22/Nov/2021:11:06:03 +0800] "GET /xingrg/javascript/jquery_easy_ui/themes/icons/pencil.png HTTP/1.1" 200 713
222.70.176.97 - - [22/Nov/2021:11:06:03 +0800] "GET /xingrg/javascript/jquery_easy_ui/themes/default/images/menu_rightarrow.png HTTP/1.1" 200 3617
222.70.176.97 - - [22/Nov/2021:11:06:03 +0800] "POST /xingrg/dwr/call/plaincall/AjaxReportQueryService.getFixDate.dwr HTTP/1.1" 200 111
222.70.176.97 - - [22/Nov/2021:11:06:03 +0800] "GET /xingrg/javascript/jquery_easy_ui/themes/default/images/combo_arrow_dot.gif HTTP/1.1" 200 79
222.70.176.97 - - [22/Nov/2021:11:06:03 +0800] "POST /xingrg/all/common/load_tree.html?tree=area_station_tree_json&manage=1 HTTP/1.1" 200 460
222.70.176.97 - - [22/Nov/2021:11:06:03 +0800] "GET /xingrg/javascript/jquery_easy_ui/themes/default/images/tree_checkbox_0.gif HTTP/1.1" 200 168
222.70.176.97 - - [22/Nov/2021:11:06:03 +0800] "GET /xingrg/javascript/jquery_easy_ui/themes/icons/rest.png HTTP/1.1" 200 695
222.70.176.97 - - [22/Nov/2021:11:06:03 +0800] "POST /xingrg/dwr/call/plaincall/AjaxReportQueryService.getInitString.dwr HTTP/1.1" 200 76
222.70.176.97 - - [22/Nov/2021:11:06:03 +0800] "GET /xingrg/javascript/multi_select/dropdown.gif HTTP/1.1" 200 61
222.70.176.97 - - [22/Nov/2021:11:06:04 +0800] "GET /xingrg/javascript/jquery_easy_ui/themes/icons/area.png HTTP/1.1" 200 262
222.70.176.97 - - [22/Nov/2021:11:06:06 +0800] "POST /xingrg/dwr/call/plaincall/AjaxReportQueryService.getFixDate.dwr HTTP/1.1" 200 111
180.174.250.202 - - [22/Nov/2021:11:06:08 +0800] "GET /xingrg/check_reg.html?_=1637550360954 HTTP/1.1" 200 22
222.70.176.97 - - [22/Nov/2021:11:06:08 +0800] "GET /xingrg/javascript/jquery_easy_ui/themes/default/images/tree_checkbox_1.gif HTTP/1.1" 200 174
222.70.176.97 - - [22/Nov/2021:11:06:08 +0800] "GET /xingrg/javascript/jquery_easy_ui/themes/default/images/tree_checkbox_2.gif HTTP/1.1" 200 181
222.70.176.97 - - [22/Nov/2021:11:06:08 +0800] "POST /xingrg/dwr/call/plaincall/AjaxReportQueryService.queryInitializeString.dwr HTTP/1.1" 200 253
124.78.153.86 - - [22/Nov/2021:11:06:08 +0800] "GET /xingrg/kc/buy/cgsh_order_operate.html?command=get_materiel&rest_code=00106&code=00101012051&supplier_code=00100032&order_time=2021-11-22 HTTP/1.1" 200 408
222.70.176.97 - - [22/Nov/2021:11:06:08 +0800] "POST /xingrg/dwr/call/plaincall/AjaxReportQueryService.refreshCache.dwr HTTP/1.1" 200 78
222.70.176.97 - - [22/Nov/2021:11:06:09 +0800] "POST /xingrg/all/report/load_report_page.html HTTP/1.1" 200 140874
222.70.176.97 - - [22/Nov/2021:11:06:09 +0800] "GET /xingrg/images/blue/button/back2.gif HTTP/1.1" 200 1339
222.70.176.97 - - [22/Nov/2021:11:06:09 +0800] "GET /xingrg/images/blue/button/back.gif HTTP/1.1" 200 1352
222.70.176.97 - - [22/Nov/2021:11:06:09 +0800] "GET /xingrg/servlets/image?cache=0.4747907599582255&image=px HTTP/1.1" 200 807
116.235.93.2 - - [22/Nov/2021:11:06:12 +0800] "GET /xingrg/all/function/internal_message.html?_=1637550486449&CODE_STATE=getMsg HTTP/1.1" 302 -
58.40.7.146 - - [22/Nov/2021:11:06:13 +0800] "GET /xingrg/all/function/internal_message.html?_=1637550372236&CODE_STATE=getMsg HTTP/1.1" 200 27
58.40.7.146 - - [22/Nov/2021:11:06:13 +0800] "GET /xingrg/check_reg.html?_=1637550372237 HTTP/1.1" 200 22
180.174.250.202 - - [22/Nov/2021:11:06:14 +0800] "GET /xingrg/all/function/internal_message.html?_=1637550367037&CODE_STATE=getMsg HTTP/1.1" 200 27
222.70.176.97 - - [22/Nov/2021:11:06:14 +0800] "POST /xingrg/all/report/load_report_page.html HTTP/1.1" 200 140795
222.70.176.97 - - [22/Nov/2021:11:06:15 +0800] "GET /xingrg/servlets/image?cache=0.6646430816503278&image=px HTTP/1.1" 200 807
124.78.153.86 - - [22/Nov/2021:11:06:17 +0800] "GET /xingrg/kc/buy/cgsh_order_operate.html?command=get_materiel&rest_code=00106&code=00101016105&supplier_code=00100032&order_time=2021-11-22 HTTP/1.1" 200 409
222.70.176.97 - - [22/Nov/2021:11:06:21 +0800] "POST /xingrg/all/report/load_report_page.html HTTP/1.1" 200 35714
222.70.176.97 - - [22/Nov/2021:11:06:21 +0800] "GET /xingrg/images/blue/button/advance2.gif HTTP/1.1" 200 1338
222.70.176.97 - - [22/Nov/2021:11:06:21 +0800] "GET /xingrg/images/blue/button/advance.gif HTTP/1.1" 200 1354
222.70.176.97 - - [22/Nov/2021:11:06:21 +0800] "GET /xingrg/servlets/image?cache=0.8657270772742809&image=px HTTP/1.1" 200 807
101.91.60.11 - - [22/Nov/2021:11:06:21 +0800] "GET /xingrg/kc/buy/cgsh_order_operate.html?command=get_materiel&rest_code=00106&code=00101012069&supplier_code=00100032&order_time=2021-11-22 HTTP/1.1" 302 -
101.91.60.11 - - [22/Nov/2021:11:06:22 +0800] "GET /xingrg/login.html HTTP/1.1" 200 7641
222.70.176.97 - - [22/Nov/2021:11:06:24 +0800] "POST /xingrg/all/report/load_report_page.html HTTP/1.1" 200 134595
222.70.176.97 - - [22/Nov/2021:11:06:24 +0800] "GET /xingrg/servlets/image?cache=0.9007128392774295&image=px HTTP/1.1" 200 807
222.70.176.97 - - [22/Nov/2021:11:06:31 +0800] "GET /xingrg/dma/order_info.html?id=26674&sid=5&sale_day=20211121 HTTP/1.1" 200 17315
222.70.176.97 - - [22/Nov/2021:11:06:31 +0800] "GET /favicon.ico HTTP/1.1" 404 -
222.70.176.97 - - [22/Nov/2021:11:06:31 +0800] "GET /xingrg/all/function/internal_message.html?_=1637550390185&CODE_STATE=getMsg HTTP/1.1" 200 27
58.40.7.146 - - [22/Nov/2021:11:06:33 +0800] "GET /xingrg/all/function/internal_message.html?_=1637550392726&CODE_STATE=getMsg HTTP/1.1" 200 27
116.227.210.113 - - [22/Nov/2021:11:06:33 +0800] "GET /xingrg/all/function/internal_message.html?_=1637550384590&CODE_STATE=getMsg HTTP/1.1" 200 27
101.89.239.120 - - [22/Nov/2021:11:06:33 +0800] "GET /xingrg/kc/buy/cgsh_order_operate.html?command=get_materiel&rest_code=00106&code=00101010161&supplier_code=00100032&order_time=2021-11-22 HTTP/1.1" 302 -
116.238.248.233 - - [22/Nov/2021:11:06:34 +0800] "GET /xingrg/all/function/internal_message.html?_=1637550392024&CODE_STATE=getMsg HTTP/1.1" 200 27
58.35.215.131 - - [22/Nov/2021:11:06:34 +0800] "GET /xingrg/all/function/internal_message.html?_=1637550393563&CODE_STATE=getMsg HTTP/1.1" 200 27
101.89.239.120 - - [22/Nov/2021:11:06:35 +0800] "GET /xingrg/login.html HTTP/1.1" 200 7641
58.37.231.44 - - [22/Nov/2021:11:06:40 +0800] "GET /xingrg/all/function/internal_message.html?_=1637550225665&CODE_STATE=getMsg HTTP/1.1" 200 27
222.70.171.86 - - [22/Nov/2021:11:06:45 +0800] "GET /xingrg/all/function/internal_message.html?_=1637550409145&CODE_STATE=getMsg HTTP/1.1" 200 27
58.39.139.200 - - [22/Nov/2021:11:06:46 +0800] "GET /xingrg/all/function/internal_message.html?_=1637550342246&CODE_STATE=getMsg HTTP/1.1" 200 27
222.70.171.86 - - [22/Nov/2021:11:06:47 +0800] "GET /xingrg/kc/buy/cgsh_order_add.html HTTP/1.1" 200 64940
180.162.112.229 - - [22/Nov/2021:11:06:48 +0800] "GET /xingrg/all/function/internal_message.html?_=1637549880837&CODE_STATE=getMsg HTTP/1.1" 200 27
222.70.171.86 - - [22/Nov/2021:11:06:48 +0800] "POST /xingrg/kc/buy/cgsh_order_operate.html HTTP/1.1" 200 8245
114.85.125.222 - - [22/Nov/2021:11:06:48 +0800] "GET /xingrg/all/function/internal_message.html?_=1637550383089&CODE_STATE=getMsg HTTP/1.1" 200 27
222.70.171.86 - - [22/Nov/2021:11:06:48 +0800] "GET /xingrg/javascript/easyui/themes/default/validatebox.css HTTP/1.1" 404 1104
114.86.229.7 - - [22/Nov/2021:11:06:48 +0800] "GET /xingrg/all/function/internal_message.html?_=1637550408570&CODE_STATE=getMsg HTTP/1.1" 200 27
124.78.153.86 - - [22/Nov/2021:11:06:49 +0800] "POST /xingrg/kc/buy/cgsh_order_operate.html HTTP/1.1" 200 37
180.157.253.6 - - [22/Nov/2021:11:06:52 +0800] "GET /xingrg/all/function/internal_message.html?_=1637550412325&CODE_STATE=getMsg HTTP/1.1" 200 27
180.169.147.146 - - [22/Nov/2021:11:06:53 +0800] "GET /xingrg/all/function/internal_message.html?_=1637550412309&CODE_STATE=getMsg HTTP/1.1" 200 27
180.169.147.146 - - [22/Nov/2021:11:06:54 +0800] "GET /xingrg/all/function/internal_message.html?_=1637550408304&CODE_STATE=getMsg HTTP/1.1" 200 27
124.78.153.86 - - [22/Nov/2021:11:06:55 +0800] "POST /xingrg/kc/buy/cgsh_order_operate.html HTTP/1.1" 200 12
180.169.147.146 - - [22/Nov/2021:11:06:55 +0800] "GET /xingrg/check_reg.html?_=1637550408914 HTTP/1.1" 200 22
116.235.93.2 - - [22/Nov/2021:11:06:55 +0800] "GET /xingrg/all/function/internal_message.html?_=1637550420126&CODE_STATE=getMsg HTTP/1.1" 200 27
180.174.250.202 - - [22/Nov/2021:11:06:56 +0800] "GET /xingrg/all/function/internal_message.html?_=1637550416276&CODE_STATE=getMsg HTTP/1.1" 200 27
180.162.112.229 - - [22/Nov/2021:11:06:57 +0800] "POST /xingrg/kc/buy/cgsh_list_operate.html HTTP/1.1" 200 434
61.151.178.217 - - [22/Nov/2021:11:06:58 +0800] "GET /xingrg/kc/buy/cgsh_order_operate.html?command=get_materiel&rest_code=00106&code=00101012003&supplier_code=00100032&order_time=2021-11-22 HTTP/1.1" 302 -
180.162.112.229 - - [22/Nov/2021:11:06:58 +0800] "GET /xingrg/kc/buy/cgsh_order_info.html?code=212021111807561 HTTP/1.1" 200 64069
61.151.178.217 - - [22/Nov/2021:11:06:58 +0800] "GET /xingrg/login.html HTTP/1.1" 200 7641
180.162.112.229 - - [22/Nov/2021:11:06:58 +0800] "GET /xingrg/javascript/easyui/themes/default/validatebox.css HTTP/1.1" 404 1104
124.78.153.86 - - [22/Nov/2021:11:06:59 +0800] "GET /xingrg/all/function/internal_message.html?_=1637550420742&CODE_STATE=getMsg HTTP/1.1" 200 27
124.78.153.86 - - [22/Nov/2021:11:06:59 +0800] "GET /xingrg/kc/buy/cgsh_order_info.html?code=212021112209399 HTTP/1.1" 200 59894
222.70.176.97 - - [22/Nov/2021:11:06:59 +0800] "GET /xingrg/all/function/internal_message.html?_=1637550418021&CODE_STATE=getMsg HTTP/1.1" 200 27
124.78.153.86 - - [22/Nov/2021:11:07:00 +0800] "GET /xingrg/all/function/internal_message.html?_=1637550418368&CODE_STATE=getMsg HTTP/1.1" 200 27
124.78.153.86 - - [22/Nov/2021:11:07:00 +0800] "GET /xingrg/javascript/easyui/themes/default/validatebox.css HTTP/1.1" 404 1104
180.162.112.229 - - [22/Nov/2021:11:07:00 +0800] "POST /xingrg/kc/buy/cgsh_order_operate.html HTTP/1.1" 200 4446
124.78.153.86 - - [22/Nov/2021:11:07:01 +0800] "POST /xingrg/kc/buy/cgsh_order_operate.html HTTP/1.1" 200 5317
124.78.153.86 - - [22/Nov/2021:11:07:08 +0800] "GET /xingrg/kc/print/load_data.html?order_code=212021112209399&kc_code=cgsh&condition= HTTP/1.1" 200 2505
222.70.171.86 - - [22/Nov/2021:11:07:11 +0800] "GET /xingrg/kc/buy/cgsh_order_operate.html?command=get_materiel&rest_code=00146&code=00101009050&supplier_code=00100023&order_time=2021-11-22 HTTP/1.1" 200 408
116.235.93.2 - - [22/Nov/2021:11:07:12 +0800] "GET /xingrg/all/function/internal_message.html?_=1637550546460&CODE_STATE=getMsg HTTP/1.1" 302 -
58.40.7.146 - - [22/Nov/2021:11:07:13 +0800] "GET /xingrg/all/function/internal_message.html?_=1637550432242&CODE_STATE=getMsg HTTP/1.1" 200 27
124.78.153.86 - - [22/Nov/2021:11:07:13 +0800] "GET /xingrg/kc/print/load_data.html?order_code=212021112209399&kc_code=cgsh HTTP/1.1" 200 2505
101.89.29.78 - - [22/Nov/2021:11:07:13 +0800] "GET /xingrg/kc/buy/cgsh_order_operate.html?command=get_materiel&rest_code=00106&code=00101016105&supplier_code=00100032&order_time=2021-11-22 HTTP/1.1" 302 -
180.174.250.202 - - [22/Nov/2021:11:07:14 +0800] "GET /xingrg/all/function/internal_message.html?_=1637550427050&CODE_STATE=getMsg HTTP/1.1" 200 27
101.89.29.78 - - [22/Nov/2021:11:07:14 +0800] "GET /xingrg/login.html HTTP/1.1" 200 7641
222.70.171.86 - - [22/Nov/2021:11:07:29 +0800] "GET /xingrg/check_reg.html?_=1637550452505 HTTP/1.1" 200 22
222.70.171.86 - - [22/Nov/2021:11:07:30 +0800] "GET /xingrg/kc/buy/cgsh_order_operate.html?command=get_materiel&rest_code=00146&code=00101009062&supplier_code=00100023&order_time=2021-11-22 HTTP/1.1" 200 412
222.70.176.97 - - [22/Nov/2021:11:07:31 +0800] "GET /xingrg/all/function/internal_message.html?_=1637550450170&CODE_STATE=getMsg HTTP/1.1" 200 27
58.40.7.146 - - [22/Nov/2021:11:07:33 +0800] "GET /xingrg/all/function/internal_message.html?_=1637550452727&CODE_STATE=getMsg HTTP/1.1" 200 27
116.227.210.113 - - [22/Nov/2021:11:07:33 +0800] "GET /xingrg/all/function/internal_message.html?_=1637550444583&CODE_STATE=getMsg HTTP/1.1" 200 27
116.238.248.233 - - [22/Nov/2021:11:07:34 +0800] "GET /xingrg/all/function/internal_message.html?_=1637550452023&CODE_STATE=getMsg HTTP/1.1" 200 27
58.35.215.131 - - [22/Nov/2021:11:07:34 +0800] "GET /xingrg/all/function/internal_message.html?_=1637550453567&CODE_STATE=getMsg HTTP/1.1" 200 27
124.78.153.86 - - [22/Nov/2021:11:07:35 +0800] "GET /xingrg/kc/buy/cgsh_order_add.html HTTP/1.1" 200 64981
124.78.153.86 - - [22/Nov/2021:11:07:35 +0800] "GET /xingrg/javascript/easyui/themes/default/validatebox.css HTTP/1.1" 404 1104
124.78.153.86 - - [22/Nov/2021:11:07:36 +0800] "POST /xingrg/kc/buy/cgsh_order_operate.html HTTP/1.1" 200 8245
124.78.153.86 - - [22/Nov/2021:11:07:37 +0800] "GET /xingrg/javascript/easyui/themes/default/tree.css HTTP/1.1" 404 1090
124.78.153.86 - - [22/Nov/2021:11:07:37 +0800] "POST /xingrg/all/common/load_tree.html?tree=supplier_tree_json&isDelete=1 HTTP/1.1" 200 60674
58.37.231.44 - - [22/Nov/2021:11:07:40 +0800] "GET /xingrg/all/function/internal_message.html?_=1637550285664&CODE_STATE=getMsg HTTP/1.1" 200 27
222.70.171.86 - - [22/Nov/2021:11:07:42 +0800] "GET /xingrg/kc/buy/cgsh_order_operate.html?command=get_materiel&rest_code=00146&code=00101009124&supplier_code=00100023&order_time=2021-11-22 HTTP/1.1" 200 402
222.70.171.86 - - [22/Nov/2021:11:07:45 +0800] "GET /xingrg/all/function/internal_message.html?_=1637550469159&CODE_STATE=getMsg HTTP/1.1" 200 27
58.39.139.200 - - [22/Nov/2021:11:07:46 +0800] "GET /xingrg/all/function/internal_message.html?_=1637550402250&CODE_STATE=getMsg HTTP/1.1" 200 27
222.70.176.97 - - [22/Nov/2021:11:07:47 +0800] "GET /xingrg/javascript/jquery_easy_ui/themes/default/images/button_plain_hover.png HTTP/1.1" 200 252
180.162.112.229 - - [22/Nov/2021:11:07:48 +0800] "GET /xingrg/all/function/internal_message.html?_=1637549940866&CODE_STATE=getMsg HTTP/1.1" 200 27
114.85.125.222 - - [22/Nov/2021:11:07:48 +0800] "GET /xingrg/all/function/internal_message.html?_=1637550443112&CODE_STATE=getMsg HTTP/1.1" 200 27
114.86.229.7 - - [22/Nov/2021:11:07:48 +0800] "GET /xingrg/all/function/internal_message.html?_=1637550468572&CODE_STATE=getMsg HTTP/1.1" 200 27
114.86.229.7 - - [22/Nov/2021:11:07:48 +0800] "GET /xingrg/check_reg.html?_=1637550468573 HTTP/1.1" 200 22
180.157.253.6 - - [22/Nov/2021:11:07:52 +0800] "GET /xingrg/all/function/internal_message.html?_=1637550472325&CODE_STATE=getMsg HTTP/1.1" 200 27
180.157.253.6 - - [22/Nov/2021:11:07:52 +0800] "GET /xingrg/check_reg.html?_=1637550472329 HTTP/1.1" 200 22
180.169.147.146 - - [22/Nov/2021:11:07:53 +0800] "GET /xingrg/all/function/internal_message.html?_=1637550472306&CODE_STATE=getMsg HTTP/1.1" 200 27
180.169.147.146 - - [22/Nov/2021:11:07:54 +0800] "GET /xingrg/all/function/internal_message.html?_=1637550468274&CODE_STATE=getMsg HTTP/1.1" 200 27
116.235.93.2 - - [22/Nov/2021:11:07:55 +0800] "GET /xingrg/all/function/internal_message.html?_=1637550480139&CODE_STATE=getMsg HTTP/1.1" 200 27
180.174.250.202 - - [22/Nov/2021:11:07:56 +0800] "GET /xingrg/all/function/internal_message.html?_=1637550476278&CODE_STATE=getMsg HTTP/1.1" 200 27
222.70.171.86 - - [22/Nov/2021:11:07:57 +0800] "GET /xingrg/kc/buy/cgsh_order_operate.html?command=get_materiel&rest_code=00146&code=00101009031&supplier_code=00100023&order_time=2021-11-22 HTTP/1.1" 200 410
124.78.153.86 - - [22/Nov/2021:11:07:57 +0800] "GET /xingrg/kc/buy/cgsh_order_operate.html?command=get_materiel&rest_code=00106&code=00101004062&supplier_code=00100022&order_time=2021-11-22 HTTP/1.1" 200 410
101.89.29.78 - - [22/Nov/2021:11:07:58 +0800] "GET /xingrg/kc/buy/cgsh_order_info.html?code=212021112209399 HTTP/1.1" 302 -
101.89.29.78 - - [22/Nov/2021:11:07:59 +0800] "GET /xingrg/login.html HTTP/1.1" 200 7641
124.78.153.86 - - [22/Nov/2021:11:07:59 +0800] "GET /xingrg/all/function/internal_message.html?_=1637550480742&CODE_STATE=getMsg HTTP/1.1" 200 27
124.78.153.86 - - [22/Nov/2021:11:07:59 +0800] "GET /xingrg/check_reg.html?_=1637550480745 HTTP/1.1" 200 22
124.78.153.86 - - [22/Nov/2021:11:07:59 +0800] "GET /xingrg/check_reg.html?_=1637550478168 HTTP/1.1" 200 22
222.70.176.97 - - [22/Nov/2021:11:07:59 +0800] "GET /xingrg/all/function/internal_message.html?_=1637550478024&CODE_STATE=getMsg HTTP/1.1" 200 27
124.78.153.86 - - [22/Nov/2021:11:08:00 +0800] "GET /xingrg/all/function/internal_message.html?_=1637550478343&CODE_STATE=getMsg HTTP/1.1" 200 27
61.151.179.84 - - [22/Nov/2021:11:08:07 +0800] "GET /xingrg/kc/print/load_data.html?order_code=212021112209399&kc_code=cgsh&condition= HTTP/1.1" 302 -
61.151.179.84 - - [22/Nov/2021:11:08:08 +0800] "GET /xingrg/login.html HTTP/1.1" 200 7641
116.235.93.2 - - [22/Nov/2021:11:08:12 +0800] "GET /xingrg/all/function/internal_message.html?_=1637550606458&CODE_STATE=getMsg HTTP/1.1" 302 -
61.151.207.205 - - [22/Nov/2021:11:08:13 +0800] "GET /xingrg/kc/print/load_data.html?order_code=212021112209399&kc_code=cgsh HTTP/1.1" 302 -
58.40.7.146 - - [22/Nov/2021:11:08:13 +0800] "GET /xingrg/all/function/internal_message.html?_=1637550492246&CODE_STATE=getMsg HTTP/1.1" 200 27
180.174.250.202 - - [22/Nov/2021:11:08:14 +0800] "GET /xingrg/all/function/internal_message.html?_=1637550487742&CODE_STATE=getMsg HTTP/1.1" 200 27
61.151.207.205 - - [22/Nov/2021:11:08:14 +0800] "GET /xingrg/login.html HTTP/1.1" 200 7641
222.70.176.97 - - [22/Nov/2021:11:08:31 +0800] "GET /xingrg/all/function/internal_message.html?_=1637550510154&CODE_STATE=getMsg HTTP/1.1" 200 27
222.70.171.86 - - [22/Nov/2021:11:08:31 +0800] "POST /xingrg/kc/buy/cgsh_order_operate.html HTTP/1.1" 200 37
222.70.171.86 - - [22/Nov/2021:11:08:33 +0800] "POST /xingrg/kc/buy/cgsh_order_operate.html HTTP/1.1" 200 5021
58.40.7.146 - - [22/Nov/2021:11:08:33 +0800] "GET /xingrg/check_reg.html?_=1637550512730 HTTP/1.1" 200 22
58.40.7.146 - - [22/Nov/2021:11:08:33 +0800] "GET /xingrg/all/function/internal_message.html?_=1637550512732&CODE_STATE=getMsg HTTP/1.1" 200 27
116.227.210.113 - - [22/Nov/2021:11:08:33 +0800] "GET /xingrg/all/function/internal_message.html?_=1637550504579&CODE_STATE=getMsg HTTP/1.1" 200 27
116.238.248.233 - - [22/Nov/2021:11:08:34 +0800] "GET /xingrg/all/function/internal_message.html?_=1637550512050&CODE_STATE=getMsg HTTP/1.1" 200 27
58.35.215.131 - - [22/Nov/2021:11:08:34 +0800] "GET /xingrg/all/function/internal_message.html?_=1637550513572&CODE_STATE=getMsg HTTP/1.1" 200 27
222.70.171.86 - - [22/Nov/2021:11:08:36 +0800] "GET /xingrg/kc/print/load_data.html?order_code=212021112209400&kc_code=cgsh&condition= HTTP/1.1" 200 1595
58.37.231.44 - - [22/Nov/2021:11:08:40 +0800] "GET /xingrg/all/function/internal_message.html?_=1637550345667&CODE_STATE=getMsg HTTP/1.1" 200 27
124.78.153.86 - - [22/Nov/2021:11:08:41 +0800] "GET /xingrg/kc/buy/cgsh_order_operate.html?command=get_materiel&rest_code=00106&code=00101009057&supplier_code=00100022&order_time=2021-11-22 HTTP/1.1" 200 408
222.70.171.86 - - [22/Nov/2021:11:08:45 +0800] "GET /xingrg/all/function/internal_message.html?_=1637550529173&CODE_STATE=getMsg HTTP/1.1" 200 27
58.39.139.200 - - [22/Nov/2021:11:08:46 +0800] "GET /xingrg/all/function/internal_message.html?_=1637550462230&CODE_STATE=getMsg HTTP/1.1" 200 27
180.162.112.229 - - [22/Nov/2021:11:08:48 +0800] "GET /xingrg/all/function/internal_message.html?_=1637550000856&CODE_STATE=getMsg HTTP/1.1" 200 27
114.85.125.222 - - [22/Nov/2021:11:08:48 +0800] "GET /xingrg/all/function/internal_message.html?_=1637550503116&CODE_STATE=getMsg HTTP/1.1" 200 27
114.86.229.7 - - [22/Nov/2021:11:08:48 +0800] "GET /xingrg/all/function/internal_message.html?_=1637550528575&CODE_STATE=getMsg HTTP/1.1" 200 27
124.78.153.86 - - [22/Nov/2021:11:08:51 +0800] "GET /xingrg/kc/buy/cgsh_order_operate.html?command=get_materiel&rest_code=00106&code=00101009062&supplier_code=00100022&order_time=2021-11-22 HTTP/1.1" 200 412
180.157.253.6 - - [22/Nov/2021:11:08:52 +0800] "GET /xingrg/all/function/internal_message.html?_=1637550532329&CODE_STATE=getMsg HTTP/1.1" 200 27
61.151.207.158 - - [22/Nov/2021:11:08:53 +0800] "GET /xingrg/kc/buy/cgsh_order_operate.html?command=get_materiel&rest_code=00106&code=00101004062&supplier_code=00100022&order_time=2021-11-22 HTTP/1.1" 302 -
116.235.93.2 - - [22/Nov/2021:11:08:53 +0800] "GET /xingrg/check_reg.html?_=1637550537800 HTTP/1.1" 200 22
180.169.147.146 - - [22/Nov/2021:11:08:53 +0800] "GET /xingrg/all/function/internal_message.html?_=1637550532298&CODE_STATE=getMsg HTTP/1.1" 200 27
61.151.207.158 - - [22/Nov/2021:11:08:53 +0800] "GET /xingrg/login.html HTTP/1.1" 200 7641
180.169.147.146 - - [22/Nov/2021:11:08:54 +0800] "GET /xingrg/all/function/internal_message.html?_=1637550528258&CODE_STATE=getMsg HTTP/1.1" 200 27
116.235.93.2 - - [22/Nov/2021:11:08:56 +0800] "GET /xingrg/all/function/internal_message.html?_=1637550540481&CODE_STATE=getMsg HTTP/1.1" 200 27
180.174.250.202 - - [22/Nov/2021:11:08:56 +0800] "GET /xingrg/all/function/internal_message.html?_=1637550536284&CODE_STATE=getMsg HTTP/1.1" 200 27
180.174.250.202 - - [22/Nov/2021:11:08:56 +0800] "GET /xingrg/check_reg.html?_=1637550536280 HTTP/1.1" 200 22
222.70.171.86 - - [22/Nov/2021:11:08:57 +0800] "GET /xingrg/kc/buy/cgsh_order_add.html HTTP/1.1" 200 64940
222.70.171.86 - - [22/Nov/2021:11:08:58 +0800] "POST /xingrg/kc/buy/cgsh_order_operate.html HTTP/1.1" 200 8245
222.70.171.86 - - [22/Nov/2021:11:08:58 +0800] "GET /xingrg/javascript/easyui/themes/default/validatebox.css HTTP/1.1" 404 1104
124.78.153.86 - - [22/Nov/2021:11:08:59 +0800] "GET /xingrg/all/function/internal_message.html?_=1637550540730&CODE_STATE=getMsg HTTP/1.1" 200 27
222.70.176.97 - - [22/Nov/2021:11:08:59 +0800] "GET /xingrg/all/function/internal_message.html?_=1637550538010&CODE_STATE=getMsg HTTP/1.1" 200 27
120.253.135.82 - - [22/Nov/2021:11:09:04 +0800] "GET /xingrg/check_reg.html?_=1637550317500 HTTP/1.1" 200 22
124.78.153.86 - - [22/Nov/2021:11:09:06 +0800] "POST /xingrg/kc/buy/cgsh_order_operate.html HTTP/1.1" 200 37
124.78.153.86 - - [22/Nov/2021:11:09:10 +0800] "POST /xingrg/kc/buy/cgsh_order_operate.html HTTP/1.1" 200 12
222.70.171.86 - - [22/Nov/2021:11:09:12 +0800] "GET /xingrg/kc/buy/cgsh_order_operate.html?command=get_materiel&rest_code=00146&code=00101001032&supplier_code=00100041&order_time=2021-11-22 HTTP/1.1" 200 413
116.235.93.2 - - [22/Nov/2021:11:09:12 +0800] "GET /xingrg/all/function/internal_message.html?_=1637550666457&CODE_STATE=getMsg HTTP/1.1" 302 -
58.40.7.146 - - [22/Nov/2021:11:09:13 +0800] "GET /xingrg/all/function/internal_message.html?_=1637550552249&CODE_STATE=getMsg HTTP/1.1" 200 27
180.174.250.202 - - [22/Nov/2021:11:09:14 +0800] "GET /xingrg/all/function/internal_message.html?_=1637550547749&CODE_STATE=getMsg HTTP/1.1" 200 27
180.162.112.229 - - [22/Nov/2021:11:09:20 +0800] "GET /xingrg/kc/buy/cgsh_order_operate.html?command=get_materiel&rest_code=00143&code=00102002004&supplier_code=00100207&order_time=2021-11-29 HTTP/1.1" 200 420
58.221.95.50 - - [22/Nov/2021:11:09:23 +0800] "GET /xingrg/check_reg.html?_=1637550564613 HTTP/1.1" 302 -
222.70.171.86 - - [22/Nov/2021:11:09:27 +0800] "GET /xingrg/kc/buy/cgsh_order_operate.html?command=get_materiel&rest_code=00146&code=00101018019&supplier_code=00100041&order_time=2021-11-22 HTTP/1.1" 200 421
124.78.153.86 - - [22/Nov/2021:11:09:30 +0800] "GET /xingrg/kc/buy/cgsh_order_info.html?code=212021112209401 HTTP/1.1" 200 59890
124.78.153.86 - - [22/Nov/2021:11:09:31 +0800] "GET /xingrg/javascript/easyui/themes/default/validatebox.css HTTP/1.1" 404 1104
222.70.176.97 - - [22/Nov/2021:11:09:31 +0800] "GET /xingrg/all/function/internal_message.html?_=1637550570138&CODE_STATE=getMsg HTTP/1.1" 200 27
222.70.176.97 - - [22/Nov/2021:11:09:31 +0800] "GET /xingrg/check_reg.html?_=1637550570249 HTTP/1.1" 200 22
124.78.153.86 - - [22/Nov/2021:11:09:32 +0800] "POST /xingrg/kc/buy/cgsh_order_operate.html HTTP/1.1" 200 1194
58.35.215.131 - - [22/Nov/2021:11:09:33 +0800] "GET /xingrg/javascript/jquery_easy_ui/themes/default/images/tabs_active.png HTTP/1.1" 200 2894
124.78.153.86 - - [22/Nov/2021:11:09:33 +0800] "GET /xingrg/kc/print/load_data.html?order_code=212021112209401&kc_code=cgsh&condition= HTTP/1.1" 200 958
58.40.7.146 - - [22/Nov/2021:11:09:33 +0800] "GET /xingrg/all/function/internal_message.html?_=1637550572720&CODE_STATE=getMsg HTTP/1.1" 200 27
116.227.210.113 - - [22/Nov/2021:11:09:33 +0800] "GET /xingrg/all/function/internal_message.html?_=1637550564569&CODE_STATE=getMsg HTTP/1.1" 200 27
116.238.248.233 - - [22/Nov/2021:11:09:34 +0800] "GET /xingrg/all/function/internal_message.html?_=1637550572047&CODE_STATE=getMsg HTTP/1.1" 200 27
58.35.215.131 - - [22/Nov/2021:11:09:34 +0800] "GET /xingrg/all/function/internal_message.html?_=1637550573580&CODE_STATE=getMsg HTTP/1.1" 200 27
222.70.171.86 - - [22/Nov/2021:11:09:38 +0800] "GET /xingrg/kc/buy/cgsh_order_operate.html?command=get_materiel&rest_code=00146&code=00101001075&supplier_code=00100041&order_time=2021-11-22 HTTP/1.1" 200 409
61.151.178.163 - - [22/Nov/2021:11:09:38 +0800] "GET /xingrg/kc/buy/cgsh_order_operate.html?command=get_materiel&rest_code=00106&code=00101009057&supplier_code=00100022&order_time=2021-11-22 HTTP/1.1" 302 -
61.151.178.163 - - [22/Nov/2021:11:09:39 +0800] "GET /xingrg/login.html HTTP/1.1" 200 7641
58.37.231.44 - - [22/Nov/2021:11:09:40 +0800] "GET /xingrg/all/function/internal_message.html?_=1637550405667&CODE_STATE=getMsg HTTP/1.1" 200 27
124.78.153.86 - - [22/Nov/2021:11:09:40 +0800] "GET /xingrg/kc/print/load_data.html?order_code=212021112209401&kc_code=cgsh HTTP/1.1" 200 958
180.162.112.229 - - [22/Nov/2021:11:09:45 +0800] "POST /xingrg/kc/buy/cgsh_order_operate.html HTTP/1.1" 200 37
58.39.139.200 - - [22/Nov/2021:11:09:46 +0800] "GET /xingrg/all/function/internal_message.html?_=1637550522207&CODE_STATE=getMsg HTTP/1.1" 200 27
180.162.112.229 - - [22/Nov/2021:11:09:48 +0800] "GET /xingrg/all/function/internal_message.html?_=1637550060855&CODE_STATE=getMsg HTTP/1.1" 200 27
180.162.112.229 - - [22/Nov/2021:11:09:48 +0800] "GET /xingrg/check_reg.html?_=1637550060857 HTTP/1.1" 200 22
114.85.125.222 - - [22/Nov/2021:11:09:48 +0800] "GET /xingrg/check_reg.html?_=1637550562437 HTTP/1.1" 200 22
222.70.171.86 - - [22/Nov/2021:11:09:48 +0800] "POST /xingrg/kc/buy/cgsh_order_operate.html HTTP/1.1" 200 37
180.162.112.229 - - [22/Nov/2021:11:09:48 +0800] "POST /xingrg/kc/buy/cgsh_order_operate.html HTTP/1.1" 200 5046
58.35.215.131 - - [22/Nov/2021:11:09:48 +0800] "GET /xingrg/kc/base/check_order_info.html?code=452021112100175 HTTP/1.1" 200 26364
114.85.125.222 - - [22/Nov/2021:11:09:48 +0800] "GET /xingrg/all/function/internal_message.html?_=1637550563129&CODE_STATE=getMsg HTTP/1.1" 200 27
58.35.215.131 - - [22/Nov/2021:11:09:48 +0800] "GET /xingrg/css/table.css HTTP/1.1" 200 3684
58.35.215.131 - - [22/Nov/2021:11:09:48 +0800] "GET /xingrg/javascript/AjaxInfoList.js HTTP/1.1" 200 3774
58.35.215.131 - - [22/Nov/2021:11:09:48 +0800] "GET /xingrg/javascript/Calendar.js HTTP/1.1" 200 31561
58.35.215.131 - - [22/Nov/2021:11:09:48 +0800] "GET /xingrg/dwr/interface/AjaxCheckService.js HTTP/1.1" 200 14003
58.35.215.131 - - [22/Nov/2021:11:09:48 +0800] "GET /xingrg/javascript/convert.js HTTP/1.1" 200 1239
58.35.215.131 - - [22/Nov/2021:11:09:48 +0800] "GET /xingrg/dwr/interface/AjaxComOrderService.js HTTP/1.1" 200 18264
58.35.215.131 - - [22/Nov/2021:11:09:48 +0800] "GET /xingrg/javascript/print/LodopFuncs.js HTTP/1.1" 200 5121
58.35.215.131 - - [22/Nov/2021:11:09:48 +0800] "GET /xingrg/dwr/util.js HTTP/1.1" 200 35990
58.35.215.131 - - [22/Nov/2021:11:09:48 +0800] "GET /xingrg/javascript/print/kc_print.js HTTP/1.1" 200 11415
58.35.215.131 - - [22/Nov/2021:11:09:48 +0800] "GET /xingrg/dwr/engine.js HTTP/1.1" 200 43631
114.86.229.7 - - [22/Nov/2021:11:09:48 +0800] "GET /xingrg/all/function/internal_message.html?_=1637550588578&CODE_STATE=getMsg HTTP/1.1" 200 27
58.35.215.131 - - [22/Nov/2021:11:09:50 +0800] "GET /xingrg/javascript/jquery_easy_ui/themes/icons/check_new.png HTTP/1.1" 200 3224
58.35.215.131 - - [22/Nov/2021:11:09:50 +0800] "GET /xingrg/javascript/jquery_easy_ui/themes/icons/cance_new.png HTTP/1.1" 200 3986
58.35.215.131 - - [22/Nov/2021:11:09:50 +0800] "GET /xingrg/javascript/jquery_easy_ui/themes/icons/print.png HTTP/1.1" 200 1057
58.35.215.131 - - [22/Nov/2021:11:09:50 +0800] "GET /xingrg/javascript/jquery_easy_ui/themes/default/images/menu_downarrow.png HTTP/1.1" 200 173
58.35.215.131 - - [22/Nov/2021:11:09:50 +0800] "GET /xingrg/javascript/jquery_easy_ui/themes/icons/back_new.png HTTP/1.1" 200 3414
58.35.215.131 - - [22/Nov/2021:11:09:50 +0800] "POST /xingrg/dwr/call/plaincall/AjaxCheckService.loadOrderItems.dwr HTTP/1.1" 200 35616
222.70.171.86 - - [22/Nov/2021:11:09:50 +0800] "POST /xingrg/kc/buy/cgsh_order_operate.html HTTP/1.1" 200 3846
58.35.215.131 - - [22/Nov/2021:11:09:50 +0800] "GET /xingrg/javascript/jquery_easy_ui/themes/icons/no.png HTTP/1.1" 200 922
180.157.253.6 - - [22/Nov/2021:11:09:52 +0800] "GET /xingrg/all/function/internal_message.html?_=1637550592354&CODE_STATE=getMsg HTTP/1.1" 200 27
222.70.171.86 - - [22/Nov/2021:11:09:52 +0800] "GET /xingrg/all/function/internal_message.html?_=1637550596222&CODE_STATE=getMsg HTTP/1.1" 200 27
222.70.171.86 - - [22/Nov/2021:11:09:53 +0800] "GET /xingrg/kc/print/load_data.html?order_code=212021112209402&kc_code=cgsh&condition= HTTP/1.1" 200 1145
180.169.147.146 - - [22/Nov/2021:11:09:53 +0800] "GET /xingrg/all/function/internal_message.html?_=1637550592275&CODE_STATE=getMsg HTTP/1.1" 200 27
180.169.147.146 - - [22/Nov/2021:11:09:54 +0800] "GET /xingrg/all/function/internal_message.html?_=1637550588242&CODE_STATE=getMsg HTTP/1.1" 200 27
116.235.93.2 - - [22/Nov/2021:11:09:56 +0800] "GET /xingrg/all/function/internal_message.html?_=1637550600805&CODE_STATE=getMsg HTTP/1.1" 200 27
180.174.250.202 - - [22/Nov/2021:11:09:56 +0800] "GET /xingrg/all/function/internal_message.html?_=1637550596274&CODE_STATE=getMsg HTTP/1.1" 200 27
180.162.112.229 - - [22/Nov/2021:11:09:57 +0800] "POST /xingrg/kc/buy/cgsh_list_operate.html HTTP/1.1" 200 2064
124.78.153.86 - - [22/Nov/2021:11:09:59 +0800] "GET /xingrg/all/function/internal_message.html?_=1637550600730&CODE_STATE=getMsg HTTP/1.1" 200 27
222.70.176.97 - - [22/Nov/2021:11:09:59 +0800] "GET /xingrg/all/function/internal_message.html?_=1637550598011&CODE_STATE=getMsg HTTP/1.1" 200 27
124.78.153.86 - - [22/Nov/2021:11:10:00 +0800] "GET /xingrg/all/function/internal_message.html?_=1637550598354&CODE_STATE=getMsg HTTP/1.1" 200 27
116.235.93.2 - - [22/Nov/2021:11:10:12 +0800] "GET /xingrg/check_reg.html?_=1637550726456 HTTP/1.1" 302 -
116.235.93.2 - - [22/Nov/2021:11:10:12 +0800] "GET /xingrg/all/function/internal_message.html?_=1637550726457&CODE_STATE=getMsg HTTP/1.1" 302 -
58.40.7.146 - - [22/Nov/2021:11:10:13 +0800] "GET /xingrg/all/function/internal_message.html?_=1637550612252&CODE_STATE=getMsg HTTP/1.1" 200 27
180.174.250.202 - - [22/Nov/2021:11:10:15 +0800] "GET /xingrg/all/function/internal_message.html?_=1637550608432&CODE_STATE=getMsg HTTP/1.1" 200 27
222.70.171.86 - - [22/Nov/2021:11:10:15 +0800] "GET /xingrg/kc/buy/cgsh_order_add.html HTTP/1.1" 200 64940
222.70.171.86 - - [22/Nov/2021:11:10:16 +0800] "POST /xingrg/kc/buy/cgsh_order_operate.html HTTP/1.1" 200 8245
222.70.171.86 - - [22/Nov/2021:11:10:16 +0800] "GET /xingrg/javascript/easyui/themes/default/validatebox.css HTTP/1.1" 404 1104
61.151.207.141 - - [22/Nov/2021:11:10:29 +0800] "GET /xingrg/kc/buy/cgsh_order_info.html?code=212021112209401 HTTP/1.1" 302 -
61.151.207.141 - - [22/Nov/2021:11:10:30 +0800] "GET /xingrg/login.html HTTP/1.1" 200 7641
222.70.176.97 - - [22/Nov/2021:11:10:31 +0800] "GET /xingrg/all/function/internal_message.html?_=1637550630127&CODE_STATE=getMsg HTTP/1.1" 200 27
58.40.7.146 - - [22/Nov/2021:11:10:33 +0800] "GET /xingrg/all/function/internal_message.html?_=1637550632723&CODE_STATE=getMsg HTTP/1.1" 200 27
116.227.210.113 - - [22/Nov/2021:11:10:33 +0800] "GET /xingrg/all/function/internal_message.html?_=1637550624572&CODE_STATE=getMsg HTTP/1.1" 200 27
116.227.210.113 - - [22/Nov/2021:11:10:33 +0800] "GET /xingrg/check_reg.html?_=1637550624574 HTTP/1.1" 200 22
116.238.248.233 - - [22/Nov/2021:11:10:34 +0800] "GET /xingrg/all/function/internal_message.html?_=1637550632046&CODE_STATE=getMsg HTTP/1.1" 200 27
116.238.248.233 - - [22/Nov/2021:11:10:34 +0800] "GET /xingrg/check_reg.html?_=1637550632048 HTTP/1.1" 200 22
58.35.215.131 - - [22/Nov/2021:11:10:34 +0800] "GET /xingrg/check_reg.html?_=1637550633572 HTTP/1.1" 200 22
58.35.215.131 - - [22/Nov/2021:11:10:34 +0800] "GET /xingrg/all/function/internal_message.html?_=1637550633577&CODE_STATE=getMsg HTTP/1.1" 200 27
222.70.171.86 - - [22/Nov/2021:11:10:39 +0800] "GET /xingrg/kc/buy/cgsh_order_operate.html?command=get_materiel&rest_code=00146&code=00101012003&supplier_code=00100033&order_time=2021-11-22 HTTP/1.1" 200 412
58.37.231.44 - - [22/Nov/2021:11:10:40 +0800] "GET /xingrg/check_reg.html?_=1637550465664 HTTP/1.1" 200 22
58.37.231.44 - - [22/Nov/2021:11:10:40 +0800] "GET /xingrg/all/function/internal_message.html?_=1637550465666&CODE_STATE=getMsg HTTP/1.1" 200 27
124.78.153.86 - - [22/Nov/2021:11:10:42 +0800] "GET /xingrg/kc/base/base_main.html HTTP/1.1" 200 12142
124.78.153.86 - - [22/Nov/2021:11:10:43 +0800] "GET /xingrg/kc/base/wldb_order_list.html HTTP/1.1" 200 19224
124.78.153.86 - - [22/Nov/2021:11:10:43 +0800] "POST /xingrg/kc/base/wldb_list_operate.html HTTP/1.1" 200 2558
58.39.139.200 - - [22/Nov/2021:11:10:46 +0800] "GET /xingrg/all/function/internal_message.html?_=1637550582223&CODE_STATE=getMsg HTTP/1.1" 200 27
180.162.112.229 - - [22/Nov/2021:11:10:48 +0800] "GET /xingrg/all/function/internal_message.html?_=1637550120866&CODE_STATE=getMsg HTTP/1.1" 200 27
58.39.139.200 - - [22/Nov/2021:11:10:48 +0800] "GET /xingrg/check_reg.html?_=1637550584132 HTTP/1.1" 200 22
114.85.125.222 - - [22/Nov/2021:11:10:48 +0800] "GET /xingrg/all/function/internal_message.html?_=1637550623143&CODE_STATE=getMsg HTTP/1.1" 200 27
114.86.229.7 - - [22/Nov/2021:11:10:48 +0800] "GET /xingrg/all/function/internal_message.html?_=1637550648581&CODE_STATE=getMsg HTTP/1.1" 200 27
180.169.147.146 - - [22/Nov/2021:11:10:49 +0800] "GET /xingrg/check_reg.html?_=1637550648720 HTTP/1.1" 200 22
222.70.171.86 - - [22/Nov/2021:11:10:51 +0800] "GET /xingrg/kc/buy/cgsh_order_operate.html?command=get_materiel&rest_code=00146&code=00101012051&supplier_code=00100033&order_time=2021-11-22 HTTP/1.1" 200 408
124.78.153.86 - - [22/Nov/2021:11:10:51 +0800] "GET /xingrg/kc/base/wldb_order_add.html HTTP/1.1" 200 30442
124.78.153.86 - - [22/Nov/2021:11:10:52 +0800] "POST /xingrg/kc/base/wldb_order_operate.html HTTP/1.1" 200 6806
180.157.253.6 - - [22/Nov/2021:11:10:52 +0800] "GET /xingrg/all/function/internal_message.html?_=1637550652355&CODE_STATE=getMsg HTTP/1.1" 200 27
124.78.153.86 - - [22/Nov/2021:11:10:52 +0800] "GET /xingrg/all/common/auto_word.html?type=base&rest_code=00106 HTTP/1.1" 200 1799
124.78.153.86 - - [22/Nov/2021:11:10:52 +0800] "GET /xingrg/all/common/auto_word.html?type=base&rest_code=00106 HTTP/1.1" 200 1799
124.78.153.86 - - [22/Nov/2021:11:10:52 +0800] "GET /xingrg/javascript/easyui/themes/default/validatebox.css HTTP/1.1" 404 1104
222.70.171.86 - - [22/Nov/2021:11:10:52 +0800] "GET /xingrg/all/function/internal_message.html?_=1637550656321&CODE_STATE=getMsg HTTP/1.1" 200 27
180.169.147.146 - - [22/Nov/2021:11:10:53 +0800] "GET /xingrg/all/function/internal_message.html?_=1637550652255&CODE_STATE=getMsg HTTP/1.1" 200 27
124.78.153.86 - - [22/Nov/2021:11:10:53 +0800] "POST /xingrg/all/common/load_combo.html?type=base HTTP/1.1" 200 3227
180.169.147.146 - - [22/Nov/2021:11:10:54 +0800] "GET /xingrg/all/function/internal_message.html?_=1637550648226&CODE_STATE=getMsg HTTP/1.1" 200 27
58.39.139.200 - - [22/Nov/2021:11:10:55 +0800] "POST /xingrg/kc/buy/cgsh_order_operate.html HTTP/1.1" 200 37
124.78.153.86 - - [22/Nov/2021:11:10:56 +0800] "POST /xingrg/all/common/load_combo.html?type=base HTTP/1.1" 200 3227
116.235.93.2 - - [22/Nov/2021:11:10:56 +0800] "GET /xingrg/all/function/internal_message.html?_=1637550660820&CODE_STATE=getMsg HTTP/1.1" 200 27
58.39.139.200 - - [22/Nov/2021:11:10:56 +0800] "POST /xingrg/kc/buy/cgsh_order_operate.html HTTP/1.1" 200 32232
