116.235.93.2 - - [22/Nov/2021:10:18:57 +0800] "GET /xingrg/javascript/jquery_ui/themes/humanity/images/ui-iconsnew.jpg HTTP/1.1" 304 -
116.235.93.2 - - [22/Nov/2021:10:18:57 +0800] "GET /xingrg/javascript/jquery_ui/themes/humanity/images/ui-icons_ffffff_256x240.png HTTP/1.1" 304 -
116.235.93.2 - - [22/Nov/2021:10:18:57 +0800] "GET /xingrg/javascript/jquery_ui/themes/humanity/images/ui-icons_c47a23_256x240.png HTTP/1.1" 304 -
116.235.93.2 - - [22/Nov/2021:10:18:57 +0800] "GET /xingrg/javascript/jquery_ui/themes/humanity/images/ui-bg_glass_70_ede4d4_1x400.png HTTP/1.1" 304 -
124.78.153.86 - - [22/Nov/2021:10:18:58 +0800] "GET /xingrg/all/function/internal_message.html?_=1637547536440&CODE_STATE=getMsg HTTP/1.1" 200 27
61.151.178.165 - - [22/Nov/2021:10:18:58 +0800] "GET /xingrg/all/function/internal_message.html?_=1637547476437&CODE_STATE=getMsg HTTP/1.1" 302 -
61.151.207.158 - - [22/Nov/2021:10:18:58 +0800] "GET /xingrg/check_reg.html?_=1637547476435 HTTP/1.1" 302 -
116.238.248.233 - - [22/Nov/2021:10:18:58 +0800] "POST /xingrg/dwr/call/plaincall/AjaxComOrderService.getMaterielSearchList.dwr HTTP/1.1" 200 297
116.238.248.233 - - [22/Nov/2021:10:18:59 +0800] "POST /xingrg/dwr/call/plaincall/AjaxYddbService.getMaterielByMap.dwr HTTP/1.1" 200 3771
58.39.139.200 - - [22/Nov/2021:10:19:00 +0800] "GET /xingrg/kc/buy/cgsh_order_add.html HTTP/1.1" 200 65022
61.151.178.165 - - [22/Nov/2021:10:19:00 +0800] "GET /xingrg/login.html HTTP/1.1" 200 7641
61.151.207.158 - - [22/Nov/2021:10:19:00 +0800] "GET /xingrg/login.html HTTP/1.1" 200 7641
58.39.139.200 - - [22/Nov/2021:10:19:00 +0800] "POST /xingrg/kc/buy/cgsh_order_operate.html HTTP/1.1" 200 8245
58.39.139.200 - - [22/Nov/2021:10:19:00 +0800] "GET /xingrg/javascript/easyui/themes/default/validatebox.css HTTP/1.1" 404 1104
116.235.93.2 - - [22/Nov/2021:10:19:01 +0800] "GET /xingrg/images/yd/bt.gif HTTP/1.1" 404 1040
116.235.93.2 - - [22/Nov/2021:10:19:01 +0800] "GET /xingrg/kc/buy/cgsh_order_list.html HTTP/1.1" 200 49205
116.235.93.2 - - [22/Nov/2021:10:19:01 +0800] "GET /xingrg/javascript/easyui/themes/default/easyui.css HTTP/1.1" 304 -
116.235.93.2 - - [22/Nov/2021:10:19:01 +0800] "GET /xingrg/javascript/jquery_tools/datebox.css HTTP/1.1" 304 -
116.235.93.2 - - [22/Nov/2021:10:19:01 +0800] "GET /xingrg/css/base.css HTTP/1.1" 304 -
116.235.93.2 - - [22/Nov/2021:10:19:01 +0800] "GET /xingrg/css/site.css HTTP/1.1" 304 -
116.235.93.2 - - [22/Nov/2021:10:19:01 +0800] "GET /xingrg/javascript/jquery_tools/fix.css HTTP/1.1" 304 -
116.235.93.2 - - [22/Nov/2021:10:19:01 +0800] "GET /xingrg/javascript/easyui/themes/icon.css HTTP/1.1" 304 -
116.235.93.2 - - [22/Nov/2021:10:19:01 +0800] "GET /xingrg/javascript/auto/jquery.autocomplete.css HTTP/1.1" 304 -
116.235.93.2 - - [22/Nov/2021:10:19:01 +0800] "GET /xingrg/javascript/jquery_tools/jquery.tools.min.js HTTP/1.1" 304 -
116.235.93.2 - - [22/Nov/2021:10:19:01 +0800] "GET /xingrg/javascript/jquery_tools/jquery.tools.hotkey.js HTTP/1.1" 304 -
116.235.93.2 - - [22/Nov/2021:10:19:01 +0800] "GET /xingrg/javascript/jquery_tools/list_manager.js HTTP/1.1" 304 -
116.235.93.2 - - [22/Nov/2021:10:19:01 +0800] "GET /xingrg/javascript/jquery.utils.js HTTP/1.1" 304 -
116.235.93.2 - - [22/Nov/2021:10:19:01 +0800] "GET /xingrg/javascript/easyui/easyloader.js HTTP/1.1" 304 -
116.235.93.2 - - [22/Nov/2021:10:19:01 +0800] "GET /xingrg/javascript/auto/jquery.autocomplete.js HTTP/1.1" 304 -
116.235.93.2 - - [22/Nov/2021:10:19:01 +0800] "GET /xingrg/javascript/jquery_tools/jquery.tools.extend.js HTTP/1.1" 304 -
116.235.93.2 - - [22/Nov/2021:10:19:01 +0800] "GET /xingrg/javascript/jquery_tools/jquery.tools.table.js HTTP/1.1" 304 -
116.235.93.2 - - [22/Nov/2021:10:19:01 +0800] "GET /xingrg/javascript/print/LodopFuncs.js HTTP/1.1" 304 -
116.235.93.2 - - [22/Nov/2021:10:19:01 +0800] "GET /xingrg/javascript/jquery.cookie.js HTTP/1.1" 304 -
116.235.93.2 - - [22/Nov/2021:10:19:01 +0800] "GET /xingrg/javascript/jquery_tools/table.css HTTP/1.1" 304 -
116.235.93.2 - - [22/Nov/2021:10:19:02 +0800] "GET /xingrg/javascript/easyui/themes/icons/edit_add_new.png HTTP/1.1" 304 -
116.235.93.2 - - [22/Nov/2021:10:19:02 +0800] "GET /xingrg/javascript/easyui/themes/icons/cance_new.png HTTP/1.1" 304 -
116.235.93.2 - - [22/Nov/2021:10:19:02 +0800] "GET /xingrg/javascript/easyui/themes/icons/check_new.png HTTP/1.1" 304 -
116.235.93.2 - - [22/Nov/2021:10:19:02 +0800] "GET /xingrg/javascript/easyui/themes/icons/field_new.png HTTP/1.1" 304 -
116.235.93.2 - - [22/Nov/2021:10:19:02 +0800] "GET /xingrg/javascript/easyui/themes/icons/import_new.png HTTP/1.1" 304 -
116.235.93.2 - - [22/Nov/2021:10:19:02 +0800] "GET /xingrg/javascript/easyui/plugins/jquery.parser.js HTTP/1.1" 304 -
116.235.93.2 - - [22/Nov/2021:10:19:02 +0800] "GET /xingrg/images/control/ajaxLoader.gif HTTP/1.1" 304 -
116.238.248.233 - - [22/Nov/2021:10:19:02 +0800] "GET /xingrg/images/yd/bt2.gif HTTP/1.1" 404 1042
120.253.135.82 - - [22/Nov/2021:10:19:03 +0800] "GET /xingrg/check_reg.html?_=1637547317252 HTTP/1.1" 200 22
116.235.93.2 - - [22/Nov/2021:10:19:03 +0800] "POST /xingrg/kc/buy/cgsh_list_operate.html HTTP/1.1" 200 1681
116.238.248.233 - - [22/Nov/2021:10:19:03 +0800] "POST /xingrg/dwr/call/plaincall/AjaxYddbService.saveMaterielItem.dwr HTTP/1.1" 200 78
120.253.135.82 - - [22/Nov/2021:10:19:04 +0800] "GET /xingrg/all/function/internal_message.html?_=1637547318756&CODE_STATE=getMsg HTTP/1.1" 200 27
116.235.93.2 - - [22/Nov/2021:10:19:05 +0800] "GET /xingrg/javascript/easyui/themes/default/images/button_plain_hover.png HTTP/1.1" 304 -
116.235.93.2 - - [22/Nov/2021:10:19:05 +0800] "GET /xingrg/javascript/easyui/themes/default/images/button_plain_hover.png HTTP/1.1" 304 -
116.235.93.2 - - [22/Nov/2021:10:19:05 +0800] "GET /xingrg/javascript/jquery_tools/datebox.css HTTP/1.1" 304 -
116.235.93.2 - - [22/Nov/2021:10:19:05 +0800] "GET /xingrg/css/base.css HTTP/1.1" 304 -
116.235.93.2 - - [22/Nov/2021:10:19:05 +0800] "GET /xingrg/css/site.css HTTP/1.1" 304 -
116.235.93.2 - - [22/Nov/2021:10:19:05 +0800] "GET /xingrg/javascript/easyui/themes/default/easyui.css HTTP/1.1" 304 -
116.235.93.2 - - [22/Nov/2021:10:19:05 +0800] "GET /xingrg/javascript/easyui/themes/icon.css HTTP/1.1" 304 -
116.235.93.2 - - [22/Nov/2021:10:19:05 +0800] "GET /xingrg/javascript/auto/jquery.autocomplete.css HTTP/1.1" 304 -
116.235.93.2 - - [22/Nov/2021:10:19:05 +0800] "GET /xingrg/javascript/jquery_tools/fix.css HTTP/1.1" 304 -
116.235.93.2 - - [22/Nov/2021:10:19:05 +0800] "GET /xingrg/kc/buy/cgsh_order_add.html HTTP/1.1" 200 64975
116.235.93.2 - - [22/Nov/2021:10:19:05 +0800] "GET /xingrg/javascript/pic_change.js HTTP/1.1" 304 -
116.235.93.2 - - [22/Nov/2021:10:19:05 +0800] "GET /xingrg/javascript/jquery_tools/table.css HTTP/1.1" 304 -
116.235.93.2 - - [22/Nov/2021:10:19:05 +0800] "GET /xingrg/javascript/jquery_tools/jquery.tools.hotkey.js HTTP/1.1" 304 -
116.235.93.2 - - [22/Nov/2021:10:19:05 +0800] "GET /xingrg/javascript/jquery_tools/jquery.tools.min.js HTTP/1.1" 304 -
116.235.93.2 - - [22/Nov/2021:10:19:05 +0800] "GET /xingrg/javascript/jquery_tools/jquery.tools.table.js HTTP/1.1" 304 -
116.235.93.2 - - [22/Nov/2021:10:19:05 +0800] "GET /xingrg/javascript/jquery_tools/jquery.tools.extend.js HTTP/1.1" 304 -
116.235.93.2 - - [22/Nov/2021:10:19:05 +0800] "GET /xingrg/javascript/auto/jquery.autocomplete.js HTTP/1.1" 304 -
116.235.93.2 - - [22/Nov/2021:10:19:05 +0800] "GET /xingrg/javascript/easyui/easyloader.js HTTP/1.1" 304 -
116.235.93.2 - - [22/Nov/2021:10:19:05 +0800] "GET /xingrg/javascript/jquery.utils.js HTTP/1.1" 304 -
116.235.93.2 - - [22/Nov/2021:10:19:05 +0800] "GET /xingrg/javascript/jquery_tools/order_manager.js HTTP/1.1" 304 -
116.235.93.2 - - [22/Nov/2021:10:19:05 +0800] "GET /xingrg/javascript/jquery.cookie.js HTTP/1.1" 304 -
116.235.93.2 - - [22/Nov/2021:10:19:05 +0800] "GET /xingrg/javascript/json2.js HTTP/1.1" 304 -
116.235.93.2 - - [22/Nov/2021:10:19:05 +0800] "GET /xingrg/javascript/convert.js HTTP/1.1" 304 -
116.235.93.2 - - [22/Nov/2021:10:19:05 +0800] "GET /xingrg/javascript/print/kc_print.js HTTP/1.1" 304 -
116.235.93.2 - - [22/Nov/2021:10:19:05 +0800] "GET /xingrg/javascript/print/LodopFuncs.js HTTP/1.1" 304 -
116.235.93.2 - - [22/Nov/2021:10:19:05 +0800] "GET /xingrg/words/20211119163412_words.js HTTP/1.1" 304 -
116.235.93.2 - - [22/Nov/2021:10:19:06 +0800] "GET /xingrg/javascript/easyui/themes/icons/copy_new.png HTTP/1.1" 304 -
116.235.93.2 - - [22/Nov/2021:10:19:06 +0800] "GET /xingrg/javascript/easyui/themes/icons/template_new.png HTTP/1.1" 304 -
116.235.93.2 - - [22/Nov/2021:10:19:06 +0800] "GET /xingrg/javascript/easyui/themes/icons/ok.png HTTP/1.1" 304 -
116.235.93.2 - - [22/Nov/2021:10:19:06 +0800] "GET /xingrg/javascript/easyui/themes/icons/print.png HTTP/1.1" 304 -
116.235.93.2 - - [22/Nov/2021:10:19:06 +0800] "GET /xingrg/javascript/easyui/themes/default/images/menu_downarrow.png HTTP/1.1" 304 -
116.235.93.2 - - [22/Nov/2021:10:19:06 +0800] "GET /xingrg/javascript/easyui/themes/icons/cancel.png HTTP/1.1" 304 -
116.235.93.2 - - [22/Nov/2021:10:19:06 +0800] "GET /xingrg/javascript/easyui/plugins/jquery.parser.js HTTP/1.1" 304 -
116.235.93.2 - - [22/Nov/2021:10:19:06 +0800] "POST /xingrg/kc/buy/cgsh_order_operate.html HTTP/1.1" 200 8245
116.238.248.233 - - [22/Nov/2021:10:19:06 +0800] "POST /xingrg/dwr/call/plaincall/AjaxComOrderService.getMaterielSearchList.dwr HTTP/1.1" 200 26276
116.235.93.2 - - [22/Nov/2021:10:19:06 +0800] "GET /xingrg/javascript/easyui/themes/icons/edit_remove.png HTTP/1.1" 304 -
116.235.93.2 - - [22/Nov/2021:10:19:06 +0800] "GET /xingrg/all/common/auto_word.html?type=employee&rest_code=00104 HTTP/1.1" 200 195
116.235.93.2 - - [22/Nov/2021:10:19:06 +0800] "GET /xingrg/all/common/auto_word.html?type=employee&rest_code=00104 HTTP/1.1" 200 195
116.235.93.2 - - [22/Nov/2021:10:19:06 +0800] "GET /xingrg/javascript/easyui/themes/default/validatebox.css HTTP/1.1" 404 1104
116.235.93.2 - - [22/Nov/2021:10:19:06 +0800] "GET /xingrg/javascript/easyui/plugins/jquery.validatebox.js HTTP/1.1" 304 -
116.235.93.2 - - [22/Nov/2021:10:19:06 +0800] "GET /xingrg/javascript/easyui/plugins/jquery.numberbox.js HTTP/1.1" 304 -
116.238.248.233 - - [22/Nov/2021:10:19:07 +0800] "POST /xingrg/dwr/call/plaincall/AjaxComOrderService.getMaterielSearchList.dwr HTTP/1.1" 200 1508
116.238.248.233 - - [22/Nov/2021:10:19:11 +0800] "POST /xingrg/dwr/call/plaincall/AjaxYddbService.getMaterielByMap.dwr HTTP/1.1" 200 3755
116.235.93.2 - - [22/Nov/2021:10:19:12 +0800] "GET /xingrg/all/function/internal_message.html?_=1637547666381&CODE_STATE=getMsg HTTP/1.1" 302 -
116.235.93.2 - - [22/Nov/2021:10:19:12 +0800] "GET /xingrg/javascript/easyui/plugins/jquery.draggable.js HTTP/1.1" 304 -
116.235.93.2 - - [22/Nov/2021:10:19:12 +0800] "GET /xingrg/css/images/panel_loading.gif HTTP/1.1" 304 -
116.235.93.2 - - [22/Nov/2021:10:19:12 +0800] "GET /xingrg/javascript/easyui/plugins/jquery.droppable.js HTTP/1.1" 304 -
116.235.93.2 - - [22/Nov/2021:10:19:12 +0800] "GET /xingrg/javascript/easyui/themes/default/tree.css HTTP/1.1" 404 1090
116.235.93.2 - - [22/Nov/2021:10:19:12 +0800] "GET /xingrg/javascript/easyui/plugins/jquery.tree.js HTTP/1.1" 304 -
116.235.93.2 - - [22/Nov/2021:10:19:12 +0800] "POST /xingrg/all/common/load_tree.html?tree=supplier_tree_json&isDelete=1 HTTP/1.1" 200 60674
116.238.248.233 - - [22/Nov/2021:10:19:14 +0800] "POST /xingrg/dwr/call/plaincall/AjaxYddbService.saveMaterielItem.dwr HTTP/1.1" 200 78
101.89.19.197 - - [22/Nov/2021:10:19:14 +0800] "GET /xingrg/kc/buy/cgsh_order_list.html HTTP/1.1" 302 -
101.89.19.197 - - [22/Nov/2021:10:19:14 +0800] "GET /xingrg/login.html HTTP/1.1" 200 7641
116.235.93.2 - - [22/Nov/2021:10:19:14 +0800] "GET /xingrg/javascript/easyui/themes/default/images/tree_arrows.gif HTTP/1.1" 304 -
116.235.93.2 - - [22/Nov/2021:10:19:15 +0800] "GET /xingrg/javascript/easyui/themes/default/images/tree_folder_open.gif HTTP/1.1" 304 -
116.235.93.2 - - [22/Nov/2021:10:19:15 +0800] "GET /xingrg/javascript/easyui/themes/default/images/tree_folder.gif HTTP/1.1" 304 -
116.235.93.2 - - [22/Nov/2021:10:19:15 +0800] "GET /xingrg/javascript/easyui/themes/default/images/tree_file.gif HTTP/1.1" 304 -
180.171.130.157 - - [22/Nov/2021:10:19:15 +0800] "POST /xingrg/services/DataTransmitService HTTP/1.1" 200 45454
180.171.130.157 - - [22/Nov/2021:10:19:15 +0800] "POST /xingrg/services/DataTransmitService HTTP/1.1" 200 19237
116.238.248.233 - - [22/Nov/2021:10:19:21 +0800] "POST /xingrg/dwr/call/plaincall/AjaxComOrderService.getMaterielSearchList.dwr HTTP/1.1" 200 1037
116.235.93.2 - - [22/Nov/2021:10:19:23 +0800] "GET /xingrg/javascript/auto/indicator.gif HTTP/1.1" 404 1066
58.221.95.50 - - [22/Nov/2021:10:19:23 +0800] "GET /xingrg/check_reg.html?_=1637547564565 HTTP/1.1" 302 -
116.238.248.233 - - [22/Nov/2021:10:19:23 +0800] "POST /xingrg/dwr/call/plaincall/AjaxYddbService.getMaterielByMap.dwr HTTP/1.1" 200 3778
116.238.248.233 - - [22/Nov/2021:10:19:24 +0800] "POST /xingrg/dwr/call/plaincall/AjaxYddbService.saveMaterielItem.dwr HTTP/1.1" 200 79
58.40.7.146 - - [22/Nov/2021:10:19:33 +0800] "GET /xingrg/all/function/internal_message.html?_=1637547572703&CODE_STATE=getMsg HTTP/1.1" 200 27
116.227.210.113 - - [22/Nov/2021:10:19:33 +0800] "GET /xingrg/all/function/internal_message.html?_=1637547564576&CODE_STATE=getMsg HTTP/1.1" 200 27
116.235.93.2 - - [22/Nov/2021:10:19:36 +0800] "GET /xingrg/kc/buy/cgsh_order_operate.html?command=get_materiel&rest_code=00104&code=00101006133&supplier_code=00100012&order_time=2021-11-22 HTTP/1.1" 200 413
116.238.248.233 - - [22/Nov/2021:10:19:37 +0800] "POST /xingrg/dwr/call/plaincall/AjaxComOrderService.getMaterielSearchList.dwr HTTP/1.1" 200 8321
222.70.176.97 - - [22/Nov/2021:10:19:38 +0800] "GET /xingrg/all/function/internal_message.html?_=1637547577005&CODE_STATE=getMsg HTTP/1.1" 200 27
116.238.248.233 - - [22/Nov/2021:10:19:38 +0800] "POST /xingrg/dwr/call/plaincall/AjaxComOrderService.getMaterielSearchList.dwr HTTP/1.1" 200 204
58.40.7.146 - - [22/Nov/2021:10:19:38 +0800] "GET /xingrg/all/function/internal_message.html?_=1637547577824&CODE_STATE=getMsg HTTP/1.1" 200 27
58.37.231.44 - - [22/Nov/2021:10:19:40 +0800] "GET /xingrg/all/function/internal_message.html?_=1637547405561&CODE_STATE=getMsg HTTP/1.1" 200 27
116.238.248.233 - - [22/Nov/2021:10:19:41 +0800] "GET /xingrg/all/function/internal_message.html?_=1637547579402&CODE_STATE=getMsg HTTP/1.1" 200 27
116.238.248.233 - - [22/Nov/2021:10:19:41 +0800] "POST /xingrg/dwr/call/plaincall/AjaxComOrderService.getMaterielSearchList.dwr HTTP/1.1" 200 8321
222.70.171.86 - - [22/Nov/2021:10:19:44 +0800] "GET /xingrg/all/function/internal_message.html?_=1637547587891&CODE_STATE=getMsg HTTP/1.1" 200 27
58.39.139.200 - - [22/Nov/2021:10:19:44 +0800] "GET /xingrg/kc/buy/cgsh_order_operate.html?command=get_materiel&rest_code=00105&code=00101012025&supplier_code=00100034&order_time=2021-11-22 HTTP/1.1" 200 412
116.238.248.233 - - [22/Nov/2021:10:19:45 +0800] "POST /xingrg/dwr/call/plaincall/AjaxComOrderService.getMaterielSearchList.dwr HTTP/1.1" 200 19727
116.238.248.233 - - [22/Nov/2021:10:19:46 +0800] "POST /xingrg/dwr/call/plaincall/AjaxComOrderService.getMaterielSearchList.dwr HTTP/1.1" 200 739
58.39.139.200 - - [22/Nov/2021:10:19:47 +0800] "GET /xingrg/all/function/internal_message.html?_=1637547523156&CODE_STATE=getMsg HTTP/1.1" 200 27
114.85.125.222 - - [22/Nov/2021:10:19:47 +0800] "GET /xingrg/check_reg.html?_=1637547562321 HTTP/1.1" 200 22
114.85.125.222 - - [22/Nov/2021:10:19:48 +0800] "GET /xingrg/all/function/internal_message.html?_=1637547562434&CODE_STATE=getMsg HTTP/1.1" 200 27
116.238.248.233 - - [22/Nov/2021:10:19:48 +0800] "POST /xingrg/dwr/call/plaincall/AjaxYddbService.getMaterielByMap.dwr HTTP/1.1" 200 3797
114.86.229.7 - - [22/Nov/2021:10:19:48 +0800] "GET /xingrg/all/function/internal_message.html?_=1637547588447&CODE_STATE=getMsg HTTP/1.1" 200 27
116.235.93.2 - - [22/Nov/2021:10:19:52 +0800] "GET /xingrg/all/function/internal_message.html?_=1637547596617&CODE_STATE=getMsg HTTP/1.1" 200 27
180.157.253.6 - - [22/Nov/2021:10:19:52 +0800] "GET /xingrg/all/function/internal_message.html?_=1637547592224&CODE_STATE=getMsg HTTP/1.1" 200 27
180.169.147.146 - - [22/Nov/2021:10:19:53 +0800] "GET /xingrg/all/function/internal_message.html?_=1637547592856&CODE_STATE=getMsg HTTP/1.1" 200 27
180.174.250.202 - - [22/Nov/2021:10:19:55 +0800] "GET /xingrg/all/function/internal_message.html?_=1637547588003&CODE_STATE=getMsg HTTP/1.1" 200 27
180.169.147.146 - - [22/Nov/2021:10:19:55 +0800] "GET /xingrg/all/function/internal_message.html?_=1637547588817&CODE_STATE=getMsg HTTP/1.1" 200 27
116.235.93.2 - - [22/Nov/2021:10:19:56 +0800] "GET /xingrg/kc/buy/cgsh_order_operate.html?command=get_materiel&rest_code=00104&code=00101006019&supplier_code=00100012&order_time=2021-11-22 HTTP/1.1" 200 416
180.174.250.202 - - [22/Nov/2021:10:19:57 +0800] "GET /xingrg/all/function/internal_message.html?_=1637547596224&CODE_STATE=getMsg HTTP/1.1" 200 27
124.78.153.86 - - [22/Nov/2021:10:19:58 +0800] "GET /xingrg/all/function/internal_message.html?_=1637547596438&CODE_STATE=getMsg HTTP/1.1" 200 27
58.39.139.200 - - [22/Nov/2021:10:20:01 +0800] "GET /xingrg/kc/buy/cgsh_order_operate.html?command=get_materiel&rest_code=00105&code=00101012051&supplier_code=00100034&order_time=2021-11-22 HTTP/1.1" 200 408
114.86.229.7 - - [22/Nov/2021:10:20:02 +0800] "GET /favicon.ico HTTP/1.1" 404 -
120.253.135.82 - - [22/Nov/2021:10:20:05 +0800] "GET /xingrg/all/function/internal_message.html?_=1637547378770&CODE_STATE=getMsg HTTP/1.1" 200 27
116.235.93.2 - - [22/Nov/2021:10:20:11 +0800] "GET /xingrg/kc/buy/cgsh_order_operate.html?command=get_materiel&rest_code=00104&code=00101006068&supplier_code=00100012&order_time=2021-11-22 HTTP/1.1" 200 409
116.235.93.2 - - [22/Nov/2021:10:20:12 +0800] "GET /xingrg/check_reg.html?_=1637547726379 HTTP/1.1" 302 -
116.235.93.2 - - [22/Nov/2021:10:20:12 +0800] "GET /xingrg/all/function/internal_message.html?_=1637547726381&CODE_STATE=getMsg HTTP/1.1" 302 -
180.174.250.202 - - [22/Nov/2021:10:20:12 +0800] "POST /xingrg/services/DataTransmitService HTTP/1.1" 200 524
58.39.139.200 - - [22/Nov/2021:10:20:17 +0800] "POST /xingrg/kc/buy/cgsh_order_operate.html HTTP/1.1" 200 37
58.39.139.200 - - [22/Nov/2021:10:20:19 +0800] "POST /xingrg/kc/buy/cgsh_order_operate.html HTTP/1.1" 200 3240
58.39.139.200 - - [22/Nov/2021:10:20:23 +0800] "GET /xingrg/kc/print/load_data.html?order_code=212021112209371&kc_code=cgsh&condition= HTTP/1.1" 200 931
116.235.93.2 - - [22/Nov/2021:10:20:24 +0800] "GET /xingrg/kc/buy/cgsh_order_operate.html?command=get_materiel&rest_code=00104&code=00101006062&supplier_code=00100012&order_time=2021-11-22 HTTP/1.1" 200 409
58.40.7.146 - - [22/Nov/2021:10:20:33 +0800] "GET /xingrg/all/function/internal_message.html?_=1637547632705&CODE_STATE=getMsg HTTP/1.1" 200 27
116.227.210.113 - - [22/Nov/2021:10:20:33 +0800] "GET /xingrg/check_reg.html?_=1637547624592 HTTP/1.1" 200 22
116.227.210.113 - - [22/Nov/2021:10:20:33 +0800] "GET /xingrg/all/function/internal_message.html?_=1637547624596&CODE_STATE=getMsg HTTP/1.1" 200 27
222.70.176.97 - - [22/Nov/2021:10:20:38 +0800] "GET /xingrg/all/function/internal_message.html?_=1637547636989&CODE_STATE=getMsg HTTP/1.1" 200 27
58.40.7.146 - - [22/Nov/2021:10:20:38 +0800] "GET /xingrg/all/function/internal_message.html?_=1637547637827&CODE_STATE=getMsg HTTP/1.1" 200 27
58.37.231.44 - - [22/Nov/2021:10:20:40 +0800] "GET /xingrg/all/function/internal_message.html?_=1637547465560&CODE_STATE=getMsg HTTP/1.1" 200 27
58.37.231.44 - - [22/Nov/2021:10:20:40 +0800] "GET /xingrg/check_reg.html?_=1637547465561 HTTP/1.1" 200 22
116.238.248.233 - - [22/Nov/2021:10:20:41 +0800] "GET /xingrg/all/function/internal_message.html?_=1637547639415&CODE_STATE=getMsg HTTP/1.1" 200 27
222.70.171.86 - - [22/Nov/2021:10:20:44 +0800] "GET /xingrg/all/function/internal_message.html?_=1637547647897&CODE_STATE=getMsg HTTP/1.1" 200 27
116.235.93.2 - - [22/Nov/2021:10:20:46 +0800] "GET /xingrg/kc/buy/cgsh_order_operate.html?command=get_materiel&rest_code=00104&code=00101006106&supplier_code=00100012&order_time=2021-11-22 HTTP/1.1" 200 420
58.39.139.200 - - [22/Nov/2021:10:20:47 +0800] "GET /xingrg/all/function/internal_message.html?_=1637547583132&CODE_STATE=getMsg HTTP/1.1" 200 27
114.85.125.222 - - [22/Nov/2021:10:20:48 +0800] "GET /xingrg/all/function/internal_message.html?_=1637547622447&CODE_STATE=getMsg HTTP/1.1" 200 27
58.39.139.200 - - [22/Nov/2021:10:20:48 +0800] "GET /xingrg/check_reg.html?_=1637547584289 HTTP/1.1" 200 22
114.86.229.7 - - [22/Nov/2021:10:20:48 +0800] "GET /xingrg/all/function/internal_message.html?_=1637547648448&CODE_STATE=getMsg HTTP/1.1" 200 27
180.169.147.146 - - [22/Nov/2021:10:20:49 +0800] "GET /xingrg/check_reg.html?_=1637547648671 HTTP/1.1" 200 22
116.235.93.2 - - [22/Nov/2021:10:20:52 +0800] "GET /xingrg/all/function/internal_message.html?_=1637547656630&CODE_STATE=getMsg HTTP/1.1" 200 27
180.157.253.6 - - [22/Nov/2021:10:20:52 +0800] "GET /xingrg/all/function/internal_message.html?_=1637547652224&CODE_STATE=getMsg HTTP/1.1" 200 27
180.169.147.146 - - [22/Nov/2021:10:20:53 +0800] "GET /xingrg/all/function/internal_message.html?_=1637547652835&CODE_STATE=getMsg HTTP/1.1" 200 27
180.174.250.202 - - [22/Nov/2021:10:20:54 +0800] "GET /xingrg/javascript/easyui/plugins/jquery.draggable.js HTTP/1.1" 200 6121
180.174.250.202 - - [22/Nov/2021:10:20:54 +0800] "GET /xingrg/css/images/panel_loading.gif HTTP/1.1" 200 1737
180.174.250.202 - - [22/Nov/2021:10:20:54 +0800] "GET /xingrg/javascript/easyui/plugins/jquery.droppable.js HTTP/1.1" 200 1167
180.174.250.202 - - [22/Nov/2021:10:20:54 +0800] "GET /xingrg/javascript/easyui/themes/default/tree.css HTTP/1.1" 404 1090
180.174.250.202 - - [22/Nov/2021:10:20:54 +0800] "GET /xingrg/javascript/easyui/plugins/jquery.tree.js HTTP/1.1" 200 20874
180.174.250.202 - - [22/Nov/2021:10:20:54 +0800] "POST /xingrg/all/common/load_tree.html?tree=supplier_tree_json&isDelete=1 HTTP/1.1" 200 60674
180.169.147.146 - - [22/Nov/2021:10:20:55 +0800] "GET /xingrg/all/function/internal_message.html?_=1637547648816&CODE_STATE=getMsg HTTP/1.1" 200 27
180.174.250.202 - - [22/Nov/2021:10:20:56 +0800] "GET /xingrg/javascript/easyui/themes/default/images/tree_arrows.gif HTTP/1.1" 200 617
180.174.250.202 - - [22/Nov/2021:10:20:56 +0800] "GET /xingrg/javascript/easyui/themes/default/images/tree_folder_open.gif HTTP/1.1" 200 956
180.174.250.202 - - [22/Nov/2021:10:20:56 +0800] "GET /xingrg/javascript/easyui/themes/default/images/tree_folder.gif HTTP/1.1" 200 952
180.174.250.202 - - [22/Nov/2021:10:20:56 +0800] "GET /xingrg/javascript/easyui/themes/default/images/tree_file.gif HTTP/1.1" 200 118
180.174.250.202 - - [22/Nov/2021:10:20:57 +0800] "GET /xingrg/all/function/internal_message.html?_=1637547656226&CODE_STATE=getMsg HTTP/1.1" 200 27
180.174.250.202 - - [22/Nov/2021:10:20:57 +0800] "GET /xingrg/all/function/internal_message.html?_=1637547649958&CODE_STATE=getMsg HTTP/1.1" 200 27
61.151.178.163 - - [22/Nov/2021:10:20:57 +0800] "GET /xingrg/all/function/internal_message.html?_=1637547596438&CODE_STATE=getMsg HTTP/1.1" 302 -
124.78.153.86 - - [22/Nov/2021:10:20:58 +0800] "GET /xingrg/all/function/internal_message.html?_=1637547656440&CODE_STATE=getMsg HTTP/1.1" 200 27
61.151.178.163 - - [22/Nov/2021:10:20:58 +0800] "GET /xingrg/login.html HTTP/1.1" 200 7641
120.253.135.82 - - [22/Nov/2021:10:21:05 +0800] "GET /xingrg/all/function/internal_message.html?_=1637547438782&CODE_STATE=getMsg HTTP/1.1" 200 27
180.174.250.202 - - [22/Nov/2021:10:21:05 +0800] "GET /xingrg/check_reg.html?_=1637547658334 HTTP/1.1" 200 22
124.78.153.86 - - [22/Nov/2021:10:21:08 +0800] "GET /xingrg/kc/buy/cgsh_order_add.html HTTP/1.1" 200 64981
124.78.153.86 - - [22/Nov/2021:10:21:09 +0800] "GET /xingrg/javascript/easyui/themes/default/validatebox.css HTTP/1.1" 404 1104
124.78.153.86 - - [22/Nov/2021:10:21:09 +0800] "POST /xingrg/kc/buy/cgsh_order_operate.html HTTP/1.1" 200 8245
124.78.153.86 - - [22/Nov/2021:10:21:10 +0800] "GET /xingrg/javascript/easyui/themes/default/tree.css HTTP/1.1" 404 1090
124.78.153.86 - - [22/Nov/2021:10:21:10 +0800] "POST /xingrg/all/common/load_tree.html?tree=supplier_tree_json&isDelete=1 HTTP/1.1" 200 60674
116.235.93.2 - - [22/Nov/2021:10:21:12 +0800] "GET /xingrg/all/function/internal_message.html?_=1637547786378&CODE_STATE=getMsg HTTP/1.1" 302 -
116.238.248.233 - - [22/Nov/2021:10:21:13 +0800] "POST /xingrg/dwr/call/plaincall/AjaxYddbService.saveMaterielItem.dwr HTTP/1.1" 200 79
180.174.250.202 - - [22/Nov/2021:10:21:15 +0800] "GET /xingrg/kc/buy/cgsh_order_operate.html?command=get_materiel&rest_code=00102&code=00101015042&supplier_code=00100054&order_time=2021-11-22 HTTP/1.1" 200 408
116.238.248.233 - - [22/Nov/2021:10:21:19 +0800] "POST /xingrg/dwr/call/plaincall/AjaxComOrderService.getMaterielSearchList.dwr HTTP/1.1" 200 29661
116.238.248.233 - - [22/Nov/2021:10:21:19 +0800] "POST /xingrg/dwr/call/plaincall/AjaxComOrderService.getMaterielSearchList.dwr HTTP/1.1" 200 1820
116.238.248.233 - - [22/Nov/2021:10:21:21 +0800] "POST /xingrg/dwr/call/plaincall/AjaxYddbService.getMaterielByMap.dwr HTTP/1.1" 200 3777
116.238.248.233 - - [22/Nov/2021:10:21:25 +0800] "POST /xingrg/dwr/call/plaincall/AjaxYddbService.saveMaterielItem.dwr HTTP/1.1" 200 79
116.238.248.233 - - [22/Nov/2021:10:21:28 +0800] "POST /xingrg/dwr/call/plaincall/AjaxComOrderService.getMaterielSearchList.dwr HTTP/1.1" 200 12759
116.238.248.233 - - [22/Nov/2021:10:21:28 +0800] "POST /xingrg/dwr/call/plaincall/AjaxComOrderService.getMaterielSearchList.dwr HTTP/1.1" 200 1150
124.78.153.86 - - [22/Nov/2021:10:21:30 +0800] "GET /xingrg/javascript/auto/indicator.gif HTTP/1.1" 404 1066
116.238.248.233 - - [22/Nov/2021:10:21:30 +0800] "POST /xingrg/dwr/call/plaincall/AjaxYddbService.getMaterielByMap.dwr HTTP/1.1" 200 3783
180.174.250.202 - - [22/Nov/2021:10:21:31 +0800] "GET /xingrg/kc/buy/cgsh_order_operate.html?command=get_materiel&rest_code=00102&code=00101015040&supplier_code=00100054&order_time=2021-11-22 HTTP/1.1" 200 408
116.238.248.233 - - [22/Nov/2021:10:21:32 +0800] "POST /xingrg/dwr/call/plaincall/AjaxYddbService.saveMaterielItem.dwr HTTP/1.1" 200 79
124.78.153.86 - - [22/Nov/2021:10:21:32 +0800] "GET /xingrg/kc/buy/cgsh_order_operate.html?command=get_materiel&rest_code=00106&code=00101008155&supplier_code=00100007&order_time=2021-11-22 HTTP/1.1" 200 408
58.40.7.146 - - [22/Nov/2021:10:21:33 +0800] "GET /xingrg/all/function/internal_message.html?_=1637547692705&CODE_STATE=getMsg HTTP/1.1" 200 27
116.227.210.113 - - [22/Nov/2021:10:21:33 +0800] "GET /xingrg/all/function/internal_message.html?_=1637547684588&CODE_STATE=getMsg HTTP/1.1" 200 27
116.238.248.233 - - [22/Nov/2021:10:21:35 +0800] "POST /xingrg/dwr/call/plaincall/AjaxComOrderService.getMaterielSearchList.dwr HTTP/1.1" 200 31239
116.238.248.233 - - [22/Nov/2021:10:21:35 +0800] "POST /xingrg/dwr/call/plaincall/AjaxComOrderService.getMaterielSearchList.dwr HTTP/1.1" 200 3146
116.238.248.233 - - [22/Nov/2021:10:21:37 +0800] "POST /xingrg/dwr/call/plaincall/AjaxYddbService.getMaterielByMap.dwr HTTP/1.1" 200 3769
222.70.176.97 - - [22/Nov/2021:10:21:38 +0800] "GET /xingrg/check_reg.html?_=1637547696987 HTTP/1.1" 200 22
222.70.176.97 - - [22/Nov/2021:10:21:38 +0800] "GET /xingrg/all/function/internal_message.html?_=1637547696990&CODE_STATE=getMsg HTTP/1.1" 200 27
58.40.7.146 - - [22/Nov/2021:10:21:38 +0800] "GET /xingrg/all/function/internal_message.html?_=1637547697830&CODE_STATE=getMsg HTTP/1.1" 200 27
116.238.248.233 - - [22/Nov/2021:10:21:39 +0800] "POST /xingrg/dwr/call/plaincall/AjaxYddbService.getUnitPrice.dwr HTTP/1.1" 200 86
58.37.231.44 - - [22/Nov/2021:10:21:40 +0800] "GET /xingrg/all/function/internal_message.html?_=1637547525561&CODE_STATE=getMsg HTTP/1.1" 200 27
116.238.248.233 - - [22/Nov/2021:10:21:41 +0800] "GET /xingrg/all/function/internal_message.html?_=1637547699419&CODE_STATE=getMsg HTTP/1.1" 200 27
124.78.153.86 - - [22/Nov/2021:10:21:41 +0800] "GET /xingrg/kc/buy/cgsh_order_operate.html?command=get_materiel&rest_code=00106&code=00101008149&supplier_code=00100007&order_time=2021-11-22 HTTP/1.1" 200 410
116.238.248.233 - - [22/Nov/2021:10:21:42 +0800] "POST /xingrg/dwr/call/plaincall/AjaxYddbService.saveMaterielItem.dwr HTTP/1.1" 200 79
222.70.171.86 - - [22/Nov/2021:10:21:44 +0800] "GET /xingrg/all/function/internal_message.html?_=1637547707921&CODE_STATE=getMsg HTTP/1.1" 200 27
58.39.139.200 - - [22/Nov/2021:10:21:47 +0800] "GET /xingrg/all/function/internal_message.html?_=1637547643106&CODE_STATE=getMsg HTTP/1.1" 200 27
114.85.125.222 - - [22/Nov/2021:10:21:48 +0800] "GET /xingrg/all/function/internal_message.html?_=1637547682461&CODE_STATE=getMsg HTTP/1.1" 200 27
114.86.229.7 - - [22/Nov/2021:10:21:48 +0800] "GET /xingrg/all/function/internal_message.html?_=1637547708452&CODE_STATE=getMsg HTTP/1.1" 200 27
124.78.153.86 - - [22/Nov/2021:10:21:50 +0800] "GET /xingrg/kc/buy/cgsh_order_operate.html?command=get_materiel&rest_code=00106&code=00101008141&supplier_code=00100007&order_time=2021-11-22 HTTP/1.1" 200 412
180.171.130.157 - - [22/Nov/2021:10:21:51 +0800] "POST /xingrg/services/DataTransmitService HTTP/1.1" 401 565
180.171.130.157 - - [22/Nov/2021:10:21:51 +0800] "POST /xingrg/services/DataTransmitService HTTP/1.1" 200 478
180.171.130.157 - - [22/Nov/2021:10:21:51 +0800] "POST /xingrg/services/DataTransmitService HTTP/1.1" 200 1320
180.171.130.157 - - [22/Nov/2021:10:21:51 +0800] "POST /xingrg/services/DataTransmitService HTTP/1.1" 200 478
180.171.130.157 - - [22/Nov/2021:10:21:51 +0800] "POST /xingrg/services/DataTransmitService HTTP/1.1" 200 1320
180.171.130.157 - - [22/Nov/2021:10:21:51 +0800] "POST /xingrg/services/DataTransmitService HTTP/1.1" 200 524
180.171.130.157 - - [22/Nov/2021:10:21:52 +0800] "POST /xingrg/services/DataTransmitService HTTP/1.1" 200 2075
116.235.93.2 - - [22/Nov/2021:10:21:52 +0800] "GET /xingrg/all/function/internal_message.html?_=1637547716643&CODE_STATE=getMsg HTTP/1.1" 200 27
180.171.130.157 - - [22/Nov/2021:10:21:52 +0800] "POST /xingrg/services/DataTransmitService HTTP/1.1" 200 45454
180.157.253.6 - - [22/Nov/2021:10:21:52 +0800] "GET /xingrg/all/function/internal_message.html?_=1637547712225&CODE_STATE=getMsg HTTP/1.1" 200 27
180.171.130.157 - - [22/Nov/2021:10:21:52 +0800] "POST /xingrg/services/DataTransmitService HTTP/1.1" 200 19237
180.169.147.146 - - [22/Nov/2021:10:21:53 +0800] "GET /xingrg/all/function/internal_message.html?_=1637547712827&CODE_STATE=getMsg HTTP/1.1" 200 27
180.169.147.146 - - [22/Nov/2021:10:21:55 +0800] "GET /xingrg/check_reg.html?_=1637547708816 HTTP/1.1" 200 22
180.169.147.146 - - [22/Nov/2021:10:21:55 +0800] "GET /xingrg/all/function/internal_message.html?_=1637547708814&CODE_STATE=getMsg HTTP/1.1" 200 27
180.174.250.202 - - [22/Nov/2021:10:21:57 +0800] "GET /xingrg/all/function/internal_message.html?_=1637547716228&CODE_STATE=getMsg HTTP/1.1" 200 27
116.238.248.233 - - [22/Nov/2021:10:21:57 +0800] "POST /xingrg/dwr/call/plaincall/AjaxYddbService.checkOrder.dwr HTTP/1.1" 200 79
124.78.153.86 - - [22/Nov/2021:10:21:58 +0800] "GET /xingrg/all/function/internal_message.html?_=1637547716461&CODE_STATE=getMsg HTTP/1.1" 200 27
116.238.248.233 - - [22/Nov/2021:10:21:58 +0800] "GET /xingrg/kc/base/yddb_order_info.html?code=482021112200119 HTTP/1.1" 200 29465
116.238.248.233 - - [22/Nov/2021:10:21:58 +0800] "GET /xingrg/dwr/interface/AjaxYddbService.js HTTP/1.1" 200 13201
116.238.248.233 - - [22/Nov/2021:10:21:58 +0800] "GET /xingrg/dwr/interface/AjaxComOrderService.js HTTP/1.1" 200 18264
116.238.248.233 - - [22/Nov/2021:10:21:58 +0800] "GET /xingrg/dwr/engine.js HTTP/1.1" 200 43631
116.238.248.233 - - [22/Nov/2021:10:21:58 +0800] "POST /xingrg/dwr/call/plaincall/AjaxYddbService.loadMaterielItems.dwr HTTP/1.1" 200 2637
180.174.250.202 - - [22/Nov/2021:10:21:59 +0800] "POST /xingrg/kc/buy/cgsh_order_operate.html HTTP/1.1" 200 37
124.78.153.86 - - [22/Nov/2021:10:22:00 +0800] "GET /xingrg/kc/buy/cgsh_order_operate.html?command=get_materiel&rest_code=00106&code=00101008361&supplier_code=00100007&order_time=2021-11-22 HTTP/1.1" 200 408
180.174.250.202 - - [22/Nov/2021:10:22:02 +0800] "POST /xingrg/kc/buy/cgsh_order_operate.html HTTP/1.1" 200 12
120.253.135.82 - - [22/Nov/2021:10:22:05 +0800] "GET /xingrg/all/function/internal_message.html?_=1637547499017&CODE_STATE=getMsg HTTP/1.1" 200 27
180.174.250.202 - - [22/Nov/2021:10:22:06 +0800] "GET /xingrg/kc/buy/cgsh_order_info.html?code=212021112209372 HTTP/1.1" 200 59839
180.174.250.202 - - [22/Nov/2021:10:22:07 +0800] "GET /xingrg/all/function/internal_message.html?_=1637547720072&CODE_STATE=getMsg HTTP/1.1" 200 27
180.174.250.202 - - [22/Nov/2021:10:22:07 +0800] "GET /xingrg/javascript/easyui/themes/default/validatebox.css HTTP/1.1" 404 1104
180.174.250.202 - - [22/Nov/2021:10:22:07 +0800] "POST /xingrg/kc/buy/cgsh_order_operate.html HTTP/1.1" 200 1188
124.78.153.86 - - [22/Nov/2021:10:22:08 +0800] "GET /xingrg/kc/buy/cgsh_order_operate.html?command=get_materiel&rest_code=00106&code=00101008264&supplier_code=00100007&order_time=2021-11-22 HTTP/1.1" 200 412
180.174.250.202 - - [22/Nov/2021:10:22:09 +0800] "GET /xingrg/kc/print/load_data.html?order_code=212021112209372&kc_code=cgsh&condition= HTTP/1.1" 200 894
180.171.130.157 - - [22/Nov/2021:10:22:11 +0800] "POST /xingrg/services/DataTransmitService HTTP/1.1" 200 524
116.235.93.2 - - [22/Nov/2021:10:22:12 +0800] "GET /xingrg/all/function/internal_message.html?_=1637547846376&CODE_STATE=getMsg HTTP/1.1" 302 -
180.171.130.157 - - [22/Nov/2021:10:22:15 +0800] "POST /xingrg/services/DataTransmitService HTTP/1.1" 200 501
180.174.250.202 - - [22/Nov/2021:10:22:16 +0800] "GET /xingrg/kc/buy/cgsh_order_add.html HTTP/1.1" 200 64934
180.174.250.202 - - [22/Nov/2021:10:22:17 +0800] "POST /xingrg/kc/buy/cgsh_order_operate.html HTTP/1.1" 200 8245
180.174.250.202 - - [22/Nov/2021:10:22:17 +0800] "GET /xingrg/javascript/easyui/themes/default/validatebox.css HTTP/1.1" 404 1104
124.78.153.86 - - [22/Nov/2021:10:22:18 +0800] "GET /xingrg/kc/buy/cgsh_order_operate.html?command=get_materiel&rest_code=00106&code=00101008024&supplier_code=00100007&order_time=2021-11-22 HTTP/1.1" 200 408
180.171.130.157 - - [22/Nov/2021:10:22:19 +0800] "POST /xingrg/services/DataTransmitService HTTP/1.1" 200 524
58.39.139.200 - - [22/Nov/2021:10:22:22 +0800] "GET /xingrg/kc/buy/cgsh_order_add.html HTTP/1.1" 200 65022
58.39.139.200 - - [22/Nov/2021:10:22:22 +0800] "POST /xingrg/kc/buy/cgsh_order_operate.html HTTP/1.1" 200 8245
58.39.139.200 - - [22/Nov/2021:10:22:22 +0800] "GET /xingrg/javascript/easyui/themes/default/validatebox.css HTTP/1.1" 404 1104
180.174.250.202 - - [22/Nov/2021:10:22:28 +0800] "GET /xingrg/javascript/easyui/themes/default/tree.css HTTP/1.1" 404 1090
180.174.250.202 - - [22/Nov/2021:10:22:28 +0800] "POST /xingrg/all/common/load_tree.html?tree=supplier_tree_json&isDelete=1 HTTP/1.1" 200 60674
222.70.171.86 - - [22/Nov/2021:10:22:28 +0800] "GET /xingrg/check_reg.html?_=1637547751983 HTTP/1.1" 200 22
124.78.153.86 - - [22/Nov/2021:10:22:33 +0800] "GET /xingrg/kc/buy/cgsh_order_operate.html?command=get_materiel&rest_code=00106&code=00101008356&supplier_code=00100007&order_time=2021-11-22 HTTP/1.1" 200 408
58.40.7.146 - - [22/Nov/2021:10:22:33 +0800] "GET /xingrg/all/function/internal_message.html?_=1637547752706&CODE_STATE=getMsg HTTP/1.1" 200 27
116.227.210.113 - - [22/Nov/2021:10:22:33 +0800] "GET /xingrg/all/function/internal_message.html?_=1637547744574&CODE_STATE=getMsg HTTP/1.1" 200 27
222.70.176.97 - - [22/Nov/2021:10:22:38 +0800] "GET /xingrg/all/function/internal_message.html?_=1637547756990&CODE_STATE=getMsg HTTP/1.1" 200 27
180.171.130.157 - - [22/Nov/2021:10:22:38 +0800] "POST /xingrg/services/DataTransmitService HTTP/1.1" 200 501
180.171.130.157 - - [22/Nov/2021:10:22:38 +0800] "POST /xingrg/services/DataTransmitService HTTP/1.1" 200 501
58.40.7.146 - - [22/Nov/2021:10:22:38 +0800] "GET /xingrg/check_reg.html?_=1637547757830 HTTP/1.1" 200 22
58.40.7.146 - - [22/Nov/2021:10:22:38 +0800] "GET /xingrg/all/function/internal_message.html?_=1637547757831&CODE_STATE=getMsg HTTP/1.1" 200 27
61.151.178.217 - - [22/Nov/2021:10:22:39 +0800] "GET /xingrg/kc/buy/cgsh_order_operate.html?command=get_materiel&rest_code=00106&code=00101008149&supplier_code=00100007&order_time=2021-11-22 HTTP/1.1" 302 -
180.171.130.157 - - [22/Nov/2021:10:22:39 +0800] "POST /xingrg/services/DataTransmitService HTTP/1.1" 200 501
58.37.231.44 - - [22/Nov/2021:10:22:40 +0800] "GET /xingrg/all/function/internal_message.html?_=1637547585560&CODE_STATE=getMsg HTTP/1.1" 200 27
180.171.130.157 - - [22/Nov/2021:10:22:40 +0800] "POST /xingrg/services/DataTransmitService HTTP/1.1" 200 501
180.171.130.157 - - [22/Nov/2021:10:22:40 +0800] "POST /xingrg/services/DataTransmitService HTTP/1.1" 200 501
180.171.130.157 - - [22/Nov/2021:10:22:41 +0800] "POST /xingrg/services/DataTransmitService HTTP/1.1" 200 501
61.151.178.217 - - [22/Nov/2021:10:22:41 +0800] "GET /xingrg/login.html HTTP/1.1" 200 7641
116.238.248.233 - - [22/Nov/2021:10:22:41 +0800] "GET /xingrg/all/function/internal_message.html?_=1637547759428&CODE_STATE=getMsg HTTP/1.1" 200 27
180.171.130.157 - - [22/Nov/2021:10:22:41 +0800] "POST /xingrg/services/DataTransmitService HTTP/1.1" 200 501
180.171.130.157 - - [22/Nov/2021:10:22:41 +0800] "POST /xingrg/services/DataTransmitService HTTP/1.1" 200 501
180.171.130.157 - - [22/Nov/2021:10:22:42 +0800] "POST /xingrg/services/DataTransmitService HTTP/1.1" 200 501
180.171.130.157 - - [22/Nov/2021:10:22:42 +0800] "POST /xingrg/services/DataTransmitService HTTP/1.1" 200 501
180.171.130.157 - - [22/Nov/2021:10:22:42 +0800] "POST /xingrg/services/DataTransmitService HTTP/1.1" 200 412
222.70.171.86 - - [22/Nov/2021:10:22:44 +0800] "GET /xingrg/all/function/internal_message.html?_=1637547767923&CODE_STATE=getMsg HTTP/1.1" 200 27
58.39.139.200 - - [22/Nov/2021:10:22:47 +0800] "GET /xingrg/all/function/internal_message.html?_=1637547703085&CODE_STATE=getMsg HTTP/1.1" 200 27
114.85.125.222 - - [22/Nov/2021:10:22:48 +0800] "GET /xingrg/all/function/internal_message.html?_=1637547742475&CODE_STATE=getMsg HTTP/1.1" 200 27
61.151.207.158 - - [22/Nov/2021:10:22:48 +0800] "GET /xingrg/kc/buy/cgsh_order_operate.html?command=get_materiel&rest_code=00106&code=00101008141&supplier_code=00100007&order_time=2021-11-22 HTTP/1.1" 302 -
114.86.229.7 - - [22/Nov/2021:10:22:48 +0800] "GET /xingrg/all/function/internal_message.html?_=1637547768454&CODE_STATE=getMsg HTTP/1.1" 200 27
114.86.229.7 - - [22/Nov/2021:10:22:48 +0800] "GET /xingrg/check_reg.html?_=1637547768456 HTTP/1.1" 200 22
61.151.207.158 - - [22/Nov/2021:10:22:49 +0800] "GET /xingrg/login.html HTTP/1.1" 200 7641
180.171.130.157 - - [22/Nov/2021:10:22:49 +0800] "POST /xingrg/services/DataTransmitService HTTP/1.1" 200 524
180.171.130.157 - - [22/Nov/2021:10:22:51 +0800] "POST /xingrg/services/DataTransmitService HTTP/1.1" 200 524
124.78.153.86 - - [22/Nov/2021:10:22:51 +0800] "POST /xingrg/kc/buy/cgsh_order_operate.html HTTP/1.1" 200 37
116.235.93.2 - - [22/Nov/2021:10:22:52 +0800] "GET /xingrg/all/function/internal_message.html?_=1637547776657&CODE_STATE=getMsg HTTP/1.1" 200 27
180.157.253.6 - - [22/Nov/2021:10:22:52 +0800] "GET /xingrg/all/function/internal_message.html?_=1637547772225&CODE_STATE=getMsg HTTP/1.1" 200 27
180.157.253.6 - - [22/Nov/2021:10:22:52 +0800] "GET /xingrg/check_reg.html?_=1637547772230 HTTP/1.1" 200 22
180.169.147.146 - - [22/Nov/2021:10:22:53 +0800] "GET /xingrg/all/function/internal_message.html?_=1637547772822&CODE_STATE=getMsg HTTP/1.1" 200 27
124.78.153.86 - - [22/Nov/2021:10:22:54 +0800] "POST /xingrg/kc/buy/cgsh_order_operate.html HTTP/1.1" 200 6178
180.169.147.146 - - [22/Nov/2021:10:22:55 +0800] "GET /xingrg/all/function/internal_message.html?_=1637547768814&CODE_STATE=getMsg HTTP/1.1" 200 27
180.174.250.202 - - [22/Nov/2021:10:22:57 +0800] "GET /xingrg/all/function/internal_message.html?_=1637547776230&CODE_STATE=getMsg HTTP/1.1" 200 27
124.78.153.86 - - [22/Nov/2021:10:22:58 +0800] "GET /xingrg/check_reg.html?_=1637547776447 HTTP/1.1" 200 22
124.78.153.86 - - [22/Nov/2021:10:22:58 +0800] "GET /xingrg/all/function/internal_message.html?_=1637547776448&CODE_STATE=getMsg HTTP/1.1" 200 27
61.151.207.141 - - [22/Nov/2021:10:22:58 +0800] "GET /xingrg/kc/buy/cgsh_order_operate.html?command=get_materiel&rest_code=00106&code=00101008361&supplier_code=00100007&order_time=2021-11-22 HTTP/1.1" 302 -
61.151.207.141 - - [22/Nov/2021:10:23:00 +0800] "GET /xingrg/login.html HTTP/1.1" 200 7641
124.78.153.86 - - [22/Nov/2021:10:23:02 +0800] "GET /xingrg/kc/buy/cgsh_order_operate.html?command=get_materiel&rest_code=00106&code=00101008357&supplier_code=00100007&order_time=2021-11-22 HTTP/1.1" 200 408
180.174.250.202 - - [22/Nov/2021:10:23:04 +0800] "GET /xingrg/kc/buy/cgsh_order_operate.html?command=get_materiel&rest_code=00102&code=00101011002&supplier_code=00100047&order_time=2021-11-22 HTTP/1.1" 200 427
120.253.135.82 - - [22/Nov/2021:10:23:05 +0800] "GET /xingrg/all/function/internal_message.html?_=1637547559028&CODE_STATE=getMsg HTTP/1.1" 200 27
101.89.239.238 - - [22/Nov/2021:10:23:05 +0800] "GET /xingrg/kc/buy/cgsh_order_operate.html?command=get_materiel&rest_code=00106&code=00101008264&supplier_code=00100007&order_time=2021-11-22 HTTP/1.1" 302 -
101.89.239.238 - - [22/Nov/2021:10:23:06 +0800] "GET /xingrg/login.html HTTP/1.1" 200 7641
180.174.250.202 - - [22/Nov/2021:10:23:07 +0800] "GET /xingrg/all/function/internal_message.html?_=1637547780176&CODE_STATE=getMsg HTTP/1.1" 200 27
116.235.93.2 - - [22/Nov/2021:10:23:12 +0800] "GET /xingrg/all/function/internal_message.html?_=1637547906401&CODE_STATE=getMsg HTTP/1.1" 302 -
124.78.153.86 - - [22/Nov/2021:10:23:12 +0800] "GET /xingrg/kc/buy/cgsh_order_operate.html?command=get_materiel&rest_code=00106&code=00101008069&supplier_code=00100007&order_time=2021-11-22 HTTP/1.1" 200 412
180.174.250.202 - - [22/Nov/2021:10:23:14 +0800] "POST /xingrg/kc/buy/cgsh_order_operate.html HTTP/1.1" 200 37
180.174.250.202 - - [22/Nov/2021:10:23:19 +0800] "POST /xingrg/kc/buy/cgsh_order_operate.html HTTP/1.1" 200 12
58.37.231.44 - - [22/Nov/2021:10:23:20 +0800] "POST /xingrg/kc/buy/cgsh_order_operate.html HTTP/1.1" 200 2065
180.174.250.202 - - [22/Nov/2021:10:23:20 +0800] "GET /xingrg/kc/buy/cgsh_order_info.html?code=212021112209374 HTTP/1.1" 200 59841
180.174.250.202 - - [22/Nov/2021:10:23:22 +0800] "GET /xingrg/javascript/easyui/themes/default/validatebox.css HTTP/1.1" 404 1104
124.78.153.86 - - [22/Nov/2021:10:23:22 +0800] "GET /xingrg/kc/buy/cgsh_order_operate.html?command=get_materiel&rest_code=00106&code=00101008286&supplier_code=00100007&order_time=2021-11-22 HTTP/1.1" 200 408
180.174.250.202 - - [22/Nov/2021:10:23:22 +0800] "POST /xingrg/kc/buy/cgsh_order_operate.html HTTP/1.1" 200 620
180.174.250.202 - - [22/Nov/2021:10:23:24 +0800] "GET /xingrg/kc/print/load_data.html?order_code=212021112209374&kc_code=cgsh&condition= HTTP/1.1" 200 742
58.37.231.44 - - [22/Nov/2021:10:23:25 +0800] "GET /xingrg/kc/buy/cgsh_order_operate.html?command=get_materiel&rest_code=00141&code=00101008155&supplier_code=00100007&order_time=2021-11-22 HTTP/1.1" 200 408
124.78.153.86 - - [22/Nov/2021:10:23:29 +0800] "GET /xingrg/kc/buy/cgsh_order_operate.html?command=get_materiel&rest_code=00106&code=00101008036&supplier_code=00100007&order_time=2021-11-22 HTTP/1.1" 200 408
124.78.153.86 - - [22/Nov/2021:10:23:31 +0800] "POST /xingrg/kc/buy/cgsh_order_operate.html HTTP/1.1" 200 2065
101.91.60.88 - - [22/Nov/2021:10:23:32 +0800] "GET /xingrg/kc/buy/cgsh_order_operate.html?command=get_materiel&rest_code=00106&code=00101008356&supplier_code=00100007&order_time=2021-11-22 HTTP/1.1" 302 -
101.91.60.88 - - [22/Nov/2021:10:23:33 +0800] "GET /xingrg/login.html HTTP/1.1" 200 7641
58.39.139.200 - - [22/Nov/2021:10:23:33 +0800] "GET /xingrg/kc/buy/cgsh_order_operate.html?command=get_materiel&rest_code=00105&code=00101008354&supplier_code=00100203&order_time=2021-11-22 HTTP/1.1" 200 412
58.40.7.146 - - [22/Nov/2021:10:23:33 +0800] "GET /xingrg/all/function/internal_message.html?_=1637547812712&CODE_STATE=getMsg HTTP/1.1" 200 27
58.40.7.146 - - [22/Nov/2021:10:23:33 +0800] "GET /xingrg/check_reg.html?_=1637547812710 HTTP/1.1" 200 22
58.37.231.44 - - [22/Nov/2021:10:23:33 +0800] "GET /xingrg/kc/buy/cgsh_order_operate.html?command=get_materiel&rest_code=00141&code=00101008370&supplier_code=00100007&order_time=2021-11-22 HTTP/1.1" 200 412
116.227.210.113 - - [22/Nov/2021:10:23:33 +0800] "GET /xingrg/all/function/internal_message.html?_=1637547804580&CODE_STATE=getMsg HTTP/1.1" 200 27
180.174.250.202 - - [22/Nov/2021:10:23:34 +0800] "GET /xingrg/kc/buy/cgsh_order_add.html HTTP/1.1" 200 64934
180.174.250.202 - - [22/Nov/2021:10:23:36 +0800] "POST /xingrg/kc/buy/cgsh_order_operate.html HTTP/1.1" 200 8245
180.174.250.202 - - [22/Nov/2021:10:23:36 +0800] "GET /xingrg/javascript/easyui/themes/default/validatebox.css HTTP/1.1" 404 1104
124.78.153.86 - - [22/Nov/2021:10:23:37 +0800] "GET /xingrg/kc/buy/cgsh_order_operate.html?command=get_materiel&rest_code=00106&code=00101008131&supplier_code=00100007&order_time=2021-11-22 HTTP/1.1" 200 408
222.70.176.97 - - [22/Nov/2021:10:23:38 +0800] "GET /xingrg/all/function/internal_message.html?_=1637547816989&CODE_STATE=getMsg HTTP/1.1" 200 27
58.40.7.146 - - [22/Nov/2021:10:23:38 +0800] "GET /xingrg/all/function/internal_message.html?_=1637547817834&CODE_STATE=getMsg HTTP/1.1" 200 27
58.37.231.44 - - [22/Nov/2021:10:23:40 +0800] "GET /xingrg/all/function/internal_message.html?_=1637547645592&CODE_STATE=getMsg HTTP/1.1" 200 27
116.238.248.233 - - [22/Nov/2021:10:23:41 +0800] "GET /xingrg/check_reg.html?_=1637547819434 HTTP/1.1" 200 22
116.238.248.233 - - [22/Nov/2021:10:23:41 +0800] "GET /xingrg/all/function/internal_message.html?_=1637547819436&CODE_STATE=getMsg HTTP/1.1" 200 27
180.174.250.202 - - [22/Nov/2021:10:23:41 +0800] "GET /xingrg/javascript/easyui/themes/default/tree.css HTTP/1.1" 404 1090
180.174.250.202 - - [22/Nov/2021:10:23:41 +0800] "POST /xingrg/all/common/load_tree.html?tree=supplier_tree_json&isDelete=1 HTTP/1.1" 200 60674
58.39.139.200 - - [22/Nov/2021:10:23:43 +0800] "GET /xingrg/javascript/jquery_easy_ui/themes/default/images/tabs_active.png HTTP/1.1" 304 -
58.37.231.44 - - [22/Nov/2021:10:23:44 +0800] "GET /xingrg/kc/buy/cgsh_order_operate.html?command=get_materiel&rest_code=00141&code=00101008296&supplier_code=00100007&order_time=2021-11-22 HTTP/1.1" 200 416
222.70.171.86 - - [22/Nov/2021:10:23:44 +0800] "GET /xingrg/all/function/internal_message.html?_=1637547827937&CODE_STATE=getMsg HTTP/1.1" 200 27
58.39.139.200 - - [22/Nov/2021:10:23:47 +0800] "GET /xingrg/all/function/internal_message.html?_=1637547763061&CODE_STATE=getMsg HTTP/1.1" 200 27
114.85.125.222 - - [22/Nov/2021:10:23:48 +0800] "GET /xingrg/all/function/internal_message.html?_=1637547802501&CODE_STATE=getMsg HTTP/1.1" 200 27
114.86.229.7 - - [22/Nov/2021:10:23:48 +0800] "GET /xingrg/all/function/internal_message.html?_=1637547828457&CODE_STATE=getMsg HTTP/1.1" 200 27
124.78.153.86 - - [22/Nov/2021:10:23:51 +0800] "GET /xingrg/kc/buy/cgsh_order_operate.html?command=get_materiel&rest_code=00106&code=00101008233&supplier_code=00100007&order_time=2021-11-22 HTTP/1.1" 200 408
116.235.93.2 - - [22/Nov/2021:10:23:52 +0800] "GET /xingrg/check_reg.html?_=1637547836666 HTTP/1.1" 200 22
116.235.93.2 - - [22/Nov/2021:10:23:52 +0800] "GET /xingrg/all/function/internal_message.html?_=1637547836671&CODE_STATE=getMsg HTTP/1.1" 200 27
180.157.253.6 - - [22/Nov/2021:10:23:52 +0800] "GET /xingrg/all/function/internal_message.html?_=1637547832217&CODE_STATE=getMsg HTTP/1.1" 200 27
180.169.147.146 - - [22/Nov/2021:10:23:53 +0800] "GET /xingrg/all/function/internal_message.html?_=1637547832819&CODE_STATE=getMsg HTTP/1.1" 200 27
180.169.147.146 - - [22/Nov/2021:10:23:55 +0800] "GET /xingrg/all/function/internal_message.html?_=1637547828813&CODE_STATE=getMsg HTTP/1.1" 200 27
180.174.250.202 - - [22/Nov/2021:10:23:57 +0800] "GET /xingrg/check_reg.html?_=1637547836224 HTTP/1.1" 200 22
180.174.250.202 - - [22/Nov/2021:10:23:57 +0800] "GET /xingrg/all/function/internal_message.html?_=1637547836228&CODE_STATE=getMsg HTTP/1.1" 200 27
61.151.178.197 - - [22/Nov/2021:10:23:57 +0800] "GET /xingrg/all/function/internal_message.html?_=1637547776448&CODE_STATE=getMsg HTTP/1.1" 302 -
124.78.153.86 - - [22/Nov/2021:10:23:58 +0800] "GET /xingrg/all/function/internal_message.html?_=1637547836445&CODE_STATE=getMsg HTTP/1.1" 200 27
61.151.178.197 - - [22/Nov/2021:10:23:58 +0800] "GET /xingrg/login.html HTTP/1.1" 200 7641
58.39.139.200 - - [22/Nov/2021:10:24:02 +0800] "GET /xingrg/kc/buy/cgsh_order_operate.html?command=get_materiel&rest_code=00105&code=00101008312&supplier_code=00100203&order_time=2021-11-22 HTTP/1.1" 200 412
120.253.135.82 - - [22/Nov/2021:10:24:03 +0800] "GET /xingrg/check_reg.html?_=1637547617476 HTTP/1.1" 200 22
120.253.135.82 - - [22/Nov/2021:10:24:05 +0800] "GET /xingrg/all/function/internal_message.html?_=1637547619042&CODE_STATE=getMsg HTTP/1.1" 200 27
180.174.250.202 - - [22/Nov/2021:10:24:07 +0800] "GET /xingrg/all/function/internal_message.html?_=1637547840391&CODE_STATE=getMsg HTTP/1.1" 200 27
58.37.231.44 - - [22/Nov/2021:10:24:11 +0800] "GET /xingrg/kc/buy/cgsh_order_operate.html?command=get_materiel&rest_code=00141&code=00101008270&supplier_code=00100007&order_time=2021-11-22 HTTP/1.1" 200 412
116.235.93.2 - - [22/Nov/2021:10:24:12 +0800] "GET /xingrg/all/function/internal_message.html?_=1637547966399&CODE_STATE=getMsg HTTP/1.1" 302 -
58.37.231.44 - - [22/Nov/2021:10:24:21 +0800] "GET /xingrg/kc/buy/cgsh_order_operate.html?command=get_materiel&rest_code=00141&code=00101008049&supplier_code=00100007&order_time=2021-11-22 HTTP/1.1" 200 408
58.221.95.50 - - [22/Nov/2021:10:24:23 +0800] "GET /xingrg/check_reg.html?_=1637547864571 HTTP/1.1" 302 -
58.37.231.44 - - [22/Nov/2021:10:24:24 +0800] "POST /xingrg/kc/buy/cgsh_order_operate.html HTTP/1.1" 200 2065
