58.37.231.44 - - [22/Nov/2021:10:34:12 +0800] "POST /xingrg/kc/buy/cgsh_order_operate.html HTTP/1.1" 200 12
116.235.93.2 - - [22/Nov/2021:10:34:12 +0800] "GET /xingrg/all/function/internal_message.html?_=1637548566405&CODE_STATE=getMsg HTTP/1.1" 302 -
58.37.231.44 - - [22/Nov/2021:10:34:13 +0800] "GET /xingrg/kc/buy/cgsh_order_info.html?code=212021112209381 HTTP/1.1" 200 59890
124.78.153.86 - - [22/Nov/2021:10:34:13 +0800] "GET /xingrg/kc/print/load_data.html?order_code=212021112209373&kc_code=cgsh HTTP/1.1" 200 12772
58.37.231.44 - - [22/Nov/2021:10:34:13 +0800] "GET /xingrg/javascript/easyui/themes/default/validatebox.css HTTP/1.1" 404 1104
58.37.231.44 - - [22/Nov/2021:10:34:14 +0800] "POST /xingrg/kc/buy/cgsh_order_operate.html HTTP/1.1" 200 38985
180.174.250.202 - - [22/Nov/2021:10:34:15 +0800] "GET /xingrg/kc/buy/cgsh_order_operate.html?command=get_materiel&rest_code=00102&code=00101009051&supplier_code=00100424&order_time=2021-11-22 HTTP/1.1" 200 409
58.37.231.44 - - [22/Nov/2021:10:34:16 +0800] "GET /xingrg/kc/print/load_data.html?order_code=212021112209381&kc_code=cgsh&condition= HTTP/1.1" 200 15220
124.78.153.86 - - [22/Nov/2021:10:34:18 +0800] "GET /xingrg/kc/base/wldb_order_operate.html?command=get_materiel&rest_code=00106&base_code=0010396&code=00101019127 HTTP/1.1" 200 466
180.174.250.202 - - [22/Nov/2021:10:34:21 +0800] "GET /xingrg/kc/buy/cgsh_order_list.html HTTP/1.1" 200 49199
180.174.250.202 - - [22/Nov/2021:10:34:22 +0800] "POST /xingrg/kc/buy/cgsh_list_operate.html HTTP/1.1" 200 876
58.221.95.50 - - [22/Nov/2021:10:34:23 +0800] "GET /xingrg/check_reg.html?_=1637548464575 HTTP/1.1" 302 -
101.89.239.238 - - [22/Nov/2021:10:34:24 +0800] "GET /xingrg/kc/buy/cgsh_order_operate.html?command=get_materiel&rest_code=00106&code=00101008168&supplier_code=00100007&order_time=2021-11-22 HTTP/1.1" 302 -
101.89.239.238 - - [22/Nov/2021:10:34:26 +0800] "GET /xingrg/login.html HTTP/1.1" 200 7641
58.37.231.44 - - [22/Nov/2021:10:34:27 +0800] "GET /xingrg/kc/buy/cgsh_order_add.html HTTP/1.1" 200 64981
58.37.231.44 - - [22/Nov/2021:10:34:27 +0800] "POST /xingrg/kc/buy/cgsh_order_operate.html HTTP/1.1" 200 8245
58.37.231.44 - - [22/Nov/2021:10:34:27 +0800] "GET /xingrg/javascript/easyui/themes/default/validatebox.css HTTP/1.1" 404 1104
58.39.139.200 - - [22/Nov/2021:10:34:29 +0800] "GET /xingrg/kc/buy/cgsh_order_operate.html?command=get_materiel&rest_code=00105&code=00101008199&supplier_code=00100203&order_time=2021-11-22 HTTP/1.1" 200 408
124.78.153.86 - - [22/Nov/2021:10:34:31 +0800] "GET /xingrg/kc/base/wldb_order_operate.html?command=get_materiel&rest_code=00106&base_code=0010396&code=00101019405 HTTP/1.1" 200 467
58.40.7.146 - - [22/Nov/2021:10:34:33 +0800] "GET /xingrg/all/function/internal_message.html?_=1637548472702&CODE_STATE=getMsg HTTP/1.1" 200 27
116.238.248.233 - - [22/Nov/2021:10:34:33 +0800] "GET /xingrg/all/function/internal_message.html?_=1637548471822&CODE_STATE=getMsg HTTP/1.1" 200 27
116.227.210.113 - - [22/Nov/2021:10:34:33 +0800] "GET /xingrg/all/function/internal_message.html?_=1637548464581&CODE_STATE=getMsg HTTP/1.1" 200 27
180.174.250.202 - - [22/Nov/2021:10:34:38 +0800] "GET /xingrg/kc/buy/cgsh_order_operate.html?command=get_materiel&rest_code=00102&code=00101009063&supplier_code=00100424&order_time=2021-11-22 HTTP/1.1" 200 410
58.37.231.44 - - [22/Nov/2021:10:34:40 +0800] "GET /xingrg/all/function/internal_message.html?_=1637548305595&CODE_STATE=getMsg HTTP/1.1" 200 27
124.78.153.86 - - [22/Nov/2021:10:34:43 +0800] "GET /xingrg/kc/base/wldb_order_operate.html?command=get_materiel&rest_code=00106&base_code=0010396&code=00101019297 HTTP/1.1" 200 463
222.70.171.86 - - [22/Nov/2021:10:34:44 +0800] "GET /xingrg/all/function/internal_message.html?_=1637548488186&CODE_STATE=getMsg HTTP/1.1" 200 27
58.39.139.200 - - [22/Nov/2021:10:34:47 +0800] "GET /xingrg/all/function/internal_message.html?_=1637548422812&CODE_STATE=getMsg HTTP/1.1" 200 27
58.37.231.44 - - [22/Nov/2021:10:34:47 +0800] "GET /xingrg/kc/buy/cgsh_order_operate.html?command=get_materiel&rest_code=00141&code=00101009050&supplier_code=00100022&order_time=2021-11-22 HTTP/1.1" 200 408
114.85.125.222 - - [22/Nov/2021:10:34:48 +0800] "GET /xingrg/check_reg.html?_=1637548462357 HTTP/1.1" 200 22
114.85.125.222 - - [22/Nov/2021:10:34:48 +0800] "GET /xingrg/all/function/internal_message.html?_=1637548462654&CODE_STATE=getMsg HTTP/1.1" 200 27
114.86.229.7 - - [22/Nov/2021:10:34:48 +0800] "GET /xingrg/all/function/internal_message.html?_=1637548488486&CODE_STATE=getMsg HTTP/1.1" 200 27
180.157.253.6 - - [22/Nov/2021:10:34:52 +0800] "GET /xingrg/all/function/internal_message.html?_=1637548492247&CODE_STATE=getMsg HTTP/1.1" 200 27
116.235.93.2 - - [22/Nov/2021:10:34:52 +0800] "GET /xingrg/all/function/internal_message.html?_=1637548497086&CODE_STATE=getMsg HTTP/1.1" 200 27
180.174.250.202 - - [22/Nov/2021:10:34:53 +0800] "GET /xingrg/kc/buy/cgsh_order_operate.html?command=get_materiel&rest_code=00102&code=00101009124&supplier_code=00100424&order_time=2021-11-22 HTTP/1.1" 200 402
180.169.147.146 - - [22/Nov/2021:10:34:53 +0800] "GET /xingrg/all/function/internal_message.html?_=1637548492703&CODE_STATE=getMsg HTTP/1.1" 200 27
180.169.147.146 - - [22/Nov/2021:10:34:55 +0800] "GET /xingrg/all/function/internal_message.html?_=1637548488804&CODE_STATE=getMsg HTTP/1.1" 200 27
124.78.153.86 - - [22/Nov/2021:10:34:56 +0800] "GET /xingrg/kc/base/wldb_order_operate.html?command=get_materiel&rest_code=00106&base_code=0010396&code=00101019724 HTTP/1.1" 200 433
58.37.231.44 - - [22/Nov/2021:10:34:57 +0800] "GET /xingrg/kc/buy/cgsh_order_operate.html?command=get_materiel&rest_code=00141&code=00101009124&supplier_code=00100022&order_time=2021-11-22 HTTP/1.1" 200 402
180.174.250.202 - - [22/Nov/2021:10:34:57 +0800] "GET /xingrg/all/function/internal_message.html?_=1637548496257&CODE_STATE=getMsg HTTP/1.1" 200 27
124.78.153.86 - - [22/Nov/2021:10:34:58 +0800] "GET /xingrg/all/function/internal_message.html?_=1637548496362&CODE_STATE=getMsg HTTP/1.1" 200 27
124.78.153.86 - - [22/Nov/2021:10:34:59 +0800] "GET /xingrg/all/function/internal_message.html?_=1637548500638&CODE_STATE=getMsg HTTP/1.1" 200 27
124.78.153.86 - - [22/Nov/2021:10:35:06 +0800] "GET /xingrg/kc/base/wldb_order_operate.html?command=get_materiel&rest_code=00106&base_code=0010396&code=00101016094 HTTP/1.1" 200 470
180.174.250.202 - - [22/Nov/2021:10:35:06 +0800] "GET /xingrg/kc/buy/cgsh_order_operate.html?command=get_materiel&rest_code=00102&code=00101009011&supplier_code=00100424&order_time=2021-11-22 HTTP/1.1" 200 416
180.174.250.202 - - [22/Nov/2021:10:35:07 +0800] "GET /xingrg/all/function/internal_message.html?_=1637548500844&CODE_STATE=getMsg HTTP/1.1" 200 27
116.235.93.2 - - [22/Nov/2021:10:35:12 +0800] "GET /xingrg/all/function/internal_message.html?_=1637548626405&CODE_STATE=getMsg HTTP/1.1" 302 -
116.235.93.2 - - [22/Nov/2021:10:35:12 +0800] "GET /xingrg/check_reg.html?_=1637548626404 HTTP/1.1" 302 -
180.174.250.202 - - [22/Nov/2021:10:35:17 +0800] "GET /xingrg/kc/buy/cgsh_order_operate.html?command=get_materiel&rest_code=00102&code=00101009109&supplier_code=00100424&order_time=2021-11-22 HTTP/1.1" 200 399
116.235.93.2 - - [22/Nov/2021:10:35:18 +0800] "POST /xingrg/kc/buy/cgsh_list_operate.html HTTP/1.1" 200 577
124.78.153.86 - - [22/Nov/2021:10:35:19 +0800] "POST /xingrg/kc/base/wldb_order_operate.html HTTP/1.1" 200 37
116.235.93.2 - - [22/Nov/2021:10:35:19 +0800] "GET /xingrg/kc/buy/cgsh_order_info.html?code=212021112209376 HTTP/1.1" 200 64984
116.235.93.2 - - [22/Nov/2021:10:35:19 +0800] "GET /xingrg/css/base.css HTTP/1.1" 304 -
116.235.93.2 - - [22/Nov/2021:10:35:19 +0800] "GET /xingrg/javascript/jquery_tools/datebox.css HTTP/1.1" 304 -
116.235.93.2 - - [22/Nov/2021:10:35:19 +0800] "GET /xingrg/css/site.css HTTP/1.1" 304 -
116.235.93.2 - - [22/Nov/2021:10:35:19 +0800] "GET /xingrg/javascript/jquery_tools/table.css HTTP/1.1" 304 -
116.235.93.2 - - [22/Nov/2021:10:35:19 +0800] "GET /xingrg/javascript/easyui/themes/default/easyui.css HTTP/1.1" 304 -
116.235.93.2 - - [22/Nov/2021:10:35:19 +0800] "GET /xingrg/javascript/auto/jquery.autocomplete.css HTTP/1.1" 304 -
116.235.93.2 - - [22/Nov/2021:10:35:19 +0800] "GET /xingrg/javascript/jquery_tools/jquery.tools.min.js HTTP/1.1" 304 -
116.235.93.2 - - [22/Nov/2021:10:35:19 +0800] "GET /xingrg/javascript/easyui/themes/icon.css HTTP/1.1" 304 -
116.235.93.2 - - [22/Nov/2021:10:35:19 +0800] "GET /xingrg/javascript/pic_change.js HTTP/1.1" 304 -
116.235.93.2 - - [22/Nov/2021:10:35:19 +0800] "GET /xingrg/javascript/jquery_tools/fix.css HTTP/1.1" 304 -
116.235.93.2 - - [22/Nov/2021:10:35:19 +0800] "GET /xingrg/javascript/jquery_tools/jquery.tools.extend.js HTTP/1.1" 304 -
116.235.93.2 - - [22/Nov/2021:10:35:19 +0800] "GET /xingrg/javascript/jquery_tools/jquery.tools.hotkey.js HTTP/1.1" 304 -
116.235.93.2 - - [22/Nov/2021:10:35:19 +0800] "GET /xingrg/javascript/jquery_tools/jquery.tools.table.js HTTP/1.1" 304 -
116.235.93.2 - - [22/Nov/2021:10:35:19 +0800] "GET /xingrg/javascript/auto/jquery.autocomplete.js HTTP/1.1" 304 -
116.235.93.2 - - [22/Nov/2021:10:35:19 +0800] "GET /xingrg/javascript/easyui/easyloader.js HTTP/1.1" 304 -
116.235.93.2 - - [22/Nov/2021:10:35:19 +0800] "GET /xingrg/javascript/jquery.utils.js HTTP/1.1" 304 -
116.235.93.2 - - [22/Nov/2021:10:35:19 +0800] "GET /xingrg/javascript/convert.js HTTP/1.1" 304 -
116.235.93.2 - - [22/Nov/2021:10:35:19 +0800] "GET /xingrg/javascript/jquery_tools/order_manager.js HTTP/1.1" 304 -
116.235.93.2 - - [22/Nov/2021:10:35:19 +0800] "GET /xingrg/javascript/print/kc_print.js HTTP/1.1" 304 -
116.235.93.2 - - [22/Nov/2021:10:35:19 +0800] "GET /xingrg/javascript/json2.js HTTP/1.1" 304 -
116.235.93.2 - - [22/Nov/2021:10:35:19 +0800] "GET /xingrg/javascript/jquery.cookie.js HTTP/1.1" 304 -
116.235.93.2 - - [22/Nov/2021:10:35:19 +0800] "GET /xingrg/javascript/print/LodopFuncs.js HTTP/1.1" 304 -
116.235.93.2 - - [22/Nov/2021:10:35:19 +0800] "GET /xingrg/words/20211119163412_words.js HTTP/1.1" 304 -
116.235.93.2 - - [22/Nov/2021:10:35:19 +0800] "GET /xingrg/javascript/easyui/plugins/jquery.parser.js HTTP/1.1" 304 -
124.78.153.86 - - [22/Nov/2021:10:35:19 +0800] "POST /xingrg/kc/base/wldb_order_operate.html HTTP/1.1" 200 5236
116.235.93.2 - - [22/Nov/2021:10:35:20 +0800] "GET /xingrg/all/common/auto_word.html?type=employee&rest_code=00104 HTTP/1.1" 200 195
116.235.93.2 - - [22/Nov/2021:10:35:20 +0800] "GET /xingrg/all/common/auto_word.html?type=employee&rest_code=00104 HTTP/1.1" 200 195
116.235.93.2 - - [22/Nov/2021:10:35:20 +0800] "GET /xingrg/javascript/easyui/themes/default/validatebox.css HTTP/1.1" 404 1104
116.235.93.2 - - [22/Nov/2021:10:35:20 +0800] "GET /xingrg/javascript/easyui/plugins/jquery.validatebox.js HTTP/1.1" 304 -
116.235.93.2 - - [22/Nov/2021:10:35:20 +0800] "GET /xingrg/javascript/easyui/plugins/jquery.numberbox.js HTTP/1.1" 304 -
124.78.153.86 - - [22/Nov/2021:10:35:20 +0800] "GET /xingrg/kc/base/wldb_order_info.html?code=422021112202397 HTTP/1.1" 200 30453
116.235.93.2 - - [22/Nov/2021:10:35:20 +0800] "POST /xingrg/kc/buy/cgsh_order_operate.html HTTP/1.1" 200 6207
124.78.153.86 - - [22/Nov/2021:10:35:20 +0800] "GET /xingrg/javascript/easyui/themes/default/validatebox.css HTTP/1.1" 404 1104
124.78.153.86 - - [22/Nov/2021:10:35:21 +0800] "POST /xingrg/kc/base/wldb_order_operate.html HTTP/1.1" 200 5236
124.78.153.86 - - [22/Nov/2021:10:35:21 +0800] "POST /xingrg/services/DataTransmitService HTTP/1.1" 200 524
124.78.153.86 - - [22/Nov/2021:10:35:22 +0800] "POST /xingrg/services/DataTransmitService HTTP/1.1" 200 412
124.78.153.86 - - [22/Nov/2021:10:35:24 +0800] "GET /xingrg/kc/base/wldb_order_add.html HTTP/1.1" 200 30438
124.78.153.86 - - [22/Nov/2021:10:35:24 +0800] "POST /xingrg/kc/base/wldb_order_operate.html HTTP/1.1" 200 6806
124.78.153.86 - - [22/Nov/2021:10:35:24 +0800] "GET /xingrg/javascript/easyui/themes/default/validatebox.css HTTP/1.1" 404 1104
180.174.250.202 - - [22/Nov/2021:10:35:25 +0800] "POST /xingrg/kc/buy/cgsh_order_operate.html HTTP/1.1" 200 37
124.78.153.86 - - [22/Nov/2021:10:35:25 +0800] "POST /xingrg/all/common/load_combo.html?type=base HTTP/1.1" 200 3227
124.78.153.86 - - [22/Nov/2021:10:35:30 +0800] "POST /xingrg/all/common/load_combo.html?type=base HTTP/1.1" 200 3227
58.40.7.146 - - [22/Nov/2021:10:35:33 +0800] "GET /xingrg/all/function/internal_message.html?_=1637548532707&CODE_STATE=getMsg HTTP/1.1" 200 27
116.238.248.233 - - [22/Nov/2021:10:35:33 +0800] "GET /xingrg/all/function/internal_message.html?_=1637548531850&CODE_STATE=getMsg HTTP/1.1" 200 27
116.238.248.233 - - [22/Nov/2021:10:35:33 +0800] "GET /xingrg/check_reg.html?_=1637548531852 HTTP/1.1" 200 22
116.227.210.113 - - [22/Nov/2021:10:35:33 +0800] "GET /xingrg/all/function/internal_message.html?_=1637548524569&CODE_STATE=getMsg HTTP/1.1" 200 27
116.227.210.113 - - [22/Nov/2021:10:35:33 +0800] "GET /xingrg/check_reg.html?_=1637548524570 HTTP/1.1" 200 22
116.235.93.2 - - [22/Nov/2021:10:35:36 +0800] "GET /xingrg/kc/buy/cgsh_order_operate.html?command=get_materiel&rest_code=00104&code=00101006111&supplier_code=00100012&order_time=2021-11-22 HTTP/1.1" 200 409
58.37.231.44 - - [22/Nov/2021:10:35:37 +0800] "GET /xingrg/kc/buy/cgsh_order_operate.html?command=get_materiel&rest_code=00141&code=00101009062&supplier_code=00100022&order_time=2021-11-22 HTTP/1.1" 200 412
180.174.250.202 - - [22/Nov/2021:10:35:38 +0800] "POST /xingrg/kc/buy/cgsh_order_operate.html HTTP/1.1" 200 12
180.171.130.157 - - [22/Nov/2021:10:35:39 +0800] "GET /favicon.ico HTTP/1.1" 404 -
58.37.231.44 - - [22/Nov/2021:10:35:40 +0800] "GET /xingrg/check_reg.html?_=1637548365644 HTTP/1.1" 200 22
58.37.231.44 - - [22/Nov/2021:10:35:40 +0800] "GET /xingrg/all/function/internal_message.html?_=1637548365645&CODE_STATE=getMsg HTTP/1.1" 200 27
180.174.250.202 - - [22/Nov/2021:10:35:40 +0800] "GET /xingrg/kc/buy/cgsh_order_info.html?code=212021112209382 HTTP/1.1" 200 59841
180.174.250.202 - - [22/Nov/2021:10:35:41 +0800] "GET /xingrg/javascript/easyui/themes/default/validatebox.css HTTP/1.1" 404 1104
180.174.250.202 - - [22/Nov/2021:10:35:42 +0800] "POST /xingrg/kc/buy/cgsh_order_operate.html HTTP/1.1" 200 2969
222.70.171.86 - - [22/Nov/2021:10:35:44 +0800] "GET /xingrg/all/function/internal_message.html?_=1637548548193&CODE_STATE=getMsg HTTP/1.1" 200 27
58.39.139.200 - - [22/Nov/2021:10:35:47 +0800] "GET /xingrg/all/function/internal_message.html?_=1637548482781&CODE_STATE=getMsg HTTP/1.1" 200 27
114.85.125.222 - - [22/Nov/2021:10:35:48 +0800] "GET /xingrg/all/function/internal_message.html?_=1637548522667&CODE_STATE=getMsg HTTP/1.1" 200 27
180.174.250.202 - - [22/Nov/2021:10:35:48 +0800] "GET /xingrg/kc/print/load_data.html?order_code=212021112209382&kc_code=cgsh&condition= HTTP/1.1" 200 1581
58.39.139.200 - - [22/Nov/2021:10:35:48 +0800] "GET /xingrg/check_reg.html?_=1637548484219 HTTP/1.1" 200 22
114.86.229.7 - - [22/Nov/2021:10:35:48 +0800] "GET /xingrg/all/function/internal_message.html?_=1637548548489&CODE_STATE=getMsg HTTP/1.1" 200 27
180.169.147.146 - - [22/Nov/2021:10:35:49 +0800] "GET /xingrg/check_reg.html?_=1637548548677 HTTP/1.1" 200 22
180.157.253.6 - - [22/Nov/2021:10:35:52 +0800] "GET /xingrg/all/function/internal_message.html?_=1637548552246&CODE_STATE=getMsg HTTP/1.1" 200 27
116.235.93.2 - - [22/Nov/2021:10:35:52 +0800] "GET /xingrg/all/function/internal_message.html?_=1637548557099&CODE_STATE=getMsg HTTP/1.1" 200 27
180.169.147.146 - - [22/Nov/2021:10:35:53 +0800] "GET /xingrg/all/function/internal_message.html?_=1637548552688&CODE_STATE=getMsg HTTP/1.1" 200 27
180.169.147.146 - - [22/Nov/2021:10:35:55 +0800] "GET /xingrg/all/function/internal_message.html?_=1637548548788&CODE_STATE=getMsg HTTP/1.1" 200 27
180.174.250.202 - - [22/Nov/2021:10:35:57 +0800] "GET /xingrg/all/function/internal_message.html?_=1637548556244&CODE_STATE=getMsg HTTP/1.1" 200 27
124.78.153.86 - - [22/Nov/2021:10:35:58 +0800] "GET /xingrg/all/function/internal_message.html?_=1637548556333&CODE_STATE=getMsg HTTP/1.1" 200 27
124.78.153.86 - - [22/Nov/2021:10:35:59 +0800] "GET /xingrg/all/function/internal_message.html?_=1637548560638&CODE_STATE=getMsg HTTP/1.1" 200 27
58.40.7.146 - - [22/Nov/2021:10:36:03 +0800] "GET /xingrg/login.html HTTP/1.1" 200 7641
58.40.7.146 - - [22/Nov/2021:10:36:03 +0800] "GET /xingrg/images/blue/jxLogo.png HTTP/1.1" 200 6156
58.40.7.146 - - [22/Nov/2021:10:36:03 +0800] "GET /xingrg/images/blue/hj.png HTTP/1.1" 200 1014
58.40.7.146 - - [22/Nov/2021:10:36:03 +0800] "GET /xingrg/images/blue/login_bg.png HTTP/1.1" 200 22101
58.40.7.146 - - [22/Nov/2021:10:36:03 +0800] "GET /xingrg/images/blue/srbg.png HTTP/1.1" 200 138
180.174.250.202 - - [22/Nov/2021:10:36:05 +0800] "GET /xingrg/check_reg.html?_=1637548558633 HTTP/1.1" 200 22
180.174.250.202 - - [22/Nov/2021:10:36:07 +0800] "GET /xingrg/all/function/internal_message.html?_=1637548560857&CODE_STATE=getMsg HTTP/1.1" 200 27
116.235.93.2 - - [22/Nov/2021:10:36:12 +0800] "GET /xingrg/all/function/internal_message.html?_=1637548686404&CODE_STATE=getMsg HTTP/1.1" 302 -
58.40.7.146 - - [22/Nov/2021:10:36:12 +0800] "POST /xingrg/login.do HTTP/1.1" 302 -
58.40.7.146 - - [22/Nov/2021:10:36:12 +0800] "GET /xingrg/index.html?sysBaseUrl=http%3A%2F%2F180.169.147.146%3A18081%2Fxingrg%2F&costTime=38×tamp=1637548572700 HTTP/1.1" 200 17507
58.40.7.146 - - [22/Nov/2021:10:36:12 +0800] "GET /xingrg/javascript/jquery_easy_ui/themes/icon.css HTTP/1.1" 200 3949
58.40.7.146 - - [22/Nov/2021:10:36:12 +0800] "GET /xingrg/css/form.css HTTP/1.1" 200 893
58.40.7.146 - - [22/Nov/2021:10:36:12 +0800] "GET /xingrg/javascript/jquery-1.4.2.min.js HTTP/1.1" 200 72205
58.40.7.146 - - [22/Nov/2021:10:36:12 +0800] "GET /xingrg/javascript/jquery_easy_ui/jquery.easyui.min.js HTTP/1.1" 200 213662
58.40.7.146 - - [22/Nov/2021:10:36:12 +0800] "GET /xingrg/javascript/jquery_easy_ui/easyui-lang-zh_CN.js HTTP/1.1" 200 1900
58.40.7.146 - - [22/Nov/2021:10:36:12 +0800] "GET /xingrg/javascript/jquery.timers.js HTTP/1.1" 200 3532
58.40.7.146 - - [22/Nov/2021:10:36:12 +0800] "GET /xingrg/javascript/jquery.form.js HTTP/1.1" 200 23110
58.40.7.146 - - [22/Nov/2021:10:36:12 +0800] "GET /xingrg/javascript/jquery_easy_ui/themes/default/easyui.css HTTP/1.1" 200 26500
58.40.7.146 - - [22/Nov/2021:10:36:12 +0800] "GET /xingrg/javascript/jquery.utils.js HTTP/1.1" 200 11805
58.40.7.146 - - [22/Nov/2021:10:36:12 +0800] "GET /xingrg/javascript/jquery_easy_ui/themes/icons/settle_new.png HTTP/1.1" 200 826
58.40.7.146 - - [22/Nov/2021:10:36:12 +0800] "GET /xingrg/images/blue/navBackgound.jpg HTTP/1.1" 200 12378
58.40.7.146 - - [22/Nov/2021:10:36:12 +0800] "POST /xingrg/all/common/load_tree.html?tree=area_rest_tree_json&manage=1 HTTP/1.1" 200 348
58.40.7.146 - - [22/Nov/2021:10:36:13 +0800] "GET /xingrg/all/function/internal_message.html?_=1637548572196&CODE_STATE=count HTTP/1.1" 200 11
58.40.7.146 - - [22/Nov/2021:10:36:13 +0800] "GET /xingrg/check_reg.html?_=1637548572196 HTTP/1.1" 200 22
58.40.7.146 - - [22/Nov/2021:10:36:13 +0800] "GET /xingrg/javascript/jquery_easy_ui/themes/default/images/tabs_rightarrow.png HTTP/1.1" 200 395
58.40.7.146 - - [22/Nov/2021:10:36:13 +0800] "GET /xingrg/images/blue/pingpu.png HTTP/1.1" 200 231
58.40.7.146 - - [22/Nov/2021:10:36:13 +0800] "GET /xingrg/javascript/jquery_easy_ui/themes/default/images/tabs_leftarrow.png HTTP/1.1" 200 389
58.40.7.146 - - [22/Nov/2021:10:36:13 +0800] "GET /xingrg/javascript/jquery_easy_ui/themes/default/images/panel_tool_expand.gif HTTP/1.1" 200 247
58.40.7.146 - - [22/Nov/2021:10:36:13 +0800] "GET /xingrg/javascript/jquery_easy_ui/themes/default/images/panel_tool_collapse.gif HTTP/1.1" 200 246
58.40.7.146 - - [22/Nov/2021:10:36:13 +0800] "POST /xingrg/load_menu.html HTTP/1.1" 200 9959
58.40.7.146 - - [22/Nov/2021:10:36:13 +0800] "GET /xingrg/javascript/jquery_easy_ui/themes/default/images/tree_arrows.gif HTTP/1.1" 200 1043
58.40.7.146 - - [22/Nov/2021:10:36:13 +0800] "GET /xingrg/javascript/jquery_easy_ui/themes/default/images/tree_folder_open.gif HTTP/1.1" 200 956
58.40.7.146 - - [22/Nov/2021:10:36:13 +0800] "GET /xingrg/javascript/jquery_easy_ui/themes/icons/search_new.png HTTP/1.1" 200 586
58.40.7.146 - - [22/Nov/2021:10:36:13 +0800] "GET /xingrg/javascript/jquery_easy_ui/themes/default/images/tree_folder.gif HTTP/1.1" 200 952
58.40.7.146 - - [22/Nov/2021:10:36:13 +0800] "GET /xingrg/javascript/jquery_easy_ui/themes/icons/storage_new.png HTTP/1.1" 200 853
58.40.7.146 - - [22/Nov/2021:10:36:13 +0800] "GET /xingrg/javascript/jquery_easy_ui/themes/icons/checkout_new.png HTTP/1.1" 200 744
58.40.7.146 - - [22/Nov/2021:10:36:13 +0800] "GET /xingrg/javascript/jquery_easy_ui/themes/icons/forms_new.png HTTP/1.1" 200 350
58.40.7.146 - - [22/Nov/2021:10:36:13 +0800] "GET /xingrg/javascript/jquery_easy_ui/themes/icons/setting_new.png HTTP/1.1" 200 450
58.40.7.146 - - [22/Nov/2021:10:36:13 +0800] "GET /xingrg/javascript/jquery_easy_ui/themes/icons/systemset_new.png HTTP/1.1" 200 606
58.40.7.146 - - [22/Nov/2021:10:36:13 +0800] "GET /xingrg/javascript/jquery_easy_ui/themes/default/images/tree_file.gif HTTP/1.1" 200 118
58.40.7.146 - - [22/Nov/2021:10:36:24 +0800] "GET /xingrg/kc/report/report_main.html HTTP/1.1" 200 7340
58.40.7.146 - - [22/Nov/2021:10:36:24 +0800] "GET /xingrg/javascript/jquery_easy_ui/themes/default/images/tabs_close.gif HTTP/1.1" 200 829
58.40.7.146 - - [22/Nov/2021:10:36:24 +0800] "GET /xingrg/javascript/pic_change.js HTTP/1.1" 200 4739
58.40.7.146 - - [22/Nov/2021:10:36:24 +0800] "GET /xingrg/css/blue.css HTTP/1.1" 200 15949
58.40.7.146 - - [22/Nov/2021:10:36:24 +0800] "GET /xingrg/javascript/json2.js HTTP/1.1" 200 11259
58.40.7.146 - - [22/Nov/2021:10:36:24 +0800] "GET /xingrg/javascript/myfunction.js HTTP/1.1" 200 24559
58.40.7.146 - - [22/Nov/2021:10:36:24 +0800] "GET /xingrg/javascript/jquery_ui/themes/humanity/humanity.css HTTP/1.1" 200 27801
58.40.7.146 - - [22/Nov/2021:10:36:24 +0800] "GET /xingrg/javascript/jquery_easy_ui/themes/icons/back_new.png HTTP/1.1" 200 3414
58.40.7.146 - - [22/Nov/2021:10:36:26 +0800] "GET /xingrg/all/report/report_query.html?fileName=kc/buy/gys_amount.xml&rh=99999 HTTP/1.1" 200 52006
58.40.7.146 - - [22/Nov/2021:10:36:26 +0800] "GET /xingrg/javascript/multi_select/jqueryMultiSelect.css HTTP/1.1" 200 951
58.40.7.146 - - [22/Nov/2021:10:36:26 +0800] "GET /xingrg/javascript/calendar/timePicker.css HTTP/1.1" 200 523
58.40.7.146 - - [22/Nov/2021:10:36:26 +0800] "GET /xingrg/javascript/bigrid/fix.css HTTP/1.1" 200 1702
58.40.7.146 - - [22/Nov/2021:10:36:26 +0800] "GET /xingrg/dwr/interface/AjaxReportQueryService.js HTTP/1.1" 200 13203
58.40.7.146 - - [22/Nov/2021:10:36:26 +0800] "GET /xingrg/javascript/calendar/jquery.timePicker.min.js HTTP/1.1" 200 2997
58.40.7.146 - - [22/Nov/2021:10:36:26 +0800] "GET /xingrg/javascript/bigrid/fix.js HTTP/1.1" 200 6439
58.40.7.146 - - [22/Nov/2021:10:36:26 +0800] "GET /xingrg/dwr/util.js HTTP/1.1" 200 35990
58.40.7.146 - - [22/Nov/2021:10:36:26 +0800] "GET /xingrg/javascript/jqueryMultiSelect.js HTTP/1.1" 200 11866
58.40.7.146 - - [22/Nov/2021:10:36:26 +0800] "GET /xingrg/dwr/engine.js HTTP/1.1" 200 43631
58.40.7.146 - - [22/Nov/2021:10:36:26 +0800] "GET /xingrg/javascript/Calendar.js HTTP/1.1" 200 31561
58.40.7.146 - - [22/Nov/2021:10:36:26 +0800] "GET /xingrg/images/blue/button/advanceover.gif HTTP/1.1" 200 1347
58.40.7.146 - - [22/Nov/2021:10:36:26 +0800] "GET /xingrg/images/blue/button/advance2over.gif HTTP/1.1" 200 1336
58.40.7.146 - - [22/Nov/2021:10:36:26 +0800] "GET /xingrg/images/blue/button/back2over.gif HTTP/1.1" 200 1335
58.40.7.146 - - [22/Nov/2021:10:36:26 +0800] "GET /xingrg/images/blue/button/backover.gif HTTP/1.1" 200 1348
58.40.7.146 - - [22/Nov/2021:10:36:26 +0800] "GET /xingrg/images/control/loading.gif HTTP/1.1" 200 13463
58.40.7.146 - - [22/Nov/2021:10:36:26 +0800] "GET /xingrg/javascript/jquery_easy_ui/themes/icons/help.png HTTP/1.1" 200 1187
58.40.7.146 - - [22/Nov/2021:10:36:26 +0800] "GET /xingrg/javascript/jquery_easy_ui/themes/default/images/menu_downarrow.png HTTP/1.1" 200 173
58.40.7.146 - - [22/Nov/2021:10:36:26 +0800] "GET /xingrg/javascript/jquery_easy_ui/themes/default/images/button_a_bg.gif HTTP/1.1" 200 1194
58.40.7.146 - - [22/Nov/2021:10:36:26 +0800] "GET /xingrg/javascript/jquery_easy_ui/themes/default/images/menu.gif HTTP/1.1" 200 834
58.40.7.146 - - [22/Nov/2021:10:36:26 +0800] "GET /xingrg/javascript/jquery_easy_ui/themes/icons/print.png HTTP/1.1" 200 1057
58.40.7.146 - - [22/Nov/2021:10:36:26 +0800] "POST /xingrg/dwr/call/plaincall/AjaxReportQueryService.getFixDate.dwr HTTP/1.1" 200 111
58.40.7.146 - - [22/Nov/2021:10:36:26 +0800] "GET /xingrg/javascript/jquery_easy_ui/themes/icons/pencil.png HTTP/1.1" 200 713
58.40.7.146 - - [22/Nov/2021:10:36:26 +0800] "GET /xingrg/javascript/jquery_easy_ui/themes/default/images/menu_rightarrow.png HTTP/1.1" 200 3617
58.40.7.146 - - [22/Nov/2021:10:36:26 +0800] "GET /xingrg/javascript/jquery_easy_ui/themes/default/images/combo_arrow_dot.gif HTTP/1.1" 200 79
58.40.7.146 - - [22/Nov/2021:10:36:26 +0800] "POST /xingrg/all/common/load_tree.html?tree=supplier_tree_json&manage=1 HTTP/1.1" 200 61763
58.40.7.146 - - [22/Nov/2021:10:36:27 +0800] "GET /xingrg/javascript/jquery_easy_ui/themes/default/images/tree_checkbox_0.gif HTTP/1.1" 200 168
58.40.7.146 - - [22/Nov/2021:10:36:27 +0800] "POST /xingrg/all/common/load_tree.html?tree=materiel_sort_tree_json HTTP/1.1" 200 9388
58.40.7.146 - - [22/Nov/2021:10:36:28 +0800] "POST /xingrg/dwr/call/plaincall/AjaxReportQueryService.getInitString.dwr HTTP/1.1" 200 792
58.40.7.146 - - [22/Nov/2021:10:36:28 +0800] "GET /xingrg/javascript/jquery_easy_ui/themes/default/images/tabs_active.png HTTP/1.1" 200 2894
58.40.7.146 - - [22/Nov/2021:10:36:28 +0800] "GET /xingrg/javascript/multi_select/dropdown.gif HTTP/1.1" 200 61
58.40.7.146 - - [22/Nov/2021:10:36:33 +0800] "GET /xingrg/all/function/internal_message.html?_=1637548592709&CODE_STATE=getMsg HTTP/1.1" 200 27
180.174.250.202 - - [22/Nov/2021:10:36:33 +0800] "POST /xingrg/kc/buy/cgsh_list_operate.html HTTP/1.1" 200 5692
116.238.248.233 - - [22/Nov/2021:10:36:33 +0800] "GET /xingrg/all/function/internal_message.html?_=1637548591850&CODE_STATE=getMsg HTTP/1.1" 200 27
116.227.210.113 - - [22/Nov/2021:10:36:33 +0800] "GET /xingrg/all/function/internal_message.html?_=1637548584572&CODE_STATE=getMsg HTTP/1.1" 200 27
58.37.231.44 - - [22/Nov/2021:10:36:40 +0800] "GET /xingrg/all/function/internal_message.html?_=1637548425671&CODE_STATE=getMsg HTTP/1.1" 200 27
222.70.171.86 - - [22/Nov/2021:10:36:44 +0800] "GET /xingrg/all/function/internal_message.html?_=1637548608218&CODE_STATE=getMsg HTTP/1.1" 200 27
58.39.139.200 - - [22/Nov/2021:10:36:47 +0800] "GET /xingrg/all/function/internal_message.html?_=1637548542779&CODE_STATE=getMsg HTTP/1.1" 200 27
114.85.125.222 - - [22/Nov/2021:10:36:48 +0800] "GET /xingrg/all/function/internal_message.html?_=1637548582681&CODE_STATE=getMsg HTTP/1.1" 200 27
114.86.229.7 - - [22/Nov/2021:10:36:48 +0800] "GET /xingrg/all/function/internal_message.html?_=1637548608492&CODE_STATE=getMsg HTTP/1.1" 200 27
180.157.253.6 - - [22/Nov/2021:10:36:52 +0800] "GET /xingrg/all/function/internal_message.html?_=1637548612274&CODE_STATE=getMsg HTTP/1.1" 200 27
58.37.231.44 - - [22/Nov/2021:10:36:52 +0800] "POST /xingrg/kc/buy/cgsh_order_operate.html HTTP/1.1" 200 37
116.235.93.2 - - [22/Nov/2021:10:36:52 +0800] "GET /xingrg/all/function/internal_message.html?_=1637548617113&CODE_STATE=getMsg HTTP/1.1" 200 27
180.169.147.146 - - [22/Nov/2021:10:36:53 +0800] "GET /xingrg/all/function/internal_message.html?_=1637548612684&CODE_STATE=getMsg HTTP/1.1" 200 27
180.169.147.146 - - [22/Nov/2021:10:36:55 +0800] "GET /xingrg/all/function/internal_message.html?_=1637548608772&CODE_STATE=getMsg HTTP/1.1" 200 27
180.169.147.146 - - [22/Nov/2021:10:36:55 +0800] "GET /xingrg/check_reg.html?_=1637548608851 HTTP/1.1" 200 22
58.37.231.44 - - [22/Nov/2021:10:36:56 +0800] "POST /xingrg/kc/buy/cgsh_order_operate.html HTTP/1.1" 200 12
180.174.250.202 - - [22/Nov/2021:10:36:57 +0800] "GET /xingrg/all/function/internal_message.html?_=1637548616245&CODE_STATE=getMsg HTTP/1.1" 200 27
124.78.153.86 - - [22/Nov/2021:10:36:58 +0800] "GET /xingrg/all/function/internal_message.html?_=1637548616313&CODE_STATE=getMsg HTTP/1.1" 200 27
58.37.231.44 - - [22/Nov/2021:10:36:58 +0800] "GET /xingrg/kc/buy/cgsh_order_info.html?code=212021112209383 HTTP/1.1" 200 59888
58.37.231.44 - - [22/Nov/2021:10:36:58 +0800] "GET /xingrg/javascript/easyui/themes/default/validatebox.css HTTP/1.1" 404 1104
58.37.231.44 - - [22/Nov/2021:10:36:59 +0800] "POST /xingrg/kc/buy/cgsh_order_operate.html HTTP/1.1" 200 2382
124.78.153.86 - - [22/Nov/2021:10:36:59 +0800] "GET /xingrg/all/function/internal_message.html?_=1637548620646&CODE_STATE=getMsg HTTP/1.1" 200 27
58.37.231.44 - - [22/Nov/2021:10:37:02 +0800] "GET /xingrg/kc/print/load_data.html?order_code=212021112209383&kc_code=cgsh&condition= HTTP/1.1" 200 1421
180.174.250.202 - - [22/Nov/2021:10:37:09 +0800] "GET /xingrg/all/function/internal_message.html?_=1637548621793&CODE_STATE=getMsg HTTP/1.1" 200 27
116.235.93.2 - - [22/Nov/2021:10:37:12 +0800] "GET /xingrg/javascript/easyui/themes/default/images/button_plain_hover.png HTTP/1.1" 304 -
116.235.93.2 - - [22/Nov/2021:10:37:12 +0800] "GET /xingrg/javascript/easyui/themes/default/images/button_plain_hover.png HTTP/1.1" 304 -
116.235.93.2 - - [22/Nov/2021:10:37:12 +0800] "GET /xingrg/javascript/easyui/themes/default/images/button_plain_hover.png HTTP/1.1" 304 -
116.235.93.2 - - [22/Nov/2021:10:37:12 +0800] "GET /xingrg/all/function/internal_message.html?_=1637548746402&CODE_STATE=getMsg HTTP/1.1" 302 -
58.40.7.146 - - [22/Nov/2021:10:37:13 +0800] "GET /xingrg/all/function/internal_message.html?_=1637548632209&CODE_STATE=getMsg HTTP/1.1" 200 27
116.235.93.2 - - [22/Nov/2021:10:37:15 +0800] "POST /xingrg/kc/buy/cgsh_order_operate.html HTTP/1.1" 200 37
116.235.93.2 - - [22/Nov/2021:10:37:19 +0800] "POST /xingrg/kc/buy/cgsh_order_operate.html HTTP/1.1" 200 6195
116.235.93.2 - - [22/Nov/2021:10:37:20 +0800] "GET /xingrg/javascript/easyui/themes/default/images/button_plain_hover.png HTTP/1.1" 304 -
116.235.93.2 - - [22/Nov/2021:10:37:20 +0800] "GET /xingrg/javascript/easyui/themes/default/images/button_plain_hover.png HTTP/1.1" 304 -
116.235.93.2 - - [22/Nov/2021:10:37:21 +0800] "GET /xingrg/javascript/easyui/themes/default/images/button_plain_hover.png HTTP/1.1" 304 -
116.235.93.2 - - [22/Nov/2021:10:37:21 +0800] "GET /xingrg/kc/print/load_config.html?kc_code=cgsh HTTP/1.1" 200 2281
116.235.93.2 - - [22/Nov/2021:10:37:22 +0800] "GET /xingrg/kc/print/load_data.html?order_code=212021112209376&kc_code=cgsh&condition= HTTP/1.1" 200 2101
222.70.171.86 - - [22/Nov/2021:10:37:28 +0800] "GET /xingrg/check_reg.html?_=1637548652013 HTTP/1.1" 200 22
58.40.7.146 - - [22/Nov/2021:10:37:33 +0800] "GET /xingrg/all/function/internal_message.html?_=1637548652711&CODE_STATE=getMsg HTTP/1.1" 200 27
116.227.210.113 - - [22/Nov/2021:10:37:33 +0800] "GET /xingrg/all/function/internal_message.html?_=1637548644581&CODE_STATE=getMsg HTTP/1.1" 200 27
116.238.248.233 - - [22/Nov/2021:10:37:33 +0800] "GET /xingrg/all/function/internal_message.html?_=1637548651873&CODE_STATE=getMsg HTTP/1.1" 200 27
58.37.231.44 - - [22/Nov/2021:10:37:40 +0800] "GET /xingrg/all/function/internal_message.html?_=1637548485602&CODE_STATE=getMsg HTTP/1.1" 200 27
222.70.171.86 - - [22/Nov/2021:10:37:44 +0800] "GET /xingrg/all/function/internal_message.html?_=1637548668221&CODE_STATE=getMsg HTTP/1.1" 200 27
58.39.139.200 - - [22/Nov/2021:10:37:47 +0800] "GET /xingrg/all/function/internal_message.html?_=1637548602764&CODE_STATE=getMsg HTTP/1.1" 200 27
114.85.125.222 - - [22/Nov/2021:10:37:48 +0800] "GET /xingrg/all/function/internal_message.html?_=1637548642706&CODE_STATE=getMsg HTTP/1.1" 200 27
114.86.229.7 - - [22/Nov/2021:10:37:48 +0800] "GET /xingrg/all/function/internal_message.html?_=1637548668494&CODE_STATE=getMsg HTTP/1.1" 200 27
114.86.229.7 - - [22/Nov/2021:10:37:48 +0800] "GET /xingrg/check_reg.html?_=1637548668495 HTTP/1.1" 200 22
180.157.253.6 - - [22/Nov/2021:10:37:52 +0800] "GET /xingrg/check_reg.html?_=1637548672274 HTTP/1.1" 200 22
180.157.253.6 - - [22/Nov/2021:10:37:52 +0800] "GET /xingrg/all/function/internal_message.html?_=1637548672276&CODE_STATE=getMsg HTTP/1.1" 200 27
116.235.93.2 - - [22/Nov/2021:10:37:52 +0800] "GET /xingrg/all/function/internal_message.html?_=1637548677358&CODE_STATE=getMsg HTTP/1.1" 200 27
180.169.147.146 - - [22/Nov/2021:10:37:53 +0800] "GET /xingrg/all/function/internal_message.html?_=1637548672678&CODE_STATE=getMsg HTTP/1.1" 200 27
180.169.147.146 - - [22/Nov/2021:10:37:55 +0800] "GET /xingrg/all/function/internal_message.html?_=1637548668756&CODE_STATE=getMsg HTTP/1.1" 200 27
180.174.250.202 - - [22/Nov/2021:10:37:57 +0800] "GET /xingrg/all/function/internal_message.html?_=1637548676247&CODE_STATE=getMsg HTTP/1.1" 200 27
124.78.153.86 - - [22/Nov/2021:10:37:57 +0800] "GET /xingrg/all/function/internal_message.html?_=1637548676294&CODE_STATE=getMsg HTTP/1.1" 200 27
61.151.178.163 - - [22/Nov/2021:10:37:58 +0800] "GET /xingrg/all/function/internal_message.html?_=1637548616313&CODE_STATE=getMsg HTTP/1.1" 302 -
124.78.153.86 - - [22/Nov/2021:10:37:58 +0800] "GET /xingrg/check_reg.html?_=1637548676451 HTTP/1.1" 200 22
61.151.178.163 - - [22/Nov/2021:10:37:58 +0800] "GET /xingrg/login.html HTTP/1.1" 200 7641
124.78.153.86 - - [22/Nov/2021:10:37:59 +0800] "GET /xingrg/check_reg.html?_=1637548680641 HTTP/1.1" 200 22
124.78.153.86 - - [22/Nov/2021:10:37:59 +0800] "GET /xingrg/all/function/internal_message.html?_=1637548680644&CODE_STATE=getMsg HTTP/1.1" 200 27
180.174.250.202 - - [22/Nov/2021:10:38:09 +0800] "GET /xingrg/all/function/internal_message.html?_=1637548681815&CODE_STATE=getMsg HTTP/1.1" 200 27
116.235.93.2 - - [22/Nov/2021:10:38:12 +0800] "GET /xingrg/all/function/internal_message.html?_=1637548806401&CODE_STATE=getMsg HTTP/1.1" 302 -
58.40.7.146 - - [22/Nov/2021:10:38:13 +0800] "GET /xingrg/all/function/internal_message.html?_=1637548692212&CODE_STATE=getMsg HTTP/1.1" 200 27
58.40.7.146 - - [22/Nov/2021:10:38:33 +0800] "GET /xingrg/all/function/internal_message.html?_=1637548712714&CODE_STATE=getMsg HTTP/1.1" 200 27
58.40.7.146 - - [22/Nov/2021:10:38:33 +0800] "GET /xingrg/check_reg.html?_=1637548712716 HTTP/1.1" 200 22
116.227.210.113 - - [22/Nov/2021:10:38:33 +0800] "GET /xingrg/all/function/internal_message.html?_=1637548704569&CODE_STATE=getMsg HTTP/1.1" 200 27
116.238.248.233 - - [22/Nov/2021:10:38:33 +0800] "GET /xingrg/all/function/internal_message.html?_=1637548711860&CODE_STATE=getMsg HTTP/1.1" 200 27
58.37.231.44 - - [22/Nov/2021:10:38:40 +0800] "GET /xingrg/all/function/internal_message.html?_=1637548545602&CODE_STATE=getMsg HTTP/1.1" 200 27
222.70.171.86 - - [22/Nov/2021:10:38:44 +0800] "GET /xingrg/all/function/internal_message.html?_=1637548728235&CODE_STATE=getMsg HTTP/1.1" 200 27
58.39.139.200 - - [22/Nov/2021:10:38:47 +0800] "GET /xingrg/all/function/internal_message.html?_=1637548662750&CODE_STATE=getMsg HTTP/1.1" 200 27
114.85.125.222 - - [22/Nov/2021:10:38:48 +0800] "GET /xingrg/all/function/internal_message.html?_=1637548702708&CODE_STATE=getMsg HTTP/1.1" 200 27
114.86.229.7 - - [22/Nov/2021:10:38:48 +0800] "GET /xingrg/all/function/internal_message.html?_=1637548728498&CODE_STATE=getMsg HTTP/1.1" 200 27
116.235.93.2 - - [22/Nov/2021:10:38:52 +0800] "GET /xingrg/check_reg.html?_=1637548736679 HTTP/1.1" 200 22
180.157.253.6 - - [22/Nov/2021:10:38:52 +0800] "GET /xingrg/all/function/internal_message.html?_=1637548732284&CODE_STATE=getMsg HTTP/1.1" 200 27
116.235.93.2 - - [22/Nov/2021:10:38:53 +0800] "GET /xingrg/all/function/internal_message.html?_=1637548737610&CODE_STATE=getMsg HTTP/1.1" 200 27
180.169.147.146 - - [22/Nov/2021:10:38:53 +0800] "GET /xingrg/all/function/internal_message.html?_=1637548732664&CODE_STATE=getMsg HTTP/1.1" 200 27
180.169.147.146 - - [22/Nov/2021:10:38:55 +0800] "GET /xingrg/all/function/internal_message.html?_=1637548728736&CODE_STATE=getMsg HTTP/1.1" 200 27
180.174.250.202 - - [22/Nov/2021:10:38:57 +0800] "GET /xingrg/all/function/internal_message.html?_=1637548736247&CODE_STATE=getMsg HTTP/1.1" 200 27
180.174.250.202 - - [22/Nov/2021:10:38:57 +0800] "GET /xingrg/check_reg.html?_=1637548736252 HTTP/1.1" 200 22
124.78.153.86 - - [22/Nov/2021:10:38:57 +0800] "GET /xingrg/all/function/internal_message.html?_=1637548736276&CODE_STATE=getMsg HTTP/1.1" 200 27
124.78.153.86 - - [22/Nov/2021:10:38:59 +0800] "GET /xingrg/all/function/internal_message.html?_=1637548740638&CODE_STATE=getMsg HTTP/1.1" 200 27
180.174.250.202 - - [22/Nov/2021:10:39:09 +0800] "GET /xingrg/all/function/internal_message.html?_=1637548742349&CODE_STATE=getMsg HTTP/1.1" 200 27
116.235.93.2 - - [22/Nov/2021:10:39:12 +0800] "GET /xingrg/all/function/internal_message.html?_=1637548866408&CODE_STATE=getMsg HTTP/1.1" 302 -
58.40.7.146 - - [22/Nov/2021:10:39:13 +0800] "GET /xingrg/all/function/internal_message.html?_=1637548752215&CODE_STATE=getMsg HTTP/1.1" 200 27
58.221.95.50 - - [22/Nov/2021:10:39:23 +0800] "GET /xingrg/check_reg.html?_=1637548764584 HTTP/1.1" 302 -
58.40.7.146 - - [22/Nov/2021:10:39:33 +0800] "GET /xingrg/all/function/internal_message.html?_=1637548772718&CODE_STATE=getMsg HTTP/1.1" 200 27
116.238.248.233 - - [22/Nov/2021:10:39:33 +0800] "GET /xingrg/all/function/internal_message.html?_=1637548771864&CODE_STATE=getMsg HTTP/1.1" 200 27
116.227.210.113 - - [22/Nov/2021:10:39:33 +0800] "GET /xingrg/all/function/internal_message.html?_=1637548764582&CODE_STATE=getMsg HTTP/1.1" 200 27
180.162.112.229 - - [22/Nov/2021:10:39:36 +0800] "GET /xingrg HTTP/1.1" 302 -
180.162.112.229 - - [22/Nov/2021:10:39:36 +0800] "GET /xingrg/index.html HTTP/1.1" 302 -
180.162.112.229 - - [22/Nov/2021:10:39:36 +0800] "GET /xingrg/login.html HTTP/1.1" 200 7641
180.162.112.229 - - [22/Nov/2021:10:39:36 +0800] "GET /favicon.ico HTTP/1.1" 404 -
180.162.112.229 - - [22/Nov/2021:10:39:36 +0800] "GET /favicon.ico HTTP/1.1" 404 -
58.37.231.44 - - [22/Nov/2021:10:39:40 +0800] "GET /xingrg/all/function/internal_message.html?_=1637548605599&CODE_STATE=getMsg HTTP/1.1" 200 27
222.70.171.86 - - [22/Nov/2021:10:39:45 +0800] "GET /xingrg/all/function/internal_message.html?_=1637548788267&CODE_STATE=getMsg HTTP/1.1" 200 27
58.39.139.200 - - [22/Nov/2021:10:39:47 +0800] "GET /xingrg/all/function/internal_message.html?_=1637548722720&CODE_STATE=getMsg HTTP/1.1" 200 27
180.162.112.229 - - [22/Nov/2021:10:39:47 +0800] "POST /xingrg/login.do HTTP/1.1" 302 -
180.162.112.229 - - [22/Nov/2021:10:39:47 +0800] "GET /xingrg/index.html?sysBaseUrl=http%3A%2F%2F180.169.147.146%3A18081%2Fxingrg%2F&costTime=205×tamp=1637548787642 HTTP/1.1" 200 17179
180.162.112.229 - - [22/Nov/2021:10:39:47 +0800] "GET /favicon.ico HTTP/1.1" 404 -
180.162.112.229 - - [22/Nov/2021:10:39:47 +0800] "POST /xingrg/all/common/load_tree.html?tree=area_rest_tree_json&manage=1 HTTP/1.1" 200 351
180.162.112.229 - - [22/Nov/2021:10:39:48 +0800] "GET /xingrg/check_reg.html?_=1637548260817 HTTP/1.1" 200 22
180.162.112.229 - - [22/Nov/2021:10:39:48 +0800] "GET /xingrg/all/function/internal_message.html?_=1637548260816&CODE_STATE=count HTTP/1.1" 200 11
114.85.125.222 - - [22/Nov/2021:10:39:48 +0800] "GET /xingrg/check_reg.html?_=1637548762373 HTTP/1.1" 200 22
180.162.112.229 - - [22/Nov/2021:10:39:48 +0800] "POST /xingrg/load_menu.html HTTP/1.1" 200 5138
114.85.125.222 - - [22/Nov/2021:10:39:48 +0800] "GET /xingrg/all/function/internal_message.html?_=1637548762722&CODE_STATE=getMsg HTTP/1.1" 200 27
114.86.229.7 - - [22/Nov/2021:10:39:48 +0800] "GET /xingrg/all/function/internal_message.html?_=1637548788500&CODE_STATE=getMsg HTTP/1.1" 200 27
180.162.112.229 - - [22/Nov/2021:10:39:51 +0800] "GET /xingrg/kc/buy/buy_main.html HTTP/1.1" 200 12412
180.162.112.229 - - [22/Nov/2021:10:39:51 +0800] "GET /xingrg/css/new_ie.css HTTP/1.1" 404 1036
180.162.112.229 - - [22/Nov/2021:10:39:51 +0800] "GET /xingrg/images/yd/bt.gif HTTP/1.1" 404 1040
180.157.253.6 - - [22/Nov/2021:10:39:52 +0800] "GET /xingrg/all/function/internal_message.html?_=1637548792271&CODE_STATE=getMsg HTTP/1.1" 200 27
180.162.112.229 - - [22/Nov/2021:10:39:52 +0800] "GET /xingrg/kc/buy/cgsh_order_list.html HTTP/1.1" 200 49205
116.235.93.2 - - [22/Nov/2021:10:39:53 +0800] "GET /xingrg/all/function/internal_message.html?_=1637548797622&CODE_STATE=getMsg HTTP/1.1" 200 27
180.169.147.146 - - [22/Nov/2021:10:39:53 +0800] "GET /xingrg/all/function/internal_message.html?_=1637548792637&CODE_STATE=getMsg HTTP/1.1" 200 27
180.169.147.146 - - [22/Nov/2021:10:39:55 +0800] "GET /xingrg/all/function/internal_message.html?_=1637548788720&CODE_STATE=getMsg HTTP/1.1" 200 27
180.162.112.229 - - [22/Nov/2021:10:39:55 +0800] "POST /xingrg/kc/buy/cgsh_list_operate.html HTTP/1.1" 200 2064
180.174.250.202 - - [22/Nov/2021:10:39:57 +0800] "GET /xingrg/all/function/internal_message.html?_=1637548796253&CODE_STATE=getMsg HTTP/1.1" 200 27
124.78.153.86 - - [22/Nov/2021:10:39:57 +0800] "GET /xingrg/kc/base/wldb_order_operate.html?command=get_materiel&rest_code=00106&base_code=0010396&code=00101016044 HTTP/1.1" 200 466
61.151.178.177 - - [22/Nov/2021:10:39:57 +0800] "GET /xingrg/all/function/internal_message.html?_=1637548736276&CODE_STATE=getMsg HTTP/1.1" 302 -
124.78.153.86 - - [22/Nov/2021:10:39:57 +0800] "GET /xingrg/all/function/internal_message.html?_=1637548796256&CODE_STATE=getMsg HTTP/1.1" 200 27
61.151.178.177 - - [22/Nov/2021:10:39:58 +0800] "GET /xingrg/login.html HTTP/1.1" 200 7641
124.78.153.86 - - [22/Nov/2021:10:39:59 +0800] "GET /xingrg/all/function/internal_message.html?_=1637548800651&CODE_STATE=getMsg HTTP/1.1" 200 27
180.162.112.229 - - [22/Nov/2021:10:40:00 +0800] "POST /xingrg/kc/buy/cgsh_list_operate.html HTTP/1.1" 200 590
180.162.112.229 - - [22/Nov/2021:10:40:01 +0800] "GET /xingrg/kc/buy/cgsh_order_info.html?code=212021112008503 HTTP/1.1" 200 64069
180.162.112.229 - - [22/Nov/2021:10:40:01 +0800] "GET /xingrg/words/20211119163412_words.js HTTP/1.1" 200 873415
180.162.112.229 - - [22/Nov/2021:10:40:02 +0800] "GET /xingrg/all/common/auto_word.html?type=employee&rest_code=00143 HTTP/1.1" 200 55
180.162.112.229 - - [22/Nov/2021:10:40:02 +0800] "GET /xingrg/javascript/easyui/themes/default/validatebox.css HTTP/1.1" 404 1104
180.162.112.229 - - [22/Nov/2021:10:40:02 +0800] "GET /xingrg/all/common/auto_word.html?type=employee&rest_code=00143 HTTP/1.1" 200 55
180.162.112.229 - - [22/Nov/2021:10:40:02 +0800] "POST /xingrg/kc/buy/cgsh_order_operate.html HTTP/1.1" 200 13374
124.78.153.86 - - [22/Nov/2021:10:40:07 +0800] "GET /xingrg/kc/base/wldb_order_operate.html?command=get_materiel&rest_code=00106&base_code=0010396&code=00101019315 HTTP/1.1" 200 461
180.174.250.202 - - [22/Nov/2021:10:40:09 +0800] "GET /xingrg/all/function/internal_message.html?_=1637548802363&CODE_STATE=getMsg HTTP/1.1" 200 27
116.235.93.2 - - [22/Nov/2021:10:40:12 +0800] "GET /xingrg/check_reg.html?_=1637548926432 HTTP/1.1" 302 -
116.235.93.2 - - [22/Nov/2021:10:40:12 +0800] "GET /xingrg/all/function/internal_message.html?_=1637548926432&CODE_STATE=getMsg HTTP/1.1" 302 -
58.40.7.146 - - [22/Nov/2021:10:40:13 +0800] "GET /xingrg/all/function/internal_message.html?_=1637548812219&CODE_STATE=getMsg HTTP/1.1" 200 27
124.78.153.86 - - [22/Nov/2021:10:40:23 +0800] "GET /xingrg/kc/base/wldb_order_operate.html?command=get_materiel&rest_code=00106&base_code=0010396&code=00101019195 HTTP/1.1" 200 460
58.39.139.200 - - [22/Nov/2021:10:40:26 +0800] "GET /xingrg/kc/buy/cgsh_order_operate.html?command=get_materiel&rest_code=00105&code=00101008358&supplier_code=00100203&order_time=2021-11-22 HTTP/1.1" 200 412
222.69.129.93 - - [22/Nov/2021:10:40:28 +0800] "POST /xingrg/services/DataTransmitService HTTP/1.1" 200 524
58.39.139.200 - - [22/Nov/2021:10:40:32 +0800] "POST /xingrg/kc/buy/cgsh_order_operate.html HTTP/1.1" 200 2065
58.40.7.146 - - [22/Nov/2021:10:40:33 +0800] "GET /xingrg/all/function/internal_message.html?_=1637548832704&CODE_STATE=getMsg HTTP/1.1" 200 27
116.238.248.233 - - [22/Nov/2021:10:40:33 +0800] "GET /xingrg/check_reg.html?_=1637548831864 HTTP/1.1" 200 22
116.227.210.113 - - [22/Nov/2021:10:40:33 +0800] "GET /xingrg/check_reg.html?_=1637548824584 HTTP/1.1" 200 22
116.238.248.233 - - [22/Nov/2021:10:40:33 +0800] "GET /xingrg/all/function/internal_message.html?_=1637548831865&CODE_STATE=getMsg HTTP/1.1" 200 27
116.227.210.113 - - [22/Nov/2021:10:40:33 +0800] "GET /xingrg/all/function/internal_message.html?_=1637548824587&CODE_STATE=getMsg HTTP/1.1" 200 27
124.78.153.86 - - [22/Nov/2021:10:40:37 +0800] "GET /xingrg/kc/base/wldb_order_operate.html?command=get_materiel&rest_code=00106&base_code=0010396&code=00101019066 HTTP/1.1" 200 441
58.37.231.44 - - [22/Nov/2021:10:40:40 +0800] "GET /xingrg/check_reg.html?_=1637548665598 HTTP/1.1" 200 22
58.37.231.44 - - [22/Nov/2021:10:40:40 +0800] "GET /xingrg/all/function/internal_message.html?_=1637548665600&CODE_STATE=getMsg HTTP/1.1" 200 27
222.70.171.86 - - [22/Nov/2021:10:40:45 +0800] "GET /xingrg/all/function/internal_message.html?_=1637548848277&CODE_STATE=getMsg HTTP/1.1" 200 27
124.78.153.86 - - [22/Nov/2021:10:40:46 +0800] "POST /xingrg/kc/base/wldb_order_operate.html HTTP/1.1" 200 37
124.78.153.86 - - [22/Nov/2021:10:40:46 +0800] "POST /xingrg/kc/base/wldb_order_operate.html HTTP/1.1" 200 3715
58.39.139.200 - - [22/Nov/2021:10:40:47 +0800] "GET /xingrg/all/function/internal_message.html?_=1637548782696&CODE_STATE=getMsg HTTP/1.1" 200 27
124.78.153.86 - - [22/Nov/2021:10:40:47 +0800] "GET /xingrg/kc/base/wldb_order_info.html?code=422021112202398 HTTP/1.1" 200 30452
180.162.112.229 - - [22/Nov/2021:10:40:48 +0800] "GET /xingrg/all/function/internal_message.html?_=1637548320820&CODE_STATE=getMsg HTTP/1.1" 200 27
124.78.153.86 - - [22/Nov/2021:10:40:48 +0800] "GET /xingrg/javascript/easyui/themes/default/validatebox.css HTTP/1.1" 404 1104
124.78.153.86 - - [22/Nov/2021:10:40:48 +0800] "POST /xingrg/kc/base/wldb_order_operate.html HTTP/1.1" 200 3715
58.39.139.200 - - [22/Nov/2021:10:40:48 +0800] "GET /xingrg/check_reg.html?_=1637548784257 HTTP/1.1" 200 22
114.86.229.7 - - [22/Nov/2021:10:40:48 +0800] "GET /xingrg/all/function/internal_message.html?_=1637548848502&CODE_STATE=getMsg HTTP/1.1" 200 27
180.169.147.146 - - [22/Nov/2021:10:40:49 +0800] "GET /xingrg/check_reg.html?_=1637548848688 HTTP/1.1" 200 22
124.78.153.86 - - [22/Nov/2021:10:40:50 +0800] "GET /xingrg/kc/base/base_main.html HTTP/1.1" 200 12142
114.85.125.222 - - [22/Nov/2021:10:40:51 +0800] "GET /xingrg/all/function/internal_message.html?_=1637548822736&CODE_STATE=getMsg HTTP/1.1" 200 27
124.78.153.86 - - [22/Nov/2021:10:40:52 +0800] "GET /xingrg/kc/base/wldb_order_list.html HTTP/1.1" 200 19224
180.157.253.6 - - [22/Nov/2021:10:40:52 +0800] "GET /xingrg/all/function/internal_message.html?_=1637548852272&CODE_STATE=getMsg HTTP/1.1" 200 27
124.78.153.86 - - [22/Nov/2021:10:40:52 +0800] "POST /xingrg/kc/base/wldb_list_operate.html HTTP/1.1" 200 2166
58.39.139.200 - - [22/Nov/2021:10:40:53 +0800] "GET /xingrg/kc/buy/cgsh_order_operate.html?command=get_materiel&rest_code=00105&code=00101008096&supplier_code=00100203&order_time=2021-11-22 HTTP/1.1" 200 412
116.235.93.2 - - [22/Nov/2021:10:40:53 +0800] "GET /xingrg/all/function/internal_message.html?_=1637548857635&CODE_STATE=getMsg HTTP/1.1" 200 27
180.169.147.146 - - [22/Nov/2021:10:40:53 +0800] "GET /xingrg/all/function/internal_message.html?_=1637548852615&CODE_STATE=getMsg HTTP/1.1" 200 27
124.78.153.86 - - [22/Nov/2021:10:40:54 +0800] "POST /xingrg/kc/base/wldb_list_operate.html HTTP/1.1" 200 648
180.169.147.146 - - [22/Nov/2021:10:40:55 +0800] "GET /xingrg/all/function/internal_message.html?_=1637548848703&CODE_STATE=getMsg HTTP/1.1" 200 27
124.78.153.86 - - [22/Nov/2021:10:40:55 +0800] "GET /xingrg/kc/base/wldb_order_info.html?code=422021112202397 HTTP/1.1" 200 30453
124.78.153.86 - - [22/Nov/2021:10:40:56 +0800] "GET /xingrg/javascript/easyui/themes/default/validatebox.css HTTP/1.1" 404 1104
124.78.153.86 - - [22/Nov/2021:10:40:56 +0800] "POST /xingrg/kc/base/wldb_order_operate.html HTTP/1.1" 200 5236
180.174.250.202 - - [22/Nov/2021:10:40:57 +0800] "GET /xingrg/all/function/internal_message.html?_=1637548856243&CODE_STATE=getMsg HTTP/1.1" 200 27
124.78.153.86 - - [22/Nov/2021:10:40:57 +0800] "GET /xingrg/all/function/internal_message.html?_=1637548856228&CODE_STATE=getMsg HTTP/1.1" 200 27
124.78.153.86 - - [22/Nov/2021:10:40:59 +0800] "GET /xingrg/all/function/internal_message.html?_=1637548860661&CODE_STATE=getMsg HTTP/1.1" 200 27
180.174.250.202 - - [22/Nov/2021:10:41:06 +0800] "GET /xingrg/check_reg.html?_=1637548859042 HTTP/1.1" 200 22
180.174.250.202 - - [22/Nov/2021:10:41:09 +0800] "GET /xingrg/all/function/internal_message.html?_=1637548862627&CODE_STATE=getMsg HTTP/1.1" 200 27
116.235.93.2 - - [22/Nov/2021:10:41:12 +0800] "GET /xingrg/all/function/internal_message.html?_=1637548986431&CODE_STATE=getMsg HTTP/1.1" 302 -
58.40.7.146 - - [22/Nov/2021:10:41:13 +0800] "GET /xingrg/check_reg.html?_=1637548872206 HTTP/1.1" 200 22
58.40.7.146 - - [22/Nov/2021:10:41:13 +0800] "GET /xingrg/all/function/internal_message.html?_=1637548872207&CODE_STATE=getMsg HTTP/1.1" 200 27
58.39.139.200 - - [22/Nov/2021:10:41:18 +0800] "GET /xingrg/kc/buy/cgsh_order_operate.html?command=get_materiel&rest_code=00105&code=00101008221&supplier_code=00100203&order_time=2021-11-22 HTTP/1.1" 200 412
124.78.153.86 - - [22/Nov/2021:10:41:20 +0800] "GET /xingrg/kc/base/wldb_order_operate.html?command=get_materiel&rest_code=00106&base_code=0010396&code=00101019400 HTTP/1.1" 200 450
222.69.129.93 - - [22/Nov/2021:10:41:29 +0800] "POST /xingrg/services/DataTransmitService HTTP/1.1" 200 501
222.69.129.93 - - [22/Nov/2021:10:41:29 +0800] "POST /xingrg/services/DataTransmitService HTTP/1.1" 200 501
222.69.129.93 - - [22/Nov/2021:10:41:33 +0800] "POST /xingrg/services/DataTransmitService HTTP/1.1" 200 501
58.40.7.146 - - [22/Nov/2021:10:41:33 +0800] "GET /xingrg/all/function/internal_message.html?_=1637548892706&CODE_STATE=getMsg HTTP/1.1" 200 27
