116.235.93.2 - - [22/Nov/2021:10:48:07 +0800] "GET /xingrg/javascript/easyui/themes/icon.css HTTP/1.1" 304 -
116.235.93.2 - - [22/Nov/2021:10:48:07 +0800] "GET /xingrg/javascript/jquery_tools/datebox.css HTTP/1.1" 304 -
116.235.93.2 - - [22/Nov/2021:10:48:07 +0800] "GET /xingrg/javascript/jquery_tools/table.css HTTP/1.1" 304 -
116.235.93.2 - - [22/Nov/2021:10:48:07 +0800] "GET /xingrg/css/site.css HTTP/1.1" 304 -
116.235.93.2 - - [22/Nov/2021:10:48:07 +0800] "GET /xingrg/css/base.css HTTP/1.1" 304 -
116.235.93.2 - - [22/Nov/2021:10:48:07 +0800] "GET /xingrg/javascript/easyui/themes/default/easyui.css HTTP/1.1" 304 -
116.235.93.2 - - [22/Nov/2021:10:48:07 +0800] "GET /xingrg/javascript/auto/jquery.autocomplete.css HTTP/1.1" 304 -
116.235.93.2 - - [22/Nov/2021:10:48:07 +0800] "GET /xingrg/javascript/jquery_tools/jquery.tools.min.js HTTP/1.1" 304 -
116.235.93.2 - - [22/Nov/2021:10:48:07 +0800] "GET /xingrg/javascript/jquery_tools/jquery.tools.extend.js HTTP/1.1" 304 -
116.235.93.2 - - [22/Nov/2021:10:48:07 +0800] "GET /xingrg/javascript/pic_change.js HTTP/1.1" 304 -
116.235.93.2 - - [22/Nov/2021:10:48:07 +0800] "GET /xingrg/javascript/jquery_tools/jquery.tools.hotkey.js HTTP/1.1" 304 -
116.235.93.2 - - [22/Nov/2021:10:48:07 +0800] "GET /xingrg/javascript/auto/jquery.autocomplete.js HTTP/1.1" 304 -
116.235.93.2 - - [22/Nov/2021:10:48:07 +0800] "GET /xingrg/javascript/jquery_tools/jquery.tools.table.js HTTP/1.1" 304 -
116.235.93.2 - - [22/Nov/2021:10:48:07 +0800] "GET /xingrg/javascript/easyui/easyloader.js HTTP/1.1" 304 -
116.235.93.2 - - [22/Nov/2021:10:48:07 +0800] "GET /xingrg/javascript/print/LodopFuncs.js HTTP/1.1" 304 -
116.235.93.2 - - [22/Nov/2021:10:48:07 +0800] "GET /xingrg/javascript/jquery.utils.js HTTP/1.1" 304 -
116.235.93.2 - - [22/Nov/2021:10:48:07 +0800] "GET /xingrg/javascript/jquery_tools/order_manager.js HTTP/1.1" 304 -
116.235.93.2 - - [22/Nov/2021:10:48:07 +0800] "GET /xingrg/javascript/convert.js HTTP/1.1" 304 -
116.235.93.2 - - [22/Nov/2021:10:48:07 +0800] "GET /xingrg/javascript/print/kc_print.js HTTP/1.1" 304 -
116.235.93.2 - - [22/Nov/2021:10:48:07 +0800] "GET /xingrg/javascript/jquery.cookie.js HTTP/1.1" 304 -
116.235.93.2 - - [22/Nov/2021:10:48:07 +0800] "GET /xingrg/javascript/json2.js HTTP/1.1" 304 -
180.162.112.229 - - [22/Nov/2021:10:48:08 +0800] "GET /xingrg/kc/print/load_config.html?kc_code=cgsh HTTP/1.1" 200 2281
180.162.112.229 - - [22/Nov/2021:10:48:08 +0800] "GET /xingrg/kc/print/load_data.html?order_code=212021112209384&kc_code=cgsh&condition= HTTP/1.1" 200 741
116.235.93.2 - - [22/Nov/2021:10:48:08 +0800] "GET /xingrg/words/20211119163412_words.js HTTP/1.1" 304 -
116.235.93.2 - - [22/Nov/2021:10:48:09 +0800] "GET /xingrg/javascript/easyui/themes/icons/copy_new.png HTTP/1.1" 304 -
116.235.93.2 - - [22/Nov/2021:10:48:09 +0800] "GET /xingrg/javascript/easyui/themes/icons/template_new.png HTTP/1.1" 304 -
116.235.93.2 - - [22/Nov/2021:10:48:09 +0800] "GET /xingrg/javascript/easyui/themes/icons/ok.png HTTP/1.1" 304 -
116.235.93.2 - - [22/Nov/2021:10:48:09 +0800] "GET /xingrg/javascript/easyui/themes/icons/print.png HTTP/1.1" 304 -
116.235.93.2 - - [22/Nov/2021:10:48:09 +0800] "GET /xingrg/javascript/easyui/themes/default/images/menu_downarrow.png HTTP/1.1" 304 -
116.235.93.2 - - [22/Nov/2021:10:48:09 +0800] "GET /xingrg/javascript/easyui/themes/icons/cancel.png HTTP/1.1" 304 -
116.235.93.2 - - [22/Nov/2021:10:48:09 +0800] "GET /xingrg/javascript/easyui/plugins/jquery.parser.js HTTP/1.1" 304 -
116.235.93.2 - - [22/Nov/2021:10:48:09 +0800] "POST /xingrg/kc/buy/cgsh_order_operate.html HTTP/1.1" 200 8245
116.235.93.2 - - [22/Nov/2021:10:48:09 +0800] "GET /xingrg/all/common/auto_word.html?type=employee&rest_code=00104 HTTP/1.1" 200 195
116.235.93.2 - - [22/Nov/2021:10:48:09 +0800] "GET /xingrg/all/common/auto_word.html?type=employee&rest_code=00104 HTTP/1.1" 200 195
116.235.93.2 - - [22/Nov/2021:10:48:09 +0800] "GET /xingrg/javascript/easyui/themes/default/validatebox.css HTTP/1.1" 404 1104
116.235.93.2 - - [22/Nov/2021:10:48:09 +0800] "GET /xingrg/javascript/easyui/plugins/jquery.validatebox.js HTTP/1.1" 304 -
116.235.93.2 - - [22/Nov/2021:10:48:09 +0800] "GET /xingrg/javascript/easyui/plugins/jquery.numberbox.js HTTP/1.1" 304 -
116.235.93.2 - - [22/Nov/2021:10:48:11 +0800] "GET /xingrg/javascript/easyui/plugins/jquery.draggable.js HTTP/1.1" 304 -
116.235.93.2 - - [22/Nov/2021:10:48:11 +0800] "GET /xingrg/css/images/panel_loading.gif HTTP/1.1" 304 -
116.235.93.2 - - [22/Nov/2021:10:48:11 +0800] "GET /xingrg/javascript/easyui/plugins/jquery.droppable.js HTTP/1.1" 304 -
180.174.250.202 - - [22/Nov/2021:10:48:11 +0800] "GET /xingrg/all/function/internal_message.html?_=1637549284081&CODE_STATE=getMsg HTTP/1.1" 200 27
116.235.93.2 - - [22/Nov/2021:10:48:11 +0800] "GET /xingrg/javascript/easyui/themes/default/tree.css HTTP/1.1" 404 1090
116.235.93.2 - - [22/Nov/2021:10:48:11 +0800] "GET /xingrg/javascript/easyui/plugins/jquery.tree.js HTTP/1.1" 304 -
116.235.93.2 - - [22/Nov/2021:10:48:11 +0800] "POST /xingrg/all/common/load_tree.html?tree=supplier_tree_json&isDelete=1 HTTP/1.1" 200 60674
116.235.93.2 - - [22/Nov/2021:10:48:12 +0800] "GET /xingrg/all/function/internal_message.html?_=1637549406434&CODE_STATE=getMsg HTTP/1.1" 302 -
58.40.7.146 - - [22/Nov/2021:10:48:13 +0800] "GET /xingrg/all/function/internal_message.html?_=1637549292227&CODE_STATE=getMsg HTTP/1.1" 200 27
116.235.93.2 - - [22/Nov/2021:10:48:13 +0800] "GET /xingrg/javascript/easyui/themes/default/images/tree_folder_open.gif HTTP/1.1" 304 -
116.235.93.2 - - [22/Nov/2021:10:48:13 +0800] "GET /xingrg/javascript/easyui/themes/default/images/tree_folder.gif HTTP/1.1" 304 -
116.235.93.2 - - [22/Nov/2021:10:48:13 +0800] "GET /xingrg/javascript/easyui/themes/default/images/tree_file.gif HTTP/1.1" 304 -
58.39.139.200 - - [22/Nov/2021:10:48:21 +0800] "GET /xingrg/kc/buy/cgsh_order_operate.html?command=get_materiel&rest_code=00105&code=00101008350&supplier_code=00100203&order_time=2021-11-22 HTTP/1.1" 200 408
222.70.171.86 - - [22/Nov/2021:10:48:23 +0800] "GET /xingrg/kc/buy/cgsh_order_operate.html?command=get_materiel&rest_code=00146&code=00101008125&supplier_code=00100005&order_time=2021-11-22 HTTP/1.1" 200 413
222.70.176.97 - - [22/Nov/2021:10:48:31 +0800] "GET /xingrg/all/function/internal_message.html?_=1637549310233&CODE_STATE=getMsg HTTP/1.1" 200 27
116.235.93.2 - - [22/Nov/2021:10:48:32 +0800] "GET /xingrg/kc/buy/cgsh_order_operate.html?command=get_materiel&rest_code=00104&code=00101028011&supplier_code=00100017&order_time=2021-11-22 HTTP/1.1" 200 452
58.40.7.146 - - [22/Nov/2021:10:48:33 +0800] "GET /xingrg/check_reg.html?_=1637549312722 HTTP/1.1" 200 22
58.40.7.146 - - [22/Nov/2021:10:48:33 +0800] "GET /xingrg/all/function/internal_message.html?_=1637549312723&CODE_STATE=getMsg HTTP/1.1" 200 27
116.227.210.113 - - [22/Nov/2021:10:48:33 +0800] "GET /xingrg/all/function/internal_message.html?_=1637549304582&CODE_STATE=getMsg HTTP/1.1" 200 27
116.238.248.233 - - [22/Nov/2021:10:48:33 +0800] "GET /xingrg/all/function/internal_message.html?_=1637549311921&CODE_STATE=getMsg HTTP/1.1" 200 27
58.37.231.44 - - [22/Nov/2021:10:48:40 +0800] "GET /xingrg/all/function/internal_message.html?_=1637549145627&CODE_STATE=getMsg HTTP/1.1" 200 27
222.70.171.86 - - [22/Nov/2021:10:48:43 +0800] "GET /xingrg/kc/buy/cgsh_order_operate.html?command=get_materiel&rest_code=00146&code=00101008163&supplier_code=00100005&order_time=2021-11-22 HTTP/1.1" 200 409
222.70.171.86 - - [22/Nov/2021:10:48:45 +0800] "GET /xingrg/all/function/internal_message.html?_=1637549328433&CODE_STATE=getMsg HTTP/1.1" 200 27
58.39.139.200 - - [22/Nov/2021:10:48:47 +0800] "GET /xingrg/all/function/internal_message.html?_=1637549262551&CODE_STATE=getMsg HTTP/1.1" 200 27
222.70.171.86 - - [22/Nov/2021:10:48:47 +0800] "POST /xingrg/kc/buy/cgsh_order_operate.html HTTP/1.1" 200 2065
180.162.112.229 - - [22/Nov/2021:10:48:48 +0800] "GET /xingrg/all/function/internal_message.html?_=1637548800843&CODE_STATE=getMsg HTTP/1.1" 200 27
114.85.125.222 - - [22/Nov/2021:10:48:48 +0800] "GET /xingrg/all/function/internal_message.html?_=1637549302844&CODE_STATE=getMsg HTTP/1.1" 200 27
114.86.229.7 - - [22/Nov/2021:10:48:48 +0800] "GET /xingrg/all/function/internal_message.html?_=1637549328522&CODE_STATE=getMsg HTTP/1.1" 200 27
180.157.253.6 - - [22/Nov/2021:10:48:52 +0800] "GET /xingrg/all/function/internal_message.html?_=1637549332298&CODE_STATE=getMsg HTTP/1.1" 200 27
116.235.93.2 - - [22/Nov/2021:10:48:52 +0800] "GET /xingrg/check_reg.html?_=1637549337221 HTTP/1.1" 200 22
180.169.147.146 - - [22/Nov/2021:10:48:53 +0800] "GET /xingrg/all/function/internal_message.html?_=1637549332544&CODE_STATE=getMsg HTTP/1.1" 200 27
116.235.93.2 - - [22/Nov/2021:10:48:53 +0800] "GET /xingrg/all/function/internal_message.html?_=1637549338211&CODE_STATE=getMsg HTTP/1.1" 200 27
180.169.147.146 - - [22/Nov/2021:10:48:55 +0800] "GET /xingrg/all/function/internal_message.html?_=1637549328599&CODE_STATE=getMsg HTTP/1.1" 200 27
222.70.171.86 - - [22/Nov/2021:10:48:56 +0800] "GET /xingrg/kc/buy/cgsh_order_operate.html?command=get_materiel&rest_code=00146&code=00101008141&supplier_code=00100005&order_time=2021-11-22 HTTP/1.1" 200 412
180.174.250.202 - - [22/Nov/2021:10:48:57 +0800] "GET /xingrg/all/function/internal_message.html?_=1637549336263&CODE_STATE=getMsg HTTP/1.1" 200 27
180.174.250.202 - - [22/Nov/2021:10:48:57 +0800] "GET /xingrg/check_reg.html?_=1637549336268 HTTP/1.1" 200 22
116.235.93.2 - - [22/Nov/2021:10:48:57 +0800] "GET /xingrg/kc/buy/cgsh_order_operate.html?command=get_materiel&rest_code=00104&code=00101029002&supplier_code=00100017&order_time=2021-11-22 HTTP/1.1" 200 470
124.78.153.86 - - [22/Nov/2021:10:48:57 +0800] "GET /xingrg/all/function/internal_message.html?_=1637549336027&CODE_STATE=getMsg HTTP/1.1" 200 27
58.37.231.44 - - [22/Nov/2021:10:48:59 +0800] "POST /xingrg/services/DataTransmitService HTTP/1.1" 200 524
124.78.153.86 - - [22/Nov/2021:10:48:59 +0800] "GET /xingrg/all/function/internal_message.html?_=1637549340684&CODE_STATE=getMsg HTTP/1.1" 200 27
58.37.231.44 - - [22/Nov/2021:10:48:59 +0800] "POST /xingrg/services/DataTransmitService HTTP/1.1" 200 501
222.70.176.97 - - [22/Nov/2021:10:49:04 +0800] "POST /xingrg/kc/buy/cgsh_order_operate.html HTTP/1.1" 200 37
222.70.176.97 - - [22/Nov/2021:10:49:11 +0800] "POST /xingrg/kc/buy/cgsh_order_operate.html HTTP/1.1" 200 5630
180.174.250.202 - - [22/Nov/2021:10:49:11 +0800] "GET /xingrg/all/function/internal_message.html?_=1637549344121&CODE_STATE=getMsg HTTP/1.1" 200 27
116.235.93.2 - - [22/Nov/2021:10:49:12 +0800] "GET /xingrg/all/function/internal_message.html?_=1637549466432&CODE_STATE=getMsg HTTP/1.1" 302 -
222.70.176.97 - - [22/Nov/2021:10:49:12 +0800] "GET /xingrg/kc/print/load_config.html?kc_code=cgsh HTTP/1.1" 200 2281
222.70.176.97 - - [22/Nov/2021:10:49:12 +0800] "GET /xingrg/kc/print/load_data.html?order_code=212021112209385&kc_code=cgsh&condition= HTTP/1.1" 200 1790
58.40.7.146 - - [22/Nov/2021:10:49:13 +0800] "GET /xingrg/all/function/internal_message.html?_=1637549352213&CODE_STATE=getMsg HTTP/1.1" 200 27
222.70.176.97 - - [22/Nov/2021:10:49:20 +0800] "GET /xingrg/kc/buy/cgsh_order_add.html HTTP/1.1" 200 64934
222.70.176.97 - - [22/Nov/2021:10:49:20 +0800] "POST /xingrg/kc/buy/cgsh_order_operate.html HTTP/1.1" 200 8245
222.70.176.97 - - [22/Nov/2021:10:49:20 +0800] "GET /xingrg/javascript/easyui/themes/default/validatebox.css HTTP/1.1" 404 1104
222.70.171.86 - - [22/Nov/2021:10:49:21 +0800] "GET /xingrg/kc/buy/cgsh_order_operate.html?command=get_materiel&rest_code=00146&code=00101008355&supplier_code=00100005&order_time=2021-11-22 HTTP/1.1" 200 408
58.221.95.50 - - [22/Nov/2021:10:49:23 +0800] "GET /xingrg/check_reg.html?_=1637549364602 HTTP/1.1" 302 -
222.70.176.97 - - [22/Nov/2021:10:49:31 +0800] "GET /xingrg/check_reg.html?_=1637549370240 HTTP/1.1" 200 22
222.70.176.97 - - [22/Nov/2021:10:49:31 +0800] "GET /xingrg/all/function/internal_message.html?_=1637549370243&CODE_STATE=getMsg HTTP/1.1" 200 27
180.174.250.202 - - [22/Nov/2021:10:49:31 +0800] "GET /xingrg/javascript/auto/indicator.gif HTTP/1.1" 404 1066
116.235.93.2 - - [22/Nov/2021:10:49:31 +0800] "GET /xingrg/kc/buy/cgsh_order_operate.html?command=get_materiel&rest_code=00104&code=00101029010&supplier_code=00100017&order_time=2021-11-22 HTTP/1.1" 200 439
180.174.250.202 - - [22/Nov/2021:10:49:32 +0800] "GET /xingrg/javascript/jquery_tools/images/prev.gif HTTP/1.1" 404 1086
180.174.250.202 - - [22/Nov/2021:10:49:32 +0800] "GET /xingrg/javascript/jquery_tools/images/next.gif HTTP/1.1" 404 1086
58.40.7.146 - - [22/Nov/2021:10:49:33 +0800] "GET /xingrg/all/function/internal_message.html?_=1637549372709&CODE_STATE=getMsg HTTP/1.1" 200 27
116.227.210.113 - - [22/Nov/2021:10:49:33 +0800] "GET /xingrg/all/function/internal_message.html?_=1637549364573&CODE_STATE=getMsg HTTP/1.1" 200 27
116.238.248.233 - - [22/Nov/2021:10:49:33 +0800] "GET /xingrg/all/function/internal_message.html?_=1637549371921&CODE_STATE=getMsg HTTP/1.1" 200 27
222.70.176.97 - - [22/Nov/2021:10:49:37 +0800] "GET /xingrg/kc/buy/cgsh_order_operate.html?command=get_materiel&rest_code=00111&code=00102015073&supplier_code=00100151&order_time=2021-11-22 HTTP/1.1" 200 410
58.37.231.44 - - [22/Nov/2021:10:49:40 +0800] "GET /xingrg/all/function/internal_message.html?_=1637549205626&CODE_STATE=getMsg HTTP/1.1" 200 27
222.70.171.86 - - [22/Nov/2021:10:49:43 +0800] "POST /xingrg/kc/buy/cgsh_order_operate.html HTTP/1.1" 200 2065
180.174.250.202 - - [22/Nov/2021:10:49:44 +0800] "GET /xingrg/kc/buy/cgsh_order_operate.html?command=get_materiel&rest_code=00102&code=00101008091&supplier_code=00100008&order_time=2021-11-22 HTTP/1.1" 200 413
222.70.171.86 - - [22/Nov/2021:10:49:45 +0800] "GET /xingrg/all/function/internal_message.html?_=1637549388447&CODE_STATE=getMsg HTTP/1.1" 200 27
58.39.139.200 - - [22/Nov/2021:10:49:47 +0800] "GET /xingrg/all/function/internal_message.html?_=1637549322553&CODE_STATE=getMsg HTTP/1.1" 200 27
180.162.112.229 - - [22/Nov/2021:10:49:48 +0800] "GET /xingrg/all/function/internal_message.html?_=1637548860836&CODE_STATE=getMsg HTTP/1.1" 200 27
180.162.112.229 - - [22/Nov/2021:10:49:48 +0800] "GET /xingrg/check_reg.html?_=1637548860885 HTTP/1.1" 200 22
114.85.125.222 - - [22/Nov/2021:10:49:48 +0800] "GET /xingrg/check_reg.html?_=1637549362398 HTTP/1.1" 200 22
114.85.125.222 - - [22/Nov/2021:10:49:48 +0800] "GET /xingrg/all/function/internal_message.html?_=1637549362858&CODE_STATE=getMsg HTTP/1.1" 200 27
114.86.229.7 - - [22/Nov/2021:10:49:48 +0800] "GET /xingrg/all/function/internal_message.html?_=1637549388524&CODE_STATE=getMsg HTTP/1.1" 200 27
180.157.253.6 - - [22/Nov/2021:10:49:52 +0800] "GET /xingrg/all/function/internal_message.html?_=1637549392298&CODE_STATE=getMsg HTTP/1.1" 200 27
180.169.147.146 - - [22/Nov/2021:10:49:53 +0800] "GET /xingrg/all/function/internal_message.html?_=1637549392519&CODE_STATE=getMsg HTTP/1.1" 200 27
116.235.93.2 - - [22/Nov/2021:10:49:53 +0800] "GET /xingrg/all/function/internal_message.html?_=1637549398225&CODE_STATE=getMsg HTTP/1.1" 200 27
180.169.147.146 - - [22/Nov/2021:10:49:54 +0800] "GET /xingrg/all/function/internal_message.html?_=1637549388583&CODE_STATE=getMsg HTTP/1.1" 200 27
180.174.250.202 - - [22/Nov/2021:10:49:57 +0800] "GET /xingrg/all/function/internal_message.html?_=1637549396263&CODE_STATE=getMsg HTTP/1.1" 200 27
116.235.93.2 - - [22/Nov/2021:10:49:57 +0800] "GET /xingrg/kc/buy/cgsh_order_operate.html?command=get_materiel&rest_code=00104&code=00101026016&supplier_code=00100017&order_time=2021-11-22 HTTP/1.1" 200 442
222.70.171.86 - - [22/Nov/2021:10:49:57 +0800] "GET /xingrg/kc/buy/cgsh_order_operate.html?command=get_materiel&rest_code=00146&code=00101008197&supplier_code=00100005&order_time=2021-11-22 HTTP/1.1" 200 416
124.78.153.86 - - [22/Nov/2021:10:49:57 +0800] "GET /xingrg/all/function/internal_message.html?_=1637549396001&CODE_STATE=getMsg HTTP/1.1" 200 27
124.78.153.86 - - [22/Nov/2021:10:49:59 +0800] "GET /xingrg/all/function/internal_message.html?_=1637549400679&CODE_STATE=getMsg HTTP/1.1" 200 27
116.235.93.2 - - [22/Nov/2021:10:50:03 +0800] "GET /xingrg/javascript/easyui/themes/default/images/button_plain_hover.png HTTP/1.1" 304 -
116.235.93.2 - - [22/Nov/2021:10:50:03 +0800] "GET /xingrg/javascript/easyui/themes/default/images/button_plain_hover.png HTTP/1.1" 304 -
222.70.176.97 - - [22/Nov/2021:10:50:05 +0800] "POST /xingrg/kc/buy/cgsh_order_operate.html HTTP/1.1" 200 37
180.174.250.202 - - [22/Nov/2021:10:50:11 +0800] "GET /xingrg/all/function/internal_message.html?_=1637549404710&CODE_STATE=getMsg HTTP/1.1" 200 27
116.235.93.2 - - [22/Nov/2021:10:50:12 +0800] "GET /xingrg/check_reg.html?_=1637549526430 HTTP/1.1" 302 -
116.235.93.2 - - [22/Nov/2021:10:50:12 +0800] "GET /xingrg/all/function/internal_message.html?_=1637549526432&CODE_STATE=getMsg HTTP/1.1" 302 -
58.40.7.146 - - [22/Nov/2021:10:50:13 +0800] "GET /xingrg/all/function/internal_message.html?_=1637549412215&CODE_STATE=getMsg HTTP/1.1" 200 27
116.235.93.2 - - [22/Nov/2021:10:50:13 +0800] "POST /xingrg/kc/buy/cgsh_order_operate.html HTTP/1.1" 200 37
222.70.176.97 - - [22/Nov/2021:10:50:13 +0800] "POST /xingrg/kc/buy/cgsh_order_operate.html HTTP/1.1" 200 2655
180.174.250.202 - - [22/Nov/2021:10:50:16 +0800] "GET /xingrg/kc/buy/cgsh_order_operate.html?command=get_materiel&rest_code=00102&code=00101008112&supplier_code=00100008&order_time=2021-11-22 HTTP/1.1" 200 414
116.235.93.2 - - [22/Nov/2021:10:50:18 +0800] "POST /xingrg/kc/buy/cgsh_order_operate.html HTTP/1.1" 200 4545
222.70.176.97 - - [22/Nov/2021:10:50:21 +0800] "GET /xingrg/kc/print/load_data.html?order_code=212021112209386&kc_code=cgsh&condition= HTTP/1.1" 200 644
116.235.93.2 - - [22/Nov/2021:10:50:25 +0800] "GET /xingrg/javascript/easyui/themes/default/images/button_plain_hover.png HTTP/1.1" 304 -
116.235.93.2 - - [22/Nov/2021:10:50:25 +0800] "GET /xingrg/javascript/easyui/themes/default/images/button_plain_hover.png HTTP/1.1" 304 -
116.235.93.2 - - [22/Nov/2021:10:50:25 +0800] "GET /xingrg/javascript/easyui/themes/default/images/button_plain_hover.png HTTP/1.1" 304 -
116.235.93.2 - - [22/Nov/2021:10:50:25 +0800] "GET /xingrg/javascript/easyui/themes/default/images/button_plain_hover.png HTTP/1.1" 304 -
116.235.93.2 - - [22/Nov/2021:10:50:25 +0800] "GET /xingrg/javascript/easyui/themes/default/images/button_plain_hover.png HTTP/1.1" 304 -
116.235.93.2 - - [22/Nov/2021:10:50:25 +0800] "GET /xingrg/javascript/easyui/themes/default/images/button_plain_hover.png HTTP/1.1" 304 -
222.70.171.86 - - [22/Nov/2021:10:50:25 +0800] "GET /xingrg/kc/buy/cgsh_order_operate.html?command=get_materiel&rest_code=00146&code=00101008069&supplier_code=00100005&order_time=2021-11-22 HTTP/1.1" 200 412
116.235.93.2 - - [22/Nov/2021:10:50:25 +0800] "GET /xingrg/javascript/easyui/themes/default/images/button_plain_hover.png HTTP/1.1" 304 -
116.235.93.2 - - [22/Nov/2021:10:50:26 +0800] "GET /xingrg/kc/print/load_config.html?kc_code=cgsh HTTP/1.1" 200 2281
116.235.93.2 - - [22/Nov/2021:10:50:27 +0800] "GET /xingrg/kc/print/load_data.html?order_code=212021112209387&kc_code=cgsh&condition= HTTP/1.1" 200 1522
180.174.250.202 - - [22/Nov/2021:10:50:28 +0800] "GET /xingrg/kc/buy/cgsh_order_operate.html?command=get_materiel&rest_code=00102&code=00101008038&supplier_code=00100008&order_time=2021-11-22 HTTP/1.1" 200 412
222.70.176.97 - - [22/Nov/2021:10:50:30 +0800] "GET /xingrg/kc/buy/cgsh_order_add.html HTTP/1.1" 200 64934
222.70.176.97 - - [22/Nov/2021:10:50:30 +0800] "POST /xingrg/kc/buy/cgsh_order_operate.html HTTP/1.1" 200 8245
222.70.176.97 - - [22/Nov/2021:10:50:30 +0800] "GET /xingrg/javascript/easyui/themes/default/validatebox.css HTTP/1.1" 404 1104
222.70.176.97 - - [22/Nov/2021:10:50:31 +0800] "GET /xingrg/all/function/internal_message.html?_=1637549430243&CODE_STATE=getMsg HTTP/1.1" 200 27
58.40.7.146 - - [22/Nov/2021:10:50:33 +0800] "GET /xingrg/all/function/internal_message.html?_=1637549432712&CODE_STATE=getMsg HTTP/1.1" 200 27
116.227.210.113 - - [22/Nov/2021:10:50:33 +0800] "GET /xingrg/all/function/internal_message.html?_=1637549424588&CODE_STATE=getMsg HTTP/1.1" 200 27
116.227.210.113 - - [22/Nov/2021:10:50:33 +0800] "GET /xingrg/check_reg.html?_=1637549424590 HTTP/1.1" 200 22
116.238.248.233 - - [22/Nov/2021:10:50:33 +0800] "GET /xingrg/all/function/internal_message.html?_=1637549431938&CODE_STATE=getMsg HTTP/1.1" 200 27
116.238.248.233 - - [22/Nov/2021:10:50:33 +0800] "GET /xingrg/check_reg.html?_=1637549431938 HTTP/1.1" 200 22
180.174.250.202 - - [22/Nov/2021:10:50:36 +0800] "GET /xingrg/kc/buy/cgsh_order_operate.html?command=get_materiel&rest_code=00102&code=00101008361&supplier_code=00100008&order_time=2021-11-22 HTTP/1.1" 200 408
124.78.153.86 - - [22/Nov/2021:10:50:37 +0800] "GET /xingrg/kc/buy/cgsh_order_add.html HTTP/1.1" 200 64981
124.78.153.86 - - [22/Nov/2021:10:50:38 +0800] "POST /xingrg/kc/buy/cgsh_order_operate.html HTTP/1.1" 200 8245
124.78.153.86 - - [22/Nov/2021:10:50:38 +0800] "GET /xingrg/javascript/easyui/themes/default/validatebox.css HTTP/1.1" 404 1104
222.70.176.97 - - [22/Nov/2021:10:50:39 +0800] "GET /xingrg/kc/buy/cgsh_order_operate.html?command=get_materiel&rest_code=00111&code=00101001111&supplier_code=00100042&order_time=2021-11-22 HTTP/1.1" 200 409
58.37.231.44 - - [22/Nov/2021:10:50:40 +0800] "GET /xingrg/all/function/internal_message.html?_=1637549265625&CODE_STATE=getMsg HTTP/1.1" 200 27
58.37.231.44 - - [22/Nov/2021:10:50:40 +0800] "GET /xingrg/check_reg.html?_=1637549265627 HTTP/1.1" 200 22
180.174.250.202 - - [22/Nov/2021:10:50:43 +0800] "GET /xingrg/kc/buy/cgsh_order_operate.html?command=get_materiel&rest_code=00102&code=00101008355&supplier_code=00100008&order_time=2021-11-22 HTTP/1.1" 200 408
58.39.139.200 - - [22/Nov/2021:10:50:44 +0800] "GET /xingrg/kc/buy/cgsh_order_operate.html?command=get_materiel&rest_code=00105&code=00101008041&supplier_code=00100203&order_time=2021-11-22 HTTP/1.1" 200 408
222.70.171.86 - - [22/Nov/2021:10:50:45 +0800] "GET /xingrg/all/function/internal_message.html?_=1637549448460&CODE_STATE=getMsg HTTP/1.1" 200 27
58.39.139.200 - - [22/Nov/2021:10:50:47 +0800] "GET /xingrg/all/function/internal_message.html?_=1637549382513&CODE_STATE=getMsg HTTP/1.1" 200 27
180.162.112.229 - - [22/Nov/2021:10:50:48 +0800] "GET /xingrg/all/function/internal_message.html?_=1637548920837&CODE_STATE=getMsg HTTP/1.1" 200 27
180.174.250.202 - - [22/Nov/2021:10:50:48 +0800] "GET /xingrg/kc/buy/cgsh_order_operate.html?command=get_materiel&rest_code=00102&code=00101008264&supplier_code=00100008&order_time=2021-11-22 HTTP/1.1" 200 412
114.85.125.222 - - [22/Nov/2021:10:50:48 +0800] "GET /xingrg/all/function/internal_message.html?_=1637549422871&CODE_STATE=getMsg HTTP/1.1" 200 27
58.39.139.200 - - [22/Nov/2021:10:50:48 +0800] "GET /xingrg/check_reg.html?_=1637549384168 HTTP/1.1" 200 22
114.86.229.7 - - [22/Nov/2021:10:50:48 +0800] "GET /xingrg/all/function/internal_message.html?_=1637549448528&CODE_STATE=getMsg HTTP/1.1" 200 27
222.70.171.86 - - [22/Nov/2021:10:50:49 +0800] "POST /xingrg/kc/buy/cgsh_order_operate.html HTTP/1.1" 200 2065
222.70.176.97 - - [22/Nov/2021:10:50:49 +0800] "GET /xingrg/kc/buy/cgsh_order_operate.html?command=get_materiel&rest_code=00111&code=00101010161&supplier_code=00100042&order_time=2021-11-22 HTTP/1.1" 200 411
180.169.147.146 - - [22/Nov/2021:10:50:49 +0800] "GET /xingrg/check_reg.html?_=1637549448710 HTTP/1.1" 200 22
180.157.253.6 - - [22/Nov/2021:10:50:52 +0800] "GET /xingrg/all/function/internal_message.html?_=1637549452298&CODE_STATE=getMsg HTTP/1.1" 200 27
180.174.250.202 - - [22/Nov/2021:10:50:53 +0800] "GET /xingrg/kc/buy/cgsh_order_operate.html?command=get_materiel&rest_code=00102&code=00101008077&supplier_code=00100008&order_time=2021-11-22 HTTP/1.1" 200 416
180.169.147.146 - - [22/Nov/2021:10:50:53 +0800] "GET /xingrg/all/function/internal_message.html?_=1637549452499&CODE_STATE=getMsg HTTP/1.1" 200 27
116.235.93.2 - - [22/Nov/2021:10:50:53 +0800] "GET /xingrg/all/function/internal_message.html?_=1637549458517&CODE_STATE=getMsg HTTP/1.1" 200 27
180.169.147.146 - - [22/Nov/2021:10:50:54 +0800] "GET /xingrg/all/function/internal_message.html?_=1637549448567&CODE_STATE=getMsg HTTP/1.1" 200 27
222.70.171.86 - - [22/Nov/2021:10:50:55 +0800] "GET /xingrg/kc/buy/cgsh_order_operate.html?command=get_materiel&rest_code=00146&code=00101008318&supplier_code=00100005&order_time=2021-11-22 HTTP/1.1" 200 408
180.174.250.202 - - [22/Nov/2021:10:50:57 +0800] "GET /xingrg/all/function/internal_message.html?_=1637549456262&CODE_STATE=getMsg HTTP/1.1" 200 27
124.78.153.86 - - [22/Nov/2021:10:50:57 +0800] "GET /xingrg/all/function/internal_message.html?_=1637549455998&CODE_STATE=getMsg HTTP/1.1" 200 27
61.151.178.180 - - [22/Nov/2021:10:50:58 +0800] "GET /xingrg/all/function/internal_message.html?_=1637549396001&CODE_STATE=getMsg HTTP/1.1" 302 -
61.151.178.180 - - [22/Nov/2021:10:50:58 +0800] "GET /xingrg/login.html HTTP/1.1" 200 7641
124.78.153.86 - - [22/Nov/2021:10:50:59 +0800] "GET /xingrg/all/function/internal_message.html?_=1637549460688&CODE_STATE=getMsg HTTP/1.1" 200 27
222.70.176.97 - - [22/Nov/2021:10:51:01 +0800] "GET /xingrg/kc/buy/cgsh_order_operate.html?command=get_materiel&rest_code=00111&code=00101006067&supplier_code=00100042&order_time=2021-11-22 HTTP/1.1" 200 409
180.174.250.202 - - [22/Nov/2021:10:51:02 +0800] "GET /xingrg/kc/buy/cgsh_order_operate.html?command=get_materiel&rest_code=00102&code=00101008357&supplier_code=00100008&order_time=2021-11-22 HTTP/1.1" 200 408
124.78.153.86 - - [22/Nov/2021:10:51:02 +0800] "GET /xingrg/javascript/easyui/themes/default/tree.css HTTP/1.1" 404 1090
124.78.153.86 - - [22/Nov/2021:10:51:02 +0800] "POST /xingrg/all/common/load_tree.html?tree=supplier_tree_json&isDelete=1 HTTP/1.1" 200 60674
222.70.171.86 - - [22/Nov/2021:10:51:05 +0800] "GET /xingrg/kc/buy/cgsh_order_operate.html?command=get_materiel&rest_code=00146&code=00101008005&supplier_code=00100005&order_time=2021-11-22 HTTP/1.1" 200 412
180.174.250.202 - - [22/Nov/2021:10:51:06 +0800] "GET /xingrg/check_reg.html?_=1637549459066 HTTP/1.1" 200 22
180.174.250.202 - - [22/Nov/2021:10:51:07 +0800] "GET /xingrg/kc/buy/cgsh_order_operate.html?command=get_materiel&rest_code=00102&code=00101008230&supplier_code=00100008&order_time=2021-11-22 HTTP/1.1" 200 408
58.39.139.200 - - [22/Nov/2021:10:51:07 +0800] "POST /xingrg/kc/buy/cgsh_order_operate.html HTTP/1.1" 200 2065
180.174.250.202 - - [22/Nov/2021:10:51:11 +0800] "GET /xingrg/all/function/internal_message.html?_=1637549464756&CODE_STATE=getMsg HTTP/1.1" 200 27
116.235.93.2 - - [22/Nov/2021:10:51:12 +0800] "GET /xingrg/all/function/internal_message.html?_=1637549586431&CODE_STATE=getMsg HTTP/1.1" 302 -
58.40.7.146 - - [22/Nov/2021:10:51:13 +0800] "GET /xingrg/all/function/internal_message.html?_=1637549472221&CODE_STATE=getMsg HTTP/1.1" 200 27
58.40.7.146 - - [22/Nov/2021:10:51:13 +0800] "GET /xingrg/check_reg.html?_=1637549472223 HTTP/1.1" 200 22
222.70.176.97 - - [22/Nov/2021:10:51:13 +0800] "POST /xingrg/kc/buy/cgsh_order_operate.html HTTP/1.1" 200 37
180.174.250.202 - - [22/Nov/2021:10:51:14 +0800] "GET /xingrg/kc/buy/cgsh_order_operate.html?command=get_materiel&rest_code=00102&code=00101008069&supplier_code=00100008&order_time=2021-11-22 HTTP/1.1" 200 412
222.70.176.97 - - [22/Nov/2021:10:51:16 +0800] "POST /xingrg/kc/buy/cgsh_order_operate.html HTTP/1.1" 200 3829
124.78.153.86 - - [22/Nov/2021:10:51:16 +0800] "GET /xingrg/kc/buy/cgsh_order_operate.html?command=get_materiel&rest_code=00106&code=00101011005&supplier_code=00100050&order_time=2021-11-22 HTTP/1.1" 200 428
222.70.176.97 - - [22/Nov/2021:10:51:18 +0800] "GET /xingrg/kc/print/load_data.html?order_code=212021112209388&kc_code=cgsh&condition= HTTP/1.1" 200 1144
180.174.250.202 - - [22/Nov/2021:10:51:22 +0800] "GET /xingrg/kc/buy/cgsh_order_operate.html?command=get_materiel&rest_code=00102&code=00101008286&supplier_code=00100008&order_time=2021-11-22 HTTP/1.1" 200 408
124.78.153.86 - - [22/Nov/2021:10:51:26 +0800] "GET /xingrg/kc/buy/cgsh_order_operate.html?command=get_materiel&rest_code=00106&code=00101011010&supplier_code=00100050&order_time=2021-11-22 HTTP/1.1" 200 418
180.162.112.229 - - [22/Nov/2021:10:51:28 +0800] "POST /xingrg/kc/buy/cgsh_list_operate.html HTTP/1.1" 200 2064
180.174.250.202 - - [22/Nov/2021:10:51:29 +0800] "GET /xingrg/kc/buy/cgsh_order_operate.html?command=get_materiel&rest_code=00102&code=00101008036&supplier_code=00100008&order_time=2021-11-22 HTTP/1.1" 200 408
222.70.176.97 - - [22/Nov/2021:10:51:31 +0800] "GET /xingrg/all/function/internal_message.html?_=1637549490244&CODE_STATE=getMsg HTTP/1.1" 200 27
58.40.7.146 - - [22/Nov/2021:10:51:33 +0800] "GET /xingrg/all/function/internal_message.html?_=1637549492715&CODE_STATE=getMsg HTTP/1.1" 200 27
116.227.210.113 - - [22/Nov/2021:10:51:33 +0800] "GET /xingrg/all/function/internal_message.html?_=1637549484581&CODE_STATE=getMsg HTTP/1.1" 200 27
116.238.248.233 - - [22/Nov/2021:10:51:33 +0800] "GET /xingrg/all/function/internal_message.html?_=1637549491943&CODE_STATE=getMsg HTTP/1.1" 200 27
124.78.153.86 - - [22/Nov/2021:10:51:34 +0800] "GET /xingrg/kc/buy/cgsh_order_operate.html?command=get_materiel&rest_code=00106&code=00101011001&supplier_code=00100050&order_time=2021-11-22 HTTP/1.1" 200 423
222.70.176.97 - - [22/Nov/2021:10:51:35 +0800] "POST /xingrg/kc/buy/cgsh_list_operate.html HTTP/1.1" 200 581
180.174.250.202 - - [22/Nov/2021:10:51:36 +0800] "GET /xingrg/kc/buy/cgsh_order_operate.html?command=get_materiel&rest_code=00102&code=00101008131&supplier_code=00100008&order_time=2021-11-22 HTTP/1.1" 200 408
222.70.176.97 - - [22/Nov/2021:10:51:36 +0800] "GET /xingrg/kc/buy/cgsh_order_info.html?code=212021112209355 HTTP/1.1" 200 64943
222.70.176.97 - - [22/Nov/2021:10:51:36 +0800] "GET /xingrg/javascript/easyui/themes/default/validatebox.css HTTP/1.1" 404 1104
222.70.176.97 - - [22/Nov/2021:10:51:37 +0800] "POST /xingrg/kc/buy/cgsh_order_operate.html HTTP/1.1" 200 5632
222.70.171.86 - - [22/Nov/2021:10:51:39 +0800] "GET /xingrg/kc/buy/cgsh_order_operate.html?command=get_materiel&rest_code=00146&code=00101008283&supplier_code=00100005&order_time=2021-11-22 HTTP/1.1" 200 408
58.37.231.44 - - [22/Nov/2021:10:51:40 +0800] "GET /xingrg/all/function/internal_message.html?_=1637549325625&CODE_STATE=getMsg HTTP/1.1" 200 27
222.70.171.86 - - [22/Nov/2021:10:51:41 +0800] "POST /xingrg/kc/buy/cgsh_order_operate.html HTTP/1.1" 200 2065
180.174.250.202 - - [22/Nov/2021:10:51:42 +0800] "GET /xingrg/kc/buy/cgsh_order_operate.html?command=get_materiel&rest_code=00102&code=00101008005&supplier_code=00100008&order_time=2021-11-22 HTTP/1.1" 200 412
222.70.176.97 - - [22/Nov/2021:10:51:43 +0800] "GET /xingrg/kc/buy/cgsh_order_operate.html?command=get_materiel&rest_code=00111&code=00101006038&supplier_code=00100012&order_time=2021-11-22 HTTP/1.1" 200 421
222.70.171.86 - - [22/Nov/2021:10:51:45 +0800] "GET /xingrg/all/function/internal_message.html?_=1637549508473&CODE_STATE=getMsg HTTP/1.1" 200 27
124.78.153.86 - - [22/Nov/2021:10:51:47 +0800] "POST /xingrg/kc/buy/cgsh_order_operate.html HTTP/1.1" 200 37
58.39.139.200 - - [22/Nov/2021:10:51:47 +0800] "GET /xingrg/all/function/internal_message.html?_=1637549442486&CODE_STATE=getMsg HTTP/1.1" 200 27
180.162.112.229 - - [22/Nov/2021:10:51:48 +0800] "GET /xingrg/all/function/internal_message.html?_=1637548980840&CODE_STATE=getMsg HTTP/1.1" 200 27
114.85.125.222 - - [22/Nov/2021:10:51:48 +0800] "GET /xingrg/all/function/internal_message.html?_=1637549482885&CODE_STATE=getMsg HTTP/1.1" 200 27
180.174.250.202 - - [22/Nov/2021:10:51:48 +0800] "GET /xingrg/kc/buy/cgsh_order_operate.html?command=get_materiel&rest_code=00102&code=00101008353&supplier_code=00100008&order_time=2021-11-22 HTTP/1.1" 200 408
114.86.229.7 - - [22/Nov/2021:10:51:49 +0800] "GET /xingrg/all/function/internal_message.html?_=1637549508529&CODE_STATE=getMsg HTTP/1.1" 200 27
124.78.153.86 - - [22/Nov/2021:10:51:51 +0800] "POST /xingrg/kc/buy/cgsh_order_operate.html HTTP/1.1" 200 12
180.157.253.6 - - [22/Nov/2021:10:51:52 +0800] "GET /xingrg/all/function/internal_message.html?_=1637549512298&CODE_STATE=getMsg HTTP/1.1" 200 27
180.169.147.146 - - [22/Nov/2021:10:51:53 +0800] "GET /xingrg/all/function/internal_message.html?_=1637549512486&CODE_STATE=getMsg HTTP/1.1" 200 27
124.78.153.86 - - [22/Nov/2021:10:51:53 +0800] "GET /xingrg/kc/buy/cgsh_order_info.html?code=212021112209389 HTTP/1.1" 200 59892
116.235.93.2 - - [22/Nov/2021:10:51:53 +0800] "GET /xingrg/all/function/internal_message.html?_=1637549518532&CODE_STATE=getMsg HTTP/1.1" 200 27
124.78.153.86 - - [22/Nov/2021:10:51:54 +0800] "GET /xingrg/javascript/easyui/themes/default/validatebox.css HTTP/1.1" 404 1104
180.174.250.202 - - [22/Nov/2021:10:51:54 +0800] "GET /xingrg/kc/buy/cgsh_order_operate.html?command=get_materiel&rest_code=00102&code=00101008125&supplier_code=00100008&order_time=2021-11-22 HTTP/1.1" 200 413
180.169.147.146 - - [22/Nov/2021:10:51:54 +0800] "GET /xingrg/all/function/internal_message.html?_=1637549508550&CODE_STATE=getMsg HTTP/1.1" 200 27
124.78.153.86 - - [22/Nov/2021:10:51:55 +0800] "POST /xingrg/kc/buy/cgsh_order_operate.html HTTP/1.1" 200 1807
180.169.147.146 - - [22/Nov/2021:10:51:55 +0800] "GET /xingrg/check_reg.html?_=1637549508879 HTTP/1.1" 200 22
180.174.250.202 - - [22/Nov/2021:10:51:56 +0800] "GET /xingrg/all/function/internal_message.html?_=1637549516254&CODE_STATE=getMsg HTTP/1.1" 200 27
101.91.60.11 - - [22/Nov/2021:10:51:57 +0800] "GET /xingrg/all/function/internal_message.html?_=1637549455998&CODE_STATE=getMsg HTTP/1.1" 302 -
101.91.60.11 - - [22/Nov/2021:10:51:57 +0800] "GET /xingrg/login.html HTTP/1.1" 200 7641
124.78.153.86 - - [22/Nov/2021:10:51:57 +0800] "GET /xingrg/all/function/internal_message.html?_=1637549515955&CODE_STATE=getMsg HTTP/1.1" 200 27
124.78.153.86 - - [22/Nov/2021:10:51:58 +0800] "GET /xingrg/kc/print/load_data.html?order_code=212021112209389&kc_code=cgsh&condition= HTTP/1.1" 200 1223
124.78.153.86 - - [22/Nov/2021:10:51:59 +0800] "GET /xingrg/all/function/internal_message.html?_=1637549520685&CODE_STATE=getMsg HTTP/1.1" 200 27
222.70.171.86 - - [22/Nov/2021:10:52:02 +0800] "GET /xingrg/kc/buy/cgsh_order_operate.html?command=get_materiel&rest_code=00146&code=00101008323&supplier_code=00100005&order_time=2021-11-22 HTTP/1.1" 200 408
180.174.250.202 - - [22/Nov/2021:10:52:11 +0800] "GET /xingrg/all/function/internal_message.html?_=1637549524773&CODE_STATE=getMsg HTTP/1.1" 200 27
116.235.93.2 - - [22/Nov/2021:10:52:12 +0800] "GET /xingrg/all/function/internal_message.html?_=1637549646428&CODE_STATE=getMsg HTTP/1.1" 302 -
124.78.153.86 - - [22/Nov/2021:10:52:13 +0800] "GET /xingrg/kc/buy/cgsh_order_add.html HTTP/1.1" 200 64981
58.40.7.146 - - [22/Nov/2021:10:52:13 +0800] "GET /xingrg/all/function/internal_message.html?_=1637549532227&CODE_STATE=getMsg HTTP/1.1" 200 27
124.78.153.86 - - [22/Nov/2021:10:52:13 +0800] "GET /xingrg/javascript/easyui/themes/default/validatebox.css HTTP/1.1" 404 1104
124.78.153.86 - - [22/Nov/2021:10:52:13 +0800] "POST /xingrg/kc/buy/cgsh_order_operate.html HTTP/1.1" 200 8245
101.91.62.89 - - [22/Nov/2021:10:52:15 +0800] "GET /xingrg/kc/buy/cgsh_order_operate.html?command=get_materiel&rest_code=00106&code=00101011005&supplier_code=00100050&order_time=2021-11-22 HTTP/1.1" 302 -
101.91.62.89 - - [22/Nov/2021:10:52:15 +0800] "GET /xingrg/login.html HTTP/1.1" 200 7641
222.70.171.86 - - [22/Nov/2021:10:52:16 +0800] "GET /xingrg/kc/buy/cgsh_order_operate.html?command=get_materiel&rest_code=00146&code=00101008223&supplier_code=00100005&order_time=2021-11-22 HTTP/1.1" 200 412
124.78.153.86 - - [22/Nov/2021:10:52:22 +0800] "GET /xingrg/javascript/easyui/themes/default/tree.css HTTP/1.1" 404 1090
124.78.153.86 - - [22/Nov/2021:10:52:22 +0800] "POST /xingrg/all/common/load_tree.html?tree=supplier_tree_json&isDelete=1 HTTP/1.1" 200 60674
101.91.60.11 - - [22/Nov/2021:10:52:23 +0800] "GET /xingrg/kc/buy/cgsh_order_operate.html?command=get_materiel&rest_code=00106&code=00101011010&supplier_code=00100050&order_time=2021-11-22 HTTP/1.1" 302 -
101.91.60.11 - - [22/Nov/2021:10:52:24 +0800] "GET /xingrg/login.html HTTP/1.1" 200 7641
222.70.176.97 - - [22/Nov/2021:10:52:25 +0800] "POST /xingrg/kc/buy/cgsh_order_operate.html HTTP/1.1" 200 37
222.70.171.86 - - [22/Nov/2021:10:52:26 +0800] "GET /xingrg/kc/buy/cgsh_order_operate.html?command=get_materiel&rest_code=00146&code=00101008168&supplier_code=00100005&order_time=2021-11-22 HTTP/1.1" 200 412
222.70.171.86 - - [22/Nov/2021:10:52:28 +0800] "GET /xingrg/check_reg.html?_=1637549552076 HTTP/1.1" 200 22
101.91.62.89 - - [22/Nov/2021:10:52:31 +0800] "GET /xingrg/kc/buy/cgsh_order_operate.html?command=get_materiel&rest_code=00106&code=00101011001&supplier_code=00100050&order_time=2021-11-22 HTTP/1.1" 302 -
101.91.62.89 - - [22/Nov/2021:10:52:32 +0800] "GET /xingrg/login.html HTTP/1.1" 200 7641
58.40.7.146 - - [22/Nov/2021:10:52:33 +0800] "GET /xingrg/all/function/internal_message.html?_=1637549552722&CODE_STATE=getMsg HTTP/1.1" 200 27
116.227.210.113 - - [22/Nov/2021:10:52:33 +0800] "GET /xingrg/all/function/internal_message.html?_=1637549544577&CODE_STATE=getMsg HTTP/1.1" 200 27
116.238.248.233 - - [22/Nov/2021:10:52:33 +0800] "GET /xingrg/all/function/internal_message.html?_=1637549551943&CODE_STATE=getMsg HTTP/1.1" 200 27
222.70.171.86 - - [22/Nov/2021:10:52:38 +0800] "GET /xingrg/kc/buy/cgsh_order_operate.html?command=get_materiel&rest_code=00146&code=00101008350&supplier_code=00100005&order_time=2021-11-22 HTTP/1.1" 200 408
58.39.139.200 - - [22/Nov/2021:10:52:40 +0800] "GET /xingrg/kc/buy/cgsh_order_operate.html?command=get_materiel&rest_code=00105&code=00101008114&supplier_code=00100203&order_time=2021-11-22 HTTP/1.1" 200 413
58.37.231.44 - - [22/Nov/2021:10:52:40 +0800] "GET /xingrg/all/function/internal_message.html?_=1637549385624&CODE_STATE=getMsg HTTP/1.1" 200 27
222.70.171.86 - - [22/Nov/2021:10:52:45 +0800] "GET /xingrg/all/function/internal_message.html?_=1637549568487&CODE_STATE=getMsg HTTP/1.1" 200 27
180.169.147.146 - - [22/Nov/2021:10:52:46 +0800] "POST /xingrg/kc/buy/cgsh_list_operate.html HTTP/1.1" 200 876
58.39.139.200 - - [22/Nov/2021:10:52:47 +0800] "GET /xingrg/all/function/internal_message.html?_=1637549502488&CODE_STATE=getMsg HTTP/1.1" 200 27
124.78.153.86 - - [22/Nov/2021:10:52:47 +0800] "GET /xingrg/kc/buy/cgsh_order_operate.html?command=get_materiel&rest_code=00106&code=00101008146&supplier_code=00100009&order_time=2021-11-22 HTTP/1.1" 200 416
180.162.112.229 - - [22/Nov/2021:10:52:48 +0800] "GET /xingrg/all/function/internal_message.html?_=1637549040839&CODE_STATE=getMsg HTTP/1.1" 200 27
114.85.125.222 - - [22/Nov/2021:10:52:48 +0800] "GET /xingrg/all/function/internal_message.html?_=1637549542908&CODE_STATE=getMsg HTTP/1.1" 200 27
114.86.229.7 - - [22/Nov/2021:10:52:48 +0800] "GET /xingrg/all/function/internal_message.html?_=1637549568532&CODE_STATE=getMsg HTTP/1.1" 200 27
114.86.229.7 - - [22/Nov/2021:10:52:48 +0800] "GET /xingrg/check_reg.html?_=1637549568533 HTTP/1.1" 200 22
222.70.171.86 - - [22/Nov/2021:10:52:50 +0800] "GET /xingrg/kc/buy/cgsh_order_operate.html?command=get_materiel&rest_code=00146&code=00101008110&supplier_code=00100005&order_time=2021-11-22 HTTP/1.1" 200 409
180.157.253.6 - - [22/Nov/2021:10:52:52 +0800] "GET /xingrg/all/function/internal_message.html?_=1637549572299&CODE_STATE=getMsg HTTP/1.1" 200 27
180.157.253.6 - - [22/Nov/2021:10:52:52 +0800] "GET /xingrg/check_reg.html?_=1637549572302 HTTP/1.1" 200 22
180.169.147.146 - - [22/Nov/2021:10:52:53 +0800] "GET /xingrg/all/function/internal_message.html?_=1637549572463&CODE_STATE=getMsg HTTP/1.1" 200 27
222.70.171.86 - - [22/Nov/2021:10:52:53 +0800] "POST /xingrg/kc/buy/cgsh_order_operate.html HTTP/1.1" 200 2065
180.174.250.202 - - [22/Nov/2021:10:52:53 +0800] "GET /xingrg/kc/base/wldb_order_list.html HTTP/1.1" 200 19224
116.235.93.2 - - [22/Nov/2021:10:52:54 +0800] "GET /xingrg/all/function/internal_message.html?_=1637549578835&CODE_STATE=getMsg HTTP/1.1" 200 27
101.89.239.238 - - [22/Nov/2021:10:52:54 +0800] "GET /xingrg/kc/buy/cgsh_order_info.html?code=212021112209389 HTTP/1.1" 302 -
180.169.147.146 - - [22/Nov/2021:10:52:54 +0800] "GET /xingrg/all/function/internal_message.html?_=1637549568524&CODE_STATE=getMsg HTTP/1.1" 200 27
180.174.250.202 - - [22/Nov/2021:10:52:55 +0800] "POST /xingrg/kc/base/wldb_list_operate.html HTTP/1.1" 200 928
101.89.239.238 - - [22/Nov/2021:10:52:55 +0800] "GET /xingrg/login.html HTTP/1.1" 200 7641
124.78.153.86 - - [22/Nov/2021:10:52:55 +0800] "GET /xingrg/kc/buy/cgsh_order_operate.html?command=get_materiel&rest_code=00106&code=00101008037&supplier_code=00100009&order_time=2021-11-22 HTTP/1.1" 200 413
180.174.250.202 - - [22/Nov/2021:10:52:56 +0800] "GET /xingrg/kc/base/wldb_order_add.html HTTP/1.1" 200 30434
180.174.250.202 - - [22/Nov/2021:10:52:57 +0800] "GET /xingrg/all/function/internal_message.html?_=1637549576283&CODE_STATE=getMsg HTTP/1.1" 200 27
180.174.250.202 - - [22/Nov/2021:10:52:57 +0800] "POST /xingrg/kc/base/wldb_order_operate.html HTTP/1.1" 200 6806
124.78.153.86 - - [22/Nov/2021:10:52:57 +0800] "GET /xingrg/all/function/internal_message.html?_=1637549575929&CODE_STATE=getMsg HTTP/1.1" 200 27
180.174.250.202 - - [22/Nov/2021:10:52:58 +0800] "GET /xingrg/all/common/auto_word.html?type=base&rest_code=00102 HTTP/1.1" 200 1757
180.174.250.202 - - [22/Nov/2021:10:52:58 +0800] "GET /xingrg/all/common/auto_word.html?type=base&rest_code=00102 HTTP/1.1" 200 1757
124.78.153.86 - - [22/Nov/2021:10:52:58 +0800] "GET /xingrg/check_reg.html?_=1637549576482 HTTP/1.1" 200 22
180.174.250.202 - - [22/Nov/2021:10:52:58 +0800] "GET /xingrg/javascript/easyui/themes/default/validatebox.css HTTP/1.1" 404 1104
124.78.153.86 - - [22/Nov/2021:10:52:59 +0800] "GET /xingrg/check_reg.html?_=1637549580676 HTTP/1.1" 200 22
124.78.153.86 - - [22/Nov/2021:10:52:59 +0800] "GET /xingrg/all/function/internal_message.html?_=1637549580679&CODE_STATE=getMsg HTTP/1.1" 200 27
222.70.171.86 - - [22/Nov/2021:10:53:02 +0800] "GET /xingrg/kc/buy/cgsh_order_operate.html?command=get_materiel&rest_code=00146&code=00101008272&supplier_code=00100005&order_time=2021-11-22 HTTP/1.1" 200 412
180.174.250.202 - - [22/Nov/2021:10:53:04 +0800] "POST /xingrg/all/common/load_combo.html?type=base HTTP/1.1" 200 3145
180.174.250.202 - - [22/Nov/2021:10:53:07 +0800] "POST /xingrg/all/common/load_combo.html?type=base HTTP/1.1" 200 3145
124.78.153.86 - - [22/Nov/2021:10:53:10 +0800] "POST /xingrg/kc/buy/cgsh_order_operate.html HTTP/1.1" 200 37
180.174.250.202 - - [22/Nov/2021:10:53:11 +0800] "GET /xingrg/all/function/internal_message.html?_=1637549584786&CODE_STATE=getMsg HTTP/1.1" 200 27
116.235.93.2 - - [22/Nov/2021:10:53:12 +0800] "GET /xingrg/all/function/internal_message.html?_=1637549706427&CODE_STATE=getMsg HTTP/1.1" 302 -
58.40.7.146 - - [22/Nov/2021:10:53:13 +0800] "GET /xingrg/all/function/internal_message.html?_=1637549592231&CODE_STATE=getMsg HTTP/1.1" 200 27
58.39.139.200 - - [22/Nov/2021:10:53:15 +0800] "GET /xingrg/kc/buy/cgsh_order_operate.html?command=get_materiel&rest_code=00105&code=00101013119&supplier_code=00100203&order_time=2021-11-22 HTTP/1.1" 200 440
124.78.153.86 - - [22/Nov/2021:10:53:15 +0800] "POST /xingrg/kc/buy/cgsh_order_operate.html HTTP/1.1" 200 12
124.78.153.86 - - [22/Nov/2021:10:53:16 +0800] "GET /xingrg/kc/buy/cgsh_order_info.html?code=212021112209390 HTTP/1.1" 200 59896
124.78.153.86 - - [22/Nov/2021:10:53:16 +0800] "GET /xingrg/javascript/easyui/themes/default/validatebox.css HTTP/1.1" 404 1104
124.78.153.86 - - [22/Nov/2021:10:53:17 +0800] "POST /xingrg/kc/buy/cgsh_order_operate.html HTTP/1.1" 200 1203
124.78.153.86 - - [22/Nov/2021:10:53:18 +0800] "GET /xingrg/kc/print/load_data.html?order_code=212021112209390&kc_code=cgsh&condition= HTTP/1.1" 200 1008
222.70.171.86 - - [22/Nov/2021:10:53:22 +0800] "GET /xingrg/kc/buy/cgsh_order_operate.html?command=get_materiel&rest_code=00146&code=00101008036&supplier_code=00100005&order_time=2021-11-22 HTTP/1.1" 200 408
124.78.153.86 - - [22/Nov/2021:10:53:26 +0800] "GET /xingrg/kc/print/load_data.html?order_code=212021112209390&kc_code=cgsh HTTP/1.1" 200 1008
180.174.250.202 - - [22/Nov/2021:10:53:29 +0800] "GET /xingrg/kc/base/wldb_order_operate.html?command=get_materiel&rest_code=00102&base_code=0010476&code=00101019405 HTTP/1.1" 200 467
58.40.7.146 - - [22/Nov/2021:10:53:33 +0800] "GET /xingrg/all/function/internal_message.html?_=1637549612724&CODE_STATE=getMsg HTTP/1.1" 200 27
58.40.7.146 - - [22/Nov/2021:10:53:33 +0800] "GET /xingrg/check_reg.html?_=1637549612727 HTTP/1.1" 200 22
116.227.210.113 - - [22/Nov/2021:10:53:33 +0800] "GET /xingrg/all/function/internal_message.html?_=1637549604581&CODE_STATE=getMsg HTTP/1.1" 200 27
116.238.248.233 - - [22/Nov/2021:10:53:33 +0800] "GET /xingrg/all/function/internal_message.html?_=1637549611942&CODE_STATE=getMsg HTTP/1.1" 200 27
58.37.231.44 - - [22/Nov/2021:10:53:40 +0800] "GET /xingrg/all/function/internal_message.html?_=1637549445622&CODE_STATE=getMsg HTTP/1.1" 200 27
180.174.250.202 - - [22/Nov/2021:10:53:40 +0800] "GET /xingrg/kc/base/wldb_order_operate.html?command=get_materiel&rest_code=00102&base_code=0010476&code=00101019134 HTTP/1.1" 200 464
61.151.178.180 - - [22/Nov/2021:10:53:44 +0800] "GET /xingrg/kc/buy/cgsh_order_operate.html?command=get_materiel&rest_code=00106&code=00101008146&supplier_code=00100009&order_time=2021-11-22 HTTP/1.1" 302 -
222.70.171.86 - - [22/Nov/2021:10:53:45 +0800] "GET /xingrg/all/function/internal_message.html?_=1637549628501&CODE_STATE=getMsg HTTP/1.1" 200 27
61.151.178.180 - - [22/Nov/2021:10:53:46 +0800] "GET /xingrg/login.html HTTP/1.1" 200 7641
180.174.250.202 - - [22/Nov/2021:10:53:46 +0800] "GET /xingrg/kc/base/wldb_order_operate.html?command=get_materiel&rest_code=00102&base_code=0010476&code=00101019184 HTTP/1.1" 200 444
58.39.139.200 - - [22/Nov/2021:10:53:47 +0800] "GET /xingrg/all/function/internal_message.html?_=1637549562460&CODE_STATE=getMsg HTTP/1.1" 200 27
222.70.171.86 - - [22/Nov/2021:10:53:47 +0800] "POST /xingrg/kc/buy/cgsh_order_operate.html HTTP/1.1" 200 2065
180.162.112.229 - - [22/Nov/2021:10:53:48 +0800] "GET /xingrg/all/function/internal_message.html?_=1637549100839&CODE_STATE=getMsg HTTP/1.1" 200 27
114.85.125.222 - - [22/Nov/2021:10:53:48 +0800] "GET /xingrg/all/function/internal_message.html?_=1637549602912&CODE_STATE=getMsg HTTP/1.1" 200 27
124.78.153.86 - - [22/Nov/2021:10:53:48 +0800] "GET /xingrg/kc/buy/cgsh_order_add.html HTTP/1.1" 200 64981
180.174.250.202 - - [22/Nov/2021:10:53:48 +0800] "GET /xingrg/kc/buy/cgsh_order_operate.html?command=get_materiel&rest_code=00102&code=00101008529&supplier_code=00100008&order_time=2021-11-22 HTTP/1.1" 200 402
114.86.229.7 - - [22/Nov/2021:10:53:48 +0800] "GET /xingrg/all/function/internal_message.html?_=1637549628535&CODE_STATE=getMsg HTTP/1.1" 200 27
124.78.153.86 - - [22/Nov/2021:10:53:49 +0800] "GET /xingrg/javascript/easyui/themes/default/validatebox.css HTTP/1.1" 404 1104
124.78.153.86 - - [22/Nov/2021:10:53:49 +0800] "POST /xingrg/kc/buy/cgsh_order_operate.html HTTP/1.1" 200 8245
180.174.250.202 - - [22/Nov/2021:10:53:50 +0800] "GET /xingrg/kc/base/wldb_order_operate.html?command=get_materiel&rest_code=00102&base_code=0010476&code=00101019400 HTTP/1.1" 200 450
180.157.253.6 - - [22/Nov/2021:10:53:52 +0800] "GET /xingrg/all/function/internal_message.html?_=1637549632302&CODE_STATE=getMsg HTTP/1.1" 200 27
116.235.93.2 - - [22/Nov/2021:10:53:52 +0800] "GET /xingrg/check_reg.html?_=1637549637225 HTTP/1.1" 200 22
180.169.147.146 - - [22/Nov/2021:10:53:53 +0800] "GET /xingrg/all/function/internal_message.html?_=1637549632436&CODE_STATE=getMsg HTTP/1.1" 200 27
180.174.250.202 - - [22/Nov/2021:10:53:54 +0800] "GET /xingrg/kc/base/wldb_order_operate.html?command=get_materiel&rest_code=00102&base_code=0010476&code=00101019391 HTTP/1.1" 200 471
116.235.93.2 - - [22/Nov/2021:10:53:54 +0800] "GET /xingrg/all/function/internal_message.html?_=1637549639126&CODE_STATE=getMsg HTTP/1.1" 200 27
180.169.147.146 - - [22/Nov/2021:10:53:54 +0800] "GET /xingrg/all/function/internal_message.html?_=1637549628508&CODE_STATE=getMsg HTTP/1.1" 200 27
180.174.250.202 - - [22/Nov/2021:10:53:55 +0800] "GET /xingrg/kc/buy/cgsh_order_operate.html?command=get_materiel&rest_code=00102&code=00101008375&supplier_code=00100008&order_time=2021-11-22 HTTP/1.1" 200 416
58.39.139.200 - - [22/Nov/2021:10:53:56 +0800] "GET /xingrg/kc/buy/cgsh_order_operate.html?command=get_materiel&rest_code=00105&code=00101008176&supplier_code=00100203&order_time=2021-11-22 HTTP/1.1" 200 412
180.174.250.202 - - [22/Nov/2021:10:53:56 +0800] "GET /xingrg/check_reg.html?_=1637549636260 HTTP/1.1" 200 22
180.174.250.202 - - [22/Nov/2021:10:53:57 +0800] "GET /xingrg/all/function/internal_message.html?_=1637549636262&CODE_STATE=getMsg HTTP/1.1" 200 27
61.151.178.249 - - [22/Nov/2021:10:53:57 +0800] "GET /xingrg/all/function/internal_message.html?_=1637549575929&CODE_STATE=getMsg HTTP/1.1" 302 -
124.78.153.86 - - [22/Nov/2021:10:53:57 +0800] "GET /xingrg/all/function/internal_message.html?_=1637549635902&CODE_STATE=getMsg HTTP/1.1" 200 27
61.151.178.249 - - [22/Nov/2021:10:53:57 +0800] "GET /xingrg/login.html HTTP/1.1" 200 7641
61.151.178.217 - - [22/Nov/2021:10:53:57 +0800] "GET /xingrg/check_reg.html?_=1637549576482 HTTP/1.1" 302 -
180.174.250.202 - - [22/Nov/2021:10:53:58 +0800] "GET /xingrg/kc/base/wldb_order_operate.html?command=get_materiel&rest_code=00102&base_code=0010476&code=00101016076 HTTP/1.1" 200 477
61.151.178.217 - - [22/Nov/2021:10:53:58 +0800] "GET /xingrg/login.html HTTP/1.1" 200 7641
124.78.153.86 - - [22/Nov/2021:10:53:59 +0800] "GET /xingrg/all/function/internal_message.html?_=1637549640686&CODE_STATE=getMsg HTTP/1.1" 200 27
124.78.153.86 - - [22/Nov/2021:10:54:01 +0800] "GET /xingrg/kc/buy/buy_main.html HTTP/1.1" 200 12412
124.78.153.86 - - [22/Nov/2021:10:54:01 +0800] "GET /xingrg/css/new_ie.css HTTP/1.1" 404 1036
