116.235.93.2 - - [22/Nov/2021:10:29:19 +0800] "GET /xingrg/javascript/easyui/plugins/jquery.droppable.js HTTP/1.1" 304 -
116.235.93.2 - - [22/Nov/2021:10:29:19 +0800] "GET /xingrg/javascript/easyui/themes/default/tree.css HTTP/1.1" 404 1090
116.235.93.2 - - [22/Nov/2021:10:29:19 +0800] "GET /xingrg/javascript/easyui/plugins/jquery.tree.js HTTP/1.1" 304 -
116.235.93.2 - - [22/Nov/2021:10:29:19 +0800] "POST /xingrg/all/common/load_tree.html?tree=supplier_tree_json&isDelete=1 HTTP/1.1" 200 60674
116.235.93.2 - - [22/Nov/2021:10:29:22 +0800] "GET /xingrg/javascript/easyui/themes/default/images/tree_folder_open.gif HTTP/1.1" 304 -
116.235.93.2 - - [22/Nov/2021:10:29:22 +0800] "GET /xingrg/javascript/easyui/themes/default/images/tree_folder.gif HTTP/1.1" 304 -
116.235.93.2 - - [22/Nov/2021:10:29:22 +0800] "GET /xingrg/javascript/easyui/themes/default/images/tree_file.gif HTTP/1.1" 304 -
124.78.153.86 - - [22/Nov/2021:10:29:22 +0800] "GET /xingrg/kc/buy/cgsh_order_operate.html?command=get_materiel&rest_code=00106&code=00101008224&supplier_code=00100007&order_time=2021-11-22 HTTP/1.1" 200 416
58.221.95.50 - - [22/Nov/2021:10:29:23 +0800] "GET /xingrg/check_reg.html?_=1637548164570 HTTP/1.1" 302 -
58.39.139.200 - - [22/Nov/2021:10:29:27 +0800] "GET /xingrg/kc/buy/cgsh_order_operate.html?command=get_materiel&rest_code=00105&code=00101008105&supplier_code=00100203&order_time=2021-11-22 HTTP/1.1" 200 412
124.78.153.86 - - [22/Nov/2021:10:29:29 +0800] "GET /xingrg/kc/buy/cgsh_order_operate.html?command=get_materiel&rest_code=00106&code=00101008003&supplier_code=00100007&order_time=2021-11-22 HTTP/1.1" 200 408
58.37.231.44 - - [22/Nov/2021:10:29:29 +0800] "POST /xingrg/kc/buy/cgsh_order_operate.html HTTP/1.1" 200 2065
58.40.7.146 - - [22/Nov/2021:10:29:33 +0800] "GET /xingrg/all/function/internal_message.html?_=1637548172704&CODE_STATE=getMsg HTTP/1.1" 200 27
116.238.248.233 - - [22/Nov/2021:10:29:33 +0800] "GET /xingrg/all/function/internal_message.html?_=1637548171813&CODE_STATE=getMsg HTTP/1.1" 200 27
116.227.210.113 - - [22/Nov/2021:10:29:33 +0800] "GET /xingrg/all/function/internal_message.html?_=1637548164575&CODE_STATE=getMsg HTTP/1.1" 200 27
116.235.93.2 - - [22/Nov/2021:10:29:36 +0800] "GET /xingrg/kc/buy/cgsh_order_operate.html?command=get_materiel&rest_code=00104&code=00101006161&supplier_code=00100040&order_time=2021-11-22 HTTP/1.1" 200 409
124.78.153.86 - - [22/Nov/2021:10:29:37 +0800] "GET /xingrg/kc/buy/cgsh_order_operate.html?command=get_materiel&rest_code=00106&code=00101008144&supplier_code=00100007&order_time=2021-11-22 HTTP/1.1" 200 412
116.227.210.113 - - [22/Nov/2021:10:29:37 +0800] "GET /favicon.ico HTTP/1.1" 404 -
222.70.176.97 - - [22/Nov/2021:10:29:38 +0800] "GET /xingrg/all/function/internal_message.html?_=1637548177017&CODE_STATE=getMsg HTTP/1.1" 200 27
58.37.231.44 - - [22/Nov/2021:10:29:40 +0800] "GET /xingrg/all/function/internal_message.html?_=1637548005679&CODE_STATE=getMsg HTTP/1.1" 200 27
101.91.60.88 - - [22/Nov/2021:10:29:42 +0800] "GET /xingrg/kc/buy/cgsh_order_operate.html?command=get_materiel&rest_code=00106&code=00101008176&supplier_code=00100007&order_time=2021-11-22 HTTP/1.1" 302 -
58.39.139.200 - - [22/Nov/2021:10:29:42 +0800] "GET /xingrg/kc/buy/cgsh_order_operate.html?command=get_materiel&rest_code=00105&code=00101008185&supplier_code=00100203&order_time=2021-11-22 HTTP/1.1" 200 408
101.91.60.88 - - [22/Nov/2021:10:29:42 +0800] "GET /xingrg/login.html HTTP/1.1" 200 7641
222.70.171.86 - - [22/Nov/2021:10:29:44 +0800] "GET /xingrg/all/function/internal_message.html?_=1637548188081&CODE_STATE=getMsg HTTP/1.1" 200 27
58.39.139.200 - - [22/Nov/2021:10:29:47 +0800] "GET /xingrg/all/function/internal_message.html?_=1637548122947&CODE_STATE=getMsg HTTP/1.1" 200 27
114.85.125.222 - - [22/Nov/2021:10:29:47 +0800] "GET /xingrg/check_reg.html?_=1637548162335 HTTP/1.1" 200 22
114.85.125.222 - - [22/Nov/2021:10:29:48 +0800] "GET /xingrg/all/function/internal_message.html?_=1637548162570&CODE_STATE=getMsg HTTP/1.1" 200 27
114.86.229.7 - - [22/Nov/2021:10:29:48 +0800] "GET /xingrg/all/function/internal_message.html?_=1637548188473&CODE_STATE=getMsg HTTP/1.1" 200 27
116.235.93.2 - - [22/Nov/2021:10:29:52 +0800] "GET /xingrg/all/function/internal_message.html?_=1637548196800&CODE_STATE=getMsg HTTP/1.1" 200 27
180.157.253.6 - - [22/Nov/2021:10:29:52 +0800] "GET /xingrg/all/function/internal_message.html?_=1637548192254&CODE_STATE=getMsg HTTP/1.1" 200 27
180.169.147.146 - - [22/Nov/2021:10:29:53 +0800] "GET /xingrg/all/function/internal_message.html?_=1637548192774&CODE_STATE=getMsg HTTP/1.1" 200 27
58.37.231.44 - - [22/Nov/2021:10:29:54 +0800] "GET /xingrg/kc/buy/cgsh_order_operate.html?command=get_materiel&rest_code=00141&code=00101001013&supplier_code=00100007&order_time=2021-11-22 HTTP/1.1" 200 416
61.151.178.164 - - [22/Nov/2021:10:29:55 +0800] "GET /xingrg/kc/buy/cgsh_order_operate.html?command=get_materiel&rest_code=00106&code=00101008072&supplier_code=00100007&order_time=2021-11-22 HTTP/1.1" 302 -
124.78.153.86 - - [22/Nov/2021:10:29:56 +0800] "POST /xingrg/kc/buy/cgsh_order_operate.html HTTP/1.1" 200 37
180.174.250.202 - - [22/Nov/2021:10:29:57 +0800] "GET /xingrg/all/function/internal_message.html?_=1637548196225&CODE_STATE=getMsg HTTP/1.1" 200 27
61.151.178.164 - - [22/Nov/2021:10:29:57 +0800] "GET /xingrg/login.html HTTP/1.1" 200 7641
124.78.153.86 - - [22/Nov/2021:10:29:59 +0800] "POST /xingrg/kc/buy/cgsh_order_operate.html HTTP/1.1" 200 24494
58.39.139.200 - - [22/Nov/2021:10:30:03 +0800] "GET /xingrg/kc/buy/cgsh_order_operate.html?command=get_materiel&rest_code=00105&code=00101008150&supplier_code=00100203&order_time=2021-11-22 HTTP/1.1" 200 409
124.78.153.86 - - [22/Nov/2021:10:30:06 +0800] "GET /xingrg/kc/buy/cgsh_order_operate.html?command=get_materiel&rest_code=00106&code=00101008067&supplier_code=00100007&order_time=2021-11-22 HTTP/1.1" 200 416
58.37.231.44 - - [22/Nov/2021:10:30:07 +0800] "GET /xingrg/kc/buy/cgsh_order_operate.html?command=get_materiel&rest_code=00141&code=00101008361&supplier_code=00100007&order_time=2021-11-22 HTTP/1.1" 200 408
116.235.93.2 - - [22/Nov/2021:10:30:07 +0800] "GET /xingrg/kc/buy/cgsh_order_operate.html?command=get_materiel&rest_code=00104&code=00101005037&supplier_code=00100040&order_time=2021-11-22 HTTP/1.1" 200 409
180.174.250.202 - - [22/Nov/2021:10:30:07 +0800] "GET /xingrg/all/function/internal_message.html?_=1637548200729&CODE_STATE=getMsg HTTP/1.1" 200 27
116.235.93.2 - - [22/Nov/2021:10:30:12 +0800] "GET /xingrg/all/function/internal_message.html?_=1637548326403&CODE_STATE=getMsg HTTP/1.1" 302 -
116.235.93.2 - - [22/Nov/2021:10:30:12 +0800] "GET /xingrg/check_reg.html?_=1637548326404 HTTP/1.1" 302 -
58.37.231.44 - - [22/Nov/2021:10:30:14 +0800] "GET /xingrg/kc/buy/cgsh_order_operate.html?command=get_materiel&rest_code=00141&code=00101008242&supplier_code=00100007&order_time=2021-11-22 HTTP/1.1" 200 408
116.235.93.2 - - [22/Nov/2021:10:30:16 +0800] "GET /xingrg/javascript/easyui/themes/default/images/button_plain_hover.png HTTP/1.1" 304 -
116.235.93.2 - - [22/Nov/2021:10:30:16 +0800] "GET /xingrg/javascript/easyui/themes/default/images/button_plain_hover.png HTTP/1.1" 304 -
116.235.93.2 - - [22/Nov/2021:10:30:16 +0800] "GET /xingrg/javascript/easyui/themes/default/images/button_plain_hover.png HTTP/1.1" 304 -
116.235.93.2 - - [22/Nov/2021:10:30:19 +0800] "POST /xingrg/kc/buy/cgsh_order_operate.html HTTP/1.1" 200 37
101.91.60.11 - - [22/Nov/2021:10:30:19 +0800] "GET /xingrg/kc/buy/cgsh_order_operate.html?command=get_materiel&rest_code=00106&code=00101008224&supplier_code=00100007&order_time=2021-11-22 HTTP/1.1" 302 -
101.91.60.11 - - [22/Nov/2021:10:30:20 +0800] "GET /xingrg/login.html HTTP/1.1" 200 7641
116.235.93.2 - - [22/Nov/2021:10:30:21 +0800] "POST /xingrg/kc/buy/cgsh_order_operate.html HTTP/1.1" 200 3240
116.235.93.2 - - [22/Nov/2021:10:30:21 +0800] "GET /xingrg/javascript/easyui/themes/default/images/button_plain_hover.png HTTP/1.1" 304 -
116.235.93.2 - - [22/Nov/2021:10:30:21 +0800] "GET /xingrg/javascript/easyui/themes/default/images/button_plain_hover.png HTTP/1.1" 304 -
58.37.231.44 - - [22/Nov/2021:10:30:21 +0800] "GET /xingrg/kc/buy/cgsh_order_operate.html?command=get_materiel&rest_code=00141&code=00101008300&supplier_code=00100007&order_time=2021-11-22 HTTP/1.1" 200 412
116.235.93.2 - - [22/Nov/2021:10:30:21 +0800] "GET /xingrg/javascript/easyui/themes/default/images/button_plain_hover.png HTTP/1.1" 304 -
116.235.93.2 - - [22/Nov/2021:10:30:22 +0800] "GET /xingrg/kc/print/load_config.html?kc_code=cgsh HTTP/1.1" 200 2281
116.235.93.2 - - [22/Nov/2021:10:30:22 +0800] "GET /xingrg/kc/print/load_data.html?order_code=212021112209378&kc_code=cgsh&condition= HTTP/1.1" 200 960
58.39.139.200 - - [22/Nov/2021:10:30:24 +0800] "GET /xingrg/kc/buy/cgsh_order_operate.html?command=get_materiel&rest_code=00105&code=00101015038&supplier_code=00100203&order_time=2021-11-22 HTTP/1.1" 200 418
58.37.231.44 - - [22/Nov/2021:10:30:24 +0800] "POST /xingrg/kc/buy/cgsh_order_operate.html HTTP/1.1" 200 2065
116.235.93.2 - - [22/Nov/2021:10:30:26 +0800] "GET /xingrg/javascript/easyui/themes/default/images/button_plain_hover.png HTTP/1.1" 304 -
116.235.93.2 - - [22/Nov/2021:10:30:26 +0800] "GET /xingrg/javascript/easyui/themes/default/images/button_plain_hover.png HTTP/1.1" 304 -
116.235.93.2 - - [22/Nov/2021:10:30:26 +0800] "GET /xingrg/javascript/easyui/themes/default/images/button_plain_hover.png HTTP/1.1" 304 -
116.235.93.2 - - [22/Nov/2021:10:30:26 +0800] "GET /xingrg/css/base.css HTTP/1.1" 304 -
116.235.93.2 - - [22/Nov/2021:10:30:26 +0800] "GET /xingrg/css/site.css HTTP/1.1" 304 -
116.235.93.2 - - [22/Nov/2021:10:30:26 +0800] "GET /xingrg/javascript/easyui/themes/icon.css HTTP/1.1" 304 -
116.235.93.2 - - [22/Nov/2021:10:30:26 +0800] "GET /xingrg/javascript/jquery_tools/datebox.css HTTP/1.1" 304 -
116.235.93.2 - - [22/Nov/2021:10:30:26 +0800] "GET /xingrg/javascript/easyui/themes/default/easyui.css HTTP/1.1" 304 -
116.235.93.2 - - [22/Nov/2021:10:30:26 +0800] "GET /xingrg/javascript/auto/jquery.autocomplete.css HTTP/1.1" 304 -
116.235.93.2 - - [22/Nov/2021:10:30:26 +0800] "GET /xingrg/javascript/jquery_tools/fix.css HTTP/1.1" 304 -
116.235.93.2 - - [22/Nov/2021:10:30:26 +0800] "GET /xingrg/javascript/jquery_tools/table.css HTTP/1.1" 304 -
116.235.93.2 - - [22/Nov/2021:10:30:26 +0800] "GET /xingrg/kc/buy/cgsh_order_add.html HTTP/1.1" 200 64975
116.235.93.2 - - [22/Nov/2021:10:30:26 +0800] "GET /xingrg/javascript/pic_change.js HTTP/1.1" 304 -
116.235.93.2 - - [22/Nov/2021:10:30:26 +0800] "GET /xingrg/javascript/jquery_tools/jquery.tools.table.js HTTP/1.1" 304 -
116.235.93.2 - - [22/Nov/2021:10:30:26 +0800] "GET /xingrg/javascript/auto/jquery.autocomplete.js HTTP/1.1" 304 -
116.235.93.2 - - [22/Nov/2021:10:30:26 +0800] "GET /xingrg/javascript/easyui/easyloader.js HTTP/1.1" 304 -
116.235.93.2 - - [22/Nov/2021:10:30:26 +0800] "GET /xingrg/javascript/jquery.utils.js HTTP/1.1" 304 -
116.235.93.2 - - [22/Nov/2021:10:30:26 +0800] "GET /xingrg/javascript/jquery_tools/order_manager.js HTTP/1.1" 304 -
116.235.93.2 - - [22/Nov/2021:10:30:26 +0800] "GET /xingrg/javascript/jquery_tools/jquery.tools.min.js HTTP/1.1" 304 -
116.235.93.2 - - [22/Nov/2021:10:30:26 +0800] "GET /xingrg/javascript/jquery_tools/jquery.tools.extend.js HTTP/1.1" 304 -
116.235.93.2 - - [22/Nov/2021:10:30:26 +0800] "GET /xingrg/javascript/convert.js HTTP/1.1" 304 -
116.235.93.2 - - [22/Nov/2021:10:30:26 +0800] "GET /xingrg/javascript/json2.js HTTP/1.1" 304 -
116.235.93.2 - - [22/Nov/2021:10:30:26 +0800] "GET /xingrg/javascript/jquery_tools/jquery.tools.hotkey.js HTTP/1.1" 304 -
116.235.93.2 - - [22/Nov/2021:10:30:26 +0800] "GET /xingrg/javascript/jquery.cookie.js HTTP/1.1" 304 -
116.235.93.2 - - [22/Nov/2021:10:30:26 +0800] "GET /xingrg/javascript/print/kc_print.js HTTP/1.1" 304 -
116.235.93.2 - - [22/Nov/2021:10:30:26 +0800] "GET /xingrg/javascript/print/LodopFuncs.js HTTP/1.1" 304 -
61.151.178.177 - - [22/Nov/2021:10:30:27 +0800] "GET /xingrg/kc/buy/cgsh_order_operate.html?command=get_materiel&rest_code=00106&code=00101008003&supplier_code=00100007&order_time=2021-11-22 HTTP/1.1" 302 -
116.235.93.2 - - [22/Nov/2021:10:30:27 +0800] "GET /xingrg/words/20211119163412_words.js HTTP/1.1" 304 -
116.235.93.2 - - [22/Nov/2021:10:30:27 +0800] "GET /xingrg/javascript/easyui/themes/icons/copy_new.png HTTP/1.1" 304 -
116.235.93.2 - - [22/Nov/2021:10:30:27 +0800] "GET /xingrg/javascript/easyui/themes/icons/template_new.png HTTP/1.1" 304 -
116.235.93.2 - - [22/Nov/2021:10:30:27 +0800] "GET /xingrg/javascript/easyui/themes/icons/ok.png HTTP/1.1" 304 -
116.235.93.2 - - [22/Nov/2021:10:30:27 +0800] "GET /xingrg/javascript/easyui/themes/icons/print.png HTTP/1.1" 304 -
116.235.93.2 - - [22/Nov/2021:10:30:27 +0800] "GET /xingrg/javascript/easyui/themes/default/images/menu_downarrow.png HTTP/1.1" 304 -
116.235.93.2 - - [22/Nov/2021:10:30:27 +0800] "GET /xingrg/javascript/easyui/themes/icons/cancel.png HTTP/1.1" 304 -
116.235.93.2 - - [22/Nov/2021:10:30:27 +0800] "GET /xingrg/javascript/easyui/plugins/jquery.parser.js HTTP/1.1" 304 -
116.235.93.2 - - [22/Nov/2021:10:30:27 +0800] "POST /xingrg/kc/buy/cgsh_order_operate.html HTTP/1.1" 200 8245
116.235.93.2 - - [22/Nov/2021:10:30:27 +0800] "GET /xingrg/all/common/auto_word.html?type=employee&rest_code=00104 HTTP/1.1" 200 195
116.235.93.2 - - [22/Nov/2021:10:30:28 +0800] "GET /xingrg/all/common/auto_word.html?type=employee&rest_code=00104 HTTP/1.1" 200 195
116.235.93.2 - - [22/Nov/2021:10:30:28 +0800] "GET /xingrg/javascript/easyui/themes/default/validatebox.css HTTP/1.1" 404 1104
116.235.93.2 - - [22/Nov/2021:10:30:28 +0800] "GET /xingrg/javascript/easyui/plugins/jquery.validatebox.js HTTP/1.1" 304 -
116.235.93.2 - - [22/Nov/2021:10:30:28 +0800] "GET /xingrg/javascript/easyui/plugins/jquery.numberbox.js HTTP/1.1" 304 -
116.235.93.2 - - [22/Nov/2021:10:30:28 +0800] "GET /xingrg/javascript/easyui/plugins/jquery.draggable.js HTTP/1.1" 304 -
116.235.93.2 - - [22/Nov/2021:10:30:28 +0800] "GET /xingrg/css/images/panel_loading.gif HTTP/1.1" 304 -
116.235.93.2 - - [22/Nov/2021:10:30:28 +0800] "GET /xingrg/javascript/easyui/plugins/jquery.droppable.js HTTP/1.1" 304 -
116.235.93.2 - - [22/Nov/2021:10:30:28 +0800] "GET /xingrg/javascript/easyui/themes/default/tree.css HTTP/1.1" 404 1090
116.235.93.2 - - [22/Nov/2021:10:30:28 +0800] "GET /xingrg/javascript/easyui/plugins/jquery.tree.js HTTP/1.1" 304 -
116.235.93.2 - - [22/Nov/2021:10:30:29 +0800] "POST /xingrg/all/common/load_tree.html?tree=supplier_tree_json&isDelete=1 HTTP/1.1" 200 60674
61.151.178.177 - - [22/Nov/2021:10:30:29 +0800] "GET /xingrg/login.html HTTP/1.1" 200 7641
116.235.93.2 - - [22/Nov/2021:10:30:31 +0800] "GET /xingrg/javascript/easyui/themes/default/images/tree_folder.gif HTTP/1.1" 304 -
116.235.93.2 - - [22/Nov/2021:10:30:31 +0800] "GET /xingrg/javascript/easyui/themes/default/images/tree_folder_open.gif HTTP/1.1" 304 -
116.235.93.2 - - [22/Nov/2021:10:30:31 +0800] "GET /xingrg/javascript/easyui/themes/default/images/tree_file.gif HTTP/1.1" 304 -
58.37.231.44 - - [22/Nov/2021:10:30:31 +0800] "GET /xingrg/kc/buy/cgsh_order_operate.html?command=get_materiel&rest_code=00141&code=00101008251&supplier_code=00100007&order_time=2021-11-22 HTTP/1.1" 200 408
58.40.7.146 - - [22/Nov/2021:10:30:33 +0800] "GET /xingrg/all/function/internal_message.html?_=1637548232708&CODE_STATE=getMsg HTTP/1.1" 200 27
116.238.248.233 - - [22/Nov/2021:10:30:33 +0800] "GET /xingrg/check_reg.html?_=1637548231812 HTTP/1.1" 200 22
116.238.248.233 - - [22/Nov/2021:10:30:33 +0800] "GET /xingrg/all/function/internal_message.html?_=1637548231813&CODE_STATE=getMsg HTTP/1.1" 200 27
116.227.210.113 - - [22/Nov/2021:10:30:33 +0800] "GET /xingrg/all/function/internal_message.html?_=1637548224578&CODE_STATE=getMsg HTTP/1.1" 200 27
116.227.210.113 - - [22/Nov/2021:10:30:33 +0800] "GET /xingrg/check_reg.html?_=1637548224587 HTTP/1.1" 200 22
124.78.153.86 - - [22/Nov/2021:10:30:35 +0800] "POST /xingrg/kc/buy/cgsh_order_operate.html HTTP/1.1" 200 2065
58.37.231.44 - - [22/Nov/2021:10:30:40 +0800] "GET /xingrg/all/function/internal_message.html?_=1637548065579&CODE_STATE=getMsg HTTP/1.1" 200 27
58.37.231.44 - - [22/Nov/2021:10:30:40 +0800] "GET /xingrg/check_reg.html?_=1637548065581 HTTP/1.1" 200 22
222.70.171.86 - - [22/Nov/2021:10:30:44 +0800] "GET /xingrg/all/function/internal_message.html?_=1637548248117&CODE_STATE=getMsg HTTP/1.1" 200 27
116.235.93.2 - - [22/Nov/2021:10:30:45 +0800] "GET /xingrg/kc/buy/cgsh_order_operate.html?command=get_materiel&rest_code=00104&code=00101007022&supplier_code=00100003&order_time=2021-11-22 HTTP/1.1" 200 413
58.39.139.200 - - [22/Nov/2021:10:30:47 +0800] "GET /xingrg/all/function/internal_message.html?_=1637548182923&CODE_STATE=getMsg HTTP/1.1" 200 27
114.85.125.222 - - [22/Nov/2021:10:30:48 +0800] "GET /xingrg/all/function/internal_message.html?_=1637548222583&CODE_STATE=getMsg HTTP/1.1" 200 27
58.39.139.200 - - [22/Nov/2021:10:30:48 +0800] "GET /xingrg/check_reg.html?_=1637548184235 HTTP/1.1" 200 22
114.86.229.7 - - [22/Nov/2021:10:30:48 +0800] "GET /xingrg/all/function/internal_message.html?_=1637548248476&CODE_STATE=getMsg HTTP/1.1" 200 27
180.169.147.146 - - [22/Nov/2021:10:30:49 +0800] "GET /xingrg/check_reg.html?_=1637548248695 HTTP/1.1" 200 22
58.39.139.200 - - [22/Nov/2021:10:30:50 +0800] "GET /xingrg/kc/buy/cgsh_order_operate.html?command=get_materiel&rest_code=00105&code=00101008277&supplier_code=00100203&order_time=2021-11-22 HTTP/1.1" 200 412
116.235.93.2 - - [22/Nov/2021:10:30:52 +0800] "GET /xingrg/all/function/internal_message.html?_=1637548256812&CODE_STATE=getMsg HTTP/1.1" 200 27
180.157.253.6 - - [22/Nov/2021:10:30:52 +0800] "GET /xingrg/all/function/internal_message.html?_=1637548252255&CODE_STATE=getMsg HTTP/1.1" 200 27
180.169.147.146 - - [22/Nov/2021:10:30:53 +0800] "GET /xingrg/all/function/internal_message.html?_=1637548252769&CODE_STATE=getMsg HTTP/1.1" 200 27
124.78.153.86 - - [22/Nov/2021:10:30:54 +0800] "GET /xingrg/kc/buy/cgsh_order_operate.html?command=get_materiel&rest_code=00106&code=00101008242&supplier_code=00100007&order_time=2021-11-22 HTTP/1.1" 200 408
180.174.250.202 - - [22/Nov/2021:10:30:57 +0800] "GET /xingrg/all/function/internal_message.html?_=1637548256230&CODE_STATE=getMsg HTTP/1.1" 200 27
124.78.153.86 - - [22/Nov/2021:10:30:58 +0800] "GET /xingrg/all/function/internal_message.html?_=1637548256568&CODE_STATE=getMsg HTTP/1.1" 200 27
58.37.231.44 - - [22/Nov/2021:10:31:01 +0800] "POST /xingrg/kc/buy/cgsh_order_operate.html HTTP/1.1" 200 2065
124.78.153.86 - - [22/Nov/2021:10:31:05 +0800] "GET /xingrg/kc/buy/cgsh_order_operate.html?command=get_materiel&rest_code=00106&code=00101008027&supplier_code=00100007&order_time=2021-11-22 HTTP/1.1" 200 408
61.151.178.177 - - [22/Nov/2021:10:31:05 +0800] "GET /xingrg/kc/buy/cgsh_order_operate.html?command=get_materiel&rest_code=00106&code=00101008067&supplier_code=00100007&order_time=2021-11-22 HTTP/1.1" 302 -
180.174.250.202 - - [22/Nov/2021:10:31:05 +0800] "GET /xingrg/check_reg.html?_=1637548258621 HTTP/1.1" 200 22
61.151.178.177 - - [22/Nov/2021:10:31:06 +0800] "GET /xingrg/login.html HTTP/1.1" 200 7641
180.174.250.202 - - [22/Nov/2021:10:31:07 +0800] "GET /xingrg/all/function/internal_message.html?_=1637548260744&CODE_STATE=getMsg HTTP/1.1" 200 27
58.39.139.200 - - [22/Nov/2021:10:31:11 +0800] "POST /xingrg/kc/buy/cgsh_order_operate.html HTTP/1.1" 200 37
116.235.93.2 - - [22/Nov/2021:10:31:12 +0800] "GET /xingrg/all/function/internal_message.html?_=1637548386417&CODE_STATE=getMsg HTTP/1.1" 302 -
116.235.93.2 - - [22/Nov/2021:10:31:13 +0800] "GET /xingrg/kc/buy/cgsh_order_operate.html?command=get_materiel&rest_code=00104&code=00101007048&supplier_code=00100003&order_time=2021-11-22 HTTP/1.1" 200 408
58.39.139.200 - - [22/Nov/2021:10:31:13 +0800] "POST /xingrg/kc/buy/cgsh_order_operate.html HTTP/1.1" 200 10922
180.169.147.146 - - [22/Nov/2021:10:31:13 +0800] "POST /xingrg/kc/base/check_list_operate.html HTTP/1.1" 200 781
124.78.153.86 - - [22/Nov/2021:10:31:14 +0800] "GET /xingrg/kc/buy/cgsh_order_operate.html?command=get_materiel&rest_code=00106&code=00101013021&supplier_code=00100007&order_time=2021-11-22 HTTP/1.1" 200 413
116.235.93.2 - - [22/Nov/2021:10:31:22 +0800] "GET /xingrg/kc/buy/cgsh_order_operate.html?command=get_materiel&rest_code=00104&code=00101007022&supplier_code=00100003&order_time=2021-11-22 HTTP/1.1" 200 413
58.37.231.44 - - [22/Nov/2021:10:31:24 +0800] "GET /xingrg/kc/buy/cgsh_order_operate.html?command=get_materiel&rest_code=00141&code=00101008403&supplier_code=00100007&order_time=2021-11-22 HTTP/1.1" 200 412
116.235.93.2 - - [22/Nov/2021:10:31:29 +0800] "GET /xingrg/javascript/easyui/themes/default/images/button_plain_hover.png HTTP/1.1" 304 -
116.235.93.2 - - [22/Nov/2021:10:31:33 +0800] "POST /xingrg/kc/buy/cgsh_order_operate.html HTTP/1.1" 200 37
58.37.231.44 - - [22/Nov/2021:10:31:33 +0800] "GET /xingrg/kc/buy/cgsh_order_operate.html?command=get_materiel&rest_code=00141&code=00101008344&supplier_code=00100007&order_time=2021-11-22 HTTP/1.1" 200 412
58.40.7.146 - - [22/Nov/2021:10:31:33 +0800] "GET /xingrg/all/function/internal_message.html?_=1637548292710&CODE_STATE=getMsg HTTP/1.1" 200 27
116.238.248.233 - - [22/Nov/2021:10:31:33 +0800] "GET /xingrg/all/function/internal_message.html?_=1637548291825&CODE_STATE=getMsg HTTP/1.1" 200 27
116.227.210.113 - - [22/Nov/2021:10:31:33 +0800] "GET /xingrg/all/function/internal_message.html?_=1637548284576&CODE_STATE=getMsg HTTP/1.1" 200 27
116.235.93.2 - - [22/Nov/2021:10:31:35 +0800] "POST /xingrg/kc/buy/cgsh_order_operate.html HTTP/1.1" 200 3835
124.78.153.86 - - [22/Nov/2021:10:31:39 +0800] "GET /xingrg/kc/buy/cgsh_order_operate.html?command=get_materiel&rest_code=00106&code=00102002179&supplier_code=00100007&order_time=2021-11-22 HTTP/1.1" 200 414
58.37.231.44 - - [22/Nov/2021:10:31:40 +0800] "GET /xingrg/all/function/internal_message.html?_=1637548125720&CODE_STATE=getMsg HTTP/1.1" 200 27
116.235.93.2 - - [22/Nov/2021:10:31:41 +0800] "GET /xingrg/javascript/easyui/themes/default/images/button_plain_hover.png HTTP/1.1" 304 -
116.235.93.2 - - [22/Nov/2021:10:31:41 +0800] "GET /xingrg/javascript/easyui/themes/default/images/button_plain_hover.png HTTP/1.1" 304 -
116.235.93.2 - - [22/Nov/2021:10:31:41 +0800] "GET /xingrg/javascript/easyui/themes/default/images/button_plain_hover.png HTTP/1.1" 304 -
116.235.93.2 - - [22/Nov/2021:10:31:42 +0800] "GET /xingrg/javascript/easyui/themes/default/images/button_plain_hover.png HTTP/1.1" 304 -
58.37.231.44 - - [22/Nov/2021:10:31:42 +0800] "GET /xingrg/kc/buy/cgsh_order_operate.html?command=get_materiel&rest_code=00141&code=00101009054&supplier_code=00100007&order_time=2021-11-22 HTTP/1.1" 200 412
222.70.171.86 - - [22/Nov/2021:10:31:44 +0800] "GET /xingrg/all/function/internal_message.html?_=1637548308124&CODE_STATE=getMsg HTTP/1.1" 200 27
116.235.93.2 - - [22/Nov/2021:10:31:44 +0800] "POST /xingrg/kc/buy/cgsh_order_operate.html HTTP/1.1" 200 37
116.235.93.2 - - [22/Nov/2021:10:31:46 +0800] "POST /xingrg/kc/buy/cgsh_order_operate.html HTTP/1.1" 200 3835
58.39.139.200 - - [22/Nov/2021:10:31:47 +0800] "GET /xingrg/all/function/internal_message.html?_=1637548242900&CODE_STATE=getMsg HTTP/1.1" 200 27
116.235.93.2 - - [22/Nov/2021:10:31:47 +0800] "GET /xingrg/javascript/easyui/themes/default/images/button_plain_hover.png HTTP/1.1" 304 -
114.85.125.222 - - [22/Nov/2021:10:31:48 +0800] "GET /xingrg/all/function/internal_message.html?_=1637548282597&CODE_STATE=getMsg HTTP/1.1" 200 27
116.235.93.2 - - [22/Nov/2021:10:31:48 +0800] "GET /xingrg/javascript/easyui/themes/default/images/button_plain_hover.png HTTP/1.1" 304 -
116.235.93.2 - - [22/Nov/2021:10:31:48 +0800] "GET /xingrg/javascript/easyui/themes/default/images/button_plain_hover.png HTTP/1.1" 304 -
116.235.93.2 - - [22/Nov/2021:10:31:48 +0800] "GET /xingrg/javascript/easyui/themes/default/images/button_plain_hover.png HTTP/1.1" 304 -
116.235.93.2 - - [22/Nov/2021:10:31:48 +0800] "GET /xingrg/javascript/easyui/themes/default/images/button_plain_hover.png HTTP/1.1" 304 -
114.86.229.7 - - [22/Nov/2021:10:31:48 +0800] "GET /xingrg/all/function/internal_message.html?_=1637548308479&CODE_STATE=getMsg HTTP/1.1" 200 27
116.235.93.2 - - [22/Nov/2021:10:31:49 +0800] "GET /xingrg/kc/print/load_config.html?kc_code=cgsh HTTP/1.1" 200 2281
116.235.93.2 - - [22/Nov/2021:10:31:49 +0800] "GET /xingrg/kc/print/load_data.html?order_code=212021112209380&kc_code=cgsh&condition= HTTP/1.1" 200 1174
58.37.231.44 - - [22/Nov/2021:10:31:50 +0800] "GET /xingrg/kc/buy/cgsh_order_operate.html?command=get_materiel&rest_code=00141&code=00101008041&supplier_code=00100007&order_time=2021-11-22 HTTP/1.1" 200 408
101.89.239.120 - - [22/Nov/2021:10:31:51 +0800] "GET /xingrg/kc/buy/cgsh_order_operate.html?command=get_materiel&rest_code=00106&code=00101008242&supplier_code=00100007&order_time=2021-11-22 HTTP/1.1" 302 -
124.78.153.86 - - [22/Nov/2021:10:31:52 +0800] "POST /xingrg/kc/buy/cgsh_order_operate.html HTTP/1.1" 200 2065
101.89.239.120 - - [22/Nov/2021:10:31:52 +0800] "GET /xingrg/login.html HTTP/1.1" 200 7641
116.235.93.2 - - [22/Nov/2021:10:31:52 +0800] "GET /xingrg/all/function/internal_message.html?_=1637548316826&CODE_STATE=getMsg HTTP/1.1" 200 27
180.157.253.6 - - [22/Nov/2021:10:31:52 +0800] "GET /xingrg/all/function/internal_message.html?_=1637548312256&CODE_STATE=getMsg HTTP/1.1" 200 27
58.39.139.200 - - [22/Nov/2021:10:31:52 +0800] "GET /xingrg/kc/buy/cgsh_order_operate.html?command=get_materiel&rest_code=00105&code=00101008248&supplier_code=00100203&order_time=2021-11-22 HTTP/1.1" 200 412
180.169.147.146 - - [22/Nov/2021:10:31:53 +0800] "GET /xingrg/all/function/internal_message.html?_=1637548312742&CODE_STATE=getMsg HTTP/1.1" 200 27
58.37.231.44 - - [22/Nov/2021:10:31:54 +0800] "POST /xingrg/kc/buy/cgsh_order_operate.html HTTP/1.1" 200 2065
180.169.147.146 - - [22/Nov/2021:10:31:55 +0800] "GET /xingrg/all/function/internal_message.html?_=1637548308848&CODE_STATE=getMsg HTTP/1.1" 200 27
180.169.147.146 - - [22/Nov/2021:10:31:55 +0800] "GET /xingrg/check_reg.html?_=1637548308849 HTTP/1.1" 200 22
180.174.250.202 - - [22/Nov/2021:10:31:57 +0800] "GET /xingrg/all/function/internal_message.html?_=1637548316230&CODE_STATE=getMsg HTTP/1.1" 200 27
124.78.153.86 - - [22/Nov/2021:10:31:58 +0800] "GET /xingrg/all/function/internal_message.html?_=1637548316549&CODE_STATE=getMsg HTTP/1.1" 200 27
101.89.239.120 - - [22/Nov/2021:10:31:59 +0800] "GET /xingrg/all/function/internal_message.html?_=1637548256568&CODE_STATE=getMsg HTTP/1.1" 302 -
101.89.239.120 - - [22/Nov/2021:10:32:00 +0800] "GET /xingrg/login.html HTTP/1.1" 200 7641
180.174.250.202 - - [22/Nov/2021:10:32:07 +0800] "GET /xingrg/all/function/internal_message.html?_=1637548320756&CODE_STATE=getMsg HTTP/1.1" 200 27
61.151.207.158 - - [22/Nov/2021:10:32:11 +0800] "GET /xingrg/kc/buy/cgsh_order_operate.html?command=get_materiel&rest_code=00106&code=00101013021&supplier_code=00100007&order_time=2021-11-22 HTTP/1.1" 302 -
116.235.93.2 - - [22/Nov/2021:10:32:12 +0800] "GET /xingrg/all/function/internal_message.html?_=1637548446409&CODE_STATE=getMsg HTTP/1.1" 302 -
61.151.207.158 - - [22/Nov/2021:10:32:13 +0800] "GET /xingrg/login.html HTTP/1.1" 200 7641
124.78.153.86 - - [22/Nov/2021:10:32:13 +0800] "POST /xingrg/kc/buy/cgsh_order_operate.html HTTP/1.1" 200 37
58.39.139.200 - - [22/Nov/2021:10:32:15 +0800] "GET /xingrg/kc/buy/cgsh_order_operate.html?command=get_materiel&rest_code=00105&code=00101008330&supplier_code=00100203&order_time=2021-11-22 HTTP/1.1" 200 409
124.78.153.86 - - [22/Nov/2021:10:32:18 +0800] "POST /xingrg/kc/buy/cgsh_order_operate.html HTTP/1.1" 200 29806
58.37.231.44 - - [22/Nov/2021:10:32:21 +0800] "GET /xingrg/kc/buy/cgsh_order_operate.html?command=get_materiel&rest_code=00141&code=00101008095&supplier_code=00100007&order_time=2021-11-22 HTTP/1.1" 200 412
222.70.171.86 - - [22/Nov/2021:10:32:28 +0800] "GET /xingrg/check_reg.html?_=1637548352010 HTTP/1.1" 200 22
58.40.7.146 - - [22/Nov/2021:10:32:33 +0800] "GET /xingrg/all/function/internal_message.html?_=1637548352711&CODE_STATE=getMsg HTTP/1.1" 200 27
116.238.248.233 - - [22/Nov/2021:10:32:33 +0800] "GET /xingrg/all/function/internal_message.html?_=1637548351824&CODE_STATE=getMsg HTTP/1.1" 200 27
116.227.210.113 - - [22/Nov/2021:10:32:33 +0800] "GET /xingrg/all/function/internal_message.html?_=1637548344576&CODE_STATE=getMsg HTTP/1.1" 200 27
58.39.139.200 - - [22/Nov/2021:10:32:36 +0800] "GET /xingrg/kc/buy/cgsh_order_operate.html?command=get_materiel&rest_code=00105&code=00101008055&supplier_code=00100203&order_time=2021-11-22 HTTP/1.1" 200 409
61.151.207.205 - - [22/Nov/2021:10:32:36 +0800] "GET /xingrg/kc/buy/cgsh_order_operate.html?command=get_materiel&rest_code=00106&code=00102002179&supplier_code=00100007&order_time=2021-11-22 HTTP/1.1" 302 -
61.151.207.205 - - [22/Nov/2021:10:32:38 +0800] "GET /xingrg/login.html HTTP/1.1" 200 7641
58.37.231.44 - - [22/Nov/2021:10:32:40 +0800] "GET /xingrg/all/function/internal_message.html?_=1637548185712&CODE_STATE=getMsg HTTP/1.1" 200 27
124.78.153.86 - - [22/Nov/2021:10:32:41 +0800] "GET /xingrg/kc/buy/cgsh_order_operate.html?command=get_materiel&rest_code=00106&code=00101008439&supplier_code=00100007&order_time=2021-11-22 HTTP/1.1" 200 398
222.70.171.86 - - [22/Nov/2021:10:32:44 +0800] "GET /xingrg/all/function/internal_message.html?_=1637548368138&CODE_STATE=getMsg HTTP/1.1" 200 27
58.39.139.200 - - [22/Nov/2021:10:32:47 +0800] "GET /xingrg/all/function/internal_message.html?_=1637548302869&CODE_STATE=getMsg HTTP/1.1" 200 27
114.85.125.222 - - [22/Nov/2021:10:32:48 +0800] "GET /xingrg/all/function/internal_message.html?_=1637548342623&CODE_STATE=getMsg HTTP/1.1" 200 27
114.86.229.7 - - [22/Nov/2021:10:32:48 +0800] "GET /xingrg/all/function/internal_message.html?_=1637548368482&CODE_STATE=getMsg HTTP/1.1" 200 27
114.86.229.7 - - [22/Nov/2021:10:32:49 +0800] "GET /xingrg/check_reg.html?_=1637548368483 HTTP/1.1" 200 22
58.37.231.44 - - [22/Nov/2021:10:32:49 +0800] "GET /xingrg/kc/buy/cgsh_order_operate.html?command=get_materiel&rest_code=00141&code=00101008223&supplier_code=00100007&order_time=2021-11-22 HTTP/1.1" 200 412
124.78.153.86 - - [22/Nov/2021:10:32:50 +0800] "GET /xingrg/kc/buy/cgsh_order_operate.html?command=get_materiel&rest_code=00106&code=00101008223&supplier_code=00100007&order_time=2021-11-22 HTTP/1.1" 200 412
180.157.253.6 - - [22/Nov/2021:10:32:52 +0800] "GET /xingrg/check_reg.html?_=1637548372243 HTTP/1.1" 200 22
180.157.253.6 - - [22/Nov/2021:10:32:52 +0800] "GET /xingrg/all/function/internal_message.html?_=1637548372246&CODE_STATE=getMsg HTTP/1.1" 200 27
116.235.93.2 - - [22/Nov/2021:10:32:52 +0800] "GET /xingrg/all/function/internal_message.html?_=1637548377055&CODE_STATE=getMsg HTTP/1.1" 200 27
180.169.147.146 - - [22/Nov/2021:10:32:53 +0800] "GET /xingrg/all/function/internal_message.html?_=1637548372736&CODE_STATE=getMsg HTTP/1.1" 200 27
58.37.231.44 - - [22/Nov/2021:10:32:54 +0800] "POST /xingrg/kc/buy/cgsh_order_operate.html HTTP/1.1" 200 2065
180.169.147.146 - - [22/Nov/2021:10:32:55 +0800] "GET /xingrg/all/function/internal_message.html?_=1637548368832&CODE_STATE=getMsg HTTP/1.1" 200 27
58.39.139.200 - - [22/Nov/2021:10:32:56 +0800] "GET /xingrg/kc/buy/cgsh_order_operate.html?command=get_materiel&rest_code=00105&code=00101008244&supplier_code=00100203&order_time=2021-11-22 HTTP/1.1" 200 408
124.78.153.86 - - [22/Nov/2021:10:32:56 +0800] "GET /xingrg/login.html?r=1 HTTP/1.1" 200 7641
124.78.153.86 - - [22/Nov/2021:10:32:56 +0800] "GET /favicon.ico HTTP/1.1" 404 -
180.174.250.202 - - [22/Nov/2021:10:32:57 +0800] "GET /xingrg/all/function/internal_message.html?_=1637548376233&CODE_STATE=getMsg HTTP/1.1" 200 27
124.78.153.86 - - [22/Nov/2021:10:32:57 +0800] "GET /xingrg/kc/buy/cgsh_order_operate.html?command=get_materiel&rest_code=00106&code=00101008236&supplier_code=00100007&order_time=2021-11-22 HTTP/1.1" 200 416
101.91.62.89 - - [22/Nov/2021:10:32:57 +0800] "GET /xingrg/all/function/internal_message.html?_=1637548316549&CODE_STATE=getMsg HTTP/1.1" 302 -
124.78.153.86 - - [22/Nov/2021:10:32:58 +0800] "GET /xingrg/all/function/internal_message.html?_=1637548376402&CODE_STATE=getMsg HTTP/1.1" 200 27
124.78.153.86 - - [22/Nov/2021:10:32:58 +0800] "GET /xingrg/check_reg.html?_=1637548376450 HTTP/1.1" 200 22
124.78.153.86 - - [22/Nov/2021:10:32:58 +0800] "POST /xingrg/login.do HTTP/1.1" 302 -
124.78.153.86 - - [22/Nov/2021:10:32:58 +0800] "GET /xingrg/index.html?sysBaseUrl=http%3A%2F%2F180.169.147.146%3A18081%2Fxingrg%2F&costTime=38×tamp=1637548378882 HTTP/1.1" 200 17173
124.78.153.86 - - [22/Nov/2021:10:32:59 +0800] "GET /favicon.ico HTTP/1.1" 404 -
124.78.153.86 - - [22/Nov/2021:10:32:59 +0800] "POST /xingrg/all/common/load_tree.html?tree=area_rest_tree_json&manage=1 HTTP/1.1" 200 342
101.91.62.89 - - [22/Nov/2021:10:32:59 +0800] "GET /xingrg/login.html HTTP/1.1" 200 7641
124.78.153.86 - - [22/Nov/2021:10:32:59 +0800] "GET /xingrg/all/function/internal_message.html?_=1637548380628&CODE_STATE=count HTTP/1.1" 200 11
124.78.153.86 - - [22/Nov/2021:10:32:59 +0800] "GET /xingrg/check_reg.html?_=1637548380629 HTTP/1.1" 200 22
124.78.153.86 - - [22/Nov/2021:10:32:59 +0800] "POST /xingrg/load_menu.html HTTP/1.1" 200 5138
124.78.153.86 - - [22/Nov/2021:10:33:00 +0800] "POST /xingrg/kc/buy/cgsh_order_operate.html HTTP/1.1" 200 2065
124.78.153.86 - - [22/Nov/2021:10:33:02 +0800] "GET /xingrg/kc/base/base_main.html HTTP/1.1" 200 12142
116.235.93.2 - - [22/Nov/2021:10:33:02 +0800] "GET /xingrg/javascript/easyui/themes/default/images/button_plain_hover.png HTTP/1.1" 304 -
116.235.93.2 - - [22/Nov/2021:10:33:02 +0800] "GET /xingrg/javascript/easyui/themes/default/images/button_plain_hover.png HTTP/1.1" 304 -
58.39.139.200 - - [22/Nov/2021:10:33:03 +0800] "POST /xingrg/kc/buy/cgsh_order_operate.html HTTP/1.1" 200 2065
116.235.93.2 - - [22/Nov/2021:10:33:04 +0800] "GET /xingrg/javascript/easyui/themes/default/images/button_plain_hover.png HTTP/1.1" 304 -
124.78.153.86 - - [22/Nov/2021:10:33:04 +0800] "GET /xingrg/kc/buy/cgsh_order_operate.html?command=get_materiel&rest_code=00106&code=00101008109&supplier_code=00100007&order_time=2021-11-22 HTTP/1.1" 200 413
124.78.153.86 - - [22/Nov/2021:10:33:04 +0800] "GET /xingrg/kc/base/wldb_order_list.html HTTP/1.1" 200 19224
116.235.93.2 - - [22/Nov/2021:10:33:04 +0800] "GET /xingrg/javascript/easyui/themes/default/images/button_plain_hover.png HTTP/1.1" 304 -
124.78.153.86 - - [22/Nov/2021:10:33:04 +0800] "POST /xingrg/kc/base/wldb_list_operate.html HTTP/1.1" 200 928
116.235.93.2 - - [22/Nov/2021:10:33:05 +0800] "GET /xingrg/javascript/jquery_easy_ui/themes/default/images/tabs_active.png HTTP/1.1" 304 -
116.235.93.2 - - [22/Nov/2021:10:33:05 +0800] "GET /xingrg/javascript/jquery_easy_ui/themes/default/images/tabs_active.png HTTP/1.1" 304 -
116.235.93.2 - - [22/Nov/2021:10:33:06 +0800] "GET /xingrg/javascript/jquery_easy_ui/themes/default/images/tabs_active.png HTTP/1.1" 304 -
124.78.153.86 - - [22/Nov/2021:10:33:06 +0800] "GET /xingrg/kc/base/wldb_order_add.html HTTP/1.1" 200 30438
124.78.153.86 - - [22/Nov/2021:10:33:07 +0800] "GET /xingrg/words/20211119163412_words.js HTTP/1.1" 304 -
124.78.153.86 - - [22/Nov/2021:10:33:07 +0800] "GET /xingrg/all/common/auto_word.html?type=base&rest_code=00106 HTTP/1.1" 200 1799
124.78.153.86 - - [22/Nov/2021:10:33:07 +0800] "GET /xingrg/all/common/auto_word.html?type=base&rest_code=00106 HTTP/1.1" 200 1799
124.78.153.86 - - [22/Nov/2021:10:33:07 +0800] "GET /xingrg/javascript/easyui/themes/default/validatebox.css HTTP/1.1" 404 1104
124.78.153.86 - - [22/Nov/2021:10:33:07 +0800] "POST /xingrg/kc/base/wldb_order_operate.html HTTP/1.1" 200 6806
116.235.93.2 - - [22/Nov/2021:10:33:07 +0800] "GET /xingrg/kc/buy/buy_main.html HTTP/1.1" 200 12412
116.235.93.2 - - [22/Nov/2021:10:33:07 +0800] "GET /xingrg/css/blue.css HTTP/1.1" 304 -
116.235.93.2 - - [22/Nov/2021:10:33:07 +0800] "GET /xingrg/javascript/jquery_easy_ui/themes/icon.css HTTP/1.1" 304 -
116.235.93.2 - - [22/Nov/2021:10:33:07 +0800] "GET /xingrg/css/new_ie.css HTTP/1.1" 404 1036
116.235.93.2 - - [22/Nov/2021:10:33:07 +0800] "GET /xingrg/javascript/ToolTips.js HTTP/1.1" 304 -
116.235.93.2 - - [22/Nov/2021:10:33:07 +0800] "GET /xingrg/javascript/jquery_ui/themes/humanity/humanity.css HTTP/1.1" 304 -
116.235.93.2 - - [22/Nov/2021:10:33:07 +0800] "GET /xingrg/javascript/pic_change.js HTTP/1.1" 304 -
116.235.93.2 - - [22/Nov/2021:10:33:07 +0800] "GET /xingrg/javascript/myfunction.js HTTP/1.1" 304 -
116.235.93.2 - - [22/Nov/2021:10:33:07 +0800] "GET /xingrg/javascript/jquery_ui/jquery-ui.min.js HTTP/1.1" 304 -
116.235.93.2 - - [22/Nov/2021:10:33:07 +0800] "GET /xingrg/javascript/jquery.utils.js HTTP/1.1" 304 -
116.235.93.2 - - [22/Nov/2021:10:33:07 +0800] "GET /xingrg/javascript/jquery-1.4.2.min.js HTTP/1.1" 304 -
116.235.93.2 - - [22/Nov/2021:10:33:07 +0800] "GET /xingrg/javascript/jquery_easy_ui/themes/default/easyui.css HTTP/1.1" 304 -
116.235.93.2 - - [22/Nov/2021:10:33:07 +0800] "GET /xingrg/images/blue/button/cgxqd.gif HTTP/1.1" 304 -
116.235.93.2 - - [22/Nov/2021:10:33:07 +0800] "GET /xingrg/images/blue/button/cgydd.gif HTTP/1.1" 304 -
116.235.93.2 - - [22/Nov/2021:10:33:07 +0800] "GET /xingrg/images/blue/button/kc.gif HTTP/1.1" 304 -
116.235.93.2 - - [22/Nov/2021:10:33:07 +0800] "GET /xingrg/images/blue/button/cgshd.gif HTTP/1.1" 304 -
116.235.93.2 - - [22/Nov/2021:10:33:07 +0800] "GET /xingrg/images/blue/button/cgfkd.gif HTTP/1.1" 304 -
116.235.93.2 - - [22/Nov/2021:10:33:07 +0800] "GET /xingrg/images/blue/button/ckthd.gif HTTP/1.1" 304 -
116.235.93.2 - - [22/Nov/2021:10:33:07 +0800] "GET /xingrg/images/blue/pic_form2.gif HTTP/1.1" 304 -
116.235.93.2 - - [22/Nov/2021:10:33:07 +0800] "GET /xingrg/javascript/jquery_ui/themes/humanity/images/ui-bg_inset-soft_100_f4f0ec_1x100.png HTTP/1.1" 304 -
116.235.93.2 - - [22/Nov/2021:10:33:07 +0800] "GET /xingrg/images/blue/bg_dotted.jpg HTTP/1.1" 304 -
116.235.93.2 - - [22/Nov/2021:10:33:07 +0800] "GET /xingrg/images/blue/button/down_ah.jpg HTTP/1.1" 304 -
116.235.93.2 - - [22/Nov/2021:10:33:07 +0800] "GET /xingrg/images/blue/button/right_ah.jpg HTTP/1.1" 304 -
116.235.93.2 - - [22/Nov/2021:10:33:07 +0800] "GET /xingrg/javascript/jquery_ui/themes/humanity/images/ui-iconsnew.jpg HTTP/1.1" 304 -
116.235.93.2 - - [22/Nov/2021:10:33:07 +0800] "GET /xingrg/javascript/jquery_ui/themes/humanity/images/ui-icons_ffffff_256x240.png HTTP/1.1" 304 -
116.235.93.2 - - [22/Nov/2021:10:33:07 +0800] "GET /xingrg/javascript/jquery_ui/themes/humanity/images/ui-icons_c47a23_256x240.png HTTP/1.1" 304 -
116.235.93.2 - - [22/Nov/2021:10:33:07 +0800] "GET /xingrg/javascript/jquery_ui/themes/humanity/images/ui-bg_glass_70_ede4d4_1x400.png HTTP/1.1" 304 -
180.174.250.202 - - [22/Nov/2021:10:33:07 +0800] "GET /xingrg/all/function/internal_message.html?_=1637548380771&CODE_STATE=getMsg HTTP/1.1" 200 27
116.235.93.2 - - [22/Nov/2021:10:33:08 +0800] "GET /xingrg/images/yd/bt.gif HTTP/1.1" 404 1040
116.235.93.2 - - [22/Nov/2021:10:33:08 +0800] "GET /xingrg/kc/buy/cgsh_order_list.html HTTP/1.1" 200 49205
116.235.93.2 - - [22/Nov/2021:10:33:08 +0800] "GET /xingrg/css/base.css HTTP/1.1" 304 -
116.235.93.2 - - [22/Nov/2021:10:33:08 +0800] "GET /xingrg/css/site.css HTTP/1.1" 304 -
116.235.93.2 - - [22/Nov/2021:10:33:08 +0800] "GET /xingrg/javascript/jquery_tools/datebox.css HTTP/1.1" 304 -
116.235.93.2 - - [22/Nov/2021:10:33:08 +0800] "GET /xingrg/javascript/easyui/themes/default/easyui.css HTTP/1.1" 304 -
116.235.93.2 - - [22/Nov/2021:10:33:08 +0800] "GET /xingrg/javascript/jquery_tools/table.css HTTP/1.1" 304 -
116.235.93.2 - - [22/Nov/2021:10:33:08 +0800] "GET /xingrg/javascript/jquery_tools/fix.css HTTP/1.1" 304 -
116.235.93.2 - - [22/Nov/2021:10:33:08 +0800] "GET /xingrg/javascript/easyui/themes/icon.css HTTP/1.1" 304 -
116.235.93.2 - - [22/Nov/2021:10:33:08 +0800] "GET /xingrg/javascript/auto/jquery.autocomplete.css HTTP/1.1" 304 -
116.235.93.2 - - [22/Nov/2021:10:33:08 +0800] "GET /xingrg/javascript/jquery_tools/jquery.tools.min.js HTTP/1.1" 304 -
116.235.93.2 - - [22/Nov/2021:10:33:08 +0800] "GET /xingrg/javascript/jquery_tools/jquery.tools.hotkey.js HTTP/1.1" 304 -
116.235.93.2 - - [22/Nov/2021:10:33:08 +0800] "GET /xingrg/javascript/jquery_tools/jquery.tools.extend.js HTTP/1.1" 304 -
116.235.93.2 - - [22/Nov/2021:10:33:08 +0800] "GET /xingrg/javascript/jquery_tools/jquery.tools.table.js HTTP/1.1" 304 -
116.235.93.2 - - [22/Nov/2021:10:33:08 +0800] "GET /xingrg/javascript/auto/jquery.autocomplete.js HTTP/1.1" 304 -
116.235.93.2 - - [22/Nov/2021:10:33:08 +0800] "GET /xingrg/javascript/jquery_tools/list_manager.js HTTP/1.1" 304 -
116.235.93.2 - - [22/Nov/2021:10:33:08 +0800] "GET /xingrg/javascript/jquery.utils.js HTTP/1.1" 304 -
116.235.93.2 - - [22/Nov/2021:10:33:08 +0800] "GET /xingrg/javascript/jquery.cookie.js HTTP/1.1" 304 -
116.235.93.2 - - [22/Nov/2021:10:33:08 +0800] "GET /xingrg/javascript/print/LodopFuncs.js HTTP/1.1" 304 -
116.235.93.2 - - [22/Nov/2021:10:33:08 +0800] "GET /xingrg/javascript/easyui/easyloader.js HTTP/1.1" 304 -
124.78.153.86 - - [22/Nov/2021:10:33:09 +0800] "POST /xingrg/all/common/load_combo.html?type=base HTTP/1.1" 200 3227
116.235.93.2 - - [22/Nov/2021:10:33:09 +0800] "GET /xingrg/javascript/easyui/themes/icons/field_new.png HTTP/1.1" 304 -
116.235.93.2 - - [22/Nov/2021:10:33:09 +0800] "GET /xingrg/javascript/easyui/themes/icons/import_new.png HTTP/1.1" 304 -
116.235.93.2 - - [22/Nov/2021:10:33:09 +0800] "GET /xingrg/javascript/easyui/plugins/jquery.parser.js HTTP/1.1" 304 -
58.37.231.44 - - [22/Nov/2021:10:33:10 +0800] "GET /xingrg/kc/buy/cgsh_order_operate.html?command=get_materiel&rest_code=00141&code=00101008236&supplier_code=00100007&order_time=2021-11-22 HTTP/1.1" 200 416
124.78.153.86 - - [22/Nov/2021:10:33:11 +0800] "GET /xingrg/kc/buy/cgsh_order_operate.html?command=get_materiel&rest_code=00106&code=00101008160&supplier_code=00100007&order_time=2021-11-22 HTTP/1.1" 200 408
116.235.93.2 - - [22/Nov/2021:10:33:12 +0800] "GET /xingrg/all/function/internal_message.html?_=1637548506408&CODE_STATE=getMsg HTTP/1.1" 302 -
124.78.153.86 - - [22/Nov/2021:10:33:13 +0800] "POST /xingrg/all/common/load_combo.html?type=base HTTP/1.1" 200 3227
116.235.93.2 - - [22/Nov/2021:10:33:15 +0800] "POST /xingrg/kc/buy/cgsh_list_operate.html HTTP/1.1" 200 3092
58.37.231.44 - - [22/Nov/2021:10:33:17 +0800] "GET /xingrg/kc/buy/cgsh_order_operate.html?command=get_materiel&rest_code=00141&code=00101008558&supplier_code=00100007&order_time=2021-11-22 HTTP/1.1" 200 395
124.78.153.86 - - [22/Nov/2021:10:33:18 +0800] "GET /xingrg/kc/buy/cgsh_order_operate.html?command=get_materiel&rest_code=00106&code=00101008114&supplier_code=00100007&order_time=2021-11-22 HTTP/1.1" 200 413
180.169.147.146 - - [22/Nov/2021:10:33:20 +0800] "GET /xingrg/kc/buy/buy_main.html HTTP/1.1" 200 12412
180.169.147.146 - - [22/Nov/2021:10:33:20 +0800] "GET /xingrg/css/new_ie.css HTTP/1.1" 404 1036
180.169.147.146 - - [22/Nov/2021:10:33:21 +0800] "GET /xingrg/images/yd/bt.gif HTTP/1.1" 404 1040
180.169.147.146 - - [22/Nov/2021:10:33:21 +0800] "GET /xingrg/kc/buy/cgsh_order_list.html HTTP/1.1" 200 49205
180.169.147.146 - - [22/Nov/2021:10:33:22 +0800] "POST /xingrg/kc/buy/cgsh_list_operate.html HTTP/1.1" 200 876
124.78.153.86 - - [22/Nov/2021:10:33:27 +0800] "GET /xingrg/kc/buy/cgsh_order_operate.html?command=get_materiel&rest_code=00106&code=00101008168&supplier_code=00100007&order_time=2021-11-22 HTTP/1.1" 200 412
58.37.231.44 - - [22/Nov/2021:10:33:29 +0800] "GET /xingrg/kc/buy/cgsh_order_operate.html?command=get_materiel&rest_code=00141&code=00101009007&supplier_code=00100007&order_time=2021-11-22 HTTP/1.1" 200 408
124.78.153.86 - - [22/Nov/2021:10:33:31 +0800] "GET /xingrg/javascript/auto/indicator.gif HTTP/1.1" 404 1066
114.85.125.222 - - [22/Nov/2021:10:33:33 +0800] "POST /xingrg/services/DataTransmitService HTTP/1.1" 200 524
58.40.7.146 - - [22/Nov/2021:10:33:33 +0800] "GET /xingrg/all/function/internal_message.html?_=1637548412714&CODE_STATE=getMsg HTTP/1.1" 200 27
58.40.7.146 - - [22/Nov/2021:10:33:33 +0800] "GET /xingrg/check_reg.html?_=1637548412716 HTTP/1.1" 200 22
116.238.248.233 - - [22/Nov/2021:10:33:33 +0800] "GET /xingrg/all/function/internal_message.html?_=1637548411823&CODE_STATE=getMsg HTTP/1.1" 200 27
116.227.210.113 - - [22/Nov/2021:10:33:33 +0800] "GET /xingrg/all/function/internal_message.html?_=1637548404570&CODE_STATE=getMsg HTTP/1.1" 200 27
124.78.153.86 - - [22/Nov/2021:10:33:34 +0800] "GET /xingrg/kc/base/wldb_order_operate.html?command=get_materiel&rest_code=00106&base_code=0010396&code=00101019222 HTTP/1.1" 200 454
58.37.231.44 - - [22/Nov/2021:10:33:40 +0800] "GET /xingrg/all/function/internal_message.html?_=1637548245585&CODE_STATE=getMsg HTTP/1.1" 200 27
180.162.112.229 - - [22/Nov/2021:10:33:41 +0800] "GET /favicon.ico HTTP/1.1" 404 -
222.70.171.86 - - [22/Nov/2021:10:33:44 +0800] "GET /xingrg/all/function/internal_message.html?_=1637548428151&CODE_STATE=getMsg HTTP/1.1" 200 27
58.37.231.44 - - [22/Nov/2021:10:33:45 +0800] "POST /xingrg/kc/buy/cgsh_order_operate.html HTTP/1.1" 200 2065
124.78.153.86 - - [22/Nov/2021:10:33:46 +0800] "POST /xingrg/kc/buy/cgsh_order_operate.html HTTP/1.1" 200 37
61.151.178.197 - - [22/Nov/2021:10:33:47 +0800] "GET /xingrg/kc/buy/cgsh_order_operate.html?command=get_materiel&rest_code=00106&code=00101008223&supplier_code=00100007&order_time=2021-11-22 HTTP/1.1" 302 -
58.39.139.200 - - [22/Nov/2021:10:33:47 +0800] "GET /xingrg/all/function/internal_message.html?_=1637548362843&CODE_STATE=getMsg HTTP/1.1" 200 27
61.151.178.197 - - [22/Nov/2021:10:33:47 +0800] "GET /xingrg/login.html HTTP/1.1" 200 7641
114.85.125.222 - - [22/Nov/2021:10:33:48 +0800] "GET /xingrg/all/function/internal_message.html?_=1637548402640&CODE_STATE=getMsg HTTP/1.1" 200 27
114.86.229.7 - - [22/Nov/2021:10:33:48 +0800] "GET /xingrg/all/function/internal_message.html?_=1637548428484&CODE_STATE=getMsg HTTP/1.1" 200 27
58.37.231.44 - - [22/Nov/2021:10:33:50 +0800] "GET /xingrg/kc/buy/cgsh_order_operate.html?command=get_materiel&rest_code=00141&code=00101008168&supplier_code=00100007&order_time=2021-11-22 HTTP/1.1" 200 412
124.78.153.86 - - [22/Nov/2021:10:33:50 +0800] "POST /xingrg/kc/buy/cgsh_order_operate.html HTTP/1.1" 200 12
116.235.93.2 - - [22/Nov/2021:10:33:52 +0800] "GET /xingrg/check_reg.html?_=1637548436674 HTTP/1.1" 200 22
180.157.253.6 - - [22/Nov/2021:10:33:52 +0800] "GET /xingrg/all/function/internal_message.html?_=1637548432248&CODE_STATE=getMsg HTTP/1.1" 200 27
116.235.93.2 - - [22/Nov/2021:10:33:52 +0800] "GET /xingrg/all/function/internal_message.html?_=1637548437072&CODE_STATE=getMsg HTTP/1.1" 200 27
58.39.139.200 - - [22/Nov/2021:10:33:53 +0800] "GET /xingrg/kc/buy/cgsh_order_operate.html?command=get_materiel&rest_code=00105&code=00101008351&supplier_code=00100203&order_time=2021-11-22 HTTP/1.1" 200 408
180.169.147.146 - - [22/Nov/2021:10:33:53 +0800] "GET /xingrg/all/function/internal_message.html?_=1637548432719&CODE_STATE=getMsg HTTP/1.1" 200 27
61.151.207.141 - - [22/Nov/2021:10:33:54 +0800] "GET /xingrg/kc/buy/cgsh_order_operate.html?command=get_materiel&rest_code=00106&code=00101008236&supplier_code=00100007&order_time=2021-11-22 HTTP/1.1" 302 -
180.169.147.146 - - [22/Nov/2021:10:33:55 +0800] "GET /xingrg/all/function/internal_message.html?_=1637548428915&CODE_STATE=getMsg HTTP/1.1" 200 27
124.78.153.86 - - [22/Nov/2021:10:33:55 +0800] "GET /xingrg/kc/buy/cgsh_order_info.html?code=212021112209373 HTTP/1.1" 200 59892
61.151.207.141 - - [22/Nov/2021:10:33:56 +0800] "GET /xingrg/login.html HTTP/1.1" 200 7641
124.78.153.86 - - [22/Nov/2021:10:33:56 +0800] "GET /xingrg/javascript/easyui/themes/default/validatebox.css HTTP/1.1" 404 1104
180.174.250.202 - - [22/Nov/2021:10:33:57 +0800] "GET /xingrg/check_reg.html?_=1637548436232 HTTP/1.1" 200 22
180.174.250.202 - - [22/Nov/2021:10:33:57 +0800] "GET /xingrg/all/function/internal_message.html?_=1637548436235&CODE_STATE=getMsg HTTP/1.1" 200 27
124.78.153.86 - - [22/Nov/2021:10:33:57 +0800] "POST /xingrg/kc/buy/cgsh_order_operate.html HTTP/1.1" 200 32476
61.151.178.163 - - [22/Nov/2021:10:33:57 +0800] "GET /xingrg/check_reg.html?_=1637548376450 HTTP/1.1" 302 -
124.78.153.86 - - [22/Nov/2021:10:33:58 +0800] "GET /xingrg/all/function/internal_message.html?_=1637548436385&CODE_STATE=getMsg HTTP/1.1" 200 27
61.151.178.163 - - [22/Nov/2021:10:33:58 +0800] "GET /xingrg/login.html HTTP/1.1" 200 7641
58.37.231.44 - - [22/Nov/2021:10:33:58 +0800] "GET /xingrg/kc/buy/cgsh_order_operate.html?command=get_materiel&rest_code=00141&code=00101008114&supplier_code=00100007&order_time=2021-11-22 HTTP/1.1" 200 413
124.78.153.86 - - [22/Nov/2021:10:33:59 +0800] "GET /xingrg/all/function/internal_message.html?_=1637548440665&CODE_STATE=getMsg HTTP/1.1" 200 27
124.78.153.86 - - [22/Nov/2021:10:33:59 +0800] "GET /xingrg/kc/base/wldb_order_operate.html?command=get_materiel&rest_code=00106&base_code=0010396&code=00101019134 HTTP/1.1" 200 466
58.35.210.86 - - [22/Nov/2021:10:34:02 +0800] "POST /xingrg/services/DataTransmitService HTTP/1.1" 200 524
58.35.210.86 - - [22/Nov/2021:10:34:03 +0800] "POST /xingrg/services/DataTransmitService HTTP/1.1" 200 501
124.78.153.86 - - [22/Nov/2021:10:34:04 +0800] "GET /xingrg/kc/print/load_config.html?kc_code=cgsh HTTP/1.1" 200 2281
124.78.153.86 - - [22/Nov/2021:10:34:05 +0800] "GET /xingrg/kc/print/load_data.html?order_code=212021112209373&kc_code=cgsh&condition= HTTP/1.1" 200 12772
58.39.139.200 - - [22/Nov/2021:10:34:05 +0800] "GET /xingrg/kc/buy/cgsh_order_operate.html?command=get_materiel&rest_code=00105&code=00101008186&supplier_code=00100203&order_time=2021-11-22 HTTP/1.1" 200 408
180.174.250.202 - - [22/Nov/2021:10:34:07 +0800] "GET /xingrg/all/function/internal_message.html?_=1637548440836&CODE_STATE=getMsg HTTP/1.1" 200 27
58.37.231.44 - - [22/Nov/2021:10:34:08 +0800] "POST /xingrg/kc/buy/cgsh_order_operate.html HTTP/1.1" 200 37
