124.78.153.86 - - [22/Nov/2021:10:54:01 +0800] "GET /xingrg/images/yd/bt.gif HTTP/1.1" 404 1040
180.174.250.202 - - [22/Nov/2021:10:54:02 +0800] "GET /xingrg/kc/buy/cgsh_order_operate.html?command=get_materiel&rest_code=00102&code=00101008013&supplier_code=00100008&order_time=2021-11-22 HTTP/1.1" 200 408
124.78.153.86 - - [22/Nov/2021:10:54:05 +0800] "GET /xingrg/kc/buy/cgsh_order_list.html HTTP/1.1" 200 49199
124.78.153.86 - - [22/Nov/2021:10:54:05 +0800] "POST /xingrg/kc/buy/cgsh_list_operate.html HTTP/1.1" 200 876
180.174.250.202 - - [22/Nov/2021:10:54:09 +0800] "POST /xingrg/kc/buy/cgsh_order_operate.html HTTP/1.1" 200 37
124.78.153.86 - - [22/Nov/2021:10:54:10 +0800] "GET /xingrg/javascript/easyui/themes/default/tree.css HTTP/1.1" 404 1090
124.78.153.86 - - [22/Nov/2021:10:54:10 +0800] "POST /xingrg/all/common/load_tree.html?tree=supplier_tree_json&isDelete=1 HTTP/1.1" 200 60674
180.174.250.202 - - [22/Nov/2021:10:54:11 +0800] "POST /xingrg/kc/buy/cgsh_order_operate.html HTTP/1.1" 200 13288
180.174.250.202 - - [22/Nov/2021:10:54:11 +0800] "GET /xingrg/kc/base/wldb_order_operate.html?command=get_materiel&rest_code=00102&base_code=0010476&code=00101019297 HTTP/1.1" 200 464
180.174.250.202 - - [22/Nov/2021:10:54:11 +0800] "GET /xingrg/all/function/internal_message.html?_=1637549644800&CODE_STATE=getMsg HTTP/1.1" 200 27
124.78.153.86 - - [22/Nov/2021:10:54:11 +0800] "GET /xingrg/kc/buy/cgsh_order_add.html HTTP/1.1" 200 64975
124.78.153.86 - - [22/Nov/2021:10:54:12 +0800] "POST /xingrg/kc/buy/cgsh_order_operate.html HTTP/1.1" 200 8245
124.78.153.86 - - [22/Nov/2021:10:54:12 +0800] "GET /xingrg/javascript/easyui/themes/default/validatebox.css HTTP/1.1" 404 1104
116.235.93.2 - - [22/Nov/2021:10:54:12 +0800] "GET /xingrg/all/function/internal_message.html?_=1637549766425&CODE_STATE=getMsg HTTP/1.1" 302 -
58.40.7.146 - - [22/Nov/2021:10:54:13 +0800] "GET /xingrg/all/function/internal_message.html?_=1637549652233&CODE_STATE=getMsg HTTP/1.1" 200 27
124.78.153.86 - - [22/Nov/2021:10:54:13 +0800] "GET /xingrg/javascript/easyui/themes/default/tree.css HTTP/1.1" 404 1090
124.78.153.86 - - [22/Nov/2021:10:54:13 +0800] "POST /xingrg/all/common/load_tree.html?tree=supplier_tree_json&isDelete=1 HTTP/1.1" 200 60674
180.174.250.202 - - [22/Nov/2021:10:54:14 +0800] "GET /xingrg/kc/buy/cgsh_order_add.html HTTP/1.1" 200 64940
180.174.250.202 - - [22/Nov/2021:10:54:15 +0800] "POST /xingrg/kc/buy/cgsh_order_operate.html HTTP/1.1" 200 8245
180.174.250.202 - - [22/Nov/2021:10:54:15 +0800] "GET /xingrg/javascript/easyui/themes/default/validatebox.css HTTP/1.1" 404 1104
101.91.60.11 - - [22/Nov/2021:10:54:17 +0800] "GET /xingrg/kc/buy/cgsh_order_info.html?code=212021112209390 HTTP/1.1" 302 -
101.91.60.11 - - [22/Nov/2021:10:54:17 +0800] "GET /xingrg/login.html HTTP/1.1" 200 7641
180.174.250.202 - - [22/Nov/2021:10:54:19 +0800] "GET /xingrg/kc/base/wldb_order_operate.html?command=get_materiel&rest_code=00102&base_code=0010476&code=00101019026 HTTP/1.1" 200 467
180.174.250.202 - - [22/Nov/2021:10:54:22 +0800] "GET /xingrg/kc/buy/cgsh_order_operate.html?command=get_materiel&rest_code=00102&code=00101008027&supplier_code=00100008&order_time=2021-11-22 HTTP/1.1" 200 408
58.221.95.50 - - [22/Nov/2021:10:54:23 +0800] "GET /xingrg/check_reg.html?_=1637549664609 HTTP/1.1" 302 -
180.174.250.202 - - [22/Nov/2021:10:54:26 +0800] "GET /xingrg/kc/base/wldb_order_operate.html?command=get_materiel&rest_code=00102&base_code=0010476&code=00101019310 HTTP/1.1" 200 463
61.151.207.205 - - [22/Nov/2021:10:54:27 +0800] "GET /xingrg/kc/print/load_data.html?order_code=212021112209390&kc_code=cgsh HTTP/1.1" 302 -
61.151.207.205 - - [22/Nov/2021:10:54:27 +0800] "GET /xingrg/login.html HTTP/1.1" 200 7641
124.78.153.86 - - [22/Nov/2021:10:54:27 +0800] "GET /xingrg/javascript/auto/indicator.gif HTTP/1.1" 404 1066
58.39.139.200 - - [22/Nov/2021:10:54:27 +0800] "GET /xingrg/kc/buy/cgsh_order_operate.html?command=get_materiel&rest_code=00105&code=00101008261&supplier_code=00100203&order_time=2021-11-22 HTTP/1.1" 200 408
124.78.153.86 - - [22/Nov/2021:10:54:29 +0800] "GET /xingrg/kc/buy/cgsh_order_operate.html?command=get_materiel&rest_code=00106&code=00101006124&supplier_code=00100015&order_time=2021-11-22 HTTP/1.1" 200 431
180.174.250.202 - - [22/Nov/2021:10:54:31 +0800] "GET /xingrg/kc/base/wldb_order_operate.html?command=get_materiel&rest_code=00102&base_code=0010476&code=00101019063 HTTP/1.1" 200 447
58.40.7.146 - - [22/Nov/2021:10:54:33 +0800] "GET /xingrg/all/function/internal_message.html?_=1637549672716&CODE_STATE=getMsg HTTP/1.1" 200 27
116.227.210.113 - - [22/Nov/2021:10:54:33 +0800] "GET /xingrg/all/function/internal_message.html?_=1637549664569&CODE_STATE=getMsg HTTP/1.1" 200 27
116.238.248.233 - - [22/Nov/2021:10:54:33 +0800] "GET /xingrg/all/function/internal_message.html?_=1637549671941&CODE_STATE=getMsg HTTP/1.1" 200 27
180.174.250.202 - - [22/Nov/2021:10:54:38 +0800] "GET /xingrg/kc/base/wldb_order_operate.html?command=get_materiel&rest_code=00102&base_code=0010476&code=00101019175 HTTP/1.1" 200 436
58.37.231.44 - - [22/Nov/2021:10:54:40 +0800] "GET /xingrg/all/function/internal_message.html?_=1637549505620&CODE_STATE=getMsg HTTP/1.1" 200 27
180.174.250.202 - - [22/Nov/2021:10:54:42 +0800] "GET /xingrg/kc/buy/cgsh_order_operate.html?command=get_materiel&rest_code=00102&code=00101008132&supplier_code=00100008&order_time=2021-11-22 HTTP/1.1" 200 408
124.78.153.86 - - [22/Nov/2021:10:54:43 +0800] "GET /xingrg/kc/buy/cgsh_order_operate.html?command=get_materiel&rest_code=00106&code=00101006184&supplier_code=00100015&order_time=2021-11-22 HTTP/1.1" 200 408
180.174.250.202 - - [22/Nov/2021:10:54:43 +0800] "GET /xingrg/kc/base/wldb_order_operate.html?command=get_materiel&rest_code=00102&base_code=0010476&code=00101019535 HTTP/1.1" 200 475
222.70.171.86 - - [22/Nov/2021:10:54:45 +0800] "GET /xingrg/all/function/internal_message.html?_=1637549688515&CODE_STATE=getMsg HTTP/1.1" 200 27
58.39.139.200 - - [22/Nov/2021:10:54:47 +0800] "GET /xingrg/all/function/internal_message.html?_=1637549622433&CODE_STATE=getMsg HTTP/1.1" 200 27
58.40.7.146 - - [22/Nov/2021:10:54:47 +0800] "POST /xingrg/services/DataTransmitService HTTP/1.1" 200 524
180.162.112.229 - - [22/Nov/2021:10:54:48 +0800] "GET /xingrg/all/function/internal_message.html?_=1637549160839&CODE_STATE=getMsg HTTP/1.1" 200 27
180.162.112.229 - - [22/Nov/2021:10:54:48 +0800] "GET /xingrg/check_reg.html?_=1637549160857 HTTP/1.1" 200 22
114.85.125.222 - - [22/Nov/2021:10:54:48 +0800] "GET /xingrg/check_reg.html?_=1637549662407 HTTP/1.1" 200 22
180.174.250.202 - - [22/Nov/2021:10:54:48 +0800] "GET /xingrg/kc/buy/cgsh_order_operate.html?command=get_materiel&rest_code=00102&code=00101008055&supplier_code=00100008&order_time=2021-11-22 HTTP/1.1" 200 411
114.85.125.222 - - [22/Nov/2021:10:54:48 +0800] "GET /xingrg/all/function/internal_message.html?_=1637549662925&CODE_STATE=getMsg HTTP/1.1" 200 27
114.86.229.7 - - [22/Nov/2021:10:54:48 +0800] "GET /xingrg/all/function/internal_message.html?_=1637549688538&CODE_STATE=getMsg HTTP/1.1" 200 27
180.174.250.202 - - [22/Nov/2021:10:54:49 +0800] "GET /xingrg/kc/base/wldb_order_operate.html?command=get_materiel&rest_code=00102&base_code=0010476&code=00101013044 HTTP/1.1" 200 450
124.78.153.86 - - [22/Nov/2021:10:54:50 +0800] "GET /xingrg/kc/buy/cgsh_order_operate.html?command=get_materiel&rest_code=00106&code=00101028011&supplier_code=00100017&order_time=2021-11-22 HTTP/1.1" 200 452
58.39.139.200 - - [22/Nov/2021:10:54:51 +0800] "GET /xingrg/kc/buy/cgsh_order_operate.html?command=get_materiel&rest_code=00105&code=00101008072&supplier_code=00100203&order_time=2021-11-22 HTTP/1.1" 200 408
180.157.253.6 - - [22/Nov/2021:10:54:52 +0800] "GET /xingrg/all/function/internal_message.html?_=1637549692302&CODE_STATE=getMsg HTTP/1.1" 200 27
124.78.153.86 - - [22/Nov/2021:10:54:52 +0800] "GET /xingrg/kc/buy/cgsh_order_operate.html?command=get_materiel&rest_code=00106&code=00101006113&supplier_code=00100015&order_time=2021-11-22 HTTP/1.1" 200 415
180.169.147.146 - - [22/Nov/2021:10:54:53 +0800] "GET /xingrg/all/function/internal_message.html?_=1637549692423&CODE_STATE=getMsg HTTP/1.1" 200 27
180.174.250.202 - - [22/Nov/2021:10:54:54 +0800] "GET /xingrg/kc/buy/cgsh_order_operate.html?command=get_materiel&rest_code=00102&code=00101008257&supplier_code=00100008&order_time=2021-11-22 HTTP/1.1" 200 416
180.174.250.202 - - [22/Nov/2021:10:54:54 +0800] "GET /xingrg/kc/base/wldb_order_operate.html?command=get_materiel&rest_code=00102&base_code=0010476&code=00101019372 HTTP/1.1" 200 467
116.235.93.2 - - [22/Nov/2021:10:54:54 +0800] "GET /xingrg/all/function/internal_message.html?_=1637549699136&CODE_STATE=getMsg HTTP/1.1" 200 27
180.169.147.146 - - [22/Nov/2021:10:54:54 +0800] "GET /xingrg/all/function/internal_message.html?_=1637549688492&CODE_STATE=getMsg HTTP/1.1" 200 27
180.174.250.202 - - [22/Nov/2021:10:54:56 +0800] "GET /xingrg/all/function/internal_message.html?_=1637549696265&CODE_STATE=getMsg HTTP/1.1" 200 27
124.78.153.86 - - [22/Nov/2021:10:54:57 +0800] "GET /xingrg/all/function/internal_message.html?_=1637549695879&CODE_STATE=getMsg HTTP/1.1" 200 27
124.78.153.86 - - [22/Nov/2021:10:54:59 +0800] "GET /xingrg/all/function/internal_message.html?_=1637549700698&CODE_STATE=getMsg HTTP/1.1" 200 27
180.174.250.202 - - [22/Nov/2021:10:55:00 +0800] "GET /xingrg/kc/buy/cgsh_order_operate.html?command=get_materiel&rest_code=00102&code=00101008349&supplier_code=00100008&order_time=2021-11-22 HTTP/1.1" 200 413
124.78.153.86 - - [22/Nov/2021:10:55:01 +0800] "GET /xingrg/kc/buy/cgsh_order_operate.html?command=get_materiel&rest_code=00106&code=00101006065&supplier_code=00100015&order_time=2021-11-22 HTTP/1.1" 200 428
58.39.139.200 - - [22/Nov/2021:10:55:02 +0800] "POST /xingrg/kc/buy/cgsh_order_operate.html HTTP/1.1" 200 2065
180.174.250.202 - - [22/Nov/2021:10:55:05 +0800] "GET /xingrg/kc/base/wldb_order_operate.html?command=get_materiel&rest_code=00102&base_code=0010476&code=00101019066 HTTP/1.1" 200 441
180.174.250.202 - - [22/Nov/2021:10:55:06 +0800] "GET /xingrg/kc/buy/cgsh_order_operate.html?command=get_materiel&rest_code=00102&code=00101008096&supplier_code=00100008&order_time=2021-11-22 HTTP/1.1" 200 412
124.78.153.86 - - [22/Nov/2021:10:55:08 +0800] "GET /xingrg/kc/buy/cgsh_order_operate.html?command=get_materiel&rest_code=00106&code=00101006111&supplier_code=00100015&order_time=2021-11-22 HTTP/1.1" 200 409
180.174.250.202 - - [22/Nov/2021:10:55:11 +0800] "GET /xingrg/all/function/internal_message.html?_=1637549704812&CODE_STATE=getMsg HTTP/1.1" 200 27
180.174.250.202 - - [22/Nov/2021:10:55:12 +0800] "GET /xingrg/kc/buy/cgsh_order_operate.html?command=get_materiel&rest_code=00102&code=00101008088&supplier_code=00100008&order_time=2021-11-22 HTTP/1.1" 200 408
116.235.93.2 - - [22/Nov/2021:10:55:12 +0800] "GET /xingrg/check_reg.html?_=1637549826424 HTTP/1.1" 302 -
116.235.93.2 - - [22/Nov/2021:10:55:12 +0800] "GET /xingrg/all/function/internal_message.html?_=1637549826423&CODE_STATE=getMsg HTTP/1.1" 302 -
58.40.7.146 - - [22/Nov/2021:10:55:13 +0800] "GET /xingrg/all/function/internal_message.html?_=1637549712220&CODE_STATE=getMsg HTTP/1.1" 200 27
124.78.153.86 - - [22/Nov/2021:10:55:14 +0800] "GET /xingrg/kc/buy/cgsh_order_operate.html?command=get_materiel&rest_code=00106&code=00101029011&supplier_code=00100017&order_time=2021-11-22 HTTP/1.1" 200 480
180.174.250.202 - - [22/Nov/2021:10:55:16 +0800] "GET /xingrg/kc/buy/cgsh_order_operate.html?command=get_materiel&rest_code=00102&code=00101008224&supplier_code=00100008&order_time=2021-11-22 HTTP/1.1" 200 416
124.78.153.86 - - [22/Nov/2021:10:55:20 +0800] "POST /xingrg/kc/buy/cgsh_order_operate.html HTTP/1.1" 200 37
180.174.250.202 - - [22/Nov/2021:10:55:22 +0800] "GET /xingrg/kc/buy/cgsh_order_operate.html?command=get_materiel&rest_code=00102&code=00101008003&supplier_code=00100008&order_time=2021-11-22 HTTP/1.1" 200 408
124.78.153.86 - - [22/Nov/2021:10:55:26 +0800] "POST /xingrg/kc/buy/cgsh_order_operate.html HTTP/1.1" 200 5022
61.151.178.165 - - [22/Nov/2021:10:55:26 +0800] "GET /xingrg/kc/buy/cgsh_order_operate.html?command=get_materiel&rest_code=00106&code=00101006124&supplier_code=00100015&order_time=2021-11-22 HTTP/1.1" 302 -
61.151.178.165 - - [22/Nov/2021:10:55:27 +0800] "GET /xingrg/login.html HTTP/1.1" 200 7641
58.40.7.146 - - [22/Nov/2021:10:55:33 +0800] "GET /xingrg/all/function/internal_message.html?_=1637549732722&CODE_STATE=getMsg HTTP/1.1" 200 27
116.227.210.113 - - [22/Nov/2021:10:55:33 +0800] "GET /xingrg/all/function/internal_message.html?_=1637549724581&CODE_STATE=getMsg HTTP/1.1" 200 27
116.227.210.113 - - [22/Nov/2021:10:55:33 +0800] "GET /xingrg/check_reg.html?_=1637549724583 HTTP/1.1" 200 22
116.238.248.233 - - [22/Nov/2021:10:55:33 +0800] "GET /xingrg/all/function/internal_message.html?_=1637549731968&CODE_STATE=getMsg HTTP/1.1" 200 27
116.238.248.233 - - [22/Nov/2021:10:55:33 +0800] "GET /xingrg/check_reg.html?_=1637549731969 HTTP/1.1" 200 22
180.174.250.202 - - [22/Nov/2021:10:55:39 +0800] "GET /xingrg/kc/buy/cgsh_order_operate.html?command=get_materiel&rest_code=00102&code=00101008251&supplier_code=00100008&order_time=2021-11-22 HTTP/1.1" 200 408
58.37.231.44 - - [22/Nov/2021:10:55:40 +0800] "GET /xingrg/all/function/internal_message.html?_=1637549565618&CODE_STATE=getMsg HTTP/1.1" 200 27
58.37.231.44 - - [22/Nov/2021:10:55:40 +0800] "GET /xingrg/check_reg.html?_=1637549565620 HTTP/1.1" 200 22
124.78.153.86 - - [22/Nov/2021:10:55:42 +0800] "GET /xingrg/kc/buy/cgsh_order_operate.html?command=get_materiel&rest_code=00106&code=00101029025&supplier_code=00100017&order_time=2021-11-22 HTTP/1.1" 200 463
180.174.250.202 - - [22/Nov/2021:10:55:45 +0800] "POST /xingrg/kc/base/wldb_order_operate.html HTTP/1.1" 200 37
222.70.171.86 - - [22/Nov/2021:10:55:45 +0800] "GET /xingrg/kc/buy/cgsh_order_operate.html?command=get_materiel&rest_code=00146&code=00101008278&supplier_code=00100005&order_time=2021-11-22 HTTP/1.1" 200 412
222.70.171.86 - - [22/Nov/2021:10:55:45 +0800] "GET /xingrg/all/function/internal_message.html?_=1637549748660&CODE_STATE=getMsg HTTP/1.1" 200 27
58.39.139.200 - - [22/Nov/2021:10:55:47 +0800] "GET /xingrg/all/function/internal_message.html?_=1637549682405&CODE_STATE=getMsg HTTP/1.1" 200 27
180.174.250.202 - - [22/Nov/2021:10:55:47 +0800] "POST /xingrg/kc/base/wldb_order_operate.html HTTP/1.1" 200 12
180.162.112.229 - - [22/Nov/2021:10:55:48 +0800] "GET /xingrg/all/function/internal_message.html?_=1637549220842&CODE_STATE=getMsg HTTP/1.1" 200 27
180.174.250.202 - - [22/Nov/2021:10:55:48 +0800] "POST /xingrg/kc/base/wldb_order_operate.html HTTP/1.1" 200 9267
114.85.125.222 - - [22/Nov/2021:10:55:48 +0800] "GET /xingrg/all/function/internal_message.html?_=1637549722938&CODE_STATE=getMsg HTTP/1.1" 200 27
58.39.139.200 - - [22/Nov/2021:10:55:48 +0800] "GET /xingrg/check_reg.html?_=1637549684169 HTTP/1.1" 200 22
114.86.229.7 - - [22/Nov/2021:10:55:48 +0800] "GET /xingrg/all/function/internal_message.html?_=1637549748540&CODE_STATE=getMsg HTTP/1.1" 200 27
180.169.147.146 - - [22/Nov/2021:10:55:49 +0800] "GET /xingrg/check_reg.html?_=1637549748694 HTTP/1.1" 200 22
180.174.250.202 - - [22/Nov/2021:10:55:49 +0800] "GET /xingrg/kc/base/wldb_order_info.html?code=422021112202399 HTTP/1.1" 200 26310
101.89.19.197 - - [22/Nov/2021:10:55:49 +0800] "GET /xingrg/kc/buy/cgsh_order_operate.html?command=get_materiel&rest_code=00106&code=00101006113&supplier_code=00100015&order_time=2021-11-22 HTTP/1.1" 302 -
101.89.19.197 - - [22/Nov/2021:10:55:50 +0800] "GET /xingrg/login.html HTTP/1.1" 200 7641
180.174.250.202 - - [22/Nov/2021:10:55:51 +0800] "POST /xingrg/kc/base/wldb_order_operate.html HTTP/1.1" 200 7387
180.157.253.6 - - [22/Nov/2021:10:55:52 +0800] "GET /xingrg/all/function/internal_message.html?_=1637549752304&CODE_STATE=getMsg HTTP/1.1" 200 27
180.174.250.202 - - [22/Nov/2021:10:55:52 +0800] "GET /xingrg/javascript/easyui/themes/default/validatebox.css HTTP/1.1" 404 1104
180.169.147.146 - - [22/Nov/2021:10:55:53 +0800] "GET /xingrg/all/function/internal_message.html?_=1637549752407&CODE_STATE=getMsg HTTP/1.1" 200 27
116.235.93.2 - - [22/Nov/2021:10:55:54 +0800] "GET /xingrg/all/function/internal_message.html?_=1637549759149&CODE_STATE=getMsg HTTP/1.1" 200 27
180.174.250.202 - - [22/Nov/2021:10:55:54 +0800] "GET /xingrg/kc/base/wldb_order_add.html HTTP/1.1" 200 30434
180.169.147.146 - - [22/Nov/2021:10:55:54 +0800] "GET /xingrg/all/function/internal_message.html?_=1637549748476&CODE_STATE=getMsg HTTP/1.1" 200 27
180.174.250.202 - - [22/Nov/2021:10:55:56 +0800] "POST /xingrg/kc/base/wldb_order_operate.html HTTP/1.1" 200 6806
180.174.250.202 - - [22/Nov/2021:10:55:56 +0800] "GET /xingrg/all/function/internal_message.html?_=1637549756269&CODE_STATE=getMsg HTTP/1.1" 200 27
180.174.250.202 - - [22/Nov/2021:10:55:57 +0800] "GET /xingrg/javascript/easyui/themes/default/validatebox.css HTTP/1.1" 404 1104
124.78.153.86 - - [22/Nov/2021:10:55:57 +0800] "GET /xingrg/all/function/internal_message.html?_=1637549755900&CODE_STATE=getMsg HTTP/1.1" 200 27
180.174.250.202 - - [22/Nov/2021:10:55:59 +0800] "POST /xingrg/all/common/load_combo.html?type=base HTTP/1.1" 200 3145
124.78.153.86 - - [22/Nov/2021:10:55:59 +0800] "GET /xingrg/all/function/internal_message.html?_=1637549760710&CODE_STATE=getMsg HTTP/1.1" 200 27
61.151.179.84 - - [22/Nov/2021:10:55:59 +0800] "GET /xingrg/kc/buy/cgsh_order_operate.html?command=get_materiel&rest_code=00106&code=00101006065&supplier_code=00100015&order_time=2021-11-22 HTTP/1.1" 302 -
180.174.250.202 - - [22/Nov/2021:10:55:59 +0800] "GET /xingrg/kc/buy/cgsh_order_operate.html?command=get_materiel&rest_code=00102&code=00101008213&supplier_code=00100008&order_time=2021-11-22 HTTP/1.1" 200 412
222.70.171.86 - - [22/Nov/2021:10:55:59 +0800] "GET /xingrg/kc/buy/cgsh_order_operate.html?command=get_materiel&rest_code=00146&code=00101008098&supplier_code=00100005&order_time=2021-11-22 HTTP/1.1" 200 412
61.151.179.84 - - [22/Nov/2021:10:56:00 +0800] "GET /xingrg/login.html HTTP/1.1" 200 7641
180.174.250.202 - - [22/Nov/2021:10:56:01 +0800] "POST /xingrg/all/common/load_combo.html?type=base HTTP/1.1" 200 3145
180.174.250.202 - - [22/Nov/2021:10:56:06 +0800] "GET /xingrg/kc/buy/cgsh_order_operate.html?command=get_materiel&rest_code=00102&code=00101008347&supplier_code=00100008&order_time=2021-11-22 HTTP/1.1" 200 408
180.174.250.202 - - [22/Nov/2021:10:56:06 +0800] "GET /xingrg/check_reg.html?_=1637549759319 HTTP/1.1" 200 22
180.174.250.202 - - [22/Nov/2021:10:56:07 +0800] "GET /xingrg/kc/base/wldb_order_operate.html?command=get_materiel&rest_code=00102&base_code=0010476&code=00101019111 HTTP/1.1" 200 453
180.174.250.202 - - [22/Nov/2021:10:56:11 +0800] "GET /xingrg/all/function/internal_message.html?_=1637549764826&CODE_STATE=getMsg HTTP/1.1" 200 27
116.235.93.2 - - [22/Nov/2021:10:56:12 +0800] "GET /xingrg/all/function/internal_message.html?_=1637549886422&CODE_STATE=getMsg HTTP/1.1" 302 -
180.174.250.202 - - [22/Nov/2021:10:56:12 +0800] "GET /xingrg/kc/buy/cgsh_order_operate.html?command=get_materiel&rest_code=00102&code=00101008297&supplier_code=00100008&order_time=2021-11-22 HTTP/1.1" 200 412
58.40.7.146 - - [22/Nov/2021:10:56:13 +0800] "GET /xingrg/all/function/internal_message.html?_=1637549772223&CODE_STATE=getMsg HTTP/1.1" 200 27
58.40.7.146 - - [22/Nov/2021:10:56:13 +0800] "GET /xingrg/check_reg.html?_=1637549772224 HTTP/1.1" 200 22
180.174.250.202 - - [22/Nov/2021:10:56:14 +0800] "GET /xingrg/kc/base/wldb_order_operate.html?command=get_materiel&rest_code=00102&base_code=0010476&code=00101019071 HTTP/1.1" 200 455
58.39.139.200 - - [22/Nov/2021:10:56:16 +0800] "GET /xingrg/kc/buy/cgsh_order_operate.html?command=get_materiel&rest_code=00105&code=00101008349&supplier_code=00100203&order_time=2021-11-22 HTTP/1.1" 200 412
180.174.250.202 - - [22/Nov/2021:10:56:18 +0800] "POST /xingrg/kc/buy/cgsh_order_operate.html HTTP/1.1" 200 37
180.174.250.202 - - [22/Nov/2021:10:56:20 +0800] "POST /xingrg/kc/buy/cgsh_order_operate.html HTTP/1.1" 200 11512
124.78.153.86 - - [22/Nov/2021:10:56:20 +0800] "GET /xingrg/kc/buy/cgsh_order_operate.html?command=get_materiel&rest_code=00106&code=00101006240&supplier_code=00100015&order_time=2021-11-22 HTTP/1.1" 200 410
124.78.153.86 - - [22/Nov/2021:10:56:22 +0800] "GET /xingrg/kc/buy/cgsh_order_operate.html?command=get_materiel&rest_code=00106&code=00101029009&supplier_code=00100017&order_time=2021-11-22 HTTP/1.1" 200 477
180.174.250.202 - - [22/Nov/2021:10:56:28 +0800] "GET /xingrg/kc/base/wldb_order_operate.html?command=get_materiel&rest_code=00102&base_code=0010476&code=00101019056 HTTP/1.1" 200 476
222.70.171.86 - - [22/Nov/2021:10:56:31 +0800] "POST /xingrg/kc/buy/cgsh_order_operate.html HTTP/1.1" 200 2065
58.40.7.146 - - [22/Nov/2021:10:56:33 +0800] "GET /xingrg/all/function/internal_message.html?_=1637549792723&CODE_STATE=getMsg HTTP/1.1" 200 27
116.227.210.113 - - [22/Nov/2021:10:56:33 +0800] "GET /xingrg/all/function/internal_message.html?_=1637549784569&CODE_STATE=getMsg HTTP/1.1" 200 27
116.238.248.233 - - [22/Nov/2021:10:56:33 +0800] "GET /xingrg/all/function/internal_message.html?_=1637549791969&CODE_STATE=getMsg HTTP/1.1" 200 27
180.174.250.202 - - [22/Nov/2021:10:56:34 +0800] "GET /xingrg/kc/base/wldb_order_operate.html?command=get_materiel&rest_code=00102&base_code=0010476&code=00101019073 HTTP/1.1" 200 474
222.70.171.86 - - [22/Nov/2021:10:56:40 +0800] "GET /xingrg/kc/buy/cgsh_order_operate.html?command=get_materiel&rest_code=00146&code=00101008043&supplier_code=00100005&order_time=2021-11-22 HTTP/1.1" 200 416
58.37.231.44 - - [22/Nov/2021:10:56:40 +0800] "GET /xingrg/all/function/internal_message.html?_=1637549625618&CODE_STATE=getMsg HTTP/1.1" 200 27
222.70.171.86 - - [22/Nov/2021:10:56:45 +0800] "GET /xingrg/all/function/internal_message.html?_=1637549808666&CODE_STATE=getMsg HTTP/1.1" 200 27
58.39.139.200 - - [22/Nov/2021:10:56:47 +0800] "GET /xingrg/all/function/internal_message.html?_=1637549742377&CODE_STATE=getMsg HTTP/1.1" 200 27
124.78.153.86 - - [22/Nov/2021:10:56:47 +0800] "GET /xingrg/kc/buy/cgsh_order_operate.html?command=get_materiel&rest_code=00106&code=00101006112&supplier_code=00100015&order_time=2021-11-22 HTTP/1.1" 200 409
180.162.112.229 - - [22/Nov/2021:10:56:48 +0800] "GET /xingrg/all/function/internal_message.html?_=1637549280842&CODE_STATE=getMsg HTTP/1.1" 200 27
114.85.125.222 - - [22/Nov/2021:10:56:48 +0800] "GET /xingrg/all/function/internal_message.html?_=1637549782952&CODE_STATE=getMsg HTTP/1.1" 200 27
114.86.229.7 - - [22/Nov/2021:10:56:48 +0800] "GET /xingrg/all/function/internal_message.html?_=1637549808543&CODE_STATE=getMsg HTTP/1.1" 200 27
180.157.253.6 - - [22/Nov/2021:10:56:52 +0800] "GET /xingrg/all/function/internal_message.html?_=1637549812305&CODE_STATE=getMsg HTTP/1.1" 200 27
180.169.147.146 - - [22/Nov/2021:10:56:53 +0800] "GET /xingrg/all/function/internal_message.html?_=1637549812398&CODE_STATE=getMsg HTTP/1.1" 200 27
180.169.147.146 - - [22/Nov/2021:10:56:54 +0800] "GET /xingrg/all/function/internal_message.html?_=1637549808461&CODE_STATE=getMsg HTTP/1.1" 200 27
116.235.93.2 - - [22/Nov/2021:10:56:54 +0800] "GET /xingrg/all/function/internal_message.html?_=1637549819448&CODE_STATE=getMsg HTTP/1.1" 200 27
124.78.153.86 - - [22/Nov/2021:10:56:55 +0800] "GET /xingrg/kc/buy/cgsh_order_operate.html?command=get_materiel&rest_code=00106&code=00101006062&supplier_code=00100015&order_time=2021-11-22 HTTP/1.1" 200 411
180.169.147.146 - - [22/Nov/2021:10:56:55 +0800] "GET /xingrg/check_reg.html?_=1637549808885 HTTP/1.1" 200 22
180.174.250.202 - - [22/Nov/2021:10:56:55 +0800] "POST /xingrg/kc/base/wldb_order_operate.html HTTP/1.1" 200 37
180.174.250.202 - - [22/Nov/2021:10:56:56 +0800] "GET /xingrg/all/function/internal_message.html?_=1637549816271&CODE_STATE=getMsg HTTP/1.1" 200 27
61.151.178.163 - - [22/Nov/2021:10:56:57 +0800] "GET /xingrg/all/function/internal_message.html?_=1637549755900&CODE_STATE=getMsg HTTP/1.1" 302 -
124.78.153.86 - - [22/Nov/2021:10:56:57 +0800] "GET /xingrg/all/function/internal_message.html?_=1637549815834&CODE_STATE=getMsg HTTP/1.1" 200 27
61.151.178.163 - - [22/Nov/2021:10:56:57 +0800] "GET /xingrg/login.html HTTP/1.1" 200 7641
180.174.250.202 - - [22/Nov/2021:10:56:58 +0800] "POST /xingrg/kc/base/wldb_order_operate.html HTTP/1.1" 200 12
180.174.250.202 - - [22/Nov/2021:10:56:58 +0800] "POST /xingrg/kc/base/wldb_order_operate.html HTTP/1.1" 200 4731
124.78.153.86 - - [22/Nov/2021:10:56:59 +0800] "GET /xingrg/all/function/internal_message.html?_=1637549820746&CODE_STATE=getMsg HTTP/1.1" 200 27
124.78.153.86 - - [22/Nov/2021:10:57:02 +0800] "POST /xingrg/kc/buy/cgsh_order_operate.html HTTP/1.1" 200 2065
180.174.250.202 - - [22/Nov/2021:10:57:02 +0800] "GET /xingrg/kc/base/wldb_order_info.html?code=422021112202400 HTTP/1.1" 200 26311
180.174.250.202 - - [22/Nov/2021:10:57:04 +0800] "POST /xingrg/kc/base/wldb_order_operate.html HTTP/1.1" 200 2971
180.174.250.202 - - [22/Nov/2021:10:57:04 +0800] "GET /xingrg/javascript/easyui/themes/default/validatebox.css HTTP/1.1" 404 1104
180.174.250.202 - - [22/Nov/2021:10:57:07 +0800] "GET /xingrg/kc/base/wldb_order_add.html HTTP/1.1" 200 30434
180.174.250.202 - - [22/Nov/2021:10:57:09 +0800] "POST /xingrg/kc/base/wldb_order_operate.html HTTP/1.1" 200 6806
124.78.153.86 - - [22/Nov/2021:10:57:10 +0800] "GET /xingrg/kc/buy/cgsh_order_operate.html?command=get_materiel&rest_code=00106&code=00101006013&supplier_code=00100015&order_time=2021-11-22 HTTP/1.1" 200 410
180.174.250.202 - - [22/Nov/2021:10:57:10 +0800] "GET /xingrg/javascript/easyui/themes/default/validatebox.css HTTP/1.1" 404 1104
180.174.250.202 - - [22/Nov/2021:10:57:10 +0800] "POST /xingrg/all/common/load_combo.html?type=base HTTP/1.1" 200 3145
180.174.250.202 - - [22/Nov/2021:10:57:12 +0800] "GET /xingrg/all/function/internal_message.html?_=1637549825211&CODE_STATE=getMsg HTTP/1.1" 200 27
116.235.93.2 - - [22/Nov/2021:10:57:12 +0800] "GET /xingrg/all/function/internal_message.html?_=1637549946451&CODE_STATE=getMsg HTTP/1.1" 302 -
58.40.7.146 - - [22/Nov/2021:10:57:13 +0800] "GET /xingrg/all/function/internal_message.html?_=1637549832225&CODE_STATE=getMsg HTTP/1.1" 200 27
222.70.171.86 - - [22/Nov/2021:10:57:15 +0800] "POST /xingrg/kc/buy/cgsh_order_operate.html HTTP/1.1" 200 37
180.174.250.202 - - [22/Nov/2021:10:57:15 +0800] "POST /xingrg/all/common/load_combo.html?type=base HTTP/1.1" 200 3145
61.151.178.163 - - [22/Nov/2021:10:57:16 +0800] "GET /xingrg/kc/buy/cgsh_order_operate.html?command=get_materiel&rest_code=00106&code=00101006240&supplier_code=00100015&order_time=2021-11-22 HTTP/1.1" 302 -
61.151.178.163 - - [22/Nov/2021:10:57:17 +0800] "GET /xingrg/login.html HTTP/1.1" 200 7641
222.70.171.86 - - [22/Nov/2021:10:57:22 +0800] "POST /xingrg/kc/buy/cgsh_order_operate.html HTTP/1.1" 200 38091
180.174.250.202 - - [22/Nov/2021:10:57:23 +0800] "GET /xingrg/kc/base/wldb_order_operate.html?command=get_materiel&rest_code=00102&base_code=0010476&code=00101019079 HTTP/1.1" 200 465
124.78.153.86 - - [22/Nov/2021:10:57:25 +0800] "GET /xingrg/kc/buy/cgsh_order_operate.html?command=get_materiel&rest_code=00106&code=00101028020&supplier_code=00100017&order_time=2021-11-22 HTTP/1.1" 200 451
222.70.171.86 - - [22/Nov/2021:10:57:26 +0800] "GET /xingrg/kc/print/load_config.html?kc_code=cgsh HTTP/1.1" 200 2281
180.174.250.202 - - [22/Nov/2021:10:57:28 +0800] "GET /xingrg/kc/base/wldb_order_operate.html?command=get_materiel&rest_code=00102&base_code=0010476&code=00101019438 HTTP/1.1" 200 447
124.78.153.86 - - [22/Nov/2021:10:57:28 +0800] "POST /xingrg/kc/buy/cgsh_order_operate.html HTTP/1.1" 200 37
222.70.171.86 - - [22/Nov/2021:10:57:28 +0800] "GET /xingrg/kc/print/load_data.html?order_code=212021112209394&kc_code=cgsh&condition= HTTP/1.1" 200 14084
222.70.171.86 - - [22/Nov/2021:10:57:29 +0800] "GET /xingrg/check_reg.html?_=1637549852324 HTTP/1.1" 200 22
124.78.153.86 - - [22/Nov/2021:10:57:33 +0800] "POST /xingrg/kc/buy/cgsh_order_operate.html HTTP/1.1" 200 12
58.40.7.146 - - [22/Nov/2021:10:57:33 +0800] "GET /xingrg/all/function/internal_message.html?_=1637549852726&CODE_STATE=getMsg HTTP/1.1" 200 27
116.227.210.113 - - [22/Nov/2021:10:57:33 +0800] "GET /xingrg/all/function/internal_message.html?_=1637549844585&CODE_STATE=getMsg HTTP/1.1" 200 27
116.238.248.233 - - [22/Nov/2021:10:57:33 +0800] "GET /xingrg/all/function/internal_message.html?_=1637549851969&CODE_STATE=getMsg HTTP/1.1" 200 27
124.78.153.86 - - [22/Nov/2021:10:57:35 +0800] "GET /xingrg/kc/buy/cgsh_order_info.html?code=212021112209392 HTTP/1.1" 200 59892
124.78.153.86 - - [22/Nov/2021:10:57:35 +0800] "GET /xingrg/javascript/easyui/themes/default/validatebox.css HTTP/1.1" 404 1104
124.78.153.86 - - [22/Nov/2021:10:57:36 +0800] "POST /xingrg/kc/buy/cgsh_order_operate.html HTTP/1.1" 200 5940
180.174.250.202 - - [22/Nov/2021:10:57:38 +0800] "GET /xingrg/kc/base/wldb_order_operate.html?command=get_materiel&rest_code=00102&base_code=0010476&code=00101019430 HTTP/1.1" 200 463
124.78.153.86 - - [22/Nov/2021:10:57:40 +0800] "GET /xingrg/kc/print/load_data.html?order_code=212021112209392&kc_code=cgsh&condition= HTTP/1.1" 200 2821
58.37.231.44 - - [22/Nov/2021:10:57:40 +0800] "GET /xingrg/all/function/internal_message.html?_=1637549685634&CODE_STATE=getMsg HTTP/1.1" 200 27
180.174.250.202 - - [22/Nov/2021:10:57:43 +0800] "GET /xingrg/kc/base/wldb_order_operate.html?command=get_materiel&rest_code=00102&base_code=0010476&code=00101013139 HTTP/1.1" 200 451
58.39.139.200 - - [22/Nov/2021:10:57:43 +0800] "GET /xingrg/kc/buy/cgsh_order_operate.html?command=get_materiel&rest_code=00105&code=00101008003&supplier_code=00100203&order_time=2021-11-22 HTTP/1.1" 200 408
101.89.239.120 - - [22/Nov/2021:10:57:44 +0800] "GET /xingrg/kc/buy/cgsh_order_operate.html?command=get_materiel&rest_code=00106&code=00101006112&supplier_code=00100015&order_time=2021-11-22 HTTP/1.1" 302 -
101.89.239.120 - - [22/Nov/2021:10:57:45 +0800] "GET /xingrg/login.html HTTP/1.1" 200 7641
222.70.171.86 - - [22/Nov/2021:10:57:45 +0800] "GET /xingrg/all/function/internal_message.html?_=1637549868813&CODE_STATE=getMsg HTTP/1.1" 200 27
58.39.139.200 - - [22/Nov/2021:10:57:46 +0800] "GET /xingrg/all/function/internal_message.html?_=1637549802354&CODE_STATE=getMsg HTTP/1.1" 200 27
124.78.153.86 - - [22/Nov/2021:10:57:47 +0800] "POST /xingrg/kc/buy/cgsh_order_operate.html HTTP/1.1" 200 37
124.78.153.86 - - [22/Nov/2021:10:57:47 +0800] "GET /xingrg/kc/print/load_data.html?order_code=212021112209392&kc_code=cgsh HTTP/1.1" 200 2821
180.162.112.229 - - [22/Nov/2021:10:57:48 +0800] "GET /xingrg/all/function/internal_message.html?_=1637549340842&CODE_STATE=getMsg HTTP/1.1" 200 27
114.85.125.222 - - [22/Nov/2021:10:57:48 +0800] "GET /xingrg/all/function/internal_message.html?_=1637549842975&CODE_STATE=getMsg HTTP/1.1" 200 27
114.86.229.7 - - [22/Nov/2021:10:57:48 +0800] "GET /xingrg/all/function/internal_message.html?_=1637549868545&CODE_STATE=getMsg HTTP/1.1" 200 27
114.86.229.7 - - [22/Nov/2021:10:57:48 +0800] "GET /xingrg/check_reg.html?_=1637549868546 HTTP/1.1" 200 22
58.39.139.200 - - [22/Nov/2021:10:57:49 +0800] "POST /xingrg/kc/buy/cgsh_order_operate.html HTTP/1.1" 200 2065
180.157.253.6 - - [22/Nov/2021:10:57:52 +0800] "GET /xingrg/check_reg.html?_=1637549872305 HTTP/1.1" 200 22
180.157.253.6 - - [22/Nov/2021:10:57:52 +0800] "GET /xingrg/all/function/internal_message.html?_=1637549872308&CODE_STATE=getMsg HTTP/1.1" 200 27
124.78.153.86 - - [22/Nov/2021:10:57:52 +0800] "POST /xingrg/kc/buy/cgsh_order_operate.html HTTP/1.1" 200 12
61.151.207.141 - - [22/Nov/2021:10:57:52 +0800] "GET /xingrg/kc/buy/cgsh_order_operate.html?command=get_materiel&rest_code=00106&code=00101006062&supplier_code=00100015&order_time=2021-11-22 HTTP/1.1" 302 -
61.151.207.141 - - [22/Nov/2021:10:57:53 +0800] "GET /xingrg/login.html HTTP/1.1" 200 7641
180.169.147.146 - - [22/Nov/2021:10:57:53 +0800] "GET /xingrg/all/function/internal_message.html?_=1637549872393&CODE_STATE=getMsg HTTP/1.1" 200 27
124.78.153.86 - - [22/Nov/2021:10:57:53 +0800] "GET /xingrg/kc/buy/cgsh_order_info.html?code=212021112209395 HTTP/1.1" 200 59882
124.78.153.86 - - [22/Nov/2021:10:57:54 +0800] "GET /xingrg/javascript/easyui/themes/default/validatebox.css HTTP/1.1" 404 1104
124.78.153.86 - - [22/Nov/2021:10:57:54 +0800] "POST /xingrg/kc/buy/cgsh_order_operate.html HTTP/1.1" 200 3149
180.169.147.146 - - [22/Nov/2021:10:57:54 +0800] "GET /xingrg/all/function/internal_message.html?_=1637549868431&CODE_STATE=getMsg HTTP/1.1" 200 27
180.174.250.202 - - [22/Nov/2021:10:57:54 +0800] "POST /xingrg/kc/base/wldb_order_operate.html HTTP/1.1" 200 37
116.235.93.2 - - [22/Nov/2021:10:57:54 +0800] "GET /xingrg/all/function/internal_message.html?_=1637549879458&CODE_STATE=getMsg HTTP/1.1" 200 27
180.174.250.202 - - [22/Nov/2021:10:57:57 +0800] "GET /xingrg/all/function/internal_message.html?_=1637549876272&CODE_STATE=getMsg HTTP/1.1" 200 27
180.174.250.202 - - [22/Nov/2021:10:57:57 +0800] "POST /xingrg/kc/base/wldb_order_operate.html HTTP/1.1" 200 12
180.174.250.202 - - [22/Nov/2021:10:57:57 +0800] "POST /xingrg/kc/base/wldb_order_operate.html HTTP/1.1" 200 4205
222.70.171.86 - - [22/Nov/2021:10:57:57 +0800] "GET /xingrg/kc/buy/cgsh_order_add.html HTTP/1.1" 200 64940
124.78.153.86 - - [22/Nov/2021:10:57:57 +0800] "GET /xingrg/kc/print/load_config.html?kc_code=cgsh HTTP/1.1" 200 2281
124.78.153.86 - - [22/Nov/2021:10:57:58 +0800] "GET /xingrg/kc/print/load_data.html?order_code=212021112209395&kc_code=cgsh&condition= HTTP/1.1" 200 1847
180.174.250.202 - - [22/Nov/2021:10:57:58 +0800] "GET /xingrg/kc/base/wldb_order_info.html?code=422021112202401 HTTP/1.1" 200 26310
222.70.171.86 - - [22/Nov/2021:10:57:58 +0800] "POST /xingrg/kc/buy/cgsh_order_operate.html HTTP/1.1" 200 8245
222.70.171.86 - - [22/Nov/2021:10:57:58 +0800] "GET /xingrg/javascript/easyui/themes/default/validatebox.css HTTP/1.1" 404 1104
124.78.153.86 - - [22/Nov/2021:10:57:59 +0800] "GET /xingrg/check_reg.html?_=1637549880754 HTTP/1.1" 200 22
124.78.153.86 - - [22/Nov/2021:10:57:59 +0800] "GET /xingrg/all/function/internal_message.html?_=1637549880755&CODE_STATE=getMsg HTTP/1.1" 200 27
124.78.153.86 - - [22/Nov/2021:10:57:59 +0800] "GET /xingrg/all/function/internal_message.html?_=1637549878207&CODE_STATE=getMsg HTTP/1.1" 200 27
124.78.153.86 - - [22/Nov/2021:10:57:59 +0800] "GET /xingrg/check_reg.html?_=1637549878208 HTTP/1.1" 200 22
58.39.139.200 - - [22/Nov/2021:10:58:00 +0800] "GET /xingrg/kc/buy/cgsh_order_operate.html?command=get_materiel&rest_code=00105&code=00101008126&supplier_code=00100203&order_time=2021-11-22 HTTP/1.1" 200 412
180.174.250.202 - - [22/Nov/2021:10:58:01 +0800] "POST /xingrg/kc/base/wldb_order_operate.html HTTP/1.1" 200 2455
180.174.250.202 - - [22/Nov/2021:10:58:01 +0800] "GET /xingrg/javascript/easyui/themes/default/validatebox.css HTTP/1.1" 404 1104
180.174.250.202 - - [22/Nov/2021:10:58:03 +0800] "GET /xingrg/kc/base/wldb_order_add.html HTTP/1.1" 200 30434
180.174.250.202 - - [22/Nov/2021:10:58:05 +0800] "POST /xingrg/kc/base/wldb_order_operate.html HTTP/1.1" 200 6806
180.174.250.202 - - [22/Nov/2021:10:58:06 +0800] "GET /xingrg/javascript/easyui/themes/default/validatebox.css HTTP/1.1" 404 1104
180.174.250.202 - - [22/Nov/2021:10:58:07 +0800] "POST /xingrg/all/common/load_combo.html?type=base HTTP/1.1" 200 3145
180.174.250.202 - - [22/Nov/2021:10:58:10 +0800] "POST /xingrg/all/common/load_combo.html?type=base HTTP/1.1" 200 3145
116.235.93.2 - - [22/Nov/2021:10:58:12 +0800] "GET /xingrg/all/function/internal_message.html?_=1637550006449&CODE_STATE=getMsg HTTP/1.1" 302 -
180.174.250.202 - - [22/Nov/2021:10:58:12 +0800] "GET /xingrg/all/function/internal_message.html?_=1637549885419&CODE_STATE=getMsg HTTP/1.1" 200 27
58.40.7.146 - - [22/Nov/2021:10:58:13 +0800] "GET /xingrg/all/function/internal_message.html?_=1637549892230&CODE_STATE=getMsg HTTP/1.1" 200 27
180.174.250.202 - - [22/Nov/2021:10:58:18 +0800] "GET /xingrg/kc/base/wldb_order_operate.html?command=get_materiel&rest_code=00102&base_code=0010476&code=00101019187 HTTP/1.1" 200 465
222.70.171.86 - - [22/Nov/2021:10:58:18 +0800] "GET /xingrg/kc/buy/cgsh_order_operate.html?command=get_materiel&rest_code=00146&code=00101006056&supplier_code=00100012&order_time=2021-11-22 HTTP/1.1" 200 413
180.174.250.202 - - [22/Nov/2021:10:58:26 +0800] "GET /xingrg/kc/base/wldb_order_operate.html?command=get_materiel&rest_code=00102&base_code=0010476&code=00101019195 HTTP/1.1" 200 460
222.70.171.86 - - [22/Nov/2021:10:58:32 +0800] "GET /xingrg/kc/buy/cgsh_order_operate.html?command=get_materiel&rest_code=00146&code=00101006109&supplier_code=00100012&order_time=2021-11-22 HTTP/1.1" 200 409
58.40.7.146 - - [22/Nov/2021:10:58:33 +0800] "GET /xingrg/all/function/internal_message.html?_=1637549912714&CODE_STATE=getMsg HTTP/1.1" 200 27
58.40.7.146 - - [22/Nov/2021:10:58:33 +0800] "GET /xingrg/check_reg.html?_=1637549912717 HTTP/1.1" 200 22
116.227.210.113 - - [22/Nov/2021:10:58:33 +0800] "GET /xingrg/all/function/internal_message.html?_=1637549904579&CODE_STATE=getMsg HTTP/1.1" 200 27
116.238.248.233 - - [22/Nov/2021:10:58:33 +0800] "GET /xingrg/all/function/internal_message.html?_=1637549911980&CODE_STATE=getMsg HTTP/1.1" 200 27
61.151.178.197 - - [22/Nov/2021:10:58:33 +0800] "GET /xingrg/kc/buy/cgsh_order_info.html?code=212021112209392 HTTP/1.1" 302 -
61.151.178.197 - - [22/Nov/2021:10:58:34 +0800] "GET /xingrg/login.html HTTP/1.1" 200 7641
180.174.250.202 - - [22/Nov/2021:10:58:34 +0800] "GET /xingrg/kc/base/wldb_order_operate.html?command=get_materiel&rest_code=00102&base_code=0010476&code=00101019185 HTTP/1.1" 200 453
180.174.250.202 - - [22/Nov/2021:10:58:39 +0800] "POST /xingrg/kc/buy/cgsh_order_operate.html HTTP/1.1" 200 37
101.89.239.245 - - [22/Nov/2021:10:58:39 +0800] "GET /xingrg/kc/print/load_data.html?order_code=212021112209392&kc_code=cgsh&condition= HTTP/1.1" 302 -
101.89.239.245 - - [22/Nov/2021:10:58:40 +0800] "GET /xingrg/login.html HTTP/1.1" 200 7641
180.174.250.202 - - [22/Nov/2021:10:58:40 +0800] "POST /xingrg/kc/buy/cgsh_order_operate.html HTTP/1.1" 200 11512
58.37.231.44 - - [22/Nov/2021:10:58:40 +0800] "GET /xingrg/all/function/internal_message.html?_=1637549745659&CODE_STATE=getMsg HTTP/1.1" 200 27
180.174.250.202 - - [22/Nov/2021:10:58:40 +0800] "GET /xingrg/kc/buy/cgsh_order_add.html HTTP/1.1" 200 64940
180.174.250.202 - - [22/Nov/2021:10:58:41 +0800] "POST /xingrg/kc/buy/cgsh_order_operate.html HTTP/1.1" 200 8245
180.174.250.202 - - [22/Nov/2021:10:58:41 +0800] "GET /xingrg/javascript/easyui/themes/default/validatebox.css HTTP/1.1" 404 1104
222.70.171.86 - - [22/Nov/2021:10:58:41 +0800] "GET /xingrg/kc/buy/cgsh_order_operate.html?command=get_materiel&rest_code=00146&code=00101006065&supplier_code=00100012&order_time=2021-11-22 HTTP/1.1" 200 428
222.70.171.86 - - [22/Nov/2021:10:58:45 +0800] "GET /xingrg/all/function/internal_message.html?_=1637549928818&CODE_STATE=getMsg HTTP/1.1" 200 27
58.39.139.200 - - [22/Nov/2021:10:58:47 +0800] "GET /xingrg/all/function/internal_message.html?_=1637549862426&CODE_STATE=getMsg HTTP/1.1" 200 27
61.151.178.180 - - [22/Nov/2021:10:58:47 +0800] "GET /xingrg/kc/print/load_data.html?order_code=212021112209392&kc_code=cgsh HTTP/1.1" 302 -
180.162.112.229 - - [22/Nov/2021:10:58:48 +0800] "GET /xingrg/all/function/internal_message.html?_=1637549400842&CODE_STATE=getMsg HTTP/1.1" 200 27
61.151.178.180 - - [22/Nov/2021:10:58:48 +0800] "GET /xingrg/login.html HTTP/1.1" 200 7641
114.85.125.222 - - [22/Nov/2021:10:58:48 +0800] "GET /xingrg/all/function/internal_message.html?_=1637549902980&CODE_STATE=getMsg HTTP/1.1" 200 27
180.174.250.202 - - [22/Nov/2021:10:58:48 +0800] "GET /xingrg/kc/buy/cgsh_order_operate.html?command=get_materiel&rest_code=00102&code=00101008175&supplier_code=00100008&order_time=2021-11-22 HTTP/1.1" 200 412
114.86.229.7 - - [22/Nov/2021:10:58:48 +0800] "GET /xingrg/all/function/internal_message.html?_=1637549928548&CODE_STATE=getMsg HTTP/1.1" 200 27
58.39.139.200 - - [22/Nov/2021:10:58:49 +0800] "GET /xingrg/kc/buy/cgsh_order_operate.html?command=get_materiel&rest_code=00105&code=00101008270&supplier_code=00100203&order_time=2021-11-22 HTTP/1.1" 200 412
180.157.253.6 - - [22/Nov/2021:10:58:52 +0800] "GET /xingrg/all/function/internal_message.html?_=1637549932308&CODE_STATE=getMsg HTTP/1.1" 200 27
116.235.93.2 - - [22/Nov/2021:10:58:52 +0800] "GET /xingrg/check_reg.html?_=1637549937518 HTTP/1.1" 200 22
180.169.147.146 - - [22/Nov/2021:10:58:53 +0800] "GET /xingrg/all/function/internal_message.html?_=1637549932384&CODE_STATE=getMsg HTTP/1.1" 200 27
180.169.147.146 - - [22/Nov/2021:10:58:54 +0800] "GET /xingrg/all/function/internal_message.html?_=1637549928415&CODE_STATE=getMsg HTTP/1.1" 200 27
116.235.93.2 - - [22/Nov/2021:10:58:54 +0800] "GET /xingrg/all/function/internal_message.html?_=1637549939471&CODE_STATE=getMsg HTTP/1.1" 200 27
180.174.250.202 - - [22/Nov/2021:10:58:56 +0800] "GET /xingrg/check_reg.html?_=1637549936264 HTTP/1.1" 200 22
180.174.250.202 - - [22/Nov/2021:10:58:56 +0800] "GET /xingrg/all/function/internal_message.html?_=1637549936266&CODE_STATE=getMsg HTTP/1.1" 200 27
180.174.250.202 - - [22/Nov/2021:10:58:58 +0800] "GET /xingrg/kc/buy/cgsh_order_operate.html?command=get_materiel&rest_code=00102&code=00101008350&supplier_code=00100008&order_time=2021-11-22 HTTP/1.1" 200 408
222.70.171.86 - - [22/Nov/2021:10:58:58 +0800] "GET /xingrg/kc/buy/cgsh_order_operate.html?command=get_materiel&rest_code=00146&code=00101006055&supplier_code=00100012&order_time=2021-11-22 HTTP/1.1" 200 429
124.78.153.86 - - [22/Nov/2021:10:58:59 +0800] "GET /xingrg/all/function/internal_message.html?_=1637549940733&CODE_STATE=getMsg HTTP/1.1" 200 27
124.78.153.86 - - [22/Nov/2021:10:58:59 +0800] "GET /xingrg/all/function/internal_message.html?_=1637549938189&CODE_STATE=getMsg HTTP/1.1" 200 27
61.151.178.163 - - [22/Nov/2021:10:58:59 +0800] "GET /xingrg/all/function/internal_message.html?_=1637549878207&CODE_STATE=getMsg HTTP/1.1" 302 -
61.151.178.163 - - [22/Nov/2021:10:59:00 +0800] "GET /xingrg/login.html HTTP/1.1" 200 7641
180.174.250.202 - - [22/Nov/2021:10:59:04 +0800] "GET /xingrg/kc/buy/cgsh_order_operate.html?command=get_materiel&rest_code=00102&code=00101008223&supplier_code=00100008&order_time=2021-11-22 HTTP/1.1" 200 412
116.235.93.2 - - [22/Nov/2021:10:59:12 +0800] "GET /xingrg/all/function/internal_message.html?_=1637550066447&CODE_STATE=getMsg HTTP/1.1" 302 -
180.174.250.202 - - [22/Nov/2021:10:59:12 +0800] "GET /xingrg/all/function/internal_message.html?_=1637549945429&CODE_STATE=getMsg HTTP/1.1" 200 27
58.40.7.146 - - [22/Nov/2021:10:59:13 +0800] "GET /xingrg/all/function/internal_message.html?_=1637549952237&CODE_STATE=getMsg HTTP/1.1" 200 27
180.174.250.202 - - [22/Nov/2021:10:59:14 +0800] "GET /xingrg/kc/buy/cgsh_order_operate.html?command=get_materiel&rest_code=00102&code=00101008614&supplier_code=00100008&order_time=2021-11-22 HTTP/1.1" 200 403
120.253.135.82 - - [22/Nov/2021:10:59:20 +0800] "GET /xingrg/kc/pszx/mdqp_order_list.html?state=10 HTTP/1.1" 200 10217
120.253.135.82 - - [22/Nov/2021:10:59:20 +0800] "GET /xingrg/javascript/jquery_easy_ui/themes/default/easyui.css HTTP/1.1" 200 26500
120.253.135.82 - - [22/Nov/2021:10:59:20 +0800] "GET /xingrg/javascript/pic_change.js HTTP/1.1" 200 4739
120.253.135.82 - - [22/Nov/2021:10:59:20 +0800] "GET /xingrg/javascript/jquery_easy_ui/themes/icon.css HTTP/1.1" 200 3949
120.253.135.82 - - [22/Nov/2021:10:59:20 +0800] "GET /xingrg/css/blue.css HTTP/1.1" 200 15949
120.253.135.82 - - [22/Nov/2021:10:59:20 +0800] "GET /xingrg/dwr/interface/AjaxReportQueryService.js HTTP/1.1" 200 13203
180.174.250.202 - - [22/Nov/2021:10:59:20 +0800] "GET /xingrg/kc/buy/cgsh_order_operate.html?command=get_materiel&rest_code=00102&code=00101008168&supplier_code=00100008&order_time=2021-11-22 HTTP/1.1" 200 412
120.253.135.82 - - [22/Nov/2021:10:59:20 +0800] "GET /xingrg/dwr/interface/AjaxQqpsService.js HTTP/1.1" 200 16326
120.253.135.82 - - [22/Nov/2021:10:59:20 +0800] "GET /xingrg/javascript/myfunction.js HTTP/1.1" 200 24559
120.253.135.82 - - [22/Nov/2021:10:59:20 +0800] "GET /xingrg/dwr/util.js HTTP/1.1" 200 35990
120.253.135.82 - - [22/Nov/2021:10:59:20 +0800] "GET /xingrg/javascript/Calendar.js HTTP/1.1" 200 31561
120.253.135.82 - - [22/Nov/2021:10:59:20 +0800] "GET /xingrg/dwr/engine.js HTTP/1.1" 200 43631
58.221.95.50 - - [22/Nov/2021:10:59:23 +0800] "GET /xingrg/check_reg.html?_=1637549964609 HTTP/1.1" 302 -
180.174.250.202 - - [22/Nov/2021:10:59:27 +0800] "GET /xingrg/kc/buy/cgsh_order_operate.html?command=get_materiel&rest_code=00102&code=00101008114&supplier_code=00100008&order_time=2021-11-22 HTTP/1.1" 200 412
120.253.135.82 - - [22/Nov/2021:10:59:27 +0800] "GET /xingrg/kc/pszx/mdqp_order_list.html?state=10 HTTP/1.1" 200 10217
120.253.135.82 - - [22/Nov/2021:10:59:27 +0800] "GET /xingrg/dwr/interface/AjaxQqpsService.js HTTP/1.1" 200 16326
120.253.135.82 - - [22/Nov/2021:10:59:28 +0800] "GET /xingrg/dwr/interface/AjaxReportQueryService.js HTTP/1.1" 200 13203
120.253.135.82 - - [22/Nov/2021:10:59:28 +0800] "GET /xingrg/dwr/engine.js HTTP/1.1" 200 43631
180.174.250.202 - - [22/Nov/2021:10:59:29 +0800] "POST /xingrg/kc/base/wldb_order_operate.html HTTP/1.1" 200 37
120.253.135.82 - - [22/Nov/2021:10:59:30 +0800] "GET /xingrg/kc/pszx/mdqp_order_list.html?state=10 HTTP/1.1" 200 10217
120.253.135.82 - - [22/Nov/2021:10:59:30 +0800] "GET /xingrg/dwr/interface/AjaxQqpsService.js HTTP/1.1" 200 16326
120.253.135.82 - - [22/Nov/2021:10:59:30 +0800] "GET /xingrg/dwr/interface/AjaxReportQueryService.js HTTP/1.1" 200 13203
120.253.135.82 - - [22/Nov/2021:10:59:30 +0800] "GET /xingrg/dwr/engine.js HTTP/1.1" 200 43631
180.174.250.202 - - [22/Nov/2021:10:59:31 +0800] "POST /xingrg/kc/base/wldb_order_operate.html HTTP/1.1" 200 12
180.174.250.202 - - [22/Nov/2021:10:59:31 +0800] "POST /xingrg/kc/base/wldb_order_operate.html HTTP/1.1" 200 2718
120.253.135.82 - - [22/Nov/2021:10:59:32 +0800] "GET /xingrg/kc/pszx/mdps_order_list.html?orderType=0 HTTP/1.1" 200 21089
120.253.135.82 - - [22/Nov/2021:10:59:32 +0800] "GET /xingrg/css/site.css HTTP/1.1" 200 7541
120.253.135.82 - - [22/Nov/2021:10:59:32 +0800] "GET /xingrg/css/base.css HTTP/1.1" 200 2811
120.253.135.82 - - [22/Nov/2021:10:59:32 +0800] "GET /xingrg/javascript/auto/jquery.autocomplete.css HTTP/1.1" 200 587
120.253.135.82 - - [22/Nov/2021:10:59:32 +0800] "GET /xingrg/javascript/jquery_tools/datebox.css HTTP/1.1" 200 2597
120.253.135.82 - - [22/Nov/2021:10:59:32 +0800] "GET /xingrg/javascript/easyui/themes/icon.css HTTP/1.1" 200 4483
120.253.135.82 - - [22/Nov/2021:10:59:32 +0800] "GET /xingrg/javascript/jquery_tools/table.css HTTP/1.1" 200 1032
120.253.135.82 - - [22/Nov/2021:10:59:32 +0800] "GET /xingrg/javascript/jquery_tools/fix.css HTTP/1.1" 200 1702
120.253.135.82 - - [22/Nov/2021:10:59:32 +0800] "GET /xingrg/javascript/jquery_tools/jquery.tools.min.js HTTP/1.1" 200 138801
120.253.135.82 - - [22/Nov/2021:10:59:32 +0800] "GET /xingrg/javascript/jquery_tools/jquery.tools.table.js HTTP/1.1" 200 6994
120.253.135.82 - - [22/Nov/2021:10:59:32 +0800] "GET /xingrg/javascript/jquery_tools/jquery.tools.hotkey.js HTTP/1.1" 200 3242
120.253.135.82 - - [22/Nov/2021:10:59:32 +0800] "GET /xingrg/javascript/jquery_tools/list_manager.js HTTP/1.1" 200 3652
120.253.135.82 - - [22/Nov/2021:10:59:32 +0800] "GET /xingrg/javascript/easyui/easyloader.js HTTP/1.1" 200 5975
120.253.135.82 - - [22/Nov/2021:10:59:32 +0800] "GET /xingrg/javascript/jquery.cookie.js HTTP/1.1" 200 5513
120.253.135.82 - - [22/Nov/2021:10:59:32 +0800] "GET /xingrg/javascript/jquery_tools/jquery.tools.extend.js HTTP/1.1" 200 15385
120.253.135.82 - - [22/Nov/2021:10:59:32 +0800] "GET /xingrg/javascript/easyui/themes/default/easyui.css HTTP/1.1" 200 30432
120.253.135.82 - - [22/Nov/2021:10:59:32 +0800] "GET /xingrg/javascript/print/LodopFuncs.js HTTP/1.1" 200 5121
120.253.135.82 - - [22/Nov/2021:10:59:32 +0800] "GET /xingrg/javascript/auto/jquery.autocomplete.js HTTP/1.1" 200 21624
120.253.135.82 - - [22/Nov/2021:10:59:32 +0800] "GET /xingrg/javascript/jquery.utils.js HTTP/1.1" 200 11805
120.253.135.82 - - [22/Nov/2021:10:59:32 +0800] "GET /xingrg/javascript/easyui/themes/icons/check_new.png HTTP/1.1" 200 3224
120.253.135.82 - - [22/Nov/2021:10:59:32 +0800] "GET /xingrg/javascript/easyui/themes/icons/uncheck_new.png HTTP/1.1" 200 3197
120.253.135.82 - - [22/Nov/2021:10:59:32 +0800] "GET /xingrg/javascript/easyui/themes/icons/edit_add_new.png HTTP/1.1" 200 2997
120.253.135.82 - - [22/Nov/2021:10:59:32 +0800] "GET /xingrg/javascript/easyui/themes/icons/import_new.png HTTP/1.1" 200 1247
120.253.135.82 - - [22/Nov/2021:10:59:32 +0800] "GET /xingrg/javascript/easyui/themes/icons/cance_new.png HTTP/1.1" 200 3986
120.253.135.82 - - [22/Nov/2021:10:59:32 +0800] "GET /xingrg/javascript/easyui/themes/icons/field_new.png HTTP/1.1" 200 1097
120.253.135.82 - - [22/Nov/2021:10:59:32 +0800] "GET /xingrg/javascript/easyui/plugins/jquery.parser.js HTTP/1.1" 200 1142
120.253.135.82 - - [22/Nov/2021:10:59:32 +0800] "GET /xingrg/images/control/ajaxLoader.gif HTTP/1.1" 200 4659
120.253.135.82 - - [22/Nov/2021:10:59:32 +0800] "POST /xingrg/kc/pszx/mdps_list_operate.html HTTP/1.1" 200 5411
58.40.7.146 - - [22/Nov/2021:10:59:33 +0800] "GET /xingrg/all/function/internal_message.html?_=1637549972719&CODE_STATE=getMsg HTTP/1.1" 200 27
116.227.210.113 - - [22/Nov/2021:10:59:33 +0800] "GET /xingrg/all/function/internal_message.html?_=1637549964567&CODE_STATE=getMsg HTTP/1.1" 200 27
116.238.248.233 - - [22/Nov/2021:10:59:33 +0800] "GET /xingrg/all/function/internal_message.html?_=1637549971985&CODE_STATE=getMsg HTTP/1.1" 200 27
180.174.250.202 - - [22/Nov/2021:10:59:34 +0800] "GET /xingrg/kc/base/wldb_order_info.html?code=422021112202402 HTTP/1.1" 200 26311
180.174.250.202 - - [22/Nov/2021:10:59:35 +0800] "GET /xingrg/kc/buy/cgsh_order_operate.html?command=get_materiel&rest_code=00102&code=00101008041&supplier_code=00100008&order_time=2021-11-22 HTTP/1.1" 200 408
