222.70.171.86 - - [19/Nov/2021:10:05:34 +0800] "GET /xingrg/all/function/internal_message.html?_=1637287531697&CODE_STATE=getMsg HTTP/1.1" 200 27
116.235.93.2 - - [19/Nov/2021:10:05:38 +0800] "GET /xingrg/javascript/easyui/themes/default/images/button_plain_hover.png HTTP/1.1" 304 -
116.235.93.2 - - [19/Nov/2021:10:05:38 +0800] "GET /xingrg/javascript/easyui/themes/default/images/button_plain_hover.png HTTP/1.1" 304 -
180.169.147.146 - - [19/Nov/2021:10:05:38 +0800] "GET /xingrg/check_reg.html?_=1637287540287 HTTP/1.1" 200 22
180.169.147.146 - - [19/Nov/2021:10:05:38 +0800] "GET /xingrg/all/function/internal_message.html?_=1637287540288&CODE_STATE=getMsg HTTP/1.1" 200 27
116.235.93.2 - - [19/Nov/2021:10:05:39 +0800] "GET /xingrg/css/site.css HTTP/1.1" 304 -
116.235.93.2 - - [19/Nov/2021:10:05:39 +0800] "GET /xingrg/css/base.css HTTP/1.1" 304 -
116.235.93.2 - - [19/Nov/2021:10:05:39 +0800] "GET /xingrg/javascript/jquery_tools/datebox.css HTTP/1.1" 304 -
116.235.93.2 - - [19/Nov/2021:10:05:39 +0800] "GET /xingrg/javascript/easyui/themes/default/easyui.css HTTP/1.1" 304 -
116.235.93.2 - - [19/Nov/2021:10:05:39 +0800] "GET /xingrg/kc/buy/cgsh_order_add.html HTTP/1.1" 200 64912
116.235.93.2 - - [19/Nov/2021:10:05:39 +0800] "GET /xingrg/javascript/pic_change.js HTTP/1.1" 304 -
116.235.93.2 - - [19/Nov/2021:10:05:39 +0800] "GET /xingrg/javascript/jquery_tools/jquery.tools.min.js HTTP/1.1" 304 -
116.235.93.2 - - [19/Nov/2021:10:05:39 +0800] "GET /xingrg/javascript/jquery_tools/jquery.tools.extend.js HTTP/1.1" 304 -
116.235.93.2 - - [19/Nov/2021:10:05:39 +0800] "GET /xingrg/javascript/jquery_tools/jquery.tools.hotkey.js HTTP/1.1" 304 -
116.235.93.2 - - [19/Nov/2021:10:05:39 +0800] "GET /xingrg/javascript/easyui/themes/icon.css HTTP/1.1" 304 -
116.235.93.2 - - [19/Nov/2021:10:05:39 +0800] "GET /xingrg/javascript/jquery_tools/fix.css HTTP/1.1" 304 -
116.235.93.2 - - [19/Nov/2021:10:05:39 +0800] "GET /xingrg/javascript/jquery_tools/table.css HTTP/1.1" 304 -
116.235.93.2 - - [19/Nov/2021:10:05:39 +0800] "GET /xingrg/javascript/auto/jquery.autocomplete.css HTTP/1.1" 304 -
116.235.93.2 - - [19/Nov/2021:10:05:39 +0800] "GET /xingrg/javascript/auto/jquery.autocomplete.js HTTP/1.1" 304 -
116.235.93.2 - - [19/Nov/2021:10:05:39 +0800] "GET /xingrg/javascript/jquery.utils.js HTTP/1.1" 304 -
116.235.93.2 - - [19/Nov/2021:10:05:39 +0800] "GET /xingrg/javascript/jquery_tools/order_manager.js HTTP/1.1" 304 -
116.235.93.2 - - [19/Nov/2021:10:05:39 +0800] "GET /xingrg/javascript/convert.js HTTP/1.1" 304 -
116.235.93.2 - - [19/Nov/2021:10:05:39 +0800] "GET /xingrg/javascript/easyui/easyloader.js HTTP/1.1" 304 -
116.235.93.2 - - [19/Nov/2021:10:05:39 +0800] "GET /xingrg/javascript/easyui/themes/default/images/button_plain_hover.png HTTP/1.1" 304 -
116.235.93.2 - - [19/Nov/2021:10:05:39 +0800] "GET /xingrg/javascript/json2.js HTTP/1.1" 304 -
116.235.93.2 - - [19/Nov/2021:10:05:39 +0800] "GET /xingrg/javascript/jquery.cookie.js HTTP/1.1" 304 -
116.235.93.2 - - [19/Nov/2021:10:05:39 +0800] "GET /xingrg/javascript/print/LodopFuncs.js HTTP/1.1" 304 -
116.235.93.2 - - [19/Nov/2021:10:05:39 +0800] "GET /xingrg/javascript/jquery_tools/jquery.tools.table.js HTTP/1.1" 304 -
116.235.93.2 - - [19/Nov/2021:10:05:39 +0800] "GET /xingrg/javascript/print/kc_print.js HTTP/1.1" 304 -
116.235.93.2 - - [19/Nov/2021:10:05:41 +0800] "GET /xingrg/words/20211118120410_words.js HTTP/1.1" 304 -
116.235.93.2 - - [19/Nov/2021:10:05:41 +0800] "GET /xingrg/javascript/easyui/themes/icons/copy_new.png HTTP/1.1" 304 -
116.235.93.2 - - [19/Nov/2021:10:05:41 +0800] "GET /xingrg/javascript/easyui/themes/icons/template_new.png HTTP/1.1" 304 -
116.235.93.2 - - [19/Nov/2021:10:05:41 +0800] "GET /xingrg/javascript/easyui/themes/icons/ok.png HTTP/1.1" 304 -
116.235.93.2 - - [19/Nov/2021:10:05:41 +0800] "GET /xingrg/javascript/easyui/themes/default/images/menu_downarrow.png HTTP/1.1" 304 -
116.235.93.2 - - [19/Nov/2021:10:05:41 +0800] "GET /xingrg/javascript/easyui/themes/icons/cancel.png HTTP/1.1" 304 -
116.235.93.2 - - [19/Nov/2021:10:05:41 +0800] "GET /xingrg/javascript/easyui/themes/icons/print.png HTTP/1.1" 304 -
116.235.93.2 - - [19/Nov/2021:10:05:41 +0800] "GET /xingrg/javascript/easyui/plugins/jquery.parser.js HTTP/1.1" 304 -
116.235.93.2 - - [19/Nov/2021:10:05:41 +0800] "POST /xingrg/kc/buy/cgsh_order_operate.html HTTP/1.1" 200 8245
116.235.93.2 - - [19/Nov/2021:10:05:41 +0800] "GET /xingrg/all/common/auto_word.html?type=employee&rest_code=00104 HTTP/1.1" 200 195
116.235.93.2 - - [19/Nov/2021:10:05:41 +0800] "GET /xingrg/all/common/auto_word.html?type=employee&rest_code=00104 HTTP/1.1" 200 195
116.235.93.2 - - [19/Nov/2021:10:05:41 +0800] "GET /xingrg/javascript/easyui/themes/default/validatebox.css HTTP/1.1" 404 1104
116.235.93.2 - - [19/Nov/2021:10:05:41 +0800] "GET /xingrg/javascript/easyui/plugins/jquery.validatebox.js HTTP/1.1" 304 -
116.235.93.2 - - [19/Nov/2021:10:05:41 +0800] "GET /xingrg/javascript/easyui/plugins/jquery.numberbox.js HTTP/1.1" 304 -
116.235.93.2 - - [19/Nov/2021:10:05:42 +0800] "GET /xingrg/javascript/easyui/plugins/jquery.draggable.js HTTP/1.1" 304 -
116.235.93.2 - - [19/Nov/2021:10:05:42 +0800] "GET /xingrg/css/images/panel_loading.gif HTTP/1.1" 304 -
116.235.93.2 - - [19/Nov/2021:10:05:42 +0800] "GET /xingrg/javascript/easyui/plugins/jquery.droppable.js HTTP/1.1" 304 -
116.235.93.2 - - [19/Nov/2021:10:05:42 +0800] "GET /xingrg/javascript/easyui/themes/default/tree.css HTTP/1.1" 404 1090
116.235.93.2 - - [19/Nov/2021:10:05:42 +0800] "GET /xingrg/javascript/easyui/plugins/jquery.tree.js HTTP/1.1" 304 -
172.20.0.100 - - [19/Nov/2021:10:05:43 +0800] "GET /xingrg/check_reg.html?_=1637287533056 HTTP/1.1" 302 -
116.235.93.2 - - [19/Nov/2021:10:05:43 +0800] "POST /xingrg/all/common/load_tree.html?tree=supplier_tree_json&isDelete=1 HTTP/1.1" 200 60549
116.235.93.2 - - [19/Nov/2021:10:05:45 +0800] "GET /xingrg/javascript/easyui/themes/default/images/tree_folder_open.gif HTTP/1.1" 304 -
116.235.93.2 - - [19/Nov/2021:10:05:45 +0800] "GET /xingrg/javascript/easyui/themes/default/images/tree_folder.gif HTTP/1.1" 304 -
116.235.93.2 - - [19/Nov/2021:10:05:45 +0800] "GET /xingrg/javascript/easyui/themes/default/images/tree_file.gif HTTP/1.1" 304 -
124.78.153.86 - - [19/Nov/2021:10:05:46 +0800] "GET /xingrg/all/function/internal_message.html?_=1637287542281&CODE_STATE=getMsg HTTP/1.1" 200 27
116.232.52.153 - - [19/Nov/2021:10:05:47 +0800] "GET /xingrg/all/function/internal_message.html?_=1637287546007&CODE_STATE=getMsg HTTP/1.1" 200 27
116.232.52.153 - - [19/Nov/2021:10:05:47 +0800] "GET /xingrg/check_reg.html?_=1637287546008 HTTP/1.1" 200 22
180.169.147.146 - - [19/Nov/2021:10:05:53 +0800] "GET /xingrg/all/function/internal_message.html?_=1637287552992&CODE_STATE=getMsg HTTP/1.1" 200 27
58.39.139.200 - - [19/Nov/2021:10:05:55 +0800] "GET /xingrg/all/function/internal_message.html?_=1637287555790&CODE_STATE=getMsg HTTP/1.1" 200 27
58.37.231.44 - - [19/Nov/2021:10:05:56 +0800] "GET /xingrg/all/function/internal_message.html?_=1637287382883&CODE_STATE=getMsg HTTP/1.1" 200 27
120.253.135.82 - - [19/Nov/2021:10:05:56 +0800] "POST /xingrg/kc/buy/cgsh_order_operate.html HTTP/1.1" 200 37
116.235.93.2 - - [19/Nov/2021:10:05:58 +0800] "GET /xingrg/all/function/internal_message.html?_=1637288039218&CODE_STATE=getMsg HTTP/1.1" 200 27
116.235.93.2 - - [19/Nov/2021:10:05:59 +0800] "GET /xingrg/kc/buy/cgsh_order_operate.html?command=get_materiel&rest_code=00104&code=00101006055&supplier_code=00100012&order_time=2021-11-19 HTTP/1.1" 200 409
120.253.135.82 - - [19/Nov/2021:10:06:00 +0800] "POST /xingrg/kc/buy/cgsh_order_operate.html HTTP/1.1" 200 3272
116.227.210.113 - - [19/Nov/2021:10:06:03 +0800] "GET /xingrg/kc/print/load_data.html?order_code=212021111907924&kc_code=cgsh&condition= HTTP/1.1" 200 12399
180.157.253.6 - - [19/Nov/2021:10:06:05 +0800] "GET /xingrg/check_reg.html?_=1637287564152 HTTP/1.1" 200 22
180.157.253.6 - - [19/Nov/2021:10:06:05 +0800] "GET /xingrg/all/function/internal_message.html?_=1637287564153&CODE_STATE=getMsg HTTP/1.1" 200 27
222.70.176.97 - - [19/Nov/2021:10:06:11 +0800] "GET /xingrg/all/function/internal_message.html?_=1637287567029&CODE_STATE=getMsg HTTP/1.1" 200 27
116.238.248.233 - - [19/Nov/2021:10:06:12 +0800] "GET /xingrg/check_reg.html?_=1637287569538 HTTP/1.1" 200 22
116.238.248.233 - - [19/Nov/2021:10:06:12 +0800] "GET /xingrg/all/function/internal_message.html?_=1637287569540&CODE_STATE=getMsg HTTP/1.1" 200 27
116.235.93.2 - - [19/Nov/2021:10:06:14 +0800] "GET /xingrg/kc/buy/cgsh_order_operate.html?command=get_materiel&rest_code=00104&code=00101006013&supplier_code=00100012&order_time=2021-11-19 HTTP/1.1" 200 409
114.85.125.222 - - [19/Nov/2021:10:06:14 +0800] "GET /xingrg/all/function/internal_message.html?_=1637287551201&CODE_STATE=getMsg HTTP/1.1" 200 27
120.253.135.82 - - [19/Nov/2021:10:06:16 +0800] "GET /xingrg/all/function/internal_message.html?_=1637287349254&CODE_STATE=getMsg HTTP/1.1" 200 27
120.253.135.82 - - [19/Nov/2021:10:06:18 +0800] "POST /xingrg/kc/buy/cgsh_order_operate.html HTTP/1.1" 200 37
120.253.135.82 - - [19/Nov/2021:10:06:20 +0800] "POST /xingrg/kc/buy/cgsh_order_operate.html HTTP/1.1" 200 3272
120.253.135.82 - - [19/Nov/2021:10:06:23 +0800] "GET /xingrg/kc/print/load_config.html?kc_code=cgsh HTTP/1.1" 200 2281
120.253.135.82 - - [19/Nov/2021:10:06:24 +0800] "GET /xingrg/kc/print/load_data.html?order_code=212021111907929&kc_code=cgsh&condition= HTTP/1.1" 200 956
222.69.132.206 - - [19/Nov/2021:10:06:24 +0800] "GET /xingrg/all/function/internal_message.html?_=1637287581487&CODE_STATE=getMsg HTTP/1.1" 200 27
116.227.210.113 - - [19/Nov/2021:10:06:26 +0800] "GET /xingrg/all/function/internal_message.html?_=1637287582663&CODE_STATE=getMsg HTTP/1.1" 200 27
120.253.135.82 - - [19/Nov/2021:10:06:27 +0800] "GET /xingrg/all/function/internal_message.html?_=1637287531670&CODE_STATE=getMsg HTTP/1.1" 200 27
180.174.250.202 - - [19/Nov/2021:10:06:32 +0800] "GET /xingrg/all/function/internal_message.html?_=1637287586331&CODE_STATE=getMsg HTTP/1.1" 200 27
222.70.171.86 - - [19/Nov/2021:10:06:34 +0800] "GET /xingrg/all/function/internal_message.html?_=1637287591724&CODE_STATE=getMsg HTTP/1.1" 200 27
116.235.93.2 - - [19/Nov/2021:10:06:35 +0800] "GET /xingrg/kc/buy/cgsh_order_operate.html?command=get_materiel&rest_code=00104&code=00101006111&supplier_code=00100012&order_time=2021-11-19 HTTP/1.1" 200 409
180.169.147.146 - - [19/Nov/2021:10:06:38 +0800] "GET /xingrg/all/function/internal_message.html?_=1637287600286&CODE_STATE=getMsg HTTP/1.1" 200 27
124.78.153.86 - - [19/Nov/2021:10:06:46 +0800] "GET /xingrg/all/function/internal_message.html?_=1637287602280&CODE_STATE=getMsg HTTP/1.1" 200 27
116.232.52.153 - - [19/Nov/2021:10:06:47 +0800] "GET /xingrg/all/function/internal_message.html?_=1637287606009&CODE_STATE=getMsg HTTP/1.1" 200 27
116.235.93.2 - - [19/Nov/2021:10:06:49 +0800] "GET /xingrg/kc/buy/cgsh_order_operate.html?command=get_materiel&rest_code=00104&code=00101006065&supplier_code=00100012&order_time=2021-11-19 HTTP/1.1" 200 409
180.169.147.146 - - [19/Nov/2021:10:06:53 +0800] "GET /xingrg/all/function/internal_message.html?_=1637287612997&CODE_STATE=getMsg HTTP/1.1" 200 27
58.39.139.200 - - [19/Nov/2021:10:06:55 +0800] "GET /xingrg/all/function/internal_message.html?_=1637287615805&CODE_STATE=getMsg HTTP/1.1" 200 27
58.37.231.44 - - [19/Nov/2021:10:06:56 +0800] "GET /xingrg/all/function/internal_message.html?_=1637287442856&CODE_STATE=getMsg HTTP/1.1" 200 27
116.235.93.2 - - [19/Nov/2021:10:06:58 +0800] "GET /xingrg/all/function/internal_message.html?_=1637288099220&CODE_STATE=getMsg HTTP/1.1" 200 27
116.235.93.2 - - [19/Nov/2021:10:07:01 +0800] "GET /xingrg/kc/buy/cgsh_order_operate.html?command=get_materiel&rest_code=00104&code=00101006124&supplier_code=00100012&order_time=2021-11-19 HTTP/1.1" 200 409
180.157.253.6 - - [19/Nov/2021:10:07:05 +0800] "GET /xingrg/all/function/internal_message.html?_=1637287624146&CODE_STATE=getMsg HTTP/1.1" 200 27
120.253.135.82 - - [19/Nov/2021:10:07:07 +0800] "GET /xingrg/check_reg.html?_=1637287571729 HTTP/1.1" 200 22
222.70.176.97 - - [19/Nov/2021:10:07:11 +0800] "GET /xingrg/all/function/internal_message.html?_=1637287627015&CODE_STATE=getMsg HTTP/1.1" 200 27
116.238.248.233 - - [19/Nov/2021:10:07:12 +0800] "GET /xingrg/all/function/internal_message.html?_=1637287629538&CODE_STATE=getMsg HTTP/1.1" 200 27
114.85.125.222 - - [19/Nov/2021:10:07:14 +0800] "GET /xingrg/all/function/internal_message.html?_=1637287611215&CODE_STATE=getMsg HTTP/1.1" 200 27
116.235.93.2 - - [19/Nov/2021:10:07:15 +0800] "GET /xingrg/javascript/easyui/themes/default/images/button_plain_hover.png HTTP/1.1" 304 -
116.235.93.2 - - [19/Nov/2021:10:07:16 +0800] "GET /xingrg/javascript/easyui/themes/default/images/button_plain_hover.png HTTP/1.1" 304 -
116.235.93.2 - - [19/Nov/2021:10:07:16 +0800] "GET /xingrg/javascript/easyui/themes/default/images/button_plain_hover.png HTTP/1.1" 304 -
120.253.135.82 - - [19/Nov/2021:10:07:16 +0800] "GET /xingrg/all/function/internal_message.html?_=1637287409307&CODE_STATE=getMsg HTTP/1.1" 200 27
116.235.93.2 - - [19/Nov/2021:10:07:22 +0800] "POST /xingrg/kc/buy/cgsh_order_operate.html HTTP/1.1" 200 37
222.69.132.206 - - [19/Nov/2021:10:07:24 +0800] "GET /xingrg/all/function/internal_message.html?_=1637287641500&CODE_STATE=getMsg HTTP/1.1" 200 27
116.235.93.2 - - [19/Nov/2021:10:07:25 +0800] "POST /xingrg/kc/buy/cgsh_order_operate.html HTTP/1.1" 200 5016
116.227.210.113 - - [19/Nov/2021:10:07:26 +0800] "GET /xingrg/all/function/internal_message.html?_=1637287642642&CODE_STATE=getMsg HTTP/1.1" 200 27
120.253.135.82 - - [19/Nov/2021:10:07:27 +0800] "GET /xingrg/all/function/internal_message.html?_=1637287591681&CODE_STATE=getMsg HTTP/1.1" 200 27
116.235.93.2 - - [19/Nov/2021:10:07:29 +0800] "GET /xingrg/javascript/easyui/themes/default/images/button_plain_hover.png HTTP/1.1" 304 -
116.235.93.2 - - [19/Nov/2021:10:07:29 +0800] "GET /xingrg/javascript/easyui/themes/default/images/button_plain_hover.png HTTP/1.1" 304 -
180.174.250.202 - - [19/Nov/2021:10:07:29 +0800] "GET /xingrg/kc/buy/cgsh_order_add.html HTTP/1.1" 200 64871
58.39.139.200 - - [19/Nov/2021:10:07:29 +0800] "GET /xingrg/kc/buy/cgsh_order_add.html HTTP/1.1" 200 64959
58.39.139.200 - - [19/Nov/2021:10:07:29 +0800] "POST /xingrg/kc/buy/cgsh_order_operate.html HTTP/1.1" 200 8245
58.39.139.200 - - [19/Nov/2021:10:07:29 +0800] "GET /xingrg/javascript/easyui/themes/default/validatebox.css HTTP/1.1" 404 1104
116.235.93.2 - - [19/Nov/2021:10:07:30 +0800] "GET /xingrg/kc/print/load_config.html?kc_code=cgsh HTTP/1.1" 200 2281
116.235.93.2 - - [19/Nov/2021:10:07:30 +0800] "GET /xingrg/kc/print/load_data.html?order_code=212021111907930&kc_code=cgsh&condition= HTTP/1.1" 200 1652
180.174.250.202 - - [19/Nov/2021:10:07:31 +0800] "POST /xingrg/kc/buy/cgsh_order_operate.html HTTP/1.1" 200 8245
180.174.250.202 - - [19/Nov/2021:10:07:31 +0800] "GET /xingrg/javascript/easyui/themes/default/validatebox.css HTTP/1.1" 404 1104
180.174.250.202 - - [19/Nov/2021:10:07:32 +0800] "GET /xingrg/all/function/internal_message.html?_=1637287646346&CODE_STATE=getMsg HTTP/1.1" 200 27
222.70.171.86 - - [19/Nov/2021:10:07:34 +0800] "GET /xingrg/all/function/internal_message.html?_=1637287651741&CODE_STATE=getMsg HTTP/1.1" 200 27
116.235.93.2 - - [19/Nov/2021:10:07:36 +0800] "GET /xingrg/javascript/easyui/themes/default/images/button_plain_hover.png HTTP/1.1" 304 -
116.235.93.2 - - [19/Nov/2021:10:07:36 +0800] "GET /xingrg/javascript/easyui/themes/default/images/button_plain_hover.png HTTP/1.1" 304 -
116.235.93.2 - - [19/Nov/2021:10:07:36 +0800] "GET /xingrg/javascript/easyui/themes/default/images/button_plain_hover.png HTTP/1.1" 304 -
120.253.135.82 - - [19/Nov/2021:10:07:37 +0800] "POST /xingrg/kc/buy/cgsh_order_operate.html HTTP/1.1" 200 37
116.235.93.2 - - [19/Nov/2021:10:07:37 +0800] "GET /xingrg/javascript/easyui/themes/default/images/button_plain_hover.png HTTP/1.1" 304 -
116.235.93.2 - - [19/Nov/2021:10:07:38 +0800] "GET /xingrg/css/base.css HTTP/1.1" 304 -
116.235.93.2 - - [19/Nov/2021:10:07:38 +0800] "GET /xingrg/css/site.css HTTP/1.1" 304 -
116.235.93.2 - - [19/Nov/2021:10:07:38 +0800] "GET /xingrg/javascript/jquery_tools/datebox.css HTTP/1.1" 304 -
116.235.93.2 - - [19/Nov/2021:10:07:38 +0800] "GET /xingrg/kc/buy/cgsh_order_add.html HTTP/1.1" 200 64912
116.235.93.2 - - [19/Nov/2021:10:07:38 +0800] "GET /xingrg/javascript/jquery_tools/fix.css HTTP/1.1" 304 -
116.235.93.2 - - [19/Nov/2021:10:07:38 +0800] "GET /xingrg/javascript/easyui/themes/default/easyui.css HTTP/1.1" 304 -
116.235.93.2 - - [19/Nov/2021:10:07:38 +0800] "GET /xingrg/javascript/jquery_tools/table.css HTTP/1.1" 304 -
116.235.93.2 - - [19/Nov/2021:10:07:38 +0800] "GET /xingrg/javascript/easyui/themes/icon.css HTTP/1.1" 304 -
116.235.93.2 - - [19/Nov/2021:10:07:38 +0800] "GET /xingrg/javascript/pic_change.js HTTP/1.1" 304 -
116.235.93.2 - - [19/Nov/2021:10:07:38 +0800] "GET /xingrg/javascript/auto/jquery.autocomplete.css HTTP/1.1" 304 -
116.235.93.2 - - [19/Nov/2021:10:07:38 +0800] "GET /xingrg/javascript/jquery_tools/jquery.tools.table.js HTTP/1.1" 304 -
116.235.93.2 - - [19/Nov/2021:10:07:38 +0800] "GET /xingrg/javascript/jquery_tools/jquery.tools.extend.js HTTP/1.1" 304 -
116.235.93.2 - - [19/Nov/2021:10:07:38 +0800] "GET /xingrg/javascript/jquery_tools/jquery.tools.min.js HTTP/1.1" 304 -
116.235.93.2 - - [19/Nov/2021:10:07:38 +0800] "GET /xingrg/javascript/convert.js HTTP/1.1" 304 -
116.235.93.2 - - [19/Nov/2021:10:07:38 +0800] "GET /xingrg/javascript/jquery.utils.js HTTP/1.1" 304 -
116.235.93.2 - - [19/Nov/2021:10:07:38 +0800] "GET /xingrg/javascript/jquery_tools/jquery.tools.hotkey.js HTTP/1.1" 304 -
116.235.93.2 - - [19/Nov/2021:10:07:38 +0800] "GET /xingrg/javascript/jquery_tools/order_manager.js HTTP/1.1" 304 -
116.235.93.2 - - [19/Nov/2021:10:07:38 +0800] "GET /xingrg/javascript/easyui/easyloader.js HTTP/1.1" 304 -
116.235.93.2 - - [19/Nov/2021:10:07:38 +0800] "GET /xingrg/javascript/auto/jquery.autocomplete.js HTTP/1.1" 304 -
116.235.93.2 - - [19/Nov/2021:10:07:38 +0800] "GET /xingrg/javascript/json2.js HTTP/1.1" 304 -
116.235.93.2 - - [19/Nov/2021:10:07:38 +0800] "GET /xingrg/javascript/jquery.cookie.js HTTP/1.1" 304 -
116.235.93.2 - - [19/Nov/2021:10:07:38 +0800] "GET /xingrg/javascript/print/LodopFuncs.js HTTP/1.1" 304 -
116.235.93.2 - - [19/Nov/2021:10:07:38 +0800] "GET /xingrg/javascript/print/kc_print.js HTTP/1.1" 304 -
180.169.147.146 - - [19/Nov/2021:10:07:38 +0800] "GET /xingrg/all/function/internal_message.html?_=1637287660283&CODE_STATE=getMsg HTTP/1.1" 200 27
116.235.93.2 - - [19/Nov/2021:10:07:39 +0800] "GET /xingrg/words/20211118120410_words.js HTTP/1.1" 304 -
116.235.93.2 - - [19/Nov/2021:10:07:40 +0800] "GET /xingrg/javascript/easyui/themes/icons/copy_new.png HTTP/1.1" 304 -
116.235.93.2 - - [19/Nov/2021:10:07:40 +0800] "GET /xingrg/javascript/easyui/themes/icons/template_new.png HTTP/1.1" 304 -
116.235.93.2 - - [19/Nov/2021:10:07:40 +0800] "GET /xingrg/javascript/easyui/themes/icons/ok.png HTTP/1.1" 304 -
116.235.93.2 - - [19/Nov/2021:10:07:40 +0800] "GET /xingrg/javascript/easyui/themes/icons/print.png HTTP/1.1" 304 -
116.235.93.2 - - [19/Nov/2021:10:07:40 +0800] "GET /xingrg/javascript/easyui/themes/default/images/menu_downarrow.png HTTP/1.1" 304 -
116.235.93.2 - - [19/Nov/2021:10:07:40 +0800] "GET /xingrg/javascript/easyui/themes/icons/cancel.png HTTP/1.1" 304 -
116.235.93.2 - - [19/Nov/2021:10:07:40 +0800] "GET /xingrg/javascript/easyui/plugins/jquery.parser.js HTTP/1.1" 304 -
116.235.93.2 - - [19/Nov/2021:10:07:40 +0800] "POST /xingrg/kc/buy/cgsh_order_operate.html HTTP/1.1" 200 8245
116.235.93.2 - - [19/Nov/2021:10:07:40 +0800] "GET /xingrg/javascript/easyui/themes/default/validatebox.css HTTP/1.1" 404 1104
116.235.93.2 - - [19/Nov/2021:10:07:40 +0800] "GET /xingrg/javascript/easyui/plugins/jquery.validatebox.js HTTP/1.1" 304 -
116.235.93.2 - - [19/Nov/2021:10:07:40 +0800] "GET /xingrg/all/common/auto_word.html?type=employee&rest_code=00104 HTTP/1.1" 200 195
116.235.93.2 - - [19/Nov/2021:10:07:40 +0800] "GET /xingrg/javascript/easyui/plugins/jquery.numberbox.js HTTP/1.1" 304 -
116.235.93.2 - - [19/Nov/2021:10:07:40 +0800] "GET /xingrg/all/common/auto_word.html?type=employee&rest_code=00104 HTTP/1.1" 200 195
116.235.93.2 - - [19/Nov/2021:10:07:41 +0800] "GET /xingrg/javascript/easyui/plugins/jquery.draggable.js HTTP/1.1" 304 -
116.235.93.2 - - [19/Nov/2021:10:07:41 +0800] "GET /xingrg/css/images/panel_loading.gif HTTP/1.1" 304 -
116.235.93.2 - - [19/Nov/2021:10:07:41 +0800] "GET /xingrg/javascript/easyui/plugins/jquery.droppable.js HTTP/1.1" 304 -
116.235.93.2 - - [19/Nov/2021:10:07:41 +0800] "GET /xingrg/javascript/easyui/themes/default/tree.css HTTP/1.1" 404 1090
116.235.93.2 - - [19/Nov/2021:10:07:41 +0800] "GET /xingrg/javascript/easyui/plugins/jquery.tree.js HTTP/1.1" 304 -
116.235.93.2 - - [19/Nov/2021:10:07:42 +0800] "POST /xingrg/all/common/load_tree.html?tree=supplier_tree_json&isDelete=1 HTTP/1.1" 200 60549
116.235.93.2 - - [19/Nov/2021:10:07:44 +0800] "GET /xingrg/javascript/easyui/themes/default/images/tree_folder_open.gif HTTP/1.1" 304 -
116.235.93.2 - - [19/Nov/2021:10:07:44 +0800] "GET /xingrg/javascript/easyui/themes/default/images/tree_folder.gif HTTP/1.1" 304 -
116.235.93.2 - - [19/Nov/2021:10:07:44 +0800] "GET /xingrg/javascript/easyui/themes/default/images/tree_file.gif HTTP/1.1" 304 -
120.253.135.82 - - [19/Nov/2021:10:07:44 +0800] "POST /xingrg/kc/buy/cgsh_order_operate.html HTTP/1.1" 200 12
61.151.178.217 - - [19/Nov/2021:10:07:45 +0800] "GET /xingrg/all/function/internal_message.html?_=1637287602280&CODE_STATE=getMsg HTTP/1.1" 302 -
124.78.153.86 - - [19/Nov/2021:10:07:46 +0800] "GET /xingrg/all/function/internal_message.html?_=1637287662280&CODE_STATE=getMsg HTTP/1.1" 200 27
61.151.178.217 - - [19/Nov/2021:10:07:46 +0800] "GET /xingrg/login.html HTTP/1.1" 200 7641
116.232.52.153 - - [19/Nov/2021:10:07:47 +0800] "GET /xingrg/all/function/internal_message.html?_=1637287666011&CODE_STATE=getMsg HTTP/1.1" 200 27
120.253.135.82 - - [19/Nov/2021:10:07:47 +0800] "GET /xingrg/kc/buy/cgsh_order_info.html?code=212021111907929 HTTP/1.1" 200 58844
120.253.135.82 - - [19/Nov/2021:10:07:48 +0800] "GET /xingrg/javascript/easyui/themes/default/validatebox.css HTTP/1.1" 404 1104
120.253.135.82 - - [19/Nov/2021:10:07:48 +0800] "POST /xingrg/kc/buy/cgsh_order_operate.html HTTP/1.1" 200 1222
58.39.139.200 - - [19/Nov/2021:10:07:51 +0800] "GET /xingrg/kc/buy/cgsh_order_operate.html?command=get_materiel&rest_code=00105&code=00101006109&supplier_code=00100012&order_time=2021-11-19 HTTP/1.1" 200 409
180.169.147.146 - - [19/Nov/2021:10:07:53 +0800] "GET /xingrg/all/function/internal_message.html?_=1637287673036&CODE_STATE=getMsg HTTP/1.1" 200 27
120.253.135.82 - - [19/Nov/2021:10:07:55 +0800] "GET /xingrg/kc/pszx/mdps_order_list.html?orderType=0 HTTP/1.1" 200 21089
120.253.135.82 - - [19/Nov/2021:10:07:55 +0800] "POST /xingrg/kc/pszx/mdps_list_operate.html HTTP/1.1" 200 5262
58.39.139.200 - - [19/Nov/2021:10:07:55 +0800] "GET /xingrg/all/function/internal_message.html?_=1637287675823&CODE_STATE=getMsg HTTP/1.1" 200 27
58.37.231.44 - - [19/Nov/2021:10:07:56 +0800] "GET /xingrg/all/function/internal_message.html?_=1637287502833&CODE_STATE=getMsg HTTP/1.1" 200 27
58.221.95.50 - - [19/Nov/2021:10:07:58 +0800] "GET /xingrg/check_reg.html?_=1637287676745 HTTP/1.1" 302 -
116.235.93.2 - - [19/Nov/2021:10:07:58 +0800] "GET /xingrg/all/function/internal_message.html?_=1637288159234&CODE_STATE=getMsg HTTP/1.1" 200 27
116.235.93.2 - - [19/Nov/2021:10:07:59 +0800] "GET /xingrg/kc/buy/cgsh_order_operate.html?command=get_materiel&rest_code=00104&code=00101005037&supplier_code=00100040&order_time=2021-11-19 HTTP/1.1" 200 409
180.157.253.6 - - [19/Nov/2021:10:08:05 +0800] "GET /xingrg/all/function/internal_message.html?_=1637287684154&CODE_STATE=getMsg HTTP/1.1" 200 27
120.253.135.82 - - [19/Nov/2021:10:08:06 +0800] "POST /xingrg/kc/pszx/mdps_list_operate.html HTTP/1.1" 200 3559
116.235.93.2 - - [19/Nov/2021:10:08:06 +0800] "GET /xingrg/javascript/easyui/themes/default/images/button_plain_hover.png HTTP/1.1" 304 -
116.235.93.2 - - [19/Nov/2021:10:08:06 +0800] "GET /xingrg/javascript/easyui/themes/default/images/button_plain_hover.png HTTP/1.1" 304 -
58.39.139.200 - - [19/Nov/2021:10:08:08 +0800] "GET /xingrg/kc/buy/cgsh_order_operate.html?command=get_materiel&rest_code=00105&code=00101006129&supplier_code=00100012&order_time=2021-11-19 HTTP/1.1" 200 431
222.70.176.97 - - [19/Nov/2021:10:08:11 +0800] "GET /xingrg/all/function/internal_message.html?_=1637287687028&CODE_STATE=getMsg HTTP/1.1" 200 27
222.70.176.97 - - [19/Nov/2021:10:08:11 +0800] "GET /xingrg/check_reg.html?_=1637287687030 HTTP/1.1" 200 22
116.235.93.2 - - [19/Nov/2021:10:08:11 +0800] "POST /xingrg/kc/buy/cgsh_order_operate.html HTTP/1.1" 200 37
116.238.248.233 - - [19/Nov/2021:10:08:12 +0800] "GET /xingrg/all/function/internal_message.html?_=1637287689538&CODE_STATE=getMsg HTTP/1.1" 200 27
120.253.135.82 - - [19/Nov/2021:10:08:12 +0800] "POST /xingrg/kc/pszx/mdps_list_operate.html HTTP/1.1" 200 283
114.85.125.222 - - [19/Nov/2021:10:08:13 +0800] "GET /xingrg/check_reg.html?_=1637287669886 HTTP/1.1" 200 22
116.235.93.2 - - [19/Nov/2021:10:08:13 +0800] "POST /xingrg/kc/buy/cgsh_order_operate.html HTTP/1.1" 200 2653
120.253.135.82 - - [19/Nov/2021:10:08:13 +0800] "GET /xingrg/kc/pszx/mdps_order_info.html?code=312021110800252 HTTP/1.1" 200 23937
116.235.93.2 - - [19/Nov/2021:10:08:14 +0800] "GET /xingrg/javascript/easyui/themes/default/images/button_plain_hover.png HTTP/1.1" 304 -
116.235.93.2 - - [19/Nov/2021:10:08:14 +0800] "GET /xingrg/javascript/easyui/themes/default/images/button_plain_hover.png HTTP/1.1" 304 -
120.253.135.82 - - [19/Nov/2021:10:08:14 +0800] "GET /xingrg/javascript/easyui/themes/default/validatebox.css HTTP/1.1" 404 1104
116.235.93.2 - - [19/Nov/2021:10:08:14 +0800] "GET /xingrg/javascript/easyui/themes/default/images/button_plain_hover.png HTTP/1.1" 304 -
114.85.125.222 - - [19/Nov/2021:10:08:14 +0800] "GET /xingrg/all/function/internal_message.html?_=1637287671227&CODE_STATE=getMsg HTTP/1.1" 200 27
120.253.135.82 - - [19/Nov/2021:10:08:14 +0800] "POST /xingrg/kc/pszx/mdps_order_operate.html HTTP/1.1" 200 2768
116.235.93.2 - - [19/Nov/2021:10:08:15 +0800] "GET /xingrg/kc/print/load_config.html?kc_code=cgsh HTTP/1.1" 200 2281
116.235.93.2 - - [19/Nov/2021:10:08:15 +0800] "GET /xingrg/kc/print/load_data.html?order_code=212021111907931&kc_code=cgsh&condition= HTTP/1.1" 200 746
120.253.135.82 - - [19/Nov/2021:10:08:16 +0800] "GET /xingrg/all/function/internal_message.html?_=1637287469312&CODE_STATE=getMsg HTTP/1.1" 200 27
116.227.210.113 - - [19/Nov/2021:10:08:19 +0800] "GET /favicon.ico HTTP/1.1" 404 -
58.39.139.200 - - [19/Nov/2021:10:08:22 +0800] "GET /xingrg/kc/buy/cgsh_order_operate.html?command=get_materiel&rest_code=00105&code=00101006112&supplier_code=00100012&order_time=2021-11-19 HTTP/1.1" 200 409
116.235.93.2 - - [19/Nov/2021:10:08:22 +0800] "GET /xingrg/javascript/easyui/themes/default/images/button_plain_hover.png HTTP/1.1" 304 -
116.235.93.2 - - [19/Nov/2021:10:08:23 +0800] "GET /xingrg/css/base.css HTTP/1.1" 304 -
116.235.93.2 - - [19/Nov/2021:10:08:23 +0800] "GET /xingrg/css/site.css HTTP/1.1" 304 -
116.235.93.2 - - [19/Nov/2021:10:08:23 +0800] "GET /xingrg/javascript/jquery_tools/datebox.css HTTP/1.1" 304 -
116.235.93.2 - - [19/Nov/2021:10:08:23 +0800] "GET /xingrg/javascript/easyui/themes/default/easyui.css HTTP/1.1" 304 -
116.235.93.2 - - [19/Nov/2021:10:08:23 +0800] "GET /xingrg/javascript/easyui/themes/icon.css HTTP/1.1" 304 -
116.235.93.2 - - [19/Nov/2021:10:08:23 +0800] "GET /xingrg/javascript/jquery_tools/fix.css HTTP/1.1" 304 -
116.235.93.2 - - [19/Nov/2021:10:08:23 +0800] "GET /xingrg/javascript/auto/jquery.autocomplete.css HTTP/1.1" 304 -
116.235.93.2 - - [19/Nov/2021:10:08:23 +0800] "GET /xingrg/javascript/jquery_tools/table.css HTTP/1.1" 304 -
116.235.93.2 - - [19/Nov/2021:10:08:23 +0800] "GET /xingrg/javascript/pic_change.js HTTP/1.1" 304 -
116.235.93.2 - - [19/Nov/2021:10:08:23 +0800] "GET /xingrg/javascript/jquery_tools/jquery.tools.min.js HTTP/1.1" 304 -
116.235.93.2 - - [19/Nov/2021:10:08:23 +0800] "GET /xingrg/kc/buy/cgsh_order_add.html HTTP/1.1" 200 64912
116.235.93.2 - - [19/Nov/2021:10:08:23 +0800] "GET /xingrg/javascript/jquery_tools/jquery.tools.table.js HTTP/1.1" 304 -
116.235.93.2 - - [19/Nov/2021:10:08:23 +0800] "GET /xingrg/javascript/jquery_tools/jquery.tools.hotkey.js HTTP/1.1" 304 -
116.235.93.2 - - [19/Nov/2021:10:08:23 +0800] "GET /xingrg/javascript/jquery_tools/order_manager.js HTTP/1.1" 304 -
116.235.93.2 - - [19/Nov/2021:10:08:23 +0800] "GET /xingrg/javascript/convert.js HTTP/1.1" 304 -
116.235.93.2 - - [19/Nov/2021:10:08:23 +0800] "GET /xingrg/javascript/easyui/easyloader.js HTTP/1.1" 304 -
116.235.93.2 - - [19/Nov/2021:10:08:23 +0800] "GET /xingrg/javascript/jquery.utils.js HTTP/1.1" 304 -
116.235.93.2 - - [19/Nov/2021:10:08:23 +0800] "GET /xingrg/javascript/jquery_tools/jquery.tools.extend.js HTTP/1.1" 304 -
116.235.93.2 - - [19/Nov/2021:10:08:23 +0800] "GET /xingrg/javascript/auto/jquery.autocomplete.js HTTP/1.1" 304 -
116.235.93.2 - - [19/Nov/2021:10:08:23 +0800] "GET /xingrg/javascript/jquery.cookie.js HTTP/1.1" 304 -
116.235.93.2 - - [19/Nov/2021:10:08:23 +0800] "GET /xingrg/javascript/json2.js HTTP/1.1" 304 -
116.235.93.2 - - [19/Nov/2021:10:08:23 +0800] "GET /xingrg/javascript/print/kc_print.js HTTP/1.1" 304 -
116.235.93.2 - - [19/Nov/2021:10:08:23 +0800] "GET /xingrg/javascript/print/LodopFuncs.js HTTP/1.1" 304 -
222.69.132.206 - - [19/Nov/2021:10:08:24 +0800] "GET /xingrg/all/function/internal_message.html?_=1637287701502&CODE_STATE=getMsg HTTP/1.1" 200 27
222.69.132.206 - - [19/Nov/2021:10:08:24 +0800] "GET /xingrg/check_reg.html?_=1637287701502 HTTP/1.1" 200 22
116.235.93.2 - - [19/Nov/2021:10:08:25 +0800] "GET /xingrg/words/20211118120410_words.js HTTP/1.1" 304 -
116.235.93.2 - - [19/Nov/2021:10:08:25 +0800] "GET /xingrg/javascript/easyui/themes/icons/copy_new.png HTTP/1.1" 304 -
116.235.93.2 - - [19/Nov/2021:10:08:25 +0800] "GET /xingrg/javascript/easyui/themes/icons/ok.png HTTP/1.1" 304 -
116.235.93.2 - - [19/Nov/2021:10:08:25 +0800] "GET /xingrg/javascript/easyui/themes/icons/template_new.png HTTP/1.1" 304 -
116.235.93.2 - - [19/Nov/2021:10:08:25 +0800] "GET /xingrg/javascript/easyui/themes/icons/print.png HTTP/1.1" 304 -
116.235.93.2 - - [19/Nov/2021:10:08:25 +0800] "GET /xingrg/javascript/easyui/themes/default/images/menu_downarrow.png HTTP/1.1" 304 -
116.235.93.2 - - [19/Nov/2021:10:08:25 +0800] "GET /xingrg/javascript/easyui/themes/icons/cancel.png HTTP/1.1" 304 -
116.235.93.2 - - [19/Nov/2021:10:08:25 +0800] "GET /xingrg/javascript/easyui/plugins/jquery.parser.js HTTP/1.1" 304 -
116.235.93.2 - - [19/Nov/2021:10:08:25 +0800] "POST /xingrg/kc/buy/cgsh_order_operate.html HTTP/1.1" 200 8245
116.227.210.113 - - [19/Nov/2021:10:08:26 +0800] "GET /xingrg/all/function/internal_message.html?_=1637287702622&CODE_STATE=getMsg HTTP/1.1" 200 27
116.235.93.2 - - [19/Nov/2021:10:08:26 +0800] "GET /xingrg/all/common/auto_word.html?type=employee&rest_code=00104 HTTP/1.1" 200 195
116.235.93.2 - - [19/Nov/2021:10:08:26 +0800] "GET /xingrg/all/common/auto_word.html?type=employee&rest_code=00104 HTTP/1.1" 200 195
116.235.93.2 - - [19/Nov/2021:10:08:26 +0800] "GET /xingrg/javascript/easyui/themes/default/validatebox.css HTTP/1.1" 404 1104
116.235.93.2 - - [19/Nov/2021:10:08:26 +0800] "GET /xingrg/javascript/easyui/plugins/jquery.validatebox.js HTTP/1.1" 304 -
116.235.93.2 - - [19/Nov/2021:10:08:26 +0800] "GET /xingrg/javascript/easyui/plugins/jquery.numberbox.js HTTP/1.1" 304 -
120.253.135.82 - - [19/Nov/2021:10:08:27 +0800] "GET /xingrg/all/function/internal_message.html?_=1637287651694&CODE_STATE=getMsg HTTP/1.1" 200 27
116.235.93.2 - - [19/Nov/2021:10:08:28 +0800] "GET /xingrg/javascript/easyui/plugins/jquery.draggable.js HTTP/1.1" 304 -
116.235.93.2 - - [19/Nov/2021:10:08:28 +0800] "GET /xingrg/css/images/panel_loading.gif HTTP/1.1" 304 -
116.235.93.2 - - [19/Nov/2021:10:08:28 +0800] "GET /xingrg/javascript/easyui/plugins/jquery.droppable.js HTTP/1.1" 304 -
116.235.93.2 - - [19/Nov/2021:10:08:28 +0800] "GET /xingrg/javascript/easyui/themes/default/tree.css HTTP/1.1" 404 1090
116.235.93.2 - - [19/Nov/2021:10:08:28 +0800] "GET /xingrg/javascript/easyui/plugins/jquery.tree.js HTTP/1.1" 304 -
116.235.93.2 - - [19/Nov/2021:10:08:29 +0800] "POST /xingrg/all/common/load_tree.html?tree=supplier_tree_json&isDelete=1 HTTP/1.1" 200 60549
116.235.93.2 - - [19/Nov/2021:10:08:31 +0800] "GET /xingrg/javascript/easyui/themes/default/images/tree_folder_open.gif HTTP/1.1" 304 -
116.235.93.2 - - [19/Nov/2021:10:08:31 +0800] "GET /xingrg/javascript/easyui/themes/default/images/tree_folder.gif HTTP/1.1" 304 -
116.235.93.2 - - [19/Nov/2021:10:08:31 +0800] "GET /xingrg/javascript/easyui/themes/default/images/tree_file.gif HTTP/1.1" 304 -
58.39.139.200 - - [19/Nov/2021:10:08:32 +0800] "GET /xingrg/kc/buy/cgsh_order_operate.html?command=get_materiel&rest_code=00105&code=00101006106&supplier_code=00100012&order_time=2021-11-19 HTTP/1.1" 200 421
222.70.171.86 - - [19/Nov/2021:10:08:32 +0800] "GET /xingrg/check_reg.html?_=1637287709397 HTTP/1.1" 200 22
180.174.250.202 - - [19/Nov/2021:10:08:32 +0800] "GET /xingrg/all/function/internal_message.html?_=1637287706359&CODE_STATE=getMsg HTTP/1.1" 200 27
180.174.250.202 - - [19/Nov/2021:10:08:33 +0800] "GET /xingrg/check_reg.html?_=1637287706549 HTTP/1.1" 200 22
222.70.171.86 - - [19/Nov/2021:10:08:34 +0800] "GET /xingrg/all/function/internal_message.html?_=1637287711754&CODE_STATE=getMsg HTTP/1.1" 200 27
180.169.147.146 - - [19/Nov/2021:10:08:36 +0800] "GET /xingrg/check_reg.html?_=1637287715713 HTTP/1.1" 200 22
180.169.147.146 - - [19/Nov/2021:10:08:38 +0800] "GET /xingrg/all/function/internal_message.html?_=1637287720282&CODE_STATE=getMsg HTTP/1.1" 200 27
58.39.139.200 - - [19/Nov/2021:10:08:45 +0800] "GET /xingrg/kc/buy/cgsh_order_operate.html?command=get_materiel&rest_code=00105&code=00101006122&supplier_code=00100012&order_time=2021-11-19 HTTP/1.1" 200 408
61.151.178.164 - - [19/Nov/2021:10:08:45 +0800] "GET /xingrg/all/function/internal_message.html?_=1637287662280&CODE_STATE=getMsg HTTP/1.1" 302 -
61.151.178.164 - - [19/Nov/2021:10:08:46 +0800] "GET /xingrg/login.html HTTP/1.1" 200 7641
124.78.153.86 - - [19/Nov/2021:10:08:46 +0800] "GET /xingrg/all/function/internal_message.html?_=1637287722280&CODE_STATE=getMsg HTTP/1.1" 200 27
124.78.153.86 - - [19/Nov/2021:10:08:46 +0800] "GET /xingrg/check_reg.html?_=1637287722283 HTTP/1.1" 200 22
116.232.52.153 - - [19/Nov/2021:10:08:47 +0800] "GET /xingrg/all/function/internal_message.html?_=1637287726013&CODE_STATE=getMsg HTTP/1.1" 200 27
120.253.135.82 - - [19/Nov/2021:10:08:49 +0800] "GET /xingrg/check_reg.html?_=1637287501930 HTTP/1.1" 200 22
116.235.93.2 - - [19/Nov/2021:10:08:49 +0800] "GET /xingrg/kc/buy/cgsh_order_operate.html?command=get_materiel&rest_code=00104&code=00101012029&supplier_code=00100036&order_time=2021-11-19 HTTP/1.1" 200 412
58.39.139.200 - - [19/Nov/2021:10:08:50 +0800] "POST /xingrg/services/DataTransmitService HTTP/1.1" 200 524
58.39.139.200 - - [19/Nov/2021:10:08:50 +0800] "POST /xingrg/services/DataTransmitService HTTP/1.1" 200 501
58.39.139.200 - - [19/Nov/2021:10:08:51 +0800] "POST /xingrg/services/DataTransmitService HTTP/1.1" 200 501
58.39.139.200 - - [19/Nov/2021:10:08:51 +0800] "POST /xingrg/services/DataTransmitService HTTP/1.1" 200 501
58.39.139.200 - - [19/Nov/2021:10:08:51 +0800] "POST /xingrg/services/DataTransmitService HTTP/1.1" 200 501
58.39.139.200 - - [19/Nov/2021:10:08:52 +0800] "POST /xingrg/services/DataTransmitService HTTP/1.1" 200 501
58.39.139.200 - - [19/Nov/2021:10:08:53 +0800] "POST /xingrg/services/DataTransmitService HTTP/1.1" 200 412
180.169.147.146 - - [19/Nov/2021:10:08:53 +0800] "GET /xingrg/all/function/internal_message.html?_=1637287733041&CODE_STATE=getMsg HTTP/1.1" 200 27
58.39.139.200 - - [19/Nov/2021:10:08:55 +0800] "GET /xingrg/check_reg.html?_=1637287735821 HTTP/1.1" 200 22
58.39.139.200 - - [19/Nov/2021:10:08:55 +0800] "GET /xingrg/all/function/internal_message.html?_=1637287735822&CODE_STATE=getMsg HTTP/1.1" 200 27
58.37.231.44 - - [19/Nov/2021:10:08:56 +0800] "GET /xingrg/all/function/internal_message.html?_=1637287562809&CODE_STATE=getMsg HTTP/1.1" 200 27
116.235.93.2 - - [19/Nov/2021:10:08:58 +0800] "GET /xingrg/all/function/internal_message.html?_=1637288219262&CODE_STATE=getMsg HTTP/1.1" 200 27
58.39.139.200 - - [19/Nov/2021:10:08:59 +0800] "GET /xingrg/kc/buy/cgsh_order_operate.html?command=get_materiel&rest_code=00105&code=00101010247&supplier_code=00100012&order_time=2021-11-19 HTTP/1.1" 200 410
116.235.93.2 - - [19/Nov/2021:10:09:02 +0800] "GET /xingrg/kc/buy/cgsh_order_operate.html?command=get_materiel&rest_code=00104&code=00101012024&supplier_code=00100036&order_time=2021-11-19 HTTP/1.1" 200 408
180.174.250.202 - - [19/Nov/2021:10:09:04 +0800] "GET /xingrg/login.html HTTP/1.1" 200 7641
180.174.250.202 - - [19/Nov/2021:10:09:04 +0800] "GET /favicon.ico HTTP/1.1" 404 -
180.157.253.6 - - [19/Nov/2021:10:09:05 +0800] "GET /xingrg/all/function/internal_message.html?_=1637287744155&CODE_STATE=getMsg HTTP/1.1" 200 27
120.253.135.82 - - [19/Nov/2021:10:09:06 +0800] "GET /xingrg/kc/buy/cgsh_order_list.html HTTP/1.1" 200 49136
180.174.250.202 - - [19/Nov/2021:10:09:08 +0800] "POST /xingrg/login.do HTTP/1.1" 302 -
180.174.250.202 - - [19/Nov/2021:10:09:08 +0800] "GET /xingrg/index.html?sysBaseUrl=http%3A%2F%2F180.169.147.146%3A18081%2Fxingrg%2F&costTime=1821×tamp=1637287748359 HTTP/1.1" 200 17173
120.253.135.82 - - [19/Nov/2021:10:09:08 +0800] "POST /xingrg/kc/buy/cgsh_list_operate.html HTTP/1.1" 200 876
180.174.250.202 - - [19/Nov/2021:10:09:09 +0800] "GET /favicon.ico HTTP/1.1" 404 -
180.174.250.202 - - [19/Nov/2021:10:09:09 +0800] "GET /xingrg/all/function/internal_message.html?_=1637287750507&CODE_STATE=count HTTP/1.1" 200 11
180.174.250.202 - - [19/Nov/2021:10:09:09 +0800] "GET /xingrg/check_reg.html?_=1637287750509 HTTP/1.1" 200 22
180.174.250.202 - - [19/Nov/2021:10:09:09 +0800] "POST /xingrg/all/common/load_tree.html?tree=area_rest_tree_json&manage=1 HTTP/1.1" 200 342
180.174.250.202 - - [19/Nov/2021:10:09:09 +0800] "POST /xingrg/load_menu.html HTTP/1.1" 200 5138
222.70.176.97 - - [19/Nov/2021:10:09:11 +0800] "GET /xingrg/all/function/internal_message.html?_=1637287747026&CODE_STATE=getMsg HTTP/1.1" 200 27
120.253.135.82 - - [19/Nov/2021:10:09:11 +0800] "GET /xingrg/kc/buy/cgsh_order_add.html HTTP/1.1" 200 63935
116.238.248.233 - - [19/Nov/2021:10:09:12 +0800] "GET /xingrg/all/function/internal_message.html?_=1637287749548&CODE_STATE=getMsg HTTP/1.1" 200 27
120.253.135.82 - - [19/Nov/2021:10:09:12 +0800] "POST /xingrg/kc/buy/cgsh_order_operate.html HTTP/1.1" 200 8245
180.174.250.202 - - [19/Nov/2021:10:09:12 +0800] "GET /xingrg/javascript/easyui/themes/default/tree.css HTTP/1.1" 404 1090
120.253.135.82 - - [19/Nov/2021:10:09:12 +0800] "GET /xingrg/javascript/easyui/themes/default/validatebox.css HTTP/1.1" 404 1104
180.174.250.202 - - [19/Nov/2021:10:09:13 +0800] "POST /xingrg/all/common/load_tree.html?tree=supplier_tree_json&isDelete=1 HTTP/1.1" 200 60549
114.85.125.222 - - [19/Nov/2021:10:09:14 +0800] "GET /xingrg/all/function/internal_message.html?_=1637287731241&CODE_STATE=getMsg HTTP/1.1" 200 27
222.70.176.97 - - [19/Nov/2021:10:09:16 +0800] "POST /xingrg/kc/buy/cgsh_order_operate.html HTTP/1.1" 200 2065
120.253.135.82 - - [19/Nov/2021:10:09:16 +0800] "GET /xingrg/all/function/internal_message.html?_=1637287529326&CODE_STATE=getMsg HTTP/1.1" 200 27
116.235.93.2 - - [19/Nov/2021:10:09:17 +0800] "GET /xingrg/kc/buy/cgsh_order_operate.html?command=get_materiel&rest_code=00104&code=00101016053&supplier_code=00100036&order_time=2021-11-19 HTTP/1.1" 200 408
120.253.135.82 - - [19/Nov/2021:10:09:19 +0800] "POST /xingrg/all/common/load_combo.html?type=employee HTTP/1.1" 200 2101
116.227.210.113 - - [19/Nov/2021:10:09:23 +0800] "GET /xingrg/check_reg.html?_=1637287760083 HTTP/1.1" 200 22
222.69.132.206 - - [19/Nov/2021:10:09:24 +0800] "GET /xingrg/all/function/internal_message.html?_=1637287761509&CODE_STATE=getMsg HTTP/1.1" 200 27
116.235.93.2 - - [19/Nov/2021:10:09:25 +0800] "GET /xingrg/kc/buy/cgsh_order_operate.html?command=get_materiel&rest_code=00104&code=00101016053&supplier_code=00100036&order_time=2021-11-19 HTTP/1.1" 200 408
116.227.210.113 - - [19/Nov/2021:10:09:26 +0800] "GET /xingrg/all/function/internal_message.html?_=1637287762615&CODE_STATE=getMsg HTTP/1.1" 200 27
120.253.135.82 - - [19/Nov/2021:10:09:27 +0800] "GET /xingrg/all/function/internal_message.html?_=1637287711727&CODE_STATE=getMsg HTTP/1.1" 200 27
222.70.176.97 - - [19/Nov/2021:10:09:28 +0800] "GET /xingrg/kc/buy/cgsh_order_operate.html?command=get_materiel&rest_code=00111&code=00101008112&supplier_code=00100005&order_time=2021-11-19 HTTP/1.1" 200 412
120.253.135.82 - - [19/Nov/2021:10:09:30 +0800] "GET /xingrg/kc/buy/cgsh_order_operate.html?command=get_materiel&rest_code=00101&code=00101006037&supplier_code=00100151&order_time=2021-11-19 HTTP/1.1" 200 417
180.174.250.202 - - [19/Nov/2021:10:09:32 +0800] "GET /xingrg/all/function/internal_message.html?_=1637287766374&CODE_STATE=getMsg HTTP/1.1" 200 27
116.235.93.2 - - [19/Nov/2021:10:09:34 +0800] "GET /xingrg/check_reg.html?_=1637288254563 HTTP/1.1" 200 22
222.70.171.86 - - [19/Nov/2021:10:09:34 +0800] "GET /xingrg/all/function/internal_message.html?_=1637287771767&CODE_STATE=getMsg HTTP/1.1" 200 27
58.39.139.200 - - [19/Nov/2021:10:09:35 +0800] "POST /xingrg/kc/buy/cgsh_order_operate.html HTTP/1.1" 200 37
58.39.139.200 - - [19/Nov/2021:10:09:37 +0800] "POST /xingrg/kc/buy/cgsh_order_operate.html HTTP/1.1" 200 6227
180.169.147.146 - - [19/Nov/2021:10:09:38 +0800] "GET /xingrg/all/function/internal_message.html?_=1637287780281&CODE_STATE=getMsg HTTP/1.1" 200 27
58.39.139.200 - - [19/Nov/2021:10:09:39 +0800] "GET /xingrg/kc/print/load_data.html?order_code=212021111907932&kc_code=cgsh&condition= HTTP/1.1" 200 2127
120.253.135.82 - - [19/Nov/2021:10:09:43 +0800] "POST /xingrg/kc/buy/cgsh_order_operate.html HTTP/1.1" 200 37
116.235.93.2 - - [19/Nov/2021:10:09:43 +0800] "GET /xingrg/kc/buy/cgsh_order_operate.html?command=get_materiel&rest_code=00104&code=00101010035&supplier_code=00100036&order_time=2021-11-19 HTTP/1.1" 200 413
120.253.135.82 - - [19/Nov/2021:10:09:46 +0800] "POST /xingrg/kc/buy/cgsh_order_operate.html HTTP/1.1" 200 2669
124.78.153.86 - - [19/Nov/2021:10:09:46 +0800] "GET /xingrg/all/function/internal_message.html?_=1637287782285&CODE_STATE=getMsg HTTP/1.1" 200 27
116.232.52.153 - - [19/Nov/2021:10:09:47 +0800] "GET /xingrg/all/function/internal_message.html?_=1637287786015&CODE_STATE=getMsg HTTP/1.1" 200 27
116.235.93.2 - - [19/Nov/2021:10:09:48 +0800] "GET /xingrg/javascript/easyui/themes/default/images/button_plain_hover.png HTTP/1.1" 304 -
116.235.93.2 - - [19/Nov/2021:10:09:48 +0800] "GET /xingrg/javascript/easyui/themes/default/images/button_plain_hover.png HTTP/1.1" 304 -
116.235.93.2 - - [19/Nov/2021:10:09:48 +0800] "GET /xingrg/javascript/easyui/themes/default/images/button_plain_hover.png HTTP/1.1" 304 -
120.253.135.82 - - [19/Nov/2021:10:09:49 +0800] "GET /xingrg/kc/print/load_data.html?order_code=212021111907933&kc_code=cgsh&condition= HTTP/1.1" 200 662
180.169.147.146 - - [19/Nov/2021:10:09:51 +0800] "GET /xingrg/check_reg.html?_=1637287790039 HTTP/1.1" 302 -
116.235.93.2 - - [19/Nov/2021:10:09:53 +0800] "POST /xingrg/kc/buy/cgsh_order_operate.html HTTP/1.1" 200 37
222.70.176.97 - - [19/Nov/2021:10:09:53 +0800] "GET /xingrg/kc/buy/cgsh_order_operate.html?command=get_materiel&rest_code=00111&code=00101008121&supplier_code=00100005&order_time=2021-11-19 HTTP/1.1" 200 413
180.169.147.146 - - [19/Nov/2021:10:09:53 +0800] "GET /xingrg/all/function/internal_message.html?_=1637287793054&CODE_STATE=getMsg HTTP/1.1" 200 27
116.235.93.2 - - [19/Nov/2021:10:09:55 +0800] "POST /xingrg/kc/buy/cgsh_order_operate.html HTTP/1.1" 200 5016
116.235.93.2 - - [19/Nov/2021:10:09:55 +0800] "GET /xingrg/javascript/easyui/themes/default/images/button_plain_hover.png HTTP/1.1" 304 -
116.235.93.2 - - [19/Nov/2021:10:09:55 +0800] "GET /xingrg/javascript/easyui/themes/default/images/button_plain_hover.png HTTP/1.1" 304 -
58.39.139.200 - - [19/Nov/2021:10:09:55 +0800] "GET /xingrg/all/function/internal_message.html?_=1637287795829&CODE_STATE=getMsg HTTP/1.1" 200 27
116.235.93.2 - - [19/Nov/2021:10:09:55 +0800] "GET /xingrg/javascript/easyui/themes/default/images/button_plain_hover.png HTTP/1.1" 304 -
58.37.231.44 - - [19/Nov/2021:10:09:56 +0800] "GET /xingrg/all/function/internal_message.html?_=1637287622785&CODE_STATE=getMsg HTTP/1.1" 200 27
58.37.231.44 - - [19/Nov/2021:10:09:56 +0800] "GET /xingrg/check_reg.html?_=1637287622920 HTTP/1.1" 200 22
116.235.93.2 - - [19/Nov/2021:10:09:56 +0800] "GET /xingrg/kc/print/load_config.html?kc_code=cgsh HTTP/1.1" 200 2281
116.235.93.2 - - [19/Nov/2021:10:09:57 +0800] "GET /xingrg/kc/print/load_data.html?order_code=212021111907934&kc_code=cgsh&condition= HTTP/1.1" 200 1643
116.235.93.2 - - [19/Nov/2021:10:09:59 +0800] "GET /xingrg/check_reg.html?_=1637287908518 HTTP/1.1" 302 -
116.235.93.2 - - [19/Nov/2021:10:10:01 +0800] "GET /xingrg/all/function/internal_message.html?_=1637288281471&CODE_STATE=getMsg HTTP/1.1" 200 27
180.157.253.6 - - [19/Nov/2021:10:10:05 +0800] "GET /xingrg/all/function/internal_message.html?_=1637287804152&CODE_STATE=getMsg HTTP/1.1" 200 27
180.174.250.202 - - [19/Nov/2021:10:10:09 +0800] "GET /xingrg/all/function/internal_message.html?_=1637287810526&CODE_STATE=getMsg HTTP/1.1" 200 27
222.70.176.97 - - [19/Nov/2021:10:10:11 +0800] "GET /xingrg/all/function/internal_message.html?_=1637287807017&CODE_STATE=getMsg HTTP/1.1" 200 27
116.238.248.233 - - [19/Nov/2021:10:10:12 +0800] "GET /xingrg/all/function/internal_message.html?_=1637287809552&CODE_STATE=getMsg HTTP/1.1" 200 27
222.70.176.97 - - [19/Nov/2021:10:10:12 +0800] "GET /xingrg/kc/buy/cgsh_order_operate.html?command=get_materiel&rest_code=00111&code=00101008360&supplier_code=00100005&order_time=2021-11-19 HTTP/1.1" 200 413
114.85.125.222 - - [19/Nov/2021:10:10:14 +0800] "GET /xingrg/all/function/internal_message.html?_=1637287791253&CODE_STATE=getMsg HTTP/1.1" 200 27
120.253.135.82 - - [19/Nov/2021:10:10:17 +0800] "GET /xingrg/all/function/internal_message.html?_=1637287589390&CODE_STATE=getMsg HTTP/1.1" 200 27
222.70.176.97 - - [19/Nov/2021:10:10:22 +0800] "GET /xingrg/kc/buy/cgsh_order_operate.html?command=get_materiel&rest_code=00111&code=00101020152&supplier_code=00100005&order_time=2021-11-19 HTTP/1.1" 200 416
222.69.132.206 - - [19/Nov/2021:10:10:24 +0800] "GET /xingrg/all/function/internal_message.html?_=1637287821507&CODE_STATE=getMsg HTTP/1.1" 200 27
116.227.210.113 - - [19/Nov/2021:10:10:26 +0800] "GET /xingrg/all/function/internal_message.html?_=1637287822595&CODE_STATE=getMsg HTTP/1.1" 200 27
222.70.176.97 - - [19/Nov/2021:10:10:26 +0800] "POST /xingrg/kc/buy/cgsh_order_operate.html HTTP/1.1" 200 2065
120.253.135.82 - - [19/Nov/2021:10:10:27 +0800] "GET /xingrg/all/function/internal_message.html?_=1637287771737&CODE_STATE=getMsg HTTP/1.1" 200 27
222.70.176.97 - - [19/Nov/2021:10:10:32 +0800] "GET /xingrg/kc/buy/cgsh_order_operate.html?command=get_materiel&rest_code=00111&code=00101008236&supplier_code=00100005&order_time=2021-11-19 HTTP/1.1" 200 416
180.174.250.202 - - [19/Nov/2021:10:10:32 +0800] "GET /xingrg/all/function/internal_message.html?_=1637287826387&CODE_STATE=getMsg HTTP/1.1" 200 27
222.70.171.86 - - [19/Nov/2021:10:10:34 +0800] "GET /xingrg/all/function/internal_message.html?_=1637287831782&CODE_STATE=getMsg HTTP/1.1" 200 27
180.169.147.146 - - [19/Nov/2021:10:10:38 +0800] "GET /xingrg/all/function/internal_message.html?_=1637287840278&CODE_STATE=getMsg HTTP/1.1" 200 27
180.169.147.146 - - [19/Nov/2021:10:10:38 +0800] "GET /xingrg/check_reg.html?_=1637287840279 HTTP/1.1" 200 22
222.70.176.97 - - [19/Nov/2021:10:10:42 +0800] "GET /xingrg/kc/buy/cgsh_order_operate.html?command=get_materiel&rest_code=00111&code=00101008168&supplier_code=00100005&order_time=2021-11-19 HTTP/1.1" 200 412
172.20.0.100 - - [19/Nov/2021:10:10:43 +0800] "GET /xingrg/check_reg.html?_=1637287833034 HTTP/1.1" 302 -
124.78.153.86 - - [19/Nov/2021:10:10:46 +0800] "GET /xingrg/all/function/internal_message.html?_=1637287842286&CODE_STATE=getMsg HTTP/1.1" 200 27
116.232.52.153 - - [19/Nov/2021:10:10:47 +0800] "GET /xingrg/all/function/internal_message.html?_=1637287846017&CODE_STATE=getMsg HTTP/1.1" 200 27
116.232.52.153 - - [19/Nov/2021:10:10:47 +0800] "GET /xingrg/check_reg.html?_=1637287846018 HTTP/1.1" 200 22
222.70.176.97 - - [19/Nov/2021:10:10:52 +0800] "GET /xingrg/kc/buy/cgsh_order_operate.html?command=get_materiel&rest_code=00111&code=00101008165&supplier_code=00100005&order_time=2021-11-19 HTTP/1.1" 200 416
180.169.147.146 - - [19/Nov/2021:10:10:53 +0800] "GET /xingrg/all/function/internal_message.html?_=1637287853090&CODE_STATE=getMsg HTTP/1.1" 200 27
58.39.139.200 - - [19/Nov/2021:10:10:55 +0800] "GET /xingrg/all/function/internal_message.html?_=1637287855829&CODE_STATE=getMsg HTTP/1.1" 200 27
58.37.231.44 - - [19/Nov/2021:10:10:56 +0800] "GET /xingrg/all/function/internal_message.html?_=1637287682757&CODE_STATE=getMsg HTTP/1.1" 200 27
116.235.93.2 - - [19/Nov/2021:10:11:01 +0800] "GET /xingrg/all/function/internal_message.html?_=1637288342177&CODE_STATE=getMsg HTTP/1.1" 200 27
222.70.176.97 - - [19/Nov/2021:10:11:02 +0800] "GET /xingrg/kc/buy/cgsh_order_operate.html?command=get_materiel&rest_code=00111&code=00101008160&supplier_code=00100005&order_time=2021-11-19 HTTP/1.1" 200 408
180.174.250.202 - - [19/Nov/2021:10:11:03 +0800] "GET /xingrg/kc/buy/cgsh_order_operate.html?command=get_materiel&rest_code=00102&code=00101031001&supplier_code=00100064&order_time=2021-11-19 HTTP/1.1" 200 419
