114.85.125.222 - - [19/Nov/2021:09:38:56 +0800] "GET /xingrg/images/blue/login_bg.png HTTP/1.1" 304 -
114.85.125.222 - - [19/Nov/2021:09:38:56 +0800] "GET /xingrg/images/blue/hj.png HTTP/1.1" 304 -
114.85.125.222 - - [19/Nov/2021:09:38:56 +0800] "GET /xingrg/images/blue/srbg.png HTTP/1.1" 304 -
114.85.125.222 - - [19/Nov/2021:09:38:57 +0800] "GET /favicon.ico HTTP/1.1" 404 -
222.70.181.70 - - [19/Nov/2021:09:38:57 +0800] "POST /xingrg/services/DataTransmitService HTTP/1.1" 200 524
114.85.125.222 - - [19/Nov/2021:09:38:59 +0800] "POST /xingrg/login.do HTTP/1.1" 302 -
114.85.125.222 - - [19/Nov/2021:09:38:59 +0800] "GET /xingrg/index.html?sysBaseUrl=http%3A%2F%2F180.169.147.146%3A18081%2Fxingrg%2F&costTime=1114×tamp=1637285939563 HTTP/1.1" 200 17179
114.85.125.222 - - [19/Nov/2021:09:38:59 +0800] "GET /xingrg/javascript/jquery_easy_ui/themes/default/easyui.css HTTP/1.1" 304 -
114.85.125.222 - - [19/Nov/2021:09:38:59 +0800] "GET /xingrg/javascript/jquery_easy_ui/themes/icon.css HTTP/1.1" 304 -
114.85.125.222 - - [19/Nov/2021:09:38:59 +0800] "GET /xingrg/javascript/jquery_easy_ui/jquery.easyui.min.js HTTP/1.1" 304 -
114.85.125.222 - - [19/Nov/2021:09:38:59 +0800] "GET /xingrg/css/form.css HTTP/1.1" 304 -
114.85.125.222 - - [19/Nov/2021:09:38:59 +0800] "GET /xingrg/javascript/jquery.form.js HTTP/1.1" 304 -
114.85.125.222 - - [19/Nov/2021:09:38:59 +0800] "GET /xingrg/javascript/jquery-1.4.2.min.js HTTP/1.1" 304 -
114.85.125.222 - - [19/Nov/2021:09:38:59 +0800] "GET /xingrg/javascript/jquery.timers.js HTTP/1.1" 304 -
114.85.125.222 - - [19/Nov/2021:09:38:59 +0800] "GET /xingrg/javascript/jquery_easy_ui/easyui-lang-zh_CN.js HTTP/1.1" 304 -
114.85.125.222 - - [19/Nov/2021:09:38:59 +0800] "GET /xingrg/javascript/jquery.utils.js HTTP/1.1" 304 -
114.85.125.222 - - [19/Nov/2021:09:39:00 +0800] "GET /favicon.ico HTTP/1.1" 404 -
114.85.125.222 - - [19/Nov/2021:09:39:00 +0800] "GET /xingrg/images/blue/navBackgound.jpg HTTP/1.1" 304 -
114.85.125.222 - - [19/Nov/2021:09:39:00 +0800] "GET /xingrg/javascript/jquery_easy_ui/themes/icons/settle_new.png HTTP/1.1" 304 -
114.85.125.222 - - [19/Nov/2021:09:39:00 +0800] "GET /xingrg/images/blue/pingpu.png HTTP/1.1" 304 -
114.85.125.222 - - [19/Nov/2021:09:39:00 +0800] "GET /xingrg/javascript/jquery_easy_ui/themes/default/images/tabs_leftarrow.png HTTP/1.1" 304 -
114.85.125.222 - - [19/Nov/2021:09:39:00 +0800] "GET /xingrg/javascript/jquery_easy_ui/themes/default/images/tabs_rightarrow.png HTTP/1.1" 304 -
114.85.125.222 - - [19/Nov/2021:09:39:00 +0800] "GET /xingrg/javascript/jquery_easy_ui/themes/default/images/panel_tool_collapse.gif HTTP/1.1" 304 -
114.85.125.222 - - [19/Nov/2021:09:39:00 +0800] "GET /xingrg/check_reg.html?_=1637285917093 HTTP/1.1" 200 22
114.85.125.222 - - [19/Nov/2021:09:39:00 +0800] "GET /xingrg/all/function/internal_message.html?_=1637285917092&CODE_STATE=count HTTP/1.1" 200 11
114.85.125.222 - - [19/Nov/2021:09:39:00 +0800] "POST /xingrg/all/common/load_tree.html?tree=area_rest_tree_json&manage=1 HTTP/1.1" 200 476
114.85.125.222 - - [19/Nov/2021:09:39:00 +0800] "GET /xingrg/javascript/jquery_easy_ui/themes/default/images/tree_arrows.gif HTTP/1.1" 304 -
114.85.125.222 - - [19/Nov/2021:09:39:00 +0800] "POST /xingrg/load_menu.html HTTP/1.1" 200 5138
114.85.125.222 - - [19/Nov/2021:09:39:00 +0800] "GET /xingrg/javascript/jquery_easy_ui/themes/default/images/tree_folder_open.gif HTTP/1.1" 304 -
114.85.125.222 - - [19/Nov/2021:09:39:00 +0800] "GET /xingrg/javascript/jquery_easy_ui/themes/icons/search_new.png HTTP/1.1" 304 -
114.85.125.222 - - [19/Nov/2021:09:39:00 +0800] "GET /xingrg/javascript/jquery_easy_ui/themes/default/images/tree_folder.gif HTTP/1.1" 304 -
114.85.125.222 - - [19/Nov/2021:09:39:00 +0800] "GET /xingrg/javascript/jquery_easy_ui/themes/icons/storage_new.png HTTP/1.1" 304 -
114.85.125.222 - - [19/Nov/2021:09:39:00 +0800] "GET /xingrg/javascript/jquery_easy_ui/themes/icons/forms_new.png HTTP/1.1" 304 -
114.85.125.222 - - [19/Nov/2021:09:39:00 +0800] "GET /xingrg/javascript/jquery_easy_ui/themes/default/images/tree_file.gif HTTP/1.1" 304 -
114.85.125.222 - - [19/Nov/2021:09:39:04 +0800] "GET /xingrg/javascript/jquery_easy_ui/themes/icons/area.png HTTP/1.1" 304 -
114.85.125.222 - - [19/Nov/2021:09:39:04 +0800] "GET /xingrg/javascript/jquery_easy_ui/themes/icons/rest.png HTTP/1.1" 304 -
114.85.125.222 - - [19/Nov/2021:09:39:04 +0800] "GET /xingrg/javascript/jquery_easy_ui/themes/default/images/button_a_bg.gif HTTP/1.1" 304 -
114.85.125.222 - - [19/Nov/2021:09:39:04 +0800] "GET /xingrg/javascript/jquery_easy_ui/themes/default/images/button_span_bg.gif HTTP/1.1" 304 -
114.85.125.222 - - [19/Nov/2021:09:39:04 +0800] "GET /xingrg/javascript/jquery_easy_ui/themes/icons/ok.png HTTP/1.1" 304 -
114.85.125.222 - - [19/Nov/2021:09:39:04 +0800] "GET /xingrg/javascript/jquery_easy_ui/themes/default/images/panel_tools.gif HTTP/1.1" 304 -
114.85.125.222 - - [19/Nov/2021:09:39:04 +0800] "GET /xingrg/javascript/jquery_easy_ui/themes/default/images/panel_title.png HTTP/1.1" 304 -
180.157.253.6 - - [19/Nov/2021:09:39:05 +0800] "GET /xingrg/all/function/internal_message.html?_=1637285944100&CODE_STATE=getMsg HTTP/1.1" 200 27
114.85.125.222 - - [19/Nov/2021:09:39:06 +0800] "GET /xingrg/images/control/ajaxLoader.gif HTTP/1.1" 304 -
114.85.125.222 - - [19/Nov/2021:09:39:06 +0800] "POST /xingrg/all/user/operate.html HTTP/1.1" 200 36
114.85.125.222 - - [19/Nov/2021:09:39:06 +0800] "GET /xingrg/javascript/jquery_easy_ui/themes/default/easyui.css HTTP/1.1" 304 -
114.85.125.222 - - [19/Nov/2021:09:39:06 +0800] "GET /xingrg/index.html?sysBaseUrl=http%3A%2F%2F180.169.147.146%3A18081%2Fxingrg%2F&costTime=1114×tamp=1637285939563 HTTP/1.1" 200 17177
114.85.125.222 - - [19/Nov/2021:09:39:06 +0800] "GET /xingrg/javascript/jquery_easy_ui/themes/icon.css HTTP/1.1" 304 -
114.85.125.222 - - [19/Nov/2021:09:39:06 +0800] "GET /xingrg/css/form.css HTTP/1.1" 304 -
114.85.125.222 - - [19/Nov/2021:09:39:06 +0800] "GET /xingrg/javascript/jquery-1.4.2.min.js HTTP/1.1" 304 -
114.85.125.222 - - [19/Nov/2021:09:39:06 +0800] "GET /xingrg/javascript/jquery_easy_ui/jquery.easyui.min.js HTTP/1.1" 304 -
114.85.125.222 - - [19/Nov/2021:09:39:06 +0800] "GET /xingrg/javascript/jquery_easy_ui/easyui-lang-zh_CN.js HTTP/1.1" 304 -
114.85.125.222 - - [19/Nov/2021:09:39:06 +0800] "GET /xingrg/javascript/jquery.form.js HTTP/1.1" 304 -
114.85.125.222 - - [19/Nov/2021:09:39:06 +0800] "GET /xingrg/javascript/jquery.utils.js HTTP/1.1" 304 -
114.85.125.222 - - [19/Nov/2021:09:39:06 +0800] "GET /xingrg/javascript/jquery.timers.js HTTP/1.1" 304 -
114.85.125.222 - - [19/Nov/2021:09:39:06 +0800] "GET /xingrg/images/blue/jxLogo.png HTTP/1.1" 304 -
114.85.125.222 - - [19/Nov/2021:09:39:06 +0800] "GET /xingrg/javascript/jquery_easy_ui/themes/icons/settle_new.png HTTP/1.1" 304 -
114.85.125.222 - - [19/Nov/2021:09:39:06 +0800] "GET /xingrg/images/blue/navBackgound.jpg HTTP/1.1" 304 -
114.85.125.222 - - [19/Nov/2021:09:39:07 +0800] "GET /xingrg/images/blue/pingpu.png HTTP/1.1" 304 -
114.85.125.222 - - [19/Nov/2021:09:39:07 +0800] "GET /xingrg/javascript/jquery_easy_ui/themes/default/images/tabs_rightarrow.png HTTP/1.1" 304 -
114.85.125.222 - - [19/Nov/2021:09:39:07 +0800] "GET /xingrg/javascript/jquery_easy_ui/themes/default/images/tabs_leftarrow.png HTTP/1.1" 304 -
114.85.125.222 - - [19/Nov/2021:09:39:07 +0800] "GET /xingrg/javascript/jquery_easy_ui/themes/default/images/panel_tool_collapse.gif HTTP/1.1" 304 -
114.85.125.222 - - [19/Nov/2021:09:39:07 +0800] "GET /xingrg/all/function/internal_message.html?_=1637285923719&CODE_STATE=count HTTP/1.1" 200 11
114.85.125.222 - - [19/Nov/2021:09:39:07 +0800] "GET /xingrg/check_reg.html?_=1637285923720 HTTP/1.1" 200 22
114.85.125.222 - - [19/Nov/2021:09:39:07 +0800] "POST /xingrg/all/common/load_tree.html?tree=area_rest_tree_json&manage=1 HTTP/1.1" 200 476
114.85.125.222 - - [19/Nov/2021:09:39:07 +0800] "POST /xingrg/load_menu.html HTTP/1.1" 200 5138
222.70.176.97 - - [19/Nov/2021:09:39:09 +0800] "GET /xingrg/kc/buy/cgsh_order_operate.html?command=get_materiel&rest_code=00111&code=00101009039&supplier_code=00100037&order_time=2021-11-19 HTTP/1.1" 200 408
114.85.125.222 - - [19/Nov/2021:09:39:10 +0800] "GET /xingrg/javascript/jquery_easy_ui/themes/default/images/tabs_close.gif HTTP/1.1" 304 -
114.85.125.222 - - [19/Nov/2021:09:39:10 +0800] "GET /xingrg/css/base.css HTTP/1.1" 304 -
114.85.125.222 - - [19/Nov/2021:09:39:10 +0800] "GET /xingrg/css/site.css HTTP/1.1" 304 -
114.85.125.222 - - [19/Nov/2021:09:39:10 +0800] "GET /xingrg/javascript/jquery_tools/datebox.css HTTP/1.1" 304 -
114.85.125.222 - - [19/Nov/2021:09:39:10 +0800] "GET /xingrg/javascript/auto/jquery.autocomplete.css HTTP/1.1" 304 -
114.85.125.222 - - [19/Nov/2021:09:39:10 +0800] "GET /xingrg/javascript/easyui/themes/default/easyui.css HTTP/1.1" 304 -
114.85.125.222 - - [19/Nov/2021:09:39:10 +0800] "GET /xingrg/javascript/jquery_tools/table.css HTTP/1.1" 304 -
114.85.125.222 - - [19/Nov/2021:09:39:10 +0800] "GET /xingrg/javascript/easyui/themes/icon.css HTTP/1.1" 304 -
114.85.125.222 - - [19/Nov/2021:09:39:10 +0800] "GET /xingrg/javascript/jquery_tools/jquery.tools.extend.js HTTP/1.1" 304 -
114.85.125.222 - - [19/Nov/2021:09:39:10 +0800] "GET /xingrg/kc/buy/cgsh_order_list.html HTTP/1.1" 200 49140
114.85.125.222 - - [19/Nov/2021:09:39:10 +0800] "GET /xingrg/javascript/jquery_tools/fix.css HTTP/1.1" 304 -
114.85.125.222 - - [19/Nov/2021:09:39:10 +0800] "GET /xingrg/javascript/jquery_tools/jquery.tools.min.js HTTP/1.1" 304 -
114.85.125.222 - - [19/Nov/2021:09:39:10 +0800] "GET /xingrg/javascript/jquery_tools/jquery.tools.table.js HTTP/1.1" 304 -
114.85.125.222 - - [19/Nov/2021:09:39:10 +0800] "GET /xingrg/javascript/jquery_tools/list_manager.js HTTP/1.1" 304 -
114.85.125.222 - - [19/Nov/2021:09:39:10 +0800] "GET /xingrg/javascript/jquery_tools/jquery.tools.hotkey.js HTTP/1.1" 304 -
114.85.125.222 - - [19/Nov/2021:09:39:10 +0800] "GET /xingrg/javascript/auto/jquery.autocomplete.js HTTP/1.1" 304 -
114.85.125.222 - - [19/Nov/2021:09:39:10 +0800] "GET /xingrg/javascript/easyui/easyloader.js HTTP/1.1" 304 -
114.85.125.222 - - [19/Nov/2021:09:39:10 +0800] "GET /xingrg/javascript/print/LodopFuncs.js HTTP/1.1" 304 -
114.85.125.222 - - [19/Nov/2021:09:39:10 +0800] "GET /xingrg/javascript/jquery.cookie.js HTTP/1.1" 304 -
114.85.125.222 - - [19/Nov/2021:09:39:11 +0800] "GET /xingrg/javascript/easyui/themes/icons/edit_add_new.png HTTP/1.1" 304 -
114.85.125.222 - - [19/Nov/2021:09:39:11 +0800] "GET /xingrg/javascript/easyui/themes/icons/check_new.png HTTP/1.1" 304 -
114.85.125.222 - - [19/Nov/2021:09:39:11 +0800] "GET /xingrg/javascript/easyui/themes/icons/cance_new.png HTTP/1.1" 304 -
114.85.125.222 - - [19/Nov/2021:09:39:11 +0800] "GET /xingrg/javascript/easyui/themes/icons/import_new.png HTTP/1.1" 304 -
114.85.125.222 - - [19/Nov/2021:09:39:11 +0800] "GET /xingrg/javascript/easyui/themes/icons/field_new.png HTTP/1.1" 304 -
114.85.125.222 - - [19/Nov/2021:09:39:11 +0800] "GET /xingrg/javascript/easyui/plugins/jquery.parser.js HTTP/1.1" 304 -
222.70.176.97 - - [19/Nov/2021:09:39:11 +0800] "GET /xingrg/all/function/internal_message.html?_=1637285946998&CODE_STATE=getMsg HTTP/1.1" 200 27
116.238.248.233 - - [19/Nov/2021:09:39:12 +0800] "GET /xingrg/all/function/internal_message.html?_=1637285949379&CODE_STATE=getMsg HTTP/1.1" 200 27
114.85.125.222 - - [19/Nov/2021:09:39:14 +0800] "POST /xingrg/kc/buy/cgsh_list_operate.html HTTP/1.1" 200 2087
180.174.250.202 - - [19/Nov/2021:09:39:16 +0800] "GET /xingrg/all/function/internal_message.html?_=1637285949926&CODE_STATE=getMsg HTTP/1.1" 200 27
114.85.125.222 - - [19/Nov/2021:09:39:16 +0800] "POST /xingrg/kc/buy/cgsh_list_operate.html HTTP/1.1" 200 350
114.85.125.222 - - [19/Nov/2021:09:39:18 +0800] "GET /xingrg/javascript/pic_change.js HTTP/1.1" 304 -
114.85.125.222 - - [19/Nov/2021:09:39:18 +0800] "GET /xingrg/javascript/jquery_tools/order_manager.js HTTP/1.1" 304 -
114.85.125.222 - - [19/Nov/2021:09:39:18 +0800] "GET /xingrg/javascript/convert.js HTTP/1.1" 304 -
114.85.125.222 - - [19/Nov/2021:09:39:18 +0800] "GET /xingrg/javascript/json2.js HTTP/1.1" 304 -
114.85.125.222 - - [19/Nov/2021:09:39:18 +0800] "GET /xingrg/javascript/print/kc_print.js HTTP/1.1" 304 -
114.85.125.222 - - [19/Nov/2021:09:39:18 +0800] "GET /xingrg/kc/buy/cgsh_order_info.html?code=212021111907910 HTTP/1.1" 200 64537
114.85.125.222 - - [19/Nov/2021:09:39:18 +0800] "GET /xingrg/words/20211118120410_words.js HTTP/1.1" 304 -
114.85.125.222 - - [19/Nov/2021:09:39:18 +0800] "GET /xingrg/javascript/easyui/themes/icons/template_new.png HTTP/1.1" 304 -
114.85.125.222 - - [19/Nov/2021:09:39:18 +0800] "GET /xingrg/javascript/easyui/themes/icons/ok.png HTTP/1.1" 304 -
114.85.125.222 - - [19/Nov/2021:09:39:18 +0800] "GET /xingrg/javascript/easyui/themes/icons/print.png HTTP/1.1" 304 -
114.85.125.222 - - [19/Nov/2021:09:39:18 +0800] "GET /xingrg/javascript/easyui/themes/icons/cancel.png HTTP/1.1" 304 -
114.85.125.222 - - [19/Nov/2021:09:39:18 +0800] "GET /xingrg/javascript/easyui/themes/icons/copy_new.png HTTP/1.1" 304 -
114.85.125.222 - - [19/Nov/2021:09:39:18 +0800] "GET /xingrg/javascript/easyui/themes/default/images/menu_downarrow.png HTTP/1.1" 304 -
222.70.176.97 - - [19/Nov/2021:09:39:18 +0800] "GET /xingrg/kc/buy/cgsh_order_operate.html?command=get_materiel&rest_code=00111&code=00101008403&supplier_code=00100037&order_time=2021-11-19 HTTP/1.1" 200 412
114.85.125.222 - - [19/Nov/2021:09:39:18 +0800] "GET /xingrg/javascript/easyui/themes/default/validatebox.css HTTP/1.1" 404 1104
114.85.125.222 - - [19/Nov/2021:09:39:18 +0800] "GET /xingrg/javascript/easyui/plugins/jquery.validatebox.js HTTP/1.1" 304 -
114.85.125.222 - - [19/Nov/2021:09:39:18 +0800] "GET /xingrg/javascript/easyui/plugins/jquery.numberbox.js HTTP/1.1" 304 -
114.85.125.222 - - [19/Nov/2021:09:39:18 +0800] "GET /xingrg/all/common/auto_word.html?type=employee&rest_code=00151 HTTP/1.1" 200 293
114.85.125.222 - - [19/Nov/2021:09:39:18 +0800] "GET /xingrg/all/common/auto_word.html?type=employee&rest_code=00151 HTTP/1.1" 200 293
120.253.135.82 - - [19/Nov/2021:09:39:19 +0800] "GET /xingrg/all/function/internal_message.html?_=1637285535268&CODE_STATE=getMsg HTTP/1.1" 200 27
120.253.135.82 - - [19/Nov/2021:09:39:19 +0800] "GET /xingrg/check_reg.html?_=1637285535270 HTTP/1.1" 200 22
114.85.125.222 - - [19/Nov/2021:09:39:19 +0800] "POST /xingrg/kc/buy/cgsh_order_operate.html HTTP/1.1" 200 3866
114.85.125.222 - - [19/Nov/2021:09:39:19 +0800] "GET /xingrg/javascript/easyui/themes/icons/edit_remove.png HTTP/1.1" 304 -
116.227.210.113 - - [19/Nov/2021:09:39:23 +0800] "GET /xingrg/check_reg.html?_=1637285960086 HTTP/1.1" 200 22
222.69.132.206 - - [19/Nov/2021:09:39:24 +0800] "GET /xingrg/all/function/internal_message.html?_=1637285961389&CODE_STATE=getMsg HTTP/1.1" 200 27
222.70.176.97 - - [19/Nov/2021:09:39:25 +0800] "GET /xingrg/kc/buy/cgsh_order_operate.html?command=get_materiel&rest_code=00111&code=00101012025&supplier_code=00100037&order_time=2021-11-19 HTTP/1.1" 200 412
116.227.210.113 - - [19/Nov/2021:09:39:26 +0800] "GET /xingrg/all/function/internal_message.html?_=1637285962874&CODE_STATE=getMsg HTTP/1.1" 200 27
120.253.135.82 - - [19/Nov/2021:09:39:26 +0800] "GET /xingrg/all/function/internal_message.html?_=1637285911190&CODE_STATE=getMsg HTTP/1.1" 200 27
114.85.125.222 - - [19/Nov/2021:09:39:26 +0800] "GET /xingrg/javascript/auto/indicator.gif HTTP/1.1" 404 1066
222.70.176.97 - - [19/Nov/2021:09:39:28 +0800] "POST /xingrg/kc/buy/cgsh_order_operate.html HTTP/1.1" 200 2065
114.85.125.222 - - [19/Nov/2021:09:39:30 +0800] "GET /xingrg/kc/buy/cgsh_order_operate.html?command=get_materiel&rest_code=00151&code=00101009006&supplier_code=00100424&order_time=2021-11-19 HTTP/1.1" 200 408
222.70.171.86 - - [19/Nov/2021:09:39:34 +0800] "GET /xingrg/all/function/internal_message.html?_=1637285971345&CODE_STATE=getMsg HTTP/1.1" 200 27
222.70.176.97 - - [19/Nov/2021:09:39:35 +0800] "GET /xingrg/kc/buy/cgsh_order_operate.html?command=get_materiel&rest_code=00111&code=00101013091&supplier_code=00100037&order_time=2021-11-19 HTTP/1.1" 200 413
120.253.135.82 - - [19/Nov/2021:09:39:38 +0800] "GET /xingrg/all/function/internal_message.html?_=1637285750946&CODE_STATE=getMsg HTTP/1.1" 200 27
180.169.147.146 - - [19/Nov/2021:09:39:38 +0800] "GET /xingrg/all/function/internal_message.html?_=1637285980241&CODE_STATE=getMsg HTTP/1.1" 200 27
114.85.125.222 - - [19/Nov/2021:09:39:44 +0800] "GET /xingrg/kc/buy/cgsh_order_operate.html?command=get_materiel&rest_code=00151&code=00101009049&supplier_code=00100424&order_time=2021-11-19 HTTP/1.1" 200 416
124.78.153.86 - - [19/Nov/2021:09:39:46 +0800] "GET /xingrg/all/function/internal_message.html?_=1637285982255&CODE_STATE=getMsg HTTP/1.1" 200 27
116.232.52.153 - - [19/Nov/2021:09:39:47 +0800] "GET /xingrg/all/function/internal_message.html?_=1637285985953&CODE_STATE=getMsg HTTP/1.1" 200 27
114.85.125.222 - - [19/Nov/2021:09:39:49 +0800] "GET /xingrg/javascript/easyui/themes/default/images/button_plain_hover.png HTTP/1.1" 304 -
114.85.125.222 - - [19/Nov/2021:09:39:49 +0800] "GET /xingrg/javascript/easyui/themes/default/images/button_plain_hover.png HTTP/1.1" 304 -
114.85.125.222 - - [19/Nov/2021:09:39:49 +0800] "GET /xingrg/javascript/easyui/themes/default/images/button_plain_hover.png HTTP/1.1" 304 -
180.169.147.146 - - [19/Nov/2021:09:39:51 +0800] "GET /xingrg/check_reg.html?_=1637285990104 HTTP/1.1" 302 -
180.169.147.146 - - [19/Nov/2021:09:39:53 +0800] "GET /xingrg/all/function/internal_message.html?_=1637285992522&CODE_STATE=getMsg HTTP/1.1" 200 27
58.39.139.200 - - [19/Nov/2021:09:39:55 +0800] "GET /xingrg/all/function/internal_message.html?_=1637285995774&CODE_STATE=getMsg HTTP/1.1" 200 27
58.37.231.44 - - [19/Nov/2021:09:39:56 +0800] "POST /xingrg/login.do HTTP/1.1" 302 -
58.37.231.44 - - [19/Nov/2021:09:39:56 +0800] "GET /xingrg/index.html?sysBaseUrl=http%3A%2F%2F180.169.147.146%3A18081%2Fxingrg%2F&costTime=1137×tamp=1637285996001 HTTP/1.1" 200 17179
58.37.231.44 - - [19/Nov/2021:09:39:56 +0800] "GET /favicon.ico HTTP/1.1" 404 -
58.37.231.44 - - [19/Nov/2021:09:39:56 +0800] "GET /xingrg/all/function/internal_message.html?_=1637285822933&CODE_STATE=count HTTP/1.1" 200 11
58.37.231.44 - - [19/Nov/2021:09:39:56 +0800] "GET /xingrg/check_reg.html?_=1637285822934 HTTP/1.1" 200 22
58.37.231.44 - - [19/Nov/2021:09:39:56 +0800] "POST /xingrg/all/common/load_tree.html?tree=area_rest_tree_json&manage=1 HTTP/1.1" 200 351
58.37.231.44 - - [19/Nov/2021:09:39:56 +0800] "POST /xingrg/load_menu.html HTTP/1.1" 200 5138
58.37.231.44 - - [19/Nov/2021:09:39:58 +0800] "GET /xingrg/kc/buy/buy_main.html HTTP/1.1" 200 12412
58.37.231.44 - - [19/Nov/2021:09:39:58 +0800] "GET /xingrg/css/new_ie.css HTTP/1.1" 404 1036
114.85.125.222 - - [19/Nov/2021:09:39:58 +0800] "GET /xingrg/kc/buy/cgsh_order_operate.html?command=get_materiel&rest_code=00151&code=00101009121&supplier_code=00100424&order_time=2021-11-19 HTTP/1.1" 200 411
58.37.231.44 - - [19/Nov/2021:09:39:59 +0800] "GET /xingrg/images/yd/bt.gif HTTP/1.1" 404 1040
116.235.93.2 - - [19/Nov/2021:09:39:59 +0800] "GET /xingrg/check_reg.html?_=1637286108644 HTTP/1.1" 302 -
222.70.176.97 - - [19/Nov/2021:09:39:59 +0800] "GET /xingrg/kc/buy/cgsh_order_operate.html?command=get_materiel&rest_code=00111&code=00101011005&supplier_code=00100037&order_time=2021-11-19 HTTP/1.1" 200 429
58.37.231.44 - - [19/Nov/2021:09:39:59 +0800] "GET /xingrg/kc/buy/cgsh_order_list.html HTTP/1.1" 200 49142
58.37.231.44 - - [19/Nov/2021:09:40:01 +0800] "POST /xingrg/kc/buy/cgsh_list_operate.html HTTP/1.1" 200 876
58.37.231.44 - - [19/Nov/2021:09:40:05 +0800] "GET /xingrg/kc/buy/cgsh_order_add.html HTTP/1.1" 200 64918
58.37.231.44 - - [19/Nov/2021:09:40:05 +0800] "GET /xingrg/words/20211118120410_words.js HTTP/1.1" 304 -
58.37.231.44 - - [19/Nov/2021:09:40:05 +0800] "POST /xingrg/kc/buy/cgsh_order_operate.html HTTP/1.1" 200 8245
58.37.231.44 - - [19/Nov/2021:09:40:05 +0800] "GET /xingrg/javascript/easyui/themes/default/validatebox.css HTTP/1.1" 404 1104
58.37.231.44 - - [19/Nov/2021:09:40:05 +0800] "GET /xingrg/all/common/auto_word.html?type=employee&rest_code=00141 HTTP/1.1" 200 201
58.37.231.44 - - [19/Nov/2021:09:40:05 +0800] "GET /xingrg/all/common/auto_word.html?type=employee&rest_code=00141 HTTP/1.1" 200 201
180.157.253.6 - - [19/Nov/2021:09:40:05 +0800] "GET /xingrg/all/function/internal_message.html?_=1637286004099&CODE_STATE=getMsg HTTP/1.1" 200 27
114.85.125.222 - - [19/Nov/2021:09:40:07 +0800] "GET /xingrg/all/function/internal_message.html?_=1637285983732&CODE_STATE=getMsg HTTP/1.1" 200 27
58.37.231.44 - - [19/Nov/2021:09:40:07 +0800] "GET /xingrg/javascript/auto/indicator.gif HTTP/1.1" 404 1066
114.85.125.222 - - [19/Nov/2021:09:40:10 +0800] "GET /xingrg/kc/buy/cgsh_order_operate.html?command=get_materiel&rest_code=00151&code=00101009031&supplier_code=00100424&order_time=2021-11-19 HTTP/1.1" 200 408
222.70.176.97 - - [19/Nov/2021:09:40:11 +0800] "GET /xingrg/all/function/internal_message.html?_=1637286007020&CODE_STATE=getMsg HTTP/1.1" 200 27
58.37.231.44 - - [19/Nov/2021:09:40:11 +0800] "GET /xingrg/javascript/jquery_tools/images/prev.gif HTTP/1.1" 404 1086
58.37.231.44 - - [19/Nov/2021:09:40:11 +0800] "GET /xingrg/javascript/jquery_tools/images/next.gif HTTP/1.1" 404 1086
116.238.248.233 - - [19/Nov/2021:09:40:12 +0800] "GET /xingrg/all/function/internal_message.html?_=1637286009382&CODE_STATE=getMsg HTTP/1.1" 200 27
180.174.250.202 - - [19/Nov/2021:09:40:16 +0800] "GET /xingrg/all/function/internal_message.html?_=1637286009942&CODE_STATE=getMsg HTTP/1.1" 200 27
222.70.176.97 - - [19/Nov/2021:09:40:18 +0800] "POST /xingrg/kc/buy/cgsh_order_operate.html HTTP/1.1" 200 37
120.253.135.82 - - [19/Nov/2021:09:40:19 +0800] "GET /xingrg/all/function/internal_message.html?_=1637285595254&CODE_STATE=getMsg HTTP/1.1" 200 27
222.70.176.97 - - [19/Nov/2021:09:40:22 +0800] "POST /xingrg/kc/buy/cgsh_order_operate.html HTTP/1.1" 200 21029
114.85.125.222 - - [19/Nov/2021:09:40:23 +0800] "GET /xingrg/kc/buy/cgsh_order_operate.html?command=get_materiel&rest_code=00151&code=00101009066&supplier_code=00100424&order_time=2021-11-19 HTTP/1.1" 200 416
222.69.132.206 - - [19/Nov/2021:09:40:24 +0800] "GET /xingrg/all/function/internal_message.html?_=1637286021405&CODE_STATE=getMsg HTTP/1.1" 200 27
116.227.210.113 - - [19/Nov/2021:09:40:26 +0800] "GET /xingrg/all/function/internal_message.html?_=1637286022858&CODE_STATE=getMsg HTTP/1.1" 200 27
120.253.135.82 - - [19/Nov/2021:09:40:26 +0800] "GET /xingrg/all/function/internal_message.html?_=1637285971204&CODE_STATE=getMsg HTTP/1.1" 200 27
114.85.125.222 - - [19/Nov/2021:09:40:30 +0800] "POST /xingrg/kc/buy/cgsh_order_operate.html HTTP/1.1" 200 37
222.70.171.86 - - [19/Nov/2021:09:40:34 +0800] "GET /xingrg/all/function/internal_message.html?_=1637286031358&CODE_STATE=getMsg HTTP/1.1" 200 27
114.85.125.222 - - [19/Nov/2021:09:40:37 +0800] "POST /xingrg/kc/buy/cgsh_order_operate.html HTTP/1.1" 200 6863
120.253.135.82 - - [19/Nov/2021:09:40:38 +0800] "GET /xingrg/all/function/internal_message.html?_=1637285810960&CODE_STATE=getMsg HTTP/1.1" 200 27
180.169.147.146 - - [19/Nov/2021:09:40:38 +0800] "GET /xingrg/check_reg.html?_=1637286040240 HTTP/1.1" 200 22
180.169.147.146 - - [19/Nov/2021:09:40:38 +0800] "GET /xingrg/all/function/internal_message.html?_=1637286040242&CODE_STATE=getMsg HTTP/1.1" 200 27
172.20.0.100 - - [19/Nov/2021:09:40:43 +0800] "GET /xingrg/check_reg.html?_=1637286033190 HTTP/1.1" 302 -
124.78.153.86 - - [19/Nov/2021:09:40:46 +0800] "GET /xingrg/all/function/internal_message.html?_=1637286042255&CODE_STATE=getMsg HTTP/1.1" 200 27
116.232.52.153 - - [19/Nov/2021:09:40:47 +0800] "GET /xingrg/all/function/internal_message.html?_=1637286045955&CODE_STATE=getMsg HTTP/1.1" 200 27
116.232.52.153 - - [19/Nov/2021:09:40:47 +0800] "GET /xingrg/check_reg.html?_=1637286045956 HTTP/1.1" 200 22
180.169.147.146 - - [19/Nov/2021:09:40:53 +0800] "GET /xingrg/all/function/internal_message.html?_=1637286052549&CODE_STATE=getMsg HTTP/1.1" 200 27
58.39.139.200 - - [19/Nov/2021:09:40:55 +0800] "GET /xingrg/all/function/internal_message.html?_=1637286055785&CODE_STATE=getMsg HTTP/1.1" 200 27
58.37.231.44 - - [19/Nov/2021:09:40:56 +0800] "GET /xingrg/all/function/internal_message.html?_=1637285882946&CODE_STATE=getMsg HTTP/1.1" 200 27
180.157.253.6 - - [19/Nov/2021:09:41:05 +0800] "GET /xingrg/check_reg.html?_=1637286064107 HTTP/1.1" 200 22
180.157.253.6 - - [19/Nov/2021:09:41:05 +0800] "GET /xingrg/all/function/internal_message.html?_=1637286064108&CODE_STATE=getMsg HTTP/1.1" 200 27
114.85.125.222 - - [19/Nov/2021:09:41:07 +0800] "GET /xingrg/all/function/internal_message.html?_=1637286043746&CODE_STATE=getMsg HTTP/1.1" 200 27
222.70.176.97 - - [19/Nov/2021:09:41:11 +0800] "GET /xingrg/all/function/internal_message.html?_=1637286067007&CODE_STATE=getMsg HTTP/1.1" 200 27
116.238.248.233 - - [19/Nov/2021:09:41:12 +0800] "GET /xingrg/all/function/internal_message.html?_=1637286069386&CODE_STATE=getMsg HTTP/1.1" 200 27
116.238.248.233 - - [19/Nov/2021:09:41:12 +0800] "GET /xingrg/check_reg.html?_=1637286069389 HTTP/1.1" 200 22
180.174.250.202 - - [19/Nov/2021:09:41:15 +0800] "GET /xingrg/check_reg.html?_=1637286068969 HTTP/1.1" 200 22
58.37.231.44 - - [19/Nov/2021:09:41:15 +0800] "GET /xingrg/kc/buy/cgsh_order_operate.html?command=get_materiel&rest_code=00141&code=00101006111&supplier_code=00100012&order_time=2021-11-19 HTTP/1.1" 200 409
180.174.250.202 - - [19/Nov/2021:09:41:16 +0800] "GET /xingrg/all/function/internal_message.html?_=1637286069956&CODE_STATE=getMsg HTTP/1.1" 200 27
120.253.135.82 - - [19/Nov/2021:09:41:19 +0800] "GET /xingrg/all/function/internal_message.html?_=1637285655254&CODE_STATE=getMsg HTTP/1.1" 200 27
222.69.132.206 - - [19/Nov/2021:09:41:24 +0800] "GET /xingrg/all/function/internal_message.html?_=1637286081408&CODE_STATE=getMsg HTTP/1.1" 200 27
116.227.210.113 - - [19/Nov/2021:09:41:26 +0800] "GET /xingrg/all/function/internal_message.html?_=1637286082842&CODE_STATE=getMsg HTTP/1.1" 200 27
120.253.135.82 - - [19/Nov/2021:09:41:26 +0800] "GET /xingrg/all/function/internal_message.html?_=1637286031232&CODE_STATE=getMsg HTTP/1.1" 200 27
58.37.231.44 - - [19/Nov/2021:09:41:29 +0800] "GET /xingrg/kc/buy/cgsh_order_operate.html?command=get_materiel&rest_code=00141&code=00101006130&supplier_code=00100012&order_time=2021-11-19 HTTP/1.1" 200 427
222.70.171.86 - - [19/Nov/2021:09:41:34 +0800] "GET /xingrg/all/function/internal_message.html?_=1637286091377&CODE_STATE=getMsg HTTP/1.1" 200 27
58.37.231.44 - - [19/Nov/2021:09:41:37 +0800] "GET /xingrg/kc/buy/cgsh_order_operate.html?command=get_materiel&rest_code=00141&code=00101006068&supplier_code=00100012&order_time=2021-11-19 HTTP/1.1" 200 409
120.253.135.82 - - [19/Nov/2021:09:41:38 +0800] "GET /xingrg/all/function/internal_message.html?_=1637285871037&CODE_STATE=getMsg HTTP/1.1" 200 27
180.169.147.146 - - [19/Nov/2021:09:41:38 +0800] "GET /xingrg/all/function/internal_message.html?_=1637286100240&CODE_STATE=getMsg HTTP/1.1" 200 27
124.78.153.86 - - [19/Nov/2021:09:41:46 +0800] "GET /xingrg/all/function/internal_message.html?_=1637286102255&CODE_STATE=getMsg HTTP/1.1" 200 27
116.232.52.153 - - [19/Nov/2021:09:41:47 +0800] "GET /xingrg/all/function/internal_message.html?_=1637286105957&CODE_STATE=getMsg HTTP/1.1" 200 27
58.37.231.44 - - [19/Nov/2021:09:41:48 +0800] "GET /xingrg/kc/buy/cgsh_order_operate.html?command=get_materiel&rest_code=00141&code=00101006168&supplier_code=00100012&order_time=2021-11-19 HTTP/1.1" 200 421
180.169.147.146 - - [19/Nov/2021:09:41:53 +0800] "GET /xingrg/all/function/internal_message.html?_=1637286112564&CODE_STATE=getMsg HTTP/1.1" 200 27
58.39.139.200 - - [19/Nov/2021:09:41:55 +0800] "GET /xingrg/all/function/internal_message.html?_=1637286115775&CODE_STATE=getMsg HTTP/1.1" 200 27
58.37.231.44 - - [19/Nov/2021:09:41:56 +0800] "GET /xingrg/all/function/internal_message.html?_=1637285942957&CODE_STATE=getMsg HTTP/1.1" 200 27
58.37.231.44 - - [19/Nov/2021:09:41:56 +0800] "GET /xingrg/kc/buy/cgsh_order_operate.html?command=get_materiel&rest_code=00141&code=00101006128&supplier_code=00100012&order_time=2021-11-19 HTTP/1.1" 200 427
58.37.231.44 - - [19/Nov/2021:09:42:04 +0800] "GET /xingrg/kc/buy/cgsh_order_operate.html?command=get_materiel&rest_code=00141&code=00101006109&supplier_code=00100012&order_time=2021-11-19 HTTP/1.1" 200 409
180.157.253.6 - - [19/Nov/2021:09:42:05 +0800] "GET /xingrg/all/function/internal_message.html?_=1637286124106&CODE_STATE=getMsg HTTP/1.1" 200 27
120.253.135.82 - - [19/Nov/2021:09:42:07 +0800] "GET /xingrg/check_reg.html?_=1637286071700 HTTP/1.1" 200 22
114.85.125.222 - - [19/Nov/2021:09:42:07 +0800] "GET /xingrg/all/function/internal_message.html?_=1637286103759&CODE_STATE=getMsg HTTP/1.1" 200 27
222.70.176.97 - - [19/Nov/2021:09:42:11 +0800] "GET /xingrg/all/function/internal_message.html?_=1637286127009&CODE_STATE=getMsg HTTP/1.1" 200 27
116.238.248.233 - - [19/Nov/2021:09:42:12 +0800] "GET /xingrg/all/function/internal_message.html?_=1637286129394&CODE_STATE=getMsg HTTP/1.1" 200 27
58.37.231.44 - - [19/Nov/2021:09:42:13 +0800] "GET /xingrg/kc/buy/cgsh_order_operate.html?command=get_materiel&rest_code=00141&code=00101006184&supplier_code=00100012&order_time=2021-11-19 HTTP/1.1" 200 408
180.174.250.202 - - [19/Nov/2021:09:42:16 +0800] "GET /xingrg/all/function/internal_message.html?_=1637286129969&CODE_STATE=getMsg HTTP/1.1" 200 27
120.253.135.82 - - [19/Nov/2021:09:42:19 +0800] "GET /xingrg/all/function/internal_message.html?_=1637285715269&CODE_STATE=getMsg HTTP/1.1" 200 27
222.69.132.206 - - [19/Nov/2021:09:42:24 +0800] "GET /xingrg/all/function/internal_message.html?_=1637286141410&CODE_STATE=getMsg HTTP/1.1" 200 27
116.227.210.113 - - [19/Nov/2021:09:42:26 +0800] "GET /xingrg/all/function/internal_message.html?_=1637286142829&CODE_STATE=getMsg HTTP/1.1" 200 27
120.253.135.82 - - [19/Nov/2021:09:42:26 +0800] "GET /xingrg/all/function/internal_message.html?_=1637286091247&CODE_STATE=getMsg HTTP/1.1" 200 27
58.37.231.44 - - [19/Nov/2021:09:42:27 +0800] "GET /xingrg/kc/buy/cgsh_order_operate.html?command=get_materiel&rest_code=00141&code=00101006055&supplier_code=00100012&order_time=2021-11-19 HTTP/1.1" 200 409
222.70.171.86 - - [19/Nov/2021:09:42:34 +0800] "GET /xingrg/all/function/internal_message.html?_=1637286151385&CODE_STATE=getMsg HTTP/1.1" 200 27
120.253.135.82 - - [19/Nov/2021:09:42:38 +0800] "GET /xingrg/all/function/internal_message.html?_=1637285931048&CODE_STATE=getMsg HTTP/1.1" 200 27
180.169.147.146 - - [19/Nov/2021:09:42:38 +0800] "GET /xingrg/all/function/internal_message.html?_=1637286160239&CODE_STATE=getMsg HTTP/1.1" 200 27
124.78.153.86 - - [19/Nov/2021:09:42:46 +0800] "GET /xingrg/all/function/internal_message.html?_=1637286162256&CODE_STATE=getMsg HTTP/1.1" 200 27
116.232.52.153 - - [19/Nov/2021:09:42:47 +0800] "GET /xingrg/all/function/internal_message.html?_=1637286165959&CODE_STATE=getMsg HTTP/1.1" 200 27
180.169.147.146 - - [19/Nov/2021:09:42:51 +0800] "GET /xingrg/kc/buy/cgsh_order_add.html HTTP/1.1" 200 64880
180.169.147.146 - - [19/Nov/2021:09:42:52 +0800] "GET /xingrg/words/20211118120410_words.js HTTP/1.1" 304 -
180.169.147.146 - - [19/Nov/2021:09:42:52 +0800] "POST /xingrg/kc/buy/cgsh_order_operate.html HTTP/1.1" 200 8245
180.169.147.146 - - [19/Nov/2021:09:42:52 +0800] "GET /xingrg/javascript/easyui/themes/default/validatebox.css HTTP/1.1" 404 1104
180.169.147.146 - - [19/Nov/2021:09:42:52 +0800] "GET /xingrg/all/common/auto_word.html?type=employee&rest_code=00147 HTTP/1.1" 200 101
180.169.147.146 - - [19/Nov/2021:09:42:52 +0800] "GET /xingrg/all/common/auto_word.html?type=employee&rest_code=00147 HTTP/1.1" 200 101
180.169.147.146 - - [19/Nov/2021:09:42:53 +0800] "GET /xingrg/all/function/internal_message.html?_=1637286172589&CODE_STATE=getMsg HTTP/1.1" 200 27
180.169.147.146 - - [19/Nov/2021:09:42:54 +0800] "GET /xingrg/javascript/auto/indicator.gif HTTP/1.1" 404 1066
58.39.139.200 - - [19/Nov/2021:09:42:55 +0800] "GET /xingrg/all/function/internal_message.html?_=1637286175774&CODE_STATE=getMsg HTTP/1.1" 200 27
58.37.231.44 - - [19/Nov/2021:09:42:56 +0800] "GET /xingrg/all/function/internal_message.html?_=1637286002946&CODE_STATE=getMsg HTTP/1.1" 200 27
58.221.95.50 - - [19/Nov/2021:09:42:57 +0800] "GET /xingrg/check_reg.html?_=1637286176720 HTTP/1.1" 302 -
58.37.231.44 - - [19/Nov/2021:09:42:58 +0800] "POST /xingrg/kc/buy/cgsh_order_operate.html HTTP/1.1" 200 37
180.169.147.146 - - [19/Nov/2021:09:43:02 +0800] "GET /xingrg/kc/buy/cgsh_order_operate.html?command=get_materiel&rest_code=00147&code=00102006789&supplier_code=00100151&order_time=2021-11-19 HTTP/1.1" 200 403
58.37.231.44 - - [19/Nov/2021:09:43:05 +0800] "POST /xingrg/kc/buy/cgsh_order_operate.html HTTP/1.1" 200 12
180.157.253.6 - - [19/Nov/2021:09:43:05 +0800] "GET /xingrg/all/function/internal_message.html?_=1637286184106&CODE_STATE=getMsg HTTP/1.1" 200 27
114.85.125.222 - - [19/Nov/2021:09:43:07 +0800] "GET /xingrg/all/function/internal_message.html?_=1637286163792&CODE_STATE=getMsg HTTP/1.1" 200 27
58.37.231.44 - - [19/Nov/2021:09:43:07 +0800] "GET /xingrg/kc/buy/cgsh_order_info.html?code=212021111907912 HTTP/1.1" 200 59827
58.37.231.44 - - [19/Nov/2021:09:43:08 +0800] "GET /xingrg/javascript/easyui/themes/default/validatebox.css HTTP/1.1" 404 1104
58.37.231.44 - - [19/Nov/2021:09:43:08 +0800] "POST /xingrg/kc/buy/cgsh_order_operate.html HTTP/1.1" 200 5973
58.37.231.44 - - [19/Nov/2021:09:43:09 +0800] "GET /xingrg/kc/print/load_config.html?kc_code=cgsh HTTP/1.1" 200 2281
116.235.93.2 - - [19/Nov/2021:09:43:10 +0800] "POST /xingrg/kc/buy/cgsh_order_operate.html HTTP/1.1" 200 39880
58.37.231.44 - - [19/Nov/2021:09:43:10 +0800] "GET /xingrg/kc/print/load_data.html?order_code=212021111907912&kc_code=cgsh&condition= HTTP/1.1" 200 2872
222.70.176.97 - - [19/Nov/2021:09:43:11 +0800] "GET /xingrg/check_reg.html?_=1637286186996 HTTP/1.1" 200 22
222.70.176.97 - - [19/Nov/2021:09:43:11 +0800] "GET /xingrg/all/function/internal_message.html?_=1637286187000&CODE_STATE=getMsg HTTP/1.1" 200 27
116.238.248.233 - - [19/Nov/2021:09:43:12 +0800] "GET /xingrg/all/function/internal_message.html?_=1637286189393&CODE_STATE=getMsg HTTP/1.1" 200 27
58.37.231.44 - - [19/Nov/2021:09:43:14 +0800] "GET /xingrg/kc/buy/cgsh_order_add.html HTTP/1.1" 200 64918
58.37.231.44 - - [19/Nov/2021:09:43:15 +0800] "POST /xingrg/kc/buy/cgsh_order_operate.html HTTP/1.1" 200 8245
58.37.231.44 - - [19/Nov/2021:09:43:15 +0800] "GET /xingrg/javascript/easyui/themes/default/validatebox.css HTTP/1.1" 404 1104
180.174.250.202 - - [19/Nov/2021:09:43:16 +0800] "GET /xingrg/all/function/internal_message.html?_=1637286189982&CODE_STATE=getMsg HTTP/1.1" 200 27
120.253.135.82 - - [19/Nov/2021:09:43:19 +0800] "GET /xingrg/all/function/internal_message.html?_=1637285775258&CODE_STATE=getMsg HTTP/1.1" 200 27
58.37.231.44 - - [19/Nov/2021:09:43:23 +0800] "GET /xingrg/kc/buy/cgsh_order_operate.html?command=get_materiel&rest_code=00141&code=00101016053&supplier_code=00100036&order_time=2021-11-19 HTTP/1.1" 200 408
222.69.132.206 - - [19/Nov/2021:09:43:24 +0800] "GET /xingrg/all/function/internal_message.html?_=1637286201412&CODE_STATE=getMsg HTTP/1.1" 200 27
222.69.132.206 - - [19/Nov/2021:09:43:24 +0800] "GET /xingrg/check_reg.html?_=1637286201415 HTTP/1.1" 200 22
116.227.210.113 - - [19/Nov/2021:09:43:26 +0800] "GET /xingrg/all/function/internal_message.html?_=1637286202801&CODE_STATE=getMsg HTTP/1.1" 200 27
120.253.135.82 - - [19/Nov/2021:09:43:26 +0800] "GET /xingrg/all/function/internal_message.html?_=1637286151261&CODE_STATE=getMsg HTTP/1.1" 200 27
222.70.171.86 - - [19/Nov/2021:09:43:32 +0800] "GET /xingrg/check_reg.html?_=1637286209368 HTTP/1.1" 200 22
116.235.93.2 - - [19/Nov/2021:09:43:32 +0800] "GET /xingrg/kc/buy/cgsh_order_operate.html?command=get_materiel&rest_code=00104&code=00101008096&supplier_code=00100005&order_time=2021-11-19 HTTP/1.1" 200 412
116.235.93.2 - - [19/Nov/2021:09:43:34 +0800] "GET /xingrg/all/function/internal_message.html?_=1637286694729&CODE_STATE=getMsg HTTP/1.1" 200 27
222.70.171.86 - - [19/Nov/2021:09:43:34 +0800] "GET /xingrg/all/function/internal_message.html?_=1637286211398&CODE_STATE=getMsg HTTP/1.1" 200 27
180.169.147.146 - - [19/Nov/2021:09:43:36 +0800] "GET /xingrg/check_reg.html?_=1637286215680 HTTP/1.1" 200 22
58.37.231.44 - - [19/Nov/2021:09:43:37 +0800] "GET /xingrg/kc/buy/cgsh_order_operate.html?command=get_materiel&rest_code=00141&code=00101016025&supplier_code=00100036&order_time=2021-11-19 HTTP/1.1" 200 408
120.253.135.82 - - [19/Nov/2021:09:43:38 +0800] "GET /xingrg/check_reg.html?_=1637285991009 HTTP/1.1" 200 22
120.253.135.82 - - [19/Nov/2021:09:43:38 +0800] "GET /xingrg/all/function/internal_message.html?_=1637285991063&CODE_STATE=getMsg HTTP/1.1" 200 27
180.169.147.146 - - [19/Nov/2021:09:43:38 +0800] "GET /xingrg/all/function/internal_message.html?_=1637286220243&CODE_STATE=getMsg HTTP/1.1" 200 27
116.235.93.2 - - [19/Nov/2021:09:43:46 +0800] "GET /xingrg/kc/buy/cgsh_order_operate.html?command=get_materiel&rest_code=00104&code=00101008088&supplier_code=00100005&order_time=2021-11-19 HTTP/1.1" 200 408
124.78.153.86 - - [19/Nov/2021:09:43:46 +0800] "GET /xingrg/check_reg.html?_=1637286222255 HTTP/1.1" 200 22
124.78.153.86 - - [19/Nov/2021:09:43:46 +0800] "GET /xingrg/all/function/internal_message.html?_=1637286222257&CODE_STATE=getMsg HTTP/1.1" 200 27
116.232.52.153 - - [19/Nov/2021:09:43:47 +0800] "GET /xingrg/all/function/internal_message.html?_=1637286225961&CODE_STATE=getMsg HTTP/1.1" 200 27
180.169.147.146 - - [19/Nov/2021:09:43:53 +0800] "GET /xingrg/all/function/internal_message.html?_=1637286232592&CODE_STATE=getMsg HTTP/1.1" 200 27
58.39.139.200 - - [19/Nov/2021:09:43:55 +0800] "GET /xingrg/all/function/internal_message.html?_=1637286235792&CODE_STATE=getMsg HTTP/1.1" 200 27
58.39.139.200 - - [19/Nov/2021:09:43:55 +0800] "GET /xingrg/check_reg.html?_=1637286235796 HTTP/1.1" 200 22
58.37.231.44 - - [19/Nov/2021:09:43:56 +0800] "GET /xingrg/all/function/internal_message.html?_=1637286062966&CODE_STATE=getMsg HTTP/1.1" 200 27
116.235.93.2 - - [19/Nov/2021:09:43:59 +0800] "GET /xingrg/kc/buy/cgsh_order_operate.html?command=get_materiel&rest_code=00104&code=00101008224&supplier_code=00100005&order_time=2021-11-19 HTTP/1.1" 200 416
58.37.231.44 - - [19/Nov/2021:09:44:04 +0800] "GET /xingrg/kc/buy/cgsh_order_operate.html?command=get_materiel&rest_code=00141&code=00101012025&supplier_code=00100036&order_time=2021-11-19 HTTP/1.1" 200 412
180.157.253.6 - - [19/Nov/2021:09:44:05 +0800] "GET /xingrg/all/function/internal_message.html?_=1637286244105&CODE_STATE=getMsg HTTP/1.1" 200 27
222.70.176.97 - - [19/Nov/2021:09:44:06 +0800] "GET /xingrg/kc/print/load_config.html?kc_code=cgsh HTTP/1.1" 200 2281
222.70.176.97 - - [19/Nov/2021:09:44:07 +0800] "GET /xingrg/kc/print/load_data.html?order_code=212021111907911&kc_code=cgsh&condition= HTTP/1.1" 200 7665
114.85.125.222 - - [19/Nov/2021:09:44:07 +0800] "GET /xingrg/check_reg.html?_=1637286223745 HTTP/1.1" 200 22
114.85.125.222 - - [19/Nov/2021:09:44:07 +0800] "GET /xingrg/all/function/internal_message.html?_=1637286223802&CODE_STATE=getMsg HTTP/1.1" 200 27
58.37.231.44 - - [19/Nov/2021:09:44:10 +0800] "GET /xingrg/kc/buy/cgsh_order_operate.html?command=get_materiel&rest_code=00141&code=00101012038&supplier_code=00100036&order_time=2021-11-19 HTTP/1.1" 200 412
222.70.176.97 - - [19/Nov/2021:09:44:11 +0800] "GET /xingrg/all/function/internal_message.html?_=1637286247033&CODE_STATE=getMsg HTTP/1.1" 200 27
116.238.248.233 - - [19/Nov/2021:09:44:12 +0800] "GET /xingrg/all/function/internal_message.html?_=1637286249419&CODE_STATE=getMsg HTTP/1.1" 200 27
116.235.93.2 - - [19/Nov/2021:09:44:13 +0800] "GET /xingrg/kc/buy/cgsh_order_operate.html?command=get_materiel&rest_code=00104&code=00101020152&supplier_code=00100005&order_time=2021-11-19 HTTP/1.1" 200 416
116.235.93.2 - - [19/Nov/2021:09:44:17 +0800] "POST /xingrg/kc/buy/cgsh_order_operate.html HTTP/1.1" 200 2065
114.85.125.222 - - [19/Nov/2021:09:44:17 +0800] "GET /xingrg/kc/buy/cgsh_order_add.html HTTP/1.1" 200 64528
114.85.125.222 - - [19/Nov/2021:09:44:17 +0800] "POST /xingrg/kc/buy/cgsh_order_operate.html HTTP/1.1" 200 8245
114.85.125.222 - - [19/Nov/2021:09:44:18 +0800] "GET /xingrg/javascript/easyui/themes/default/validatebox.css HTTP/1.1" 404 1104
120.253.135.82 - - [19/Nov/2021:09:44:19 +0800] "GET /xingrg/all/function/internal_message.html?_=1637285835258&CODE_STATE=getMsg HTTP/1.1" 200 27
120.253.135.82 - - [19/Nov/2021:09:44:19 +0800] "GET /xingrg/check_reg.html?_=1637285835261 HTTP/1.1" 200 22
116.227.210.113 - - [19/Nov/2021:09:44:23 +0800] "GET /xingrg/check_reg.html?_=1637286260082 HTTP/1.1" 200 22
222.69.132.206 - - [19/Nov/2021:09:44:24 +0800] "GET /xingrg/all/function/internal_message.html?_=1637286261421&CODE_STATE=getMsg HTTP/1.1" 200 27
58.37.231.44 - - [19/Nov/2021:09:44:24 +0800] "GET /xingrg/kc/buy/cgsh_order_operate.html?command=get_materiel&rest_code=00141&code=00101010063&supplier_code=00100036&order_time=2021-11-19 HTTP/1.1" 200 409
116.227.210.113 - - [19/Nov/2021:09:44:26 +0800] "GET /xingrg/all/function/internal_message.html?_=1637286262782&CODE_STATE=getMsg HTTP/1.1" 200 27
120.253.135.82 - - [19/Nov/2021:09:44:26 +0800] "GET /xingrg/all/function/internal_message.html?_=1637286211286&CODE_STATE=getMsg HTTP/1.1" 200 27
116.235.93.2 - - [19/Nov/2021:09:44:30 +0800] "GET /xingrg/kc/buy/cgsh_order_operate.html?command=get_materiel&rest_code=00104&code=00101008236&supplier_code=00100005&order_time=2021-11-19 HTTP/1.1" 200 416
114.85.125.222 - - [19/Nov/2021:09:44:33 +0800] "GET /xingrg/kc/buy/cgsh_order_operate.html?command=get_materiel&rest_code=00151&code=00101024042&supplier_code=00100098&order_time=2021-11-19 HTTP/1.1" 200 419
116.235.93.2 - - [19/Nov/2021:09:44:34 +0800] "GET /xingrg/check_reg.html?_=1637286754529 HTTP/1.1" 200 22
116.235.93.2 - - [19/Nov/2021:09:44:34 +0800] "GET /xingrg/all/function/internal_message.html?_=1637286754747&CODE_STATE=getMsg HTTP/1.1" 200 27
222.70.171.86 - - [19/Nov/2021:09:44:34 +0800] "GET /xingrg/all/function/internal_message.html?_=1637286271412&CODE_STATE=getMsg HTTP/1.1" 200 27
58.37.231.44 - - [19/Nov/2021:09:44:37 +0800] "GET /xingrg/kc/buy/cgsh_order_operate.html?command=get_materiel&rest_code=00141&code=00101010348&supplier_code=00100036&order_time=2021-11-19 HTTP/1.1" 200 417
120.253.135.82 - - [19/Nov/2021:09:44:38 +0800] "GET /xingrg/all/function/internal_message.html?_=1637286051076&CODE_STATE=getMsg HTTP/1.1" 200 27
180.169.147.146 - - [19/Nov/2021:09:44:38 +0800] "GET /xingrg/all/function/internal_message.html?_=1637286280246&CODE_STATE=getMsg HTTP/1.1" 200 27
116.235.93.2 - - [19/Nov/2021:09:44:43 +0800] "GET /xingrg/kc/buy/cgsh_order_operate.html?command=get_materiel&rest_code=00104&code=00101008356&supplier_code=00100005&order_time=2021-11-19 HTTP/1.1" 200 408
124.78.153.86 - - [19/Nov/2021:09:44:46 +0800] "GET /xingrg/all/function/internal_message.html?_=1637286282256&CODE_STATE=getMsg HTTP/1.1" 200 27
116.232.52.153 - - [19/Nov/2021:09:44:47 +0800] "GET /xingrg/all/function/internal_message.html?_=1637286285963&CODE_STATE=getMsg HTTP/1.1" 200 27
180.169.147.146 - - [19/Nov/2021:09:44:51 +0800] "GET /xingrg/check_reg.html?_=1637286290079 HTTP/1.1" 302 -
180.169.147.146 - - [19/Nov/2021:09:44:53 +0800] "GET /xingrg/all/function/internal_message.html?_=1637286292607&CODE_STATE=getMsg HTTP/1.1" 200 27
116.235.93.2 - - [19/Nov/2021:09:44:53 +0800] "GET /xingrg/kc/buy/cgsh_order_operate.html?command=get_materiel&rest_code=00104&code=00101008223&supplier_code=00100005&order_time=2021-11-19 HTTP/1.1" 200 412
114.85.125.222 - - [19/Nov/2021:09:44:55 +0800] "GET /xingrg/kc/buy/cgsh_order_operate.html?command=get_materiel&rest_code=00151&code=00101028055&supplier_code=00100098&order_time=2021-11-19 HTTP/1.1" 200 415
58.39.139.200 - - [19/Nov/2021:09:44:55 +0800] "GET /xingrg/all/function/internal_message.html?_=1637286295778&CODE_STATE=getMsg HTTP/1.1" 200 27
58.37.231.44 - - [19/Nov/2021:09:44:56 +0800] "GET /xingrg/check_reg.html?_=1637286122945 HTTP/1.1" 200 22
58.37.231.44 - - [19/Nov/2021:09:44:56 +0800] "GET /xingrg/all/function/internal_message.html?_=1637286122947&CODE_STATE=getMsg HTTP/1.1" 200 27
114.85.125.222 - - [19/Nov/2021:09:44:57 +0800] "POST /xingrg/all/common/load_select.html HTTP/1.1" 200 25
58.37.231.44 - - [19/Nov/2021:09:44:57 +0800] "GET /xingrg/kc/buy/cgsh_order_operate.html?command=get_materiel&rest_code=00141&code=00101012040&supplier_code=00100036&order_time=2021-11-19 HTTP/1.1" 200 413
116.235.93.2 - - [19/Nov/2021:09:44:59 +0800] "GET /xingrg/check_reg.html?_=1637286408611 HTTP/1.1" 302 -
116.235.93.2 - - [19/Nov/2021:09:45:05 +0800] "GET /xingrg/kc/buy/cgsh_order_operate.html?command=get_materiel&rest_code=00104&code=00101008131&supplier_code=00100005&order_time=2021-11-19 HTTP/1.1" 200 408
58.37.231.44 - - [19/Nov/2021:09:45:05 +0800] "GET /xingrg/kc/buy/cgsh_order_operate.html?command=get_materiel&rest_code=00141&code=00101016071&supplier_code=00100036&order_time=2021-11-19 HTTP/1.1" 200 416
222.70.176.97 - - [19/Nov/2021:09:45:05 +0800] "GET /xingrg/kc/buy/cgsh_order_add.html HTTP/1.1" 200 64871
180.157.253.6 - - [19/Nov/2021:09:45:05 +0800] "GET /xingrg/all/function/internal_message.html?_=1637286304100&CODE_STATE=getMsg HTTP/1.1" 200 27
222.70.176.97 - - [19/Nov/2021:09:45:05 +0800] "POST /xingrg/kc/buy/cgsh_order_operate.html HTTP/1.1" 200 8245
222.70.176.97 - - [19/Nov/2021:09:45:05 +0800] "GET /xingrg/javascript/easyui/themes/default/validatebox.css HTTP/1.1" 404 1104
114.85.125.222 - - [19/Nov/2021:09:45:07 +0800] "GET /xingrg/all/function/internal_message.html?_=1637286283817&CODE_STATE=getMsg HTTP/1.1" 200 27
222.70.176.97 - - [19/Nov/2021:09:45:11 +0800] "GET /xingrg/all/function/internal_message.html?_=1637286307011&CODE_STATE=getMsg HTTP/1.1" 200 27
116.238.248.233 - - [19/Nov/2021:09:45:12 +0800] "GET /xingrg/all/function/internal_message.html?_=1637286309417&CODE_STATE=getMsg HTTP/1.1" 200 27
58.37.231.44 - - [19/Nov/2021:09:45:12 +0800] "GET /xingrg/kc/buy/cgsh_order_operate.html?command=get_materiel&rest_code=00141&code=00101012002&supplier_code=00100036&order_time=2021-11-19 HTTP/1.1" 200 419
222.70.176.97 - - [19/Nov/2021:09:45:17 +0800] "GET /xingrg/kc/buy/cgsh_order_operate.html?command=get_materiel&rest_code=00111&code=00101007061&supplier_code=00100004&order_time=2021-11-19 HTTP/1.1" 200 409
116.235.93.2 - - [19/Nov/2021:09:45:21 +0800] "GET /xingrg/kc/buy/cgsh_order_operate.html?command=get_materiel&rest_code=00104&code=00101008098&supplier_code=00100005&order_time=2021-11-19 HTTP/1.1" 200 412
114.85.125.222 - - [19/Nov/2021:09:45:21 +0800] "GET /xingrg/kc/buy/cgsh_order_operate.html?command=get_materiel_price&rest_code=00151&code=00101028055&unit_code=00100179&supplier_code=00100098&order_time=2021-11-19 HTTP/1.1" 200 28
116.235.93.2 - - [19/Nov/2021:09:45:24 +0800] "POST /xingrg/kc/buy/cgsh_order_operate.html HTTP/1.1" 200 2065
222.69.132.206 - - [19/Nov/2021:09:45:24 +0800] "GET /xingrg/all/function/internal_message.html?_=1637286321420&CODE_STATE=getMsg HTTP/1.1" 200 27
58.37.231.44 - - [19/Nov/2021:09:45:25 +0800] "GET /xingrg/kc/buy/cgsh_order_operate.html?command=get_materiel&rest_code=00141&code=00101016105&supplier_code=00100036&order_time=2021-11-19 HTTP/1.1" 200 409
116.227.210.113 - - [19/Nov/2021:09:45:26 +0800] "GET /xingrg/all/function/internal_message.html?_=1637286322758&CODE_STATE=getMsg HTTP/1.1" 200 27
120.253.135.82 - - [19/Nov/2021:09:45:26 +0800] "GET /xingrg/all/function/internal_message.html?_=1637286271288&CODE_STATE=getMsg HTTP/1.1" 200 27
114.85.125.222 - - [19/Nov/2021:09:45:31 +0800] "GET /xingrg/kc/buy/cgsh_order_operate.html?command=get_materiel&rest_code=00151&code=00101028046&supplier_code=00100098&order_time=2021-11-19 HTTP/1.1" 200 433
116.235.93.2 - - [19/Nov/2021:09:45:31 +0800] "GET /xingrg/kc/buy/cgsh_order_operate.html?command=get_materiel&rest_code=00104&code=00101008114&supplier_code=00100005&order_time=2021-11-19 HTTP/1.1" 200 413
222.70.176.97 - - [19/Nov/2021:09:45:31 +0800] "GET /xingrg/kc/buy/cgsh_order_operate.html?command=get_materiel&rest_code=00111&code=00101007077&supplier_code=00100004&order_time=2021-11-19 HTTP/1.1" 200 415
58.37.231.44 - - [19/Nov/2021:09:45:33 +0800] "GET /xingrg/kc/buy/cgsh_order_operate.html?command=get_materiel&rest_code=00141&code=00101011005&supplier_code=00100036&order_time=2021-11-19 HTTP/1.1" 200 429
116.235.93.2 - - [19/Nov/2021:09:45:34 +0800] "GET /xingrg/all/function/internal_message.html?_=1637286814762&CODE_STATE=getMsg HTTP/1.1" 200 27
222.70.171.86 - - [19/Nov/2021:09:45:34 +0800] "GET /xingrg/all/function/internal_message.html?_=1637286331425&CODE_STATE=getMsg HTTP/1.1" 200 27
120.253.135.82 - - [19/Nov/2021:09:45:38 +0800] "GET /xingrg/all/function/internal_message.html?_=1637286111090&CODE_STATE=getMsg HTTP/1.1" 200 27
180.169.147.146 - - [19/Nov/2021:09:45:38 +0800] "GET /xingrg/all/function/internal_message.html?_=1637286340235&CODE_STATE=getMsg HTTP/1.1" 200 27
180.169.147.146 - - [19/Nov/2021:09:45:38 +0800] "GET /xingrg/check_reg.html?_=1637286340237 HTTP/1.1" 200 22
172.20.0.100 - - [19/Nov/2021:09:45:43 +0800] "GET /xingrg/check_reg.html?_=1637286333161 HTTP/1.1" 302 -
116.235.93.2 - - [19/Nov/2021:09:45:44 +0800] "GET /xingrg/kc/buy/cgsh_order_operate.html?command=get_materiel&rest_code=00104&code=00101009011&supplier_code=00100005&order_time=2021-11-19 HTTP/1.1" 200 416
222.70.176.97 - - [19/Nov/2021:09:45:45 +0800] "GET /xingrg/kc/buy/cgsh_order_operate.html?command=get_materiel&rest_code=00111&code=00101007038&supplier_code=00100004&order_time=2021-11-19 HTTP/1.1" 200 420
124.78.153.86 - - [19/Nov/2021:09:45:46 +0800] "GET /xingrg/all/function/internal_message.html?_=1637286342256&CODE_STATE=getMsg HTTP/1.1" 200 27
61.151.178.217 - - [19/Nov/2021:09:45:47 +0800] "GET /xingrg/all/function/internal_message.html?_=1637286282256&CODE_STATE=getMsg HTTP/1.1" 302 -
