120.253.135.82 - - [19/Nov/2021:06:30:59 +0800] "GET /xingrg/dwr/engine.js HTTP/1.1" 200 43631
120.253.135.82 - - [19/Nov/2021:06:31:02 +0800] "GET /xingrg/kc/pszx/mdqp_order_info.html?code=302021111800394 HTTP/1.1" 200 13350
120.253.135.82 - - [19/Nov/2021:06:31:02 +0800] "GET /xingrg/dwr/interface/AjaxComOrderService.js HTTP/1.1" 200 18264
120.253.135.82 - - [19/Nov/2021:06:31:02 +0800] "GET /xingrg/dwr/interface/AjaxQqpsService.js HTTP/1.1" 200 16326
120.253.135.82 - - [19/Nov/2021:06:31:02 +0800] "GET /xingrg/dwr/engine.js HTTP/1.1" 200 43631
120.253.135.82 - - [19/Nov/2021:06:31:02 +0800] "POST /xingrg/dwr/call/plaincall/AjaxQqpsService.loadMaterielItems.dwr HTTP/1.1" 200 1428
120.253.135.82 - - [19/Nov/2021:06:31:04 +0800] "GET /xingrg/kc/pszx/mdqp_order_list.html?isBack=1 HTTP/1.1" 302 -
120.253.135.82 - - [19/Nov/2021:06:31:05 +0800] "GET /xingrg/images/yd/bt2.gif HTTP/1.1" 404 1042
120.253.135.82 - - [19/Nov/2021:06:31:05 +0800] "GET /xingrg/images/yd/bt.gif HTTP/1.1" 404 1040
120.253.135.82 - - [19/Nov/2021:06:31:05 +0800] "GET /xingrg/kc/pszx/mdqp_order_list.html?state=10 HTTP/1.1" 200 12671
120.253.135.82 - - [19/Nov/2021:06:31:05 +0800] "GET /xingrg/dwr/interface/AjaxQqpsService.js HTTP/1.1" 200 16326
120.253.135.82 - - [19/Nov/2021:06:31:05 +0800] "GET /xingrg/dwr/interface/AjaxReportQueryService.js HTTP/1.1" 200 13203
120.253.135.82 - - [19/Nov/2021:06:31:05 +0800] "GET /xingrg/dwr/engine.js HTTP/1.1" 200 43631
180.169.147.146 - - [19/Nov/2021:06:31:10 +0800] "GET /xingrg/all/function/internal_message.html?_=1637274678858&CODE_STATE=getMsg HTTP/1.1" 200 27
116.238.248.233 - - [19/Nov/2021:06:31:10 +0800] "GET /xingrg/all/function/internal_message.html?_=1637274668291&CODE_STATE=getMsg HTTP/1.1" 200 27
116.238.248.233 - - [19/Nov/2021:06:31:10 +0800] "GET /xingrg/check_reg.html?_=1637274668293 HTTP/1.1" 200 22
120.253.135.82 - - [19/Nov/2021:06:31:12 +0800] "GET /xingrg/kc/pszx/mdqp_order_info.html?code=302021111800389 HTTP/1.1" 200 13350
120.253.135.82 - - [19/Nov/2021:06:31:12 +0800] "GET /xingrg/dwr/interface/AjaxComOrderService.js HTTP/1.1" 200 18264
120.253.135.82 - - [19/Nov/2021:06:31:12 +0800] "GET /xingrg/dwr/interface/AjaxQqpsService.js HTTP/1.1" 200 16326
120.253.135.82 - - [19/Nov/2021:06:31:12 +0800] "GET /xingrg/dwr/engine.js HTTP/1.1" 200 43631
120.253.135.82 - - [19/Nov/2021:06:31:12 +0800] "POST /xingrg/dwr/call/plaincall/AjaxQqpsService.loadMaterielItems.dwr HTTP/1.1" 200 3022
120.253.135.82 - - [19/Nov/2021:06:31:23 +0800] "GET /xingrg/all/function/internal_message.html?_=1637274627858&CODE_STATE=getMsg HTTP/1.1" 200 27
120.253.135.82 - - [19/Nov/2021:06:31:26 +0800] "GET /xingrg/images/yd/bt.gif HTTP/1.1" 404 1040
120.253.135.82 - - [19/Nov/2021:06:31:26 +0800] "GET /xingrg/images/yd/bt2.gif HTTP/1.1" 404 1042
120.253.135.82 - - [19/Nov/2021:06:31:28 +0800] "GET /xingrg/kc/pszx/mdqp_order_list.html?isBack=1 HTTP/1.1" 302 -
120.253.135.82 - - [19/Nov/2021:06:31:28 +0800] "GET /xingrg/kc/pszx/mdqp_order_list.html?state=10 HTTP/1.1" 200 12671
120.253.135.82 - - [19/Nov/2021:06:31:28 +0800] "GET /xingrg/dwr/interface/AjaxReportQueryService.js HTTP/1.1" 200 13203
120.253.135.82 - - [19/Nov/2021:06:31:28 +0800] "GET /xingrg/dwr/interface/AjaxQqpsService.js HTTP/1.1" 200 16326
120.253.135.82 - - [19/Nov/2021:06:31:28 +0800] "GET /xingrg/dwr/engine.js HTTP/1.1" 200 43631
120.253.135.82 - - [19/Nov/2021:06:31:34 +0800] "GET /xingrg/kc/pszx/jzcl_ps.html HTTP/1.1" 200 7683
120.253.135.82 - - [19/Nov/2021:06:31:34 +0800] "GET /xingrg/javascript/step/step.css HTTP/1.1" 304 -
120.253.135.82 - - [19/Nov/2021:06:31:34 +0800] "GET /xingrg/css/table.css HTTP/1.1" 304 -
120.253.135.82 - - [19/Nov/2021:06:31:34 +0800] "GET /xingrg/javascript/step/images/navCurrentBtn.gif HTTP/1.1" 304 -
120.253.135.82 - - [19/Nov/2021:06:31:34 +0800] "GET /xingrg/javascript/jquery_easy_ui/themes/default/images/button_a_bg.gif HTTP/1.1" 304 -
120.253.135.82 - - [19/Nov/2021:06:31:34 +0800] "GET /xingrg/javascript/jquery_easy_ui/themes/default/images/button_span_bg.gif HTTP/1.1" 304 -
120.253.135.82 - - [19/Nov/2021:06:31:34 +0800] "GET /xingrg/javascript/jquery_easy_ui/themes/icons/search.png HTTP/1.1" 304 -
120.253.135.82 - - [19/Nov/2021:06:31:34 +0800] "GET /xingrg/javascript/jquery_easy_ui/themes/default/images/combo_arrow_dot.gif HTTP/1.1" 304 -
120.253.135.82 - - [19/Nov/2021:06:31:34 +0800] "GET /xingrg/javascript/jquery_easy_ui/themes/default/images/calendar_prevmonth.gif HTTP/1.1" 304 -
120.253.135.82 - - [19/Nov/2021:06:31:34 +0800] "GET /xingrg/javascript/jquery_easy_ui/themes/default/images/calendar_nextmonth.gif HTTP/1.1" 304 -
120.253.135.82 - - [19/Nov/2021:06:31:34 +0800] "GET /xingrg/javascript/jquery_easy_ui/themes/default/images/calendar_prevyear.gif HTTP/1.1" 304 -
120.253.135.82 - - [19/Nov/2021:06:31:34 +0800] "GET /xingrg/javascript/jquery_easy_ui/themes/default/images/calendar_nextyear.gif HTTP/1.1" 304 -
120.253.135.82 - - [19/Nov/2021:06:31:34 +0800] "POST /xingrg/all/common/load_tree.html?tree=area_rest_tree_json HTTP/1.1" 200 3472
120.253.135.82 - - [19/Nov/2021:06:31:34 +0800] "GET /xingrg/images/control/ajaxLoader.gif HTTP/1.1" 304 -
120.253.135.82 - - [19/Nov/2021:06:31:34 +0800] "GET /xingrg/javascript/jquery_easy_ui/themes/default/images/datagrid_header_bg.gif HTTP/1.1" 304 -
120.253.135.82 - - [19/Nov/2021:06:31:34 +0800] "GET /xingrg/javascript/jquery_easy_ui/themes/default/images/pagination_loading.gif HTTP/1.1" 304 -
120.253.135.82 - - [19/Nov/2021:06:31:35 +0800] "GET /xingrg/javascript/jquery_easy_ui/themes/default/images/tree_checkbox_0.gif HTTP/1.1" 304 -
120.253.135.82 - - [19/Nov/2021:06:31:35 +0800] "GET /xingrg/javascript/jquery_easy_ui/themes/icons/rest.png HTTP/1.1" 304 -
120.253.135.82 - - [19/Nov/2021:06:31:35 +0800] "POST /xingrg/kc/pszx/jzcl_ps_operate.html HTTP/1.1" 200 2563
120.253.135.82 - - [19/Nov/2021:06:31:35 +0800] "POST /xingrg/kc/pszx/jzcl_ps_operate.html HTTP/1.1" 200 2563
180.157.253.6 - - [19/Nov/2021:06:31:37 +0800] "GET /xingrg/check_reg.html?_=1637274696282 HTTP/1.1" 200 22
180.157.253.6 - - [19/Nov/2021:06:31:37 +0800] "GET /xingrg/all/function/internal_message.html?_=1637274696284&CODE_STATE=getMsg HTTP/1.1" 200 27
180.169.147.146 - - [19/Nov/2021:06:31:38 +0800] "GET /xingrg/all/function/internal_message.html?_=1637274699912&CODE_STATE=getMsg HTTP/1.1" 200 27
120.253.135.82 - - [19/Nov/2021:06:31:40 +0800] "GET /xingrg/all/function/internal_message.html?_=1637274472745&CODE_STATE=getMsg HTTP/1.1" 200 27
120.253.135.82 - - [19/Nov/2021:06:31:43 +0800] "POST /xingrg/kc/pszx/jzcl_ps_operate.html HTTP/1.1" 200 4
120.253.135.82 - - [19/Nov/2021:06:31:43 +0800] "GET /xingrg/javascript/step/images/navBtn.gif HTTP/1.1" 200 361
120.253.135.82 - - [19/Nov/2021:06:31:43 +0800] "GET /xingrg/javascript/step/images/navBtn.gif HTTP/1.1" 200 361
120.253.135.82 - - [19/Nov/2021:06:31:43 +0800] "GET /xingrg/javascript/step/images/navLastDoneBtn.gif HTTP/1.1" 304 -
120.253.135.82 - - [19/Nov/2021:06:31:43 +0800] "GET /xingrg/javascript/step/images/navDoneBtn.gif HTTP/1.1" 304 -
124.78.153.86 - - [19/Nov/2021:06:31:46 +0800] "GET /xingrg/all/function/internal_message.html?_=1637274702086&CODE_STATE=getMsg HTTP/1.1" 200 27
120.253.135.82 - - [19/Nov/2021:06:31:48 +0800] "GET /xingrg/kc/pszx/mdps_order_list.html HTTP/1.1" 200 21089
120.253.135.82 - - [19/Nov/2021:06:31:48 +0800] "GET /xingrg/css/base.css HTTP/1.1" 304 -
120.253.135.82 - - [19/Nov/2021:06:31:48 +0800] "GET /xingrg/javascript/jquery_tools/datebox.css HTTP/1.1" 304 -
120.253.135.82 - - [19/Nov/2021:06:31:48 +0800] "GET /xingrg/css/site.css HTTP/1.1" 304 -
120.253.135.82 - - [19/Nov/2021:06:31:48 +0800] "GET /xingrg/javascript/easyui/themes/default/easyui.css HTTP/1.1" 304 -
120.253.135.82 - - [19/Nov/2021:06:31:48 +0800] "GET /xingrg/javascript/jquery_tools/list_manager.js HTTP/1.1" 304 -
120.253.135.82 - - [19/Nov/2021:06:31:48 +0800] "GET /xingrg/javascript/jquery_tools/fix.css HTTP/1.1" 304 -
120.253.135.82 - - [19/Nov/2021:06:31:48 +0800] "GET /xingrg/javascript/easyui/themes/icon.css HTTP/1.1" 304 -
120.253.135.82 - - [19/Nov/2021:06:31:48 +0800] "GET /xingrg/javascript/jquery_tools/jquery.tools.hotkey.js HTTP/1.1" 304 -
120.253.135.82 - - [19/Nov/2021:06:31:48 +0800] "GET /xingrg/javascript/auto/jquery.autocomplete.css HTTP/1.1" 304 -
120.253.135.82 - - [19/Nov/2021:06:31:48 +0800] "GET /xingrg/javascript/jquery_tools/table.css HTTP/1.1" 304 -
120.253.135.82 - - [19/Nov/2021:06:31:48 +0800] "GET /xingrg/javascript/jquery_tools/jquery.tools.table.js HTTP/1.1" 304 -
120.253.135.82 - - [19/Nov/2021:06:31:48 +0800] "GET /xingrg/javascript/easyui/easyloader.js HTTP/1.1" 304 -
120.253.135.82 - - [19/Nov/2021:06:31:48 +0800] "GET /xingrg/javascript/jquery_tools/jquery.tools.extend.js HTTP/1.1" 304 -
120.253.135.82 - - [19/Nov/2021:06:31:48 +0800] "GET /xingrg/javascript/jquery_tools/jquery.tools.min.js HTTP/1.1" 304 -
120.253.135.82 - - [19/Nov/2021:06:31:48 +0800] "GET /xingrg/javascript/jquery.cookie.js HTTP/1.1" 304 -
120.253.135.82 - - [19/Nov/2021:06:31:49 +0800] "POST /xingrg/kc/pszx/jzcl_ps_operate.html HTTP/1.1" 200 2166
120.253.135.82 - - [19/Nov/2021:06:31:49 +0800] "GET /xingrg/javascript/easyui/themes/icons/edit_add_new.png HTTP/1.1" 304 -
120.253.135.82 - - [19/Nov/2021:06:31:49 +0800] "GET /xingrg/javascript/easyui/themes/icons/check_new.png HTTP/1.1" 304 -
120.253.135.82 - - [19/Nov/2021:06:31:49 +0800] "GET /xingrg/javascript/easyui/themes/icons/cance_new.png HTTP/1.1" 304 -
120.253.135.82 - - [19/Nov/2021:06:31:49 +0800] "GET /xingrg/javascript/easyui/themes/icons/uncheck_new.png HTTP/1.1" 304 -
120.253.135.82 - - [19/Nov/2021:06:31:49 +0800] "GET /xingrg/javascript/easyui/themes/icons/import_new.png HTTP/1.1" 304 -
120.253.135.82 - - [19/Nov/2021:06:31:49 +0800] "GET /xingrg/javascript/easyui/themes/icons/field_new.png HTTP/1.1" 304 -
120.253.135.82 - - [19/Nov/2021:06:31:49 +0800] "GET /xingrg/javascript/easyui/plugins/jquery.parser.js HTTP/1.1" 304 -
120.253.135.82 - - [19/Nov/2021:06:31:49 +0800] "POST /xingrg/kc/pszx/mdps_list_operate.html HTTP/1.1" 200 5202
180.169.147.146 - - [19/Nov/2021:06:31:50 +0800] "GET /xingrg/all/function/internal_message.html?_=1637274709656&CODE_STATE=getMsg HTTP/1.1" 200 27
120.253.135.82 - - [19/Nov/2021:06:31:51 +0800] "GET /xingrg/kc/pszx/jzcl_ps.html HTTP/1.1" 200 7683
120.253.135.82 - - [19/Nov/2021:06:31:52 +0800] "POST /xingrg/all/common/load_tree.html?tree=area_rest_tree_json HTTP/1.1" 200 3472
120.253.135.82 - - [19/Nov/2021:06:31:52 +0800] "POST /xingrg/kc/pszx/jzcl_ps_operate.html HTTP/1.1" 200 2166
120.253.135.82 - - [19/Nov/2021:06:31:52 +0800] "POST /xingrg/kc/pszx/jzcl_ps_operate.html HTTP/1.1" 200 2166
120.253.135.82 - - [19/Nov/2021:06:32:02 +0800] "POST /xingrg/kc/pszx/jzcl_ps_operate.html HTTP/1.1" 200 4
120.253.135.82 - - [19/Nov/2021:06:32:04 +0800] "POST /xingrg/kc/pszx/jzcl_ps_operate.html HTTP/1.1" 200 1684
120.253.135.82 - - [19/Nov/2021:06:32:04 +0800] "GET /xingrg/kc/pszx/mdps_order_list.html HTTP/1.1" 200 21089
120.253.135.82 - - [19/Nov/2021:06:32:04 +0800] "POST /xingrg/kc/pszx/mdps_list_operate.html HTTP/1.1" 200 5202
120.253.135.82 - - [19/Nov/2021:06:32:06 +0800] "GET /xingrg/check_reg.html?_=1637274671477 HTTP/1.1" 200 22
120.253.135.82 - - [19/Nov/2021:06:32:07 +0800] "GET /xingrg/kc/pszx/jzcl_ps.html HTTP/1.1" 200 7683
120.253.135.82 - - [19/Nov/2021:06:32:07 +0800] "POST /xingrg/all/common/load_tree.html?tree=area_rest_tree_json HTTP/1.1" 200 3472
120.253.135.82 - - [19/Nov/2021:06:32:08 +0800] "POST /xingrg/kc/pszx/jzcl_ps_operate.html HTTP/1.1" 200 1684
120.253.135.82 - - [19/Nov/2021:06:32:08 +0800] "POST /xingrg/kc/pszx/jzcl_ps_operate.html HTTP/1.1" 200 1684
180.169.147.146 - - [19/Nov/2021:06:32:10 +0800] "GET /xingrg/all/function/internal_message.html?_=1637274738842&CODE_STATE=getMsg HTTP/1.1" 200 27
116.238.248.233 - - [19/Nov/2021:06:32:10 +0800] "GET /xingrg/all/function/internal_message.html?_=1637274728298&CODE_STATE=getMsg HTTP/1.1" 200 27
120.253.135.82 - - [19/Nov/2021:06:32:16 +0800] "POST /xingrg/kc/pszx/jzcl_ps_operate.html HTTP/1.1" 200 4
120.253.135.82 - - [19/Nov/2021:06:32:17 +0800] "GET /xingrg/kc/pszx/mdps_order_list.html HTTP/1.1" 200 21089
120.253.135.82 - - [19/Nov/2021:06:32:17 +0800] "POST /xingrg/kc/pszx/jzcl_ps_operate.html HTTP/1.1" 200 1307
120.253.135.82 - - [19/Nov/2021:06:32:18 +0800] "POST /xingrg/kc/pszx/mdps_list_operate.html HTTP/1.1" 200 5202
120.253.135.82 - - [19/Nov/2021:06:32:20 +0800] "GET /xingrg/kc/pszx/jzcl_ps.html HTTP/1.1" 200 7683
120.253.135.82 - - [19/Nov/2021:06:32:21 +0800] "POST /xingrg/all/common/load_tree.html?tree=area_rest_tree_json HTTP/1.1" 200 3472
120.253.135.82 - - [19/Nov/2021:06:32:21 +0800] "POST /xingrg/kc/pszx/jzcl_ps_operate.html HTTP/1.1" 200 1307
120.253.135.82 - - [19/Nov/2021:06:32:21 +0800] "POST /xingrg/kc/pszx/jzcl_ps_operate.html HTTP/1.1" 200 1307
120.253.135.82 - - [19/Nov/2021:06:32:23 +0800] "GET /xingrg/all/function/internal_message.html?_=1637274687872&CODE_STATE=getMsg HTTP/1.1" 200 27
120.253.135.82 - - [19/Nov/2021:06:32:25 +0800] "GET /xingrg/kc/pszx/mdqp_order_info.html?type=look&code=302021111800393 HTTP/1.1" 200 13046
120.253.135.82 - - [19/Nov/2021:06:32:25 +0800] "GET /xingrg/dwr/engine.js HTTP/1.1" 200 43631
120.253.135.82 - - [19/Nov/2021:06:32:25 +0800] "GET /favicon.ico HTTP/1.1" 404 -
120.253.135.82 - - [19/Nov/2021:06:32:26 +0800] "POST /xingrg/dwr/call/plaincall/AjaxQqpsService.loadMaterielItems.dwr HTTP/1.1" 200 623
124.78.153.86 - - [19/Nov/2021:06:32:33 +0800] "POST /xingrg/services/DataTransmitService HTTP/1.1" 200 524
124.78.153.86 - - [19/Nov/2021:06:32:34 +0800] "POST /xingrg/services/DataTransmitService HTTP/1.1" 200 501
120.253.135.82 - - [19/Nov/2021:06:32:34 +0800] "POST /xingrg/kc/pszx/jzcl_ps_operate.html HTTP/1.1" 200 4
120.253.135.82 - - [19/Nov/2021:06:32:35 +0800] "GET /xingrg/kc/pszx/mdps_order_list.html HTTP/1.1" 200 21089
120.253.135.82 - - [19/Nov/2021:06:32:36 +0800] "POST /xingrg/kc/pszx/jzcl_ps_operate.html HTTP/1.1" 200 476
120.253.135.82 - - [19/Nov/2021:06:32:36 +0800] "POST /xingrg/kc/pszx/mdps_list_operate.html HTTP/1.1" 200 5261
180.157.253.6 - - [19/Nov/2021:06:32:37 +0800] "GET /xingrg/all/function/internal_message.html?_=1637274756282&CODE_STATE=getMsg HTTP/1.1" 200 27
180.169.147.146 - - [19/Nov/2021:06:32:38 +0800] "GET /xingrg/all/function/internal_message.html?_=1637274759910&CODE_STATE=getMsg HTTP/1.1" 200 27
120.253.135.82 - - [19/Nov/2021:06:32:40 +0800] "GET /xingrg/check_reg.html?_=1637274532445 HTTP/1.1" 200 22
120.253.135.82 - - [19/Nov/2021:06:32:40 +0800] "GET /xingrg/all/function/internal_message.html?_=1637274532761&CODE_STATE=getMsg HTTP/1.1" 200 27
120.253.135.82 - - [19/Nov/2021:06:32:41 +0800] "GET /xingrg/kc/pszx/mdqp_order_list.html?state=10 HTTP/1.1" 200 10657
120.253.135.82 - - [19/Nov/2021:06:32:41 +0800] "GET /xingrg/dwr/interface/AjaxReportQueryService.js HTTP/1.1" 200 13203
120.253.135.82 - - [19/Nov/2021:06:32:41 +0800] "GET /xingrg/dwr/interface/AjaxQqpsService.js HTTP/1.1" 200 16326
120.253.135.82 - - [19/Nov/2021:06:32:41 +0800] "GET /xingrg/dwr/engine.js HTTP/1.1" 200 43631
120.253.135.82 - - [19/Nov/2021:06:32:43 +0800] "GET /xingrg/javascript/jquery_easy_ui/themes/default/images/tabs_active.png HTTP/1.1" 304 -
120.253.135.82 - - [19/Nov/2021:06:32:43 +0800] "GET /xingrg/javascript/jquery_easy_ui/themes/default/images/tabs_active.png HTTP/1.1" 304 -
124.78.153.86 - - [19/Nov/2021:06:32:46 +0800] "GET /xingrg/all/function/internal_message.html?_=1637274762086&CODE_STATE=getMsg HTTP/1.1" 200 27
180.169.147.146 - - [19/Nov/2021:06:32:50 +0800] "GET /xingrg/all/function/internal_message.html?_=1637274769677&CODE_STATE=getMsg HTTP/1.1" 200 27
180.169.147.146 - - [19/Nov/2021:06:33:10 +0800] "GET /xingrg/all/function/internal_message.html?_=1637274798827&CODE_STATE=getMsg HTTP/1.1" 200 27
116.238.248.233 - - [19/Nov/2021:06:33:10 +0800] "GET /xingrg/all/function/internal_message.html?_=1637274788304&CODE_STATE=getMsg HTTP/1.1" 200 27
120.253.135.82 - - [19/Nov/2021:06:33:23 +0800] "GET /xingrg/all/function/internal_message.html?_=1637274747885&CODE_STATE=getMsg HTTP/1.1" 200 27
180.169.147.146 - - [19/Nov/2021:06:33:36 +0800] "GET /xingrg/check_reg.html?_=1637274815475 HTTP/1.1" 200 22
180.157.253.6 - - [19/Nov/2021:06:33:37 +0800] "GET /xingrg/all/function/internal_message.html?_=1637274816282&CODE_STATE=getMsg HTTP/1.1" 200 27
180.169.147.146 - - [19/Nov/2021:06:33:38 +0800] "GET /xingrg/all/function/internal_message.html?_=1637274819909&CODE_STATE=getMsg HTTP/1.1" 200 27
120.253.135.82 - - [19/Nov/2021:06:33:40 +0800] "GET /xingrg/all/function/internal_message.html?_=1637274592779&CODE_STATE=getMsg HTTP/1.1" 200 27
124.78.153.86 - - [19/Nov/2021:06:33:46 +0800] "GET /xingrg/all/function/internal_message.html?_=1637274822088&CODE_STATE=getMsg HTTP/1.1" 200 27
124.78.153.86 - - [19/Nov/2021:06:33:46 +0800] "GET /xingrg/check_reg.html?_=1637274822086 HTTP/1.1" 200 22
180.169.147.146 - - [19/Nov/2021:06:33:50 +0800] "GET /xingrg/all/function/internal_message.html?_=1637274829683&CODE_STATE=getMsg HTTP/1.1" 200 27
180.169.147.146 - - [19/Nov/2021:06:34:10 +0800] "GET /xingrg/all/function/internal_message.html?_=1637274858816&CODE_STATE=getMsg HTTP/1.1" 200 27
116.238.248.233 - - [19/Nov/2021:06:34:10 +0800] "GET /xingrg/all/function/internal_message.html?_=1637274848303&CODE_STATE=getMsg HTTP/1.1" 200 27
58.40.7.146 - - [19/Nov/2021:06:34:16 +0800] "POST /xingrg/services/DataTransmitService HTTP/1.1" 200 524
180.169.147.146 - - [19/Nov/2021:06:34:21 +0800] "GET /xingrg/check_reg.html?_=1637274870088 HTTP/1.1" 200 22
120.253.135.82 - - [19/Nov/2021:06:34:23 +0800] "GET /xingrg/all/function/internal_message.html?_=1637274807912&CODE_STATE=getMsg HTTP/1.1" 200 27
120.253.135.82 - - [19/Nov/2021:06:34:27 +0800] "GET /xingrg/kc/pszx/mdqp_order_list.html?state=10 HTTP/1.1" 200 10657
120.253.135.82 - - [19/Nov/2021:06:34:27 +0800] "GET /xingrg/dwr/interface/AjaxReportQueryService.js HTTP/1.1" 200 13203
120.253.135.82 - - [19/Nov/2021:06:34:27 +0800] "GET /xingrg/dwr/interface/AjaxQqpsService.js HTTP/1.1" 200 16326
120.253.135.82 - - [19/Nov/2021:06:34:27 +0800] "GET /xingrg/dwr/engine.js HTTP/1.1" 200 43631
120.253.135.82 - - [19/Nov/2021:06:34:30 +0800] "GET /xingrg/kc/pszx/mdps_order_list.html?orderType=0 HTTP/1.1" 200 21089
120.253.135.82 - - [19/Nov/2021:06:34:30 +0800] "POST /xingrg/kc/pszx/mdps_list_operate.html HTTP/1.1" 200 5261
180.157.253.6 - - [19/Nov/2021:06:34:37 +0800] "GET /xingrg/all/function/internal_message.html?_=1637274876282&CODE_STATE=getMsg HTTP/1.1" 200 27
180.169.147.146 - - [19/Nov/2021:06:34:38 +0800] "GET /xingrg/all/function/internal_message.html?_=1637274879907&CODE_STATE=getMsg HTTP/1.1" 200 27
120.253.135.82 - - [19/Nov/2021:06:34:39 +0800] "GET /xingrg/javascript/auto/indicator.gif HTTP/1.1" 404 1066
120.253.135.82 - - [19/Nov/2021:06:34:40 +0800] "GET /xingrg/all/function/internal_message.html?_=1637274652785&CODE_STATE=getMsg HTTP/1.1" 200 27
120.253.135.82 - - [19/Nov/2021:06:34:43 +0800] "POST /xingrg/kc/pszx/mdps_list_operate.html HTTP/1.1" 200 3134
124.78.153.86 - - [19/Nov/2021:06:34:46 +0800] "GET /xingrg/all/function/internal_message.html?_=1637274882076&CODE_STATE=getMsg HTTP/1.1" 200 27
180.169.147.146 - - [19/Nov/2021:06:34:50 +0800] "GET /xingrg/all/function/internal_message.html?_=1637274889696&CODE_STATE=getMsg HTTP/1.1" 200 27
120.253.135.82 - - [19/Nov/2021:06:34:51 +0800] "POST /xingrg/kc/pszx/mdps_list_operate.html HTTP/1.1" 200 366
120.253.135.82 - - [19/Nov/2021:06:34:56 +0800] "POST /xingrg/kc/pszx/mdps_list_operate.html HTTP/1.1" 200 217
120.253.135.82 - - [19/Nov/2021:06:34:58 +0800] "GET /xingrg/kc/pszx/mdps_order_info.html?code=312021111800461 HTTP/1.1" 200 23923
120.253.135.82 - - [19/Nov/2021:06:34:58 +0800] "GET /xingrg/javascript/jquery_tools/order_manager.js HTTP/1.1" 304 -
120.253.135.82 - - [19/Nov/2021:06:34:58 +0800] "GET /xingrg/javascript/convert.js HTTP/1.1" 304 -
120.253.135.82 - - [19/Nov/2021:06:34:58 +0800] "GET /xingrg/javascript/json2.js HTTP/1.1" 304 -
120.253.135.82 - - [19/Nov/2021:06:34:58 +0800] "GET /xingrg/words/20211118120410_words.js HTTP/1.1" 304 -
120.253.135.82 - - [19/Nov/2021:06:34:58 +0800] "GET /xingrg/javascript/easyui/themes/icons/ok.png HTTP/1.1" 304 -
120.253.135.82 - - [19/Nov/2021:06:34:58 +0800] "GET /xingrg/javascript/easyui/themes/icons/copy_new.png HTTP/1.1" 304 -
120.253.135.82 - - [19/Nov/2021:06:34:58 +0800] "GET /xingrg/javascript/easyui/themes/icons/print.png HTTP/1.1" 304 -
120.253.135.82 - - [19/Nov/2021:06:34:58 +0800] "GET /xingrg/javascript/easyui/themes/icons/cancel.png HTTP/1.1" 304 -
120.253.135.82 - - [19/Nov/2021:06:34:58 +0800] "GET /xingrg/javascript/easyui/themes/default/images/menu_downarrow.png HTTP/1.1" 304 -
120.253.135.82 - - [19/Nov/2021:06:34:58 +0800] "GET /xingrg/javascript/easyui/themes/default/validatebox.css HTTP/1.1" 404 1104
120.253.135.82 - - [19/Nov/2021:06:34:59 +0800] "GET /xingrg/javascript/easyui/plugins/jquery.validatebox.js HTTP/1.1" 304 -
120.253.135.82 - - [19/Nov/2021:06:34:59 +0800] "GET /xingrg/javascript/easyui/plugins/jquery.numberbox.js HTTP/1.1" 304 -
120.253.135.82 - - [19/Nov/2021:06:34:59 +0800] "GET /xingrg/all/common/auto_word.html?type=base&rest_code=00101 HTTP/1.1" 200 613
120.253.135.82 - - [19/Nov/2021:06:34:59 +0800] "POST /xingrg/kc/pszx/mdps_order_operate.html HTTP/1.1" 200 2301
120.253.135.82 - - [19/Nov/2021:06:34:59 +0800] "GET /xingrg/javascript/easyui/themes/icons/edit_remove.png HTTP/1.1" 304 -
116.235.93.2 - - [19/Nov/2021:06:34:59 +0800] "GET /xingrg/check_reg.html?_=1637275009369 HTTP/1.1" 302 -
180.169.147.146 - - [19/Nov/2021:06:35:10 +0800] "GET /xingrg/all/function/internal_message.html?_=1637274918794&CODE_STATE=getMsg HTTP/1.1" 200 27
116.238.248.233 - - [19/Nov/2021:06:35:10 +0800] "GET /xingrg/all/function/internal_message.html?_=1637274908318&CODE_STATE=getMsg HTTP/1.1" 200 27
120.253.135.82 - - [19/Nov/2021:06:35:21 +0800] "GET /xingrg/kc/pszx/mdps_order_operate.html?command=get_materiel&pszx_code=00101&rest_code=00109&base_code=0010570&code=00101025033 HTTP/1.1" 200 465
120.253.135.82 - - [19/Nov/2021:06:35:23 +0800] "GET /xingrg/all/function/internal_message.html?_=1637274867927&CODE_STATE=getMsg HTTP/1.1" 200 27
120.253.135.82 - - [19/Nov/2021:06:35:23 +0800] "POST /xingrg/all/common/load_select.html HTTP/1.1" 200 25
120.253.135.82 - - [19/Nov/2021:06:35:25 +0800] "GET /xingrg/kc/pszx/mdps_order_operate.html?command=get_materiel_price&pszx_code=00101&rest_code=00109&base_code=0010570&code=00101025033&unit_code=00100189&order_time=2021-11-19 HTTP/1.1" 200 35
120.253.135.82 - - [19/Nov/2021:06:35:36 +0800] "GET /xingrg/kc/pszx/mdps_order_operate.html?command=get_materiel&pszx_code=00101&rest_code=00109&base_code=0010570&code=00101025014 HTTP/1.1" 200 464
180.157.253.6 - - [19/Nov/2021:06:35:37 +0800] "GET /xingrg/all/function/internal_message.html?_=1637274936282&CODE_STATE=getMsg HTTP/1.1" 200 27
120.253.135.82 - - [19/Nov/2021:06:35:38 +0800] "POST /xingrg/all/common/load_select.html HTTP/1.1" 200 25
180.169.147.146 - - [19/Nov/2021:06:35:38 +0800] "GET /xingrg/check_reg.html?_=1637274939905 HTTP/1.1" 200 22
180.169.147.146 - - [19/Nov/2021:06:35:38 +0800] "GET /xingrg/all/function/internal_message.html?_=1637274939907&CODE_STATE=getMsg HTTP/1.1" 200 27
120.253.135.82 - - [19/Nov/2021:06:35:40 +0800] "GET /xingrg/all/function/internal_message.html?_=1637274712799&CODE_STATE=getMsg HTTP/1.1" 200 27
120.253.135.82 - - [19/Nov/2021:06:35:40 +0800] "GET /xingrg/kc/pszx/mdps_order_operate.html?command=get_materiel_price&pszx_code=00101&rest_code=00109&base_code=0010570&code=00101025014&unit_code=00100189&order_time=2021-11-19 HTTP/1.1" 200 36
172.20.0.100 - - [19/Nov/2021:06:35:44 +0800] "GET /xingrg/check_reg.html?_=1637274934054 HTTP/1.1" 302 -
124.78.153.86 - - [19/Nov/2021:06:35:46 +0800] "GET /xingrg/all/function/internal_message.html?_=1637274942076&CODE_STATE=getMsg HTTP/1.1" 200 27
180.169.147.146 - - [19/Nov/2021:06:35:50 +0800] "GET /xingrg/all/function/internal_message.html?_=1637274949722&CODE_STATE=getMsg HTTP/1.1" 200 27
120.253.135.82 - - [19/Nov/2021:06:35:56 +0800] "GET /xingrg/javascript/easyui/themes/default/images/button_plain_hover.png HTTP/1.1" 304 -
120.253.135.82 - - [19/Nov/2021:06:35:56 +0800] "GET /xingrg/javascript/easyui/themes/default/images/button_plain_hover.png HTTP/1.1" 304 -
120.253.135.82 - - [19/Nov/2021:06:36:01 +0800] "POST /xingrg/kc/pszx/mdps_order_operate.html HTTP/1.1" 200 37
120.253.135.82 - - [19/Nov/2021:06:36:03 +0800] "GET /xingrg/kc/pszx/mdps_order_info.html?code=312021111800461 HTTP/1.1" 200 23923
120.253.135.82 - - [19/Nov/2021:06:36:03 +0800] "GET /xingrg/javascript/easyui/themes/default/validatebox.css HTTP/1.1" 404 1104
120.253.135.82 - - [19/Nov/2021:06:36:04 +0800] "POST /xingrg/kc/pszx/mdps_order_operate.html HTTP/1.1" 200 3321
180.169.147.146 - - [19/Nov/2021:06:36:10 +0800] "GET /xingrg/all/function/internal_message.html?_=1637274978782&CODE_STATE=getMsg HTTP/1.1" 200 27
116.238.248.233 - - [19/Nov/2021:06:36:10 +0800] "GET /xingrg/check_reg.html?_=1637274968316 HTTP/1.1" 200 22
116.238.248.233 - - [19/Nov/2021:06:36:10 +0800] "GET /xingrg/all/function/internal_message.html?_=1637274968340&CODE_STATE=getMsg HTTP/1.1" 200 27
120.253.135.82 - - [19/Nov/2021:06:36:12 +0800] "POST /xingrg/kc/pszx/mdps_list_operate.html HTTP/1.1" 200 202
120.253.135.82 - - [19/Nov/2021:06:36:15 +0800] "GET /xingrg/kc/pszx/mdps_order_info.html?code=312021111900477 HTTP/1.1" 200 23925
120.253.135.82 - - [19/Nov/2021:06:36:16 +0800] "GET /xingrg/javascript/easyui/themes/default/validatebox.css HTTP/1.1" 404 1104
120.253.135.82 - - [19/Nov/2021:06:36:16 +0800] "POST /xingrg/kc/pszx/mdps_order_operate.html HTTP/1.1" 200 3279
120.253.135.82 - - [19/Nov/2021:06:36:20 +0800] "POST /xingrg/kc/pszx/mdps_order_operate.html HTTP/1.1" 200 37
120.253.135.82 - - [19/Nov/2021:06:36:21 +0800] "GET /xingrg/kc/pszx/mdps_order_info.html?code=312021111900477 HTTP/1.1" 200 23925
120.253.135.82 - - [19/Nov/2021:06:36:22 +0800] "GET /xingrg/javascript/easyui/themes/default/validatebox.css HTTP/1.1" 404 1104
120.253.135.82 - - [19/Nov/2021:06:36:22 +0800] "POST /xingrg/kc/pszx/mdps_order_operate.html HTTP/1.1" 200 3302
120.253.135.82 - - [19/Nov/2021:06:36:23 +0800] "GET /xingrg/all/function/internal_message.html?_=1637274927951&CODE_STATE=getMsg HTTP/1.1" 200 27
180.157.253.6 - - [19/Nov/2021:06:36:37 +0800] "GET /xingrg/check_reg.html?_=1637274996281 HTTP/1.1" 200 22
180.157.253.6 - - [19/Nov/2021:06:36:37 +0800] "GET /xingrg/all/function/internal_message.html?_=1637274996283&CODE_STATE=getMsg HTTP/1.1" 200 27
120.253.135.82 - - [19/Nov/2021:06:36:38 +0800] "POST /xingrg/kc/pszx/mdps_order_operate.html HTTP/1.1" 200 37
180.169.147.146 - - [19/Nov/2021:06:36:38 +0800] "GET /xingrg/all/function/internal_message.html?_=1637274999905&CODE_STATE=getMsg HTTP/1.1" 200 27
120.253.135.82 - - [19/Nov/2021:06:36:39 +0800] "GET /xingrg/kc/pszx/mdps_order_info.html?code=312021111900477 HTTP/1.1" 200 23925
120.253.135.82 - - [19/Nov/2021:06:36:40 +0800] "GET /xingrg/javascript/easyui/themes/default/validatebox.css HTTP/1.1" 404 1104
120.253.135.82 - - [19/Nov/2021:06:36:40 +0800] "GET /xingrg/all/function/internal_message.html?_=1637274772813&CODE_STATE=getMsg HTTP/1.1" 200 27
120.253.135.82 - - [19/Nov/2021:06:36:40 +0800] "POST /xingrg/kc/pszx/mdps_order_operate.html HTTP/1.1" 200 2278
124.78.153.86 - - [19/Nov/2021:06:36:46 +0800] "GET /xingrg/all/function/internal_message.html?_=1637275002077&CODE_STATE=getMsg HTTP/1.1" 200 27
180.169.147.146 - - [19/Nov/2021:06:36:50 +0800] "GET /xingrg/all/function/internal_message.html?_=1637275009740&CODE_STATE=getMsg HTTP/1.1" 200 27
120.253.135.82 - - [19/Nov/2021:06:37:06 +0800] "GET /xingrg/check_reg.html?_=1637274971488 HTTP/1.1" 200 22
180.169.147.146 - - [19/Nov/2021:06:37:10 +0800] "GET /xingrg/all/function/internal_message.html?_=1637275038769&CODE_STATE=getMsg HTTP/1.1" 200 27
116.238.248.233 - - [19/Nov/2021:06:37:10 +0800] "GET /xingrg/all/function/internal_message.html?_=1637275028340&CODE_STATE=getMsg HTTP/1.1" 200 27
120.253.135.82 - - [19/Nov/2021:06:37:23 +0800] "GET /xingrg/all/function/internal_message.html?_=1637274987954&CODE_STATE=getMsg HTTP/1.1" 200 27
180.157.253.6 - - [19/Nov/2021:06:37:37 +0800] "GET /xingrg/all/function/internal_message.html?_=1637275056283&CODE_STATE=getMsg HTTP/1.1" 200 27
180.169.147.146 - - [19/Nov/2021:06:37:38 +0800] "GET /xingrg/all/function/internal_message.html?_=1637275059905&CODE_STATE=getMsg HTTP/1.1" 200 27
120.253.135.82 - - [19/Nov/2021:06:37:40 +0800] "GET /xingrg/check_reg.html?_=1637274832456 HTTP/1.1" 200 22
120.253.135.82 - - [19/Nov/2021:06:37:40 +0800] "GET /xingrg/all/function/internal_message.html?_=1637274832826&CODE_STATE=getMsg HTTP/1.1" 200 27
124.78.153.86 - - [19/Nov/2021:06:37:46 +0800] "GET /xingrg/all/function/internal_message.html?_=1637275062076&CODE_STATE=getMsg HTTP/1.1" 200 27
180.169.147.146 - - [19/Nov/2021:06:37:50 +0800] "GET /xingrg/all/function/internal_message.html?_=1637275069766&CODE_STATE=getMsg HTTP/1.1" 200 27
180.169.147.146 - - [19/Nov/2021:06:38:10 +0800] "GET /xingrg/all/function/internal_message.html?_=1637275098754&CODE_STATE=getMsg HTTP/1.1" 200 27
116.238.248.233 - - [19/Nov/2021:06:38:10 +0800] "GET /xingrg/all/function/internal_message.html?_=1637275088339&CODE_STATE=getMsg HTTP/1.1" 200 27
120.253.135.82 - - [19/Nov/2021:06:38:23 +0800] "GET /xingrg/all/function/internal_message.html?_=1637275047967&CODE_STATE=getMsg HTTP/1.1" 200 27
120.253.135.82 - - [19/Nov/2021:06:38:27 +0800] "POST /xingrg/kc/pszx/mdps_list_operate.html HTTP/1.1" 200 3133
120.253.135.82 - - [19/Nov/2021:06:38:35 +0800] "POST /xingrg/kc/pszx/mdps_list_operate.html HTTP/1.1" 200 382
180.169.147.146 - - [19/Nov/2021:06:38:36 +0800] "GET /xingrg/check_reg.html?_=1637275115481 HTTP/1.1" 200 22
180.157.253.6 - - [19/Nov/2021:06:38:37 +0800] "GET /xingrg/all/function/internal_message.html?_=1637275116282&CODE_STATE=getMsg HTTP/1.1" 200 27
180.169.147.146 - - [19/Nov/2021:06:38:38 +0800] "GET /xingrg/all/function/internal_message.html?_=1637275119904&CODE_STATE=getMsg HTTP/1.1" 200 27
120.253.135.82 - - [19/Nov/2021:06:38:40 +0800] "GET /xingrg/kc/pszx/mdps_order_info.html?code=312021111800461 HTTP/1.1" 200 23923
120.253.135.82 - - [19/Nov/2021:06:38:40 +0800] "GET /xingrg/javascript/easyui/themes/default/validatebox.css HTTP/1.1" 404 1104
120.253.135.82 - - [19/Nov/2021:06:38:40 +0800] "GET /xingrg/all/function/internal_message.html?_=1637274892916&CODE_STATE=getMsg HTTP/1.1" 200 27
120.253.135.82 - - [19/Nov/2021:06:38:41 +0800] "POST /xingrg/kc/pszx/mdps_order_operate.html HTTP/1.1" 200 3321
124.78.153.86 - - [19/Nov/2021:06:38:46 +0800] "GET /xingrg/all/function/internal_message.html?_=1637275122078&CODE_STATE=getMsg HTTP/1.1" 200 27
124.78.153.86 - - [19/Nov/2021:06:38:46 +0800] "GET /xingrg/check_reg.html?_=1637275122080 HTTP/1.1" 200 22
120.253.135.82 - - [19/Nov/2021:06:38:47 +0800] "POST /xingrg/kc/pszx/mdps_list_operate.html HTTP/1.1" 200 3133
120.253.135.82 - - [19/Nov/2021:06:38:50 +0800] "POST /xingrg/kc/pszx/mdps_list_operate.html HTTP/1.1" 200 201
180.169.147.146 - - [19/Nov/2021:06:38:50 +0800] "GET /xingrg/all/function/internal_message.html?_=1637275129781&CODE_STATE=getMsg HTTP/1.1" 200 27
116.232.36.68 - - [19/Nov/2021:06:39:08 +0800] "POST /xingrg/services/DataTransmitService HTTP/1.1" 200 524
180.169.147.146 - - [19/Nov/2021:06:39:10 +0800] "GET /xingrg/all/function/internal_message.html?_=1637275158741&CODE_STATE=getMsg HTTP/1.1" 200 27
116.238.248.233 - - [19/Nov/2021:06:39:10 +0800] "GET /xingrg/all/function/internal_message.html?_=1637275148338&CODE_STATE=getMsg HTTP/1.1" 200 27
116.232.36.68 - - [19/Nov/2021:06:39:14 +0800] "POST /xingrg/services/DataTransmitService HTTP/1.1" 200 501
120.253.135.82 - - [19/Nov/2021:06:39:15 +0800] "POST /xingrg/kc/pszx/mdps_list_operate.html HTTP/1.1" 200 382
120.253.135.82 - - [19/Nov/2021:06:39:17 +0800] "GET /xingrg/kc/pszx/mdps_order_info.html?code=312021111800461 HTTP/1.1" 200 23923
120.253.135.82 - - [19/Nov/2021:06:39:17 +0800] "GET /xingrg/javascript/easyui/themes/default/validatebox.css HTTP/1.1" 404 1104
120.253.135.82 - - [19/Nov/2021:06:39:18 +0800] "POST /xingrg/kc/pszx/mdps_order_operate.html HTTP/1.1" 200 3321
120.253.135.82 - - [19/Nov/2021:06:39:20 +0800] "GET /xingrg/kc/print/load_config.html?kc_code=mdps HTTP/1.1" 200 2390
120.253.135.82 - - [19/Nov/2021:06:39:20 +0800] "GET /xingrg/kc/print/load_data.html?order_code=312021111800461&kc_code=mdps&condition= HTTP/1.1" 200 1185
180.169.147.146 - - [19/Nov/2021:06:39:21 +0800] "GET /xingrg/check_reg.html?_=1637275170068 HTTP/1.1" 200 22
120.253.135.82 - - [19/Nov/2021:06:39:23 +0800] "GET /xingrg/all/function/internal_message.html?_=1637275107994&CODE_STATE=getMsg HTTP/1.1" 200 27
120.253.135.82 - - [19/Nov/2021:06:39:27 +0800] "POST /xingrg/kc/pszx/mdps_list_operate.html HTTP/1.1" 200 3133
120.253.135.82 - - [19/Nov/2021:06:39:28 +0800] "POST /xingrg/kc/pszx/mdps_list_operate.html HTTP/1.1" 200 201
120.253.135.82 - - [19/Nov/2021:06:39:30 +0800] "GET /xingrg/kc/pszx/mdps_order_info.html?code=312021111900477 HTTP/1.1" 200 23925
120.253.135.82 - - [19/Nov/2021:06:39:30 +0800] "GET /xingrg/javascript/easyui/themes/default/validatebox.css HTTP/1.1" 404 1104
120.253.135.82 - - [19/Nov/2021:06:39:31 +0800] "POST /xingrg/kc/pszx/mdps_order_operate.html HTTP/1.1" 200 2278
120.253.135.82 - - [19/Nov/2021:06:39:33 +0800] "GET /xingrg/kc/print/load_data.html?order_code=312021111900477&kc_code=mdps&condition= HTTP/1.1" 200 650
180.157.253.6 - - [19/Nov/2021:06:39:37 +0800] "GET /xingrg/all/function/internal_message.html?_=1637275176282&CODE_STATE=getMsg HTTP/1.1" 200 27
180.169.147.146 - - [19/Nov/2021:06:39:38 +0800] "GET /xingrg/all/function/internal_message.html?_=1637275179905&CODE_STATE=getMsg HTTP/1.1" 200 27
120.253.135.82 - - [19/Nov/2021:06:39:39 +0800] "POST /xingrg/kc/pszx/mdps_list_operate.html HTTP/1.1" 200 3133
120.253.135.82 - - [19/Nov/2021:06:39:40 +0800] "GET /xingrg/all/function/internal_message.html?_=1637274952931&CODE_STATE=getMsg HTTP/1.1" 200 27
120.253.135.82 - - [19/Nov/2021:06:39:41 +0800] "POST /xingrg/kc/pszx/mdps_list_operate.html HTTP/1.1" 200 382
124.78.153.86 - - [19/Nov/2021:06:39:46 +0800] "GET /xingrg/all/function/internal_message.html?_=1637275182080&CODE_STATE=getMsg HTTP/1.1" 200 27
180.169.147.146 - - [19/Nov/2021:06:39:50 +0800] "GET /xingrg/all/function/internal_message.html?_=1637275189797&CODE_STATE=getMsg HTTP/1.1" 200 27
116.235.93.2 - - [19/Nov/2021:06:39:59 +0800] "GET /xingrg/check_reg.html?_=1637275309363 HTTP/1.1" 302 -
180.169.147.146 - - [19/Nov/2021:06:40:10 +0800] "GET /xingrg/all/function/internal_message.html?_=1637275218726&CODE_STATE=getMsg HTTP/1.1" 200 27
116.238.248.233 - - [19/Nov/2021:06:40:10 +0800] "GET /xingrg/all/function/internal_message.html?_=1637275208353&CODE_STATE=getMsg HTTP/1.1" 200 27
120.253.135.82 - - [19/Nov/2021:06:40:23 +0800] "GET /xingrg/all/function/internal_message.html?_=1637275168010&CODE_STATE=getMsg HTTP/1.1" 200 27
180.157.253.6 - - [19/Nov/2021:06:40:37 +0800] "GET /xingrg/all/function/internal_message.html?_=1637275236281&CODE_STATE=getMsg HTTP/1.1" 200 27
180.169.147.146 - - [19/Nov/2021:06:40:38 +0800] "GET /xingrg/check_reg.html?_=1637275239903 HTTP/1.1" 200 22
180.169.147.146 - - [19/Nov/2021:06:40:38 +0800] "GET /xingrg/all/function/internal_message.html?_=1637275239905&CODE_STATE=getMsg HTTP/1.1" 200 27
120.253.135.82 - - [19/Nov/2021:06:40:40 +0800] "GET /xingrg/all/function/internal_message.html?_=1637275012983&CODE_STATE=getMsg HTTP/1.1" 200 27
172.20.0.100 - - [19/Nov/2021:06:40:44 +0800] "GET /xingrg/check_reg.html?_=1637275234029 HTTP/1.1" 302 -
124.78.153.86 - - [19/Nov/2021:06:40:46 +0800] "GET /xingrg/all/function/internal_message.html?_=1637275242079&CODE_STATE=getMsg HTTP/1.1" 200 27
180.169.147.146 - - [19/Nov/2021:06:40:50 +0800] "GET /xingrg/all/function/internal_message.html?_=1637275249816&CODE_STATE=getMsg HTTP/1.1" 200 27
180.169.147.146 - - [19/Nov/2021:06:41:10 +0800] "GET /xingrg/all/function/internal_message.html?_=1637275278712&CODE_STATE=getMsg HTTP/1.1" 200 27
116.238.248.233 - - [19/Nov/2021:06:41:10 +0800] "GET /xingrg/all/function/internal_message.html?_=1637275268358&CODE_STATE=getMsg HTTP/1.1" 200 27
116.238.248.233 - - [19/Nov/2021:06:41:11 +0800] "GET /xingrg/check_reg.html?_=1637275268360 HTTP/1.1" 200 22
120.253.135.82 - - [19/Nov/2021:06:41:19 +0800] "POST /xingrg/kc/pszx/mdps_list_operate.html HTTP/1.1" 200 3576
120.253.135.82 - - [19/Nov/2021:06:41:21 +0800] "POST /xingrg/kc/pszx/mdps_list_operate.html HTTP/1.1" 200 493
120.253.135.82 - - [19/Nov/2021:06:41:23 +0800] "GET /xingrg/all/function/internal_message.html?_=1637275228035&CODE_STATE=getMsg HTTP/1.1" 200 27
120.253.135.82 - - [19/Nov/2021:06:41:23 +0800] "POST /xingrg/kc/pszx/mdps_list_operate.html HTTP/1.1" 200 203
120.253.135.82 - - [19/Nov/2021:06:41:24 +0800] "POST /xingrg/kc/pszx/mdps_list_operate.html HTTP/1.1" 200 202
120.253.135.82 - - [19/Nov/2021:06:41:26 +0800] "POST /xingrg/kc/pszx/mdps_list_operate.html HTTP/1.1" 200 603
120.253.135.82 - - [19/Nov/2021:06:41:27 +0800] "POST /xingrg/kc/pszx/mdps_list_operate.html HTTP/1.1" 200 628
120.253.135.82 - - [19/Nov/2021:06:41:28 +0800] "POST /xingrg/kc/pszx/mdps_list_operate.html HTTP/1.1" 200 202
180.157.253.6 - - [19/Nov/2021:06:41:37 +0800] "GET /xingrg/check_reg.html?_=1637275296281 HTTP/1.1" 200 22
180.157.253.6 - - [19/Nov/2021:06:41:37 +0800] "GET /xingrg/all/function/internal_message.html?_=1637275296283&CODE_STATE=getMsg HTTP/1.1" 200 27
180.169.147.146 - - [19/Nov/2021:06:41:38 +0800] "GET /xingrg/all/function/internal_message.html?_=1637275299928&CODE_STATE=getMsg HTTP/1.1" 200 27
120.253.135.82 - - [19/Nov/2021:06:41:40 +0800] "GET /xingrg/all/function/internal_message.html?_=1637275073018&CODE_STATE=getMsg HTTP/1.1" 200 27
124.78.153.86 - - [19/Nov/2021:06:41:46 +0800] "GET /xingrg/all/function/internal_message.html?_=1637275302080&CODE_STATE=getMsg HTTP/1.1" 200 27
180.169.147.146 - - [19/Nov/2021:06:41:50 +0800] "GET /xingrg/all/function/internal_message.html?_=1637275309823&CODE_STATE=getMsg HTTP/1.1" 200 27
120.253.135.82 - - [19/Nov/2021:06:42:06 +0800] "GET /xingrg/check_reg.html?_=1637275271494 HTTP/1.1" 200 22
120.253.135.82 - - [19/Nov/2021:06:42:09 +0800] "POST /xingrg/kc/pszx/mdps_list_operate.html HTTP/1.1" 200 3180
180.169.147.146 - - [19/Nov/2021:06:42:10 +0800] "GET /xingrg/all/function/internal_message.html?_=1637275338696&CODE_STATE=getMsg HTTP/1.1" 200 27
116.238.248.233 - - [19/Nov/2021:06:42:10 +0800] "GET /xingrg/all/function/internal_message.html?_=1637275328361&CODE_STATE=getMsg HTTP/1.1" 200 27
120.253.135.82 - - [19/Nov/2021:06:42:11 +0800] "POST /xingrg/kc/pszx/mdps_list_operate.html HTTP/1.1" 200 361
120.253.135.82 - - [19/Nov/2021:06:42:12 +0800] "POST /xingrg/kc/pszx/mdps_list_operate.html HTTP/1.1" 200 628
120.253.135.82 - - [19/Nov/2021:06:42:13 +0800] "POST /xingrg/kc/pszx/mdps_list_operate.html HTTP/1.1" 200 642
120.253.135.82 - - [19/Nov/2021:06:42:15 +0800] "POST /xingrg/kc/pszx/mdps_list_operate.html HTTP/1.1" 200 599
120.253.135.82 - - [19/Nov/2021:06:42:16 +0800] "POST /xingrg/kc/pszx/mdps_list_operate.html HTTP/1.1" 200 205
120.253.135.82 - - [19/Nov/2021:06:42:23 +0800] "GET /xingrg/all/function/internal_message.html?_=1637275288038&CODE_STATE=getMsg HTTP/1.1" 200 27
180.157.253.6 - - [19/Nov/2021:06:42:37 +0800] "GET /xingrg/all/function/internal_message.html?_=1637275356282&CODE_STATE=getMsg HTTP/1.1" 200 27
180.169.147.146 - - [19/Nov/2021:06:42:38 +0800] "GET /xingrg/all/function/internal_message.html?_=1637275359927&CODE_STATE=getMsg HTTP/1.1" 200 27
120.253.135.82 - - [19/Nov/2021:06:42:40 +0800] "GET /xingrg/check_reg.html?_=1637275132457 HTTP/1.1" 200 22
120.253.135.82 - - [19/Nov/2021:06:42:40 +0800] "POST /xingrg/kc/pszx/mdps_list_operate.html HTTP/1.1" 200 2433
120.253.135.82 - - [19/Nov/2021:06:42:40 +0800] "GET /xingrg/all/function/internal_message.html?_=1637275133035&CODE_STATE=getMsg HTTP/1.1" 200 27
120.253.135.82 - - [19/Nov/2021:06:42:42 +0800] "POST /xingrg/kc/pszx/mdps_list_operate.html HTTP/1.1" 200 515
120.253.135.82 - - [19/Nov/2021:06:42:44 +0800] "GET /xingrg/kc/pszx/mdps_order_info.html?code=312021111900480 HTTP/1.1" 200 23931
120.253.135.82 - - [19/Nov/2021:06:42:45 +0800] "GET /xingrg/javascript/easyui/themes/default/validatebox.css HTTP/1.1" 404 1104
120.253.135.82 - - [19/Nov/2021:06:42:45 +0800] "POST /xingrg/kc/pszx/mdps_order_operate.html HTTP/1.1" 200 4210
124.78.153.86 - - [19/Nov/2021:06:42:46 +0800] "GET /xingrg/all/function/internal_message.html?_=1637275362081&CODE_STATE=getMsg HTTP/1.1" 200 27
120.253.135.82 - - [19/Nov/2021:06:42:50 +0800] "POST /xingrg/kc/pszx/mdps_order_operate.html HTTP/1.1" 200 37
180.169.147.146 - - [19/Nov/2021:06:42:50 +0800] "GET /xingrg/all/function/internal_message.html?_=1637275369845&CODE_STATE=getMsg HTTP/1.1" 200 27
120.253.135.82 - - [19/Nov/2021:06:42:52 +0800] "GET /xingrg/kc/pszx/mdps_order_info.html?code=312021111900480 HTTP/1.1" 200 23931
120.253.135.82 - - [19/Nov/2021:06:42:52 +0800] "GET /xingrg/javascript/easyui/themes/default/validatebox.css HTTP/1.1" 404 1104
120.253.135.82 - - [19/Nov/2021:06:42:53 +0800] "POST /xingrg/kc/pszx/mdps_order_operate.html HTTP/1.1" 200 4248
120.253.135.82 - - [19/Nov/2021:06:43:06 +0800] "GET /xingrg/kc/pszx/mdps_order_operate.html?command=get_materiel&pszx_code=00101&rest_code=00156&base_code=0010246&code=00101012077 HTTP/1.1" 200 410
180.169.147.146 - - [19/Nov/2021:06:43:10 +0800] "GET /xingrg/all/function/internal_message.html?_=1637275398682&CODE_STATE=getMsg HTTP/1.1" 200 27
116.238.248.233 - - [19/Nov/2021:06:43:11 +0800] "GET /xingrg/all/function/internal_message.html?_=1637275388360&CODE_STATE=getMsg HTTP/1.1" 200 27
120.253.135.82 - - [19/Nov/2021:06:43:18 +0800] "GET /xingrg/kc/pszx/mdps_order_operate.html?command=get_materiel&pszx_code=00101&rest_code=00156&base_code=0010246&code=00101016143 HTTP/1.1" 200 427
120.253.135.82 - - [19/Nov/2021:06:43:23 +0800] "GET /xingrg/all/function/internal_message.html?_=1637275348051&CODE_STATE=getMsg HTTP/1.1" 200 27
120.253.135.82 - - [19/Nov/2021:06:43:27 +0800] "GET /xingrg/kc/pszx/mdps_order_operate.html?command=get_materiel&pszx_code=00101&rest_code=00156&base_code=0010246&code=00101019161 HTTP/1.1" 200 434
180.169.147.146 - - [19/Nov/2021:06:43:36 +0800] "GET /xingrg/check_reg.html?_=1637275415492 HTTP/1.1" 200 22
120.253.135.82 - - [19/Nov/2021:06:43:36 +0800] "POST /xingrg/kc/pszx/mdps_order_operate.html HTTP/1.1" 200 37
180.157.253.6 - - [19/Nov/2021:06:43:37 +0800] "GET /xingrg/all/function/internal_message.html?_=1637275416282&CODE_STATE=getMsg HTTP/1.1" 200 27
120.253.135.82 - - [19/Nov/2021:06:43:38 +0800] "GET /xingrg/kc/pszx/mdps_order_info.html?code=312021111900480 HTTP/1.1" 200 23931
180.169.147.146 - - [19/Nov/2021:06:43:38 +0800] "GET /xingrg/all/function/internal_message.html?_=1637275419925&CODE_STATE=getMsg HTTP/1.1" 200 27
120.253.135.82 - - [19/Nov/2021:06:43:39 +0800] "GET /xingrg/javascript/easyui/themes/default/validatebox.css HTTP/1.1" 404 1104
120.253.135.82 - - [19/Nov/2021:06:43:39 +0800] "POST /xingrg/kc/pszx/mdps_order_operate.html HTTP/1.1" 200 4251
120.253.135.82 - - [19/Nov/2021:06:43:40 +0800] "GET /xingrg/all/function/internal_message.html?_=1637275193047&CODE_STATE=getMsg HTTP/1.1" 200 27
120.253.135.82 - - [19/Nov/2021:06:43:43 +0800] "POST /xingrg/kc/pszx/mdps_list_operate.html HTTP/1.1" 200 2434
120.253.135.82 - - [19/Nov/2021:06:43:45 +0800] "POST /xingrg/kc/pszx/mdps_list_operate.html HTTP/1.1" 200 281
124.78.153.86 - - [19/Nov/2021:06:43:46 +0800] "GET /xingrg/all/function/internal_message.html?_=1637275422085&CODE_STATE=getMsg HTTP/1.1" 200 27
124.78.153.86 - - [19/Nov/2021:06:43:46 +0800] "GET /xingrg/check_reg.html?_=1637275422083 HTTP/1.1" 200 22
120.253.135.82 - - [19/Nov/2021:06:43:46 +0800] "GET /xingrg/kc/pszx/mdps_order_info.html?code=312021111900481 HTTP/1.1" 200 23931
120.253.135.82 - - [19/Nov/2021:06:43:47 +0800] "GET /xingrg/javascript/easyui/themes/default/validatebox.css HTTP/1.1" 404 1104
120.253.135.82 - - [19/Nov/2021:06:43:47 +0800] "POST /xingrg/kc/pszx/mdps_order_operate.html HTTP/1.1" 200 2759
120.253.135.82 - - [19/Nov/2021:06:43:49 +0800] "GET /xingrg/css/images/panel_loading.gif HTTP/1.1" 304 -
120.253.135.82 - - [19/Nov/2021:06:43:49 +0800] "POST /xingrg/all/common/load_combo.html?type=base HTTP/1.1" 200 1075
180.169.147.146 - - [19/Nov/2021:06:43:50 +0800] "GET /xingrg/all/function/internal_message.html?_=1637275429850&CODE_STATE=getMsg HTTP/1.1" 200 27
120.253.135.82 - - [19/Nov/2021:06:43:56 +0800] "POST /xingrg/kc/pszx/mdps_order_operate.html HTTP/1.1" 200 37
120.253.135.82 - - [19/Nov/2021:06:43:59 +0800] "GET /xingrg/kc/pszx/mdps_order_info.html?code=312021111900481 HTTP/1.1" 200 23931
120.253.135.82 - - [19/Nov/2021:06:43:59 +0800] "GET /xingrg/javascript/easyui/themes/default/validatebox.css HTTP/1.1" 404 1104
120.253.135.82 - - [19/Nov/2021:06:44:00 +0800] "POST /xingrg/kc/pszx/mdps_order_operate.html HTTP/1.1" 200 2774
120.253.135.82 - - [19/Nov/2021:06:44:09 +0800] "POST /xingrg/kc/pszx/mdps_order_operate.html HTTP/1.1" 200 37
180.169.147.146 - - [19/Nov/2021:06:44:10 +0800] "GET /xingrg/all/function/internal_message.html?_=1637275458667&CODE_STATE=getMsg HTTP/1.1" 200 27
120.253.135.82 - - [19/Nov/2021:06:44:10 +0800] "GET /xingrg/kc/pszx/mdps_order_info.html?code=312021111900481 HTTP/1.1" 200 23931
116.238.248.233 - - [19/Nov/2021:06:44:11 +0800] "GET /xingrg/all/function/internal_message.html?_=1637275448359&CODE_STATE=getMsg HTTP/1.1" 200 27
120.253.135.82 - - [19/Nov/2021:06:44:11 +0800] "GET /xingrg/javascript/easyui/themes/default/validatebox.css HTTP/1.1" 404 1104
120.253.135.82 - - [19/Nov/2021:06:44:12 +0800] "POST /xingrg/kc/pszx/mdps_order_operate.html HTTP/1.1" 200 2290
120.253.135.82 - - [19/Nov/2021:06:44:13 +0800] "POST /xingrg/kc/pszx/mdps_list_operate.html HTTP/1.1" 200 2433
120.253.135.82 - - [19/Nov/2021:06:44:14 +0800] "POST /xingrg/kc/pszx/mdps_list_operate.html HTTP/1.1" 200 208
120.253.135.82 - - [19/Nov/2021:06:44:16 +0800] "GET /xingrg/kc/pszx/mdps_order_info.html?code=312021102800710 HTTP/1.1" 200 23931
120.253.135.82 - - [19/Nov/2021:06:44:16 +0800] "GET /xingrg/javascript/easyui/themes/default/validatebox.css HTTP/1.1" 404 1104
120.253.135.82 - - [19/Nov/2021:06:44:17 +0800] "POST /xingrg/kc/pszx/mdps_order_operate.html HTTP/1.1" 200 2282
120.253.135.82 - - [19/Nov/2021:06:44:20 +0800] "POST /xingrg/kc/pszx/mdps_order_operate.html HTTP/1.1" 200 12
58.37.231.44 - - [19/Nov/2021:06:44:21 +0800] "POST /xingrg/services/DataTransmitService HTTP/1.1" 200 524
180.169.147.146 - - [19/Nov/2021:06:44:21 +0800] "GET /xingrg/check_reg.html?_=1637275470057 HTTP/1.1" 200 22
120.253.135.82 - - [19/Nov/2021:06:44:21 +0800] "POST /xingrg/kc/pszx/mdps_list_operate.html HTTP/1.1" 200 2062
120.253.135.82 - - [19/Nov/2021:06:44:23 +0800] "GET /xingrg/all/function/internal_message.html?_=1637275408082&CODE_STATE=getMsg HTTP/1.1" 200 27
120.253.135.82 - - [19/Nov/2021:06:44:24 +0800] "POST /xingrg/kc/pszx/mdps_list_operate.html HTTP/1.1" 200 518
120.253.135.82 - - [19/Nov/2021:06:44:25 +0800] "POST /xingrg/kc/pszx/mdps_list_operate.html HTTP/1.1" 200 207
120.253.135.82 - - [19/Nov/2021:06:44:30 +0800] "GET /xingrg/kc/pszx/mdps_order_info.html?code=312021111900480 HTTP/1.1" 200 23931
120.253.135.82 - - [19/Nov/2021:06:44:30 +0800] "GET /xingrg/javascript/easyui/themes/default/validatebox.css HTTP/1.1" 404 1104
120.253.135.82 - - [19/Nov/2021:06:44:31 +0800] "POST /xingrg/kc/pszx/mdps_order_operate.html HTTP/1.1" 200 4251
116.227.210.113 - - [19/Nov/2021:06:44:31 +0800] "POST /xingrg/services/DataTransmitService HTTP/1.1" 200 524
58.37.231.44 - - [19/Nov/2021:06:44:31 +0800] "POST /xingrg/services/DataTransmitService HTTP/1.1" 200 501
58.37.231.44 - - [19/Nov/2021:06:44:32 +0800] "POST /xingrg/services/DataTransmitService HTTP/1.1" 200 501
116.227.210.113 - - [19/Nov/2021:06:44:33 +0800] "POST /xingrg/services/DataTransmitService HTTP/1.1" 200 501
120.253.135.82 - - [19/Nov/2021:06:44:35 +0800] "GET /xingrg/kc/print/load_data.html?order_code=312021111900480&kc_code=mdps&condition= HTTP/1.1" 200 1574
180.157.253.6 - - [19/Nov/2021:06:44:37 +0800] "GET /xingrg/all/function/internal_message.html?_=1637275476280&CODE_STATE=getMsg HTTP/1.1" 200 27
180.169.147.146 - - [19/Nov/2021:06:44:38 +0800] "GET /xingrg/all/function/internal_message.html?_=1637275479923&CODE_STATE=getMsg HTTP/1.1" 200 27
120.253.135.82 - - [19/Nov/2021:06:44:40 +0800] "GET /xingrg/all/function/internal_message.html?_=1637275253177&CODE_STATE=getMsg HTTP/1.1" 200 27
120.253.135.82 - - [19/Nov/2021:06:44:42 +0800] "POST /xingrg/kc/pszx/mdps_list_operate.html HTTP/1.1" 200 2062
120.253.135.82 - - [19/Nov/2021:06:44:45 +0800] "POST /xingrg/kc/pszx/mdps_list_operate.html HTTP/1.1" 200 207
124.78.153.86 - - [19/Nov/2021:06:44:46 +0800] "GET /xingrg/all/function/internal_message.html?_=1637275482085&CODE_STATE=getMsg HTTP/1.1" 200 27
120.253.135.82 - - [19/Nov/2021:06:44:46 +0800] "GET /xingrg/kc/pszx/mdps_order_info.html?code=312021111900481 HTTP/1.1" 200 23931
120.253.135.82 - - [19/Nov/2021:06:44:47 +0800] "GET /xingrg/javascript/easyui/themes/default/validatebox.css HTTP/1.1" 404 1104
120.253.135.82 - - [19/Nov/2021:06:44:47 +0800] "POST /xingrg/kc/pszx/mdps_order_operate.html HTTP/1.1" 200 2290
120.253.135.82 - - [19/Nov/2021:06:44:50 +0800] "GET /xingrg/kc/print/load_data.html?order_code=312021111900481&kc_code=mdps&condition= HTTP/1.1" 200 673
180.169.147.146 - - [19/Nov/2021:06:44:50 +0800] "GET /xingrg/all/function/internal_message.html?_=1637275489864&CODE_STATE=getMsg HTTP/1.1" 200 27
58.37.231.44 - - [19/Nov/2021:06:44:51 +0800] "POST /xingrg/services/DataTransmitService HTTP/1.1" 200 501
