101.91.60.88 - - [19/Nov/2021:08:34:45 +0800] "GET /xingrg/all/function/internal_message.html?_=1637282022185&CODE_STATE=getMsg HTTP/1.1" 302 -
101.91.60.88 - - [19/Nov/2021:08:34:46 +0800] "GET /xingrg/login.html HTTP/1.1" 200 7641
124.78.153.86 - - [19/Nov/2021:08:34:46 +0800] "GET /xingrg/all/function/internal_message.html?_=1637282082210&CODE_STATE=getMsg HTTP/1.1" 200 27
114.85.125.222 - - [19/Nov/2021:08:34:50 +0800] "GET /xingrg/all/function/internal_message.html?_=1637282067032&CODE_STATE=getMsg HTTP/1.1" 200 27
180.169.147.146 - - [19/Nov/2021:08:34:52 +0800] "GET /xingrg/all/function/internal_message.html?_=1637282091498&CODE_STATE=getMsg HTTP/1.1" 200 27
58.39.139.200 - - [19/Nov/2021:08:34:52 +0800] "GET /xingrg/kc/buy/cgsh_order_list.html HTTP/1.1" 200 49136
116.227.210.113 - - [19/Nov/2021:08:34:55 +0800] "POST /xingrg/login.do HTTP/1.1" 302 -
58.39.139.200 - - [19/Nov/2021:08:34:55 +0800] "POST /xingrg/kc/buy/cgsh_list_operate.html HTTP/1.1" 200 876
116.227.210.113 - - [19/Nov/2021:08:34:55 +0800] "GET /xingrg/index.html?sysBaseUrl=http%3A%2F%2F180.169.147.146%3A18081%2Fxingrg%2F&costTime=2160×tamp=1637282095171 HTTP/1.1" 200 17179
116.227.210.113 - - [19/Nov/2021:08:34:55 +0800] "GET /favicon.ico HTTP/1.1" 404 -
58.39.139.200 - - [19/Nov/2021:08:34:55 +0800] "GET /xingrg/all/function/internal_message.html?_=1637282095700&CODE_STATE=getMsg HTTP/1.1" 200 27
116.227.210.113 - - [19/Nov/2021:08:34:55 +0800] "POST /xingrg/all/common/load_tree.html?tree=area_rest_tree_json&manage=1 HTTP/1.1" 200 351
116.227.210.113 - - [19/Nov/2021:08:34:55 +0800] "GET /xingrg/all/function/internal_message.html?_=1637282092306&CODE_STATE=count HTTP/1.1" 200 11
116.227.210.113 - - [19/Nov/2021:08:34:55 +0800] "GET /xingrg/check_reg.html?_=1637282092308 HTTP/1.1" 200 22
116.227.210.113 - - [19/Nov/2021:08:34:55 +0800] "POST /xingrg/load_menu.html HTTP/1.1" 200 5138
116.235.93.2 - - [19/Nov/2021:08:34:59 +0800] "GET /xingrg/check_reg.html?_=1637282208889 HTTP/1.1" 302 -
180.169.147.146 - - [19/Nov/2021:08:35:08 +0800] "GET /xingrg/all/function/internal_message.html?_=1637282116868&CODE_STATE=getMsg HTTP/1.1" 200 27
116.238.248.233 - - [19/Nov/2021:08:35:11 +0800] "GET /xingrg/all/function/internal_message.html?_=1637282108995&CODE_STATE=getMsg HTTP/1.1" 200 27
114.85.125.222 - - [19/Nov/2021:08:35:14 +0800] "GET /xingrg/kc/buy/cgsh_order_operate.html?command=get_materiel&rest_code=00150&code=00101008350&supplier_code=00100007&order_time=2021-11-19 HTTP/1.1" 200 408
58.39.139.200 - - [19/Nov/2021:08:35:15 +0800] "POST /xingrg/kc/buy/cgsh_list_operate.html HTTP/1.1" 200 5406
58.39.139.200 - - [19/Nov/2021:08:35:17 +0800] "POST /xingrg/kc/buy/cgsh_list_operate.html HTTP/1.1" 200 350
58.39.139.200 - - [19/Nov/2021:08:35:19 +0800] "POST /xingrg/kc/buy/cgsh_list_operate.html HTTP/1.1" 200 426
114.85.125.222 - - [19/Nov/2021:08:35:23 +0800] "POST /xingrg/kc/buy/cgsh_order_operate.html HTTP/1.1" 200 37
58.39.139.200 - - [19/Nov/2021:08:35:23 +0800] "POST /xingrg/kc/buy/cgsh_list_operate.html HTTP/1.1" 200 201
222.69.132.206 - - [19/Nov/2021:08:35:24 +0800] "GET /xingrg/all/function/internal_message.html?_=1637282121146&CODE_STATE=getMsg HTTP/1.1" 200 27
114.85.125.222 - - [19/Nov/2021:08:35:24 +0800] "POST /xingrg/kc/buy/cgsh_order_operate.html HTTP/1.1" 200 16886
58.39.139.200 - - [19/Nov/2021:08:35:25 +0800] "POST /xingrg/kc/buy/cgsh_list_operate.html HTTP/1.1" 200 285
120.253.135.82 - - [19/Nov/2021:08:35:25 +0800] "GET /xingrg/all/function/internal_message.html?_=1637282070041&CODE_STATE=getMsg HTTP/1.1" 200 27
58.39.139.200 - - [19/Nov/2021:08:35:27 +0800] "GET /xingrg/kc/buy/cgsh_order_info.html?code=212021111606587 HTTP/1.1" 200 59870
58.39.139.200 - - [19/Nov/2021:08:35:28 +0800] "GET /xingrg/javascript/easyui/themes/default/validatebox.css HTTP/1.1" 404 1104
58.39.139.200 - - [19/Nov/2021:08:35:28 +0800] "POST /xingrg/kc/buy/cgsh_order_operate.html HTTP/1.1" 200 1216
114.85.125.222 - - [19/Nov/2021:08:35:32 +0800] "GET /xingrg/kc/buy/cgsh_order_operate.html?command=get_materiel&rest_code=00150&code=00101008087&supplier_code=00100007&order_time=2021-11-19 HTTP/1.1" 200 412
58.39.139.200 - - [19/Nov/2021:08:35:32 +0800] "GET /xingrg/javascript/jquery_easy_ui/themes/default/images/tabs_active.png HTTP/1.1" 304 -
222.70.171.86 - - [19/Nov/2021:08:35:33 +0800] "GET /xingrg/all/function/internal_message.html?_=1637282130396&CODE_STATE=getMsg HTTP/1.1" 200 27
180.157.253.6 - - [19/Nov/2021:08:35:37 +0800] "GET /xingrg/all/function/internal_message.html?_=1637282136380&CODE_STATE=getMsg HTTP/1.1" 200 27
180.169.147.146 - - [19/Nov/2021:08:35:38 +0800] "GET /xingrg/all/function/internal_message.html?_=1637282140109&CODE_STATE=getMsg HTTP/1.1" 200 27
180.169.147.146 - - [19/Nov/2021:08:35:38 +0800] "GET /xingrg/check_reg.html?_=1637282140111 HTTP/1.1" 200 22
58.39.139.200 - - [19/Nov/2021:08:35:39 +0800] "POST /xingrg/kc/buy/cgsh_list_operate.html HTTP/1.1" 200 5406
114.85.125.222 - - [19/Nov/2021:08:35:43 +0800] "GET /xingrg/kc/buy/cgsh_order_operate.html?command=get_materiel&rest_code=00150&code=00101008126&supplier_code=00100007&order_time=2021-11-19 HTTP/1.1" 200 412
172.20.0.100 - - [19/Nov/2021:08:35:43 +0800] "GET /xingrg/check_reg.html?_=1637282133485 HTTP/1.1" 302 -
120.253.135.82 - - [19/Nov/2021:08:35:44 +0800] "GET /xingrg/all/function/internal_message.html?_=1637281916738&CODE_STATE=getMsg HTTP/1.1" 200 27
58.39.139.200 - - [19/Nov/2021:08:35:44 +0800] "GET /xingrg/kc/buy/cgsh_order_add.html HTTP/1.1" 200 64959
58.39.139.200 - - [19/Nov/2021:08:35:44 +0800] "POST /xingrg/kc/buy/cgsh_order_operate.html HTTP/1.1" 200 8245
58.39.139.200 - - [19/Nov/2021:08:35:44 +0800] "GET /xingrg/javascript/easyui/themes/default/validatebox.css HTTP/1.1" 404 1104
124.78.153.86 - - [19/Nov/2021:08:35:46 +0800] "GET /xingrg/all/function/internal_message.html?_=1637282142211&CODE_STATE=getMsg HTTP/1.1" 200 27
114.85.125.222 - - [19/Nov/2021:08:35:50 +0800] "GET /xingrg/all/function/internal_message.html?_=1637282127045&CODE_STATE=getMsg HTTP/1.1" 200 27
114.85.125.222 - - [19/Nov/2021:08:35:50 +0800] "GET /xingrg/kc/buy/cgsh_order_operate.html?command=get_materiel&rest_code=00150&code=00101008239&supplier_code=00100007&order_time=2021-11-19 HTTP/1.1" 200 416
180.169.147.146 - - [19/Nov/2021:08:35:52 +0800] "GET /xingrg/all/function/internal_message.html?_=1637282151521&CODE_STATE=getMsg HTTP/1.1" 200 27
58.39.139.200 - - [19/Nov/2021:08:35:55 +0800] "GET /xingrg/all/function/internal_message.html?_=1637282155706&CODE_STATE=getMsg HTTP/1.1" 200 27
116.227.210.113 - - [19/Nov/2021:08:35:55 +0800] "GET /xingrg/all/function/internal_message.html?_=1637282152320&CODE_STATE=getMsg HTTP/1.1" 200 27
222.69.132.206 - - [19/Nov/2021:08:36:03 +0800] "GET /xingrg/kc/buy/cgsh_order_operate.html?command=get_materiel&rest_code=00149&code=00102025030&supplier_code=00100005&order_time=2021-11-19 HTTP/1.1" 200 412
180.169.147.146 - - [19/Nov/2021:08:36:08 +0800] "GET /xingrg/all/function/internal_message.html?_=1637282176852&CODE_STATE=getMsg HTTP/1.1" 200 27
116.238.248.233 - - [19/Nov/2021:08:36:11 +0800] "GET /xingrg/all/function/internal_message.html?_=1637282169010&CODE_STATE=getMsg HTTP/1.1" 200 27
116.238.248.233 - - [19/Nov/2021:08:36:11 +0800] "GET /xingrg/check_reg.html?_=1637282169011 HTTP/1.1" 200 22
222.69.132.206 - - [19/Nov/2021:08:36:13 +0800] "GET /xingrg/kc/buy/cgsh_order_operate.html?command=get_materiel&rest_code=00149&code=00101008027&supplier_code=00100005&order_time=2021-11-19 HTTP/1.1" 200 408
58.39.139.200 - - [19/Nov/2021:08:36:17 +0800] "GET /xingrg/kc/buy/cgsh_order_operate.html?command=get_materiel&rest_code=00105&code=00101008256&supplier_code=00100203&order_time=2021-11-19 HTTP/1.1" 200 413
114.85.125.222 - - [19/Nov/2021:08:36:23 +0800] "POST /xingrg/kc/buy/cgsh_order_operate.html HTTP/1.1" 200 37
222.69.132.206 - - [19/Nov/2021:08:36:24 +0800] "GET /xingrg/all/function/internal_message.html?_=1637282181160&CODE_STATE=getMsg HTTP/1.1" 200 27
222.69.132.206 - - [19/Nov/2021:08:36:25 +0800] "GET /xingrg/kc/buy/cgsh_order_operate.html?command=get_materiel&rest_code=00149&code=00101008055&supplier_code=00100005&order_time=2021-11-19 HTTP/1.1" 200 409
120.253.135.82 - - [19/Nov/2021:08:36:25 +0800] "GET /xingrg/all/function/internal_message.html?_=1637282130066&CODE_STATE=getMsg HTTP/1.1" 200 27
114.85.125.222 - - [19/Nov/2021:08:36:25 +0800] "POST /xingrg/kc/buy/cgsh_order_operate.html HTTP/1.1" 200 19861
58.39.139.200 - - [19/Nov/2021:08:36:29 +0800] "GET /xingrg/kc/buy/cgsh_order_operate.html?command=get_materiel&rest_code=00105&code=00101008354&supplier_code=00100203&order_time=2021-11-19 HTTP/1.1" 200 412
222.70.171.86 - - [19/Nov/2021:08:36:33 +0800] "GET /xingrg/all/function/internal_message.html?_=1637282190414&CODE_STATE=getMsg HTTP/1.1" 200 27
58.39.139.200 - - [19/Nov/2021:08:36:36 +0800] "GET /xingrg/kc/buy/cgsh_order_operate.html?command=get_materiel&rest_code=00105&code=00101008010&supplier_code=00100203&order_time=2021-11-19 HTTP/1.1" 200 412
180.157.253.6 - - [19/Nov/2021:08:36:37 +0800] "GET /xingrg/check_reg.html?_=1637282196380 HTTP/1.1" 200 22
180.157.253.6 - - [19/Nov/2021:08:36:37 +0800] "GET /xingrg/all/function/internal_message.html?_=1637282196381&CODE_STATE=getMsg HTTP/1.1" 200 27
180.169.147.146 - - [19/Nov/2021:08:36:38 +0800] "GET /xingrg/all/function/internal_message.html?_=1637282200110&CODE_STATE=getMsg HTTP/1.1" 200 27
116.227.210.113 - - [19/Nov/2021:08:36:41 +0800] "GET /xingrg/kc/buy/cgsh_order_list.html HTTP/1.1" 200 49142
58.39.139.200 - - [19/Nov/2021:08:36:43 +0800] "GET /xingrg/kc/buy/cgsh_order_operate.html?command=get_materiel&rest_code=00105&code=00101008096&supplier_code=00100203&order_time=2021-11-19 HTTP/1.1" 200 412
116.227.210.113 - - [19/Nov/2021:08:36:43 +0800] "POST /xingrg/kc/buy/cgsh_list_operate.html HTTP/1.1" 200 876
114.85.125.222 - - [19/Nov/2021:08:36:43 +0800] "GET /xingrg/kc/buy/cgsh_order_operate.html?command=get_materiel&rest_code=00150&code=00101008096&supplier_code=00100007&order_time=2021-11-19 HTTP/1.1" 200 412
120.253.135.82 - - [19/Nov/2021:08:36:44 +0800] "GET /xingrg/all/function/internal_message.html?_=1637281976815&CODE_STATE=getMsg HTTP/1.1" 200 27
124.78.153.86 - - [19/Nov/2021:08:36:46 +0800] "GET /xingrg/all/function/internal_message.html?_=1637282202211&CODE_STATE=getMsg HTTP/1.1" 200 27
222.69.132.206 - - [19/Nov/2021:08:36:48 +0800] "GET /xingrg/kc/buy/cgsh_order_operate.html?command=get_materiel&rest_code=00149&code=00101008257&supplier_code=00100005&order_time=2021-11-19 HTTP/1.1" 200 416
58.39.139.200 - - [19/Nov/2021:08:36:49 +0800] "GET /xingrg/kc/buy/cgsh_order_operate.html?command=get_materiel&rest_code=00105&code=00101008088&supplier_code=00100203&order_time=2021-11-19 HTTP/1.1" 200 408
114.85.125.222 - - [19/Nov/2021:08:36:49 +0800] "GET /xingrg/kc/buy/cgsh_order_operate.html?command=get_materiel&rest_code=00150&code=00101008224&supplier_code=00100007&order_time=2021-11-19 HTTP/1.1" 200 416
114.85.125.222 - - [19/Nov/2021:08:36:50 +0800] "GET /xingrg/all/function/internal_message.html?_=1637282187058&CODE_STATE=getMsg HTTP/1.1" 200 27
116.227.210.113 - - [19/Nov/2021:08:36:51 +0800] "GET /xingrg/kc/buy/cgsh_order_add.html HTTP/1.1" 200 64839
116.227.210.113 - - [19/Nov/2021:08:36:51 +0800] "GET /xingrg/words/20211118120410_words.js HTTP/1.1" 304 -
116.227.210.113 - - [19/Nov/2021:08:36:51 +0800] "POST /xingrg/kc/buy/cgsh_order_operate.html HTTP/1.1" 200 8245
116.227.210.113 - - [19/Nov/2021:08:36:51 +0800] "GET /xingrg/javascript/easyui/themes/default/validatebox.css HTTP/1.1" 404 1104
116.227.210.113 - - [19/Nov/2021:08:36:51 +0800] "GET /xingrg/all/common/auto_word.html?type=employee&rest_code=00155 HTTP/1.1" 200 205
116.227.210.113 - - [19/Nov/2021:08:36:51 +0800] "GET /xingrg/all/common/auto_word.html?type=employee&rest_code=00155 HTTP/1.1" 200 205
180.169.147.146 - - [19/Nov/2021:08:36:52 +0800] "GET /xingrg/all/function/internal_message.html?_=1637282211526&CODE_STATE=getMsg HTTP/1.1" 200 27
58.39.139.200 - - [19/Nov/2021:08:36:55 +0800] "GET /xingrg/all/function/internal_message.html?_=1637282215696&CODE_STATE=getMsg HTTP/1.1" 200 27
116.227.210.113 - - [19/Nov/2021:08:36:55 +0800] "GET /xingrg/all/function/internal_message.html?_=1637282212328&CODE_STATE=getMsg HTTP/1.1" 200 27
114.85.125.222 - - [19/Nov/2021:08:36:56 +0800] "GET /xingrg/kc/buy/cgsh_order_operate.html?command=get_materiel&rest_code=00150&code=00101008223&supplier_code=00100007&order_time=2021-11-19 HTTP/1.1" 200 412
58.39.139.200 - - [19/Nov/2021:08:36:58 +0800] "GET /xingrg/kc/buy/cgsh_order_operate.html?command=get_materiel&rest_code=00105&code=00101008211&supplier_code=00100203&order_time=2021-11-19 HTTP/1.1" 200 412
114.85.125.222 - - [19/Nov/2021:08:37:03 +0800] "POST /xingrg/kc/buy/cgsh_order_operate.html HTTP/1.1" 200 37
114.85.125.222 - - [19/Nov/2021:08:37:05 +0800] "POST /xingrg/kc/buy/cgsh_order_operate.html HTTP/1.1" 200 22827
120.253.135.82 - - [19/Nov/2021:08:37:06 +0800] "GET /xingrg/check_reg.html?_=1637282171632 HTTP/1.1" 200 22
180.169.147.146 - - [19/Nov/2021:08:37:08 +0800] "GET /xingrg/all/function/internal_message.html?_=1637282236827&CODE_STATE=getMsg HTTP/1.1" 200 27
58.39.139.200 - - [19/Nov/2021:08:37:08 +0800] "GET /xingrg/kc/buy/cgsh_order_operate.html?command=get_materiel&rest_code=00105&code=00101008355&supplier_code=00100203&order_time=2021-11-19 HTTP/1.1" 200 408
116.238.248.233 - - [19/Nov/2021:08:37:11 +0800] "GET /xingrg/all/function/internal_message.html?_=1637282229023&CODE_STATE=getMsg HTTP/1.1" 200 27
58.39.139.200 - - [19/Nov/2021:08:37:16 +0800] "GET /xingrg/kc/buy/cgsh_order_operate.html?command=get_materiel&rest_code=00105&code=00101008264&supplier_code=00100203&order_time=2021-11-19 HTTP/1.1" 200 412
116.227.210.113 - - [19/Nov/2021:08:37:17 +0800] "GET /xingrg/javascript/auto/indicator.gif HTTP/1.1" 404 1066
116.227.210.113 - - [19/Nov/2021:08:37:18 +0800] "GET /xingrg/javascript/jquery_tools/images/prev.gif HTTP/1.1" 404 1086
116.227.210.113 - - [19/Nov/2021:08:37:18 +0800] "GET /xingrg/javascript/jquery_tools/images/next.gif HTTP/1.1" 404 1086
114.85.125.222 - - [19/Nov/2021:08:37:19 +0800] "GET /xingrg/kc/buy/cgsh_order_operate.html?command=get_materiel&rest_code=00150&code=00101008168&supplier_code=00100007&order_time=2021-11-19 HTTP/1.1" 200 412
116.227.210.113 - - [19/Nov/2021:08:37:23 +0800] "GET /xingrg/kc/buy/cgsh_order_operate.html?command=get_materiel&rest_code=00155&code=00101006056&supplier_code=00100012&order_time=2021-11-19 HTTP/1.1" 200 413
222.69.132.206 - - [19/Nov/2021:08:37:24 +0800] "GET /xingrg/all/function/internal_message.html?_=1637282241164&CODE_STATE=getMsg HTTP/1.1" 200 27
120.253.135.82 - - [19/Nov/2021:08:37:25 +0800] "GET /xingrg/all/function/internal_message.html?_=1637282190069&CODE_STATE=getMsg HTTP/1.1" 200 27
58.39.139.200 - - [19/Nov/2021:08:37:25 +0800] "GET /xingrg/kc/buy/cgsh_order_operate.html?command=get_materiel&rest_code=00105&code=00101008197&supplier_code=00100203&order_time=2021-11-19 HTTP/1.1" 200 416
114.85.125.222 - - [19/Nov/2021:08:37:25 +0800] "GET /xingrg/kc/buy/cgsh_order_operate.html?command=get_materiel&rest_code=00150&code=00101008090&supplier_code=00100007&order_time=2021-11-19 HTTP/1.1" 200 409
116.227.210.113 - - [19/Nov/2021:08:37:30 +0800] "GET /xingrg/kc/buy/cgsh_order_operate.html?command=get_materiel&rest_code=00155&code=00101006109&supplier_code=00100012&order_time=2021-11-19 HTTP/1.1" 200 409
114.85.125.222 - - [19/Nov/2021:08:37:31 +0800] "GET /xingrg/kc/buy/cgsh_order_operate.html?command=get_materiel&rest_code=00150&code=00101008150&supplier_code=00100007&order_time=2021-11-19 HTTP/1.1" 200 409
58.39.139.200 - - [19/Nov/2021:08:37:33 +0800] "GET /xingrg/kc/buy/cgsh_order_operate.html?command=get_materiel&rest_code=00105&code=00101008558&supplier_code=00100203&order_time=2021-11-19 HTTP/1.1" 200 395
222.70.171.86 - - [19/Nov/2021:08:37:33 +0800] "GET /xingrg/all/function/internal_message.html?_=1637282250424&CODE_STATE=getMsg HTTP/1.1" 200 27
180.157.253.6 - - [19/Nov/2021:08:37:37 +0800] "GET /xingrg/all/function/internal_message.html?_=1637282256381&CODE_STATE=getMsg HTTP/1.1" 200 27
114.85.125.222 - - [19/Nov/2021:08:37:37 +0800] "GET /xingrg/kc/buy/cgsh_order_operate.html?command=get_materiel&rest_code=00150&code=00101008114&supplier_code=00100007&order_time=2021-11-19 HTTP/1.1" 200 413
180.169.147.146 - - [19/Nov/2021:08:37:38 +0800] "GET /xingrg/all/function/internal_message.html?_=1637282260108&CODE_STATE=getMsg HTTP/1.1" 200 27
116.227.210.113 - - [19/Nov/2021:08:37:41 +0800] "GET /xingrg/kc/buy/cgsh_order_operate.html?command=get_materiel&rest_code=00155&code=00101006124&supplier_code=00100012&order_time=2021-11-19 HTTP/1.1" 200 409
120.253.135.82 - - [19/Nov/2021:08:37:41 +0800] "GET /xingrg/check_reg.html?_=1637282033333 HTTP/1.1" 200 22
120.253.135.82 - - [19/Nov/2021:08:37:44 +0800] "GET /xingrg/all/function/internal_message.html?_=1637282036828&CODE_STATE=getMsg HTTP/1.1" 200 27
124.78.153.86 - - [19/Nov/2021:08:37:46 +0800] "GET /xingrg/all/function/internal_message.html?_=1637282262212&CODE_STATE=getMsg HTTP/1.1" 200 27
58.39.139.200 - - [19/Nov/2021:08:37:47 +0800] "GET /xingrg/kc/buy/cgsh_order_operate.html?command=get_materiel&rest_code=00105&code=00101008069&supplier_code=00100203&order_time=2021-11-19 HTTP/1.1" 200 412
114.85.125.222 - - [19/Nov/2021:08:37:48 +0800] "POST /xingrg/kc/buy/cgsh_order_operate.html HTTP/1.1" 200 37
116.227.210.113 - - [19/Nov/2021:08:37:50 +0800] "GET /xingrg/kc/buy/cgsh_order_operate.html?command=get_materiel&rest_code=00155&code=00101006065&supplier_code=00100012&order_time=2021-11-19 HTTP/1.1" 200 409
114.85.125.222 - - [19/Nov/2021:08:37:50 +0800] "POST /xingrg/kc/buy/cgsh_order_operate.html HTTP/1.1" 200 25779
114.85.125.222 - - [19/Nov/2021:08:37:50 +0800] "GET /xingrg/all/function/internal_message.html?_=1637282247072&CODE_STATE=getMsg HTTP/1.1" 200 27
180.169.147.146 - - [19/Nov/2021:08:37:52 +0800] "GET /xingrg/all/function/internal_message.html?_=1637282271545&CODE_STATE=getMsg HTTP/1.1" 200 27
58.39.139.200 - - [19/Nov/2021:08:37:55 +0800] "GET /xingrg/all/function/internal_message.html?_=1637282275696&CODE_STATE=getMsg HTTP/1.1" 200 27
116.227.210.113 - - [19/Nov/2021:08:37:55 +0800] "GET /xingrg/all/function/internal_message.html?_=1637282272333&CODE_STATE=getMsg HTTP/1.1" 200 27
116.227.210.113 - - [19/Nov/2021:08:37:56 +0800] "GET /xingrg/kc/buy/cgsh_order_operate.html?command=get_materiel&rest_code=00155&code=00101006055&supplier_code=00100012&order_time=2021-11-19 HTTP/1.1" 200 409
58.221.95.50 - - [19/Nov/2021:08:37:57 +0800] "GET /xingrg/check_reg.html?_=1637282276646 HTTP/1.1" 302 -
114.85.125.222 - - [19/Nov/2021:08:37:57 +0800] "GET /xingrg/kc/buy/cgsh_order_operate.html?command=get_materiel&rest_code=00150&code=00101008061&supplier_code=00100007&order_time=2021-11-19 HTTP/1.1" 200 422
116.227.210.113 - - [19/Nov/2021:08:38:04 +0800] "GET /xingrg/kc/buy/cgsh_order_operate.html?command=get_materiel&rest_code=00155&code=00101006184&supplier_code=00100012&order_time=2021-11-19 HTTP/1.1" 200 408
180.169.147.146 - - [19/Nov/2021:08:38:08 +0800] "GET /xingrg/all/function/internal_message.html?_=1637282296810&CODE_STATE=getMsg HTTP/1.1" 200 27
116.238.248.233 - - [19/Nov/2021:08:38:11 +0800] "GET /xingrg/all/function/internal_message.html?_=1637282289037&CODE_STATE=getMsg HTTP/1.1" 200 27
116.227.210.113 - - [19/Nov/2021:08:38:13 +0800] "GET /xingrg/kc/buy/cgsh_order_operate.html?command=get_materiel&rest_code=00155&code=00101006174&supplier_code=00100012&order_time=2021-11-19 HTTP/1.1" 200 433
114.85.125.222 - - [19/Nov/2021:08:38:17 +0800] "GET /xingrg/kc/buy/cgsh_order_operate.html?command=get_materiel&rest_code=00150&code=00101008283&supplier_code=00100007&order_time=2021-11-19 HTTP/1.1" 200 408
116.227.210.113 - - [19/Nov/2021:08:38:19 +0800] "GET /xingrg/kc/buy/cgsh_order_operate.html?command=get_materiel&rest_code=00155&code=00101006027&supplier_code=00100012&order_time=2021-11-19 HTTP/1.1" 200 411
114.85.125.222 - - [19/Nov/2021:08:38:23 +0800] "GET /xingrg/kc/buy/cgsh_order_operate.html?command=get_materiel&rest_code=00150&code=00101008298&supplier_code=00100007&order_time=2021-11-19 HTTP/1.1" 200 412
222.69.132.206 - - [19/Nov/2021:08:38:24 +0800] "GET /xingrg/all/function/internal_message.html?_=1637282301165&CODE_STATE=getMsg HTTP/1.1" 200 27
222.69.132.206 - - [19/Nov/2021:08:38:24 +0800] "GET /xingrg/check_reg.html?_=1637282301170 HTTP/1.1" 200 22
120.253.135.82 - - [19/Nov/2021:08:38:25 +0800] "GET /xingrg/all/function/internal_message.html?_=1637282250081&CODE_STATE=getMsg HTTP/1.1" 200 27
222.70.171.86 - - [19/Nov/2021:08:38:32 +0800] "GET /xingrg/check_reg.html?_=1637282309271 HTTP/1.1" 200 22
222.70.171.86 - - [19/Nov/2021:08:38:33 +0800] "GET /xingrg/all/function/internal_message.html?_=1637282310438&CODE_STATE=getMsg HTTP/1.1" 200 27
116.227.210.113 - - [19/Nov/2021:08:38:35 +0800] "GET /xingrg/kc/buy/cgsh_order_operate.html?command=get_materiel&rest_code=00155&code=00101006115&supplier_code=00100012&order_time=2021-11-19 HTTP/1.1" 200 408
114.85.125.222 - - [19/Nov/2021:08:38:35 +0800] "POST /xingrg/kc/buy/cgsh_order_operate.html HTTP/1.1" 200 37
180.169.147.146 - - [19/Nov/2021:08:38:36 +0800] "GET /xingrg/check_reg.html?_=1637282315612 HTTP/1.1" 200 22
58.39.139.200 - - [19/Nov/2021:08:38:36 +0800] "GET /xingrg/kc/buy/cgsh_order_operate.html?command=get_materiel&rest_code=00105&code=00101008131&supplier_code=00100203&order_time=2021-11-19 HTTP/1.1" 200 408
180.157.253.6 - - [19/Nov/2021:08:38:37 +0800] "GET /xingrg/all/function/internal_message.html?_=1637282316382&CODE_STATE=getMsg HTTP/1.1" 200 27
114.85.125.222 - - [19/Nov/2021:08:38:37 +0800] "POST /xingrg/kc/buy/cgsh_order_operate.html HTTP/1.1" 200 28737
180.169.147.146 - - [19/Nov/2021:08:38:38 +0800] "GET /xingrg/all/function/internal_message.html?_=1637282320106&CODE_STATE=getMsg HTTP/1.1" 200 27
114.85.125.222 - - [19/Nov/2021:08:38:39 +0800] "GET /xingrg/kc/buy/cgsh_order_add.html HTTP/1.1" 200 64807
114.85.125.222 - - [19/Nov/2021:08:38:40 +0800] "POST /xingrg/kc/buy/cgsh_order_operate.html HTTP/1.1" 200 8245
114.85.125.222 - - [19/Nov/2021:08:38:40 +0800] "GET /xingrg/javascript/easyui/themes/default/validatebox.css HTTP/1.1" 404 1104
58.39.139.200 - - [19/Nov/2021:08:38:42 +0800] "GET /xingrg/kc/buy/cgsh_order_operate.html?command=get_materiel&rest_code=00105&code=00101008318&supplier_code=00100203&order_time=2021-11-19 HTTP/1.1" 200 408
116.227.210.113 - - [19/Nov/2021:08:38:42 +0800] "GET /xingrg/kc/buy/cgsh_order_operate.html?command=get_materiel&rest_code=00155&code=00101006178&supplier_code=00100012&order_time=2021-11-19 HTTP/1.1" 200 409
120.253.135.82 - - [19/Nov/2021:08:38:44 +0800] "GET /xingrg/all/function/internal_message.html?_=1637282096841&CODE_STATE=getMsg HTTP/1.1" 200 27
58.39.139.200 - - [19/Nov/2021:08:38:45 +0800] "POST /xingrg/kc/buy/cgsh_order_operate.html HTTP/1.1" 200 2065
124.78.153.86 - - [19/Nov/2021:08:38:46 +0800] "GET /xingrg/check_reg.html?_=1637282322211 HTTP/1.1" 200 22
124.78.153.86 - - [19/Nov/2021:08:38:46 +0800] "GET /xingrg/all/function/internal_message.html?_=1637282322214&CODE_STATE=getMsg HTTP/1.1" 200 27
58.39.139.200 - - [19/Nov/2021:08:38:47 +0800] "POST /xingrg/kc/buy/cgsh_order_operate.html HTTP/1.1" 200 2065
114.85.125.222 - - [19/Nov/2021:08:38:49 +0800] "GET /xingrg/check_reg.html?_=1637282306618 HTTP/1.1" 200 22
114.85.125.222 - - [19/Nov/2021:08:38:50 +0800] "GET /xingrg/all/function/internal_message.html?_=1637282307086&CODE_STATE=getMsg HTTP/1.1" 200 27
180.169.147.146 - - [19/Nov/2021:08:38:52 +0800] "GET /xingrg/all/function/internal_message.html?_=1637282331552&CODE_STATE=getMsg HTTP/1.1" 200 27
116.227.210.113 - - [19/Nov/2021:08:38:53 +0800] "POST /xingrg/kc/buy/cgsh_order_operate.html HTTP/1.1" 200 37
114.85.125.222 - - [19/Nov/2021:08:38:54 +0800] "GET /xingrg/kc/buy/cgsh_order_operate.html?command=get_materiel&rest_code=00150&code=00101009109&supplier_code=00100424&order_time=2021-11-19 HTTP/1.1" 200 399
116.227.210.113 - - [19/Nov/2021:08:38:55 +0800] "POST /xingrg/kc/buy/cgsh_order_operate.html HTTP/1.1" 200 7957
58.39.139.200 - - [19/Nov/2021:08:38:55 +0800] "GET /xingrg/all/function/internal_message.html?_=1637282335689&CODE_STATE=getMsg HTTP/1.1" 200 27
58.39.139.200 - - [19/Nov/2021:08:38:55 +0800] "GET /xingrg/check_reg.html?_=1637282335691 HTTP/1.1" 200 22
116.227.210.113 - - [19/Nov/2021:08:38:55 +0800] "GET /xingrg/all/function/internal_message.html?_=1637282332313&CODE_STATE=getMsg HTTP/1.1" 200 27
116.227.210.113 - - [19/Nov/2021:08:38:56 +0800] "GET /xingrg/kc/print/load_config.html?kc_code=cgsh HTTP/1.1" 200 2281
116.227.210.113 - - [19/Nov/2021:08:38:56 +0800] "GET /xingrg/kc/print/load_data.html?order_code=212021111907891&kc_code=cgsh&condition= HTTP/1.1" 200 2772
58.39.139.200 - - [19/Nov/2021:08:39:02 +0800] "GET /xingrg/kc/buy/cgsh_order_operate.html?command=get_materiel&rest_code=00105&code=00101008352&supplier_code=00100203&order_time=2021-11-19 HTTP/1.1" 200 412
222.69.132.206 - - [19/Nov/2021:08:39:07 +0800] "GET /xingrg/javascript/jquery_easy_ui/themes/default/images/tabs_active.png HTTP/1.1" 200 2894
180.169.147.146 - - [19/Nov/2021:08:39:08 +0800] "GET /xingrg/all/function/internal_message.html?_=1637282356795&CODE_STATE=getMsg HTTP/1.1" 200 27
116.227.210.113 - - [19/Nov/2021:08:39:08 +0800] "GET /xingrg/kc/buy/cgsh_order_add.html HTTP/1.1" 200 64839
116.227.210.113 - - [19/Nov/2021:08:39:08 +0800] "POST /xingrg/kc/buy/cgsh_order_operate.html HTTP/1.1" 200 8245
116.227.210.113 - - [19/Nov/2021:08:39:08 +0800] "GET /xingrg/javascript/easyui/themes/default/validatebox.css HTTP/1.1" 404 1104
114.85.125.222 - - [19/Nov/2021:08:39:09 +0800] "GET /xingrg/kc/buy/cgsh_order_operate.html?command=get_materiel&rest_code=00150&code=00101009062&supplier_code=00100424&order_time=2021-11-19 HTTP/1.1" 200 412
116.238.248.233 - - [19/Nov/2021:08:39:11 +0800] "GET /xingrg/all/function/internal_message.html?_=1637282349037&CODE_STATE=getMsg HTTP/1.1" 200 27
58.39.139.200 - - [19/Nov/2021:08:39:13 +0800] "GET /xingrg/kc/buy/cgsh_order_operate.html?command=get_materiel&rest_code=00105&code=00101008271&supplier_code=00100203&order_time=2021-11-19 HTTP/1.1" 200 408
116.227.210.113 - - [19/Nov/2021:08:39:17 +0800] "POST /xingrg/kc/buy/cgsh_list_operate.html HTTP/1.1" 200 1690
114.85.125.222 - - [19/Nov/2021:08:39:17 +0800] "GET /xingrg/kc/buy/cgsh_order_operate.html?command=get_materiel&rest_code=00150&code=00101009045&supplier_code=00100424&order_time=2021-11-19 HTTP/1.1" 200 412
116.227.210.113 - - [19/Nov/2021:08:39:19 +0800] "POST /xingrg/kc/buy/cgsh_list_operate.html HTTP/1.1" 200 1690
116.227.210.113 - - [19/Nov/2021:08:39:20 +0800] "POST /xingrg/kc/buy/cgsh_list_operate.html HTTP/1.1" 200 563
180.169.147.146 - - [19/Nov/2021:08:39:21 +0800] "GET /xingrg/check_reg.html?_=1637282369702 HTTP/1.1" 200 22
116.227.210.113 - - [19/Nov/2021:08:39:21 +0800] "GET /xingrg/kc/buy/cgsh_order_info.html?code=212021111907891 HTTP/1.1" 200 64848
116.227.210.113 - - [19/Nov/2021:08:39:22 +0800] "GET /xingrg/javascript/easyui/themes/default/validatebox.css HTTP/1.1" 404 1104
222.69.132.206 - - [19/Nov/2021:08:39:22 +0800] "GET /xingrg/javascript/jquery_easy_ui/themes/icons/rest.png HTTP/1.1" 200 695
222.69.132.206 - - [19/Nov/2021:08:39:22 +0800] "GET /xingrg/javascript/jquery_easy_ui/themes/icons/area.png HTTP/1.1" 200 262
116.227.210.113 - - [19/Nov/2021:08:39:22 +0800] "POST /xingrg/kc/buy/cgsh_order_operate.html HTTP/1.1" 200 7957
114.85.125.222 - - [19/Nov/2021:08:39:23 +0800] "GET /xingrg/kc/buy/cgsh_order_operate.html?command=get_materiel&rest_code=00150&code=00101009013&supplier_code=00100424&order_time=2021-11-19 HTTP/1.1" 200 420
58.39.139.200 - - [19/Nov/2021:08:39:23 +0800] "GET /xingrg/kc/buy/cgsh_order_operate.html?command=get_materiel&rest_code=00105&code=00101008353&supplier_code=00100203&order_time=2021-11-19 HTTP/1.1" 200 408
222.69.132.206 - - [19/Nov/2021:08:39:24 +0800] "GET /xingrg/all/function/internal_message.html?_=1637282361169&CODE_STATE=getMsg HTTP/1.1" 200 27
116.227.210.113 - - [19/Nov/2021:08:39:24 +0800] "GET /xingrg/kc/print/load_data.html?order_code=212021111907891&kc_code=cgsh HTTP/1.1" 200 2772
120.253.135.82 - - [19/Nov/2021:08:39:25 +0800] "GET /xingrg/all/function/internal_message.html?_=1637282310107&CODE_STATE=getMsg HTTP/1.1" 200 27
114.85.125.222 - - [19/Nov/2021:08:39:31 +0800] "GET /xingrg/kc/buy/cgsh_order_operate.html?command=get_materiel&rest_code=00150&code=00101009007&supplier_code=00100424&order_time=2021-11-19 HTTP/1.1" 200 408
222.70.171.86 - - [19/Nov/2021:08:39:33 +0800] "GET /xingrg/all/function/internal_message.html?_=1637282370452&CODE_STATE=getMsg HTTP/1.1" 200 27
180.157.253.6 - - [19/Nov/2021:08:39:37 +0800] "GET /xingrg/all/function/internal_message.html?_=1637282376406&CODE_STATE=getMsg HTTP/1.1" 200 27
180.169.147.146 - - [19/Nov/2021:08:39:38 +0800] "GET /xingrg/all/function/internal_message.html?_=1637282380132&CODE_STATE=getMsg HTTP/1.1" 200 27
58.39.139.200 - - [19/Nov/2021:08:39:44 +0800] "GET /xingrg/kc/buy/cgsh_order_operate.html?command=get_materiel&rest_code=00105&code=00101008105&supplier_code=00100203&order_time=2021-11-19 HTTP/1.1" 200 412
120.253.135.82 - - [19/Nov/2021:08:39:44 +0800] "GET /xingrg/all/function/internal_message.html?_=1637282156924&CODE_STATE=getMsg HTTP/1.1" 200 27
124.78.153.86 - - [19/Nov/2021:08:39:46 +0800] "GET /xingrg/all/function/internal_message.html?_=1637282382216&CODE_STATE=getMsg HTTP/1.1" 200 27
114.85.125.222 - - [19/Nov/2021:08:39:48 +0800] "GET /xingrg/kc/buy/cgsh_order_operate.html?command=get_materiel&rest_code=00150&code=00101013168&supplier_code=00100424&order_time=2021-11-19 HTTP/1.1" 200 413
114.85.125.222 - - [19/Nov/2021:08:39:50 +0800] "GET /xingrg/all/function/internal_message.html?_=1637282367099&CODE_STATE=getMsg HTTP/1.1" 200 27
58.39.139.200 - - [19/Nov/2021:08:39:50 +0800] "GET /xingrg/kc/buy/cgsh_order_operate.html?command=get_materiel&rest_code=00105&code=00101008119&supplier_code=00100203&order_time=2021-11-19 HTTP/1.1" 200 413
180.169.147.146 - - [19/Nov/2021:08:39:52 +0800] "GET /xingrg/all/function/internal_message.html?_=1637282391567&CODE_STATE=getMsg HTTP/1.1" 200 27
58.39.139.200 - - [19/Nov/2021:08:39:55 +0800] "GET /xingrg/all/function/internal_message.html?_=1637282395694&CODE_STATE=getMsg HTTP/1.1" 200 27
116.227.210.113 - - [19/Nov/2021:08:39:55 +0800] "GET /xingrg/check_reg.html?_=1637282392322 HTTP/1.1" 200 22
116.227.210.113 - - [19/Nov/2021:08:39:55 +0800] "GET /xingrg/all/function/internal_message.html?_=1637282392326&CODE_STATE=getMsg HTTP/1.1" 200 27
116.235.93.2 - - [19/Nov/2021:08:39:59 +0800] "GET /xingrg/check_reg.html?_=1637282508889 HTTP/1.1" 302 -
114.85.125.222 - - [19/Nov/2021:08:40:01 +0800] "POST /xingrg/kc/buy/cgsh_order_operate.html HTTP/1.1" 200 37
58.39.139.200 - - [19/Nov/2021:08:40:01 +0800] "GET /xingrg/kc/buy/cgsh_order_operate.html?command=get_materiel&rest_code=00105&code=00101008185&supplier_code=00100203&order_time=2021-11-19 HTTP/1.1" 200 408
114.85.125.222 - - [19/Nov/2021:08:40:02 +0800] "POST /xingrg/kc/buy/cgsh_order_operate.html HTTP/1.1" 200 6210
180.169.147.146 - - [19/Nov/2021:08:40:08 +0800] "GET /xingrg/all/function/internal_message.html?_=1637282416769&CODE_STATE=getMsg HTTP/1.1" 200 27
114.85.125.222 - - [19/Nov/2021:08:40:11 +0800] "GET /xingrg/kc/buy/cgsh_order_add.html HTTP/1.1" 200 64807
114.85.125.222 - - [19/Nov/2021:08:40:11 +0800] "POST /xingrg/kc/buy/cgsh_order_operate.html HTTP/1.1" 200 8245
58.39.139.200 - - [19/Nov/2021:08:40:11 +0800] "GET /xingrg/kc/buy/cgsh_order_operate.html?command=get_materiel&rest_code=00105&code=00101008405&supplier_code=00100203&order_time=2021-11-19 HTTP/1.1" 200 413
114.85.125.222 - - [19/Nov/2021:08:40:11 +0800] "GET /xingrg/javascript/easyui/themes/default/validatebox.css HTTP/1.1" 404 1104
116.238.248.233 - - [19/Nov/2021:08:40:11 +0800] "GET /xingrg/all/function/internal_message.html?_=1637282409036&CODE_STATE=getMsg HTTP/1.1" 200 27
114.85.125.222 - - [19/Nov/2021:08:40:14 +0800] "GET /xingrg/javascript/jquery_easy_ui/themes/default/images/tabs_active.png HTTP/1.1" 304 -
58.39.139.200 - - [19/Nov/2021:08:40:20 +0800] "GET /xingrg/kc/buy/cgsh_order_operate.html?command=get_materiel&rest_code=00105&code=00101008176&supplier_code=00100203&order_time=2021-11-19 HTTP/1.1" 200 412
114.85.125.222 - - [19/Nov/2021:08:40:22 +0800] "GET /xingrg/kc/buy/cgsh_order_operate.html?command=get_materiel&rest_code=00150&code=00101001010&supplier_code=00100096&order_time=2021-11-19 HTTP/1.1" 200 409
222.69.132.206 - - [19/Nov/2021:08:40:24 +0800] "GET /xingrg/all/function/internal_message.html?_=1637282421174&CODE_STATE=getMsg HTTP/1.1" 200 27
120.253.135.82 - - [19/Nov/2021:08:40:25 +0800] "GET /xingrg/all/function/internal_message.html?_=1637282370126&CODE_STATE=getMsg HTTP/1.1" 200 27
222.70.171.86 - - [19/Nov/2021:08:40:33 +0800] "GET /xingrg/all/function/internal_message.html?_=1637282430465&CODE_STATE=getMsg HTTP/1.1" 200 27
58.39.139.200 - - [19/Nov/2021:08:40:33 +0800] "GET /xingrg/kc/buy/cgsh_order_operate.html?command=get_materiel&rest_code=00105&code=00101008027&supplier_code=00100203&order_time=2021-11-19 HTTP/1.1" 200 408
222.69.132.206 - - [19/Nov/2021:08:40:35 +0800] "GET /xingrg/kc/buy/cgsh_order_operate.html?command=get_materiel&rest_code=00149&code=00101008156&supplier_code=00100005&order_time=2021-11-19 HTTP/1.1" 200 414
116.232.52.153 - - [19/Nov/2021:08:40:37 +0800] "GET /favicon.ico HTTP/1.1" 404 -
180.157.253.6 - - [19/Nov/2021:08:40:37 +0800] "GET /xingrg/all/function/internal_message.html?_=1637282436406&CODE_STATE=getMsg HTTP/1.1" 200 27
116.232.52.153 - - [19/Nov/2021:08:40:38 +0800] "GET /xingrg/login.html HTTP/1.1" 200 7641
116.232.52.153 - - [19/Nov/2021:08:40:38 +0800] "GET /xingrg/images/blue/jxLogo.png HTTP/1.1" 200 6156
116.232.52.153 - - [19/Nov/2021:08:40:38 +0800] "GET /xingrg/images/blue/hj.png HTTP/1.1" 200 1014
116.232.52.153 - - [19/Nov/2021:08:40:38 +0800] "GET /xingrg/images/blue/srbg.png HTTP/1.1" 200 138
116.232.52.153 - - [19/Nov/2021:08:40:38 +0800] "GET /xingrg/images/blue/login_bg.png HTTP/1.1" 200 22101
180.169.147.146 - - [19/Nov/2021:08:40:38 +0800] "GET /xingrg/all/function/internal_message.html?_=1637282440131&CODE_STATE=getMsg HTTP/1.1" 200 27
180.169.147.146 - - [19/Nov/2021:08:40:38 +0800] "GET /xingrg/check_reg.html?_=1637282440132 HTTP/1.1" 200 22
116.232.52.153 - - [19/Nov/2021:08:40:38 +0800] "GET /favicon.ico HTTP/1.1" 404 -
58.39.139.200 - - [19/Nov/2021:08:40:41 +0800] "GET /xingrg/kc/buy/cgsh_order_operate.html?command=get_materiel&rest_code=00105&code=00101008055&supplier_code=00100203&order_time=2021-11-19 HTTP/1.1" 200 409
172.20.0.100 - - [19/Nov/2021:08:40:43 +0800] "GET /xingrg/check_reg.html?_=1637282433459 HTTP/1.1" 302 -
114.85.125.222 - - [19/Nov/2021:08:40:44 +0800] "GET /xingrg/kc/buy/cgsh_order_operate.html?command=get_materiel&rest_code=00150&code=00101012029&supplier_code=00100096&order_time=2021-11-19 HTTP/1.1" 200 414
120.253.135.82 - - [19/Nov/2021:08:40:44 +0800] "GET /xingrg/all/function/internal_message.html?_=1637282216930&CODE_STATE=getMsg HTTP/1.1" 200 27
124.78.153.86 - - [19/Nov/2021:08:40:46 +0800] "GET /xingrg/all/function/internal_message.html?_=1637282442201&CODE_STATE=getMsg HTTP/1.1" 200 27
116.232.52.153 - - [19/Nov/2021:08:40:46 +0800] "POST /xingrg/login.do HTTP/1.1" 302 -
116.232.52.153 - - [19/Nov/2021:08:40:47 +0800] "POST /xingrg/login.do HTTP/1.1" 302 -
116.232.52.153 - - [19/Nov/2021:08:40:47 +0800] "GET /xingrg/index.html?sysBaseUrl=http%3A%2F%2F180.169.147.146%3A18081%2Fxingrg%2F&costTime=2070×tamp=1637282447058 HTTP/1.1" 200 17173
116.232.52.153 - - [19/Nov/2021:08:40:47 +0800] "GET /xingrg/javascript/jquery_easy_ui/themes/icon.css HTTP/1.1" 200 3949
116.232.52.153 - - [19/Nov/2021:08:40:47 +0800] "GET /xingrg/css/form.css HTTP/1.1" 200 893
116.232.52.153 - - [19/Nov/2021:08:40:47 +0800] "GET /xingrg/javascript/jquery-1.4.2.min.js HTTP/1.1" 200 72205
116.232.52.153 - - [19/Nov/2021:08:40:47 +0800] "GET /xingrg/javascript/jquery_easy_ui/jquery.easyui.min.js HTTP/1.1" 200 213662
116.232.52.153 - - [19/Nov/2021:08:40:47 +0800] "GET /xingrg/javascript/jquery_easy_ui/easyui-lang-zh_CN.js HTTP/1.1" 200 1900
116.232.52.153 - - [19/Nov/2021:08:40:47 +0800] "GET /xingrg/javascript/jquery_easy_ui/themes/default/easyui.css HTTP/1.1" 200 26500
116.232.52.153 - - [19/Nov/2021:08:40:47 +0800] "GET /xingrg/javascript/jquery.form.js HTTP/1.1" 200 23110
116.232.52.153 - - [19/Nov/2021:08:40:47 +0800] "GET /xingrg/javascript/jquery.utils.js HTTP/1.1" 200 11805
116.232.52.153 - - [19/Nov/2021:08:40:47 +0800] "GET /xingrg/javascript/jquery.timers.js HTTP/1.1" 200 3532
116.232.52.153 - - [19/Nov/2021:08:40:47 +0800] "GET /xingrg/javascript/jquery_easy_ui/themes/icons/settle_new.png HTTP/1.1" 200 826
116.232.52.153 - - [19/Nov/2021:08:40:47 +0800] "GET /xingrg/images/blue/navBackgound.jpg HTTP/1.1" 200 12378
116.232.52.153 - - [19/Nov/2021:08:40:47 +0800] "GET /xingrg/images/blue/pingpu.png HTTP/1.1" 200 231
116.232.52.153 - - [19/Nov/2021:08:40:47 +0800] "GET /xingrg/javascript/jquery_easy_ui/themes/default/images/panel_tool_collapse.gif HTTP/1.1" 200 246
116.232.52.153 - - [19/Nov/2021:08:40:47 +0800] "GET /xingrg/check_reg.html?_=1637282445831 HTTP/1.1" 200 22
116.232.52.153 - - [19/Nov/2021:08:40:47 +0800] "GET /xingrg/all/function/internal_message.html?_=1637282445829&CODE_STATE=count HTTP/1.1" 200 11
116.232.52.153 - - [19/Nov/2021:08:40:47 +0800] "POST /xingrg/all/common/load_tree.html?tree=area_rest_tree_json&manage=1 HTTP/1.1" 200 342
116.232.52.153 - - [19/Nov/2021:08:40:47 +0800] "POST /xingrg/load_menu.html HTTP/1.1" 200 5138
116.232.52.153 - - [19/Nov/2021:08:40:47 +0800] "GET /xingrg/javascript/jquery_easy_ui/themes/default/images/tree_arrows.gif HTTP/1.1" 200 1043
116.232.52.153 - - [19/Nov/2021:08:40:47 +0800] "GET /xingrg/javascript/jquery_easy_ui/themes/default/images/tree_folder_open.gif HTTP/1.1" 200 956
116.232.52.153 - - [19/Nov/2021:08:40:47 +0800] "GET /xingrg/javascript/jquery_easy_ui/themes/icons/search_new.png HTTP/1.1" 200 586
116.232.52.153 - - [19/Nov/2021:08:40:47 +0800] "GET /xingrg/javascript/jquery_easy_ui/themes/icons/storage_new.png HTTP/1.1" 200 853
116.232.52.153 - - [19/Nov/2021:08:40:47 +0800] "GET /xingrg/javascript/jquery_easy_ui/themes/default/images/tree_folder.gif HTTP/1.1" 200 952
116.232.52.153 - - [19/Nov/2021:08:40:47 +0800] "GET /xingrg/javascript/jquery_easy_ui/themes/icons/forms_new.png HTTP/1.1" 200 350
114.85.125.222 - - [19/Nov/2021:08:40:50 +0800] "GET /xingrg/all/function/internal_message.html?_=1637282427112&CODE_STATE=getMsg HTTP/1.1" 200 27
222.69.132.206 - - [19/Nov/2021:08:40:52 +0800] "GET /xingrg/kc/buy/cgsh_order_operate.html?command=get_materiel&rest_code=00149&code=00101008349&supplier_code=00100005&order_time=2021-11-19 HTTP/1.1" 200 412
180.169.147.146 - - [19/Nov/2021:08:40:52 +0800] "GET /xingrg/all/function/internal_message.html?_=1637282451587&CODE_STATE=getMsg HTTP/1.1" 200 27
116.227.210.113 - - [19/Nov/2021:08:40:55 +0800] "GET /xingrg/all/function/internal_message.html?_=1637282452325&CODE_STATE=getMsg HTTP/1.1" 200 27
58.39.139.200 - - [19/Nov/2021:08:40:55 +0800] "GET /xingrg/all/function/internal_message.html?_=1637282455781&CODE_STATE=getMsg HTTP/1.1" 200 27
114.85.125.222 - - [19/Nov/2021:08:40:59 +0800] "GET /xingrg/kc/buy/cgsh_order_operate.html?command=get_materiel&rest_code=00150&code=00101006168&supplier_code=00100096&order_time=2021-11-19 HTTP/1.1" 200 421
222.69.132.206 - - [19/Nov/2021:08:41:04 +0800] "GET /xingrg/kc/buy/cgsh_order_operate.html?command=get_materiel&rest_code=00149&code=00101008350&supplier_code=00100005&order_time=2021-11-19 HTTP/1.1" 200 408
180.169.147.146 - - [19/Nov/2021:08:41:08 +0800] "GET /xingrg/all/function/internal_message.html?_=1637282476757&CODE_STATE=getMsg HTTP/1.1" 200 27
58.39.139.200 - - [19/Nov/2021:08:41:08 +0800] "GET /xingrg/kc/buy/cgsh_order_operate.html?command=get_materiel&rest_code=00105&code=00101008244&supplier_code=00100203&order_time=2021-11-19 HTTP/1.1" 200 408
116.238.248.233 - - [19/Nov/2021:08:41:11 +0800] "GET /xingrg/all/function/internal_message.html?_=1637282469034&CODE_STATE=getMsg HTTP/1.1" 200 27
116.238.248.233 - - [19/Nov/2021:08:41:11 +0800] "GET /xingrg/check_reg.html?_=1637282469037 HTTP/1.1" 200 22
114.85.125.222 - - [19/Nov/2021:08:41:12 +0800] "GET /xingrg/kc/buy/cgsh_order_operate.html?command=get_materiel&rest_code=00150&code=00101007081&supplier_code=00100096&order_time=2021-11-19 HTTP/1.1" 200 413
58.39.139.200 - - [19/Nov/2021:08:41:16 +0800] "GET /xingrg/kc/buy/cgsh_order_operate.html?command=get_materiel&rest_code=00105&code=00101008038&supplier_code=00100203&order_time=2021-11-19 HTTP/1.1" 200 412
222.69.132.206 - - [19/Nov/2021:08:41:22 +0800] "GET /xingrg/kc/buy/cgsh_order_operate.html?command=get_materiel&rest_code=00149&code=00101008049&supplier_code=00100005&order_time=2021-11-19 HTTP/1.1" 200 408
222.69.128.233 - - [19/Nov/2021:08:41:23 +0800] "GET /favicon.ico HTTP/1.1" 404 -
222.69.132.206 - - [19/Nov/2021:08:41:24 +0800] "GET /xingrg/all/function/internal_message.html?_=1637282481245&CODE_STATE=getMsg HTTP/1.1" 200 27
120.253.135.82 - - [19/Nov/2021:08:41:25 +0800] "GET /xingrg/all/function/internal_message.html?_=1637282430147&CODE_STATE=getMsg HTTP/1.1" 200 27
58.39.139.200 - - [19/Nov/2021:08:41:25 +0800] "POST /xingrg/kc/buy/cgsh_order_operate.html HTTP/1.1" 200 2065
58.39.139.200 - - [19/Nov/2021:08:41:26 +0800] "POST /xingrg/kc/buy/cgsh_order_operate.html HTTP/1.1" 200 2065
114.85.125.222 - - [19/Nov/2021:08:41:28 +0800] "GET /xingrg/kc/buy/cgsh_order_operate.html?command=get_materiel&rest_code=00150&code=00101007071&supplier_code=00100096&order_time=2021-11-19 HTTP/1.1" 200 417
222.69.132.206 - - [19/Nov/2021:08:41:32 +0800] "GET /xingrg/kc/buy/cgsh_order_operate.html?command=get_materiel&rest_code=00149&code=00101008028&supplier_code=00100005&order_time=2021-11-19 HTTP/1.1" 200 412
222.70.171.86 - - [19/Nov/2021:08:41:33 +0800] "GET /xingrg/all/function/internal_message.html?_=1637282490480&CODE_STATE=getMsg HTTP/1.1" 200 27
58.39.139.200 - - [19/Nov/2021:08:41:37 +0800] "GET /xingrg/kc/buy/cgsh_order_operate.html?command=get_materiel&rest_code=00105&code=00101008003&supplier_code=00100203&order_time=2021-11-19 HTTP/1.1" 200 408
180.157.253.6 - - [19/Nov/2021:08:41:37 +0800] "GET /xingrg/check_reg.html?_=1637282496407 HTTP/1.1" 200 22
180.157.253.6 - - [19/Nov/2021:08:41:37 +0800] "GET /xingrg/all/function/internal_message.html?_=1637282496409&CODE_STATE=getMsg HTTP/1.1" 200 27
114.85.125.222 - - [19/Nov/2021:08:41:38 +0800] "GET /xingrg/kc/buy/cgsh_order_operate.html?command=get_materiel&rest_code=00150&code=00101007077&supplier_code=00100096&order_time=2021-11-19 HTTP/1.1" 200 415
180.169.147.146 - - [19/Nov/2021:08:41:38 +0800] "GET /xingrg/all/function/internal_message.html?_=1637282500131&CODE_STATE=getMsg HTTP/1.1" 200 27
120.253.135.82 - - [19/Nov/2021:08:41:44 +0800] "GET /xingrg/all/function/internal_message.html?_=1637282277016&CODE_STATE=getMsg HTTP/1.1" 200 27
58.39.139.200 - - [19/Nov/2021:08:41:45 +0800] "GET /xingrg/kc/buy/cgsh_order_operate.html?command=get_materiel&rest_code=00105&code=00101008361&supplier_code=00100203&order_time=2021-11-19 HTTP/1.1" 200 408
222.69.132.206 - - [19/Nov/2021:08:41:45 +0800] "GET /xingrg/kc/buy/cgsh_order_operate.html?command=get_materiel&rest_code=00149&code=00101008351&supplier_code=00100005&order_time=2021-11-19 HTTP/1.1" 200 408
124.78.153.86 - - [19/Nov/2021:08:41:46 +0800] "GET /xingrg/all/function/internal_message.html?_=1637282502215&CODE_STATE=getMsg HTTP/1.1" 200 27
116.232.52.153 - - [19/Nov/2021:08:41:47 +0800] "GET /xingrg/all/function/internal_message.html?_=1637282505835&CODE_STATE=getMsg HTTP/1.1" 200 27
114.85.125.222 - - [19/Nov/2021:08:41:48 +0800] "GET /xingrg/kc/buy/cgsh_order_operate.html?command=get_materiel&rest_code=00150&code=00101007061&supplier_code=00100096&order_time=2021-11-19 HTTP/1.1" 200 409
114.85.125.222 - - [19/Nov/2021:08:41:50 +0800] "GET /xingrg/all/function/internal_message.html?_=1637282487127&CODE_STATE=getMsg HTTP/1.1" 200 27
180.169.147.146 - - [19/Nov/2021:08:41:52 +0800] "GET /xingrg/all/function/internal_message.html?_=1637282511594&CODE_STATE=getMsg HTTP/1.1" 200 27
58.39.139.200 - - [19/Nov/2021:08:41:52 +0800] "GET /xingrg/kc/buy/cgsh_order_operate.html?command=get_materiel&rest_code=00105&code=00101008356&supplier_code=00100203&order_time=2021-11-19 HTTP/1.1" 200 408
58.39.139.200 - - [19/Nov/2021:08:41:55 +0800] "GET /xingrg/all/function/internal_message.html?_=1637282515694&CODE_STATE=getMsg HTTP/1.1" 200 27
116.227.210.113 - - [19/Nov/2021:08:41:55 +0800] "GET /xingrg/all/function/internal_message.html?_=1637282512327&CODE_STATE=getMsg HTTP/1.1" 200 27
222.69.132.206 - - [19/Nov/2021:08:41:57 +0800] "GET /xingrg/kc/buy/cgsh_order_operate.html?command=get_materiel&rest_code=00149&code=00101008110&supplier_code=00100005&order_time=2021-11-19 HTTP/1.1" 200 409
114.85.125.222 - - [19/Nov/2021:08:42:04 +0800] "GET /xingrg/kc/buy/cgsh_order_operate.html?command=get_materiel&rest_code=00150&code=00101007049&supplier_code=00100096&order_time=2021-11-19 HTTP/1.1" 200 409
120.253.135.82 - - [19/Nov/2021:08:42:06 +0800] "GET /xingrg/check_reg.html?_=1637282471635 HTTP/1.1" 200 22
180.169.147.146 - - [19/Nov/2021:08:42:08 +0800] "GET /xingrg/all/function/internal_message.html?_=1637282536743&CODE_STATE=getMsg HTTP/1.1" 200 27
222.69.132.206 - - [19/Nov/2021:08:42:08 +0800] "GET /xingrg/kc/buy/cgsh_order_operate.html?command=get_materiel&rest_code=00149&code=00101008096&supplier_code=00100005&order_time=2021-11-19 HTTP/1.1" 200 412
116.238.248.233 - - [19/Nov/2021:08:42:11 +0800] "GET /xingrg/all/function/internal_message.html?_=1637282529065&CODE_STATE=getMsg HTTP/1.1" 200 27
114.85.125.222 - - [19/Nov/2021:08:42:14 +0800] "GET /xingrg/kc/buy/cgsh_order_operate.html?command=get_materiel&rest_code=00150&code=00101006229&supplier_code=00100096&order_time=2021-11-19 HTTP/1.1" 200 414
222.69.132.206 - - [19/Nov/2021:08:42:22 +0800] "GET /xingrg/kc/buy/cgsh_order_operate.html?command=get_materiel&rest_code=00149&code=00101008038&supplier_code=00100005&order_time=2021-11-19 HTTP/1.1" 200 412
222.69.132.206 - - [19/Nov/2021:08:42:24 +0800] "GET /xingrg/all/function/internal_message.html?_=1637282541232&CODE_STATE=getMsg HTTP/1.1" 200 27
120.253.135.82 - - [19/Nov/2021:08:42:25 +0800] "GET /xingrg/all/function/internal_message.html?_=1637282490153&CODE_STATE=getMsg HTTP/1.1" 200 27
222.69.132.206 - - [19/Nov/2021:08:42:29 +0800] "GET /xingrg/kc/buy/cgsh_order_operate.html?command=get_materiel&rest_code=00149&code=00101008224&supplier_code=00100005&order_time=2021-11-19 HTTP/1.1" 200 416
114.85.125.222 - - [19/Nov/2021:08:42:32 +0800] "GET /xingrg/kc/buy/cgsh_order_operate.html?command=get_materiel&rest_code=00150&code=00101006065&supplier_code=00100096&order_time=2021-11-19 HTTP/1.1" 200 409
222.70.171.86 - - [19/Nov/2021:08:42:33 +0800] "GET /xingrg/all/function/internal_message.html?_=1637282550491&CODE_STATE=getMsg HTTP/1.1" 200 27
58.39.139.200 - - [19/Nov/2021:08:42:34 +0800] "GET /xingrg/kc/buy/cgsh_order_operate.html?command=get_materiel&rest_code=00105&code=00101008301&supplier_code=00100203&order_time=2021-11-19 HTTP/1.1" 200 422
180.157.253.6 - - [19/Nov/2021:08:42:37 +0800] "GET /xingrg/all/function/internal_message.html?_=1637282556409&CODE_STATE=getMsg HTTP/1.1" 200 27
222.69.132.206 - - [19/Nov/2021:08:42:38 +0800] "GET /xingrg/kc/buy/cgsh_order_operate.html?command=get_materiel&rest_code=00149&code=00101008190&supplier_code=00100005&order_time=2021-11-19 HTTP/1.1" 200 412
180.169.147.146 - - [19/Nov/2021:08:42:38 +0800] "GET /xingrg/all/function/internal_message.html?_=1637282560129&CODE_STATE=getMsg HTTP/1.1" 200 27
114.85.125.222 - - [19/Nov/2021:08:42:40 +0800] "GET /xingrg/kc/buy/cgsh_order_operate.html?command=get_materiel&rest_code=00150&code=00101006055&supplier_code=00100096&order_time=2021-11-19 HTTP/1.1" 200 411
120.253.135.82 - - [19/Nov/2021:08:42:41 +0800] "GET /xingrg/check_reg.html?_=1637282333345 HTTP/1.1" 200 22
222.69.132.206 - - [19/Nov/2021:08:42:41 +0800] "POST /xingrg/kc/buy/cgsh_order_operate.html HTTP/1.1" 200 2065
58.39.139.200 - - [19/Nov/2021:08:42:42 +0800] "GET /xingrg/kc/buy/cgsh_order_operate.html?command=get_materiel&rest_code=00105&code=00101008251&supplier_code=00100203&order_time=2021-11-19 HTTP/1.1" 200 408
120.253.135.82 - - [19/Nov/2021:08:42:44 +0800] "GET /xingrg/all/function/internal_message.html?_=1637282337020&CODE_STATE=getMsg HTTP/1.1" 200 27
124.78.153.86 - - [19/Nov/2021:08:42:46 +0800] "GET /xingrg/all/function/internal_message.html?_=1637282562216&CODE_STATE=getMsg HTTP/1.1" 200 27
222.69.132.206 - - [19/Nov/2021:08:42:46 +0800] "GET /xingrg/kc/buy/cgsh_order_operate.html?command=get_materiel&rest_code=00149&code=00101008370&supplier_code=00100005&order_time=2021-11-19 HTTP/1.1" 200 412
116.232.52.153 - - [19/Nov/2021:08:42:47 +0800] "GET /xingrg/all/function/internal_message.html?_=1637282565834&CODE_STATE=getMsg HTTP/1.1" 200 27
114.85.125.222 - - [19/Nov/2021:08:42:50 +0800] "GET /xingrg/all/function/internal_message.html?_=1637282547140&CODE_STATE=getMsg HTTP/1.1" 200 27
180.169.147.146 - - [19/Nov/2021:08:42:52 +0800] "GET /xingrg/all/function/internal_message.html?_=1637282571615&CODE_STATE=getMsg HTTP/1.1" 200 27
58.39.139.200 - - [19/Nov/2021:08:42:52 +0800] "GET /xingrg/kc/buy/cgsh_order_operate.html?command=get_materiel&rest_code=00105&code=00101008118&supplier_code=00100203&order_time=2021-11-19 HTTP/1.1" 200 418
58.39.139.200 - - [19/Nov/2021:08:42:55 +0800] "GET /xingrg/all/function/internal_message.html?_=1637282575691&CODE_STATE=getMsg HTTP/1.1" 200 27
58.221.95.50 - - [19/Nov/2021:08:42:57 +0800] "GET /xingrg/check_reg.html?_=1637282576648 HTTP/1.1" 302 -
