120.253.135.82 - - [19/Nov/2021:10:38:25 +0800] "POST /xingrg/kc/pszx/mdps_order_operate.html HTTP/1.1" 200 2294
222.69.132.206 - - [19/Nov/2021:10:38:27 +0800] "GET /xingrg/kc/buy/cgsh_order_add.html HTTP/1.1" 200 64965
222.69.132.206 - - [19/Nov/2021:10:38:27 +0800] "GET /xingrg/javascript/easyui/themes/default/validatebox.css HTTP/1.1" 404 1104
222.69.132.206 - - [19/Nov/2021:10:38:27 +0800] "POST /xingrg/kc/buy/cgsh_order_operate.html HTTP/1.1" 200 8245
120.253.135.82 - - [19/Nov/2021:10:38:27 +0800] "GET /xingrg/all/function/internal_message.html?_=1637289452244&CODE_STATE=getMsg HTTP/1.1" 200 27
222.69.132.206 - - [19/Nov/2021:10:38:28 +0800] "POST /xingrg/kc/buy/cgsh_list_operate.html HTTP/1.1" 200 876
222.69.132.206 - - [19/Nov/2021:10:38:28 +0800] "GET /xingrg/javascript/auto/indicator.gif HTTP/1.1" 404 1066
124.78.153.86 - - [19/Nov/2021:10:38:29 +0800] "GET /xingrg/kc/base/base_main.html HTTP/1.1" 200 12142
222.69.132.206 - - [19/Nov/2021:10:38:30 +0800] "GET /xingrg/javascript/jquery_tools/images/prev.gif HTTP/1.1" 404 1086
222.69.132.206 - - [19/Nov/2021:10:38:30 +0800] "GET /xingrg/javascript/jquery_tools/images/next.gif HTTP/1.1" 404 1086
222.70.176.97 - - [19/Nov/2021:10:38:30 +0800] "GET /xingrg/all/function/internal_message.html?_=1637289506132&CODE_STATE=getMsg HTTP/1.1" 200 27
120.253.135.82 - - [19/Nov/2021:10:38:32 +0800] "POST /xingrg/kc/pszx/mdps_order_operate.html HTTP/1.1" 200 37
222.70.171.86 - - [19/Nov/2021:10:38:32 +0800] "GET /xingrg/check_reg.html?_=1637289509460 HTTP/1.1" 200 22
114.85.125.222 - - [19/Nov/2021:10:38:34 +0800] "POST /xingrg/kc/buy/cgsh_order_operate.html HTTP/1.1" 200 37
180.174.250.202 - - [19/Nov/2021:10:38:34 +0800] "GET /xingrg/check_reg.html?_=1637289508113 HTTP/1.1" 200 22
124.78.153.86 - - [19/Nov/2021:10:38:34 +0800] "GET /xingrg/kc/buy/cgsh_order_operate.html?command=get_materiel&rest_code=00106&code=00101008176&supplier_code=00100007&order_time=2021-11-19 HTTP/1.1" 200 412
222.70.171.86 - - [19/Nov/2021:10:38:35 +0800] "GET /xingrg/all/function/internal_message.html?_=1637289512192&CODE_STATE=getMsg HTTP/1.1" 200 27
180.174.250.202 - - [19/Nov/2021:10:38:35 +0800] "POST /xingrg/kc/buy/cgsh_list_operate.html HTTP/1.1" 200 199
180.174.250.202 - - [19/Nov/2021:10:38:36 +0800] "GET /xingrg/all/function/internal_message.html?_=1637289509714&CODE_STATE=getMsg HTTP/1.1" 200 27
180.169.147.146 - - [19/Nov/2021:10:38:36 +0800] "GET /xingrg/check_reg.html?_=1637289515741 HTTP/1.1" 200 22
222.70.176.97 - - [19/Nov/2021:10:38:37 +0800] "GET /xingrg/kc/base/wldb_order_list.html HTTP/1.1" 200 19224
222.69.132.206 - - [19/Nov/2021:10:38:37 +0800] "GET /xingrg/kc/buy/cgsh_order_operate.html?command=get_materiel&rest_code=00149&code=00101006129&supplier_code=00100012&order_time=2021-11-19 HTTP/1.1" 200 431
180.174.250.202 - - [19/Nov/2021:10:38:37 +0800] "GET /xingrg/kc/buy/cgsh_order_info.html?code=212021111907967 HTTP/1.1" 200 64890
180.174.250.202 - - [19/Nov/2021:10:38:37 +0800] "GET /xingrg/words/20211119101946_words.js HTTP/1.1" 304 -
180.174.250.202 - - [19/Nov/2021:10:38:37 +0800] "GET /xingrg/javascript/easyui/themes/default/validatebox.css HTTP/1.1" 404 1104
180.174.250.202 - - [19/Nov/2021:10:38:37 +0800] "GET /xingrg/all/common/auto_word.html?type=employee&rest_code=00102 HTTP/1.1" 200 189
180.174.250.202 - - [19/Nov/2021:10:38:37 +0800] "GET /xingrg/all/common/auto_word.html?type=employee&rest_code=00102 HTTP/1.1" 200 189
222.70.176.97 - - [19/Nov/2021:10:38:37 +0800] "POST /xingrg/kc/base/wldb_list_operate.html HTTP/1.1" 200 928
120.253.135.82 - - [19/Nov/2021:10:38:38 +0800] "POST /xingrg/kc/pszx/mdps_order_operate.html HTTP/1.1" 200 12
180.174.250.202 - - [19/Nov/2021:10:38:38 +0800] "POST /xingrg/kc/buy/cgsh_order_operate.html HTTP/1.1" 200 2660
180.169.147.146 - - [19/Nov/2021:10:38:38 +0800] "GET /xingrg/all/function/internal_message.html?_=1637289520337&CODE_STATE=getMsg HTTP/1.1" 200 27
120.253.135.82 - - [19/Nov/2021:10:38:40 +0800] "GET /xingrg/kc/pszx/mdps_order_info.html?code=312021111800462 HTTP/1.1" 200 19591
120.253.135.82 - - [19/Nov/2021:10:38:41 +0800] "GET /xingrg/javascript/easyui/themes/default/validatebox.css HTTP/1.1" 404 1104
120.253.135.82 - - [19/Nov/2021:10:38:41 +0800] "POST /xingrg/kc/pszx/mdps_order_operate.html HTTP/1.1" 200 515
222.70.176.97 - - [19/Nov/2021:10:38:42 +0800] "GET /xingrg/javascript/jquery_tools/images/next.gif HTTP/1.1" 404 1086
222.70.176.97 - - [19/Nov/2021:10:38:42 +0800] "GET /xingrg/javascript/jquery_tools/images/prev.gif HTTP/1.1" 404 1086
120.253.135.82 - - [19/Nov/2021:10:38:43 +0800] "POST /xingrg/kc/pszx/mdps_list_operate.html HTTP/1.1" 200 2808
114.85.125.222 - - [19/Nov/2021:10:38:44 +0800] "POST /xingrg/kc/buy/cgsh_order_operate.html HTTP/1.1" 200 12
114.85.125.222 - - [19/Nov/2021:10:38:46 +0800] "GET /xingrg/kc/buy/cgsh_order_info.html?code=212021111907969 HTTP/1.1" 200 59714
114.85.125.222 - - [19/Nov/2021:10:38:47 +0800] "GET /xingrg/javascript/easyui/themes/default/validatebox.css HTTP/1.1" 404 1104
116.232.52.153 - - [19/Nov/2021:10:38:47 +0800] "GET /xingrg/all/function/internal_message.html?_=1637289526075&CODE_STATE=getMsg HTTP/1.1" 200 27
222.70.176.97 - - [19/Nov/2021:10:38:47 +0800] "POST /xingrg/kc/base/wldb_list_operate.html HTTP/1.1" 200 928
222.69.132.206 - - [19/Nov/2021:10:38:47 +0800] "GET /xingrg/kc/buy/cgsh_order_operate.html?command=get_materiel&rest_code=00149&code=00101006144&supplier_code=00100012&order_time=2021-11-19 HTTP/1.1" 200 409
114.85.125.222 - - [19/Nov/2021:10:38:47 +0800] "POST /xingrg/kc/buy/cgsh_order_operate.html HTTP/1.1" 200 1828
120.253.135.82 - - [19/Nov/2021:10:38:48 +0800] "POST /xingrg/kc/pszx/mdps_list_operate.html HTTP/1.1" 200 599
222.70.176.97 - - [19/Nov/2021:10:38:49 +0800] "POST /xingrg/kc/base/wldb_list_operate.html HTTP/1.1" 200 928
120.253.135.82 - - [19/Nov/2021:10:38:49 +0800] "GET /xingrg/check_reg.html?_=1637289302045 HTTP/1.1" 200 22
120.253.135.82 - - [19/Nov/2021:10:38:50 +0800] "GET /xingrg/kc/pszx/mdps_order_info.html?code=312021111800463 HTTP/1.1" 200 23931
222.70.176.97 - - [19/Nov/2021:10:38:51 +0800] "POST /xingrg/kc/base/wldb_list_operate.html HTTP/1.1" 200 928
114.85.125.222 - - [19/Nov/2021:10:38:51 +0800] "GET /xingrg/kc/print/load_data.html?order_code=212021111907969&kc_code=cgsh&condition= HTTP/1.1" 200 1262
120.253.135.82 - - [19/Nov/2021:10:38:51 +0800] "GET /xingrg/javascript/easyui/themes/default/validatebox.css HTTP/1.1" 404 1104
120.253.135.82 - - [19/Nov/2021:10:38:51 +0800] "POST /xingrg/kc/pszx/mdps_order_operate.html HTTP/1.1" 200 7242
180.169.147.146 - - [19/Nov/2021:10:38:53 +0800] "GET /xingrg/all/function/internal_message.html?_=1637289533526&CODE_STATE=getMsg HTTP/1.1" 200 27
222.69.132.206 - - [19/Nov/2021:10:38:54 +0800] "GET /xingrg/kc/buy/cgsh_order_operate.html?command=get_materiel&rest_code=00149&code=00101006111&supplier_code=00100012&order_time=2021-11-19 HTTP/1.1" 200 409
124.78.153.86 - - [19/Nov/2021:10:38:55 +0800] "GET /xingrg/kc/buy/cgsh_order_operate.html?command=get_materiel&rest_code=00106&code=00101008072&supplier_code=00100007&order_time=2021-11-19 HTTP/1.1" 200 408
58.39.139.200 - - [19/Nov/2021:10:38:55 +0800] "GET /xingrg/all/function/internal_message.html?_=1637289535847&CODE_STATE=getMsg HTTP/1.1" 200 27
58.39.139.200 - - [19/Nov/2021:10:38:55 +0800] "GET /xingrg/check_reg.html?_=1637289535849 HTTP/1.1" 200 22
116.227.210.113 - - [19/Nov/2021:10:38:57 +0800] "GET /xingrg/all/function/internal_message.html?_=1637289534171&CODE_STATE=getMsg HTTP/1.1" 200 27
120.253.135.82 - - [19/Nov/2021:10:38:59 +0800] "POST /xingrg/kc/pszx/mdps_order_operate.html HTTP/1.1" 200 37
114.85.125.222 - - [19/Nov/2021:10:39:00 +0800] "GET /xingrg/all/function/internal_message.html?_=1637289517342&CODE_STATE=getMsg HTTP/1.1" 200 27
222.69.132.206 - - [19/Nov/2021:10:39:01 +0800] "GET /xingrg/kc/buy/cgsh_order_operate.html?command=get_materiel&rest_code=00149&code=00101006299&supplier_code=00100012&order_time=2021-11-19 HTTP/1.1" 200 403
124.78.153.86 - - [19/Nov/2021:10:39:02 +0800] "GET /xingrg/kc/buy/cgsh_order_operate.html?command=get_materiel&rest_code=00106&code=00101008027&supplier_code=00100007&order_time=2021-11-19 HTTP/1.1" 200 408
172.20.0.100 - - [19/Nov/2021:10:39:03 +0800] "GET /xingrg/all/function/internal_message.html?_=1637289541487&CODE_STATE=getMsg HTTP/1.1" 200 27
120.253.135.82 - - [19/Nov/2021:10:39:04 +0800] "GET /xingrg/all/function/internal_message.html?_=1637289316662&CODE_STATE=getMsg HTTP/1.1" 200 27
120.253.135.82 - - [19/Nov/2021:10:39:04 +0800] "POST /xingrg/kc/pszx/mdps_order_operate.html HTTP/1.1" 200 12
124.78.153.86 - - [19/Nov/2021:10:39:05 +0800] "GET /xingrg/check_reg.html?_=1637289540950 HTTP/1.1" 200 22
124.78.153.86 - - [19/Nov/2021:10:39:05 +0800] "GET /xingrg/all/function/internal_message.html?_=1637289540951&CODE_STATE=getMsg HTTP/1.1" 200 27
180.157.253.6 - - [19/Nov/2021:10:39:05 +0800] "GET /xingrg/all/function/internal_message.html?_=1637289544196&CODE_STATE=getMsg HTTP/1.1" 200 27
180.171.57.206 - - [19/Nov/2021:10:39:07 +0800] "GET /favicon.ico HTTP/1.1" 404 -
124.78.153.86 - - [19/Nov/2021:10:39:07 +0800] "GET /xingrg/kc/base/wldb_order_list.html HTTP/1.1" 200 19224
120.253.135.82 - - [19/Nov/2021:10:39:08 +0800] "GET /xingrg/kc/pszx/mdps_order_info.html?code=312021111800463 HTTP/1.1" 200 19591
124.78.153.86 - - [19/Nov/2021:10:39:08 +0800] "POST /xingrg/kc/base/wldb_list_operate.html HTTP/1.1" 200 928
180.171.57.206 - - [19/Nov/2021:10:39:08 +0800] "GET /xingrg/login.html HTTP/1.1" 200 7641
120.253.135.82 - - [19/Nov/2021:10:39:08 +0800] "GET /xingrg/javascript/easyui/themes/default/validatebox.css HTTP/1.1" 404 1104
180.171.57.206 - - [19/Nov/2021:10:39:09 +0800] "GET /favicon.ico HTTP/1.1" 404 -
222.70.176.97 - - [19/Nov/2021:10:39:09 +0800] "POST /xingrg/kc/base/wldb_list_operate.html HTTP/1.1" 200 5661
120.253.135.82 - - [19/Nov/2021:10:39:09 +0800] "POST /xingrg/kc/pszx/mdps_order_operate.html HTTP/1.1" 200 5424
180.174.250.202 - - [19/Nov/2021:10:39:09 +0800] "POST /xingrg/kc/buy/cgsh_order_operate.html HTTP/1.1" 200 37
124.78.153.86 - - [19/Nov/2021:10:39:09 +0800] "GET /xingrg/kc/buy/cgsh_order_operate.html?command=get_materiel&rest_code=00106&code=00101008244&supplier_code=00100007&order_time=2021-11-19 HTTP/1.1" 200 408
116.235.93.2 - - [19/Nov/2021:10:39:10 +0800] "GET /xingrg/all/function/internal_message.html?_=1637290030980&CODE_STATE=getMsg HTTP/1.1" 200 27
222.69.132.206 - - [19/Nov/2021:10:39:12 +0800] "GET /xingrg/kc/buy/cgsh_order_operate.html?command=get_materiel&rest_code=00149&code=00101006293&supplier_code=00100012&order_time=2021-11-19 HTTP/1.1" 200 416
116.238.248.233 - - [19/Nov/2021:10:39:12 +0800] "GET /xingrg/all/function/internal_message.html?_=1637289549726&CODE_STATE=getMsg HTTP/1.1" 200 27
124.78.153.86 - - [19/Nov/2021:10:39:12 +0800] "POST /xingrg/kc/buy/cgsh_order_operate.html HTTP/1.1" 200 2065
222.69.132.206 - - [19/Nov/2021:10:39:12 +0800] "GET /xingrg/all/function/internal_message.html?_=1637289549902&CODE_STATE=getMsg HTTP/1.1" 200 27
124.78.153.86 - - [19/Nov/2021:10:39:12 +0800] "GET /xingrg/all/function/internal_message.html?_=1637289551964&CODE_STATE=getMsg HTTP/1.1" 200 27
116.232.36.68 - - [19/Nov/2021:10:39:14 +0800] "POST /xingrg/services/DataTransmitService HTTP/1.1" 200 524
180.171.57.206 - - [19/Nov/2021:10:39:16 +0800] "POST /xingrg/login.do HTTP/1.1" 302 -
180.171.57.206 - - [19/Nov/2021:10:39:16 +0800] "GET /xingrg/index.html?sysBaseUrl=http%3A%2F%2F180.169.147.146%3A18081%2Fxingrg%2F&costTime=1874×tamp=1637289556146 HTTP/1.1" 200 17179
180.171.57.206 - - [19/Nov/2021:10:39:16 +0800] "GET /favicon.ico HTTP/1.1" 404 -
114.85.125.222 - - [19/Nov/2021:10:39:16 +0800] "GET /xingrg/kc/buy/cgsh_order_add.html HTTP/1.1" 200 64807
180.174.250.202 - - [19/Nov/2021:10:39:16 +0800] "POST /xingrg/kc/buy/cgsh_order_operate.html HTTP/1.1" 200 12
180.171.57.206 - - [19/Nov/2021:10:39:16 +0800] "GET /xingrg/all/function/internal_message.html?_=1637289552803&CODE_STATE=count HTTP/1.1" 200 11
180.171.57.206 - - [19/Nov/2021:10:39:16 +0800] "GET /xingrg/check_reg.html?_=1637289552805 HTTP/1.1" 200 22
180.171.57.206 - - [19/Nov/2021:10:39:16 +0800] "POST /xingrg/all/common/load_tree.html?tree=area_rest_tree_json&manage=1 HTTP/1.1" 200 351
180.171.57.206 - - [19/Nov/2021:10:39:16 +0800] "POST /xingrg/load_menu.html HTTP/1.1" 200 5138
114.85.125.222 - - [19/Nov/2021:10:39:17 +0800] "POST /xingrg/kc/buy/cgsh_order_operate.html HTTP/1.1" 200 8245
114.85.125.222 - - [19/Nov/2021:10:39:17 +0800] "GET /xingrg/javascript/easyui/themes/default/validatebox.css HTTP/1.1" 404 1104
120.253.135.82 - - [19/Nov/2021:10:39:17 +0800] "POST /xingrg/kc/pszx/mdps_list_operate.html HTTP/1.1" 200 2436
124.78.153.86 - - [19/Nov/2021:10:39:17 +0800] "GET /xingrg/kc/base/wldb_order_add.html HTTP/1.1" 200 30438
124.78.153.86 - - [19/Nov/2021:10:39:17 +0800] "GET /xingrg/words/20211119101946_words.js HTTP/1.1" 200 873237
124.78.153.86 - - [19/Nov/2021:10:39:17 +0800] "GET /xingrg/javascript/easyui/themes/default/validatebox.css HTTP/1.1" 404 1104
124.78.153.86 - - [19/Nov/2021:10:39:17 +0800] "POST /xingrg/kc/base/wldb_order_operate.html HTTP/1.1" 200 6806
124.78.153.86 - - [19/Nov/2021:10:39:17 +0800] "GET /xingrg/all/common/auto_word.html?type=base&rest_code=00106 HTTP/1.1" 200 1799
124.78.153.86 - - [19/Nov/2021:10:39:17 +0800] "GET /xingrg/all/common/auto_word.html?type=base&rest_code=00106 HTTP/1.1" 200 1799
124.78.153.86 - - [19/Nov/2021:10:39:18 +0800] "GET /xingrg/kc/buy/cgsh_order_operate.html?command=get_materiel&rest_code=00106&code=00101008186&supplier_code=00100007&order_time=2021-11-19 HTTP/1.1" 200 408
180.174.250.202 - - [19/Nov/2021:10:39:18 +0800] "GET /xingrg/kc/buy/cgsh_order_info.html?code=212021111907967 HTTP/1.1" 200 59790
124.78.153.86 - - [19/Nov/2021:10:39:18 +0800] "POST /xingrg/all/common/load_combo.html?type=base HTTP/1.1" 200 3227
120.253.135.82 - - [19/Nov/2021:10:39:19 +0800] "POST /xingrg/kc/pszx/mdps_list_operate.html HTTP/1.1" 200 642
180.174.250.202 - - [19/Nov/2021:10:39:19 +0800] "GET /xingrg/javascript/easyui/themes/default/validatebox.css HTTP/1.1" 404 1104
180.174.250.202 - - [19/Nov/2021:10:39:19 +0800] "GET /xingrg/all/function/internal_message.html?_=1637289560562&CODE_STATE=getMsg HTTP/1.1" 200 27
180.174.250.202 - - [19/Nov/2021:10:39:19 +0800] "POST /xingrg/kc/buy/cgsh_order_operate.html HTTP/1.1" 200 610
180.171.57.206 - - [19/Nov/2021:10:39:19 +0800] "GET /xingrg/kc/buy/cgsh_order_list.html HTTP/1.1" 200 49142
180.174.250.202 - - [19/Nov/2021:10:39:20 +0800] "GET /xingrg/kc/print/load_config.html?kc_code=cgsh HTTP/1.1" 200 2281
180.174.250.202 - - [19/Nov/2021:10:39:21 +0800] "GET /xingrg/kc/print/load_data.html?order_code=212021111907967&kc_code=cgsh&condition= HTTP/1.1" 200 706
180.171.57.206 - - [19/Nov/2021:10:39:22 +0800] "POST /xingrg/kc/buy/cgsh_list_operate.html HTTP/1.1" 200 876
120.253.135.82 - - [19/Nov/2021:10:39:22 +0800] "GET /xingrg/kc/pszx/mdps_order_info.html?code=312021111800464 HTTP/1.1" 200 23931
124.78.153.86 - - [19/Nov/2021:10:39:22 +0800] "POST /xingrg/all/common/load_combo.html?type=base HTTP/1.1" 200 3227
120.253.135.82 - - [19/Nov/2021:10:39:23 +0800] "GET /xingrg/javascript/easyui/themes/default/validatebox.css HTTP/1.1" 404 1104
120.253.135.82 - - [19/Nov/2021:10:39:24 +0800] "POST /xingrg/kc/pszx/mdps_order_operate.html HTTP/1.1" 200 10609
180.171.57.206 - - [19/Nov/2021:10:39:24 +0800] "GET /xingrg/kc/buy/cgsh_order_add.html HTTP/1.1" 200 63952
116.232.36.68 - - [19/Nov/2021:10:39:24 +0800] "POST /xingrg/services/DataTransmitService HTTP/1.1" 200 501
180.171.57.206 - - [19/Nov/2021:10:39:24 +0800] "GET /xingrg/words/20211119101946_words.js HTTP/1.1" 200 873237
116.232.36.68 - - [19/Nov/2021:10:39:24 +0800] "POST /xingrg/services/DataTransmitService HTTP/1.1" 200 501
180.171.57.206 - - [19/Nov/2021:10:39:24 +0800] "GET /xingrg/javascript/easyui/themes/icons/template_new.png HTTP/1.1" 304 -
180.171.57.206 - - [19/Nov/2021:10:39:24 +0800] "GET /xingrg/javascript/easyui/themes/icons/ok.png HTTP/1.1" 304 -
180.171.57.206 - - [19/Nov/2021:10:39:24 +0800] "POST /xingrg/kc/buy/cgsh_order_operate.html HTTP/1.1" 200 8245
180.171.57.206 - - [19/Nov/2021:10:39:24 +0800] "GET /xingrg/javascript/easyui/themes/default/validatebox.css HTTP/1.1" 404 1104
180.171.57.206 - - [19/Nov/2021:10:39:25 +0800] "GET /xingrg/all/common/auto_word.html?type=employee&rest_code=00144 HTTP/1.1" 200 101
180.171.57.206 - - [19/Nov/2021:10:39:25 +0800] "GET /xingrg/all/common/auto_word.html?type=employee&rest_code=00144 HTTP/1.1" 200 101
180.174.250.202 - - [19/Nov/2021:10:39:25 +0800] "GET /xingrg/kc/buy/cgsh_order_add.html HTTP/1.1" 200 64877
180.174.250.202 - - [19/Nov/2021:10:39:26 +0800] "POST /xingrg/kc/buy/cgsh_order_operate.html HTTP/1.1" 200 8245
180.174.250.202 - - [19/Nov/2021:10:39:26 +0800] "GET /xingrg/javascript/easyui/themes/default/validatebox.css HTTP/1.1" 404 1104
116.232.36.68 - - [19/Nov/2021:10:39:26 +0800] "POST /xingrg/services/DataTransmitService HTTP/1.1" 200 501
116.232.36.68 - - [19/Nov/2021:10:39:27 +0800] "POST /xingrg/services/DataTransmitService HTTP/1.1" 200 501
222.69.132.206 - - [19/Nov/2021:10:39:27 +0800] "GET /xingrg/kc/buy/cgsh_order_operate.html?command=get_materiel&rest_code=00149&code=00101006006&supplier_code=00100012&order_time=2021-11-19 HTTP/1.1" 200 409
180.174.250.202 - - [19/Nov/2021:10:39:27 +0800] "GET /xingrg/javascript/auto/indicator.gif HTTP/1.1" 404 1066
120.253.135.82 - - [19/Nov/2021:10:39:27 +0800] "GET /xingrg/all/function/internal_message.html?_=1637289512272&CODE_STATE=getMsg HTTP/1.1" 200 27
116.232.36.68 - - [19/Nov/2021:10:39:28 +0800] "POST /xingrg/services/DataTransmitService HTTP/1.1" 200 501
180.174.250.202 - - [19/Nov/2021:10:39:28 +0800] "GET /xingrg/javascript/jquery_tools/images/prev.gif HTTP/1.1" 404 1086
180.174.250.202 - - [19/Nov/2021:10:39:28 +0800] "GET /xingrg/javascript/jquery_tools/images/next.gif HTTP/1.1" 404 1086
116.232.36.68 - - [19/Nov/2021:10:39:29 +0800] "POST /xingrg/services/DataTransmitService HTTP/1.1" 200 501
180.171.57.206 - - [19/Nov/2021:10:39:29 +0800] "GET /xingrg/javascript/auto/indicator.gif HTTP/1.1" 404 1066
116.232.36.68 - - [19/Nov/2021:10:39:29 +0800] "POST /xingrg/services/DataTransmitService HTTP/1.1" 200 412
222.70.176.97 - - [19/Nov/2021:10:39:30 +0800] "GET /xingrg/all/function/internal_message.html?_=1637289566121&CODE_STATE=getMsg HTTP/1.1" 200 27
222.70.176.97 - - [19/Nov/2021:10:39:32 +0800] "POST /xingrg/kc/base/wldb_list_operate.html HTTP/1.1" 200 928
124.78.153.86 - - [19/Nov/2021:10:39:33 +0800] "GET /xingrg/kc/buy/cgsh_order_operate.html?command=get_materiel&rest_code=00106&code=00101008141&supplier_code=00100007&order_time=2021-11-19 HTTP/1.1" 200 412
180.174.250.202 - - [19/Nov/2021:10:39:34 +0800] "GET /xingrg/kc/buy/cgsh_order_operate.html?command=get_materiel&rest_code=00102&code=00101002006&supplier_code=00100091&order_time=2021-11-18 HTTP/1.1" 200 414
116.235.93.2 - - [19/Nov/2021:10:39:34 +0800] "GET /xingrg/check_reg.html?_=1637290055287 HTTP/1.1" 200 22
222.70.171.86 - - [19/Nov/2021:10:39:35 +0800] "GET /xingrg/all/function/internal_message.html?_=1637289572206&CODE_STATE=getMsg HTTP/1.1" 200 27
180.174.250.202 - - [19/Nov/2021:10:39:36 +0800] "GET /xingrg/all/function/internal_message.html?_=1637289569728&CODE_STATE=getMsg HTTP/1.1" 200 27
222.70.176.97 - - [19/Nov/2021:10:39:36 +0800] "POST /xingrg/kc/base/wldb_list_operate.html HTTP/1.1" 200 928
222.70.176.97 - - [19/Nov/2021:10:39:38 +0800] "POST /xingrg/kc/base/wldb_list_operate.html HTTP/1.1" 200 928
180.169.147.146 - - [19/Nov/2021:10:39:38 +0800] "GET /xingrg/all/function/internal_message.html?_=1637289580335&CODE_STATE=getMsg HTTP/1.1" 200 27
222.70.176.97 - - [19/Nov/2021:10:39:40 +0800] "POST /xingrg/kc/base/wldb_list_operate.html HTTP/1.1" 200 928
124.78.153.86 - - [19/Nov/2021:10:39:40 +0800] "GET /xingrg/kc/buy/cgsh_order_operate.html?command=get_materiel&rest_code=00106&code=00101008361&supplier_code=00100007&order_time=2021-11-19 HTTP/1.1" 200 408
180.171.57.206 - - [19/Nov/2021:10:39:41 +0800] "GET /xingrg/kc/buy/cgsh_order_operate.html?command=get_materiel&rest_code=00144&code=00101013182&supplier_code=00100152&order_time=2021-11-19 HTTP/1.1" 200 428
120.253.135.82 - - [19/Nov/2021:10:39:41 +0800] "POST /xingrg/kc/pszx/mdps_order_operate.html HTTP/1.1" 200 37
180.174.250.202 - - [19/Nov/2021:10:39:42 +0800] "GET /xingrg/kc/buy/cgsh_order_operate.html?command=get_materiel&rest_code=00102&code=00101002034&supplier_code=00100091&order_time=2021-11-18 HTTP/1.1" 200 428
120.253.135.82 - - [19/Nov/2021:10:39:47 +0800] "POST /xingrg/kc/pszx/mdps_order_operate.html HTTP/1.1" 200 12
116.232.52.153 - - [19/Nov/2021:10:39:47 +0800] "GET /xingrg/all/function/internal_message.html?_=1637289586078&CODE_STATE=getMsg HTTP/1.1" 200 27
120.253.135.82 - - [19/Nov/2021:10:39:49 +0800] "GET /xingrg/kc/pszx/mdps_order_info.html?code=312021111800464 HTTP/1.1" 200 19591
120.253.135.82 - - [19/Nov/2021:10:39:50 +0800] "GET /xingrg/javascript/easyui/themes/default/validatebox.css HTTP/1.1" 404 1104
180.174.250.202 - - [19/Nov/2021:10:39:50 +0800] "POST /xingrg/kc/buy/cgsh_order_operate.html HTTP/1.1" 200 37
120.253.135.82 - - [19/Nov/2021:10:39:51 +0800] "POST /xingrg/kc/pszx/mdps_order_operate.html HTTP/1.1" 200 8760
180.169.147.146 - - [19/Nov/2021:10:39:51 +0800] "GET /xingrg/check_reg.html?_=1637289589973 HTTP/1.1" 302 -
180.171.57.206 - - [19/Nov/2021:10:39:51 +0800] "GET /xingrg/kc/buy/cgsh_order_operate.html?command=get_materiel&rest_code=00144&code=00101013018&supplier_code=00100152&order_time=2021-11-19 HTTP/1.1" 200 408
61.151.207.158 - - [19/Nov/2021:10:39:52 +0800] "GET /xingrg/kc/buy/cgsh_order_operate.html?command=get_materiel&rest_code=00106&code=00101008072&supplier_code=00100007&order_time=2021-11-19 HTTP/1.1" 302 -
61.151.207.158 - - [19/Nov/2021:10:39:52 +0800] "GET /xingrg/login.html HTTP/1.1" 200 7641
120.253.135.82 - - [19/Nov/2021:10:39:53 +0800] "POST /xingrg/kc/pszx/mdps_list_operate.html HTTP/1.1" 200 2063
180.169.147.146 - - [19/Nov/2021:10:39:53 +0800] "GET /xingrg/all/function/internal_message.html?_=1637289593540&CODE_STATE=getMsg HTTP/1.1" 200 27
222.70.176.97 - - [19/Nov/2021:10:39:55 +0800] "POST /xingrg/kc/base/wldb_list_operate.html HTTP/1.1" 200 928
120.253.135.82 - - [19/Nov/2021:10:39:55 +0800] "POST /xingrg/kc/pszx/mdps_list_operate.html HTTP/1.1" 200 205
58.39.139.200 - - [19/Nov/2021:10:39:55 +0800] "GET /xingrg/all/function/internal_message.html?_=1637289595848&CODE_STATE=getMsg HTTP/1.1" 200 27
222.70.176.97 - - [19/Nov/2021:10:39:56 +0800] "POST /xingrg/kc/base/wldb_list_operate.html HTTP/1.1" 200 928
120.253.135.82 - - [19/Nov/2021:10:39:56 +0800] "POST /xingrg/kc/pszx/mdps_list_operate.html HTTP/1.1" 200 628
116.227.210.113 - - [19/Nov/2021:10:39:57 +0800] "GET /xingrg/all/function/internal_message.html?_=1637289594168&CODE_STATE=getMsg HTTP/1.1" 200 27
116.235.93.2 - - [19/Nov/2021:10:39:59 +0800] "GET /xingrg/check_reg.html?_=1637289708415 HTTP/1.1" 302 -
120.253.135.82 - - [19/Nov/2021:10:39:59 +0800] "GET /xingrg/kc/pszx/mdps_order_info.html?code=312021111800465 HTTP/1.1" 200 23931
120.253.135.82 - - [19/Nov/2021:10:40:00 +0800] "GET /xingrg/javascript/easyui/themes/default/validatebox.css HTTP/1.1" 404 1104
61.151.178.197 - - [19/Nov/2021:10:40:00 +0800] "GET /xingrg/kc/buy/cgsh_order_operate.html?command=get_materiel&rest_code=00106&code=00101008027&supplier_code=00100007&order_time=2021-11-19 HTTP/1.1" 302 -
120.253.135.82 - - [19/Nov/2021:10:40:00 +0800] "POST /xingrg/kc/pszx/mdps_order_operate.html HTTP/1.1" 200 7803
114.85.125.222 - - [19/Nov/2021:10:40:00 +0800] "GET /xingrg/all/function/internal_message.html?_=1637289577372&CODE_STATE=getMsg HTTP/1.1" 200 27
222.69.132.206 - - [19/Nov/2021:10:40:01 +0800] "GET /xingrg/kc/buy/cgsh_order_operate.html?command=get_materiel&rest_code=00149&code=00101006130&supplier_code=00100012&order_time=2021-11-19 HTTP/1.1" 200 427
61.151.178.197 - - [19/Nov/2021:10:40:01 +0800] "GET /xingrg/login.html HTTP/1.1" 200 7641
172.20.0.100 - - [19/Nov/2021:10:40:03 +0800] "GET /xingrg/all/function/internal_message.html?_=1637289601494&CODE_STATE=getMsg HTTP/1.1" 200 27
124.78.153.86 - - [19/Nov/2021:10:40:05 +0800] "GET /xingrg/all/function/internal_message.html?_=1637289600929&CODE_STATE=getMsg HTTP/1.1" 200 27
180.157.253.6 - - [19/Nov/2021:10:40:05 +0800] "GET /xingrg/all/function/internal_message.html?_=1637289604222&CODE_STATE=getMsg HTTP/1.1" 200 27
180.174.250.202 - - [19/Nov/2021:10:40:06 +0800] "POST /xingrg/kc/buy/cgsh_order_operate.html HTTP/1.1" 200 116
124.78.153.86 - - [19/Nov/2021:10:40:06 +0800] "POST /xingrg/kc/buy/cgsh_order_operate.html HTTP/1.1" 200 37
120.253.135.82 - - [19/Nov/2021:10:40:06 +0800] "POST /xingrg/kc/pszx/mdps_order_operate.html HTTP/1.1" 200 37
180.171.57.206 - - [19/Nov/2021:10:40:07 +0800] "GET /xingrg/kc/buy/cgsh_order_operate.html?command=get_materiel&rest_code=00144&code=00101013030&supplier_code=00100152&order_time=2021-11-19 HTTP/1.1" 200 408
101.89.239.245 - - [19/Nov/2021:10:40:07 +0800] "GET /xingrg/kc/buy/cgsh_order_operate.html?command=get_materiel&rest_code=00106&code=00101008244&supplier_code=00100007&order_time=2021-11-19 HTTP/1.1" 302 -
101.89.239.245 - - [19/Nov/2021:10:40:07 +0800] "GET /xingrg/login.html HTTP/1.1" 200 7641
124.78.153.86 - - [19/Nov/2021:10:40:09 +0800] "POST /xingrg/kc/buy/cgsh_order_operate.html HTTP/1.1" 200 24475
222.70.176.97 - - [19/Nov/2021:10:40:09 +0800] "GET /xingrg/kc/base/wldb_order_add.html HTTP/1.1" 200 30438
222.70.176.97 - - [19/Nov/2021:10:40:09 +0800] "GET /xingrg/words/20211119101946_words.js HTTP/1.1" 200 873237
222.70.176.97 - - [19/Nov/2021:10:40:10 +0800] "POST /xingrg/kc/base/wldb_order_operate.html HTTP/1.1" 200 6806
222.70.176.97 - - [19/Nov/2021:10:40:10 +0800] "GET /xingrg/javascript/easyui/themes/default/validatebox.css HTTP/1.1" 404 1104
116.235.93.2 - - [19/Nov/2021:10:40:10 +0800] "GET /xingrg/all/function/internal_message.html?_=1637290091006&CODE_STATE=getMsg HTTP/1.1" 200 27
222.70.176.97 - - [19/Nov/2021:10:40:10 +0800] "GET /xingrg/all/common/auto_word.html?type=base&rest_code=00111 HTTP/1.1" 200 1749
222.70.176.97 - - [19/Nov/2021:10:40:10 +0800] "GET /xingrg/all/common/auto_word.html?type=base&rest_code=00111 HTTP/1.1" 200 1749
116.238.248.233 - - [19/Nov/2021:10:40:12 +0800] "GET /xingrg/all/function/internal_message.html?_=1637289609732&CODE_STATE=getMsg HTTP/1.1" 200 27
124.78.153.86 - - [19/Nov/2021:10:40:12 +0800] "GET /xingrg/all/function/internal_message.html?_=1637289611961&CODE_STATE=getMsg HTTP/1.1" 200 27
222.69.132.206 - - [19/Nov/2021:10:40:12 +0800] "GET /xingrg/all/function/internal_message.html?_=1637289609931&CODE_STATE=getMsg HTTP/1.1" 200 27
120.253.135.82 - - [19/Nov/2021:10:40:13 +0800] "POST /xingrg/kc/pszx/mdps_order_operate.html HTTP/1.1" 200 12
180.174.250.202 - - [19/Nov/2021:10:40:13 +0800] "POST /xingrg/kc/buy/cgsh_order_operate.html HTTP/1.1" 200 37
124.78.153.86 - - [19/Nov/2021:10:40:13 +0800] "GET /xingrg/javascript/auto/indicator.gif HTTP/1.1" 404 1066
180.174.250.202 - - [19/Nov/2021:10:40:14 +0800] "POST /xingrg/kc/buy/cgsh_order_operate.html HTTP/1.1" 200 4439
222.70.176.97 - - [19/Nov/2021:10:40:14 +0800] "GET /xingrg/javascript/auto/indicator.gif HTTP/1.1" 404 1066
180.171.57.206 - - [19/Nov/2021:10:40:15 +0800] "GET /xingrg/kc/buy/cgsh_order_operate.html?command=get_materiel&rest_code=00144&code=00101013023&supplier_code=00100152&order_time=2021-11-19 HTTP/1.1" 200 409
180.171.57.206 - - [19/Nov/2021:10:40:16 +0800] "GET /xingrg/all/function/internal_message.html?_=1637289612810&CODE_STATE=getMsg HTTP/1.1" 200 27
58.39.139.200 - - [19/Nov/2021:10:40:17 +0800] "POST /xingrg/kc/buy/cgsh_order_operate.html HTTP/1.1" 200 37
180.174.250.202 - - [19/Nov/2021:10:40:19 +0800] "GET /xingrg/all/function/internal_message.html?_=1637289620564&CODE_STATE=getMsg HTTP/1.1" 200 27
180.174.250.202 - - [19/Nov/2021:10:40:20 +0800] "POST /xingrg/kc/buy/cgsh_order_operate.html HTTP/1.1" 200 37
58.39.139.200 - - [19/Nov/2021:10:40:21 +0800] "POST /xingrg/kc/buy/cgsh_order_operate.html HTTP/1.1" 200 10355
180.174.250.202 - - [19/Nov/2021:10:40:22 +0800] "POST /xingrg/kc/buy/cgsh_order_operate.html HTTP/1.1" 200 3252
124.78.153.86 - - [19/Nov/2021:10:40:22 +0800] "GET /xingrg/kc/base/wldb_order_operate.html?command=get_materiel&rest_code=00106&base_code=0010396&code=00101027001 HTTP/1.1" 200 469
58.39.139.200 - - [19/Nov/2021:10:40:22 +0800] "GET /xingrg/kc/print/load_data.html?order_code=212021111907958&kc_code=cgsh&condition= HTTP/1.1" 200 3591
124.78.153.86 - - [19/Nov/2021:10:40:23 +0800] "GET /xingrg/kc/buy/cgsh_order_operate.html?command=get_materiel&rest_code=00106&code=00101008356&supplier_code=00100007&order_time=2021-11-19 HTTP/1.1" 200 408
180.171.57.206 - - [19/Nov/2021:10:40:24 +0800] "GET /xingrg/kc/buy/cgsh_order_operate.html?command=get_materiel&rest_code=00144&code=00101013150&supplier_code=00100152&order_time=2021-11-19 HTTP/1.1" 200 409
222.70.176.97 - - [19/Nov/2021:10:40:24 +0800] "GET /xingrg/kc/base/wldb_order_operate.html?command=get_materiel&rest_code=00111&base_code=0010306&code=00102002138 HTTP/1.1" 200 433
120.253.135.82 - - [19/Nov/2021:10:40:27 +0800] "GET /xingrg/all/function/internal_message.html?_=1637289572284&CODE_STATE=getMsg HTTP/1.1" 200 27
222.70.176.97 - - [19/Nov/2021:10:40:29 +0800] "POST /xingrg/kc/base/wldb_order_operate.html HTTP/1.1" 200 37
222.70.176.97 - - [19/Nov/2021:10:40:30 +0800] "POST /xingrg/kc/base/wldb_order_operate.html HTTP/1.1" 200 2181
222.70.176.97 - - [19/Nov/2021:10:40:31 +0800] "GET /xingrg/all/function/internal_message.html?_=1637289626659&CODE_STATE=getMsg HTTP/1.1" 200 27
222.70.176.97 - - [19/Nov/2021:10:40:31 +0800] "GET /xingrg/kc/base/wldb_order_info.html?code=422021111902032 HTTP/1.1" 200 30452
222.70.176.97 - - [19/Nov/2021:10:40:31 +0800] "GET /xingrg/javascript/easyui/themes/default/validatebox.css HTTP/1.1" 404 1104
222.70.176.97 - - [19/Nov/2021:10:40:32 +0800] "POST /xingrg/kc/base/wldb_order_operate.html HTTP/1.1" 200 2181
180.171.57.206 - - [19/Nov/2021:10:40:33 +0800] "GET /xingrg/kc/buy/cgsh_order_operate.html?command=get_materiel&rest_code=00144&code=00101013027&supplier_code=00100152&order_time=2021-11-19 HTTP/1.1" 200 409
124.78.153.86 - - [19/Nov/2021:10:40:34 +0800] "GET /xingrg/kc/buy/cgsh_order_operate.html?command=get_materiel&rest_code=00106&code=00101008301&supplier_code=00100007&order_time=2021-11-19 HTTP/1.1" 200 422
222.70.171.86 - - [19/Nov/2021:10:40:35 +0800] "GET /xingrg/all/function/internal_message.html?_=1637289632219&CODE_STATE=getMsg HTTP/1.1" 200 27
180.174.250.202 - - [19/Nov/2021:10:40:36 +0800] "GET /xingrg/all/function/internal_message.html?_=1637289629743&CODE_STATE=getMsg HTTP/1.1" 200 27
180.169.147.146 - - [19/Nov/2021:10:40:38 +0800] "GET /xingrg/all/function/internal_message.html?_=1637289640333&CODE_STATE=getMsg HTTP/1.1" 200 27
180.169.147.146 - - [19/Nov/2021:10:40:38 +0800] "GET /xingrg/check_reg.html?_=1637289640335 HTTP/1.1" 200 22
180.171.57.206 - - [19/Nov/2021:10:40:40 +0800] "GET /xingrg/kc/buy/cgsh_order_operate.html?command=get_materiel&rest_code=00144&code=00101013095&supplier_code=00100152&order_time=2021-11-19 HTTP/1.1" 200 408
180.174.250.202 - - [19/Nov/2021:10:40:41 +0800] "GET /xingrg/login.html HTTP/1.1" 200 7641
222.70.176.97 - - [19/Nov/2021:10:40:42 +0800] "POST /xingrg/kc/base/wldb_order_operate.html HTTP/1.1" 200 37
180.174.250.202 - - [19/Nov/2021:10:40:42 +0800] "GET /favicon.ico HTTP/1.1" 404 -
222.70.176.97 - - [19/Nov/2021:10:40:42 +0800] "POST /xingrg/kc/base/wldb_order_operate.html HTTP/1.1" 200 2181
172.20.0.100 - - [19/Nov/2021:10:40:43 +0800] "GET /xingrg/check_reg.html?_=1637289632886 HTTP/1.1" 302 -
222.70.176.97 - - [19/Nov/2021:10:40:43 +0800] "GET /xingrg/kc/base/wldb_order_info.html?code=422021111902032 HTTP/1.1" 200 30452
222.70.176.97 - - [19/Nov/2021:10:40:44 +0800] "GET /xingrg/javascript/easyui/themes/default/validatebox.css HTTP/1.1" 404 1104
222.70.176.97 - - [19/Nov/2021:10:40:44 +0800] "POST /xingrg/kc/base/wldb_order_operate.html HTTP/1.1" 200 2181
180.174.250.202 - - [19/Nov/2021:10:40:45 +0800] "POST /xingrg/login.do HTTP/1.1" 302 -
180.174.250.202 - - [19/Nov/2021:10:40:45 +0800] "GET /xingrg/index.html?sysBaseUrl=http%3A%2F%2F180.169.147.146%3A18081%2Fxingrg%2F&costTime=1273×tamp=1637289645277 HTTP/1.1" 200 17173
180.174.250.202 - - [19/Nov/2021:10:40:45 +0800] "GET /favicon.ico HTTP/1.1" 404 -
180.174.250.202 - - [19/Nov/2021:10:40:45 +0800] "GET /xingrg/all/function/internal_message.html?_=1637289647089&CODE_STATE=count HTTP/1.1" 200 11
180.174.250.202 - - [19/Nov/2021:10:40:45 +0800] "GET /xingrg/check_reg.html?_=1637289647091 HTTP/1.1" 200 22
180.174.250.202 - - [19/Nov/2021:10:40:45 +0800] "POST /xingrg/all/common/load_tree.html?tree=area_rest_tree_json&manage=1 HTTP/1.1" 200 342
180.174.250.202 - - [19/Nov/2021:10:40:45 +0800] "POST /xingrg/load_menu.html HTTP/1.1" 200 5138
116.232.52.153 - - [19/Nov/2021:10:40:47 +0800] "GET /xingrg/all/function/internal_message.html?_=1637289646079&CODE_STATE=getMsg HTTP/1.1" 200 27
116.232.52.153 - - [19/Nov/2021:10:40:47 +0800] "GET /xingrg/check_reg.html?_=1637289646080 HTTP/1.1" 200 22
222.70.176.97 - - [19/Nov/2021:10:40:47 +0800] "GET /xingrg/kc/base/wldb_order_add.html HTTP/1.1" 200 30438
180.174.250.202 - - [19/Nov/2021:10:40:48 +0800] "GET /xingrg/kc/buy/cgsh_order_list.html HTTP/1.1" 200 49136
222.70.176.97 - - [19/Nov/2021:10:40:48 +0800] "POST /xingrg/kc/base/wldb_order_operate.html HTTP/1.1" 200 6806
222.70.176.97 - - [19/Nov/2021:10:40:48 +0800] "GET /xingrg/javascript/easyui/themes/default/validatebox.css HTTP/1.1" 404 1104
180.171.57.206 - - [19/Nov/2021:10:40:48 +0800] "GET /xingrg/kc/buy/cgsh_order_operate.html?command=get_materiel&rest_code=00144&code=00101022049&supplier_code=00100152&order_time=2021-11-19 HTTP/1.1" 200 409
180.174.250.202 - - [19/Nov/2021:10:40:50 +0800] "POST /xingrg/kc/buy/cgsh_list_operate.html HTTP/1.1" 200 1694
180.174.250.202 - - [19/Nov/2021:10:40:52 +0800] "POST /xingrg/kc/buy/cgsh_list_operate.html HTTP/1.1" 200 274
222.69.132.206 - - [19/Nov/2021:10:40:52 +0800] "GET /xingrg/kc/buy/cgsh_order_operate.html?command=get_materiel&rest_code=00149&code=00101007067&supplier_code=00100012&order_time=2021-11-19 HTTP/1.1" 200 409
180.174.250.202 - - [19/Nov/2021:10:40:53 +0800] "GET /xingrg/kc/buy/cgsh_order_info.html?code=212021111907970 HTTP/1.1" 200 64890
180.174.250.202 - - [19/Nov/2021:10:40:53 +0800] "GET /xingrg/words/20211119101946_words.js HTTP/1.1" 304 -
180.174.250.202 - - [19/Nov/2021:10:40:53 +0800] "GET /xingrg/javascript/easyui/themes/default/validatebox.css HTTP/1.1" 404 1104
180.174.250.202 - - [19/Nov/2021:10:40:53 +0800] "GET /xingrg/all/common/auto_word.html?type=employee&rest_code=00102 HTTP/1.1" 200 189
180.174.250.202 - - [19/Nov/2021:10:40:53 +0800] "GET /xingrg/all/common/auto_word.html?type=employee&rest_code=00102 HTTP/1.1" 200 189
180.169.147.146 - - [19/Nov/2021:10:40:54 +0800] "GET /xingrg/all/function/internal_message.html?_=1637289653570&CODE_STATE=getMsg HTTP/1.1" 200 27
180.174.250.202 - - [19/Nov/2021:10:40:54 +0800] "POST /xingrg/kc/buy/cgsh_order_operate.html HTTP/1.1" 200 3252
58.39.139.200 - - [19/Nov/2021:10:40:55 +0800] "GET /xingrg/all/function/internal_message.html?_=1637289655861&CODE_STATE=getMsg HTTP/1.1" 200 27
180.171.57.206 - - [19/Nov/2021:10:40:57 +0800] "GET /xingrg/kc/buy/cgsh_order_operate.html?command=get_materiel&rest_code=00144&code=00101013179&supplier_code=00100152&order_time=2021-11-19 HTTP/1.1" 200 412
222.70.176.97 - - [19/Nov/2021:10:40:57 +0800] "GET /xingrg/kc/base/wldb_order_operate.html?command=get_materiel&rest_code=00111&base_code=0010283&code=00101019222 HTTP/1.1" 200 453
116.227.210.113 - - [19/Nov/2021:10:40:57 +0800] "GET /xingrg/all/function/internal_message.html?_=1637289654157&CODE_STATE=getMsg HTTP/1.1" 200 27
180.174.250.202 - - [19/Nov/2021:10:40:58 +0800] "POST /xingrg/kc/buy/cgsh_order_operate.html HTTP/1.1" 200 37
114.85.125.222 - - [19/Nov/2021:10:41:00 +0800] "GET /xingrg/check_reg.html?_=1637289637307 HTTP/1.1" 200 22
114.85.125.222 - - [19/Nov/2021:10:41:00 +0800] "GET /xingrg/all/function/internal_message.html?_=1637289637385&CODE_STATE=getMsg HTTP/1.1" 200 27
120.253.135.82 - - [19/Nov/2021:10:41:02 +0800] "GET /xingrg/kc/pszx/mdps_order_info.html?code=312021111800465 HTTP/1.1" 200 19591
172.20.0.100 - - [19/Nov/2021:10:41:03 +0800] "GET /xingrg/all/function/internal_message.html?_=1637289661488&CODE_STATE=getMsg HTTP/1.1" 200 27
120.253.135.82 - - [19/Nov/2021:10:41:03 +0800] "GET /xingrg/javascript/easyui/themes/default/validatebox.css HTTP/1.1" 404 1104
120.253.135.82 - - [19/Nov/2021:10:41:03 +0800] "GET /xingrg/all/function/internal_message.html?_=1637289436006&CODE_STATE=getMsg HTTP/1.1" 200 27
120.253.135.82 - - [19/Nov/2021:10:41:04 +0800] "POST /xingrg/kc/pszx/mdps_order_operate.html HTTP/1.1" 200 5973
180.174.250.202 - - [19/Nov/2021:10:41:04 +0800] "POST /xingrg/kc/buy/cgsh_order_operate.html HTTP/1.1" 200 12
222.70.176.97 - - [19/Nov/2021:10:41:04 +0800] "GET /xingrg/kc/base/wldb_order_operate.html?command=get_materiel&rest_code=00111&base_code=0010283&code=00101019438 HTTP/1.1" 200 445
124.78.153.86 - - [19/Nov/2021:10:41:05 +0800] "GET /xingrg/all/function/internal_message.html?_=1637289660968&CODE_STATE=getMsg HTTP/1.1" 200 27
180.157.253.6 - - [19/Nov/2021:10:41:05 +0800] "GET /xingrg/check_reg.html?_=1637289664221 HTTP/1.1" 200 22
180.157.253.6 - - [19/Nov/2021:10:41:05 +0800] "GET /xingrg/all/function/internal_message.html?_=1637289664223&CODE_STATE=getMsg HTTP/1.1" 200 27
180.171.57.206 - - [19/Nov/2021:10:41:06 +0800] "GET /xingrg/kc/buy/cgsh_order_operate.html?command=get_materiel&rest_code=00144&code=00101013188&supplier_code=00100152&order_time=2021-11-19 HTTP/1.1" 200 412
180.174.250.202 - - [19/Nov/2021:10:41:06 +0800] "GET /xingrg/kc/buy/cgsh_order_info.html?code=212021111907970 HTTP/1.1" 200 59790
180.174.250.202 - - [19/Nov/2021:10:41:06 +0800] "GET /xingrg/javascript/easyui/themes/default/validatebox.css HTTP/1.1" 404 1104
180.174.250.202 - - [19/Nov/2021:10:41:07 +0800] "POST /xingrg/kc/buy/cgsh_order_operate.html HTTP/1.1" 200 1202
180.174.250.202 - - [19/Nov/2021:10:41:08 +0800] "GET /xingrg/kc/print/load_config.html?kc_code=cgsh HTTP/1.1" 200 2281
124.78.153.86 - - [19/Nov/2021:10:41:08 +0800] "GET /xingrg/kc/buy/cgsh_order_operate.html?command=get_materiel&rest_code=00106&code=00101008059&supplier_code=00100007&order_time=2021-11-19 HTTP/1.1" 200 408
180.174.250.202 - - [19/Nov/2021:10:41:08 +0800] "GET /xingrg/kc/print/load_data.html?order_code=212021111907970&kc_code=cgsh&condition= HTTP/1.1" 200 993
120.253.135.82 - - [19/Nov/2021:10:41:10 +0800] "POST /xingrg/kc/pszx/mdps_list_operate.html HTTP/1.1" 200 1690
116.235.93.2 - - [19/Nov/2021:10:41:10 +0800] "GET /xingrg/all/function/internal_message.html?_=1637290151014&CODE_STATE=getMsg HTTP/1.1" 200 27
180.174.250.202 - - [19/Nov/2021:10:41:12 +0800] "GET /xingrg/kc/buy/cgsh_order_add.html HTTP/1.1" 200 64877
222.70.176.97 - - [19/Nov/2021:10:41:12 +0800] "GET /xingrg/kc/base/wldb_order_operate.html?command=get_materiel&rest_code=00111&base_code=0010283&code=00101019071 HTTP/1.1" 200 455
180.174.250.202 - - [19/Nov/2021:10:41:12 +0800] "POST /xingrg/kc/buy/cgsh_order_operate.html HTTP/1.1" 200 8245
116.238.248.233 - - [19/Nov/2021:10:41:12 +0800] "GET /xingrg/check_reg.html?_=1637289669731 HTTP/1.1" 200 22
116.238.248.233 - - [19/Nov/2021:10:41:12 +0800] "GET /xingrg/all/function/internal_message.html?_=1637289669732&CODE_STATE=getMsg HTTP/1.1" 200 27
180.174.250.202 - - [19/Nov/2021:10:41:12 +0800] "GET /xingrg/javascript/easyui/themes/default/validatebox.css HTTP/1.1" 404 1104
124.78.153.86 - - [19/Nov/2021:10:41:12 +0800] "GET /xingrg/all/function/internal_message.html?_=1637289671964&CODE_STATE=getMsg HTTP/1.1" 200 27
222.69.132.206 - - [19/Nov/2021:10:41:12 +0800] "GET /xingrg/all/function/internal_message.html?_=1637289669919&CODE_STATE=getMsg HTTP/1.1" 200 27
180.174.250.202 - - [19/Nov/2021:10:41:13 +0800] "GET /xingrg/javascript/auto/indicator.gif HTTP/1.1" 404 1066
180.174.250.202 - - [19/Nov/2021:10:41:13 +0800] "GET /xingrg/javascript/jquery_tools/images/prev.gif HTTP/1.1" 404 1086
180.174.250.202 - - [19/Nov/2021:10:41:13 +0800] "GET /xingrg/javascript/jquery_tools/images/next.gif HTTP/1.1" 404 1086
180.171.57.206 - - [19/Nov/2021:10:41:14 +0800] "GET /xingrg/kc/buy/cgsh_order_operate.html?command=get_materiel&rest_code=00144&code=00101019349&supplier_code=00100152&order_time=2021-11-19 HTTP/1.1" 200 413
180.171.57.206 - - [19/Nov/2021:10:41:16 +0800] "GET /xingrg/all/function/internal_message.html?_=1637289672811&CODE_STATE=getMsg HTTP/1.1" 200 27
124.78.153.86 - - [19/Nov/2021:10:41:17 +0800] "GET /xingrg/kc/buy/cgsh_order_operate.html?command=get_materiel&rest_code=00106&code=00101008286&supplier_code=00100007&order_time=2021-11-19 HTTP/1.1" 200 408
222.70.176.97 - - [19/Nov/2021:10:41:17 +0800] "GET /xingrg/kc/base/wldb_order_operate.html?command=get_materiel&rest_code=00111&base_code=0010283&code=00101019391 HTTP/1.1" 200 471
124.78.153.86 - - [19/Nov/2021:10:41:19 +0800] "POST /xingrg/kc/buy/cgsh_order_operate.html HTTP/1.1" 200 2065
222.69.132.206 - - [19/Nov/2021:10:41:21 +0800] "POST /xingrg/kc/buy/cgsh_order_operate.html HTTP/1.1" 200 37
120.253.135.82 - - [19/Nov/2021:10:41:21 +0800] "POST /xingrg/kc/pszx/mdps_list_operate.html HTTP/1.1" 200 3576
180.174.250.202 - - [19/Nov/2021:10:41:21 +0800] "GET /xingrg/kc/buy/cgsh_order_operate.html?command=get_materiel&rest_code=00102&code=00101002038&supplier_code=00100087&order_time=2021-11-18 HTTP/1.1" 200 436
180.171.57.206 - - [19/Nov/2021:10:41:23 +0800] "GET /xingrg/kc/buy/cgsh_order_operate.html?command=get_materiel&rest_code=00144&code=00101008084&supplier_code=00100152&order_time=2021-11-19 HTTP/1.1" 200 412
222.70.176.97 - - [19/Nov/2021:10:41:27 +0800] "GET /xingrg/kc/base/wldb_order_operate.html?command=get_materiel&rest_code=00111&base_code=0010283&code=00101019015 HTTP/1.1" 200 435
120.253.135.82 - - [19/Nov/2021:10:41:27 +0800] "POST /xingrg/kc/pszx/mdps_list_operate.html HTTP/1.1" 200 628
120.253.135.82 - - [19/Nov/2021:10:41:27 +0800] "GET /xingrg/all/function/internal_message.html?_=1637289632321&CODE_STATE=getMsg HTTP/1.1" 200 27
120.253.135.82 - - [19/Nov/2021:10:41:28 +0800] "GET /xingrg/kc/pszx/mdps_order_info.html?code=312021111800466 HTTP/1.1" 200 23935
120.253.135.82 - - [19/Nov/2021:10:41:29 +0800] "GET /xingrg/javascript/easyui/themes/default/validatebox.css HTTP/1.1" 404 1104
222.70.176.97 - - [19/Nov/2021:10:41:30 +0800] "GET /xingrg/check_reg.html?_=1637289686130 HTTP/1.1" 200 22
222.70.176.97 - - [19/Nov/2021:10:41:30 +0800] "GET /xingrg/all/function/internal_message.html?_=1637289686641&CODE_STATE=getMsg HTTP/1.1" 200 27
180.174.250.202 - - [19/Nov/2021:10:41:33 +0800] "POST /xingrg/kc/buy/cgsh_order_operate.html HTTP/1.1" 200 37
222.69.132.206 - - [19/Nov/2021:10:41:34 +0800] "POST /xingrg/kc/buy/cgsh_order_operate.html HTTP/1.1" 200 12
222.70.176.97 - - [19/Nov/2021:10:41:34 +0800] "GET /xingrg/kc/base/wldb_order_operate.html?command=get_materiel&rest_code=00111&base_code=0010283&code=00101019313 HTTP/1.1" 200 443
120.253.135.82 - - [19/Nov/2021:10:41:34 +0800] "POST /xingrg/kc/pszx/mdps_order_operate.html HTTP/1.1" 200 11039
222.70.171.86 - - [19/Nov/2021:10:41:35 +0800] "GET /xingrg/all/function/internal_message.html?_=1637289692246&CODE_STATE=getMsg HTTP/1.1" 200 27
180.174.250.202 - - [19/Nov/2021:10:41:36 +0800] "GET /xingrg/all/function/internal_message.html?_=1637289690026&CODE_STATE=getMsg HTTP/1.1" 200 27
180.171.57.206 - - [19/Nov/2021:10:41:37 +0800] "GET /xingrg/kc/buy/cgsh_order_operate.html?command=get_materiel&rest_code=00144&code=00101010303&supplier_code=00100152&order_time=2021-11-19 HTTP/1.1" 200 424
124.78.153.86 - - [19/Nov/2021:10:41:37 +0800] "GET /xingrg/kc/buy/cgsh_order_operate.html?command=get_materiel&rest_code=00106&code=00101008242&supplier_code=00100007&order_time=2021-11-19 HTTP/1.1" 200 408
222.69.132.206 - - [19/Nov/2021:10:41:38 +0800] "GET /xingrg/kc/print/load_config.html?kc_code=cgsh HTTP/1.1" 200 2281
180.169.147.146 - - [19/Nov/2021:10:41:38 +0800] "GET /xingrg/all/function/internal_message.html?_=1637289700337&CODE_STATE=getMsg HTTP/1.1" 200 27
222.69.132.206 - - [19/Nov/2021:10:41:39 +0800] "GET /xingrg/kc/print/load_data.html?order_code=212021111907971&kc_code=cgsh&condition= HTTP/1.1" 200 2690
180.174.250.202 - - [19/Nov/2021:10:41:39 +0800] "POST /xingrg/kc/buy/cgsh_order_operate.html HTTP/1.1" 200 12
124.78.153.86 - - [19/Nov/2021:10:41:39 +0800] "GET /xingrg/kc/base/wldb_order_operate.html?command=get_materiel&rest_code=00106&base_code=0010396&code=00101019400 HTTP/1.1" 200 450
222.69.132.206 - - [19/Nov/2021:10:41:41 +0800] "GET /xingrg/kc/buy/cgsh_order_info.html?code=212021111907971 HTTP/1.1" 200 59874
222.69.132.206 - - [19/Nov/2021:10:41:41 +0800] "GET /xingrg/words/20211119101946_words.js HTTP/1.1" 304 -
222.69.132.206 - - [19/Nov/2021:10:41:41 +0800] "GET /xingrg/javascript/easyui/themes/default/validatebox.css HTTP/1.1" 404 1104
222.69.132.206 - - [19/Nov/2021:10:41:42 +0800] "POST /xingrg/kc/buy/cgsh_order_operate.html HTTP/1.1" 200 5424
180.174.250.202 - - [19/Nov/2021:10:41:42 +0800] "GET /xingrg/kc/buy/cgsh_order_info.html?code=212021111907972 HTTP/1.1" 200 59786
180.174.250.202 - - [19/Nov/2021:10:41:42 +0800] "GET /xingrg/javascript/easyui/themes/default/validatebox.css HTTP/1.1" 404 1104
180.174.250.202 - - [19/Nov/2021:10:41:43 +0800] "POST /xingrg/kc/buy/cgsh_order_operate.html HTTP/1.1" 200 615
180.174.250.202 - - [19/Nov/2021:10:41:45 +0800] "GET /xingrg/kc/print/load_data.html?order_code=212021111907972&kc_code=cgsh&condition= HTTP/1.1" 200 762
180.174.250.202 - - [19/Nov/2021:10:41:45 +0800] "GET /xingrg/all/function/internal_message.html?_=1637289707189&CODE_STATE=getMsg HTTP/1.1" 200 27
120.253.135.82 - - [19/Nov/2021:10:41:46 +0800] "POST /xingrg/kc/pszx/mdps_order_operate.html HTTP/1.1" 200 37
116.232.52.153 - - [19/Nov/2021:10:41:47 +0800] "GET /xingrg/all/function/internal_message.html?_=1637289706081&CODE_STATE=getMsg HTTP/1.1" 200 27
124.78.153.86 - - [19/Nov/2021:10:41:47 +0800] "GET /xingrg/kc/buy/cgsh_order_operate.html?command=get_materiel&rest_code=00106&code=00101020126&supplier_code=00100007&order_time=2021-11-19 HTTP/1.1" 200 412
222.70.176.97 - - [19/Nov/2021:10:41:48 +0800] "POST /xingrg/kc/base/wldb_order_operate.html HTTP/1.1" 200 37
222.70.176.97 - - [19/Nov/2021:10:41:48 +0800] "POST /xingrg/kc/base/wldb_order_operate.html HTTP/1.1" 200 4671
180.174.250.202 - - [19/Nov/2021:10:41:49 +0800] "GET /xingrg/kc/buy/cgsh_order_add.html HTTP/1.1" 200 64877
180.174.250.202 - - [19/Nov/2021:10:41:50 +0800] "POST /xingrg/kc/buy/cgsh_order_operate.html HTTP/1.1" 200 8245
180.174.250.202 - - [19/Nov/2021:10:41:50 +0800] "GET /xingrg/javascript/easyui/themes/default/validatebox.css HTTP/1.1" 404 1104
222.70.176.97 - - [19/Nov/2021:10:41:50 +0800] "GET /xingrg/kc/base/wldb_order_info.html?code=422021111902033 HTTP/1.1" 200 30453
180.171.57.206 - - [19/Nov/2021:10:41:50 +0800] "GET /xingrg/kc/buy/cgsh_order_operate.html?command=get_materiel&rest_code=00144&code=00101016107&supplier_code=00100152&order_time=2021-11-19 HTTP/1.1" 200 417
222.70.176.97 - - [19/Nov/2021:10:41:50 +0800] "GET /xingrg/javascript/easyui/themes/default/validatebox.css HTTP/1.1" 404 1104
222.70.176.97 - - [19/Nov/2021:10:41:51 +0800] "POST /xingrg/kc/base/wldb_order_operate.html HTTP/1.1" 200 4671
222.69.132.206 - - [19/Nov/2021:10:41:53 +0800] "GET /xingrg/kc/buy/cgsh_order_add.html HTTP/1.1" 200 64965
222.69.132.206 - - [19/Nov/2021:10:41:53 +0800] "POST /xingrg/kc/buy/cgsh_order_operate.html HTTP/1.1" 200 8245
222.69.132.206 - - [19/Nov/2021:10:41:53 +0800] "GET /xingrg/javascript/easyui/themes/default/validatebox.css HTTP/1.1" 404 1104
180.169.147.146 - - [19/Nov/2021:10:41:54 +0800] "GET /xingrg/all/function/internal_message.html?_=1637289713584&CODE_STATE=getMsg HTTP/1.1" 200 27
120.253.135.82 - - [19/Nov/2021:10:41:54 +0800] "POST /xingrg/kc/pszx/mdps_order_operate.html HTTP/1.1" 200 12
222.70.176.97 - - [19/Nov/2021:10:41:54 +0800] "GET /xingrg/kc/base/wldb_order_add.html HTTP/1.1" 200 30438
222.70.176.97 - - [19/Nov/2021:10:41:54 +0800] "POST /xingrg/kc/base/wldb_order_operate.html HTTP/1.1" 200 6806
222.70.176.97 - - [19/Nov/2021:10:41:54 +0800] "GET /xingrg/javascript/easyui/themes/default/validatebox.css HTTP/1.1" 404 1104
58.39.139.200 - - [19/Nov/2021:10:41:55 +0800] "GET /xingrg/all/function/internal_message.html?_=1637289715860&CODE_STATE=getMsg HTTP/1.1" 200 27
120.253.135.82 - - [19/Nov/2021:10:41:56 +0800] "GET /xingrg/kc/pszx/mdps_order_info.html?code=312021111800466 HTTP/1.1" 200 19595
180.174.250.202 - - [19/Nov/2021:10:41:56 +0800] "GET /xingrg/kc/buy/cgsh_order_operate.html?command=get_materiel&rest_code=00102&code=00101004067&supplier_code=00100317&order_time=2021-11-18 HTTP/1.1" 200 413
120.253.135.82 - - [19/Nov/2021:10:41:56 +0800] "GET /xingrg/javascript/easyui/themes/default/validatebox.css HTTP/1.1" 404 1104
124.78.153.86 - - [19/Nov/2021:10:41:57 +0800] "GET /xingrg/kc/buy/cgsh_order_operate.html?command=get_materiel&rest_code=00106&code=00101008085&supplier_code=00100007&order_time=2021-11-19 HTTP/1.1" 200 412
120.253.135.82 - - [19/Nov/2021:10:41:57 +0800] "POST /xingrg/kc/pszx/mdps_order_operate.html HTTP/1.1" 200 9185
116.227.210.113 - - [19/Nov/2021:10:41:57 +0800] "GET /xingrg/all/function/internal_message.html?_=1637289714173&CODE_STATE=getMsg HTTP/1.1" 200 27
114.85.125.222 - - [19/Nov/2021:10:42:00 +0800] "GET /xingrg/all/function/internal_message.html?_=1637289697399&CODE_STATE=getMsg HTTP/1.1" 200 27
120.253.135.82 - - [19/Nov/2021:10:42:01 +0800] "POST /xingrg/kc/pszx/mdps_list_operate.html HTTP/1.1" 200 3198
