172.20.0.100 - - [19/Nov/2021:10:17:08 +0800] "GET /xingrg/images/xtree/Tplus.png HTTP/1.1" 200 222
172.20.0.100 - - [19/Nov/2021:10:17:08 +0800] "GET /xingrg/images/xtree/Lplus.png HTTP/1.1" 200 224
172.20.0.100 - - [19/Nov/2021:10:17:08 +0800] "POST /xingrg/dwr/call/plaincall/AjaxBaseInfoService.getMateriels.dwr HTTP/1.1" 200 2929
180.174.250.202 - - [19/Nov/2021:10:17:09 +0800] "GET /xingrg/all/function/internal_message.html?_=1637288230546&CODE_STATE=getMsg HTTP/1.1" 200 27
172.20.0.100 - - [19/Nov/2021:10:17:10 +0800] "POST /xingrg/dwr/call/plaincall/AjaxBaseInfoService.getSubMaterielSorts.dwr HTTP/1.1" 200 3802
172.20.0.100 - - [19/Nov/2021:10:17:10 +0800] "GET /xingrg/images/xtree/blank.png HTTP/1.1" 200 144
172.20.0.100 - - [19/Nov/2021:10:17:10 +0800] "GET /xingrg/images/xtree/L.png HTTP/1.1" 200 153
172.20.0.100 - - [19/Nov/2021:10:17:10 +0800] "GET /xingrg/images/xtree/file.png HTTP/1.1" 200 251
172.20.0.100 - - [19/Nov/2021:10:17:10 +0800] "GET /xingrg/images/xtree/T.png HTTP/1.1" 200 152
172.20.0.100 - - [19/Nov/2021:10:17:10 +0800] "GET /xingrg/images/xtree/L.png HTTP/1.1" 200 153
172.20.0.100 - - [19/Nov/2021:10:17:10 +0800] "GET /xingrg/images/xtree/Lminus.png HTTP/1.1" 200 219
172.20.0.100 - - [19/Nov/2021:10:17:10 +0800] "POST /xingrg/dwr/call/plaincall/AjaxBaseInfoService.getMateriels.dwr HTTP/1.1" 200 3020
222.70.176.97 - - [19/Nov/2021:10:17:11 +0800] "GET /xingrg/all/function/internal_message.html?_=1637288227410&CODE_STATE=getMsg HTTP/1.1" 200 27
172.20.0.100 - - [19/Nov/2021:10:17:11 +0800] "POST /xingrg/dwr/call/plaincall/AjaxBaseInfoService.getMateriels.dwr HTTP/1.1" 200 3009
116.238.248.233 - - [19/Nov/2021:10:17:12 +0800] "GET /xingrg/all/function/internal_message.html?_=1637288229594&CODE_STATE=getMsg HTTP/1.1" 200 27
180.157.253.6 - - [19/Nov/2021:10:17:13 +0800] "GET /xingrg/kc/buy/cgsh_order_operate.html?command=get_materiel&rest_code=00148&code=00102014088&supplier_code=00100450&order_time=2021-11-19 HTTP/1.1" 200 412
172.20.0.100 - - [19/Nov/2021:10:17:13 +0800] "POST /xingrg/dwr/call/plaincall/AjaxBaseInfoService.getMateriels.dwr HTTP/1.1" 200 3025
172.20.0.100 - - [19/Nov/2021:10:17:15 +0800] "GET /xingrg/system/info/materiel_info.html?code=00102035&isAdd=1 HTTP/1.1" 200 35859
172.20.0.100 - - [19/Nov/2021:10:17:15 +0800] "GET /xingrg/dwr/interface/AjaxGetFirstChart.js HTTP/1.1" 200 631
172.20.0.100 - - [19/Nov/2021:10:17:15 +0800] "GET /xingrg/dwr/engine.js HTTP/1.1" 200 43631
172.20.0.100 - - [19/Nov/2021:10:17:15 +0800] "GET /xingrg/javascript/checkform.js HTTP/1.1" 200 18351
172.20.0.100 - - [19/Nov/2021:10:17:15 +0800] "GET /favicon.ico HTTP/1.1" 404 -
172.20.0.100 - - [19/Nov/2021:10:17:15 +0800] "POST /xingrg/all/common/load_tree.html?tree=area_rest_tree_json HTTP/1.1" 200 3472
172.20.0.100 - - [19/Nov/2021:10:17:16 +0800] "POST /xingrg/dwr/call/plaincall/AjaxBaseInfoService.getMaterielInfo.dwr HTTP/1.1" 200 217
172.20.0.100 - - [19/Nov/2021:10:17:16 +0800] "GET /xingrg/javascript/jquery_easy_ui/themes/default/images/tree_checkbox_0.gif HTTP/1.1" 200 168
172.20.0.100 - - [19/Nov/2021:10:17:16 +0800] "GET /xingrg/javascript/jquery_easy_ui/themes/icons/area.png HTTP/1.1" 200 262
172.20.0.100 - - [19/Nov/2021:10:17:16 +0800] "GET /xingrg/javascript/jquery_easy_ui/themes/icons/manage.png HTTP/1.1" 200 696
172.20.0.100 - - [19/Nov/2021:10:17:16 +0800] "GET /xingrg/javascript/jquery_easy_ui/themes/icons/rest.png HTTP/1.1" 200 695
172.20.0.100 - - [19/Nov/2021:10:17:16 +0800] "POST /xingrg/all/common/load_tree.html?tree=area_rest_tree_json&defaultRests=undefined HTTP/1.1" 200 3472
180.174.250.202 - - [19/Nov/2021:10:17:20 +0800] "GET /xingrg/kc/buy/cgsh_order_add.html HTTP/1.1" 200 64877
180.174.250.202 - - [19/Nov/2021:10:17:21 +0800] "POST /xingrg/kc/buy/cgsh_order_operate.html HTTP/1.1" 200 8245
180.174.250.202 - - [19/Nov/2021:10:17:21 +0800] "GET /xingrg/javascript/easyui/themes/default/validatebox.css HTTP/1.1" 404 1104
180.157.253.6 - - [19/Nov/2021:10:17:21 +0800] "GET /xingrg/kc/buy/cgsh_order_operate.html?command=get_materiel&rest_code=00148&code=00101008571&supplier_code=00100450&order_time=2021-11-19 HTTP/1.1" 200 398
172.20.0.100 - - [19/Nov/2021:10:17:23 +0800] "POST /xingrg/dwr/call/plaincall/AjaxGetFirstChart.getFirstChart.dwr HTTP/1.1" 200 85
222.69.132.206 - - [19/Nov/2021:10:17:24 +0800] "GET /xingrg/all/function/internal_message.html?_=1637288241538&CODE_STATE=getMsg HTTP/1.1" 200 27
172.20.0.100 - - [19/Nov/2021:10:17:25 +0800] "POST /xingrg/dwr/call/plaincall/AjaxBaseInfoService.changeUnitGroup.dwr HTTP/1.1" 200 243
120.253.135.82 - - [19/Nov/2021:10:17:27 +0800] "GET /xingrg/all/function/internal_message.html?_=1637288191863&CODE_STATE=getMsg HTTP/1.1" 200 27
180.174.250.202 - - [19/Nov/2021:10:17:27 +0800] "GET /xingrg/kc/buy/cgsh_order_operate.html?command=get_materiel&rest_code=00102&code=00101020225&supplier_code=00100485&order_time=2021-11-18 HTTP/1.1" 200 403
172.20.0.100 - - [19/Nov/2021:10:17:30 +0800] "POST /xingrg/dwr/call/plaincall/AjaxBaseInfoService.saveMateriel.dwr HTTP/1.1" 200 108
172.20.0.100 - - [19/Nov/2021:10:17:31 +0800] "POST /xingrg/dwr/call/plaincall/AjaxBaseInfoService.getMateriels.dwr HTTP/1.1" 200 3025
114.85.125.222 - - [19/Nov/2021:10:17:32 +0800] "GET /xingrg/all/function/internal_message.html?_=1637288229148&CODE_STATE=getMsg HTTP/1.1" 200 27
180.157.253.6 - - [19/Nov/2021:10:17:32 +0800] "GET /xingrg/kc/buy/cgsh_order_operate.html?command=get_materiel&rest_code=00148&code=00101015112&supplier_code=00100450&order_time=2021-11-19 HTTP/1.1" 200 403
180.174.250.202 - - [19/Nov/2021:10:17:34 +0800] "GET /xingrg/all/function/internal_message.html?_=1637288248050&CODE_STATE=getMsg HTTP/1.1" 200 27
222.70.171.86 - - [19/Nov/2021:10:17:34 +0800] "GET /xingrg/all/function/internal_message.html?_=1637288251907&CODE_STATE=getMsg HTTP/1.1" 200 27
180.174.250.202 - - [19/Nov/2021:10:17:36 +0800] "POST /xingrg/kc/buy/cgsh_order_operate.html HTTP/1.1" 200 37
172.20.0.100 - - [19/Nov/2021:10:17:37 +0800] "GET /xingrg/system/info/materiel_info.html?code=00102035&isAdd=1 HTTP/1.1" 200 35859
172.20.0.100 - - [19/Nov/2021:10:17:37 +0800] "GET /xingrg/dwr/interface/AjaxGetFirstChart.js HTTP/1.1" 200 631
172.20.0.100 - - [19/Nov/2021:10:17:37 +0800] "GET /xingrg/dwr/interface/AjaxBaseInfoService.js HTTP/1.1" 200 21363
172.20.0.100 - - [19/Nov/2021:10:17:37 +0800] "GET /xingrg/dwr/interface/AjaxComOrderService.js HTTP/1.1" 200 18264
172.20.0.100 - - [19/Nov/2021:10:17:37 +0800] "GET /xingrg/dwr/engine.js HTTP/1.1" 200 43631
172.20.0.100 - - [19/Nov/2021:10:17:37 +0800] "POST /xingrg/all/common/load_tree.html?tree=area_rest_tree_json HTTP/1.1" 200 3472
172.20.0.100 - - [19/Nov/2021:10:17:37 +0800] "POST /xingrg/dwr/call/plaincall/AjaxBaseInfoService.getMaterielInfo.dwr HTTP/1.1" 200 217
172.20.0.100 - - [19/Nov/2021:10:17:38 +0800] "POST /xingrg/all/common/load_tree.html?tree=area_rest_tree_json&defaultRests=undefined HTTP/1.1" 200 3472
180.169.147.146 - - [19/Nov/2021:10:17:38 +0800] "GET /xingrg/all/function/internal_message.html?_=1637288260284&CODE_STATE=getMsg HTTP/1.1" 200 27
180.157.253.6 - - [19/Nov/2021:10:17:39 +0800] "GET /xingrg/kc/buy/cgsh_order_operate.html?command=get_materiel&rest_code=00148&code=00101008591&supplier_code=00100450&order_time=2021-11-19 HTTP/1.1" 200 396
172.20.0.100 - - [19/Nov/2021:10:17:40 +0800] "POST /xingrg/dwr/call/plaincall/AjaxGetFirstChart.getFirstChart.dwr HTTP/1.1" 200 85
172.20.0.100 - - [19/Nov/2021:10:17:43 +0800] "POST /xingrg/dwr/call/plaincall/AjaxBaseInfoService.changeUnitGroup.dwr HTTP/1.1" 200 243
116.227.210.113 - - [19/Nov/2021:10:17:43 +0800] "GET /xingrg/kc/buy/cgsh_order_operate.html?command=get_materiel&rest_code=00155&code=00101020138&supplier_code=00100037&order_time=2021-11-19 HTTP/1.1" 200 426
180.174.250.202 - - [19/Nov/2021:10:17:44 +0800] "POST /xingrg/kc/buy/cgsh_order_operate.html HTTP/1.1" 200 12
124.78.153.86 - - [19/Nov/2021:10:17:46 +0800] "GET /xingrg/all/function/internal_message.html?_=1637288262312&CODE_STATE=getMsg HTTP/1.1" 200 27
180.157.253.6 - - [19/Nov/2021:10:17:46 +0800] "GET /xingrg/kc/buy/cgsh_order_operate.html?command=get_materiel&rest_code=00148&code=00101015046&supplier_code=00100450&order_time=2021-11-19 HTTP/1.1" 200 412
116.232.52.153 - - [19/Nov/2021:10:17:47 +0800] "GET /xingrg/all/function/internal_message.html?_=1637288266031&CODE_STATE=getMsg HTTP/1.1" 200 27
172.20.0.100 - - [19/Nov/2021:10:17:48 +0800] "POST /xingrg/dwr/call/plaincall/AjaxBaseInfoService.saveMateriel.dwr HTTP/1.1" 200 108
172.20.0.100 - - [19/Nov/2021:10:17:48 +0800] "POST /xingrg/dwr/call/plaincall/AjaxBaseInfoService.getMateriels.dwr HTTP/1.1" 200 3025
120.253.135.82 - - [19/Nov/2021:10:17:49 +0800] "POST /xingrg/kc/buy/cgsh_order_operate.html HTTP/1.1" 200 12
180.174.250.202 - - [19/Nov/2021:10:17:50 +0800] "GET /xingrg/kc/buy/cgsh_order_info.html?code=212021111907941 HTTP/1.1" 200 59788
180.174.250.202 - - [19/Nov/2021:10:17:50 +0800] "GET /xingrg/words/20211119101748_words.js HTTP/1.1" 200 873039
180.174.250.202 - - [19/Nov/2021:10:17:51 +0800] "GET /xingrg/javascript/easyui/themes/default/validatebox.css HTTP/1.1" 404 1104
180.174.250.202 - - [19/Nov/2021:10:17:52 +0800] "POST /xingrg/kc/buy/cgsh_order_operate.html HTTP/1.1" 200 612
120.253.135.82 - - [19/Nov/2021:10:17:52 +0800] "GET /xingrg/all/function/internal_message.html?_=1637288044845&CODE_STATE=getMsg HTTP/1.1" 200 27
120.253.135.82 - - [19/Nov/2021:10:17:53 +0800] "GET /xingrg/kc/buy/cgsh_order_info.html?code=212021111907939 HTTP/1.1" 200 58850
180.174.250.202 - - [19/Nov/2021:10:17:53 +0800] "GET /xingrg/kc/print/load_data.html?order_code=212021111907941&kc_code=cgsh&condition= HTTP/1.1" 200 701
180.169.147.146 - - [19/Nov/2021:10:17:53 +0800] "GET /xingrg/all/function/internal_message.html?_=1637288273190&CODE_STATE=getMsg HTTP/1.1" 200 27
120.253.135.82 - - [19/Nov/2021:10:17:53 +0800] "GET /xingrg/words/20211119101748_words.js HTTP/1.1" 200 873039
180.157.253.6 - - [19/Nov/2021:10:17:53 +0800] "GET /xingrg/kc/buy/cgsh_order_operate.html?command=get_materiel&rest_code=00148&code=00101015121&supplier_code=00100450&order_time=2021-11-19 HTTP/1.1" 200 404
58.39.139.200 - - [19/Nov/2021:10:17:55 +0800] "GET /xingrg/all/function/internal_message.html?_=1637288275821&CODE_STATE=getMsg HTTP/1.1" 200 27
58.37.231.44 - - [19/Nov/2021:10:17:56 +0800] "GET /xingrg/all/function/internal_message.html?_=1637288102631&CODE_STATE=getMsg HTTP/1.1" 200 27
180.174.250.202 - - [19/Nov/2021:10:17:56 +0800] "GET /xingrg/kc/buy/cgsh_order_add.html HTTP/1.1" 200 64877
180.174.250.202 - - [19/Nov/2021:10:17:57 +0800] "POST /xingrg/kc/buy/cgsh_order_operate.html HTTP/1.1" 200 8245
180.174.250.202 - - [19/Nov/2021:10:17:57 +0800] "GET /xingrg/javascript/easyui/themes/default/validatebox.css HTTP/1.1" 404 1104
116.227.210.113 - - [19/Nov/2021:10:17:57 +0800] "GET /xingrg/check_reg.html?_=1637288274162 HTTP/1.1" 200 22
116.227.210.113 - - [19/Nov/2021:10:17:57 +0800] "GET /xingrg/all/function/internal_message.html?_=1637288274163&CODE_STATE=getMsg HTTP/1.1" 200 27
58.221.95.50 - - [19/Nov/2021:10:17:58 +0800] "GET /xingrg/check_reg.html?_=1637288276743 HTTP/1.1" 302 -
116.227.210.113 - - [19/Nov/2021:10:17:59 +0800] "GET /xingrg/kc/buy/cgsh_order_operate.html?command=get_materiel&rest_code=00155&code=00101009011&supplier_code=00100037&order_time=2021-11-19 HTTP/1.1" 200 416
116.235.93.2 - - [19/Nov/2021:10:18:03 +0800] "GET /xingrg/all/function/internal_message.html?_=1637288763679&CODE_STATE=getMsg HTTP/1.1" 200 27
172.20.0.100 - - [19/Nov/2021:10:18:03 +0800] "GET /xingrg/all/function/internal_message.html?_=1637288281503&CODE_STATE=getMsg HTTP/1.1" 200 27
180.174.250.202 - - [19/Nov/2021:10:18:03 +0800] "GET /xingrg/kc/buy/cgsh_order_operate.html?command=get_materiel&rest_code=00102&code=00101019150&supplier_code=00100337&order_time=2021-11-18 HTTP/1.1" 200 434
180.157.253.6 - - [19/Nov/2021:10:18:05 +0800] "GET /xingrg/all/function/internal_message.html?_=1637288284154&CODE_STATE=getMsg HTTP/1.1" 200 27
172.20.0.100 - - [19/Nov/2021:10:18:07 +0800] "GET /xingrg/system/info/materiel_info.html?code=00102035&isAdd=1 HTTP/1.1" 200 35859
172.20.0.100 - - [19/Nov/2021:10:18:07 +0800] "GET /xingrg/dwr/interface/AjaxBaseInfoService.js HTTP/1.1" 200 21363
172.20.0.100 - - [19/Nov/2021:10:18:07 +0800] "GET /xingrg/dwr/interface/AjaxGetFirstChart.js HTTP/1.1" 200 631
172.20.0.100 - - [19/Nov/2021:10:18:07 +0800] "GET /xingrg/dwr/interface/AjaxComOrderService.js HTTP/1.1" 200 18264
172.20.0.100 - - [19/Nov/2021:10:18:07 +0800] "GET /xingrg/dwr/engine.js HTTP/1.1" 200 43631
172.20.0.100 - - [19/Nov/2021:10:18:08 +0800] "POST /xingrg/all/common/load_tree.html?tree=area_rest_tree_json HTTP/1.1" 200 3472
172.20.0.100 - - [19/Nov/2021:10:18:08 +0800] "POST /xingrg/dwr/call/plaincall/AjaxBaseInfoService.getMaterielInfo.dwr HTTP/1.1" 200 217
172.20.0.100 - - [19/Nov/2021:10:18:09 +0800] "POST /xingrg/all/common/load_tree.html?tree=area_rest_tree_json&defaultRests=undefined HTTP/1.1" 200 3472
180.174.250.202 - - [19/Nov/2021:10:18:09 +0800] "GET /xingrg/all/function/internal_message.html?_=1637288290525&CODE_STATE=getMsg HTTP/1.1" 200 27
120.253.135.82 - - [19/Nov/2021:10:18:11 +0800] "GET /xingrg/kc/pszx/mdps_order_list.html?orderType=0 HTTP/1.1" 200 21089
222.70.176.97 - - [19/Nov/2021:10:18:11 +0800] "GET /xingrg/check_reg.html?_=1637288287035 HTTP/1.1" 200 22
120.253.135.82 - - [19/Nov/2021:10:18:11 +0800] "POST /xingrg/kc/pszx/mdps_list_operate.html HTTP/1.1" 200 5262
222.70.176.97 - - [19/Nov/2021:10:18:11 +0800] "GET /xingrg/all/function/internal_message.html?_=1637288287381&CODE_STATE=getMsg HTTP/1.1" 200 27
180.157.253.6 - - [19/Nov/2021:10:18:11 +0800] "POST /xingrg/kc/buy/cgsh_order_operate.html HTTP/1.1" 200 37
116.227.210.113 - - [19/Nov/2021:10:18:11 +0800] "GET /xingrg/kc/buy/cgsh_order_operate.html?command=get_materiel&rest_code=00155&code=00101009051&supplier_code=00100037&order_time=2021-11-19 HTTP/1.1" 200 409
116.238.248.233 - - [19/Nov/2021:10:18:12 +0800] "GET /xingrg/all/function/internal_message.html?_=1637288289608&CODE_STATE=getMsg HTTP/1.1" 200 27
114.85.125.222 - - [19/Nov/2021:10:18:13 +0800] "GET /xingrg/check_reg.html?_=1637288269934 HTTP/1.1" 200 22
180.157.253.6 - - [19/Nov/2021:10:18:13 +0800] "POST /xingrg/kc/buy/cgsh_order_operate.html HTTP/1.1" 200 5631
172.20.0.100 - - [19/Nov/2021:10:18:16 +0800] "POST /xingrg/dwr/call/plaincall/AjaxGetFirstChart.getFirstChart.dwr HTTP/1.1" 200 83
180.157.253.6 - - [19/Nov/2021:10:18:19 +0800] "GET /xingrg/kc/print/load_data.html?order_code=212021111907942&kc_code=cgsh&condition= HTTP/1.1" 200 1825
180.174.250.202 - - [19/Nov/2021:10:18:19 +0800] "GET /xingrg/kc/buy/cgsh_order_operate.html?command=get_materiel&rest_code=00102&code=00101029057&supplier_code=00100337&order_time=2021-11-18 HTTP/1.1" 200 399
116.227.210.113 - - [19/Nov/2021:10:18:20 +0800] "GET /xingrg/kc/buy/cgsh_order_operate.html?command=get_materiel&rest_code=00155&code=00101007109&supplier_code=00100037&order_time=2021-11-19 HTTP/1.1" 200 408
120.253.135.82 - - [19/Nov/2021:10:18:21 +0800] "POST /xingrg/kc/pszx/mdps_list_operate.html HTTP/1.1" 200 868
120.253.135.82 - - [19/Nov/2021:10:18:23 +0800] "GET /xingrg/kc/pszx/mdps_order_add.html HTTP/1.1" 200 29111
120.253.135.82 - - [19/Nov/2021:10:18:23 +0800] "GET /xingrg/words/20211119101748_words.js HTTP/1.1" 200 873039
120.253.135.82 - - [19/Nov/2021:10:18:24 +0800] "POST /xingrg/kc/pszx/mdps_order_operate.html HTTP/1.1" 200 7126
120.253.135.82 - - [19/Nov/2021:10:18:24 +0800] "GET /xingrg/javascript/easyui/themes/default/validatebox.css HTTP/1.1" 404 1104
222.69.132.206 - - [19/Nov/2021:10:18:24 +0800] "GET /xingrg/check_reg.html?_=1637288301535 HTTP/1.1" 200 22
222.69.132.206 - - [19/Nov/2021:10:18:24 +0800] "GET /xingrg/all/function/internal_message.html?_=1637288301549&CODE_STATE=getMsg HTTP/1.1" 200 27
180.157.253.6 - - [19/Nov/2021:10:18:26 +0800] "GET /xingrg/kc/buy/cgsh_order_add.html HTTP/1.1" 200 64871
180.157.253.6 - - [19/Nov/2021:10:18:26 +0800] "GET /xingrg/words/20211119101748_words.js HTTP/1.1" 200 873039
180.157.253.6 - - [19/Nov/2021:10:18:27 +0800] "POST /xingrg/kc/buy/cgsh_order_operate.html HTTP/1.1" 200 8245
180.157.253.6 - - [19/Nov/2021:10:18:27 +0800] "GET /xingrg/javascript/easyui/themes/default/validatebox.css HTTP/1.1" 404 1104
120.253.135.82 - - [19/Nov/2021:10:18:27 +0800] "GET /xingrg/all/function/internal_message.html?_=1637288251877&CODE_STATE=getMsg HTTP/1.1" 200 27
180.174.250.202 - - [19/Nov/2021:10:18:29 +0800] "POST /xingrg/kc/buy/cgsh_order_operate.html HTTP/1.1" 200 37
120.253.135.82 - - [19/Nov/2021:10:18:30 +0800] "POST /xingrg/all/common/load_combo.html?type=base HTTP/1.1" 200 1075
222.70.171.86 - - [19/Nov/2021:10:18:32 +0800] "GET /xingrg/check_reg.html?_=1637288309421 HTTP/1.1" 200 22
114.85.125.222 - - [19/Nov/2021:10:18:32 +0800] "GET /xingrg/all/function/internal_message.html?_=1637288289162&CODE_STATE=getMsg HTTP/1.1" 200 27
116.227.210.113 - - [19/Nov/2021:10:18:32 +0800] "GET /xingrg/kc/buy/cgsh_order_operate.html?command=get_materiel&rest_code=00155&code=00101010136&supplier_code=00100037&order_time=2021-11-19 HTTP/1.1" 200 408
180.174.250.202 - - [19/Nov/2021:10:18:33 +0800] "GET /xingrg/check_reg.html?_=1637288306559 HTTP/1.1" 200 22
172.20.0.100 - - [19/Nov/2021:10:18:33 +0800] "POST /xingrg/dwr/call/plaincall/AjaxBaseInfoService.changeUnitGroup.dwr HTTP/1.1" 200 243
180.174.250.202 - - [19/Nov/2021:10:18:34 +0800] "GET /xingrg/all/function/internal_message.html?_=1637288308055&CODE_STATE=getMsg HTTP/1.1" 200 27
222.70.171.86 - - [19/Nov/2021:10:18:34 +0800] "GET /xingrg/all/function/internal_message.html?_=1637288311921&CODE_STATE=getMsg HTTP/1.1" 200 27
180.169.147.146 - - [19/Nov/2021:10:18:36 +0800] "GET /xingrg/check_reg.html?_=1637288315720 HTTP/1.1" 200 22
180.174.250.202 - - [19/Nov/2021:10:18:36 +0800] "POST /xingrg/kc/buy/cgsh_order_operate.html HTTP/1.1" 200 12
172.20.0.100 - - [19/Nov/2021:10:18:36 +0800] "POST /xingrg/dwr/call/plaincall/AjaxBaseInfoService.saveMateriel.dwr HTTP/1.1" 200 108
172.20.0.100 - - [19/Nov/2021:10:18:37 +0800] "POST /xingrg/dwr/call/plaincall/AjaxBaseInfoService.getMateriels.dwr HTTP/1.1" 200 3025
180.157.253.6 - - [19/Nov/2021:10:18:38 +0800] "GET /xingrg/kc/buy/cgsh_order_operate.html?command=get_materiel&rest_code=00148&code=00101010426&supplier_code=00100004&order_time=2021-11-19 HTTP/1.1" 200 404
180.174.250.202 - - [19/Nov/2021:10:18:38 +0800] "GET /xingrg/kc/buy/cgsh_order_info.html?code=212021111907943 HTTP/1.1" 200 59788
172.20.0.100 - - [19/Nov/2021:10:18:38 +0800] "GET /xingrg/system/info/materiel_info.html?code=00102035&isAdd=1 HTTP/1.1" 200 35859
172.20.0.100 - - [19/Nov/2021:10:18:38 +0800] "GET /xingrg/dwr/interface/AjaxGetFirstChart.js HTTP/1.1" 200 631
172.20.0.100 - - [19/Nov/2021:10:18:38 +0800] "GET /xingrg/dwr/interface/AjaxBaseInfoService.js HTTP/1.1" 200 21363
172.20.0.100 - - [19/Nov/2021:10:18:38 +0800] "GET /xingrg/dwr/interface/AjaxComOrderService.js HTTP/1.1" 200 18264
172.20.0.100 - - [19/Nov/2021:10:18:38 +0800] "GET /xingrg/dwr/engine.js HTTP/1.1" 200 43631
180.174.250.202 - - [19/Nov/2021:10:18:38 +0800] "GET /xingrg/words/20211119101836_words.js HTTP/1.1" 200 873105
180.169.147.146 - - [19/Nov/2021:10:18:38 +0800] "GET /xingrg/all/function/internal_message.html?_=1637288320309&CODE_STATE=getMsg HTTP/1.1" 200 27
172.20.0.100 - - [19/Nov/2021:10:18:38 +0800] "POST /xingrg/all/common/load_tree.html?tree=area_rest_tree_json HTTP/1.1" 200 3472
172.20.0.100 - - [19/Nov/2021:10:18:39 +0800] "POST /xingrg/dwr/call/plaincall/AjaxBaseInfoService.getMaterielInfo.dwr HTTP/1.1" 200 217
172.20.0.100 - - [19/Nov/2021:10:18:39 +0800] "POST /xingrg/all/common/load_tree.html?tree=area_rest_tree_json&defaultRests=undefined HTTP/1.1" 200 3472
180.174.250.202 - - [19/Nov/2021:10:18:39 +0800] "GET /xingrg/javascript/easyui/themes/default/validatebox.css HTTP/1.1" 404 1104
120.253.135.82 - - [19/Nov/2021:10:18:39 +0800] "GET /xingrg/kc/pszx/mdps_order_operate.html?command=get_materiel&pszx_code=00101&rest_code=00102&base_code=0010246&code=00101006037 HTTP/1.1" 200 436
180.174.250.202 - - [19/Nov/2021:10:18:40 +0800] "POST /xingrg/kc/buy/cgsh_order_operate.html HTTP/1.1" 200 1214
180.174.250.202 - - [19/Nov/2021:10:18:41 +0800] "GET /xingrg/kc/print/load_data.html?order_code=212021111907943&kc_code=cgsh&condition= HTTP/1.1" 200 945
116.227.210.113 - - [19/Nov/2021:10:18:42 +0800] "GET /xingrg/kc/buy/cgsh_order_operate.html?command=get_materiel&rest_code=00155&code=00101011005&supplier_code=00100037&order_time=2021-11-19 HTTP/1.1" 200 429
172.20.0.100 - - [19/Nov/2021:10:18:43 +0800] "POST /xingrg/dwr/call/plaincall/AjaxGetFirstChart.getFirstChart.dwr HTTP/1.1" 200 83
172.20.0.100 - - [19/Nov/2021:10:18:45 +0800] "POST /xingrg/dwr/call/plaincall/AjaxBaseInfoService.changeUnitGroup.dwr HTTP/1.1" 200 243
180.174.250.202 - - [19/Nov/2021:10:18:45 +0800] "GET /xingrg/kc/buy/cgsh_order_add.html HTTP/1.1" 200 64877
180.174.250.202 - - [19/Nov/2021:10:18:45 +0800] "POST /xingrg/kc/buy/cgsh_order_operate.html HTTP/1.1" 200 8245
180.174.250.202 - - [19/Nov/2021:10:18:45 +0800] "GET /xingrg/javascript/easyui/themes/default/validatebox.css HTTP/1.1" 404 1104
124.78.153.86 - - [19/Nov/2021:10:18:46 +0800] "GET /xingrg/check_reg.html?_=1637288322314 HTTP/1.1" 200 22
124.78.153.86 - - [19/Nov/2021:10:18:46 +0800] "GET /xingrg/all/function/internal_message.html?_=1637288322312&CODE_STATE=getMsg HTTP/1.1" 200 27
180.157.253.6 - - [19/Nov/2021:10:18:46 +0800] "GET /xingrg/kc/buy/cgsh_order_operate.html?command=get_materiel&rest_code=00148&code=00101007061&supplier_code=00100004&order_time=2021-11-19 HTTP/1.1" 200 409
116.232.52.153 - - [19/Nov/2021:10:18:47 +0800] "GET /xingrg/all/function/internal_message.html?_=1637288326034&CODE_STATE=getMsg HTTP/1.1" 200 27
172.20.0.100 - - [19/Nov/2021:10:18:48 +0800] "POST /xingrg/dwr/call/plaincall/AjaxBaseInfoService.saveMateriel.dwr HTTP/1.1" 200 108
172.20.0.100 - - [19/Nov/2021:10:18:48 +0800] "POST /xingrg/dwr/call/plaincall/AjaxBaseInfoService.getMateriels.dwr HTTP/1.1" 200 3025
120.253.135.82 - - [19/Nov/2021:10:18:49 +0800] "GET /xingrg/check_reg.html?_=1637288101930 HTTP/1.1" 200 22
172.20.0.100 - - [19/Nov/2021:10:18:51 +0800] "GET /xingrg/system/info/materiel_info.html?code=00102035&isAdd=1 HTTP/1.1" 200 35859
172.20.0.100 - - [19/Nov/2021:10:18:51 +0800] "GET /xingrg/dwr/interface/AjaxBaseInfoService.js HTTP/1.1" 200 21363
172.20.0.100 - - [19/Nov/2021:10:18:51 +0800] "GET /xingrg/dwr/interface/AjaxGetFirstChart.js HTTP/1.1" 200 631
172.20.0.100 - - [19/Nov/2021:10:18:51 +0800] "GET /xingrg/dwr/interface/AjaxComOrderService.js HTTP/1.1" 200 18264
172.20.0.100 - - [19/Nov/2021:10:18:51 +0800] "GET /xingrg/dwr/engine.js HTTP/1.1" 200 43631
180.174.250.202 - - [19/Nov/2021:10:18:51 +0800] "GET /xingrg/kc/buy/cgsh_order_operate.html?command=get_materiel&rest_code=00102&code=00101001115&supplier_code=00100089&order_time=2021-11-18 HTTP/1.1" 200 413
172.20.0.100 - - [19/Nov/2021:10:18:51 +0800] "POST /xingrg/all/common/load_tree.html?tree=area_rest_tree_json HTTP/1.1" 200 3472
172.20.0.100 - - [19/Nov/2021:10:18:51 +0800] "POST /xingrg/dwr/call/plaincall/AjaxBaseInfoService.getMaterielInfo.dwr HTTP/1.1" 200 217
172.20.0.100 - - [19/Nov/2021:10:18:52 +0800] "POST /xingrg/all/common/load_tree.html?tree=area_rest_tree_json&defaultRests=undefined HTTP/1.1" 200 3472
120.253.135.82 - - [19/Nov/2021:10:18:52 +0800] "GET /xingrg/all/function/internal_message.html?_=1637288104861&CODE_STATE=getMsg HTTP/1.1" 200 27
116.227.210.113 - - [19/Nov/2021:10:18:53 +0800] "GET /xingrg/kc/buy/cgsh_order_operate.html?command=get_materiel&rest_code=00155&code=00101011001&supplier_code=00100037&order_time=2021-11-19 HTTP/1.1" 200 423
180.169.147.146 - - [19/Nov/2021:10:18:53 +0800] "GET /xingrg/all/function/internal_message.html?_=1637288333192&CODE_STATE=getMsg HTTP/1.1" 200 27
172.20.0.100 - - [19/Nov/2021:10:18:54 +0800] "POST /xingrg/dwr/call/plaincall/AjaxGetFirstChart.getFirstChart.dwr HTTP/1.1" 200 83
58.39.139.200 - - [19/Nov/2021:10:18:55 +0800] "GET /xingrg/all/function/internal_message.html?_=1637288335820&CODE_STATE=getMsg HTTP/1.1" 200 27
58.39.139.200 - - [19/Nov/2021:10:18:55 +0800] "GET /xingrg/check_reg.html?_=1637288335823 HTTP/1.1" 200 22
58.37.231.44 - - [19/Nov/2021:10:18:56 +0800] "GET /xingrg/all/function/internal_message.html?_=1637288162603&CODE_STATE=getMsg HTTP/1.1" 200 27
172.20.0.100 - - [19/Nov/2021:10:18:56 +0800] "POST /xingrg/dwr/call/plaincall/AjaxBaseInfoService.changeUnitGroup.dwr HTTP/1.1" 200 243
116.227.210.113 - - [19/Nov/2021:10:18:57 +0800] "GET /xingrg/all/function/internal_message.html?_=1637288334179&CODE_STATE=getMsg HTTP/1.1" 200 27
172.20.0.100 - - [19/Nov/2021:10:18:59 +0800] "POST /xingrg/dwr/call/plaincall/AjaxBaseInfoService.saveMateriel.dwr HTTP/1.1" 200 108
172.20.0.100 - - [19/Nov/2021:10:18:59 +0800] "POST /xingrg/dwr/call/plaincall/AjaxBaseInfoService.getMateriels.dwr HTTP/1.1" 200 3026
180.174.250.202 - - [19/Nov/2021:10:19:02 +0800] "POST /xingrg/kc/buy/cgsh_order_operate.html HTTP/1.1" 200 37
180.157.253.6 - - [19/Nov/2021:10:19:02 +0800] "GET /xingrg/kc/buy/cgsh_order_operate.html?command=get_materiel&rest_code=00148&code=00101007049&supplier_code=00100004&order_time=2021-11-19 HTTP/1.1" 200 409
172.20.0.100 - - [19/Nov/2021:10:19:03 +0800] "GET /xingrg/all/function/internal_message.html?_=1637288341506&CODE_STATE=getMsg HTTP/1.1" 200 27
116.227.210.113 - - [19/Nov/2021:10:19:04 +0800] "GET /xingrg/kc/buy/cgsh_order_operate.html?command=get_materiel&rest_code=00155&code=00101016025&supplier_code=00100037&order_time=2021-11-19 HTTP/1.1" 200 408
116.235.93.2 - - [19/Nov/2021:10:19:04 +0800] "GET /xingrg/all/function/internal_message.html?_=1637288824435&CODE_STATE=getMsg HTTP/1.1" 200 27
180.157.253.6 - - [19/Nov/2021:10:19:05 +0800] "GET /xingrg/all/function/internal_message.html?_=1637288344176&CODE_STATE=getMsg HTTP/1.1" 200 27
120.253.135.82 - - [19/Nov/2021:10:19:09 +0800] "POST /xingrg/kc/pszx/mdps_order_operate.html HTTP/1.1" 200 37
180.174.250.202 - - [19/Nov/2021:10:19:09 +0800] "GET /xingrg/check_reg.html?_=1637288350529 HTTP/1.1" 200 22
180.174.250.202 - - [19/Nov/2021:10:19:09 +0800] "GET /xingrg/all/function/internal_message.html?_=1637288350525&CODE_STATE=getMsg HTTP/1.1" 200 27
180.157.253.6 - - [19/Nov/2021:10:19:09 +0800] "GET /xingrg/kc/buy/cgsh_order_operate.html?command=get_materiel&rest_code=00148&code=00101007081&supplier_code=00100004&order_time=2021-11-19 HTTP/1.1" 200 413
180.174.250.202 - - [19/Nov/2021:10:19:10 +0800] "POST /xingrg/kc/buy/cgsh_order_operate.html HTTP/1.1" 200 12
222.70.176.97 - - [19/Nov/2021:10:19:11 +0800] "GET /xingrg/all/function/internal_message.html?_=1637288347360&CODE_STATE=getMsg HTTP/1.1" 200 27
120.253.135.82 - - [19/Nov/2021:10:19:11 +0800] "GET /xingrg/kc/pszx/mdps_order_info.html?code=312021111900487 HTTP/1.1" 200 23931
120.253.135.82 - - [19/Nov/2021:10:19:12 +0800] "GET /xingrg/words/20211119101859_words.js HTTP/1.1" 200 873237
116.238.248.233 - - [19/Nov/2021:10:19:12 +0800] "GET /xingrg/all/function/internal_message.html?_=1637288349607&CODE_STATE=getMsg HTTP/1.1" 200 27
180.174.250.202 - - [19/Nov/2021:10:19:12 +0800] "GET /xingrg/kc/buy/cgsh_order_info.html?code=212021111907944 HTTP/1.1" 200 59788
180.174.250.202 - - [19/Nov/2021:10:19:12 +0800] "GET /xingrg/words/20211119101859_words.js HTTP/1.1" 200 873237
120.253.135.82 - - [19/Nov/2021:10:19:12 +0800] "GET /xingrg/javascript/easyui/themes/default/validatebox.css HTTP/1.1" 404 1104
180.174.250.202 - - [19/Nov/2021:10:19:13 +0800] "GET /xingrg/javascript/easyui/themes/default/validatebox.css HTTP/1.1" 404 1104
120.253.135.82 - - [19/Nov/2021:10:19:13 +0800] "POST /xingrg/kc/pszx/mdps_order_operate.html HTTP/1.1" 200 2279
180.174.250.202 - - [19/Nov/2021:10:19:14 +0800] "POST /xingrg/kc/buy/cgsh_order_operate.html HTTP/1.1" 200 611
180.174.250.202 - - [19/Nov/2021:10:19:15 +0800] "GET /xingrg/kc/print/load_data.html?order_code=212021111907944&kc_code=cgsh HTTP/1.1" 200 780
116.227.210.113 - - [19/Nov/2021:10:19:15 +0800] "GET /xingrg/kc/buy/cgsh_order_operate.html?command=get_materiel&rest_code=00155&code=00101009057&supplier_code=00100037&order_time=2021-11-19 HTTP/1.1" 200 408
180.174.250.202 - - [19/Nov/2021:10:19:18 +0800] "GET /xingrg/kc/print/load_data.html?order_code=212021111907944&kc_code=cgsh&condition= HTTP/1.1" 200 780
120.253.135.82 - - [19/Nov/2021:10:19:19 +0800] "POST /xingrg/kc/pszx/mdps_list_operate.html HTTP/1.1" 200 1692
180.174.250.202 - - [19/Nov/2021:10:19:22 +0800] "GET /xingrg/kc/buy/cgsh_order_add.html HTTP/1.1" 200 64877
180.174.250.202 - - [19/Nov/2021:10:19:22 +0800] "POST /xingrg/kc/buy/cgsh_order_operate.html HTTP/1.1" 200 8245
180.174.250.202 - - [19/Nov/2021:10:19:22 +0800] "GET /xingrg/javascript/easyui/themes/default/validatebox.css HTTP/1.1" 404 1104
222.69.132.206 - - [19/Nov/2021:10:19:24 +0800] "GET /xingrg/all/function/internal_message.html?_=1637288361546&CODE_STATE=getMsg HTTP/1.1" 200 27
120.253.135.82 - - [19/Nov/2021:10:19:27 +0800] "GET /xingrg/all/function/internal_message.html?_=1637288311906&CODE_STATE=getMsg HTTP/1.1" 200 27
116.227.210.113 - - [19/Nov/2021:10:19:28 +0800] "GET /xingrg/kc/buy/cgsh_order_operate.html?command=get_materiel&rest_code=00155&code=00101013168&supplier_code=00100037&order_time=2021-11-19 HTTP/1.1" 200 413
172.20.0.100 - - [19/Nov/2021:10:19:30 +0800] "POST /xingrg/dwr/call/plaincall/AjaxGetFirstChart.getFirstChart.dwr HTTP/1.1" 200 83
180.157.253.6 - - [19/Nov/2021:10:19:31 +0800] "GET /xingrg/kc/buy/cgsh_order_operate.html?command=get_materiel&rest_code=00148&code=00101007077&supplier_code=00100004&order_time=2021-11-19 HTTP/1.1" 200 415
180.174.250.202 - - [19/Nov/2021:10:19:31 +0800] "GET /xingrg/kc/buy/cgsh_order_operate.html?command=get_materiel&rest_code=00102&code=00101010282&supplier_code=00100324&order_time=2021-11-18 HTTP/1.1" 200 415
114.85.125.222 - - [19/Nov/2021:10:19:32 +0800] "GET /xingrg/all/function/internal_message.html?_=1637288349176&CODE_STATE=getMsg HTTP/1.1" 200 27
120.253.135.82 - - [19/Nov/2021:10:19:33 +0800] "POST /xingrg/kc/pszx/mdps_list_operate.html HTTP/1.1" 200 868
172.20.0.100 - - [19/Nov/2021:10:19:33 +0800] "POST /xingrg/dwr/call/plaincall/AjaxBaseInfoService.saveMateriel.dwr HTTP/1.1" 200 108
172.20.0.100 - - [19/Nov/2021:10:19:33 +0800] "POST /xingrg/dwr/call/plaincall/AjaxBaseInfoService.getMateriels.dwr HTTP/1.1" 200 3026
180.174.250.202 - - [19/Nov/2021:10:19:34 +0800] "GET /xingrg/all/function/internal_message.html?_=1637288368069&CODE_STATE=getMsg HTTP/1.1" 200 27
116.235.93.2 - - [19/Nov/2021:10:19:34 +0800] "GET /xingrg/check_reg.html?_=1637288855275 HTTP/1.1" 200 22
222.70.171.86 - - [19/Nov/2021:10:19:35 +0800] "GET /xingrg/all/function/internal_message.html?_=1637288371935&CODE_STATE=getMsg HTTP/1.1" 200 27
172.20.0.100 - - [19/Nov/2021:10:19:35 +0800] "GET /xingrg/system/info/materiel_info.html?code=00102035&isAdd=1 HTTP/1.1" 200 35859
172.20.0.100 - - [19/Nov/2021:10:19:35 +0800] "GET /xingrg/dwr/interface/AjaxBaseInfoService.js HTTP/1.1" 200 21363
172.20.0.100 - - [19/Nov/2021:10:19:35 +0800] "GET /xingrg/dwr/interface/AjaxComOrderService.js HTTP/1.1" 200 18264
172.20.0.100 - - [19/Nov/2021:10:19:35 +0800] "GET /xingrg/dwr/interface/AjaxGetFirstChart.js HTTP/1.1" 200 631
172.20.0.100 - - [19/Nov/2021:10:19:35 +0800] "GET /xingrg/dwr/engine.js HTTP/1.1" 200 43631
172.20.0.100 - - [19/Nov/2021:10:19:36 +0800] "POST /xingrg/all/common/load_tree.html?tree=area_rest_tree_json HTTP/1.1" 200 3472
172.20.0.100 - - [19/Nov/2021:10:19:36 +0800] "POST /xingrg/dwr/call/plaincall/AjaxBaseInfoService.getMaterielInfo.dwr HTTP/1.1" 200 217
172.20.0.100 - - [19/Nov/2021:10:19:36 +0800] "POST /xingrg/all/common/load_tree.html?tree=area_rest_tree_json&defaultRests=undefined HTTP/1.1" 200 3472
120.253.135.82 - - [19/Nov/2021:10:19:37 +0800] "GET /xingrg/kc/pszx/mdps_order_add.html HTTP/1.1" 200 29111
120.253.135.82 - - [19/Nov/2021:10:19:37 +0800] "GET /xingrg/words/20211119101933_words.js HTTP/1.1" 200 873303
120.253.135.82 - - [19/Nov/2021:10:19:37 +0800] "POST /xingrg/kc/pszx/mdps_order_operate.html HTTP/1.1" 200 7126
120.253.135.82 - - [19/Nov/2021:10:19:38 +0800] "GET /xingrg/javascript/easyui/themes/default/validatebox.css HTTP/1.1" 404 1104
180.169.147.146 - - [19/Nov/2021:10:19:38 +0800] "GET /xingrg/all/function/internal_message.html?_=1637288380306&CODE_STATE=getMsg HTTP/1.1" 200 27
172.20.0.100 - - [19/Nov/2021:10:19:40 +0800] "POST /xingrg/dwr/call/plaincall/AjaxBaseInfoService.searchMateriels.dwr HTTP/1.1" 200 893
180.174.250.202 - - [19/Nov/2021:10:19:42 +0800] "POST /xingrg/kc/buy/cgsh_order_operate.html HTTP/1.1" 200 37
180.157.253.6 - - [19/Nov/2021:10:19:42 +0800] "GET /xingrg/kc/buy/cgsh_order_operate.html?command=get_materiel&rest_code=00148&code=00101007190&supplier_code=00100004&order_time=2021-11-19 HTTP/1.1" 200 396
116.227.210.113 - - [19/Nov/2021:10:19:43 +0800] "GET /xingrg/kc/buy/cgsh_order_operate.html?command=get_materiel&rest_code=00155&code=00101007051&supplier_code=00100037&order_time=2021-11-19 HTTP/1.1" 200 412
120.253.135.82 - - [19/Nov/2021:10:19:43 +0800] "POST /xingrg/all/common/load_combo.html?type=base HTTP/1.1" 200 1075
172.20.0.100 - - [19/Nov/2021:10:19:46 +0800] "POST /xingrg/dwr/call/plaincall/AjaxBaseInfoService.deleteMateriel.dwr HTTP/1.1" 200 79
124.78.153.86 - - [19/Nov/2021:10:19:46 +0800] "GET /xingrg/all/function/internal_message.html?_=1637288382314&CODE_STATE=getMsg HTTP/1.1" 200 27
116.232.52.153 - - [19/Nov/2021:10:19:47 +0800] "GET /xingrg/all/function/internal_message.html?_=1637288386036&CODE_STATE=getMsg HTTP/1.1" 200 27
180.174.250.202 - - [19/Nov/2021:10:19:48 +0800] "POST /xingrg/kc/buy/cgsh_order_operate.html HTTP/1.1" 200 12
180.169.147.146 - - [19/Nov/2021:10:19:51 +0800] "GET /xingrg/check_reg.html?_=1637288390017 HTTP/1.1" 302 -
120.253.135.82 - - [19/Nov/2021:10:19:52 +0800] "GET /xingrg/all/function/internal_message.html?_=1637288164874&CODE_STATE=getMsg HTTP/1.1" 200 27
180.157.253.6 - - [19/Nov/2021:10:19:52 +0800] "POST /xingrg/kc/buy/cgsh_order_operate.html HTTP/1.1" 200 37
180.169.147.146 - - [19/Nov/2021:10:19:53 +0800] "GET /xingrg/all/function/internal_message.html?_=1637288393207&CODE_STATE=getMsg HTTP/1.1" 200 27
180.157.253.6 - - [19/Nov/2021:10:19:53 +0800] "POST /xingrg/kc/buy/cgsh_order_operate.html HTTP/1.1" 200 5618
180.174.250.202 - - [19/Nov/2021:10:19:54 +0800] "GET /xingrg/kc/buy/cgsh_order_info.html?code=212021111907945 HTTP/1.1" 200 59790
180.174.250.202 - - [19/Nov/2021:10:19:54 +0800] "GET /xingrg/words/20211119101946_words.js HTTP/1.1" 200 873237
180.157.253.6 - - [19/Nov/2021:10:19:55 +0800] "GET /xingrg/kc/print/load_data.html?order_code=212021111907946&kc_code=cgsh&condition= HTTP/1.1" 200 1858
180.174.250.202 - - [19/Nov/2021:10:19:55 +0800] "GET /xingrg/javascript/easyui/themes/default/validatebox.css HTTP/1.1" 404 1104
58.39.139.200 - - [19/Nov/2021:10:19:55 +0800] "GET /xingrg/all/function/internal_message.html?_=1637288395822&CODE_STATE=getMsg HTTP/1.1" 200 27
180.174.250.202 - - [19/Nov/2021:10:19:55 +0800] "POST /xingrg/kc/buy/cgsh_order_operate.html HTTP/1.1" 200 610
58.37.231.44 - - [19/Nov/2021:10:19:55 +0800] "GET /xingrg/all/function/internal_message.html?_=1637288222581&CODE_STATE=getMsg HTTP/1.1" 200 27
58.37.231.44 - - [19/Nov/2021:10:19:56 +0800] "GET /xingrg/check_reg.html?_=1637288222896 HTTP/1.1" 200 22
180.174.250.202 - - [19/Nov/2021:10:19:57 +0800] "GET /xingrg/kc/print/load_data.html?order_code=212021111907945&kc_code=cgsh&condition= HTTP/1.1" 200 699
116.227.210.113 - - [19/Nov/2021:10:19:57 +0800] "GET /xingrg/all/function/internal_message.html?_=1637288394203&CODE_STATE=getMsg HTTP/1.1" 200 27
116.235.93.2 - - [19/Nov/2021:10:19:59 +0800] "GET /xingrg/check_reg.html?_=1637288508502 HTTP/1.1" 302 -
180.157.253.6 - - [19/Nov/2021:10:19:59 +0800] "GET /xingrg/kc/buy/cgsh_order_add.html HTTP/1.1" 200 64871
180.157.253.6 - - [19/Nov/2021:10:19:59 +0800] "GET /xingrg/words/20211119101946_words.js HTTP/1.1" 200 873237
180.157.253.6 - - [19/Nov/2021:10:20:00 +0800] "POST /xingrg/kc/buy/cgsh_order_operate.html HTTP/1.1" 200 8245
180.157.253.6 - - [19/Nov/2021:10:20:00 +0800] "GET /xingrg/javascript/easyui/themes/default/validatebox.css HTTP/1.1" 404 1104
180.174.250.202 - - [19/Nov/2021:10:20:00 +0800] "GET /xingrg/kc/buy/cgsh_order_add.html HTTP/1.1" 200 64877
180.174.250.202 - - [19/Nov/2021:10:20:01 +0800] "POST /xingrg/kc/buy/cgsh_order_operate.html HTTP/1.1" 200 8245
180.174.250.202 - - [19/Nov/2021:10:20:01 +0800] "GET /xingrg/javascript/easyui/themes/default/validatebox.css HTTP/1.1" 404 1104
172.20.0.100 - - [19/Nov/2021:10:20:03 +0800] "GET /xingrg/all/function/internal_message.html?_=1637288401487&CODE_STATE=getMsg HTTP/1.1" 200 27
116.235.93.2 - - [19/Nov/2021:10:20:04 +0800] "GET /xingrg/all/function/internal_message.html?_=1637288884440&CODE_STATE=getMsg HTTP/1.1" 200 27
180.157.253.6 - - [19/Nov/2021:10:20:05 +0800] "GET /xingrg/all/function/internal_message.html?_=1637288404174&CODE_STATE=getMsg HTTP/1.1" 200 27
180.174.250.202 - - [19/Nov/2021:10:20:08 +0800] "GET /xingrg/kc/buy/cgsh_order_operate.html?command=get_materiel&rest_code=00102&code=00101005036&supplier_code=00100334&order_time=2021-11-18 HTTP/1.1" 200 409
180.174.250.202 - - [19/Nov/2021:10:20:09 +0800] "GET /xingrg/all/function/internal_message.html?_=1637288410537&CODE_STATE=getMsg HTTP/1.1" 200 27
120.253.135.82 - - [19/Nov/2021:10:20:09 +0800] "GET /xingrg/kc/pszx/mdps_order_operate.html?command=get_materiel&pszx_code=00101&rest_code=00104&base_code=0010246&code=00101006037 HTTP/1.1" 200 436
222.70.176.97 - - [19/Nov/2021:10:20:11 +0800] "GET /xingrg/all/function/internal_message.html?_=1637288407344&CODE_STATE=getMsg HTTP/1.1" 200 27
116.238.248.233 - - [19/Nov/2021:10:20:12 +0800] "GET /xingrg/all/function/internal_message.html?_=1637288409624&CODE_STATE=getMsg HTTP/1.1" 200 27
180.174.250.202 - - [19/Nov/2021:10:20:17 +0800] "POST /xingrg/kc/buy/cgsh_order_operate.html HTTP/1.1" 200 37
180.157.253.6 - - [19/Nov/2021:10:20:19 +0800] "GET /xingrg/kc/buy/cgsh_order_operate.html?command=get_materiel&rest_code=00148&code=00101006055&supplier_code=00100010&order_time=2021-11-19 HTTP/1.1" 200 409
120.253.135.82 - - [19/Nov/2021:10:20:20 +0800] "POST /xingrg/kc/pszx/mdps_order_operate.html HTTP/1.1" 200 37
120.253.135.82 - - [19/Nov/2021:10:20:22 +0800] "GET /xingrg/kc/pszx/mdps_order_info.html?code=312021111900488 HTTP/1.1" 200 23937
120.253.135.82 - - [19/Nov/2021:10:20:23 +0800] "GET /xingrg/words/20211119101946_words.js HTTP/1.1" 200 873237
120.253.135.82 - - [19/Nov/2021:10:20:23 +0800] "GET /xingrg/javascript/easyui/themes/default/validatebox.css HTTP/1.1" 404 1104
222.69.132.206 - - [19/Nov/2021:10:20:24 +0800] "GET /xingrg/all/function/internal_message.html?_=1637288421545&CODE_STATE=getMsg HTTP/1.1" 200 27
180.174.250.202 - - [19/Nov/2021:10:20:24 +0800] "POST /xingrg/kc/buy/cgsh_order_operate.html HTTP/1.1" 200 12
120.253.135.82 - - [19/Nov/2021:10:20:24 +0800] "POST /xingrg/kc/pszx/mdps_order_operate.html HTTP/1.1" 200 2279
116.227.210.113 - - [19/Nov/2021:10:20:25 +0800] "GET /xingrg/kc/buy/cgsh_order_operate.html?command=get_materiel&rest_code=00155&code=00101029033&supplier_code=00100037&order_time=2021-11-19 HTTP/1.1" 200 454
120.253.135.82 - - [19/Nov/2021:10:20:26 +0800] "POST /xingrg/kc/pszx/mdps_list_operate.html HTTP/1.1" 200 1701
180.174.250.202 - - [19/Nov/2021:10:20:26 +0800] "GET /xingrg/kc/buy/cgsh_order_info.html?code=212021111907947 HTTP/1.1" 200 59790
180.174.250.202 - - [19/Nov/2021:10:20:27 +0800] "GET /xingrg/javascript/easyui/themes/default/validatebox.css HTTP/1.1" 404 1104
120.253.135.82 - - [19/Nov/2021:10:20:27 +0800] "GET /xingrg/all/function/internal_message.html?_=1637288371920&CODE_STATE=getMsg HTTP/1.1" 200 27
180.174.250.202 - - [19/Nov/2021:10:20:27 +0800] "POST /xingrg/kc/buy/cgsh_order_operate.html HTTP/1.1" 200 603
180.174.250.202 - - [19/Nov/2021:10:20:29 +0800] "GET /xingrg/kc/print/load_data.html?order_code=212021111907947&kc_code=cgsh&condition= HTTP/1.1" 200 704
120.253.135.82 - - [19/Nov/2021:10:20:30 +0800] "GET /xingrg/kc/buy/cgsh_order_list.html HTTP/1.1" 200 49136
120.253.135.82 - - [19/Nov/2021:10:20:31 +0800] "POST /xingrg/kc/buy/cgsh_list_operate.html HTTP/1.1" 200 876
180.157.253.6 - - [19/Nov/2021:10:20:31 +0800] "GET /xingrg/kc/buy/cgsh_order_operate.html?command=get_materiel&rest_code=00148&code=00101006144&supplier_code=00100010&order_time=2021-11-19 HTTP/1.1" 200 409
180.174.250.202 - - [19/Nov/2021:10:20:32 +0800] "GET /xingrg/kc/buy/cgsh_order_add.html HTTP/1.1" 200 64877
114.85.125.222 - - [19/Nov/2021:10:20:32 +0800] "GET /xingrg/all/function/internal_message.html?_=1637288409244&CODE_STATE=getMsg HTTP/1.1" 200 27
180.174.250.202 - - [19/Nov/2021:10:20:32 +0800] "POST /xingrg/kc/buy/cgsh_order_operate.html HTTP/1.1" 200 8245
180.174.250.202 - - [19/Nov/2021:10:20:33 +0800] "GET /xingrg/javascript/easyui/themes/default/validatebox.css HTTP/1.1" 404 1104
120.253.135.82 - - [19/Nov/2021:10:20:34 +0800] "GET /xingrg/kc/buy/cgsh_order_add.html HTTP/1.1" 200 63935
180.174.250.202 - - [19/Nov/2021:10:20:34 +0800] "GET /xingrg/all/function/internal_message.html?_=1637288428083&CODE_STATE=getMsg HTTP/1.1" 200 27
120.253.135.82 - - [19/Nov/2021:10:20:34 +0800] "POST /xingrg/kc/buy/cgsh_order_operate.html HTTP/1.1" 200 8245
120.253.135.82 - - [19/Nov/2021:10:20:34 +0800] "GET /xingrg/javascript/easyui/themes/default/validatebox.css HTTP/1.1" 404 1104
222.70.171.86 - - [19/Nov/2021:10:20:35 +0800] "GET /xingrg/all/function/internal_message.html?_=1637288431948&CODE_STATE=getMsg HTTP/1.1" 200 27
180.169.147.146 - - [19/Nov/2021:10:20:38 +0800] "GET /xingrg/all/function/internal_message.html?_=1637288440304&CODE_STATE=getMsg HTTP/1.1" 200 27
180.169.147.146 - - [19/Nov/2021:10:20:38 +0800] "GET /xingrg/check_reg.html?_=1637288440305 HTTP/1.1" 200 22
120.253.135.82 - - [19/Nov/2021:10:20:40 +0800] "POST /xingrg/all/common/load_combo.html?type=employee HTTP/1.1" 200 2101
172.20.0.100 - - [19/Nov/2021:10:20:43 +0800] "GET /xingrg/check_reg.html?_=1637288432985 HTTP/1.1" 302 -
124.78.153.86 - - [19/Nov/2021:10:20:46 +0800] "GET /xingrg/all/function/internal_message.html?_=1637288442314&CODE_STATE=getMsg HTTP/1.1" 200 27
116.227.210.113 - - [19/Nov/2021:10:20:46 +0800] "POST /xingrg/kc/buy/cgsh_order_operate.html HTTP/1.1" 200 37
116.232.52.153 - - [19/Nov/2021:10:20:47 +0800] "GET /xingrg/all/function/internal_message.html?_=1637288446038&CODE_STATE=getMsg HTTP/1.1" 200 27
116.232.52.153 - - [19/Nov/2021:10:20:47 +0800] "GET /xingrg/check_reg.html?_=1637288446040 HTTP/1.1" 200 22
114.85.125.222 - - [19/Nov/2021:10:20:52 +0800] "POST /xingrg/kc/buy/cgsh_order_operate.html HTTP/1.1" 200 37
116.227.210.113 - - [19/Nov/2021:10:20:52 +0800] "POST /xingrg/kc/buy/cgsh_order_operate.html HTTP/1.1" 200 11006
120.253.135.82 - - [19/Nov/2021:10:20:52 +0800] "GET /xingrg/all/function/internal_message.html?_=1637288224888&CODE_STATE=getMsg HTTP/1.1" 200 27
180.174.250.202 - - [19/Nov/2021:10:20:52 +0800] "GET /xingrg/kc/buy/cgsh_order_operate.html?command=get_materiel&rest_code=00102&code=00101006001&supplier_code=00100496&order_time=2021-11-18 HTTP/1.1" 200 448
180.169.147.146 - - [19/Nov/2021:10:20:53 +0800] "GET /xingrg/all/function/internal_message.html?_=1637288453230&CODE_STATE=getMsg HTTP/1.1" 200 27
114.85.125.222 - - [19/Nov/2021:10:20:54 +0800] "POST /xingrg/kc/buy/cgsh_order_operate.html HTTP/1.1" 200 28737
116.227.210.113 - - [19/Nov/2021:10:20:55 +0800] "GET /xingrg/kc/print/load_data.html?order_code=212021111907948&kc_code=cgsh&condition= HTTP/1.1" 200 3922
58.39.139.200 - - [19/Nov/2021:10:20:55 +0800] "GET /xingrg/all/function/internal_message.html?_=1637288455822&CODE_STATE=getMsg HTTP/1.1" 200 27
58.37.231.44 - - [19/Nov/2021:10:20:55 +0800] "GET /xingrg/all/function/internal_message.html?_=1637288282553&CODE_STATE=getMsg HTTP/1.1" 200 27
116.227.210.113 - - [19/Nov/2021:10:20:57 +0800] "GET /xingrg/all/function/internal_message.html?_=1637288454195&CODE_STATE=getMsg HTTP/1.1" 200 27
180.157.253.6 - - [19/Nov/2021:10:21:02 +0800] "GET /xingrg/kc/buy/cgsh_order_operate.html?command=get_materiel&rest_code=00148&code=00101006068&supplier_code=00100010&order_time=2021-11-19 HTTP/1.1" 200 409
172.20.0.100 - - [19/Nov/2021:10:21:03 +0800] "GET /xingrg/all/function/internal_message.html?_=1637288461495&CODE_STATE=getMsg HTTP/1.1" 200 27
116.235.93.2 - - [19/Nov/2021:10:21:04 +0800] "GET /xingrg/all/function/internal_message.html?_=1637288944456&CODE_STATE=getMsg HTTP/1.1" 200 27
180.174.250.202 - - [19/Nov/2021:10:21:04 +0800] "POST /xingrg/kc/buy/cgsh_order_operate.html HTTP/1.1" 200 37
180.157.253.6 - - [19/Nov/2021:10:21:05 +0800] "GET /xingrg/all/function/internal_message.html?_=1637288464173&CODE_STATE=getMsg HTTP/1.1" 200 27
180.157.253.6 - - [19/Nov/2021:10:21:05 +0800] "GET /xingrg/check_reg.html?_=1637288464176 HTTP/1.1" 200 22
120.253.135.82 - - [19/Nov/2021:10:21:06 +0800] "POST /xingrg/kc/buy/cgsh_order_operate.html HTTP/1.1" 200 37
120.253.135.82 - - [19/Nov/2021:10:21:09 +0800] "POST /xingrg/kc/buy/cgsh_order_operate.html HTTP/1.1" 200 2669
180.174.250.202 - - [19/Nov/2021:10:21:09 +0800] "GET /xingrg/all/function/internal_message.html?_=1637288470524&CODE_STATE=getMsg HTTP/1.1" 200 27
180.174.250.202 - - [19/Nov/2021:10:21:10 +0800] "POST /xingrg/kc/buy/cgsh_order_operate.html HTTP/1.1" 200 12
120.253.135.82 - - [19/Nov/2021:10:21:11 +0800] "GET /xingrg/kc/print/load_data.html?order_code=212021111907950&kc_code=cgsh&condition= HTTP/1.1" 200 665
222.70.176.97 - - [19/Nov/2021:10:21:11 +0800] "GET /xingrg/all/function/internal_message.html?_=1637288467318&CODE_STATE=getMsg HTTP/1.1" 200 27
116.238.248.233 - - [19/Nov/2021:10:21:12 +0800] "GET /xingrg/all/function/internal_message.html?_=1637288469623&CODE_STATE=getMsg HTTP/1.1" 200 27
116.238.248.233 - - [19/Nov/2021:10:21:12 +0800] "GET /xingrg/check_reg.html?_=1637288469625 HTTP/1.1" 200 22
180.174.250.202 - - [19/Nov/2021:10:21:12 +0800] "GET /xingrg/kc/buy/cgsh_order_info.html?code=212021111907949 HTTP/1.1" 200 59792
180.174.250.202 - - [19/Nov/2021:10:21:13 +0800] "GET /xingrg/javascript/easyui/themes/default/validatebox.css HTTP/1.1" 404 1104
180.174.250.202 - - [19/Nov/2021:10:21:13 +0800] "POST /xingrg/kc/buy/cgsh_order_operate.html HTTP/1.1" 200 622
180.157.253.6 - - [19/Nov/2021:10:21:14 +0800] "GET /xingrg/kc/buy/cgsh_order_operate.html?command=get_materiel&rest_code=00148&code=00101006065&supplier_code=00100010&order_time=2021-11-19 HTTP/1.1" 200 409
116.232.52.153 - - [19/Nov/2021:10:21:14 +0800] "GET /favicon.ico HTTP/1.1" 404 -
180.174.250.202 - - [19/Nov/2021:10:21:16 +0800] "GET /xingrg/kc/print/load_data.html?order_code=212021111907949&kc_code=cgsh HTTP/1.1" 200 724
124.78.153.86 - - [19/Nov/2021:10:21:18 +0800] "POST /xingrg/services/DataTransmitService HTTP/1.1" 200 524
180.174.250.202 - - [19/Nov/2021:10:21:18 +0800] "GET /xingrg/kc/print/load_data.html?order_code=212021111907949&kc_code=cgsh&condition= HTTP/1.1" 200 724
114.85.125.222 - - [19/Nov/2021:10:21:23 +0800] "GET /xingrg/kc/buy/cgsh_order_operate.html?command=get_materiel&rest_code=00150&code=00101008072&supplier_code=00100007&order_time=2021-11-19 HTTP/1.1" 200 408
180.174.250.202 - - [19/Nov/2021:10:21:23 +0800] "GET /xingrg/kc/buy/cgsh_order_add.html HTTP/1.1" 200 64877
180.174.250.202 - - [19/Nov/2021:10:21:24 +0800] "POST /xingrg/kc/buy/cgsh_order_operate.html HTTP/1.1" 200 8245
180.174.250.202 - - [19/Nov/2021:10:21:24 +0800] "GET /xingrg/javascript/easyui/themes/default/validatebox.css HTTP/1.1" 404 1104
222.69.132.206 - - [19/Nov/2021:10:21:24 +0800] "GET /xingrg/all/function/internal_message.html?_=1637288481556&CODE_STATE=getMsg HTTP/1.1" 200 27
120.253.135.82 - - [19/Nov/2021:10:21:27 +0800] "GET /xingrg/all/function/internal_message.html?_=1637288431951&CODE_STATE=getMsg HTTP/1.1" 200 27
180.174.250.202 - - [19/Nov/2021:10:21:31 +0800] "GET /xingrg/kc/buy/cgsh_order_operate.html?command=get_materiel&rest_code=00102&code=00101008203&supplier_code=00100323&order_time=2021-11-18 HTTP/1.1" 200 409
114.85.125.222 - - [19/Nov/2021:10:21:32 +0800] "GET /xingrg/all/function/internal_message.html?_=1637288469250&CODE_STATE=getMsg HTTP/1.1" 200 27
222.70.171.86 - - [19/Nov/2021:10:21:35 +0800] "GET /xingrg/all/function/internal_message.html?_=1637288491967&CODE_STATE=getMsg HTTP/1.1" 200 27
180.174.250.202 - - [19/Nov/2021:10:21:35 +0800] "GET /xingrg/all/function/internal_message.html?_=1637288488692&CODE_STATE=getMsg HTTP/1.1" 200 27
114.85.125.222 - - [19/Nov/2021:10:21:37 +0800] "GET /xingrg/kc/buy/cgsh_order_operate.html?command=get_materiel&rest_code=00150&code=00101008141&supplier_code=00100007&order_time=2021-11-19 HTTP/1.1" 200 412
180.169.147.146 - - [19/Nov/2021:10:21:38 +0800] "GET /xingrg/all/function/internal_message.html?_=1637288500304&CODE_STATE=getMsg HTTP/1.1" 200 27
124.78.153.86 - - [19/Nov/2021:10:21:46 +0800] "GET /xingrg/all/function/internal_message.html?_=1637288502315&CODE_STATE=getMsg HTTP/1.1" 200 27
116.232.52.153 - - [19/Nov/2021:10:21:47 +0800] "GET /xingrg/all/function/internal_message.html?_=1637288506040&CODE_STATE=getMsg HTTP/1.1" 200 27
114.85.125.222 - - [19/Nov/2021:10:21:49 +0800] "POST /xingrg/kc/buy/cgsh_order_operate.html HTTP/1.1" 200 37
180.174.250.202 - - [19/Nov/2021:10:21:50 +0800] "GET /xingrg/kc/buy/cgsh_order_operate.html?command=get_materiel&rest_code=00102&code=00101010163&supplier_code=00100323&order_time=2021-11-18 HTTP/1.1" 200 408
114.85.125.222 - - [19/Nov/2021:10:21:51 +0800] "POST /xingrg/kc/buy/cgsh_order_operate.html HTTP/1.1" 200 29915
120.253.135.82 - - [19/Nov/2021:10:21:52 +0800] "GET /xingrg/all/function/internal_message.html?_=1637288284997&CODE_STATE=getMsg HTTP/1.1" 200 27
180.169.147.146 - - [19/Nov/2021:10:21:53 +0800] "GET /xingrg/all/function/internal_message.html?_=1637288513235&CODE_STATE=getMsg HTTP/1.1" 200 27
