180.157.253.6 - - [18/Nov/2021:09:11:59 +0800] "GET /xingrg/kc/buy/cgsh_order_operate.html?command=get_materiel&rest_code=00148&code=00101008403&supplier_code=00100008&order_time=2021-11-18 HTTP/1.1" 200 412
114.85.125.222 - - [18/Nov/2021:09:12:01 +0800] "GET /xingrg/all/function/internal_message.html?_=1637197900155&CODE_STATE=getMsg HTTP/1.1" 200 27
180.169.147.146 - - [18/Nov/2021:09:12:02 +0800] "GET /xingrg/all/function/internal_message.html?_=1637197921551&CODE_STATE=getMsg HTTP/1.1" 200 27
222.69.129.93 - - [18/Nov/2021:09:12:02 +0800] "GET /xingrg/kc/buy/cgsh_order_operate.html?command=get_materiel&rest_code=00149&code=00101008370&supplier_code=00100005&order_time=2021-11-17 HTTP/1.1" 200 412
180.169.147.146 - - [18/Nov/2021:09:12:04 +0800] "GET /xingrg/all/function/internal_message.html?_=1637197925423&CODE_STATE=getMsg HTTP/1.1" 200 27
180.157.253.6 - - [18/Nov/2021:09:12:05 +0800] "GET /xingrg/kc/buy/cgsh_order_operate.html?command=get_materiel&rest_code=00148&code=00101008300&supplier_code=00100008&order_time=2021-11-18 HTTP/1.1" 200 412
180.157.253.6 - - [18/Nov/2021:09:12:10 +0800] "GET /xingrg/all/function/internal_message.html?_=1637197931361&CODE_STATE=getMsg HTTP/1.1" 200 27
116.235.93.2 - - [18/Nov/2021:09:12:10 +0800] "GET /xingrg/kc/buy/cgsh_order_operate.html?command=get_materiel&rest_code=00104&code=00101008357&supplier_code=00100005&order_time=2021-11-18 HTTP/1.1" 200 408
180.157.253.6 - - [18/Nov/2021:09:12:13 +0800] "POST /xingrg/kc/buy/cgsh_order_operate.html HTTP/1.1" 200 2065
116.235.93.2 - - [18/Nov/2021:09:12:13 +0800] "POST /xingrg/kc/buy/cgsh_order_operate.html HTTP/1.1" 200 2065
222.70.176.97 - - [18/Nov/2021:09:12:14 +0800] "GET /xingrg/all/function/internal_message.html?_=1637197931377&CODE_STATE=getMsg HTTP/1.1" 200 27
120.253.135.82 - - [18/Nov/2021:09:12:15 +0800] "GET /xingrg/all/function/internal_message.html?_=1637197707262&CODE_STATE=getMsg HTTP/1.1" 200 27
116.227.210.113 - - [18/Nov/2021:09:12:16 +0800] "GET /xingrg/all/function/internal_message.html?_=1637197911025&CODE_STATE=getMsg HTTP/1.1" 200 27
222.70.176.97 - - [18/Nov/2021:09:12:16 +0800] "GET /xingrg/kc/buy/cgsh_order_operate.html?command=get_materiel&rest_code=00111&code=00101008027&supplier_code=00100005&order_time=2021-11-18 HTTP/1.1" 200 408
222.69.129.93 - - [18/Nov/2021:09:12:19 +0800] "GET /xingrg/kc/buy/cgsh_order_operate.html?command=get_materiel&rest_code=00149&code=00101008361&supplier_code=00100005&order_time=2021-11-17 HTTP/1.1" 200 408
180.157.253.6 - - [18/Nov/2021:09:12:19 +0800] "GET /xingrg/kc/buy/cgsh_order_operate.html?command=get_materiel&rest_code=00148&code=00101008213&supplier_code=00100008&order_time=2021-11-18 HTTP/1.1" 200 412
116.235.93.2 - - [18/Nov/2021:09:12:20 +0800] "GET /xingrg/kc/buy/cgsh_order_operate.html?command=get_materiel&rest_code=00104&code=00101008069&supplier_code=00100005&order_time=2021-11-18 HTTP/1.1" 200 412
180.169.147.146 - - [18/Nov/2021:09:12:25 +0800] "GET /xingrg/check_reg.html?_=1637197947288 HTTP/1.1" 200 22
222.69.129.93 - - [18/Nov/2021:09:12:26 +0800] "GET /xingrg/all/function/internal_message.html?_=1637197945292&CODE_STATE=getMsg HTTP/1.1" 200 27
222.69.129.93 - - [18/Nov/2021:09:12:27 +0800] "GET /xingrg/kc/buy/cgsh_order_operate.html?command=get_materiel&rest_code=00149&code=00101008148&supplier_code=00100005&order_time=2021-11-17 HTTP/1.1" 200 416
222.70.171.86 - - [18/Nov/2021:09:12:34 +0800] "GET /xingrg/all/function/internal_message.html?_=1637197967227&CODE_STATE=getMsg HTTP/1.1" 200 27
180.157.253.6 - - [18/Nov/2021:09:12:35 +0800] "GET /xingrg/all/function/internal_message.html?_=1637197955161&CODE_STATE=getMsg HTTP/1.1" 200 27
116.238.248.233 - - [18/Nov/2021:09:12:36 +0800] "GET /xingrg/all/function/internal_message.html?_=1637197955028&CODE_STATE=getMsg HTTP/1.1" 200 27
180.157.253.6 - - [18/Nov/2021:09:12:37 +0800] "POST /xingrg/kc/buy/cgsh_order_operate.html HTTP/1.1" 200 37
180.169.147.146 - - [18/Nov/2021:09:12:37 +0800] "GET /xingrg/all/function/internal_message.html?_=1637197965310&CODE_STATE=getMsg HTTP/1.1" 200 27
222.70.176.97 - - [18/Nov/2021:09:12:38 +0800] "GET /xingrg/kc/buy/cgsh_order_operate.html?command=get_materiel&rest_code=00111&code=00101008244&supplier_code=00100005&order_time=2021-11-18 HTTP/1.1" 200 408
222.70.171.86 - - [18/Nov/2021:09:12:38 +0800] "GET /xingrg/all/function/internal_message.html?_=1637197968968&CODE_STATE=getMsg HTTP/1.1" 302 -
222.70.176.97 - - [18/Nov/2021:09:12:38 +0800] "GET /xingrg/kc/buy/cgsh_order_operate.html?command=get_materiel&rest_code=00111&code=00101008244&supplier_code=00100005&order_time=2021-11-18 HTTP/1.1" 200 408
116.235.93.2 - - [18/Nov/2021:09:12:38 +0800] "GET /xingrg/kc/buy/cgsh_order_operate.html?command=get_materiel&rest_code=00104&code=00101008286&supplier_code=00100005&order_time=2021-11-18 HTTP/1.1" 200 408
222.69.129.93 - - [18/Nov/2021:09:12:38 +0800] "GET /xingrg/kc/buy/cgsh_order_operate.html?command=get_materiel&rest_code=00149&code=00101008356&supplier_code=00100005&order_time=2021-11-17 HTTP/1.1" 200 408
180.157.253.6 - - [18/Nov/2021:09:12:39 +0800] "POST /xingrg/kc/buy/cgsh_order_operate.html HTTP/1.1" 200 25710
180.169.147.146 - - [18/Nov/2021:09:12:44 +0800] "GET /xingrg/all/function/internal_message.html?_=1637197962985&CODE_STATE=getMsg HTTP/1.1" 200 27
116.235.93.2 - - [18/Nov/2021:09:12:45 +0800] "GET /xingrg/all/function/internal_message.html?_=1637198446239&CODE_STATE=getMsg HTTP/1.1" 200 27
180.169.147.146 - - [18/Nov/2021:09:12:48 +0800] "GET /xingrg/all/function/internal_message.html?_=1637197967046&CODE_STATE=getMsg HTTP/1.1" 200 27
222.70.176.97 - - [18/Nov/2021:09:12:49 +0800] "GET /xingrg/kc/buy/cgsh_order_operate.html?command=get_materiel&rest_code=00111&code=00101008361&supplier_code=00100005&order_time=2021-11-18 HTTP/1.1" 200 408
58.39.139.200 - - [18/Nov/2021:09:12:51 +0800] "GET /xingrg/all/function/internal_message.html?_=1637197971831&CODE_STATE=getMsg HTTP/1.1" 200 27
222.69.129.93 - - [18/Nov/2021:09:12:56 +0800] "GET /xingrg/kc/buy/cgsh_order_operate.html?command=get_materiel&rest_code=00149&code=00101008205&supplier_code=00100005&order_time=2021-11-17 HTTP/1.1" 200 412
180.169.147.146 - - [18/Nov/2021:09:12:58 +0800] "GET /xingrg/check_reg.html?_=1637198048086 HTTP/1.1" 200 22
222.70.176.97 - - [18/Nov/2021:09:13:00 +0800] "GET /xingrg/kc/buy/cgsh_order_operate.html?command=get_materiel&rest_code=00111&code=00101008067&supplier_code=00100005&order_time=2021-11-18 HTTP/1.1" 200 416
114.85.125.222 - - [18/Nov/2021:09:13:01 +0800] "GET /xingrg/all/function/internal_message.html?_=1637197960168&CODE_STATE=getMsg HTTP/1.1" 200 27
180.169.147.146 - - [18/Nov/2021:09:13:02 +0800] "GET /xingrg/all/function/internal_message.html?_=1637197981568&CODE_STATE=getMsg HTTP/1.1" 200 27
180.169.147.146 - - [18/Nov/2021:09:13:04 +0800] "GET /xingrg/all/function/internal_message.html?_=1637197985428&CODE_STATE=getMsg HTTP/1.1" 200 27
222.70.176.97 - - [18/Nov/2021:09:13:08 +0800] "GET /xingrg/kc/buy/cgsh_order_operate.html?command=get_materiel&rest_code=00111&code=00101008356&supplier_code=00100005&order_time=2021-11-18 HTTP/1.1" 200 408
116.235.93.2 - - [18/Nov/2021:09:13:08 +0800] "GET /xingrg/kc/buy/cgsh_order_operate.html?command=get_materiel&rest_code=00104&code=00101008131&supplier_code=00100005&order_time=2021-11-18 HTTP/1.1" 200 408
180.157.253.6 - - [18/Nov/2021:09:13:10 +0800] "GET /xingrg/check_reg.html?_=1637197991358 HTTP/1.1" 200 22
180.157.253.6 - - [18/Nov/2021:09:13:10 +0800] "GET /xingrg/all/function/internal_message.html?_=1637197991361&CODE_STATE=getMsg HTTP/1.1" 200 27
222.70.176.97 - - [18/Nov/2021:09:13:14 +0800] "GET /xingrg/all/function/internal_message.html?_=1637197991350&CODE_STATE=getMsg HTTP/1.1" 200 27
120.253.135.82 - - [18/Nov/2021:09:13:15 +0800] "GET /xingrg/all/function/internal_message.html?_=1637197767271&CODE_STATE=getMsg HTTP/1.1" 200 27
116.227.210.113 - - [18/Nov/2021:09:13:16 +0800] "GET /xingrg/all/function/internal_message.html?_=1637197971026&CODE_STATE=getMsg HTTP/1.1" 200 27
222.70.176.97 - - [18/Nov/2021:09:13:16 +0800] "GET /xingrg/kc/buy/cgsh_order_operate.html?command=get_materiel&rest_code=00111&code=00101008357&supplier_code=00100005&order_time=2021-11-18 HTTP/1.1" 200 408
116.235.93.2 - - [18/Nov/2021:09:13:20 +0800] "GET /xingrg/kc/buy/cgsh_order_operate.html?command=get_materiel&rest_code=00104&code=00101008352&supplier_code=00100005&order_time=2021-11-18 HTTP/1.1" 200 412
222.70.176.97 - - [18/Nov/2021:09:13:25 +0800] "GET /xingrg/kc/buy/cgsh_order_operate.html?command=get_materiel&rest_code=00111&code=00101008286&supplier_code=00100005&order_time=2021-11-18 HTTP/1.1" 200 408
222.69.129.93 - - [18/Nov/2021:09:13:26 +0800] "GET /xingrg/all/function/internal_message.html?_=1637198005273&CODE_STATE=getMsg HTTP/1.1" 200 27
222.69.129.93 - - [18/Nov/2021:09:13:28 +0800] "GET /xingrg/kc/buy/cgsh_order_operate.html?command=get_materiel&rest_code=00149&code=00101008251&supplier_code=00100005&order_time=2021-11-17 HTTP/1.1" 200 408
222.70.176.97 - - [18/Nov/2021:09:13:34 +0800] "GET /xingrg/kc/buy/cgsh_order_operate.html?command=get_materiel&rest_code=00111&code=00101008131&supplier_code=00100005&order_time=2021-11-18 HTTP/1.1" 200 408
222.70.171.86 - - [18/Nov/2021:09:13:34 +0800] "GET /xingrg/all/function/internal_message.html?_=1637198027241&CODE_STATE=getMsg HTTP/1.1" 200 27
180.157.253.6 - - [18/Nov/2021:09:13:35 +0800] "GET /xingrg/all/function/internal_message.html?_=1637198015160&CODE_STATE=getMsg HTTP/1.1" 200 27
116.238.248.233 - - [18/Nov/2021:09:13:36 +0800] "GET /xingrg/all/function/internal_message.html?_=1637198015034&CODE_STATE=getMsg HTTP/1.1" 200 27
222.69.129.93 - - [18/Nov/2021:09:13:37 +0800] "POST /xingrg/kc/buy/cgsh_order_operate.html HTTP/1.1" 200 2065
180.169.147.146 - - [18/Nov/2021:09:13:37 +0800] "GET /xingrg/check_reg.html?_=1637198025295 HTTP/1.1" 200 22
180.169.147.146 - - [18/Nov/2021:09:13:37 +0800] "GET /xingrg/all/function/internal_message.html?_=1637198025298&CODE_STATE=getMsg HTTP/1.1" 200 27
222.70.171.86 - - [18/Nov/2021:09:13:38 +0800] "GET /xingrg/all/function/internal_message.html?_=1637198028980&CODE_STATE=getMsg HTTP/1.1" 302 -
116.235.93.2 - - [18/Nov/2021:09:13:38 +0800] "GET /xingrg/check_reg.html?_=1637198499112 HTTP/1.1" 200 22
116.235.93.2 - - [18/Nov/2021:09:13:39 +0800] "GET /xingrg/kc/buy/cgsh_order_operate.html?command=get_materiel&rest_code=00104&code=00101008005&supplier_code=00100005&order_time=2021-11-18 HTTP/1.1" 200 412
222.70.176.97 - - [18/Nov/2021:09:13:41 +0800] "GET /xingrg/kc/buy/cgsh_order_operate.html?command=get_materiel&rest_code=00111&code=00101008352&supplier_code=00100005&order_time=2021-11-18 HTTP/1.1" 200 412
116.235.93.2 - - [18/Nov/2021:09:13:42 +0800] "POST /xingrg/kc/buy/cgsh_order_operate.html HTTP/1.1" 200 2065
180.169.147.146 - - [18/Nov/2021:09:13:44 +0800] "GET /xingrg/all/function/internal_message.html?_=1637198022986&CODE_STATE=getMsg HTTP/1.1" 200 27
222.69.129.93 - - [18/Nov/2021:09:13:45 +0800] "GET /xingrg/kc/buy/cgsh_order_operate.html?command=get_materiel&rest_code=00149&code=00101008059&supplier_code=00100005&order_time=2021-11-17 HTTP/1.1" 200 408
116.235.93.2 - - [18/Nov/2021:09:13:45 +0800] "GET /xingrg/all/function/internal_message.html?_=1637198506253&CODE_STATE=getMsg HTTP/1.1" 200 27
180.169.147.146 - - [18/Nov/2021:09:13:48 +0800] "GET /xingrg/all/function/internal_message.html?_=1637198027047&CODE_STATE=getMsg HTTP/1.1" 200 27
222.70.176.97 - - [18/Nov/2021:09:13:48 +0800] "POST /xingrg/kc/buy/cgsh_order_operate.html HTTP/1.1" 200 2065
116.235.93.2 - - [18/Nov/2021:09:13:49 +0800] "GET /xingrg/kc/buy/cgsh_order_operate.html?command=get_materiel&rest_code=00104&code=00101008271&supplier_code=00100005&order_time=2021-11-18 HTTP/1.1" 200 410
58.39.139.200 - - [18/Nov/2021:09:13:51 +0800] "GET /xingrg/all/function/internal_message.html?_=1637198031809&CODE_STATE=getMsg HTTP/1.1" 200 27
116.238.248.233 - - [18/Nov/2021:09:13:57 +0800] "GET /xingrg/kc/base/yddb_order_list.html HTTP/1.1" 200 16836
116.238.248.233 - - [18/Nov/2021:09:13:58 +0800] "POST /xingrg/kc/base/yddb_list_operate.html HTTP/1.1" 200 636
116.238.248.233 - - [18/Nov/2021:09:13:59 +0800] "GET /xingrg/kc/base/yddb_order_add.html HTTP/1.1" 200 29837
116.238.248.233 - - [18/Nov/2021:09:13:59 +0800] "GET /xingrg/dwr/util.js HTTP/1.1" 304 -
116.238.248.233 - - [18/Nov/2021:09:13:59 +0800] "GET /xingrg/dwr/interface/AjaxYddbService.js HTTP/1.1" 200 13201
116.238.248.233 - - [18/Nov/2021:09:13:59 +0800] "GET /xingrg/dwr/interface/AjaxComOrderService.js HTTP/1.1" 200 18264
116.238.248.233 - - [18/Nov/2021:09:13:59 +0800] "GET /xingrg/dwr/engine.js HTTP/1.1" 200 43631
222.69.129.93 - - [18/Nov/2021:09:14:00 +0800] "GET /xingrg/kc/buy/cgsh_order_operate.html?command=get_materiel&rest_code=00149&code=00101008223&supplier_code=00100005&order_time=2021-11-17 HTTP/1.1" 200 412
114.85.125.222 - - [18/Nov/2021:09:14:01 +0800] "GET /xingrg/all/function/internal_message.html?_=1637198020197&CODE_STATE=getMsg HTTP/1.1" 200 27
116.235.93.2 - - [18/Nov/2021:09:14:02 +0800] "GET /xingrg/kc/buy/cgsh_order_operate.html?command=get_materiel&rest_code=00104&code=00101008353&supplier_code=00100005&order_time=2021-11-18 HTTP/1.1" 200 408
180.169.147.146 - - [18/Nov/2021:09:14:02 +0800] "GET /xingrg/all/function/internal_message.html?_=1637198041556&CODE_STATE=getMsg HTTP/1.1" 200 27
116.238.248.233 - - [18/Nov/2021:09:14:02 +0800] "POST /xingrg/dwr/call/plaincall/AjaxYddbService.getRestBases.dwr HTTP/1.1" 200 1535
180.169.147.146 - - [18/Nov/2021:09:14:04 +0800] "GET /xingrg/all/function/internal_message.html?_=1637198045414&CODE_STATE=getMsg HTTP/1.1" 200 27
116.238.248.233 - - [18/Nov/2021:09:14:10 +0800] "POST /xingrg/dwr/call/plaincall/AjaxYddbService.saveOrder.dwr HTTP/1.1" 200 78
180.157.253.6 - - [18/Nov/2021:09:14:10 +0800] "GET /xingrg/all/function/internal_message.html?_=1637198051356&CODE_STATE=getMsg HTTP/1.1" 200 27
116.238.248.233 - - [18/Nov/2021:09:14:10 +0800] "GET /xingrg/images/yd/bt.gif HTTP/1.1" 404 1040
116.235.93.2 - - [18/Nov/2021:09:14:12 +0800] "GET /xingrg/kc/buy/cgsh_order_operate.html?command=get_materiel&rest_code=00104&code=00101008286&supplier_code=00100005&order_time=2021-11-18 HTTP/1.1" 200 408
116.238.248.233 - - [18/Nov/2021:09:14:14 +0800] "POST /xingrg/dwr/call/plaincall/AjaxComOrderService.getMaterielSearchList.dwr HTTP/1.1" 200 444038
222.70.176.97 - - [18/Nov/2021:09:14:14 +0800] "GET /xingrg/all/function/internal_message.html?_=1637198051327&CODE_STATE=getMsg HTTP/1.1" 200 27
116.238.248.233 - - [18/Nov/2021:09:14:14 +0800] "POST /xingrg/dwr/call/plaincall/AjaxComOrderService.getMaterielSearchList.dwr HTTP/1.1" 200 1094
120.253.135.82 - - [18/Nov/2021:09:14:15 +0800] "GET /xingrg/all/function/internal_message.html?_=1637197827467&CODE_STATE=getMsg HTTP/1.1" 200 27
116.238.248.233 - - [18/Nov/2021:09:14:15 +0800] "POST /xingrg/dwr/call/plaincall/AjaxComOrderService.getMaterielSearchList.dwr HTTP/1.1" 200 1094
116.227.210.113 - - [18/Nov/2021:09:14:16 +0800] "GET /xingrg/all/function/internal_message.html?_=1637198031019&CODE_STATE=getMsg HTTP/1.1" 200 27
116.238.248.233 - - [18/Nov/2021:09:14:16 +0800] "POST /xingrg/dwr/call/plaincall/AjaxYddbService.getMaterielByMap.dwr HTTP/1.1" 200 3758
116.238.248.233 - - [18/Nov/2021:09:14:18 +0800] "POST /xingrg/dwr/call/plaincall/AjaxYddbService.saveMaterielItem.dwr HTTP/1.1" 200 78
222.70.176.97 - - [18/Nov/2021:09:14:22 +0800] "GET /xingrg/kc/buy/cgsh_order_operate.html?command=get_materiel&rest_code=00111&code=00101008098&supplier_code=00100005&order_time=2021-11-18 HTTP/1.1" 200 412
116.238.248.233 - - [18/Nov/2021:09:14:22 +0800] "POST /xingrg/dwr/call/plaincall/AjaxComOrderService.getMaterielSearchList.dwr HTTP/1.1" 200 1109
222.69.129.93 - - [18/Nov/2021:09:14:24 +0800] "GET /xingrg/check_reg.html?_=1637198062509 HTTP/1.1" 200 22
116.238.248.233 - - [18/Nov/2021:09:14:24 +0800] "POST /xingrg/dwr/call/plaincall/AjaxYddbService.getMaterielByMap.dwr HTTP/1.1" 200 3749
222.69.129.93 - - [18/Nov/2021:09:14:26 +0800] "GET /xingrg/all/function/internal_message.html?_=1637198065276&CODE_STATE=getMsg HTTP/1.1" 200 27
116.238.248.233 - - [18/Nov/2021:09:14:26 +0800] "POST /xingrg/dwr/call/plaincall/AjaxYddbService.saveMaterielItem.dwr HTTP/1.1" 200 78
116.235.93.2 - - [18/Nov/2021:09:14:29 +0800] "GET /xingrg/kc/buy/cgsh_order_operate.html?command=get_materiel&rest_code=00104&code=00101008041&supplier_code=00100005&order_time=2021-11-18 HTTP/1.1" 200 408
116.238.248.233 - - [18/Nov/2021:09:14:29 +0800] "POST /xingrg/dwr/call/plaincall/AjaxComOrderService.getMaterielSearchList.dwr HTTP/1.1" 200 28095
222.70.176.97 - - [18/Nov/2021:09:14:30 +0800] "GET /xingrg/kc/buy/cgsh_order_operate.html?command=get_materiel&rest_code=00111&code=00101008213&supplier_code=00100005&order_time=2021-11-18 HTTP/1.1" 200 412
116.238.248.233 - - [18/Nov/2021:09:14:30 +0800] "POST /xingrg/dwr/call/plaincall/AjaxComOrderService.getMaterielSearchList.dwr HTTP/1.1" 200 1614
222.69.129.93 - - [18/Nov/2021:09:14:30 +0800] "GET /xingrg/kc/buy/cgsh_order_operate.html?command=get_materiel&rest_code=00149&code=00101008357&supplier_code=00100005&order_time=2021-11-17 HTTP/1.1" 200 408
116.238.248.233 - - [18/Nov/2021:09:14:31 +0800] "POST /xingrg/dwr/call/plaincall/AjaxComOrderService.getMaterielSearchList.dwr HTTP/1.1" 200 204
222.70.171.86 - - [18/Nov/2021:09:14:34 +0800] "GET /xingrg/all/function/internal_message.html?_=1637198087260&CODE_STATE=getMsg HTTP/1.1" 200 27
180.157.253.6 - - [18/Nov/2021:09:14:35 +0800] "GET /xingrg/all/function/internal_message.html?_=1637198075185&CODE_STATE=getMsg HTTP/1.1" 200 27
116.238.248.233 - - [18/Nov/2021:09:14:36 +0800] "GET /xingrg/all/function/internal_message.html?_=1637198075045&CODE_STATE=getMsg HTTP/1.1" 200 27
116.238.248.233 - - [18/Nov/2021:09:14:37 +0800] "POST /xingrg/dwr/call/plaincall/AjaxComOrderService.getMaterielSearchList.dwr HTTP/1.1" 200 28095
116.238.248.233 - - [18/Nov/2021:09:14:37 +0800] "POST /xingrg/dwr/call/plaincall/AjaxComOrderService.getMaterielSearchList.dwr HTTP/1.1" 200 77
180.169.147.146 - - [18/Nov/2021:09:14:37 +0800] "GET /xingrg/all/function/internal_message.html?_=1637198085299&CODE_STATE=getMsg HTTP/1.1" 200 27
222.70.171.86 - - [18/Nov/2021:09:14:38 +0800] "GET /xingrg/all/function/internal_message.html?_=1637198089010&CODE_STATE=getMsg HTTP/1.1" 302 -
116.238.248.233 - - [18/Nov/2021:09:14:39 +0800] "POST /xingrg/dwr/call/plaincall/AjaxComOrderService.getMaterielSearchList.dwr HTTP/1.1" 200 33437
116.238.248.233 - - [18/Nov/2021:09:14:39 +0800] "POST /xingrg/dwr/call/plaincall/AjaxComOrderService.getMaterielSearchList.dwr HTTP/1.1" 200 1681
222.70.176.97 - - [18/Nov/2021:09:14:40 +0800] "GET /xingrg/kc/buy/cgsh_order_operate.html?command=get_materiel&rest_code=00111&code=00101008125&supplier_code=00100005&order_time=2021-11-18 HTTP/1.1" 200 413
120.253.135.82 - - [18/Nov/2021:09:14:40 +0800] "GET /xingrg/check_reg.html?_=1637197852808 HTTP/1.1" 200 22
116.238.248.233 - - [18/Nov/2021:09:14:41 +0800] "POST /xingrg/dwr/call/plaincall/AjaxComOrderService.getMaterielSearchList.dwr HTTP/1.1" 200 303
116.238.248.233 - - [18/Nov/2021:09:14:42 +0800] "POST /xingrg/dwr/call/plaincall/AjaxYddbService.getMaterielByMap.dwr HTTP/1.1" 200 3773
116.238.248.233 - - [18/Nov/2021:09:14:43 +0800] "GET /xingrg/images/yd/bt2.gif HTTP/1.1" 404 1042
180.169.147.146 - - [18/Nov/2021:09:14:44 +0800] "GET /xingrg/all/function/internal_message.html?_=1637198082985&CODE_STATE=getMsg HTTP/1.1" 200 27
180.169.147.146 - - [18/Nov/2021:09:14:44 +0800] "GET /xingrg/check_reg.html?_=1637198082988 HTTP/1.1" 200 22
222.70.171.86 - - [18/Nov/2021:09:14:45 +0800] "GET /xingrg/check_reg.html?_=1637198095898 HTTP/1.1" 302 -
116.238.248.233 - - [18/Nov/2021:09:14:45 +0800] "POST /xingrg/dwr/call/plaincall/AjaxYddbService.saveMaterielItem.dwr HTTP/1.1" 200 79
116.235.93.2 - - [18/Nov/2021:09:14:45 +0800] "GET /xingrg/all/function/internal_message.html?_=1637198566267&CODE_STATE=getMsg HTTP/1.1" 200 27
116.235.93.2 - - [18/Nov/2021:09:14:47 +0800] "GET /xingrg/kc/buy/cgsh_order_operate.html?command=get_materiel&rest_code=00104&code=00101008323&supplier_code=00100005&order_time=2021-11-18 HTTP/1.1" 200 408
180.169.147.146 - - [18/Nov/2021:09:14:48 +0800] "GET /xingrg/all/function/internal_message.html?_=1637198087041&CODE_STATE=getMsg HTTP/1.1" 200 27
58.39.139.200 - - [18/Nov/2021:09:14:51 +0800] "GET /xingrg/all/function/internal_message.html?_=1637198091790&CODE_STATE=getMsg HTTP/1.1" 200 27
222.69.129.93 - - [18/Nov/2021:09:14:51 +0800] "GET /xingrg/kc/buy/cgsh_order_operate.html?command=get_materiel&rest_code=00149&code=00101008286&supplier_code=00100005&order_time=2021-11-17 HTTP/1.1" 200 408
58.39.139.200 - - [18/Nov/2021:09:14:52 +0800] "GET /xingrg/check_reg.html?_=1637198092728 HTTP/1.1" 200 22
222.70.176.97 - - [18/Nov/2021:09:14:54 +0800] "GET /xingrg/kc/buy/cgsh_order_operate.html?command=get_materiel&rest_code=00111&code=00101008298&supplier_code=00100005&order_time=2021-11-18 HTTP/1.1" 200 412
222.69.129.93 - - [18/Nov/2021:09:14:56 +0800] "POST /xingrg/kc/buy/cgsh_order_operate.html HTTP/1.1" 200 2065
116.235.93.2 - - [18/Nov/2021:09:14:57 +0800] "POST /xingrg/kc/buy/cgsh_order_operate.html HTTP/1.1" 200 2065
222.70.176.97 - - [18/Nov/2021:09:15:01 +0800] "GET /xingrg/kc/buy/cgsh_order_operate.html?command=get_materiel&rest_code=00111&code=00101008149&supplier_code=00100005&order_time=2021-11-18 HTTP/1.1" 200 408
114.85.125.222 - - [18/Nov/2021:09:15:01 +0800] "GET /xingrg/all/function/internal_message.html?_=1637198080211&CODE_STATE=getMsg HTTP/1.1" 200 27
116.238.248.233 - - [18/Nov/2021:09:15:02 +0800] "POST /xingrg/dwr/call/plaincall/AjaxYddbService.checkOrder.dwr HTTP/1.1" 200 79
180.169.147.146 - - [18/Nov/2021:09:15:02 +0800] "GET /xingrg/all/function/internal_message.html?_=1637198101568&CODE_STATE=getMsg HTTP/1.1" 200 27
222.69.129.93 - - [18/Nov/2021:09:15:03 +0800] "GET /xingrg/kc/buy/cgsh_order_operate.html?command=get_materiel&rest_code=00149&code=00101008036&supplier_code=00100005&order_time=2021-11-17 HTTP/1.1" 200 408
116.235.93.2 - - [18/Nov/2021:09:15:03 +0800] "GET /xingrg/check_reg.html?_=1637198213901 HTTP/1.1" 302 -
116.238.248.233 - - [18/Nov/2021:09:15:04 +0800] "GET /xingrg/kc/base/yddb_order_info.html?code=482021111800098 HTTP/1.1" 200 29465
116.238.248.233 - - [18/Nov/2021:09:15:04 +0800] "GET /xingrg/dwr/engine.js HTTP/1.1" 200 43631
180.169.147.146 - - [18/Nov/2021:09:15:04 +0800] "GET /xingrg/all/function/internal_message.html?_=1637198105416&CODE_STATE=getMsg HTTP/1.1" 200 27
180.169.147.146 - - [18/Nov/2021:09:15:04 +0800] "GET /xingrg/check_reg.html?_=1637198105418 HTTP/1.1" 200 22
116.238.248.233 - - [18/Nov/2021:09:15:05 +0800] "GET /xingrg/dwr/interface/AjaxComOrderService.js HTTP/1.1" 200 18264
116.238.248.233 - - [18/Nov/2021:09:15:06 +0800] "GET /xingrg/dwr/interface/AjaxYddbService.js HTTP/1.1" 200 13201
116.238.248.233 - - [18/Nov/2021:09:15:07 +0800] "POST /xingrg/dwr/call/plaincall/AjaxYddbService.loadMaterielItems.dwr HTTP/1.1" 200 1144
116.235.93.2 - - [18/Nov/2021:09:15:07 +0800] "GET /xingrg/kc/buy/cgsh_order_operate.html?command=get_materiel&rest_code=00104&code=00101008344&supplier_code=00100005&order_time=2021-11-18 HTTP/1.1" 200 412
180.157.253.6 - - [18/Nov/2021:09:15:10 +0800] "GET /xingrg/all/function/internal_message.html?_=1637198111355&CODE_STATE=getMsg HTTP/1.1" 200 27
116.238.248.233 - - [18/Nov/2021:09:15:11 +0800] "GET /xingrg/kc/base/yddb_order_list.html HTTP/1.1" 200 16836
116.238.248.233 - - [18/Nov/2021:09:15:11 +0800] "POST /xingrg/kc/base/yddb_list_operate.html HTTP/1.1" 200 636
222.69.129.93 - - [18/Nov/2021:09:15:13 +0800] "GET /xingrg/kc/buy/cgsh_order_operate.html?command=get_materiel&rest_code=00149&code=00101008131&supplier_code=00100005&order_time=2021-11-17 HTTP/1.1" 200 408
222.70.176.97 - - [18/Nov/2021:09:15:14 +0800] "GET /xingrg/all/function/internal_message.html?_=1637198111304&CODE_STATE=getMsg HTTP/1.1" 200 27
116.238.248.233 - - [18/Nov/2021:09:15:14 +0800] "GET /xingrg/javascript/jquery_tools/images/next.gif HTTP/1.1" 404 1086
116.238.248.233 - - [18/Nov/2021:09:15:14 +0800] "GET /xingrg/javascript/jquery_tools/images/prev.gif HTTP/1.1" 404 1086
120.253.135.82 - - [18/Nov/2021:09:15:15 +0800] "GET /xingrg/all/function/internal_message.html?_=1637197887469&CODE_STATE=getMsg HTTP/1.1" 200 27
116.227.210.113 - - [18/Nov/2021:09:15:16 +0800] "GET /xingrg/all/function/internal_message.html?_=1637198091030&CODE_STATE=getMsg HTTP/1.1" 200 27
116.227.210.113 - - [18/Nov/2021:09:15:16 +0800] "GET /xingrg/check_reg.html?_=1637198091034 HTTP/1.1" 200 22
116.238.248.233 - - [18/Nov/2021:09:15:18 +0800] "POST /xingrg/kc/base/yddb_list_operate.html HTTP/1.1" 200 1904
116.238.248.233 - - [18/Nov/2021:09:15:25 +0800] "POST /xingrg/kc/base/yddb_list_operate.html HTTP/1.1" 200 474
116.235.93.2 - - [18/Nov/2021:09:15:25 +0800] "GET /xingrg/kc/buy/cgsh_order_operate.html?command=get_materiel&rest_code=00104&code=00101008115&supplier_code=00100005&order_time=2021-11-18 HTTP/1.1" 200 412
222.70.176.97 - - [18/Nov/2021:09:15:26 +0800] "POST /xingrg/kc/buy/cgsh_order_operate.html HTTP/1.1" 200 2065
222.69.129.93 - - [18/Nov/2021:09:15:26 +0800] "GET /xingrg/all/function/internal_message.html?_=1637198125253&CODE_STATE=getMsg HTTP/1.1" 200 27
116.238.248.233 - - [18/Nov/2021:09:15:27 +0800] "POST /xingrg/kc/base/yddb_list_operate.html HTTP/1.1" 200 605
116.238.248.233 - - [18/Nov/2021:09:15:30 +0800] "GET /xingrg/dwr/interface/AjaxComOrderService.js HTTP/1.1" 200 18264
116.238.248.233 - - [18/Nov/2021:09:15:30 +0800] "GET /xingrg/dwr/interface/AjaxYddbService.js HTTP/1.1" 200 13201
116.238.248.233 - - [18/Nov/2021:09:15:30 +0800] "GET /xingrg/kc/base/yddb_order_add.html HTTP/1.1" 200 29837
116.238.248.233 - - [18/Nov/2021:09:15:30 +0800] "GET /xingrg/dwr/engine.js HTTP/1.1" 200 43631
222.70.176.97 - - [18/Nov/2021:09:15:31 +0800] "GET /xingrg/kc/buy/cgsh_order_operate.html?command=get_materiel&rest_code=00111&code=00101008436&supplier_code=00100005&order_time=2021-11-18 HTTP/1.1" 200 398
222.69.129.93 - - [18/Nov/2021:09:15:31 +0800] "GET /xingrg/kc/buy/cgsh_order_operate.html?command=get_materiel&rest_code=00149&code=00101008296&supplier_code=00100005&order_time=2021-11-17 HTTP/1.1" 200 416
114.85.125.222 - - [18/Nov/2021:09:15:33 +0800] "GET /xingrg/javascript/jquery_easy_ui/themes/default/images/tabs_active.png HTTP/1.1" 200 2894
116.238.248.233 - - [18/Nov/2021:09:15:33 +0800] "POST /xingrg/dwr/call/plaincall/AjaxYddbService.getRestBases.dwr HTTP/1.1" 200 1535
222.70.171.86 - - [18/Nov/2021:09:15:34 +0800] "GET /xingrg/all/function/internal_message.html?_=1637198147268&CODE_STATE=getMsg HTTP/1.1" 200 27
180.157.253.6 - - [18/Nov/2021:09:15:35 +0800] "GET /xingrg/all/function/internal_message.html?_=1637198135183&CODE_STATE=getMsg HTTP/1.1" 200 27
116.238.248.233 - - [18/Nov/2021:09:15:36 +0800] "GET /xingrg/all/function/internal_message.html?_=1637198135060&CODE_STATE=getMsg HTTP/1.1" 200 27
180.169.147.146 - - [18/Nov/2021:09:15:37 +0800] "GET /xingrg/all/function/internal_message.html?_=1637198145300&CODE_STATE=getMsg HTTP/1.1" 200 27
116.235.93.2 - - [18/Nov/2021:09:15:38 +0800] "GET /xingrg/kc/buy/cgsh_order_operate.html?command=get_materiel&rest_code=00104&code=00101008027&supplier_code=00100005&order_time=2021-11-18 HTTP/1.1" 200 409
222.70.171.86 - - [18/Nov/2021:09:15:38 +0800] "GET /xingrg/all/function/internal_message.html?_=1637198149038&CODE_STATE=getMsg HTTP/1.1" 302 -
114.85.125.222 - - [18/Nov/2021:09:15:40 +0800] "GET /xingrg/javascript/jquery_tools/datebox.css HTTP/1.1" 200 2597
114.85.125.222 - - [18/Nov/2021:09:15:40 +0800] "GET /xingrg/css/base.css HTTP/1.1" 200 2811
114.85.125.222 - - [18/Nov/2021:09:15:40 +0800] "GET /xingrg/css/site.css HTTP/1.1" 200 7541
114.85.125.222 - - [18/Nov/2021:09:15:40 +0800] "GET /xingrg/javascript/easyui/themes/icon.css HTTP/1.1" 200 4483
114.85.125.222 - - [18/Nov/2021:09:15:40 +0800] "GET /xingrg/javascript/jquery_tools/table.css HTTP/1.1" 200 1032
114.85.125.222 - - [18/Nov/2021:09:15:40 +0800] "GET /xingrg/javascript/auto/jquery.autocomplete.css HTTP/1.1" 200 587
114.85.125.222 - - [18/Nov/2021:09:15:40 +0800] "GET /xingrg/javascript/jquery_tools/fix.css HTTP/1.1" 200 1702
114.85.125.222 - - [18/Nov/2021:09:15:40 +0800] "GET /xingrg/javascript/jquery_tools/jquery.tools.min.js HTTP/1.1" 200 138801
114.85.125.222 - - [18/Nov/2021:09:15:40 +0800] "GET /xingrg/javascript/jquery_tools/list_manager.js HTTP/1.1" 200 3652
114.85.125.222 - - [18/Nov/2021:09:15:40 +0800] "GET /xingrg/javascript/easyui/easyloader.js HTTP/1.1" 200 5975
114.85.125.222 - - [18/Nov/2021:09:15:40 +0800] "GET /xingrg/kc/buy/cgsh_order_list.html HTTP/1.1" 200 49142
114.85.125.222 - - [18/Nov/2021:09:15:40 +0800] "GET /xingrg/javascript/jquery.cookie.js HTTP/1.1" 200 5513
114.85.125.222 - - [18/Nov/2021:09:15:40 +0800] "GET /xingrg/javascript/jquery_tools/jquery.tools.table.js HTTP/1.1" 200 6994
114.85.125.222 - - [18/Nov/2021:09:15:40 +0800] "GET /xingrg/javascript/jquery_tools/jquery.tools.hotkey.js HTTP/1.1" 200 3242
114.85.125.222 - - [18/Nov/2021:09:15:40 +0800] "GET /xingrg/javascript/print/LodopFuncs.js HTTP/1.1" 200 5121
114.85.125.222 - - [18/Nov/2021:09:15:40 +0800] "GET /xingrg/javascript/jquery_tools/jquery.tools.extend.js HTTP/1.1" 200 15385
114.85.125.222 - - [18/Nov/2021:09:15:40 +0800] "GET /xingrg/javascript/easyui/themes/default/easyui.css HTTP/1.1" 200 30432
114.85.125.222 - - [18/Nov/2021:09:15:40 +0800] "GET /xingrg/javascript/jquery.utils.js HTTP/1.1" 200 11805
114.85.125.222 - - [18/Nov/2021:09:15:40 +0800] "GET /xingrg/javascript/auto/jquery.autocomplete.js HTTP/1.1" 200 21624
114.85.125.222 - - [18/Nov/2021:09:15:40 +0800] "GET /xingrg/javascript/easyui/plugins/jquery.parser.js HTTP/1.1" 200 1142
58.221.95.50 - - [18/Nov/2021:09:15:41 +0800] "GET /xingrg/check_reg.html?_=1637198140548 HTTP/1.1" 302 -
116.238.248.233 - - [18/Nov/2021:09:15:43 +0800] "POST /xingrg/dwr/call/plaincall/AjaxYddbService.saveOrder.dwr HTTP/1.1" 200 78
180.169.147.146 - - [18/Nov/2021:09:15:44 +0800] "GET /xingrg/all/function/internal_message.html?_=1637198142996&CODE_STATE=getMsg HTTP/1.1" 200 27
114.85.125.222 - - [18/Nov/2021:09:15:45 +0800] "POST /xingrg/kc/buy/cgsh_list_operate.html HTTP/1.1" 200 2398
116.235.93.2 - - [18/Nov/2021:09:15:45 +0800] "GET /xingrg/all/function/internal_message.html?_=1637198626282&CODE_STATE=getMsg HTTP/1.1" 200 27
222.70.176.97 - - [18/Nov/2021:09:15:46 +0800] "GET /xingrg/kc/buy/cgsh_order_operate.html?command=get_materiel&rest_code=00111&code=00101008351&supplier_code=00100005&order_time=2021-11-18 HTTP/1.1" 200 408
180.169.147.146 - - [18/Nov/2021:09:15:48 +0800] "GET /xingrg/all/function/internal_message.html?_=1637198147055&CODE_STATE=getMsg HTTP/1.1" 200 27
172.20.0.100 - - [18/Nov/2021:09:15:48 +0800] "GET /xingrg/check_reg.html?_=1637198140035 HTTP/1.1" 302 -
114.85.125.222 - - [18/Nov/2021:09:15:48 +0800] "POST /xingrg/kc/buy/cgsh_list_operate.html HTTP/1.1" 200 580
58.39.139.200 - - [18/Nov/2021:09:15:51 +0800] "GET /xingrg/all/function/internal_message.html?_=1637198151772&CODE_STATE=getMsg HTTP/1.1" 200 27
222.69.129.93 - - [18/Nov/2021:09:15:51 +0800] "GET /xingrg/kc/buy/cgsh_order_operate.html?command=get_materiel&rest_code=00149&code=00101008318&supplier_code=00100005&order_time=2021-11-17 HTTP/1.1" 200 408
114.85.125.222 - - [18/Nov/2021:09:15:51 +0800] "GET /xingrg/javascript/pic_change.js HTTP/1.1" 200 4739
114.85.125.222 - - [18/Nov/2021:09:15:51 +0800] "GET /xingrg/javascript/convert.js HTTP/1.1" 200 1239
114.85.125.222 - - [18/Nov/2021:09:15:51 +0800] "GET /xingrg/kc/buy/cgsh_order_info.html?code=212021111807399 HTTP/1.1" 200 64804
114.85.125.222 - - [18/Nov/2021:09:15:51 +0800] "GET /xingrg/javascript/jquery_tools/order_manager.js HTTP/1.1" 200 11183
114.85.125.222 - - [18/Nov/2021:09:15:51 +0800] "GET /xingrg/javascript/json2.js HTTP/1.1" 200 11259
114.85.125.222 - - [18/Nov/2021:09:15:51 +0800] "GET /xingrg/javascript/print/kc_print.js HTTP/1.1" 200 11415
114.85.125.222 - - [18/Nov/2021:09:15:51 +0800] "GET /xingrg/words/20211114200737_words.js HTTP/1.1" 200 872833
114.85.125.222 - - [18/Nov/2021:09:15:51 +0800] "GET /xingrg/javascript/easyui/themes/icons/copy_new.png HTTP/1.1" 200 815
114.85.125.222 - - [18/Nov/2021:09:15:51 +0800] "GET /xingrg/javascript/easyui/themes/icons/template_new.png HTTP/1.1" 200 3956
114.85.125.222 - - [18/Nov/2021:09:15:51 +0800] "GET /xingrg/javascript/easyui/themes/icons/ok.png HTTP/1.1" 200 883
114.85.125.222 - - [18/Nov/2021:09:15:51 +0800] "GET /xingrg/javascript/easyui/themes/icons/print.png HTTP/1.1" 200 1057
114.85.125.222 - - [18/Nov/2021:09:15:51 +0800] "GET /xingrg/javascript/easyui/themes/default/images/menu_downarrow.png HTTP/1.1" 200 173
114.85.125.222 - - [18/Nov/2021:09:15:51 +0800] "GET /xingrg/javascript/easyui/themes/icons/cancel.png HTTP/1.1" 200 1133
114.85.125.222 - - [18/Nov/2021:09:15:52 +0800] "GET /xingrg/javascript/easyui/themes/default/validatebox.css HTTP/1.1" 404 1104
114.85.125.222 - - [18/Nov/2021:09:15:52 +0800] "GET /xingrg/javascript/easyui/plugins/jquery.validatebox.js HTTP/1.1" 200 6103
114.85.125.222 - - [18/Nov/2021:09:15:52 +0800] "GET /xingrg/javascript/easyui/plugins/jquery.numberbox.js HTTP/1.1" 200 5213
114.85.125.222 - - [18/Nov/2021:09:15:52 +0800] "GET /xingrg/all/common/auto_word.html?type=employee&rest_code=00150 HTTP/1.1" 200 159
114.85.125.222 - - [18/Nov/2021:09:15:52 +0800] "GET /xingrg/all/common/auto_word.html?type=employee&rest_code=00150 HTTP/1.1" 200 159
114.85.125.222 - - [18/Nov/2021:09:15:53 +0800] "POST /xingrg/kc/buy/cgsh_order_operate.html HTTP/1.1" 200 32270
114.85.125.222 - - [18/Nov/2021:09:15:53 +0800] "GET /xingrg/javascript/easyui/themes/icons/edit_remove.png HTTP/1.1" 200 625
116.235.93.2 - - [18/Nov/2021:09:15:55 +0800] "GET /xingrg/kc/buy/cgsh_order_operate.html?command=get_materiel&rest_code=00104&code=00101008257&supplier_code=00100005&order_time=2021-11-18 HTTP/1.1" 200 416
222.70.176.97 - - [18/Nov/2021:09:15:57 +0800] "GET /xingrg/kc/buy/cgsh_order_operate.html?command=get_materiel&rest_code=00111&code=00101008085&supplier_code=00100005&order_time=2021-11-18 HTTP/1.1" 200 412
114.85.125.222 - - [18/Nov/2021:09:16:01 +0800] "GET /xingrg/all/function/internal_message.html?_=1637198140225&CODE_STATE=getMsg HTTP/1.1" 200 27
180.169.147.146 - - [18/Nov/2021:09:16:02 +0800] "GET /xingrg/check_reg.html?_=1637198161554 HTTP/1.1" 200 22
180.169.147.146 - - [18/Nov/2021:09:16:02 +0800] "GET /xingrg/all/function/internal_message.html?_=1637198161555&CODE_STATE=getMsg HTTP/1.1" 200 27
116.238.248.233 - - [18/Nov/2021:09:16:02 +0800] "POST /xingrg/dwr/call/plaincall/AjaxComOrderService.getMaterielSearchList.dwr HTTP/1.1" 200 39350
116.238.248.233 - - [18/Nov/2021:09:16:03 +0800] "POST /xingrg/dwr/call/plaincall/AjaxComOrderService.getMaterielSearchList.dwr HTTP/1.1" 200 473322
222.69.129.93 - - [18/Nov/2021:09:16:03 +0800] "GET /xingrg/kc/buy/cgsh_order_operate.html?command=get_materiel&rest_code=00149&code=00101008005&supplier_code=00100005&order_time=2021-11-17 HTTP/1.1" 200 412
180.169.147.146 - - [18/Nov/2021:09:16:04 +0800] "GET /xingrg/all/function/internal_message.html?_=1637198165419&CODE_STATE=getMsg HTTP/1.1" 200 27
222.70.176.97 - - [18/Nov/2021:09:16:05 +0800] "GET /xingrg/kc/buy/cgsh_order_operate.html?command=get_materiel&rest_code=00111&code=00101008038&supplier_code=00100005&order_time=2021-11-18 HTTP/1.1" 200 412
222.70.176.97 - - [18/Nov/2021:09:16:09 +0800] "GET /xingrg/check_reg.html?_=1637198166060 HTTP/1.1" 200 22
116.235.93.2 - - [18/Nov/2021:09:16:09 +0800] "GET /xingrg/kc/buy/cgsh_order_operate.html?command=get_materiel&rest_code=00104&code=00101008186&supplier_code=00100005&order_time=2021-11-18 HTTP/1.1" 200 408
222.69.129.93 - - [18/Nov/2021:09:16:10 +0800] "POST /xingrg/kc/buy/cgsh_order_operate.html HTTP/1.1" 200 2065
180.157.253.6 - - [18/Nov/2021:09:16:10 +0800] "GET /xingrg/all/function/internal_message.html?_=1637198171355&CODE_STATE=getMsg HTTP/1.1" 200 27
116.235.93.2 - - [18/Nov/2021:09:16:12 +0800] "POST /xingrg/kc/buy/cgsh_order_operate.html HTTP/1.1" 200 2065
222.70.176.97 - - [18/Nov/2021:09:16:12 +0800] "GET /xingrg/kc/buy/cgsh_order_operate.html?command=get_materiel&rest_code=00111&code=00101008163&supplier_code=00100005&order_time=2021-11-18 HTTP/1.1" 200 409
222.70.176.97 - - [18/Nov/2021:09:16:14 +0800] "POST /xingrg/kc/buy/cgsh_order_operate.html HTTP/1.1" 200 2065
222.70.176.97 - - [18/Nov/2021:09:16:14 +0800] "GET /xingrg/all/function/internal_message.html?_=1637198171290&CODE_STATE=getMsg HTTP/1.1" 200 27
120.253.135.82 - - [18/Nov/2021:09:16:15 +0800] "GET /xingrg/all/function/internal_message.html?_=1637197947484&CODE_STATE=getMsg HTTP/1.1" 200 27
116.227.210.113 - - [18/Nov/2021:09:16:16 +0800] "GET /xingrg/all/function/internal_message.html?_=1637198151024&CODE_STATE=getMsg HTTP/1.1" 200 27
116.235.93.2 - - [18/Nov/2021:09:16:21 +0800] "GET /xingrg/kc/buy/cgsh_order_operate.html?command=get_materiel&rest_code=00104&code=00101008038&supplier_code=00100005&order_time=2021-11-18 HTTP/1.1" 200 412
222.69.129.93 - - [18/Nov/2021:09:16:26 +0800] "GET /xingrg/all/function/internal_message.html?_=1637198185229&CODE_STATE=getMsg HTTP/1.1" 200 27
116.238.248.233 - - [18/Nov/2021:09:16:30 +0800] "POST /xingrg/dwr/call/plaincall/AjaxYddbService.getMaterielByMap.dwr HTTP/1.1" 200 3692
222.70.171.86 - - [18/Nov/2021:09:16:33 +0800] "GET /xingrg/check_reg.html?_=1637198205621 HTTP/1.1" 200 22
116.238.248.233 - - [18/Nov/2021:09:16:34 +0800] "POST /xingrg/dwr/call/plaincall/AjaxYddbService.saveMaterielItem.dwr HTTP/1.1" 200 78
222.70.171.86 - - [18/Nov/2021:09:16:34 +0800] "GET /xingrg/all/function/internal_message.html?_=1637198207281&CODE_STATE=getMsg HTTP/1.1" 200 27
116.235.93.2 - - [18/Nov/2021:09:16:34 +0800] "GET /xingrg/kc/buy/cgsh_order_operate.html?command=get_materiel&rest_code=00104&code=00101008003&supplier_code=00100005&order_time=2021-11-18 HTTP/1.1" 200 408
222.69.129.93 - - [18/Nov/2021:09:16:34 +0800] "GET /xingrg/kc/buy/cgsh_order_operate.html?command=get_materiel&rest_code=00149&code=00101008353&supplier_code=00100005&order_time=2021-11-17 HTTP/1.1" 200 408
116.238.248.233 - - [18/Nov/2021:09:16:35 +0800] "POST /xingrg/dwr/call/plaincall/AjaxComOrderService.getMaterielSearchList.dwr HTTP/1.1" 200 39350
180.157.253.6 - - [18/Nov/2021:09:16:35 +0800] "GET /xingrg/all/function/internal_message.html?_=1637198195182&CODE_STATE=getMsg HTTP/1.1" 200 27
180.157.253.6 - - [18/Nov/2021:09:16:35 +0800] "GET /xingrg/check_reg.html?_=1637198195184 HTTP/1.1" 200 22
116.238.248.233 - - [18/Nov/2021:09:16:36 +0800] "GET /xingrg/check_reg.html?_=1637198195059 HTTP/1.1" 200 22
116.238.248.233 - - [18/Nov/2021:09:16:36 +0800] "GET /xingrg/all/function/internal_message.html?_=1637198195058&CODE_STATE=getMsg HTTP/1.1" 200 27
180.169.147.146 - - [18/Nov/2021:09:16:37 +0800] "GET /xingrg/all/function/internal_message.html?_=1637198205300&CODE_STATE=getMsg HTTP/1.1" 200 27
222.70.176.97 - - [18/Nov/2021:09:16:38 +0800] "GET /xingrg/kc/buy/cgsh_order_operate.html?command=get_materiel&rest_code=00111&code=00101008264&supplier_code=00100005&order_time=2021-11-18 HTTP/1.1" 200 412
222.70.171.86 - - [18/Nov/2021:09:16:38 +0800] "GET /xingrg/all/function/internal_message.html?_=1637198209053&CODE_STATE=getMsg HTTP/1.1" 302 -
116.238.248.233 - - [18/Nov/2021:09:16:41 +0800] "POST /xingrg/dwr/call/plaincall/AjaxYddbService.checkOrder.dwr HTTP/1.1" 200 78
116.238.248.233 - - [18/Nov/2021:09:16:43 +0800] "GET /xingrg/kc/base/yddb_order_info.html?code=482021111800099 HTTP/1.1" 200 29465
116.238.248.233 - - [18/Nov/2021:09:16:43 +0800] "GET /xingrg/dwr/interface/AjaxComOrderService.js HTTP/1.1" 200 18264
116.238.248.233 - - [18/Nov/2021:09:16:43 +0800] "GET /xingrg/dwr/interface/AjaxYddbService.js HTTP/1.1" 200 13201
116.238.248.233 - - [18/Nov/2021:09:16:43 +0800] "GET /xingrg/dwr/engine.js HTTP/1.1" 200 43631
116.238.248.233 - - [18/Nov/2021:09:16:43 +0800] "POST /xingrg/dwr/call/plaincall/AjaxYddbService.loadMaterielItems.dwr HTTP/1.1" 200 383
180.169.147.146 - - [18/Nov/2021:09:16:44 +0800] "GET /xingrg/all/function/internal_message.html?_=1637198202999&CODE_STATE=getMsg HTTP/1.1" 200 27
114.85.125.222 - - [18/Nov/2021:09:16:44 +0800] "GET /xingrg/kc/buy/cgsh_order_operate.html?command=get_materiel&rest_code=00150&code=00101008300&supplier_code=00100007&order_time=2021-11-18 HTTP/1.1" 200 412
222.70.176.97 - - [18/Nov/2021:09:16:45 +0800] "GET /xingrg/kc/buy/cgsh_order_operate.html?command=get_materiel&rest_code=00111&code=00101008024&supplier_code=00100005&order_time=2021-11-18 HTTP/1.1" 200 408
116.235.93.2 - - [18/Nov/2021:09:16:45 +0800] "GET /xingrg/all/function/internal_message.html?_=1637198686411&CODE_STATE=getMsg HTTP/1.1" 200 27
116.238.248.233 - - [18/Nov/2021:09:16:47 +0800] "GET /xingrg/kc/base/yddb_order_report.html?fileType=servlets/html&code=482021111800099&reportName=ck_order_report&subName=yddb HTTP/1.1" 302 -
116.238.248.233 - - [18/Nov/2021:09:16:47 +0800] "GET /xingrg/servlets/html?sysBaseUrl=http%3A%2F%2F180.169.147.146%3A18081%2Fxingrg%2F&costTime=647×tamp=1637198207580 HTTP/1.1" 200 14759
116.238.248.233 - - [18/Nov/2021:09:16:47 +0800] "GET /xingrg/servlets/image?image=px HTTP/1.1" 200 807
116.238.248.233 - - [18/Nov/2021:09:16:47 +0800] "GET /favicon.ico HTTP/1.1" 404 -
180.169.147.146 - - [18/Nov/2021:09:16:48 +0800] "GET /xingrg/check_reg.html?_=1637198207056 HTTP/1.1" 200 22
180.169.147.146 - - [18/Nov/2021:09:16:48 +0800] "GET /xingrg/all/function/internal_message.html?_=1637198207058&CODE_STATE=getMsg HTTP/1.1" 200 27
114.85.125.222 - - [18/Nov/2021:09:16:48 +0800] "GET /xingrg/check_reg.html?_=1637198187151 HTTP/1.1" 200 22
116.235.93.2 - - [18/Nov/2021:09:16:49 +0800] "GET /xingrg/kc/buy/cgsh_order_operate.html?command=get_materiel&rest_code=00104&code=00101008356&supplier_code=00100005&order_time=2021-11-18 HTTP/1.1" 200 408
180.169.147.146 - - [18/Nov/2021:09:16:50 +0800] "GET /xingrg/kc/buy/cgsh_order_list.html HTTP/1.1" 200 49397
58.39.139.200 - - [18/Nov/2021:09:16:51 +0800] "GET /xingrg/all/function/internal_message.html?_=1637198211745&CODE_STATE=getMsg HTTP/1.1" 200 27
180.169.147.146 - - [18/Nov/2021:09:16:52 +0800] "POST /xingrg/kc/buy/cgsh_list_operate.html HTTP/1.1" 200 876
180.174.250.202 - - [18/Nov/2021:09:16:52 +0800] "GET /xingrg/kc/base/wldb_order_list.html HTTP/1.1" 302 -
180.174.250.202 - - [18/Nov/2021:09:16:52 +0800] "GET /xingrg/login.html HTTP/1.1" 200 7641
180.174.250.202 - - [18/Nov/2021:09:16:52 +0800] "GET /xingrg/login.html HTTP/1.1" 200 7641
180.174.250.202 - - [18/Nov/2021:09:16:53 +0800] "GET /xingrg/images/blue/jxLogo.png HTTP/1.1" 200 6156
180.174.250.202 - - [18/Nov/2021:09:16:53 +0800] "GET /xingrg/images/blue/srbg.png HTTP/1.1" 200 138
180.174.250.202 - - [18/Nov/2021:09:16:53 +0800] "GET /xingrg/images/blue/hj.png HTTP/1.1" 200 1014
180.174.250.202 - - [18/Nov/2021:09:16:53 +0800] "GET /xingrg/images/blue/login_bg.png HTTP/1.1" 200 22101
180.174.250.202 - - [18/Nov/2021:09:16:54 +0800] "GET /favicon.ico HTTP/1.1" 404 -
222.70.176.97 - - [18/Nov/2021:09:16:55 +0800] "GET /xingrg/kc/buy/cgsh_order_operate.html?command=get_materiel&rest_code=00111&code=00102005378&supplier_code=00100005&order_time=2021-11-18 HTTP/1.1" 200 412
180.169.147.146 - - [18/Nov/2021:09:17:00 +0800] "GET /xingrg/javascript/auto/indicator.gif HTTP/1.1" 404 1066
180.174.250.202 - - [18/Nov/2021:09:17:01 +0800] "POST /xingrg/login.do HTTP/1.1" 302 -
180.174.250.202 - - [18/Nov/2021:09:17:01 +0800] "GET /xingrg/javascript/jquery_easy_ui/themes/icon.css HTTP/1.1" 200 3949
180.174.250.202 - - [18/Nov/2021:09:17:01 +0800] "GET /xingrg/css/form.css HTTP/1.1" 200 893
180.174.250.202 - - [18/Nov/2021:09:17:01 +0800] "GET /xingrg/index.html?sysBaseUrl=http%3A%2F%2F180.169.147.146%3A18081%2Fxingrg%2F&costTime=1179×tamp=1637198221103 HTTP/1.1" 200 17173
180.174.250.202 - - [18/Nov/2021:09:17:01 +0800] "GET /xingrg/javascript/jquery-1.4.2.min.js HTTP/1.1" 200 72205
180.174.250.202 - - [18/Nov/2021:09:17:01 +0800] "GET /favicon.ico HTTP/1.1" 404 -
180.174.250.202 - - [18/Nov/2021:09:17:01 +0800] "GET /xingrg/javascript/jquery.timers.js HTTP/1.1" 200 3532
180.174.250.202 - - [18/Nov/2021:09:17:01 +0800] "GET /xingrg/javascript/jquery_easy_ui/jquery.easyui.min.js HTTP/1.1" 200 213662
180.174.250.202 - - [18/Nov/2021:09:17:01 +0800] "GET /xingrg/javascript/jquery_easy_ui/easyui-lang-zh_CN.js HTTP/1.1" 200 1900
180.174.250.202 - - [18/Nov/2021:09:17:01 +0800] "GET /xingrg/javascript/jquery_easy_ui/themes/default/easyui.css HTTP/1.1" 200 26500
180.174.250.202 - - [18/Nov/2021:09:17:01 +0800] "GET /xingrg/javascript/jquery.utils.js HTTP/1.1" 200 11805
180.174.250.202 - - [18/Nov/2021:09:17:01 +0800] "GET /xingrg/javascript/jquery.form.js HTTP/1.1" 200 23110
114.85.125.222 - - [18/Nov/2021:09:17:01 +0800] "GET /xingrg/all/function/internal_message.html?_=1637198200265&CODE_STATE=getMsg HTTP/1.1" 200 27
180.174.250.202 - - [18/Nov/2021:09:17:02 +0800] "GET /xingrg/javascript/jquery_easy_ui/themes/icons/settle_new.png HTTP/1.1" 200 826
180.174.250.202 - - [18/Nov/2021:09:17:02 +0800] "GET /xingrg/images/blue/navBackgound.jpg HTTP/1.1" 200 12378
180.174.250.202 - - [18/Nov/2021:09:17:02 +0800] "GET /xingrg/images/blue/pingpu.png HTTP/1.1" 200 231
180.174.250.202 - - [18/Nov/2021:09:17:02 +0800] "GET /xingrg/javascript/jquery_easy_ui/themes/default/images/tabs_leftarrow.png HTTP/1.1" 200 389
180.174.250.202 - - [18/Nov/2021:09:17:02 +0800] "GET /xingrg/javascript/jquery_easy_ui/themes/default/images/tabs_rightarrow.png HTTP/1.1" 200 395
180.174.250.202 - - [18/Nov/2021:09:17:02 +0800] "GET /xingrg/javascript/jquery_easy_ui/themes/default/images/panel_tool_collapse.gif HTTP/1.1" 200 246
180.174.250.202 - - [18/Nov/2021:09:17:02 +0800] "POST /xingrg/all/common/load_tree.html?tree=area_rest_tree_json&manage=1 HTTP/1.1" 200 342
180.174.250.202 - - [18/Nov/2021:09:17:02 +0800] "GET /xingrg/check_reg.html?_=1637198216136 HTTP/1.1" 200 22
180.174.250.202 - - [18/Nov/2021:09:17:02 +0800] "GET /xingrg/all/function/internal_message.html?_=1637198216134&CODE_STATE=count HTTP/1.1" 200 11
180.169.147.146 - - [18/Nov/2021:09:17:02 +0800] "GET /xingrg/all/function/internal_message.html?_=1637198221570&CODE_STATE=getMsg HTTP/1.1" 200 27
180.174.250.202 - - [18/Nov/2021:09:17:02 +0800] "GET /xingrg/javascript/jquery_easy_ui/themes/default/images/tree_arrows.gif HTTP/1.1" 200 1043
180.174.250.202 - - [18/Nov/2021:09:17:02 +0800] "POST /xingrg/load_menu.html HTTP/1.1" 200 5138
116.235.93.2 - - [18/Nov/2021:09:17:02 +0800] "GET /xingrg/kc/buy/cgsh_order_operate.html?command=get_materiel&rest_code=00104&code=00101008036&supplier_code=00100005&order_time=2021-11-18 HTTP/1.1" 200 408
180.174.250.202 - - [18/Nov/2021:09:17:03 +0800] "GET /xingrg/javascript/jquery_easy_ui/themes/default/images/tree_folder.gif HTTP/1.1" 200 952
180.174.250.202 - - [18/Nov/2021:09:17:03 +0800] "GET /xingrg/javascript/jquery_easy_ui/themes/default/images/tree_folder_open.gif HTTP/1.1" 200 956
180.174.250.202 - - [18/Nov/2021:09:17:03 +0800] "GET /xingrg/javascript/jquery_easy_ui/themes/icons/search_new.png HTTP/1.1" 200 586
180.174.250.202 - - [18/Nov/2021:09:17:03 +0800] "GET /xingrg/javascript/jquery_easy_ui/themes/icons/storage_new.png HTTP/1.1" 200 853
180.174.250.202 - - [18/Nov/2021:09:17:03 +0800] "GET /xingrg/javascript/jquery_easy_ui/themes/icons/forms_new.png HTTP/1.1" 200 350
180.174.250.202 - - [18/Nov/2021:09:17:03 +0800] "GET /xingrg/javascript/jquery_easy_ui/themes/default/images/tree_file.gif HTTP/1.1" 200 118
222.70.176.97 - - [18/Nov/2021:09:17:04 +0800] "GET /xingrg/kc/buy/cgsh_order_operate.html?command=get_materiel&rest_code=00111&code=00101008360&supplier_code=00100005&order_time=2021-11-18 HTTP/1.1" 200 413
180.169.147.146 - - [18/Nov/2021:09:17:04 +0800] "GET /xingrg/all/function/internal_message.html?_=1637198225427&CODE_STATE=getMsg HTTP/1.1" 200 27
180.174.250.202 - - [18/Nov/2021:09:17:05 +0800] "GET /xingrg/javascript/jquery_easy_ui/themes/default/images/tabs_close.gif HTTP/1.1" 200 829
180.174.250.202 - - [18/Nov/2021:09:17:06 +0800] "GET /xingrg/kc/base/wldb_order_list.html HTTP/1.1" 200 19224
180.174.250.202 - - [18/Nov/2021:09:17:06 +0800] "GET /xingrg/css/base.css HTTP/1.1" 200 2811
180.174.250.202 - - [18/Nov/2021:09:17:06 +0800] "GET /xingrg/javascript/jquery_tools/datebox.css HTTP/1.1" 200 2597
180.174.250.202 - - [18/Nov/2021:09:17:06 +0800] "GET /xingrg/javascript/auto/jquery.autocomplete.css HTTP/1.1" 200 587
180.174.250.202 - - [18/Nov/2021:09:17:06 +0800] "GET /xingrg/javascript/easyui/themes/icon.css HTTP/1.1" 200 4483
180.174.250.202 - - [18/Nov/2021:09:17:06 +0800] "GET /xingrg/css/site.css HTTP/1.1" 200 7541
180.174.250.202 - - [18/Nov/2021:09:17:06 +0800] "GET /xingrg/javascript/jquery_tools/jquery.tools.min.js HTTP/1.1" 200 138801
180.174.250.202 - - [18/Nov/2021:09:17:06 +0800] "GET /xingrg/javascript/jquery_tools/table.css HTTP/1.1" 200 1032
180.174.250.202 - - [18/Nov/2021:09:17:06 +0800] "GET /xingrg/javascript/jquery_tools/jquery.tools.hotkey.js HTTP/1.1" 200 3242
180.174.250.202 - - [18/Nov/2021:09:17:06 +0800] "GET /xingrg/javascript/jquery_tools/jquery.tools.table.js HTTP/1.1" 200 6994
180.174.250.202 - - [18/Nov/2021:09:17:06 +0800] "GET /xingrg/javascript/jquery_tools/list_manager.js HTTP/1.1" 200 3652
180.174.250.202 - - [18/Nov/2021:09:17:06 +0800] "GET /xingrg/javascript/jquery.cookie.js HTTP/1.1" 200 5513
180.174.250.202 - - [18/Nov/2021:09:17:06 +0800] "GET /xingrg/javascript/print/LodopFuncs.js HTTP/1.1" 200 5121
180.174.250.202 - - [18/Nov/2021:09:17:06 +0800] "GET /xingrg/javascript/jquery_tools/fix.css HTTP/1.1" 200 1702
180.174.250.202 - - [18/Nov/2021:09:17:06 +0800] "GET /xingrg/javascript/easyui/easyloader.js HTTP/1.1" 200 5975
180.174.250.202 - - [18/Nov/2021:09:17:06 +0800] "GET /xingrg/javascript/jquery_tools/jquery.tools.extend.js HTTP/1.1" 200 15385
