180.169.147.146 - - [18/Nov/2021:10:07:02 +0800] "GET /xingrg/all/function/internal_message.html?_=1637201221561&CODE_STATE=getMsg HTTP/1.1" 200 27
58.37.231.44 - - [18/Nov/2021:10:07:03 +0800] "GET /xingrg/kc/buy/cgsh_order_operate.html?command=get_materiel&rest_code=00141&code=00101008137&supplier_code=00100007&order_time=2021-11-18 HTTP/1.1" 200 408
116.235.93.2 - - [18/Nov/2021:10:07:05 +0800] "GET /xingrg/kc/buy/cgsh_order_operate.html?command=get_materiel&rest_code=00104&code=00101006055&supplier_code=00100012&order_time=2021-11-18 HTTP/1.1" 200 409
222.69.129.93 - - [18/Nov/2021:10:07:07 +0800] "POST /xingrg/kc/buy/cgsh_list_operate.html HTTP/1.1" 200 876
116.238.248.233 - - [18/Nov/2021:10:07:08 +0800] "GET /xingrg/all/function/internal_message.html?_=1637201225927&CODE_STATE=getMsg HTTP/1.1" 200 27
180.157.253.6 - - [18/Nov/2021:10:07:08 +0800] "POST /xingrg/services/DataTransmitService HTTP/1.1" 200 524
180.157.253.6 - - [18/Nov/2021:10:07:10 +0800] "GET /xingrg/all/function/internal_message.html?_=1637201231461&CODE_STATE=getMsg HTTP/1.1" 200 27
180.174.250.202 - - [18/Nov/2021:10:07:10 +0800] "POST /xingrg/kc/buy/cgsh_list_operate.html HTTP/1.1" 200 203
180.174.250.202 - - [18/Nov/2021:10:07:13 +0800] "GET /xingrg/kc/buy/cgsh_order_info.html?code=212021111807452 HTTP/1.1" 200 64888
180.174.250.202 - - [18/Nov/2021:10:07:13 +0800] "GET /xingrg/javascript/easyui/themes/default/validatebox.css HTTP/1.1" 404 1104
180.174.250.202 - - [18/Nov/2021:10:07:13 +0800] "GET /xingrg/all/common/auto_word.html?type=employee&rest_code=00102 HTTP/1.1" 200 189
180.174.250.202 - - [18/Nov/2021:10:07:13 +0800] "GET /xingrg/all/common/auto_word.html?type=employee&rest_code=00102 HTTP/1.1" 200 189
180.174.250.202 - - [18/Nov/2021:10:07:14 +0800] "POST /xingrg/kc/buy/cgsh_order_operate.html HTTP/1.1" 200 2664
222.70.176.97 - - [18/Nov/2021:10:07:14 +0800] "GET /xingrg/all/function/internal_message.html?_=1637201231329&CODE_STATE=getMsg HTTP/1.1" 200 27
116.233.74.200 - - [18/Nov/2021:10:07:15 +0800] "GET /xingrg/all/function/internal_message.html?_=1637201234985&CODE_STATE=getMsg HTTP/1.1" 200 27
116.233.74.200 - - [18/Nov/2021:10:07:15 +0800] "GET /xingrg/check_reg.html?_=1637201234985 HTTP/1.1" 200 22
116.227.210.113 - - [18/Nov/2021:10:07:15 +0800] "GET /xingrg/all/function/internal_message.html?_=1637201210703&CODE_STATE=getMsg HTTP/1.1" 200 27
180.169.147.146 - - [18/Nov/2021:10:07:18 +0800] "POST /xingrg/kc/buy/cgsh_list_operate.html HTTP/1.1" 200 4
180.174.250.202 - - [18/Nov/2021:10:07:19 +0800] "POST /xingrg/kc/buy/cgsh_order_operate.html HTTP/1.1" 200 37
222.69.129.93 - - [18/Nov/2021:10:07:21 +0800] "GET /xingrg/kc/buy/cgsh_order_operate.html?command=get_materiel&rest_code=00149&code=00101007048&supplier_code=00100205&order_time=2021-11-17 HTTP/1.1" 200 408
180.169.147.146 - - [18/Nov/2021:10:07:21 +0800] "GET /xingrg/all/function/internal_message.html?_=1637201242418&CODE_STATE=getMsg HTTP/1.1" 200 27
116.235.93.2 - - [18/Nov/2021:10:07:22 +0800] "GET /xingrg/kc/buy/cgsh_order_operate.html?command=get_materiel&rest_code=00104&code=00101006013&supplier_code=00100012&order_time=2021-11-18 HTTP/1.1" 200 409
180.169.147.146 - - [18/Nov/2021:10:07:25 +0800] "GET /xingrg/check_reg.html?_=1637201247181 HTTP/1.1" 200 22
222.69.129.93 - - [18/Nov/2021:10:07:26 +0800] "GET /xingrg/all/function/internal_message.html?_=1637201244631&CODE_STATE=getMsg HTTP/1.1" 200 27
180.174.250.202 - - [18/Nov/2021:10:07:26 +0800] "POST /xingrg/kc/buy/cgsh_order_operate.html HTTP/1.1" 200 12
58.39.139.200 - - [18/Nov/2021:10:07:27 +0800] "GET /xingrg/kc/mdqp/pssh_order_list.html HTTP/1.1" 200 17945
58.39.139.200 - - [18/Nov/2021:10:07:28 +0800] "POST /xingrg/kc/mdqp/pssh_list_operate.html HTTP/1.1" 200 5365
180.174.250.202 - - [18/Nov/2021:10:07:28 +0800] "GET /xingrg/kc/buy/cgsh_order_info.html?code=212021111807452 HTTP/1.1" 200 59788
180.174.250.202 - - [18/Nov/2021:10:07:28 +0800] "GET /xingrg/javascript/easyui/themes/default/validatebox.css HTTP/1.1" 404 1104
180.174.250.202 - - [18/Nov/2021:10:07:29 +0800] "POST /xingrg/kc/buy/cgsh_order_operate.html HTTP/1.1" 200 614
180.174.250.202 - - [18/Nov/2021:10:07:29 +0800] "GET /xingrg/kc/print/load_config.html?kc_code=cgsh HTTP/1.1" 200 2281
180.174.250.202 - - [18/Nov/2021:10:07:30 +0800] "GET /xingrg/kc/print/load_data.html?order_code=212021111807452&kc_code=cgsh&condition= HTTP/1.1" 200 766
58.39.139.200 - - [18/Nov/2021:10:07:30 +0800] "POST /xingrg/kc/mdqp/pssh_list_operate.html HTTP/1.1" 200 766
116.235.93.2 - - [18/Nov/2021:10:07:31 +0800] "GET /xingrg/all/function/internal_message.html?_=1637201731637&CODE_STATE=getMsg HTTP/1.1" 200 27
58.39.139.200 - - [18/Nov/2021:10:07:33 +0800] "GET /xingrg/kc/mdqp/pssh_order_info.html?code=312021111600405 HTTP/1.1" 200 17297
58.39.139.200 - - [18/Nov/2021:10:07:33 +0800] "GET /xingrg/javascript/jquery_tools/jquery-1.4.2.min.js HTTP/1.1" 404 1094
58.39.139.200 - - [18/Nov/2021:10:07:33 +0800] "GET /xingrg/javascript/easyui/themes/default/validatebox.css HTTP/1.1" 404 1104
58.39.139.200 - - [18/Nov/2021:10:07:33 +0800] "POST /xingrg/kc/mdqp/pssh_order_operate.html HTTP/1.1" 200 14887
180.174.250.202 - - [18/Nov/2021:10:07:34 +0800] "GET /xingrg/kc/buy/cgsh_order_add.html HTTP/1.1" 200 64877
180.174.250.202 - - [18/Nov/2021:10:07:35 +0800] "POST /xingrg/kc/buy/cgsh_order_operate.html HTTP/1.1" 200 8245
180.174.250.202 - - [18/Nov/2021:10:07:35 +0800] "GET /xingrg/javascript/easyui/themes/default/validatebox.css HTTP/1.1" 404 1104
180.157.253.6 - - [18/Nov/2021:10:07:35 +0800] "GET /xingrg/all/function/internal_message.html?_=1637201255233&CODE_STATE=getMsg HTTP/1.1" 200 27
116.238.248.233 - - [18/Nov/2021:10:07:36 +0800] "POST /xingrg/kc/buy/cgsh_order_operate.html HTTP/1.1" 200 37
180.174.250.202 - - [18/Nov/2021:10:07:37 +0800] "GET /xingrg/all/function/internal_message.html?_=1637201250683&CODE_STATE=getMsg HTTP/1.1" 200 27
180.174.250.202 - - [18/Nov/2021:10:07:37 +0800] "GET /xingrg/javascript/auto/indicator.gif HTTP/1.1" 404 1066
222.69.129.93 - - [18/Nov/2021:10:07:37 +0800] "GET /xingrg/kc/buy/cgsh_order_operate.html?command=get_materiel&rest_code=00149&code=00101007061&supplier_code=00100205&order_time=2021-11-17 HTTP/1.1" 200 410
180.174.250.202 - - [18/Nov/2021:10:07:38 +0800] "GET /xingrg/javascript/jquery_tools/images/prev.gif HTTP/1.1" 404 1086
180.174.250.202 - - [18/Nov/2021:10:07:38 +0800] "GET /xingrg/javascript/jquery_tools/images/next.gif HTTP/1.1" 404 1086
58.39.139.200 - - [18/Nov/2021:10:07:38 +0800] "POST /xingrg/all/common/load_combo.html?type=employee HTTP/1.1" 200 356
222.70.171.86 - - [18/Nov/2021:10:07:39 +0800] "GET /xingrg/all/function/internal_message.html?_=1637201270231&CODE_STATE=getMsg HTTP/1.1" 302 -
180.174.250.202 - - [18/Nov/2021:10:07:42 +0800] "GET /xingrg/all/function/internal_message.html?_=1637201264039&CODE_STATE=getMsg HTTP/1.1" 200 27
58.37.231.44 - - [18/Nov/2021:10:07:42 +0800] "GET /xingrg/all/function/internal_message.html?_=1637201089861&CODE_STATE=getMsg HTTP/1.1" 200 27
180.169.147.146 - - [18/Nov/2021:10:07:42 +0800] "POST /xingrg/kc/buy/cgsh_list_operate.html HTTP/1.1" 200 154
58.39.139.200 - - [18/Nov/2021:10:07:42 +0800] "POST /xingrg/kc/mdqp/pssh_order_operate.html HTTP/1.1" 200 37
58.39.139.200 - - [18/Nov/2021:10:07:43 +0800] "POST /xingrg/kc/mdqp/pssh_order_operate.html HTTP/1.1" 200 14887
180.169.147.146 - - [18/Nov/2021:10:07:44 +0800] "GET /xingrg/all/function/internal_message.html?_=1637201263056&CODE_STATE=getMsg HTTP/1.1" 200 27
114.85.125.222 - - [18/Nov/2021:10:07:46 +0800] "GET /xingrg/all/function/internal_message.html?_=1637201244769&CODE_STATE=getMsg HTTP/1.1" 200 27
116.238.248.233 - - [18/Nov/2021:10:07:46 +0800] "POST /xingrg/kc/buy/cgsh_order_operate.html HTTP/1.1" 200 12
58.39.139.200 - - [18/Nov/2021:10:07:48 +0800] "POST /xingrg/kc/mdqp/pssh_order_operate.html HTTP/1.1" 200 37
180.169.147.146 - - [18/Nov/2021:10:07:48 +0800] "GET /xingrg/all/function/internal_message.html?_=1637201267116&CODE_STATE=getMsg HTTP/1.1" 200 27
116.235.93.2 - - [18/Nov/2021:10:07:49 +0800] "GET /xingrg/kc/buy/cgsh_order_operate.html?command=get_materiel&rest_code=00104&code=00101006111&supplier_code=00100012&order_time=2021-11-18 HTTP/1.1" 200 409
58.39.139.200 - - [18/Nov/2021:10:07:49 +0800] "GET /xingrg/all/function/internal_message.html?_=1637201270501&CODE_STATE=getMsg HTTP/1.1" 200 27
116.238.248.233 - - [18/Nov/2021:10:07:50 +0800] "GET /xingrg/kc/buy/cgsh_order_info.html?code=212021111807397 HTTP/1.1" 200 59425
222.69.129.93 - - [18/Nov/2021:10:07:50 +0800] "GET /xingrg/kc/buy/cgsh_order_operate.html?command=get_materiel&rest_code=00149&code=00101007059&supplier_code=00100205&order_time=2021-11-17 HTTP/1.1" 200 411
116.238.248.233 - - [18/Nov/2021:10:07:50 +0800] "GET /xingrg/javascript/easyui/themes/default/validatebox.css HTTP/1.1" 404 1104
116.238.248.233 - - [18/Nov/2021:10:07:51 +0800] "POST /xingrg/kc/buy/cgsh_order_operate.html HTTP/1.1" 200 4801
180.174.250.202 - - [18/Nov/2021:10:07:52 +0800] "GET /xingrg/kc/buy/cgsh_order_operate.html?command=get_materiel&rest_code=00102&code=00101005039&supplier_code=00100316&order_time=2021-11-17 HTTP/1.1" 200 420
116.238.248.233 - - [18/Nov/2021:10:07:53 +0800] "GET /xingrg/kc/print/load_data.html?order_code=212021111807397&kc_code=cgsh&condition= HTTP/1.1" 200 2327
58.39.139.200 - - [18/Nov/2021:10:07:54 +0800] "POST /xingrg/kc/mdqp/pssh_order_operate.html HTTP/1.1" 200 12
120.253.135.82 - - [18/Nov/2021:10:07:55 +0800] "POST /xingrg/kc/pszx/mdps_list_operate.html HTTP/1.1" 200 1689
180.169.147.146 - - [18/Nov/2021:10:07:58 +0800] "GET /xingrg/check_reg.html?_=1637201347957 HTTP/1.1" 200 22
58.37.231.44 - - [18/Nov/2021:10:07:58 +0800] "GET /xingrg/kc/buy/cgsh_order_operate.html?command=get_materiel&rest_code=00141&code=00101008357&supplier_code=00100007&order_time=2021-11-18 HTTP/1.1" 200 408
120.253.135.82 - - [18/Nov/2021:10:07:58 +0800] "POST /xingrg/kc/pszx/mdps_list_operate.html HTTP/1.1" 200 295
180.174.250.202 - - [18/Nov/2021:10:07:59 +0800] "GET /xingrg/kc/buy/cgsh_order_operate.html?command=get_materiel&rest_code=00102&code=00101005009&supplier_code=00100316&order_time=2021-11-17 HTTP/1.1" 200 417
116.238.248.233 - - [18/Nov/2021:10:07:59 +0800] "POST /xingrg/kc/buy/cgsh_list_operate.html HTTP/1.1" 200 558
120.253.135.82 - - [18/Nov/2021:10:08:00 +0800] "GET /xingrg/kc/pszx/mdps_order_info.html?code=312021111800470 HTTP/1.1" 200 23929
120.253.135.82 - - [18/Nov/2021:10:08:01 +0800] "GET /xingrg/javascript/easyui/themes/default/validatebox.css HTTP/1.1" 404 1104
58.39.139.200 - - [18/Nov/2021:10:08:01 +0800] "GET /xingrg/kc/mdqp/pssh_order_info.html?code=312021111600405 HTTP/1.1" 200 14386
58.39.139.200 - - [18/Nov/2021:10:08:01 +0800] "GET /xingrg/javascript/jquery_tools/jquery-1.4.2.min.js HTTP/1.1" 404 1094
120.253.135.82 - - [18/Nov/2021:10:08:01 +0800] "POST /xingrg/kc/pszx/mdps_order_operate.html HTTP/1.1" 200 2800
58.39.139.200 - - [18/Nov/2021:10:08:01 +0800] "GET /xingrg/javascript/easyui/themes/default/validatebox.css HTTP/1.1" 404 1104
116.235.93.2 - - [18/Nov/2021:10:08:02 +0800] "GET /xingrg/kc/buy/cgsh_order_operate.html?command=get_materiel&rest_code=00104&code=00101006065&supplier_code=00100012&order_time=2021-11-18 HTTP/1.1" 200 409
58.39.139.200 - - [18/Nov/2021:10:08:02 +0800] "POST /xingrg/kc/mdqp/pssh_order_operate.html HTTP/1.1" 200 14887
180.169.147.146 - - [18/Nov/2021:10:08:02 +0800] "GET /xingrg/all/function/internal_message.html?_=1637201281563&CODE_STATE=getMsg HTTP/1.1" 200 27
116.238.248.233 - - [18/Nov/2021:10:08:02 +0800] "GET /xingrg/kc/buy/cgsh_order_info.html?code=212021111807396 HTTP/1.1" 200 64525
116.238.248.233 - - [18/Nov/2021:10:08:03 +0800] "GET /xingrg/javascript/easyui/themes/default/validatebox.css HTTP/1.1" 404 1104
58.39.139.200 - - [18/Nov/2021:10:08:04 +0800] "GET /xingrg/kc/print/load_data.html?order_code=312021111600405&kc_code=pssh&condition= HTTP/1.1" 200 5657
116.238.248.233 - - [18/Nov/2021:10:08:04 +0800] "POST /xingrg/kc/buy/cgsh_order_operate.html HTTP/1.1" 200 18786
120.253.135.82 - - [18/Nov/2021:10:08:06 +0800] "POST /xingrg/kc/pszx/mdps_order_operate.html HTTP/1.1" 200 37
222.69.129.93 - - [18/Nov/2021:10:08:08 +0800] "POST /xingrg/kc/buy/cgsh_order_operate.html HTTP/1.1" 200 37
116.238.248.233 - - [18/Nov/2021:10:08:08 +0800] "GET /xingrg/all/function/internal_message.html?_=1637201285935&CODE_STATE=getMsg HTTP/1.1" 200 27
180.169.147.146 - - [18/Nov/2021:10:08:10 +0800] "GET /xingrg/login.html HTTP/1.1" 200 7641
180.169.147.146 - - [18/Nov/2021:10:08:10 +0800] "GET /favicon.ico HTTP/1.1" 404 -
180.157.253.6 - - [18/Nov/2021:10:08:10 +0800] "GET /xingrg/all/function/internal_message.html?_=1637201291461&CODE_STATE=getMsg HTTP/1.1" 200 27
180.157.253.6 - - [18/Nov/2021:10:08:10 +0800] "GET /xingrg/check_reg.html?_=1637201291463 HTTP/1.1" 200 22
58.37.231.44 - - [18/Nov/2021:10:08:11 +0800] "GET /xingrg/kc/buy/cgsh_order_operate.html?command=get_materiel&rest_code=00141&code=00101008286&supplier_code=00100007&order_time=2021-11-18 HTTP/1.1" 200 408
116.238.248.233 - - [18/Nov/2021:10:08:13 +0800] "POST /xingrg/all/user/operate.html HTTP/1.1" 200 36
180.174.250.202 - - [18/Nov/2021:10:08:13 +0800] "POST /xingrg/kc/buy/cgsh_order_operate.html HTTP/1.1" 200 88
116.238.248.233 - - [18/Nov/2021:10:08:13 +0800] "GET /xingrg/javascript/jquery_easy_ui/themes/default/easyui.css HTTP/1.1" 304 -
116.238.248.233 - - [18/Nov/2021:10:08:13 +0800] "GET /xingrg/index.html?sysBaseUrl=http%3A%2F%2F180.169.147.146%3A18081%2Fxingrg%2F&costTime=5413×tamp=1637200795067 HTTP/1.1" 200 17179
116.238.248.233 - - [18/Nov/2021:10:08:13 +0800] "GET /xingrg/javascript/jquery_easy_ui/themes/icon.css HTTP/1.1" 304 -
116.238.248.233 - - [18/Nov/2021:10:08:13 +0800] "GET /xingrg/css/form.css HTTP/1.1" 304 -
116.238.248.233 - - [18/Nov/2021:10:08:13 +0800] "GET /xingrg/javascript/jquery-1.4.2.min.js HTTP/1.1" 304 -
116.238.248.233 - - [18/Nov/2021:10:08:14 +0800] "GET /xingrg/javascript/jquery_easy_ui/jquery.easyui.min.js HTTP/1.1" 304 -
116.238.248.233 - - [18/Nov/2021:10:08:14 +0800] "GET /xingrg/javascript/jquery_easy_ui/easyui-lang-zh_CN.js HTTP/1.1" 304 -
116.238.248.233 - - [18/Nov/2021:10:08:14 +0800] "GET /xingrg/javascript/jquery.form.js HTTP/1.1" 304 -
116.238.248.233 - - [18/Nov/2021:10:08:14 +0800] "GET /xingrg/javascript/jquery.utils.js HTTP/1.1" 304 -
116.238.248.233 - - [18/Nov/2021:10:08:14 +0800] "GET /xingrg/javascript/jquery.timers.js HTTP/1.1" 304 -
116.238.248.233 - - [18/Nov/2021:10:08:14 +0800] "GET /xingrg/images/blue/jxLogo.png HTTP/1.1" 304 -
116.238.248.233 - - [18/Nov/2021:10:08:14 +0800] "GET /xingrg/javascript/jquery_easy_ui/themes/icons/settle_new.png HTTP/1.1" 304 -
116.238.248.233 - - [18/Nov/2021:10:08:14 +0800] "GET /xingrg/images/blue/navBackgound.jpg HTTP/1.1" 304 -
116.238.248.233 - - [18/Nov/2021:10:08:14 +0800] "GET /xingrg/check_reg.html?_=1637201292133 HTTP/1.1" 200 22
116.238.248.233 - - [18/Nov/2021:10:08:14 +0800] "GET /xingrg/all/function/internal_message.html?_=1637201292133&CODE_STATE=count HTTP/1.1" 200 11
116.238.248.233 - - [18/Nov/2021:10:08:14 +0800] "GET /xingrg/images/blue/pingpu.png HTTP/1.1" 304 -
116.238.248.233 - - [18/Nov/2021:10:08:14 +0800] "GET /xingrg/javascript/jquery_easy_ui/themes/default/images/tabs_rightarrow.png HTTP/1.1" 304 -
116.238.248.233 - - [18/Nov/2021:10:08:14 +0800] "GET /xingrg/javascript/jquery_easy_ui/themes/default/images/tabs_leftarrow.png HTTP/1.1" 304 -
116.238.248.233 - - [18/Nov/2021:10:08:14 +0800] "GET /xingrg/javascript/jquery_easy_ui/themes/default/images/panel_tool_collapse.gif HTTP/1.1" 304 -
116.238.248.233 - - [18/Nov/2021:10:08:14 +0800] "POST /xingrg/all/common/load_tree.html?tree=area_rest_tree_json&manage=1 HTTP/1.1" 200 476
116.238.248.233 - - [18/Nov/2021:10:08:14 +0800] "POST /xingrg/load_menu.html HTTP/1.1" 200 5138
222.70.176.97 - - [18/Nov/2021:10:08:14 +0800] "GET /xingrg/all/function/internal_message.html?_=1637201291313&CODE_STATE=getMsg HTTP/1.1" 200 27
116.233.74.200 - - [18/Nov/2021:10:08:15 +0800] "GET /xingrg/all/function/internal_message.html?_=1637201294988&CODE_STATE=getMsg HTTP/1.1" 200 27
116.227.210.113 - - [18/Nov/2021:10:08:15 +0800] "GET /xingrg/all/function/internal_message.html?_=1637201270695&CODE_STATE=getMsg HTTP/1.1" 200 27
180.169.147.146 - - [18/Nov/2021:10:08:17 +0800] "POST /xingrg/login.do HTTP/1.1" 302 -
116.238.248.233 - - [18/Nov/2021:10:08:17 +0800] "GET /xingrg/kc/buy/cgsh_order_list.html HTTP/1.1" 200 49142
180.169.147.146 - - [18/Nov/2021:10:08:17 +0800] "GET /xingrg/index.html?sysBaseUrl=http%3A%2F%2F180.169.147.146%3A18081%2Fxingrg%2F&costTime=2137×tamp=1637201297700 HTTP/1.1" 200 17179
180.169.147.146 - - [18/Nov/2021:10:08:18 +0800] "GET /favicon.ico HTTP/1.1" 404 -
180.169.147.146 - - [18/Nov/2021:10:08:18 +0800] "GET /xingrg/all/function/internal_message.html?_=1637201299477&CODE_STATE=count HTTP/1.1" 200 11
180.169.147.146 - - [18/Nov/2021:10:08:18 +0800] "GET /xingrg/check_reg.html?_=1637201299478 HTTP/1.1" 200 22
116.235.93.2 - - [18/Nov/2021:10:08:18 +0800] "GET /xingrg/kc/buy/cgsh_order_operate.html?command=get_materiel&rest_code=00104&code=00101006097&supplier_code=00100012&order_time=2021-11-18 HTTP/1.1" 200 409
120.253.135.82 - - [18/Nov/2021:10:08:18 +0800] "POST /xingrg/kc/pszx/mdps_order_operate.html HTTP/1.1" 200 12
180.169.147.146 - - [18/Nov/2021:10:08:19 +0800] "POST /xingrg/load_menu.html HTTP/1.1" 200 5138
180.169.147.146 - - [18/Nov/2021:10:08:19 +0800] "POST /xingrg/all/common/load_tree.html?tree=area_rest_tree_json&manage=1 HTTP/1.1" 200 351
180.169.147.146 - - [18/Nov/2021:10:08:20 +0800] "GET /xingrg/kc/buy/buy_main.html HTTP/1.1" 200 12412
180.169.147.146 - - [18/Nov/2021:10:08:20 +0800] "GET /xingrg/css/new_ie.css HTTP/1.1" 404 1036
180.169.147.146 - - [18/Nov/2021:10:08:20 +0800] "GET /xingrg/images/yd/bt.gif HTTP/1.1" 404 1040
120.253.135.82 - - [18/Nov/2021:10:08:20 +0800] "GET /xingrg/kc/pszx/mdps_order_info.html?code=312021111800470 HTTP/1.1" 200 19589
120.253.135.82 - - [18/Nov/2021:10:08:21 +0800] "GET /xingrg/javascript/easyui/themes/default/validatebox.css HTTP/1.1" 404 1104
180.169.147.146 - - [18/Nov/2021:10:08:21 +0800] "GET /xingrg/all/function/internal_message.html?_=1637201302416&CODE_STATE=getMsg HTTP/1.1" 200 27
180.174.250.202 - - [18/Nov/2021:10:08:23 +0800] "POST /xingrg/kc/buy/cgsh_order_operate.html HTTP/1.1" 200 37
120.253.135.82 - - [18/Nov/2021:10:08:23 +0800] "POST /xingrg/kc/pszx/mdps_order_operate.html HTTP/1.1" 200 1016
180.169.147.146 - - [18/Nov/2021:10:08:24 +0800] "GET /xingrg/kc/buy/cgsh_order_list.html HTTP/1.1" 200 8212
180.169.147.146 - - [18/Nov/2021:10:08:24 +0800] "GET /xingrg/kc/buy/cgsh_order_list.html HTTP/1.1" 200 8212
58.37.231.44 - - [18/Nov/2021:10:08:24 +0800] "GET /xingrg/kc/buy/cgsh_order_operate.html?command=get_materiel&rest_code=00141&code=00101008036&supplier_code=00100007&order_time=2021-11-18 HTTP/1.1" 200 408
180.169.147.146 - - [18/Nov/2021:10:08:24 +0800] "GET /xingrg/kc/buy/cgsh_order_list.html HTTP/1.1" 200 49142
180.169.147.146 - - [18/Nov/2021:10:08:24 +0800] "GET /xingrg/kc/buy/cgsh_order_list.html HTTP/1.1" 200 8212
180.169.147.146 - - [18/Nov/2021:10:08:24 +0800] "GET /xingrg/kc/buy/cgsh_order_list.html HTTP/1.1" 200 8212
222.69.129.93 - - [18/Nov/2021:10:08:26 +0800] "GET /xingrg/all/function/internal_message.html?_=1637201304607&CODE_STATE=getMsg HTTP/1.1" 200 27
222.69.129.93 - - [18/Nov/2021:10:08:28 +0800] "POST /xingrg/kc/buy/cgsh_order_operate.html HTTP/1.1" 200 12
116.238.248.233 - - [18/Nov/2021:10:08:29 +0800] "POST /xingrg/kc/buy/cgsh_list_operate.html HTTP/1.1" 200 876
58.39.139.200 - - [18/Nov/2021:10:08:30 +0800] "GET /xingrg/kc/mdqp/qqps_order_list.html HTTP/1.1" 200 9222
58.39.139.200 - - [18/Nov/2021:10:08:30 +0800] "GET /xingrg/dwr/interface/AjaxQqpsService.js HTTP/1.1" 200 16326
58.39.139.200 - - [18/Nov/2021:10:08:30 +0800] "GET /xingrg/dwr/interface/AjaxReportQueryService.js HTTP/1.1" 200 13203
58.39.139.200 - - [18/Nov/2021:10:08:30 +0800] "GET /xingrg/dwr/engine.js HTTP/1.1" 200 43631
116.235.93.2 - - [18/Nov/2021:10:08:31 +0800] "GET /xingrg/all/function/internal_message.html?_=1637201791876&CODE_STATE=getMsg HTTP/1.1" 200 27
116.238.248.233 - - [18/Nov/2021:10:08:31 +0800] "GET /xingrg/javascript/jquery_tools/images/prev.gif HTTP/1.1" 404 1086
116.238.248.233 - - [18/Nov/2021:10:08:31 +0800] "GET /xingrg/javascript/jquery_tools/images/next.gif HTTP/1.1" 404 1086
116.235.93.2 - - [18/Nov/2021:10:08:32 +0800] "GET /xingrg/javascript/easyui/themes/default/images/button_plain_hover.png HTTP/1.1" 304 -
222.69.129.93 - - [18/Nov/2021:10:08:32 +0800] "GET /xingrg/kc/buy/cgsh_order_info.html?code=212021111807454 HTTP/1.1" 200 59872
222.69.129.93 - - [18/Nov/2021:10:08:32 +0800] "GET /xingrg/javascript/easyui/themes/default/validatebox.css HTTP/1.1" 404 1104
116.235.93.2 - - [18/Nov/2021:10:08:32 +0800] "GET /xingrg/javascript/easyui/themes/default/images/button_plain_hover.png HTTP/1.1" 304 -
222.69.129.93 - - [18/Nov/2021:10:08:33 +0800] "POST /xingrg/kc/buy/cgsh_order_operate.html HTTP/1.1" 200 1780
222.69.129.93 - - [18/Nov/2021:10:08:35 +0800] "GET /xingrg/kc/print/load_data.html?order_code=212021111807454&kc_code=cgsh&condition= HTTP/1.1" 200 1136
180.157.253.6 - - [18/Nov/2021:10:08:35 +0800] "GET /xingrg/all/function/internal_message.html?_=1637201315233&CODE_STATE=getMsg HTTP/1.1" 200 27
58.39.139.200 - - [18/Nov/2021:10:08:36 +0800] "GET /xingrg/kc/mdqp/qqps_order_list.html?isQuery=1&timeSelect=1&orderTime=day&startTime=2021-11-15&endTime=2021-11-18&state=all&query=%C8%B7++%B6%A8 HTTP/1.1" 200 11818
58.39.139.200 - - [18/Nov/2021:10:08:36 +0800] "GET /xingrg/dwr/interface/AjaxReportQueryService.js HTTP/1.1" 200 13203
58.39.139.200 - - [18/Nov/2021:10:08:36 +0800] "GET /xingrg/dwr/interface/AjaxQqpsService.js HTTP/1.1" 200 16326
58.39.139.200 - - [18/Nov/2021:10:08:36 +0800] "GET /xingrg/dwr/engine.js HTTP/1.1" 200 43631
180.174.250.202 - - [18/Nov/2021:10:08:37 +0800] "GET /xingrg/check_reg.html?_=1637201310635 HTTP/1.1" 200 22
180.174.250.202 - - [18/Nov/2021:10:08:37 +0800] "GET /xingrg/all/function/internal_message.html?_=1637201310697&CODE_STATE=getMsg HTTP/1.1" 200 27
116.235.93.2 - - [18/Nov/2021:10:08:38 +0800] "POST /xingrg/kc/buy/cgsh_order_operate.html HTTP/1.1" 200 37
116.238.248.233 - - [18/Nov/2021:10:08:38 +0800] "GET /xingrg/javascript/auto/indicator.gif HTTP/1.1" 404 1066
222.70.171.86 - - [18/Nov/2021:10:08:39 +0800] "GET /xingrg/all/function/internal_message.html?_=1637201330243&CODE_STATE=getMsg HTTP/1.1" 302 -
116.235.93.2 - - [18/Nov/2021:10:08:39 +0800] "POST /xingrg/kc/buy/cgsh_order_operate.html HTTP/1.1" 200 5601
116.235.93.2 - - [18/Nov/2021:10:08:40 +0800] "GET /xingrg/javascript/easyui/themes/default/images/button_plain_hover.png HTTP/1.1" 304 -
116.235.93.2 - - [18/Nov/2021:10:08:40 +0800] "GET /xingrg/javascript/easyui/themes/default/images/button_plain_hover.png HTTP/1.1" 304 -
116.235.93.2 - - [18/Nov/2021:10:08:40 +0800] "GET /xingrg/javascript/easyui/themes/default/images/button_plain_hover.png HTTP/1.1" 304 -
58.39.139.200 - - [18/Nov/2021:10:08:40 +0800] "GET /xingrg/kc/mdqp/qqps_order_info.html?code=302021111500343 HTTP/1.1" 200 26715
58.39.139.200 - - [18/Nov/2021:10:08:40 +0800] "GET /xingrg/dwr/interface/AjaxComOrderService.js HTTP/1.1" 200 18264
58.39.139.200 - - [18/Nov/2021:10:08:40 +0800] "GET /xingrg/dwr/interface/AjaxQqpsService.js HTTP/1.1" 200 16326
58.39.139.200 - - [18/Nov/2021:10:08:40 +0800] "GET /xingrg/dwr/engine.js HTTP/1.1" 200 43631
116.235.93.2 - - [18/Nov/2021:10:08:41 +0800] "GET /xingrg/kc/print/load_config.html?kc_code=cgsh HTTP/1.1" 200 2281
116.235.93.2 - - [18/Nov/2021:10:08:41 +0800] "GET /xingrg/check_reg.html?_=1637201801625 HTTP/1.1" 200 22
58.39.139.200 - - [18/Nov/2021:10:08:41 +0800] "POST /xingrg/dwr/call/plaincall/AjaxQqpsService.loadMaterielItems.dwr HTTP/1.1" 200 3391
116.235.93.2 - - [18/Nov/2021:10:08:42 +0800] "GET /xingrg/kc/print/load_data.html?order_code=212021111807457&kc_code=cgsh&condition= HTTP/1.1" 200 1871
58.37.231.44 - - [18/Nov/2021:10:08:42 +0800] "GET /xingrg/all/function/internal_message.html?_=1637201149862&CODE_STATE=getMsg HTTP/1.1" 200 27
58.39.139.200 - - [18/Nov/2021:10:08:43 +0800] "GET /xingrg/images/yd/bt.gif HTTP/1.1" 404 1040
180.169.147.146 - - [18/Nov/2021:10:08:44 +0800] "POST /xingrg/kc/buy/cgsh_list_operate.html HTTP/1.1" 200 5189
180.169.147.146 - - [18/Nov/2021:10:08:44 +0800] "GET /xingrg/all/function/internal_message.html?_=1637201323051&CODE_STATE=getMsg HTTP/1.1" 200 27
116.238.248.233 - - [18/Nov/2021:10:08:45 +0800] "POST /xingrg/kc/buy/cgsh_list_operate.html HTTP/1.1" 200 2135
114.85.125.222 - - [18/Nov/2021:10:08:46 +0800] "GET /xingrg/all/function/internal_message.html?_=1637201304783&CODE_STATE=getMsg HTTP/1.1" 200 27
180.169.147.146 - - [18/Nov/2021:10:08:48 +0800] "GET /xingrg/all/function/internal_message.html?_=1637201327110&CODE_STATE=getMsg HTTP/1.1" 200 27
58.39.139.200 - - [18/Nov/2021:10:08:49 +0800] "GET /xingrg/all/function/internal_message.html?_=1637201330479&CODE_STATE=getMsg HTTP/1.1" 200 27
180.174.250.202 - - [18/Nov/2021:10:08:55 +0800] "POST /xingrg/kc/buy/cgsh_order_operate.html HTTP/1.1" 200 2662
58.39.139.200 - - [18/Nov/2021:10:08:56 +0800] "GET /xingrg/kc/mdqp/pssh_order_list.html HTTP/1.1" 200 17945
58.39.139.200 - - [18/Nov/2021:10:08:56 +0800] "POST /xingrg/kc/mdqp/pssh_list_operate.html HTTP/1.1" 200 5390
124.78.153.86 - - [18/Nov/2021:10:08:58 +0800] "GET /xingrg/check_reg.html?_=1637201335497 HTTP/1.1" 200 22
124.78.153.86 - - [18/Nov/2021:10:08:58 +0800] "GET /xingrg/all/function/internal_message.html?_=1637201335493&CODE_STATE=getMsg HTTP/1.1" 200 27
58.39.139.200 - - [18/Nov/2021:10:08:59 +0800] "POST /xingrg/kc/mdqp/pssh_list_operate.html HTTP/1.1" 200 1576
124.78.153.86 - - [18/Nov/2021:10:08:59 +0800] "POST /xingrg/kc/buy/cgsh_order_operate.html HTTP/1.1" 200 30416
58.39.139.200 - - [18/Nov/2021:10:09:00 +0800] "GET /xingrg/kc/mdqp/pssh_order_list.html HTTP/1.1" 200 17945
58.39.139.200 - - [18/Nov/2021:10:09:00 +0800] "POST /xingrg/kc/mdqp/pssh_list_operate.html HTTP/1.1" 200 5390
180.169.147.146 - - [18/Nov/2021:10:09:02 +0800] "GET /xingrg/all/function/internal_message.html?_=1637201341562&CODE_STATE=getMsg HTTP/1.1" 200 27
58.39.139.200 - - [18/Nov/2021:10:09:03 +0800] "POST /xingrg/kc/mdqp/pssh_list_operate.html HTTP/1.1" 200 765
58.39.139.200 - - [18/Nov/2021:10:09:04 +0800] "GET /xingrg/kc/mdqp/pssh_order_info.html?code=312021111600406 HTTP/1.1" 200 17293
58.39.139.200 - - [18/Nov/2021:10:09:04 +0800] "GET /xingrg/javascript/jquery_tools/jquery-1.4.2.min.js HTTP/1.1" 404 1094
58.39.139.200 - - [18/Nov/2021:10:09:05 +0800] "GET /xingrg/javascript/easyui/themes/default/validatebox.css HTTP/1.1" 404 1104
58.39.139.200 - - [18/Nov/2021:10:09:05 +0800] "POST /xingrg/kc/mdqp/pssh_order_operate.html HTTP/1.1" 200 5835
180.174.250.202 - - [18/Nov/2021:10:09:06 +0800] "GET /xingrg/kc/buy/cgsh_order_list.html HTTP/1.1" 200 49136
180.174.250.202 - - [18/Nov/2021:10:09:08 +0800] "GET /xingrg/login.html HTTP/1.1" 200 7641
180.174.250.202 - - [18/Nov/2021:10:09:09 +0800] "GET /favicon.ico HTTP/1.1" 404 -
180.157.253.6 - - [18/Nov/2021:10:09:10 +0800] "GET /xingrg/all/function/internal_message.html?_=1637201351462&CODE_STATE=getMsg HTTP/1.1" 200 27
180.174.250.202 - - [18/Nov/2021:10:09:14 +0800] "POST /xingrg/login.do HTTP/1.1" 302 -
116.238.248.233 - - [18/Nov/2021:10:09:14 +0800] "GET /xingrg/all/function/internal_message.html?_=1637201352143&CODE_STATE=getMsg HTTP/1.1" 200 27
180.174.250.202 - - [18/Nov/2021:10:09:14 +0800] "GET /xingrg/index.html?sysBaseUrl=http%3A%2F%2F180.169.147.146%3A18081%2Fxingrg%2F&costTime=1818×tamp=1637201354108 HTTP/1.1" 200 17173
222.70.176.97 - - [18/Nov/2021:10:09:14 +0800] "GET /xingrg/all/function/internal_message.html?_=1637201351284&CODE_STATE=getMsg HTTP/1.1" 200 27
180.174.250.202 - - [18/Nov/2021:10:09:14 +0800] "GET /xingrg/all/function/internal_message.html?_=1637201356625&CODE_STATE=count HTTP/1.1" 200 11
180.174.250.202 - - [18/Nov/2021:10:09:14 +0800] "GET /xingrg/check_reg.html?_=1637201356628 HTTP/1.1" 200 22
180.174.250.202 - - [18/Nov/2021:10:09:14 +0800] "POST /xingrg/all/common/load_tree.html?tree=area_rest_tree_json&manage=1 HTTP/1.1" 200 342
180.174.250.202 - - [18/Nov/2021:10:09:14 +0800] "GET /favicon.ico HTTP/1.1" 404 -
180.174.250.202 - - [18/Nov/2021:10:09:14 +0800] "POST /xingrg/load_menu.html HTTP/1.1" 200 5138
116.233.74.200 - - [18/Nov/2021:10:09:15 +0800] "GET /xingrg/all/function/internal_message.html?_=1637201354987&CODE_STATE=getMsg HTTP/1.1" 200 27
116.227.210.113 - - [18/Nov/2021:10:09:15 +0800] "GET /xingrg/all/function/internal_message.html?_=1637201330673&CODE_STATE=getMsg HTTP/1.1" 200 27
180.169.147.146 - - [18/Nov/2021:10:09:18 +0800] "GET /xingrg/all/function/internal_message.html?_=1637201359482&CODE_STATE=getMsg HTTP/1.1" 200 27
180.169.147.146 - - [18/Nov/2021:10:09:21 +0800] "GET /xingrg/all/function/internal_message.html?_=1637201362418&CODE_STATE=getMsg HTTP/1.1" 200 27
124.78.153.86 - - [18/Nov/2021:10:09:23 +0800] "POST /xingrg/kc/buy/cgsh_order_operate.html HTTP/1.1" 200 37
222.69.129.93 - - [18/Nov/2021:10:09:24 +0800] "GET /xingrg/check_reg.html?_=1637201362710 HTTP/1.1" 200 22
222.69.129.93 - - [18/Nov/2021:10:09:26 +0800] "GET /xingrg/all/function/internal_message.html?_=1637201364584&CODE_STATE=getMsg HTTP/1.1" 200 27
120.253.135.82 - - [18/Nov/2021:10:09:29 +0800] "POST /xingrg/kc/pszx/mdps_list_operate.html HTTP/1.1" 200 868
180.174.250.202 - - [18/Nov/2021:10:09:30 +0800] "POST /xingrg/kc/buy/cgsh_list_operate.html HTTP/1.1" 200 1694
116.235.93.2 - - [18/Nov/2021:10:09:32 +0800] "GET /xingrg/all/function/internal_message.html?_=1637201852553&CODE_STATE=getMsg HTTP/1.1" 200 27
120.253.135.82 - - [18/Nov/2021:10:09:34 +0800] "GET /xingrg/kc/report/report_main.html HTTP/1.1" 200 8599
116.238.248.233 - - [18/Nov/2021:10:09:35 +0800] "POST /xingrg/all/user/operate.html HTTP/1.1" 200 36
120.253.135.82 - - [18/Nov/2021:10:09:35 +0800] "POST /xingrg/kc/pszx/mdps_list_operate.html HTTP/1.1" 200 868
58.39.139.200 - - [18/Nov/2021:10:09:35 +0800] "GET /xingrg/index.html?sysBaseUrl=http%3A%2F%2F180.169.147.146%3A18081%2Fxingrg%2F&costTime=32×tamp=1585224308505 HTTP/1.1" 302 -
58.39.139.200 - - [18/Nov/2021:10:09:35 +0800] "GET /xingrg/login.html HTTP/1.1" 200 7641
116.238.248.233 - - [18/Nov/2021:10:09:35 +0800] "GET /xingrg/index.html?sysBaseUrl=http%3A%2F%2F180.169.147.146%3A18081%2Fxingrg%2F&costTime=5413×tamp=1637200795067 HTTP/1.1" 200 17177
116.238.248.233 - - [18/Nov/2021:10:09:35 +0800] "GET /xingrg/javascript/jquery_easy_ui/themes/default/easyui.css HTTP/1.1" 304 -
116.238.248.233 - - [18/Nov/2021:10:09:35 +0800] "GET /xingrg/javascript/jquery_easy_ui/themes/icon.css HTTP/1.1" 304 -
116.238.248.233 - - [18/Nov/2021:10:09:35 +0800] "GET /xingrg/css/form.css HTTP/1.1" 304 -
116.238.248.233 - - [18/Nov/2021:10:09:35 +0800] "GET /xingrg/javascript/jquery-1.4.2.min.js HTTP/1.1" 304 -
116.238.248.233 - - [18/Nov/2021:10:09:35 +0800] "GET /xingrg/javascript/jquery_easy_ui/jquery.easyui.min.js HTTP/1.1" 304 -
58.39.139.200 - - [18/Nov/2021:10:09:35 +0800] "GET /xingrg/images/blue/jxLogo.png HTTP/1.1" 304 -
116.238.248.233 - - [18/Nov/2021:10:09:35 +0800] "GET /xingrg/javascript/jquery_easy_ui/easyui-lang-zh_CN.js HTTP/1.1" 304 -
116.238.248.233 - - [18/Nov/2021:10:09:35 +0800] "GET /xingrg/javascript/jquery.form.js HTTP/1.1" 304 -
116.238.248.233 - - [18/Nov/2021:10:09:35 +0800] "GET /xingrg/javascript/jquery.utils.js HTTP/1.1" 304 -
116.238.248.233 - - [18/Nov/2021:10:09:35 +0800] "GET /xingrg/javascript/jquery.timers.js HTTP/1.1" 304 -
116.238.248.233 - - [18/Nov/2021:10:09:35 +0800] "GET /xingrg/images/blue/jxLogo.png HTTP/1.1" 304 -
116.238.248.233 - - [18/Nov/2021:10:09:35 +0800] "GET /xingrg/images/blue/navBackgound.jpg HTTP/1.1" 304 -
116.238.248.233 - - [18/Nov/2021:10:09:35 +0800] "GET /xingrg/javascript/jquery_easy_ui/themes/icons/settle_new.png HTTP/1.1" 304 -
180.157.253.6 - - [18/Nov/2021:10:09:35 +0800] "GET /xingrg/all/function/internal_message.html?_=1637201375232&CODE_STATE=getMsg HTTP/1.1" 200 27
116.238.248.233 - - [18/Nov/2021:10:09:35 +0800] "GET /xingrg/all/function/internal_message.html?_=1637201373844&CODE_STATE=count HTTP/1.1" 200 11
116.238.248.233 - - [18/Nov/2021:10:09:35 +0800] "GET /xingrg/check_reg.html?_=1637201373846 HTTP/1.1" 200 22
116.238.248.233 - - [18/Nov/2021:10:09:35 +0800] "GET /xingrg/images/blue/pingpu.png HTTP/1.1" 304 -
116.238.248.233 - - [18/Nov/2021:10:09:35 +0800] "GET /xingrg/javascript/jquery_easy_ui/themes/default/images/panel_tool_collapse.gif HTTP/1.1" 304 -
116.238.248.233 - - [18/Nov/2021:10:09:35 +0800] "GET /xingrg/javascript/jquery_easy_ui/themes/default/images/tabs_leftarrow.png HTTP/1.1" 304 -
116.238.248.233 - - [18/Nov/2021:10:09:35 +0800] "GET /xingrg/javascript/jquery_easy_ui/themes/default/images/tabs_rightarrow.png HTTP/1.1" 304 -
116.238.248.233 - - [18/Nov/2021:10:09:36 +0800] "POST /xingrg/all/common/load_tree.html?tree=area_rest_tree_json&manage=1 HTTP/1.1" 200 476
116.238.248.233 - - [18/Nov/2021:10:09:36 +0800] "POST /xingrg/load_menu.html HTTP/1.1" 200 5138
120.253.135.82 - - [18/Nov/2021:10:09:36 +0800] "GET /xingrg/kc/base/kc_stocks.html HTTP/1.1" 200 16437
58.39.139.200 - - [18/Nov/2021:10:09:36 +0800] "GET /xingrg/images/blue/login_bg.png HTTP/1.1" 304 -
58.39.139.200 - - [18/Nov/2021:10:09:36 +0800] "GET /xingrg/images/blue/hj.png HTTP/1.1" 304 -
58.39.139.200 - - [18/Nov/2021:10:09:36 +0800] "GET /xingrg/images/blue/srbg.png HTTP/1.1" 304 -
58.39.139.200 - - [18/Nov/2021:10:09:36 +0800] "GET /favicon.ico HTTP/1.1" 404 -
120.253.135.82 - - [18/Nov/2021:10:09:36 +0800] "GET /xingrg/javascript/easyui/themes/default/tree.css HTTP/1.1" 404 1090
120.253.135.82 - - [18/Nov/2021:10:09:36 +0800] "POST /xingrg/all/common/load_tree.html?tree=materiel_sort_tree_json HTTP/1.1" 200 9388
180.174.250.202 - - [18/Nov/2021:10:09:37 +0800] "GET /xingrg/all/function/internal_message.html?_=1637201370710&CODE_STATE=getMsg HTTP/1.1" 200 27
180.169.147.146 - - [18/Nov/2021:10:09:37 +0800] "GET /xingrg/login.html HTTP/1.1" 200 7641
180.169.147.146 - - [18/Nov/2021:10:09:37 +0800] "GET /xingrg/images/blue/jxLogo.png HTTP/1.1" 200 6156
180.169.147.146 - - [18/Nov/2021:10:09:37 +0800] "GET /xingrg/images/blue/hj.png HTTP/1.1" 200 1014
180.169.147.146 - - [18/Nov/2021:10:09:37 +0800] "GET /xingrg/images/blue/login_bg.png HTTP/1.1" 200 22101
180.169.147.146 - - [18/Nov/2021:10:09:37 +0800] "GET /xingrg/images/blue/srbg.png HTTP/1.1" 200 138
180.169.147.146 - - [18/Nov/2021:10:09:37 +0800] "GET /favicon.ico HTTP/1.1" 404 -
222.70.171.86 - - [18/Nov/2021:10:09:39 +0800] "GET /xingrg/all/function/internal_message.html?_=1637201390272&CODE_STATE=getMsg HTTP/1.1" 302 -
124.78.153.86 - - [18/Nov/2021:10:09:39 +0800] "POST /xingrg/kc/buy/cgsh_order_operate.html HTTP/1.1" 200 12
116.238.248.233 - - [18/Nov/2021:10:09:40 +0800] "GET /xingrg/kc/buy/cgsh_order_list.html HTTP/1.1" 200 49140
58.37.231.44 - - [18/Nov/2021:10:09:42 +0800] "GET /xingrg/all/function/internal_message.html?_=1637201209810&CODE_STATE=getMsg HTTP/1.1" 200 27
120.253.135.82 - - [18/Nov/2021:10:09:42 +0800] "POST /xingrg/all/common/load_combo.html?type=base HTTP/1.1" 200 1075
180.169.147.146 - - [18/Nov/2021:10:09:43 +0800] "POST /xingrg/login.do HTTP/1.1" 302 -
180.169.147.146 - - [18/Nov/2021:10:09:44 +0800] "GET /xingrg/all/function/internal_message.html?_=1637201383065&CODE_STATE=getMsg HTTP/1.1" 200 27
180.169.147.146 - - [18/Nov/2021:10:09:44 +0800] "GET /xingrg/check_reg.html?_=1637201383068 HTTP/1.1" 200 22
180.169.147.146 - - [18/Nov/2021:10:09:44 +0800] "POST /xingrg/login.do HTTP/1.1" 302 -
180.169.147.146 - - [18/Nov/2021:10:09:44 +0800] "GET /xingrg/javascript/jquery_easy_ui/themes/icon.css HTTP/1.1" 200 3949
180.169.147.146 - - [18/Nov/2021:10:09:44 +0800] "GET /xingrg/index.html?sysBaseUrl=http%3A%2F%2F180.169.147.146%3A18081%2Fxingrg%2F&costTime=2911×tamp=1637201384360 HTTP/1.1" 200 17503
180.169.147.146 - - [18/Nov/2021:10:09:44 +0800] "GET /xingrg/javascript/jquery_easy_ui/themes/default/easyui.css HTTP/1.1" 200 26500
180.169.147.146 - - [18/Nov/2021:10:09:44 +0800] "GET /xingrg/css/form.css HTTP/1.1" 200 893
180.169.147.146 - - [18/Nov/2021:10:09:44 +0800] "GET /xingrg/javascript/jquery-1.4.2.min.js HTTP/1.1" 200 72205
180.169.147.146 - - [18/Nov/2021:10:09:44 +0800] "GET /xingrg/javascript/jquery_easy_ui/jquery.easyui.min.js HTTP/1.1" 200 213662
180.169.147.146 - - [18/Nov/2021:10:09:44 +0800] "GET /xingrg/javascript/jquery_easy_ui/easyui-lang-zh_CN.js HTTP/1.1" 200 1900
180.169.147.146 - - [18/Nov/2021:10:09:44 +0800] "GET /xingrg/javascript/jquery.timers.js HTTP/1.1" 200 3532
180.169.147.146 - - [18/Nov/2021:10:09:44 +0800] "GET /xingrg/javascript/jquery.form.js HTTP/1.1" 200 23110
180.169.147.146 - - [18/Nov/2021:10:09:44 +0800] "GET /xingrg/javascript/jquery.utils.js HTTP/1.1" 200 11805
180.169.147.146 - - [18/Nov/2021:10:09:44 +0800] "GET /favicon.ico HTTP/1.1" 404 -
180.169.147.146 - - [18/Nov/2021:10:09:44 +0800] "GET /xingrg/javascript/jquery_easy_ui/themes/icons/settle_new.png HTTP/1.1" 200 826
180.169.147.146 - - [18/Nov/2021:10:09:44 +0800] "GET /xingrg/images/blue/navBackgound.jpg HTTP/1.1" 200 12378
180.169.147.146 - - [18/Nov/2021:10:09:44 +0800] "GET /xingrg/all/function/internal_message.html?_=1637201392524&CODE_STATE=count HTTP/1.1" 200 11
180.169.147.146 - - [18/Nov/2021:10:09:44 +0800] "GET /xingrg/check_reg.html?_=1637201392524 HTTP/1.1" 200 22
180.169.147.146 - - [18/Nov/2021:10:09:44 +0800] "GET /xingrg/images/blue/pingpu.png HTTP/1.1" 200 231
180.169.147.146 - - [18/Nov/2021:10:09:44 +0800] "GET /xingrg/javascript/jquery_easy_ui/themes/default/images/tabs_leftarrow.png HTTP/1.1" 200 389
180.169.147.146 - - [18/Nov/2021:10:09:44 +0800] "GET /xingrg/javascript/jquery_easy_ui/themes/default/images/tabs_rightarrow.png HTTP/1.1" 200 395
180.169.147.146 - - [18/Nov/2021:10:09:44 +0800] "GET /xingrg/javascript/jquery_easy_ui/themes/default/images/panel_tool_expand.gif HTTP/1.1" 200 247
180.169.147.146 - - [18/Nov/2021:10:09:44 +0800] "GET /xingrg/javascript/jquery_easy_ui/themes/default/images/panel_tool_collapse.gif HTTP/1.1" 200 246
180.169.147.146 - - [18/Nov/2021:10:09:44 +0800] "POST /xingrg/all/common/load_tree.html?tree=area_rest_tree_json&manage=1 HTTP/1.1" 200 3472
180.169.147.146 - - [18/Nov/2021:10:09:44 +0800] "POST /xingrg/load_menu.html HTTP/1.1" 200 11443
180.169.147.146 - - [18/Nov/2021:10:09:45 +0800] "GET /xingrg/javascript/jquery_easy_ui/themes/default/images/tree_arrows.gif HTTP/1.1" 200 1043
180.169.147.146 - - [18/Nov/2021:10:09:45 +0800] "GET /xingrg/javascript/jquery_easy_ui/themes/default/images/tree_folder_open.gif HTTP/1.1" 200 956
180.169.147.146 - - [18/Nov/2021:10:09:45 +0800] "GET /xingrg/javascript/jquery_easy_ui/themes/icons/search_new.png HTTP/1.1" 200 586
180.169.147.146 - - [18/Nov/2021:10:09:45 +0800] "GET /xingrg/javascript/jquery_easy_ui/themes/icons/delivery_new.png HTTP/1.1" 200 700
180.169.147.146 - - [18/Nov/2021:10:09:45 +0800] "GET /xingrg/javascript/jquery_easy_ui/themes/icons/storage_new.png HTTP/1.1" 200 853
180.169.147.146 - - [18/Nov/2021:10:09:45 +0800] "GET /xingrg/javascript/jquery_easy_ui/themes/icons/checkout_new.png HTTP/1.1" 200 744
180.169.147.146 - - [18/Nov/2021:10:09:45 +0800] "GET /xingrg/javascript/jquery_easy_ui/themes/icons/forms_new.png HTTP/1.1" 200 350
180.169.147.146 - - [18/Nov/2021:10:09:45 +0800] "GET /xingrg/javascript/jquery_easy_ui/themes/icons/setting_new.png HTTP/1.1" 200 450
180.169.147.146 - - [18/Nov/2021:10:09:45 +0800] "GET /xingrg/javascript/jquery_easy_ui/themes/icons/systemset_new.png HTTP/1.1" 200 606
180.169.147.146 - - [18/Nov/2021:10:09:45 +0800] "GET /xingrg/javascript/jquery_easy_ui/themes/default/images/tree_file.gif HTTP/1.1" 200 118
180.169.147.146 - - [18/Nov/2021:10:09:45 +0800] "GET /xingrg/javascript/jquery_easy_ui/themes/default/images/tree_folder.gif HTTP/1.1" 200 952
222.70.171.86 - - [18/Nov/2021:10:09:45 +0800] "GET /xingrg/check_reg.html?_=1637201395950 HTTP/1.1" 302 -
114.85.125.222 - - [18/Nov/2021:10:09:46 +0800] "GET /xingrg/all/function/internal_message.html?_=1637201364800&CODE_STATE=getMsg HTTP/1.1" 200 27
180.169.147.146 - - [18/Nov/2021:10:09:46 +0800] "GET /xingrg/javascript/jquery_easy_ui/themes/icons/area.png HTTP/1.1" 200 262
180.169.147.146 - - [18/Nov/2021:10:09:46 +0800] "GET /xingrg/javascript/jquery_easy_ui/themes/icons/manage.png HTTP/1.1" 200 696
180.169.147.146 - - [18/Nov/2021:10:09:46 +0800] "GET /xingrg/javascript/jquery_easy_ui/themes/icons/rest.png HTTP/1.1" 200 695
180.169.147.146 - - [18/Nov/2021:10:09:46 +0800] "GET /xingrg/javascript/jquery_easy_ui/themes/default/images/button_a_bg.gif HTTP/1.1" 200 1194
180.169.147.146 - - [18/Nov/2021:10:09:46 +0800] "GET /xingrg/javascript/jquery_easy_ui/themes/default/images/button_span_bg.gif HTTP/1.1" 200 2061
180.169.147.146 - - [18/Nov/2021:10:09:46 +0800] "GET /xingrg/javascript/jquery_easy_ui/themes/icons/ok.png HTTP/1.1" 200 883
180.169.147.146 - - [18/Nov/2021:10:09:46 +0800] "GET /xingrg/javascript/jquery_easy_ui/themes/default/images/panel_title.png HTTP/1.1" 200 266
180.169.147.146 - - [18/Nov/2021:10:09:46 +0800] "GET /xingrg/javascript/jquery_easy_ui/themes/default/images/panel_tools.gif HTTP/1.1" 200 737
124.78.153.86 - - [18/Nov/2021:10:09:47 +0800] "GET /xingrg/kc/buy/cgsh_order_info.html?code=212021111807436 HTTP/1.1" 200 59829
124.78.153.86 - - [18/Nov/2021:10:09:48 +0800] "GET /xingrg/javascript/easyui/themes/default/validatebox.css HTTP/1.1" 404 1104
180.169.147.146 - - [18/Nov/2021:10:09:48 +0800] "GET /xingrg/all/function/internal_message.html?_=1637201387124&CODE_STATE=getMsg HTTP/1.1" 200 27
180.174.250.202 - - [18/Nov/2021:10:09:48 +0800] "GET /xingrg/kc/buy/cgsh_order_list.html HTTP/1.1" 200 49136
124.78.153.86 - - [18/Nov/2021:10:09:49 +0800] "POST /xingrg/kc/buy/cgsh_order_operate.html HTTP/1.1" 200 28360
180.169.147.146 - - [18/Nov/2021:10:09:49 +0800] "GET /xingrg/images/control/ajaxLoader.gif HTTP/1.1" 200 4659
58.39.139.200 - - [18/Nov/2021:10:09:49 +0800] "GET /xingrg/all/function/internal_message.html?_=1637201390458&CODE_STATE=getMsg HTTP/1.1" 200 27
180.169.147.146 - - [18/Nov/2021:10:09:50 +0800] "POST /xingrg/all/user/operate.html HTTP/1.1" 200 36
120.253.135.82 - - [18/Nov/2021:10:09:50 +0800] "POST /xingrg/kc/base/stock_operate.html HTTP/1.1" 200 2001
180.169.147.146 - - [18/Nov/2021:10:09:50 +0800] "GET /xingrg/index.html?sysBaseUrl=http%3A%2F%2F180.169.147.146%3A18081%2Fxingrg%2F&costTime=2911×tamp=1637201384360 HTTP/1.1" 200 17509
180.169.147.146 - - [18/Nov/2021:10:09:50 +0800] "GET /xingrg/javascript/jquery_easy_ui/themes/default/easyui.css HTTP/1.1" 304 -
180.169.147.146 - - [18/Nov/2021:10:09:50 +0800] "GET /xingrg/javascript/jquery_easy_ui/themes/icon.css HTTP/1.1" 304 -
180.169.147.146 - - [18/Nov/2021:10:09:50 +0800] "GET /xingrg/css/form.css HTTP/1.1" 304 -
180.169.147.146 - - [18/Nov/2021:10:09:50 +0800] "GET /xingrg/javascript/jquery-1.4.2.min.js HTTP/1.1" 304 -
180.169.147.146 - - [18/Nov/2021:10:09:50 +0800] "GET /xingrg/javascript/jquery_easy_ui/jquery.easyui.min.js HTTP/1.1" 304 -
180.169.147.146 - - [18/Nov/2021:10:09:50 +0800] "GET /xingrg/javascript/jquery_easy_ui/easyui-lang-zh_CN.js HTTP/1.1" 304 -
180.169.147.146 - - [18/Nov/2021:10:09:50 +0800] "GET /xingrg/javascript/jquery.form.js HTTP/1.1" 304 -
180.169.147.146 - - [18/Nov/2021:10:09:50 +0800] "GET /xingrg/javascript/jquery.utils.js HTTP/1.1" 304 -
180.169.147.146 - - [18/Nov/2021:10:09:50 +0800] "GET /xingrg/javascript/jquery.timers.js HTTP/1.1" 304 -
180.169.147.146 - - [18/Nov/2021:10:09:50 +0800] "GET /xingrg/images/blue/jxLogo.png HTTP/1.1" 304 -
180.169.147.146 - - [18/Nov/2021:10:09:50 +0800] "GET /xingrg/images/blue/navBackgound.jpg HTTP/1.1" 304 -
180.169.147.146 - - [18/Nov/2021:10:09:50 +0800] "GET /xingrg/javascript/jquery_easy_ui/themes/icons/settle_new.png HTTP/1.1" 304 -
180.169.147.146 - - [18/Nov/2021:10:09:51 +0800] "GET /xingrg/all/function/internal_message.html?_=1637201398783&CODE_STATE=count HTTP/1.1" 200 11
180.169.147.146 - - [18/Nov/2021:10:09:51 +0800] "GET /xingrg/check_reg.html?_=1637201398785 HTTP/1.1" 200 22
180.169.147.146 - - [18/Nov/2021:10:09:51 +0800] "GET /xingrg/javascript/jquery_easy_ui/themes/default/images/tabs_leftarrow.png HTTP/1.1" 304 -
180.169.147.146 - - [18/Nov/2021:10:09:51 +0800] "GET /xingrg/javascript/jquery_easy_ui/themes/default/images/panel_tool_expand.gif HTTP/1.1" 304 -
180.169.147.146 - - [18/Nov/2021:10:09:51 +0800] "GET /xingrg/javascript/jquery_easy_ui/themes/default/images/panel_tool_collapse.gif HTTP/1.1" 304 -
180.169.147.146 - - [18/Nov/2021:10:09:51 +0800] "GET /xingrg/javascript/jquery_easy_ui/themes/default/images/tabs_rightarrow.png HTTP/1.1" 304 -
180.169.147.146 - - [18/Nov/2021:10:09:51 +0800] "GET /xingrg/images/blue/pingpu.png HTTP/1.1" 304 -
180.169.147.146 - - [18/Nov/2021:10:09:51 +0800] "POST /xingrg/all/common/load_tree.html?tree=area_rest_tree_json&manage=1 HTTP/1.1" 200 3472
180.169.147.146 - - [18/Nov/2021:10:09:51 +0800] "POST /xingrg/load_menu.html HTTP/1.1" 200 9959
58.39.139.200 - - [18/Nov/2021:10:09:52 +0800] "GET /xingrg/check_reg.html?_=1637201392816 HTTP/1.1" 200 22
58.39.139.200 - - [18/Nov/2021:10:09:52 +0800] "POST /xingrg/login.do HTTP/1.1" 302 -
58.39.139.200 - - [18/Nov/2021:10:09:52 +0800] "GET /xingrg/index.html?sysBaseUrl=http%3A%2F%2F180.169.147.146%3A18081%2Fxingrg%2F&costTime=2461×tamp=1637201392719 HTTP/1.1" 200 17173
58.39.139.200 - - [18/Nov/2021:10:09:52 +0800] "GET /xingrg/javascript/jquery_easy_ui/themes/default/easyui.css HTTP/1.1" 304 -
58.39.139.200 - - [18/Nov/2021:10:09:52 +0800] "GET /xingrg/javascript/jquery_easy_ui/themes/icon.css HTTP/1.1" 304 -
58.39.139.200 - - [18/Nov/2021:10:09:52 +0800] "GET /xingrg/css/form.css HTTP/1.1" 304 -
58.39.139.200 - - [18/Nov/2021:10:09:52 +0800] "GET /xingrg/javascript/jquery-1.4.2.min.js HTTP/1.1" 304 -
58.39.139.200 - - [18/Nov/2021:10:09:52 +0800] "GET /xingrg/javascript/jquery_easy_ui/jquery.easyui.min.js HTTP/1.1" 304 -
58.39.139.200 - - [18/Nov/2021:10:09:52 +0800] "GET /xingrg/javascript/jquery_easy_ui/easyui-lang-zh_CN.js HTTP/1.1" 304 -
58.39.139.200 - - [18/Nov/2021:10:09:52 +0800] "GET /xingrg/javascript/jquery.form.js HTTP/1.1" 304 -
58.39.139.200 - - [18/Nov/2021:10:09:52 +0800] "GET /xingrg/javascript/jquery.utils.js HTTP/1.1" 304 -
58.39.139.200 - - [18/Nov/2021:10:09:52 +0800] "GET /xingrg/javascript/jquery.timers.js HTTP/1.1" 304 -
58.39.139.200 - - [18/Nov/2021:10:09:53 +0800] "GET /favicon.ico HTTP/1.1" 404 -
58.39.139.200 - - [18/Nov/2021:10:09:53 +0800] "GET /xingrg/javascript/jquery_easy_ui/themes/icons/settle_new.png HTTP/1.1" 304 -
58.39.139.200 - - [18/Nov/2021:10:09:53 +0800] "GET /xingrg/images/blue/navBackgound.jpg HTTP/1.1" 304 -
58.39.139.200 - - [18/Nov/2021:10:09:53 +0800] "POST /xingrg/all/common/load_tree.html?tree=area_rest_tree_json&manage=1 HTTP/1.1" 200 342
58.39.139.200 - - [18/Nov/2021:10:09:53 +0800] "GET /xingrg/check_reg.html?_=1637201328856 HTTP/1.1" 200 22
58.39.139.200 - - [18/Nov/2021:10:09:53 +0800] "GET /xingrg/images/blue/pingpu.png HTTP/1.1" 304 -
58.39.139.200 - - [18/Nov/2021:10:09:53 +0800] "GET /xingrg/javascript/jquery_easy_ui/themes/default/images/tabs_leftarrow.png HTTP/1.1" 304 -
180.169.147.146 - - [18/Nov/2021:10:09:53 +0800] "GET /xingrg/javascript/jquery_easy_ui/themes/default/images/tabs_close.gif HTTP/1.1" 200 829
58.39.139.200 - - [18/Nov/2021:10:09:53 +0800] "GET /xingrg/javascript/jquery_easy_ui/themes/default/images/tabs_rightarrow.png HTTP/1.1" 304 -
58.39.139.200 - - [18/Nov/2021:10:09:53 +0800] "GET /xingrg/javascript/jquery_easy_ui/themes/default/images/panel_tool_collapse.gif HTTP/1.1" 304 -
180.169.147.146 - - [18/Nov/2021:10:09:53 +0800] "GET /xingrg/kc/report/report_main.html HTTP/1.1" 200 7340
180.169.147.146 - - [18/Nov/2021:10:09:53 +0800] "GET /xingrg/css/blue.css HTTP/1.1" 200 15949
180.169.147.146 - - [18/Nov/2021:10:09:53 +0800] "GET /xingrg/javascript/pic_change.js HTTP/1.1" 200 4739
180.169.147.146 - - [18/Nov/2021:10:09:53 +0800] "GET /xingrg/javascript/jquery_ui/themes/humanity/humanity.css HTTP/1.1" 200 27801
180.169.147.146 - - [18/Nov/2021:10:09:53 +0800] "GET /xingrg/javascript/myfunction.js HTTP/1.1" 200 24559
180.169.147.146 - - [18/Nov/2021:10:09:53 +0800] "GET /xingrg/javascript/json2.js HTTP/1.1" 200 11259
180.169.147.146 - - [18/Nov/2021:10:09:53 +0800] "GET /xingrg/javascript/jquery_easy_ui/themes/icons/back_new.png HTTP/1.1" 200 3414
58.39.139.200 - - [18/Nov/2021:10:09:53 +0800] "GET /xingrg/all/function/internal_message.html?_=1637201328854&CODE_STATE=count HTTP/1.1" 200 11
58.39.139.200 - - [18/Nov/2021:10:09:53 +0800] "POST /xingrg/load_menu.html HTTP/1.1" 200 5138
58.39.139.200 - - [18/Nov/2021:10:09:53 +0800] "GET /xingrg/javascript/jquery_easy_ui/themes/default/images/tree_arrows.gif HTTP/1.1" 304 -
58.39.139.200 - - [18/Nov/2021:10:09:53 +0800] "GET /xingrg/javascript/jquery_easy_ui/themes/default/images/tree_folder_open.gif HTTP/1.1" 304 -
58.39.139.200 - - [18/Nov/2021:10:09:53 +0800] "GET /xingrg/javascript/jquery_easy_ui/themes/icons/search_new.png HTTP/1.1" 304 -
58.39.139.200 - - [18/Nov/2021:10:09:53 +0800] "GET /xingrg/javascript/jquery_easy_ui/themes/default/images/tree_folder.gif HTTP/1.1" 304 -
58.39.139.200 - - [18/Nov/2021:10:09:53 +0800] "GET /xingrg/javascript/jquery_easy_ui/themes/icons/storage_new.png HTTP/1.1" 304 -
58.39.139.200 - - [18/Nov/2021:10:09:53 +0800] "GET /xingrg/javascript/jquery_easy_ui/themes/icons/forms_new.png HTTP/1.1" 304 -
58.39.139.200 - - [18/Nov/2021:10:09:53 +0800] "GET /xingrg/javascript/jquery_easy_ui/themes/default/images/tree_file.gif HTTP/1.1" 304 -
124.78.153.86 - - [18/Nov/2021:10:09:55 +0800] "GET /xingrg/kc/print/load_config.html?kc_code=cgsh HTTP/1.1" 200 2281
