116.235.93.2 - - [18/Nov/2021:09:05:45 +0800] "GET /xingrg/javascript/jquery_easy_ui/themes/icon.css HTTP/1.1" 304 -
116.235.93.2 - - [18/Nov/2021:09:05:45 +0800] "GET /xingrg/all/function/internal_message.html?_=1637198026031&CODE_STATE=getMsg HTTP/1.1" 200 27
116.235.93.2 - - [18/Nov/2021:09:05:45 +0800] "GET /xingrg/images/blue/button/cgxqd.gif HTTP/1.1" 304 -
116.235.93.2 - - [18/Nov/2021:09:05:45 +0800] "GET /xingrg/images/blue/button/cgydd.gif HTTP/1.1" 304 -
116.235.93.2 - - [18/Nov/2021:09:05:45 +0800] "GET /xingrg/images/blue/button/cgfkd.gif HTTP/1.1" 304 -
116.235.93.2 - - [18/Nov/2021:09:05:45 +0800] "GET /xingrg/images/blue/button/cgshd.gif HTTP/1.1" 304 -
116.235.93.2 - - [18/Nov/2021:09:05:45 +0800] "GET /xingrg/images/blue/button/kc.gif HTTP/1.1" 304 -
116.235.93.2 - - [18/Nov/2021:09:05:45 +0800] "GET /xingrg/images/blue/button/ckthd.gif HTTP/1.1" 304 -
116.235.93.2 - - [18/Nov/2021:09:05:45 +0800] "GET /xingrg/images/blue/pic_form2.gif HTTP/1.1" 304 -
116.235.93.2 - - [18/Nov/2021:09:05:45 +0800] "GET /xingrg/javascript/jquery_ui/themes/humanity/images/ui-bg_inset-soft_100_f4f0ec_1x100.png HTTP/1.1" 304 -
116.235.93.2 - - [18/Nov/2021:09:05:45 +0800] "GET /xingrg/images/blue/bg_dotted.jpg HTTP/1.1" 304 -
116.235.93.2 - - [18/Nov/2021:09:05:45 +0800] "GET /xingrg/images/blue/button/right_ah.jpg HTTP/1.1" 304 -
116.235.93.2 - - [18/Nov/2021:09:05:45 +0800] "GET /xingrg/images/blue/button/down_ah.jpg HTTP/1.1" 304 -
116.235.93.2 - - [18/Nov/2021:09:05:45 +0800] "GET /xingrg/javascript/jquery_ui/themes/humanity/images/ui-iconsnew.jpg HTTP/1.1" 304 -
116.235.93.2 - - [18/Nov/2021:09:05:45 +0800] "GET /xingrg/javascript/jquery_ui/themes/humanity/images/ui-icons_ffffff_256x240.png HTTP/1.1" 304 -
116.235.93.2 - - [18/Nov/2021:09:05:45 +0800] "GET /xingrg/javascript/jquery_ui/themes/humanity/images/ui-icons_c47a23_256x240.png HTTP/1.1" 304 -
116.235.93.2 - - [18/Nov/2021:09:05:45 +0800] "GET /xingrg/javascript/jquery_ui/themes/humanity/images/ui-bg_glass_70_ede4d4_1x400.png HTTP/1.1" 304 -
116.235.93.2 - - [18/Nov/2021:09:05:45 +0800] "GET /xingrg/images/yd/bt.gif HTTP/1.1" 404 1040
116.235.93.2 - - [18/Nov/2021:09:05:47 +0800] "GET /xingrg/css/base.css HTTP/1.1" 304 -
116.235.93.2 - - [18/Nov/2021:09:05:47 +0800] "GET /xingrg/css/site.css HTTP/1.1" 304 -
116.235.93.2 - - [18/Nov/2021:09:05:47 +0800] "GET /xingrg/javascript/jquery_tools/datebox.css HTTP/1.1" 304 -
116.235.93.2 - - [18/Nov/2021:09:05:47 +0800] "GET /xingrg/javascript/easyui/themes/default/easyui.css HTTP/1.1" 304 -
116.235.93.2 - - [18/Nov/2021:09:05:47 +0800] "GET /xingrg/javascript/easyui/themes/icon.css HTTP/1.1" 304 -
116.235.93.2 - - [18/Nov/2021:09:05:47 +0800] "GET /xingrg/javascript/jquery_tools/fix.css HTTP/1.1" 304 -
116.235.93.2 - - [18/Nov/2021:09:05:47 +0800] "GET /xingrg/javascript/auto/jquery.autocomplete.css HTTP/1.1" 304 -
116.235.93.2 - - [18/Nov/2021:09:05:47 +0800] "GET /xingrg/kc/buy/cgsh_order_list.html HTTP/1.1" 200 49142
116.235.93.2 - - [18/Nov/2021:09:05:47 +0800] "GET /xingrg/javascript/jquery_tools/table.css HTTP/1.1" 304 -
116.235.93.2 - - [18/Nov/2021:09:05:47 +0800] "GET /xingrg/javascript/jquery_tools/jquery.tools.min.js HTTP/1.1" 304 -
116.235.93.2 - - [18/Nov/2021:09:05:47 +0800] "GET /xingrg/javascript/jquery_tools/jquery.tools.extend.js HTTP/1.1" 304 -
116.235.93.2 - - [18/Nov/2021:09:05:47 +0800] "GET /xingrg/javascript/jquery_tools/jquery.tools.hotkey.js HTTP/1.1" 304 -
116.235.93.2 - - [18/Nov/2021:09:05:47 +0800] "GET /xingrg/javascript/jquery_tools/jquery.tools.table.js HTTP/1.1" 304 -
116.235.93.2 - - [18/Nov/2021:09:05:47 +0800] "GET /xingrg/javascript/jquery_tools/list_manager.js HTTP/1.1" 304 -
116.235.93.2 - - [18/Nov/2021:09:05:47 +0800] "GET /xingrg/javascript/auto/jquery.autocomplete.js HTTP/1.1" 304 -
116.235.93.2 - - [18/Nov/2021:09:05:47 +0800] "GET /xingrg/javascript/easyui/easyloader.js HTTP/1.1" 304 -
116.235.93.2 - - [18/Nov/2021:09:05:47 +0800] "GET /xingrg/javascript/print/LodopFuncs.js HTTP/1.1" 304 -
116.235.93.2 - - [18/Nov/2021:09:05:47 +0800] "GET /xingrg/javascript/jquery.cookie.js HTTP/1.1" 304 -
116.235.93.2 - - [18/Nov/2021:09:05:47 +0800] "GET /xingrg/javascript/jquery.utils.js HTTP/1.1" 304 -
116.235.93.2 - - [18/Nov/2021:09:05:47 +0800] "GET /xingrg/javascript/easyui/themes/icons/edit_add_new.png HTTP/1.1" 304 -
116.235.93.2 - - [18/Nov/2021:09:05:47 +0800] "GET /xingrg/javascript/easyui/themes/icons/check_new.png HTTP/1.1" 304 -
116.235.93.2 - - [18/Nov/2021:09:05:47 +0800] "GET /xingrg/javascript/easyui/themes/icons/cance_new.png HTTP/1.1" 304 -
116.235.93.2 - - [18/Nov/2021:09:05:47 +0800] "GET /xingrg/javascript/easyui/themes/icons/field_new.png HTTP/1.1" 304 -
116.235.93.2 - - [18/Nov/2021:09:05:47 +0800] "GET /xingrg/javascript/easyui/themes/icons/import_new.png HTTP/1.1" 304 -
116.235.93.2 - - [18/Nov/2021:09:05:47 +0800] "GET /xingrg/javascript/easyui/plugins/jquery.parser.js HTTP/1.1" 304 -
116.235.93.2 - - [18/Nov/2021:09:05:47 +0800] "GET /xingrg/images/control/ajaxLoader.gif HTTP/1.1" 304 -
180.169.147.146 - - [18/Nov/2021:09:05:48 +0800] "GET /xingrg/all/function/internal_message.html?_=1637197547018&CODE_STATE=getMsg HTTP/1.1" 200 27
222.70.176.97 - - [18/Nov/2021:09:05:48 +0800] "GET /xingrg/kc/print/load_data.html?order_code=212021111807413&kc_code=cgsh&condition= HTTP/1.1" 200 1859
172.20.0.100 - - [18/Nov/2021:09:05:48 +0800] "GET /xingrg/check_reg.html?_=1637197540081 HTTP/1.1" 302 -
116.235.93.2 - - [18/Nov/2021:09:05:49 +0800] "POST /xingrg/kc/buy/cgsh_list_operate.html HTTP/1.1" 200 876
222.69.129.93 - - [18/Nov/2021:09:05:50 +0800] "GET /xingrg/kc/buy/cgsh_order_operate.html?command=get_materiel&rest_code=00149&code=00101008027&supplier_code=00100005&order_time=2021-11-17 HTTP/1.1" 200 408
116.235.93.2 - - [18/Nov/2021:09:05:51 +0800] "GET /xingrg/javascript/easyui/themes/default/images/button_plain_hover.png HTTP/1.1" 304 -
116.235.93.2 - - [18/Nov/2021:09:05:51 +0800] "GET /xingrg/javascript/easyui/themes/default/images/button_plain_hover.png HTTP/1.1" 304 -
116.235.93.2 - - [18/Nov/2021:09:05:51 +0800] "GET /xingrg/javascript/easyui/themes/default/images/button_plain_hover.png HTTP/1.1" 304 -
58.39.139.200 - - [18/Nov/2021:09:05:51 +0800] "GET /xingrg/all/function/internal_message.html?_=1637197552010&CODE_STATE=getMsg HTTP/1.1" 200 27
116.235.93.2 - - [18/Nov/2021:09:05:51 +0800] "GET /xingrg/javascript/easyui/themes/default/images/button_plain_hover.png HTTP/1.1" 304 -
116.235.93.2 - - [18/Nov/2021:09:05:51 +0800] "GET /xingrg/javascript/easyui/themes/default/images/button_plain_hover.png HTTP/1.1" 304 -
116.235.93.2 - - [18/Nov/2021:09:05:52 +0800] "GET /xingrg/css/base.css HTTP/1.1" 304 -
116.235.93.2 - - [18/Nov/2021:09:05:52 +0800] "GET /xingrg/css/site.css HTTP/1.1" 304 -
116.235.93.2 - - [18/Nov/2021:09:05:52 +0800] "GET /xingrg/javascript/jquery_tools/datebox.css HTTP/1.1" 304 -
116.235.93.2 - - [18/Nov/2021:09:05:52 +0800] "GET /xingrg/javascript/auto/jquery.autocomplete.css HTTP/1.1" 304 -
116.235.93.2 - - [18/Nov/2021:09:05:52 +0800] "GET /xingrg/javascript/easyui/themes/default/easyui.css HTTP/1.1" 304 -
116.235.93.2 - - [18/Nov/2021:09:05:52 +0800] "GET /xingrg/javascript/easyui/themes/icon.css HTTP/1.1" 304 -
116.235.93.2 - - [18/Nov/2021:09:05:52 +0800] "GET /xingrg/javascript/jquery_tools/fix.css HTTP/1.1" 304 -
116.235.93.2 - - [18/Nov/2021:09:05:52 +0800] "GET /xingrg/javascript/jquery_tools/table.css HTTP/1.1" 304 -
116.235.93.2 - - [18/Nov/2021:09:05:52 +0800] "GET /xingrg/javascript/pic_change.js HTTP/1.1" 304 -
116.235.93.2 - - [18/Nov/2021:09:05:52 +0800] "GET /xingrg/javascript/easyui/easyloader.js HTTP/1.1" 304 -
116.235.93.2 - - [18/Nov/2021:09:05:52 +0800] "GET /xingrg/javascript/jquery_tools/jquery.tools.hotkey.js HTTP/1.1" 304 -
116.235.93.2 - - [18/Nov/2021:09:05:52 +0800] "GET /xingrg/javascript/jquery_tools/jquery.tools.extend.js HTTP/1.1" 304 -
116.235.93.2 - - [18/Nov/2021:09:05:52 +0800] "GET /xingrg/javascript/jquery_tools/jquery.tools.min.js HTTP/1.1" 304 -
116.235.93.2 - - [18/Nov/2021:09:05:52 +0800] "GET /xingrg/javascript/jquery_tools/jquery.tools.table.js HTTP/1.1" 304 -
116.235.93.2 - - [18/Nov/2021:09:05:52 +0800] "GET /xingrg/javascript/auto/jquery.autocomplete.js HTTP/1.1" 304 -
116.235.93.2 - - [18/Nov/2021:09:05:52 +0800] "GET /xingrg/javascript/jquery.utils.js HTTP/1.1" 304 -
116.235.93.2 - - [18/Nov/2021:09:05:52 +0800] "GET /xingrg/javascript/jquery_tools/order_manager.js HTTP/1.1" 304 -
116.235.93.2 - - [18/Nov/2021:09:05:52 +0800] "GET /xingrg/javascript/convert.js HTTP/1.1" 304 -
116.235.93.2 - - [18/Nov/2021:09:05:52 +0800] "GET /xingrg/javascript/json2.js HTTP/1.1" 304 -
116.235.93.2 - - [18/Nov/2021:09:05:52 +0800] "GET /xingrg/javascript/jquery.cookie.js HTTP/1.1" 304 -
116.235.93.2 - - [18/Nov/2021:09:05:52 +0800] "GET /xingrg/javascript/print/kc_print.js HTTP/1.1" 304 -
116.235.93.2 - - [18/Nov/2021:09:05:52 +0800] "GET /xingrg/javascript/print/LodopFuncs.js HTTP/1.1" 304 -
116.235.93.2 - - [18/Nov/2021:09:05:52 +0800] "GET /xingrg/kc/buy/cgsh_order_add.html HTTP/1.1" 200 64912
116.235.93.2 - - [18/Nov/2021:09:05:52 +0800] "GET /xingrg/words/20211114200737_words.js HTTP/1.1" 304 -
116.235.93.2 - - [18/Nov/2021:09:05:52 +0800] "GET /xingrg/javascript/easyui/themes/icons/copy_new.png HTTP/1.1" 304 -
116.235.93.2 - - [18/Nov/2021:09:05:52 +0800] "GET /xingrg/javascript/easyui/themes/icons/template_new.png HTTP/1.1" 304 -
116.235.93.2 - - [18/Nov/2021:09:05:52 +0800] "GET /xingrg/javascript/easyui/themes/icons/ok.png HTTP/1.1" 304 -
116.235.93.2 - - [18/Nov/2021:09:05:52 +0800] "GET /xingrg/javascript/easyui/themes/icons/print.png HTTP/1.1" 304 -
116.235.93.2 - - [18/Nov/2021:09:05:52 +0800] "GET /xingrg/javascript/easyui/themes/default/images/menu_downarrow.png HTTP/1.1" 304 -
116.235.93.2 - - [18/Nov/2021:09:05:52 +0800] "GET /xingrg/javascript/easyui/themes/icons/cancel.png HTTP/1.1" 304 -
116.235.93.2 - - [18/Nov/2021:09:05:53 +0800] "GET /xingrg/javascript/easyui/plugins/jquery.parser.js HTTP/1.1" 304 -
116.235.93.2 - - [18/Nov/2021:09:05:53 +0800] "POST /xingrg/kc/buy/cgsh_order_operate.html HTTP/1.1" 200 8245
116.235.93.2 - - [18/Nov/2021:09:05:53 +0800] "GET /xingrg/javascript/easyui/themes/icons/edit_remove.png HTTP/1.1" 304 -
116.235.93.2 - - [18/Nov/2021:09:05:53 +0800] "GET /xingrg/javascript/easyui/themes/default/images/button_plain_hover.png HTTP/1.1" 304 -
116.235.93.2 - - [18/Nov/2021:09:05:53 +0800] "GET /xingrg/all/common/auto_word.html?type=employee&rest_code=00104 HTTP/1.1" 200 195
116.235.93.2 - - [18/Nov/2021:09:05:53 +0800] "GET /xingrg/all/common/auto_word.html?type=employee&rest_code=00104 HTTP/1.1" 200 195
116.235.93.2 - - [18/Nov/2021:09:05:53 +0800] "GET /xingrg/javascript/easyui/themes/default/images/button_plain_hover.png HTTP/1.1" 304 -
116.235.93.2 - - [18/Nov/2021:09:05:53 +0800] "GET /xingrg/javascript/easyui/themes/default/validatebox.css HTTP/1.1" 404 1104
116.235.93.2 - - [18/Nov/2021:09:05:53 +0800] "GET /xingrg/javascript/easyui/plugins/jquery.validatebox.js HTTP/1.1" 304 -
116.235.93.2 - - [18/Nov/2021:09:05:53 +0800] "GET /xingrg/javascript/easyui/plugins/jquery.numberbox.js HTTP/1.1" 304 -
116.235.93.2 - - [18/Nov/2021:09:05:54 +0800] "GET /xingrg/javascript/easyui/themes/default/images/button_plain_hover.png HTTP/1.1" 304 -
116.235.93.2 - - [18/Nov/2021:09:05:54 +0800] "GET /xingrg/javascript/easyui/themes/default/images/button_plain_hover.png HTTP/1.1" 304 -
116.235.93.2 - - [18/Nov/2021:09:05:54 +0800] "GET /xingrg/javascript/easyui/themes/default/images/button_plain_hover.png HTTP/1.1" 304 -
116.235.93.2 - - [18/Nov/2021:09:05:55 +0800] "GET /xingrg/javascript/easyui/plugins/jquery.draggable.js HTTP/1.1" 304 -
116.235.93.2 - - [18/Nov/2021:09:05:55 +0800] "GET /xingrg/css/images/panel_loading.gif HTTP/1.1" 304 -
116.235.93.2 - - [18/Nov/2021:09:05:55 +0800] "GET /xingrg/javascript/easyui/plugins/jquery.droppable.js HTTP/1.1" 304 -
116.235.93.2 - - [18/Nov/2021:09:05:55 +0800] "GET /xingrg/javascript/easyui/themes/default/tree.css HTTP/1.1" 404 1090
116.235.93.2 - - [18/Nov/2021:09:05:55 +0800] "GET /xingrg/javascript/easyui/plugins/jquery.tree.js HTTP/1.1" 304 -
222.70.176.97 - - [18/Nov/2021:09:05:56 +0800] "GET /xingrg/kc/print/load_data.html?order_code=212021111807413&kc_code=cgsh HTTP/1.1" 200 1859
116.235.93.2 - - [18/Nov/2021:09:05:56 +0800] "POST /xingrg/all/common/load_tree.html?tree=supplier_tree_json&isDelete=1 HTTP/1.1" 200 60549
116.235.93.2 - - [18/Nov/2021:09:05:58 +0800] "GET /xingrg/javascript/easyui/themes/default/images/tree_arrows.gif HTTP/1.1" 304 -
116.235.93.2 - - [18/Nov/2021:09:05:59 +0800] "GET /xingrg/javascript/easyui/themes/default/images/tree_folder_open.gif HTTP/1.1" 304 -
116.235.93.2 - - [18/Nov/2021:09:05:59 +0800] "GET /xingrg/javascript/easyui/themes/default/images/tree_folder.gif HTTP/1.1" 304 -
116.235.93.2 - - [18/Nov/2021:09:05:59 +0800] "GET /xingrg/javascript/easyui/themes/default/images/tree_file.gif HTTP/1.1" 304 -
180.169.147.146 - - [18/Nov/2021:09:05:59 +0800] "GET /xingrg/kc/cost/cost_operate.html?_=1637197559614&command=load_cost_list HTTP/1.1" 200 6359
222.69.129.93 - - [18/Nov/2021:09:05:59 +0800] "GET /xingrg/kc/buy/cgsh_order_operate.html?command=get_materiel&rest_code=00149&code=00101008055&supplier_code=00100005&order_time=2021-11-17 HTTP/1.1" 200 409
180.169.147.146 - - [18/Nov/2021:09:06:01 +0800] "GET /xingrg/kc/base/check_order_list.html HTTP/1.1" 200 16604
114.85.125.222 - - [18/Nov/2021:09:06:01 +0800] "GET /xingrg/all/function/internal_message.html?_=1637197540041&CODE_STATE=getMsg HTTP/1.1" 200 27
180.169.147.146 - - [18/Nov/2021:09:06:01 +0800] "POST /xingrg/kc/base/check_list_operate.html HTTP/1.1" 200 781
180.169.147.146 - - [18/Nov/2021:09:06:02 +0800] "GET /xingrg/check_reg.html?_=1637197561556 HTTP/1.1" 200 22
180.169.147.146 - - [18/Nov/2021:09:06:02 +0800] "GET /xingrg/all/function/internal_message.html?_=1637197561564&CODE_STATE=getMsg HTTP/1.1" 200 27
180.169.147.146 - - [18/Nov/2021:09:06:04 +0800] "GET /xingrg/all/function/internal_message.html?_=1637197565417&CODE_STATE=getMsg HTTP/1.1" 200 27
116.235.93.2 - - [18/Nov/2021:09:06:08 +0800] "GET /xingrg/javascript/auto/indicator.gif HTTP/1.1" 404 1066
180.169.147.146 - - [18/Nov/2021:09:06:08 +0800] "POST /xingrg/kc/base/check_list_operate.html HTTP/1.1" 200 4085
222.69.129.93 - - [18/Nov/2021:09:06:08 +0800] "POST /xingrg/services/DataTransmitService HTTP/1.1" 200 524
222.70.176.97 - - [18/Nov/2021:09:06:09 +0800] "GET /xingrg/check_reg.html?_=1637197566095 HTTP/1.1" 200 22
180.157.253.6 - - [18/Nov/2021:09:06:10 +0800] "GET /xingrg/all/function/internal_message.html?_=1637197571355&CODE_STATE=getMsg HTTP/1.1" 200 27
222.70.176.97 - - [18/Nov/2021:09:06:12 +0800] "GET /xingrg/kc/buy/cgsh_order_add.html HTTP/1.1" 200 64871
222.70.176.97 - - [18/Nov/2021:09:06:12 +0800] "POST /xingrg/kc/buy/cgsh_order_operate.html HTTP/1.1" 200 8245
222.70.176.97 - - [18/Nov/2021:09:06:12 +0800] "GET /xingrg/javascript/easyui/themes/default/validatebox.css HTTP/1.1" 404 1104
116.235.93.2 - - [18/Nov/2021:09:06:14 +0800] "GET /xingrg/kc/buy/cgsh_order_operate.html?command=get_materiel&rest_code=00104&code=00101008210&supplier_code=00100005&order_time=2021-11-18 HTTP/1.1" 200 408
222.70.176.97 - - [18/Nov/2021:09:06:14 +0800] "GET /xingrg/all/function/internal_message.html?_=1637197571486&CODE_STATE=getMsg HTTP/1.1" 200 27
120.253.135.82 - - [18/Nov/2021:09:06:14 +0800] "GET /xingrg/all/function/internal_message.html?_=1637197346629&CODE_STATE=getMsg HTTP/1.1" 200 27
116.227.210.113 - - [18/Nov/2021:09:06:16 +0800] "GET /xingrg/all/function/internal_message.html?_=1637197551034&CODE_STATE=getMsg HTTP/1.1" 200 27
222.69.129.93 - - [18/Nov/2021:09:06:18 +0800] "GET /xingrg/kc/buy/cgsh_order_operate.html?command=get_materiel&rest_code=00149&code=00101008156&supplier_code=00100005&order_time=2021-11-17 HTTP/1.1" 200 414
180.157.253.6 - - [18/Nov/2021:09:06:19 +0800] "GET /xingrg/kc/buy/cgsh_order_operate.html?command=get_materiel&rest_code=00148&code=00101008010&supplier_code=00100008&order_time=2021-11-18 HTTP/1.1" 200 412
222.70.176.97 - - [18/Nov/2021:09:06:22 +0800] "GET /xingrg/kc/buy/cgsh_order_operate.html?command=get_materiel&rest_code=00111&code=00101002027&supplier_code=00100199&order_time=2021-11-18 HTTP/1.1" 200 415
180.157.253.6 - - [18/Nov/2021:09:06:26 +0800] "GET /xingrg/kc/buy/cgsh_order_operate.html?command=get_materiel&rest_code=00148&code=00101008038&supplier_code=00100008&order_time=2021-11-18 HTTP/1.1" 200 412
222.69.129.93 - - [18/Nov/2021:09:06:26 +0800] "GET /xingrg/all/function/internal_message.html?_=1637197585411&CODE_STATE=getMsg HTTP/1.1" 200 27
222.69.129.93 - - [18/Nov/2021:09:06:29 +0800] "GET /xingrg/kc/buy/cgsh_order_operate.html?command=get_materiel&rest_code=00149&code=00101008331&supplier_code=00100005&order_time=2021-11-17 HTTP/1.1" 200 416
222.70.171.86 - - [18/Nov/2021:09:06:33 +0800] "GET /xingrg/check_reg.html?_=1637197605609 HTTP/1.1" 200 22
222.70.176.97 - - [18/Nov/2021:09:06:33 +0800] "GET /xingrg/kc/buy/cgsh_order_operate.html?command=get_materiel&rest_code=00111&code=00101002006&supplier_code=00100199&order_time=2021-11-18 HTTP/1.1" 200 414
222.70.171.86 - - [18/Nov/2021:09:06:34 +0800] "GET /xingrg/all/function/internal_message.html?_=1637197607146&CODE_STATE=getMsg HTTP/1.1" 200 27
180.157.253.6 - - [18/Nov/2021:09:06:35 +0800] "GET /xingrg/all/function/internal_message.html?_=1637197595161&CODE_STATE=getMsg HTTP/1.1" 200 27
180.157.253.6 - - [18/Nov/2021:09:06:35 +0800] "GET /xingrg/check_reg.html?_=1637197595163 HTTP/1.1" 200 22
180.157.253.6 - - [18/Nov/2021:09:06:36 +0800] "GET /xingrg/kc/buy/cgsh_order_operate.html?command=get_materiel&rest_code=00148&code=00101008360&supplier_code=00100008&order_time=2021-11-18 HTTP/1.1" 200 413
116.238.248.233 - - [18/Nov/2021:09:06:36 +0800] "GET /xingrg/all/function/internal_message.html?_=1637197595010&CODE_STATE=getMsg HTTP/1.1" 200 27
116.238.248.233 - - [18/Nov/2021:09:06:36 +0800] "GET /xingrg/check_reg.html?_=1637197595013 HTTP/1.1" 200 22
180.169.147.146 - - [18/Nov/2021:09:06:37 +0800] "GET /xingrg/all/function/internal_message.html?_=1637197605292&CODE_STATE=getMsg HTTP/1.1" 200 27
222.70.171.86 - - [18/Nov/2021:09:06:38 +0800] "GET /xingrg/all/function/internal_message.html?_=1637197608823&CODE_STATE=getMsg HTTP/1.1" 302 -
180.169.147.146 - - [18/Nov/2021:09:06:44 +0800] "GET /xingrg/all/function/internal_message.html?_=1637197602979&CODE_STATE=getMsg HTTP/1.1" 200 27
116.235.93.2 - - [18/Nov/2021:09:06:45 +0800] "GET /xingrg/all/function/internal_message.html?_=1637198086034&CODE_STATE=getMsg HTTP/1.1" 200 27
222.70.176.97 - - [18/Nov/2021:09:06:47 +0800] "POST /xingrg/kc/buy/cgsh_order_operate.html HTTP/1.1" 200 37
180.157.253.6 - - [18/Nov/2021:09:06:47 +0800] "GET /xingrg/kc/buy/cgsh_order_operate.html?command=get_materiel&rest_code=00148&code=00101008270&supplier_code=00100008&order_time=2021-11-18 HTTP/1.1" 200 412
180.169.147.146 - - [18/Nov/2021:09:06:48 +0800] "GET /xingrg/all/function/internal_message.html?_=1637197607034&CODE_STATE=getMsg HTTP/1.1" 200 27
180.169.147.146 - - [18/Nov/2021:09:06:48 +0800] "GET /xingrg/check_reg.html?_=1637197607037 HTTP/1.1" 200 22
114.85.125.222 - - [18/Nov/2021:09:06:48 +0800] "GET /xingrg/check_reg.html?_=1637197587140 HTTP/1.1" 200 22
116.235.93.2 - - [18/Nov/2021:09:06:49 +0800] "GET /xingrg/kc/buy/cgsh_order_operate.html?command=get_materiel&rest_code=00104&code=00101008224&supplier_code=00100005&order_time=2021-11-18 HTTP/1.1" 200 416
222.70.176.97 - - [18/Nov/2021:09:06:50 +0800] "POST /xingrg/kc/buy/cgsh_order_operate.html HTTP/1.1" 200 3252
58.39.139.200 - - [18/Nov/2021:09:06:51 +0800] "GET /xingrg/all/function/internal_message.html?_=1637197611988&CODE_STATE=getMsg HTTP/1.1" 200 27
222.70.176.97 - - [18/Nov/2021:09:06:52 +0800] "GET /xingrg/kc/print/load_data.html?order_code=212021111807414&kc_code=cgsh&condition= HTTP/1.1" 200 892
180.157.253.6 - - [18/Nov/2021:09:06:55 +0800] "GET /xingrg/kc/buy/cgsh_order_operate.html?command=get_materiel&rest_code=00148&code=00101008069&supplier_code=00100008&order_time=2021-11-18 HTTP/1.1" 200 412
180.169.147.146 - - [18/Nov/2021:09:06:56 +0800] "POST /xingrg/kc/base/check_list_operate.html HTTP/1.1" 200 4
180.169.147.146 - - [18/Nov/2021:09:06:57 +0800] "POST /xingrg/kc/base/check_list_operate.html HTTP/1.1" 200 781
222.70.176.97 - - [18/Nov/2021:09:06:59 +0800] "GET /xingrg/kc/buy/cgsh_order_add.html HTTP/1.1" 200 64871
222.70.176.97 - - [18/Nov/2021:09:07:00 +0800] "POST /xingrg/kc/buy/cgsh_order_operate.html HTTP/1.1" 200 8245
222.70.176.97 - - [18/Nov/2021:09:07:00 +0800] "GET /xingrg/javascript/easyui/themes/default/validatebox.css HTTP/1.1" 404 1104
180.157.253.6 - - [18/Nov/2021:09:07:01 +0800] "GET /xingrg/kc/buy/cgsh_order_operate.html?command=get_materiel&rest_code=00148&code=00101008036&supplier_code=00100008&order_time=2021-11-18 HTTP/1.1" 200 408
116.235.93.2 - - [18/Nov/2021:09:07:01 +0800] "GET /xingrg/kc/buy/cgsh_order_operate.html?command=get_materiel&rest_code=00104&code=00101008239&supplier_code=00100005&order_time=2021-11-18 HTTP/1.1" 200 416
114.85.125.222 - - [18/Nov/2021:09:07:01 +0800] "GET /xingrg/all/function/internal_message.html?_=1637197600055&CODE_STATE=getMsg HTTP/1.1" 200 27
180.169.147.146 - - [18/Nov/2021:09:07:02 +0800] "GET /xingrg/all/function/internal_message.html?_=1637197621563&CODE_STATE=getMsg HTTP/1.1" 200 27
180.169.147.146 - - [18/Nov/2021:09:07:04 +0800] "GET /xingrg/all/function/internal_message.html?_=1637197625424&CODE_STATE=getMsg HTTP/1.1" 200 27
222.69.129.93 - - [18/Nov/2021:09:07:07 +0800] "POST /xingrg/services/DataTransmitService HTTP/1.1" 200 501
116.235.93.2 - - [18/Nov/2021:09:07:09 +0800] "GET /xingrg/kc/buy/cgsh_order_operate.html?command=get_materiel&rest_code=00104&code=00101008049&supplier_code=00100005&order_time=2021-11-18 HTTP/1.1" 200 408
180.157.253.6 - - [18/Nov/2021:09:07:10 +0800] "GET /xingrg/kc/buy/cgsh_order_operate.html?command=get_materiel&rest_code=00148&code=00101008286&supplier_code=00100008&order_time=2021-11-18 HTTP/1.1" 200 408
180.157.253.6 - - [18/Nov/2021:09:07:10 +0800] "GET /xingrg/all/function/internal_message.html?_=1637197631352&CODE_STATE=getMsg HTTP/1.1" 200 27
222.70.176.97 - - [18/Nov/2021:09:07:11 +0800] "GET /xingrg/kc/buy/cgsh_order_operate.html?command=get_materiel&rest_code=00111&code=00101008141&supplier_code=00100005&order_time=2021-11-18 HTTP/1.1" 200 412
222.70.176.97 - - [18/Nov/2021:09:07:14 +0800] "GET /xingrg/all/function/internal_message.html?_=1637197631461&CODE_STATE=getMsg HTTP/1.1" 200 27
120.253.135.82 - - [18/Nov/2021:09:07:14 +0800] "GET /xingrg/all/function/internal_message.html?_=1637197406873&CODE_STATE=getMsg HTTP/1.1" 200 27
116.227.210.113 - - [18/Nov/2021:09:07:16 +0800] "GET /xingrg/all/function/internal_message.html?_=1637197611024&CODE_STATE=getMsg HTTP/1.1" 200 27
180.157.253.6 - - [18/Nov/2021:09:07:18 +0800] "GET /xingrg/kc/buy/cgsh_order_operate.html?command=get_materiel&rest_code=00148&code=00101008318&supplier_code=00100008&order_time=2021-11-18 HTTP/1.1" 200 408
116.235.93.2 - - [18/Nov/2021:09:07:20 +0800] "GET /xingrg/kc/buy/cgsh_order_operate.html?command=get_materiel&rest_code=00104&code=00101008291&supplier_code=00100005&order_time=2021-11-18 HTTP/1.1" 200 408
180.169.147.146 - - [18/Nov/2021:09:07:25 +0800] "GET /xingrg/check_reg.html?_=1637197647314 HTTP/1.1" 200 22
222.69.129.93 - - [18/Nov/2021:09:07:26 +0800] "GET /xingrg/all/function/internal_message.html?_=1637197645384&CODE_STATE=getMsg HTTP/1.1" 200 27
180.157.253.6 - - [18/Nov/2021:09:07:27 +0800] "GET /xingrg/kc/buy/cgsh_order_operate.html?command=get_materiel&rest_code=00148&code=00101008283&supplier_code=00100008&order_time=2021-11-18 HTTP/1.1" 200 408
116.235.93.2 - - [18/Nov/2021:09:07:32 +0800] "GET /xingrg/kc/buy/cgsh_order_operate.html?command=get_materiel&rest_code=00104&code=00101008261&supplier_code=00100005&order_time=2021-11-18 HTTP/1.1" 200 408
180.157.253.6 - - [18/Nov/2021:09:07:33 +0800] "GET /xingrg/kc/buy/cgsh_order_operate.html?command=get_materiel&rest_code=00148&code=00101008101&supplier_code=00100008&order_time=2021-11-18 HTTP/1.1" 200 412
222.70.171.86 - - [18/Nov/2021:09:07:34 +0800] "GET /xingrg/all/function/internal_message.html?_=1637197667159&CODE_STATE=getMsg HTTP/1.1" 200 27
180.157.253.6 - - [18/Nov/2021:09:07:35 +0800] "GET /xingrg/all/function/internal_message.html?_=1637197655162&CODE_STATE=getMsg HTTP/1.1" 200 27
116.238.248.233 - - [18/Nov/2021:09:07:36 +0800] "GET /xingrg/all/function/internal_message.html?_=1637197655018&CODE_STATE=getMsg HTTP/1.1" 200 27
180.169.147.146 - - [18/Nov/2021:09:07:37 +0800] "GET /xingrg/all/function/internal_message.html?_=1637197665297&CODE_STATE=getMsg HTTP/1.1" 200 27
222.70.171.86 - - [18/Nov/2021:09:07:38 +0800] "GET /xingrg/all/function/internal_message.html?_=1637197668853&CODE_STATE=getMsg HTTP/1.1" 302 -
180.157.253.6 - - [18/Nov/2021:09:07:38 +0800] "GET /xingrg/kc/buy/cgsh_order_operate.html?command=get_materiel&rest_code=00148&code=00101008305&supplier_code=00100008&order_time=2021-11-18 HTTP/1.1" 200 412
116.235.93.2 - - [18/Nov/2021:09:07:41 +0800] "GET /xingrg/kc/buy/cgsh_order_operate.html?command=get_materiel&rest_code=00104&code=00101008355&supplier_code=00100005&order_time=2021-11-18 HTTP/1.1" 200 408
180.169.147.146 - - [18/Nov/2021:09:07:44 +0800] "GET /xingrg/all/function/internal_message.html?_=1637197662976&CODE_STATE=getMsg HTTP/1.1" 200 27
116.235.93.2 - - [18/Nov/2021:09:07:45 +0800] "GET /xingrg/all/function/internal_message.html?_=1637198146047&CODE_STATE=getMsg HTTP/1.1" 200 27
180.169.147.146 - - [18/Nov/2021:09:07:48 +0800] "GET /xingrg/all/function/internal_message.html?_=1637197667026&CODE_STATE=getMsg HTTP/1.1" 200 27
116.235.93.2 - - [18/Nov/2021:09:07:50 +0800] "GET /xingrg/kc/buy/cgsh_order_operate.html?command=get_materiel&rest_code=00104&code=00101008190&supplier_code=00100005&order_time=2021-11-18 HTTP/1.1" 200 412
58.39.139.200 - - [18/Nov/2021:09:07:51 +0800] "GET /xingrg/all/function/internal_message.html?_=1637197671958&CODE_STATE=getMsg HTTP/1.1" 200 27
180.169.147.146 - - [18/Nov/2021:09:07:58 +0800] "GET /xingrg/check_reg.html?_=1637197748107 HTTP/1.1" 200 22
180.157.253.6 - - [18/Nov/2021:09:07:58 +0800] "GET /xingrg/kc/buy/cgsh_order_operate.html?command=get_materiel&rest_code=00148&code=00101008323&supplier_code=00100008&order_time=2021-11-18 HTTP/1.1" 200 408
114.85.125.222 - - [18/Nov/2021:09:08:01 +0800] "GET /xingrg/all/function/internal_message.html?_=1637197660069&CODE_STATE=getMsg HTTP/1.1" 200 27
180.169.147.146 - - [18/Nov/2021:09:08:02 +0800] "GET /xingrg/all/function/internal_message.html?_=1637197681560&CODE_STATE=getMsg HTTP/1.1" 200 27
180.169.147.146 - - [18/Nov/2021:09:08:04 +0800] "GET /xingrg/all/function/internal_message.html?_=1637197685428&CODE_STATE=getMsg HTTP/1.1" 200 27
116.235.93.2 - - [18/Nov/2021:09:08:06 +0800] "GET /xingrg/kc/buy/cgsh_order_operate.html?command=get_materiel&rest_code=00104&code=00101008091&supplier_code=00100005&order_time=2021-11-18 HTTP/1.1" 200 413
180.157.253.6 - - [18/Nov/2021:09:08:07 +0800] "GET /xingrg/kc/buy/cgsh_order_operate.html?command=get_materiel&rest_code=00148&code=00101008248&supplier_code=00100008&order_time=2021-11-18 HTTP/1.1" 200 412
180.157.253.6 - - [18/Nov/2021:09:08:10 +0800] "GET /xingrg/check_reg.html?_=1637197691346 HTTP/1.1" 200 22
180.157.253.6 - - [18/Nov/2021:09:08:10 +0800] "GET /xingrg/all/function/internal_message.html?_=1637197691347&CODE_STATE=getMsg HTTP/1.1" 200 27
180.157.253.6 - - [18/Nov/2021:09:08:13 +0800] "GET /xingrg/kc/buy/cgsh_order_operate.html?command=get_materiel&rest_code=00148&code=00101008027&supplier_code=00100008&order_time=2021-11-18 HTTP/1.1" 200 409
222.70.176.97 - - [18/Nov/2021:09:08:14 +0800] "GET /xingrg/all/function/internal_message.html?_=1637197691435&CODE_STATE=getMsg HTTP/1.1" 200 27
120.253.135.82 - - [18/Nov/2021:09:08:14 +0800] "GET /xingrg/all/function/internal_message.html?_=1637197466875&CODE_STATE=getMsg HTTP/1.1" 200 27
116.227.210.113 - - [18/Nov/2021:09:08:16 +0800] "GET /xingrg/all/function/internal_message.html?_=1637197671038&CODE_STATE=getMsg HTTP/1.1" 200 27
180.157.253.6 - - [18/Nov/2021:09:08:18 +0800] "GET /xingrg/kc/buy/cgsh_order_operate.html?command=get_materiel&rest_code=00148&code=00101008037&supplier_code=00100008&order_time=2021-11-18 HTTP/1.1" 200 413
222.70.176.97 - - [18/Nov/2021:09:08:18 +0800] "GET /xingrg/kc/buy/cgsh_order_operate.html?command=get_materiel&rest_code=00111&code=00101008312&supplier_code=00100005&order_time=2021-11-18 HTTP/1.1" 200 412
116.235.93.2 - - [18/Nov/2021:09:08:19 +0800] "GET /xingrg/kc/buy/cgsh_order_operate.html?command=get_materiel&rest_code=00104&code=00101008439&supplier_code=00100005&order_time=2021-11-18 HTTP/1.1" 200 399
180.157.253.6 - - [18/Nov/2021:09:08:26 +0800] "GET /xingrg/kc/buy/cgsh_order_operate.html?command=get_materiel&rest_code=00148&code=00101008096&supplier_code=00100008&order_time=2021-11-18 HTTP/1.1" 200 412
222.69.129.93 - - [18/Nov/2021:09:08:26 +0800] "GET /xingrg/all/function/internal_message.html?_=1637197705369&CODE_STATE=getMsg HTTP/1.1" 200 27
222.70.171.86 - - [18/Nov/2021:09:08:34 +0800] "GET /xingrg/all/function/internal_message.html?_=1637197727173&CODE_STATE=getMsg HTTP/1.1" 200 27
180.157.253.6 - - [18/Nov/2021:09:08:35 +0800] "GET /xingrg/all/function/internal_message.html?_=1637197715161&CODE_STATE=getMsg HTTP/1.1" 200 27
116.238.248.233 - - [18/Nov/2021:09:08:36 +0800] "GET /xingrg/all/function/internal_message.html?_=1637197715018&CODE_STATE=getMsg HTTP/1.1" 200 27
180.169.147.146 - - [18/Nov/2021:09:08:37 +0800] "GET /xingrg/check_reg.html?_=1637197725298 HTTP/1.1" 200 22
180.169.147.146 - - [18/Nov/2021:09:08:37 +0800] "GET /xingrg/all/function/internal_message.html?_=1637197725302&CODE_STATE=getMsg HTTP/1.1" 200 27
222.70.171.86 - - [18/Nov/2021:09:08:38 +0800] "GET /xingrg/all/function/internal_message.html?_=1637197728866&CODE_STATE=getMsg HTTP/1.1" 302 -
116.235.93.2 - - [18/Nov/2021:09:08:38 +0800] "GET /xingrg/check_reg.html?_=1637198199111 HTTP/1.1" 200 22
222.70.176.97 - - [18/Nov/2021:09:08:42 +0800] "GET /xingrg/kc/buy/cgsh_order_operate.html?command=get_materiel&rest_code=00111&code=00101008358&supplier_code=00100005&order_time=2021-11-18 HTTP/1.1" 200 412
180.169.147.146 - - [18/Nov/2021:09:08:44 +0800] "GET /xingrg/all/function/internal_message.html?_=1637197722964&CODE_STATE=getMsg HTTP/1.1" 200 27
116.235.93.2 - - [18/Nov/2021:09:08:45 +0800] "GET /xingrg/all/function/internal_message.html?_=1637198206061&CODE_STATE=getMsg HTTP/1.1" 200 27
180.169.147.146 - - [18/Nov/2021:09:08:48 +0800] "GET /xingrg/all/function/internal_message.html?_=1637197727038&CODE_STATE=getMsg HTTP/1.1" 200 27
58.39.139.200 - - [18/Nov/2021:09:08:51 +0800] "GET /xingrg/all/function/internal_message.html?_=1637197731930&CODE_STATE=getMsg HTTP/1.1" 200 27
180.157.253.6 - - [18/Nov/2021:09:08:53 +0800] "GET /xingrg/kc/buy/cgsh_order_operate.html?command=get_materiel&rest_code=00148&code=00101008224&supplier_code=00100008&order_time=2021-11-18 HTTP/1.1" 200 416
180.157.253.6 - - [18/Nov/2021:09:09:01 +0800] "GET /xingrg/kc/buy/cgsh_order_operate.html?command=get_materiel&rest_code=00148&code=00101008126&supplier_code=00100008&order_time=2021-11-18 HTTP/1.1" 200 412
114.85.125.222 - - [18/Nov/2021:09:09:01 +0800] "GET /xingrg/all/function/internal_message.html?_=1637197720098&CODE_STATE=getMsg HTTP/1.1" 200 27
180.169.147.146 - - [18/Nov/2021:09:09:02 +0800] "GET /xingrg/all/function/internal_message.html?_=1637197741567&CODE_STATE=getMsg HTTP/1.1" 200 27
180.169.147.146 - - [18/Nov/2021:09:09:04 +0800] "GET /xingrg/all/function/internal_message.html?_=1637197745416&CODE_STATE=getMsg HTTP/1.1" 200 27
180.157.253.6 - - [18/Nov/2021:09:09:05 +0800] "POST /xingrg/kc/buy/cgsh_order_operate.html HTTP/1.1" 200 2065
116.235.93.2 - - [18/Nov/2021:09:09:06 +0800] "GET /xingrg/kc/buy/cgsh_order_operate.html?command=get_materiel&rest_code=00104&code=00101008132&supplier_code=00100005&order_time=2021-11-18 HTTP/1.1" 200 408
180.157.253.6 - - [18/Nov/2021:09:09:10 +0800] "GET /xingrg/all/function/internal_message.html?_=1637197751353&CODE_STATE=getMsg HTTP/1.1" 200 27
180.157.253.6 - - [18/Nov/2021:09:09:11 +0800] "GET /xingrg/kc/buy/cgsh_order_operate.html?command=get_materiel&rest_code=00148&code=00101008355&supplier_code=00100008&order_time=2021-11-18 HTTP/1.1" 200 408
222.70.176.97 - - [18/Nov/2021:09:09:14 +0800] "GET /xingrg/all/function/internal_message.html?_=1637197751412&CODE_STATE=getMsg HTTP/1.1" 200 27
120.253.135.82 - - [18/Nov/2021:09:09:14 +0800] "GET /xingrg/all/function/internal_message.html?_=1637197527064&CODE_STATE=getMsg HTTP/1.1" 200 27
116.227.210.113 - - [18/Nov/2021:09:09:16 +0800] "GET /xingrg/all/function/internal_message.html?_=1637197731029&CODE_STATE=getMsg HTTP/1.1" 200 27
180.157.253.6 - - [18/Nov/2021:09:09:19 +0800] "GET /xingrg/kc/buy/cgsh_order_operate.html?command=get_materiel&rest_code=00148&code=00101008264&supplier_code=00100008&order_time=2021-11-18 HTTP/1.1" 200 412
116.235.93.2 - - [18/Nov/2021:09:09:21 +0800] "GET /xingrg/kc/buy/cgsh_order_operate.html?command=get_materiel&rest_code=00104&code=00101008234&supplier_code=00100005&order_time=2021-11-18 HTTP/1.1" 200 408
222.69.129.93 - - [18/Nov/2021:09:09:23 +0800] "GET /xingrg/check_reg.html?_=1637197762482 HTTP/1.1" 200 22
222.69.129.93 - - [18/Nov/2021:09:09:26 +0800] "GET /xingrg/all/function/internal_message.html?_=1637197765340&CODE_STATE=getMsg HTTP/1.1" 200 27
180.157.253.6 - - [18/Nov/2021:09:09:31 +0800] "GET /xingrg/kc/buy/cgsh_order_operate.html?command=get_materiel&rest_code=00148&code=00101008296&supplier_code=00100008&order_time=2021-11-18 HTTP/1.1" 200 416
222.70.171.86 - - [18/Nov/2021:09:09:34 +0800] "GET /xingrg/all/function/internal_message.html?_=1637197787190&CODE_STATE=getMsg HTTP/1.1" 200 27
180.157.253.6 - - [18/Nov/2021:09:09:35 +0800] "GET /xingrg/all/function/internal_message.html?_=1637197775161&CODE_STATE=getMsg HTTP/1.1" 200 27
116.238.248.233 - - [18/Nov/2021:09:09:36 +0800] "GET /xingrg/all/function/internal_message.html?_=1637197775017&CODE_STATE=getMsg HTTP/1.1" 200 27
180.169.147.146 - - [18/Nov/2021:09:09:37 +0800] "GET /xingrg/all/function/internal_message.html?_=1637197785301&CODE_STATE=getMsg HTTP/1.1" 200 27
222.70.171.86 - - [18/Nov/2021:09:09:38 +0800] "GET /xingrg/all/function/internal_message.html?_=1637197788896&CODE_STATE=getMsg HTTP/1.1" 302 -
180.157.253.6 - - [18/Nov/2021:09:09:39 +0800] "GET /xingrg/kc/buy/cgsh_order_operate.html?command=get_materiel&rest_code=00148&code=00101008291&supplier_code=00100008&order_time=2021-11-18 HTTP/1.1" 200 408
120.253.135.82 - - [18/Nov/2021:09:09:40 +0800] "GET /xingrg/check_reg.html?_=1637197552800 HTTP/1.1" 200 22
116.235.93.2 - - [18/Nov/2021:09:09:42 +0800] "GET /xingrg/kc/buy/cgsh_order_operate.html?command=get_materiel&rest_code=00104&code=00101008026&supplier_code=00100005&order_time=2021-11-18 HTTP/1.1" 200 409
180.169.147.146 - - [18/Nov/2021:09:09:44 +0800] "GET /xingrg/check_reg.html?_=1637197782979 HTTP/1.1" 200 22
180.169.147.146 - - [18/Nov/2021:09:09:44 +0800] "GET /xingrg/all/function/internal_message.html?_=1637197782981&CODE_STATE=getMsg HTTP/1.1" 200 27
222.70.171.86 - - [18/Nov/2021:09:09:45 +0800] "GET /xingrg/check_reg.html?_=1637197795888 HTTP/1.1" 302 -
116.235.93.2 - - [18/Nov/2021:09:09:45 +0800] "GET /xingrg/all/function/internal_message.html?_=1637198266199&CODE_STATE=getMsg HTTP/1.1" 200 27
180.157.253.6 - - [18/Nov/2021:09:09:46 +0800] "POST /xingrg/kc/buy/cgsh_order_operate.html HTTP/1.1" 200 2065
180.169.147.146 - - [18/Nov/2021:09:09:48 +0800] "GET /xingrg/all/function/internal_message.html?_=1637197787032&CODE_STATE=getMsg HTTP/1.1" 200 27
58.39.139.200 - - [18/Nov/2021:09:09:51 +0800] "GET /xingrg/all/function/internal_message.html?_=1637197791908&CODE_STATE=getMsg HTTP/1.1" 200 27
58.39.139.200 - - [18/Nov/2021:09:09:52 +0800] "GET /xingrg/check_reg.html?_=1637197792738 HTTP/1.1" 200 22
180.157.253.6 - - [18/Nov/2021:09:09:52 +0800] "GET /xingrg/kc/buy/cgsh_order_operate.html?command=get_materiel&rest_code=00148&code=00101008298&supplier_code=00100008&order_time=2021-11-18 HTTP/1.1" 200 412
116.238.248.233 - - [18/Nov/2021:09:09:56 +0800] "POST /xingrg/kc/buy/cgsh_list_operate.html HTTP/1.1" 200 2398
116.235.93.2 - - [18/Nov/2021:09:10:00 +0800] "GET /xingrg/kc/buy/cgsh_order_operate.html?command=get_materiel&rest_code=00104&code=00101008038&supplier_code=00100005&order_time=2021-11-18 HTTP/1.1" 200 412
114.85.125.222 - - [18/Nov/2021:09:10:01 +0800] "GET /xingrg/all/function/internal_message.html?_=1637197780113&CODE_STATE=getMsg HTTP/1.1" 200 27
180.169.147.146 - - [18/Nov/2021:09:10:02 +0800] "GET /xingrg/all/function/internal_message.html?_=1637197801553&CODE_STATE=getMsg HTTP/1.1" 200 27
116.235.93.2 - - [18/Nov/2021:09:10:03 +0800] "GET /xingrg/check_reg.html?_=1637197913933 HTTP/1.1" 302 -
180.169.147.146 - - [18/Nov/2021:09:10:04 +0800] "GET /xingrg/check_reg.html?_=1637197805417 HTTP/1.1" 200 22
180.169.147.146 - - [18/Nov/2021:09:10:04 +0800] "GET /xingrg/all/function/internal_message.html?_=1637197805419&CODE_STATE=getMsg HTTP/1.1" 200 27
180.157.253.6 - - [18/Nov/2021:09:10:09 +0800] "GET /xingrg/kc/buy/cgsh_order_operate.html?command=get_materiel&rest_code=00148&code=00101008330&supplier_code=00100008&order_time=2021-11-18 HTTP/1.1" 200 408
180.157.253.6 - - [18/Nov/2021:09:10:10 +0800] "GET /xingrg/all/function/internal_message.html?_=1637197811356&CODE_STATE=getMsg HTTP/1.1" 200 27
222.70.176.97 - - [18/Nov/2021:09:10:14 +0800] "GET /xingrg/all/function/internal_message.html?_=1637197811392&CODE_STATE=getMsg HTTP/1.1" 200 27
120.253.135.82 - - [18/Nov/2021:09:10:14 +0800] "GET /xingrg/all/function/internal_message.html?_=1637197587074&CODE_STATE=getMsg HTTP/1.1" 200 27
116.227.210.113 - - [18/Nov/2021:09:10:16 +0800] "GET /xingrg/check_reg.html?_=1637197791029 HTTP/1.1" 200 22
116.227.210.113 - - [18/Nov/2021:09:10:16 +0800] "GET /xingrg/all/function/internal_message.html?_=1637197791030&CODE_STATE=getMsg HTTP/1.1" 200 27
116.235.93.2 - - [18/Nov/2021:09:10:16 +0800] "GET /xingrg/kc/buy/cgsh_order_operate.html?command=get_materiel&rest_code=00104&code=00101008358&supplier_code=00100005&order_time=2021-11-18 HTTP/1.1" 200 412
222.69.129.93 - - [18/Nov/2021:09:10:25 +0800] "GET /xingrg/kc/buy/cgsh_order_operate.html?command=get_materiel&rest_code=00149&code=00101008349&supplier_code=00100005&order_time=2021-11-17 HTTP/1.1" 200 412
222.69.129.93 - - [18/Nov/2021:09:10:26 +0800] "GET /xingrg/all/function/internal_message.html?_=1637197825325&CODE_STATE=getMsg HTTP/1.1" 200 27
116.235.93.2 - - [18/Nov/2021:09:10:29 +0800] "GET /xingrg/kc/buy/cgsh_order_operate.html?command=get_materiel&rest_code=00104&code=00101008163&supplier_code=00100005&order_time=2021-11-18 HTTP/1.1" 200 409
180.157.253.6 - - [18/Nov/2021:09:10:34 +0800] "GET /xingrg/kc/buy/cgsh_order_operate.html?command=get_materiel&rest_code=00148&code=00101008350&supplier_code=00100008&order_time=2021-11-18 HTTP/1.1" 200 408
222.70.171.86 - - [18/Nov/2021:09:10:34 +0800] "GET /xingrg/all/function/internal_message.html?_=1637197847201&CODE_STATE=getMsg HTTP/1.1" 200 27
180.157.253.6 - - [18/Nov/2021:09:10:35 +0800] "GET /xingrg/all/function/internal_message.html?_=1637197835160&CODE_STATE=getMsg HTTP/1.1" 200 27
116.238.248.233 - - [18/Nov/2021:09:10:36 +0800] "GET /xingrg/all/function/internal_message.html?_=1637197835024&CODE_STATE=getMsg HTTP/1.1" 200 27
222.70.176.97 - - [18/Nov/2021:09:10:36 +0800] "GET /xingrg/kc/buy/cgsh_order_operate.html?command=get_materiel&rest_code=00111&code=00101008210&supplier_code=00100005&order_time=2021-11-18 HTTP/1.1" 200 408
180.169.147.146 - - [18/Nov/2021:09:10:37 +0800] "GET /xingrg/all/function/internal_message.html?_=1637197845305&CODE_STATE=getMsg HTTP/1.1" 200 27
222.70.171.86 - - [18/Nov/2021:09:10:38 +0800] "GET /xingrg/all/function/internal_message.html?_=1637197848923&CODE_STATE=getMsg HTTP/1.1" 302 -
58.221.95.50 - - [18/Nov/2021:09:10:41 +0800] "GET /xingrg/check_reg.html?_=1637197840540 HTTP/1.1" 302 -
222.69.129.93 - - [18/Nov/2021:09:10:41 +0800] "GET /xingrg/kc/buy/cgsh_order_operate.html?command=get_materiel&rest_code=00149&code=00101008350&supplier_code=00100005&order_time=2021-11-17 HTTP/1.1" 200 408
180.169.147.146 - - [18/Nov/2021:09:10:44 +0800] "GET /xingrg/all/function/internal_message.html?_=1637197842982&CODE_STATE=getMsg HTTP/1.1" 200 27
180.157.253.6 - - [18/Nov/2021:09:10:44 +0800] "GET /xingrg/kc/buy/cgsh_order_operate.html?command=get_materiel&rest_code=00148&code=00101008356&supplier_code=00100008&order_time=2021-11-18 HTTP/1.1" 200 408
116.235.93.2 - - [18/Nov/2021:09:10:45 +0800] "GET /xingrg/all/function/internal_message.html?_=1637198326214&CODE_STATE=getMsg HTTP/1.1" 200 27
180.157.253.6 - - [18/Nov/2021:09:10:46 +0800] "POST /xingrg/kc/buy/cgsh_order_operate.html HTTP/1.1" 200 2065
180.169.147.146 - - [18/Nov/2021:09:10:48 +0800] "GET /xingrg/all/function/internal_message.html?_=1637197847045&CODE_STATE=getMsg HTTP/1.1" 200 27
172.20.0.100 - - [18/Nov/2021:09:10:48 +0800] "GET /xingrg/check_reg.html?_=1637197840055 HTTP/1.1" 302 -
58.39.139.200 - - [18/Nov/2021:09:10:51 +0800] "GET /xingrg/all/function/internal_message.html?_=1637197851879&CODE_STATE=getMsg HTTP/1.1" 200 27
180.157.253.6 - - [18/Nov/2021:09:10:52 +0800] "GET /xingrg/kc/buy/cgsh_order_operate.html?command=get_materiel&rest_code=00148&code=00101008223&supplier_code=00100008&order_time=2021-11-18 HTTP/1.1" 200 412
116.235.93.2 - - [18/Nov/2021:09:10:53 +0800] "GET /xingrg/kc/buy/cgsh_order_operate.html?command=get_materiel&rest_code=00104&code=00101008361&supplier_code=00100005&order_time=2021-11-18 HTTP/1.1" 200 408
222.69.129.93 - - [18/Nov/2021:09:10:56 +0800] "GET /xingrg/kc/buy/cgsh_order_operate.html?command=get_materiel&rest_code=00149&code=00101008351&supplier_code=00100005&order_time=2021-11-17 HTTP/1.1" 200 408
180.157.253.6 - - [18/Nov/2021:09:11:01 +0800] "GET /xingrg/kc/buy/cgsh_order_operate.html?command=get_materiel&rest_code=00148&code=00101008236&supplier_code=00100008&order_time=2021-11-18 HTTP/1.1" 200 416
114.85.125.222 - - [18/Nov/2021:09:11:01 +0800] "GET /xingrg/all/function/internal_message.html?_=1637197840141&CODE_STATE=getMsg HTTP/1.1" 200 27
180.169.147.146 - - [18/Nov/2021:09:11:02 +0800] "GET /xingrg/all/function/internal_message.html?_=1637197861561&CODE_STATE=getMsg HTTP/1.1" 200 27
180.169.147.146 - - [18/Nov/2021:09:11:02 +0800] "GET /xingrg/check_reg.html?_=1637197861565 HTTP/1.1" 200 22
222.70.176.97 - - [18/Nov/2021:09:11:03 +0800] "GET /xingrg/kc/buy/cgsh_order_operate.html?command=get_materiel&rest_code=00111&code=00101008096&supplier_code=00100005&order_time=2021-11-18 HTTP/1.1" 200 412
116.235.93.2 - - [18/Nov/2021:09:11:03 +0800] "GET /xingrg/kc/buy/cgsh_order_operate.html?command=get_materiel&rest_code=00104&code=00101008355&supplier_code=00100005&order_time=2021-11-18 HTTP/1.1" 200 408
180.169.147.146 - - [18/Nov/2021:09:11:04 +0800] "GET /xingrg/all/function/internal_message.html?_=1637197865420&CODE_STATE=getMsg HTTP/1.1" 200 27
222.70.176.97 - - [18/Nov/2021:09:11:09 +0800] "GET /xingrg/check_reg.html?_=1637197866079 HTTP/1.1" 200 22
180.157.253.6 - - [18/Nov/2021:09:11:09 +0800] "GET /xingrg/kc/buy/cgsh_order_operate.html?command=get_materiel&rest_code=00148&code=00101008160&supplier_code=00100008&order_time=2021-11-18 HTTP/1.1" 200 408
180.157.253.6 - - [18/Nov/2021:09:11:10 +0800] "GET /xingrg/all/function/internal_message.html?_=1637197871378&CODE_STATE=getMsg HTTP/1.1" 200 27
222.70.176.97 - - [18/Nov/2021:09:11:13 +0800] "GET /xingrg/kc/buy/cgsh_order_operate.html?command=get_materiel&rest_code=00111&code=00101008003&supplier_code=00100005&order_time=2021-11-18 HTTP/1.1" 200 408
222.70.176.97 - - [18/Nov/2021:09:11:14 +0800] "GET /xingrg/all/function/internal_message.html?_=1637197871398&CODE_STATE=getMsg HTTP/1.1" 200 27
120.253.135.82 - - [18/Nov/2021:09:11:14 +0800] "GET /xingrg/all/function/internal_message.html?_=1637197647088&CODE_STATE=getMsg HTTP/1.1" 200 27
116.235.93.2 - - [18/Nov/2021:09:11:14 +0800] "GET /xingrg/kc/buy/cgsh_order_operate.html?command=get_materiel&rest_code=00104&code=00101008264&supplier_code=00100005&order_time=2021-11-18 HTTP/1.1" 200 412
222.69.129.93 - - [18/Nov/2021:09:11:15 +0800] "GET /xingrg/kc/buy/cgsh_order_operate.html?command=get_materiel&rest_code=00149&code=00101008110&supplier_code=00100005&order_time=2021-11-17 HTTP/1.1" 200 409
116.227.210.113 - - [18/Nov/2021:09:11:16 +0800] "GET /xingrg/all/function/internal_message.html?_=1637197851019&CODE_STATE=getMsg HTTP/1.1" 200 27
180.157.253.6 - - [18/Nov/2021:09:11:16 +0800] "GET /xingrg/kc/buy/cgsh_order_operate.html?command=get_materiel&rest_code=00148&code=00101008168&supplier_code=00100008&order_time=2021-11-18 HTTP/1.1" 200 412
116.235.93.2 - - [18/Nov/2021:09:11:18 +0800] "POST /xingrg/kc/buy/cgsh_order_operate.html HTTP/1.1" 200 2065
222.70.176.97 - - [18/Nov/2021:09:11:23 +0800] "GET /xingrg/kc/buy/cgsh_order_operate.html?command=get_materiel&rest_code=00111&code=00101008126&supplier_code=00100005&order_time=2021-11-18 HTTP/1.1" 200 412
222.69.129.93 - - [18/Nov/2021:09:11:26 +0800] "GET /xingrg/all/function/internal_message.html?_=1637197885318&CODE_STATE=getMsg HTTP/1.1" 200 27
116.235.93.2 - - [18/Nov/2021:09:11:29 +0800] "GET /xingrg/kc/buy/cgsh_order_operate.html?command=get_materiel&rest_code=00104&code=00101008321&supplier_code=00100005&order_time=2021-11-18 HTTP/1.1" 200 412
172.20.0.100 - - [18/Nov/2021:09:11:29 +0800] "GET /favicon.ico HTTP/1.1" 404 -
222.70.176.97 - - [18/Nov/2021:09:11:31 +0800] "GET /xingrg/kc/buy/cgsh_order_operate.html?command=get_materiel&rest_code=00111&code=00101008148&supplier_code=00100005&order_time=2021-11-18 HTTP/1.1" 200 416
180.157.253.6 - - [18/Nov/2021:09:11:31 +0800] "POST /xingrg/kc/buy/cgsh_order_operate.html HTTP/1.1" 200 2065
222.70.171.86 - - [18/Nov/2021:09:11:33 +0800] "GET /xingrg/check_reg.html?_=1637197905617 HTTP/1.1" 200 22
222.69.129.93 - - [18/Nov/2021:09:11:33 +0800] "GET /xingrg/kc/buy/cgsh_order_operate.html?command=get_materiel&rest_code=00149&code=00101008096&supplier_code=00100005&order_time=2021-11-17 HTTP/1.1" 200 412
222.70.171.86 - - [18/Nov/2021:09:11:34 +0800] "GET /xingrg/all/function/internal_message.html?_=1637197907213&CODE_STATE=getMsg HTTP/1.1" 200 27
180.157.253.6 - - [18/Nov/2021:09:11:35 +0800] "GET /xingrg/all/function/internal_message.html?_=1637197895160&CODE_STATE=getMsg HTTP/1.1" 200 27
180.157.253.6 - - [18/Nov/2021:09:11:35 +0800] "GET /xingrg/check_reg.html?_=1637197895162 HTTP/1.1" 200 22
116.238.248.233 - - [18/Nov/2021:09:11:36 +0800] "GET /xingrg/all/function/internal_message.html?_=1637197895034&CODE_STATE=getMsg HTTP/1.1" 200 27
116.238.248.233 - - [18/Nov/2021:09:11:36 +0800] "GET /xingrg/check_reg.html?_=1637197895040 HTTP/1.1" 200 22
180.169.147.146 - - [18/Nov/2021:09:11:37 +0800] "GET /xingrg/all/function/internal_message.html?_=1637197905304&CODE_STATE=getMsg HTTP/1.1" 200 27
222.70.171.86 - - [18/Nov/2021:09:11:38 +0800] "GET /xingrg/all/function/internal_message.html?_=1637197908938&CODE_STATE=getMsg HTTP/1.1" 302 -
222.70.176.97 - - [18/Nov/2021:09:11:39 +0800] "GET /xingrg/kc/buy/cgsh_order_operate.html?command=get_materiel&rest_code=00111&code=00101008283&supplier_code=00100005&order_time=2021-11-18 HTTP/1.1" 200 408
180.157.253.6 - - [18/Nov/2021:09:11:40 +0800] "GET /xingrg/kc/buy/cgsh_order_operate.html?command=get_materiel&rest_code=00148&code=00101008261&supplier_code=00100008&order_time=2021-11-18 HTTP/1.1" 200 408
116.235.93.2 - - [18/Nov/2021:09:11:41 +0800] "GET /xingrg/kc/buy/cgsh_order_operate.html?command=get_materiel&rest_code=00104&code=00101008270&supplier_code=00100005&order_time=2021-11-18 HTTP/1.1" 200 412
222.69.129.93 - - [18/Nov/2021:09:11:41 +0800] "GET /xingrg/kc/buy/cgsh_order_operate.html?command=get_materiel&rest_code=00149&code=00101008038&supplier_code=00100005&order_time=2021-11-17 HTTP/1.1" 200 412
180.169.147.146 - - [18/Nov/2021:09:11:44 +0800] "GET /xingrg/all/function/internal_message.html?_=1637197902975&CODE_STATE=getMsg HTTP/1.1" 200 27
116.235.93.2 - - [18/Nov/2021:09:11:45 +0800] "GET /xingrg/all/function/internal_message.html?_=1637198386227&CODE_STATE=getMsg HTTP/1.1" 200 27
180.169.147.146 - - [18/Nov/2021:09:11:48 +0800] "GET /xingrg/check_reg.html?_=1637197907037 HTTP/1.1" 200 22
180.169.147.146 - - [18/Nov/2021:09:11:48 +0800] "GET /xingrg/all/function/internal_message.html?_=1637197907039&CODE_STATE=getMsg HTTP/1.1" 200 27
114.85.125.222 - - [18/Nov/2021:09:11:48 +0800] "GET /xingrg/check_reg.html?_=1637197887144 HTTP/1.1" 200 22
180.157.253.6 - - [18/Nov/2021:09:11:50 +0800] "GET /xingrg/kc/buy/cgsh_order_operate.html?command=get_materiel&rest_code=00148&code=00101008313&supplier_code=00100008&order_time=2021-11-18 HTTP/1.1" 200 412
222.70.176.97 - - [18/Nov/2021:09:11:50 +0800] "GET /xingrg/kc/buy/cgsh_order_operate.html?command=get_materiel&rest_code=00111&code=00101008176&supplier_code=00100005&order_time=2021-11-18 HTTP/1.1" 200 412
222.69.129.93 - - [18/Nov/2021:09:11:50 +0800] "GET /xingrg/kc/buy/cgsh_order_operate.html?command=get_materiel&rest_code=00149&code=00101008224&supplier_code=00100005&order_time=2021-11-17 HTTP/1.1" 200 416
58.39.139.200 - - [18/Nov/2021:09:11:51 +0800] "GET /xingrg/all/function/internal_message.html?_=1637197911858&CODE_STATE=getMsg HTTP/1.1" 200 27
116.235.93.2 - - [18/Nov/2021:09:11:51 +0800] "GET /xingrg/kc/buy/cgsh_order_operate.html?command=get_materiel&rest_code=00104&code=00101008196&supplier_code=00100005&order_time=2021-11-18 HTTP/1.1" 200 416
116.235.93.2 - - [18/Nov/2021:09:11:58 +0800] "GET /xingrg/kc/buy/cgsh_order_operate.html?command=get_materiel&rest_code=00104&code=00101008197&supplier_code=00100005&order_time=2021-11-18 HTTP/1.1" 200 416
