116.232.50.192 - - [17/Nov/2021:09:25:40 +0800] "GET /xingrg/images/blue/button/cgfkd.gif HTTP/1.1" 200 2075
116.232.50.192 - - [17/Nov/2021:09:25:40 +0800] "GET /xingrg/images/blue/button/kc.gif HTTP/1.1" 200 2160
116.232.50.192 - - [17/Nov/2021:09:25:40 +0800] "GET /xingrg/images/blue/button/ckthd.gif HTTP/1.1" 200 2045
116.232.50.192 - - [17/Nov/2021:09:25:40 +0800] "GET /xingrg/images/blue/pic_form2.gif HTTP/1.1" 200 1853
116.232.50.192 - - [17/Nov/2021:09:25:40 +0800] "GET /xingrg/images/blue/button/down_ah.jpg HTTP/1.1" 200 1732
116.232.50.192 - - [17/Nov/2021:09:25:40 +0800] "GET /xingrg/images/blue/button/right_ah.jpg HTTP/1.1" 200 1744
116.232.50.192 - - [17/Nov/2021:09:25:40 +0800] "GET /xingrg/images/blue/bg_dotted.jpg HTTP/1.1" 200 319
116.232.50.192 - - [17/Nov/2021:09:25:40 +0800] "GET /xingrg/javascript/jquery_ui/themes/humanity/images/ui-bg_inset-soft_100_f4f0ec_1x100.png HTTP/1.1" 200 141
116.235.93.2 - - [17/Nov/2021:09:25:42 +0800] "GET /xingrg/all/function/internal_message.html?_=1637112823609&CODE_STATE=getMsg HTTP/1.1" 200 27
116.232.50.192 - - [17/Nov/2021:09:25:42 +0800] "GET /xingrg/kc/buy/cgsh_order_list.html HTTP/1.1" 200 49067
116.232.50.192 - - [17/Nov/2021:09:25:42 +0800] "GET /xingrg/css/base.css HTTP/1.1" 200 2811
116.232.50.192 - - [17/Nov/2021:09:25:42 +0800] "GET /xingrg/css/site.css HTTP/1.1" 200 7541
116.232.50.192 - - [17/Nov/2021:09:25:42 +0800] "GET /xingrg/javascript/jquery_tools/datebox.css HTTP/1.1" 200 2597
116.232.50.192 - - [17/Nov/2021:09:25:42 +0800] "GET /xingrg/javascript/auto/jquery.autocomplete.css HTTP/1.1" 200 587
116.232.50.192 - - [17/Nov/2021:09:25:42 +0800] "GET /xingrg/javascript/easyui/themes/icon.css HTTP/1.1" 200 4483
116.232.50.192 - - [17/Nov/2021:09:25:42 +0800] "GET /xingrg/javascript/jquery_tools/fix.css HTTP/1.1" 200 1702
116.232.50.192 - - [17/Nov/2021:09:25:42 +0800] "GET /xingrg/javascript/jquery_tools/table.css HTTP/1.1" 200 1032
116.232.50.192 - - [17/Nov/2021:09:25:42 +0800] "GET /xingrg/javascript/jquery_tools/jquery.tools.min.js HTTP/1.1" 200 138801
116.232.50.192 - - [17/Nov/2021:09:25:42 +0800] "GET /xingrg/javascript/easyui/themes/default/easyui.css HTTP/1.1" 200 30432
116.232.50.192 - - [17/Nov/2021:09:25:42 +0800] "GET /xingrg/javascript/jquery_tools/jquery.tools.hotkey.js HTTP/1.1" 200 3242
116.232.50.192 - - [17/Nov/2021:09:25:42 +0800] "GET /xingrg/javascript/jquery_tools/jquery.tools.table.js HTTP/1.1" 200 6994
180.169.147.146 - - [17/Nov/2021:09:25:42 +0800] "GET /xingrg/all/function/internal_message.html?_=1637112342172&CODE_STATE=getMsg HTTP/1.1" 200 27
116.232.50.192 - - [17/Nov/2021:09:25:42 +0800] "GET /xingrg/javascript/jquery_tools/jquery.tools.extend.js HTTP/1.1" 200 15385
116.232.50.192 - - [17/Nov/2021:09:25:42 +0800] "GET /xingrg/javascript/jquery_tools/list_manager.js HTTP/1.1" 200 3652
116.232.50.192 - - [17/Nov/2021:09:25:42 +0800] "GET /xingrg/javascript/easyui/easyloader.js HTTP/1.1" 200 5975
116.232.50.192 - - [17/Nov/2021:09:25:42 +0800] "GET /xingrg/javascript/jquery.cookie.js HTTP/1.1" 200 5513
116.232.50.192 - - [17/Nov/2021:09:25:42 +0800] "GET /xingrg/javascript/print/LodopFuncs.js HTTP/1.1" 200 5121
116.232.50.192 - - [17/Nov/2021:09:25:42 +0800] "GET /xingrg/javascript/auto/jquery.autocomplete.js HTTP/1.1" 200 21624
116.232.50.192 - - [17/Nov/2021:09:25:42 +0800] "GET /xingrg/javascript/easyui/themes/icons/edit_add_new.png HTTP/1.1" 200 2997
116.232.50.192 - - [17/Nov/2021:09:25:42 +0800] "GET /xingrg/javascript/easyui/themes/icons/cance_new.png HTTP/1.1" 200 3986
116.232.50.192 - - [17/Nov/2021:09:25:42 +0800] "GET /xingrg/javascript/easyui/themes/icons/field_new.png HTTP/1.1" 200 1097
116.232.50.192 - - [17/Nov/2021:09:25:42 +0800] "GET /xingrg/javascript/easyui/themes/icons/import_new.png HTTP/1.1" 200 1247
116.232.50.192 - - [17/Nov/2021:09:25:42 +0800] "GET /xingrg/javascript/easyui/themes/icons/check_new.png HTTP/1.1" 200 3224
116.232.50.192 - - [17/Nov/2021:09:25:42 +0800] "GET /xingrg/javascript/easyui/plugins/jquery.parser.js HTTP/1.1" 200 1142
116.232.50.192 - - [17/Nov/2021:09:25:42 +0800] "GET /xingrg/images/control/ajaxLoader.gif HTTP/1.1" 200 4659
116.238.248.233 - - [17/Nov/2021:09:25:44 +0800] "GET /xingrg/all/function/internal_message.html?_=1637112343903&CODE_STATE=getMsg HTTP/1.1" 200 27
116.232.50.192 - - [17/Nov/2021:09:25:44 +0800] "POST /xingrg/kc/buy/cgsh_list_operate.html HTTP/1.1" 200 876
116.232.50.192 - - [17/Nov/2021:09:25:44 +0800] "GET /xingrg/javascript/easyui/themes/default/images/button_plain_hover.png HTTP/1.1" 200 144
116.232.50.192 - - [17/Nov/2021:09:25:45 +0800] "GET /xingrg/kc/buy/cgsh_order_add.html HTTP/1.1" 200 64884
116.232.50.192 - - [17/Nov/2021:09:25:45 +0800] "GET /xingrg/javascript/convert.js HTTP/1.1" 200 1239
116.232.50.192 - - [17/Nov/2021:09:25:45 +0800] "GET /xingrg/words/20211114200737_words.js HTTP/1.1" 200 872833
116.232.50.192 - - [17/Nov/2021:09:25:45 +0800] "GET /xingrg/javascript/jquery_tools/order_manager.js HTTP/1.1" 200 11183
116.232.50.192 - - [17/Nov/2021:09:25:45 +0800] "GET /xingrg/javascript/json2.js HTTP/1.1" 200 11259
116.232.50.192 - - [17/Nov/2021:09:25:45 +0800] "GET /xingrg/javascript/print/kc_print.js HTTP/1.1" 200 11415
116.232.50.192 - - [17/Nov/2021:09:25:45 +0800] "GET /xingrg/javascript/easyui/themes/icons/copy_new.png HTTP/1.1" 200 815
116.232.50.192 - - [17/Nov/2021:09:25:45 +0800] "GET /xingrg/javascript/easyui/themes/icons/template_new.png HTTP/1.1" 200 3956
116.232.50.192 - - [17/Nov/2021:09:25:45 +0800] "GET /xingrg/javascript/easyui/themes/icons/ok.png HTTP/1.1" 200 883
116.232.50.192 - - [17/Nov/2021:09:25:45 +0800] "GET /xingrg/javascript/easyui/themes/icons/print.png HTTP/1.1" 200 1057
116.232.50.192 - - [17/Nov/2021:09:25:45 +0800] "GET /xingrg/javascript/easyui/themes/default/images/menu_downarrow.png HTTP/1.1" 200 173
116.232.50.192 - - [17/Nov/2021:09:25:45 +0800] "GET /xingrg/javascript/easyui/themes/icons/cancel.png HTTP/1.1" 200 1133
116.232.50.192 - - [17/Nov/2021:09:25:46 +0800] "POST /xingrg/kc/buy/cgsh_order_operate.html HTTP/1.1" 200 8245
120.253.135.82 - - [17/Nov/2021:09:25:46 +0800] "GET /xingrg/all/function/internal_message.html?_=1637112119076&CODE_STATE=getMsg HTTP/1.1" 200 27
116.232.50.192 - - [17/Nov/2021:09:25:46 +0800] "GET /xingrg/javascript/easyui/themes/default/validatebox.css HTTP/1.1" 404 1104
116.232.50.192 - - [17/Nov/2021:09:25:46 +0800] "GET /xingrg/javascript/easyui/plugins/jquery.validatebox.js HTTP/1.1" 200 6103
116.232.50.192 - - [17/Nov/2021:09:25:46 +0800] "GET /xingrg/javascript/easyui/themes/icons/edit_remove.png HTTP/1.1" 200 625
116.232.50.192 - - [17/Nov/2021:09:25:46 +0800] "GET /xingrg/all/common/auto_word.html?type=employee&rest_code=00109 HTTP/1.1" 200 255
116.232.50.192 - - [17/Nov/2021:09:25:46 +0800] "GET /xingrg/javascript/easyui/plugins/jquery.numberbox.js HTTP/1.1" 200 5213
116.232.50.192 - - [17/Nov/2021:09:25:46 +0800] "GET /xingrg/all/common/auto_word.html?type=employee&rest_code=00109 HTTP/1.1" 200 255
116.232.50.192 - - [17/Nov/2021:09:25:47 +0800] "GET /xingrg/javascript/jquery_tools/images/prev.gif HTTP/1.1" 404 1086
116.232.50.192 - - [17/Nov/2021:09:25:47 +0800] "GET /xingrg/javascript/jquery_tools/images/next.gif HTTP/1.1" 404 1086
116.232.50.192 - - [17/Nov/2021:09:25:52 +0800] "GET /xingrg/kc/buy/cgsh_order_operate.html?command=get_materiel&rest_code=00109&code=00101002027&supplier_code=00100454&order_time=2021-11-17 HTTP/1.1" 200 413
172.20.0.100 - - [17/Nov/2021:09:25:53 +0800] "GET /xingrg/check_reg.html?_=1637112346848 HTTP/1.1" 302 -
58.39.139.200 - - [17/Nov/2021:09:25:56 +0800] "GET /xingrg/check_reg.html?_=1637112357620 HTTP/1.1" 200 22
58.39.139.200 - - [17/Nov/2021:09:25:56 +0800] "GET /xingrg/all/function/internal_message.html?_=1637112357624&CODE_STATE=getMsg HTTP/1.1" 200 27
114.85.125.222 - - [17/Nov/2021:09:25:57 +0800] "GET /xingrg/all/function/internal_message.html?_=1637112337180&CODE_STATE=getMsg HTTP/1.1" 200 27
222.69.131.38 - - [17/Nov/2021:09:25:58 +0800] "POST /xingrg/services/DataTransmitService HTTP/1.1" 200 524
180.174.250.202 - - [17/Nov/2021:09:25:59 +0800] "GET /xingrg/all/function/internal_message.html?_=1637112354216&CODE_STATE=getMsg HTTP/1.1" 200 27
222.69.131.38 - - [17/Nov/2021:09:25:59 +0800] "POST /xingrg/services/DataTransmitService HTTP/1.1" 200 501
222.70.171.86 - - [17/Nov/2021:09:26:01 +0800] "GET /xingrg/check_reg.html?_=1637112371024 HTTP/1.1" 200 22
116.232.50.192 - - [17/Nov/2021:09:26:04 +0800] "POST /xingrg/kc/buy/cgsh_order_operate.html HTTP/1.1" 200 37
222.69.131.38 - - [17/Nov/2021:09:26:06 +0800] "POST /xingrg/services/DataTransmitService HTTP/1.1" 200 524
120.253.135.82 - - [17/Nov/2021:09:26:11 +0800] "POST /xingrg/kc/pszx/mdps_list_operate.html HTTP/1.1" 200 448
120.253.135.82 - - [17/Nov/2021:09:26:12 +0800] "GET /xingrg/kc/pszx/mdps_order_info.html?code=312021111700441 HTTP/1.1" 200 23931
120.253.135.82 - - [17/Nov/2021:09:26:12 +0800] "GET /xingrg/javascript/myfunction.js HTTP/1.1" 304 -
120.253.135.82 - - [17/Nov/2021:09:26:12 +0800] "GET /xingrg/javascript/pic_change.js HTTP/1.1" 304 -
120.253.135.82 - - [17/Nov/2021:09:26:12 +0800] "GET /xingrg/javascript/json2.js HTTP/1.1" 304 -
120.253.135.82 - - [17/Nov/2021:09:26:12 +0800] "GET /xingrg/javascript/print/kc_print.js HTTP/1.1" 304 -
120.253.135.82 - - [17/Nov/2021:09:26:12 +0800] "GET /xingrg/javascript/jquery_tools/order_manager.js HTTP/1.1" 304 -
120.253.135.82 - - [17/Nov/2021:09:26:12 +0800] "GET /xingrg/javascript/convert.js HTTP/1.1" 304 -
120.253.135.82 - - [17/Nov/2021:09:26:12 +0800] "GET /xingrg/words/20211114200737_words.js HTTP/1.1" 304 -
120.253.135.82 - - [17/Nov/2021:09:26:12 +0800] "GET /xingrg/javascript/easyui/themes/icons/copy_new.png HTTP/1.1" 304 -
120.253.135.82 - - [17/Nov/2021:09:26:12 +0800] "GET /xingrg/javascript/easyui/themes/default/images/menu_downarrow.png HTTP/1.1" 304 -
120.253.135.82 - - [17/Nov/2021:09:26:12 +0800] "GET /xingrg/javascript/easyui/themes/icons/cancel.png HTTP/1.1" 304 -
120.253.135.82 - - [17/Nov/2021:09:26:12 +0800] "GET /xingrg/javascript/easyui/themes/icons/print.png HTTP/1.1" 304 -
120.253.135.82 - - [17/Nov/2021:09:26:12 +0800] "GET /xingrg/javascript/easyui/themes/icons/ok.png HTTP/1.1" 304 -
120.253.135.82 - - [17/Nov/2021:09:26:13 +0800] "GET /xingrg/javascript/easyui/themes/default/validatebox.css HTTP/1.1" 404 1104
120.253.135.82 - - [17/Nov/2021:09:26:13 +0800] "GET /xingrg/javascript/easyui/plugins/jquery.validatebox.js HTTP/1.1" 304 -
120.253.135.82 - - [17/Nov/2021:09:26:13 +0800] "GET /xingrg/javascript/easyui/plugins/jquery.numberbox.js HTTP/1.1" 304 -
120.253.135.82 - - [17/Nov/2021:09:26:13 +0800] "GET /xingrg/all/common/auto_word.html?type=base&rest_code=00101 HTTP/1.1" 200 613
120.253.135.82 - - [17/Nov/2021:09:26:13 +0800] "POST /xingrg/kc/pszx/mdps_order_operate.html HTTP/1.1" 200 3797
120.253.135.82 - - [17/Nov/2021:09:26:13 +0800] "GET /xingrg/javascript/easyui/themes/icons/edit_remove.png HTTP/1.1" 200 625
222.70.171.86 - - [17/Nov/2021:09:26:14 +0800] "GET /xingrg/all/function/internal_message.html?_=1637112382242&CODE_STATE=getMsg HTTP/1.1" 302 -
180.169.147.146 - - [17/Nov/2021:09:26:14 +0800] "GET /xingrg/all/function/internal_message.html?_=1637112444260&CODE_STATE=getMsg HTTP/1.1" 200 27
120.253.135.82 - - [17/Nov/2021:09:26:16 +0800] "GET /xingrg/javascript/easyui/themes/default/images/button_plain_hover.png HTTP/1.1" 304 -
120.253.135.82 - - [17/Nov/2021:09:26:16 +0800] "GET /xingrg/javascript/easyui/themes/default/images/button_plain_hover.png HTTP/1.1" 304 -
120.253.135.82 - - [17/Nov/2021:09:26:17 +0800] "GET /xingrg/kc/print/load_config.html?kc_code=mdps HTTP/1.1" 200 2390
120.253.135.82 - - [17/Nov/2021:09:26:18 +0800] "GET /xingrg/kc/print/load_data.html?order_code=312021111700441&kc_code=mdps&condition= HTTP/1.1" 200 1398
222.70.171.86 - - [17/Nov/2021:09:26:21 +0800] "POST /xingrg/services/DataTransmitService HTTP/1.1" 200 524
222.70.171.86 - - [17/Nov/2021:09:26:33 +0800] "POST /xingrg/services/DataTransmitService HTTP/1.1" 200 501
222.69.131.38 - - [17/Nov/2021:09:26:34 +0800] "POST /xingrg/services/DataTransmitService HTTP/1.1" 200 501
222.69.131.38 - - [17/Nov/2021:09:26:36 +0800] "POST /xingrg/services/DataTransmitService HTTP/1.1" 200 501
222.70.171.86 - - [17/Nov/2021:09:26:36 +0800] "GET /xingrg/all/function/internal_message.html?_=1637112405344&CODE_STATE=getMsg HTTP/1.1" 200 27
116.235.93.2 - - [17/Nov/2021:09:26:42 +0800] "GET /xingrg/all/function/internal_message.html?_=1637112883641&CODE_STATE=getMsg HTTP/1.1" 200 27
180.169.147.146 - - [17/Nov/2021:09:26:42 +0800] "GET /xingrg/all/function/internal_message.html?_=1637112402156&CODE_STATE=getMsg HTTP/1.1" 200 27
116.238.248.233 - - [17/Nov/2021:09:26:44 +0800] "POST /xingrg/kc/buy/cgsh_order_operate.html HTTP/1.1" 200 37
120.253.135.82 - - [17/Nov/2021:09:26:46 +0800] "GET /xingrg/all/function/internal_message.html?_=1637112179103&CODE_STATE=getMsg HTTP/1.1" 200 27
116.238.248.233 - - [17/Nov/2021:09:26:55 +0800] "POST /xingrg/kc/buy/cgsh_order_operate.html HTTP/1.1" 200 12
58.39.139.200 - - [17/Nov/2021:09:26:56 +0800] "GET /xingrg/all/function/internal_message.html?_=1637112417623&CODE_STATE=getMsg HTTP/1.1" 200 27
114.85.125.222 - - [17/Nov/2021:09:26:57 +0800] "GET /xingrg/all/function/internal_message.html?_=1637112397193&CODE_STATE=getMsg HTTP/1.1" 200 27
116.238.248.233 - - [17/Nov/2021:09:26:57 +0800] "GET /xingrg/kc/buy/cgsh_order_info.html?code=212021111707011 HTTP/1.1" 200 59635
116.238.248.233 - - [17/Nov/2021:09:26:58 +0800] "GET /xingrg/javascript/easyui/themes/default/validatebox.css HTTP/1.1" 404 1104
116.238.248.233 - - [17/Nov/2021:09:26:59 +0800] "POST /xingrg/kc/buy/cgsh_order_operate.html HTTP/1.1" 200 21323
180.174.250.202 - - [17/Nov/2021:09:26:59 +0800] "GET /xingrg/all/function/internal_message.html?_=1637112414230&CODE_STATE=getMsg HTTP/1.1" 200 27
116.238.248.233 - - [17/Nov/2021:09:27:01 +0800] "GET /xingrg/kc/print/load_data.html?order_code=212021111707011&kc_code=cgsh&condition= HTTP/1.1" 200 8616
222.70.171.86 - - [17/Nov/2021:09:27:05 +0800] "POST /xingrg/services/DataTransmitService HTTP/1.1" 200 524
222.69.131.38 - - [17/Nov/2021:09:27:05 +0800] "POST /xingrg/services/DataTransmitService HTTP/1.1" 200 501
116.238.248.233 - - [17/Nov/2021:09:27:08 +0800] "POST /xingrg/all/user/operate.html HTTP/1.1" 200 36
116.238.248.233 - - [17/Nov/2021:09:27:08 +0800] "GET /xingrg/index.html?sysBaseUrl=http%3A%2F%2F180.169.147.146%3A18081%2Fxingrg%2F&costTime=1162×tamp=1637043180065 HTTP/1.1" 200 17177
116.238.248.233 - - [17/Nov/2021:09:27:08 +0800] "GET /xingrg/javascript/jquery_easy_ui/themes/default/easyui.css HTTP/1.1" 304 -
116.238.248.233 - - [17/Nov/2021:09:27:08 +0800] "GET /xingrg/javascript/jquery_easy_ui/themes/icon.css HTTP/1.1" 304 -
116.238.248.233 - - [17/Nov/2021:09:27:08 +0800] "GET /xingrg/css/form.css HTTP/1.1" 304 -
116.238.248.233 - - [17/Nov/2021:09:27:08 +0800] "GET /xingrg/javascript/jquery-1.4.2.min.js HTTP/1.1" 304 -
116.238.248.233 - - [17/Nov/2021:09:27:08 +0800] "GET /xingrg/javascript/jquery_easy_ui/jquery.easyui.min.js HTTP/1.1" 304 -
116.238.248.233 - - [17/Nov/2021:09:27:08 +0800] "GET /xingrg/javascript/jquery_easy_ui/easyui-lang-zh_CN.js HTTP/1.1" 304 -
116.238.248.233 - - [17/Nov/2021:09:27:08 +0800] "GET /xingrg/javascript/jquery.form.js HTTP/1.1" 304 -
116.238.248.233 - - [17/Nov/2021:09:27:08 +0800] "GET /xingrg/javascript/jquery.utils.js HTTP/1.1" 304 -
116.238.248.233 - - [17/Nov/2021:09:27:08 +0800] "GET /xingrg/javascript/jquery.timers.js HTTP/1.1" 304 -
116.238.248.233 - - [17/Nov/2021:09:27:08 +0800] "GET /xingrg/images/blue/jxLogo.png HTTP/1.1" 304 -
116.238.248.233 - - [17/Nov/2021:09:27:08 +0800] "GET /xingrg/javascript/jquery_easy_ui/themes/icons/settle_new.png HTTP/1.1" 304 -
116.238.248.233 - - [17/Nov/2021:09:27:08 +0800] "GET /xingrg/images/blue/navBackgound.jpg HTTP/1.1" 304 -
116.238.248.233 - - [17/Nov/2021:09:27:09 +0800] "GET /xingrg/all/function/internal_message.html?_=1637112428522&CODE_STATE=count HTTP/1.1" 200 11
116.238.248.233 - - [17/Nov/2021:09:27:09 +0800] "GET /xingrg/check_reg.html?_=1637112428524 HTTP/1.1" 200 22
116.238.248.233 - - [17/Nov/2021:09:27:09 +0800] "GET /xingrg/javascript/jquery_easy_ui/themes/default/images/tabs_rightarrow.png HTTP/1.1" 304 -
116.238.248.233 - - [17/Nov/2021:09:27:09 +0800] "GET /xingrg/javascript/jquery_easy_ui/themes/default/images/panel_tool_collapse.gif HTTP/1.1" 304 -
116.238.248.233 - - [17/Nov/2021:09:27:09 +0800] "GET /xingrg/images/blue/pingpu.png HTTP/1.1" 304 -
116.238.248.233 - - [17/Nov/2021:09:27:09 +0800] "GET /xingrg/javascript/jquery_easy_ui/themes/default/images/tabs_leftarrow.png HTTP/1.1" 304 -
116.238.248.233 - - [17/Nov/2021:09:27:09 +0800] "POST /xingrg/all/common/load_tree.html?tree=area_rest_tree_json&manage=1 HTTP/1.1" 200 476
116.238.248.233 - - [17/Nov/2021:09:27:09 +0800] "POST /xingrg/load_menu.html HTTP/1.1" 200 5138
116.238.248.233 - - [17/Nov/2021:09:27:11 +0800] "GET /xingrg/kc/buy/cgsh_order_list.html HTTP/1.1" 200 49071
222.70.171.86 - - [17/Nov/2021:09:27:14 +0800] "GET /xingrg/all/function/internal_message.html?_=1637112442245&CODE_STATE=getMsg HTTP/1.1" 302 -
180.169.147.146 - - [17/Nov/2021:09:27:14 +0800] "GET /xingrg/all/function/internal_message.html?_=1637112504253&CODE_STATE=getMsg HTTP/1.1" 200 27
116.238.248.233 - - [17/Nov/2021:09:27:15 +0800] "POST /xingrg/kc/buy/cgsh_list_operate.html HTTP/1.1" 200 2051
116.238.248.233 - - [17/Nov/2021:09:27:18 +0800] "POST /xingrg/kc/buy/cgsh_list_operate.html HTTP/1.1" 200 558
116.238.248.233 - - [17/Nov/2021:09:27:20 +0800] "GET /xingrg/kc/buy/cgsh_order_info.html?code=212021111707019 HTTP/1.1" 200 64456
116.238.248.233 - - [17/Nov/2021:09:27:20 +0800] "GET /xingrg/javascript/easyui/themes/default/validatebox.css HTTP/1.1" 404 1104
116.238.248.233 - - [17/Nov/2021:09:27:21 +0800] "POST /xingrg/kc/buy/cgsh_order_operate.html HTTP/1.1" 200 6852
222.69.131.38 - - [17/Nov/2021:09:27:27 +0800] "POST /xingrg/services/DataTransmitService HTTP/1.1" 200 501
222.69.131.38 - - [17/Nov/2021:09:27:28 +0800] "POST /xingrg/services/DataTransmitService HTTP/1.1" 200 501
222.70.171.86 - - [17/Nov/2021:09:27:36 +0800] "GET /xingrg/all/function/internal_message.html?_=1637112465356&CODE_STATE=getMsg HTTP/1.1" 200 27
222.69.131.38 - - [17/Nov/2021:09:27:37 +0800] "POST /xingrg/services/DataTransmitService HTTP/1.1" 200 501
222.69.131.38 - - [17/Nov/2021:09:27:39 +0800] "POST /xingrg/services/DataTransmitService HTTP/1.1" 200 501
116.238.248.233 - - [17/Nov/2021:09:27:39 +0800] "POST /xingrg/kc/buy/cgsh_order_operate.html HTTP/1.1" 200 37
222.69.131.38 - - [17/Nov/2021:09:27:40 +0800] "POST /xingrg/services/DataTransmitService HTTP/1.1" 200 501
222.69.131.38 - - [17/Nov/2021:09:27:40 +0800] "POST /xingrg/services/DataTransmitService HTTP/1.1" 200 412
116.235.93.2 - - [17/Nov/2021:09:27:42 +0800] "GET /xingrg/all/function/internal_message.html?_=1637112943651&CODE_STATE=getMsg HTTP/1.1" 200 27
180.169.147.146 - - [17/Nov/2021:09:27:42 +0800] "GET /xingrg/all/function/internal_message.html?_=1637112462166&CODE_STATE=getMsg HTTP/1.1" 200 27
116.238.248.233 - - [17/Nov/2021:09:27:46 +0800] "POST /xingrg/kc/buy/cgsh_order_operate.html HTTP/1.1" 200 12
120.253.135.82 - - [17/Nov/2021:09:27:46 +0800] "GET /xingrg/all/function/internal_message.html?_=1637112239119&CODE_STATE=getMsg HTTP/1.1" 200 27
116.238.248.233 - - [17/Nov/2021:09:27:48 +0800] "GET /xingrg/kc/buy/cgsh_order_info.html?code=212021111707019 HTTP/1.1" 200 59356
116.238.248.233 - - [17/Nov/2021:09:27:48 +0800] "GET /xingrg/javascript/easyui/themes/default/validatebox.css HTTP/1.1" 404 1104
116.238.248.233 - - [17/Nov/2021:09:27:49 +0800] "POST /xingrg/kc/buy/cgsh_order_operate.html HTTP/1.1" 200 4798
116.238.248.233 - - [17/Nov/2021:09:27:51 +0800] "GET /xingrg/kc/print/load_data.html?order_code=212021111707019&kc_code=cgsh&condition= HTTP/1.1" 200 2327
114.85.125.222 - - [17/Nov/2021:09:27:56 +0800] "GET /xingrg/check_reg.html?_=1637112456428 HTTP/1.1" 200 22
58.39.139.200 - - [17/Nov/2021:09:27:56 +0800] "GET /xingrg/all/function/internal_message.html?_=1637112477625&CODE_STATE=getMsg HTTP/1.1" 200 27
114.85.125.222 - - [17/Nov/2021:09:27:57 +0800] "GET /xingrg/all/function/internal_message.html?_=1637112457207&CODE_STATE=getMsg HTTP/1.1" 200 27
180.174.250.202 - - [17/Nov/2021:09:27:59 +0800] "GET /xingrg/all/function/internal_message.html?_=1637112474243&CODE_STATE=getMsg HTTP/1.1" 200 27
116.238.248.233 - - [17/Nov/2021:09:27:59 +0800] "POST /xingrg/kc/buy/cgsh_list_operate.html HTTP/1.1" 200 557
116.238.248.233 - - [17/Nov/2021:09:28:01 +0800] "GET /xingrg/kc/buy/cgsh_order_info.html?code=212021111707013 HTTP/1.1" 200 64456
116.238.248.233 - - [17/Nov/2021:09:28:01 +0800] "GET /xingrg/javascript/easyui/themes/default/validatebox.css HTTP/1.1" 404 1104
116.238.248.233 - - [17/Nov/2021:09:28:02 +0800] "POST /xingrg/kc/buy/cgsh_order_operate.html HTTP/1.1" 200 21132
116.238.248.233 - - [17/Nov/2021:09:28:09 +0800] "GET /xingrg/all/function/internal_message.html?_=1637112488532&CODE_STATE=getMsg HTTP/1.1" 200 27
222.70.171.86 - - [17/Nov/2021:09:28:12 +0800] "POST /xingrg/services/DataTransmitService HTTP/1.1" 200 501
222.70.171.86 - - [17/Nov/2021:09:28:14 +0800] "GET /xingrg/all/function/internal_message.html?_=1637112502271&CODE_STATE=getMsg HTTP/1.1" 302 -
222.70.171.86 - - [17/Nov/2021:09:28:14 +0800] "POST /xingrg/services/DataTransmitService HTTP/1.1" 200 501
58.39.139.200 - - [17/Nov/2021:09:28:14 +0800] "GET /xingrg/kc/buy/cgsh_order_add.html HTTP/1.1" 200 64890
180.169.147.146 - - [17/Nov/2021:09:28:14 +0800] "GET /xingrg/all/function/internal_message.html?_=1637112564250&CODE_STATE=getMsg HTTP/1.1" 200 27
58.39.139.200 - - [17/Nov/2021:09:28:15 +0800] "POST /xingrg/kc/buy/cgsh_order_operate.html HTTP/1.1" 200 8245
58.39.139.200 - - [17/Nov/2021:09:28:15 +0800] "GET /xingrg/javascript/easyui/themes/default/validatebox.css HTTP/1.1" 404 1104
222.70.176.97 - - [17/Nov/2021:09:28:22 +0800] "GET /xingrg/login.html HTTP/1.1" 200 7641
222.70.176.97 - - [17/Nov/2021:09:28:22 +0800] "GET /xingrg/login.html HTTP/1.1" 200 7641
222.70.176.97 - - [17/Nov/2021:09:28:22 +0800] "GET /favicon.ico HTTP/1.1" 404 -
222.70.176.97 - - [17/Nov/2021:09:28:22 +0800] "GET /favicon.ico HTTP/1.1" 404 -
222.70.176.97 - - [17/Nov/2021:09:28:30 +0800] "POST /xingrg/login.do HTTP/1.1" 302 -
222.70.176.97 - - [17/Nov/2021:09:28:30 +0800] "GET /xingrg/index.html?sysBaseUrl=http%3A%2F%2F180.169.147.146%3A18081%2Fxingrg%2F&costTime=1650×tamp=1637112510231 HTTP/1.1" 200 17173
222.70.176.97 - - [17/Nov/2021:09:28:30 +0800] "GET /favicon.ico HTTP/1.1" 404 -
222.70.176.97 - - [17/Nov/2021:09:28:30 +0800] "GET /xingrg/all/function/internal_message.html?_=1637112508927&CODE_STATE=count HTTP/1.1" 200 11
222.70.176.97 - - [17/Nov/2021:09:28:30 +0800] "GET /xingrg/check_reg.html?_=1637112508928 HTTP/1.1" 200 22
222.70.176.97 - - [17/Nov/2021:09:28:30 +0800] "POST /xingrg/all/common/load_tree.html?tree=area_rest_tree_json&manage=1 HTTP/1.1" 200 342
222.70.176.97 - - [17/Nov/2021:09:28:30 +0800] "POST /xingrg/load_menu.html HTTP/1.1" 200 5138
222.70.176.97 - - [17/Nov/2021:09:28:32 +0800] "GET /xingrg/kc/buy/buy_main.html HTTP/1.1" 200 12412
222.70.176.97 - - [17/Nov/2021:09:28:32 +0800] "GET /xingrg/css/new_ie.css HTTP/1.1" 404 1036
222.70.176.97 - - [17/Nov/2021:09:28:32 +0800] "GET /xingrg/images/yd/bt.gif HTTP/1.1" 404 1040
222.70.176.97 - - [17/Nov/2021:09:28:34 +0800] "GET /xingrg/kc/buy/cgsh_order_list.html HTTP/1.1" 200 49067
222.70.171.86 - - [17/Nov/2021:09:28:36 +0800] "GET /xingrg/all/function/internal_message.html?_=1637112525449&CODE_STATE=getMsg HTTP/1.1" 200 27
222.70.176.97 - - [17/Nov/2021:09:28:36 +0800] "POST /xingrg/kc/buy/cgsh_list_operate.html HTTP/1.1" 200 876
222.70.176.97 - - [17/Nov/2021:09:28:39 +0800] "GET /xingrg/kc/buy/cgsh_order_add.html HTTP/1.1" 200 64802
222.70.176.97 - - [17/Nov/2021:09:28:39 +0800] "GET /xingrg/words/20211114200737_words.js HTTP/1.1" 304 -
222.70.176.97 - - [17/Nov/2021:09:28:40 +0800] "POST /xingrg/kc/buy/cgsh_order_operate.html HTTP/1.1" 200 8245
222.70.176.97 - - [17/Nov/2021:09:28:40 +0800] "GET /xingrg/javascript/easyui/themes/default/validatebox.css HTTP/1.1" 404 1104
222.70.176.97 - - [17/Nov/2021:09:28:40 +0800] "GET /xingrg/all/common/auto_word.html?type=employee&rest_code=00111 HTTP/1.1" 200 155
222.70.176.97 - - [17/Nov/2021:09:28:40 +0800] "GET /xingrg/all/common/auto_word.html?type=employee&rest_code=00111 HTTP/1.1" 200 155
222.70.171.86 - - [17/Nov/2021:09:28:40 +0800] "POST /xingrg/services/DataTransmitService HTTP/1.1" 200 501
116.235.93.2 - - [17/Nov/2021:09:28:42 +0800] "GET /xingrg/all/function/internal_message.html?_=1637113003685&CODE_STATE=getMsg HTTP/1.1" 200 27
180.169.147.146 - - [17/Nov/2021:09:28:42 +0800] "GET /xingrg/all/function/internal_message.html?_=1637112522159&CODE_STATE=getMsg HTTP/1.1" 200 27
222.70.171.86 - - [17/Nov/2021:09:28:43 +0800] "POST /xingrg/services/DataTransmitService HTTP/1.1" 500 1621
120.253.135.82 - - [17/Nov/2021:09:28:46 +0800] "GET /xingrg/all/function/internal_message.html?_=1637112299144&CODE_STATE=getMsg HTTP/1.1" 200 27
222.70.176.97 - - [17/Nov/2021:09:28:51 +0800] "GET /xingrg/javascript/auto/indicator.gif HTTP/1.1" 404 1066
222.70.176.97 - - [17/Nov/2021:09:28:53 +0800] "GET /xingrg/javascript/jquery_tools/images/prev.gif HTTP/1.1" 404 1086
222.70.176.97 - - [17/Nov/2021:09:28:53 +0800] "GET /xingrg/javascript/jquery_tools/images/next.gif HTTP/1.1" 404 1086
58.39.139.200 - - [17/Nov/2021:09:28:57 +0800] "GET /xingrg/all/function/internal_message.html?_=1637112537747&CODE_STATE=getMsg HTTP/1.1" 200 27
114.85.125.222 - - [17/Nov/2021:09:28:57 +0800] "GET /xingrg/all/function/internal_message.html?_=1637112517219&CODE_STATE=getMsg HTTP/1.1" 200 27
180.174.250.202 - - [17/Nov/2021:09:28:59 +0800] "GET /xingrg/all/function/internal_message.html?_=1637112534257&CODE_STATE=getMsg HTTP/1.1" 200 27
222.70.176.97 - - [17/Nov/2021:09:29:01 +0800] "GET /xingrg/kc/buy/cgsh_order_operate.html?command=get_materiel&rest_code=00111&code=00101015038&supplier_code=00100037&order_time=2021-11-17 HTTP/1.1" 200 418
58.221.95.50 - - [17/Nov/2021:09:29:06 +0800] "GET /xingrg/check_reg.html?_=1637112549643 HTTP/1.1" 302 -
116.238.248.233 - - [17/Nov/2021:09:29:09 +0800] "GET /xingrg/all/function/internal_message.html?_=1637112548716&CODE_STATE=getMsg HTTP/1.1" 200 27
116.238.248.233 - - [17/Nov/2021:09:29:11 +0800] "GET /xingrg/javascript/auto/indicator.gif HTTP/1.1" 404 1066
222.70.171.86 - - [17/Nov/2021:09:29:14 +0800] "GET /xingrg/all/function/internal_message.html?_=1637112562273&CODE_STATE=getMsg HTTP/1.1" 302 -
180.169.147.146 - - [17/Nov/2021:09:29:14 +0800] "GET /xingrg/all/function/internal_message.html?_=1637112624249&CODE_STATE=getMsg HTTP/1.1" 200 27
116.238.248.233 - - [17/Nov/2021:09:29:14 +0800] "GET /xingrg/kc/buy/cgsh_order_operate.html?command=get_materiel&rest_code=00151&code=00101008221&supplier_code=00100007&order_time=2021-11-17 HTTP/1.1" 200 412
222.70.176.97 - - [17/Nov/2021:09:29:15 +0800] "GET /xingrg/kc/buy/cgsh_order_operate.html?command=get_materiel&rest_code=00111&code=00101008284&supplier_code=00100037&order_time=2021-11-17 HTTP/1.1" 200 412
222.70.176.97 - - [17/Nov/2021:09:29:24 +0800] "GET /xingrg/kc/buy/cgsh_order_operate.html?command=get_materiel&rest_code=00111&code=00101015046&supplier_code=00100037&order_time=2021-11-17 HTTP/1.1" 200 412
116.235.93.2 - - [17/Nov/2021:09:29:29 +0800] "GET /xingrg/check_reg.html?_=1637113050952 HTTP/1.1" 200 22
222.70.176.97 - - [17/Nov/2021:09:29:30 +0800] "GET /xingrg/all/function/internal_message.html?_=1637112568937&CODE_STATE=getMsg HTTP/1.1" 200 27
222.70.176.97 - - [17/Nov/2021:09:29:34 +0800] "GET /xingrg/kc/buy/cgsh_order_operate.html?command=get_materiel&rest_code=00111&code=00101007109&supplier_code=00100037&order_time=2021-11-17 HTTP/1.1" 200 408
222.70.171.86 - - [17/Nov/2021:09:29:36 +0800] "GET /xingrg/all/function/internal_message.html?_=1637112585462&CODE_STATE=getMsg HTTP/1.1" 200 27
116.235.93.2 - - [17/Nov/2021:09:29:42 +0800] "GET /xingrg/all/function/internal_message.html?_=1637113063695&CODE_STATE=getMsg HTTP/1.1" 200 27
180.169.147.146 - - [17/Nov/2021:09:29:42 +0800] "GET /xingrg/check_reg.html?_=1637112582151 HTTP/1.1" 200 22
180.169.147.146 - - [17/Nov/2021:09:29:42 +0800] "GET /xingrg/all/function/internal_message.html?_=1637112582155&CODE_STATE=getMsg HTTP/1.1" 200 27
222.70.171.86 - - [17/Nov/2021:09:29:45 +0800] "GET /xingrg/check_reg.html?_=1637112593125 HTTP/1.1" 302 -
222.70.176.97 - - [17/Nov/2021:09:29:45 +0800] "GET /xingrg/kc/buy/cgsh_order_operate.html?command=get_materiel&rest_code=00111&code=00101020153&supplier_code=00100037&order_time=2021-11-17 HTTP/1.1" 200 408
120.253.135.82 - - [17/Nov/2021:09:29:46 +0800] "GET /xingrg/check_reg.html?_=1637112359075 HTTP/1.1" 200 22
120.253.135.82 - - [17/Nov/2021:09:29:46 +0800] "GET /xingrg/all/function/internal_message.html?_=1637112359162&CODE_STATE=getMsg HTTP/1.1" 200 27
222.70.176.97 - - [17/Nov/2021:09:29:55 +0800] "GET /xingrg/kc/buy/cgsh_order_operate.html?command=get_materiel&rest_code=00111&code=00101016105&supplier_code=00100037&order_time=2021-11-17 HTTP/1.1" 200 409
58.39.139.200 - - [17/Nov/2021:09:29:56 +0800] "GET /xingrg/all/function/internal_message.html?_=1637112597627&CODE_STATE=getMsg HTTP/1.1" 200 27
114.85.125.222 - - [17/Nov/2021:09:29:57 +0800] "GET /xingrg/all/function/internal_message.html?_=1637112577233&CODE_STATE=getMsg HTTP/1.1" 200 27
180.174.250.202 - - [17/Nov/2021:09:29:59 +0800] "GET /xingrg/check_reg.html?_=1637112594210 HTTP/1.1" 200 22
180.174.250.202 - - [17/Nov/2021:09:29:59 +0800] "GET /xingrg/all/function/internal_message.html?_=1637112594270&CODE_STATE=getMsg HTTP/1.1" 200 27
116.238.248.233 - - [17/Nov/2021:09:30:09 +0800] "GET /xingrg/all/function/internal_message.html?_=1637112608699&CODE_STATE=getMsg HTTP/1.1" 200 27
222.70.171.86 - - [17/Nov/2021:09:30:14 +0800] "GET /xingrg/all/function/internal_message.html?_=1637112622297&CODE_STATE=getMsg HTTP/1.1" 302 -
180.169.147.146 - - [17/Nov/2021:09:30:14 +0800] "GET /xingrg/all/function/internal_message.html?_=1637112684247&CODE_STATE=getMsg HTTP/1.1" 200 27
180.169.147.146 - - [17/Nov/2021:09:30:14 +0800] "GET /xingrg/check_reg.html?_=1637112684249 HTTP/1.1" 200 22
222.70.176.97 - - [17/Nov/2021:09:30:30 +0800] "GET /xingrg/all/function/internal_message.html?_=1637112629068&CODE_STATE=getMsg HTTP/1.1" 200 27
222.70.171.86 - - [17/Nov/2021:09:30:36 +0800] "GET /xingrg/all/function/internal_message.html?_=1637112645556&CODE_STATE=getMsg HTTP/1.1" 200 27
222.70.176.97 - - [17/Nov/2021:09:30:39 +0800] "GET /xingrg/kc/buy/cgsh_order_operate.html?command=get_materiel&rest_code=00111&code=00101008338&supplier_code=00100037&order_time=2021-11-17 HTTP/1.1" 200 409
116.235.93.2 - - [17/Nov/2021:09:30:42 +0800] "GET /xingrg/all/function/internal_message.html?_=1637113123709&CODE_STATE=getMsg HTTP/1.1" 200 27
180.169.147.146 - - [17/Nov/2021:09:30:42 +0800] "GET /xingrg/all/function/internal_message.html?_=1637112642157&CODE_STATE=getMsg HTTP/1.1" 200 27
116.238.248.233 - - [17/Nov/2021:09:30:44 +0800] "POST /xingrg/kc/buy/cgsh_order_operate.html HTTP/1.1" 200 37
120.253.135.82 - - [17/Nov/2021:09:30:46 +0800] "GET /xingrg/all/function/internal_message.html?_=1637112419175&CODE_STATE=getMsg HTTP/1.1" 200 27
222.70.176.97 - - [17/Nov/2021:09:30:50 +0800] "GET /xingrg/kc/buy/cgsh_order_operate.html?command=get_materiel&rest_code=00111&code=00101011005&supplier_code=00100037&order_time=2021-11-17 HTTP/1.1" 200 408
124.78.11.23 - - [17/Nov/2021:09:30:51 +0800] "GET /favicon.ico HTTP/1.1" 404 -
114.85.125.222 - - [17/Nov/2021:09:30:53 +0800] "POST /xingrg/services/DataTransmitService HTTP/1.1" 200 524
172.20.0.100 - - [17/Nov/2021:09:30:53 +0800] "GET /xingrg/check_reg.html?_=1637112646821 HTTP/1.1" 302 -
116.238.248.233 - - [17/Nov/2021:09:30:56 +0800] "POST /xingrg/kc/buy/cgsh_order_operate.html HTTP/1.1" 200 12
58.39.139.200 - - [17/Nov/2021:09:30:56 +0800] "GET /xingrg/all/function/internal_message.html?_=1637112657629&CODE_STATE=getMsg HTTP/1.1" 200 27
58.39.139.200 - - [17/Nov/2021:09:30:56 +0800] "GET /xingrg/check_reg.html?_=1637112657632 HTTP/1.1" 200 22
114.85.125.222 - - [17/Nov/2021:09:30:57 +0800] "GET /xingrg/all/function/internal_message.html?_=1637112637262&CODE_STATE=getMsg HTTP/1.1" 200 27
180.174.250.202 - - [17/Nov/2021:09:30:59 +0800] "GET /xingrg/all/function/internal_message.html?_=1637112654284&CODE_STATE=getMsg HTTP/1.1" 200 27
222.70.171.86 - - [17/Nov/2021:09:31:01 +0800] "GET /xingrg/check_reg.html?_=1637112671028 HTTP/1.1" 200 22
116.238.248.233 - - [17/Nov/2021:09:31:07 +0800] "GET /xingrg/kc/buy/cgsh_order_info.html?code=212021111707013 HTTP/1.1" 200 59356
116.238.248.233 - - [17/Nov/2021:09:31:07 +0800] "GET /xingrg/javascript/easyui/themes/default/validatebox.css HTTP/1.1" 404 1104
116.238.248.233 - - [17/Nov/2021:09:31:09 +0800] "POST /xingrg/kc/buy/cgsh_order_operate.html HTTP/1.1" 200 19082
116.238.248.233 - - [17/Nov/2021:09:31:09 +0800] "GET /xingrg/all/function/internal_message.html?_=1637112668742&CODE_STATE=getMsg HTTP/1.1" 200 27
116.238.248.233 - - [17/Nov/2021:09:31:11 +0800] "GET /xingrg/kc/print/load_data.html?order_code=212021111707013&kc_code=cgsh&condition= HTTP/1.1" 200 7817
222.70.171.86 - - [17/Nov/2021:09:31:14 +0800] "GET /xingrg/all/function/internal_message.html?_=1637112682299&CODE_STATE=getMsg HTTP/1.1" 302 -
180.169.147.146 - - [17/Nov/2021:09:31:14 +0800] "GET /xingrg/all/function/internal_message.html?_=1637112744247&CODE_STATE=getMsg HTTP/1.1" 200 27
222.70.176.97 - - [17/Nov/2021:09:31:30 +0800] "GET /xingrg/all/function/internal_message.html?_=1637112689044&CODE_STATE=getMsg HTTP/1.1" 200 27
222.70.171.86 - - [17/Nov/2021:09:31:36 +0800] "GET /xingrg/all/function/internal_message.html?_=1637112705567&CODE_STATE=getMsg HTTP/1.1" 200 27
116.235.93.2 - - [17/Nov/2021:09:31:42 +0800] "GET /xingrg/all/function/internal_message.html?_=1637113183746&CODE_STATE=getMsg HTTP/1.1" 200 27
180.169.147.146 - - [17/Nov/2021:09:31:42 +0800] "GET /xingrg/all/function/internal_message.html?_=1637112702177&CODE_STATE=getMsg HTTP/1.1" 200 27
120.253.135.82 - - [17/Nov/2021:09:31:46 +0800] "GET /xingrg/all/function/internal_message.html?_=1637112479189&CODE_STATE=getMsg HTTP/1.1" 200 27
116.238.248.233 - - [17/Nov/2021:09:31:53 +0800] "GET /xingrg/kc/buy/cgsh_order_add.html HTTP/1.1" 200 64447
116.238.248.233 - - [17/Nov/2021:09:31:54 +0800] "POST /xingrg/kc/buy/cgsh_order_operate.html HTTP/1.1" 200 8245
116.238.248.233 - - [17/Nov/2021:09:31:54 +0800] "GET /xingrg/javascript/easyui/themes/default/validatebox.css HTTP/1.1" 404 1104
58.39.139.200 - - [17/Nov/2021:09:31:56 +0800] "GET /xingrg/all/function/internal_message.html?_=1637112717629&CODE_STATE=getMsg HTTP/1.1" 200 27
114.85.125.222 - - [17/Nov/2021:09:31:57 +0800] "GET /xingrg/all/function/internal_message.html?_=1637112697276&CODE_STATE=getMsg HTTP/1.1" 200 27
180.174.250.202 - - [17/Nov/2021:09:31:59 +0800] "GET /xingrg/all/function/internal_message.html?_=1637112714296&CODE_STATE=getMsg HTTP/1.1" 200 27
116.238.248.233 - - [17/Nov/2021:09:32:02 +0800] "GET /xingrg/kc/buy/cgsh_order_operate.html?command=get_materiel&rest_code=00151&code=00101011005&supplier_code=00100047&order_time=2021-11-17 HTTP/1.1" 200 408
116.238.248.233 - - [17/Nov/2021:09:32:09 +0800] "GET /xingrg/check_reg.html?_=1637112728551 HTTP/1.1" 200 22
116.238.248.233 - - [17/Nov/2021:09:32:09 +0800] "GET /xingrg/all/function/internal_message.html?_=1637112728722&CODE_STATE=getMsg HTTP/1.1" 200 27
116.238.248.233 - - [17/Nov/2021:09:32:13 +0800] "GET /xingrg/kc/buy/cgsh_order_operate.html?command=get_materiel&rest_code=00151&code=00101011001&supplier_code=00100047&order_time=2021-11-17 HTTP/1.1" 200 423
222.70.171.86 - - [17/Nov/2021:09:32:14 +0800] "GET /xingrg/all/function/internal_message.html?_=1637112742325&CODE_STATE=getMsg HTTP/1.1" 302 -
180.169.147.146 - - [17/Nov/2021:09:32:14 +0800] "GET /xingrg/all/function/internal_message.html?_=1637112804256&CODE_STATE=getMsg HTTP/1.1" 200 27
116.238.248.233 - - [17/Nov/2021:09:32:19 +0800] "GET /xingrg/kc/buy/cgsh_order_operate.html?command=get_materiel&rest_code=00151&code=00101011010&supplier_code=00100047&order_time=2021-11-17 HTTP/1.1" 200 418
222.70.176.97 - - [17/Nov/2021:09:32:30 +0800] "GET /xingrg/all/function/internal_message.html?_=1637112749022&CODE_STATE=getMsg HTTP/1.1" 200 27
222.70.171.86 - - [17/Nov/2021:09:32:36 +0800] "GET /xingrg/all/function/internal_message.html?_=1637112765582&CODE_STATE=getMsg HTTP/1.1" 200 27
116.235.93.2 - - [17/Nov/2021:09:32:42 +0800] "GET /xingrg/all/function/internal_message.html?_=1637113243751&CODE_STATE=getMsg HTTP/1.1" 200 27
180.169.147.146 - - [17/Nov/2021:09:32:42 +0800] "GET /xingrg/all/function/internal_message.html?_=1637112762152&CODE_STATE=getMsg HTTP/1.1" 200 27
116.238.248.233 - - [17/Nov/2021:09:32:44 +0800] "GET /xingrg/kc/buy/cgsh_order_operate.html?command=get_materiel&rest_code=00151&code=00101011007&supplier_code=00100047&order_time=2021-11-17 HTTP/1.1" 200 414
120.253.135.82 - - [17/Nov/2021:09:32:46 +0800] "GET /xingrg/all/function/internal_message.html?_=1637112539214&CODE_STATE=getMsg HTTP/1.1" 200 27
114.85.125.222 - - [17/Nov/2021:09:32:56 +0800] "GET /xingrg/check_reg.html?_=1637112756449 HTTP/1.1" 200 22
58.39.139.200 - - [17/Nov/2021:09:32:56 +0800] "GET /xingrg/all/function/internal_message.html?_=1637112777622&CODE_STATE=getMsg HTTP/1.1" 200 27
114.85.125.222 - - [17/Nov/2021:09:32:57 +0800] "GET /xingrg/all/function/internal_message.html?_=1637112757289&CODE_STATE=getMsg HTTP/1.1" 200 27
180.174.250.202 - - [17/Nov/2021:09:32:59 +0800] "GET /xingrg/all/function/internal_message.html?_=1637112774311&CODE_STATE=getMsg HTTP/1.1" 200 27
116.238.248.233 - - [17/Nov/2021:09:33:01 +0800] "POST /xingrg/kc/buy/cgsh_order_operate.html HTTP/1.1" 200 37
116.238.248.233 - - [17/Nov/2021:09:33:07 +0800] "POST /xingrg/kc/buy/cgsh_order_operate.html HTTP/1.1" 200 12
116.238.248.233 - - [17/Nov/2021:09:33:09 +0800] "GET /xingrg/all/function/internal_message.html?_=1637112788702&CODE_STATE=getMsg HTTP/1.1" 200 27
116.238.248.233 - - [17/Nov/2021:09:33:09 +0800] "GET /xingrg/kc/buy/cgsh_order_info.html?code=212021111707023 HTTP/1.1" 200 59356
116.238.248.233 - - [17/Nov/2021:09:33:10 +0800] "GET /xingrg/javascript/easyui/themes/default/validatebox.css HTTP/1.1" 404 1104
116.238.248.233 - - [17/Nov/2021:09:33:10 +0800] "POST /xingrg/kc/buy/cgsh_order_operate.html HTTP/1.1" 200 2430
116.238.248.233 - - [17/Nov/2021:09:33:12 +0800] "GET /xingrg/kc/print/load_data.html?order_code=212021111707023&kc_code=cgsh&condition= HTTP/1.1" 200 1479
58.39.139.200 - - [17/Nov/2021:09:33:13 +0800] "GET /xingrg/kc/buy/cgsh_order_operate.html?command=get_materiel&rest_code=00105&code=00101012051&supplier_code=00100034&order_time=2021-11-17 HTTP/1.1" 200 408
222.70.171.86 - - [17/Nov/2021:09:33:14 +0800] "GET /xingrg/all/function/internal_message.html?_=1637112802327&CODE_STATE=getMsg HTTP/1.1" 302 -
180.169.147.146 - - [17/Nov/2021:09:33:14 +0800] "GET /xingrg/all/function/internal_message.html?_=1637112864284&CODE_STATE=getMsg HTTP/1.1" 200 27
222.70.176.97 - - [17/Nov/2021:09:33:29 +0800] "GET /xingrg/kc/buy/cgsh_order_operate.html?command=get_materiel&rest_code=00111&code=00101007067&supplier_code=00100037&order_time=2021-11-17 HTTP/1.1" 200 409
222.70.176.97 - - [17/Nov/2021:09:33:30 +0800] "GET /xingrg/check_reg.html?_=1637112808963 HTTP/1.1" 200 22
222.70.176.97 - - [17/Nov/2021:09:33:30 +0800] "GET /xingrg/all/function/internal_message.html?_=1637112809014&CODE_STATE=getMsg HTTP/1.1" 200 27
222.70.171.86 - - [17/Nov/2021:09:33:36 +0800] "GET /xingrg/all/function/internal_message.html?_=1637112825676&CODE_STATE=getMsg HTTP/1.1" 200 27
180.169.147.146 - - [17/Nov/2021:09:33:42 +0800] "GET /xingrg/all/function/internal_message.html?_=1637112822155&CODE_STATE=getMsg HTTP/1.1" 200 27
116.235.93.2 - - [17/Nov/2021:09:33:42 +0800] "GET /xingrg/all/function/internal_message.html?_=1637113303782&CODE_STATE=getMsg HTTP/1.1" 200 27
222.70.176.97 - - [17/Nov/2021:09:33:42 +0800] "GET /xingrg/kc/buy/cgsh_order_operate.html?command=get_materiel&rest_code=00111&code=00101010540&supplier_code=00100037&order_time=2021-11-17 HTTP/1.1" 200 399
120.253.135.82 - - [17/Nov/2021:09:33:46 +0800] "GET /xingrg/all/function/internal_message.html?_=1637112599232&CODE_STATE=getMsg HTTP/1.1" 200 27
58.39.139.200 - - [17/Nov/2021:09:33:56 +0800] "GET /xingrg/all/function/internal_message.html?_=1637112837654&CODE_STATE=getMsg HTTP/1.1" 200 27
114.85.125.222 - - [17/Nov/2021:09:33:57 +0800] "GET /xingrg/all/function/internal_message.html?_=1637112817303&CODE_STATE=getMsg HTTP/1.1" 200 27
180.174.250.202 - - [17/Nov/2021:09:33:59 +0800] "GET /xingrg/all/function/internal_message.html?_=1637112834323&CODE_STATE=getMsg HTTP/1.1" 200 27
222.70.176.97 - - [17/Nov/2021:09:34:02 +0800] "GET /xingrg/kc/buy/cgsh_order_operate.html?command=get_materiel&rest_code=00111&code=00101007016&supplier_code=00100037&order_time=2021-11-17 HTTP/1.1" 200 409
58.221.95.50 - - [17/Nov/2021:09:34:06 +0800] "GET /xingrg/check_reg.html?_=1637112849653 HTTP/1.1" 302 -
116.238.248.233 - - [17/Nov/2021:09:34:09 +0800] "GET /xingrg/all/function/internal_message.html?_=1637112848676&CODE_STATE=getMsg HTTP/1.1" 200 27
222.70.171.86 - - [17/Nov/2021:09:34:14 +0800] "GET /xingrg/all/function/internal_message.html?_=1637112862353&CODE_STATE=getMsg HTTP/1.1" 302 -
180.169.147.146 - - [17/Nov/2021:09:34:14 +0800] "GET /xingrg/all/function/internal_message.html?_=1637112924283&CODE_STATE=getMsg HTTP/1.1" 200 27
116.235.93.2 - - [17/Nov/2021:09:34:29 +0800] "GET /xingrg/check_reg.html?_=1637113350959 HTTP/1.1" 200 22
222.70.176.97 - - [17/Nov/2021:09:34:30 +0800] "GET /xingrg/all/function/internal_message.html?_=1637112868986&CODE_STATE=getMsg HTTP/1.1" 200 27
222.70.171.86 - - [17/Nov/2021:09:34:36 +0800] "GET /xingrg/all/function/internal_message.html?_=1637112885686&CODE_STATE=getMsg HTTP/1.1" 200 27
180.169.147.146 - - [17/Nov/2021:09:34:42 +0800] "GET /xingrg/check_reg.html?_=1637112882166 HTTP/1.1" 200 22
180.169.147.146 - - [17/Nov/2021:09:34:42 +0800] "GET /xingrg/all/function/internal_message.html?_=1637112882171&CODE_STATE=getMsg HTTP/1.1" 200 27
116.235.93.2 - - [17/Nov/2021:09:34:42 +0800] "GET /xingrg/all/function/internal_message.html?_=1637113363793&CODE_STATE=getMsg HTTP/1.1" 200 27
222.70.171.86 - - [17/Nov/2021:09:34:45 +0800] "GET /xingrg/check_reg.html?_=1637112893124 HTTP/1.1" 302 -
120.253.135.82 - - [17/Nov/2021:09:34:46 +0800] "GET /xingrg/check_reg.html?_=1637112659097 HTTP/1.1" 200 22
120.253.135.82 - - [17/Nov/2021:09:34:46 +0800] "GET /xingrg/all/function/internal_message.html?_=1637112659245&CODE_STATE=getMsg HTTP/1.1" 200 27
58.39.139.200 - - [17/Nov/2021:09:34:56 +0800] "GET /xingrg/all/function/internal_message.html?_=1637112897649&CODE_STATE=getMsg HTTP/1.1" 200 27
114.85.125.222 - - [17/Nov/2021:09:34:57 +0800] "GET /xingrg/all/function/internal_message.html?_=1637112877317&CODE_STATE=getMsg HTTP/1.1" 200 27
180.174.250.202 - - [17/Nov/2021:09:34:59 +0800] "GET /xingrg/check_reg.html?_=1637112894216 HTTP/1.1" 200 22
180.174.250.202 - - [17/Nov/2021:09:34:59 +0800] "GET /xingrg/all/function/internal_message.html?_=1637112894338&CODE_STATE=getMsg HTTP/1.1" 200 27
116.238.248.233 - - [17/Nov/2021:09:35:09 +0800] "GET /xingrg/all/function/internal_message.html?_=1637112908665&CODE_STATE=getMsg HTTP/1.1" 200 27
222.70.171.86 - - [17/Nov/2021:09:35:14 +0800] "GET /xingrg/all/function/internal_message.html?_=1637112922354&CODE_STATE=getMsg HTTP/1.1" 302 -
180.169.147.146 - - [17/Nov/2021:09:35:14 +0800] "GET /xingrg/check_reg.html?_=1637112984291 HTTP/1.1" 200 22
180.169.147.146 - - [17/Nov/2021:09:35:14 +0800] "GET /xingrg/all/function/internal_message.html?_=1637112984293&CODE_STATE=getMsg HTTP/1.1" 200 27
222.70.176.97 - - [17/Nov/2021:09:35:30 +0800] "GET /xingrg/all/function/internal_message.html?_=1637112928966&CODE_STATE=getMsg HTTP/1.1" 200 27
222.70.171.86 - - [17/Nov/2021:09:35:36 +0800] "GET /xingrg/all/function/internal_message.html?_=1637112945771&CODE_STATE=getMsg HTTP/1.1" 200 27
180.169.147.146 - - [17/Nov/2021:09:35:42 +0800] "GET /xingrg/all/function/internal_message.html?_=1637112942167&CODE_STATE=getMsg HTTP/1.1" 200 27
116.235.93.2 - - [17/Nov/2021:09:35:42 +0800] "GET /xingrg/all/function/internal_message.html?_=1637113423807&CODE_STATE=getMsg HTTP/1.1" 200 27
120.253.135.82 - - [17/Nov/2021:09:35:46 +0800] "GET /xingrg/all/function/internal_message.html?_=1637112719258&CODE_STATE=getMsg HTTP/1.1" 200 27
172.20.0.100 - - [17/Nov/2021:09:35:53 +0800] "GET /xingrg/check_reg.html?_=1637112946800 HTTP/1.1" 302 -
58.39.139.200 - - [17/Nov/2021:09:35:56 +0800] "GET /xingrg/all/function/internal_message.html?_=1637112957647&CODE_STATE=getMsg HTTP/1.1" 200 27
58.39.139.200 - - [17/Nov/2021:09:35:56 +0800] "GET /xingrg/check_reg.html?_=1637112957649 HTTP/1.1" 200 22
114.85.125.222 - - [17/Nov/2021:09:35:57 +0800] "GET /xingrg/all/function/internal_message.html?_=1637112937354&CODE_STATE=getMsg HTTP/1.1" 200 27
180.174.250.202 - - [17/Nov/2021:09:35:59 +0800] "GET /xingrg/all/function/internal_message.html?_=1637112954361&CODE_STATE=getMsg HTTP/1.1" 200 27
222.70.171.86 - - [17/Nov/2021:09:36:01 +0800] "GET /xingrg/check_reg.html?_=1637112971035 HTTP/1.1" 200 22
116.238.248.233 - - [17/Nov/2021:09:36:09 +0800] "GET /xingrg/all/function/internal_message.html?_=1637112968652&CODE_STATE=getMsg HTTP/1.1" 200 27
222.70.171.86 - - [17/Nov/2021:09:36:14 +0800] "GET /xingrg/all/function/internal_message.html?_=1637112982379&CODE_STATE=getMsg HTTP/1.1" 302 -
180.169.147.146 - - [17/Nov/2021:09:36:14 +0800] "GET /xingrg/all/function/internal_message.html?_=1637113044276&CODE_STATE=getMsg HTTP/1.1" 200 27
222.70.176.97 - - [17/Nov/2021:09:36:30 +0800] "GET /xingrg/all/function/internal_message.html?_=1637112988952&CODE_STATE=getMsg HTTP/1.1" 200 27
222.70.171.86 - - [17/Nov/2021:09:36:36 +0800] "GET /xingrg/all/function/internal_message.html?_=1637113005775&CODE_STATE=getMsg HTTP/1.1" 200 27
180.169.147.146 - - [17/Nov/2021:09:36:42 +0800] "GET /xingrg/all/function/internal_message.html?_=1637113002160&CODE_STATE=getMsg HTTP/1.1" 200 27
116.235.93.2 - - [17/Nov/2021:09:36:42 +0800] "GET /xingrg/all/function/internal_message.html?_=1637113483838&CODE_STATE=getMsg HTTP/1.1" 200 27
120.253.135.82 - - [17/Nov/2021:09:36:46 +0800] "GET /xingrg/all/function/internal_message.html?_=1637112779273&CODE_STATE=getMsg HTTP/1.1" 200 27
58.39.139.200 - - [17/Nov/2021:09:36:56 +0800] "GET /xingrg/all/function/internal_message.html?_=1637113017628&CODE_STATE=getMsg HTTP/1.1" 200 27
114.85.125.222 - - [17/Nov/2021:09:36:57 +0800] "GET /xingrg/all/function/internal_message.html?_=1637112997359&CODE_STATE=getMsg HTTP/1.1" 200 27
180.174.250.202 - - [17/Nov/2021:09:36:59 +0800] "GET /xingrg/all/function/internal_message.html?_=1637113014364&CODE_STATE=getMsg HTTP/1.1" 200 27
58.39.139.200 - - [17/Nov/2021:09:37:02 +0800] "GET /xingrg/kc/buy/cgsh_order_operate.html?command=get_materiel&rest_code=00105&code=00101016025&supplier_code=00100034&order_time=2021-11-17 HTTP/1.1" 200 408
116.235.93.2 - - [17/Nov/2021:09:37:04 +0800] "GET /xingrg/javascript/jquery_easy_ui/themes/default/images/button_plain_hover.png HTTP/1.1" 304 -
116.235.93.2 - - [17/Nov/2021:09:37:06 +0800] "GET /xingrg/javascript/jquery_easy_ui/themes/default/images/button_plain_hover.png HTTP/1.1" 304 -
116.235.93.2 - - [17/Nov/2021:09:37:07 +0800] "GET /xingrg/images/yd/bt.gif HTTP/1.1" 404 1040
116.235.93.2 - - [17/Nov/2021:09:37:07 +0800] "GET /xingrg/images/yd/bt2.gif HTTP/1.1" 404 1042
116.238.248.233 - - [17/Nov/2021:09:37:09 +0800] "GET /xingrg/check_reg.html?_=1637113028562 HTTP/1.1" 200 22
116.238.248.233 - - [17/Nov/2021:09:37:09 +0800] "GET /xingrg/all/function/internal_message.html?_=1637113028645&CODE_STATE=getMsg HTTP/1.1" 200 27
58.39.139.200 - - [17/Nov/2021:09:37:14 +0800] "GET /xingrg/kc/buy/cgsh_order_operate.html?command=get_materiel&rest_code=00105&code=00101016030&supplier_code=00100034&order_time=2021-11-17 HTTP/1.1" 200 412
222.70.171.86 - - [17/Nov/2021:09:37:14 +0800] "GET /xingrg/all/function/internal_message.html?_=1637113042381&CODE_STATE=getMsg HTTP/1.1" 302 -
180.169.147.146 - - [17/Nov/2021:09:37:14 +0800] "GET /xingrg/all/function/internal_message.html?_=1637113104277&CODE_STATE=getMsg HTTP/1.1" 200 27
222.70.176.97 - - [17/Nov/2021:09:37:30 +0800] "GET /xingrg/all/function/internal_message.html?_=1637113048929&CODE_STATE=getMsg HTTP/1.1" 200 27
222.70.171.86 - - [17/Nov/2021:09:37:36 +0800] "GET /xingrg/all/function/internal_message.html?_=1637113065790&CODE_STATE=getMsg HTTP/1.1" 200 27
180.169.147.146 - - [17/Nov/2021:09:37:42 +0800] "GET /xingrg/all/function/internal_message.html?_=1637113062169&CODE_STATE=getMsg HTTP/1.1" 200 27
116.235.93.2 - - [17/Nov/2021:09:37:42 +0800] "GET /xingrg/all/function/internal_message.html?_=1637113543850&CODE_STATE=getMsg HTTP/1.1" 200 27
120.253.135.82 - - [17/Nov/2021:09:37:46 +0800] "GET /xingrg/all/function/internal_message.html?_=1637112839297&CODE_STATE=getMsg HTTP/1.1" 200 27
114.85.125.222 - - [17/Nov/2021:09:37:56 +0800] "GET /xingrg/check_reg.html?_=1637113056476 HTTP/1.1" 200 22
58.39.139.200 - - [17/Nov/2021:09:37:56 +0800] "GET /xingrg/all/function/internal_message.html?_=1637113077635&CODE_STATE=getMsg HTTP/1.1" 200 27
114.85.125.222 - - [17/Nov/2021:09:37:57 +0800] "GET /xingrg/all/function/internal_message.html?_=1637113057375&CODE_STATE=getMsg HTTP/1.1" 200 27
180.174.250.202 - - [17/Nov/2021:09:37:59 +0800] "GET /xingrg/all/function/internal_message.html?_=1637113074380&CODE_STATE=getMsg HTTP/1.1" 200 27
58.39.139.200 - - [17/Nov/2021:09:38:05 +0800] "POST /xingrg/kc/buy/cgsh_order_operate.html HTTP/1.1" 200 37
