180.174.250.202 - - [17/Nov/2021:10:22:04 +0800] "GET /xingrg/all/function/internal_message.html?_=1637115725995&CODE_STATE=getMsg HTTP/1.1" 200 27
124.78.153.86 - - [17/Nov/2021:10:22:06 +0800] "POST /xingrg/login.do HTTP/1.1" 302 -
124.78.153.86 - - [17/Nov/2021:10:22:06 +0800] "GET /xingrg/index.html?sysBaseUrl=http%3A%2F%2F180.169.147.146%3A18081%2Fxingrg%2F&costTime=1110×tamp=1637115726103 HTTP/1.1" 200 17173
124.78.153.86 - - [17/Nov/2021:10:22:06 +0800] "GET /favicon.ico HTTP/1.1" 404 -
124.78.153.86 - - [17/Nov/2021:10:22:07 +0800] "POST /xingrg/all/common/load_tree.html?tree=area_rest_tree_json&manage=1 HTTP/1.1" 200 342
124.78.153.86 - - [17/Nov/2021:10:22:07 +0800] "GET /xingrg/all/function/internal_message.html?_=1637115725809&CODE_STATE=count HTTP/1.1" 200 11
124.78.153.86 - - [17/Nov/2021:10:22:07 +0800] "GET /xingrg/check_reg.html?_=1637115725810 HTTP/1.1" 200 22
124.78.153.86 - - [17/Nov/2021:10:22:07 +0800] "POST /xingrg/load_menu.html HTTP/1.1" 200 5138
58.37.231.44 - - [17/Nov/2021:10:22:08 +0800] "GET /xingrg/all/function/internal_message.html?_=1637115557654&CODE_STATE=getMsg HTTP/1.1" 200 27
116.235.93.2 - - [17/Nov/2021:10:22:09 +0800] "GET /xingrg/kc/buy/cgsh_order_operate.html?command=get_materiel&rest_code=00104&code=00101008036&supplier_code=00100005&order_time=2021-11-17 HTTP/1.1" 200 408
58.39.139.200 - - [17/Nov/2021:10:22:11 +0800] "GET /xingrg/kc/buy/cgsh_order_operate.html?command=get_materiel&rest_code=00105&code=00101009062&supplier_code=00100024&order_time=2021-11-17 HTTP/1.1" 200 412
222.70.171.86 - - [17/Nov/2021:10:22:15 +0800] "GET /xingrg/all/function/internal_message.html?_=1637115743021&CODE_STATE=getMsg HTTP/1.1" 302 -
124.78.153.86 - - [17/Nov/2021:10:22:15 +0800] "GET /xingrg/kc/buy/buy_main.html HTTP/1.1" 200 12412
124.78.153.86 - - [17/Nov/2021:10:22:15 +0800] "GET /xingrg/css/new_ie.css HTTP/1.1" 404 1036
124.78.153.86 - - [17/Nov/2021:10:22:17 +0800] "GET /xingrg/images/yd/bt.gif HTTP/1.1" 404 1040
124.78.153.86 - - [17/Nov/2021:10:22:19 +0800] "GET /xingrg/kc/buy/cgsh_order_list.html HTTP/1.1" 200 49067
58.39.139.200 - - [17/Nov/2021:10:22:23 +0800] "GET /xingrg/kc/buy/cgsh_order_operate.html?command=get_materiel&rest_code=00105&code=00101009011&supplier_code=00100024&order_time=2021-11-17 HTTP/1.1" 200 416
124.78.153.86 - - [17/Nov/2021:10:22:24 +0800] "POST /xingrg/kc/buy/cgsh_list_operate.html HTTP/1.1" 200 876
116.235.93.2 - - [17/Nov/2021:10:22:24 +0800] "GET /xingrg/kc/buy/cgsh_order_operate.html?command=get_materiel&rest_code=00104&code=00101020152&supplier_code=00100005&order_time=2021-11-17 HTTP/1.1" 200 416
222.70.176.97 - - [17/Nov/2021:10:22:32 +0800] "GET /xingrg/all/function/internal_message.html?_=1637115750326&CODE_STATE=getMsg HTTP/1.1" 200 27
124.78.153.86 - - [17/Nov/2021:10:22:32 +0800] "GET /xingrg/kc/buy/cgsh_order_add.html HTTP/1.1" 200 64849
124.78.153.86 - - [17/Nov/2021:10:22:32 +0800] "GET /xingrg/words/20211114200737_words.js HTTP/1.1" 304 -
124.78.153.86 - - [17/Nov/2021:10:22:33 +0800] "GET /xingrg/javascript/easyui/themes/default/validatebox.css HTTP/1.1" 404 1104
124.78.153.86 - - [17/Nov/2021:10:22:33 +0800] "POST /xingrg/kc/buy/cgsh_order_operate.html HTTP/1.1" 200 8245
124.78.153.86 - - [17/Nov/2021:10:22:33 +0800] "GET /xingrg/all/common/auto_word.html?type=employee&rest_code=00106 HTTP/1.1" 200 205
124.78.153.86 - - [17/Nov/2021:10:22:33 +0800] "GET /xingrg/all/common/auto_word.html?type=employee&rest_code=00106 HTTP/1.1" 200 205
116.238.248.233 - - [17/Nov/2021:10:22:34 +0800] "GET /xingrg/all/function/internal_message.html?_=1637115753822&CODE_STATE=getMsg HTTP/1.1" 200 27
124.78.153.86 - - [17/Nov/2021:10:22:34 +0800] "GET /xingrg/javascript/easyui/themes/default/tree.css HTTP/1.1" 404 1090
124.78.153.86 - - [17/Nov/2021:10:22:35 +0800] "POST /xingrg/all/common/load_tree.html?tree=supplier_tree_json&isDelete=1 HTTP/1.1" 200 60418
222.70.171.86 - - [17/Nov/2021:10:22:38 +0800] "GET /xingrg/all/function/internal_message.html?_=1637115767757&CODE_STATE=getMsg HTTP/1.1" 200 27
180.174.250.202 - - [17/Nov/2021:10:22:40 +0800] "GET /xingrg/kc/buy/cgsh_order_operate.html?command=get_materiel&rest_code=00102&code=00101008132&supplier_code=00100008&order_time=2021-11-17 HTTP/1.1" 200 408
180.169.147.146 - - [17/Nov/2021:10:22:42 +0800] "GET /xingrg/all/function/internal_message.html?_=1637115762174&CODE_STATE=getMsg HTTP/1.1" 200 27
116.235.93.2 - - [17/Nov/2021:10:22:44 +0800] "GET /xingrg/all/function/internal_message.html?_=1637116245990&CODE_STATE=getMsg HTTP/1.1" 200 27
116.235.93.2 - - [17/Nov/2021:10:22:46 +0800] "GET /xingrg/kc/buy/cgsh_order_operate.html?command=get_materiel&rest_code=00104&code=00101009018&supplier_code=00100005&order_time=2021-11-17 HTTP/1.1" 200 408
180.174.250.202 - - [17/Nov/2021:10:22:47 +0800] "GET /xingrg/kc/buy/cgsh_order_operate.html?command=get_materiel&rest_code=00102&code=00101008055&supplier_code=00100008&order_time=2021-11-17 HTTP/1.1" 200 409
116.235.93.2 - - [17/Nov/2021:10:22:50 +0800] "POST /xingrg/kc/buy/cgsh_order_operate.html HTTP/1.1" 200 2065
222.70.181.70 - - [17/Nov/2021:10:22:53 +0800] "POST /xingrg/services/DataTransmitService HTTP/1.1" 200 524
222.70.181.70 - - [17/Nov/2021:10:22:54 +0800] "POST /xingrg/services/DataTransmitService HTTP/1.1" 200 2419
222.70.181.70 - - [17/Nov/2021:10:22:55 +0800] "POST /xingrg/services/DataTransmitService HTTP/1.1" 200 152924
114.85.125.222 - - [17/Nov/2021:10:22:56 +0800] "GET /xingrg/check_reg.html?_=1637115756654 HTTP/1.1" 200 22
58.39.139.200 - - [17/Nov/2021:10:22:57 +0800] "GET /xingrg/all/function/internal_message.html?_=1637115777735&CODE_STATE=getMsg HTTP/1.1" 200 27
114.85.125.222 - - [17/Nov/2021:10:22:58 +0800] "GET /xingrg/all/function/internal_message.html?_=1637115758156&CODE_STATE=getMsg HTTP/1.1" 200 27
180.174.250.202 - - [17/Nov/2021:10:22:59 +0800] "GET /xingrg/kc/buy/cgsh_order_operate.html?command=get_materiel&rest_code=00102&code=00101008350&supplier_code=00100008&order_time=2021-11-17 HTTP/1.1" 200 408
180.174.250.202 - - [17/Nov/2021:10:23:00 +0800] "GET /xingrg/all/function/internal_message.html?_=1637115775089&CODE_STATE=getMsg HTTP/1.1" 200 27
116.235.93.2 - - [17/Nov/2021:10:23:01 +0800] "GET /xingrg/kc/buy/cgsh_order_operate.html?command=get_materiel&rest_code=00104&code=00101015062&supplier_code=00100005&order_time=2021-11-17 HTTP/1.1" 200 413
180.174.250.202 - - [17/Nov/2021:10:23:04 +0800] "GET /xingrg/all/function/internal_message.html?_=1637115786004&CODE_STATE=getMsg HTTP/1.1" 200 27
61.151.178.249 - - [17/Nov/2021:10:23:05 +0800] "GET /xingrg/index.html?sysBaseUrl=http://180.169.147.146:18081/xingrg/&costTime=1110×tamp=1637115726103 HTTP/1.1" 302 -
61.151.178.249 - - [17/Nov/2021:10:23:07 +0800] "GET /xingrg/login.html HTTP/1.1" 200 7641
124.78.153.86 - - [17/Nov/2021:10:23:07 +0800] "GET /xingrg/all/function/internal_message.html?_=1637115785823&CODE_STATE=getMsg HTTP/1.1" 200 27
124.78.153.86 - - [17/Nov/2021:10:23:07 +0800] "GET /xingrg/javascript/auto/indicator.gif HTTP/1.1" 404 1066
58.37.231.44 - - [17/Nov/2021:10:23:08 +0800] "GET /xingrg/all/function/internal_message.html?_=1637115617663&CODE_STATE=getMsg HTTP/1.1" 200 27
58.39.139.200 - - [17/Nov/2021:10:23:08 +0800] "GET /xingrg/kc/buy/cgsh_order_operate.html?command=get_materiel&rest_code=00105&code=00101009010&supplier_code=00100024&order_time=2021-11-17 HTTP/1.1" 200 412
180.174.250.202 - - [17/Nov/2021:10:23:09 +0800] "GET /xingrg/kc/buy/cgsh_order_operate.html?command=get_materiel&rest_code=00102&code=00101008112&supplier_code=00100008&order_time=2021-11-17 HTTP/1.1" 200 412
124.78.153.86 - - [17/Nov/2021:10:23:11 +0800] "GET /xingrg/kc/buy/cgsh_order_operate.html?command=get_materiel&rest_code=00106&code=00101008091&supplier_code=00100007&order_time=2021-11-17 HTTP/1.1" 200 413
222.70.171.86 - - [17/Nov/2021:10:23:15 +0800] "GET /xingrg/all/function/internal_message.html?_=1637115803021&CODE_STATE=getMsg HTTP/1.1" 302 -
116.235.93.2 - - [17/Nov/2021:10:23:15 +0800] "GET /xingrg/kc/buy/cgsh_order_operate.html?command=get_materiel&rest_code=00104&code=00101008041&supplier_code=00100005&order_time=2021-11-17 HTTP/1.1" 200 408
124.78.153.86 - - [17/Nov/2021:10:23:21 +0800] "GET /xingrg/kc/buy/cgsh_order_operate.html?command=get_materiel&rest_code=00106&code=00101008256&supplier_code=00100007&order_time=2021-11-17 HTTP/1.1" 200 413
58.39.139.200 - - [17/Nov/2021:10:23:23 +0800] "GET /xingrg/kc/buy/cgsh_order_operate.html?command=get_materiel&rest_code=00105&code=00101009007&supplier_code=00100024&order_time=2021-11-17 HTTP/1.1" 200 408
180.174.250.202 - - [17/Nov/2021:10:23:24 +0800] "GET /xingrg/kc/buy/cgsh_order_operate.html?command=get_materiel&rest_code=00102&code=00101008010&supplier_code=00100008&order_time=2021-11-17 HTTP/1.1" 200 412
124.78.153.86 - - [17/Nov/2021:10:23:28 +0800] "GET /xingrg/kc/buy/cgsh_order_operate.html?command=get_materiel&rest_code=00106&code=00101008155&supplier_code=00100007&order_time=2021-11-17 HTTP/1.1" 200 408
180.174.250.202 - - [17/Nov/2021:10:23:29 +0800] "GET /xingrg/kc/buy/cgsh_order_operate.html?command=get_materiel&rest_code=00102&code=00101008306&supplier_code=00100008&order_time=2021-11-17 HTTP/1.1" 200 412
222.70.176.97 - - [17/Nov/2021:10:23:30 +0800] "GET /xingrg/check_reg.html?_=1637115808980 HTTP/1.1" 200 22
222.70.176.97 - - [17/Nov/2021:10:23:32 +0800] "GET /xingrg/all/function/internal_message.html?_=1637115810308&CODE_STATE=getMsg HTTP/1.1" 200 27
116.235.93.2 - - [17/Nov/2021:10:23:32 +0800] "GET /xingrg/kc/buy/cgsh_order_operate.html?command=get_materiel&rest_code=00104&code=00101015001&supplier_code=00100005&order_time=2021-11-17 HTTP/1.1" 200 413
116.238.248.233 - - [17/Nov/2021:10:23:34 +0800] "GET /xingrg/all/function/internal_message.html?_=1637115813837&CODE_STATE=getMsg HTTP/1.1" 200 27
116.238.248.233 - - [17/Nov/2021:10:23:34 +0800] "GET /xingrg/check_reg.html?_=1637115813841 HTTP/1.1" 200 22
58.39.139.200 - - [17/Nov/2021:10:23:35 +0800] "GET /xingrg/kc/buy/cgsh_order_operate.html?command=get_materiel&rest_code=00105&code=00101009016&supplier_code=00100024&order_time=2021-11-17 HTTP/1.1" 200 412
124.78.153.86 - - [17/Nov/2021:10:23:36 +0800] "GET /xingrg/kc/buy/cgsh_order_operate.html?command=get_materiel&rest_code=00106&code=00101008149&supplier_code=00100007&order_time=2021-11-17 HTTP/1.1" 200 408
180.174.250.202 - - [17/Nov/2021:10:23:37 +0800] "GET /xingrg/kc/buy/cgsh_order_operate.html?command=get_materiel&rest_code=00102&code=00101008351&supplier_code=00100008&order_time=2021-11-17 HTTP/1.1" 200 408
222.70.171.86 - - [17/Nov/2021:10:23:38 +0800] "GET /xingrg/all/function/internal_message.html?_=1637115827848&CODE_STATE=getMsg HTTP/1.1" 200 27
180.169.147.146 - - [17/Nov/2021:10:23:42 +0800] "GET /xingrg/all/function/internal_message.html?_=1637115822192&CODE_STATE=getMsg HTTP/1.1" 200 27
58.39.139.200 - - [17/Nov/2021:10:23:43 +0800] "GET /xingrg/kc/buy/cgsh_order_operate.html?command=get_materiel&rest_code=00105&code=00101009013&supplier_code=00100024&order_time=2021-11-17 HTTP/1.1" 200 420
58.39.139.200 - - [17/Nov/2021:10:23:43 +0800] "GET /xingrg/kc/buy/cgsh_order_operate.html?command=get_materiel&rest_code=00105&code=00101001009&supplier_code=00100024&order_time=2021-11-17 HTTP/1.1" 200 408
116.235.93.2 - - [17/Nov/2021:10:23:45 +0800] "GET /xingrg/all/function/internal_message.html?_=1637116306160&CODE_STATE=getMsg HTTP/1.1" 200 27
116.235.93.2 - - [17/Nov/2021:10:23:45 +0800] "GET /xingrg/kc/buy/cgsh_order_operate.html?command=get_materiel&rest_code=00104&code=00101015012&supplier_code=00100005&order_time=2021-11-17 HTTP/1.1" 200 413
180.174.250.202 - - [17/Nov/2021:10:23:45 +0800] "GET /xingrg/kc/buy/cgsh_order_operate.html?command=get_materiel&rest_code=00102&code=00101008003&supplier_code=00100008&order_time=2021-11-17 HTTP/1.1" 200 408
124.78.153.86 - - [17/Nov/2021:10:23:47 +0800] "GET /xingrg/kc/buy/cgsh_order_operate.html?command=get_materiel&rest_code=00106&code=00101008110&supplier_code=00100007&order_time=2021-11-17 HTTP/1.1" 200 409
116.235.93.2 - - [17/Nov/2021:10:23:53 +0800] "GET /xingrg/javascript/easyui/themes/default/images/button_plain_hover.png HTTP/1.1" 304 -
116.235.93.2 - - [17/Nov/2021:10:23:53 +0800] "GET /xingrg/javascript/easyui/themes/default/images/button_plain_hover.png HTTP/1.1" 304 -
116.235.93.2 - - [17/Nov/2021:10:23:53 +0800] "GET /xingrg/javascript/easyui/themes/default/images/button_plain_hover.png HTTP/1.1" 304 -
124.78.153.86 - - [17/Nov/2021:10:23:54 +0800] "GET /xingrg/kc/buy/cgsh_order_operate.html?command=get_materiel&rest_code=00106&code=00101008038&supplier_code=00100007&order_time=2021-11-17 HTTP/1.1" 200 412
58.39.139.200 - - [17/Nov/2021:10:23:57 +0800] "GET /xingrg/all/function/internal_message.html?_=1637115837710&CODE_STATE=getMsg HTTP/1.1" 200 27
114.85.125.222 - - [17/Nov/2021:10:23:58 +0800] "GET /xingrg/all/function/internal_message.html?_=1637115818169&CODE_STATE=getMsg HTTP/1.1" 200 27
180.174.250.202 - - [17/Nov/2021:10:24:00 +0800] "GET /xingrg/all/function/internal_message.html?_=1637115835097&CODE_STATE=getMsg HTTP/1.1" 200 27
180.174.250.202 - - [17/Nov/2021:10:24:04 +0800] "GET /xingrg/all/function/internal_message.html?_=1637115846007&CODE_STATE=getMsg HTTP/1.1" 200 27
180.174.250.202 - - [17/Nov/2021:10:24:04 +0800] "GET /xingrg/check_reg.html?_=1637115846012 HTTP/1.1" 200 22
124.78.153.86 - - [17/Nov/2021:10:24:07 +0800] "GET /xingrg/all/function/internal_message.html?_=1637115845842&CODE_STATE=getMsg HTTP/1.1" 200 27
58.37.231.44 - - [17/Nov/2021:10:24:08 +0800] "GET /xingrg/all/function/internal_message.html?_=1637115677633&CODE_STATE=getMsg HTTP/1.1" 200 27
58.37.231.44 - - [17/Nov/2021:10:24:08 +0800] "GET /xingrg/check_reg.html?_=1637115678133 HTTP/1.1" 200 22
116.235.93.2 - - [17/Nov/2021:10:24:09 +0800] "POST /xingrg/kc/buy/cgsh_order_operate.html HTTP/1.1" 200 37
116.235.93.2 - - [17/Nov/2021:10:24:14 +0800] "POST /xingrg/kc/buy/cgsh_order_operate.html HTTP/1.1" 200 46420
222.70.171.86 - - [17/Nov/2021:10:24:15 +0800] "GET /xingrg/all/function/internal_message.html?_=1637115863047&CODE_STATE=getMsg HTTP/1.1" 302 -
124.78.153.86 - - [17/Nov/2021:10:24:17 +0800] "GET /xingrg/kc/buy/cgsh_order_operate.html?command=get_materiel&rest_code=00106&code=00101008190&supplier_code=00100007&order_time=2021-11-17 HTTP/1.1" 200 23
180.174.250.202 - - [17/Nov/2021:10:24:19 +0800] "GET /xingrg/kc/buy/cgsh_order_operate.html?command=get_materiel&rest_code=00102&code=00101008300&supplier_code=00100008&order_time=2021-11-17 HTTP/1.1" 200 23
58.39.139.200 - - [17/Nov/2021:10:24:22 +0800] "POST /xingrg/kc/buy/cgsh_order_operate.html HTTP/1.1" 200 37
58.39.139.200 - - [17/Nov/2021:10:24:25 +0800] "POST /xingrg/kc/buy/cgsh_order_operate.html HTTP/1.1" 200 6804
101.89.239.120 - - [17/Nov/2021:10:24:25 +0800] "GET /xingrg/kc/buy/cgsh_order_operate.html?command=get_materiel&rest_code=00106&code=00101008155&supplier_code=00100007&order_time=2021-11-17 HTTP/1.1" 302 -
101.89.239.120 - - [17/Nov/2021:10:24:26 +0800] "GET /xingrg/login.html HTTP/1.1" 200 7641
58.39.139.200 - - [17/Nov/2021:10:24:27 +0800] "GET /xingrg/kc/print/load_data.html?order_code=212021111707040&kc_code=cgsh&condition= HTTP/1.1" 200 2258
116.235.93.2 - - [17/Nov/2021:10:24:30 +0800] "GET /xingrg/check_reg.html?_=1637116351668 HTTP/1.1" 200 22
222.70.176.97 - - [17/Nov/2021:10:24:32 +0800] "GET /xingrg/all/function/internal_message.html?_=1637115870292&CODE_STATE=getMsg HTTP/1.1" 200 27
101.89.239.120 - - [17/Nov/2021:10:24:33 +0800] "GET /xingrg/kc/buy/cgsh_order_operate.html?command=get_materiel&rest_code=00106&code=00101008149&supplier_code=00100007&order_time=2021-11-17 HTTP/1.1" 302 -
101.89.239.120 - - [17/Nov/2021:10:24:33 +0800] "GET /xingrg/login.html HTTP/1.1" 200 7641
116.238.248.233 - - [17/Nov/2021:10:24:34 +0800] "GET /xingrg/all/function/internal_message.html?_=1637115873841&CODE_STATE=getMsg HTTP/1.1" 200 27
222.70.171.86 - - [17/Nov/2021:10:24:38 +0800] "GET /xingrg/all/function/internal_message.html?_=1637115887862&CODE_STATE=getMsg HTTP/1.1" 200 27
180.174.250.202 - - [17/Nov/2021:10:24:40 +0800] "POST /xingrg/kc/buy/cgsh_order_operate.html HTTP/1.1" 200 37
124.78.153.86 - - [17/Nov/2021:10:24:40 +0800] "POST /xingrg/kc/buy/cgsh_order_operate.html HTTP/1.1" 200 64
116.227.210.113 - - [17/Nov/2021:10:24:41 +0800] "POST /xingrg/login.do HTTP/1.1" 302 -
116.235.93.2 - - [17/Nov/2021:10:24:42 +0800] "GET /xingrg/kc/buy/cgsh_order_operate.html?command=get_materiel&rest_code=00104&code=00101008350&supplier_code=00100005&order_time=2021-11-17 HTTP/1.1" 200 408
180.169.147.146 - - [17/Nov/2021:10:24:42 +0800] "GET /xingrg/check_reg.html?_=1637115882180 HTTP/1.1" 200 22
180.169.147.146 - - [17/Nov/2021:10:24:42 +0800] "GET /xingrg/all/function/internal_message.html?_=1637115882184&CODE_STATE=getMsg HTTP/1.1" 200 27
116.227.210.113 - - [17/Nov/2021:10:24:44 +0800] "POST /xingrg/login.do HTTP/1.1" 302 -
116.227.210.113 - - [17/Nov/2021:10:24:44 +0800] "POST /xingrg/login.do HTTP/1.1" 302 -
116.227.210.113 - - [17/Nov/2021:10:24:44 +0800] "POST /xingrg/login.do HTTP/1.1" 302 -
116.227.210.113 - - [17/Nov/2021:10:24:44 +0800] "GET /xingrg/index.html?sysBaseUrl=http%3A%2F%2F180.169.147.146%3A18081%2Fxingrg%2F&costTime=2447×tamp=1637115884863 HTTP/1.1" 200 17179
116.235.93.2 - - [17/Nov/2021:10:24:45 +0800] "GET /xingrg/all/function/internal_message.html?_=1637116366174&CODE_STATE=getMsg HTTP/1.1" 200 27
222.70.171.86 - - [17/Nov/2021:10:24:45 +0800] "GET /xingrg/check_reg.html?_=1637115893194 HTTP/1.1" 302 -
116.227.210.113 - - [17/Nov/2021:10:24:45 +0800] "GET /favicon.ico HTTP/1.1" 404 -
116.227.210.113 - - [17/Nov/2021:10:24:45 +0800] "POST /xingrg/all/common/load_tree.html?tree=area_rest_tree_json&manage=1 HTTP/1.1" 200 351
116.227.210.113 - - [17/Nov/2021:10:24:45 +0800] "GET /xingrg/all/function/internal_message.html?_=1637115862833&CODE_STATE=count HTTP/1.1" 200 11
116.227.210.113 - - [17/Nov/2021:10:24:45 +0800] "GET /xingrg/check_reg.html?_=1637115862835 HTTP/1.1" 200 22
116.227.210.113 - - [17/Nov/2021:10:24:45 +0800] "POST /xingrg/load_menu.html HTTP/1.1" 200 5138
116.227.210.113 - - [17/Nov/2021:10:24:48 +0800] "GET /xingrg/kc/buy/cgsh_order_list.html HTTP/1.1" 200 49073
116.227.210.113 - - [17/Nov/2021:10:24:50 +0800] "POST /xingrg/kc/buy/cgsh_list_operate.html HTTP/1.1" 200 876
124.78.153.86 - - [17/Nov/2021:10:24:54 +0800] "POST /xingrg/kc/buy/cgsh_order_operate.html HTTP/1.1" 200 37
58.39.139.200 - - [17/Nov/2021:10:24:57 +0800] "GET /xingrg/all/function/internal_message.html?_=1637115897719&CODE_STATE=getMsg HTTP/1.1" 200 27
114.85.125.222 - - [17/Nov/2021:10:24:58 +0800] "GET /xingrg/all/function/internal_message.html?_=1637115878184&CODE_STATE=getMsg HTTP/1.1" 200 27
101.89.239.120 - - [17/Nov/2021:10:24:58 +0800] "GET /xingrg/kc/buy/cgsh_order_operate.html?command=get_materiel&rest_code=00106&code=00101008190&supplier_code=00100007&order_time=2021-11-17 HTTP/1.1" 302 -
101.89.239.120 - - [17/Nov/2021:10:24:58 +0800] "GET /xingrg/login.html HTTP/1.1" 200 7641
180.174.250.202 - - [17/Nov/2021:10:24:59 +0800] "GET /xingrg/check_reg.html?_=1637115894442 HTTP/1.1" 200 22
180.174.250.202 - - [17/Nov/2021:10:25:00 +0800] "GET /xingrg/all/function/internal_message.html?_=1637115895117&CODE_STATE=getMsg HTTP/1.1" 200 27
180.174.250.202 - - [17/Nov/2021:10:25:02 +0800] "POST /xingrg/kc/buy/cgsh_order_operate.html HTTP/1.1" 200 8582
180.174.250.202 - - [17/Nov/2021:10:25:04 +0800] "GET /xingrg/all/function/internal_message.html?_=1637115906008&CODE_STATE=getMsg HTTP/1.1" 200 27
124.78.153.86 - - [17/Nov/2021:10:25:04 +0800] "POST /xingrg/kc/buy/cgsh_order_operate.html HTTP/1.1" 200 5598
124.78.153.86 - - [17/Nov/2021:10:25:06 +0800] "GET /xingrg/login.html HTTP/1.1" 200 7641
101.89.29.78 - - [17/Nov/2021:10:25:07 +0800] "GET /xingrg/all/function/internal_message.html?_=1637115845842&CODE_STATE=getMsg HTTP/1.1" 302 -
124.78.153.86 - - [17/Nov/2021:10:25:07 +0800] "GET /favicon.ico HTTP/1.1" 404 -
101.89.29.78 - - [17/Nov/2021:10:25:07 +0800] "GET /xingrg/login.html HTTP/1.1" 200 7641
58.37.231.44 - - [17/Nov/2021:10:25:08 +0800] "GET /xingrg/all/function/internal_message.html?_=1637115737604&CODE_STATE=getMsg HTTP/1.1" 200 27
222.70.171.86 - - [17/Nov/2021:10:25:15 +0800] "GET /xingrg/all/function/internal_message.html?_=1637115923049&CODE_STATE=getMsg HTTP/1.1" 302 -
116.235.93.2 - - [17/Nov/2021:10:25:15 +0800] "GET /xingrg/kc/buy/cgsh_order_operate.html?command=get_materiel&rest_code=00104&code=00101008088&supplier_code=00100005&order_time=2021-11-17 HTTP/1.1" 200 408
222.70.171.86 - - [17/Nov/2021:10:25:16 +0800] "POST /xingrg/services/DataTransmitService HTTP/1.1" 200 524
124.78.153.86 - - [17/Nov/2021:10:25:16 +0800] "POST /xingrg/login.do HTTP/1.1" 302 -
124.78.153.86 - - [17/Nov/2021:10:25:17 +0800] "GET /xingrg/index.html?sysBaseUrl=http%3A%2F%2F180.169.147.146%3A18081%2Fxingrg%2F&costTime=1133×tamp=1637115916860 HTTP/1.1" 200 17173
222.70.171.86 - - [17/Nov/2021:10:25:17 +0800] "POST /xingrg/services/DataTransmitService HTTP/1.1" 200 2171
124.78.153.86 - - [17/Nov/2021:10:25:17 +0800] "GET /xingrg/check_reg.html?_=1637115915533 HTTP/1.1" 200 22
124.78.153.86 - - [17/Nov/2021:10:25:17 +0800] "GET /xingrg/all/function/internal_message.html?_=1637115915533&CODE_STATE=count HTTP/1.1" 200 11
124.78.153.86 - - [17/Nov/2021:10:25:17 +0800] "POST /xingrg/all/common/load_tree.html?tree=area_rest_tree_json&manage=1 HTTP/1.1" 200 342
124.78.153.86 - - [17/Nov/2021:10:25:17 +0800] "GET /favicon.ico HTTP/1.1" 404 -
124.78.153.86 - - [17/Nov/2021:10:25:17 +0800] "POST /xingrg/load_menu.html HTTP/1.1" 200 5138
222.70.171.86 - - [17/Nov/2021:10:25:17 +0800] "POST /xingrg/services/DataTransmitService HTTP/1.1" 200 524
222.70.171.86 - - [17/Nov/2021:10:25:18 +0800] "POST /xingrg/services/DataTransmitService HTTP/1.1" 200 2171
124.78.153.86 - - [17/Nov/2021:10:25:18 +0800] "GET /xingrg/kc/buy/buy_main.html HTTP/1.1" 200 12412
124.78.153.86 - - [17/Nov/2021:10:25:18 +0800] "GET /xingrg/css/new_ie.css HTTP/1.1" 404 1036
124.78.153.86 - - [17/Nov/2021:10:25:19 +0800] "GET /xingrg/images/yd/bt.gif HTTP/1.1" 404 1040
124.78.153.86 - - [17/Nov/2021:10:25:20 +0800] "GET /xingrg/kc/buy/cgsh_order_list.html HTTP/1.1" 200 49067
124.78.153.86 - - [17/Nov/2021:10:25:23 +0800] "POST /xingrg/kc/buy/cgsh_list_operate.html HTTP/1.1" 200 1697
180.174.250.202 - - [17/Nov/2021:10:25:24 +0800] "GET /xingrg/login.html HTTP/1.1" 200 7641
180.174.250.202 - - [17/Nov/2021:10:25:25 +0800] "GET /favicon.ico HTTP/1.1" 404 -
124.78.153.86 - - [17/Nov/2021:10:25:25 +0800] "POST /xingrg/kc/buy/cgsh_list_operate.html HTTP/1.1" 200 564
124.78.153.86 - - [17/Nov/2021:10:25:26 +0800] "GET /xingrg/kc/buy/cgsh_order_info.html?code=212021111707043 HTTP/1.1" 200 64858
124.78.153.86 - - [17/Nov/2021:10:25:27 +0800] "GET /xingrg/javascript/easyui/themes/default/validatebox.css HTTP/1.1" 404 1104
124.78.153.86 - - [17/Nov/2021:10:25:27 +0800] "GET /xingrg/all/common/auto_word.html?type=employee&rest_code=00106 HTTP/1.1" 200 205
124.78.153.86 - - [17/Nov/2021:10:25:27 +0800] "GET /xingrg/all/common/auto_word.html?type=employee&rest_code=00106 HTTP/1.1" 200 205
124.78.153.86 - - [17/Nov/2021:10:25:27 +0800] "POST /xingrg/kc/buy/cgsh_order_operate.html HTTP/1.1" 200 5598
180.174.250.202 - - [17/Nov/2021:10:25:27 +0800] "GET /xingrg/login.html HTTP/1.1" 200 7641
180.174.250.202 - - [17/Nov/2021:10:25:28 +0800] "GET /favicon.ico HTTP/1.1" 404 -
180.174.250.202 - - [17/Nov/2021:10:25:30 +0800] "POST /xingrg/login.do HTTP/1.1" 302 -
180.174.250.202 - - [17/Nov/2021:10:25:30 +0800] "GET /xingrg/index.html?sysBaseUrl=http%3A%2F%2F180.169.147.146%3A18081%2Fxingrg%2F&costTime=1106×tamp=1637115930243 HTTP/1.1" 200 17173
180.174.250.202 - - [17/Nov/2021:10:25:30 +0800] "GET /xingrg/all/function/internal_message.html?_=1637115932425&CODE_STATE=count HTTP/1.1" 200 11
180.174.250.202 - - [17/Nov/2021:10:25:30 +0800] "GET /xingrg/check_reg.html?_=1637115932428 HTTP/1.1" 200 22
180.174.250.202 - - [17/Nov/2021:10:25:30 +0800] "POST /xingrg/all/common/load_tree.html?tree=area_rest_tree_json&manage=1 HTTP/1.1" 200 342
180.174.250.202 - - [17/Nov/2021:10:25:30 +0800] "GET /favicon.ico HTTP/1.1" 404 -
180.174.250.202 - - [17/Nov/2021:10:25:30 +0800] "POST /xingrg/load_menu.html HTTP/1.1" 200 5138
222.70.176.97 - - [17/Nov/2021:10:25:32 +0800] "GET /xingrg/all/function/internal_message.html?_=1637115930276&CODE_STATE=getMsg HTTP/1.1" 200 27
124.78.153.86 - - [17/Nov/2021:10:25:32 +0800] "GET /xingrg/javascript/auto/indicator.gif HTTP/1.1" 404 1066
180.174.250.202 - - [17/Nov/2021:10:25:33 +0800] "GET /xingrg/kc/buy/cgsh_order_list.html HTTP/1.1" 200 49067
116.238.248.233 - - [17/Nov/2021:10:25:34 +0800] "GET /xingrg/all/function/internal_message.html?_=1637115933843&CODE_STATE=getMsg HTTP/1.1" 200 27
124.78.153.86 - - [17/Nov/2021:10:25:35 +0800] "GET /xingrg/kc/buy/cgsh_order_operate.html?command=get_materiel&rest_code=00106&code=00101008190&supplier_code=00100007&order_time=2021-11-17 HTTP/1.1" 200 412
58.39.139.200 - - [17/Nov/2021:10:25:36 +0800] "GET /xingrg/kc/base/wldb_order_list.html HTTP/1.1" 200 19224
180.174.250.202 - - [17/Nov/2021:10:25:36 +0800] "POST /xingrg/kc/buy/cgsh_list_operate.html HTTP/1.1" 200 2050
58.39.139.200 - - [17/Nov/2021:10:25:37 +0800] "POST /xingrg/kc/base/wldb_list_operate.html HTTP/1.1" 200 928
222.70.171.86 - - [17/Nov/2021:10:25:38 +0800] "GET /xingrg/all/function/internal_message.html?_=1637115947953&CODE_STATE=getMsg HTTP/1.1" 200 27
58.39.139.200 - - [17/Nov/2021:10:25:39 +0800] "GET /xingrg/kc/base/wldb_order_add.html HTTP/1.1" 200 30438
58.39.139.200 - - [17/Nov/2021:10:25:39 +0800] "GET /xingrg/all/common/auto_word.html?type=base&rest_code=00105 HTTP/1.1" 200 1857
58.39.139.200 - - [17/Nov/2021:10:25:39 +0800] "POST /xingrg/kc/base/wldb_order_operate.html HTTP/1.1" 200 6806
58.39.139.200 - - [17/Nov/2021:10:25:39 +0800] "GET /xingrg/javascript/easyui/themes/default/validatebox.css HTTP/1.1" 404 1104
58.39.139.200 - - [17/Nov/2021:10:25:39 +0800] "GET /xingrg/all/common/auto_word.html?type=base&rest_code=00105 HTTP/1.1" 200 1857
180.174.250.202 - - [17/Nov/2021:10:25:40 +0800] "POST /xingrg/kc/buy/cgsh_list_operate.html HTTP/1.1" 200 564
58.39.139.200 - - [17/Nov/2021:10:25:40 +0800] "GET /xingrg/css/images/panel_loading.gif HTTP/1.1" 304 -
58.39.139.200 - - [17/Nov/2021:10:25:40 +0800] "POST /xingrg/all/common/load_combo.html?type=base HTTP/1.1" 200 3321
180.174.250.202 - - [17/Nov/2021:10:25:42 +0800] "GET /xingrg/kc/buy/cgsh_order_info.html?code=212021111707042 HTTP/1.1" 200 64817
180.169.147.146 - - [17/Nov/2021:10:25:42 +0800] "GET /xingrg/all/function/internal_message.html?_=1637115942170&CODE_STATE=getMsg HTTP/1.1" 200 27
180.174.250.202 - - [17/Nov/2021:10:25:42 +0800] "GET /xingrg/javascript/easyui/themes/default/validatebox.css HTTP/1.1" 404 1104
180.174.250.202 - - [17/Nov/2021:10:25:43 +0800] "GET /xingrg/all/common/auto_word.html?type=employee&rest_code=00102 HTTP/1.1" 200 189
180.174.250.202 - - [17/Nov/2021:10:25:43 +0800] "GET /xingrg/all/common/auto_word.html?type=employee&rest_code=00102 HTTP/1.1" 200 189
124.78.153.86 - - [17/Nov/2021:10:25:43 +0800] "GET /xingrg/kc/buy/cgsh_order_operate.html?command=get_materiel&rest_code=00106&code=00101008361&supplier_code=00100007&order_time=2021-11-17 HTTP/1.1" 200 408
180.174.250.202 - - [17/Nov/2021:10:25:43 +0800] "POST /xingrg/kc/buy/cgsh_order_operate.html HTTP/1.1" 200 8582
116.235.93.2 - - [17/Nov/2021:10:25:45 +0800] "GET /xingrg/all/function/internal_message.html?_=1637116426187&CODE_STATE=getMsg HTTP/1.1" 200 27
116.227.210.113 - - [17/Nov/2021:10:25:45 +0800] "GET /xingrg/all/function/internal_message.html?_=1637115922854&CODE_STATE=getMsg HTTP/1.1" 200 27
180.174.250.202 - - [17/Nov/2021:10:25:47 +0800] "GET /xingrg/javascript/auto/indicator.gif HTTP/1.1" 404 1066
180.174.250.202 - - [17/Nov/2021:10:25:48 +0800] "GET /xingrg/javascript/jquery_easy_ui/themes/default/images/tabs_active.png HTTP/1.1" 304 -
180.174.250.202 - - [17/Nov/2021:10:25:50 +0800] "GET /xingrg/kc/buy/cgsh_order_operate.html?command=get_materiel&rest_code=00102&code=00101008300&supplier_code=00100008&order_time=2021-11-17 HTTP/1.1" 200 412
124.78.153.86 - - [17/Nov/2021:10:25:52 +0800] "GET /xingrg/kc/buy/cgsh_order_operate.html?command=get_materiel&rest_code=00106&code=00101008355&supplier_code=00100007&order_time=2021-11-17 HTTP/1.1" 200 408
172.20.0.100 - - [17/Nov/2021:10:25:53 +0800] "GET /xingrg/check_reg.html?_=1637115946570 HTTP/1.1" 302 -
58.39.139.200 - - [17/Nov/2021:10:25:54 +0800] "GET /xingrg/kc/base/wldb_order_operate.html?command=get_materiel&rest_code=00105&base_code=0010508&code=00102002556 HTTP/1.1" 200 428
180.174.250.202 - - [17/Nov/2021:10:25:55 +0800] "POST /xingrg/kc/buy/cgsh_list_operate.html HTTP/1.1" 200 2050
180.174.250.202 - - [17/Nov/2021:10:25:56 +0800] "GET /xingrg/kc/base/wldb_order_list.html HTTP/1.1" 200 19224
58.39.139.200 - - [17/Nov/2021:10:25:57 +0800] "GET /xingrg/check_reg.html?_=1637115957710 HTTP/1.1" 200 22
58.39.139.200 - - [17/Nov/2021:10:25:57 +0800] "GET /xingrg/all/function/internal_message.html?_=1637115957712&CODE_STATE=getMsg HTTP/1.1" 200 27
180.174.250.202 - - [17/Nov/2021:10:25:57 +0800] "POST /xingrg/kc/base/wldb_list_operate.html HTTP/1.1" 200 928
114.85.125.222 - - [17/Nov/2021:10:25:58 +0800] "GET /xingrg/all/function/internal_message.html?_=1637115938213&CODE_STATE=getMsg HTTP/1.1" 200 27
124.78.153.86 - - [17/Nov/2021:10:25:58 +0800] "GET /xingrg/kc/buy/cgsh_order_operate.html?command=get_materiel&rest_code=00106&code=00101008264&supplier_code=00100007&order_time=2021-11-17 HTTP/1.1" 200 412
180.174.250.202 - - [17/Nov/2021:10:25:58 +0800] "GET /xingrg/kc/buy/cgsh_order_operate.html?command=get_materiel&rest_code=00102&code=00101008251&supplier_code=00100008&order_time=2021-11-17 HTTP/1.1" 200 408
180.174.250.202 - - [17/Nov/2021:10:25:59 +0800] "GET /xingrg/kc/base/wldb_order_add.html HTTP/1.1" 200 30434
180.174.250.202 - - [17/Nov/2021:10:26:00 +0800] "POST /xingrg/kc/base/wldb_order_operate.html HTTP/1.1" 200 6806
124.78.153.86 - - [17/Nov/2021:10:26:00 +0800] "POST /xingrg/kc/buy/cgsh_order_operate.html HTTP/1.1" 200 2065
180.174.250.202 - - [17/Nov/2021:10:26:00 +0800] "GET /xingrg/all/common/auto_word.html?type=base&rest_code=00102 HTTP/1.1" 200 1757
180.174.250.202 - - [17/Nov/2021:10:26:00 +0800] "GET /xingrg/all/common/auto_word.html?type=base&rest_code=00102 HTTP/1.1" 200 1757
180.174.250.202 - - [17/Nov/2021:10:26:01 +0800] "GET /xingrg/javascript/easyui/themes/default/validatebox.css HTTP/1.1" 404 1104
180.174.250.202 - - [17/Nov/2021:10:26:01 +0800] "GET /xingrg/all/function/internal_message.html?_=1637115956031&CODE_STATE=getMsg HTTP/1.1" 200 27
222.70.171.86 - - [17/Nov/2021:10:26:01 +0800] "GET /xingrg/check_reg.html?_=1637115971089 HTTP/1.1" 200 22
180.174.250.202 - - [17/Nov/2021:10:26:01 +0800] "POST /xingrg/all/common/load_combo.html?type=base HTTP/1.1" 200 3145
116.235.93.2 - - [17/Nov/2021:10:26:02 +0800] "GET /xingrg/kc/buy/cgsh_order_operate.html?command=get_materiel&rest_code=00104&code=00101008224&supplier_code=00100005&order_time=2021-11-17 HTTP/1.1" 200 416
58.39.139.200 - - [17/Nov/2021:10:26:03 +0800] "GET /xingrg/kc/base/wldb_order_operate.html?command=get_materiel&rest_code=00105&base_code=0010508&code=00102002238 HTTP/1.1" 200 434
180.174.250.202 - - [17/Nov/2021:10:26:04 +0800] "GET /xingrg/kc/buy/cgsh_order_operate.html?command=get_materiel&rest_code=00102&code=00101008069&supplier_code=00100008&order_time=2021-11-17 HTTP/1.1" 200 412
124.78.153.86 - - [17/Nov/2021:10:26:04 +0800] "GET /xingrg/kc/buy/cgsh_order_operate.html?command=get_materiel&rest_code=00106&code=00101008024&supplier_code=00100007&order_time=2021-11-17 HTTP/1.1" 200 408
58.37.231.44 - - [17/Nov/2021:10:26:08 +0800] "GET /xingrg/all/function/internal_message.html?_=1637115797572&CODE_STATE=getMsg HTTP/1.1" 200 27
180.174.250.202 - - [17/Nov/2021:10:26:08 +0800] "GET /xingrg/kc/base/wldb_order_operate.html?command=get_materiel&rest_code=00102&base_code=0010476&code=00101020144 HTTP/1.1" 200 449
58.39.139.200 - - [17/Nov/2021:10:26:08 +0800] "POST /xingrg/kc/base/wldb_order_operate.html HTTP/1.1" 200 37
58.39.139.200 - - [17/Nov/2021:10:26:08 +0800] "POST /xingrg/kc/base/wldb_order_operate.html HTTP/1.1" 200 2664
180.174.250.202 - - [17/Nov/2021:10:26:09 +0800] "GET /xingrg/kc/buy/cgsh_order_operate.html?command=get_materiel&rest_code=00102&code=00101008286&supplier_code=00100008&order_time=2021-11-17 HTTP/1.1" 200 408
180.174.250.202 - - [17/Nov/2021:10:26:11 +0800] "POST /xingrg/kc/buy/cgsh_order_operate.html HTTP/1.1" 200 2065
58.39.139.200 - - [17/Nov/2021:10:26:14 +0800] "GET /xingrg/kc/base/wldb_order_info.html?code=422021111701834 HTTP/1.1" 200 30451
222.70.171.86 - - [17/Nov/2021:10:26:15 +0800] "GET /xingrg/all/function/internal_message.html?_=1637115983074&CODE_STATE=getMsg HTTP/1.1" 302 -
180.174.250.202 - - [17/Nov/2021:10:26:15 +0800] "GET /xingrg/kc/buy/cgsh_order_operate.html?command=get_materiel&rest_code=00102&code=00101008036&supplier_code=00100008&order_time=2021-11-17 HTTP/1.1" 200 408
58.39.139.200 - - [17/Nov/2021:10:26:15 +0800] "GET /xingrg/javascript/easyui/themes/default/validatebox.css HTTP/1.1" 404 1104
58.39.139.200 - - [17/Nov/2021:10:26:15 +0800] "POST /xingrg/kc/base/wldb_order_operate.html HTTP/1.1" 200 2664
61.151.207.205 - - [17/Nov/2021:10:26:16 +0800] "GET /xingrg/check_reg.html?_=1637115915533 HTTP/1.1" 302 -
61.151.207.205 - - [17/Nov/2021:10:26:17 +0800] "GET /xingrg/login.html HTTP/1.1" 200 7641
61.151.178.217 - - [17/Nov/2021:10:26:17 +0800] "GET /xingrg/index.html?sysBaseUrl=http://180.169.147.146:18081/xingrg/&costTime=1133×tamp=1637115916860 HTTP/1.1" 302 -
124.78.153.86 - - [17/Nov/2021:10:26:17 +0800] "GET /xingrg/all/function/internal_message.html?_=1637115975540&CODE_STATE=getMsg HTTP/1.1" 200 27
61.151.178.217 - - [17/Nov/2021:10:26:17 +0800] "GET /xingrg/login.html HTTP/1.1" 200 7641
116.235.93.2 - - [17/Nov/2021:10:26:19 +0800] "GET /xingrg/kc/buy/cgsh_order_operate.html?command=get_materiel&rest_code=00104&code=00101008121&supplier_code=00100005&order_time=2021-11-17 HTTP/1.1" 200 413
58.39.139.200 - - [17/Nov/2021:10:26:19 +0800] "GET /xingrg/kc/base/wldb_order_add.html HTTP/1.1" 200 30438
58.39.139.200 - - [17/Nov/2021:10:26:20 +0800] "POST /xingrg/kc/base/wldb_order_operate.html HTTP/1.1" 200 6806
58.39.139.200 - - [17/Nov/2021:10:26:20 +0800] "GET /xingrg/javascript/easyui/themes/default/validatebox.css HTTP/1.1" 404 1104
58.39.139.200 - - [17/Nov/2021:10:26:21 +0800] "POST /xingrg/all/common/load_combo.html?type=base HTTP/1.1" 200 3321
180.174.250.202 - - [17/Nov/2021:10:26:22 +0800] "GET /xingrg/kc/buy/cgsh_order_operate.html?command=get_materiel&rest_code=00102&code=00101008098&supplier_code=00100008&order_time=2021-11-17 HTTP/1.1" 200 412
124.78.153.86 - - [17/Nov/2021:10:26:24 +0800] "GET /xingrg/kc/buy/cgsh_order_operate.html?command=get_materiel&rest_code=00106&code=00101008230&supplier_code=00100007&order_time=2021-11-17 HTTP/1.1" 200 408
116.235.93.2 - - [17/Nov/2021:10:26:24 +0800] "POST /xingrg/kc/buy/cgsh_order_operate.html HTTP/1.1" 200 2065
180.174.250.202 - - [17/Nov/2021:10:26:27 +0800] "GET /xingrg/kc/buy/cgsh_order_operate.html?command=get_materiel&rest_code=00102&code=00101008213&supplier_code=00100008&order_time=2021-11-17 HTTP/1.1" 200 412
180.174.250.202 - - [17/Nov/2021:10:26:30 +0800] "GET /xingrg/all/function/internal_message.html?_=1637115992443&CODE_STATE=getMsg HTTP/1.1" 200 27
124.78.153.86 - - [17/Nov/2021:10:26:31 +0800] "POST /xingrg/services/DataTransmitService HTTP/1.1" 200 524
222.70.176.97 - - [17/Nov/2021:10:26:32 +0800] "GET /xingrg/all/function/internal_message.html?_=1637115990260&CODE_STATE=getMsg HTTP/1.1" 200 27
124.78.153.86 - - [17/Nov/2021:10:26:32 +0800] "POST /xingrg/services/DataTransmitService HTTP/1.1" 200 2511
124.78.153.86 - - [17/Nov/2021:10:26:33 +0800] "POST /xingrg/services/DataTransmitService HTTP/1.1" 200 151227
58.39.139.200 - - [17/Nov/2021:10:26:34 +0800] "GET /xingrg/kc/base/wldb_order_operate.html?command=get_materiel&rest_code=00105&base_code=0010508&code=00102002441 HTTP/1.1" 200 447
116.238.248.233 - - [17/Nov/2021:10:26:34 +0800] "GET /xingrg/all/function/internal_message.html?_=1637115993842&CODE_STATE=getMsg HTTP/1.1" 200 27
180.174.250.202 - - [17/Nov/2021:10:26:34 +0800] "GET /xingrg/kc/buy/cgsh_order_operate.html?command=get_materiel&rest_code=00102&code=00101008297&supplier_code=00100008&order_time=2021-11-17 HTTP/1.1" 200 412
116.235.93.2 - - [17/Nov/2021:10:26:35 +0800] "GET /xingrg/kc/buy/cgsh_order_operate.html?command=get_materiel&rest_code=00104&code=00101008236&supplier_code=00100005&order_time=2021-11-17 HTTP/1.1" 200 416
222.70.171.86 - - [17/Nov/2021:10:26:38 +0800] "GET /xingrg/all/function/internal_message.html?_=1637116007968&CODE_STATE=getMsg HTTP/1.1" 200 27
180.174.250.202 - - [17/Nov/2021:10:26:41 +0800] "GET /xingrg/kc/buy/cgsh_order_operate.html?command=get_materiel&rest_code=00102&code=00101008347&supplier_code=00100008&order_time=2021-11-17 HTTP/1.1" 200 408
180.169.147.146 - - [17/Nov/2021:10:26:42 +0800] "GET /xingrg/all/function/internal_message.html?_=1637116002181&CODE_STATE=getMsg HTTP/1.1" 200 27
180.174.250.202 - - [17/Nov/2021:10:26:43 +0800] "POST /xingrg/kc/buy/cgsh_order_operate.html HTTP/1.1" 200 2065
116.235.93.2 - - [17/Nov/2021:10:26:45 +0800] "GET /xingrg/all/function/internal_message.html?_=1637116486201&CODE_STATE=getMsg HTTP/1.1" 200 27
116.227.210.113 - - [17/Nov/2021:10:26:45 +0800] "GET /xingrg/all/function/internal_message.html?_=1637115982859&CODE_STATE=getMsg HTTP/1.1" 200 27
61.151.178.177 - - [17/Nov/2021:10:26:49 +0800] "GET /xingrg/kc/buy/cgsh_order_operate.html?command=get_materiel&rest_code=00106&code=00101008355&supplier_code=00100007&order_time=2021-11-17 HTTP/1.1" 302 -
61.151.178.177 - - [17/Nov/2021:10:26:50 +0800] "GET /xingrg/login.html HTTP/1.1" 200 7641
180.174.250.202 - - [17/Nov/2021:10:26:51 +0800] "GET /xingrg/kc/buy/cgsh_order_operate.html?command=get_materiel&rest_code=00102&code=00101008100&supplier_code=00100008&order_time=2021-11-17 HTTP/1.1" 200 408
116.235.93.2 - - [17/Nov/2021:10:26:53 +0800] "GET /xingrg/kc/buy/cgsh_order_operate.html?command=get_materiel&rest_code=00104&code=00101009011&supplier_code=00100005&order_time=2021-11-17 HTTP/1.1" 200 416
58.39.139.200 - - [17/Nov/2021:10:26:57 +0800] "GET /xingrg/all/function/internal_message.html?_=1637116017759&CODE_STATE=getMsg HTTP/1.1" 200 27
114.85.125.222 - - [17/Nov/2021:10:26:58 +0800] "GET /xingrg/all/function/internal_message.html?_=1637115998226&CODE_STATE=getMsg HTTP/1.1" 200 27
180.174.250.202 - - [17/Nov/2021:10:27:00 +0800] "POST /xingrg/kc/buy/cgsh_order_operate.html HTTP/1.1" 200 37
116.227.210.113 - - [17/Nov/2021:10:27:00 +0800] "GET /xingrg/kc/buy/cgsh_order_add.html HTTP/1.1" 200 64770
116.227.210.113 - - [17/Nov/2021:10:27:00 +0800] "GET /xingrg/words/20211114200737_words.js HTTP/1.1" 304 -
116.227.210.113 - - [17/Nov/2021:10:27:00 +0800] "POST /xingrg/kc/buy/cgsh_order_operate.html HTTP/1.1" 200 8245
116.227.210.113 - - [17/Nov/2021:10:27:00 +0800] "GET /xingrg/javascript/easyui/themes/default/validatebox.css HTTP/1.1" 404 1104
116.227.210.113 - - [17/Nov/2021:10:27:00 +0800] "GET /xingrg/all/common/auto_word.html?type=employee&rest_code=00155 HTTP/1.1" 200 205
116.227.210.113 - - [17/Nov/2021:10:27:00 +0800] "GET /xingrg/all/common/auto_word.html?type=employee&rest_code=00155 HTTP/1.1" 200 205
180.174.250.202 - - [17/Nov/2021:10:27:01 +0800] "GET /xingrg/all/function/internal_message.html?_=1637116016042&CODE_STATE=getMsg HTTP/1.1" 200 27
180.174.250.202 - - [17/Nov/2021:10:27:01 +0800] "POST /xingrg/kc/buy/cgsh_order_operate.html HTTP/1.1" 200 14473
116.227.210.113 - - [17/Nov/2021:10:27:01 +0800] "GET /xingrg/javascript/auto/indicator.gif HTTP/1.1" 404 1066
180.174.250.202 - - [17/Nov/2021:10:27:03 +0800] "GET /xingrg/kc/buy/cgsh_order_add.html HTTP/1.1" 200 64808
116.227.210.113 - - [17/Nov/2021:10:27:03 +0800] "GET /xingrg/javascript/jquery_tools/images/prev.gif HTTP/1.1" 404 1086
116.227.210.113 - - [17/Nov/2021:10:27:03 +0800] "GET /xingrg/javascript/jquery_tools/images/next.gif HTTP/1.1" 404 1086
180.174.250.202 - - [17/Nov/2021:10:27:03 +0800] "POST /xingrg/kc/buy/cgsh_order_operate.html HTTP/1.1" 200 8245
180.174.250.202 - - [17/Nov/2021:10:27:03 +0800] "GET /xingrg/javascript/easyui/themes/default/validatebox.css HTTP/1.1" 404 1104
180.174.250.202 - - [17/Nov/2021:10:27:05 +0800] "GET /xingrg/javascript/jquery_tools/images/prev.gif HTTP/1.1" 404 1086
180.174.250.202 - - [17/Nov/2021:10:27:05 +0800] "GET /xingrg/javascript/jquery_tools/images/next.gif HTTP/1.1" 404 1086
116.235.93.2 - - [17/Nov/2021:10:27:08 +0800] "GET /xingrg/kc/buy/cgsh_order_operate.html?command=get_materiel&rest_code=00104&code=00101008223&supplier_code=00100005&order_time=2021-11-17 HTTP/1.1" 200 414
58.37.231.44 - - [17/Nov/2021:10:27:08 +0800] "GET /xingrg/all/function/internal_message.html?_=1637115857552&CODE_STATE=getMsg HTTP/1.1" 200 27
116.227.210.113 - - [17/Nov/2021:10:27:09 +0800] "GET /xingrg/kc/buy/cgsh_order_operate.html?command=get_materiel&rest_code=00155&code=00101006184&supplier_code=00100012&order_time=2021-11-17 HTTP/1.1" 200 408
116.232.50.192 - - [17/Nov/2021:10:27:12 +0800] "GET /favicon.ico HTTP/1.1" 404 -
222.70.171.86 - - [17/Nov/2021:10:27:15 +0800] "GET /xingrg/all/function/internal_message.html?_=1637116043076&CODE_STATE=getMsg HTTP/1.1" 302 -
180.174.250.202 - - [17/Nov/2021:10:27:16 +0800] "GET /xingrg/kc/buy/cgsh_order_operate.html?command=get_materiel&rest_code=00102&code=00101008350&supplier_code=00100008&order_time=2021-11-17 HTTP/1.1" 200 408
124.78.153.86 - - [17/Nov/2021:10:27:17 +0800] "GET /xingrg/all/function/internal_message.html?_=1637116035582&CODE_STATE=getMsg HTTP/1.1" 200 27
61.151.178.197 - - [17/Nov/2021:10:27:18 +0800] "GET /xingrg/all/function/internal_message.html?_=1637115975540&CODE_STATE=getMsg HTTP/1.1" 302 -
61.151.178.197 - - [17/Nov/2021:10:27:19 +0800] "GET /xingrg/login.html HTTP/1.1" 200 7641
116.227.210.113 - - [17/Nov/2021:10:27:19 +0800] "GET /xingrg/kc/buy/cgsh_order_operate.html?command=get_materiel&rest_code=00155&code=00101006130&supplier_code=00100012&order_time=2021-11-17 HTTP/1.1" 200 427
116.235.93.2 - - [17/Nov/2021:10:27:22 +0800] "GET /xingrg/kc/buy/cgsh_order_operate.html?command=get_materiel&rest_code=00104&code=00101008286&supplier_code=00100005&order_time=2021-11-17 HTTP/1.1" 200 408
180.174.250.202 - - [17/Nov/2021:10:27:23 +0800] "GET /xingrg/kc/buy/cgsh_order_operate.html?command=get_materiel&rest_code=00102&code=00101008223&supplier_code=00100008&order_time=2021-11-17 HTTP/1.1" 200 412
180.157.253.6 - - [17/Nov/2021:10:27:24 +0800] "POST /xingrg/services/DataTransmitService HTTP/1.1" 200 524
180.157.253.6 - - [17/Nov/2021:10:27:24 +0800] "POST /xingrg/services/DataTransmitService HTTP/1.1" 200 2087
180.157.253.6 - - [17/Nov/2021:10:27:26 +0800] "POST /xingrg/services/DataTransmitService HTTP/1.1" 200 157291
180.174.250.202 - - [17/Nov/2021:10:27:30 +0800] "GET /xingrg/all/function/internal_message.html?_=1637116052434&CODE_STATE=getMsg HTTP/1.1" 200 27
116.227.210.113 - - [17/Nov/2021:10:27:32 +0800] "GET /xingrg/kc/buy/cgsh_order_operate.html?command=get_materiel&rest_code=00155&code=00101006112&supplier_code=00100012&order_time=2021-11-17 HTTP/1.1" 200 409
222.70.176.97 - - [17/Nov/2021:10:27:32 +0800] "GET /xingrg/all/function/internal_message.html?_=1637116050247&CODE_STATE=getMsg HTTP/1.1" 200 27
180.174.250.202 - - [17/Nov/2021:10:27:33 +0800] "GET /xingrg/kc/buy/cgsh_order_operate.html?command=get_materiel&rest_code=00102&code=00101008110&supplier_code=00100008&order_time=2021-11-17 HTTP/1.1" 200 408
116.238.248.233 - - [17/Nov/2021:10:27:34 +0800] "GET /xingrg/all/function/internal_message.html?_=1637116053847&CODE_STATE=getMsg HTTP/1.1" 200 27
116.235.93.2 - - [17/Nov/2021:10:27:35 +0800] "GET /xingrg/kc/buy/cgsh_order_operate.html?command=get_materiel&rest_code=00104&code=00101008114&supplier_code=00100005&order_time=2021-11-17 HTTP/1.1" 200 413
222.70.171.86 - - [17/Nov/2021:10:27:38 +0800] "GET /xingrg/all/function/internal_message.html?_=1637116067982&CODE_STATE=getMsg HTTP/1.1" 200 27
116.235.93.2 - - [17/Nov/2021:10:27:41 +0800] "POST /xingrg/kc/buy/cgsh_order_operate.html HTTP/1.1" 200 2065
180.169.147.146 - - [17/Nov/2021:10:27:42 +0800] "GET /xingrg/all/function/internal_message.html?_=1637116062183&CODE_STATE=getMsg HTTP/1.1" 200 27
222.70.171.86 - - [17/Nov/2021:10:27:45 +0800] "POST /xingrg/services/DataTransmitService HTTP/1.1" 200 524
116.235.93.2 - - [17/Nov/2021:10:27:45 +0800] "GET /xingrg/all/function/internal_message.html?_=1637116546214&CODE_STATE=getMsg HTTP/1.1" 200 27
116.227.210.113 - - [17/Nov/2021:10:27:45 +0800] "GET /xingrg/all/function/internal_message.html?_=1637116042862&CODE_STATE=getMsg HTTP/1.1" 200 27
180.174.250.202 - - [17/Nov/2021:10:27:49 +0800] "GET /xingrg/kc/buy/cgsh_order_operate.html?command=get_materiel&rest_code=00102&code=00101008131&supplier_code=00100008&order_time=2021-11-17 HTTP/1.1" 200 408
116.235.93.2 - - [17/Nov/2021:10:27:53 +0800] "GET /xingrg/kc/buy/cgsh_order_operate.html?command=get_materiel&rest_code=00104&code=00101008155&supplier_code=00100005&order_time=2021-11-17 HTTP/1.1" 200 408
124.78.153.86 - - [17/Nov/2021:10:27:55 +0800] "GET /xingrg/kc/buy/cgsh_order_operate.html?command=get_materiel&rest_code=00106&code=00101008286&supplier_code=00100007&order_time=2021-11-17 HTTP/1.1" 200 408
114.85.125.222 - - [17/Nov/2021:10:27:56 +0800] "GET /xingrg/check_reg.html?_=1637116056669 HTTP/1.1" 200 22
58.39.139.200 - - [17/Nov/2021:10:27:57 +0800] "GET /xingrg/all/function/internal_message.html?_=1637116077725&CODE_STATE=getMsg HTTP/1.1" 200 27
222.70.171.86 - - [17/Nov/2021:10:27:57 +0800] "POST /xingrg/services/DataTransmitService HTTP/1.1" 200 501
114.85.125.222 - - [17/Nov/2021:10:27:58 +0800] "GET /xingrg/all/function/internal_message.html?_=1637116058240&CODE_STATE=getMsg HTTP/1.1" 200 27
180.174.250.202 - - [17/Nov/2021:10:28:01 +0800] "GET /xingrg/all/function/internal_message.html?_=1637116076056&CODE_STATE=getMsg HTTP/1.1" 200 27
124.78.153.86 - - [17/Nov/2021:10:28:03 +0800] "GET /xingrg/kc/buy/cgsh_order_operate.html?command=get_materiel&rest_code=00106&code=00101008036&supplier_code=00100007&order_time=2021-11-17 HTTP/1.1" 200 408
58.37.231.44 - - [17/Nov/2021:10:28:08 +0800] "GET /xingrg/all/function/internal_message.html?_=1637115917534&CODE_STATE=getMsg HTTP/1.1" 200 27
124.78.153.86 - - [17/Nov/2021:10:28:08 +0800] "POST /xingrg/services/DataTransmitService HTTP/1.1" 200 524
116.235.93.2 - - [17/Nov/2021:10:28:13 +0800] "GET /xingrg/kc/buy/cgsh_order_operate.html?command=get_materiel&rest_code=00104&code=00101008096&supplier_code=00100005&order_time=2021-11-17 HTTP/1.1" 200 412
222.70.171.86 - - [17/Nov/2021:10:28:15 +0800] "GET /xingrg/all/function/internal_message.html?_=1637116103102&CODE_STATE=getMsg HTTP/1.1" 302 -
124.78.153.86 - - [17/Nov/2021:10:28:17 +0800] "GET /xingrg/all/function/internal_message.html?_=1637116095565&CODE_STATE=getMsg HTTP/1.1" 200 27
124.78.153.86 - - [17/Nov/2021:10:28:21 +0800] "POST /xingrg/kc/buy/cgsh_order_operate.html HTTP/1.1" 200 37
124.78.153.86 - - [17/Nov/2021:10:28:24 +0800] "POST /xingrg/kc/buy/cgsh_order_operate.html HTTP/1.1" 200 10321
116.235.93.2 - - [17/Nov/2021:10:28:25 +0800] "GET /xingrg/kc/buy/cgsh_order_operate.html?command=get_materiel&rest_code=00104&code=00101008168&supplier_code=00100005&order_time=2021-11-17 HTTP/1.1" 200 412
180.174.250.202 - - [17/Nov/2021:10:28:30 +0800] "GET /xingrg/all/function/internal_message.html?_=1637116112438&CODE_STATE=getMsg HTTP/1.1" 200 27
222.70.176.97 - - [17/Nov/2021:10:28:30 +0800] "GET /xingrg/check_reg.html?_=1637116108983 HTTP/1.1" 200 22
222.70.176.97 - - [17/Nov/2021:10:28:32 +0800] "GET /xingrg/all/function/internal_message.html?_=1637116110233&CODE_STATE=getMsg HTTP/1.1" 200 27
116.238.248.233 - - [17/Nov/2021:10:28:34 +0800] "GET /xingrg/all/function/internal_message.html?_=1637116113846&CODE_STATE=getMsg HTTP/1.1" 200 27
116.238.248.233 - - [17/Nov/2021:10:28:34 +0800] "GET /xingrg/check_reg.html?_=1637116113848 HTTP/1.1" 200 22
222.70.171.86 - - [17/Nov/2021:10:28:38 +0800] "GET /xingrg/all/function/internal_message.html?_=1637116128066&CODE_STATE=getMsg HTTP/1.1" 200 27
116.235.93.2 - - [17/Nov/2021:10:28:40 +0800] "GET /xingrg/kc/buy/cgsh_order_operate.html?command=get_materiel&rest_code=00104&code=00101008353&supplier_code=00100005&order_time=2021-11-17 HTTP/1.1" 200 408
180.169.147.146 - - [17/Nov/2021:10:28:42 +0800] "GET /xingrg/all/function/internal_message.html?_=1637116122181&CODE_STATE=getMsg HTTP/1.1" 200 27
116.235.93.2 - - [17/Nov/2021:10:28:45 +0800] "GET /xingrg/all/function/internal_message.html?_=1637116606545&CODE_STATE=getMsg HTTP/1.1" 200 27
116.227.210.113 - - [17/Nov/2021:10:28:45 +0800] "GET /xingrg/all/function/internal_message.html?_=1637116102865&CODE_STATE=getMsg HTTP/1.1" 200 27
116.235.93.2 - - [17/Nov/2021:10:28:51 +0800] "GET /xingrg/kc/buy/cgsh_order_operate.html?command=get_materiel&rest_code=00104&code=00101008323&supplier_code=00100005&order_time=2021-11-17 HTTP/1.1" 200 408
116.235.93.2 - - [17/Nov/2021:10:28:56 +0800] "POST /xingrg/kc/buy/cgsh_order_operate.html HTTP/1.1" 200 2065
116.227.210.113 - - [17/Nov/2021:10:28:56 +0800] "GET /xingrg/kc/buy/cgsh_order_operate.html?command=get_materiel&rest_code=00155&code=00101006124&supplier_code=00100012&order_time=2021-11-17 HTTP/1.1" 200 409
58.39.139.200 - - [17/Nov/2021:10:28:57 +0800] "GET /xingrg/all/function/internal_message.html?_=1637116137722&CODE_STATE=getMsg HTTP/1.1" 200 27
222.70.171.86 - - [17/Nov/2021:10:28:57 +0800] "POST /xingrg/services/DataTransmitService HTTP/1.1" 200 524
114.85.125.222 - - [17/Nov/2021:10:28:57 +0800] "POST /xingrg/services/DataTransmitService HTTP/1.1" 200 524
