58.39.139.200 - - [17/Nov/2021:11:18:57 +0800] "GET /xingrg/all/function/internal_message.html?_=1637119137772&CODE_STATE=getMsg HTTP/1.1" 200 27
114.85.125.222 - - [17/Nov/2021:11:18:59 +0800] "GET /xingrg/all/function/internal_message.html?_=1637119119088&CODE_STATE=getMsg HTTP/1.1" 200 27
222.69.131.38 - - [17/Nov/2021:11:19:04 +0800] "GET /xingrg/all/function/internal_message.html?_=1637119140156&CODE_STATE=getMsg HTTP/1.1" 200 27
222.70.171.86 - - [17/Nov/2021:11:19:04 +0800] "POST /xingrg/kc/buy/cgsh_order_operate.html HTTP/1.1" 200 37
180.169.147.146 - - [17/Nov/2021:11:19:05 +0800] "GET /xingrg/all/function/internal_message.html?_=1637119147242&CODE_STATE=getMsg HTTP/1.1" 200 27
222.70.171.86 - - [17/Nov/2021:11:19:06 +0800] "POST /xingrg/kc/buy/cgsh_order_operate.html HTTP/1.1" 200 5004
180.174.250.202 - - [17/Nov/2021:11:19:06 +0800] "GET /xingrg/all/function/internal_message.html?_=1637119141643&CODE_STATE=getMsg HTTP/1.1" 200 27
58.37.231.44 - - [17/Nov/2021:11:19:06 +0800] "GET /xingrg/all/function/internal_message.html?_=1637118976432&CODE_STATE=getMsg HTTP/1.1" 200 27
58.37.231.44 - - [17/Nov/2021:11:19:08 +0800] "GET /xingrg/check_reg.html?_=1637118978258 HTTP/1.1" 200 22
222.70.171.86 - - [17/Nov/2021:11:19:10 +0800] "GET /xingrg/kc/print/load_data.html?order_code=212021111707065&kc_code=cgsh&condition= HTTP/1.1" 200 1599
124.78.153.86 - - [17/Nov/2021:11:19:10 +0800] "GET /xingrg/all/function/internal_message.html?_=1637119150291&CODE_STATE=getMsg HTTP/1.1" 200 27
222.70.171.86 - - [17/Nov/2021:11:19:15 +0800] "GET /xingrg/all/function/internal_message.html?_=1637119163830&CODE_STATE=getMsg HTTP/1.1" 302 -
180.162.112.229 - - [17/Nov/2021:11:19:16 +0800] "GET /xingrg/all/function/internal_message.html?_=1637118636101&CODE_STATE=getMsg HTTP/1.1" 200 27
222.70.171.86 - - [17/Nov/2021:11:19:18 +0800] "GET /xingrg/check_reg.html?_=1637119167926 HTTP/1.1" 200 22
222.70.171.86 - - [17/Nov/2021:11:19:19 +0800] "GET /xingrg/all/function/internal_message.html?_=1637119168533&CODE_STATE=getMsg HTTP/1.1" 200 27
116.227.210.113 - - [17/Nov/2021:11:19:19 +0800] "GET /xingrg/check_reg.html?_=1637119136188 HTTP/1.1" 200 22
116.227.210.113 - - [17/Nov/2021:11:19:19 +0800] "GET /xingrg/all/function/internal_message.html?_=1637119136190&CODE_STATE=getMsg HTTP/1.1" 200 27
180.174.250.202 - - [17/Nov/2021:11:19:19 +0800] "GET /xingrg/all/function/internal_message.html?_=1637119151328&CODE_STATE=getMsg HTTP/1.1" 200 27
180.169.147.146 - - [17/Nov/2021:11:19:19 +0800] "GET /xingrg/all/function/internal_message.html?_=1637119158777&CODE_STATE=getMsg HTTP/1.1" 200 27
180.169.147.146 - - [17/Nov/2021:11:19:21 +0800] "POST /xingrg/kc/buy/cgsh_list_operate.html HTTP/1.1" 200 5181
222.70.176.97 - - [17/Nov/2021:11:19:31 +0800] "GET /xingrg/all/function/internal_message.html?_=1637119169410&CODE_STATE=getMsg HTTP/1.1" 200 27
116.238.248.233 - - [17/Nov/2021:11:19:34 +0800] "GET /xingrg/all/function/internal_message.html?_=1637119174049&CODE_STATE=getMsg HTTP/1.1" 200 27
180.169.147.146 - - [17/Nov/2021:11:19:42 +0800] "GET /xingrg/all/function/internal_message.html?_=1637119182174&CODE_STATE=getMsg HTTP/1.1" 200 27
180.169.147.146 - - [17/Nov/2021:11:19:42 +0800] "GET /xingrg/check_reg.html?_=1637119182177 HTTP/1.1" 200 22
222.70.171.86 - - [17/Nov/2021:11:19:45 +0800] "GET /xingrg/check_reg.html?_=1637119193310 HTTP/1.1" 302 -
180.169.147.146 - - [17/Nov/2021:11:19:47 +0800] "GET /xingrg/all/function/internal_message.html?_=1637119194244&CODE_STATE=getMsg HTTP/1.1" 302 -
116.235.93.2 - - [17/Nov/2021:11:19:48 +0800] "GET /xingrg/check_reg.html?_=1637119669978 HTTP/1.1" 200 22
116.235.93.2 - - [17/Nov/2021:11:19:50 +0800] "GET /xingrg/all/function/internal_message.html?_=1637119671475&CODE_STATE=getMsg HTTP/1.1" 200 27
124.78.153.86 - - [17/Nov/2021:11:19:50 +0800] "GET /xingrg/all/function/internal_message.html?_=1637119188584&CODE_STATE=getMsg HTTP/1.1" 200 27
58.39.139.200 - - [17/Nov/2021:11:19:57 +0800] "GET /xingrg/all/function/internal_message.html?_=1637119197797&CODE_STATE=getMsg HTTP/1.1" 200 27
114.85.125.222 - - [17/Nov/2021:11:19:59 +0800] "GET /xingrg/all/function/internal_message.html?_=1637119179102&CODE_STATE=getMsg HTTP/1.1" 200 27
180.174.250.202 - - [17/Nov/2021:11:19:59 +0800] "GET /xingrg/check_reg.html?_=1637119194703 HTTP/1.1" 200 22
222.69.131.38 - - [17/Nov/2021:11:20:04 +0800] "GET /xingrg/check_reg.html?_=1637119200152 HTTP/1.1" 200 22
222.69.131.38 - - [17/Nov/2021:11:20:04 +0800] "GET /xingrg/all/function/internal_message.html?_=1637119200154&CODE_STATE=getMsg HTTP/1.1" 200 27
180.169.147.146 - - [17/Nov/2021:11:20:05 +0800] "GET /xingrg/all/function/internal_message.html?_=1637119207244&CODE_STATE=getMsg HTTP/1.1" 200 27
180.174.250.202 - - [17/Nov/2021:11:20:06 +0800] "GET /xingrg/all/function/internal_message.html?_=1637119201644&CODE_STATE=getMsg HTTP/1.1" 200 27
58.37.231.44 - - [17/Nov/2021:11:20:06 +0800] "GET /xingrg/all/function/internal_message.html?_=1637119036414&CODE_STATE=getMsg HTTP/1.1" 200 27
124.78.153.86 - - [17/Nov/2021:11:20:10 +0800] "GET /xingrg/all/function/internal_message.html?_=1637119210291&CODE_STATE=getMsg HTTP/1.1" 200 27
222.70.171.86 - - [17/Nov/2021:11:20:15 +0800] "GET /xingrg/all/function/internal_message.html?_=1637119223854&CODE_STATE=getMsg HTTP/1.1" 302 -
180.162.112.229 - - [17/Nov/2021:11:20:16 +0800] "GET /xingrg/all/function/internal_message.html?_=1637118696101&CODE_STATE=getMsg HTTP/1.1" 200 27
222.70.171.86 - - [17/Nov/2021:11:20:19 +0800] "GET /xingrg/all/function/internal_message.html?_=1637119228546&CODE_STATE=getMsg HTTP/1.1" 200 27
116.227.210.113 - - [17/Nov/2021:11:20:19 +0800] "GET /xingrg/all/function/internal_message.html?_=1637119196182&CODE_STATE=getMsg HTTP/1.1" 200 27
180.174.250.202 - - [17/Nov/2021:11:20:19 +0800] "GET /xingrg/all/function/internal_message.html?_=1637119211317&CODE_STATE=getMsg HTTP/1.1" 200 27
180.169.147.146 - - [17/Nov/2021:11:20:19 +0800] "GET /xingrg/all/function/internal_message.html?_=1637119218771&CODE_STATE=getMsg HTTP/1.1" 200 27
180.169.147.146 - - [17/Nov/2021:11:20:21 +0800] "POST /xingrg/kc/buy/cgsh_list_operate.html HTTP/1.1" 200 4
222.70.176.97 - - [17/Nov/2021:11:20:31 +0800] "GET /xingrg/all/function/internal_message.html?_=1637119229395&CODE_STATE=getMsg HTTP/1.1" 200 27
116.238.248.233 - - [17/Nov/2021:11:20:34 +0800] "GET /xingrg/all/function/internal_message.html?_=1637119234051&CODE_STATE=getMsg HTTP/1.1" 200 27
180.169.147.146 - - [17/Nov/2021:11:20:42 +0800] "GET /xingrg/all/function/internal_message.html?_=1637119242172&CODE_STATE=getMsg HTTP/1.1" 200 27
180.169.147.146 - - [17/Nov/2021:11:20:46 +0800] "POST /xingrg/kc/buy/cgsh_list_operate.html HTTP/1.1" 200 5183
180.169.147.146 - - [17/Nov/2021:11:20:47 +0800] "GET /xingrg/all/function/internal_message.html?_=1637119254226&CODE_STATE=getMsg HTTP/1.1" 302 -
124.78.153.86 - - [17/Nov/2021:11:20:47 +0800] "GET /xingrg/check_reg.html?_=1637119245797 HTTP/1.1" 200 22
180.174.250.202 - - [17/Nov/2021:11:20:49 +0800] "POST /xingrg/kc/buy/cgsh_list_operate.html HTTP/1.1" 200 3347
58.37.231.44 - - [17/Nov/2021:11:20:50 +0800] "GET /xingrg/kc/buy/cgsh_order_add.html HTTP/1.1" 200 64849
116.235.93.2 - - [17/Nov/2021:11:20:50 +0800] "GET /xingrg/all/function/internal_message.html?_=1637119731489&CODE_STATE=getMsg HTTP/1.1" 200 27
124.78.153.86 - - [17/Nov/2021:11:20:50 +0800] "GET /xingrg/all/function/internal_message.html?_=1637119248566&CODE_STATE=getMsg HTTP/1.1" 200 27
58.37.231.44 - - [17/Nov/2021:11:20:50 +0800] "POST /xingrg/kc/buy/cgsh_order_operate.html HTTP/1.1" 200 8245
58.37.231.44 - - [17/Nov/2021:11:20:50 +0800] "GET /xingrg/javascript/easyui/themes/default/validatebox.css HTTP/1.1" 404 1104
172.20.0.100 - - [17/Nov/2021:11:20:53 +0800] "GET /xingrg/check_reg.html?_=1637119246287 HTTP/1.1" 302 -
58.39.139.200 - - [17/Nov/2021:11:20:57 +0800] "GET /xingrg/check_reg.html?_=1637119257798 HTTP/1.1" 200 22
58.39.139.200 - - [17/Nov/2021:11:20:57 +0800] "GET /xingrg/all/function/internal_message.html?_=1637119257795&CODE_STATE=getMsg HTTP/1.1" 200 27
124.78.153.86 - - [17/Nov/2021:11:20:57 +0800] "GET /xingrg/login.html?r=1 HTTP/1.1" 200 7641
124.78.153.86 - - [17/Nov/2021:11:20:58 +0800] "GET /favicon.ico HTTP/1.1" 404 -
114.85.125.222 - - [17/Nov/2021:11:20:59 +0800] "GET /xingrg/all/function/internal_message.html?_=1637119239135&CODE_STATE=getMsg HTTP/1.1" 200 27
124.78.153.86 - - [17/Nov/2021:11:21:00 +0800] "POST /xingrg/login.do HTTP/1.1" 302 -
124.78.153.86 - - [17/Nov/2021:11:21:00 +0800] "GET /xingrg/index.html?sysBaseUrl=http%3A%2F%2F180.169.147.146%3A18081%2Fxingrg%2F&costTime=1109×tamp=1637119260780 HTTP/1.1" 200 17173
124.78.153.86 - - [17/Nov/2021:11:21:01 +0800] "GET /favicon.ico HTTP/1.1" 404 -
124.78.153.86 - - [17/Nov/2021:11:21:01 +0800] "GET /xingrg/check_reg.html?_=1637119261351 HTTP/1.1" 200 22
124.78.153.86 - - [17/Nov/2021:11:21:01 +0800] "GET /xingrg/all/function/internal_message.html?_=1637119261350&CODE_STATE=count HTTP/1.1" 200 11
124.78.153.86 - - [17/Nov/2021:11:21:01 +0800] "POST /xingrg/all/common/load_tree.html?tree=area_rest_tree_json&manage=1 HTTP/1.1" 200 342
124.78.153.86 - - [17/Nov/2021:11:21:01 +0800] "POST /xingrg/load_menu.html HTTP/1.1" 200 5138
124.78.153.86 - - [17/Nov/2021:11:21:03 +0800] "GET /xingrg/kc/base/base_main.html HTTP/1.1" 200 12142
222.69.131.38 - - [17/Nov/2021:11:21:04 +0800] "GET /xingrg/all/function/internal_message.html?_=1637119260162&CODE_STATE=getMsg HTTP/1.1" 200 27
124.78.153.86 - - [17/Nov/2021:11:21:04 +0800] "GET /xingrg/kc/base/wldb_order_list.html HTTP/1.1" 200 19224
180.169.147.146 - - [17/Nov/2021:11:21:05 +0800] "GET /xingrg/all/function/internal_message.html?_=1637119267250&CODE_STATE=getMsg HTTP/1.1" 200 27
124.78.153.86 - - [17/Nov/2021:11:21:05 +0800] "POST /xingrg/kc/base/wldb_list_operate.html HTTP/1.1" 200 1773
180.174.250.202 - - [17/Nov/2021:11:21:06 +0800] "GET /xingrg/all/function/internal_message.html?_=1637119261659&CODE_STATE=getMsg HTTP/1.1" 200 27
58.37.231.44 - - [17/Nov/2021:11:21:06 +0800] "GET /xingrg/all/function/internal_message.html?_=1637119096388&CODE_STATE=getMsg HTTP/1.1" 200 27
58.37.231.44 - - [17/Nov/2021:11:21:07 +0800] "GET /xingrg/kc/buy/cgsh_order_operate.html?command=get_materiel&rest_code=00141&code=00101009050&supplier_code=00100022&order_time=2021-11-17 HTTP/1.1" 200 408
124.78.153.86 - - [17/Nov/2021:11:21:08 +0800] "GET /xingrg/kc/base/wldb_order_add.html HTTP/1.1" 200 30438
124.78.153.86 - - [17/Nov/2021:11:21:09 +0800] "POST /xingrg/kc/base/wldb_order_operate.html HTTP/1.1" 200 6806
124.78.153.86 - - [17/Nov/2021:11:21:09 +0800] "GET /xingrg/all/common/auto_word.html?type=base&rest_code=00106 HTTP/1.1" 200 1799
124.78.153.86 - - [17/Nov/2021:11:21:09 +0800] "GET /xingrg/javascript/easyui/themes/default/validatebox.css HTTP/1.1" 404 1104
124.78.153.86 - - [17/Nov/2021:11:21:09 +0800] "GET /xingrg/all/common/auto_word.html?type=base&rest_code=00106 HTTP/1.1" 200 1799
124.78.153.86 - - [17/Nov/2021:11:21:10 +0800] "POST /xingrg/all/common/load_combo.html?type=base HTTP/1.1" 200 3227
222.70.171.86 - - [17/Nov/2021:11:21:15 +0800] "GET /xingrg/all/function/internal_message.html?_=1637119283857&CODE_STATE=getMsg HTTP/1.1" 302 -
124.78.153.86 - - [17/Nov/2021:11:21:16 +0800] "POST /xingrg/all/common/load_combo.html?type=base HTTP/1.1" 200 3227
180.162.112.229 - - [17/Nov/2021:11:21:16 +0800] "GET /xingrg/check_reg.html?_=1637118756104 HTTP/1.1" 200 22
180.162.112.229 - - [17/Nov/2021:11:21:16 +0800] "GET /xingrg/all/function/internal_message.html?_=1637118756101&CODE_STATE=getMsg HTTP/1.1" 200 27
222.70.171.86 - - [17/Nov/2021:11:21:19 +0800] "GET /xingrg/all/function/internal_message.html?_=1637119288559&CODE_STATE=getMsg HTTP/1.1" 200 27
116.227.210.113 - - [17/Nov/2021:11:21:19 +0800] "GET /xingrg/all/function/internal_message.html?_=1637119256196&CODE_STATE=getMsg HTTP/1.1" 200 27
180.169.147.146 - - [17/Nov/2021:11:21:19 +0800] "GET /xingrg/all/function/internal_message.html?_=1637119278783&CODE_STATE=getMsg HTTP/1.1" 200 27
58.37.231.44 - - [17/Nov/2021:11:21:24 +0800] "GET /xingrg/kc/buy/cgsh_order_operate.html?command=get_materiel&rest_code=00141&code=00101009062&supplier_code=00100022&order_time=2021-11-17 HTTP/1.1" 200 412
124.78.153.86 - - [17/Nov/2021:11:21:29 +0800] "GET /xingrg/javascript/auto/indicator.gif HTTP/1.1" 404 1066
222.70.176.97 - - [17/Nov/2021:11:21:31 +0800] "GET /xingrg/all/function/internal_message.html?_=1637119289391&CODE_STATE=getMsg HTTP/1.1" 200 27
58.37.231.44 - - [17/Nov/2021:11:21:33 +0800] "GET /xingrg/kc/buy/cgsh_order_operate.html?command=get_materiel&rest_code=00141&code=00101009124&supplier_code=00100022&order_time=2021-11-17 HTTP/1.1" 200 402
116.238.248.233 - - [17/Nov/2021:11:21:34 +0800] "GET /xingrg/all/function/internal_message.html?_=1637119294049&CODE_STATE=getMsg HTTP/1.1" 200 27
124.78.153.86 - - [17/Nov/2021:11:21:39 +0800] "GET /xingrg/kc/base/wldb_order_operate.html?command=get_materiel&rest_code=00106&base_code=0010396&code=00101019430 HTTP/1.1" 200 463
180.169.147.146 - - [17/Nov/2021:11:21:42 +0800] "GET /xingrg/all/function/internal_message.html?_=1637119302169&CODE_STATE=getMsg HTTP/1.1" 200 27
180.169.147.146 - - [17/Nov/2021:11:21:47 +0800] "GET /xingrg/all/function/internal_message.html?_=1637119314224&CODE_STATE=getMsg HTTP/1.1" 302 -
101.89.239.245 - - [17/Nov/2021:11:21:47 +0800] "GET /xingrg/check_reg.html?_=1637119245797 HTTP/1.1" 302 -
180.169.147.146 - - [17/Nov/2021:11:21:47 +0800] "GET /xingrg/check_reg.html?_=1637119314443 HTTP/1.1" 302 -
101.89.239.245 - - [17/Nov/2021:11:21:47 +0800] "GET /xingrg/login.html HTTP/1.1" 200 7641
124.78.153.86 - - [17/Nov/2021:11:21:48 +0800] "POST /xingrg/kc/base/wldb_order_operate.html HTTP/1.1" 200 37
124.78.153.86 - - [17/Nov/2021:11:21:49 +0800] "POST /xingrg/kc/base/wldb_order_operate.html HTTP/1.1" 200 2219
124.78.153.86 - - [17/Nov/2021:11:21:50 +0800] "GET /xingrg/kc/base/wldb_order_info.html?code=422021111701846 HTTP/1.1" 200 30451
116.235.93.2 - - [17/Nov/2021:11:21:50 +0800] "GET /xingrg/all/function/internal_message.html?_=1637119791502&CODE_STATE=getMsg HTTP/1.1" 200 27
124.78.153.86 - - [17/Nov/2021:11:21:50 +0800] "GET /xingrg/all/function/internal_message.html?_=1637119308543&CODE_STATE=getMsg HTTP/1.1" 200 27
124.78.153.86 - - [17/Nov/2021:11:21:50 +0800] "GET /xingrg/javascript/easyui/themes/default/validatebox.css HTTP/1.1" 404 1104
124.78.153.86 - - [17/Nov/2021:11:21:51 +0800] "POST /xingrg/kc/base/wldb_order_operate.html HTTP/1.1" 200 2219
124.78.153.86 - - [17/Nov/2021:11:21:53 +0800] "GET /xingrg/kc/base/base_main.html HTTP/1.1" 200 12142
58.39.139.200 - - [17/Nov/2021:11:21:57 +0800] "GET /xingrg/all/function/internal_message.html?_=1637119317796&CODE_STATE=getMsg HTTP/1.1" 200 27
114.85.125.222 - - [17/Nov/2021:11:21:59 +0800] "GET /xingrg/all/function/internal_message.html?_=1637119299145&CODE_STATE=getMsg HTTP/1.1" 200 27
124.78.153.86 - - [17/Nov/2021:11:22:01 +0800] "GET /xingrg/all/function/internal_message.html?_=1637119321368&CODE_STATE=getMsg HTTP/1.1" 200 27
222.70.171.86 - - [17/Nov/2021:11:22:02 +0800] "GET /xingrg/kc/buy/cgsh_order_add.html HTTP/1.1" 200 64808
222.70.171.86 - - [17/Nov/2021:11:22:02 +0800] "POST /xingrg/kc/buy/cgsh_order_operate.html HTTP/1.1" 200 8245
222.70.171.86 - - [17/Nov/2021:11:22:03 +0800] "GET /xingrg/javascript/easyui/themes/default/validatebox.css HTTP/1.1" 404 1104
222.69.131.38 - - [17/Nov/2021:11:22:04 +0800] "GET /xingrg/all/function/internal_message.html?_=1637119320162&CODE_STATE=getMsg HTTP/1.1" 200 27
180.169.147.146 - - [17/Nov/2021:11:22:05 +0800] "GET /xingrg/all/function/internal_message.html?_=1637119327252&CODE_STATE=getMsg HTTP/1.1" 200 27
58.37.231.44 - - [17/Nov/2021:11:22:06 +0800] "GET /xingrg/all/function/internal_message.html?_=1637119156363&CODE_STATE=getMsg HTTP/1.1" 200 27
180.174.250.202 - - [17/Nov/2021:11:22:07 +0800] "GET /xingrg/all/function/internal_message.html?_=1637119321968&CODE_STATE=getMsg HTTP/1.1" 200 27
180.169.147.146 - - [17/Nov/2021:11:22:11 +0800] "POST /xingrg/kc/buy/cgsh_list_operate.html HTTP/1.1" 200 4
222.70.171.86 - - [17/Nov/2021:11:22:15 +0800] "GET /xingrg/all/function/internal_message.html?_=1637119343882&CODE_STATE=getMsg HTTP/1.1" 302 -
116.238.248.233 - - [17/Nov/2021:11:22:16 +0800] "GET /favicon.ico HTTP/1.1" 404 -
180.162.112.229 - - [17/Nov/2021:11:22:16 +0800] "GET /xingrg/all/function/internal_message.html?_=1637118816103&CODE_STATE=getMsg HTTP/1.1" 200 27
124.78.153.86 - - [17/Nov/2021:11:22:17 +0800] "GET /xingrg/javascript/jquery_easy_ui/themes/icons/rest.png HTTP/1.1" 304 -
124.78.153.86 - - [17/Nov/2021:11:22:17 +0800] "GET /xingrg/javascript/jquery_easy_ui/themes/icons/area.png HTTP/1.1" 304 -
222.70.171.86 - - [17/Nov/2021:11:22:19 +0800] "GET /xingrg/all/function/internal_message.html?_=1637119348574&CODE_STATE=getMsg HTTP/1.1" 200 27
116.227.210.113 - - [17/Nov/2021:11:22:19 +0800] "GET /xingrg/all/function/internal_message.html?_=1637119316198&CODE_STATE=getMsg HTTP/1.1" 200 27
180.169.147.146 - - [17/Nov/2021:11:22:19 +0800] "GET /xingrg/check_reg.html?_=1637119338779 HTTP/1.1" 200 22
180.169.147.146 - - [17/Nov/2021:11:22:19 +0800] "GET /xingrg/all/function/internal_message.html?_=1637119338784&CODE_STATE=getMsg HTTP/1.1" 200 27
180.169.147.146 - - [17/Nov/2021:11:22:25 +0800] "POST /xingrg/kc/buy/cgsh_list_operate.html HTTP/1.1" 200 4631
180.169.147.146 - - [17/Nov/2021:11:22:30 +0800] "GET /xingrg/check_reg.html?_=1637119351420 HTTP/1.1" 200 22
222.70.176.97 - - [17/Nov/2021:11:22:31 +0800] "GET /xingrg/all/function/internal_message.html?_=1637119349373&CODE_STATE=getMsg HTTP/1.1" 200 27
222.69.131.38 - - [17/Nov/2021:11:22:32 +0800] "GET /xingrg/kc/mdqp/qqps_order_list.html HTTP/1.1" 200 8966
222.69.131.38 - - [17/Nov/2021:11:22:32 +0800] "GET /xingrg/dwr/interface/AjaxQqpsService.js HTTP/1.1" 200 16326
222.69.131.38 - - [17/Nov/2021:11:22:32 +0800] "GET /xingrg/dwr/interface/AjaxReportQueryService.js HTTP/1.1" 200 13203
222.69.131.38 - - [17/Nov/2021:11:22:32 +0800] "GET /xingrg/dwr/engine.js HTTP/1.1" 200 43631
222.70.171.86 - - [17/Nov/2021:11:22:33 +0800] "GET /xingrg/kc/buy/cgsh_order_operate.html?command=get_materiel&rest_code=00146&code=00101001069&supplier_code=00100041&order_time=2021-11-17 HTTP/1.1" 200 411
116.238.248.233 - - [17/Nov/2021:11:22:34 +0800] "GET /xingrg/all/function/internal_message.html?_=1637119354048&CODE_STATE=getMsg HTTP/1.1" 200 27
180.169.147.146 - - [17/Nov/2021:11:22:42 +0800] "GET /xingrg/all/function/internal_message.html?_=1637119362170&CODE_STATE=getMsg HTTP/1.1" 200 27
180.169.147.146 - - [17/Nov/2021:11:22:47 +0800] "GET /xingrg/all/function/internal_message.html?_=1637119374203&CODE_STATE=getMsg HTTP/1.1" 302 -
61.151.178.165 - - [17/Nov/2021:11:22:50 +0800] "GET /xingrg/all/function/internal_message.html?_=1637119308543&CODE_STATE=getMsg HTTP/1.1" 302 -
61.151.178.165 - - [17/Nov/2021:11:22:50 +0800] "GET /xingrg/login.html HTTP/1.1" 200 7641
124.78.153.86 - - [17/Nov/2021:11:22:50 +0800] "GET /xingrg/all/function/internal_message.html?_=1637119368521&CODE_STATE=getMsg HTTP/1.1" 200 27
116.235.93.2 - - [17/Nov/2021:11:22:50 +0800] "GET /xingrg/all/function/internal_message.html?_=1637119851655&CODE_STATE=getMsg HTTP/1.1" 200 27
222.70.171.86 - - [17/Nov/2021:11:22:53 +0800] "GET /xingrg/kc/buy/cgsh_order_operate.html?command=get_materiel&rest_code=00146&code=00101004067&supplier_code=00100041&order_time=2021-11-17 HTTP/1.1" 200 413
58.39.139.200 - - [17/Nov/2021:11:22:57 +0800] "GET /xingrg/all/function/internal_message.html?_=1637119377796&CODE_STATE=getMsg HTTP/1.1" 200 27
114.85.125.222 - - [17/Nov/2021:11:22:57 +0800] "GET /xingrg/check_reg.html?_=1637119356929 HTTP/1.1" 200 22
114.85.125.222 - - [17/Nov/2021:11:22:59 +0800] "GET /xingrg/all/function/internal_message.html?_=1637119359158&CODE_STATE=getMsg HTTP/1.1" 200 27
222.69.131.38 - - [17/Nov/2021:11:23:04 +0800] "GET /xingrg/all/function/internal_message.html?_=1637119380175&CODE_STATE=getMsg HTTP/1.1" 200 27
180.169.147.146 - - [17/Nov/2021:11:23:05 +0800] "GET /xingrg/check_reg.html?_=1637119387238 HTTP/1.1" 200 22
180.169.147.146 - - [17/Nov/2021:11:23:05 +0800] "GET /xingrg/all/function/internal_message.html?_=1637119387240&CODE_STATE=getMsg HTTP/1.1" 200 27
58.37.231.44 - - [17/Nov/2021:11:23:06 +0800] "GET /xingrg/all/function/internal_message.html?_=1637119216336&CODE_STATE=getMsg HTTP/1.1" 200 27
180.174.250.202 - - [17/Nov/2021:11:23:07 +0800] "GET /xingrg/all/function/internal_message.html?_=1637119381982&CODE_STATE=getMsg HTTP/1.1" 200 27
222.70.171.86 - - [17/Nov/2021:11:23:10 +0800] "GET /xingrg/kc/buy/cgsh_order_operate.html?command=get_materiel&rest_code=00146&code=00101004071&supplier_code=00100041&order_time=2021-11-17 HTTP/1.1" 200 409
120.253.135.82 - - [17/Nov/2021:11:23:15 +0800] "GET /xingrg/check_reg.html?_=1637119151869 HTTP/1.1" 200 22
222.70.171.86 - - [17/Nov/2021:11:23:15 +0800] "GET /xingrg/all/function/internal_message.html?_=1637119403885&CODE_STATE=getMsg HTTP/1.1" 302 -
180.162.112.229 - - [17/Nov/2021:11:23:16 +0800] "GET /xingrg/all/function/internal_message.html?_=1637118876102&CODE_STATE=getMsg HTTP/1.1" 200 27
116.227.210.113 - - [17/Nov/2021:11:23:19 +0800] "GET /xingrg/all/function/internal_message.html?_=1637119376198&CODE_STATE=getMsg HTTP/1.1" 200 27
222.70.171.86 - - [17/Nov/2021:11:23:19 +0800] "GET /xingrg/all/function/internal_message.html?_=1637119408587&CODE_STATE=getMsg HTTP/1.1" 200 27
180.169.147.146 - - [17/Nov/2021:11:23:19 +0800] "GET /xingrg/all/function/internal_message.html?_=1637119398776&CODE_STATE=getMsg HTTP/1.1" 200 27
222.70.171.86 - - [17/Nov/2021:11:23:21 +0800] "POST /xingrg/kc/buy/cgsh_order_operate.html HTTP/1.1" 200 37
222.70.171.86 - - [17/Nov/2021:11:23:23 +0800] "POST /xingrg/kc/buy/cgsh_order_operate.html HTTP/1.1" 200 3841
120.253.135.82 - - [17/Nov/2021:11:23:24 +0800] "GET /xingrg/javascript/jquery_easy_ui/themes/icons/area.png HTTP/1.1" 200 262
120.253.135.82 - - [17/Nov/2021:11:23:24 +0800] "GET /xingrg/javascript/jquery_easy_ui/themes/icons/manage.png HTTP/1.1" 200 696
222.70.171.86 - - [17/Nov/2021:11:23:26 +0800] "GET /xingrg/kc/print/load_data.html?order_code=212021111707066&kc_code=cgsh&condition= HTTP/1.1" 200 1137
180.169.147.146 - - [17/Nov/2021:11:23:27 +0800] "POST /xingrg/kc/buy/cgsh_list_operate.html HTTP/1.1" 200 4
120.253.135.82 - - [17/Nov/2021:11:23:28 +0800] "GET /xingrg/javascript/jquery_easy_ui/themes/default/images/tabs_active.png HTTP/1.1" 200 2894
180.169.147.146 - - [17/Nov/2021:11:23:29 +0800] "POST /xingrg/kc/buy/cgsh_list_operate.html HTTP/1.1" 200 876
222.70.176.97 - - [17/Nov/2021:11:23:30 +0800] "GET /xingrg/check_reg.html?_=1637119409020 HTTP/1.1" 200 22
222.70.176.97 - - [17/Nov/2021:11:23:31 +0800] "GET /xingrg/all/function/internal_message.html?_=1637119409350&CODE_STATE=getMsg HTTP/1.1" 200 27
120.253.135.82 - - [17/Nov/2021:11:23:32 +0800] "GET /xingrg/kc/buy/cgsh_order_list.html HTTP/1.1" 200 49067
120.253.135.82 - - [17/Nov/2021:11:23:34 +0800] "POST /xingrg/kc/buy/cgsh_list_operate.html HTTP/1.1" 200 876
116.238.248.233 - - [17/Nov/2021:11:23:34 +0800] "GET /xingrg/all/function/internal_message.html?_=1637119414047&CODE_STATE=getMsg HTTP/1.1" 200 27
116.238.248.233 - - [17/Nov/2021:11:23:34 +0800] "GET /xingrg/check_reg.html?_=1637119414064 HTTP/1.1" 200 22
222.69.131.38 - - [17/Nov/2021:11:23:36 +0800] "GET /xingrg/kc/mdqp/qqps_order_list.html?isQuery=1&timeSelect=1&orderTime=day&startTime=2021-11-03&endTime=2021-11-17&state=all&query=%C8%B7++%B6%A8 HTTP/1.1" 200 15547
222.69.131.38 - - [17/Nov/2021:11:23:36 +0800] "GET /xingrg/dwr/interface/AjaxQqpsService.js HTTP/1.1" 200 16326
222.69.131.38 - - [17/Nov/2021:11:23:36 +0800] "GET /xingrg/dwr/interface/AjaxReportQueryService.js HTTP/1.1" 200 13203
222.69.131.38 - - [17/Nov/2021:11:23:36 +0800] "GET /xingrg/dwr/engine.js HTTP/1.1" 200 43631
120.253.135.82 - - [17/Nov/2021:11:23:37 +0800] "GET /xingrg/kc/buy/cgsh_order_add.html HTTP/1.1" 200 63866
120.253.135.82 - - [17/Nov/2021:11:23:37 +0800] "GET /xingrg/javascript/easyui/themes/icons/template_new.png HTTP/1.1" 200 3956
120.253.135.82 - - [17/Nov/2021:11:23:37 +0800] "POST /xingrg/kc/buy/cgsh_order_operate.html HTTP/1.1" 200 8245
120.253.135.82 - - [17/Nov/2021:11:23:37 +0800] "GET /xingrg/all/common/auto_word.html?type=employee&rest_code=00101 HTTP/1.1" 200 1173
120.253.135.82 - - [17/Nov/2021:11:23:37 +0800] "GET /xingrg/all/common/auto_word.html?type=employee&rest_code=00101 HTTP/1.1" 200 1173
120.253.135.82 - - [17/Nov/2021:11:23:37 +0800] "GET /xingrg/javascript/easyui/themes/default/validatebox.css HTTP/1.1" 404 1104
222.69.131.38 - - [17/Nov/2021:11:23:41 +0800] "GET /xingrg/kc/mdqp/qqps_order_list.html?isQuery=1&timeSelect=1&orderTime=day&startTime=2021-11-03&endTime=2021-11-17&state=all&query=?%20%20??&page_num=2 HTTP/1.1" 200 13506
222.69.131.38 - - [17/Nov/2021:11:23:41 +0800] "GET /xingrg/dwr/interface/AjaxQqpsService.js HTTP/1.1" 200 16326
222.69.131.38 - - [17/Nov/2021:11:23:41 +0800] "GET /xingrg/dwr/interface/AjaxReportQueryService.js HTTP/1.1" 200 13203
222.69.131.38 - - [17/Nov/2021:11:23:41 +0800] "GET /xingrg/dwr/engine.js HTTP/1.1" 200 43631
222.70.171.86 - - [17/Nov/2021:11:23:41 +0800] "GET /xingrg/kc/buy/cgsh_order_add.html HTTP/1.1" 200 64808
222.70.171.86 - - [17/Nov/2021:11:23:42 +0800] "POST /xingrg/kc/buy/cgsh_order_operate.html HTTP/1.1" 200 8245
222.70.171.86 - - [17/Nov/2021:11:23:42 +0800] "GET /xingrg/javascript/easyui/themes/default/validatebox.css HTTP/1.1" 404 1104
180.169.147.146 - - [17/Nov/2021:11:23:42 +0800] "GET /xingrg/all/function/internal_message.html?_=1637119422167&CODE_STATE=getMsg HTTP/1.1" 200 27
222.69.131.38 - - [17/Nov/2021:11:23:44 +0800] "GET /xingrg/kc/mdqp/qqps_order_list.html?isQuery=1&timeSelect=1&orderTime=day&startTime=2021-11-03&endTime=2021-11-17&state=all&query=?%20%20??&page_num=1 HTTP/1.1" 200 15547
222.69.131.38 - - [17/Nov/2021:11:23:44 +0800] "GET /xingrg/dwr/interface/AjaxReportQueryService.js HTTP/1.1" 200 13203
222.69.131.38 - - [17/Nov/2021:11:23:44 +0800] "GET /xingrg/dwr/interface/AjaxQqpsService.js HTTP/1.1" 200 16326
222.69.131.38 - - [17/Nov/2021:11:23:44 +0800] "GET /xingrg/dwr/engine.js HTTP/1.1" 200 43631
222.70.181.70 - - [17/Nov/2021:11:23:44 +0800] "POST /xingrg/services/DataTransmitService HTTP/1.1" 200 524
222.69.131.38 - - [17/Nov/2021:11:23:46 +0800] "GET /xingrg/kc/mdqp/qqps_order_list.html?isQuery=1&timeSelect=1&orderTime=day&startTime=2021-11-03&endTime=2021-11-17&state=all&query=?%20%20??&page_num=2 HTTP/1.1" 200 13506
222.69.131.38 - - [17/Nov/2021:11:23:46 +0800] "GET /xingrg/dwr/interface/AjaxReportQueryService.js HTTP/1.1" 200 13203
222.69.131.38 - - [17/Nov/2021:11:23:46 +0800] "GET /xingrg/dwr/interface/AjaxQqpsService.js HTTP/1.1" 200 16326
222.69.131.38 - - [17/Nov/2021:11:23:46 +0800] "GET /xingrg/dwr/engine.js HTTP/1.1" 200 43631
180.169.147.146 - - [17/Nov/2021:11:23:47 +0800] "GET /xingrg/all/function/internal_message.html?_=1637119434171&CODE_STATE=getMsg HTTP/1.1" 302 -
101.91.60.88 - - [17/Nov/2021:11:23:49 +0800] "GET /xingrg/all/function/internal_message.html?_=1637119368521&CODE_STATE=getMsg HTTP/1.1" 302 -
124.78.153.86 - - [17/Nov/2021:11:23:50 +0800] "GET /xingrg/all/function/internal_message.html?_=1637119428502&CODE_STATE=getMsg HTTP/1.1" 200 27
116.235.93.2 - - [17/Nov/2021:11:23:50 +0800] "GET /xingrg/all/function/internal_message.html?_=1637119911655&CODE_STATE=getMsg HTTP/1.1" 200 27
101.91.60.88 - - [17/Nov/2021:11:23:51 +0800] "GET /xingrg/login.html HTTP/1.1" 200 7641
222.69.131.38 - - [17/Nov/2021:11:23:52 +0800] "GET /xingrg/kc/mdqp/qqps_order_list.html?isQuery=1&timeSelect=1&orderTime=day&startTime=2021-11-01&endTime=2021-11-17&state=all&query=%C8%B7++%B6%A8 HTTP/1.1" 200 15575
222.69.131.38 - - [17/Nov/2021:11:23:52 +0800] "GET /xingrg/dwr/interface/AjaxReportQueryService.js HTTP/1.1" 200 13203
222.69.131.38 - - [17/Nov/2021:11:23:52 +0800] "GET /xingrg/dwr/interface/AjaxQqpsService.js HTTP/1.1" 200 16326
222.69.131.38 - - [17/Nov/2021:11:23:52 +0800] "GET /xingrg/dwr/engine.js HTTP/1.1" 200 43631
222.69.131.38 - - [17/Nov/2021:11:23:54 +0800] "GET /xingrg/kc/mdqp/qqps_order_list.html?isQuery=1&timeSelect=1&orderTime=day&startTime=2021-11-01&endTime=2021-11-17&state=all&query=?%20%20??&page_num=3 HTTP/1.1" 200 10670
222.69.131.38 - - [17/Nov/2021:11:23:54 +0800] "GET /xingrg/dwr/interface/AjaxQqpsService.js HTTP/1.1" 200 16326
222.69.131.38 - - [17/Nov/2021:11:23:54 +0800] "GET /xingrg/dwr/interface/AjaxReportQueryService.js HTTP/1.1" 200 13203
222.69.131.38 - - [17/Nov/2021:11:23:54 +0800] "GET /xingrg/dwr/engine.js HTTP/1.1" 200 43631
58.39.139.200 - - [17/Nov/2021:11:23:57 +0800] "GET /xingrg/all/function/internal_message.html?_=1637119437796&CODE_STATE=getMsg HTTP/1.1" 200 27
222.69.131.38 - - [17/Nov/2021:11:23:57 +0800] "GET /xingrg/kc/mdqp/qqps_order_list.html?isQuery=1&timeSelect=1&orderTime=day&startTime=2021-11-01&endTime=2021-11-17&state=all&query=?%20%20??&page_num=2 HTTP/1.1" 200 15865
222.69.131.38 - - [17/Nov/2021:11:23:57 +0800] "GET /xingrg/dwr/interface/AjaxReportQueryService.js HTTP/1.1" 200 13203
222.69.131.38 - - [17/Nov/2021:11:23:57 +0800] "GET /xingrg/dwr/interface/AjaxQqpsService.js HTTP/1.1" 200 16326
222.69.131.38 - - [17/Nov/2021:11:23:57 +0800] "GET /xingrg/dwr/engine.js HTTP/1.1" 200 43631
222.70.171.86 - - [17/Nov/2021:11:23:57 +0800] "GET /xingrg/kc/buy/cgsh_order_operate.html?command=get_materiel&rest_code=00146&code=00101007081&supplier_code=00100002&order_time=2021-11-17 HTTP/1.1" 200 413
114.85.125.222 - - [17/Nov/2021:11:23:59 +0800] "GET /xingrg/all/function/internal_message.html?_=1637119419172&CODE_STATE=getMsg HTTP/1.1" 200 27
222.69.131.38 - - [17/Nov/2021:11:24:01 +0800] "GET /xingrg/kc/mdqp/qqps_order_info.html?code=302021110200067 HTTP/1.1" 200 26454
222.69.131.38 - - [17/Nov/2021:11:24:01 +0800] "GET /xingrg/dwr/interface/AjaxComOrderService.js HTTP/1.1" 200 18264
222.69.131.38 - - [17/Nov/2021:11:24:01 +0800] "GET /xingrg/dwr/interface/AjaxQqpsService.js HTTP/1.1" 200 16326
222.69.131.38 - - [17/Nov/2021:11:24:01 +0800] "GET /xingrg/dwr/engine.js HTTP/1.1" 200 43631
222.69.131.38 - - [17/Nov/2021:11:24:02 +0800] "POST /xingrg/dwr/call/plaincall/AjaxQqpsService.loadMaterielItems.dwr HTTP/1.1" 200 356
222.69.131.38 - - [17/Nov/2021:11:24:04 +0800] "GET /xingrg/all/function/internal_message.html?_=1637119440180&CODE_STATE=getMsg HTTP/1.1" 200 27
180.169.147.146 - - [17/Nov/2021:11:24:05 +0800] "GET /xingrg/all/function/internal_message.html?_=1637119447240&CODE_STATE=getMsg HTTP/1.1" 200 27
58.37.231.44 - - [17/Nov/2021:11:24:06 +0800] "GET /xingrg/all/function/internal_message.html?_=1637119276318&CODE_STATE=getMsg HTTP/1.1" 200 27
180.174.250.202 - - [17/Nov/2021:11:24:07 +0800] "GET /xingrg/all/function/internal_message.html?_=1637119442290&CODE_STATE=getMsg HTTP/1.1" 200 27
58.37.231.44 - - [17/Nov/2021:11:24:08 +0800] "GET /xingrg/check_reg.html?_=1637119278271 HTTP/1.1" 200 22
222.70.171.86 - - [17/Nov/2021:11:24:11 +0800] "GET /xingrg/kc/buy/cgsh_order_operate.html?command=get_materiel&rest_code=00146&code=00101007061&supplier_code=00100002&order_time=2021-11-17 HTTP/1.1" 200 411
222.70.171.86 - - [17/Nov/2021:11:24:15 +0800] "GET /xingrg/all/function/internal_message.html?_=1637119463910&CODE_STATE=getMsg HTTP/1.1" 302 -
180.162.112.229 - - [17/Nov/2021:11:24:16 +0800] "GET /xingrg/all/function/internal_message.html?_=1637118936103&CODE_STATE=getMsg HTTP/1.1" 200 27
222.70.171.86 - - [17/Nov/2021:11:24:18 +0800] "GET /xingrg/check_reg.html?_=1637119467932 HTTP/1.1" 200 22
116.227.210.113 - - [17/Nov/2021:11:24:19 +0800] "GET /xingrg/check_reg.html?_=1637119436193 HTTP/1.1" 200 22
116.227.210.113 - - [17/Nov/2021:11:24:19 +0800] "GET /xingrg/all/function/internal_message.html?_=1637119436194&CODE_STATE=getMsg HTTP/1.1" 200 27
222.70.171.86 - - [17/Nov/2021:11:24:19 +0800] "GET /xingrg/all/function/internal_message.html?_=1637119468600&CODE_STATE=getMsg HTTP/1.1" 200 27
180.169.147.146 - - [17/Nov/2021:11:24:19 +0800] "GET /xingrg/all/function/internal_message.html?_=1637119458773&CODE_STATE=getMsg HTTP/1.1" 200 27
222.69.131.38 - - [17/Nov/2021:11:24:27 +0800] "GET /xingrg/kc/mdqp/pssh_order_list.html HTTP/1.1" 200 17945
222.69.131.38 - - [17/Nov/2021:11:24:27 +0800] "POST /xingrg/kc/mdqp/pssh_list_operate.html HTTP/1.1" 200 5290
222.69.131.38 - - [17/Nov/2021:11:24:28 +0800] "GET /xingrg/javascript/jquery_tools/images/next.gif HTTP/1.1" 404 1086
222.69.131.38 - - [17/Nov/2021:11:24:28 +0800] "GET /xingrg/javascript/jquery_tools/images/prev.gif HTTP/1.1" 404 1086
222.70.171.86 - - [17/Nov/2021:11:24:30 +0800] "GET /xingrg/kc/buy/cgsh_order_operate.html?command=get_materiel&rest_code=00146&code=00101007049&supplier_code=00100002&order_time=2021-11-17 HTTP/1.1" 200 409
222.70.176.97 - - [17/Nov/2021:11:24:31 +0800] "GET /xingrg/all/function/internal_message.html?_=1637119469334&CODE_STATE=getMsg HTTP/1.1" 200 27
116.238.248.233 - - [17/Nov/2021:11:24:34 +0800] "GET /xingrg/all/function/internal_message.html?_=1637119474063&CODE_STATE=getMsg HTTP/1.1" 200 27
222.69.131.38 - - [17/Nov/2021:11:24:35 +0800] "POST /xingrg/kc/mdqp/pssh_list_operate.html HTTP/1.1" 200 5068
222.70.181.70 - - [17/Nov/2021:11:24:36 +0800] "POST /xingrg/services/DataTransmitService HTTP/1.1" 200 501
222.69.131.38 - - [17/Nov/2021:11:24:37 +0800] "POST /xingrg/kc/mdqp/pssh_list_operate.html HTTP/1.1" 200 4349
222.69.131.38 - - [17/Nov/2021:11:24:39 +0800] "POST /xingrg/kc/mdqp/pssh_list_operate.html HTTP/1.1" 200 377
180.169.147.146 - - [17/Nov/2021:11:24:42 +0800] "GET /xingrg/all/function/internal_message.html?_=1637119482168&CODE_STATE=getMsg HTTP/1.1" 200 27
180.169.147.146 - - [17/Nov/2021:11:24:42 +0800] "GET /xingrg/check_reg.html?_=1637119482172 HTTP/1.1" 200 22
222.69.131.38 - - [17/Nov/2021:11:24:43 +0800] "POST /xingrg/kc/mdqp/pssh_list_operate.html HTTP/1.1" 200 269
222.70.171.86 - - [17/Nov/2021:11:24:45 +0800] "GET /xingrg/check_reg.html?_=1637119493307 HTTP/1.1" 302 -
222.70.171.86 - - [17/Nov/2021:11:24:45 +0800] "GET /xingrg/kc/buy/cgsh_order_operate.html?command=get_materiel&rest_code=00146&code=00101007032&supplier_code=00100002&order_time=2021-11-17 HTTP/1.1" 200 413
180.169.147.146 - - [17/Nov/2021:11:24:47 +0800] "GET /xingrg/all/function/internal_message.html?_=1637119494149&CODE_STATE=getMsg HTTP/1.1" 302 -
116.235.93.2 - - [17/Nov/2021:11:24:48 +0800] "GET /xingrg/check_reg.html?_=1637119970135 HTTP/1.1" 200 22
124.78.153.86 - - [17/Nov/2021:11:24:50 +0800] "GET /xingrg/all/function/internal_message.html?_=1637119488483&CODE_STATE=getMsg HTTP/1.1" 200 27
116.235.93.2 - - [17/Nov/2021:11:24:50 +0800] "GET /xingrg/all/function/internal_message.html?_=1637119971669&CODE_STATE=getMsg HTTP/1.1" 200 27
222.69.131.38 - - [17/Nov/2021:11:24:53 +0800] "POST /xingrg/kc/mdqp/pssh_list_operate.html HTTP/1.1" 200 5181
222.70.171.86 - - [17/Nov/2021:11:24:56 +0800] "GET /xingrg/kc/buy/cgsh_order_operate.html?command=get_materiel&rest_code=00146&code=00101007085&supplier_code=00100002&order_time=2021-11-17 HTTP/1.1" 200 432
58.39.139.200 - - [17/Nov/2021:11:24:57 +0800] "GET /xingrg/all/function/internal_message.html?_=1637119497796&CODE_STATE=getMsg HTTP/1.1" 200 27
222.69.131.38 - - [17/Nov/2021:11:24:59 +0800] "POST /xingrg/kc/mdqp/pssh_list_operate.html HTTP/1.1" 200 257
114.85.125.222 - - [17/Nov/2021:11:24:59 +0800] "GET /xingrg/all/function/internal_message.html?_=1637119479186&CODE_STATE=getMsg HTTP/1.1" 200 27
180.174.250.202 - - [17/Nov/2021:11:24:59 +0800] "GET /xingrg/check_reg.html?_=1637119494711 HTTP/1.1" 200 22
222.69.131.38 - - [17/Nov/2021:11:25:00 +0800] "POST /xingrg/kc/mdqp/pssh_list_operate.html HTTP/1.1" 200 352
222.69.131.38 - - [17/Nov/2021:11:25:02 +0800] "POST /xingrg/kc/mdqp/pssh_list_operate.html HTTP/1.1" 200 262
222.69.131.38 - - [17/Nov/2021:11:25:03 +0800] "POST /xingrg/kc/mdqp/pssh_list_operate.html HTTP/1.1" 200 786
222.69.131.38 - - [17/Nov/2021:11:25:04 +0800] "GET /xingrg/check_reg.html?_=1637119500178 HTTP/1.1" 200 22
222.69.131.38 - - [17/Nov/2021:11:25:04 +0800] "GET /xingrg/all/function/internal_message.html?_=1637119500180&CODE_STATE=getMsg HTTP/1.1" 200 27
180.169.147.146 - - [17/Nov/2021:11:25:05 +0800] "GET /xingrg/all/function/internal_message.html?_=1637119507242&CODE_STATE=getMsg HTTP/1.1" 200 27
222.69.131.38 - - [17/Nov/2021:11:25:05 +0800] "POST /xingrg/kc/mdqp/pssh_list_operate.html HTTP/1.1" 200 348
58.37.231.44 - - [17/Nov/2021:11:25:06 +0800] "GET /xingrg/all/function/internal_message.html?_=1637119336286&CODE_STATE=getMsg HTTP/1.1" 200 27
222.69.131.38 - - [17/Nov/2021:11:25:07 +0800] "POST /xingrg/kc/mdqp/pssh_list_operate.html HTTP/1.1" 200 256
180.174.250.202 - - [17/Nov/2021:11:25:07 +0800] "GET /xingrg/all/function/internal_message.html?_=1637119502291&CODE_STATE=getMsg HTTP/1.1" 200 27
222.69.131.38 - - [17/Nov/2021:11:25:08 +0800] "POST /xingrg/kc/mdqp/pssh_list_operate.html HTTP/1.1" 200 377
222.70.171.86 - - [17/Nov/2021:11:25:15 +0800] "GET /xingrg/all/function/internal_message.html?_=1637119523910&CODE_STATE=getMsg HTTP/1.1" 302 -
180.162.112.229 - - [17/Nov/2021:11:25:16 +0800] "GET /xingrg/all/function/internal_message.html?_=1637118996102&CODE_STATE=getMsg HTTP/1.1" 200 27
222.70.171.86 - - [17/Nov/2021:11:25:19 +0800] "GET /xingrg/all/function/internal_message.html?_=1637119528614&CODE_STATE=getMsg HTTP/1.1" 200 27
180.169.147.146 - - [17/Nov/2021:11:25:19 +0800] "GET /xingrg/all/function/internal_message.html?_=1637119518785&CODE_STATE=getMsg HTTP/1.1" 200 27
58.35.215.131 - - [17/Nov/2021:11:25:22 +0800] "GET /xingrg/login.html HTTP/1.1" 200 7641
58.35.215.131 - - [17/Nov/2021:11:25:22 +0800] "GET /xingrg/images/blue/hj.png HTTP/1.1" 200 1014
58.35.215.131 - - [17/Nov/2021:11:25:22 +0800] "GET /xingrg/images/blue/srbg.png HTTP/1.1" 200 138
58.35.215.131 - - [17/Nov/2021:11:25:22 +0800] "GET /xingrg/images/blue/login_bg.png HTTP/1.1" 200 22101
58.35.215.131 - - [17/Nov/2021:11:25:22 +0800] "GET /favicon.ico HTTP/1.1" 404 -
222.69.131.38 - - [17/Nov/2021:11:25:25 +0800] "POST /xingrg/kc/mdqp/pssh_list_operate.html HTTP/1.1" 200 5068
222.70.171.86 - - [17/Nov/2021:11:25:26 +0800] "GET /xingrg/kc/buy/cgsh_order_operate.html?command=get_materiel&rest_code=00146&code=00101007063&supplier_code=00100002&order_time=2021-11-17 HTTP/1.1" 200 409
222.69.131.38 - - [17/Nov/2021:11:25:27 +0800] "POST /xingrg/kc/mdqp/pssh_list_operate.html HTTP/1.1" 200 676
222.70.176.97 - - [17/Nov/2021:11:25:31 +0800] "GET /xingrg/all/function/internal_message.html?_=1637119529319&CODE_STATE=getMsg HTTP/1.1" 200 27
116.238.248.233 - - [17/Nov/2021:11:25:34 +0800] "GET /xingrg/all/function/internal_message.html?_=1637119534061&CODE_STATE=getMsg HTTP/1.1" 200 27
58.35.215.131 - - [17/Nov/2021:11:25:38 +0800] "POST /xingrg/login.do HTTP/1.1" 302 -
58.35.215.131 - - [17/Nov/2021:11:25:38 +0800] "POST /xingrg/login.do HTTP/1.1" 302 -
58.35.215.131 - - [17/Nov/2021:11:25:38 +0800] "GET /xingrg/index.html?sysBaseUrl=http%3A%2F%2F180.169.147.146%3A18081%2Fxingrg%2F&costTime=1935×tamp=1637119538375 HTTP/1.1" 200 17179
58.35.215.131 - - [17/Nov/2021:11:25:38 +0800] "GET /favicon.ico HTTP/1.1" 404 -
58.35.215.131 - - [17/Nov/2021:11:25:38 +0800] "GET /xingrg/all/function/internal_message.html?_=1637119538952&CODE_STATE=count HTTP/1.1" 200 11
58.35.215.131 - - [17/Nov/2021:11:25:38 +0800] "GET /xingrg/check_reg.html?_=1637119538953 HTTP/1.1" 200 22
58.35.215.131 - - [17/Nov/2021:11:25:38 +0800] "POST /xingrg/all/common/load_tree.html?tree=area_rest_tree_json&manage=1 HTTP/1.1" 200 351
58.35.215.131 - - [17/Nov/2021:11:25:38 +0800] "POST /xingrg/load_menu.html HTTP/1.1" 200 5138
58.35.215.131 - - [17/Nov/2021:11:25:40 +0800] "GET /xingrg/javascript/jquery_easy_ui/themes/default/images/tabs_active.png HTTP/1.1" 200 2894
58.35.215.131 - - [17/Nov/2021:11:25:41 +0800] "GET /xingrg/kc/buy/buy_main.html HTTP/1.1" 200 12412
58.35.215.131 - - [17/Nov/2021:11:25:41 +0800] "GET /xingrg/css/new_ie.css HTTP/1.1" 404 1036
58.35.215.131 - - [17/Nov/2021:11:25:42 +0800] "GET /xingrg/images/yd/bt.gif HTTP/1.1" 404 1040
222.70.171.86 - - [17/Nov/2021:11:25:42 +0800] "GET /xingrg/kc/buy/cgsh_order_operate.html?command=get_materiel&rest_code=00146&code=00101007077&supplier_code=00100002&order_time=2021-11-17 HTTP/1.1" 200 415
180.169.147.146 - - [17/Nov/2021:11:25:42 +0800] "GET /xingrg/all/function/internal_message.html?_=1637119542179&CODE_STATE=getMsg HTTP/1.1" 200 27
58.35.215.131 - - [17/Nov/2021:11:25:43 +0800] "GET /xingrg/kc/buy/cgsh_order_list.html HTTP/1.1" 200 49073
180.169.147.146 - - [17/Nov/2021:11:25:47 +0800] "GET /xingrg/all/function/internal_message.html?_=1637119554134&CODE_STATE=getMsg HTTP/1.1" 302 -
124.78.153.86 - - [17/Nov/2021:11:25:47 +0800] "GET /xingrg/check_reg.html?_=1637119545776 HTTP/1.1" 200 22
124.78.153.86 - - [17/Nov/2021:11:25:50 +0800] "GET /xingrg/all/function/internal_message.html?_=1637119548455&CODE_STATE=getMsg HTTP/1.1" 200 27
116.235.93.2 - - [17/Nov/2021:11:25:50 +0800] "GET /xingrg/all/function/internal_message.html?_=1637120031683&CODE_STATE=getMsg HTTP/1.1" 200 27
172.20.0.100 - - [17/Nov/2021:11:25:53 +0800] "GET /xingrg/check_reg.html?_=1637119546268 HTTP/1.1" 302 -
58.35.215.131 - - [17/Nov/2021:11:25:54 +0800] "POST /xingrg/kc/buy/cgsh_list_operate.html HTTP/1.1" 200 4631
58.39.139.200 - - [17/Nov/2021:11:25:57 +0800] "GET /xingrg/all/function/internal_message.html?_=1637119557796&CODE_STATE=getMsg HTTP/1.1" 200 27
58.39.139.200 - - [17/Nov/2021:11:25:57 +0800] "GET /xingrg/check_reg.html?_=1637119557798 HTTP/1.1" 200 22
114.85.125.222 - - [17/Nov/2021:11:25:59 +0800] "GET /xingrg/all/function/internal_message.html?_=1637119539218&CODE_STATE=getMsg HTTP/1.1" 200 27
222.69.131.38 - - [17/Nov/2021:11:26:04 +0800] "GET /xingrg/all/function/internal_message.html?_=1637119560180&CODE_STATE=getMsg HTTP/1.1" 200 27
180.169.147.146 - - [17/Nov/2021:11:26:05 +0800] "GET /xingrg/all/function/internal_message.html?_=1637119567246&CODE_STATE=getMsg HTTP/1.1" 200 27
58.37.231.44 - - [17/Nov/2021:11:26:06 +0800] "GET /xingrg/all/function/internal_message.html?_=1637119396255&CODE_STATE=getMsg HTTP/1.1" 200 27
180.174.250.202 - - [17/Nov/2021:11:26:07 +0800] "GET /xingrg/all/function/internal_message.html?_=1637119562304&CODE_STATE=getMsg HTTP/1.1" 200 27
222.70.171.86 - - [17/Nov/2021:11:26:12 +0800] "POST /xingrg/kc/buy/cgsh_order_operate.html HTTP/1.1" 200 37
222.70.171.86 - - [17/Nov/2021:11:26:13 +0800] "POST /xingrg/kc/buy/cgsh_order_operate.html HTTP/1.1" 200 6786
222.70.171.86 - - [17/Nov/2021:11:26:15 +0800] "GET /xingrg/all/function/internal_message.html?_=1637119583935&CODE_STATE=getMsg HTTP/1.1" 302 -
180.162.112.229 - - [17/Nov/2021:11:26:16 +0800] "GET /xingrg/all/function/internal_message.html?_=1637119056102&CODE_STATE=getMsg HTTP/1.1" 200 27
180.162.112.229 - - [17/Nov/2021:11:26:16 +0800] "GET /xingrg/check_reg.html?_=1637119056105 HTTP/1.1" 200 22
222.70.171.86 - - [17/Nov/2021:11:26:17 +0800] "GET /xingrg/kc/print/load_data.html?order_code=212021111707067&kc_code=cgsh&condition= HTTP/1.1" 200 2313
222.70.171.86 - - [17/Nov/2021:11:26:19 +0800] "GET /xingrg/all/function/internal_message.html?_=1637119588628&CODE_STATE=getMsg HTTP/1.1" 200 27
180.169.147.146 - - [17/Nov/2021:11:26:19 +0800] "GET /xingrg/all/function/internal_message.html?_=1637119578777&CODE_STATE=getMsg HTTP/1.1" 200 27
222.70.176.97 - - [17/Nov/2021:11:26:31 +0800] "GET /xingrg/all/function/internal_message.html?_=1637119589304&CODE_STATE=getMsg HTTP/1.1" 200 27
116.238.248.233 - - [17/Nov/2021:11:26:34 +0800] "GET /xingrg/all/function/internal_message.html?_=1637119594061&CODE_STATE=getMsg HTTP/1.1" 200 27
58.35.215.131 - - [17/Nov/2021:11:26:38 +0800] "GET /xingrg/all/function/internal_message.html?_=1637119598958&CODE_STATE=getMsg HTTP/1.1" 200 27
180.169.147.146 - - [17/Nov/2021:11:26:42 +0800] "GET /xingrg/all/function/internal_message.html?_=1637119602168&CODE_STATE=getMsg HTTP/1.1" 200 27
58.221.95.50 - - [17/Nov/2021:11:26:45 +0800] "GET /xingrg/check_reg.html?_=1637119605816 HTTP/1.1" 200 22
180.169.147.146 - - [17/Nov/2021:11:26:47 +0800] "GET /xingrg/all/function/internal_message.html?_=1637119614129&CODE_STATE=getMsg HTTP/1.1" 302 -
180.169.147.146 - - [17/Nov/2021:11:26:47 +0800] "GET /xingrg/check_reg.html?_=1637119614396 HTTP/1.1" 302 -
61.151.178.217 - - [17/Nov/2021:11:26:47 +0800] "GET /xingrg/check_reg.html?_=1637119545776 HTTP/1.1" 302 -
61.151.178.217 - - [17/Nov/2021:11:26:49 +0800] "GET /xingrg/login.html HTTP/1.1" 200 7641
101.91.60.11 - - [17/Nov/2021:11:26:49 +0800] "GET /xingrg/all/function/internal_message.html?_=1637119548455&CODE_STATE=getMsg HTTP/1.1" 302 -
101.91.60.11 - - [17/Nov/2021:11:26:49 +0800] "GET /xingrg/login.html HTTP/1.1" 200 7641
124.78.153.86 - - [17/Nov/2021:11:26:50 +0800] "GET /xingrg/all/function/internal_message.html?_=1637119608430&CODE_STATE=getMsg HTTP/1.1" 200 27
116.235.93.2 - - [17/Nov/2021:11:26:50 +0800] "GET /xingrg/all/function/internal_message.html?_=1637120091695&CODE_STATE=getMsg HTTP/1.1" 200 27
58.39.139.200 - - [17/Nov/2021:11:26:57 +0800] "GET /xingrg/all/function/internal_message.html?_=1637119617797&CODE_STATE=getMsg HTTP/1.1" 200 27
114.85.125.222 - - [17/Nov/2021:11:26:59 +0800] "GET /xingrg/all/function/internal_message.html?_=1637119599228&CODE_STATE=getMsg HTTP/1.1" 200 27
222.69.131.38 - - [17/Nov/2021:11:27:04 +0800] "GET /xingrg/all/function/internal_message.html?_=1637119620181&CODE_STATE=getMsg HTTP/1.1" 200 27
180.169.147.146 - - [17/Nov/2021:11:27:05 +0800] "GET /xingrg/all/function/internal_message.html?_=1637119627250&CODE_STATE=getMsg HTTP/1.1" 200 27
120.253.135.82 - - [17/Nov/2021:11:27:06 +0800] "GET /xingrg/kc/pszx/mdps_order_list.html?orderType=0 HTTP/1.1" 200 21089
116.232.50.192 - - [17/Nov/2021:11:27:06 +0800] "GET /xingrg/all/function/internal_message.html?_=1637119626664&CODE_STATE=getMsg HTTP/1.1" 200 27
116.232.50.192 - - [17/Nov/2021:11:27:06 +0800] "GET /xingrg/check_reg.html?_=1637119626664 HTTP/1.1" 200 22
120.253.135.82 - - [17/Nov/2021:11:27:06 +0800] "POST /xingrg/kc/pszx/mdps_list_operate.html HTTP/1.1" 200 5461
58.37.231.44 - - [17/Nov/2021:11:27:06 +0800] "GET /xingrg/all/function/internal_message.html?_=1637119456226&CODE_STATE=getMsg HTTP/1.1" 200 27
116.232.50.192 - - [17/Nov/2021:11:27:06 +0800] "POST /xingrg/kc/buy/cgsh_order_operate.html HTTP/1.1" 200 2657
180.174.250.202 - - [17/Nov/2021:11:27:07 +0800] "GET /xingrg/all/function/internal_message.html?_=1637119622591&CODE_STATE=getMsg HTTP/1.1" 200 27
116.232.50.192 - - [17/Nov/2021:11:27:10 +0800] "GET /xingrg/kc/print/load_config.html?kc_code=cgsh HTTP/1.1" 200 2281
116.232.50.192 - - [17/Nov/2021:11:27:11 +0800] "GET /xingrg/kc/print/load_data.html?order_code=212021111707022&kc_code=cgsh&condition= HTTP/1.1" 200 655
120.253.135.82 - - [17/Nov/2021:11:27:13 +0800] "POST /xingrg/kc/pszx/mdps_list_operate.html HTTP/1.1" 200 4219
58.37.231.44 - - [17/Nov/2021:11:27:15 +0800] "POST /xingrg/kc/buy/cgsh_order_operate.html HTTP/1.1" 200 37
222.70.171.86 - - [17/Nov/2021:11:27:15 +0800] "GET /xingrg/all/function/internal_message.html?_=1637119643938&CODE_STATE=getMsg HTTP/1.1" 302 -
180.162.112.229 - - [17/Nov/2021:11:27:16 +0800] "GET /xingrg/all/function/internal_message.html?_=1637119116105&CODE_STATE=getMsg HTTP/1.1" 200 27
222.70.171.86 - - [17/Nov/2021:11:27:19 +0800] "GET /xingrg/all/function/internal_message.html?_=1637119648641&CODE_STATE=getMsg HTTP/1.1" 200 27
180.169.147.146 - - [17/Nov/2021:11:27:19 +0800] "GET /xingrg/all/function/internal_message.html?_=1637119638779&CODE_STATE=getMsg HTTP/1.1" 200 27
180.169.147.146 - - [17/Nov/2021:11:27:19 +0800] "GET /xingrg/check_reg.html?_=1637119638785 HTTP/1.1" 200 22
120.253.135.82 - - [17/Nov/2021:11:27:20 +0800] "POST /xingrg/kc/pszx/mdps_list_operate.html HTTP/1.1" 200 209
58.37.231.44 - - [17/Nov/2021:11:27:21 +0800] "POST /xingrg/kc/buy/cgsh_order_operate.html HTTP/1.1" 200 12
116.232.50.192 - - [17/Nov/2021:11:27:22 +0800] "GET /xingrg/kc/buy/cgsh_order_add.html HTTP/1.1" 200 64884
120.253.135.82 - - [17/Nov/2021:11:27:22 +0800] "GET /xingrg/kc/pszx/mdps_order_info.html?code=312021111600408 HTTP/1.1" 200 23923
116.232.50.192 - - [17/Nov/2021:11:27:22 +0800] "POST /xingrg/kc/buy/cgsh_order_operate.html HTTP/1.1" 200 8245
116.232.50.192 - - [17/Nov/2021:11:27:22 +0800] "GET /xingrg/javascript/easyui/themes/default/validatebox.css HTTP/1.1" 404 1104
120.253.135.82 - - [17/Nov/2021:11:27:23 +0800] "GET /xingrg/javascript/easyui/themes/default/validatebox.css HTTP/1.1" 404 1104
116.232.50.192 - - [17/Nov/2021:11:27:23 +0800] "GET /xingrg/all/common/auto_word.html?type=employee&rest_code=00109 HTTP/1.1" 200 255
120.253.135.82 - - [17/Nov/2021:11:27:23 +0800] "POST /xingrg/kc/pszx/mdps_order_operate.html HTTP/1.1" 200 2303
116.232.50.192 - - [17/Nov/2021:11:27:24 +0800] "GET /xingrg/all/common/auto_word.html?type=employee&rest_code=00109 HTTP/1.1" 200 255
58.37.231.44 - - [17/Nov/2021:11:27:24 +0800] "GET /xingrg/kc/buy/cgsh_order_info.html?code=212021111707068 HTTP/1.1" 200 59756
58.37.231.44 - - [17/Nov/2021:11:27:24 +0800] "GET /xingrg/javascript/easyui/themes/default/validatebox.css HTTP/1.1" 404 1104
58.37.231.44 - - [17/Nov/2021:11:27:25 +0800] "POST /xingrg/kc/buy/cgsh_order_operate.html HTTP/1.1" 200 2386
58.37.231.44 - - [17/Nov/2021:11:27:26 +0800] "GET /xingrg/kc/print/load_data.html?order_code=212021111707068&kc_code=cgsh&condition= HTTP/1.1" 200 1428
180.169.147.146 - - [17/Nov/2021:11:27:30 +0800] "GET /xingrg/check_reg.html?_=1637119651381 HTTP/1.1" 200 22
222.70.176.97 - - [17/Nov/2021:11:27:31 +0800] "GET /xingrg/all/function/internal_message.html?_=1637119649278&CODE_STATE=getMsg HTTP/1.1" 200 27
120.253.135.82 - - [17/Nov/2021:11:27:32 +0800] "GET /xingrg/kc/pszx/mdps_order_operate.html?command=get_materiel&pszx_code=00101&rest_code=00105&base_code=0010570&code=00101025014 HTTP/1.1" 200 462
