222.70.171.86 - - [14/Nov/2021:07:32:08 +0800] "GET /xingrg/all/function/internal_message.html?_=1636846325249&CODE_STATE=getMsg HTTP/1.1" 200 27
120.253.135.82 - - [14/Nov/2021:07:32:09 +0800] "GET /xingrg/kc/buy/cgsh_order_list.html HTTP/1.1" 200 49004
120.253.135.82 - - [14/Nov/2021:07:32:11 +0800] "POST /xingrg/kc/buy/cgsh_list_operate.html HTTP/1.1" 200 1677
120.253.135.82 - - [14/Nov/2021:07:32:13 +0800] "POST /xingrg/kc/buy/cgsh_list_operate.html HTTP/1.1" 200 517
120.253.135.82 - - [14/Nov/2021:07:32:14 +0800] "GET /xingrg/kc/buy/cgsh_order_info.html?code=212021111305729 HTTP/1.1" 200 63802
120.253.135.82 - - [14/Nov/2021:07:32:14 +0800] "GET /xingrg/javascript/easyui/themes/default/validatebox.css HTTP/1.1" 404 1104
120.253.135.82 - - [14/Nov/2021:07:32:15 +0800] "POST /xingrg/kc/buy/cgsh_order_operate.html HTTP/1.1" 200 5073
116.238.248.233 - - [14/Nov/2021:07:32:46 +0800] "GET /xingrg/all/function/internal_message.html?_=1636846362011&CODE_STATE=getMsg HTTP/1.1" 200 27
180.157.253.6 - - [14/Nov/2021:07:32:50 +0800] "GET /xingrg/all/function/internal_message.html?_=1636846366202&CODE_STATE=getMsg HTTP/1.1" 200 27
120.253.135.82 - - [14/Nov/2021:07:32:52 +0800] "GET /xingrg/all/function/internal_message.html?_=1636846141276&CODE_STATE=getMsg HTTP/1.1" 200 27
114.85.125.222 - - [14/Nov/2021:07:33:00 +0800] "GET /xingrg/all/function/internal_message.html?_=1636846359456&CODE_STATE=getMsg HTTP/1.1" 200 27
180.169.147.146 - - [14/Nov/2021:07:33:05 +0800] "GET /xingrg/all/function/internal_message.html?_=1636846447837&CODE_STATE=getMsg HTTP/1.1" 200 27
222.70.171.86 - - [14/Nov/2021:07:33:08 +0800] "GET /xingrg/all/function/internal_message.html?_=1636846385414&CODE_STATE=getMsg HTTP/1.1" 200 27
116.238.248.233 - - [14/Nov/2021:07:33:46 +0800] "GET /xingrg/all/function/internal_message.html?_=1636846422024&CODE_STATE=getMsg HTTP/1.1" 200 27
120.253.135.82 - - [14/Nov/2021:07:33:49 +0800] "GET /xingrg/kc/print/load_config.html?kc_code=cgsh HTTP/1.1" 200 2281
120.253.135.82 - - [14/Nov/2021:07:33:50 +0800] "GET /xingrg/kc/print/load_data.html?order_code=212021111305729&kc_code=cgsh&condition= HTTP/1.1" 200 1607
180.157.253.6 - - [14/Nov/2021:07:33:50 +0800] "GET /xingrg/all/function/internal_message.html?_=1636846426188&CODE_STATE=getMsg HTTP/1.1" 200 27
120.253.135.82 - - [14/Nov/2021:07:33:52 +0800] "GET /xingrg/all/function/internal_message.html?_=1636846201290&CODE_STATE=getMsg HTTP/1.1" 200 27
114.85.125.222 - - [14/Nov/2021:07:34:00 +0800] "GET /xingrg/all/function/internal_message.html?_=1636846419466&CODE_STATE=getMsg HTTP/1.1" 200 27
180.169.147.146 - - [14/Nov/2021:07:34:05 +0800] "GET /xingrg/all/function/internal_message.html?_=1636846507881&CODE_STATE=getMsg HTTP/1.1" 200 27
180.157.253.6 - - [14/Nov/2021:07:34:07 +0800] "GET /xingrg/check_reg.html?_=1636846443085 HTTP/1.1" 200 22
222.70.171.86 - - [14/Nov/2021:07:34:08 +0800] "GET /xingrg/all/function/internal_message.html?_=1636846445416&CODE_STATE=getMsg HTTP/1.1" 200 27
58.39.139.200 - - [14/Nov/2021:07:34:25 +0800] "POST /xingrg/services/DataTransmitService HTTP/1.1" 200 524
58.39.139.200 - - [14/Nov/2021:07:34:25 +0800] "POST /xingrg/services/DataTransmitService HTTP/1.1" 200 501
116.238.248.233 - - [14/Nov/2021:07:34:46 +0800] "GET /xingrg/all/function/internal_message.html?_=1636846482024&CODE_STATE=getMsg HTTP/1.1" 200 27
180.157.253.6 - - [14/Nov/2021:07:34:50 +0800] "GET /xingrg/all/function/internal_message.html?_=1636846486159&CODE_STATE=getMsg HTTP/1.1" 200 27
120.253.135.82 - - [14/Nov/2021:07:34:52 +0800] "GET /xingrg/all/function/internal_message.html?_=1636846261347&CODE_STATE=getMsg HTTP/1.1" 200 27
114.85.125.222 - - [14/Nov/2021:07:35:00 +0800] "GET /xingrg/all/function/internal_message.html?_=1636846479518&CODE_STATE=getMsg HTTP/1.1" 200 27
180.169.147.146 - - [14/Nov/2021:07:35:04 +0800] "GET /xingrg/all/function/internal_message.html?_=1636846567856&CODE_STATE=getMsg HTTP/1.1" 200 27
222.70.171.86 - - [14/Nov/2021:07:35:08 +0800] "GET /xingrg/all/function/internal_message.html?_=1636846505558&CODE_STATE=getMsg HTTP/1.1" 200 27
120.253.135.82 - - [14/Nov/2021:07:35:18 +0800] "GET /xingrg/javascript/jquery_tools/images/next.gif HTTP/1.1" 404 1086
120.253.135.82 - - [14/Nov/2021:07:35:18 +0800] "GET /xingrg/javascript/jquery_tools/images/prev.gif HTTP/1.1" 404 1086
120.253.135.82 - - [14/Nov/2021:07:35:25 +0800] "POST /xingrg/kc/buy/cgsh_order_operate.html HTTP/1.1" 200 37
120.253.135.82 - - [14/Nov/2021:07:35:26 +0800] "POST /xingrg/kc/buy/cgsh_order_operate.html HTTP/1.1" 200 5073
120.253.135.82 - - [14/Nov/2021:07:35:33 +0800] "GET /xingrg/kc/report/report_main.html HTTP/1.1" 200 9370
120.253.135.82 - - [14/Nov/2021:07:35:34 +0800] "GET /xingrg/kc/base/kc_stocks.html HTTP/1.1" 200 16437
120.253.135.82 - - [14/Nov/2021:07:35:34 +0800] "GET /xingrg/javascript/easyui/themes/default/tree.css HTTP/1.1" 404 1090
120.253.135.82 - - [14/Nov/2021:07:35:34 +0800] "POST /xingrg/all/common/load_tree.html?tree=materiel_sort_tree_json HTTP/1.1" 200 9388
120.253.135.82 - - [14/Nov/2021:07:35:34 +0800] "POST /xingrg/kc/buy/cgsh_list_operate.html HTTP/1.1" 200 1677
120.253.135.82 - - [14/Nov/2021:07:35:35 +0800] "POST /xingrg/all/common/load_combo.html?type=base HTTP/1.1" 200 1075
114.85.125.222 - - [14/Nov/2021:07:35:39 +0800] "GET /xingrg/check_reg.html?_=1636846518495 HTTP/1.1" 200 22
120.253.135.82 - - [14/Nov/2021:07:35:45 +0800] "POST /xingrg/kc/base/stock_operate.html HTTP/1.1" 200 1478
116.238.248.233 - - [14/Nov/2021:07:35:46 +0800] "GET /xingrg/all/function/internal_message.html?_=1636846542024&CODE_STATE=getMsg HTTP/1.1" 200 27
116.238.248.233 - - [14/Nov/2021:07:35:46 +0800] "GET /xingrg/check_reg.html?_=1636846542025 HTTP/1.1" 200 22
180.157.253.6 - - [14/Nov/2021:07:35:50 +0800] "GET /xingrg/all/function/internal_message.html?_=1636846546144&CODE_STATE=getMsg HTTP/1.1" 200 27
120.253.135.82 - - [14/Nov/2021:07:35:51 +0800] "GET /xingrg/check_reg.html?_=1636846320381 HTTP/1.1" 200 22
120.253.135.82 - - [14/Nov/2021:07:35:52 +0800] "GET /xingrg/all/function/internal_message.html?_=1636846321364&CODE_STATE=getMsg HTTP/1.1" 200 27
120.253.135.82 - - [14/Nov/2021:07:35:58 +0800] "POST /xingrg/kc/base/stock_operate.html HTTP/1.1" 200 1475
114.85.125.222 - - [14/Nov/2021:07:36:00 +0800] "GET /xingrg/all/function/internal_message.html?_=1636846539524&CODE_STATE=getMsg HTTP/1.1" 200 27
180.169.147.146 - - [14/Nov/2021:07:36:05 +0800] "GET /xingrg/all/function/internal_message.html?_=1636846627871&CODE_STATE=getMsg HTTP/1.1" 200 27
180.169.147.146 - - [14/Nov/2021:07:36:05 +0800] "GET /xingrg/check_reg.html?_=1636846627878 HTTP/1.1" 200 22
222.70.171.86 - - [14/Nov/2021:07:36:05 +0800] "GET /xingrg/check_reg.html?_=1636846561808 HTTP/1.1" 200 22
120.253.135.82 - - [14/Nov/2021:07:36:08 +0800] "GET /xingrg/kc/buy/cgsh_order_list.html HTTP/1.1" 200 49004
222.70.171.86 - - [14/Nov/2021:07:36:08 +0800] "GET /xingrg/all/function/internal_message.html?_=1636846565569&CODE_STATE=getMsg HTTP/1.1" 200 27
120.253.135.82 - - [14/Nov/2021:07:36:10 +0800] "POST /xingrg/kc/buy/cgsh_list_operate.html HTTP/1.1" 200 1677
222.70.171.86 - - [14/Nov/2021:07:36:34 +0800] "GET /favicon.ico HTTP/1.1" 404 -
116.238.248.233 - - [14/Nov/2021:07:36:46 +0800] "GET /xingrg/all/function/internal_message.html?_=1636846602024&CODE_STATE=getMsg HTTP/1.1" 200 27
180.157.253.6 - - [14/Nov/2021:07:36:50 +0800] "GET /xingrg/all/function/internal_message.html?_=1636846606129&CODE_STATE=getMsg HTTP/1.1" 200 27
120.253.135.82 - - [14/Nov/2021:07:36:53 +0800] "GET /xingrg/all/function/internal_message.html?_=1636846381462&CODE_STATE=getMsg HTTP/1.1" 200 27
114.85.125.222 - - [14/Nov/2021:07:37:00 +0800] "GET /xingrg/all/function/internal_message.html?_=1636846599537&CODE_STATE=getMsg HTTP/1.1" 200 27
180.169.147.146 - - [14/Nov/2021:07:37:05 +0800] "GET /xingrg/all/function/internal_message.html?_=1636846687875&CODE_STATE=getMsg HTTP/1.1" 200 27
222.70.171.86 - - [14/Nov/2021:07:37:08 +0800] "GET /xingrg/all/function/internal_message.html?_=1636846625582&CODE_STATE=getMsg HTTP/1.1" 200 27
120.253.135.82 - - [14/Nov/2021:07:37:24 +0800] "POST /xingrg/kc/buy/cgsh_list_operate.html HTTP/1.1" 200 517
120.253.135.82 - - [14/Nov/2021:07:37:25 +0800] "GET /xingrg/kc/buy/cgsh_order_info.html?code=212021111305729 HTTP/1.1" 200 63802
120.253.135.82 - - [14/Nov/2021:07:37:25 +0800] "GET /xingrg/javascript/easyui/themes/default/validatebox.css HTTP/1.1" 404 1104
120.253.135.82 - - [14/Nov/2021:07:37:26 +0800] "POST /xingrg/kc/buy/cgsh_order_operate.html HTTP/1.1" 200 5073
120.253.135.82 - - [14/Nov/2021:07:37:31 +0800] "POST /xingrg/kc/buy/cgsh_order_operate.html HTTP/1.1" 200 37
120.253.135.82 - - [14/Nov/2021:07:37:36 +0800] "POST /xingrg/kc/buy/cgsh_order_operate.html HTTP/1.1" 200 12
120.253.135.82 - - [14/Nov/2021:07:37:39 +0800] "GET /xingrg/kc/buy/cgsh_order_info.html?code=212021111305729 HTTP/1.1" 200 58702
120.253.135.82 - - [14/Nov/2021:07:37:40 +0800] "GET /xingrg/javascript/easyui/themes/default/validatebox.css HTTP/1.1" 404 1104
120.253.135.82 - - [14/Nov/2021:07:37:40 +0800] "POST /xingrg/kc/buy/cgsh_order_operate.html HTTP/1.1" 200 3022
120.253.135.82 - - [14/Nov/2021:07:37:44 +0800] "GET /xingrg/kc/buy/cgsh_order_add.html HTTP/1.1" 200 63803
120.253.135.82 - - [14/Nov/2021:07:37:45 +0800] "POST /xingrg/kc/buy/cgsh_order_operate.html HTTP/1.1" 200 8245
120.253.135.82 - - [14/Nov/2021:07:37:45 +0800] "GET /xingrg/javascript/easyui/themes/default/validatebox.css HTTP/1.1" 404 1104
116.238.248.233 - - [14/Nov/2021:07:37:46 +0800] "GET /xingrg/all/function/internal_message.html?_=1636846662015&CODE_STATE=getMsg HTTP/1.1" 200 27
180.157.253.6 - - [14/Nov/2021:07:37:50 +0800] "GET /xingrg/all/function/internal_message.html?_=1636846666113&CODE_STATE=getMsg HTTP/1.1" 200 27
120.253.135.82 - - [14/Nov/2021:07:37:51 +0800] "POST /xingrg/all/common/load_combo.html?type=employee HTTP/1.1" 200 2101
120.253.135.82 - - [14/Nov/2021:07:37:53 +0800] "GET /xingrg/all/function/internal_message.html?_=1636846441528&CODE_STATE=getMsg HTTP/1.1" 200 27
114.85.125.222 - - [14/Nov/2021:07:38:00 +0800] "GET /xingrg/all/function/internal_message.html?_=1636846659587&CODE_STATE=getMsg HTTP/1.1" 200 27
120.253.135.82 - - [14/Nov/2021:07:38:03 +0800] "GET /xingrg/kc/buy/cgsh_order_operate.html?command=get_materiel&rest_code=00101&code=00102002228&supplier_code=00100151&order_time=2021-11-14 HTTP/1.1" 200 432
180.169.147.146 - - [14/Nov/2021:07:38:04 +0800] "GET /xingrg/all/function/internal_message.html?_=1636846747859&CODE_STATE=getMsg HTTP/1.1" 200 27
222.70.171.86 - - [14/Nov/2021:07:38:09 +0800] "GET /xingrg/all/function/internal_message.html?_=1636846685736&CODE_STATE=getMsg HTTP/1.1" 200 27
120.253.135.82 - - [14/Nov/2021:07:38:20 +0800] "POST /xingrg/kc/buy/cgsh_order_operate.html HTTP/1.1" 200 37
120.253.135.82 - - [14/Nov/2021:07:38:24 +0800] "POST /xingrg/kc/buy/cgsh_order_operate.html HTTP/1.1" 200 2662
120.253.135.82 - - [14/Nov/2021:07:38:28 +0800] "POST /xingrg/kc/buy/cgsh_order_operate.html HTTP/1.1" 200 37
120.253.135.82 - - [14/Nov/2021:07:38:29 +0800] "POST /xingrg/kc/buy/cgsh_order_operate.html HTTP/1.1" 200 2662
120.253.135.82 - - [14/Nov/2021:07:38:37 +0800] "GET /xingrg/kc/print/load_data.html?order_code=212021111405804&kc_code=cgsh&condition= HTTP/1.1" 200 644
116.238.248.233 - - [14/Nov/2021:07:38:46 +0800] "GET /xingrg/all/function/internal_message.html?_=1636846722050&CODE_STATE=getMsg HTTP/1.1" 200 27
180.157.253.6 - - [14/Nov/2021:07:38:50 +0800] "GET /xingrg/all/function/internal_message.html?_=1636846726097&CODE_STATE=getMsg HTTP/1.1" 200 27
120.253.135.82 - - [14/Nov/2021:07:38:53 +0800] "GET /xingrg/all/function/internal_message.html?_=1636846501562&CODE_STATE=getMsg HTTP/1.1" 200 27
114.85.125.222 - - [14/Nov/2021:07:39:00 +0800] "GET /xingrg/all/function/internal_message.html?_=1636846719596&CODE_STATE=getMsg HTTP/1.1" 200 27
180.169.147.146 - - [14/Nov/2021:07:39:05 +0800] "GET /xingrg/all/function/internal_message.html?_=1636846807858&CODE_STATE=getMsg HTTP/1.1" 200 27
180.157.253.6 - - [14/Nov/2021:07:39:07 +0800] "GET /xingrg/check_reg.html?_=1636846743089 HTTP/1.1" 200 22
222.70.171.86 - - [14/Nov/2021:07:39:09 +0800] "GET /xingrg/all/function/internal_message.html?_=1636846745749&CODE_STATE=getMsg HTTP/1.1" 200 27
116.238.248.233 - - [14/Nov/2021:07:39:46 +0800] "GET /xingrg/all/function/internal_message.html?_=1636846782048&CODE_STATE=getMsg HTTP/1.1" 200 27
180.157.253.6 - - [14/Nov/2021:07:39:50 +0800] "GET /xingrg/all/function/internal_message.html?_=1636846786095&CODE_STATE=getMsg HTTP/1.1" 200 27
120.253.135.82 - - [14/Nov/2021:07:39:53 +0800] "GET /xingrg/all/function/internal_message.html?_=1636846561574&CODE_STATE=getMsg HTTP/1.1" 200 27
114.85.125.222 - - [14/Nov/2021:07:40:00 +0800] "GET /xingrg/all/function/internal_message.html?_=1636846779641&CODE_STATE=getMsg HTTP/1.1" 200 27
180.169.147.146 - - [14/Nov/2021:07:40:05 +0800] "GET /xingrg/all/function/internal_message.html?_=1636846867863&CODE_STATE=getMsg HTTP/1.1" 200 27
222.70.171.86 - - [14/Nov/2021:07:40:09 +0800] "GET /xingrg/all/function/internal_message.html?_=1636846805912&CODE_STATE=getMsg HTTP/1.1" 200 27
120.253.135.82 - - [14/Nov/2021:07:40:31 +0800] "POST /xingrg/kc/buy/cgsh_order_operate.html HTTP/1.1" 200 37
120.253.135.82 - - [14/Nov/2021:07:40:39 +0800] "POST /xingrg/kc/buy/cgsh_order_operate.html HTTP/1.1" 200 12
114.85.125.222 - - [14/Nov/2021:07:40:39 +0800] "GET /xingrg/check_reg.html?_=1636846818501 HTTP/1.1" 200 22
120.253.135.82 - - [14/Nov/2021:07:40:42 +0800] "GET /xingrg/kc/buy/cgsh_order_info.html?code=212021111405804 HTTP/1.1" 200 58702
120.253.135.82 - - [14/Nov/2021:07:40:42 +0800] "GET /xingrg/javascript/easyui/themes/default/validatebox.css HTTP/1.1" 404 1104
120.253.135.82 - - [14/Nov/2021:07:40:43 +0800] "POST /xingrg/kc/buy/cgsh_order_operate.html HTTP/1.1" 200 612
116.238.248.233 - - [14/Nov/2021:07:40:46 +0800] "GET /xingrg/check_reg.html?_=1636846842048 HTTP/1.1" 200 22
116.238.248.233 - - [14/Nov/2021:07:40:46 +0800] "GET /xingrg/all/function/internal_message.html?_=1636846842049&CODE_STATE=getMsg HTTP/1.1" 200 27
120.253.135.82 - - [14/Nov/2021:07:40:46 +0800] "POST /xingrg/kc/buy/cgsh_list_operate.html HTTP/1.1" 200 876
180.157.253.6 - - [14/Nov/2021:07:40:50 +0800] "GET /xingrg/all/function/internal_message.html?_=1636846846066&CODE_STATE=getMsg HTTP/1.1" 200 27
120.253.135.82 - - [14/Nov/2021:07:40:51 +0800] "GET /xingrg/check_reg.html?_=1636846620386 HTTP/1.1" 200 22
120.253.135.82 - - [14/Nov/2021:07:40:53 +0800] "GET /xingrg/all/function/internal_message.html?_=1636846621588&CODE_STATE=getMsg HTTP/1.1" 200 27
222.70.171.86 - - [14/Nov/2021:07:40:57 +0800] "GET /xingrg/kc/buy/cgsh_order_list.html HTTP/1.1" 200 49010
222.70.171.86 - - [14/Nov/2021:07:40:58 +0800] "POST /xingrg/kc/buy/cgsh_list_operate.html HTTP/1.1" 200 876
114.85.125.222 - - [14/Nov/2021:07:41:00 +0800] "GET /xingrg/all/function/internal_message.html?_=1636846839654&CODE_STATE=getMsg HTTP/1.1" 200 27
180.169.147.146 - - [14/Nov/2021:07:41:05 +0800] "GET /xingrg/all/function/internal_message.html?_=1636846927862&CODE_STATE=getMsg HTTP/1.1" 200 27
180.169.147.146 - - [14/Nov/2021:07:41:05 +0800] "GET /xingrg/check_reg.html?_=1636846927873 HTTP/1.1" 200 22
222.70.171.86 - - [14/Nov/2021:07:41:05 +0800] "GET /xingrg/check_reg.html?_=1636846861814 HTTP/1.1" 200 22
120.253.135.82 - - [14/Nov/2021:07:41:06 +0800] "GET /xingrg/kc/buy/cgsh_order_add.html HTTP/1.1" 200 63803
120.253.135.82 - - [14/Nov/2021:07:41:06 +0800] "POST /xingrg/kc/buy/cgsh_order_operate.html HTTP/1.1" 200 8245
120.253.135.82 - - [14/Nov/2021:07:41:06 +0800] "GET /xingrg/javascript/easyui/themes/default/validatebox.css HTTP/1.1" 404 1104
222.70.171.86 - - [14/Nov/2021:07:41:09 +0800] "GET /xingrg/all/function/internal_message.html?_=1636846865928&CODE_STATE=getMsg HTTP/1.1" 200 27
120.253.135.82 - - [14/Nov/2021:07:41:10 +0800] "POST /xingrg/all/common/load_combo.html?type=employee HTTP/1.1" 200 2101
222.70.171.86 - - [14/Nov/2021:07:41:14 +0800] "POST /xingrg/kc/buy/cgsh_list_operate.html HTTP/1.1" 200 5503
222.70.171.86 - - [14/Nov/2021:07:41:23 +0800] "POST /xingrg/kc/buy/cgsh_list_operate.html HTTP/1.1" 200 2420
222.70.171.86 - - [14/Nov/2021:07:41:29 +0800] "POST /xingrg/kc/buy/cgsh_list_operate.html HTTP/1.1" 200 5684
222.70.171.86 - - [14/Nov/2021:07:41:36 +0800] "POST /xingrg/kc/buy/cgsh_list_operate.html HTTP/1.1" 200 5660
120.253.135.82 - - [14/Nov/2021:07:41:40 +0800] "GET /xingrg/kc/buy/cgsh_order_operate.html?command=get_materiel&rest_code=00101&code=00101029097&supplier_code=00100151&order_time=2021-11-14 HTTP/1.1" 200 458
120.253.135.82 - - [14/Nov/2021:07:41:42 +0800] "POST /xingrg/all/common/load_select.html HTTP/1.1" 200 25
222.70.171.86 - - [14/Nov/2021:07:41:44 +0800] "POST /xingrg/kc/buy/cgsh_list_operate.html HTTP/1.1" 200 281
222.70.171.86 - - [14/Nov/2021:07:41:45 +0800] "GET /xingrg/kc/buy/cgsh_order_info.html?code=212021111305629 HTTP/1.1" 200 59654
222.70.171.86 - - [14/Nov/2021:07:41:46 +0800] "GET /xingrg/javascript/easyui/themes/icons/copy_new.png HTTP/1.1" 304 -
222.70.171.86 - - [14/Nov/2021:07:41:46 +0800] "GET /xingrg/javascript/easyui/themes/default/validatebox.css HTTP/1.1" 404 1104
116.238.248.233 - - [14/Nov/2021:07:41:46 +0800] "GET /xingrg/all/function/internal_message.html?_=1636846902059&CODE_STATE=getMsg HTTP/1.1" 200 27
120.253.135.82 - - [14/Nov/2021:07:41:46 +0800] "GET /xingrg/kc/buy/cgsh_order_operate.html?command=get_materiel_price&rest_code=00101&code=00101029097&unit_code=00100157&supplier_code=00100151&order_time=2021-11-14 HTTP/1.1" 200 30
222.70.171.86 - - [14/Nov/2021:07:41:46 +0800] "POST /xingrg/kc/buy/cgsh_order_operate.html HTTP/1.1" 200 1199
180.157.253.6 - - [14/Nov/2021:07:41:50 +0800] "GET /xingrg/all/function/internal_message.html?_=1636846906052&CODE_STATE=getMsg HTTP/1.1" 200 27
120.253.135.82 - - [14/Nov/2021:07:41:53 +0800] "GET /xingrg/all/function/internal_message.html?_=1636846681601&CODE_STATE=getMsg HTTP/1.1" 200 27
222.70.171.86 - - [14/Nov/2021:07:41:53 +0800] "GET /xingrg/kc/print/load_config.html?kc_code=cgsh HTTP/1.1" 200 2281
222.70.171.86 - - [14/Nov/2021:07:41:54 +0800] "GET /xingrg/kc/print/load_data.html?order_code=212021111305629&kc_code=cgsh&condition= HTTP/1.1" 200 934
114.85.125.222 - - [14/Nov/2021:07:42:00 +0800] "GET /xingrg/all/function/internal_message.html?_=1636846899667&CODE_STATE=getMsg HTTP/1.1" 200 27
180.169.147.146 - - [14/Nov/2021:07:42:05 +0800] "GET /xingrg/all/function/internal_message.html?_=1636846987872&CODE_STATE=getMsg HTTP/1.1" 200 27
120.253.135.82 - - [14/Nov/2021:07:42:07 +0800] "GET /xingrg/kc/buy/cgsh_order_operate.html?command=get_materiel&rest_code=00101&code=00101029096&supplier_code=00100151&order_time=2021-11-14 HTTP/1.1" 200 470
222.70.171.86 - - [14/Nov/2021:07:42:09 +0800] "GET /xingrg/all/function/internal_message.html?_=1636846925930&CODE_STATE=getMsg HTTP/1.1" 200 27
120.253.135.82 - - [14/Nov/2021:07:42:10 +0800] "POST /xingrg/all/common/load_select.html HTTP/1.1" 200 25
120.253.135.82 - - [14/Nov/2021:07:42:13 +0800] "GET /xingrg/kc/buy/cgsh_order_operate.html?command=get_materiel_price&rest_code=00101&code=00101029096&unit_code=00100157&supplier_code=00100151&order_time=2021-11-14 HTTP/1.1" 200 30
116.238.248.233 - - [14/Nov/2021:07:42:46 +0800] "GET /xingrg/all/function/internal_message.html?_=1636846962058&CODE_STATE=getMsg HTTP/1.1" 200 27
120.253.135.82 - - [14/Nov/2021:07:42:48 +0800] "POST /xingrg/kc/buy/cgsh_order_operate.html HTTP/1.1" 200 37
180.157.253.6 - - [14/Nov/2021:07:42:50 +0800] "GET /xingrg/all/function/internal_message.html?_=1636846966037&CODE_STATE=getMsg HTTP/1.1" 200 27
120.253.135.82 - - [14/Nov/2021:07:42:53 +0800] "POST /xingrg/kc/buy/cgsh_order_operate.html HTTP/1.1" 200 3347
120.253.135.82 - - [14/Nov/2021:07:42:53 +0800] "GET /xingrg/all/function/internal_message.html?_=1636846741615&CODE_STATE=getMsg HTTP/1.1" 200 27
120.253.135.82 - - [14/Nov/2021:07:43:00 +0800] "GET /xingrg/kc/print/load_data.html?order_code=212021111405805&kc_code=cgsh&condition= HTTP/1.1" 200 972
114.85.125.222 - - [14/Nov/2021:07:43:00 +0800] "GET /xingrg/all/function/internal_message.html?_=1636846959719&CODE_STATE=getMsg HTTP/1.1" 200 27
180.169.147.146 - - [14/Nov/2021:07:43:05 +0800] "GET /xingrg/all/function/internal_message.html?_=1636847047856&CODE_STATE=getMsg HTTP/1.1" 200 27
222.70.171.86 - - [14/Nov/2021:07:43:09 +0800] "GET /xingrg/all/function/internal_message.html?_=1636846986080&CODE_STATE=getMsg HTTP/1.1" 200 27
116.238.248.233 - - [14/Nov/2021:07:43:46 +0800] "GET /xingrg/all/function/internal_message.html?_=1636847022056&CODE_STATE=getMsg HTTP/1.1" 200 27
180.157.253.6 - - [14/Nov/2021:07:43:50 +0800] "GET /xingrg/all/function/internal_message.html?_=1636847026022&CODE_STATE=getMsg HTTP/1.1" 200 27
120.253.135.82 - - [14/Nov/2021:07:43:53 +0800] "GET /xingrg/all/function/internal_message.html?_=1636846801693&CODE_STATE=getMsg HTTP/1.1" 200 27
114.85.125.222 - - [14/Nov/2021:07:44:00 +0800] "GET /xingrg/all/function/internal_message.html?_=1636847019726&CODE_STATE=getMsg HTTP/1.1" 200 27
180.169.147.146 - - [14/Nov/2021:07:44:05 +0800] "GET /xingrg/all/function/internal_message.html?_=1636847107866&CODE_STATE=getMsg HTTP/1.1" 200 27
180.157.253.6 - - [14/Nov/2021:07:44:07 +0800] "GET /xingrg/check_reg.html?_=1636847043123 HTTP/1.1" 200 22
222.70.171.86 - - [14/Nov/2021:07:44:09 +0800] "GET /xingrg/all/function/internal_message.html?_=1636847046083&CODE_STATE=getMsg HTTP/1.1" 200 27
120.253.135.82 - - [14/Nov/2021:07:44:13 +0800] "POST /xingrg/kc/buy/cgsh_order_operate.html HTTP/1.1" 200 37
120.253.135.82 - - [14/Nov/2021:07:44:20 +0800] "POST /xingrg/kc/buy/cgsh_order_operate.html HTTP/1.1" 200 12
120.253.135.82 - - [14/Nov/2021:07:44:22 +0800] "GET /xingrg/kc/buy/cgsh_order_info.html?code=212021111405805 HTTP/1.1" 200 58702
120.253.135.82 - - [14/Nov/2021:07:44:22 +0800] "GET /xingrg/javascript/easyui/themes/default/validatebox.css HTTP/1.1" 404 1104
120.253.135.82 - - [14/Nov/2021:07:44:23 +0800] "POST /xingrg/kc/buy/cgsh_order_operate.html HTTP/1.1" 200 1297
120.253.135.82 - - [14/Nov/2021:07:44:30 +0800] "POST /xingrg/kc/buy/cgsh_list_operate.html HTTP/1.1" 200 876
116.238.248.233 - - [14/Nov/2021:07:44:46 +0800] "GET /xingrg/all/function/internal_message.html?_=1636847082070&CODE_STATE=getMsg HTTP/1.1" 200 27
180.157.253.6 - - [14/Nov/2021:07:44:50 +0800] "GET /xingrg/all/function/internal_message.html?_=1636847085994&CODE_STATE=getMsg HTTP/1.1" 200 27
120.253.135.82 - - [14/Nov/2021:07:44:53 +0800] "GET /xingrg/all/function/internal_message.html?_=1636846861772&CODE_STATE=getMsg HTTP/1.1" 200 27
114.85.125.222 - - [14/Nov/2021:07:45:01 +0800] "GET /xingrg/all/function/internal_message.html?_=1636847079777&CODE_STATE=getMsg HTTP/1.1" 200 27
180.169.147.146 - - [14/Nov/2021:07:45:05 +0800] "GET /xingrg/all/function/internal_message.html?_=1636847167864&CODE_STATE=getMsg HTTP/1.1" 200 27
120.253.135.82 - - [14/Nov/2021:07:45:08 +0800] "GET /xingrg/kc/buy/cgsh_order_add.html HTTP/1.1" 200 63803
120.253.135.82 - - [14/Nov/2021:07:45:09 +0800] "POST /xingrg/kc/buy/cgsh_order_operate.html HTTP/1.1" 200 8245
120.253.135.82 - - [14/Nov/2021:07:45:09 +0800] "GET /xingrg/javascript/easyui/themes/default/validatebox.css HTTP/1.1" 404 1104
222.70.171.86 - - [14/Nov/2021:07:45:09 +0800] "GET /xingrg/all/function/internal_message.html?_=1636847106254&CODE_STATE=getMsg HTTP/1.1" 200 27
120.253.135.82 - - [14/Nov/2021:07:45:18 +0800] "POST /xingrg/all/common/load_combo.html?type=employee HTTP/1.1" 200 2101
120.253.135.82 - - [14/Nov/2021:07:45:29 +0800] "GET /xingrg/kc/buy/cgsh_order_operate.html?command=get_materiel&rest_code=00101&code=00101036002&supplier_code=00100124&order_time=2021-11-14 HTTP/1.1" 200 438
120.253.135.82 - - [14/Nov/2021:07:45:31 +0800] "POST /xingrg/all/common/load_select.html HTTP/1.1" 200 25
120.253.135.82 - - [14/Nov/2021:07:45:36 +0800] "GET /xingrg/kc/buy/cgsh_order_operate.html?command=get_materiel_price&rest_code=00101&code=00101036002&unit_code=00100317&supplier_code=00100124&order_time=2021-11-14 HTTP/1.1" 200 29
114.85.125.222 - - [14/Nov/2021:07:45:39 +0800] "GET /xingrg/check_reg.html?_=1636847118510 HTTP/1.1" 200 22
116.238.248.233 - - [14/Nov/2021:07:45:46 +0800] "GET /xingrg/all/function/internal_message.html?_=1636847142071&CODE_STATE=getMsg HTTP/1.1" 200 27
116.238.248.233 - - [14/Nov/2021:07:45:46 +0800] "GET /xingrg/check_reg.html?_=1636847142075 HTTP/1.1" 200 22
180.157.253.6 - - [14/Nov/2021:07:45:50 +0800] "GET /xingrg/all/function/internal_message.html?_=1636847145978&CODE_STATE=getMsg HTTP/1.1" 200 27
120.253.135.82 - - [14/Nov/2021:07:45:51 +0800] "GET /xingrg/check_reg.html?_=1636846920391 HTTP/1.1" 200 22
120.253.135.82 - - [14/Nov/2021:07:45:53 +0800] "GET /xingrg/all/function/internal_message.html?_=1636846921780&CODE_STATE=getMsg HTTP/1.1" 200 27
114.85.125.222 - - [14/Nov/2021:07:46:01 +0800] "GET /xingrg/all/function/internal_message.html?_=1636847139784&CODE_STATE=getMsg HTTP/1.1" 200 27
180.169.147.146 - - [14/Nov/2021:07:46:05 +0800] "GET /xingrg/all/function/internal_message.html?_=1636847227864&CODE_STATE=getMsg HTTP/1.1" 200 27
180.169.147.146 - - [14/Nov/2021:07:46:05 +0800] "GET /xingrg/check_reg.html?_=1636847227866 HTTP/1.1" 200 22
222.70.171.86 - - [14/Nov/2021:07:46:05 +0800] "GET /xingrg/check_reg.html?_=1636847161823 HTTP/1.1" 200 22
120.253.135.82 - - [14/Nov/2021:07:46:08 +0800] "POST /xingrg/kc/buy/cgsh_order_operate.html HTTP/1.1" 200 37
222.70.171.86 - - [14/Nov/2021:07:46:09 +0800] "GET /xingrg/all/function/internal_message.html?_=1636847166266&CODE_STATE=getMsg HTTP/1.1" 200 27
120.253.135.82 - - [14/Nov/2021:07:46:11 +0800] "POST /xingrg/kc/buy/cgsh_order_operate.html HTTP/1.1" 200 2663
120.253.135.82 - - [14/Nov/2021:07:46:41 +0800] "POST /xingrg/kc/buy/cgsh_order_operate.html HTTP/1.1" 200 37
120.253.135.82 - - [14/Nov/2021:07:46:42 +0800] "POST /xingrg/kc/buy/cgsh_order_operate.html HTTP/1.1" 200 2663
120.253.135.82 - - [14/Nov/2021:07:46:44 +0800] "GET /xingrg/kc/print/load_data.html?order_code=212021111405806&kc_code=cgsh&condition= HTTP/1.1" 200 753
116.238.248.233 - - [14/Nov/2021:07:46:46 +0800] "GET /xingrg/all/function/internal_message.html?_=1636847202076&CODE_STATE=getMsg HTTP/1.1" 200 27
180.157.253.6 - - [14/Nov/2021:07:46:50 +0800] "GET /xingrg/all/function/internal_message.html?_=1636847205963&CODE_STATE=getMsg HTTP/1.1" 200 27
120.253.135.82 - - [14/Nov/2021:07:46:53 +0800] "GET /xingrg/all/function/internal_message.html?_=1636846981794&CODE_STATE=getMsg HTTP/1.1" 200 27
114.85.125.222 - - [14/Nov/2021:07:47:01 +0800] "GET /xingrg/all/function/internal_message.html?_=1636847199798&CODE_STATE=getMsg HTTP/1.1" 200 27
180.169.147.146 - - [14/Nov/2021:07:47:05 +0800] "GET /xingrg/all/function/internal_message.html?_=1636847287911&CODE_STATE=getMsg HTTP/1.1" 200 27
222.70.171.86 - - [14/Nov/2021:07:47:09 +0800] "GET /xingrg/all/function/internal_message.html?_=1636847226279&CODE_STATE=getMsg HTTP/1.1" 200 27
116.238.248.233 - - [14/Nov/2021:07:47:46 +0800] "GET /xingrg/all/function/internal_message.html?_=1636847262075&CODE_STATE=getMsg HTTP/1.1" 200 27
180.157.253.6 - - [14/Nov/2021:07:47:50 +0800] "GET /xingrg/all/function/internal_message.html?_=1636847265950&CODE_STATE=getMsg HTTP/1.1" 200 27
120.253.135.82 - - [14/Nov/2021:07:47:53 +0800] "GET /xingrg/all/function/internal_message.html?_=1636847041881&CODE_STATE=getMsg HTTP/1.1" 200 27
114.85.125.222 - - [14/Nov/2021:07:48:01 +0800] "GET /xingrg/all/function/internal_message.html?_=1636847259850&CODE_STATE=getMsg HTTP/1.1" 200 27
180.169.147.146 - - [14/Nov/2021:07:48:05 +0800] "GET /xingrg/all/function/internal_message.html?_=1636847347869&CODE_STATE=getMsg HTTP/1.1" 200 27
222.70.171.86 - - [14/Nov/2021:07:48:09 +0800] "GET /xingrg/all/function/internal_message.html?_=1636847286419&CODE_STATE=getMsg HTTP/1.1" 200 27
120.253.135.82 - - [14/Nov/2021:07:48:14 +0800] "POST /xingrg/kc/buy/cgsh_order_operate.html HTTP/1.1" 200 37
120.253.135.82 - - [14/Nov/2021:07:48:17 +0800] "POST /xingrg/kc/buy/cgsh_order_operate.html HTTP/1.1" 200 12
120.253.135.82 - - [14/Nov/2021:07:48:19 +0800] "GET /xingrg/kc/buy/cgsh_order_info.html?code=212021111405806 HTTP/1.1" 200 58718
120.253.135.82 - - [14/Nov/2021:07:48:20 +0800] "GET /xingrg/javascript/easyui/themes/default/validatebox.css HTTP/1.1" 404 1104
120.253.135.82 - - [14/Nov/2021:07:48:20 +0800] "POST /xingrg/kc/buy/cgsh_order_operate.html HTTP/1.1" 200 613
120.253.135.82 - - [14/Nov/2021:07:48:24 +0800] "POST /xingrg/kc/buy/cgsh_list_operate.html HTTP/1.1" 200 876
120.253.135.82 - - [14/Nov/2021:07:48:26 +0800] "GET /xingrg/kc/buy/cgsh_order_add.html HTTP/1.1" 200 63803
120.253.135.82 - - [14/Nov/2021:07:48:26 +0800] "POST /xingrg/kc/buy/cgsh_order_operate.html HTTP/1.1" 200 8245
120.253.135.82 - - [14/Nov/2021:07:48:27 +0800] "GET /xingrg/javascript/easyui/themes/default/validatebox.css HTTP/1.1" 404 1104
120.253.135.82 - - [14/Nov/2021:07:48:37 +0800] "POST /xingrg/all/common/load_combo.html?type=employee HTTP/1.1" 200 2101
116.238.248.233 - - [14/Nov/2021:07:48:46 +0800] "GET /xingrg/all/function/internal_message.html?_=1636847322073&CODE_STATE=getMsg HTTP/1.1" 200 27
180.157.253.6 - - [14/Nov/2021:07:48:50 +0800] "GET /xingrg/all/function/internal_message.html?_=1636847325920&CODE_STATE=getMsg HTTP/1.1" 200 27
120.253.135.82 - - [14/Nov/2021:07:48:52 +0800] "GET /xingrg/kc/buy/cgsh_order_operate.html?command=get_materiel&rest_code=00101&code=00101014033&supplier_code=00100211&order_time=2021-11-14 HTTP/1.1" 200 434
120.253.135.82 - - [14/Nov/2021:07:48:53 +0800] "GET /xingrg/all/function/internal_message.html?_=1636847101884&CODE_STATE=getMsg HTTP/1.1" 200 27
114.85.125.222 - - [14/Nov/2021:07:49:01 +0800] "GET /xingrg/all/function/internal_message.html?_=1636847319856&CODE_STATE=getMsg HTTP/1.1" 200 27
180.169.147.146 - - [14/Nov/2021:07:49:05 +0800] "GET /xingrg/all/function/internal_message.html?_=1636847407863&CODE_STATE=getMsg HTTP/1.1" 200 27
180.157.253.6 - - [14/Nov/2021:07:49:07 +0800] "GET /xingrg/check_reg.html?_=1636847343114 HTTP/1.1" 200 22
222.70.171.86 - - [14/Nov/2021:07:49:09 +0800] "GET /xingrg/all/function/internal_message.html?_=1636847346432&CODE_STATE=getMsg HTTP/1.1" 200 27
120.253.135.82 - - [14/Nov/2021:07:49:13 +0800] "POST /xingrg/kc/buy/cgsh_order_operate.html HTTP/1.1" 200 37
120.253.135.82 - - [14/Nov/2021:07:49:20 +0800] "POST /xingrg/kc/buy/cgsh_order_operate.html HTTP/1.1" 200 2666
120.253.135.82 - - [14/Nov/2021:07:49:24 +0800] "GET /xingrg/kc/print/load_data.html?order_code=212021111405807&kc_code=cgsh&condition= HTTP/1.1" 200 671
116.238.248.233 - - [14/Nov/2021:07:49:46 +0800] "GET /xingrg/all/function/internal_message.html?_=1636847382083&CODE_STATE=getMsg HTTP/1.1" 200 27
180.157.253.6 - - [14/Nov/2021:07:49:50 +0800] "GET /xingrg/all/function/internal_message.html?_=1636847385893&CODE_STATE=getMsg HTTP/1.1" 200 27
120.253.135.82 - - [14/Nov/2021:07:49:53 +0800] "GET /xingrg/all/function/internal_message.html?_=1636847161897&CODE_STATE=getMsg HTTP/1.1" 200 27
114.85.125.222 - - [14/Nov/2021:07:50:01 +0800] "GET /xingrg/all/function/internal_message.html?_=1636847379912&CODE_STATE=getMsg HTTP/1.1" 200 27
180.169.147.146 - - [14/Nov/2021:07:50:05 +0800] "GET /xingrg/all/function/internal_message.html?_=1636847467866&CODE_STATE=getMsg HTTP/1.1" 200 27
222.70.171.86 - - [14/Nov/2021:07:50:09 +0800] "GET /xingrg/all/function/internal_message.html?_=1636847406591&CODE_STATE=getMsg HTTP/1.1" 200 27
114.85.125.222 - - [14/Nov/2021:07:50:39 +0800] "GET /xingrg/check_reg.html?_=1636847418512 HTTP/1.1" 200 22
116.238.248.233 - - [14/Nov/2021:07:50:46 +0800] "GET /xingrg/check_reg.html?_=1636847442093 HTTP/1.1" 200 22
116.238.248.233 - - [14/Nov/2021:07:50:46 +0800] "GET /xingrg/all/function/internal_message.html?_=1636847442082&CODE_STATE=getMsg HTTP/1.1" 200 27
180.157.253.6 - - [14/Nov/2021:07:50:50 +0800] "GET /xingrg/all/function/internal_message.html?_=1636847445878&CODE_STATE=getMsg HTTP/1.1" 200 27
120.253.135.82 - - [14/Nov/2021:07:50:52 +0800] "GET /xingrg/check_reg.html?_=1636847220404 HTTP/1.1" 200 22
120.253.135.82 - - [14/Nov/2021:07:50:53 +0800] "GET /xingrg/all/function/internal_message.html?_=1636847221973&CODE_STATE=getMsg HTTP/1.1" 200 27
114.85.125.222 - - [14/Nov/2021:07:51:01 +0800] "GET /xingrg/all/function/internal_message.html?_=1636847439915&CODE_STATE=getMsg HTTP/1.1" 200 27
180.169.147.146 - - [14/Nov/2021:07:51:05 +0800] "GET /xingrg/check_reg.html?_=1636847527865 HTTP/1.1" 200 22
180.169.147.146 - - [14/Nov/2021:07:51:05 +0800] "GET /xingrg/all/function/internal_message.html?_=1636847527866&CODE_STATE=getMsg HTTP/1.1" 200 27
222.70.171.86 - - [14/Nov/2021:07:51:05 +0800] "GET /xingrg/check_reg.html?_=1636847461830 HTTP/1.1" 200 22
222.70.171.86 - - [14/Nov/2021:07:51:09 +0800] "GET /xingrg/all/function/internal_message.html?_=1636847466599&CODE_STATE=getMsg HTTP/1.1" 200 27
116.238.248.233 - - [14/Nov/2021:07:51:46 +0800] "GET /xingrg/all/function/internal_message.html?_=1636847502092&CODE_STATE=getMsg HTTP/1.1" 200 27
180.157.253.6 - - [14/Nov/2021:07:51:50 +0800] "GET /xingrg/all/function/internal_message.html?_=1636847505863&CODE_STATE=getMsg HTTP/1.1" 200 27
120.253.135.82 - - [14/Nov/2021:07:51:53 +0800] "GET /xingrg/all/function/internal_message.html?_=1636847282065&CODE_STATE=getMsg HTTP/1.1" 200 27
114.85.125.222 - - [14/Nov/2021:07:52:01 +0800] "GET /xingrg/all/function/internal_message.html?_=1636847499928&CODE_STATE=getMsg HTTP/1.1" 200 27
180.169.147.146 - - [14/Nov/2021:07:52:05 +0800] "GET /xingrg/all/function/internal_message.html?_=1636847587891&CODE_STATE=getMsg HTTP/1.1" 200 27
222.70.171.86 - - [14/Nov/2021:07:52:09 +0800] "GET /xingrg/all/function/internal_message.html?_=1636847526612&CODE_STATE=getMsg HTTP/1.1" 200 27
120.253.135.82 - - [14/Nov/2021:07:52:32 +0800] "POST /xingrg/kc/buy/cgsh_order_operate.html HTTP/1.1" 200 37
120.253.135.82 - - [14/Nov/2021:07:52:35 +0800] "POST /xingrg/kc/buy/cgsh_order_operate.html HTTP/1.1" 200 12
120.253.135.82 - - [14/Nov/2021:07:52:37 +0800] "GET /xingrg/kc/buy/cgsh_order_info.html?code=212021111405807 HTTP/1.1" 200 58708
120.253.135.82 - - [14/Nov/2021:07:52:38 +0800] "GET /xingrg/javascript/easyui/themes/default/validatebox.css HTTP/1.1" 404 1104
120.253.135.82 - - [14/Nov/2021:07:52:38 +0800] "POST /xingrg/kc/buy/cgsh_order_operate.html HTTP/1.1" 200 616
120.253.135.82 - - [14/Nov/2021:07:52:42 +0800] "POST /xingrg/kc/buy/cgsh_list_operate.html HTTP/1.1" 200 876
120.253.135.82 - - [14/Nov/2021:07:52:44 +0800] "POST /xingrg/kc/buy/cgsh_list_operate.html HTTP/1.1" 200 876
120.253.135.82 - - [14/Nov/2021:07:52:44 +0800] "POST /xingrg/kc/buy/cgsh_list_operate.html HTTP/1.1" 200 876
116.238.248.233 - - [14/Nov/2021:07:52:46 +0800] "GET /xingrg/all/function/internal_message.html?_=1636847562096&CODE_STATE=getMsg HTTP/1.1" 200 27
180.157.253.6 - - [14/Nov/2021:07:52:50 +0800] "GET /xingrg/all/function/internal_message.html?_=1636847565848&CODE_STATE=getMsg HTTP/1.1" 200 27
120.253.135.82 - - [14/Nov/2021:07:52:53 +0800] "GET /xingrg/all/function/internal_message.html?_=1636847342157&CODE_STATE=getMsg HTTP/1.1" 200 27
120.253.135.82 - - [14/Nov/2021:07:52:59 +0800] "GET /xingrg/kc/buy/cgsh_order_list.html HTTP/1.1" 200 49004
120.253.135.82 - - [14/Nov/2021:07:53:00 +0800] "POST /xingrg/kc/buy/cgsh_list_operate.html HTTP/1.1" 200 876
114.85.125.222 - - [14/Nov/2021:07:53:01 +0800] "GET /xingrg/all/function/internal_message.html?_=1636847559976&CODE_STATE=getMsg HTTP/1.1" 200 27
120.253.135.82 - - [14/Nov/2021:07:53:03 +0800] "GET /xingrg/kc/pszx/mdqp_order_list.html?state=10 HTTP/1.1" 200 10217
120.253.135.82 - - [14/Nov/2021:07:53:03 +0800] "GET /xingrg/dwr/interface/AjaxReportQueryService.js HTTP/1.1" 200 13203
120.253.135.82 - - [14/Nov/2021:07:53:03 +0800] "GET /xingrg/dwr/interface/AjaxQqpsService.js HTTP/1.1" 200 16326
120.253.135.82 - - [14/Nov/2021:07:53:03 +0800] "GET /xingrg/dwr/engine.js HTTP/1.1" 200 43631
120.253.135.82 - - [14/Nov/2021:07:53:04 +0800] "GET /xingrg/kc/pszx/mdps_order_list.html?orderType=0 HTTP/1.1" 200 21089
180.169.147.146 - - [14/Nov/2021:07:53:05 +0800] "GET /xingrg/all/function/internal_message.html?_=1636847647885&CODE_STATE=getMsg HTTP/1.1" 200 27
120.253.135.82 - - [14/Nov/2021:07:53:05 +0800] "POST /xingrg/kc/pszx/mdps_list_operate.html HTTP/1.1" 200 5229
222.70.171.86 - - [14/Nov/2021:07:53:10 +0800] "GET /xingrg/all/function/internal_message.html?_=1636847586755&CODE_STATE=getMsg HTTP/1.1" 200 27
120.253.135.82 - - [14/Nov/2021:07:53:18 +0800] "POST /xingrg/kc/pszx/mdps_list_operate.html HTTP/1.1" 200 3919
120.253.135.82 - - [14/Nov/2021:07:53:19 +0800] "POST /xingrg/kc/pszx/mdps_list_operate.html HTTP/1.1" 200 203
120.253.135.82 - - [14/Nov/2021:07:53:20 +0800] "GET /xingrg/kc/pszx/mdps_order_info.html?code=312021110800242 HTTP/1.1" 200 23931
120.253.135.82 - - [14/Nov/2021:07:53:20 +0800] "GET /xingrg/javascript/easyui/themes/default/validatebox.css HTTP/1.1" 404 1104
120.253.135.82 - - [14/Nov/2021:07:53:20 +0800] "POST /xingrg/kc/pszx/mdps_order_operate.html HTTP/1.1" 200 2279
120.253.135.82 - - [14/Nov/2021:07:53:24 +0800] "POST /xingrg/kc/pszx/mdps_list_operate.html HTTP/1.1" 200 284
120.253.135.82 - - [14/Nov/2021:07:53:25 +0800] "POST /xingrg/kc/pszx/mdps_list_operate.html HTTP/1.1" 200 211
120.253.135.82 - - [14/Nov/2021:07:53:26 +0800] "POST /xingrg/kc/pszx/mdps_list_operate.html HTTP/1.1" 200 208
120.253.135.82 - - [14/Nov/2021:07:53:27 +0800] "POST /xingrg/kc/pszx/mdps_list_operate.html HTTP/1.1" 200 311
120.253.135.82 - - [14/Nov/2021:07:53:28 +0800] "POST /xingrg/kc/pszx/mdps_list_operate.html HTTP/1.1" 200 538
120.253.135.82 - - [14/Nov/2021:07:53:30 +0800] "GET /xingrg/kc/pszx/mdps_order_info.html?code=312021111300370 HTTP/1.1" 200 23931
120.253.135.82 - - [14/Nov/2021:07:53:31 +0800] "GET /xingrg/javascript/easyui/themes/default/validatebox.css HTTP/1.1" 404 1104
120.253.135.82 - - [14/Nov/2021:07:53:31 +0800] "POST /xingrg/kc/pszx/mdps_order_operate.html HTTP/1.1" 200 2842
116.238.248.233 - - [14/Nov/2021:07:53:46 +0800] "GET /xingrg/all/function/internal_message.html?_=1636847622094&CODE_STATE=getMsg HTTP/1.1" 200 27
180.157.253.6 - - [14/Nov/2021:07:53:49 +0800] "GET /xingrg/all/function/internal_message.html?_=1636847625833&CODE_STATE=getMsg HTTP/1.1" 200 27
120.253.135.82 - - [14/Nov/2021:07:53:51 +0800] "POST /xingrg/kc/pszx/mdps_list_operate.html HTTP/1.1" 200 3919
120.253.135.82 - - [14/Nov/2021:07:53:53 +0800] "GET /xingrg/all/function/internal_message.html?_=1636847402186&CODE_STATE=getMsg HTTP/1.1" 200 27
114.85.125.222 - - [14/Nov/2021:07:54:01 +0800] "GET /xingrg/all/function/internal_message.html?_=1636847619986&CODE_STATE=getMsg HTTP/1.1" 200 27
120.253.135.82 - - [14/Nov/2021:07:54:01 +0800] "POST /xingrg/kc/pszx/mdps_list_operate.html HTTP/1.1" 200 3208
120.253.135.82 - - [14/Nov/2021:07:54:03 +0800] "POST /xingrg/kc/pszx/mdps_list_operate.html HTTP/1.1" 200 203
120.253.135.82 - - [14/Nov/2021:07:54:04 +0800] "POST /xingrg/kc/pszx/mdps_list_operate.html HTTP/1.1" 200 367
180.169.147.146 - - [14/Nov/2021:07:54:05 +0800] "GET /xingrg/all/function/internal_message.html?_=1636847707883&CODE_STATE=getMsg HTTP/1.1" 200 27
180.157.253.6 - - [14/Nov/2021:07:54:07 +0800] "GET /xingrg/check_reg.html?_=1636847643121 HTTP/1.1" 200 22
120.253.135.82 - - [14/Nov/2021:07:54:08 +0800] "POST /xingrg/kc/pszx/mdps_list_operate.html HTTP/1.1" 200 605
120.253.135.82 - - [14/Nov/2021:07:54:09 +0800] "GET /xingrg/kc/pszx/mdps_order_info.html?code=312021111300365 HTTP/1.1" 200 23935
120.253.135.82 - - [14/Nov/2021:07:54:09 +0800] "POST /xingrg/kc/pszx/mdps_order_operate.html HTTP/1.1" 200 5274
120.253.135.82 - - [14/Nov/2021:07:54:09 +0800] "GET /xingrg/javascript/easyui/themes/default/validatebox.css HTTP/1.1" 404 1104
222.70.171.86 - - [14/Nov/2021:07:54:10 +0800] "GET /xingrg/all/function/internal_message.html?_=1636847646765&CODE_STATE=getMsg HTTP/1.1" 200 27
120.253.135.82 - - [14/Nov/2021:07:54:13 +0800] "POST /xingrg/kc/pszx/mdps_list_operate.html HTTP/1.1" 200 3208
116.238.248.233 - - [14/Nov/2021:07:54:46 +0800] "GET /xingrg/all/function/internal_message.html?_=1636847682093&CODE_STATE=getMsg HTTP/1.1" 200 27
180.157.253.6 - - [14/Nov/2021:07:54:49 +0800] "GET /xingrg/all/function/internal_message.html?_=1636847685805&CODE_STATE=getMsg HTTP/1.1" 200 27
120.253.135.82 - - [14/Nov/2021:07:54:53 +0800] "GET /xingrg/all/function/internal_message.html?_=1636847462297&CODE_STATE=getMsg HTTP/1.1" 200 27
114.85.125.222 - - [14/Nov/2021:07:55:01 +0800] "GET /xingrg/all/function/internal_message.html?_=1636847680036&CODE_STATE=getMsg HTTP/1.1" 200 27
180.169.147.146 - - [14/Nov/2021:07:55:05 +0800] "GET /xingrg/all/function/internal_message.html?_=1636847767882&CODE_STATE=getMsg HTTP/1.1" 200 27
222.70.171.86 - - [14/Nov/2021:07:55:10 +0800] "GET /xingrg/all/function/internal_message.html?_=1636847706914&CODE_STATE=getMsg HTTP/1.1" 200 27
114.85.125.222 - - [14/Nov/2021:07:55:39 +0800] "GET /xingrg/check_reg.html?_=1636847718516 HTTP/1.1" 200 22
116.238.248.233 - - [14/Nov/2021:07:55:46 +0800] "GET /xingrg/all/function/internal_message.html?_=1636847742093&CODE_STATE=getMsg HTTP/1.1" 200 27
116.238.248.233 - - [14/Nov/2021:07:55:46 +0800] "GET /xingrg/check_reg.html?_=1636847742095 HTTP/1.1" 200 22
180.157.253.6 - - [14/Nov/2021:07:55:49 +0800] "GET /xingrg/all/function/internal_message.html?_=1636847745790&CODE_STATE=getMsg HTTP/1.1" 200 27
120.253.135.82 - - [14/Nov/2021:07:55:52 +0800] "GET /xingrg/check_reg.html?_=1636847520403 HTTP/1.1" 200 22
120.253.135.82 - - [14/Nov/2021:07:55:53 +0800] "GET /xingrg/all/function/internal_message.html?_=1636847522306&CODE_STATE=getMsg HTTP/1.1" 200 27
114.85.125.222 - - [14/Nov/2021:07:56:01 +0800] "GET /xingrg/all/function/internal_message.html?_=1636847740045&CODE_STATE=getMsg HTTP/1.1" 200 27
222.70.171.86 - - [14/Nov/2021:07:56:05 +0800] "GET /xingrg/check_reg.html?_=1636847761833 HTTP/1.1" 200 22
180.169.147.146 - - [14/Nov/2021:07:56:05 +0800] "GET /xingrg/all/function/internal_message.html?_=1636847827913&CODE_STATE=getMsg HTTP/1.1" 200 27
180.169.147.146 - - [14/Nov/2021:07:56:05 +0800] "GET /xingrg/check_reg.html?_=1636847827927 HTTP/1.1" 200 22
222.70.171.86 - - [14/Nov/2021:07:56:10 +0800] "GET /xingrg/all/function/internal_message.html?_=1636847766916&CODE_STATE=getMsg HTTP/1.1" 200 27
116.238.248.233 - - [14/Nov/2021:07:56:46 +0800] "GET /xingrg/all/function/internal_message.html?_=1636847802093&CODE_STATE=getMsg HTTP/1.1" 200 27
120.253.135.82 - - [14/Nov/2021:07:56:46 +0800] "GET /xingrg/kc/report/report_main.html HTTP/1.1" 200 9370
120.253.135.82 - - [14/Nov/2021:07:56:49 +0800] "GET /xingrg/kc/base/kc_stocks.html HTTP/1.1" 200 16437
120.253.135.82 - - [14/Nov/2021:07:56:49 +0800] "GET /xingrg/javascript/easyui/themes/default/tree.css HTTP/1.1" 404 1090
180.157.253.6 - - [14/Nov/2021:07:56:49 +0800] "GET /xingrg/all/function/internal_message.html?_=1636847805761&CODE_STATE=getMsg HTTP/1.1" 200 27
120.253.135.82 - - [14/Nov/2021:07:56:49 +0800] "POST /xingrg/all/common/load_tree.html?tree=materiel_sort_tree_json HTTP/1.1" 200 9388
120.253.135.82 - - [14/Nov/2021:07:56:51 +0800] "POST /xingrg/all/common/load_combo.html?type=base HTTP/1.1" 200 1075
120.253.135.82 - - [14/Nov/2021:07:56:53 +0800] "GET /xingrg/all/function/internal_message.html?_=1636847582320&CODE_STATE=getMsg HTTP/1.1" 200 27
114.85.125.222 - - [14/Nov/2021:07:57:01 +0800] "GET /xingrg/all/function/internal_message.html?_=1636847800059&CODE_STATE=getMsg HTTP/1.1" 200 27
180.169.147.146 - - [14/Nov/2021:07:57:05 +0800] "GET /xingrg/all/function/internal_message.html?_=1636847887895&CODE_STATE=getMsg HTTP/1.1" 200 27
222.70.171.86 - - [14/Nov/2021:07:57:10 +0800] "GET /xingrg/all/function/internal_message.html?_=1636847826930&CODE_STATE=getMsg HTTP/1.1" 200 27
120.253.135.82 - - [14/Nov/2021:07:57:19 +0800] "POST /xingrg/kc/base/stock_operate.html HTTP/1.1" 200 1478
120.253.135.82 - - [14/Nov/2021:07:57:39 +0800] "POST /xingrg/kc/base/stock_operate.html HTTP/1.1" 200 2303
116.238.248.233 - - [14/Nov/2021:07:57:46 +0800] "GET /xingrg/all/function/internal_message.html?_=1636847862092&CODE_STATE=getMsg HTTP/1.1" 200 27
180.157.253.6 - - [14/Nov/2021:07:57:49 +0800] "GET /xingrg/all/function/internal_message.html?_=1636847865747&CODE_STATE=getMsg HTTP/1.1" 200 27
120.253.135.82 - - [14/Nov/2021:07:57:53 +0800] "GET /xingrg/all/function/internal_message.html?_=1636847642334&CODE_STATE=getMsg HTTP/1.1" 200 27
114.85.125.222 - - [14/Nov/2021:07:58:01 +0800] "GET /xingrg/all/function/internal_message.html?_=1636847860108&CODE_STATE=getMsg HTTP/1.1" 200 27
180.169.147.146 - - [14/Nov/2021:07:58:05 +0800] "GET /xingrg/all/function/internal_message.html?_=1636847947894&CODE_STATE=getMsg HTTP/1.1" 200 27
222.70.171.86 - - [14/Nov/2021:07:58:10 +0800] "GET /xingrg/all/function/internal_message.html?_=1636847887066&CODE_STATE=getMsg HTTP/1.1" 200 27
120.253.135.82 - - [14/Nov/2021:07:58:44 +0800] "POST /xingrg/kc/base/stock_operate.html HTTP/1.1" 200 1481
116.238.248.233 - - [14/Nov/2021:07:58:46 +0800] "GET /xingrg/all/function/internal_message.html?_=1636847922118&CODE_STATE=getMsg HTTP/1.1" 200 27
180.157.253.6 - - [14/Nov/2021:07:58:49 +0800] "GET /xingrg/all/function/internal_message.html?_=1636847925758&CODE_STATE=getMsg HTTP/1.1" 200 27
120.253.135.82 - - [14/Nov/2021:07:58:53 +0800] "GET /xingrg/all/function/internal_message.html?_=1636847702348&CODE_STATE=getMsg HTTP/1.1" 200 27
114.85.125.222 - - [14/Nov/2021:07:59:01 +0800] "GET /xingrg/all/function/internal_message.html?_=1636847920117&CODE_STATE=getMsg HTTP/1.1" 200 27
180.169.147.146 - - [14/Nov/2021:07:59:05 +0800] "GET /xingrg/all/function/internal_message.html?_=1636848007896&CODE_STATE=getMsg HTTP/1.1" 200 27
120.253.135.82 - - [14/Nov/2021:07:59:05 +0800] "POST /xingrg/kc/base/stock_operate.html HTTP/1.1" 200 1725
180.157.253.6 - - [14/Nov/2021:07:59:07 +0800] "GET /xingrg/check_reg.html?_=1636847943139 HTTP/1.1" 200 22
222.70.171.86 - - [14/Nov/2021:07:59:10 +0800] "GET /xingrg/all/function/internal_message.html?_=1636847947066&CODE_STATE=getMsg HTTP/1.1" 200 27
120.253.135.82 - - [14/Nov/2021:07:59:27 +0800] "POST /xingrg/kc/base/stock_operate.html HTTP/1.1" 200 1459
120.253.135.82 - - [14/Nov/2021:07:59:46 +0800] "POST /xingrg/kc/base/stock_operate.html HTTP/1.1" 200 1706
116.238.248.233 - - [14/Nov/2021:07:59:46 +0800] "GET /xingrg/all/function/internal_message.html?_=1636847982117&CODE_STATE=getMsg HTTP/1.1" 200 27
180.157.253.6 - - [14/Nov/2021:07:59:49 +0800] "GET /xingrg/all/function/internal_message.html?_=1636847985730&CODE_STATE=getMsg HTTP/1.1" 200 27
120.253.135.82 - - [14/Nov/2021:07:59:53 +0800] "GET /xingrg/all/function/internal_message.html?_=1636847762360&CODE_STATE=getMsg HTTP/1.1" 200 27
114.85.125.222 - - [14/Nov/2021:08:00:01 +0800] "GET /xingrg/all/function/internal_message.html?_=1636847980164&CODE_STATE=getMsg HTTP/1.1" 200 27
120.253.135.82 - - [14/Nov/2021:08:00:03 +0800] "POST /xingrg/kc/base/stock_operate.html HTTP/1.1" 200 1458
180.169.147.146 - - [14/Nov/2021:08:00:05 +0800] "GET /xingrg/all/function/internal_message.html?_=1636848067885&CODE_STATE=getMsg HTTP/1.1" 200 27
222.70.171.86 - - [14/Nov/2021:08:00:10 +0800] "GET /xingrg/all/function/internal_message.html?_=1636848007202&CODE_STATE=getMsg HTTP/1.1" 200 27
120.253.135.82 - - [14/Nov/2021:08:00:15 +0800] "POST /xingrg/kc/base/stock_operate.html HTTP/1.1" 200 1464
114.85.125.222 - - [14/Nov/2021:08:00:39 +0800] "GET /xingrg/check_reg.html?_=1636848018524 HTTP/1.1" 200 22
120.253.135.82 - - [14/Nov/2021:08:00:40 +0800] "POST /xingrg/kc/base/stock_operate.html HTTP/1.1" 200 1483
116.238.248.233 - - [14/Nov/2021:08:00:46 +0800] "GET /xingrg/all/function/internal_message.html?_=1636848042120&CODE_STATE=getMsg HTTP/1.1" 200 27
116.238.248.233 - - [14/Nov/2021:08:00:46 +0800] "GET /xingrg/check_reg.html?_=1636848042121 HTTP/1.1" 200 22
180.157.253.6 - - [14/Nov/2021:08:00:49 +0800] "GET /xingrg/all/function/internal_message.html?_=1636848045715&CODE_STATE=getMsg HTTP/1.1" 200 27
120.253.135.82 - - [14/Nov/2021:08:00:52 +0800] "GET /xingrg/check_reg.html?_=1636847820413 HTTP/1.1" 200 22
120.253.135.82 - - [14/Nov/2021:08:00:53 +0800] "GET /xingrg/all/function/internal_message.html?_=1636847822374&CODE_STATE=getMsg HTTP/1.1" 200 27
120.253.135.82 - - [14/Nov/2021:08:00:59 +0800] "POST /xingrg/kc/base/stock_operate.html HTTP/1.1" 200 1463
114.85.125.222 - - [14/Nov/2021:08:01:01 +0800] "GET /xingrg/all/function/internal_message.html?_=1636848040175&CODE_STATE=getMsg HTTP/1.1" 200 27
180.169.147.146 - - [14/Nov/2021:08:01:05 +0800] "GET /xingrg/all/function/internal_message.html?_=1636848127884&CODE_STATE=getMsg HTTP/1.1" 200 27
180.169.147.146 - - [14/Nov/2021:08:01:05 +0800] "GET /xingrg/check_reg.html?_=1636848127901 HTTP/1.1" 200 22
222.70.171.86 - - [14/Nov/2021:08:01:05 +0800] "GET /xingrg/check_reg.html?_=1636848061839 HTTP/1.1" 200 22
222.70.171.86 - - [14/Nov/2021:08:01:10 +0800] "GET /xingrg/all/function/internal_message.html?_=1636848067202&CODE_STATE=getMsg HTTP/1.1" 200 27
120.253.135.82 - - [14/Nov/2021:08:01:29 +0800] "POST /xingrg/kc/base/stock_operate.html HTTP/1.1" 200 1482
116.238.248.233 - - [14/Nov/2021:08:01:46 +0800] "GET /xingrg/all/function/internal_message.html?_=1636848102121&CODE_STATE=getMsg HTTP/1.1" 200 27
120.253.135.82 - - [14/Nov/2021:08:01:47 +0800] "POST /xingrg/kc/base/stock_operate.html HTTP/1.1" 200 1462
180.157.253.6 - - [14/Nov/2021:08:01:49 +0800] "GET /xingrg/all/function/internal_message.html?_=1636848105700&CODE_STATE=getMsg HTTP/1.1" 200 27
120.253.135.82 - - [14/Nov/2021:08:01:53 +0800] "GET /xingrg/all/function/internal_message.html?_=1636847882388&CODE_STATE=getMsg HTTP/1.1" 200 27
114.85.125.222 - - [14/Nov/2021:08:02:01 +0800] "GET /xingrg/all/function/internal_message.html?_=1636848100189&CODE_STATE=getMsg HTTP/1.1" 200 27
