61.151.178.180 - - [14/Nov/2021:10:14:42 +0800] "GET /xingrg/all/function/internal_message.html?_=1636856016605&CODE_STATE=getMsg HTTP/1.1" 302 -
101.85.238.236 - - [14/Nov/2021:10:14:42 +0800] "GET /xingrg/all/function/internal_message.html?_=1636856078463&CODE_STATE=getMsg HTTP/1.1" 200 27
58.37.231.44 - - [14/Nov/2021:10:14:43 +0800] "GET /xingrg/all/function/internal_message.html?_=1636855909318&CODE_STATE=getMsg HTTP/1.1" 200 27
116.227.210.113 - - [14/Nov/2021:10:14:43 +0800] "GET /xingrg/all/function/internal_message.html?_=1636856062020&CODE_STATE=getMsg HTTP/1.1" 200 27
172.20.0.100 - - [14/Nov/2021:10:14:43 +0800] "GET /xingrg/all/function/internal_message.html?_=1636856075140&CODE_STATE=getMsg HTTP/1.1" 200 27
61.151.178.180 - - [14/Nov/2021:10:14:43 +0800] "GET /xingrg/login.html HTTP/1.1" 200 7641
101.85.238.236 - - [14/Nov/2021:10:14:44 +0800] "GET /xingrg/kc/buy/cgsh_order_operate.html?command=get_materiel&rest_code=00102&code=00101008163&supplier_code=00100008&order_time=2021-11-14 HTTP/1.1" 200 409
116.238.248.233 - - [14/Nov/2021:10:14:45 +0800] "POST /xingrg/kc/base/wldb_order_operate.html HTTP/1.1" 200 37
101.91.62.89 - - [14/Nov/2021:10:14:46 +0800] "GET /xingrg/kc/buy/cgsh_order_operate.html?command=get_materiel&rest_code=00106&code=00101008352&supplier_code=00100007&order_time=2021-11-14 HTTP/1.1" 302 -
180.157.253.6 - - [14/Nov/2021:10:14:47 +0800] "GET /xingrg/all/function/internal_message.html?_=1636856083282&CODE_STATE=getMsg HTTP/1.1" 200 27
101.91.62.89 - - [14/Nov/2021:10:14:47 +0800] "GET /xingrg/login.html HTTP/1.1" 200 7641
116.238.248.233 - - [14/Nov/2021:10:14:48 +0800] "POST /xingrg/kc/base/wldb_order_operate.html HTTP/1.1" 200 12
116.238.248.233 - - [14/Nov/2021:10:14:48 +0800] "POST /xingrg/kc/base/wldb_order_operate.html HTTP/1.1" 200 3195
124.78.153.86 - - [14/Nov/2021:10:14:49 +0800] "GET /xingrg/all/function/internal_message.html?_=1636856082812&CODE_STATE=getMsg HTTP/1.1" 200 27
124.78.153.86 - - [14/Nov/2021:10:14:50 +0800] "POST /xingrg/kc/buy/cgsh_order_operate.html HTTP/1.1" 200 13278
101.85.238.236 - - [14/Nov/2021:10:14:51 +0800] "GET /xingrg/kc/buy/cgsh_order_operate.html?command=get_materiel&rest_code=00102&code=00101008361&supplier_code=00100008&order_time=2021-11-14 HTTP/1.1" 200 408
58.37.231.44 - - [14/Nov/2021:10:14:52 +0800] "GET /xingrg/kc/buy/cgsh_order_operate.html?command=get_materiel&rest_code=00141&code=00101008112&supplier_code=00100007&order_time=2021-11-14 HTTP/1.1" 200 414
116.238.248.233 - - [14/Nov/2021:10:14:54 +0800] "GET /xingrg/kc/base/wldb_order_info.html?code=422021111401467 HTTP/1.1" 200 26320
116.238.248.233 - - [14/Nov/2021:10:14:54 +0800] "GET /xingrg/javascript/easyui/themes/default/validatebox.css HTTP/1.1" 404 1104
116.238.248.233 - - [14/Nov/2021:10:14:54 +0800] "POST /xingrg/kc/base/wldb_order_operate.html HTTP/1.1" 200 1468
101.85.238.236 - - [14/Nov/2021:10:14:57 +0800] "GET /xingrg/all/function/internal_message.html?_=1636856086708&CODE_STATE=getMsg HTTP/1.1" 200 27
101.85.238.236 - - [14/Nov/2021:10:14:58 +0800] "GET /xingrg/kc/buy/cgsh_order_operate.html?command=get_materiel&rest_code=00102&code=00101008355&supplier_code=00100008&order_time=2021-11-14 HTTP/1.1" 200 408
58.37.231.44 - - [14/Nov/2021:10:14:59 +0800] "GET /xingrg/kc/buy/cgsh_order_operate.html?command=get_materiel&rest_code=00141&code=00101008354&supplier_code=00100007&order_time=2021-11-14 HTTP/1.1" 200 413
101.85.238.236 - - [14/Nov/2021:10:15:03 +0800] "GET /xingrg/kc/buy/cgsh_order_operate.html?command=get_materiel&rest_code=00102&code=00101008264&supplier_code=00100008&order_time=2021-11-14 HTTP/1.1" 200 432
114.85.125.222 - - [14/Nov/2021:10:15:05 +0800] "GET /xingrg/all/function/internal_message.html?_=1636856083692&CODE_STATE=getMsg HTTP/1.1" 200 27
101.85.238.236 - - [14/Nov/2021:10:15:09 +0800] "GET /xingrg/kc/buy/cgsh_order_operate.html?command=get_materiel&rest_code=00102&code=00101008077&supplier_code=00100008&order_time=2021-11-14 HTTP/1.1" 200 416
58.37.231.44 - - [14/Nov/2021:10:15:09 +0800] "GET /xingrg/kc/buy/cgsh_order_operate.html?command=get_materiel&rest_code=00141&code=00101008612&supplier_code=00100007&order_time=2021-11-14 HTTP/1.1" 200 406
222.69.129.234 - - [14/Nov/2021:10:15:12 +0800] "GET /xingrg/all/function/internal_message.html?_=1636856107215&CODE_STATE=getMsg HTTP/1.1" 200 27
116.238.248.233 - - [14/Nov/2021:10:15:14 +0800] "GET /xingrg/kc/base/yddb_order_list.html HTTP/1.1" 200 16836
116.238.248.233 - - [14/Nov/2021:10:15:15 +0800] "POST /xingrg/kc/base/yddb_list_operate.html HTTP/1.1" 200 636
101.85.238.236 - - [14/Nov/2021:10:15:15 +0800] "GET /xingrg/kc/buy/cgsh_order_operate.html?command=get_materiel&rest_code=00102&code=00101008079&supplier_code=00100008&order_time=2021-11-14 HTTP/1.1" 200 416
116.238.248.233 - - [14/Nov/2021:10:15:16 +0800] "GET /xingrg/kc/base/yddb_order_add.html HTTP/1.1" 200 29837
116.238.248.233 - - [14/Nov/2021:10:15:16 +0800] "GET /xingrg/dwr/util.js HTTP/1.1" 304 -
116.238.248.233 - - [14/Nov/2021:10:15:16 +0800] "GET /xingrg/dwr/interface/AjaxYddbService.js HTTP/1.1" 200 13201
116.238.248.233 - - [14/Nov/2021:10:15:16 +0800] "GET /xingrg/dwr/interface/AjaxComOrderService.js HTTP/1.1" 200 18264
116.238.248.233 - - [14/Nov/2021:10:15:16 +0800] "GET /xingrg/dwr/engine.js HTTP/1.1" 200 43631
116.233.76.43 - - [14/Nov/2021:10:15:16 +0800] "GET /xingrg/all/function/internal_message.html?_=1636856114064&CODE_STATE=getMsg HTTP/1.1" 200 27
58.37.231.44 - - [14/Nov/2021:10:15:18 +0800] "GET /xingrg/kc/buy/cgsh_order_operate.html?command=get_materiel&rest_code=00141&code=00101008110&supplier_code=00100007&order_time=2021-11-14 HTTP/1.1" 200 409
116.238.248.233 - - [14/Nov/2021:10:15:19 +0800] "POST /xingrg/dwr/call/plaincall/AjaxYddbService.getRestBases.dwr HTTP/1.1" 200 1535
222.70.176.97 - - [14/Nov/2021:10:15:20 +0800] "GET /xingrg/all/function/internal_message.html?_=1636856112654&CODE_STATE=getMsg HTTP/1.1" 200 27
101.85.238.236 - - [14/Nov/2021:10:15:21 +0800] "GET /xingrg/kc/buy/cgsh_order_operate.html?command=get_materiel&rest_code=00102&code=00101008230&supplier_code=00100008&order_time=2021-11-14 HTTP/1.1" 200 408
116.238.248.233 - - [14/Nov/2021:10:15:21 +0800] "GET /xingrg/all/function/internal_message.html?_=1636856117253&CODE_STATE=getMsg HTTP/1.1" 200 27
180.169.147.146 - - [14/Nov/2021:10:15:24 +0800] "GET /xingrg/all/function/internal_message.html?_=1636856121390&CODE_STATE=getMsg HTTP/1.1" 200 27
116.238.248.233 - - [14/Nov/2021:10:15:25 +0800] "POST /xingrg/dwr/call/plaincall/AjaxYddbService.saveOrder.dwr HTTP/1.1" 200 78
58.37.231.44 - - [14/Nov/2021:10:15:25 +0800] "GET /xingrg/kc/buy/cgsh_order_operate.html?command=get_materiel&rest_code=00141&code=00101008038&supplier_code=00100007&order_time=2021-11-14 HTTP/1.1" 200 412
116.238.248.233 - - [14/Nov/2021:10:15:25 +0800] "GET /xingrg/images/yd/bt.gif HTTP/1.1" 404 1040
180.169.147.146 - - [14/Nov/2021:10:15:26 +0800] "GET /xingrg/all/function/internal_message.html?_=1636856116705&CODE_STATE=getMsg HTTP/1.1" 200 27
101.85.238.236 - - [14/Nov/2021:10:15:27 +0800] "GET /xingrg/kc/buy/cgsh_order_operate.html?command=get_materiel&rest_code=00102&code=00101008286&supplier_code=00100008&order_time=2021-11-14 HTTP/1.1" 200 428
116.238.248.233 - - [14/Nov/2021:10:15:28 +0800] "POST /xingrg/dwr/call/plaincall/AjaxComOrderService.getMaterielSearchList.dwr HTTP/1.1" 200 10303
58.39.139.200 - - [14/Nov/2021:10:15:28 +0800] "GET /xingrg/all/function/internal_message.html?_=1636856124370&CODE_STATE=getMsg HTTP/1.1" 200 27
116.238.248.233 - - [14/Nov/2021:10:15:29 +0800] "POST /xingrg/dwr/call/plaincall/AjaxComOrderService.getMaterielSearchList.dwr HTTP/1.1" 200 571
116.238.248.233 - - [14/Nov/2021:10:15:30 +0800] "POST /xingrg/dwr/call/plaincall/AjaxYddbService.getMaterielByMap.dwr HTTP/1.1" 200 3699
58.37.231.44 - - [14/Nov/2021:10:15:31 +0800] "GET /xingrg/kc/buy/cgsh_order_operate.html?command=get_materiel&rest_code=00141&code=00101008221&supplier_code=00100007&order_time=2021-11-14 HTTP/1.1" 200 412
101.85.238.236 - - [14/Nov/2021:10:15:32 +0800] "GET /xingrg/kc/buy/cgsh_order_operate.html?command=get_materiel&rest_code=00102&code=00101008131&supplier_code=00100008&order_time=2021-11-14 HTTP/1.1" 200 428
116.238.248.233 - - [14/Nov/2021:10:15:33 +0800] "POST /xingrg/dwr/call/plaincall/AjaxYddbService.saveMaterielItem.dwr HTTP/1.1" 200 78
222.70.171.86 - - [14/Nov/2021:10:15:34 +0800] "GET /xingrg/all/function/internal_message.html?_=1636856131487&CODE_STATE=getMsg HTTP/1.1" 200 27
116.238.248.233 - - [14/Nov/2021:10:15:35 +0800] "POST /xingrg/dwr/call/plaincall/AjaxComOrderService.getMaterielSearchList.dwr HTTP/1.1" 200 26483
116.238.248.233 - - [14/Nov/2021:10:15:36 +0800] "POST /xingrg/dwr/call/plaincall/AjaxComOrderService.getMaterielSearchList.dwr HTTP/1.1" 200 1575
116.238.248.233 - - [14/Nov/2021:10:15:37 +0800] "POST /xingrg/dwr/call/plaincall/AjaxYddbService.getMaterielByMap.dwr HTTP/1.1" 200 3799
101.85.238.236 - - [14/Nov/2021:10:15:38 +0800] "GET /xingrg/kc/buy/cgsh_order_operate.html?command=get_materiel&rest_code=00102&code=00101008318&supplier_code=00100008&order_time=2021-11-14 HTTP/1.1" 200 427
116.238.248.233 - - [14/Nov/2021:10:15:40 +0800] "POST /xingrg/dwr/call/plaincall/AjaxYddbService.saveMaterielItem.dwr HTTP/1.1" 200 78
114.85.125.222 - - [14/Nov/2021:10:15:40 +0800] "GET /xingrg/check_reg.html?_=1636856118673 HTTP/1.1" 200 22
58.37.231.44 - - [14/Nov/2021:10:15:40 +0800] "GET /xingrg/kc/buy/cgsh_order_operate.html?command=get_materiel&rest_code=00141&code=00101008283&supplier_code=00100007&order_time=2021-11-14 HTTP/1.1" 200 408
116.235.93.2 - - [14/Nov/2021:10:15:41 +0800] "GET /xingrg/all/function/internal_message.html?_=1636856616513&CODE_STATE=getMsg HTTP/1.1" 200 27
101.85.238.236 - - [14/Nov/2021:10:15:42 +0800] "GET /xingrg/all/function/internal_message.html?_=1636856138475&CODE_STATE=getMsg HTTP/1.1" 200 27
116.238.248.233 - - [14/Nov/2021:10:15:42 +0800] "POST /xingrg/dwr/call/plaincall/AjaxComOrderService.getMaterielSearchList.dwr HTTP/1.1" 200 17409
58.37.231.44 - - [14/Nov/2021:10:15:43 +0800] "GET /xingrg/all/function/internal_message.html?_=1636855969300&CODE_STATE=getMsg HTTP/1.1" 200 27
58.37.231.44 - - [14/Nov/2021:10:15:43 +0800] "GET /xingrg/check_reg.html?_=1636855969492 HTTP/1.1" 200 22
116.227.210.113 - - [14/Nov/2021:10:15:43 +0800] "GET /xingrg/all/function/internal_message.html?_=1636856121997&CODE_STATE=getMsg HTTP/1.1" 200 27
116.238.248.233 - - [14/Nov/2021:10:15:43 +0800] "POST /xingrg/dwr/call/plaincall/AjaxComOrderService.getMaterielSearchList.dwr HTTP/1.1" 200 714
172.20.0.100 - - [14/Nov/2021:10:15:43 +0800] "GET /xingrg/all/function/internal_message.html?_=1636856135143&CODE_STATE=getMsg HTTP/1.1" 200 27
116.238.248.233 - - [14/Nov/2021:10:15:44 +0800] "POST /xingrg/dwr/call/plaincall/AjaxYddbService.getMaterielByMap.dwr HTTP/1.1" 200 3804
101.85.238.236 - - [14/Nov/2021:10:15:44 +0800] "GET /xingrg/kc/buy/cgsh_order_operate.html?command=get_materiel&rest_code=00102&code=00101008352&supplier_code=00100008&order_time=2021-11-14 HTTP/1.1" 200 412
116.238.248.233 - - [14/Nov/2021:10:15:45 +0800] "POST /xingrg/dwr/call/plaincall/AjaxYddbService.getUnitPrice.dwr HTTP/1.1" 200 87
180.157.253.6 - - [14/Nov/2021:10:15:47 +0800] "GET /xingrg/all/function/internal_message.html?_=1636856143266&CODE_STATE=getMsg HTTP/1.1" 200 27
58.37.231.44 - - [14/Nov/2021:10:15:47 +0800] "GET /xingrg/kc/buy/cgsh_order_operate.html?command=get_materiel&rest_code=00141&code=00101008163&supplier_code=00100007&order_time=2021-11-14 HTTP/1.1" 200 409
116.238.248.233 - - [14/Nov/2021:10:15:49 +0800] "POST /xingrg/dwr/call/plaincall/AjaxYddbService.saveMaterielItem.dwr HTTP/1.1" 200 79
124.78.153.86 - - [14/Nov/2021:10:15:49 +0800] "GET /xingrg/all/function/internal_message.html?_=1636856142850&CODE_STATE=getMsg HTTP/1.1" 200 27
101.85.238.236 - - [14/Nov/2021:10:15:50 +0800] "GET /xingrg/kc/buy/cgsh_order_operate.html?command=get_materiel&rest_code=00102&code=00101008098&supplier_code=00100008&order_time=2021-11-14 HTTP/1.1" 200 412
116.238.248.233 - - [14/Nov/2021:10:15:52 +0800] "POST /xingrg/dwr/call/plaincall/AjaxComOrderService.getMaterielSearchList.dwr HTTP/1.1" 200 1890
116.238.248.233 - - [14/Nov/2021:10:15:54 +0800] "POST /xingrg/dwr/call/plaincall/AjaxYddbService.getMaterielByMap.dwr HTTP/1.1" 200 3790
101.85.238.236 - - [14/Nov/2021:10:15:55 +0800] "GET /xingrg/check_reg.html?_=1636856144384 HTTP/1.1" 200 22
101.85.238.236 - - [14/Nov/2021:10:15:55 +0800] "GET /xingrg/kc/buy/cgsh_order_operate.html?command=get_materiel&rest_code=00102&code=00101008005&supplier_code=00100008&order_time=2021-11-14 HTTP/1.1" 200 412
116.238.248.233 - - [14/Nov/2021:10:15:56 +0800] "POST /xingrg/dwr/call/plaincall/AjaxYddbService.getUnitPrice.dwr HTTP/1.1" 200 87
58.37.231.44 - - [14/Nov/2021:10:15:56 +0800] "GET /xingrg/kc/buy/cgsh_order_operate.html?command=get_materiel&rest_code=00141&code=00101008190&supplier_code=00100007&order_time=2021-11-14 HTTP/1.1" 200 412
101.85.238.236 - - [14/Nov/2021:10:15:57 +0800] "GET /xingrg/all/function/internal_message.html?_=1636856146721&CODE_STATE=getMsg HTTP/1.1" 200 27
116.238.248.233 - - [14/Nov/2021:10:15:58 +0800] "GET /xingrg/images/yd/bt2.gif HTTP/1.1" 404 1042
116.238.248.233 - - [14/Nov/2021:10:15:59 +0800] "POST /xingrg/dwr/call/plaincall/AjaxYddbService.saveMaterielItem.dwr HTTP/1.1" 200 79
101.85.238.236 - - [14/Nov/2021:10:16:01 +0800] "GET /xingrg/kc/buy/cgsh_order_operate.html?command=get_materiel&rest_code=00102&code=00101008353&supplier_code=00100008&order_time=2021-11-14 HTTP/1.1" 200 428
116.238.248.233 - - [14/Nov/2021:10:16:02 +0800] "POST /xingrg/dwr/call/plaincall/AjaxComOrderService.getMaterielSearchList.dwr HTTP/1.1" 200 14899
116.238.248.233 - - [14/Nov/2021:10:16:02 +0800] "POST /xingrg/dwr/call/plaincall/AjaxComOrderService.getMaterielSearchList.dwr HTTP/1.1" 200 298
58.37.231.44 - - [14/Nov/2021:10:16:02 +0800] "GET /xingrg/kc/buy/cgsh_order_operate.html?command=get_materiel&rest_code=00141&code=00101008264&supplier_code=00100007&order_time=2021-11-14 HTTP/1.1" 200 432
101.85.238.236 - - [14/Nov/2021:10:16:03 +0800] "POST /xingrg/kc/buy/cgsh_order_operate.html HTTP/1.1" 200 2065
116.238.248.233 - - [14/Nov/2021:10:16:03 +0800] "POST /xingrg/dwr/call/plaincall/AjaxYddbService.getMaterielByMap.dwr HTTP/1.1" 200 3769
114.85.125.222 - - [14/Nov/2021:10:16:05 +0800] "GET /xingrg/all/function/internal_message.html?_=1636856143695&CODE_STATE=getMsg HTTP/1.1" 200 27
116.238.248.233 - - [14/Nov/2021:10:16:05 +0800] "POST /xingrg/dwr/call/plaincall/AjaxYddbService.getUnitPrice.dwr HTTP/1.1" 200 88
222.69.129.234 - - [14/Nov/2021:10:16:06 +0800] "GET /xingrg/kc/buy/cgsh_order_operate.html?command=get_materiel&rest_code=00149&code=00101008353&supplier_code=00100005&order_time=2021-11-14 HTTP/1.1" 200 428
101.85.238.236 - - [14/Nov/2021:10:16:06 +0800] "GET /xingrg/kc/buy/cgsh_order_operate.html?command=get_materiel&rest_code=00102&code=00101008213&supplier_code=00100008&order_time=2021-11-14 HTTP/1.1" 200 412
116.238.248.233 - - [14/Nov/2021:10:16:08 +0800] "POST /xingrg/dwr/call/plaincall/AjaxYddbService.saveMaterielItem.dwr HTTP/1.1" 200 79
116.238.248.233 - - [14/Nov/2021:10:16:12 +0800] "POST /xingrg/dwr/call/plaincall/AjaxComOrderService.getMaterielSearchList.dwr HTTP/1.1" 200 14036
116.238.248.233 - - [14/Nov/2021:10:16:12 +0800] "POST /xingrg/dwr/call/plaincall/AjaxComOrderService.getMaterielSearchList.dwr HTTP/1.1" 200 473323
58.37.231.44 - - [14/Nov/2021:10:16:12 +0800] "GET /xingrg/kc/buy/cgsh_order_operate.html?command=get_materiel&rest_code=00141&code=00101008356&supplier_code=00100007&order_time=2021-11-14 HTTP/1.1" 200 409
222.69.129.234 - - [14/Nov/2021:10:16:12 +0800] "GET /xingrg/all/function/internal_message.html?_=1636856167212&CODE_STATE=getMsg HTTP/1.1" 200 27
124.78.153.86 - - [14/Nov/2021:10:16:12 +0800] "GET /xingrg/kc/buy/cgsh_order_operate.html?command=get_materiel&rest_code=00106&code=00101008005&supplier_code=00100007&order_time=2021-11-14 HTTP/1.1" 200 412
101.85.238.236 - - [14/Nov/2021:10:16:12 +0800] "GET /xingrg/kc/buy/cgsh_order_operate.html?command=get_materiel&rest_code=00102&code=00101008403&supplier_code=00100008&order_time=2021-11-14 HTTP/1.1" 200 412
116.233.76.43 - - [14/Nov/2021:10:16:16 +0800] "GET /xingrg/all/function/internal_message.html?_=1636856174067&CODE_STATE=getMsg HTTP/1.1" 200 27
101.85.238.236 - - [14/Nov/2021:10:16:18 +0800] "GET /xingrg/kc/buy/cgsh_order_operate.html?command=get_materiel&rest_code=00102&code=00101008298&supplier_code=00100008&order_time=2021-11-14 HTTP/1.1" 200 412
58.37.231.44 - - [14/Nov/2021:10:16:19 +0800] "GET /xingrg/kc/buy/cgsh_order_operate.html?command=get_materiel&rest_code=00141&code=00101008137&supplier_code=00100007&order_time=2021-11-14 HTTP/1.1" 200 408
222.70.176.97 - - [14/Nov/2021:10:16:20 +0800] "GET /xingrg/all/function/internal_message.html?_=1636856172653&CODE_STATE=getMsg HTTP/1.1" 200 27
116.238.248.233 - - [14/Nov/2021:10:16:21 +0800] "GET /xingrg/all/function/internal_message.html?_=1636856177220&CODE_STATE=getMsg HTTP/1.1" 200 27
116.238.248.233 - - [14/Nov/2021:10:16:21 +0800] "GET /xingrg/check_reg.html?_=1636856177329 HTTP/1.1" 200 22
180.169.147.146 - - [14/Nov/2021:10:16:24 +0800] "GET /xingrg/all/function/internal_message.html?_=1636856181395&CODE_STATE=getMsg HTTP/1.1" 200 27
101.85.238.236 - - [14/Nov/2021:10:16:24 +0800] "GET /xingrg/kc/buy/cgsh_order_operate.html?command=get_materiel&rest_code=00102&code=00101008283&supplier_code=00100008&order_time=2021-11-14 HTTP/1.1" 200 408
116.238.248.233 - - [14/Nov/2021:10:16:25 +0800] "POST /xingrg/dwr/call/plaincall/AjaxComOrderService.getMaterielSearchList.dwr HTTP/1.1" 200 719
58.37.231.44 - - [14/Nov/2021:10:16:25 +0800] "GET /xingrg/kc/buy/cgsh_order_operate.html?command=get_materiel&rest_code=00141&code=00101008059&supplier_code=00100007&order_time=2021-11-14 HTTP/1.1" 200 427
180.169.147.146 - - [14/Nov/2021:10:16:26 +0800] "GET /xingrg/all/function/internal_message.html?_=1636856176704&CODE_STATE=getMsg HTTP/1.1" 200 27
116.238.248.233 - - [14/Nov/2021:10:16:28 +0800] "POST /xingrg/dwr/call/plaincall/AjaxComOrderService.getMaterielSearchList.dwr HTTP/1.1" 200 14036
58.39.139.200 - - [14/Nov/2021:10:16:28 +0800] "GET /xingrg/all/function/internal_message.html?_=1636856184371&CODE_STATE=getMsg HTTP/1.1" 200 27
101.85.238.236 - - [14/Nov/2021:10:16:31 +0800] "GET /xingrg/kc/buy/cgsh_order_operate.html?command=get_materiel&rest_code=00102&code=00101008636&supplier_code=00100008&order_time=2021-11-14 HTTP/1.1" 200 407
222.69.129.234 - - [14/Nov/2021:10:16:32 +0800] "GET /xingrg/kc/buy/cgsh_order_operate.html?command=get_materiel&rest_code=00149&code=00101008213&supplier_code=00100005&order_time=2021-11-14 HTTP/1.1" 200 412
116.238.248.233 - - [14/Nov/2021:10:16:33 +0800] "POST /xingrg/dwr/call/plaincall/AjaxYddbService.getMaterielByMap.dwr HTTP/1.1" 200 3694
58.37.231.44 - - [14/Nov/2021:10:16:33 +0800] "GET /xingrg/kc/buy/cgsh_order_operate.html?command=get_materiel&rest_code=00141&code=00101008357&supplier_code=00100007&order_time=2021-11-14 HTTP/1.1" 200 408
222.70.171.86 - - [14/Nov/2021:10:16:34 +0800] "GET /xingrg/check_reg.html?_=1636856191292 HTTP/1.1" 200 22
222.70.171.86 - - [14/Nov/2021:10:16:34 +0800] "GET /xingrg/all/function/internal_message.html?_=1636856191500&CODE_STATE=getMsg HTTP/1.1" 200 27
116.238.248.233 - - [14/Nov/2021:10:16:36 +0800] "POST /xingrg/dwr/call/plaincall/AjaxYddbService.saveMaterielItem.dwr HTTP/1.1" 200 79
101.85.238.236 - - [14/Nov/2021:10:16:36 +0800] "POST /xingrg/kc/buy/cgsh_order_operate.html HTTP/1.1" 200 37
101.85.238.236 - - [14/Nov/2021:10:16:37 +0800] "POST /xingrg/kc/buy/cgsh_order_operate.html HTTP/1.1" 200 16246
116.238.248.233 - - [14/Nov/2021:10:16:39 +0800] "POST /xingrg/dwr/call/plaincall/AjaxComOrderService.getMaterielSearchList.dwr HTTP/1.1" 200 7955
58.37.231.44 - - [14/Nov/2021:10:16:39 +0800] "GET /xingrg/kc/buy/cgsh_order_operate.html?command=get_materiel&rest_code=00141&code=00101008069&supplier_code=00100007&order_time=2021-11-14 HTTP/1.1" 200 412
101.85.238.236 - - [14/Nov/2021:10:16:40 +0800] "GET /xingrg/kc/buy/cgsh_order_add.html HTTP/1.1" 200 64745
116.238.248.233 - - [14/Nov/2021:10:16:40 +0800] "POST /xingrg/dwr/call/plaincall/AjaxComOrderService.getMaterielSearchList.dwr HTTP/1.1" 200 699
101.85.238.236 - - [14/Nov/2021:10:16:40 +0800] "POST /xingrg/kc/buy/cgsh_order_operate.html HTTP/1.1" 200 8245
101.85.238.236 - - [14/Nov/2021:10:16:40 +0800] "GET /xingrg/javascript/easyui/themes/default/validatebox.css HTTP/1.1" 404 1104
116.235.93.2 - - [14/Nov/2021:10:16:41 +0800] "GET /xingrg/all/function/internal_message.html?_=1636856676529&CODE_STATE=getMsg HTTP/1.1" 200 27
116.238.248.233 - - [14/Nov/2021:10:16:41 +0800] "POST /xingrg/dwr/call/plaincall/AjaxYddbService.getMaterielByMap.dwr HTTP/1.1" 200 3758
101.85.238.236 - - [14/Nov/2021:10:16:42 +0800] "GET /xingrg/all/function/internal_message.html?_=1636856198466&CODE_STATE=getMsg HTTP/1.1" 200 27
58.37.231.44 - - [14/Nov/2021:10:16:43 +0800] "GET /xingrg/all/function/internal_message.html?_=1636856029326&CODE_STATE=getMsg HTTP/1.1" 200 27
116.227.210.113 - - [14/Nov/2021:10:16:43 +0800] "GET /xingrg/all/function/internal_message.html?_=1636856181975&CODE_STATE=getMsg HTTP/1.1" 200 27
124.78.153.86 - - [14/Nov/2021:10:16:43 +0800] "GET /xingrg/check_reg.html?_=1636856196651 HTTP/1.1" 200 22
172.20.0.100 - - [14/Nov/2021:10:16:43 +0800] "GET /xingrg/all/function/internal_message.html?_=1636856195145&CODE_STATE=getMsg HTTP/1.1" 200 27
58.37.231.44 - - [14/Nov/2021:10:16:46 +0800] "GET /xingrg/kc/buy/cgsh_order_operate.html?command=get_materiel&rest_code=00141&code=00101008286&supplier_code=00100007&order_time=2021-11-14 HTTP/1.1" 200 428
180.157.253.6 - - [14/Nov/2021:10:16:47 +0800] "GET /xingrg/all/function/internal_message.html?_=1636856203251&CODE_STATE=getMsg HTTP/1.1" 200 27
116.238.248.233 - - [14/Nov/2021:10:16:48 +0800] "POST /xingrg/dwr/call/plaincall/AjaxYddbService.saveMaterielItem.dwr HTTP/1.1" 200 79
124.78.153.86 - - [14/Nov/2021:10:16:49 +0800] "GET /xingrg/all/function/internal_message.html?_=1636856202767&CODE_STATE=getMsg HTTP/1.1" 200 27
101.85.238.236 - - [14/Nov/2021:10:16:50 +0800] "GET /xingrg/kc/buy/cgsh_order_operate.html?command=get_materiel&rest_code=00102&code=00101008027&supplier_code=00100008&order_time=2021-11-14 HTTP/1.1" 200 408
58.37.231.44 - - [14/Nov/2021:10:16:53 +0800] "GET /xingrg/kc/buy/cgsh_order_operate.html?command=get_materiel&rest_code=00141&code=00101008036&supplier_code=00100007&order_time=2021-11-14 HTTP/1.1" 200 408
116.238.248.233 - - [14/Nov/2021:10:16:55 +0800] "POST /xingrg/dwr/call/plaincall/AjaxComOrderService.getMaterielSearchList.dwr HTTP/1.1" 200 886
101.85.238.236 - - [14/Nov/2021:10:16:57 +0800] "GET /xingrg/kc/buy/cgsh_order_operate.html?command=get_materiel&rest_code=00102&code=00101008055&supplier_code=00100008&order_time=2021-11-14 HTTP/1.1" 200 409
116.238.248.233 - - [14/Nov/2021:10:16:57 +0800] "POST /xingrg/dwr/call/plaincall/AjaxYddbService.getMaterielByMap.dwr HTTP/1.1" 200 3703
101.85.238.236 - - [14/Nov/2021:10:16:58 +0800] "GET /xingrg/all/function/internal_message.html?_=1636856206735&CODE_STATE=getMsg HTTP/1.1" 200 27
124.78.153.86 - - [14/Nov/2021:10:16:59 +0800] "GET /xingrg/kc/buy/cgsh_order_operate.html?command=get_materiel&rest_code=00106&code=00101008271&supplier_code=00100007&order_time=2021-11-14 HTTP/1.1" 200 409
116.238.248.233 - - [14/Nov/2021:10:17:01 +0800] "POST /xingrg/dwr/call/plaincall/AjaxYddbService.saveMaterielItem.dwr HTTP/1.1" 200 79
58.37.231.44 - - [14/Nov/2021:10:17:02 +0800] "GET /xingrg/kc/buy/cgsh_order_operate.html?command=get_materiel&rest_code=00141&code=00101008131&supplier_code=00100007&order_time=2021-11-14 HTTP/1.1" 200 428
116.238.248.233 - - [14/Nov/2021:10:17:05 +0800] "POST /xingrg/dwr/call/plaincall/AjaxComOrderService.getMaterielSearchList.dwr HTTP/1.1" 200 5457
114.85.125.222 - - [14/Nov/2021:10:17:05 +0800] "GET /xingrg/all/function/internal_message.html?_=1636856203708&CODE_STATE=getMsg HTTP/1.1" 200 27
116.238.248.233 - - [14/Nov/2021:10:17:05 +0800] "POST /xingrg/dwr/call/plaincall/AjaxComOrderService.getMaterielSearchList.dwr HTTP/1.1" 200 1130
116.238.248.233 - - [14/Nov/2021:10:17:08 +0800] "POST /xingrg/dwr/call/plaincall/AjaxYddbService.getMaterielByMap.dwr HTTP/1.1" 200 3784
101.85.238.236 - - [14/Nov/2021:10:17:09 +0800] "GET /xingrg/kc/buy/cgsh_order_operate.html?command=get_materiel&rest_code=00102&code=00101008349&supplier_code=00100008&order_time=2021-11-14 HTTP/1.1" 200 414
116.238.248.233 - - [14/Nov/2021:10:17:09 +0800] "POST /xingrg/dwr/call/plaincall/AjaxYddbService.getUnitPrice.dwr HTTP/1.1" 200 87
58.37.231.44 - - [14/Nov/2021:10:17:09 +0800] "GET /xingrg/kc/buy/cgsh_order_operate.html?command=get_materiel&rest_code=00141&code=00101008318&supplier_code=00100007&order_time=2021-11-14 HTTP/1.1" 200 427
124.78.153.86 - - [14/Nov/2021:10:17:10 +0800] "GET /xingrg/kc/buy/cgsh_order_operate.html?command=get_materiel&rest_code=00106&code=00101008353&supplier_code=00100007&order_time=2021-11-14 HTTP/1.1" 200 428
58.37.231.44 - - [14/Nov/2021:10:17:11 +0800] "POST /xingrg/kc/buy/cgsh_order_operate.html HTTP/1.1" 200 2065
116.238.248.233 - - [14/Nov/2021:10:17:11 +0800] "POST /xingrg/dwr/call/plaincall/AjaxYddbService.saveMaterielItem.dwr HTTP/1.1" 200 79
222.69.129.234 - - [14/Nov/2021:10:17:12 +0800] "GET /xingrg/all/function/internal_message.html?_=1636856227238&CODE_STATE=getMsg HTTP/1.1" 200 27
222.69.129.234 - - [14/Nov/2021:10:17:14 +0800] "POST /xingrg/kc/buy/cgsh_order_operate.html HTTP/1.1" 200 2065
58.37.231.44 - - [14/Nov/2021:10:17:16 +0800] "GET /xingrg/kc/buy/cgsh_order_operate.html?command=get_materiel&rest_code=00141&code=00101008352&supplier_code=00100007&order_time=2021-11-14 HTTP/1.1" 200 412
116.233.76.43 - - [14/Nov/2021:10:17:16 +0800] "GET /xingrg/all/function/internal_message.html?_=1636856234069&CODE_STATE=getMsg HTTP/1.1" 200 27
101.85.238.236 - - [14/Nov/2021:10:17:16 +0800] "GET /xingrg/kc/buy/cgsh_order_operate.html?command=get_materiel&rest_code=00102&code=00101008350&supplier_code=00100008&order_time=2021-11-14 HTTP/1.1" 200 408
124.78.153.86 - - [14/Nov/2021:10:17:18 +0800] "GET /xingrg/kc/buy/cgsh_order_operate.html?command=get_materiel&rest_code=00106&code=00101008312&supplier_code=00100007&order_time=2021-11-14 HTTP/1.1" 200 412
222.70.176.97 - - [14/Nov/2021:10:17:20 +0800] "GET /xingrg/all/function/internal_message.html?_=1636856232652&CODE_STATE=getMsg HTTP/1.1" 200 27
222.70.176.97 - - [14/Nov/2021:10:17:20 +0800] "GET /xingrg/check_reg.html?_=1636856232654 HTTP/1.1" 200 22
124.78.153.86 - - [14/Nov/2021:10:17:21 +0800] "POST /xingrg/kc/buy/cgsh_order_operate.html HTTP/1.1" 200 2065
116.238.248.233 - - [14/Nov/2021:10:17:21 +0800] "GET /xingrg/all/function/internal_message.html?_=1636856237205&CODE_STATE=getMsg HTTP/1.1" 200 27
58.37.231.44 - - [14/Nov/2021:10:17:22 +0800] "GET /xingrg/kc/buy/cgsh_order_operate.html?command=get_materiel&rest_code=00141&code=00101008098&supplier_code=00100007&order_time=2021-11-14 HTTP/1.1" 200 412
101.85.238.236 - - [14/Nov/2021:10:17:23 +0800] "GET /xingrg/kc/buy/cgsh_order_operate.html?command=get_materiel&rest_code=00102&code=00101008112&supplier_code=00100008&order_time=2021-11-14 HTTP/1.1" 200 412
116.238.248.233 - - [14/Nov/2021:10:17:23 +0800] "GET /xingrg/kc/base/wldb_order_add.html HTTP/1.1" 200 30444
180.169.147.146 - - [14/Nov/2021:10:17:24 +0800] "GET /xingrg/all/function/internal_message.html?_=1636856241403&CODE_STATE=getMsg HTTP/1.1" 200 27
116.238.248.233 - - [14/Nov/2021:10:17:24 +0800] "GET /xingrg/javascript/easyui/themes/default/validatebox.css HTTP/1.1" 404 1104
116.238.248.233 - - [14/Nov/2021:10:17:24 +0800] "POST /xingrg/kc/base/wldb_order_operate.html HTTP/1.1" 200 6806
222.69.129.234 - - [14/Nov/2021:10:17:25 +0800] "GET /xingrg/kc/buy/cgsh_order_operate.html?command=get_materiel&rest_code=00149&code=00101008304&supplier_code=00100005&order_time=2021-11-14 HTTP/1.1" 200 412
124.78.153.86 - - [14/Nov/2021:10:17:25 +0800] "GET /xingrg/kc/buy/cgsh_order_operate.html?command=get_materiel&rest_code=00106&code=00101008283&supplier_code=00100007&order_time=2021-11-14 HTTP/1.1" 200 408
180.169.147.146 - - [14/Nov/2021:10:17:26 +0800] "GET /xingrg/all/function/internal_message.html?_=1636856236702&CODE_STATE=getMsg HTTP/1.1" 200 27
180.169.147.146 - - [14/Nov/2021:10:17:26 +0800] "GET /xingrg/check_reg.html?_=1636856236703 HTTP/1.1" 200 22
58.39.139.200 - - [14/Nov/2021:10:17:28 +0800] "GET /xingrg/check_reg.html?_=1636856244371 HTTP/1.1" 200 22
58.39.139.200 - - [14/Nov/2021:10:17:28 +0800] "GET /xingrg/all/function/internal_message.html?_=1636856244374&CODE_STATE=getMsg HTTP/1.1" 200 27
116.238.248.233 - - [14/Nov/2021:10:17:29 +0800] "GET /xingrg/kc/base/wldb_order_operate.html?command=get_materiel&rest_code=00150&base_code=0010445&code=00101013172 HTTP/1.1" 200 428
58.37.231.44 - - [14/Nov/2021:10:17:29 +0800] "GET /xingrg/kc/buy/cgsh_order_operate.html?command=get_materiel&rest_code=00141&code=00101008005&supplier_code=00100007&order_time=2021-11-14 HTTP/1.1" 200 412
101.85.238.236 - - [14/Nov/2021:10:17:30 +0800] "GET /xingrg/kc/buy/cgsh_order_operate.html?command=get_materiel&rest_code=00102&code=00101008186&supplier_code=00100008&order_time=2021-11-14 HTTP/1.1" 200 408
222.70.171.86 - - [14/Nov/2021:10:17:34 +0800] "GET /xingrg/all/function/internal_message.html?_=1636856251514&CODE_STATE=getMsg HTTP/1.1" 200 27
116.238.248.233 - - [14/Nov/2021:10:17:36 +0800] "POST /xingrg/dwr/call/plaincall/AjaxYddbService.checkOrder.dwr HTTP/1.1" 200 79
58.37.231.44 - - [14/Nov/2021:10:17:37 +0800] "GET /xingrg/kc/buy/cgsh_order_operate.html?command=get_materiel&rest_code=00141&code=00101008271&supplier_code=00100007&order_time=2021-11-14 HTTP/1.1" 200 409
101.85.238.236 - - [14/Nov/2021:10:17:37 +0800] "GET /xingrg/kc/buy/cgsh_order_operate.html?command=get_materiel&rest_code=00102&code=00101008088&supplier_code=00100008&order_time=2021-11-14 HTTP/1.1" 200 408
116.235.93.2 - - [14/Nov/2021:10:17:42 +0800] "GET /xingrg/all/function/internal_message.html?_=1636856737271&CODE_STATE=getMsg HTTP/1.1" 200 27
101.85.238.236 - - [14/Nov/2021:10:17:42 +0800] "GET /xingrg/check_reg.html?_=1636856258476 HTTP/1.1" 200 22
101.85.238.236 - - [14/Nov/2021:10:17:42 +0800] "GET /xingrg/all/function/internal_message.html?_=1636856258473&CODE_STATE=getMsg HTTP/1.1" 200 27
101.85.238.236 - - [14/Nov/2021:10:17:42 +0800] "GET /xingrg/kc/buy/cgsh_order_operate.html?command=get_materiel&rest_code=00102&code=00101008224&supplier_code=00100008&order_time=2021-11-14 HTTP/1.1" 200 416
58.37.231.44 - - [14/Nov/2021:10:17:43 +0800] "GET /xingrg/all/function/internal_message.html?_=1636856089308&CODE_STATE=getMsg HTTP/1.1" 200 27
116.227.210.113 - - [14/Nov/2021:10:17:43 +0800] "GET /xingrg/all/function/internal_message.html?_=1636856241958&CODE_STATE=getMsg HTTP/1.1" 200 27
172.20.0.100 - - [14/Nov/2021:10:17:43 +0800] "GET /xingrg/all/function/internal_message.html?_=1636856255147&CODE_STATE=getMsg HTTP/1.1" 200 27
172.20.0.100 - - [14/Nov/2021:10:17:43 +0800] "GET /xingrg/check_reg.html?_=1636856255149 HTTP/1.1" 200 22
124.78.153.86 - - [14/Nov/2021:10:17:44 +0800] "GET /xingrg/kc/buy/cgsh_order_operate.html?command=get_materiel&rest_code=00106&code=00101008096&supplier_code=00100007&order_time=2021-11-14 HTTP/1.1" 200 412
116.238.248.233 - - [14/Nov/2021:10:17:44 +0800] "GET /xingrg/kc/base/yddb_order_info.html?code=482021111400074 HTTP/1.1" 200 29465
116.238.248.233 - - [14/Nov/2021:10:17:44 +0800] "GET /xingrg/dwr/interface/AjaxYddbService.js HTTP/1.1" 200 13201
116.238.248.233 - - [14/Nov/2021:10:17:44 +0800] "GET /xingrg/dwr/interface/AjaxComOrderService.js HTTP/1.1" 200 18264
116.238.248.233 - - [14/Nov/2021:10:17:44 +0800] "GET /xingrg/dwr/engine.js HTTP/1.1" 200 43631
116.238.248.233 - - [14/Nov/2021:10:17:45 +0800] "POST /xingrg/dwr/call/plaincall/AjaxYddbService.loadMaterielItems.dwr HTTP/1.1" 200 3226
180.157.253.6 - - [14/Nov/2021:10:17:47 +0800] "GET /xingrg/all/function/internal_message.html?_=1636856263236&CODE_STATE=getMsg HTTP/1.1" 200 27
116.238.248.233 - - [14/Nov/2021:10:17:47 +0800] "GET /xingrg/kc/base/yddb_order_add.html HTTP/1.1" 200 29837
116.238.248.233 - - [14/Nov/2021:10:17:47 +0800] "GET /xingrg/dwr/interface/AjaxYddbService.js HTTP/1.1" 200 13201
116.238.248.233 - - [14/Nov/2021:10:17:47 +0800] "GET /xingrg/dwr/interface/AjaxComOrderService.js HTTP/1.1" 200 18264
116.238.248.233 - - [14/Nov/2021:10:17:47 +0800] "GET /xingrg/dwr/engine.js HTTP/1.1" 200 43631
101.85.238.236 - - [14/Nov/2021:10:17:48 +0800] "GET /xingrg/kc/buy/cgsh_order_operate.html?command=get_materiel&rest_code=00102&code=00101008003&supplier_code=00100008&order_time=2021-11-14 HTTP/1.1" 200 408
124.78.153.86 - - [14/Nov/2021:10:17:49 +0800] "GET /xingrg/all/function/internal_message.html?_=1636856262741&CODE_STATE=getMsg HTTP/1.1" 200 27
116.238.248.233 - - [14/Nov/2021:10:17:50 +0800] "POST /xingrg/dwr/call/plaincall/AjaxYddbService.getRestBases.dwr HTTP/1.1" 200 1535
124.78.153.86 - - [14/Nov/2021:10:17:52 +0800] "GET /xingrg/kc/buy/cgsh_order_operate.html?command=get_materiel&rest_code=00106&code=00101008137&supplier_code=00100007&order_time=2021-11-14 HTTP/1.1" 200 408
116.238.248.233 - - [14/Nov/2021:10:17:55 +0800] "POST /xingrg/dwr/call/plaincall/AjaxYddbService.saveOrder.dwr HTTP/1.1" 200 78
101.85.238.236 - - [14/Nov/2021:10:17:56 +0800] "GET /xingrg/kc/buy/cgsh_order_operate.html?command=get_materiel&rest_code=00102&code=00101008356&supplier_code=00100008&order_time=2021-11-14 HTTP/1.1" 200 408
58.37.231.44 - - [14/Nov/2021:10:17:57 +0800] "GET /xingrg/kc/buy/cgsh_order_operate.html?command=get_materiel&rest_code=00141&code=00101008353&supplier_code=00100007&order_time=2021-11-14 HTTP/1.1" 200 428
101.85.238.236 - - [14/Nov/2021:10:17:58 +0800] "GET /xingrg/all/function/internal_message.html?_=1636856266749&CODE_STATE=getMsg HTTP/1.1" 200 27
116.238.248.233 - - [14/Nov/2021:10:17:58 +0800] "POST /xingrg/dwr/call/plaincall/AjaxComOrderService.getMaterielSearchList.dwr HTTP/1.1" 200 34021
116.238.248.233 - - [14/Nov/2021:10:17:59 +0800] "POST /xingrg/dwr/call/plaincall/AjaxComOrderService.getMaterielSearchList.dwr HTTP/1.1" 200 1169
58.37.231.44 - - [14/Nov/2021:10:18:00 +0800] "POST /xingrg/kc/buy/cgsh_order_operate.html HTTP/1.1" 200 2065
116.238.248.233 - - [14/Nov/2021:10:18:00 +0800] "POST /xingrg/dwr/call/plaincall/AjaxYddbService.getMaterielByMap.dwr HTTP/1.1" 200 3796
124.78.153.86 - - [14/Nov/2021:10:18:01 +0800] "GET /xingrg/kc/buy/cgsh_order_operate.html?command=get_materiel&rest_code=00106&code=00101008098&supplier_code=00100007&order_time=2021-11-14 HTTP/1.1" 200 412
116.238.248.233 - - [14/Nov/2021:10:18:02 +0800] "POST /xingrg/dwr/call/plaincall/AjaxYddbService.getUnitPrice.dwr HTTP/1.1" 200 86
101.85.238.236 - - [14/Nov/2021:10:18:03 +0800] "GET /xingrg/kc/buy/cgsh_order_operate.html?command=get_materiel&rest_code=00102&code=00101008300&supplier_code=00100008&order_time=2021-11-14 HTTP/1.1" 200 412
114.85.125.222 - - [14/Nov/2021:10:18:05 +0800] "GET /xingrg/all/function/internal_message.html?_=1636856263760&CODE_STATE=getMsg HTTP/1.1" 200 27
116.238.248.233 - - [14/Nov/2021:10:18:05 +0800] "POST /xingrg/dwr/call/plaincall/AjaxYddbService.saveMaterielItem.dwr HTTP/1.1" 200 78
58.37.231.44 - - [14/Nov/2021:10:18:06 +0800] "GET /xingrg/kc/buy/cgsh_order_operate.html?command=get_materiel&rest_code=00141&code=00101008213&supplier_code=00100007&order_time=2021-11-14 HTTP/1.1" 200 412
61.151.207.158 - - [14/Nov/2021:10:18:07 +0800] "GET /xingrg/kc/buy/cgsh_order_operate.html?command=get_materiel&rest_code=00106&code=00101008353&supplier_code=00100007&order_time=2021-11-14 HTTP/1.1" 302 -
61.151.207.158 - - [14/Nov/2021:10:18:07 +0800] "GET /xingrg/login.html HTTP/1.1" 200 7641
116.238.248.233 - - [14/Nov/2021:10:18:08 +0800] "POST /xingrg/dwr/call/plaincall/AjaxComOrderService.getMaterielSearchList.dwr HTTP/1.1" 200 1971
101.85.238.236 - - [14/Nov/2021:10:18:09 +0800] "GET /xingrg/kc/buy/cgsh_order_operate.html?command=get_materiel&rest_code=00102&code=00101008251&supplier_code=00100008&order_time=2021-11-14 HTTP/1.1" 200 408
116.238.248.233 - - [14/Nov/2021:10:18:09 +0800] "POST /xingrg/dwr/call/plaincall/AjaxYddbService.getMaterielByMap.dwr HTTP/1.1" 200 3797
116.238.248.233 - - [14/Nov/2021:10:18:10 +0800] "POST /xingrg/dwr/call/plaincall/AjaxYddbService.getUnitPrice.dwr HTTP/1.1" 200 87
116.238.248.233 - - [14/Nov/2021:10:18:11 +0800] "POST /xingrg/dwr/call/plaincall/AjaxYddbService.saveMaterielItem.dwr HTTP/1.1" 200 79
222.69.129.234 - - [14/Nov/2021:10:18:12 +0800] "GET /xingrg/all/function/internal_message.html?_=1636856287226&CODE_STATE=getMsg HTTP/1.1" 200 27
222.69.129.234 - - [14/Nov/2021:10:18:12 +0800] "GET /xingrg/check_reg.html?_=1636856287230 HTTP/1.1" 200 22
116.238.248.233 - - [14/Nov/2021:10:18:15 +0800] "POST /xingrg/dwr/call/plaincall/AjaxComOrderService.getMaterielSearchList.dwr HTTP/1.1" 200 1125
116.238.248.233 - - [14/Nov/2021:10:18:16 +0800] "POST /xingrg/dwr/call/plaincall/AjaxYddbService.getMaterielByMap.dwr HTTP/1.1" 200 3792
116.233.76.43 - - [14/Nov/2021:10:18:16 +0800] "GET /xingrg/all/function/internal_message.html?_=1636856294071&CODE_STATE=getMsg HTTP/1.1" 200 27
116.233.76.43 - - [14/Nov/2021:10:18:16 +0800] "GET /xingrg/check_reg.html?_=1636856294072 HTTP/1.1" 200 22
58.37.231.44 - - [14/Nov/2021:10:18:18 +0800] "GET /xingrg/kc/buy/cgsh_order_operate.html?command=get_materiel&rest_code=00141&code=00101008298&supplier_code=00100007&order_time=2021-11-14 HTTP/1.1" 200 412
124.78.153.86 - - [14/Nov/2021:10:18:18 +0800] "POST /xingrg/kc/buy/cgsh_order_operate.html HTTP/1.1" 200 37
101.85.238.236 - - [14/Nov/2021:10:18:18 +0800] "GET /xingrg/kc/buy/cgsh_order_operate.html?command=get_materiel&rest_code=00102&code=00101008069&supplier_code=00100008&order_time=2021-11-14 HTTP/1.1" 200 23
116.238.248.233 - - [14/Nov/2021:10:18:19 +0800] "POST /xingrg/dwr/call/plaincall/AjaxYddbService.getUnitPrice.dwr HTTP/1.1" 200 88
124.78.153.86 - - [14/Nov/2021:10:18:20 +0800] "POST /xingrg/kc/buy/cgsh_order_operate.html HTTP/1.1" 200 17996
116.238.248.233 - - [14/Nov/2021:10:18:20 +0800] "POST /xingrg/dwr/call/plaincall/AjaxYddbService.saveMaterielItem.dwr HTTP/1.1" 200 79
222.70.176.97 - - [14/Nov/2021:10:18:20 +0800] "GET /xingrg/all/function/internal_message.html?_=1636856292655&CODE_STATE=getMsg HTTP/1.1" 200 27
116.238.248.233 - - [14/Nov/2021:10:18:21 +0800] "GET /xingrg/all/function/internal_message.html?_=1636856297190&CODE_STATE=getMsg HTTP/1.1" 200 27
116.238.248.233 - - [14/Nov/2021:10:18:23 +0800] "POST /xingrg/dwr/call/plaincall/AjaxComOrderService.getMaterielSearchList.dwr HTTP/1.1" 200 298
116.238.248.233 - - [14/Nov/2021:10:18:23 +0800] "POST /xingrg/dwr/call/plaincall/AjaxComOrderService.getMaterielSearchList.dwr HTTP/1.1" 200 298
180.169.147.146 - - [14/Nov/2021:10:18:24 +0800] "GET /xingrg/check_reg.html?_=1636856301391 HTTP/1.1" 200 22
180.169.147.146 - - [14/Nov/2021:10:18:24 +0800] "GET /xingrg/all/function/internal_message.html?_=1636856301396&CODE_STATE=getMsg HTTP/1.1" 200 27
101.85.238.236 - - [14/Nov/2021:10:18:24 +0800] "POST /xingrg/kc/buy/cgsh_order_operate.html HTTP/1.1" 200 37
116.238.248.233 - - [14/Nov/2021:10:18:24 +0800] "POST /xingrg/dwr/call/plaincall/AjaxYddbService.getMaterielByMap.dwr HTTP/1.1" 200 3769
101.85.238.236 - - [14/Nov/2021:10:18:25 +0800] "POST /xingrg/kc/buy/cgsh_order_operate.html HTTP/1.1" 200 9746
116.238.248.233 - - [14/Nov/2021:10:18:26 +0800] "POST /xingrg/dwr/call/plaincall/AjaxYddbService.getUnitPrice.dwr HTTP/1.1" 200 88
180.169.147.146 - - [14/Nov/2021:10:18:26 +0800] "GET /xingrg/all/function/internal_message.html?_=1636856296702&CODE_STATE=getMsg HTTP/1.1" 200 27
58.39.139.200 - - [14/Nov/2021:10:18:28 +0800] "GET /xingrg/all/function/internal_message.html?_=1636856304374&CODE_STATE=getMsg HTTP/1.1" 200 27
116.238.248.233 - - [14/Nov/2021:10:18:29 +0800] "POST /xingrg/dwr/call/plaincall/AjaxYddbService.saveMaterielItem.dwr HTTP/1.1" 200 79
116.238.248.233 - - [14/Nov/2021:10:18:32 +0800] "POST /xingrg/dwr/call/plaincall/AjaxComOrderService.getMaterielSearchList.dwr HTTP/1.1" 200 5711
116.238.248.233 - - [14/Nov/2021:10:18:33 +0800] "POST /xingrg/dwr/call/plaincall/AjaxComOrderService.getMaterielSearchList.dwr HTTP/1.1" 200 1080
116.228.172.94 - - [14/Nov/2021:10:18:33 +0800] "GET /xingrg/login.html HTTP/1.1" 200 7641
116.228.172.94 - - [14/Nov/2021:10:18:34 +0800] "GET /favicon.ico HTTP/1.1" 404 -
124.78.153.86 - - [14/Nov/2021:10:18:34 +0800] "GET /xingrg/kc/buy/cgsh_order_operate.html?command=get_materiel&rest_code=00106&code=00101008027&supplier_code=00100007&order_time=2021-11-14 HTTP/1.1" 200 409
116.238.248.233 - - [14/Nov/2021:10:18:34 +0800] "POST /xingrg/dwr/call/plaincall/AjaxYddbService.getMaterielByMap.dwr HTTP/1.1" 200 3769
222.70.171.86 - - [14/Nov/2021:10:18:34 +0800] "GET /xingrg/all/function/internal_message.html?_=1636856311528&CODE_STATE=getMsg HTTP/1.1" 200 27
116.228.172.94 - - [14/Nov/2021:10:18:34 +0800] "POST /xingrg/login.do HTTP/1.1" 302 -
116.228.172.94 - - [14/Nov/2021:10:18:35 +0800] "GET /xingrg/index.html?sysBaseUrl=http%3A%2F%2F180.169.147.146%3A18081%2Fxingrg%2F&costTime=45×tamp=1636856314981 HTTP/1.1" 200 17417
116.228.172.94 - - [14/Nov/2021:10:18:35 +0800] "GET /favicon.ico HTTP/1.1" 404 -
116.228.172.94 - - [14/Nov/2021:10:18:35 +0800] "POST /xingrg/all/common/load_tree.html?tree=area_rest_tree_json&manage=1 HTTP/1.1" 200 348
116.228.172.94 - - [14/Nov/2021:10:18:35 +0800] "GET /xingrg/all/function/internal_message.html?_=1636856225452&CODE_STATE=count HTTP/1.1" 200 11
116.228.172.94 - - [14/Nov/2021:10:18:35 +0800] "GET /xingrg/check_reg.html?_=1636856225453 HTTP/1.1" 200 22
116.228.172.94 - - [14/Nov/2021:10:18:35 +0800] "POST /xingrg/load_menu.html HTTP/1.1" 200 9959
116.238.248.233 - - [14/Nov/2021:10:18:35 +0800] "POST /xingrg/dwr/call/plaincall/AjaxYddbService.saveMaterielItem.dwr HTTP/1.1" 200 79
58.37.231.44 - - [14/Nov/2021:10:18:37 +0800] "GET /xingrg/kc/buy/cgsh_order_operate.html?command=get_materiel&rest_code=00141&code=00101008331&supplier_code=00100007&order_time=2021-11-14 HTTP/1.1" 200 416
116.228.172.94 - - [14/Nov/2021:10:18:38 +0800] "GET /xingrg/kc/buy/buy_main.html HTTP/1.1" 200 12412
116.228.172.94 - - [14/Nov/2021:10:18:38 +0800] "GET /xingrg/css/new_ie.css HTTP/1.1" 404 1036
116.238.248.233 - - [14/Nov/2021:10:18:39 +0800] "POST /xingrg/dwr/call/plaincall/AjaxComOrderService.getMaterielSearchList.dwr HTTP/1.1" 200 204
116.238.248.233 - - [14/Nov/2021:10:18:39 +0800] "POST /xingrg/dwr/call/plaincall/AjaxComOrderService.getMaterielSearchList.dwr HTTP/1.1" 200 204
101.85.238.236 - - [14/Nov/2021:10:18:40 +0800] "GET /xingrg/login.html HTTP/1.1" 200 7641
116.228.172.94 - - [14/Nov/2021:10:18:40 +0800] "GET /xingrg/images/yd/bt.gif HTTP/1.1" 404 1040
101.85.238.236 - - [14/Nov/2021:10:18:41 +0800] "GET /favicon.ico HTTP/1.1" 404 -
116.228.172.94 - - [14/Nov/2021:10:18:41 +0800] "GET /xingrg/kc/buy/cgsh_order_list.html HTTP/1.1" 200 49008
116.235.93.2 - - [14/Nov/2021:10:18:42 +0800] "GET /xingrg/all/function/internal_message.html?_=1636856797287&CODE_STATE=getMsg HTTP/1.1" 200 27
116.228.172.94 - - [14/Nov/2021:10:18:42 +0800] "POST /xingrg/kc/buy/cgsh_list_operate.html HTTP/1.1" 200 876
116.228.172.94 - - [14/Nov/2021:10:18:42 +0800] "GET /xingrg/kc/buy/cgsh_order_add.html HTTP/1.1" 200 63833
116.228.172.94 - - [14/Nov/2021:10:18:42 +0800] "GET /xingrg/words/20211112171753_words.js HTTP/1.1" 200 872406
58.37.231.44 - - [14/Nov/2021:10:18:43 +0800] "GET /xingrg/all/function/internal_message.html?_=1636856149330&CODE_STATE=getMsg HTTP/1.1" 200 27
116.238.248.233 - - [14/Nov/2021:10:18:43 +0800] "POST /xingrg/dwr/call/plaincall/AjaxComOrderService.getMaterielSearchList.dwr HTTP/1.1" 200 200453
116.227.210.113 - - [14/Nov/2021:10:18:43 +0800] "GET /xingrg/all/function/internal_message.html?_=1636856301936&CODE_STATE=getMsg HTTP/1.1" 200 27
116.228.172.94 - - [14/Nov/2021:10:18:43 +0800] "POST /xingrg/kc/buy/cgsh_order_operate.html HTTP/1.1" 200 8245
116.228.172.94 - - [14/Nov/2021:10:18:43 +0800] "GET /xingrg/all/common/auto_word.html?type=employee&rest_code=00153 HTTP/1.1" 200 47
116.228.172.94 - - [14/Nov/2021:10:18:43 +0800] "GET /xingrg/all/common/auto_word.html?type=employee&rest_code=00153 HTTP/1.1" 200 47
116.228.172.94 - - [14/Nov/2021:10:18:43 +0800] "GET /xingrg/javascript/easyui/themes/default/validatebox.css HTTP/1.1" 404 1104
172.20.0.100 - - [14/Nov/2021:10:18:43 +0800] "GET /xingrg/all/function/internal_message.html?_=1636856315134&CODE_STATE=getMsg HTTP/1.1" 200 27
116.228.172.94 - - [14/Nov/2021:10:18:44 +0800] "GET /xingrg/javascript/auto/indicator.gif HTTP/1.1" 404 1066
116.238.248.233 - - [14/Nov/2021:10:18:44 +0800] "POST /xingrg/dwr/call/plaincall/AjaxComOrderService.getMaterielSearchList.dwr HTTP/1.1" 200 577
116.238.248.233 - - [14/Nov/2021:10:18:44 +0800] "POST /xingrg/dwr/call/plaincall/AjaxComOrderService.getMaterielSearchList.dwr HTTP/1.1" 200 577
116.227.210.113 - - [14/Nov/2021:10:18:44 +0800] "GET /xingrg/check_reg.html?_=1636856303408 HTTP/1.1" 200 22
116.238.248.233 - - [14/Nov/2021:10:18:45 +0800] "POST /xingrg/dwr/call/plaincall/AjaxYddbService.getMaterielByMap.dwr HTTP/1.1" 200 3788
222.69.129.234 - - [14/Nov/2021:10:18:45 +0800] "GET /xingrg/kc/buy/cgsh_order_operate.html?command=get_materiel&rest_code=00149&code=00101008095&supplier_code=00100005&order_time=2021-11-14 HTTP/1.1" 200 412
58.37.231.44 - - [14/Nov/2021:10:18:45 +0800] "GET /xingrg/kc/buy/cgsh_order_operate.html?command=get_materiel&rest_code=00141&code=00101008087&supplier_code=00100007&order_time=2021-11-14 HTTP/1.1" 200 412
116.238.248.233 - - [14/Nov/2021:10:18:46 +0800] "POST /xingrg/dwr/call/plaincall/AjaxYddbService.getUnitPrice.dwr HTTP/1.1" 200 86
180.157.253.6 - - [14/Nov/2021:10:18:47 +0800] "GET /xingrg/all/function/internal_message.html?_=1636856323221&CODE_STATE=getMsg HTTP/1.1" 200 27
124.78.153.86 - - [14/Nov/2021:10:18:49 +0800] "GET /xingrg/all/function/internal_message.html?_=1636856322715&CODE_STATE=getMsg HTTP/1.1" 200 27
116.238.248.233 - - [14/Nov/2021:10:18:49 +0800] "POST /xingrg/dwr/call/plaincall/AjaxYddbService.saveMaterielItem.dwr HTTP/1.1" 200 79
101.85.238.236 - - [14/Nov/2021:10:18:49 +0800] "POST /xingrg/login.do HTTP/1.1" 302 -
101.85.238.236 - - [14/Nov/2021:10:18:49 +0800] "GET /xingrg/index.html?sysBaseUrl=http%3A%2F%2F180.169.147.146%3A18081%2Fxingrg%2F&costTime=157×tamp=1636856329614 HTTP/1.1" 200 17173
180.157.253.6 - - [14/Nov/2021:10:18:49 +0800] "POST /xingrg/services/DataTransmitService HTTP/1.1" 200 524
101.85.238.236 - - [14/Nov/2021:10:18:49 +0800] "GET /favicon.ico HTTP/1.1" 404 -
101.85.238.236 - - [14/Nov/2021:10:18:49 +0800] "POST /xingrg/all/common/load_tree.html?tree=area_rest_tree_json&manage=1 HTTP/1.1" 200 342
101.85.238.236 - - [14/Nov/2021:10:18:49 +0800] "GET /xingrg/check_reg.html?_=1636856325684 HTTP/1.1" 200 22
101.85.238.236 - - [14/Nov/2021:10:18:49 +0800] "GET /xingrg/all/function/internal_message.html?_=1636856325681&CODE_STATE=count HTTP/1.1" 200 11
101.85.238.236 - - [14/Nov/2021:10:18:50 +0800] "POST /xingrg/load_menu.html HTTP/1.1" 200 5138
116.228.172.94 - - [14/Nov/2021:10:18:50 +0800] "GET /xingrg/javascript/jquery_tools/images/prev.gif HTTP/1.1" 404 1086
116.228.172.94 - - [14/Nov/2021:10:18:50 +0800] "GET /xingrg/javascript/jquery_tools/images/next.gif HTTP/1.1" 404 1086
180.157.253.6 - - [14/Nov/2021:10:18:51 +0800] "POST /xingrg/services/DataTransmitService HTTP/1.1" 200 501
101.85.238.236 - - [14/Nov/2021:10:18:51 +0800] "GET /xingrg/kc/buy/cgsh_order_list.html HTTP/1.1" 200 49004
116.238.248.233 - - [14/Nov/2021:10:18:51 +0800] "POST /xingrg/dwr/call/plaincall/AjaxComOrderService.getMaterielSearchList.dwr HTTP/1.1" 200 12759
116.238.248.233 - - [14/Nov/2021:10:18:52 +0800] "POST /xingrg/dwr/call/plaincall/AjaxComOrderService.getMaterielSearchList.dwr HTTP/1.1" 200 1150
180.157.253.6 - - [14/Nov/2021:10:18:53 +0800] "POST /xingrg/services/DataTransmitService HTTP/1.1" 200 524
116.238.248.233 - - [14/Nov/2021:10:18:54 +0800] "POST /xingrg/dwr/call/plaincall/AjaxYddbService.getMaterielByMap.dwr HTTP/1.1" 200 3783
58.37.231.44 - - [14/Nov/2021:10:18:54 +0800] "POST /xingrg/kc/buy/cgsh_order_operate.html HTTP/1.1" 200 2065
101.85.238.236 - - [14/Nov/2021:10:18:54 +0800] "POST /xingrg/kc/buy/cgsh_list_operate.html HTTP/1.1" 200 2050
124.78.153.86 - - [14/Nov/2021:10:18:54 +0800] "GET /xingrg/kc/buy/cgsh_order_operate.html?command=get_materiel&rest_code=00106&code=00101008244&supplier_code=00100007&order_time=2021-11-14 HTTP/1.1" 200 408
101.85.238.236 - - [14/Nov/2021:10:18:54 +0800] "GET /xingrg/kc/buy/cgsh_order_info.html?code=212021111405860 HTTP/1.1" 200 64754
101.85.238.236 - - [14/Nov/2021:10:18:55 +0800] "GET /xingrg/all/common/auto_word.html?type=employee&rest_code=00102 HTTP/1.1" 200 189
101.85.238.236 - - [14/Nov/2021:10:18:55 +0800] "GET /xingrg/all/common/auto_word.html?type=employee&rest_code=00102 HTTP/1.1" 200 189
101.85.238.236 - - [14/Nov/2021:10:18:55 +0800] "GET /xingrg/javascript/easyui/themes/default/validatebox.css HTTP/1.1" 404 1104
101.85.238.236 - - [14/Nov/2021:10:18:55 +0800] "POST /xingrg/kc/buy/cgsh_order_operate.html HTTP/1.1" 200 16246
116.238.248.233 - - [14/Nov/2021:10:18:57 +0800] "POST /xingrg/dwr/call/plaincall/AjaxYddbService.saveMaterielItem.dwr HTTP/1.1" 200 79
116.228.172.94 - - [14/Nov/2021:10:18:58 +0800] "GET /xingrg/kc/buy/cgsh_order_operate.html?command=get_materiel&rest_code=00153&code=00101009023&supplier_code=00100476&order_time=2021-11-13 HTTP/1.1" 200 408
101.85.238.236 - - [14/Nov/2021:10:18:58 +0800] "GET /xingrg/all/function/internal_message.html?_=1636856327090&CODE_STATE=getMsg HTTP/1.1" 200 27
