120.253.135.82 - - [14/Nov/2021:07:09:13 +0800] "POST /xingrg/kc/pszx/mdps_order_operate.html HTTP/1.1" 200 32896
120.253.135.82 - - [14/Nov/2021:07:09:22 +0800] "POST /xingrg/kc/pszx/mdps_list_operate.html HTTP/1.1" 200 3143
120.253.135.82 - - [14/Nov/2021:07:09:23 +0800] "POST /xingrg/kc/pszx/mdps_list_operate.html HTTP/1.1" 200 656
120.253.135.82 - - [14/Nov/2021:07:09:25 +0800] "GET /xingrg/kc/pszx/mdps_order_info.html?code=312021111200346 HTTP/1.1" 200 23931
120.253.135.82 - - [14/Nov/2021:07:09:26 +0800] "GET /xingrg/javascript/easyui/themes/default/validatebox.css HTTP/1.1" 404 1104
120.253.135.82 - - [14/Nov/2021:07:09:26 +0800] "POST /xingrg/kc/pszx/mdps_order_operate.html HTTP/1.1" 200 4846
120.253.135.82 - - [14/Nov/2021:07:09:27 +0800] "POST /xingrg/kc/pszx/mdps_list_operate.html HTTP/1.1" 200 3143
116.238.248.233 - - [14/Nov/2021:07:09:46 +0800] "GET /xingrg/all/function/internal_message.html?_=1636844981922&CODE_STATE=getMsg HTTP/1.1" 200 27
180.157.253.6 - - [14/Nov/2021:07:09:50 +0800] "GET /xingrg/all/function/internal_message.html?_=1636844986640&CODE_STATE=getMsg HTTP/1.1" 200 27
120.253.135.82 - - [14/Nov/2021:07:09:52 +0800] "GET /xingrg/all/function/internal_message.html?_=1636844760717&CODE_STATE=getMsg HTTP/1.1" 200 27
120.253.135.82 - - [14/Nov/2021:07:09:58 +0800] "POST /xingrg/kc/pszx/mdps_list_operate.html HTTP/1.1" 200 3547
114.85.125.222 - - [14/Nov/2021:07:10:00 +0800] "GET /xingrg/all/function/internal_message.html?_=1636844978833&CODE_STATE=getMsg HTTP/1.1" 200 27
120.253.135.82 - - [14/Nov/2021:07:10:00 +0800] "POST /xingrg/kc/pszx/mdps_list_operate.html HTTP/1.1" 200 282
120.253.135.82 - - [14/Nov/2021:07:10:01 +0800] "POST /xingrg/kc/pszx/mdps_list_operate.html HTTP/1.1" 200 202
120.253.135.82 - - [14/Nov/2021:07:10:03 +0800] "POST /xingrg/kc/pszx/mdps_list_operate.html HTTP/1.1" 200 203
180.169.147.146 - - [14/Nov/2021:07:10:04 +0800] "GET /xingrg/all/function/internal_message.html?_=1636845067811&CODE_STATE=getMsg HTTP/1.1" 200 27
120.253.135.82 - - [14/Nov/2021:07:10:05 +0800] "POST /xingrg/kc/pszx/mdps_list_operate.html HTTP/1.1" 200 660
222.70.171.86 - - [14/Nov/2021:07:10:05 +0800] "GET /xingrg/all/function/internal_message.html?_=1636845001857&CODE_STATE=getMsg HTTP/1.1" 200 27
120.253.135.82 - - [14/Nov/2021:07:10:06 +0800] "POST /xingrg/kc/pszx/mdps_list_operate.html HTTP/1.1" 200 581
120.253.135.82 - - [14/Nov/2021:07:10:08 +0800] "POST /xingrg/kc/pszx/mdps_list_operate.html HTTP/1.1" 200 604
120.253.135.82 - - [14/Nov/2021:07:10:28 +0800] "GET /xingrg/kc/pszx/mdps_order_list.html?orderType=0 HTTP/1.1" 200 21089
120.253.135.82 - - [14/Nov/2021:07:10:28 +0800] "POST /xingrg/kc/pszx/mdps_list_operate.html HTTP/1.1" 200 5229
222.70.171.86 - - [14/Nov/2021:07:10:31 +0800] "GET /xingrg/kc/base/wldb_order_add.html HTTP/1.1" 200 30444
222.70.171.86 - - [14/Nov/2021:07:10:31 +0800] "POST /xingrg/kc/base/wldb_order_operate.html HTTP/1.1" 200 6806
222.70.171.86 - - [14/Nov/2021:07:10:31 +0800] "GET /xingrg/javascript/easyui/themes/default/validatebox.css HTTP/1.1" 404 1104
120.253.135.82 - - [14/Nov/2021:07:10:32 +0800] "GET /xingrg/kc/pszx/mdqp_order_list.html?state=10 HTTP/1.1" 200 10217
120.253.135.82 - - [14/Nov/2021:07:10:32 +0800] "GET /xingrg/dwr/interface/AjaxQqpsService.js HTTP/1.1" 200 16326
120.253.135.82 - - [14/Nov/2021:07:10:32 +0800] "GET /xingrg/dwr/interface/AjaxReportQueryService.js HTTP/1.1" 200 13203
120.253.135.82 - - [14/Nov/2021:07:10:32 +0800] "GET /xingrg/dwr/engine.js HTTP/1.1" 200 43631
120.253.135.82 - - [14/Nov/2021:07:10:38 +0800] "GET /xingrg/kc/buy/cgsh_order_list.html HTTP/1.1" 200 49004
114.85.125.222 - - [14/Nov/2021:07:10:39 +0800] "GET /xingrg/check_reg.html?_=1636845018469 HTTP/1.1" 200 22
120.253.135.82 - - [14/Nov/2021:07:10:40 +0800] "POST /xingrg/kc/buy/cgsh_list_operate.html HTTP/1.1" 200 1677
120.253.135.82 - - [14/Nov/2021:07:10:42 +0800] "POST /xingrg/kc/buy/cgsh_list_operate.html HTTP/1.1" 200 517
116.238.248.233 - - [14/Nov/2021:07:10:46 +0800] "GET /xingrg/all/function/internal_message.html?_=1636845041926&CODE_STATE=getMsg HTTP/1.1" 200 27
116.238.248.233 - - [14/Nov/2021:07:10:46 +0800] "GET /xingrg/check_reg.html?_=1636845041927 HTTP/1.1" 200 22
120.253.135.82 - - [14/Nov/2021:07:10:46 +0800] "GET /xingrg/kc/buy/cgsh_order_info.html?code=212021111305729 HTTP/1.1" 200 63802
120.253.135.82 - - [14/Nov/2021:07:10:47 +0800] "GET /xingrg/javascript/easyui/themes/icons/template_new.png HTTP/1.1" 304 -
120.253.135.82 - - [14/Nov/2021:07:10:47 +0800] "GET /xingrg/all/common/auto_word.html?type=employee&rest_code=00101 HTTP/1.1" 200 1173
120.253.135.82 - - [14/Nov/2021:07:10:47 +0800] "GET /xingrg/all/common/auto_word.html?type=employee&rest_code=00101 HTTP/1.1" 200 1173
120.253.135.82 - - [14/Nov/2021:07:10:47 +0800] "GET /xingrg/javascript/easyui/themes/default/validatebox.css HTTP/1.1" 404 1104
120.253.135.82 - - [14/Nov/2021:07:10:47 +0800] "POST /xingrg/kc/buy/cgsh_order_operate.html HTTP/1.1" 200 5073
180.157.253.6 - - [14/Nov/2021:07:10:50 +0800] "GET /xingrg/all/function/internal_message.html?_=1636845046625&CODE_STATE=getMsg HTTP/1.1" 200 27
120.253.135.82 - - [14/Nov/2021:07:10:51 +0800] "GET /xingrg/check_reg.html?_=1636844820290 HTTP/1.1" 200 22
120.253.135.82 - - [14/Nov/2021:07:10:52 +0800] "GET /xingrg/all/function/internal_message.html?_=1636844820728&CODE_STATE=getMsg HTTP/1.1" 200 27
222.70.171.86 - - [14/Nov/2021:07:10:57 +0800] "GET /xingrg/kc/base/wldb_order_operate.html?command=get_materiel&rest_code=00146&base_code=0010064&code=00102002993 HTTP/1.1" 200 442
114.85.125.222 - - [14/Nov/2021:07:11:00 +0800] "GET /xingrg/all/function/internal_message.html?_=1636845038841&CODE_STATE=getMsg HTTP/1.1" 200 27
180.169.147.146 - - [14/Nov/2021:07:11:04 +0800] "GET /xingrg/all/function/internal_message.html?_=1636845127808&CODE_STATE=getMsg HTTP/1.1" 200 27
180.169.147.146 - - [14/Nov/2021:07:11:04 +0800] "GET /xingrg/check_reg.html?_=1636845127810 HTTP/1.1" 200 22
222.70.171.86 - - [14/Nov/2021:07:11:05 +0800] "GET /xingrg/check_reg.html?_=1636845061656 HTTP/1.1" 200 22
222.70.171.86 - - [14/Nov/2021:07:11:05 +0800] "GET /xingrg/all/function/internal_message.html?_=1636845061859&CODE_STATE=getMsg HTTP/1.1" 200 27
120.253.135.82 - - [14/Nov/2021:07:11:08 +0800] "GET /xingrg/kc/buy/cgsh_order_info.html?code=212021111305729 HTTP/1.1" 200 63802
120.253.135.82 - - [14/Nov/2021:07:11:09 +0800] "GET /xingrg/javascript/easyui/themes/default/validatebox.css HTTP/1.1" 404 1104
120.253.135.82 - - [14/Nov/2021:07:11:09 +0800] "POST /xingrg/kc/buy/cgsh_order_operate.html HTTP/1.1" 200 5073
222.70.171.86 - - [14/Nov/2021:07:11:13 +0800] "GET /xingrg/kc/mdqp/pssh_order_list.html HTTP/1.1" 200 17861
222.70.171.86 - - [14/Nov/2021:07:11:13 +0800] "POST /xingrg/kc/mdqp/pssh_list_operate.html HTTP/1.1" 200 5324
120.253.135.82 - - [14/Nov/2021:07:11:14 +0800] "GET /xingrg/kc/report/report_main.html HTTP/1.1" 200 9370
120.253.135.82 - - [14/Nov/2021:07:11:14 +0800] "GET /xingrg/javascript/jquery_ui/themes/humanity/humanity.css HTTP/1.1" 304 -
120.253.135.82 - - [14/Nov/2021:07:11:16 +0800] "GET /xingrg/kc/base/kc_stocks.html HTTP/1.1" 200 16437
120.253.135.82 - - [14/Nov/2021:07:11:16 +0800] "GET /xingrg/javascript/easyui/themes/sunny/easyui.css HTTP/1.1" 304 -
120.253.135.82 - - [14/Nov/2021:07:11:16 +0800] "GET /xingrg/javascript/easyui/themes/icons/print_new.png HTTP/1.1" 304 -
120.253.135.82 - - [14/Nov/2021:07:11:16 +0800] "GET /xingrg/javascript/easyui/themes/icons/filter_new.png HTTP/1.1" 304 -
120.253.135.82 - - [14/Nov/2021:07:11:16 +0800] "GET /xingrg/javascript/easyui/themes/icons/refresh_new.png HTTP/1.1" 304 -
120.253.135.82 - - [14/Nov/2021:07:11:16 +0800] "GET /xingrg/javascript/easyui/plugins/jquery.draggable.js HTTP/1.1" 304 -
120.253.135.82 - - [14/Nov/2021:07:11:16 +0800] "GET /xingrg/javascript/easyui/plugins/jquery.droppable.js HTTP/1.1" 304 -
120.253.135.82 - - [14/Nov/2021:07:11:16 +0800] "GET /xingrg/javascript/easyui/themes/default/tree.css HTTP/1.1" 404 1090
120.253.135.82 - - [14/Nov/2021:07:11:16 +0800] "GET /xingrg/javascript/easyui/plugins/jquery.tree.js HTTP/1.1" 304 -
120.253.135.82 - - [14/Nov/2021:07:11:16 +0800] "POST /xingrg/all/common/load_tree.html?tree=materiel_sort_tree_json HTTP/1.1" 200 9388
120.253.135.82 - - [14/Nov/2021:07:11:16 +0800] "GET /xingrg/javascript/easyui/themes/sunny/images/tree_arrows.gif HTTP/1.1" 304 -
120.253.135.82 - - [14/Nov/2021:07:11:16 +0800] "GET /xingrg/javascript/easyui/themes/sunny/images/tree_folder_open.gif HTTP/1.1" 304 -
120.253.135.82 - - [14/Nov/2021:07:11:16 +0800] "GET /xingrg/javascript/easyui/themes/sunny/images/tree_folder.gif HTTP/1.1" 304 -
120.253.135.82 - - [14/Nov/2021:07:11:16 +0800] "GET /xingrg/javascript/easyui/themes/sunny/images/tree_file.gif HTTP/1.1" 304 -
120.253.135.82 - - [14/Nov/2021:07:11:17 +0800] "GET /xingrg/css/images/panel_loading.gif HTTP/1.1" 304 -
120.253.135.82 - - [14/Nov/2021:07:11:18 +0800] "POST /xingrg/all/common/load_combo.html?type=base HTTP/1.1" 200 1075
222.70.171.86 - - [14/Nov/2021:07:11:19 +0800] "POST /xingrg/kc/mdqp/pssh_list_operate.html HTTP/1.1" 200 775
222.70.171.86 - - [14/Nov/2021:07:11:22 +0800] "GET /xingrg/kc/mdqp/pssh_order_info.html?code=312021111100307 HTTP/1.1" 200 17303
222.70.171.86 - - [14/Nov/2021:07:11:22 +0800] "GET /xingrg/javascript/jquery_tools/jquery-1.4.2.min.js HTTP/1.1" 404 1094
222.70.171.86 - - [14/Nov/2021:07:11:22 +0800] "POST /xingrg/kc/mdqp/pssh_order_operate.html HTTP/1.1" 200 3694
222.70.171.86 - - [14/Nov/2021:07:11:22 +0800] "GET /xingrg/javascript/easyui/themes/default/validatebox.css HTTP/1.1" 404 1104
120.253.135.82 - - [14/Nov/2021:07:11:30 +0800] "POST /xingrg/kc/base/stock_operate.html HTTP/1.1" 200 1461
120.253.135.82 - - [14/Nov/2021:07:11:30 +0800] "GET /xingrg/javascript/jquery_tools/fix_table.js HTTP/1.1" 304 -
222.70.171.86 - - [14/Nov/2021:07:11:33 +0800] "POST /xingrg/all/common/load_combo.html?type=employee HTTP/1.1" 200 186
222.70.171.86 - - [14/Nov/2021:07:11:37 +0800] "POST /xingrg/kc/mdqp/pssh_order_operate.html HTTP/1.1" 200 37
222.70.171.86 - - [14/Nov/2021:07:11:38 +0800] "POST /xingrg/kc/mdqp/pssh_order_operate.html HTTP/1.1" 200 12
222.70.171.86 - - [14/Nov/2021:07:11:40 +0800] "GET /xingrg/kc/mdqp/pssh_order_info.html?code=312021111100307 HTTP/1.1" 200 14392
222.70.171.86 - - [14/Nov/2021:07:11:40 +0800] "GET /xingrg/javascript/jquery_tools/jquery-1.4.2.min.js HTTP/1.1" 404 1094
222.70.171.86 - - [14/Nov/2021:07:11:40 +0800] "POST /xingrg/kc/mdqp/pssh_order_operate.html HTTP/1.1" 200 3694
222.70.171.86 - - [14/Nov/2021:07:11:40 +0800] "GET /xingrg/javascript/easyui/themes/default/validatebox.css HTTP/1.1" 404 1104
222.70.171.86 - - [14/Nov/2021:07:11:42 +0800] "GET /xingrg/kc/print/load_data.html?order_code=312021111100307&kc_code=pssh&condition= HTTP/1.1" 200 1763
116.238.248.233 - - [14/Nov/2021:07:11:46 +0800] "GET /xingrg/all/function/internal_message.html?_=1636845101929&CODE_STATE=getMsg HTTP/1.1" 200 27
120.253.135.82 - - [14/Nov/2021:07:11:46 +0800] "POST /xingrg/kc/base/stock_operate.html HTTP/1.1" 200 1457
180.157.253.6 - - [14/Nov/2021:07:11:50 +0800] "GET /xingrg/all/function/internal_message.html?_=1636845106610&CODE_STATE=getMsg HTTP/1.1" 200 27
120.253.135.82 - - [14/Nov/2021:07:11:52 +0800] "GET /xingrg/all/function/internal_message.html?_=1636844880741&CODE_STATE=getMsg HTTP/1.1" 200 27
120.253.135.82 - - [14/Nov/2021:07:11:56 +0800] "POST /xingrg/kc/base/stock_operate.html HTTP/1.1" 200 1455
222.70.171.86 - - [14/Nov/2021:07:11:56 +0800] "GET /xingrg/kc/base/wldb_order_list.html HTTP/1.1" 200 19230
222.70.171.86 - - [14/Nov/2021:07:11:57 +0800] "POST /xingrg/kc/base/wldb_list_operate.html HTTP/1.1" 200 928
222.70.171.86 - - [14/Nov/2021:07:11:58 +0800] "GET /xingrg/kc/base/wldb_order_add.html HTTP/1.1" 200 30444
222.70.171.86 - - [14/Nov/2021:07:11:58 +0800] "POST /xingrg/kc/base/wldb_order_operate.html HTTP/1.1" 200 6806
222.70.171.86 - - [14/Nov/2021:07:11:59 +0800] "GET /xingrg/javascript/easyui/themes/default/validatebox.css HTTP/1.1" 404 1104
114.85.125.222 - - [14/Nov/2021:07:12:00 +0800] "GET /xingrg/all/function/internal_message.html?_=1636845098855&CODE_STATE=getMsg HTTP/1.1" 200 27
180.169.147.146 - - [14/Nov/2021:07:12:04 +0800] "GET /xingrg/all/function/internal_message.html?_=1636845187815&CODE_STATE=getMsg HTTP/1.1" 200 27
222.70.171.86 - - [14/Nov/2021:07:12:05 +0800] "GET /xingrg/all/function/internal_message.html?_=1636845121898&CODE_STATE=getMsg HTTP/1.1" 200 27
120.253.135.82 - - [14/Nov/2021:07:12:06 +0800] "POST /xingrg/kc/base/stock_operate.html HTTP/1.1" 200 1455
120.253.135.82 - - [14/Nov/2021:07:12:15 +0800] "POST /xingrg/kc/base/stock_operate.html HTTP/1.1" 200 1459
222.70.171.86 - - [14/Nov/2021:07:12:23 +0800] "GET /xingrg/kc/base/wldb_order_operate.html?command=get_materiel&rest_code=00146&base_code=0010064&code=00102002028 HTTP/1.1" 200 468
222.70.171.86 - - [14/Nov/2021:07:12:32 +0800] "GET /xingrg/kc/base/wldb_order_operate.html?command=get_materiel&rest_code=00146&base_code=0010064&code=00102015006 HTTP/1.1" 200 440
116.238.248.233 - - [14/Nov/2021:07:12:46 +0800] "GET /xingrg/all/function/internal_message.html?_=1636845161928&CODE_STATE=getMsg HTTP/1.1" 200 27
222.70.171.86 - - [14/Nov/2021:07:12:48 +0800] "POST /xingrg/kc/base/wldb_order_operate.html HTTP/1.1" 200 37
222.70.171.86 - - [14/Nov/2021:07:12:50 +0800] "POST /xingrg/kc/base/wldb_order_operate.html HTTP/1.1" 200 12
222.70.171.86 - - [14/Nov/2021:07:12:50 +0800] "POST /xingrg/kc/base/wldb_order_operate.html HTTP/1.1" 200 2694
180.157.253.6 - - [14/Nov/2021:07:12:50 +0800] "GET /xingrg/all/function/internal_message.html?_=1636845166595&CODE_STATE=getMsg HTTP/1.1" 200 27
222.70.171.86 - - [14/Nov/2021:07:12:51 +0800] "GET /xingrg/kc/base/wldb_order_info.html?code=422021111401458 HTTP/1.1" 200 26323
222.70.171.86 - - [14/Nov/2021:07:12:51 +0800] "GET /xingrg/javascript/easyui/themes/default/validatebox.css HTTP/1.1" 404 1104
222.70.171.86 - - [14/Nov/2021:07:12:51 +0800] "POST /xingrg/kc/base/wldb_order_operate.html HTTP/1.1" 200 979
120.253.135.82 - - [14/Nov/2021:07:12:52 +0800] "GET /xingrg/all/function/internal_message.html?_=1636844940755&CODE_STATE=getMsg HTTP/1.1" 200 27
222.70.171.86 - - [14/Nov/2021:07:12:54 +0800] "GET /xingrg/kc/base/wldb_order_add.html HTTP/1.1" 200 30444
222.70.171.86 - - [14/Nov/2021:07:12:54 +0800] "POST /xingrg/kc/base/wldb_order_operate.html HTTP/1.1" 200 6806
222.70.171.86 - - [14/Nov/2021:07:12:54 +0800] "GET /xingrg/javascript/easyui/themes/default/validatebox.css HTTP/1.1" 404 1104
114.85.125.222 - - [14/Nov/2021:07:13:00 +0800] "GET /xingrg/all/function/internal_message.html?_=1636845158903&CODE_STATE=getMsg HTTP/1.1" 200 27
180.169.147.146 - - [14/Nov/2021:07:13:04 +0800] "GET /xingrg/all/function/internal_message.html?_=1636845247823&CODE_STATE=getMsg HTTP/1.1" 200 27
222.70.171.86 - - [14/Nov/2021:07:13:05 +0800] "GET /xingrg/all/function/internal_message.html?_=1636845181902&CODE_STATE=getMsg HTTP/1.1" 200 27
222.70.171.86 - - [14/Nov/2021:07:13:07 +0800] "GET /xingrg/kc/base/wldb_order_operate.html?command=get_materiel&rest_code=00146&base_code=0010064&code=00102002448 HTTP/1.1" 200 426
222.70.171.86 - - [14/Nov/2021:07:13:17 +0800] "GET /xingrg/kc/base/wldb_order_operate.html?command=get_materiel&rest_code=00146&base_code=0010064&code=00102002304 HTTP/1.1" 200 449
222.70.171.86 - - [14/Nov/2021:07:13:28 +0800] "POST /xingrg/kc/base/wldb_order_operate.html HTTP/1.1" 200 37
222.70.171.86 - - [14/Nov/2021:07:13:30 +0800] "POST /xingrg/kc/base/wldb_order_operate.html HTTP/1.1" 200 12
222.70.171.86 - - [14/Nov/2021:07:13:30 +0800] "POST /xingrg/kc/base/wldb_order_operate.html HTTP/1.1" 200 2686
222.70.171.86 - - [14/Nov/2021:07:13:31 +0800] "GET /xingrg/kc/base/wldb_order_info.html?code=422021111401459 HTTP/1.1" 200 26322
222.70.171.86 - - [14/Nov/2021:07:13:32 +0800] "GET /xingrg/javascript/easyui/themes/default/validatebox.css HTTP/1.1" 404 1104
222.70.171.86 - - [14/Nov/2021:07:13:32 +0800] "POST /xingrg/kc/base/wldb_order_operate.html HTTP/1.1" 200 969
222.70.171.86 - - [14/Nov/2021:07:13:34 +0800] "GET /xingrg/kc/base/wldb_order_add.html HTTP/1.1" 200 30444
222.70.171.86 - - [14/Nov/2021:07:13:35 +0800] "POST /xingrg/kc/base/wldb_order_operate.html HTTP/1.1" 200 6806
222.70.171.86 - - [14/Nov/2021:07:13:35 +0800] "GET /xingrg/javascript/easyui/themes/default/validatebox.css HTTP/1.1" 404 1104
116.238.248.233 - - [14/Nov/2021:07:13:46 +0800] "GET /xingrg/all/function/internal_message.html?_=1636845221944&CODE_STATE=getMsg HTTP/1.1" 200 27
222.70.171.86 - - [14/Nov/2021:07:13:48 +0800] "GET /xingrg/kc/base/wldb_order_operate.html?command=get_materiel&rest_code=00146&base_code=0010064&code=00102002453 HTTP/1.1" 200 435
180.157.253.6 - - [14/Nov/2021:07:13:50 +0800] "GET /xingrg/all/function/internal_message.html?_=1636845226580&CODE_STATE=getMsg HTTP/1.1" 200 27
120.253.135.82 - - [14/Nov/2021:07:13:52 +0800] "GET /xingrg/all/function/internal_message.html?_=1636845000768&CODE_STATE=getMsg HTTP/1.1" 200 27
114.85.125.222 - - [14/Nov/2021:07:14:00 +0800] "GET /xingrg/all/function/internal_message.html?_=1636845218913&CODE_STATE=getMsg HTTP/1.1" 200 27
222.70.171.86 - - [14/Nov/2021:07:14:00 +0800] "POST /xingrg/kc/base/wldb_order_operate.html HTTP/1.1" 200 37
222.70.171.86 - - [14/Nov/2021:07:14:02 +0800] "POST /xingrg/kc/base/wldb_order_operate.html HTTP/1.1" 200 12
222.70.171.86 - - [14/Nov/2021:07:14:02 +0800] "POST /xingrg/kc/base/wldb_order_operate.html HTTP/1.1" 200 2184
180.169.147.146 - - [14/Nov/2021:07:14:04 +0800] "GET /xingrg/all/function/internal_message.html?_=1636845307817&CODE_STATE=getMsg HTTP/1.1" 200 27
222.70.171.86 - - [14/Nov/2021:07:14:07 +0800] "GET /xingrg/kc/base/wldb_order_info.html?code=422021111401460 HTTP/1.1" 200 26321
180.157.253.6 - - [14/Nov/2021:07:14:07 +0800] "GET /xingrg/check_reg.html?_=1636845243073 HTTP/1.1" 200 22
222.70.171.86 - - [14/Nov/2021:07:14:07 +0800] "GET /xingrg/javascript/easyui/themes/default/validatebox.css HTTP/1.1" 404 1104
222.70.171.86 - - [14/Nov/2021:07:14:07 +0800] "POST /xingrg/kc/base/wldb_order_operate.html HTTP/1.1" 200 477
222.70.171.86 - - [14/Nov/2021:07:14:08 +0800] "GET /xingrg/all/function/internal_message.html?_=1636845244630&CODE_STATE=getMsg HTTP/1.1" 200 27
222.70.171.86 - - [14/Nov/2021:07:14:38 +0800] "GET /xingrg/kc/base/wldb_order_add.html HTTP/1.1" 200 30444
222.70.171.86 - - [14/Nov/2021:07:14:38 +0800] "POST /xingrg/kc/base/wldb_order_operate.html HTTP/1.1" 200 6806
222.70.171.86 - - [14/Nov/2021:07:14:39 +0800] "GET /xingrg/javascript/easyui/themes/default/validatebox.css HTTP/1.1" 404 1104
116.238.248.233 - - [14/Nov/2021:07:14:46 +0800] "GET /xingrg/all/function/internal_message.html?_=1636845281955&CODE_STATE=getMsg HTTP/1.1" 200 27
180.157.253.6 - - [14/Nov/2021:07:14:50 +0800] "GET /xingrg/all/function/internal_message.html?_=1636845286553&CODE_STATE=getMsg HTTP/1.1" 200 27
120.253.135.82 - - [14/Nov/2021:07:14:52 +0800] "GET /xingrg/all/function/internal_message.html?_=1636845060819&CODE_STATE=getMsg HTTP/1.1" 200 27
114.85.125.222 - - [14/Nov/2021:07:15:00 +0800] "GET /xingrg/all/function/internal_message.html?_=1636845278963&CODE_STATE=getMsg HTTP/1.1" 200 27
222.70.171.86 - - [14/Nov/2021:07:15:02 +0800] "GET /xingrg/kc/base/wldb_order_operate.html?command=get_materiel&rest_code=00146&base_code=0010064&code=00102002497 HTTP/1.1" 200 439
180.169.147.146 - - [14/Nov/2021:07:15:04 +0800] "GET /xingrg/all/function/internal_message.html?_=1636845367839&CODE_STATE=getMsg HTTP/1.1" 200 27
222.70.171.86 - - [14/Nov/2021:07:15:08 +0800] "GET /xingrg/all/function/internal_message.html?_=1636845304644&CODE_STATE=getMsg HTTP/1.1" 200 27
222.70.171.86 - - [14/Nov/2021:07:15:15 +0800] "POST /xingrg/kc/base/wldb_order_operate.html HTTP/1.1" 200 37
222.70.171.86 - - [14/Nov/2021:07:15:17 +0800] "POST /xingrg/kc/base/wldb_order_operate.html HTTP/1.1" 200 12
222.70.171.86 - - [14/Nov/2021:07:15:17 +0800] "POST /xingrg/kc/base/wldb_order_operate.html HTTP/1.1" 200 2666
222.70.171.86 - - [14/Nov/2021:07:15:18 +0800] "GET /xingrg/kc/base/wldb_order_info.html?code=422021111401461 HTTP/1.1" 200 26322
222.70.171.86 - - [14/Nov/2021:07:15:19 +0800] "GET /xingrg/javascript/easyui/themes/default/validatebox.css HTTP/1.1" 404 1104
222.70.171.86 - - [14/Nov/2021:07:15:19 +0800] "POST /xingrg/kc/base/wldb_order_operate.html HTTP/1.1" 200 950
222.70.171.86 - - [14/Nov/2021:07:15:22 +0800] "GET /xingrg/kc/base/wldb_order_add.html HTTP/1.1" 200 30444
222.70.171.86 - - [14/Nov/2021:07:15:22 +0800] "POST /xingrg/kc/base/wldb_order_operate.html HTTP/1.1" 200 6806
222.70.171.86 - - [14/Nov/2021:07:15:23 +0800] "GET /xingrg/javascript/easyui/themes/default/validatebox.css HTTP/1.1" 404 1104
114.85.125.222 - - [14/Nov/2021:07:15:39 +0800] "GET /xingrg/check_reg.html?_=1636845318477 HTTP/1.1" 200 22
116.238.248.233 - - [14/Nov/2021:07:15:46 +0800] "GET /xingrg/check_reg.html?_=1636845341955 HTTP/1.1" 200 22
116.238.248.233 - - [14/Nov/2021:07:15:46 +0800] "GET /xingrg/all/function/internal_message.html?_=1636845341957&CODE_STATE=getMsg HTTP/1.1" 200 27
180.157.253.6 - - [14/Nov/2021:07:15:50 +0800] "GET /xingrg/all/function/internal_message.html?_=1636845346539&CODE_STATE=getMsg HTTP/1.1" 200 27
120.253.135.82 - - [14/Nov/2021:07:15:51 +0800] "GET /xingrg/check_reg.html?_=1636845120296 HTTP/1.1" 200 22
120.253.135.82 - - [14/Nov/2021:07:15:52 +0800] "GET /xingrg/all/function/internal_message.html?_=1636845120859&CODE_STATE=getMsg HTTP/1.1" 200 27
222.70.171.86 - - [14/Nov/2021:07:15:54 +0800] "POST /xingrg/kc/base/wldb_order_operate.html HTTP/1.1" 200 37
222.70.171.86 - - [14/Nov/2021:07:15:55 +0800] "POST /xingrg/kc/base/wldb_order_operate.html HTTP/1.1" 200 12
222.70.171.86 - - [14/Nov/2021:07:15:56 +0800] "POST /xingrg/kc/base/wldb_order_operate.html HTTP/1.1" 200 2187
222.70.171.86 - - [14/Nov/2021:07:15:56 +0800] "GET /xingrg/kc/base/wldb_order_info.html?code=422021111401462 HTTP/1.1" 200 26321
222.70.171.86 - - [14/Nov/2021:07:15:57 +0800] "GET /xingrg/javascript/easyui/themes/default/validatebox.css HTTP/1.1" 404 1104
222.70.171.86 - - [14/Nov/2021:07:15:57 +0800] "POST /xingrg/kc/base/wldb_order_operate.html HTTP/1.1" 200 482
222.70.171.86 - - [14/Nov/2021:07:16:00 +0800] "GET /xingrg/kc/base/wldb_order_add.html HTTP/1.1" 200 30444
114.85.125.222 - - [14/Nov/2021:07:16:00 +0800] "GET /xingrg/all/function/internal_message.html?_=1636845338971&CODE_STATE=getMsg HTTP/1.1" 200 27
222.70.171.86 - - [14/Nov/2021:07:16:00 +0800] "POST /xingrg/kc/base/wldb_order_operate.html HTTP/1.1" 200 6806
222.70.171.86 - - [14/Nov/2021:07:16:00 +0800] "GET /xingrg/javascript/easyui/themes/default/validatebox.css HTTP/1.1" 404 1104
222.70.171.86 - - [14/Nov/2021:07:16:05 +0800] "GET /xingrg/check_reg.html?_=1636845361662 HTTP/1.1" 200 22
180.169.147.146 - - [14/Nov/2021:07:16:05 +0800] "GET /xingrg/all/function/internal_message.html?_=1636845427868&CODE_STATE=getMsg HTTP/1.1" 200 27
180.169.147.146 - - [14/Nov/2021:07:16:05 +0800] "GET /xingrg/check_reg.html?_=1636845427837 HTTP/1.1" 200 22
222.70.171.86 - - [14/Nov/2021:07:16:08 +0800] "GET /xingrg/all/function/internal_message.html?_=1636845364658&CODE_STATE=getMsg HTTP/1.1" 200 27
222.70.171.86 - - [14/Nov/2021:07:16:23 +0800] "GET /xingrg/kc/base/wldb_order_operate.html?command=get_materiel&rest_code=00146&base_code=0010063&code=00102002439 HTTP/1.1" 200 455
222.70.171.86 - - [14/Nov/2021:07:16:40 +0800] "GET /xingrg/kc/base/wldb_order_operate.html?command=get_materiel&rest_code=00146&base_code=0010064&code=00102002439 HTTP/1.1" 200 456
116.238.248.233 - - [14/Nov/2021:07:16:46 +0800] "GET /xingrg/all/function/internal_message.html?_=1636845401955&CODE_STATE=getMsg HTTP/1.1" 200 27
180.157.253.6 - - [14/Nov/2021:07:16:50 +0800] "GET /xingrg/all/function/internal_message.html?_=1636845406509&CODE_STATE=getMsg HTTP/1.1" 200 27
120.253.135.82 - - [14/Nov/2021:07:16:52 +0800] "GET /xingrg/all/function/internal_message.html?_=1636845180872&CODE_STATE=getMsg HTTP/1.1" 200 27
114.85.125.222 - - [14/Nov/2021:07:17:00 +0800] "GET /xingrg/all/function/internal_message.html?_=1636845398985&CODE_STATE=getMsg HTTP/1.1" 200 27
222.70.171.86 - - [14/Nov/2021:07:17:00 +0800] "GET /xingrg/kc/base/wldb_order_operate.html?command=get_materiel&rest_code=00146&base_code=0010064&code=00102002254 HTTP/1.1" 200 434
180.169.147.146 - - [14/Nov/2021:07:17:04 +0800] "GET /xingrg/all/function/internal_message.html?_=1636845487845&CODE_STATE=getMsg HTTP/1.1" 200 27
222.70.171.86 - - [14/Nov/2021:07:17:08 +0800] "GET /xingrg/all/function/internal_message.html?_=1636845424671&CODE_STATE=getMsg HTTP/1.1" 200 27
222.70.171.86 - - [14/Nov/2021:07:17:11 +0800] "POST /xingrg/kc/base/wldb_order_operate.html HTTP/1.1" 200 37
222.70.171.86 - - [14/Nov/2021:07:17:13 +0800] "POST /xingrg/kc/base/wldb_order_operate.html HTTP/1.1" 200 12
222.70.171.86 - - [14/Nov/2021:07:17:13 +0800] "POST /xingrg/kc/base/wldb_order_operate.html HTTP/1.1" 200 2693
222.70.171.86 - - [14/Nov/2021:07:17:17 +0800] "GET /xingrg/kc/base/wldb_order_info.html?code=422021111401463 HTTP/1.1" 200 26322
222.70.171.86 - - [14/Nov/2021:07:17:17 +0800] "GET /xingrg/javascript/easyui/themes/default/validatebox.css HTTP/1.1" 404 1104
222.70.171.86 - - [14/Nov/2021:07:17:17 +0800] "POST /xingrg/kc/base/wldb_order_operate.html HTTP/1.1" 200 977
222.70.171.86 - - [14/Nov/2021:07:17:21 +0800] "GET /xingrg/kc/base/wldb_order_add.html HTTP/1.1" 200 30444
222.70.171.86 - - [14/Nov/2021:07:17:21 +0800] "POST /xingrg/kc/base/wldb_order_operate.html HTTP/1.1" 200 6806
222.70.171.86 - - [14/Nov/2021:07:17:22 +0800] "GET /xingrg/javascript/easyui/themes/default/validatebox.css HTTP/1.1" 404 1104
222.70.171.86 - - [14/Nov/2021:07:17:38 +0800] "GET /xingrg/kc/base/wldb_order_operate.html?command=get_materiel&rest_code=00146&base_code=0010332&code=00101027001 HTTP/1.1" 200 473
116.238.248.233 - - [14/Nov/2021:07:17:46 +0800] "GET /xingrg/all/function/internal_message.html?_=1636845461965&CODE_STATE=getMsg HTTP/1.1" 200 27
222.70.171.86 - - [14/Nov/2021:07:17:49 +0800] "POST /xingrg/kc/base/wldb_order_operate.html HTTP/1.1" 200 37
180.157.253.6 - - [14/Nov/2021:07:17:50 +0800] "GET /xingrg/all/function/internal_message.html?_=1636845466495&CODE_STATE=getMsg HTTP/1.1" 200 27
222.70.171.86 - - [14/Nov/2021:07:17:51 +0800] "POST /xingrg/kc/base/wldb_order_operate.html HTTP/1.1" 200 12
222.70.171.86 - - [14/Nov/2021:07:17:51 +0800] "POST /xingrg/kc/base/wldb_order_operate.html HTTP/1.1" 200 2215
120.253.135.82 - - [14/Nov/2021:07:17:52 +0800] "GET /xingrg/all/function/internal_message.html?_=1636845240885&CODE_STATE=getMsg HTTP/1.1" 200 27
222.70.171.86 - - [14/Nov/2021:07:17:52 +0800] "GET /xingrg/kc/base/wldb_order_info.html?code=422021111401464 HTTP/1.1" 200 26318
222.70.171.86 - - [14/Nov/2021:07:17:53 +0800] "GET /xingrg/javascript/easyui/themes/default/validatebox.css HTTP/1.1" 404 1104
222.70.171.86 - - [14/Nov/2021:07:17:53 +0800] "POST /xingrg/kc/base/wldb_order_operate.html HTTP/1.1" 200 507
114.85.125.222 - - [14/Nov/2021:07:18:00 +0800] "GET /xingrg/all/function/internal_message.html?_=1636845459044&CODE_STATE=getMsg HTTP/1.1" 200 27
222.70.171.86 - - [14/Nov/2021:07:18:00 +0800] "GET /xingrg/kc/buy/cgsh_order_list.html HTTP/1.1" 200 49010
180.169.147.146 - - [14/Nov/2021:07:18:04 +0800] "GET /xingrg/all/function/internal_message.html?_=1636845547840&CODE_STATE=getMsg HTTP/1.1" 200 27
222.70.171.86 - - [14/Nov/2021:07:18:08 +0800] "GET /xingrg/all/function/internal_message.html?_=1636845484928&CODE_STATE=getMsg HTTP/1.1" 200 27
222.70.171.86 - - [14/Nov/2021:07:18:32 +0800] "POST /xingrg/kc/buy/cgsh_list_operate.html HTTP/1.1" 200 5253
116.238.248.233 - - [14/Nov/2021:07:18:46 +0800] "GET /xingrg/all/function/internal_message.html?_=1636845521969&CODE_STATE=getMsg HTTP/1.1" 200 27
180.157.253.6 - - [14/Nov/2021:07:18:50 +0800] "GET /xingrg/all/function/internal_message.html?_=1636845526480&CODE_STATE=getMsg HTTP/1.1" 200 27
120.253.135.82 - - [14/Nov/2021:07:18:52 +0800] "GET /xingrg/all/function/internal_message.html?_=1636845300942&CODE_STATE=getMsg HTTP/1.1" 200 27
114.85.125.222 - - [14/Nov/2021:07:19:00 +0800] "GET /xingrg/all/function/internal_message.html?_=1636845519059&CODE_STATE=getMsg HTTP/1.1" 200 27
180.169.147.146 - - [14/Nov/2021:07:19:04 +0800] "GET /xingrg/all/function/internal_message.html?_=1636845607842&CODE_STATE=getMsg HTTP/1.1" 200 27
180.157.253.6 - - [14/Nov/2021:07:19:07 +0800] "GET /xingrg/check_reg.html?_=1636845543066 HTTP/1.1" 200 22
222.70.171.86 - - [14/Nov/2021:07:19:08 +0800] "GET /xingrg/all/function/internal_message.html?_=1636845544931&CODE_STATE=getMsg HTTP/1.1" 200 27
222.70.171.86 - - [14/Nov/2021:07:19:35 +0800] "POST /xingrg/kc/buy/cgsh_list_operate.html HTTP/1.1" 200 4
116.238.248.233 - - [14/Nov/2021:07:19:46 +0800] "GET /xingrg/all/function/internal_message.html?_=1636845581969&CODE_STATE=getMsg HTTP/1.1" 200 27
180.157.253.6 - - [14/Nov/2021:07:19:50 +0800] "GET /xingrg/all/function/internal_message.html?_=1636845586453&CODE_STATE=getMsg HTTP/1.1" 200 27
120.253.135.82 - - [14/Nov/2021:07:19:52 +0800] "GET /xingrg/all/function/internal_message.html?_=1636845360943&CODE_STATE=getMsg HTTP/1.1" 200 27
114.85.125.222 - - [14/Nov/2021:07:20:00 +0800] "GET /xingrg/all/function/internal_message.html?_=1636845579111&CODE_STATE=getMsg HTTP/1.1" 200 27
222.70.171.86 - - [14/Nov/2021:07:20:01 +0800] "POST /xingrg/kc/buy/cgsh_list_operate.html HTTP/1.1" 200 5223
180.169.147.146 - - [14/Nov/2021:07:20:05 +0800] "GET /xingrg/all/function/internal_message.html?_=1636845667840&CODE_STATE=getMsg HTTP/1.1" 200 27
222.70.171.86 - - [14/Nov/2021:07:20:08 +0800] "GET /xingrg/all/function/internal_message.html?_=1636845604945&CODE_STATE=getMsg HTTP/1.1" 200 27
222.70.181.70 - - [14/Nov/2021:07:20:22 +0800] "POST /xingrg/services/DataTransmitService HTTP/1.1" 200 524
222.70.181.70 - - [14/Nov/2021:07:20:27 +0800] "POST /xingrg/services/DataTransmitService HTTP/1.1" 200 501
222.70.171.86 - - [14/Nov/2021:07:20:35 +0800] "POST /xingrg/kc/buy/cgsh_list_operate.html HTTP/1.1" 200 4
114.85.125.222 - - [14/Nov/2021:07:20:39 +0800] "GET /xingrg/check_reg.html?_=1636845618479 HTTP/1.1" 200 22
116.238.248.233 - - [14/Nov/2021:07:20:46 +0800] "GET /xingrg/check_reg.html?_=1636845641969 HTTP/1.1" 200 22
116.238.248.233 - - [14/Nov/2021:07:20:46 +0800] "GET /xingrg/all/function/internal_message.html?_=1636845641971&CODE_STATE=getMsg HTTP/1.1" 200 27
180.157.253.6 - - [14/Nov/2021:07:20:50 +0800] "GET /xingrg/all/function/internal_message.html?_=1636845646463&CODE_STATE=getMsg HTTP/1.1" 200 27
120.253.135.82 - - [14/Nov/2021:07:20:51 +0800] "GET /xingrg/check_reg.html?_=1636845420341 HTTP/1.1" 200 22
120.253.135.82 - - [14/Nov/2021:07:20:52 +0800] "GET /xingrg/all/function/internal_message.html?_=1636845421020&CODE_STATE=getMsg HTTP/1.1" 200 27
222.70.171.86 - - [14/Nov/2021:07:20:54 +0800] "POST /xingrg/kc/buy/cgsh_list_operate.html HTTP/1.1" 200 5188
114.85.125.222 - - [14/Nov/2021:07:21:00 +0800] "GET /xingrg/all/function/internal_message.html?_=1636845639117&CODE_STATE=getMsg HTTP/1.1" 200 27
180.169.147.146 - - [14/Nov/2021:07:21:04 +0800] "GET /xingrg/check_reg.html?_=1636845727838 HTTP/1.1" 200 22
180.169.147.146 - - [14/Nov/2021:07:21:04 +0800] "GET /xingrg/all/function/internal_message.html?_=1636845727841&CODE_STATE=getMsg HTTP/1.1" 200 27
222.70.171.86 - - [14/Nov/2021:07:21:05 +0800] "GET /xingrg/check_reg.html?_=1636845661668 HTTP/1.1" 200 22
222.70.171.86 - - [14/Nov/2021:07:21:08 +0800] "GET /xingrg/all/function/internal_message.html?_=1636845664960&CODE_STATE=getMsg HTTP/1.1" 200 27
222.70.171.86 - - [14/Nov/2021:07:21:25 +0800] "POST /xingrg/kc/buy/cgsh_list_operate.html HTTP/1.1" 200 4
222.70.171.86 - - [14/Nov/2021:07:21:30 +0800] "POST /xingrg/kc/buy/cgsh_list_operate.html HTTP/1.1" 200 2063
222.70.171.86 - - [14/Nov/2021:07:21:42 +0800] "POST /xingrg/kc/buy/cgsh_list_operate.html HTTP/1.1" 200 4
116.238.248.233 - - [14/Nov/2021:07:21:46 +0800] "GET /xingrg/all/function/internal_message.html?_=1636845701994&CODE_STATE=getMsg HTTP/1.1" 200 27
180.157.253.6 - - [14/Nov/2021:07:21:50 +0800] "GET /xingrg/all/function/internal_message.html?_=1636845706434&CODE_STATE=getMsg HTTP/1.1" 200 27
120.253.135.82 - - [14/Nov/2021:07:21:52 +0800] "GET /xingrg/all/function/internal_message.html?_=1636845481033&CODE_STATE=getMsg HTTP/1.1" 200 27
114.85.125.222 - - [14/Nov/2021:07:22:00 +0800] "GET /xingrg/all/function/internal_message.html?_=1636845699131&CODE_STATE=getMsg HTTP/1.1" 200 27
180.169.147.146 - - [14/Nov/2021:07:22:04 +0800] "GET /xingrg/all/function/internal_message.html?_=1636845787842&CODE_STATE=getMsg HTTP/1.1" 200 27
116.238.248.233 - - [14/Nov/2021:07:22:46 +0800] "GET /xingrg/all/function/internal_message.html?_=1636845761988&CODE_STATE=getMsg HTTP/1.1" 200 27
180.157.253.6 - - [14/Nov/2021:07:22:50 +0800] "GET /xingrg/all/function/internal_message.html?_=1636845766419&CODE_STATE=getMsg HTTP/1.1" 200 27
120.253.135.82 - - [14/Nov/2021:07:22:52 +0800] "GET /xingrg/all/function/internal_message.html?_=1636845541046&CODE_STATE=getMsg HTTP/1.1" 200 27
114.85.125.222 - - [14/Nov/2021:07:23:00 +0800] "GET /xingrg/all/function/internal_message.html?_=1636845759180&CODE_STATE=getMsg HTTP/1.1" 200 27
180.169.147.146 - - [14/Nov/2021:07:23:04 +0800] "GET /xingrg/all/function/internal_message.html?_=1636845847841&CODE_STATE=getMsg HTTP/1.1" 200 27
116.238.248.233 - - [14/Nov/2021:07:23:46 +0800] "GET /xingrg/all/function/internal_message.html?_=1636845821972&CODE_STATE=getMsg HTTP/1.1" 200 27
180.157.253.6 - - [14/Nov/2021:07:23:50 +0800] "GET /xingrg/all/function/internal_message.html?_=1636845826389&CODE_STATE=getMsg HTTP/1.1" 200 27
120.253.135.82 - - [14/Nov/2021:07:23:52 +0800] "GET /xingrg/all/function/internal_message.html?_=1636845601095&CODE_STATE=getMsg HTTP/1.1" 200 27
114.85.125.222 - - [14/Nov/2021:07:24:00 +0800] "GET /xingrg/all/function/internal_message.html?_=1636845819189&CODE_STATE=getMsg HTTP/1.1" 200 27
180.169.147.146 - - [14/Nov/2021:07:24:04 +0800] "GET /xingrg/all/function/internal_message.html?_=1636845907840&CODE_STATE=getMsg HTTP/1.1" 200 27
180.157.253.6 - - [14/Nov/2021:07:24:07 +0800] "GET /xingrg/check_reg.html?_=1636845843085 HTTP/1.1" 200 22
116.238.248.233 - - [14/Nov/2021:07:24:46 +0800] "GET /xingrg/all/function/internal_message.html?_=1636845881979&CODE_STATE=getMsg HTTP/1.1" 200 27
222.70.171.86 - - [14/Nov/2021:07:24:46 +0800] "POST /xingrg/kc/buy/cgsh_list_operate.html HTTP/1.1" 200 876
180.157.253.6 - - [14/Nov/2021:07:24:50 +0800] "GET /xingrg/all/function/internal_message.html?_=1636845886363&CODE_STATE=getMsg HTTP/1.1" 200 27
120.253.135.82 - - [14/Nov/2021:07:24:52 +0800] "GET /xingrg/all/function/internal_message.html?_=1636845661105&CODE_STATE=getMsg HTTP/1.1" 200 27
114.85.125.222 - - [14/Nov/2021:07:25:00 +0800] "GET /xingrg/all/function/internal_message.html?_=1636845879241&CODE_STATE=getMsg HTTP/1.1" 200 27
180.169.147.146 - - [14/Nov/2021:07:25:05 +0800] "GET /xingrg/all/function/internal_message.html?_=1636845967859&CODE_STATE=getMsg HTTP/1.1" 200 27
222.70.171.86 - - [14/Nov/2021:07:25:08 +0800] "GET /xingrg/all/function/internal_message.html?_=1636845905014&CODE_STATE=getMsg HTTP/1.1" 200 27
114.85.125.222 - - [14/Nov/2021:07:25:39 +0800] "GET /xingrg/check_reg.html?_=1636845918487 HTTP/1.1" 200 22
116.238.248.233 - - [14/Nov/2021:07:25:46 +0800] "GET /xingrg/all/function/internal_message.html?_=1636845941994&CODE_STATE=getMsg HTTP/1.1" 200 27
116.238.248.233 - - [14/Nov/2021:07:25:46 +0800] "GET /xingrg/check_reg.html?_=1636845941996 HTTP/1.1" 200 22
180.157.253.6 - - [14/Nov/2021:07:25:50 +0800] "GET /xingrg/all/function/internal_message.html?_=1636845946349&CODE_STATE=getMsg HTTP/1.1" 200 27
120.253.135.82 - - [14/Nov/2021:07:25:51 +0800] "GET /xingrg/check_reg.html?_=1636845720379 HTTP/1.1" 200 22
120.253.135.82 - - [14/Nov/2021:07:25:52 +0800] "GET /xingrg/all/function/internal_message.html?_=1636845721119&CODE_STATE=getMsg HTTP/1.1" 200 27
114.85.125.222 - - [14/Nov/2021:07:26:00 +0800] "GET /xingrg/all/function/internal_message.html?_=1636845939248&CODE_STATE=getMsg HTTP/1.1" 200 27
180.169.147.146 - - [14/Nov/2021:07:26:04 +0800] "GET /xingrg/check_reg.html?_=1636846027845 HTTP/1.1" 200 22
180.169.147.146 - - [14/Nov/2021:07:26:04 +0800] "GET /xingrg/all/function/internal_message.html?_=1636846027846&CODE_STATE=getMsg HTTP/1.1" 200 27
222.70.171.86 - - [14/Nov/2021:07:26:05 +0800] "GET /xingrg/check_reg.html?_=1636845961673 HTTP/1.1" 200 22
222.70.171.86 - - [14/Nov/2021:07:26:08 +0800] "GET /xingrg/all/function/internal_message.html?_=1636845965027&CODE_STATE=getMsg HTTP/1.1" 200 27
116.238.248.233 - - [14/Nov/2021:07:26:46 +0800] "GET /xingrg/all/function/internal_message.html?_=1636846001987&CODE_STATE=getMsg HTTP/1.1" 200 27
180.157.253.6 - - [14/Nov/2021:07:26:50 +0800] "GET /xingrg/all/function/internal_message.html?_=1636846006334&CODE_STATE=getMsg HTTP/1.1" 200 27
120.253.135.82 - - [14/Nov/2021:07:26:52 +0800] "GET /xingrg/all/function/internal_message.html?_=1636845781132&CODE_STATE=getMsg HTTP/1.1" 200 27
114.85.125.222 - - [14/Nov/2021:07:27:00 +0800] "GET /xingrg/all/function/internal_message.html?_=1636845999261&CODE_STATE=getMsg HTTP/1.1" 200 27
180.169.147.146 - - [14/Nov/2021:07:27:04 +0800] "GET /xingrg/all/function/internal_message.html?_=1636846087832&CODE_STATE=getMsg HTTP/1.1" 200 27
222.70.171.86 - - [14/Nov/2021:07:27:08 +0800] "GET /xingrg/all/function/internal_message.html?_=1636846025040&CODE_STATE=getMsg HTTP/1.1" 200 27
116.238.248.233 - - [14/Nov/2021:07:27:46 +0800] "GET /xingrg/all/function/internal_message.html?_=1636846062005&CODE_STATE=getMsg HTTP/1.1" 200 27
180.157.253.6 - - [14/Nov/2021:07:27:50 +0800] "GET /xingrg/all/function/internal_message.html?_=1636846066319&CODE_STATE=getMsg HTTP/1.1" 200 27
120.253.135.82 - - [14/Nov/2021:07:27:52 +0800] "GET /xingrg/all/function/internal_message.html?_=1636845841146&CODE_STATE=getMsg HTTP/1.1" 200 27
114.85.125.222 - - [14/Nov/2021:07:28:00 +0800] "GET /xingrg/all/function/internal_message.html?_=1636846059311&CODE_STATE=getMsg HTTP/1.1" 200 27
180.169.147.146 - - [14/Nov/2021:07:28:04 +0800] "GET /xingrg/all/function/internal_message.html?_=1636846147832&CODE_STATE=getMsg HTTP/1.1" 200 27
222.70.171.86 - - [14/Nov/2021:07:28:08 +0800] "GET /xingrg/all/function/internal_message.html?_=1636846085193&CODE_STATE=getMsg HTTP/1.1" 200 27
116.238.248.233 - - [14/Nov/2021:07:28:46 +0800] "GET /xingrg/all/function/internal_message.html?_=1636846122010&CODE_STATE=getMsg HTTP/1.1" 200 27
180.157.253.6 - - [14/Nov/2021:07:28:50 +0800] "GET /xingrg/all/function/internal_message.html?_=1636846126304&CODE_STATE=getMsg HTTP/1.1" 200 27
120.253.135.82 - - [14/Nov/2021:07:28:52 +0800] "GET /xingrg/all/function/internal_message.html?_=1636845901196&CODE_STATE=getMsg HTTP/1.1" 200 27
114.85.125.222 - - [14/Nov/2021:07:29:00 +0800] "GET /xingrg/all/function/internal_message.html?_=1636846119319&CODE_STATE=getMsg HTTP/1.1" 200 27
180.169.147.146 - - [14/Nov/2021:07:29:04 +0800] "GET /xingrg/all/function/internal_message.html?_=1636846207839&CODE_STATE=getMsg HTTP/1.1" 200 27
180.157.253.6 - - [14/Nov/2021:07:29:07 +0800] "GET /xingrg/check_reg.html?_=1636846143093 HTTP/1.1" 200 22
222.70.171.86 - - [14/Nov/2021:07:29:08 +0800] "GET /xingrg/all/function/internal_message.html?_=1636846145209&CODE_STATE=getMsg HTTP/1.1" 200 27
116.238.248.233 - - [14/Nov/2021:07:29:46 +0800] "GET /xingrg/all/function/internal_message.html?_=1636846182013&CODE_STATE=getMsg HTTP/1.1" 200 27
180.157.253.6 - - [14/Nov/2021:07:29:50 +0800] "GET /xingrg/all/function/internal_message.html?_=1636846186276&CODE_STATE=getMsg HTTP/1.1" 200 27
120.253.135.82 - - [14/Nov/2021:07:29:52 +0800] "GET /xingrg/all/function/internal_message.html?_=1636845961203&CODE_STATE=getMsg HTTP/1.1" 200 27
114.85.125.222 - - [14/Nov/2021:07:30:00 +0800] "GET /xingrg/all/function/internal_message.html?_=1636846179378&CODE_STATE=getMsg HTTP/1.1" 200 27
120.253.135.82 - - [14/Nov/2021:07:30:01 +0800] "GET /xingrg/javascript/easyui/themes/sunny/images/ui-bg_gloss-wave_60_fece2f_500x100.png HTTP/1.1" 304 -
120.253.135.82 - - [14/Nov/2021:07:30:03 +0800] "GET /xingrg/kc/buy/cgsh_order_list.html HTTP/1.1" 200 49004
180.169.147.146 - - [14/Nov/2021:07:30:04 +0800] "GET /xingrg/all/function/internal_message.html?_=1636846267837&CODE_STATE=getMsg HTTP/1.1" 200 27
120.253.135.82 - - [14/Nov/2021:07:30:05 +0800] "POST /xingrg/kc/buy/cgsh_list_operate.html HTTP/1.1" 200 1677
120.253.135.82 - - [14/Nov/2021:07:30:07 +0800] "POST /xingrg/kc/buy/cgsh_list_operate.html HTTP/1.1" 200 517
222.70.171.86 - - [14/Nov/2021:07:30:08 +0800] "GET /xingrg/all/function/internal_message.html?_=1636846205223&CODE_STATE=getMsg HTTP/1.1" 200 27
120.253.135.82 - - [14/Nov/2021:07:30:11 +0800] "GET /xingrg/javascript/jquery_tools/images/next.gif HTTP/1.1" 404 1086
120.253.135.82 - - [14/Nov/2021:07:30:11 +0800] "GET /xingrg/javascript/jquery_tools/images/prev.gif HTTP/1.1" 404 1086
120.253.135.82 - - [14/Nov/2021:07:30:12 +0800] "GET /xingrg/kc/buy/cgsh_order_info.html?code=212021111305729 HTTP/1.1" 200 63802
120.253.135.82 - - [14/Nov/2021:07:30:13 +0800] "GET /xingrg/javascript/easyui/themes/default/validatebox.css HTTP/1.1" 404 1104
120.253.135.82 - - [14/Nov/2021:07:30:13 +0800] "POST /xingrg/kc/buy/cgsh_order_operate.html HTTP/1.1" 200 5073
120.253.135.82 - - [14/Nov/2021:07:30:35 +0800] "GET /xingrg/kc/report/report_main.html HTTP/1.1" 200 9370
120.253.135.82 - - [14/Nov/2021:07:30:36 +0800] "GET /xingrg/kc/base/kc_stocks.html HTTP/1.1" 200 16437
120.253.135.82 - - [14/Nov/2021:07:30:36 +0800] "GET /xingrg/javascript/easyui/themes/default/tree.css HTTP/1.1" 404 1090
120.253.135.82 - - [14/Nov/2021:07:30:37 +0800] "POST /xingrg/all/common/load_tree.html?tree=materiel_sort_tree_json HTTP/1.1" 200 9388
120.253.135.82 - - [14/Nov/2021:07:30:37 +0800] "POST /xingrg/kc/buy/cgsh_list_operate.html HTTP/1.1" 200 1677
120.253.135.82 - - [14/Nov/2021:07:30:37 +0800] "POST /xingrg/all/common/load_combo.html?type=base HTTP/1.1" 200 1075
114.85.125.222 - - [14/Nov/2021:07:30:39 +0800] "GET /xingrg/check_reg.html?_=1636846218489 HTTP/1.1" 200 22
120.253.135.82 - - [14/Nov/2021:07:30:44 +0800] "POST /xingrg/kc/base/stock_operate.html HTTP/1.1" 200 1455
116.238.248.233 - - [14/Nov/2021:07:30:46 +0800] "GET /xingrg/check_reg.html?_=1636846242014 HTTP/1.1" 200 22
116.238.248.233 - - [14/Nov/2021:07:30:46 +0800] "GET /xingrg/all/function/internal_message.html?_=1636846242012&CODE_STATE=getMsg HTTP/1.1" 200 27
180.157.253.6 - - [14/Nov/2021:07:30:50 +0800] "GET /xingrg/all/function/internal_message.html?_=1636846246261&CODE_STATE=getMsg HTTP/1.1" 200 27
120.253.135.82 - - [14/Nov/2021:07:30:51 +0800] "GET /xingrg/check_reg.html?_=1636846020380 HTTP/1.1" 200 22
120.253.135.82 - - [14/Nov/2021:07:30:52 +0800] "GET /xingrg/all/function/internal_message.html?_=1636846021218&CODE_STATE=getMsg HTTP/1.1" 200 27
120.253.135.82 - - [14/Nov/2021:07:30:54 +0800] "GET /xingrg/kc/base/stock_detail.html?m=00101030002 HTTP/1.1" 200 6347
120.253.135.82 - - [14/Nov/2021:07:30:54 +0800] "GET /xingrg/javascript/jquery_easy_ui/themes/default/images/menu.gif HTTP/1.1" 304 -
120.253.135.82 - - [14/Nov/2021:07:30:56 +0800] "GET /xingrg/kc/base/stock_operate.html?_=1636846024561&command=get_report_file&start_day=20211101 HTTP/1.1" 200 53
120.253.135.82 - - [14/Nov/2021:07:30:56 +0800] "GET /xingrg/javascript/multi_select/jqueryMultiSelect.css HTTP/1.1" 304 -
120.253.135.82 - - [14/Nov/2021:07:30:56 +0800] "GET /xingrg/all/report/report_query.html?isQuery=1&onlyBody=1&rh=2000&fileName=kc/base/kc_stock_detail_new.xml&queryString=(1=1)&queryText=&tableQueryString=init_table$sp1$$sp$crk_table$sp1$order_day%20between%2020211101%20and%2020211130&varString=start_day:20211101,materiel_code:00101030002,cost_id:3319,end_date:20210831 HTTP/1.1" 200 48701
120.253.135.82 - - [14/Nov/2021:07:30:56 +0800] "GET /xingrg/javascript/calendar/timePicker.css HTTP/1.1" 304 -
120.253.135.82 - - [14/Nov/2021:07:30:56 +0800] "GET /xingrg/javascript/bigrid/fix.css HTTP/1.1" 304 -
120.253.135.82 - - [14/Nov/2021:07:30:56 +0800] "GET /xingrg/javascript/bigrid/fix.js HTTP/1.1" 304 -
120.253.135.82 - - [14/Nov/2021:07:30:56 +0800] "GET /xingrg/javascript/calendar/jquery.timePicker.min.js HTTP/1.1" 304 -
120.253.135.82 - - [14/Nov/2021:07:30:56 +0800] "GET /xingrg/javascript/jqueryMultiSelect.js HTTP/1.1" 304 -
120.253.135.82 - - [14/Nov/2021:07:30:56 +0800] "GET /xingrg/dwr/interface/AjaxReportQueryService.js HTTP/1.1" 200 13203
120.253.135.82 - - [14/Nov/2021:07:30:56 +0800] "GET /xingrg/dwr/engine.js HTTP/1.1" 200 43631
120.253.135.82 - - [14/Nov/2021:07:30:56 +0800] "GET /xingrg/images/control/loading.gif HTTP/1.1" 304 -
120.253.135.82 - - [14/Nov/2021:07:30:56 +0800] "GET /xingrg/javascript/jquery_easy_ui/themes/icons/help.png HTTP/1.1" 304 -
120.253.135.82 - - [14/Nov/2021:07:30:56 +0800] "GET /xingrg/images/blue/button/advance2over.gif HTTP/1.1" 304 -
120.253.135.82 - - [14/Nov/2021:07:30:56 +0800] "GET /xingrg/images/blue/button/advanceover.gif HTTP/1.1" 304 -
120.253.135.82 - - [14/Nov/2021:07:30:56 +0800] "GET /xingrg/images/blue/button/backover.gif HTTP/1.1" 304 -
120.253.135.82 - - [14/Nov/2021:07:30:56 +0800] "GET /xingrg/images/blue/button/back2over.gif HTTP/1.1" 304 -
120.253.135.82 - - [14/Nov/2021:07:30:57 +0800] "POST /xingrg/all/report/load_report_page.html HTTP/1.1" 200 20223
120.253.135.82 - - [14/Nov/2021:07:30:57 +0800] "GET /xingrg/servlets/image?cache=0.9735990563744222&image=px HTTP/1.1" 200 807
114.85.125.222 - - [14/Nov/2021:07:31:00 +0800] "GET /xingrg/all/function/internal_message.html?_=1636846239394&CODE_STATE=getMsg HTTP/1.1" 200 27
120.253.135.82 - - [14/Nov/2021:07:31:04 +0800] "GET /xingrg/kc/base/stock_operate.html?_=1636846033047&command=get_report_file&start_day=20211101 HTTP/1.1" 200 53
120.253.135.82 - - [14/Nov/2021:07:31:04 +0800] "GET /xingrg/all/report/report_query.html?isQuery=1&onlyBody=1&rh=2000&fileName=kc/base/kc_stock_detail_new.xml&queryString=(1=1)&queryText=&tableQueryString=init_table$sp1$$sp$crk_table$sp1$order_day%20between%2020211101%20and%2020211130&varString=start_day:20211101,materiel_code:00101030002,cost_id:3319,end_date:20210831 HTTP/1.1" 200 48701
120.253.135.82 - - [14/Nov/2021:07:31:04 +0800] "GET /xingrg/dwr/interface/AjaxReportQueryService.js HTTP/1.1" 200 13203
120.253.135.82 - - [14/Nov/2021:07:31:04 +0800] "GET /xingrg/dwr/engine.js HTTP/1.1" 200 43631
180.169.147.146 - - [14/Nov/2021:07:31:05 +0800] "GET /xingrg/all/function/internal_message.html?_=1636846327846&CODE_STATE=getMsg HTTP/1.1" 200 27
180.169.147.146 - - [14/Nov/2021:07:31:05 +0800] "GET /xingrg/check_reg.html?_=1636846327850 HTTP/1.1" 200 22
222.70.171.86 - - [14/Nov/2021:07:31:05 +0800] "GET /xingrg/check_reg.html?_=1636846261679 HTTP/1.1" 200 22
120.253.135.82 - - [14/Nov/2021:07:31:05 +0800] "POST /xingrg/all/report/load_report_page.html HTTP/1.1" 200 20223
120.253.135.82 - - [14/Nov/2021:07:31:05 +0800] "GET /xingrg/servlets/image?cache=0.7949581759397781&image=px HTTP/1.1" 200 807
222.70.171.86 - - [14/Nov/2021:07:31:08 +0800] "GET /xingrg/all/function/internal_message.html?_=1636846265235&CODE_STATE=getMsg HTTP/1.1" 200 27
120.253.135.82 - - [14/Nov/2021:07:31:14 +0800] "GET /xingrg/kc/base/stock_operate.html?_=1636846043281&command=get_report_file&start_day=20201101 HTTP/1.1" 200 53
120.253.135.82 - - [14/Nov/2021:07:31:14 +0800] "GET /xingrg/all/report/report_query.html?isQuery=1&onlyBody=1&rh=2000&fileName=kc/base/kc_stock_detail_new.xml&queryString=(1=1)&queryText=&tableQueryString=init_table$sp1$$sp$crk_table$sp1$order_day%20between%2020201101%20and%2020211130&varString=start_day:20201101,materiel_code:00101030002,cost_id:2917,end_date:20201031 HTTP/1.1" 200 48701
120.253.135.82 - - [14/Nov/2021:07:31:14 +0800] "GET /xingrg/dwr/interface/AjaxReportQueryService.js HTTP/1.1" 200 13203
120.253.135.82 - - [14/Nov/2021:07:31:14 +0800] "GET /xingrg/dwr/engine.js HTTP/1.1" 200 43631
120.253.135.82 - - [14/Nov/2021:07:31:15 +0800] "POST /xingrg/all/report/load_report_page.html HTTP/1.1" 200 137705
120.253.135.82 - - [14/Nov/2021:07:31:15 +0800] "GET /xingrg/servlets/image?cache=0.6668533275959749&image=px HTTP/1.1" 200 807
120.253.135.82 - - [14/Nov/2021:07:31:28 +0800] "GET /xingrg/kc/guide/show_order.html?code=212020120702479&type=21 HTTP/1.1" 302 -
120.253.135.82 - - [14/Nov/2021:07:31:28 +0800] "GET /xingrg/kc/buy/cgsh_order_info.html?code=212020120702479&sysBaseUrl=http%3A%2F%2F180.169.147.146%3A18081%2Fxingrg%2F&costTime=1×tamp=1636846288249 HTTP/1.1" 200 58716
120.253.135.82 - - [14/Nov/2021:07:31:28 +0800] "GET /favicon.ico HTTP/1.1" 404 -
120.253.135.82 - - [14/Nov/2021:07:31:29 +0800] "GET /xingrg/javascript/easyui/themes/default/validatebox.css HTTP/1.1" 404 1104
120.253.135.82 - - [14/Nov/2021:07:31:29 +0800] "POST /xingrg/kc/buy/cgsh_order_operate.html HTTP/1.1" 200 4829
116.238.248.233 - - [14/Nov/2021:07:31:46 +0800] "GET /xingrg/all/function/internal_message.html?_=1636846302012&CODE_STATE=getMsg HTTP/1.1" 200 27
180.157.253.6 - - [14/Nov/2021:07:31:50 +0800] "GET /xingrg/all/function/internal_message.html?_=1636846306231&CODE_STATE=getMsg HTTP/1.1" 200 27
120.253.135.82 - - [14/Nov/2021:07:31:52 +0800] "GET /xingrg/all/function/internal_message.html?_=1636846081275&CODE_STATE=getMsg HTTP/1.1" 200 27
114.85.125.222 - - [14/Nov/2021:07:32:00 +0800] "GET /xingrg/all/function/internal_message.html?_=1636846299407&CODE_STATE=getMsg HTTP/1.1" 200 27
120.253.135.82 - - [14/Nov/2021:07:32:04 +0800] "GET /xingrg/javascript/jquery_easy_ui/themes/default/images/tabs_active.png HTTP/1.1" 304 -
180.169.147.146 - - [14/Nov/2021:07:32:04 +0800] "GET /xingrg/all/function/internal_message.html?_=1636846387838&CODE_STATE=getMsg HTTP/1.1" 200 27
