120.253.135.82 - - [13/Nov/2021:07:00:42 +0800] "POST /xingrg/kc/pszx/mdps_list_operate.html HTTP/1.1" 200 2054
116.227.210.113 - - [13/Nov/2021:07:00:45 +0800] "GET /xingrg/all/function/internal_message.html?_=1636758026884&CODE_STATE=getMsg HTTP/1.1" 200 27
222.70.169.188 - - [13/Nov/2021:07:00:47 +0800] "GET /xingrg/all/function/internal_message.html?_=1636758020596&CODE_STATE=getMsg HTTP/1.1" 200 27
180.169.147.146 - - [13/Nov/2021:07:01:02 +0800] "GET /xingrg/all/function/internal_message.html?_=1636758125816&CODE_STATE=getMsg HTTP/1.1" 200 27
180.169.147.146 - - [13/Nov/2021:07:01:02 +0800] "GET /xingrg/check_reg.html?_=1636758125820 HTTP/1.1" 200 22
222.70.169.188 - - [13/Nov/2021:07:01:04 +0800] "GET /xingrg/all/function/internal_message.html?_=1636758080610&CODE_STATE=getMsg HTTP/1.1" 200 27
116.238.248.233 - - [13/Nov/2021:07:01:10 +0800] "GET /xingrg/all/function/internal_message.html?_=1636758066354&CODE_STATE=getMsg HTTP/1.1" 200 27
114.85.125.222 - - [13/Nov/2021:07:01:22 +0800] "GET /xingrg/all/function/internal_message.html?_=1636758002264&CODE_STATE=getMsg HTTP/1.1" 200 27
222.70.176.97 - - [13/Nov/2021:07:01:32 +0800] "GET /xingrg/all/function/internal_message.html?_=1636758085704&CODE_STATE=getMsg HTTP/1.1" 200 27
120.253.135.82 - - [13/Nov/2021:07:01:36 +0800] "GET /xingrg/all/function/internal_message.html?_=1636757864454&CODE_STATE=getMsg HTTP/1.1" 200 27
116.227.210.113 - - [13/Nov/2021:07:01:45 +0800] "GET /xingrg/all/function/internal_message.html?_=1636758086867&CODE_STATE=getMsg HTTP/1.1" 200 27
180.169.147.146 - - [13/Nov/2021:07:02:02 +0800] "GET /xingrg/all/function/internal_message.html?_=1636758185820&CODE_STATE=getMsg HTTP/1.1" 200 27
222.70.171.86 - - [13/Nov/2021:07:02:04 +0800] "GET /xingrg/all/function/internal_message.html?_=1636758140673&CODE_STATE=getMsg HTTP/1.1" 200 27
116.238.248.233 - - [13/Nov/2021:07:02:10 +0800] "GET /xingrg/all/function/internal_message.html?_=1636758126345&CODE_STATE=getMsg HTTP/1.1" 200 27
114.85.125.222 - - [13/Nov/2021:07:02:22 +0800] "GET /xingrg/all/function/internal_message.html?_=1636758062278&CODE_STATE=getMsg HTTP/1.1" 200 27
222.70.176.97 - - [13/Nov/2021:07:02:32 +0800] "GET /xingrg/all/function/internal_message.html?_=1636758145688&CODE_STATE=getMsg HTTP/1.1" 200 27
120.253.135.82 - - [13/Nov/2021:07:02:36 +0800] "GET /xingrg/all/function/internal_message.html?_=1636757924461&CODE_STATE=getMsg HTTP/1.1" 200 27
116.227.210.113 - - [13/Nov/2021:07:02:45 +0800] "GET /xingrg/all/function/internal_message.html?_=1636758146847&CODE_STATE=getMsg HTTP/1.1" 200 27
116.227.210.113 - - [13/Nov/2021:07:02:59 +0800] "GET /xingrg/check_reg.html?_=1636758160691 HTTP/1.1" 200 22
180.169.147.146 - - [13/Nov/2021:07:03:02 +0800] "GET /xingrg/all/function/internal_message.html?_=1636758245817&CODE_STATE=getMsg HTTP/1.1" 200 27
222.70.171.86 - - [13/Nov/2021:07:03:04 +0800] "GET /xingrg/all/function/internal_message.html?_=1636758200683&CODE_STATE=getMsg HTTP/1.1" 200 27
116.238.248.233 - - [13/Nov/2021:07:03:10 +0800] "GET /xingrg/all/function/internal_message.html?_=1636758186330&CODE_STATE=getMsg HTTP/1.1" 200 27
120.253.135.82 - - [13/Nov/2021:07:03:16 +0800] "GET /xingrg/kc/pszx/mdqp_order_list.html?state=10 HTTP/1.1" 200 15902
120.253.135.82 - - [13/Nov/2021:07:03:16 +0800] "GET /xingrg/dwr/interface/AjaxReportQueryService.js HTTP/1.1" 200 13203
120.253.135.82 - - [13/Nov/2021:07:03:16 +0800] "GET /xingrg/dwr/interface/AjaxQqpsService.js HTTP/1.1" 200 16326
120.253.135.82 - - [13/Nov/2021:07:03:16 +0800] "GET /xingrg/dwr/engine.js HTTP/1.1" 200 43631
120.253.135.82 - - [13/Nov/2021:07:03:20 +0800] "GET /xingrg/kc/pszx/mdqp_order_info.html?code=302021111200274 HTTP/1.1" 200 13338
120.253.135.82 - - [13/Nov/2021:07:03:20 +0800] "GET /xingrg/dwr/interface/AjaxComOrderService.js HTTP/1.1" 200 18264
120.253.135.82 - - [13/Nov/2021:07:03:20 +0800] "GET /xingrg/dwr/interface/AjaxQqpsService.js HTTP/1.1" 200 16326
120.253.135.82 - - [13/Nov/2021:07:03:20 +0800] "GET /xingrg/dwr/engine.js HTTP/1.1" 200 43631
120.253.135.82 - - [13/Nov/2021:07:03:21 +0800] "POST /xingrg/dwr/call/plaincall/AjaxQqpsService.loadMaterielItems.dwr HTTP/1.1" 200 19716
114.85.125.222 - - [13/Nov/2021:07:03:22 +0800] "GET /xingrg/all/function/internal_message.html?_=1636758122316&CODE_STATE=getMsg HTTP/1.1" 200 27
116.238.248.233 - - [13/Nov/2021:07:03:28 +0800] "GET /xingrg/check_reg.html?_=1636758204326 HTTP/1.1" 200 22
120.253.135.82 - - [13/Nov/2021:07:03:30 +0800] "GET /xingrg/images/yd/bt.gif HTTP/1.1" 404 1040
120.253.135.82 - - [13/Nov/2021:07:03:30 +0800] "GET /xingrg/images/yd/bt2.gif HTTP/1.1" 404 1042
222.70.176.97 - - [13/Nov/2021:07:03:32 +0800] "GET /xingrg/all/function/internal_message.html?_=1636758205673&CODE_STATE=getMsg HTTP/1.1" 200 27
120.253.135.82 - - [13/Nov/2021:07:03:36 +0800] "GET /xingrg/all/function/internal_message.html?_=1636757984825&CODE_STATE=getMsg HTTP/1.1" 200 27
222.70.171.86 - - [13/Nov/2021:07:03:41 +0800] "GET /xingrg/javascript/auto/jquery.autocomplete.css HTTP/1.1" 304 -
222.70.171.86 - - [13/Nov/2021:07:03:41 +0800] "GET /xingrg/css/base.css HTTP/1.1" 304 -
222.70.171.86 - - [13/Nov/2021:07:03:41 +0800] "GET /xingrg/javascript/easyui/themes/default/easyui.css HTTP/1.1" 304 -
222.70.171.86 - - [13/Nov/2021:07:03:41 +0800] "GET /xingrg/javascript/jquery_tools/datebox.css HTTP/1.1" 304 -
222.70.171.86 - - [13/Nov/2021:07:03:41 +0800] "GET /xingrg/javascript/easyui/themes/icon.css HTTP/1.1" 304 -
222.70.171.86 - - [13/Nov/2021:07:03:41 +0800] "GET /xingrg/css/site.css HTTP/1.1" 304 -
222.70.171.86 - - [13/Nov/2021:07:03:41 +0800] "GET /xingrg/javascript/jquery_tools/fix.css HTTP/1.1" 304 -
222.70.171.86 - - [13/Nov/2021:07:03:41 +0800] "GET /xingrg/javascript/jquery_tools/table.css HTTP/1.1" 304 -
222.70.171.86 - - [13/Nov/2021:07:03:41 +0800] "GET /xingrg/javascript/jquery_tools/jquery.tools.extend.js HTTP/1.1" 304 -
222.70.171.86 - - [13/Nov/2021:07:03:41 +0800] "GET /xingrg/javascript/jquery_tools/jquery.tools.hotkey.js HTTP/1.1" 304 -
222.70.171.86 - - [13/Nov/2021:07:03:41 +0800] "GET /xingrg/javascript/jquery_tools/jquery.tools.min.js HTTP/1.1" 304 -
222.70.171.86 - - [13/Nov/2021:07:03:41 +0800] "GET /xingrg/javascript/jquery_tools/list_manager.js HTTP/1.1" 304 -
222.70.171.86 - - [13/Nov/2021:07:03:41 +0800] "GET /xingrg/javascript/jquery_tools/jquery.tools.table.js HTTP/1.1" 304 -
222.70.171.86 - - [13/Nov/2021:07:03:41 +0800] "GET /xingrg/javascript/auto/jquery.autocomplete.js HTTP/1.1" 304 -
222.70.171.86 - - [13/Nov/2021:07:03:41 +0800] "GET /xingrg/javascript/easyui/easyloader.js HTTP/1.1" 304 -
222.70.171.86 - - [13/Nov/2021:07:03:41 +0800] "GET /xingrg/javascript/jquery.utils.js HTTP/1.1" 304 -
222.70.171.86 - - [13/Nov/2021:07:03:41 +0800] "GET /xingrg/javascript/jquery.cookie.js HTTP/1.1" 304 -
222.70.171.86 - - [13/Nov/2021:07:03:41 +0800] "GET /xingrg/javascript/print/LodopFuncs.js HTTP/1.1" 304 -
222.70.171.86 - - [13/Nov/2021:07:03:41 +0800] "GET /xingrg/kc/buy/cgsh_order_list.html HTTP/1.1" 200 49010
222.70.171.86 - - [13/Nov/2021:07:03:41 +0800] "GET /xingrg/javascript/easyui/plugins/jquery.parser.js HTTP/1.1" 304 -
116.227.210.113 - - [13/Nov/2021:07:03:45 +0800] "GET /xingrg/all/function/internal_message.html?_=1636758206833&CODE_STATE=getMsg HTTP/1.1" 200 27
222.70.171.86 - - [13/Nov/2021:07:03:55 +0800] "POST /xingrg/kc/buy/cgsh_list_operate.html HTTP/1.1" 200 5153
120.253.135.82 - - [13/Nov/2021:07:03:56 +0800] "POST /xingrg/dwr/call/plaincall/AjaxQqpsService.psSaveMaterielItem.dwr HTTP/1.1" 200 78
180.169.147.146 - - [13/Nov/2021:07:04:02 +0800] "GET /xingrg/all/function/internal_message.html?_=1636758305819&CODE_STATE=getMsg HTTP/1.1" 200 27
222.70.171.86 - - [13/Nov/2021:07:04:07 +0800] "GET /xingrg/login.html HTTP/1.1" 200 7641
222.70.171.86 - - [13/Nov/2021:07:04:07 +0800] "GET /xingrg/images/blue/jxLogo.png HTTP/1.1" 304 -
222.70.171.86 - - [13/Nov/2021:07:04:07 +0800] "GET /xingrg/images/blue/login_bg.png HTTP/1.1" 304 -
222.70.171.86 - - [13/Nov/2021:07:04:07 +0800] "GET /xingrg/images/blue/srbg.png HTTP/1.1" 304 -
222.70.171.86 - - [13/Nov/2021:07:04:07 +0800] "GET /xingrg/images/blue/hj.png HTTP/1.1" 304 -
222.70.171.86 - - [13/Nov/2021:07:04:07 +0800] "GET /favicon.ico HTTP/1.1" 404 -
222.70.171.86 - - [13/Nov/2021:07:04:08 +0800] "POST /xingrg/login.do HTTP/1.1" 302 -
222.70.171.86 - - [13/Nov/2021:07:04:08 +0800] "GET /xingrg/javascript/jquery_easy_ui/themes/default/easyui.css HTTP/1.1" 304 -
222.70.171.86 - - [13/Nov/2021:07:04:08 +0800] "GET /xingrg/javascript/jquery_easy_ui/themes/icon.css HTTP/1.1" 304 -
222.70.171.86 - - [13/Nov/2021:07:04:08 +0800] "GET /xingrg/css/form.css HTTP/1.1" 304 -
222.70.171.86 - - [13/Nov/2021:07:04:08 +0800] "GET /xingrg/javascript/jquery.utils.js HTTP/1.1" 304 -
222.70.171.86 - - [13/Nov/2021:07:04:08 +0800] "GET /xingrg/javascript/jquery.timers.js HTTP/1.1" 304 -
222.70.171.86 - - [13/Nov/2021:07:04:08 +0800] "GET /xingrg/index.html?sysBaseUrl=http%3A%2F%2F180.169.147.146%3A18081%2Fxingrg%2F&costTime=39×tamp=1636758248749 HTTP/1.1" 200 17179
222.70.171.86 - - [13/Nov/2021:07:04:08 +0800] "GET /xingrg/javascript/jquery-1.4.2.min.js HTTP/1.1" 304 -
222.70.171.86 - - [13/Nov/2021:07:04:08 +0800] "GET /xingrg/javascript/jquery_easy_ui/jquery.easyui.min.js HTTP/1.1" 304 -
222.70.171.86 - - [13/Nov/2021:07:04:08 +0800] "GET /xingrg/javascript/jquery_easy_ui/easyui-lang-zh_CN.js HTTP/1.1" 304 -
222.70.171.86 - - [13/Nov/2021:07:04:08 +0800] "GET /xingrg/javascript/jquery.form.js HTTP/1.1" 304 -
222.70.171.86 - - [13/Nov/2021:07:04:08 +0800] "GET /favicon.ico HTTP/1.1" 404 -
222.70.171.86 - - [13/Nov/2021:07:04:08 +0800] "GET /xingrg/images/blue/navBackgound.jpg HTTP/1.1" 304 -
222.70.171.86 - - [13/Nov/2021:07:04:08 +0800] "GET /xingrg/javascript/jquery_easy_ui/themes/icons/settle_new.png HTTP/1.1" 304 -
222.70.171.86 - - [13/Nov/2021:07:04:08 +0800] "POST /xingrg/all/common/load_tree.html?tree=area_rest_tree_json&manage=1 HTTP/1.1" 200 479
222.70.171.86 - - [13/Nov/2021:07:04:08 +0800] "GET /xingrg/images/blue/pingpu.png HTTP/1.1" 304 -
222.70.171.86 - - [13/Nov/2021:07:04:08 +0800] "GET /xingrg/javascript/jquery_easy_ui/themes/default/images/tabs_leftarrow.png HTTP/1.1" 304 -
222.70.171.86 - - [13/Nov/2021:07:04:08 +0800] "GET /xingrg/javascript/jquery_easy_ui/themes/default/images/tabs_rightarrow.png HTTP/1.1" 304 -
222.70.171.86 - - [13/Nov/2021:07:04:08 +0800] "GET /xingrg/javascript/jquery_easy_ui/themes/default/images/panel_tool_collapse.gif HTTP/1.1" 304 -
222.70.171.86 - - [13/Nov/2021:07:04:08 +0800] "GET /xingrg/all/function/internal_message.html?_=1636758264787&CODE_STATE=count HTTP/1.1" 200 11
222.70.171.86 - - [13/Nov/2021:07:04:08 +0800] "GET /xingrg/check_reg.html?_=1636758264787 HTTP/1.1" 200 22
222.70.171.86 - - [13/Nov/2021:07:04:08 +0800] "GET /xingrg/javascript/jquery_easy_ui/themes/default/images/tree_arrows.gif HTTP/1.1" 304 -
222.70.171.86 - - [13/Nov/2021:07:04:08 +0800] "POST /xingrg/load_menu.html HTTP/1.1" 200 5138
222.70.171.86 - - [13/Nov/2021:07:04:09 +0800] "GET /xingrg/javascript/jquery_easy_ui/themes/default/images/tree_folder_open.gif HTTP/1.1" 304 -
222.70.171.86 - - [13/Nov/2021:07:04:09 +0800] "GET /xingrg/javascript/jquery_easy_ui/themes/icons/search_new.png HTTP/1.1" 304 -
222.70.171.86 - - [13/Nov/2021:07:04:09 +0800] "GET /xingrg/javascript/jquery_easy_ui/themes/default/images/tree_file.gif HTTP/1.1" 304 -
222.70.171.86 - - [13/Nov/2021:07:04:09 +0800] "GET /xingrg/javascript/jquery_easy_ui/themes/default/images/tree_folder.gif HTTP/1.1" 304 -
222.70.171.86 - - [13/Nov/2021:07:04:09 +0800] "GET /xingrg/javascript/jquery_easy_ui/themes/icons/forms_new.png HTTP/1.1" 304 -
222.70.171.86 - - [13/Nov/2021:07:04:09 +0800] "GET /xingrg/javascript/jquery_easy_ui/themes/icons/storage_new.png HTTP/1.1" 304 -
116.238.248.233 - - [13/Nov/2021:07:04:10 +0800] "GET /xingrg/all/function/internal_message.html?_=1636758246322&CODE_STATE=getMsg HTTP/1.1" 200 27
120.253.135.82 - - [13/Nov/2021:07:04:11 +0800] "GET /xingrg/javascript/jquery_easy_ui/themes/default/images/button_plain_hover.png HTTP/1.1" 200 252
120.253.135.82 - - [13/Nov/2021:07:04:11 +0800] "GET /xingrg/check_reg.html?_=1636758020307 HTTP/1.1" 200 22
120.253.135.82 - - [13/Nov/2021:07:04:12 +0800] "GET /xingrg/kc/pszx/mdqp_order_list.html?isBack=1 HTTP/1.1" 302 -
120.253.135.82 - - [13/Nov/2021:07:04:12 +0800] "GET /xingrg/kc/pszx/mdqp_order_list.html?state=10 HTTP/1.1" 200 15902
120.253.135.82 - - [13/Nov/2021:07:04:12 +0800] "GET /xingrg/dwr/interface/AjaxQqpsService.js HTTP/1.1" 200 16326
120.253.135.82 - - [13/Nov/2021:07:04:12 +0800] "GET /xingrg/dwr/interface/AjaxReportQueryService.js HTTP/1.1" 200 13203
120.253.135.82 - - [13/Nov/2021:07:04:12 +0800] "GET /xingrg/dwr/engine.js HTTP/1.1" 200 43631
222.70.171.86 - - [13/Nov/2021:07:04:14 +0800] "GET /xingrg/javascript/jquery_easy_ui/themes/default/images/tabs_close.gif HTTP/1.1" 304 -
222.70.171.86 - - [13/Nov/2021:07:04:14 +0800] "GET /xingrg/css/base.css HTTP/1.1" 304 -
222.70.171.86 - - [13/Nov/2021:07:04:14 +0800] "GET /xingrg/javascript/jquery_tools/datebox.css HTTP/1.1" 304 -
222.70.171.86 - - [13/Nov/2021:07:04:14 +0800] "GET /xingrg/css/site.css HTTP/1.1" 304 -
222.70.171.86 - - [13/Nov/2021:07:04:14 +0800] "GET /xingrg/javascript/easyui/themes/default/easyui.css HTTP/1.1" 304 -
222.70.171.86 - - [13/Nov/2021:07:04:14 +0800] "GET /xingrg/javascript/easyui/themes/icon.css HTTP/1.1" 304 -
222.70.171.86 - - [13/Nov/2021:07:04:14 +0800] "GET /xingrg/javascript/auto/jquery.autocomplete.css HTTP/1.1" 304 -
222.70.171.86 - - [13/Nov/2021:07:04:14 +0800] "GET /xingrg/javascript/jquery_tools/table.css HTTP/1.1" 304 -
222.70.171.86 - - [13/Nov/2021:07:04:14 +0800] "GET /xingrg/javascript/jquery_tools/jquery.tools.hotkey.js HTTP/1.1" 304 -
222.70.171.86 - - [13/Nov/2021:07:04:14 +0800] "GET /xingrg/javascript/jquery_tools/jquery.tools.table.js HTTP/1.1" 304 -
222.70.171.86 - - [13/Nov/2021:07:04:14 +0800] "GET /xingrg/javascript/jquery_tools/list_manager.js HTTP/1.1" 304 -
222.70.171.86 - - [13/Nov/2021:07:04:14 +0800] "GET /xingrg/javascript/jquery_tools/jquery.tools.extend.js HTTP/1.1" 304 -
222.70.171.86 - - [13/Nov/2021:07:04:14 +0800] "GET /xingrg/javascript/jquery_tools/jquery.tools.min.js HTTP/1.1" 304 -
222.70.171.86 - - [13/Nov/2021:07:04:14 +0800] "GET /xingrg/javascript/auto/jquery.autocomplete.js HTTP/1.1" 304 -
222.70.171.86 - - [13/Nov/2021:07:04:14 +0800] "GET /xingrg/javascript/jquery_tools/fix.css HTTP/1.1" 304 -
222.70.171.86 - - [13/Nov/2021:07:04:14 +0800] "GET /xingrg/javascript/easyui/easyloader.js HTTP/1.1" 304 -
222.70.171.86 - - [13/Nov/2021:07:04:14 +0800] "GET /xingrg/javascript/jquery.cookie.js HTTP/1.1" 304 -
222.70.171.86 - - [13/Nov/2021:07:04:14 +0800] "GET /xingrg/kc/buy/cgsh_order_list.html HTTP/1.1" 200 49010
222.70.171.86 - - [13/Nov/2021:07:04:14 +0800] "GET /xingrg/javascript/print/LodopFuncs.js HTTP/1.1" 304 -
222.70.171.86 - - [13/Nov/2021:07:04:14 +0800] "GET /xingrg/javascript/easyui/themes/icons/edit_add_new.png HTTP/1.1" 304 -
222.70.171.86 - - [13/Nov/2021:07:04:14 +0800] "GET /xingrg/javascript/easyui/themes/icons/cance_new.png HTTP/1.1" 304 -
222.70.171.86 - - [13/Nov/2021:07:04:14 +0800] "GET /xingrg/javascript/easyui/themes/icons/check_new.png HTTP/1.1" 304 -
222.70.171.86 - - [13/Nov/2021:07:04:14 +0800] "GET /xingrg/javascript/easyui/themes/icons/field_new.png HTTP/1.1" 304 -
222.70.171.86 - - [13/Nov/2021:07:04:14 +0800] "GET /xingrg/javascript/easyui/themes/icons/import_new.png HTTP/1.1" 304 -
222.70.171.86 - - [13/Nov/2021:07:04:14 +0800] "GET /xingrg/javascript/easyui/plugins/jquery.parser.js HTTP/1.1" 304 -
222.70.171.86 - - [13/Nov/2021:07:04:14 +0800] "GET /xingrg/images/control/ajaxLoader.gif HTTP/1.1" 304 -
114.85.125.222 - - [13/Nov/2021:07:04:22 +0800] "GET /xingrg/all/function/internal_message.html?_=1636758182320&CODE_STATE=getMsg HTTP/1.1" 200 27
222.70.171.86 - - [13/Nov/2021:07:04:28 +0800] "POST /xingrg/kc/buy/cgsh_list_operate.html HTTP/1.1" 200 5153
222.70.176.97 - - [13/Nov/2021:07:04:32 +0800] "GET /xingrg/all/function/internal_message.html?_=1636758265658&CODE_STATE=getMsg HTTP/1.1" 200 27
222.70.171.86 - - [13/Nov/2021:07:04:35 +0800] "GET /xingrg/javascript/jquery_easy_ui/themes/default/images/tabs_active.png HTTP/1.1" 304 -
222.70.171.86 - - [13/Nov/2021:07:04:35 +0800] "GET /xingrg/javascript/jquery_easy_ui/themes/default/images/tabs_active.png HTTP/1.1" 304 -
222.70.171.86 - - [13/Nov/2021:07:04:35 +0800] "GET /xingrg/javascript/easyui/themes/default/images/button_plain_hover.png HTTP/1.1" 304 -
222.70.171.86 - - [13/Nov/2021:07:04:35 +0800] "GET /xingrg/javascript/easyui/themes/default/images/button_plain_hover.png HTTP/1.1" 304 -
120.253.135.82 - - [13/Nov/2021:07:04:36 +0800] "GET /xingrg/all/function/internal_message.html?_=1636758044831&CODE_STATE=getMsg HTTP/1.1" 200 27
116.227.210.113 - - [13/Nov/2021:07:04:45 +0800] "GET /xingrg/all/function/internal_message.html?_=1636758266811&CODE_STATE=getMsg HTTP/1.1" 200 27
180.169.147.146 - - [13/Nov/2021:07:05:02 +0800] "GET /xingrg/all/function/internal_message.html?_=1636758365845&CODE_STATE=getMsg HTTP/1.1" 200 27
222.70.171.86 - - [13/Nov/2021:07:05:08 +0800] "POST /xingrg/kc/buy/cgsh_list_operate.html HTTP/1.1" 200 4
116.238.248.233 - - [13/Nov/2021:07:05:10 +0800] "GET /xingrg/all/function/internal_message.html?_=1636758306309&CODE_STATE=getMsg HTTP/1.1" 200 27
120.253.135.82 - - [13/Nov/2021:07:05:11 +0800] "GET /xingrg/kc/pszx/mdqp_order_info.html?code=302021111200274 HTTP/1.1" 200 13338
120.253.135.82 - - [13/Nov/2021:07:05:11 +0800] "GET /xingrg/dwr/interface/AjaxQqpsService.js HTTP/1.1" 200 16326
120.253.135.82 - - [13/Nov/2021:07:05:11 +0800] "GET /xingrg/dwr/interface/AjaxComOrderService.js HTTP/1.1" 200 18264
120.253.135.82 - - [13/Nov/2021:07:05:11 +0800] "GET /xingrg/dwr/engine.js HTTP/1.1" 200 43631
120.253.135.82 - - [13/Nov/2021:07:05:11 +0800] "POST /xingrg/dwr/call/plaincall/AjaxQqpsService.loadMaterielItems.dwr HTTP/1.1" 200 19717
120.253.135.82 - - [13/Nov/2021:07:05:12 +0800] "GET /xingrg/images/yd/bt.gif HTTP/1.1" 404 1040
120.253.135.82 - - [13/Nov/2021:07:05:12 +0800] "GET /xingrg/images/yd/bt2.gif HTTP/1.1" 404 1042
222.70.171.86 - - [13/Nov/2021:07:05:18 +0800] "POST /xingrg/kc/buy/cgsh_list_operate.html HTTP/1.1" 200 2800
114.85.125.222 - - [13/Nov/2021:07:05:22 +0800] "GET /xingrg/all/function/internal_message.html?_=1636758242363&CODE_STATE=getMsg HTTP/1.1" 200 27
222.70.171.86 - - [13/Nov/2021:07:05:23 +0800] "GET /xingrg/all/function/internal_message.html?_=1636758339275&CODE_STATE=getMsg HTTP/1.1" 200 27
120.253.135.82 - - [13/Nov/2021:07:05:28 +0800] "GET /xingrg/kc/pszx/mdqp_order_list.html?isBack=1 HTTP/1.1" 302 -
120.253.135.82 - - [13/Nov/2021:07:05:28 +0800] "GET /xingrg/kc/pszx/mdqp_order_list.html?state=10 HTTP/1.1" 200 15902
120.253.135.82 - - [13/Nov/2021:07:05:28 +0800] "GET /xingrg/dwr/interface/AjaxReportQueryService.js HTTP/1.1" 200 13203
120.253.135.82 - - [13/Nov/2021:07:05:28 +0800] "GET /xingrg/dwr/interface/AjaxQqpsService.js HTTP/1.1" 200 16326
120.253.135.82 - - [13/Nov/2021:07:05:28 +0800] "GET /xingrg/dwr/engine.js HTTP/1.1" 200 43631
120.253.135.82 - - [13/Nov/2021:07:05:29 +0800] "GET /xingrg/kc/pszx/mdqp_order_info.html?code=302021111200276 HTTP/1.1" 200 13338
120.253.135.82 - - [13/Nov/2021:07:05:29 +0800] "GET /xingrg/dwr/interface/AjaxQqpsService.js HTTP/1.1" 200 16326
120.253.135.82 - - [13/Nov/2021:07:05:29 +0800] "GET /xingrg/dwr/interface/AjaxComOrderService.js HTTP/1.1" 200 18264
120.253.135.82 - - [13/Nov/2021:07:05:29 +0800] "GET /xingrg/dwr/engine.js HTTP/1.1" 200 43631
120.253.135.82 - - [13/Nov/2021:07:05:30 +0800] "POST /xingrg/dwr/call/plaincall/AjaxQqpsService.loadMaterielItems.dwr HTTP/1.1" 200 5741
222.70.176.97 - - [13/Nov/2021:07:05:30 +0800] "GET /xingrg/check_reg.html?_=1636758324035 HTTP/1.1" 200 22
120.253.135.82 - - [13/Nov/2021:07:05:31 +0800] "GET /xingrg/images/yd/bt.gif HTTP/1.1" 404 1040
120.253.135.82 - - [13/Nov/2021:07:05:31 +0800] "GET /xingrg/images/yd/bt2.gif HTTP/1.1" 404 1042
222.70.176.97 - - [13/Nov/2021:07:05:32 +0800] "GET /xingrg/all/function/internal_message.html?_=1636758325638&CODE_STATE=getMsg HTTP/1.1" 200 27
222.70.171.86 - - [13/Nov/2021:07:05:34 +0800] "POST /xingrg/kc/buy/cgsh_list_operate.html HTTP/1.1" 200 4
114.85.125.222 - - [13/Nov/2021:07:05:34 +0800] "GET /xingrg/check_reg.html?_=1636758254384 HTTP/1.1" 200 22
120.253.135.82 - - [13/Nov/2021:07:05:36 +0800] "GET /xingrg/all/function/internal_message.html?_=1636758104846&CODE_STATE=getMsg HTTP/1.1" 200 27
222.70.171.86 - - [13/Nov/2021:07:05:39 +0800] "POST /xingrg/kc/buy/cgsh_list_operate.html HTTP/1.1" 200 876
116.227.210.113 - - [13/Nov/2021:07:05:45 +0800] "GET /xingrg/all/function/internal_message.html?_=1636758326788&CODE_STATE=getMsg HTTP/1.1" 200 27
120.253.135.82 - - [13/Nov/2021:07:05:49 +0800] "GET /xingrg/kc/pszx/mdqp_order_list.html?isBack=1 HTTP/1.1" 302 -
120.253.135.82 - - [13/Nov/2021:07:05:49 +0800] "GET /xingrg/kc/pszx/mdqp_order_list.html?state=10 HTTP/1.1" 200 15902
120.253.135.82 - - [13/Nov/2021:07:05:49 +0800] "GET /xingrg/dwr/interface/AjaxQqpsService.js HTTP/1.1" 200 16326
120.253.135.82 - - [13/Nov/2021:07:05:49 +0800] "GET /xingrg/dwr/interface/AjaxReportQueryService.js HTTP/1.1" 200 13203
120.253.135.82 - - [13/Nov/2021:07:05:49 +0800] "GET /xingrg/dwr/engine.js HTTP/1.1" 200 43631
120.253.135.82 - - [13/Nov/2021:07:05:52 +0800] "GET /xingrg/kc/pszx/jzcl_ps.html HTTP/1.1" 200 7683
120.253.135.82 - - [13/Nov/2021:07:05:52 +0800] "POST /xingrg/all/common/load_tree.html?tree=area_rest_tree_json HTTP/1.1" 200 3472
120.253.135.82 - - [13/Nov/2021:07:05:52 +0800] "POST /xingrg/kc/pszx/jzcl_ps_operate.html HTTP/1.1" 200 6022
120.253.135.82 - - [13/Nov/2021:07:05:52 +0800] "POST /xingrg/kc/pszx/jzcl_ps_operate.html HTTP/1.1" 200 6022
180.169.147.146 - - [13/Nov/2021:07:06:02 +0800] "GET /xingrg/all/function/internal_message.html?_=1636758425849&CODE_STATE=getMsg HTTP/1.1" 200 27
180.169.147.146 - - [13/Nov/2021:07:06:02 +0800] "GET /xingrg/check_reg.html?_=1636758425854 HTTP/1.1" 200 22
120.253.135.82 - - [13/Nov/2021:07:06:02 +0800] "POST /xingrg/kc/pszx/jzcl_ps_operate.html HTTP/1.1" 200 4
120.253.135.82 - - [13/Nov/2021:07:06:04 +0800] "GET /xingrg/kc/pszx/mdps_order_list.html HTTP/1.1" 200 21089
120.253.135.82 - - [13/Nov/2021:07:06:04 +0800] "POST /xingrg/kc/pszx/mdps_list_operate.html HTTP/1.1" 200 5326
116.238.248.233 - - [13/Nov/2021:07:06:09 +0800] "GET /xingrg/all/function/internal_message.html?_=1636758366298&CODE_STATE=getMsg HTTP/1.1" 200 27
120.253.135.82 - - [13/Nov/2021:07:06:11 +0800] "POST /xingrg/kc/pszx/mdps_list_operate.html HTTP/1.1" 200 2421
120.253.135.82 - - [13/Nov/2021:07:06:14 +0800] "POST /xingrg/kc/pszx/mdps_list_operate.html HTTP/1.1" 200 656
120.253.135.82 - - [13/Nov/2021:07:06:17 +0800] "GET /xingrg/kc/pszx/mdps_order_info.html?code=312021111200346 HTTP/1.1" 200 23931
120.253.135.82 - - [13/Nov/2021:07:06:18 +0800] "POST /xingrg/kc/pszx/mdps_order_operate.html HTTP/1.1" 200 4846
120.253.135.82 - - [13/Nov/2021:07:06:18 +0800] "GET /xingrg/javascript/easyui/themes/default/validatebox.css HTTP/1.1" 404 1104
120.253.135.82 - - [13/Nov/2021:07:06:21 +0800] "POST /xingrg/kc/pszx/mdps_list_operate.html HTTP/1.1" 200 611
120.253.135.82 - - [13/Nov/2021:07:06:21 +0800] "GET /xingrg/kc/pszx/mdps_order_info.html?code=312021111300355 HTTP/1.1" 200 23925
120.253.135.82 - - [13/Nov/2021:07:06:22 +0800] "GET /xingrg/javascript/easyui/themes/default/validatebox.css HTTP/1.1" 404 1104
120.253.135.82 - - [13/Nov/2021:07:06:22 +0800] "POST /xingrg/kc/pszx/mdps_order_operate.html HTTP/1.1" 200 33413
114.85.125.222 - - [13/Nov/2021:07:06:22 +0800] "GET /xingrg/all/function/internal_message.html?_=1636758302363&CODE_STATE=getMsg HTTP/1.1" 200 27
222.70.171.86 - - [13/Nov/2021:07:06:23 +0800] "GET /xingrg/all/function/internal_message.html?_=1636758399289&CODE_STATE=getMsg HTTP/1.1" 200 27
120.253.135.82 - - [13/Nov/2021:07:06:25 +0800] "POST /xingrg/kc/pszx/mdps_order_operate.html HTTP/1.1" 200 37
120.253.135.82 - - [13/Nov/2021:07:06:26 +0800] "GET /xingrg/kc/pszx/mdps_order_info.html?code=312021111300355 HTTP/1.1" 200 23925
120.253.135.82 - - [13/Nov/2021:07:06:27 +0800] "GET /xingrg/javascript/easyui/themes/default/validatebox.css HTTP/1.1" 404 1104
120.253.135.82 - - [13/Nov/2021:07:06:27 +0800] "POST /xingrg/kc/pszx/mdps_order_operate.html HTTP/1.1" 200 33894
222.70.176.97 - - [13/Nov/2021:07:06:32 +0800] "GET /xingrg/all/function/internal_message.html?_=1636758385622&CODE_STATE=getMsg HTTP/1.1" 200 27
120.253.135.82 - - [13/Nov/2021:07:06:36 +0800] "GET /xingrg/all/function/internal_message.html?_=1636758164859&CODE_STATE=getMsg HTTP/1.1" 200 27
116.227.210.113 - - [13/Nov/2021:07:06:45 +0800] "GET /xingrg/all/function/internal_message.html?_=1636758386778&CODE_STATE=getMsg HTTP/1.1" 200 27
120.253.135.82 - - [13/Nov/2021:07:06:57 +0800] "POST /xingrg/all/common/load_select.html HTTP/1.1" 200 25
120.253.135.82 - - [13/Nov/2021:07:06:59 +0800] "GET /xingrg/kc/pszx/mdps_order_operate.html?command=get_materiel_price&pszx_code=00101&rest_code=00109&base_code=0010246&code=00101019184&unit_code=00100037&order_time=2021-11-14 HTTP/1.1" 200 36
180.169.147.146 - - [13/Nov/2021:07:07:02 +0800] "GET /xingrg/all/function/internal_message.html?_=1636758485842&CODE_STATE=getMsg HTTP/1.1" 200 27
116.238.248.233 - - [13/Nov/2021:07:07:09 +0800] "GET /xingrg/all/function/internal_message.html?_=1636758426282&CODE_STATE=getMsg HTTP/1.1" 200 27
114.85.125.222 - - [13/Nov/2021:07:07:22 +0800] "GET /xingrg/all/function/internal_message.html?_=1636758362377&CODE_STATE=getMsg HTTP/1.1" 200 27
222.70.171.86 - - [13/Nov/2021:07:07:23 +0800] "GET /xingrg/all/function/internal_message.html?_=1636758459302&CODE_STATE=getMsg HTTP/1.1" 200 27
222.70.176.97 - - [13/Nov/2021:07:07:32 +0800] "GET /xingrg/all/function/internal_message.html?_=1636758445606&CODE_STATE=getMsg HTTP/1.1" 200 27
120.253.135.82 - - [13/Nov/2021:07:07:36 +0800] "GET /xingrg/all/function/internal_message.html?_=1636758224872&CODE_STATE=getMsg HTTP/1.1" 200 27
116.227.210.113 - - [13/Nov/2021:07:07:45 +0800] "GET /xingrg/all/function/internal_message.html?_=1636758446750&CODE_STATE=getMsg HTTP/1.1" 200 27
120.253.135.82 - - [13/Nov/2021:07:07:55 +0800] "POST /xingrg/kc/pszx/mdps_order_operate.html HTTP/1.1" 200 37
120.253.135.82 - - [13/Nov/2021:07:07:55 +0800] "GET /xingrg/kc/pszx/mdps_order_info.html?code=312021111300355 HTTP/1.1" 200 23925
120.253.135.82 - - [13/Nov/2021:07:07:56 +0800] "GET /xingrg/javascript/easyui/themes/default/validatebox.css HTTP/1.1" 404 1104
120.253.135.82 - - [13/Nov/2021:07:07:56 +0800] "POST /xingrg/kc/pszx/mdps_order_operate.html HTTP/1.1" 200 33894
120.253.135.82 - - [13/Nov/2021:07:07:58 +0800] "POST /xingrg/kc/pszx/mdps_list_operate.html HTTP/1.1" 200 2421
116.227.210.113 - - [13/Nov/2021:07:07:59 +0800] "GET /xingrg/check_reg.html?_=1636758460694 HTTP/1.1" 200 22
120.253.135.82 - - [13/Nov/2021:07:08:00 +0800] "GET /xingrg/kc/buy/buy_main.html HTTP/1.1" 200 12341
120.253.135.82 - - [13/Nov/2021:07:08:00 +0800] "GET /xingrg/css/new_ie.css HTTP/1.1" 404 1036
120.253.135.82 - - [13/Nov/2021:07:08:00 +0800] "GET /xingrg/javascript/jquery_ui/jquery-ui.min.js HTTP/1.1" 200 186181
120.253.135.82 - - [13/Nov/2021:07:08:00 +0800] "GET /xingrg/images/blue/button/cgshd.gif HTTP/1.1" 200 2618
120.253.135.82 - - [13/Nov/2021:07:08:00 +0800] "GET /xingrg/images/blue/button/cgxqd.gif HTTP/1.1" 200 2619
120.253.135.82 - - [13/Nov/2021:07:08:00 +0800] "GET /xingrg/images/blue/button/cgydd.gif HTTP/1.1" 200 2712
120.253.135.82 - - [13/Nov/2021:07:08:00 +0800] "GET /xingrg/images/blue/button/kc.gif HTTP/1.1" 200 2160
120.253.135.82 - - [13/Nov/2021:07:08:00 +0800] "GET /xingrg/images/blue/button/cgfkd.gif HTTP/1.1" 200 2075
120.253.135.82 - - [13/Nov/2021:07:08:00 +0800] "GET /xingrg/images/blue/button/right_ah.jpg HTTP/1.1" 200 1744
120.253.135.82 - - [13/Nov/2021:07:08:00 +0800] "GET /xingrg/images/blue/pic_form2.gif HTTP/1.1" 200 1853
120.253.135.82 - - [13/Nov/2021:07:08:00 +0800] "GET /xingrg/images/blue/button/ckthd.gif HTTP/1.1" 200 2045
120.253.135.82 - - [13/Nov/2021:07:08:00 +0800] "GET /xingrg/images/blue/bg_dotted.jpg HTTP/1.1" 200 319
120.253.135.82 - - [13/Nov/2021:07:08:00 +0800] "GET /xingrg/javascript/jquery_ui/themes/humanity/images/ui-bg_inset-soft_100_f4f0ec_1x100.png HTTP/1.1" 200 141
120.253.135.82 - - [13/Nov/2021:07:08:00 +0800] "GET /xingrg/images/blue/button/down_ah.jpg HTTP/1.1" 200 1732
120.253.135.82 - - [13/Nov/2021:07:08:00 +0800] "GET /xingrg/javascript/jquery_ui/themes/humanity/images/ui-iconsnew.jpg HTTP/1.1" 200 337
120.253.135.82 - - [13/Nov/2021:07:08:00 +0800] "GET /xingrg/javascript/jquery_ui/themes/humanity/images/ui-icons_ffffff_256x240.png HTTP/1.1" 200 4369
120.253.135.82 - - [13/Nov/2021:07:08:00 +0800] "GET /xingrg/javascript/jquery_ui/themes/humanity/images/ui-icons_c47a23_256x240.png HTTP/1.1" 200 5355
120.253.135.82 - - [13/Nov/2021:07:08:00 +0800] "GET /xingrg/javascript/jquery_ui/themes/humanity/images/ui-bg_glass_70_ede4d4_1x400.png HTTP/1.1" 200 161
120.253.135.82 - - [13/Nov/2021:07:08:01 +0800] "GET /xingrg/images/yd/bt.gif HTTP/1.1" 404 1040
120.253.135.82 - - [13/Nov/2021:07:08:02 +0800] "GET /xingrg/kc/buy/cgsh_order_list.html HTTP/1.1" 200 49004
180.169.147.146 - - [13/Nov/2021:07:08:02 +0800] "GET /xingrg/all/function/internal_message.html?_=1636758545844&CODE_STATE=getMsg HTTP/1.1" 200 27
120.253.135.82 - - [13/Nov/2021:07:08:03 +0800] "POST /xingrg/kc/buy/cgsh_list_operate.html HTTP/1.1" 200 876
120.253.135.82 - - [13/Nov/2021:07:08:04 +0800] "GET /xingrg/kc/buy/cgsh_order_add.html HTTP/1.1" 200 63803
120.253.135.82 - - [13/Nov/2021:07:08:04 +0800] "POST /xingrg/kc/buy/cgsh_order_operate.html HTTP/1.1" 200 8245
120.253.135.82 - - [13/Nov/2021:07:08:04 +0800] "GET /xingrg/javascript/easyui/themes/default/validatebox.css HTTP/1.1" 404 1104
116.238.248.233 - - [13/Nov/2021:07:08:09 +0800] "GET /xingrg/all/function/internal_message.html?_=1636758486255&CODE_STATE=getMsg HTTP/1.1" 200 27
120.253.135.82 - - [13/Nov/2021:07:08:12 +0800] "GET /xingrg/kc/buy/cgsh_order_operate.html?command=get_materiel&rest_code=00101&code=00101019236&supplier_code=&order_time=2021-11-13 HTTP/1.1" 200 452
120.253.135.82 - - [13/Nov/2021:07:08:14 +0800] "POST /xingrg/all/common/load_select.html HTTP/1.1" 200 25
120.253.135.82 - - [13/Nov/2021:07:08:17 +0800] "GET /xingrg/kc/buy/cgsh_order_operate.html?command=get_materiel_price&rest_code=00101&code=00101019236&unit_code=00100157&supplier_code=&order_time=2021-11-13 HTTP/1.1" 200 29
120.253.135.82 - - [13/Nov/2021:07:08:22 +0800] "GET /xingrg/kc/pszx/mdps_order_list.html?orderType=0 HTTP/1.1" 200 21089
120.253.135.82 - - [13/Nov/2021:07:08:22 +0800] "POST /xingrg/kc/pszx/mdps_list_operate.html HTTP/1.1" 200 5326
114.85.125.222 - - [13/Nov/2021:07:08:23 +0800] "GET /xingrg/all/function/internal_message.html?_=1636758422422&CODE_STATE=getMsg HTTP/1.1" 200 27
222.70.171.86 - - [13/Nov/2021:07:08:23 +0800] "GET /xingrg/all/function/internal_message.html?_=1636758519318&CODE_STATE=getMsg HTTP/1.1" 200 27
120.253.135.82 - - [13/Nov/2021:07:08:27 +0800] "POST /xingrg/kc/pszx/mdps_list_operate.html HTTP/1.1" 200 2421
116.238.248.233 - - [13/Nov/2021:07:08:28 +0800] "GET /xingrg/check_reg.html?_=1636758504347 HTTP/1.1" 200 22
120.253.135.82 - - [13/Nov/2021:07:08:29 +0800] "POST /xingrg/kc/pszx/mdps_list_operate.html HTTP/1.1" 200 611
120.253.135.82 - - [13/Nov/2021:07:08:31 +0800] "GET /xingrg/kc/pszx/mdps_order_info.html?code=312021111300355 HTTP/1.1" 200 23925
120.253.135.82 - - [13/Nov/2021:07:08:31 +0800] "GET /xingrg/javascript/easyui/themes/default/validatebox.css HTTP/1.1" 404 1104
120.253.135.82 - - [13/Nov/2021:07:08:31 +0800] "POST /xingrg/kc/pszx/mdps_order_operate.html HTTP/1.1" 200 33894
222.70.176.97 - - [13/Nov/2021:07:08:32 +0800] "GET /xingrg/all/function/internal_message.html?_=1636758505591&CODE_STATE=getMsg HTTP/1.1" 200 27
120.253.135.82 - - [13/Nov/2021:07:08:36 +0800] "GET /xingrg/all/function/internal_message.html?_=1636758284886&CODE_STATE=getMsg HTTP/1.1" 200 27
116.227.210.113 - - [13/Nov/2021:07:08:45 +0800] "GET /xingrg/all/function/internal_message.html?_=1636758506739&CODE_STATE=getMsg HTTP/1.1" 200 27
180.169.147.146 - - [13/Nov/2021:07:09:02 +0800] "GET /xingrg/all/function/internal_message.html?_=1636758605843&CODE_STATE=getMsg HTTP/1.1" 200 27
222.70.171.86 - - [13/Nov/2021:07:09:08 +0800] "GET /xingrg/check_reg.html?_=1636758564794 HTTP/1.1" 200 22
116.238.248.233 - - [13/Nov/2021:07:09:09 +0800] "GET /xingrg/all/function/internal_message.html?_=1636758546235&CODE_STATE=getMsg HTTP/1.1" 200 27
120.253.135.82 - - [13/Nov/2021:07:09:12 +0800] "GET /xingrg/check_reg.html?_=1636758320316 HTTP/1.1" 200 22
114.85.125.222 - - [13/Nov/2021:07:09:23 +0800] "GET /xingrg/all/function/internal_message.html?_=1636758482435&CODE_STATE=getMsg HTTP/1.1" 200 27
222.70.171.86 - - [13/Nov/2021:07:09:23 +0800] "GET /xingrg/all/function/internal_message.html?_=1636758579330&CODE_STATE=getMsg HTTP/1.1" 200 27
222.70.176.97 - - [13/Nov/2021:07:09:32 +0800] "GET /xingrg/all/function/internal_message.html?_=1636758565575&CODE_STATE=getMsg HTTP/1.1" 200 27
120.253.135.82 - - [13/Nov/2021:07:09:36 +0800] "GET /xingrg/all/function/internal_message.html?_=1636758344899&CODE_STATE=getMsg HTTP/1.1" 200 27
116.227.210.113 - - [13/Nov/2021:07:09:45 +0800] "GET /xingrg/all/function/internal_message.html?_=1636758566721&CODE_STATE=getMsg HTTP/1.1" 200 27
180.169.147.146 - - [13/Nov/2021:07:10:02 +0800] "GET /xingrg/all/function/internal_message.html?_=1636758665845&CODE_STATE=getMsg HTTP/1.1" 200 27
116.238.248.233 - - [13/Nov/2021:07:10:09 +0800] "GET /xingrg/all/function/internal_message.html?_=1636758606224&CODE_STATE=getMsg HTTP/1.1" 200 27
114.85.125.222 - - [13/Nov/2021:07:10:23 +0800] "GET /xingrg/all/function/internal_message.html?_=1636758542478&CODE_STATE=getMsg HTTP/1.1" 200 27
222.70.171.86 - - [13/Nov/2021:07:10:23 +0800] "GET /xingrg/all/function/internal_message.html?_=1636758639343&CODE_STATE=getMsg HTTP/1.1" 200 27
222.70.176.97 - - [13/Nov/2021:07:10:30 +0800] "GET /xingrg/check_reg.html?_=1636758624031 HTTP/1.1" 200 22
222.70.176.97 - - [13/Nov/2021:07:10:32 +0800] "GET /xingrg/all/function/internal_message.html?_=1636758625546&CODE_STATE=getMsg HTTP/1.1" 200 27
114.85.125.222 - - [13/Nov/2021:07:10:34 +0800] "GET /xingrg/check_reg.html?_=1636758554382 HTTP/1.1" 200 22
120.253.135.82 - - [13/Nov/2021:07:10:36 +0800] "GET /xingrg/all/function/internal_message.html?_=1636758404912&CODE_STATE=getMsg HTTP/1.1" 200 27
116.227.210.113 - - [13/Nov/2021:07:10:45 +0800] "GET /xingrg/all/function/internal_message.html?_=1636758626704&CODE_STATE=getMsg HTTP/1.1" 200 27
180.169.147.146 - - [13/Nov/2021:07:11:02 +0800] "GET /xingrg/all/function/internal_message.html?_=1636758725846&CODE_STATE=getMsg HTTP/1.1" 200 27
180.169.147.146 - - [13/Nov/2021:07:11:02 +0800] "GET /xingrg/check_reg.html?_=1636758725851 HTTP/1.1" 200 22
116.238.248.233 - - [13/Nov/2021:07:11:09 +0800] "GET /xingrg/all/function/internal_message.html?_=1636758666212&CODE_STATE=getMsg HTTP/1.1" 200 27
120.253.135.82 - - [13/Nov/2021:07:11:13 +0800] "POST /xingrg/kc/pszx/mdps_order_operate.html HTTP/1.1" 200 37
120.253.135.82 - - [13/Nov/2021:07:11:14 +0800] "GET /xingrg/kc/pszx/mdps_order_info.html?code=312021111300355 HTTP/1.1" 200 23925
120.253.135.82 - - [13/Nov/2021:07:11:15 +0800] "GET /xingrg/javascript/easyui/themes/default/validatebox.css HTTP/1.1" 404 1104
120.253.135.82 - - [13/Nov/2021:07:11:15 +0800] "POST /xingrg/kc/pszx/mdps_order_operate.html HTTP/1.1" 200 33894
114.85.125.222 - - [13/Nov/2021:07:11:23 +0800] "GET /xingrg/all/function/internal_message.html?_=1636758602494&CODE_STATE=getMsg HTTP/1.1" 200 27
222.70.171.86 - - [13/Nov/2021:07:11:23 +0800] "GET /xingrg/all/function/internal_message.html?_=1636758699360&CODE_STATE=getMsg HTTP/1.1" 200 27
222.70.176.97 - - [13/Nov/2021:07:11:32 +0800] "GET /xingrg/all/function/internal_message.html?_=1636758685530&CODE_STATE=getMsg HTTP/1.1" 200 27
120.253.135.82 - - [13/Nov/2021:07:11:36 +0800] "GET /xingrg/all/function/internal_message.html?_=1636758465028&CODE_STATE=getMsg HTTP/1.1" 200 27
120.253.135.82 - - [13/Nov/2021:07:11:40 +0800] "POST /xingrg/all/common/load_select.html HTTP/1.1" 200 25
120.253.135.82 - - [13/Nov/2021:07:11:42 +0800] "GET /xingrg/kc/pszx/mdps_order_operate.html?command=get_materiel_price&pszx_code=00101&rest_code=00109&base_code=0010246&code=00101029073&unit_code=00100179&order_time=2021-11-14 HTTP/1.1" 200 35
116.227.210.113 - - [13/Nov/2021:07:11:45 +0800] "GET /xingrg/all/function/internal_message.html?_=1636758686683&CODE_STATE=getMsg HTTP/1.1" 200 27
180.169.147.146 - - [13/Nov/2021:07:12:02 +0800] "GET /xingrg/all/function/internal_message.html?_=1636758785851&CODE_STATE=getMsg HTTP/1.1" 200 27
120.253.135.82 - - [13/Nov/2021:07:12:04 +0800] "POST /xingrg/kc/pszx/mdps_order_operate.html HTTP/1.1" 200 37
120.253.135.82 - - [13/Nov/2021:07:12:05 +0800] "GET /xingrg/kc/pszx/mdps_order_info.html?code=312021111300355 HTTP/1.1" 200 23925
120.253.135.82 - - [13/Nov/2021:07:12:06 +0800] "GET /xingrg/javascript/easyui/themes/default/validatebox.css HTTP/1.1" 404 1104
120.253.135.82 - - [13/Nov/2021:07:12:06 +0800] "POST /xingrg/kc/pszx/mdps_order_operate.html HTTP/1.1" 200 33893
116.238.248.233 - - [13/Nov/2021:07:12:09 +0800] "GET /xingrg/all/function/internal_message.html?_=1636758726202&CODE_STATE=getMsg HTTP/1.1" 200 27
120.253.135.82 - - [13/Nov/2021:07:12:11 +0800] "GET /xingrg/kc/pszx/mdps_order_add.html HTTP/1.1" 200 29111
120.253.135.82 - - [13/Nov/2021:07:12:11 +0800] "POST /xingrg/kc/pszx/mdps_order_operate.html HTTP/1.1" 200 7126
120.253.135.82 - - [13/Nov/2021:07:12:12 +0800] "GET /xingrg/javascript/easyui/themes/default/validatebox.css HTTP/1.1" 404 1104
120.253.135.82 - - [13/Nov/2021:07:12:20 +0800] "POST /xingrg/all/common/load_combo.html?type=base HTTP/1.1" 200 1075
114.85.125.222 - - [13/Nov/2021:07:12:23 +0800] "GET /xingrg/all/function/internal_message.html?_=1636758662507&CODE_STATE=getMsg HTTP/1.1" 200 27
222.70.171.86 - - [13/Nov/2021:07:12:23 +0800] "GET /xingrg/all/function/internal_message.html?_=1636758759370&CODE_STATE=getMsg HTTP/1.1" 200 27
120.253.135.82 - - [13/Nov/2021:07:12:30 +0800] "GET /xingrg/kc/pszx/mdps_order_operate.html?command=get_materiel&pszx_code=00101&rest_code=00109&base_code=0010570&code=00101026179 HTTP/1.1" 200 451
120.253.135.82 - - [13/Nov/2021:07:12:31 +0800] "POST /xingrg/all/common/load_select.html HTTP/1.1" 200 25
222.70.176.97 - - [13/Nov/2021:07:12:32 +0800] "GET /xingrg/all/function/internal_message.html?_=1636758745535&CODE_STATE=getMsg HTTP/1.1" 200 27
120.253.135.82 - - [13/Nov/2021:07:12:33 +0800] "GET /xingrg/kc/pszx/mdps_order_operate.html?command=get_materiel_price&pszx_code=00101&rest_code=00109&base_code=0010570&code=00101026179&unit_code=00100189&order_time=2021-11-14 HTTP/1.1" 200 35
120.253.135.82 - - [13/Nov/2021:07:12:36 +0800] "GET /xingrg/all/function/internal_message.html?_=1636758525033&CODE_STATE=getMsg HTTP/1.1" 200 27
120.253.135.82 - - [13/Nov/2021:07:12:40 +0800] "POST /xingrg/kc/pszx/mdps_order_operate.html HTTP/1.1" 200 37
120.253.135.82 - - [13/Nov/2021:07:12:40 +0800] "GET /xingrg/kc/pszx/mdps_order_info.html?code=312021111300357 HTTP/1.1" 200 23923
120.253.135.82 - - [13/Nov/2021:07:12:41 +0800] "POST /xingrg/kc/pszx/mdps_order_operate.html HTTP/1.1" 200 2301
120.253.135.82 - - [13/Nov/2021:07:12:41 +0800] "GET /xingrg/javascript/easyui/themes/default/validatebox.css HTTP/1.1" 404 1104
120.253.135.82 - - [13/Nov/2021:07:12:42 +0800] "POST /xingrg/kc/pszx/mdps_list_operate.html HTTP/1.1" 200 2780
116.227.210.113 - - [13/Nov/2021:07:12:45 +0800] "GET /xingrg/all/function/internal_message.html?_=1636758746683&CODE_STATE=getMsg HTTP/1.1" 200 27
116.227.210.113 - - [13/Nov/2021:07:12:59 +0800] "GET /xingrg/check_reg.html?_=1636758760689 HTTP/1.1" 200 22
180.169.147.146 - - [13/Nov/2021:07:13:02 +0800] "GET /xingrg/all/function/internal_message.html?_=1636758845837&CODE_STATE=getMsg HTTP/1.1" 200 27
116.238.248.233 - - [13/Nov/2021:07:13:09 +0800] "GET /xingrg/all/function/internal_message.html?_=1636758786186&CODE_STATE=getMsg HTTP/1.1" 200 27
114.85.125.222 - - [13/Nov/2021:07:13:23 +0800] "GET /xingrg/all/function/internal_message.html?_=1636758722554&CODE_STATE=getMsg HTTP/1.1" 200 27
222.70.171.86 - - [13/Nov/2021:07:13:23 +0800] "GET /xingrg/all/function/internal_message.html?_=1636758819387&CODE_STATE=getMsg HTTP/1.1" 200 27
116.238.248.233 - - [13/Nov/2021:07:13:28 +0800] "GET /xingrg/check_reg.html?_=1636758804346 HTTP/1.1" 200 22
222.70.176.97 - - [13/Nov/2021:07:13:32 +0800] "GET /xingrg/all/function/internal_message.html?_=1636758805520&CODE_STATE=getMsg HTTP/1.1" 200 27
120.253.135.82 - - [13/Nov/2021:07:13:36 +0800] "GET /xingrg/all/function/internal_message.html?_=1636758585160&CODE_STATE=getMsg HTTP/1.1" 200 27
116.227.210.113 - - [13/Nov/2021:07:13:45 +0800] "GET /xingrg/all/function/internal_message.html?_=1636758806667&CODE_STATE=getMsg HTTP/1.1" 200 27
180.169.147.146 - - [13/Nov/2021:07:14:02 +0800] "GET /xingrg/all/function/internal_message.html?_=1636758905838&CODE_STATE=getMsg HTTP/1.1" 200 27
222.70.171.86 - - [13/Nov/2021:07:14:08 +0800] "GET /xingrg/check_reg.html?_=1636758864796 HTTP/1.1" 200 22
116.238.248.233 - - [13/Nov/2021:07:14:09 +0800] "GET /xingrg/all/function/internal_message.html?_=1636758846156&CODE_STATE=getMsg HTTP/1.1" 200 27
120.253.135.82 - - [13/Nov/2021:07:14:10 +0800] "POST /xingrg/kc/pszx/mdps_list_operate.html HTTP/1.1" 200 611
120.253.135.82 - - [13/Nov/2021:07:14:10 +0800] "GET /xingrg/kc/pszx/mdps_order_info.html?code=312021111300355 HTTP/1.1" 200 23925
120.253.135.82 - - [13/Nov/2021:07:14:11 +0800] "GET /xingrg/javascript/easyui/themes/default/validatebox.css HTTP/1.1" 404 1104
120.253.135.82 - - [13/Nov/2021:07:14:11 +0800] "POST /xingrg/kc/pszx/mdps_order_operate.html HTTP/1.1" 200 33893
120.253.135.82 - - [13/Nov/2021:07:14:12 +0800] "GET /xingrg/check_reg.html?_=1636758620593 HTTP/1.1" 200 22
114.85.125.222 - - [13/Nov/2021:07:14:23 +0800] "GET /xingrg/all/function/internal_message.html?_=1636758782565&CODE_STATE=getMsg HTTP/1.1" 200 27
222.70.171.86 - - [13/Nov/2021:07:14:23 +0800] "GET /xingrg/all/function/internal_message.html?_=1636758879397&CODE_STATE=getMsg HTTP/1.1" 200 27
222.70.176.97 - - [13/Nov/2021:07:14:32 +0800] "GET /xingrg/all/function/internal_message.html?_=1636758865505&CODE_STATE=getMsg HTTP/1.1" 200 27
120.253.135.82 - - [13/Nov/2021:07:14:36 +0800] "GET /xingrg/all/function/internal_message.html?_=1636758645170&CODE_STATE=getMsg HTTP/1.1" 200 27
116.227.210.113 - - [13/Nov/2021:07:14:45 +0800] "GET /xingrg/all/function/internal_message.html?_=1636758866650&CODE_STATE=getMsg HTTP/1.1" 200 27
222.70.171.86 - - [13/Nov/2021:07:15:00 +0800] "GET /favicon.ico HTTP/1.1" 404 -
180.169.147.146 - - [13/Nov/2021:07:15:02 +0800] "GET /xingrg/all/function/internal_message.html?_=1636758965841&CODE_STATE=getMsg HTTP/1.1" 200 27
120.253.135.82 - - [13/Nov/2021:07:15:03 +0800] "GET /xingrg/kc/pszx/mdps_order_operate.html?command=get_materiel&pszx_code=00101&rest_code=00109&base_code=0010246&code=00101018006 HTTP/1.1" 200 444
120.253.135.82 - - [13/Nov/2021:07:15:06 +0800] "POST /xingrg/all/common/load_select.html HTTP/1.1" 200 25
120.253.135.82 - - [13/Nov/2021:07:15:08 +0800] "GET /xingrg/kc/pszx/mdps_order_operate.html?command=get_materiel_price&pszx_code=00101&rest_code=00109&base_code=0010246&code=00101018006&unit_code=00100169&order_time=2021-11-14 HTTP/1.1" 200 36
116.238.248.233 - - [13/Nov/2021:07:15:09 +0800] "GET /xingrg/all/function/internal_message.html?_=1636758906153&CODE_STATE=getMsg HTTP/1.1" 200 27
120.253.135.82 - - [13/Nov/2021:07:15:22 +0800] "POST /xingrg/kc/pszx/mdps_order_operate.html HTTP/1.1" 200 37
120.253.135.82 - - [13/Nov/2021:07:15:22 +0800] "GET /xingrg/kc/pszx/mdps_order_info.html?code=312021111300355 HTTP/1.1" 200 23925
114.85.125.222 - - [13/Nov/2021:07:15:23 +0800] "GET /xingrg/all/function/internal_message.html?_=1636758842609&CODE_STATE=getMsg HTTP/1.1" 200 27
222.70.171.86 - - [13/Nov/2021:07:15:23 +0800] "GET /xingrg/all/function/internal_message.html?_=1636758939411&CODE_STATE=getMsg HTTP/1.1" 200 27
120.253.135.82 - - [13/Nov/2021:07:15:23 +0800] "GET /xingrg/javascript/easyui/themes/default/validatebox.css HTTP/1.1" 404 1104
120.253.135.82 - - [13/Nov/2021:07:15:23 +0800] "POST /xingrg/kc/pszx/mdps_order_operate.html HTTP/1.1" 200 33372
222.70.176.97 - - [13/Nov/2021:07:15:30 +0800] "GET /xingrg/check_reg.html?_=1636758924044 HTTP/1.1" 200 22
222.70.176.97 - - [13/Nov/2021:07:15:32 +0800] "GET /xingrg/all/function/internal_message.html?_=1636758925481&CODE_STATE=getMsg HTTP/1.1" 200 27
114.85.125.222 - - [13/Nov/2021:07:15:34 +0800] "GET /xingrg/check_reg.html?_=1636758854396 HTTP/1.1" 200 22
120.253.135.82 - - [13/Nov/2021:07:15:36 +0800] "GET /xingrg/all/function/internal_message.html?_=1636758705292&CODE_STATE=getMsg HTTP/1.1" 200 27
116.227.210.113 - - [13/Nov/2021:07:15:45 +0800] "GET /xingrg/all/function/internal_message.html?_=1636758926630&CODE_STATE=getMsg HTTP/1.1" 200 27
120.253.135.82 - - [13/Nov/2021:07:15:49 +0800] "POST /xingrg/kc/pszx/mdps_order_operate.html HTTP/1.1" 200 37
120.253.135.82 - - [13/Nov/2021:07:15:53 +0800] "GET /xingrg/kc/pszx/mdps_order_info.html?code=312021111300355 HTTP/1.1" 200 23925
120.253.135.82 - - [13/Nov/2021:07:15:54 +0800] "GET /xingrg/javascript/easyui/themes/default/validatebox.css HTTP/1.1" 404 1104
120.253.135.82 - - [13/Nov/2021:07:15:54 +0800] "POST /xingrg/kc/pszx/mdps_order_operate.html HTTP/1.1" 200 33373
180.169.147.146 - - [13/Nov/2021:07:16:02 +0800] "GET /xingrg/all/function/internal_message.html?_=1636759025843&CODE_STATE=getMsg HTTP/1.1" 200 27
180.169.147.146 - - [13/Nov/2021:07:16:02 +0800] "GET /xingrg/check_reg.html?_=1636759025847 HTTP/1.1" 200 22
116.238.248.233 - - [13/Nov/2021:07:16:09 +0800] "GET /xingrg/all/function/internal_message.html?_=1636758966137&CODE_STATE=getMsg HTTP/1.1" 200 27
114.85.125.222 - - [13/Nov/2021:07:16:23 +0800] "GET /xingrg/all/function/internal_message.html?_=1636758902624&CODE_STATE=getMsg HTTP/1.1" 200 27
222.70.171.86 - - [13/Nov/2021:07:16:23 +0800] "GET /xingrg/all/function/internal_message.html?_=1636758999428&CODE_STATE=getMsg HTTP/1.1" 200 27
222.70.176.97 - - [13/Nov/2021:07:16:32 +0800] "GET /xingrg/all/function/internal_message.html?_=1636758985465&CODE_STATE=getMsg HTTP/1.1" 200 27
120.253.135.82 - - [13/Nov/2021:07:16:37 +0800] "GET /xingrg/all/function/internal_message.html?_=1636758765433&CODE_STATE=getMsg HTTP/1.1" 200 27
116.227.210.113 - - [13/Nov/2021:07:16:45 +0800] "GET /xingrg/all/function/internal_message.html?_=1636758986612&CODE_STATE=getMsg HTTP/1.1" 200 27
180.169.147.146 - - [13/Nov/2021:07:17:02 +0800] "GET /xingrg/all/function/internal_message.html?_=1636759085847&CODE_STATE=getMsg HTTP/1.1" 200 27
120.253.135.82 - - [13/Nov/2021:07:17:05 +0800] "POST /xingrg/kc/pszx/mdps_list_operate.html HTTP/1.1" 200 2780
120.253.135.82 - - [13/Nov/2021:07:17:07 +0800] "GET /xingrg/kc/pszx/mdps_order_add.html HTTP/1.1" 200 29111
120.253.135.82 - - [13/Nov/2021:07:17:07 +0800] "POST /xingrg/kc/pszx/mdps_order_operate.html HTTP/1.1" 200 7126
120.253.135.82 - - [13/Nov/2021:07:17:08 +0800] "GET /xingrg/javascript/easyui/themes/default/validatebox.css HTTP/1.1" 404 1104
116.238.248.233 - - [13/Nov/2021:07:17:09 +0800] "GET /xingrg/all/function/internal_message.html?_=1636759026128&CODE_STATE=getMsg HTTP/1.1" 200 27
120.253.135.82 - - [13/Nov/2021:07:17:13 +0800] "POST /xingrg/all/common/load_combo.html?type=base HTTP/1.1" 200 1075
120.253.135.82 - - [13/Nov/2021:07:17:20 +0800] "GET /xingrg/kc/pszx/mdps_order_operate.html?command=get_materiel&pszx_code=00101&rest_code=00109&base_code=0010252&code=00101014041 HTTP/1.1" 200 434
114.85.125.222 - - [13/Nov/2021:07:17:23 +0800] "GET /xingrg/all/function/internal_message.html?_=1636758962637&CODE_STATE=getMsg HTTP/1.1" 200 27
222.70.171.86 - - [13/Nov/2021:07:17:23 +0800] "GET /xingrg/all/function/internal_message.html?_=1636759059439&CODE_STATE=getMsg HTTP/1.1" 200 27
120.253.135.82 - - [13/Nov/2021:07:17:26 +0800] "POST /xingrg/kc/pszx/mdps_order_operate.html HTTP/1.1" 200 37
120.253.135.82 - - [13/Nov/2021:07:17:26 +0800] "GET /xingrg/kc/pszx/mdps_order_info.html?code=312021111300358 HTTP/1.1" 200 23925
120.253.135.82 - - [13/Nov/2021:07:17:27 +0800] "GET /xingrg/javascript/easyui/themes/default/validatebox.css HTTP/1.1" 404 1104
120.253.135.82 - - [13/Nov/2021:07:17:27 +0800] "POST /xingrg/kc/pszx/mdps_order_operate.html HTTP/1.1" 200 2276
120.253.135.82 - - [13/Nov/2021:07:17:28 +0800] "POST /xingrg/kc/pszx/mdps_list_operate.html HTTP/1.1" 200 3143
120.253.135.82 - - [13/Nov/2021:07:17:31 +0800] "POST /xingrg/kc/pszx/mdps_list_operate.html HTTP/1.1" 200 611
120.253.135.82 - - [13/Nov/2021:07:17:32 +0800] "GET /xingrg/kc/pszx/mdps_order_info.html?code=312021111300355 HTTP/1.1" 200 23925
222.70.176.97 - - [13/Nov/2021:07:17:32 +0800] "GET /xingrg/all/function/internal_message.html?_=1636759045450&CODE_STATE=getMsg HTTP/1.1" 200 27
120.253.135.82 - - [13/Nov/2021:07:17:32 +0800] "GET /xingrg/javascript/easyui/themes/default/validatebox.css HTTP/1.1" 404 1104
120.253.135.82 - - [13/Nov/2021:07:17:32 +0800] "POST /xingrg/kc/pszx/mdps_order_operate.html HTTP/1.1" 200 33373
120.253.135.82 - - [13/Nov/2021:07:17:37 +0800] "GET /xingrg/all/function/internal_message.html?_=1636758825444&CODE_STATE=getMsg HTTP/1.1" 200 27
116.227.210.113 - - [13/Nov/2021:07:17:45 +0800] "GET /xingrg/all/function/internal_message.html?_=1636759046604&CODE_STATE=getMsg HTTP/1.1" 200 27
120.253.135.82 - - [13/Nov/2021:07:17:51 +0800] "GET /xingrg/kc/pszx/mdps_order_operate.html?command=get_materiel&pszx_code=00101&rest_code=00109&base_code=0010246&code=00101019161 HTTP/1.1" 200 434
