101.85.238.236 - - [13/Nov/2021:10:53:27 +0800] "GET /favicon.ico HTTP/1.1" 404 -
116.235.93.2 - - [13/Nov/2021:10:53:27 +0800] "GET /xingrg/kc/base/wldb_order_operate.html?command=get_materiel&rest_code=00104&base_code=0010032&code=00101016040 HTTP/1.1" 200 459
114.85.125.222 - - [13/Nov/2021:10:53:28 +0800] "GET /xingrg/all/function/internal_message.html?_=1636771927979&CODE_STATE=getMsg HTTP/1.1" 200 27
180.157.253.6 - - [13/Nov/2021:10:53:30 +0800] "GET /xingrg/all/function/internal_message.html?_=1636772006134&CODE_STATE=getMsg HTTP/1.1" 200 27
222.69.128.81 - - [13/Nov/2021:10:53:30 +0800] "GET /xingrg/all/function/internal_message.html?_=1636772006526&CODE_STATE=getMsg HTTP/1.1" 200 27
116.238.248.233 - - [13/Nov/2021:10:53:34 +0800] "GET /xingrg/check_reg.html?_=1636772010278 HTTP/1.1" 200 22
116.238.248.233 - - [13/Nov/2021:10:53:34 +0800] "GET /xingrg/all/function/internal_message.html?_=1636772010286&CODE_STATE=getMsg HTTP/1.1" 200 27
101.85.238.236 - - [13/Nov/2021:10:53:39 +0800] "GET /xingrg/check_reg.html?_=1636772008254 HTTP/1.1" 200 22
116.235.93.2 - - [13/Nov/2021:10:53:40 +0800] "GET /xingrg/kc/base/wldb_order_operate.html?command=get_materiel&rest_code=00104&base_code=0010032&code=00101019391 HTTP/1.1" 200 470
222.69.128.81 - - [13/Nov/2021:10:53:43 +0800] "POST /xingrg/kc/buy/cgsh_order_operate.html HTTP/1.1" 200 37
101.85.238.236 - - [13/Nov/2021:10:53:48 +0800] "GET /xingrg/all/function/internal_message.html?_=1636772017271&CODE_STATE=getMsg HTTP/1.1" 200 27
101.85.238.236 - - [13/Nov/2021:10:53:48 +0800] "POST /xingrg/login.do HTTP/1.1" 302 -
101.85.238.236 - - [13/Nov/2021:10:53:48 +0800] "GET /xingrg/index.html?sysBaseUrl=http%3A%2F%2F180.169.147.146%3A18081%2Fxingrg%2F&costTime=40×tamp=1636772028702 HTTP/1.1" 200 17413
101.85.238.236 - - [13/Nov/2021:10:53:49 +0800] "POST /xingrg/all/common/load_tree.html?tree=area_rest_tree_json&manage=1 HTTP/1.1" 200 342
101.85.238.236 - - [13/Nov/2021:10:53:49 +0800] "GET /xingrg/all/function/internal_message.html?_=1636772023660&CODE_STATE=count HTTP/1.1" 200 11
101.85.238.236 - - [13/Nov/2021:10:53:49 +0800] "GET /xingrg/check_reg.html?_=1636772023661 HTTP/1.1" 200 22
101.85.238.236 - - [13/Nov/2021:10:53:49 +0800] "GET /favicon.ico HTTP/1.1" 404 -
101.85.238.236 - - [13/Nov/2021:10:53:49 +0800] "GET /favicon.ico HTTP/1.1" 404 -
101.85.238.236 - - [13/Nov/2021:10:53:49 +0800] "POST /xingrg/load_menu.html HTTP/1.1" 200 9959
58.39.139.200 - - [13/Nov/2021:10:53:50 +0800] "POST /xingrg/all/common/load_combo.html?type=employee HTTP/1.1" 200 356
222.69.128.81 - - [13/Nov/2021:10:53:51 +0800] "POST /xingrg/kc/buy/cgsh_order_operate.html HTTP/1.1" 200 12
101.85.238.236 - - [13/Nov/2021:10:53:52 +0800] "GET /xingrg/check_reg.html?_=1636772032825 HTTP/1.1" 200 22
101.85.238.236 - - [13/Nov/2021:10:53:52 +0800] "GET /xingrg/all/function/internal_message.html?_=1636772032829&CODE_STATE=getMsg HTTP/1.1" 200 27
124.78.153.86 - - [13/Nov/2021:10:53:52 +0800] "GET /xingrg/all/function/internal_message.html?_=1636772031462&CODE_STATE=getMsg HTTP/1.1" 200 27
124.78.153.86 - - [13/Nov/2021:10:53:52 +0800] "GET /xingrg/check_reg.html?_=1636772031589 HTTP/1.1" 200 22
58.39.139.200 - - [13/Nov/2021:10:53:53 +0800] "POST /xingrg/kc/mdqp/pssh_order_operate.html HTTP/1.1" 200 37
222.69.128.81 - - [13/Nov/2021:10:53:53 +0800] "GET /xingrg/kc/buy/cgsh_order_info.html?code=212021111305377 HTTP/1.1" 200 59742
222.69.128.81 - - [13/Nov/2021:10:53:54 +0800] "GET /xingrg/javascript/easyui/themes/default/validatebox.css HTTP/1.1" 404 1104
116.227.210.113 - - [13/Nov/2021:10:53:54 +0800] "GET /xingrg/all/function/internal_message.html?_=1636772015306&CODE_STATE=getMsg HTTP/1.1" 200 27
116.227.210.113 - - [13/Nov/2021:10:53:54 +0800] "GET /xingrg/check_reg.html?_=1636772015309 HTTP/1.1" 200 22
58.39.139.200 - - [13/Nov/2021:10:53:54 +0800] "POST /xingrg/kc/mdqp/pssh_order_operate.html HTTP/1.1" 200 7425
222.69.128.81 - - [13/Nov/2021:10:53:54 +0800] "POST /xingrg/kc/buy/cgsh_order_operate.html HTTP/1.1" 200 4164
101.85.238.236 - - [13/Nov/2021:10:53:56 +0800] "POST /xingrg/load_menu.html HTTP/1.1" 200 9242
58.39.139.200 - - [13/Nov/2021:10:53:56 +0800] "POST /xingrg/kc/mdqp/pssh_order_operate.html HTTP/1.1" 200 37
101.85.238.236 - - [13/Nov/2021:10:53:57 +0800] "GET /xingrg/all/report/report_query.html?fileName=dma/new_5.0/yingye/order_list.xml HTTP/1.1" 200 55281
101.85.238.236 - - [13/Nov/2021:10:53:57 +0800] "GET /xingrg/all/report/report_query.html?fileName=dma/new_5.0/yingye/order_list.xml HTTP/1.1" 200 55281
101.85.238.236 - - [13/Nov/2021:10:53:57 +0800] "GET /xingrg/dwr/interface/AjaxReportQueryService.js HTTP/1.1" 200 13203
101.85.238.236 - - [13/Nov/2021:10:53:57 +0800] "GET /xingrg/dwr/util.js HTTP/1.1" 304 -
101.85.238.236 - - [13/Nov/2021:10:53:57 +0800] "GET /xingrg/dwr/engine.js HTTP/1.1" 200 43631
222.69.128.81 - - [13/Nov/2021:10:53:57 +0800] "GET /xingrg/kc/print/load_data.html?order_code=212021111305377&kc_code=cgsh&condition= HTTP/1.1" 200 2081
58.39.139.200 - - [13/Nov/2021:10:53:57 +0800] "POST /xingrg/kc/mdqp/pssh_order_operate.html HTTP/1.1" 200 12
101.85.238.236 - - [13/Nov/2021:10:53:57 +0800] "POST /xingrg/all/common/load_tree.html?tree=area_station_tree_json&manage=1 HTTP/1.1" 200 336
101.85.238.236 - - [13/Nov/2021:10:53:57 +0800] "POST /xingrg/dwr/call/plaincall/AjaxReportQueryService.getFixDate.dwr HTTP/1.1" 200 111
101.85.238.236 - - [13/Nov/2021:10:53:58 +0800] "POST /xingrg/dwr/call/plaincall/AjaxReportQueryService.getInitString.dwr HTTP/1.1" 200 76
58.39.139.200 - - [13/Nov/2021:10:53:58 +0800] "GET /xingrg/kc/mdqp/pssh_order_info.html?code=312021111100292 HTTP/1.1" 200 14382
58.39.139.200 - - [13/Nov/2021:10:53:58 +0800] "GET /xingrg/javascript/jquery_tools/jquery-1.4.2.min.js HTTP/1.1" 404 1094
58.39.139.200 - - [13/Nov/2021:10:53:58 +0800] "POST /xingrg/kc/mdqp/pssh_order_operate.html HTTP/1.1" 200 7425
58.39.139.200 - - [13/Nov/2021:10:53:58 +0800] "GET /xingrg/javascript/easyui/themes/default/validatebox.css HTTP/1.1" 404 1104
124.78.153.86 - - [13/Nov/2021:10:53:59 +0800] "GET /xingrg/kc/base/wldb_order_list.html HTTP/1.1" 200 19224
124.78.153.86 - - [13/Nov/2021:10:53:59 +0800] "POST /xingrg/kc/base/wldb_list_operate.html HTTP/1.1" 200 2560
101.85.238.236 - - [13/Nov/2021:10:53:59 +0800] "POST /xingrg/dwr/call/plaincall/AjaxReportQueryService.getFixDate.dwr HTTP/1.1" 200 111
180.169.147.146 - - [13/Nov/2021:10:54:00 +0800] "GET /xingrg/all/function/internal_message.html?_=1636772036637&CODE_STATE=getMsg HTTP/1.1" 200 27
101.85.238.236 - - [13/Nov/2021:10:54:01 +0800] "POST /xingrg/dwr/call/plaincall/AjaxReportQueryService.refreshCache.dwr HTTP/1.1" 200 78
116.232.54.167 - - [13/Nov/2021:10:54:01 +0800] "GET /xingrg/all/function/internal_message.html?_=1636772037657&CODE_STATE=getMsg HTTP/1.1" 200 27
101.85.238.236 - - [13/Nov/2021:10:54:01 +0800] "POST /xingrg/all/report/load_report_page.html HTTP/1.1" 200 220693
101.85.238.236 - - [13/Nov/2021:10:54:01 +0800] "GET /xingrg/servlets/image?cache=0.7765041219197174&image=px HTTP/1.1" 200 807
58.39.139.200 - - [13/Nov/2021:10:54:02 +0800] "GET /xingrg/kc/print/load_data.html?order_code=312021111100292&kc_code=pssh&condition= HTTP/1.1" 200 3000
180.169.147.146 - - [13/Nov/2021:10:54:02 +0800] "GET /xingrg/all/function/internal_message.html?_=1636772106153&CODE_STATE=getMsg HTTP/1.1" 200 27
101.85.238.236 - - [13/Nov/2021:10:54:04 +0800] "POST /xingrg/all/report/load_report_page.html HTTP/1.1" 200 220607
101.85.238.236 - - [13/Nov/2021:10:54:04 +0800] "GET /xingrg/servlets/image?cache=0.271744494220715&image=px HTTP/1.1" 200 807
222.70.176.97 - - [13/Nov/2021:10:54:05 +0800] "GET /xingrg/all/function/internal_message.html?_=1636772038473&CODE_STATE=getMsg HTTP/1.1" 200 27
101.85.238.236 - - [13/Nov/2021:10:54:06 +0800] "POST /xingrg/all/report/report_print.html HTTP/1.1" 200 18460
116.235.93.2 - - [13/Nov/2021:10:54:07 +0800] "GET /xingrg/all/function/internal_message.html?_=1636772521992&CODE_STATE=getMsg HTTP/1.1" 200 27
222.70.171.86 - - [13/Nov/2021:10:54:08 +0800] "GET /xingrg/check_reg.html?_=1636772065055 HTTP/1.1" 200 22
58.39.139.200 - - [13/Nov/2021:10:54:11 +0800] "GET /xingrg/kc/base/wldb_order_list.html HTTP/1.1" 200 19224
58.39.139.200 - - [13/Nov/2021:10:54:11 +0800] "POST /xingrg/kc/base/wldb_list_operate.html HTTP/1.1" 200 1772
116.235.93.2 - - [13/Nov/2021:10:54:11 +0800] "GET /xingrg/kc/base/wldb_order_operate.html?command=get_materiel&rest_code=00104&base_code=0010032&code=00101019185 HTTP/1.1" 200 455
58.39.139.200 - - [13/Nov/2021:10:54:14 +0800] "GET /xingrg/kc/base/wldb_order_add.html HTTP/1.1" 200 30438
58.39.139.200 - - [13/Nov/2021:10:54:15 +0800] "POST /xingrg/kc/base/wldb_order_operate.html HTTP/1.1" 200 6806
58.39.139.200 - - [13/Nov/2021:10:54:15 +0800] "GET /xingrg/javascript/easyui/themes/default/validatebox.css HTTP/1.1" 404 1104
101.89.239.238 - - [13/Nov/2021:10:54:16 +0800] "GET /xingrg/all/function/internal_message.html?_=1636771990972&CODE_STATE=getMsg HTTP/1.1" 302 -
124.78.153.86 - - [13/Nov/2021:10:54:16 +0800] "GET /xingrg/all/function/internal_message.html?_=1636772050949&CODE_STATE=getMsg HTTP/1.1" 200 27
101.89.239.238 - - [13/Nov/2021:10:54:17 +0800] "GET /xingrg/login.html HTTP/1.1" 200 7641
58.37.231.44 - - [13/Nov/2021:10:54:17 +0800] "GET /xingrg/all/function/internal_message.html?_=1636771885243&CODE_STATE=getMsg HTTP/1.1" 200 27
222.69.128.81 - - [13/Nov/2021:10:54:19 +0800] "GET /xingrg/kc/buy/cgsh_order_add.html HTTP/1.1" 200 64833
222.69.128.81 - - [13/Nov/2021:10:54:19 +0800] "POST /xingrg/kc/buy/cgsh_order_operate.html HTTP/1.1" 200 8245
222.69.128.81 - - [13/Nov/2021:10:54:19 +0800] "GET /xingrg/javascript/easyui/themes/default/validatebox.css HTTP/1.1" 404 1104
58.40.7.146 - - [13/Nov/2021:10:54:25 +0800] "POST /xingrg/services/DataTransmitService HTTP/1.1" 200 524
222.70.171.86 - - [13/Nov/2021:10:54:26 +0800] "GET /xingrg/all/function/internal_message.html?_=1636772083385&CODE_STATE=getMsg HTTP/1.1" 200 27
114.85.125.222 - - [13/Nov/2021:10:54:28 +0800] "GET /xingrg/all/function/internal_message.html?_=1636771987988&CODE_STATE=getMsg HTTP/1.1" 200 27
116.235.93.2 - - [13/Nov/2021:10:54:29 +0800] "GET /xingrg/kc/base/wldb_order_operate.html?command=get_materiel&rest_code=00104&base_code=0010032&code=00101019438 HTTP/1.1" 200 444
180.157.253.6 - - [13/Nov/2021:10:54:30 +0800] "GET /xingrg/all/function/internal_message.html?_=1636772066134&CODE_STATE=getMsg HTTP/1.1" 200 27
222.69.128.81 - - [13/Nov/2021:10:54:30 +0800] "GET /xingrg/all/function/internal_message.html?_=1636772066540&CODE_STATE=getMsg HTTP/1.1" 200 27
58.39.139.200 - - [13/Nov/2021:10:54:33 +0800] "GET /xingrg/kc/base/wldb_order_operate.html?command=get_materiel&rest_code=00105&base_code=0010513&code=00101008130 HTTP/1.1" 200 432
116.238.248.233 - - [13/Nov/2021:10:54:34 +0800] "GET /xingrg/all/function/internal_message.html?_=1636772070271&CODE_STATE=getMsg HTTP/1.1" 200 27
116.235.93.2 - - [13/Nov/2021:10:54:38 +0800] "GET /xingrg/kc/base/wldb_order_operate.html?command=get_materiel&rest_code=00104&base_code=0010032&code=00101016092 HTTP/1.1" 200 454
58.39.139.200 - - [13/Nov/2021:10:54:44 +0800] "GET /xingrg/kc/base/wldb_order_operate.html?command=get_materiel&rest_code=00105&base_code=0010513&code=00101013073 HTTP/1.1" 200 433
116.235.93.2 - - [13/Nov/2021:10:54:45 +0800] "GET /xingrg/kc/base/wldb_order_operate.html?command=get_materiel&rest_code=00104&base_code=0010032&code=00101016020 HTTP/1.1" 200 446
101.85.238.236 - - [13/Nov/2021:10:54:48 +0800] "GET /xingrg/all/function/internal_message.html?_=1636772077287&CODE_STATE=getMsg HTTP/1.1" 200 27
101.85.238.236 - - [13/Nov/2021:10:54:49 +0800] "GET /xingrg/all/function/internal_message.html?_=1636772083671&CODE_STATE=getMsg HTTP/1.1" 200 27
101.85.238.236 - - [13/Nov/2021:10:54:52 +0800] "GET /xingrg/all/function/internal_message.html?_=1636772092831&CODE_STATE=getMsg HTTP/1.1" 200 27
116.227.210.113 - - [13/Nov/2021:10:54:54 +0800] "GET /xingrg/all/function/internal_message.html?_=1636772075313&CODE_STATE=getMsg HTTP/1.1" 200 27
58.39.139.200 - - [13/Nov/2021:10:54:54 +0800] "GET /xingrg/kc/base/wldb_order_operate.html?command=get_materiel&rest_code=00105&base_code=0010513&code=00101019248 HTTP/1.1" 200 458
58.39.139.200 - - [13/Nov/2021:10:54:55 +0800] "GET /xingrg/all/function/internal_message.html?_=1636772093342&CODE_STATE=getMsg HTTP/1.1" 200 27
222.69.128.81 - - [13/Nov/2021:10:54:59 +0800] "GET /xingrg/kc/buy/cgsh_order_operate.html?command=get_materiel&rest_code=00149&code=00101011007&supplier_code=00100051&order_time=2021-11-13 HTTP/1.1" 200 414
116.235.93.2 - - [13/Nov/2021:10:54:59 +0800] "GET /xingrg/kc/base/wldb_order_operate.html?command=get_materiel&rest_code=00104&base_code=0010032&code=00101019400 HTTP/1.1" 200 450
180.169.147.146 - - [13/Nov/2021:10:55:00 +0800] "GET /xingrg/all/function/internal_message.html?_=1636772096627&CODE_STATE=getMsg HTTP/1.1" 200 27
116.232.54.167 - - [13/Nov/2021:10:55:01 +0800] "GET /xingrg/all/function/internal_message.html?_=1636772097660&CODE_STATE=getMsg HTTP/1.1" 200 27
116.235.93.2 - - [13/Nov/2021:10:55:02 +0800] "GET /xingrg/javascript/easyui/themes/default/images/button_plain_hover.png HTTP/1.1" 304 -
116.235.93.2 - - [13/Nov/2021:10:55:02 +0800] "GET /xingrg/javascript/easyui/themes/default/images/button_plain_hover.png HTTP/1.1" 304 -
116.235.93.2 - - [13/Nov/2021:10:55:02 +0800] "GET /xingrg/javascript/easyui/themes/default/images/button_plain_hover.png HTTP/1.1" 304 -
116.235.93.2 - - [13/Nov/2021:10:55:02 +0800] "GET /xingrg/javascript/easyui/themes/default/images/button_plain_hover.png HTTP/1.1" 304 -
58.39.139.200 - - [13/Nov/2021:10:55:02 +0800] "POST /xingrg/kc/base/wldb_order_operate.html HTTP/1.1" 200 37
180.169.147.146 - - [13/Nov/2021:10:55:02 +0800] "GET /xingrg/all/function/internal_message.html?_=1636772166152&CODE_STATE=getMsg HTTP/1.1" 200 27
58.39.139.200 - - [13/Nov/2021:10:55:03 +0800] "POST /xingrg/kc/base/wldb_order_operate.html HTTP/1.1" 200 3143
58.39.139.200 - - [13/Nov/2021:10:55:03 +0800] "GET /xingrg/kc/base/wldb_order_info.html?code=422021111301356 HTTP/1.1" 200 30446
58.39.139.200 - - [13/Nov/2021:10:55:04 +0800] "GET /xingrg/javascript/easyui/themes/default/validatebox.css HTTP/1.1" 404 1104
58.39.139.200 - - [13/Nov/2021:10:55:04 +0800] "POST /xingrg/kc/base/wldb_order_operate.html HTTP/1.1" 200 3143
116.235.93.2 - - [13/Nov/2021:10:55:05 +0800] "POST /xingrg/kc/base/wldb_order_operate.html HTTP/1.1" 200 37
222.70.176.97 - - [13/Nov/2021:10:55:05 +0800] "GET /xingrg/check_reg.html?_=1636772098472 HTTP/1.1" 200 22
222.70.176.97 - - [13/Nov/2021:10:55:05 +0800] "GET /xingrg/all/function/internal_message.html?_=1636772098473&CODE_STATE=getMsg HTTP/1.1" 200 27
116.235.93.2 - - [13/Nov/2021:10:55:06 +0800] "POST /xingrg/kc/base/wldb_order_operate.html HTTP/1.1" 200 4679
116.235.93.2 - - [13/Nov/2021:10:55:06 +0800] "GET /xingrg/kc/base/wldb_order_info.html?code=422021111301357 HTTP/1.1" 200 30454
116.235.93.2 - - [13/Nov/2021:10:55:06 +0800] "GET /xingrg/javascript/jquery_tools/datebox.css HTTP/1.1" 304 -
116.235.93.2 - - [13/Nov/2021:10:55:06 +0800] "GET /xingrg/javascript/easyui/themes/icon.css HTTP/1.1" 304 -
116.235.93.2 - - [13/Nov/2021:10:55:06 +0800] "GET /xingrg/javascript/jquery_tools/table.css HTTP/1.1" 304 -
116.235.93.2 - - [13/Nov/2021:10:55:06 +0800] "GET /xingrg/css/base.css HTTP/1.1" 304 -
116.235.93.2 - - [13/Nov/2021:10:55:06 +0800] "GET /xingrg/css/site.css HTTP/1.1" 304 -
116.235.93.2 - - [13/Nov/2021:10:55:06 +0800] "GET /xingrg/javascript/jquery_tools/fix.css HTTP/1.1" 304 -
116.235.93.2 - - [13/Nov/2021:10:55:06 +0800] "GET /xingrg/javascript/pic_change.js HTTP/1.1" 304 -
116.235.93.2 - - [13/Nov/2021:10:55:06 +0800] "GET /xingrg/javascript/jquery_tools/jquery.tools.extend.js HTTP/1.1" 304 -
116.235.93.2 - - [13/Nov/2021:10:55:06 +0800] "GET /xingrg/javascript/easyui/themes/default/easyui.css HTTP/1.1" 304 -
116.235.93.2 - - [13/Nov/2021:10:55:06 +0800] "GET /xingrg/javascript/jquery_tools/jquery.tools.min.js HTTP/1.1" 304 -
116.235.93.2 - - [13/Nov/2021:10:55:06 +0800] "GET /xingrg/javascript/auto/jquery.autocomplete.css HTTP/1.1" 304 -
116.235.93.2 - - [13/Nov/2021:10:55:06 +0800] "GET /xingrg/javascript/auto/jquery.autocomplete.js HTTP/1.1" 304 -
116.235.93.2 - - [13/Nov/2021:10:55:06 +0800] "GET /xingrg/javascript/jquery_tools/jquery.tools.hotkey.js HTTP/1.1" 304 -
116.235.93.2 - - [13/Nov/2021:10:55:06 +0800] "GET /xingrg/javascript/jquery_tools/jquery.tools.table.js HTTP/1.1" 304 -
116.235.93.2 - - [13/Nov/2021:10:55:06 +0800] "GET /xingrg/javascript/json2.js HTTP/1.1" 304 -
116.235.93.2 - - [13/Nov/2021:10:55:06 +0800] "GET /xingrg/javascript/convert.js HTTP/1.1" 304 -
116.235.93.2 - - [13/Nov/2021:10:55:06 +0800] "GET /xingrg/javascript/print/kc_print.js HTTP/1.1" 304 -
116.235.93.2 - - [13/Nov/2021:10:55:06 +0800] "GET /xingrg/javascript/jquery_tools/order_manager.js HTTP/1.1" 304 -
116.235.93.2 - - [13/Nov/2021:10:55:06 +0800] "GET /xingrg/javascript/print/LodopFuncs.js HTTP/1.1" 304 -
116.235.93.2 - - [13/Nov/2021:10:55:06 +0800] "GET /xingrg/javascript/easyui/easyloader.js HTTP/1.1" 304 -
116.235.93.2 - - [13/Nov/2021:10:55:06 +0800] "GET /xingrg/javascript/jquery.utils.js HTTP/1.1" 304 -
116.235.93.2 - - [13/Nov/2021:10:55:08 +0800] "GET /xingrg/words/20211112171753_words.js HTTP/1.1" 304 -
116.235.93.2 - - [13/Nov/2021:10:55:08 +0800] "GET /xingrg/javascript/easyui/plugins/jquery.parser.js HTTP/1.1" 304 -
116.235.93.2 - - [13/Nov/2021:10:55:08 +0800] "GET /xingrg/all/function/internal_message.html?_=1636772583601&CODE_STATE=getMsg HTTP/1.1" 200 27
116.235.93.2 - - [13/Nov/2021:10:55:08 +0800] "GET /xingrg/all/common/auto_word.html?type=base&rest_code=00104 HTTP/1.1" 200 1799
116.235.93.2 - - [13/Nov/2021:10:55:08 +0800] "GET /xingrg/all/common/auto_word.html?type=base&rest_code=00104 HTTP/1.1" 200 1799
116.235.93.2 - - [13/Nov/2021:10:55:09 +0800] "GET /xingrg/words/20211112171753_words.js HTTP/1.1" 304 -
116.235.93.2 - - [13/Nov/2021:10:55:09 +0800] "GET /xingrg/javascript/easyui/themes/default/validatebox.css HTTP/1.1" 404 1104
116.235.93.2 - - [13/Nov/2021:10:55:09 +0800] "GET /xingrg/javascript/easyui/plugins/jquery.validatebox.js HTTP/1.1" 304 -
116.235.93.2 - - [13/Nov/2021:10:55:09 +0800] "POST /xingrg/kc/base/wldb_order_operate.html HTTP/1.1" 200 4679
116.235.93.2 - - [13/Nov/2021:10:55:09 +0800] "GET /xingrg/javascript/easyui/plugins/jquery.numberbox.js HTTP/1.1" 304 -
116.235.93.2 - - [13/Nov/2021:10:55:15 +0800] "GET /xingrg/javascript/easyui/themes/default/images/button_plain_hover.png HTTP/1.1" 304 -
116.235.93.2 - - [13/Nov/2021:10:55:15 +0800] "GET /xingrg/javascript/easyui/themes/default/images/button_plain_hover.png HTTP/1.1" 304 -
116.235.93.2 - - [13/Nov/2021:10:55:15 +0800] "GET /xingrg/javascript/easyui/themes/default/images/button_plain_hover.png HTTP/1.1" 304 -
116.235.93.2 - - [13/Nov/2021:10:55:15 +0800] "GET /xingrg/javascript/easyui/themes/default/images/button_plain_hover.png HTTP/1.1" 304 -
116.235.93.2 - - [13/Nov/2021:10:55:15 +0800] "GET /xingrg/javascript/easyui/themes/default/images/button_plain_hover.png HTTP/1.1" 304 -
58.39.139.200 - - [13/Nov/2021:10:55:16 +0800] "GET /xingrg/kc/base/wldb_order_add.html HTTP/1.1" 200 30438
58.39.139.200 - - [13/Nov/2021:10:55:16 +0800] "POST /xingrg/kc/base/wldb_order_operate.html HTTP/1.1" 200 6806
58.39.139.200 - - [13/Nov/2021:10:55:16 +0800] "GET /xingrg/javascript/easyui/themes/default/validatebox.css HTTP/1.1" 404 1104
124.78.153.86 - - [13/Nov/2021:10:55:16 +0800] "GET /xingrg/all/function/internal_message.html?_=1636772110929&CODE_STATE=getMsg HTTP/1.1" 200 27
116.235.93.2 - - [13/Nov/2021:10:55:16 +0800] "GET /xingrg/kc/base/wldb_order_add.html HTTP/1.1" 200 30440
116.235.93.2 - - [13/Nov/2021:10:55:16 +0800] "GET /xingrg/css/base.css HTTP/1.1" 304 -
116.235.93.2 - - [13/Nov/2021:10:55:16 +0800] "GET /xingrg/css/site.css HTTP/1.1" 304 -
116.235.93.2 - - [13/Nov/2021:10:55:16 +0800] "GET /xingrg/javascript/easyui/themes/icon.css HTTP/1.1" 304 -
116.235.93.2 - - [13/Nov/2021:10:55:16 +0800] "GET /xingrg/javascript/easyui/themes/default/easyui.css HTTP/1.1" 304 -
116.235.93.2 - - [13/Nov/2021:10:55:16 +0800] "GET /xingrg/javascript/jquery_tools/fix.css HTTP/1.1" 304 -
116.235.93.2 - - [13/Nov/2021:10:55:16 +0800] "GET /xingrg/javascript/auto/jquery.autocomplete.css HTTP/1.1" 304 -
116.235.93.2 - - [13/Nov/2021:10:55:16 +0800] "GET /xingrg/javascript/jquery_tools/table.css HTTP/1.1" 304 -
116.235.93.2 - - [13/Nov/2021:10:55:16 +0800] "GET /xingrg/javascript/pic_change.js HTTP/1.1" 304 -
116.235.93.2 - - [13/Nov/2021:10:55:16 +0800] "GET /xingrg/javascript/jquery_tools/datebox.css HTTP/1.1" 304 -
116.235.93.2 - - [13/Nov/2021:10:55:16 +0800] "GET /xingrg/javascript/jquery_tools/jquery.tools.extend.js HTTP/1.1" 304 -
116.235.93.2 - - [13/Nov/2021:10:55:16 +0800] "GET /xingrg/javascript/jquery_tools/jquery.tools.min.js HTTP/1.1" 304 -
116.235.93.2 - - [13/Nov/2021:10:55:16 +0800] "GET /xingrg/javascript/auto/jquery.autocomplete.js HTTP/1.1" 304 -
116.235.93.2 - - [13/Nov/2021:10:55:16 +0800] "GET /xingrg/javascript/jquery_tools/jquery.tools.table.js HTTP/1.1" 304 -
116.235.93.2 - - [13/Nov/2021:10:55:16 +0800] "GET /xingrg/javascript/easyui/easyloader.js HTTP/1.1" 304 -
116.235.93.2 - - [13/Nov/2021:10:55:16 +0800] "GET /xingrg/javascript/jquery_tools/order_manager.js HTTP/1.1" 304 -
116.235.93.2 - - [13/Nov/2021:10:55:16 +0800] "GET /xingrg/javascript/jquery_tools/jquery.tools.hotkey.js HTTP/1.1" 304 -
116.235.93.2 - - [13/Nov/2021:10:55:16 +0800] "GET /xingrg/javascript/convert.js HTTP/1.1" 304 -
116.235.93.2 - - [13/Nov/2021:10:55:16 +0800] "GET /xingrg/javascript/print/kc_print.js HTTP/1.1" 304 -
116.235.93.2 - - [13/Nov/2021:10:55:16 +0800] "GET /xingrg/javascript/print/LodopFuncs.js HTTP/1.1" 304 -
116.235.93.2 - - [13/Nov/2021:10:55:16 +0800] "GET /xingrg/javascript/json2.js HTTP/1.1" 304 -
116.235.93.2 - - [13/Nov/2021:10:55:16 +0800] "GET /xingrg/javascript/jquery.utils.js HTTP/1.1" 304 -
58.39.139.200 - - [13/Nov/2021:10:55:16 +0800] "POST /xingrg/all/common/load_combo.html?type=base HTTP/1.1" 200 3321
58.37.231.44 - - [13/Nov/2021:10:55:17 +0800] "GET /xingrg/all/function/internal_message.html?_=1636771945243&CODE_STATE=getMsg HTTP/1.1" 200 27
116.235.93.2 - - [13/Nov/2021:10:55:18 +0800] "GET /xingrg/words/20211112171753_words.js HTTP/1.1" 304 -
116.235.93.2 - - [13/Nov/2021:10:55:18 +0800] "GET /xingrg/javascript/easyui/plugins/jquery.parser.js HTTP/1.1" 304 -
116.235.93.2 - - [13/Nov/2021:10:55:18 +0800] "POST /xingrg/kc/base/wldb_order_operate.html HTTP/1.1" 200 6806
116.235.93.2 - - [13/Nov/2021:10:55:19 +0800] "GET /xingrg/all/common/auto_word.html?type=base&rest_code=00104 HTTP/1.1" 200 1799
116.235.93.2 - - [13/Nov/2021:10:55:19 +0800] "GET /xingrg/all/common/auto_word.html?type=base&rest_code=00104 HTTP/1.1" 200 1799
116.235.93.2 - - [13/Nov/2021:10:55:19 +0800] "GET /xingrg/words/20211112171753_words.js HTTP/1.1" 304 -
116.235.93.2 - - [13/Nov/2021:10:55:19 +0800] "GET /xingrg/javascript/easyui/themes/default/validatebox.css HTTP/1.1" 404 1104
116.235.93.2 - - [13/Nov/2021:10:55:19 +0800] "GET /xingrg/javascript/easyui/plugins/jquery.validatebox.js HTTP/1.1" 304 -
116.235.93.2 - - [13/Nov/2021:10:55:19 +0800] "GET /xingrg/javascript/easyui/plugins/jquery.numberbox.js HTTP/1.1" 304 -
116.235.93.2 - - [13/Nov/2021:10:55:20 +0800] "GET /xingrg/css/images/panel_loading.gif HTTP/1.1" 304 -
116.235.93.2 - - [13/Nov/2021:10:55:20 +0800] "POST /xingrg/all/common/load_combo.html?type=base HTTP/1.1" 200 3227
222.70.171.86 - - [13/Nov/2021:10:55:26 +0800] "GET /xingrg/all/function/internal_message.html?_=1636772143399&CODE_STATE=getMsg HTTP/1.1" 200 27
114.85.125.222 - - [13/Nov/2021:10:55:28 +0800] "GET /xingrg/all/function/internal_message.html?_=1636772048037&CODE_STATE=getMsg HTTP/1.1" 200 27
58.39.139.200 - - [13/Nov/2021:10:55:29 +0800] "GET /xingrg/kc/base/wldb_order_operate.html?command=get_materiel&rest_code=00105&base_code=0010513&code=00101019238 HTTP/1.1" 200 468
180.157.253.6 - - [13/Nov/2021:10:55:30 +0800] "GET /xingrg/all/function/internal_message.html?_=1636772126133&CODE_STATE=getMsg HTTP/1.1" 200 27
222.69.128.81 - - [13/Nov/2021:10:55:30 +0800] "GET /xingrg/all/function/internal_message.html?_=1636772126543&CODE_STATE=getMsg HTTP/1.1" 200 27
222.69.128.81 - - [13/Nov/2021:10:55:30 +0800] "GET /xingrg/check_reg.html?_=1636772126545 HTTP/1.1" 200 22
116.235.93.2 - - [13/Nov/2021:10:55:31 +0800] "GET /xingrg/css/images/panel_loading.gif HTTP/1.1" 304 -
116.235.93.2 - - [13/Nov/2021:10:55:31 +0800] "POST /xingrg/all/common/load_combo.html?type=base HTTP/1.1" 200 3227
116.238.248.233 - - [13/Nov/2021:10:55:34 +0800] "GET /xingrg/all/function/internal_message.html?_=1636772130288&CODE_STATE=getMsg HTTP/1.1" 200 27
114.85.125.222 - - [13/Nov/2021:10:55:35 +0800] "GET /xingrg/check_reg.html?_=1636772054637 HTTP/1.1" 200 22
222.69.128.81 - - [13/Nov/2021:10:55:40 +0800] "GET /xingrg/kc/buy/cgsh_order_operate.html?command=get_materiel&rest_code=00149&code=00101011003&supplier_code=00100051&order_time=2021-11-13 HTTP/1.1" 200 413
58.39.139.200 - - [13/Nov/2021:10:55:40 +0800] "GET /xingrg/kc/base/wldb_order_operate.html?command=get_materiel&rest_code=00105&base_code=0010513&code=00101019359 HTTP/1.1" 200 446
101.85.238.236 - - [13/Nov/2021:10:55:49 +0800] "GET /xingrg/all/function/internal_message.html?_=1636772137957&CODE_STATE=getMsg HTTP/1.1" 200 27
101.85.238.236 - - [13/Nov/2021:10:55:49 +0800] "GET /xingrg/all/function/internal_message.html?_=1636772143669&CODE_STATE=getMsg HTTP/1.1" 200 27
222.69.128.81 - - [13/Nov/2021:10:55:51 +0800] "GET /xingrg/kc/buy/cgsh_order_operate.html?command=get_materiel&rest_code=00149&code=00101011005&supplier_code=00100051&order_time=2021-11-13 HTTP/1.1" 200 429
101.85.238.236 - - [13/Nov/2021:10:55:52 +0800] "GET /xingrg/all/function/internal_message.html?_=1636772152834&CODE_STATE=getMsg HTTP/1.1" 200 27
116.227.210.113 - - [13/Nov/2021:10:55:54 +0800] "GET /xingrg/all/function/internal_message.html?_=1636772135315&CODE_STATE=getMsg HTTP/1.1" 200 27
58.39.139.200 - - [13/Nov/2021:10:55:55 +0800] "GET /xingrg/check_reg.html?_=1636772153315 HTTP/1.1" 200 22
58.39.139.200 - - [13/Nov/2021:10:55:55 +0800] "GET /xingrg/all/function/internal_message.html?_=1636772153316&CODE_STATE=getMsg HTTP/1.1" 200 27
58.39.139.200 - - [13/Nov/2021:10:55:56 +0800] "GET /xingrg/kc/base/wldb_order_operate.html?command=get_materiel&rest_code=00105&base_code=0010513&code=00101019062 HTTP/1.1" 200 449
180.169.147.146 - - [13/Nov/2021:10:56:00 +0800] "GET /xingrg/all/function/internal_message.html?_=1636772156633&CODE_STATE=getMsg HTTP/1.1" 200 27
180.169.147.146 - - [13/Nov/2021:10:56:00 +0800] "GET /xingrg/check_reg.html?_=1636772156638 HTTP/1.1" 200 22
116.232.54.167 - - [13/Nov/2021:10:56:01 +0800] "GET /xingrg/all/function/internal_message.html?_=1636772157662&CODE_STATE=getMsg HTTP/1.1" 200 27
180.169.147.146 - - [13/Nov/2021:10:56:02 +0800] "GET /xingrg/check_reg.html?_=1636772226151 HTTP/1.1" 200 22
180.169.147.146 - - [13/Nov/2021:10:56:02 +0800] "GET /xingrg/all/function/internal_message.html?_=1636772226152&CODE_STATE=getMsg HTTP/1.1" 200 27
222.70.176.97 - - [13/Nov/2021:10:56:05 +0800] "GET /xingrg/all/function/internal_message.html?_=1636772158470&CODE_STATE=getMsg HTTP/1.1" 200 27
222.69.128.81 - - [13/Nov/2021:10:56:06 +0800] "GET /xingrg/kc/buy/cgsh_order_operate.html?command=get_materiel&rest_code=00149&code=00101011010&supplier_code=00100051&order_time=2021-11-13 HTTP/1.1" 200 418
58.39.139.200 - - [13/Nov/2021:10:56:06 +0800] "GET /xingrg/kc/base/wldb_order_operate.html?command=get_materiel&rest_code=00105&base_code=0010513&code=00101019750 HTTP/1.1" 200 442
116.235.93.2 - - [13/Nov/2021:10:56:09 +0800] "GET /xingrg/all/function/internal_message.html?_=1636772644183&CODE_STATE=getMsg HTTP/1.1" 200 27
116.235.93.2 - - [13/Nov/2021:10:56:10 +0800] "GET /xingrg/kc/base/wldb_order_operate.html?command=get_materiel&rest_code=00104&base_code=0010032&code=00101019133 HTTP/1.1" 200 466
124.78.153.86 - - [13/Nov/2021:10:56:14 +0800] "GET /xingrg/check_reg.html?_=1636772168584 HTTP/1.1" 200 22
222.69.128.81 - - [13/Nov/2021:10:56:15 +0800] "GET /xingrg/kc/buy/cgsh_order_operate.html?command=get_materiel&rest_code=00149&code=00101011001&supplier_code=00100051&order_time=2021-11-13 HTTP/1.1" 200 423
124.78.153.86 - - [13/Nov/2021:10:56:16 +0800] "GET /xingrg/all/function/internal_message.html?_=1636772170902&CODE_STATE=getMsg HTTP/1.1" 200 27
58.37.231.44 - - [13/Nov/2021:10:56:17 +0800] "GET /xingrg/all/function/internal_message.html?_=1636772005270&CODE_STATE=getMsg HTTP/1.1" 200 27
58.37.231.44 - - [13/Nov/2021:10:56:17 +0800] "GET /xingrg/check_reg.html?_=1636772005271 HTTP/1.1" 200 22
116.235.93.2 - - [13/Nov/2021:10:56:20 +0800] "GET /xingrg/kc/base/wldb_order_operate.html?command=get_materiel&rest_code=00104&base_code=0010032&code=00101019185 HTTP/1.1" 200 455
222.70.171.86 - - [13/Nov/2021:10:56:27 +0800] "GET /xingrg/all/function/internal_message.html?_=1636772203443&CODE_STATE=getMsg HTTP/1.1" 200 27
114.85.125.222 - - [13/Nov/2021:10:56:28 +0800] "GET /xingrg/all/function/internal_message.html?_=1636772108046&CODE_STATE=getMsg HTTP/1.1" 200 27
222.69.128.81 - - [13/Nov/2021:10:56:29 +0800] "POST /xingrg/kc/buy/cgsh_order_operate.html HTTP/1.1" 200 37
116.235.93.2 - - [13/Nov/2021:10:56:29 +0800] "GET /xingrg/kc/base/wldb_order_operate.html?command=get_materiel&rest_code=00104&base_code=0010032&code=00101019183 HTTP/1.1" 200 435
180.157.253.6 - - [13/Nov/2021:10:56:30 +0800] "GET /xingrg/all/function/internal_message.html?_=1636772186148&CODE_STATE=getMsg HTTP/1.1" 200 27
116.238.248.233 - - [13/Nov/2021:10:56:34 +0800] "GET /xingrg/all/function/internal_message.html?_=1636772190287&CODE_STATE=getMsg HTTP/1.1" 200 27
58.39.139.200 - - [13/Nov/2021:10:56:35 +0800] "GET /xingrg/kc/base/wldb_order_operate.html?command=get_materiel&rest_code=00105&base_code=0010513&code=00101019812 HTTP/1.1" 200 451
222.69.128.81 - - [13/Nov/2021:10:56:37 +0800] "POST /xingrg/kc/buy/cgsh_order_operate.html HTTP/1.1" 200 12
222.69.128.81 - - [13/Nov/2021:10:56:47 +0800] "GET /xingrg/kc/buy/cgsh_order_info.html?code=212021111305378 HTTP/1.1" 200 59742
222.69.128.81 - - [13/Nov/2021:10:56:47 +0800] "GET /xingrg/javascript/easyui/themes/default/validatebox.css HTTP/1.1" 404 1104
116.235.93.2 - - [13/Nov/2021:10:56:47 +0800] "GET /xingrg/kc/base/wldb_order_operate.html?command=get_materiel&rest_code=00104&base_code=0010032&code=00101019306 HTTP/1.1" 200 463
222.69.128.81 - - [13/Nov/2021:10:56:47 +0800] "POST /xingrg/kc/buy/cgsh_order_operate.html HTTP/1.1" 200 2991
101.85.238.236 - - [13/Nov/2021:10:56:49 +0800] "GET /xingrg/all/function/internal_message.html?_=1636772197965&CODE_STATE=getMsg HTTP/1.1" 200 27
222.69.128.81 - - [13/Nov/2021:10:56:49 +0800] "GET /xingrg/kc/print/load_data.html?order_code=212021111305378&kc_code=cgsh&condition= HTTP/1.1" 200 1641
101.85.238.236 - - [13/Nov/2021:10:56:49 +0800] "GET /xingrg/all/function/internal_message.html?_=1636772203696&CODE_STATE=getMsg HTTP/1.1" 200 27
101.85.238.236 - - [13/Nov/2021:10:56:52 +0800] "GET /xingrg/all/function/internal_message.html?_=1636772212836&CODE_STATE=getMsg HTTP/1.1" 200 27
222.69.128.81 - - [13/Nov/2021:10:56:53 +0800] "GET /xingrg/kc/buy/cgsh_order_add.html HTTP/1.1" 200 64833
222.69.128.81 - - [13/Nov/2021:10:56:53 +0800] "POST /xingrg/kc/buy/cgsh_order_operate.html HTTP/1.1" 200 8245
222.69.128.81 - - [13/Nov/2021:10:56:53 +0800] "GET /xingrg/javascript/easyui/themes/default/validatebox.css HTTP/1.1" 404 1104
116.227.210.113 - - [13/Nov/2021:10:56:54 +0800] "GET /xingrg/all/function/internal_message.html?_=1636772195308&CODE_STATE=getMsg HTTP/1.1" 200 27
58.39.139.200 - - [13/Nov/2021:10:56:54 +0800] "GET /xingrg/kc/base/wldb_order_operate.html?command=get_materiel&rest_code=00105&base_code=0010513&code=00101022087 HTTP/1.1" 200 461
58.39.139.200 - - [13/Nov/2021:10:56:55 +0800] "GET /xingrg/all/function/internal_message.html?_=1636772213287&CODE_STATE=getMsg HTTP/1.1" 200 27
101.85.238.236 - - [13/Nov/2021:10:56:56 +0800] "POST /xingrg/dwr/call/plaincall/AjaxReportQueryService.refreshCache.dwr HTTP/1.1" 200 78
101.85.238.236 - - [13/Nov/2021:10:56:57 +0800] "POST /xingrg/all/report/load_report_page.html HTTP/1.1" 200 220993
58.221.95.50 - - [13/Nov/2021:10:56:57 +0800] "GET /xingrg/check_reg.html?_=1636772213656 HTTP/1.1" 302 -
101.85.238.236 - - [13/Nov/2021:10:56:57 +0800] "GET /xingrg/servlets/image?cache=0.5067140593920499&image=px HTTP/1.1" 200 807
101.85.238.236 - - [13/Nov/2021:10:56:59 +0800] "POST /xingrg/all/report/report_print.html HTTP/1.1" 200 16405
180.169.147.146 - - [13/Nov/2021:10:57:00 +0800] "GET /xingrg/all/function/internal_message.html?_=1636772216626&CODE_STATE=getMsg HTTP/1.1" 200 27
116.232.54.167 - - [13/Nov/2021:10:57:01 +0800] "GET /xingrg/all/function/internal_message.html?_=1636772217665&CODE_STATE=getMsg HTTP/1.1" 200 27
116.232.54.167 - - [13/Nov/2021:10:57:01 +0800] "GET /xingrg/check_reg.html?_=1636772217667 HTTP/1.1" 200 22
116.235.93.2 - - [13/Nov/2021:10:57:01 +0800] "GET /xingrg/kc/base/wldb_order_operate.html?command=get_materiel&rest_code=00104&base_code=0010032&code=00101019400 HTTP/1.1" 200 450
180.169.147.146 - - [13/Nov/2021:10:57:02 +0800] "GET /xingrg/all/function/internal_message.html?_=1636772286152&CODE_STATE=getMsg HTTP/1.1" 200 27
58.39.139.200 - - [13/Nov/2021:10:57:04 +0800] "POST /xingrg/kc/base/wldb_order_operate.html HTTP/1.1" 200 37
58.39.139.200 - - [13/Nov/2021:10:57:05 +0800] "POST /xingrg/kc/base/wldb_order_operate.html HTTP/1.1" 200 4702
222.70.176.97 - - [13/Nov/2021:10:57:05 +0800] "GET /xingrg/all/function/internal_message.html?_=1636772218468&CODE_STATE=getMsg HTTP/1.1" 200 27
58.39.139.200 - - [13/Nov/2021:10:57:09 +0800] "GET /xingrg/kc/base/wldb_order_info.html?code=422021111301358 HTTP/1.1" 200 30448
116.235.93.2 - - [13/Nov/2021:10:57:09 +0800] "GET /xingrg/all/function/internal_message.html?_=1636772704186&CODE_STATE=getMsg HTTP/1.1" 200 27
58.39.139.200 - - [13/Nov/2021:10:57:09 +0800] "GET /xingrg/javascript/easyui/themes/default/validatebox.css HTTP/1.1" 404 1104
58.39.139.200 - - [13/Nov/2021:10:57:09 +0800] "POST /xingrg/kc/base/wldb_order_operate.html HTTP/1.1" 200 4702
58.39.139.200 - - [13/Nov/2021:10:57:11 +0800] "GET /xingrg/kc/base/wldb_order_add.html HTTP/1.1" 200 30438
58.39.139.200 - - [13/Nov/2021:10:57:11 +0800] "POST /xingrg/kc/base/wldb_order_operate.html HTTP/1.1" 200 6806
58.39.139.200 - - [13/Nov/2021:10:57:11 +0800] "GET /xingrg/javascript/easyui/themes/default/validatebox.css HTTP/1.1" 404 1104
58.39.139.200 - - [13/Nov/2021:10:57:12 +0800] "POST /xingrg/all/common/load_combo.html?type=base HTTP/1.1" 200 3321
222.69.128.81 - - [13/Nov/2021:10:57:13 +0800] "GET /xingrg/kc/buy/cgsh_order_operate.html?command=get_materiel&rest_code=00149&code=00101009109&supplier_code=00100201&order_time=2021-11-13 HTTP/1.1" 200 399
116.235.93.2 - - [13/Nov/2021:10:57:14 +0800] "GET /xingrg/kc/base/wldb_order_operate.html?command=get_materiel&rest_code=00104&base_code=0010032&code=00101019063 HTTP/1.1" 200 446
124.78.153.86 - - [13/Nov/2021:10:57:16 +0800] "GET /xingrg/all/function/internal_message.html?_=1636772230875&CODE_STATE=getMsg HTTP/1.1" 200 27
58.37.231.44 - - [13/Nov/2021:10:57:17 +0800] "GET /xingrg/all/function/internal_message.html?_=1636772065269&CODE_STATE=getMsg HTTP/1.1" 200 27
116.235.93.2 - - [13/Nov/2021:10:57:20 +0800] "GET /xingrg/kc/base/wldb_order_operate.html?command=get_materiel&rest_code=00104&base_code=0010032&code=00101019315 HTTP/1.1" 200 461
58.39.139.200 - - [13/Nov/2021:10:57:24 +0800] "GET /xingrg/kc/base/wldb_order_operate.html?command=get_materiel&rest_code=00105&base_code=0010513&code=00101013133 HTTP/1.1" 200 432
222.70.171.86 - - [13/Nov/2021:10:57:27 +0800] "GET /xingrg/all/function/internal_message.html?_=1636772263457&CODE_STATE=getMsg HTTP/1.1" 200 27
114.85.125.222 - - [13/Nov/2021:10:57:28 +0800] "GET /xingrg/all/function/internal_message.html?_=1636772168060&CODE_STATE=getMsg HTTP/1.1" 200 27
101.85.238.236 - - [13/Nov/2021:10:57:29 +0800] "POST /xingrg/all/report/report_print.html HTTP/1.1" 200 16405
58.39.139.200 - - [13/Nov/2021:10:57:29 +0800] "POST /xingrg/kc/base/wldb_order_operate.html HTTP/1.1" 200 37
180.157.253.6 - - [13/Nov/2021:10:57:30 +0800] "GET /xingrg/check_reg.html?_=1636772246132 HTTP/1.1" 200 22
180.157.253.6 - - [13/Nov/2021:10:57:30 +0800] "GET /xingrg/all/function/internal_message.html?_=1636772246134&CODE_STATE=getMsg HTTP/1.1" 200 27
58.39.139.200 - - [13/Nov/2021:10:57:30 +0800] "POST /xingrg/kc/base/wldb_order_operate.html HTTP/1.1" 200 2180
222.69.128.81 - - [13/Nov/2021:10:57:30 +0800] "GET /xingrg/all/function/internal_message.html?_=1636772246576&CODE_STATE=getMsg HTTP/1.1" 200 27
58.39.139.200 - - [13/Nov/2021:10:57:30 +0800] "GET /xingrg/kc/base/wldb_order_info.html?code=422021111301359 HTTP/1.1" 200 30445
58.39.139.200 - - [13/Nov/2021:10:57:31 +0800] "GET /xingrg/javascript/easyui/themes/default/validatebox.css HTTP/1.1" 404 1104
116.235.93.2 - - [13/Nov/2021:10:57:31 +0800] "GET /xingrg/kc/base/wldb_order_operate.html?command=get_materiel&rest_code=00104&base_code=0010032&code=00101016044 HTTP/1.1" 200 464
58.39.139.200 - - [13/Nov/2021:10:57:31 +0800] "POST /xingrg/kc/base/wldb_order_operate.html HTTP/1.1" 200 2180
116.235.93.2 - - [13/Nov/2021:10:57:32 +0800] "GET /xingrg/check_reg.html?_=1636772727153 HTTP/1.1" 200 22
58.39.139.200 - - [13/Nov/2021:10:57:32 +0800] "GET /xingrg/kc/print/load_config.html?kc_code=wldb HTTP/1.1" 200 2173
58.39.139.200 - - [13/Nov/2021:10:57:32 +0800] "GET /xingrg/kc/print/load_data.html?order_code=422021111301359&kc_code=wldb&condition= HTTP/1.1" 200 504
116.238.248.233 - - [13/Nov/2021:10:57:34 +0800] "GET /xingrg/all/function/internal_message.html?_=1636772250293&CODE_STATE=getMsg HTTP/1.1" 200 27
116.235.93.2 - - [13/Nov/2021:10:57:35 +0800] "GET /xingrg/javascript/easyui/themes/default/images/button_plain_hover.png HTTP/1.1" 304 -
116.235.93.2 - - [13/Nov/2021:10:57:35 +0800] "GET /xingrg/javascript/easyui/themes/default/images/button_plain_hover.png HTTP/1.1" 304 -
58.39.139.200 - - [13/Nov/2021:10:57:35 +0800] "GET /xingrg/javascript/jquery_easy_ui/themes/icons/manage.png HTTP/1.1" 304 -
58.39.139.200 - - [13/Nov/2021:10:57:35 +0800] "GET /xingrg/javascript/jquery_easy_ui/themes/icons/rest.png HTTP/1.1" 304 -
58.39.139.200 - - [13/Nov/2021:10:57:35 +0800] "GET /xingrg/javascript/jquery_easy_ui/themes/icons/area.png HTTP/1.1" 304 -
116.235.93.2 - - [13/Nov/2021:10:57:36 +0800] "GET /xingrg/javascript/easyui/themes/default/images/button_plain_hover.png HTTP/1.1" 304 -
116.235.93.2 - - [13/Nov/2021:10:57:40 +0800] "GET /xingrg/javascript/easyui/themes/default/images/button_plain_hover.png HTTP/1.1" 304 -
116.235.93.2 - - [13/Nov/2021:10:57:40 +0800] "GET /xingrg/javascript/easyui/themes/default/images/button_plain_hover.png HTTP/1.1" 304 -
222.69.128.81 - - [13/Nov/2021:10:57:41 +0800] "GET /xingrg/kc/buy/cgsh_order_operate.html?command=get_materiel&rest_code=00149&code=00101009062&supplier_code=00100201&order_time=2021-11-13 HTTP/1.1" 200 434
116.235.93.2 - - [13/Nov/2021:10:57:42 +0800] "POST /xingrg/kc/base/wldb_order_operate.html HTTP/1.1" 200 37
116.235.93.2 - - [13/Nov/2021:10:57:42 +0800] "POST /xingrg/kc/base/wldb_order_operate.html HTTP/1.1" 200 5708
101.85.238.236 - - [13/Nov/2021:10:57:49 +0800] "GET /xingrg/all/function/internal_message.html?_=1636772263673&CODE_STATE=getMsg HTTP/1.1" 200 27
101.85.238.236 - - [13/Nov/2021:10:57:49 +0800] "GET /xingrg/all/function/internal_message.html?_=1636772258588&CODE_STATE=getMsg HTTP/1.1" 200 27
101.85.238.236 - - [13/Nov/2021:10:57:52 +0800] "GET /xingrg/all/function/internal_message.html?_=1636772272838&CODE_STATE=getMsg HTTP/1.1" 200 27
222.69.128.81 - - [13/Nov/2021:10:57:52 +0800] "GET /xingrg/kc/buy/cgsh_order_operate.html?command=get_materiel&rest_code=00149&code=00101009011&supplier_code=00100201&order_time=2021-11-13 HTTP/1.1" 200 416
116.227.210.113 - - [13/Nov/2021:10:57:54 +0800] "GET /xingrg/all/function/internal_message.html?_=1636772255327&CODE_STATE=getMsg HTTP/1.1" 200 27
58.39.139.200 - - [13/Nov/2021:10:57:55 +0800] "GET /xingrg/all/function/internal_message.html?_=1636772273269&CODE_STATE=getMsg HTTP/1.1" 200 27
180.169.147.146 - - [13/Nov/2021:10:57:57 +0800] "GET /xingrg/check_reg.html?_=1636772269608 HTTP/1.1" 302 -
180.169.147.146 - - [13/Nov/2021:10:58:00 +0800] "GET /xingrg/all/function/internal_message.html?_=1636772276630&CODE_STATE=getMsg HTTP/1.1" 200 27
116.232.54.167 - - [13/Nov/2021:10:58:01 +0800] "GET /xingrg/all/function/internal_message.html?_=1636772277668&CODE_STATE=getMsg HTTP/1.1" 200 27
180.169.147.146 - - [13/Nov/2021:10:58:02 +0800] "GET /xingrg/all/function/internal_message.html?_=1636772346156&CODE_STATE=getMsg HTTP/1.1" 200 27
58.39.139.200 - - [13/Nov/2021:10:58:03 +0800] "GET /xingrg/kc/mdqp/pssh_order_list.html HTTP/1.1" 200 17945
58.39.139.200 - - [13/Nov/2021:10:58:03 +0800] "POST /xingrg/kc/mdqp/pssh_list_operate.html HTTP/1.1" 200 5394
222.69.128.81 - - [13/Nov/2021:10:58:03 +0800] "GET /xingrg/kc/buy/cgsh_order_operate.html?command=get_materiel&rest_code=00149&code=00101009016&supplier_code=00100201&order_time=2021-11-13 HTTP/1.1" 200 412
58.39.139.200 - - [13/Nov/2021:10:58:05 +0800] "GET /xingrg/kc/buy/cgsh_order_list.html HTTP/1.1" 200 49004
222.70.176.97 - - [13/Nov/2021:10:58:05 +0800] "GET /xingrg/all/function/internal_message.html?_=1636772278467&CODE_STATE=getMsg HTTP/1.1" 200 27
58.39.139.200 - - [13/Nov/2021:10:58:11 +0800] "POST /xingrg/kc/buy/cgsh_list_operate.html HTTP/1.1" 200 3130
58.39.139.200 - - [13/Nov/2021:10:58:13 +0800] "GET /xingrg/kc/buy/cgsh_order_add.html HTTP/1.1" 200 64827
116.235.93.2 - - [13/Nov/2021:10:58:13 +0800] "GET /xingrg/kc/base/wldb_order_info.html?code=422021111301360 HTTP/1.1" 200 30457
116.235.93.2 - - [13/Nov/2021:10:58:13 +0800] "GET /xingrg/css/base.css HTTP/1.1" 304 -
116.235.93.2 - - [13/Nov/2021:10:58:13 +0800] "GET /xingrg/css/site.css HTTP/1.1" 304 -
116.235.93.2 - - [13/Nov/2021:10:58:13 +0800] "GET /xingrg/javascript/jquery_tools/datebox.css HTTP/1.1" 304 -
116.235.93.2 - - [13/Nov/2021:10:58:13 +0800] "GET /xingrg/javascript/easyui/themes/default/easyui.css HTTP/1.1" 304 -
116.235.93.2 - - [13/Nov/2021:10:58:13 +0800] "GET /xingrg/javascript/auto/jquery.autocomplete.css HTTP/1.1" 304 -
116.235.93.2 - - [13/Nov/2021:10:58:13 +0800] "GET /xingrg/javascript/jquery_tools/fix.css HTTP/1.1" 304 -
116.235.93.2 - - [13/Nov/2021:10:58:13 +0800] "GET /xingrg/javascript/jquery_tools/table.css HTTP/1.1" 304 -
116.235.93.2 - - [13/Nov/2021:10:58:13 +0800] "GET /xingrg/javascript/jquery_tools/jquery.tools.table.js HTTP/1.1" 304 -
116.235.93.2 - - [13/Nov/2021:10:58:13 +0800] "GET /xingrg/javascript/easyui/themes/icon.css HTTP/1.1" 304 -
116.235.93.2 - - [13/Nov/2021:10:58:13 +0800] "GET /xingrg/javascript/jquery_tools/jquery.tools.hotkey.js HTTP/1.1" 304 -
116.235.93.2 - - [13/Nov/2021:10:58:13 +0800] "GET /xingrg/javascript/pic_change.js HTTP/1.1" 304 -
116.235.93.2 - - [13/Nov/2021:10:58:13 +0800] "GET /xingrg/javascript/jquery_tools/jquery.tools.extend.js HTTP/1.1" 304 -
116.235.93.2 - - [13/Nov/2021:10:58:13 +0800] "GET /xingrg/javascript/jquery.utils.js HTTP/1.1" 304 -
116.235.93.2 - - [13/Nov/2021:10:58:13 +0800] "GET /xingrg/javascript/jquery_tools/jquery.tools.min.js HTTP/1.1" 304 -
116.235.93.2 - - [13/Nov/2021:10:58:13 +0800] "GET /xingrg/javascript/convert.js HTTP/1.1" 304 -
116.235.93.2 - - [13/Nov/2021:10:58:13 +0800] "GET /xingrg/javascript/auto/jquery.autocomplete.js HTTP/1.1" 304 -
116.235.93.2 - - [13/Nov/2021:10:58:13 +0800] "GET /xingrg/javascript/json2.js HTTP/1.1" 304 -
116.235.93.2 - - [13/Nov/2021:10:58:13 +0800] "GET /xingrg/javascript/easyui/easyloader.js HTTP/1.1" 304 -
116.235.93.2 - - [13/Nov/2021:10:58:13 +0800] "GET /xingrg/javascript/jquery_tools/order_manager.js HTTP/1.1" 304 -
116.235.93.2 - - [13/Nov/2021:10:58:13 +0800] "GET /xingrg/javascript/print/kc_print.js HTTP/1.1" 304 -
116.235.93.2 - - [13/Nov/2021:10:58:13 +0800] "GET /xingrg/javascript/print/LodopFuncs.js HTTP/1.1" 304 -
58.39.139.200 - - [13/Nov/2021:10:58:13 +0800] "POST /xingrg/kc/buy/cgsh_order_operate.html HTTP/1.1" 200 8245
58.39.139.200 - - [13/Nov/2021:10:58:13 +0800] "GET /xingrg/javascript/easyui/themes/default/validatebox.css HTTP/1.1" 404 1104
116.235.93.2 - - [13/Nov/2021:10:58:15 +0800] "GET /xingrg/words/20211112171753_words.js HTTP/1.1" 304 -
116.235.93.2 - - [13/Nov/2021:10:58:15 +0800] "GET /xingrg/javascript/easyui/plugins/jquery.parser.js HTTP/1.1" 304 -
116.235.93.2 - - [13/Nov/2021:10:58:15 +0800] "GET /xingrg/all/function/internal_message.html?_=1636772770636&CODE_STATE=getMsg HTTP/1.1" 200 27
116.235.93.2 - - [13/Nov/2021:10:58:15 +0800] "GET /xingrg/all/common/auto_word.html?type=base&rest_code=00104 HTTP/1.1" 200 1799
116.235.93.2 - - [13/Nov/2021:10:58:15 +0800] "GET /xingrg/all/common/auto_word.html?type=base&rest_code=00104 HTTP/1.1" 200 1799
116.235.93.2 - - [13/Nov/2021:10:58:16 +0800] "GET /xingrg/javascript/easyui/themes/default/validatebox.css HTTP/1.1" 404 1104
116.235.93.2 - - [13/Nov/2021:10:58:16 +0800] "GET /xingrg/words/20211112171753_words.js HTTP/1.1" 304 -
116.235.93.2 - - [13/Nov/2021:10:58:16 +0800] "GET /xingrg/javascript/easyui/plugins/jquery.validatebox.js HTTP/1.1" 304 -
116.235.93.2 - - [13/Nov/2021:10:58:16 +0800] "GET /xingrg/javascript/easyui/plugins/jquery.numberbox.js HTTP/1.1" 304 -
116.235.93.2 - - [13/Nov/2021:10:58:16 +0800] "POST /xingrg/kc/base/wldb_order_operate.html HTTP/1.1" 200 5708
124.78.153.86 - - [13/Nov/2021:10:58:16 +0800] "GET /xingrg/all/function/internal_message.html?_=1636772290854&CODE_STATE=getMsg HTTP/1.1" 200 27
61.151.207.205 - - [13/Nov/2021:10:58:16 +0800] "GET /xingrg/all/function/internal_message.html?_=1636772230875&CODE_STATE=getMsg HTTP/1.1" 302 -
222.69.128.81 - - [13/Nov/2021:10:58:16 +0800] "GET /xingrg/kc/buy/cgsh_order_operate.html?command=get_materiel&rest_code=00149&code=00101009013&supplier_code=00100201&order_time=2021-11-13 HTTP/1.1" 200 420
61.151.207.205 - - [13/Nov/2021:10:58:17 +0800] "GET /xingrg/login.html HTTP/1.1" 200 7641
58.37.231.44 - - [13/Nov/2021:10:58:17 +0800] "GET /xingrg/all/function/internal_message.html?_=1636772125267&CODE_STATE=getMsg HTTP/1.1" 200 27
58.39.139.200 - - [13/Nov/2021:10:58:25 +0800] "GET /xingrg/kc/buy/cgsh_order_operate.html?command=get_materiel&rest_code=00105&code=00101009109&supplier_code=00100024&order_time=2021-11-13 HTTP/1.1" 200 399
222.70.171.86 - - [13/Nov/2021:10:58:27 +0800] "GET /xingrg/all/function/internal_message.html?_=1636772323501&CODE_STATE=getMsg HTTP/1.1" 200 27
114.85.125.222 - - [13/Nov/2021:10:58:28 +0800] "GET /xingrg/all/function/internal_message.html?_=1636772228107&CODE_STATE=getMsg HTTP/1.1" 200 27
180.157.253.6 - - [13/Nov/2021:10:58:30 +0800] "GET /xingrg/all/function/internal_message.html?_=1636772306133&CODE_STATE=getMsg HTTP/1.1" 200 27
222.69.128.81 - - [13/Nov/2021:10:58:30 +0800] "POST /xingrg/kc/buy/cgsh_order_operate.html HTTP/1.1" 200 37
116.238.248.233 - - [13/Nov/2021:10:58:34 +0800] "GET /xingrg/all/function/internal_message.html?_=1636772310292&CODE_STATE=getMsg HTTP/1.1" 200 27
116.238.248.233 - - [13/Nov/2021:10:58:34 +0800] "GET /xingrg/check_reg.html?_=1636772310295 HTTP/1.1" 200 22
58.39.139.200 - - [13/Nov/2021:10:58:36 +0800] "GET /xingrg/kc/buy/cgsh_order_operate.html?command=get_materiel&rest_code=00105&code=00101009062&supplier_code=00100024&order_time=2021-11-13 HTTP/1.1" 200 434
222.69.128.81 - - [13/Nov/2021:10:58:38 +0800] "POST /xingrg/kc/buy/cgsh_order_operate.html HTTP/1.1" 200 12
101.85.238.236 - - [13/Nov/2021:10:58:39 +0800] "GET /xingrg/check_reg.html?_=1636772308259 HTTP/1.1" 200 22
222.69.128.81 - - [13/Nov/2021:10:58:39 +0800] "GET /xingrg/kc/buy/cgsh_order_info.html?code=212021111305379 HTTP/1.1" 200 59742
222.69.128.81 - - [13/Nov/2021:10:58:40 +0800] "GET /xingrg/javascript/easyui/themes/default/validatebox.css HTTP/1.1" 404 1104
222.69.128.81 - - [13/Nov/2021:10:58:40 +0800] "POST /xingrg/kc/buy/cgsh_order_operate.html HTTP/1.1" 200 2986
222.69.128.81 - - [13/Nov/2021:10:58:44 +0800] "GET /xingrg/kc/print/load_data.html?order_code=212021111305379&kc_code=cgsh&condition= HTTP/1.1" 200 1625
58.39.139.200 - - [13/Nov/2021:10:58:44 +0800] "GET /xingrg/kc/buy/cgsh_order_operate.html?command=get_materiel&rest_code=00105&code=00101009011&supplier_code=00100024&order_time=2021-11-13 HTTP/1.1" 200 416
101.85.238.236 - - [13/Nov/2021:10:58:49 +0800] "GET /xingrg/all/function/internal_message.html?_=1636772323668&CODE_STATE=getMsg HTTP/1.1" 200 27
101.85.238.236 - - [13/Nov/2021:10:58:49 +0800] "GET /xingrg/check_reg.html?_=1636772323666 HTTP/1.1" 200 22
101.85.238.236 - - [13/Nov/2021:10:58:49 +0800] "GET /xingrg/all/function/internal_message.html?_=1636772318602&CODE_STATE=getMsg HTTP/1.1" 200 27
101.85.238.236 - - [13/Nov/2021:10:58:52 +0800] "GET /xingrg/check_reg.html?_=1636772332840 HTTP/1.1" 200 22
101.85.238.236 - - [13/Nov/2021:10:58:52 +0800] "GET /xingrg/all/function/internal_message.html?_=1636772332844&CODE_STATE=getMsg HTTP/1.1" 200 27
58.39.139.200 - - [13/Nov/2021:10:58:52 +0800] "GET /xingrg/kc/buy/cgsh_order_operate.html?command=get_materiel&rest_code=00105&code=00101009010&supplier_code=00100024&order_time=2021-11-13 HTTP/1.1" 200 434
116.235.93.2 - - [13/Nov/2021:10:58:53 +0800] "GET /xingrg/javascript/easyui/themes/default/images/button_plain_hover.png HTTP/1.1" 304 -
116.227.210.113 - - [13/Nov/2021:10:58:54 +0800] "GET /xingrg/check_reg.html?_=1636772315302 HTTP/1.1" 200 22
116.227.210.113 - - [13/Nov/2021:10:58:54 +0800] "GET /xingrg/all/function/internal_message.html?_=1636772315305&CODE_STATE=getMsg HTTP/1.1" 200 27
58.39.139.200 - - [13/Nov/2021:10:58:55 +0800] "GET /xingrg/all/function/internal_message.html?_=1636772333256&CODE_STATE=getMsg HTTP/1.1" 200 27
