180.169.147.146 - - [13/Nov/2021:08:09:02 +0800] "GET /xingrg/all/function/internal_message.html?_=1636762205923&CODE_STATE=getMsg HTTP/1.1" 200 27
222.70.171.86 - - [13/Nov/2021:08:09:08 +0800] "GET /xingrg/check_reg.html?_=1636762164857 HTTP/1.1" 200 22
116.238.248.233 - - [13/Nov/2021:08:09:09 +0800] "GET /xingrg/all/function/internal_message.html?_=1636762145435&CODE_STATE=getMsg HTTP/1.1" 200 27
222.70.171.86 - - [13/Nov/2021:08:09:24 +0800] "GET /xingrg/all/function/internal_message.html?_=1636762180144&CODE_STATE=getMsg HTTP/1.1" 200 27
114.85.125.222 - - [13/Nov/2021:08:09:24 +0800] "GET /xingrg/all/function/internal_message.html?_=1636762083921&CODE_STATE=getMsg HTTP/1.1" 200 27
222.70.176.97 - - [13/Nov/2021:08:09:31 +0800] "GET /xingrg/all/function/internal_message.html?_=1636762164586&CODE_STATE=getMsg HTTP/1.1" 200 27
116.227.210.113 - - [13/Nov/2021:08:09:44 +0800] "GET /xingrg/all/function/internal_message.html?_=1636762165754&CODE_STATE=getMsg HTTP/1.1" 200 27
120.253.135.82 - - [13/Nov/2021:08:09:48 +0800] "GET /xingrg/check_reg.html?_=1636761957258 HTTP/1.1" 200 22
120.253.135.82 - - [13/Nov/2021:08:09:52 +0800] "GET /xingrg/all/function/internal_message.html?_=1636761960690&CODE_STATE=getMsg HTTP/1.1" 200 27
180.169.147.146 - - [13/Nov/2021:08:10:02 +0800] "GET /xingrg/all/function/internal_message.html?_=1636762265922&CODE_STATE=getMsg HTTP/1.1" 200 27
116.238.248.233 - - [13/Nov/2021:08:10:09 +0800] "GET /xingrg/all/function/internal_message.html?_=1636762205419&CODE_STATE=getMsg HTTP/1.1" 200 27
222.70.171.86 - - [13/Nov/2021:08:10:24 +0800] "GET /xingrg/all/function/internal_message.html?_=1636762240159&CODE_STATE=getMsg HTTP/1.1" 200 27
114.85.125.222 - - [13/Nov/2021:08:10:24 +0800] "GET /xingrg/all/function/internal_message.html?_=1636762143959&CODE_STATE=getMsg HTTP/1.1" 200 27
222.70.176.97 - - [13/Nov/2021:08:10:31 +0800] "GET /xingrg/check_reg.html?_=1636762224087 HTTP/1.1" 200 22
222.70.176.97 - - [13/Nov/2021:08:10:31 +0800] "GET /xingrg/all/function/internal_message.html?_=1636762224558&CODE_STATE=getMsg HTTP/1.1" 200 27
114.85.125.222 - - [13/Nov/2021:08:10:35 +0800] "GET /xingrg/check_reg.html?_=1636762154456 HTTP/1.1" 200 22
116.227.210.113 - - [13/Nov/2021:08:10:44 +0800] "GET /xingrg/all/function/internal_message.html?_=1636762225725&CODE_STATE=getMsg HTTP/1.1" 200 27
120.253.135.82 - - [13/Nov/2021:08:10:52 +0800] "GET /xingrg/all/function/internal_message.html?_=1636762020743&CODE_STATE=getMsg HTTP/1.1" 200 27
180.169.147.146 - - [13/Nov/2021:08:11:02 +0800] "GET /xingrg/check_reg.html?_=1636762325923 HTTP/1.1" 200 22
180.169.147.146 - - [13/Nov/2021:08:11:02 +0800] "GET /xingrg/all/function/internal_message.html?_=1636762325927&CODE_STATE=getMsg HTTP/1.1" 200 27
116.238.248.233 - - [13/Nov/2021:08:11:09 +0800] "GET /xingrg/all/function/internal_message.html?_=1636762265414&CODE_STATE=getMsg HTTP/1.1" 200 27
222.70.171.86 - - [13/Nov/2021:08:11:24 +0800] "GET /xingrg/all/function/internal_message.html?_=1636762300174&CODE_STATE=getMsg HTTP/1.1" 200 27
114.85.125.222 - - [13/Nov/2021:08:11:24 +0800] "GET /xingrg/all/function/internal_message.html?_=1636762203964&CODE_STATE=getMsg HTTP/1.1" 200 27
120.253.135.82 - - [13/Nov/2021:08:11:28 +0800] "POST /xingrg/kc/base/stock_operate.html HTTP/1.1" 200 1476
222.70.176.97 - - [13/Nov/2021:08:11:31 +0800] "GET /xingrg/all/function/internal_message.html?_=1636762284542&CODE_STATE=getMsg HTTP/1.1" 200 27
116.227.210.113 - - [13/Nov/2021:08:11:44 +0800] "GET /xingrg/all/function/internal_message.html?_=1636762285701&CODE_STATE=getMsg HTTP/1.1" 200 27
120.253.135.82 - - [13/Nov/2021:08:11:52 +0800] "GET /xingrg/all/function/internal_message.html?_=1636762080749&CODE_STATE=getMsg HTTP/1.1" 200 27
180.169.147.146 - - [13/Nov/2021:08:12:02 +0800] "GET /xingrg/all/function/internal_message.html?_=1636762385928&CODE_STATE=getMsg HTTP/1.1" 200 27
120.253.135.82 - - [13/Nov/2021:08:12:07 +0800] "POST /xingrg/kc/base/stock_operate.html HTTP/1.1" 200 1472
116.238.248.233 - - [13/Nov/2021:08:12:09 +0800] "GET /xingrg/all/function/internal_message.html?_=1636762325403&CODE_STATE=getMsg HTTP/1.1" 200 27
222.70.171.86 - - [13/Nov/2021:08:12:24 +0800] "GET /xingrg/all/function/internal_message.html?_=1636762360186&CODE_STATE=getMsg HTTP/1.1" 200 27
114.85.125.222 - - [13/Nov/2021:08:12:24 +0800] "GET /xingrg/all/function/internal_message.html?_=1636762263977&CODE_STATE=getMsg HTTP/1.1" 200 27
222.70.176.97 - - [13/Nov/2021:08:12:31 +0800] "GET /xingrg/all/function/internal_message.html?_=1636762344525&CODE_STATE=getMsg HTTP/1.1" 200 27
116.227.210.113 - - [13/Nov/2021:08:12:44 +0800] "GET /xingrg/all/function/internal_message.html?_=1636762345682&CODE_STATE=getMsg HTTP/1.1" 200 27
120.253.135.82 - - [13/Nov/2021:08:12:52 +0800] "GET /xingrg/all/function/internal_message.html?_=1636762140762&CODE_STATE=getMsg HTTP/1.1" 200 27
116.227.210.113 - - [13/Nov/2021:08:12:59 +0800] "GET /xingrg/check_reg.html?_=1636762360686 HTTP/1.1" 200 22
180.169.147.146 - - [13/Nov/2021:08:13:02 +0800] "GET /xingrg/all/function/internal_message.html?_=1636762445916&CODE_STATE=getMsg HTTP/1.1" 200 27
116.238.248.233 - - [13/Nov/2021:08:13:09 +0800] "GET /xingrg/all/function/internal_message.html?_=1636762385390&CODE_STATE=getMsg HTTP/1.1" 200 27
222.70.171.86 - - [13/Nov/2021:08:13:24 +0800] "GET /xingrg/all/function/internal_message.html?_=1636762420202&CODE_STATE=getMsg HTTP/1.1" 200 27
114.85.125.222 - - [13/Nov/2021:08:13:24 +0800] "GET /xingrg/all/function/internal_message.html?_=1636762324025&CODE_STATE=getMsg HTTP/1.1" 200 27
116.238.248.233 - - [13/Nov/2021:08:13:28 +0800] "GET /xingrg/check_reg.html?_=1636762404595 HTTP/1.1" 200 22
222.70.176.97 - - [13/Nov/2021:08:13:31 +0800] "GET /xingrg/all/function/internal_message.html?_=1636762404508&CODE_STATE=getMsg HTTP/1.1" 200 27
116.227.210.113 - - [13/Nov/2021:08:13:44 +0800] "GET /xingrg/all/function/internal_message.html?_=1636762405661&CODE_STATE=getMsg HTTP/1.1" 200 27
120.253.135.82 - - [13/Nov/2021:08:13:52 +0800] "GET /xingrg/all/function/internal_message.html?_=1636762200776&CODE_STATE=getMsg HTTP/1.1" 200 27
180.169.147.146 - - [13/Nov/2021:08:14:02 +0800] "GET /xingrg/all/function/internal_message.html?_=1636762505918&CODE_STATE=getMsg HTTP/1.1" 200 27
222.70.171.86 - - [13/Nov/2021:08:14:08 +0800] "GET /xingrg/check_reg.html?_=1636762464863 HTTP/1.1" 200 22
116.238.248.233 - - [13/Nov/2021:08:14:09 +0800] "GET /xingrg/all/function/internal_message.html?_=1636762445381&CODE_STATE=getMsg HTTP/1.1" 200 27
222.70.171.86 - - [13/Nov/2021:08:14:24 +0800] "GET /xingrg/all/function/internal_message.html?_=1636762480212&CODE_STATE=getMsg HTTP/1.1" 200 27
114.85.125.222 - - [13/Nov/2021:08:14:24 +0800] "GET /xingrg/all/function/internal_message.html?_=1636762384035&CODE_STATE=getMsg HTTP/1.1" 200 27
222.70.176.97 - - [13/Nov/2021:08:14:31 +0800] "GET /xingrg/all/function/internal_message.html?_=1636762464491&CODE_STATE=getMsg HTTP/1.1" 200 27
116.227.210.113 - - [13/Nov/2021:08:14:44 +0800] "GET /xingrg/all/function/internal_message.html?_=1636762465644&CODE_STATE=getMsg HTTP/1.1" 200 27
120.253.135.82 - - [13/Nov/2021:08:14:48 +0800] "GET /xingrg/check_reg.html?_=1636762257300 HTTP/1.1" 200 22
120.253.135.82 - - [13/Nov/2021:08:14:52 +0800] "GET /xingrg/all/function/internal_message.html?_=1636762260790&CODE_STATE=getMsg HTTP/1.1" 200 27
180.169.147.146 - - [13/Nov/2021:08:15:02 +0800] "GET /xingrg/all/function/internal_message.html?_=1636762565920&CODE_STATE=getMsg HTTP/1.1" 200 27
116.238.248.233 - - [13/Nov/2021:08:15:09 +0800] "GET /xingrg/all/function/internal_message.html?_=1636762505365&CODE_STATE=getMsg HTTP/1.1" 200 27
120.253.135.82 - - [13/Nov/2021:08:15:21 +0800] "POST /xingrg/kc/base/stock_operate.html HTTP/1.1" 200 1738
222.70.171.86 - - [13/Nov/2021:08:15:24 +0800] "GET /xingrg/all/function/internal_message.html?_=1636762540226&CODE_STATE=getMsg HTTP/1.1" 200 27
114.85.125.222 - - [13/Nov/2021:08:15:24 +0800] "GET /xingrg/all/function/internal_message.html?_=1636762444082&CODE_STATE=getMsg HTTP/1.1" 200 27
222.70.176.97 - - [13/Nov/2021:08:15:31 +0800] "GET /xingrg/check_reg.html?_=1636762524083 HTTP/1.1" 200 22
222.70.176.97 - - [13/Nov/2021:08:15:31 +0800] "GET /xingrg/all/function/internal_message.html?_=1636762524461&CODE_STATE=getMsg HTTP/1.1" 200 27
114.85.125.222 - - [13/Nov/2021:08:15:35 +0800] "GET /xingrg/check_reg.html?_=1636762454459 HTTP/1.1" 200 22
116.227.210.113 - - [13/Nov/2021:08:15:44 +0800] "GET /xingrg/all/function/internal_message.html?_=1636762525628&CODE_STATE=getMsg HTTP/1.1" 200 27
120.253.135.82 - - [13/Nov/2021:08:15:46 +0800] "POST /xingrg/kc/base/stock_operate.html HTTP/1.1" 200 1488
120.253.135.82 - - [13/Nov/2021:08:15:52 +0800] "GET /xingrg/all/function/internal_message.html?_=1636762320802&CODE_STATE=getMsg HTTP/1.1" 200 27
180.169.147.146 - - [13/Nov/2021:08:16:02 +0800] "GET /xingrg/all/function/internal_message.html?_=1636762625921&CODE_STATE=getMsg HTTP/1.1" 200 27
180.169.147.146 - - [13/Nov/2021:08:16:02 +0800] "GET /xingrg/check_reg.html?_=1636762625925 HTTP/1.1" 200 22
116.238.248.233 - - [13/Nov/2021:08:16:09 +0800] "GET /xingrg/all/function/internal_message.html?_=1636762565349&CODE_STATE=getMsg HTTP/1.1" 200 27
120.253.135.82 - - [13/Nov/2021:08:16:23 +0800] "POST /xingrg/kc/base/stock_operate.html HTTP/1.1" 200 1465
222.70.171.86 - - [13/Nov/2021:08:16:24 +0800] "GET /xingrg/all/function/internal_message.html?_=1636762600243&CODE_STATE=getMsg HTTP/1.1" 200 27
114.85.125.222 - - [13/Nov/2021:08:16:24 +0800] "GET /xingrg/all/function/internal_message.html?_=1636762504094&CODE_STATE=getMsg HTTP/1.1" 200 27
222.70.176.97 - - [13/Nov/2021:08:16:31 +0800] "GET /xingrg/all/function/internal_message.html?_=1636762584444&CODE_STATE=getMsg HTTP/1.1" 200 27
116.227.210.113 - - [13/Nov/2021:08:16:44 +0800] "GET /xingrg/all/function/internal_message.html?_=1636762585610&CODE_STATE=getMsg HTTP/1.1" 200 27
120.253.135.82 - - [13/Nov/2021:08:16:48 +0800] "POST /xingrg/kc/base/stock_operate.html HTTP/1.1" 200 1731
120.253.135.82 - - [13/Nov/2021:08:16:52 +0800] "GET /xingrg/all/function/internal_message.html?_=1636762380817&CODE_STATE=getMsg HTTP/1.1" 200 27
180.169.147.146 - - [13/Nov/2021:08:17:02 +0800] "GET /xingrg/all/function/internal_message.html?_=1636762685926&CODE_STATE=getMsg HTTP/1.1" 200 27
116.238.248.233 - - [13/Nov/2021:08:17:09 +0800] "GET /xingrg/all/function/internal_message.html?_=1636762625333&CODE_STATE=getMsg HTTP/1.1" 200 27
222.70.171.86 - - [13/Nov/2021:08:17:24 +0800] "GET /xingrg/all/function/internal_message.html?_=1636762660253&CODE_STATE=getMsg HTTP/1.1" 200 27
114.85.125.222 - - [13/Nov/2021:08:17:24 +0800] "GET /xingrg/all/function/internal_message.html?_=1636762564107&CODE_STATE=getMsg HTTP/1.1" 200 27
222.70.176.97 - - [13/Nov/2021:08:17:31 +0800] "GET /xingrg/all/function/internal_message.html?_=1636762644427&CODE_STATE=getMsg HTTP/1.1" 200 27
116.227.210.113 - - [13/Nov/2021:08:17:44 +0800] "GET /xingrg/all/function/internal_message.html?_=1636762645600&CODE_STATE=getMsg HTTP/1.1" 200 27
120.253.135.82 - - [13/Nov/2021:08:17:52 +0800] "GET /xingrg/all/function/internal_message.html?_=1636762440830&CODE_STATE=getMsg HTTP/1.1" 200 27
120.253.135.82 - - [13/Nov/2021:08:17:57 +0800] "GET /xingrg/kc/pszx/mdqp_order_list.html?state=10 HTTP/1.1" 200 10217
120.253.135.82 - - [13/Nov/2021:08:17:57 +0800] "GET /xingrg/dwr/interface/AjaxReportQueryService.js HTTP/1.1" 200 13203
120.253.135.82 - - [13/Nov/2021:08:17:57 +0800] "GET /xingrg/dwr/interface/AjaxQqpsService.js HTTP/1.1" 200 16326
120.253.135.82 - - [13/Nov/2021:08:17:58 +0800] "GET /xingrg/dwr/engine.js HTTP/1.1" 200 43631
116.227.210.113 - - [13/Nov/2021:08:17:59 +0800] "GET /xingrg/check_reg.html?_=1636762660701 HTTP/1.1" 200 22
180.169.147.146 - - [13/Nov/2021:08:18:02 +0800] "GET /xingrg/all/function/internal_message.html?_=1636762745927&CODE_STATE=getMsg HTTP/1.1" 200 27
116.238.248.233 - - [13/Nov/2021:08:18:09 +0800] "GET /xingrg/all/function/internal_message.html?_=1636762685317&CODE_STATE=getMsg HTTP/1.1" 200 27
222.70.171.86 - - [13/Nov/2021:08:18:24 +0800] "GET /xingrg/all/function/internal_message.html?_=1636762720268&CODE_STATE=getMsg HTTP/1.1" 200 27
114.85.125.222 - - [13/Nov/2021:08:18:24 +0800] "GET /xingrg/all/function/internal_message.html?_=1636762624151&CODE_STATE=getMsg HTTP/1.1" 200 27
116.238.248.233 - - [13/Nov/2021:08:18:28 +0800] "GET /xingrg/check_reg.html?_=1636762704601 HTTP/1.1" 200 22
222.70.176.97 - - [13/Nov/2021:08:18:31 +0800] "GET /xingrg/all/function/internal_message.html?_=1636762704410&CODE_STATE=getMsg HTTP/1.1" 200 27
116.227.210.113 - - [13/Nov/2021:08:18:44 +0800] "GET /xingrg/all/function/internal_message.html?_=1636762705586&CODE_STATE=getMsg HTTP/1.1" 200 27
120.253.135.82 - - [13/Nov/2021:08:18:52 +0800] "GET /xingrg/all/function/internal_message.html?_=1636762500890&CODE_STATE=getMsg HTTP/1.1" 200 27
180.169.147.146 - - [13/Nov/2021:08:19:02 +0800] "GET /xingrg/all/function/internal_message.html?_=1636762805914&CODE_STATE=getMsg HTTP/1.1" 200 27
222.70.171.86 - - [13/Nov/2021:08:19:08 +0800] "GET /xingrg/check_reg.html?_=1636762764871 HTTP/1.1" 200 22
116.238.248.233 - - [13/Nov/2021:08:19:09 +0800] "GET /xingrg/all/function/internal_message.html?_=1636762745322&CODE_STATE=getMsg HTTP/1.1" 200 27
222.70.171.86 - - [13/Nov/2021:08:19:24 +0800] "GET /xingrg/all/function/internal_message.html?_=1636762780281&CODE_STATE=getMsg HTTP/1.1" 200 27
114.85.125.222 - - [13/Nov/2021:08:19:24 +0800] "GET /xingrg/all/function/internal_message.html?_=1636762684166&CODE_STATE=getMsg HTTP/1.1" 200 27
222.70.176.97 - - [13/Nov/2021:08:19:31 +0800] "GET /xingrg/all/function/internal_message.html?_=1636762764394&CODE_STATE=getMsg HTTP/1.1" 200 27
116.227.210.113 - - [13/Nov/2021:08:19:44 +0800] "GET /xingrg/all/function/internal_message.html?_=1636762765566&CODE_STATE=getMsg HTTP/1.1" 200 27
120.253.135.82 - - [13/Nov/2021:08:19:48 +0800] "GET /xingrg/check_reg.html?_=1636762557303 HTTP/1.1" 200 22
120.253.135.82 - - [13/Nov/2021:08:19:52 +0800] "GET /xingrg/all/function/internal_message.html?_=1636762560951&CODE_STATE=getMsg HTTP/1.1" 200 27
180.169.147.146 - - [13/Nov/2021:08:20:02 +0800] "GET /xingrg/all/function/internal_message.html?_=1636762865942&CODE_STATE=getMsg HTTP/1.1" 200 27
116.238.248.233 - - [13/Nov/2021:08:20:09 +0800] "GET /xingrg/all/function/internal_message.html?_=1636762805307&CODE_STATE=getMsg HTTP/1.1" 200 27
222.70.171.86 - - [13/Nov/2021:08:20:24 +0800] "GET /xingrg/all/function/internal_message.html?_=1636762840295&CODE_STATE=getMsg HTTP/1.1" 200 27
114.85.125.222 - - [13/Nov/2021:08:20:24 +0800] "GET /xingrg/all/function/internal_message.html?_=1636762744211&CODE_STATE=getMsg HTTP/1.1" 200 27
222.70.176.97 - - [13/Nov/2021:08:20:31 +0800] "GET /xingrg/check_reg.html?_=1636762824080 HTTP/1.1" 200 22
222.70.176.97 - - [13/Nov/2021:08:20:31 +0800] "GET /xingrg/all/function/internal_message.html?_=1636762824376&CODE_STATE=getMsg HTTP/1.1" 200 27
114.85.125.222 - - [13/Nov/2021:08:20:35 +0800] "GET /xingrg/check_reg.html?_=1636762754460 HTTP/1.1" 200 22
116.227.210.113 - - [13/Nov/2021:08:20:44 +0800] "GET /xingrg/all/function/internal_message.html?_=1636762825542&CODE_STATE=getMsg HTTP/1.1" 200 27
120.253.135.82 - - [13/Nov/2021:08:20:52 +0800] "GET /xingrg/all/function/internal_message.html?_=1636762620965&CODE_STATE=getMsg HTTP/1.1" 200 27
180.169.147.146 - - [13/Nov/2021:08:21:02 +0800] "GET /xingrg/all/function/internal_message.html?_=1636762925942&CODE_STATE=getMsg HTTP/1.1" 200 27
180.169.147.146 - - [13/Nov/2021:08:21:02 +0800] "GET /xingrg/check_reg.html?_=1636762925946 HTTP/1.1" 200 22
116.238.248.233 - - [13/Nov/2021:08:21:09 +0800] "GET /xingrg/all/function/internal_message.html?_=1636762865291&CODE_STATE=getMsg HTTP/1.1" 200 27
120.253.135.82 - - [13/Nov/2021:08:21:20 +0800] "GET /xingrg/kc/buy/cgsh_order_list.html HTTP/1.1" 200 49004
120.253.135.82 - - [13/Nov/2021:08:21:21 +0800] "POST /xingrg/kc/buy/cgsh_list_operate.html HTTP/1.1" 200 876
120.253.135.82 - - [13/Nov/2021:08:21:23 +0800] "GET /xingrg/kc/buy/cgsh_order_add.html HTTP/1.1" 200 63803
120.253.135.82 - - [13/Nov/2021:08:21:23 +0800] "GET /xingrg/javascript/easyui/themes/icons/template_new.png HTTP/1.1" 304 -
120.253.135.82 - - [13/Nov/2021:08:21:23 +0800] "POST /xingrg/kc/buy/cgsh_order_operate.html HTTP/1.1" 200 8245
120.253.135.82 - - [13/Nov/2021:08:21:23 +0800] "GET /xingrg/all/common/auto_word.html?type=employee&rest_code=00101 HTTP/1.1" 200 1173
120.253.135.82 - - [13/Nov/2021:08:21:23 +0800] "GET /xingrg/all/common/auto_word.html?type=employee&rest_code=00101 HTTP/1.1" 200 1173
120.253.135.82 - - [13/Nov/2021:08:21:23 +0800] "GET /xingrg/javascript/easyui/themes/default/validatebox.css HTTP/1.1" 404 1104
222.70.171.86 - - [13/Nov/2021:08:21:24 +0800] "GET /xingrg/all/function/internal_message.html?_=1636762900312&CODE_STATE=getMsg HTTP/1.1" 200 27
114.85.125.222 - - [13/Nov/2021:08:21:24 +0800] "GET /xingrg/all/function/internal_message.html?_=1636762804224&CODE_STATE=getMsg HTTP/1.1" 200 27
222.70.176.97 - - [13/Nov/2021:08:21:31 +0800] "GET /xingrg/all/function/internal_message.html?_=1636762884359&CODE_STATE=getMsg HTTP/1.1" 200 27
120.253.135.82 - - [13/Nov/2021:08:21:40 +0800] "POST /xingrg/all/common/load_combo.html?type=employee HTTP/1.1" 200 2101
116.227.210.113 - - [13/Nov/2021:08:21:44 +0800] "GET /xingrg/all/function/internal_message.html?_=1636762885524&CODE_STATE=getMsg HTTP/1.1" 200 27
120.253.135.82 - - [13/Nov/2021:08:21:52 +0800] "GET /xingrg/all/function/internal_message.html?_=1636762680978&CODE_STATE=getMsg HTTP/1.1" 200 27
120.253.135.82 - - [13/Nov/2021:08:21:54 +0800] "GET /xingrg/kc/buy/cgsh_order_operate.html?command=get_materiel&rest_code=00101&code=00101014075&supplier_code=00100215&order_time=2021-11-13 HTTP/1.1" 200 451
180.169.147.146 - - [13/Nov/2021:08:22:02 +0800] "GET /xingrg/all/function/internal_message.html?_=1636762985947&CODE_STATE=getMsg HTTP/1.1" 200 27
116.238.248.233 - - [13/Nov/2021:08:22:09 +0800] "GET /xingrg/all/function/internal_message.html?_=1636762925281&CODE_STATE=getMsg HTTP/1.1" 200 27
120.253.135.82 - - [13/Nov/2021:08:22:10 +0800] "POST /xingrg/kc/buy/cgsh_order_operate.html HTTP/1.1" 200 37
120.253.135.82 - - [13/Nov/2021:08:22:12 +0800] "POST /xingrg/kc/buy/cgsh_order_operate.html HTTP/1.1" 200 2683
120.253.135.82 - - [13/Nov/2021:08:22:15 +0800] "GET /xingrg/kc/print/load_config.html?kc_code=cgsh HTTP/1.1" 200 2281
120.253.135.82 - - [13/Nov/2021:08:22:15 +0800] "GET /xingrg/kc/print/load_data.html?order_code=212021111305309&kc_code=cgsh&condition= HTTP/1.1" 200 697
222.70.171.86 - - [13/Nov/2021:08:22:24 +0800] "GET /xingrg/all/function/internal_message.html?_=1636762960322&CODE_STATE=getMsg HTTP/1.1" 200 27
114.85.125.222 - - [13/Nov/2021:08:22:24 +0800] "GET /xingrg/all/function/internal_message.html?_=1636762864239&CODE_STATE=getMsg HTTP/1.1" 200 27
222.70.176.97 - - [13/Nov/2021:08:22:31 +0800] "GET /xingrg/all/function/internal_message.html?_=1636762944342&CODE_STATE=getMsg HTTP/1.1" 200 27
116.227.210.113 - - [13/Nov/2021:08:22:37 +0800] "GET /xingrg/kc/mdqp/qqps_order_list.html HTTP/1.1" 200 9222
116.227.210.113 - - [13/Nov/2021:08:22:37 +0800] "GET /xingrg/dwr/interface/AjaxQqpsService.js HTTP/1.1" 200 16326
116.227.210.113 - - [13/Nov/2021:08:22:37 +0800] "GET /xingrg/dwr/interface/AjaxReportQueryService.js HTTP/1.1" 200 13203
116.227.210.113 - - [13/Nov/2021:08:22:37 +0800] "GET /xingrg/dwr/engine.js HTTP/1.1" 200 43631
116.227.210.113 - - [13/Nov/2021:08:22:38 +0800] "GET /xingrg/kc/mdqp/qqps_order_list.html HTTP/1.1" 200 9222
116.227.210.113 - - [13/Nov/2021:08:22:38 +0800] "GET /xingrg/dwr/interface/AjaxQqpsService.js HTTP/1.1" 200 16326
116.227.210.113 - - [13/Nov/2021:08:22:38 +0800] "GET /xingrg/dwr/interface/AjaxReportQueryService.js HTTP/1.1" 200 13203
116.227.210.113 - - [13/Nov/2021:08:22:39 +0800] "GET /xingrg/dwr/engine.js HTTP/1.1" 200 43631
116.227.210.113 - - [13/Nov/2021:08:22:44 +0800] "GET /xingrg/all/function/internal_message.html?_=1636762945515&CODE_STATE=getMsg HTTP/1.1" 200 27
120.253.135.82 - - [13/Nov/2021:08:22:52 +0800] "GET /xingrg/all/function/internal_message.html?_=1636762741043&CODE_STATE=getMsg HTTP/1.1" 200 27
116.227.210.113 - - [13/Nov/2021:08:22:59 +0800] "GET /xingrg/check_reg.html?_=1636762960695 HTTP/1.1" 200 22
180.169.147.146 - - [13/Nov/2021:08:23:02 +0800] "GET /xingrg/all/function/internal_message.html?_=1636763045948&CODE_STATE=getMsg HTTP/1.1" 200 27
116.238.248.233 - - [13/Nov/2021:08:23:08 +0800] "GET /xingrg/all/function/internal_message.html?_=1636762985265&CODE_STATE=getMsg HTTP/1.1" 200 27
222.70.171.86 - - [13/Nov/2021:08:23:24 +0800] "GET /xingrg/all/function/internal_message.html?_=1636763020335&CODE_STATE=getMsg HTTP/1.1" 200 27
114.85.125.222 - - [13/Nov/2021:08:23:24 +0800] "GET /xingrg/all/function/internal_message.html?_=1636762924288&CODE_STATE=getMsg HTTP/1.1" 200 27
116.238.248.233 - - [13/Nov/2021:08:23:28 +0800] "GET /xingrg/check_reg.html?_=1636763004625 HTTP/1.1" 200 22
222.70.176.97 - - [13/Nov/2021:08:23:31 +0800] "GET /xingrg/all/function/internal_message.html?_=1636763004324&CODE_STATE=getMsg HTTP/1.1" 200 27
116.227.210.113 - - [13/Nov/2021:08:23:44 +0800] "GET /xingrg/all/function/internal_message.html?_=1636763005495&CODE_STATE=getMsg HTTP/1.1" 200 27
120.253.135.82 - - [13/Nov/2021:08:23:52 +0800] "POST /xingrg/kc/buy/cgsh_order_operate.html HTTP/1.1" 200 37
120.253.135.82 - - [13/Nov/2021:08:23:55 +0800] "POST /xingrg/kc/buy/cgsh_order_operate.html HTTP/1.1" 200 12
120.253.135.82 - - [13/Nov/2021:08:23:57 +0800] "GET /xingrg/kc/buy/cgsh_order_info.html?code=212021111305309 HTTP/1.1" 200 58714
120.253.135.82 - - [13/Nov/2021:08:23:58 +0800] "GET /xingrg/javascript/easyui/themes/default/validatebox.css HTTP/1.1" 404 1104
120.253.135.82 - - [13/Nov/2021:08:23:58 +0800] "GET /xingrg/all/function/internal_message.html?_=1636762806746&CODE_STATE=getMsg HTTP/1.1" 200 27
120.253.135.82 - - [13/Nov/2021:08:23:58 +0800] "POST /xingrg/kc/buy/cgsh_order_operate.html HTTP/1.1" 200 633
180.169.147.146 - - [13/Nov/2021:08:24:02 +0800] "GET /xingrg/all/function/internal_message.html?_=1636763105948&CODE_STATE=getMsg HTTP/1.1" 200 27
222.70.171.86 - - [13/Nov/2021:08:24:08 +0800] "GET /xingrg/check_reg.html?_=1636763064873 HTTP/1.1" 200 22
116.238.248.233 - - [13/Nov/2021:08:24:08 +0800] "GET /xingrg/all/function/internal_message.html?_=1636763045256&CODE_STATE=getMsg HTTP/1.1" 200 27
120.253.135.82 - - [13/Nov/2021:08:24:12 +0800] "POST /xingrg/kc/buy/cgsh_list_operate.html HTTP/1.1" 200 876
120.253.135.82 - - [13/Nov/2021:08:24:12 +0800] "POST /xingrg/kc/buy/cgsh_list_operate.html HTTP/1.1" 200 876
120.253.135.82 - - [13/Nov/2021:08:24:13 +0800] "GET /xingrg/kc/buy/cgsh_order_add.html HTTP/1.1" 200 63803
120.253.135.82 - - [13/Nov/2021:08:24:13 +0800] "POST /xingrg/kc/buy/cgsh_order_operate.html HTTP/1.1" 200 8245
120.253.135.82 - - [13/Nov/2021:08:24:14 +0800] "GET /xingrg/javascript/easyui/themes/default/validatebox.css HTTP/1.1" 404 1104
120.253.135.82 - - [13/Nov/2021:08:24:20 +0800] "POST /xingrg/all/common/load_combo.html?type=employee HTTP/1.1" 200 2101
222.70.171.86 - - [13/Nov/2021:08:24:24 +0800] "GET /xingrg/all/function/internal_message.html?_=1636763080349&CODE_STATE=getMsg HTTP/1.1" 200 27
114.85.125.222 - - [13/Nov/2021:08:24:24 +0800] "GET /xingrg/all/function/internal_message.html?_=1636762984296&CODE_STATE=getMsg HTTP/1.1" 200 27
222.70.176.97 - - [13/Nov/2021:08:24:31 +0800] "GET /xingrg/all/function/internal_message.html?_=1636763064308&CODE_STATE=getMsg HTTP/1.1" 200 27
120.253.135.82 - - [13/Nov/2021:08:24:33 +0800] "GET /xingrg/kc/buy/cgsh_order_operate.html?command=get_materiel&rest_code=00101&code=00101014061&supplier_code=00100137&order_time=2021-11-13 HTTP/1.1" 200 433
116.227.210.113 - - [13/Nov/2021:08:24:44 +0800] "GET /xingrg/all/function/internal_message.html?_=1636763065487&CODE_STATE=getMsg HTTP/1.1" 200 27
120.253.135.82 - - [13/Nov/2021:08:24:49 +0800] "GET /xingrg/check_reg.html?_=1636762857306 HTTP/1.1" 200 22
120.253.135.82 - - [13/Nov/2021:08:24:55 +0800] "GET /xingrg/kc/buy/cgsh_order_operate.html?command=get_materiel&rest_code=00101&code=00101014041&supplier_code=00100137&order_time=2021-11-13 HTTP/1.1" 200 434
120.253.135.82 - - [13/Nov/2021:08:24:58 +0800] "GET /xingrg/all/function/internal_message.html?_=1636762866760&CODE_STATE=getMsg HTTP/1.1" 200 27
180.169.147.146 - - [13/Nov/2021:08:25:02 +0800] "GET /xingrg/all/function/internal_message.html?_=1636763165949&CODE_STATE=getMsg HTTP/1.1" 200 27
120.253.135.82 - - [13/Nov/2021:08:25:07 +0800] "POST /xingrg/kc/buy/cgsh_order_operate.html HTTP/1.1" 200 37
120.253.135.82 - - [13/Nov/2021:08:25:08 +0800] "POST /xingrg/kc/buy/cgsh_order_operate.html HTTP/1.1" 200 3267
116.238.248.233 - - [13/Nov/2021:08:25:08 +0800] "GET /xingrg/all/function/internal_message.html?_=1636763105242&CODE_STATE=getMsg HTTP/1.1" 200 27
120.253.135.82 - - [13/Nov/2021:08:25:10 +0800] "GET /xingrg/kc/print/load_data.html?order_code=212021111305310&kc_code=cgsh&condition= HTTP/1.1" 200 976
58.39.139.200 - - [13/Nov/2021:08:25:15 +0800] "GET /favicon.ico HTTP/1.1" 404 -
222.70.171.86 - - [13/Nov/2021:08:25:24 +0800] "GET /xingrg/all/function/internal_message.html?_=1636763140361&CODE_STATE=getMsg HTTP/1.1" 200 27
114.85.125.222 - - [13/Nov/2021:08:25:25 +0800] "GET /xingrg/all/function/internal_message.html?_=1636763044341&CODE_STATE=getMsg HTTP/1.1" 200 27
222.70.176.97 - - [13/Nov/2021:08:25:31 +0800] "GET /xingrg/check_reg.html?_=1636763124074 HTTP/1.1" 200 22
222.70.176.97 - - [13/Nov/2021:08:25:31 +0800] "GET /xingrg/all/function/internal_message.html?_=1636763124278&CODE_STATE=getMsg HTTP/1.1" 200 27
114.85.125.222 - - [13/Nov/2021:08:25:35 +0800] "GET /xingrg/check_reg.html?_=1636763054466 HTTP/1.1" 200 22
116.227.210.113 - - [13/Nov/2021:08:25:44 +0800] "GET /xingrg/all/function/internal_message.html?_=1636763125479&CODE_STATE=getMsg HTTP/1.1" 200 27
120.253.135.82 - - [13/Nov/2021:08:25:58 +0800] "GET /xingrg/all/function/internal_message.html?_=1636762926827&CODE_STATE=getMsg HTTP/1.1" 200 27
180.169.147.146 - - [13/Nov/2021:08:26:02 +0800] "GET /xingrg/check_reg.html?_=1636763225946 HTTP/1.1" 200 22
180.169.147.146 - - [13/Nov/2021:08:26:02 +0800] "GET /xingrg/all/function/internal_message.html?_=1636763225948&CODE_STATE=getMsg HTTP/1.1" 200 27
116.238.248.233 - - [13/Nov/2021:08:26:08 +0800] "GET /xingrg/all/function/internal_message.html?_=1636763165225&CODE_STATE=getMsg HTTP/1.1" 200 27
222.70.171.86 - - [13/Nov/2021:08:26:24 +0800] "GET /xingrg/all/function/internal_message.html?_=1636763200378&CODE_STATE=getMsg HTTP/1.1" 200 27
114.85.125.222 - - [13/Nov/2021:08:26:25 +0800] "GET /xingrg/all/function/internal_message.html?_=1636763104355&CODE_STATE=getMsg HTTP/1.1" 200 27
222.70.176.97 - - [13/Nov/2021:08:26:31 +0800] "GET /xingrg/all/function/internal_message.html?_=1636763184262&CODE_STATE=getMsg HTTP/1.1" 200 27
116.227.210.113 - - [13/Nov/2021:08:26:44 +0800] "GET /xingrg/all/function/internal_message.html?_=1636763185465&CODE_STATE=getMsg HTTP/1.1" 200 27
120.253.135.82 - - [13/Nov/2021:08:26:52 +0800] "POST /xingrg/kc/buy/cgsh_order_operate.html HTTP/1.1" 200 37
120.253.135.82 - - [13/Nov/2021:08:26:56 +0800] "POST /xingrg/kc/buy/cgsh_order_operate.html HTTP/1.1" 200 12
120.253.135.82 - - [13/Nov/2021:08:26:58 +0800] "GET /xingrg/kc/buy/cgsh_order_info.html?code=212021111305310 HTTP/1.1" 200 58710
120.253.135.82 - - [13/Nov/2021:08:26:58 +0800] "GET /xingrg/javascript/easyui/themes/default/validatebox.css HTTP/1.1" 404 1104
120.253.135.82 - - [13/Nov/2021:08:26:58 +0800] "GET /xingrg/all/function/internal_message.html?_=1636762987229&CODE_STATE=getMsg HTTP/1.1" 200 27
120.253.135.82 - - [13/Nov/2021:08:26:59 +0800] "POST /xingrg/kc/buy/cgsh_order_operate.html HTTP/1.1" 200 1217
120.253.135.82 - - [13/Nov/2021:08:27:02 +0800] "POST /xingrg/kc/buy/cgsh_list_operate.html HTTP/1.1" 200 876
180.169.147.146 - - [13/Nov/2021:08:27:02 +0800] "GET /xingrg/all/function/internal_message.html?_=1636763285948&CODE_STATE=getMsg HTTP/1.1" 200 27
120.253.135.82 - - [13/Nov/2021:08:27:05 +0800] "GET /xingrg/kc/pszx/mdps_order_list.html?orderType=0 HTTP/1.1" 200 21089
120.253.135.82 - - [13/Nov/2021:08:27:05 +0800] "POST /xingrg/kc/pszx/mdps_list_operate.html HTTP/1.1" 200 5483
116.238.248.233 - - [13/Nov/2021:08:27:08 +0800] "GET /xingrg/all/function/internal_message.html?_=1636763225210&CODE_STATE=getMsg HTTP/1.1" 200 27
120.253.135.82 - - [13/Nov/2021:08:27:11 +0800] "POST /xingrg/kc/pszx/mdps_list_operate.html HTTP/1.1" 200 1681
120.253.135.82 - - [13/Nov/2021:08:27:13 +0800] "POST /xingrg/kc/pszx/mdps_list_operate.html HTTP/1.1" 200 205
120.253.135.82 - - [13/Nov/2021:08:27:17 +0800] "GET /xingrg/kc/buy/cgsh_order_list.html HTTP/1.1" 200 49004
120.253.135.82 - - [13/Nov/2021:08:27:17 +0800] "POST /xingrg/kc/buy/cgsh_list_operate.html HTTP/1.1" 200 876
222.70.171.86 - - [13/Nov/2021:08:27:24 +0800] "GET /xingrg/all/function/internal_message.html?_=1636763260390&CODE_STATE=getMsg HTTP/1.1" 200 27
114.85.125.222 - - [13/Nov/2021:08:27:25 +0800] "GET /xingrg/all/function/internal_message.html?_=1636763164368&CODE_STATE=getMsg HTTP/1.1" 200 27
222.70.176.97 - - [13/Nov/2021:08:27:31 +0800] "GET /xingrg/all/function/internal_message.html?_=1636763244246&CODE_STATE=getMsg HTTP/1.1" 200 27
120.253.135.82 - - [13/Nov/2021:08:27:34 +0800] "GET /xingrg/kc/buy/cgsh_order_add.html HTTP/1.1" 200 63803
120.253.135.82 - - [13/Nov/2021:08:27:35 +0800] "POST /xingrg/kc/buy/cgsh_order_operate.html HTTP/1.1" 200 8245
120.253.135.82 - - [13/Nov/2021:08:27:35 +0800] "GET /xingrg/javascript/easyui/themes/default/validatebox.css HTTP/1.1" 404 1104
120.253.135.82 - - [13/Nov/2021:08:27:43 +0800] "POST /xingrg/all/common/load_combo.html?type=employee HTTP/1.1" 200 2101
116.227.210.113 - - [13/Nov/2021:08:27:44 +0800] "GET /xingrg/all/function/internal_message.html?_=1636763245458&CODE_STATE=getMsg HTTP/1.1" 200 27
120.253.135.82 - - [13/Nov/2021:08:27:56 +0800] "GET /xingrg/kc/buy/cgsh_order_operate.html?command=get_materiel&rest_code=00101&code=00101020267&supplier_code=00100409&order_time=2021-11-13 HTTP/1.1" 200 441
120.253.135.82 - - [13/Nov/2021:08:27:58 +0800] "POST /xingrg/all/common/load_select.html HTTP/1.1" 200 25
120.253.135.82 - - [13/Nov/2021:08:27:58 +0800] "GET /xingrg/all/function/internal_message.html?_=1636763047237&CODE_STATE=getMsg HTTP/1.1" 200 27
116.227.210.113 - - [13/Nov/2021:08:27:59 +0800] "GET /xingrg/check_reg.html?_=1636763260692 HTTP/1.1" 200 22
120.253.135.82 - - [13/Nov/2021:08:28:02 +0800] "GET /xingrg/kc/buy/cgsh_order_operate.html?command=get_materiel_price&rest_code=00101&code=00101020267&unit_code=00100562&supplier_code=00100409&order_time=2021-11-13 HTTP/1.1" 200 31
180.169.147.146 - - [13/Nov/2021:08:28:02 +0800] "GET /xingrg/all/function/internal_message.html?_=1636763345950&CODE_STATE=getMsg HTTP/1.1" 200 27
116.238.248.233 - - [13/Nov/2021:08:28:08 +0800] "GET /xingrg/all/function/internal_message.html?_=1636763285208&CODE_STATE=getMsg HTTP/1.1" 200 27
120.253.135.82 - - [13/Nov/2021:08:28:18 +0800] "POST /xingrg/kc/buy/cgsh_order_operate.html HTTP/1.1" 200 37
120.253.135.82 - - [13/Nov/2021:08:28:20 +0800] "POST /xingrg/kc/buy/cgsh_order_operate.html HTTP/1.1" 200 2682
120.253.135.82 - - [13/Nov/2021:08:28:23 +0800] "GET /xingrg/kc/print/load_data.html?order_code=212021111305311&kc_code=cgsh&condition= HTTP/1.1" 200 700
222.70.171.86 - - [13/Nov/2021:08:28:24 +0800] "GET /xingrg/all/function/internal_message.html?_=1636763320407&CODE_STATE=getMsg HTTP/1.1" 200 27
114.85.125.222 - - [13/Nov/2021:08:28:25 +0800] "GET /xingrg/all/function/internal_message.html?_=1636763224415&CODE_STATE=getMsg HTTP/1.1" 200 27
116.238.248.233 - - [13/Nov/2021:08:28:28 +0800] "GET /xingrg/check_reg.html?_=1636763304647 HTTP/1.1" 200 22
222.70.176.97 - - [13/Nov/2021:08:28:31 +0800] "GET /xingrg/all/function/internal_message.html?_=1636763304229&CODE_STATE=getMsg HTTP/1.1" 200 27
120.253.135.82 - - [13/Nov/2021:08:28:33 +0800] "POST /xingrg/kc/buy/cgsh_order_operate.html HTTP/1.1" 200 37
116.227.210.113 - - [13/Nov/2021:08:28:44 +0800] "GET /xingrg/all/function/internal_message.html?_=1636763305459&CODE_STATE=getMsg HTTP/1.1" 200 27
180.169.147.146 - - [13/Nov/2021:08:29:02 +0800] "GET /xingrg/all/function/internal_message.html?_=1636763405952&CODE_STATE=getMsg HTTP/1.1" 200 27
222.70.171.86 - - [13/Nov/2021:08:29:08 +0800] "GET /xingrg/check_reg.html?_=1636763364879 HTTP/1.1" 200 22
116.238.248.233 - - [13/Nov/2021:08:29:08 +0800] "GET /xingrg/all/function/internal_message.html?_=1636763345193&CODE_STATE=getMsg HTTP/1.1" 200 27
222.70.171.86 - - [13/Nov/2021:08:29:24 +0800] "GET /xingrg/all/function/internal_message.html?_=1636763380416&CODE_STATE=getMsg HTTP/1.1" 200 27
114.85.125.222 - - [13/Nov/2021:08:29:25 +0800] "GET /xingrg/all/function/internal_message.html?_=1636763284427&CODE_STATE=getMsg HTTP/1.1" 200 27
120.253.135.82 - - [13/Nov/2021:08:29:28 +0800] "POST /xingrg/kc/buy/cgsh_order_operate.html HTTP/1.1" 200 12
120.253.135.82 - - [13/Nov/2021:08:29:30 +0800] "GET /xingrg/kc/buy/cgsh_order_info.html?code=212021111305311 HTTP/1.1" 200 58712
222.70.176.97 - - [13/Nov/2021:08:29:31 +0800] "GET /xingrg/all/function/internal_message.html?_=1636763364213&CODE_STATE=getMsg HTTP/1.1" 200 27
120.253.135.82 - - [13/Nov/2021:08:29:31 +0800] "GET /xingrg/javascript/easyui/themes/default/validatebox.css HTTP/1.1" 404 1104
120.253.135.82 - - [13/Nov/2021:08:29:31 +0800] "GET /xingrg/all/function/internal_message.html?_=1636763139870&CODE_STATE=getMsg HTTP/1.1" 200 27
120.253.135.82 - - [13/Nov/2021:08:29:31 +0800] "POST /xingrg/kc/buy/cgsh_order_operate.html HTTP/1.1" 200 632
120.253.135.82 - - [13/Nov/2021:08:29:37 +0800] "GET /xingrg/kc/report/report_main.html HTTP/1.1" 200 9370
120.253.135.82 - - [13/Nov/2021:08:29:39 +0800] "GET /xingrg/kc/base/kc_stocks.html HTTP/1.1" 200 16437
120.253.135.82 - - [13/Nov/2021:08:29:39 +0800] "GET /xingrg/javascript/easyui/themes/default/tree.css HTTP/1.1" 404 1090
120.253.135.82 - - [13/Nov/2021:08:29:39 +0800] "POST /xingrg/all/common/load_tree.html?tree=materiel_sort_tree_json HTTP/1.1" 200 9388
120.253.135.82 - - [13/Nov/2021:08:29:40 +0800] "POST /xingrg/all/common/load_combo.html?type=base HTTP/1.1" 200 1075
116.227.210.113 - - [13/Nov/2021:08:29:44 +0800] "GET /xingrg/all/function/internal_message.html?_=1636763365446&CODE_STATE=getMsg HTTP/1.1" 200 27
120.253.135.82 - - [13/Nov/2021:08:29:47 +0800] "POST /xingrg/kc/base/stock_operate.html HTTP/1.1" 200 1476
120.253.135.82 - - [13/Nov/2021:08:29:48 +0800] "GET /xingrg/javascript/easyui/themes/sunny/images/ui-bg_gloss-wave_60_fece2f_500x100.png HTTP/1.1" 200 3512
120.253.135.82 - - [13/Nov/2021:08:29:49 +0800] "GET /xingrg/check_reg.html?_=1636763157314 HTTP/1.1" 200 22
120.253.135.82 - - [13/Nov/2021:08:29:50 +0800] "GET /xingrg/kc/buy/cgsh_order_list.html HTTP/1.1" 200 49004
120.253.135.82 - - [13/Nov/2021:08:29:51 +0800] "POST /xingrg/kc/buy/cgsh_list_operate.html HTTP/1.1" 200 876
180.169.147.146 - - [13/Nov/2021:08:30:02 +0800] "GET /xingrg/all/function/internal_message.html?_=1636763465953&CODE_STATE=getMsg HTTP/1.1" 200 27
116.238.248.233 - - [13/Nov/2021:08:30:08 +0800] "GET /xingrg/all/function/internal_message.html?_=1636763405185&CODE_STATE=getMsg HTTP/1.1" 200 27
222.70.171.86 - - [13/Nov/2021:08:30:24 +0800] "GET /xingrg/all/function/internal_message.html?_=1636763440430&CODE_STATE=getMsg HTTP/1.1" 200 27
114.85.125.222 - - [13/Nov/2021:08:30:25 +0800] "GET /xingrg/all/function/internal_message.html?_=1636763344469&CODE_STATE=getMsg HTTP/1.1" 200 27
222.70.176.97 - - [13/Nov/2021:08:30:31 +0800] "GET /xingrg/check_reg.html?_=1636763424087 HTTP/1.1" 200 22
222.70.176.97 - - [13/Nov/2021:08:30:31 +0800] "GET /xingrg/all/function/internal_message.html?_=1636763424183&CODE_STATE=getMsg HTTP/1.1" 200 27
120.253.135.82 - - [13/Nov/2021:08:30:31 +0800] "GET /xingrg/all/function/internal_message.html?_=1636763199884&CODE_STATE=getMsg HTTP/1.1" 200 27
114.85.125.222 - - [13/Nov/2021:08:30:35 +0800] "GET /xingrg/check_reg.html?_=1636763354471 HTTP/1.1" 200 22
116.227.210.113 - - [13/Nov/2021:08:30:44 +0800] "GET /xingrg/all/function/internal_message.html?_=1636763425426&CODE_STATE=getMsg HTTP/1.1" 200 27
120.253.135.82 - - [13/Nov/2021:08:30:53 +0800] "POST /xingrg/kc/buy/cgsh_list_operate.html HTTP/1.1" 200 876
120.253.135.82 - - [13/Nov/2021:08:30:54 +0800] "GET /xingrg/kc/buy/cgsh_order_list.html HTTP/1.1" 200 49004
120.253.135.82 - - [13/Nov/2021:08:30:55 +0800] "POST /xingrg/kc/buy/cgsh_list_operate.html HTTP/1.1" 200 876
120.253.135.82 - - [13/Nov/2021:08:30:56 +0800] "GET /xingrg/kc/buy/cgsh_order_add.html HTTP/1.1" 200 63803
120.253.135.82 - - [13/Nov/2021:08:30:56 +0800] "POST /xingrg/kc/buy/cgsh_order_operate.html HTTP/1.1" 200 8245
120.253.135.82 - - [13/Nov/2021:08:30:56 +0800] "GET /xingrg/javascript/easyui/themes/default/validatebox.css HTTP/1.1" 404 1104
180.169.147.146 - - [13/Nov/2021:08:31:02 +0800] "GET /xingrg/check_reg.html?_=1636763525942 HTTP/1.1" 200 22
180.169.147.146 - - [13/Nov/2021:08:31:02 +0800] "GET /xingrg/all/function/internal_message.html?_=1636763525946&CODE_STATE=getMsg HTTP/1.1" 200 27
120.253.135.82 - - [13/Nov/2021:08:31:06 +0800] "POST /xingrg/all/common/load_combo.html?type=employee HTTP/1.1" 200 2101
116.238.248.233 - - [13/Nov/2021:08:31:08 +0800] "GET /xingrg/all/function/internal_message.html?_=1636763465170&CODE_STATE=getMsg HTTP/1.1" 200 27
120.253.135.82 - - [13/Nov/2021:08:31:21 +0800] "GET /xingrg/kc/buy/cgsh_order_operate.html?command=get_materiel&rest_code=00101&code=00101010339&supplier_code=00100275&order_time=2021-11-13 HTTP/1.1" 200 444
222.70.171.86 - - [13/Nov/2021:08:31:24 +0800] "GET /xingrg/all/function/internal_message.html?_=1636763500444&CODE_STATE=getMsg HTTP/1.1" 200 27
114.85.125.222 - - [13/Nov/2021:08:31:25 +0800] "GET /xingrg/all/function/internal_message.html?_=1636763404485&CODE_STATE=getMsg HTTP/1.1" 200 27
222.70.176.97 - - [13/Nov/2021:08:31:31 +0800] "GET /xingrg/all/function/internal_message.html?_=1636763484181&CODE_STATE=getMsg HTTP/1.1" 200 27
120.253.135.82 - - [13/Nov/2021:08:31:31 +0800] "GET /xingrg/all/function/internal_message.html?_=1636763259898&CODE_STATE=getMsg HTTP/1.1" 200 27
180.169.147.146 - - [13/Nov/2021:08:32:02 +0800] "GET /xingrg/all/function/internal_message.html?_=1636763585949&CODE_STATE=getMsg HTTP/1.1" 200 27
116.238.248.233 - - [13/Nov/2021:08:32:08 +0800] "GET /xingrg/all/function/internal_message.html?_=1636763525161&CODE_STATE=getMsg HTTP/1.1" 200 27
222.70.171.86 - - [13/Nov/2021:08:32:24 +0800] "GET /xingrg/all/function/internal_message.html?_=1636763560458&CODE_STATE=getMsg HTTP/1.1" 200 27
114.85.125.222 - - [13/Nov/2021:08:32:25 +0800] "GET /xingrg/all/function/internal_message.html?_=1636763464498&CODE_STATE=getMsg HTTP/1.1" 200 27
222.70.176.97 - - [13/Nov/2021:08:32:31 +0800] "GET /xingrg/all/function/internal_message.html?_=1636763544165&CODE_STATE=getMsg HTTP/1.1" 200 27
120.253.135.82 - - [13/Nov/2021:08:32:31 +0800] "GET /xingrg/all/function/internal_message.html?_=1636763319912&CODE_STATE=getMsg HTTP/1.1" 200 27
180.169.147.146 - - [13/Nov/2021:08:33:02 +0800] "GET /xingrg/all/function/internal_message.html?_=1636763645950&CODE_STATE=getMsg HTTP/1.1" 200 27
116.238.248.233 - - [13/Nov/2021:08:33:08 +0800] "GET /xingrg/all/function/internal_message.html?_=1636763585145&CODE_STATE=getMsg HTTP/1.1" 200 27
222.70.171.86 - - [13/Nov/2021:08:33:24 +0800] "GET /xingrg/all/function/internal_message.html?_=1636763620473&CODE_STATE=getMsg HTTP/1.1" 200 27
114.85.125.222 - - [13/Nov/2021:08:33:25 +0800] "GET /xingrg/all/function/internal_message.html?_=1636763524542&CODE_STATE=getMsg HTTP/1.1" 200 27
116.238.248.233 - - [13/Nov/2021:08:33:28 +0800] "GET /xingrg/check_reg.html?_=1636763604662 HTTP/1.1" 200 22
222.70.176.97 - - [13/Nov/2021:08:33:31 +0800] "GET /xingrg/all/function/internal_message.html?_=1636763604149&CODE_STATE=getMsg HTTP/1.1" 200 27
120.253.135.82 - - [13/Nov/2021:08:33:31 +0800] "GET /xingrg/all/function/internal_message.html?_=1636763379925&CODE_STATE=getMsg HTTP/1.1" 200 27
116.227.210.113 - - [13/Nov/2021:08:33:47 +0800] "GET /xingrg/login.html HTTP/1.1" 200 7641
116.227.210.113 - - [13/Nov/2021:08:33:47 +0800] "GET /favicon.ico HTTP/1.1" 404 -
116.227.210.113 - - [13/Nov/2021:08:33:53 +0800] "POST /xingrg/login.do HTTP/1.1" 302 -
116.227.210.113 - - [13/Nov/2021:08:33:53 +0800] "GET /xingrg/index.html?sysBaseUrl=http%3A%2F%2F180.169.147.146%3A18081%2Fxingrg%2F&costTime=41×tamp=1636763633554 HTTP/1.1" 200 17179
116.227.210.113 - - [13/Nov/2021:08:33:53 +0800] "GET /favicon.ico HTTP/1.1" 404 -
116.227.210.113 - - [13/Nov/2021:08:33:53 +0800] "POST /xingrg/all/common/load_tree.html?tree=area_rest_tree_json&manage=1 HTTP/1.1" 200 351
116.227.210.113 - - [13/Nov/2021:08:33:53 +0800] "GET /xingrg/all/function/internal_message.html?_=1636763615298&CODE_STATE=count HTTP/1.1" 200 11
116.227.210.113 - - [13/Nov/2021:08:33:53 +0800] "GET /xingrg/check_reg.html?_=1636763615298 HTTP/1.1" 200 22
116.227.210.113 - - [13/Nov/2021:08:33:53 +0800] "POST /xingrg/load_menu.html HTTP/1.1" 200 5138
180.169.147.146 - - [13/Nov/2021:08:34:02 +0800] "GET /xingrg/all/function/internal_message.html?_=1636763705952&CODE_STATE=getMsg HTTP/1.1" 200 27
222.70.171.86 - - [13/Nov/2021:08:34:08 +0800] "GET /xingrg/check_reg.html?_=1636763664884 HTTP/1.1" 200 22
116.238.248.233 - - [13/Nov/2021:08:34:08 +0800] "GET /xingrg/all/function/internal_message.html?_=1636763645138&CODE_STATE=getMsg HTTP/1.1" 200 27
222.70.171.86 - - [13/Nov/2021:08:34:24 +0800] "GET /xingrg/all/function/internal_message.html?_=1636763680485&CODE_STATE=getMsg HTTP/1.1" 200 27
114.85.125.222 - - [13/Nov/2021:08:34:25 +0800] "GET /xingrg/all/function/internal_message.html?_=1636763584558&CODE_STATE=getMsg HTTP/1.1" 200 27
222.70.176.97 - - [13/Nov/2021:08:34:31 +0800] "GET /xingrg/all/function/internal_message.html?_=1636763664160&CODE_STATE=getMsg HTTP/1.1" 200 27
120.253.135.82 - - [13/Nov/2021:08:34:31 +0800] "GET /xingrg/all/function/internal_message.html?_=1636763440023&CODE_STATE=getMsg HTTP/1.1" 200 27
120.253.135.82 - - [13/Nov/2021:08:34:49 +0800] "GET /xingrg/check_reg.html?_=1636763457316 HTTP/1.1" 200 22
116.227.210.113 - - [13/Nov/2021:08:34:53 +0800] "GET /xingrg/all/function/internal_message.html?_=1636763675319&CODE_STATE=getMsg HTTP/1.1" 200 27
180.169.147.146 - - [13/Nov/2021:08:35:02 +0800] "GET /xingrg/all/function/internal_message.html?_=1636763765940&CODE_STATE=getMsg HTTP/1.1" 200 27
116.238.248.233 - - [13/Nov/2021:08:35:08 +0800] "GET /xingrg/all/function/internal_message.html?_=1636763705125&CODE_STATE=getMsg HTTP/1.1" 200 27
222.70.171.86 - - [13/Nov/2021:08:35:24 +0800] "GET /xingrg/all/function/internal_message.html?_=1636763740498&CODE_STATE=getMsg HTTP/1.1" 200 27
114.85.125.222 - - [13/Nov/2021:08:35:25 +0800] "GET /xingrg/all/function/internal_message.html?_=1636763644601&CODE_STATE=getMsg HTTP/1.1" 200 27
222.70.176.97 - - [13/Nov/2021:08:35:31 +0800] "GET /xingrg/check_reg.html?_=1636763724112 HTTP/1.1" 200 22
222.70.176.97 - - [13/Nov/2021:08:35:31 +0800] "GET /xingrg/all/function/internal_message.html?_=1636763724144&CODE_STATE=getMsg HTTP/1.1" 200 27
120.253.135.82 - - [13/Nov/2021:08:35:31 +0800] "GET /xingrg/all/function/internal_message.html?_=1636763500030&CODE_STATE=getMsg HTTP/1.1" 200 27
114.85.125.222 - - [13/Nov/2021:08:35:35 +0800] "GET /xingrg/check_reg.html?_=1636763654476 HTTP/1.1" 200 22
116.227.210.113 - - [13/Nov/2021:08:35:53 +0800] "GET /xingrg/all/function/internal_message.html?_=1636763735314&CODE_STATE=getMsg HTTP/1.1" 200 27
180.169.147.146 - - [13/Nov/2021:08:36:02 +0800] "GET /xingrg/all/function/internal_message.html?_=1636763825940&CODE_STATE=getMsg HTTP/1.1" 200 27
180.169.147.146 - - [13/Nov/2021:08:36:02 +0800] "GET /xingrg/check_reg.html?_=1636763825944 HTTP/1.1" 200 22
116.238.248.233 - - [13/Nov/2021:08:36:08 +0800] "GET /xingrg/all/function/internal_message.html?_=1636763765113&CODE_STATE=getMsg HTTP/1.1" 200 27
222.70.171.86 - - [13/Nov/2021:08:36:24 +0800] "GET /xingrg/all/function/internal_message.html?_=1636763800516&CODE_STATE=getMsg HTTP/1.1" 200 27
120.253.135.82 - - [13/Nov/2021:08:36:24 +0800] "POST /xingrg/kc/buy/cgsh_order_operate.html HTTP/1.1" 200 37
114.85.125.222 - - [13/Nov/2021:08:36:25 +0800] "GET /xingrg/all/function/internal_message.html?_=1636763704616&CODE_STATE=getMsg HTTP/1.1" 200 27
120.253.135.82 - - [13/Nov/2021:08:36:26 +0800] "POST /xingrg/kc/buy/cgsh_order_operate.html HTTP/1.1" 200 2684
120.253.135.82 - - [13/Nov/2021:08:36:29 +0800] "GET /xingrg/kc/print/load_data.html?order_code=212021111305312&kc_code=cgsh&condition= HTTP/1.1" 200 713
222.70.176.97 - - [13/Nov/2021:08:36:31 +0800] "GET /xingrg/all/function/internal_message.html?_=1636763784127&CODE_STATE=getMsg HTTP/1.1" 200 27
120.253.135.82 - - [13/Nov/2021:08:36:31 +0800] "GET /xingrg/all/function/internal_message.html?_=1636763560043&CODE_STATE=getMsg HTTP/1.1" 200 27
116.227.210.113 - - [13/Nov/2021:08:36:53 +0800] "GET /xingrg/all/function/internal_message.html?_=1636763795306&CODE_STATE=getMsg HTTP/1.1" 200 27
180.169.147.146 - - [13/Nov/2021:08:37:02 +0800] "GET /xingrg/all/function/internal_message.html?_=1636763885948&CODE_STATE=getMsg HTTP/1.1" 200 27
116.238.248.233 - - [13/Nov/2021:08:37:08 +0800] "GET /xingrg/all/function/internal_message.html?_=1636763825101&CODE_STATE=getMsg HTTP/1.1" 200 27
120.253.135.82 - - [13/Nov/2021:08:37:21 +0800] "GET /xingrg/kc/buy/cgsh_order_list.html HTTP/1.1" 200 49004
116.227.210.113 - - [13/Nov/2021:08:37:22 +0800] "GET /xingrg/kc/buy/cgsh_order_list.html HTTP/1.1" 200 49010
120.253.135.82 - - [13/Nov/2021:08:37:23 +0800] "POST /xingrg/kc/buy/cgsh_list_operate.html HTTP/1.1" 200 1681
116.227.210.113 - - [13/Nov/2021:08:37:24 +0800] "POST /xingrg/kc/buy/cgsh_list_operate.html HTTP/1.1" 200 876
222.70.171.86 - - [13/Nov/2021:08:37:24 +0800] "GET /xingrg/all/function/internal_message.html?_=1636763860525&CODE_STATE=getMsg HTTP/1.1" 200 27
114.85.125.222 - - [13/Nov/2021:08:37:25 +0800] "GET /xingrg/all/function/internal_message.html?_=1636763764629&CODE_STATE=getMsg HTTP/1.1" 200 27
116.227.210.113 - - [13/Nov/2021:08:37:30 +0800] "GET /xingrg/kc/buy/cgsh_order_add.html HTTP/1.1" 200 64707
116.227.210.113 - - [13/Nov/2021:08:37:30 +0800] "GET /xingrg/words/20211112171753_words.js HTTP/1.1" 304 -
222.70.176.97 - - [13/Nov/2021:08:37:31 +0800] "GET /xingrg/all/function/internal_message.html?_=1636763844111&CODE_STATE=getMsg HTTP/1.1" 200 27
116.227.210.113 - - [13/Nov/2021:08:37:31 +0800] "POST /xingrg/kc/buy/cgsh_order_operate.html HTTP/1.1" 200 8245
116.227.210.113 - - [13/Nov/2021:08:37:31 +0800] "GET /xingrg/all/common/auto_word.html?type=employee&rest_code=00155 HTTP/1.1" 200 205
116.227.210.113 - - [13/Nov/2021:08:37:31 +0800] "GET /xingrg/javascript/easyui/themes/default/validatebox.css HTTP/1.1" 404 1104
116.227.210.113 - - [13/Nov/2021:08:37:31 +0800] "GET /xingrg/all/common/auto_word.html?type=employee&rest_code=00155 HTTP/1.1" 200 205
120.253.135.82 - - [13/Nov/2021:08:37:31 +0800] "GET /xingrg/all/function/internal_message.html?_=1636763620134&CODE_STATE=getMsg HTTP/1.1" 200 27
116.227.210.113 - - [13/Nov/2021:08:37:34 +0800] "GET /xingrg/javascript/auto/indicator.gif HTTP/1.1" 404 1066
116.227.210.113 - - [13/Nov/2021:08:37:35 +0800] "GET /xingrg/javascript/jquery_tools/images/prev.gif HTTP/1.1" 404 1086
116.227.210.113 - - [13/Nov/2021:08:37:35 +0800] "GET /xingrg/javascript/jquery_tools/images/next.gif HTTP/1.1" 404 1086
116.227.210.113 - - [13/Nov/2021:08:37:41 +0800] "GET /xingrg/kc/buy/cgsh_order_operate.html?command=get_materiel&rest_code=00155&code=00101006027&supplier_code=00100012&order_time=2021-11-13 HTTP/1.1" 200 409
120.253.135.82 - - [13/Nov/2021:08:37:42 +0800] "GET /xingrg/kc/pszx/mdps_order_list.html?orderType=0 HTTP/1.1" 200 21089
120.253.135.82 - - [13/Nov/2021:08:37:42 +0800] "POST /xingrg/kc/pszx/mdps_list_operate.html HTTP/1.1" 200 5483
120.253.135.82 - - [13/Nov/2021:08:37:48 +0800] "POST /xingrg/kc/pszx/mdps_list_operate.html HTTP/1.1" 200 1681
120.253.135.82 - - [13/Nov/2021:08:37:49 +0800] "POST /xingrg/kc/pszx/mdps_list_operate.html HTTP/1.1" 200 205
120.253.135.82 - - [13/Nov/2021:08:37:50 +0800] "GET /xingrg/kc/pszx/mdps_order_info.html?code=312021111100314 HTTP/1.1" 200 23925
120.253.135.82 - - [13/Nov/2021:08:37:50 +0800] "GET /xingrg/javascript/easyui/themes/default/validatebox.css HTTP/1.1" 404 1104
120.253.135.82 - - [13/Nov/2021:08:37:50 +0800] "POST /xingrg/kc/pszx/mdps_order_operate.html HTTP/1.1" 200 2291
116.227.210.113 - - [13/Nov/2021:08:37:52 +0800] "GET /xingrg/kc/buy/cgsh_order_operate.html?command=get_materiel&rest_code=00155&code=00101006056&supplier_code=00100012&order_time=2021-11-13 HTTP/1.1" 200 413
116.227.210.113 - - [13/Nov/2021:08:37:53 +0800] "GET /xingrg/all/function/internal_message.html?_=1636763855314&CODE_STATE=getMsg HTTP/1.1" 200 27
116.227.210.113 - - [13/Nov/2021:08:37:56 +0800] "GET /xingrg/kc/buy/cgsh_order_operate.html?command=get_materiel&rest_code=00155&code=00101006109&supplier_code=00100012&order_time=2021-11-13 HTTP/1.1" 200 409
180.169.147.146 - - [13/Nov/2021:08:38:02 +0800] "GET /xingrg/all/function/internal_message.html?_=1636763945974&CODE_STATE=getMsg HTTP/1.1" 200 27
116.227.210.113 - - [13/Nov/2021:08:38:03 +0800] "GET /xingrg/kc/buy/cgsh_order_operate.html?command=get_materiel&rest_code=00155&code=00101006055&supplier_code=00100012&order_time=2021-11-13 HTTP/1.1" 200 411
120.253.135.82 - - [13/Nov/2021:08:38:07 +0800] "POST /xingrg/kc/pszx/mdps_order_operate.html HTTP/1.1" 200 37
120.253.135.82 - - [13/Nov/2021:08:38:08 +0800] "GET /xingrg/kc/pszx/mdps_order_info.html?code=312021111100314 HTTP/1.1" 200 23925
