116.232.54.167 - - [13/Nov/2021:09:11:01 +0800] "GET /xingrg/all/function/internal_message.html?_=1636765857381&CODE_STATE=getMsg HTTP/1.1" 200 27
180.169.147.146 - - [13/Nov/2021:09:11:02 +0800] "GET /xingrg/all/function/internal_message.html?_=1636765926009&CODE_STATE=getMsg HTTP/1.1" 200 27
180.169.147.146 - - [13/Nov/2021:09:11:02 +0800] "GET /xingrg/check_reg.html?_=1636765926004 HTTP/1.1" 200 22
116.232.54.167 - - [13/Nov/2021:09:11:03 +0800] "GET /xingrg/kc/buy/cgsh_order_operate.html?command=get_materiel&rest_code=00109&code=00101008298&supplier_code=00100005&order_time=2021-11-13 HTTP/1.1" 200 412
124.78.153.86 - - [13/Nov/2021:09:11:05 +0800] "GET /xingrg/kc/buy/cgsh_order_operate.html?command=get_materiel&rest_code=00106&code=00101008098&supplier_code=00100007&order_time=2021-11-13 HTTP/1.1" 200 412
222.69.128.81 - - [13/Nov/2021:09:11:06 +0800] "GET /xingrg/kc/buy/cgsh_order_info.html?code=212021111305319 HTTP/1.1" 200 59742
222.69.128.81 - - [13/Nov/2021:09:11:06 +0800] "GET /xingrg/javascript/easyui/themes/default/validatebox.css HTTP/1.1" 404 1104
222.69.128.81 - - [13/Nov/2021:09:11:07 +0800] "POST /xingrg/kc/buy/cgsh_order_operate.html HTTP/1.1" 200 47439
116.238.248.233 - - [13/Nov/2021:09:11:08 +0800] "GET /xingrg/all/function/internal_message.html?_=1636765864579&CODE_STATE=getMsg HTTP/1.1" 200 27
222.69.128.81 - - [13/Nov/2021:09:11:08 +0800] "GET /xingrg/kc/print/load_config.html?kc_code=cgsh HTTP/1.1" 200 2281
222.69.128.81 - - [13/Nov/2021:09:11:08 +0800] "GET /xingrg/kc/print/load_data.html?order_code=212021111305319&kc_code=cgsh&condition= HTTP/1.1" 200 18518
124.78.153.86 - - [13/Nov/2021:09:11:11 +0800] "GET /xingrg/all/function/internal_message.html?_=1636765865680&CODE_STATE=getMsg HTTP/1.1" 200 27
61.151.207.141 - - [13/Nov/2021:09:11:11 +0800] "GET /xingrg/all/function/internal_message.html?_=1636765805762&CODE_STATE=getMsg HTTP/1.1" 302 -
61.151.207.141 - - [13/Nov/2021:09:11:12 +0800] "GET /xingrg/login.html HTTP/1.1" 200 7641
116.232.54.167 - - [13/Nov/2021:09:11:13 +0800] "GET /xingrg/kc/buy/cgsh_order_operate.html?command=get_materiel&rest_code=00109&code=00101008323&supplier_code=00100005&order_time=2021-11-13 HTTP/1.1" 200 408
101.89.239.245 - - [13/Nov/2021:09:11:20 +0800] "GET /xingrg/kc/buy/cgsh_order_operate.html?command=get_materiel&rest_code=00106&code=00101008298&supplier_code=00100007&order_time=2021-11-13 HTTP/1.1" 302 -
101.89.239.245 - - [13/Nov/2021:09:11:21 +0800] "GET /xingrg/login.html HTTP/1.1" 200 7641
116.232.54.167 - - [13/Nov/2021:09:11:23 +0800] "GET /xingrg/kc/buy/cgsh_order_operate.html?command=get_materiel&rest_code=00109&code=00101008156&supplier_code=00100005&order_time=2021-11-13 HTTP/1.1" 200 414
222.70.171.86 - - [13/Nov/2021:09:11:25 +0800] "GET /xingrg/all/function/internal_message.html?_=1636765901206&CODE_STATE=getMsg HTTP/1.1" 200 27
114.85.125.222 - - [13/Nov/2021:09:11:26 +0800] "GET /xingrg/all/function/internal_message.html?_=1636765805482&CODE_STATE=getMsg HTTP/1.1" 200 27
180.157.253.6 - - [13/Nov/2021:09:11:29 +0800] "GET /xingrg/all/function/internal_message.html?_=1636765885968&CODE_STATE=getMsg HTTP/1.1" 200 27
222.70.181.70 - - [13/Nov/2021:09:11:30 +0800] "POST /xingrg/services/DataTransmitService HTTP/1.1" 200 524
116.235.93.2 - - [13/Nov/2021:09:11:30 +0800] "GET /xingrg/all/function/internal_message.html?_=1636766365006&CODE_STATE=getMsg HTTP/1.1" 200 27
222.69.128.81 - - [13/Nov/2021:09:11:30 +0800] "GET /xingrg/all/function/internal_message.html?_=1636765886504&CODE_STATE=getMsg HTTP/1.1" 200 27
222.70.176.97 - - [13/Nov/2021:09:11:31 +0800] "GET /xingrg/all/function/internal_message.html?_=1636765884124&CODE_STATE=getMsg HTTP/1.1" 200 27
222.70.176.97 - - [13/Nov/2021:09:11:33 +0800] "GET /xingrg/kc/buy/cgsh_order_operate.html?command=get_materiel&rest_code=00111&code=00101008323&supplier_code=00100005&order_time=2021-11-13 HTTP/1.1" 200 408
101.91.60.88 - - [13/Nov/2021:09:11:34 +0800] "GET /xingrg/kc/buy/cgsh_order_operate.html?command=get_materiel&rest_code=00106&code=00101008312&supplier_code=00100007&order_time=2021-11-13 HTTP/1.1" 302 -
101.91.60.88 - - [13/Nov/2021:09:11:35 +0800] "GET /xingrg/login.html HTTP/1.1" 200 7641
222.69.128.81 - - [13/Nov/2021:09:11:35 +0800] "GET /xingrg/kc/buy/cgsh_order_add.html HTTP/1.1" 200 64833
222.69.128.81 - - [13/Nov/2021:09:11:36 +0800] "POST /xingrg/kc/buy/cgsh_order_operate.html HTTP/1.1" 200 8245
222.69.128.81 - - [13/Nov/2021:09:11:36 +0800] "GET /xingrg/javascript/easyui/themes/default/validatebox.css HTTP/1.1" 404 1104
58.39.139.200 - - [13/Nov/2021:09:11:42 +0800] "GET /xingrg/all/function/internal_message.html?_=1636765899685&CODE_STATE=getMsg HTTP/1.1" 200 27
101.89.19.197 - - [13/Nov/2021:09:11:44 +0800] "GET /xingrg/kc/buy/cgsh_order_operate.html?command=get_materiel&rest_code=00106&code=00101008361&supplier_code=00100007&order_time=2021-11-13 HTTP/1.1" 302 -
101.89.19.197 - - [13/Nov/2021:09:11:44 +0800] "GET /xingrg/login.html HTTP/1.1" 200 7641
116.232.54.167 - - [13/Nov/2021:09:11:44 +0800] "GET /xingrg/kc/buy/cgsh_order_operate.html?command=get_materiel&rest_code=00109&code=00101008155&supplier_code=00100005&order_time=2021-11-13 HTTP/1.1" 200 408
222.70.176.97 - - [13/Nov/2021:09:11:53 +0800] "POST /xingrg/kc/buy/cgsh_order_operate.html HTTP/1.1" 200 2065
116.232.54.167 - - [13/Nov/2021:09:11:54 +0800] "GET /xingrg/kc/buy/cgsh_order_operate.html?command=get_materiel&rest_code=00109&code=00101008350&supplier_code=00100005&order_time=2021-11-13 HTTP/1.1" 200 408
116.227.210.113 - - [13/Nov/2021:09:11:54 +0800] "GET /xingrg/all/function/internal_message.html?_=1636765896268&CODE_STATE=getMsg HTTP/1.1" 200 27
120.253.135.82 - - [13/Nov/2021:09:11:58 +0800] "GET /xingrg/all/function/internal_message.html?_=1636765687227&CODE_STATE=getMsg HTTP/1.1" 200 27
124.78.153.86 - - [13/Nov/2021:09:11:59 +0800] "POST /xingrg/kc/buy/cgsh_order_operate.html HTTP/1.1" 200 2065
101.85.238.236 - - [13/Nov/2021:09:11:59 +0800] "GET /xingrg/check_reg.html?_=1636765919871 HTTP/1.1" 200 22
101.85.238.236 - - [13/Nov/2021:09:11:59 +0800] "GET /xingrg/all/function/internal_message.html?_=1636765919875&CODE_STATE=getMsg HTTP/1.1" 200 27
222.70.176.97 - - [13/Nov/2021:09:12:00 +0800] "GET /xingrg/kc/buy/cgsh_order_operate.html?command=get_materiel&rest_code=00111&code=00101008633&supplier_code=00100005&order_time=2021-11-13 HTTP/1.1" 200 400
116.232.54.167 - - [13/Nov/2021:09:12:01 +0800] "GET /xingrg/all/function/internal_message.html?_=1636765917384&CODE_STATE=getMsg HTTP/1.1" 200 27
116.232.54.167 - - [13/Nov/2021:09:12:01 +0800] "GET /xingrg/check_reg.html?_=1636765917386 HTTP/1.1" 200 22
180.169.147.146 - - [13/Nov/2021:09:12:02 +0800] "GET /xingrg/all/function/internal_message.html?_=1636765985994&CODE_STATE=getMsg HTTP/1.1" 200 27
116.232.54.167 - - [13/Nov/2021:09:12:04 +0800] "GET /xingrg/kc/buy/cgsh_order_operate.html?command=get_materiel&rest_code=00109&code=00101008350&supplier_code=00100005&order_time=2021-11-13 HTTP/1.1" 200 408
124.78.153.86 - - [13/Nov/2021:09:12:07 +0800] "GET /xingrg/kc/buy/cgsh_order_operate.html?command=get_materiel&rest_code=00106&code=00101020126&supplier_code=00100007&order_time=2021-11-13 HTTP/1.1" 200 412
116.238.248.233 - - [13/Nov/2021:09:12:08 +0800] "GET /xingrg/all/function/internal_message.html?_=1636765924564&CODE_STATE=getMsg HTTP/1.1" 200 27
222.70.176.97 - - [13/Nov/2021:09:12:10 +0800] "GET /xingrg/kc/buy/cgsh_order_operate.html?command=get_materiel&rest_code=00111&code=00101008160&supplier_code=00100005&order_time=2021-11-13 HTTP/1.1" 200 408
61.151.178.164 - - [13/Nov/2021:09:12:10 +0800] "GET /xingrg/all/function/internal_message.html?_=1636765865680&CODE_STATE=getMsg HTTP/1.1" 302 -
124.78.153.86 - - [13/Nov/2021:09:12:11 +0800] "GET /xingrg/check_reg.html?_=1636765925674 HTTP/1.1" 200 22
124.78.153.86 - - [13/Nov/2021:09:12:11 +0800] "GET /xingrg/all/function/internal_message.html?_=1636765925676&CODE_STATE=getMsg HTTP/1.1" 200 27
61.151.178.164 - - [13/Nov/2021:09:12:11 +0800] "GET /xingrg/login.html HTTP/1.1" 200 7641
222.70.176.97 - - [13/Nov/2021:09:12:18 +0800] "GET /xingrg/kc/buy/cgsh_order_operate.html?command=get_materiel&rest_code=00111&code=00101013165&supplier_code=00100005&order_time=2021-11-13 HTTP/1.1" 200 409
222.70.171.86 - - [13/Nov/2021:09:12:25 +0800] "GET /xingrg/all/function/internal_message.html?_=1636765961219&CODE_STATE=getMsg HTTP/1.1" 200 27
114.85.125.222 - - [13/Nov/2021:09:12:26 +0800] "GET /xingrg/all/function/internal_message.html?_=1636765865494&CODE_STATE=getMsg HTTP/1.1" 200 27
222.70.176.97 - - [13/Nov/2021:09:12:26 +0800] "GET /xingrg/kc/buy/cgsh_order_operate.html?command=get_materiel&rest_code=00111&code=00101008165&supplier_code=00100005&order_time=2021-11-13 HTTP/1.1" 200 416
124.78.153.86 - - [13/Nov/2021:09:12:29 +0800] "GET /xingrg/kc/buy/cgsh_order_operate.html?command=get_materiel&rest_code=00106&code=00101008141&supplier_code=00100007&order_time=2021-11-13 HTTP/1.1" 200 412
180.157.253.6 - - [13/Nov/2021:09:12:29 +0800] "GET /xingrg/check_reg.html?_=1636765945966 HTTP/1.1" 200 22
180.157.253.6 - - [13/Nov/2021:09:12:29 +0800] "GET /xingrg/all/function/internal_message.html?_=1636765945968&CODE_STATE=getMsg HTTP/1.1" 200 27
116.235.93.2 - - [13/Nov/2021:09:12:30 +0800] "GET /xingrg/check_reg.html?_=1636766424749 HTTP/1.1" 200 22
222.69.128.81 - - [13/Nov/2021:09:12:30 +0800] "GET /xingrg/all/function/internal_message.html?_=1636765946486&CODE_STATE=getMsg HTTP/1.1" 200 27
116.235.93.2 - - [13/Nov/2021:09:12:30 +0800] "GET /xingrg/all/function/internal_message.html?_=1636766425019&CODE_STATE=getMsg HTTP/1.1" 200 27
222.70.176.97 - - [13/Nov/2021:09:12:31 +0800] "GET /xingrg/all/function/internal_message.html?_=1636765944118&CODE_STATE=getMsg HTTP/1.1" 200 27
116.232.54.167 - - [13/Nov/2021:09:12:34 +0800] "POST /xingrg/kc/buy/cgsh_order_operate.html HTTP/1.1" 200 2065
222.70.176.97 - - [13/Nov/2021:09:12:37 +0800] "GET /xingrg/kc/buy/cgsh_order_operate.html?command=get_materiel&rest_code=00111&code=00101008168&supplier_code=00100005&order_time=2021-11-13 HTTP/1.1" 200 412
124.78.153.86 - - [13/Nov/2021:09:12:39 +0800] "GET /xingrg/kc/buy/cgsh_order_operate.html?command=get_materiel&rest_code=00106&code=00101008072&supplier_code=00100007&order_time=2021-11-13 HTTP/1.1" 200 408
222.70.176.97 - - [13/Nov/2021:09:12:40 +0800] "POST /xingrg/kc/buy/cgsh_order_operate.html HTTP/1.1" 200 2065
58.39.139.200 - - [13/Nov/2021:09:12:42 +0800] "GET /xingrg/check_reg.html?_=1636765959677 HTTP/1.1" 200 22
58.39.139.200 - - [13/Nov/2021:09:12:42 +0800] "GET /xingrg/all/function/internal_message.html?_=1636765959678&CODE_STATE=getMsg HTTP/1.1" 200 27
116.232.54.167 - - [13/Nov/2021:09:12:42 +0800] "GET /xingrg/kc/buy/cgsh_order_operate.html?command=get_materiel&rest_code=00109&code=00101008112&supplier_code=00100005&order_time=2021-11-13 HTTP/1.1" 200 412
222.70.176.97 - - [13/Nov/2021:09:12:45 +0800] "GET /xingrg/kc/buy/cgsh_order_operate.html?command=get_materiel&rest_code=00111&code=00101008469&supplier_code=00100005&order_time=2021-11-13 HTTP/1.1" 200 398
116.232.54.167 - - [13/Nov/2021:09:12:50 +0800] "GET /xingrg/kc/buy/cgsh_order_operate.html?command=get_materiel&rest_code=00109&code=00101008290&supplier_code=00100005&order_time=2021-11-13 HTTP/1.1" 200 416
116.227.210.113 - - [13/Nov/2021:09:12:54 +0800] "GET /xingrg/all/function/internal_message.html?_=1636765956249&CODE_STATE=getMsg HTTP/1.1" 200 27
222.70.176.97 - - [13/Nov/2021:09:12:56 +0800] "GET /xingrg/kc/buy/cgsh_order_operate.html?command=get_materiel&rest_code=00111&code=00101015004&supplier_code=00100005&order_time=2021-11-13 HTTP/1.1" 200 408
120.253.135.82 - - [13/Nov/2021:09:12:59 +0800] "GET /xingrg/all/function/internal_message.html?_=1636765747362&CODE_STATE=getMsg HTTP/1.1" 200 27
116.232.54.167 - - [13/Nov/2021:09:12:59 +0800] "GET /xingrg/kc/buy/cgsh_order_operate.html?command=get_materiel&rest_code=00109&code=00101008356&supplier_code=00100005&order_time=2021-11-13 HTTP/1.1" 200 409
101.85.238.236 - - [13/Nov/2021:09:12:59 +0800] "GET /xingrg/all/function/internal_message.html?_=1636765979877&CODE_STATE=getMsg HTTP/1.1" 200 27
116.232.54.167 - - [13/Nov/2021:09:13:01 +0800] "GET /xingrg/all/function/internal_message.html?_=1636765977387&CODE_STATE=getMsg HTTP/1.1" 200 27
180.169.147.146 - - [13/Nov/2021:09:13:02 +0800] "GET /xingrg/all/function/internal_message.html?_=1636766045996&CODE_STATE=getMsg HTTP/1.1" 200 27
222.70.176.97 - - [13/Nov/2021:09:13:05 +0800] "GET /xingrg/kc/buy/cgsh_order_operate.html?command=get_materiel&rest_code=00111&code=00101008223&supplier_code=00100005&order_time=2021-11-13 HTTP/1.1" 200 412
61.151.178.163 - - [13/Nov/2021:09:13:05 +0800] "GET /xingrg/kc/buy/cgsh_order_operate.html?command=get_materiel&rest_code=00106&code=00101020126&supplier_code=00100007&order_time=2021-11-13 HTTP/1.1" 302 -
61.151.178.163 - - [13/Nov/2021:09:13:05 +0800] "GET /xingrg/login.html HTTP/1.1" 200 7641
116.232.54.167 - - [13/Nov/2021:09:13:06 +0800] "GET /xingrg/kc/buy/cgsh_order_operate.html?command=get_materiel&rest_code=00109&code=00101008223&supplier_code=00100005&order_time=2021-11-13 HTTP/1.1" 200 412
116.238.248.233 - - [13/Nov/2021:09:13:08 +0800] "GET /xingrg/all/function/internal_message.html?_=1636765984547&CODE_STATE=getMsg HTTP/1.1" 200 27
124.78.153.86 - - [13/Nov/2021:09:13:08 +0800] "POST /xingrg/kc/buy/cgsh_order_operate.html HTTP/1.1" 200 2065
124.78.153.86 - - [13/Nov/2021:09:13:11 +0800] "GET /xingrg/all/function/internal_message.html?_=1636765985691&CODE_STATE=getMsg HTTP/1.1" 200 27
124.78.153.86 - - [13/Nov/2021:09:13:16 +0800] "GET /xingrg/kc/buy/cgsh_order_operate.html?command=get_materiel&rest_code=00106&code=00101008261&supplier_code=00100007&order_time=2021-11-13 HTTP/1.1" 200 408
116.232.54.167 - - [13/Nov/2021:09:13:18 +0800] "POST /xingrg/kc/buy/cgsh_order_operate.html HTTP/1.1" 200 37
116.232.54.167 - - [13/Nov/2021:09:13:21 +0800] "POST /xingrg/kc/buy/cgsh_order_operate.html HTTP/1.1" 200 33414
222.69.128.81 - - [13/Nov/2021:09:13:22 +0800] "POST /xingrg/services/DataTransmitService HTTP/1.1" 200 524
222.69.128.81 - - [13/Nov/2021:09:13:22 +0800] "POST /xingrg/services/DataTransmitService HTTP/1.1" 200 1979
222.69.128.81 - - [13/Nov/2021:09:13:23 +0800] "POST /xingrg/services/DataTransmitService HTTP/1.1" 200 131627
222.70.171.86 - - [13/Nov/2021:09:13:25 +0800] "GET /xingrg/all/function/internal_message.html?_=1636766021262&CODE_STATE=getMsg HTTP/1.1" 200 27
114.85.125.222 - - [13/Nov/2021:09:13:26 +0800] "GET /xingrg/all/function/internal_message.html?_=1636765925538&CODE_STATE=getMsg HTTP/1.1" 200 27
61.151.178.249 - - [13/Nov/2021:09:13:26 +0800] "GET /xingrg/kc/buy/cgsh_order_operate.html?command=get_materiel&rest_code=00106&code=00101008141&supplier_code=00100007&order_time=2021-11-13 HTTP/1.1" 302 -
222.70.176.97 - - [13/Nov/2021:09:13:27 +0800] "GET /xingrg/kc/buy/cgsh_order_operate.html?command=get_materiel&rest_code=00111&code=00101008114&supplier_code=00100005&order_time=2021-11-13 HTTP/1.1" 200 413
61.151.178.249 - - [13/Nov/2021:09:13:27 +0800] "GET /xingrg/login.html HTTP/1.1" 200 7641
116.238.248.233 - - [13/Nov/2021:09:13:28 +0800] "GET /xingrg/check_reg.html?_=1636766004837 HTTP/1.1" 200 22
222.70.176.97 - - [13/Nov/2021:09:13:29 +0800] "POST /xingrg/kc/buy/cgsh_order_operate.html HTTP/1.1" 200 2065
180.157.253.6 - - [13/Nov/2021:09:13:29 +0800] "GET /xingrg/all/function/internal_message.html?_=1636766005966&CODE_STATE=getMsg HTTP/1.1" 200 27
222.69.128.81 - - [13/Nov/2021:09:13:30 +0800] "GET /xingrg/all/function/internal_message.html?_=1636766006458&CODE_STATE=getMsg HTTP/1.1" 200 27
116.235.93.2 - - [13/Nov/2021:09:13:30 +0800] "GET /xingrg/all/function/internal_message.html?_=1636766485035&CODE_STATE=getMsg HTTP/1.1" 200 27
222.70.176.97 - - [13/Nov/2021:09:13:31 +0800] "GET /xingrg/all/function/internal_message.html?_=1636766004118&CODE_STATE=getMsg HTTP/1.1" 200 27
222.70.176.97 - - [13/Nov/2021:09:13:35 +0800] "GET /xingrg/kc/buy/cgsh_order_operate.html?command=get_materiel&rest_code=00111&code=00101008095&supplier_code=00100005&order_time=2021-11-13 HTTP/1.1" 200 412
61.151.178.177 - - [13/Nov/2021:09:13:36 +0800] "GET /xingrg/kc/buy/cgsh_order_operate.html?command=get_materiel&rest_code=00106&code=00101008072&supplier_code=00100007&order_time=2021-11-13 HTTP/1.1" 302 -
61.151.178.177 - - [13/Nov/2021:09:13:37 +0800] "GET /xingrg/login.html HTTP/1.1" 200 7641
124.78.153.86 - - [13/Nov/2021:09:13:37 +0800] "GET /xingrg/kc/buy/cgsh_order_operate.html?command=get_materiel&rest_code=00106&code=00101008027&supplier_code=00100007&order_time=2021-11-13 HTTP/1.1" 200 409
58.39.139.200 - - [13/Nov/2021:09:13:42 +0800] "GET /xingrg/all/function/internal_message.html?_=1636766019683&CODE_STATE=getMsg HTTP/1.1" 200 27
124.78.153.86 - - [13/Nov/2021:09:13:45 +0800] "GET /xingrg/kc/buy/cgsh_order_operate.html?command=get_materiel&rest_code=00106&code=00101008244&supplier_code=00100007&order_time=2021-11-13 HTTP/1.1" 200 408
116.227.210.113 - - [13/Nov/2021:09:13:54 +0800] "GET /xingrg/check_reg.html?_=1636766015323 HTTP/1.1" 200 22
124.78.153.86 - - [13/Nov/2021:09:13:54 +0800] "GET /xingrg/kc/buy/cgsh_order_operate.html?command=get_materiel&rest_code=00106&code=00101008186&supplier_code=00100007&order_time=2021-11-13 HTTP/1.1" 200 408
116.227.210.113 - - [13/Nov/2021:09:13:54 +0800] "GET /xingrg/all/function/internal_message.html?_=1636766016248&CODE_STATE=getMsg HTTP/1.1" 200 27
124.78.153.86 - - [13/Nov/2021:09:13:57 +0800] "POST /xingrg/kc/buy/cgsh_order_operate.html HTTP/1.1" 200 2065
120.253.135.82 - - [13/Nov/2021:09:13:59 +0800] "GET /xingrg/all/function/internal_message.html?_=1636765807363&CODE_STATE=getMsg HTTP/1.1" 200 27
101.85.238.236 - - [13/Nov/2021:09:13:59 +0800] "GET /xingrg/all/function/internal_message.html?_=1636766039880&CODE_STATE=getMsg HTTP/1.1" 200 27
116.232.54.167 - - [13/Nov/2021:09:14:01 +0800] "GET /xingrg/all/function/internal_message.html?_=1636766037389&CODE_STATE=getMsg HTTP/1.1" 200 27
180.169.147.146 - - [13/Nov/2021:09:14:02 +0800] "GET /xingrg/all/function/internal_message.html?_=1636766105997&CODE_STATE=getMsg HTTP/1.1" 200 27
124.78.153.86 - - [13/Nov/2021:09:14:03 +0800] "GET /xingrg/kc/buy/cgsh_order_operate.html?command=get_materiel&rest_code=00106&code=00101008224&supplier_code=00100007&order_time=2021-11-13 HTTP/1.1" 200 416
116.238.248.233 - - [13/Nov/2021:09:14:08 +0800] "GET /xingrg/all/function/internal_message.html?_=1636766044528&CODE_STATE=getMsg HTTP/1.1" 200 27
222.70.171.86 - - [13/Nov/2021:09:14:08 +0800] "GET /xingrg/check_reg.html?_=1636766064950 HTTP/1.1" 200 22
124.78.153.86 - - [13/Nov/2021:09:14:11 +0800] "GET /xingrg/all/function/internal_message.html?_=1636766045681&CODE_STATE=getMsg HTTP/1.1" 200 27
222.69.128.81 - - [13/Nov/2021:09:14:17 +0800] "GET /xingrg/kc/buy/cgsh_order_operate.html?command=get_materiel&rest_code=00149&code=00101006130&supplier_code=00100012&order_time=2021-11-13 HTTP/1.1" 200 447
124.78.153.86 - - [13/Nov/2021:09:14:19 +0800] "GET /xingrg/kc/buy/cgsh_order_operate.html?command=get_materiel&rest_code=00106&code=00101008067&supplier_code=00100007&order_time=2021-11-13 HTTP/1.1" 200 416
222.70.171.86 - - [13/Nov/2021:09:14:25 +0800] "GET /xingrg/all/function/internal_message.html?_=1636766081277&CODE_STATE=getMsg HTTP/1.1" 200 27
114.85.125.222 - - [13/Nov/2021:09:14:26 +0800] "GET /xingrg/all/function/internal_message.html?_=1636765985552&CODE_STATE=getMsg HTTP/1.1" 200 27
124.78.153.86 - - [13/Nov/2021:09:14:27 +0800] "GET /xingrg/kc/buy/cgsh_order_operate.html?command=get_materiel&rest_code=00106&code=00101008301&supplier_code=00100007&order_time=2021-11-13 HTTP/1.1" 200 422
180.157.253.6 - - [13/Nov/2021:09:14:29 +0800] "GET /xingrg/all/function/internal_message.html?_=1636766065965&CODE_STATE=getMsg HTTP/1.1" 200 27
222.69.128.81 - - [13/Nov/2021:09:14:30 +0800] "GET /xingrg/all/function/internal_message.html?_=1636766066439&CODE_STATE=getMsg HTTP/1.1" 200 27
116.235.93.2 - - [13/Nov/2021:09:14:30 +0800] "GET /xingrg/all/function/internal_message.html?_=1636766545048&CODE_STATE=getMsg HTTP/1.1" 200 27
222.69.128.81 - - [13/Nov/2021:09:14:31 +0800] "GET /xingrg/kc/buy/cgsh_order_operate.html?command=get_materiel&rest_code=00149&code=00101006144&supplier_code=00100012&order_time=2021-11-13 HTTP/1.1" 200 409
222.70.176.97 - - [13/Nov/2021:09:14:31 +0800] "GET /xingrg/all/function/internal_message.html?_=1636766064128&CODE_STATE=getMsg HTTP/1.1" 200 27
61.151.178.249 - - [13/Nov/2021:09:14:34 +0800] "GET /xingrg/kc/buy/cgsh_order_operate.html?command=get_materiel&rest_code=00106&code=00101008027&supplier_code=00100007&order_time=2021-11-13 HTTP/1.1" 302 -
61.151.178.249 - - [13/Nov/2021:09:14:36 +0800] "GET /xingrg/login.html HTTP/1.1" 200 7641
124.78.153.86 - - [13/Nov/2021:09:14:41 +0800] "POST /xingrg/kc/buy/cgsh_order_operate.html HTTP/1.1" 200 2065
58.39.139.200 - - [13/Nov/2021:09:14:42 +0800] "GET /xingrg/all/function/internal_message.html?_=1636766079690&CODE_STATE=getMsg HTTP/1.1" 200 27
222.70.176.97 - - [13/Nov/2021:09:14:48 +0800] "POST /xingrg/kc/buy/cgsh_order_operate.html HTTP/1.1" 200 37
222.70.176.97 - - [13/Nov/2021:09:14:49 +0800] "POST /xingrg/kc/buy/cgsh_order_operate.html HTTP/1.1" 200 44052
222.69.128.81 - - [13/Nov/2021:09:14:50 +0800] "GET /xingrg/kc/buy/cgsh_order_operate.html?command=get_materiel&rest_code=00149&code=00101006058&supplier_code=00100012&order_time=2021-11-13 HTTP/1.1" 200 413
222.70.176.97 - - [13/Nov/2021:09:14:53 +0800] "GET /xingrg/kc/print/load_config.html?kc_code=cgsh HTTP/1.1" 200 2281
222.70.176.97 - - [13/Nov/2021:09:14:54 +0800] "GET /xingrg/kc/print/load_data.html?order_code=212021111305325&kc_code=cgsh&condition= HTTP/1.1" 200 16347
116.227.210.113 - - [13/Nov/2021:09:14:54 +0800] "GET /xingrg/all/function/internal_message.html?_=1636766076229&CODE_STATE=getMsg HTTP/1.1" 200 27
124.78.153.86 - - [13/Nov/2021:09:14:56 +0800] "GET /xingrg/kc/buy/cgsh_order_operate.html?command=get_materiel&rest_code=00106&code=00101008295&supplier_code=00100007&order_time=2021-11-13 HTTP/1.1" 200 412
120.253.135.82 - - [13/Nov/2021:09:14:58 +0800] "GET /xingrg/check_reg.html?_=1636765866651 HTTP/1.1" 200 22
222.69.128.81 - - [13/Nov/2021:09:14:58 +0800] "GET /xingrg/kc/buy/cgsh_order_operate.html?command=get_materiel&rest_code=00149&code=00101006113&supplier_code=00100012&order_time=2021-11-13 HTTP/1.1" 200 413
120.253.135.82 - - [13/Nov/2021:09:14:59 +0800] "GET /xingrg/all/function/internal_message.html?_=1636765867377&CODE_STATE=getMsg HTTP/1.1" 200 27
101.85.238.236 - - [13/Nov/2021:09:14:59 +0800] "GET /xingrg/all/function/internal_message.html?_=1636766099871&CODE_STATE=getMsg HTTP/1.1" 200 27
222.70.176.97 - - [13/Nov/2021:09:15:00 +0800] "GET /xingrg/kc/buy/cgsh_order_add.html HTTP/1.1" 200 64739
116.232.54.167 - - [13/Nov/2021:09:15:01 +0800] "GET /xingrg/all/function/internal_message.html?_=1636766097391&CODE_STATE=getMsg HTTP/1.1" 200 27
222.70.176.97 - - [13/Nov/2021:09:15:01 +0800] "POST /xingrg/kc/buy/cgsh_order_operate.html HTTP/1.1" 200 8245
222.70.176.97 - - [13/Nov/2021:09:15:01 +0800] "GET /xingrg/javascript/easyui/themes/default/validatebox.css HTTP/1.1" 404 1104
180.169.147.146 - - [13/Nov/2021:09:15:02 +0800] "GET /xingrg/all/function/internal_message.html?_=1636766166027&CODE_STATE=getMsg HTTP/1.1" 200 27
124.78.153.86 - - [13/Nov/2021:09:15:03 +0800] "GET /xingrg/kc/buy/cgsh_order_operate.html?command=get_materiel&rest_code=00106&code=00101008353&supplier_code=00100007&order_time=2021-11-13 HTTP/1.1" 200 428
116.238.248.233 - - [13/Nov/2021:09:15:08 +0800] "GET /xingrg/all/function/internal_message.html?_=1636766104515&CODE_STATE=getMsg HTTP/1.1" 200 27
222.70.176.97 - - [13/Nov/2021:09:15:10 +0800] "GET /xingrg/kc/buy/cgsh_order_operate.html?command=get_materiel&rest_code=00111&code=00101002027&supplier_code=00100199&order_time=2021-11-13 HTTP/1.1" 200 413
124.78.153.86 - - [13/Nov/2021:09:15:11 +0800] "GET /xingrg/all/function/internal_message.html?_=1636766105680&CODE_STATE=getMsg HTTP/1.1" 200 27
124.78.153.86 - - [13/Nov/2021:09:15:11 +0800] "GET /xingrg/kc/buy/cgsh_order_operate.html?command=get_materiel&rest_code=00106&code=00101008213&supplier_code=00100007&order_time=2021-11-13 HTTP/1.1" 200 412
222.69.128.81 - - [13/Nov/2021:09:15:16 +0800] "GET /xingrg/kc/buy/cgsh_order_operate.html?command=get_materiel&rest_code=00149&code=00101007067&supplier_code=00100012&order_time=2021-11-13 HTTP/1.1" 200 409
124.78.153.86 - - [13/Nov/2021:09:15:17 +0800] "GET /xingrg/kc/buy/cgsh_order_operate.html?command=get_materiel&rest_code=00106&code=00101008242&supplier_code=00100007&order_time=2021-11-13 HTTP/1.1" 200 409
124.78.153.86 - - [13/Nov/2021:09:15:22 +0800] "POST /xingrg/kc/buy/cgsh_order_operate.html HTTP/1.1" 200 2065
222.70.171.86 - - [13/Nov/2021:09:15:25 +0800] "GET /xingrg/all/function/internal_message.html?_=1636766141291&CODE_STATE=getMsg HTTP/1.1" 200 27
114.85.125.222 - - [13/Nov/2021:09:15:26 +0800] "GET /xingrg/all/function/internal_message.html?_=1636766045595&CODE_STATE=getMsg HTTP/1.1" 200 27
124.78.153.86 - - [13/Nov/2021:09:15:27 +0800] "GET /xingrg/kc/buy/cgsh_order_operate.html?command=get_materiel&rest_code=00106&code=00101008350&supplier_code=00100007&order_time=2021-11-13 HTTP/1.1" 200 408
180.157.253.6 - - [13/Nov/2021:09:15:29 +0800] "GET /xingrg/all/function/internal_message.html?_=1636766125964&CODE_STATE=getMsg HTTP/1.1" 200 27
222.69.128.81 - - [13/Nov/2021:09:15:30 +0800] "GET /xingrg/check_reg.html?_=1636766126168 HTTP/1.1" 200 22
222.69.128.81 - - [13/Nov/2021:09:15:30 +0800] "GET /xingrg/all/function/internal_message.html?_=1636766126423&CODE_STATE=getMsg HTTP/1.1" 200 27
116.235.93.2 - - [13/Nov/2021:09:15:30 +0800] "GET /xingrg/all/function/internal_message.html?_=1636766605087&CODE_STATE=getMsg HTTP/1.1" 200 27
222.70.176.97 - - [13/Nov/2021:09:15:31 +0800] "GET /xingrg/check_reg.html?_=1636766124136 HTTP/1.1" 200 22
222.70.176.97 - - [13/Nov/2021:09:15:31 +0800] "GET /xingrg/all/function/internal_message.html?_=1636766124139&CODE_STATE=getMsg HTTP/1.1" 200 27
222.70.176.97 - - [13/Nov/2021:09:15:33 +0800] "GET /xingrg/kc/buy/cgsh_order_operate.html?command=get_materiel&rest_code=00111&code=00101002016&supplier_code=00100199&order_time=2021-11-13 HTTP/1.1" 200 415
114.85.125.222 - - [13/Nov/2021:09:15:35 +0800] "GET /xingrg/check_reg.html?_=1636766054521 HTTP/1.1" 200 22
58.39.139.200 - - [13/Nov/2021:09:15:42 +0800] "GET /xingrg/all/function/internal_message.html?_=1636766139684&CODE_STATE=getMsg HTTP/1.1" 200 27
124.78.153.86 - - [13/Nov/2021:09:15:45 +0800] "GET /xingrg/kc/buy/cgsh_order_operate.html?command=get_materiel&rest_code=00106&code=00101008323&supplier_code=00100007&order_time=2021-11-13 HTTP/1.1" 200 408
222.70.176.97 - - [13/Nov/2021:09:15:47 +0800] "GET /xingrg/kc/buy/cgsh_order_operate.html?command=get_materiel&rest_code=00111&code=00101002006&supplier_code=00100199&order_time=2021-11-13 HTTP/1.1" 200 414
116.232.33.195 - - [13/Nov/2021:09:15:51 +0800] "POST /xingrg/services/DataTransmitService HTTP/1.1" 200 524
124.78.153.86 - - [13/Nov/2021:09:15:54 +0800] "POST /xingrg/kc/buy/cgsh_order_operate.html HTTP/1.1" 200 37
222.69.128.81 - - [13/Nov/2021:09:15:54 +0800] "GET /xingrg/javascript/jquery_easy_ui/themes/icons/rest.png HTTP/1.1" 200 695
222.69.128.81 - - [13/Nov/2021:09:15:54 +0800] "GET /xingrg/javascript/jquery_easy_ui/themes/icons/area.png HTTP/1.1" 200 262
116.227.210.113 - - [13/Nov/2021:09:15:54 +0800] "GET /xingrg/all/function/internal_message.html?_=1636766136214&CODE_STATE=getMsg HTTP/1.1" 200 27
116.232.33.195 - - [13/Nov/2021:09:15:55 +0800] "POST /xingrg/services/DataTransmitService HTTP/1.1" 200 501
116.232.33.195 - - [13/Nov/2021:09:15:56 +0800] "POST /xingrg/services/DataTransmitService HTTP/1.1" 200 524
222.70.176.97 - - [13/Nov/2021:09:15:58 +0800] "POST /xingrg/kc/buy/cgsh_order_operate.html HTTP/1.1" 200 37
124.78.153.86 - - [13/Nov/2021:09:15:58 +0800] "POST /xingrg/kc/buy/cgsh_order_operate.html HTTP/1.1" 200 29815
120.253.135.82 - - [13/Nov/2021:09:15:59 +0800] "GET /xingrg/all/function/internal_message.html?_=1636765927390&CODE_STATE=getMsg HTTP/1.1" 200 27
116.238.248.233 - - [13/Nov/2021:09:16:00 +0800] "GET /xingrg/kc/buy/cgsh_order_list.html HTTP/1.1" 200 49010
222.70.176.97 - - [13/Nov/2021:09:16:01 +0800] "POST /xingrg/kc/buy/cgsh_order_operate.html HTTP/1.1" 200 4444
116.232.54.167 - - [13/Nov/2021:09:16:01 +0800] "GET /xingrg/all/function/internal_message.html?_=1636766157394&CODE_STATE=getMsg HTTP/1.1" 200 27
116.238.248.233 - - [13/Nov/2021:09:16:01 +0800] "POST /xingrg/kc/buy/cgsh_list_operate.html HTTP/1.1" 200 876
222.70.176.97 - - [13/Nov/2021:09:16:02 +0800] "GET /xingrg/kc/print/load_data.html?order_code=212021111305327&kc_code=cgsh&condition= HTTP/1.1" 200 1358
180.169.147.146 - - [13/Nov/2021:09:16:02 +0800] "GET /xingrg/all/function/internal_message.html?_=1636766226026&CODE_STATE=getMsg HTTP/1.1" 200 27
180.169.147.146 - - [13/Nov/2021:09:16:02 +0800] "GET /xingrg/check_reg.html?_=1636766226027 HTTP/1.1" 200 22
222.69.128.81 - - [13/Nov/2021:09:16:04 +0800] "POST /xingrg/kc/buy/cgsh_order_operate.html HTTP/1.1" 200 37
116.238.248.233 - - [13/Nov/2021:09:16:07 +0800] "GET /xingrg/kc/buy/cgsh_order_add.html HTTP/1.1" 200 64663
116.238.248.233 - - [13/Nov/2021:09:16:07 +0800] "GET /xingrg/words/20211112171753_words.js HTTP/1.1" 304 -
116.238.248.233 - - [13/Nov/2021:09:16:07 +0800] "GET /xingrg/all/common/auto_word.html?type=employee&rest_code=00150 HTTP/1.1" 200 159
116.238.248.233 - - [13/Nov/2021:09:16:07 +0800] "GET /xingrg/javascript/easyui/themes/default/validatebox.css HTTP/1.1" 404 1104
116.238.248.233 - - [13/Nov/2021:09:16:07 +0800] "GET /xingrg/all/common/auto_word.html?type=employee&rest_code=00150 HTTP/1.1" 200 159
116.238.248.233 - - [13/Nov/2021:09:16:07 +0800] "POST /xingrg/kc/buy/cgsh_order_operate.html HTTP/1.1" 200 8245
116.238.248.233 - - [13/Nov/2021:09:16:08 +0800] "GET /xingrg/all/function/internal_message.html?_=1636766164499&CODE_STATE=getMsg HTTP/1.1" 200 27
222.70.176.97 - - [13/Nov/2021:09:16:08 +0800] "GET /xingrg/kc/buy/cgsh_order_add.html HTTP/1.1" 200 64739
222.70.176.97 - - [13/Nov/2021:09:16:08 +0800] "POST /xingrg/kc/buy/cgsh_order_operate.html HTTP/1.1" 200 8245
222.70.176.97 - - [13/Nov/2021:09:16:08 +0800] "GET /xingrg/javascript/easyui/themes/default/validatebox.css HTTP/1.1" 404 1104
61.151.207.158 - - [13/Nov/2021:09:16:10 +0800] "GET /xingrg/all/function/internal_message.html?_=1636766105680&CODE_STATE=getMsg HTTP/1.1" 302 -
124.78.153.86 - - [13/Nov/2021:09:16:11 +0800] "GET /xingrg/all/function/internal_message.html?_=1636766165771&CODE_STATE=getMsg HTTP/1.1" 200 27
222.69.128.81 - - [13/Nov/2021:09:16:11 +0800] "POST /xingrg/kc/buy/cgsh_order_operate.html HTTP/1.1" 200 12
61.151.207.158 - - [13/Nov/2021:09:16:11 +0800] "GET /xingrg/login.html HTTP/1.1" 200 7641
124.78.153.86 - - [13/Nov/2021:09:16:12 +0800] "GET /xingrg/kc/buy/cgsh_order_operate.html?command=get_materiel&rest_code=00106&code=00101008175&supplier_code=00100007&order_time=2021-11-13 HTTP/1.1" 200 412
222.69.128.81 - - [13/Nov/2021:09:16:13 +0800] "GET /xingrg/kc/buy/cgsh_order_info.html?code=212021111305328 HTTP/1.1" 200 59742
222.69.128.81 - - [13/Nov/2021:09:16:13 +0800] "GET /xingrg/javascript/easyui/themes/default/validatebox.css HTTP/1.1" 404 1104
222.69.128.81 - - [13/Nov/2021:09:16:13 +0800] "POST /xingrg/kc/buy/cgsh_order_operate.html HTTP/1.1" 200 3595
222.69.128.81 - - [13/Nov/2021:09:16:15 +0800] "GET /xingrg/kc/print/load_data.html?order_code=212021111305328&kc_code=cgsh&condition= HTTP/1.1" 200 1962
101.89.239.120 - - [13/Nov/2021:09:16:15 +0800] "GET /xingrg/kc/buy/cgsh_order_operate.html?command=get_materiel&rest_code=00106&code=00101008242&supplier_code=00100007&order_time=2021-11-13 HTTP/1.1" 302 -
101.89.239.120 - - [13/Nov/2021:09:16:16 +0800] "GET /xingrg/login.html HTTP/1.1" 200 7641
124.78.153.86 - - [13/Nov/2021:09:16:18 +0800] "GET /xingrg/kc/buy/cgsh_order_operate.html?command=get_materiel&rest_code=00106&code=00101008155&supplier_code=00100007&order_time=2021-11-13 HTTP/1.1" 200 408
222.69.128.81 - - [13/Nov/2021:09:16:23 +0800] "GET /xingrg/kc/buy/cgsh_order_add.html HTTP/1.1" 200 64833
222.69.128.81 - - [13/Nov/2021:09:16:23 +0800] "POST /xingrg/kc/buy/cgsh_order_operate.html HTTP/1.1" 200 8245
222.69.128.81 - - [13/Nov/2021:09:16:24 +0800] "GET /xingrg/javascript/easyui/themes/default/validatebox.css HTTP/1.1" 404 1104
222.70.171.86 - - [13/Nov/2021:09:16:25 +0800] "GET /xingrg/all/function/internal_message.html?_=1636766201338&CODE_STATE=getMsg HTTP/1.1" 200 27
222.70.176.97 - - [13/Nov/2021:09:16:26 +0800] "GET /xingrg/kc/buy/cgsh_order_operate.html?command=get_materiel&rest_code=00111&code=00101006038&supplier_code=00100012&order_time=2021-11-13 HTTP/1.1" 200 421
114.85.125.222 - - [13/Nov/2021:09:16:26 +0800] "GET /xingrg/all/function/internal_message.html?_=1636766105596&CODE_STATE=getMsg HTTP/1.1" 200 27
180.157.253.6 - - [13/Nov/2021:09:16:29 +0800] "GET /xingrg/all/function/internal_message.html?_=1636766185963&CODE_STATE=getMsg HTTP/1.1" 200 27
116.238.248.233 - - [13/Nov/2021:09:16:30 +0800] "GET /xingrg/kc/buy/cgsh_order_operate.html?command=get_materiel&rest_code=00150&code=00101011005&supplier_code=00100047&order_time=2021-11-13 HTTP/1.1" 200 429
222.69.128.81 - - [13/Nov/2021:09:16:30 +0800] "GET /xingrg/all/function/internal_message.html?_=1636766186401&CODE_STATE=getMsg HTTP/1.1" 200 27
116.235.93.2 - - [13/Nov/2021:09:16:30 +0800] "GET /xingrg/all/function/internal_message.html?_=1636766665091&CODE_STATE=getMsg HTTP/1.1" 200 27
222.70.176.97 - - [13/Nov/2021:09:16:31 +0800] "GET /xingrg/all/function/internal_message.html?_=1636766184140&CODE_STATE=getMsg HTTP/1.1" 200 27
124.78.153.86 - - [13/Nov/2021:09:16:33 +0800] "GET /xingrg/kc/buy/cgsh_order_operate.html?command=get_materiel&rest_code=00106&code=00101008439&supplier_code=00100007&order_time=2021-11-13 HTTP/1.1" 200 398
124.78.153.86 - - [13/Nov/2021:09:16:36 +0800] "POST /xingrg/kc/buy/cgsh_order_operate.html HTTP/1.1" 200 2065
222.70.176.97 - - [13/Nov/2021:09:16:38 +0800] "GET /xingrg/kc/buy/cgsh_order_operate.html?command=get_materiel&rest_code=00111&code=00101006109&supplier_code=00100012&order_time=2021-11-13 HTTP/1.1" 200 409
116.238.248.233 - - [13/Nov/2021:09:16:38 +0800] "GET /xingrg/kc/buy/cgsh_order_operate.html?command=get_materiel&rest_code=00150&code=00101011003&supplier_code=00100047&order_time=2021-11-13 HTTP/1.1" 200 413
124.78.153.86 - - [13/Nov/2021:09:16:40 +0800] "GET /xingrg/kc/buy/cgsh_order_operate.html?command=get_materiel&rest_code=00106&code=00101008223&supplier_code=00100007&order_time=2021-11-13 HTTP/1.1" 200 412
58.39.139.200 - - [13/Nov/2021:09:16:42 +0800] "GET /xingrg/all/function/internal_message.html?_=1636766199687&CODE_STATE=getMsg HTTP/1.1" 200 27
116.232.33.195 - - [13/Nov/2021:09:16:42 +0800] "POST /xingrg/services/DataTransmitService HTTP/1.1" 200 501
116.232.33.195 - - [13/Nov/2021:09:16:42 +0800] "POST /xingrg/services/DataTransmitService HTTP/1.1" 200 501
116.232.33.195 - - [13/Nov/2021:09:16:43 +0800] "POST /xingrg/services/DataTransmitService HTTP/1.1" 200 501
116.232.33.195 - - [13/Nov/2021:09:16:44 +0800] "POST /xingrg/services/DataTransmitService HTTP/1.1" 200 501
116.238.248.233 - - [13/Nov/2021:09:16:45 +0800] "POST /xingrg/kc/buy/cgsh_order_operate.html HTTP/1.1" 200 37
116.232.33.195 - - [13/Nov/2021:09:16:45 +0800] "POST /xingrg/services/DataTransmitService HTTP/1.1" 200 501
222.69.128.81 - - [13/Nov/2021:09:16:45 +0800] "GET /xingrg/kc/buy/cgsh_order_operate.html?command=get_materiel&rest_code=00149&code=00101020153&supplier_code=00100036&order_time=2021-11-13 HTTP/1.1" 200 408
116.232.33.195 - - [13/Nov/2021:09:16:45 +0800] "POST /xingrg/services/DataTransmitService HTTP/1.1" 200 501
116.232.33.195 - - [13/Nov/2021:09:16:45 +0800] "POST /xingrg/services/DataTransmitService HTTP/1.1" 200 501
116.232.33.195 - - [13/Nov/2021:09:16:46 +0800] "POST /xingrg/services/DataTransmitService HTTP/1.1" 200 501
222.70.176.97 - - [13/Nov/2021:09:16:46 +0800] "GET /xingrg/kc/buy/cgsh_order_operate.html?command=get_materiel&rest_code=00111&code=00101006111&supplier_code=00100012&order_time=2021-11-13 HTTP/1.1" 200 409
116.232.33.195 - - [13/Nov/2021:09:16:46 +0800] "POST /xingrg/services/DataTransmitService HTTP/1.1" 200 501
116.232.33.195 - - [13/Nov/2021:09:16:47 +0800] "POST /xingrg/services/DataTransmitService HTTP/1.1" 200 501
116.238.248.233 - - [13/Nov/2021:09:16:48 +0800] "POST /xingrg/kc/buy/cgsh_order_operate.html HTTP/1.1" 200 12
116.232.33.195 - - [13/Nov/2021:09:16:49 +0800] "POST /xingrg/services/DataTransmitService HTTP/1.1" 200 412
116.238.248.233 - - [13/Nov/2021:09:16:49 +0800] "GET /xingrg/kc/buy/cgsh_order_info.html?code=212021111305329 HTTP/1.1" 200 59572
116.238.248.233 - - [13/Nov/2021:09:16:49 +0800] "GET /xingrg/javascript/easyui/themes/default/validatebox.css HTTP/1.1" 404 1104
116.238.248.233 - - [13/Nov/2021:09:16:50 +0800] "POST /xingrg/kc/buy/cgsh_order_operate.html HTTP/1.1" 200 1194
116.238.248.233 - - [13/Nov/2021:09:16:51 +0800] "GET /xingrg/kc/print/load_config.html?kc_code=cgsh HTTP/1.1" 200 2281
116.238.248.233 - - [13/Nov/2021:09:16:51 +0800] "GET /xingrg/kc/print/load_data.html?order_code=212021111305329&kc_code=cgsh&condition= HTTP/1.1" 200 980
222.69.128.81 - - [13/Nov/2021:09:16:53 +0800] "GET /xingrg/kc/buy/cgsh_order_operate.html?command=get_materiel&rest_code=00149&code=00101012025&supplier_code=00100036&order_time=2021-11-13 HTTP/1.1" 200 412
116.227.210.113 - - [13/Nov/2021:09:16:54 +0800] "GET /xingrg/all/function/internal_message.html?_=1636766196191&CODE_STATE=getMsg HTTP/1.1" 200 27
116.238.248.233 - - [13/Nov/2021:09:16:58 +0800] "GET /xingrg/index.html?sysBaseUrl=http%3A%2F%2F180.169.147.146%3A18081%2Fxingrg%2F&costTime=40×tamp=1636621600774 HTTP/1.1" 200 17179
116.238.248.233 - - [13/Nov/2021:09:16:58 +0800] "GET /favicon.ico HTTP/1.1" 404 -
120.253.135.82 - - [13/Nov/2021:09:16:59 +0800] "GET /xingrg/all/function/internal_message.html?_=1636765987404&CODE_STATE=getMsg HTTP/1.1" 200 27
116.232.54.167 - - [13/Nov/2021:09:17:01 +0800] "GET /xingrg/all/function/internal_message.html?_=1636766217397&CODE_STATE=getMsg HTTP/1.1" 200 27
116.232.54.167 - - [13/Nov/2021:09:17:01 +0800] "GET /xingrg/check_reg.html?_=1636766217398 HTTP/1.1" 200 22
180.169.147.146 - - [13/Nov/2021:09:17:02 +0800] "GET /xingrg/all/function/internal_message.html?_=1636766286025&CODE_STATE=getMsg HTTP/1.1" 200 27
222.69.128.81 - - [13/Nov/2021:09:17:03 +0800] "GET /xingrg/kc/buy/cgsh_order_operate.html?command=get_materiel&rest_code=00149&code=00101010092&supplier_code=00100036&order_time=2021-11-13 HTTP/1.1" 200 450
116.238.248.233 - - [13/Nov/2021:09:17:04 +0800] "POST /xingrg/kc/buy/cgsh_order_operate.html HTTP/1.1" 200 12
124.78.153.86 - - [13/Nov/2021:09:17:05 +0800] "GET /xingrg/kc/buy/cgsh_order_operate.html?command=get_materiel&rest_code=00106&code=00101008236&supplier_code=00100007&order_time=2021-11-13 HTTP/1.1" 200 416
116.232.54.167 - - [13/Nov/2021:09:17:05 +0800] "GET /xingrg/kc/buy/cgsh_order_operate.html?command=get_materiel&rest_code=00109&code=00101008131&supplier_code=00100005&order_time=2021-11-13 HTTP/1.1" 200 408
116.238.248.233 - - [13/Nov/2021:09:17:05 +0800] "GET /xingrg/kc/buy/cgsh_order_info.html?code=212021111305329 HTTP/1.1" 200 64672
116.238.248.233 - - [13/Nov/2021:09:17:06 +0800] "GET /xingrg/javascript/easyui/themes/default/validatebox.css HTTP/1.1" 404 1104
116.238.248.233 - - [13/Nov/2021:09:17:06 +0800] "POST /xingrg/kc/buy/cgsh_order_operate.html HTTP/1.1" 200 3244
116.238.248.233 - - [13/Nov/2021:09:17:08 +0800] "GET /xingrg/all/function/internal_message.html?_=1636766224476&CODE_STATE=getMsg HTTP/1.1" 200 27
124.78.153.86 - - [13/Nov/2021:09:17:11 +0800] "GET /xingrg/check_reg.html?_=1636766225809 HTTP/1.1" 200 22
124.78.153.86 - - [13/Nov/2021:09:17:11 +0800] "GET /xingrg/all/function/internal_message.html?_=1636766225810&CODE_STATE=getMsg HTTP/1.1" 200 27
116.238.248.233 - - [13/Nov/2021:09:17:13 +0800] "POST /xingrg/kc/buy/cgsh_order_operate.html HTTP/1.1" 200 37
116.238.248.233 - - [13/Nov/2021:09:17:14 +0800] "POST /xingrg/kc/buy/cgsh_order_operate.html HTTP/1.1" 200 3247
116.232.54.167 - - [13/Nov/2021:09:17:15 +0800] "GET /xingrg/kc/buy/cgsh_order_operate.html?command=get_materiel&rest_code=00109&code=00101008353&supplier_code=00100005&order_time=2021-11-13 HTTP/1.1" 200 428
101.89.239.238 - - [13/Nov/2021:09:17:17 +0800] "GET /xingrg/kc/buy/cgsh_order_operate.html?command=get_materiel&rest_code=00106&code=00101008155&supplier_code=00100007&order_time=2021-11-13 HTTP/1.1" 302 -
101.89.239.238 - - [13/Nov/2021:09:17:17 +0800] "GET /xingrg/login.html HTTP/1.1" 200 7641
222.69.128.81 - - [13/Nov/2021:09:17:17 +0800] "GET /xingrg/kc/buy/cgsh_order_operate.html?command=get_materiel&rest_code=00149&code=00101016080&supplier_code=00100036&order_time=2021-11-13 HTTP/1.1" 200 408
124.78.153.86 - - [13/Nov/2021:09:17:21 +0800] "GET /xingrg/kc/buy/cgsh_order_operate.html?command=get_materiel&rest_code=00106&code=00101008109&supplier_code=00100007&order_time=2021-11-13 HTTP/1.1" 200 413
116.238.248.233 - - [13/Nov/2021:09:17:21 +0800] "GET /xingrg/login.html HTTP/1.1" 200 7641
116.238.248.233 - - [13/Nov/2021:09:17:22 +0800] "GET /favicon.ico HTTP/1.1" 404 -
116.232.54.167 - - [13/Nov/2021:09:17:24 +0800] "GET /xingrg/kc/buy/cgsh_order_operate.html?command=get_materiel&rest_code=00109&code=00101008114&supplier_code=00100005&order_time=2021-11-13 HTTP/1.1" 200 413
222.69.128.81 - - [13/Nov/2021:09:17:25 +0800] "POST /xingrg/services/DataTransmitService HTTP/1.1" 200 524
124.78.153.86 - - [13/Nov/2021:09:17:25 +0800] "POST /xingrg/kc/buy/cgsh_order_operate.html HTTP/1.1" 200 2065
222.70.171.86 - - [13/Nov/2021:09:17:25 +0800] "GET /xingrg/all/function/internal_message.html?_=1636766261350&CODE_STATE=getMsg HTTP/1.1" 200 27
114.85.125.222 - - [13/Nov/2021:09:17:26 +0800] "GET /xingrg/all/function/internal_message.html?_=1636766165609&CODE_STATE=getMsg HTTP/1.1" 200 27
222.69.128.81 - - [13/Nov/2021:09:17:27 +0800] "POST /xingrg/kc/buy/cgsh_order_operate.html HTTP/1.1" 200 37
116.238.248.233 - - [13/Nov/2021:09:17:27 +0800] "POST /xingrg/login.do HTTP/1.1" 302 -
116.238.248.233 - - [13/Nov/2021:09:17:27 +0800] "GET /xingrg/index.html?sysBaseUrl=http%3A%2F%2F180.169.147.146%3A18081%2Fxingrg%2F&costTime=157×tamp=1636766247682 HTTP/1.1" 200 17177
116.238.248.233 - - [13/Nov/2021:09:17:27 +0800] "GET /favicon.ico HTTP/1.1" 404 -
116.238.248.233 - - [13/Nov/2021:09:17:28 +0800] "POST /xingrg/all/common/load_tree.html?tree=area_rest_tree_json&manage=1 HTTP/1.1" 200 476
116.238.248.233 - - [13/Nov/2021:09:17:28 +0800] "GET /xingrg/all/function/internal_message.html?_=1636766244381&CODE_STATE=count HTTP/1.1" 200 11
116.238.248.233 - - [13/Nov/2021:09:17:28 +0800] "GET /xingrg/check_reg.html?_=1636766244384 HTTP/1.1" 200 22
116.238.248.233 - - [13/Nov/2021:09:17:28 +0800] "POST /xingrg/load_menu.html HTTP/1.1" 200 5138
180.157.253.6 - - [13/Nov/2021:09:17:29 +0800] "GET /xingrg/all/function/internal_message.html?_=1636766245962&CODE_STATE=getMsg HTTP/1.1" 200 27
180.157.253.6 - - [13/Nov/2021:09:17:29 +0800] "GET /xingrg/check_reg.html?_=1636766245965 HTTP/1.1" 200 22
116.235.93.2 - - [13/Nov/2021:09:17:30 +0800] "GET /xingrg/check_reg.html?_=1636766724770 HTTP/1.1" 200 22
222.69.128.81 - - [13/Nov/2021:09:17:30 +0800] "GET /xingrg/all/function/internal_message.html?_=1636766246379&CODE_STATE=getMsg HTTP/1.1" 200 27
116.235.93.2 - - [13/Nov/2021:09:17:30 +0800] "GET /xingrg/all/function/internal_message.html?_=1636766725105&CODE_STATE=getMsg HTTP/1.1" 200 27
222.70.176.97 - - [13/Nov/2021:09:17:31 +0800] "GET /xingrg/all/function/internal_message.html?_=1636766244131&CODE_STATE=getMsg HTTP/1.1" 200 27
101.91.62.89 - - [13/Nov/2021:09:17:31 +0800] "GET /xingrg/kc/buy/cgsh_order_operate.html?command=get_materiel&rest_code=00106&code=00101008439&supplier_code=00100007&order_time=2021-11-13 HTTP/1.1" 302 -
222.69.128.81 - - [13/Nov/2021:09:17:32 +0800] "POST /xingrg/services/DataTransmitService HTTP/1.1" 200 501
124.78.153.86 - - [13/Nov/2021:09:17:32 +0800] "GET /xingrg/kc/buy/cgsh_order_operate.html?command=get_materiel&rest_code=00106&code=00101008168&supplier_code=00100007&order_time=2021-11-13 HTTP/1.1" 200 412
101.91.62.89 - - [13/Nov/2021:09:17:32 +0800] "GET /xingrg/login.html HTTP/1.1" 200 7641
116.238.248.233 - - [13/Nov/2021:09:17:33 +0800] "POST /xingrg/all/user/operate.html HTTP/1.1" 200 36
116.238.248.233 - - [13/Nov/2021:09:17:33 +0800] "GET /xingrg/javascript/jquery_easy_ui/themes/default/easyui.css HTTP/1.1" 304 -
116.238.248.233 - - [13/Nov/2021:09:17:33 +0800] "GET /xingrg/javascript/jquery_easy_ui/themes/icon.css HTTP/1.1" 304 -
116.238.248.233 - - [13/Nov/2021:09:17:33 +0800] "GET /xingrg/css/form.css HTTP/1.1" 304 -
116.238.248.233 - - [13/Nov/2021:09:17:33 +0800] "GET /xingrg/javascript/jquery-1.4.2.min.js HTTP/1.1" 304 -
116.238.248.233 - - [13/Nov/2021:09:17:33 +0800] "GET /xingrg/index.html?sysBaseUrl=http%3A%2F%2F180.169.147.146%3A18081%2Fxingrg%2F&costTime=157×tamp=1636766247682 HTTP/1.1" 200 17179
116.238.248.233 - - [13/Nov/2021:09:17:33 +0800] "GET /xingrg/javascript/jquery_easy_ui/jquery.easyui.min.js HTTP/1.1" 304 -
116.238.248.233 - - [13/Nov/2021:09:17:33 +0800] "GET /xingrg/javascript/jquery_easy_ui/easyui-lang-zh_CN.js HTTP/1.1" 304 -
116.238.248.233 - - [13/Nov/2021:09:17:33 +0800] "GET /xingrg/javascript/jquery.form.js HTTP/1.1" 304 -
116.238.248.233 - - [13/Nov/2021:09:17:33 +0800] "GET /xingrg/javascript/jquery.utils.js HTTP/1.1" 304 -
116.238.248.233 - - [13/Nov/2021:09:17:33 +0800] "GET /xingrg/javascript/jquery.timers.js HTTP/1.1" 304 -
116.238.248.233 - - [13/Nov/2021:09:17:33 +0800] "GET /xingrg/images/blue/jxLogo.png HTTP/1.1" 304 -
116.238.248.233 - - [13/Nov/2021:09:17:33 +0800] "GET /xingrg/images/blue/navBackgound.jpg HTTP/1.1" 304 -
116.238.248.233 - - [13/Nov/2021:09:17:33 +0800] "GET /xingrg/javascript/jquery_easy_ui/themes/icons/settle_new.png HTTP/1.1" 304 -
116.238.248.233 - - [13/Nov/2021:09:17:33 +0800] "POST /xingrg/all/common/load_tree.html?tree=area_rest_tree_json&manage=1 HTTP/1.1" 200 476
116.238.248.233 - - [13/Nov/2021:09:17:33 +0800] "GET /xingrg/all/function/internal_message.html?_=1636766249908&CODE_STATE=count HTTP/1.1" 200 11
116.238.248.233 - - [13/Nov/2021:09:17:33 +0800] "GET /xingrg/check_reg.html?_=1636766249909 HTTP/1.1" 200 22
116.238.248.233 - - [13/Nov/2021:09:17:33 +0800] "GET /xingrg/javascript/jquery_easy_ui/themes/default/images/tabs_leftarrow.png HTTP/1.1" 304 -
116.238.248.233 - - [13/Nov/2021:09:17:33 +0800] "GET /xingrg/javascript/jquery_easy_ui/themes/default/images/panel_tool_collapse.gif HTTP/1.1" 304 -
116.238.248.233 - - [13/Nov/2021:09:17:33 +0800] "GET /xingrg/javascript/jquery_easy_ui/themes/default/images/tabs_rightarrow.png HTTP/1.1" 304 -
116.238.248.233 - - [13/Nov/2021:09:17:33 +0800] "GET /xingrg/images/blue/pingpu.png HTTP/1.1" 304 -
116.238.248.233 - - [13/Nov/2021:09:17:33 +0800] "POST /xingrg/load_menu.html HTTP/1.1" 200 5138
222.69.128.81 - - [13/Nov/2021:09:17:33 +0800] "POST /xingrg/kc/buy/cgsh_order_operate.html HTTP/1.1" 200 12
116.232.54.167 - - [13/Nov/2021:09:17:34 +0800] "GET /xingrg/kc/buy/cgsh_order_operate.html?command=get_materiel&rest_code=00109&code=00101008160&supplier_code=00100005&order_time=2021-11-13 HTTP/1.1" 200 408
116.238.248.233 - - [13/Nov/2021:09:17:35 +0800] "GET /xingrg/kc/buy/cgsh_order_list.html HTTP/1.1" 200 49010
116.232.54.167 - - [13/Nov/2021:09:17:36 +0800] "POST /xingrg/kc/buy/cgsh_order_operate.html HTTP/1.1" 200 2065
222.69.128.81 - - [13/Nov/2021:09:17:36 +0800] "GET /xingrg/kc/buy/cgsh_order_info.html?code=212021111305330 HTTP/1.1" 200 59744
222.69.128.81 - - [13/Nov/2021:09:17:36 +0800] "GET /xingrg/javascript/easyui/themes/default/validatebox.css HTTP/1.1" 404 1104
222.69.128.81 - - [13/Nov/2021:09:17:37 +0800] "POST /xingrg/kc/buy/cgsh_order_operate.html HTTP/1.1" 200 2385
222.70.176.97 - - [13/Nov/2021:09:17:38 +0800] "GET /xingrg/kc/buy/cgsh_order_operate.html?command=get_materiel&rest_code=00111&code=00101006192&supplier_code=00100012&order_time=2021-11-13 HTTP/1.1" 200 408
116.238.248.233 - - [13/Nov/2021:09:17:38 +0800] "POST /xingrg/kc/buy/cgsh_list_operate.html HTTP/1.1" 200 1688
222.69.128.81 - - [13/Nov/2021:09:17:38 +0800] "GET /xingrg/kc/print/load_data.html?order_code=212021111305330&kc_code=cgsh&condition= HTTP/1.1" 200 1458
222.69.128.81 - - [13/Nov/2021:09:17:40 +0800] "POST /xingrg/services/DataTransmitService HTTP/1.1" 200 524
116.238.248.233 - - [13/Nov/2021:09:17:41 +0800] "POST /xingrg/kc/buy/cgsh_list_operate.html HTTP/1.1" 200 273
124.78.153.86 - - [13/Nov/2021:09:17:41 +0800] "GET /xingrg/kc/buy/cgsh_order_operate.html?command=get_materiel&rest_code=00106&code=00101008095&supplier_code=00100007&order_time=2021-11-13 HTTP/1.1" 200 412
222.69.128.81 - - [13/Nov/2021:09:17:41 +0800] "POST /xingrg/services/DataTransmitService HTTP/1.1" 200 501
58.39.139.200 - - [13/Nov/2021:09:17:42 +0800] "GET /xingrg/check_reg.html?_=1636766259683 HTTP/1.1" 200 22
58.39.139.200 - - [13/Nov/2021:09:17:42 +0800] "GET /xingrg/all/function/internal_message.html?_=1636766259687&CODE_STATE=getMsg HTTP/1.1" 200 27
116.238.248.233 - - [13/Nov/2021:09:17:42 +0800] "GET /xingrg/kc/buy/cgsh_order_info.html?code=212021111305329 HTTP/1.1" 200 64672
116.238.248.233 - - [13/Nov/2021:09:17:42 +0800] "GET /xingrg/javascript/easyui/themes/default/validatebox.css HTTP/1.1" 404 1104
116.238.248.233 - - [13/Nov/2021:09:17:42 +0800] "GET /xingrg/all/common/auto_word.html?type=employee&rest_code=00150 HTTP/1.1" 200 159
116.238.248.233 - - [13/Nov/2021:09:17:42 +0800] "GET /xingrg/all/common/auto_word.html?type=employee&rest_code=00150 HTTP/1.1" 200 159
222.69.128.81 - - [13/Nov/2021:09:17:43 +0800] "GET /xingrg/kc/buy/cgsh_order_add.html HTTP/1.1" 200 64833
