116.238.248.233 - - [13/Nov/2021:08:56:08 +0800] "GET /xingrg/all/function/internal_message.html?_=1636764964815&CODE_STATE=getMsg HTTP/1.1" 200 27
222.70.176.97 - - [13/Nov/2021:08:56:17 +0800] "POST /xingrg/kc/buy/cgsh_list_operate.html HTTP/1.1" 200 4
222.70.176.97 - - [13/Nov/2021:08:56:20 +0800] "POST /xingrg/kc/buy/cgsh_list_operate.html HTTP/1.1" 200 1687
222.70.171.86 - - [13/Nov/2021:08:56:24 +0800] "GET /xingrg/all/function/internal_message.html?_=1636765000828&CODE_STATE=getMsg HTTP/1.1" 200 27
114.85.125.222 - - [13/Nov/2021:08:56:25 +0800] "GET /xingrg/all/function/internal_message.html?_=1636764905136&CODE_STATE=getMsg HTTP/1.1" 200 27
222.69.128.81 - - [13/Nov/2021:08:56:27 +0800] "POST /xingrg/kc/buy/cgsh_order_operate.html HTTP/1.1" 200 2065
222.70.176.97 - - [13/Nov/2021:08:56:27 +0800] "POST /xingrg/kc/buy/cgsh_list_operate.html HTTP/1.1" 200 4
222.70.176.97 - - [13/Nov/2021:08:56:29 +0800] "POST /xingrg/kc/buy/cgsh_list_operate.html HTTP/1.1" 200 876
180.157.253.6 - - [13/Nov/2021:08:56:29 +0800] "GET /xingrg/all/function/internal_message.html?_=1636764985929&CODE_STATE=getMsg HTTP/1.1" 200 27
222.69.128.81 - - [13/Nov/2021:08:56:30 +0800] "GET /xingrg/all/function/internal_message.html?_=1636764986190&CODE_STATE=getMsg HTTP/1.1" 200 27
116.235.93.2 - - [13/Nov/2021:08:56:30 +0800] "GET /xingrg/all/function/internal_message.html?_=1636765464756&CODE_STATE=getMsg HTTP/1.1" 200 27
222.70.176.97 - - [13/Nov/2021:08:56:31 +0800] "GET /xingrg/kc/base/wldb_order_list.html HTTP/1.1" 200 19224
222.70.176.97 - - [13/Nov/2021:08:56:31 +0800] "GET /xingrg/all/function/internal_message.html?_=1636764984156&CODE_STATE=getMsg HTTP/1.1" 200 27
222.70.176.97 - - [13/Nov/2021:08:56:31 +0800] "POST /xingrg/kc/base/wldb_list_operate.html HTTP/1.1" 200 5494
58.39.139.200 - - [13/Nov/2021:08:56:34 +0800] "GET /xingrg/all/function/internal_message.html?_=1636764991966&CODE_STATE=getMsg HTTP/1.1" 200 27
222.69.128.81 - - [13/Nov/2021:08:56:35 +0800] "GET /xingrg/kc/buy/cgsh_order_operate.html?command=get_materiel&rest_code=00149&code=00101008041&supplier_code=00100005&order_time=2021-11-13 HTTP/1.1" 200 408
222.69.128.81 - - [13/Nov/2021:08:56:48 +0800] "GET /xingrg/kc/buy/cgsh_order_operate.html?command=get_materiel&rest_code=00149&code=00101008275&supplier_code=00100005&order_time=2021-11-13 HTTP/1.1" 200 417
116.227.210.113 - - [13/Nov/2021:08:56:55 +0800] "GET /xingrg/all/function/internal_message.html?_=1636764996543&CODE_STATE=getMsg HTTP/1.1" 200 27
222.70.176.97 - - [13/Nov/2021:08:56:55 +0800] "POST /xingrg/kc/base/wldb_list_operate.html HTTP/1.1" 200 4
222.70.176.97 - - [13/Nov/2021:08:56:57 +0800] "POST /xingrg/kc/base/wldb_list_operate.html HTTP/1.1" 200 2163
120.253.135.82 - - [13/Nov/2021:08:56:58 +0800] "GET /xingrg/all/function/internal_message.html?_=1636764786632&CODE_STATE=getMsg HTTP/1.1" 200 27
101.85.238.236 - - [13/Nov/2021:08:56:59 +0800] "GET /xingrg/check_reg.html?_=1636765019869 HTTP/1.1" 200 22
101.85.238.236 - - [13/Nov/2021:08:56:59 +0800] "GET /xingrg/all/function/internal_message.html?_=1636765019873&CODE_STATE=getMsg HTTP/1.1" 200 27
116.232.54.167 - - [13/Nov/2021:08:57:01 +0800] "GET /xingrg/all/function/internal_message.html?_=1636765017343&CODE_STATE=getMsg HTTP/1.1" 200 27
116.232.54.167 - - [13/Nov/2021:08:57:01 +0800] "GET /xingrg/check_reg.html?_=1636765017344 HTTP/1.1" 200 22
180.169.147.146 - - [13/Nov/2021:08:57:02 +0800] "GET /xingrg/all/function/internal_message.html?_=1636765085999&CODE_STATE=getMsg HTTP/1.1" 200 27
222.70.176.97 - - [13/Nov/2021:08:57:07 +0800] "POST /xingrg/kc/base/wldb_list_operate.html HTTP/1.1" 200 4
222.69.128.81 - - [13/Nov/2021:08:57:08 +0800] "GET /xingrg/kc/buy/cgsh_order_operate.html?command=get_materiel&rest_code=00149&code=00101008306&supplier_code=00100005&order_time=2021-11-13 HTTP/1.1" 200 412
116.238.248.233 - - [13/Nov/2021:08:57:08 +0800] "GET /xingrg/all/function/internal_message.html?_=1636765024805&CODE_STATE=getMsg HTTP/1.1" 200 27
222.69.128.81 - - [13/Nov/2021:08:57:13 +0800] "GET /xingrg/kc/buy/cgsh_order_operate.html?command=get_materiel&rest_code=00149&code=00101008312&supplier_code=00100005&order_time=2021-11-13 HTTP/1.1" 200 412
222.70.176.97 - - [13/Nov/2021:08:57:17 +0800] "POST /xingrg/kc/base/wldb_list_operate.html HTTP/1.1" 200 928
222.70.176.97 - - [13/Nov/2021:08:57:21 +0800] "GET /xingrg/kc/buy/buy_main.html HTTP/1.1" 200 12412
222.70.176.97 - - [13/Nov/2021:08:57:21 +0800] "GET /xingrg/css/new_ie.css HTTP/1.1" 404 1036
222.70.176.97 - - [13/Nov/2021:08:57:22 +0800] "GET /xingrg/images/yd/bt.gif HTTP/1.1" 404 1040
222.70.176.97 - - [13/Nov/2021:08:57:23 +0800] "GET /xingrg/kc/buy/cgsh_order_list.html HTTP/1.1" 200 49004
222.70.176.97 - - [13/Nov/2021:08:57:24 +0800] "POST /xingrg/kc/buy/cgsh_list_operate.html HTTP/1.1" 200 876
222.70.171.86 - - [13/Nov/2021:08:57:24 +0800] "GET /xingrg/all/function/internal_message.html?_=1636765060843&CODE_STATE=getMsg HTTP/1.1" 200 27
114.85.125.222 - - [13/Nov/2021:08:57:25 +0800] "GET /xingrg/all/function/internal_message.html?_=1636764965151&CODE_STATE=getMsg HTTP/1.1" 200 27
222.70.176.97 - - [13/Nov/2021:08:57:25 +0800] "GET /xingrg/kc/buy/cgsh_order_add.html HTTP/1.1" 200 64739
222.70.176.97 - - [13/Nov/2021:08:57:25 +0800] "GET /xingrg/words/20211112171753_words.js HTTP/1.1" 304 -
222.70.176.97 - - [13/Nov/2021:08:57:26 +0800] "GET /xingrg/all/common/auto_word.html?type=employee&rest_code=00111 HTTP/1.1" 200 155
222.70.176.97 - - [13/Nov/2021:08:57:26 +0800] "GET /xingrg/javascript/easyui/themes/default/validatebox.css HTTP/1.1" 404 1104
222.70.176.97 - - [13/Nov/2021:08:57:26 +0800] "GET /xingrg/all/common/auto_word.html?type=employee&rest_code=00111 HTTP/1.1" 200 155
222.70.176.97 - - [13/Nov/2021:08:57:26 +0800] "POST /xingrg/kc/buy/cgsh_order_operate.html HTTP/1.1" 200 8245
58.39.139.200 - - [13/Nov/2021:08:57:27 +0800] "POST /xingrg/kc/buy/cgsh_order_operate.html HTTP/1.1" 200 37
58.39.139.200 - - [13/Nov/2021:08:57:29 +0800] "POST /xingrg/kc/buy/cgsh_order_operate.html HTTP/1.1" 200 5608
180.157.253.6 - - [13/Nov/2021:08:57:29 +0800] "GET /xingrg/check_reg.html?_=1636765045928 HTTP/1.1" 200 22
180.157.253.6 - - [13/Nov/2021:08:57:29 +0800] "GET /xingrg/all/function/internal_message.html?_=1636765045930&CODE_STATE=getMsg HTTP/1.1" 200 27
116.235.93.2 - - [13/Nov/2021:08:57:30 +0800] "GET /xingrg/check_reg.html?_=1636765524659 HTTP/1.1" 200 22
222.69.128.81 - - [13/Nov/2021:08:57:30 +0800] "GET /xingrg/all/function/internal_message.html?_=1636765046178&CODE_STATE=getMsg HTTP/1.1" 200 27
116.235.93.2 - - [13/Nov/2021:08:57:30 +0800] "GET /xingrg/all/function/internal_message.html?_=1636765524770&CODE_STATE=getMsg HTTP/1.1" 200 27
58.39.139.200 - - [13/Nov/2021:08:57:31 +0800] "GET /xingrg/kc/print/load_config.html?kc_code=cgsh HTTP/1.1" 200 2281
222.70.176.97 - - [13/Nov/2021:08:57:31 +0800] "GET /xingrg/all/function/internal_message.html?_=1636765044134&CODE_STATE=getMsg HTTP/1.1" 200 27
58.39.139.200 - - [13/Nov/2021:08:57:31 +0800] "GET /xingrg/kc/print/load_data.html?order_code=212021111305320&kc_code=cgsh&condition= HTTP/1.1" 200 1829
58.39.139.200 - - [13/Nov/2021:08:57:34 +0800] "GET /xingrg/all/function/internal_message.html?_=1636765051970&CODE_STATE=getMsg HTTP/1.1" 200 27
222.70.176.97 - - [13/Nov/2021:08:57:37 +0800] "GET /xingrg/kc/buy/cgsh_order_operate.html?command=get_materiel&rest_code=00111&code=00101008072&supplier_code=00100005&order_time=2021-11-13 HTTP/1.1" 200 408
222.69.128.81 - - [13/Nov/2021:08:57:38 +0800] "GET /xingrg/kc/buy/cgsh_order_operate.html?command=get_materiel&rest_code=00149&code=00101015006&supplier_code=00100005&order_time=2021-11-13 HTTP/1.1" 200 413
58.39.139.200 - - [13/Nov/2021:08:57:41 +0800] "GET /xingrg/index.html?sysBaseUrl=http%3A%2F%2F180.169.147.146%3A18081%2Fxingrg%2F&costTime=36×tamp=1585222720700 HTTP/1.1" 200 17173
58.39.139.200 - - [13/Nov/2021:08:57:42 +0800] "POST /xingrg/all/common/load_tree.html?tree=area_rest_tree_json&manage=1 HTTP/1.1" 200 3472
58.39.139.200 - - [13/Nov/2021:08:57:42 +0800] "GET /favicon.ico HTTP/1.1" 404 -
58.39.139.200 - - [13/Nov/2021:08:57:42 +0800] "GET /xingrg/all/function/internal_message.html?_=1636765059674&CODE_STATE=count HTTP/1.1" 200 11
58.39.139.200 - - [13/Nov/2021:08:57:42 +0800] "GET /xingrg/check_reg.html?_=1636765059675 HTTP/1.1" 200 22
58.39.139.200 - - [13/Nov/2021:08:57:42 +0800] "POST /xingrg/load_menu.html HTTP/1.1" 200 5138
222.69.128.81 - - [13/Nov/2021:08:57:43 +0800] "POST /xingrg/kc/buy/cgsh_order_operate.html HTTP/1.1" 200 2065
222.69.128.81 - - [13/Nov/2021:08:57:50 +0800] "GET /xingrg/kc/buy/cgsh_order_operate.html?command=get_materiel&rest_code=00149&code=00101008242&supplier_code=00100005&order_time=2021-11-13 HTTP/1.1" 200 409
222.70.176.97 - - [13/Nov/2021:08:57:50 +0800] "GET /xingrg/kc/buy/cgsh_order_operate.html?command=get_materiel&rest_code=00111&code=00101008003&supplier_code=00100005&order_time=2021-11-13 HTTP/1.1" 200 408
116.227.210.113 - - [13/Nov/2021:08:57:55 +0800] "GET /xingrg/all/function/internal_message.html?_=1636765056521&CODE_STATE=getMsg HTTP/1.1" 200 27
222.70.176.97 - - [13/Nov/2021:08:57:58 +0800] "GET /xingrg/kc/buy/cgsh_order_operate.html?command=get_materiel&rest_code=00111&code=00101008148&supplier_code=00100005&order_time=2021-11-13 HTTP/1.1" 200 416
120.253.135.82 - - [13/Nov/2021:08:57:58 +0800] "GET /xingrg/all/function/internal_message.html?_=1636764846784&CODE_STATE=getMsg HTTP/1.1" 200 27
101.85.238.236 - - [13/Nov/2021:08:57:59 +0800] "GET /xingrg/all/function/internal_message.html?_=1636765079875&CODE_STATE=getMsg HTTP/1.1" 200 27
116.232.54.167 - - [13/Nov/2021:08:58:01 +0800] "GET /xingrg/all/function/internal_message.html?_=1636765077346&CODE_STATE=getMsg HTTP/1.1" 200 27
222.69.128.81 - - [13/Nov/2021:08:58:02 +0800] "GET /xingrg/kc/buy/cgsh_order_operate.html?command=get_materiel&rest_code=00149&code=00101008283&supplier_code=00100005&order_time=2021-11-13 HTTP/1.1" 200 408
180.169.147.146 - - [13/Nov/2021:08:58:02 +0800] "GET /xingrg/all/function/internal_message.html?_=1636765146001&CODE_STATE=getMsg HTTP/1.1" 200 27
222.70.176.97 - - [13/Nov/2021:08:58:08 +0800] "GET /xingrg/kc/buy/cgsh_order_operate.html?command=get_materiel&rest_code=00111&code=00101008005&supplier_code=00100005&order_time=2021-11-13 HTTP/1.1" 200 412
116.238.248.233 - - [13/Nov/2021:08:58:08 +0800] "GET /xingrg/all/function/internal_message.html?_=1636765084793&CODE_STATE=getMsg HTTP/1.1" 200 27
116.232.54.167 - - [13/Nov/2021:08:58:12 +0800] "GET /xingrg/css/new_ie.css HTTP/1.1" 404 1036
116.232.54.167 - - [13/Nov/2021:08:58:12 +0800] "GET /xingrg/kc/buy/buy_main.html HTTP/1.1" 200 12412
116.232.54.167 - - [13/Nov/2021:08:58:14 +0800] "GET /xingrg/kc/buy/cgsh_order_list.html HTTP/1.1" 200 49004
116.232.54.167 - - [13/Nov/2021:08:58:15 +0800] "POST /xingrg/kc/buy/cgsh_list_operate.html HTTP/1.1" 200 876
116.232.54.167 - - [13/Nov/2021:08:58:15 +0800] "GET /xingrg/kc/buy/cgsh_order_add.html HTTP/1.1" 200 64821
116.232.54.167 - - [13/Nov/2021:08:58:15 +0800] "GET /xingrg/words/20211112171753_words.js HTTP/1.1" 200 872406
116.232.54.167 - - [13/Nov/2021:08:58:16 +0800] "POST /xingrg/kc/buy/cgsh_order_operate.html HTTP/1.1" 200 8245
116.232.54.167 - - [13/Nov/2021:08:58:16 +0800] "GET /xingrg/all/common/auto_word.html?type=employee&rest_code=00109 HTTP/1.1" 200 255
116.232.54.167 - - [13/Nov/2021:08:58:16 +0800] "GET /xingrg/all/common/auto_word.html?type=employee&rest_code=00109 HTTP/1.1" 200 255
116.232.54.167 - - [13/Nov/2021:08:58:16 +0800] "GET /xingrg/javascript/easyui/themes/default/validatebox.css HTTP/1.1" 404 1104
58.39.139.200 - - [13/Nov/2021:08:58:16 +0800] "GET /xingrg/kc/buy/cgsh_order_list.html HTTP/1.1" 200 49004
222.70.176.97 - - [13/Nov/2021:08:58:18 +0800] "GET /xingrg/kc/buy/cgsh_order_operate.html?command=get_materiel&rest_code=00111&code=00101008361&supplier_code=00100005&order_time=2021-11-13 HTTP/1.1" 200 408
58.39.139.200 - - [13/Nov/2021:08:58:18 +0800] "POST /xingrg/kc/buy/cgsh_list_operate.html HTTP/1.1" 200 1689
58.39.139.200 - - [13/Nov/2021:08:58:20 +0800] "GET /xingrg/kc/buy/cgsh_order_add.html HTTP/1.1" 200 64827
58.39.139.200 - - [13/Nov/2021:08:58:20 +0800] "GET /xingrg/all/common/auto_word.html?type=employee&rest_code=00105 HTTP/1.1" 200 193
58.39.139.200 - - [13/Nov/2021:08:58:20 +0800] "GET /xingrg/javascript/easyui/themes/default/validatebox.css HTTP/1.1" 404 1104
58.39.139.200 - - [13/Nov/2021:08:58:20 +0800] "GET /xingrg/all/common/auto_word.html?type=employee&rest_code=00105 HTTP/1.1" 200 193
58.39.139.200 - - [13/Nov/2021:08:58:20 +0800] "POST /xingrg/kc/buy/cgsh_order_operate.html HTTP/1.1" 200 8245
58.39.139.200 - - [13/Nov/2021:08:58:23 +0800] "GET /xingrg/javascript/auto/indicator.gif HTTP/1.1" 404 1066
222.70.171.86 - - [13/Nov/2021:08:58:24 +0800] "GET /xingrg/all/function/internal_message.html?_=1636765120888&CODE_STATE=getMsg HTTP/1.1" 200 27
116.232.54.167 - - [13/Nov/2021:08:58:25 +0800] "GET /xingrg/javascript/jquery_tools/images/next.gif HTTP/1.1" 404 1086
116.232.54.167 - - [13/Nov/2021:08:58:25 +0800] "GET /xingrg/javascript/jquery_tools/images/prev.gif HTTP/1.1" 404 1086
114.85.125.222 - - [13/Nov/2021:08:58:25 +0800] "GET /xingrg/all/function/internal_message.html?_=1636765025188&CODE_STATE=getMsg HTTP/1.1" 200 27
222.70.176.97 - - [13/Nov/2021:08:58:26 +0800] "GET /xingrg/kc/buy/cgsh_order_operate.html?command=get_materiel&rest_code=00111&code=00101008358&supplier_code=00100005&order_time=2021-11-13 HTTP/1.1" 200 412
116.238.248.233 - - [13/Nov/2021:08:58:28 +0800] "GET /xingrg/check_reg.html?_=1636765104766 HTTP/1.1" 200 22
180.157.253.6 - - [13/Nov/2021:08:58:29 +0800] "GET /xingrg/all/function/internal_message.html?_=1636765105929&CODE_STATE=getMsg HTTP/1.1" 200 27
222.69.128.81 - - [13/Nov/2021:08:58:30 +0800] "GET /xingrg/all/function/internal_message.html?_=1636765106152&CODE_STATE=getMsg HTTP/1.1" 200 27
116.235.93.2 - - [13/Nov/2021:08:58:30 +0800] "GET /xingrg/all/function/internal_message.html?_=1636765584783&CODE_STATE=getMsg HTTP/1.1" 200 27
222.70.176.97 - - [13/Nov/2021:08:58:31 +0800] "GET /xingrg/all/function/internal_message.html?_=1636765104115&CODE_STATE=getMsg HTTP/1.1" 200 27
116.232.54.167 - - [13/Nov/2021:08:58:32 +0800] "GET /xingrg/kc/buy/cgsh_order_operate.html?command=get_materiel&rest_code=00109&code=00101008261&supplier_code=00100005&order_time=2021-11-13 HTTP/1.1" 200 408
116.232.54.167 - - [13/Nov/2021:08:58:37 +0800] "GET /xingrg/javascript/auto/indicator.gif HTTP/1.1" 404 1066
222.70.176.97 - - [13/Nov/2021:08:58:37 +0800] "GET /xingrg/kc/buy/cgsh_order_operate.html?command=get_materiel&rest_code=00111&code=00101008270&supplier_code=00100005&order_time=2021-11-13 HTTP/1.1" 200 412
101.85.238.236 - - [13/Nov/2021:08:58:40 +0800] "GET /xingrg/kc/buy/cgsh_order_list.html HTTP/1.1" 200 49004
101.85.238.236 - - [13/Nov/2021:08:58:41 +0800] "POST /xingrg/kc/buy/cgsh_list_operate.html HTTP/1.1" 200 876
58.39.139.200 - - [13/Nov/2021:08:58:42 +0800] "GET /xingrg/all/function/internal_message.html?_=1636765119680&CODE_STATE=getMsg HTTP/1.1" 200 27
58.39.139.200 - - [13/Nov/2021:08:58:42 +0800] "GET /xingrg/kc/buy/cgsh_order_operate.html?command=get_materiel&rest_code=00105&code=00101008256&supplier_code=00100203&order_time=2021-11-13 HTTP/1.1" 200 413
116.232.54.167 - - [13/Nov/2021:08:58:46 +0800] "GET /xingrg/kc/buy/cgsh_order_operate.html?command=get_materiel&rest_code=00109&code=00101008349&supplier_code=00100005&order_time=2021-11-13 HTTP/1.1" 200 412
222.70.176.97 - - [13/Nov/2021:08:58:47 +0800] "GET /xingrg/kc/buy/cgsh_order_operate.html?command=get_materiel&rest_code=00111&code=00101008027&supplier_code=00100005&order_time=2021-11-13 HTTP/1.1" 200 409
58.39.139.200 - - [13/Nov/2021:08:58:52 +0800] "GET /xingrg/kc/buy/cgsh_order_operate.html?command=get_materiel&rest_code=00105&code=00101008045&supplier_code=00100203&order_time=2021-11-13 HTTP/1.1" 200 413
116.227.210.113 - - [13/Nov/2021:08:58:53 +0800] "GET /xingrg/check_reg.html?_=1636765115318 HTTP/1.1" 200 22
116.227.210.113 - - [13/Nov/2021:08:58:55 +0800] "GET /xingrg/all/function/internal_message.html?_=1636765116496&CODE_STATE=getMsg HTTP/1.1" 200 27
120.253.135.82 - - [13/Nov/2021:08:58:58 +0800] "GET /xingrg/all/function/internal_message.html?_=1636764906784&CODE_STATE=getMsg HTTP/1.1" 200 27
116.232.54.167 - - [13/Nov/2021:08:58:59 +0800] "GET /xingrg/kc/buy/cgsh_order_operate.html?command=get_materiel&rest_code=00109&code=00101008112&supplier_code=00100005&order_time=2021-11-13 HTTP/1.1" 200 412
101.85.238.236 - - [13/Nov/2021:08:58:59 +0800] "GET /xingrg/all/function/internal_message.html?_=1636765139884&CODE_STATE=getMsg HTTP/1.1" 200 27
222.70.176.97 - - [13/Nov/2021:08:58:59 +0800] "GET /xingrg/kc/buy/cgsh_order_operate.html?command=get_materiel&rest_code=00111&code=00101008055&supplier_code=00100005&order_time=2021-11-13 HTTP/1.1" 200 409
58.39.139.200 - - [13/Nov/2021:08:58:59 +0800] "GET /xingrg/kc/buy/cgsh_order_operate.html?command=get_materiel&rest_code=00105&code=00101008257&supplier_code=00100203&order_time=2021-11-13 HTTP/1.1" 200 416
101.85.238.236 - - [13/Nov/2021:08:59:00 +0800] "GET /xingrg/kc/buy/cgsh_order_list.html HTTP/1.1" 200 49004
101.85.238.236 - - [13/Nov/2021:08:59:01 +0800] "POST /xingrg/kc/buy/cgsh_list_operate.html HTTP/1.1" 200 876
116.232.54.167 - - [13/Nov/2021:08:59:01 +0800] "GET /xingrg/all/function/internal_message.html?_=1636765137349&CODE_STATE=getMsg HTTP/1.1" 200 27
101.85.238.236 - - [13/Nov/2021:08:59:01 +0800] "GET /xingrg/kc/buy/cgsh_order_add.html HTTP/1.1" 200 64745
101.85.238.236 - - [13/Nov/2021:08:59:01 +0800] "GET /xingrg/words/20211112171753_words.js HTTP/1.1" 304 -
101.85.238.236 - - [13/Nov/2021:08:59:02 +0800] "GET /xingrg/all/common/auto_word.html?type=employee&rest_code=00102 HTTP/1.1" 200 189
101.85.238.236 - - [13/Nov/2021:08:59:02 +0800] "GET /xingrg/all/common/auto_word.html?type=employee&rest_code=00102 HTTP/1.1" 200 189
101.85.238.236 - - [13/Nov/2021:08:59:02 +0800] "GET /xingrg/javascript/easyui/themes/default/validatebox.css HTTP/1.1" 404 1104
101.85.238.236 - - [13/Nov/2021:08:59:02 +0800] "POST /xingrg/kc/buy/cgsh_order_operate.html HTTP/1.1" 200 8245
180.169.147.146 - - [13/Nov/2021:08:59:02 +0800] "GET /xingrg/all/function/internal_message.html?_=1636765206004&CODE_STATE=getMsg HTTP/1.1" 200 27
222.69.128.81 - - [13/Nov/2021:08:59:03 +0800] "GET /xingrg/kc/buy/cgsh_order_operate.html?command=get_materiel&rest_code=00149&code=00101008125&supplier_code=00100005&order_time=2021-11-13 HTTP/1.1" 200 413
101.85.238.236 - - [13/Nov/2021:08:59:04 +0800] "GET /xingrg/javascript/auto/indicator.gif HTTP/1.1" 404 1066
58.39.139.200 - - [13/Nov/2021:08:59:06 +0800] "GET /xingrg/kc/buy/cgsh_order_operate.html?command=get_materiel&rest_code=00105&code=00101008155&supplier_code=00100203&order_time=2021-11-13 HTTP/1.1" 200 408
222.70.176.97 - - [13/Nov/2021:08:59:07 +0800] "GET /xingrg/kc/buy/cgsh_order_operate.html?command=get_materiel&rest_code=00111&code=00101008080&supplier_code=00100005&order_time=2021-11-13 HTTP/1.1" 200 417
116.232.54.167 - - [13/Nov/2021:08:59:07 +0800] "GET /xingrg/kc/buy/cgsh_order_operate.html?command=get_materiel&rest_code=00109&code=00101008141&supplier_code=00100005&order_time=2021-11-13 HTTP/1.1" 200 412
116.238.248.233 - - [13/Nov/2021:08:59:08 +0800] "GET /xingrg/all/function/internal_message.html?_=1636765144767&CODE_STATE=getMsg HTTP/1.1" 200 27
222.70.171.86 - - [13/Nov/2021:08:59:08 +0800] "GET /xingrg/check_reg.html?_=1636765164930 HTTP/1.1" 200 22
101.85.238.236 - - [13/Nov/2021:08:59:09 +0800] "GET /xingrg/javascript/jquery_tools/images/prev.gif HTTP/1.1" 404 1086
101.85.238.236 - - [13/Nov/2021:08:59:09 +0800] "GET /xingrg/javascript/jquery_tools/images/next.gif HTTP/1.1" 404 1086
58.39.139.200 - - [13/Nov/2021:08:59:14 +0800] "GET /xingrg/kc/buy/cgsh_order_operate.html?command=get_materiel&rest_code=00105&code=00101008096&supplier_code=00100203&order_time=2021-11-13 HTTP/1.1" 200 412
222.70.176.97 - - [13/Nov/2021:08:59:18 +0800] "GET /xingrg/kc/buy/cgsh_order_operate.html?command=get_materiel&rest_code=00111&code=00101008244&supplier_code=00100005&order_time=2021-11-13 HTTP/1.1" 200 408
222.69.128.81 - - [13/Nov/2021:08:59:18 +0800] "POST /xingrg/kc/buy/cgsh_order_operate.html HTTP/1.1" 200 37
116.232.54.167 - - [13/Nov/2021:08:59:18 +0800] "GET /xingrg/kc/buy/cgsh_order_operate.html?command=get_materiel&rest_code=00109&code=00101008361&supplier_code=00100005&order_time=2021-11-13 HTTP/1.1" 200 23
58.39.139.200 - - [13/Nov/2021:08:59:20 +0800] "GET /xingrg/kc/buy/cgsh_order_operate.html?command=get_materiel&rest_code=00105&code=00101008088&supplier_code=00100203&order_time=2021-11-13 HTTP/1.1" 200 408
222.69.128.81 - - [13/Nov/2021:08:59:20 +0800] "POST /xingrg/kc/buy/cgsh_order_operate.html HTTP/1.1" 200 45272
222.70.171.86 - - [13/Nov/2021:08:59:24 +0800] "GET /xingrg/all/function/internal_message.html?_=1636765180901&CODE_STATE=getMsg HTTP/1.1" 200 27
114.85.125.222 - - [13/Nov/2021:08:59:25 +0800] "GET /xingrg/all/function/internal_message.html?_=1636765085193&CODE_STATE=getMsg HTTP/1.1" 200 27
222.69.128.81 - - [13/Nov/2021:08:59:28 +0800] "GET /xingrg/kc/buy/cgsh_order_operate.html?command=get_materiel&rest_code=00149&code=00101008010&supplier_code=00100005&order_time=2021-11-13 HTTP/1.1" 200 412
58.39.139.200 - - [13/Nov/2021:08:59:28 +0800] "GET /xingrg/kc/buy/cgsh_order_operate.html?command=get_materiel&rest_code=00105&code=00101008163&supplier_code=00100203&order_time=2021-11-13 HTTP/1.1" 200 409
180.157.253.6 - - [13/Nov/2021:08:59:29 +0800] "GET /xingrg/all/function/internal_message.html?_=1636765165927&CODE_STATE=getMsg HTTP/1.1" 200 27
116.232.54.167 - - [13/Nov/2021:08:59:29 +0800] "GET /xingrg/kc/buy/cgsh_order_operate.html?command=get_materiel&rest_code=00109&code=00101008361&supplier_code=00100005&order_time=2021-11-13 HTTP/1.1" 200 408
222.69.128.81 - - [13/Nov/2021:08:59:30 +0800] "GET /xingrg/all/function/internal_message.html?_=1636765166134&CODE_STATE=getMsg HTTP/1.1" 200 27
116.235.93.2 - - [13/Nov/2021:08:59:30 +0800] "GET /xingrg/all/function/internal_message.html?_=1636765644798&CODE_STATE=getMsg HTTP/1.1" 200 27
222.70.176.97 - - [13/Nov/2021:08:59:31 +0800] "GET /xingrg/all/function/internal_message.html?_=1636765164123&CODE_STATE=getMsg HTTP/1.1" 200 27
222.70.176.97 - - [13/Nov/2021:08:59:32 +0800] "GET /xingrg/kc/buy/cgsh_order_operate.html?command=get_materiel&rest_code=00111&code=00101008096&supplier_code=00100005&order_time=2021-11-13 HTTP/1.1" 200 412
58.39.139.200 - - [13/Nov/2021:08:59:36 +0800] "GET /xingrg/kc/buy/cgsh_order_operate.html?command=get_materiel&rest_code=00105&code=00101008355&supplier_code=00100203&order_time=2021-11-13 HTTP/1.1" 200 408
116.232.54.167 - - [13/Nov/2021:08:59:38 +0800] "GET /xingrg/kc/buy/cgsh_order_operate.html?command=get_materiel&rest_code=00109&code=00101008270&supplier_code=00100005&order_time=2021-11-13 HTTP/1.1" 200 412
222.70.176.97 - - [13/Nov/2021:08:59:39 +0800] "GET /xingrg/kc/buy/cgsh_order_operate.html?command=get_materiel&rest_code=00111&code=00101008038&supplier_code=00100005&order_time=2021-11-13 HTTP/1.1" 200 412
58.39.139.200 - - [13/Nov/2021:08:59:42 +0800] "GET /xingrg/all/function/internal_message.html?_=1636765179716&CODE_STATE=getMsg HTTP/1.1" 200 27
116.232.54.167 - - [13/Nov/2021:08:59:47 +0800] "GET /xingrg/kc/buy/cgsh_order_operate.html?command=get_materiel&rest_code=00109&code=00101008213&supplier_code=00100005&order_time=2021-11-13 HTTP/1.1" 200 412
58.39.139.200 - - [13/Nov/2021:08:59:48 +0800] "GET /xingrg/kc/buy/cgsh_order_operate.html?command=get_materiel&rest_code=00105&code=00101008196&supplier_code=00100203&order_time=2021-11-13 HTTP/1.1" 200 416
222.69.128.81 - - [13/Nov/2021:08:59:50 +0800] "GET /xingrg/kc/buy/cgsh_order_operate.html?command=get_materiel&rest_code=00149&code=00101013175&supplier_code=00100005&order_time=2021-11-13 HTTP/1.1" 200 431
116.232.54.167 - - [13/Nov/2021:08:59:55 +0800] "GET /xingrg/kc/buy/cgsh_order_operate.html?command=get_materiel&rest_code=00109&code=00101008239&supplier_code=00100005&order_time=2021-11-13 HTTP/1.1" 200 416
116.227.210.113 - - [13/Nov/2021:08:59:55 +0800] "GET /xingrg/all/function/internal_message.html?_=1636765176483&CODE_STATE=getMsg HTTP/1.1" 200 27
120.253.135.82 - - [13/Nov/2021:08:59:57 +0800] "GET /xingrg/check_reg.html?_=1636764966253 HTTP/1.1" 200 22
120.253.135.82 - - [13/Nov/2021:08:59:58 +0800] "GET /xingrg/all/function/internal_message.html?_=1636764966799&CODE_STATE=getMsg HTTP/1.1" 200 27
101.85.238.236 - - [13/Nov/2021:08:59:59 +0800] "GET /xingrg/all/function/internal_message.html?_=1636765199866&CODE_STATE=getMsg HTTP/1.1" 200 27
58.39.139.200 - - [13/Nov/2021:08:59:59 +0800] "GET /xingrg/kc/buy/cgsh_order_operate.html?command=get_materiel&rest_code=00105&code=00101008136&supplier_code=00100203&order_time=2021-11-13 HTTP/1.1" 200 413
116.232.54.167 - - [13/Nov/2021:09:00:01 +0800] "GET /xingrg/all/function/internal_message.html?_=1636765197356&CODE_STATE=getMsg HTTP/1.1" 200 27
180.169.147.146 - - [13/Nov/2021:09:00:02 +0800] "GET /xingrg/all/function/internal_message.html?_=1636765266002&CODE_STATE=getMsg HTTP/1.1" 200 27
116.232.54.167 - - [13/Nov/2021:09:00:02 +0800] "GET /xingrg/kc/buy/cgsh_order_operate.html?command=get_materiel&rest_code=00109&code=00101008332&supplier_code=00100005&order_time=2021-11-13 HTTP/1.1" 200 412
222.69.128.81 - - [13/Nov/2021:09:00:04 +0800] "GET /xingrg/kc/buy/cgsh_order_operate.html?command=get_materiel&rest_code=00149&code=00101008403&supplier_code=00100005&order_time=2021-11-13 HTTP/1.1" 200 412
58.39.139.200 - - [13/Nov/2021:09:00:07 +0800] "GET /xingrg/kc/buy/cgsh_order_operate.html?command=get_materiel&rest_code=00105&code=00101008558&supplier_code=00100203&order_time=2021-11-13 HTTP/1.1" 200 395
116.238.248.233 - - [13/Nov/2021:09:00:08 +0800] "GET /xingrg/all/function/internal_message.html?_=1636765204754&CODE_STATE=getMsg HTTP/1.1" 200 27
116.232.54.167 - - [13/Nov/2021:09:00:12 +0800] "GET /xingrg/kc/buy/cgsh_order_operate.html?command=get_materiel&rest_code=00109&code=00101008350&supplier_code=00100005&order_time=2021-11-13 HTTP/1.1" 200 408
58.39.139.200 - - [13/Nov/2021:09:00:21 +0800] "GET /xingrg/kc/buy/cgsh_order_operate.html?command=get_materiel&rest_code=00105&code=00101008069&supplier_code=00100203&order_time=2021-11-13 HTTP/1.1" 200 412
222.70.171.86 - - [13/Nov/2021:09:00:24 +0800] "GET /xingrg/all/function/internal_message.html?_=1636765240916&CODE_STATE=getMsg HTTP/1.1" 200 27
114.85.125.222 - - [13/Nov/2021:09:00:25 +0800] "GET /xingrg/all/function/internal_message.html?_=1636765145234&CODE_STATE=getMsg HTTP/1.1" 200 27
116.232.54.167 - - [13/Nov/2021:09:00:26 +0800] "GET /xingrg/kc/buy/cgsh_order_operate.html?command=get_materiel&rest_code=00109&code=00101008354&supplier_code=00100005&order_time=2021-11-13 HTTP/1.1" 200 412
180.157.253.6 - - [13/Nov/2021:09:00:29 +0800] "GET /xingrg/all/function/internal_message.html?_=1636765225942&CODE_STATE=getMsg HTTP/1.1" 200 27
222.69.128.81 - - [13/Nov/2021:09:00:30 +0800] "GET /xingrg/all/function/internal_message.html?_=1636765226123&CODE_STATE=getMsg HTTP/1.1" 200 27
222.69.128.81 - - [13/Nov/2021:09:00:30 +0800] "GET /xingrg/check_reg.html?_=1636765226129 HTTP/1.1" 200 22
222.69.128.81 - - [13/Nov/2021:09:00:30 +0800] "GET /xingrg/kc/buy/cgsh_order_operate.html?command=get_materiel&rest_code=00149&code=00101019155&supplier_code=00100005&order_time=2021-11-13 HTTP/1.1" 200 476
116.235.93.2 - - [13/Nov/2021:09:00:30 +0800] "GET /xingrg/all/function/internal_message.html?_=1636765704837&CODE_STATE=getMsg HTTP/1.1" 200 27
222.70.176.97 - - [13/Nov/2021:09:00:31 +0800] "GET /xingrg/check_reg.html?_=1636765224116 HTTP/1.1" 200 22
222.70.176.97 - - [13/Nov/2021:09:00:31 +0800] "GET /xingrg/all/function/internal_message.html?_=1636765224119&CODE_STATE=getMsg HTTP/1.1" 200 27
58.39.139.200 - - [13/Nov/2021:09:00:32 +0800] "GET /xingrg/kc/buy/cgsh_order_operate.html?command=get_materiel&rest_code=00105&code=00101008131&supplier_code=00100203&order_time=2021-11-13 HTTP/1.1" 200 408
114.85.125.222 - - [13/Nov/2021:09:00:35 +0800] "GET /xingrg/check_reg.html?_=1636765154505 HTTP/1.1" 200 22
116.232.54.167 - - [13/Nov/2021:09:00:36 +0800] "GET /xingrg/kc/buy/cgsh_order_operate.html?command=get_materiel&rest_code=00109&code=00101008110&supplier_code=00100005&order_time=2021-11-13 HTTP/1.1" 200 409
222.70.176.97 - - [13/Nov/2021:09:00:37 +0800] "GET /xingrg/kc/buy/cgsh_order_operate.html?command=get_materiel&rest_code=00111&code=00101008067&supplier_code=00100005&order_time=2021-11-13 HTTP/1.1" 200 416
222.69.128.81 - - [13/Nov/2021:09:00:38 +0800] "POST /xingrg/kc/buy/cgsh_order_operate.html HTTP/1.1" 200 2065
58.39.139.200 - - [13/Nov/2021:09:00:42 +0800] "GET /xingrg/all/function/internal_message.html?_=1636765239745&CODE_STATE=getMsg HTTP/1.1" 200 27
116.232.54.167 - - [13/Nov/2021:09:00:44 +0800] "GET /xingrg/kc/buy/cgsh_order_operate.html?command=get_materiel&rest_code=00109&code=00101008163&supplier_code=00100005&order_time=2021-11-13 HTTP/1.1" 200 409
222.70.176.97 - - [13/Nov/2021:09:00:48 +0800] "GET /xingrg/kc/buy/cgsh_order_operate.html?command=get_materiel&rest_code=00111&code=00101008356&supplier_code=00100005&order_time=2021-11-13 HTTP/1.1" 200 409
222.69.128.81 - - [13/Nov/2021:09:00:51 +0800] "GET /xingrg/kc/buy/cgsh_order_operate.html?command=get_materiel&rest_code=00149&code=00101008332&supplier_code=00100005&order_time=2021-11-13 HTTP/1.1" 200 413
116.227.210.113 - - [13/Nov/2021:09:00:55 +0800] "GET /xingrg/all/function/internal_message.html?_=1636765236459&CODE_STATE=getMsg HTTP/1.1" 200 27
116.232.54.167 - - [13/Nov/2021:09:00:56 +0800] "POST /xingrg/kc/buy/cgsh_order_operate.html HTTP/1.1" 200 37
116.232.54.167 - - [13/Nov/2021:09:00:58 +0800] "POST /xingrg/kc/buy/cgsh_order_operate.html HTTP/1.1" 200 9780
222.70.176.97 - - [13/Nov/2021:09:00:58 +0800] "GET /xingrg/kc/buy/cgsh_order_operate.html?command=get_materiel&rest_code=00111&code=00101008357&supplier_code=00100005&order_time=2021-11-13 HTTP/1.1" 200 410
120.253.135.82 - - [13/Nov/2021:09:00:58 +0800] "GET /xingrg/all/function/internal_message.html?_=1636765026812&CODE_STATE=getMsg HTTP/1.1" 200 27
101.85.238.236 - - [13/Nov/2021:09:00:59 +0800] "GET /xingrg/all/function/internal_message.html?_=1636765259872&CODE_STATE=getMsg HTTP/1.1" 200 27
116.232.54.167 - - [13/Nov/2021:09:01:01 +0800] "GET /xingrg/all/function/internal_message.html?_=1636765257355&CODE_STATE=getMsg HTTP/1.1" 200 27
180.169.147.146 - - [13/Nov/2021:09:01:02 +0800] "GET /xingrg/check_reg.html?_=1636765326001 HTTP/1.1" 200 22
180.169.147.146 - - [13/Nov/2021:09:01:02 +0800] "GET /xingrg/all/function/internal_message.html?_=1636765326005&CODE_STATE=getMsg HTTP/1.1" 200 27
222.70.176.97 - - [13/Nov/2021:09:01:07 +0800] "GET /xingrg/kc/buy/cgsh_order_operate.html?command=get_materiel&rest_code=00111&code=00101008296&supplier_code=00100005&order_time=2021-11-13 HTTP/1.1" 200 416
116.238.248.233 - - [13/Nov/2021:09:01:08 +0800] "GET /xingrg/all/function/internal_message.html?_=1636765264741&CODE_STATE=getMsg HTTP/1.1" 200 27
222.70.176.97 - - [13/Nov/2021:09:01:08 +0800] "POST /xingrg/kc/buy/cgsh_order_operate.html HTTP/1.1" 200 2065
101.85.238.236 - - [13/Nov/2021:09:01:11 +0800] "GET /xingrg/kc/buy/cgsh_order_operate.html?command=get_materiel&rest_code=00102&code=00101008257&supplier_code=00100008&order_time=2021-11-13 HTTP/1.1" 200 416
222.70.176.97 - - [13/Nov/2021:09:01:14 +0800] "GET /xingrg/kc/buy/cgsh_order_operate.html?command=get_materiel&rest_code=00111&code=00101008353&supplier_code=00100005&order_time=2021-11-13 HTTP/1.1" 200 428
101.85.238.236 - - [13/Nov/2021:09:01:16 +0800] "GET /xingrg/kc/buy/cgsh_order_operate.html?command=get_materiel&rest_code=00102&code=00101008354&supplier_code=00100008&order_time=2021-11-13 HTTP/1.1" 200 412
101.85.238.236 - - [13/Nov/2021:09:01:22 +0800] "GET /xingrg/kc/buy/cgsh_order_operate.html?command=get_materiel&rest_code=00102&code=00101008010&supplier_code=00100008&order_time=2021-11-13 HTTP/1.1" 200 412
222.70.176.97 - - [13/Nov/2021:09:01:22 +0800] "GET /xingrg/kc/buy/cgsh_order_operate.html?command=get_materiel&rest_code=00111&code=00101008213&supplier_code=00100005&order_time=2021-11-13 HTTP/1.1" 200 412
222.70.171.86 - - [13/Nov/2021:09:01:24 +0800] "GET /xingrg/all/function/internal_message.html?_=1636765300958&CODE_STATE=getMsg HTTP/1.1" 200 27
114.85.125.222 - - [13/Nov/2021:09:01:25 +0800] "GET /xingrg/all/function/internal_message.html?_=1636765205236&CODE_STATE=getMsg HTTP/1.1" 200 27
101.85.238.236 - - [13/Nov/2021:09:01:26 +0800] "GET /xingrg/kc/buy/cgsh_order_operate.html?command=get_materiel&rest_code=00102&code=00101012052&supplier_code=00100008&order_time=2021-11-13 HTTP/1.1" 200 412
180.157.253.6 - - [13/Nov/2021:09:01:29 +0800] "GET /xingrg/all/function/internal_message.html?_=1636765285942&CODE_STATE=getMsg HTTP/1.1" 200 27
222.69.128.81 - - [13/Nov/2021:09:01:30 +0800] "GET /xingrg/all/function/internal_message.html?_=1636765286118&CODE_STATE=getMsg HTTP/1.1" 200 27
116.235.93.2 - - [13/Nov/2021:09:01:30 +0800] "GET /xingrg/all/function/internal_message.html?_=1636765764841&CODE_STATE=getMsg HTTP/1.1" 200 27
222.70.176.97 - - [13/Nov/2021:09:01:31 +0800] "GET /xingrg/all/function/internal_message.html?_=1636765284128&CODE_STATE=getMsg HTTP/1.1" 200 27
116.232.54.167 - - [13/Nov/2021:09:01:32 +0800] "POST /xingrg/kc/buy/cgsh_order_operate.html HTTP/1.1" 200 37
222.70.176.97 - - [13/Nov/2021:09:01:33 +0800] "GET /xingrg/kc/buy/cgsh_order_operate.html?command=get_materiel&rest_code=00111&code=00101016081&supplier_code=00100005&order_time=2021-11-13 HTTP/1.1" 200 467
101.85.238.236 - - [13/Nov/2021:09:01:33 +0800] "GET /xingrg/kc/buy/cgsh_order_operate.html?command=get_materiel&rest_code=00102&code=00101008312&supplier_code=00100008&order_time=2021-11-13 HTTP/1.1" 200 412
116.232.54.167 - - [13/Nov/2021:09:01:34 +0800] "POST /xingrg/kc/buy/cgsh_order_operate.html HTTP/1.1" 200 9784
101.85.238.236 - - [13/Nov/2021:09:01:40 +0800] "GET /xingrg/kc/buy/cgsh_order_operate.html?command=get_materiel&rest_code=00102&code=00101008096&supplier_code=00100008&order_time=2021-11-13 HTTP/1.1" 200 412
222.70.176.97 - - [13/Nov/2021:09:01:41 +0800] "GET /xingrg/kc/buy/cgsh_order_operate.html?command=get_materiel&rest_code=00111&code=00101008225&supplier_code=00100005&order_time=2021-11-13 HTTP/1.1" 200 416
58.39.139.200 - - [13/Nov/2021:09:01:42 +0800] "GET /xingrg/all/function/internal_message.html?_=1636765299690&CODE_STATE=getMsg HTTP/1.1" 200 27
101.85.238.236 - - [13/Nov/2021:09:01:45 +0800] "GET /xingrg/kc/buy/cgsh_order_operate.html?command=get_materiel&rest_code=00102&code=00101008038&supplier_code=00100008&order_time=2021-11-13 HTTP/1.1" 200 412
101.85.238.236 - - [13/Nov/2021:09:01:53 +0800] "GET /xingrg/kc/buy/cgsh_order_operate.html?command=get_materiel&rest_code=00102&code=00101008163&supplier_code=00100008&order_time=2021-11-13 HTTP/1.1" 200 409
116.227.210.113 - - [13/Nov/2021:09:01:55 +0800] "GET /xingrg/all/function/internal_message.html?_=1636765296436&CODE_STATE=getMsg HTTP/1.1" 200 27
222.70.176.97 - - [13/Nov/2021:09:01:56 +0800] "GET /xingrg/kc/buy/cgsh_order_operate.html?command=get_materiel&rest_code=00111&code=00101008125&supplier_code=00100005&order_time=2021-11-13 HTTP/1.1" 200 413
222.69.128.81 - - [13/Nov/2021:09:01:56 +0800] "POST /xingrg/kc/buy/cgsh_order_operate.html HTTP/1.1" 200 37
222.70.176.97 - - [13/Nov/2021:09:01:57 +0800] "POST /xingrg/kc/buy/cgsh_order_operate.html HTTP/1.1" 200 2065
120.253.135.82 - - [13/Nov/2021:09:01:58 +0800] "GET /xingrg/all/function/internal_message.html?_=1636765086826&CODE_STATE=getMsg HTTP/1.1" 200 27
222.69.128.81 - - [13/Nov/2021:09:01:59 +0800] "POST /xingrg/kc/buy/cgsh_order_operate.html HTTP/1.1" 200 48899
101.85.238.236 - - [13/Nov/2021:09:01:59 +0800] "GET /xingrg/check_reg.html?_=1636765319866 HTTP/1.1" 200 22
101.85.238.236 - - [13/Nov/2021:09:01:59 +0800] "GET /xingrg/all/function/internal_message.html?_=1636765319870&CODE_STATE=getMsg HTTP/1.1" 200 27
101.85.238.236 - - [13/Nov/2021:09:02:00 +0800] "GET /xingrg/kc/buy/cgsh_order_operate.html?command=get_materiel&rest_code=00102&code=00101008355&supplier_code=00100008&order_time=2021-11-13 HTTP/1.1" 200 408
116.232.54.167 - - [13/Nov/2021:09:02:01 +0800] "GET /xingrg/all/function/internal_message.html?_=1636765317357&CODE_STATE=getMsg HTTP/1.1" 200 27
116.232.54.167 - - [13/Nov/2021:09:02:01 +0800] "GET /xingrg/check_reg.html?_=1636765317359 HTTP/1.1" 200 22
222.70.176.97 - - [13/Nov/2021:09:02:03 +0800] "GET /xingrg/kc/buy/cgsh_order_operate.html?command=get_materiel&rest_code=00111&code=00101008283&supplier_code=00100005&order_time=2021-11-13 HTTP/1.1" 200 408
101.85.238.236 - - [13/Nov/2021:09:02:06 +0800] "GET /xingrg/kc/buy/cgsh_order_operate.html?command=get_materiel&rest_code=00102&code=00101008264&supplier_code=00100008&order_time=2021-11-13 HTTP/1.1" 200 412
180.169.147.146 - - [13/Nov/2021:09:02:07 +0800] "GET /xingrg/all/function/internal_message.html?_=1636765386005&CODE_STATE=getMsg HTTP/1.1" 200 27
116.238.248.233 - - [13/Nov/2021:09:02:08 +0800] "GET /xingrg/all/function/internal_message.html?_=1636765324727&CODE_STATE=getMsg HTTP/1.1" 200 27
222.70.176.97 - - [13/Nov/2021:09:02:10 +0800] "GET /xingrg/kc/buy/cgsh_order_operate.html?command=get_materiel&rest_code=00111&code=00101008298&supplier_code=00100005&order_time=2021-11-13 HTTP/1.1" 200 412
101.85.238.236 - - [13/Nov/2021:09:02:12 +0800] "GET /xingrg/kc/buy/cgsh_order_operate.html?command=get_materiel&rest_code=00102&code=00101008024&supplier_code=00100008&order_time=2021-11-13 HTTP/1.1" 200 408
101.85.238.236 - - [13/Nov/2021:09:02:19 +0800] "GET /xingrg/kc/buy/cgsh_order_operate.html?command=get_materiel&rest_code=00102&code=00101008360&supplier_code=00100008&order_time=2021-11-13 HTTP/1.1" 200 413
222.70.171.86 - - [13/Nov/2021:09:02:24 +0800] "GET /xingrg/all/function/internal_message.html?_=1636765360974&CODE_STATE=getMsg HTTP/1.1" 200 27
101.85.238.236 - - [13/Nov/2021:09:02:25 +0800] "GET /xingrg/kc/buy/cgsh_order_operate.html?command=get_materiel&rest_code=00102&code=00101008077&supplier_code=00100008&order_time=2021-11-13 HTTP/1.1" 200 416
114.85.125.222 - - [13/Nov/2021:09:02:25 +0800] "GET /xingrg/all/function/internal_message.html?_=1636765265250&CODE_STATE=getMsg HTTP/1.1" 200 27
180.157.253.6 - - [13/Nov/2021:09:02:29 +0800] "GET /xingrg/check_reg.html?_=1636765345940 HTTP/1.1" 200 22
180.157.253.6 - - [13/Nov/2021:09:02:29 +0800] "GET /xingrg/all/function/internal_message.html?_=1636765345941&CODE_STATE=getMsg HTTP/1.1" 200 27
222.69.128.81 - - [13/Nov/2021:09:02:30 +0800] "GET /xingrg/all/function/internal_message.html?_=1636765346121&CODE_STATE=getMsg HTTP/1.1" 200 27
116.235.93.2 - - [13/Nov/2021:09:02:30 +0800] "GET /xingrg/check_reg.html?_=1636765824693 HTTP/1.1" 200 22
116.235.93.2 - - [13/Nov/2021:09:02:30 +0800] "GET /xingrg/all/function/internal_message.html?_=1636765824853&CODE_STATE=getMsg HTTP/1.1" 200 27
222.70.176.97 - - [13/Nov/2021:09:02:31 +0800] "GET /xingrg/all/function/internal_message.html?_=1636765344130&CODE_STATE=getMsg HTTP/1.1" 200 27
101.85.238.236 - - [13/Nov/2021:09:02:31 +0800] "GET /xingrg/kc/buy/cgsh_order_operate.html?command=get_materiel&rest_code=00102&code=00101008079&supplier_code=00100008&order_time=2021-11-13 HTTP/1.1" 200 416
222.70.176.97 - - [13/Nov/2021:09:02:35 +0800] "GET /xingrg/kc/buy/cgsh_order_operate.html?command=get_materiel&rest_code=00111&code=00101008091&supplier_code=00100005&order_time=2021-11-13 HTTP/1.1" 200 413
101.85.238.236 - - [13/Nov/2021:09:02:37 +0800] "GET /xingrg/kc/buy/cgsh_order_operate.html?command=get_materiel&rest_code=00102&code=00101008230&supplier_code=00100008&order_time=2021-11-13 HTTP/1.1" 200 408
58.39.139.200 - - [13/Nov/2021:09:02:42 +0800] "GET /xingrg/check_reg.html?_=1636765359678 HTTP/1.1" 200 22
58.39.139.200 - - [13/Nov/2021:09:02:42 +0800] "GET /xingrg/all/function/internal_message.html?_=1636765359681&CODE_STATE=getMsg HTTP/1.1" 200 27
101.85.238.236 - - [13/Nov/2021:09:02:42 +0800] "GET /xingrg/kc/buy/cgsh_order_operate.html?command=get_materiel&rest_code=00102&code=00101008069&supplier_code=00100008&order_time=2021-11-13 HTTP/1.1" 200 412
101.85.238.236 - - [13/Nov/2021:09:02:51 +0800] "GET /xingrg/kc/buy/cgsh_order_operate.html?command=get_materiel&rest_code=00102&code=00101008286&supplier_code=00100008&order_time=2021-11-13 HTTP/1.1" 200 408
116.227.210.113 - - [13/Nov/2021:09:02:55 +0800] "GET /xingrg/all/function/internal_message.html?_=1636765356421&CODE_STATE=getMsg HTTP/1.1" 200 27
101.85.238.236 - - [13/Nov/2021:09:02:57 +0800] "GET /xingrg/kc/buy/cgsh_order_operate.html?command=get_materiel&rest_code=00102&code=00101008036&supplier_code=00100008&order_time=2021-11-13 HTTP/1.1" 200 408
120.253.135.82 - - [13/Nov/2021:09:02:58 +0800] "GET /xingrg/all/function/internal_message.html?_=1636765146975&CODE_STATE=getMsg HTTP/1.1" 200 27
101.85.238.236 - - [13/Nov/2021:09:02:59 +0800] "GET /xingrg/all/function/internal_message.html?_=1636765379867&CODE_STATE=getMsg HTTP/1.1" 200 27
116.232.54.167 - - [13/Nov/2021:09:03:01 +0800] "GET /xingrg/all/function/internal_message.html?_=1636765377366&CODE_STATE=getMsg HTTP/1.1" 200 27
180.169.147.146 - - [13/Nov/2021:09:03:02 +0800] "GET /xingrg/all/function/internal_message.html?_=1636765445992&CODE_STATE=getMsg HTTP/1.1" 200 27
222.70.171.86 - - [13/Nov/2021:09:03:05 +0800] "POST /xingrg/kc/mdqp/pssh_order_operate.html HTTP/1.1" 200 37
222.70.171.86 - - [13/Nov/2021:09:03:06 +0800] "POST /xingrg/kc/mdqp/pssh_order_operate.html HTTP/1.1" 200 12
101.85.238.236 - - [13/Nov/2021:09:03:07 +0800] "GET /xingrg/kc/buy/cgsh_order_operate.html?command=get_materiel&rest_code=00102&code=00101008131&supplier_code=00100008&order_time=2021-11-13 HTTP/1.1" 200 408
116.238.248.233 - - [13/Nov/2021:09:03:08 +0800] "GET /xingrg/all/function/internal_message.html?_=1636765384711&CODE_STATE=getMsg HTTP/1.1" 200 27
222.70.171.86 - - [13/Nov/2021:09:03:08 +0800] "GET /xingrg/kc/mdqp/pssh_order_info.html?code=312021110500130 HTTP/1.1" 200 14388
222.70.171.86 - - [13/Nov/2021:09:03:08 +0800] "GET /xingrg/javascript/jquery_tools/jquery-1.4.2.min.js HTTP/1.1" 404 1094
222.70.171.86 - - [13/Nov/2021:09:03:09 +0800] "POST /xingrg/kc/mdqp/pssh_order_operate.html HTTP/1.1" 200 10779
222.70.171.86 - - [13/Nov/2021:09:03:09 +0800] "GET /xingrg/javascript/easyui/themes/default/validatebox.css HTTP/1.1" 404 1104
222.70.171.86 - - [13/Nov/2021:09:03:12 +0800] "GET /xingrg/kc/print/load_data.html?order_code=312021110500130&kc_code=pssh&condition= HTTP/1.1" 200 3994
222.70.176.97 - - [13/Nov/2021:09:03:13 +0800] "GET /xingrg/kc/buy/cgsh_order_operate.html?command=get_materiel&rest_code=00111&code=00101008256&supplier_code=00100005&order_time=2021-11-13 HTTP/1.1" 200 413
101.85.238.236 - - [13/Nov/2021:09:03:13 +0800] "GET /xingrg/kc/buy/cgsh_order_operate.html?command=get_materiel&rest_code=00102&code=00101008318&supplier_code=00100008&order_time=2021-11-13 HTTP/1.1" 200 408
101.85.238.236 - - [13/Nov/2021:09:03:15 +0800] "POST /xingrg/kc/buy/cgsh_order_operate.html HTTP/1.1" 200 2065
101.85.238.236 - - [13/Nov/2021:09:03:23 +0800] "GET /xingrg/kc/buy/cgsh_order_operate.html?command=get_materiel&rest_code=00102&code=00101008005&supplier_code=00100008&order_time=2021-11-13 HTTP/1.1" 200 412
222.70.171.86 - - [13/Nov/2021:09:03:24 +0800] "GET /xingrg/all/function/internal_message.html?_=1636765420987&CODE_STATE=getMsg HTTP/1.1" 200 27
114.85.125.222 - - [13/Nov/2021:09:03:25 +0800] "GET /xingrg/all/function/internal_message.html?_=1636765325294&CODE_STATE=getMsg HTTP/1.1" 200 27
116.238.248.233 - - [13/Nov/2021:09:03:28 +0800] "GET /xingrg/check_reg.html?_=1636765404798 HTTP/1.1" 200 22
180.157.253.6 - - [13/Nov/2021:09:03:29 +0800] "GET /xingrg/all/function/internal_message.html?_=1636765405939&CODE_STATE=getMsg HTTP/1.1" 200 27
222.69.128.81 - - [13/Nov/2021:09:03:30 +0800] "GET /xingrg/all/function/internal_message.html?_=1636765406113&CODE_STATE=getMsg HTTP/1.1" 200 27
101.85.238.236 - - [13/Nov/2021:09:03:30 +0800] "GET /xingrg/kc/buy/cgsh_order_operate.html?command=get_materiel&rest_code=00102&code=00101008271&supplier_code=00100008&order_time=2021-11-13 HTTP/1.1" 200 408
116.235.93.2 - - [13/Nov/2021:09:03:30 +0800] "GET /xingrg/all/function/internal_message.html?_=1636765884866&CODE_STATE=getMsg HTTP/1.1" 200 27
222.70.176.97 - - [13/Nov/2021:09:03:31 +0800] "GET /xingrg/all/function/internal_message.html?_=1636765404134&CODE_STATE=getMsg HTTP/1.1" 200 27
101.85.238.236 - - [13/Nov/2021:09:03:35 +0800] "GET /xingrg/kc/buy/cgsh_order_operate.html?command=get_materiel&rest_code=00102&code=00101008213&supplier_code=00100008&order_time=2021-11-13 HTTP/1.1" 200 412
222.70.176.97 - - [13/Nov/2021:09:03:36 +0800] "GET /xingrg/kc/buy/cgsh_order_operate.html?command=get_materiel&rest_code=00111&code=00101008155&supplier_code=00100005&order_time=2021-11-13 HTTP/1.1" 200 408
222.70.176.97 - - [13/Nov/2021:09:03:38 +0800] "POST /xingrg/kc/buy/cgsh_order_operate.html HTTP/1.1" 200 2065
58.39.139.200 - - [13/Nov/2021:09:03:42 +0800] "GET /xingrg/all/function/internal_message.html?_=1636765419680&CODE_STATE=getMsg HTTP/1.1" 200 27
101.85.238.236 - - [13/Nov/2021:09:03:42 +0800] "GET /xingrg/kc/buy/cgsh_order_operate.html?command=get_materiel&rest_code=00102&code=00101008125&supplier_code=00100008&order_time=2021-11-13 HTTP/1.1" 200 413
222.70.176.97 - - [13/Nov/2021:09:03:45 +0800] "GET /xingrg/kc/buy/cgsh_order_operate.html?command=get_materiel&rest_code=00111&code=00101008436&supplier_code=00100005&order_time=2021-11-13 HTTP/1.1" 200 398
222.70.171.86 - - [13/Nov/2021:09:03:48 +0800] "POST /xingrg/kc/mdqp/pssh_list_operate.html HTTP/1.1" 200 261
222.70.171.86 - - [13/Nov/2021:09:03:49 +0800] "GET /xingrg/kc/mdqp/pssh_order_info.html?code=312021111000289 HTTP/1.1" 200 14388
222.70.171.86 - - [13/Nov/2021:09:03:49 +0800] "GET /xingrg/javascript/jquery_tools/jquery-1.4.2.min.js HTTP/1.1" 404 1094
222.70.171.86 - - [13/Nov/2021:09:03:49 +0800] "POST /xingrg/kc/mdqp/pssh_order_operate.html HTTP/1.1" 200 531
222.70.171.86 - - [13/Nov/2021:09:03:49 +0800] "GET /xingrg/javascript/easyui/themes/default/validatebox.css HTTP/1.1" 404 1104
101.85.238.236 - - [13/Nov/2021:09:03:49 +0800] "GET /xingrg/kc/buy/cgsh_order_operate.html?command=get_materiel&rest_code=00102&code=00101008529&supplier_code=00100008&order_time=2021-11-13 HTTP/1.1" 200 402
101.85.238.236 - - [13/Nov/2021:09:03:51 +0800] "POST /xingrg/kc/buy/cgsh_order_operate.html HTTP/1.1" 200 2065
116.227.210.113 - - [13/Nov/2021:09:03:54 +0800] "GET /xingrg/check_reg.html?_=1636765415331 HTTP/1.1" 200 22
58.39.139.200 - - [13/Nov/2021:09:03:54 +0800] "POST /xingrg/kc/buy/cgsh_order_operate.html HTTP/1.1" 200 2065
116.227.210.113 - - [13/Nov/2021:09:03:55 +0800] "GET /xingrg/all/function/internal_message.html?_=1636765416405&CODE_STATE=getMsg HTTP/1.1" 200 27
58.39.139.200 - - [13/Nov/2021:09:03:56 +0800] "POST /xingrg/kc/buy/cgsh_order_operate.html HTTP/1.1" 200 2065
101.85.238.236 - - [13/Nov/2021:09:03:56 +0800] "GET /xingrg/kc/buy/cgsh_order_operate.html?command=get_materiel&rest_code=00102&code=00101008636&supplier_code=00100008&order_time=2021-11-13 HTTP/1.1" 200 407
222.70.176.97 - - [13/Nov/2021:09:03:57 +0800] "GET /xingrg/kc/buy/cgsh_order_operate.html?command=get_materiel&rest_code=00111&code=00101008085&supplier_code=00100005&order_time=2021-11-13 HTTP/1.1" 200 412
120.253.135.82 - - [13/Nov/2021:09:03:58 +0800] "GET /xingrg/all/function/internal_message.html?_=1636765206977&CODE_STATE=getMsg HTTP/1.1" 200 27
101.85.238.236 - - [13/Nov/2021:09:03:59 +0800] "GET /xingrg/all/function/internal_message.html?_=1636765439893&CODE_STATE=getMsg HTTP/1.1" 200 27
116.232.54.167 - - [13/Nov/2021:09:04:01 +0800] "GET /xingrg/all/function/internal_message.html?_=1636765437363&CODE_STATE=getMsg HTTP/1.1" 200 27
101.85.238.236 - - [13/Nov/2021:09:04:01 +0800] "POST /xingrg/kc/buy/cgsh_order_operate.html HTTP/1.1" 200 37
101.85.238.236 - - [13/Nov/2021:09:04:02 +0800] "POST /xingrg/kc/buy/cgsh_order_operate.html HTTP/1.1" 200 16865
180.169.147.146 - - [13/Nov/2021:09:04:02 +0800] "GET /xingrg/all/function/internal_message.html?_=1636765505994&CODE_STATE=getMsg HTTP/1.1" 200 27
58.39.139.200 - - [13/Nov/2021:09:04:04 +0800] "GET /xingrg/kc/buy/cgsh_order_operate.html?command=get_materiel&rest_code=00105&code=00101008352&supplier_code=00100203&order_time=2021-11-13 HTTP/1.1" 200 412
222.70.171.86 - - [13/Nov/2021:09:04:05 +0800] "POST /xingrg/kc/mdqp/pssh_list_operate.html HTTP/1.1" 200 1576
101.85.238.236 - - [13/Nov/2021:09:04:07 +0800] "GET /xingrg/kc/buy/cgsh_order_add.html HTTP/1.1" 200 64745
222.70.171.86 - - [13/Nov/2021:09:04:08 +0800] "GET /xingrg/kc/mdqp/pssh_order_list.html HTTP/1.1" 200 17861
101.85.238.236 - - [13/Nov/2021:09:04:08 +0800] "POST /xingrg/kc/buy/cgsh_order_operate.html HTTP/1.1" 200 8245
101.85.238.236 - - [13/Nov/2021:09:04:08 +0800] "GET /xingrg/javascript/easyui/themes/default/validatebox.css HTTP/1.1" 404 1104
222.70.171.86 - - [13/Nov/2021:09:04:08 +0800] "POST /xingrg/kc/mdqp/pssh_list_operate.html HTTP/1.1" 200 8870
116.238.248.233 - - [13/Nov/2021:09:04:08 +0800] "GET /xingrg/all/function/internal_message.html?_=1636765444689&CODE_STATE=getMsg HTTP/1.1" 200 27
222.70.171.86 - - [13/Nov/2021:09:04:08 +0800] "GET /xingrg/check_reg.html?_=1636765464932 HTTP/1.1" 200 22
58.39.139.200 - - [13/Nov/2021:09:04:11 +0800] "GET /xingrg/kc/buy/cgsh_order_operate.html?command=get_materiel&rest_code=00105&code=00101008005&supplier_code=00100203&order_time=2021-11-13 HTTP/1.1" 200 412
101.85.238.236 - - [13/Nov/2021:09:04:14 +0800] "GET /xingrg/kc/buy/cgsh_order_operate.html?command=get_materiel&rest_code=00102&code=00101008027&supplier_code=00100008&order_time=2021-11-13 HTTP/1.1" 200 408
