124.78.153.86 - - [13/Nov/2021:10:40:48 +0800] "GET /xingrg/javascript/easyui/themes/default/validatebox.css HTTP/1.1" 404 1104
124.78.153.86 - - [13/Nov/2021:10:40:48 +0800] "POST /xingrg/kc/buy/cgsh_order_operate.html HTTP/1.1" 200 8245
124.78.153.86 - - [13/Nov/2021:10:40:49 +0800] "GET /xingrg/javascript/easyui/themes/default/tree.css HTTP/1.1" 404 1090
124.78.153.86 - - [13/Nov/2021:10:40:49 +0800] "POST /xingrg/all/common/load_tree.html?tree=supplier_tree_json&isDelete=1 HTTP/1.1" 200 60292
101.85.238.236 - - [13/Nov/2021:10:40:52 +0800] "GET /xingrg/all/function/internal_message.html?_=1636771252829&CODE_STATE=getMsg HTTP/1.1" 200 27
124.78.153.86 - - [13/Nov/2021:10:40:52 +0800] "GET /xingrg/all/function/internal_message.html?_=1636771251550&CODE_STATE=getMsg HTTP/1.1" 200 27
116.227.210.113 - - [13/Nov/2021:10:40:54 +0800] "GET /xingrg/all/function/internal_message.html?_=1636771235316&CODE_STATE=getMsg HTTP/1.1" 200 27
124.78.153.86 - - [13/Nov/2021:10:40:55 +0800] "GET /xingrg/kc/base/wldb_order_operate.html?command=get_materiel&rest_code=00106&base_code=0010396&code=00101019297 HTTP/1.1" 200 464
58.39.139.200 - - [13/Nov/2021:10:40:55 +0800] "GET /xingrg/check_reg.html?_=1636771253326 HTTP/1.1" 200 22
58.39.139.200 - - [13/Nov/2021:10:40:55 +0800] "GET /xingrg/all/function/internal_message.html?_=1636771253330&CODE_STATE=getMsg HTTP/1.1" 200 27
180.169.147.146 - - [13/Nov/2021:10:41:00 +0800] "GET /xingrg/check_reg.html?_=1636771256632 HTTP/1.1" 200 22
180.169.147.146 - - [13/Nov/2021:10:41:00 +0800] "GET /xingrg/all/function/internal_message.html?_=1636771256634&CODE_STATE=getMsg HTTP/1.1" 200 27
116.232.54.167 - - [13/Nov/2021:10:41:01 +0800] "GET /xingrg/all/function/internal_message.html?_=1636771257623&CODE_STATE=getMsg HTTP/1.1" 200 27
180.169.147.146 - - [13/Nov/2021:10:41:02 +0800] "GET /xingrg/check_reg.html?_=1636771326131 HTTP/1.1" 200 22
180.169.147.146 - - [13/Nov/2021:10:41:02 +0800] "GET /xingrg/all/function/internal_message.html?_=1636771326132&CODE_STATE=getMsg HTTP/1.1" 200 27
124.78.153.86 - - [13/Nov/2021:10:41:03 +0800] "GET /xingrg/kc/buy/cgsh_order_operate.html?command=get_materiel&rest_code=00106&code=00101011005&supplier_code=00100050&order_time=2021-11-13 HTTP/1.1" 200 429
116.235.93.2 - - [13/Nov/2021:10:41:03 +0800] "GET /xingrg/all/function/internal_message.html?_=1636771738337&CODE_STATE=getMsg HTTP/1.1" 200 27
222.70.176.97 - - [13/Nov/2021:10:41:05 +0800] "GET /xingrg/all/function/internal_message.html?_=1636771258471&CODE_STATE=getMsg HTTP/1.1" 200 27
124.78.153.86 - - [13/Nov/2021:10:41:06 +0800] "GET /xingrg/kc/base/wldb_order_operate.html?command=get_materiel&rest_code=00106&base_code=0010396&code=00101019390 HTTP/1.1" 200 456
222.69.128.81 - - [13/Nov/2021:10:41:10 +0800] "POST /xingrg/services/DataTransmitService HTTP/1.1" 200 524
222.69.128.81 - - [13/Nov/2021:10:41:10 +0800] "POST /xingrg/services/DataTransmitService HTTP/1.1" 200 1983
124.78.153.86 - - [13/Nov/2021:10:41:11 +0800] "GET /xingrg/kc/buy/cgsh_order_operate.html?command=get_materiel&rest_code=00106&code=00101011001&supplier_code=00100050&order_time=2021-11-13 HTTP/1.1" 200 423
222.69.128.81 - - [13/Nov/2021:10:41:11 +0800] "POST /xingrg/services/DataTransmitService HTTP/1.1" 200 131615
116.238.248.233 - - [13/Nov/2021:10:41:11 +0800] "GET /xingrg/all/function/internal_message.html?_=1636771267888&CODE_STATE=getMsg HTTP/1.1" 200 27
116.238.248.233 - - [13/Nov/2021:10:41:11 +0800] "GET /xingrg/check_reg.html?_=1636771267889 HTTP/1.1" 200 22
124.78.153.86 - - [13/Nov/2021:10:41:14 +0800] "GET /xingrg/check_reg.html?_=1636771268662 HTTP/1.1" 200 22
124.78.153.86 - - [13/Nov/2021:10:41:16 +0800] "GET /xingrg/all/function/internal_message.html?_=1636771271287&CODE_STATE=getMsg HTTP/1.1" 200 27
58.37.231.44 - - [13/Nov/2021:10:41:17 +0800] "GET /xingrg/all/function/internal_message.html?_=1636771105216&CODE_STATE=getMsg HTTP/1.1" 200 27
58.37.231.44 - - [13/Nov/2021:10:41:17 +0800] "GET /xingrg/check_reg.html?_=1636771105217 HTTP/1.1" 200 22
124.78.153.86 - - [13/Nov/2021:10:41:20 +0800] "GET /xingrg/kc/buy/cgsh_order_operate.html?command=get_materiel&rest_code=00106&code=00101011010&supplier_code=00100050&order_time=2021-11-13 HTTP/1.1" 200 418
222.70.171.86 - - [13/Nov/2021:10:41:26 +0800] "GET /xingrg/all/function/internal_message.html?_=1636771303099&CODE_STATE=getMsg HTTP/1.1" 200 27
116.232.54.167 - - [13/Nov/2021:10:41:27 +0800] "GET /xingrg/kc/buy/cgsh_order_operate.html?command=get_materiel&rest_code=00109&code=00101016080&supplier_code=00100035&order_time=2021-11-13 HTTP/1.1" 200 408
114.85.125.222 - - [13/Nov/2021:10:41:28 +0800] "GET /xingrg/all/function/internal_message.html?_=1636771207671&CODE_STATE=getMsg HTTP/1.1" 200 27
180.157.253.6 - - [13/Nov/2021:10:41:30 +0800] "GET /xingrg/all/function/internal_message.html?_=1636771286117&CODE_STATE=getMsg HTTP/1.1" 200 27
222.69.128.81 - - [13/Nov/2021:10:41:30 +0800] "GET /xingrg/all/function/internal_message.html?_=1636771286491&CODE_STATE=getMsg HTTP/1.1" 200 27
222.69.128.81 - - [13/Nov/2021:10:41:30 +0800] "POST /xingrg/services/DataTransmitService HTTP/1.1" 200 524
222.69.128.81 - - [13/Nov/2021:10:41:31 +0800] "POST /xingrg/services/DataTransmitService HTTP/1.1" 200 1983
124.78.153.86 - - [13/Nov/2021:10:41:32 +0800] "POST /xingrg/kc/buy/cgsh_order_operate.html HTTP/1.1" 200 37
124.78.153.86 - - [13/Nov/2021:10:41:36 +0800] "POST /xingrg/kc/buy/cgsh_order_operate.html HTTP/1.1" 200 12
124.78.153.86 - - [13/Nov/2021:10:41:37 +0800] "GET /xingrg/kc/buy/cgsh_order_info.html?code=212021111305375 HTTP/1.1" 200 59697
124.78.153.86 - - [13/Nov/2021:10:41:38 +0800] "GET /xingrg/javascript/easyui/themes/default/validatebox.css HTTP/1.1" 404 1104
124.78.153.86 - - [13/Nov/2021:10:41:38 +0800] "POST /xingrg/kc/buy/cgsh_order_operate.html HTTP/1.1" 200 1804
116.232.54.167 - - [13/Nov/2021:10:41:38 +0800] "GET /xingrg/kc/buy/cgsh_order_operate.html?command=get_materiel&rest_code=00109&code=00101012025&supplier_code=00100035&order_time=2021-11-13 HTTP/1.1" 200 412
124.78.153.86 - - [13/Nov/2021:10:41:40 +0800] "GET /xingrg/kc/print/load_data.html?order_code=212021111305375&kc_code=cgsh&condition= HTTP/1.1" 200 1217
124.78.153.86 - - [13/Nov/2021:10:41:40 +0800] "GET /xingrg/kc/base/wldb_order_operate.html?command=get_materiel&rest_code=00106&base_code=0010396&code=00101019359 HTTP/1.1" 200 446
101.85.238.236 - - [13/Nov/2021:10:41:46 +0800] "GET /xingrg/all/function/internal_message.html?_=1636771294924&CODE_STATE=getMsg HTTP/1.1" 200 27
124.78.153.86 - - [13/Nov/2021:10:41:50 +0800] "GET /xingrg/kc/base/wldb_order_operate.html?command=get_materiel&rest_code=00106&base_code=0010396&code=00101016094 HTTP/1.1" 200 470
101.85.238.236 - - [13/Nov/2021:10:41:52 +0800] "GET /xingrg/all/function/internal_message.html?_=1636771312833&CODE_STATE=getMsg HTTP/1.1" 200 27
124.78.153.86 - - [13/Nov/2021:10:41:52 +0800] "GET /xingrg/all/function/internal_message.html?_=1636771311557&CODE_STATE=getMsg HTTP/1.1" 200 27
116.227.210.113 - - [13/Nov/2021:10:41:54 +0800] "GET /xingrg/all/function/internal_message.html?_=1636771295312&CODE_STATE=getMsg HTTP/1.1" 200 27
58.39.139.200 - - [13/Nov/2021:10:41:55 +0800] "GET /xingrg/all/function/internal_message.html?_=1636771313325&CODE_STATE=getMsg HTTP/1.1" 200 27
116.232.54.167 - - [13/Nov/2021:10:41:57 +0800] "POST /xingrg/kc/buy/cgsh_order_operate.html HTTP/1.1" 200 37
58.221.95.50 - - [13/Nov/2021:10:41:57 +0800] "GET /xingrg/check_reg.html?_=1636771313641 HTTP/1.1" 302 -
180.169.147.146 - - [13/Nov/2021:10:42:00 +0800] "GET /xingrg/all/function/internal_message.html?_=1636771316638&CODE_STATE=getMsg HTTP/1.1" 200 27
61.151.178.164 - - [13/Nov/2021:10:42:01 +0800] "GET /xingrg/kc/buy/cgsh_order_operate.html?command=get_materiel&rest_code=00106&code=00101011005&supplier_code=00100050&order_time=2021-11-13 HTTP/1.1" 302 -
61.151.178.164 - - [13/Nov/2021:10:42:01 +0800] "GET /xingrg/login.html HTTP/1.1" 200 7641
180.169.147.146 - - [13/Nov/2021:10:42:02 +0800] "GET /xingrg/all/function/internal_message.html?_=1636771386130&CODE_STATE=getMsg HTTP/1.1" 200 27
116.232.54.167 - - [13/Nov/2021:10:42:04 +0800] "GET /xingrg/all/function/internal_message.html?_=1636771320427&CODE_STATE=getMsg HTTP/1.1" 200 27
116.232.54.167 - - [13/Nov/2021:10:42:04 +0800] "GET /xingrg/check_reg.html?_=1636771320429 HTTP/1.1" 200 22
124.78.153.86 - - [13/Nov/2021:10:42:04 +0800] "POST /xingrg/kc/base/wldb_order_operate.html HTTP/1.1" 200 37
116.232.54.167 - - [13/Nov/2021:10:42:04 +0800] "POST /xingrg/kc/buy/cgsh_order_operate.html HTTP/1.1" 200 5600
116.235.93.2 - - [13/Nov/2021:10:42:04 +0800] "GET /xingrg/all/function/internal_message.html?_=1636771799429&CODE_STATE=getMsg HTTP/1.1" 200 27
124.78.153.86 - - [13/Nov/2021:10:42:04 +0800] "POST /xingrg/kc/base/wldb_order_operate.html HTTP/1.1" 200 6207
222.70.176.97 - - [13/Nov/2021:10:42:05 +0800] "GET /xingrg/all/function/internal_message.html?_=1636771318469&CODE_STATE=getMsg HTTP/1.1" 200 27
124.78.153.86 - - [13/Nov/2021:10:42:05 +0800] "GET /xingrg/kc/base/wldb_order_info.html?code=422021111301349 HTTP/1.1" 200 30453
124.78.153.86 - - [13/Nov/2021:10:42:05 +0800] "GET /xingrg/javascript/easyui/themes/default/validatebox.css HTTP/1.1" 404 1104
124.78.153.86 - - [13/Nov/2021:10:42:06 +0800] "POST /xingrg/kc/base/wldb_order_operate.html HTTP/1.1" 200 6207
116.232.54.167 - - [13/Nov/2021:10:42:07 +0800] "GET /xingrg/kc/print/load_config.html?kc_code=cgsh HTTP/1.1" 200 2281
116.232.54.167 - - [13/Nov/2021:10:42:08 +0800] "GET /xingrg/kc/print/load_data.html?order_code=212021111305376&kc_code=cgsh&condition= HTTP/1.1" 200 1790
124.78.153.86 - - [13/Nov/2021:10:42:09 +0800] "GET /xingrg/kc/base/wldb_order_add.html HTTP/1.1" 200 30438
124.78.153.86 - - [13/Nov/2021:10:42:10 +0800] "POST /xingrg/kc/base/wldb_order_operate.html HTTP/1.1" 200 6806
124.78.153.86 - - [13/Nov/2021:10:42:10 +0800] "GET /xingrg/javascript/easyui/themes/default/validatebox.css HTTP/1.1" 404 1104
124.78.153.86 - - [13/Nov/2021:10:42:11 +0800] "POST /xingrg/all/common/load_combo.html?type=base HTTP/1.1" 200 3227
116.238.248.233 - - [13/Nov/2021:10:42:11 +0800] "GET /xingrg/all/function/internal_message.html?_=1636771327891&CODE_STATE=getMsg HTTP/1.1" 200 27
124.78.153.86 - - [13/Nov/2021:10:42:14 +0800] "POST /xingrg/all/common/load_combo.html?type=base HTTP/1.1" 200 3227
124.78.153.86 - - [13/Nov/2021:10:42:16 +0800] "GET /xingrg/all/function/internal_message.html?_=1636771331231&CODE_STATE=getMsg HTTP/1.1" 200 27
58.37.231.44 - - [13/Nov/2021:10:42:17 +0800] "GET /xingrg/all/function/internal_message.html?_=1636771165209&CODE_STATE=getMsg HTTP/1.1" 200 27
101.89.29.78 - - [13/Nov/2021:10:42:18 +0800] "GET /xingrg/kc/buy/cgsh_order_operate.html?command=get_materiel&rest_code=00106&code=00101011010&supplier_code=00100050&order_time=2021-11-13 HTTP/1.1" 302 -
101.89.29.78 - - [13/Nov/2021:10:42:19 +0800] "GET /xingrg/login.html HTTP/1.1" 200 7641
222.70.171.86 - - [13/Nov/2021:10:42:26 +0800] "GET /xingrg/all/function/internal_message.html?_=1636771363112&CODE_STATE=getMsg HTTP/1.1" 200 27
114.85.125.222 - - [13/Nov/2021:10:42:28 +0800] "GET /xingrg/all/function/internal_message.html?_=1636771267684&CODE_STATE=getMsg HTTP/1.1" 200 27
180.157.253.6 - - [13/Nov/2021:10:42:30 +0800] "GET /xingrg/all/function/internal_message.html?_=1636771346116&CODE_STATE=getMsg HTTP/1.1" 200 27
180.157.253.6 - - [13/Nov/2021:10:42:30 +0800] "GET /xingrg/check_reg.html?_=1636771346117 HTTP/1.1" 200 22
222.69.128.81 - - [13/Nov/2021:10:42:30 +0800] "GET /xingrg/all/function/internal_message.html?_=1636771346493&CODE_STATE=getMsg HTTP/1.1" 200 27
116.235.93.2 - - [13/Nov/2021:10:42:32 +0800] "GET /xingrg/check_reg.html?_=1636771826741 HTTP/1.1" 200 22
61.151.207.205 - - [13/Nov/2021:10:42:36 +0800] "GET /xingrg/kc/buy/cgsh_order_info.html?code=212021111305375 HTTP/1.1" 302 -
61.151.207.205 - - [13/Nov/2021:10:42:37 +0800] "GET /xingrg/login.html HTTP/1.1" 200 7641
101.91.62.89 - - [13/Nov/2021:10:42:39 +0800] "GET /xingrg/kc/print/load_data.html?order_code=212021111305375&kc_code=cgsh&condition= HTTP/1.1" 302 -
101.91.62.89 - - [13/Nov/2021:10:42:39 +0800] "GET /xingrg/login.html HTTP/1.1" 200 7641
124.78.153.86 - - [13/Nov/2021:10:42:41 +0800] "GET /xingrg/kc/base/wldb_order_operate.html?command=get_materiel&rest_code=00106&base_code=0010396&code=00101016020 HTTP/1.1" 200 447
101.85.238.236 - - [13/Nov/2021:10:42:46 +0800] "GET /xingrg/all/function/internal_message.html?_=1636771355335&CODE_STATE=getMsg HTTP/1.1" 200 27
124.78.153.86 - - [13/Nov/2021:10:42:51 +0800] "GET /xingrg/kc/base/wldb_order_operate.html?command=get_materiel&rest_code=00106&base_code=0010396&code=00101016044 HTTP/1.1" 200 466
101.85.238.236 - - [13/Nov/2021:10:42:52 +0800] "GET /xingrg/all/function/internal_message.html?_=1636771372834&CODE_STATE=getMsg HTTP/1.1" 200 27
124.78.153.86 - - [13/Nov/2021:10:42:52 +0800] "GET /xingrg/all/function/internal_message.html?_=1636771371569&CODE_STATE=getMsg HTTP/1.1" 200 27
116.227.210.113 - - [13/Nov/2021:10:42:54 +0800] "GET /xingrg/all/function/internal_message.html?_=1636771355318&CODE_STATE=getMsg HTTP/1.1" 200 27
58.37.231.44 - - [13/Nov/2021:10:42:54 +0800] "POST /xingrg/services/DataTransmitService HTTP/1.1" 200 524
58.37.231.44 - - [13/Nov/2021:10:42:55 +0800] "POST /xingrg/services/DataTransmitService HTTP/1.1" 200 501
58.39.139.200 - - [13/Nov/2021:10:42:55 +0800] "GET /xingrg/all/function/internal_message.html?_=1636771373322&CODE_STATE=getMsg HTTP/1.1" 200 27
58.37.231.44 - - [13/Nov/2021:10:42:57 +0800] "POST /xingrg/services/DataTransmitService HTTP/1.1" 200 524
180.169.147.146 - - [13/Nov/2021:10:42:57 +0800] "GET /xingrg/check_reg.html?_=1636771369653 HTTP/1.1" 302 -
180.169.147.146 - - [13/Nov/2021:10:43:00 +0800] "GET /xingrg/all/function/internal_message.html?_=1636771376628&CODE_STATE=getMsg HTTP/1.1" 200 27
116.232.54.167 - - [13/Nov/2021:10:43:01 +0800] "GET /xingrg/all/function/internal_message.html?_=1636771377628&CODE_STATE=getMsg HTTP/1.1" 200 27
180.169.147.146 - - [13/Nov/2021:10:43:02 +0800] "GET /xingrg/all/function/internal_message.html?_=1636771446131&CODE_STATE=getMsg HTTP/1.1" 200 27
116.235.93.2 - - [13/Nov/2021:10:43:05 +0800] "GET /xingrg/all/function/internal_message.html?_=1636771859523&CODE_STATE=getMsg HTTP/1.1" 200 27
222.70.176.97 - - [13/Nov/2021:10:43:05 +0800] "GET /xingrg/all/function/internal_message.html?_=1636771378466&CODE_STATE=getMsg HTTP/1.1" 200 27
124.78.153.86 - - [13/Nov/2021:10:43:07 +0800] "GET /xingrg/kc/base/wldb_order_operate.html?command=get_materiel&rest_code=00106&base_code=0010396&code=00101016065 HTTP/1.1" 200 469
116.238.248.233 - - [13/Nov/2021:10:43:11 +0800] "GET /xingrg/all/function/internal_message.html?_=1636771387896&CODE_STATE=getMsg HTTP/1.1" 200 27
58.37.231.44 - - [13/Nov/2021:10:43:11 +0800] "POST /xingrg/services/DataTransmitService HTTP/1.1" 200 501
58.37.231.44 - - [13/Nov/2021:10:43:12 +0800] "POST /xingrg/services/DataTransmitService HTTP/1.1" 200 501
58.37.231.44 - - [13/Nov/2021:10:43:14 +0800] "POST /xingrg/services/DataTransmitService HTTP/1.1" 200 501
58.37.231.44 - - [13/Nov/2021:10:43:16 +0800] "POST /xingrg/services/DataTransmitService HTTP/1.1" 200 501
124.78.153.86 - - [13/Nov/2021:10:43:16 +0800] "GET /xingrg/all/function/internal_message.html?_=1636771391203&CODE_STATE=getMsg HTTP/1.1" 200 27
58.37.231.44 - - [13/Nov/2021:10:43:17 +0800] "POST /xingrg/services/DataTransmitService HTTP/1.1" 200 501
58.37.231.44 - - [13/Nov/2021:10:43:17 +0800] "GET /xingrg/all/function/internal_message.html?_=1636771225213&CODE_STATE=getMsg HTTP/1.1" 200 27
58.37.231.44 - - [13/Nov/2021:10:43:17 +0800] "POST /xingrg/services/DataTransmitService HTTP/1.1" 200 501
101.91.60.11 - - [13/Nov/2021:10:43:17 +0800] "GET /xingrg/all/function/internal_message.html?_=1636771331231&CODE_STATE=getMsg HTTP/1.1" 302 -
101.91.60.11 - - [13/Nov/2021:10:43:17 +0800] "GET /xingrg/login.html HTTP/1.1" 200 7641
58.37.231.44 - - [13/Nov/2021:10:43:18 +0800] "POST /xingrg/services/DataTransmitService HTTP/1.1" 200 501
58.37.231.44 - - [13/Nov/2021:10:43:18 +0800] "POST /xingrg/services/DataTransmitService HTTP/1.1" 200 501
58.37.231.44 - - [13/Nov/2021:10:43:18 +0800] "POST /xingrg/services/DataTransmitService HTTP/1.1" 200 501
124.78.153.86 - - [13/Nov/2021:10:43:19 +0800] "GET /xingrg/kc/base/wldb_order_operate.html?command=get_materiel&rest_code=00106&base_code=0010396&code=00101016001 HTTP/1.1" 200 458
58.37.231.44 - - [13/Nov/2021:10:43:20 +0800] "POST /xingrg/services/DataTransmitService HTTP/1.1" 200 412
222.70.171.86 - - [13/Nov/2021:10:43:26 +0800] "GET /xingrg/all/function/internal_message.html?_=1636771423146&CODE_STATE=getMsg HTTP/1.1" 200 27
114.85.125.222 - - [13/Nov/2021:10:43:28 +0800] "GET /xingrg/all/function/internal_message.html?_=1636771327726&CODE_STATE=getMsg HTTP/1.1" 200 27
180.157.253.6 - - [13/Nov/2021:10:43:30 +0800] "GET /xingrg/all/function/internal_message.html?_=1636771406116&CODE_STATE=getMsg HTTP/1.1" 200 27
222.69.128.81 - - [13/Nov/2021:10:43:30 +0800] "GET /xingrg/all/function/internal_message.html?_=1636771406492&CODE_STATE=getMsg HTTP/1.1" 200 27
124.78.153.86 - - [13/Nov/2021:10:43:30 +0800] "GET /xingrg/kc/base/wldb_order_operate.html?command=get_materiel&rest_code=00106&base_code=0010396&code=00101019258 HTTP/1.1" 200 469
58.37.231.44 - - [13/Nov/2021:10:43:31 +0800] "GET /favicon.ico HTTP/1.1" 404 -
116.238.248.233 - - [13/Nov/2021:10:43:33 +0800] "POST /xingrg/all/user/operate.html HTTP/1.1" 200 36
116.238.248.233 - - [13/Nov/2021:10:43:33 +0800] "GET /xingrg/javascript/jquery_easy_ui/themes/default/easyui.css HTTP/1.1" 304 -
116.238.248.233 - - [13/Nov/2021:10:43:33 +0800] "GET /xingrg/index.html?sysBaseUrl=http%3A%2F%2F180.169.147.146%3A18081%2Fxingrg%2F&costTime=157×tamp=1636766247682 HTTP/1.1" 200 17179
116.238.248.233 - - [13/Nov/2021:10:43:33 +0800] "GET /xingrg/javascript/jquery_easy_ui/themes/icon.css HTTP/1.1" 304 -
116.238.248.233 - - [13/Nov/2021:10:43:33 +0800] "GET /xingrg/css/form.css HTTP/1.1" 304 -
116.238.248.233 - - [13/Nov/2021:10:43:33 +0800] "GET /xingrg/javascript/jquery-1.4.2.min.js HTTP/1.1" 304 -
116.238.248.233 - - [13/Nov/2021:10:43:33 +0800] "GET /xingrg/javascript/jquery_easy_ui/jquery.easyui.min.js HTTP/1.1" 304 -
116.238.248.233 - - [13/Nov/2021:10:43:33 +0800] "GET /xingrg/javascript/jquery_easy_ui/easyui-lang-zh_CN.js HTTP/1.1" 304 -
116.238.248.233 - - [13/Nov/2021:10:43:33 +0800] "GET /xingrg/javascript/jquery.form.js HTTP/1.1" 304 -
116.238.248.233 - - [13/Nov/2021:10:43:33 +0800] "GET /xingrg/javascript/jquery.utils.js HTTP/1.1" 304 -
116.238.248.233 - - [13/Nov/2021:10:43:33 +0800] "GET /xingrg/javascript/jquery.timers.js HTTP/1.1" 304 -
116.238.248.233 - - [13/Nov/2021:10:43:33 +0800] "GET /xingrg/images/blue/jxLogo.png HTTP/1.1" 304 -
116.238.248.233 - - [13/Nov/2021:10:43:33 +0800] "GET /xingrg/javascript/jquery_easy_ui/themes/icons/settle_new.png HTTP/1.1" 304 -
116.238.248.233 - - [13/Nov/2021:10:43:33 +0800] "GET /xingrg/images/blue/navBackgound.jpg HTTP/1.1" 304 -
116.238.248.233 - - [13/Nov/2021:10:43:33 +0800] "POST /xingrg/all/common/load_tree.html?tree=area_rest_tree_json&manage=1 HTTP/1.1" 200 476
116.238.248.233 - - [13/Nov/2021:10:43:34 +0800] "GET /xingrg/all/function/internal_message.html?_=1636771410227&CODE_STATE=count HTTP/1.1" 200 11
116.238.248.233 - - [13/Nov/2021:10:43:34 +0800] "GET /xingrg/check_reg.html?_=1636771410229 HTTP/1.1" 200 22
116.238.248.233 - - [13/Nov/2021:10:43:34 +0800] "GET /xingrg/images/blue/pingpu.png HTTP/1.1" 304 -
116.238.248.233 - - [13/Nov/2021:10:43:34 +0800] "GET /xingrg/javascript/jquery_easy_ui/themes/default/images/panel_tool_collapse.gif HTTP/1.1" 304 -
116.238.248.233 - - [13/Nov/2021:10:43:34 +0800] "GET /xingrg/javascript/jquery_easy_ui/themes/default/images/tabs_rightarrow.png HTTP/1.1" 304 -
116.238.248.233 - - [13/Nov/2021:10:43:34 +0800] "GET /xingrg/javascript/jquery_easy_ui/themes/default/images/tabs_leftarrow.png HTTP/1.1" 304 -
116.238.248.233 - - [13/Nov/2021:10:43:34 +0800] "POST /xingrg/load_menu.html HTTP/1.1" 200 5138
58.37.231.44 - - [13/Nov/2021:10:43:36 +0800] "GET /xingrg/login.html HTTP/1.1" 200 7641
116.238.248.233 - - [13/Nov/2021:10:43:36 +0800] "GET /xingrg/kc/base/wldb_order_list.html HTTP/1.1" 200 19230
58.37.231.44 - - [13/Nov/2021:10:43:36 +0800] "GET /favicon.ico HTTP/1.1" 404 -
116.238.248.233 - - [13/Nov/2021:10:43:36 +0800] "POST /xingrg/kc/base/wldb_list_operate.html HTTP/1.1" 200 928
116.238.248.233 - - [13/Nov/2021:10:43:37 +0800] "GET /xingrg/kc/base/wldb_order_add.html HTTP/1.1" 200 30444
116.238.248.233 - - [13/Nov/2021:10:43:38 +0800] "POST /xingrg/kc/base/wldb_order_operate.html HTTP/1.1" 200 6806
116.238.248.233 - - [13/Nov/2021:10:43:38 +0800] "GET /xingrg/javascript/easyui/themes/default/validatebox.css HTTP/1.1" 404 1104
116.238.248.233 - - [13/Nov/2021:10:43:39 +0800] "GET /xingrg/javascript/auto/indicator.gif HTTP/1.1" 404 1066
101.85.238.236 - - [13/Nov/2021:10:43:39 +0800] "GET /xingrg/check_reg.html?_=1636771408242 HTTP/1.1" 200 22
58.37.231.44 - - [13/Nov/2021:10:43:39 +0800] "POST /xingrg/login.do HTTP/1.1" 302 -
58.37.231.44 - - [13/Nov/2021:10:43:39 +0800] "GET /xingrg/index.html?sysBaseUrl=http%3A%2F%2F180.169.147.146%3A18081%2Fxingrg%2F&costTime=46×tamp=1636771419518 HTTP/1.1" 200 17419
58.37.231.44 - - [13/Nov/2021:10:43:39 +0800] "POST /xingrg/all/common/load_tree.html?tree=area_rest_tree_json&manage=1 HTTP/1.1" 200 479
58.37.231.44 - - [13/Nov/2021:10:43:39 +0800] "GET /xingrg/all/function/internal_message.html?_=1636771414752&CODE_STATE=count HTTP/1.1" 200 11
58.37.231.44 - - [13/Nov/2021:10:43:39 +0800] "GET /xingrg/check_reg.html?_=1636771414753 HTTP/1.1" 200 22
58.37.231.44 - - [13/Nov/2021:10:43:39 +0800] "GET /favicon.ico HTTP/1.1" 404 -
58.37.231.44 - - [13/Nov/2021:10:43:39 +0800] "POST /xingrg/load_menu.html HTTP/1.1" 200 9959
58.37.231.44 - - [13/Nov/2021:10:43:42 +0800] "POST /xingrg/load_menu.html HTTP/1.1" 200 9242
58.37.231.44 - - [13/Nov/2021:10:43:43 +0800] "GET /xingrg/all/report/report_query.html?fileName=dma/new_5.0/yingye/order_list.xml HTTP/1.1" 200 55281
58.37.231.44 - - [13/Nov/2021:10:43:43 +0800] "GET /xingrg/dwr/util.js HTTP/1.1" 304 -
58.37.231.44 - - [13/Nov/2021:10:43:43 +0800] "GET /xingrg/dwr/interface/AjaxReportQueryService.js HTTP/1.1" 200 13203
58.37.231.44 - - [13/Nov/2021:10:43:43 +0800] "GET /xingrg/dwr/engine.js HTTP/1.1" 200 43631
58.37.231.44 - - [13/Nov/2021:10:43:43 +0800] "POST /xingrg/dwr/call/plaincall/AjaxReportQueryService.getFixDate.dwr HTTP/1.1" 200 111
58.37.231.44 - - [13/Nov/2021:10:43:43 +0800] "POST /xingrg/all/common/load_tree.html?tree=area_station_tree_json&manage=1 HTTP/1.1" 200 471
58.37.231.44 - - [13/Nov/2021:10:43:44 +0800] "POST /xingrg/dwr/call/plaincall/AjaxReportQueryService.getInitString.dwr HTTP/1.1" 200 76
116.238.248.233 - - [13/Nov/2021:10:43:45 +0800] "GET /xingrg/kc/base/wldb_order_operate.html?command=get_materiel&rest_code=00150&base_code=0010445&code=00101019358 HTTP/1.1" 200 460
124.78.153.86 - - [13/Nov/2021:10:43:46 +0800] "GET /xingrg/kc/base/wldb_order_operate.html?command=get_materiel&rest_code=00106&base_code=0010396&code=00101019391 HTTP/1.1" 200 471
101.85.238.236 - - [13/Nov/2021:10:43:46 +0800] "GET /xingrg/all/function/internal_message.html?_=1636771415340&CODE_STATE=getMsg HTTP/1.1" 200 27
58.37.231.44 - - [13/Nov/2021:10:43:48 +0800] "POST /xingrg/dwr/call/plaincall/AjaxReportQueryService.queryInitializeString.dwr HTTP/1.1" 200 251
58.37.231.44 - - [13/Nov/2021:10:43:49 +0800] "POST /xingrg/dwr/call/plaincall/AjaxReportQueryService.refreshCache.dwr HTTP/1.1" 200 78
58.37.231.44 - - [13/Nov/2021:10:43:50 +0800] "POST /xingrg/all/report/load_report_page.html HTTP/1.1" 200 177819
58.37.231.44 - - [13/Nov/2021:10:43:50 +0800] "GET /xingrg/servlets/image?cache=0.3865718713087495&image=px HTTP/1.1" 200 807
116.238.248.233 - - [13/Nov/2021:10:43:50 +0800] "POST /xingrg/kc/base/wldb_order_operate.html HTTP/1.1" 200 37
58.37.231.44 - - [13/Nov/2021:10:43:51 +0800] "POST /xingrg/all/report/load_report_page.html HTTP/1.1" 200 159660
58.37.231.44 - - [13/Nov/2021:10:43:51 +0800] "GET /xingrg/servlets/image?cache=0.3681215825392825&image=px HTTP/1.1" 200 807
101.85.238.236 - - [13/Nov/2021:10:43:52 +0800] "GET /xingrg/check_reg.html?_=1636771432840 HTTP/1.1" 200 22
101.85.238.236 - - [13/Nov/2021:10:43:52 +0800] "GET /xingrg/all/function/internal_message.html?_=1636771432836&CODE_STATE=getMsg HTTP/1.1" 200 27
116.238.248.233 - - [13/Nov/2021:10:43:52 +0800] "POST /xingrg/kc/base/wldb_order_operate.html HTTP/1.1" 200 12
116.238.248.233 - - [13/Nov/2021:10:43:52 +0800] "POST /xingrg/kc/base/wldb_order_operate.html HTTP/1.1" 200 2202
124.78.153.86 - - [13/Nov/2021:10:43:52 +0800] "GET /xingrg/check_reg.html?_=1636771431563 HTTP/1.1" 200 22
124.78.153.86 - - [13/Nov/2021:10:43:52 +0800] "GET /xingrg/all/function/internal_message.html?_=1636771431566&CODE_STATE=getMsg HTTP/1.1" 200 27
116.227.210.113 - - [13/Nov/2021:10:43:54 +0800] "GET /xingrg/all/function/internal_message.html?_=1636771415322&CODE_STATE=getMsg HTTP/1.1" 200 27
116.227.210.113 - - [13/Nov/2021:10:43:54 +0800] "GET /xingrg/check_reg.html?_=1636771415331 HTTP/1.1" 200 22
58.39.139.200 - - [13/Nov/2021:10:43:55 +0800] "GET /xingrg/all/function/internal_message.html?_=1636771433315&CODE_STATE=getMsg HTTP/1.1" 200 27
116.238.248.233 - - [13/Nov/2021:10:43:56 +0800] "GET /xingrg/kc/base/wldb_order_info.html?code=422021111301350 HTTP/1.1" 200 26322
116.238.248.233 - - [13/Nov/2021:10:43:56 +0800] "GET /xingrg/javascript/easyui/themes/default/validatebox.css HTTP/1.1" 404 1104
116.238.248.233 - - [13/Nov/2021:10:43:56 +0800] "POST /xingrg/kc/base/wldb_order_operate.html HTTP/1.1" 200 496
116.238.248.233 - - [13/Nov/2021:10:43:58 +0800] "GET /xingrg/kc/base/wldb_order_add.html HTTP/1.1" 200 30444
116.238.248.233 - - [13/Nov/2021:10:43:59 +0800] "POST /xingrg/kc/base/wldb_order_operate.html HTTP/1.1" 200 6806
116.238.248.233 - - [13/Nov/2021:10:43:59 +0800] "GET /xingrg/javascript/easyui/themes/default/validatebox.css HTTP/1.1" 404 1104
180.169.147.146 - - [13/Nov/2021:10:44:00 +0800] "GET /xingrg/all/function/internal_message.html?_=1636771436625&CODE_STATE=getMsg HTTP/1.1" 200 27
116.232.54.167 - - [13/Nov/2021:10:44:01 +0800] "GET /xingrg/all/function/internal_message.html?_=1636771437630&CODE_STATE=getMsg HTTP/1.1" 200 27
180.169.147.146 - - [13/Nov/2021:10:44:02 +0800] "GET /xingrg/all/function/internal_message.html?_=1636771506118&CODE_STATE=getMsg HTTP/1.1" 200 27
222.70.176.97 - - [13/Nov/2021:10:44:05 +0800] "GET /xingrg/all/function/internal_message.html?_=1636771438465&CODE_STATE=getMsg HTTP/1.1" 200 27
116.235.93.2 - - [13/Nov/2021:10:44:05 +0800] "GET /xingrg/all/function/internal_message.html?_=1636771919750&CODE_STATE=getMsg HTTP/1.1" 200 27
124.78.153.86 - - [13/Nov/2021:10:44:07 +0800] "GET /xingrg/kc/base/wldb_order_operate.html?command=get_materiel&rest_code=00106&base_code=0010396&code=00101019018 HTTP/1.1" 200 451
222.70.171.86 - - [13/Nov/2021:10:44:08 +0800] "GET /xingrg/check_reg.html?_=1636771465052 HTTP/1.1" 200 22
101.91.60.11 - - [13/Nov/2021:10:44:15 +0800] "GET /xingrg/all/function/internal_message.html?_=1636771391203&CODE_STATE=getMsg HTTP/1.1" 302 -
116.238.248.233 - - [13/Nov/2021:10:44:16 +0800] "GET /xingrg/kc/base/wldb_order_operate.html?command=get_materiel&rest_code=00150&base_code=0010446&code=00102002417 HTTP/1.1" 200 435
101.91.60.11 - - [13/Nov/2021:10:44:16 +0800] "GET /xingrg/login.html HTTP/1.1" 200 7641
124.78.153.86 - - [13/Nov/2021:10:44:16 +0800] "GET /xingrg/all/function/internal_message.html?_=1636771451184&CODE_STATE=getMsg HTTP/1.1" 200 27
58.37.231.44 - - [13/Nov/2021:10:44:17 +0800] "GET /xingrg/all/function/internal_message.html?_=1636771285215&CODE_STATE=getMsg HTTP/1.1" 200 27
116.238.248.233 - - [13/Nov/2021:10:44:21 +0800] "GET /xingrg/kc/base/wldb_order_operate.html?command=get_materiel&rest_code=00150&base_code=0010446&code=00102002161 HTTP/1.1" 200 437
124.78.153.86 - - [13/Nov/2021:10:44:23 +0800] "GET /xingrg/kc/base/wldb_order_operate.html?command=get_materiel&rest_code=00106&base_code=0010396&code=00101013193 HTTP/1.1" 200 444
116.238.248.233 - - [13/Nov/2021:10:44:26 +0800] "GET /xingrg/kc/base/wldb_order_operate.html?command=get_materiel&rest_code=00150&base_code=0010446&code=00102002041 HTTP/1.1" 200 435
222.70.171.86 - - [13/Nov/2021:10:44:26 +0800] "GET /xingrg/all/function/internal_message.html?_=1636771483155&CODE_STATE=getMsg HTTP/1.1" 200 27
114.85.125.222 - - [13/Nov/2021:10:44:28 +0800] "GET /xingrg/all/function/internal_message.html?_=1636771387728&CODE_STATE=getMsg HTTP/1.1" 200 27
180.157.253.6 - - [13/Nov/2021:10:44:30 +0800] "GET /xingrg/all/function/internal_message.html?_=1636771466116&CODE_STATE=getMsg HTTP/1.1" 200 27
222.69.128.81 - - [13/Nov/2021:10:44:30 +0800] "GET /xingrg/all/function/internal_message.html?_=1636771466491&CODE_STATE=getMsg HTTP/1.1" 200 27
116.238.248.233 - - [13/Nov/2021:10:44:34 +0800] "GET /xingrg/all/function/internal_message.html?_=1636771470243&CODE_STATE=getMsg HTTP/1.1" 200 27
58.37.231.44 - - [13/Nov/2021:10:44:39 +0800] "GET /xingrg/all/function/internal_message.html?_=1636771474763&CODE_STATE=getMsg HTTP/1.1" 200 27
124.78.153.86 - - [13/Nov/2021:10:44:43 +0800] "GET /xingrg/kc/base/wldb_order_operate.html?command=get_materiel&rest_code=00106&base_code=0010396&code=00101019503 HTTP/1.1" 200 467
101.85.238.236 - - [13/Nov/2021:10:44:46 +0800] "GET /xingrg/all/function/internal_message.html?_=1636771475353&CODE_STATE=getMsg HTTP/1.1" 200 27
101.85.238.236 - - [13/Nov/2021:10:44:52 +0800] "GET /xingrg/all/function/internal_message.html?_=1636771492826&CODE_STATE=getMsg HTTP/1.1" 200 27
124.78.153.86 - - [13/Nov/2021:10:44:53 +0800] "POST /xingrg/kc/base/wldb_order_operate.html HTTP/1.1" 200 37
116.227.210.113 - - [13/Nov/2021:10:44:54 +0800] "GET /xingrg/all/function/internal_message.html?_=1636771475312&CODE_STATE=getMsg HTTP/1.1" 200 27
124.78.153.86 - - [13/Nov/2021:10:44:54 +0800] "POST /xingrg/kc/base/wldb_order_operate.html HTTP/1.1" 200 6687
124.78.153.86 - - [13/Nov/2021:10:44:54 +0800] "GET /xingrg/kc/base/wldb_order_info.html?code=422021111301351 HTTP/1.1" 200 30452
124.78.153.86 - - [13/Nov/2021:10:44:55 +0800] "GET /xingrg/javascript/easyui/themes/default/validatebox.css HTTP/1.1" 404 1104
124.78.153.86 - - [13/Nov/2021:10:44:55 +0800] "POST /xingrg/kc/base/wldb_order_operate.html HTTP/1.1" 200 6687
58.39.139.200 - - [13/Nov/2021:10:44:55 +0800] "GET /xingrg/all/function/internal_message.html?_=1636771493312&CODE_STATE=getMsg HTTP/1.1" 200 27
116.238.248.233 - - [13/Nov/2021:10:44:56 +0800] "POST /xingrg/kc/base/wldb_order_operate.html HTTP/1.1" 200 37
124.78.153.86 - - [13/Nov/2021:10:44:59 +0800] "GET /xingrg/kc/base/wldb_order_add.html HTTP/1.1" 200 30438
124.78.153.86 - - [13/Nov/2021:10:44:59 +0800] "POST /xingrg/kc/base/wldb_order_operate.html HTTP/1.1" 200 6806
124.78.153.86 - - [13/Nov/2021:10:44:59 +0800] "GET /xingrg/javascript/easyui/themes/default/validatebox.css HTTP/1.1" 404 1104
116.238.248.233 - - [13/Nov/2021:10:45:00 +0800] "POST /xingrg/kc/base/wldb_order_operate.html HTTP/1.1" 200 12
116.238.248.233 - - [13/Nov/2021:10:45:00 +0800] "POST /xingrg/kc/base/wldb_order_operate.html HTTP/1.1" 200 3130
180.169.147.146 - - [13/Nov/2021:10:45:00 +0800] "GET /xingrg/all/function/internal_message.html?_=1636771496627&CODE_STATE=getMsg HTTP/1.1" 200 27
124.78.153.86 - - [13/Nov/2021:10:45:00 +0800] "POST /xingrg/all/common/load_combo.html?type=base HTTP/1.1" 200 3227
116.232.54.167 - - [13/Nov/2021:10:45:01 +0800] "GET /xingrg/all/function/internal_message.html?_=1636771497633&CODE_STATE=getMsg HTTP/1.1" 200 27
180.169.147.146 - - [13/Nov/2021:10:45:02 +0800] "GET /xingrg/all/function/internal_message.html?_=1636771566120&CODE_STATE=getMsg HTTP/1.1" 200 27
124.78.153.86 - - [13/Nov/2021:10:45:04 +0800] "POST /xingrg/services/DataTransmitService HTTP/1.1" 200 524
124.78.153.86 - - [13/Nov/2021:10:45:04 +0800] "POST /xingrg/all/common/load_combo.html?type=base HTTP/1.1" 200 3227
124.78.153.86 - - [13/Nov/2021:10:45:05 +0800] "POST /xingrg/services/DataTransmitService HTTP/1.1" 200 2511
222.70.176.97 - - [13/Nov/2021:10:45:05 +0800] "GET /xingrg/all/function/internal_message.html?_=1636771498465&CODE_STATE=getMsg HTTP/1.1" 200 27
222.70.176.97 - - [13/Nov/2021:10:45:05 +0800] "GET /xingrg/check_reg.html?_=1636771498466 HTTP/1.1" 200 22
124.78.153.86 - - [13/Nov/2021:10:45:06 +0800] "POST /xingrg/services/DataTransmitService HTTP/1.1" 200 151003
116.235.93.2 - - [13/Nov/2021:10:45:06 +0800] "GET /xingrg/all/function/internal_message.html?_=1636771980867&CODE_STATE=getMsg HTTP/1.1" 200 27
116.238.248.233 - - [13/Nov/2021:10:45:13 +0800] "GET /xingrg/kc/base/wldb_order_info.html?code=422021111301352 HTTP/1.1" 200 26322
116.238.248.233 - - [13/Nov/2021:10:45:14 +0800] "GET /xingrg/javascript/easyui/themes/default/validatebox.css HTTP/1.1" 404 1104
116.238.248.233 - - [13/Nov/2021:10:45:14 +0800] "POST /xingrg/kc/base/wldb_order_operate.html HTTP/1.1" 200 1405
124.78.153.86 - - [13/Nov/2021:10:45:16 +0800] "GET /xingrg/all/function/internal_message.html?_=1636771511156&CODE_STATE=getMsg HTTP/1.1" 200 27
58.37.231.44 - - [13/Nov/2021:10:45:17 +0800] "GET /xingrg/all/function/internal_message.html?_=1636771345240&CODE_STATE=getMsg HTTP/1.1" 200 27
124.78.153.86 - - [13/Nov/2021:10:45:26 +0800] "GET /xingrg/kc/base/wldb_order_operate.html?command=get_materiel&rest_code=00106&base_code=0010396&code=00101019295 HTTP/1.1" 200 462
222.70.171.86 - - [13/Nov/2021:10:45:26 +0800] "GET /xingrg/all/function/internal_message.html?_=1636771543169&CODE_STATE=getMsg HTTP/1.1" 200 27
114.85.125.222 - - [13/Nov/2021:10:45:28 +0800] "GET /xingrg/all/function/internal_message.html?_=1636771447780&CODE_STATE=getMsg HTTP/1.1" 200 27
180.157.253.6 - - [13/Nov/2021:10:45:30 +0800] "GET /xingrg/all/function/internal_message.html?_=1636771526114&CODE_STATE=getMsg HTTP/1.1" 200 27
222.69.128.81 - - [13/Nov/2021:10:45:30 +0800] "GET /xingrg/all/function/internal_message.html?_=1636771526503&CODE_STATE=getMsg HTTP/1.1" 200 27
222.69.128.81 - - [13/Nov/2021:10:45:30 +0800] "GET /xingrg/check_reg.html?_=1636771526506 HTTP/1.1" 200 22
116.238.248.233 - - [13/Nov/2021:10:45:34 +0800] "GET /xingrg/all/function/internal_message.html?_=1636771530239&CODE_STATE=getMsg HTTP/1.1" 200 27
114.85.125.222 - - [13/Nov/2021:10:45:35 +0800] "GET /xingrg/check_reg.html?_=1636771454622 HTTP/1.1" 200 22
116.235.93.2 - - [13/Nov/2021:10:45:46 +0800] "GET /xingrg/kc/base/base_main.html HTTP/1.1" 200 12142
101.85.238.236 - - [13/Nov/2021:10:45:47 +0800] "GET /xingrg/all/function/internal_message.html?_=1636771535743&CODE_STATE=getMsg HTTP/1.1" 200 27
116.235.93.2 - - [13/Nov/2021:10:45:47 +0800] "GET /xingrg/css/blue.css HTTP/1.1" 304 -
116.235.93.2 - - [13/Nov/2021:10:45:47 +0800] "GET /xingrg/javascript/pic_change.js HTTP/1.1" 304 -
116.235.93.2 - - [13/Nov/2021:10:45:47 +0800] "GET /xingrg/javascript/myfunction.js HTTP/1.1" 304 -
116.235.93.2 - - [13/Nov/2021:10:45:47 +0800] "GET /xingrg/javascript/jquery-1.4.2.min.js HTTP/1.1" 304 -
116.235.93.2 - - [13/Nov/2021:10:45:47 +0800] "GET /xingrg/javascript/jquery.utils.js HTTP/1.1" 304 -
116.235.93.2 - - [13/Nov/2021:10:45:47 +0800] "GET /xingrg/javascript/jquery_easy_ui/themes/default/easyui.css HTTP/1.1" 304 -
116.235.93.2 - - [13/Nov/2021:10:45:47 +0800] "GET /xingrg/javascript/jquery_easy_ui/themes/icon.css HTTP/1.1" 304 -
116.235.93.2 - - [13/Nov/2021:10:45:49 +0800] "GET /xingrg/images/blue/button/wlsy.gif HTTP/1.1" 304 -
116.235.93.2 - - [13/Nov/2021:10:45:49 +0800] "GET /xingrg/images/blue/button/ckpd.gif HTTP/1.1" 304 -
116.235.93.2 - - [13/Nov/2021:10:45:49 +0800] "GET /xingrg/images/blue/button/kc.gif HTTP/1.1" 304 -
116.235.93.2 - - [13/Nov/2021:10:45:49 +0800] "GET /xingrg/images/blue/button/ckdb.gif HTTP/1.1" 304 -
116.235.93.2 - - [13/Nov/2021:10:45:49 +0800] "GET /xingrg/images/blue/button/yddb.gif HTTP/1.1" 304 -
116.235.93.2 - - [13/Nov/2021:10:45:49 +0800] "GET /xingrg/images/blue/pic_form2.gif HTTP/1.1" 304 -
116.235.93.2 - - [13/Nov/2021:10:45:49 +0800] "GET /xingrg/images/blue/bg_dotted.jpg HTTP/1.1" 304 -
116.235.93.2 - - [13/Nov/2021:10:45:49 +0800] "GET /xingrg/images/blue/button/top_left.jpg HTTP/1.1" 304 -
116.235.93.2 - - [13/Nov/2021:10:45:49 +0800] "GET /xingrg/images/blue/button/top_right.jpg HTTP/1.1" 304 -
116.235.93.2 - - [13/Nov/2021:10:45:49 +0800] "GET /xingrg/images/blue/button/down.jpg HTTP/1.1" 304 -
116.235.93.2 - - [13/Nov/2021:10:45:49 +0800] "GET /xingrg/images/blue/button/right_ah.jpg HTTP/1.1" 304 -
116.235.93.2 - - [13/Nov/2021:10:45:49 +0800] "GET /xingrg/images/blue/button/left_ah.jpg HTTP/1.1" 304 -
116.235.93.2 - - [13/Nov/2021:10:45:49 +0800] "GET /xingrg/images/blue/button/bottom_left.jpg HTTP/1.1" 304 -
116.235.93.2 - - [13/Nov/2021:10:45:49 +0800] "GET /xingrg/images/blue/button/bottom_right.jpg HTTP/1.1" 304 -
101.85.238.236 - - [13/Nov/2021:10:45:52 +0800] "GET /xingrg/all/function/internal_message.html?_=1636771552840&CODE_STATE=getMsg HTTP/1.1" 200 27
124.78.153.86 - - [13/Nov/2021:10:45:52 +0800] "GET /xingrg/all/function/internal_message.html?_=1636771551581&CODE_STATE=getMsg HTTP/1.1" 200 27
124.78.153.86 - - [13/Nov/2021:10:45:53 +0800] "GET /xingrg/kc/base/wldb_order_operate.html?command=get_materiel&rest_code=00106&base_code=0010396&code=00101019358 HTTP/1.1" 200 459
116.227.210.113 - - [13/Nov/2021:10:45:54 +0800] "GET /xingrg/all/function/internal_message.html?_=1636771535318&CODE_STATE=getMsg HTTP/1.1" 200 27
116.235.93.2 - - [13/Nov/2021:10:45:55 +0800] "GET /xingrg/kc/base/wldb_order_list.html HTTP/1.1" 200 19230
116.235.93.2 - - [13/Nov/2021:10:45:55 +0800] "GET /xingrg/css/base.css HTTP/1.1" 304 -
58.39.139.200 - - [13/Nov/2021:10:45:55 +0800] "GET /xingrg/check_reg.html?_=1636771553315 HTTP/1.1" 200 22
58.39.139.200 - - [13/Nov/2021:10:45:55 +0800] "GET /xingrg/all/function/internal_message.html?_=1636771553317&CODE_STATE=getMsg HTTP/1.1" 200 27
116.235.93.2 - - [13/Nov/2021:10:45:55 +0800] "GET /xingrg/css/site.css HTTP/1.1" 304 -
116.235.93.2 - - [13/Nov/2021:10:45:55 +0800] "GET /xingrg/javascript/jquery_tools/datebox.css HTTP/1.1" 304 -
116.235.93.2 - - [13/Nov/2021:10:45:55 +0800] "GET /xingrg/javascript/easyui/themes/default/easyui.css HTTP/1.1" 304 -
116.235.93.2 - - [13/Nov/2021:10:45:55 +0800] "GET /xingrg/javascript/easyui/themes/icon.css HTTP/1.1" 304 -
116.235.93.2 - - [13/Nov/2021:10:45:55 +0800] "GET /xingrg/javascript/auto/jquery.autocomplete.css HTTP/1.1" 304 -
116.235.93.2 - - [13/Nov/2021:10:45:55 +0800] "GET /xingrg/javascript/jquery_tools/fix.css HTTP/1.1" 304 -
116.235.93.2 - - [13/Nov/2021:10:45:55 +0800] "GET /xingrg/javascript/jquery_tools/table.css HTTP/1.1" 304 -
116.235.93.2 - - [13/Nov/2021:10:45:55 +0800] "GET /xingrg/javascript/jquery_tools/jquery.tools.extend.js HTTP/1.1" 304 -
116.235.93.2 - - [13/Nov/2021:10:45:55 +0800] "GET /xingrg/javascript/jquery_tools/jquery.tools.min.js HTTP/1.1" 304 -
116.235.93.2 - - [13/Nov/2021:10:45:55 +0800] "GET /xingrg/javascript/jquery_tools/jquery.tools.hotkey.js HTTP/1.1" 304 -
116.235.93.2 - - [13/Nov/2021:10:45:55 +0800] "GET /xingrg/javascript/jquery_tools/jquery.tools.table.js HTTP/1.1" 304 -
116.235.93.2 - - [13/Nov/2021:10:45:55 +0800] "GET /xingrg/javascript/jquery_tools/list_manager.js HTTP/1.1" 304 -
116.235.93.2 - - [13/Nov/2021:10:45:55 +0800] "GET /xingrg/javascript/auto/jquery.autocomplete.js HTTP/1.1" 304 -
116.235.93.2 - - [13/Nov/2021:10:45:55 +0800] "GET /xingrg/javascript/jquery.utils.js HTTP/1.1" 304 -
116.235.93.2 - - [13/Nov/2021:10:45:55 +0800] "GET /xingrg/javascript/jquery.cookie.js HTTP/1.1" 304 -
116.235.93.2 - - [13/Nov/2021:10:45:55 +0800] "GET /xingrg/javascript/easyui/easyloader.js HTTP/1.1" 304 -
116.235.93.2 - - [13/Nov/2021:10:45:55 +0800] "GET /xingrg/javascript/print/LodopFuncs.js HTTP/1.1" 304 -
180.169.147.146 - - [13/Nov/2021:10:46:00 +0800] "GET /xingrg/all/function/internal_message.html?_=1636771556633&CODE_STATE=getMsg HTTP/1.1" 200 27
180.169.147.146 - - [13/Nov/2021:10:46:00 +0800] "GET /xingrg/check_reg.html?_=1636771556645 HTTP/1.1" 200 22
116.232.54.167 - - [13/Nov/2021:10:46:01 +0800] "GET /xingrg/all/function/internal_message.html?_=1636771557636&CODE_STATE=getMsg HTTP/1.1" 200 27
124.78.153.86 - - [13/Nov/2021:10:46:01 +0800] "POST /xingrg/services/DataTransmitService HTTP/1.1" 200 524
124.78.153.86 - - [13/Nov/2021:10:46:02 +0800] "POST /xingrg/services/DataTransmitService HTTP/1.1" 200 2511
180.169.147.146 - - [13/Nov/2021:10:46:02 +0800] "GET /xingrg/all/function/internal_message.html?_=1636771626121&CODE_STATE=getMsg HTTP/1.1" 200 27
180.169.147.146 - - [13/Nov/2021:10:46:02 +0800] "GET /xingrg/check_reg.html?_=1636771626122 HTTP/1.1" 200 22
116.235.93.2 - - [13/Nov/2021:10:46:03 +0800] "GET /xingrg/javascript/easyui/themes/icons/field_new.png HTTP/1.1" 304 -
116.235.93.2 - - [13/Nov/2021:10:46:03 +0800] "GET /xingrg/javascript/easyui/themes/icons/import_new.png HTTP/1.1" 304 -
116.235.93.2 - - [13/Nov/2021:10:46:03 +0800] "GET /xingrg/javascript/easyui/plugins/jquery.parser.js HTTP/1.1" 304 -
116.235.93.2 - - [13/Nov/2021:10:46:04 +0800] "POST /xingrg/kc/base/wldb_list_operate.html HTTP/1.1" 200 928
222.70.176.97 - - [13/Nov/2021:10:46:05 +0800] "GET /xingrg/all/function/internal_message.html?_=1636771558463&CODE_STATE=getMsg HTTP/1.1" 200 27
116.235.93.2 - - [13/Nov/2021:10:46:06 +0800] "GET /xingrg/all/function/internal_message.html?_=1636772040938&CODE_STATE=getMsg HTTP/1.1" 200 27
116.235.93.2 - - [13/Nov/2021:10:46:07 +0800] "GET /xingrg/javascript/easyui/themes/default/images/button_plain_hover.png HTTP/1.1" 304 -
116.235.93.2 - - [13/Nov/2021:10:46:07 +0800] "GET /xingrg/javascript/easyui/themes/default/images/button_plain_hover.png HTTP/1.1" 304 -
116.235.93.2 - - [13/Nov/2021:10:46:08 +0800] "GET /xingrg/css/base.css HTTP/1.1" 304 -
116.235.93.2 - - [13/Nov/2021:10:46:08 +0800] "GET /xingrg/css/site.css HTTP/1.1" 304 -
116.235.93.2 - - [13/Nov/2021:10:46:08 +0800] "GET /xingrg/javascript/easyui/themes/icon.css HTTP/1.1" 304 -
116.235.93.2 - - [13/Nov/2021:10:46:08 +0800] "GET /xingrg/javascript/jquery_tools/datebox.css HTTP/1.1" 304 -
116.235.93.2 - - [13/Nov/2021:10:46:08 +0800] "GET /xingrg/javascript/auto/jquery.autocomplete.css HTTP/1.1" 304 -
116.235.93.2 - - [13/Nov/2021:10:46:08 +0800] "GET /xingrg/javascript/easyui/themes/default/easyui.css HTTP/1.1" 304 -
116.235.93.2 - - [13/Nov/2021:10:46:08 +0800] "GET /xingrg/javascript/jquery_tools/fix.css HTTP/1.1" 304 -
116.235.93.2 - - [13/Nov/2021:10:46:08 +0800] "GET /xingrg/javascript/jquery_tools/table.css HTTP/1.1" 304 -
116.235.93.2 - - [13/Nov/2021:10:46:08 +0800] "GET /xingrg/javascript/pic_change.js HTTP/1.1" 304 -
116.235.93.2 - - [13/Nov/2021:10:46:08 +0800] "GET /xingrg/kc/base/wldb_order_add.html HTTP/1.1" 200 30440
116.235.93.2 - - [13/Nov/2021:10:46:08 +0800] "GET /xingrg/javascript/jquery_tools/jquery.tools.min.js HTTP/1.1" 304 -
116.235.93.2 - - [13/Nov/2021:10:46:08 +0800] "GET /xingrg/javascript/jquery_tools/jquery.tools.extend.js HTTP/1.1" 304 -
116.235.93.2 - - [13/Nov/2021:10:46:08 +0800] "GET /xingrg/javascript/jquery_tools/jquery.tools.hotkey.js HTTP/1.1" 304 -
116.235.93.2 - - [13/Nov/2021:10:46:08 +0800] "GET /xingrg/javascript/jquery_tools/jquery.tools.table.js HTTP/1.1" 304 -
116.235.93.2 - - [13/Nov/2021:10:46:08 +0800] "GET /xingrg/javascript/auto/jquery.autocomplete.js HTTP/1.1" 304 -
116.235.93.2 - - [13/Nov/2021:10:46:08 +0800] "GET /xingrg/javascript/easyui/easyloader.js HTTP/1.1" 304 -
116.235.93.2 - - [13/Nov/2021:10:46:08 +0800] "GET /xingrg/javascript/jquery.utils.js HTTP/1.1" 304 -
116.235.93.2 - - [13/Nov/2021:10:46:08 +0800] "GET /xingrg/javascript/jquery_tools/order_manager.js HTTP/1.1" 304 -
116.235.93.2 - - [13/Nov/2021:10:46:08 +0800] "GET /xingrg/javascript/convert.js HTTP/1.1" 304 -
116.235.93.2 - - [13/Nov/2021:10:46:08 +0800] "GET /xingrg/javascript/json2.js HTTP/1.1" 304 -
116.235.93.2 - - [13/Nov/2021:10:46:08 +0800] "GET /xingrg/javascript/print/kc_print.js HTTP/1.1" 304 -
116.235.93.2 - - [13/Nov/2021:10:46:08 +0800] "GET /xingrg/javascript/print/LodopFuncs.js HTTP/1.1" 304 -
116.235.93.2 - - [13/Nov/2021:10:46:08 +0800] "GET /xingrg/words/20211112171753_words.js HTTP/1.1" 304 -
116.235.93.2 - - [13/Nov/2021:10:46:09 +0800] "GET /xingrg/javascript/easyui/plugins/jquery.parser.js HTTP/1.1" 304 -
116.235.93.2 - - [13/Nov/2021:10:46:10 +0800] "POST /xingrg/kc/base/wldb_order_operate.html HTTP/1.1" 200 6806
116.235.93.2 - - [13/Nov/2021:10:46:11 +0800] "GET /xingrg/all/common/auto_word.html?type=base&rest_code=00104 HTTP/1.1" 200 1799
116.235.93.2 - - [13/Nov/2021:10:46:11 +0800] "GET /xingrg/all/common/auto_word.html?type=base&rest_code=00104 HTTP/1.1" 200 1799
116.235.93.2 - - [13/Nov/2021:10:46:11 +0800] "GET /xingrg/words/20211112171753_words.js HTTP/1.1" 304 -
116.235.93.2 - - [13/Nov/2021:10:46:11 +0800] "GET /xingrg/javascript/easyui/themes/default/validatebox.css HTTP/1.1" 404 1104
116.235.93.2 - - [13/Nov/2021:10:46:11 +0800] "GET /xingrg/javascript/easyui/plugins/jquery.validatebox.js HTTP/1.1" 304 -
124.78.153.86 - - [13/Nov/2021:10:46:11 +0800] "GET /xingrg/kc/base/wldb_order_operate.html?command=get_materiel&rest_code=00106&base_code=0010396&code=00101019476 HTTP/1.1" 200 480
116.235.93.2 - - [13/Nov/2021:10:46:12 +0800] "GET /xingrg/javascript/easyui/plugins/jquery.numberbox.js HTTP/1.1" 304 -
116.235.93.2 - - [13/Nov/2021:10:46:12 +0800] "GET /xingrg/css/images/panel_loading.gif HTTP/1.1" 304 -
116.235.93.2 - - [13/Nov/2021:10:46:12 +0800] "POST /xingrg/all/common/load_combo.html?type=base HTTP/1.1" 200 3227
124.78.153.86 - - [13/Nov/2021:10:46:14 +0800] "GET /xingrg/check_reg.html?_=1636771568635 HTTP/1.1" 200 22
116.235.93.2 - - [13/Nov/2021:10:46:16 +0800] "GET /xingrg/css/images/panel_loading.gif HTTP/1.1" 304 -
116.235.93.2 - - [13/Nov/2021:10:46:16 +0800] "POST /xingrg/all/common/load_combo.html?type=base HTTP/1.1" 200 3227
124.78.153.86 - - [13/Nov/2021:10:46:16 +0800] "GET /xingrg/all/function/internal_message.html?_=1636771571138&CODE_STATE=getMsg HTTP/1.1" 200 27
58.37.231.44 - - [13/Nov/2021:10:46:17 +0800] "GET /xingrg/all/function/internal_message.html?_=1636771405237&CODE_STATE=getMsg HTTP/1.1" 200 27
58.37.231.44 - - [13/Nov/2021:10:46:17 +0800] "GET /xingrg/check_reg.html?_=1636771405239 HTTP/1.1" 200 22
222.70.171.86 - - [13/Nov/2021:10:46:26 +0800] "GET /xingrg/all/function/internal_message.html?_=1636771603202&CODE_STATE=getMsg HTTP/1.1" 200 27
114.85.125.222 - - [13/Nov/2021:10:46:28 +0800] "GET /xingrg/all/function/internal_message.html?_=1636771507785&CODE_STATE=getMsg HTTP/1.1" 200 27
116.235.93.2 - - [13/Nov/2021:10:46:29 +0800] "GET /xingrg/kc/base/wldb_order_operate.html?command=get_materiel&rest_code=00104&base_code=0010033&code=00102002025 HTTP/1.1" 200 455
180.157.253.6 - - [13/Nov/2021:10:46:30 +0800] "GET /xingrg/all/function/internal_message.html?_=1636771586114&CODE_STATE=getMsg HTTP/1.1" 200 27
222.69.128.81 - - [13/Nov/2021:10:46:30 +0800] "GET /xingrg/all/function/internal_message.html?_=1636771586509&CODE_STATE=getMsg HTTP/1.1" 200 27
124.78.153.86 - - [13/Nov/2021:10:46:31 +0800] "GET /xingrg/kc/base/wldb_order_operate.html?command=get_materiel&rest_code=00106&base_code=0010396&code=00101013052 HTTP/1.1" 200 441
116.235.93.2 - - [13/Nov/2021:10:46:31 +0800] "POST /xingrg/all/common/load_select.html HTTP/1.1" 200 25
116.238.248.233 - - [13/Nov/2021:10:46:34 +0800] "GET /xingrg/all/function/internal_message.html?_=1636771590246&CODE_STATE=getMsg HTTP/1.1" 200 27
116.235.93.2 - - [13/Nov/2021:10:46:34 +0800] "GET /xingrg/kc/base/wldb_order_operate.html?command=get_materiel_price&rest_code=00104&base_code=0010033&code=00102002025&unit_code=00100351 HTTP/1.1" 200 35
124.78.153.86 - - [13/Nov/2021:10:46:45 +0800] "GET /xingrg/kc/base/wldb_order_operate.html?command=get_materiel&rest_code=00106&base_code=0010396&code=00101019079 HTTP/1.1" 200 465
101.85.238.236 - - [13/Nov/2021:10:46:47 +0800] "GET /xingrg/all/function/internal_message.html?_=1636771595755&CODE_STATE=getMsg HTTP/1.1" 200 27
116.235.93.2 - - [13/Nov/2021:10:46:51 +0800] "GET /xingrg/kc/base/wldb_order_operate.html?command=get_materiel&rest_code=00104&base_code=0010033&code=00102002118 HTTP/1.1" 200 452
101.85.238.236 - - [13/Nov/2021:10:46:52 +0800] "GET /xingrg/all/function/internal_message.html?_=1636771612827&CODE_STATE=getMsg HTTP/1.1" 200 27
124.78.153.86 - - [13/Nov/2021:10:46:52 +0800] "GET /xingrg/all/function/internal_message.html?_=1636771611560&CODE_STATE=getMsg HTTP/1.1" 200 27
116.227.210.113 - - [13/Nov/2021:10:46:54 +0800] "GET /xingrg/all/function/internal_message.html?_=1636771595310&CODE_STATE=getMsg HTTP/1.1" 200 27
58.39.139.200 - - [13/Nov/2021:10:46:55 +0800] "GET /xingrg/all/function/internal_message.html?_=1636771613317&CODE_STATE=getMsg HTTP/1.1" 200 27
58.39.139.200 - - [13/Nov/2021:10:46:56 +0800] "GET /xingrg/javascript/jquery_easy_ui/themes/default/images/tabs_active.png HTTP/1.1" 304 -
58.221.95.50 - - [13/Nov/2021:10:46:57 +0800] "GET /xingrg/check_reg.html?_=1636771613642 HTTP/1.1" 302 -
116.235.93.2 - - [13/Nov/2021:10:46:57 +0800] "GET /xingrg/javascript/easyui/themes/default/images/button_plain_hover.png HTTP/1.1" 304 -
116.235.93.2 - - [13/Nov/2021:10:46:58 +0800] "GET /xingrg/javascript/easyui/themes/default/images/button_plain_hover.png HTTP/1.1" 304 -
116.235.93.2 - - [13/Nov/2021:10:46:58 +0800] "GET /xingrg/javascript/easyui/themes/default/images/button_plain_hover.png HTTP/1.1" 304 -
116.235.93.2 - - [13/Nov/2021:10:46:59 +0800] "GET /xingrg/javascript/easyui/themes/default/images/button_plain_hover.png HTTP/1.1" 304 -
116.235.93.2 - - [13/Nov/2021:10:46:59 +0800] "GET /xingrg/javascript/easyui/themes/default/images/button_plain_hover.png HTTP/1.1" 304 -
