116.235.93.2 - - [12/Nov/2021:09:35:57 +0800] "POST /xingrg/all/common/load_tree.html?tree=area_rest_tree_json&manage=1 HTTP/1.1" 200 351
116.235.93.2 - - [12/Nov/2021:09:35:58 +0800] "GET /xingrg/check_reg.html?_=1636681067225 HTTP/1.1" 200 22
116.235.93.2 - - [12/Nov/2021:09:35:58 +0800] "GET /xingrg/all/function/internal_message.html?_=1636681067225&CODE_STATE=count HTTP/1.1" 200 11
116.235.93.2 - - [12/Nov/2021:09:35:58 +0800] "POST /xingrg/load_menu.html HTTP/1.1" 200 5138
222.70.171.86 - - [12/Nov/2021:09:36:00 +0800] "GET /xingrg/check_reg.html?_=1636680972762 HTTP/1.1" 200 22
222.70.171.86 - - [12/Nov/2021:09:36:02 +0800] "GET /xingrg/all/function/internal_message.html?_=1636680974932&CODE_STATE=getMsg HTTP/1.1" 200 27
114.83.218.184 - - [12/Nov/2021:09:36:05 +0800] "GET /xingrg/all/function/internal_message.html?_=1636680960541&CODE_STATE=getMsg HTTP/1.1" 200 27
116.233.78.138 - - [12/Nov/2021:09:36:06 +0800] "GET /xingrg/all/function/internal_message.html?_=1636680963628&CODE_STATE=getMsg HTTP/1.1" 200 27
101.85.238.236 - - [12/Nov/2021:09:36:07 +0800] "GET /xingrg/kc/buy/cgsh_order_operate.html?command=get_materiel&rest_code=00102&code=00101006055&supplier_code=00100096&order_time=2021-11-12 HTTP/1.1" 200 411
58.39.139.200 - - [12/Nov/2021:09:36:13 +0800] "GET /xingrg/all/function/internal_message.html?_=1636680970877&CODE_STATE=getMsg HTTP/1.1" 200 27
222.70.176.97 - - [12/Nov/2021:09:36:17 +0800] "GET /xingrg/all/function/internal_message.html?_=1636680971368&CODE_STATE=getMsg HTTP/1.1" 200 27
114.83.218.184 - - [12/Nov/2021:09:36:25 +0800] "GET /xingrg/kc/buy/cgsh_order_operate.html?command=get_materiel&rest_code=00149&code=00101006057&supplier_code=00100012&order_time=2021-11-12 HTTP/1.1" 200 413
120.253.135.82 - - [12/Nov/2021:09:36:30 +0800] "GET /xingrg/all/function/internal_message.html?_=1636680940997&CODE_STATE=getMsg HTTP/1.1" 200 27
114.83.218.184 - - [12/Nov/2021:09:36:38 +0800] "GET /xingrg/kc/buy/cgsh_order_operate.html?command=get_materiel&rest_code=00149&code=00101006056&supplier_code=00100012&order_time=2021-11-12 HTTP/1.1" 200 413
116.238.248.233 - - [12/Nov/2021:09:36:40 +0800] "GET /xingrg/all/function/internal_message.html?_=1636680997224&CODE_STATE=getMsg HTTP/1.1" 200 27
101.85.238.236 - - [12/Nov/2021:09:36:45 +0800] "GET /xingrg/kc/buy/cgsh_order_operate.html?command=get_materiel&rest_code=00102&code=00101006065&supplier_code=00100096&order_time=2021-11-12 HTTP/1.1" 200 409
114.83.218.184 - - [12/Nov/2021:09:36:50 +0800] "POST /xingrg/kc/buy/cgsh_order_operate.html HTTP/1.1" 200 37
114.85.125.222 - - [12/Nov/2021:09:36:53 +0800] "GET /xingrg/all/function/internal_message.html?_=1636680933994&CODE_STATE=getMsg HTTP/1.1" 200 27
116.227.210.113 - - [12/Nov/2021:09:36:53 +0800] "GET /xingrg/all/function/internal_message.html?_=1636680997651&CODE_STATE=getMsg HTTP/1.1" 200 27
114.83.218.184 - - [12/Nov/2021:09:36:55 +0800] "POST /xingrg/kc/buy/cgsh_order_operate.html HTTP/1.1" 200 12
114.83.218.184 - - [12/Nov/2021:09:36:56 +0800] "GET /xingrg/kc/buy/cgsh_order_info.html?code=212021111204849 HTTP/1.1" 200 59742
114.83.218.184 - - [12/Nov/2021:09:36:56 +0800] "GET /xingrg/javascript/easyui/themes/default/validatebox.css HTTP/1.1" 404 1104
114.83.218.184 - - [12/Nov/2021:09:36:57 +0800] "POST /xingrg/kc/buy/cgsh_order_operate.html HTTP/1.1" 200 3006
116.235.93.2 - - [12/Nov/2021:09:36:58 +0800] "GET /xingrg/all/function/internal_message.html?_=1636681127241&CODE_STATE=getMsg HTTP/1.1" 200 27
114.83.218.184 - - [12/Nov/2021:09:36:59 +0800] "GET /xingrg/kc/print/load_data.html?order_code=212021111204849&kc_code=cgsh&condition= HTTP/1.1" 200 1737
222.70.171.86 - - [12/Nov/2021:09:37:02 +0800] "GET /xingrg/all/function/internal_message.html?_=1636681034946&CODE_STATE=getMsg HTTP/1.1" 200 27
114.83.218.184 - - [12/Nov/2021:09:37:05 +0800] "GET /xingrg/check_reg.html?_=1636681020542 HTTP/1.1" 200 22
114.83.218.184 - - [12/Nov/2021:09:37:05 +0800] "GET /xingrg/all/function/internal_message.html?_=1636681020545&CODE_STATE=getMsg HTTP/1.1" 200 27
116.233.78.138 - - [12/Nov/2021:09:37:06 +0800] "GET /xingrg/all/function/internal_message.html?_=1636681023630&CODE_STATE=getMsg HTTP/1.1" 200 27
114.83.218.184 - - [12/Nov/2021:09:37:12 +0800] "GET /xingrg/kc/buy/cgsh_order_add.html HTTP/1.1" 200 64833
114.83.218.184 - - [12/Nov/2021:09:37:12 +0800] "POST /xingrg/kc/buy/cgsh_order_operate.html HTTP/1.1" 200 8245
114.83.218.184 - - [12/Nov/2021:09:37:12 +0800] "GET /xingrg/javascript/easyui/themes/default/validatebox.css HTTP/1.1" 404 1104
58.39.139.200 - - [12/Nov/2021:09:37:13 +0800] "GET /xingrg/all/function/internal_message.html?_=1636681030886&CODE_STATE=getMsg HTTP/1.1" 200 27
58.39.139.200 - - [12/Nov/2021:09:37:13 +0800] "GET /xingrg/check_reg.html?_=1636681030889 HTTP/1.1" 200 22
222.70.176.97 - - [12/Nov/2021:09:37:17 +0800] "GET /xingrg/all/function/internal_message.html?_=1636681031354&CODE_STATE=getMsg HTTP/1.1" 200 27
222.70.176.97 - - [12/Nov/2021:09:37:17 +0800] "GET /xingrg/check_reg.html?_=1636681031888 HTTP/1.1" 200 22
116.238.248.233 - - [12/Nov/2021:09:37:24 +0800] "GET /xingrg/kc/buy/cgsh_order_operate.html?command=get_materiel&rest_code=00151&code=00101008084&supplier_code=00100096&order_time=2021-11-12 HTTP/1.1" 200 412
120.253.135.82 - - [12/Nov/2021:09:37:30 +0800] "GET /xingrg/all/function/internal_message.html?_=1636681001016&CODE_STATE=getMsg HTTP/1.1" 200 27
116.238.248.233 - - [12/Nov/2021:09:37:34 +0800] "GET /xingrg/kc/buy/cgsh_order_operate.html?command=get_materiel&rest_code=00151&code=00101012059&supplier_code=00100096&order_time=2021-11-12 HTTP/1.1" 200 412
114.83.218.184 - - [12/Nov/2021:09:37:36 +0800] "GET /xingrg/kc/buy/cgsh_order_operate.html?command=get_materiel&rest_code=00149&code=00101012025&supplier_code=00100036&order_time=2021-11-12 HTTP/1.1" 200 412
116.238.248.233 - - [12/Nov/2021:09:37:39 +0800] "GET /xingrg/kc/buy/cgsh_order_operate.html?command=get_materiel&rest_code=00151&code=00101012019&supplier_code=00100096&order_time=2021-11-12 HTTP/1.1" 200 412
116.238.248.233 - - [12/Nov/2021:09:37:40 +0800] "GET /xingrg/all/function/internal_message.html?_=1636681057228&CODE_STATE=getMsg HTTP/1.1" 200 27
114.83.218.184 - - [12/Nov/2021:09:37:43 +0800] "GET /xingrg/kc/buy/cgsh_order_operate.html?command=get_materiel&rest_code=00149&code=00101016080&supplier_code=00100036&order_time=2021-11-12 HTTP/1.1" 200 408
101.85.238.236 - - [12/Nov/2021:09:37:50 +0800] "GET /xingrg/kc/buy/cgsh_order_operate.html?command=get_materiel&rest_code=00102&code=00101007076&supplier_code=00100096&order_time=2021-11-12 HTTP/1.1" 200 410
180.157.253.6 - - [12/Nov/2021:09:37:50 +0800] "GET /xingrg/check_reg.html?_=1636681068661 HTTP/1.1" 302 -
114.85.125.222 - - [12/Nov/2021:09:37:53 +0800] "GET /xingrg/all/function/internal_message.html?_=1636680994038&CODE_STATE=getMsg HTTP/1.1" 200 27
116.227.210.113 - - [12/Nov/2021:09:37:53 +0800] "GET /xingrg/all/function/internal_message.html?_=1636681057640&CODE_STATE=getMsg HTTP/1.1" 200 27
114.83.218.184 - - [12/Nov/2021:09:37:55 +0800] "GET /xingrg/kc/buy/cgsh_order_operate.html?command=get_materiel&rest_code=00149&code=00101012026&supplier_code=00100036&order_time=2021-11-12 HTTP/1.1" 200 408
116.235.93.2 - - [12/Nov/2021:09:37:58 +0800] "GET /xingrg/all/function/internal_message.html?_=1636681187241&CODE_STATE=getMsg HTTP/1.1" 200 27
116.238.248.233 - - [12/Nov/2021:09:38:00 +0800] "GET /xingrg/kc/buy/cgsh_order_operate.html?command=get_materiel&rest_code=00151&code=00101007077&supplier_code=00100096&order_time=2021-11-12 HTTP/1.1" 200 415
222.70.171.86 - - [12/Nov/2021:09:38:02 +0800] "GET /xingrg/all/function/internal_message.html?_=1636681094958&CODE_STATE=getMsg HTTP/1.1" 200 27
114.83.218.184 - - [12/Nov/2021:09:38:05 +0800] "GET /xingrg/all/function/internal_message.html?_=1636681080545&CODE_STATE=getMsg HTTP/1.1" 200 27
114.83.218.184 - - [12/Nov/2021:09:38:05 +0800] "POST /xingrg/kc/buy/cgsh_order_operate.html HTTP/1.1" 200 37
116.233.78.138 - - [12/Nov/2021:09:38:06 +0800] "GET /xingrg/all/function/internal_message.html?_=1636681083632&CODE_STATE=getMsg HTTP/1.1" 200 27
114.83.218.184 - - [12/Nov/2021:09:38:09 +0800] "POST /xingrg/kc/buy/cgsh_order_operate.html HTTP/1.1" 200 12
114.83.218.184 - - [12/Nov/2021:09:38:10 +0800] "GET /xingrg/kc/buy/cgsh_order_info.html?code=212021111204850 HTTP/1.1" 200 59744
114.83.218.184 - - [12/Nov/2021:09:38:10 +0800] "GET /xingrg/javascript/easyui/themes/default/validatebox.css HTTP/1.1" 404 1104
114.83.218.184 - - [12/Nov/2021:09:38:11 +0800] "POST /xingrg/kc/buy/cgsh_order_operate.html HTTP/1.1" 200 1781
116.238.248.233 - - [12/Nov/2021:09:38:11 +0800] "GET /xingrg/kc/buy/cgsh_order_operate.html?command=get_materiel&rest_code=00151&code=00101006168&supplier_code=00100096&order_time=2021-11-12 HTTP/1.1" 200 423
58.39.139.200 - - [12/Nov/2021:09:38:13 +0800] "GET /xingrg/all/function/internal_message.html?_=1636681090888&CODE_STATE=getMsg HTTP/1.1" 200 27
114.83.218.184 - - [12/Nov/2021:09:38:13 +0800] "GET /xingrg/kc/print/load_data.html?order_code=212021111204850&kc_code=cgsh&condition= HTTP/1.1" 200 1225
222.70.176.97 - - [12/Nov/2021:09:38:17 +0800] "GET /xingrg/all/function/internal_message.html?_=1636681091326&CODE_STATE=getMsg HTTP/1.1" 200 27
120.253.135.82 - - [12/Nov/2021:09:38:17 +0800] "GET /xingrg/check_reg.html?_=1636681048764 HTTP/1.1" 200 22
116.238.248.233 - - [12/Nov/2021:09:38:20 +0800] "GET /xingrg/kc/buy/cgsh_order_operate.html?command=get_materiel&rest_code=00151&code=00101006178&supplier_code=00100096&order_time=2021-11-12 HTTP/1.1" 200 409
120.253.135.82 - - [12/Nov/2021:09:38:30 +0800] "GET /xingrg/all/function/internal_message.html?_=1636681061025&CODE_STATE=getMsg HTTP/1.1" 200 27
116.238.248.233 - - [12/Nov/2021:09:38:30 +0800] "GET /xingrg/kc/buy/cgsh_order_operate.html?command=get_materiel&rest_code=00151&code=00101006084&supplier_code=00100096&order_time=2021-11-12 HTTP/1.1" 200 413
116.238.248.233 - - [12/Nov/2021:09:38:40 +0800] "GET /xingrg/all/function/internal_message.html?_=1636681117235&CODE_STATE=getMsg HTTP/1.1" 200 27
116.238.248.233 - - [12/Nov/2021:09:38:48 +0800] "POST /xingrg/kc/buy/cgsh_order_operate.html HTTP/1.1" 200 37
101.85.238.236 - - [12/Nov/2021:09:38:48 +0800] "GET /xingrg/kc/buy/cgsh_order_operate.html?command=get_materiel&rest_code=00102&code=00101006144&supplier_code=00100096&order_time=2021-11-12 HTTP/1.1" 200 411
114.85.125.222 - - [12/Nov/2021:09:38:53 +0800] "GET /xingrg/all/function/internal_message.html?_=1636681054053&CODE_STATE=getMsg HTTP/1.1" 200 27
116.227.210.113 - - [12/Nov/2021:09:38:53 +0800] "GET /xingrg/all/function/internal_message.html?_=1636681117641&CODE_STATE=getMsg HTTP/1.1" 200 27
116.238.248.233 - - [12/Nov/2021:09:38:54 +0800] "POST /xingrg/kc/buy/cgsh_order_operate.html HTTP/1.1" 200 12
116.238.248.233 - - [12/Nov/2021:09:38:55 +0800] "GET /xingrg/kc/buy/cgsh_order_info.html?code=212021111204851 HTTP/1.1" 200 59283
116.238.248.233 - - [12/Nov/2021:09:38:56 +0800] "GET /xingrg/javascript/easyui/themes/default/validatebox.css HTTP/1.1" 404 1104
116.238.248.233 - - [12/Nov/2021:09:38:57 +0800] "POST /xingrg/kc/buy/cgsh_order_operate.html HTTP/1.1" 200 4227
116.235.93.2 - - [12/Nov/2021:09:38:58 +0800] "GET /xingrg/all/function/internal_message.html?_=1636681247240&CODE_STATE=getMsg HTTP/1.1" 200 27
116.238.248.233 - - [12/Nov/2021:09:38:58 +0800] "GET /xingrg/kc/print/load_data.html?order_code=212021111204851&kc_code=cgsh&condition= HTTP/1.1" 200 2103
222.70.171.86 - - [12/Nov/2021:09:39:02 +0800] "GET /xingrg/all/function/internal_message.html?_=1636681155002&CODE_STATE=getMsg HTTP/1.1" 200 27
116.238.248.233 - - [12/Nov/2021:09:39:04 +0800] "GET /xingrg/kc/buy/cgsh_order_add.html HTTP/1.1" 200 64384
116.238.248.233 - - [12/Nov/2021:09:39:05 +0800] "POST /xingrg/kc/buy/cgsh_order_operate.html HTTP/1.1" 200 8245
116.238.248.233 - - [12/Nov/2021:09:39:05 +0800] "GET /xingrg/javascript/easyui/themes/default/validatebox.css HTTP/1.1" 404 1104
114.83.218.184 - - [12/Nov/2021:09:39:05 +0800] "GET /xingrg/all/function/internal_message.html?_=1636681140557&CODE_STATE=getMsg HTTP/1.1" 200 27
116.233.78.138 - - [12/Nov/2021:09:39:06 +0800] "GET /xingrg/all/function/internal_message.html?_=1636681143635&CODE_STATE=getMsg HTTP/1.1" 200 27
116.238.248.233 - - [12/Nov/2021:09:39:13 +0800] "GET /xingrg/kc/buy/cgsh_order_operate.html?command=get_materiel&rest_code=00151&code=00101009078&supplier_code=00100424&order_time=2021-11-12 HTTP/1.1" 200 394
58.39.139.200 - - [12/Nov/2021:09:39:13 +0800] "GET /xingrg/all/function/internal_message.html?_=1636681150889&CODE_STATE=getMsg HTTP/1.1" 200 27
101.85.238.236 - - [12/Nov/2021:09:39:15 +0800] "GET /xingrg/check_reg.html?_=1636681144621 HTTP/1.1" 200 22
222.70.176.97 - - [12/Nov/2021:09:39:17 +0800] "GET /xingrg/all/function/internal_message.html?_=1636681151299&CODE_STATE=getMsg HTTP/1.1" 200 27
116.238.248.233 - - [12/Nov/2021:09:39:23 +0800] "GET /xingrg/kc/buy/cgsh_order_operate.html?command=get_materiel&rest_code=00151&code=00101009053&supplier_code=00100424&order_time=2021-11-12 HTTP/1.1" 200 408
101.85.238.236 - - [12/Nov/2021:09:39:26 +0800] "GET /xingrg/kc/buy/cgsh_order_operate.html?command=get_materiel&rest_code=00102&code=00101007048&supplier_code=00100096&order_time=2021-11-12 HTTP/1.1" 200 408
120.253.135.82 - - [12/Nov/2021:09:39:30 +0800] "GET /xingrg/all/function/internal_message.html?_=1636681121039&CODE_STATE=getMsg HTTP/1.1" 200 27
116.238.248.233 - - [12/Nov/2021:09:39:40 +0800] "GET /xingrg/all/function/internal_message.html?_=1636681177255&CODE_STATE=getMsg HTTP/1.1" 200 27
172.20.0.100 - - [12/Nov/2021:09:39:46 +0800] "GET /xingrg/check_reg.html?_=1636681181927 HTTP/1.1" 200 22
58.221.95.50 - - [12/Nov/2021:09:39:47 +0800] "GET /xingrg/check_reg.html?_=1636681186658 HTTP/1.1" 302 -
114.85.125.222 - - [12/Nov/2021:09:39:53 +0800] "GET /xingrg/all/function/internal_message.html?_=1636681114090&CODE_STATE=getMsg HTTP/1.1" 200 27
116.227.210.113 - - [12/Nov/2021:09:39:53 +0800] "GET /xingrg/all/function/internal_message.html?_=1636681177636&CODE_STATE=getMsg HTTP/1.1" 200 27
116.235.93.2 - - [12/Nov/2021:09:39:58 +0800] "GET /xingrg/all/function/internal_message.html?_=1636681307239&CODE_STATE=getMsg HTTP/1.1" 200 27
222.70.171.86 - - [12/Nov/2021:09:40:02 +0800] "GET /xingrg/all/function/internal_message.html?_=1636681215019&CODE_STATE=getMsg HTTP/1.1" 200 27
114.83.218.184 - - [12/Nov/2021:09:40:05 +0800] "GET /xingrg/all/function/internal_message.html?_=1636681200545&CODE_STATE=getMsg HTTP/1.1" 200 27
116.233.78.138 - - [12/Nov/2021:09:40:06 +0800] "GET /xingrg/all/function/internal_message.html?_=1636681203637&CODE_STATE=getMsg HTTP/1.1" 200 27
116.233.78.138 - - [12/Nov/2021:09:40:06 +0800] "GET /xingrg/check_reg.html?_=1636681203638 HTTP/1.1" 200 22
116.227.210.113 - - [12/Nov/2021:09:40:08 +0800] "GET /xingrg/kc/buy/cgsh_order_add.html HTTP/1.1" 200 64707
116.227.210.113 - - [12/Nov/2021:09:40:08 +0800] "POST /xingrg/kc/buy/cgsh_order_operate.html HTTP/1.1" 200 8245
116.227.210.113 - - [12/Nov/2021:09:40:09 +0800] "GET /xingrg/javascript/easyui/themes/default/validatebox.css HTTP/1.1" 404 1104
101.85.238.236 - - [12/Nov/2021:09:40:09 +0800] "GET /xingrg/kc/buy/cgsh_order_operate.html?command=get_materiel&rest_code=00102&code=00101006056&supplier_code=00100096&order_time=2021-11-12 HTTP/1.1" 200 413
58.39.139.200 - - [12/Nov/2021:09:40:13 +0800] "GET /xingrg/all/function/internal_message.html?_=1636681210875&CODE_STATE=getMsg HTTP/1.1" 200 27
222.70.176.97 - - [12/Nov/2021:09:40:17 +0800] "GET /xingrg/all/function/internal_message.html?_=1636681211270&CODE_STATE=getMsg HTTP/1.1" 200 27
116.227.210.113 - - [12/Nov/2021:09:40:21 +0800] "GET /xingrg/kc/buy/cgsh_order_operate.html?command=get_materiel&rest_code=00155&code=00101008072&supplier_code=00100005&order_time=2021-11-12 HTTP/1.1" 200 408
116.227.210.113 - - [12/Nov/2021:09:40:27 +0800] "GET /xingrg/kc/buy/cgsh_order_operate.html?command=get_materiel&rest_code=00155&code=00101008358&supplier_code=00100005&order_time=2021-11-12 HTTP/1.1" 200 412
120.253.135.82 - - [12/Nov/2021:09:40:30 +0800] "GET /xingrg/all/function/internal_message.html?_=1636681181057&CODE_STATE=getMsg HTTP/1.1" 200 27
114.85.125.222 - - [12/Nov/2021:09:40:32 +0800] "GET /xingrg/check_reg.html?_=1636681152957 HTTP/1.1" 200 22
116.227.210.113 - - [12/Nov/2021:09:40:32 +0800] "GET /xingrg/kc/buy/cgsh_order_operate.html?command=get_materiel&rest_code=00155&code=00101008003&supplier_code=00100005&order_time=2021-11-12 HTTP/1.1" 200 408
116.227.210.113 - - [12/Nov/2021:09:40:38 +0800] "GET /xingrg/kc/buy/cgsh_order_operate.html?command=get_materiel&rest_code=00155&code=00101008355&supplier_code=00100005&order_time=2021-11-12 HTTP/1.1" 200 408
116.238.248.233 - - [12/Nov/2021:09:40:40 +0800] "GET /xingrg/check_reg.html?_=1636681237241 HTTP/1.1" 200 22
116.238.248.233 - - [12/Nov/2021:09:40:40 +0800] "GET /xingrg/all/function/internal_message.html?_=1636681237242&CODE_STATE=getMsg HTTP/1.1" 200 27
116.227.210.113 - - [12/Nov/2021:09:40:42 +0800] "GET /xingrg/kc/buy/cgsh_order_operate.html?command=get_materiel&rest_code=00155&code=00101008067&supplier_code=00100005&order_time=2021-11-12 HTTP/1.1" 200 416
116.227.210.113 - - [12/Nov/2021:09:40:49 +0800] "GET /xingrg/kc/buy/cgsh_order_operate.html?command=get_materiel&rest_code=00155&code=00101008005&supplier_code=00100005&order_time=2021-11-12 HTTP/1.1" 200 412
114.85.125.222 - - [12/Nov/2021:09:40:53 +0800] "GET /xingrg/all/function/internal_message.html?_=1636681174096&CODE_STATE=getMsg HTTP/1.1" 200 27
116.227.210.113 - - [12/Nov/2021:09:40:53 +0800] "GET /xingrg/check_reg.html?_=1636681237627 HTTP/1.1" 200 22
116.227.210.113 - - [12/Nov/2021:09:40:53 +0800] "GET /xingrg/all/function/internal_message.html?_=1636681237631&CODE_STATE=getMsg HTTP/1.1" 200 27
116.227.210.113 - - [12/Nov/2021:09:40:55 +0800] "GET /xingrg/kc/buy/cgsh_order_operate.html?command=get_materiel&rest_code=00155&code=00101008256&supplier_code=00100005&order_time=2021-11-12 HTTP/1.1" 200 413
116.235.93.2 - - [12/Nov/2021:09:40:58 +0800] "GET /xingrg/check_reg.html?_=1636681367237 HTTP/1.1" 200 22
116.235.93.2 - - [12/Nov/2021:09:40:58 +0800] "GET /xingrg/all/function/internal_message.html?_=1636681367238&CODE_STATE=getMsg HTTP/1.1" 200 27
222.70.171.86 - - [12/Nov/2021:09:41:00 +0800] "GET /xingrg/check_reg.html?_=1636681272796 HTTP/1.1" 200 22
116.227.210.113 - - [12/Nov/2021:09:41:01 +0800] "GET /xingrg/kc/buy/cgsh_order_operate.html?command=get_materiel&rest_code=00155&code=00101008125&supplier_code=00100005&order_time=2021-11-12 HTTP/1.1" 200 413
222.70.171.86 - - [12/Nov/2021:09:41:02 +0800] "GET /xingrg/all/function/internal_message.html?_=1636681275031&CODE_STATE=getMsg HTTP/1.1" 200 27
116.238.248.233 - - [12/Nov/2021:09:41:03 +0800] "GET /xingrg/kc/buy/cgsh_order_operate.html?command=get_materiel&rest_code=00151&code=00101009062&supplier_code=00100424&order_time=2021-11-12 HTTP/1.1" 200 434
114.83.218.184 - - [12/Nov/2021:09:41:05 +0800] "GET /xingrg/all/function/internal_message.html?_=1636681260550&CODE_STATE=getMsg HTTP/1.1" 200 27
116.233.78.138 - - [12/Nov/2021:09:41:06 +0800] "GET /xingrg/all/function/internal_message.html?_=1636681263638&CODE_STATE=getMsg HTTP/1.1" 200 27
116.227.210.113 - - [12/Nov/2021:09:41:07 +0800] "GET /xingrg/kc/buy/cgsh_order_operate.html?command=get_materiel&rest_code=00155&code=00101008010&supplier_code=00100005&order_time=2021-11-12 HTTP/1.1" 200 412
58.39.139.200 - - [12/Nov/2021:09:41:13 +0800] "GET /xingrg/all/function/internal_message.html?_=1636681270877&CODE_STATE=getMsg HTTP/1.1" 200 27
116.238.248.233 - - [12/Nov/2021:09:41:13 +0800] "GET /xingrg/kc/buy/cgsh_order_operate.html?command=get_materiel&rest_code=00151&code=00101009088&supplier_code=00100424&order_time=2021-11-12 HTTP/1.1" 200 410
116.227.210.113 - - [12/Nov/2021:09:41:15 +0800] "GET /xingrg/kc/buy/cgsh_order_operate.html?command=get_materiel&rest_code=00155&code=00101008198&supplier_code=00100005&order_time=2021-11-12 HTTP/1.1" 200 413
222.70.176.97 - - [12/Nov/2021:09:41:17 +0800] "GET /xingrg/all/function/internal_message.html?_=1636681271248&CODE_STATE=getMsg HTTP/1.1" 200 27
101.85.238.236 - - [12/Nov/2021:09:41:18 +0800] "GET /xingrg/kc/buy/cgsh_order_operate.html?command=get_materiel&rest_code=00102&code=00101006109&supplier_code=00100096&order_time=2021-11-12 HTTP/1.1" 200 409
116.238.248.233 - - [12/Nov/2021:09:41:22 +0800] "GET /xingrg/kc/buy/cgsh_order_operate.html?command=get_materiel&rest_code=00151&code=00101009006&supplier_code=00100424&order_time=2021-11-12 HTTP/1.1" 200 408
116.227.210.113 - - [12/Nov/2021:09:41:24 +0800] "GET /xingrg/kc/buy/cgsh_order_operate.html?command=get_materiel&rest_code=00155&code=00101008096&supplier_code=00100005&order_time=2021-11-12 HTTP/1.1" 200 412
116.227.210.113 - - [12/Nov/2021:09:41:30 +0800] "GET /xingrg/kc/buy/cgsh_order_operate.html?command=get_materiel&rest_code=00155&code=00101008163&supplier_code=00100005&order_time=2021-11-12 HTTP/1.1" 200 409
120.253.135.82 - - [12/Nov/2021:09:41:30 +0800] "GET /xingrg/all/function/internal_message.html?_=1636681241066&CODE_STATE=getMsg HTTP/1.1" 200 27
116.238.248.233 - - [12/Nov/2021:09:41:32 +0800] "GET /xingrg/kc/buy/cgsh_order_operate.html?command=get_materiel&rest_code=00151&code=00101009047&supplier_code=00100424&order_time=2021-11-12 HTTP/1.1" 200 409
116.227.210.113 - - [12/Nov/2021:09:41:39 +0800] "GET /xingrg/kc/buy/cgsh_order_operate.html?command=get_materiel&rest_code=00155&code=00101008290&supplier_code=00100005&order_time=2021-11-12 HTTP/1.1" 200 416
116.238.248.233 - - [12/Nov/2021:09:41:40 +0800] "GET /xingrg/all/function/internal_message.html?_=1636681297238&CODE_STATE=getMsg HTTP/1.1" 200 27
116.227.210.113 - - [12/Nov/2021:09:41:45 +0800] "GET /xingrg/kc/buy/cgsh_order_operate.html?command=get_materiel&rest_code=00155&code=00101008082&supplier_code=00100005&order_time=2021-11-12 HTTP/1.1" 200 422
101.85.238.236 - - [12/Nov/2021:09:41:50 +0800] "GET /xingrg/kc/buy/cgsh_order_operate.html?command=get_materiel&rest_code=00102&code=00101012026&supplier_code=00100096&order_time=2021-11-12 HTTP/1.1" 200 410
116.227.210.113 - - [12/Nov/2021:09:41:51 +0800] "GET /xingrg/kc/buy/cgsh_order_operate.html?command=get_materiel&rest_code=00155&code=00101008087&supplier_code=00100005&order_time=2021-11-12 HTTP/1.1" 200 412
114.85.125.222 - - [12/Nov/2021:09:41:53 +0800] "GET /xingrg/all/function/internal_message.html?_=1636681234109&CODE_STATE=getMsg HTTP/1.1" 200 27
116.227.210.113 - - [12/Nov/2021:09:41:53 +0800] "GET /xingrg/all/function/internal_message.html?_=1636681297631&CODE_STATE=getMsg HTTP/1.1" 200 27
116.235.93.2 - - [12/Nov/2021:09:41:58 +0800] "GET /xingrg/all/function/internal_message.html?_=1636681427237&CODE_STATE=getMsg HTTP/1.1" 200 27
116.227.210.113 - - [12/Nov/2021:09:41:59 +0800] "GET /xingrg/kc/buy/cgsh_order_operate.html?command=get_materiel&rest_code=00155&code=00101008264&supplier_code=00100005&order_time=2021-11-12 HTTP/1.1" 200 412
222.70.171.86 - - [12/Nov/2021:09:42:02 +0800] "GET /xingrg/all/function/internal_message.html?_=1636681335044&CODE_STATE=getMsg HTTP/1.1" 200 27
114.83.218.184 - - [12/Nov/2021:09:42:05 +0800] "GET /xingrg/all/function/internal_message.html?_=1636681320549&CODE_STATE=getMsg HTTP/1.1" 200 27
114.83.218.184 - - [12/Nov/2021:09:42:05 +0800] "GET /xingrg/check_reg.html?_=1636681320552 HTTP/1.1" 200 22
116.227.210.113 - - [12/Nov/2021:09:42:06 +0800] "GET /xingrg/kc/buy/cgsh_order_operate.html?command=get_materiel&rest_code=00155&code=00101008301&supplier_code=00100005&order_time=2021-11-12 HTTP/1.1" 200 422
116.233.78.138 - - [12/Nov/2021:09:42:06 +0800] "GET /xingrg/all/function/internal_message.html?_=1636681323641&CODE_STATE=getMsg HTTP/1.1" 200 27
116.227.210.113 - - [12/Nov/2021:09:42:12 +0800] "GET /xingrg/kc/buy/cgsh_order_operate.html?command=get_materiel&rest_code=00155&code=00101009030&supplier_code=00100005&order_time=2021-11-12 HTTP/1.1" 200 413
58.39.139.200 - - [12/Nov/2021:09:42:13 +0800] "GET /xingrg/all/function/internal_message.html?_=1636681330877&CODE_STATE=getMsg HTTP/1.1" 200 27
58.39.139.200 - - [12/Nov/2021:09:42:13 +0800] "GET /xingrg/check_reg.html?_=1636681330880 HTTP/1.1" 200 22
222.70.176.97 - - [12/Nov/2021:09:42:17 +0800] "GET /xingrg/all/function/internal_message.html?_=1636681331233&CODE_STATE=getMsg HTTP/1.1" 200 27
222.70.176.97 - - [12/Nov/2021:09:42:17 +0800] "GET /xingrg/check_reg.html?_=1636681331890 HTTP/1.1" 200 22
120.253.135.82 - - [12/Nov/2021:09:42:30 +0800] "GET /xingrg/all/function/internal_message.html?_=1636681301088&CODE_STATE=getMsg HTTP/1.1" 200 27
101.85.238.236 - - [12/Nov/2021:09:42:33 +0800] "GET /xingrg/kc/buy/cgsh_order_operate.html?command=get_materiel&rest_code=00102&code=00101006259&supplier_code=00100096&order_time=2021-11-12 HTTP/1.1" 200 396
116.238.248.233 - - [12/Nov/2021:09:42:40 +0800] "GET /xingrg/all/function/internal_message.html?_=1636681357256&CODE_STATE=getMsg HTTP/1.1" 200 27
116.238.248.233 - - [12/Nov/2021:09:42:48 +0800] "GET /xingrg/kc/buy/cgsh_order_operate.html?command=get_materiel&rest_code=00151&code=00101009049&supplier_code=00100424&order_time=2021-11-12 HTTP/1.1" 200 416
180.157.253.6 - - [12/Nov/2021:09:42:50 +0800] "GET /xingrg/check_reg.html?_=1636681368668 HTTP/1.1" 302 -
114.85.125.222 - - [12/Nov/2021:09:42:53 +0800] "GET /xingrg/all/function/internal_message.html?_=1636681294150&CODE_STATE=getMsg HTTP/1.1" 200 27
116.227.210.113 - - [12/Nov/2021:09:42:53 +0800] "GET /xingrg/all/function/internal_message.html?_=1636681357644&CODE_STATE=getMsg HTTP/1.1" 200 27
116.238.248.233 - - [12/Nov/2021:09:42:56 +0800] "GET /xingrg/kc/buy/cgsh_order_operate.html?command=get_materiel&rest_code=00151&code=00101009066&supplier_code=00100424&order_time=2021-11-12 HTTP/1.1" 200 416
116.235.93.2 - - [12/Nov/2021:09:42:58 +0800] "GET /xingrg/all/function/internal_message.html?_=1636681487240&CODE_STATE=getMsg HTTP/1.1" 200 27
222.70.171.86 - - [12/Nov/2021:09:43:02 +0800] "GET /xingrg/all/function/internal_message.html?_=1636681395057&CODE_STATE=getMsg HTTP/1.1" 200 27
116.238.248.233 - - [12/Nov/2021:09:43:05 +0800] "POST /xingrg/kc/buy/cgsh_order_operate.html HTTP/1.1" 200 37
114.83.218.184 - - [12/Nov/2021:09:43:05 +0800] "GET /xingrg/all/function/internal_message.html?_=1636681380552&CODE_STATE=getMsg HTTP/1.1" 200 27
116.227.210.113 - - [12/Nov/2021:09:43:06 +0800] "GET /xingrg/kc/buy/cgsh_order_operate.html?command=get_materiel&rest_code=00155&code=00101008251&supplier_code=00100005&order_time=2021-11-12 HTTP/1.1" 200 408
116.233.78.138 - - [12/Nov/2021:09:43:06 +0800] "GET /xingrg/all/function/internal_message.html?_=1636681383644&CODE_STATE=getMsg HTTP/1.1" 200 27
116.238.248.233 - - [12/Nov/2021:09:43:09 +0800] "POST /xingrg/kc/buy/cgsh_order_operate.html HTTP/1.1" 200 6854
101.85.238.236 - - [12/Nov/2021:09:43:10 +0800] "GET /xingrg/kc/buy/cgsh_order_operate.html?command=get_materiel&rest_code=00102&code=00101007077&supplier_code=00100096&order_time=2021-11-12 HTTP/1.1" 200 415
116.227.210.113 - - [12/Nov/2021:09:43:11 +0800] "GET /xingrg/kc/buy/cgsh_order_operate.html?command=get_materiel&rest_code=00155&code=00101008360&supplier_code=00100005&order_time=2021-11-12 HTTP/1.1" 200 413
116.238.248.233 - - [12/Nov/2021:09:43:12 +0800] "GET /xingrg/kc/buy/cgsh_order_add.html HTTP/1.1" 200 64384
116.227.210.113 - - [12/Nov/2021:09:43:12 +0800] "POST /xingrg/kc/buy/cgsh_order_operate.html HTTP/1.1" 200 2065
116.238.248.233 - - [12/Nov/2021:09:43:12 +0800] "POST /xingrg/kc/buy/cgsh_order_operate.html HTTP/1.1" 200 8245
116.238.248.233 - - [12/Nov/2021:09:43:13 +0800] "GET /xingrg/javascript/easyui/themes/default/validatebox.css HTTP/1.1" 404 1104
58.39.139.200 - - [12/Nov/2021:09:43:13 +0800] "GET /xingrg/all/function/internal_message.html?_=1636681390880&CODE_STATE=getMsg HTTP/1.1" 200 27
116.227.210.113 - - [12/Nov/2021:09:43:16 +0800] "GET /xingrg/kc/buy/cgsh_order_operate.html?command=get_materiel&rest_code=00155&code=00101008196&supplier_code=00100005&order_time=2021-11-12 HTTP/1.1" 200 416
222.70.176.97 - - [12/Nov/2021:09:43:17 +0800] "GET /xingrg/all/function/internal_message.html?_=1636681391218&CODE_STATE=getMsg HTTP/1.1" 200 27
120.253.135.82 - - [12/Nov/2021:09:43:17 +0800] "GET /xingrg/check_reg.html?_=1636681348770 HTTP/1.1" 200 22
101.85.238.236 - - [12/Nov/2021:09:43:21 +0800] "GET /xingrg/kc/buy/cgsh_order_operate.html?command=get_materiel&rest_code=00102&code=00101007001&supplier_code=00100096&order_time=2021-11-12 HTTP/1.1" 200 409
116.227.210.113 - - [12/Nov/2021:09:43:22 +0800] "GET /xingrg/kc/buy/cgsh_order_operate.html?command=get_materiel&rest_code=00155&code=00101008197&supplier_code=00100005&order_time=2021-11-12 HTTP/1.1" 200 416
116.227.210.113 - - [12/Nov/2021:09:43:27 +0800] "GET /xingrg/kc/buy/cgsh_order_operate.html?command=get_materiel&rest_code=00155&code=00101008006&supplier_code=00100005&order_time=2021-11-12 HTTP/1.1" 200 416
120.253.135.82 - - [12/Nov/2021:09:43:30 +0800] "GET /xingrg/all/function/internal_message.html?_=1636681361108&CODE_STATE=getMsg HTTP/1.1" 200 27
116.238.248.233 - - [12/Nov/2021:09:43:30 +0800] "GET /xingrg/kc/buy/cgsh_order_operate.html?command=get_materiel&rest_code=00151&code=00101012060&supplier_code=00100007&order_time=2021-11-12 HTTP/1.1" 200 408
116.238.248.233 - - [12/Nov/2021:09:43:40 +0800] "GET /xingrg/all/function/internal_message.html?_=1636681417355&CODE_STATE=getMsg HTTP/1.1" 200 27
116.227.210.113 - - [12/Nov/2021:09:43:44 +0800] "GET /xingrg/kc/buy/cgsh_order_operate.html?command=get_materiel&rest_code=00155&code=00101008036&supplier_code=00100005&order_time=2021-11-12 HTTP/1.1" 200 408
116.227.210.113 - - [12/Nov/2021:09:43:49 +0800] "GET /xingrg/kc/buy/cgsh_order_operate.html?command=get_materiel&rest_code=00155&code=00101008131&supplier_code=00100005&order_time=2021-11-12 HTTP/1.1" 200 408
116.227.210.113 - - [12/Nov/2021:09:43:52 +0800] "POST /xingrg/kc/buy/cgsh_order_operate.html HTTP/1.1" 200 2065
114.85.125.222 - - [12/Nov/2021:09:43:53 +0800] "GET /xingrg/all/function/internal_message.html?_=1636681354153&CODE_STATE=getMsg HTTP/1.1" 200 27
116.227.210.113 - - [12/Nov/2021:09:43:53 +0800] "GET /xingrg/all/function/internal_message.html?_=1636681417633&CODE_STATE=getMsg HTTP/1.1" 200 27
116.227.210.113 - - [12/Nov/2021:09:43:57 +0800] "GET /xingrg/kc/buy/cgsh_order_operate.html?command=get_materiel&rest_code=00155&code=00101008108&supplier_code=00100005&order_time=2021-11-12 HTTP/1.1" 200 412
116.235.93.2 - - [12/Nov/2021:09:43:58 +0800] "GET /xingrg/all/function/internal_message.html?_=1636681547238&CODE_STATE=getMsg HTTP/1.1" 200 27
222.70.171.86 - - [12/Nov/2021:09:44:02 +0800] "GET /xingrg/all/function/internal_message.html?_=1636681455115&CODE_STATE=getMsg HTTP/1.1" 200 27
116.227.210.113 - - [12/Nov/2021:09:44:03 +0800] "GET /xingrg/kc/buy/cgsh_order_operate.html?command=get_materiel&rest_code=00155&code=00101008318&supplier_code=00100005&order_time=2021-11-12 HTTP/1.1" 200 408
114.83.218.184 - - [12/Nov/2021:09:44:05 +0800] "GET /xingrg/all/function/internal_message.html?_=1636681440552&CODE_STATE=getMsg HTTP/1.1" 200 27
116.233.78.138 - - [12/Nov/2021:09:44:06 +0800] "GET /xingrg/all/function/internal_message.html?_=1636681443645&CODE_STATE=getMsg HTTP/1.1" 200 27
116.227.210.113 - - [12/Nov/2021:09:44:08 +0800] "GET /xingrg/kc/buy/cgsh_order_operate.html?command=get_materiel&rest_code=00155&code=00101008371&supplier_code=00100005&order_time=2021-11-12 HTTP/1.1" 200 412
58.39.139.200 - - [12/Nov/2021:09:44:13 +0800] "GET /xingrg/all/function/internal_message.html?_=1636681450880&CODE_STATE=getMsg HTTP/1.1" 200 27
116.227.210.113 - - [12/Nov/2021:09:44:14 +0800] "GET /xingrg/kc/buy/cgsh_order_operate.html?command=get_materiel&rest_code=00155&code=00101008353&supplier_code=00100005&order_time=2021-11-12 HTTP/1.1" 200 428
101.85.238.236 - - [12/Nov/2021:09:44:15 +0800] "GET /xingrg/check_reg.html?_=1636681444742 HTTP/1.1" 200 22
222.70.176.97 - - [12/Nov/2021:09:44:17 +0800] "GET /xingrg/all/function/internal_message.html?_=1636681451189&CODE_STATE=getMsg HTTP/1.1" 200 27
120.253.135.82 - - [12/Nov/2021:09:44:17 +0800] "GET /xingrg/login.html HTTP/1.1" 200 7641
120.253.135.82 - - [12/Nov/2021:09:44:17 +0800] "GET /xingrg/images/blue/jxLogo.png HTTP/1.1" 200 6156
120.253.135.82 - - [12/Nov/2021:09:44:17 +0800] "GET /xingrg/images/blue/login_bg.png HTTP/1.1" 200 22101
120.253.135.82 - - [12/Nov/2021:09:44:17 +0800] "GET /xingrg/images/blue/hj.png HTTP/1.1" 200 1014
120.253.135.82 - - [12/Nov/2021:09:44:17 +0800] "GET /xingrg/images/blue/srbg.png HTTP/1.1" 200 138
120.253.135.82 - - [12/Nov/2021:09:44:17 +0800] "GET /favicon.ico HTTP/1.1" 404 -
116.227.210.113 - - [12/Nov/2021:09:44:20 +0800] "GET /xingrg/kc/buy/cgsh_order_operate.html?command=get_materiel&rest_code=00155&code=00101008213&supplier_code=00100005&order_time=2021-11-12 HTTP/1.1" 200 412
101.85.238.236 - - [12/Nov/2021:09:44:22 +0800] "POST /xingrg/kc/buy/cgsh_order_operate.html HTTP/1.1" 200 37
120.253.135.82 - - [12/Nov/2021:09:44:23 +0800] "POST /xingrg/login.do HTTP/1.1" 302 -
120.253.135.82 - - [12/Nov/2021:09:44:23 +0800] "GET /xingrg/index.html?sysBaseUrl=http%3A%2F%2F180.169.147.146%3A18081%2Fxingrg%2F&costTime=40×tamp=1636681463631 HTTP/1.1" 200 17173
120.253.135.82 - - [12/Nov/2021:09:44:23 +0800] "GET /xingrg/css/form.css HTTP/1.1" 200 893
120.253.135.82 - - [12/Nov/2021:09:44:23 +0800] "GET /xingrg/javascript/jquery_easy_ui/themes/default/easyui.css HTTP/1.1" 200 26500
120.253.135.82 - - [12/Nov/2021:09:44:23 +0800] "GET /xingrg/javascript/jquery-1.4.2.min.js HTTP/1.1" 200 72205
120.253.135.82 - - [12/Nov/2021:09:44:23 +0800] "GET /xingrg/javascript/jquery_easy_ui/easyui-lang-zh_CN.js HTTP/1.1" 200 1900
120.253.135.82 - - [12/Nov/2021:09:44:23 +0800] "GET /xingrg/javascript/jquery_easy_ui/themes/icon.css HTTP/1.1" 200 3949
120.253.135.82 - - [12/Nov/2021:09:44:23 +0800] "GET /xingrg/javascript/jquery.timers.js HTTP/1.1" 200 3532
120.253.135.82 - - [12/Nov/2021:09:44:23 +0800] "GET /xingrg/javascript/jquery.utils.js HTTP/1.1" 200 11805
120.253.135.82 - - [12/Nov/2021:09:44:23 +0800] "GET /xingrg/javascript/jquery_easy_ui/jquery.easyui.min.js HTTP/1.1" 200 213662
120.253.135.82 - - [12/Nov/2021:09:44:23 +0800] "GET /xingrg/javascript/jquery.form.js HTTP/1.1" 200 23110
120.253.135.82 - - [12/Nov/2021:09:44:23 +0800] "GET /xingrg/javascript/jquery_easy_ui/themes/icons/settle_new.png HTTP/1.1" 200 826
120.253.135.82 - - [12/Nov/2021:09:44:23 +0800] "GET /xingrg/images/blue/navBackgound.jpg HTTP/1.1" 200 12378
120.253.135.82 - - [12/Nov/2021:09:44:24 +0800] "GET /xingrg/images/blue/pingpu.png HTTP/1.1" 200 231
120.253.135.82 - - [12/Nov/2021:09:44:24 +0800] "GET /xingrg/javascript/jquery_easy_ui/themes/default/images/panel_tool_collapse.gif HTTP/1.1" 200 246
120.253.135.82 - - [12/Nov/2021:09:44:24 +0800] "GET /xingrg/javascript/jquery_easy_ui/themes/default/images/tabs_leftarrow.png HTTP/1.1" 200 389
120.253.135.82 - - [12/Nov/2021:09:44:24 +0800] "GET /xingrg/check_reg.html?_=1636681233376 HTTP/1.1" 200 22
120.253.135.82 - - [12/Nov/2021:09:44:24 +0800] "GET /xingrg/javascript/jquery_easy_ui/themes/default/images/tabs_rightarrow.png HTTP/1.1" 200 395
120.253.135.82 - - [12/Nov/2021:09:44:24 +0800] "GET /favicon.ico HTTP/1.1" 404 -
120.253.135.82 - - [12/Nov/2021:09:44:24 +0800] "GET /xingrg/all/function/internal_message.html?_=1636681233375&CODE_STATE=count HTTP/1.1" 200 11
120.253.135.82 - - [12/Nov/2021:09:44:24 +0800] "POST /xingrg/all/common/load_tree.html?tree=area_rest_tree_json&manage=1 HTTP/1.1" 200 344
120.253.135.82 - - [12/Nov/2021:09:44:24 +0800] "POST /xingrg/load_menu.html HTTP/1.1" 200 6743
120.253.135.82 - - [12/Nov/2021:09:44:24 +0800] "GET /xingrg/javascript/jquery_easy_ui/themes/default/images/tree_arrows.gif HTTP/1.1" 200 1043
120.253.135.82 - - [12/Nov/2021:09:44:24 +0800] "GET /xingrg/javascript/jquery_easy_ui/themes/icons/storage_new.png HTTP/1.1" 200 853
120.253.135.82 - - [12/Nov/2021:09:44:24 +0800] "GET /xingrg/javascript/jquery_easy_ui/themes/default/images/tree_folder.gif HTTP/1.1" 200 952
120.253.135.82 - - [12/Nov/2021:09:44:24 +0800] "GET /xingrg/javascript/jquery_easy_ui/themes/icons/search_new.png HTTP/1.1" 200 586
120.253.135.82 - - [12/Nov/2021:09:44:24 +0800] "GET /xingrg/javascript/jquery_easy_ui/themes/icons/forms_new.png HTTP/1.1" 200 350
120.253.135.82 - - [12/Nov/2021:09:44:24 +0800] "GET /xingrg/javascript/jquery_easy_ui/themes/default/images/tree_folder_open.gif HTTP/1.1" 200 956
120.253.135.82 - - [12/Nov/2021:09:44:24 +0800] "GET /xingrg/javascript/jquery_easy_ui/themes/icons/delivery_new.png HTTP/1.1" 200 700
120.253.135.82 - - [12/Nov/2021:09:44:24 +0800] "GET /xingrg/javascript/jquery_easy_ui/themes/default/images/tree_file.gif HTTP/1.1" 200 118
116.227.210.113 - - [12/Nov/2021:09:44:24 +0800] "POST /xingrg/kc/buy/cgsh_order_operate.html HTTP/1.1" 200 2065
101.85.238.236 - - [12/Nov/2021:09:44:26 +0800] "POST /xingrg/kc/buy/cgsh_order_operate.html HTTP/1.1" 200 12
101.85.238.236 - - [12/Nov/2021:09:44:27 +0800] "GET /xingrg/kc/buy/cgsh_order_info.html?code=212021111204853 HTTP/1.1" 200 59636
120.253.135.82 - - [12/Nov/2021:09:44:28 +0800] "GET /xingrg/javascript/jquery_easy_ui/themes/default/images/tabs_close.gif HTTP/1.1" 200 829
120.253.135.82 - - [12/Nov/2021:09:44:28 +0800] "GET /xingrg/kc/pszx/mdqp_order_list.html?state=10 HTTP/1.1" 200 10217
120.253.135.82 - - [12/Nov/2021:09:44:28 +0800] "GET /xingrg/javascript/pic_change.js HTTP/1.1" 200 4739
120.253.135.82 - - [12/Nov/2021:09:44:28 +0800] "GET /xingrg/css/blue.css HTTP/1.1" 200 15949
120.253.135.82 - - [12/Nov/2021:09:44:28 +0800] "GET /xingrg/dwr/interface/AjaxReportQueryService.js HTTP/1.1" 200 13203
120.253.135.82 - - [12/Nov/2021:09:44:28 +0800] "GET /xingrg/dwr/interface/AjaxQqpsService.js HTTP/1.1" 200 16326
120.253.135.82 - - [12/Nov/2021:09:44:28 +0800] "GET /xingrg/javascript/Calendar.js HTTP/1.1" 200 31561
120.253.135.82 - - [12/Nov/2021:09:44:28 +0800] "GET /xingrg/dwr/util.js HTTP/1.1" 200 35990
120.253.135.82 - - [12/Nov/2021:09:44:28 +0800] "GET /xingrg/javascript/myfunction.js HTTP/1.1" 200 24559
120.253.135.82 - - [12/Nov/2021:09:44:28 +0800] "GET /xingrg/dwr/engine.js HTTP/1.1" 200 43631
120.253.135.82 - - [12/Nov/2021:09:44:28 +0800] "GET /xingrg/javascript/jquery_easy_ui/themes/icons/back_new.png HTTP/1.1" 200 3414
120.253.135.82 - - [12/Nov/2021:09:44:28 +0800] "GET /xingrg/javascript/jquery_easy_ui/themes/icons/uncheck_new.png HTTP/1.1" 200 3197
120.253.135.82 - - [12/Nov/2021:09:44:28 +0800] "GET /xingrg/javascript/jquery_easy_ui/themes/icons/check_new.png HTTP/1.1" 200 3224
116.227.210.113 - - [12/Nov/2021:09:44:29 +0800] "GET /xingrg/kc/buy/cgsh_order_operate.html?command=get_materiel&rest_code=00155&code=00101008283&supplier_code=00100005&order_time=2021-11-12 HTTP/1.1" 200 408
101.85.238.236 - - [12/Nov/2021:09:44:29 +0800] "GET /xingrg/javascript/easyui/themes/default/validatebox.css HTTP/1.1" 404 1104
101.85.238.236 - - [12/Nov/2021:09:44:29 +0800] "POST /xingrg/kc/buy/cgsh_order_operate.html HTTP/1.1" 200 8879
120.253.135.82 - - [12/Nov/2021:09:44:30 +0800] "GET /xingrg/all/function/internal_message.html?_=1636681421123&CODE_STATE=getMsg HTTP/1.1" 200 27
120.253.135.82 - - [12/Nov/2021:09:44:33 +0800] "GET /xingrg/kc/base/wldb_order_list.html HTTP/1.1" 200 19224
120.253.135.82 - - [12/Nov/2021:09:44:33 +0800] "GET /xingrg/javascript/jquery_tools/fix.css HTTP/1.1" 200 1702
120.253.135.82 - - [12/Nov/2021:09:44:33 +0800] "GET /xingrg/javascript/auto/jquery.autocomplete.css HTTP/1.1" 200 587
120.253.135.82 - - [12/Nov/2021:09:44:33 +0800] "GET /xingrg/javascript/jquery_tools/jquery.tools.min.js HTTP/1.1" 200 138801
120.253.135.82 - - [12/Nov/2021:09:44:33 +0800] "GET /xingrg/css/site.css HTTP/1.1" 200 7541
120.253.135.82 - - [12/Nov/2021:09:44:33 +0800] "GET /xingrg/javascript/easyui/themes/icon.css HTTP/1.1" 200 4483
120.253.135.82 - - [12/Nov/2021:09:44:33 +0800] "GET /xingrg/javascript/jquery_tools/table.css HTTP/1.1" 200 1032
120.253.135.82 - - [12/Nov/2021:09:44:33 +0800] "GET /xingrg/javascript/jquery_tools/datebox.css HTTP/1.1" 200 2597
120.253.135.82 - - [12/Nov/2021:09:44:33 +0800] "GET /xingrg/css/base.css HTTP/1.1" 200 2811
120.253.135.82 - - [12/Nov/2021:09:44:33 +0800] "GET /xingrg/javascript/jquery_tools/jquery.tools.table.js HTTP/1.1" 200 6994
120.253.135.82 - - [12/Nov/2021:09:44:33 +0800] "GET /xingrg/javascript/jquery_tools/list_manager.js HTTP/1.1" 200 3652
120.253.135.82 - - [12/Nov/2021:09:44:33 +0800] "GET /xingrg/javascript/jquery_tools/jquery.tools.hotkey.js HTTP/1.1" 200 3242
120.253.135.82 - - [12/Nov/2021:09:44:33 +0800] "GET /xingrg/javascript/auto/jquery.autocomplete.js HTTP/1.1" 200 21624
120.253.135.82 - - [12/Nov/2021:09:44:33 +0800] "GET /xingrg/javascript/easyui/themes/default/easyui.css HTTP/1.1" 200 30432
120.253.135.82 - - [12/Nov/2021:09:44:33 +0800] "GET /xingrg/javascript/jquery_tools/jquery.tools.extend.js HTTP/1.1" 200 15385
120.253.135.82 - - [12/Nov/2021:09:44:33 +0800] "GET /xingrg/javascript/jquery.cookie.js HTTP/1.1" 200 5513
120.253.135.82 - - [12/Nov/2021:09:44:33 +0800] "GET /xingrg/javascript/easyui/easyloader.js HTTP/1.1" 200 5975
120.253.135.82 - - [12/Nov/2021:09:44:33 +0800] "GET /xingrg/javascript/print/LodopFuncs.js HTTP/1.1" 200 5121
120.253.135.82 - - [12/Nov/2021:09:44:34 +0800] "GET /xingrg/javascript/easyui/themes/icons/field_new.png HTTP/1.1" 200 1097
120.253.135.82 - - [12/Nov/2021:09:44:34 +0800] "GET /xingrg/javascript/easyui/themes/icons/edit_add_new.png HTTP/1.1" 200 2997
120.253.135.82 - - [12/Nov/2021:09:44:34 +0800] "GET /xingrg/javascript/easyui/themes/icons/check_new.png HTTP/1.1" 200 3224
120.253.135.82 - - [12/Nov/2021:09:44:34 +0800] "GET /xingrg/javascript/easyui/themes/icons/import_new.png HTTP/1.1" 200 1247
120.253.135.82 - - [12/Nov/2021:09:44:34 +0800] "GET /xingrg/javascript/easyui/themes/icons/cance_new.png HTTP/1.1" 200 3986
120.253.135.82 - - [12/Nov/2021:09:44:34 +0800] "GET /xingrg/javascript/easyui/plugins/jquery.parser.js HTTP/1.1" 200 1142
120.253.135.82 - - [12/Nov/2021:09:44:34 +0800] "GET /xingrg/images/control/ajaxLoader.gif HTTP/1.1" 200 4659
120.253.135.82 - - [12/Nov/2021:09:44:34 +0800] "GET /xingrg/javascript/jquery_easy_ui/themes/icons/area.png HTTP/1.1" 200 262
120.253.135.82 - - [12/Nov/2021:09:44:34 +0800] "GET /xingrg/javascript/jquery_easy_ui/themes/icons/manage.png HTTP/1.1" 200 696
120.253.135.82 - - [12/Nov/2021:09:44:34 +0800] "POST /xingrg/kc/base/wldb_list_operate.html HTTP/1.1" 200 1772
120.253.135.82 - - [12/Nov/2021:09:44:36 +0800] "POST /xingrg/kc/base/wldb_list_operate.html HTTP/1.1" 200 198
120.253.135.82 - - [12/Nov/2021:09:44:36 +0800] "GET /xingrg/kc/base/wldb_order_info.html?code=422021111201232 HTTP/1.1" 200 30450
120.253.135.82 - - [12/Nov/2021:09:44:36 +0800] "GET /xingrg/javascript/convert.js HTTP/1.1" 200 1239
120.253.135.82 - - [12/Nov/2021:09:44:36 +0800] "GET /xingrg/javascript/jquery_tools/order_manager.js HTTP/1.1" 200 11183
120.253.135.82 - - [12/Nov/2021:09:44:36 +0800] "GET /xingrg/javascript/json2.js HTTP/1.1" 200 11259
120.253.135.82 - - [12/Nov/2021:09:44:36 +0800] "GET /xingrg/javascript/print/kc_print.js HTTP/1.1" 200 11415
120.253.135.82 - - [12/Nov/2021:09:44:36 +0800] "GET /xingrg/words/20211111170433_words.js HTTP/1.1" 200 872295
120.253.135.82 - - [12/Nov/2021:09:44:36 +0800] "GET /xingrg/javascript/easyui/themes/icons/template_new.png HTTP/1.1" 200 3956
120.253.135.82 - - [12/Nov/2021:09:44:36 +0800] "GET /xingrg/javascript/easyui/themes/icons/print.png HTTP/1.1" 200 1057
120.253.135.82 - - [12/Nov/2021:09:44:36 +0800] "GET /xingrg/javascript/easyui/themes/default/images/menu_downarrow.png HTTP/1.1" 200 173
120.253.135.82 - - [12/Nov/2021:09:44:36 +0800] "GET /xingrg/javascript/easyui/themes/icons/ok.png HTTP/1.1" 200 883
120.253.135.82 - - [12/Nov/2021:09:44:36 +0800] "GET /xingrg/javascript/easyui/themes/icons/cancel.png HTTP/1.1" 200 1133
120.253.135.82 - - [12/Nov/2021:09:44:37 +0800] "GET /xingrg/all/common/auto_word.html?type=base&rest_code=00101 HTTP/1.1" 200 613
120.253.135.82 - - [12/Nov/2021:09:44:37 +0800] "GET /xingrg/all/common/auto_word.html?type=base&rest_code=00101 HTTP/1.1" 200 613
120.253.135.82 - - [12/Nov/2021:09:44:37 +0800] "GET /xingrg/javascript/easyui/plugins/jquery.validatebox.js HTTP/1.1" 200 6103
120.253.135.82 - - [12/Nov/2021:09:44:37 +0800] "GET /xingrg/javascript/easyui/themes/default/validatebox.css HTTP/1.1" 404 1104
120.253.135.82 - - [12/Nov/2021:09:44:37 +0800] "GET /xingrg/javascript/easyui/plugins/jquery.numberbox.js HTTP/1.1" 200 5213
120.253.135.82 - - [12/Nov/2021:09:44:38 +0800] "POST /xingrg/kc/base/wldb_order_operate.html HTTP/1.1" 200 2184
120.253.135.82 - - [12/Nov/2021:09:44:38 +0800] "GET /xingrg/javascript/easyui/themes/icons/edit_remove.png HTTP/1.1" 200 625
116.238.248.233 - - [12/Nov/2021:09:44:40 +0800] "GET /xingrg/all/function/internal_message.html?_=1636681477337&CODE_STATE=getMsg HTTP/1.1" 200 27
120.253.135.82 - - [12/Nov/2021:09:44:42 +0800] "GET /xingrg/javascript/easyui/themes/default/images/button_plain_hover.png HTTP/1.1" 200 144
120.253.135.82 - - [12/Nov/2021:09:44:43 +0800] "GET /xingrg/kc/print/load_config.html?kc_code=wldb HTTP/1.1" 200 2173
120.253.135.82 - - [12/Nov/2021:09:44:43 +0800] "GET /xingrg/kc/print/load_data.html?order_code=422021111201232&kc_code=wldb&condition= HTTP/1.1" 200 520
101.85.238.236 - - [12/Nov/2021:09:44:44 +0800] "GET /xingrg/kc/print/load_config.html?kc_code=cgsh HTTP/1.1" 200 2281
101.85.238.236 - - [12/Nov/2021:09:44:45 +0800] "GET /xingrg/kc/print/load_data.html?order_code=212021111204853&kc_code=cgsh&condition= HTTP/1.1" 200 3777
116.238.248.233 - - [12/Nov/2021:09:44:46 +0800] "GET /xingrg/kc/buy/cgsh_order_operate.html?command=get_materiel&rest_code=00151&code=00101016038&supplier_code=00100007&order_time=2021-11-12 HTTP/1.1" 200 408
116.227.210.113 - - [12/Nov/2021:09:44:46 +0800] "GET /xingrg/kc/buy/cgsh_order_operate.html?command=get_materiel&rest_code=00155&code=00101008223&supplier_code=00100005&order_time=2021-11-12 HTTP/1.1" 200 412
172.20.0.100 - - [12/Nov/2021:09:44:46 +0800] "GET /xingrg/check_reg.html?_=1636681481904 HTTP/1.1" 200 22
58.221.95.50 - - [12/Nov/2021:09:44:47 +0800] "GET /xingrg/check_reg.html?_=1636681486657 HTTP/1.1" 302 -
101.85.238.236 - - [12/Nov/2021:09:44:48 +0800] "GET /xingrg/javascript/jquery_easy_ui/themes/default/images/tabs_active.png HTTP/1.1" 200 2894
116.227.210.113 - - [12/Nov/2021:09:44:53 +0800] "GET /xingrg/kc/buy/cgsh_order_operate.html?command=get_materiel&rest_code=00155&code=00101008270&supplier_code=00100005&order_time=2021-11-12 HTTP/1.1" 200 412
114.85.125.222 - - [12/Nov/2021:09:44:53 +0800] "GET /xingrg/all/function/internal_message.html?_=1636681414189&CODE_STATE=getMsg HTTP/1.1" 200 27
116.238.248.233 - - [12/Nov/2021:09:44:53 +0800] "GET /xingrg/kc/buy/cgsh_order_operate.html?command=get_materiel&rest_code=00151&code=00101008323&supplier_code=00100007&order_time=2021-11-12 HTTP/1.1" 200 408
116.227.210.113 - - [12/Nov/2021:09:44:53 +0800] "GET /xingrg/all/function/internal_message.html?_=1636681477647&CODE_STATE=getMsg HTTP/1.1" 200 27
116.235.93.2 - - [12/Nov/2021:09:44:54 +0800] "POST /xingrg/services/DataTransmitService HTTP/1.1" 200 524
116.235.93.2 - - [12/Nov/2021:09:44:54 +0800] "POST /xingrg/services/DataTransmitService HTTP/1.1" 200 501
116.235.93.2 - - [12/Nov/2021:09:44:58 +0800] "GET /xingrg/all/function/internal_message.html?_=1636681607236&CODE_STATE=getMsg HTTP/1.1" 200 27
116.227.210.113 - - [12/Nov/2021:09:44:58 +0800] "GET /xingrg/kc/buy/cgsh_order_operate.html?command=get_materiel&rest_code=00155&code=00101008229&supplier_code=00100005&order_time=2021-11-12 HTTP/1.1" 200 420
116.227.210.113 - - [12/Nov/2021:09:45:00 +0800] "POST /xingrg/kc/buy/cgsh_order_operate.html HTTP/1.1" 200 2065
101.85.238.236 - - [12/Nov/2021:09:45:01 +0800] "GET /xingrg/kc/buy/cgsh_order_add.html HTTP/1.1" 200 64739
222.70.171.86 - - [12/Nov/2021:09:45:02 +0800] "GET /xingrg/all/function/internal_message.html?_=1636681515117&CODE_STATE=getMsg HTTP/1.1" 200 27
101.85.238.236 - - [12/Nov/2021:09:45:02 +0800] "POST /xingrg/kc/buy/cgsh_order_operate.html HTTP/1.1" 200 8245
101.85.238.236 - - [12/Nov/2021:09:45:03 +0800] "GET /xingrg/javascript/easyui/themes/default/validatebox.css HTTP/1.1" 404 1104
116.227.210.113 - - [12/Nov/2021:09:45:04 +0800] "GET /xingrg/kc/buy/cgsh_order_operate.html?command=get_materiel&rest_code=00155&code=00101008331&supplier_code=00100005&order_time=2021-11-12 HTTP/1.1" 200 416
114.83.218.184 - - [12/Nov/2021:09:45:05 +0800] "GET /xingrg/all/function/internal_message.html?_=1636681500552&CODE_STATE=getMsg HTTP/1.1" 200 27
116.233.78.138 - - [12/Nov/2021:09:45:06 +0800] "GET /xingrg/all/function/internal_message.html?_=1636681503647&CODE_STATE=getMsg HTTP/1.1" 200 27
116.233.78.138 - - [12/Nov/2021:09:45:06 +0800] "GET /xingrg/check_reg.html?_=1636681503649 HTTP/1.1" 200 22
116.227.210.113 - - [12/Nov/2021:09:45:10 +0800] "GET /xingrg/kc/buy/cgsh_order_operate.html?command=get_materiel&rest_code=00155&code=00101020152&supplier_code=00100005&order_time=2021-11-12 HTTP/1.1" 200 416
58.39.139.200 - - [12/Nov/2021:09:45:13 +0800] "GET /xingrg/all/function/internal_message.html?_=1636681510907&CODE_STATE=getMsg HTTP/1.1" 200 27
222.70.176.97 - - [12/Nov/2021:09:45:17 +0800] "GET /xingrg/all/function/internal_message.html?_=1636681511174&CODE_STATE=getMsg HTTP/1.1" 200 27
120.253.135.82 - - [12/Nov/2021:09:45:24 +0800] "GET /xingrg/all/function/internal_message.html?_=1636681293375&CODE_STATE=getMsg HTTP/1.1" 200 27
101.85.238.236 - - [12/Nov/2021:09:45:30 +0800] "GET /xingrg/javascript/easyui/plugins/jquery.draggable.js HTTP/1.1" 200 6121
101.85.238.236 - - [12/Nov/2021:09:45:30 +0800] "GET /xingrg/css/images/panel_loading.gif HTTP/1.1" 200 1737
120.253.135.82 - - [12/Nov/2021:09:45:30 +0800] "GET /xingrg/all/function/internal_message.html?_=1636681481142&CODE_STATE=getMsg HTTP/1.1" 200 27
