116.233.78.138 - - [12/Nov/2021:08:49:10 +0800] "GET /xingrg/kc/buy/cgsh_order_operate.html?command=get_materiel&rest_code=00109&code=00101008196&supplier_code=00100005&order_time=2021-11-12 HTTP/1.1" 200 416
116.227.210.113 - - [12/Nov/2021:08:49:11 +0800] "GET /xingrg/kc/buy/cgsh_order_operate.html?command=get_materiel&rest_code=00155&code=00101007032&supplier_code=00100002&order_time=2021-11-12 HTTP/1.1" 200 432
116.233.78.138 - - [12/Nov/2021:08:49:12 +0800] "POST /xingrg/kc/buy/cgsh_order_operate.html HTTP/1.1" 200 2065
58.39.139.200 - - [12/Nov/2021:08:49:13 +0800] "GET /xingrg/all/function/internal_message.html?_=1636678150807&CODE_STATE=getMsg HTTP/1.1" 200 27
116.233.78.138 - - [12/Nov/2021:08:49:15 +0800] "GET /xingrg/kc/buy/cgsh_order_operate.html?command=get_materiel&rest_code=00109&code=00101008197&supplier_code=00100005&order_time=2021-11-12 HTTP/1.1" 200 416
222.70.176.97 - - [12/Nov/2021:08:49:17 +0800] "GET /xingrg/all/function/internal_message.html?_=1636678151856&CODE_STATE=getMsg HTTP/1.1" 200 27
116.227.210.113 - - [12/Nov/2021:08:49:18 +0800] "GET /xingrg/kc/buy/cgsh_order_operate.html?command=get_materiel&rest_code=00155&code=00101006259&supplier_code=00100002&order_time=2021-11-12 HTTP/1.1" 200 395
114.83.218.184 - - [12/Nov/2021:08:49:19 +0800] "GET /xingrg/kc/buy/cgsh_order_operate.html?command=get_materiel&rest_code=00149&code=00101008091&supplier_code=00100005&order_time=2021-11-12 HTTP/1.1" 200 413
116.233.78.138 - - [12/Nov/2021:08:49:20 +0800] "GET /xingrg/kc/buy/cgsh_order_operate.html?command=get_materiel&rest_code=00109&code=00101008125&supplier_code=00100005&order_time=2021-11-12 HTTP/1.1" 200 413
116.233.78.138 - - [12/Nov/2021:08:49:25 +0800] "GET /xingrg/kc/buy/cgsh_order_operate.html?command=get_materiel&rest_code=00109&code=00101015012&supplier_code=00100005&order_time=2021-11-12 HTTP/1.1" 200 412
114.83.218.184 - - [12/Nov/2021:08:49:28 +0800] "GET /xingrg/kc/buy/cgsh_order_operate.html?command=get_materiel&rest_code=00149&code=00101008261&supplier_code=00100005&order_time=2021-11-12 HTTP/1.1" 200 408
116.227.210.113 - - [12/Nov/2021:08:49:28 +0800] "GET /xingrg/kc/buy/cgsh_order_operate.html?command=get_materiel&rest_code=00155&code=00101007179&supplier_code=00100002&order_time=2021-11-12 HTTP/1.1" 200 399
120.253.135.82 - - [12/Nov/2021:08:49:29 +0800] "GET /xingrg/all/function/internal_message.html?_=1636678120346&CODE_STATE=getMsg HTTP/1.1" 200 27
116.233.78.138 - - [12/Nov/2021:08:49:30 +0800] "GET /xingrg/kc/buy/cgsh_order_operate.html?command=get_materiel&rest_code=00109&code=00101008217&supplier_code=00100005&order_time=2021-11-12 HTTP/1.1" 200 412
116.227.210.113 - - [12/Nov/2021:08:49:35 +0800] "POST /xingrg/kc/buy/cgsh_order_operate.html HTTP/1.1" 200 37
116.227.210.113 - - [12/Nov/2021:08:49:36 +0800] "POST /xingrg/kc/buy/cgsh_order_operate.html HTTP/1.1" 200 4428
114.83.218.184 - - [12/Nov/2021:08:49:36 +0800] "GET /xingrg/kc/buy/cgsh_order_operate.html?command=get_materiel&rest_code=00149&code=00101008302&supplier_code=00100005&order_time=2021-11-12 HTTP/1.1" 200 412
116.227.210.113 - - [12/Nov/2021:08:49:37 +0800] "GET /xingrg/kc/print/load_data.html?order_code=212021111204824&kc_code=cgsh&condition= HTTP/1.1" 200 1425
116.233.78.138 - - [12/Nov/2021:08:49:39 +0800] "GET /xingrg/kc/buy/cgsh_order_operate.html?command=get_materiel&rest_code=00109&code=00101008027&supplier_code=00100005&order_time=2021-11-12 HTTP/1.1" 200 409
116.227.210.113 - - [12/Nov/2021:08:49:39 +0800] "GET /xingrg/kc/print/load_data.html?order_code=212021111204824&kc_code=cgsh HTTP/1.1" 200 1425
116.233.78.138 - - [12/Nov/2021:08:49:42 +0800] "POST /xingrg/kc/buy/cgsh_order_operate.html HTTP/1.1" 200 2065
114.83.218.184 - - [12/Nov/2021:08:49:45 +0800] "GET /xingrg/kc/buy/cgsh_order_operate.html?command=get_materiel&rest_code=00149&code=00101008027&supplier_code=00100005&order_time=2021-11-12 HTTP/1.1" 200 409
116.233.78.138 - - [12/Nov/2021:08:49:45 +0800] "GET /xingrg/kc/buy/cgsh_order_operate.html?command=get_materiel&rest_code=00109&code=00101008055&supplier_code=00100005&order_time=2021-11-12 HTTP/1.1" 200 409
116.238.248.233 - - [12/Nov/2021:08:49:48 +0800] "GET /xingrg/all/function/internal_message.html?_=1636678185690&CODE_STATE=getMsg HTTP/1.1" 200 27
120.253.135.82 - - [12/Nov/2021:08:49:49 +0800] "GET /xingrg/all/function/internal_message.html?_=1636677958964&CODE_STATE=getMsg HTTP/1.1" 200 27
116.233.78.138 - - [12/Nov/2021:08:49:51 +0800] "GET /xingrg/kc/buy/cgsh_order_operate.html?command=get_materiel&rest_code=00109&code=00101008350&supplier_code=00100005&order_time=2021-11-12 HTTP/1.1" 200 408
114.85.125.222 - - [12/Nov/2021:08:49:52 +0800] "GET /xingrg/all/function/internal_message.html?_=1636678113026&CODE_STATE=getMsg HTTP/1.1" 200 27
116.227.210.113 - - [12/Nov/2021:08:49:54 +0800] "GET /xingrg/all/function/internal_message.html?_=1636678177969&CODE_STATE=getMsg HTTP/1.1" 200 27
114.83.218.184 - - [12/Nov/2021:08:49:55 +0800] "GET /xingrg/kc/buy/cgsh_order_operate.html?command=get_materiel&rest_code=00149&code=00101008055&supplier_code=00100005&order_time=2021-11-12 HTTP/1.1" 200 409
116.233.78.138 - - [12/Nov/2021:08:49:57 +0800] "GET /xingrg/kc/buy/cgsh_order_operate.html?command=get_materiel&rest_code=00109&code=00101008244&supplier_code=00100005&order_time=2021-11-12 HTTP/1.1" 200 408
222.70.176.97 - - [12/Nov/2021:08:49:57 +0800] "GET /xingrg/kc/buy/buy_main.html HTTP/1.1" 200 12412
222.70.176.97 - - [12/Nov/2021:08:49:57 +0800] "GET /xingrg/css/new_ie.css HTTP/1.1" 404 1036
222.70.176.97 - - [12/Nov/2021:08:49:58 +0800] "GET /xingrg/images/yd/bt.gif HTTP/1.1" 404 1040
222.70.176.97 - - [12/Nov/2021:08:49:59 +0800] "GET /xingrg/kc/buy/cgsh_order_list.html HTTP/1.1" 200 49004
222.70.176.97 - - [12/Nov/2021:08:50:00 +0800] "POST /xingrg/kc/buy/cgsh_list_operate.html HTTP/1.1" 200 876
222.70.171.86 - - [12/Nov/2021:08:50:01 +0800] "GET /xingrg/all/function/internal_message.html?_=1636678213994&CODE_STATE=getMsg HTTP/1.1" 200 27
116.233.78.138 - - [12/Nov/2021:08:50:02 +0800] "GET /xingrg/kc/buy/cgsh_order_operate.html?command=get_materiel&rest_code=00109&code=00101008354&supplier_code=00100005&order_time=2021-11-12 HTTP/1.1" 200 412
101.85.238.236 - - [12/Nov/2021:08:50:03 +0800] "GET /xingrg/check_reg.html?_=1636678193111 HTTP/1.1" 200 22
114.83.218.184 - - [12/Nov/2021:08:50:03 +0800] "GET /xingrg/kc/buy/cgsh_order_operate.html?command=get_materiel&rest_code=00149&code=00101008257&supplier_code=00100005&order_time=2021-11-12 HTTP/1.1" 200 416
101.85.238.236 - - [12/Nov/2021:08:50:03 +0800] "GET /xingrg/all/function/internal_message.html?_=1636678193401&CODE_STATE=getMsg HTTP/1.1" 200 27
114.83.218.184 - - [12/Nov/2021:08:50:05 +0800] "GET /xingrg/all/function/internal_message.html?_=1636678200372&CODE_STATE=getMsg HTTP/1.1" 200 27
222.70.176.97 - - [12/Nov/2021:08:50:06 +0800] "GET /xingrg/kc/buy/cgsh_order_add.html HTTP/1.1" 200 64739
222.70.176.97 - - [12/Nov/2021:08:50:06 +0800] "GET /xingrg/words/20211111170433_words.js HTTP/1.1" 304 -
222.70.176.97 - - [12/Nov/2021:08:50:06 +0800] "POST /xingrg/kc/buy/cgsh_order_operate.html HTTP/1.1" 200 8245
222.70.176.97 - - [12/Nov/2021:08:50:06 +0800] "GET /xingrg/all/common/auto_word.html?type=employee&rest_code=00111 HTTP/1.1" 200 155
222.70.176.97 - - [12/Nov/2021:08:50:06 +0800] "GET /xingrg/all/common/auto_word.html?type=employee&rest_code=00111 HTTP/1.1" 200 155
222.70.176.97 - - [12/Nov/2021:08:50:06 +0800] "GET /xingrg/javascript/easyui/themes/default/validatebox.css HTTP/1.1" 404 1104
116.233.78.138 - - [12/Nov/2021:08:50:06 +0800] "GET /xingrg/all/function/internal_message.html?_=1636678203538&CODE_STATE=getMsg HTTP/1.1" 200 27
116.233.78.138 - - [12/Nov/2021:08:50:06 +0800] "GET /xingrg/check_reg.html?_=1636678203541 HTTP/1.1" 200 22
116.233.78.138 - - [12/Nov/2021:08:50:07 +0800] "GET /xingrg/kc/buy/cgsh_order_operate.html?command=get_materiel&rest_code=00109&code=00101008038&supplier_code=00100005&order_time=2021-11-12 HTTP/1.1" 200 412
116.233.78.138 - - [12/Nov/2021:08:50:09 +0800] "POST /xingrg/kc/buy/cgsh_order_operate.html HTTP/1.1" 200 2065
116.233.78.138 - - [12/Nov/2021:08:50:13 +0800] "GET /xingrg/kc/buy/cgsh_order_operate.html?command=get_materiel&rest_code=00109&code=00101008283&supplier_code=00100005&order_time=2021-11-12 HTTP/1.1" 200 408
58.39.139.200 - - [12/Nov/2021:08:50:13 +0800] "GET /xingrg/all/function/internal_message.html?_=1636678210811&CODE_STATE=getMsg HTTP/1.1" 200 27
222.70.176.97 - - [12/Nov/2021:08:50:17 +0800] "GET /xingrg/all/function/internal_message.html?_=1636678211868&CODE_STATE=getMsg HTTP/1.1" 200 27
116.238.248.233 - - [12/Nov/2021:08:50:18 +0800] "GET /xingrg/kc/buy/cgsh_order_list.html HTTP/1.1" 200 49010
116.233.78.138 - - [12/Nov/2021:08:50:18 +0800] "GET /xingrg/kc/buy/cgsh_order_operate.html?command=get_materiel&rest_code=00109&code=00101008356&supplier_code=00100005&order_time=2021-11-12 HTTP/1.1" 200 409
116.238.248.233 - - [12/Nov/2021:08:50:19 +0800] "POST /xingrg/kc/buy/cgsh_list_operate.html HTTP/1.1" 200 876
116.238.248.233 - - [12/Nov/2021:08:50:20 +0800] "GET /xingrg/kc/buy/cgsh_order_add.html HTTP/1.1" 200 64663
116.238.248.233 - - [12/Nov/2021:08:50:20 +0800] "GET /xingrg/words/20211111170433_words.js HTTP/1.1" 304 -
116.238.248.233 - - [12/Nov/2021:08:50:20 +0800] "GET /xingrg/all/common/auto_word.html?type=employee&rest_code=00150 HTTP/1.1" 200 159
116.238.248.233 - - [12/Nov/2021:08:50:20 +0800] "GET /xingrg/javascript/easyui/themes/default/validatebox.css HTTP/1.1" 404 1104
116.238.248.233 - - [12/Nov/2021:08:50:20 +0800] "GET /xingrg/all/common/auto_word.html?type=employee&rest_code=00150 HTTP/1.1" 200 159
116.238.248.233 - - [12/Nov/2021:08:50:20 +0800] "POST /xingrg/kc/buy/cgsh_order_operate.html HTTP/1.1" 200 8245
116.233.78.138 - - [12/Nov/2021:08:50:24 +0800] "GET /xingrg/kc/buy/cgsh_order_operate.html?command=get_materiel&rest_code=00109&code=00101008286&supplier_code=00100005&order_time=2021-11-12 HTTP/1.1" 200 408
116.233.78.138 - - [12/Nov/2021:08:50:29 +0800] "GET /xingrg/kc/buy/cgsh_order_operate.html?command=get_materiel&rest_code=00109&code=00101008131&supplier_code=00100005&order_time=2021-11-12 HTTP/1.1" 200 408
120.253.135.82 - - [12/Nov/2021:08:50:29 +0800] "GET /xingrg/all/function/internal_message.html?_=1636678180363&CODE_STATE=getMsg HTTP/1.1" 200 27
116.238.248.233 - - [12/Nov/2021:08:50:29 +0800] "GET /xingrg/kc/buy/cgsh_order_operate.html?command=get_materiel&rest_code=00150&code=00101001084&supplier_code=00100096&order_time=2021-11-12 HTTP/1.1" 200 415
114.85.125.222 - - [12/Nov/2021:08:50:32 +0800] "GET /xingrg/check_reg.html?_=1636678152908 HTTP/1.1" 200 22
116.233.78.138 - - [12/Nov/2021:08:50:34 +0800] "GET /xingrg/kc/buy/cgsh_order_operate.html?command=get_materiel&rest_code=00109&code=00101008353&supplier_code=00100005&order_time=2021-11-12 HTTP/1.1" 200 428
116.233.78.138 - - [12/Nov/2021:08:50:36 +0800] "POST /xingrg/kc/buy/cgsh_order_operate.html HTTP/1.1" 200 2065
222.70.176.97 - - [12/Nov/2021:08:50:39 +0800] "GET /xingrg/kc/buy/cgsh_order_operate.html?command=get_materiel&rest_code=00111&code=00101008155&supplier_code=00100005&order_time=2021-11-12 HTTP/1.1" 200 408
116.233.78.138 - - [12/Nov/2021:08:50:41 +0800] "GET /xingrg/kc/buy/cgsh_order_operate.html?command=get_materiel&rest_code=00109&code=00101008213&supplier_code=00100005&order_time=2021-11-12 HTTP/1.1" 200 412
116.238.248.233 - - [12/Nov/2021:08:50:44 +0800] "GET /xingrg/kc/buy/cgsh_order_operate.html?command=get_materiel&rest_code=00150&code=00101001160&supplier_code=00100096&order_time=2021-11-12 HTTP/1.1" 200 408
116.233.78.138 - - [12/Nov/2021:08:50:46 +0800] "GET /xingrg/kc/buy/cgsh_order_operate.html?command=get_materiel&rest_code=00109&code=00101008298&supplier_code=00100005&order_time=2021-11-12 HTTP/1.1" 200 412
116.238.248.233 - - [12/Nov/2021:08:50:48 +0800] "GET /xingrg/all/function/internal_message.html?_=1636678245700&CODE_STATE=getMsg HTTP/1.1" 200 27
120.253.135.82 - - [12/Nov/2021:08:50:49 +0800] "GET /xingrg/all/function/internal_message.html?_=1636678019235&CODE_STATE=getMsg HTTP/1.1" 200 27
116.233.78.138 - - [12/Nov/2021:08:50:50 +0800] "GET /xingrg/kc/buy/cgsh_order_operate.html?command=get_materiel&rest_code=00109&code=00101008242&supplier_code=00100005&order_time=2021-11-12 HTTP/1.1" 200 409
114.83.218.184 - - [12/Nov/2021:08:50:51 +0800] "GET /xingrg/kc/buy/cgsh_order_operate.html?command=get_materiel&rest_code=00149&code=00101008156&supplier_code=00100005&order_time=2021-11-12 HTTP/1.1" 200 414
114.85.125.222 - - [12/Nov/2021:08:50:52 +0800] "GET /xingrg/all/function/internal_message.html?_=1636678173042&CODE_STATE=getMsg HTTP/1.1" 200 27
222.70.176.97 - - [12/Nov/2021:08:50:52 +0800] "GET /xingrg/kc/buy/cgsh_order_operate.html?command=get_materiel&rest_code=00111&code=00101008186&supplier_code=00100005&order_time=2021-11-12 HTTP/1.1" 200 408
116.227.210.113 - - [12/Nov/2021:08:50:53 +0800] "GET /xingrg/check_reg.html?_=1636678237637 HTTP/1.1" 200 22
116.227.210.113 - - [12/Nov/2021:08:50:54 +0800] "GET /xingrg/all/function/internal_message.html?_=1636678237955&CODE_STATE=getMsg HTTP/1.1" 200 27
116.233.78.138 - - [12/Nov/2021:08:50:55 +0800] "GET /xingrg/kc/buy/cgsh_order_operate.html?command=get_materiel&rest_code=00109&code=00101008186&supplier_code=00100005&order_time=2021-11-12 HTTP/1.1" 200 408
222.70.171.86 - - [12/Nov/2021:08:50:59 +0800] "GET /xingrg/check_reg.html?_=1636678272419 HTTP/1.1" 200 22
222.70.176.97 - - [12/Nov/2021:08:51:01 +0800] "GET /xingrg/kc/buy/cgsh_order_operate.html?command=get_materiel&rest_code=00111&code=00101008141&supplier_code=00100005&order_time=2021-11-12 HTTP/1.1" 200 412
222.70.171.86 - - [12/Nov/2021:08:51:01 +0800] "GET /xingrg/all/function/internal_message.html?_=1636678274008&CODE_STATE=getMsg HTTP/1.1" 200 27
116.238.248.233 - - [12/Nov/2021:08:51:02 +0800] "GET /xingrg/kc/buy/cgsh_order_operate.html?command=get_materiel&rest_code=00150&code=00101016025&supplier_code=00100096&order_time=2021-11-12 HTTP/1.1" 200 408
116.233.78.138 - - [12/Nov/2021:08:51:03 +0800] "GET /xingrg/kc/buy/cgsh_order_operate.html?command=get_materiel&rest_code=00109&code=00101008155&supplier_code=00100005&order_time=2021-11-12 HTTP/1.1" 200 408
101.85.238.236 - - [12/Nov/2021:08:51:03 +0800] "GET /xingrg/all/function/internal_message.html?_=1636678253420&CODE_STATE=getMsg HTTP/1.1" 200 27
114.83.218.184 - - [12/Nov/2021:08:51:05 +0800] "GET /xingrg/all/function/internal_message.html?_=1636678260399&CODE_STATE=getMsg HTTP/1.1" 200 27
116.233.78.138 - - [12/Nov/2021:08:51:05 +0800] "POST /xingrg/kc/buy/cgsh_order_operate.html HTTP/1.1" 200 2065
116.233.78.138 - - [12/Nov/2021:08:51:06 +0800] "GET /xingrg/all/function/internal_message.html?_=1636678263545&CODE_STATE=getMsg HTTP/1.1" 200 27
114.83.218.184 - - [12/Nov/2021:08:51:07 +0800] "GET /xingrg/kc/buy/cgsh_order_operate.html?command=get_materiel&rest_code=00149&code=00101008331&supplier_code=00100005&order_time=2021-11-12 HTTP/1.1" 200 416
116.233.78.138 - - [12/Nov/2021:08:51:10 +0800] "GET /xingrg/kc/buy/cgsh_order_operate.html?command=get_materiel&rest_code=00109&code=00101008350&supplier_code=00100005&order_time=2021-11-12 HTTP/1.1" 200 408
116.238.248.233 - - [12/Nov/2021:08:51:12 +0800] "GET /xingrg/kc/buy/cgsh_order_operate.html?command=get_materiel&rest_code=00150&code=00101012025&supplier_code=00100096&order_time=2021-11-12 HTTP/1.1" 200 412
58.39.139.200 - - [12/Nov/2021:08:51:13 +0800] "GET /xingrg/all/function/internal_message.html?_=1636678270829&CODE_STATE=getMsg HTTP/1.1" 200 27
116.233.78.138 - - [12/Nov/2021:08:51:17 +0800] "GET /xingrg/kc/buy/cgsh_order_operate.html?command=get_materiel&rest_code=00109&code=00101008110&supplier_code=00100005&order_time=2021-11-12 HTTP/1.1" 200 409
116.238.248.233 - - [12/Nov/2021:08:51:17 +0800] "GET /xingrg/kc/buy/cgsh_order_operate.html?command=get_materiel&rest_code=00150&code=00101012029&supplier_code=00100096&order_time=2021-11-12 HTTP/1.1" 200 414
222.70.176.97 - - [12/Nov/2021:08:51:17 +0800] "GET /xingrg/all/function/internal_message.html?_=1636678271856&CODE_STATE=getMsg HTTP/1.1" 200 27
222.70.176.97 - - [12/Nov/2021:08:51:20 +0800] "GET /xingrg/kc/buy/cgsh_order_operate.html?command=get_materiel&rest_code=00111&code=00101008212&supplier_code=00100005&order_time=2021-11-12 HTTP/1.1" 200 412
116.233.78.138 - - [12/Nov/2021:08:51:21 +0800] "GET /xingrg/kc/buy/cgsh_order_operate.html?command=get_materiel&rest_code=00109&code=00101008290&supplier_code=00100005&order_time=2021-11-12 HTTP/1.1" 200 416
114.83.218.184 - - [12/Nov/2021:08:51:24 +0800] "GET /xingrg/kc/buy/cgsh_order_operate.html?command=get_materiel&rest_code=00149&code=00101008350&supplier_code=00100005&order_time=2021-11-12 HTTP/1.1" 200 408
116.233.78.138 - - [12/Nov/2021:08:51:27 +0800] "GET /xingrg/kc/buy/cgsh_order_operate.html?command=get_materiel&rest_code=00109&code=00101008223&supplier_code=00100005&order_time=2021-11-12 HTTP/1.1" 200 412
120.253.135.82 - - [12/Nov/2021:08:51:29 +0800] "GET /xingrg/all/function/internal_message.html?_=1636678240377&CODE_STATE=getMsg HTTP/1.1" 200 27
222.70.176.97 - - [12/Nov/2021:08:51:31 +0800] "GET /xingrg/kc/buy/cgsh_order_operate.html?command=get_materiel&rest_code=00111&code=00101008270&supplier_code=00100005&order_time=2021-11-12 HTTP/1.1" 200 412
116.233.78.138 - - [12/Nov/2021:08:51:33 +0800] "GET /xingrg/kc/buy/cgsh_order_operate.html?command=get_materiel&rest_code=00109&code=00101008131&supplier_code=00100005&order_time=2021-11-12 HTTP/1.1" 200 408
116.233.78.138 - - [12/Nov/2021:08:51:34 +0800] "POST /xingrg/kc/buy/cgsh_order_operate.html HTTP/1.1" 200 2065
116.233.78.138 - - [12/Nov/2021:08:51:38 +0800] "GET /xingrg/kc/buy/cgsh_order_operate.html?command=get_materiel&rest_code=00109&code=00101008353&supplier_code=00100005&order_time=2021-11-12 HTTP/1.1" 200 428
222.70.176.97 - - [12/Nov/2021:08:51:42 +0800] "GET /xingrg/kc/buy/cgsh_order_operate.html?command=get_materiel&rest_code=00111&code=00101008244&supplier_code=00100005&order_time=2021-11-12 HTTP/1.1" 200 408
116.233.78.138 - - [12/Nov/2021:08:51:43 +0800] "GET /xingrg/kc/buy/cgsh_order_operate.html?command=get_materiel&rest_code=00109&code=00101008095&supplier_code=00100005&order_time=2021-11-12 HTTP/1.1" 200 412
116.238.248.233 - - [12/Nov/2021:08:51:45 +0800] "GET /xingrg/kc/buy/cgsh_order_operate.html?command=get_materiel&rest_code=00150&code=00101007081&supplier_code=00100096&order_time=2021-11-12 HTTP/1.1" 200 415
116.233.78.138 - - [12/Nov/2021:08:51:47 +0800] "GET /xingrg/kc/buy/cgsh_order_operate.html?command=get_materiel&rest_code=00109&code=00102011056&supplier_code=00100005&order_time=2021-11-12 HTTP/1.1" 200 412
116.238.248.233 - - [12/Nov/2021:08:51:48 +0800] "GET /xingrg/all/function/internal_message.html?_=1636678305723&CODE_STATE=getMsg HTTP/1.1" 200 27
116.238.248.233 - - [12/Nov/2021:08:51:48 +0800] "GET /xingrg/check_reg.html?_=1636678305725 HTTP/1.1" 200 22
120.253.135.82 - - [12/Nov/2021:08:51:49 +0800] "GET /xingrg/all/function/internal_message.html?_=1636678079241&CODE_STATE=getMsg HTTP/1.1" 200 27
116.233.78.138 - - [12/Nov/2021:08:51:51 +0800] "GET /xingrg/kc/buy/cgsh_order_operate.html?command=get_materiel&rest_code=00109&code=00101008168&supplier_code=00100005&order_time=2021-11-12 HTTP/1.1" 200 412
114.85.125.222 - - [12/Nov/2021:08:51:52 +0800] "GET /xingrg/all/function/internal_message.html?_=1636678233056&CODE_STATE=getMsg HTTP/1.1" 200 27
222.70.176.97 - - [12/Nov/2021:08:51:52 +0800] "GET /xingrg/kc/buy/cgsh_order_operate.html?command=get_materiel&rest_code=00111&code=00101008027&supplier_code=00100005&order_time=2021-11-12 HTTP/1.1" 200 409
116.227.210.113 - - [12/Nov/2021:08:51:54 +0800] "GET /xingrg/all/function/internal_message.html?_=1636678297931&CODE_STATE=getMsg HTTP/1.1" 200 27
114.83.218.184 - - [12/Nov/2021:08:51:57 +0800] "GET /xingrg/kc/buy/cgsh_order_operate.html?command=get_materiel&rest_code=00149&code=00101008028&supplier_code=00100005&order_time=2021-11-12 HTTP/1.1" 200 412
116.233.78.138 - - [12/Nov/2021:08:51:58 +0800] "GET /xingrg/kc/buy/cgsh_order_operate.html?command=get_materiel&rest_code=00109&code=00101008469&supplier_code=00100005&order_time=2021-11-12 HTTP/1.1" 200 398
116.238.248.233 - - [12/Nov/2021:08:51:58 +0800] "GET /xingrg/kc/buy/cgsh_order_operate.html?command=get_materiel&rest_code=00150&code=00101007021&supplier_code=00100096&order_time=2021-11-12 HTTP/1.1" 200 409
222.70.171.86 - - [12/Nov/2021:08:52:01 +0800] "GET /xingrg/all/function/internal_message.html?_=1636678334021&CODE_STATE=getMsg HTTP/1.1" 200 27
101.85.238.236 - - [12/Nov/2021:08:52:03 +0800] "GET /xingrg/all/function/internal_message.html?_=1636678313430&CODE_STATE=getMsg HTTP/1.1" 200 27
116.233.78.138 - - [12/Nov/2021:08:52:04 +0800] "GET /xingrg/kc/buy/cgsh_order_operate.html?command=get_materiel&rest_code=00109&code=00101015046&supplier_code=00100005&order_time=2021-11-12 HTTP/1.1" 200 412
114.83.218.184 - - [12/Nov/2021:08:52:05 +0800] "GET /xingrg/check_reg.html?_=1636678320396 HTTP/1.1" 200 22
114.83.218.184 - - [12/Nov/2021:08:52:05 +0800] "GET /xingrg/all/function/internal_message.html?_=1636678320396&CODE_STATE=getMsg HTTP/1.1" 200 27
116.233.78.138 - - [12/Nov/2021:08:52:06 +0800] "POST /xingrg/kc/buy/cgsh_order_operate.html HTTP/1.1" 200 2065
116.233.78.138 - - [12/Nov/2021:08:52:06 +0800] "GET /xingrg/all/function/internal_message.html?_=1636678323542&CODE_STATE=getMsg HTTP/1.1" 200 27
116.238.248.233 - - [12/Nov/2021:08:52:09 +0800] "GET /xingrg/kc/buy/cgsh_order_operate.html?command=get_materiel&rest_code=00150&code=00101007059&supplier_code=00100096&order_time=2021-11-12 HTTP/1.1" 200 411
114.83.218.184 - - [12/Nov/2021:08:52:09 +0800] "GET /xingrg/kc/buy/cgsh_order_operate.html?command=get_materiel&rest_code=00149&code=00101008351&supplier_code=00100005&order_time=2021-11-12 HTTP/1.1" 200 408
116.233.78.138 - - [12/Nov/2021:08:52:10 +0800] "GET /xingrg/kc/buy/cgsh_order_operate.html?command=get_materiel&rest_code=00109&code=00101008114&supplier_code=00100005&order_time=2021-11-12 HTTP/1.1" 200 413
58.39.139.200 - - [12/Nov/2021:08:52:13 +0800] "GET /xingrg/all/function/internal_message.html?_=1636678330844&CODE_STATE=getMsg HTTP/1.1" 200 27
58.39.139.200 - - [12/Nov/2021:08:52:13 +0800] "GET /xingrg/check_reg.html?_=1636678330847 HTTP/1.1" 200 22
116.233.78.138 - - [12/Nov/2021:08:52:15 +0800] "GET /xingrg/kc/buy/cgsh_order_operate.html?command=get_materiel&rest_code=00109&code=00101008353&supplier_code=00100005&order_time=2021-11-12 HTTP/1.1" 200 428
222.70.176.97 - - [12/Nov/2021:08:52:17 +0800] "GET /xingrg/all/function/internal_message.html?_=1636678331857&CODE_STATE=getMsg HTTP/1.1" 200 27
222.70.176.97 - - [12/Nov/2021:08:52:17 +0800] "GET /xingrg/check_reg.html?_=1636678331862 HTTP/1.1" 200 22
114.83.218.184 - - [12/Nov/2021:08:52:18 +0800] "GET /xingrg/kc/buy/cgsh_order_operate.html?command=get_materiel&rest_code=00149&code=00101008096&supplier_code=00100005&order_time=2021-11-12 HTTP/1.1" 200 412
222.70.176.97 - - [12/Nov/2021:08:52:20 +0800] "GET /xingrg/kc/buy/cgsh_order_operate.html?command=get_materiel&rest_code=00111&code=00101008358&supplier_code=00100005&order_time=2021-11-12 HTTP/1.1" 200 412
116.238.248.233 - - [12/Nov/2021:08:52:22 +0800] "GET /xingrg/kc/buy/cgsh_order_operate.html?command=get_materiel&rest_code=00150&code=00101007077&supplier_code=00100096&order_time=2021-11-12 HTTP/1.1" 200 415
116.233.78.138 - - [12/Nov/2021:08:52:25 +0800] "GET /xingrg/kc/buy/cgsh_order_operate.html?command=get_materiel&rest_code=00109&code=00101008261&supplier_code=00100005&order_time=2021-11-12 HTTP/1.1" 200 408
222.70.176.97 - - [12/Nov/2021:08:52:28 +0800] "GET /xingrg/kc/buy/cgsh_order_operate.html?command=get_materiel&rest_code=00111&code=00101019738&supplier_code=00100005&order_time=2021-11-12 HTTP/1.1" 200 454
120.253.135.82 - - [12/Nov/2021:08:52:29 +0800] "GET /xingrg/all/function/internal_message.html?_=1636678300389&CODE_STATE=getMsg HTTP/1.1" 200 27
114.83.218.184 - - [12/Nov/2021:08:52:32 +0800] "GET /xingrg/kc/buy/cgsh_order_operate.html?command=get_materiel&rest_code=00149&code=00101008224&supplier_code=00100005&order_time=2021-11-12 HTTP/1.1" 200 416
116.238.248.233 - - [12/Nov/2021:08:52:32 +0800] "GET /xingrg/kc/buy/cgsh_order_operate.html?command=get_materiel&rest_code=00150&code=00101006111&supplier_code=00100096&order_time=2021-11-12 HTTP/1.1" 200 409
116.233.78.138 - - [12/Nov/2021:08:52:32 +0800] "GET /xingrg/kc/buy/cgsh_order_operate.html?command=get_materiel&rest_code=00109&code=00101008072&supplier_code=00100005&order_time=2021-11-12 HTTP/1.1" 200 408
222.70.176.97 - - [12/Nov/2021:08:52:35 +0800] "GET /xingrg/kc/buy/cgsh_order_operate.html?command=get_materiel&rest_code=00111&code=00101008290&supplier_code=00100005&order_time=2021-11-12 HTTP/1.1" 200 416
116.233.78.138 - - [12/Nov/2021:08:52:38 +0800] "GET /xingrg/kc/buy/cgsh_order_operate.html?command=get_materiel&rest_code=00109&code=00101008210&supplier_code=00100005&order_time=2021-11-12 HTTP/1.1" 200 408
114.83.218.184 - - [12/Nov/2021:08:52:38 +0800] "POST /xingrg/kc/buy/cgsh_order_operate.html HTTP/1.1" 200 2065
116.233.78.138 - - [12/Nov/2021:08:52:40 +0800] "POST /xingrg/kc/buy/cgsh_order_operate.html HTTP/1.1" 200 2065
116.233.78.138 - - [12/Nov/2021:08:52:44 +0800] "GET /xingrg/kc/buy/cgsh_order_operate.html?command=get_materiel&rest_code=00109&code=00101008141&supplier_code=00100005&order_time=2021-11-12 HTTP/1.1" 200 412
116.238.248.233 - - [12/Nov/2021:08:52:44 +0800] "GET /xingrg/kc/buy/cgsh_order_operate.html?command=get_materiel&rest_code=00150&code=00101006109&supplier_code=00100096&order_time=2021-11-12 HTTP/1.1" 200 409
114.83.218.184 - - [12/Nov/2021:08:52:46 +0800] "GET /xingrg/kc/buy/cgsh_order_operate.html?command=get_materiel&rest_code=00149&code=00101008370&supplier_code=00100005&order_time=2021-11-12 HTTP/1.1" 200 412
116.238.248.233 - - [12/Nov/2021:08:52:48 +0800] "GET /xingrg/all/function/internal_message.html?_=1636678365715&CODE_STATE=getMsg HTTP/1.1" 200 27
116.233.78.138 - - [12/Nov/2021:08:52:49 +0800] "GET /xingrg/kc/buy/cgsh_order_operate.html?command=get_materiel&rest_code=00109&code=00101008361&supplier_code=00100005&order_time=2021-11-12 HTTP/1.1" 200 408
222.70.176.97 - - [12/Nov/2021:08:52:49 +0800] "GET /xingrg/kc/buy/cgsh_order_operate.html?command=get_materiel&rest_code=00111&code=00101008357&supplier_code=00100005&order_time=2021-11-12 HTTP/1.1" 200 408
120.253.135.82 - - [12/Nov/2021:08:52:49 +0800] "GET /xingrg/all/function/internal_message.html?_=1636678139549&CODE_STATE=getMsg HTTP/1.1" 200 27
116.238.248.233 - - [12/Nov/2021:08:52:52 +0800] "GET /xingrg/kc/buy/cgsh_order_operate.html?command=get_materiel&rest_code=00150&code=00101006068&supplier_code=00100096&order_time=2021-11-12 HTTP/1.1" 200 411
114.85.125.222 - - [12/Nov/2021:08:52:52 +0800] "GET /xingrg/all/function/internal_message.html?_=1636678293094&CODE_STATE=getMsg HTTP/1.1" 200 27
116.227.210.113 - - [12/Nov/2021:08:52:54 +0800] "GET /xingrg/all/function/internal_message.html?_=1636678357902&CODE_STATE=getMsg HTTP/1.1" 200 27
116.233.78.138 - - [12/Nov/2021:08:52:55 +0800] "GET /xingrg/kc/buy/cgsh_order_operate.html?command=get_materiel&rest_code=00109&code=00101008270&supplier_code=00100005&order_time=2021-11-12 HTTP/1.1" 200 412
222.70.176.97 - - [12/Nov/2021:08:52:56 +0800] "GET /xingrg/kc/buy/cgsh_order_operate.html?command=get_materiel&rest_code=00111&code=00101008296&supplier_code=00100005&order_time=2021-11-12 HTTP/1.1" 200 416
222.70.171.86 - - [12/Nov/2021:08:53:01 +0800] "GET /xingrg/all/function/internal_message.html?_=1636678394036&CODE_STATE=getMsg HTTP/1.1" 200 27
116.233.78.138 - - [12/Nov/2021:08:53:02 +0800] "GET /xingrg/kc/buy/cgsh_order_operate.html?command=get_materiel&rest_code=00109&code=00101008403&supplier_code=00100005&order_time=2021-11-12 HTTP/1.1" 200 412
101.85.238.236 - - [12/Nov/2021:08:53:03 +0800] "GET /xingrg/all/function/internal_message.html?_=1636678373468&CODE_STATE=getMsg HTTP/1.1" 200 27
222.70.176.97 - - [12/Nov/2021:08:53:04 +0800] "GET /xingrg/kc/buy/cgsh_order_operate.html?command=get_materiel&rest_code=00111&code=00101008098&supplier_code=00100005&order_time=2021-11-12 HTTP/1.1" 200 412
114.83.218.184 - - [12/Nov/2021:08:53:05 +0800] "GET /xingrg/kc/buy/cgsh_order_operate.html?command=get_materiel&rest_code=00149&code=00101008148&supplier_code=00100005&order_time=2021-11-12 HTTP/1.1" 200 416
114.83.218.184 - - [12/Nov/2021:08:53:05 +0800] "GET /xingrg/all/function/internal_message.html?_=1636678380379&CODE_STATE=getMsg HTTP/1.1" 200 27
116.233.78.138 - - [12/Nov/2021:08:53:06 +0800] "GET /xingrg/all/function/internal_message.html?_=1636678383543&CODE_STATE=getMsg HTTP/1.1" 200 27
116.233.78.138 - - [12/Nov/2021:08:53:09 +0800] "GET /xingrg/kc/buy/cgsh_order_operate.html?command=get_materiel&rest_code=00109&code=00101008350&supplier_code=00100005&order_time=2021-11-12 HTTP/1.1" 200 408
116.233.78.138 - - [12/Nov/2021:08:53:12 +0800] "POST /xingrg/kc/buy/cgsh_order_operate.html HTTP/1.1" 200 2065
58.39.139.200 - - [12/Nov/2021:08:53:13 +0800] "GET /xingrg/all/function/internal_message.html?_=1636678390835&CODE_STATE=getMsg HTTP/1.1" 200 27
114.83.218.184 - - [12/Nov/2021:08:53:14 +0800] "GET /xingrg/kc/buy/cgsh_order_operate.html?command=get_materiel&rest_code=00149&code=00101008321&supplier_code=00100005&order_time=2021-11-12 HTTP/1.1" 200 412
222.70.176.97 - - [12/Nov/2021:08:53:15 +0800] "GET /xingrg/kc/buy/cgsh_order_operate.html?command=get_materiel&rest_code=00111&code=00101008010&supplier_code=00100005&order_time=2021-11-12 HTTP/1.1" 200 412
116.233.78.138 - - [12/Nov/2021:08:53:17 +0800] "GET /xingrg/kc/buy/cgsh_order_operate.html?command=get_materiel&rest_code=00109&code=00101008355&supplier_code=00100005&order_time=2021-11-12 HTTP/1.1" 200 408
222.70.176.97 - - [12/Nov/2021:08:53:17 +0800] "GET /xingrg/all/function/internal_message.html?_=1636678391909&CODE_STATE=getMsg HTTP/1.1" 200 27
120.253.135.82 - - [12/Nov/2021:08:53:17 +0800] "GET /xingrg/check_reg.html?_=1636678348718 HTTP/1.1" 200 22
222.70.176.97 - - [12/Nov/2021:08:53:27 +0800] "GET /xingrg/kc/buy/cgsh_order_operate.html?command=get_materiel&rest_code=00111&code=00101008306&supplier_code=00100005&order_time=2021-11-12 HTTP/1.1" 200 412
120.253.135.82 - - [12/Nov/2021:08:53:29 +0800] "GET /xingrg/all/function/internal_message.html?_=1636678360399&CODE_STATE=getMsg HTTP/1.1" 200 27
114.83.218.184 - - [12/Nov/2021:08:53:29 +0800] "GET /xingrg/kc/buy/cgsh_order_operate.html?command=get_materiel&rest_code=00149&code=00101008024&supplier_code=00100005&order_time=2021-11-12 HTTP/1.1" 200 408
222.70.176.97 - - [12/Nov/2021:08:53:35 +0800] "GET /xingrg/kc/buy/cgsh_order_operate.html?command=get_materiel&rest_code=00111&code=00101008149&supplier_code=00100005&order_time=2021-11-12 HTTP/1.1" 200 408
120.253.135.82 - - [12/Nov/2021:08:53:38 +0800] "GET /xingrg/check_reg.html?_=1636678187583 HTTP/1.1" 200 22
222.70.176.97 - - [12/Nov/2021:08:53:47 +0800] "GET /xingrg/kc/buy/cgsh_order_operate.html?command=get_materiel&rest_code=00111&code=00101008436&supplier_code=00100005&order_time=2021-11-12 HTTP/1.1" 200 398
116.238.248.233 - - [12/Nov/2021:08:53:48 +0800] "GET /xingrg/all/function/internal_message.html?_=1636678425717&CODE_STATE=getMsg HTTP/1.1" 200 27
116.233.78.138 - - [12/Nov/2021:08:53:48 +0800] "GET /xingrg/kc/buy/cgsh_order_operate.html?command=get_materiel&rest_code=00109&code=00101008357&supplier_code=00100005&order_time=2021-11-12 HTTP/1.1" 200 408
114.83.218.184 - - [12/Nov/2021:08:53:49 +0800] "POST /xingrg/kc/buy/cgsh_order_operate.html HTTP/1.1" 200 2065
120.253.135.82 - - [12/Nov/2021:08:53:49 +0800] "GET /xingrg/all/function/internal_message.html?_=1636678199565&CODE_STATE=getMsg HTTP/1.1" 200 27
114.85.125.222 - - [12/Nov/2021:08:53:52 +0800] "GET /xingrg/all/function/internal_message.html?_=1636678353099&CODE_STATE=getMsg HTTP/1.1" 200 27
116.227.210.113 - - [12/Nov/2021:08:53:54 +0800] "GET /xingrg/all/function/internal_message.html?_=1636678417889&CODE_STATE=getMsg HTTP/1.1" 200 27
222.70.176.97 - - [12/Nov/2021:08:53:58 +0800] "GET /xingrg/kc/buy/cgsh_order_operate.html?command=get_materiel&rest_code=00111&code=00101008351&supplier_code=00100005&order_time=2021-11-12 HTTP/1.1" 200 408
114.83.218.184 - - [12/Nov/2021:08:54:00 +0800] "GET /xingrg/kc/buy/cgsh_order_operate.html?command=get_materiel&rest_code=00149&code=00101008356&supplier_code=00100005&order_time=2021-11-12 HTTP/1.1" 200 409
222.70.171.86 - - [12/Nov/2021:08:54:01 +0800] "GET /xingrg/all/function/internal_message.html?_=1636678454102&CODE_STATE=getMsg HTTP/1.1" 200 27
116.233.78.138 - - [12/Nov/2021:08:54:02 +0800] "GET /xingrg/kc/buy/cgsh_order_operate.html?command=get_materiel&rest_code=00109&code=00101008350&supplier_code=00100005&order_time=2021-11-12 HTTP/1.1" 200 408
101.85.238.236 - - [12/Nov/2021:08:54:03 +0800] "GET /xingrg/all/function/internal_message.html?_=1636678433471&CODE_STATE=getMsg HTTP/1.1" 200 27
114.83.218.184 - - [12/Nov/2021:08:54:05 +0800] "GET /xingrg/all/function/internal_message.html?_=1636678440386&CODE_STATE=getMsg HTTP/1.1" 200 27
116.233.78.138 - - [12/Nov/2021:08:54:06 +0800] "GET /xingrg/all/function/internal_message.html?_=1636678443542&CODE_STATE=getMsg HTTP/1.1" 200 27
116.238.248.233 - - [12/Nov/2021:08:54:08 +0800] "POST /xingrg/kc/buy/cgsh_order_operate.html HTTP/1.1" 200 37
222.70.176.97 - - [12/Nov/2021:08:54:08 +0800] "GET /xingrg/kc/buy/cgsh_order_operate.html?command=get_materiel&rest_code=00111&code=00101008163&supplier_code=00100005&order_time=2021-11-12 HTTP/1.1" 200 409
116.233.78.138 - - [12/Nov/2021:08:54:09 +0800] "GET /xingrg/kc/buy/cgsh_order_operate.html?command=get_materiel&rest_code=00109&code=00101015012&supplier_code=00100005&order_time=2021-11-12 HTTP/1.1" 200 412
116.238.248.233 - - [12/Nov/2021:08:54:11 +0800] "POST /xingrg/kc/buy/cgsh_order_operate.html HTTP/1.1" 200 12
116.238.248.233 - - [12/Nov/2021:08:54:11 +0800] "GET /xingrg/kc/buy/cgsh_order_info.html?code=212021111204825 HTTP/1.1" 200 59562
116.238.248.233 - - [12/Nov/2021:08:54:12 +0800] "GET /xingrg/javascript/easyui/themes/default/validatebox.css HTTP/1.1" 404 1104
116.238.248.233 - - [12/Nov/2021:08:54:12 +0800] "POST /xingrg/kc/buy/cgsh_order_operate.html HTTP/1.1" 200 7114
58.39.139.200 - - [12/Nov/2021:08:54:13 +0800] "GET /xingrg/all/function/internal_message.html?_=1636678450844&CODE_STATE=getMsg HTTP/1.1" 200 27
116.238.248.233 - - [12/Nov/2021:08:54:13 +0800] "GET /xingrg/kc/print/load_config.html?kc_code=cgsh HTTP/1.1" 200 2281
116.238.248.233 - - [12/Nov/2021:08:54:14 +0800] "GET /xingrg/kc/print/load_data.html?order_code=212021111204825&kc_code=cgsh&condition= HTTP/1.1" 200 3148
222.70.176.97 - - [12/Nov/2021:08:54:17 +0800] "GET /xingrg/all/function/internal_message.html?_=1636678451881&CODE_STATE=getMsg HTTP/1.1" 200 27
116.238.248.233 - - [12/Nov/2021:08:54:18 +0800] "GET /xingrg/kc/buy/cgsh_order_add.html HTTP/1.1" 200 64663
116.238.248.233 - - [12/Nov/2021:08:54:19 +0800] "POST /xingrg/kc/buy/cgsh_order_operate.html HTTP/1.1" 200 8245
114.83.218.184 - - [12/Nov/2021:08:54:19 +0800] "GET /xingrg/kc/buy/cgsh_order_operate.html?command=get_materiel&rest_code=00149&code=00101008300&supplier_code=00100005&order_time=2021-11-12 HTTP/1.1" 200 412
116.238.248.233 - - [12/Nov/2021:08:54:19 +0800] "GET /xingrg/javascript/easyui/themes/default/validatebox.css HTTP/1.1" 404 1104
116.233.78.138 - - [12/Nov/2021:08:54:20 +0800] "GET /xingrg/kc/buy/cgsh_order_operate.html?command=get_materiel&rest_code=00109&code=00101015040&supplier_code=00100005&order_time=2021-11-12 HTTP/1.1" 200 408
222.70.176.97 - - [12/Nov/2021:08:54:20 +0800] "GET /xingrg/kc/buy/cgsh_order_operate.html?command=get_materiel&rest_code=00111&code=00101008146&supplier_code=00100005&order_time=2021-11-12 HTTP/1.1" 200 416
116.233.78.138 - - [12/Nov/2021:08:54:24 +0800] "POST /xingrg/kc/buy/cgsh_order_operate.html HTTP/1.1" 200 2065
222.70.176.97 - - [12/Nov/2021:08:54:29 +0800] "GET /xingrg/kc/buy/cgsh_order_operate.html?command=get_materiel&rest_code=00111&code=00101008148&supplier_code=00100005&order_time=2021-11-12 HTTP/1.1" 200 416
120.253.135.82 - - [12/Nov/2021:08:54:29 +0800] "GET /xingrg/all/function/internal_message.html?_=1636678420412&CODE_STATE=getMsg HTTP/1.1" 200 27
114.83.218.184 - - [12/Nov/2021:08:54:31 +0800] "GET /xingrg/kc/buy/cgsh_order_operate.html?command=get_materiel&rest_code=00149&code=00101008205&supplier_code=00100005&order_time=2021-11-12 HTTP/1.1" 200 412
222.70.176.97 - - [12/Nov/2021:08:54:33 +0800] "POST /xingrg/kc/buy/cgsh_order_operate.html HTTP/1.1" 200 2065
116.233.78.138 - - [12/Nov/2021:08:54:34 +0800] "POST /xingrg/kc/buy/cgsh_order_operate.html HTTP/1.1" 200 37
116.233.78.138 - - [12/Nov/2021:08:54:37 +0800] "POST /xingrg/kc/buy/cgsh_order_operate.html HTTP/1.1" 200 42910
116.233.78.138 - - [12/Nov/2021:08:54:39 +0800] "GET /xingrg/kc/print/load_config.html?kc_code=cgsh HTTP/1.1" 200 2281
116.233.78.138 - - [12/Nov/2021:08:54:39 +0800] "GET /xingrg/kc/print/load_data.html?order_code=212021111204826&kc_code=cgsh&condition= HTTP/1.1" 200 15936
222.70.176.97 - - [12/Nov/2021:08:54:40 +0800] "GET /xingrg/kc/buy/cgsh_order_operate.html?command=get_materiel&rest_code=00111&code=00101008067&supplier_code=00100005&order_time=2021-11-12 HTTP/1.1" 200 416
116.238.248.233 - - [12/Nov/2021:08:54:40 +0800] "GET /xingrg/kc/buy/cgsh_order_operate.html?command=get_materiel&rest_code=00150&code=00101008091&supplier_code=00100007&order_time=2021-11-12 HTTP/1.1" 200 413
116.238.248.233 - - [12/Nov/2021:08:54:48 +0800] "GET /xingrg/all/function/internal_message.html?_=1636678485714&CODE_STATE=getMsg HTTP/1.1" 200 27
116.238.248.233 - - [12/Nov/2021:08:54:49 +0800] "GET /xingrg/kc/buy/cgsh_order_operate.html?command=get_materiel&rest_code=00150&code=00101008027&supplier_code=00100007&order_time=2021-11-12 HTTP/1.1" 200 409
120.253.135.82 - - [12/Nov/2021:08:54:50 +0800] "GET /xingrg/all/function/internal_message.html?_=1636678259578&CODE_STATE=getMsg HTTP/1.1" 200 27
222.70.176.97 - - [12/Nov/2021:08:54:50 +0800] "GET /xingrg/kc/buy/cgsh_order_operate.html?command=get_materiel&rest_code=00111&code=00101008264&supplier_code=00100005&order_time=2021-11-12 HTTP/1.1" 200 412
114.85.125.222 - - [12/Nov/2021:08:54:52 +0800] "GET /xingrg/all/function/internal_message.html?_=1636678413137&CODE_STATE=getMsg HTTP/1.1" 200 27
114.83.218.184 - - [12/Nov/2021:08:54:52 +0800] "GET /xingrg/kc/buy/cgsh_order_operate.html?command=get_materiel&rest_code=00149&code=00101008251&supplier_code=00100005&order_time=2021-11-12 HTTP/1.1" 200 408
116.227.210.113 - - [12/Nov/2021:08:54:53 +0800] "GET /xingrg/all/function/internal_message.html?_=1636678477870&CODE_STATE=getMsg HTTP/1.1" 200 27
116.238.248.233 - - [12/Nov/2021:08:54:56 +0800] "GET /xingrg/kc/buy/cgsh_order_operate.html?command=get_materiel&rest_code=00150&code=00101008331&supplier_code=00100007&order_time=2021-11-12 HTTP/1.1" 200 416
222.70.176.97 - - [12/Nov/2021:08:54:58 +0800] "GET /xingrg/kc/buy/cgsh_order_operate.html?command=get_materiel&rest_code=00111&code=00101009030&supplier_code=00100005&order_time=2021-11-12 HTTP/1.1" 200 413
222.70.171.86 - - [12/Nov/2021:08:55:01 +0800] "GET /xingrg/all/function/internal_message.html?_=1636678514109&CODE_STATE=getMsg HTTP/1.1" 200 27
116.238.248.233 - - [12/Nov/2021:08:55:02 +0800] "GET /xingrg/kc/buy/cgsh_order_operate.html?command=get_materiel&rest_code=00150&code=00101008350&supplier_code=00100007&order_time=2021-11-12 HTTP/1.1" 200 408
101.85.238.236 - - [12/Nov/2021:08:55:03 +0800] "GET /xingrg/check_reg.html?_=1636678493136 HTTP/1.1" 200 22
101.85.238.236 - - [12/Nov/2021:08:55:03 +0800] "GET /xingrg/all/function/internal_message.html?_=1636678493490&CODE_STATE=getMsg HTTP/1.1" 200 27
114.83.218.184 - - [12/Nov/2021:08:55:05 +0800] "POST /xingrg/kc/buy/cgsh_order_operate.html HTTP/1.1" 200 2065
114.83.218.184 - - [12/Nov/2021:08:55:05 +0800] "GET /xingrg/all/function/internal_message.html?_=1636678500395&CODE_STATE=getMsg HTTP/1.1" 200 27
116.233.78.138 - - [12/Nov/2021:08:55:06 +0800] "GET /xingrg/all/function/internal_message.html?_=1636678503551&CODE_STATE=getMsg HTTP/1.1" 200 27
116.233.78.138 - - [12/Nov/2021:08:55:06 +0800] "GET /xingrg/check_reg.html?_=1636678503553 HTTP/1.1" 200 22
222.70.176.97 - - [12/Nov/2021:08:55:07 +0800] "GET /xingrg/kc/buy/cgsh_order_operate.html?command=get_materiel&rest_code=00111&code=00101008196&supplier_code=00100005&order_time=2021-11-12 HTTP/1.1" 200 416
116.238.248.233 - - [12/Nov/2021:08:55:09 +0800] "GET /xingrg/kc/buy/cgsh_order_operate.html?command=get_materiel&rest_code=00150&code=00101008308&supplier_code=00100007&order_time=2021-11-12 HTTP/1.1" 200 420
58.39.139.200 - - [12/Nov/2021:08:55:13 +0800] "GET /xingrg/all/function/internal_message.html?_=1636678510844&CODE_STATE=getMsg HTTP/1.1" 200 27
116.238.248.233 - - [12/Nov/2021:08:55:15 +0800] "GET /xingrg/kc/buy/cgsh_order_operate.html?command=get_materiel&rest_code=00150&code=00101008026&supplier_code=00100007&order_time=2021-11-12 HTTP/1.1" 200 409
222.70.176.97 - - [12/Nov/2021:08:55:17 +0800] "GET /xingrg/all/function/internal_message.html?_=1636678511859&CODE_STATE=getMsg HTTP/1.1" 200 27
114.83.218.184 - - [12/Nov/2021:08:55:17 +0800] "GET /xingrg/kc/buy/cgsh_order_operate.html?command=get_materiel&rest_code=00149&code=00101008360&supplier_code=00100005&order_time=2021-11-12 HTTP/1.1" 200 413
222.70.176.97 - - [12/Nov/2021:08:55:18 +0800] "GET /xingrg/kc/buy/cgsh_order_operate.html?command=get_materiel&rest_code=00111&code=00101008286&supplier_code=00100005&order_time=2021-11-12 HTTP/1.1" 200 408
222.70.176.97 - - [12/Nov/2021:08:55:20 +0800] "POST /xingrg/kc/buy/cgsh_order_operate.html HTTP/1.1" 200 2065
116.238.248.233 - - [12/Nov/2021:08:55:23 +0800] "GET /xingrg/kc/buy/cgsh_order_operate.html?command=get_materiel&rest_code=00150&code=00101008038&supplier_code=00100007&order_time=2021-11-12 HTTP/1.1" 200 412
222.70.176.97 - - [12/Nov/2021:08:55:25 +0800] "GET /xingrg/kc/buy/cgsh_order_operate.html?command=get_materiel&rest_code=00111&code=00101008131&supplier_code=00100005&order_time=2021-11-12 HTTP/1.1" 200 408
120.253.135.82 - - [12/Nov/2021:08:55:29 +0800] "GET /xingrg/all/function/internal_message.html?_=1636678480431&CODE_STATE=getMsg HTTP/1.1" 200 27
114.85.125.222 - - [12/Nov/2021:08:55:32 +0800] "GET /xingrg/check_reg.html?_=1636678452913 HTTP/1.1" 200 22
116.238.248.233 - - [12/Nov/2021:08:55:32 +0800] "GET /xingrg/kc/buy/cgsh_order_operate.html?command=get_materiel&rest_code=00150&code=00101008358&supplier_code=00100007&order_time=2021-11-12 HTTP/1.1" 200 412
222.70.176.97 - - [12/Nov/2021:08:55:37 +0800] "GET /xingrg/kc/buy/cgsh_order_operate.html?command=get_materiel&rest_code=00111&code=00101008318&supplier_code=00100005&order_time=2021-11-12 HTTP/1.1" 200 408
116.238.248.233 - - [12/Nov/2021:08:55:39 +0800] "GET /xingrg/kc/buy/cgsh_order_operate.html?command=get_materiel&rest_code=00150&code=00101008163&supplier_code=00100007&order_time=2021-11-12 HTTP/1.1" 200 409
114.83.218.184 - - [12/Nov/2021:08:55:41 +0800] "GET /xingrg/kc/buy/cgsh_order_operate.html?command=get_materiel&rest_code=00149&code=00101008059&supplier_code=00100005&order_time=2021-11-12 HTTP/1.1" 200 427
116.238.248.233 - - [12/Nov/2021:08:55:46 +0800] "POST /xingrg/kc/buy/cgsh_order_operate.html HTTP/1.1" 200 37
116.238.248.233 - - [12/Nov/2021:08:55:47 +0800] "POST /xingrg/kc/buy/cgsh_order_operate.html HTTP/1.1" 200 7382
116.238.248.233 - - [12/Nov/2021:08:55:48 +0800] "GET /xingrg/all/function/internal_message.html?_=1636678545731&CODE_STATE=getMsg HTTP/1.1" 200 27
120.253.135.82 - - [12/Nov/2021:08:55:50 +0800] "GET /xingrg/all/function/internal_message.html?_=1636678319854&CODE_STATE=getMsg HTTP/1.1" 200 27
114.85.125.222 - - [12/Nov/2021:08:55:52 +0800] "GET /xingrg/all/function/internal_message.html?_=1636678473141&CODE_STATE=getMsg HTTP/1.1" 200 27
116.227.210.113 - - [12/Nov/2021:08:55:53 +0800] "GET /xingrg/check_reg.html?_=1636678537634 HTTP/1.1" 200 22
116.227.210.113 - - [12/Nov/2021:08:55:53 +0800] "GET /xingrg/all/function/internal_message.html?_=1636678537853&CODE_STATE=getMsg HTTP/1.1" 200 27
222.70.171.86 - - [12/Nov/2021:08:55:59 +0800] "GET /xingrg/check_reg.html?_=1636678572469 HTTP/1.1" 200 22
222.70.171.86 - - [12/Nov/2021:08:56:01 +0800] "GET /xingrg/all/function/internal_message.html?_=1636678574123&CODE_STATE=getMsg HTTP/1.1" 200 27
114.83.218.184 - - [12/Nov/2021:08:56:02 +0800] "GET /xingrg/kc/buy/cgsh_order_operate.html?command=get_materiel&rest_code=00149&code=00101008077&supplier_code=00100005&order_time=2021-11-12 HTTP/1.1" 200 416
101.85.238.236 - - [12/Nov/2021:08:56:03 +0800] "GET /xingrg/all/function/internal_message.html?_=1636678553498&CODE_STATE=getMsg HTTP/1.1" 200 27
114.83.218.184 - - [12/Nov/2021:08:56:05 +0800] "GET /xingrg/all/function/internal_message.html?_=1636678560396&CODE_STATE=getMsg HTTP/1.1" 200 27
116.233.78.138 - - [12/Nov/2021:08:56:06 +0800] "GET /xingrg/all/function/internal_message.html?_=1636678563547&CODE_STATE=getMsg HTTP/1.1" 200 27
58.39.139.200 - - [12/Nov/2021:08:56:13 +0800] "GET /xingrg/all/function/internal_message.html?_=1636678570836&CODE_STATE=getMsg HTTP/1.1" 200 27
114.83.218.184 - - [12/Nov/2021:08:56:14 +0800] "GET /xingrg/kc/buy/cgsh_order_operate.html?command=get_materiel&rest_code=00149&code=00101008223&supplier_code=00100005&order_time=2021-11-12 HTTP/1.1" 200 412
222.70.176.97 - - [12/Nov/2021:08:56:17 +0800] "GET /xingrg/all/function/internal_message.html?_=1636678571859&CODE_STATE=getMsg HTTP/1.1" 200 27
120.253.135.82 - - [12/Nov/2021:08:56:29 +0800] "GET /xingrg/all/function/internal_message.html?_=1636678540439&CODE_STATE=getMsg HTTP/1.1" 200 27
114.83.218.184 - - [12/Nov/2021:08:56:35 +0800] "GET /xingrg/kc/buy/cgsh_order_operate.html?command=get_materiel&rest_code=00149&code=00101008558&supplier_code=00100005&order_time=2021-11-12 HTTP/1.1" 200 395
114.83.218.184 - - [12/Nov/2021:08:56:40 +0800] "POST /xingrg/kc/buy/cgsh_order_operate.html HTTP/1.1" 200 2065
222.70.176.97 - - [12/Nov/2021:08:56:45 +0800] "GET /xingrg/kc/buy/cgsh_order_operate.html?command=get_materiel&rest_code=00111&code=00101008005&supplier_code=00100005&order_time=2021-11-12 HTTP/1.1" 200 412
116.238.248.233 - - [12/Nov/2021:08:56:48 +0800] "GET /xingrg/all/function/internal_message.html?_=1636678605731&CODE_STATE=getMsg HTTP/1.1" 200 27
116.238.248.233 - - [12/Nov/2021:08:56:48 +0800] "GET /xingrg/check_reg.html?_=1636678605733 HTTP/1.1" 200 22
120.253.135.82 - - [12/Nov/2021:08:56:50 +0800] "GET /xingrg/all/function/internal_message.html?_=1636678379871&CODE_STATE=getMsg HTTP/1.1" 200 27
114.85.125.222 - - [12/Nov/2021:08:56:52 +0800] "GET /xingrg/all/function/internal_message.html?_=1636678533155&CODE_STATE=getMsg HTTP/1.1" 200 27
116.227.210.113 - - [12/Nov/2021:08:56:53 +0800] "GET /xingrg/all/function/internal_message.html?_=1636678597839&CODE_STATE=getMsg HTTP/1.1" 200 27
222.70.176.97 - - [12/Nov/2021:08:57:00 +0800] "GET /xingrg/kc/buy/cgsh_order_operate.html?command=get_materiel&rest_code=00111&code=00101008361&supplier_code=00100005&order_time=2021-11-12 HTTP/1.1" 200 408
222.70.171.86 - - [12/Nov/2021:08:57:01 +0800] "GET /xingrg/all/function/internal_message.html?_=1636678634137&CODE_STATE=getMsg HTTP/1.1" 200 27
101.85.238.236 - - [12/Nov/2021:08:57:03 +0800] "GET /xingrg/all/function/internal_message.html?_=1636678613512&CODE_STATE=getMsg HTTP/1.1" 200 27
114.83.218.184 - - [12/Nov/2021:08:57:04 +0800] "GET /xingrg/kc/buy/cgsh_order_operate.html?command=get_materiel&rest_code=00149&code=00101008357&supplier_code=00100005&order_time=2021-11-12 HTTP/1.1" 200 408
114.83.218.184 - - [12/Nov/2021:08:57:05 +0800] "GET /xingrg/all/function/internal_message.html?_=1636678620401&CODE_STATE=getMsg HTTP/1.1" 200 27
114.83.218.184 - - [12/Nov/2021:08:57:05 +0800] "GET /xingrg/check_reg.html?_=1636678620404 HTTP/1.1" 200 22
116.233.78.138 - - [12/Nov/2021:08:57:06 +0800] "GET /xingrg/all/function/internal_message.html?_=1636678623549&CODE_STATE=getMsg HTTP/1.1" 200 27
58.39.139.200 - - [12/Nov/2021:08:57:13 +0800] "GET /xingrg/all/function/internal_message.html?_=1636678630835&CODE_STATE=getMsg HTTP/1.1" 200 27
58.39.139.200 - - [12/Nov/2021:08:57:13 +0800] "GET /xingrg/check_reg.html?_=1636678630839 HTTP/1.1" 200 22
222.70.176.97 - - [12/Nov/2021:08:57:17 +0800] "GET /xingrg/all/function/internal_message.html?_=1636678631852&CODE_STATE=getMsg HTTP/1.1" 200 27
222.70.176.97 - - [12/Nov/2021:08:57:17 +0800] "GET /xingrg/check_reg.html?_=1636678631855 HTTP/1.1" 200 22
114.83.218.184 - - [12/Nov/2021:08:57:18 +0800] "GET /xingrg/kc/buy/cgsh_order_operate.html?command=get_materiel&rest_code=00149&code=00101008069&supplier_code=00100005&order_time=2021-11-12 HTTP/1.1" 200 412
222.70.176.97 - - [12/Nov/2021:08:57:25 +0800] "GET /xingrg/kc/buy/cgsh_order_operate.html?command=get_materiel&rest_code=00111&code=00101013168&supplier_code=00100005&order_time=2021-11-12 HTTP/1.1" 200 432
114.83.218.184 - - [12/Nov/2021:08:57:28 +0800] "GET /xingrg/kc/buy/cgsh_order_operate.html?command=get_materiel&rest_code=00149&code=00101008286&supplier_code=00100005&order_time=2021-11-12 HTTP/1.1" 200 408
222.70.176.97 - - [12/Nov/2021:08:57:29 +0800] "POST /xingrg/kc/buy/cgsh_order_operate.html HTTP/1.1" 200 2065
120.253.135.82 - - [12/Nov/2021:08:57:29 +0800] "GET /xingrg/all/function/internal_message.html?_=1636678600461&CODE_STATE=getMsg HTTP/1.1" 200 27
114.83.218.184 - - [12/Nov/2021:08:57:41 +0800] "GET /xingrg/kc/buy/cgsh_order_operate.html?command=get_materiel&rest_code=00149&code=00101008036&supplier_code=00100005&order_time=2021-11-12 HTTP/1.1" 200 408
222.70.176.97 - - [12/Nov/2021:08:57:46 +0800] "GET /xingrg/kc/buy/cgsh_order_operate.html?command=get_materiel&rest_code=00111&code=00101008137&supplier_code=00100005&order_time=2021-11-12 HTTP/1.1" 200 408
