114.83.218.184 - - [12/Nov/2021:09:11:06 +0800] "GET /xingrg/kc/buy/cgsh_order_operate.html?command=get_materiel&rest_code=00149&code=00101007023&supplier_code=00100205&order_time=2021-11-12 HTTP/1.1" 200 409
58.39.139.200 - - [12/Nov/2021:09:11:13 +0800] "GET /xingrg/kc/buy/cgsh_order_operate.html?command=get_materiel&rest_code=00105&code=00101008271&supplier_code=00100203&order_time=2021-11-12 HTTP/1.1" 200 408
58.39.139.200 - - [12/Nov/2021:09:11:13 +0800] "GET /xingrg/all/function/internal_message.html?_=1636679470865&CODE_STATE=getMsg HTTP/1.1" 200 27
222.70.176.97 - - [12/Nov/2021:09:11:14 +0800] "GET /xingrg/kc/buy/cgsh_order_operate.html?command=get_materiel&rest_code=00111&code=00101006189&supplier_code=00100012&order_time=2021-11-12 HTTP/1.1" 200 412
114.83.218.184 - - [12/Nov/2021:09:11:16 +0800] "GET /xingrg/kc/buy/cgsh_order_operate.html?command=get_materiel&rest_code=00149&code=00101007049&supplier_code=00100205&order_time=2021-11-12 HTTP/1.1" 200 409
222.70.176.97 - - [12/Nov/2021:09:11:17 +0800] "GET /xingrg/all/function/internal_message.html?_=1636679471852&CODE_STATE=getMsg HTTP/1.1" 200 27
58.39.139.200 - - [12/Nov/2021:09:11:21 +0800] "GET /xingrg/kc/buy/cgsh_order_operate.html?command=get_materiel&rest_code=00105&code=00101008353&supplier_code=00100203&order_time=2021-11-12 HTTP/1.1" 200 428
58.39.139.200 - - [12/Nov/2021:09:11:26 +0800] "GET /xingrg/kc/buy/cgsh_order_operate.html?command=get_materiel&rest_code=00105&code=00101008213&supplier_code=00100203&order_time=2021-11-12 HTTP/1.1" 200 412
120.253.135.82 - - [12/Nov/2021:09:11:29 +0800] "GET /xingrg/all/function/internal_message.html?_=1636679440658&CODE_STATE=getMsg HTTP/1.1" 200 27
222.70.176.97 - - [12/Nov/2021:09:11:34 +0800] "GET /xingrg/kc/buy/cgsh_order_operate.html?command=get_materiel&rest_code=00111&code=00101006124&supplier_code=00100012&order_time=2021-11-12 HTTP/1.1" 200 409
114.83.218.184 - - [12/Nov/2021:09:11:36 +0800] "GET /xingrg/kc/buy/cgsh_order_operate.html?command=get_materiel&rest_code=00149&code=00101007125&supplier_code=00100205&order_time=2021-11-12 HTTP/1.1" 200 427
58.39.139.200 - - [12/Nov/2021:09:11:40 +0800] "GET /xingrg/kc/buy/cgsh_order_operate.html?command=get_materiel&rest_code=00105&code=00101008105&supplier_code=00100203&order_time=2021-11-12 HTTP/1.1" 200 412
222.70.176.97 - - [12/Nov/2021:09:11:45 +0800] "GET /xingrg/kc/buy/cgsh_order_operate.html?command=get_materiel&rest_code=00111&code=00101006038&supplier_code=00100012&order_time=2021-11-12 HTTP/1.1" 200 421
58.39.139.200 - - [12/Nov/2021:09:11:46 +0800] "GET /xingrg/kc/buy/cgsh_order_operate.html?command=get_materiel&rest_code=00105&code=00101008119&supplier_code=00100203&order_time=2021-11-12 HTTP/1.1" 200 413
116.238.248.233 - - [12/Nov/2021:09:11:48 +0800] "GET /xingrg/all/function/internal_message.html?_=1636679505785&CODE_STATE=getMsg HTTP/1.1" 200 27
116.238.248.233 - - [12/Nov/2021:09:11:48 +0800] "GET /xingrg/check_reg.html?_=1636679505787 HTTP/1.1" 200 22
58.39.139.200 - - [12/Nov/2021:09:11:52 +0800] "GET /xingrg/kc/buy/cgsh_order_operate.html?command=get_materiel&rest_code=00105&code=00101008185&supplier_code=00100203&order_time=2021-11-12 HTTP/1.1" 200 408
114.85.125.222 - - [12/Nov/2021:09:11:52 +0800] "GET /xingrg/all/function/internal_message.html?_=1636679433484&CODE_STATE=getMsg HTTP/1.1" 200 27
116.227.210.113 - - [12/Nov/2021:09:11:53 +0800] "GET /xingrg/all/function/internal_message.html?_=1636679497632&CODE_STATE=getMsg HTTP/1.1" 200 27
222.70.171.86 - - [12/Nov/2021:09:12:01 +0800] "GET /xingrg/all/function/internal_message.html?_=1636679534434&CODE_STATE=getMsg HTTP/1.1" 200 27
222.70.176.97 - - [12/Nov/2021:09:12:02 +0800] "GET /xingrg/kc/buy/cgsh_order_operate.html?command=get_materiel&rest_code=00111&code=00101018011&supplier_code=00100012&order_time=2021-11-12 HTTP/1.1" 200 413
58.39.139.200 - - [12/Nov/2021:09:12:03 +0800] "GET /xingrg/kc/buy/cgsh_order_operate.html?command=get_materiel&rest_code=00105&code=00101008405&supplier_code=00100203&order_time=2021-11-12 HTTP/1.1" 200 413
114.83.218.184 - - [12/Nov/2021:09:12:05 +0800] "GET /xingrg/all/function/internal_message.html?_=1636679520459&CODE_STATE=getMsg HTTP/1.1" 200 27
114.83.218.184 - - [12/Nov/2021:09:12:05 +0800] "GET /xingrg/check_reg.html?_=1636679520529 HTTP/1.1" 200 22
116.233.78.138 - - [12/Nov/2021:09:12:06 +0800] "GET /xingrg/all/function/internal_message.html?_=1636679523579&CODE_STATE=getMsg HTTP/1.1" 200 27
58.39.139.200 - - [12/Nov/2021:09:12:06 +0800] "POST /xingrg/kc/buy/cgsh_order_operate.html HTTP/1.1" 200 2065
114.83.218.184 - - [12/Nov/2021:09:12:07 +0800] "GET /xingrg/kc/buy/cgsh_order_operate.html?command=get_materiel&rest_code=00149&code=00101007082&supplier_code=00100205&order_time=2021-11-12 HTTP/1.1" 200 427
58.39.139.200 - - [12/Nov/2021:09:12:07 +0800] "POST /xingrg/kc/buy/cgsh_order_operate.html HTTP/1.1" 200 2065
58.39.139.200 - - [12/Nov/2021:09:12:09 +0800] "POST /xingrg/kc/buy/cgsh_order_operate.html HTTP/1.1" 200 2065
222.70.176.97 - - [12/Nov/2021:09:12:10 +0800] "POST /xingrg/kc/buy/cgsh_order_operate.html HTTP/1.1" 200 37
222.70.176.97 - - [12/Nov/2021:09:12:12 +0800] "POST /xingrg/kc/buy/cgsh_order_operate.html HTTP/1.1" 200 4438
58.39.139.200 - - [12/Nov/2021:09:12:13 +0800] "GET /xingrg/check_reg.html?_=1636679530852 HTTP/1.1" 200 22
58.39.139.200 - - [12/Nov/2021:09:12:13 +0800] "GET /xingrg/all/function/internal_message.html?_=1636679530855&CODE_STATE=getMsg HTTP/1.1" 200 27
222.70.176.97 - - [12/Nov/2021:09:12:14 +0800] "GET /xingrg/kc/print/load_data.html?order_code=212021111204834&kc_code=cgsh&condition= HTTP/1.1" 200 1451
222.70.176.97 - - [12/Nov/2021:09:12:17 +0800] "GET /xingrg/all/function/internal_message.html?_=1636679531846&CODE_STATE=getMsg HTTP/1.1" 200 27
222.70.176.97 - - [12/Nov/2021:09:12:17 +0800] "GET /xingrg/check_reg.html?_=1636679531876 HTTP/1.1" 200 22
222.70.176.97 - - [12/Nov/2021:09:12:20 +0800] "GET /xingrg/kc/buy/cgsh_order_add.html HTTP/1.1" 200 64739
58.39.139.200 - - [12/Nov/2021:09:12:20 +0800] "GET /xingrg/kc/buy/cgsh_order_operate.html?command=get_materiel&rest_code=00105&code=00101008312&supplier_code=00100203&order_time=2021-11-12 HTTP/1.1" 200 412
222.70.176.97 - - [12/Nov/2021:09:12:20 +0800] "POST /xingrg/kc/buy/cgsh_order_operate.html HTTP/1.1" 200 8245
222.70.176.97 - - [12/Nov/2021:09:12:20 +0800] "GET /xingrg/javascript/easyui/themes/default/validatebox.css HTTP/1.1" 404 1104
114.83.218.184 - - [12/Nov/2021:09:12:22 +0800] "GET /xingrg/kc/buy/cgsh_order_operate.html?command=get_materiel&rest_code=00149&code=00101007059&supplier_code=00100205&order_time=2021-11-12 HTTP/1.1" 200 409
120.253.135.82 - - [12/Nov/2021:09:12:29 +0800] "GET /xingrg/all/function/internal_message.html?_=1636679500676&CODE_STATE=getMsg HTTP/1.1" 200 27
114.83.218.184 - - [12/Nov/2021:09:12:30 +0800] "GET /xingrg/kc/buy/cgsh_order_operate.html?command=get_materiel&rest_code=00149&code=00101007085&supplier_code=00100205&order_time=2021-11-12 HTTP/1.1" 200 413
114.83.218.184 - - [12/Nov/2021:09:12:39 +0800] "POST /xingrg/kc/buy/cgsh_order_operate.html HTTP/1.1" 200 37
222.70.176.97 - - [12/Nov/2021:09:12:41 +0800] "GET /xingrg/kc/buy/cgsh_order_operate.html?command=get_materiel&rest_code=00111&code=00102011076&supplier_code=00100384&order_time=2021-11-12 HTTP/1.1" 200 408
114.83.218.184 - - [12/Nov/2021:09:12:47 +0800] "POST /xingrg/kc/buy/cgsh_order_operate.html HTTP/1.1" 200 12
116.238.248.233 - - [12/Nov/2021:09:12:48 +0800] "GET /xingrg/all/function/internal_message.html?_=1636679565783&CODE_STATE=getMsg HTTP/1.1" 200 27
114.83.218.184 - - [12/Nov/2021:09:12:50 +0800] "GET /xingrg/kc/buy/cgsh_order_info.html?code=212021111204835 HTTP/1.1" 200 59740
114.83.218.184 - - [12/Nov/2021:09:12:50 +0800] "GET /xingrg/javascript/easyui/themes/default/validatebox.css HTTP/1.1" 404 1104
180.157.253.6 - - [12/Nov/2021:09:12:50 +0800] "GET /xingrg/check_reg.html?_=1636679568742 HTTP/1.1" 302 -
114.83.218.184 - - [12/Nov/2021:09:12:51 +0800] "POST /xingrg/kc/buy/cgsh_order_operate.html HTTP/1.1" 200 5351
114.83.218.184 - - [12/Nov/2021:09:12:52 +0800] "GET /xingrg/kc/print/load_data.html?order_code=212021111204835&kc_code=cgsh&condition= HTTP/1.1" 200 2507
114.85.125.222 - - [12/Nov/2021:09:12:52 +0800] "GET /xingrg/all/function/internal_message.html?_=1636679493523&CODE_STATE=getMsg HTTP/1.1" 200 27
116.227.210.113 - - [12/Nov/2021:09:12:53 +0800] "GET /xingrg/all/function/internal_message.html?_=1636679557639&CODE_STATE=getMsg HTTP/1.1" 200 27
222.70.176.97 - - [12/Nov/2021:09:12:54 +0800] "GET /xingrg/kc/buy/cgsh_order_operate.html?command=get_materiel&rest_code=00111&code=00102002362&supplier_code=00100384&order_time=2021-11-12 HTTP/1.1" 200 432
222.70.171.86 - - [12/Nov/2021:09:13:01 +0800] "GET /xingrg/all/function/internal_message.html?_=1636679594448&CODE_STATE=getMsg HTTP/1.1" 200 27
114.83.218.184 - - [12/Nov/2021:09:13:05 +0800] "GET /xingrg/all/function/internal_message.html?_=1636679580460&CODE_STATE=getMsg HTTP/1.1" 200 27
116.233.78.138 - - [12/Nov/2021:09:13:06 +0800] "GET /xingrg/all/function/internal_message.html?_=1636679583581&CODE_STATE=getMsg HTTP/1.1" 200 27
58.39.139.200 - - [12/Nov/2021:09:13:12 +0800] "GET /xingrg/kc/buy/cgsh_order_operate.html?command=get_materiel&rest_code=00105&code=00101008036&supplier_code=00100203&order_time=2021-11-12 HTTP/1.1" 200 408
58.39.139.200 - - [12/Nov/2021:09:13:13 +0800] "GET /xingrg/all/function/internal_message.html?_=1636679590857&CODE_STATE=getMsg HTTP/1.1" 200 27
222.70.176.97 - - [12/Nov/2021:09:13:17 +0800] "GET /xingrg/all/function/internal_message.html?_=1636679591949&CODE_STATE=getMsg HTTP/1.1" 200 27
120.253.135.82 - - [12/Nov/2021:09:13:17 +0800] "GET /xingrg/check_reg.html?_=1636679548745 HTTP/1.1" 200 22
222.70.176.97 - - [12/Nov/2021:09:13:22 +0800] "GET /xingrg/kc/buy/cgsh_order_operate.html?command=get_materiel&rest_code=00111&code=00102002008&supplier_code=00100384&order_time=2021-11-12 HTTP/1.1" 200 415
120.253.135.82 - - [12/Nov/2021:09:13:29 +0800] "GET /xingrg/all/function/internal_message.html?_=1636679560685&CODE_STATE=getMsg HTTP/1.1" 200 27
58.39.139.200 - - [12/Nov/2021:09:13:31 +0800] "GET /xingrg/kc/buy/cgsh_order_operate.html?command=get_materiel&rest_code=00105&code=00101008190&supplier_code=00100203&order_time=2021-11-12 HTTP/1.1" 200 412
222.70.176.97 - - [12/Nov/2021:09:13:35 +0800] "GET /xingrg/kc/buy/cgsh_order_operate.html?command=get_materiel&rest_code=00111&code=00102010779&supplier_code=00100384&order_time=2021-11-12 HTTP/1.1" 200 412
58.39.139.200 - - [12/Nov/2021:09:13:40 +0800] "GET /xingrg/kc/buy/cgsh_order_operate.html?command=get_materiel&rest_code=00105&code=00101008176&supplier_code=00100203&order_time=2021-11-12 HTTP/1.1" 200 412
222.70.176.97 - - [12/Nov/2021:09:13:45 +0800] "GET /xingrg/kc/buy/cgsh_order_operate.html?command=get_materiel&rest_code=00111&code=00102010133&supplier_code=00100384&order_time=2021-11-12 HTTP/1.1" 200 408
116.238.248.233 - - [12/Nov/2021:09:13:48 +0800] "GET /xingrg/all/function/internal_message.html?_=1636679625801&CODE_STATE=getMsg HTTP/1.1" 200 27
58.39.139.200 - - [12/Nov/2021:09:13:51 +0800] "GET /xingrg/kc/buy/cgsh_order_operate.html?command=get_materiel&rest_code=00105&code=00101008330&supplier_code=00100203&order_time=2021-11-12 HTTP/1.1" 200 409
114.85.125.222 - - [12/Nov/2021:09:13:52 +0800] "GET /xingrg/all/function/internal_message.html?_=1636679553526&CODE_STATE=getMsg HTTP/1.1" 200 27
116.227.210.113 - - [12/Nov/2021:09:13:53 +0800] "GET /xingrg/all/function/internal_message.html?_=1636679617634&CODE_STATE=getMsg HTTP/1.1" 200 27
58.39.139.200 - - [12/Nov/2021:09:13:58 +0800] "GET /xingrg/kc/buy/cgsh_order_operate.html?command=get_materiel&rest_code=00105&code=00101008210&supplier_code=00100203&order_time=2021-11-12 HTTP/1.1" 200 408
222.70.176.97 - - [12/Nov/2021:09:13:59 +0800] "GET /xingrg/kc/buy/cgsh_order_operate.html?command=get_materiel&rest_code=00111&code=00102007022&supplier_code=00100384&order_time=2021-11-12 HTTP/1.1" 200 410
222.70.171.86 - - [12/Nov/2021:09:14:01 +0800] "GET /xingrg/all/function/internal_message.html?_=1636679654510&CODE_STATE=getMsg HTTP/1.1" 200 27
58.39.139.200 - - [12/Nov/2021:09:14:05 +0800] "GET /xingrg/kc/buy/cgsh_order_operate.html?command=get_materiel&rest_code=00105&code=00101008027&supplier_code=00100203&order_time=2021-11-12 HTTP/1.1" 200 409
114.83.218.184 - - [12/Nov/2021:09:14:05 +0800] "GET /xingrg/all/function/internal_message.html?_=1636679640455&CODE_STATE=getMsg HTTP/1.1" 200 27
116.233.78.138 - - [12/Nov/2021:09:14:06 +0800] "GET /xingrg/all/function/internal_message.html?_=1636679643583&CODE_STATE=getMsg HTTP/1.1" 200 27
58.39.139.200 - - [12/Nov/2021:09:14:13 +0800] "GET /xingrg/all/function/internal_message.html?_=1636679650857&CODE_STATE=getMsg HTTP/1.1" 200 27
58.39.139.200 - - [12/Nov/2021:09:14:15 +0800] "GET /xingrg/kc/buy/cgsh_order_operate.html?command=get_materiel&rest_code=00105&code=00101008244&supplier_code=00100203&order_time=2021-11-12 HTTP/1.1" 200 408
222.70.176.97 - - [12/Nov/2021:09:14:17 +0800] "GET /xingrg/all/function/internal_message.html?_=1636679651799&CODE_STATE=getMsg HTTP/1.1" 200 27
58.39.139.200 - - [12/Nov/2021:09:14:23 +0800] "GET /xingrg/kc/buy/cgsh_order_operate.html?command=get_materiel&rest_code=00105&code=00101008186&supplier_code=00100203&order_time=2021-11-12 HTTP/1.1" 200 408
120.253.135.82 - - [12/Nov/2021:09:14:29 +0800] "GET /xingrg/all/function/internal_message.html?_=1636679620699&CODE_STATE=getMsg HTTP/1.1" 200 27
58.39.139.200 - - [12/Nov/2021:09:14:36 +0800] "POST /xingrg/kc/buy/cgsh_order_operate.html HTTP/1.1" 200 2065
58.39.139.200 - - [12/Nov/2021:09:14:38 +0800] "POST /xingrg/kc/buy/cgsh_order_operate.html HTTP/1.1" 200 2065
172.20.0.100 - - [12/Nov/2021:09:14:47 +0800] "GET /xingrg/check_reg.html?_=1636679682021 HTTP/1.1" 200 22
58.221.95.50 - - [12/Nov/2021:09:14:47 +0800] "GET /xingrg/check_reg.html?_=1636679686650 HTTP/1.1" 302 -
116.238.248.233 - - [12/Nov/2021:09:14:48 +0800] "GET /xingrg/all/function/internal_message.html?_=1636679685799&CODE_STATE=getMsg HTTP/1.1" 200 27
222.70.176.97 - - [12/Nov/2021:09:14:50 +0800] "GET /xingrg/kc/buy/cgsh_order_operate.html?command=get_materiel&rest_code=00111&code=00102010138&supplier_code=00100384&order_time=2021-11-12 HTTP/1.1" 200 413
114.85.125.222 - - [12/Nov/2021:09:14:52 +0800] "GET /xingrg/all/function/internal_message.html?_=1636679613560&CODE_STATE=getMsg HTTP/1.1" 200 27
116.227.210.113 - - [12/Nov/2021:09:14:53 +0800] "GET /xingrg/all/function/internal_message.html?_=1636679677635&CODE_STATE=getMsg HTTP/1.1" 200 27
58.39.139.200 - - [12/Nov/2021:09:14:55 +0800] "GET /xingrg/kc/buy/cgsh_order_operate.html?command=get_materiel&rest_code=00105&code=00101008224&supplier_code=00100203&order_time=2021-11-12 HTTP/1.1" 200 416
222.70.171.86 - - [12/Nov/2021:09:15:01 +0800] "GET /xingrg/all/function/internal_message.html?_=1636679714521&CODE_STATE=getMsg HTTP/1.1" 200 27
114.83.218.184 - - [12/Nov/2021:09:15:05 +0800] "GET /xingrg/all/function/internal_message.html?_=1636679700456&CODE_STATE=getMsg HTTP/1.1" 200 27
116.233.78.138 - - [12/Nov/2021:09:15:06 +0800] "GET /xingrg/all/function/internal_message.html?_=1636679703585&CODE_STATE=getMsg HTTP/1.1" 200 27
116.233.78.138 - - [12/Nov/2021:09:15:06 +0800] "GET /xingrg/check_reg.html?_=1636679703586 HTTP/1.1" 200 22
58.39.139.200 - - [12/Nov/2021:09:15:13 +0800] "GET /xingrg/all/function/internal_message.html?_=1636679710982&CODE_STATE=getMsg HTTP/1.1" 200 27
222.70.176.97 - - [12/Nov/2021:09:15:17 +0800] "GET /xingrg/all/function/internal_message.html?_=1636679711850&CODE_STATE=getMsg HTTP/1.1" 200 27
222.70.176.97 - - [12/Nov/2021:09:15:21 +0800] "GET /xingrg/kc/buy/cgsh_order_operate.html?command=get_materiel&rest_code=00111&code=00102009491&supplier_code=00100384&order_time=2021-11-12 HTTP/1.1" 200 414
58.39.139.200 - - [12/Nov/2021:09:15:22 +0800] "GET /xingrg/kc/buy/cgsh_order_operate.html?command=get_materiel&rest_code=00105&code=00101010184&supplier_code=00100203&order_time=2021-11-12 HTTP/1.1" 200 413
120.253.135.82 - - [12/Nov/2021:09:15:29 +0800] "GET /xingrg/all/function/internal_message.html?_=1636679680717&CODE_STATE=getMsg HTTP/1.1" 200 27
114.85.125.222 - - [12/Nov/2021:09:15:32 +0800] "GET /xingrg/check_reg.html?_=1636679652937 HTTP/1.1" 200 22
58.39.139.200 - - [12/Nov/2021:09:15:41 +0800] "GET /xingrg/kc/buy/cgsh_order_operate.html?command=get_materiel&rest_code=00105&code=00101010194&supplier_code=00100203&order_time=2021-11-12 HTTP/1.1" 200 416
116.238.248.233 - - [12/Nov/2021:09:15:48 +0800] "GET /xingrg/all/function/internal_message.html?_=1636679745805&CODE_STATE=getMsg HTTP/1.1" 200 27
114.85.125.222 - - [12/Nov/2021:09:15:52 +0800] "GET /xingrg/all/function/internal_message.html?_=1636679673569&CODE_STATE=getMsg HTTP/1.1" 200 27
116.227.210.113 - - [12/Nov/2021:09:15:53 +0800] "GET /xingrg/all/function/internal_message.html?_=1636679737640&CODE_STATE=getMsg HTTP/1.1" 200 27
116.227.210.113 - - [12/Nov/2021:09:15:53 +0800] "GET /xingrg/check_reg.html?_=1636679737649 HTTP/1.1" 200 22
222.70.176.97 - - [12/Nov/2021:09:15:55 +0800] "GET /xingrg/kc/buy/cgsh_order_operate.html?command=get_materiel&rest_code=00111&code=00102010939&supplier_code=00100384&order_time=2021-11-12 HTTP/1.1" 200 416
222.70.171.86 - - [12/Nov/2021:09:15:59 +0800] "GET /xingrg/check_reg.html?_=1636679772618 HTTP/1.1" 200 22
222.70.171.86 - - [12/Nov/2021:09:16:01 +0800] "GET /xingrg/all/function/internal_message.html?_=1636679774536&CODE_STATE=getMsg HTTP/1.1" 200 27
58.39.139.200 - - [12/Nov/2021:09:16:04 +0800] "GET /xingrg/kc/buy/cgsh_order_operate.html?command=get_materiel&rest_code=00105&code=00101008488&supplier_code=00100203&order_time=2021-11-12 HTTP/1.1" 200 406
114.83.218.184 - - [12/Nov/2021:09:16:05 +0800] "GET /xingrg/all/function/internal_message.html?_=1636679760466&CODE_STATE=getMsg HTTP/1.1" 200 27
116.233.78.138 - - [12/Nov/2021:09:16:06 +0800] "GET /xingrg/all/function/internal_message.html?_=1636679763587&CODE_STATE=getMsg HTTP/1.1" 200 27
58.39.139.200 - - [12/Nov/2021:09:16:12 +0800] "GET /xingrg/kc/buy/cgsh_order_operate.html?command=get_materiel&rest_code=00105&code=00101008403&supplier_code=00100203&order_time=2021-11-12 HTTP/1.1" 200 412
58.39.139.200 - - [12/Nov/2021:09:16:13 +0800] "GET /xingrg/all/function/internal_message.html?_=1636679770865&CODE_STATE=getMsg HTTP/1.1" 200 27
222.70.176.97 - - [12/Nov/2021:09:16:17 +0800] "GET /xingrg/all/function/internal_message.html?_=1636679771755&CODE_STATE=getMsg HTTP/1.1" 200 27
58.39.139.200 - - [12/Nov/2021:09:16:22 +0800] "GET /xingrg/kc/buy/cgsh_order_operate.html?command=get_materiel&rest_code=00105&code=00101008003&supplier_code=00100203&order_time=2021-11-12 HTTP/1.1" 200 408
120.253.135.82 - - [12/Nov/2021:09:16:29 +0800] "GET /xingrg/all/function/internal_message.html?_=1636679740726&CODE_STATE=getMsg HTTP/1.1" 200 27
58.39.139.200 - - [12/Nov/2021:09:16:31 +0800] "GET /xingrg/kc/buy/cgsh_order_operate.html?command=get_materiel&rest_code=00105&code=00101008067&supplier_code=00100203&order_time=2021-11-12 HTTP/1.1" 200 416
58.39.139.200 - - [12/Nov/2021:09:16:37 +0800] "GET /xingrg/kc/buy/cgsh_order_operate.html?command=get_materiel&rest_code=00105&code=00101008356&supplier_code=00100203&order_time=2021-11-12 HTTP/1.1" 200 409
222.70.176.97 - - [12/Nov/2021:09:16:40 +0800] "POST /xingrg/kc/buy/cgsh_order_operate.html HTTP/1.1" 200 37
222.70.176.97 - - [12/Nov/2021:09:16:42 +0800] "POST /xingrg/kc/buy/cgsh_order_operate.html HTTP/1.1" 200 7416
222.70.176.97 - - [12/Nov/2021:09:16:43 +0800] "GET /xingrg/kc/print/load_data.html?order_code=212021111204836&kc_code=cgsh&condition= HTTP/1.1" 200 2495
58.39.139.200 - - [12/Nov/2021:09:16:45 +0800] "GET /xingrg/kc/buy/cgsh_order_operate.html?command=get_materiel&rest_code=00105&code=00101008301&supplier_code=00100203&order_time=2021-11-12 HTTP/1.1" 200 422
116.238.248.233 - - [12/Nov/2021:09:16:48 +0800] "GET /xingrg/all/function/internal_message.html?_=1636679805804&CODE_STATE=getMsg HTTP/1.1" 200 27
116.238.248.233 - - [12/Nov/2021:09:16:48 +0800] "GET /xingrg/check_reg.html?_=1636679805808 HTTP/1.1" 200 22
222.70.176.97 - - [12/Nov/2021:09:16:49 +0800] "GET /xingrg/kc/buy/cgsh_order_add.html HTTP/1.1" 200 64739
222.70.176.97 - - [12/Nov/2021:09:16:49 +0800] "POST /xingrg/kc/buy/cgsh_order_operate.html HTTP/1.1" 200 8245
222.70.176.97 - - [12/Nov/2021:09:16:49 +0800] "GET /xingrg/javascript/easyui/themes/default/validatebox.css HTTP/1.1" 404 1104
114.85.125.222 - - [12/Nov/2021:09:16:52 +0800] "GET /xingrg/all/function/internal_message.html?_=1636679733583&CODE_STATE=getMsg HTTP/1.1" 200 27
58.39.139.200 - - [12/Nov/2021:09:16:52 +0800] "GET /xingrg/kc/buy/cgsh_order_operate.html?command=get_materiel&rest_code=00105&code=00101008137&supplier_code=00100203&order_time=2021-11-12 HTTP/1.1" 200 408
116.227.210.113 - - [12/Nov/2021:09:16:53 +0800] "GET /xingrg/all/function/internal_message.html?_=1636679797648&CODE_STATE=getMsg HTTP/1.1" 200 27
114.83.218.184 - - [12/Nov/2021:09:16:59 +0800] "GET /xingrg/kc/buy/cgsh_order_add.html HTTP/1.1" 200 64833
58.39.139.200 - - [12/Nov/2021:09:17:00 +0800] "GET /xingrg/kc/buy/cgsh_order_operate.html?command=get_materiel&rest_code=00105&code=00101008357&supplier_code=00100203&order_time=2021-11-12 HTTP/1.1" 200 408
114.83.218.184 - - [12/Nov/2021:09:17:00 +0800] "POST /xingrg/kc/buy/cgsh_order_operate.html HTTP/1.1" 200 8245
114.83.218.184 - - [12/Nov/2021:09:17:00 +0800] "GET /xingrg/javascript/easyui/themes/default/validatebox.css HTTP/1.1" 404 1104
222.70.171.86 - - [12/Nov/2021:09:17:01 +0800] "GET /xingrg/all/function/internal_message.html?_=1636679834549&CODE_STATE=getMsg HTTP/1.1" 200 27
114.83.218.184 - - [12/Nov/2021:09:17:05 +0800] "GET /xingrg/all/function/internal_message.html?_=1636679820471&CODE_STATE=getMsg HTTP/1.1" 200 27
114.83.218.184 - - [12/Nov/2021:09:17:05 +0800] "GET /xingrg/check_reg.html?_=1636679820520 HTTP/1.1" 200 22
116.233.78.138 - - [12/Nov/2021:09:17:06 +0800] "GET /xingrg/all/function/internal_message.html?_=1636679823589&CODE_STATE=getMsg HTTP/1.1" 200 27
114.83.218.184 - - [12/Nov/2021:09:17:10 +0800] "GET /xingrg/kc/buy/cgsh_order_operate.html?command=get_materiel&rest_code=00149&code=00101011003&supplier_code=00100051&order_time=2021-11-12 HTTP/1.1" 200 413
58.39.139.200 - - [12/Nov/2021:09:17:12 +0800] "GET /xingrg/kc/buy/cgsh_order_operate.html?command=get_materiel&rest_code=00105&code=00101008286&supplier_code=00100203&order_time=2021-11-12 HTTP/1.1" 200 408
58.39.139.200 - - [12/Nov/2021:09:17:13 +0800] "GET /xingrg/check_reg.html?_=1636679830863 HTTP/1.1" 200 22
58.39.139.200 - - [12/Nov/2021:09:17:13 +0800] "GET /xingrg/all/function/internal_message.html?_=1636679830866&CODE_STATE=getMsg HTTP/1.1" 200 27
222.70.176.97 - - [12/Nov/2021:09:17:17 +0800] "GET /xingrg/all/function/internal_message.html?_=1636679831738&CODE_STATE=getMsg HTTP/1.1" 200 27
222.70.176.97 - - [12/Nov/2021:09:17:17 +0800] "GET /xingrg/check_reg.html?_=1636679831884 HTTP/1.1" 200 22
114.83.218.184 - - [12/Nov/2021:09:17:18 +0800] "GET /xingrg/kc/buy/cgsh_order_operate.html?command=get_materiel&rest_code=00149&code=00101011001&supplier_code=00100051&order_time=2021-11-12 HTTP/1.1" 200 423
58.39.139.200 - - [12/Nov/2021:09:17:19 +0800] "GET /xingrg/kc/buy/cgsh_order_operate.html?command=get_materiel&rest_code=00105&code=00101008108&supplier_code=00100203&order_time=2021-11-12 HTTP/1.1" 200 412
116.227.210.113 - - [12/Nov/2021:09:17:21 +0800] "GET /xingrg/kc/buy/cgsh_order_add.html HTTP/1.1" 200 64707
116.227.210.113 - - [12/Nov/2021:09:17:21 +0800] "POST /xingrg/kc/buy/cgsh_order_operate.html HTTP/1.1" 200 8245
116.227.210.113 - - [12/Nov/2021:09:17:21 +0800] "GET /xingrg/javascript/easyui/themes/default/validatebox.css HTTP/1.1" 404 1104
58.39.139.200 - - [12/Nov/2021:09:17:22 +0800] "POST /xingrg/kc/buy/cgsh_order_operate.html HTTP/1.1" 200 2065
222.70.176.97 - - [12/Nov/2021:09:17:22 +0800] "GET /xingrg/kc/buy/cgsh_order_operate.html?command=get_materiel&rest_code=00111&code=00102016496&supplier_code=00100384&order_time=2021-11-12 HTTP/1.1" 200 426
58.39.139.200 - - [12/Nov/2021:09:17:23 +0800] "POST /xingrg/kc/buy/cgsh_order_operate.html HTTP/1.1" 200 2065
120.253.135.82 - - [12/Nov/2021:09:17:29 +0800] "GET /xingrg/all/function/internal_message.html?_=1636679800745&CODE_STATE=getMsg HTTP/1.1" 200 27
114.83.218.184 - - [12/Nov/2021:09:17:34 +0800] "POST /xingrg/kc/buy/cgsh_order_operate.html HTTP/1.1" 200 37
222.70.176.97 - - [12/Nov/2021:09:17:36 +0800] "GET /xingrg/kc/buy/cgsh_order_operate.html?command=get_materiel&rest_code=00111&code=00102010104&supplier_code=00100384&order_time=2021-11-12 HTTP/1.1" 200 410
116.227.210.113 - - [12/Nov/2021:09:17:36 +0800] "GET /xingrg/kc/buy/cgsh_order_operate.html?command=get_materiel&rest_code=00155&code=00101006130&supplier_code=00100012&order_time=2021-11-12 HTTP/1.1" 200 447
114.83.218.184 - - [12/Nov/2021:09:17:40 +0800] "POST /xingrg/kc/buy/cgsh_order_operate.html HTTP/1.1" 200 12
114.83.218.184 - - [12/Nov/2021:09:17:43 +0800] "GET /xingrg/kc/buy/cgsh_order_info.html?code=212021111204837 HTTP/1.1" 200 59742
114.83.218.184 - - [12/Nov/2021:09:17:43 +0800] "GET /xingrg/javascript/easyui/themes/default/validatebox.css HTTP/1.1" 404 1104
114.83.218.184 - - [12/Nov/2021:09:17:44 +0800] "POST /xingrg/kc/buy/cgsh_order_operate.html HTTP/1.1" 200 1207
116.227.210.113 - - [12/Nov/2021:09:17:44 +0800] "GET /xingrg/kc/buy/cgsh_order_operate.html?command=get_materiel&rest_code=00155&code=00101006129&supplier_code=00100012&order_time=2021-11-12 HTTP/1.1" 200 431
114.83.218.184 - - [12/Nov/2021:09:17:46 +0800] "GET /xingrg/kc/print/load_data.html?order_code=212021111204837&kc_code=cgsh&condition= HTTP/1.1" 200 951
222.70.176.97 - - [12/Nov/2021:09:17:48 +0800] "GET /xingrg/kc/buy/cgsh_order_operate.html?command=get_materiel&rest_code=00111&code=00102009513&supplier_code=00100384&order_time=2021-11-12 HTTP/1.1" 200 409
116.238.248.233 - - [12/Nov/2021:09:17:48 +0800] "GET /xingrg/all/function/internal_message.html?_=1636679865817&CODE_STATE=getMsg HTTP/1.1" 200 27
180.157.253.6 - - [12/Nov/2021:09:17:50 +0800] "GET /xingrg/check_reg.html?_=1636679868722 HTTP/1.1" 302 -
114.85.125.222 - - [12/Nov/2021:09:17:52 +0800] "GET /xingrg/all/function/internal_message.html?_=1636679793621&CODE_STATE=getMsg HTTP/1.1" 200 27
116.227.210.113 - - [12/Nov/2021:09:17:53 +0800] "GET /xingrg/all/function/internal_message.html?_=1636679857634&CODE_STATE=getMsg HTTP/1.1" 200 27
116.227.210.113 - - [12/Nov/2021:09:17:57 +0800] "GET /xingrg/kc/buy/cgsh_order_operate.html?command=get_materiel&rest_code=00155&code=00101006062&supplier_code=00100012&order_time=2021-11-12 HTTP/1.1" 200 409
58.39.139.200 - - [12/Nov/2021:09:18:00 +0800] "GET /xingrg/kc/buy/cgsh_order_operate.html?command=get_materiel&rest_code=00105&code=00101008350&supplier_code=00100203&order_time=2021-11-12 HTTP/1.1" 200 408
222.70.171.86 - - [12/Nov/2021:09:18:01 +0800] "GET /xingrg/all/function/internal_message.html?_=1636679894563&CODE_STATE=getMsg HTTP/1.1" 200 27
222.70.176.97 - - [12/Nov/2021:09:18:04 +0800] "GET /xingrg/kc/buy/cgsh_order_operate.html?command=get_materiel&rest_code=00111&code=00102003082&supplier_code=00100384&order_time=2021-11-12 HTTP/1.1" 200 412
114.83.218.184 - - [12/Nov/2021:09:18:05 +0800] "GET /xingrg/all/function/internal_message.html?_=1636679880469&CODE_STATE=getMsg HTTP/1.1" 200 27
116.233.78.138 - - [12/Nov/2021:09:18:06 +0800] "GET /xingrg/all/function/internal_message.html?_=1636679883591&CODE_STATE=getMsg HTTP/1.1" 200 27
116.227.210.113 - - [12/Nov/2021:09:18:10 +0800] "GET /xingrg/kc/buy/cgsh_order_operate.html?command=get_materiel&rest_code=00155&code=00101006074&supplier_code=00100012&order_time=2021-11-12 HTTP/1.1" 200 420
58.39.139.200 - - [12/Nov/2021:09:18:13 +0800] "GET /xingrg/all/function/internal_message.html?_=1636679890992&CODE_STATE=getMsg HTTP/1.1" 200 27
222.70.176.97 - - [12/Nov/2021:09:18:14 +0800] "GET /xingrg/kc/buy/cgsh_order_operate.html?command=get_materiel&rest_code=00111&code=00102016599&supplier_code=00100384&order_time=2021-11-12 HTTP/1.1" 200 406
222.70.176.97 - - [12/Nov/2021:09:18:17 +0800] "GET /xingrg/all/function/internal_message.html?_=1636679891708&CODE_STATE=getMsg HTTP/1.1" 200 27
120.253.135.82 - - [12/Nov/2021:09:18:17 +0800] "GET /xingrg/check_reg.html?_=1636679848742 HTTP/1.1" 200 22
116.227.210.113 - - [12/Nov/2021:09:18:19 +0800] "POST /xingrg/kc/buy/cgsh_order_operate.html HTTP/1.1" 200 37
116.227.210.113 - - [12/Nov/2021:09:18:20 +0800] "POST /xingrg/kc/buy/cgsh_order_operate.html HTTP/1.1" 200 4476
116.227.210.113 - - [12/Nov/2021:09:18:20 +0800] "GET /xingrg/kc/print/load_data.html?order_code=212021111204838&kc_code=cgsh&condition= HTTP/1.1" 200 1492
120.253.135.82 - - [12/Nov/2021:09:18:29 +0800] "GET /xingrg/all/function/internal_message.html?_=1636679860753&CODE_STATE=getMsg HTTP/1.1" 200 27
58.39.139.200 - - [12/Nov/2021:09:18:45 +0800] "GET /xingrg/kc/buy/cgsh_order_operate.html?command=get_materiel&rest_code=00105&code=00101008307&supplier_code=00100203&order_time=2021-11-12 HTTP/1.1" 200 420
116.238.248.233 - - [12/Nov/2021:09:18:48 +0800] "GET /xingrg/all/function/internal_message.html?_=1636679925820&CODE_STATE=getMsg HTTP/1.1" 200 27
114.85.125.222 - - [12/Nov/2021:09:18:52 +0800] "GET /xingrg/all/function/internal_message.html?_=1636679853626&CODE_STATE=getMsg HTTP/1.1" 200 27
116.227.210.113 - - [12/Nov/2021:09:18:53 +0800] "GET /xingrg/all/function/internal_message.html?_=1636679917637&CODE_STATE=getMsg HTTP/1.1" 200 27
58.39.139.200 - - [12/Nov/2021:09:18:59 +0800] "GET /xingrg/kc/buy/cgsh_order_operate.html?command=get_materiel&rest_code=00105&code=00101008041&supplier_code=00100203&order_time=2021-11-12 HTTP/1.1" 200 408
222.70.171.86 - - [12/Nov/2021:09:19:01 +0800] "GET /xingrg/all/function/internal_message.html?_=1636679954622&CODE_STATE=getMsg HTTP/1.1" 200 27
114.83.218.184 - - [12/Nov/2021:09:19:05 +0800] "GET /xingrg/all/function/internal_message.html?_=1636679940476&CODE_STATE=getMsg HTTP/1.1" 200 27
116.233.78.138 - - [12/Nov/2021:09:19:06 +0800] "GET /xingrg/all/function/internal_message.html?_=1636679943593&CODE_STATE=getMsg HTTP/1.1" 200 27
58.39.139.200 - - [12/Nov/2021:09:19:09 +0800] "GET /xingrg/kc/buy/cgsh_order_operate.html?command=get_materiel&rest_code=00105&code=00101015062&supplier_code=00100203&order_time=2021-11-12 HTTP/1.1" 200 412
58.39.139.200 - - [12/Nov/2021:09:19:13 +0800] "GET /xingrg/all/function/internal_message.html?_=1636679950866&CODE_STATE=getMsg HTTP/1.1" 200 27
58.39.139.200 - - [12/Nov/2021:09:19:15 +0800] "GET /xingrg/kc/buy/cgsh_order_operate.html?command=get_materiel&rest_code=00105&code=00101015061&supplier_code=00100203&order_time=2021-11-12 HTTP/1.1" 200 412
222.70.176.97 - - [12/Nov/2021:09:19:17 +0800] "GET /xingrg/all/function/internal_message.html?_=1636679951691&CODE_STATE=getMsg HTTP/1.1" 200 27
58.39.139.200 - - [12/Nov/2021:09:19:18 +0800] "POST /xingrg/kc/buy/cgsh_order_operate.html HTTP/1.1" 200 2065
58.39.139.200 - - [12/Nov/2021:09:19:19 +0800] "POST /xingrg/kc/buy/cgsh_order_operate.html HTTP/1.1" 200 2065
58.39.139.200 - - [12/Nov/2021:09:19:27 +0800] "GET /xingrg/kc/buy/cgsh_order_operate.html?command=get_materiel&rest_code=00105&code=00101015032&supplier_code=00100203&order_time=2021-11-12 HTTP/1.1" 200 418
120.253.135.82 - - [12/Nov/2021:09:19:29 +0800] "GET /xingrg/all/function/internal_message.html?_=1636679920767&CODE_STATE=getMsg HTTP/1.1" 200 27
58.39.139.200 - - [12/Nov/2021:09:19:34 +0800] "GET /xingrg/kc/buy/cgsh_order_operate.html?command=get_materiel&rest_code=00105&code=00101015059&supplier_code=00100203&order_time=2021-11-12 HTTP/1.1" 200 412
58.39.139.200 - - [12/Nov/2021:09:19:43 +0800] "GET /xingrg/kc/buy/cgsh_order_operate.html?command=get_materiel&rest_code=00105&code=00102012060&supplier_code=00100203&order_time=2021-11-12 HTTP/1.1" 200 411
172.20.0.100 - - [12/Nov/2021:09:19:47 +0800] "GET /xingrg/check_reg.html?_=1636679981995 HTTP/1.1" 200 22
58.221.95.50 - - [12/Nov/2021:09:19:47 +0800] "GET /xingrg/check_reg.html?_=1636679986648 HTTP/1.1" 302 -
116.238.248.233 - - [12/Nov/2021:09:19:48 +0800] "GET /xingrg/all/function/internal_message.html?_=1636679985822&CODE_STATE=getMsg HTTP/1.1" 200 27
58.39.139.200 - - [12/Nov/2021:09:19:50 +0800] "GET /xingrg/kc/buy/cgsh_order_operate.html?command=get_materiel&rest_code=00105&code=00101009056&supplier_code=00100203&order_time=2021-11-12 HTTP/1.1" 200 412
114.85.125.222 - - [12/Nov/2021:09:19:52 +0800] "GET /xingrg/all/function/internal_message.html?_=1636679913664&CODE_STATE=getMsg HTTP/1.1" 200 27
116.227.210.113 - - [12/Nov/2021:09:19:53 +0800] "GET /xingrg/all/function/internal_message.html?_=1636679977629&CODE_STATE=getMsg HTTP/1.1" 200 27
222.70.171.86 - - [12/Nov/2021:09:20:01 +0800] "GET /xingrg/all/function/internal_message.html?_=1636680014637&CODE_STATE=getMsg HTTP/1.1" 200 27
114.83.218.184 - - [12/Nov/2021:09:20:05 +0800] "GET /xingrg/all/function/internal_message.html?_=1636680000480&CODE_STATE=getMsg HTTP/1.1" 200 27
116.233.78.138 - - [12/Nov/2021:09:20:06 +0800] "GET /xingrg/all/function/internal_message.html?_=1636680003595&CODE_STATE=getMsg HTTP/1.1" 200 27
116.233.78.138 - - [12/Nov/2021:09:20:06 +0800] "GET /xingrg/check_reg.html?_=1636680003596 HTTP/1.1" 200 22
58.39.139.200 - - [12/Nov/2021:09:20:12 +0800] "GET /xingrg/kc/buy/cgsh_order_operate.html?command=get_materiel&rest_code=00105&code=00101008112&supplier_code=00100203&order_time=2021-11-12 HTTP/1.1" 200 412
58.39.139.200 - - [12/Nov/2021:09:20:13 +0800] "GET /xingrg/all/function/internal_message.html?_=1636680010859&CODE_STATE=getMsg HTTP/1.1" 200 27
222.70.176.97 - - [12/Nov/2021:09:20:17 +0800] "GET /xingrg/all/function/internal_message.html?_=1636680011666&CODE_STATE=getMsg HTTP/1.1" 200 27
58.39.139.200 - - [12/Nov/2021:09:20:27 +0800] "GET /xingrg/kc/buy/cgsh_order_operate.html?command=get_materiel&rest_code=00105&code=00101008098&supplier_code=00100203&order_time=2021-11-12 HTTP/1.1" 200 412
120.253.135.82 - - [12/Nov/2021:09:20:29 +0800] "GET /xingrg/all/function/internal_message.html?_=1636679980785&CODE_STATE=getMsg HTTP/1.1" 200 27
114.85.125.222 - - [12/Nov/2021:09:20:32 +0800] "GET /xingrg/check_reg.html?_=1636679952943 HTTP/1.1" 200 22
58.39.139.200 - - [12/Nov/2021:09:20:35 +0800] "GET /xingrg/kc/buy/cgsh_order_operate.html?command=get_materiel&rest_code=00105&code=00101015066&supplier_code=00100203&order_time=2021-11-12 HTTP/1.1" 200 413
58.39.139.200 - - [12/Nov/2021:09:20:41 +0800] "GET /xingrg/kc/buy/cgsh_order_operate.html?command=get_materiel&rest_code=00105&code=00101015006&supplier_code=00100203&order_time=2021-11-12 HTTP/1.1" 200 413
58.39.139.200 - - [12/Nov/2021:09:20:48 +0800] "GET /xingrg/kc/buy/cgsh_order_operate.html?command=get_materiel&rest_code=00105&code=00101020152&supplier_code=00100203&order_time=2021-11-12 HTTP/1.1" 200 416
116.238.248.233 - - [12/Nov/2021:09:20:48 +0800] "GET /xingrg/all/function/internal_message.html?_=1636680045826&CODE_STATE=getMsg HTTP/1.1" 200 27
58.39.139.200 - - [12/Nov/2021:09:20:51 +0800] "POST /xingrg/kc/buy/cgsh_order_operate.html HTTP/1.1" 200 2065
58.39.139.200 - - [12/Nov/2021:09:20:52 +0800] "POST /xingrg/kc/buy/cgsh_order_operate.html HTTP/1.1" 200 2065
114.85.125.222 - - [12/Nov/2021:09:20:52 +0800] "GET /xingrg/all/function/internal_message.html?_=1636679973669&CODE_STATE=getMsg HTTP/1.1" 200 27
116.227.210.113 - - [12/Nov/2021:09:20:53 +0800] "GET /xingrg/all/function/internal_message.html?_=1636680037636&CODE_STATE=getMsg HTTP/1.1" 200 27
116.227.210.113 - - [12/Nov/2021:09:20:53 +0800] "GET /xingrg/check_reg.html?_=1636680037641 HTTP/1.1" 200 22
222.70.171.86 - - [12/Nov/2021:09:20:59 +0800] "GET /xingrg/check_reg.html?_=1636680072654 HTTP/1.1" 200 22
58.39.139.200 - - [12/Nov/2021:09:21:00 +0800] "GET /xingrg/kc/buy/cgsh_order_operate.html?command=get_materiel&rest_code=00105&code=00101008236&supplier_code=00100203&order_time=2021-11-12 HTTP/1.1" 200 416
222.70.171.86 - - [12/Nov/2021:09:21:01 +0800] "GET /xingrg/all/function/internal_message.html?_=1636680074649&CODE_STATE=getMsg HTTP/1.1" 200 27
114.83.218.184 - - [12/Nov/2021:09:21:05 +0800] "GET /xingrg/all/function/internal_message.html?_=1636680060480&CODE_STATE=getMsg HTTP/1.1" 200 27
116.233.78.138 - - [12/Nov/2021:09:21:06 +0800] "GET /xingrg/all/function/internal_message.html?_=1636680063597&CODE_STATE=getMsg HTTP/1.1" 200 27
58.39.139.200 - - [12/Nov/2021:09:21:08 +0800] "GET /xingrg/kc/buy/cgsh_order_operate.html?command=get_materiel&rest_code=00105&code=00101008168&supplier_code=00100203&order_time=2021-11-12 HTTP/1.1" 200 412
58.39.139.200 - - [12/Nov/2021:09:21:13 +0800] "GET /xingrg/all/function/internal_message.html?_=1636680071004&CODE_STATE=getMsg HTTP/1.1" 200 27
222.70.176.97 - - [12/Nov/2021:09:21:17 +0800] "GET /xingrg/all/function/internal_message.html?_=1636680071649&CODE_STATE=getMsg HTTP/1.1" 200 27
58.39.139.200 - - [12/Nov/2021:09:21:17 +0800] "GET /xingrg/kc/buy/cgsh_order_operate.html?command=get_materiel&rest_code=00105&code=00101008278&supplier_code=00100203&order_time=2021-11-12 HTTP/1.1" 200 412
120.253.135.82 - - [12/Nov/2021:09:21:29 +0800] "GET /xingrg/all/function/internal_message.html?_=1636680040794&CODE_STATE=getMsg HTTP/1.1" 200 27
116.227.210.113 - - [12/Nov/2021:09:21:30 +0800] "GET /xingrg/kc/mdqp/qqps_order_list.html HTTP/1.1" 200 9222
116.227.210.113 - - [12/Nov/2021:09:21:30 +0800] "GET /xingrg/dwr/interface/AjaxQqpsService.js HTTP/1.1" 200 16326
116.227.210.113 - - [12/Nov/2021:09:21:31 +0800] "GET /xingrg/dwr/interface/AjaxReportQueryService.js HTTP/1.1" 200 13203
116.227.210.113 - - [12/Nov/2021:09:21:31 +0800] "GET /xingrg/dwr/engine.js HTTP/1.1" 200 43631
116.227.210.113 - - [12/Nov/2021:09:21:33 +0800] "POST /xingrg/dwr/call/plaincall/AjaxReportQueryService.getFixDate.dwr HTTP/1.1" 200 111
116.227.210.113 - - [12/Nov/2021:09:21:34 +0800] "GET /xingrg/kc/mdqp/qqps_order_list.html?isQuery=1&timeSelect=1&orderTime=month&startTime=2021-11-01&endTime=2021-11-30&state=all&query=%C8%B7++%B6%A8 HTTP/1.1" 200 12673
116.227.210.113 - - [12/Nov/2021:09:21:34 +0800] "GET /xingrg/dwr/interface/AjaxQqpsService.js HTTP/1.1" 200 16326
116.227.210.113 - - [12/Nov/2021:09:21:34 +0800] "GET /xingrg/dwr/interface/AjaxReportQueryService.js HTTP/1.1" 200 13203
116.227.210.113 - - [12/Nov/2021:09:21:34 +0800] "GET /xingrg/dwr/engine.js HTTP/1.1" 200 43631
116.227.210.113 - - [12/Nov/2021:09:21:39 +0800] "POST /xingrg/dwr/call/plaincall/AjaxReportQueryService.getFixDate.dwr HTTP/1.1" 200 111
116.227.210.113 - - [12/Nov/2021:09:21:40 +0800] "GET /xingrg/kc/mdqp/qqps_order_list.html?isQuery=1&timeSelect=1&orderTime=previousMonth&startTime=2021-10-01&endTime=2021-10-31&state=all&query=%C8%B7++%B6%A8 HTTP/1.1" 200 15913
116.227.210.113 - - [12/Nov/2021:09:21:40 +0800] "GET /xingrg/dwr/interface/AjaxReportQueryService.js HTTP/1.1" 200 13203
116.227.210.113 - - [12/Nov/2021:09:21:40 +0800] "GET /xingrg/dwr/interface/AjaxQqpsService.js HTTP/1.1" 200 16326
116.227.210.113 - - [12/Nov/2021:09:21:40 +0800] "GET /xingrg/dwr/engine.js HTTP/1.1" 200 43631
116.227.210.113 - - [12/Nov/2021:09:21:44 +0800] "GET /xingrg/kc/mdqp/qqps_order_list.html?isQuery=1&timeSelect=1&orderTime=previousMonth&startTime=2021-10-01&endTime=2021-10-31&state=all&query=?%20%20??&page_num=2 HTTP/1.1" 200 12187
116.227.210.113 - - [12/Nov/2021:09:21:44 +0800] "GET /xingrg/dwr/interface/AjaxReportQueryService.js HTTP/1.1" 200 13203
116.227.210.113 - - [12/Nov/2021:09:21:44 +0800] "GET /xingrg/dwr/interface/AjaxQqpsService.js HTTP/1.1" 200 16326
116.227.210.113 - - [12/Nov/2021:09:21:44 +0800] "GET /xingrg/dwr/engine.js HTTP/1.1" 200 43631
116.233.78.138 - - [12/Nov/2021:09:21:44 +0800] "POST /xingrg/kc/buy/cgsh_list_operate.html HTTP/1.1" 200 1682
116.233.78.138 - - [12/Nov/2021:09:21:46 +0800] "GET /xingrg/kc/buy/cgsh_order_add.html HTTP/1.1" 200 64821
116.233.78.138 - - [12/Nov/2021:09:21:46 +0800] "POST /xingrg/kc/buy/cgsh_order_operate.html HTTP/1.1" 200 8245
116.233.78.138 - - [12/Nov/2021:09:21:46 +0800] "GET /xingrg/all/common/auto_word.html?type=employee&rest_code=00109 HTTP/1.1" 200 255
116.233.78.138 - - [12/Nov/2021:09:21:46 +0800] "GET /xingrg/javascript/easyui/themes/default/validatebox.css HTTP/1.1" 404 1104
116.233.78.138 - - [12/Nov/2021:09:21:46 +0800] "GET /xingrg/all/common/auto_word.html?type=employee&rest_code=00109 HTTP/1.1" 200 255
116.238.248.233 - - [12/Nov/2021:09:21:48 +0800] "GET /xingrg/all/function/internal_message.html?_=1636680105829&CODE_STATE=getMsg HTTP/1.1" 200 27
116.238.248.233 - - [12/Nov/2021:09:21:49 +0800] "GET /xingrg/check_reg.html?_=1636680105833 HTTP/1.1" 200 22
58.39.139.200 - - [12/Nov/2021:09:21:51 +0800] "GET /xingrg/kc/buy/cgsh_order_operate.html?command=get_materiel&rest_code=00105&code=00101008358&supplier_code=00100203&order_time=2021-11-12 HTTP/1.1" 200 412
114.85.125.222 - - [12/Nov/2021:09:21:52 +0800] "GET /xingrg/all/function/internal_message.html?_=1636680033681&CODE_STATE=getMsg HTTP/1.1" 200 27
116.227.210.113 - - [12/Nov/2021:09:21:53 +0800] "GET /xingrg/all/function/internal_message.html?_=1636680097631&CODE_STATE=getMsg HTTP/1.1" 200 27
116.233.78.138 - - [12/Nov/2021:09:21:56 +0800] "GET /xingrg/kc/buy/cgsh_order_operate.html?command=get_materiel&rest_code=00109&code=00101001010&supplier_code=00100454&order_time=2021-11-12 HTTP/1.1" 200 409
222.70.171.86 - - [12/Nov/2021:09:22:01 +0800] "GET /xingrg/all/function/internal_message.html?_=1636680134664&CODE_STATE=getMsg HTTP/1.1" 200 27
116.233.78.138 - - [12/Nov/2021:09:22:05 +0800] "GET /xingrg/kc/buy/cgsh_order_operate.html?command=get_materiel&rest_code=00109&code=00101001084&supplier_code=00100454&order_time=2021-11-12 HTTP/1.1" 200 415
114.83.218.184 - - [12/Nov/2021:09:22:05 +0800] "GET /xingrg/all/function/internal_message.html?_=1636680120482&CODE_STATE=getMsg HTTP/1.1" 200 27
114.83.218.184 - - [12/Nov/2021:09:22:05 +0800] "GET /xingrg/check_reg.html?_=1636680120502 HTTP/1.1" 200 22
116.233.78.138 - - [12/Nov/2021:09:22:06 +0800] "GET /xingrg/all/function/internal_message.html?_=1636680123599&CODE_STATE=getMsg HTTP/1.1" 200 27
58.39.139.200 - - [12/Nov/2021:09:22:09 +0800] "GET /xingrg/kc/buy/cgsh_order_operate.html?command=get_materiel&rest_code=00105&code=00101008361&supplier_code=00100203&order_time=2021-11-12 HTTP/1.1" 200 408
222.70.176.97 - - [12/Nov/2021:09:22:10 +0800] "GET /xingrg/kc/buy/cgsh_order_operate.html?command=get_materiel&rest_code=00111&code=00102010363&supplier_code=00100384&order_time=2021-11-12 HTTP/1.1" 200 416
116.227.210.113 - - [12/Nov/2021:09:22:11 +0800] "GET /xingrg/kc/buy/cgsh_order_list.html HTTP/1.1" 200 49010
58.39.139.200 - - [12/Nov/2021:09:22:13 +0800] "GET /xingrg/check_reg.html?_=1636680130864 HTTP/1.1" 200 22
58.39.139.200 - - [12/Nov/2021:09:22:13 +0800] "GET /xingrg/all/function/internal_message.html?_=1636680130867&CODE_STATE=getMsg HTTP/1.1" 200 27
116.227.210.113 - - [12/Nov/2021:09:22:15 +0800] "POST /xingrg/kc/buy/cgsh_list_operate.html HTTP/1.1" 200 2410
58.39.139.200 - - [12/Nov/2021:09:22:15 +0800] "GET /xingrg/kc/buy/cgsh_order_operate.html?command=get_materiel&rest_code=00105&code=00101008251&supplier_code=00100203&order_time=2021-11-12 HTTP/1.1" 200 408
222.70.176.97 - - [12/Nov/2021:09:22:17 +0800] "GET /xingrg/all/function/internal_message.html?_=1636680131620&CODE_STATE=getMsg HTTP/1.1" 200 27
116.233.78.138 - - [12/Nov/2021:09:22:17 +0800] "GET /xingrg/kc/buy/cgsh_order_operate.html?command=get_materiel&rest_code=00109&code=00101005037&supplier_code=00100454&order_time=2021-11-12 HTTP/1.1" 200 409
222.70.176.97 - - [12/Nov/2021:09:22:17 +0800] "GET /xingrg/check_reg.html?_=1636680131874 HTTP/1.1" 200 22
58.39.139.200 - - [12/Nov/2021:09:22:23 +0800] "GET /xingrg/kc/buy/cgsh_order_operate.html?command=get_materiel&rest_code=00105&code=00101008059&supplier_code=00100203&order_time=2021-11-12 HTTP/1.1" 200 427
116.233.78.138 - - [12/Nov/2021:09:22:25 +0800] "GET /xingrg/kc/buy/cgsh_order_operate.html?command=get_materiel&rest_code=00109&code=00101002041&supplier_code=00100454&order_time=2021-11-12 HTTP/1.1" 200 409
120.253.135.82 - - [12/Nov/2021:09:22:29 +0800] "GET /xingrg/all/function/internal_message.html?_=1636680100816&CODE_STATE=getMsg HTTP/1.1" 200 27
114.83.218.184 - - [12/Nov/2021:09:22:30 +0800] "GET /xingrg/kc/buy/cgsh_order_add.html HTTP/1.1" 200 64833
114.83.218.184 - - [12/Nov/2021:09:22:31 +0800] "POST /xingrg/kc/buy/cgsh_order_operate.html HTTP/1.1" 200 8245
114.83.218.184 - - [12/Nov/2021:09:22:31 +0800] "GET /xingrg/javascript/easyui/themes/default/validatebox.css HTTP/1.1" 404 1104
116.233.78.138 - - [12/Nov/2021:09:22:36 +0800] "POST /xingrg/kc/buy/cgsh_order_operate.html HTTP/1.1" 200 37
58.39.139.200 - - [12/Nov/2021:09:22:38 +0800] "GET /xingrg/kc/buy/cgsh_order_operate.html?command=get_materiel&rest_code=00105&code=00101008169&supplier_code=00100203&order_time=2021-11-12 HTTP/1.1" 200 412
114.83.218.184 - - [12/Nov/2021:09:22:42 +0800] "GET /xingrg/kc/buy/cgsh_order_operate.html?command=get_materiel&rest_code=00149&code=00101004033&supplier_code=00100083&order_time=2021-11-12 HTTP/1.1" 200 439
222.70.176.97 - - [12/Nov/2021:09:22:45 +0800] "GET /xingrg/kc/buy/cgsh_order_operate.html?command=get_materiel&rest_code=00111&code=00102009605&supplier_code=00100384&order_time=2021-11-12 HTTP/1.1" 200 416
116.238.248.233 - - [12/Nov/2021:09:22:48 +0800] "GET /xingrg/all/function/internal_message.html?_=1636680165833&CODE_STATE=getMsg HTTP/1.1" 200 27
180.157.253.6 - - [12/Nov/2021:09:22:50 +0800] "GET /xingrg/check_reg.html?_=1636680168698 HTTP/1.1" 302 -
114.85.125.222 - - [12/Nov/2021:09:22:52 +0800] "GET /xingrg/all/function/internal_message.html?_=1636680093724&CODE_STATE=getMsg HTTP/1.1" 200 27
116.227.210.113 - - [12/Nov/2021:09:22:53 +0800] "GET /xingrg/all/function/internal_message.html?_=1636680157635&CODE_STATE=getMsg HTTP/1.1" 200 27
116.233.78.138 - - [12/Nov/2021:09:22:55 +0800] "POST /xingrg/kc/buy/cgsh_order_operate.html HTTP/1.1" 200 4426
116.233.78.138 - - [12/Nov/2021:09:22:57 +0800] "GET /xingrg/kc/print/load_config.html?kc_code=cgsh HTTP/1.1" 200 2281
116.233.78.138 - - [12/Nov/2021:09:22:57 +0800] "GET /xingrg/kc/print/load_data.html?order_code=212021111204839&kc_code=cgsh&condition= HTTP/1.1" 200 1323
114.83.218.184 - - [12/Nov/2021:09:22:58 +0800] "GET /xingrg/kc/buy/cgsh_order_operate.html?command=get_materiel&rest_code=00149&code=00101004051&supplier_code=00100083&order_time=2021-11-12 HTTP/1.1" 200 409
114.83.218.184 - - [12/Nov/2021:09:22:59 +0800] "POST /xingrg/services/DataTransmitService HTTP/1.1" 200 524
222.70.171.86 - - [12/Nov/2021:09:23:01 +0800] "GET /xingrg/all/function/internal_message.html?_=1636680194678&CODE_STATE=getMsg HTTP/1.1" 200 27
114.83.218.184 - - [12/Nov/2021:09:23:03 +0800] "POST /xingrg/services/DataTransmitService HTTP/1.1" 200 501
58.39.139.200 - - [12/Nov/2021:09:23:05 +0800] "GET /xingrg/kc/buy/cgsh_order_operate.html?command=get_materiel&rest_code=00105&code=00101013098&supplier_code=00100203&order_time=2021-11-12 HTTP/1.1" 200 416
114.83.218.184 - - [12/Nov/2021:09:23:05 +0800] "GET /xingrg/all/function/internal_message.html?_=1636680180506&CODE_STATE=getMsg HTTP/1.1" 200 27
116.233.78.138 - - [12/Nov/2021:09:23:06 +0800] "GET /xingrg/all/function/internal_message.html?_=1636680183602&CODE_STATE=getMsg HTTP/1.1" 200 27
114.83.218.184 - - [12/Nov/2021:09:23:08 +0800] "GET /xingrg/kc/buy/cgsh_order_operate.html?command=get_materiel&rest_code=00149&code=00101004027&supplier_code=00100083&order_time=2021-11-12 HTTP/1.1" 200 430
58.39.139.200 - - [12/Nov/2021:09:23:11 +0800] "GET /xingrg/kc/buy/cgsh_order_operate.html?command=get_materiel&rest_code=00105&code=00101013295&supplier_code=00100203&order_time=2021-11-12 HTTP/1.1" 200 408
58.39.139.200 - - [12/Nov/2021:09:23:13 +0800] "GET /xingrg/all/function/internal_message.html?_=1636680191024&CODE_STATE=getMsg HTTP/1.1" 200 27
58.39.139.200 - - [12/Nov/2021:09:23:17 +0800] "GET /xingrg/kc/buy/cgsh_order_operate.html?command=get_materiel&rest_code=00105&code=00101016018&supplier_code=00100203&order_time=2021-11-12 HTTP/1.1" 200 442
222.70.176.97 - - [12/Nov/2021:09:23:17 +0800] "GET /xingrg/all/function/internal_message.html?_=1636680191601&CODE_STATE=getMsg HTTP/1.1" 200 27
120.253.135.82 - - [12/Nov/2021:09:23:17 +0800] "GET /xingrg/check_reg.html?_=1636680148748 HTTP/1.1" 200 22
114.83.218.184 - - [12/Nov/2021:09:23:24 +0800] "GET /xingrg/kc/buy/cgsh_order_operate.html?command=get_materiel&rest_code=00149&code=00101004071&supplier_code=00100083&order_time=2021-11-12 HTTP/1.1" 200 409
120.253.135.82 - - [12/Nov/2021:09:23:29 +0800] "GET /xingrg/all/function/internal_message.html?_=1636680160822&CODE_STATE=getMsg HTTP/1.1" 200 27
114.83.218.184 - - [12/Nov/2021:09:23:33 +0800] "POST /xingrg/kc/buy/cgsh_order_operate.html HTTP/1.1" 200 37
222.68.24.75 - - [12/Nov/2021:09:23:39 +0800] "GET /xingrg/login_supplier.html HTTP/1.1" 200 3208
222.68.24.75 - - [12/Nov/2021:09:23:39 +0800] "GET /favicon.ico HTTP/1.1" 404 -
114.83.218.184 - - [12/Nov/2021:09:23:41 +0800] "POST /xingrg/kc/buy/cgsh_order_operate.html HTTP/1.1" 200 12
222.68.24.75 - - [12/Nov/2021:09:23:42 +0800] "GET /xingrg/login.html HTTP/1.1" 200 7641
222.68.24.75 - - [12/Nov/2021:09:23:42 +0800] "POST /xingrg/login_supplier.html HTTP/1.1" 302 -
222.68.24.75 - - [12/Nov/2021:09:23:42 +0800] "GET /xingrg/supplier_index.html?sysBaseUrl=http%3A%2F%2F180.169.147.146%3A18081%2Fxingrg%2F&costTime=14×tamp=1636680222904 HTTP/1.1" 200 9061
222.68.24.75 - - [12/Nov/2021:09:23:42 +0800] "GET /xingrg/javascript/jquery_easy_ui/themes/icon.css HTTP/1.1" 304 -
222.68.24.75 - - [12/Nov/2021:09:23:43 +0800] "GET /favicon.ico HTTP/1.1" 404 -
114.83.218.184 - - [12/Nov/2021:09:23:43 +0800] "GET /xingrg/kc/buy/cgsh_order_info.html?code=212021111204840 HTTP/1.1" 200 59740
