58.39.139.200 - - [12/Nov/2021:10:48:02 +0800] "POST /xingrg/kc/base/wldb_order_operate.html HTTP/1.1" 200 4170
116.238.248.233 - - [12/Nov/2021:10:48:02 +0800] "POST /xingrg/kc/base/wldb_order_operate.html HTTP/1.1" 200 37
58.40.7.146 - - [12/Nov/2021:10:48:03 +0800] "GET /xingrg/javascript/auto/indicator.gif HTTP/1.1" 404 1066
222.70.171.86 - - [12/Nov/2021:10:48:03 +0800] "GET /xingrg/all/function/internal_message.html?_=1636685296836&CODE_STATE=getMsg HTTP/1.1" 200 27
124.78.153.86 - - [12/Nov/2021:10:48:04 +0800] "GET /xingrg/kc/buy/cgsh_order_operate.html?command=get_materiel&rest_code=00106&code=00101001111&supplier_code=00100032&order_time=2021-11-12 HTTP/1.1" 200 409
120.253.135.82 - - [12/Nov/2021:10:48:05 +0800] "POST /xingrg/kc/buy/cgsh_order_operate.html HTTP/1.1" 200 37
116.238.248.233 - - [12/Nov/2021:10:48:05 +0800] "POST /xingrg/kc/base/wldb_order_operate.html HTTP/1.1" 200 12
116.238.248.233 - - [12/Nov/2021:10:48:05 +0800] "POST /xingrg/kc/base/wldb_order_operate.html HTTP/1.1" 200 2188
116.233.78.138 - - [12/Nov/2021:10:48:06 +0800] "GET /xingrg/all/function/internal_message.html?_=1636685283778&CODE_STATE=getMsg HTTP/1.1" 200 27
120.253.135.82 - - [12/Nov/2021:10:48:06 +0800] "POST /xingrg/kc/buy/cgsh_order_operate.html HTTP/1.1" 200 2669
116.238.248.233 - - [12/Nov/2021:10:48:07 +0800] "GET /xingrg/kc/base/wldb_order_info.html?code=422021111201246 HTTP/1.1" 200 26323
180.169.147.146 - - [12/Nov/2021:10:48:07 +0800] "GET /xingrg/kc/buy/cgsh_order_operate.html?command=get_materiel&rest_code=00147&code=00101008355&supplier_code=00100006&order_time=2021-11-12 HTTP/1.1" 200 408
116.238.248.233 - - [12/Nov/2021:10:48:07 +0800] "GET /xingrg/javascript/easyui/themes/default/validatebox.css HTTP/1.1" 404 1104
116.238.248.233 - - [12/Nov/2021:10:48:07 +0800] "POST /xingrg/kc/base/wldb_order_operate.html HTTP/1.1" 200 482
116.233.78.138 - - [12/Nov/2021:10:48:08 +0800] "GET /xingrg/kc/buy/cgsh_order_operate.html?command=get_materiel&rest_code=00109&code=00101016010&supplier_code=00100035&order_time=2021-11-12 HTTP/1.1" 200 408
120.253.135.82 - - [12/Nov/2021:10:48:08 +0800] "GET /xingrg/kc/print/load_data.html?order_code=212021111204891&kc_code=cgsh&condition= HTTP/1.1" 200 665
116.238.248.233 - - [12/Nov/2021:10:48:10 +0800] "GET /xingrg/kc/base/yddb_order_list.html HTTP/1.1" 200 16836
116.238.248.233 - - [12/Nov/2021:10:48:10 +0800] "POST /xingrg/kc/base/yddb_list_operate.html HTTP/1.1" 200 636
116.238.248.233 - - [12/Nov/2021:10:48:11 +0800] "GET /xingrg/kc/base/yddb_order_add.html HTTP/1.1" 200 29837
116.238.248.233 - - [12/Nov/2021:10:48:11 +0800] "GET /xingrg/dwr/util.js HTTP/1.1" 304 -
116.238.248.233 - - [12/Nov/2021:10:48:11 +0800] "GET /xingrg/dwr/interface/AjaxYddbService.js HTTP/1.1" 200 13201
116.238.248.233 - - [12/Nov/2021:10:48:11 +0800] "GET /xingrg/dwr/interface/AjaxComOrderService.js HTTP/1.1" 200 18264
116.238.248.233 - - [12/Nov/2021:10:48:12 +0800] "GET /xingrg/dwr/engine.js HTTP/1.1" 200 43631
124.78.153.86 - - [12/Nov/2021:10:48:12 +0800] "POST /xingrg/kc/base/wldb_order_operate.html HTTP/1.1" 200 37
124.78.153.86 - - [12/Nov/2021:10:48:12 +0800] "POST /xingrg/kc/base/wldb_order_operate.html HTTP/1.1" 200 7193
124.78.153.86 - - [12/Nov/2021:10:48:13 +0800] "GET /xingrg/kc/base/wldb_order_info.html?code=422021111201247 HTTP/1.1" 200 30453
124.78.153.86 - - [12/Nov/2021:10:48:13 +0800] "GET /xingrg/words/20211112101509_words.js HTTP/1.1" 304 -
58.39.139.200 - - [12/Nov/2021:10:48:13 +0800] "GET /xingrg/all/function/internal_message.html?_=1636685291002&CODE_STATE=getMsg HTTP/1.1" 200 27
124.78.153.86 - - [12/Nov/2021:10:48:13 +0800] "GET /xingrg/javascript/easyui/themes/default/validatebox.css HTTP/1.1" 404 1104
124.78.153.86 - - [12/Nov/2021:10:48:13 +0800] "POST /xingrg/kc/base/wldb_order_operate.html HTTP/1.1" 200 7193
116.238.248.233 - - [12/Nov/2021:10:48:14 +0800] "POST /xingrg/dwr/call/plaincall/AjaxYddbService.getRestBases.dwr HTTP/1.1" 200 1535
180.169.147.146 - - [12/Nov/2021:10:48:15 +0800] "GET /xingrg/all/function/internal_message.html?_=1636685288207&CODE_STATE=getMsg HTTP/1.1" 200 27
222.70.176.97 - - [12/Nov/2021:10:48:15 +0800] "GET /xingrg/all/function/internal_message.html?_=1636685289736&CODE_STATE=getMsg HTTP/1.1" 200 27
180.169.147.146 - - [12/Nov/2021:10:48:16 +0800] "GET /xingrg/kc/buy/cgsh_order_operate.html?command=get_materiel&rest_code=00147&code=00101008264&supplier_code=00100006&order_time=2021-11-12 HTTP/1.1" 200 412
120.253.135.82 - - [12/Nov/2021:10:48:16 +0800] "POST /xingrg/kc/buy/cgsh_order_operate.html HTTP/1.1" 200 37
124.78.153.86 - - [12/Nov/2021:10:48:16 +0800] "GET /xingrg/kc/base/wldb_order_add.html HTTP/1.1" 200 30438
124.78.153.86 - - [12/Nov/2021:10:48:17 +0800] "POST /xingrg/kc/base/wldb_order_operate.html HTTP/1.1" 200 6806
124.78.153.86 - - [12/Nov/2021:10:48:17 +0800] "GET /xingrg/javascript/easyui/themes/default/validatebox.css HTTP/1.1" 404 1104
124.78.153.86 - - [12/Nov/2021:10:48:18 +0800] "POST /xingrg/all/common/load_combo.html?type=base HTTP/1.1" 200 3227
124.78.153.86 - - [12/Nov/2021:10:48:18 +0800] "GET /xingrg/kc/buy/cgsh_order_operate.html?command=get_materiel&rest_code=00106&code=00101016105&supplier_code=00100032&order_time=2021-11-12 HTTP/1.1" 200 409
116.238.248.233 - - [12/Nov/2021:10:48:19 +0800] "POST /xingrg/dwr/call/plaincall/AjaxYddbService.saveOrder.dwr HTTP/1.1" 200 78
116.238.248.233 - - [12/Nov/2021:10:48:19 +0800] "GET /xingrg/images/yd/bt.gif HTTP/1.1" 404 1040
114.83.218.184 - - [12/Nov/2021:10:48:20 +0800] "GET /xingrg/all/function/internal_message.html?_=1636685295204&CODE_STATE=getMsg HTTP/1.1" 200 27
116.233.78.138 - - [12/Nov/2021:10:48:20 +0800] "GET /xingrg/kc/buy/cgsh_order_operate.html?command=get_materiel&rest_code=00109&code=00101012025&supplier_code=00100035&order_time=2021-11-12 HTTP/1.1" 200 412
120.253.135.82 - - [12/Nov/2021:10:48:20 +0800] "POST /xingrg/kc/buy/cgsh_order_operate.html HTTP/1.1" 200 12
124.78.153.86 - - [12/Nov/2021:10:48:22 +0800] "POST /xingrg/all/common/load_combo.html?type=base HTTP/1.1" 200 3227
180.169.147.146 - - [12/Nov/2021:10:48:22 +0800] "GET /xingrg/kc/buy/cgsh_order_operate.html?command=get_materiel&rest_code=00147&code=00101008356&supplier_code=00100006&order_time=2021-11-12 HTTP/1.1" 200 409
114.88.158.243 - - [12/Nov/2021:10:48:23 +0800] "GET /xingrg/all/function/internal_message.html?_=1636685132232&CODE_STATE=getMsg HTTP/1.1" 200 27
116.238.248.233 - - [12/Nov/2021:10:48:23 +0800] "POST /xingrg/dwr/call/plaincall/AjaxComOrderService.getMaterielSearchList.dwr HTTP/1.1" 200 27864
116.238.248.233 - - [12/Nov/2021:10:48:24 +0800] "POST /xingrg/dwr/call/plaincall/AjaxComOrderService.getMaterielSearchList.dwr HTTP/1.1" 200 2006
101.91.62.89 - - [12/Nov/2021:10:48:25 +0800] "GET /xingrg/kc/buy/cgsh_order_operate.html?command=get_materiel&rest_code=00106&code=00101012025&supplier_code=00100032&order_time=2021-11-12 HTTP/1.1" 302 -
101.91.62.89 - - [12/Nov/2021:10:48:25 +0800] "GET /xingrg/login.html HTTP/1.1" 200 7641
58.40.7.146 - - [12/Nov/2021:10:48:26 +0800] "POST /xingrg/kc/buy/cgsh_list_operate.html HTTP/1.1" 200 5360
116.238.248.233 - - [12/Nov/2021:10:48:27 +0800] "POST /xingrg/dwr/call/plaincall/AjaxYddbService.getMaterielByMap.dwr HTTP/1.1" 200 3723
116.233.78.138 - - [12/Nov/2021:10:48:29 +0800] "GET /xingrg/kc/buy/cgsh_order_operate.html?command=get_materiel&rest_code=00109&code=00101012026&supplier_code=00100035&order_time=2021-11-12 HTTP/1.1" 200 408
116.238.248.233 - - [12/Nov/2021:10:48:30 +0800] "POST /xingrg/dwr/call/plaincall/AjaxYddbService.saveMaterielItem.dwr HTTP/1.1" 200 78
58.39.139.200 - - [12/Nov/2021:10:48:30 +0800] "GET /xingrg/kc/base/wldb_order_add.html HTTP/1.1" 200 30438
180.169.147.146 - - [12/Nov/2021:10:48:30 +0800] "GET /xingrg/all/function/internal_message.html?_=1636685307298&CODE_STATE=getMsg HTTP/1.1" 200 27
58.39.139.200 - - [12/Nov/2021:10:48:30 +0800] "POST /xingrg/kc/base/wldb_order_operate.html HTTP/1.1" 200 6806
58.39.139.200 - - [12/Nov/2021:10:48:30 +0800] "GET /xingrg/javascript/easyui/themes/default/validatebox.css HTTP/1.1" 404 1104
180.169.147.146 - - [12/Nov/2021:10:48:32 +0800] "GET /xingrg/kc/buy/cgsh_order_operate.html?command=get_materiel&rest_code=00147&code=00101008251&supplier_code=00100006&order_time=2021-11-12 HTTP/1.1" 200 408
116.238.248.233 - - [12/Nov/2021:10:48:33 +0800] "POST /xingrg/dwr/call/plaincall/AjaxYddbService.checkOrder.dwr HTTP/1.1" 200 78
101.89.239.120 - - [12/Nov/2021:10:48:35 +0800] "GET /xingrg/all/function/internal_message.html?_=1636685251153&CODE_STATE=getMsg HTTP/1.1" 302 -
124.78.153.86 - - [12/Nov/2021:10:48:35 +0800] "GET /xingrg/all/function/internal_message.html?_=1636685311103&CODE_STATE=getMsg HTTP/1.1" 200 27
101.89.239.120 - - [12/Nov/2021:10:48:35 +0800] "GET /xingrg/login.html HTTP/1.1" 200 7641
124.78.153.86 - - [12/Nov/2021:10:48:36 +0800] "POST /xingrg/kc/buy/cgsh_order_operate.html HTTP/1.1" 200 37
58.39.139.200 - - [12/Nov/2021:10:48:37 +0800] "POST /xingrg/all/common/load_combo.html?type=base HTTP/1.1" 200 3321
116.238.248.233 - - [12/Nov/2021:10:48:37 +0800] "GET /xingrg/kc/base/yddb_order_info.html?code=482021111200062 HTTP/1.1" 200 29464
116.238.248.233 - - [12/Nov/2021:10:48:37 +0800] "GET /xingrg/dwr/interface/AjaxYddbService.js HTTP/1.1" 200 13201
116.238.248.233 - - [12/Nov/2021:10:48:37 +0800] "GET /xingrg/dwr/interface/AjaxComOrderService.js HTTP/1.1" 200 18264
116.238.248.233 - - [12/Nov/2021:10:48:37 +0800] "GET /xingrg/dwr/engine.js HTTP/1.1" 200 43631
116.238.248.233 - - [12/Nov/2021:10:48:37 +0800] "POST /xingrg/dwr/call/plaincall/AjaxYddbService.loadMaterielItems.dwr HTTP/1.1" 200 405
116.233.78.138 - - [12/Nov/2021:10:48:37 +0800] "GET /xingrg/kc/buy/cgsh_order_operate.html?command=get_materiel&rest_code=00109&code=00101016025&supplier_code=00100035&order_time=2021-11-12 HTTP/1.1" 200 408
101.89.19.197 - - [12/Nov/2021:10:48:38 +0800] "GET /xingrg/kc/buy/cgsh_order_operate.html?command=get_materiel&rest_code=00106&code=00101012069&supplier_code=00100032&order_time=2021-11-12 HTTP/1.1" 302 -
180.169.147.146 - - [12/Nov/2021:10:48:39 +0800] "GET /xingrg/kc/buy/cgsh_order_operate.html?command=get_materiel&rest_code=00147&code=00101015004&supplier_code=00100006&order_time=2021-11-12 HTTP/1.1" 200 409
101.89.19.197 - - [12/Nov/2021:10:48:39 +0800] "GET /xingrg/login.html HTTP/1.1" 200 7641
116.238.248.233 - - [12/Nov/2021:10:48:39 +0800] "GET /xingrg/kc/base/yddb_order_add.html HTTP/1.1" 200 29837
116.238.248.233 - - [12/Nov/2021:10:48:39 +0800] "GET /xingrg/dwr/interface/AjaxYddbService.js HTTP/1.1" 200 13201
116.238.248.233 - - [12/Nov/2021:10:48:39 +0800] "GET /xingrg/dwr/interface/AjaxComOrderService.js HTTP/1.1" 200 18264
116.238.248.233 - - [12/Nov/2021:10:48:39 +0800] "GET /xingrg/dwr/engine.js HTTP/1.1" 200 43631
124.78.153.86 - - [12/Nov/2021:10:48:40 +0800] "POST /xingrg/kc/buy/cgsh_order_operate.html HTTP/1.1" 200 12
124.78.153.86 - - [12/Nov/2021:10:48:41 +0800] "GET /xingrg/kc/buy/cgsh_order_info.html?code=212021111204892 HTTP/1.1" 200 59699
124.78.153.86 - - [12/Nov/2021:10:48:42 +0800] "GET /xingrg/javascript/easyui/themes/default/validatebox.css HTTP/1.1" 404 1104
116.238.248.233 - - [12/Nov/2021:10:48:42 +0800] "POST /xingrg/dwr/call/plaincall/AjaxYddbService.getRestBases.dwr HTTP/1.1" 200 1535
124.78.153.86 - - [12/Nov/2021:10:48:42 +0800] "POST /xingrg/kc/buy/cgsh_order_operate.html HTTP/1.1" 200 5336
180.169.147.146 - - [12/Nov/2021:10:48:43 +0800] "GET /xingrg/all/function/internal_message.html?_=1636685319686&CODE_STATE=getMsg HTTP/1.1" 200 27
124.78.153.86 - - [12/Nov/2021:10:48:44 +0800] "GET /xingrg/kc/print/load_data.html?order_code=212021111204892&kc_code=cgsh&condition= HTTP/1.1" 200 2522
180.169.147.146 - - [12/Nov/2021:10:48:46 +0800] "GET /xingrg/kc/buy/cgsh_order_operate.html?command=get_materiel&rest_code=00147&code=00101008134&supplier_code=00100006&order_time=2021-11-12 HTTP/1.1" 200 412
116.238.248.233 - - [12/Nov/2021:10:48:47 +0800] "GET /xingrg/all/function/internal_message.html?_=1636685323847&CODE_STATE=getMsg HTTP/1.1" 200 27
116.238.248.233 - - [12/Nov/2021:10:48:47 +0800] "GET /xingrg/check_reg.html?_=1636685323849 HTTP/1.1" 200 22
101.91.60.11 - - [12/Nov/2021:10:48:47 +0800] "GET /xingrg/kc/buy/cgsh_order_operate.html?command=get_materiel&rest_code=00106&code=00101012024&supplier_code=00100032&order_time=2021-11-12 HTTP/1.1" 302 -
101.91.60.11 - - [12/Nov/2021:10:48:47 +0800] "GET /xingrg/login.html HTTP/1.1" 200 7641
58.221.95.50 - - [12/Nov/2021:10:48:47 +0800] "GET /xingrg/all/function/internal_message.html?_=1636685324504&CODE_STATE=getMsg HTTP/1.1" 200 27
116.238.248.233 - - [12/Nov/2021:10:48:48 +0800] "POST /xingrg/dwr/call/plaincall/AjaxYddbService.saveOrder.dwr HTTP/1.1" 200 78
101.85.120.86 - - [12/Nov/2021:10:48:48 +0800] "GET /favicon.ico HTTP/1.1" 404 -
58.221.95.50 - - [12/Nov/2021:10:48:48 +0800] "GET /xingrg/check_reg.html?_=1636685325137 HTTP/1.1" 200 22
124.78.153.86 - - [12/Nov/2021:10:48:49 +0800] "GET /xingrg/kc/print/load_data.html?order_code=212021111204892&kc_code=cgsh HTTP/1.1" 200 2522
116.233.78.138 - - [12/Nov/2021:10:48:49 +0800] "GET /xingrg/kc/buy/cgsh_order_operate.html?command=get_materiel&rest_code=00109&code=00101016017&supplier_code=00100035&order_time=2021-11-12 HTTP/1.1" 200 408
116.238.248.233 - - [12/Nov/2021:10:48:51 +0800] "POST /xingrg/dwr/call/plaincall/AjaxComOrderService.getMaterielSearchList.dwr HTTP/1.1" 200 7954
116.238.248.233 - - [12/Nov/2021:10:48:52 +0800] "POST /xingrg/dwr/call/plaincall/AjaxComOrderService.getMaterielSearchList.dwr HTTP/1.1" 200 698
116.238.248.233 - - [12/Nov/2021:10:48:53 +0800] "POST /xingrg/dwr/call/plaincall/AjaxYddbService.getMaterielByMap.dwr HTTP/1.1" 200 3757
180.169.147.146 - - [12/Nov/2021:10:48:53 +0800] "GET /xingrg/kc/buy/cgsh_order_operate.html?command=get_materiel&rest_code=00147&code=00101008079&supplier_code=00100006&order_time=2021-11-12 HTTP/1.1" 200 416
116.227.210.113 - - [12/Nov/2021:10:48:53 +0800] "GET /xingrg/all/function/internal_message.html?_=1636685317643&CODE_STATE=getMsg HTTP/1.1" 200 27
114.85.125.222 - - [12/Nov/2021:10:48:54 +0800] "GET /xingrg/all/function/internal_message.html?_=1636685255488&CODE_STATE=getMsg HTTP/1.1" 200 27
58.40.7.146 - - [12/Nov/2021:10:48:55 +0800] "GET /xingrg/all/function/internal_message.html?_=1636685331797&CODE_STATE=getMsg HTTP/1.1" 200 27
116.238.248.233 - - [12/Nov/2021:10:48:55 +0800] "POST /xingrg/dwr/call/plaincall/AjaxYddbService.saveMaterielItem.dwr HTTP/1.1" 200 78
116.235.93.2 - - [12/Nov/2021:10:48:58 +0800] "GET /xingrg/all/function/internal_message.html?_=1636685447308&CODE_STATE=getMsg HTTP/1.1" 200 27
116.238.248.233 - - [12/Nov/2021:10:48:58 +0800] "POST /xingrg/dwr/call/plaincall/AjaxComOrderService.getMaterielSearchList.dwr HTTP/1.1" 200 26483
116.233.78.138 - - [12/Nov/2021:10:48:58 +0800] "GET /xingrg/kc/buy/cgsh_order_operate.html?command=get_materiel&rest_code=00109&code=00101016071&supplier_code=00100035&order_time=2021-11-12 HTTP/1.1" 200 416
116.238.248.233 - - [12/Nov/2021:10:48:59 +0800] "POST /xingrg/dwr/call/plaincall/AjaxComOrderService.getMaterielSearchList.dwr HTTP/1.1" 200 1575
124.78.153.86 - - [12/Nov/2021:10:48:59 +0800] "GET /xingrg/kc/base/wldb_order_operate.html?command=get_materiel&rest_code=00106&base_code=0010396&code=00101016020 HTTP/1.1" 200 446
180.169.147.146 - - [12/Nov/2021:10:49:00 +0800] "GET /xingrg/all/function/internal_message.html?_=1636685404177&CODE_STATE=getMsg HTTP/1.1" 200 27
116.238.248.233 - - [12/Nov/2021:10:49:00 +0800] "POST /xingrg/dwr/call/plaincall/AjaxYddbService.getMaterielByMap.dwr HTTP/1.1" 200 3799
180.169.147.146 - - [12/Nov/2021:10:49:01 +0800] "GET /xingrg/kc/buy/cgsh_order_operate.html?command=get_materiel&rest_code=00147&code=00101008069&supplier_code=00100006&order_time=2021-11-12 HTTP/1.1" 200 412
61.151.178.165 - - [12/Nov/2021:10:49:01 +0800] "GET /xingrg/kc/buy/cgsh_order_operate.html?command=get_materiel&rest_code=00106&code=00101001111&supplier_code=00100032&order_time=2021-11-12 HTTP/1.1" 302 -
61.151.178.165 - - [12/Nov/2021:10:49:01 +0800] "GET /xingrg/login.html HTTP/1.1" 200 7641
116.238.248.233 - - [12/Nov/2021:10:49:03 +0800] "POST /xingrg/dwr/call/plaincall/AjaxYddbService.saveMaterielItem.dwr HTTP/1.1" 200 78
222.70.171.86 - - [12/Nov/2021:10:49:04 +0800] "GET /xingrg/all/function/internal_message.html?_=1636685357066&CODE_STATE=getMsg HTTP/1.1" 200 27
116.238.248.233 - - [12/Nov/2021:10:49:05 +0800] "POST /xingrg/dwr/call/plaincall/AjaxComOrderService.getMaterielSearchList.dwr HTTP/1.1" 200 8551
116.238.248.233 - - [12/Nov/2021:10:49:06 +0800] "POST /xingrg/dwr/call/plaincall/AjaxComOrderService.getMaterielSearchList.dwr HTTP/1.1" 200 891
116.233.78.138 - - [12/Nov/2021:10:49:06 +0800] "GET /xingrg/all/function/internal_message.html?_=1636685343779&CODE_STATE=getMsg HTTP/1.1" 200 27
180.169.147.146 - - [12/Nov/2021:10:49:07 +0800] "GET /xingrg/kc/buy/cgsh_order_operate.html?command=get_materiel&rest_code=00147&code=00101008286&supplier_code=00100006&order_time=2021-11-12 HTTP/1.1" 200 408
58.39.139.200 - - [12/Nov/2021:10:49:09 +0800] "GET /xingrg/kc/base/wldb_order_operate.html?command=get_materiel&rest_code=00105&base_code=0010507&code=00101013018 HTTP/1.1" 200 429
116.238.248.233 - - [12/Nov/2021:10:49:10 +0800] "POST /xingrg/dwr/call/plaincall/AjaxYddbService.getMaterielByMap.dwr HTTP/1.1" 200 3804
124.78.153.86 - - [12/Nov/2021:10:49:12 +0800] "GET /xingrg/kc/base/wldb_order_operate.html?command=get_materiel&rest_code=00106&base_code=0010396&code=00101016044 HTTP/1.1" 200 466
58.39.139.200 - - [12/Nov/2021:10:49:13 +0800] "GET /xingrg/all/function/internal_message.html?_=1636685350990&CODE_STATE=getMsg HTTP/1.1" 200 27
116.238.248.233 - - [12/Nov/2021:10:49:13 +0800] "POST /xingrg/dwr/call/plaincall/AjaxYddbService.getUnitPrice.dwr HTTP/1.1" 200 87
180.169.147.146 - - [12/Nov/2021:10:49:13 +0800] "GET /xingrg/kc/buy/cgsh_order_operate.html?command=get_materiel&rest_code=00147&code=00101008131&supplier_code=00100006&order_time=2021-11-12 HTTP/1.1" 200 408
180.169.147.146 - - [12/Nov/2021:10:49:15 +0800] "GET /xingrg/all/function/internal_message.html?_=1636685348199&CODE_STATE=getMsg HTTP/1.1" 200 27
116.238.248.233 - - [12/Nov/2021:10:49:15 +0800] "GET /xingrg/images/yd/bt2.gif HTTP/1.1" 404 1042
222.70.176.97 - - [12/Nov/2021:10:49:15 +0800] "GET /xingrg/all/function/internal_message.html?_=1636685349728&CODE_STATE=getMsg HTTP/1.1" 200 27
116.238.248.233 - - [12/Nov/2021:10:49:16 +0800] "POST /xingrg/dwr/call/plaincall/AjaxYddbService.saveMaterielItem.dwr HTTP/1.1" 200 79
61.151.178.163 - - [12/Nov/2021:10:49:16 +0800] "GET /xingrg/kc/buy/cgsh_order_operate.html?command=get_materiel&rest_code=00106&code=00101016105&supplier_code=00100032&order_time=2021-11-12 HTTP/1.1" 302 -
124.78.153.86 - - [12/Nov/2021:10:49:16 +0800] "GET /xingrg/check_reg.html?_=1636685355777 HTTP/1.1" 200 22
124.78.153.86 - - [12/Nov/2021:10:49:16 +0800] "GET /xingrg/all/function/internal_message.html?_=1636685355796&CODE_STATE=getMsg HTTP/1.1" 200 27
61.151.178.163 - - [12/Nov/2021:10:49:17 +0800] "GET /xingrg/login.html HTTP/1.1" 200 7641
101.85.238.236 - - [12/Nov/2021:10:49:17 +0800] "GET /xingrg/check_reg.html?_=1636685346582 HTTP/1.1" 200 22
116.238.248.233 - - [12/Nov/2021:10:49:19 +0800] "POST /xingrg/dwr/call/plaincall/AjaxComOrderService.getMaterielSearchList.dwr HTTP/1.1" 200 1890
116.238.248.233 - - [12/Nov/2021:10:49:19 +0800] "POST /xingrg/dwr/call/plaincall/AjaxComOrderService.getMaterielSearchList.dwr HTTP/1.1" 200 1890
114.83.218.184 - - [12/Nov/2021:10:49:20 +0800] "GET /xingrg/all/function/internal_message.html?_=1636685355203&CODE_STATE=getMsg HTTP/1.1" 200 27
180.169.147.146 - - [12/Nov/2021:10:49:20 +0800] "GET /xingrg/kc/buy/cgsh_order_operate.html?command=get_materiel&rest_code=00147&code=00101008296&supplier_code=00100006&order_time=2021-11-12 HTTP/1.1" 200 416
58.39.139.200 - - [12/Nov/2021:10:49:20 +0800] "GET /xingrg/kc/base/wldb_order_operate.html?command=get_materiel&rest_code=00105&base_code=0010507&code=00101019058 HTTP/1.1" 200 453
116.238.248.233 - - [12/Nov/2021:10:49:20 +0800] "POST /xingrg/dwr/call/plaincall/AjaxYddbService.getMaterielByMap.dwr HTTP/1.1" 200 3762
116.238.248.233 - - [12/Nov/2021:10:49:22 +0800] "POST /xingrg/dwr/call/plaincall/AjaxYddbService.getUnitPrice.dwr HTTP/1.1" 200 88
114.88.158.243 - - [12/Nov/2021:10:49:23 +0800] "GET /xingrg/all/function/internal_message.html?_=1636685192201&CODE_STATE=getMsg HTTP/1.1" 200 27
124.78.153.86 - - [12/Nov/2021:10:49:24 +0800] "GET /xingrg/kc/mdqp/qp_main.html HTTP/1.1" 200 10633
116.238.248.233 - - [12/Nov/2021:10:49:25 +0800] "POST /xingrg/dwr/call/plaincall/AjaxYddbService.saveMaterielItem.dwr HTTP/1.1" 200 79
124.78.153.86 - - [12/Nov/2021:10:49:25 +0800] "GET /xingrg/images/yd/bt.gif HTTP/1.1" 404 1040
124.78.153.86 - - [12/Nov/2021:10:49:26 +0800] "GET /xingrg/kc/mdqp/qqps_order_list.html HTTP/1.1" 200 9222
124.78.153.86 - - [12/Nov/2021:10:49:26 +0800] "GET /xingrg/dwr/interface/AjaxQqpsService.js HTTP/1.1" 200 16326
124.78.153.86 - - [12/Nov/2021:10:49:26 +0800] "GET /xingrg/dwr/interface/AjaxReportQueryService.js HTTP/1.1" 200 13203
124.78.153.86 - - [12/Nov/2021:10:49:26 +0800] "GET /xingrg/dwr/engine.js HTTP/1.1" 200 43631
124.78.153.86 - - [12/Nov/2021:10:49:26 +0800] "GET /xingrg/dwr/util.js HTTP/1.1" 304 -
116.238.248.233 - - [12/Nov/2021:10:49:27 +0800] "POST /xingrg/dwr/call/plaincall/AjaxComOrderService.getMaterielSearchList.dwr HTTP/1.1" 200 1890
116.233.78.138 - - [12/Nov/2021:10:49:28 +0800] "POST /xingrg/kc/buy/cgsh_order_operate.html HTTP/1.1" 200 37
116.238.248.233 - - [12/Nov/2021:10:49:28 +0800] "POST /xingrg/dwr/call/plaincall/AjaxComOrderService.getMaterielSearchList.dwr HTTP/1.1" 200 1890
58.39.139.200 - - [12/Nov/2021:10:49:29 +0800] "GET /xingrg/kc/base/wldb_order_operate.html?command=get_materiel&rest_code=00105&base_code=0010507&code=00101019405 HTTP/1.1" 200 468
116.238.248.233 - - [12/Nov/2021:10:49:29 +0800] "POST /xingrg/dwr/call/plaincall/AjaxYddbService.getMaterielByMap.dwr HTTP/1.1" 200 3790
124.78.153.86 - - [12/Nov/2021:10:49:29 +0800] "GET /xingrg/kc/base/wldb_order_operate.html?command=get_materiel&rest_code=00106&base_code=0010396&code=00101019185 HTTP/1.1" 200 455
180.169.147.146 - - [12/Nov/2021:10:49:30 +0800] "GET /xingrg/kc/buy/cgsh_order_operate.html?command=get_materiel&rest_code=00147&code=00101008353&supplier_code=00100006&order_time=2021-11-12 HTTP/1.1" 200 428
180.169.147.146 - - [12/Nov/2021:10:49:30 +0800] "GET /xingrg/all/function/internal_message.html?_=1636685367313&CODE_STATE=getMsg HTTP/1.1" 200 27
124.78.153.86 - - [12/Nov/2021:10:49:30 +0800] "POST /xingrg/dwr/call/plaincall/AjaxReportQueryService.getFixDate.dwr HTTP/1.1" 200 111
124.78.153.86 - - [12/Nov/2021:10:49:31 +0800] "GET /xingrg/kc/mdqp/qqps_order_list.html?isQuery=1&timeSelect=1&orderTime=yesterday&startTime=2021-11-11&endTime=2021-11-11&state=all&query=%C8%B7++%B6%A8 HTTP/1.1" 200 9777
124.78.153.86 - - [12/Nov/2021:10:49:31 +0800] "GET /xingrg/dwr/interface/AjaxQqpsService.js HTTP/1.1" 200 16326
124.78.153.86 - - [12/Nov/2021:10:49:31 +0800] "GET /xingrg/dwr/interface/AjaxReportQueryService.js HTTP/1.1" 200 13203
116.238.248.233 - - [12/Nov/2021:10:49:31 +0800] "POST /xingrg/dwr/call/plaincall/AjaxYddbService.getUnitPrice.dwr HTTP/1.1" 200 87
124.78.153.86 - - [12/Nov/2021:10:49:31 +0800] "GET /xingrg/dwr/engine.js HTTP/1.1" 200 43631
116.233.78.138 - - [12/Nov/2021:10:49:31 +0800] "POST /xingrg/kc/buy/cgsh_order_operate.html HTTP/1.1" 200 6191
116.238.248.233 - - [12/Nov/2021:10:49:33 +0800] "POST /xingrg/dwr/call/plaincall/AjaxYddbService.saveMaterielItem.dwr HTTP/1.1" 200 79
124.78.153.86 - - [12/Nov/2021:10:49:34 +0800] "GET /xingrg/kc/mdqp/qqps_order_info.html?code=302021111100247 HTTP/1.1" 200 26643
124.78.153.86 - - [12/Nov/2021:10:49:34 +0800] "GET /xingrg/dwr/interface/AjaxComOrderService.js HTTP/1.1" 200 18264
124.78.153.86 - - [12/Nov/2021:10:49:34 +0800] "GET /xingrg/dwr/interface/AjaxQqpsService.js HTTP/1.1" 200 16326
124.78.153.86 - - [12/Nov/2021:10:49:34 +0800] "GET /xingrg/dwr/engine.js HTTP/1.1" 200 43631
124.78.153.86 - - [12/Nov/2021:10:49:35 +0800] "GET /xingrg/check_reg.html?_=1636685370917 HTTP/1.1" 200 22
124.78.153.86 - - [12/Nov/2021:10:49:35 +0800] "POST /xingrg/dwr/call/plaincall/AjaxQqpsService.loadMaterielItems.dwr HTTP/1.1" 200 1923
61.151.178.163 - - [12/Nov/2021:10:49:35 +0800] "GET /xingrg/all/function/internal_message.html?_=1636685311103&CODE_STATE=getMsg HTTP/1.1" 302 -
124.78.153.86 - - [12/Nov/2021:10:49:35 +0800] "GET /xingrg/all/function/internal_message.html?_=1636685371081&CODE_STATE=getMsg HTTP/1.1" 200 27
180.169.147.146 - - [12/Nov/2021:10:49:35 +0800] "GET /xingrg/kc/buy/cgsh_order_operate.html?command=get_materiel&rest_code=00147&code=00101010196&supplier_code=00100006&order_time=2021-11-12 HTTP/1.1" 200 416
61.151.178.163 - - [12/Nov/2021:10:49:35 +0800] "GET /xingrg/login.html HTTP/1.1" 200 7641
101.85.120.86 - - [12/Nov/2021:10:49:37 +0800] "GET /xingrg/login.html HTTP/1.1" 200 7641
101.85.120.86 - - [12/Nov/2021:10:49:37 +0800] "GET /favicon.ico HTTP/1.1" 404 -
116.233.78.138 - - [12/Nov/2021:10:49:39 +0800] "GET /xingrg/kc/print/load_config.html?kc_code=cgsh HTTP/1.1" 200 2281
58.39.139.200 - - [12/Nov/2021:10:49:39 +0800] "GET /xingrg/kc/base/wldb_order_operate.html?command=get_materiel&rest_code=00105&base_code=0010507&code=00101019222 HTTP/1.1" 200 452
116.233.78.138 - - [12/Nov/2021:10:49:39 +0800] "GET /xingrg/kc/print/load_data.html?order_code=212021111204893&kc_code=cgsh&condition= HTTP/1.1" 200 2016
116.238.248.233 - - [12/Nov/2021:10:49:39 +0800] "POST /xingrg/dwr/call/plaincall/AjaxYddbService.checkOrder.dwr HTTP/1.1" 200 79
180.169.147.146 - - [12/Nov/2021:10:49:39 +0800] "GET /xingrg/kc/buy/cgsh_order_operate.html?command=get_materiel&rest_code=00147&code=00101008238&supplier_code=00100006&order_time=2021-11-12 HTTP/1.1" 200 416
116.238.248.233 - - [12/Nov/2021:10:49:40 +0800] "GET /xingrg/kc/base/yddb_order_info.html?code=482021111200063 HTTP/1.1" 200 29465
116.238.248.233 - - [12/Nov/2021:10:49:40 +0800] "GET /xingrg/dwr/interface/AjaxComOrderService.js HTTP/1.1" 200 18264
116.238.248.233 - - [12/Nov/2021:10:49:40 +0800] "GET /xingrg/dwr/interface/AjaxYddbService.js HTTP/1.1" 200 13201
116.238.248.233 - - [12/Nov/2021:10:49:40 +0800] "GET /xingrg/dwr/engine.js HTTP/1.1" 200 43631
116.238.248.233 - - [12/Nov/2021:10:49:40 +0800] "POST /xingrg/dwr/call/plaincall/AjaxYddbService.loadMaterielItems.dwr HTTP/1.1" 200 1913
120.253.135.82 - - [12/Nov/2021:10:49:40 +0800] "GET /xingrg/kc/buy/cgsh_order_info.html?code=212021111204891 HTTP/1.1" 200 58702
61.151.178.163 - - [12/Nov/2021:10:49:41 +0800] "GET /xingrg/kc/buy/cgsh_order_info.html?code=212021111204892 HTTP/1.1" 302 -
120.253.135.82 - - [12/Nov/2021:10:49:41 +0800] "GET /xingrg/javascript/easyui/themes/default/validatebox.css HTTP/1.1" 404 1104
120.253.135.82 - - [12/Nov/2021:10:49:41 +0800] "GET /xingrg/check_reg.html?_=1636685150735 HTTP/1.1" 200 22
120.253.135.82 - - [12/Nov/2021:10:49:41 +0800] "GET /xingrg/all/function/internal_message.html?_=1636685150734&CODE_STATE=getMsg HTTP/1.1" 200 27
61.151.178.163 - - [12/Nov/2021:10:49:41 +0800] "GET /xingrg/login.html HTTP/1.1" 200 7641
120.253.135.82 - - [12/Nov/2021:10:49:42 +0800] "POST /xingrg/kc/buy/cgsh_order_operate.html HTTP/1.1" 200 619
180.169.147.146 - - [12/Nov/2021:10:49:43 +0800] "GET /xingrg/check_reg.html?_=1636685379678 HTTP/1.1" 200 22
180.169.147.146 - - [12/Nov/2021:10:49:43 +0800] "GET /xingrg/all/function/internal_message.html?_=1636685379682&CODE_STATE=getMsg HTTP/1.1" 200 27
120.253.135.82 - - [12/Nov/2021:10:49:45 +0800] "POST /xingrg/kc/buy/cgsh_list_operate.html HTTP/1.1" 200 876
58.39.139.200 - - [12/Nov/2021:10:49:46 +0800] "POST /xingrg/kc/base/wldb_order_operate.html HTTP/1.1" 200 37
58.39.139.200 - - [12/Nov/2021:10:49:46 +0800] "POST /xingrg/kc/base/wldb_order_operate.html HTTP/1.1" 200 3656
172.20.0.100 - - [12/Nov/2021:10:49:46 +0800] "GET /xingrg/check_reg.html?_=1636685381585 HTTP/1.1" 200 22
116.238.248.233 - - [12/Nov/2021:10:49:47 +0800] "GET /xingrg/all/function/internal_message.html?_=1636685383864&CODE_STATE=getMsg HTTP/1.1" 200 27
180.169.147.146 - - [12/Nov/2021:10:49:47 +0800] "GET /xingrg/kc/buy/cgsh_order_operate.html?command=get_materiel&rest_code=00147&code=00101008010&supplier_code=00100006&order_time=2021-11-12 HTTP/1.1" 200 412
58.221.95.50 - - [12/Nov/2021:10:49:47 +0800] "GET /xingrg/all/function/internal_message.html?_=1636685384485&CODE_STATE=getMsg HTTP/1.1" 200 27
120.253.135.82 - - [12/Nov/2021:10:49:48 +0800] "GET /xingrg/kc/buy/cgsh_order_list.html HTTP/1.1" 200 49004
120.253.135.82 - - [12/Nov/2021:10:49:49 +0800] "POST /xingrg/kc/buy/cgsh_list_operate.html HTTP/1.1" 200 876
116.238.248.233 - - [12/Nov/2021:10:49:50 +0800] "POST /xingrg/all/user/operate.html HTTP/1.1" 200 36
116.238.248.233 - - [12/Nov/2021:10:49:50 +0800] "GET /xingrg/javascript/jquery_easy_ui/themes/default/easyui.css HTTP/1.1" 304 -
116.238.248.233 - - [12/Nov/2021:10:49:50 +0800] "GET /xingrg/javascript/jquery_easy_ui/themes/icon.css HTTP/1.1" 304 -
116.238.248.233 - - [12/Nov/2021:10:49:50 +0800] "GET /xingrg/css/form.css HTTP/1.1" 304 -
116.238.248.233 - - [12/Nov/2021:10:49:50 +0800] "GET /xingrg/index.html?sysBaseUrl=http%3A%2F%2F180.169.147.146%3A18081%2Fxingrg%2F&costTime=40×tamp=1636621600774 HTTP/1.1" 200 17177
116.238.248.233 - - [12/Nov/2021:10:49:50 +0800] "GET /xingrg/javascript/jquery-1.4.2.min.js HTTP/1.1" 304 -
116.238.248.233 - - [12/Nov/2021:10:49:50 +0800] "GET /xingrg/javascript/jquery_easy_ui/jquery.easyui.min.js HTTP/1.1" 304 -
116.238.248.233 - - [12/Nov/2021:10:49:50 +0800] "GET /xingrg/javascript/jquery_easy_ui/easyui-lang-zh_CN.js HTTP/1.1" 304 -
116.238.248.233 - - [12/Nov/2021:10:49:50 +0800] "GET /xingrg/javascript/jquery.form.js HTTP/1.1" 304 -
116.238.248.233 - - [12/Nov/2021:10:49:50 +0800] "GET /xingrg/javascript/jquery.utils.js HTTP/1.1" 304 -
116.238.248.233 - - [12/Nov/2021:10:49:50 +0800] "GET /xingrg/javascript/jquery.timers.js HTTP/1.1" 304 -
116.238.248.233 - - [12/Nov/2021:10:49:50 +0800] "GET /xingrg/images/blue/jxLogo.png HTTP/1.1" 304 -
116.238.248.233 - - [12/Nov/2021:10:49:50 +0800] "GET /xingrg/images/blue/navBackgound.jpg HTTP/1.1" 304 -
116.238.248.233 - - [12/Nov/2021:10:49:50 +0800] "GET /xingrg/javascript/jquery_easy_ui/themes/icons/settle_new.png HTTP/1.1" 304 -
116.238.248.233 - - [12/Nov/2021:10:49:50 +0800] "POST /xingrg/all/common/load_tree.html?tree=area_rest_tree_json&manage=1 HTTP/1.1" 200 476
116.238.248.233 - - [12/Nov/2021:10:49:50 +0800] "GET /xingrg/all/function/internal_message.html?_=1636685387525&CODE_STATE=count HTTP/1.1" 200 11
116.238.248.233 - - [12/Nov/2021:10:49:50 +0800] "GET /xingrg/check_reg.html?_=1636685387526 HTTP/1.1" 200 22
116.238.248.233 - - [12/Nov/2021:10:49:50 +0800] "GET /xingrg/javascript/jquery_easy_ui/themes/default/images/tabs_rightarrow.png HTTP/1.1" 304 -
116.238.248.233 - - [12/Nov/2021:10:49:50 +0800] "GET /xingrg/images/blue/pingpu.png HTTP/1.1" 304 -
116.238.248.233 - - [12/Nov/2021:10:49:50 +0800] "GET /xingrg/javascript/jquery_easy_ui/themes/default/images/tabs_leftarrow.png HTTP/1.1" 304 -
116.238.248.233 - - [12/Nov/2021:10:49:50 +0800] "GET /xingrg/javascript/jquery_easy_ui/themes/default/images/panel_tool_collapse.gif HTTP/1.1" 304 -
116.238.248.233 - - [12/Nov/2021:10:49:50 +0800] "POST /xingrg/load_menu.html HTTP/1.1" 200 5138
120.253.135.82 - - [12/Nov/2021:10:49:51 +0800] "GET /xingrg/kc/buy/cgsh_order_list.html HTTP/1.1" 200 49004
120.253.135.82 - - [12/Nov/2021:10:49:52 +0800] "POST /xingrg/kc/buy/cgsh_list_operate.html HTTP/1.1" 200 876
116.238.248.233 - - [12/Nov/2021:10:49:52 +0800] "GET /xingrg/kc/base/yddb_order_list.html HTTP/1.1" 200 16834
116.238.248.233 - - [12/Nov/2021:10:49:53 +0800] "POST /xingrg/kc/base/yddb_list_operate.html HTTP/1.1" 200 636
116.235.93.2 - - [12/Nov/2021:10:49:53 +0800] "GET /xingrg/kc/buy/cgsh_order_list.html HTTP/1.1" 200 49010
116.227.210.113 - - [12/Nov/2021:10:49:53 +0800] "GET /xingrg/all/function/internal_message.html?_=1636685377630&CODE_STATE=getMsg HTTP/1.1" 200 27
114.85.125.222 - - [12/Nov/2021:10:49:54 +0800] "GET /xingrg/all/function/internal_message.html?_=1636685315526&CODE_STATE=getMsg HTTP/1.1" 200 27
116.235.93.2 - - [12/Nov/2021:10:49:55 +0800] "POST /xingrg/kc/buy/cgsh_list_operate.html HTTP/1.1" 200 876
58.40.7.146 - - [12/Nov/2021:10:49:55 +0800] "GET /xingrg/all/function/internal_message.html?_=1636685391808&CODE_STATE=getMsg HTTP/1.1" 200 27
180.169.147.146 - - [12/Nov/2021:10:49:55 +0800] "GET /xingrg/kc/buy/cgsh_order_operate.html?command=get_materiel&rest_code=00147&code=00101008224&supplier_code=00100006&order_time=2021-11-12 HTTP/1.1" 200 416
58.39.139.200 - - [12/Nov/2021:10:49:55 +0800] "GET /xingrg/kc/base/wldb_order_info.html?code=422021111201248 HTTP/1.1" 200 30452
116.238.248.233 - - [12/Nov/2021:10:49:55 +0800] "POST /xingrg/kc/base/yddb_list_operate.html HTTP/1.1" 200 1605
58.39.139.200 - - [12/Nov/2021:10:49:56 +0800] "GET /xingrg/javascript/easyui/themes/default/validatebox.css HTTP/1.1" 404 1104
58.39.139.200 - - [12/Nov/2021:10:49:56 +0800] "POST /xingrg/kc/base/wldb_order_operate.html HTTP/1.1" 200 3656
116.235.93.2 - - [12/Nov/2021:10:49:58 +0800] "GET /xingrg/all/function/internal_message.html?_=1636685507321&CODE_STATE=getMsg HTTP/1.1" 200 27
222.70.171.86 - - [12/Nov/2021:10:49:58 +0800] "POST /xingrg/kc/buy/cgsh_order_operate.html HTTP/1.1" 200 37
116.238.248.233 - - [12/Nov/2021:10:49:58 +0800] "POST /xingrg/kc/base/yddb_list_operate.html HTTP/1.1" 200 550
180.169.147.146 - - [12/Nov/2021:10:49:58 +0800] "POST /xingrg/kc/buy/cgsh_order_operate.html HTTP/1.1" 200 2065
116.238.248.233 - - [12/Nov/2021:10:49:58 +0800] "GET /xingrg/kc/base/yddb_order_info.html?code=482021111200063 HTTP/1.1" 200 31030
116.238.248.233 - - [12/Nov/2021:10:49:58 +0800] "GET /xingrg/dwr/interface/AjaxComOrderService.js HTTP/1.1" 200 18264
116.238.248.233 - - [12/Nov/2021:10:49:58 +0800] "GET /xingrg/dwr/interface/AjaxYddbService.js HTTP/1.1" 200 13201
116.238.248.233 - - [12/Nov/2021:10:49:58 +0800] "GET /xingrg/dwr/engine.js HTTP/1.1" 200 43631
116.238.248.233 - - [12/Nov/2021:10:49:58 +0800] "POST /xingrg/dwr/call/plaincall/AjaxYddbService.loadMaterielItems.dwr HTTP/1.1" 200 1913
116.235.93.2 - - [12/Nov/2021:10:49:59 +0800] "GET /xingrg/kc/buy/cgsh_order_add.html HTTP/1.1" 200 64786
116.235.93.2 - - [12/Nov/2021:10:49:59 +0800] "GET /xingrg/words/20211112101509_words.js HTTP/1.1" 200 872346
116.235.93.2 - - [12/Nov/2021:10:49:59 +0800] "GET /xingrg/all/common/auto_word.html?type=employee&rest_code=00104 HTTP/1.1" 200 195
116.235.93.2 - - [12/Nov/2021:10:49:59 +0800] "GET /xingrg/javascript/easyui/themes/default/validatebox.css HTTP/1.1" 404 1104
116.235.93.2 - - [12/Nov/2021:10:49:59 +0800] "POST /xingrg/kc/buy/cgsh_order_operate.html HTTP/1.1" 200 8245
116.235.93.2 - - [12/Nov/2021:10:49:59 +0800] "GET /xingrg/all/common/auto_word.html?type=employee&rest_code=00104 HTTP/1.1" 200 195
222.70.171.86 - - [12/Nov/2021:10:49:59 +0800] "POST /xingrg/kc/buy/cgsh_order_operate.html HTTP/1.1" 200 58175
180.169.147.146 - - [12/Nov/2021:10:50:00 +0800] "GET /xingrg/all/function/internal_message.html?_=1636685464164&CODE_STATE=getMsg HTTP/1.1" 200 27
58.39.139.200 - - [12/Nov/2021:10:50:00 +0800] "GET /xingrg/kc/base/wldb_order_add.html HTTP/1.1" 200 30438
58.39.139.200 - - [12/Nov/2021:10:50:01 +0800] "GET /xingrg/javascript/easyui/themes/default/validatebox.css HTTP/1.1" 404 1104
58.39.139.200 - - [12/Nov/2021:10:50:01 +0800] "POST /xingrg/kc/base/wldb_order_operate.html HTTP/1.1" 200 6806
116.235.93.2 - - [12/Nov/2021:10:50:01 +0800] "GET /xingrg/javascript/easyui/themes/default/tree.css HTTP/1.1" 404 1090
116.235.93.2 - - [12/Nov/2021:10:50:01 +0800] "POST /xingrg/all/common/load_tree.html?tree=supplier_tree_json&isDelete=1 HTTP/1.1" 200 60292
116.238.248.233 - - [12/Nov/2021:10:50:02 +0800] "POST /xingrg/dwr/call/plaincall/AjaxYddbService.saveOrder.dwr HTTP/1.1" 200 78
222.70.171.86 - - [12/Nov/2021:10:50:03 +0800] "GET /xingrg/kc/print/load_config.html?kc_code=cgsh HTTP/1.1" 200 2281
222.70.171.86 - - [12/Nov/2021:10:50:03 +0800] "GET /xingrg/kc/print/load_data.html?order_code=212021111204894&kc_code=cgsh&condition= HTTP/1.1" 200 21640
124.78.153.86 - - [12/Nov/2021:10:50:03 +0800] "GET /xingrg/kc/base/wldb_order_operate.html?command=get_materiel&rest_code=00106&base_code=0010396&code=00101016083 HTTP/1.1" 200 450
180.169.147.146 - - [12/Nov/2021:10:50:04 +0800] "GET /xingrg/kc/buy/cgsh_order_operate.html?command=get_materiel&rest_code=00147&code=00101008354&supplier_code=00100006&order_time=2021-11-12 HTTP/1.1" 200 412
116.238.248.233 - - [12/Nov/2021:10:50:05 +0800] "POST /xingrg/dwr/call/plaincall/AjaxYddbService.objCheckOrder.dwr HTTP/1.1" 200 78
222.70.171.86 - - [12/Nov/2021:10:50:05 +0800] "GET /xingrg/all/function/internal_message.html?_=1636685418431&CODE_STATE=getMsg HTTP/1.1" 200 27
116.238.248.233 - - [12/Nov/2021:10:50:05 +0800] "GET /xingrg/kc/base/yddb_order_info.html?code=482021111200063 HTTP/1.1" 200 31151
116.238.248.233 - - [12/Nov/2021:10:50:05 +0800] "GET /xingrg/dwr/interface/AjaxYddbService.js HTTP/1.1" 200 13201
116.238.248.233 - - [12/Nov/2021:10:50:05 +0800] "GET /xingrg/dwr/interface/AjaxComOrderService.js HTTP/1.1" 200 18264
116.238.248.233 - - [12/Nov/2021:10:50:06 +0800] "GET /xingrg/dwr/engine.js HTTP/1.1" 200 43631
116.238.248.233 - - [12/Nov/2021:10:50:06 +0800] "POST /xingrg/dwr/call/plaincall/AjaxYddbService.loadMaterielItems.dwr HTTP/1.1" 200 1913
116.233.78.138 - - [12/Nov/2021:10:50:06 +0800] "GET /xingrg/all/function/internal_message.html?_=1636685403781&CODE_STATE=getMsg HTTP/1.1" 200 27
116.233.78.138 - - [12/Nov/2021:10:50:06 +0800] "GET /xingrg/check_reg.html?_=1636685403784 HTTP/1.1" 200 22
116.238.248.233 - - [12/Nov/2021:10:50:06 +0800] "GET /xingrg/kc/base/yddb_order_list.html?isBack=1 HTTP/1.1" 200 16834
116.238.248.233 - - [12/Nov/2021:10:50:07 +0800] "POST /xingrg/kc/base/yddb_list_operate.html HTTP/1.1" 200 636
58.39.139.200 - - [12/Nov/2021:10:50:08 +0800] "POST /xingrg/all/common/load_combo.html?type=base HTTP/1.1" 200 3321
116.238.248.233 - - [12/Nov/2021:10:50:09 +0800] "POST /xingrg/kc/base/yddb_list_operate.html HTTP/1.1" 200 1344
116.238.248.233 - - [12/Nov/2021:10:50:10 +0800] "POST /xingrg/kc/base/yddb_list_operate.html HTTP/1.1" 200 210
116.238.248.233 - - [12/Nov/2021:10:50:10 +0800] "GET /xingrg/kc/base/yddb_order_info.html?code=482021111200062 HTTP/1.1" 200 31029
116.238.248.233 - - [12/Nov/2021:10:50:10 +0800] "GET /xingrg/dwr/interface/AjaxYddbService.js HTTP/1.1" 200 13201
116.238.248.233 - - [12/Nov/2021:10:50:10 +0800] "GET /xingrg/dwr/interface/AjaxComOrderService.js HTTP/1.1" 200 18264
116.238.248.233 - - [12/Nov/2021:10:50:10 +0800] "GET /xingrg/dwr/engine.js HTTP/1.1" 200 43631
116.238.248.233 - - [12/Nov/2021:10:50:10 +0800] "POST /xingrg/dwr/call/plaincall/AjaxYddbService.loadMaterielItems.dwr HTTP/1.1" 200 405
58.39.139.200 - - [12/Nov/2021:10:50:13 +0800] "GET /xingrg/all/function/internal_message.html?_=1636685410987&CODE_STATE=getMsg HTTP/1.1" 200 27
124.78.153.86 - - [12/Nov/2021:10:50:14 +0800] "GET /xingrg/kc/base/wldb_order_operate.html?command=get_materiel&rest_code=00106&base_code=0010396&code=00101019391 HTTP/1.1" 200 471
116.238.248.233 - - [12/Nov/2021:10:50:14 +0800] "POST /xingrg/dwr/call/plaincall/AjaxYddbService.saveOrder.dwr HTTP/1.1" 200 78
180.169.147.146 - - [12/Nov/2021:10:50:15 +0800] "GET /xingrg/kc/buy/cgsh_order_operate.html?command=get_materiel&rest_code=00147&code=00101008370&supplier_code=00100006&order_time=2021-11-12 HTTP/1.1" 200 412
180.169.147.146 - - [12/Nov/2021:10:50:15 +0800] "GET /xingrg/all/function/internal_message.html?_=1636685408197&CODE_STATE=getMsg HTTP/1.1" 200 27
180.169.147.146 - - [12/Nov/2021:10:50:15 +0800] "GET /xingrg/check_reg.html?_=1636685408199 HTTP/1.1" 200 22
222.70.176.97 - - [12/Nov/2021:10:50:15 +0800] "GET /xingrg/all/function/internal_message.html?_=1636685409713&CODE_STATE=getMsg HTTP/1.1" 200 27
124.78.153.86 - - [12/Nov/2021:10:50:16 +0800] "GET /xingrg/kc/buy/cgsh_order_add.html HTTP/1.1" 200 64786
124.78.153.86 - - [12/Nov/2021:10:50:16 +0800] "GET /xingrg/all/function/internal_message.html?_=1636685415781&CODE_STATE=getMsg HTTP/1.1" 200 27
124.78.153.86 - - [12/Nov/2021:10:50:16 +0800] "POST /xingrg/kc/buy/cgsh_order_operate.html HTTP/1.1" 200 8245
124.78.153.86 - - [12/Nov/2021:10:50:16 +0800] "GET /xingrg/javascript/easyui/themes/default/validatebox.css HTTP/1.1" 404 1104
116.238.248.233 - - [12/Nov/2021:10:50:17 +0800] "POST /xingrg/dwr/call/plaincall/AjaxYddbService.objCheckOrder.dwr HTTP/1.1" 200 78
116.238.248.233 - - [12/Nov/2021:10:50:17 +0800] "GET /xingrg/kc/base/yddb_order_info.html?code=482021111200062 HTTP/1.1" 200 31150
116.238.248.233 - - [12/Nov/2021:10:50:17 +0800] "GET /xingrg/dwr/interface/AjaxComOrderService.js HTTP/1.1" 200 18264
116.238.248.233 - - [12/Nov/2021:10:50:17 +0800] "GET /xingrg/dwr/interface/AjaxYddbService.js HTTP/1.1" 200 13201
116.238.248.233 - - [12/Nov/2021:10:50:17 +0800] "GET /xingrg/dwr/engine.js HTTP/1.1" 200 43631
116.238.248.233 - - [12/Nov/2021:10:50:18 +0800] "POST /xingrg/dwr/call/plaincall/AjaxYddbService.loadMaterielItems.dwr HTTP/1.1" 200 405
124.78.153.86 - - [12/Nov/2021:10:50:19 +0800] "GET /xingrg/javascript/easyui/themes/default/tree.css HTTP/1.1" 404 1090
124.78.153.86 - - [12/Nov/2021:10:50:19 +0800] "POST /xingrg/all/common/load_tree.html?tree=supplier_tree_json&isDelete=1 HTTP/1.1" 200 60292
114.83.218.184 - - [12/Nov/2021:10:50:20 +0800] "GET /xingrg/all/function/internal_message.html?_=1636685415202&CODE_STATE=getMsg HTTP/1.1" 200 27
114.88.158.243 - - [12/Nov/2021:10:50:23 +0800] "GET /xingrg/all/function/internal_message.html?_=1636685252171&CODE_STATE=getMsg HTTP/1.1" 200 27
58.39.139.200 - - [12/Nov/2021:10:50:23 +0800] "GET /xingrg/kc/base/wldb_order_operate.html?command=get_materiel&rest_code=00105&base_code=0010508&code=00102002451 HTTP/1.1" 200 419
114.88.158.243 - - [12/Nov/2021:10:50:24 +0800] "GET /xingrg/check_reg.html?_=1636685253170 HTTP/1.1" 200 22
180.169.147.146 - - [12/Nov/2021:10:50:26 +0800] "GET /xingrg/kc/buy/cgsh_order_operate.html?command=get_materiel&rest_code=00147&code=00101008141&supplier_code=00100006&order_time=2021-11-12 HTTP/1.1" 200 412
116.235.93.2 - - [12/Nov/2021:10:50:27 +0800] "GET /xingrg/javascript/auto/indicator.gif HTTP/1.1" 404 1066
58.39.139.200 - - [12/Nov/2021:10:50:28 +0800] "POST /xingrg/kc/base/wldb_order_operate.html HTTP/1.1" 200 37
58.39.139.200 - - [12/Nov/2021:10:50:29 +0800] "POST /xingrg/kc/base/wldb_order_operate.html HTTP/1.1" 200 2183
124.78.153.86 - - [12/Nov/2021:10:50:29 +0800] "GET /xingrg/kc/base/wldb_order_operate.html?command=get_materiel&rest_code=00106&base_code=0010396&code=00101019249 HTTP/1.1" 200 470
58.39.139.200 - - [12/Nov/2021:10:50:30 +0800] "GET /xingrg/kc/base/wldb_order_info.html?code=422021111201249 HTTP/1.1" 200 30452
180.169.147.146 - - [12/Nov/2021:10:50:30 +0800] "GET /xingrg/all/function/internal_message.html?_=1636685427300&CODE_STATE=getMsg HTTP/1.1" 200 27
58.39.139.200 - - [12/Nov/2021:10:50:30 +0800] "GET /xingrg/javascript/easyui/themes/default/validatebox.css HTTP/1.1" 404 1104
58.39.139.200 - - [12/Nov/2021:10:50:31 +0800] "POST /xingrg/kc/base/wldb_order_operate.html HTTP/1.1" 200 2183
61.151.178.249 - - [12/Nov/2021:10:50:31 +0800] "GET /xingrg/kc/mdqp/qqps_order_list.html?isQuery=1&timeSelect=1&orderTime=yesterday&startTime=2021-11-11&endTime=2021-11-11&state=all&query=¨¨¡¤++?¡§ HTTP/1.1" 302 -
61.151.178.249 - - [12/Nov/2021:10:50:31 +0800] "GET /xingrg/login.html HTTP/1.1" 200 7641
114.85.125.222 - - [12/Nov/2021:10:50:32 +0800] "GET /xingrg/check_reg.html?_=1636685353035 HTTP/1.1" 200 22
61.151.178.180 - - [12/Nov/2021:10:50:33 +0800] "GET /xingrg/kc/mdqp/qqps_order_info.html?code=302021111100247 HTTP/1.1" 302 -
61.151.178.180 - - [12/Nov/2021:10:50:33 +0800] "GET /xingrg/login.html HTTP/1.1" 200 7641
101.89.239.238 - - [12/Nov/2021:10:50:34 +0800] "GET /xingrg/check_reg.html?_=1636685370917 HTTP/1.1" 302 -
101.89.239.238 - - [12/Nov/2021:10:50:34 +0800] "GET /xingrg/login.html HTTP/1.1" 200 7641
124.78.153.86 - - [12/Nov/2021:10:50:34 +0800] "GET /xingrg/javascript/auto/indicator.gif HTTP/1.1" 404 1066
180.169.147.146 - - [12/Nov/2021:10:50:35 +0800] "GET /xingrg/kc/buy/cgsh_order_operate.html?command=get_materiel&rest_code=00147&code=00101008321&supplier_code=00100006&order_time=2021-11-12 HTTP/1.1" 200 412
61.151.178.197 - - [12/Nov/2021:10:50:35 +0800] "GET /xingrg/all/function/internal_message.html?_=1636685371081&CODE_STATE=getMsg HTTP/1.1" 302 -
124.78.153.86 - - [12/Nov/2021:10:50:35 +0800] "GET /xingrg/all/function/internal_message.html?_=1636685431060&CODE_STATE=getMsg HTTP/1.1" 200 27
61.151.178.197 - - [12/Nov/2021:10:50:35 +0800] "GET /xingrg/login.html HTTP/1.1" 200 7641
116.235.93.2 - - [12/Nov/2021:10:50:38 +0800] "GET /xingrg/kc/buy/cgsh_order_operate.html?command=get_materiel&rest_code=00104&code=00102002168&supplier_code=00100097&order_time=2021-11-12 HTTP/1.1" 200 415
124.78.153.86 - - [12/Nov/2021:10:50:40 +0800] "GET /xingrg/kc/buy/cgsh_order_operate.html?command=get_materiel&rest_code=00106&code=00101009006&supplier_code=00100022&order_time=2021-11-12 HTTP/1.1" 200 408
120.253.135.82 - - [12/Nov/2021:10:50:41 +0800] "GET /xingrg/all/function/internal_message.html?_=1636685210857&CODE_STATE=getMsg HTTP/1.1" 200 27
180.169.147.146 - - [12/Nov/2021:10:50:43 +0800] "GET /xingrg/all/function/internal_message.html?_=1636685439698&CODE_STATE=getMsg HTTP/1.1" 200 27
180.169.147.146 - - [12/Nov/2021:10:50:45 +0800] "GET /xingrg/kc/buy/cgsh_order_operate.html?command=get_materiel&rest_code=00147&code=00101008137&supplier_code=00100006&order_time=2021-11-12 HTTP/1.1" 200 408
124.78.153.86 - - [12/Nov/2021:10:50:46 +0800] "GET /xingrg/kc/base/wldb_order_operate.html?command=get_materiel&rest_code=00106&base_code=0010396&code=00101019306 HTTP/1.1" 200 462
180.169.147.146 - - [12/Nov/2021:10:50:47 +0800] "POST /xingrg/kc/buy/cgsh_order_operate.html HTTP/1.1" 200 2065
58.221.95.50 - - [12/Nov/2021:10:50:47 +0800] "GET /xingrg/all/function/internal_message.html?_=1636685444488&CODE_STATE=getMsg HTTP/1.1" 200 27
116.238.248.233 - - [12/Nov/2021:10:50:50 +0800] "GET /xingrg/all/function/internal_message.html?_=1636685447540&CODE_STATE=getMsg HTTP/1.1" 200 27
180.169.147.146 - - [12/Nov/2021:10:50:53 +0800] "GET /xingrg/kc/buy/cgsh_order_operate.html?command=get_materiel&rest_code=00147&code=00101008357&supplier_code=00100006&order_time=2021-11-12 HTTP/1.1" 200 408
116.227.210.113 - - [12/Nov/2021:10:50:53 +0800] "GET /xingrg/all/function/internal_message.html?_=1636685437640&CODE_STATE=getMsg HTTP/1.1" 200 27
116.227.210.113 - - [12/Nov/2021:10:50:53 +0800] "GET /xingrg/check_reg.html?_=1636685437643 HTTP/1.1" 200 22
124.78.153.86 - - [12/Nov/2021:10:50:54 +0800] "GET /xingrg/kc/buy/cgsh_order_operate.html?command=get_materiel&rest_code=00106&code=00101009011&supplier_code=00100022&order_time=2021-11-12 HTTP/1.1" 200 417
114.85.125.222 - - [12/Nov/2021:10:50:54 +0800] "GET /xingrg/all/function/internal_message.html?_=1636685375530&CODE_STATE=getMsg HTTP/1.1" 200 27
58.40.7.146 - - [12/Nov/2021:10:50:55 +0800] "GET /xingrg/all/function/internal_message.html?_=1636685451802&CODE_STATE=getMsg HTTP/1.1" 200 27
116.235.93.2 - - [12/Nov/2021:10:50:58 +0800] "GET /xingrg/all/function/internal_message.html?_=1636685567312&CODE_STATE=getMsg HTTP/1.1" 200 27
116.235.93.2 - - [12/Nov/2021:10:50:58 +0800] "GET /xingrg/check_reg.html?_=1636685567314 HTTP/1.1" 200 22
222.70.171.86 - - [12/Nov/2021:10:51:00 +0800] "GET /xingrg/check_reg.html?_=1636685473326 HTTP/1.1" 200 22
180.169.147.146 - - [12/Nov/2021:10:51:00 +0800] "GET /xingrg/check_reg.html?_=1636685524164 HTTP/1.1" 200 22
180.169.147.146 - - [12/Nov/2021:10:51:00 +0800] "GET /xingrg/all/function/internal_message.html?_=1636685524166&CODE_STATE=getMsg HTTP/1.1" 200 27
180.169.147.146 - - [12/Nov/2021:10:51:02 +0800] "GET /xingrg/kc/buy/cgsh_order_operate.html?command=get_materiel&rest_code=00147&code=00101008005&supplier_code=00100006&order_time=2021-11-12 HTTP/1.1" 200 412
120.253.135.82 - - [12/Nov/2021:10:51:02 +0800] "GET /xingrg/kc/buy/cgsh_order_list.html HTTP/1.1" 200 49004
120.253.135.82 - - [12/Nov/2021:10:51:03 +0800] "POST /xingrg/kc/buy/cgsh_list_operate.html HTTP/1.1" 200 876
222.70.171.86 - - [12/Nov/2021:10:51:05 +0800] "GET /xingrg/all/function/internal_message.html?_=1636685478431&CODE_STATE=getMsg HTTP/1.1" 200 27
120.253.135.82 - - [12/Nov/2021:10:51:05 +0800] "GET /xingrg/kc/buy/cgsh_order_list.html HTTP/1.1" 200 49004
116.233.78.138 - - [12/Nov/2021:10:51:06 +0800] "GET /xingrg/all/function/internal_message.html?_=1636685463783&CODE_STATE=getMsg HTTP/1.1" 200 27
120.253.135.82 - - [12/Nov/2021:10:51:06 +0800] "POST /xingrg/kc/buy/cgsh_list_operate.html HTTP/1.1" 200 876
124.78.153.86 - - [12/Nov/2021:10:51:08 +0800] "GET /xingrg/kc/base/wldb_order_operate.html?command=get_materiel&rest_code=00106&base_code=0010396&code=00101019155 HTTP/1.1" 200 478
120.253.135.82 - - [12/Nov/2021:10:51:12 +0800] "GET /xingrg/kc/buy/cgsh_order_list.html HTTP/1.1" 200 49004
120.253.135.82 - - [12/Nov/2021:10:51:13 +0800] "POST /xingrg/kc/buy/cgsh_list_operate.html HTTP/1.1" 200 876
58.39.139.200 - - [12/Nov/2021:10:51:13 +0800] "GET /xingrg/all/function/internal_message.html?_=1636685471021&CODE_STATE=getMsg HTTP/1.1" 200 27
180.169.147.146 - - [12/Nov/2021:10:51:13 +0800] "GET /xingrg/kc/buy/cgsh_order_operate.html?command=get_materiel&rest_code=00147&code=00101008213&supplier_code=00100006&order_time=2021-11-12 HTTP/1.1" 200 412
180.169.147.146 - - [12/Nov/2021:10:51:15 +0800] "GET /xingrg/all/function/internal_message.html?_=1636685468198&CODE_STATE=getMsg HTTP/1.1" 200 27
