222.70.171.86 - - [07/Nov/2021:07:29:35 +0800] "GET /xingrg/all/function/internal_message.html?_=1636241376526&CODE_STATE=getMsg HTTP/1.1" 200 27
222.70.171.86 - - [07/Nov/2021:07:29:39 +0800] "GET /xingrg/all/function/internal_message.html?_=1636241381730&CODE_STATE=getMsg HTTP/1.1" 302 -
120.253.135.82 - - [07/Nov/2021:07:29:41 +0800] "POST /xingrg/kc/pszx/mdps_order_operate.html HTTP/1.1" 200 37
120.253.135.82 - - [07/Nov/2021:07:29:42 +0800] "GET /xingrg/kc/pszx/mdps_order_info.html?code=312021110700206 HTTP/1.1" 200 23931
120.253.135.82 - - [07/Nov/2021:07:29:43 +0800] "GET /xingrg/javascript/easyui/themes/default/validatebox.css HTTP/1.1" 404 1104
120.253.135.82 - - [07/Nov/2021:07:29:43 +0800] "POST /xingrg/kc/pszx/mdps_order_operate.html HTTP/1.1" 200 9530
120.253.135.82 - - [07/Nov/2021:07:29:44 +0800] "POST /xingrg/kc/pszx/mdps_list_operate.html HTTP/1.1" 200 3921
120.253.135.82 - - [07/Nov/2021:07:29:46 +0800] "POST /xingrg/kc/pszx/mdps_list_operate.html HTTP/1.1" 200 205
120.253.135.82 - - [07/Nov/2021:07:29:46 +0800] "GET /xingrg/kc/pszx/mdps_order_info.html?code=312021110500126 HTTP/1.1" 200 23931
120.253.135.82 - - [07/Nov/2021:07:29:47 +0800] "POST /xingrg/kc/pszx/mdps_order_operate.html HTTP/1.1" 200 2276
120.253.135.82 - - [07/Nov/2021:07:29:47 +0800] "GET /xingrg/javascript/easyui/themes/default/validatebox.css HTTP/1.1" 404 1104
180.169.147.146 - - [07/Nov/2021:07:29:56 +0800] "GET /xingrg/all/function/internal_message.html?_=1636241396195&CODE_STATE=getMsg HTTP/1.1" 200 27
180.169.147.146 - - [07/Nov/2021:07:29:56 +0800] "GET /xingrg/all/function/internal_message.html?_=1636241396285&CODE_STATE=getMsg HTTP/1.1" 200 27
116.238.248.233 - - [07/Nov/2021:07:29:57 +0800] "GET /xingrg/all/function/internal_message.html?_=1636241397095&CODE_STATE=getMsg HTTP/1.1" 200 27
120.253.135.82 - - [07/Nov/2021:07:29:57 +0800] "POST /xingrg/all/common/load_combo.html?type=base HTTP/1.1" 200 1075
120.253.135.82 - - [07/Nov/2021:07:29:59 +0800] "GET /xingrg/check_reg.html?_=1636241171025 HTTP/1.1" 200 22
114.85.125.222 - - [07/Nov/2021:07:30:00 +0800] "GET /xingrg/all/function/internal_message.html?_=1636241329323&CODE_STATE=getMsg HTTP/1.1" 200 27
58.39.139.200 - - [07/Nov/2021:07:30:04 +0800] "POST /xingrg/services/DataTransmitService HTTP/1.1" 200 524
222.70.171.86 - - [07/Nov/2021:07:30:05 +0800] "GET /xingrg/check_reg.html?_=1636241406102 HTTP/1.1" 200 22
120.253.135.82 - - [07/Nov/2021:07:30:05 +0800] "GET /xingrg/kc/pszx/mdps_order_operate.html?command=get_materiel&pszx_code=00101&rest_code=00104&base_code=0010252&code=00101014041 HTTP/1.1" 200 434
120.253.135.82 - - [07/Nov/2021:07:30:10 +0800] "GET /xingrg/all/function/internal_message.html?_=1636241181454&CODE_STATE=getMsg HTTP/1.1" 200 27
120.253.135.82 - - [07/Nov/2021:07:30:14 +0800] "POST /xingrg/kc/pszx/mdps_order_operate.html HTTP/1.1" 200 37
120.253.135.82 - - [07/Nov/2021:07:30:14 +0800] "GET /xingrg/kc/pszx/mdps_order_info.html?code=312021110500126 HTTP/1.1" 200 23931
120.253.135.82 - - [07/Nov/2021:07:30:15 +0800] "POST /xingrg/kc/pszx/mdps_order_operate.html HTTP/1.1" 200 2276
120.253.135.82 - - [07/Nov/2021:07:30:15 +0800] "GET /xingrg/javascript/easyui/themes/default/validatebox.css HTTP/1.1" 404 1104
120.253.135.82 - - [07/Nov/2021:07:30:17 +0800] "POST /xingrg/kc/pszx/mdps_list_operate.html HTTP/1.1" 200 3922
58.39.139.200 - - [07/Nov/2021:07:30:18 +0800] "POST /xingrg/services/DataTransmitService HTTP/1.1" 200 501
58.39.139.200 - - [07/Nov/2021:07:30:18 +0800] "POST /xingrg/services/DataTransmitService HTTP/1.1" 200 501
58.39.139.200 - - [07/Nov/2021:07:30:19 +0800] "POST /xingrg/services/DataTransmitService HTTP/1.1" 200 501
120.253.135.82 - - [07/Nov/2021:07:30:19 +0800] "POST /xingrg/kc/pszx/mdps_list_operate.html HTTP/1.1" 200 612
58.39.139.200 - - [07/Nov/2021:07:30:20 +0800] "POST /xingrg/services/DataTransmitService HTTP/1.1" 200 501
58.39.139.200 - - [07/Nov/2021:07:30:20 +0800] "POST /xingrg/services/DataTransmitService HTTP/1.1" 200 501
120.253.135.82 - - [07/Nov/2021:07:30:20 +0800] "GET /xingrg/all/function/internal_message.html?_=1636241380506&CODE_STATE=getMsg HTTP/1.1" 200 27
58.39.139.200 - - [07/Nov/2021:07:30:21 +0800] "POST /xingrg/services/DataTransmitService HTTP/1.1" 200 501
120.253.135.82 - - [07/Nov/2021:07:30:21 +0800] "POST /xingrg/kc/pszx/mdps_list_operate.html HTTP/1.1" 200 586
58.39.139.200 - - [07/Nov/2021:07:30:21 +0800] "POST /xingrg/services/DataTransmitService HTTP/1.1" 200 501
58.39.139.200 - - [07/Nov/2021:07:30:22 +0800] "POST /xingrg/services/DataTransmitService HTTP/1.1" 200 501
58.39.139.200 - - [07/Nov/2021:07:30:22 +0800] "POST /xingrg/services/DataTransmitService HTTP/1.1" 200 412
120.253.135.82 - - [07/Nov/2021:07:30:23 +0800] "POST /xingrg/kc/pszx/mdps_list_operate.html HTTP/1.1" 200 659
120.253.135.82 - - [07/Nov/2021:07:30:24 +0800] "GET /xingrg/kc/pszx/mdps_order_info.html?code=312021110700206 HTTP/1.1" 200 23931
120.253.135.82 - - [07/Nov/2021:07:30:24 +0800] "GET /xingrg/javascript/easyui/themes/default/validatebox.css HTTP/1.1" 404 1104
120.253.135.82 - - [07/Nov/2021:07:30:24 +0800] "POST /xingrg/kc/pszx/mdps_order_operate.html HTTP/1.1" 200 9530
120.253.135.82 - - [07/Nov/2021:07:30:27 +0800] "POST /xingrg/kc/pszx/mdps_list_operate.html HTTP/1.1" 200 3922
180.157.253.6 - - [07/Nov/2021:07:30:33 +0800] "GET /xingrg/all/function/internal_message.html?_=1636241435036&CODE_STATE=getMsg HTTP/1.1" 200 27
222.70.171.86 - - [07/Nov/2021:07:30:35 +0800] "GET /xingrg/all/function/internal_message.html?_=1636241436536&CODE_STATE=getMsg HTTP/1.1" 200 27
120.253.135.82 - - [07/Nov/2021:07:30:36 +0800] "GET /xingrg/kc/pszx/mdqp_order_list.html?state=10 HTTP/1.1" 200 16449
120.253.135.82 - - [07/Nov/2021:07:30:36 +0800] "GET /xingrg/dwr/interface/AjaxReportQueryService.js HTTP/1.1" 200 13203
120.253.135.82 - - [07/Nov/2021:07:30:36 +0800] "GET /xingrg/dwr/interface/AjaxQqpsService.js HTTP/1.1" 200 16326
120.253.135.82 - - [07/Nov/2021:07:30:36 +0800] "GET /xingrg/dwr/engine.js HTTP/1.1" 200 43631
222.70.171.86 - - [07/Nov/2021:07:30:39 +0800] "GET /xingrg/all/function/internal_message.html?_=1636241441735&CODE_STATE=getMsg HTTP/1.1" 302 -
120.253.135.82 - - [07/Nov/2021:07:30:41 +0800] "GET /xingrg/kc/pszx/jzcl_ps.html HTTP/1.1" 200 7683
120.253.135.82 - - [07/Nov/2021:07:30:41 +0800] "POST /xingrg/all/common/load_tree.html?tree=area_rest_tree_json HTTP/1.1" 200 3472
120.253.135.82 - - [07/Nov/2021:07:30:41 +0800] "POST /xingrg/kc/pszx/jzcl_ps_operate.html HTTP/1.1" 200 7077
120.253.135.82 - - [07/Nov/2021:07:30:41 +0800] "POST /xingrg/kc/pszx/jzcl_ps_operate.html HTTP/1.1" 200 7077
180.169.147.146 - - [07/Nov/2021:07:30:56 +0800] "GET /xingrg/all/function/internal_message.html?_=1636241456197&CODE_STATE=getMsg HTTP/1.1" 200 27
180.169.147.146 - - [07/Nov/2021:07:30:56 +0800] "GET /xingrg/check_reg.html?_=1636241456273 HTTP/1.1" 200 22
180.169.147.146 - - [07/Nov/2021:07:30:56 +0800] "GET /xingrg/all/function/internal_message.html?_=1636241456275&CODE_STATE=getMsg HTTP/1.1" 200 27
116.238.248.233 - - [07/Nov/2021:07:30:57 +0800] "GET /xingrg/check_reg.html?_=1636241457094 HTTP/1.1" 200 22
116.238.248.233 - - [07/Nov/2021:07:30:57 +0800] "GET /xingrg/all/function/internal_message.html?_=1636241457096&CODE_STATE=getMsg HTTP/1.1" 200 27
114.85.125.222 - - [07/Nov/2021:07:31:00 +0800] "GET /xingrg/all/function/internal_message.html?_=1636241389353&CODE_STATE=getMsg HTTP/1.1" 200 27
120.253.135.82 - - [07/Nov/2021:07:31:03 +0800] "POST /xingrg/kc/pszx/jzcl_ps_operate.html HTTP/1.1" 200 4
120.253.135.82 - - [07/Nov/2021:07:31:12 +0800] "GET /xingrg/kc/pszx/mdps_order_list.html HTTP/1.1" 200 21089
120.253.135.82 - - [07/Nov/2021:07:31:12 +0800] "POST /xingrg/kc/pszx/mdps_list_operate.html HTTP/1.1" 200 5582
120.253.135.82 - - [07/Nov/2021:07:31:13 +0800] "GET /xingrg/all/function/internal_message.html?_=1636241244511&CODE_STATE=getMsg HTTP/1.1" 200 27
120.253.135.82 - - [07/Nov/2021:07:31:19 +0800] "GET /xingrg/check_reg.html?_=1636241438948 HTTP/1.1" 200 22
120.253.135.82 - - [07/Nov/2021:07:31:20 +0800] "GET /xingrg/all/function/internal_message.html?_=1636241440519&CODE_STATE=getMsg HTTP/1.1" 200 27
120.253.135.82 - - [07/Nov/2021:07:31:30 +0800] "POST /xingrg/kc/pszx/mdps_list_operate.html HTTP/1.1" 200 5228
120.253.135.82 - - [07/Nov/2021:07:31:31 +0800] "POST /xingrg/kc/pszx/mdps_list_operate.html HTTP/1.1" 200 212
120.253.135.82 - - [07/Nov/2021:07:31:32 +0800] "GET /xingrg/kc/pszx/mdps_order_info.html?code=312021110700208 HTTP/1.1" 200 23931
120.253.135.82 - - [07/Nov/2021:07:31:33 +0800] "POST /xingrg/kc/pszx/mdps_order_operate.html HTTP/1.1" 200 2289
180.157.253.6 - - [07/Nov/2021:07:31:33 +0800] "GET /xingrg/all/function/internal_message.html?_=1636241495006&CODE_STATE=getMsg HTTP/1.1" 200 27
120.253.135.82 - - [07/Nov/2021:07:31:33 +0800] "GET /xingrg/javascript/easyui/themes/default/validatebox.css HTTP/1.1" 404 1104
222.70.171.86 - - [07/Nov/2021:07:31:35 +0800] "GET /xingrg/all/function/internal_message.html?_=1636241496550&CODE_STATE=getMsg HTTP/1.1" 200 27
120.253.135.82 - - [07/Nov/2021:07:31:36 +0800] "POST /xingrg/kc/pszx/mdps_order_operate.html HTTP/1.1" 200 37
120.253.135.82 - - [07/Nov/2021:07:31:36 +0800] "GET /xingrg/kc/pszx/mdps_order_info.html?code=312021110700208 HTTP/1.1" 200 23931
120.253.135.82 - - [07/Nov/2021:07:31:37 +0800] "POST /xingrg/kc/pszx/mdps_order_operate.html HTTP/1.1" 200 2296
120.253.135.82 - - [07/Nov/2021:07:31:37 +0800] "GET /xingrg/javascript/easyui/themes/default/validatebox.css HTTP/1.1" 404 1104
120.253.135.82 - - [07/Nov/2021:07:31:39 +0800] "POST /xingrg/all/common/load_combo.html?type=base HTTP/1.1" 200 1075
222.70.171.86 - - [07/Nov/2021:07:31:39 +0800] "GET /xingrg/all/function/internal_message.html?_=1636241501756&CODE_STATE=getMsg HTTP/1.1" 302 -
120.253.135.82 - - [07/Nov/2021:07:31:43 +0800] "POST /xingrg/kc/pszx/mdps_order_operate.html HTTP/1.1" 200 37
120.253.135.82 - - [07/Nov/2021:07:31:44 +0800] "GET /xingrg/kc/pszx/mdps_order_info.html?code=312021110700208 HTTP/1.1" 200 23931
120.253.135.82 - - [07/Nov/2021:07:31:45 +0800] "GET /xingrg/javascript/easyui/themes/default/validatebox.css HTTP/1.1" 404 1104
120.253.135.82 - - [07/Nov/2021:07:31:45 +0800] "POST /xingrg/kc/pszx/mdps_order_operate.html HTTP/1.1" 200 2296
180.169.147.146 - - [07/Nov/2021:07:31:56 +0800] "GET /xingrg/all/function/internal_message.html?_=1636241516192&CODE_STATE=getMsg HTTP/1.1" 200 27
180.169.147.146 - - [07/Nov/2021:07:31:56 +0800] "GET /xingrg/all/function/internal_message.html?_=1636241516285&CODE_STATE=getMsg HTTP/1.1" 200 27
116.238.248.233 - - [07/Nov/2021:07:31:57 +0800] "GET /xingrg/all/function/internal_message.html?_=1636241517099&CODE_STATE=getMsg HTTP/1.1" 200 27
114.85.125.222 - - [07/Nov/2021:07:32:00 +0800] "GET /xingrg/all/function/internal_message.html?_=1636241449366&CODE_STATE=getMsg HTTP/1.1" 200 27
120.253.135.82 - - [07/Nov/2021:07:32:09 +0800] "POST /xingrg/kc/pszx/mdps_list_operate.html HTTP/1.1" 200 369
120.253.135.82 - - [07/Nov/2021:07:32:10 +0800] "GET /xingrg/kc/pszx/mdps_order_info.html?code=312021110700209 HTTP/1.1" 200 23931
120.253.135.82 - - [07/Nov/2021:07:32:10 +0800] "GET /xingrg/javascript/easyui/themes/default/validatebox.css HTTP/1.1" 404 1104
120.253.135.82 - - [07/Nov/2021:07:32:10 +0800] "POST /xingrg/kc/pszx/mdps_order_operate.html HTTP/1.1" 200 3262
120.253.135.82 - - [07/Nov/2021:07:32:14 +0800] "POST /xingrg/kc/pszx/mdps_order_operate.html HTTP/1.1" 200 37
120.253.135.82 - - [07/Nov/2021:07:32:15 +0800] "GET /xingrg/kc/pszx/mdps_order_info.html?code=312021110700209 HTTP/1.1" 200 23931
120.253.135.82 - - [07/Nov/2021:07:32:15 +0800] "GET /xingrg/all/function/internal_message.html?_=1636241307271&CODE_STATE=getMsg HTTP/1.1" 200 27
120.253.135.82 - - [07/Nov/2021:07:32:15 +0800] "GET /xingrg/javascript/easyui/themes/default/validatebox.css HTTP/1.1" 404 1104
120.253.135.82 - - [07/Nov/2021:07:32:16 +0800] "POST /xingrg/kc/pszx/mdps_order_operate.html HTTP/1.1" 200 3284
120.253.135.82 - - [07/Nov/2021:07:32:20 +0800] "GET /xingrg/all/function/internal_message.html?_=1636241500534&CODE_STATE=getMsg HTTP/1.1" 200 27
222.70.171.86 - - [07/Nov/2021:07:32:29 +0800] "GET /xingrg/check_reg.html?_=1636241551547 HTTP/1.1" 302 -
180.157.253.6 - - [07/Nov/2021:07:32:33 +0800] "GET /xingrg/all/function/internal_message.html?_=1636241554992&CODE_STATE=getMsg HTTP/1.1" 200 27
222.70.171.86 - - [07/Nov/2021:07:32:35 +0800] "GET /xingrg/all/function/internal_message.html?_=1636241556697&CODE_STATE=getMsg HTTP/1.1" 200 27
222.70.171.86 - - [07/Nov/2021:07:32:39 +0800] "GET /xingrg/all/function/internal_message.html?_=1636241561761&CODE_STATE=getMsg HTTP/1.1" 302 -
120.253.135.82 - - [07/Nov/2021:07:32:51 +0800] "GET /xingrg/kc/pszx/mdps_order_operate.html?command=get_materiel&pszx_code=00101&rest_code=00141&base_code=0010246&code=00101019812 HTTP/1.1" 200 451
180.157.253.6 - - [07/Nov/2021:07:32:54 +0800] "GET /xingrg/check_reg.html?_=1636241575572 HTTP/1.1" 200 22
180.169.147.146 - - [07/Nov/2021:07:32:56 +0800] "GET /xingrg/all/function/internal_message.html?_=1636241576192&CODE_STATE=getMsg HTTP/1.1" 200 27
180.169.147.146 - - [07/Nov/2021:07:32:56 +0800] "GET /xingrg/check_reg.html?_=1636241576193 HTTP/1.1" 200 22
180.169.147.146 - - [07/Nov/2021:07:32:56 +0800] "GET /xingrg/all/function/internal_message.html?_=1636241576285&CODE_STATE=getMsg HTTP/1.1" 200 27
116.238.248.233 - - [07/Nov/2021:07:32:57 +0800] "GET /xingrg/all/function/internal_message.html?_=1636241577098&CODE_STATE=getMsg HTTP/1.1" 200 27
120.253.135.82 - - [07/Nov/2021:07:32:57 +0800] "POST /xingrg/kc/pszx/mdps_order_operate.html HTTP/1.1" 200 37
120.253.135.82 - - [07/Nov/2021:07:32:58 +0800] "GET /xingrg/kc/pszx/mdps_order_info.html?code=312021110700209 HTTP/1.1" 200 23931
120.253.135.82 - - [07/Nov/2021:07:32:59 +0800] "POST /xingrg/kc/pszx/mdps_order_operate.html HTTP/1.1" 200 3289
120.253.135.82 - - [07/Nov/2021:07:32:59 +0800] "GET /xingrg/javascript/easyui/themes/default/validatebox.css HTTP/1.1" 404 1104
114.85.125.222 - - [07/Nov/2021:07:33:00 +0800] "GET /xingrg/all/function/internal_message.html?_=1636241509391&CODE_STATE=getMsg HTTP/1.1" 200 27
120.253.135.82 - - [07/Nov/2021:07:33:00 +0800] "POST /xingrg/kc/pszx/mdps_list_operate.html HTTP/1.1" 200 5228
120.253.135.82 - - [07/Nov/2021:07:33:03 +0800] "POST /xingrg/kc/pszx/mdps_list_operate.html HTTP/1.1" 200 524
120.253.135.82 - - [07/Nov/2021:07:33:03 +0800] "GET /xingrg/kc/pszx/mdps_order_info.html?code=312021110700210 HTTP/1.1" 200 23931
120.253.135.82 - - [07/Nov/2021:07:33:04 +0800] "POST /xingrg/kc/pszx/mdps_order_operate.html HTTP/1.1" 200 4240
120.253.135.82 - - [07/Nov/2021:07:33:04 +0800] "GET /xingrg/javascript/easyui/themes/default/validatebox.css HTTP/1.1" 404 1104
120.253.135.82 - - [07/Nov/2021:07:33:08 +0800] "POST /xingrg/kc/pszx/mdps_order_operate.html HTTP/1.1" 200 37
120.253.135.82 - - [07/Nov/2021:07:33:09 +0800] "GET /xingrg/kc/pszx/mdps_order_info.html?code=312021110700210 HTTP/1.1" 200 23931
120.253.135.82 - - [07/Nov/2021:07:33:10 +0800] "GET /xingrg/javascript/easyui/themes/default/validatebox.css HTTP/1.1" 404 1104
120.253.135.82 - - [07/Nov/2021:07:33:10 +0800] "POST /xingrg/kc/pszx/mdps_order_operate.html HTTP/1.1" 200 4280
120.253.135.82 - - [07/Nov/2021:07:33:15 +0800] "GET /xingrg/all/function/internal_message.html?_=1636241367283&CODE_STATE=getMsg HTTP/1.1" 200 27
120.253.135.82 - - [07/Nov/2021:07:33:20 +0800] "GET /xingrg/all/function/internal_message.html?_=1636241560547&CODE_STATE=getMsg HTTP/1.1" 200 27
180.157.253.6 - - [07/Nov/2021:07:33:33 +0800] "GET /xingrg/all/function/internal_message.html?_=1636241614964&CODE_STATE=getMsg HTTP/1.1" 200 27
222.70.171.86 - - [07/Nov/2021:07:33:35 +0800] "GET /xingrg/all/function/internal_message.html?_=1636241616701&CODE_STATE=getMsg HTTP/1.1" 200 27
222.70.171.86 - - [07/Nov/2021:07:33:39 +0800] "GET /xingrg/all/function/internal_message.html?_=1636241621788&CODE_STATE=getMsg HTTP/1.1" 302 -
120.253.135.82 - - [07/Nov/2021:07:33:45 +0800] "GET /xingrg/kc/pszx/mdps_order_operate.html?command=get_materiel&pszx_code=00101&rest_code=00141&base_code=0010246&code=00101018012 HTTP/1.1" 200 475
120.253.135.82 - - [07/Nov/2021:07:33:47 +0800] "POST /xingrg/all/common/load_select.html HTTP/1.1" 200 25
120.253.135.82 - - [07/Nov/2021:07:33:48 +0800] "GET /xingrg/kc/pszx/mdps_order_operate.html?command=get_materiel_price&pszx_code=00101&rest_code=00141&base_code=0010246&code=00101018012&unit_code=00100078&order_time=2021-11-08 HTTP/1.1" 200 35
114.85.125.222 - - [07/Nov/2021:07:33:50 +0800] "GET /xingrg/check_reg.html?_=1636241559615 HTTP/1.1" 200 22
120.253.135.82 - - [07/Nov/2021:07:33:55 +0800] "POST /xingrg/kc/pszx/mdps_order_operate.html HTTP/1.1" 200 37
120.253.135.82 - - [07/Nov/2021:07:33:55 +0800] "GET /xingrg/kc/pszx/mdps_order_info.html?code=312021110700210 HTTP/1.1" 200 23931
120.253.135.82 - - [07/Nov/2021:07:33:56 +0800] "GET /xingrg/javascript/easyui/themes/default/validatebox.css HTTP/1.1" 404 1104
120.253.135.82 - - [07/Nov/2021:07:33:56 +0800] "POST /xingrg/kc/pszx/mdps_order_operate.html HTTP/1.1" 200 4282
180.169.147.146 - - [07/Nov/2021:07:33:56 +0800] "GET /xingrg/all/function/internal_message.html?_=1636241636190&CODE_STATE=getMsg HTTP/1.1" 200 27
180.169.147.146 - - [07/Nov/2021:07:33:56 +0800] "GET /xingrg/all/function/internal_message.html?_=1636241636283&CODE_STATE=getMsg HTTP/1.1" 200 27
116.238.248.233 - - [07/Nov/2021:07:33:57 +0800] "GET /xingrg/all/function/internal_message.html?_=1636241637105&CODE_STATE=getMsg HTTP/1.1" 200 27
120.253.135.82 - - [07/Nov/2021:07:33:57 +0800] "POST /xingrg/kc/pszx/mdps_list_operate.html HTTP/1.1" 200 5228
120.253.135.82 - - [07/Nov/2021:07:33:59 +0800] "POST /xingrg/kc/pszx/mdps_list_operate.html HTTP/1.1" 200 612
114.85.125.222 - - [07/Nov/2021:07:34:00 +0800] "GET /xingrg/all/function/internal_message.html?_=1636241569393&CODE_STATE=getMsg HTTP/1.1" 200 27
120.253.135.82 - - [07/Nov/2021:07:34:00 +0800] "GET /xingrg/kc/pszx/mdps_order_info.html?code=312021110700211 HTTP/1.1" 200 23931
120.253.135.82 - - [07/Nov/2021:07:34:01 +0800] "GET /xingrg/javascript/easyui/themes/default/validatebox.css HTTP/1.1" 404 1104
120.253.135.82 - - [07/Nov/2021:07:34:01 +0800] "POST /xingrg/kc/pszx/mdps_order_operate.html HTTP/1.1" 200 9657
120.253.135.82 - - [07/Nov/2021:07:34:04 +0800] "POST /xingrg/all/common/load_combo.html?type=base HTTP/1.1" 200 1075
120.253.135.82 - - [07/Nov/2021:07:34:08 +0800] "POST /xingrg/kc/pszx/mdps_order_operate.html HTTP/1.1" 200 37
120.253.135.82 - - [07/Nov/2021:07:34:09 +0800] "GET /xingrg/kc/pszx/mdps_order_info.html?code=312021110700211 HTTP/1.1" 200 23931
120.253.135.82 - - [07/Nov/2021:07:34:10 +0800] "POST /xingrg/kc/pszx/mdps_order_operate.html HTTP/1.1" 200 9788
120.253.135.82 - - [07/Nov/2021:07:34:10 +0800] "GET /xingrg/javascript/easyui/themes/default/validatebox.css HTTP/1.1" 404 1104
120.253.135.82 - - [07/Nov/2021:07:34:15 +0800] "GET /xingrg/all/function/internal_message.html?_=1636241427296&CODE_STATE=getMsg HTTP/1.1" 200 27
120.253.135.82 - - [07/Nov/2021:07:34:20 +0800] "GET /xingrg/all/function/internal_message.html?_=1636241620592&CODE_STATE=getMsg HTTP/1.1" 200 27
120.253.135.82 - - [07/Nov/2021:07:34:25 +0800] "POST /xingrg/kc/pszx/mdps_list_operate.html HTTP/1.1" 200 5228
120.253.135.82 - - [07/Nov/2021:07:34:26 +0800] "POST /xingrg/kc/pszx/mdps_list_operate.html HTTP/1.1" 200 291
120.253.135.82 - - [07/Nov/2021:07:34:30 +0800] "POST /xingrg/kc/pszx/mdps_list_operate.html HTTP/1.1" 200 2252
120.253.135.82 - - [07/Nov/2021:07:34:32 +0800] "POST /xingrg/kc/pszx/mdps_list_operate.html HTTP/1.1" 200 205
180.157.253.6 - - [07/Nov/2021:07:34:33 +0800] "GET /xingrg/all/function/internal_message.html?_=1636241674949&CODE_STATE=getMsg HTTP/1.1" 200 27
120.253.135.82 - - [07/Nov/2021:07:34:34 +0800] "POST /xingrg/kc/pszx/mdps_list_operate.html HTTP/1.1" 200 278
222.70.171.86 - - [07/Nov/2021:07:34:35 +0800] "GET /xingrg/all/function/internal_message.html?_=1636241676841&CODE_STATE=getMsg HTTP/1.1" 200 27
222.70.171.86 - - [07/Nov/2021:07:34:39 +0800] "GET /xingrg/all/function/internal_message.html?_=1636241681805&CODE_STATE=getMsg HTTP/1.1" 302 -
120.253.135.82 - - [07/Nov/2021:07:34:41 +0800] "POST /xingrg/kc/pszx/mdps_list_operate.html HTTP/1.1" 200 5228
120.253.135.82 - - [07/Nov/2021:07:34:45 +0800] "POST /xingrg/kc/pszx/mdps_list_operate.html HTTP/1.1" 200 612
120.253.135.82 - - [07/Nov/2021:07:34:45 +0800] "GET /xingrg/kc/pszx/mdps_order_info.html?code=312021110700211 HTTP/1.1" 200 23931
120.253.135.82 - - [07/Nov/2021:07:34:46 +0800] "GET /xingrg/javascript/easyui/themes/default/validatebox.css HTTP/1.1" 404 1104
120.253.135.82 - - [07/Nov/2021:07:34:46 +0800] "POST /xingrg/kc/pszx/mdps_order_operate.html HTTP/1.1" 200 9788
180.169.147.146 - - [07/Nov/2021:07:34:56 +0800] "GET /xingrg/all/function/internal_message.html?_=1636241696199&CODE_STATE=getMsg HTTP/1.1" 200 27
180.169.147.146 - - [07/Nov/2021:07:34:56 +0800] "GET /xingrg/all/function/internal_message.html?_=1636241696275&CODE_STATE=getMsg HTTP/1.1" 200 27
116.238.248.233 - - [07/Nov/2021:07:34:57 +0800] "GET /xingrg/all/function/internal_message.html?_=1636241697108&CODE_STATE=getMsg HTTP/1.1" 200 27
120.253.135.82 - - [07/Nov/2021:07:34:59 +0800] "GET /xingrg/check_reg.html?_=1636241471076 HTTP/1.1" 200 22
114.85.125.222 - - [07/Nov/2021:07:35:00 +0800] "GET /xingrg/all/function/internal_message.html?_=1636241629406&CODE_STATE=getMsg HTTP/1.1" 200 27
222.70.171.86 - - [07/Nov/2021:07:35:05 +0800] "GET /xingrg/check_reg.html?_=1636241706108 HTTP/1.1" 200 22
120.253.135.82 - - [07/Nov/2021:07:35:15 +0800] "GET /xingrg/all/function/internal_message.html?_=1636241487311&CODE_STATE=getMsg HTTP/1.1" 200 27
120.253.135.82 - - [07/Nov/2021:07:35:17 +0800] "POST /xingrg/kc/pszx/mdps_order_operate.html HTTP/1.1" 200 37
120.253.135.82 - - [07/Nov/2021:07:35:18 +0800] "GET /xingrg/kc/pszx/mdps_order_info.html?code=312021110700211 HTTP/1.1" 200 23931
120.253.135.82 - - [07/Nov/2021:07:35:19 +0800] "POST /xingrg/kc/pszx/mdps_order_operate.html HTTP/1.1" 200 9789
120.253.135.82 - - [07/Nov/2021:07:35:19 +0800] "GET /xingrg/javascript/easyui/themes/default/validatebox.css HTTP/1.1" 404 1104
120.253.135.82 - - [07/Nov/2021:07:35:20 +0800] "GET /xingrg/all/function/internal_message.html?_=1636241680604&CODE_STATE=getMsg HTTP/1.1" 200 27
120.253.135.82 - - [07/Nov/2021:07:35:30 +0800] "GET /xingrg/kc/pszx/mdps_order_operate.html?command=get_materiel&pszx_code=00101&rest_code=00141&base_code=0010250&code=00102002435 HTTP/1.1" 200 444
180.157.253.6 - - [07/Nov/2021:07:35:33 +0800] "GET /xingrg/all/function/internal_message.html?_=1636241734934&CODE_STATE=getMsg HTTP/1.1" 200 27
222.70.171.86 - - [07/Nov/2021:07:35:35 +0800] "GET /xingrg/all/function/internal_message.html?_=1636241736853&CODE_STATE=getMsg HTTP/1.1" 200 27
120.253.135.82 - - [07/Nov/2021:07:35:37 +0800] "POST /xingrg/kc/pszx/mdps_order_operate.html HTTP/1.1" 200 37
120.253.135.82 - - [07/Nov/2021:07:35:38 +0800] "GET /xingrg/kc/pszx/mdps_order_info.html?code=312021110700211 HTTP/1.1" 200 23931
120.253.135.82 - - [07/Nov/2021:07:35:39 +0800] "POST /xingrg/kc/pszx/mdps_order_operate.html HTTP/1.1" 200 9803
222.70.171.86 - - [07/Nov/2021:07:35:39 +0800] "GET /xingrg/all/function/internal_message.html?_=1636241741826&CODE_STATE=getMsg HTTP/1.1" 302 -
120.253.135.82 - - [07/Nov/2021:07:35:39 +0800] "GET /xingrg/javascript/easyui/themes/default/validatebox.css HTTP/1.1" 404 1104
120.253.135.82 - - [07/Nov/2021:07:35:40 +0800] "POST /xingrg/kc/pszx/mdps_list_operate.html HTTP/1.1" 200 5228
120.253.135.82 - - [07/Nov/2021:07:35:43 +0800] "POST /xingrg/kc/pszx/mdps_list_operate.html HTTP/1.1" 200 2252
120.253.135.82 - - [07/Nov/2021:07:35:44 +0800] "POST /xingrg/kc/pszx/mdps_list_operate.html HTTP/1.1" 200 205
120.253.135.82 - - [07/Nov/2021:07:35:45 +0800] "GET /xingrg/kc/pszx/mdps_order_info.html?code=312021110300095 HTTP/1.1" 200 23931
120.253.135.82 - - [07/Nov/2021:07:35:46 +0800] "POST /xingrg/kc/pszx/mdps_order_operate.html HTTP/1.1" 200 2290
120.253.135.82 - - [07/Nov/2021:07:35:46 +0800] "GET /xingrg/javascript/easyui/themes/default/validatebox.css HTTP/1.1" 404 1104
120.253.135.82 - - [07/Nov/2021:07:35:49 +0800] "POST /xingrg/kc/pszx/mdps_order_operate.html HTTP/1.1" 200 12
120.253.135.82 - - [07/Nov/2021:07:35:50 +0800] "POST /xingrg/kc/pszx/mdps_list_operate.html HTTP/1.1" 200 1881
120.253.135.82 - - [07/Nov/2021:07:35:54 +0800] "POST /xingrg/kc/pszx/mdps_list_operate.html HTTP/1.1" 200 5228
180.169.147.146 - - [07/Nov/2021:07:35:56 +0800] "GET /xingrg/all/function/internal_message.html?_=1636241756197&CODE_STATE=getMsg HTTP/1.1" 200 27
180.169.147.146 - - [07/Nov/2021:07:35:56 +0800] "GET /xingrg/check_reg.html?_=1636241756290 HTTP/1.1" 200 22
180.169.147.146 - - [07/Nov/2021:07:35:56 +0800] "GET /xingrg/all/function/internal_message.html?_=1636241756292&CODE_STATE=getMsg HTTP/1.1" 200 27
120.253.135.82 - - [07/Nov/2021:07:35:56 +0800] "POST /xingrg/kc/pszx/mdps_list_operate.html HTTP/1.1" 200 612
116.238.248.233 - - [07/Nov/2021:07:35:57 +0800] "GET /xingrg/check_reg.html?_=1636241757115 HTTP/1.1" 200 22
116.238.248.233 - - [07/Nov/2021:07:35:57 +0800] "GET /xingrg/all/function/internal_message.html?_=1636241757116&CODE_STATE=getMsg HTTP/1.1" 200 27
120.253.135.82 - - [07/Nov/2021:07:35:58 +0800] "POST /xingrg/kc/pszx/mdps_list_operate.html HTTP/1.1" 200 628
120.253.135.82 - - [07/Nov/2021:07:35:59 +0800] "GET /xingrg/kc/pszx/mdps_order_info.html?code=312021110700212 HTTP/1.1" 200 23931
120.253.135.82 - - [07/Nov/2021:07:35:59 +0800] "GET /xingrg/javascript/easyui/themes/default/validatebox.css HTTP/1.1" 404 1104
120.253.135.82 - - [07/Nov/2021:07:35:59 +0800] "POST /xingrg/kc/pszx/mdps_order_operate.html HTTP/1.1" 200 16414
114.85.125.222 - - [07/Nov/2021:07:36:00 +0800] "GET /xingrg/all/function/internal_message.html?_=1636241689433&CODE_STATE=getMsg HTTP/1.1" 200 27
120.253.135.82 - - [07/Nov/2021:07:36:02 +0800] "POST /xingrg/kc/pszx/mdps_order_operate.html HTTP/1.1" 200 37
120.253.135.82 - - [07/Nov/2021:07:36:03 +0800] "GET /xingrg/kc/pszx/mdps_order_info.html?code=312021110700212 HTTP/1.1" 200 23931
120.253.135.82 - - [07/Nov/2021:07:36:04 +0800] "GET /xingrg/javascript/easyui/themes/default/validatebox.css HTTP/1.1" 404 1104
120.253.135.82 - - [07/Nov/2021:07:36:04 +0800] "POST /xingrg/kc/pszx/mdps_order_operate.html HTTP/1.1" 200 16651
120.253.135.82 - - [07/Nov/2021:07:36:15 +0800] "GET /xingrg/all/function/internal_message.html?_=1636241547324&CODE_STATE=getMsg HTTP/1.1" 200 27
120.253.135.82 - - [07/Nov/2021:07:36:16 +0800] "POST /xingrg/kc/pszx/mdps_list_operate.html HTTP/1.1" 200 5228
120.253.135.82 - - [07/Nov/2021:07:36:19 +0800] "GET /xingrg/check_reg.html?_=1636241738982 HTTP/1.1" 200 22
120.253.135.82 - - [07/Nov/2021:07:36:20 +0800] "GET /xingrg/kc/pszx/ps_main.html HTTP/1.1" 200 13401
120.253.135.82 - - [07/Nov/2021:07:36:20 +0800] "GET /xingrg/all/function/internal_message.html?_=1636241740618&CODE_STATE=getMsg HTTP/1.1" 200 27
120.253.135.82 - - [07/Nov/2021:07:36:21 +0800] "GET /xingrg/images/yd/bt.gif HTTP/1.1" 404 1040
120.253.135.82 - - [07/Nov/2021:07:36:23 +0800] "GET /xingrg/kc/pszx/mdqp_order_list.html HTTP/1.1" 200 49347
120.253.135.82 - - [07/Nov/2021:07:36:23 +0800] "GET /xingrg/dwr/interface/AjaxReportQueryService.js HTTP/1.1" 200 13203
120.253.135.82 - - [07/Nov/2021:07:36:23 +0800] "GET /xingrg/dwr/interface/AjaxQqpsService.js HTTP/1.1" 200 16326
120.253.135.82 - - [07/Nov/2021:07:36:23 +0800] "GET /xingrg/dwr/engine.js HTTP/1.1" 200 43631
120.253.135.82 - - [07/Nov/2021:07:36:24 +0800] "GET /xingrg/kc/buy/buy_main.html HTTP/1.1" 200 12341
120.253.135.82 - - [07/Nov/2021:07:36:24 +0800] "GET /xingrg/css/new_ie.css HTTP/1.1" 404 1036
120.253.135.82 - - [07/Nov/2021:07:36:25 +0800] "GET /xingrg/kc/buy/buy_main.html HTTP/1.1" 200 12341
120.253.135.82 - - [07/Nov/2021:07:36:25 +0800] "GET /xingrg/css/new_ie.css HTTP/1.1" 404 1036
120.253.135.82 - - [07/Nov/2021:07:36:26 +0800] "GET /xingrg/images/yd/bt.gif HTTP/1.1" 404 1040
120.253.135.82 - - [07/Nov/2021:07:36:27 +0800] "GET /xingrg/kc/buy/cgsh_order_list.html HTTP/1.1" 200 48941
120.253.135.82 - - [07/Nov/2021:07:36:29 +0800] "POST /xingrg/kc/buy/cgsh_list_operate.html HTTP/1.1" 200 876
120.253.135.82 - - [07/Nov/2021:07:36:30 +0800] "GET /xingrg/kc/buy/cgsh_order_add.html HTTP/1.1" 200 63740
120.253.135.82 - - [07/Nov/2021:07:36:30 +0800] "POST /xingrg/kc/buy/cgsh_order_operate.html HTTP/1.1" 200 8245
120.253.135.82 - - [07/Nov/2021:07:36:31 +0800] "GET /xingrg/javascript/easyui/themes/default/validatebox.css HTTP/1.1" 404 1104
180.157.253.6 - - [07/Nov/2021:07:36:33 +0800] "GET /xingrg/all/function/internal_message.html?_=1636241794919&CODE_STATE=getMsg HTTP/1.1" 200 27
222.70.171.86 - - [07/Nov/2021:07:36:35 +0800] "GET /xingrg/all/function/internal_message.html?_=1636241796867&CODE_STATE=getMsg HTTP/1.1" 200 27
222.70.171.86 - - [07/Nov/2021:07:36:39 +0800] "GET /xingrg/all/function/internal_message.html?_=1636241801831&CODE_STATE=getMsg HTTP/1.1" 302 -
120.253.135.82 - - [07/Nov/2021:07:36:40 +0800] "GET /xingrg/kc/buy/cgsh_order_operate.html?command=get_materiel&rest_code=00101&code=00101019010&supplier_code=&order_time=2021-11-07 HTTP/1.1" 200 466
120.253.135.82 - - [07/Nov/2021:07:36:46 +0800] "GET /xingrg/kc/pszx/mdps_order_list.html?orderType=0 HTTP/1.1" 200 21089
120.253.135.82 - - [07/Nov/2021:07:36:46 +0800] "POST /xingrg/kc/pszx/mdps_list_operate.html HTTP/1.1" 200 5584
120.253.135.82 - - [07/Nov/2021:07:36:52 +0800] "POST /xingrg/kc/pszx/mdps_list_operate.html HTTP/1.1" 200 5228
180.169.147.146 - - [07/Nov/2021:07:36:56 +0800] "GET /xingrg/all/function/internal_message.html?_=1636241816192&CODE_STATE=getMsg HTTP/1.1" 200 27
180.169.147.146 - - [07/Nov/2021:07:36:56 +0800] "GET /xingrg/all/function/internal_message.html?_=1636241816286&CODE_STATE=getMsg HTTP/1.1" 200 27
116.238.248.233 - - [07/Nov/2021:07:36:57 +0800] "GET /xingrg/all/function/internal_message.html?_=1636241817115&CODE_STATE=getMsg HTTP/1.1" 200 27
114.85.125.222 - - [07/Nov/2021:07:37:00 +0800] "GET /xingrg/all/function/internal_message.html?_=1636241749433&CODE_STATE=getMsg HTTP/1.1" 200 27
120.253.135.82 - - [07/Nov/2021:07:37:15 +0800] "POST /xingrg/kc/pszx/mdps_list_operate.html HTTP/1.1" 200 628
120.253.135.82 - - [07/Nov/2021:07:37:16 +0800] "GET /xingrg/all/function/internal_message.html?_=1636241607338&CODE_STATE=getMsg HTTP/1.1" 200 27
120.253.135.82 - - [07/Nov/2021:07:37:16 +0800] "GET /xingrg/kc/pszx/mdps_order_info.html?code=312021110700212 HTTP/1.1" 200 23931
120.253.135.82 - - [07/Nov/2021:07:37:16 +0800] "GET /xingrg/javascript/easyui/themes/default/validatebox.css HTTP/1.1" 404 1104
120.253.135.82 - - [07/Nov/2021:07:37:16 +0800] "POST /xingrg/kc/pszx/mdps_order_operate.html HTTP/1.1" 200 16651
120.253.135.82 - - [07/Nov/2021:07:37:20 +0800] "GET /xingrg/all/function/internal_message.html?_=1636241800632&CODE_STATE=getMsg HTTP/1.1" 200 27
222.70.171.86 - - [07/Nov/2021:07:37:29 +0800] "GET /xingrg/check_reg.html?_=1636241851556 HTTP/1.1" 302 -
180.157.253.6 - - [07/Nov/2021:07:37:33 +0800] "GET /xingrg/all/function/internal_message.html?_=1636241854889&CODE_STATE=getMsg HTTP/1.1" 200 27
222.70.171.86 - - [07/Nov/2021:07:37:36 +0800] "GET /xingrg/all/function/internal_message.html?_=1636241857012&CODE_STATE=getMsg HTTP/1.1" 200 27
222.70.171.86 - - [07/Nov/2021:07:37:39 +0800] "GET /xingrg/all/function/internal_message.html?_=1636241861853&CODE_STATE=getMsg HTTP/1.1" 302 -
120.253.135.82 - - [07/Nov/2021:07:37:49 +0800] "POST /xingrg/kc/pszx/mdps_order_operate.html HTTP/1.1" 200 37
120.253.135.82 - - [07/Nov/2021:07:37:49 +0800] "GET /xingrg/kc/pszx/mdps_order_info.html?code=312021110700212 HTTP/1.1" 200 23931
120.253.135.82 - - [07/Nov/2021:07:37:50 +0800] "GET /xingrg/javascript/easyui/themes/default/validatebox.css HTTP/1.1" 404 1104
120.253.135.82 - - [07/Nov/2021:07:37:50 +0800] "POST /xingrg/kc/pszx/mdps_order_operate.html HTTP/1.1" 200 16651
180.157.253.6 - - [07/Nov/2021:07:37:54 +0800] "GET /xingrg/check_reg.html?_=1636241875578 HTTP/1.1" 200 22
180.169.147.146 - - [07/Nov/2021:07:37:56 +0800] "GET /xingrg/all/function/internal_message.html?_=1636241876190&CODE_STATE=getMsg HTTP/1.1" 200 27
180.169.147.146 - - [07/Nov/2021:07:37:56 +0800] "GET /xingrg/check_reg.html?_=1636241876192 HTTP/1.1" 200 22
180.169.147.146 - - [07/Nov/2021:07:37:56 +0800] "GET /xingrg/all/function/internal_message.html?_=1636241876284&CODE_STATE=getMsg HTTP/1.1" 200 27
116.238.248.233 - - [07/Nov/2021:07:37:57 +0800] "GET /xingrg/all/function/internal_message.html?_=1636241877122&CODE_STATE=getMsg HTTP/1.1" 200 27
120.253.135.82 - - [07/Nov/2021:07:37:59 +0800] "POST /xingrg/all/common/load_select.html HTTP/1.1" 200 25
114.85.125.222 - - [07/Nov/2021:07:38:00 +0800] "GET /xingrg/all/function/internal_message.html?_=1636241809460&CODE_STATE=getMsg HTTP/1.1" 200 27
120.253.135.82 - - [07/Nov/2021:07:38:02 +0800] "GET /xingrg/kc/pszx/mdps_order_operate.html?command=get_materiel_price&pszx_code=00101&rest_code=00141&base_code=0010246&code=00101019133&unit_code=00100189&order_time=2021-11-08 HTTP/1.1" 200 35
120.253.135.82 - - [07/Nov/2021:07:38:10 +0800] "POST /xingrg/kc/pszx/mdps_order_operate.html HTTP/1.1" 200 37
120.253.135.82 - - [07/Nov/2021:07:38:10 +0800] "GET /xingrg/kc/pszx/mdps_order_info.html?code=312021110700212 HTTP/1.1" 200 23931
120.253.135.82 - - [07/Nov/2021:07:38:11 +0800] "POST /xingrg/kc/pszx/mdps_order_operate.html HTTP/1.1" 200 16647
120.253.135.82 - - [07/Nov/2021:07:38:12 +0800] "GET /xingrg/javascript/easyui/themes/default/validatebox.css HTTP/1.1" 404 1104
120.253.135.82 - - [07/Nov/2021:07:38:16 +0800] "GET /xingrg/all/function/internal_message.html?_=1636241667351&CODE_STATE=getMsg HTTP/1.1" 200 27
120.253.135.82 - - [07/Nov/2021:07:38:20 +0800] "GET /xingrg/all/function/internal_message.html?_=1636241860646&CODE_STATE=getMsg HTTP/1.1" 200 27
120.253.135.82 - - [07/Nov/2021:07:38:30 +0800] "POST /xingrg/all/common/load_select.html HTTP/1.1" 200 25
120.253.135.82 - - [07/Nov/2021:07:38:32 +0800] "GET /xingrg/kc/pszx/mdps_order_operate.html?command=get_materiel_price&pszx_code=00101&rest_code=00141&base_code=0010246&code=00101019222&unit_code=00100130&order_time=2021-11-08 HTTP/1.1" 200 34
180.157.253.6 - - [07/Nov/2021:07:38:33 +0800] "GET /xingrg/all/function/internal_message.html?_=1636241914862&CODE_STATE=getMsg HTTP/1.1" 200 27
222.70.171.86 - - [07/Nov/2021:07:38:36 +0800] "GET /xingrg/all/function/internal_message.html?_=1636241917019&CODE_STATE=getMsg HTTP/1.1" 200 27
222.70.171.86 - - [07/Nov/2021:07:38:39 +0800] "GET /xingrg/all/function/internal_message.html?_=1636241921858&CODE_STATE=getMsg HTTP/1.1" 302 -
120.253.135.82 - - [07/Nov/2021:07:38:39 +0800] "POST /xingrg/all/common/load_select.html HTTP/1.1" 200 25
120.253.135.82 - - [07/Nov/2021:07:38:41 +0800] "GET /xingrg/kc/pszx/mdps_order_operate.html?command=get_materiel_price&pszx_code=00101&rest_code=00141&base_code=0010246&code=00101019400&unit_code=00100111&order_time=2021-11-08 HTTP/1.1" 200 35
120.253.135.82 - - [07/Nov/2021:07:38:50 +0800] "POST /xingrg/kc/pszx/mdps_order_operate.html HTTP/1.1" 200 37
114.85.125.222 - - [07/Nov/2021:07:38:50 +0800] "GET /xingrg/check_reg.html?_=1636241859619 HTTP/1.1" 200 22
120.253.135.82 - - [07/Nov/2021:07:38:51 +0800] "GET /xingrg/kc/pszx/mdps_order_info.html?code=312021110700212 HTTP/1.1" 200 23931
120.253.135.82 - - [07/Nov/2021:07:38:52 +0800] "POST /xingrg/kc/pszx/mdps_order_operate.html HTTP/1.1" 200 16644
120.253.135.82 - - [07/Nov/2021:07:38:52 +0800] "GET /xingrg/javascript/easyui/themes/default/validatebox.css HTTP/1.1" 404 1104
180.169.147.146 - - [07/Nov/2021:07:38:56 +0800] "GET /xingrg/all/function/internal_message.html?_=1636241936186&CODE_STATE=getMsg HTTP/1.1" 200 27
180.169.147.146 - - [07/Nov/2021:07:38:56 +0800] "GET /xingrg/all/function/internal_message.html?_=1636241936280&CODE_STATE=getMsg HTTP/1.1" 200 27
116.238.248.233 - - [07/Nov/2021:07:38:57 +0800] "GET /xingrg/all/function/internal_message.html?_=1636241937120&CODE_STATE=getMsg HTTP/1.1" 200 27
114.85.125.222 - - [07/Nov/2021:07:39:00 +0800] "GET /xingrg/all/function/internal_message.html?_=1636241869461&CODE_STATE=getMsg HTTP/1.1" 200 27
120.253.135.82 - - [07/Nov/2021:07:39:09 +0800] "POST /xingrg/kc/pszx/mdps_list_operate.html HTTP/1.1" 200 359
120.253.135.82 - - [07/Nov/2021:07:39:10 +0800] "GET /xingrg/kc/pszx/mdps_order_info.html?code=312021110700213 HTTP/1.1" 200 23931
120.253.135.82 - - [07/Nov/2021:07:39:10 +0800] "GET /xingrg/javascript/easyui/themes/default/validatebox.css HTTP/1.1" 404 1104
120.253.135.82 - - [07/Nov/2021:07:39:10 +0800] "POST /xingrg/kc/pszx/mdps_order_operate.html HTTP/1.1" 200 3234
120.253.135.82 - - [07/Nov/2021:07:39:15 +0800] "POST /xingrg/kc/pszx/mdps_order_operate.html HTTP/1.1" 200 37
120.253.135.82 - - [07/Nov/2021:07:39:15 +0800] "GET /xingrg/kc/pszx/mdps_order_info.html?code=312021110700213 HTTP/1.1" 200 23931
120.253.135.82 - - [07/Nov/2021:07:39:16 +0800] "GET /xingrg/all/function/internal_message.html?_=1636241728099&CODE_STATE=getMsg HTTP/1.1" 200 27
120.253.135.82 - - [07/Nov/2021:07:39:16 +0800] "GET /xingrg/javascript/easyui/themes/default/validatebox.css HTTP/1.1" 404 1104
120.253.135.82 - - [07/Nov/2021:07:39:16 +0800] "POST /xingrg/kc/pszx/mdps_order_operate.html HTTP/1.1" 200 3257
120.253.135.82 - - [07/Nov/2021:07:39:20 +0800] "GET /xingrg/all/function/internal_message.html?_=1636241920688&CODE_STATE=getMsg HTTP/1.1" 200 27
120.253.135.82 - - [07/Nov/2021:07:39:21 +0800] "POST /xingrg/kc/pszx/mdps_list_operate.html HTTP/1.1" 200 5228
120.253.135.82 - - [07/Nov/2021:07:39:22 +0800] "POST /xingrg/kc/pszx/mdps_list_operate.html HTTP/1.1" 200 359
120.253.135.82 - - [07/Nov/2021:07:39:24 +0800] "POST /xingrg/kc/pszx/mdps_list_operate.html HTTP/1.1" 200 536
120.253.135.82 - - [07/Nov/2021:07:39:25 +0800] "GET /xingrg/kc/pszx/mdps_order_info.html?code=312021110700214 HTTP/1.1" 200 23931
120.253.135.82 - - [07/Nov/2021:07:39:26 +0800] "POST /xingrg/kc/pszx/mdps_order_operate.html HTTP/1.1" 200 4288
120.253.135.82 - - [07/Nov/2021:07:39:26 +0800] "GET /xingrg/javascript/easyui/themes/default/validatebox.css HTTP/1.1" 404 1104
120.253.135.82 - - [07/Nov/2021:07:39:28 +0800] "POST /xingrg/kc/pszx/mdps_order_operate.html HTTP/1.1" 200 37
120.253.135.82 - - [07/Nov/2021:07:39:29 +0800] "GET /xingrg/kc/pszx/mdps_order_info.html?code=312021110700214 HTTP/1.1" 200 23931
120.253.135.82 - - [07/Nov/2021:07:39:30 +0800] "POST /xingrg/kc/pszx/mdps_order_operate.html HTTP/1.1" 200 4324
120.253.135.82 - - [07/Nov/2021:07:39:30 +0800] "GET /xingrg/javascript/easyui/themes/default/validatebox.css HTTP/1.1" 404 1104
180.157.253.6 - - [07/Nov/2021:07:39:33 +0800] "GET /xingrg/all/function/internal_message.html?_=1636241974860&CODE_STATE=getMsg HTTP/1.1" 200 27
222.70.171.86 - - [07/Nov/2021:07:39:36 +0800] "GET /xingrg/all/function/internal_message.html?_=1636241977160&CODE_STATE=getMsg HTTP/1.1" 200 27
222.70.171.86 - - [07/Nov/2021:07:39:39 +0800] "GET /xingrg/all/function/internal_message.html?_=1636241981881&CODE_STATE=getMsg HTTP/1.1" 302 -
120.253.135.82 - - [07/Nov/2021:07:39:44 +0800] "GET /xingrg/kc/pszx/mdps_order_operate.html?command=get_materiel&pszx_code=00101&rest_code=00141&base_code=0010246&code=00101020350 HTTP/1.1" 200 431
120.253.135.82 - - [07/Nov/2021:07:39:51 +0800] "POST /xingrg/kc/pszx/mdps_order_operate.html HTTP/1.1" 200 37
120.253.135.82 - - [07/Nov/2021:07:39:52 +0800] "GET /xingrg/kc/pszx/mdps_order_info.html?code=312021110700214 HTTP/1.1" 200 23931
120.253.135.82 - - [07/Nov/2021:07:39:53 +0800] "GET /xingrg/javascript/easyui/themes/default/validatebox.css HTTP/1.1" 404 1104
120.253.135.82 - - [07/Nov/2021:07:39:53 +0800] "POST /xingrg/kc/pszx/mdps_order_operate.html HTTP/1.1" 200 4327
180.169.147.146 - - [07/Nov/2021:07:39:56 +0800] "GET /xingrg/all/function/internal_message.html?_=1636241996203&CODE_STATE=getMsg HTTP/1.1" 200 27
180.169.147.146 - - [07/Nov/2021:07:39:56 +0800] "GET /xingrg/all/function/internal_message.html?_=1636241996295&CODE_STATE=getMsg HTTP/1.1" 200 27
116.238.248.233 - - [07/Nov/2021:07:39:57 +0800] "GET /xingrg/all/function/internal_message.html?_=1636241997125&CODE_STATE=getMsg HTTP/1.1" 200 27
120.253.135.82 - - [07/Nov/2021:07:39:59 +0800] "GET /xingrg/check_reg.html?_=1636241771150 HTTP/1.1" 200 22
120.253.135.82 - - [07/Nov/2021:07:39:59 +0800] "POST /xingrg/kc/pszx/mdps_list_operate.html HTTP/1.1" 200 5228
114.85.125.222 - - [07/Nov/2021:07:40:00 +0800] "GET /xingrg/all/function/internal_message.html?_=1636241929475&CODE_STATE=getMsg HTTP/1.1" 200 27
120.253.135.82 - - [07/Nov/2021:07:40:01 +0800] "POST /xingrg/kc/pszx/mdps_list_operate.html HTTP/1.1" 200 542
120.253.135.82 - - [07/Nov/2021:07:40:03 +0800] "POST /xingrg/kc/pszx/mdps_list_operate.html HTTP/1.1" 200 210
222.70.171.86 - - [07/Nov/2021:07:40:05 +0800] "GET /xingrg/check_reg.html?_=1636242006115 HTTP/1.1" 200 22
120.253.135.82 - - [07/Nov/2021:07:40:07 +0800] "GET /xingrg/kc/pszx/mdps_order_info.html?code=312021110700215 HTTP/1.1" 200 23931
120.253.135.82 - - [07/Nov/2021:07:40:07 +0800] "GET /xingrg/javascript/easyui/themes/default/validatebox.css HTTP/1.1" 404 1104
120.253.135.82 - - [07/Nov/2021:07:40:07 +0800] "POST /xingrg/kc/pszx/mdps_order_operate.html HTTP/1.1" 200 2278
120.253.135.82 - - [07/Nov/2021:07:40:10 +0800] "POST /xingrg/kc/pszx/mdps_order_operate.html HTTP/1.1" 200 37
120.253.135.82 - - [07/Nov/2021:07:40:10 +0800] "GET /xingrg/kc/pszx/mdps_order_info.html?code=312021110700215 HTTP/1.1" 200 23931
120.253.135.82 - - [07/Nov/2021:07:40:11 +0800] "GET /xingrg/javascript/easyui/themes/default/validatebox.css HTTP/1.1" 404 1104
120.253.135.82 - - [07/Nov/2021:07:40:11 +0800] "POST /xingrg/kc/pszx/mdps_order_operate.html HTTP/1.1" 200 2286
120.253.135.82 - - [07/Nov/2021:07:40:13 +0800] "POST /xingrg/kc/pszx/mdps_list_operate.html HTTP/1.1" 200 5228
120.253.135.82 - - [07/Nov/2021:07:40:15 +0800] "POST /xingrg/kc/pszx/mdps_list_operate.html HTTP/1.1" 200 212
120.253.135.82 - - [07/Nov/2021:07:40:16 +0800] "GET /xingrg/kc/pszx/mdps_order_info.html?code=312021110700216 HTTP/1.1" 200 23931
120.253.135.82 - - [07/Nov/2021:07:40:16 +0800] "POST /xingrg/kc/pszx/mdps_order_operate.html HTTP/1.1" 200 2286
120.253.135.82 - - [07/Nov/2021:07:40:16 +0800] "GET /xingrg/javascript/easyui/themes/default/validatebox.css HTTP/1.1" 404 1104
120.253.135.82 - - [07/Nov/2021:07:40:16 +0800] "GET /xingrg/all/function/internal_message.html?_=1636241788205&CODE_STATE=getMsg HTTP/1.1" 200 27
120.253.135.82 - - [07/Nov/2021:07:40:20 +0800] "GET /xingrg/all/function/internal_message.html?_=1636241980704&CODE_STATE=getMsg HTTP/1.1" 200 27
120.253.135.82 - - [07/Nov/2021:07:40:21 +0800] "POST /xingrg/kc/pszx/mdps_list_operate.html HTTP/1.1" 200 5228
120.253.135.82 - - [07/Nov/2021:07:40:23 +0800] "POST /xingrg/kc/pszx/mdps_list_operate.html HTTP/1.1" 200 612
120.253.135.82 - - [07/Nov/2021:07:40:24 +0800] "GET /xingrg/kc/pszx/mdps_order_info.html?code=312021110700211 HTTP/1.1" 200 23931
120.253.135.82 - - [07/Nov/2021:07:40:25 +0800] "POST /xingrg/kc/pszx/mdps_order_operate.html HTTP/1.1" 200 9803
120.253.135.82 - - [07/Nov/2021:07:40:25 +0800] "GET /xingrg/javascript/easyui/themes/default/validatebox.css HTTP/1.1" 404 1104
180.157.253.6 - - [07/Nov/2021:07:40:33 +0800] "GET /xingrg/all/function/internal_message.html?_=1636242034844&CODE_STATE=getMsg HTTP/1.1" 200 27
120.253.135.82 - - [07/Nov/2021:07:40:34 +0800] "GET /xingrg/kc/pszx/mdps_order_operate.html?command=get_materiel&pszx_code=00101&rest_code=00141&base_code=0010250&code=00101017003 HTTP/1.1" 200 447
222.70.171.86 - - [07/Nov/2021:07:40:36 +0800] "GET /xingrg/all/function/internal_message.html?_=1636242037172&CODE_STATE=getMsg HTTP/1.1" 200 27
222.70.171.86 - - [07/Nov/2021:07:40:39 +0800] "GET /xingrg/all/function/internal_message.html?_=1636242041886&CODE_STATE=getMsg HTTP/1.1" 302 -
120.253.135.82 - - [07/Nov/2021:07:40:40 +0800] "POST /xingrg/kc/pszx/mdps_order_operate.html HTTP/1.1" 200 37
120.253.135.82 - - [07/Nov/2021:07:40:41 +0800] "GET /xingrg/kc/pszx/mdps_order_info.html?code=312021110700211 HTTP/1.1" 200 23931
120.253.135.82 - - [07/Nov/2021:07:40:42 +0800] "POST /xingrg/kc/pszx/mdps_order_operate.html HTTP/1.1" 200 10305
120.253.135.82 - - [07/Nov/2021:07:40:42 +0800] "GET /xingrg/javascript/easyui/themes/default/validatebox.css HTTP/1.1" 404 1104
120.253.135.82 - - [07/Nov/2021:07:40:45 +0800] "POST /xingrg/kc/pszx/mdps_list_operate.html HTTP/1.1" 200 5228
120.253.135.82 - - [07/Nov/2021:07:40:47 +0800] "POST /xingrg/kc/pszx/mdps_list_operate.html HTTP/1.1" 200 212
120.253.135.82 - - [07/Nov/2021:07:40:48 +0800] "GET /xingrg/kc/pszx/mdps_order_info.html?code=312021110700216 HTTP/1.1" 200 23931
120.253.135.82 - - [07/Nov/2021:07:40:49 +0800] "POST /xingrg/kc/pszx/mdps_order_operate.html HTTP/1.1" 200 2286
120.253.135.82 - - [07/Nov/2021:07:40:49 +0800] "GET /xingrg/javascript/easyui/themes/default/validatebox.css HTTP/1.1" 404 1104
120.253.135.82 - - [07/Nov/2021:07:40:52 +0800] "POST /xingrg/kc/pszx/mdps_order_operate.html HTTP/1.1" 200 12
120.253.135.82 - - [07/Nov/2021:07:40:53 +0800] "POST /xingrg/kc/pszx/mdps_list_operate.html HTTP/1.1" 200 5041
180.169.147.146 - - [07/Nov/2021:07:40:56 +0800] "GET /xingrg/all/function/internal_message.html?_=1636242056195&CODE_STATE=getMsg HTTP/1.1" 200 27
180.169.147.146 - - [07/Nov/2021:07:40:56 +0800] "GET /xingrg/check_reg.html?_=1636242056287 HTTP/1.1" 200 22
180.169.147.146 - - [07/Nov/2021:07:40:56 +0800] "GET /xingrg/all/function/internal_message.html?_=1636242056289&CODE_STATE=getMsg HTTP/1.1" 200 27
116.238.248.233 - - [07/Nov/2021:07:40:57 +0800] "GET /xingrg/all/function/internal_message.html?_=1636242057128&CODE_STATE=getMsg HTTP/1.1" 200 27
116.238.248.233 - - [07/Nov/2021:07:40:57 +0800] "GET /xingrg/check_reg.html?_=1636242057130 HTTP/1.1" 200 22
114.85.125.222 - - [07/Nov/2021:07:41:00 +0800] "GET /xingrg/all/function/internal_message.html?_=1636241989500&CODE_STATE=getMsg HTTP/1.1" 200 27
120.253.135.82 - - [07/Nov/2021:07:41:19 +0800] "GET /xingrg/check_reg.html?_=1636242039016 HTTP/1.1" 200 22
120.253.135.82 - - [07/Nov/2021:07:41:20 +0800] "GET /xingrg/all/function/internal_message.html?_=1636242040722&CODE_STATE=getMsg HTTP/1.1" 200 27
180.157.253.6 - - [07/Nov/2021:07:41:33 +0800] "GET /xingrg/all/function/internal_message.html?_=1636242094814&CODE_STATE=getMsg HTTP/1.1" 200 27
222.70.171.86 - - [07/Nov/2021:07:41:36 +0800] "GET /xingrg/all/function/internal_message.html?_=1636242097185&CODE_STATE=getMsg HTTP/1.1" 200 27
222.70.171.86 - - [07/Nov/2021:07:41:39 +0800] "GET /xingrg/all/function/internal_message.html?_=1636242101909&CODE_STATE=getMsg HTTP/1.1" 302 -
120.253.135.82 - - [07/Nov/2021:07:41:41 +0800] "GET /xingrg/login.html HTTP/1.1" 200 7641
120.253.135.82 - - [07/Nov/2021:07:41:41 +0800] "GET /xingrg/images/blue/jxLogo.png HTTP/1.1" 304 -
120.253.135.82 - - [07/Nov/2021:07:41:42 +0800] "GET /xingrg/images/blue/login_bg.png HTTP/1.1" 304 -
120.253.135.82 - - [07/Nov/2021:07:41:42 +0800] "GET /xingrg/images/blue/hj.png HTTP/1.1" 304 -
120.253.135.82 - - [07/Nov/2021:07:41:42 +0800] "GET /xingrg/images/blue/srbg.png HTTP/1.1" 304 -
120.253.135.82 - - [07/Nov/2021:07:41:42 +0800] "GET /favicon.ico HTTP/1.1" 404 -
120.253.135.82 - - [07/Nov/2021:07:41:46 +0800] "POST /xingrg/login.do HTTP/1.1" 302 -
120.253.135.82 - - [07/Nov/2021:07:41:46 +0800] "GET /xingrg/index.html?sysBaseUrl=http%3A%2F%2F180.169.147.146%3A18081%2Fxingrg%2F&costTime=40×tamp=1636242106264 HTTP/1.1" 200 17173
120.253.135.82 - - [07/Nov/2021:07:41:46 +0800] "GET /xingrg/javascript/jquery_easy_ui/themes/default/easyui.css HTTP/1.1" 304 -
120.253.135.82 - - [07/Nov/2021:07:41:46 +0800] "GET /xingrg/javascript/jquery_easy_ui/themes/icon.css HTTP/1.1" 304 -
120.253.135.82 - - [07/Nov/2021:07:41:46 +0800] "GET /xingrg/css/form.css HTTP/1.1" 304 -
120.253.135.82 - - [07/Nov/2021:07:41:46 +0800] "GET /xingrg/javascript/jquery.form.js HTTP/1.1" 304 -
120.253.135.82 - - [07/Nov/2021:07:41:46 +0800] "GET /xingrg/javascript/jquery.utils.js HTTP/1.1" 304 -
120.253.135.82 - - [07/Nov/2021:07:41:46 +0800] "GET /xingrg/javascript/jquery.timers.js HTTP/1.1" 304 -
120.253.135.82 - - [07/Nov/2021:07:41:46 +0800] "GET /xingrg/javascript/jquery-1.4.2.min.js HTTP/1.1" 304 -
120.253.135.82 - - [07/Nov/2021:07:41:46 +0800] "GET /xingrg/javascript/jquery_easy_ui/easyui-lang-zh_CN.js HTTP/1.1" 304 -
120.253.135.82 - - [07/Nov/2021:07:41:46 +0800] "GET /xingrg/javascript/jquery_easy_ui/jquery.easyui.min.js HTTP/1.1" 304 -
120.253.135.82 - - [07/Nov/2021:07:41:47 +0800] "GET /xingrg/images/blue/navBackgound.jpg HTTP/1.1" 304 -
120.253.135.82 - - [07/Nov/2021:07:41:47 +0800] "GET /xingrg/javascript/jquery_easy_ui/themes/icons/settle_new.png HTTP/1.1" 304 -
120.253.135.82 - - [07/Nov/2021:07:41:47 +0800] "POST /xingrg/all/common/load_tree.html?tree=area_rest_tree_json&manage=1 HTTP/1.1" 200 344
120.253.135.82 - - [07/Nov/2021:07:41:47 +0800] "GET /xingrg/images/blue/pingpu.png HTTP/1.1" 304 -
120.253.135.82 - - [07/Nov/2021:07:41:47 +0800] "GET /xingrg/javascript/jquery_easy_ui/themes/default/images/tabs_rightarrow.png HTTP/1.1" 304 -
120.253.135.82 - - [07/Nov/2021:07:41:47 +0800] "GET /xingrg/javascript/jquery_easy_ui/themes/default/images/tabs_leftarrow.png HTTP/1.1" 304 -
120.253.135.82 - - [07/Nov/2021:07:41:47 +0800] "GET /xingrg/javascript/jquery_easy_ui/themes/default/images/panel_tool_collapse.gif HTTP/1.1" 304 -
120.253.135.82 - - [07/Nov/2021:07:41:47 +0800] "GET /xingrg/all/function/internal_message.html?_=1636241879130&CODE_STATE=count HTTP/1.1" 200 11
120.253.135.82 - - [07/Nov/2021:07:41:47 +0800] "GET /xingrg/check_reg.html?_=1636241879131 HTTP/1.1" 200 22
120.253.135.82 - - [07/Nov/2021:07:41:47 +0800] "GET /xingrg/javascript/jquery_easy_ui/themes/default/images/tree_arrows.gif HTTP/1.1" 304 -
