120.253.135.82 - - [07/Nov/2021:09:05:05 +0800] "POST /xingrg/kc/pszx/mdps_order_operate.html HTTP/1.1" 200 37
120.253.135.82 - - [07/Nov/2021:09:05:06 +0800] "GET /xingrg/kc/pszx/mdps_order_info.html?code=312021110600154 HTTP/1.1" 200 23925
58.39.139.200 - - [07/Nov/2021:09:05:06 +0800] "GET /xingrg/all/function/internal_message.html?_=1636247106137&CODE_STATE=getMsg HTTP/1.1" 200 27
120.253.135.82 - - [07/Nov/2021:09:05:06 +0800] "GET /xingrg/javascript/easyui/themes/default/validatebox.css HTTP/1.1" 404 1104
120.253.135.82 - - [07/Nov/2021:09:05:06 +0800] "POST /xingrg/kc/pszx/mdps_order_operate.html HTTP/1.1" 200 2280
114.86.228.117 - - [07/Nov/2021:09:05:08 +0800] "GET /xingrg/kc/buy/cgsh_order_operate.html?command=get_materiel&rest_code=00109&code=00101008197&supplier_code=00100005&order_time=2021-11-07 HTTP/1.1" 200 416
116.227.210.113 - - [07/Nov/2021:09:05:09 +0800] "GET /xingrg/check_reg.html?_=1636247097447 HTTP/1.1" 200 22
116.227.210.113 - - [07/Nov/2021:09:05:10 +0800] "GET /xingrg/all/function/internal_message.html?_=1636247097667&CODE_STATE=getMsg HTTP/1.1" 200 27
222.70.176.97 - - [07/Nov/2021:09:05:12 +0800] "POST /xingrg/kc/buy/cgsh_order_operate.html HTTP/1.1" 200 37
222.70.176.97 - - [07/Nov/2021:09:05:14 +0800] "POST /xingrg/kc/buy/cgsh_order_operate.html HTTP/1.1" 200 5025
114.86.228.117 - - [07/Nov/2021:09:05:16 +0800] "GET /xingrg/kc/buy/cgsh_order_operate.html?command=get_materiel&rest_code=00109&code=00101008125&supplier_code=00100005&order_time=2021-11-07 HTTP/1.1" 200 413
120.253.135.82 - - [07/Nov/2021:09:05:17 +0800] "POST /xingrg/kc/pszx/mdps_order_operate.html HTTP/1.1" 200 37
222.70.176.97 - - [07/Nov/2021:09:05:17 +0800] "GET /xingrg/kc/print/load_data.html?order_code=212021110702723&kc_code=cgsh&condition= HTTP/1.1" 200 1660
114.86.228.117 - - [07/Nov/2021:09:05:17 +0800] "POST /xingrg/kc/buy/cgsh_order_operate.html HTTP/1.1" 200 2065
120.253.135.82 - - [07/Nov/2021:09:05:17 +0800] "GET /xingrg/kc/pszx/mdps_order_info.html?code=312021110600154 HTTP/1.1" 200 23925
120.253.135.82 - - [07/Nov/2021:09:05:18 +0800] "POST /xingrg/kc/pszx/mdps_order_operate.html HTTP/1.1" 200 2280
120.253.135.82 - - [07/Nov/2021:09:05:18 +0800] "GET /xingrg/javascript/easyui/themes/default/validatebox.css HTTP/1.1" 404 1104
120.253.135.82 - - [07/Nov/2021:09:05:20 +0800] "GET /xingrg/kc/print/load_data.html?order_code=312021110600154&kc_code=mdps&condition= HTTP/1.1" 200 657
120.253.135.82 - - [07/Nov/2021:09:05:22 +0800] "GET /xingrg/all/function/internal_message.html?_=1636247082280&CODE_STATE=getMsg HTTP/1.1" 200 27
114.86.228.117 - - [07/Nov/2021:09:05:23 +0800] "GET /xingrg/all/function/internal_message.html?_=1636247125368&CODE_STATE=getMsg HTTP/1.1" 200 27
120.253.135.82 - - [07/Nov/2021:09:05:26 +0800] "POST /xingrg/kc/pszx/mdps_list_operate.html HTTP/1.1" 200 3858
180.169.147.146 - - [07/Nov/2021:09:05:27 +0800] "GET /xingrg/all/function/internal_message.html?_=1636247129227&CODE_STATE=getMsg HTTP/1.1" 200 27
180.157.253.6 - - [07/Nov/2021:09:05:31 +0800] "GET /xingrg/all/function/internal_message.html?_=1636247133281&CODE_STATE=getMsg HTTP/1.1" 200 27
222.70.171.86 - - [07/Nov/2021:09:05:40 +0800] "GET /xingrg/all/function/internal_message.html?_=1636247143065&CODE_STATE=getMsg HTTP/1.1" 302 -
222.70.171.86 - - [07/Nov/2021:09:05:41 +0800] "GET /xingrg/all/function/internal_message.html?_=1636247142710&CODE_STATE=getMsg HTTP/1.1" 200 27
114.85.125.222 - - [07/Nov/2021:09:05:43 +0800] "GET /xingrg/all/function/internal_message.html?_=1636247071595&CODE_STATE=getMsg HTTP/1.1" 200 27
120.253.135.82 - - [07/Nov/2021:09:05:44 +0800] "POST /xingrg/kc/pszx/mdps_list_operate.html HTTP/1.1" 200 2809
120.253.135.82 - - [07/Nov/2021:09:05:45 +0800] "POST /xingrg/kc/pszx/mdps_list_operate.html HTTP/1.1" 200 205
120.253.135.82 - - [07/Nov/2021:09:05:46 +0800] "GET /xingrg/kc/pszx/mdps_order_info.html?code=312021110600158 HTTP/1.1" 200 23931
120.253.135.82 - - [07/Nov/2021:09:05:47 +0800] "POST /xingrg/kc/pszx/mdps_order_operate.html HTTP/1.1" 200 2279
120.253.135.82 - - [07/Nov/2021:09:05:47 +0800] "GET /xingrg/javascript/easyui/themes/default/validatebox.css HTTP/1.1" 404 1104
120.253.135.82 - - [07/Nov/2021:09:05:53 +0800] "POST /xingrg/kc/pszx/mdps_order_operate.html HTTP/1.1" 200 37
120.253.135.82 - - [07/Nov/2021:09:05:54 +0800] "GET /xingrg/kc/pszx/mdps_order_info.html?code=312021110600158 HTTP/1.1" 200 23931
120.253.135.82 - - [07/Nov/2021:09:05:55 +0800] "POST /xingrg/kc/pszx/mdps_order_operate.html HTTP/1.1" 200 2279
120.253.135.82 - - [07/Nov/2021:09:05:55 +0800] "GET /xingrg/javascript/easyui/themes/default/validatebox.css HTTP/1.1" 404 1104
120.253.135.82 - - [07/Nov/2021:09:05:56 +0800] "GET /xingrg/all/function/internal_message.html?_=1636246927533&CODE_STATE=getMsg HTTP/1.1" 200 27
180.169.147.146 - - [07/Nov/2021:09:05:56 +0800] "GET /xingrg/all/function/internal_message.html?_=1636247156301&CODE_STATE=getMsg HTTP/1.1" 200 27
180.169.147.146 - - [07/Nov/2021:09:05:56 +0800] "GET /xingrg/check_reg.html?_=1636247156393 HTTP/1.1" 200 22
180.169.147.146 - - [07/Nov/2021:09:05:56 +0800] "GET /xingrg/all/function/internal_message.html?_=1636247156394&CODE_STATE=getMsg HTTP/1.1" 200 27
116.238.248.233 - - [07/Nov/2021:09:05:57 +0800] "GET /xingrg/check_reg.html?_=1636247157464 HTTP/1.1" 200 22
116.238.248.233 - - [07/Nov/2021:09:05:57 +0800] "GET /xingrg/all/function/internal_message.html?_=1636247157461&CODE_STATE=getMsg HTTP/1.1" 200 27
114.86.228.117 - - [07/Nov/2021:09:06:04 +0800] "POST /xingrg/kc/buy/cgsh_order_operate.html HTTP/1.1" 200 37
120.253.135.82 - - [07/Nov/2021:09:06:04 +0800] "GET /xingrg/all/function/internal_message.html?_=1636246743581&CODE_STATE=getMsg HTTP/1.1" 200 27
114.86.228.117 - - [07/Nov/2021:09:06:06 +0800] "POST /xingrg/kc/buy/cgsh_order_operate.html HTTP/1.1" 200 18052
58.39.139.200 - - [07/Nov/2021:09:06:06 +0800] "GET /xingrg/all/function/internal_message.html?_=1636247166113&CODE_STATE=getMsg HTTP/1.1" 200 27
222.70.176.97 - - [07/Nov/2021:09:06:09 +0800] "GET /xingrg/check_reg.html?_=1636247167153 HTTP/1.1" 200 22
116.227.210.113 - - [07/Nov/2021:09:06:10 +0800] "GET /xingrg/all/function/internal_message.html?_=1636247157668&CODE_STATE=getMsg HTTP/1.1" 200 27
222.70.176.97 - - [07/Nov/2021:09:06:10 +0800] "GET /xingrg/all/function/internal_message.html?_=1636247167702&CODE_STATE=getMsg HTTP/1.1" 200 27
114.86.228.117 - - [07/Nov/2021:09:06:13 +0800] "GET /xingrg/kc/buy/cgsh_order_operate.html?command=get_materiel&rest_code=00109&code=00101008176&supplier_code=00100005&order_time=2021-11-07 HTTP/1.1" 200 412
120.253.135.82 - - [07/Nov/2021:09:06:19 +0800] "GET /xingrg/check_reg.html?_=1636247139615 HTTP/1.1" 200 22
120.253.135.82 - - [07/Nov/2021:09:06:22 +0800] "GET /xingrg/all/function/internal_message.html?_=1636247142293&CODE_STATE=getMsg HTTP/1.1" 200 27
114.86.228.117 - - [07/Nov/2021:09:06:23 +0800] "GET /xingrg/kc/buy/cgsh_order_operate.html?command=get_materiel&rest_code=00109&code=00101008027&supplier_code=00100005&order_time=2021-11-07 HTTP/1.1" 200 409
114.86.228.117 - - [07/Nov/2021:09:06:23 +0800] "GET /xingrg/all/function/internal_message.html?_=1636247185367&CODE_STATE=getMsg HTTP/1.1" 200 27
180.169.147.146 - - [07/Nov/2021:09:06:27 +0800] "GET /xingrg/all/function/internal_message.html?_=1636247189231&CODE_STATE=getMsg HTTP/1.1" 200 27
180.157.253.6 - - [07/Nov/2021:09:06:31 +0800] "GET /xingrg/all/function/internal_message.html?_=1636247193265&CODE_STATE=getMsg HTTP/1.1" 200 27
114.86.228.117 - - [07/Nov/2021:09:06:33 +0800] "GET /xingrg/kc/buy/cgsh_order_operate.html?command=get_materiel&rest_code=00109&code=00101008055&supplier_code=00100005&order_time=2021-11-07 HTTP/1.1" 200 409
222.70.171.86 - - [07/Nov/2021:09:06:40 +0800] "GET /xingrg/all/function/internal_message.html?_=1636247203070&CODE_STATE=getMsg HTTP/1.1" 302 -
114.86.228.117 - - [07/Nov/2021:09:06:41 +0800] "GET /xingrg/kc/buy/cgsh_order_operate.html?command=get_materiel&rest_code=00109&code=00101008080&supplier_code=00100005&order_time=2021-11-07 HTTP/1.1" 200 417
222.70.171.86 - - [07/Nov/2021:09:06:41 +0800] "GET /xingrg/all/function/internal_message.html?_=1636247202724&CODE_STATE=getMsg HTTP/1.1" 200 27
114.85.125.222 - - [07/Nov/2021:09:06:43 +0800] "GET /xingrg/all/function/internal_message.html?_=1636247131609&CODE_STATE=getMsg HTTP/1.1" 200 27
114.86.228.117 - - [07/Nov/2021:09:06:44 +0800] "POST /xingrg/kc/buy/cgsh_order_operate.html HTTP/1.1" 200 2065
120.253.135.82 - - [07/Nov/2021:09:06:48 +0800] "GET /xingrg/check_reg.html?_=1636246979497 HTTP/1.1" 200 22
114.86.228.117 - - [07/Nov/2021:09:06:50 +0800] "GET /xingrg/kc/buy/cgsh_order_operate.html?command=get_materiel&rest_code=00109&code=00101008350&supplier_code=00100005&order_time=2021-11-07 HTTP/1.1" 200 408
222.70.171.86 - - [07/Nov/2021:09:06:52 +0800] "POST /xingrg/kc/buy/cgsh_list_operate.html HTTP/1.1" 200 876
120.253.135.82 - - [07/Nov/2021:09:06:56 +0800] "GET /xingrg/all/function/internal_message.html?_=1636246987546&CODE_STATE=getMsg HTTP/1.1" 200 27
180.169.147.146 - - [07/Nov/2021:09:06:56 +0800] "GET /xingrg/all/function/internal_message.html?_=1636247216300&CODE_STATE=getMsg HTTP/1.1" 200 27
180.169.147.146 - - [07/Nov/2021:09:06:56 +0800] "GET /xingrg/all/function/internal_message.html?_=1636247216410&CODE_STATE=getMsg HTTP/1.1" 200 27
114.86.228.117 - - [07/Nov/2021:09:06:57 +0800] "GET /xingrg/kc/buy/cgsh_order_operate.html?command=get_materiel&rest_code=00109&code=00101008244&supplier_code=00100005&order_time=2021-11-07 HTTP/1.1" 200 408
116.238.248.233 - - [07/Nov/2021:09:06:57 +0800] "GET /xingrg/all/function/internal_message.html?_=1636247217467&CODE_STATE=getMsg HTTP/1.1" 200 27
120.253.135.82 - - [07/Nov/2021:09:07:04 +0800] "GET /xingrg/all/function/internal_message.html?_=1636246803582&CODE_STATE=getMsg HTTP/1.1" 200 27
114.86.228.117 - - [07/Nov/2021:09:07:05 +0800] "GET /xingrg/kc/buy/cgsh_order_operate.html?command=get_materiel&rest_code=00109&code=00101008096&supplier_code=00100005&order_time=2021-11-07 HTTP/1.1" 200 412
58.39.139.200 - - [07/Nov/2021:09:07:06 +0800] "GET /xingrg/all/function/internal_message.html?_=1636247226088&CODE_STATE=getMsg HTTP/1.1" 200 27
58.39.139.200 - - [07/Nov/2021:09:07:06 +0800] "GET /xingrg/check_reg.html?_=1636247226338 HTTP/1.1" 200 22
116.227.210.113 - - [07/Nov/2021:09:07:10 +0800] "GET /xingrg/all/function/internal_message.html?_=1636247217649&CODE_STATE=getMsg HTTP/1.1" 200 27
222.70.176.97 - - [07/Nov/2021:09:07:10 +0800] "GET /xingrg/all/function/internal_message.html?_=1636247227687&CODE_STATE=getMsg HTTP/1.1" 200 27
114.86.228.117 - - [07/Nov/2021:09:07:15 +0800] "GET /xingrg/kc/buy/cgsh_order_operate.html?command=get_materiel&rest_code=00109&code=00101008356&supplier_code=00100005&order_time=2021-11-07 HTTP/1.1" 200 409
120.253.135.82 - - [07/Nov/2021:09:07:22 +0800] "GET /xingrg/all/function/internal_message.html?_=1636247202307&CODE_STATE=getMsg HTTP/1.1" 200 27
114.86.228.117 - - [07/Nov/2021:09:07:23 +0800] "GET /xingrg/all/function/internal_message.html?_=1636247245373&CODE_STATE=getMsg HTTP/1.1" 200 27
114.86.228.117 - - [07/Nov/2021:09:07:24 +0800] "GET /xingrg/check_reg.html?_=1636247245386 HTTP/1.1" 200 22
114.86.228.117 - - [07/Nov/2021:09:07:25 +0800] "GET /xingrg/kc/buy/cgsh_order_operate.html?command=get_materiel&rest_code=00109&code=00101008069&supplier_code=00100005&order_time=2021-11-07 HTTP/1.1" 200 412
180.169.147.146 - - [07/Nov/2021:09:07:27 +0800] "GET /xingrg/all/function/internal_message.html?_=1636247249218&CODE_STATE=getMsg HTTP/1.1" 200 27
222.70.171.86 - - [07/Nov/2021:09:07:29 +0800] "GET /xingrg/check_reg.html?_=1636247251678 HTTP/1.1" 302 -
180.157.253.6 - - [07/Nov/2021:09:07:31 +0800] "GET /xingrg/all/function/internal_message.html?_=1636247253249&CODE_STATE=getMsg HTTP/1.1" 200 27
114.86.228.117 - - [07/Nov/2021:09:07:33 +0800] "POST /xingrg/kc/buy/cgsh_order_operate.html HTTP/1.1" 200 2065
222.70.171.86 - - [07/Nov/2021:09:07:40 +0800] "GET /xingrg/all/function/internal_message.html?_=1636247263091&CODE_STATE=getMsg HTTP/1.1" 302 -
222.70.171.86 - - [07/Nov/2021:09:07:41 +0800] "GET /xingrg/all/function/internal_message.html?_=1636247262859&CODE_STATE=getMsg HTTP/1.1" 200 27
114.86.228.117 - - [07/Nov/2021:09:07:42 +0800] "GET /xingrg/kc/buy/cgsh_order_operate.html?command=get_materiel&rest_code=00109&code=00101008131&supplier_code=00100005&order_time=2021-11-07 HTTP/1.1" 200 408
114.85.125.222 - - [07/Nov/2021:09:07:43 +0800] "GET /xingrg/all/function/internal_message.html?_=1636247191772&CODE_STATE=getMsg HTTP/1.1" 200 27
180.157.253.6 - - [07/Nov/2021:09:07:54 +0800] "GET /xingrg/check_reg.html?_=1636247275794 HTTP/1.1" 200 22
222.70.171.86 - - [07/Nov/2021:09:07:54 +0800] "POST /xingrg/kc/buy/cgsh_list_operate.html HTTP/1.1" 200 3646
114.86.228.117 - - [07/Nov/2021:09:07:55 +0800] "GET /xingrg/kc/buy/cgsh_order_operate.html?command=get_materiel&rest_code=00109&code=00101008296&supplier_code=00100005&order_time=2021-11-07 HTTP/1.1" 200 416
120.253.135.82 - - [07/Nov/2021:09:07:56 +0800] "GET /xingrg/all/function/internal_message.html?_=1636247047561&CODE_STATE=getMsg HTTP/1.1" 200 27
180.169.147.146 - - [07/Nov/2021:09:07:56 +0800] "GET /xingrg/all/function/internal_message.html?_=1636247276306&CODE_STATE=getMsg HTTP/1.1" 200 27
180.169.147.146 - - [07/Nov/2021:09:07:56 +0800] "GET /xingrg/check_reg.html?_=1636247276308 HTTP/1.1" 200 22
180.169.147.146 - - [07/Nov/2021:09:07:56 +0800] "GET /xingrg/all/function/internal_message.html?_=1636247276399&CODE_STATE=getMsg HTTP/1.1" 200 27
116.238.248.233 - - [07/Nov/2021:09:07:57 +0800] "GET /xingrg/all/function/internal_message.html?_=1636247277466&CODE_STATE=getMsg HTTP/1.1" 200 27
114.86.228.117 - - [07/Nov/2021:09:08:04 +0800] "GET /xingrg/kc/buy/cgsh_order_operate.html?command=get_materiel&rest_code=00109&code=00101008318&supplier_code=00100005&order_time=2021-11-07 HTTP/1.1" 200 408
120.253.135.82 - - [07/Nov/2021:09:08:04 +0800] "GET /xingrg/check_reg.html?_=1636246863582 HTTP/1.1" 200 22
120.253.135.82 - - [07/Nov/2021:09:08:04 +0800] "GET /xingrg/all/function/internal_message.html?_=1636246863584&CODE_STATE=getMsg HTTP/1.1" 200 27
58.39.139.200 - - [07/Nov/2021:09:08:06 +0800] "GET /xingrg/all/function/internal_message.html?_=1636247286064&CODE_STATE=getMsg HTTP/1.1" 200 27
116.227.210.113 - - [07/Nov/2021:09:08:10 +0800] "GET /xingrg/all/function/internal_message.html?_=1636247277641&CODE_STATE=getMsg HTTP/1.1" 200 27
222.70.176.97 - - [07/Nov/2021:09:08:10 +0800] "GET /xingrg/all/function/internal_message.html?_=1636247287672&CODE_STATE=getMsg HTTP/1.1" 200 27
114.86.228.117 - - [07/Nov/2021:09:08:12 +0800] "GET /xingrg/kc/buy/cgsh_order_operate.html?command=get_materiel&rest_code=00109&code=00101008098&supplier_code=00100005&order_time=2021-11-07 HTTP/1.1" 200 412
120.253.135.82 - - [07/Nov/2021:09:08:22 +0800] "GET /xingrg/all/function/internal_message.html?_=1636247262322&CODE_STATE=getMsg HTTP/1.1" 200 27
114.86.228.117 - - [07/Nov/2021:09:08:22 +0800] "GET /xingrg/kc/buy/cgsh_order_operate.html?command=get_materiel&rest_code=00109&code=00101008353&supplier_code=00100005&order_time=2021-11-07 HTTP/1.1" 200 408
114.86.228.117 - - [07/Nov/2021:09:08:23 +0800] "GET /xingrg/all/function/internal_message.html?_=1636247305372&CODE_STATE=getMsg HTTP/1.1" 200 27
114.86.228.117 - - [07/Nov/2021:09:08:24 +0800] "POST /xingrg/kc/buy/cgsh_order_operate.html HTTP/1.1" 200 2065
180.169.147.146 - - [07/Nov/2021:09:08:27 +0800] "GET /xingrg/all/function/internal_message.html?_=1636247309220&CODE_STATE=getMsg HTTP/1.1" 200 27
180.169.147.146 - - [07/Nov/2021:09:08:27 +0800] "GET /xingrg/check_reg.html?_=1636247309222 HTTP/1.1" 200 22
114.86.228.117 - - [07/Nov/2021:09:08:29 +0800] "GET /xingrg/kc/buy/cgsh_order_operate.html?command=get_materiel&rest_code=00109&code=00101008213&supplier_code=00100005&order_time=2021-11-07 HTTP/1.1" 200 412
180.157.253.6 - - [07/Nov/2021:09:08:31 +0800] "GET /xingrg/all/function/internal_message.html?_=1636247313222&CODE_STATE=getMsg HTTP/1.1" 200 27
116.238.248.233 - - [07/Nov/2021:09:08:40 +0800] "GET /xingrg/css/base.css HTTP/1.1" 304 -
116.238.248.233 - - [07/Nov/2021:09:08:40 +0800] "GET /xingrg/css/site.css HTTP/1.1" 304 -
116.238.248.233 - - [07/Nov/2021:09:08:40 +0800] "GET /xingrg/javascript/jquery_tools/datebox.css HTTP/1.1" 304 -
116.238.248.233 - - [07/Nov/2021:09:08:40 +0800] "GET /xingrg/javascript/easyui/themes/default/easyui.css HTTP/1.1" 304 -
116.238.248.233 - - [07/Nov/2021:09:08:40 +0800] "GET /xingrg/javascript/easyui/themes/icon.css HTTP/1.1" 304 -
116.238.248.233 - - [07/Nov/2021:09:08:40 +0800] "GET /xingrg/kc/buy/cgsh_order_list.html HTTP/1.1" 200 48947
116.238.248.233 - - [07/Nov/2021:09:08:40 +0800] "GET /xingrg/javascript/jquery_tools/table.css HTTP/1.1" 304 -
116.238.248.233 - - [07/Nov/2021:09:08:40 +0800] "GET /xingrg/javascript/jquery_tools/jquery.tools.min.js HTTP/1.1" 304 -
116.238.248.233 - - [07/Nov/2021:09:08:40 +0800] "GET /xingrg/javascript/jquery_tools/fix.css HTTP/1.1" 304 -
116.238.248.233 - - [07/Nov/2021:09:08:40 +0800] "GET /xingrg/javascript/jquery_tools/jquery.tools.hotkey.js HTTP/1.1" 304 -
116.238.248.233 - - [07/Nov/2021:09:08:40 +0800] "GET /xingrg/javascript/jquery_tools/jquery.tools.table.js HTTP/1.1" 304 -
116.238.248.233 - - [07/Nov/2021:09:08:40 +0800] "GET /xingrg/javascript/jquery_tools/jquery.tools.extend.js HTTP/1.1" 304 -
116.238.248.233 - - [07/Nov/2021:09:08:40 +0800] "GET /xingrg/javascript/jquery_tools/list_manager.js HTTP/1.1" 304 -
116.238.248.233 - - [07/Nov/2021:09:08:40 +0800] "GET /xingrg/javascript/easyui/easyloader.js HTTP/1.1" 304 -
116.238.248.233 - - [07/Nov/2021:09:08:40 +0800] "GET /xingrg/javascript/jquery.cookie.js HTTP/1.1" 304 -
116.238.248.233 - - [07/Nov/2021:09:08:40 +0800] "GET /xingrg/javascript/easyui/plugins/jquery.parser.js HTTP/1.1" 304 -
222.70.171.86 - - [07/Nov/2021:09:08:40 +0800] "GET /xingrg/all/function/internal_message.html?_=1636247323096&CODE_STATE=getMsg HTTP/1.1" 302 -
222.70.171.86 - - [07/Nov/2021:09:08:41 +0800] "GET /xingrg/all/function/internal_message.html?_=1636247322860&CODE_STATE=getMsg HTTP/1.1" 200 27
116.238.248.233 - - [07/Nov/2021:09:08:42 +0800] "POST /xingrg/kc/buy/cgsh_list_operate.html HTTP/1.1" 200 2088
114.85.125.222 - - [07/Nov/2021:09:08:43 +0800] "GET /xingrg/all/function/internal_message.html?_=1636247251776&CODE_STATE=getMsg HTTP/1.1" 200 27
116.238.248.233 - - [07/Nov/2021:09:08:45 +0800] "GET /xingrg/kc/buy/cgsh_order_add.html HTTP/1.1" 200 64641
116.238.248.233 - - [07/Nov/2021:09:08:45 +0800] "GET /xingrg/words/20211105164858_words.js HTTP/1.1" 304 -
116.238.248.233 - - [07/Nov/2021:09:08:45 +0800] "POST /xingrg/kc/buy/cgsh_order_operate.html HTTP/1.1" 200 8245
116.238.248.233 - - [07/Nov/2021:09:08:45 +0800] "GET /xingrg/all/common/auto_word.html?type=employee&rest_code=00150 HTTP/1.1" 200 159
116.238.248.233 - - [07/Nov/2021:09:08:45 +0800] "GET /xingrg/all/common/auto_word.html?type=employee&rest_code=00150 HTTP/1.1" 200 159
116.238.248.233 - - [07/Nov/2021:09:08:45 +0800] "GET /xingrg/javascript/easyui/themes/default/validatebox.css HTTP/1.1" 404 1104
120.253.135.82 - - [07/Nov/2021:09:08:56 +0800] "GET /xingrg/all/function/internal_message.html?_=1636247107574&CODE_STATE=getMsg HTTP/1.1" 200 27
180.169.147.146 - - [07/Nov/2021:09:08:56 +0800] "GET /xingrg/all/function/internal_message.html?_=1636247336306&CODE_STATE=getMsg HTTP/1.1" 200 27
180.169.147.146 - - [07/Nov/2021:09:08:56 +0800] "GET /xingrg/all/function/internal_message.html?_=1636247336402&CODE_STATE=getMsg HTTP/1.1" 200 27
114.86.228.117 - - [07/Nov/2021:09:08:56 +0800] "POST /xingrg/kc/buy/cgsh_order_operate.html HTTP/1.1" 200 37
116.238.248.233 - - [07/Nov/2021:09:08:57 +0800] "GET /xingrg/all/function/internal_message.html?_=1636247337476&CODE_STATE=getMsg HTTP/1.1" 200 27
116.238.248.233 - - [07/Nov/2021:09:08:58 +0800] "GET /xingrg/kc/buy/cgsh_order_operate.html?command=get_materiel&rest_code=00150&code=00101001010&supplier_code=00100096&order_time=2021-11-07 HTTP/1.1" 200 409
114.86.228.117 - - [07/Nov/2021:09:08:58 +0800] "POST /xingrg/kc/buy/cgsh_order_operate.html HTTP/1.1" 200 26907
120.253.135.82 - - [07/Nov/2021:09:09:04 +0800] "GET /xingrg/all/function/internal_message.html?_=1636246923583&CODE_STATE=getMsg HTTP/1.1" 200 27
114.86.228.117 - - [07/Nov/2021:09:09:05 +0800] "GET /xingrg/kc/buy/cgsh_order_operate.html?command=get_materiel&rest_code=00109&code=00101008283&supplier_code=00100005&order_time=2021-11-07 HTTP/1.1" 200 408
58.39.139.200 - - [07/Nov/2021:09:09:06 +0800] "GET /xingrg/all/function/internal_message.html?_=1636247346035&CODE_STATE=getMsg HTTP/1.1" 200 27
116.227.210.113 - - [07/Nov/2021:09:09:10 +0800] "GET /xingrg/all/function/internal_message.html?_=1636247337624&CODE_STATE=getMsg HTTP/1.1" 200 27
222.70.176.97 - - [07/Nov/2021:09:09:10 +0800] "GET /xingrg/all/function/internal_message.html?_=1636247347656&CODE_STATE=getMsg HTTP/1.1" 200 27
222.70.171.86 - - [07/Nov/2021:09:09:11 +0800] "POST /xingrg/services/DataTransmitService HTTP/1.1" 200 524
222.70.171.86 - - [07/Nov/2021:09:09:12 +0800] "POST /xingrg/services/DataTransmitService HTTP/1.1" 200 501
114.86.228.117 - - [07/Nov/2021:09:09:12 +0800] "GET /xingrg/kc/buy/cgsh_order_operate.html?command=get_materiel&rest_code=00109&code=00101008225&supplier_code=00100005&order_time=2021-11-07 HTTP/1.1" 200 416
222.70.171.86 - - [07/Nov/2021:09:09:13 +0800] "POST /xingrg/services/DataTransmitService HTTP/1.1" 200 524
222.70.171.86 - - [07/Nov/2021:09:09:14 +0800] "POST /xingrg/services/DataTransmitService HTTP/1.1" 200 501
222.70.171.86 - - [07/Nov/2021:09:09:17 +0800] "POST /xingrg/services/DataTransmitService HTTP/1.1" 200 524
222.70.171.86 - - [07/Nov/2021:09:09:18 +0800] "POST /xingrg/services/DataTransmitService HTTP/1.1" 200 501
222.70.171.86 - - [07/Nov/2021:09:09:20 +0800] "POST /xingrg/services/DataTransmitService HTTP/1.1" 200 524
114.86.228.117 - - [07/Nov/2021:09:09:22 +0800] "GET /xingrg/kc/buy/cgsh_order_operate.html?command=get_materiel&rest_code=00109&code=00101008286&supplier_code=00100005&order_time=2021-11-07 HTTP/1.1" 200 408
120.253.135.82 - - [07/Nov/2021:09:09:22 +0800] "GET /xingrg/all/function/internal_message.html?_=1636247322359&CODE_STATE=getMsg HTTP/1.1" 200 27
114.86.228.117 - - [07/Nov/2021:09:09:23 +0800] "GET /xingrg/all/function/internal_message.html?_=1636247365377&CODE_STATE=getMsg HTTP/1.1" 200 27
180.169.147.146 - - [07/Nov/2021:09:09:27 +0800] "GET /xingrg/all/function/internal_message.html?_=1636247369223&CODE_STATE=getMsg HTTP/1.1" 200 27
114.86.228.117 - - [07/Nov/2021:09:09:30 +0800] "GET /xingrg/kc/buy/cgsh_order_operate.html?command=get_materiel&rest_code=00109&code=00101008323&supplier_code=00100005&order_time=2021-11-07 HTTP/1.1" 200 408
180.157.253.6 - - [07/Nov/2021:09:09:31 +0800] "GET /xingrg/all/function/internal_message.html?_=1636247373234&CODE_STATE=getMsg HTTP/1.1" 200 27
114.86.228.117 - - [07/Nov/2021:09:09:32 +0800] "POST /xingrg/kc/buy/cgsh_order_operate.html HTTP/1.1" 200 2065
222.70.171.86 - - [07/Nov/2021:09:09:40 +0800] "GET /xingrg/all/function/internal_message.html?_=1636247383120&CODE_STATE=getMsg HTTP/1.1" 302 -
114.86.228.117 - - [07/Nov/2021:09:09:41 +0800] "GET /xingrg/kc/buy/cgsh_order_operate.html?command=get_materiel&rest_code=00109&code=00101008155&supplier_code=00100005&order_time=2021-11-07 HTTP/1.1" 200 408
222.70.171.86 - - [07/Nov/2021:09:09:41 +0800] "GET /xingrg/all/function/internal_message.html?_=1636247382873&CODE_STATE=getMsg HTTP/1.1" 200 27
114.85.125.222 - - [07/Nov/2021:09:09:43 +0800] "GET /xingrg/all/function/internal_message.html?_=1636247311941&CODE_STATE=getMsg HTTP/1.1" 200 27
114.86.228.117 - - [07/Nov/2021:09:09:49 +0800] "GET /xingrg/kc/buy/cgsh_order_operate.html?command=get_materiel&rest_code=00109&code=00101008350&supplier_code=00100005&order_time=2021-11-07 HTTP/1.1" 200 408
114.85.125.222 - - [07/Nov/2021:09:09:49 +0800] "GET /xingrg/check_reg.html?_=1636247317956 HTTP/1.1" 200 22
120.253.135.82 - - [07/Nov/2021:09:09:56 +0800] "GET /xingrg/all/function/internal_message.html?_=1636247167588&CODE_STATE=getMsg HTTP/1.1" 200 27
180.169.147.146 - - [07/Nov/2021:09:09:56 +0800] "GET /xingrg/all/function/internal_message.html?_=1636247396323&CODE_STATE=getMsg HTTP/1.1" 200 27
180.169.147.146 - - [07/Nov/2021:09:09:56 +0800] "GET /xingrg/all/function/internal_message.html?_=1636247396399&CODE_STATE=getMsg HTTP/1.1" 200 27
116.238.248.233 - - [07/Nov/2021:09:09:57 +0800] "GET /xingrg/all/function/internal_message.html?_=1636247397472&CODE_STATE=getMsg HTTP/1.1" 200 27
114.86.228.117 - - [07/Nov/2021:09:09:59 +0800] "GET /xingrg/kc/buy/cgsh_order_operate.html?command=get_materiel&rest_code=00109&code=00101008110&supplier_code=00100005&order_time=2021-11-07 HTTP/1.1" 200 409
222.70.171.86 - - [07/Nov/2021:09:10:01 +0800] "POST /xingrg/services/DataTransmitService HTTP/1.1" 200 501
222.70.171.86 - - [07/Nov/2021:09:10:01 +0800] "POST /xingrg/services/DataTransmitService HTTP/1.1" 200 501
222.70.171.86 - - [07/Nov/2021:09:10:03 +0800] "POST /xingrg/services/DataTransmitService HTTP/1.1" 200 501
120.253.135.82 - - [07/Nov/2021:09:10:04 +0800] "POST /xingrg/kc/pszx/mdps_order_operate.html HTTP/1.1" 200 37
120.253.135.82 - - [07/Nov/2021:09:10:04 +0800] "GET /xingrg/all/function/internal_message.html?_=1636246983583&CODE_STATE=getMsg HTTP/1.1" 200 27
222.70.171.86 - - [07/Nov/2021:09:10:05 +0800] "GET /xingrg/check_reg.html?_=1636247406347 HTTP/1.1" 200 22
120.253.135.82 - - [07/Nov/2021:09:10:05 +0800] "GET /xingrg/kc/pszx/mdps_order_info.html?code=312021110600158 HTTP/1.1" 200 23931
222.70.171.86 - - [07/Nov/2021:09:10:06 +0800] "POST /xingrg/services/DataTransmitService HTTP/1.1" 200 501
120.253.135.82 - - [07/Nov/2021:09:10:06 +0800] "GET /xingrg/javascript/easyui/themes/default/validatebox.css HTTP/1.1" 404 1104
120.253.135.82 - - [07/Nov/2021:09:10:06 +0800] "POST /xingrg/kc/pszx/mdps_order_operate.html HTTP/1.1" 200 2280
58.39.139.200 - - [07/Nov/2021:09:10:06 +0800] "GET /xingrg/all/function/internal_message.html?_=1636247406009&CODE_STATE=getMsg HTTP/1.1" 200 27
222.70.176.97 - - [07/Nov/2021:09:10:06 +0800] "GET /xingrg/kc/buy/cgsh_order_add.html HTTP/1.1" 200 64720
222.70.171.86 - - [07/Nov/2021:09:10:06 +0800] "POST /xingrg/services/DataTransmitService HTTP/1.1" 200 501
222.70.171.86 - - [07/Nov/2021:09:10:06 +0800] "POST /xingrg/services/DataTransmitService HTTP/1.1" 200 501
222.70.176.97 - - [07/Nov/2021:09:10:06 +0800] "POST /xingrg/kc/buy/cgsh_order_operate.html HTTP/1.1" 200 8245
222.70.176.97 - - [07/Nov/2021:09:10:07 +0800] "GET /xingrg/javascript/easyui/themes/default/validatebox.css HTTP/1.1" 404 1104
114.86.228.117 - - [07/Nov/2021:09:10:07 +0800] "GET /xingrg/kc/buy/cgsh_order_operate.html?command=get_materiel&rest_code=00109&code=00101008290&supplier_code=00100005&order_time=2021-11-07 HTTP/1.1" 200 416
222.70.171.86 - - [07/Nov/2021:09:10:07 +0800] "POST /xingrg/services/DataTransmitService HTTP/1.1" 200 501
120.253.135.82 - - [07/Nov/2021:09:10:07 +0800] "POST /xingrg/kc/pszx/mdps_list_operate.html HTTP/1.1" 200 2808
222.70.171.86 - - [07/Nov/2021:09:10:08 +0800] "POST /xingrg/services/DataTransmitService HTTP/1.1" 200 501
114.85.125.222 - - [07/Nov/2021:09:10:08 +0800] "GET /xingrg/kc/buy/cgsh_order_add.html HTTP/1.1" 200 64333
222.70.171.86 - - [07/Nov/2021:09:10:08 +0800] "POST /xingrg/services/DataTransmitService HTTP/1.1" 200 501
222.70.171.86 - - [07/Nov/2021:09:10:08 +0800] "POST /xingrg/services/DataTransmitService HTTP/1.1" 200 412
114.85.125.222 - - [07/Nov/2021:09:10:09 +0800] "POST /xingrg/kc/buy/cgsh_order_operate.html HTTP/1.1" 200 8245
114.85.125.222 - - [07/Nov/2021:09:10:09 +0800] "GET /xingrg/javascript/easyui/themes/default/validatebox.css HTTP/1.1" 404 1104
120.253.135.82 - - [07/Nov/2021:09:10:09 +0800] "POST /xingrg/kc/pszx/mdps_list_operate.html HTTP/1.1" 200 205
116.227.210.113 - - [07/Nov/2021:09:10:09 +0800] "GET /xingrg/check_reg.html?_=1636247397453 HTTP/1.1" 200 22
116.227.210.113 - - [07/Nov/2021:09:10:10 +0800] "GET /xingrg/all/function/internal_message.html?_=1636247397610&CODE_STATE=getMsg HTTP/1.1" 200 27
222.70.176.97 - - [07/Nov/2021:09:10:10 +0800] "GET /xingrg/all/function/internal_message.html?_=1636247407632&CODE_STATE=getMsg HTTP/1.1" 200 27
120.253.135.82 - - [07/Nov/2021:09:10:10 +0800] "GET /xingrg/kc/pszx/mdps_order_info.html?code=312021110600158 HTTP/1.1" 200 23931
120.253.135.82 - - [07/Nov/2021:09:10:10 +0800] "GET /xingrg/javascript/easyui/themes/default/validatebox.css HTTP/1.1" 404 1104
120.253.135.82 - - [07/Nov/2021:09:10:10 +0800] "POST /xingrg/kc/pszx/mdps_order_operate.html HTTP/1.1" 200 2280
120.253.135.82 - - [07/Nov/2021:09:10:13 +0800] "GET /xingrg/kc/print/load_data.html?order_code=312021110600158&kc_code=mdps&condition= HTTP/1.1" 200 684
114.86.228.117 - - [07/Nov/2021:09:10:14 +0800] "GET /xingrg/kc/buy/cgsh_order_operate.html?command=get_materiel&rest_code=00109&code=00101008223&supplier_code=00100005&order_time=2021-11-07 HTTP/1.1" 200 412
114.86.228.117 - - [07/Nov/2021:09:10:16 +0800] "POST /xingrg/kc/buy/cgsh_order_operate.html HTTP/1.1" 200 2065
114.85.125.222 - - [07/Nov/2021:09:10:19 +0800] "GET /xingrg/kc/buy/cgsh_order_operate.html?command=get_materiel&rest_code=00151&code=00101011005&supplier_code=00100047&order_time=2021-11-07 HTTP/1.1" 200 428
116.238.248.233 - - [07/Nov/2021:09:10:21 +0800] "GET /xingrg/kc/buy/cgsh_order_operate.html?command=get_materiel&rest_code=00150&code=00101012039&supplier_code=00100096&order_time=2021-11-07 HTTP/1.1" 200 408
114.86.228.117 - - [07/Nov/2021:09:10:22 +0800] "GET /xingrg/kc/buy/cgsh_order_operate.html?command=get_materiel&rest_code=00109&code=00101008095&supplier_code=00100005&order_time=2021-11-07 HTTP/1.1" 200 412
120.253.135.82 - - [07/Nov/2021:09:10:22 +0800] "GET /xingrg/all/function/internal_message.html?_=1636247382364&CODE_STATE=getMsg HTTP/1.1" 200 27
114.86.228.117 - - [07/Nov/2021:09:10:23 +0800] "GET /xingrg/all/function/internal_message.html?_=1636247425380&CODE_STATE=getMsg HTTP/1.1" 200 27
180.169.147.146 - - [07/Nov/2021:09:10:27 +0800] "GET /xingrg/all/function/internal_message.html?_=1636247429225&CODE_STATE=getMsg HTTP/1.1" 200 27
180.157.253.6 - - [07/Nov/2021:09:10:31 +0800] "GET /xingrg/all/function/internal_message.html?_=1636247433219&CODE_STATE=getMsg HTTP/1.1" 200 27
114.85.125.222 - - [07/Nov/2021:09:10:32 +0800] "GET /xingrg/kc/buy/cgsh_order_operate.html?command=get_materiel&rest_code=00151&code=00101011001&supplier_code=00100047&order_time=2021-11-07 HTTP/1.1" 200 423
114.86.228.117 - - [07/Nov/2021:09:10:33 +0800] "GET /xingrg/kc/buy/cgsh_order_operate.html?command=get_materiel&rest_code=00109&code=00101008123&supplier_code=00100005&order_time=2021-11-07 HTTP/1.1" 200 412
222.70.176.97 - - [07/Nov/2021:09:10:38 +0800] "GET /xingrg/kc/buy/cgsh_order_operate.html?command=get_materiel&rest_code=00111&code=00101019160&supplier_code=00100037&order_time=2021-11-07 HTTP/1.1" 200 413
116.238.248.233 - - [07/Nov/2021:09:10:38 +0800] "GET /xingrg/kc/buy/cgsh_order_operate.html?command=get_materiel&rest_code=00150&code=00101012025&supplier_code=00100096&order_time=2021-11-07 HTTP/1.1" 200 412
114.85.125.222 - - [07/Nov/2021:09:10:38 +0800] "GET /xingrg/kc/buy/cgsh_order_operate.html?command=get_materiel&rest_code=00151&code=00101011010&supplier_code=00100047&order_time=2021-11-07 HTTP/1.1" 200 418
222.70.171.86 - - [07/Nov/2021:09:10:40 +0800] "GET /xingrg/all/function/internal_message.html?_=1636247443123&CODE_STATE=getMsg HTTP/1.1" 302 -
222.70.171.86 - - [07/Nov/2021:09:10:41 +0800] "GET /xingrg/all/function/internal_message.html?_=1636247442886&CODE_STATE=getMsg HTTP/1.1" 200 27
114.86.228.117 - - [07/Nov/2021:09:10:42 +0800] "GET /xingrg/kc/buy/cgsh_order_operate.html?command=get_materiel&rest_code=00109&code=00101015046&supplier_code=00100005&order_time=2021-11-07 HTTP/1.1" 200 412
114.85.125.222 - - [07/Nov/2021:09:10:43 +0800] "GET /xingrg/all/function/internal_message.html?_=1636247371944&CODE_STATE=getMsg HTTP/1.1" 200 27
116.238.248.233 - - [07/Nov/2021:09:10:45 +0800] "GET /xingrg/kc/buy/cgsh_order_operate.html?command=get_materiel&rest_code=00150&code=00101012032&supplier_code=00100096&order_time=2021-11-07 HTTP/1.1" 200 416
114.85.125.222 - - [07/Nov/2021:09:10:48 +0800] "GET /xingrg/kc/buy/cgsh_order_operate.html?command=get_materiel&rest_code=00151&code=00101011007&supplier_code=00100047&order_time=2021-11-07 HTTP/1.1" 200 414
114.86.228.117 - - [07/Nov/2021:09:10:52 +0800] "GET /xingrg/kc/buy/cgsh_order_operate.html?command=get_materiel&rest_code=00109&code=00101008150&supplier_code=00100005&order_time=2021-11-07 HTTP/1.1" 200 409
116.238.248.233 - - [07/Nov/2021:09:10:54 +0800] "GET /xingrg/kc/buy/cgsh_order_operate.html?command=get_materiel&rest_code=00150&code=00101007061&supplier_code=00100096&order_time=2021-11-07 HTTP/1.1" 200 409
120.253.135.82 - - [07/Nov/2021:09:10:56 +0800] "GET /xingrg/all/function/internal_message.html?_=1636247227601&CODE_STATE=getMsg HTTP/1.1" 200 27
180.169.147.146 - - [07/Nov/2021:09:10:56 +0800] "GET /xingrg/all/function/internal_message.html?_=1636247456323&CODE_STATE=getMsg HTTP/1.1" 200 27
180.169.147.146 - - [07/Nov/2021:09:10:56 +0800] "GET /xingrg/check_reg.html?_=1636247456416 HTTP/1.1" 200 22
180.169.147.146 - - [07/Nov/2021:09:10:56 +0800] "GET /xingrg/all/function/internal_message.html?_=1636247456418&CODE_STATE=getMsg HTTP/1.1" 200 27
116.238.248.233 - - [07/Nov/2021:09:10:57 +0800] "GET /xingrg/all/function/internal_message.html?_=1636247457557&CODE_STATE=getMsg HTTP/1.1" 200 27
116.238.248.233 - - [07/Nov/2021:09:10:57 +0800] "GET /xingrg/check_reg.html?_=1636247457559 HTTP/1.1" 200 22
222.70.176.97 - - [07/Nov/2021:09:10:58 +0800] "GET /xingrg/kc/buy/cgsh_order_operate.html?command=get_materiel&rest_code=00111&code=00101019092&supplier_code=00100037&order_time=2021-11-07 HTTP/1.1" 200 456
124.78.153.86 - - [07/Nov/2021:09:11:00 +0800] "GET /xingrg/login.html?r=1 HTTP/1.1" 200 7641
124.78.153.86 - - [07/Nov/2021:09:11:00 +0800] "GET /favicon.ico HTTP/1.1" 404 -
124.78.153.86 - - [07/Nov/2021:09:11:01 +0800] "POST /xingrg/login.do HTTP/1.1" 302 -
124.78.153.86 - - [07/Nov/2021:09:11:01 +0800] "GET /xingrg/index.html?sysBaseUrl=http%3A%2F%2F180.169.147.146%3A18081%2Fxingrg%2F&costTime=43×tamp=1636247461837 HTTP/1.1" 200 17173
124.78.153.86 - - [07/Nov/2021:09:11:01 +0800] "GET /favicon.ico HTTP/1.1" 404 -
124.78.153.86 - - [07/Nov/2021:09:11:02 +0800] "POST /xingrg/all/common/load_tree.html?tree=area_rest_tree_json&manage=1 HTTP/1.1" 200 342
124.78.153.86 - - [07/Nov/2021:09:11:02 +0800] "GET /xingrg/all/function/internal_message.html?_=1636247469040&CODE_STATE=count HTTP/1.1" 200 11
124.78.153.86 - - [07/Nov/2021:09:11:02 +0800] "GET /xingrg/check_reg.html?_=1636247469041 HTTP/1.1" 200 22
124.78.153.86 - - [07/Nov/2021:09:11:02 +0800] "POST /xingrg/load_menu.html HTTP/1.1" 200 5138
114.86.228.117 - - [07/Nov/2021:09:11:03 +0800] "GET /xingrg/kc/buy/cgsh_order_operate.html?command=get_materiel&rest_code=00109&code=00101008283&supplier_code=00100005&order_time=2021-11-07 HTTP/1.1" 200 408
124.78.153.86 - - [07/Nov/2021:09:11:03 +0800] "GET /xingrg/kc/buy/buy_main.html HTTP/1.1" 200 12412
124.78.153.86 - - [07/Nov/2021:09:11:03 +0800] "GET /xingrg/css/new_ie.css HTTP/1.1" 404 1036
120.253.135.82 - - [07/Nov/2021:09:11:04 +0800] "GET /xingrg/all/function/internal_message.html?_=1636247043582&CODE_STATE=getMsg HTTP/1.1" 200 27
124.78.153.86 - - [07/Nov/2021:09:11:04 +0800] "GET /xingrg/images/yd/bt.gif HTTP/1.1" 404 1040
124.78.153.86 - - [07/Nov/2021:09:11:05 +0800] "GET /xingrg/kc/buy/cgsh_order_list.html HTTP/1.1" 200 48941
116.238.248.233 - - [07/Nov/2021:09:11:05 +0800] "GET /xingrg/kc/buy/cgsh_order_operate.html?command=get_materiel&rest_code=00150&code=00101007049&supplier_code=00100096&order_time=2021-11-07 HTTP/1.1" 200 409
58.39.139.200 - - [07/Nov/2021:09:11:06 +0800] "GET /xingrg/all/function/internal_message.html?_=1636247465979&CODE_STATE=getMsg HTTP/1.1" 200 27
124.78.153.86 - - [07/Nov/2021:09:11:06 +0800] "POST /xingrg/kc/buy/cgsh_list_operate.html HTTP/1.1" 200 876
114.86.228.117 - - [07/Nov/2021:09:11:07 +0800] "POST /xingrg/kc/buy/cgsh_order_operate.html HTTP/1.1" 200 2065
124.78.153.86 - - [07/Nov/2021:09:11:08 +0800] "GET /xingrg/kc/buy/cgsh_order_add.html HTTP/1.1" 200 64717
124.78.153.86 - - [07/Nov/2021:09:11:08 +0800] "GET /xingrg/words/20211105164858_words.js HTTP/1.1" 304 -
124.78.153.86 - - [07/Nov/2021:09:11:09 +0800] "POST /xingrg/kc/buy/cgsh_order_operate.html HTTP/1.1" 200 8245
124.78.153.86 - - [07/Nov/2021:09:11:09 +0800] "GET /xingrg/all/common/auto_word.html?type=employee&rest_code=00106 HTTP/1.1" 200 205
124.78.153.86 - - [07/Nov/2021:09:11:09 +0800] "GET /xingrg/javascript/easyui/themes/default/validatebox.css HTTP/1.1" 404 1104
124.78.153.86 - - [07/Nov/2021:09:11:09 +0800] "GET /xingrg/all/common/auto_word.html?type=employee&rest_code=00106 HTTP/1.1" 200 205
222.70.176.97 - - [07/Nov/2021:09:11:09 +0800] "GET /xingrg/check_reg.html?_=1636247467135 HTTP/1.1" 200 22
116.227.210.113 - - [07/Nov/2021:09:11:10 +0800] "GET /xingrg/all/function/internal_message.html?_=1636247457592&CODE_STATE=getMsg HTTP/1.1" 200 27
222.70.176.97 - - [07/Nov/2021:09:11:10 +0800] "GET /xingrg/all/function/internal_message.html?_=1636247467618&CODE_STATE=getMsg HTTP/1.1" 200 27
124.78.153.86 - - [07/Nov/2021:09:11:11 +0800] "GET /xingrg/javascript/easyui/themes/default/tree.css HTTP/1.1" 404 1090
124.78.153.86 - - [07/Nov/2021:09:11:11 +0800] "POST /xingrg/all/common/load_tree.html?tree=supplier_tree_json&isDelete=1 HTTP/1.1" 200 60167
222.70.176.97 - - [07/Nov/2021:09:11:13 +0800] "GET /xingrg/kc/buy/cgsh_order_operate.html?command=get_materiel&rest_code=00111&code=00101008288&supplier_code=00100037&order_time=2021-11-07 HTTP/1.1" 200 408
116.238.248.233 - - [07/Nov/2021:09:11:16 +0800] "GET /xingrg/kc/buy/cgsh_order_operate.html?command=get_materiel&rest_code=00150&code=00101007077&supplier_code=00100096&order_time=2021-11-07 HTTP/1.1" 200 415
120.253.135.82 - - [07/Nov/2021:09:11:20 +0800] "GET /xingrg/check_reg.html?_=1636247439636 HTTP/1.1" 200 22
114.85.125.222 - - [07/Nov/2021:09:11:21 +0800] "POST /xingrg/kc/buy/cgsh_order_operate.html HTTP/1.1" 200 37
120.253.135.82 - - [07/Nov/2021:09:11:22 +0800] "GET /xingrg/all/function/internal_message.html?_=1636247442378&CODE_STATE=getMsg HTTP/1.1" 200 27
114.86.228.117 - - [07/Nov/2021:09:11:23 +0800] "GET /xingrg/all/function/internal_message.html?_=1636247485379&CODE_STATE=getMsg HTTP/1.1" 200 27
222.70.176.97 - - [07/Nov/2021:09:11:25 +0800] "GET /xingrg/kc/buy/cgsh_order_operate.html?command=get_materiel&rest_code=00111&code=00101008361&supplier_code=00100037&order_time=2021-11-07 HTTP/1.1" 200 408
124.78.153.86 - - [07/Nov/2021:09:11:25 +0800] "GET /xingrg/javascript/auto/indicator.gif HTTP/1.1" 404 1066
180.169.147.146 - - [07/Nov/2021:09:11:27 +0800] "GET /xingrg/all/function/internal_message.html?_=1636247489228&CODE_STATE=getMsg HTTP/1.1" 200 27
114.85.125.222 - - [07/Nov/2021:09:11:30 +0800] "POST /xingrg/kc/buy/cgsh_order_operate.html HTTP/1.1" 200 116
114.86.228.117 - - [07/Nov/2021:09:11:30 +0800] "POST /xingrg/kc/buy/cgsh_order_operate.html HTTP/1.1" 200 37
180.157.253.6 - - [07/Nov/2021:09:11:31 +0800] "GET /xingrg/all/function/internal_message.html?_=1636247493189&CODE_STATE=getMsg HTTP/1.1" 200 27
114.86.228.117 - - [07/Nov/2021:09:11:32 +0800] "POST /xingrg/kc/buy/cgsh_order_operate.html HTTP/1.1" 200 35165
124.78.153.86 - - [07/Nov/2021:09:11:36 +0800] "GET /xingrg/kc/buy/cgsh_order_operate.html?command=get_materiel&rest_code=00106&code=00101007061&supplier_code=00100002&order_time=2021-11-07 HTTP/1.1" 200 411
222.70.171.86 - - [07/Nov/2021:09:11:40 +0800] "GET /xingrg/all/function/internal_message.html?_=1636247503146&CODE_STATE=getMsg HTTP/1.1" 302 -
222.70.171.86 - - [07/Nov/2021:09:11:41 +0800] "GET /xingrg/all/function/internal_message.html?_=1636247502901&CODE_STATE=getMsg HTTP/1.1" 200 27
114.85.125.222 - - [07/Nov/2021:09:11:43 +0800] "GET /xingrg/all/function/internal_message.html?_=1636247432092&CODE_STATE=getMsg HTTP/1.1" 200 27
222.70.176.97 - - [07/Nov/2021:09:11:46 +0800] "GET /xingrg/kc/buy/cgsh_order_operate.html?command=get_materiel&rest_code=00111&code=00101008284&supplier_code=00100037&order_time=2021-11-07 HTTP/1.1" 200 412
114.85.125.222 - - [07/Nov/2021:09:11:46 +0800] "POST /xingrg/kc/buy/cgsh_order_operate.html HTTP/1.1" 200 37
114.86.228.117 - - [07/Nov/2021:09:11:46 +0800] "GET /xingrg/kc/buy/cgsh_order_operate.html?command=get_materiel&rest_code=00109&code=00101008096&supplier_code=00100005&order_time=2021-11-07 HTTP/1.1" 200 23
116.238.248.233 - - [07/Nov/2021:09:11:46 +0800] "GET /xingrg/kc/buy/cgsh_order_operate.html?command=get_materiel&rest_code=00150&code=00101006130&supplier_code=00100096&order_time=2021-11-07 HTTP/1.1" 200 23
120.253.135.82 - - [07/Nov/2021:09:11:48 +0800] "GET /xingrg/check_reg.html?_=1636247279507 HTTP/1.1" 200 22
116.238.248.233 - - [07/Nov/2021:09:11:55 +0800] "POST /xingrg/kc/buy/cgsh_order_operate.html HTTP/1.1" 200 37
114.85.125.222 - - [07/Nov/2021:09:11:56 +0800] "POST /xingrg/kc/buy/cgsh_order_operate.html HTTP/1.1" 200 12
120.253.135.82 - - [07/Nov/2021:09:11:56 +0800] "GET /xingrg/all/function/internal_message.html?_=1636247287615&CODE_STATE=getMsg HTTP/1.1" 200 27
180.169.147.146 - - [07/Nov/2021:09:11:56 +0800] "GET /xingrg/all/function/internal_message.html?_=1636247516320&CODE_STATE=getMsg HTTP/1.1" 200 27
180.169.147.146 - - [07/Nov/2021:09:11:56 +0800] "GET /xingrg/all/function/internal_message.html?_=1636247516413&CODE_STATE=getMsg HTTP/1.1" 200 27
116.238.248.233 - - [07/Nov/2021:09:11:56 +0800] "POST /xingrg/kc/buy/cgsh_order_operate.html HTTP/1.1" 200 6198
116.238.248.233 - - [07/Nov/2021:09:11:57 +0800] "GET /xingrg/all/function/internal_message.html?_=1636247517552&CODE_STATE=getMsg HTTP/1.1" 200 27
114.86.228.117 - - [07/Nov/2021:09:11:57 +0800] "GET /xingrg/kc/buy/cgsh_order_operate.html?command=get_materiel&rest_code=00109&code=00101008096&supplier_code=00100005&order_time=2021-11-07 HTTP/1.1" 200 412
114.85.125.222 - - [07/Nov/2021:09:11:58 +0800] "GET /xingrg/kc/buy/cgsh_order_info.html?code=212021110702724 HTTP/1.1" 200 59246
114.85.125.222 - - [07/Nov/2021:09:11:58 +0800] "GET /xingrg/javascript/easyui/themes/default/validatebox.css HTTP/1.1" 404 1104
222.70.176.97 - - [07/Nov/2021:09:11:59 +0800] "GET /xingrg/kc/buy/cgsh_order_operate.html?command=get_materiel&rest_code=00111&code=00101015046&supplier_code=00100037&order_time=2021-11-07 HTTP/1.1" 200 412
114.85.125.222 - - [07/Nov/2021:09:12:00 +0800] "POST /xingrg/kc/buy/cgsh_order_operate.html HTTP/1.1" 200 4845
124.78.153.86 - - [07/Nov/2021:09:12:02 +0800] "GET /xingrg/all/function/internal_message.html?_=1636247529052&CODE_STATE=getMsg HTTP/1.1" 200 27
120.253.135.82 - - [07/Nov/2021:09:12:04 +0800] "GET /xingrg/all/function/internal_message.html?_=1636247103583&CODE_STATE=getMsg HTTP/1.1" 200 27
116.238.248.233 - - [07/Nov/2021:09:12:04 +0800] "GET /xingrg/login.html HTTP/1.1" 200 7641
116.238.248.233 - - [07/Nov/2021:09:12:05 +0800] "GET /favicon.ico HTTP/1.1" 404 -
124.78.153.86 - - [07/Nov/2021:09:12:06 +0800] "GET /xingrg/kc/buy/cgsh_order_operate.html?command=get_materiel&rest_code=00106&code=00101007049&supplier_code=00100002&order_time=2021-11-07 HTTP/1.1" 200 409
58.39.139.200 - - [07/Nov/2021:09:12:06 +0800] "GET /xingrg/all/function/internal_message.html?_=1636247525955&CODE_STATE=getMsg HTTP/1.1" 200 27
58.39.139.200 - - [07/Nov/2021:09:12:06 +0800] "GET /xingrg/check_reg.html?_=1636247526332 HTTP/1.1" 200 22
114.86.228.117 - - [07/Nov/2021:09:12:07 +0800] "GET /xingrg/kc/buy/cgsh_order_operate.html?command=get_materiel&rest_code=00109&code=00101008114&supplier_code=00100005&order_time=2021-11-07 HTTP/1.1" 200 413
222.70.176.97 - - [07/Nov/2021:09:12:08 +0800] "GET /xingrg/kc/buy/cgsh_order_operate.html?command=get_materiel&rest_code=00111&code=00101008509&supplier_code=00100037&order_time=2021-11-07 HTTP/1.1" 200 395
116.227.210.113 - - [07/Nov/2021:09:12:10 +0800] "GET /xingrg/all/function/internal_message.html?_=1636247517587&CODE_STATE=getMsg HTTP/1.1" 200 27
222.70.176.97 - - [07/Nov/2021:09:12:10 +0800] "GET /xingrg/all/function/internal_message.html?_=1636247527592&CODE_STATE=getMsg HTTP/1.1" 200 27
116.238.248.233 - - [07/Nov/2021:09:12:12 +0800] "POST /xingrg/login.do HTTP/1.1" 302 -
116.238.248.233 - - [07/Nov/2021:09:12:12 +0800] "GET /xingrg/index.html?sysBaseUrl=http%3A%2F%2F180.169.147.146%3A18081%2Fxingrg%2F&costTime=259×tamp=1636247532725 HTTP/1.1" 200 17177
116.238.248.233 - - [07/Nov/2021:09:12:12 +0800] "GET /favicon.ico HTTP/1.1" 404 -
116.238.248.233 - - [07/Nov/2021:09:12:13 +0800] "POST /xingrg/all/common/load_tree.html?tree=area_rest_tree_json&manage=1 HTTP/1.1" 200 476
116.238.248.233 - - [07/Nov/2021:09:12:13 +0800] "GET /xingrg/all/function/internal_message.html?_=1636247532999&CODE_STATE=count HTTP/1.1" 200 11
116.238.248.233 - - [07/Nov/2021:09:12:13 +0800] "GET /xingrg/check_reg.html?_=1636247533002 HTTP/1.1" 200 22
116.238.248.233 - - [07/Nov/2021:09:12:13 +0800] "POST /xingrg/load_menu.html HTTP/1.1" 200 5138
114.85.125.222 - - [07/Nov/2021:09:12:14 +0800] "POST /xingrg/kc/buy/cgsh_order_operate.html HTTP/1.1" 200 12
114.85.125.222 - - [07/Nov/2021:09:12:15 +0800] "GET /xingrg/kc/buy/cgsh_order_info.html?code=212021110702724 HTTP/1.1" 200 64342
116.238.248.233 - - [07/Nov/2021:09:12:16 +0800] "GET /xingrg/images/control/ajaxLoader.gif HTTP/1.1" 304 -
116.238.248.233 - - [07/Nov/2021:09:12:16 +0800] "POST /xingrg/all/user/operate.html HTTP/1.1" 200 36
114.85.125.222 - - [07/Nov/2021:09:12:16 +0800] "GET /xingrg/javascript/easyui/themes/default/validatebox.css HTTP/1.1" 404 1104
116.238.248.233 - - [07/Nov/2021:09:12:16 +0800] "GET /xingrg/index.html?sysBaseUrl=http%3A%2F%2F180.169.147.146%3A18081%2Fxingrg%2F&costTime=259×tamp=1636247532725 HTTP/1.1" 200 17179
116.238.248.233 - - [07/Nov/2021:09:12:16 +0800] "GET /xingrg/javascript/jquery_easy_ui/themes/default/easyui.css HTTP/1.1" 304 -
116.238.248.233 - - [07/Nov/2021:09:12:16 +0800] "GET /xingrg/javascript/jquery_easy_ui/themes/icon.css HTTP/1.1" 304 -
116.238.248.233 - - [07/Nov/2021:09:12:16 +0800] "GET /xingrg/css/form.css HTTP/1.1" 304 -
116.238.248.233 - - [07/Nov/2021:09:12:16 +0800] "GET /xingrg/javascript/jquery-1.4.2.min.js HTTP/1.1" 304 -
116.238.248.233 - - [07/Nov/2021:09:12:16 +0800] "GET /xingrg/javascript/jquery_easy_ui/jquery.easyui.min.js HTTP/1.1" 304 -
116.238.248.233 - - [07/Nov/2021:09:12:16 +0800] "GET /xingrg/javascript/jquery_easy_ui/easyui-lang-zh_CN.js HTTP/1.1" 304 -
116.238.248.233 - - [07/Nov/2021:09:12:16 +0800] "GET /xingrg/javascript/jquery.form.js HTTP/1.1" 304 -
116.238.248.233 - - [07/Nov/2021:09:12:16 +0800] "GET /xingrg/javascript/jquery.utils.js HTTP/1.1" 304 -
116.238.248.233 - - [07/Nov/2021:09:12:16 +0800] "GET /xingrg/javascript/jquery.timers.js HTTP/1.1" 304 -
116.238.248.233 - - [07/Nov/2021:09:12:16 +0800] "GET /xingrg/images/blue/jxLogo.png HTTP/1.1" 304 -
116.238.248.233 - - [07/Nov/2021:09:12:16 +0800] "GET /xingrg/images/blue/navBackgound.jpg HTTP/1.1" 304 -
116.238.248.233 - - [07/Nov/2021:09:12:16 +0800] "GET /xingrg/javascript/jquery_easy_ui/themes/icons/settle_new.png HTTP/1.1" 304 -
116.238.248.233 - - [07/Nov/2021:09:12:16 +0800] "POST /xingrg/all/common/load_tree.html?tree=area_rest_tree_json&manage=1 HTTP/1.1" 200 476
116.238.248.233 - - [07/Nov/2021:09:12:16 +0800] "GET /xingrg/all/function/internal_message.html?_=1636247536662&CODE_STATE=count HTTP/1.1" 200 11
116.238.248.233 - - [07/Nov/2021:09:12:16 +0800] "GET /xingrg/check_reg.html?_=1636247536665 HTTP/1.1" 200 22
116.238.248.233 - - [07/Nov/2021:09:12:16 +0800] "GET /xingrg/images/blue/pingpu.png HTTP/1.1" 304 -
116.238.248.233 - - [07/Nov/2021:09:12:16 +0800] "GET /xingrg/javascript/jquery_easy_ui/themes/default/images/tabs_rightarrow.png HTTP/1.1" 304 -
116.238.248.233 - - [07/Nov/2021:09:12:16 +0800] "GET /xingrg/javascript/jquery_easy_ui/themes/default/images/panel_tool_collapse.gif HTTP/1.1" 304 -
116.238.248.233 - - [07/Nov/2021:09:12:16 +0800] "GET /xingrg/javascript/jquery_easy_ui/themes/default/images/tabs_leftarrow.png HTTP/1.1" 304 -
116.238.248.233 - - [07/Nov/2021:09:12:16 +0800] "POST /xingrg/load_menu.html HTTP/1.1" 200 5138
114.85.125.222 - - [07/Nov/2021:09:12:17 +0800] "POST /xingrg/kc/buy/cgsh_order_operate.html HTTP/1.1" 200 6899
114.86.228.117 - - [07/Nov/2021:09:12:17 +0800] "GET /xingrg/kc/buy/cgsh_order_operate.html?command=get_materiel&rest_code=00109&code=00101008168&supplier_code=00100005&order_time=2021-11-07 HTTP/1.1" 200 412
222.70.176.97 - - [07/Nov/2021:09:12:18 +0800] "GET /xingrg/kc/buy/cgsh_order_operate.html?command=get_materiel&rest_code=00111&code=00101008418&supplier_code=00100037&order_time=2021-11-07 HTTP/1.1" 200 399
116.238.248.233 - - [07/Nov/2021:09:12:19 +0800] "GET /xingrg/kc/buy/cgsh_order_list.html HTTP/1.1" 200 48947
120.253.135.82 - - [07/Nov/2021:09:12:22 +0800] "GET /xingrg/all/function/internal_message.html?_=1636247502391&CODE_STATE=getMsg HTTP/1.1" 200 27
114.86.228.117 - - [07/Nov/2021:09:12:23 +0800] "GET /xingrg/all/function/internal_message.html?_=1636247545381&CODE_STATE=getMsg HTTP/1.1" 200 27
114.86.228.117 - - [07/Nov/2021:09:12:23 +0800] "GET /xingrg/check_reg.html?_=1636247545383 HTTP/1.1" 200 22
116.238.248.233 - - [07/Nov/2021:09:12:26 +0800] "POST /xingrg/kc/buy/cgsh_list_operate.html HTTP/1.1" 200 2435
222.70.176.97 - - [07/Nov/2021:09:12:27 +0800] "GET /xingrg/kc/buy/cgsh_order_operate.html?command=get_materiel&rest_code=00111&code=00101009056&supplier_code=00100037&order_time=2021-11-07 HTTP/1.1" 200 413
124.78.153.86 - - [07/Nov/2021:09:12:27 +0800] "GET /xingrg/kc/buy/cgsh_order_operate.html?command=get_materiel&rest_code=00106&code=00101007077&supplier_code=00100002&order_time=2021-11-07 HTTP/1.1" 200 415
