180.169.147.146 - - [07/Nov/2021:08:39:56 +0800] "GET /xingrg/all/function/internal_message.html?_=1636245596269&CODE_STATE=getMsg HTTP/1.1" 200 27
180.169.147.146 - - [07/Nov/2021:08:39:56 +0800] "GET /xingrg/all/function/internal_message.html?_=1636245596362&CODE_STATE=getMsg HTTP/1.1" 200 27
116.238.248.233 - - [07/Nov/2021:08:39:57 +0800] "GET /xingrg/all/function/internal_message.html?_=1636245597359&CODE_STATE=getMsg HTTP/1.1" 200 27
58.39.139.200 - - [07/Nov/2021:08:40:01 +0800] "GET /xingrg/kc/buy/cgsh_order_operate.html?command=get_materiel&rest_code=00105&code=00101008360&supplier_code=00100203&order_time=2021-11-07 HTTP/1.1" 200 413
114.85.125.222 - - [07/Nov/2021:08:40:01 +0800] "GET /xingrg/all/function/internal_message.html?_=1636245530594&CODE_STATE=getMsg HTTP/1.1" 200 27
222.70.171.86 - - [07/Nov/2021:08:40:05 +0800] "GET /xingrg/check_reg.html?_=1636245606177 HTTP/1.1" 200 22
114.85.125.222 - - [07/Nov/2021:08:40:06 +0800] "GET /xingrg/kc/buy/cgsh_order_operate.html?command=get_materiel&rest_code=00150&code=00101031012&supplier_code=00100054&order_time=2021-11-07 HTTP/1.1" 200 417
58.39.139.200 - - [07/Nov/2021:08:40:06 +0800] "GET /xingrg/all/function/internal_message.html?_=1636245606363&CODE_STATE=getMsg HTTP/1.1" 200 27
116.227.210.113 - - [07/Nov/2021:08:40:09 +0800] "POST /xingrg/login.do HTTP/1.1" 302 -
116.227.210.113 - - [07/Nov/2021:08:40:09 +0800] "GET /xingrg/index.html?sysBaseUrl=http%3A%2F%2F180.169.147.146%3A18081%2Fxingrg%2F&costTime=41×tamp=1636245609253 HTTP/1.1" 200 17179
116.227.210.113 - - [07/Nov/2021:08:40:09 +0800] "GET /favicon.ico HTTP/1.1" 404 -
116.227.210.113 - - [07/Nov/2021:08:40:09 +0800] "POST /xingrg/all/common/load_tree.html?tree=area_rest_tree_json&manage=1 HTTP/1.1" 200 351
116.227.210.113 - - [07/Nov/2021:08:40:09 +0800] "GET /xingrg/all/function/internal_message.html?_=1636245597431&CODE_STATE=count HTTP/1.1" 200 11
116.227.210.113 - - [07/Nov/2021:08:40:09 +0800] "GET /xingrg/check_reg.html?_=1636245597433 HTTP/1.1" 200 22
116.227.210.113 - - [07/Nov/2021:08:40:09 +0800] "POST /xingrg/load_menu.html HTTP/1.1" 200 5138
58.39.139.200 - - [07/Nov/2021:08:40:09 +0800] "GET /xingrg/kc/buy/cgsh_order_operate.html?command=get_materiel&rest_code=00105&code=00101008196&supplier_code=00100203&order_time=2021-11-07 HTTP/1.1" 200 416
116.227.210.113 - - [07/Nov/2021:08:40:11 +0800] "GET /xingrg/kc/buy/cgsh_order_list.html HTTP/1.1" 200 48947
116.227.210.113 - - [07/Nov/2021:08:40:13 +0800] "POST /xingrg/kc/buy/cgsh_list_operate.html HTTP/1.1" 200 876
58.39.139.200 - - [07/Nov/2021:08:40:17 +0800] "GET /xingrg/kc/buy/cgsh_order_operate.html?command=get_materiel&rest_code=00105&code=00101008197&supplier_code=00100203&order_time=2021-11-07 HTTP/1.1" 200 416
114.85.125.222 - - [07/Nov/2021:08:40:20 +0800] "POST /xingrg/kc/buy/cgsh_order_operate.html HTTP/1.1" 200 37
120.253.135.82 - - [07/Nov/2021:08:40:22 +0800] "GET /xingrg/all/function/internal_message.html?_=1636245581816&CODE_STATE=getMsg HTTP/1.1" 200 27
114.85.125.222 - - [07/Nov/2021:08:40:23 +0800] "POST /xingrg/kc/buy/cgsh_order_operate.html HTTP/1.1" 200 12
58.39.139.200 - - [07/Nov/2021:08:40:24 +0800] "GET /xingrg/kc/buy/cgsh_order_operate.html?command=get_materiel&rest_code=00105&code=00101008069&supplier_code=00100203&order_time=2021-11-07 HTTP/1.1" 200 412
114.85.125.222 - - [07/Nov/2021:08:40:24 +0800] "GET /xingrg/kc/buy/cgsh_order_info.html?code=212021110702708 HTTP/1.1" 200 59564
114.85.125.222 - - [07/Nov/2021:08:40:24 +0800] "GET /xingrg/javascript/easyui/themes/default/validatebox.css HTTP/1.1" 404 1104
114.85.125.222 - - [07/Nov/2021:08:40:25 +0800] "POST /xingrg/kc/buy/cgsh_order_operate.html HTTP/1.1" 200 614
114.85.125.222 - - [07/Nov/2021:08:40:26 +0800] "GET /xingrg/kc/print/load_data.html?order_code=212021110702708&kc_code=cgsh&condition= HTTP/1.1" 200 736
114.85.125.222 - - [07/Nov/2021:08:40:27 +0800] "GET /xingrg/javascript/jquery_easy_ui/themes/default/images/tabs_active.png HTTP/1.1" 304 -
180.157.253.6 - - [07/Nov/2021:08:40:32 +0800] "GET /xingrg/all/function/internal_message.html?_=1636245633689&CODE_STATE=getMsg HTTP/1.1" 200 27
58.39.139.200 - - [07/Nov/2021:08:40:35 +0800] "GET /xingrg/kc/buy/cgsh_order_operate.html?command=get_materiel&rest_code=00105&code=00101008131&supplier_code=00100203&order_time=2021-11-07 HTTP/1.1" 200 408
222.70.171.86 - - [07/Nov/2021:08:40:39 +0800] "GET /xingrg/all/function/internal_message.html?_=1636245641012&CODE_STATE=getMsg HTTP/1.1" 200 27
222.70.171.86 - - [07/Nov/2021:08:40:40 +0800] "GET /xingrg/all/function/internal_message.html?_=1636245642700&CODE_STATE=getMsg HTTP/1.1" 302 -
58.39.139.200 - - [07/Nov/2021:08:40:41 +0800] "GET /xingrg/kc/buy/cgsh_order_operate.html?command=get_materiel&rest_code=00105&code=00101008318&supplier_code=00100203&order_time=2021-11-07 HTTP/1.1" 200 408
114.85.125.222 - - [07/Nov/2021:08:40:44 +0800] "GET /xingrg/kc/buy/cgsh_order_add.html HTTP/1.1" 200 64653
114.85.125.222 - - [07/Nov/2021:08:40:44 +0800] "POST /xingrg/kc/buy/cgsh_order_operate.html HTTP/1.1" 200 8245
114.85.125.222 - - [07/Nov/2021:08:40:44 +0800] "GET /xingrg/javascript/easyui/themes/default/validatebox.css HTTP/1.1" 404 1104
116.227.210.113 - - [07/Nov/2021:08:40:45 +0800] "GET /xingrg/kc/buy/cgsh_order_add.html HTTP/1.1" 200 64688
116.227.210.113 - - [07/Nov/2021:08:40:45 +0800] "GET /xingrg/words/20211105164858_words.js HTTP/1.1" 304 -
116.227.210.113 - - [07/Nov/2021:08:40:45 +0800] "POST /xingrg/kc/buy/cgsh_order_operate.html HTTP/1.1" 200 8245
116.227.210.113 - - [07/Nov/2021:08:40:45 +0800] "GET /xingrg/all/common/auto_word.html?type=employee&rest_code=00155 HTTP/1.1" 200 205
116.227.210.113 - - [07/Nov/2021:08:40:45 +0800] "GET /xingrg/all/common/auto_word.html?type=employee&rest_code=00155 HTTP/1.1" 200 205
116.227.210.113 - - [07/Nov/2021:08:40:45 +0800] "GET /xingrg/javascript/easyui/themes/default/validatebox.css HTTP/1.1" 404 1104
58.39.139.200 - - [07/Nov/2021:08:40:48 +0800] "GET /xingrg/kc/buy/cgsh_order_operate.html?command=get_materiel&rest_code=00105&code=00101008352&supplier_code=00100203&order_time=2021-11-07 HTTP/1.1" 200 412
120.253.135.82 - - [07/Nov/2021:08:40:53 +0800] "GET /xingrg/all/function/internal_message.html?_=1636245424684&CODE_STATE=getMsg HTTP/1.1" 200 27
180.169.147.146 - - [07/Nov/2021:08:40:56 +0800] "GET /xingrg/all/function/internal_message.html?_=1636245656268&CODE_STATE=getMsg HTTP/1.1" 200 27
180.169.147.146 - - [07/Nov/2021:08:40:56 +0800] "GET /xingrg/check_reg.html?_=1636245656362 HTTP/1.1" 200 22
180.169.147.146 - - [07/Nov/2021:08:40:56 +0800] "GET /xingrg/all/function/internal_message.html?_=1636245656364&CODE_STATE=getMsg HTTP/1.1" 200 27
222.70.176.97 - - [07/Nov/2021:08:40:57 +0800] "GET /xingrg/login.html HTTP/1.1" 200 7641
116.238.248.233 - - [07/Nov/2021:08:40:57 +0800] "GET /xingrg/check_reg.html?_=1636245657371 HTTP/1.1" 200 22
116.238.248.233 - - [07/Nov/2021:08:40:57 +0800] "GET /xingrg/all/function/internal_message.html?_=1636245657372&CODE_STATE=getMsg HTTP/1.1" 200 27
222.70.176.97 - - [07/Nov/2021:08:40:57 +0800] "GET /favicon.ico HTTP/1.1" 404 -
114.85.125.222 - - [07/Nov/2021:08:40:58 +0800] "GET /xingrg/kc/buy/cgsh_order_operate.html?command=get_materiel&rest_code=00150&code=00102014088&supplier_code=00100450&order_time=2021-11-07 HTTP/1.1" 200 412
116.227.210.113 - - [07/Nov/2021:08:41:00 +0800] "GET /xingrg/javascript/auto/indicator.gif HTTP/1.1" 404 1066
58.39.139.200 - - [07/Nov/2021:08:41:00 +0800] "GET /xingrg/kc/buy/cgsh_order_operate.html?command=get_materiel&rest_code=00105&code=00101008005&supplier_code=00100203&order_time=2021-11-07 HTTP/1.1" 200 412
114.85.125.222 - - [07/Nov/2021:08:41:01 +0800] "GET /xingrg/all/function/internal_message.html?_=1636245590600&CODE_STATE=getMsg HTTP/1.1" 200 27
222.70.176.97 - - [07/Nov/2021:08:41:03 +0800] "POST /xingrg/login.do HTTP/1.1" 302 -
222.70.176.97 - - [07/Nov/2021:08:41:03 +0800] "GET /xingrg/index.html?sysBaseUrl=http%3A%2F%2F180.169.147.146%3A18081%2Fxingrg%2F&costTime=41×tamp=1636245663159 HTTP/1.1" 200 17173
116.227.210.113 - - [07/Nov/2021:08:41:03 +0800] "GET /xingrg/javascript/jquery_tools/images/prev.gif HTTP/1.1" 404 1086
116.227.210.113 - - [07/Nov/2021:08:41:03 +0800] "GET /xingrg/javascript/jquery_tools/images/next.gif HTTP/1.1" 404 1086
222.70.176.97 - - [07/Nov/2021:08:41:03 +0800] "GET /favicon.ico HTTP/1.1" 404 -
222.70.176.97 - - [07/Nov/2021:08:41:03 +0800] "POST /xingrg/all/common/load_tree.html?tree=area_rest_tree_json&manage=1 HTTP/1.1" 200 342
222.70.176.97 - - [07/Nov/2021:08:41:03 +0800] "GET /xingrg/all/function/internal_message.html?_=1636245660879&CODE_STATE=count HTTP/1.1" 200 11
222.70.176.97 - - [07/Nov/2021:08:41:03 +0800] "GET /xingrg/check_reg.html?_=1636245660881 HTTP/1.1" 200 22
222.70.176.97 - - [07/Nov/2021:08:41:03 +0800] "POST /xingrg/load_menu.html HTTP/1.1" 200 5138
58.39.139.200 - - [07/Nov/2021:08:41:06 +0800] "GET /xingrg/all/function/internal_message.html?_=1636245666356&CODE_STATE=getMsg HTTP/1.1" 200 27
58.39.139.200 - - [07/Nov/2021:08:41:08 +0800] "GET /xingrg/kc/buy/cgsh_order_operate.html?command=get_materiel&rest_code=00105&code=00101020133&supplier_code=00100203&order_time=2021-11-07 HTTP/1.1" 200 417
116.227.210.113 - - [07/Nov/2021:08:41:09 +0800] "GET /xingrg/all/function/internal_message.html?_=1636245657449&CODE_STATE=getMsg HTTP/1.1" 200 27
114.85.125.222 - - [07/Nov/2021:08:41:17 +0800] "GET /xingrg/kc/buy/cgsh_order_operate.html?command=get_materiel&rest_code=00150&code=00101015121&supplier_code=00100450&order_time=2021-11-07 HTTP/1.1" 200 404
120.253.135.82 - - [07/Nov/2021:08:41:19 +0800] "GET /xingrg/check_reg.html?_=1636245639435 HTTP/1.1" 200 22
116.235.93.2 - - [07/Nov/2021:08:41:20 +0800] "POST /xingrg/services/DataTransmitService HTTP/1.1" 200 524
120.253.135.82 - - [07/Nov/2021:08:41:22 +0800] "GET /xingrg/all/function/internal_message.html?_=1636245641829&CODE_STATE=getMsg HTTP/1.1" 200 27
58.39.139.200 - - [07/Nov/2021:08:41:25 +0800] "GET /xingrg/kc/buy/cgsh_order_operate.html?command=get_materiel&rest_code=00105&code=00101020147&supplier_code=00100203&order_time=2021-11-07 HTTP/1.1" 200 408
180.157.253.6 - - [07/Nov/2021:08:41:32 +0800] "GET /xingrg/all/function/internal_message.html?_=1636245693674&CODE_STATE=getMsg HTTP/1.1" 200 27
114.85.125.222 - - [07/Nov/2021:08:41:34 +0800] "GET /xingrg/kc/buy/cgsh_order_operate.html?command=get_materiel&rest_code=00150&code=00101008509&supplier_code=00100450&order_time=2021-11-07 HTTP/1.1" 200 396
58.39.139.200 - - [07/Nov/2021:08:41:36 +0800] "GET /xingrg/kc/buy/cgsh_order_operate.html?command=get_materiel&rest_code=00105&code=00101008125&supplier_code=00100203&order_time=2021-11-07 HTTP/1.1" 200 413
222.70.171.86 - - [07/Nov/2021:08:41:39 +0800] "GET /xingrg/all/function/internal_message.html?_=1636245701027&CODE_STATE=getMsg HTTP/1.1" 200 27
222.70.171.86 - - [07/Nov/2021:08:41:40 +0800] "GET /xingrg/all/function/internal_message.html?_=1636245702724&CODE_STATE=getMsg HTTP/1.1" 302 -
120.253.135.82 - - [07/Nov/2021:08:41:48 +0800] "GET /xingrg/check_reg.html?_=1636245479314 HTTP/1.1" 200 22
114.85.125.222 - - [07/Nov/2021:08:41:48 +0800] "GET /xingrg/kc/buy/cgsh_order_operate.html?command=get_materiel&rest_code=00150&code=00101015146&supplier_code=00100450&order_time=2021-11-07 HTTP/1.1" 200 408
58.39.139.200 - - [07/Nov/2021:08:41:49 +0800] "GET /xingrg/kc/buy/cgsh_order_operate.html?command=get_materiel&rest_code=00105&code=00101008529&supplier_code=00100203&order_time=2021-11-07 HTTP/1.1" 200 402
120.253.135.82 - - [07/Nov/2021:08:41:53 +0800] "GET /xingrg/all/function/internal_message.html?_=1636245484726&CODE_STATE=getMsg HTTP/1.1" 200 27
180.169.147.146 - - [07/Nov/2021:08:41:56 +0800] "GET /xingrg/all/function/internal_message.html?_=1636245716266&CODE_STATE=getMsg HTTP/1.1" 200 27
180.169.147.146 - - [07/Nov/2021:08:41:56 +0800] "GET /xingrg/all/function/internal_message.html?_=1636245716359&CODE_STATE=getMsg HTTP/1.1" 200 27
116.238.248.233 - - [07/Nov/2021:08:41:57 +0800] "GET /xingrg/all/function/internal_message.html?_=1636245717371&CODE_STATE=getMsg HTTP/1.1" 200 27
114.85.125.222 - - [07/Nov/2021:08:41:57 +0800] "GET /xingrg/kc/buy/cgsh_order_operate.html?command=get_materiel&rest_code=00150&code=00101008568&supplier_code=00100450&order_time=2021-11-07 HTTP/1.1" 200 399
114.85.125.222 - - [07/Nov/2021:08:42:02 +0800] "GET /xingrg/all/function/internal_message.html?_=1636245650613&CODE_STATE=getMsg HTTP/1.1" 200 27
222.70.176.97 - - [07/Nov/2021:08:42:03 +0800] "GET /xingrg/all/function/internal_message.html?_=1636245720894&CODE_STATE=getMsg HTTP/1.1" 200 27
58.39.139.200 - - [07/Nov/2021:08:42:06 +0800] "GET /xingrg/check_reg.html?_=1636245726328 HTTP/1.1" 200 22
58.39.139.200 - - [07/Nov/2021:08:42:06 +0800] "GET /xingrg/all/function/internal_message.html?_=1636245726330&CODE_STATE=getMsg HTTP/1.1" 200 27
58.39.139.200 - - [07/Nov/2021:08:42:07 +0800] "GET /xingrg/kc/buy/cgsh_order_operate.html?command=get_materiel&rest_code=00105&code=00101008330&supplier_code=00100203&order_time=2021-11-07 HTTP/1.1" 200 409
114.85.125.222 - - [07/Nov/2021:08:42:07 +0800] "GET /xingrg/kc/buy/cgsh_order_operate.html?command=get_materiel&rest_code=00150&code=00101008591&supplier_code=00100450&order_time=2021-11-07 HTTP/1.1" 200 396
116.227.210.113 - - [07/Nov/2021:08:42:09 +0800] "GET /xingrg/all/function/internal_message.html?_=1636245717440&CODE_STATE=getMsg HTTP/1.1" 200 27
114.85.125.222 - - [07/Nov/2021:08:42:17 +0800] "POST /xingrg/kc/buy/cgsh_order_operate.html HTTP/1.1" 200 37
58.39.139.200 - - [07/Nov/2021:08:42:19 +0800] "GET /xingrg/kc/buy/cgsh_order_operate.html?command=get_materiel&rest_code=00105&code=00101008210&supplier_code=00100203&order_time=2021-11-07 HTTP/1.1" 200 408
114.85.125.222 - - [07/Nov/2021:08:42:21 +0800] "POST /xingrg/kc/buy/cgsh_order_operate.html HTTP/1.1" 200 12
120.253.135.82 - - [07/Nov/2021:08:42:22 +0800] "GET /xingrg/all/function/internal_message.html?_=1636245701844&CODE_STATE=getMsg HTTP/1.1" 200 27
114.85.125.222 - - [07/Nov/2021:08:42:23 +0800] "GET /xingrg/kc/buy/cgsh_order_info.html?code=212021110702709 HTTP/1.1" 200 59578
114.85.125.222 - - [07/Nov/2021:08:42:23 +0800] "GET /xingrg/javascript/easyui/themes/default/validatebox.css HTTP/1.1" 404 1104
114.85.125.222 - - [07/Nov/2021:08:42:24 +0800] "POST /xingrg/kc/buy/cgsh_order_operate.html HTTP/1.1" 200 3582
58.39.139.200 - - [07/Nov/2021:08:42:26 +0800] "GET /xingrg/kc/buy/cgsh_order_operate.html?command=get_materiel&rest_code=00105&code=00101008027&supplier_code=00100203&order_time=2021-11-07 HTTP/1.1" 200 409
58.39.139.200 - - [07/Nov/2021:08:42:28 +0800] "POST /xingrg/kc/buy/cgsh_order_operate.html HTTP/1.1" 200 2065
222.70.171.86 - - [07/Nov/2021:08:42:29 +0800] "GET /xingrg/check_reg.html?_=1636245751641 HTTP/1.1" 302 -
58.39.139.200 - - [07/Nov/2021:08:42:29 +0800] "POST /xingrg/kc/buy/cgsh_order_operate.html HTTP/1.1" 200 2065
114.85.125.222 - - [07/Nov/2021:08:42:31 +0800] "GET /xingrg/kc/print/load_data.html?order_code=212021110702709&kc_code=cgsh&condition= HTTP/1.1" 200 1890
58.39.139.200 - - [07/Nov/2021:08:42:31 +0800] "POST /xingrg/kc/buy/cgsh_order_operate.html HTTP/1.1" 200 2065
180.157.253.6 - - [07/Nov/2021:08:42:32 +0800] "GET /xingrg/all/function/internal_message.html?_=1636245753659&CODE_STATE=getMsg HTTP/1.1" 200 27
58.39.139.200 - - [07/Nov/2021:08:42:38 +0800] "GET /xingrg/kc/buy/cgsh_order_operate.html?command=get_materiel&rest_code=00105&code=00101008186&supplier_code=00100203&order_time=2021-11-07 HTTP/1.1" 200 408
222.70.171.86 - - [07/Nov/2021:08:42:40 +0800] "GET /xingrg/all/function/internal_message.html?_=1636245761166&CODE_STATE=getMsg HTTP/1.1" 200 27
222.70.171.86 - - [07/Nov/2021:08:42:40 +0800] "GET /xingrg/all/function/internal_message.html?_=1636245762728&CODE_STATE=getMsg HTTP/1.1" 302 -
58.39.139.200 - - [07/Nov/2021:08:42:51 +0800] "GET /xingrg/kc/buy/cgsh_order_operate.html?command=get_materiel&rest_code=00105&code=00101008088&supplier_code=00100203&order_time=2021-11-07 HTTP/1.1" 200 408
120.253.135.82 - - [07/Nov/2021:08:42:53 +0800] "GET /xingrg/all/function/internal_message.html?_=1636245544740&CODE_STATE=getMsg HTTP/1.1" 200 27
180.157.253.6 - - [07/Nov/2021:08:42:54 +0800] "GET /xingrg/check_reg.html?_=1636245775736 HTTP/1.1" 200 22
180.169.147.146 - - [07/Nov/2021:08:42:56 +0800] "GET /xingrg/all/function/internal_message.html?_=1636245776256&CODE_STATE=getMsg HTTP/1.1" 200 27
180.169.147.146 - - [07/Nov/2021:08:42:56 +0800] "GET /xingrg/check_reg.html?_=1636245776258 HTTP/1.1" 200 22
180.169.147.146 - - [07/Nov/2021:08:42:56 +0800] "GET /xingrg/all/function/internal_message.html?_=1636245776362&CODE_STATE=getMsg HTTP/1.1" 200 27
116.238.248.233 - - [07/Nov/2021:08:42:57 +0800] "GET /xingrg/all/function/internal_message.html?_=1636245777371&CODE_STATE=getMsg HTTP/1.1" 200 27
58.39.139.200 - - [07/Nov/2021:08:42:59 +0800] "GET /xingrg/kc/buy/cgsh_order_operate.html?command=get_materiel&rest_code=00105&code=00101008286&supplier_code=00100203&order_time=2021-11-07 HTTP/1.1" 200 408
114.85.125.222 - - [07/Nov/2021:08:43:02 +0800] "GET /xingrg/all/function/internal_message.html?_=1636245710627&CODE_STATE=getMsg HTTP/1.1" 200 27
222.70.176.97 - - [07/Nov/2021:08:43:03 +0800] "GET /xingrg/all/function/internal_message.html?_=1636245780895&CODE_STATE=getMsg HTTP/1.1" 200 27
58.39.139.200 - - [07/Nov/2021:08:43:06 +0800] "GET /xingrg/all/function/internal_message.html?_=1636245786325&CODE_STATE=getMsg HTTP/1.1" 200 27
58.39.139.200 - - [07/Nov/2021:08:43:07 +0800] "GET /xingrg/kc/buy/cgsh_order_operate.html?command=get_materiel&rest_code=00105&code=00101008356&supplier_code=00100203&order_time=2021-11-07 HTTP/1.1" 200 409
116.227.210.113 - - [07/Nov/2021:08:43:09 +0800] "GET /xingrg/all/function/internal_message.html?_=1636245777460&CODE_STATE=getMsg HTTP/1.1" 200 27
58.39.139.200 - - [07/Nov/2021:08:43:13 +0800] "GET /xingrg/kc/buy/cgsh_order_operate.html?command=get_materiel&rest_code=00105&code=00101008137&supplier_code=00100203&order_time=2021-11-07 HTTP/1.1" 200 408
58.39.139.200 - - [07/Nov/2021:08:43:20 +0800] "GET /xingrg/kc/buy/cgsh_order_operate.html?command=get_materiel&rest_code=00105&code=00101008059&supplier_code=00100203&order_time=2021-11-07 HTTP/1.1" 200 408
120.253.135.82 - - [07/Nov/2021:08:43:22 +0800] "GET /xingrg/all/function/internal_message.html?_=1636245761857&CODE_STATE=getMsg HTTP/1.1" 200 27
58.39.139.200 - - [07/Nov/2021:08:43:27 +0800] "GET /xingrg/kc/buy/cgsh_order_operate.html?command=get_materiel&rest_code=00105&code=00101008357&supplier_code=00100203&order_time=2021-11-07 HTTP/1.1" 200 408
180.157.253.6 - - [07/Nov/2021:08:43:32 +0800] "GET /xingrg/all/function/internal_message.html?_=1636245813631&CODE_STATE=getMsg HTTP/1.1" 200 27
58.39.139.200 - - [07/Nov/2021:08:43:34 +0800] "GET /xingrg/kc/buy/cgsh_order_operate.html?command=get_materiel&rest_code=00105&code=00101008108&supplier_code=00100203&order_time=2021-11-07 HTTP/1.1" 200 412
222.70.171.86 - - [07/Nov/2021:08:43:40 +0800] "GET /xingrg/all/function/internal_message.html?_=1636245821178&CODE_STATE=getMsg HTTP/1.1" 200 27
222.70.171.86 - - [07/Nov/2021:08:43:40 +0800] "GET /xingrg/all/function/internal_message.html?_=1636245822749&CODE_STATE=getMsg HTTP/1.1" 302 -
58.39.139.200 - - [07/Nov/2021:08:43:49 +0800] "GET /xingrg/kc/buy/cgsh_order_operate.html?command=get_materiel&rest_code=00105&code=00101008488&supplier_code=00100203&order_time=2021-11-07 HTTP/1.1" 200 406
114.85.125.222 - - [07/Nov/2021:08:43:51 +0800] "GET /xingrg/check_reg.html?_=1636245759734 HTTP/1.1" 200 22
120.253.135.82 - - [07/Nov/2021:08:43:53 +0800] "GET /xingrg/all/function/internal_message.html?_=1636245604865&CODE_STATE=getMsg HTTP/1.1" 200 27
222.70.176.97 - - [07/Nov/2021:08:43:54 +0800] "GET /xingrg/kc/buy/buy_main.html HTTP/1.1" 200 12412
222.70.176.97 - - [07/Nov/2021:08:43:54 +0800] "GET /xingrg/css/new_ie.css HTTP/1.1" 404 1036
222.70.176.97 - - [07/Nov/2021:08:43:54 +0800] "GET /xingrg/images/yd/bt.gif HTTP/1.1" 404 1040
222.70.176.97 - - [07/Nov/2021:08:43:55 +0800] "GET /xingrg/kc/buy/cgsh_order_list.html HTTP/1.1" 200 48941
222.70.176.97 - - [07/Nov/2021:08:43:56 +0800] "POST /xingrg/kc/buy/cgsh_list_operate.html HTTP/1.1" 200 876
58.39.139.200 - - [07/Nov/2021:08:43:56 +0800] "GET /xingrg/kc/buy/cgsh_order_operate.html?command=get_materiel&rest_code=00105&code=00101008350&supplier_code=00100203&order_time=2021-11-07 HTTP/1.1" 200 408
180.169.147.146 - - [07/Nov/2021:08:43:56 +0800] "GET /xingrg/all/function/internal_message.html?_=1636245836275&CODE_STATE=getMsg HTTP/1.1" 200 27
180.169.147.146 - - [07/Nov/2021:08:43:56 +0800] "GET /xingrg/all/function/internal_message.html?_=1636245836352&CODE_STATE=getMsg HTTP/1.1" 200 27
116.238.248.233 - - [07/Nov/2021:08:43:57 +0800] "GET /xingrg/all/function/internal_message.html?_=1636245837370&CODE_STATE=getMsg HTTP/1.1" 200 27
222.70.176.97 - - [07/Nov/2021:08:43:58 +0800] "GET /xingrg/kc/buy/cgsh_order_add.html HTTP/1.1" 200 64720
222.70.176.97 - - [07/Nov/2021:08:43:58 +0800] "GET /xingrg/words/20211105164858_words.js HTTP/1.1" 304 -
222.70.176.97 - - [07/Nov/2021:08:43:58 +0800] "POST /xingrg/kc/buy/cgsh_order_operate.html HTTP/1.1" 200 8245
222.70.176.97 - - [07/Nov/2021:08:43:58 +0800] "GET /xingrg/all/common/auto_word.html?type=employee&rest_code=00111 HTTP/1.1" 200 155
222.70.176.97 - - [07/Nov/2021:08:43:58 +0800] "GET /xingrg/javascript/easyui/themes/default/validatebox.css HTTP/1.1" 404 1104
222.70.176.97 - - [07/Nov/2021:08:43:58 +0800] "GET /xingrg/all/common/auto_word.html?type=employee&rest_code=00111 HTTP/1.1" 200 155
114.85.125.222 - - [07/Nov/2021:08:44:02 +0800] "GET /xingrg/all/function/internal_message.html?_=1636245770640&CODE_STATE=getMsg HTTP/1.1" 200 27
222.70.176.97 - - [07/Nov/2021:08:44:03 +0800] "GET /xingrg/javascript/auto/indicator.gif HTTP/1.1" 404 1066
58.39.139.200 - - [07/Nov/2021:08:44:03 +0800] "POST /xingrg/kc/buy/cgsh_order_operate.html HTTP/1.1" 200 2065
222.70.176.97 - - [07/Nov/2021:08:44:03 +0800] "GET /xingrg/all/function/internal_message.html?_=1636245840888&CODE_STATE=getMsg HTTP/1.1" 200 27
222.70.176.97 - - [07/Nov/2021:08:44:04 +0800] "GET /xingrg/javascript/jquery_tools/images/prev.gif HTTP/1.1" 404 1086
222.70.176.97 - - [07/Nov/2021:08:44:04 +0800] "GET /xingrg/javascript/jquery_tools/images/next.gif HTTP/1.1" 404 1086
58.39.139.200 - - [07/Nov/2021:08:44:04 +0800] "POST /xingrg/kc/buy/cgsh_order_operate.html HTTP/1.1" 200 2065
58.39.139.200 - - [07/Nov/2021:08:44:06 +0800] "GET /xingrg/all/function/internal_message.html?_=1636245846328&CODE_STATE=getMsg HTTP/1.1" 200 27
116.227.210.113 - - [07/Nov/2021:08:44:09 +0800] "GET /xingrg/all/function/internal_message.html?_=1636245837456&CODE_STATE=getMsg HTTP/1.1" 200 27
58.39.139.200 - - [07/Nov/2021:08:44:10 +0800] "GET /xingrg/kc/buy/cgsh_order_operate.html?command=get_materiel&rest_code=00105&code=00101008036&supplier_code=00100203&order_time=2021-11-07 HTTP/1.1" 200 408
222.70.176.97 - - [07/Nov/2021:08:44:11 +0800] "GET /xingrg/kc/buy/cgsh_order_operate.html?command=get_materiel&rest_code=00111&code=00101008155&supplier_code=00100005&order_time=2021-11-07 HTTP/1.1" 200 408
120.253.135.82 - - [07/Nov/2021:08:44:22 +0800] "GET /xingrg/all/function/internal_message.html?_=1636245821905&CODE_STATE=getMsg HTTP/1.1" 200 27
222.70.176.97 - - [07/Nov/2021:08:44:23 +0800] "GET /xingrg/kc/buy/cgsh_order_operate.html?command=get_materiel&rest_code=00111&code=00101008358&supplier_code=00100005&order_time=2021-11-07 HTTP/1.1" 200 412
222.70.176.97 - - [07/Nov/2021:08:44:30 +0800] "GET /xingrg/kc/buy/cgsh_order_operate.html?command=get_materiel&rest_code=00111&code=00101008321&supplier_code=00100005&order_time=2021-11-07 HTTP/1.1" 200 412
180.157.253.6 - - [07/Nov/2021:08:44:32 +0800] "GET /xingrg/all/function/internal_message.html?_=1636245873616&CODE_STATE=getMsg HTTP/1.1" 200 27
222.70.176.97 - - [07/Nov/2021:08:44:39 +0800] "GET /xingrg/kc/buy/cgsh_order_operate.html?command=get_materiel&rest_code=00111&code=00101008270&supplier_code=00100005&order_time=2021-11-07 HTTP/1.1" 200 412
222.70.171.86 - - [07/Nov/2021:08:44:40 +0800] "GET /xingrg/all/function/internal_message.html?_=1636245881331&CODE_STATE=getMsg HTTP/1.1" 200 27
222.70.171.86 - - [07/Nov/2021:08:44:40 +0800] "GET /xingrg/all/function/internal_message.html?_=1636245882755&CODE_STATE=getMsg HTTP/1.1" 302 -
222.70.176.97 - - [07/Nov/2021:08:44:49 +0800] "GET /xingrg/kc/buy/cgsh_order_operate.html?command=get_materiel&rest_code=00111&code=00101008244&supplier_code=00100005&order_time=2021-11-07 HTTP/1.1" 200 408
120.253.135.82 - - [07/Nov/2021:08:44:53 +0800] "GET /xingrg/all/function/internal_message.html?_=1636245664877&CODE_STATE=getMsg HTTP/1.1" 200 27
180.169.147.146 - - [07/Nov/2021:08:44:56 +0800] "GET /xingrg/all/function/internal_message.html?_=1636245896275&CODE_STATE=getMsg HTTP/1.1" 200 27
180.169.147.146 - - [07/Nov/2021:08:44:56 +0800] "GET /xingrg/all/function/internal_message.html?_=1636245896373&CODE_STATE=getMsg HTTP/1.1" 200 27
116.238.248.233 - - [07/Nov/2021:08:44:57 +0800] "GET /xingrg/all/function/internal_message.html?_=1636245897385&CODE_STATE=getMsg HTTP/1.1" 200 27
222.70.176.97 - - [07/Nov/2021:08:44:58 +0800] "GET /xingrg/kc/buy/cgsh_order_operate.html?command=get_materiel&rest_code=00111&code=00101008096&supplier_code=00100005&order_time=2021-11-07 HTTP/1.1" 200 412
222.70.171.86 - - [07/Nov/2021:08:44:58 +0800] "GET /xingrg/javascript/easyui/themes/default/images/button_plain_hover.png HTTP/1.1" 304 -
222.70.171.86 - - [07/Nov/2021:08:44:59 +0800] "GET /xingrg/css/base.css HTTP/1.1" 304 -
222.70.171.86 - - [07/Nov/2021:08:44:59 +0800] "GET /xingrg/css/site.css HTTP/1.1" 304 -
222.70.171.86 - - [07/Nov/2021:08:44:59 +0800] "GET /xingrg/javascript/easyui/themes/icon.css HTTP/1.1" 304 -
222.70.171.86 - - [07/Nov/2021:08:44:59 +0800] "GET /xingrg/javascript/jquery_tools/datebox.css HTTP/1.1" 304 -
222.70.171.86 - - [07/Nov/2021:08:44:59 +0800] "GET /xingrg/javascript/easyui/themes/default/easyui.css HTTP/1.1" 304 -
222.70.171.86 - - [07/Nov/2021:08:44:59 +0800] "GET /xingrg/javascript/auto/jquery.autocomplete.css HTTP/1.1" 304 -
222.70.171.86 - - [07/Nov/2021:08:44:59 +0800] "GET /xingrg/javascript/jquery_tools/fix.css HTTP/1.1" 304 -
222.70.171.86 - - [07/Nov/2021:08:44:59 +0800] "GET /xingrg/javascript/jquery_tools/table.css HTTP/1.1" 304 -
222.70.171.86 - - [07/Nov/2021:08:44:59 +0800] "GET /xingrg/javascript/jquery_tools/jquery.tools.min.js HTTP/1.1" 304 -
222.70.171.86 - - [07/Nov/2021:08:44:59 +0800] "GET /xingrg/javascript/pic_change.js HTTP/1.1" 304 -
222.70.171.86 - - [07/Nov/2021:08:44:59 +0800] "GET /xingrg/javascript/jquery_tools/jquery.tools.extend.js HTTP/1.1" 304 -
222.70.171.86 - - [07/Nov/2021:08:44:59 +0800] "GET /xingrg/javascript/jquery_tools/jquery.tools.table.js HTTP/1.1" 304 -
222.70.171.86 - - [07/Nov/2021:08:44:59 +0800] "GET /xingrg/javascript/auto/jquery.autocomplete.js HTTP/1.1" 304 -
222.70.171.86 - - [07/Nov/2021:08:44:59 +0800] "GET /xingrg/javascript/easyui/easyloader.js HTTP/1.1" 304 -
222.70.171.86 - - [07/Nov/2021:08:44:59 +0800] "GET /xingrg/javascript/jquery_tools/order_manager.js HTTP/1.1" 304 -
222.70.171.86 - - [07/Nov/2021:08:44:59 +0800] "GET /xingrg/javascript/jquery.utils.js HTTP/1.1" 304 -
222.70.171.86 - - [07/Nov/2021:08:44:59 +0800] "GET /xingrg/javascript/convert.js HTTP/1.1" 304 -
222.70.171.86 - - [07/Nov/2021:08:44:59 +0800] "GET /xingrg/javascript/jquery.cookie.js HTTP/1.1" 304 -
222.70.171.86 - - [07/Nov/2021:08:44:59 +0800] "GET /xingrg/javascript/json2.js HTTP/1.1" 304 -
222.70.171.86 - - [07/Nov/2021:08:44:59 +0800] "GET /xingrg/javascript/print/LodopFuncs.js HTTP/1.1" 304 -
222.70.171.86 - - [07/Nov/2021:08:44:59 +0800] "GET /xingrg/javascript/jquery_tools/jquery.tools.hotkey.js HTTP/1.1" 304 -
222.70.171.86 - - [07/Nov/2021:08:44:59 +0800] "GET /xingrg/javascript/print/kc_print.js HTTP/1.1" 304 -
222.70.171.86 - - [07/Nov/2021:08:44:59 +0800] "GET /xingrg/kc/buy/cgsh_order_add.html HTTP/1.1" 200 64726
222.70.171.86 - - [07/Nov/2021:08:44:59 +0800] "GET /xingrg/words/20211105164858_words.js HTTP/1.1" 304 -
222.70.171.86 - - [07/Nov/2021:08:45:00 +0800] "GET /xingrg/javascript/easyui/themes/icons/copy_new.png HTTP/1.1" 304 -
222.70.171.86 - - [07/Nov/2021:08:45:00 +0800] "GET /xingrg/javascript/easyui/themes/icons/template_new.png HTTP/1.1" 304 -
222.70.171.86 - - [07/Nov/2021:08:45:00 +0800] "GET /xingrg/javascript/easyui/themes/icons/ok.png HTTP/1.1" 304 -
222.70.171.86 - - [07/Nov/2021:08:45:00 +0800] "GET /xingrg/javascript/easyui/themes/icons/print.png HTTP/1.1" 304 -
222.70.171.86 - - [07/Nov/2021:08:45:00 +0800] "GET /xingrg/javascript/easyui/themes/default/images/menu_downarrow.png HTTP/1.1" 304 -
222.70.171.86 - - [07/Nov/2021:08:45:00 +0800] "GET /xingrg/javascript/easyui/themes/icons/cancel.png HTTP/1.1" 304 -
222.70.171.86 - - [07/Nov/2021:08:45:00 +0800] "GET /xingrg/javascript/easyui/plugins/jquery.parser.js HTTP/1.1" 304 -
222.70.171.86 - - [07/Nov/2021:08:45:00 +0800] "GET /xingrg/all/common/auto_word.html?type=employee&rest_code=00146 HTTP/1.1" 200 101
222.70.171.86 - - [07/Nov/2021:08:45:00 +0800] "GET /xingrg/all/common/auto_word.html?type=employee&rest_code=00146 HTTP/1.1" 200 101
222.70.171.86 - - [07/Nov/2021:08:45:00 +0800] "GET /xingrg/javascript/easyui/themes/default/validatebox.css HTTP/1.1" 404 1104
222.70.171.86 - - [07/Nov/2021:08:45:00 +0800] "GET /xingrg/javascript/easyui/plugins/jquery.validatebox.js HTTP/1.1" 304 -
222.70.171.86 - - [07/Nov/2021:08:45:00 +0800] "GET /xingrg/javascript/easyui/plugins/jquery.numberbox.js HTTP/1.1" 304 -
222.70.171.86 - - [07/Nov/2021:08:45:00 +0800] "POST /xingrg/kc/buy/cgsh_order_operate.html HTTP/1.1" 200 8245
114.85.125.222 - - [07/Nov/2021:08:45:02 +0800] "GET /xingrg/all/function/internal_message.html?_=1636245830654&CODE_STATE=getMsg HTTP/1.1" 200 27
222.70.176.97 - - [07/Nov/2021:08:45:03 +0800] "GET /xingrg/all/function/internal_message.html?_=1636245900900&CODE_STATE=getMsg HTTP/1.1" 200 27
222.70.171.86 - - [07/Nov/2021:08:45:05 +0800] "GET /xingrg/check_reg.html?_=1636245906187 HTTP/1.1" 200 22
58.39.139.200 - - [07/Nov/2021:08:45:06 +0800] "GET /xingrg/all/function/internal_message.html?_=1636245906334&CODE_STATE=getMsg HTTP/1.1" 200 27
222.70.176.97 - - [07/Nov/2021:08:45:07 +0800] "GET /xingrg/kc/buy/cgsh_order_operate.html?command=get_materiel&rest_code=00111&code=00101008148&supplier_code=00100005&order_time=2021-11-07 HTTP/1.1" 200 416
222.70.171.86 - - [07/Nov/2021:08:45:09 +0800] "GET /xingrg/kc/buy/cgsh_order_operate.html?command=get_materiel&rest_code=00146&code=00101012067&supplier_code=&order_time=2021-11-07 HTTP/1.1" 200 405
116.227.210.113 - - [07/Nov/2021:08:45:09 +0800] "GET /xingrg/check_reg.html?_=1636245897462 HTTP/1.1" 200 22
116.227.210.113 - - [07/Nov/2021:08:45:09 +0800] "GET /xingrg/all/function/internal_message.html?_=1636245897467&CODE_STATE=getMsg HTTP/1.1" 200 27
114.85.125.222 - - [07/Nov/2021:08:45:13 +0800] "GET /xingrg/kc/buy/cgsh_order_add.html HTTP/1.1" 200 64653
114.85.125.222 - - [07/Nov/2021:08:45:14 +0800] "POST /xingrg/kc/buy/cgsh_order_operate.html HTTP/1.1" 200 8245
114.85.125.222 - - [07/Nov/2021:08:45:14 +0800] "GET /xingrg/javascript/easyui/themes/default/validatebox.css HTTP/1.1" 404 1104
222.70.176.97 - - [07/Nov/2021:08:45:15 +0800] "GET /xingrg/kc/buy/cgsh_order_operate.html?command=get_materiel&rest_code=00111&code=00101008067&supplier_code=00100005&order_time=2021-11-07 HTTP/1.1" 200 416
120.253.135.82 - - [07/Nov/2021:08:45:22 +0800] "GET /xingrg/all/function/internal_message.html?_=1636245881915&CODE_STATE=getMsg HTTP/1.1" 200 27
222.70.176.97 - - [07/Nov/2021:08:45:24 +0800] "GET /xingrg/kc/buy/cgsh_order_operate.html?command=get_materiel&rest_code=00111&code=00101008005&supplier_code=00100005&order_time=2021-11-07 HTTP/1.1" 200 412
114.85.125.222 - - [07/Nov/2021:08:45:25 +0800] "GET /xingrg/kc/buy/cgsh_order_operate.html?command=get_materiel&rest_code=00150&code=00101008091&supplier_code=00100007&order_time=2021-11-07 HTTP/1.1" 200 413
180.157.253.6 - - [07/Nov/2021:08:45:32 +0800] "GET /xingrg/all/function/internal_message.html?_=1636245933602&CODE_STATE=getMsg HTTP/1.1" 200 27
222.70.176.97 - - [07/Nov/2021:08:45:32 +0800] "GET /xingrg/kc/buy/cgsh_order_operate.html?command=get_materiel&rest_code=00111&code=00101008176&supplier_code=00100005&order_time=2021-11-07 HTTP/1.1" 200 412
114.85.125.222 - - [07/Nov/2021:08:45:34 +0800] "GET /xingrg/kc/buy/cgsh_order_operate.html?command=get_materiel&rest_code=00150&code=00101008027&supplier_code=00100007&order_time=2021-11-07 HTTP/1.1" 200 409
222.70.171.86 - - [07/Nov/2021:08:45:40 +0800] "GET /xingrg/all/function/internal_message.html?_=1636245941346&CODE_STATE=getMsg HTTP/1.1" 200 27
222.70.171.86 - - [07/Nov/2021:08:45:40 +0800] "GET /xingrg/all/function/internal_message.html?_=1636245942779&CODE_STATE=getMsg HTTP/1.1" 302 -
58.39.139.200 - - [07/Nov/2021:08:45:42 +0800] "GET /xingrg/kc/buy/cgsh_order_operate.html?command=get_materiel&rest_code=00105&code=00101008223&supplier_code=00100203&order_time=2021-11-07 HTTP/1.1" 200 412
114.85.125.222 - - [07/Nov/2021:08:45:43 +0800] "GET /xingrg/kc/buy/cgsh_order_operate.html?command=get_materiel&rest_code=00150&code=00101008257&supplier_code=00100007&order_time=2021-11-07 HTTP/1.1" 200 416
114.85.125.222 - - [07/Nov/2021:08:45:50 +0800] "GET /xingrg/kc/buy/cgsh_order_operate.html?command=get_materiel&rest_code=00150&code=00101008350&supplier_code=00100007&order_time=2021-11-07 HTTP/1.1" 200 408
120.253.135.82 - - [07/Nov/2021:08:45:53 +0800] "GET /xingrg/all/function/internal_message.html?_=1636245724995&CODE_STATE=getMsg HTTP/1.1" 200 27
116.227.210.113 - - [07/Nov/2021:08:45:54 +0800] "GET /xingrg/kc/buy/cgsh_order_operate.html?command=get_materiel&rest_code=00155&code=00101006124&supplier_code=00100012&order_time=2021-11-07 HTTP/1.1" 200 409
58.39.139.200 - - [07/Nov/2021:08:45:54 +0800] "GET /xingrg/kc/buy/cgsh_order_operate.html?command=get_materiel&rest_code=00105&code=00101008119&supplier_code=00100203&order_time=2021-11-07 HTTP/1.1" 200 413
180.169.147.146 - - [07/Nov/2021:08:45:56 +0800] "GET /xingrg/all/function/internal_message.html?_=1636245956274&CODE_STATE=getMsg HTTP/1.1" 200 27
180.169.147.146 - - [07/Nov/2021:08:45:56 +0800] "GET /xingrg/check_reg.html?_=1636245956368 HTTP/1.1" 200 22
180.169.147.146 - - [07/Nov/2021:08:45:56 +0800] "GET /xingrg/all/function/internal_message.html?_=1636245956369&CODE_STATE=getMsg HTTP/1.1" 200 27
114.85.125.222 - - [07/Nov/2021:08:45:57 +0800] "GET /xingrg/kc/buy/cgsh_order_operate.html?command=get_materiel&rest_code=00150&code=00101008612&supplier_code=00100007&order_time=2021-11-07 HTTP/1.1" 200 406
116.238.248.233 - - [07/Nov/2021:08:45:57 +0800] "GET /xingrg/all/function/internal_message.html?_=1636245957381&CODE_STATE=getMsg HTTP/1.1" 200 27
116.238.248.233 - - [07/Nov/2021:08:45:57 +0800] "GET /xingrg/check_reg.html?_=1636245957384 HTTP/1.1" 200 22
114.85.125.222 - - [07/Nov/2021:08:46:02 +0800] "GET /xingrg/all/function/internal_message.html?_=1636245890759&CODE_STATE=getMsg HTTP/1.1" 200 27
222.70.176.97 - - [07/Nov/2021:08:46:03 +0800] "GET /xingrg/check_reg.html?_=1636245960901 HTTP/1.1" 200 22
222.70.176.97 - - [07/Nov/2021:08:46:03 +0800] "GET /xingrg/all/function/internal_message.html?_=1636245960904&CODE_STATE=getMsg HTTP/1.1" 200 27
58.39.139.200 - - [07/Nov/2021:08:46:04 +0800] "GET /xingrg/kc/buy/cgsh_order_operate.html?command=get_materiel&rest_code=00105&code=00101008105&supplier_code=00100203&order_time=2021-11-07 HTTP/1.1" 200 412
114.85.125.222 - - [07/Nov/2021:08:46:05 +0800] "GET /xingrg/kc/buy/cgsh_order_operate.html?command=get_materiel&rest_code=00150&code=00101008096&supplier_code=00100007&order_time=2021-11-07 HTTP/1.1" 200 412
58.39.139.200 - - [07/Nov/2021:08:46:06 +0800] "GET /xingrg/all/function/internal_message.html?_=1636245966432&CODE_STATE=getMsg HTTP/1.1" 200 27
116.227.210.113 - - [07/Nov/2021:08:46:09 +0800] "GET /xingrg/all/function/internal_message.html?_=1636245957453&CODE_STATE=getMsg HTTP/1.1" 200 27
58.39.139.200 - - [07/Nov/2021:08:46:12 +0800] "GET /xingrg/kc/buy/cgsh_order_operate.html?command=get_materiel&rest_code=00105&code=00101008114&supplier_code=00100203&order_time=2021-11-07 HTTP/1.1" 200 413
222.70.176.97 - - [07/Nov/2021:08:46:16 +0800] "GET /xingrg/kc/buy/cgsh_order_operate.html?command=get_materiel&rest_code=00111&code=00101008027&supplier_code=00100005&order_time=2021-11-07 HTTP/1.1" 200 409
114.85.125.222 - - [07/Nov/2021:08:46:16 +0800] "GET /xingrg/kc/buy/cgsh_order_operate.html?command=get_materiel&rest_code=00150&code=00101008224&supplier_code=00100007&order_time=2021-11-07 HTTP/1.1" 200 416
120.253.135.82 - - [07/Nov/2021:08:46:19 +0800] "GET /xingrg/check_reg.html?_=1636245939464 HTTP/1.1" 200 22
58.39.139.200 - - [07/Nov/2021:08:46:20 +0800] "GET /xingrg/kc/buy/cgsh_order_operate.html?command=get_materiel&rest_code=00105&code=00101008168&supplier_code=00100203&order_time=2021-11-07 HTTP/1.1" 200 412
120.253.135.82 - - [07/Nov/2021:08:46:22 +0800] "GET /xingrg/all/function/internal_message.html?_=1636245941928&CODE_STATE=getMsg HTTP/1.1" 200 27
114.85.125.222 - - [07/Nov/2021:08:46:26 +0800] "GET /xingrg/kc/buy/cgsh_order_operate.html?command=get_materiel&rest_code=00150&code=00101008125&supplier_code=00100007&order_time=2021-11-07 HTTP/1.1" 200 413
222.70.176.97 - - [07/Nov/2021:08:46:27 +0800] "GET /xingrg/kc/buy/cgsh_order_operate.html?command=get_materiel&rest_code=00111&code=00101008080&supplier_code=00100005&order_time=2021-11-07 HTTP/1.1" 200 417
58.39.139.200 - - [07/Nov/2021:08:46:28 +0800] "GET /xingrg/kc/buy/cgsh_order_operate.html?command=get_materiel&rest_code=00105&code=00101015046&supplier_code=00100203&order_time=2021-11-07 HTTP/1.1" 200 412
58.39.139.200 - - [07/Nov/2021:08:46:31 +0800] "POST /xingrg/kc/buy/cgsh_order_operate.html HTTP/1.1" 200 2065
180.157.253.6 - - [07/Nov/2021:08:46:32 +0800] "GET /xingrg/all/function/internal_message.html?_=1636245993600&CODE_STATE=getMsg HTTP/1.1" 200 27
114.85.125.222 - - [07/Nov/2021:08:46:32 +0800] "GET /xingrg/kc/buy/cgsh_order_operate.html?command=get_materiel&rest_code=00150&code=00101008361&supplier_code=00100007&order_time=2021-11-07 HTTP/1.1" 200 408
222.70.176.97 - - [07/Nov/2021:08:46:35 +0800] "GET /xingrg/kc/buy/cgsh_order_operate.html?command=get_materiel&rest_code=00111&code=00101008003&supplier_code=00100005&order_time=2021-11-07 HTTP/1.1" 200 410
58.39.139.200 - - [07/Nov/2021:08:46:39 +0800] "GET /xingrg/kc/buy/cgsh_order_operate.html?command=get_materiel&rest_code=00105&code=00101008092&supplier_code=00100203&order_time=2021-11-07 HTTP/1.1" 200 413
222.70.171.86 - - [07/Nov/2021:08:46:40 +0800] "GET /xingrg/all/function/internal_message.html?_=1636246001359&CODE_STATE=getMsg HTTP/1.1" 200 27
222.70.171.86 - - [07/Nov/2021:08:46:40 +0800] "GET /xingrg/all/function/internal_message.html?_=1636246002783&CODE_STATE=getMsg HTTP/1.1" 302 -
114.85.125.222 - - [07/Nov/2021:08:46:43 +0800] "GET /xingrg/kc/buy/cgsh_order_operate.html?command=get_materiel&rest_code=00150&code=00101008355&supplier_code=00100007&order_time=2021-11-07 HTTP/1.1" 200 408
120.253.135.82 - - [07/Nov/2021:08:46:48 +0800] "GET /xingrg/check_reg.html?_=1636245779318 HTTP/1.1" 200 22
58.39.139.200 - - [07/Nov/2021:08:46:50 +0800] "GET /xingrg/kc/buy/cgsh_order_operate.html?command=get_materiel&rest_code=00105&code=00101008041&supplier_code=00100203&order_time=2021-11-07 HTTP/1.1" 200 408
114.85.125.222 - - [07/Nov/2021:08:46:52 +0800] "GET /xingrg/kc/buy/cgsh_order_operate.html?command=get_materiel&rest_code=00150&code=00101008010&supplier_code=00100007&order_time=2021-11-07 HTTP/1.1" 200 412
120.253.135.82 - - [07/Nov/2021:08:46:53 +0800] "GET /xingrg/all/function/internal_message.html?_=1636245784998&CODE_STATE=getMsg HTTP/1.1" 200 27
222.70.176.97 - - [07/Nov/2021:08:46:54 +0800] "GET /xingrg/kc/buy/cgsh_order_operate.html?command=get_materiel&rest_code=00111&code=00101008356&supplier_code=00100005&order_time=2021-11-07 HTTP/1.1" 200 409
180.169.147.146 - - [07/Nov/2021:08:46:56 +0800] "GET /xingrg/all/function/internal_message.html?_=1636246016269&CODE_STATE=getMsg HTTP/1.1" 200 27
180.169.147.146 - - [07/Nov/2021:08:46:56 +0800] "GET /xingrg/all/function/internal_message.html?_=1636246016362&CODE_STATE=getMsg HTTP/1.1" 200 27
58.39.139.200 - - [07/Nov/2021:08:46:57 +0800] "GET /xingrg/kc/buy/cgsh_order_operate.html?command=get_materiel&rest_code=00105&code=00101015107&supplier_code=00100203&order_time=2021-11-07 HTTP/1.1" 200 397
116.238.248.233 - - [07/Nov/2021:08:46:57 +0800] "GET /xingrg/all/function/internal_message.html?_=1636246017391&CODE_STATE=getMsg HTTP/1.1" 200 27
114.85.125.222 - - [07/Nov/2021:08:47:02 +0800] "GET /xingrg/all/function/internal_message.html?_=1636245950759&CODE_STATE=getMsg HTTP/1.1" 200 27
222.70.176.97 - - [07/Nov/2021:08:47:02 +0800] "GET /xingrg/kc/buy/cgsh_order_operate.html?command=get_materiel&rest_code=00111&code=00101008196&supplier_code=00100005&order_time=2021-11-07 HTTP/1.1" 200 416
222.70.176.97 - - [07/Nov/2021:08:47:03 +0800] "GET /xingrg/all/function/internal_message.html?_=1636246020919&CODE_STATE=getMsg HTTP/1.1" 200 27
114.85.125.222 - - [07/Nov/2021:08:47:03 +0800] "GET /xingrg/kc/buy/cgsh_order_operate.html?command=get_materiel&rest_code=00150&code=00101008264&supplier_code=00100007&order_time=2021-11-07 HTTP/1.1" 200 412
58.39.139.200 - - [07/Nov/2021:08:47:06 +0800] "GET /xingrg/check_reg.html?_=1636246026327 HTTP/1.1" 200 22
58.39.139.200 - - [07/Nov/2021:08:47:06 +0800] "GET /xingrg/all/function/internal_message.html?_=1636246026328&CODE_STATE=getMsg HTTP/1.1" 200 27
116.227.210.113 - - [07/Nov/2021:08:47:09 +0800] "GET /xingrg/all/function/internal_message.html?_=1636246017442&CODE_STATE=getMsg HTTP/1.1" 200 27
222.70.176.97 - - [07/Nov/2021:08:47:11 +0800] "GET /xingrg/kc/buy/cgsh_order_operate.html?command=get_materiel&rest_code=00111&code=00101008286&supplier_code=00100005&order_time=2021-11-07 HTTP/1.1" 200 408
114.85.125.222 - - [07/Nov/2021:08:47:14 +0800] "GET /xingrg/kc/buy/cgsh_order_operate.html?command=get_materiel&rest_code=00150&code=00101008356&supplier_code=00100007&order_time=2021-11-07 HTTP/1.1" 200 409
222.70.176.97 - - [07/Nov/2021:08:47:18 +0800] "GET /xingrg/kc/buy/cgsh_order_operate.html?command=get_materiel&rest_code=00111&code=00101008131&supplier_code=00100005&order_time=2021-11-07 HTTP/1.1" 200 408
114.85.125.222 - - [07/Nov/2021:08:47:22 +0800] "GET /xingrg/kc/buy/cgsh_order_operate.html?command=get_materiel&rest_code=00150&code=00101008360&supplier_code=00100007&order_time=2021-11-07 HTTP/1.1" 200 413
120.253.135.82 - - [07/Nov/2021:08:47:22 +0800] "GET /xingrg/all/function/internal_message.html?_=1636246001942&CODE_STATE=getMsg HTTP/1.1" 200 27
58.39.139.200 - - [07/Nov/2021:08:47:23 +0800] "GET /xingrg/kc/buy/cgsh_order_operate.html?command=get_materiel&rest_code=00105&code=00101008358&supplier_code=00100203&order_time=2021-11-07 HTTP/1.1" 200 412
222.70.176.97 - - [07/Nov/2021:08:47:25 +0800] "GET /xingrg/kc/buy/cgsh_order_operate.html?command=get_materiel&rest_code=00111&code=00101008296&supplier_code=00100005&order_time=2021-11-07 HTTP/1.1" 200 416
222.70.176.97 - - [07/Nov/2021:08:47:27 +0800] "POST /xingrg/kc/buy/cgsh_order_operate.html HTTP/1.1" 200 2065
222.70.171.86 - - [07/Nov/2021:08:47:29 +0800] "GET /xingrg/check_reg.html?_=1636246051650 HTTP/1.1" 302 -
58.39.139.200 - - [07/Nov/2021:08:47:31 +0800] "GET /xingrg/kc/buy/cgsh_order_operate.html?command=get_materiel&rest_code=00105&code=00101008246&supplier_code=00100203&order_time=2021-11-07 HTTP/1.1" 200 408
180.157.253.6 - - [07/Nov/2021:08:47:32 +0800] "GET /xingrg/all/function/internal_message.html?_=1636246053585&CODE_STATE=getMsg HTTP/1.1" 200 27
222.70.176.97 - - [07/Nov/2021:08:47:33 +0800] "GET /xingrg/kc/buy/cgsh_order_operate.html?command=get_materiel&rest_code=00111&code=00101008352&supplier_code=00100005&order_time=2021-11-07 HTTP/1.1" 200 412
58.39.139.200 - - [07/Nov/2021:08:47:40 +0800] "GET /xingrg/kc/buy/cgsh_order_operate.html?command=get_materiel&rest_code=00105&code=00101008003&supplier_code=00100203&order_time=2021-11-07 HTTP/1.1" 200 408
222.70.171.86 - - [07/Nov/2021:08:47:40 +0800] "GET /xingrg/all/function/internal_message.html?_=1636246062802&CODE_STATE=getMsg HTTP/1.1" 302 -
222.70.171.86 - - [07/Nov/2021:08:47:40 +0800] "GET /xingrg/all/function/internal_message.html?_=1636246061522&CODE_STATE=getMsg HTTP/1.1" 200 27
222.70.176.97 - - [07/Nov/2021:08:47:40 +0800] "GET /xingrg/kc/buy/cgsh_order_operate.html?command=get_materiel&rest_code=00111&code=00101008353&supplier_code=00100005&order_time=2021-11-07 HTTP/1.1" 200 408
114.85.125.222 - - [07/Nov/2021:08:47:42 +0800] "GET /xingrg/kc/buy/cgsh_order_operate.html?command=get_materiel&rest_code=00150&code=00101008036&supplier_code=00100007&order_time=2021-11-07 HTTP/1.1" 200 408
58.39.139.200 - - [07/Nov/2021:08:47:46 +0800] "GET /xingrg/kc/buy/cgsh_order_operate.html?command=get_materiel&rest_code=00105&code=00101008126&supplier_code=00100203&order_time=2021-11-07 HTTP/1.1" 200 412
222.70.176.97 - - [07/Nov/2021:08:47:48 +0800] "GET /xingrg/kc/buy/cgsh_order_operate.html?command=get_materiel&rest_code=00111&code=00101008213&supplier_code=00100005&order_time=2021-11-07 HTTP/1.1" 200 412
114.85.125.222 - - [07/Nov/2021:08:47:50 +0800] "GET /xingrg/kc/buy/cgsh_order_operate.html?command=get_materiel&rest_code=00150&code=00101008069&supplier_code=00100007&order_time=2021-11-07 HTTP/1.1" 200 412
58.39.139.200 - - [07/Nov/2021:08:47:53 +0800] "GET /xingrg/kc/buy/cgsh_order_operate.html?command=get_materiel&rest_code=00105&code=00101008067&supplier_code=00100203&order_time=2021-11-07 HTTP/1.1" 200 416
120.253.135.82 - - [07/Nov/2021:08:47:53 +0800] "GET /xingrg/all/function/internal_message.html?_=1636245845011&CODE_STATE=getMsg HTTP/1.1" 200 27
116.227.210.113 - - [07/Nov/2021:08:47:54 +0800] "GET /xingrg/kc/buy/cgsh_order_operate.html?command=get_materiel&rest_code=00155&code=00101006065&supplier_code=00100012&order_time=2021-11-07 HTTP/1.1" 200 409
180.157.253.6 - - [07/Nov/2021:08:47:54 +0800] "GET /xingrg/check_reg.html?_=1636246075755 HTTP/1.1" 200 22
58.39.139.200 - - [07/Nov/2021:08:47:55 +0800] "POST /xingrg/kc/buy/cgsh_order_operate.html HTTP/1.1" 200 2065
222.70.176.97 - - [07/Nov/2021:08:47:56 +0800] "GET /xingrg/kc/buy/cgsh_order_operate.html?command=get_materiel&rest_code=00111&code=00101008125&supplier_code=00100005&order_time=2021-11-07 HTTP/1.1" 200 413
58.39.139.200 - - [07/Nov/2021:08:47:56 +0800] "POST /xingrg/kc/buy/cgsh_order_operate.html HTTP/1.1" 200 2065
180.169.147.146 - - [07/Nov/2021:08:47:56 +0800] "GET /xingrg/check_reg.html?_=1636246076282 HTTP/1.1" 200 22
180.169.147.146 - - [07/Nov/2021:08:47:56 +0800] "GET /xingrg/all/function/internal_message.html?_=1636246076284&CODE_STATE=getMsg HTTP/1.1" 200 27
180.169.147.146 - - [07/Nov/2021:08:47:56 +0800] "GET /xingrg/all/function/internal_message.html?_=1636246076377&CODE_STATE=getMsg HTTP/1.1" 200 27
116.238.248.233 - - [07/Nov/2021:08:47:57 +0800] "GET /xingrg/all/function/internal_message.html?_=1636246077390&CODE_STATE=getMsg HTTP/1.1" 200 27
116.227.210.113 - - [07/Nov/2021:08:47:59 +0800] "GET /xingrg/kc/buy/cgsh_order_operate.html?command=get_materiel&rest_code=00155&code=00101006055&supplier_code=00100012&order_time=2021-11-07 HTTP/1.1" 200 409
114.85.125.222 - - [07/Nov/2021:08:48:00 +0800] "GET /xingrg/kc/buy/cgsh_order_operate.html?command=get_materiel&rest_code=00150&code=00101008286&supplier_code=00100007&order_time=2021-11-07 HTTP/1.1" 200 408
114.85.125.222 - - [07/Nov/2021:08:48:02 +0800] "GET /xingrg/all/function/internal_message.html?_=1636246010773&CODE_STATE=getMsg HTTP/1.1" 200 27
58.39.139.200 - - [07/Nov/2021:08:48:02 +0800] "GET /xingrg/kc/buy/cgsh_order_operate.html?command=get_materiel&rest_code=00105&code=00101008251&supplier_code=00100203&order_time=2021-11-07 HTTP/1.1" 200 408
222.70.176.97 - - [07/Nov/2021:08:48:03 +0800] "GET /xingrg/all/function/internal_message.html?_=1636246080891&CODE_STATE=getMsg HTTP/1.1" 200 27
222.70.176.97 - - [07/Nov/2021:08:48:04 +0800] "GET /xingrg/kc/buy/cgsh_order_operate.html?command=get_materiel&rest_code=00111&code=00101008010&supplier_code=00100005&order_time=2021-11-07 HTTP/1.1" 200 412
116.227.210.113 - - [07/Nov/2021:08:48:06 +0800] "GET /xingrg/kc/buy/cgsh_order_operate.html?command=get_materiel&rest_code=00155&code=00101006129&supplier_code=00100012&order_time=2021-11-07 HTTP/1.1" 200 433
222.70.176.97 - - [07/Nov/2021:08:48:06 +0800] "POST /xingrg/kc/buy/cgsh_order_operate.html HTTP/1.1" 200 2065
58.39.139.200 - - [07/Nov/2021:08:48:06 +0800] "GET /xingrg/all/function/internal_message.html?_=1636246086353&CODE_STATE=getMsg HTTP/1.1" 200 27
114.85.125.222 - - [07/Nov/2021:08:48:08 +0800] "GET /xingrg/kc/buy/cgsh_order_operate.html?command=get_materiel&rest_code=00150&code=00101008131&supplier_code=00100007&order_time=2021-11-07 HTTP/1.1" 200 408
116.227.210.113 - - [07/Nov/2021:08:48:09 +0800] "GET /xingrg/all/function/internal_message.html?_=1636246077446&CODE_STATE=getMsg HTTP/1.1" 200 27
222.70.176.97 - - [07/Nov/2021:08:48:12 +0800] "GET /xingrg/kc/buy/cgsh_order_operate.html?command=get_materiel&rest_code=00111&code=00101008306&supplier_code=00100005&order_time=2021-11-07 HTTP/1.1" 200 412
114.85.125.222 - - [07/Nov/2021:08:48:16 +0800] "GET /xingrg/kc/buy/cgsh_order_operate.html?command=get_materiel&rest_code=00150&code=00101008296&supplier_code=00100007&order_time=2021-11-07 HTTP/1.1" 200 416
58.39.139.200 - - [07/Nov/2021:08:48:16 +0800] "GET /xingrg/kc/buy/cgsh_order_operate.html?command=get_materiel&rest_code=00105&code=00101008098&supplier_code=00100203&order_time=2021-11-07 HTTP/1.1" 200 412
114.85.125.222 - - [07/Nov/2021:08:48:22 +0800] "POST /xingrg/kc/buy/cgsh_order_operate.html HTTP/1.1" 200 37
