222.70.171.86 - - [07/Nov/2021:09:21:42 +0800] "GET /xingrg/all/function/internal_message.html?_=1636248103566&CODE_STATE=getMsg HTTP/1.1" 200 27
124.78.153.86 - - [07/Nov/2021:09:21:43 +0800] "GET /xingrg/kc/buy/cgsh_order_operate.html?command=get_materiel&rest_code=00106&code=00101008067&supplier_code=00100007&order_time=2021-11-07 HTTP/1.1" 200 416
120.253.135.82 - - [07/Nov/2021:09:21:48 +0800] "GET /xingrg/check_reg.html?_=1636247879515 HTTP/1.1" 200 22
116.238.248.233 - - [07/Nov/2021:09:21:49 +0800] "POST /xingrg/kc/buy/cgsh_order_operate.html HTTP/1.1" 200 12
116.238.248.233 - - [07/Nov/2021:09:21:50 +0800] "GET /xingrg/kc/buy/cgsh_order_info.html?code=212021110702727 HTTP/1.1" 200 59220
116.238.248.233 - - [07/Nov/2021:09:21:51 +0800] "GET /xingrg/javascript/easyui/themes/default/validatebox.css HTTP/1.1" 404 1104
116.238.248.233 - - [07/Nov/2021:09:21:51 +0800] "POST /xingrg/kc/buy/cgsh_order_operate.html HTTP/1.1" 200 4808
116.238.248.233 - - [07/Nov/2021:09:21:53 +0800] "GET /xingrg/kc/print/load_data.html?order_code=212021110702727&kc_code=cgsh&condition= HTTP/1.1" 200 2315
124.78.153.86 - - [07/Nov/2021:09:21:56 +0800] "GET /xingrg/all/function/internal_message.html?_=1636248123631&CODE_STATE=getMsg HTTP/1.1" 200 27
120.253.135.82 - - [07/Nov/2021:09:21:57 +0800] "GET /xingrg/all/function/internal_message.html?_=1636247888343&CODE_STATE=getMsg HTTP/1.1" 200 27
124.78.153.86 - - [07/Nov/2021:09:21:57 +0800] "GET /xingrg/kc/buy/cgsh_order_operate.html?command=get_materiel&rest_code=00106&code=00101008264&supplier_code=00100007&order_time=2021-11-07 HTTP/1.1" 200 412
120.253.135.82 - - [07/Nov/2021:09:22:04 +0800] "GET /xingrg/all/function/internal_message.html?_=1636247703574&CODE_STATE=getMsg HTTP/1.1" 200 27
58.39.139.200 - - [07/Nov/2021:09:22:06 +0800] "GET /xingrg/all/function/internal_message.html?_=1636248125693&CODE_STATE=getMsg HTTP/1.1" 200 27
58.39.139.200 - - [07/Nov/2021:09:22:06 +0800] "GET /xingrg/check_reg.html?_=1636248126333 HTTP/1.1" 200 22
116.238.248.233 - - [07/Nov/2021:09:22:09 +0800] "POST /xingrg/kc/buy/cgsh_list_operate.html HTTP/1.1" 200 563
116.227.210.113 - - [07/Nov/2021:09:22:09 +0800] "GET /xingrg/all/function/internal_message.html?_=1636248117458&CODE_STATE=getMsg HTTP/1.1" 200 27
222.70.176.97 - - [07/Nov/2021:09:22:10 +0800] "GET /xingrg/all/function/internal_message.html?_=1636248127372&CODE_STATE=getMsg HTTP/1.1" 200 27
116.238.248.233 - - [07/Nov/2021:09:22:10 +0800] "GET /xingrg/kc/buy/cgsh_order_info.html?code=212021110702717 HTTP/1.1" 200 64342
116.238.248.233 - - [07/Nov/2021:09:22:11 +0800] "GET /xingrg/javascript/easyui/themes/default/validatebox.css HTTP/1.1" 404 1104
116.238.248.233 - - [07/Nov/2021:09:22:11 +0800] "GET /xingrg/all/function/internal_message.html?_=1636248131585&CODE_STATE=getMsg HTTP/1.1" 200 27
116.238.248.233 - - [07/Nov/2021:09:22:11 +0800] "POST /xingrg/kc/buy/cgsh_order_operate.html HTTP/1.1" 200 8063
124.78.153.86 - - [07/Nov/2021:09:22:12 +0800] "GET /xingrg/kc/buy/cgsh_order_operate.html?command=get_materiel&rest_code=00106&code=00101008024&supplier_code=00100007&order_time=2021-11-07 HTTP/1.1" 200 408
120.253.135.82 - - [07/Nov/2021:09:22:22 +0800] "GET /xingrg/all/function/internal_message.html?_=1636248102558&CODE_STATE=getMsg HTTP/1.1" 200 27
114.86.228.117 - - [07/Nov/2021:09:22:23 +0800] "GET /xingrg/all/function/internal_message.html?_=1636248145406&CODE_STATE=getMsg HTTP/1.1" 200 27
114.86.228.117 - - [07/Nov/2021:09:22:23 +0800] "GET /xingrg/check_reg.html?_=1636248145407 HTTP/1.1" 200 22
180.169.147.146 - - [07/Nov/2021:09:22:27 +0800] "GET /xingrg/all/function/internal_message.html?_=1636248149230&CODE_STATE=getMsg HTTP/1.1" 200 27
222.70.171.86 - - [07/Nov/2021:09:22:29 +0800] "GET /xingrg/check_reg.html?_=1636248151716 HTTP/1.1" 302 -
124.78.153.86 - - [07/Nov/2021:09:22:29 +0800] "GET /xingrg/kc/buy/cgsh_order_operate.html?command=get_materiel&rest_code=00106&code=00101008356&supplier_code=00100007&order_time=2021-11-07 HTTP/1.1" 200 409
180.157.253.6 - - [07/Nov/2021:09:22:31 +0800] "GET /xingrg/all/function/internal_message.html?_=1636248152994&CODE_STATE=getMsg HTTP/1.1" 200 27
222.70.171.86 - - [07/Nov/2021:09:22:40 +0800] "GET /xingrg/all/function/internal_message.html?_=1636248163286&CODE_STATE=getMsg HTTP/1.1" 302 -
222.70.171.86 - - [07/Nov/2021:09:22:42 +0800] "GET /xingrg/all/function/internal_message.html?_=1636248163714&CODE_STATE=getMsg HTTP/1.1" 200 27
124.78.153.86 - - [07/Nov/2021:09:22:43 +0800] "GET /xingrg/kc/buy/cgsh_order_operate.html?command=get_materiel&rest_code=00106&code=00101008272&supplier_code=00100007&order_time=2021-11-07 HTTP/1.1" 200 413
180.157.253.6 - - [07/Nov/2021:09:22:54 +0800] "GET /xingrg/check_reg.html?_=1636248175835 HTTP/1.1" 200 22
116.238.248.233 - - [07/Nov/2021:09:22:54 +0800] "POST /xingrg/kc/buy/cgsh_order_operate.html HTTP/1.1" 200 37
124.78.153.86 - - [07/Nov/2021:09:22:56 +0800] "GET /xingrg/kc/buy/cgsh_order_operate.html?command=get_materiel&rest_code=00106&code=00101008360&supplier_code=00100007&order_time=2021-11-07 HTTP/1.1" 200 413
124.78.153.86 - - [07/Nov/2021:09:22:56 +0800] "GET /xingrg/all/function/internal_message.html?_=1636248183678&CODE_STATE=getMsg HTTP/1.1" 200 27
120.253.135.82 - - [07/Nov/2021:09:22:57 +0800] "GET /xingrg/all/function/internal_message.html?_=1636247948357&CODE_STATE=getMsg HTTP/1.1" 200 27
116.238.248.233 - - [07/Nov/2021:09:22:58 +0800] "POST /xingrg/kc/buy/cgsh_order_operate.html HTTP/1.1" 200 12
116.238.248.233 - - [07/Nov/2021:09:22:58 +0800] "GET /xingrg/kc/buy/cgsh_order_info.html?code=212021110702717 HTTP/1.1" 200 59242
116.238.248.233 - - [07/Nov/2021:09:22:59 +0800] "GET /xingrg/javascript/easyui/themes/default/validatebox.css HTTP/1.1" 404 1104
116.238.248.233 - - [07/Nov/2021:09:22:59 +0800] "POST /xingrg/kc/buy/cgsh_order_operate.html HTTP/1.1" 200 6010
120.253.135.82 - - [07/Nov/2021:09:23:04 +0800] "GET /xingrg/check_reg.html?_=1636247763574 HTTP/1.1" 200 22
120.253.135.82 - - [07/Nov/2021:09:23:04 +0800] "GET /xingrg/all/function/internal_message.html?_=1636247763576&CODE_STATE=getMsg HTTP/1.1" 200 27
116.238.248.233 - - [07/Nov/2021:09:23:05 +0800] "GET /xingrg/kc/print/load_data.html?order_code=212021110702717&kc_code=cgsh&condition= HTTP/1.1" 200 2817
58.39.139.200 - - [07/Nov/2021:09:23:05 +0800] "GET /xingrg/all/function/internal_message.html?_=1636248185661&CODE_STATE=getMsg HTTP/1.1" 200 27
116.227.210.113 - - [07/Nov/2021:09:23:09 +0800] "GET /xingrg/all/function/internal_message.html?_=1636248177454&CODE_STATE=getMsg HTTP/1.1" 200 27
222.70.176.97 - - [07/Nov/2021:09:23:10 +0800] "GET /xingrg/all/function/internal_message.html?_=1636248187351&CODE_STATE=getMsg HTTP/1.1" 200 27
124.78.153.86 - - [07/Nov/2021:09:23:11 +0800] "GET /xingrg/kc/buy/cgsh_order_operate.html?command=get_materiel&rest_code=00106&code=00101008439&supplier_code=00100007&order_time=2021-11-07 HTTP/1.1" 200 398
116.238.248.233 - - [07/Nov/2021:09:23:11 +0800] "GET /xingrg/check_reg.html?_=1636248191587 HTTP/1.1" 200 22
116.238.248.233 - - [07/Nov/2021:09:23:11 +0800] "GET /xingrg/all/function/internal_message.html?_=1636248191589&CODE_STATE=getMsg HTTP/1.1" 200 27
116.238.248.233 - - [07/Nov/2021:09:23:12 +0800] "POST /xingrg/kc/buy/cgsh_list_operate.html HTTP/1.1" 200 1708
116.238.248.233 - - [07/Nov/2021:09:23:14 +0800] "POST /xingrg/kc/buy/cgsh_list_operate.html HTTP/1.1" 200 565
116.238.248.233 - - [07/Nov/2021:09:23:14 +0800] "GET /xingrg/kc/buy/cgsh_order_info.html?code=212021110702719 HTTP/1.1" 200 64342
116.238.248.233 - - [07/Nov/2021:09:23:15 +0800] "GET /xingrg/javascript/easyui/themes/default/validatebox.css HTTP/1.1" 404 1104
116.238.248.233 - - [07/Nov/2021:09:23:15 +0800] "POST /xingrg/kc/buy/cgsh_order_operate.html HTTP/1.1" 200 22976
120.253.135.82 - - [07/Nov/2021:09:23:22 +0800] "GET /xingrg/all/function/internal_message.html?_=1636248162571&CODE_STATE=getMsg HTTP/1.1" 200 27
114.86.228.117 - - [07/Nov/2021:09:23:23 +0800] "GET /xingrg/all/function/internal_message.html?_=1636248205408&CODE_STATE=getMsg HTTP/1.1" 200 27
180.169.147.146 - - [07/Nov/2021:09:23:27 +0800] "GET /xingrg/check_reg.html?_=1636248209217 HTTP/1.1" 200 22
180.169.147.146 - - [07/Nov/2021:09:23:27 +0800] "GET /xingrg/all/function/internal_message.html?_=1636248209219&CODE_STATE=getMsg HTTP/1.1" 200 27
180.157.253.6 - - [07/Nov/2021:09:23:31 +0800] "GET /xingrg/all/function/internal_message.html?_=1636248212967&CODE_STATE=getMsg HTTP/1.1" 200 27
124.78.153.86 - - [07/Nov/2021:09:23:33 +0800] "GET /xingrg/kc/buy/cgsh_order_operate.html?command=get_materiel&rest_code=00106&code=00101008230&supplier_code=00100007&order_time=2021-11-07 HTTP/1.1" 200 408
222.70.171.86 - - [07/Nov/2021:09:23:40 +0800] "GET /xingrg/all/function/internal_message.html?_=1636248223309&CODE_STATE=getMsg HTTP/1.1" 302 -
222.70.171.86 - - [07/Nov/2021:09:23:42 +0800] "GET /xingrg/all/function/internal_message.html?_=1636248223718&CODE_STATE=getMsg HTTP/1.1" 200 27
114.85.125.222 - - [07/Nov/2021:09:23:46 +0800] "POST /xingrg/kc/buy/cgsh_order_operate.html HTTP/1.1" 200 8065
124.78.153.86 - - [07/Nov/2021:09:23:47 +0800] "GET /xingrg/kc/buy/cgsh_order_operate.html?command=get_materiel&rest_code=00106&code=00101008069&supplier_code=00100007&order_time=2021-11-07 HTTP/1.1" 200 412
124.78.153.86 - - [07/Nov/2021:09:23:49 +0800] "POST /xingrg/kc/buy/cgsh_order_operate.html HTTP/1.1" 200 2065
124.78.153.86 - - [07/Nov/2021:09:23:56 +0800] "GET /xingrg/all/function/internal_message.html?_=1636248243658&CODE_STATE=getMsg HTTP/1.1" 200 27
120.253.135.82 - - [07/Nov/2021:09:23:57 +0800] "GET /xingrg/all/function/internal_message.html?_=1636248008517&CODE_STATE=getMsg HTTP/1.1" 200 27
222.70.176.97 - - [07/Nov/2021:09:24:00 +0800] "GET /xingrg/kc/buy/cgsh_order_operate.html?command=get_materiel&rest_code=00111&code=00101012025&supplier_code=00100037&order_time=2021-11-07 HTTP/1.1" 200 412
124.78.153.86 - - [07/Nov/2021:09:24:01 +0800] "GET /xingrg/kc/buy/cgsh_order_operate.html?command=get_materiel&rest_code=00106&code=00101008286&supplier_code=00100007&order_time=2021-11-07 HTTP/1.1" 200 408
120.253.135.82 - - [07/Nov/2021:09:24:04 +0800] "GET /xingrg/all/function/internal_message.html?_=1636247823576&CODE_STATE=getMsg HTTP/1.1" 200 27
114.85.125.222 - - [07/Nov/2021:09:24:04 +0800] "GET /xingrg/check_reg.html?_=1636248173246 HTTP/1.1" 200 22
114.85.125.222 - - [07/Nov/2021:09:24:04 +0800] "GET /xingrg/all/function/internal_message.html?_=1636248173243&CODE_STATE=getMsg HTTP/1.1" 200 27
58.39.139.200 - - [07/Nov/2021:09:24:05 +0800] "GET /xingrg/all/function/internal_message.html?_=1636248245633&CODE_STATE=getMsg HTTP/1.1" 200 27
114.85.125.222 - - [07/Nov/2021:09:24:07 +0800] "POST /xingrg/all/user/operate.html HTTP/1.1" 200 36
114.85.125.222 - - [07/Nov/2021:09:24:09 +0800] "GET /xingrg/index.html?sysBaseUrl=http%3A%2F%2F180.169.147.146%3A18081%2Fxingrg%2F&costTime=40×tamp=1636198128428 HTTP/1.1" 200 17179
114.85.125.222 - - [07/Nov/2021:09:24:09 +0800] "GET /xingrg/javascript/jquery_easy_ui/themes/default/easyui.css HTTP/1.1" 304 -
114.85.125.222 - - [07/Nov/2021:09:24:09 +0800] "GET /xingrg/javascript/jquery_easy_ui/themes/icon.css HTTP/1.1" 304 -
114.85.125.222 - - [07/Nov/2021:09:24:09 +0800] "GET /xingrg/css/form.css HTTP/1.1" 304 -
114.85.125.222 - - [07/Nov/2021:09:24:09 +0800] "GET /xingrg/javascript/jquery-1.4.2.min.js HTTP/1.1" 304 -
114.85.125.222 - - [07/Nov/2021:09:24:09 +0800] "GET /xingrg/javascript/jquery_easy_ui/jquery.easyui.min.js HTTP/1.1" 304 -
114.85.125.222 - - [07/Nov/2021:09:24:09 +0800] "GET /xingrg/javascript/jquery_easy_ui/easyui-lang-zh_CN.js HTTP/1.1" 304 -
114.85.125.222 - - [07/Nov/2021:09:24:09 +0800] "GET /xingrg/javascript/jquery.form.js HTTP/1.1" 304 -
114.85.125.222 - - [07/Nov/2021:09:24:09 +0800] "GET /xingrg/javascript/jquery.utils.js HTTP/1.1" 304 -
114.85.125.222 - - [07/Nov/2021:09:24:09 +0800] "GET /xingrg/javascript/jquery.timers.js HTTP/1.1" 304 -
114.85.125.222 - - [07/Nov/2021:09:24:09 +0800] "GET /xingrg/images/blue/jxLogo.png HTTP/1.1" 304 -
114.85.125.222 - - [07/Nov/2021:09:24:09 +0800] "GET /xingrg/images/blue/navBackgound.jpg HTTP/1.1" 304 -
114.85.125.222 - - [07/Nov/2021:09:24:09 +0800] "GET /xingrg/javascript/jquery_easy_ui/themes/icons/settle_new.png HTTP/1.1" 304 -
114.85.125.222 - - [07/Nov/2021:09:24:09 +0800] "GET /xingrg/images/blue/pingpu.png HTTP/1.1" 304 -
114.85.125.222 - - [07/Nov/2021:09:24:09 +0800] "POST /xingrg/all/common/load_tree.html?tree=area_rest_tree_json&manage=1 HTTP/1.1" 200 476
114.85.125.222 - - [07/Nov/2021:09:24:09 +0800] "GET /xingrg/javascript/jquery_easy_ui/themes/default/images/tabs_leftarrow.png HTTP/1.1" 304 -
114.85.125.222 - - [07/Nov/2021:09:24:09 +0800] "GET /xingrg/javascript/jquery_easy_ui/themes/default/images/tabs_rightarrow.png HTTP/1.1" 304 -
114.85.125.222 - - [07/Nov/2021:09:24:09 +0800] "GET /xingrg/javascript/jquery_easy_ui/themes/default/images/panel_tool_collapse.gif HTTP/1.1" 304 -
114.85.125.222 - - [07/Nov/2021:09:24:09 +0800] "GET /xingrg/all/function/internal_message.html?_=1636248177848&CODE_STATE=count HTTP/1.1" 200 11
114.85.125.222 - - [07/Nov/2021:09:24:09 +0800] "GET /xingrg/check_reg.html?_=1636248177848 HTTP/1.1" 200 22
114.85.125.222 - - [07/Nov/2021:09:24:09 +0800] "POST /xingrg/load_menu.html HTTP/1.1" 200 5138
116.227.210.113 - - [07/Nov/2021:09:24:09 +0800] "GET /xingrg/all/function/internal_message.html?_=1636248237456&CODE_STATE=getMsg HTTP/1.1" 200 27
222.70.176.97 - - [07/Nov/2021:09:24:10 +0800] "GET /xingrg/all/function/internal_message.html?_=1636248247334&CODE_STATE=getMsg HTTP/1.1" 200 27
222.70.176.97 - - [07/Nov/2021:09:24:10 +0800] "POST /xingrg/kc/buy/cgsh_order_operate.html HTTP/1.1" 200 37
116.238.248.233 - - [07/Nov/2021:09:24:11 +0800] "GET /xingrg/all/function/internal_message.html?_=1636248251575&CODE_STATE=getMsg HTTP/1.1" 200 27
124.78.153.86 - - [07/Nov/2021:09:24:11 +0800] "GET /xingrg/kc/buy/cgsh_order_operate.html?command=get_materiel&rest_code=00106&code=00101008036&supplier_code=00100007&order_time=2021-11-07 HTTP/1.1" 200 408
114.85.125.222 - - [07/Nov/2021:09:24:11 +0800] "GET /xingrg/kc/buy/cgsh_order_list.html HTTP/1.1" 200 48947
222.70.176.97 - - [07/Nov/2021:09:24:11 +0800] "POST /xingrg/kc/buy/cgsh_order_operate.html HTTP/1.1" 200 18102
172.20.0.100 - - [07/Nov/2021:09:24:13 +0800] "GET /xingrg/check_reg.html?_=1636248250923 HTTP/1.1" 200 22
222.70.176.97 - - [07/Nov/2021:09:24:13 +0800] "GET /xingrg/kc/print/load_data.html?order_code=212021110702728&kc_code=cgsh&condition= HTTP/1.1" 200 6587
114.85.125.222 - - [07/Nov/2021:09:24:14 +0800] "POST /xingrg/kc/buy/cgsh_list_operate.html HTTP/1.1" 200 2088
114.85.125.222 - - [07/Nov/2021:09:24:17 +0800] "GET /xingrg/kc/buy/cgsh_order_add.html HTTP/1.1" 200 64653
114.85.125.222 - - [07/Nov/2021:09:24:17 +0800] "POST /xingrg/kc/buy/cgsh_order_operate.html HTTP/1.1" 200 8245
114.85.125.222 - - [07/Nov/2021:09:24:18 +0800] "GET /xingrg/javascript/easyui/themes/default/validatebox.css HTTP/1.1" 404 1104
114.85.125.222 - - [07/Nov/2021:09:24:21 +0800] "GET /xingrg/javascript/auto/indicator.gif HTTP/1.1" 404 1066
120.253.135.82 - - [07/Nov/2021:09:24:22 +0800] "GET /xingrg/all/function/internal_message.html?_=1636248222606&CODE_STATE=getMsg HTTP/1.1" 200 27
114.86.228.117 - - [07/Nov/2021:09:24:23 +0800] "GET /xingrg/all/function/internal_message.html?_=1636248265411&CODE_STATE=getMsg HTTP/1.1" 200 27
124.78.153.86 - - [07/Nov/2021:09:24:24 +0800] "GET /xingrg/kc/buy/cgsh_order_operate.html?command=get_materiel&rest_code=00106&code=00101008352&supplier_code=00100007&order_time=2021-11-07 HTTP/1.1" 200 412
180.169.147.146 - - [07/Nov/2021:09:24:27 +0800] "GET /xingrg/all/function/internal_message.html?_=1636248269221&CODE_STATE=getMsg HTTP/1.1" 200 27
114.85.125.222 - - [07/Nov/2021:09:24:28 +0800] "GET /xingrg/kc/buy/cgsh_order_operate.html?command=get_materiel&rest_code=00150&code=00101011005&supplier_code=00100047&order_time=2021-11-07 HTTP/1.1" 200 428
180.157.253.6 - - [07/Nov/2021:09:24:31 +0800] "GET /xingrg/all/function/internal_message.html?_=1636248272937&CODE_STATE=getMsg HTTP/1.1" 200 27
124.78.153.86 - - [07/Nov/2021:09:24:34 +0800] "GET /xingrg/kc/buy/cgsh_order_operate.html?command=get_materiel&rest_code=00106&code=00101008005&supplier_code=00100007&order_time=2021-11-07 HTTP/1.1" 200 412
116.227.210.113 - - [07/Nov/2021:09:24:35 +0800] "GET /xingrg/kc/buy/cgsh_order_add.html HTTP/1.1" 200 64688
116.227.210.113 - - [07/Nov/2021:09:24:35 +0800] "POST /xingrg/kc/buy/cgsh_order_operate.html HTTP/1.1" 200 8245
116.227.210.113 - - [07/Nov/2021:09:24:35 +0800] "GET /xingrg/javascript/easyui/themes/default/validatebox.css HTTP/1.1" 404 1104
114.85.125.222 - - [07/Nov/2021:09:24:38 +0800] "GET /xingrg/kc/buy/cgsh_order_operate.html?command=get_materiel&rest_code=00150&code=00101011004&supplier_code=00100047&order_time=2021-11-07 HTTP/1.1" 200 412
222.70.171.86 - - [07/Nov/2021:09:24:40 +0800] "GET /xingrg/all/function/internal_message.html?_=1636248283314&CODE_STATE=getMsg HTTP/1.1" 302 -
222.70.171.86 - - [07/Nov/2021:09:24:42 +0800] "GET /xingrg/all/function/internal_message.html?_=1636248283870&CODE_STATE=getMsg HTTP/1.1" 200 27
116.227.210.113 - - [07/Nov/2021:09:24:44 +0800] "GET /xingrg/kc/buy/cgsh_order_operate.html?command=get_materiel&rest_code=00155&code=00101008149&supplier_code=00100005&order_time=2021-11-07 HTTP/1.1" 200 408
124.78.153.86 - - [07/Nov/2021:09:24:47 +0800] "GET /xingrg/kc/buy/cgsh_order_operate.html?command=get_materiel&rest_code=00106&code=00101008353&supplier_code=00100007&order_time=2021-11-07 HTTP/1.1" 200 408
114.85.125.222 - - [07/Nov/2021:09:24:51 +0800] "POST /xingrg/kc/buy/cgsh_order_operate.html HTTP/1.1" 200 37
116.227.210.113 - - [07/Nov/2021:09:24:54 +0800] "GET /xingrg/kc/buy/cgsh_order_operate.html?command=get_materiel&rest_code=00155&code=00101008141&supplier_code=00100005&order_time=2021-11-07 HTTP/1.1" 200 412
124.78.153.86 - - [07/Nov/2021:09:24:54 +0800] "POST /xingrg/kc/buy/cgsh_order_operate.html HTTP/1.1" 200 2065
114.85.125.222 - - [07/Nov/2021:09:24:55 +0800] "POST /xingrg/kc/buy/cgsh_order_operate.html HTTP/1.1" 200 12
124.78.153.86 - - [07/Nov/2021:09:24:56 +0800] "GET /xingrg/check_reg.html?_=1636248303626 HTTP/1.1" 200 22
124.78.153.86 - - [07/Nov/2021:09:24:56 +0800] "GET /xingrg/all/function/internal_message.html?_=1636248303627&CODE_STATE=getMsg HTTP/1.1" 200 27
114.85.125.222 - - [07/Nov/2021:09:24:56 +0800] "GET /xingrg/kc/buy/cgsh_order_info.html?code=212021110702729 HTTP/1.1" 200 59566
114.85.125.222 - - [07/Nov/2021:09:24:57 +0800] "GET /xingrg/javascript/easyui/themes/default/validatebox.css HTTP/1.1" 404 1104
120.253.135.82 - - [07/Nov/2021:09:24:57 +0800] "GET /xingrg/all/function/internal_message.html?_=1636248068524&CODE_STATE=getMsg HTTP/1.1" 200 27
114.85.125.222 - - [07/Nov/2021:09:24:57 +0800] "POST /xingrg/kc/buy/cgsh_order_operate.html HTTP/1.1" 200 1197
114.85.125.222 - - [07/Nov/2021:09:24:59 +0800] "GET /xingrg/kc/print/load_data.html?order_code=212021110702729&kc_code=cgsh&condition= HTTP/1.1" 200 1007
116.227.210.113 - - [07/Nov/2021:09:25:01 +0800] "GET /xingrg/kc/buy/cgsh_order_operate.html?command=get_materiel&rest_code=00155&code=00101008321&supplier_code=00100005&order_time=2021-11-07 HTTP/1.1" 200 412
114.85.125.222 - - [07/Nov/2021:09:25:04 +0800] "GET /xingrg/kc/buy/cgsh_order_add.html HTTP/1.1" 200 64653
120.253.135.82 - - [07/Nov/2021:09:25:04 +0800] "GET /xingrg/all/function/internal_message.html?_=1636247883576&CODE_STATE=getMsg HTTP/1.1" 200 27
114.85.125.222 - - [07/Nov/2021:09:25:04 +0800] "POST /xingrg/kc/buy/cgsh_order_operate.html HTTP/1.1" 200 8245
114.85.125.222 - - [07/Nov/2021:09:25:04 +0800] "GET /xingrg/javascript/easyui/themes/default/validatebox.css HTTP/1.1" 404 1104
222.70.171.86 - - [07/Nov/2021:09:25:05 +0800] "GET /xingrg/check_reg.html?_=1636248306358 HTTP/1.1" 200 22
124.78.153.86 - - [07/Nov/2021:09:25:05 +0800] "GET /xingrg/kc/buy/cgsh_order_operate.html?command=get_materiel&rest_code=00106&code=00101008010&supplier_code=00100007&order_time=2021-11-07 HTTP/1.1" 200 412
58.39.139.200 - - [07/Nov/2021:09:25:05 +0800] "GET /xingrg/all/function/internal_message.html?_=1636248305613&CODE_STATE=getMsg HTTP/1.1" 200 27
116.227.210.113 - - [07/Nov/2021:09:25:08 +0800] "GET /xingrg/kc/buy/cgsh_order_operate.html?command=get_materiel&rest_code=00155&code=00101008005&supplier_code=00100005&order_time=2021-11-07 HTTP/1.1" 200 412
114.85.125.222 - - [07/Nov/2021:09:25:09 +0800] "GET /xingrg/all/function/internal_message.html?_=1636248237858&CODE_STATE=getMsg HTTP/1.1" 200 27
116.227.210.113 - - [07/Nov/2021:09:25:09 +0800] "GET /xingrg/all/function/internal_message.html?_=1636248297441&CODE_STATE=getMsg HTTP/1.1" 200 27
116.227.210.113 - - [07/Nov/2021:09:25:09 +0800] "GET /xingrg/check_reg.html?_=1636248297444 HTTP/1.1" 200 22
222.70.176.97 - - [07/Nov/2021:09:25:10 +0800] "GET /xingrg/all/function/internal_message.html?_=1636248307330&CODE_STATE=getMsg HTTP/1.1" 200 27
116.238.248.233 - - [07/Nov/2021:09:25:11 +0800] "GET /xingrg/all/function/internal_message.html?_=1636248311579&CODE_STATE=getMsg HTTP/1.1" 200 27
116.227.210.113 - - [07/Nov/2021:09:25:13 +0800] "GET /xingrg/kc/buy/cgsh_order_operate.html?command=get_materiel&rest_code=00155&code=00101008298&supplier_code=00100005&order_time=2021-11-07 HTTP/1.1" 200 412
114.85.125.222 - - [07/Nov/2021:09:25:14 +0800] "GET /xingrg/kc/buy/cgsh_order_operate.html?command=get_materiel&rest_code=00150&code=00101015016&supplier_code=00100054&order_time=2021-11-07 HTTP/1.1" 200 412
124.78.153.86 - - [07/Nov/2021:09:25:19 +0800] "GET /xingrg/kc/buy/cgsh_order_operate.html?command=get_materiel&rest_code=00106&code=00101008298&supplier_code=00100007&order_time=2021-11-07 HTTP/1.1" 200 412
116.227.210.113 - - [07/Nov/2021:09:25:20 +0800] "GET /xingrg/kc/buy/cgsh_order_operate.html?command=get_materiel&rest_code=00155&code=00101008261&supplier_code=00100005&order_time=2021-11-07 HTTP/1.1" 200 408
120.253.135.82 - - [07/Nov/2021:09:25:23 +0800] "GET /xingrg/all/function/internal_message.html?_=1636248282614&CODE_STATE=getMsg HTTP/1.1" 200 27
114.86.228.117 - - [07/Nov/2021:09:25:23 +0800] "GET /xingrg/all/function/internal_message.html?_=1636248325413&CODE_STATE=getMsg HTTP/1.1" 200 27
114.85.125.222 - - [07/Nov/2021:09:25:24 +0800] "GET /xingrg/kc/buy/cgsh_order_operate.html?command=get_materiel&rest_code=00150&code=00101015076&supplier_code=00100054&order_time=2021-11-07 HTTP/1.1" 200 416
116.227.210.113 - - [07/Nov/2021:09:25:27 +0800] "GET /xingrg/kc/buy/cgsh_order_operate.html?command=get_materiel&rest_code=00155&code=00101008096&supplier_code=00100005&order_time=2021-11-07 HTTP/1.1" 200 412
180.169.147.146 - - [07/Nov/2021:09:25:27 +0800] "GET /xingrg/all/function/internal_message.html?_=1636248329225&CODE_STATE=getMsg HTTP/1.1" 200 27
124.78.153.86 - - [07/Nov/2021:09:25:30 +0800] "GET /xingrg/kc/buy/cgsh_order_operate.html?command=get_materiel&rest_code=00106&code=00101008283&supplier_code=00100007&order_time=2021-11-07 HTTP/1.1" 200 408
180.157.253.6 - - [07/Nov/2021:09:25:31 +0800] "GET /xingrg/all/function/internal_message.html?_=1636248332909&CODE_STATE=getMsg HTTP/1.1" 200 27
116.227.210.113 - - [07/Nov/2021:09:25:31 +0800] "GET /xingrg/kc/buy/cgsh_order_operate.html?command=get_materiel&rest_code=00155&code=00101008290&supplier_code=00100005&order_time=2021-11-07 HTTP/1.1" 200 416
114.85.125.222 - - [07/Nov/2021:09:25:34 +0800] "GET /xingrg/kc/buy/cgsh_order_operate.html?command=get_materiel&rest_code=00150&code=00101015062&supplier_code=00100054&order_time=2021-11-07 HTTP/1.1" 200 412
116.227.210.113 - - [07/Nov/2021:09:25:39 +0800] "GET /xingrg/kc/buy/cgsh_order_operate.html?command=get_materiel&rest_code=00155&code=00101008101&supplier_code=00100005&order_time=2021-11-07 HTTP/1.1" 200 412
222.70.171.86 - - [07/Nov/2021:09:25:40 +0800] "GET /xingrg/all/function/internal_message.html?_=1636248343337&CODE_STATE=getMsg HTTP/1.1" 302 -
124.78.153.86 - - [07/Nov/2021:09:25:41 +0800] "GET /xingrg/kc/buy/cgsh_order_operate.html?command=get_materiel&rest_code=00106&code=00101008182&supplier_code=00100007&order_time=2021-11-07 HTTP/1.1" 200 412
222.70.171.86 - - [07/Nov/2021:09:25:42 +0800] "GET /xingrg/all/function/internal_message.html?_=1636248343870&CODE_STATE=getMsg HTTP/1.1" 200 27
116.227.210.113 - - [07/Nov/2021:09:25:44 +0800] "GET /xingrg/kc/buy/cgsh_order_operate.html?command=get_materiel&rest_code=00155&code=00101008361&supplier_code=00100005&order_time=2021-11-07 HTTP/1.1" 200 408
114.85.125.222 - - [07/Nov/2021:09:25:44 +0800] "GET /xingrg/kc/buy/cgsh_order_operate.html?command=get_materiel&rest_code=00150&code=00101015021&supplier_code=00100054&order_time=2021-11-07 HTTP/1.1" 200 408
116.227.210.113 - - [07/Nov/2021:09:25:49 +0800] "GET /xingrg/kc/buy/cgsh_order_operate.html?command=get_materiel&rest_code=00155&code=00101008355&supplier_code=00100005&order_time=2021-11-07 HTTP/1.1" 200 408
124.78.153.86 - - [07/Nov/2021:09:25:53 +0800] "GET /xingrg/kc/buy/cgsh_order_operate.html?command=get_materiel&rest_code=00106&code=00101008114&supplier_code=00100007&order_time=2021-11-07 HTTP/1.1" 200 413
114.85.125.222 - - [07/Nov/2021:09:25:54 +0800] "GET /xingrg/kc/buy/cgsh_order_operate.html?command=get_materiel&rest_code=00150&code=00101015026&supplier_code=00100054&order_time=2021-11-07 HTTP/1.1" 200 412
124.78.153.86 - - [07/Nov/2021:09:25:55 +0800] "POST /xingrg/kc/buy/cgsh_order_operate.html HTTP/1.1" 200 2065
116.227.210.113 - - [07/Nov/2021:09:25:55 +0800] "GET /xingrg/kc/buy/cgsh_order_operate.html?command=get_materiel&rest_code=00155&code=00101008264&supplier_code=00100005&order_time=2021-11-07 HTTP/1.1" 200 412
124.78.153.86 - - [07/Nov/2021:09:25:56 +0800] "GET /xingrg/all/function/internal_message.html?_=1636248363632&CODE_STATE=getMsg HTTP/1.1" 200 27
120.253.135.82 - - [07/Nov/2021:09:25:57 +0800] "GET /xingrg/all/function/internal_message.html?_=1636248128688&CODE_STATE=getMsg HTTP/1.1" 200 27
116.227.210.113 - - [07/Nov/2021:09:26:01 +0800] "GET /xingrg/kc/buy/cgsh_order_operate.html?command=get_materiel&rest_code=00155&code=00101008024&supplier_code=00100005&order_time=2021-11-07 HTTP/1.1" 200 408
120.253.135.82 - - [07/Nov/2021:09:26:04 +0800] "GET /xingrg/all/function/internal_message.html?_=1636247943575&CODE_STATE=getMsg HTTP/1.1" 200 27
114.85.125.222 - - [07/Nov/2021:09:26:05 +0800] "GET /xingrg/kc/buy/cgsh_order_operate.html?command=get_materiel&rest_code=00150&code=00101015022&supplier_code=00100054&order_time=2021-11-07 HTTP/1.1" 200 408
58.39.139.200 - - [07/Nov/2021:09:26:05 +0800] "GET /xingrg/all/function/internal_message.html?_=1636248365585&CODE_STATE=getMsg HTTP/1.1" 200 27
116.227.210.113 - - [07/Nov/2021:09:26:06 +0800] "GET /xingrg/kc/buy/cgsh_order_operate.html?command=get_materiel&rest_code=00155&code=00101008356&supplier_code=00100005&order_time=2021-11-07 HTTP/1.1" 200 409
58.39.139.200 - - [07/Nov/2021:09:26:09 +0800] "GET /xingrg/kc/buy/cgsh_order_add.html HTTP/1.1" 200 64764
114.85.125.222 - - [07/Nov/2021:09:26:09 +0800] "GET /xingrg/all/function/internal_message.html?_=1636248297874&CODE_STATE=getMsg HTTP/1.1" 200 27
58.39.139.200 - - [07/Nov/2021:09:26:09 +0800] "POST /xingrg/kc/buy/cgsh_order_operate.html HTTP/1.1" 200 8245
58.39.139.200 - - [07/Nov/2021:09:26:09 +0800] "GET /xingrg/javascript/easyui/themes/default/validatebox.css HTTP/1.1" 404 1104
222.70.176.97 - - [07/Nov/2021:09:26:09 +0800] "GET /xingrg/check_reg.html?_=1636248367065 HTTP/1.1" 200 22
116.227.210.113 - - [07/Nov/2021:09:26:09 +0800] "GET /xingrg/all/function/internal_message.html?_=1636248357450&CODE_STATE=getMsg HTTP/1.1" 200 27
222.70.176.97 - - [07/Nov/2021:09:26:10 +0800] "GET /xingrg/all/function/internal_message.html?_=1636248367301&CODE_STATE=getMsg HTTP/1.1" 200 27
124.78.153.86 - - [07/Nov/2021:09:26:11 +0800] "GET /xingrg/kc/buy/cgsh_order_operate.html?command=get_materiel&rest_code=00106&code=00101008403&supplier_code=00100007&order_time=2021-11-07 HTTP/1.1" 200 412
58.39.139.200 - - [07/Nov/2021:09:26:11 +0800] "GET /xingrg/javascript/easyui/themes/default/tree.css HTTP/1.1" 404 1090
58.39.139.200 - - [07/Nov/2021:09:26:11 +0800] "POST /xingrg/all/common/load_tree.html?tree=supplier_tree_json&isDelete=1 HTTP/1.1" 200 60167
116.238.248.233 - - [07/Nov/2021:09:26:11 +0800] "GET /xingrg/all/function/internal_message.html?_=1636248371660&CODE_STATE=getMsg HTTP/1.1" 200 27
114.85.125.222 - - [07/Nov/2021:09:26:13 +0800] "POST /xingrg/kc/buy/cgsh_order_operate.html HTTP/1.1" 200 37
114.85.125.222 - - [07/Nov/2021:09:26:17 +0800] "POST /xingrg/kc/buy/cgsh_order_operate.html HTTP/1.1" 200 12
114.85.125.222 - - [07/Nov/2021:09:26:18 +0800] "GET /xingrg/kc/buy/cgsh_order_info.html?code=212021110702730 HTTP/1.1" 200 59564
114.85.125.222 - - [07/Nov/2021:09:26:18 +0800] "GET /xingrg/javascript/easyui/themes/default/validatebox.css HTTP/1.1" 404 1104
116.238.248.233 - - [07/Nov/2021:09:26:19 +0800] "POST /xingrg/kc/buy/cgsh_order_operate.html HTTP/1.1" 200 37
114.85.125.222 - - [07/Nov/2021:09:26:19 +0800] "POST /xingrg/kc/buy/cgsh_order_operate.html HTTP/1.1" 200 3553
120.253.135.82 - - [07/Nov/2021:09:26:20 +0800] "GET /xingrg/check_reg.html?_=1636248339709 HTTP/1.1" 200 22
114.85.125.222 - - [07/Nov/2021:09:26:20 +0800] "GET /xingrg/kc/print/load_data.html?order_code=212021110702730&kc_code=cgsh&condition= HTTP/1.1" 200 1842
116.238.248.233 - - [07/Nov/2021:09:26:22 +0800] "POST /xingrg/kc/buy/cgsh_order_operate.html HTTP/1.1" 200 12
116.238.248.233 - - [07/Nov/2021:09:26:22 +0800] "GET /xingrg/kc/buy/cgsh_order_info.html?code=212021110702719 HTTP/1.1" 200 59242
120.253.135.82 - - [07/Nov/2021:09:26:23 +0800] "GET /xingrg/all/function/internal_message.html?_=1636248342628&CODE_STATE=getMsg HTTP/1.1" 200 27
58.39.139.200 - - [07/Nov/2021:09:26:23 +0800] "GET /xingrg/kc/buy/cgsh_order_operate.html?command=get_materiel&rest_code=00105&code=00101011010&supplier_code=00100052&order_time=2021-11-07 HTTP/1.1" 200 418
116.238.248.233 - - [07/Nov/2021:09:26:23 +0800] "GET /xingrg/javascript/easyui/themes/default/validatebox.css HTTP/1.1" 404 1104
116.238.248.233 - - [07/Nov/2021:09:26:23 +0800] "POST /xingrg/kc/buy/cgsh_order_operate.html HTTP/1.1" 200 20924
114.86.228.117 - - [07/Nov/2021:09:26:24 +0800] "GET /xingrg/all/function/internal_message.html?_=1636248385415&CODE_STATE=getMsg HTTP/1.1" 200 27
116.238.248.233 - - [07/Nov/2021:09:26:25 +0800] "GET /xingrg/kc/print/load_data.html?order_code=212021110702719&kc_code=cgsh&condition= HTTP/1.1" 200 8598
116.227.210.113 - - [07/Nov/2021:09:26:27 +0800] "GET /xingrg/kc/buy/cgsh_order_operate.html?command=get_materiel&rest_code=00155&code=00101008362&supplier_code=00100005&order_time=2021-11-07 HTTP/1.1" 200 408
180.169.147.146 - - [07/Nov/2021:09:26:27 +0800] "GET /xingrg/all/function/internal_message.html?_=1636248389227&CODE_STATE=getMsg HTTP/1.1" 200 27
114.85.125.222 - - [07/Nov/2021:09:26:28 +0800] "POST /xingrg/kc/buy/cgsh_list_operate.html HTTP/1.1" 200 587
114.85.125.222 - - [07/Nov/2021:09:26:28 +0800] "GET /xingrg/kc/buy/cgsh_order_info.html?code=212021110702715 HTTP/1.1" 200 64662
114.85.125.222 - - [07/Nov/2021:09:26:29 +0800] "GET /xingrg/javascript/easyui/themes/default/validatebox.css HTTP/1.1" 404 1104
114.85.125.222 - - [07/Nov/2021:09:26:29 +0800] "POST /xingrg/kc/buy/cgsh_order_operate.html HTTP/1.1" 200 6222
116.232.33.195 - - [07/Nov/2021:09:26:29 +0800] "POST /xingrg/services/DataTransmitService HTTP/1.1" 200 524
116.232.33.195 - - [07/Nov/2021:09:26:30 +0800] "POST /xingrg/services/DataTransmitService HTTP/1.1" 200 501
180.157.253.6 - - [07/Nov/2021:09:26:31 +0800] "GET /xingrg/all/function/internal_message.html?_=1636248392879&CODE_STATE=getMsg HTTP/1.1" 200 27
58.39.139.200 - - [07/Nov/2021:09:26:32 +0800] "POST /xingrg/kc/buy/cgsh_order_operate.html HTTP/1.1" 200 37
124.78.153.86 - - [07/Nov/2021:09:26:32 +0800] "GET /xingrg/kc/buy/cgsh_order_operate.html?command=get_materiel&rest_code=00106&code=00101008125&supplier_code=00100007&order_time=2021-11-07 HTTP/1.1" 200 413
58.39.139.200 - - [07/Nov/2021:09:26:33 +0800] "POST /xingrg/kc/buy/cgsh_order_operate.html HTTP/1.1" 200 2665
116.227.210.113 - - [07/Nov/2021:09:26:33 +0800] "GET /xingrg/kc/buy/cgsh_order_operate.html?command=get_materiel&rest_code=00155&code=00101008196&supplier_code=00100005&order_time=2021-11-07 HTTP/1.1" 200 416
58.39.139.200 - - [07/Nov/2021:09:26:34 +0800] "GET /xingrg/kc/print/load_data.html?order_code=212021110702731&kc_code=cgsh&condition= HTTP/1.1" 200 719
116.227.210.113 - - [07/Nov/2021:09:26:40 +0800] "GET /xingrg/kc/buy/cgsh_order_operate.html?command=get_materiel&rest_code=00155&code=00101008197&supplier_code=00100005&order_time=2021-11-07 HTTP/1.1" 200 416
222.70.171.86 - - [07/Nov/2021:09:26:40 +0800] "GET /xingrg/all/function/internal_message.html?_=1636248403342&CODE_STATE=getMsg HTTP/1.1" 302 -
222.70.171.86 - - [07/Nov/2021:09:26:42 +0800] "GET /xingrg/all/function/internal_message.html?_=1636248403885&CODE_STATE=getMsg HTTP/1.1" 200 27
124.78.153.86 - - [07/Nov/2021:09:26:43 +0800] "GET /xingrg/kc/buy/cgsh_order_operate.html?command=get_materiel&rest_code=00106&code=00101008131&supplier_code=00100007&order_time=2021-11-07 HTTP/1.1" 200 408
116.227.210.113 - - [07/Nov/2021:09:26:44 +0800] "GET /xingrg/kc/buy/cgsh_order_operate.html?command=get_materiel&rest_code=00155&code=00101008006&supplier_code=00100005&order_time=2021-11-07 HTTP/1.1" 200 416
120.253.135.82 - - [07/Nov/2021:09:26:48 +0800] "GET /xingrg/check_reg.html?_=1636248179519 HTTP/1.1" 200 22
116.227.210.113 - - [07/Nov/2021:09:26:49 +0800] "GET /xingrg/kc/buy/cgsh_order_operate.html?command=get_materiel&rest_code=00155&code=00101008036&supplier_code=00100005&order_time=2021-11-07 HTTP/1.1" 200 408
116.227.210.113 - - [07/Nov/2021:09:26:51 +0800] "POST /xingrg/kc/buy/cgsh_order_operate.html HTTP/1.1" 200 2065
116.227.210.113 - - [07/Nov/2021:09:26:54 +0800] "GET /xingrg/kc/buy/cgsh_order_operate.html?command=get_materiel&rest_code=00155&code=00101008131&supplier_code=00100005&order_time=2021-11-07 HTTP/1.1" 200 408
124.78.153.86 - - [07/Nov/2021:09:26:56 +0800] "GET /xingrg/all/function/internal_message.html?_=1636248423630&CODE_STATE=getMsg HTTP/1.1" 200 27
120.253.135.82 - - [07/Nov/2021:09:26:57 +0800] "GET /xingrg/all/function/internal_message.html?_=1636248188692&CODE_STATE=getMsg HTTP/1.1" 200 27
116.227.210.113 - - [07/Nov/2021:09:26:59 +0800] "GET /xingrg/kc/buy/cgsh_order_operate.html?command=get_materiel&rest_code=00155&code=00101008371&supplier_code=00100005&order_time=2021-11-07 HTTP/1.1" 200 412
120.253.135.82 - - [07/Nov/2021:09:27:04 +0800] "GET /xingrg/all/function/internal_message.html?_=1636248003578&CODE_STATE=getMsg HTTP/1.1" 200 27
116.227.210.113 - - [07/Nov/2021:09:27:05 +0800] "GET /xingrg/kc/buy/cgsh_order_operate.html?command=get_materiel&rest_code=00155&code=00101008353&supplier_code=00100005&order_time=2021-11-07 HTTP/1.1" 200 408
58.39.139.200 - - [07/Nov/2021:09:27:05 +0800] "GET /xingrg/all/function/internal_message.html?_=1636248425575&CODE_STATE=getMsg HTTP/1.1" 200 27
58.39.139.200 - - [07/Nov/2021:09:27:06 +0800] "GET /xingrg/check_reg.html?_=1636248426357 HTTP/1.1" 200 22
114.85.125.222 - - [07/Nov/2021:09:27:09 +0800] "GET /xingrg/all/function/internal_message.html?_=1636248357924&CODE_STATE=getMsg HTTP/1.1" 200 27
116.227.210.113 - - [07/Nov/2021:09:27:09 +0800] "GET /xingrg/all/function/internal_message.html?_=1636248417447&CODE_STATE=getMsg HTTP/1.1" 200 27
222.70.176.97 - - [07/Nov/2021:09:27:10 +0800] "GET /xingrg/all/function/internal_message.html?_=1636248427285&CODE_STATE=getMsg HTTP/1.1" 200 27
116.227.210.113 - - [07/Nov/2021:09:27:11 +0800] "GET /xingrg/kc/buy/cgsh_order_operate.html?command=get_materiel&rest_code=00155&code=00101008213&supplier_code=00100005&order_time=2021-11-07 HTTP/1.1" 200 412
116.238.248.233 - - [07/Nov/2021:09:27:11 +0800] "GET /xingrg/all/function/internal_message.html?_=1636248431640&CODE_STATE=getMsg HTTP/1.1" 200 27
222.70.176.97 - - [07/Nov/2021:09:27:12 +0800] "GET /xingrg/kc/buy/cgsh_order_add.html HTTP/1.1" 200 64720
222.70.176.97 - - [07/Nov/2021:09:27:12 +0800] "POST /xingrg/kc/buy/cgsh_order_operate.html HTTP/1.1" 200 8245
222.70.176.97 - - [07/Nov/2021:09:27:12 +0800] "GET /xingrg/javascript/easyui/themes/default/validatebox.css HTTP/1.1" 404 1104
124.78.153.86 - - [07/Nov/2021:09:27:15 +0800] "POST /xingrg/kc/buy/cgsh_order_operate.html HTTP/1.1" 200 37
116.227.210.113 - - [07/Nov/2021:09:27:17 +0800] "GET /xingrg/kc/buy/cgsh_order_operate.html?command=get_materiel&rest_code=00155&code=00101008095&supplier_code=00100005&order_time=2021-11-07 HTTP/1.1" 200 412
124.78.153.86 - - [07/Nov/2021:09:27:17 +0800] "POST /xingrg/kc/buy/cgsh_order_operate.html HTTP/1.1" 200 21554
116.227.210.113 - - [07/Nov/2021:09:27:18 +0800] "POST /xingrg/kc/buy/cgsh_order_operate.html HTTP/1.1" 200 2065
116.227.210.113 - - [07/Nov/2021:09:27:22 +0800] "GET /xingrg/kc/buy/cgsh_order_operate.html?command=get_materiel&rest_code=00155&code=00101008110&supplier_code=00100005&order_time=2021-11-07 HTTP/1.1" 200 409
120.253.135.82 - - [07/Nov/2021:09:27:23 +0800] "GET /xingrg/all/function/internal_message.html?_=1636248402641&CODE_STATE=getMsg HTTP/1.1" 200 27
222.70.176.97 - - [07/Nov/2021:09:27:23 +0800] "GET /xingrg/kc/buy/cgsh_order_operate.html?command=get_materiel&rest_code=00111&code=00101002027&supplier_code=00100199&order_time=2021-11-07 HTTP/1.1" 200 413
114.86.228.117 - - [07/Nov/2021:09:27:23 +0800] "GET /xingrg/all/function/internal_message.html?_=1636248445417&CODE_STATE=getMsg HTTP/1.1" 200 27
114.86.228.117 - - [07/Nov/2021:09:27:23 +0800] "GET /xingrg/check_reg.html?_=1636248445419 HTTP/1.1" 200 22
114.85.125.222 - - [07/Nov/2021:09:27:25 +0800] "POST /xingrg/kc/buy/cgsh_order_operate.html HTTP/1.1" 200 37
116.227.210.113 - - [07/Nov/2021:09:27:27 +0800] "GET /xingrg/kc/buy/cgsh_order_operate.html?command=get_materiel&rest_code=00155&code=00101008283&supplier_code=00100005&order_time=2021-11-07 HTTP/1.1" 200 408
180.169.147.146 - - [07/Nov/2021:09:27:27 +0800] "GET /xingrg/all/function/internal_message.html?_=1636248449229&CODE_STATE=getMsg HTTP/1.1" 200 27
114.85.125.222 - - [07/Nov/2021:09:27:28 +0800] "POST /xingrg/kc/buy/cgsh_order_operate.html HTTP/1.1" 200 12
222.70.171.86 - - [07/Nov/2021:09:27:29 +0800] "GET /xingrg/check_reg.html?_=1636248451731 HTTP/1.1" 302 -
114.85.125.222 - - [07/Nov/2021:09:27:30 +0800] "GET /xingrg/kc/buy/cgsh_order_info.html?code=212021110702715 HTTP/1.1" 200 59566
114.85.125.222 - - [07/Nov/2021:09:27:30 +0800] "GET /xingrg/javascript/easyui/themes/default/validatebox.css HTTP/1.1" 404 1104
114.85.125.222 - - [07/Nov/2021:09:27:31 +0800] "POST /xingrg/kc/buy/cgsh_order_operate.html HTTP/1.1" 200 4167
180.157.253.6 - - [07/Nov/2021:09:27:31 +0800] "GET /xingrg/all/function/internal_message.html?_=1636248452863&CODE_STATE=getMsg HTTP/1.1" 200 27
116.227.210.113 - - [07/Nov/2021:09:27:32 +0800] "GET /xingrg/kc/buy/cgsh_order_operate.html?command=get_materiel&rest_code=00155&code=00101008558&supplier_code=00100005&order_time=2021-11-07 HTTP/1.1" 200 397
222.70.171.86 - - [07/Nov/2021:09:27:40 +0800] "GET /xingrg/all/function/internal_message.html?_=1636248463362&CODE_STATE=getMsg HTTP/1.1" 302 -
222.70.171.86 - - [07/Nov/2021:09:27:42 +0800] "GET /xingrg/all/function/internal_message.html?_=1636248464026&CODE_STATE=getMsg HTTP/1.1" 200 27
222.70.176.97 - - [07/Nov/2021:09:27:45 +0800] "GET /xingrg/kc/buy/cgsh_order_operate.html?command=get_materiel&rest_code=00111&code=00101002016&supplier_code=00100199&order_time=2021-11-07 HTTP/1.1" 200 413
116.227.210.113 - - [07/Nov/2021:09:27:46 +0800] "GET /xingrg/kc/buy/cgsh_order_operate.html?command=get_materiel&rest_code=00155&code=00101008223&supplier_code=00100005&order_time=2021-11-07 HTTP/1.1" 200 412
116.227.210.113 - - [07/Nov/2021:09:27:48 +0800] "POST /xingrg/kc/buy/cgsh_order_operate.html HTTP/1.1" 200 2065
116.227.210.113 - - [07/Nov/2021:09:27:51 +0800] "GET /xingrg/kc/buy/cgsh_order_operate.html?command=get_materiel&rest_code=00155&code=00101008114&supplier_code=00100005&order_time=2021-11-07 HTTP/1.1" 200 413
114.85.125.222 - - [07/Nov/2021:09:27:53 +0800] "GET /xingrg/kc/print/load_data.html?order_code=212021110702715&kc_code=cgsh&condition= HTTP/1.1" 200 2090
180.157.253.6 - - [07/Nov/2021:09:27:54 +0800] "GET /xingrg/check_reg.html?_=1636248475844 HTTP/1.1" 200 22
124.78.153.86 - - [07/Nov/2021:09:27:56 +0800] "GET /xingrg/all/function/internal_message.html?_=1636248483630&CODE_STATE=getMsg HTTP/1.1" 200 27
120.253.135.82 - - [07/Nov/2021:09:27:57 +0800] "GET /xingrg/all/function/internal_message.html?_=1636248248706&CODE_STATE=getMsg HTTP/1.1" 200 27
222.70.176.97 - - [07/Nov/2021:09:28:00 +0800] "GET /xingrg/kc/buy/cgsh_order_operate.html?command=get_materiel&rest_code=00111&code=00101001093&supplier_code=00100199&order_time=2021-11-07 HTTP/1.1" 200 413
222.69.129.145 - - [07/Nov/2021:09:28:01 +0800] "POST /xingrg/services/DataTransmitService HTTP/1.1" 401 565
222.69.129.145 - - [07/Nov/2021:09:28:01 +0800] "POST /xingrg/services/DataTransmitService HTTP/1.1" 200 478
222.69.129.145 - - [07/Nov/2021:09:28:01 +0800] "POST /xingrg/services/DataTransmitService HTTP/1.1" 200 1320
222.69.129.145 - - [07/Nov/2021:09:28:01 +0800] "POST /xingrg/services/DataTransmitService HTTP/1.1" 200 478
222.69.129.145 - - [07/Nov/2021:09:28:01 +0800] "POST /xingrg/services/DataTransmitService HTTP/1.1" 200 1320
222.69.129.145 - - [07/Nov/2021:09:28:01 +0800] "POST /xingrg/services/DataTransmitService HTTP/1.1" 200 524
114.85.125.222 - - [07/Nov/2021:09:28:01 +0800] "POST /xingrg/kc/buy/cgsh_list_operate.html HTTP/1.1" 200 1708
222.69.129.145 - - [07/Nov/2021:09:28:02 +0800] "POST /xingrg/services/DataTransmitService HTTP/1.1" 200 1983
222.69.129.145 - - [07/Nov/2021:09:28:02 +0800] "POST /xingrg/services/DataTransmitService HTTP/1.1" 200 130884
114.85.125.222 - - [07/Nov/2021:09:28:03 +0800] "POST /xingrg/kc/buy/cgsh_list_operate.html HTTP/1.1" 200 578
120.253.135.82 - - [07/Nov/2021:09:28:04 +0800] "GET /xingrg/check_reg.html?_=1636248063577 HTTP/1.1" 200 22
120.253.135.82 - - [07/Nov/2021:09:28:04 +0800] "GET /xingrg/all/function/internal_message.html?_=1636248063582&CODE_STATE=getMsg HTTP/1.1" 200 27
116.227.210.113 - - [07/Nov/2021:09:28:04 +0800] "GET /xingrg/kc/buy/cgsh_order_operate.html?command=get_materiel&rest_code=00155&code=00101008633&supplier_code=00100005&order_time=2021-11-07 HTTP/1.1" 200 400
58.39.139.200 - - [07/Nov/2021:09:28:05 +0800] "GET /xingrg/all/function/internal_message.html?_=1636248485545&CODE_STATE=getMsg HTTP/1.1" 200 27
114.85.125.222 - - [07/Nov/2021:09:28:08 +0800] "GET /xingrg/kc/buy/cgsh_order_info.html?code=212021110702710 HTTP/1.1" 200 64662
114.85.125.222 - - [07/Nov/2021:09:28:09 +0800] "GET /xingrg/javascript/easyui/themes/default/validatebox.css HTTP/1.1" 404 1104
114.85.125.222 - - [07/Nov/2021:09:28:09 +0800] "GET /xingrg/all/function/internal_message.html?_=1636248417930&CODE_STATE=getMsg HTTP/1.1" 200 27
114.85.125.222 - - [07/Nov/2021:09:28:09 +0800] "POST /xingrg/kc/buy/cgsh_order_operate.html HTTP/1.1" 200 26931
116.227.210.113 - - [07/Nov/2021:09:28:09 +0800] "GET /xingrg/all/function/internal_message.html?_=1636248477447&CODE_STATE=getMsg HTTP/1.1" 200 27
222.70.176.97 - - [07/Nov/2021:09:28:10 +0800] "GET /xingrg/all/function/internal_message.html?_=1636248487270&CODE_STATE=getMsg HTTP/1.1" 200 27
222.70.176.97 - - [07/Nov/2021:09:28:11 +0800] "POST /xingrg/kc/buy/cgsh_order_operate.html HTTP/1.1" 200 37
116.227.210.113 - - [07/Nov/2021:09:28:11 +0800] "GET /xingrg/kc/buy/cgsh_order_operate.html?command=get_materiel&rest_code=00155&code=00101008350&supplier_code=00100005&order_time=2021-11-07 HTTP/1.1" 200 408
116.238.248.233 - - [07/Nov/2021:09:28:11 +0800] "GET /xingrg/check_reg.html?_=1636248491599 HTTP/1.1" 200 22
116.238.248.233 - - [07/Nov/2021:09:28:11 +0800] "GET /xingrg/all/function/internal_message.html?_=1636248491615&CODE_STATE=getMsg HTTP/1.1" 200 27
222.70.176.97 - - [07/Nov/2021:09:28:13 +0800] "POST /xingrg/kc/buy/cgsh_order_operate.html HTTP/1.1" 200 4442
222.70.176.97 - - [07/Nov/2021:09:28:14 +0800] "GET /xingrg/kc/print/load_data.html?order_code=212021110702733&kc_code=cgsh&condition= HTTP/1.1" 200 1349
116.227.210.113 - - [07/Nov/2021:09:28:17 +0800] "GET /xingrg/kc/buy/cgsh_order_operate.html?command=get_materiel&rest_code=00155&code=00101008331&supplier_code=00100005&order_time=2021-11-07 HTTP/1.1" 200 416
116.227.210.113 - - [07/Nov/2021:09:28:19 +0800] "POST /xingrg/kc/buy/cgsh_order_operate.html HTTP/1.1" 200 2065
120.253.135.82 - - [07/Nov/2021:09:28:23 +0800] "GET /xingrg/all/function/internal_message.html?_=1636248462654&CODE_STATE=getMsg HTTP/1.1" 200 27
222.69.129.145 - - [07/Nov/2021:09:28:24 +0800] "POST /xingrg/services/DataTransmitService HTTP/1.1" 200 45454
222.69.129.145 - - [07/Nov/2021:09:28:24 +0800] "POST /xingrg/services/DataTransmitService HTTP/1.1" 200 19237
114.86.228.117 - - [07/Nov/2021:09:28:24 +0800] "GET /xingrg/all/function/internal_message.html?_=1636248505944&CODE_STATE=getMsg HTTP/1.1" 200 27
180.169.147.146 - - [07/Nov/2021:09:28:27 +0800] "GET /xingrg/all/function/internal_message.html?_=1636248509231&CODE_STATE=getMsg HTTP/1.1" 200 27
180.169.147.146 - - [07/Nov/2021:09:28:27 +0800] "GET /xingrg/check_reg.html?_=1636248509224 HTTP/1.1" 200 22
180.157.253.6 - - [07/Nov/2021:09:28:31 +0800] "GET /xingrg/all/function/internal_message.html?_=1636248512834&CODE_STATE=getMsg HTTP/1.1" 200 27
222.69.129.145 - - [07/Nov/2021:09:28:31 +0800] "POST /xingrg/services/DataTransmitService HTTP/1.1" 200 524
222.69.129.145 - - [07/Nov/2021:09:28:32 +0800] "POST /xingrg/services/DataTransmitService HTTP/1.1" 200 1983
222.69.129.145 - - [07/Nov/2021:09:28:39 +0800] "POST /xingrg/services/DataTransmitService HTTP/1.1" 200 524
222.70.171.86 - - [07/Nov/2021:09:28:40 +0800] "GET /xingrg/all/function/internal_message.html?_=1636248523368&CODE_STATE=getMsg HTTP/1.1" 302 -
116.227.210.113 - - [07/Nov/2021:09:28:40 +0800] "POST /xingrg/kc/buy/cgsh_order_operate.html HTTP/1.1" 200 2065
222.70.171.86 - - [07/Nov/2021:09:28:42 +0800] "GET /xingrg/all/function/internal_message.html?_=1636248524036&CODE_STATE=getMsg HTTP/1.1" 200 27
222.69.129.145 - - [07/Nov/2021:09:28:43 +0800] "POST /xingrg/services/DataTransmitService HTTP/1.1" 200 501
116.227.210.113 - - [07/Nov/2021:09:28:46 +0800] "POST /xingrg/kc/buy/cgsh_order_operate.html HTTP/1.1" 200 37
116.227.210.113 - - [07/Nov/2021:09:28:48 +0800] "POST /xingrg/kc/buy/cgsh_order_operate.html HTTP/1.1" 200 25134
116.227.210.113 - - [07/Nov/2021:09:28:49 +0800] "GET /xingrg/kc/print/load_data.html?order_code=212021110702734&kc_code=cgsh HTTP/1.1" 200 9231
124.78.153.86 - - [07/Nov/2021:09:28:56 +0800] "GET /xingrg/all/function/internal_message.html?_=1636248543631&CODE_STATE=getMsg HTTP/1.1" 200 27
120.253.135.82 - - [07/Nov/2021:09:28:57 +0800] "GET /xingrg/all/function/internal_message.html?_=1636248308878&CODE_STATE=getMsg HTTP/1.1" 200 27
58.35.211.196 - - [07/Nov/2021:09:28:59 +0800] "POST /xingrg/services/DataTransmitService HTTP/1.1" 200 524
58.35.211.196 - - [07/Nov/2021:09:28:59 +0800] "POST /xingrg/services/DataTransmitService HTTP/1.1" 200 501
120.253.135.82 - - [07/Nov/2021:09:29:01 +0800] "POST /xingrg/kc/pszx/mdps_list_operate.html HTTP/1.1" 200 2808
120.253.135.82 - - [07/Nov/2021:09:29:04 +0800] "GET /xingrg/all/function/internal_message.html?_=1636248123580&CODE_STATE=getMsg HTTP/1.1" 200 27
58.39.139.200 - - [07/Nov/2021:09:29:05 +0800] "GET /xingrg/all/function/internal_message.html?_=1636248545513&CODE_STATE=getMsg HTTP/1.1" 200 27
120.253.135.82 - - [07/Nov/2021:09:29:07 +0800] "POST /xingrg/kc/pszx/mdps_list_operate.html HTTP/1.1" 200 2808
120.253.135.82 - - [07/Nov/2021:09:29:07 +0800] "POST /xingrg/kc/pszx/mdps_list_operate.html HTTP/1.1" 200 2808
114.85.125.222 - - [07/Nov/2021:09:29:09 +0800] "GET /xingrg/check_reg.html?_=1636248477852 HTTP/1.1" 200 22
114.85.125.222 - - [07/Nov/2021:09:29:09 +0800] "GET /xingrg/all/function/internal_message.html?_=1636248477945&CODE_STATE=getMsg HTTP/1.1" 200 27
116.227.210.113 - - [07/Nov/2021:09:29:09 +0800] "GET /xingrg/all/function/internal_message.html?_=1636248537446&CODE_STATE=getMsg HTTP/1.1" 200 27
222.70.176.97 - - [07/Nov/2021:09:29:10 +0800] "GET /xingrg/all/function/internal_message.html?_=1636248547251&CODE_STATE=getMsg HTTP/1.1" 200 27
116.238.248.233 - - [07/Nov/2021:09:29:11 +0800] "GET /xingrg/all/function/internal_message.html?_=1636248551611&CODE_STATE=getMsg HTTP/1.1" 200 27
172.20.0.100 - - [07/Nov/2021:09:29:13 +0800] "GET /xingrg/check_reg.html?_=1636248550895 HTTP/1.1" 200 22
120.253.135.82 - - [07/Nov/2021:09:29:23 +0800] "GET /xingrg/all/function/internal_message.html?_=1636248522698&CODE_STATE=getMsg HTTP/1.1" 200 27
114.86.228.117 - - [07/Nov/2021:09:29:24 +0800] "GET /xingrg/all/function/internal_message.html?_=1636248565947&CODE_STATE=getMsg HTTP/1.1" 200 27
120.253.135.82 - - [07/Nov/2021:09:29:27 +0800] "POST /xingrg/kc/pszx/mdps_list_operate.html HTTP/1.1" 200 3861
180.169.147.146 - - [07/Nov/2021:09:29:27 +0800] "GET /xingrg/all/function/internal_message.html?_=1636248569218&CODE_STATE=getMsg HTTP/1.1" 200 27
120.253.135.82 - - [07/Nov/2021:09:29:28 +0800] "POST /xingrg/kc/pszx/mdps_list_operate.html HTTP/1.1" 200 205
120.253.135.82 - - [07/Nov/2021:09:29:30 +0800] "POST /xingrg/kc/pszx/mdps_list_operate.html HTTP/1.1" 200 202
120.253.135.82 - - [07/Nov/2021:09:29:31 +0800] "POST /xingrg/kc/pszx/mdps_list_operate.html HTTP/1.1" 200 469
180.157.253.6 - - [07/Nov/2021:09:29:31 +0800] "GET /xingrg/all/function/internal_message.html?_=1636248572820&CODE_STATE=getMsg HTTP/1.1" 200 27
120.253.135.82 - - [07/Nov/2021:09:29:33 +0800] "POST /xingrg/kc/pszx/mdps_list_operate.html HTTP/1.1" 200 608
120.253.135.82 - - [07/Nov/2021:09:29:36 +0800] "POST /xingrg/kc/pszx/mdps_list_operate.html HTTP/1.1" 200 518
