114.86.225.23 - - [06/Nov/2021:09:59:52 +0800] "POST /xingrg/services/DataTransmitService HTTP/1.1" 200 501
114.86.225.23 - - [06/Nov/2021:09:59:52 +0800] "POST /xingrg/services/DataTransmitService HTTP/1.1" 200 501
114.86.225.23 - - [06/Nov/2021:09:59:52 +0800] "POST /xingrg/services/DataTransmitService HTTP/1.1" 200 501
114.86.225.23 - - [06/Nov/2021:09:59:53 +0800] "POST /xingrg/services/DataTransmitService HTTP/1.1" 200 501
114.86.225.23 - - [06/Nov/2021:09:59:53 +0800] "POST /xingrg/services/DataTransmitService HTTP/1.1" 200 501
114.86.225.23 - - [06/Nov/2021:09:59:54 +0800] "POST /xingrg/services/DataTransmitService HTTP/1.1" 200 501
114.86.225.23 - - [06/Nov/2021:09:59:54 +0800] "POST /xingrg/services/DataTransmitService HTTP/1.1" 200 501
114.86.225.23 - - [06/Nov/2021:09:59:54 +0800] "POST /xingrg/services/DataTransmitService HTTP/1.1" 200 501
124.78.153.86 - - [06/Nov/2021:09:59:55 +0800] "GET /xingrg/javascript/auto/indicator.gif HTTP/1.1" 404 1066
114.86.225.23 - - [06/Nov/2021:09:59:55 +0800] "POST /xingrg/services/DataTransmitService HTTP/1.1" 200 412
101.85.238.236 - - [06/Nov/2021:09:59:59 +0800] "POST /xingrg/kc/buy/cgsh_order_operate.html HTTP/1.1" 200 37
124.78.153.86 - - [06/Nov/2021:10:00:00 +0800] "GET /xingrg/kc/buy/cgsh_order_operate.html?command=get_materiel&rest_code=00106&code=00101006065&supplier_code=00100032&order_time=2021-11-06 HTTP/1.1" 200 411
101.85.238.236 - - [06/Nov/2021:10:00:02 +0800] "POST /xingrg/kc/buy/cgsh_order_operate.html HTTP/1.1" 200 12
101.85.238.236 - - [06/Nov/2021:10:00:03 +0800] "GET /xingrg/kc/buy/cgsh_order_info.html?code=212021110602183 HTTP/1.1" 200 59595
114.86.225.23 - - [06/Nov/2021:10:00:03 +0800] "GET /xingrg/all/function/internal_message.html?_=1636164004105&CODE_STATE=getMsg HTTP/1.1" 200 27
101.85.238.236 - - [06/Nov/2021:10:00:03 +0800] "GET /xingrg/javascript/easyui/themes/default/validatebox.css HTTP/1.1" 404 1104
101.85.238.236 - - [06/Nov/2021:10:00:04 +0800] "POST /xingrg/kc/buy/cgsh_order_operate.html HTTP/1.1" 200 603
101.85.238.236 - - [06/Nov/2021:10:00:05 +0800] "GET /xingrg/kc/print/load_data.html?order_code=212021110602183&kc_code=cgsh&condition= HTTP/1.1" 200 704
101.85.238.236 - - [06/Nov/2021:10:00:09 +0800] "GET /xingrg/kc/buy/cgsh_order_add.html HTTP/1.1" 200 64682
101.85.238.236 - - [06/Nov/2021:10:00:09 +0800] "POST /xingrg/kc/buy/cgsh_order_operate.html HTTP/1.1" 200 8245
101.85.238.236 - - [06/Nov/2021:10:00:09 +0800] "GET /xingrg/javascript/easyui/themes/default/validatebox.css HTTP/1.1" 404 1104
58.37.227.186 - - [06/Nov/2021:10:00:10 +0800] "GET /xingrg/all/function/internal_message.html?_=1636163846793&CODE_STATE=getMsg HTTP/1.1" 200 27
101.85.238.236 - - [06/Nov/2021:10:00:12 +0800] "GET /xingrg/all/function/internal_message.html?_=1636164004512&CODE_STATE=getMsg HTTP/1.1" 200 27
58.40.7.146 - - [06/Nov/2021:10:00:13 +0800] "GET /xingrg/all/function/internal_message.html?_=1636164014366&CODE_STATE=getMsg HTTP/1.1" 200 27
101.85.238.236 - - [06/Nov/2021:10:00:18 +0800] "GET /xingrg/kc/buy/cgsh_order_operate.html?command=get_materiel&rest_code=00102&code=00101006166&supplier_code=00100442&order_time=2021-11-05 HTTP/1.1" 200 423
180.169.147.146 - - [06/Nov/2021:10:00:20 +0800] "GET /xingrg/all/function/internal_message.html?_=1636164023709&CODE_STATE=getMsg HTTP/1.1" 200 27
101.85.238.236 - - [06/Nov/2021:10:00:25 +0800] "GET /xingrg/kc/buy/cgsh_order_operate.html?command=get_materiel&rest_code=00102&code=00101010719&supplier_code=00100442&order_time=2021-11-05 HTTP/1.1" 200 392
180.169.147.146 - - [06/Nov/2021:10:00:26 +0800] "GET /xingrg/all/function/internal_message.html?_=1636164028322&CODE_STATE=getMsg HTTP/1.1" 302 -
58.39.139.200 - - [06/Nov/2021:10:00:27 +0800] "GET /xingrg/all/function/internal_message.html?_=1636164028430&CODE_STATE=getMsg HTTP/1.1" 200 27
114.85.125.222 - - [06/Nov/2021:10:00:31 +0800] "GET /xingrg/all/function/internal_message.html?_=1636163961750&CODE_STATE=getMsg HTTP/1.1" 200 27
101.85.238.236 - - [06/Nov/2021:10:00:31 +0800] "GET /xingrg/kc/buy/cgsh_order_operate.html?command=get_materiel&rest_code=00102&code=00101010658&supplier_code=00100442&order_time=2021-11-05 HTTP/1.1" 200 395
222.69.131.213 - - [06/Nov/2021:10:00:33 +0800] "GET /xingrg/all/function/internal_message.html?_=1636164034260&CODE_STATE=getMsg HTTP/1.1" 200 27
222.70.171.86 - - [06/Nov/2021:10:00:39 +0800] "GET /xingrg/all/function/internal_message.html?_=1636164047980&CODE_STATE=getMsg HTTP/1.1" 302 -
222.70.171.86 - - [06/Nov/2021:10:00:40 +0800] "POST /xingrg/kc/buy/cgsh_list_operate.html HTTP/1.1" 302 -
222.70.171.86 - - [06/Nov/2021:10:00:40 +0800] "GET /xingrg/images/blue/login_bg.png HTTP/1.1" 304 -
222.70.171.86 - - [06/Nov/2021:10:00:40 +0800] "GET /xingrg/images/blue/hj.png HTTP/1.1" 304 -
222.70.171.86 - - [06/Nov/2021:10:00:40 +0800] "GET /xingrg/images/blue/srbg.png HTTP/1.1" 304 -
222.70.171.86 - - [06/Nov/2021:10:00:40 +0800] "GET /xingrg/images/blue/login_bg.png HTTP/1.1" 304 -
180.169.147.146 - - [06/Nov/2021:10:00:40 +0800] "GET /xingrg/all/function/internal_message.html?_=1636164044911&CODE_STATE=getMsg HTTP/1.1" 200 27
124.78.153.86 - - [06/Nov/2021:10:00:40 +0800] "GET /xingrg/all/function/internal_message.html?_=1636164047808&CODE_STATE=getMsg HTTP/1.1" 200 27
101.85.238.236 - - [06/Nov/2021:10:00:41 +0800] "GET /xingrg/all/function/internal_message.html?_=1636164046986&CODE_STATE=getMsg HTTP/1.1" 200 27
120.253.135.82 - - [06/Nov/2021:10:00:43 +0800] "GET /xingrg/all/function/internal_message.html?_=1636163816438&CODE_STATE=getMsg HTTP/1.1" 200 27
101.85.238.236 - - [06/Nov/2021:10:00:43 +0800] "GET /xingrg/kc/buy/cgsh_order_operate.html?command=get_materiel&rest_code=00102&code=00101006268&supplier_code=00100442&order_time=2021-11-05 HTTP/1.1" 200 397
124.78.153.86 - - [06/Nov/2021:10:00:47 +0800] "GET /xingrg/kc/buy/cgsh_order_operate.html?command=get_materiel&rest_code=00106&code=00101006113&supplier_code=00100032&order_time=2021-11-06 HTTP/1.1" 200 415
222.70.171.86 - - [06/Nov/2021:10:00:48 +0800] "GET /xingrg/all/function/internal_message.html?_=1636164048317&CODE_STATE=getMsg HTTP/1.1" 200 27
116.227.210.113 - - [06/Nov/2021:10:00:48 +0800] "GET /xingrg/all/function/internal_message.html?_=1636164038745&CODE_STATE=getMsg HTTP/1.1" 200 27
101.85.238.236 - - [06/Nov/2021:10:00:49 +0800] "POST /xingrg/kc/buy/cgsh_order_operate.html HTTP/1.1" 200 37
116.238.248.233 - - [06/Nov/2021:10:00:51 +0800] "GET /xingrg/check_reg.html?_=1636164047385 HTTP/1.1" 200 22
116.238.248.233 - - [06/Nov/2021:10:00:51 +0800] "GET /xingrg/all/function/internal_message.html?_=1636164047388&CODE_STATE=getMsg HTTP/1.1" 200 27
120.253.135.82 - - [06/Nov/2021:10:00:52 +0800] "GET /xingrg/all/function/internal_message.html?_=1636164013346&CODE_STATE=getMsg HTTP/1.1" 200 27
101.85.238.236 - - [06/Nov/2021:10:00:52 +0800] "POST /xingrg/kc/buy/cgsh_order_operate.html HTTP/1.1" 200 12
101.85.238.236 - - [06/Nov/2021:10:00:53 +0800] "GET /xingrg/kc/buy/cgsh_order_info.html?code=212021110602184 HTTP/1.1" 200 59593
101.85.238.236 - - [06/Nov/2021:10:00:53 +0800] "GET /xingrg/javascript/easyui/themes/default/validatebox.css HTTP/1.1" 404 1104
101.85.238.236 - - [06/Nov/2021:10:00:53 +0800] "POST /xingrg/kc/buy/cgsh_order_operate.html HTTP/1.1" 200 2380
101.85.238.236 - - [06/Nov/2021:10:00:54 +0800] "GET /xingrg/kc/print/load_data.html?order_code=212021110602184&kc_code=cgsh HTTP/1.1" 200 1373
101.85.238.236 - - [06/Nov/2021:10:00:56 +0800] "GET /xingrg/kc/print/load_data.html?order_code=212021110602184&kc_code=cgsh&condition= HTTP/1.1" 200 1373
101.85.238.236 - - [06/Nov/2021:10:00:59 +0800] "GET /xingrg/kc/buy/cgsh_order_add.html HTTP/1.1" 200 64682
101.85.238.236 - - [06/Nov/2021:10:00:59 +0800] "GET /xingrg/javascript/easyui/themes/default/validatebox.css HTTP/1.1" 404 1104
101.85.238.236 - - [06/Nov/2021:10:00:59 +0800] "POST /xingrg/kc/buy/cgsh_order_operate.html HTTP/1.1" 200 8245
222.70.171.86 - - [06/Nov/2021:10:01:00 +0800] "GET /xingrg/login.html HTTP/1.1" 200 7641
222.70.171.86 - - [06/Nov/2021:10:01:01 +0800] "GET /xingrg/images/blue/jxLogo.png HTTP/1.1" 304 -
222.70.171.86 - - [06/Nov/2021:10:01:01 +0800] "GET /xingrg/images/blue/login_bg.png HTTP/1.1" 304 -
222.70.171.86 - - [06/Nov/2021:10:01:01 +0800] "GET /xingrg/images/blue/hj.png HTTP/1.1" 304 -
222.70.171.86 - - [06/Nov/2021:10:01:01 +0800] "GET /xingrg/images/blue/srbg.png HTTP/1.1" 304 -
222.70.171.86 - - [06/Nov/2021:10:01:01 +0800] "GET /favicon.ico HTTP/1.1" 404 -
222.70.171.86 - - [06/Nov/2021:10:01:03 +0800] "POST /xingrg/login.do HTTP/1.1" 302 -
222.70.171.86 - - [06/Nov/2021:10:01:03 +0800] "GET /xingrg/javascript/jquery_easy_ui/themes/default/easyui.css HTTP/1.1" 304 -
222.70.171.86 - - [06/Nov/2021:10:01:03 +0800] "GET /xingrg/javascript/jquery_easy_ui/themes/icon.css HTTP/1.1" 304 -
222.70.171.86 - - [06/Nov/2021:10:01:03 +0800] "GET /xingrg/index.html?sysBaseUrl=http%3A%2F%2F180.169.147.146%3A18081%2Fxingrg%2F&costTime=40×tamp=1636164063020 HTTP/1.1" 200 17179
222.70.171.86 - - [06/Nov/2021:10:01:03 +0800] "GET /xingrg/css/form.css HTTP/1.1" 304 -
222.70.171.86 - - [06/Nov/2021:10:01:03 +0800] "GET /xingrg/javascript/jquery-1.4.2.min.js HTTP/1.1" 304 -
222.70.171.86 - - [06/Nov/2021:10:01:03 +0800] "GET /xingrg/javascript/jquery_easy_ui/jquery.easyui.min.js HTTP/1.1" 304 -
222.70.171.86 - - [06/Nov/2021:10:01:03 +0800] "GET /xingrg/javascript/jquery_easy_ui/easyui-lang-zh_CN.js HTTP/1.1" 304 -
222.70.171.86 - - [06/Nov/2021:10:01:03 +0800] "GET /xingrg/javascript/jquery.form.js HTTP/1.1" 304 -
222.70.171.86 - - [06/Nov/2021:10:01:03 +0800] "GET /xingrg/javascript/jquery.utils.js HTTP/1.1" 304 -
222.70.171.86 - - [06/Nov/2021:10:01:03 +0800] "GET /xingrg/javascript/jquery.timers.js HTTP/1.1" 304 -
222.70.171.86 - - [06/Nov/2021:10:01:03 +0800] "GET /favicon.ico HTTP/1.1" 404 -
222.70.171.86 - - [06/Nov/2021:10:01:03 +0800] "GET /xingrg/images/blue/navBackgound.jpg HTTP/1.1" 304 -
222.70.171.86 - - [06/Nov/2021:10:01:03 +0800] "GET /xingrg/javascript/jquery_easy_ui/themes/icons/settle_new.png HTTP/1.1" 304 -
222.70.171.86 - - [06/Nov/2021:10:01:03 +0800] "POST /xingrg/all/common/load_tree.html?tree=area_rest_tree_json&manage=1 HTTP/1.1" 200 479
222.70.171.86 - - [06/Nov/2021:10:01:03 +0800] "GET /xingrg/images/blue/pingpu.png HTTP/1.1" 304 -
222.70.171.86 - - [06/Nov/2021:10:01:03 +0800] "GET /xingrg/javascript/jquery_easy_ui/themes/default/images/tabs_leftarrow.png HTTP/1.1" 304 -
222.70.171.86 - - [06/Nov/2021:10:01:03 +0800] "GET /xingrg/javascript/jquery_easy_ui/themes/default/images/tabs_rightarrow.png HTTP/1.1" 304 -
222.70.171.86 - - [06/Nov/2021:10:01:03 +0800] "GET /xingrg/javascript/jquery_easy_ui/themes/default/images/panel_tool_collapse.gif HTTP/1.1" 304 -
222.70.171.86 - - [06/Nov/2021:10:01:03 +0800] "GET /xingrg/all/function/internal_message.html?_=1636164072071&CODE_STATE=count HTTP/1.1" 200 11
222.70.171.86 - - [06/Nov/2021:10:01:03 +0800] "GET /xingrg/check_reg.html?_=1636164072072 HTTP/1.1" 200 22
222.70.171.86 - - [06/Nov/2021:10:01:03 +0800] "GET /xingrg/javascript/jquery_easy_ui/themes/default/images/tree_arrows.gif HTTP/1.1" 304 -
222.70.171.86 - - [06/Nov/2021:10:01:03 +0800] "POST /xingrg/load_menu.html HTTP/1.1" 200 5138
222.70.171.86 - - [06/Nov/2021:10:01:03 +0800] "GET /xingrg/javascript/jquery_easy_ui/themes/default/images/tree_folder_open.gif HTTP/1.1" 304 -
222.70.171.86 - - [06/Nov/2021:10:01:03 +0800] "GET /xingrg/javascript/jquery_easy_ui/themes/icons/search_new.png HTTP/1.1" 304 -
222.70.171.86 - - [06/Nov/2021:10:01:03 +0800] "GET /xingrg/javascript/jquery_easy_ui/themes/default/images/tree_folder.gif HTTP/1.1" 304 -
222.70.171.86 - - [06/Nov/2021:10:01:03 +0800] "GET /xingrg/javascript/jquery_easy_ui/themes/icons/storage_new.png HTTP/1.1" 304 -
222.70.171.86 - - [06/Nov/2021:10:01:03 +0800] "GET /xingrg/javascript/jquery_easy_ui/themes/icons/forms_new.png HTTP/1.1" 304 -
222.70.171.86 - - [06/Nov/2021:10:01:03 +0800] "GET /xingrg/javascript/jquery_easy_ui/themes/default/images/tree_file.gif HTTP/1.1" 304 -
114.86.225.23 - - [06/Nov/2021:10:01:03 +0800] "GET /xingrg/all/function/internal_message.html?_=1636164064107&CODE_STATE=getMsg HTTP/1.1" 200 27
101.85.238.236 - - [06/Nov/2021:10:01:05 +0800] "GET /xingrg/kc/buy/cgsh_order_operate.html?command=get_materiel&rest_code=00102&code=00101008061&supplier_code=00100339&order_time=2021-11-06 HTTP/1.1" 200 423
222.70.171.86 - - [06/Nov/2021:10:01:07 +0800] "GET /xingrg/javascript/jquery_easy_ui/themes/default/images/tabs_close.gif HTTP/1.1" 304 -
222.70.171.86 - - [06/Nov/2021:10:01:07 +0800] "GET /xingrg/css/base.css HTTP/1.1" 304 -
222.70.171.86 - - [06/Nov/2021:10:01:07 +0800] "GET /xingrg/css/site.css HTTP/1.1" 304 -
222.70.171.86 - - [06/Nov/2021:10:01:07 +0800] "GET /xingrg/javascript/easyui/themes/default/easyui.css HTTP/1.1" 304 -
222.70.171.86 - - [06/Nov/2021:10:01:07 +0800] "GET /xingrg/javascript/easyui/themes/icon.css HTTP/1.1" 304 -
222.70.171.86 - - [06/Nov/2021:10:01:07 +0800] "GET /xingrg/javascript/jquery_tools/datebox.css HTTP/1.1" 304 -
222.70.171.86 - - [06/Nov/2021:10:01:07 +0800] "GET /xingrg/javascript/jquery_tools/fix.css HTTP/1.1" 304 -
222.70.171.86 - - [06/Nov/2021:10:01:07 +0800] "GET /xingrg/javascript/auto/jquery.autocomplete.css HTTP/1.1" 304 -
222.70.171.86 - - [06/Nov/2021:10:01:07 +0800] "GET /xingrg/javascript/jquery_tools/table.css HTTP/1.1" 304 -
222.70.171.86 - - [06/Nov/2021:10:01:07 +0800] "GET /xingrg/javascript/jquery_tools/jquery.tools.min.js HTTP/1.1" 304 -
222.70.171.86 - - [06/Nov/2021:10:01:07 +0800] "GET /xingrg/javascript/jquery_tools/jquery.tools.table.js HTTP/1.1" 304 -
222.70.171.86 - - [06/Nov/2021:10:01:07 +0800] "GET /xingrg/javascript/jquery_tools/list_manager.js HTTP/1.1" 304 -
222.70.171.86 - - [06/Nov/2021:10:01:07 +0800] "GET /xingrg/javascript/auto/jquery.autocomplete.js HTTP/1.1" 304 -
222.70.171.86 - - [06/Nov/2021:10:01:07 +0800] "GET /xingrg/javascript/jquery_tools/jquery.tools.extend.js HTTP/1.1" 304 -
222.70.171.86 - - [06/Nov/2021:10:01:07 +0800] "GET /xingrg/javascript/easyui/easyloader.js HTTP/1.1" 304 -
222.70.171.86 - - [06/Nov/2021:10:01:07 +0800] "GET /xingrg/javascript/print/LodopFuncs.js HTTP/1.1" 304 -
222.70.171.86 - - [06/Nov/2021:10:01:07 +0800] "GET /xingrg/javascript/jquery_tools/jquery.tools.hotkey.js HTTP/1.1" 304 -
222.70.171.86 - - [06/Nov/2021:10:01:07 +0800] "GET /xingrg/javascript/jquery.cookie.js HTTP/1.1" 304 -
222.70.171.86 - - [06/Nov/2021:10:01:07 +0800] "GET /xingrg/kc/buy/cgsh_order_list.html HTTP/1.1" 200 48947
222.70.171.86 - - [06/Nov/2021:10:01:07 +0800] "GET /xingrg/javascript/easyui/themes/icons/edit_add_new.png HTTP/1.1" 304 -
222.70.171.86 - - [06/Nov/2021:10:01:07 +0800] "GET /xingrg/javascript/easyui/themes/icons/cance_new.png HTTP/1.1" 304 -
222.70.171.86 - - [06/Nov/2021:10:01:07 +0800] "GET /xingrg/javascript/easyui/themes/icons/check_new.png HTTP/1.1" 304 -
222.70.171.86 - - [06/Nov/2021:10:01:07 +0800] "GET /xingrg/javascript/easyui/themes/icons/field_new.png HTTP/1.1" 304 -
222.70.171.86 - - [06/Nov/2021:10:01:07 +0800] "GET /xingrg/javascript/easyui/themes/icons/import_new.png HTTP/1.1" 304 -
222.70.171.86 - - [06/Nov/2021:10:01:07 +0800] "GET /xingrg/javascript/easyui/plugins/jquery.parser.js HTTP/1.1" 304 -
222.70.171.86 - - [06/Nov/2021:10:01:07 +0800] "GET /xingrg/images/control/ajaxLoader.gif HTTP/1.1" 304 -
222.70.171.86 - - [06/Nov/2021:10:01:08 +0800] "POST /xingrg/kc/buy/cgsh_list_operate.html HTTP/1.1" 200 876
101.85.238.236 - - [06/Nov/2021:10:01:09 +0800] "GET /xingrg/check_reg.html?_=1636164061891 HTTP/1.1" 200 22
58.37.227.186 - - [06/Nov/2021:10:01:10 +0800] "GET /xingrg/all/function/internal_message.html?_=1636163906799&CODE_STATE=getMsg HTTP/1.1" 200 27
58.37.227.186 - - [06/Nov/2021:10:01:10 +0800] "GET /xingrg/check_reg.html?_=1636163906801 HTTP/1.1" 200 22
101.85.238.236 - - [06/Nov/2021:10:01:12 +0800] "GET /xingrg/all/function/internal_message.html?_=1636164064629&CODE_STATE=getMsg HTTP/1.1" 200 27
58.40.7.146 - - [06/Nov/2021:10:01:13 +0800] "GET /xingrg/check_reg.html?_=1636164074369 HTTP/1.1" 200 22
58.40.7.146 - - [06/Nov/2021:10:01:13 +0800] "GET /xingrg/all/function/internal_message.html?_=1636164074370&CODE_STATE=getMsg HTTP/1.1" 200 27
120.253.135.82 - - [06/Nov/2021:10:01:15 +0800] "GET /xingrg/check_reg.html?_=1636164036992 HTTP/1.1" 200 22
101.85.238.236 - - [06/Nov/2021:10:01:15 +0800] "POST /xingrg/kc/buy/cgsh_order_operate.html HTTP/1.1" 200 37
222.70.171.86 - - [06/Nov/2021:10:01:17 +0800] "GET /xingrg/javascript/jquery_tools/images/prev.gif HTTP/1.1" 404 1086
222.70.171.86 - - [06/Nov/2021:10:01:17 +0800] "GET /xingrg/javascript/jquery_tools/images/next.gif HTTP/1.1" 404 1086
101.85.238.236 - - [06/Nov/2021:10:01:19 +0800] "POST /xingrg/kc/buy/cgsh_order_operate.html HTTP/1.1" 200 12
101.85.238.236 - - [06/Nov/2021:10:01:20 +0800] "GET /xingrg/kc/buy/cgsh_order_info.html?code=212021110602185 HTTP/1.1" 200 59594
180.169.147.146 - - [06/Nov/2021:10:01:20 +0800] "GET /xingrg/check_reg.html?_=1636164083713 HTTP/1.1" 200 22
180.169.147.146 - - [06/Nov/2021:10:01:20 +0800] "GET /xingrg/all/function/internal_message.html?_=1636164083711&CODE_STATE=getMsg HTTP/1.1" 200 27
101.85.238.236 - - [06/Nov/2021:10:01:20 +0800] "GET /xingrg/javascript/easyui/themes/default/validatebox.css HTTP/1.1" 404 1104
101.85.238.236 - - [06/Nov/2021:10:01:21 +0800] "POST /xingrg/kc/buy/cgsh_order_operate.html HTTP/1.1" 200 616
101.85.238.236 - - [06/Nov/2021:10:01:22 +0800] "GET /xingrg/kc/print/load_data.html?order_code=212021110602185&kc_code=cgsh&condition= HTTP/1.1" 200 705
124.78.153.86 - - [06/Nov/2021:10:01:23 +0800] "GET /xingrg/kc/buy/cgsh_order_operate.html?command=get_materiel&rest_code=00106&code=00101006130&supplier_code=00100032&order_time=2021-11-06 HTTP/1.1" 200 429
101.85.238.236 - - [06/Nov/2021:10:01:26 +0800] "GET /xingrg/kc/buy/cgsh_order_add.html HTTP/1.1" 200 64682
101.85.238.236 - - [06/Nov/2021:10:01:26 +0800] "POST /xingrg/kc/buy/cgsh_order_operate.html HTTP/1.1" 200 8245
180.169.147.146 - - [06/Nov/2021:10:01:26 +0800] "GET /xingrg/all/function/internal_message.html?_=1636164088300&CODE_STATE=getMsg HTTP/1.1" 302 -
101.85.238.236 - - [06/Nov/2021:10:01:26 +0800] "GET /xingrg/javascript/easyui/themes/default/validatebox.css HTTP/1.1" 404 1104
120.253.135.82 - - [06/Nov/2021:10:01:26 +0800] "POST /xingrg/kc/pszx/mdps_list_operate.html HTTP/1.1" 200 629
120.253.135.82 - - [06/Nov/2021:10:01:27 +0800] "GET /xingrg/kc/pszx/mdps_order_info.html?code=312021110300077 HTTP/1.1" 200 23929
58.39.139.200 - - [06/Nov/2021:10:01:27 +0800] "GET /xingrg/all/function/internal_message.html?_=1636164088431&CODE_STATE=getMsg HTTP/1.1" 200 27
58.39.139.200 - - [06/Nov/2021:10:01:27 +0800] "GET /xingrg/check_reg.html?_=1636164088433 HTTP/1.1" 200 22
120.253.135.82 - - [06/Nov/2021:10:01:27 +0800] "GET /xingrg/javascript/easyui/themes/default/validatebox.css HTTP/1.1" 404 1104
120.253.135.82 - - [06/Nov/2021:10:01:27 +0800] "POST /xingrg/kc/pszx/mdps_order_operate.html HTTP/1.1" 200 4811
120.253.135.82 - - [06/Nov/2021:10:01:29 +0800] "GET /xingrg/javascript/jquery_tools/images/prev.gif HTTP/1.1" 404 1086
120.253.135.82 - - [06/Nov/2021:10:01:29 +0800] "GET /xingrg/javascript/jquery_tools/images/next.gif HTTP/1.1" 404 1086
114.85.125.222 - - [06/Nov/2021:10:01:31 +0800] "GET /xingrg/check_reg.html?_=1636164021529 HTTP/1.1" 200 22
114.85.125.222 - - [06/Nov/2021:10:01:31 +0800] "GET /xingrg/all/function/internal_message.html?_=1636164021766&CODE_STATE=getMsg HTTP/1.1" 200 27
120.253.135.82 - - [06/Nov/2021:10:01:33 +0800] "POST /xingrg/kc/pszx/mdps_order_operate.html HTTP/1.1" 200 37
222.69.131.213 - - [06/Nov/2021:10:01:33 +0800] "GET /xingrg/all/function/internal_message.html?_=1636164094252&CODE_STATE=getMsg HTTP/1.1" 200 27
120.253.135.82 - - [06/Nov/2021:10:01:34 +0800] "GET /xingrg/kc/pszx/mdps_order_info.html?code=312021110300077 HTTP/1.1" 200 23929
120.253.135.82 - - [06/Nov/2021:10:01:34 +0800] "GET /xingrg/javascript/easyui/themes/default/validatebox.css HTTP/1.1" 404 1104
120.253.135.82 - - [06/Nov/2021:10:01:34 +0800] "POST /xingrg/kc/pszx/mdps_order_operate.html HTTP/1.1" 200 4811
116.227.210.113 - - [06/Nov/2021:10:01:34 +0800] "GET /xingrg/kc/buy/cgsh_order_operate.html?command=get_materiel&rest_code=00155&code=00102002316&supplier_code=00100037&order_time=2021-11-06 HTTP/1.1" 200 409
222.70.171.86 - - [06/Nov/2021:10:01:36 +0800] "GET /xingrg/javascript/auto/indicator.gif HTTP/1.1" 404 1066
120.253.135.82 - - [06/Nov/2021:10:01:37 +0800] "POST /xingrg/kc/pszx/mdps_list_operate.html HTTP/1.1" 200 2791
120.253.135.82 - - [06/Nov/2021:10:01:38 +0800] "POST /xingrg/kc/pszx/mdps_list_operate.html HTTP/1.1" 200 280
120.253.135.82 - - [06/Nov/2021:10:01:38 +0800] "GET /xingrg/kc/pszx/mdps_order_info.html?code=312021110300078 HTTP/1.1" 200 23927
120.253.135.82 - - [06/Nov/2021:10:01:39 +0800] "POST /xingrg/kc/pszx/mdps_order_operate.html HTTP/1.1" 200 2785
120.253.135.82 - - [06/Nov/2021:10:01:39 +0800] "GET /xingrg/javascript/easyui/themes/default/validatebox.css HTTP/1.1" 404 1104
180.169.147.146 - - [06/Nov/2021:10:01:40 +0800] "GET /xingrg/all/function/internal_message.html?_=1636164104911&CODE_STATE=getMsg HTTP/1.1" 200 27
124.78.153.86 - - [06/Nov/2021:10:01:40 +0800] "GET /xingrg/all/function/internal_message.html?_=1636164107822&CODE_STATE=getMsg HTTP/1.1" 200 27
101.85.238.236 - - [06/Nov/2021:10:01:41 +0800] "GET /xingrg/kc/buy/cgsh_order_operate.html?command=get_materiel&rest_code=00102&code=00101005081&supplier_code=00100337&order_time=2021-11-05 HTTP/1.1" 200 395
101.85.238.236 - - [06/Nov/2021:10:01:41 +0800] "GET /xingrg/all/function/internal_message.html?_=1636164107060&CODE_STATE=getMsg HTTP/1.1" 200 27
222.70.171.86 - - [06/Nov/2021:10:01:43 +0800] "POST /xingrg/kc/buy/cgsh_list_operate.html HTTP/1.1" 200 5414
120.253.135.82 - - [06/Nov/2021:10:01:45 +0800] "POST /xingrg/kc/pszx/mdps_order_operate.html HTTP/1.1" 200 37
120.253.135.82 - - [06/Nov/2021:10:01:46 +0800] "GET /xingrg/kc/pszx/mdps_order_info.html?code=312021110300078 HTTP/1.1" 200 23927
120.253.135.82 - - [06/Nov/2021:10:01:46 +0800] "POST /xingrg/kc/pszx/mdps_order_operate.html HTTP/1.1" 200 2785
120.253.135.82 - - [06/Nov/2021:10:01:46 +0800] "GET /xingrg/javascript/easyui/themes/default/validatebox.css HTTP/1.1" 404 1104
120.253.135.82 - - [06/Nov/2021:10:01:46 +0800] "GET /xingrg/all/function/internal_message.html?_=1636163879636&CODE_STATE=getMsg HTTP/1.1" 200 27
222.70.171.86 - - [06/Nov/2021:10:01:48 +0800] "GET /xingrg/all/function/internal_message.html?_=1636164108325&CODE_STATE=getMsg HTTP/1.1" 302 -
116.227.210.113 - - [06/Nov/2021:10:01:48 +0800] "GET /xingrg/all/function/internal_message.html?_=1636164098736&CODE_STATE=getMsg HTTP/1.1" 200 27
120.253.135.82 - - [06/Nov/2021:10:01:51 +0800] "POST /xingrg/kc/pszx/mdps_list_operate.html HTTP/1.1" 200 2791
116.238.248.233 - - [06/Nov/2021:10:01:51 +0800] "GET /xingrg/all/function/internal_message.html?_=1636164107385&CODE_STATE=getMsg HTTP/1.1" 200 27
120.253.135.82 - - [06/Nov/2021:10:01:52 +0800] "GET /xingrg/all/function/internal_message.html?_=1636164073353&CODE_STATE=getMsg HTTP/1.1" 200 27
124.78.153.86 - - [06/Nov/2021:10:01:55 +0800] "GET /xingrg/kc/buy/cgsh_order_operate.html?command=get_materiel&rest_code=00106&code=00101006240&supplier_code=00100032&order_time=2021-11-06 HTTP/1.1" 200 408
120.253.135.82 - - [06/Nov/2021:10:01:56 +0800] "POST /xingrg/kc/pszx/mdps_list_operate.html HTTP/1.1" 200 554
120.253.135.82 - - [06/Nov/2021:10:01:56 +0800] "GET /xingrg/kc/pszx/mdps_order_info.html?code=312021110300080 HTTP/1.1" 200 23929
120.253.135.82 - - [06/Nov/2021:10:01:57 +0800] "POST /xingrg/kc/pszx/mdps_order_operate.html HTTP/1.1" 200 4378
120.253.135.82 - - [06/Nov/2021:10:01:57 +0800] "GET /xingrg/javascript/easyui/themes/default/validatebox.css HTTP/1.1" 404 1104
101.85.238.236 - - [06/Nov/2021:10:01:57 +0800] "GET /xingrg/kc/buy/cgsh_order_operate.html?command=get_materiel&rest_code=00102&code=00101010746&supplier_code=00100337&order_time=2021-11-05 HTTP/1.1" 200 400
222.70.171.86 - - [06/Nov/2021:10:02:03 +0800] "GET /xingrg/all/function/internal_message.html?_=1636164132079&CODE_STATE=getMsg HTTP/1.1" 200 27
114.86.225.23 - - [06/Nov/2021:10:02:03 +0800] "GET /xingrg/all/function/internal_message.html?_=1636164124110&CODE_STATE=getMsg HTTP/1.1" 200 27
58.37.227.186 - - [06/Nov/2021:10:02:10 +0800] "GET /xingrg/all/function/internal_message.html?_=1636163966797&CODE_STATE=getMsg HTTP/1.1" 200 27
101.85.238.236 - - [06/Nov/2021:10:02:12 +0800] "GET /xingrg/all/function/internal_message.html?_=1636164124757&CODE_STATE=getMsg HTTP/1.1" 200 27
58.40.7.146 - - [06/Nov/2021:10:02:13 +0800] "GET /xingrg/all/function/internal_message.html?_=1636164134373&CODE_STATE=getMsg HTTP/1.1" 200 27
180.169.147.146 - - [06/Nov/2021:10:02:20 +0800] "GET /xingrg/all/function/internal_message.html?_=1636164143715&CODE_STATE=getMsg HTTP/1.1" 200 27
101.85.238.236 - - [06/Nov/2021:10:02:21 +0800] "POST /xingrg/kc/buy/cgsh_order_operate.html HTTP/1.1" 200 37
120.253.135.82 - - [06/Nov/2021:10:02:24 +0800] "POST /xingrg/kc/pszx/mdps_order_operate.html HTTP/1.1" 200 37
101.85.238.236 - - [06/Nov/2021:10:02:25 +0800] "POST /xingrg/kc/buy/cgsh_order_operate.html HTTP/1.1" 200 12
120.253.135.82 - - [06/Nov/2021:10:02:25 +0800] "GET /xingrg/kc/pszx/mdps_order_info.html?code=312021110300080 HTTP/1.1" 200 23929
101.85.238.236 - - [06/Nov/2021:10:02:25 +0800] "GET /xingrg/kc/buy/cgsh_order_info.html?code=212021110602186 HTTP/1.1" 200 59593
120.253.135.82 - - [06/Nov/2021:10:02:25 +0800] "GET /xingrg/javascript/easyui/themes/default/validatebox.css HTTP/1.1" 404 1104
120.253.135.82 - - [06/Nov/2021:10:02:25 +0800] "POST /xingrg/kc/pszx/mdps_order_operate.html HTTP/1.1" 200 4378
101.85.238.236 - - [06/Nov/2021:10:02:26 +0800] "GET /xingrg/javascript/easyui/themes/default/validatebox.css HTTP/1.1" 404 1104
180.169.147.146 - - [06/Nov/2021:10:02:26 +0800] "GET /xingrg/all/function/internal_message.html?_=1636164148275&CODE_STATE=getMsg HTTP/1.1" 302 -
101.85.238.236 - - [06/Nov/2021:10:02:26 +0800] "POST /xingrg/kc/buy/cgsh_order_operate.html HTTP/1.1" 200 1196
58.39.139.200 - - [06/Nov/2021:10:02:27 +0800] "GET /xingrg/all/function/internal_message.html?_=1636164148433&CODE_STATE=getMsg HTTP/1.1" 200 27
101.85.238.236 - - [06/Nov/2021:10:02:27 +0800] "GET /xingrg/kc/print/load_data.html?order_code=212021110602186&kc_code=cgsh&condition= HTTP/1.1" 200 924
120.253.135.82 - - [06/Nov/2021:10:02:28 +0800] "POST /xingrg/kc/pszx/mdps_list_operate.html HTTP/1.1" 200 2791
120.253.135.82 - - [06/Nov/2021:10:02:30 +0800] "POST /xingrg/kc/pszx/mdps_list_operate.html HTTP/1.1" 200 201
180.169.147.146 - - [06/Nov/2021:10:02:30 +0800] "GET /xingrg/check_reg.html?_=1636164152199 HTTP/1.1" 302 -
101.85.238.236 - - [06/Nov/2021:10:02:30 +0800] "GET /xingrg/kc/buy/cgsh_order_add.html HTTP/1.1" 200 64682
101.85.238.236 - - [06/Nov/2021:10:02:30 +0800] "POST /xingrg/kc/buy/cgsh_order_operate.html HTTP/1.1" 200 8245
101.85.238.236 - - [06/Nov/2021:10:02:31 +0800] "GET /xingrg/javascript/easyui/themes/default/validatebox.css HTTP/1.1" 404 1104
114.85.125.222 - - [06/Nov/2021:10:02:31 +0800] "GET /xingrg/all/function/internal_message.html?_=1636164081777&CODE_STATE=getMsg HTTP/1.1" 200 27
116.227.210.113 - - [06/Nov/2021:10:02:33 +0800] "GET /xingrg/kc/buy/cgsh_order_operate.html?command=get_materiel&rest_code=00155&code=00101012033&supplier_code=00100037&order_time=2021-11-06 HTTP/1.1" 200 426
222.69.131.213 - - [06/Nov/2021:10:02:33 +0800] "GET /xingrg/all/function/internal_message.html?_=1636164154239&CODE_STATE=getMsg HTTP/1.1" 200 27
101.85.238.236 - - [06/Nov/2021:10:02:38 +0800] "GET /xingrg/kc/buy/cgsh_order_operate.html?command=get_materiel&rest_code=00102&code=00101010161&supplier_code=00100316&order_time=2021-11-06 HTTP/1.1" 200 409
124.78.153.86 - - [06/Nov/2021:10:02:39 +0800] "GET /xingrg/kc/buy/cgsh_order_operate.html?command=get_materiel&rest_code=00106&code=00101006123&supplier_code=00100032&order_time=2021-11-06 HTTP/1.1" 200 409
180.169.147.146 - - [06/Nov/2021:10:02:40 +0800] "GET /xingrg/all/function/internal_message.html?_=1636164164909&CODE_STATE=getMsg HTTP/1.1" 200 27
124.78.153.86 - - [06/Nov/2021:10:02:40 +0800] "GET /xingrg/check_reg.html?_=1636164167819 HTTP/1.1" 200 22
124.78.153.86 - - [06/Nov/2021:10:02:40 +0800] "GET /xingrg/all/function/internal_message.html?_=1636164167821&CODE_STATE=getMsg HTTP/1.1" 200 27
101.85.238.236 - - [06/Nov/2021:10:02:41 +0800] "GET /xingrg/check_reg.html?_=1636164167031 HTTP/1.1" 200 22
120.253.135.82 - - [06/Nov/2021:10:02:41 +0800] "GET /xingrg/check_reg.html?_=1636163934095 HTTP/1.1" 200 22
101.85.238.236 - - [06/Nov/2021:10:02:41 +0800] "GET /xingrg/all/function/internal_message.html?_=1636164167070&CODE_STATE=getMsg HTTP/1.1" 200 27
116.227.210.113 - - [06/Nov/2021:10:02:43 +0800] "GET /xingrg/kc/buy/cgsh_order_operate.html?command=get_materiel&rest_code=00155&code=00101016105&supplier_code=00100037&order_time=2021-11-06 HTTP/1.1" 200 409
120.253.135.82 - - [06/Nov/2021:10:02:46 +0800] "GET /xingrg/all/function/internal_message.html?_=1636163939646&CODE_STATE=getMsg HTTP/1.1" 200 27
101.85.238.236 - - [06/Nov/2021:10:02:46 +0800] "POST /xingrg/kc/buy/cgsh_order_operate.html HTTP/1.1" 200 37
222.70.171.86 - - [06/Nov/2021:10:02:47 +0800] "GET /xingrg/check_reg.html?_=1636164167094 HTTP/1.1" 302 -
222.70.171.86 - - [06/Nov/2021:10:02:48 +0800] "GET /xingrg/all/function/internal_message.html?_=1636164168339&CODE_STATE=getMsg HTTP/1.1" 302 -
116.227.210.113 - - [06/Nov/2021:10:02:48 +0800] "GET /xingrg/all/function/internal_message.html?_=1636164158720&CODE_STATE=getMsg HTTP/1.1" 200 27
101.85.238.236 - - [06/Nov/2021:10:02:49 +0800] "POST /xingrg/kc/buy/cgsh_order_operate.html HTTP/1.1" 200 12
101.85.238.236 - - [06/Nov/2021:10:02:50 +0800] "GET /xingrg/kc/buy/cgsh_order_info.html?code=212021110602187 HTTP/1.1" 200 59595
101.85.238.236 - - [06/Nov/2021:10:02:50 +0800] "GET /xingrg/javascript/easyui/themes/default/validatebox.css HTTP/1.1" 404 1104
101.85.238.236 - - [06/Nov/2021:10:02:50 +0800] "GET /xingrg/javascript/easyui/themes/default/tree.css HTTP/1.1" 404 1090
101.85.238.236 - - [06/Nov/2021:10:02:51 +0800] "POST /xingrg/all/common/load_tree.html?tree=supplier_tree_json&isDelete=1 HTTP/1.1" 200 60167
101.85.238.236 - - [06/Nov/2021:10:02:51 +0800] "POST /xingrg/kc/buy/cgsh_order_operate.html HTTP/1.1" 200 604
116.238.248.233 - - [06/Nov/2021:10:02:51 +0800] "GET /xingrg/all/function/internal_message.html?_=1636164167392&CODE_STATE=getMsg HTTP/1.1" 200 27
101.85.238.236 - - [06/Nov/2021:10:02:51 +0800] "GET /xingrg/kc/print/load_data.html?order_code=212021110602187&kc_code=cgsh&condition= HTTP/1.1" 200 702
120.253.135.82 - - [06/Nov/2021:10:02:52 +0800] "GET /xingrg/all/function/internal_message.html?_=1636164133367&CODE_STATE=getMsg HTTP/1.1" 200 27
116.227.210.113 - - [06/Nov/2021:10:02:53 +0800] "GET /xingrg/kc/buy/cgsh_order_operate.html?command=get_materiel&rest_code=00155&code=00101016122&supplier_code=00100037&order_time=2021-11-06 HTTP/1.1" 200 395
101.85.238.236 - - [06/Nov/2021:10:02:54 +0800] "GET /xingrg/kc/buy/cgsh_order_add.html HTTP/1.1" 200 64682
101.85.238.236 - - [06/Nov/2021:10:02:54 +0800] "POST /xingrg/kc/buy/cgsh_order_operate.html HTTP/1.1" 200 8245
101.85.238.236 - - [06/Nov/2021:10:02:54 +0800] "GET /xingrg/javascript/easyui/themes/default/validatebox.css HTTP/1.1" 404 1104
120.253.135.82 - - [06/Nov/2021:10:03:01 +0800] "GET /xingrg/javascript/jquery_easy_ui/themes/default/images/tabs_active.png HTTP/1.1" 200 2894
222.70.171.86 - - [06/Nov/2021:10:03:03 +0800] "GET /xingrg/all/function/internal_message.html?_=1636164192093&CODE_STATE=getMsg HTTP/1.1" 200 27
114.86.225.23 - - [06/Nov/2021:10:03:03 +0800] "GET /xingrg/all/function/internal_message.html?_=1636164184119&CODE_STATE=getMsg HTTP/1.1" 200 27
114.86.225.23 - - [06/Nov/2021:10:03:03 +0800] "GET /xingrg/check_reg.html?_=1636164184121 HTTP/1.1" 200 22
120.253.135.82 - - [06/Nov/2021:10:03:03 +0800] "GET /xingrg/kc/pszx/mdqp_order_list.html?state=10 HTTP/1.1" 200 10217
120.253.135.82 - - [06/Nov/2021:10:03:03 +0800] "POST /xingrg/kc/pszx/mdps_list_operate.html HTTP/1.1" 200 2791
120.253.135.82 - - [06/Nov/2021:10:03:03 +0800] "GET /xingrg/dwr/interface/AjaxReportQueryService.js HTTP/1.1" 200 13203
120.253.135.82 - - [06/Nov/2021:10:03:03 +0800] "GET /xingrg/dwr/engine.js HTTP/1.1" 200 43631
120.253.135.82 - - [06/Nov/2021:10:03:03 +0800] "GET /xingrg/dwr/interface/AjaxQqpsService.js HTTP/1.1" 200 16326
124.78.153.86 - - [06/Nov/2021:10:03:05 +0800] "GET /xingrg/kc/buy/cgsh_order_operate.html?command=get_materiel&rest_code=00106&code=00101006111&supplier_code=00100032&order_time=2021-11-06 HTTP/1.1" 200 409
58.37.227.186 - - [06/Nov/2021:10:03:10 +0800] "GET /xingrg/all/function/internal_message.html?_=1636164026796&CODE_STATE=getMsg HTTP/1.1" 200 27
120.253.135.82 - - [06/Nov/2021:10:03:12 +0800] "GET /xingrg/kc/buy/cgsh_order_list.html HTTP/1.1" 200 48941
101.85.238.236 - - [06/Nov/2021:10:03:12 +0800] "GET /xingrg/all/function/internal_message.html?_=1636164184771&CODE_STATE=getMsg HTTP/1.1" 200 27
120.253.135.82 - - [06/Nov/2021:10:03:13 +0800] "POST /xingrg/kc/buy/cgsh_list_operate.html HTTP/1.1" 200 876
58.40.7.146 - - [06/Nov/2021:10:03:13 +0800] "GET /xingrg/all/function/internal_message.html?_=1636164194358&CODE_STATE=getMsg HTTP/1.1" 200 27
120.253.135.82 - - [06/Nov/2021:10:03:17 +0800] "GET /xingrg/kc/pszx/jzcl_ps.html HTTP/1.1" 200 7683
120.253.135.82 - - [06/Nov/2021:10:03:17 +0800] "GET /xingrg/javascript/step/step.css HTTP/1.1" 200 999
120.253.135.82 - - [06/Nov/2021:10:03:17 +0800] "GET /xingrg/css/table.css HTTP/1.1" 200 3684
120.253.135.82 - - [06/Nov/2021:10:03:17 +0800] "GET /xingrg/javascript/tools/jquery.qtip-1.0.0-rc3.min.js HTTP/1.1" 200 38404
120.253.135.82 - - [06/Nov/2021:10:03:17 +0800] "GET /xingrg/javascript/step/images/navCurrentBtn.gif HTTP/1.1" 200 557
120.253.135.82 - - [06/Nov/2021:10:03:17 +0800] "GET /xingrg/javascript/jquery_easy_ui/themes/default/images/button_a_bg.gif HTTP/1.1" 200 1194
120.253.135.82 - - [06/Nov/2021:10:03:17 +0800] "GET /xingrg/javascript/jquery_easy_ui/themes/default/images/button_span_bg.gif HTTP/1.1" 200 2061
120.253.135.82 - - [06/Nov/2021:10:03:17 +0800] "GET /xingrg/javascript/jquery_easy_ui/themes/icons/search.png HTTP/1.1" 200 813
120.253.135.82 - - [06/Nov/2021:10:03:17 +0800] "GET /xingrg/javascript/jquery_easy_ui/themes/default/images/combo_arrow_dot.gif HTTP/1.1" 200 79
120.253.135.82 - - [06/Nov/2021:10:03:17 +0800] "POST /xingrg/all/common/load_tree.html?tree=area_rest_tree_json HTTP/1.1" 200 3472
120.253.135.82 - - [06/Nov/2021:10:03:17 +0800] "GET /xingrg/javascript/jquery_easy_ui/themes/default/images/calendar_prevmonth.gif HTTP/1.1" 200 66
120.253.135.82 - - [06/Nov/2021:10:03:17 +0800] "GET /xingrg/javascript/jquery_easy_ui/themes/default/images/calendar_nextmonth.gif HTTP/1.1" 200 64
120.253.135.82 - - [06/Nov/2021:10:03:17 +0800] "GET /xingrg/javascript/jquery_easy_ui/themes/default/images/calendar_prevyear.gif HTTP/1.1" 200 76
120.253.135.82 - - [06/Nov/2021:10:03:17 +0800] "GET /xingrg/javascript/jquery_easy_ui/themes/default/images/calendar_nextyear.gif HTTP/1.1" 200 75
120.253.135.82 - - [06/Nov/2021:10:03:17 +0800] "GET /xingrg/javascript/jquery_easy_ui/themes/default/images/datagrid_header_bg.gif HTTP/1.1" 200 97
120.253.135.82 - - [06/Nov/2021:10:03:17 +0800] "GET /xingrg/javascript/jquery_easy_ui/themes/default/images/pagination_loading.gif HTTP/1.1" 200 1737
120.253.135.82 - - [06/Nov/2021:10:03:17 +0800] "GET /xingrg/javascript/jquery_easy_ui/themes/default/images/tree_checkbox_0.gif HTTP/1.1" 200 168
120.253.135.82 - - [06/Nov/2021:10:03:17 +0800] "POST /xingrg/kc/pszx/jzcl_ps_operate.html HTTP/1.1" 200 21
120.253.135.82 - - [06/Nov/2021:10:03:17 +0800] "POST /xingrg/kc/pszx/jzcl_ps_operate.html HTTP/1.1" 200 21
120.253.135.82 - - [06/Nov/2021:10:03:19 +0800] "GET /xingrg/kc/pszx/mdps_order_list.html?orderType=0 HTTP/1.1" 200 21089
120.253.135.82 - - [06/Nov/2021:10:03:19 +0800] "POST /xingrg/kc/pszx/mdps_list_operate.html HTTP/1.1" 200 5446
180.169.147.146 - - [06/Nov/2021:10:03:20 +0800] "GET /xingrg/all/function/internal_message.html?_=1636164203722&CODE_STATE=getMsg HTTP/1.1" 200 27
116.227.210.113 - - [06/Nov/2021:10:03:21 +0800] "GET /xingrg/kc/buy/cgsh_order_operate.html?command=get_materiel&rest_code=00155&code=00101009066&supplier_code=00100037&order_time=2021-11-06 HTTP/1.1" 200 416
120.253.135.82 - - [06/Nov/2021:10:03:21 +0800] "GET /xingrg/kc/pszx/mdqp_order_list.html?state=10 HTTP/1.1" 200 10217
120.253.135.82 - - [06/Nov/2021:10:03:21 +0800] "GET /xingrg/dwr/interface/AjaxQqpsService.js HTTP/1.1" 200 16326
120.253.135.82 - - [06/Nov/2021:10:03:21 +0800] "GET /xingrg/dwr/interface/AjaxReportQueryService.js HTTP/1.1" 200 13203
120.253.135.82 - - [06/Nov/2021:10:03:21 +0800] "GET /xingrg/dwr/engine.js HTTP/1.1" 200 43631
180.169.147.146 - - [06/Nov/2021:10:03:26 +0800] "GET /xingrg/all/function/internal_message.html?_=1636164208252&CODE_STATE=getMsg HTTP/1.1" 302 -
58.39.139.200 - - [06/Nov/2021:10:03:27 +0800] "GET /xingrg/all/function/internal_message.html?_=1636164208435&CODE_STATE=getMsg HTTP/1.1" 200 27
58.221.95.50 - - [06/Nov/2021:10:03:29 +0800] "GET /xingrg/check_reg.html?_=1636164211580 HTTP/1.1" 302 -
124.78.153.86 - - [06/Nov/2021:10:03:29 +0800] "GET /xingrg/kc/buy/cgsh_order_operate.html?command=get_materiel&rest_code=00106&code=00101006062&supplier_code=00100032&order_time=2021-11-06 HTTP/1.1" 200 409
101.85.238.236 - - [06/Nov/2021:10:03:30 +0800] "GET /xingrg/kc/buy/cgsh_order_operate.html?command=get_materiel&rest_code=00102&code=00101006001&supplier_code=00100496&order_time=2021-11-05 HTTP/1.1" 200 426
114.85.125.222 - - [06/Nov/2021:10:03:31 +0800] "GET /xingrg/all/function/internal_message.html?_=1636164141791&CODE_STATE=getMsg HTTP/1.1" 200 27
116.227.210.113 - - [06/Nov/2021:10:03:31 +0800] "GET /xingrg/kc/buy/cgsh_order_operate.html?command=get_materiel&rest_code=00155&code=00101009011&supplier_code=00100037&order_time=2021-11-06 HTTP/1.1" 200 416
222.69.131.213 - - [06/Nov/2021:10:03:33 +0800] "GET /xingrg/check_reg.html?_=1636164213863 HTTP/1.1" 200 22
222.69.131.213 - - [06/Nov/2021:10:03:33 +0800] "GET /xingrg/all/function/internal_message.html?_=1636164214222&CODE_STATE=getMsg HTTP/1.1" 200 27
101.85.238.236 - - [06/Nov/2021:10:03:38 +0800] "POST /xingrg/kc/buy/cgsh_order_operate.html HTTP/1.1" 200 37
180.169.147.146 - - [06/Nov/2021:10:03:40 +0800] "GET /xingrg/all/function/internal_message.html?_=1636164224908&CODE_STATE=getMsg HTTP/1.1" 200 27
124.78.153.86 - - [06/Nov/2021:10:03:40 +0800] "GET /xingrg/all/function/internal_message.html?_=1636164227822&CODE_STATE=getMsg HTTP/1.1" 200 27
116.227.210.113 - - [06/Nov/2021:10:03:41 +0800] "GET /xingrg/kc/buy/cgsh_order_operate.html?command=get_materiel&rest_code=00155&code=00101016025&supplier_code=00100037&order_time=2021-11-06 HTTP/1.1" 200 408
101.85.238.236 - - [06/Nov/2021:10:03:41 +0800] "GET /xingrg/kc/buy/cgsh_order_operate.html?command=get_materiel&rest_code=00102&code=00101020215&supplier_code=00100047&order_time=2021-11-06 HTTP/1.1" 200 391
101.85.238.236 - - [06/Nov/2021:10:03:41 +0800] "GET /xingrg/all/function/internal_message.html?_=1636164227042&CODE_STATE=getMsg HTTP/1.1" 200 27
101.85.238.236 - - [06/Nov/2021:10:03:41 +0800] "POST /xingrg/kc/buy/cgsh_order_operate.html HTTP/1.1" 200 12
101.85.238.236 - - [06/Nov/2021:10:03:41 +0800] "GET /xingrg/kc/buy/cgsh_order_info.html?code=212021110602188 HTTP/1.1" 200 59597
101.85.238.236 - - [06/Nov/2021:10:03:42 +0800] "GET /xingrg/javascript/easyui/themes/default/validatebox.css HTTP/1.1" 404 1104
101.85.238.236 - - [06/Nov/2021:10:03:42 +0800] "POST /xingrg/kc/buy/cgsh_order_operate.html HTTP/1.1" 200 622
101.85.238.236 - - [06/Nov/2021:10:03:43 +0800] "GET /xingrg/kc/print/load_data.html?order_code=212021110602188&kc_code=cgsh&condition= HTTP/1.1" 200 721
101.85.238.236 - - [06/Nov/2021:10:03:46 +0800] "GET /xingrg/kc/buy/cgsh_order_add.html HTTP/1.1" 200 64682
101.85.238.236 - - [06/Nov/2021:10:03:46 +0800] "POST /xingrg/kc/buy/cgsh_order_operate.html HTTP/1.1" 200 8245
101.85.238.236 - - [06/Nov/2021:10:03:46 +0800] "GET /xingrg/javascript/easyui/themes/default/validatebox.css HTTP/1.1" 404 1104
120.253.135.82 - - [06/Nov/2021:10:03:46 +0800] "GET /xingrg/all/function/internal_message.html?_=1636163999706&CODE_STATE=getMsg HTTP/1.1" 200 27
124.78.153.86 - - [06/Nov/2021:10:03:47 +0800] "GET /xingrg/kc/buy/cgsh_order_operate.html?command=get_materiel&rest_code=00106&code=00101006029&supplier_code=00100032&order_time=2021-11-06 HTTP/1.1" 200 411
222.70.171.86 - - [06/Nov/2021:10:03:48 +0800] "GET /xingrg/all/function/internal_message.html?_=1636164228355&CODE_STATE=getMsg HTTP/1.1" 302 -
116.227.210.113 - - [06/Nov/2021:10:03:48 +0800] "GET /xingrg/all/function/internal_message.html?_=1636164218710&CODE_STATE=getMsg HTTP/1.1" 200 27
116.238.248.233 - - [06/Nov/2021:10:03:51 +0800] "GET /xingrg/all/function/internal_message.html?_=1636164227395&CODE_STATE=getMsg HTTP/1.1" 200 27
120.253.135.82 - - [06/Nov/2021:10:03:52 +0800] "GET /xingrg/all/function/internal_message.html?_=1636164193401&CODE_STATE=getMsg HTTP/1.1" 200 27
101.85.238.236 - - [06/Nov/2021:10:03:52 +0800] "GET /xingrg/kc/buy/cgsh_order_operate.html?command=get_materiel&rest_code=00102&code=00101011002&supplier_code=00100047&order_time=2021-11-06 HTTP/1.1" 200 427
116.227.210.113 - - [06/Nov/2021:10:03:54 +0800] "GET /xingrg/kc/buy/cgsh_order_operate.html?command=get_materiel&rest_code=00155&code=00101011004&supplier_code=00100037&order_time=2021-11-06 HTTP/1.1" 200 412
101.85.238.236 - - [06/Nov/2021:10:03:59 +0800] "GET /xingrg/kc/buy/cgsh_order_operate.html?command=get_materiel&rest_code=00102&code=00101012046&supplier_code=00100487&order_time=2021-11-05 HTTP/1.1" 200 417
101.85.238.236 - - [06/Nov/2021:10:04:01 +0800] "GET /xingrg/kc/buy/cgsh_order_operate.html?command=get_materiel&rest_code=00102&code=00101011005&supplier_code=00100047&order_time=2021-11-06 HTTP/1.1" 200 428
222.70.171.86 - - [06/Nov/2021:10:04:03 +0800] "GET /xingrg/all/function/internal_message.html?_=1636164252109&CODE_STATE=getMsg HTTP/1.1" 200 27
114.86.225.23 - - [06/Nov/2021:10:04:03 +0800] "GET /xingrg/all/function/internal_message.html?_=1636164244115&CODE_STATE=getMsg HTTP/1.1" 200 27
116.227.210.113 - - [06/Nov/2021:10:04:03 +0800] "GET /xingrg/kc/buy/cgsh_order_operate.html?command=get_materiel&rest_code=00155&code=00101011005&supplier_code=00100037&order_time=2021-11-06 HTTP/1.1" 200 428
101.85.238.236 - - [06/Nov/2021:10:04:05 +0800] "POST /xingrg/kc/buy/cgsh_order_operate.html HTTP/1.1" 200 37
124.78.153.86 - - [06/Nov/2021:10:04:07 +0800] "POST /xingrg/kc/buy/cgsh_order_operate.html HTTP/1.1" 200 37
124.78.153.86 - - [06/Nov/2021:10:04:08 +0800] "POST /xingrg/kc/buy/cgsh_order_operate.html HTTP/1.1" 200 6825
101.85.238.236 - - [06/Nov/2021:10:04:09 +0800] "POST /xingrg/kc/buy/cgsh_order_operate.html HTTP/1.1" 200 12
101.85.238.236 - - [06/Nov/2021:10:04:10 +0800] "GET /xingrg/kc/buy/cgsh_order_info.html?code=212021110602189 HTTP/1.1" 200 59601
58.37.227.186 - - [06/Nov/2021:10:04:10 +0800] "GET /xingrg/all/function/internal_message.html?_=1636164086791&CODE_STATE=getMsg HTTP/1.1" 200 27
101.85.238.236 - - [06/Nov/2021:10:04:10 +0800] "GET /xingrg/javascript/easyui/themes/default/validatebox.css HTTP/1.1" 404 1104
101.85.238.236 - - [06/Nov/2021:10:04:11 +0800] "POST /xingrg/kc/buy/cgsh_order_operate.html HTTP/1.1" 200 610
101.85.238.236 - - [06/Nov/2021:10:04:12 +0800] "GET /xingrg/kc/print/load_data.html?order_code=212021110602189&kc_code=cgsh&condition= HTTP/1.1" 200 704
124.78.153.86 - - [06/Nov/2021:10:04:13 +0800] "GET /xingrg/kc/buy/cgsh_order_add.html HTTP/1.1" 200 64717
58.40.7.146 - - [06/Nov/2021:10:04:13 +0800] "GET /xingrg/all/function/internal_message.html?_=1636164254360&CODE_STATE=getMsg HTTP/1.1" 200 27
101.85.238.236 - - [06/Nov/2021:10:04:14 +0800] "GET /xingrg/all/function/internal_message.html?_=1636164245892&CODE_STATE=getMsg HTTP/1.1" 200 27
124.78.153.86 - - [06/Nov/2021:10:04:14 +0800] "POST /xingrg/kc/buy/cgsh_order_operate.html HTTP/1.1" 200 8245
124.78.153.86 - - [06/Nov/2021:10:04:14 +0800] "GET /xingrg/javascript/easyui/themes/default/validatebox.css HTTP/1.1" 404 1104
101.85.238.236 - - [06/Nov/2021:10:04:15 +0800] "GET /xingrg/kc/buy/cgsh_order_add.html HTTP/1.1" 200 64682
101.85.238.236 - - [06/Nov/2021:10:04:15 +0800] "POST /xingrg/kc/buy/cgsh_order_operate.html HTTP/1.1" 200 8245
101.85.238.236 - - [06/Nov/2021:10:04:15 +0800] "GET /xingrg/javascript/easyui/themes/default/validatebox.css HTTP/1.1" 404 1104
101.85.238.236 - - [06/Nov/2021:10:04:16 +0800] "POST /xingrg/kc/buy/cgsh_order_operate.html HTTP/1.1" 200 37
124.78.153.86 - - [06/Nov/2021:10:04:16 +0800] "GET /xingrg/javascript/easyui/themes/default/tree.css HTTP/1.1" 404 1090
124.78.153.86 - - [06/Nov/2021:10:04:16 +0800] "POST /xingrg/all/common/load_tree.html?tree=supplier_tree_json&isDelete=1 HTTP/1.1" 200 60167
180.169.147.146 - - [06/Nov/2021:10:04:20 +0800] "GET /xingrg/all/function/internal_message.html?_=1636164263708&CODE_STATE=getMsg HTTP/1.1" 200 27
116.227.210.113 - - [06/Nov/2021:10:04:21 +0800] "POST /xingrg/kc/buy/cgsh_order_operate.html HTTP/1.1" 200 37
124.78.153.86 - - [06/Nov/2021:10:04:23 +0800] "GET /xingrg/kc/buy/buy_main.html HTTP/1.1" 200 12412
124.78.153.86 - - [06/Nov/2021:10:04:23 +0800] "GET /xingrg/css/new_ie.css HTTP/1.1" 404 1036
116.227.210.113 - - [06/Nov/2021:10:04:23 +0800] "POST /xingrg/kc/buy/cgsh_order_operate.html HTTP/1.1" 200 9781
101.85.238.236 - - [06/Nov/2021:10:04:23 +0800] "POST /xingrg/kc/buy/cgsh_order_operate.html HTTP/1.1" 200 12
124.78.153.86 - - [06/Nov/2021:10:04:24 +0800] "GET /xingrg/images/yd/bt.gif HTTP/1.1" 404 1040
124.78.153.86 - - [06/Nov/2021:10:04:24 +0800] "GET /xingrg/kc/buy/cgsh_order_list.html HTTP/1.1" 200 48941
101.85.238.236 - - [06/Nov/2021:10:04:25 +0800] "GET /xingrg/kc/buy/cgsh_order_info.html?code=212021110602191 HTTP/1.1" 200 59583
101.85.238.236 - - [06/Nov/2021:10:04:26 +0800] "GET /xingrg/javascript/easyui/themes/default/validatebox.css HTTP/1.1" 404 1104
180.169.147.146 - - [06/Nov/2021:10:04:26 +0800] "GET /xingrg/all/function/internal_message.html?_=1636164268228&CODE_STATE=getMsg HTTP/1.1" 302 -
101.85.238.236 - - [06/Nov/2021:10:04:26 +0800] "GET /xingrg/kc/buy/cgsh_order_operate.html?command=get_materiel&rest_code=00102&code=00101010535&supplier_code=00100323&order_time=2021-11-05 HTTP/1.1" 200 428
101.85.238.236 - - [06/Nov/2021:10:04:26 +0800] "POST /xingrg/kc/buy/cgsh_order_operate.html HTTP/1.1" 200 1798
58.39.139.200 - - [06/Nov/2021:10:04:27 +0800] "GET /xingrg/all/function/internal_message.html?_=1636164268435&CODE_STATE=getMsg HTTP/1.1" 200 27
124.78.153.86 - - [06/Nov/2021:10:04:28 +0800] "POST /xingrg/kc/buy/cgsh_list_operate.html HTTP/1.1" 200 2418
101.85.238.236 - - [06/Nov/2021:10:04:30 +0800] "GET /xingrg/kc/print/load_data.html?order_code=212021110602191&kc_code=cgsh&condition= HTTP/1.1" 200 1193
114.85.125.222 - - [06/Nov/2021:10:04:31 +0800] "GET /xingrg/all/function/internal_message.html?_=1636164201817&CODE_STATE=getMsg HTTP/1.1" 200 27
101.85.238.236 - - [06/Nov/2021:10:04:32 +0800] "GET /xingrg/kc/buy/cgsh_order_operate.html?command=get_materiel&rest_code=00102&code=00101001109&supplier_code=00100323&order_time=2021-11-05 HTTP/1.1" 200 415
124.78.153.86 - - [06/Nov/2021:10:04:32 +0800] "POST /xingrg/kc/buy/cgsh_list_operate.html HTTP/1.1" 200 588
222.69.131.213 - - [06/Nov/2021:10:04:33 +0800] "GET /xingrg/all/function/internal_message.html?_=1636164274214&CODE_STATE=getMsg HTTP/1.1" 200 27
124.78.153.86 - - [06/Nov/2021:10:04:33 +0800] "GET /xingrg/kc/buy/cgsh_order_info.html?code=212021110602190 HTTP/1.1" 200 64728
124.78.153.86 - - [06/Nov/2021:10:04:34 +0800] "GET /xingrg/javascript/easyui/themes/default/validatebox.css HTTP/1.1" 404 1104
124.78.153.86 - - [06/Nov/2021:10:04:34 +0800] "POST /xingrg/kc/buy/cgsh_order_operate.html HTTP/1.1" 200 6825
124.78.153.86 - - [06/Nov/2021:10:04:36 +0800] "GET /xingrg/javascript/easyui/themes/default/tree.css HTTP/1.1" 404 1090
124.78.153.86 - - [06/Nov/2021:10:04:36 +0800] "POST /xingrg/all/common/load_tree.html?tree=supplier_tree_json&isDelete=1 HTTP/1.1" 200 60167
180.169.147.146 - - [06/Nov/2021:10:04:40 +0800] "GET /xingrg/all/function/internal_message.html?_=1636164284908&CODE_STATE=getMsg HTTP/1.1" 200 27
180.169.147.146 - - [06/Nov/2021:10:04:40 +0800] "GET /xingrg/check_reg.html?_=1636164284909 HTTP/1.1" 200 22
124.78.153.86 - - [06/Nov/2021:10:04:40 +0800] "GET /xingrg/all/function/internal_message.html?_=1636164287829&CODE_STATE=getMsg HTTP/1.1" 200 27
101.85.238.236 - - [06/Nov/2021:10:04:41 +0800] "GET /xingrg/all/function/internal_message.html?_=1636164287033&CODE_STATE=getMsg HTTP/1.1" 200 27
101.85.238.236 - - [06/Nov/2021:10:04:45 +0800] "GET /xingrg/kc/buy/cgsh_order_add.html HTTP/1.1" 200 64676
120.253.135.82 - - [06/Nov/2021:10:04:47 +0800] "GET /xingrg/all/function/internal_message.html?_=1636164059721&CODE_STATE=getMsg HTTP/1.1" 200 27
101.85.238.236 - - [06/Nov/2021:10:04:47 +0800] "POST /xingrg/kc/buy/cgsh_order_operate.html HTTP/1.1" 200 8245
101.85.238.236 - - [06/Nov/2021:10:04:47 +0800] "GET /xingrg/kc/buy/cgsh_order_operate.html?command=get_materiel&rest_code=00102&code=00101010453&supplier_code=00100323&order_time=2021-11-05 HTTP/1.1" 200 403
101.85.238.236 - - [06/Nov/2021:10:04:47 +0800] "GET /xingrg/javascript/easyui/themes/default/validatebox.css HTTP/1.1" 404 1104
116.227.210.113 - - [06/Nov/2021:10:04:48 +0800] "GET /xingrg/check_reg.html?_=1636164278205 HTTP/1.1" 200 22
222.70.171.86 - - [06/Nov/2021:10:04:48 +0800] "GET /xingrg/all/function/internal_message.html?_=1636164288366&CODE_STATE=getMsg HTTP/1.1" 302 -
