180.169.147.146 - - [06/Nov/2021:09:43:08 +0800] "POST /xingrg/dwr/call/plaincall/AjaxReportQueryService.getFixDate.dwr HTTP/1.1" 200 111
101.85.238.236 - - [06/Nov/2021:09:43:10 +0800] "GET /xingrg/all/function/internal_message.html?_=1636162982505&CODE_STATE=getMsg HTTP/1.1" 200 27
58.37.227.186 - - [06/Nov/2021:09:43:10 +0800] "GET /xingrg/all/function/internal_message.html?_=1636162826749&CODE_STATE=getMsg HTTP/1.1" 200 27
180.169.147.146 - - [06/Nov/2021:09:43:11 +0800] "POST /xingrg/dwr/call/plaincall/AjaxReportQueryService.refreshCache.dwr HTTP/1.1" 200 78
180.169.147.146 - - [06/Nov/2021:09:43:11 +0800] "POST /xingrg/all/report/load_report_page.html HTTP/1.1" 200 61541
180.169.147.146 - - [06/Nov/2021:09:43:11 +0800] "GET /xingrg/servlets/image?cache=0.08346311737563417&image=px HTTP/1.1" 200 807
58.40.7.146 - - [06/Nov/2021:09:43:13 +0800] "GET /xingrg/all/function/internal_message.html?_=1636162994361&CODE_STATE=getMsg HTTP/1.1" 200 27
114.85.125.222 - - [06/Nov/2021:09:43:15 +0800] "GET /xingrg/all/function/internal_message.html?_=1636162926045&CODE_STATE=getMsg HTTP/1.1" 200 27
116.227.210.113 - - [06/Nov/2021:09:43:16 +0800] "GET /xingrg/kc/buy/cgsh_order_operate.html?command=get_materiel&rest_code=00155&code=00101002041&supplier_code=00100199&order_time=2021-11-06 HTTP/1.1" 200 409
180.169.147.146 - - [06/Nov/2021:09:43:16 +0800] "GET /xingrg/check_reg.html?_=1636163060757 HTTP/1.1" 200 22
58.39.139.200 - - [06/Nov/2021:09:43:17 +0800] "GET /xingrg/all/function/internal_message.html?_=1636162998729&CODE_STATE=getMsg HTTP/1.1" 200 27
180.169.147.146 - - [06/Nov/2021:09:43:20 +0800] "GET /xingrg/all/function/internal_message.html?_=1636163003716&CODE_STATE=getMsg HTTP/1.1" 200 27
116.227.210.113 - - [06/Nov/2021:09:43:22 +0800] "GET /xingrg/kc/buy/cgsh_order_operate.html?command=get_materiel&rest_code=00155&code=00101002006&supplier_code=00100199&order_time=2021-11-06 HTTP/1.1" 200 414
180.169.147.146 - - [06/Nov/2021:09:43:27 +0800] "GET /xingrg/all/function/internal_message.html?_=1636163008716&CODE_STATE=getMsg HTTP/1.1" 302 -
58.221.95.50 - - [06/Nov/2021:09:43:29 +0800] "GET /xingrg/check_reg.html?_=1636163011557 HTTP/1.1" 302 -
101.85.238.236 - - [06/Nov/2021:09:43:31 +0800] "POST /xingrg/kc/buy/cgsh_order_operate.html HTTP/1.1" 200 37
116.227.210.113 - - [06/Nov/2021:09:43:31 +0800] "POST /xingrg/kc/buy/cgsh_order_operate.html HTTP/1.1" 200 88
222.69.131.213 - - [06/Nov/2021:09:43:33 +0800] "GET /xingrg/check_reg.html?_=1636163013795 HTTP/1.1" 200 22
222.69.131.213 - - [06/Nov/2021:09:43:33 +0800] "GET /xingrg/all/function/internal_message.html?_=1636163014498&CODE_STATE=getMsg HTTP/1.1" 200 27
116.227.210.113 - - [06/Nov/2021:09:43:34 +0800] "POST /xingrg/kc/buy/cgsh_order_operate.html HTTP/1.1" 200 37
101.85.238.236 - - [06/Nov/2021:09:43:36 +0800] "POST /xingrg/kc/buy/cgsh_order_operate.html HTTP/1.1" 200 12
116.227.210.113 - - [06/Nov/2021:09:43:37 +0800] "POST /xingrg/kc/buy/cgsh_order_operate.html HTTP/1.1" 200 5031
222.70.171.86 - - [06/Nov/2021:09:43:38 +0800] "GET /xingrg/all/function/internal_message.html?_=1636163026844&CODE_STATE=getMsg HTTP/1.1" 302 -
116.227.210.113 - - [06/Nov/2021:09:43:38 +0800] "GET /xingrg/kc/print/load_config.html?kc_code=cgsh HTTP/1.1" 200 2281
116.227.210.113 - - [06/Nov/2021:09:43:38 +0800] "GET /xingrg/kc/print/load_data.html?order_code=212021110602175&kc_code=cgsh&condition= HTTP/1.1" 200 1591
180.169.147.146 - - [06/Nov/2021:09:43:40 +0800] "GET /xingrg/all/function/internal_message.html?_=1636163024869&CODE_STATE=getMsg HTTP/1.1" 200 27
101.85.238.236 - - [06/Nov/2021:09:43:41 +0800] "GET /xingrg/all/function/internal_message.html?_=1636163026973&CODE_STATE=getMsg HTTP/1.1" 200 27
120.253.135.82 - - [06/Nov/2021:09:43:42 +0800] "GET /xingrg/all/function/internal_message.html?_=1636162794834&CODE_STATE=getMsg HTTP/1.1" 200 27
101.85.238.236 - - [06/Nov/2021:09:43:47 +0800] "GET /xingrg/kc/buy/cgsh_order_info.html?code=212021110602173 HTTP/1.1" 200 59581
116.227.210.113 - - [06/Nov/2021:09:43:47 +0800] "GET /xingrg/all/function/internal_message.html?_=1636163018200&CODE_STATE=getMsg HTTP/1.1" 200 27
222.70.171.86 - - [06/Nov/2021:09:43:48 +0800] "GET /xingrg/all/function/internal_message.html?_=1636163028082&CODE_STATE=getMsg HTTP/1.1" 200 27
101.85.238.236 - - [06/Nov/2021:09:43:48 +0800] "GET /xingrg/javascript/easyui/themes/default/validatebox.css HTTP/1.1" 404 1104
101.85.238.236 - - [06/Nov/2021:09:43:48 +0800] "POST /xingrg/kc/buy/cgsh_order_operate.html HTTP/1.1" 200 4174
116.238.248.233 - - [06/Nov/2021:09:43:51 +0800] "GET /xingrg/all/function/internal_message.html?_=1636163027317&CODE_STATE=getMsg HTTP/1.1" 200 27
120.253.135.82 - - [06/Nov/2021:09:43:51 +0800] "GET /xingrg/all/function/internal_message.html?_=1636162992965&CODE_STATE=getMsg HTTP/1.1" 200 27
180.169.147.146 - - [06/Nov/2021:09:43:52 +0800] "GET /xingrg/all/report/report_query.html?isQuery=1&fileName=dma/new_5.0/menu/menu_hz.xml&queryString=(a.sale_day%2520between%252020211001%2520and%252020211031)%2520and%2520(a.sid%2520in%2520(11))%2520and%2520(a.tj_code%253D18)&queryText=%25E3%2580%2590%25E8%2590%25A5%25E4%25B8%259A%25E6%2597%25A5%25E6%259C%259F%253A2021-10-01%2520%25E8%2587%25B3%25202021-10-31%25E3%2580%2591%2520%25E5%25B9%25B6%25E4%25B8%2594%2520%2520%25E3%2580%2590%25E9%2597%25A8%25E5%25BA%2597%25E5%2590%258D%25E7%25A7%25B0%2520%253D%2520%25E6%25B7%25B1%25E6%25B5%25B7%25E6%25B8%2594%25E6%25B8%25AF%25E9%2595%25BF%25E5%25AF%25BF%25E8%25B7%25AF%25E3%2580%2591%2520%25E5%25B9%25B6%25E4%25B8%2594%2520%25E3%2580%2590%25E7%25BB%259F%25E8%25AE%25A1%25E7%25B1%25BB%25E5%2588%25AB%2520%253D%2520%25E6%258A%25B5%25E7%2594%25A8%25E5%2588%25B8%25E3%2580%2591 HTTP/1.1" 200 54120
180.169.147.146 - - [06/Nov/2021:09:43:52 +0800] "GET /xingrg/dwr/engine.js HTTP/1.1" 200 43631
180.169.147.146 - - [06/Nov/2021:09:43:52 +0800] "GET /favicon.ico HTTP/1.1" 404 -
180.169.147.146 - - [06/Nov/2021:09:43:53 +0800] "POST /xingrg/all/report/load_report_page.html HTTP/1.1" 200 54993
180.169.147.146 - - [06/Nov/2021:09:43:53 +0800] "GET /xingrg/servlets/image?cache=0.2253627034442991&image=px HTTP/1.1" 200 807
101.85.238.236 - - [06/Nov/2021:09:43:58 +0800] "GET /xingrg/kc/print/load_config.html?kc_code=cgsh HTTP/1.1" 200 2281
101.85.238.236 - - [06/Nov/2021:09:43:58 +0800] "GET /xingrg/kc/print/load_data.html?order_code=212021110602173&kc_code=cgsh&condition= HTTP/1.1" 200 2047
114.86.225.23 - - [06/Nov/2021:09:44:03 +0800] "GET /xingrg/all/function/internal_message.html?_=1636163044070&CODE_STATE=getMsg HTTP/1.1" 200 27
124.78.153.86 - - [06/Nov/2021:09:44:04 +0800] "GET /xingrg/all/function/internal_message.html?_=1636163051542&CODE_STATE=getMsg HTTP/1.1" 200 27
58.39.139.200 - - [06/Nov/2021:09:44:04 +0800] "GET /xingrg/kc/buy/cgsh_order_operate.html?command=get_materiel&rest_code=00105&code=00101008059&supplier_code=00100203&order_time=2021-11-06 HTTP/1.1" 200 408
58.37.227.186 - - [06/Nov/2021:09:44:10 +0800] "GET /xingrg/all/function/internal_message.html?_=1636162886752&CODE_STATE=getMsg HTTP/1.1" 200 27
101.85.238.236 - - [06/Nov/2021:09:44:11 +0800] "GET /xingrg/all/function/internal_message.html?_=1636163043690&CODE_STATE=getMsg HTTP/1.1" 200 27
58.40.7.146 - - [06/Nov/2021:09:44:13 +0800] "GET /xingrg/all/function/internal_message.html?_=1636163054363&CODE_STATE=getMsg HTTP/1.1" 200 27
58.39.139.200 - - [06/Nov/2021:09:44:15 +0800] "POST /xingrg/kc/buy/cgsh_order_operate.html HTTP/1.1" 200 37
114.85.125.222 - - [06/Nov/2021:09:44:15 +0800] "GET /xingrg/all/function/internal_message.html?_=1636162986058&CODE_STATE=getMsg HTTP/1.1" 200 27
58.39.139.200 - - [06/Nov/2021:09:44:16 +0800] "POST /xingrg/kc/buy/cgsh_order_operate.html HTTP/1.1" 200 49372
58.39.139.200 - - [06/Nov/2021:09:44:17 +0800] "GET /xingrg/all/function/internal_message.html?_=1636163058720&CODE_STATE=getMsg HTTP/1.1" 200 27
58.39.139.200 - - [06/Nov/2021:09:44:18 +0800] "GET /xingrg/kc/print/load_config.html?kc_code=cgsh HTTP/1.1" 200 2281
58.39.139.200 - - [06/Nov/2021:09:44:18 +0800] "GET /xingrg/kc/print/load_data.html?order_code=212021110602162&kc_code=cgsh&condition= HTTP/1.1" 200 18281
180.169.147.146 - - [06/Nov/2021:09:44:20 +0800] "GET /xingrg/all/function/internal_message.html?_=1636163063715&CODE_STATE=getMsg HTTP/1.1" 200 27
222.70.171.86 - - [06/Nov/2021:09:44:26 +0800] "POST /xingrg/services/DataTransmitService HTTP/1.1" 200 524
222.70.171.86 - - [06/Nov/2021:09:44:26 +0800] "POST /xingrg/services/DataTransmitService HTTP/1.1" 200 2171
180.169.147.146 - - [06/Nov/2021:09:44:26 +0800] "GET /xingrg/all/function/internal_message.html?_=1636163068688&CODE_STATE=getMsg HTTP/1.1" 302 -
222.70.171.86 - - [06/Nov/2021:09:44:27 +0800] "POST /xingrg/services/DataTransmitService HTTP/1.1" 200 164379
222.69.131.213 - - [06/Nov/2021:09:44:33 +0800] "GET /xingrg/all/function/internal_message.html?_=1636163074484&CODE_STATE=getMsg HTTP/1.1" 200 27
222.70.171.86 - - [06/Nov/2021:09:44:38 +0800] "GET /xingrg/all/function/internal_message.html?_=1636163086984&CODE_STATE=getMsg HTTP/1.1" 302 -
180.169.147.146 - - [06/Nov/2021:09:44:40 +0800] "GET /xingrg/check_reg.html?_=1636163084871 HTTP/1.1" 200 22
180.169.147.146 - - [06/Nov/2021:09:44:40 +0800] "GET /xingrg/all/function/internal_message.html?_=1636163084873&CODE_STATE=getMsg HTTP/1.1" 200 27
101.85.238.236 - - [06/Nov/2021:09:44:41 +0800] "GET /xingrg/all/function/internal_message.html?_=1636163086959&CODE_STATE=getMsg HTTP/1.1" 200 27
120.253.135.82 - - [06/Nov/2021:09:44:42 +0800] "GET /xingrg/all/function/internal_message.html?_=1636162854848&CODE_STATE=getMsg HTTP/1.1" 200 27
58.39.139.200 - - [06/Nov/2021:09:44:45 +0800] "GET /xingrg/kc/buy/cgsh_order_add.html HTTP/1.1" 200 64764
58.39.139.200 - - [06/Nov/2021:09:44:45 +0800] "POST /xingrg/kc/buy/cgsh_order_operate.html HTTP/1.1" 200 8245
58.39.139.200 - - [06/Nov/2021:09:44:45 +0800] "GET /xingrg/javascript/easyui/themes/default/validatebox.css HTTP/1.1" 404 1104
116.227.210.113 - - [06/Nov/2021:09:44:47 +0800] "GET /xingrg/check_reg.html?_=1636163078203 HTTP/1.1" 200 22
116.227.210.113 - - [06/Nov/2021:09:44:47 +0800] "GET /xingrg/all/function/internal_message.html?_=1636163078205&CODE_STATE=getMsg HTTP/1.1" 200 27
222.70.171.86 - - [06/Nov/2021:09:44:48 +0800] "GET /xingrg/all/function/internal_message.html?_=1636163088095&CODE_STATE=getMsg HTTP/1.1" 200 27
116.238.248.233 - - [06/Nov/2021:09:44:51 +0800] "GET /xingrg/all/function/internal_message.html?_=1636163087319&CODE_STATE=getMsg HTTP/1.1" 200 27
120.253.135.82 - - [06/Nov/2021:09:44:51 +0800] "GET /xingrg/all/function/internal_message.html?_=1636163052980&CODE_STATE=getMsg HTTP/1.1" 200 27
58.39.139.200 - - [06/Nov/2021:09:44:53 +0800] "GET /xingrg/kc/buy/cgsh_order_operate.html?command=get_materiel&rest_code=00105&code=00101006177&supplier_code=00100012&order_time=2021-11-06 HTTP/1.1" 200 409
114.86.225.23 - - [06/Nov/2021:09:45:03 +0800] "GET /xingrg/all/function/internal_message.html?_=1636163104072&CODE_STATE=getMsg HTTP/1.1" 200 27
124.78.153.86 - - [06/Nov/2021:09:45:04 +0800] "GET /xingrg/all/function/internal_message.html?_=1636163111543&CODE_STATE=getMsg HTTP/1.1" 200 27
124.78.153.86 - - [06/Nov/2021:09:45:04 +0800] "GET /xingrg/check_reg.html?_=1636163111547 HTTP/1.1" 200 22
58.39.139.200 - - [06/Nov/2021:09:45:06 +0800] "GET /xingrg/kc/buy/cgsh_order_operate.html?command=get_materiel&rest_code=00105&code=00101007044&supplier_code=00100012&order_time=2021-11-06 HTTP/1.1" 200 422
58.37.227.186 - - [06/Nov/2021:09:45:10 +0800] "GET /xingrg/all/function/internal_message.html?_=1636162946747&CODE_STATE=getMsg HTTP/1.1" 200 27
101.85.238.236 - - [06/Nov/2021:09:45:11 +0800] "GET /xingrg/all/function/internal_message.html?_=1636163103814&CODE_STATE=getMsg HTTP/1.1" 200 27
58.40.7.146 - - [06/Nov/2021:09:45:13 +0800] "GET /xingrg/all/function/internal_message.html?_=1636163114365&CODE_STATE=getMsg HTTP/1.1" 200 27
58.39.139.200 - - [06/Nov/2021:09:45:15 +0800] "GET /xingrg/kc/buy/cgsh_order_operate.html?command=get_materiel&rest_code=00105&code=00101006112&supplier_code=00100012&order_time=2021-11-06 HTTP/1.1" 200 409
114.85.125.222 - - [06/Nov/2021:09:45:15 +0800] "GET /xingrg/all/function/internal_message.html?_=1636163046071&CODE_STATE=getMsg HTTP/1.1" 200 27
101.85.238.236 - - [06/Nov/2021:09:45:17 +0800] "GET /xingrg/kc/buy/cgsh_order_list.html HTTP/1.1" 200 48941
58.39.139.200 - - [06/Nov/2021:09:45:17 +0800] "GET /xingrg/all/function/internal_message.html?_=1636163118762&CODE_STATE=getMsg HTTP/1.1" 200 27
101.85.238.236 - - [06/Nov/2021:09:45:18 +0800] "POST /xingrg/kc/buy/cgsh_list_operate.html HTTP/1.1" 200 876
101.85.238.236 - - [06/Nov/2021:09:45:20 +0800] "GET /xingrg/kc/buy/cgsh_order_add.html HTTP/1.1" 200 64682
180.169.147.146 - - [06/Nov/2021:09:45:20 +0800] "GET /xingrg/all/function/internal_message.html?_=1636163123717&CODE_STATE=getMsg HTTP/1.1" 200 27
101.85.238.236 - - [06/Nov/2021:09:45:20 +0800] "GET /xingrg/all/common/auto_word.html?type=employee&rest_code=00102 HTTP/1.1" 200 189
101.85.238.236 - - [06/Nov/2021:09:45:20 +0800] "GET /xingrg/javascript/easyui/themes/default/validatebox.css HTTP/1.1" 404 1104
101.85.238.236 - - [06/Nov/2021:09:45:20 +0800] "GET /xingrg/all/common/auto_word.html?type=employee&rest_code=00102 HTTP/1.1" 200 189
101.85.238.236 - - [06/Nov/2021:09:45:20 +0800] "POST /xingrg/kc/buy/cgsh_order_operate.html HTTP/1.1" 200 8245
180.169.147.146 - - [06/Nov/2021:09:45:26 +0800] "GET /xingrg/all/function/internal_message.html?_=1636163128662&CODE_STATE=getMsg HTTP/1.1" 302 -
58.39.139.200 - - [06/Nov/2021:09:45:32 +0800] "GET /xingrg/kc/buy/cgsh_order_operate.html?command=get_materiel&rest_code=00105&code=00101010248&supplier_code=00100012&order_time=2021-11-06 HTTP/1.1" 200 430
58.39.139.200 - - [06/Nov/2021:09:45:33 +0800] "POST /xingrg/all/common/load_select.html HTTP/1.1" 200 25
222.69.131.213 - - [06/Nov/2021:09:45:33 +0800] "GET /xingrg/all/function/internal_message.html?_=1636163134472&CODE_STATE=getMsg HTTP/1.1" 200 27
58.39.139.200 - - [06/Nov/2021:09:45:36 +0800] "GET /xingrg/kc/buy/cgsh_order_operate.html?command=get_materiel_price&rest_code=00105&code=00101010248&unit_code=00100043&supplier_code=00100012&order_time=2021-11-06 HTTP/1.1" 200 29
222.70.171.86 - - [06/Nov/2021:09:45:38 +0800] "GET /xingrg/all/function/internal_message.html?_=1636163146996&CODE_STATE=getMsg HTTP/1.1" 302 -
180.169.147.146 - - [06/Nov/2021:09:45:40 +0800] "GET /xingrg/all/function/internal_message.html?_=1636163144874&CODE_STATE=getMsg HTTP/1.1" 200 27
101.85.238.236 - - [06/Nov/2021:09:45:41 +0800] "GET /xingrg/all/function/internal_message.html?_=1636163146976&CODE_STATE=getMsg HTTP/1.1" 200 27
120.253.135.82 - - [06/Nov/2021:09:45:42 +0800] "GET /xingrg/all/function/internal_message.html?_=1636162914882&CODE_STATE=getMsg HTTP/1.1" 200 27
116.227.210.113 - - [06/Nov/2021:09:45:47 +0800] "GET /xingrg/all/function/internal_message.html?_=1636163138206&CODE_STATE=getMsg HTTP/1.1" 200 27
222.70.171.86 - - [06/Nov/2021:09:45:48 +0800] "GET /xingrg/all/function/internal_message.html?_=1636163148112&CODE_STATE=getMsg HTTP/1.1" 200 27
58.39.139.200 - - [06/Nov/2021:09:45:48 +0800] "GET /xingrg/kc/buy/cgsh_order_operate.html?command=get_materiel&rest_code=00105&code=00101006056&supplier_code=00100012&order_time=2021-11-06 HTTP/1.1" 200 413
116.238.248.233 - - [06/Nov/2021:09:45:51 +0800] "GET /xingrg/all/function/internal_message.html?_=1636163147323&CODE_STATE=getMsg HTTP/1.1" 200 27
116.238.248.233 - - [06/Nov/2021:09:45:51 +0800] "GET /xingrg/check_reg.html?_=1636163147324 HTTP/1.1" 200 22
120.253.135.82 - - [06/Nov/2021:09:45:51 +0800] "GET /xingrg/all/function/internal_message.html?_=1636163113020&CODE_STATE=getMsg HTTP/1.1" 200 27
114.86.225.23 - - [06/Nov/2021:09:46:03 +0800] "GET /xingrg/all/function/internal_message.html?_=1636163164074&CODE_STATE=getMsg HTTP/1.1" 200 27
124.78.153.86 - - [06/Nov/2021:09:46:04 +0800] "GET /xingrg/all/function/internal_message.html?_=1636163171548&CODE_STATE=getMsg HTTP/1.1" 200 27
114.85.125.222 - - [06/Nov/2021:09:46:08 +0800] "POST /xingrg/kc/buy/cgsh_order_operate.html HTTP/1.1" 200 37
58.39.139.200 - - [06/Nov/2021:09:46:08 +0800] "GET /xingrg/kc/buy/cgsh_order_operate.html?command=get_materiel&rest_code=00105&code=00101006109&supplier_code=00100012&order_time=2021-11-06 HTTP/1.1" 200 23
101.85.238.236 - - [06/Nov/2021:09:46:09 +0800] "GET /xingrg/check_reg.html?_=1636163161871 HTTP/1.1" 200 22
58.37.227.186 - - [06/Nov/2021:09:46:10 +0800] "GET /xingrg/all/function/internal_message.html?_=1636163006767&CODE_STATE=getMsg HTTP/1.1" 200 27
58.37.227.186 - - [06/Nov/2021:09:46:10 +0800] "GET /xingrg/check_reg.html?_=1636163006769 HTTP/1.1" 200 22
101.85.238.236 - - [06/Nov/2021:09:46:11 +0800] "GET /xingrg/all/function/internal_message.html?_=1636163163821&CODE_STATE=getMsg HTTP/1.1" 200 27
114.85.125.222 - - [06/Nov/2021:09:46:12 +0800] "POST /xingrg/kc/buy/cgsh_order_operate.html HTTP/1.1" 200 12
58.40.7.146 - - [06/Nov/2021:09:46:13 +0800] "GET /xingrg/check_reg.html?_=1636163174366 HTTP/1.1" 200 22
58.40.7.146 - - [06/Nov/2021:09:46:13 +0800] "GET /xingrg/all/function/internal_message.html?_=1636163174368&CODE_STATE=getMsg HTTP/1.1" 200 27
114.85.125.222 - - [06/Nov/2021:09:46:14 +0800] "GET /xingrg/kc/buy/cgsh_order_info.html?code=212021110602168 HTTP/1.1" 200 59246
114.85.125.222 - - [06/Nov/2021:09:46:14 +0800] "GET /xingrg/javascript/easyui/themes/default/validatebox.css HTTP/1.1" 404 1104
114.85.125.222 - - [06/Nov/2021:09:46:15 +0800] "POST /xingrg/kc/buy/cgsh_order_operate.html HTTP/1.1" 200 19143
120.253.135.82 - - [06/Nov/2021:09:46:15 +0800] "GET /xingrg/check_reg.html?_=1636163136972 HTTP/1.1" 200 22
114.85.125.222 - - [06/Nov/2021:09:46:15 +0800] "GET /xingrg/all/function/internal_message.html?_=1636163106085&CODE_STATE=getMsg HTTP/1.1" 200 27
58.39.139.200 - - [06/Nov/2021:09:46:17 +0800] "GET /xingrg/all/function/internal_message.html?_=1636163178738&CODE_STATE=getMsg HTTP/1.1" 200 27
58.39.139.200 - - [06/Nov/2021:09:46:17 +0800] "POST /xingrg/kc/buy/cgsh_order_operate.html HTTP/1.1" 200 37
114.85.125.222 - - [06/Nov/2021:09:46:18 +0800] "GET /xingrg/kc/print/load_data.html?order_code=212021110602168&kc_code=cgsh&condition= HTTP/1.1" 200 7904
180.169.147.146 - - [06/Nov/2021:09:46:20 +0800] "GET /xingrg/check_reg.html?_=1636163183720 HTTP/1.1" 200 22
180.169.147.146 - - [06/Nov/2021:09:46:20 +0800] "GET /xingrg/all/function/internal_message.html?_=1636163183722&CODE_STATE=getMsg HTTP/1.1" 200 27
116.227.210.113 - - [06/Nov/2021:09:46:20 +0800] "GET /xingrg/kc/buy/cgsh_order_add.html HTTP/1.1" 200 64688
116.227.210.113 - - [06/Nov/2021:09:46:21 +0800] "POST /xingrg/kc/buy/cgsh_order_operate.html HTTP/1.1" 200 8245
116.227.210.113 - - [06/Nov/2021:09:46:21 +0800] "GET /xingrg/javascript/easyui/themes/default/validatebox.css HTTP/1.1" 404 1104
58.39.139.200 - - [06/Nov/2021:09:46:25 +0800] "POST /xingrg/kc/buy/cgsh_order_operate.html HTTP/1.1" 200 5650
114.85.125.222 - - [06/Nov/2021:09:46:26 +0800] "POST /xingrg/kc/buy/cgsh_list_operate.html HTTP/1.1" 200 876
180.169.147.146 - - [06/Nov/2021:09:46:26 +0800] "GET /xingrg/all/function/internal_message.html?_=1636163188639&CODE_STATE=getMsg HTTP/1.1" 302 -
58.39.139.200 - - [06/Nov/2021:09:46:27 +0800] "GET /xingrg/index.html?sysBaseUrl=http%3A%2F%2F180.169.147.146%3A18081%2Fxingrg%2F&costTime=36×tamp=1585222720700 HTTP/1.1" 200 17173
58.39.139.200 - - [06/Nov/2021:09:46:27 +0800] "POST /xingrg/all/common/load_tree.html?tree=area_rest_tree_json&manage=1 HTTP/1.1" 200 3472
58.39.139.200 - - [06/Nov/2021:09:46:27 +0800] "GET /xingrg/check_reg.html?_=1636163188417 HTTP/1.1" 200 22
58.39.139.200 - - [06/Nov/2021:09:46:27 +0800] "GET /xingrg/all/function/internal_message.html?_=1636163188416&CODE_STATE=count HTTP/1.1" 200 11
58.39.139.200 - - [06/Nov/2021:09:46:27 +0800] "POST /xingrg/load_menu.html HTTP/1.1" 200 5138
58.39.139.200 - - [06/Nov/2021:09:46:27 +0800] "GET /favicon.ico HTTP/1.1" 404 -
114.85.125.222 - - [06/Nov/2021:09:46:30 +0800] "POST /xingrg/all/user/operate.html HTTP/1.1" 200 36
58.39.139.200 - - [06/Nov/2021:09:46:30 +0800] "GET /xingrg/kc/buy/cgsh_order_list.html HTTP/1.1" 200 48941
114.85.125.222 - - [06/Nov/2021:09:46:31 +0800] "GET /xingrg/javascript/jquery_easy_ui/themes/default/easyui.css HTTP/1.1" 304 -
114.85.125.222 - - [06/Nov/2021:09:46:31 +0800] "GET /xingrg/index.html?sysBaseUrl=http%3A%2F%2F180.169.147.146%3A18081%2Fxingrg%2F&costTime=94×tamp=1636011379433 HTTP/1.1" 200 17179
114.85.125.222 - - [06/Nov/2021:09:46:31 +0800] "GET /xingrg/javascript/jquery_easy_ui/themes/icon.css HTTP/1.1" 304 -
114.85.125.222 - - [06/Nov/2021:09:46:31 +0800] "GET /xingrg/css/form.css HTTP/1.1" 304 -
114.85.125.222 - - [06/Nov/2021:09:46:31 +0800] "GET /xingrg/javascript/jquery-1.4.2.min.js HTTP/1.1" 304 -
114.85.125.222 - - [06/Nov/2021:09:46:31 +0800] "GET /xingrg/javascript/jquery_easy_ui/jquery.easyui.min.js HTTP/1.1" 304 -
114.85.125.222 - - [06/Nov/2021:09:46:31 +0800] "GET /xingrg/javascript/jquery_easy_ui/easyui-lang-zh_CN.js HTTP/1.1" 304 -
114.85.125.222 - - [06/Nov/2021:09:46:31 +0800] "GET /xingrg/javascript/jquery.form.js HTTP/1.1" 304 -
114.85.125.222 - - [06/Nov/2021:09:46:31 +0800] "GET /xingrg/javascript/jquery.utils.js HTTP/1.1" 304 -
114.85.125.222 - - [06/Nov/2021:09:46:31 +0800] "GET /xingrg/javascript/jquery.timers.js HTTP/1.1" 304 -
114.85.125.222 - - [06/Nov/2021:09:46:31 +0800] "GET /xingrg/images/blue/jxLogo.png HTTP/1.1" 304 -
114.85.125.222 - - [06/Nov/2021:09:46:31 +0800] "GET /xingrg/images/blue/navBackgound.jpg HTTP/1.1" 304 -
114.85.125.222 - - [06/Nov/2021:09:46:31 +0800] "GET /xingrg/javascript/jquery_easy_ui/themes/icons/settle_new.png HTTP/1.1" 304 -
114.85.125.222 - - [06/Nov/2021:09:46:31 +0800] "POST /xingrg/all/common/load_tree.html?tree=area_rest_tree_json&manage=1 HTTP/1.1" 200 476
114.85.125.222 - - [06/Nov/2021:09:46:31 +0800] "GET /xingrg/images/blue/pingpu.png HTTP/1.1" 304 -
114.85.125.222 - - [06/Nov/2021:09:46:31 +0800] "GET /xingrg/javascript/jquery_easy_ui/themes/default/images/tabs_leftarrow.png HTTP/1.1" 304 -
114.85.125.222 - - [06/Nov/2021:09:46:31 +0800] "GET /xingrg/javascript/jquery_easy_ui/themes/default/images/tabs_rightarrow.png HTTP/1.1" 304 -
114.85.125.222 - - [06/Nov/2021:09:46:31 +0800] "GET /xingrg/javascript/jquery_easy_ui/themes/default/images/panel_tool_collapse.gif HTTP/1.1" 304 -
114.85.125.222 - - [06/Nov/2021:09:46:31 +0800] "GET /xingrg/all/function/internal_message.html?_=1636163121507&CODE_STATE=count HTTP/1.1" 200 11
114.85.125.222 - - [06/Nov/2021:09:46:31 +0800] "GET /xingrg/check_reg.html?_=1636163121507 HTTP/1.1" 200 22
114.85.125.222 - - [06/Nov/2021:09:46:31 +0800] "POST /xingrg/load_menu.html HTTP/1.1" 200 5138
116.227.210.113 - - [06/Nov/2021:09:46:31 +0800] "GET /xingrg/kc/buy/cgsh_order_operate.html?command=get_materiel&rest_code=00155&code=00101007032&supplier_code=00100002&order_time=2021-11-06 HTTP/1.1" 200 413
222.69.131.213 - - [06/Nov/2021:09:46:33 +0800] "GET /xingrg/all/function/internal_message.html?_=1636163194455&CODE_STATE=getMsg HTTP/1.1" 200 27
114.85.125.222 - - [06/Nov/2021:09:46:35 +0800] "GET /xingrg/kc/buy/cgsh_order_list.html HTTP/1.1" 200 48947
58.39.139.200 - - [06/Nov/2021:09:46:36 +0800] "POST /xingrg/kc/buy/cgsh_list_operate.html HTTP/1.1" 200 3131
222.70.171.86 - - [06/Nov/2021:09:46:38 +0800] "GET /xingrg/all/function/internal_message.html?_=1636163207132&CODE_STATE=getMsg HTTP/1.1" 302 -
116.227.210.113 - - [06/Nov/2021:09:46:39 +0800] "POST /xingrg/kc/buy/cgsh_order_operate.html HTTP/1.1" 200 37
58.39.139.200 - - [06/Nov/2021:09:46:39 +0800] "POST /xingrg/kc/buy/cgsh_list_operate.html HTTP/1.1" 200 589
58.39.139.200 - - [06/Nov/2021:09:46:39 +0800] "GET /xingrg/kc/buy/cgsh_order_info.html?code=212021110602176 HTTP/1.1" 200 64773
58.39.139.200 - - [06/Nov/2021:09:46:39 +0800] "GET /xingrg/all/common/auto_word.html?type=employee&rest_code=00105 HTTP/1.1" 200 193
58.39.139.200 - - [06/Nov/2021:09:46:39 +0800] "GET /xingrg/all/common/auto_word.html?type=employee&rest_code=00105 HTTP/1.1" 200 193
58.39.139.200 - - [06/Nov/2021:09:46:39 +0800] "GET /xingrg/javascript/easyui/themes/default/validatebox.css HTTP/1.1" 404 1104
58.39.139.200 - - [06/Nov/2021:09:46:40 +0800] "POST /xingrg/kc/buy/cgsh_order_operate.html HTTP/1.1" 200 5650
116.227.210.113 - - [06/Nov/2021:09:46:40 +0800] "POST /xingrg/kc/buy/cgsh_order_operate.html HTTP/1.1" 200 2658
180.169.147.146 - - [06/Nov/2021:09:46:40 +0800] "GET /xingrg/all/function/internal_message.html?_=1636163204876&CODE_STATE=getMsg HTTP/1.1" 200 27
114.85.125.222 - - [06/Nov/2021:09:46:40 +0800] "POST /xingrg/kc/buy/cgsh_list_operate.html HTTP/1.1" 200 2468
116.227.210.113 - - [06/Nov/2021:09:46:41 +0800] "GET /xingrg/kc/print/load_data.html?order_code=212021110602177&kc_code=cgsh&condition= HTTP/1.1" 200 747
101.85.238.236 - - [06/Nov/2021:09:46:41 +0800] "GET /xingrg/all/function/internal_message.html?_=1636163206976&CODE_STATE=getMsg HTTP/1.1" 200 27
120.253.135.82 - - [06/Nov/2021:09:46:42 +0800] "GET /xingrg/all/function/internal_message.html?_=1636162974890&CODE_STATE=getMsg HTTP/1.1" 200 27
58.39.139.200 - - [06/Nov/2021:09:46:42 +0800] "GET /xingrg/javascript/auto/indicator.gif HTTP/1.1" 404 1066
114.85.125.222 - - [06/Nov/2021:09:46:44 +0800] "POST /xingrg/kc/buy/cgsh_list_operate.html HTTP/1.1" 200 198
114.85.125.222 - - [06/Nov/2021:09:46:45 +0800] "GET /xingrg/kc/buy/cgsh_order_info.html?code=212021110602160 HTTP/1.1" 200 64662
116.227.210.113 - - [06/Nov/2021:09:46:45 +0800] "GET /xingrg/kc/buy/cgsh_order_add.html HTTP/1.1" 200 64688
114.85.125.222 - - [06/Nov/2021:09:46:45 +0800] "GET /xingrg/javascript/easyui/themes/default/validatebox.css HTTP/1.1" 404 1104
116.227.210.113 - - [06/Nov/2021:09:46:45 +0800] "POST /xingrg/kc/buy/cgsh_order_operate.html HTTP/1.1" 200 8245
116.227.210.113 - - [06/Nov/2021:09:46:45 +0800] "GET /xingrg/javascript/easyui/themes/default/validatebox.css HTTP/1.1" 404 1104
114.85.125.222 - - [06/Nov/2021:09:46:45 +0800] "POST /xingrg/kc/buy/cgsh_order_operate.html HTTP/1.1" 200 2656
116.227.210.113 - - [06/Nov/2021:09:46:47 +0800] "GET /xingrg/all/function/internal_message.html?_=1636163198212&CODE_STATE=getMsg HTTP/1.1" 200 27
222.70.171.86 - - [06/Nov/2021:09:46:48 +0800] "GET /xingrg/all/function/internal_message.html?_=1636163208122&CODE_STATE=getMsg HTTP/1.1" 200 27
222.70.171.86 - - [06/Nov/2021:09:46:49 +0800] "GET /xingrg/check_reg.html?_=1636163218397 HTTP/1.1" 302 -
114.85.125.222 - - [06/Nov/2021:09:46:50 +0800] "POST /xingrg/kc/buy/cgsh_order_operate.html HTTP/1.1" 200 37
58.39.139.200 - - [06/Nov/2021:09:46:51 +0800] "GET /xingrg/kc/buy/cgsh_order_operate.html?command=get_materiel&rest_code=00105&code=00101006109&supplier_code=00100012&order_time=2021-11-06 HTTP/1.1" 200 409
116.238.248.233 - - [06/Nov/2021:09:46:51 +0800] "GET /xingrg/all/function/internal_message.html?_=1636163207326&CODE_STATE=getMsg HTTP/1.1" 200 27
120.253.135.82 - - [06/Nov/2021:09:46:51 +0800] "GET /xingrg/all/function/internal_message.html?_=1636163173039&CODE_STATE=getMsg HTTP/1.1" 200 27
114.85.125.222 - - [06/Nov/2021:09:46:54 +0800] "POST /xingrg/kc/buy/cgsh_order_operate.html HTTP/1.1" 200 12
114.85.125.222 - - [06/Nov/2021:09:46:55 +0800] "GET /xingrg/kc/buy/cgsh_order_info.html?code=212021110602160 HTTP/1.1" 200 59566
116.227.210.113 - - [06/Nov/2021:09:46:55 +0800] "GET /xingrg/kc/buy/cgsh_order_operate.html?command=get_materiel&rest_code=00155&code=00101006055&supplier_code=00100012&order_time=2021-11-06 HTTP/1.1" 200 409
114.85.125.222 - - [06/Nov/2021:09:46:55 +0800] "GET /xingrg/javascript/easyui/themes/default/validatebox.css HTTP/1.1" 404 1104
114.85.125.222 - - [06/Nov/2021:09:46:56 +0800] "POST /xingrg/kc/buy/cgsh_order_operate.html HTTP/1.1" 200 606
114.85.125.222 - - [06/Nov/2021:09:46:57 +0800] "GET /xingrg/kc/print/load_data.html?order_code=212021110602160&kc_code=cgsh&condition= HTTP/1.1" 200 783
58.39.139.200 - - [06/Nov/2021:09:47:00 +0800] "GET /xingrg/kc/buy/cgsh_order_operate.html?command=get_materiel&rest_code=00105&code=00101006027&supplier_code=00100012&order_time=2021-11-06 HTTP/1.1" 200 408
114.86.225.23 - - [06/Nov/2021:09:47:03 +0800] "GET /xingrg/all/function/internal_message.html?_=1636163224076&CODE_STATE=getMsg HTTP/1.1" 200 27
124.78.153.86 - - [06/Nov/2021:09:47:04 +0800] "GET /xingrg/all/function/internal_message.html?_=1636163231548&CODE_STATE=getMsg HTTP/1.1" 200 27
114.85.125.222 - - [06/Nov/2021:09:47:06 +0800] "POST /xingrg/kc/buy/cgsh_list_operate.html HTTP/1.1" 200 580
114.85.125.222 - - [06/Nov/2021:09:47:07 +0800] "GET /xingrg/kc/buy/cgsh_order_info.html?code=212021110602159 HTTP/1.1" 200 64662
114.85.125.222 - - [06/Nov/2021:09:47:07 +0800] "GET /xingrg/javascript/easyui/themes/default/validatebox.css HTTP/1.1" 404 1104
116.227.210.113 - - [06/Nov/2021:09:47:10 +0800] "POST /xingrg/kc/buy/cgsh_order_operate.html HTTP/1.1" 200 37
114.85.125.222 - - [06/Nov/2021:09:47:10 +0800] "POST /xingrg/kc/buy/cgsh_order_operate.html HTTP/1.1" 200 6205
58.37.227.186 - - [06/Nov/2021:09:47:10 +0800] "GET /xingrg/all/function/internal_message.html?_=1636163066768&CODE_STATE=getMsg HTTP/1.1" 200 27
58.39.139.200 - - [06/Nov/2021:09:47:11 +0800] "GET /xingrg/kc/buy/cgsh_order_operate.html?command=get_materiel&rest_code=00105&code=00101006029&supplier_code=00100012&order_time=2021-11-06 HTTP/1.1" 200 410
101.85.238.236 - - [06/Nov/2021:09:47:11 +0800] "GET /xingrg/all/function/internal_message.html?_=1636163223836&CODE_STATE=getMsg HTTP/1.1" 200 27
116.227.210.113 - - [06/Nov/2021:09:47:13 +0800] "POST /xingrg/kc/buy/cgsh_order_operate.html HTTP/1.1" 200 2654
58.40.7.146 - - [06/Nov/2021:09:47:13 +0800] "GET /xingrg/all/function/internal_message.html?_=1636163234353&CODE_STATE=getMsg HTTP/1.1" 200 27
114.85.125.222 - - [06/Nov/2021:09:47:14 +0800] "POST /xingrg/kc/buy/cgsh_order_operate.html HTTP/1.1" 200 37
114.85.125.222 - - [06/Nov/2021:09:47:17 +0800] "POST /xingrg/kc/buy/cgsh_order_operate.html HTTP/1.1" 200 12
114.85.125.222 - - [06/Nov/2021:09:47:18 +0800] "GET /xingrg/kc/buy/cgsh_order_info.html?code=212021110602159 HTTP/1.1" 200 59566
114.85.125.222 - - [06/Nov/2021:09:47:18 +0800] "GET /xingrg/javascript/easyui/themes/default/validatebox.css HTTP/1.1" 404 1104
116.227.210.113 - - [06/Nov/2021:09:47:20 +0800] "POST /xingrg/kc/buy/cgsh_order_operate.html HTTP/1.1" 200 37
114.85.125.222 - - [06/Nov/2021:09:47:20 +0800] "POST /xingrg/kc/buy/cgsh_order_operate.html HTTP/1.1" 200 4152
180.169.147.146 - - [06/Nov/2021:09:47:20 +0800] "GET /xingrg/all/function/internal_message.html?_=1636163243706&CODE_STATE=getMsg HTTP/1.1" 200 27
116.227.210.113 - - [06/Nov/2021:09:47:21 +0800] "POST /xingrg/kc/buy/cgsh_order_operate.html HTTP/1.1" 200 2657
114.85.125.222 - - [06/Nov/2021:09:47:21 +0800] "GET /xingrg/kc/print/load_data.html?order_code=212021110602159&kc_code=cgsh&condition= HTTP/1.1" 200 2073
116.227.210.113 - - [06/Nov/2021:09:47:22 +0800] "GET /xingrg/kc/print/load_data.html?order_code=212021110602178&kc_code=cgsh&condition= HTTP/1.1" 200 773
180.169.147.146 - - [06/Nov/2021:09:47:26 +0800] "GET /xingrg/all/function/internal_message.html?_=1636163248613&CODE_STATE=getMsg HTTP/1.1" 302 -
58.39.139.200 - - [06/Nov/2021:09:47:27 +0800] "GET /xingrg/all/function/internal_message.html?_=1636163248455&CODE_STATE=getMsg HTTP/1.1" 200 27
180.169.147.146 - - [06/Nov/2021:09:47:30 +0800] "GET /xingrg/check_reg.html?_=1636163252276 HTTP/1.1" 302 -
114.85.125.222 - - [06/Nov/2021:09:47:31 +0800] "POST /xingrg/kc/buy/cgsh_list_operate.html HTTP/1.1" 200 1709
114.85.125.222 - - [06/Nov/2021:09:47:31 +0800] "GET /xingrg/all/function/internal_message.html?_=1636163181512&CODE_STATE=getMsg HTTP/1.1" 200 27
114.85.125.222 - - [06/Nov/2021:09:47:32 +0800] "POST /xingrg/kc/buy/cgsh_list_operate.html HTTP/1.1" 200 577
114.85.125.222 - - [06/Nov/2021:09:47:33 +0800] "GET /xingrg/kc/buy/cgsh_order_info.html?code=212021110602145 HTTP/1.1" 200 64662
114.85.125.222 - - [06/Nov/2021:09:47:33 +0800] "GET /xingrg/javascript/easyui/themes/default/validatebox.css HTTP/1.1" 404 1104
222.69.131.213 - - [06/Nov/2021:09:47:33 +0800] "GET /xingrg/all/function/internal_message.html?_=1636163254437&CODE_STATE=getMsg HTTP/1.1" 200 27
114.85.125.222 - - [06/Nov/2021:09:47:34 +0800] "POST /xingrg/kc/buy/cgsh_order_operate.html HTTP/1.1" 200 33424
222.70.171.86 - - [06/Nov/2021:09:47:38 +0800] "GET /xingrg/all/function/internal_message.html?_=1636163267132&CODE_STATE=getMsg HTTP/1.1" 302 -
116.227.210.113 - - [06/Nov/2021:09:47:38 +0800] "GET /xingrg/kc/print/load_data.html?order_code=212021110602178&kc_code=cgsh HTTP/1.1" 200 773
180.169.147.146 - - [06/Nov/2021:09:47:40 +0800] "GET /xingrg/all/function/internal_message.html?_=1636163264879&CODE_STATE=getMsg HTTP/1.1" 200 27
180.169.147.146 - - [06/Nov/2021:09:47:40 +0800] "GET /xingrg/javascript/easyui/themes/default/images/button_plain_hover.png HTTP/1.1" 200 144
120.253.135.82 - - [06/Nov/2021:09:47:41 +0800] "GET /xingrg/check_reg.html?_=1636163034033 HTTP/1.1" 200 22
101.85.238.236 - - [06/Nov/2021:09:47:41 +0800] "GET /xingrg/check_reg.html?_=1636163266980 HTTP/1.1" 200 22
101.85.238.236 - - [06/Nov/2021:09:47:41 +0800] "GET /xingrg/all/function/internal_message.html?_=1636163266976&CODE_STATE=getMsg HTTP/1.1" 200 27
120.253.135.82 - - [06/Nov/2021:09:47:42 +0800] "GET /xingrg/all/function/internal_message.html?_=1636163034903&CODE_STATE=getMsg HTTP/1.1" 200 27
222.70.171.86 - - [06/Nov/2021:09:47:47 +0800] "GET /xingrg/check_reg.html?_=1636163267078 HTTP/1.1" 200 22
222.70.171.86 - - [06/Nov/2021:09:47:48 +0800] "GET /xingrg/all/function/internal_message.html?_=1636163268136&CODE_STATE=getMsg HTTP/1.1" 200 27
116.227.210.113 - - [06/Nov/2021:09:47:48 +0800] "GET /xingrg/all/function/internal_message.html?_=1636163258939&CODE_STATE=getMsg HTTP/1.1" 200 27
180.169.147.146 - - [06/Nov/2021:09:47:51 +0800] "POST /xingrg/kc/base/stock_operate.html HTTP/1.1" 200 2229
116.238.248.233 - - [06/Nov/2021:09:47:51 +0800] "GET /xingrg/all/function/internal_message.html?_=1636163267328&CODE_STATE=getMsg HTTP/1.1" 200 27
120.253.135.82 - - [06/Nov/2021:09:47:51 +0800] "GET /xingrg/all/function/internal_message.html?_=1636163233053&CODE_STATE=getMsg HTTP/1.1" 200 27
180.169.147.146 - - [06/Nov/2021:09:47:53 +0800] "GET /xingrg/kc/base/stock_detail.html?m=00101003031 HTTP/1.1" 200 7286
116.227.210.113 - - [06/Nov/2021:09:47:56 +0800] "GET /xingrg/kc/buy/cgsh_order_add.html HTTP/1.1" 200 64688
116.227.210.113 - - [06/Nov/2021:09:47:56 +0800] "POST /xingrg/kc/buy/cgsh_order_operate.html HTTP/1.1" 200 8245
116.227.210.113 - - [06/Nov/2021:09:47:56 +0800] "GET /xingrg/javascript/easyui/themes/default/validatebox.css HTTP/1.1" 404 1104
180.169.147.146 - - [06/Nov/2021:09:47:57 +0800] "GET /xingrg/kc/base/stock_operate.html?_=1636163281806&command=get_report_file&start_day=20211001 HTTP/1.1" 200 53
180.169.147.146 - - [06/Nov/2021:09:47:57 +0800] "GET /xingrg/all/report/report_query.html?isQuery=1&onlyBody=1&rh=2000&fileName=kc/base/kc_stock_detail_new.xml&queryString=(1=1)&queryText=&tableQueryString=init_table$sp1$$sp$crk_table$sp1$order_day%20between%2020211001%20and%2020211130&varString=start_day:20211001,materiel_code:00101003031,cost_id:3365,end_date:20210930 HTTP/1.1" 200 48701
180.169.147.146 - - [06/Nov/2021:09:47:57 +0800] "GET /xingrg/dwr/interface/AjaxReportQueryService.js HTTP/1.1" 200 13203
180.169.147.146 - - [06/Nov/2021:09:47:57 +0800] "GET /xingrg/dwr/engine.js HTTP/1.1" 200 43631
180.169.147.146 - - [06/Nov/2021:09:47:57 +0800] "POST /xingrg/all/report/load_report_page.html HTTP/1.1" 200 103457
180.169.147.146 - - [06/Nov/2021:09:47:58 +0800] "GET /xingrg/servlets/image?cache=0.9087723843788966&image=px HTTP/1.1" 200 807
180.169.147.146 - - [06/Nov/2021:09:48:00 +0800] "GET /xingrg/kc/guide/show_order.html?code=212021102913226&type=21 HTTP/1.1" 302 -
180.169.147.146 - - [06/Nov/2021:09:48:00 +0800] "GET /xingrg/kc/buy/cgsh_order_info.html?code=212021102913226&sysBaseUrl=http%3A%2F%2F180.169.147.146%3A18081%2Fxingrg%2F&costTime=0×tamp=1636163280695 HTTP/1.1" 200 59854
180.169.147.146 - - [06/Nov/2021:09:48:00 +0800] "GET /favicon.ico HTTP/1.1" 404 -
180.169.147.146 - - [06/Nov/2021:09:48:01 +0800] "GET /xingrg/words/20211105164858_words.js HTTP/1.1" 304 -
180.169.147.146 - - [06/Nov/2021:09:48:01 +0800] "GET /xingrg/javascript/easyui/themes/default/validatebox.css HTTP/1.1" 404 1104
180.169.147.146 - - [06/Nov/2021:09:48:01 +0800] "POST /xingrg/kc/buy/cgsh_order_operate.html HTTP/1.1" 200 1235
114.86.225.23 - - [06/Nov/2021:09:48:03 +0800] "GET /xingrg/all/function/internal_message.html?_=1636163284078&CODE_STATE=getMsg HTTP/1.1" 200 27
114.86.225.23 - - [06/Nov/2021:09:48:03 +0800] "GET /xingrg/check_reg.html?_=1636163284079 HTTP/1.1" 200 22
124.78.153.86 - - [06/Nov/2021:09:48:04 +0800] "GET /xingrg/all/function/internal_message.html?_=1636163291576&CODE_STATE=getMsg HTTP/1.1" 200 27
116.227.210.113 - - [06/Nov/2021:09:48:05 +0800] "GET /xingrg/kc/buy/cgsh_order_operate.html?command=get_materiel&rest_code=00155&code=00101008155&supplier_code=00100005&order_time=2021-11-06 HTTP/1.1" 200 408
58.37.227.186 - - [06/Nov/2021:09:48:10 +0800] "GET /xingrg/all/function/internal_message.html?_=1636163126763&CODE_STATE=getMsg HTTP/1.1" 200 27
116.227.210.113 - - [06/Nov/2021:09:48:11 +0800] "GET /xingrg/kc/buy/cgsh_order_operate.html?command=get_materiel&rest_code=00155&code=00101008290&supplier_code=00100005&order_time=2021-11-06 HTTP/1.1" 200 416
101.85.238.236 - - [06/Nov/2021:09:48:11 +0800] "GET /xingrg/all/function/internal_message.html?_=1636163283849&CODE_STATE=getMsg HTTP/1.1" 200 27
58.40.7.146 - - [06/Nov/2021:09:48:13 +0800] "GET /xingrg/all/function/internal_message.html?_=1636163294355&CODE_STATE=getMsg HTTP/1.1" 200 27
116.227.210.113 - - [06/Nov/2021:09:48:16 +0800] "GET /xingrg/kc/buy/cgsh_order_operate.html?command=get_materiel&rest_code=00155&code=00101008477&supplier_code=00100005&order_time=2021-11-06 HTTP/1.1" 200 408
180.169.147.146 - - [06/Nov/2021:09:48:16 +0800] "GET /xingrg/check_reg.html?_=1636163360738 HTTP/1.1" 200 22
180.169.147.146 - - [06/Nov/2021:09:48:20 +0800] "GET /xingrg/all/function/internal_message.html?_=1636163303710&CODE_STATE=getMsg HTTP/1.1" 200 27
116.227.210.113 - - [06/Nov/2021:09:48:21 +0800] "GET /xingrg/kc/buy/cgsh_order_operate.html?command=get_materiel&rest_code=00155&code=00101008003&supplier_code=00100005&order_time=2021-11-06 HTTP/1.1" 200 408
180.169.147.146 - - [06/Nov/2021:09:48:26 +0800] "GET /xingrg/all/function/internal_message.html?_=1636163308594&CODE_STATE=getMsg HTTP/1.1" 302 -
116.227.210.113 - - [06/Nov/2021:09:48:27 +0800] "GET /xingrg/kc/buy/cgsh_order_operate.html?command=get_materiel&rest_code=00155&code=00101008087&supplier_code=00100005&order_time=2021-11-06 HTTP/1.1" 200 412
58.39.139.200 - - [06/Nov/2021:09:48:27 +0800] "GET /xingrg/all/function/internal_message.html?_=1636163308432&CODE_STATE=getMsg HTTP/1.1" 200 27
58.221.95.50 - - [06/Nov/2021:09:48:29 +0800] "GET /xingrg/check_reg.html?_=1636163311559 HTTP/1.1" 302 -
114.85.125.222 - - [06/Nov/2021:09:48:31 +0800] "GET /xingrg/all/function/internal_message.html?_=1636163241538&CODE_STATE=getMsg HTTP/1.1" 200 27
116.227.210.113 - - [06/Nov/2021:09:48:32 +0800] "GET /xingrg/kc/buy/cgsh_order_operate.html?command=get_materiel&rest_code=00155&code=00101008355&supplier_code=00100005&order_time=2021-11-06 HTTP/1.1" 200 408
222.69.131.213 - - [06/Nov/2021:09:48:33 +0800] "GET /xingrg/check_reg.html?_=1636163313798 HTTP/1.1" 200 22
222.69.131.213 - - [06/Nov/2021:09:48:33 +0800] "GET /xingrg/all/function/internal_message.html?_=1636163314423&CODE_STATE=getMsg HTTP/1.1" 200 27
58.39.139.200 - - [06/Nov/2021:09:48:35 +0800] "POST /xingrg/kc/buy/cgsh_order_operate.html HTTP/1.1" 200 37
116.227.210.113 - - [06/Nov/2021:09:48:37 +0800] "GET /xingrg/kc/buy/cgsh_order_operate.html?command=get_materiel&rest_code=00155&code=00101008357&supplier_code=00100005&order_time=2021-11-06 HTTP/1.1" 200 408
222.70.171.86 - - [06/Nov/2021:09:48:38 +0800] "GET /xingrg/all/function/internal_message.html?_=1636163327269&CODE_STATE=getMsg HTTP/1.1" 302 -
58.39.139.200 - - [06/Nov/2021:09:48:38 +0800] "POST /xingrg/kc/buy/cgsh_order_operate.html HTTP/1.1" 200 6829
180.169.147.146 - - [06/Nov/2021:09:48:40 +0800] "GET /xingrg/all/function/internal_message.html?_=1636163324886&CODE_STATE=getMsg HTTP/1.1" 200 27
101.85.238.236 - - [06/Nov/2021:09:48:41 +0800] "GET /xingrg/all/function/internal_message.html?_=1636163326984&CODE_STATE=getMsg HTTP/1.1" 200 27
120.253.135.82 - - [06/Nov/2021:09:48:42 +0800] "GET /xingrg/all/function/internal_message.html?_=1636163094917&CODE_STATE=getMsg HTTP/1.1" 200 27
58.39.139.200 - - [06/Nov/2021:09:48:43 +0800] "GET /xingrg/kc/print/load_config.html?kc_code=cgsh HTTP/1.1" 200 2281
58.39.139.200 - - [06/Nov/2021:09:48:43 +0800] "GET /xingrg/kc/print/load_data.html?order_code=212021110602176&kc_code=cgsh&condition= HTTP/1.1" 200 2352
116.227.210.113 - - [06/Nov/2021:09:48:44 +0800] "GET /xingrg/kc/buy/cgsh_order_operate.html?command=get_materiel&rest_code=00155&code=00101008108&supplier_code=00100005&order_time=2021-11-06 HTTP/1.1" 200 412
222.70.171.86 - - [06/Nov/2021:09:48:48 +0800] "GET /xingrg/all/function/internal_message.html?_=1636163328149&CODE_STATE=getMsg HTTP/1.1" 200 27
116.227.210.113 - - [06/Nov/2021:09:48:48 +0800] "GET /xingrg/all/function/internal_message.html?_=1636163318919&CODE_STATE=getMsg HTTP/1.1" 200 27
116.238.248.233 - - [06/Nov/2021:09:48:51 +0800] "GET /xingrg/all/function/internal_message.html?_=1636163327325&CODE_STATE=getMsg HTTP/1.1" 200 27
120.253.135.82 - - [06/Nov/2021:09:48:51 +0800] "GET /xingrg/all/function/internal_message.html?_=1636163293085&CODE_STATE=getMsg HTTP/1.1" 200 27
116.227.210.113 - - [06/Nov/2021:09:48:54 +0800] "GET /xingrg/kc/buy/cgsh_order_operate.html?command=get_materiel&rest_code=00155&code=00101008055&supplier_code=00100005&order_time=2021-11-06 HTTP/1.1" 200 409
58.39.139.200 - - [06/Nov/2021:09:48:58 +0800] "GET /xingrg/kc/buy/cgsh_order_list.html HTTP/1.1" 200 48941
116.227.210.113 - - [06/Nov/2021:09:49:00 +0800] "GET /xingrg/kc/buy/cgsh_order_operate.html?command=get_materiel&rest_code=00155&code=00101008010&supplier_code=00100005&order_time=2021-11-06 HTTP/1.1" 200 412
114.86.225.23 - - [06/Nov/2021:09:49:03 +0800] "GET /xingrg/all/function/internal_message.html?_=1636163344081&CODE_STATE=getMsg HTTP/1.1" 200 27
124.78.153.86 - - [06/Nov/2021:09:49:04 +0800] "GET /xingrg/all/function/internal_message.html?_=1636163351578&CODE_STATE=getMsg HTTP/1.1" 200 27
58.39.139.200 - - [06/Nov/2021:09:49:04 +0800] "POST /xingrg/kc/buy/cgsh_list_operate.html HTTP/1.1" 200 3131
116.227.210.113 - - [06/Nov/2021:09:49:06 +0800] "GET /xingrg/kc/buy/cgsh_order_operate.html?command=get_materiel&rest_code=00155&code=00101008149&supplier_code=00100005&order_time=2021-11-06 HTTP/1.1" 200 408
58.39.139.200 - - [06/Nov/2021:09:49:08 +0800] "POST /xingrg/kc/buy/cgsh_list_operate.html HTTP/1.1" 200 565
58.39.139.200 - - [06/Nov/2021:09:49:08 +0800] "GET /xingrg/kc/buy/cgsh_order_info.html?code=212021110602162 HTTP/1.1" 200 64767
58.39.139.200 - - [06/Nov/2021:09:49:09 +0800] "GET /xingrg/javascript/easyui/themes/default/validatebox.css HTTP/1.1" 404 1104
58.39.139.200 - - [06/Nov/2021:09:49:09 +0800] "POST /xingrg/kc/buy/cgsh_order_operate.html HTTP/1.1" 200 49372
58.37.227.186 - - [06/Nov/2021:09:49:10 +0800] "GET /xingrg/all/function/internal_message.html?_=1636163186769&CODE_STATE=getMsg HTTP/1.1" 200 27
58.39.139.200 - - [06/Nov/2021:09:49:10 +0800] "GET /xingrg/kc/print/load_data.html?order_code=212021110602162&kc_code=cgsh&condition= HTTP/1.1" 200 18281
101.85.238.236 - - [06/Nov/2021:09:49:12 +0800] "GET /xingrg/all/function/internal_message.html?_=1636163343960&CODE_STATE=getMsg HTTP/1.1" 200 27
116.227.210.113 - - [06/Nov/2021:09:49:12 +0800] "GET /xingrg/kc/buy/cgsh_order_operate.html?command=get_materiel&rest_code=00155&code=00101008096&supplier_code=00100005&order_time=2021-11-06 HTTP/1.1" 200 412
58.40.7.146 - - [06/Nov/2021:09:49:13 +0800] "GET /xingrg/all/function/internal_message.html?_=1636163354358&CODE_STATE=getMsg HTTP/1.1" 200 27
180.169.147.146 - - [06/Nov/2021:09:49:20 +0800] "GET /xingrg/all/function/internal_message.html?_=1636163363713&CODE_STATE=getMsg HTTP/1.1" 200 27
116.227.210.113 - - [06/Nov/2021:09:49:20 +0800] "GET /xingrg/kc/buy/cgsh_order_operate.html?command=get_materiel&rest_code=00155&code=00101008163&supplier_code=00100005&order_time=2021-11-06 HTTP/1.1" 200 409
180.169.147.146 - - [06/Nov/2021:09:49:26 +0800] "GET /xingrg/all/function/internal_message.html?_=1636163368567&CODE_STATE=getMsg HTTP/1.1" 302 -
58.39.139.200 - - [06/Nov/2021:09:49:27 +0800] "GET /xingrg/all/function/internal_message.html?_=1636163368430&CODE_STATE=getMsg HTTP/1.1" 200 27
116.227.210.113 - - [06/Nov/2021:09:49:28 +0800] "GET /xingrg/kc/buy/cgsh_order_operate.html?command=get_materiel&rest_code=00155&code=00101008141&supplier_code=00100005&order_time=2021-11-06 HTTP/1.1" 200 412
114.85.125.222 - - [06/Nov/2021:09:49:31 +0800] "GET /xingrg/all/function/internal_message.html?_=1636163301554&CODE_STATE=getMsg HTTP/1.1" 200 27
222.69.131.213 - - [06/Nov/2021:09:49:33 +0800] "GET /xingrg/all/function/internal_message.html?_=1636163374406&CODE_STATE=getMsg HTTP/1.1" 200 27
116.227.210.113 - - [06/Nov/2021:09:49:36 +0800] "GET /xingrg/kc/buy/cgsh_order_operate.html?command=get_materiel&rest_code=00155&code=00101008361&supplier_code=00100005&order_time=2021-11-06 HTTP/1.1" 200 408
222.70.171.86 - - [06/Nov/2021:09:49:38 +0800] "GET /xingrg/all/function/internal_message.html?_=1636163387284&CODE_STATE=getMsg HTTP/1.1" 302 -
180.169.147.146 - - [06/Nov/2021:09:49:40 +0800] "GET /xingrg/check_reg.html?_=1636163384882 HTTP/1.1" 200 22
180.169.147.146 - - [06/Nov/2021:09:49:40 +0800] "GET /xingrg/all/function/internal_message.html?_=1636163384888&CODE_STATE=getMsg HTTP/1.1" 200 27
101.85.238.236 - - [06/Nov/2021:09:49:41 +0800] "GET /xingrg/all/function/internal_message.html?_=1636163386977&CODE_STATE=getMsg HTTP/1.1" 200 27
120.253.135.82 - - [06/Nov/2021:09:49:42 +0800] "GET /xingrg/all/function/internal_message.html?_=1636163154930&CODE_STATE=getMsg HTTP/1.1" 200 27
116.227.210.113 - - [06/Nov/2021:09:49:42 +0800] "GET /xingrg/kc/buy/cgsh_order_operate.html?command=get_materiel&rest_code=00155&code=00101009030&supplier_code=00100005&order_time=2021-11-06 HTTP/1.1" 200 413
116.227.210.113 - - [06/Nov/2021:09:49:47 +0800] "GET /xingrg/check_reg.html?_=1636163378200 HTTP/1.1" 200 22
222.70.171.86 - - [06/Nov/2021:09:49:48 +0800] "GET /xingrg/all/function/internal_message.html?_=1636163388162&CODE_STATE=getMsg HTTP/1.1" 200 27
116.227.210.113 - - [06/Nov/2021:09:49:48 +0800] "GET /xingrg/all/function/internal_message.html?_=1636163378910&CODE_STATE=getMsg HTTP/1.1" 200 27
116.238.248.233 - - [06/Nov/2021:09:49:51 +0800] "GET /xingrg/all/function/internal_message.html?_=1636163387340&CODE_STATE=getMsg HTTP/1.1" 200 27
120.253.135.82 - - [06/Nov/2021:09:49:51 +0800] "GET /xingrg/all/function/internal_message.html?_=1636163353096&CODE_STATE=getMsg HTTP/1.1" 200 27
116.227.210.113 - - [06/Nov/2021:09:49:51 +0800] "GET /xingrg/kc/buy/cgsh_order_operate.html?command=get_materiel&rest_code=00155&code=00101009105&supplier_code=00100005&order_time=2021-11-06 HTTP/1.1" 200 391
114.85.125.222 - - [06/Nov/2021:09:49:57 +0800] "GET /xingrg/javascript/auto/indicator.gif HTTP/1.1" 404 1066
116.227.210.113 - - [06/Nov/2021:09:50:00 +0800] "GET /xingrg/kc/buy/cgsh_order_operate.html?command=get_materiel&rest_code=00155&code=00101008360&supplier_code=00100005&order_time=2021-11-06 HTTP/1.1" 200 413
114.85.125.222 - - [06/Nov/2021:09:50:02 +0800] "GET /xingrg/kc/buy/cgsh_order_operate.html?command=get_materiel&rest_code=00150&code=00101008612&supplier_code=00100007&order_time=2021-11-06 HTTP/1.1" 200 406
114.86.225.23 - - [06/Nov/2021:09:50:03 +0800] "GET /xingrg/all/function/internal_message.html?_=1636163404082&CODE_STATE=getMsg HTTP/1.1" 200 27
124.78.153.86 - - [06/Nov/2021:09:50:04 +0800] "GET /xingrg/check_reg.html?_=1636163411578 HTTP/1.1" 200 22
124.78.153.86 - - [06/Nov/2021:09:50:04 +0800] "GET /xingrg/all/function/internal_message.html?_=1636163411582&CODE_STATE=getMsg HTTP/1.1" 200 27
116.227.210.113 - - [06/Nov/2021:09:50:05 +0800] "GET /xingrg/kc/buy/cgsh_order_operate.html?command=get_materiel&rest_code=00155&code=00101008196&supplier_code=00100005&order_time=2021-11-06 HTTP/1.1" 200 416
116.227.210.113 - - [06/Nov/2021:09:50:08 +0800] "POST /xingrg/kc/buy/cgsh_order_operate.html HTTP/1.1" 200 2065
58.37.227.186 - - [06/Nov/2021:09:50:10 +0800] "GET /xingrg/all/function/internal_message.html?_=1636163246763&CODE_STATE=getMsg HTTP/1.1" 200 27
116.227.210.113 - - [06/Nov/2021:09:50:11 +0800] "GET /xingrg/kc/buy/cgsh_order_operate.html?command=get_materiel&rest_code=00155&code=00101008223&supplier_code=00100005&order_time=2021-11-06 HTTP/1.1" 200 412
101.85.238.236 - - [06/Nov/2021:09:50:12 +0800] "GET /xingrg/all/function/internal_message.html?_=1636163403971&CODE_STATE=getMsg HTTP/1.1" 200 27
58.40.7.146 - - [06/Nov/2021:09:50:13 +0800] "GET /xingrg/all/function/internal_message.html?_=1636163414361&CODE_STATE=getMsg HTTP/1.1" 200 27
116.227.210.113 - - [06/Nov/2021:09:50:19 +0800] "GET /xingrg/kc/buy/cgsh_order_operate.html?command=get_materiel&rest_code=00155&code=00101008197&supplier_code=00100005&order_time=2021-11-06 HTTP/1.1" 200 416
180.169.147.146 - - [06/Nov/2021:09:50:20 +0800] "GET /xingrg/all/function/internal_message.html?_=1636163423716&CODE_STATE=getMsg HTTP/1.1" 200 27
180.169.147.146 - - [06/Nov/2021:09:50:26 +0800] "GET /xingrg/all/function/internal_message.html?_=1636163428544&CODE_STATE=getMsg HTTP/1.1" 302 -
58.39.139.200 - - [06/Nov/2021:09:50:27 +0800] "GET /xingrg/all/function/internal_message.html?_=1636163428429&CODE_STATE=getMsg HTTP/1.1" 200 27
