114.85.125.222 - - [04/Nov/2021:10:21:52 +0800] "GET /xingrg/check_reg.html?_=1635992443112 HTTP/1.1" 200 22
101.85.120.86 - - [04/Nov/2021:10:21:52 +0800] "GET /xingrg/all/function/internal_message.html?_=1635992511402&CODE_STATE=getMsg HTTP/1.1" 200 27
114.85.125.222 - - [04/Nov/2021:10:21:53 +0800] "GET /xingrg/all/function/internal_message.html?_=1635992444387&CODE_STATE=getMsg HTTP/1.1" 200 27
101.85.238.236 - - [04/Nov/2021:10:21:55 +0800] "GET /xingrg/javascript/easyui/themes/default/tree.css HTTP/1.1" 404 1090
101.85.238.236 - - [04/Nov/2021:10:21:55 +0800] "POST /xingrg/all/common/load_tree.html?tree=supplier_tree_json&isDelete=1 HTTP/1.1" 200 60167
180.169.147.146 - - [04/Nov/2021:10:21:56 +0800] "GET /xingrg/all/function/internal_message.html?_=1635992515197&CODE_STATE=getMsg HTTP/1.1" 200 27
222.69.131.182 - - [04/Nov/2021:10:21:58 +0800] "GET /xingrg/all/function/internal_message.html?_=1635992514841&CODE_STATE=getMsg HTTP/1.1" 200 27
180.169.147.146 - - [04/Nov/2021:10:21:58 +0800] "GET /xingrg/check_reg.html?_=1635992517982 HTTP/1.1" 302 -
180.169.147.146 - - [04/Nov/2021:10:21:58 +0800] "GET /xingrg/all/function/internal_message.html?_=1635992517356&CODE_STATE=getMsg HTTP/1.1" 200 27
101.85.238.236 - - [04/Nov/2021:10:21:58 +0800] "GET /xingrg/kc/buy/cgsh_order_add.html HTTP/1.1" 200 64676
101.85.238.236 - - [04/Nov/2021:10:21:59 +0800] "POST /xingrg/kc/buy/cgsh_order_operate.html HTTP/1.1" 200 8245
101.85.238.236 - - [04/Nov/2021:10:22:00 +0800] "GET /xingrg/javascript/easyui/themes/default/validatebox.css HTTP/1.1" 404 1104
101.85.238.236 - - [04/Nov/2021:10:22:01 +0800] "GET /xingrg/javascript/easyui/themes/default/tree.css HTTP/1.1" 404 1090
101.85.238.236 - - [04/Nov/2021:10:22:01 +0800] "POST /xingrg/all/common/load_tree.html?tree=supplier_tree_json&isDelete=1 HTTP/1.1" 200 60167
101.85.120.86 - - [04/Nov/2021:10:22:04 +0800] "GET /xingrg/kc/buy/cgsh_order_operate.html?command=get_materiel&rest_code=00142&code=00101008141&supplier_code=00100161&order_time=2021-11-04 HTTP/1.1" 200 412
58.40.7.146 - - [04/Nov/2021:10:22:04 +0800] "GET /xingrg/all/function/internal_message.html?_=1635992523387&CODE_STATE=getMsg HTTP/1.1" 302 -
120.253.135.82 - - [04/Nov/2021:10:22:11 +0800] "GET /xingrg/all/function/internal_message.html?_=1635992658984&CODE_STATE=getMsg HTTP/1.1" 200 27
172.20.0.100 - - [04/Nov/2021:10:22:12 +0800] "GET /xingrg/all/function/internal_message.html?_=1635992530895&CODE_STATE=getMsg HTTP/1.1" 200 27
101.85.120.86 - - [04/Nov/2021:10:22:15 +0800] "GET /xingrg/kc/buy/cgsh_order_operate.html?command=get_materiel&rest_code=00142&code=00101008261&supplier_code=00100161&order_time=2021-11-04 HTTP/1.1" 200 408
101.85.238.236 - - [04/Nov/2021:10:22:18 +0800] "GET /xingrg/kc/buy/cgsh_order_operate.html?command=get_materiel&rest_code=00102&code=00101009124&supplier_code=00100424&order_time=2021-11-04 HTTP/1.1" 200 402
58.39.139.200 - - [04/Nov/2021:10:22:19 +0800] "GET /xingrg/all/function/internal_message.html?_=1635992537434&CODE_STATE=getMsg HTTP/1.1" 200 27
222.70.171.86 - - [04/Nov/2021:10:22:24 +0800] "GET /xingrg/check_reg.html?_=1635992543962 HTTP/1.1" 302 -
101.85.120.86 - - [04/Nov/2021:10:22:25 +0800] "GET /xingrg/kc/buy/cgsh_order_operate.html?command=get_materiel&rest_code=00142&code=00101008268&supplier_code=00100161&order_time=2021-11-04 HTTP/1.1" 200 408
222.70.171.86 - - [04/Nov/2021:10:22:27 +0800] "GET /xingrg/all/function/internal_message.html?_=1635992546674&CODE_STATE=getMsg HTTP/1.1" 302 -
180.169.147.146 - - [04/Nov/2021:10:22:27 +0800] "GET /xingrg/all/function/internal_message.html?_=1635992547392&CODE_STATE=getMsg HTTP/1.1" 302 -
124.78.153.86 - - [04/Nov/2021:10:22:29 +0800] "GET /xingrg/all/function/internal_message.html?_=1635992552890&CODE_STATE=getMsg HTTP/1.1" 200 27
116.238.248.233 - - [04/Nov/2021:10:22:31 +0800] "GET /xingrg/all/function/internal_message.html?_=1635992545470&CODE_STATE=getMsg HTTP/1.1" 200 27
101.85.238.236 - - [04/Nov/2021:10:22:34 +0800] "GET /xingrg/kc/buy/cgsh_order_operate.html?command=get_materiel&rest_code=00102&code=00101009011&supplier_code=00100424&order_time=2021-11-04 HTTP/1.1" 200 416
101.85.120.86 - - [04/Nov/2021:10:22:38 +0800] "GET /xingrg/kc/buy/cgsh_order_operate.html?command=get_materiel&rest_code=00142&code=00101008059&supplier_code=00100161&order_time=2021-11-04 HTTP/1.1" 200 408
101.85.238.236 - - [04/Nov/2021:10:22:41 +0800] "GET /xingrg/kc/buy/cgsh_order_operate.html?command=get_materiel&rest_code=00102&code=00101009109&supplier_code=00100424&order_time=2021-11-04 HTTP/1.1" 200 399
120.253.135.82 - - [04/Nov/2021:10:22:42 +0800] "GET /xingrg/all/function/internal_message.html?_=1635992332350&CODE_STATE=getMsg HTTP/1.1" 200 27
120.253.135.82 - - [04/Nov/2021:10:22:42 +0800] "GET /xingrg/all/function/internal_message.html?_=1635992560400&CODE_STATE=getMsg HTTP/1.1" 200 27
222.70.171.86 - - [04/Nov/2021:10:22:50 +0800] "GET /xingrg/all/function/internal_message.html?_=1635992562169&CODE_STATE=getMsg HTTP/1.1" 200 27
101.85.120.86 - - [04/Nov/2021:10:22:52 +0800] "GET /xingrg/all/function/internal_message.html?_=1635992571407&CODE_STATE=getMsg HTTP/1.1" 200 27
114.85.125.222 - - [04/Nov/2021:10:22:53 +0800] "GET /xingrg/all/function/internal_message.html?_=1635992504390&CODE_STATE=getMsg HTTP/1.1" 200 27
101.85.238.236 - - [04/Nov/2021:10:22:54 +0800] "GET /xingrg/kc/buy/cgsh_order_operate.html?command=get_materiel&rest_code=00102&code=00101001010&supplier_code=00100424&order_time=2021-11-04 HTTP/1.1" 200 411
180.169.147.146 - - [04/Nov/2021:10:22:56 +0800] "GET /xingrg/all/function/internal_message.html?_=1635992575191&CODE_STATE=getMsg HTTP/1.1" 200 27
180.169.147.146 - - [04/Nov/2021:10:22:56 +0800] "GET /xingrg/check_reg.html?_=1635992575193 HTTP/1.1" 200 22
101.85.120.86 - - [04/Nov/2021:10:22:57 +0800] "GET /xingrg/kc/buy/cgsh_order_operate.html?command=get_materiel&rest_code=00142&code=00101008361&supplier_code=00100161&order_time=2021-11-04 HTTP/1.1" 200 408
222.69.131.182 - - [04/Nov/2021:10:22:58 +0800] "GET /xingrg/all/function/internal_message.html?_=1635992574843&CODE_STATE=getMsg HTTP/1.1" 200 27
180.169.147.146 - - [04/Nov/2021:10:22:58 +0800] "GET /xingrg/all/function/internal_message.html?_=1635992577358&CODE_STATE=getMsg HTTP/1.1" 200 27
58.40.7.146 - - [04/Nov/2021:10:23:04 +0800] "GET /xingrg/all/function/internal_message.html?_=1635992583391&CODE_STATE=getMsg HTTP/1.1" 302 -
58.40.7.146 - - [04/Nov/2021:10:23:04 +0800] "GET /xingrg/check_reg.html?_=1635992583393 HTTP/1.1" 302 -
101.85.120.86 - - [04/Nov/2021:10:23:07 +0800] "GET /xingrg/kc/buy/cgsh_order_operate.html?command=get_materiel&rest_code=00142&code=00101008155&supplier_code=00100161&order_time=2021-11-04 HTTP/1.1" 200 408
120.253.135.82 - - [04/Nov/2021:10:23:11 +0800] "GET /xingrg/all/function/internal_message.html?_=1635992719161&CODE_STATE=getMsg HTTP/1.1" 200 27
172.20.0.100 - - [04/Nov/2021:10:23:12 +0800] "GET /xingrg/all/function/internal_message.html?_=1635992590867&CODE_STATE=getMsg HTTP/1.1" 200 27
58.39.139.200 - - [04/Nov/2021:10:23:19 +0800] "GET /xingrg/all/function/internal_message.html?_=1635992597404&CODE_STATE=getMsg HTTP/1.1" 200 27
58.39.139.200 - - [04/Nov/2021:10:23:20 +0800] "GET /xingrg/check_reg.html?_=1635992598649 HTTP/1.1" 200 22
101.85.120.86 - - [04/Nov/2021:10:23:21 +0800] "GET /xingrg/kc/buy/cgsh_order_operate.html?command=get_materiel&rest_code=00142&code=00101008355&supplier_code=00100161&order_time=2021-11-04 HTTP/1.1" 200 408
101.85.238.236 - - [04/Nov/2021:10:23:21 +0800] "GET /xingrg/kc/buy/cgsh_order_operate.html?command=get_materiel&rest_code=00102&code=00101009066&supplier_code=00100424&order_time=2021-11-04 HTTP/1.1" 200 436
222.70.171.86 - - [04/Nov/2021:10:23:27 +0800] "GET /xingrg/all/function/internal_message.html?_=1635992606707&CODE_STATE=getMsg HTTP/1.1" 302 -
180.169.147.146 - - [04/Nov/2021:10:23:27 +0800] "GET /xingrg/all/function/internal_message.html?_=1635992607365&CODE_STATE=getMsg HTTP/1.1" 302 -
124.78.153.86 - - [04/Nov/2021:10:23:29 +0800] "GET /xingrg/all/function/internal_message.html?_=1635992612890&CODE_STATE=getMsg HTTP/1.1" 200 27
101.85.238.236 - - [04/Nov/2021:10:23:30 +0800] "GET /xingrg/kc/buy/cgsh_order_operate.html?command=get_materiel&rest_code=00102&code=00101009063&supplier_code=00100424&order_time=2021-11-04 HTTP/1.1" 200 410
116.238.248.233 - - [04/Nov/2021:10:23:31 +0800] "GET /xingrg/all/function/internal_message.html?_=1635992605470&CODE_STATE=getMsg HTTP/1.1" 200 27
116.238.248.233 - - [04/Nov/2021:10:23:31 +0800] "GET /xingrg/check_reg.html?_=1635992605471 HTTP/1.1" 200 22
101.85.120.86 - - [04/Nov/2021:10:23:32 +0800] "GET /xingrg/kc/buy/cgsh_order_operate.html?command=get_materiel&rest_code=00142&code=00101008024&supplier_code=00100161&order_time=2021-11-04 HTTP/1.1" 200 408
120.253.135.82 - - [04/Nov/2021:10:23:42 +0800] "GET /xingrg/all/function/internal_message.html?_=1635992392363&CODE_STATE=getMsg HTTP/1.1" 200 27
120.253.135.82 - - [04/Nov/2021:10:23:42 +0800] "GET /xingrg/all/function/internal_message.html?_=1635992620400&CODE_STATE=getMsg HTTP/1.1" 200 27
101.85.120.86 - - [04/Nov/2021:10:23:43 +0800] "GET /xingrg/kc/buy/cgsh_order_operate.html?command=get_materiel&rest_code=00142&code=00101008356&supplier_code=00100161&order_time=2021-11-04 HTTP/1.1" 200 409
222.70.171.86 - - [04/Nov/2021:10:23:50 +0800] "GET /xingrg/all/function/internal_message.html?_=1635992622188&CODE_STATE=getMsg HTTP/1.1" 200 27
101.85.120.86 - - [04/Nov/2021:10:23:52 +0800] "GET /xingrg/all/function/internal_message.html?_=1635992631395&CODE_STATE=getMsg HTTP/1.1" 200 27
114.85.125.222 - - [04/Nov/2021:10:23:53 +0800] "GET /xingrg/all/function/internal_message.html?_=1635992564404&CODE_STATE=getMsg HTTP/1.1" 200 27
101.85.120.86 - - [04/Nov/2021:10:23:54 +0800] "GET /xingrg/kc/buy/cgsh_order_operate.html?command=get_materiel&rest_code=00142&code=00101008286&supplier_code=00100161&order_time=2021-11-04 HTTP/1.1" 200 408
101.85.238.236 - - [04/Nov/2021:10:23:56 +0800] "GET /xingrg/kc/buy/cgsh_order_operate.html?command=get_materiel&rest_code=00102&code=00101009016&supplier_code=00100424&order_time=2021-11-04 HTTP/1.1" 200 412
180.169.147.146 - - [04/Nov/2021:10:23:56 +0800] "GET /xingrg/all/function/internal_message.html?_=1635992635201&CODE_STATE=getMsg HTTP/1.1" 200 27
222.69.131.182 - - [04/Nov/2021:10:23:58 +0800] "GET /xingrg/all/function/internal_message.html?_=1635992634841&CODE_STATE=getMsg HTTP/1.1" 200 27
222.69.131.182 - - [04/Nov/2021:10:23:58 +0800] "GET /xingrg/check_reg.html?_=1635992634843 HTTP/1.1" 200 22
180.169.147.146 - - [04/Nov/2021:10:23:58 +0800] "GET /xingrg/all/function/internal_message.html?_=1635992637360&CODE_STATE=getMsg HTTP/1.1" 200 27
58.221.95.50 - - [04/Nov/2021:10:23:58 +0800] "POST /xingrg/kc/buy/cgsh_order_operate.html HTTP/1.1" 200 2678
101.85.238.236 - - [04/Nov/2021:10:24:04 +0800] "GET /xingrg/kc/buy/cgsh_order_operate.html?command=get_materiel&rest_code=00102&code=00101009013&supplier_code=00100424&order_time=2021-11-04 HTTP/1.1" 200 420
58.40.7.146 - - [04/Nov/2021:10:24:04 +0800] "GET /xingrg/all/function/internal_message.html?_=1635992643378&CODE_STATE=getMsg HTTP/1.1" 302 -
101.85.120.86 - - [04/Nov/2021:10:24:08 +0800] "GET /xingrg/kc/buy/cgsh_order_operate.html?command=get_materiel&rest_code=00142&code=00101008351&supplier_code=00100161&order_time=2021-11-04 HTTP/1.1" 200 408
120.253.135.82 - - [04/Nov/2021:10:24:11 +0800] "GET /xingrg/all/function/internal_message.html?_=1635992779164&CODE_STATE=getMsg HTTP/1.1" 200 27
172.20.0.100 - - [04/Nov/2021:10:24:12 +0800] "GET /xingrg/all/function/internal_message.html?_=1635992650841&CODE_STATE=getMsg HTTP/1.1" 200 27
58.39.139.200 - - [04/Nov/2021:10:24:19 +0800] "GET /xingrg/all/function/internal_message.html?_=1635992657376&CODE_STATE=getMsg HTTP/1.1" 200 27
101.85.120.86 - - [04/Nov/2021:10:24:21 +0800] "GET /xingrg/kc/buy/cgsh_order_operate.html?command=get_materiel&rest_code=00142&code=00101008366&supplier_code=00100161&order_time=2021-11-04 HTTP/1.1" 200 408
58.221.95.50 - - [04/Nov/2021:10:24:21 +0800] "GET /xingrg/all/function/internal_message.html?_=1635992661135&CODE_STATE=getMsg HTTP/1.1" 200 27
222.70.171.86 - - [04/Nov/2021:10:24:27 +0800] "GET /xingrg/all/function/internal_message.html?_=1635992666716&CODE_STATE=getMsg HTTP/1.1" 302 -
180.169.147.146 - - [04/Nov/2021:10:24:27 +0800] "GET /xingrg/all/function/internal_message.html?_=1635992667338&CODE_STATE=getMsg HTTP/1.1" 302 -
124.78.153.86 - - [04/Nov/2021:10:24:29 +0800] "GET /xingrg/all/function/internal_message.html?_=1635992672891&CODE_STATE=getMsg HTTP/1.1" 200 27
116.238.248.233 - - [04/Nov/2021:10:24:31 +0800] "GET /xingrg/all/function/internal_message.html?_=1635992665468&CODE_STATE=getMsg HTTP/1.1" 200 27
101.85.120.86 - - [04/Nov/2021:10:24:33 +0800] "GET /xingrg/kc/buy/cgsh_order_operate.html?command=get_materiel&rest_code=00142&code=00101008312&supplier_code=00100161&order_time=2021-11-04 HTTP/1.1" 200 412
120.253.135.82 - - [04/Nov/2021:10:24:42 +0800] "GET /xingrg/check_reg.html?_=1635992452053 HTTP/1.1" 200 22
120.253.135.82 - - [04/Nov/2021:10:24:42 +0800] "GET /xingrg/all/function/internal_message.html?_=1635992452376&CODE_STATE=getMsg HTTP/1.1" 200 27
101.85.238.236 - - [04/Nov/2021:10:24:42 +0800] "POST /xingrg/kc/buy/cgsh_order_operate.html HTTP/1.1" 200 37
120.253.135.82 - - [04/Nov/2021:10:24:42 +0800] "GET /xingrg/all/function/internal_message.html?_=1635992680400&CODE_STATE=getMsg HTTP/1.1" 200 27
101.85.120.86 - - [04/Nov/2021:10:24:44 +0800] "GET /xingrg/kc/buy/cgsh_order_operate.html?command=get_materiel&rest_code=00142&code=00101008264&supplier_code=00100161&order_time=2021-11-04 HTTP/1.1" 200 412
222.70.171.86 - - [04/Nov/2021:10:24:50 +0800] "GET /xingrg/all/function/internal_message.html?_=1635992682196&CODE_STATE=getMsg HTTP/1.1" 200 27
101.85.120.86 - - [04/Nov/2021:10:24:52 +0800] "GET /xingrg/check_reg.html?_=1635992691392 HTTP/1.1" 200 22
101.85.120.86 - - [04/Nov/2021:10:24:52 +0800] "GET /xingrg/all/function/internal_message.html?_=1635992691394&CODE_STATE=getMsg HTTP/1.1" 200 27
114.85.125.222 - - [04/Nov/2021:10:24:53 +0800] "GET /xingrg/all/function/internal_message.html?_=1635992624471&CODE_STATE=getMsg HTTP/1.1" 200 27
101.85.238.236 - - [04/Nov/2021:10:24:54 +0800] "POST /xingrg/kc/buy/cgsh_order_operate.html HTTP/1.1" 200 7406
101.85.120.86 - - [04/Nov/2021:10:24:55 +0800] "GET /xingrg/kc/buy/cgsh_order_operate.html?command=get_materiel&rest_code=00142&code=00101016057&supplier_code=00100161&order_time=2021-11-04 HTTP/1.1" 200 408
180.169.147.146 - - [04/Nov/2021:10:24:56 +0800] "GET /xingrg/all/function/internal_message.html?_=1635992695192&CODE_STATE=getMsg HTTP/1.1" 200 27
222.69.131.182 - - [04/Nov/2021:10:24:58 +0800] "GET /xingrg/all/function/internal_message.html?_=1635992694848&CODE_STATE=getMsg HTTP/1.1" 200 27
180.169.147.146 - - [04/Nov/2021:10:24:58 +0800] "GET /xingrg/all/function/internal_message.html?_=1635992697362&CODE_STATE=getMsg HTTP/1.1" 200 27
101.85.120.86 - - [04/Nov/2021:10:24:58 +0800] "POST /xingrg/kc/buy/cgsh_order_operate.html HTTP/1.1" 200 2065
58.40.7.146 - - [04/Nov/2021:10:25:04 +0800] "GET /xingrg/all/function/internal_message.html?_=1635992703380&CODE_STATE=getMsg HTTP/1.1" 302 -
101.85.120.86 - - [04/Nov/2021:10:25:04 +0800] "GET /xingrg/kc/buy/cgsh_order_operate.html?command=get_materiel&rest_code=00142&code=00101012051&supplier_code=00100161&order_time=2021-11-04 HTTP/1.1" 200 408
120.253.135.82 - - [04/Nov/2021:10:25:11 +0800] "GET /xingrg/all/function/internal_message.html?_=1635992839354&CODE_STATE=getMsg HTTP/1.1" 200 27
172.20.0.100 - - [04/Nov/2021:10:25:12 +0800] "GET /xingrg/all/function/internal_message.html?_=1635992710815&CODE_STATE=getMsg HTTP/1.1" 200 27
101.85.120.86 - - [04/Nov/2021:10:25:14 +0800] "GET /xingrg/kc/buy/cgsh_order_operate.html?command=get_materiel&rest_code=00142&code=00101008298&supplier_code=00100161&order_time=2021-11-04 HTTP/1.1" 200 412
58.39.139.200 - - [04/Nov/2021:10:25:19 +0800] "GET /xingrg/all/function/internal_message.html?_=1635992717354&CODE_STATE=getMsg HTTP/1.1" 200 27
58.221.95.50 - - [04/Nov/2021:10:25:21 +0800] "GET /xingrg/all/function/internal_message.html?_=1635992721107&CODE_STATE=getMsg HTTP/1.1" 200 27
180.169.147.146 - - [04/Nov/2021:10:25:27 +0800] "GET /xingrg/all/function/internal_message.html?_=1635992727314&CODE_STATE=getMsg HTTP/1.1" 302 -
222.70.171.86 - - [04/Nov/2021:10:25:27 +0800] "GET /xingrg/all/function/internal_message.html?_=1635992726742&CODE_STATE=getMsg HTTP/1.1" 302 -
124.78.153.86 - - [04/Nov/2021:10:25:29 +0800] "GET /xingrg/all/function/internal_message.html?_=1635992732891&CODE_STATE=getMsg HTTP/1.1" 200 27
101.85.120.86 - - [04/Nov/2021:10:25:29 +0800] "GET /xingrg/kc/buy/cgsh_order_operate.html?command=get_materiel&rest_code=00142&code=00101008354&supplier_code=00100161&order_time=2021-11-04 HTTP/1.1" 200 412
116.238.248.233 - - [04/Nov/2021:10:25:31 +0800] "GET /xingrg/all/function/internal_message.html?_=1635992725475&CODE_STATE=getMsg HTTP/1.1" 200 27
222.69.131.182 - - [04/Nov/2021:10:25:34 +0800] "POST /xingrg/services/DataTransmitService HTTP/1.1" 200 524
222.69.131.182 - - [04/Nov/2021:10:25:34 +0800] "POST /xingrg/services/DataTransmitService HTTP/1.1" 200 1979
222.69.131.182 - - [04/Nov/2021:10:25:35 +0800] "POST /xingrg/services/DataTransmitService HTTP/1.1" 200 130776
120.253.135.82 - - [04/Nov/2021:10:25:36 +0800] "GET /xingrg/check_reg.html?_=1635992864386 HTTP/1.1" 200 22
222.70.181.70 - - [04/Nov/2021:10:25:38 +0800] "POST /xingrg/services/DataTransmitService HTTP/1.1" 200 524
120.253.135.82 - - [04/Nov/2021:10:25:42 +0800] "GET /xingrg/all/function/internal_message.html?_=1635992512390&CODE_STATE=getMsg HTTP/1.1" 200 27
120.253.135.82 - - [04/Nov/2021:10:25:42 +0800] "GET /xingrg/all/function/internal_message.html?_=1635992740389&CODE_STATE=getMsg HTTP/1.1" 200 27
101.85.120.86 - - [04/Nov/2021:10:25:44 +0800] "GET /xingrg/kc/buy/cgsh_order_operate.html?command=get_materiel&rest_code=00142&code=00101008182&supplier_code=00100161&order_time=2021-11-04 HTTP/1.1" 200 432
222.70.171.86 - - [04/Nov/2021:10:25:50 +0800] "GET /xingrg/check_reg.html?_=1635992741782 HTTP/1.1" 200 22
222.70.171.86 - - [04/Nov/2021:10:25:50 +0800] "GET /xingrg/all/function/internal_message.html?_=1635992742210&CODE_STATE=getMsg HTTP/1.1" 200 27
101.85.120.86 - - [04/Nov/2021:10:25:52 +0800] "GET /xingrg/all/function/internal_message.html?_=1635992751422&CODE_STATE=getMsg HTTP/1.1" 200 27
58.37.227.186 - - [04/Nov/2021:10:25:53 +0800] "GET /xingrg/check_reg.html?_=1635992588497 HTTP/1.1" 302 -
114.85.125.222 - - [04/Nov/2021:10:25:53 +0800] "GET /xingrg/all/function/internal_message.html?_=1635992684477&CODE_STATE=getMsg HTTP/1.1" 200 27
180.169.147.146 - - [04/Nov/2021:10:25:56 +0800] "GET /xingrg/all/function/internal_message.html?_=1635992755204&CODE_STATE=getMsg HTTP/1.1" 200 27
101.85.120.86 - - [04/Nov/2021:10:25:57 +0800] "GET /xingrg/kc/buy/cgsh_order_operate.html?command=get_materiel&rest_code=00142&code=00101008307&supplier_code=00100161&order_time=2021-11-04 HTTP/1.1" 200 420
222.69.131.182 - - [04/Nov/2021:10:25:58 +0800] "GET /xingrg/all/function/internal_message.html?_=1635992754860&CODE_STATE=getMsg HTTP/1.1" 200 27
180.169.147.146 - - [04/Nov/2021:10:25:58 +0800] "GET /xingrg/check_reg.html?_=1635992757364 HTTP/1.1" 200 22
180.169.147.146 - - [04/Nov/2021:10:25:58 +0800] "GET /xingrg/all/function/internal_message.html?_=1635992757366&CODE_STATE=getMsg HTTP/1.1" 200 27
101.85.120.86 - - [04/Nov/2021:10:25:59 +0800] "POST /xingrg/kc/buy/cgsh_order_operate.html HTTP/1.1" 200 2065
58.40.7.146 - - [04/Nov/2021:10:26:04 +0800] "GET /xingrg/all/function/internal_message.html?_=1635992763383&CODE_STATE=getMsg HTTP/1.1" 302 -
101.85.120.86 - - [04/Nov/2021:10:26:07 +0800] "GET /xingrg/kc/buy/cgsh_order_operate.html?command=get_materiel&rest_code=00142&code=00101008069&supplier_code=00100161&order_time=2021-11-04 HTTP/1.1" 200 412
120.253.135.82 - - [04/Nov/2021:10:26:11 +0800] "GET /xingrg/all/function/internal_message.html?_=1635992899364&CODE_STATE=getMsg HTTP/1.1" 200 27
172.20.0.100 - - [04/Nov/2021:10:26:11 +0800] "GET /xingrg/check_reg.html?_=1635992770271 HTTP/1.1" 200 22
172.20.0.100 - - [04/Nov/2021:10:26:12 +0800] "GET /xingrg/all/function/internal_message.html?_=1635992770791&CODE_STATE=getMsg HTTP/1.1" 200 27
116.227.210.113 - - [04/Nov/2021:10:26:13 +0800] "GET /favicon.ico HTTP/1.1" 404 -
101.85.120.86 - - [04/Nov/2021:10:26:16 +0800] "GET /xingrg/kc/buy/cgsh_order_operate.html?command=get_materiel&rest_code=00142&code=00101008352&supplier_code=00100161&order_time=2021-11-04 HTTP/1.1" 200 412
58.39.139.200 - - [04/Nov/2021:10:26:18 +0800] "GET /xingrg/all/function/internal_message.html?_=1635992777329&CODE_STATE=getMsg HTTP/1.1" 200 27
58.221.95.50 - - [04/Nov/2021:10:26:21 +0800] "GET /xingrg/all/function/internal_message.html?_=1635992781078&CODE_STATE=getMsg HTTP/1.1" 200 27
58.221.95.50 - - [04/Nov/2021:10:26:21 +0800] "GET /xingrg/check_reg.html?_=1635992781130 HTTP/1.1" 200 22
180.169.147.146 - - [04/Nov/2021:10:26:27 +0800] "GET /xingrg/all/function/internal_message.html?_=1635992787290&CODE_STATE=getMsg HTTP/1.1" 302 -
222.70.171.86 - - [04/Nov/2021:10:26:27 +0800] "GET /xingrg/all/function/internal_message.html?_=1635992786743&CODE_STATE=getMsg HTTP/1.1" 302 -
101.85.120.86 - - [04/Nov/2021:10:26:29 +0800] "GET /xingrg/kc/buy/cgsh_order_operate.html?command=get_materiel&rest_code=00142&code=00101012024&supplier_code=00100161&order_time=2021-11-04 HTTP/1.1" 200 408
124.78.153.86 - - [04/Nov/2021:10:26:29 +0800] "GET /xingrg/check_reg.html?_=1635992792891 HTTP/1.1" 200 22
124.78.153.86 - - [04/Nov/2021:10:26:29 +0800] "GET /xingrg/all/function/internal_message.html?_=1635992792894&CODE_STATE=getMsg HTTP/1.1" 200 27
101.85.238.236 - - [04/Nov/2021:10:26:30 +0800] "GET /xingrg/check_reg.html?_=1635992779236 HTTP/1.1" 200 22
116.238.248.233 - - [04/Nov/2021:10:26:31 +0800] "GET /xingrg/all/function/internal_message.html?_=1635992785473&CODE_STATE=getMsg HTTP/1.1" 200 27
180.169.147.146 - - [04/Nov/2021:10:26:34 +0800] "POST /xingrg/all/user/operate.html HTTP/1.1" 200 36
180.169.147.146 - - [04/Nov/2021:10:26:35 +0800] "GET /xingrg/index.html?sysBaseUrl=http%3A%2F%2F180.169.147.146%3A18081%2Fxingrg%2F&costTime=41×tamp=1635989070725 HTTP/1.1" 200 17503
180.169.147.146 - - [04/Nov/2021:10:26:35 +0800] "GET /xingrg/javascript/jquery_easy_ui/themes/default/easyui.css HTTP/1.1" 304 -
180.169.147.146 - - [04/Nov/2021:10:26:35 +0800] "GET /xingrg/javascript/jquery_easy_ui/themes/icon.css HTTP/1.1" 304 -
180.169.147.146 - - [04/Nov/2021:10:26:35 +0800] "GET /xingrg/css/form.css HTTP/1.1" 304 -
180.169.147.146 - - [04/Nov/2021:10:26:35 +0800] "GET /xingrg/javascript/jquery-1.4.2.min.js HTTP/1.1" 304 -
180.169.147.146 - - [04/Nov/2021:10:26:35 +0800] "GET /xingrg/javascript/jquery_easy_ui/jquery.easyui.min.js HTTP/1.1" 304 -
180.169.147.146 - - [04/Nov/2021:10:26:35 +0800] "GET /xingrg/javascript/jquery_easy_ui/easyui-lang-zh_CN.js HTTP/1.1" 304 -
180.169.147.146 - - [04/Nov/2021:10:26:35 +0800] "GET /xingrg/javascript/jquery.form.js HTTP/1.1" 304 -
180.169.147.146 - - [04/Nov/2021:10:26:35 +0800] "GET /xingrg/javascript/jquery.utils.js HTTP/1.1" 304 -
180.169.147.146 - - [04/Nov/2021:10:26:35 +0800] "GET /xingrg/javascript/jquery.timers.js HTTP/1.1" 304 -
180.169.147.146 - - [04/Nov/2021:10:26:35 +0800] "GET /xingrg/images/blue/jxLogo.png HTTP/1.1" 304 -
180.169.147.146 - - [04/Nov/2021:10:26:35 +0800] "GET /xingrg/images/blue/navBackgound.jpg HTTP/1.1" 304 -
180.169.147.146 - - [04/Nov/2021:10:26:35 +0800] "GET /xingrg/javascript/jquery_easy_ui/themes/icons/settle_new.png HTTP/1.1" 304 -
180.169.147.146 - - [04/Nov/2021:10:26:35 +0800] "POST /xingrg/all/common/load_tree.html?tree=area_rest_tree_json&manage=1 HTTP/1.1" 200 3472
180.169.147.146 - - [04/Nov/2021:10:26:35 +0800] "GET /xingrg/all/function/internal_message.html?_=1635992793876&CODE_STATE=count HTTP/1.1" 200 11
180.169.147.146 - - [04/Nov/2021:10:26:35 +0800] "GET /xingrg/check_reg.html?_=1635992793877 HTTP/1.1" 200 22
180.169.147.146 - - [04/Nov/2021:10:26:35 +0800] "GET /xingrg/javascript/jquery_easy_ui/themes/default/images/panel_tool_collapse.gif HTTP/1.1" 304 -
180.169.147.146 - - [04/Nov/2021:10:26:35 +0800] "GET /xingrg/javascript/jquery_easy_ui/themes/default/images/tabs_leftarrow.png HTTP/1.1" 304 -
180.169.147.146 - - [04/Nov/2021:10:26:35 +0800] "GET /xingrg/javascript/jquery_easy_ui/themes/default/images/tabs_rightarrow.png HTTP/1.1" 304 -
180.169.147.146 - - [04/Nov/2021:10:26:35 +0800] "GET /xingrg/images/blue/pingpu.png HTTP/1.1" 304 -
180.169.147.146 - - [04/Nov/2021:10:26:35 +0800] "GET /xingrg/javascript/jquery_easy_ui/themes/default/images/panel_tool_expand.gif HTTP/1.1" 304 -
180.169.147.146 - - [04/Nov/2021:10:26:35 +0800] "POST /xingrg/load_menu.html HTTP/1.1" 200 11564
180.169.147.146 - - [04/Nov/2021:10:26:36 +0800] "GET /xingrg/kc/report/report_main.html HTTP/1.1" 200 9370
180.169.147.146 - - [04/Nov/2021:10:26:39 +0800] "GET /xingrg/all/report/report_query.html?fileName=kc/buy/gys_amount_base_rest.xml HTTP/1.1" 200 51664
180.169.147.146 - - [04/Nov/2021:10:26:39 +0800] "GET /xingrg/dwr/interface/AjaxReportQueryService.js HTTP/1.1" 200 13203
180.169.147.146 - - [04/Nov/2021:10:26:39 +0800] "GET /xingrg/dwr/engine.js HTTP/1.1" 200 43631
180.169.147.146 - - [04/Nov/2021:10:26:39 +0800] "POST /xingrg/dwr/call/plaincall/AjaxReportQueryService.getFixDate.dwr HTTP/1.1" 200 111
180.169.147.146 - - [04/Nov/2021:10:26:39 +0800] "GET /xingrg/javascript/jquery_easy_ui/themes/default/images/combo_arrow_dot.gif HTTP/1.1" 200 79
180.169.147.146 - - [04/Nov/2021:10:26:39 +0800] "POST /xingrg/all/common/load_tree.html?tree=area_rest_tree_json&manage=1 HTTP/1.1" 200 3472
180.169.147.146 - - [04/Nov/2021:10:26:39 +0800] "GET /xingrg/javascript/jquery_easy_ui/themes/default/images/tree_checkbox_0.gif HTTP/1.1" 200 168
180.169.147.146 - - [04/Nov/2021:10:26:39 +0800] "POST /xingrg/all/common/load_tree.html?tree=supplier_tree_json&manage=1 HTTP/1.1" 200 61255
101.85.120.86 - - [04/Nov/2021:10:26:39 +0800] "POST /xingrg/kc/buy/cgsh_order_operate.html HTTP/1.1" 200 37
101.85.120.86 - - [04/Nov/2021:10:26:41 +0800] "POST /xingrg/kc/buy/cgsh_order_operate.html HTTP/1.1" 200 17993
180.169.147.146 - - [04/Nov/2021:10:26:41 +0800] "POST /xingrg/dwr/call/plaincall/AjaxReportQueryService.getFixDate.dwr HTTP/1.1" 200 111
120.253.135.82 - - [04/Nov/2021:10:26:42 +0800] "GET /xingrg/all/function/internal_message.html?_=1635992572404&CODE_STATE=getMsg HTTP/1.1" 200 27
120.253.135.82 - - [04/Nov/2021:10:26:42 +0800] "GET /xingrg/all/function/internal_message.html?_=1635992800396&CODE_STATE=getMsg HTTP/1.1" 200 27
120.253.135.82 - - [04/Nov/2021:10:26:42 +0800] "GET /xingrg/check_reg.html?_=1635992800402 HTTP/1.1" 200 22
172.20.0.100 - - [04/Nov/2021:10:26:43 +0800] "GET /favicon.ico HTTP/1.1" 404 -
172.20.0.100 - - [04/Nov/2021:10:26:45 +0800] "GET /favicon.ico HTTP/1.1" 404 -
101.85.120.86 - - [04/Nov/2021:10:26:46 +0800] "POST /xingrg/kc/buy/cgsh_order_operate.html HTTP/1.1" 200 37
101.85.120.86 - - [04/Nov/2021:10:26:48 +0800] "POST /xingrg/kc/buy/cgsh_order_operate.html HTTP/1.1" 200 17993
222.70.171.86 - - [04/Nov/2021:10:26:50 +0800] "GET /xingrg/all/function/internal_message.html?_=1635992802223&CODE_STATE=getMsg HTTP/1.1" 200 27
114.85.125.222 - - [04/Nov/2021:10:26:52 +0800] "GET /xingrg/check_reg.html?_=1635992743161 HTTP/1.1" 200 22
101.85.120.86 - - [04/Nov/2021:10:26:52 +0800] "GET /xingrg/all/function/internal_message.html?_=1635992811406&CODE_STATE=getMsg HTTP/1.1" 200 27
114.85.125.222 - - [04/Nov/2021:10:26:53 +0800] "GET /xingrg/all/function/internal_message.html?_=1635992744491&CODE_STATE=getMsg HTTP/1.1" 200 27
101.85.120.86 - - [04/Nov/2021:10:26:54 +0800] "POST /xingrg/kc/buy/cgsh_order_operate.html HTTP/1.1" 200 37
101.85.120.86 - - [04/Nov/2021:10:26:55 +0800] "POST /xingrg/kc/buy/cgsh_order_operate.html HTTP/1.1" 200 17993
222.69.131.182 - - [04/Nov/2021:10:26:58 +0800] "GET /xingrg/all/function/internal_message.html?_=1635992814848&CODE_STATE=getMsg HTTP/1.1" 200 27
180.169.147.146 - - [04/Nov/2021:10:26:58 +0800] "GET /xingrg/check_reg.html?_=1635992817953 HTTP/1.1" 302 -
180.169.147.146 - - [04/Nov/2021:10:26:58 +0800] "GET /xingrg/all/function/internal_message.html?_=1635992817350&CODE_STATE=getMsg HTTP/1.1" 200 27
222.69.131.182 - - [04/Nov/2021:10:26:59 +0800] "POST /xingrg/services/DataTransmitService HTTP/1.1" 200 524
222.69.131.182 - - [04/Nov/2021:10:26:59 +0800] "POST /xingrg/services/DataTransmitService HTTP/1.1" 200 1979
101.85.120.86 - - [04/Nov/2021:10:27:00 +0800] "POST /xingrg/kc/buy/cgsh_order_operate.html HTTP/1.1" 200 37
180.169.147.146 - - [04/Nov/2021:10:27:01 +0800] "GET /xingrg/javascript/jquery_easy_ui/themes/default/images/tree_checkbox_1.gif HTTP/1.1" 200 174
180.169.147.146 - - [04/Nov/2021:10:27:01 +0800] "GET /xingrg/javascript/jquery_easy_ui/themes/default/images/tree_checkbox_2.gif HTTP/1.1" 200 181
101.85.120.86 - - [04/Nov/2021:10:27:01 +0800] "POST /xingrg/kc/buy/cgsh_order_operate.html HTTP/1.1" 200 17993
180.169.147.146 - - [04/Nov/2021:10:27:02 +0800] "POST /xingrg/dwr/call/plaincall/AjaxReportQueryService.refreshCache.dwr HTTP/1.1" 200 78
180.169.147.146 - - [04/Nov/2021:10:27:03 +0800] "POST /xingrg/all/report/load_report_page.html HTTP/1.1" 200 50092
180.169.147.146 - - [04/Nov/2021:10:27:03 +0800] "GET /xingrg/servlets/image?cache=0.7441786952283677&image=px HTTP/1.1" 200 807
58.40.7.146 - - [04/Nov/2021:10:27:04 +0800] "GET /xingrg/all/function/internal_message.html?_=1635992823388&CODE_STATE=getMsg HTTP/1.1" 302 -
101.85.120.86 - - [04/Nov/2021:10:27:05 +0800] "POST /xingrg/kc/buy/cgsh_list_operate.html HTTP/1.1" 200 1690
120.253.135.82 - - [04/Nov/2021:10:27:11 +0800] "GET /xingrg/all/function/internal_message.html?_=1635992959375&CODE_STATE=getMsg HTTP/1.1" 200 27
172.20.0.100 - - [04/Nov/2021:10:27:12 +0800] "GET /xingrg/all/function/internal_message.html?_=1635992830782&CODE_STATE=getMsg HTTP/1.1" 200 27
116.238.248.233 - - [04/Nov/2021:10:27:13 +0800] "POST /xingrg/all/user/operate.html HTTP/1.1" 200 36
116.238.248.233 - - [04/Nov/2021:10:27:14 +0800] "GET /xingrg/index.html?sysBaseUrl=http%3A%2F%2F180.169.147.146%3A18081%2Fxingrg%2F&costTime=39×tamp=1635986758290 HTTP/1.1" 200 17179
116.238.248.233 - - [04/Nov/2021:10:27:14 +0800] "GET /xingrg/javascript/jquery_easy_ui/themes/default/easyui.css HTTP/1.1" 304 -
116.238.248.233 - - [04/Nov/2021:10:27:14 +0800] "GET /xingrg/javascript/jquery_easy_ui/themes/icon.css HTTP/1.1" 304 -
116.238.248.233 - - [04/Nov/2021:10:27:14 +0800] "GET /xingrg/css/form.css HTTP/1.1" 304 -
116.238.248.233 - - [04/Nov/2021:10:27:14 +0800] "GET /xingrg/javascript/jquery-1.4.2.min.js HTTP/1.1" 304 -
116.238.248.233 - - [04/Nov/2021:10:27:14 +0800] "GET /xingrg/javascript/jquery_easy_ui/jquery.easyui.min.js HTTP/1.1" 304 -
116.238.248.233 - - [04/Nov/2021:10:27:14 +0800] "GET /xingrg/javascript/jquery_easy_ui/easyui-lang-zh_CN.js HTTP/1.1" 304 -
116.238.248.233 - - [04/Nov/2021:10:27:14 +0800] "GET /xingrg/javascript/jquery.form.js HTTP/1.1" 304 -
116.238.248.233 - - [04/Nov/2021:10:27:14 +0800] "GET /xingrg/javascript/jquery.utils.js HTTP/1.1" 304 -
116.238.248.233 - - [04/Nov/2021:10:27:14 +0800] "GET /xingrg/javascript/jquery.timers.js HTTP/1.1" 304 -
116.238.248.233 - - [04/Nov/2021:10:27:14 +0800] "GET /xingrg/images/blue/jxLogo.png HTTP/1.1" 304 -
116.238.248.233 - - [04/Nov/2021:10:27:14 +0800] "GET /xingrg/javascript/jquery_easy_ui/themes/icons/settle_new.png HTTP/1.1" 304 -
116.238.248.233 - - [04/Nov/2021:10:27:14 +0800] "GET /xingrg/images/blue/navBackgound.jpg HTTP/1.1" 304 -
116.238.248.233 - - [04/Nov/2021:10:27:14 +0800] "POST /xingrg/all/common/load_tree.html?tree=area_rest_tree_json&manage=1 HTTP/1.1" 200 476
116.238.248.233 - - [04/Nov/2021:10:27:14 +0800] "GET /xingrg/all/function/internal_message.html?_=1635992828466&CODE_STATE=count HTTP/1.1" 200 11
116.238.248.233 - - [04/Nov/2021:10:27:14 +0800] "GET /xingrg/check_reg.html?_=1635992828467 HTTP/1.1" 200 22
116.238.248.233 - - [04/Nov/2021:10:27:14 +0800] "GET /xingrg/javascript/jquery_easy_ui/themes/default/images/panel_tool_collapse.gif HTTP/1.1" 304 -
116.238.248.233 - - [04/Nov/2021:10:27:14 +0800] "GET /xingrg/javascript/jquery_easy_ui/themes/default/images/tabs_rightarrow.png HTTP/1.1" 304 -
116.238.248.233 - - [04/Nov/2021:10:27:14 +0800] "GET /xingrg/javascript/jquery_easy_ui/themes/default/images/tabs_leftarrow.png HTTP/1.1" 304 -
116.238.248.233 - - [04/Nov/2021:10:27:14 +0800] "GET /xingrg/images/blue/pingpu.png HTTP/1.1" 304 -
116.238.248.233 - - [04/Nov/2021:10:27:14 +0800] "POST /xingrg/load_menu.html HTTP/1.1" 200 5138
58.39.139.200 - - [04/Nov/2021:10:27:18 +0800] "GET /xingrg/all/function/internal_message.html?_=1635992837311&CODE_STATE=getMsg HTTP/1.1" 200 27
58.221.95.50 - - [04/Nov/2021:10:27:21 +0800] "GET /xingrg/all/function/internal_message.html?_=1635992841059&CODE_STATE=getMsg HTTP/1.1" 200 27
116.238.248.233 - - [04/Nov/2021:10:27:22 +0800] "GET /xingrg/kc/buy/cgsh_order_list.html HTTP/1.1" 200 48947
116.238.248.233 - - [04/Nov/2021:10:27:23 +0800] "POST /xingrg/kc/buy/cgsh_list_operate.html HTTP/1.1" 200 876
116.238.248.233 - - [04/Nov/2021:10:27:24 +0800] "GET /xingrg/kc/buy/cgsh_order_add.html HTTP/1.1" 200 64641
116.238.248.233 - - [04/Nov/2021:10:27:24 +0800] "GET /xingrg/javascript/easyui/themes/default/validatebox.css HTTP/1.1" 404 1104
116.238.248.233 - - [04/Nov/2021:10:27:24 +0800] "POST /xingrg/kc/buy/cgsh_order_operate.html HTTP/1.1" 200 8245
222.70.171.86 - - [04/Nov/2021:10:27:24 +0800] "GET /xingrg/check_reg.html?_=1635992843987 HTTP/1.1" 302 -
180.169.147.146 - - [04/Nov/2021:10:27:27 +0800] "GET /xingrg/all/function/internal_message.html?_=1635992847268&CODE_STATE=getMsg HTTP/1.1" 302 -
222.70.171.86 - - [04/Nov/2021:10:27:27 +0800] "GET /xingrg/all/function/internal_message.html?_=1635992846757&CODE_STATE=getMsg HTTP/1.1" 302 -
101.85.120.86 - - [04/Nov/2021:10:27:28 +0800] "POST /xingrg/kc/buy/cgsh_list_operate.html HTTP/1.1" 200 566
101.85.120.86 - - [04/Nov/2021:10:27:29 +0800] "GET /xingrg/kc/buy/cgsh_order_info.html?code=212021110401300 HTTP/1.1" 200 63847
124.78.153.86 - - [04/Nov/2021:10:27:29 +0800] "GET /xingrg/all/function/internal_message.html?_=1635992852894&CODE_STATE=getMsg HTTP/1.1" 200 27
101.85.120.86 - - [04/Nov/2021:10:27:29 +0800] "GET /xingrg/javascript/easyui/themes/default/validatebox.css HTTP/1.1" 404 1104
101.85.120.86 - - [04/Nov/2021:10:27:30 +0800] "POST /xingrg/kc/buy/cgsh_order_operate.html HTTP/1.1" 200 17993
180.169.147.146 - - [04/Nov/2021:10:27:35 +0800] "GET /xingrg/all/function/internal_message.html?_=1635992853890&CODE_STATE=getMsg HTTP/1.1" 200 27
58.221.95.50 - - [04/Nov/2021:10:27:36 +0800] "POST /xingrg/kc/buy/cgsh_order_operate.html HTTP/1.1" 200 37
116.238.248.233 - - [04/Nov/2021:10:27:37 +0800] "GET /xingrg/javascript/auto/indicator.gif HTTP/1.1" 404 1066
120.253.135.82 - - [04/Nov/2021:10:27:42 +0800] "GET /xingrg/all/function/internal_message.html?_=1635992632417&CODE_STATE=getMsg HTTP/1.1" 200 27
120.253.135.82 - - [04/Nov/2021:10:27:42 +0800] "GET /xingrg/all/function/internal_message.html?_=1635992860401&CODE_STATE=getMsg HTTP/1.1" 200 27
58.40.7.146 - - [04/Nov/2021:10:27:50 +0800] "GET /xingrg/login.html HTTP/1.1" 200 7641
222.70.171.86 - - [04/Nov/2021:10:27:50 +0800] "GET /xingrg/all/function/internal_message.html?_=1635992862237&CODE_STATE=getMsg HTTP/1.1" 200 27
58.40.7.146 - - [04/Nov/2021:10:27:51 +0800] "GET /favicon.ico HTTP/1.1" 404 -
101.85.120.86 - - [04/Nov/2021:10:27:52 +0800] "GET /xingrg/all/function/internal_message.html?_=1635992871412&CODE_STATE=getMsg HTTP/1.1" 200 27
58.40.7.146 - - [04/Nov/2021:10:27:52 +0800] "POST /xingrg/login.do HTTP/1.1" 302 -
58.40.7.146 - - [04/Nov/2021:10:27:52 +0800] "GET /xingrg/index.html?sysBaseUrl=http%3A%2F%2F180.169.147.146%3A18081%2Fxingrg%2F&costTime=114×tamp=1635992872653 HTTP/1.1" 200 17173
58.40.7.146 - - [04/Nov/2021:10:27:52 +0800] "POST /xingrg/all/common/load_tree.html?tree=area_rest_tree_json&manage=1 HTTP/1.1" 200 3472
58.40.7.146 - - [04/Nov/2021:10:27:52 +0800] "GET /xingrg/all/function/internal_message.html?_=1635992871525&CODE_STATE=count HTTP/1.1" 200 11
58.40.7.146 - - [04/Nov/2021:10:27:52 +0800] "GET /xingrg/check_reg.html?_=1635992871526 HTTP/1.1" 200 22
58.40.7.146 - - [04/Nov/2021:10:27:52 +0800] "GET /favicon.ico HTTP/1.1" 404 -
58.40.7.146 - - [04/Nov/2021:10:27:53 +0800] "POST /xingrg/load_menu.html HTTP/1.1" 200 6743
114.85.125.222 - - [04/Nov/2021:10:27:53 +0800] "GET /xingrg/all/function/internal_message.html?_=1635992804504&CODE_STATE=getMsg HTTP/1.1" 200 27
58.40.7.146 - - [04/Nov/2021:10:27:56 +0800] "GET /xingrg/javascript/jquery_easy_ui/themes/default/images/panel_title.png HTTP/1.1" 200 266
58.40.7.146 - - [04/Nov/2021:10:27:56 +0800] "GET /xingrg/javascript/jquery_easy_ui/themes/default/images/panel_tools.gif HTTP/1.1" 200 737
58.40.7.146 - - [04/Nov/2021:10:27:56 +0800] "GET /xingrg/javascript/jquery_easy_ui/themes/icons/ok.png HTTP/1.1" 200 883
222.69.131.182 - - [04/Nov/2021:10:27:58 +0800] "GET /xingrg/all/function/internal_message.html?_=1635992874850&CODE_STATE=getMsg HTTP/1.1" 200 27
180.169.147.146 - - [04/Nov/2021:10:27:58 +0800] "GET /xingrg/all/function/internal_message.html?_=1635992877354&CODE_STATE=getMsg HTTP/1.1" 200 27
58.40.7.146 - - [04/Nov/2021:10:28:04 +0800] "GET /xingrg/check_reg.html?_=1635992883406 HTTP/1.1" 200 22
58.40.7.146 - - [04/Nov/2021:10:28:04 +0800] "GET /xingrg/all/function/internal_message.html?_=1635992883391&CODE_STATE=getMsg HTTP/1.1" 200 27
120.253.135.82 - - [04/Nov/2021:10:28:11 +0800] "GET /xingrg/all/function/internal_message.html?_=1635993019575&CODE_STATE=getMsg HTTP/1.1" 200 27
172.20.0.100 - - [04/Nov/2021:10:28:12 +0800] "GET /xingrg/all/function/internal_message.html?_=1635992890754&CODE_STATE=getMsg HTTP/1.1" 200 27
180.157.253.6 - - [04/Nov/2021:10:28:13 +0800] "GET /favicon.ico HTTP/1.1" 404 -
116.238.248.233 - - [04/Nov/2021:10:28:14 +0800] "GET /xingrg/all/function/internal_message.html?_=1635992888470&CODE_STATE=getMsg HTTP/1.1" 200 27
58.39.139.200 - - [04/Nov/2021:10:28:18 +0800] "GET /xingrg/all/function/internal_message.html?_=1635992897293&CODE_STATE=getMsg HTTP/1.1" 200 27
58.39.139.200 - - [04/Nov/2021:10:28:20 +0800] "GET /xingrg/check_reg.html?_=1635992898625 HTTP/1.1" 200 22
101.85.120.86 - - [04/Nov/2021:10:28:23 +0800] "GET /xingrg/kc/buy/cgsh_order_operate.html?command=get_materiel&rest_code=00142&code=00101015070&supplier_code=00100161&order_time=2021-11-04 HTTP/1.1" 200 413
180.169.147.146 - - [04/Nov/2021:10:28:27 +0800] "GET /xingrg/all/function/internal_message.html?_=1635992907240&CODE_STATE=getMsg HTTP/1.1" 302 -
222.70.171.86 - - [04/Nov/2021:10:28:27 +0800] "GET /xingrg/all/function/internal_message.html?_=1635992906790&CODE_STATE=getMsg HTTP/1.1" 302 -
124.78.153.86 - - [04/Nov/2021:10:28:29 +0800] "GET /xingrg/all/function/internal_message.html?_=1635992912920&CODE_STATE=getMsg HTTP/1.1" 200 27
180.169.147.146 - - [04/Nov/2021:10:28:35 +0800] "GET /xingrg/all/function/internal_message.html?_=1635992913906&CODE_STATE=getMsg HTTP/1.1" 200 27
101.85.120.86 - - [04/Nov/2021:10:28:39 +0800] "POST /xingrg/kc/buy/cgsh_order_operate.html HTTP/1.1" 200 37
101.85.120.86 - - [04/Nov/2021:10:28:42 +0800] "POST /xingrg/kc/buy/cgsh_order_operate.html HTTP/1.1" 200 18585
120.253.135.82 - - [04/Nov/2021:10:28:42 +0800] "GET /xingrg/all/function/internal_message.html?_=1635992692431&CODE_STATE=getMsg HTTP/1.1" 200 27
120.253.135.82 - - [04/Nov/2021:10:28:42 +0800] "GET /xingrg/all/function/internal_message.html?_=1635992920406&CODE_STATE=getMsg HTTP/1.1" 302 -
101.85.120.86 - - [04/Nov/2021:10:28:47 +0800] "POST /xingrg/kc/buy/cgsh_order_operate.html HTTP/1.1" 200 37
101.85.120.86 - - [04/Nov/2021:10:28:49 +0800] "POST /xingrg/kc/buy/cgsh_order_operate.html HTTP/1.1" 200 18585
222.70.171.86 - - [04/Nov/2021:10:28:50 +0800] "GET /xingrg/all/function/internal_message.html?_=1635992922255&CODE_STATE=getMsg HTTP/1.1" 200 27
101.85.120.86 - - [04/Nov/2021:10:28:52 +0800] "GET /xingrg/all/function/internal_message.html?_=1635992931409&CODE_STATE=getMsg HTTP/1.1" 200 27
58.40.7.146 - - [04/Nov/2021:10:28:52 +0800] "GET /xingrg/all/function/internal_message.html?_=1635992931537&CODE_STATE=getMsg HTTP/1.1" 200 27
114.85.125.222 - - [04/Nov/2021:10:28:53 +0800] "GET /xingrg/all/function/internal_message.html?_=1635992864518&CODE_STATE=getMsg HTTP/1.1" 200 27
101.85.120.86 - - [04/Nov/2021:10:28:55 +0800] "POST /xingrg/kc/buy/cgsh_order_operate.html HTTP/1.1" 200 37
222.69.131.182 - - [04/Nov/2021:10:28:56 +0800] "GET /xingrg/kc/buy/cgsh_order_list.html HTTP/1.1" 200 48947
222.69.131.182 - - [04/Nov/2021:10:28:57 +0800] "POST /xingrg/kc/buy/cgsh_list_operate.html HTTP/1.1" 200 876
222.69.131.182 - - [04/Nov/2021:10:28:58 +0800] "GET /xingrg/all/function/internal_message.html?_=1635992934886&CODE_STATE=getMsg HTTP/1.1" 200 27
222.69.131.182 - - [04/Nov/2021:10:28:58 +0800] "GET /xingrg/check_reg.html?_=1635992934889 HTTP/1.1" 200 22
101.85.120.86 - - [04/Nov/2021:10:28:58 +0800] "POST /xingrg/kc/buy/cgsh_order_operate.html HTTP/1.1" 200 18585
180.169.147.146 - - [04/Nov/2021:10:28:58 +0800] "GET /xingrg/all/function/internal_message.html?_=1635992937358&CODE_STATE=getMsg HTTP/1.1" 200 27
222.69.131.182 - - [04/Nov/2021:10:29:03 +0800] "GET /xingrg/javascript/auto/indicator.gif HTTP/1.1" 404 1066
101.85.120.86 - - [04/Nov/2021:10:29:03 +0800] "POST /xingrg/kc/buy/cgsh_order_operate.html HTTP/1.1" 200 37
58.40.7.146 - - [04/Nov/2021:10:29:04 +0800] "GET /xingrg/all/function/internal_message.html?_=1635992943395&CODE_STATE=getMsg HTTP/1.1" 200 27
101.85.120.86 - - [04/Nov/2021:10:29:06 +0800] "POST /xingrg/kc/buy/cgsh_order_operate.html HTTP/1.1" 200 18585
101.85.120.86 - - [04/Nov/2021:10:29:10 +0800] "POST /xingrg/kc/buy/cgsh_list_operate.html HTTP/1.1" 200 1690
222.69.131.182 - - [04/Nov/2021:10:29:11 +0800] "POST /xingrg/kc/buy/cgsh_list_operate.html HTTP/1.1" 200 5915
120.253.135.82 - - [04/Nov/2021:10:29:11 +0800] "GET /xingrg/all/function/internal_message.html?_=1635993079603&CODE_STATE=getMsg HTTP/1.1" 200 27
172.20.0.100 - - [04/Nov/2021:10:29:12 +0800] "GET /xingrg/all/function/internal_message.html?_=1635992950730&CODE_STATE=getMsg HTTP/1.1" 200 27
58.40.7.146 - - [04/Nov/2021:10:29:14 +0800] "POST /xingrg/all/user/operate.html HTTP/1.1" 200 36
116.238.248.233 - - [04/Nov/2021:10:29:14 +0800] "GET /xingrg/all/function/internal_message.html?_=1635992948473&CODE_STATE=getMsg HTTP/1.1" 200 27
58.40.7.146 - - [04/Nov/2021:10:29:14 +0800] "GET /xingrg/javascript/jquery_easy_ui/themes/default/easyui.css HTTP/1.1" 304 -
58.40.7.146 - - [04/Nov/2021:10:29:14 +0800] "GET /xingrg/index.html?sysBaseUrl=http%3A%2F%2F180.169.147.146%3A18081%2Fxingrg%2F&costTime=114×tamp=1635992872653 HTTP/1.1" 200 17179
58.40.7.146 - - [04/Nov/2021:10:29:14 +0800] "GET /xingrg/javascript/jquery_easy_ui/themes/icon.css HTTP/1.1" 304 -
58.40.7.146 - - [04/Nov/2021:10:29:14 +0800] "GET /xingrg/css/form.css HTTP/1.1" 304 -
58.40.7.146 - - [04/Nov/2021:10:29:14 +0800] "GET /xingrg/javascript/jquery-1.4.2.min.js HTTP/1.1" 304 -
58.40.7.146 - - [04/Nov/2021:10:29:14 +0800] "GET /xingrg/javascript/jquery_easy_ui/jquery.easyui.min.js HTTP/1.1" 304 -
58.40.7.146 - - [04/Nov/2021:10:29:14 +0800] "GET /xingrg/javascript/jquery_easy_ui/easyui-lang-zh_CN.js HTTP/1.1" 304 -
58.40.7.146 - - [04/Nov/2021:10:29:14 +0800] "GET /xingrg/javascript/jquery.form.js HTTP/1.1" 304 -
58.40.7.146 - - [04/Nov/2021:10:29:14 +0800] "GET /xingrg/javascript/jquery.utils.js HTTP/1.1" 304 -
58.40.7.146 - - [04/Nov/2021:10:29:14 +0800] "GET /xingrg/javascript/jquery.timers.js HTTP/1.1" 304 -
58.40.7.146 - - [04/Nov/2021:10:29:14 +0800] "GET /xingrg/images/blue/jxLogo.png HTTP/1.1" 304 -
58.40.7.146 - - [04/Nov/2021:10:29:14 +0800] "POST /xingrg/all/common/load_tree.html?tree=area_rest_tree_json&manage=1 HTTP/1.1" 200 3472
58.40.7.146 - - [04/Nov/2021:10:29:14 +0800] "GET /xingrg/all/function/internal_message.html?_=1635992953136&CODE_STATE=count HTTP/1.1" 200 11
58.40.7.146 - - [04/Nov/2021:10:29:14 +0800] "GET /xingrg/javascript/jquery_easy_ui/themes/default/images/panel_tool_collapse.gif HTTP/1.1" 304 -
58.40.7.146 - - [04/Nov/2021:10:29:14 +0800] "GET /xingrg/check_reg.html?_=1635992953138 HTTP/1.1" 200 22
58.40.7.146 - - [04/Nov/2021:10:29:14 +0800] "GET /xingrg/javascript/jquery_easy_ui/themes/default/images/tabs_rightarrow.png HTTP/1.1" 304 -
58.40.7.146 - - [04/Nov/2021:10:29:14 +0800] "GET /xingrg/javascript/jquery_easy_ui/themes/default/images/tabs_leftarrow.png HTTP/1.1" 304 -
58.40.7.146 - - [04/Nov/2021:10:29:14 +0800] "GET /xingrg/images/blue/pingpu.png HTTP/1.1" 304 -
58.40.7.146 - - [04/Nov/2021:10:29:14 +0800] "GET /xingrg/images/blue/navBackgound.jpg HTTP/1.1" 304 -
58.40.7.146 - - [04/Nov/2021:10:29:14 +0800] "GET /xingrg/javascript/jquery_easy_ui/themes/icons/settle_new.png HTTP/1.1" 304 -
58.40.7.146 - - [04/Nov/2021:10:29:14 +0800] "POST /xingrg/load_menu.html HTTP/1.1" 200 5138
58.40.7.146 - - [04/Nov/2021:10:29:17 +0800] "GET /xingrg/kc/buy/buy_main.html HTTP/1.1" 200 12412
58.40.7.146 - - [04/Nov/2021:10:29:17 +0800] "GET /xingrg/css/new_ie.css HTTP/1.1" 404 1036
58.221.95.50 - - [04/Nov/2021:10:29:18 +0800] "POST /xingrg/kc/buy/cgsh_order_operate.html HTTP/1.1" 200 2678
58.39.139.200 - - [04/Nov/2021:10:29:18 +0800] "GET /xingrg/all/function/internal_message.html?_=1635992957260&CODE_STATE=getMsg HTTP/1.1" 200 27
58.40.7.146 - - [04/Nov/2021:10:29:19 +0800] "GET /xingrg/kc/buy/cgsh_order_list.html HTTP/1.1" 200 48947
58.221.95.50 - - [04/Nov/2021:10:29:21 +0800] "GET /xingrg/all/function/internal_message.html?_=1635992961091&CODE_STATE=getMsg HTTP/1.1" 200 27
222.69.131.182 - - [04/Nov/2021:10:29:25 +0800] "POST /xingrg/kc/buy/cgsh_list_operate.html HTTP/1.1" 200 201
180.169.147.146 - - [04/Nov/2021:10:29:27 +0800] "GET /xingrg/all/function/internal_message.html?_=1635992967216&CODE_STATE=getMsg HTTP/1.1" 302 -
222.70.171.86 - - [04/Nov/2021:10:29:27 +0800] "GET /xingrg/all/function/internal_message.html?_=1635992966799&CODE_STATE=getMsg HTTP/1.1" 302 -
124.78.153.86 - - [04/Nov/2021:10:29:29 +0800] "GET /xingrg/all/function/internal_message.html?_=1635992972920&CODE_STATE=getMsg HTTP/1.1" 200 27
222.69.131.182 - - [04/Nov/2021:10:29:31 +0800] "POST /xingrg/kc/buy/cgsh_list_operate.html HTTP/1.1" 200 6046
222.69.131.182 - - [04/Nov/2021:10:29:35 +0800] "POST /xingrg/kc/buy/cgsh_list_operate.html HTTP/1.1" 200 279
180.169.147.146 - - [04/Nov/2021:10:29:35 +0800] "GET /xingrg/all/function/internal_message.html?_=1635992973894&CODE_STATE=getMsg HTTP/1.1" 200 27
222.69.131.182 - - [04/Nov/2021:10:29:37 +0800] "POST /xingrg/kc/buy/cgsh_list_operate.html HTTP/1.1" 200 202
222.69.131.182 - - [04/Nov/2021:10:29:40 +0800] "POST /xingrg/kc/buy/cgsh_list_operate.html HTTP/1.1" 200 202
58.40.7.146 - - [04/Nov/2021:10:29:41 +0800] "POST /xingrg/kc/buy/cgsh_list_operate.html HTTP/1.1" 200 5159
116.232.33.195 - - [04/Nov/2021:10:29:42 +0800] "GET /favicon.ico HTTP/1.1" 404 -
120.253.135.82 - - [04/Nov/2021:10:29:42 +0800] "GET /xingrg/check_reg.html?_=1635992752055 HTTP/1.1" 200 22
120.253.135.82 - - [04/Nov/2021:10:29:42 +0800] "GET /xingrg/all/function/internal_message.html?_=1635992752444&CODE_STATE=getMsg HTTP/1.1" 200 27
120.253.135.82 - - [04/Nov/2021:10:29:42 +0800] "GET /xingrg/all/function/internal_message.html?_=1635992980408&CODE_STATE=getMsg HTTP/1.1" 302 -
222.69.131.182 - - [04/Nov/2021:10:29:43 +0800] "POST /xingrg/kc/buy/cgsh_list_operate.html HTTP/1.1" 200 202
222.69.131.182 - - [04/Nov/2021:10:29:45 +0800] "POST /xingrg/kc/buy/cgsh_list_operate.html HTTP/1.1" 200 280
222.69.131.182 - - [04/Nov/2021:10:29:47 +0800] "GET /xingrg/kc/buy/cgsh_order_info.html?code=212021101406171 HTTP/1.1" 200 59683
222.69.131.182 - - [04/Nov/2021:10:29:47 +0800] "GET /xingrg/words/20211103175141_words.js HTTP/1.1" 304 -
222.69.131.182 - - [04/Nov/2021:10:29:47 +0800] "GET /xingrg/javascript/easyui/themes/default/validatebox.css HTTP/1.1" 404 1104
222.69.131.182 - - [04/Nov/2021:10:29:48 +0800] "POST /xingrg/kc/buy/cgsh_order_operate.html HTTP/1.1" 200 1205
222.70.171.86 - - [04/Nov/2021:10:29:50 +0800] "GET /xingrg/all/function/internal_message.html?_=1635992982264&CODE_STATE=getMsg HTTP/1.1" 200 27
58.37.227.186 - - [04/Nov/2021:10:29:51 +0800] "POST /xingrg/kc/buy/cgsh_list_operate.html HTTP/1.1" 302 -
101.85.120.86 - - [04/Nov/2021:10:29:52 +0800] "GET /xingrg/check_reg.html?_=1635992991412 HTTP/1.1" 200 22
101.85.120.86 - - [04/Nov/2021:10:29:52 +0800] "GET /xingrg/all/function/internal_message.html?_=1635992991415&CODE_STATE=getMsg HTTP/1.1" 200 27
114.85.125.222 - - [04/Nov/2021:10:29:54 +0800] "GET /xingrg/all/function/internal_message.html?_=1635992924577&CODE_STATE=getMsg HTTP/1.1" 200 27
58.37.227.186 - - [04/Nov/2021:10:29:55 +0800] "GET /xingrg/login.html HTTP/1.1" 200 7641
58.37.227.186 - - [04/Nov/2021:10:29:56 +0800] "GET /favicon.ico HTTP/1.1" 404 -
58.37.227.186 - - [04/Nov/2021:10:29:57 +0800] "POST /xingrg/login.do HTTP/1.1" 302 -
58.37.227.186 - - [04/Nov/2021:10:29:57 +0800] "GET /xingrg/index.html?sysBaseUrl=http%3A%2F%2F180.169.147.146%3A18081%2Fxingrg%2F&costTime=43×tamp=1635992997433 HTTP/1.1" 200 17179
58.37.227.186 - - [04/Nov/2021:10:29:57 +0800] "GET /favicon.ico HTTP/1.1" 404 -
58.37.227.186 - - [04/Nov/2021:10:29:57 +0800] "POST /xingrg/all/common/load_tree.html?tree=area_rest_tree_json&manage=1 HTTP/1.1" 200 351
58.37.227.186 - - [04/Nov/2021:10:29:57 +0800] "GET /xingrg/check_reg.html?_=1635992832699 HTTP/1.1" 200 22
58.37.227.186 - - [04/Nov/2021:10:29:57 +0800] "GET /xingrg/all/function/internal_message.html?_=1635992832698&CODE_STATE=count HTTP/1.1" 200 11
58.37.227.186 - - [04/Nov/2021:10:29:57 +0800] "POST /xingrg/load_menu.html HTTP/1.1" 200 5138
