58.39.139.200 - - [04/Nov/2021:08:33:15 +0800] "GET /xingrg/images/blue/jxLogo.png HTTP/1.1" 304 -
58.39.139.200 - - [04/Nov/2021:08:33:15 +0800] "GET /xingrg/images/blue/login_bg.png HTTP/1.1" 304 -
58.39.139.200 - - [04/Nov/2021:08:33:15 +0800] "GET /xingrg/images/blue/hj.png HTTP/1.1" 304 -
58.39.139.200 - - [04/Nov/2021:08:33:15 +0800] "GET /xingrg/images/blue/srbg.png HTTP/1.1" 304 -
58.39.139.200 - - [04/Nov/2021:08:33:15 +0800] "GET /favicon.ico HTTP/1.1" 404 -
58.39.139.200 - - [04/Nov/2021:08:33:18 +0800] "POST /xingrg/login.do HTTP/1.1" 200 2421
58.39.139.200 - - [04/Nov/2021:08:33:18 +0800] "GET /xingrg/css/blue.css HTTP/1.1" 304 -
58.39.139.200 - - [04/Nov/2021:08:33:18 +0800] "GET /xingrg/images/blue/pic_top.gif HTTP/1.1" 304 -
58.39.139.200 - - [04/Nov/2021:08:33:18 +0800] "GET /xingrg/javascript/myfunction.js HTTP/1.1" 304 -
58.39.139.200 - - [04/Nov/2021:08:33:18 +0800] "GET /xingrg/images/blue/pic_notice.jpg HTTP/1.1" 304 -
58.39.139.200 - - [04/Nov/2021:08:33:18 +0800] "GET /xingrg/images/blue/error_buttom.gif HTTP/1.1" 304 -
58.39.139.200 - - [04/Nov/2021:08:33:18 +0800] "GET /xingrg/images/blue/error_top.gif HTTP/1.1" 304 -
58.39.139.200 - - [04/Nov/2021:08:33:18 +0800] "GET /xingrg/images/blue/error_mid.gif HTTP/1.1" 304 -
58.39.139.200 - - [04/Nov/2021:08:33:18 +0800] "GET /favicon.ico HTTP/1.1" 404 -
58.39.139.200 - - [04/Nov/2021:08:33:19 +0800] "GET /xingrg/login.html HTTP/1.1" 200 7641
58.39.139.200 - - [04/Nov/2021:08:33:19 +0800] "GET /favicon.ico HTTP/1.1" 404 -
58.39.139.200 - - [04/Nov/2021:08:33:20 +0800] "POST /xingrg/login.do HTTP/1.1" 302 -
58.39.139.200 - - [04/Nov/2021:08:33:20 +0800] "GET /xingrg/index.html?sysBaseUrl=http%3A%2F%2F180.169.147.146%3A18081%2Fxingrg%2F&costTime=46×tamp=1635986000192 HTTP/1.1" 200 17173
58.39.139.200 - - [04/Nov/2021:08:33:20 +0800] "GET /xingrg/javascript/jquery_easy_ui/themes/default/easyui.css HTTP/1.1" 304 -
58.39.139.200 - - [04/Nov/2021:08:33:20 +0800] "GET /xingrg/javascript/jquery_easy_ui/themes/icon.css HTTP/1.1" 304 -
58.39.139.200 - - [04/Nov/2021:08:33:20 +0800] "GET /xingrg/css/form.css HTTP/1.1" 304 -
58.39.139.200 - - [04/Nov/2021:08:33:20 +0800] "GET /xingrg/javascript/jquery-1.4.2.min.js HTTP/1.1" 304 -
58.39.139.200 - - [04/Nov/2021:08:33:20 +0800] "GET /xingrg/javascript/jquery.timers.js HTTP/1.1" 304 -
58.39.139.200 - - [04/Nov/2021:08:33:20 +0800] "GET /xingrg/javascript/jquery.utils.js HTTP/1.1" 304 -
58.39.139.200 - - [04/Nov/2021:08:33:20 +0800] "GET /xingrg/javascript/jquery_easy_ui/easyui-lang-zh_CN.js HTTP/1.1" 304 -
58.39.139.200 - - [04/Nov/2021:08:33:20 +0800] "GET /xingrg/javascript/jquery.form.js HTTP/1.1" 304 -
58.39.139.200 - - [04/Nov/2021:08:33:20 +0800] "GET /xingrg/javascript/jquery_easy_ui/jquery.easyui.min.js HTTP/1.1" 304 -
58.39.139.200 - - [04/Nov/2021:08:33:20 +0800] "GET /xingrg/javascript/jquery_easy_ui/themes/icons/settle_new.png HTTP/1.1" 304 -
58.39.139.200 - - [04/Nov/2021:08:33:20 +0800] "GET /xingrg/images/blue/navBackgound.jpg HTTP/1.1" 304 -
58.39.139.200 - - [04/Nov/2021:08:33:20 +0800] "GET /favicon.ico HTTP/1.1" 404 -
58.39.139.200 - - [04/Nov/2021:08:33:20 +0800] "POST /xingrg/all/common/load_tree.html?tree=area_rest_tree_json&manage=1 HTTP/1.1" 200 3472
58.39.139.200 - - [04/Nov/2021:08:33:20 +0800] "GET /xingrg/all/function/internal_message.html?_=1635985998808&CODE_STATE=count HTTP/1.1" 200 11
58.39.139.200 - - [04/Nov/2021:08:33:20 +0800] "GET /xingrg/images/blue/pingpu.png HTTP/1.1" 304 -
58.39.139.200 - - [04/Nov/2021:08:33:20 +0800] "GET /xingrg/javascript/jquery_easy_ui/themes/default/images/tabs_rightarrow.png HTTP/1.1" 304 -
58.39.139.200 - - [04/Nov/2021:08:33:20 +0800] "GET /xingrg/check_reg.html?_=1635985998808 HTTP/1.1" 200 22
58.39.139.200 - - [04/Nov/2021:08:33:20 +0800] "GET /xingrg/javascript/jquery_easy_ui/themes/default/images/tabs_leftarrow.png HTTP/1.1" 304 -
58.39.139.200 - - [04/Nov/2021:08:33:20 +0800] "GET /xingrg/javascript/jquery_easy_ui/themes/default/images/panel_tool_collapse.gif HTTP/1.1" 304 -
58.39.139.200 - - [04/Nov/2021:08:33:20 +0800] "GET /xingrg/javascript/jquery_easy_ui/themes/default/images/tree_arrows.gif HTTP/1.1" 304 -
58.39.139.200 - - [04/Nov/2021:08:33:20 +0800] "POST /xingrg/load_menu.html HTTP/1.1" 200 5138
58.39.139.200 - - [04/Nov/2021:08:33:20 +0800] "GET /xingrg/javascript/jquery_easy_ui/themes/default/images/tree_folder_open.gif HTTP/1.1" 304 -
58.39.139.200 - - [04/Nov/2021:08:33:20 +0800] "GET /xingrg/javascript/jquery_easy_ui/themes/icons/search_new.png HTTP/1.1" 304 -
58.39.139.200 - - [04/Nov/2021:08:33:20 +0800] "GET /xingrg/javascript/jquery_easy_ui/themes/default/images/tree_folder.gif HTTP/1.1" 304 -
58.39.139.200 - - [04/Nov/2021:08:33:20 +0800] "GET /xingrg/javascript/jquery_easy_ui/themes/icons/storage_new.png HTTP/1.1" 304 -
58.39.139.200 - - [04/Nov/2021:08:33:20 +0800] "GET /xingrg/javascript/jquery_easy_ui/themes/icons/forms_new.png HTTP/1.1" 304 -
58.39.139.200 - - [04/Nov/2021:08:33:20 +0800] "GET /xingrg/javascript/jquery_easy_ui/themes/default/images/tree_file.gif HTTP/1.1" 304 -
120.253.135.82 - - [04/Nov/2021:08:33:21 +0800] "GET /xingrg/kc/base/stock_operate.html?_=1635985771650&command=get_report_file&start_day=20211101 HTTP/1.1" 200 53
120.253.135.82 - - [04/Nov/2021:08:33:21 +0800] "GET /xingrg/all/report/report_query.html?isQuery=1&onlyBody=1&rh=2000&fileName=kc/base/kc_stock_detail_new.xml&queryString=(1=1)&queryText=&tableQueryString=init_table$sp1$$sp$crk_table$sp1$order_day%20between%2020211101%20and%2020211130&varString=start_day:20211101,materiel_code:00101019074,cost_id:3319,end_date:20210831 HTTP/1.1" 200 48701
120.253.135.82 - - [04/Nov/2021:08:33:21 +0800] "GET /xingrg/dwr/interface/AjaxReportQueryService.js HTTP/1.1" 200 13203
120.253.135.82 - - [04/Nov/2021:08:33:21 +0800] "GET /xingrg/dwr/engine.js HTTP/1.1" 200 43631
120.253.135.82 - - [04/Nov/2021:08:33:22 +0800] "POST /xingrg/all/report/load_report_page.html HTTP/1.1" 200 25148
120.253.135.82 - - [04/Nov/2021:08:33:22 +0800] "GET /xingrg/servlets/image?cache=0.27471053239824594&image=px HTTP/1.1" 200 807
58.39.139.200 - - [04/Nov/2021:08:33:22 +0800] "GET /xingrg/javascript/jquery_easy_ui/themes/default/images/tabs_close.gif HTTP/1.1" 304 -
58.39.139.200 - - [04/Nov/2021:08:33:22 +0800] "GET /xingrg/css/base.css HTTP/1.1" 304 -
58.39.139.200 - - [04/Nov/2021:08:33:22 +0800] "GET /xingrg/css/site.css HTTP/1.1" 304 -
58.39.139.200 - - [04/Nov/2021:08:33:22 +0800] "GET /xingrg/javascript/jquery_tools/datebox.css HTTP/1.1" 304 -
58.39.139.200 - - [04/Nov/2021:08:33:22 +0800] "GET /xingrg/javascript/easyui/themes/default/easyui.css HTTP/1.1" 304 -
58.39.139.200 - - [04/Nov/2021:08:33:22 +0800] "GET /xingrg/javascript/auto/jquery.autocomplete.css HTTP/1.1" 304 -
58.39.139.200 - - [04/Nov/2021:08:33:22 +0800] "GET /xingrg/javascript/easyui/themes/icon.css HTTP/1.1" 304 -
58.39.139.200 - - [04/Nov/2021:08:33:22 +0800] "GET /xingrg/javascript/jquery_tools/table.css HTTP/1.1" 304 -
58.39.139.200 - - [04/Nov/2021:08:33:22 +0800] "GET /xingrg/javascript/jquery_tools/fix.css HTTP/1.1" 304 -
58.39.139.200 - - [04/Nov/2021:08:33:22 +0800] "GET /xingrg/javascript/jquery_tools/jquery.tools.min.js HTTP/1.1" 304 -
58.39.139.200 - - [04/Nov/2021:08:33:22 +0800] "GET /xingrg/javascript/jquery_tools/jquery.tools.hotkey.js HTTP/1.1" 304 -
58.39.139.200 - - [04/Nov/2021:08:33:22 +0800] "GET /xingrg/javascript/easyui/easyloader.js HTTP/1.1" 304 -
58.39.139.200 - - [04/Nov/2021:08:33:22 +0800] "GET /xingrg/javascript/jquery_tools/jquery.tools.table.js HTTP/1.1" 304 -
58.39.139.200 - - [04/Nov/2021:08:33:22 +0800] "GET /xingrg/javascript/jquery_tools/jquery.tools.extend.js HTTP/1.1" 304 -
58.39.139.200 - - [04/Nov/2021:08:33:22 +0800] "GET /xingrg/javascript/jquery_tools/list_manager.js HTTP/1.1" 304 -
58.39.139.200 - - [04/Nov/2021:08:33:22 +0800] "GET /xingrg/javascript/jquery.cookie.js HTTP/1.1" 304 -
58.39.139.200 - - [04/Nov/2021:08:33:22 +0800] "GET /xingrg/javascript/print/LodopFuncs.js HTTP/1.1" 304 -
58.39.139.200 - - [04/Nov/2021:08:33:22 +0800] "GET /xingrg/javascript/auto/jquery.autocomplete.js HTTP/1.1" 304 -
58.39.139.200 - - [04/Nov/2021:08:33:22 +0800] "GET /xingrg/kc/buy/cgsh_order_list.html HTTP/1.1" 200 48941
58.39.139.200 - - [04/Nov/2021:08:33:22 +0800] "GET /xingrg/javascript/easyui/plugins/jquery.parser.js HTTP/1.1" 304 -
58.39.139.200 - - [04/Nov/2021:08:33:22 +0800] "GET /xingrg/images/control/ajaxLoader.gif HTTP/1.1" 304 -
58.39.139.200 - - [04/Nov/2021:08:33:22 +0800] "GET /xingrg/javascript/easyui/themes/icons/edit_add_new.png HTTP/1.1" 304 -
58.39.139.200 - - [04/Nov/2021:08:33:22 +0800] "GET /xingrg/javascript/easyui/themes/icons/cance_new.png HTTP/1.1" 304 -
58.39.139.200 - - [04/Nov/2021:08:33:22 +0800] "GET /xingrg/javascript/easyui/themes/icons/check_new.png HTTP/1.1" 304 -
58.39.139.200 - - [04/Nov/2021:08:33:22 +0800] "GET /xingrg/javascript/easyui/themes/icons/field_new.png HTTP/1.1" 304 -
58.39.139.200 - - [04/Nov/2021:08:33:22 +0800] "GET /xingrg/javascript/easyui/themes/icons/import_new.png HTTP/1.1" 304 -
58.39.139.200 - - [04/Nov/2021:08:33:23 +0800] "POST /xingrg/kc/buy/cgsh_list_operate.html HTTP/1.1" 200 876
58.39.139.200 - - [04/Nov/2021:08:33:23 +0800] "GET /xingrg/javascript/easyui/themes/default/images/button_plain_hover.png HTTP/1.1" 304 -
58.39.139.200 - - [04/Nov/2021:08:33:24 +0800] "GET /xingrg/javascript/pic_change.js HTTP/1.1" 304 -
58.39.139.200 - - [04/Nov/2021:08:33:24 +0800] "GET /xingrg/javascript/jquery_tools/order_manager.js HTTP/1.1" 304 -
58.39.139.200 - - [04/Nov/2021:08:33:24 +0800] "GET /xingrg/javascript/convert.js HTTP/1.1" 304 -
58.39.139.200 - - [04/Nov/2021:08:33:24 +0800] "GET /xingrg/javascript/json2.js HTTP/1.1" 304 -
58.39.139.200 - - [04/Nov/2021:08:33:24 +0800] "GET /xingrg/javascript/print/kc_print.js HTTP/1.1" 304 -
58.39.139.200 - - [04/Nov/2021:08:33:24 +0800] "GET /xingrg/kc/buy/cgsh_order_add.html HTTP/1.1" 200 64764
58.39.139.200 - - [04/Nov/2021:08:33:24 +0800] "GET /xingrg/words/20211103175141_words.js HTTP/1.1" 200 869174
58.39.139.200 - - [04/Nov/2021:08:33:24 +0800] "GET /xingrg/javascript/easyui/themes/icons/copy_new.png HTTP/1.1" 304 -
58.39.139.200 - - [04/Nov/2021:08:33:24 +0800] "GET /xingrg/javascript/easyui/themes/icons/print.png HTTP/1.1" 304 -
58.39.139.200 - - [04/Nov/2021:08:33:24 +0800] "GET /xingrg/javascript/easyui/themes/icons/template_new.png HTTP/1.1" 304 -
58.39.139.200 - - [04/Nov/2021:08:33:24 +0800] "GET /xingrg/javascript/easyui/themes/icons/ok.png HTTP/1.1" 304 -
58.39.139.200 - - [04/Nov/2021:08:33:24 +0800] "GET /xingrg/javascript/easyui/themes/icons/cancel.png HTTP/1.1" 304 -
58.39.139.200 - - [04/Nov/2021:08:33:24 +0800] "GET /xingrg/javascript/easyui/themes/default/images/menu_downarrow.png HTTP/1.1" 304 -
58.39.139.200 - - [04/Nov/2021:08:33:24 +0800] "GET /xingrg/all/common/auto_word.html?type=employee&rest_code=00105 HTTP/1.1" 200 193
58.39.139.200 - - [04/Nov/2021:08:33:24 +0800] "GET /xingrg/all/common/auto_word.html?type=employee&rest_code=00105 HTTP/1.1" 200 193
58.39.139.200 - - [04/Nov/2021:08:33:24 +0800] "GET /xingrg/javascript/easyui/plugins/jquery.validatebox.js HTTP/1.1" 304 -
58.39.139.200 - - [04/Nov/2021:08:33:24 +0800] "GET /xingrg/javascript/easyui/themes/default/validatebox.css HTTP/1.1" 404 1104
58.39.139.200 - - [04/Nov/2021:08:33:24 +0800] "GET /xingrg/javascript/easyui/plugins/jquery.numberbox.js HTTP/1.1" 304 -
58.39.139.200 - - [04/Nov/2021:08:33:24 +0800] "POST /xingrg/kc/buy/cgsh_order_operate.html HTTP/1.1" 200 8245
58.39.139.200 - - [04/Nov/2021:08:33:25 +0800] "GET /xingrg/javascript/easyui/themes/icons/edit_remove.png HTTP/1.1" 304 -
222.70.171.86 - - [04/Nov/2021:08:33:25 +0800] "GET /xingrg/all/function/internal_message.html?_=1635986004740&CODE_STATE=getMsg HTTP/1.1" 200 27
116.238.248.233 - - [04/Nov/2021:08:33:27 +0800] "GET /xingrg/all/function/internal_message.html?_=1635986001792&CODE_STATE=getMsg HTTP/1.1" 200 27
116.238.248.233 - - [04/Nov/2021:08:33:27 +0800] "GET /xingrg/check_reg.html?_=1635986001795 HTTP/1.1" 200 22
120.253.135.82 - - [04/Nov/2021:08:33:28 +0800] "GET /xingrg/kc/base/stock_operate.html?_=1635985779170&command=get_report_file&start_day=20211001 HTTP/1.1" 200 53
120.253.135.82 - - [04/Nov/2021:08:33:28 +0800] "GET /xingrg/all/report/report_query.html?isQuery=1&onlyBody=1&rh=2000&fileName=kc/base/kc_stock_detail_new.xml&queryString=(1=1)&queryText=&tableQueryString=init_table$sp1$$sp$crk_table$sp1$order_day%20between%2020211001%20and%2020211130&varString=start_day:20211001,materiel_code:00101019074,cost_id:3319,end_date:20210831 HTTP/1.1" 200 48701
120.253.135.82 - - [04/Nov/2021:08:33:28 +0800] "GET /xingrg/dwr/interface/AjaxReportQueryService.js HTTP/1.1" 200 13203
120.253.135.82 - - [04/Nov/2021:08:33:28 +0800] "GET /xingrg/dwr/engine.js HTTP/1.1" 200 43631
58.39.139.200 - - [04/Nov/2021:08:33:28 +0800] "GET /xingrg/javascript/auto/indicator.gif HTTP/1.1" 404 1066
120.253.135.82 - - [04/Nov/2021:08:33:30 +0800] "POST /xingrg/all/report/load_report_page.html HTTP/1.1" 200 83934
120.253.135.82 - - [04/Nov/2021:08:33:30 +0800] "GET /xingrg/servlets/image?cache=0.023178073165542656&image=px HTTP/1.1" 200 807
58.39.139.200 - - [04/Nov/2021:08:33:36 +0800] "GET /xingrg/kc/buy/cgsh_order_operate.html?command=get_materiel&rest_code=00105&code=00101008055&supplier_code=&order_time=2021-11-04 HTTP/1.1" 200 409
120.253.135.82 - - [04/Nov/2021:08:33:38 +0800] "GET /xingrg/all/function/internal_message.html?_=1635985788918&CODE_STATE=getMsg HTTP/1.1" 200 27
180.169.147.146 - - [04/Nov/2021:08:33:41 +0800] "GET /xingrg/all/function/internal_message.html?_=1635986021610&CODE_STATE=getMsg HTTP/1.1" 302 -
58.39.139.200 - - [04/Nov/2021:08:33:47 +0800] "GET /xingrg/kc/buy/cgsh_order_operate.html?command=get_materiel&rest_code=00105&code=00101008049&supplier_code=&order_time=2021-11-04 HTTP/1.1" 200 408
58.39.139.200 - - [04/Nov/2021:08:33:54 +0800] "GET /xingrg/kc/buy/cgsh_order_operate.html?command=get_materiel&rest_code=00105&code=00101008112&supplier_code=&order_time=2021-11-04 HTTP/1.1" 200 412
120.253.135.82 - - [04/Nov/2021:08:34:02 +0800] "GET /xingrg/all/function/internal_message.html?_=1635986170883&CODE_STATE=getMsg HTTP/1.1" 200 27
58.40.7.146 - - [04/Nov/2021:08:34:04 +0800] "GET /xingrg/all/function/internal_message.html?_=1635986043300&CODE_STATE=getMsg HTTP/1.1" 200 27
120.253.135.82 - - [04/Nov/2021:08:34:04 +0800] "GET /xingrg/kc/base/stock_operate.html?_=1635985815555&command=get_report_file&start_day=20211001 HTTP/1.1" 200 53
120.253.135.82 - - [04/Nov/2021:08:34:05 +0800] "GET /xingrg/all/report/report_query.html?isQuery=1&onlyBody=1&rh=2000&fileName=kc/base/kc_stock_detail_new.xml&queryString=(1=1)&queryText=&tableQueryString=init_table$sp1$$sp$crk_table$sp1$order_day%20between%2020211001%20and%2020211030&varString=start_day:20211001,materiel_code:00101019074,cost_id:3319,end_date:20210831 HTTP/1.1" 200 48701
120.253.135.82 - - [04/Nov/2021:08:34:05 +0800] "GET /xingrg/dwr/interface/AjaxReportQueryService.js HTTP/1.1" 200 13203
120.253.135.82 - - [04/Nov/2021:08:34:05 +0800] "GET /xingrg/dwr/engine.js HTTP/1.1" 200 43631
58.39.139.200 - - [04/Nov/2021:08:34:05 +0800] "GET /xingrg/kc/buy/cgsh_order_operate.html?command=get_materiel&rest_code=00105&code=00101008003&supplier_code=&order_time=2021-11-04 HTTP/1.1" 200 408
120.253.135.82 - - [04/Nov/2021:08:34:06 +0800] "POST /xingrg/all/report/load_report_page.html HTTP/1.1" 200 78912
120.253.135.82 - - [04/Nov/2021:08:34:06 +0800] "GET /xingrg/servlets/image?cache=0.3655704594968854&image=px HTTP/1.1" 200 807
58.39.139.200 - - [04/Nov/2021:08:34:16 +0800] "GET /xingrg/kc/buy/cgsh_order_operate.html?command=get_materiel&rest_code=00105&code=00101008251&supplier_code=&order_time=2021-11-04 HTTP/1.1" 200 408
58.39.139.200 - - [04/Nov/2021:08:34:20 +0800] "GET /xingrg/all/function/internal_message.html?_=1635986058823&CODE_STATE=getMsg HTTP/1.1" 200 27
116.238.248.233 - - [04/Nov/2021:08:34:23 +0800] "GET /xingrg/kc/buy/cgsh_order_list.html HTTP/1.1" 200 48947
116.238.248.233 - - [04/Nov/2021:08:34:23 +0800] "POST /xingrg/kc/buy/cgsh_list_operate.html HTTP/1.1" 200 876
116.238.248.233 - - [04/Nov/2021:08:34:24 +0800] "GET /xingrg/kc/buy/cgsh_order_add.html HTTP/1.1" 200 64641
116.238.248.233 - - [04/Nov/2021:08:34:24 +0800] "GET /xingrg/words/20211103175141_words.js HTTP/1.1" 304 -
116.238.248.233 - - [04/Nov/2021:08:34:25 +0800] "GET /xingrg/all/common/auto_word.html?type=employee&rest_code=00150 HTTP/1.1" 200 159
116.238.248.233 - - [04/Nov/2021:08:34:25 +0800] "GET /xingrg/javascript/easyui/themes/default/validatebox.css HTTP/1.1" 404 1104
116.238.248.233 - - [04/Nov/2021:08:34:25 +0800] "GET /xingrg/all/common/auto_word.html?type=employee&rest_code=00150 HTTP/1.1" 200 159
116.238.248.233 - - [04/Nov/2021:08:34:25 +0800] "POST /xingrg/kc/buy/cgsh_order_operate.html HTTP/1.1" 200 8245
222.70.171.86 - - [04/Nov/2021:08:34:25 +0800] "GET /xingrg/all/function/internal_message.html?_=1635986064754&CODE_STATE=getMsg HTTP/1.1" 200 27
116.238.248.233 - - [04/Nov/2021:08:34:27 +0800] "GET /xingrg/all/function/internal_message.html?_=1635986061806&CODE_STATE=getMsg HTTP/1.1" 200 27
120.253.135.82 - - [04/Nov/2021:08:34:28 +0800] "GET /xingrg/kc/base/stock_operate.html?_=1635985838660&command=get_report_file&start_day=20211001 HTTP/1.1" 200 53
120.253.135.82 - - [04/Nov/2021:08:34:28 +0800] "GET /xingrg/all/report/report_query.html?isQuery=1&onlyBody=1&rh=2000&fileName=kc/base/kc_stock_detail_new.xml&queryString=(1=1)&queryText=&tableQueryString=init_table$sp1$$sp$crk_table$sp1$order_day%20between%2020211001%20and%2020211030&varString=start_day:20211001,materiel_code:00101019074,cost_id:3319,end_date:20210831 HTTP/1.1" 200 48701
120.253.135.82 - - [04/Nov/2021:08:34:28 +0800] "GET /xingrg/dwr/interface/AjaxReportQueryService.js HTTP/1.1" 200 13203
120.253.135.82 - - [04/Nov/2021:08:34:28 +0800] "GET /xingrg/dwr/engine.js HTTP/1.1" 200 43631
120.253.135.82 - - [04/Nov/2021:08:34:29 +0800] "POST /xingrg/all/report/load_report_page.html HTTP/1.1" 200 78973
120.253.135.82 - - [04/Nov/2021:08:34:29 +0800] "GET /xingrg/servlets/image?cache=0.30423716206386164&image=px HTTP/1.1" 200 807
116.238.248.233 - - [04/Nov/2021:08:34:34 +0800] "GET /xingrg/kc/buy/cgsh_order_operate.html?command=get_materiel&rest_code=00150&code=00101012039&supplier_code=00100096&order_time=2021-11-04 HTTP/1.1" 200 408
58.39.139.200 - - [04/Nov/2021:08:34:36 +0800] "GET /xingrg/kc/buy/cgsh_order_operate.html?command=get_materiel&rest_code=00105&code=00101008005&supplier_code=&order_time=2021-11-04 HTTP/1.1" 200 412
120.253.135.82 - - [04/Nov/2021:08:34:38 +0800] "GET /xingrg/all/function/internal_message.html?_=1635985848931&CODE_STATE=getMsg HTTP/1.1" 200 27
180.169.147.146 - - [04/Nov/2021:08:34:41 +0800] "GET /xingrg/all/function/internal_message.html?_=1635986081593&CODE_STATE=getMsg HTTP/1.1" 302 -
116.238.248.233 - - [04/Nov/2021:08:34:44 +0800] "GET /xingrg/kc/buy/cgsh_order_operate.html?command=get_materiel&rest_code=00150&code=00101001010&supplier_code=00100096&order_time=2021-11-04 HTTP/1.1" 200 411
116.238.248.233 - - [04/Nov/2021:08:34:57 +0800] "GET /xingrg/kc/buy/cgsh_order_operate.html?command=get_materiel&rest_code=00150&code=00101001084&supplier_code=00100096&order_time=2021-11-04 HTTP/1.1" 200 415
120.253.135.82 - - [04/Nov/2021:08:34:57 +0800] "GET /xingrg/kc/report/report_main.html HTTP/1.1" 200 9370
120.253.135.82 - - [04/Nov/2021:08:35:00 +0800] "GET /xingrg/kc/base/kc_stocks.html HTTP/1.1" 200 16437
120.253.135.82 - - [04/Nov/2021:08:35:01 +0800] "GET /xingrg/javascript/easyui/themes/default/tree.css HTTP/1.1" 404 1090
120.253.135.82 - - [04/Nov/2021:08:35:01 +0800] "POST /xingrg/all/common/load_tree.html?tree=materiel_sort_tree_json HTTP/1.1" 200 9266
120.253.135.82 - - [04/Nov/2021:08:35:02 +0800] "POST /xingrg/all/common/load_combo.html?type=base HTTP/1.1" 200 1075
120.253.135.82 - - [04/Nov/2021:08:35:03 +0800] "GET /xingrg/all/function/internal_message.html?_=1635986231053&CODE_STATE=getMsg HTTP/1.1" 200 27
58.40.7.146 - - [04/Nov/2021:08:35:04 +0800] "GET /xingrg/all/function/internal_message.html?_=1635986103314&CODE_STATE=getMsg HTTP/1.1" 200 27
116.238.248.233 - - [04/Nov/2021:08:35:11 +0800] "GET /xingrg/kc/buy/cgsh_order_operate.html?command=get_materiel&rest_code=00150&code=00101001160&supplier_code=00100096&order_time=2021-11-04 HTTP/1.1" 200 410
120.253.135.82 - - [04/Nov/2021:08:35:12 +0800] "POST /xingrg/kc/base/stock_operate.html HTTP/1.1" 200 1480
58.39.139.200 - - [04/Nov/2021:08:35:20 +0800] "GET /xingrg/all/function/internal_message.html?_=1635986118819&CODE_STATE=getMsg HTTP/1.1" 200 27
120.253.135.82 - - [04/Nov/2021:08:35:24 +0800] "GET /xingrg/kc/base/stock_detail.html?m=00101019074 HTTP/1.1" 200 6356
222.70.171.86 - - [04/Nov/2021:08:35:25 +0800] "GET /xingrg/all/function/internal_message.html?_=1635986124789&CODE_STATE=getMsg HTTP/1.1" 200 27
116.238.248.233 - - [04/Nov/2021:08:35:27 +0800] "GET /xingrg/all/function/internal_message.html?_=1635986121803&CODE_STATE=getMsg HTTP/1.1" 200 27
120.253.135.82 - - [04/Nov/2021:08:35:27 +0800] "GET /xingrg/kc/base/stock_operate.html?_=1635985898395&command=get_report_file&start_day=20211101 HTTP/1.1" 200 53
120.253.135.82 - - [04/Nov/2021:08:35:27 +0800] "GET /xingrg/dwr/interface/AjaxReportQueryService.js HTTP/1.1" 200 13203
120.253.135.82 - - [04/Nov/2021:08:35:27 +0800] "GET /xingrg/all/report/report_query.html?isQuery=1&onlyBody=1&rh=2000&fileName=kc/base/kc_stock_detail_new.xml&queryString=(1=1)&queryText=&tableQueryString=init_table$sp1$$sp$crk_table$sp1$order_day%20between%2020211101%20and%2020211130&varString=start_day:20211101,materiel_code:00101019074,cost_id:3319,end_date:20210831 HTTP/1.1" 200 48701
120.253.135.82 - - [04/Nov/2021:08:35:29 +0800] "GET /xingrg/dwr/engine.js HTTP/1.1" 200 43631
120.253.135.82 - - [04/Nov/2021:08:35:29 +0800] "POST /xingrg/all/report/load_report_page.html HTTP/1.1" 200 25176
120.253.135.82 - - [04/Nov/2021:08:35:29 +0800] "GET /xingrg/servlets/image?cache=0.040811300695880126&image=px HTTP/1.1" 200 807
120.253.135.82 - - [04/Nov/2021:08:35:36 +0800] "GET /xingrg/check_reg.html?_=1635986264265 HTTP/1.1" 200 22
120.253.135.82 - - [04/Nov/2021:08:35:38 +0800] "GET /xingrg/all/function/internal_message.html?_=1635985908946&CODE_STATE=getMsg HTTP/1.1" 200 27
120.253.135.82 - - [04/Nov/2021:08:35:39 +0800] "GET /xingrg/check_reg.html?_=1635985909943 HTTP/1.1" 200 22
180.169.147.146 - - [04/Nov/2021:08:35:41 +0800] "GET /xingrg/all/function/internal_message.html?_=1635986141618&CODE_STATE=getMsg HTTP/1.1" 302 -
120.253.135.82 - - [04/Nov/2021:08:35:48 +0800] "GET /xingrg/kc/base/stock_operate.html?_=1635985918996&command=get_report_file&start_day=20211101 HTTP/1.1" 200 53
120.253.135.82 - - [04/Nov/2021:08:35:48 +0800] "GET /xingrg/dwr/interface/AjaxReportQueryService.js HTTP/1.1" 200 13203
120.253.135.82 - - [04/Nov/2021:08:35:48 +0800] "GET /xingrg/all/report/report_query.html?isQuery=1&onlyBody=1&rh=2000&fileName=kc/base/kc_stock_detail_new.xml&queryString=(1=1)&queryText=&tableQueryString=init_table$sp1$$sp$crk_table$sp1$order_day%20between%2020211101%20and%2020211130&varString=start_day:20211101,materiel_code:00101019074,cost_id:3319,end_date:20210831 HTTP/1.1" 200 48701
120.253.135.82 - - [04/Nov/2021:08:35:48 +0800] "GET /xingrg/dwr/engine.js HTTP/1.1" 200 43631
120.253.135.82 - - [04/Nov/2021:08:35:49 +0800] "POST /xingrg/all/report/load_report_page.html HTTP/1.1" 200 25120
120.253.135.82 - - [04/Nov/2021:08:35:49 +0800] "GET /xingrg/servlets/image?cache=0.5708394723736157&image=px HTTP/1.1" 200 807
116.238.248.233 - - [04/Nov/2021:08:35:51 +0800] "GET /xingrg/kc/buy/cgsh_order_operate.html?command=get_materiel&rest_code=00150&code=00101007061&supplier_code=00100096&order_time=2021-11-04 HTTP/1.1" 200 429
120.253.135.82 - - [04/Nov/2021:08:36:03 +0800] "GET /xingrg/all/function/internal_message.html?_=1635986291066&CODE_STATE=getMsg HTTP/1.1" 200 27
116.238.248.233 - - [04/Nov/2021:08:36:03 +0800] "GET /xingrg/kc/buy/cgsh_order_operate.html?command=get_materiel&rest_code=00150&code=00101007049&supplier_code=00100096&order_time=2021-11-04 HTTP/1.1" 200 428
58.40.7.146 - - [04/Nov/2021:08:36:04 +0800] "GET /xingrg/all/function/internal_message.html?_=1635986163314&CODE_STATE=getMsg HTTP/1.1" 200 27
120.253.135.82 - - [04/Nov/2021:08:36:04 +0800] "GET /xingrg/kc/pszx/mdqp_order_list.html?state=10 HTTP/1.1" 200 11062
120.253.135.82 - - [04/Nov/2021:08:36:04 +0800] "GET /xingrg/dwr/interface/AjaxReportQueryService.js HTTP/1.1" 200 13203
120.253.135.82 - - [04/Nov/2021:08:36:04 +0800] "GET /xingrg/dwr/interface/AjaxQqpsService.js HTTP/1.1" 200 16326
120.253.135.82 - - [04/Nov/2021:08:36:04 +0800] "GET /xingrg/dwr/engine.js HTTP/1.1" 200 43631
116.238.248.233 - - [04/Nov/2021:08:36:12 +0800] "GET /xingrg/kc/buy/cgsh_order_operate.html?command=get_materiel&rest_code=00150&code=00101007071&supplier_code=00100096&order_time=2021-11-04 HTTP/1.1" 200 419
58.39.139.200 - - [04/Nov/2021:08:36:14 +0800] "GET /xingrg/kc/buy/cgsh_order_operate.html?command=get_materiel&rest_code=00105&code=00101008350&supplier_code=&order_time=2021-11-04 HTTP/1.1" 200 408
58.39.139.200 - - [04/Nov/2021:08:36:20 +0800] "GET /xingrg/all/function/internal_message.html?_=1635986178861&CODE_STATE=getMsg HTTP/1.1" 200 27
222.70.171.86 - - [04/Nov/2021:08:36:25 +0800] "GET /xingrg/all/function/internal_message.html?_=1635986184796&CODE_STATE=getMsg HTTP/1.1" 200 27
116.238.248.233 - - [04/Nov/2021:08:36:27 +0800] "GET /xingrg/all/function/internal_message.html?_=1635986181808&CODE_STATE=getMsg HTTP/1.1" 200 27
116.238.248.233 - - [04/Nov/2021:08:36:27 +0800] "GET /xingrg/kc/buy/cgsh_order_operate.html?command=get_materiel&rest_code=00150&code=00101007077&supplier_code=00100096&order_time=2021-11-04 HTTP/1.1" 200 415
116.238.248.233 - - [04/Nov/2021:08:36:37 +0800] "GET /xingrg/kc/buy/cgsh_order_operate.html?command=get_materiel&rest_code=00150&code=00101007134&supplier_code=00100096&order_time=2021-11-04 HTTP/1.1" 200 401
120.253.135.82 - - [04/Nov/2021:08:36:38 +0800] "GET /xingrg/all/function/internal_message.html?_=1635985968959&CODE_STATE=getMsg HTTP/1.1" 200 27
114.85.125.222 - - [04/Nov/2021:08:36:41 +0800] "GET /favicon.ico HTTP/1.1" 404 -
180.169.147.146 - - [04/Nov/2021:08:36:41 +0800] "GET /xingrg/all/function/internal_message.html?_=1635986201620&CODE_STATE=getMsg HTTP/1.1" 302 -
114.85.125.222 - - [04/Nov/2021:08:36:43 +0800] "GET /xingrg/login.html HTTP/1.1" 200 7641
114.85.125.222 - - [04/Nov/2021:08:36:43 +0800] "GET /xingrg/images/blue/jxLogo.png HTTP/1.1" 200 6156
114.85.125.222 - - [04/Nov/2021:08:36:43 +0800] "GET /xingrg/images/blue/hj.png HTTP/1.1" 200 1014
114.85.125.222 - - [04/Nov/2021:08:36:43 +0800] "GET /xingrg/images/blue/srbg.png HTTP/1.1" 200 138
114.85.125.222 - - [04/Nov/2021:08:36:43 +0800] "GET /xingrg/images/blue/login_bg.png HTTP/1.1" 200 22101
114.85.125.222 - - [04/Nov/2021:08:36:43 +0800] "GET /favicon.ico HTTP/1.1" 404 -
114.85.125.222 - - [04/Nov/2021:08:36:45 +0800] "POST /xingrg/login.do HTTP/1.1" 302 -
114.85.125.222 - - [04/Nov/2021:08:36:45 +0800] "GET /xingrg/index.html?sysBaseUrl=http%3A%2F%2F180.169.147.146%3A18081%2Fxingrg%2F&costTime=45×tamp=1635986205718 HTTP/1.1" 200 17179
114.85.125.222 - - [04/Nov/2021:08:36:45 +0800] "GET /xingrg/javascript/jquery_easy_ui/themes/icon.css HTTP/1.1" 200 3949
114.85.125.222 - - [04/Nov/2021:08:36:45 +0800] "GET /xingrg/css/form.css HTTP/1.1" 200 893
114.85.125.222 - - [04/Nov/2021:08:36:45 +0800] "GET /xingrg/javascript/jquery_easy_ui/easyui-lang-zh_CN.js HTTP/1.1" 200 1900
114.85.125.222 - - [04/Nov/2021:08:36:45 +0800] "GET /xingrg/javascript/jquery-1.4.2.min.js HTTP/1.1" 200 72205
114.85.125.222 - - [04/Nov/2021:08:36:45 +0800] "GET /xingrg/javascript/jquery_easy_ui/jquery.easyui.min.js HTTP/1.1" 200 213662
114.85.125.222 - - [04/Nov/2021:08:36:45 +0800] "GET /xingrg/javascript/jquery.timers.js HTTP/1.1" 200 3532
114.85.125.222 - - [04/Nov/2021:08:36:45 +0800] "GET /xingrg/javascript/jquery_easy_ui/themes/default/easyui.css HTTP/1.1" 200 26500
114.85.125.222 - - [04/Nov/2021:08:36:45 +0800] "GET /xingrg/javascript/jquery.utils.js HTTP/1.1" 200 11805
114.85.125.222 - - [04/Nov/2021:08:36:45 +0800] "GET /xingrg/javascript/jquery.form.js HTTP/1.1" 200 23110
114.85.125.222 - - [04/Nov/2021:08:36:45 +0800] "GET /favicon.ico HTTP/1.1" 404 -
114.85.125.222 - - [04/Nov/2021:08:36:45 +0800] "GET /xingrg/javascript/jquery_easy_ui/themes/icons/settle_new.png HTTP/1.1" 200 826
114.85.125.222 - - [04/Nov/2021:08:36:45 +0800] "GET /xingrg/images/blue/navBackgound.jpg HTTP/1.1" 200 12378
114.85.125.222 - - [04/Nov/2021:08:36:46 +0800] "POST /xingrg/all/common/load_tree.html?tree=area_rest_tree_json&manage=1 HTTP/1.1" 200 476
114.85.125.222 - - [04/Nov/2021:08:36:46 +0800] "GET /xingrg/images/blue/pingpu.png HTTP/1.1" 200 231
114.85.125.222 - - [04/Nov/2021:08:36:46 +0800] "GET /xingrg/javascript/jquery_easy_ui/themes/default/images/tabs_leftarrow.png HTTP/1.1" 200 389
114.85.125.222 - - [04/Nov/2021:08:36:46 +0800] "GET /xingrg/javascript/jquery_easy_ui/themes/default/images/tabs_rightarrow.png HTTP/1.1" 200 395
114.85.125.222 - - [04/Nov/2021:08:36:46 +0800] "GET /xingrg/javascript/jquery_easy_ui/themes/default/images/panel_tool_collapse.gif HTTP/1.1" 200 246
114.85.125.222 - - [04/Nov/2021:08:36:46 +0800] "GET /xingrg/all/function/internal_message.html?_=1635986136830&CODE_STATE=count HTTP/1.1" 200 11
114.85.125.222 - - [04/Nov/2021:08:36:46 +0800] "GET /xingrg/check_reg.html?_=1635986136830 HTTP/1.1" 200 22
114.85.125.222 - - [04/Nov/2021:08:36:46 +0800] "GET /xingrg/javascript/jquery_easy_ui/themes/default/images/tree_arrows.gif HTTP/1.1" 200 1043
114.85.125.222 - - [04/Nov/2021:08:36:46 +0800] "POST /xingrg/load_menu.html HTTP/1.1" 200 5138
114.85.125.222 - - [04/Nov/2021:08:36:46 +0800] "GET /xingrg/javascript/jquery_easy_ui/themes/default/images/tree_folder_open.gif HTTP/1.1" 200 956
114.85.125.222 - - [04/Nov/2021:08:36:46 +0800] "GET /xingrg/javascript/jquery_easy_ui/themes/icons/search_new.png HTTP/1.1" 200 586
114.85.125.222 - - [04/Nov/2021:08:36:46 +0800] "GET /xingrg/javascript/jquery_easy_ui/themes/default/images/tree_folder.gif HTTP/1.1" 200 952
114.85.125.222 - - [04/Nov/2021:08:36:46 +0800] "GET /xingrg/javascript/jquery_easy_ui/themes/icons/forms_new.png HTTP/1.1" 200 350
114.85.125.222 - - [04/Nov/2021:08:36:46 +0800] "GET /xingrg/javascript/jquery_easy_ui/themes/icons/storage_new.png HTTP/1.1" 200 853
114.85.125.222 - - [04/Nov/2021:08:36:46 +0800] "GET /xingrg/javascript/jquery_easy_ui/themes/default/images/tree_file.gif HTTP/1.1" 200 118
120.253.135.82 - - [04/Nov/2021:08:36:47 +0800] "GET /xingrg/kc/pszx/mdqp_order_list.html?state=10 HTTP/1.1" 200 11062
120.253.135.82 - - [04/Nov/2021:08:36:47 +0800] "GET /xingrg/dwr/interface/AjaxReportQueryService.js HTTP/1.1" 200 13203
120.253.135.82 - - [04/Nov/2021:08:36:47 +0800] "GET /xingrg/dwr/interface/AjaxQqpsService.js HTTP/1.1" 200 16326
120.253.135.82 - - [04/Nov/2021:08:36:48 +0800] "GET /xingrg/dwr/engine.js HTTP/1.1" 200 43631
114.85.125.222 - - [04/Nov/2021:08:36:49 +0800] "GET /xingrg/javascript/jquery_easy_ui/themes/default/images/tabs_close.gif HTTP/1.1" 200 829
114.85.125.222 - - [04/Nov/2021:08:36:49 +0800] "GET /xingrg/css/site.css HTTP/1.1" 200 7541
114.85.125.222 - - [04/Nov/2021:08:36:49 +0800] "GET /xingrg/javascript/jquery_tools/datebox.css HTTP/1.1" 200 2597
114.85.125.222 - - [04/Nov/2021:08:36:49 +0800] "GET /xingrg/javascript/easyui/themes/icon.css HTTP/1.1" 200 4483
114.85.125.222 - - [04/Nov/2021:08:36:49 +0800] "GET /xingrg/javascript/auto/jquery.autocomplete.css HTTP/1.1" 200 587
114.85.125.222 - - [04/Nov/2021:08:36:49 +0800] "GET /xingrg/javascript/jquery_tools/fix.css HTTP/1.1" 200 1702
114.85.125.222 - - [04/Nov/2021:08:36:49 +0800] "GET /xingrg/javascript/jquery_tools/table.css HTTP/1.1" 200 1032
114.85.125.222 - - [04/Nov/2021:08:36:49 +0800] "GET /xingrg/javascript/jquery_tools/jquery.tools.min.js HTTP/1.1" 200 138801
114.85.125.222 - - [04/Nov/2021:08:36:49 +0800] "GET /xingrg/javascript/jquery_tools/jquery.tools.hotkey.js HTTP/1.1" 200 3242
114.85.125.222 - - [04/Nov/2021:08:36:49 +0800] "GET /xingrg/css/base.css HTTP/1.1" 200 2811
114.85.125.222 - - [04/Nov/2021:08:36:49 +0800] "GET /xingrg/javascript/jquery_tools/jquery.tools.table.js HTTP/1.1" 200 6994
114.85.125.222 - - [04/Nov/2021:08:36:49 +0800] "GET /xingrg/javascript/jquery_tools/jquery.tools.extend.js HTTP/1.1" 200 15385
114.85.125.222 - - [04/Nov/2021:08:36:49 +0800] "GET /xingrg/kc/buy/cgsh_order_list.html HTTP/1.1" 200 48947
114.85.125.222 - - [04/Nov/2021:08:36:49 +0800] "GET /xingrg/javascript/easyui/easyloader.js HTTP/1.1" 200 5975
114.85.125.222 - - [04/Nov/2021:08:36:49 +0800] "GET /xingrg/javascript/easyui/themes/default/easyui.css HTTP/1.1" 200 30432
114.85.125.222 - - [04/Nov/2021:08:36:49 +0800] "GET /xingrg/javascript/jquery.cookie.js HTTP/1.1" 200 5513
114.85.125.222 - - [04/Nov/2021:08:36:49 +0800] "GET /xingrg/javascript/print/LodopFuncs.js HTTP/1.1" 200 5121
114.85.125.222 - - [04/Nov/2021:08:36:49 +0800] "GET /xingrg/javascript/jquery_tools/list_manager.js HTTP/1.1" 200 3652
114.85.125.222 - - [04/Nov/2021:08:36:49 +0800] "GET /xingrg/javascript/auto/jquery.autocomplete.js HTTP/1.1" 200 21624
114.85.125.222 - - [04/Nov/2021:08:36:49 +0800] "GET /xingrg/javascript/easyui/themes/icons/cance_new.png HTTP/1.1" 200 3986
114.85.125.222 - - [04/Nov/2021:08:36:49 +0800] "GET /xingrg/javascript/easyui/themes/icons/check_new.png HTTP/1.1" 200 3224
114.85.125.222 - - [04/Nov/2021:08:36:49 +0800] "GET /xingrg/javascript/easyui/themes/icons/field_new.png HTTP/1.1" 200 1097
114.85.125.222 - - [04/Nov/2021:08:36:49 +0800] "GET /xingrg/javascript/easyui/themes/icons/import_new.png HTTP/1.1" 200 1247
114.85.125.222 - - [04/Nov/2021:08:36:49 +0800] "GET /xingrg/javascript/easyui/themes/icons/edit_add_new.png HTTP/1.1" 200 2997
114.85.125.222 - - [04/Nov/2021:08:36:49 +0800] "GET /xingrg/javascript/easyui/plugins/jquery.parser.js HTTP/1.1" 200 1142
114.85.125.222 - - [04/Nov/2021:08:36:49 +0800] "GET /xingrg/images/control/ajaxLoader.gif HTTP/1.1" 200 4659
120.253.135.82 - - [04/Nov/2021:08:36:50 +0800] "GET /xingrg/kc/buy/cgsh_order_list.html HTTP/1.1" 200 48941
114.85.125.222 - - [04/Nov/2021:08:36:50 +0800] "POST /xingrg/kc/buy/cgsh_list_operate.html HTTP/1.1" 200 876
120.253.135.82 - - [04/Nov/2021:08:36:51 +0800] "POST /xingrg/kc/buy/cgsh_list_operate.html HTTP/1.1" 200 876
114.85.125.222 - - [04/Nov/2021:08:36:51 +0800] "GET /xingrg/javascript/easyui/themes/default/images/button_plain_hover.png HTTP/1.1" 200 144
116.238.248.233 - - [04/Nov/2021:08:36:54 +0800] "GET /xingrg/kc/buy/cgsh_order_operate.html?command=get_materiel&rest_code=00150&code=00101006068&supplier_code=00100096&order_time=2021-11-04 HTTP/1.1" 200 410
120.253.135.82 - - [04/Nov/2021:08:37:03 +0800] "GET /xingrg/all/function/internal_message.html?_=1635986351080&CODE_STATE=getMsg HTTP/1.1" 200 27
58.40.7.146 - - [04/Nov/2021:08:37:04 +0800] "GET /xingrg/all/function/internal_message.html?_=1635986223314&CODE_STATE=getMsg HTTP/1.1" 200 27
116.238.248.233 - - [04/Nov/2021:08:37:08 +0800] "GET /xingrg/kc/buy/cgsh_order_operate.html?command=get_materiel&rest_code=00150&code=00101006184&supplier_code=00100096&order_time=2021-11-04 HTTP/1.1" 200 427
114.85.125.222 - - [04/Nov/2021:08:37:11 +0800] "GET /xingrg/javascript/pic_change.js HTTP/1.1" 200 4739
114.85.125.222 - - [04/Nov/2021:08:37:11 +0800] "GET /xingrg/javascript/convert.js HTTP/1.1" 200 1239
114.85.125.222 - - [04/Nov/2021:08:37:11 +0800] "GET /xingrg/javascript/print/kc_print.js HTTP/1.1" 200 11415
114.85.125.222 - - [04/Nov/2021:08:37:11 +0800] "GET /xingrg/javascript/json2.js HTTP/1.1" 200 11259
114.85.125.222 - - [04/Nov/2021:08:37:11 +0800] "GET /xingrg/javascript/jquery_tools/order_manager.js HTTP/1.1" 200 11183
114.85.125.222 - - [04/Nov/2021:08:37:11 +0800] "GET /xingrg/kc/buy/cgsh_order_add.html HTTP/1.1" 200 64653
114.85.125.222 - - [04/Nov/2021:08:37:11 +0800] "GET /xingrg/words/20211103175141_words.js HTTP/1.1" 200 869174
114.85.125.222 - - [04/Nov/2021:08:37:11 +0800] "GET /xingrg/javascript/easyui/themes/icons/copy_new.png HTTP/1.1" 200 815
114.85.125.222 - - [04/Nov/2021:08:37:11 +0800] "GET /xingrg/javascript/easyui/themes/icons/template_new.png HTTP/1.1" 200 3956
114.85.125.222 - - [04/Nov/2021:08:37:11 +0800] "GET /xingrg/javascript/easyui/themes/icons/ok.png HTTP/1.1" 200 883
114.85.125.222 - - [04/Nov/2021:08:37:11 +0800] "GET /xingrg/javascript/easyui/themes/icons/print.png HTTP/1.1" 200 1057
114.85.125.222 - - [04/Nov/2021:08:37:11 +0800] "GET /xingrg/javascript/easyui/themes/icons/cancel.png HTTP/1.1" 200 1133
114.85.125.222 - - [04/Nov/2021:08:37:11 +0800] "GET /xingrg/javascript/easyui/themes/default/images/menu_downarrow.png HTTP/1.1" 200 173
114.85.125.222 - - [04/Nov/2021:08:37:11 +0800] "POST /xingrg/kc/buy/cgsh_order_operate.html HTTP/1.1" 200 8245
114.85.125.222 - - [04/Nov/2021:08:37:11 +0800] "GET /xingrg/javascript/easyui/themes/icons/edit_remove.png HTTP/1.1" 200 625
114.85.125.222 - - [04/Nov/2021:08:37:11 +0800] "GET /xingrg/all/common/auto_word.html?type=employee&rest_code=00150 HTTP/1.1" 200 159
114.85.125.222 - - [04/Nov/2021:08:37:11 +0800] "GET /xingrg/all/common/auto_word.html?type=employee&rest_code=00150 HTTP/1.1" 200 159
114.85.125.222 - - [04/Nov/2021:08:37:11 +0800] "GET /xingrg/javascript/easyui/plugins/jquery.validatebox.js HTTP/1.1" 200 6103
114.85.125.222 - - [04/Nov/2021:08:37:11 +0800] "GET /xingrg/javascript/easyui/themes/default/validatebox.css HTTP/1.1" 404 1104
114.85.125.222 - - [04/Nov/2021:08:37:11 +0800] "GET /xingrg/javascript/easyui/plugins/jquery.numberbox.js HTTP/1.1" 200 5213
114.85.125.222 - - [04/Nov/2021:08:37:14 +0800] "GET /xingrg/javascript/auto/indicator.gif HTTP/1.1" 404 1066
58.39.139.200 - - [04/Nov/2021:08:37:20 +0800] "GET /xingrg/all/function/internal_message.html?_=1635986238862&CODE_STATE=getMsg HTTP/1.1" 200 27
116.238.248.233 - - [04/Nov/2021:08:37:21 +0800] "GET /xingrg/kc/buy/cgsh_order_operate.html?command=get_materiel&rest_code=00150&code=00101008131&supplier_code=00100096&order_time=2021-11-04 HTTP/1.1" 200 408
114.85.125.222 - - [04/Nov/2021:08:37:23 +0800] "GET /xingrg/kc/buy/cgsh_order_operate.html?command=get_materiel&rest_code=00150&code=00101008091&supplier_code=00100007&order_time=2021-11-04 HTTP/1.1" 200 413
222.70.171.86 - - [04/Nov/2021:08:37:24 +0800] "GET /xingrg/check_reg.html?_=1635986243571 HTTP/1.1" 200 22
116.238.248.233 - - [04/Nov/2021:08:37:25 +0800] "GET /xingrg/kc/buy/cgsh_order_operate.html?command=get_materiel&rest_code=00150&code=00101006055&supplier_code=00100096&order_time=2021-11-04 HTTP/1.1" 200 428
222.70.171.86 - - [04/Nov/2021:08:37:25 +0800] "GET /xingrg/all/function/internal_message.html?_=1635986244810&CODE_STATE=getMsg HTTP/1.1" 200 27
116.238.248.233 - - [04/Nov/2021:08:37:27 +0800] "GET /xingrg/all/function/internal_message.html?_=1635986241817&CODE_STATE=getMsg HTTP/1.1" 200 27
114.85.125.222 - - [04/Nov/2021:08:37:35 +0800] "GET /xingrg/kc/buy/cgsh_order_operate.html?command=get_materiel&rest_code=00150&code=00101008261&supplier_code=00100007&order_time=2021-11-04 HTTP/1.1" 200 408
116.238.248.233 - - [04/Nov/2021:08:37:37 +0800] "GET /xingrg/kc/buy/cgsh_order_operate.html?command=get_materiel&rest_code=00150&code=00101006111&supplier_code=00100096&order_time=2021-11-04 HTTP/1.1" 200 409
120.253.135.82 - - [04/Nov/2021:08:37:38 +0800] "GET /xingrg/all/function/internal_message.html?_=1635986029150&CODE_STATE=getMsg HTTP/1.1" 200 27
180.169.147.146 - - [04/Nov/2021:08:37:41 +0800] "GET /xingrg/all/function/internal_message.html?_=1635986261618&CODE_STATE=getMsg HTTP/1.1" 302 -
180.169.147.146 - - [04/Nov/2021:08:37:41 +0800] "GET /xingrg/check_reg.html?_=1635986261620 HTTP/1.1" 302 -
114.85.125.222 - - [04/Nov/2021:08:37:46 +0800] "GET /xingrg/all/function/internal_message.html?_=1635986196832&CODE_STATE=getMsg HTTP/1.1" 200 27
114.85.125.222 - - [04/Nov/2021:08:37:46 +0800] "GET /xingrg/kc/buy/cgsh_order_operate.html?command=get_materiel&rest_code=00150&code=00101008027&supplier_code=00100007&order_time=2021-11-04 HTTP/1.1" 200 409
116.238.248.233 - - [04/Nov/2021:08:37:51 +0800] "GET /xingrg/kc/buy/cgsh_order_operate.html?command=get_materiel&rest_code=00150&code=00101006065&supplier_code=00100096&order_time=2021-11-04 HTTP/1.1" 200 429
114.85.125.222 - - [04/Nov/2021:08:37:55 +0800] "GET /xingrg/kc/buy/cgsh_order_operate.html?command=get_materiel&rest_code=00150&code=00101008257&supplier_code=00100007&order_time=2021-11-04 HTTP/1.1" 200 416
114.85.125.222 - - [04/Nov/2021:08:38:03 +0800] "GET /xingrg/kc/buy/cgsh_order_operate.html?command=get_materiel&rest_code=00150&code=00101008156&supplier_code=00100007&order_time=2021-11-04 HTTP/1.1" 200 414
120.253.135.82 - - [04/Nov/2021:08:38:03 +0800] "GET /xingrg/all/function/internal_message.html?_=1635986411240&CODE_STATE=getMsg HTTP/1.1" 200 27
58.40.7.146 - - [04/Nov/2021:08:38:04 +0800] "GET /xingrg/check_reg.html?_=1635986283317 HTTP/1.1" 200 22
58.40.7.146 - - [04/Nov/2021:08:38:04 +0800] "GET /xingrg/all/function/internal_message.html?_=1635986283318&CODE_STATE=getMsg HTTP/1.1" 200 27
116.238.248.233 - - [04/Nov/2021:08:38:06 +0800] "GET /xingrg/kc/buy/cgsh_order_operate.html?command=get_materiel&rest_code=00150&code=00101006013&supplier_code=00100096&order_time=2021-11-04 HTTP/1.1" 200 411
114.85.125.222 - - [04/Nov/2021:08:38:10 +0800] "GET /xingrg/kc/buy/cgsh_order_operate.html?command=get_materiel&rest_code=00150&code=00101008350&supplier_code=00100007&order_time=2021-11-04 HTTP/1.1" 200 408
58.39.139.200 - - [04/Nov/2021:08:38:20 +0800] "GET /xingrg/check_reg.html?_=1635986298824 HTTP/1.1" 200 22
58.39.139.200 - - [04/Nov/2021:08:38:20 +0800] "GET /xingrg/all/function/internal_message.html?_=1635986298827&CODE_STATE=getMsg HTTP/1.1" 200 27
114.85.125.222 - - [04/Nov/2021:08:38:21 +0800] "GET /xingrg/kc/buy/cgsh_order_operate.html?command=get_materiel&rest_code=00150&code=00101008038&supplier_code=00100007&order_time=2021-11-04 HTTP/1.1" 200 431
222.70.171.86 - - [04/Nov/2021:08:38:25 +0800] "GET /xingrg/all/function/internal_message.html?_=1635986304824&CODE_STATE=getMsg HTTP/1.1" 200 27
116.238.248.233 - - [04/Nov/2021:08:38:27 +0800] "GET /xingrg/check_reg.html?_=1635986301810 HTTP/1.1" 200 22
116.238.248.233 - - [04/Nov/2021:08:38:27 +0800] "GET /xingrg/all/function/internal_message.html?_=1635986301812&CODE_STATE=getMsg HTTP/1.1" 200 27
114.85.125.222 - - [04/Nov/2021:08:38:31 +0800] "GET /xingrg/kc/buy/cgsh_order_operate.html?command=get_materiel&rest_code=00150&code=00101008224&supplier_code=00100007&order_time=2021-11-04 HTTP/1.1" 200 416
116.238.248.233 - - [04/Nov/2021:08:38:37 +0800] "GET /xingrg/kc/buy/cgsh_order_operate.html?command=get_materiel&rest_code=00150&code=00101006133&supplier_code=00100096&order_time=2021-11-04 HTTP/1.1" 200 413
120.253.135.82 - - [04/Nov/2021:08:38:38 +0800] "GET /xingrg/all/function/internal_message.html?_=1635986089158&CODE_STATE=getMsg HTTP/1.1" 200 27
114.85.125.222 - - [04/Nov/2021:08:38:39 +0800] "GET /xingrg/kc/buy/cgsh_order_operate.html?command=get_materiel&rest_code=00150&code=00101008370&supplier_code=00100007&order_time=2021-11-04 HTTP/1.1" 200 412
180.169.147.146 - - [04/Nov/2021:08:38:41 +0800] "GET /xingrg/all/function/internal_message.html?_=1635986321618&CODE_STATE=getMsg HTTP/1.1" 302 -
114.85.125.222 - - [04/Nov/2021:08:38:46 +0800] "GET /xingrg/all/function/internal_message.html?_=1635986256846&CODE_STATE=getMsg HTTP/1.1" 200 27
114.85.125.222 - - [04/Nov/2021:08:38:47 +0800] "GET /xingrg/kc/buy/cgsh_order_operate.html?command=get_materiel&rest_code=00150&code=00101008024&supplier_code=00100007&order_time=2021-11-04 HTTP/1.1" 200 408
114.85.125.222 - - [04/Nov/2021:08:38:54 +0800] "GET /xingrg/kc/buy/cgsh_order_operate.html?command=get_materiel&rest_code=00150&code=00101008063&supplier_code=00100007&order_time=2021-11-04 HTTP/1.1" 200 412
120.253.135.82 - - [04/Nov/2021:08:39:03 +0800] "GET /xingrg/all/function/internal_message.html?_=1635986471248&CODE_STATE=getMsg HTTP/1.1" 200 27
58.40.7.146 - - [04/Nov/2021:08:39:04 +0800] "GET /xingrg/all/function/internal_message.html?_=1635986343319&CODE_STATE=getMsg HTTP/1.1" 200 27
114.85.125.222 - - [04/Nov/2021:08:39:15 +0800] "GET /xingrg/kc/buy/cgsh_order_operate.html?command=get_materiel&rest_code=00150&code=00101008286&supplier_code=00100007&order_time=2021-11-04 HTTP/1.1" 200 408
58.39.139.200 - - [04/Nov/2021:08:39:20 +0800] "GET /xingrg/all/function/internal_message.html?_=1635986358822&CODE_STATE=getMsg HTTP/1.1" 200 27
222.70.171.86 - - [04/Nov/2021:08:39:25 +0800] "GET /xingrg/all/function/internal_message.html?_=1635986364837&CODE_STATE=getMsg HTTP/1.1" 200 27
116.238.248.233 - - [04/Nov/2021:08:39:27 +0800] "GET /xingrg/all/function/internal_message.html?_=1635986361811&CODE_STATE=getMsg HTTP/1.1" 200 27
114.85.125.222 - - [04/Nov/2021:08:39:33 +0800] "GET /xingrg/kc/buy/cgsh_order_operate.html?command=get_materiel&rest_code=00150&code=00101008357&supplier_code=00100007&order_time=2021-11-04 HTTP/1.1" 200 408
120.253.135.82 - - [04/Nov/2021:08:39:38 +0800] "GET /xingrg/all/function/internal_message.html?_=1635986149339&CODE_STATE=getMsg HTTP/1.1" 200 27
180.169.147.146 - - [04/Nov/2021:08:39:41 +0800] "GET /xingrg/all/function/internal_message.html?_=1635986381633&CODE_STATE=getMsg HTTP/1.1" 302 -
114.85.125.222 - - [04/Nov/2021:08:39:45 +0800] "GET /xingrg/kc/buy/cgsh_order_operate.html?command=get_materiel&rest_code=00150&code=00101008036&supplier_code=00100007&order_time=2021-11-04 HTTP/1.1" 200 408
114.85.125.222 - - [04/Nov/2021:08:39:46 +0800] "GET /xingrg/all/function/internal_message.html?_=1635986316860&CODE_STATE=getMsg HTTP/1.1" 200 27
120.253.135.82 - - [04/Nov/2021:08:40:03 +0800] "GET /xingrg/all/function/internal_message.html?_=1635986531409&CODE_STATE=getMsg HTTP/1.1" 200 27
114.85.125.222 - - [04/Nov/2021:08:40:04 +0800] "GET /xingrg/kc/buy/cgsh_order_operate.html?command=get_materiel&rest_code=00150&code=00101008131&supplier_code=00100007&order_time=2021-11-04 HTTP/1.1" 200 408
58.40.7.146 - - [04/Nov/2021:08:40:04 +0800] "GET /xingrg/all/function/internal_message.html?_=1635986403320&CODE_STATE=getMsg HTTP/1.1" 200 27
114.85.125.222 - - [04/Nov/2021:08:40:18 +0800] "GET /xingrg/kc/buy/cgsh_order_operate.html?command=get_materiel&rest_code=00150&code=00101008296&supplier_code=00100007&order_time=2021-11-04 HTTP/1.1" 200 416
58.39.139.200 - - [04/Nov/2021:08:40:20 +0800] "GET /xingrg/all/function/internal_message.html?_=1635986418820&CODE_STATE=getMsg HTTP/1.1" 200 27
222.70.171.86 - - [04/Nov/2021:08:40:25 +0800] "GET /xingrg/all/function/internal_message.html?_=1635986424870&CODE_STATE=getMsg HTTP/1.1" 200 27
116.238.248.233 - - [04/Nov/2021:08:40:27 +0800] "GET /xingrg/all/function/internal_message.html?_=1635986421825&CODE_STATE=getMsg HTTP/1.1" 200 27
114.85.125.222 - - [04/Nov/2021:08:40:27 +0800] "GET /xingrg/kc/buy/cgsh_order_operate.html?command=get_materiel&rest_code=00150&code=00101008318&supplier_code=00100007&order_time=2021-11-04 HTTP/1.1" 200 408
116.238.248.233 - - [04/Nov/2021:08:40:32 +0800] "POST /xingrg/kc/buy/cgsh_order_operate.html HTTP/1.1" 200 37
120.253.135.82 - - [04/Nov/2021:08:40:36 +0800] "GET /xingrg/check_reg.html?_=1635986564271 HTTP/1.1" 200 22
114.85.125.222 - - [04/Nov/2021:08:40:36 +0800] "GET /xingrg/kc/buy/cgsh_order_operate.html?command=get_materiel&rest_code=00150&code=00101008352&supplier_code=00100007&order_time=2021-11-04 HTTP/1.1" 200 412
116.238.248.233 - - [04/Nov/2021:08:40:37 +0800] "POST /xingrg/kc/buy/cgsh_order_operate.html HTTP/1.1" 200 12
120.253.135.82 - - [04/Nov/2021:08:40:38 +0800] "GET /xingrg/all/function/internal_message.html?_=1635986209341&CODE_STATE=getMsg HTTP/1.1" 200 27
116.238.248.233 - - [04/Nov/2021:08:40:39 +0800] "GET /xingrg/kc/buy/cgsh_order_info.html?code=212021110401263 HTTP/1.1" 200 59540
120.253.135.82 - - [04/Nov/2021:08:40:39 +0800] "GET /xingrg/check_reg.html?_=1635986210154 HTTP/1.1" 200 22
116.238.248.233 - - [04/Nov/2021:08:40:39 +0800] "GET /xingrg/javascript/easyui/themes/default/validatebox.css HTTP/1.1" 404 1104
116.238.248.233 - - [04/Nov/2021:08:40:40 +0800] "POST /xingrg/kc/buy/cgsh_order_operate.html HTTP/1.1" 200 10091
180.169.147.146 - - [04/Nov/2021:08:40:41 +0800] "GET /xingrg/all/function/internal_message.html?_=1635986441632&CODE_STATE=getMsg HTTP/1.1" 302 -
114.85.125.222 - - [04/Nov/2021:08:40:46 +0800] "GET /xingrg/all/function/internal_message.html?_=1635986376873&CODE_STATE=getMsg HTTP/1.1" 200 27
116.238.248.233 - - [04/Nov/2021:08:40:47 +0800] "GET /xingrg/kc/print/load_config.html?kc_code=cgsh HTTP/1.1" 200 2281
114.85.125.222 - - [04/Nov/2021:08:40:47 +0800] "GET /xingrg/kc/buy/cgsh_order_operate.html?command=get_materiel&rest_code=00150&code=00101008371&supplier_code=00100007&order_time=2021-11-04 HTTP/1.1" 200 412
116.238.248.233 - - [04/Nov/2021:08:40:47 +0800] "GET /xingrg/kc/print/load_data.html?order_code=212021110401263&kc_code=cgsh&condition= HTTP/1.1" 200 4267
114.85.125.222 - - [04/Nov/2021:08:40:54 +0800] "POST /xingrg/kc/buy/cgsh_order_operate.html HTTP/1.1" 200 37
114.85.125.222 - - [04/Nov/2021:08:40:55 +0800] "POST /xingrg/kc/buy/cgsh_order_operate.html HTTP/1.1" 200 13885
116.238.248.233 - - [04/Nov/2021:08:41:00 +0800] "POST /xingrg/all/user/operate.html HTTP/1.1" 200 36
116.238.248.233 - - [04/Nov/2021:08:41:00 +0800] "GET /xingrg/index.html?sysBaseUrl=http%3A%2F%2F180.169.147.146%3A18081%2Fxingrg%2F&costTime=39×tamp=1635940408706 HTTP/1.1" 200 17177
116.238.248.233 - - [04/Nov/2021:08:41:00 +0800] "GET /xingrg/javascript/jquery_easy_ui/themes/default/easyui.css HTTP/1.1" 304 -
116.238.248.233 - - [04/Nov/2021:08:41:00 +0800] "GET /xingrg/javascript/jquery_easy_ui/themes/icon.css HTTP/1.1" 304 -
116.238.248.233 - - [04/Nov/2021:08:41:00 +0800] "GET /xingrg/css/form.css HTTP/1.1" 304 -
