172.20.0.100 - - [04/Nov/2021:11:24:11 +0800] "GET /xingrg/all/function/internal_message.html?_=1635996250273&CODE_STATE=getMsg HTTP/1.1" 200 27
180.157.253.6 - - [04/Nov/2021:11:24:12 +0800] "GET /xingrg/check_reg.html?_=1635996251542 HTTP/1.1" 200 22
180.157.253.6 - - [04/Nov/2021:11:24:13 +0800] "GET /xingrg/all/function/internal_message.html?_=1635996251611&CODE_STATE=getMsg HTTP/1.1" 200 27
116.238.248.233 - - [04/Nov/2021:11:24:14 +0800] "GET /xingrg/all/function/internal_message.html?_=1635996248648&CODE_STATE=getMsg HTTP/1.1" 200 27
180.157.253.6 - - [04/Nov/2021:11:24:16 +0800] "GET /xingrg/kc/buy/cgsh_order_operate.html?command=get_materiel&rest_code=00148&code=00101008213&supplier_code=00100008&order_time=2021-11-04 HTTP/1.1" 200 412
120.253.135.82 - - [04/Nov/2021:11:24:16 +0800] "GET /xingrg/all/function/internal_message.html?_=1635996384269&CODE_STATE=getMsg HTTP/1.1" 200 27
58.39.139.200 - - [04/Nov/2021:11:24:17 +0800] "GET /xingrg/all/function/internal_message.html?_=1635996255984&CODE_STATE=getMsg HTTP/1.1" 200 27
222.70.171.86 - - [04/Nov/2021:11:24:19 +0800] "GET /xingrg/all/function/internal_message.html?_=1635996259123&CODE_STATE=getMsg HTTP/1.1" 200 27
58.221.95.50 - - [04/Nov/2021:11:24:20 +0800] "GET /xingrg/all/function/internal_message.html?_=1635996260060&CODE_STATE=getMsg HTTP/1.1" 200 27
58.40.7.146 - - [04/Nov/2021:11:24:23 +0800] "POST /xingrg/kc/buy/cgsh_list_operate.html HTTP/1.1" 200 349
180.169.147.146 - - [04/Nov/2021:11:24:26 +0800] "GET /xingrg/all/function/internal_message.html?_=1635996265844&CODE_STATE=getMsg HTTP/1.1" 302 -
124.78.153.86 - - [04/Nov/2021:11:24:28 +0800] "GET /xingrg/all/function/internal_message.html?_=1635996271931&CODE_STATE=getMsg HTTP/1.1" 200 27
180.157.253.6 - - [04/Nov/2021:11:24:30 +0800] "GET /xingrg/kc/buy/cgsh_order_operate.html?command=get_materiel&rest_code=00148&code=00101008101&supplier_code=00100008&order_time=2021-11-04 HTTP/1.1" 200 412
180.157.253.6 - - [04/Nov/2021:11:24:32 +0800] "GET /xingrg/all/function/internal_message.html?_=1635996273018&CODE_STATE=getMsg HTTP/1.1" 200 27
180.169.147.146 - - [04/Nov/2021:11:24:40 +0800] "GET /xingrg/all/function/internal_message.html?_=1635996342620&CODE_STATE=getMsg HTTP/1.1" 200 27
180.157.253.6 - - [04/Nov/2021:11:24:43 +0800] "POST /xingrg/kc/buy/cgsh_order_operate.html HTTP/1.1" 200 37
180.157.253.6 - - [04/Nov/2021:11:24:47 +0800] "POST /xingrg/kc/buy/cgsh_order_operate.html HTTP/1.1" 200 11542
222.70.171.86 - - [04/Nov/2021:11:24:51 +0800] "GET /xingrg/all/function/internal_message.html?_=1635996283011&CODE_STATE=getMsg HTTP/1.1" 302 -
101.85.120.86 - - [04/Nov/2021:11:24:52 +0800] "GET /xingrg/check_reg.html?_=1635996291468 HTTP/1.1" 200 22
101.85.120.86 - - [04/Nov/2021:11:24:52 +0800] "GET /xingrg/all/function/internal_message.html?_=1635996291471&CODE_STATE=getMsg HTTP/1.1" 200 27
114.85.125.222 - - [04/Nov/2021:11:24:55 +0800] "GET /xingrg/all/function/internal_message.html?_=1635996225727&CODE_STATE=getMsg HTTP/1.1" 200 27
114.86.226.51 - - [04/Nov/2021:11:24:55 +0800] "GET /xingrg/all/function/internal_message.html?_=1635996294332&CODE_STATE=getMsg HTTP/1.1" 200 27
114.86.226.51 - - [04/Nov/2021:11:24:55 +0800] "GET /xingrg/check_reg.html?_=1635996294333 HTTP/1.1" 200 22
58.37.227.186 - - [04/Nov/2021:11:24:56 +0800] "GET /xingrg/all/function/internal_message.html?_=1635996131928&CODE_STATE=getMsg HTTP/1.1" 200 27
222.69.131.182 - - [04/Nov/2021:11:24:57 +0800] "GET /xingrg/all/function/internal_message.html?_=1635996294244&CODE_STATE=getMsg HTTP/1.1" 200 27
58.37.227.186 - - [04/Nov/2021:11:24:57 +0800] "GET /xingrg/check_reg.html?_=1635996132833 HTTP/1.1" 200 22
180.169.147.146 - - [04/Nov/2021:11:24:58 +0800] "GET /xingrg/all/function/internal_message.html?_=1635996297362&CODE_STATE=getMsg HTTP/1.1" 200 27
180.157.253.6 - - [04/Nov/2021:11:25:00 +0800] "GET /xingrg/kc/buy/cgsh_order_operate.html?command=get_materiel&rest_code=00148&code=00101008027&supplier_code=00100008&order_time=2021-11-04 HTTP/1.1" 200 408
58.40.7.146 - - [04/Nov/2021:11:25:04 +0800] "GET /xingrg/all/function/internal_message.html?_=1635996303429&CODE_STATE=getMsg HTTP/1.1" 200 27
58.40.7.146 - - [04/Nov/2021:11:25:08 +0800] "GET /xingrg/all/function/internal_message.html?_=1635996306617&CODE_STATE=getMsg HTTP/1.1" 200 27
172.20.0.100 - - [04/Nov/2021:11:25:11 +0800] "GET /xingrg/all/function/internal_message.html?_=1635996310278&CODE_STATE=getMsg HTTP/1.1" 200 27
180.157.253.6 - - [04/Nov/2021:11:25:13 +0800] "GET /xingrg/all/function/internal_message.html?_=1635996311599&CODE_STATE=getMsg HTTP/1.1" 200 27
180.157.253.6 - - [04/Nov/2021:11:25:13 +0800] "GET /xingrg/kc/buy/cgsh_order_operate.html?command=get_materiel&rest_code=00148&code=00101008244&supplier_code=00100008&order_time=2021-11-04 HTTP/1.1" 200 408
116.238.248.233 - - [04/Nov/2021:11:25:14 +0800] "GET /xingrg/all/function/internal_message.html?_=1635996308664&CODE_STATE=getMsg HTTP/1.1" 200 27
120.253.135.82 - - [04/Nov/2021:11:25:16 +0800] "GET /xingrg/all/function/internal_message.html?_=1635996444457&CODE_STATE=getMsg HTTP/1.1" 200 27
58.39.139.200 - - [04/Nov/2021:11:25:17 +0800] "GET /xingrg/all/function/internal_message.html?_=1635996315962&CODE_STATE=getMsg HTTP/1.1" 200 27
222.70.171.86 - - [04/Nov/2021:11:25:19 +0800] "GET /xingrg/check_reg.html?_=1635996318686 HTTP/1.1" 200 22
222.70.171.86 - - [04/Nov/2021:11:25:19 +0800] "GET /xingrg/all/function/internal_message.html?_=1635996319137&CODE_STATE=getMsg HTTP/1.1" 200 27
58.221.95.50 - - [04/Nov/2021:11:25:20 +0800] "GET /xingrg/all/function/internal_message.html?_=1635996320031&CODE_STATE=getMsg HTTP/1.1" 200 27
180.157.253.6 - - [04/Nov/2021:11:25:22 +0800] "GET /xingrg/kc/buy/cgsh_order_operate.html?command=get_materiel&rest_code=00148&code=00101008149&supplier_code=00100008&order_time=2021-11-04 HTTP/1.1" 200 408
180.169.147.146 - - [04/Nov/2021:11:25:26 +0800] "GET /xingrg/all/function/internal_message.html?_=1635996325820&CODE_STATE=getMsg HTTP/1.1" 302 -
124.78.153.86 - - [04/Nov/2021:11:25:28 +0800] "GET /xingrg/all/function/internal_message.html?_=1635996331933&CODE_STATE=getMsg HTTP/1.1" 200 27
124.78.153.86 - - [04/Nov/2021:11:25:28 +0800] "GET /xingrg/check_reg.html?_=1635996332107 HTTP/1.1" 200 22
180.157.253.6 - - [04/Nov/2021:11:25:31 +0800] "GET /xingrg/kc/buy/cgsh_order_operate.html?command=get_materiel&rest_code=00148&code=00101008354&supplier_code=00100008&order_time=2021-11-04 HTTP/1.1" 200 412
180.157.253.6 - - [04/Nov/2021:11:25:32 +0800] "GET /xingrg/all/function/internal_message.html?_=1635996333017&CODE_STATE=getMsg HTTP/1.1" 200 27
180.157.253.6 - - [04/Nov/2021:11:25:34 +0800] "POST /xingrg/kc/buy/cgsh_order_operate.html HTTP/1.1" 200 2065
120.253.135.82 - - [04/Nov/2021:11:25:36 +0800] "GET /xingrg/check_reg.html?_=1635996464455 HTTP/1.1" 200 22
58.40.7.146 - - [04/Nov/2021:11:25:37 +0800] "POST /xingrg/kc/buy/cgsh_list_operate.html HTTP/1.1" 200 435
180.169.147.146 - - [04/Nov/2021:11:25:40 +0800] "GET /xingrg/check_reg.html?_=1635996402606 HTTP/1.1" 200 22
180.169.147.146 - - [04/Nov/2021:11:25:40 +0800] "GET /xingrg/all/function/internal_message.html?_=1635996402610&CODE_STATE=getMsg HTTP/1.1" 200 27
180.157.253.6 - - [04/Nov/2021:11:25:40 +0800] "GET /xingrg/kc/buy/cgsh_order_operate.html?command=get_materiel&rest_code=00148&code=00101008010&supplier_code=00100008&order_time=2021-11-04 HTTP/1.1" 200 412
222.70.171.86 - - [04/Nov/2021:11:25:50 +0800] "GET /xingrg/check_reg.html?_=1635996341839 HTTP/1.1" 302 -
222.70.171.86 - - [04/Nov/2021:11:25:51 +0800] "GET /xingrg/all/function/internal_message.html?_=1635996343025&CODE_STATE=getMsg HTTP/1.1" 302 -
101.85.120.86 - - [04/Nov/2021:11:25:52 +0800] "GET /xingrg/all/function/internal_message.html?_=1635996351471&CODE_STATE=getMsg HTTP/1.1" 200 27
114.85.125.222 - - [04/Nov/2021:11:25:55 +0800] "GET /xingrg/all/function/internal_message.html?_=1635996285730&CODE_STATE=getMsg HTTP/1.1" 200 27
114.86.226.51 - - [04/Nov/2021:11:25:55 +0800] "GET /xingrg/all/function/internal_message.html?_=1635996354334&CODE_STATE=getMsg HTTP/1.1" 200 27
58.37.227.186 - - [04/Nov/2021:11:25:56 +0800] "GET /xingrg/all/function/internal_message.html?_=1635996191903&CODE_STATE=getMsg HTTP/1.1" 200 27
222.69.131.182 - - [04/Nov/2021:11:25:57 +0800] "GET /xingrg/all/function/internal_message.html?_=1635996354229&CODE_STATE=getMsg HTTP/1.1" 200 27
180.157.253.6 - - [04/Nov/2021:11:25:58 +0800] "GET /xingrg/kc/buy/cgsh_order_operate.html?command=get_materiel&rest_code=00148&code=00101008186&supplier_code=00100008&order_time=2021-11-04 HTTP/1.1" 200 408
180.169.147.146 - - [04/Nov/2021:11:25:58 +0800] "GET /xingrg/all/function/internal_message.html?_=1635996357362&CODE_STATE=getMsg HTTP/1.1" 200 27
180.169.147.146 - - [04/Nov/2021:11:25:58 +0800] "GET /xingrg/check_reg.html?_=1635996357364 HTTP/1.1" 200 22
58.40.7.146 - - [04/Nov/2021:11:26:04 +0800] "GET /xingrg/all/function/internal_message.html?_=1635996363431&CODE_STATE=getMsg HTTP/1.1" 200 27
58.40.7.146 - - [04/Nov/2021:11:26:05 +0800] "POST /xingrg/kc/buy/cgsh_list_operate.html HTTP/1.1" 200 436
58.40.7.146 - - [04/Nov/2021:11:26:08 +0800] "GET /xingrg/all/function/internal_message.html?_=1635996366625&CODE_STATE=getMsg HTTP/1.1" 200 27
58.40.7.146 - - [04/Nov/2021:11:26:08 +0800] "GET /xingrg/check_reg.html?_=1635996366627 HTTP/1.1" 200 22
180.157.253.6 - - [04/Nov/2021:11:26:10 +0800] "GET /xingrg/kc/buy/cgsh_order_operate.html?command=get_materiel&rest_code=00148&code=00101008017&supplier_code=00100008&order_time=2021-11-04 HTTP/1.1" 200 416
172.20.0.100 - - [04/Nov/2021:11:26:11 +0800] "GET /xingrg/check_reg.html?_=1635996370272 HTTP/1.1" 200 22
172.20.0.100 - - [04/Nov/2021:11:26:11 +0800] "GET /xingrg/all/function/internal_message.html?_=1635996370282&CODE_STATE=getMsg HTTP/1.1" 200 27
180.157.253.6 - - [04/Nov/2021:11:26:12 +0800] "GET /xingrg/all/function/internal_message.html?_=1635996371579&CODE_STATE=getMsg HTTP/1.1" 200 27
116.238.248.233 - - [04/Nov/2021:11:26:14 +0800] "GET /xingrg/all/function/internal_message.html?_=1635996368671&CODE_STATE=getMsg HTTP/1.1" 200 27
120.253.135.82 - - [04/Nov/2021:11:26:16 +0800] "GET /xingrg/all/function/internal_message.html?_=1635996504468&CODE_STATE=getMsg HTTP/1.1" 200 27
58.39.139.200 - - [04/Nov/2021:11:26:17 +0800] "GET /xingrg/all/function/internal_message.html?_=1635996375932&CODE_STATE=getMsg HTTP/1.1" 200 27
222.70.171.86 - - [04/Nov/2021:11:26:19 +0800] "GET /xingrg/all/function/internal_message.html?_=1635996379150&CODE_STATE=getMsg HTTP/1.1" 200 27
58.221.95.50 - - [04/Nov/2021:11:26:20 +0800] "GET /xingrg/all/function/internal_message.html?_=1635996380004&CODE_STATE=getMsg HTTP/1.1" 200 27
58.221.95.50 - - [04/Nov/2021:11:26:21 +0800] "GET /xingrg/check_reg.html?_=1635996381196 HTTP/1.1" 200 22
180.169.147.146 - - [04/Nov/2021:11:26:26 +0800] "GET /xingrg/all/function/internal_message.html?_=1635996385790&CODE_STATE=getMsg HTTP/1.1" 302 -
124.78.153.86 - - [04/Nov/2021:11:26:28 +0800] "GET /xingrg/all/function/internal_message.html?_=1635996391936&CODE_STATE=getMsg HTTP/1.1" 200 27
180.157.253.6 - - [04/Nov/2021:11:26:32 +0800] "GET /xingrg/kc/buy/cgsh_order_operate.html?command=get_materiel&rest_code=00148&code=00101008224&supplier_code=00100008&order_time=2021-11-04 HTTP/1.1" 200 416
58.40.7.146 - - [04/Nov/2021:11:26:32 +0800] "POST /xingrg/kc/buy/cgsh_list_operate.html HTTP/1.1" 200 492
101.85.238.236 - - [04/Nov/2021:11:26:32 +0800] "GET /xingrg/check_reg.html?_=1635996381547 HTTP/1.1" 200 22
180.157.253.6 - - [04/Nov/2021:11:26:32 +0800] "GET /xingrg/check_reg.html?_=1635996393017 HTTP/1.1" 200 22
180.157.253.6 - - [04/Nov/2021:11:26:32 +0800] "GET /xingrg/all/function/internal_message.html?_=1635996393019&CODE_STATE=getMsg HTTP/1.1" 200 27
180.169.147.146 - - [04/Nov/2021:11:26:40 +0800] "GET /xingrg/all/function/internal_message.html?_=1635996462611&CODE_STATE=getMsg HTTP/1.1" 200 27
180.157.253.6 - - [04/Nov/2021:11:26:43 +0800] "GET /xingrg/kc/buy/cgsh_order_operate.html?command=get_materiel&rest_code=00148&code=00101008362&supplier_code=00100008&order_time=2021-11-04 HTTP/1.1" 200 408
114.86.226.51 - - [04/Nov/2021:11:26:45 +0800] "GET /favicon.ico HTTP/1.1" 404 -
222.70.171.86 - - [04/Nov/2021:11:26:51 +0800] "GET /xingrg/all/function/internal_message.html?_=1635996403043&CODE_STATE=getMsg HTTP/1.1" 302 -
101.85.120.86 - - [04/Nov/2021:11:26:52 +0800] "GET /xingrg/all/function/internal_message.html?_=1635996411471&CODE_STATE=getMsg HTTP/1.1" 200 27
114.85.125.222 - - [04/Nov/2021:11:26:53 +0800] "GET /xingrg/check_reg.html?_=1635996343676 HTTP/1.1" 200 22
114.85.125.222 - - [04/Nov/2021:11:26:55 +0800] "GET /xingrg/all/function/internal_message.html?_=1635996345742&CODE_STATE=getMsg HTTP/1.1" 200 27
114.86.226.51 - - [04/Nov/2021:11:26:55 +0800] "GET /xingrg/all/function/internal_message.html?_=1635996414336&CODE_STATE=getMsg HTTP/1.1" 200 27
58.37.227.186 - - [04/Nov/2021:11:26:56 +0800] "GET /xingrg/all/function/internal_message.html?_=1635996251879&CODE_STATE=getMsg HTTP/1.1" 200 27
222.69.131.182 - - [04/Nov/2021:11:26:57 +0800] "GET /xingrg/all/function/internal_message.html?_=1635996414213&CODE_STATE=getMsg HTTP/1.1" 200 27
180.169.147.146 - - [04/Nov/2021:11:26:57 +0800] "GET /xingrg/check_reg.html?_=1635996417693 HTTP/1.1" 302 -
180.169.147.146 - - [04/Nov/2021:11:26:58 +0800] "GET /xingrg/all/function/internal_message.html?_=1635996417366&CODE_STATE=getMsg HTTP/1.1" 200 27
180.157.253.6 - - [04/Nov/2021:11:26:59 +0800] "POST /xingrg/kc/buy/cgsh_order_operate.html HTTP/1.1" 200 2065
58.40.7.146 - - [04/Nov/2021:11:27:04 +0800] "GET /xingrg/all/function/internal_message.html?_=1635996423434&CODE_STATE=getMsg HTTP/1.1" 200 27
180.157.253.6 - - [04/Nov/2021:11:27:06 +0800] "GET /xingrg/kc/buy/cgsh_order_operate.html?command=get_materiel&rest_code=00148&code=00101008357&supplier_code=00100008&order_time=2021-11-04 HTTP/1.1" 200 408
58.40.7.146 - - [04/Nov/2021:11:27:08 +0800] "GET /xingrg/all/function/internal_message.html?_=1635996426614&CODE_STATE=getMsg HTTP/1.1" 200 27
172.20.0.100 - - [04/Nov/2021:11:27:11 +0800] "GET /xingrg/all/function/internal_message.html?_=1635996430268&CODE_STATE=getMsg HTTP/1.1" 200 27
180.157.253.6 - - [04/Nov/2021:11:27:12 +0800] "GET /xingrg/all/function/internal_message.html?_=1635996431554&CODE_STATE=getMsg HTTP/1.1" 200 27
58.40.7.146 - - [04/Nov/2021:11:27:13 +0800] "POST /xingrg/kc/buy/cgsh_list_operate.html HTTP/1.1" 200 7935
116.238.248.233 - - [04/Nov/2021:11:27:14 +0800] "GET /xingrg/all/function/internal_message.html?_=1635996428671&CODE_STATE=getMsg HTTP/1.1" 200 27
116.238.248.233 - - [04/Nov/2021:11:27:14 +0800] "GET /xingrg/check_reg.html?_=1635996428669 HTTP/1.1" 200 22
180.157.253.6 - - [04/Nov/2021:11:27:15 +0800] "GET /xingrg/kc/buy/cgsh_order_operate.html?command=get_materiel&rest_code=00148&code=00101008361&supplier_code=00100008&order_time=2021-11-04 HTTP/1.1" 200 408
120.253.135.82 - - [04/Nov/2021:11:27:16 +0800] "GET /xingrg/all/function/internal_message.html?_=1635996564483&CODE_STATE=getMsg HTTP/1.1" 200 27
58.39.139.200 - - [04/Nov/2021:11:27:17 +0800] "GET /xingrg/all/function/internal_message.html?_=1635996435906&CODE_STATE=getMsg HTTP/1.1" 200 27
222.70.171.86 - - [04/Nov/2021:11:27:19 +0800] "GET /xingrg/all/function/internal_message.html?_=1635996439163&CODE_STATE=getMsg HTTP/1.1" 200 27
58.221.95.50 - - [04/Nov/2021:11:27:20 +0800] "GET /xingrg/all/function/internal_message.html?_=1635996440006&CODE_STATE=getMsg HTTP/1.1" 200 27
180.169.147.146 - - [04/Nov/2021:11:27:26 +0800] "GET /xingrg/all/function/internal_message.html?_=1635996445793&CODE_STATE=getMsg HTTP/1.1" 302 -
58.40.7.146 - - [04/Nov/2021:11:27:27 +0800] "POST /xingrg/kc/buy/cgsh_list_operate.html HTTP/1.1" 200 198
124.78.153.86 - - [04/Nov/2021:11:27:28 +0800] "GET /xingrg/all/function/internal_message.html?_=1635996451937&CODE_STATE=getMsg HTTP/1.1" 200 27
180.157.253.6 - - [04/Nov/2021:11:27:32 +0800] "GET /xingrg/all/function/internal_message.html?_=1635996453044&CODE_STATE=getMsg HTTP/1.1" 200 27
180.169.147.146 - - [04/Nov/2021:11:27:40 +0800] "GET /xingrg/all/function/internal_message.html?_=1635996522614&CODE_STATE=getMsg HTTP/1.1" 200 27
180.157.253.6 - - [04/Nov/2021:11:27:44 +0800] "GET /xingrg/kc/buy/cgsh_order_operate.html?command=get_materiel&rest_code=00148&code=00101008242&supplier_code=00100008&order_time=2021-11-04 HTTP/1.1" 200 409
222.70.171.86 - - [04/Nov/2021:11:27:51 +0800] "GET /xingrg/all/function/internal_message.html?_=1635996463052&CODE_STATE=getMsg HTTP/1.1" 302 -
101.85.120.86 - - [04/Nov/2021:11:27:52 +0800] "GET /xingrg/all/function/internal_message.html?_=1635996471471&CODE_STATE=getMsg HTTP/1.1" 200 27
114.85.125.222 - - [04/Nov/2021:11:27:55 +0800] "GET /xingrg/all/function/internal_message.html?_=1635996405758&CODE_STATE=getMsg HTTP/1.1" 200 27
114.86.226.51 - - [04/Nov/2021:11:27:55 +0800] "GET /xingrg/all/function/internal_message.html?_=1635996474338&CODE_STATE=getMsg HTTP/1.1" 200 27
58.37.227.186 - - [04/Nov/2021:11:27:56 +0800] "GET /xingrg/all/function/internal_message.html?_=1635996311853&CODE_STATE=getMsg HTTP/1.1" 200 27
222.69.131.182 - - [04/Nov/2021:11:27:57 +0800] "GET /xingrg/all/function/internal_message.html?_=1635996474197&CODE_STATE=getMsg HTTP/1.1" 200 27
180.169.147.146 - - [04/Nov/2021:11:27:58 +0800] "GET /xingrg/all/function/internal_message.html?_=1635996477350&CODE_STATE=getMsg HTTP/1.1" 200 27
180.157.253.6 - - [04/Nov/2021:11:28:00 +0800] "POST /xingrg/kc/buy/cgsh_order_operate.html HTTP/1.1" 200 37
180.157.253.6 - - [04/Nov/2021:11:28:02 +0800] "POST /xingrg/kc/buy/cgsh_order_operate.html HTTP/1.1" 200 19812
58.40.7.146 - - [04/Nov/2021:11:28:04 +0800] "GET /xingrg/all/function/internal_message.html?_=1635996483438&CODE_STATE=getMsg HTTP/1.1" 200 27
58.40.7.146 - - [04/Nov/2021:11:28:04 +0800] "GET /xingrg/check_reg.html?_=1635996483439 HTTP/1.1" 200 22
58.40.7.146 - - [04/Nov/2021:11:28:08 +0800] "GET /xingrg/all/function/internal_message.html?_=1635996486625&CODE_STATE=getMsg HTTP/1.1" 200 27
58.40.7.146 - - [04/Nov/2021:11:28:11 +0800] "POST /xingrg/kc/buy/cgsh_list_operate.html HTTP/1.1" 200 199
172.20.0.100 - - [04/Nov/2021:11:28:11 +0800] "GET /xingrg/all/function/internal_message.html?_=1635996490275&CODE_STATE=getMsg HTTP/1.1" 200 27
180.157.253.6 - - [04/Nov/2021:11:28:12 +0800] "GET /xingrg/all/function/internal_message.html?_=1635996491580&CODE_STATE=getMsg HTTP/1.1" 200 27
116.238.248.233 - - [04/Nov/2021:11:28:14 +0800] "GET /xingrg/all/function/internal_message.html?_=1635996488669&CODE_STATE=getMsg HTTP/1.1" 200 27
120.253.135.82 - - [04/Nov/2021:11:28:16 +0800] "GET /xingrg/all/function/internal_message.html?_=1635996624665&CODE_STATE=getMsg HTTP/1.1" 200 27
58.39.139.200 - - [04/Nov/2021:11:28:17 +0800] "GET /xingrg/all/function/internal_message.html?_=1635996495875&CODE_STATE=getMsg HTTP/1.1" 200 27
222.70.171.86 - - [04/Nov/2021:11:28:19 +0800] "GET /xingrg/all/function/internal_message.html?_=1635996499178&CODE_STATE=getMsg HTTP/1.1" 200 27
58.39.139.200 - - [04/Nov/2021:11:28:20 +0800] "GET /xingrg/check_reg.html?_=1635996498427 HTTP/1.1" 200 22
58.221.95.50 - - [04/Nov/2021:11:28:20 +0800] "GET /xingrg/all/function/internal_message.html?_=1635996499978&CODE_STATE=getMsg HTTP/1.1" 200 27
180.157.253.6 - - [04/Nov/2021:11:28:24 +0800] "GET /xingrg/kc/buy/cgsh_order_operate.html?command=get_materiel&rest_code=00148&code=00101008223&supplier_code=00100008&order_time=2021-11-04 HTTP/1.1" 200 412
180.169.147.146 - - [04/Nov/2021:11:28:26 +0800] "GET /xingrg/all/function/internal_message.html?_=1635996505753&CODE_STATE=getMsg HTTP/1.1" 302 -
124.78.153.86 - - [04/Nov/2021:11:28:28 +0800] "GET /xingrg/all/function/internal_message.html?_=1635996511962&CODE_STATE=getMsg HTTP/1.1" 200 27
180.157.253.6 - - [04/Nov/2021:11:28:32 +0800] "GET /xingrg/all/function/internal_message.html?_=1635996513043&CODE_STATE=getMsg HTTP/1.1" 200 27
180.169.147.146 - - [04/Nov/2021:11:28:40 +0800] "GET /xingrg/all/function/internal_message.html?_=1635996582615&CODE_STATE=getMsg HTTP/1.1" 200 27
180.157.253.6 - - [04/Nov/2021:11:28:41 +0800] "GET /xingrg/kc/buy/cgsh_order_operate.html?command=get_materiel&rest_code=00148&code=00101008114&supplier_code=00100008&order_time=2021-11-04 HTTP/1.1" 200 413
58.39.139.200 - - [04/Nov/2021:11:28:43 +0800] "POST /xingrg/services/DataTransmitService HTTP/1.1" 200 524
180.157.253.6 - - [04/Nov/2021:11:28:45 +0800] "POST /xingrg/kc/buy/cgsh_order_operate.html HTTP/1.1" 200 2065
58.39.139.200 - - [04/Nov/2021:11:28:45 +0800] "POST /xingrg/services/DataTransmitService HTTP/1.1" 200 412
180.157.253.6 - - [04/Nov/2021:11:28:50 +0800] "GET /xingrg/kc/buy/cgsh_order_operate.html?command=get_materiel&rest_code=00148&code=00101008168&supplier_code=00100008&order_time=2021-11-04 HTTP/1.1" 200 412
222.70.171.86 - - [04/Nov/2021:11:28:51 +0800] "GET /xingrg/all/function/internal_message.html?_=1635996523071&CODE_STATE=getMsg HTTP/1.1" 302 -
101.85.120.86 - - [04/Nov/2021:11:28:52 +0800] "GET /xingrg/all/function/internal_message.html?_=1635996531471&CODE_STATE=getMsg HTTP/1.1" 200 27
114.86.226.51 - - [04/Nov/2021:11:28:55 +0800] "GET /xingrg/all/function/internal_message.html?_=1635996534340&CODE_STATE=getMsg HTTP/1.1" 200 27
114.85.125.222 - - [04/Nov/2021:11:28:55 +0800] "GET /xingrg/all/function/internal_message.html?_=1635996465771&CODE_STATE=getMsg HTTP/1.1" 200 27
58.37.227.186 - - [04/Nov/2021:11:28:56 +0800] "GET /xingrg/all/function/internal_message.html?_=1635996371822&CODE_STATE=getMsg HTTP/1.1" 200 27
222.69.131.182 - - [04/Nov/2021:11:28:57 +0800] "GET /xingrg/all/function/internal_message.html?_=1635996534181&CODE_STATE=getMsg HTTP/1.1" 200 27
58.40.7.146 - - [04/Nov/2021:11:28:57 +0800] "POST /xingrg/kc/buy/cgsh_list_operate.html HTTP/1.1" 200 271
222.69.131.182 - - [04/Nov/2021:11:28:58 +0800] "GET /xingrg/check_reg.html?_=1635996535071 HTTP/1.1" 200 22
180.169.147.146 - - [04/Nov/2021:11:28:58 +0800] "GET /xingrg/all/function/internal_message.html?_=1635996537358&CODE_STATE=getMsg HTTP/1.1" 200 27
180.157.253.6 - - [04/Nov/2021:11:28:59 +0800] "GET /xingrg/kc/buy/cgsh_order_operate.html?command=get_materiel&rest_code=00148&code=00101008236&supplier_code=00100008&order_time=2021-11-04 HTTP/1.1" 200 416
58.40.7.146 - - [04/Nov/2021:11:29:04 +0800] "GET /xingrg/all/function/internal_message.html?_=1635996543442&CODE_STATE=getMsg HTTP/1.1" 200 27
180.157.253.6 - - [04/Nov/2021:11:29:06 +0800] "GET /xingrg/kc/buy/cgsh_order_operate.html?command=get_materiel&rest_code=00148&code=00101008041&supplier_code=00100008&order_time=2021-11-04 HTTP/1.1" 200 408
58.40.7.146 - - [04/Nov/2021:11:29:08 +0800] "GET /xingrg/all/function/internal_message.html?_=1635996546625&CODE_STATE=getMsg HTTP/1.1" 200 27
172.20.0.100 - - [04/Nov/2021:11:29:11 +0800] "GET /xingrg/all/function/internal_message.html?_=1635996550280&CODE_STATE=getMsg HTTP/1.1" 200 27
180.157.253.6 - - [04/Nov/2021:11:29:13 +0800] "GET /xingrg/check_reg.html?_=1635996551598 HTTP/1.1" 200 22
180.157.253.6 - - [04/Nov/2021:11:29:13 +0800] "GET /xingrg/all/function/internal_message.html?_=1635996551602&CODE_STATE=getMsg HTTP/1.1" 200 27
116.238.248.233 - - [04/Nov/2021:11:29:14 +0800] "GET /xingrg/all/function/internal_message.html?_=1635996548682&CODE_STATE=getMsg HTTP/1.1" 200 27
120.253.135.82 - - [04/Nov/2021:11:29:16 +0800] "GET /xingrg/all/function/internal_message.html?_=1635996684679&CODE_STATE=getMsg HTTP/1.1" 200 27
58.39.139.200 - - [04/Nov/2021:11:29:17 +0800] "GET /xingrg/all/function/internal_message.html?_=1635996555855&CODE_STATE=getMsg HTTP/1.1" 200 27
222.70.171.86 - - [04/Nov/2021:11:29:20 +0800] "GET /xingrg/all/function/internal_message.html?_=1635996559191&CODE_STATE=getMsg HTTP/1.1" 200 27
58.221.95.50 - - [04/Nov/2021:11:29:20 +0800] "GET /xingrg/all/function/internal_message.html?_=1635996559952&CODE_STATE=getMsg HTTP/1.1" 200 27
180.157.253.6 - - [04/Nov/2021:11:29:25 +0800] "POST /xingrg/kc/buy/cgsh_order_operate.html HTTP/1.1" 200 37
58.40.7.146 - - [04/Nov/2021:11:29:25 +0800] "POST /xingrg/kc/buy/cgsh_list_operate.html HTTP/1.1" 200 199
180.169.147.146 - - [04/Nov/2021:11:29:25 +0800] "GET /xingrg/all/function/internal_message.html?_=1635996565726&CODE_STATE=getMsg HTTP/1.1" 302 -
58.39.139.200 - - [04/Nov/2021:11:29:26 +0800] "GET /xingrg/kc/base/wldb_order_list.html HTTP/1.1" 200 19224
58.39.139.200 - - [04/Nov/2021:11:29:26 +0800] "POST /xingrg/kc/base/wldb_list_operate.html HTTP/1.1" 200 928
124.78.153.86 - - [04/Nov/2021:11:29:28 +0800] "GET /xingrg/all/function/internal_message.html?_=1635996571962&CODE_STATE=getMsg HTTP/1.1" 200 27
58.39.139.200 - - [04/Nov/2021:11:29:32 +0800] "GET /xingrg/kc/base/wldb_order_add.html HTTP/1.1" 200 30438
58.39.139.200 - - [04/Nov/2021:11:29:32 +0800] "POST /xingrg/kc/base/wldb_order_operate.html HTTP/1.1" 200 6806
58.39.139.200 - - [04/Nov/2021:11:29:32 +0800] "GET /xingrg/all/common/auto_word.html?type=base&rest_code=00105 HTTP/1.1" 200 1857
58.39.139.200 - - [04/Nov/2021:11:29:32 +0800] "GET /xingrg/all/common/auto_word.html?type=base&rest_code=00105 HTTP/1.1" 200 1857
58.39.139.200 - - [04/Nov/2021:11:29:32 +0800] "GET /xingrg/javascript/easyui/themes/default/validatebox.css HTTP/1.1" 404 1104
180.157.253.6 - - [04/Nov/2021:11:29:32 +0800] "GET /xingrg/all/function/internal_message.html?_=1635996573042&CODE_STATE=getMsg HTTP/1.1" 200 27
58.39.139.200 - - [04/Nov/2021:11:29:33 +0800] "POST /xingrg/all/common/load_combo.html?type=base HTTP/1.1" 200 3321
180.169.147.146 - - [04/Nov/2021:11:29:40 +0800] "GET /xingrg/all/function/internal_message.html?_=1635996642616&CODE_STATE=getMsg HTTP/1.1" 200 27
58.39.139.200 - - [04/Nov/2021:11:29:44 +0800] "GET /xingrg/kc/base/wldb_order_operate.html?command=get_materiel&rest_code=00105&base_code=0010508&code=00102002685 HTTP/1.1" 200 444
222.70.171.86 - - [04/Nov/2021:11:29:51 +0800] "GET /xingrg/all/function/internal_message.html?_=1635996583079&CODE_STATE=getMsg HTTP/1.1" 302 -
101.85.120.86 - - [04/Nov/2021:11:29:52 +0800] "GET /xingrg/check_reg.html?_=1635996591471 HTTP/1.1" 200 22
101.85.120.86 - - [04/Nov/2021:11:29:52 +0800] "GET /xingrg/all/function/internal_message.html?_=1635996591474&CODE_STATE=getMsg HTTP/1.1" 200 27
58.39.139.200 - - [04/Nov/2021:11:29:52 +0800] "GET /xingrg/kc/base/wldb_order_operate.html?command=get_materiel&rest_code=00105&base_code=0010508&code=00102002198 HTTP/1.1" 200 437
114.86.226.51 - - [04/Nov/2021:11:29:55 +0800] "GET /xingrg/all/function/internal_message.html?_=1635996594343&CODE_STATE=getMsg HTTP/1.1" 200 27
114.86.226.51 - - [04/Nov/2021:11:29:55 +0800] "GET /xingrg/check_reg.html?_=1635996594345 HTTP/1.1" 200 22
114.85.125.222 - - [04/Nov/2021:11:29:55 +0800] "GET /xingrg/all/function/internal_message.html?_=1635996525824&CODE_STATE=getMsg HTTP/1.1" 200 27
58.37.227.186 - - [04/Nov/2021:11:29:56 +0800] "GET /xingrg/all/function/internal_message.html?_=1635996431822&CODE_STATE=getMsg HTTP/1.1" 200 27
222.69.131.182 - - [04/Nov/2021:11:29:57 +0800] "GET /xingrg/all/function/internal_message.html?_=1635996594166&CODE_STATE=getMsg HTTP/1.1" 200 27
58.37.227.186 - - [04/Nov/2021:11:29:57 +0800] "GET /xingrg/check_reg.html?_=1635996432852 HTTP/1.1" 200 22
180.169.147.146 - - [04/Nov/2021:11:29:58 +0800] "GET /xingrg/all/function/internal_message.html?_=1635996597362&CODE_STATE=getMsg HTTP/1.1" 200 27
58.39.139.200 - - [04/Nov/2021:11:30:00 +0800] "GET /xingrg/kc/base/wldb_order_operate.html?command=get_materiel&rest_code=00105&base_code=0010508&code=00102002197 HTTP/1.1" 200 445
58.40.7.146 - - [04/Nov/2021:11:30:04 +0800] "GET /xingrg/all/function/internal_message.html?_=1635996603428&CODE_STATE=getMsg HTTP/1.1" 200 27
58.39.139.200 - - [04/Nov/2021:11:30:07 +0800] "GET /xingrg/kc/base/wldb_order_operate.html?command=get_materiel&rest_code=00105&base_code=0010508&code=00102028010 HTTP/1.1" 200 484
58.40.7.146 - - [04/Nov/2021:11:30:08 +0800] "GET /xingrg/all/function/internal_message.html?_=1635996606618&CODE_STATE=getMsg HTTP/1.1" 200 27
58.39.139.200 - - [04/Nov/2021:11:30:10 +0800] "POST /xingrg/all/common/load_select.html HTTP/1.1" 200 25
172.20.0.100 - - [04/Nov/2021:11:30:11 +0800] "GET /xingrg/all/function/internal_message.html?_=1635996610269&CODE_STATE=getMsg HTTP/1.1" 200 27
58.39.139.200 - - [04/Nov/2021:11:30:12 +0800] "GET /xingrg/kc/base/wldb_order_operate.html?command=get_materiel_price&rest_code=00105&base_code=0010508&code=00102028010&unit_code=00100193 HTTP/1.1" 200 36
116.238.248.233 - - [04/Nov/2021:11:30:14 +0800] "GET /xingrg/all/function/internal_message.html?_=1635996608684&CODE_STATE=getMsg HTTP/1.1" 200 27
120.253.135.82 - - [04/Nov/2021:11:30:17 +0800] "GET /xingrg/all/function/internal_message.html?_=1635996744932&CODE_STATE=getMsg HTTP/1.1" 200 27
58.39.139.200 - - [04/Nov/2021:11:30:17 +0800] "GET /xingrg/all/function/internal_message.html?_=1635996615856&CODE_STATE=getMsg HTTP/1.1" 200 27
222.70.171.86 - - [04/Nov/2021:11:30:19 +0800] "GET /xingrg/check_reg.html?_=1635996618689 HTTP/1.1" 200 22
222.70.171.86 - - [04/Nov/2021:11:30:20 +0800] "GET /xingrg/all/function/internal_message.html?_=1635996619423&CODE_STATE=getMsg HTTP/1.1" 200 27
58.221.95.50 - - [04/Nov/2021:11:30:20 +0800] "GET /xingrg/all/function/internal_message.html?_=1635996619923&CODE_STATE=getMsg HTTP/1.1" 200 27
180.169.147.146 - - [04/Nov/2021:11:30:25 +0800] "GET /xingrg/all/function/internal_message.html?_=1635996625699&CODE_STATE=getMsg HTTP/1.1" 302 -
124.78.153.86 - - [04/Nov/2021:11:30:28 +0800] "GET /xingrg/all/function/internal_message.html?_=1635996631961&CODE_STATE=getMsg HTTP/1.1" 200 27
124.78.153.86 - - [04/Nov/2021:11:30:28 +0800] "GET /xingrg/check_reg.html?_=1635996632104 HTTP/1.1" 200 22
58.39.139.200 - - [04/Nov/2021:11:30:29 +0800] "POST /xingrg/kc/base/wldb_order_operate.html HTTP/1.1" 200 37
58.39.139.200 - - [04/Nov/2021:11:30:29 +0800] "POST /xingrg/kc/base/wldb_order_operate.html HTTP/1.1" 200 3710
180.157.253.6 - - [04/Nov/2021:11:30:32 +0800] "GET /xingrg/all/function/internal_message.html?_=1635996633041&CODE_STATE=getMsg HTTP/1.1" 200 27
180.157.253.6 - - [04/Nov/2021:11:30:35 +0800] "GET /xingrg/all/function/internal_message.html?_=1635996634171&CODE_STATE=getMsg HTTP/1.1" 200 27
180.157.253.6 - - [04/Nov/2021:11:30:36 +0800] "POST /xingrg/kc/buy/cgsh_order_operate.html HTTP/1.1" 200 23940
120.253.135.82 - - [04/Nov/2021:11:30:36 +0800] "GET /xingrg/check_reg.html?_=1635996764464 HTTP/1.1" 200 22
58.39.139.200 - - [04/Nov/2021:11:30:36 +0800] "GET /xingrg/kc/base/wldb_order_info.html?code=422021110400335 HTTP/1.1" 200 30453
58.39.139.200 - - [04/Nov/2021:11:30:37 +0800] "GET /xingrg/javascript/easyui/themes/default/validatebox.css HTTP/1.1" 404 1104
58.39.139.200 - - [04/Nov/2021:11:30:37 +0800] "POST /xingrg/kc/base/wldb_order_operate.html HTTP/1.1" 200 3710
58.39.139.200 - - [04/Nov/2021:11:30:39 +0800] "GET /xingrg/kc/base/wldb_order_add.html HTTP/1.1" 200 30438
58.39.139.200 - - [04/Nov/2021:11:30:39 +0800] "GET /xingrg/javascript/easyui/themes/default/validatebox.css HTTP/1.1" 404 1104
58.39.139.200 - - [04/Nov/2021:11:30:39 +0800] "POST /xingrg/kc/base/wldb_order_operate.html HTTP/1.1" 200 6806
58.39.139.200 - - [04/Nov/2021:11:30:39 +0800] "POST /xingrg/all/common/load_combo.html?type=base HTTP/1.1" 200 3321
180.169.147.146 - - [04/Nov/2021:11:30:40 +0800] "GET /xingrg/check_reg.html?_=1635996702617 HTTP/1.1" 200 22
180.169.147.146 - - [04/Nov/2021:11:30:40 +0800] "GET /xingrg/all/function/internal_message.html?_=1635996702618&CODE_STATE=getMsg HTTP/1.1" 200 27
222.70.171.86 - - [04/Nov/2021:11:30:50 +0800] "GET /xingrg/check_reg.html?_=1635996641845 HTTP/1.1" 302 -
222.70.171.86 - - [04/Nov/2021:11:30:51 +0800] "GET /xingrg/all/function/internal_message.html?_=1635996643093&CODE_STATE=getMsg HTTP/1.1" 302 -
58.39.139.200 - - [04/Nov/2021:11:30:52 +0800] "GET /xingrg/kc/base/wldb_order_operate.html?command=get_materiel&rest_code=00105&base_code=0010507&code=00101019142 HTTP/1.1" 200 449
101.85.120.86 - - [04/Nov/2021:11:30:52 +0800] "GET /xingrg/all/function/internal_message.html?_=1635996651474&CODE_STATE=getMsg HTTP/1.1" 200 27
114.85.125.222 - - [04/Nov/2021:11:30:55 +0800] "GET /xingrg/all/function/internal_message.html?_=1635996585829&CODE_STATE=getMsg HTTP/1.1" 200 27
114.86.226.51 - - [04/Nov/2021:11:30:55 +0800] "GET /xingrg/all/function/internal_message.html?_=1635996654345&CODE_STATE=getMsg HTTP/1.1" 200 27
101.85.238.236 - - [04/Nov/2021:11:30:56 +0800] "GET /favicon.ico HTTP/1.1" 404 -
58.37.227.186 - - [04/Nov/2021:11:30:56 +0800] "GET /xingrg/all/function/internal_message.html?_=1635996491794&CODE_STATE=getMsg HTTP/1.1" 200 27
222.69.131.182 - - [04/Nov/2021:11:30:57 +0800] "GET /xingrg/all/function/internal_message.html?_=1635996654150&CODE_STATE=getMsg HTTP/1.1" 200 27
58.40.7.146 - - [04/Nov/2021:11:30:57 +0800] "POST /xingrg/kc/buy/cgsh_list_operate.html HTTP/1.1" 200 276
58.39.139.200 - - [04/Nov/2021:11:30:58 +0800] "GET /xingrg/kc/base/wldb_order_operate.html?command=get_materiel&rest_code=00105&base_code=0010507&code=00101019133 HTTP/1.1" 200 466
180.169.147.146 - - [04/Nov/2021:11:30:58 +0800] "GET /xingrg/all/function/internal_message.html?_=1635996657366&CODE_STATE=getMsg HTTP/1.1" 200 27
180.169.147.146 - - [04/Nov/2021:11:30:58 +0800] "GET /xingrg/check_reg.html?_=1635996657366 HTTP/1.1" 200 22
58.40.7.146 - - [04/Nov/2021:11:31:04 +0800] "GET /xingrg/all/function/internal_message.html?_=1635996663431&CODE_STATE=getMsg HTTP/1.1" 200 27
58.39.139.200 - - [04/Nov/2021:11:31:04 +0800] "GET /xingrg/kc/base/wldb_order_operate.html?command=get_materiel&rest_code=00105&base_code=0010507&code=00101019127 HTTP/1.1" 200 466
58.40.7.146 - - [04/Nov/2021:11:31:07 +0800] "POST /xingrg/kc/buy/cgsh_list_operate.html HTTP/1.1" 200 203
58.40.7.146 - - [04/Nov/2021:11:31:08 +0800] "GET /xingrg/all/function/internal_message.html?_=1635996666626&CODE_STATE=getMsg HTTP/1.1" 200 27
58.40.7.146 - - [04/Nov/2021:11:31:08 +0800] "GET /xingrg/check_reg.html?_=1635996666627 HTTP/1.1" 200 22
58.39.139.200 - - [04/Nov/2021:11:31:11 +0800] "GET /xingrg/kc/base/wldb_order_operate.html?command=get_materiel&rest_code=00105&base_code=0010507&code=00101019438 HTTP/1.1" 200 447
172.20.0.100 - - [04/Nov/2021:11:31:11 +0800] "GET /xingrg/all/function/internal_message.html?_=1635996670272&CODE_STATE=getMsg HTTP/1.1" 200 27
172.20.0.100 - - [04/Nov/2021:11:31:11 +0800] "GET /xingrg/check_reg.html?_=1635996670283 HTTP/1.1" 200 22
116.238.248.233 - - [04/Nov/2021:11:31:14 +0800] "GET /xingrg/all/function/internal_message.html?_=1635996668686&CODE_STATE=getMsg HTTP/1.1" 200 27
58.39.139.200 - - [04/Nov/2021:11:31:16 +0800] "GET /xingrg/kc/base/wldb_order_operate.html?command=get_materiel&rest_code=00105&base_code=0010507&code=00101019249 HTTP/1.1" 200 470
120.253.135.82 - - [04/Nov/2021:11:31:17 +0800] "GET /xingrg/all/function/internal_message.html?_=1635996804961&CODE_STATE=getMsg HTTP/1.1" 200 27
58.39.139.200 - - [04/Nov/2021:11:31:17 +0800] "GET /xingrg/all/function/internal_message.html?_=1635996675859&CODE_STATE=getMsg HTTP/1.1" 200 27
222.70.171.86 - - [04/Nov/2021:11:31:20 +0800] "GET /xingrg/all/function/internal_message.html?_=1635996679639&CODE_STATE=getMsg HTTP/1.1" 200 27
58.221.95.50 - - [04/Nov/2021:11:31:20 +0800] "GET /xingrg/all/function/internal_message.html?_=1635996679895&CODE_STATE=getMsg HTTP/1.1" 200 27
58.221.95.50 - - [04/Nov/2021:11:31:21 +0800] "GET /xingrg/check_reg.html?_=1635996681197 HTTP/1.1" 200 22
58.39.139.200 - - [04/Nov/2021:11:31:22 +0800] "GET /xingrg/kc/base/wldb_order_operate.html?command=get_materiel&rest_code=00105&base_code=0010507&code=00101016044 HTTP/1.1" 200 464
180.169.147.146 - - [04/Nov/2021:11:31:25 +0800] "GET /xingrg/all/function/internal_message.html?_=1635996685673&CODE_STATE=getMsg HTTP/1.1" 302 -
58.39.139.200 - - [04/Nov/2021:11:31:27 +0800] "GET /xingrg/kc/base/wldb_order_operate.html?command=get_materiel&rest_code=00105&base_code=0010507&code=00101019199 HTTP/1.1" 200 459
124.78.153.86 - - [04/Nov/2021:11:31:28 +0800] "GET /xingrg/all/function/internal_message.html?_=1635996691966&CODE_STATE=getMsg HTTP/1.1" 200 27
58.39.139.200 - - [04/Nov/2021:11:31:31 +0800] "POST /xingrg/kc/base/wldb_order_operate.html HTTP/1.1" 200 37
58.39.139.200 - - [04/Nov/2021:11:31:32 +0800] "POST /xingrg/kc/base/wldb_order_operate.html HTTP/1.1" 200 4713
101.85.238.236 - - [04/Nov/2021:11:31:32 +0800] "GET /xingrg/check_reg.html?_=1635996681552 HTTP/1.1" 200 22
180.157.253.6 - - [04/Nov/2021:11:31:32 +0800] "GET /xingrg/all/function/internal_message.html?_=1635996693040&CODE_STATE=getMsg HTTP/1.1" 200 27
180.157.253.6 - - [04/Nov/2021:11:31:32 +0800] "GET /xingrg/check_reg.html?_=1635996693042 HTTP/1.1" 200 22
180.157.253.6 - - [04/Nov/2021:11:31:35 +0800] "GET /xingrg/all/function/internal_message.html?_=1635996694143&CODE_STATE=getMsg HTTP/1.1" 200 27
58.39.139.200 - - [04/Nov/2021:11:31:39 +0800] "GET /xingrg/kc/base/wldb_order_info.html?code=422021110400336 HTTP/1.1" 200 30453
58.39.139.200 - - [04/Nov/2021:11:31:39 +0800] "GET /xingrg/javascript/easyui/themes/default/validatebox.css HTTP/1.1" 404 1104
180.169.147.146 - - [04/Nov/2021:11:31:40 +0800] "GET /xingrg/all/function/internal_message.html?_=1635996762617&CODE_STATE=getMsg HTTP/1.1" 200 27
58.39.139.200 - - [04/Nov/2021:11:31:41 +0800] "POST /xingrg/kc/base/wldb_order_operate.html HTTP/1.1" 200 4713
58.39.139.200 - - [04/Nov/2021:11:31:48 +0800] "GET /xingrg/kc/base/wldb_order_add.html HTTP/1.1" 200 30438
58.39.139.200 - - [04/Nov/2021:11:31:48 +0800] "GET /xingrg/javascript/easyui/themes/default/validatebox.css HTTP/1.1" 404 1104
58.39.139.200 - - [04/Nov/2021:11:31:48 +0800] "POST /xingrg/kc/base/wldb_order_operate.html HTTP/1.1" 200 6806
58.39.139.200 - - [04/Nov/2021:11:31:49 +0800] "POST /xingrg/all/common/load_combo.html?type=base HTTP/1.1" 200 3321
222.70.171.86 - - [04/Nov/2021:11:31:51 +0800] "GET /xingrg/all/function/internal_message.html?_=1635996703110&CODE_STATE=getMsg HTTP/1.1" 302 -
101.85.120.86 - - [04/Nov/2021:11:31:52 +0800] "GET /xingrg/all/function/internal_message.html?_=1635996711474&CODE_STATE=getMsg HTTP/1.1" 200 27
114.85.125.222 - - [04/Nov/2021:11:31:53 +0800] "GET /xingrg/check_reg.html?_=1635996643713 HTTP/1.1" 200 22
114.86.226.51 - - [04/Nov/2021:11:31:55 +0800] "GET /xingrg/all/function/internal_message.html?_=1635996714347&CODE_STATE=getMsg HTTP/1.1" 200 27
114.85.125.222 - - [04/Nov/2021:11:31:55 +0800] "GET /xingrg/all/function/internal_message.html?_=1635996645842&CODE_STATE=getMsg HTTP/1.1" 200 27
58.37.227.186 - - [04/Nov/2021:11:31:56 +0800] "GET /xingrg/all/function/internal_message.html?_=1635996551773&CODE_STATE=getMsg HTTP/1.1" 200 27
222.69.131.182 - - [04/Nov/2021:11:31:57 +0800] "GET /xingrg/all/function/internal_message.html?_=1635996714134&CODE_STATE=getMsg HTTP/1.1" 200 27
180.169.147.146 - - [04/Nov/2021:11:31:57 +0800] "GET /xingrg/check_reg.html?_=1635996717678 HTTP/1.1" 302 -
180.169.147.146 - - [04/Nov/2021:11:31:58 +0800] "GET /xingrg/all/function/internal_message.html?_=1635996717350&CODE_STATE=getMsg HTTP/1.1" 200 27
58.40.7.146 - - [04/Nov/2021:11:32:04 +0800] "GET /xingrg/all/function/internal_message.html?_=1635996723436&CODE_STATE=getMsg HTTP/1.1" 200 27
58.40.7.146 - - [04/Nov/2021:11:32:08 +0800] "GET /xingrg/all/function/internal_message.html?_=1635996726624&CODE_STATE=getMsg HTTP/1.1" 200 27
172.20.0.100 - - [04/Nov/2021:11:32:11 +0800] "GET /xingrg/all/function/internal_message.html?_=1635996730267&CODE_STATE=getMsg HTTP/1.1" 200 27
116.238.248.233 - - [04/Nov/2021:11:32:14 +0800] "GET /xingrg/all/function/internal_message.html?_=1635996728687&CODE_STATE=getMsg HTTP/1.1" 200 27
116.238.248.233 - - [04/Nov/2021:11:32:14 +0800] "GET /xingrg/check_reg.html?_=1635996728688 HTTP/1.1" 200 22
120.253.135.82 - - [04/Nov/2021:11:32:17 +0800] "GET /xingrg/all/function/internal_message.html?_=1635996864971&CODE_STATE=getMsg HTTP/1.1" 200 27
58.39.139.200 - - [04/Nov/2021:11:32:17 +0800] "GET /xingrg/all/function/internal_message.html?_=1635996735845&CODE_STATE=getMsg HTTP/1.1" 200 27
222.70.171.86 - - [04/Nov/2021:11:32:20 +0800] "GET /xingrg/all/function/internal_message.html?_=1635996739652&CODE_STATE=getMsg HTTP/1.1" 200 27
58.221.95.50 - - [04/Nov/2021:11:32:20 +0800] "GET /xingrg/all/function/internal_message.html?_=1635996739899&CODE_STATE=getMsg HTTP/1.1" 200 27
180.169.147.146 - - [04/Nov/2021:11:32:25 +0800] "GET /xingrg/all/function/internal_message.html?_=1635996745650&CODE_STATE=getMsg HTTP/1.1" 302 -
124.78.153.86 - - [04/Nov/2021:11:32:28 +0800] "GET /xingrg/all/function/internal_message.html?_=1635996751967&CODE_STATE=getMsg HTTP/1.1" 200 27
58.40.7.146 - - [04/Nov/2021:11:32:29 +0800] "POST /xingrg/kc/buy/cgsh_list_operate.html HTTP/1.1" 200 2080
180.157.253.6 - - [04/Nov/2021:11:32:32 +0800] "GET /xingrg/all/function/internal_message.html?_=1635996753041&CODE_STATE=getMsg HTTP/1.1" 200 27
180.157.253.6 - - [04/Nov/2021:11:32:35 +0800] "GET /xingrg/all/function/internal_message.html?_=1635996754127&CODE_STATE=getMsg HTTP/1.1" 200 27
180.169.147.146 - - [04/Nov/2021:11:32:40 +0800] "GET /xingrg/all/function/internal_message.html?_=1635996822616&CODE_STATE=getMsg HTTP/1.1" 200 27
222.70.171.86 - - [04/Nov/2021:11:32:51 +0800] "GET /xingrg/all/function/internal_message.html?_=1635996763120&CODE_STATE=getMsg HTTP/1.1" 302 -
101.85.120.86 - - [04/Nov/2021:11:32:52 +0800] "GET /xingrg/all/function/internal_message.html?_=1635996771474&CODE_STATE=getMsg HTTP/1.1" 200 27
114.86.226.51 - - [04/Nov/2021:11:32:55 +0800] "GET /xingrg/all/function/internal_message.html?_=1635996774349&CODE_STATE=getMsg HTTP/1.1" 200 27
114.85.125.222 - - [04/Nov/2021:11:32:55 +0800] "GET /xingrg/all/function/internal_message.html?_=1635996705856&CODE_STATE=getMsg HTTP/1.1" 200 27
58.37.227.186 - - [04/Nov/2021:11:32:56 +0800] "GET /xingrg/all/function/internal_message.html?_=1635996611743&CODE_STATE=getMsg HTTP/1.1" 200 27
58.39.139.200 - - [04/Nov/2021:11:32:56 +0800] "GET /xingrg/kc/base/wldb_order_operate.html?command=get_materiel&rest_code=00105&base_code=0010508&code=00102002204 HTTP/1.1" 200 434
222.69.131.182 - - [04/Nov/2021:11:32:57 +0800] "GET /xingrg/all/function/internal_message.html?_=1635996774118&CODE_STATE=getMsg HTTP/1.1" 200 27
180.169.147.146 - - [04/Nov/2021:11:32:58 +0800] "GET /xingrg/all/function/internal_message.html?_=1635996777356&CODE_STATE=getMsg HTTP/1.1" 200 27
58.39.139.200 - - [04/Nov/2021:11:33:01 +0800] "POST /xingrg/kc/base/wldb_order_operate.html HTTP/1.1" 200 37
58.39.139.200 - - [04/Nov/2021:11:33:02 +0800] "POST /xingrg/kc/base/wldb_order_operate.html HTTP/1.1" 200 2198
58.40.7.146 - - [04/Nov/2021:11:33:04 +0800] "GET /xingrg/all/function/internal_message.html?_=1635996783439&CODE_STATE=getMsg HTTP/1.1" 200 27
58.40.7.146 - - [04/Nov/2021:11:33:04 +0800] "GET /xingrg/check_reg.html?_=1635996783440 HTTP/1.1" 200 22
58.40.7.146 - - [04/Nov/2021:11:33:08 +0800] "GET /xingrg/all/function/internal_message.html?_=1635996786630&CODE_STATE=getMsg HTTP/1.1" 200 27
58.39.139.200 - - [04/Nov/2021:11:33:09 +0800] "GET /xingrg/kc/base/wldb_order_info.html?code=422021110400337 HTTP/1.1" 200 30452
58.39.139.200 - - [04/Nov/2021:11:33:10 +0800] "GET /xingrg/javascript/easyui/themes/default/validatebox.css HTTP/1.1" 404 1104
58.39.139.200 - - [04/Nov/2021:11:33:10 +0800] "POST /xingrg/kc/base/wldb_order_operate.html HTTP/1.1" 200 2198
172.20.0.100 - - [04/Nov/2021:11:33:11 +0800] "GET /xingrg/all/function/internal_message.html?_=1635996790272&CODE_STATE=getMsg HTTP/1.1" 200 27
58.39.139.200 - - [04/Nov/2021:11:33:12 +0800] "GET /xingrg/kc/base/wldb_order_add.html HTTP/1.1" 200 30438
58.39.139.200 - - [04/Nov/2021:11:33:12 +0800] "GET /xingrg/javascript/easyui/themes/default/validatebox.css HTTP/1.1" 404 1104
58.39.139.200 - - [04/Nov/2021:11:33:12 +0800] "POST /xingrg/kc/base/wldb_order_operate.html HTTP/1.1" 200 6806
58.39.139.200 - - [04/Nov/2021:11:33:14 +0800] "POST /xingrg/all/common/load_combo.html?type=base HTTP/1.1" 200 3321
116.238.248.233 - - [04/Nov/2021:11:33:14 +0800] "GET /xingrg/all/function/internal_message.html?_=1635996788687&CODE_STATE=getMsg HTTP/1.1" 200 27
120.253.135.82 - - [04/Nov/2021:11:33:17 +0800] "GET /xingrg/all/function/internal_message.html?_=1635996925198&CODE_STATE=getMsg HTTP/1.1" 200 27
58.39.139.200 - - [04/Nov/2021:11:33:17 +0800] "GET /xingrg/all/function/internal_message.html?_=1635996795806&CODE_STATE=getMsg HTTP/1.1" 200 27
58.39.139.200 - - [04/Nov/2021:11:33:20 +0800] "GET /xingrg/check_reg.html?_=1635996798417 HTTP/1.1" 200 22
222.70.171.86 - - [04/Nov/2021:11:33:20 +0800] "GET /xingrg/all/function/internal_message.html?_=1635996799904&CODE_STATE=getMsg HTTP/1.1" 200 27
58.221.95.50 - - [04/Nov/2021:11:33:20 +0800] "GET /xingrg/all/function/internal_message.html?_=1635996799869&CODE_STATE=getMsg HTTP/1.1" 200 27
58.39.139.200 - - [04/Nov/2021:11:33:24 +0800] "GET /xingrg/kc/base/wldb_order_operate.html?command=get_materiel&rest_code=00105&base_code=0010507&code=00101016049 HTTP/1.1" 200 447
180.169.147.146 - - [04/Nov/2021:11:33:25 +0800] "GET /xingrg/all/function/internal_message.html?_=1635996805622&CODE_STATE=getMsg HTTP/1.1" 302 -
124.78.153.86 - - [04/Nov/2021:11:33:28 +0800] "GET /xingrg/all/function/internal_message.html?_=1635996811968&CODE_STATE=getMsg HTTP/1.1" 200 27
58.39.139.200 - - [04/Nov/2021:11:33:30 +0800] "GET /xingrg/kc/base/wldb_order_operate.html?command=get_materiel&rest_code=00105&base_code=0010507&code=00101019015 HTTP/1.1" 200 437
58.40.7.146 - - [04/Nov/2021:11:33:31 +0800] "POST /xingrg/kc/buy/cgsh_list_operate.html HTTP/1.1" 200 8775
180.157.253.6 - - [04/Nov/2021:11:33:32 +0800] "GET /xingrg/all/function/internal_message.html?_=1635996813041&CODE_STATE=getMsg HTTP/1.1" 200 27
180.157.253.6 - - [04/Nov/2021:11:33:35 +0800] "GET /xingrg/all/function/internal_message.html?_=1635996814112&CODE_STATE=getMsg HTTP/1.1" 200 27
58.39.139.200 - - [04/Nov/2021:11:33:35 +0800] "GET /xingrg/kc/base/wldb_order_operate.html?command=get_materiel&rest_code=00105&base_code=0010507&code=00101016019 HTTP/1.1" 200 451
58.40.7.146 - - [04/Nov/2021:11:33:37 +0800] "POST /xingrg/kc/buy/cgsh_list_operate.html HTTP/1.1" 200 202
180.169.147.146 - - [04/Nov/2021:11:33:40 +0800] "GET /xingrg/all/function/internal_message.html?_=1635996882618&CODE_STATE=getMsg HTTP/1.1" 200 27
58.39.139.200 - - [04/Nov/2021:11:33:42 +0800] "GET /xingrg/kc/base/wldb_order_operate.html?command=get_materiel&rest_code=00105&base_code=0010507&code=00101013139 HTTP/1.1" 200 451
58.39.139.200 - - [04/Nov/2021:11:33:49 +0800] "GET /xingrg/kc/base/wldb_order_operate.html?command=get_materiel&rest_code=00105&base_code=0010507&code=00101013225 HTTP/1.1" 200 449
222.70.171.86 - - [04/Nov/2021:11:33:51 +0800] "GET /xingrg/all/function/internal_message.html?_=1635996823138&CODE_STATE=getMsg HTTP/1.1" 302 -
101.85.120.86 - - [04/Nov/2021:11:33:52 +0800] "GET /xingrg/all/function/internal_message.html?_=1635996831475&CODE_STATE=getMsg HTTP/1.1" 200 27
114.86.226.51 - - [04/Nov/2021:11:33:55 +0800] "GET /xingrg/all/function/internal_message.html?_=1635996834351&CODE_STATE=getMsg HTTP/1.1" 200 27
114.85.125.222 - - [04/Nov/2021:11:33:55 +0800] "GET /xingrg/all/function/internal_message.html?_=1635996765870&CODE_STATE=getMsg HTTP/1.1" 200 27
58.37.227.186 - - [04/Nov/2021:11:33:56 +0800] "GET /xingrg/all/function/internal_message.html?_=1635996671724&CODE_STATE=getMsg HTTP/1.1" 200 27
222.69.131.182 - - [04/Nov/2021:11:33:57 +0800] "GET /xingrg/all/function/internal_message.html?_=1635996834113&CODE_STATE=getMsg HTTP/1.1" 200 27
222.69.131.182 - - [04/Nov/2021:11:33:58 +0800] "GET /xingrg/check_reg.html?_=1635996835085 HTTP/1.1" 200 22
180.169.147.146 - - [04/Nov/2021:11:33:58 +0800] "GET /xingrg/all/function/internal_message.html?_=1635996837362&CODE_STATE=getMsg HTTP/1.1" 200 27
58.39.139.200 - - [04/Nov/2021:11:34:00 +0800] "POST /xingrg/kc/base/wldb_order_operate.html HTTP/1.1" 200 37
58.39.139.200 - - [04/Nov/2021:11:34:01 +0800] "POST /xingrg/kc/base/wldb_order_operate.html HTTP/1.1" 200 4630
58.40.7.146 - - [04/Nov/2021:11:34:04 +0800] "GET /xingrg/all/function/internal_message.html?_=1635996843443&CODE_STATE=getMsg HTTP/1.1" 200 27
58.39.139.200 - - [04/Nov/2021:11:34:06 +0800] "GET /xingrg/kc/base/wldb_order_info.html?code=422021110400338 HTTP/1.1" 200 30453
58.39.139.200 - - [04/Nov/2021:11:34:07 +0800] "GET /xingrg/javascript/easyui/themes/default/validatebox.css HTTP/1.1" 404 1104
58.39.139.200 - - [04/Nov/2021:11:34:07 +0800] "POST /xingrg/kc/base/wldb_order_operate.html HTTP/1.1" 200 4630
58.40.7.146 - - [04/Nov/2021:11:34:08 +0800] "GET /xingrg/all/function/internal_message.html?_=1635996846623&CODE_STATE=getMsg HTTP/1.1" 200 27
58.39.139.200 - - [04/Nov/2021:11:34:09 +0800] "GET /xingrg/kc/base/wldb_order_add.html HTTP/1.1" 200 30438
58.39.139.200 - - [04/Nov/2021:11:34:09 +0800] "GET /xingrg/javascript/easyui/themes/default/validatebox.css HTTP/1.1" 404 1104
58.39.139.200 - - [04/Nov/2021:11:34:09 +0800] "POST /xingrg/kc/base/wldb_order_operate.html HTTP/1.1" 200 6806
172.20.0.100 - - [04/Nov/2021:11:34:11 +0800] "GET /xingrg/all/function/internal_message.html?_=1635996850275&CODE_STATE=getMsg HTTP/1.1" 200 27
180.157.253.6 - - [04/Nov/2021:11:34:12 +0800] "GET /xingrg/check_reg.html?_=1635996851570 HTTP/1.1" 200 22
116.238.248.233 - - [04/Nov/2021:11:34:14 +0800] "GET /xingrg/all/function/internal_message.html?_=1635996848690&CODE_STATE=getMsg HTTP/1.1" 200 27
58.39.139.200 - - [04/Nov/2021:11:34:16 +0800] "POST /xingrg/all/common/load_combo.html?type=base HTTP/1.1" 200 3321
58.39.139.200 - - [04/Nov/2021:11:34:17 +0800] "GET /xingrg/all/function/internal_message.html?_=1635996855759&CODE_STATE=getMsg HTTP/1.1" 200 27
120.253.135.82 - - [04/Nov/2021:11:34:17 +0800] "GET /xingrg/all/function/internal_message.html?_=1635996985200&CODE_STATE=getMsg HTTP/1.1" 200 27
