222.70.171.86 - - [04/Nov/2021:09:22:51 +0800] "GET /xingrg/javascript/jquery-1.4.2.min.js HTTP/1.1" 200 72205
222.70.171.86 - - [04/Nov/2021:09:22:51 +0800] "GET /xingrg/javascript/jquery_easy_ui/easyui-lang-zh_CN.js HTTP/1.1" 200 1900
222.70.171.86 - - [04/Nov/2021:09:22:51 +0800] "GET /xingrg/javascript/jquery_easy_ui/jquery.easyui.min.js HTTP/1.1" 200 213662
222.70.171.86 - - [04/Nov/2021:09:22:51 +0800] "GET /xingrg/javascript/jquery.timers.js HTTP/1.1" 200 3532
222.70.171.86 - - [04/Nov/2021:09:22:51 +0800] "GET /xingrg/javascript/jquery.utils.js HTTP/1.1" 200 11805
222.70.171.86 - - [04/Nov/2021:09:22:51 +0800] "GET /xingrg/javascript/jquery.form.js HTTP/1.1" 200 23110
222.70.171.86 - - [04/Nov/2021:09:22:51 +0800] "GET /favicon.ico HTTP/1.1" 404 -
222.70.171.86 - - [04/Nov/2021:09:22:52 +0800] "GET /xingrg/javascript/jquery_easy_ui/themes/icons/settle_new.png HTTP/1.1" 200 826
222.70.171.86 - - [04/Nov/2021:09:22:52 +0800] "GET /xingrg/images/blue/navBackgound.jpg HTTP/1.1" 200 12378
222.70.171.86 - - [04/Nov/2021:09:22:52 +0800] "POST /xingrg/all/common/load_tree.html?tree=area_rest_tree_json&manage=1 HTTP/1.1" 200 479
222.70.171.86 - - [04/Nov/2021:09:22:52 +0800] "GET /xingrg/images/blue/pingpu.png HTTP/1.1" 200 231
222.70.171.86 - - [04/Nov/2021:09:22:52 +0800] "GET /xingrg/javascript/jquery_easy_ui/themes/default/images/tabs_leftarrow.png HTTP/1.1" 200 389
222.70.171.86 - - [04/Nov/2021:09:22:52 +0800] "GET /xingrg/javascript/jquery_easy_ui/themes/default/images/tabs_rightarrow.png HTTP/1.1" 200 395
222.70.171.86 - - [04/Nov/2021:09:22:52 +0800] "GET /xingrg/javascript/jquery_easy_ui/themes/default/images/panel_tool_collapse.gif HTTP/1.1" 200 246
222.70.171.86 - - [04/Nov/2021:09:22:52 +0800] "GET /xingrg/check_reg.html?_=1635988963631 HTTP/1.1" 200 22
222.70.171.86 - - [04/Nov/2021:09:22:52 +0800] "GET /xingrg/all/function/internal_message.html?_=1635988963630&CODE_STATE=count HTTP/1.1" 200 11
222.70.171.86 - - [04/Nov/2021:09:22:52 +0800] "GET /xingrg/javascript/jquery_easy_ui/themes/default/images/tree_arrows.gif HTTP/1.1" 200 1043
222.70.171.86 - - [04/Nov/2021:09:22:52 +0800] "POST /xingrg/load_menu.html HTTP/1.1" 200 5138
222.70.171.86 - - [04/Nov/2021:09:22:52 +0800] "GET /xingrg/javascript/jquery_easy_ui/themes/default/images/tree_folder_open.gif HTTP/1.1" 200 956
222.70.171.86 - - [04/Nov/2021:09:22:52 +0800] "GET /xingrg/javascript/jquery_easy_ui/themes/icons/search_new.png HTTP/1.1" 200 586
222.70.171.86 - - [04/Nov/2021:09:22:52 +0800] "GET /xingrg/javascript/jquery_easy_ui/themes/default/images/tree_folder.gif HTTP/1.1" 200 952
222.70.171.86 - - [04/Nov/2021:09:22:52 +0800] "GET /xingrg/javascript/jquery_easy_ui/themes/icons/storage_new.png HTTP/1.1" 200 853
222.70.171.86 - - [04/Nov/2021:09:22:52 +0800] "GET /xingrg/javascript/jquery_easy_ui/themes/icons/forms_new.png HTTP/1.1" 200 350
222.70.171.86 - - [04/Nov/2021:09:22:52 +0800] "GET /xingrg/javascript/jquery_easy_ui/themes/default/images/tree_file.gif HTTP/1.1" 200 118
114.85.125.222 - - [04/Nov/2021:09:22:52 +0800] "GET /xingrg/all/function/internal_message.html?_=1635988903294&CODE_STATE=getMsg HTTP/1.1" 200 27
222.69.131.182 - - [04/Nov/2021:09:22:54 +0800] "GET /xingrg/kc/report/report_main.html HTTP/1.1" 200 7345
222.69.131.182 - - [04/Nov/2021:09:22:54 +0800] "GET /xingrg/css/blue.css HTTP/1.1" 200 15949
222.69.131.182 - - [04/Nov/2021:09:22:54 +0800] "GET /xingrg/javascript/myfunction.js HTTP/1.1" 200 24559
222.69.131.182 - - [04/Nov/2021:09:22:54 +0800] "GET /xingrg/javascript/jquery_ui/themes/humanity/humanity.css HTTP/1.1" 200 27801
222.69.131.182 - - [04/Nov/2021:09:22:54 +0800] "GET /xingrg/javascript/jquery_easy_ui/themes/icons/back_new.png HTTP/1.1" 200 3414
114.86.226.51 - - [04/Nov/2021:09:22:55 +0800] "GET /xingrg/all/function/internal_message.html?_=1635988974085&CODE_STATE=getMsg HTTP/1.1" 200 27
222.70.171.86 - - [04/Nov/2021:09:22:55 +0800] "GET /xingrg/javascript/jquery_easy_ui/themes/icons/area.png HTTP/1.1" 200 262
222.70.171.86 - - [04/Nov/2021:09:22:55 +0800] "GET /xingrg/javascript/jquery_easy_ui/themes/icons/rest.png HTTP/1.1" 200 695
222.69.131.182 - - [04/Nov/2021:09:22:55 +0800] "GET /xingrg/all/report/report_query.html?fileName=kc/buy/wlcg_cate_hz.xml HTTP/1.1" 200 53941
222.69.131.182 - - [04/Nov/2021:09:22:55 +0800] "GET /xingrg/javascript/multi_select/jqueryMultiSelect.css HTTP/1.1" 200 951
222.69.131.182 - - [04/Nov/2021:09:22:55 +0800] "GET /xingrg/javascript/calendar/timePicker.css HTTP/1.1" 200 523
222.69.131.182 - - [04/Nov/2021:09:22:55 +0800] "GET /xingrg/javascript/bigrid/fix.css HTTP/1.1" 200 1702
222.69.131.182 - - [04/Nov/2021:09:22:55 +0800] "GET /xingrg/javascript/bigrid/fix.js HTTP/1.1" 200 6439
222.69.131.182 - - [04/Nov/2021:09:22:55 +0800] "GET /xingrg/javascript/calendar/jquery.timePicker.min.js HTTP/1.1" 200 2997
222.69.131.182 - - [04/Nov/2021:09:22:55 +0800] "GET /xingrg/dwr/interface/AjaxReportQueryService.js HTTP/1.1" 200 13203
222.69.131.182 - - [04/Nov/2021:09:22:55 +0800] "GET /xingrg/javascript/Calendar.js HTTP/1.1" 200 31561
222.69.131.182 - - [04/Nov/2021:09:22:55 +0800] "GET /xingrg/dwr/engine.js HTTP/1.1" 200 43631
222.69.131.182 - - [04/Nov/2021:09:22:55 +0800] "GET /xingrg/javascript/jqueryMultiSelect.js HTTP/1.1" 200 11866
222.69.131.182 - - [04/Nov/2021:09:22:55 +0800] "GET /xingrg/dwr/util.js HTTP/1.1" 200 35990
222.69.131.182 - - [04/Nov/2021:09:22:55 +0800] "GET /xingrg/images/blue/button/advanceover.gif HTTP/1.1" 200 1347
222.69.131.182 - - [04/Nov/2021:09:22:55 +0800] "GET /xingrg/images/blue/button/advance2over.gif HTTP/1.1" 200 1336
222.69.131.182 - - [04/Nov/2021:09:22:55 +0800] "GET /xingrg/images/blue/button/back2over.gif HTTP/1.1" 200 1335
222.69.131.182 - - [04/Nov/2021:09:22:55 +0800] "GET /xingrg/images/blue/button/backover.gif HTTP/1.1" 200 1348
222.69.131.182 - - [04/Nov/2021:09:22:55 +0800] "GET /xingrg/images/control/loading.gif HTTP/1.1" 200 13463
222.69.131.182 - - [04/Nov/2021:09:22:55 +0800] "GET /xingrg/javascript/jquery_easy_ui/themes/icons/help.png HTTP/1.1" 200 1187
222.69.131.182 - - [04/Nov/2021:09:22:55 +0800] "GET /xingrg/javascript/jquery_easy_ui/themes/default/images/menu_downarrow.png HTTP/1.1" 200 173
222.69.131.182 - - [04/Nov/2021:09:22:55 +0800] "GET /xingrg/javascript/jquery_easy_ui/themes/default/images/button_a_bg.gif HTTP/1.1" 200 1194
222.69.131.182 - - [04/Nov/2021:09:22:55 +0800] "GET /xingrg/javascript/jquery_easy_ui/themes/default/images/menu.gif HTTP/1.1" 200 834
222.69.131.182 - - [04/Nov/2021:09:22:55 +0800] "GET /xingrg/javascript/jquery_easy_ui/themes/icons/print.png HTTP/1.1" 200 1057
222.69.131.182 - - [04/Nov/2021:09:22:55 +0800] "GET /xingrg/javascript/jquery_easy_ui/themes/icons/pencil.png HTTP/1.1" 200 713
222.69.131.182 - - [04/Nov/2021:09:22:55 +0800] "GET /xingrg/javascript/jquery_easy_ui/themes/default/images/menu_rightarrow.png HTTP/1.1" 200 3617
222.69.131.182 - - [04/Nov/2021:09:22:55 +0800] "POST /xingrg/dwr/call/plaincall/AjaxReportQueryService.getFixDate.dwr HTTP/1.1" 200 111
222.69.131.182 - - [04/Nov/2021:09:22:55 +0800] "GET /xingrg/javascript/jquery_easy_ui/themes/default/images/combo_arrow_dot.gif HTTP/1.1" 200 79
222.69.131.182 - - [04/Nov/2021:09:22:55 +0800] "POST /xingrg/all/common/load_tree.html?tree=supplier_tree_json&manage=1 HTTP/1.1" 200 61255
114.86.226.51 - - [04/Nov/2021:09:22:56 +0800] "GET /xingrg/kc/buy/cgsh_order_operate.html?command=get_materiel&rest_code=00109&code=00101006058&supplier_code=00100015&order_time=2021-11-04 HTTP/1.1" 200 413
222.69.131.182 - - [04/Nov/2021:09:22:56 +0800] "GET /xingrg/javascript/jquery_easy_ui/themes/default/images/tree_checkbox_0.gif HTTP/1.1" 200 168
222.69.131.182 - - [04/Nov/2021:09:22:56 +0800] "POST /xingrg/all/common/load_tree.html?tree=materiel_sort_tree_json HTTP/1.1" 200 9266
222.69.131.182 - - [04/Nov/2021:09:22:57 +0800] "POST /xingrg/all/common/load_tree.html?tree=base_tree_json HTTP/1.1" 200 3866
124.78.153.86 - - [04/Nov/2021:09:22:57 +0800] "POST /xingrg/kc/buy/cgsh_order_operate.html HTTP/1.1" 200 2065
222.69.131.182 - - [04/Nov/2021:09:22:57 +0800] "GET /xingrg/all/function/internal_message.html?_=1635988974648&CODE_STATE=getMsg HTTP/1.1" 200 27
180.169.147.146 - - [04/Nov/2021:09:22:58 +0800] "GET /xingrg/all/function/internal_message.html?_=1635988977360&CODE_STATE=getMsg HTTP/1.1" 200 27
222.70.171.86 - - [04/Nov/2021:09:22:58 +0800] "GET /xingrg/javascript/jquery_easy_ui/themes/default/images/tabs_close.gif HTTP/1.1" 200 829
222.70.171.86 - - [04/Nov/2021:09:22:58 +0800] "GET /xingrg/css/base.css HTTP/1.1" 200 2811
222.70.171.86 - - [04/Nov/2021:09:22:58 +0800] "GET /xingrg/css/site.css HTTP/1.1" 200 7541
222.70.171.86 - - [04/Nov/2021:09:22:58 +0800] "GET /xingrg/javascript/jquery_tools/datebox.css HTTP/1.1" 200 2597
222.70.171.86 - - [04/Nov/2021:09:22:58 +0800] "GET /xingrg/javascript/easyui/themes/icon.css HTTP/1.1" 200 4483
222.70.171.86 - - [04/Nov/2021:09:22:58 +0800] "GET /xingrg/javascript/auto/jquery.autocomplete.css HTTP/1.1" 200 587
222.70.171.86 - - [04/Nov/2021:09:22:58 +0800] "GET /xingrg/javascript/jquery_tools/fix.css HTTP/1.1" 200 1702
222.70.171.86 - - [04/Nov/2021:09:22:58 +0800] "GET /xingrg/kc/buy/cgsh_order_list.html HTTP/1.1" 200 48947
222.70.171.86 - - [04/Nov/2021:09:22:58 +0800] "GET /xingrg/javascript/jquery_tools/jquery.tools.hotkey.js HTTP/1.1" 200 3242
222.70.171.86 - - [04/Nov/2021:09:22:58 +0800] "GET /xingrg/javascript/jquery_tools/table.css HTTP/1.1" 200 1032
222.70.171.86 - - [04/Nov/2021:09:22:58 +0800] "GET /xingrg/javascript/jquery_tools/jquery.tools.min.js HTTP/1.1" 200 138801
222.70.171.86 - - [04/Nov/2021:09:22:58 +0800] "GET /xingrg/javascript/jquery_tools/jquery.tools.table.js HTTP/1.1" 200 6994
222.70.171.86 - - [04/Nov/2021:09:22:58 +0800] "GET /xingrg/javascript/jquery_tools/list_manager.js HTTP/1.1" 200 3652
222.70.171.86 - - [04/Nov/2021:09:22:58 +0800] "GET /xingrg/javascript/jquery_tools/jquery.tools.extend.js HTTP/1.1" 200 15385
222.70.171.86 - - [04/Nov/2021:09:22:58 +0800] "GET /xingrg/javascript/easyui/themes/default/easyui.css HTTP/1.1" 200 30432
222.70.171.86 - - [04/Nov/2021:09:22:58 +0800] "GET /xingrg/javascript/easyui/easyloader.js HTTP/1.1" 200 5975
222.70.171.86 - - [04/Nov/2021:09:22:58 +0800] "GET /xingrg/javascript/jquery.cookie.js HTTP/1.1" 200 5513
222.70.171.86 - - [04/Nov/2021:09:22:58 +0800] "GET /xingrg/javascript/auto/jquery.autocomplete.js HTTP/1.1" 200 21624
222.70.171.86 - - [04/Nov/2021:09:22:58 +0800] "GET /xingrg/javascript/print/LodopFuncs.js HTTP/1.1" 200 5121
222.70.171.86 - - [04/Nov/2021:09:22:58 +0800] "GET /xingrg/javascript/easyui/themes/icons/edit_add_new.png HTTP/1.1" 200 2997
222.70.171.86 - - [04/Nov/2021:09:22:58 +0800] "GET /xingrg/javascript/easyui/themes/icons/cance_new.png HTTP/1.1" 200 3986
222.70.171.86 - - [04/Nov/2021:09:22:58 +0800] "GET /xingrg/javascript/easyui/themes/icons/check_new.png HTTP/1.1" 200 3224
222.70.171.86 - - [04/Nov/2021:09:22:58 +0800] "GET /xingrg/javascript/easyui/themes/icons/field_new.png HTTP/1.1" 200 1097
222.70.171.86 - - [04/Nov/2021:09:22:58 +0800] "GET /xingrg/javascript/easyui/themes/icons/import_new.png HTTP/1.1" 200 1247
222.70.171.86 - - [04/Nov/2021:09:22:58 +0800] "GET /xingrg/javascript/easyui/plugins/jquery.parser.js HTTP/1.1" 200 1142
222.70.171.86 - - [04/Nov/2021:09:22:58 +0800] "GET /xingrg/images/control/ajaxLoader.gif HTTP/1.1" 200 4659
222.70.171.86 - - [04/Nov/2021:09:22:59 +0800] "POST /xingrg/kc/buy/cgsh_list_operate.html HTTP/1.1" 200 876
114.86.226.51 - - [04/Nov/2021:09:23:01 +0800] "GET /xingrg/kc/buy/cgsh_order_operate.html?command=get_materiel&rest_code=00109&code=00101006109&supplier_code=00100015&order_time=2021-11-04 HTTP/1.1" 200 409
222.69.131.182 - - [04/Nov/2021:09:23:01 +0800] "POST /xingrg/dwr/call/plaincall/AjaxReportQueryService.getFixDate.dwr HTTP/1.1" 200 111
58.40.7.146 - - [04/Nov/2021:09:23:04 +0800] "GET /xingrg/all/function/internal_message.html?_=1635988983347&CODE_STATE=getMsg HTTP/1.1" 200 27
58.40.7.146 - - [04/Nov/2021:09:23:04 +0800] "GET /xingrg/check_reg.html?_=1635988983348 HTTP/1.1" 200 22
120.253.135.82 - - [04/Nov/2021:09:23:06 +0800] "GET /xingrg/all/function/internal_message.html?_=1635989114529&CODE_STATE=getMsg HTTP/1.1" 200 27
222.70.171.86 - - [04/Nov/2021:09:23:07 +0800] "GET /xingrg/javascript/jquery_tools/images/prev.gif HTTP/1.1" 404 1086
222.70.171.86 - - [04/Nov/2021:09:23:07 +0800] "GET /xingrg/javascript/jquery_tools/images/next.gif HTTP/1.1" 404 1086
114.86.226.51 - - [04/Nov/2021:09:23:10 +0800] "GET /xingrg/kc/buy/cgsh_order_operate.html?command=get_materiel&rest_code=00109&code=00101006174&supplier_code=00100015&order_time=2021-11-04 HTTP/1.1" 200 414
124.78.153.86 - - [04/Nov/2021:09:23:10 +0800] "GET /xingrg/kc/buy/cgsh_order_operate.html?command=get_materiel&rest_code=00106&code=00101008098&supplier_code=00100007&order_time=2021-11-04 HTTP/1.1" 200 412
222.69.131.182 - - [04/Nov/2021:09:23:11 +0800] "GET /xingrg/javascript/jquery_easy_ui/themes/default/images/tree_checkbox_1.gif HTTP/1.1" 200 174
222.69.131.182 - - [04/Nov/2021:09:23:11 +0800] "GET /xingrg/javascript/jquery_easy_ui/themes/default/images/tree_checkbox_2.gif HTTP/1.1" 200 181
222.69.131.182 - - [04/Nov/2021:09:23:13 +0800] "POST /xingrg/dwr/call/plaincall/AjaxReportQueryService.refreshCache.dwr HTTP/1.1" 200 78
222.69.131.182 - - [04/Nov/2021:09:23:14 +0800] "POST /xingrg/all/report/load_report_page.html HTTP/1.1" 200 8725
222.69.131.182 - - [04/Nov/2021:09:23:14 +0800] "GET /xingrg/servlets/image?cache=0.40389525902429746&image=px HTTP/1.1" 200 807
222.69.131.182 - - [04/Nov/2021:09:23:16 +0800] "POST /xingrg/all/report/load_report_page.html HTTP/1.1" 200 63625
222.69.131.182 - - [04/Nov/2021:09:23:16 +0800] "GET /xingrg/servlets/image?cache=0.19748366426864594&image=px HTTP/1.1" 200 807
222.69.131.182 - - [04/Nov/2021:09:23:17 +0800] "GET /xingrg/javascript/jquery_easy_ui/themes/default/images/button_plain_hover.png HTTP/1.1" 200 252
116.238.248.233 - - [04/Nov/2021:09:23:17 +0800] "GET /xingrg/all/function/internal_message.html?_=1635988992117&CODE_STATE=getMsg HTTP/1.1" 200 27
222.69.131.182 - - [04/Nov/2021:09:23:19 +0800] "POST /xingrg/all/report/report_print.html HTTP/1.1" 302 -
222.69.131.182 - - [04/Nov/2021:09:23:19 +0800] "GET /xingrg/servlets/image?image=px HTTP/1.1" 200 807
222.69.131.182 - - [04/Nov/2021:09:23:19 +0800] "GET /xingrg/servlets/html?sysBaseUrl=http%3A%2F%2F180.169.147.146%3A18081%2Fxingrg%2F&costTime=201×tamp=1635988999650 HTTP/1.1" 200 61646
222.69.131.182 - - [04/Nov/2021:09:23:19 +0800] "GET /favicon.ico HTTP/1.1" 404 -
58.39.139.200 - - [04/Nov/2021:09:23:20 +0800] "GET /xingrg/all/function/internal_message.html?_=1635988998734&CODE_STATE=getMsg HTTP/1.1" 200 27
58.39.139.200 - - [04/Nov/2021:09:23:20 +0800] "GET /xingrg/check_reg.html?_=1635988998854 HTTP/1.1" 200 22
114.86.226.51 - - [04/Nov/2021:09:23:21 +0800] "GET /xingrg/kc/buy/cgsh_order_operate.html?command=get_materiel&rest_code=00109&code=00101006055&supplier_code=00100015&order_time=2021-11-04 HTTP/1.1" 200 428
222.70.171.86 - - [04/Nov/2021:09:23:26 +0800] "GET /xingrg/all/function/internal_message.html?_=1635989005638&CODE_STATE=getMsg HTTP/1.1" 302 -
222.70.171.86 - - [04/Nov/2021:09:23:28 +0800] "POST /xingrg/kc/buy/cgsh_list_operate.html HTTP/1.1" 200 5452
124.78.153.86 - - [04/Nov/2021:09:23:29 +0800] "GET /xingrg/all/function/internal_message.html?_=1635989012753&CODE_STATE=getMsg HTTP/1.1" 200 27
221.239.141.121 - - [04/Nov/2021:09:23:29 +0800] "GET /xingrg/all/function/internal_message.html?_=1635988998940&CODE_STATE=getMsg HTTP/1.1" 200 27
222.70.171.86 - - [04/Nov/2021:09:23:37 +0800] "POST /xingrg/kc/buy/cgsh_list_operate.html HTTP/1.1" 200 564
114.86.226.51 - - [04/Nov/2021:09:23:37 +0800] "POST /xingrg/kc/buy/cgsh_order_operate.html HTTP/1.1" 200 37
114.86.226.51 - - [04/Nov/2021:09:23:39 +0800] "POST /xingrg/kc/buy/cgsh_order_operate.html HTTP/1.1" 200 8625
222.70.171.86 - - [04/Nov/2021:09:23:40 +0800] "GET /xingrg/javascript/pic_change.js HTTP/1.1" 200 4739
222.70.171.86 - - [04/Nov/2021:09:23:40 +0800] "GET /xingrg/javascript/convert.js HTTP/1.1" 200 1239
222.70.171.86 - - [04/Nov/2021:09:23:40 +0800] "GET /xingrg/kc/buy/cgsh_order_info.html?code=212021103013312 HTTP/1.1" 200 59635
222.70.171.86 - - [04/Nov/2021:09:23:40 +0800] "GET /xingrg/javascript/json2.js HTTP/1.1" 200 11259
222.70.171.86 - - [04/Nov/2021:09:23:40 +0800] "GET /xingrg/javascript/jquery_tools/order_manager.js HTTP/1.1" 200 11183
222.70.171.86 - - [04/Nov/2021:09:23:40 +0800] "GET /xingrg/javascript/print/kc_print.js HTTP/1.1" 200 11415
222.70.171.86 - - [04/Nov/2021:09:23:40 +0800] "GET /xingrg/words/20211103175141_words.js HTTP/1.1" 200 869174
222.70.171.86 - - [04/Nov/2021:09:23:40 +0800] "GET /xingrg/javascript/easyui/themes/icons/copy_new.png HTTP/1.1" 200 815
222.70.171.86 - - [04/Nov/2021:09:23:40 +0800] "GET /xingrg/javascript/easyui/themes/icons/print.png HTTP/1.1" 200 1057
222.70.171.86 - - [04/Nov/2021:09:23:40 +0800] "GET /xingrg/javascript/easyui/themes/default/images/menu_downarrow.png HTTP/1.1" 200 173
222.70.171.86 - - [04/Nov/2021:09:23:40 +0800] "GET /xingrg/javascript/easyui/themes/icons/cancel.png HTTP/1.1" 200 1133
222.70.171.86 - - [04/Nov/2021:09:23:40 +0800] "GET /xingrg/javascript/easyui/themes/default/validatebox.css HTTP/1.1" 404 1104
222.70.171.86 - - [04/Nov/2021:09:23:40 +0800] "GET /xingrg/javascript/easyui/plugins/jquery.validatebox.js HTTP/1.1" 200 6103
222.70.171.86 - - [04/Nov/2021:09:23:40 +0800] "GET /xingrg/javascript/easyui/plugins/jquery.numberbox.js HTTP/1.1" 200 5213
114.86.226.51 - - [04/Nov/2021:09:23:41 +0800] "GET /xingrg/kc/print/load_config.html?kc_code=cgsh HTTP/1.1" 200 2281
114.86.226.51 - - [04/Nov/2021:09:23:41 +0800] "GET /xingrg/kc/print/load_data.html?order_code=212021110401282&kc_code=cgsh&condition= HTTP/1.1" 200 3029
222.70.171.86 - - [04/Nov/2021:09:23:41 +0800] "POST /xingrg/kc/buy/cgsh_order_operate.html HTTP/1.1" 200 3548
222.70.171.86 - - [04/Nov/2021:09:23:41 +0800] "GET /xingrg/javascript/easyui/themes/icons/edit_remove.png HTTP/1.1" 200 625
222.70.171.86 - - [04/Nov/2021:09:23:41 +0800] "GET /xingrg/javascript/easyui/themes/default/images/button_plain_hover.png HTTP/1.1" 200 144
222.70.171.86 - - [04/Nov/2021:09:23:43 +0800] "GET /xingrg/kc/print/load_config.html?kc_code=cgsh HTTP/1.1" 200 2281
222.70.171.86 - - [04/Nov/2021:09:23:43 +0800] "GET /xingrg/kc/print/load_data.html?order_code=212021103013312&kc_code=cgsh HTTP/1.1" 200 1887
114.86.226.51 - - [04/Nov/2021:09:23:47 +0800] "GET /xingrg/kc/buy/cgsh_order_add.html HTTP/1.1" 200 64758
114.86.226.51 - - [04/Nov/2021:09:23:47 +0800] "POST /xingrg/kc/buy/cgsh_order_operate.html HTTP/1.1" 200 8245
114.86.226.51 - - [04/Nov/2021:09:23:47 +0800] "GET /xingrg/all/common/auto_word.html?type=employee&rest_code=00109 HTTP/1.1" 200 255
114.86.226.51 - - [04/Nov/2021:09:23:47 +0800] "GET /xingrg/all/common/auto_word.html?type=employee&rest_code=00109 HTTP/1.1" 200 255
114.86.226.51 - - [04/Nov/2021:09:23:47 +0800] "GET /xingrg/javascript/easyui/themes/default/validatebox.css HTTP/1.1" 404 1104
222.70.171.86 - - [04/Nov/2021:09:23:52 +0800] "GET /xingrg/all/function/internal_message.html?_=1635989023751&CODE_STATE=getMsg HTTP/1.1" 200 27
114.85.125.222 - - [04/Nov/2021:09:23:52 +0800] "GET /xingrg/all/function/internal_message.html?_=1635988963307&CODE_STATE=getMsg HTTP/1.1" 200 27
114.86.226.51 - - [04/Nov/2021:09:23:55 +0800] "GET /xingrg/all/function/internal_message.html?_=1635989034083&CODE_STATE=getMsg HTTP/1.1" 200 27
114.86.226.51 - - [04/Nov/2021:09:23:56 +0800] "GET /xingrg/kc/buy/cgsh_order_operate.html?command=get_materiel&rest_code=00109&code=00101012029&supplier_code=00100035&order_time=2021-11-04 HTTP/1.1" 200 412
222.69.131.182 - - [04/Nov/2021:09:23:57 +0800] "GET /xingrg/check_reg.html?_=1635989034646 HTTP/1.1" 200 22
222.69.131.182 - - [04/Nov/2021:09:23:57 +0800] "GET /xingrg/all/function/internal_message.html?_=1635989034651&CODE_STATE=getMsg HTTP/1.1" 200 27
180.169.147.146 - - [04/Nov/2021:09:23:58 +0800] "GET /xingrg/all/function/internal_message.html?_=1635989037364&CODE_STATE=getMsg HTTP/1.1" 200 27
114.86.226.51 - - [04/Nov/2021:09:24:03 +0800] "GET /xingrg/kc/buy/cgsh_order_operate.html?command=get_materiel&rest_code=00109&code=00101012051&supplier_code=00100035&order_time=2021-11-04 HTTP/1.1" 200 408
58.40.7.146 - - [04/Nov/2021:09:24:04 +0800] "GET /xingrg/all/function/internal_message.html?_=1635989043335&CODE_STATE=getMsg HTTP/1.1" 200 27
120.253.135.82 - - [04/Nov/2021:09:24:06 +0800] "GET /xingrg/all/function/internal_message.html?_=1635989174541&CODE_STATE=getMsg HTTP/1.1" 200 27
114.86.226.51 - - [04/Nov/2021:09:24:08 +0800] "GET /xingrg/kc/buy/cgsh_order_operate.html?command=get_materiel&rest_code=00109&code=00101012025&supplier_code=00100035&order_time=2021-11-04 HTTP/1.1" 200 412
58.39.139.200 - - [04/Nov/2021:09:24:09 +0800] "GET /xingrg/kc/buy/cgsh_order_list.html HTTP/1.1" 200 48941
58.39.139.200 - - [04/Nov/2021:09:24:14 +0800] "POST /xingrg/kc/buy/cgsh_list_operate.html HTTP/1.1" 200 2754
114.86.226.51 - - [04/Nov/2021:09:24:14 +0800] "GET /xingrg/kc/buy/cgsh_order_operate.html?command=get_materiel&rest_code=00109&code=00101012051&supplier_code=00100035&order_time=2021-11-04 HTTP/1.1" 200 408
116.238.248.233 - - [04/Nov/2021:09:24:17 +0800] "GET /xingrg/all/function/internal_message.html?_=1635989052119&CODE_STATE=getMsg HTTP/1.1" 200 27
58.39.139.200 - - [04/Nov/2021:09:24:20 +0800] "GET /xingrg/all/function/internal_message.html?_=1635989058728&CODE_STATE=getMsg HTTP/1.1" 200 27
114.86.226.51 - - [04/Nov/2021:09:24:20 +0800] "GET /xingrg/kc/buy/cgsh_order_operate.html?command=get_materiel&rest_code=00109&code=00101016010&supplier_code=00100035&order_time=2021-11-04 HTTP/1.1" 200 408
114.86.226.51 - - [04/Nov/2021:09:24:25 +0800] "GET /xingrg/kc/buy/cgsh_order_operate.html?command=get_materiel&rest_code=00109&code=00101016025&supplier_code=00100035&order_time=2021-11-04 HTTP/1.1" 200 408
222.70.171.86 - - [04/Nov/2021:09:24:26 +0800] "GET /xingrg/all/function/internal_message.html?_=1635989065652&CODE_STATE=getMsg HTTP/1.1" 302 -
124.78.153.86 - - [04/Nov/2021:09:24:29 +0800] "GET /xingrg/all/function/internal_message.html?_=1635989072753&CODE_STATE=getMsg HTTP/1.1" 200 27
180.169.147.146 - - [04/Nov/2021:09:24:29 +0800] "GET /xingrg/index.html?sysBaseUrl=http%3A%2F%2F180.169.147.146%3A18081%2Fxingrg%2F&costTime=39×tamp=1592034574635 HTTP/1.1" 302 -
180.169.147.146 - - [04/Nov/2021:09:24:29 +0800] "GET /xingrg/login.html HTTP/1.1" 200 7641
180.169.147.146 - - [04/Nov/2021:09:24:29 +0800] "GET /favicon.ico HTTP/1.1" 404 -
221.239.141.121 - - [04/Nov/2021:09:24:30 +0800] "GET /xingrg/all/function/internal_message.html?_=1635989059184&CODE_STATE=getMsg HTTP/1.1" 200 27
180.169.147.146 - - [04/Nov/2021:09:24:30 +0800] "POST /xingrg/login.do HTTP/1.1" 302 -
180.169.147.146 - - [04/Nov/2021:09:24:30 +0800] "GET /xingrg/index.html?sysBaseUrl=http%3A%2F%2F180.169.147.146%3A18081%2Fxingrg%2F&costTime=41×tamp=1635989070725 HTTP/1.1" 200 17503
180.169.147.146 - - [04/Nov/2021:09:24:30 +0800] "GET /favicon.ico HTTP/1.1" 404 -
180.169.147.146 - - [04/Nov/2021:09:24:30 +0800] "POST /xingrg/all/common/load_tree.html?tree=area_rest_tree_json&manage=1 HTTP/1.1" 200 3472
180.169.147.146 - - [04/Nov/2021:09:24:31 +0800] "GET /xingrg/check_reg.html?_=1635989069602 HTTP/1.1" 200 22
180.169.147.146 - - [04/Nov/2021:09:24:31 +0800] "GET /xingrg/all/function/internal_message.html?_=1635989069602&CODE_STATE=count HTTP/1.1" 200 11
180.169.147.146 - - [04/Nov/2021:09:24:31 +0800] "POST /xingrg/load_menu.html HTTP/1.1" 200 11564
180.169.147.146 - - [04/Nov/2021:09:24:33 +0800] "POST /xingrg/all/user/operate.html HTTP/1.1" 200 36
180.169.147.146 - - [04/Nov/2021:09:24:33 +0800] "GET /xingrg/index.html?sysBaseUrl=http%3A%2F%2F180.169.147.146%3A18081%2Fxingrg%2F&costTime=41×tamp=1635989070725 HTTP/1.1" 200 17503
180.169.147.146 - - [04/Nov/2021:09:24:33 +0800] "GET /xingrg/javascript/jquery_easy_ui/themes/default/easyui.css HTTP/1.1" 304 -
180.169.147.146 - - [04/Nov/2021:09:24:33 +0800] "GET /xingrg/javascript/jquery_easy_ui/themes/icon.css HTTP/1.1" 304 -
180.169.147.146 - - [04/Nov/2021:09:24:33 +0800] "GET /xingrg/css/form.css HTTP/1.1" 304 -
180.169.147.146 - - [04/Nov/2021:09:24:33 +0800] "GET /xingrg/javascript/jquery-1.4.2.min.js HTTP/1.1" 304 -
180.169.147.146 - - [04/Nov/2021:09:24:33 +0800] "GET /xingrg/javascript/jquery_easy_ui/jquery.easyui.min.js HTTP/1.1" 304 -
180.169.147.146 - - [04/Nov/2021:09:24:33 +0800] "GET /xingrg/javascript/jquery_easy_ui/easyui-lang-zh_CN.js HTTP/1.1" 304 -
180.169.147.146 - - [04/Nov/2021:09:24:33 +0800] "GET /xingrg/javascript/jquery.form.js HTTP/1.1" 304 -
180.169.147.146 - - [04/Nov/2021:09:24:33 +0800] "GET /xingrg/javascript/jquery.utils.js HTTP/1.1" 304 -
180.169.147.146 - - [04/Nov/2021:09:24:33 +0800] "GET /xingrg/javascript/jquery.timers.js HTTP/1.1" 304 -
180.169.147.146 - - [04/Nov/2021:09:24:33 +0800] "GET /xingrg/images/blue/jxLogo.png HTTP/1.1" 304 -
180.169.147.146 - - [04/Nov/2021:09:24:33 +0800] "GET /xingrg/images/blue/navBackgound.jpg HTTP/1.1" 304 -
180.169.147.146 - - [04/Nov/2021:09:24:33 +0800] "GET /xingrg/javascript/jquery_easy_ui/themes/icons/settle_new.png HTTP/1.1" 304 -
180.169.147.146 - - [04/Nov/2021:09:24:33 +0800] "POST /xingrg/all/common/load_tree.html?tree=area_rest_tree_json&manage=1 HTTP/1.1" 200 3472
180.169.147.146 - - [04/Nov/2021:09:24:33 +0800] "GET /xingrg/all/function/internal_message.html?_=1635989072283&CODE_STATE=count HTTP/1.1" 200 11
180.169.147.146 - - [04/Nov/2021:09:24:33 +0800] "GET /xingrg/check_reg.html?_=1635989072284 HTTP/1.1" 200 22
180.169.147.146 - - [04/Nov/2021:09:24:33 +0800] "GET /xingrg/javascript/jquery_easy_ui/themes/default/images/tabs_rightarrow.png HTTP/1.1" 304 -
180.169.147.146 - - [04/Nov/2021:09:24:33 +0800] "GET /xingrg/javascript/jquery_easy_ui/themes/default/images/tabs_leftarrow.png HTTP/1.1" 304 -
180.169.147.146 - - [04/Nov/2021:09:24:33 +0800] "GET /xingrg/javascript/jquery_easy_ui/themes/default/images/panel_tool_collapse.gif HTTP/1.1" 304 -
180.169.147.146 - - [04/Nov/2021:09:24:33 +0800] "GET /xingrg/javascript/jquery_easy_ui/themes/default/images/panel_tool_expand.gif HTTP/1.1" 304 -
180.169.147.146 - - [04/Nov/2021:09:24:33 +0800] "GET /xingrg/images/blue/pingpu.png HTTP/1.1" 304 -
180.169.147.146 - - [04/Nov/2021:09:24:33 +0800] "POST /xingrg/load_menu.html HTTP/1.1" 200 9959
114.86.226.51 - - [04/Nov/2021:09:24:34 +0800] "POST /xingrg/kc/buy/cgsh_order_operate.html HTTP/1.1" 200 37
180.169.147.146 - - [04/Nov/2021:09:24:35 +0800] "GET /xingrg/kc/buy/cgsh_order_list.html HTTP/1.1" 200 49196
114.86.226.51 - - [04/Nov/2021:09:24:36 +0800] "POST /xingrg/kc/buy/cgsh_order_operate.html HTTP/1.1" 200 5598
180.169.147.146 - - [04/Nov/2021:09:24:36 +0800] "POST /xingrg/kc/buy/cgsh_list_operate.html HTTP/1.1" 200 876
114.86.226.51 - - [04/Nov/2021:09:24:37 +0800] "GET /xingrg/kc/print/load_config.html?kc_code=cgsh HTTP/1.1" 200 2281
114.86.226.51 - - [04/Nov/2021:09:24:37 +0800] "GET /xingrg/kc/print/load_data.html?order_code=212021110401283&kc_code=cgsh&condition= HTTP/1.1" 200 1791
124.78.153.86 - - [04/Nov/2021:09:24:40 +0800] "GET /xingrg/kc/buy/cgsh_order_operate.html?command=get_materiel&rest_code=00106&code=00101008112&supplier_code=00100007&order_time=2021-11-04 HTTP/1.1" 200 412
114.86.226.51 - - [04/Nov/2021:09:24:40 +0800] "GET /xingrg/kc/buy/cgsh_order_add.html HTTP/1.1" 200 64758
114.86.226.51 - - [04/Nov/2021:09:24:40 +0800] "POST /xingrg/kc/buy/cgsh_order_operate.html HTTP/1.1" 200 8245
114.86.226.51 - - [04/Nov/2021:09:24:40 +0800] "GET /xingrg/all/common/auto_word.html?type=employee&rest_code=00109 HTTP/1.1" 200 255
114.86.226.51 - - [04/Nov/2021:09:24:40 +0800] "GET /xingrg/all/common/auto_word.html?type=employee&rest_code=00109 HTTP/1.1" 200 255
114.86.226.51 - - [04/Nov/2021:09:24:40 +0800] "GET /xingrg/javascript/easyui/themes/default/validatebox.css HTTP/1.1" 404 1104
180.169.147.146 - - [04/Nov/2021:09:24:42 +0800] "GET /xingrg/javascript/auto/indicator.gif HTTP/1.1" 404 1066
180.169.147.146 - - [04/Nov/2021:09:24:47 +0800] "POST /xingrg/kc/buy/cgsh_list_operate.html HTTP/1.1" 200 4056
58.221.95.50 - - [04/Nov/2021:09:24:49 +0800] "GET /favicon.ico HTTP/1.1" 404 -
114.86.226.51 - - [04/Nov/2021:09:24:52 +0800] "GET /xingrg/kc/buy/cgsh_order_operate.html?command=get_materiel&rest_code=00109&code=00101008261&supplier_code=00100005&order_time=2021-11-04 HTTP/1.1" 200 408
222.70.171.86 - - [04/Nov/2021:09:24:52 +0800] "GET /xingrg/all/function/internal_message.html?_=1635989083773&CODE_STATE=getMsg HTTP/1.1" 200 27
114.85.125.222 - - [04/Nov/2021:09:24:52 +0800] "GET /xingrg/all/function/internal_message.html?_=1635989023334&CODE_STATE=getMsg HTTP/1.1" 200 27
114.86.226.51 - - [04/Nov/2021:09:24:55 +0800] "GET /xingrg/all/function/internal_message.html?_=1635989094084&CODE_STATE=getMsg HTTP/1.1" 200 27
114.86.226.51 - - [04/Nov/2021:09:24:55 +0800] "GET /xingrg/check_reg.html?_=1635989094085 HTTP/1.1" 200 22
222.69.131.182 - - [04/Nov/2021:09:24:57 +0800] "GET /xingrg/all/function/internal_message.html?_=1635989094651&CODE_STATE=getMsg HTTP/1.1" 200 27
180.169.147.146 - - [04/Nov/2021:09:24:58 +0800] "GET /xingrg/all/function/internal_message.html?_=1635989097366&CODE_STATE=getMsg HTTP/1.1" 200 27
114.86.226.51 - - [04/Nov/2021:09:25:04 +0800] "GET /xingrg/kc/buy/cgsh_order_operate.html?command=get_materiel&rest_code=00109&code=00101008210&supplier_code=00100005&order_time=2021-11-04 HTTP/1.1" 200 408
124.78.153.86 - - [04/Nov/2021:09:25:04 +0800] "GET /xingrg/kc/buy/cgsh_order_operate.html?command=get_materiel&rest_code=00106&code=00101008003&supplier_code=00100007&order_time=2021-11-04 HTTP/1.1" 200 408
180.169.147.146 - - [04/Nov/2021:09:25:04 +0800] "POST /xingrg/kc/buy/cgsh_list_operate.html HTTP/1.1" 200 281
58.40.7.146 - - [04/Nov/2021:09:25:04 +0800] "GET /xingrg/all/function/internal_message.html?_=1635989103354&CODE_STATE=getMsg HTTP/1.1" 200 27
180.169.147.146 - - [04/Nov/2021:09:25:05 +0800] "GET /xingrg/kc/buy/cgsh_order_info.html?code=212021101607308 HTTP/1.1" 200 59850
180.169.147.146 - - [04/Nov/2021:09:25:06 +0800] "GET /xingrg/words/20211103175141_words.js HTTP/1.1" 304 -
180.169.147.146 - - [04/Nov/2021:09:25:06 +0800] "GET /xingrg/javascript/easyui/themes/icons/copy_new.png HTTP/1.1" 200 815
180.169.147.146 - - [04/Nov/2021:09:25:06 +0800] "GET /xingrg/javascript/easyui/themes/default/validatebox.css HTTP/1.1" 404 1104
120.253.135.82 - - [04/Nov/2021:09:25:06 +0800] "GET /xingrg/all/function/internal_message.html?_=1635989234700&CODE_STATE=getMsg HTTP/1.1" 200 27
180.169.147.146 - - [04/Nov/2021:09:25:06 +0800] "POST /xingrg/kc/buy/cgsh_order_operate.html HTTP/1.1" 200 1215
114.86.226.51 - - [04/Nov/2021:09:25:09 +0800] "GET /xingrg/kc/buy/cgsh_order_operate.html?command=get_materiel&rest_code=00109&code=00101008155&supplier_code=00100005&order_time=2021-11-04 HTTP/1.1" 200 408
114.86.226.51 - - [04/Nov/2021:09:25:17 +0800] "GET /xingrg/kc/buy/cgsh_order_operate.html?command=get_materiel&rest_code=00109&code=00101008351&supplier_code=00100005&order_time=2021-11-04 HTTP/1.1" 200 408
116.238.248.233 - - [04/Nov/2021:09:25:17 +0800] "GET /xingrg/all/function/internal_message.html?_=1635989112121&CODE_STATE=getMsg HTTP/1.1" 200 27
58.39.139.200 - - [04/Nov/2021:09:25:20 +0800] "GET /xingrg/all/function/internal_message.html?_=1635989118687&CODE_STATE=getMsg HTTP/1.1" 200 27
114.86.226.51 - - [04/Nov/2021:09:25:22 +0800] "GET /xingrg/kc/buy/cgsh_order_operate.html?command=get_materiel&rest_code=00109&code=00101008087&supplier_code=00100005&order_time=2021-11-04 HTTP/1.1" 200 412
222.69.131.182 - - [04/Nov/2021:09:25:25 +0800] "POST /xingrg/services/DataTransmitService HTTP/1.1" 200 524
222.69.131.182 - - [04/Nov/2021:09:25:25 +0800] "POST /xingrg/services/DataTransmitService HTTP/1.1" 200 1979
222.69.131.182 - - [04/Nov/2021:09:25:26 +0800] "POST /xingrg/services/DataTransmitService HTTP/1.1" 200 130676
222.70.171.86 - - [04/Nov/2021:09:25:26 +0800] "GET /xingrg/all/function/internal_message.html?_=1635989125677&CODE_STATE=getMsg HTTP/1.1" 302 -
114.86.226.51 - - [04/Nov/2021:09:25:27 +0800] "GET /xingrg/kc/buy/cgsh_order_operate.html?command=get_materiel&rest_code=00109&code=00101008361&supplier_code=00100005&order_time=2021-11-04 HTTP/1.1" 200 408
124.78.153.86 - - [04/Nov/2021:09:25:29 +0800] "GET /xingrg/all/function/internal_message.html?_=1635989132742&CODE_STATE=getMsg HTTP/1.1" 200 27
222.69.131.182 - - [04/Nov/2021:09:25:29 +0800] "GET /xingrg/kc/buy/cgsh_order_operate.html?command=get_materiel&rest_code=00149&code=00101004067&supplier_code=00100083&order_time=2021-11-04 HTTP/1.1" 200 413
124.78.153.86 - - [04/Nov/2021:09:25:30 +0800] "GET /xingrg/kc/buy/cgsh_order_operate.html?command=get_materiel&rest_code=00106&code=00101008356&supplier_code=00100007&order_time=2021-11-04 HTTP/1.1" 200 409
221.239.141.121 - - [04/Nov/2021:09:25:30 +0800] "GET /xingrg/all/function/internal_message.html?_=1635989119203&CODE_STATE=getMsg HTTP/1.1" 200 27
124.78.153.86 - - [04/Nov/2021:09:25:32 +0800] "POST /xingrg/kc/buy/cgsh_order_operate.html HTTP/1.1" 200 2065
114.86.226.51 - - [04/Nov/2021:09:25:32 +0800] "GET /xingrg/kc/buy/cgsh_order_operate.html?command=get_materiel&rest_code=00109&code=00101008155&supplier_code=00100005&order_time=2021-11-04 HTTP/1.1" 200 408
180.169.147.146 - - [04/Nov/2021:09:25:33 +0800] "GET /xingrg/all/function/internal_message.html?_=1635989132303&CODE_STATE=getMsg HTTP/1.1" 200 27
120.253.135.82 - - [04/Nov/2021:09:25:36 +0800] "GET /xingrg/check_reg.html?_=1635989264328 HTTP/1.1" 200 22
114.86.226.51 - - [04/Nov/2021:09:25:42 +0800] "GET /xingrg/kc/buy/cgsh_order_operate.html?command=get_materiel&rest_code=00109&code=00101008038&supplier_code=00100005&order_time=2021-11-04 HTTP/1.1" 200 431
222.69.131.182 - - [04/Nov/2021:09:25:43 +0800] "GET /xingrg/kc/buy/cgsh_order_operate.html?command=get_materiel&rest_code=00149&code=00101004103&supplier_code=00100083&order_time=2021-11-04 HTTP/1.1" 200 399
124.78.153.86 - - [04/Nov/2021:09:25:44 +0800] "GET /xingrg/kc/buy/cgsh_order_operate.html?command=get_materiel&rest_code=00106&code=00101008296&supplier_code=00100007&order_time=2021-11-04 HTTP/1.1" 200 416
114.86.226.51 - - [04/Nov/2021:09:25:49 +0800] "GET /xingrg/kc/buy/cgsh_order_operate.html?command=get_materiel&rest_code=00109&code=00101012042&supplier_code=00100005&order_time=2021-11-04 HTTP/1.1" 200 408
222.70.171.86 - - [04/Nov/2021:09:25:52 +0800] "GET /xingrg/all/function/internal_message.html?_=1635989143784&CODE_STATE=getMsg HTTP/1.1" 200 27
114.85.125.222 - - [04/Nov/2021:09:25:52 +0800] "GET /xingrg/all/function/internal_message.html?_=1635989083336&CODE_STATE=getMsg HTTP/1.1" 200 27
222.69.131.182 - - [04/Nov/2021:09:25:53 +0800] "GET /xingrg/kc/buy/cgsh_order_operate.html?command=get_materiel&rest_code=00149&code=00101004013&supplier_code=00100083&order_time=2021-11-04 HTTP/1.1" 200 415
114.86.226.51 - - [04/Nov/2021:09:25:55 +0800] "GET /xingrg/all/function/internal_message.html?_=1635989154088&CODE_STATE=getMsg HTTP/1.1" 200 27
222.69.131.182 - - [04/Nov/2021:09:25:57 +0800] "GET /xingrg/all/function/internal_message.html?_=1635989154655&CODE_STATE=getMsg HTTP/1.1" 200 27
180.169.147.146 - - [04/Nov/2021:09:25:58 +0800] "GET /xingrg/check_reg.html?_=1635989157352 HTTP/1.1" 200 22
180.169.147.146 - - [04/Nov/2021:09:25:58 +0800] "GET /xingrg/all/function/internal_message.html?_=1635989157354&CODE_STATE=getMsg HTTP/1.1" 200 27
124.78.153.86 - - [04/Nov/2021:09:25:58 +0800] "GET /xingrg/kc/buy/cgsh_order_operate.html?command=get_materiel&rest_code=00106&code=00101008213&supplier_code=00100007&order_time=2021-11-04 HTTP/1.1" 200 412
114.86.226.51 - - [04/Nov/2021:09:25:59 +0800] "GET /xingrg/kc/buy/cgsh_order_operate.html?command=get_materiel&rest_code=00109&code=00101008355&supplier_code=00100005&order_time=2021-11-04 HTTP/1.1" 200 408
222.69.131.182 - - [04/Nov/2021:09:26:03 +0800] "GET /xingrg/kc/buy/cgsh_order_operate.html?command=get_materiel&rest_code=00149&code=00101004009&supplier_code=00100083&order_time=2021-11-04 HTTP/1.1" 200 414
222.69.131.182 - - [04/Nov/2021:09:26:04 +0800] "POST /xingrg/services/DataTransmitService HTTP/1.1" 200 524
58.40.7.146 - - [04/Nov/2021:09:26:04 +0800] "GET /xingrg/all/function/internal_message.html?_=1635989163349&CODE_STATE=getMsg HTTP/1.1" 200 27
114.86.226.51 - - [04/Nov/2021:09:26:04 +0800] "GET /xingrg/kc/buy/cgsh_order_operate.html?command=get_materiel&rest_code=00109&code=00101008439&supplier_code=00100005&order_time=2021-11-04 HTTP/1.1" 200 398
120.253.135.82 - - [04/Nov/2021:09:26:06 +0800] "GET /xingrg/all/function/internal_message.html?_=1635989294709&CODE_STATE=getMsg HTTP/1.1" 200 27
222.69.131.182 - - [04/Nov/2021:09:26:08 +0800] "POST /xingrg/services/DataTransmitService HTTP/1.1" 200 501
222.69.131.182 - - [04/Nov/2021:09:26:13 +0800] "POST /xingrg/kc/buy/cgsh_order_operate.html HTTP/1.1" 200 37
124.78.153.86 - - [04/Nov/2021:09:26:14 +0800] "GET /xingrg/kc/buy/cgsh_order_operate.html?command=get_materiel&rest_code=00106&code=00101008242&supplier_code=00100007&order_time=2021-11-04 HTTP/1.1" 200 409
222.69.131.182 - - [04/Nov/2021:09:26:14 +0800] "POST /xingrg/services/DataTransmitService HTTP/1.1" 200 524
114.86.226.51 - - [04/Nov/2021:09:26:15 +0800] "GET /xingrg/kc/buy/cgsh_order_operate.html?command=get_materiel&rest_code=00109&code=00101008286&supplier_code=00100005&order_time=2021-11-04 HTTP/1.1" 200 408
222.69.131.182 - - [04/Nov/2021:09:26:15 +0800] "POST /xingrg/services/DataTransmitService HTTP/1.1" 200 501
222.69.131.182 - - [04/Nov/2021:09:26:17 +0800] "POST /xingrg/kc/buy/cgsh_order_operate.html HTTP/1.1" 200 12
116.238.248.233 - - [04/Nov/2021:09:26:17 +0800] "GET /xingrg/all/function/internal_message.html?_=1635989172135&CODE_STATE=getMsg HTTP/1.1" 200 27
116.238.248.233 - - [04/Nov/2021:09:26:17 +0800] "GET /xingrg/check_reg.html?_=1635989172136 HTTP/1.1" 200 22
58.221.95.50 - - [04/Nov/2021:09:26:18 +0800] "GET /xingrg/index.html?sysBaseUrl=http%3A%2F%2F180.169.147.146%3A18081%2Fxingrg%2F&costTime=43×tamp=1605075543692 HTTP/1.1" 302 -
58.221.95.50 - - [04/Nov/2021:09:26:18 +0800] "GET /xingrg/login.html HTTP/1.1" 200 7641
58.221.95.50 - - [04/Nov/2021:09:26:18 +0800] "GET /xingrg/images/blue/jxLogo.png HTTP/1.1" 200 6156
58.221.95.50 - - [04/Nov/2021:09:26:18 +0800] "GET /xingrg/images/blue/hj.png HTTP/1.1" 200 1014
58.221.95.50 - - [04/Nov/2021:09:26:18 +0800] "GET /xingrg/images/blue/srbg.png HTTP/1.1" 200 138
58.221.95.50 - - [04/Nov/2021:09:26:18 +0800] "GET /xingrg/images/blue/login_bg.png HTTP/1.1" 200 22101
58.221.95.50 - - [04/Nov/2021:09:26:18 +0800] "GET /favicon.ico HTTP/1.1" 404 -
222.69.131.182 - - [04/Nov/2021:09:26:19 +0800] "POST /xingrg/services/DataTransmitService HTTP/1.1" 200 524
222.69.131.182 - - [04/Nov/2021:09:26:19 +0800] "POST /xingrg/services/DataTransmitService HTTP/1.1" 200 497
58.39.139.200 - - [04/Nov/2021:09:26:20 +0800] "GET /xingrg/all/function/internal_message.html?_=1635989178665&CODE_STATE=getMsg HTTP/1.1" 200 27
222.69.131.182 - - [04/Nov/2021:09:26:20 +0800] "POST /xingrg/services/DataTransmitService HTTP/1.1" 200 524
58.221.95.50 - - [04/Nov/2021:09:26:21 +0800] "POST /xingrg/login.do HTTP/1.1" 302 -
58.221.95.50 - - [04/Nov/2021:09:26:21 +0800] "GET /xingrg/javascript/jquery_easy_ui/themes/icon.css HTTP/1.1" 200 3949
58.221.95.50 - - [04/Nov/2021:09:26:21 +0800] "GET /xingrg/css/form.css HTTP/1.1" 200 893
58.221.95.50 - - [04/Nov/2021:09:26:21 +0800] "GET /xingrg/javascript/jquery-1.4.2.min.js HTTP/1.1" 200 72205
58.221.95.50 - - [04/Nov/2021:09:26:21 +0800] "GET /xingrg/javascript/jquery_easy_ui/jquery.easyui.min.js HTTP/1.1" 200 213662
58.221.95.50 - - [04/Nov/2021:09:26:21 +0800] "GET /xingrg/javascript/jquery_easy_ui/easyui-lang-zh_CN.js HTTP/1.1" 200 1900
58.221.95.50 - - [04/Nov/2021:09:26:21 +0800] "GET /xingrg/javascript/jquery.utils.js HTTP/1.1" 200 11805
58.221.95.50 - - [04/Nov/2021:09:26:21 +0800] "GET /xingrg/javascript/jquery.timers.js HTTP/1.1" 200 3532
58.221.95.50 - - [04/Nov/2021:09:26:21 +0800] "GET /xingrg/javascript/jquery_easy_ui/themes/default/easyui.css HTTP/1.1" 200 26500
58.221.95.50 - - [04/Nov/2021:09:26:21 +0800] "GET /favicon.ico HTTP/1.1" 404 -
58.221.95.50 - - [04/Nov/2021:09:26:21 +0800] "GET /xingrg/javascript/jquery.form.js HTTP/1.1" 200 23110
58.221.95.50 - - [04/Nov/2021:09:26:21 +0800] "GET /xingrg/index.html?sysBaseUrl=http%3A%2F%2F180.169.147.146%3A18081%2Fxingrg%2F&costTime=300×tamp=1635989181102 HTTP/1.1" 200 17417
114.86.226.51 - - [04/Nov/2021:09:26:21 +0800] "GET /xingrg/kc/buy/cgsh_order_operate.html?command=get_materiel&rest_code=00109&code=00101008005&supplier_code=00100005&order_time=2021-11-04 HTTP/1.1" 200 412
58.221.95.50 - - [04/Nov/2021:09:26:21 +0800] "GET /xingrg/javascript/jquery_easy_ui/themes/icons/settle_new.png HTTP/1.1" 200 826
58.221.95.50 - - [04/Nov/2021:09:26:21 +0800] "GET /xingrg/images/blue/navBackgound.jpg HTTP/1.1" 200 12378
58.221.95.50 - - [04/Nov/2021:09:26:21 +0800] "POST /xingrg/all/common/load_tree.html?tree=area_rest_tree_json&manage=1 HTTP/1.1" 200 3472
58.221.95.50 - - [04/Nov/2021:09:26:21 +0800] "GET /xingrg/check_reg.html?_=1635989180794 HTTP/1.1" 200 22
58.221.95.50 - - [04/Nov/2021:09:26:21 +0800] "GET /xingrg/images/blue/pingpu.png HTTP/1.1" 200 231
58.221.95.50 - - [04/Nov/2021:09:26:21 +0800] "GET /xingrg/javascript/jquery_easy_ui/themes/default/images/tabs_leftarrow.png HTTP/1.1" 200 389
58.221.95.50 - - [04/Nov/2021:09:26:21 +0800] "GET /xingrg/javascript/jquery_easy_ui/themes/default/images/tabs_rightarrow.png HTTP/1.1" 200 395
58.221.95.50 - - [04/Nov/2021:09:26:21 +0800] "GET /xingrg/javascript/jquery_easy_ui/themes/default/images/panel_tool_expand.gif HTTP/1.1" 200 247
58.221.95.50 - - [04/Nov/2021:09:26:21 +0800] "GET /xingrg/javascript/jquery_easy_ui/themes/default/images/panel_tool_collapse.gif HTTP/1.1" 200 246
58.221.95.50 - - [04/Nov/2021:09:26:21 +0800] "GET /xingrg/all/function/internal_message.html?_=1635989180792&CODE_STATE=count HTTP/1.1" 200 11
58.221.95.50 - - [04/Nov/2021:09:26:21 +0800] "POST /xingrg/load_menu.html HTTP/1.1" 200 9959
58.221.95.50 - - [04/Nov/2021:09:26:21 +0800] "GET /xingrg/javascript/jquery_easy_ui/themes/default/images/tree_folder_open.gif HTTP/1.1" 200 956
58.221.95.50 - - [04/Nov/2021:09:26:21 +0800] "GET /xingrg/javascript/jquery_easy_ui/themes/default/images/tree_arrows.gif HTTP/1.1" 200 1043
58.221.95.50 - - [04/Nov/2021:09:26:21 +0800] "GET /xingrg/javascript/jquery_easy_ui/themes/icons/search_new.png HTTP/1.1" 200 586
58.221.95.50 - - [04/Nov/2021:09:26:21 +0800] "GET /xingrg/javascript/jquery_easy_ui/themes/default/images/tree_folder.gif HTTP/1.1" 200 952
58.221.95.50 - - [04/Nov/2021:09:26:21 +0800] "GET /xingrg/javascript/jquery_easy_ui/themes/icons/checkout_new.png HTTP/1.1" 200 744
58.221.95.50 - - [04/Nov/2021:09:26:21 +0800] "GET /xingrg/javascript/jquery_easy_ui/themes/icons/storage_new.png HTTP/1.1" 200 853
58.221.95.50 - - [04/Nov/2021:09:26:21 +0800] "GET /xingrg/javascript/jquery_easy_ui/themes/icons/forms_new.png HTTP/1.1" 200 350
58.221.95.50 - - [04/Nov/2021:09:26:21 +0800] "GET /xingrg/javascript/jquery_easy_ui/themes/icons/setting_new.png HTTP/1.1" 200 450
58.221.95.50 - - [04/Nov/2021:09:26:21 +0800] "GET /xingrg/javascript/jquery_easy_ui/themes/icons/systemset_new.png HTTP/1.1" 200 606
58.221.95.50 - - [04/Nov/2021:09:26:21 +0800] "GET /xingrg/javascript/jquery_easy_ui/themes/default/images/tree_file.gif HTTP/1.1" 200 118
222.69.131.182 - - [04/Nov/2021:09:26:22 +0800] "GET /xingrg/kc/buy/cgsh_order_info.html?code=212021110401284 HTTP/1.1" 200 59677
222.69.131.182 - - [04/Nov/2021:09:26:22 +0800] "GET /xingrg/javascript/easyui/themes/default/validatebox.css HTTP/1.1" 404 1104
222.69.131.182 - - [04/Nov/2021:09:26:23 +0800] "POST /xingrg/kc/buy/cgsh_order_operate.html HTTP/1.1" 200 3592
58.221.95.50 - - [04/Nov/2021:09:26:25 +0800] "GET /xingrg/javascript/jquery_easy_ui/themes/default/images/tabs_close.gif HTTP/1.1" 200 829
222.69.131.182 - - [04/Nov/2021:09:26:25 +0800] "GET /xingrg/kc/print/load_data.html?order_code=212021110401284&kc_code=cgsh&condition= HTTP/1.1" 200 1872
58.221.95.50 - - [04/Nov/2021:09:26:25 +0800] "GET /xingrg/css/base.css HTTP/1.1" 200 2811
58.221.95.50 - - [04/Nov/2021:09:26:25 +0800] "GET /xingrg/css/site.css HTTP/1.1" 200 7541
58.221.95.50 - - [04/Nov/2021:09:26:25 +0800] "GET /xingrg/javascript/jquery_tools/datebox.css HTTP/1.1" 200 2597
58.221.95.50 - - [04/Nov/2021:09:26:25 +0800] "GET /xingrg/javascript/easyui/themes/icon.css HTTP/1.1" 200 4483
58.221.95.50 - - [04/Nov/2021:09:26:25 +0800] "GET /xingrg/javascript/jquery_tools/fix.css HTTP/1.1" 200 1702
58.221.95.50 - - [04/Nov/2021:09:26:25 +0800] "GET /xingrg/javascript/auto/jquery.autocomplete.css HTTP/1.1" 200 587
58.221.95.50 - - [04/Nov/2021:09:26:25 +0800] "GET /xingrg/javascript/jquery_tools/table.css HTTP/1.1" 200 1032
58.221.95.50 - - [04/Nov/2021:09:26:25 +0800] "GET /xingrg/javascript/jquery_tools/jquery.tools.min.js HTTP/1.1" 200 138801
58.221.95.50 - - [04/Nov/2021:09:26:25 +0800] "GET /xingrg/kc/buy/cgsh_order_list.html HTTP/1.1" 200 48945
58.221.95.50 - - [04/Nov/2021:09:26:25 +0800] "GET /xingrg/javascript/easyui/themes/default/easyui.css HTTP/1.1" 200 30432
58.221.95.50 - - [04/Nov/2021:09:26:25 +0800] "GET /xingrg/javascript/jquery_tools/jquery.tools.hotkey.js HTTP/1.1" 200 3242
58.221.95.50 - - [04/Nov/2021:09:26:25 +0800] "GET /xingrg/javascript/jquery_tools/jquery.tools.table.js HTTP/1.1" 200 6994
58.221.95.50 - - [04/Nov/2021:09:26:25 +0800] "GET /xingrg/javascript/jquery_tools/list_manager.js HTTP/1.1" 200 3652
58.221.95.50 - - [04/Nov/2021:09:26:25 +0800] "GET /xingrg/javascript/jquery_tools/jquery.tools.extend.js HTTP/1.1" 200 15385
58.221.95.50 - - [04/Nov/2021:09:26:25 +0800] "GET /xingrg/javascript/easyui/easyloader.js HTTP/1.1" 200 5975
58.221.95.50 - - [04/Nov/2021:09:26:25 +0800] "GET /xingrg/javascript/jquery.cookie.js HTTP/1.1" 200 5513
58.221.95.50 - - [04/Nov/2021:09:26:25 +0800] "GET /xingrg/javascript/print/LodopFuncs.js HTTP/1.1" 200 5121
58.221.95.50 - - [04/Nov/2021:09:26:25 +0800] "GET /xingrg/javascript/auto/jquery.autocomplete.js HTTP/1.1" 200 21624
58.221.95.50 - - [04/Nov/2021:09:26:25 +0800] "GET /xingrg/javascript/easyui/themes/icons/check_new.png HTTP/1.1" 200 3224
58.221.95.50 - - [04/Nov/2021:09:26:25 +0800] "GET /xingrg/javascript/easyui/themes/icons/edit_add_new.png HTTP/1.1" 200 2997
58.221.95.50 - - [04/Nov/2021:09:26:25 +0800] "GET /xingrg/javascript/easyui/themes/icons/field_new.png HTTP/1.1" 200 1097
58.221.95.50 - - [04/Nov/2021:09:26:25 +0800] "GET /xingrg/javascript/easyui/themes/icons/cance_new.png HTTP/1.1" 200 3986
58.221.95.50 - - [04/Nov/2021:09:26:25 +0800] "GET /xingrg/javascript/easyui/themes/icons/import_new.png HTTP/1.1" 200 1247
58.221.95.50 - - [04/Nov/2021:09:26:25 +0800] "GET /xingrg/javascript/easyui/plugins/jquery.parser.js HTTP/1.1" 200 1142
58.221.95.50 - - [04/Nov/2021:09:26:25 +0800] "GET /xingrg/images/control/ajaxLoader.gif HTTP/1.1" 200 4659
222.70.171.86 - - [04/Nov/2021:09:26:26 +0800] "GET /xingrg/all/function/internal_message.html?_=1635989185678&CODE_STATE=getMsg HTTP/1.1" 302 -
114.86.226.51 - - [04/Nov/2021:09:26:26 +0800] "GET /xingrg/kc/buy/cgsh_order_operate.html?command=get_materiel&rest_code=00109&code=00101008271&supplier_code=00100005&order_time=2021-11-04 HTTP/1.1" 200 408
58.221.95.50 - - [04/Nov/2021:09:26:26 +0800] "POST /xingrg/kc/buy/cgsh_list_operate.html HTTP/1.1" 200 876
221.239.141.121 - - [04/Nov/2021:09:26:28 +0800] "GET /xingrg/check_reg.html?_=1635989177577 HTTP/1.1" 200 22
124.78.153.86 - - [04/Nov/2021:09:26:29 +0800] "GET /xingrg/all/function/internal_message.html?_=1635989192749&CODE_STATE=getMsg HTTP/1.1" 200 27
124.78.153.86 - - [04/Nov/2021:09:26:29 +0800] "GET /xingrg/check_reg.html?_=1635989192752 HTTP/1.1" 200 22
124.78.153.86 - - [04/Nov/2021:09:26:29 +0800] "GET /xingrg/kc/buy/cgsh_order_operate.html?command=get_materiel&rest_code=00106&code=00101008283&supplier_code=00100007&order_time=2021-11-04 HTTP/1.1" 200 408
221.239.141.121 - - [04/Nov/2021:09:26:30 +0800] "GET /xingrg/all/function/internal_message.html?_=1635989179214&CODE_STATE=getMsg HTTP/1.1" 200 27
58.221.95.50 - - [04/Nov/2021:09:26:31 +0800] "POST /xingrg/kc/buy/cgsh_list_operate.html HTTP/1.1" 200 5743
180.169.147.146 - - [04/Nov/2021:09:26:33 +0800] "GET /xingrg/all/function/internal_message.html?_=1635989192294&CODE_STATE=getMsg HTTP/1.1" 200 27
58.221.95.50 - - [04/Nov/2021:09:26:34 +0800] "POST /xingrg/kc/buy/cgsh_list_operate.html HTTP/1.1" 200 354
222.70.171.86 - - [04/Nov/2021:09:26:40 +0800] "GET /xingrg/javascript/jquery_easy_ui/themes/default/images/tabs_active.png HTTP/1.1" 200 2894
222.69.131.182 - - [04/Nov/2021:09:26:41 +0800] "POST /xingrg/services/DataTransmitService HTTP/1.1" 200 501
222.69.131.182 - - [04/Nov/2021:09:26:41 +0800] "POST /xingrg/services/DataTransmitService HTTP/1.1" 200 501
58.221.95.50 - - [04/Nov/2021:09:26:42 +0800] "POST /xingrg/kc/buy/cgsh_list_operate.html HTTP/1.1" 200 5927
222.69.131.182 - - [04/Nov/2021:09:26:43 +0800] "POST /xingrg/services/DataTransmitService HTTP/1.1" 200 501
222.69.131.182 - - [04/Nov/2021:09:26:44 +0800] "POST /xingrg/services/DataTransmitService HTTP/1.1" 200 501
222.69.131.182 - - [04/Nov/2021:09:26:44 +0800] "POST /xingrg/services/DataTransmitService HTTP/1.1" 200 501
222.69.131.182 - - [04/Nov/2021:09:26:45 +0800] "POST /xingrg/services/DataTransmitService HTTP/1.1" 200 501
222.70.171.86 - - [04/Nov/2021:09:26:45 +0800] "POST /xingrg/kc/buy/cgsh_list_operate.html HTTP/1.1" 200 570
222.69.131.182 - - [04/Nov/2021:09:26:45 +0800] "POST /xingrg/services/DataTransmitService HTTP/1.1" 200 501
222.69.131.182 - - [04/Nov/2021:09:26:46 +0800] "POST /xingrg/services/DataTransmitService HTTP/1.1" 200 501
