116.238.248.233 - - [04/Nov/2021:08:41:00 +0800] "GET /xingrg/javascript/jquery-1.4.2.min.js HTTP/1.1" 304 -
116.238.248.233 - - [04/Nov/2021:08:41:00 +0800] "GET /xingrg/javascript/jquery_easy_ui/jquery.easyui.min.js HTTP/1.1" 304 -
116.238.248.233 - - [04/Nov/2021:08:41:00 +0800] "GET /xingrg/javascript/jquery_easy_ui/easyui-lang-zh_CN.js HTTP/1.1" 304 -
116.238.248.233 - - [04/Nov/2021:08:41:00 +0800] "GET /xingrg/javascript/jquery.form.js HTTP/1.1" 304 -
116.238.248.233 - - [04/Nov/2021:08:41:00 +0800] "GET /xingrg/javascript/jquery.utils.js HTTP/1.1" 304 -
116.238.248.233 - - [04/Nov/2021:08:41:00 +0800] "GET /xingrg/javascript/jquery.timers.js HTTP/1.1" 304 -
116.238.248.233 - - [04/Nov/2021:08:41:00 +0800] "GET /xingrg/images/blue/jxLogo.png HTTP/1.1" 304 -
116.238.248.233 - - [04/Nov/2021:08:41:00 +0800] "GET /xingrg/images/blue/navBackgound.jpg HTTP/1.1" 304 -
116.238.248.233 - - [04/Nov/2021:08:41:00 +0800] "GET /xingrg/javascript/jquery_easy_ui/themes/icons/settle_new.png HTTP/1.1" 304 -
116.238.248.233 - - [04/Nov/2021:08:41:00 +0800] "POST /xingrg/all/common/load_tree.html?tree=area_rest_tree_json&manage=1 HTTP/1.1" 200 476
116.238.248.233 - - [04/Nov/2021:08:41:00 +0800] "GET /xingrg/all/function/internal_message.html?_=1635986454773&CODE_STATE=count HTTP/1.1" 200 11
116.238.248.233 - - [04/Nov/2021:08:41:00 +0800] "GET /xingrg/check_reg.html?_=1635986454773 HTTP/1.1" 200 22
116.238.248.233 - - [04/Nov/2021:08:41:00 +0800] "GET /xingrg/javascript/jquery_easy_ui/themes/default/images/tabs_leftarrow.png HTTP/1.1" 304 -
116.238.248.233 - - [04/Nov/2021:08:41:00 +0800] "GET /xingrg/images/blue/pingpu.png HTTP/1.1" 304 -
116.238.248.233 - - [04/Nov/2021:08:41:00 +0800] "GET /xingrg/javascript/jquery_easy_ui/themes/default/images/panel_tool_collapse.gif HTTP/1.1" 304 -
116.238.248.233 - - [04/Nov/2021:08:41:00 +0800] "GET /xingrg/javascript/jquery_easy_ui/themes/default/images/tabs_rightarrow.png HTTP/1.1" 304 -
116.238.248.233 - - [04/Nov/2021:08:41:00 +0800] "POST /xingrg/load_menu.html HTTP/1.1" 200 5138
116.238.248.233 - - [04/Nov/2021:08:41:02 +0800] "GET /xingrg/kc/buy/cgsh_order_list.html HTTP/1.1" 200 48945
114.85.125.222 - - [04/Nov/2021:08:41:03 +0800] "GET /xingrg/kc/buy/cgsh_order_operate.html?command=get_materiel&rest_code=00150&code=00101008005&supplier_code=00100007&order_time=2021-11-04 HTTP/1.1" 200 412
116.238.248.233 - - [04/Nov/2021:08:41:03 +0800] "POST /xingrg/kc/buy/cgsh_list_operate.html HTTP/1.1" 200 876
120.253.135.82 - - [04/Nov/2021:08:41:03 +0800] "GET /xingrg/all/function/internal_message.html?_=1635986591416&CODE_STATE=getMsg HTTP/1.1" 200 27
116.238.248.233 - - [04/Nov/2021:08:41:03 +0800] "GET /xingrg/kc/buy/cgsh_order_add.html HTTP/1.1" 200 64321
116.238.248.233 - - [04/Nov/2021:08:41:04 +0800] "POST /xingrg/kc/buy/cgsh_order_operate.html HTTP/1.1" 200 8245
116.238.248.233 - - [04/Nov/2021:08:41:04 +0800] "GET /xingrg/all/common/auto_word.html?type=employee&rest_code=00151 HTTP/1.1" 200 293
116.238.248.233 - - [04/Nov/2021:08:41:04 +0800] "GET /xingrg/all/common/auto_word.html?type=employee&rest_code=00151 HTTP/1.1" 200 293
116.238.248.233 - - [04/Nov/2021:08:41:04 +0800] "GET /xingrg/javascript/easyui/themes/default/validatebox.css HTTP/1.1" 404 1104
58.40.7.146 - - [04/Nov/2021:08:41:04 +0800] "GET /xingrg/all/function/internal_message.html?_=1635986463310&CODE_STATE=getMsg HTTP/1.1" 200 27
116.238.248.233 - - [04/Nov/2021:08:41:05 +0800] "GET /xingrg/javascript/auto/indicator.gif HTTP/1.1" 404 1066
114.85.125.222 - - [04/Nov/2021:08:41:11 +0800] "GET /xingrg/kc/buy/cgsh_order_operate.html?command=get_materiel&rest_code=00150&code=00101008213&supplier_code=00100007&order_time=2021-11-04 HTTP/1.1" 200 412
116.238.248.233 - - [04/Nov/2021:08:41:14 +0800] "GET /xingrg/kc/buy/cgsh_order_operate.html?command=get_materiel&rest_code=00151&code=00101008084&supplier_code=00100096&order_time=2021-11-04 HTTP/1.1" 200 412
114.85.125.222 - - [04/Nov/2021:08:41:19 +0800] "GET /xingrg/kc/buy/cgsh_order_operate.html?command=get_materiel&rest_code=00150&code=00101008301&supplier_code=00100007&order_time=2021-11-04 HTTP/1.1" 200 422
58.39.139.200 - - [04/Nov/2021:08:41:20 +0800] "GET /xingrg/all/function/internal_message.html?_=1635986478813&CODE_STATE=getMsg HTTP/1.1" 200 27
222.70.171.86 - - [04/Nov/2021:08:41:25 +0800] "GET /xingrg/all/function/internal_message.html?_=1635986484880&CODE_STATE=getMsg HTTP/1.1" 200 27
116.238.248.233 - - [04/Nov/2021:08:41:27 +0800] "GET /xingrg/kc/buy/cgsh_order_operate.html?command=get_materiel&rest_code=00151&code=00101012025&supplier_code=00100096&order_time=2021-11-04 HTTP/1.1" 200 412
114.85.125.222 - - [04/Nov/2021:08:41:33 +0800] "GET /xingrg/kc/buy/cgsh_order_operate.html?command=get_materiel&rest_code=00150&code=00101008283&supplier_code=00100007&order_time=2021-11-04 HTTP/1.1" 200 408
116.238.248.233 - - [04/Nov/2021:08:41:33 +0800] "GET /xingrg/kc/buy/cgsh_order_operate.html?command=get_materiel&rest_code=00151&code=00101012019&supplier_code=00100096&order_time=2021-11-04 HTTP/1.1" 200 412
222.69.131.182 - - [04/Nov/2021:08:41:34 +0800] "GET /favicon.ico HTTP/1.1" 404 -
120.253.135.82 - - [04/Nov/2021:08:41:38 +0800] "GET /xingrg/all/function/internal_message.html?_=1635986269354&CODE_STATE=getMsg HTTP/1.1" 200 27
180.169.147.146 - - [04/Nov/2021:08:41:41 +0800] "GET /xingrg/all/function/internal_message.html?_=1635986501618&CODE_STATE=getMsg HTTP/1.1" 302 -
114.85.125.222 - - [04/Nov/2021:08:41:43 +0800] "GET /xingrg/kc/buy/cgsh_order_operate.html?command=get_materiel&rest_code=00150&code=00101008220&supplier_code=00100007&order_time=2021-11-04 HTTP/1.1" 200 412
116.238.248.233 - - [04/Nov/2021:08:41:45 +0800] "GET /xingrg/kc/buy/cgsh_order_operate.html?command=get_materiel&rest_code=00151&code=00101006109&supplier_code=00100096&order_time=2021-11-04 HTTP/1.1" 200 411
114.85.125.222 - - [04/Nov/2021:08:41:46 +0800] "GET /xingrg/check_reg.html?_=1635986436828 HTTP/1.1" 200 22
114.85.125.222 - - [04/Nov/2021:08:41:46 +0800] "GET /xingrg/all/function/internal_message.html?_=1635986436926&CODE_STATE=getMsg HTTP/1.1" 200 27
114.85.125.222 - - [04/Nov/2021:08:41:50 +0800] "GET /xingrg/javascript/jquery_easy_ui/themes/icons/rest.png HTTP/1.1" 200 695
114.85.125.222 - - [04/Nov/2021:08:41:50 +0800] "GET /xingrg/javascript/jquery_easy_ui/themes/icons/area.png HTTP/1.1" 200 262
114.85.125.222 - - [04/Nov/2021:08:41:57 +0800] "POST /xingrg/kc/buy/cgsh_order_operate.html HTTP/1.1" 200 37
116.238.248.233 - - [04/Nov/2021:08:41:57 +0800] "GET /xingrg/kc/buy/cgsh_order_operate.html?command=get_materiel&rest_code=00151&code=00101006112&supplier_code=00100096&order_time=2021-11-04 HTTP/1.1" 200 23
114.85.125.222 - - [04/Nov/2021:08:41:58 +0800] "POST /xingrg/kc/buy/cgsh_order_operate.html HTTP/1.1" 200 16859
116.238.248.233 - - [04/Nov/2021:08:42:03 +0800] "POST /xingrg/kc/buy/cgsh_order_operate.html HTTP/1.1" 200 37
120.253.135.82 - - [04/Nov/2021:08:42:03 +0800] "GET /xingrg/all/function/internal_message.html?_=1635986651428&CODE_STATE=getMsg HTTP/1.1" 200 27
116.238.248.233 - - [04/Nov/2021:08:42:04 +0800] "POST /xingrg/kc/buy/cgsh_order_operate.html HTTP/1.1" 200 3858
58.40.7.146 - - [04/Nov/2021:08:42:04 +0800] "GET /xingrg/all/function/internal_message.html?_=1635986523313&CODE_STATE=getMsg HTTP/1.1" 200 27
116.238.248.233 - - [04/Nov/2021:08:42:11 +0800] "GET /xingrg/login.html HTTP/1.1" 200 7641
116.238.248.233 - - [04/Nov/2021:08:42:11 +0800] "GET /favicon.ico HTTP/1.1" 404 -
222.69.131.182 - - [04/Nov/2021:08:42:15 +0800] "GET /favicon.ico HTTP/1.1" 404 -
222.69.131.182 - - [04/Nov/2021:08:42:15 +0800] "GET /favicon.ico HTTP/1.1" 404 -
116.238.248.233 - - [04/Nov/2021:08:42:17 +0800] "POST /xingrg/login.do HTTP/1.1" 302 -
116.238.248.233 - - [04/Nov/2021:08:42:17 +0800] "GET /xingrg/index.html?sysBaseUrl=http%3A%2F%2F180.169.147.146%3A18081%2Fxingrg%2F&costTime=40×tamp=1635986537754 HTTP/1.1" 200 17177
116.238.248.233 - - [04/Nov/2021:08:42:17 +0800] "GET /favicon.ico HTTP/1.1" 404 -
116.238.248.233 - - [04/Nov/2021:08:42:18 +0800] "POST /xingrg/all/common/load_tree.html?tree=area_rest_tree_json&manage=1 HTTP/1.1" 200 476
116.238.248.233 - - [04/Nov/2021:08:42:18 +0800] "GET /xingrg/all/function/internal_message.html?_=1635986532376&CODE_STATE=count HTTP/1.1" 200 11
116.238.248.233 - - [04/Nov/2021:08:42:18 +0800] "GET /xingrg/check_reg.html?_=1635986532378 HTTP/1.1" 200 22
116.238.248.233 - - [04/Nov/2021:08:42:18 +0800] "POST /xingrg/load_menu.html HTTP/1.1" 200 5138
58.39.139.200 - - [04/Nov/2021:08:42:20 +0800] "GET /xingrg/all/function/internal_message.html?_=1635986538810&CODE_STATE=getMsg HTTP/1.1" 200 27
116.238.248.233 - - [04/Nov/2021:08:42:21 +0800] "GET /xingrg/kc/buy/cgsh_order_list.html HTTP/1.1" 200 48945
116.238.248.233 - - [04/Nov/2021:08:42:23 +0800] "POST /xingrg/kc/buy/cgsh_list_operate.html HTTP/1.1" 200 1671
116.238.248.233 - - [04/Nov/2021:08:42:24 +0800] "POST /xingrg/kc/buy/cgsh_list_operate.html HTTP/1.1" 200 346
222.70.171.86 - - [04/Nov/2021:08:42:24 +0800] "GET /xingrg/check_reg.html?_=1635986543577 HTTP/1.1" 200 22
116.238.248.233 - - [04/Nov/2021:08:42:25 +0800] "GET /xingrg/kc/buy/cgsh_order_info.html?code=212021110401265 HTTP/1.1" 200 64320
116.238.248.233 - - [04/Nov/2021:08:42:25 +0800] "GET /xingrg/all/common/auto_word.html?type=employee&rest_code=00151 HTTP/1.1" 200 293
116.238.248.233 - - [04/Nov/2021:08:42:25 +0800] "GET /xingrg/all/common/auto_word.html?type=employee&rest_code=00151 HTTP/1.1" 200 293
116.238.248.233 - - [04/Nov/2021:08:42:25 +0800] "GET /xingrg/javascript/easyui/themes/default/validatebox.css HTTP/1.1" 404 1104
222.70.171.86 - - [04/Nov/2021:08:42:25 +0800] "GET /xingrg/all/function/internal_message.html?_=1635986544894&CODE_STATE=getMsg HTTP/1.1" 200 27
116.238.248.233 - - [04/Nov/2021:08:42:26 +0800] "POST /xingrg/kc/buy/cgsh_order_operate.html HTTP/1.1" 200 3858
116.238.248.233 - - [04/Nov/2021:08:42:28 +0800] "GET /xingrg/javascript/auto/indicator.gif HTTP/1.1" 404 1066
116.238.248.233 - - [04/Nov/2021:08:42:32 +0800] "GET /xingrg/kc/buy/cgsh_order_operate.html?command=get_materiel&rest_code=00151&code=00101006111&supplier_code=00100096&order_time=2021-11-04 HTTP/1.1" 200 411
116.238.248.233 - - [04/Nov/2021:08:42:37 +0800] "GET /xingrg/kc/buy/cgsh_order_operate.html?command=get_materiel&rest_code=00151&code=00101006112&supplier_code=00100096&order_time=2021-11-04 HTTP/1.1" 200 411
120.253.135.82 - - [04/Nov/2021:08:42:38 +0800] "GET /xingrg/all/function/internal_message.html?_=1635986329368&CODE_STATE=getMsg HTTP/1.1" 200 27
114.85.125.222 - - [04/Nov/2021:08:42:40 +0800] "GET /xingrg/kc/buy/cgsh_order_operate.html?command=get_materiel&rest_code=00150&code=00101008176&supplier_code=00100007&order_time=2021-11-04 HTTP/1.1" 200 412
180.169.147.146 - - [04/Nov/2021:08:42:41 +0800] "GET /xingrg/all/function/internal_message.html?_=1635986561618&CODE_STATE=getMsg HTTP/1.1" 302 -
180.169.147.146 - - [04/Nov/2021:08:42:41 +0800] "GET /xingrg/check_reg.html?_=1635986561618 HTTP/1.1" 302 -
221.239.141.121 - - [04/Nov/2021:08:42:43 +0800] "GET /favicon.ico HTTP/1.1" 404 -
221.239.141.121 - - [04/Nov/2021:08:42:43 +0800] "GET /favicon.ico HTTP/1.1" 404 -
221.239.141.121 - - [04/Nov/2021:08:42:44 +0800] "GET /favicon.ico HTTP/1.1" 404 -
114.85.125.222 - - [04/Nov/2021:08:42:46 +0800] "GET /xingrg/all/function/internal_message.html?_=1635986496932&CODE_STATE=getMsg HTTP/1.1" 200 27
114.85.125.222 - - [04/Nov/2021:08:42:51 +0800] "GET /xingrg/kc/buy/cgsh_order_operate.html?command=get_materiel&rest_code=00150&code=00101008331&supplier_code=00100007&order_time=2021-11-04 HTTP/1.1" 200 416
221.239.141.121 - - [04/Nov/2021:08:42:51 +0800] "GET /favicon.ico HTTP/1.1" 404 -
221.239.141.121 - - [04/Nov/2021:08:42:52 +0800] "GET /favicon.ico HTTP/1.1" 404 -
116.238.248.233 - - [04/Nov/2021:08:42:52 +0800] "GET /xingrg/kc/buy/cgsh_order_operate.html?command=get_materiel&rest_code=00151&code=00101010711&supplier_code=00100096&order_time=2021-11-04 HTTP/1.1" 200 394
221.239.141.121 - - [04/Nov/2021:08:42:54 +0800] "GET /xingrg/login.html HTTP/1.1" 200 7641
221.239.141.121 - - [04/Nov/2021:08:42:54 +0800] "GET /xingrg/images/blue/hj.png HTTP/1.1" 200 1014
221.239.141.121 - - [04/Nov/2021:08:42:54 +0800] "GET /xingrg/images/blue/jxLogo.png HTTP/1.1" 200 6156
221.239.141.121 - - [04/Nov/2021:08:42:54 +0800] "GET /xingrg/images/blue/login_bg.png HTTP/1.1" 200 22101
221.239.141.121 - - [04/Nov/2021:08:42:54 +0800] "GET /xingrg/images/blue/srbg.png HTTP/1.1" 200 138
221.239.141.121 - - [04/Nov/2021:08:42:55 +0800] "GET /favicon.ico HTTP/1.1" 404 -
114.85.125.222 - - [04/Nov/2021:08:42:58 +0800] "GET /xingrg/kc/buy/cgsh_order_operate.html?command=get_materiel&rest_code=00150&code=00101008300&supplier_code=00100007&order_time=2021-11-04 HTTP/1.1" 200 412
221.239.141.121 - - [04/Nov/2021:08:42:59 +0800] "POST /xingrg/login.do HTTP/1.1" 302 -
221.239.141.121 - - [04/Nov/2021:08:42:59 +0800] "GET /xingrg/index.html?sysBaseUrl=http%3A%2F%2F180.169.147.146%3A18081%2Fxingrg%2F&costTime=38×tamp=1635986579821 HTTP/1.1" 200 17173
221.239.141.121 - - [04/Nov/2021:08:42:59 +0800] "GET /xingrg/javascript/jquery_easy_ui/themes/icon.css HTTP/1.1" 200 3949
221.239.141.121 - - [04/Nov/2021:08:42:59 +0800] "GET /xingrg/css/form.css HTTP/1.1" 200 893
221.239.141.121 - - [04/Nov/2021:08:42:59 +0800] "GET /xingrg/javascript/jquery-1.4.2.min.js HTTP/1.1" 200 72205
221.239.141.121 - - [04/Nov/2021:08:42:59 +0800] "GET /xingrg/javascript/jquery_easy_ui/easyui-lang-zh_CN.js HTTP/1.1" 200 1900
221.239.141.121 - - [04/Nov/2021:08:42:59 +0800] "GET /xingrg/javascript/jquery_easy_ui/jquery.easyui.min.js HTTP/1.1" 200 213662
221.239.141.121 - - [04/Nov/2021:08:42:59 +0800] "GET /xingrg/javascript/jquery.utils.js HTTP/1.1" 200 11805
221.239.141.121 - - [04/Nov/2021:08:42:59 +0800] "GET /xingrg/javascript/jquery.timers.js HTTP/1.1" 200 3532
221.239.141.121 - - [04/Nov/2021:08:43:00 +0800] "GET /xingrg/javascript/jquery_easy_ui/themes/default/easyui.css HTTP/1.1" 200 26500
221.239.141.121 - - [04/Nov/2021:08:43:00 +0800] "GET /xingrg/javascript/jquery.form.js HTTP/1.1" 200 23110
221.239.141.121 - - [04/Nov/2021:08:43:00 +0800] "GET /favicon.ico HTTP/1.1" 404 -
221.239.141.121 - - [04/Nov/2021:08:43:00 +0800] "GET /xingrg/javascript/jquery_easy_ui/themes/icons/settle_new.png HTTP/1.1" 200 826
221.239.141.121 - - [04/Nov/2021:08:43:00 +0800] "GET /xingrg/images/blue/navBackgound.jpg HTTP/1.1" 200 12378
221.239.141.121 - - [04/Nov/2021:08:43:00 +0800] "POST /xingrg/all/common/load_tree.html?tree=area_rest_tree_json&manage=1 HTTP/1.1" 200 342
221.239.141.121 - - [04/Nov/2021:08:43:00 +0800] "GET /xingrg/images/blue/pingpu.png HTTP/1.1" 200 231
221.239.141.121 - - [04/Nov/2021:08:43:00 +0800] "GET /xingrg/javascript/jquery_easy_ui/themes/default/images/tabs_leftarrow.png HTTP/1.1" 200 389
221.239.141.121 - - [04/Nov/2021:08:43:00 +0800] "GET /xingrg/javascript/jquery_easy_ui/themes/default/images/tabs_rightarrow.png HTTP/1.1" 200 395
221.239.141.121 - - [04/Nov/2021:08:43:01 +0800] "GET /xingrg/javascript/jquery_easy_ui/themes/default/images/panel_tool_collapse.gif HTTP/1.1" 200 246
221.239.141.121 - - [04/Nov/2021:08:43:01 +0800] "GET /xingrg/all/function/internal_message.html?_=1635986570281&CODE_STATE=count HTTP/1.1" 200 11
221.239.141.121 - - [04/Nov/2021:08:43:01 +0800] "GET /xingrg/check_reg.html?_=1635986570282 HTTP/1.1" 200 22
221.239.141.121 - - [04/Nov/2021:08:43:01 +0800] "GET /xingrg/javascript/jquery_easy_ui/themes/default/images/tree_arrows.gif HTTP/1.1" 200 1043
221.239.141.121 - - [04/Nov/2021:08:43:01 +0800] "POST /xingrg/load_menu.html HTTP/1.1" 200 5138
221.239.141.121 - - [04/Nov/2021:08:43:02 +0800] "GET /xingrg/javascript/jquery_easy_ui/themes/default/images/tree_folder_open.gif HTTP/1.1" 200 956
221.239.141.121 - - [04/Nov/2021:08:43:02 +0800] "GET /xingrg/javascript/jquery_easy_ui/themes/default/images/tree_folder.gif HTTP/1.1" 200 952
221.239.141.121 - - [04/Nov/2021:08:43:02 +0800] "GET /xingrg/javascript/jquery_easy_ui/themes/icons/search_new.png HTTP/1.1" 200 586
221.239.141.121 - - [04/Nov/2021:08:43:02 +0800] "GET /xingrg/javascript/jquery_easy_ui/themes/icons/forms_new.png HTTP/1.1" 200 350
221.239.141.121 - - [04/Nov/2021:08:43:02 +0800] "GET /xingrg/javascript/jquery_easy_ui/themes/default/images/tree_file.gif HTTP/1.1" 200 118
221.239.141.121 - - [04/Nov/2021:08:43:02 +0800] "GET /xingrg/javascript/jquery_easy_ui/themes/icons/storage_new.png HTTP/1.1" 200 853
120.253.135.82 - - [04/Nov/2021:08:43:03 +0800] "GET /xingrg/all/function/internal_message.html?_=1635986711606&CODE_STATE=getMsg HTTP/1.1" 200 27
116.238.248.233 - - [04/Nov/2021:08:43:04 +0800] "GET /xingrg/kc/buy/cgsh_order_operate.html?command=get_materiel&rest_code=00151&code=00101006013&supplier_code=00100096&order_time=2021-11-04 HTTP/1.1" 200 411
221.239.141.121 - - [04/Nov/2021:08:43:04 +0800] "GET /xingrg/javascript/jquery_easy_ui/themes/default/images/tabs_close.gif HTTP/1.1" 200 829
58.40.7.146 - - [04/Nov/2021:08:43:04 +0800] "GET /xingrg/all/function/internal_message.html?_=1635986583332&CODE_STATE=getMsg HTTP/1.1" 200 27
58.40.7.146 - - [04/Nov/2021:08:43:04 +0800] "GET /xingrg/check_reg.html?_=1635986583333 HTTP/1.1" 200 22
221.239.141.121 - - [04/Nov/2021:08:43:04 +0800] "GET /xingrg/css/base.css HTTP/1.1" 200 2811
221.239.141.121 - - [04/Nov/2021:08:43:04 +0800] "GET /xingrg/css/site.css HTTP/1.1" 200 7541
221.239.141.121 - - [04/Nov/2021:08:43:04 +0800] "GET /xingrg/javascript/jquery_tools/datebox.css HTTP/1.1" 200 2597
221.239.141.121 - - [04/Nov/2021:08:43:04 +0800] "GET /xingrg/javascript/easyui/themes/icon.css HTTP/1.1" 200 4483
221.239.141.121 - - [04/Nov/2021:08:43:04 +0800] "GET /xingrg/javascript/auto/jquery.autocomplete.css HTTP/1.1" 200 587
221.239.141.121 - - [04/Nov/2021:08:43:04 +0800] "GET /xingrg/javascript/jquery_tools/fix.css HTTP/1.1" 200 1702
221.239.141.121 - - [04/Nov/2021:08:43:04 +0800] "GET /xingrg/javascript/jquery_tools/table.css HTTP/1.1" 200 1032
221.239.141.121 - - [04/Nov/2021:08:43:04 +0800] "GET /xingrg/kc/buy/cgsh_order_list.html HTTP/1.1" 200 48941
221.239.141.121 - - [04/Nov/2021:08:43:04 +0800] "GET /xingrg/javascript/jquery_tools/jquery.tools.min.js HTTP/1.1" 200 138801
221.239.141.121 - - [04/Nov/2021:08:43:04 +0800] "GET /xingrg/javascript/jquery_tools/jquery.tools.hotkey.js HTTP/1.1" 200 3242
221.239.141.121 - - [04/Nov/2021:08:43:04 +0800] "GET /xingrg/javascript/jquery_tools/jquery.tools.table.js HTTP/1.1" 200 6994
221.239.141.121 - - [04/Nov/2021:08:43:04 +0800] "GET /xingrg/javascript/jquery_tools/list_manager.js HTTP/1.1" 200 3652
221.239.141.121 - - [04/Nov/2021:08:43:04 +0800] "GET /xingrg/javascript/easyui/easyloader.js HTTP/1.1" 200 5975
221.239.141.121 - - [04/Nov/2021:08:43:04 +0800] "GET /xingrg/javascript/print/LodopFuncs.js HTTP/1.1" 200 5121
221.239.141.121 - - [04/Nov/2021:08:43:04 +0800] "GET /xingrg/javascript/jquery.cookie.js HTTP/1.1" 200 5513
221.239.141.121 - - [04/Nov/2021:08:43:04 +0800] "GET /xingrg/javascript/easyui/themes/default/easyui.css HTTP/1.1" 200 30432
221.239.141.121 - - [04/Nov/2021:08:43:04 +0800] "GET /xingrg/javascript/auto/jquery.autocomplete.js HTTP/1.1" 200 21624
221.239.141.121 - - [04/Nov/2021:08:43:04 +0800] "GET /xingrg/javascript/jquery_tools/jquery.tools.extend.js HTTP/1.1" 200 15385
221.239.141.121 - - [04/Nov/2021:08:43:05 +0800] "GET /xingrg/javascript/easyui/themes/icons/cance_new.png HTTP/1.1" 200 3986
221.239.141.121 - - [04/Nov/2021:08:43:05 +0800] "GET /xingrg/javascript/easyui/themes/icons/edit_add_new.png HTTP/1.1" 200 2997
221.239.141.121 - - [04/Nov/2021:08:43:05 +0800] "GET /xingrg/javascript/easyui/themes/icons/check_new.png HTTP/1.1" 200 3224
221.239.141.121 - - [04/Nov/2021:08:43:05 +0800] "GET /xingrg/javascript/easyui/themes/icons/field_new.png HTTP/1.1" 200 1097
221.239.141.121 - - [04/Nov/2021:08:43:05 +0800] "GET /xingrg/javascript/easyui/themes/icons/import_new.png HTTP/1.1" 200 1247
221.239.141.121 - - [04/Nov/2021:08:43:05 +0800] "GET /xingrg/images/control/ajaxLoader.gif HTTP/1.1" 200 4659
221.239.141.121 - - [04/Nov/2021:08:43:05 +0800] "GET /xingrg/javascript/easyui/plugins/jquery.parser.js HTTP/1.1" 200 1142
221.239.141.121 - - [04/Nov/2021:08:43:06 +0800] "POST /xingrg/kc/buy/cgsh_list_operate.html HTTP/1.1" 200 876
114.85.125.222 - - [04/Nov/2021:08:43:08 +0800] "GET /xingrg/kc/buy/cgsh_order_operate.html?command=get_materiel&rest_code=00150&code=00101008033&supplier_code=00100007&order_time=2021-11-04 HTTP/1.1" 200 408
116.238.248.233 - - [04/Nov/2021:08:43:18 +0800] "GET /xingrg/all/function/internal_message.html?_=1635986592413&CODE_STATE=getMsg HTTP/1.1" 200 27
221.239.141.121 - - [04/Nov/2021:08:43:18 +0800] "GET /xingrg/javascript/easyui/themes/default/images/button_plain_hover.png HTTP/1.1" 200 144
114.85.125.222 - - [04/Nov/2021:08:43:19 +0800] "GET /xingrg/kc/buy/cgsh_order_operate.html?command=get_materiel&rest_code=00150&code=00101008323&supplier_code=00100007&order_time=2021-11-04 HTTP/1.1" 200 408
221.239.141.121 - - [04/Nov/2021:08:43:19 +0800] "GET /xingrg/javascript/pic_change.js HTTP/1.1" 200 4739
221.239.141.121 - - [04/Nov/2021:08:43:19 +0800] "GET /xingrg/javascript/convert.js HTTP/1.1" 200 1239
221.239.141.121 - - [04/Nov/2021:08:43:19 +0800] "GET /xingrg/kc/buy/cgsh_order_add.html HTTP/1.1" 200 64676
221.239.141.121 - - [04/Nov/2021:08:43:19 +0800] "GET /xingrg/javascript/jquery_tools/order_manager.js HTTP/1.1" 200 11183
221.239.141.121 - - [04/Nov/2021:08:43:19 +0800] "GET /xingrg/javascript/json2.js HTTP/1.1" 200 11259
221.239.141.121 - - [04/Nov/2021:08:43:19 +0800] "GET /xingrg/javascript/print/kc_print.js HTTP/1.1" 200 11415
221.239.141.121 - - [04/Nov/2021:08:43:19 +0800] "GET /xingrg/words/20211103175141_words.js HTTP/1.1" 200 869174
221.239.141.121 - - [04/Nov/2021:08:43:19 +0800] "GET /xingrg/javascript/easyui/themes/icons/copy_new.png HTTP/1.1" 200 815
221.239.141.121 - - [04/Nov/2021:08:43:19 +0800] "GET /xingrg/javascript/easyui/themes/icons/template_new.png HTTP/1.1" 200 3956
221.239.141.121 - - [04/Nov/2021:08:43:19 +0800] "GET /xingrg/javascript/easyui/themes/icons/print.png HTTP/1.1" 200 1057
221.239.141.121 - - [04/Nov/2021:08:43:19 +0800] "GET /xingrg/javascript/easyui/themes/default/images/menu_downarrow.png HTTP/1.1" 200 173
221.239.141.121 - - [04/Nov/2021:08:43:19 +0800] "GET /xingrg/javascript/easyui/themes/icons/cancel.png HTTP/1.1" 200 1133
221.239.141.121 - - [04/Nov/2021:08:43:19 +0800] "GET /xingrg/javascript/easyui/themes/icons/ok.png HTTP/1.1" 200 883
58.39.139.200 - - [04/Nov/2021:08:43:20 +0800] "GET /xingrg/all/function/internal_message.html?_=1635986598810&CODE_STATE=getMsg HTTP/1.1" 200 27
58.39.139.200 - - [04/Nov/2021:08:43:20 +0800] "GET /xingrg/check_reg.html?_=1635986598811 HTTP/1.1" 200 22
221.239.141.121 - - [04/Nov/2021:08:43:21 +0800] "POST /xingrg/kc/buy/cgsh_order_operate.html HTTP/1.1" 200 8245
221.239.141.121 - - [04/Nov/2021:08:43:21 +0800] "GET /xingrg/javascript/easyui/themes/icons/edit_remove.png HTTP/1.1" 200 625
221.239.141.121 - - [04/Nov/2021:08:43:21 +0800] "GET /xingrg/all/common/auto_word.html?type=employee&rest_code=00102 HTTP/1.1" 200 189
221.239.141.121 - - [04/Nov/2021:08:43:21 +0800] "GET /xingrg/all/common/auto_word.html?type=employee&rest_code=00102 HTTP/1.1" 200 189
221.239.141.121 - - [04/Nov/2021:08:43:21 +0800] "GET /xingrg/javascript/easyui/themes/default/validatebox.css HTTP/1.1" 404 1104
221.239.141.121 - - [04/Nov/2021:08:43:21 +0800] "GET /xingrg/javascript/easyui/plugins/jquery.validatebox.js HTTP/1.1" 200 6103
221.239.141.121 - - [04/Nov/2021:08:43:21 +0800] "GET /xingrg/javascript/easyui/plugins/jquery.numberbox.js HTTP/1.1" 200 5213
221.239.141.121 - - [04/Nov/2021:08:43:21 +0800] "GET /xingrg/javascript/auto/indicator.gif HTTP/1.1" 404 1066
116.238.248.233 - - [04/Nov/2021:08:43:25 +0800] "POST /xingrg/kc/buy/cgsh_order_operate.html HTTP/1.1" 200 37
222.70.171.86 - - [04/Nov/2021:08:43:25 +0800] "GET /xingrg/all/function/internal_message.html?_=1635986604907&CODE_STATE=getMsg HTTP/1.1" 200 27
116.238.248.233 - - [04/Nov/2021:08:43:29 +0800] "POST /xingrg/kc/buy/cgsh_order_operate.html HTTP/1.1" 200 116
114.85.125.222 - - [04/Nov/2021:08:43:35 +0800] "POST /xingrg/kc/buy/cgsh_order_operate.html HTTP/1.1" 200 37
221.239.141.121 - - [04/Nov/2021:08:43:35 +0800] "GET /xingrg/kc/buy/cgsh_order_operate.html?command=get_materiel&rest_code=00102&code=00101006144&supplier_code=00100096&order_time=2021-11-04 HTTP/1.1" 200 23
116.238.248.233 - - [04/Nov/2021:08:43:36 +0800] "POST /xingrg/kc/buy/cgsh_order_operate.html HTTP/1.1" 200 37
114.85.125.222 - - [04/Nov/2021:08:43:37 +0800] "POST /xingrg/kc/buy/cgsh_order_operate.html HTTP/1.1" 200 19824
116.238.248.233 - - [04/Nov/2021:08:43:38 +0800] "POST /xingrg/kc/buy/cgsh_order_operate.html HTTP/1.1" 200 7447
120.253.135.82 - - [04/Nov/2021:08:43:38 +0800] "GET /xingrg/all/function/internal_message.html?_=1635986389566&CODE_STATE=getMsg HTTP/1.1" 200 27
180.169.147.146 - - [04/Nov/2021:08:43:41 +0800] "GET /xingrg/all/function/internal_message.html?_=1635986621618&CODE_STATE=getMsg HTTP/1.1" 302 -
114.85.125.222 - - [04/Nov/2021:08:43:45 +0800] "GET /xingrg/kc/buy/cgsh_order_operate.html?command=get_materiel&rest_code=00150&code=00101008175&supplier_code=00100007&order_time=2021-11-04 HTTP/1.1" 200 412
114.85.125.222 - - [04/Nov/2021:08:43:46 +0800] "GET /xingrg/all/function/internal_message.html?_=1635986557061&CODE_STATE=getMsg HTTP/1.1" 200 27
116.238.248.233 - - [04/Nov/2021:08:43:54 +0800] "POST /xingrg/kc/buy/cgsh_order_operate.html HTTP/1.1" 200 37
116.238.248.233 - - [04/Nov/2021:08:43:55 +0800] "POST /xingrg/kc/buy/cgsh_order_operate.html HTTP/1.1" 200 5652
222.69.131.182 - - [04/Nov/2021:08:43:55 +0800] "GET /xingrg/login.html?sysBaseUrl=http%3A%2F%2F180.169.147.146%3A18081%2Fxingrg%2F&costTime=31×tamp=1615347190560 HTTP/1.1" 200 7641
222.69.131.182 - - [04/Nov/2021:08:43:55 +0800] "GET /xingrg/images/blue/jxLogo.png HTTP/1.1" 304 -
222.69.131.182 - - [04/Nov/2021:08:43:55 +0800] "GET /xingrg/images/blue/login_bg.png HTTP/1.1" 304 -
222.69.131.182 - - [04/Nov/2021:08:43:55 +0800] "GET /xingrg/images/blue/hj.png HTTP/1.1" 304 -
222.69.131.182 - - [04/Nov/2021:08:43:55 +0800] "GET /xingrg/images/blue/srbg.png HTTP/1.1" 304 -
222.69.131.182 - - [04/Nov/2021:08:43:55 +0800] "GET /favicon.ico HTTP/1.1" 404 -
222.69.131.182 - - [04/Nov/2021:08:43:57 +0800] "POST /xingrg/login.do HTTP/1.1" 302 -
222.69.131.182 - - [04/Nov/2021:08:43:57 +0800] "GET /xingrg/index.html?sysBaseUrl=http%3A%2F%2F180.169.147.146%3A18081%2Fxingrg%2F&costTime=52×tamp=1635986637462 HTTP/1.1" 200 17179
222.69.131.182 - - [04/Nov/2021:08:43:57 +0800] "GET /xingrg/javascript/jquery_easy_ui/themes/icon.css HTTP/1.1" 200 3949
222.69.131.182 - - [04/Nov/2021:08:43:57 +0800] "GET /xingrg/css/form.css HTTP/1.1" 200 893
222.69.131.182 - - [04/Nov/2021:08:43:57 +0800] "GET /xingrg/javascript/jquery-1.4.2.min.js HTTP/1.1" 200 72205
222.69.131.182 - - [04/Nov/2021:08:43:57 +0800] "GET /xingrg/javascript/jquery_easy_ui/easyui-lang-zh_CN.js HTTP/1.1" 200 1900
222.69.131.182 - - [04/Nov/2021:08:43:57 +0800] "GET /xingrg/javascript/jquery_easy_ui/jquery.easyui.min.js HTTP/1.1" 200 213662
222.69.131.182 - - [04/Nov/2021:08:43:57 +0800] "GET /xingrg/javascript/jquery.timers.js HTTP/1.1" 200 3532
222.69.131.182 - - [04/Nov/2021:08:43:57 +0800] "GET /xingrg/javascript/jquery.utils.js HTTP/1.1" 200 11805
222.69.131.182 - - [04/Nov/2021:08:43:57 +0800] "GET /xingrg/javascript/jquery_easy_ui/themes/default/easyui.css HTTP/1.1" 200 26500
222.69.131.182 - - [04/Nov/2021:08:43:57 +0800] "GET /xingrg/javascript/jquery.form.js HTTP/1.1" 200 23110
222.69.131.182 - - [04/Nov/2021:08:43:57 +0800] "GET /favicon.ico HTTP/1.1" 404 -
222.69.131.182 - - [04/Nov/2021:08:43:57 +0800] "GET /xingrg/javascript/jquery_easy_ui/themes/icons/settle_new.png HTTP/1.1" 200 826
222.69.131.182 - - [04/Nov/2021:08:43:57 +0800] "GET /xingrg/images/blue/navBackgound.jpg HTTP/1.1" 200 12378
222.69.131.182 - - [04/Nov/2021:08:43:57 +0800] "POST /xingrg/all/common/load_tree.html?tree=area_rest_tree_json&manage=1 HTTP/1.1" 200 351
222.69.131.182 - - [04/Nov/2021:08:43:57 +0800] "GET /xingrg/all/function/internal_message.html?_=1635986634498&CODE_STATE=count HTTP/1.1" 200 11
222.69.131.182 - - [04/Nov/2021:08:43:57 +0800] "GET /xingrg/check_reg.html?_=1635986634500 HTTP/1.1" 200 22
222.69.131.182 - - [04/Nov/2021:08:43:57 +0800] "GET /xingrg/images/blue/pingpu.png HTTP/1.1" 200 231
222.69.131.182 - - [04/Nov/2021:08:43:57 +0800] "GET /xingrg/javascript/jquery_easy_ui/themes/default/images/tabs_leftarrow.png HTTP/1.1" 200 389
222.69.131.182 - - [04/Nov/2021:08:43:57 +0800] "GET /xingrg/javascript/jquery_easy_ui/themes/default/images/tabs_rightarrow.png HTTP/1.1" 200 395
222.69.131.182 - - [04/Nov/2021:08:43:57 +0800] "GET /xingrg/javascript/jquery_easy_ui/themes/default/images/panel_tool_collapse.gif HTTP/1.1" 200 246
222.69.131.182 - - [04/Nov/2021:08:43:57 +0800] "POST /xingrg/load_menu.html HTTP/1.1" 200 5138
222.69.131.182 - - [04/Nov/2021:08:43:57 +0800] "GET /xingrg/javascript/jquery_easy_ui/themes/default/images/tree_arrows.gif HTTP/1.1" 200 1043
222.69.131.182 - - [04/Nov/2021:08:43:57 +0800] "GET /xingrg/javascript/jquery_easy_ui/themes/default/images/tree_folder_open.gif HTTP/1.1" 200 956
222.69.131.182 - - [04/Nov/2021:08:43:57 +0800] "GET /xingrg/javascript/jquery_easy_ui/themes/icons/search_new.png HTTP/1.1" 200 586
222.69.131.182 - - [04/Nov/2021:08:43:57 +0800] "GET /xingrg/javascript/jquery_easy_ui/themes/default/images/tree_folder.gif HTTP/1.1" 200 952
222.69.131.182 - - [04/Nov/2021:08:43:57 +0800] "GET /xingrg/javascript/jquery_easy_ui/themes/icons/storage_new.png HTTP/1.1" 200 853
222.69.131.182 - - [04/Nov/2021:08:43:57 +0800] "GET /xingrg/javascript/jquery_easy_ui/themes/icons/forms_new.png HTTP/1.1" 200 350
222.69.131.182 - - [04/Nov/2021:08:43:57 +0800] "GET /xingrg/javascript/jquery_easy_ui/themes/default/images/tree_file.gif HTTP/1.1" 200 118
116.238.248.233 - - [04/Nov/2021:08:43:59 +0800] "POST /xingrg/kc/buy/cgsh_order_operate.html HTTP/1.1" 200 37
116.238.248.233 - - [04/Nov/2021:08:44:02 +0800] "POST /xingrg/kc/buy/cgsh_order_operate.html HTTP/1.1" 200 12
116.238.248.233 - - [04/Nov/2021:08:44:03 +0800] "GET /xingrg/kc/buy/cgsh_order_info.html?code=212021110401265 HTTP/1.1" 200 59220
116.238.248.233 - - [04/Nov/2021:08:44:03 +0800] "GET /xingrg/javascript/easyui/themes/default/validatebox.css HTTP/1.1" 404 1104
120.253.135.82 - - [04/Nov/2021:08:44:03 +0800] "GET /xingrg/all/function/internal_message.html?_=1635986771611&CODE_STATE=getMsg HTTP/1.1" 200 27
116.238.248.233 - - [04/Nov/2021:08:44:04 +0800] "POST /xingrg/kc/buy/cgsh_order_operate.html HTTP/1.1" 200 3600
58.40.7.146 - - [04/Nov/2021:08:44:04 +0800] "GET /xingrg/all/function/internal_message.html?_=1635986643319&CODE_STATE=getMsg HTTP/1.1" 200 27
222.69.131.182 - - [04/Nov/2021:08:44:05 +0800] "GET /xingrg/javascript/jquery_easy_ui/themes/default/images/tabs_close.gif HTTP/1.1" 200 829
222.69.131.182 - - [04/Nov/2021:08:44:05 +0800] "GET /xingrg/css/base.css HTTP/1.1" 200 2811
222.69.131.182 - - [04/Nov/2021:08:44:05 +0800] "GET /xingrg/css/site.css HTTP/1.1" 200 7541
222.69.131.182 - - [04/Nov/2021:08:44:05 +0800] "GET /xingrg/javascript/jquery_tools/datebox.css HTTP/1.1" 200 2597
222.69.131.182 - - [04/Nov/2021:08:44:05 +0800] "GET /xingrg/javascript/jquery_tools/fix.css HTTP/1.1" 200 1702
222.69.131.182 - - [04/Nov/2021:08:44:05 +0800] "GET /xingrg/javascript/easyui/themes/icon.css HTTP/1.1" 200 4483
222.69.131.182 - - [04/Nov/2021:08:44:05 +0800] "GET /xingrg/javascript/auto/jquery.autocomplete.css HTTP/1.1" 200 587
222.69.131.182 - - [04/Nov/2021:08:44:05 +0800] "GET /xingrg/javascript/jquery_tools/jquery.tools.hotkey.js HTTP/1.1" 200 3242
222.69.131.182 - - [04/Nov/2021:08:44:05 +0800] "GET /xingrg/javascript/jquery_tools/jquery.tools.table.js HTTP/1.1" 200 6994
222.69.131.182 - - [04/Nov/2021:08:44:05 +0800] "GET /xingrg/javascript/jquery_tools/table.css HTTP/1.1" 200 1032
222.69.131.182 - - [04/Nov/2021:08:44:05 +0800] "GET /xingrg/kc/buy/cgsh_order_list.html HTTP/1.1" 200 48947
222.69.131.182 - - [04/Nov/2021:08:44:05 +0800] "GET /xingrg/javascript/jquery_tools/list_manager.js HTTP/1.1" 200 3652
222.69.131.182 - - [04/Nov/2021:08:44:05 +0800] "GET /xingrg/javascript/jquery_tools/jquery.tools.min.js HTTP/1.1" 200 138801
222.69.131.182 - - [04/Nov/2021:08:44:05 +0800] "GET /xingrg/javascript/easyui/easyloader.js HTTP/1.1" 200 5975
222.69.131.182 - - [04/Nov/2021:08:44:05 +0800] "GET /xingrg/javascript/jquery_tools/jquery.tools.extend.js HTTP/1.1" 200 15385
222.69.131.182 - - [04/Nov/2021:08:44:05 +0800] "GET /xingrg/javascript/easyui/themes/default/easyui.css HTTP/1.1" 200 30432
222.69.131.182 - - [04/Nov/2021:08:44:05 +0800] "GET /xingrg/javascript/jquery.cookie.js HTTP/1.1" 200 5513
222.69.131.182 - - [04/Nov/2021:08:44:05 +0800] "GET /xingrg/javascript/print/LodopFuncs.js HTTP/1.1" 200 5121
222.69.131.182 - - [04/Nov/2021:08:44:05 +0800] "GET /xingrg/javascript/auto/jquery.autocomplete.js HTTP/1.1" 200 21624
222.69.131.182 - - [04/Nov/2021:08:44:05 +0800] "GET /xingrg/javascript/easyui/themes/icons/edit_add_new.png HTTP/1.1" 200 2997
222.69.131.182 - - [04/Nov/2021:08:44:05 +0800] "GET /xingrg/javascript/easyui/themes/icons/cance_new.png HTTP/1.1" 200 3986
222.69.131.182 - - [04/Nov/2021:08:44:05 +0800] "GET /xingrg/javascript/easyui/themes/icons/check_new.png HTTP/1.1" 200 3224
222.69.131.182 - - [04/Nov/2021:08:44:05 +0800] "GET /xingrg/javascript/easyui/themes/icons/field_new.png HTTP/1.1" 200 1097
222.69.131.182 - - [04/Nov/2021:08:44:05 +0800] "GET /xingrg/javascript/easyui/themes/icons/import_new.png HTTP/1.1" 200 1247
222.69.131.182 - - [04/Nov/2021:08:44:05 +0800] "GET /xingrg/javascript/easyui/plugins/jquery.parser.js HTTP/1.1" 200 1142
222.69.131.182 - - [04/Nov/2021:08:44:05 +0800] "GET /xingrg/images/control/ajaxLoader.gif HTTP/1.1" 200 4659
116.238.248.233 - - [04/Nov/2021:08:44:06 +0800] "GET /xingrg/kc/print/load_config.html?kc_code=cgsh HTTP/1.1" 200 2281
116.238.248.233 - - [04/Nov/2021:08:44:06 +0800] "GET /xingrg/kc/print/load_data.html?order_code=212021110401265&kc_code=cgsh&condition= HTTP/1.1" 200 1833
222.69.131.182 - - [04/Nov/2021:08:44:06 +0800] "POST /xingrg/kc/buy/cgsh_list_operate.html HTTP/1.1" 200 876
114.85.125.222 - - [04/Nov/2021:08:44:12 +0800] "GET /xingrg/kc/buy/cgsh_order_operate.html?command=get_materiel&rest_code=00150&code=00101008223&supplier_code=00100007&order_time=2021-11-04 HTTP/1.1" 200 412
116.238.248.233 - - [04/Nov/2021:08:44:18 +0800] "GET /xingrg/all/function/internal_message.html?_=1635986652401&CODE_STATE=getMsg HTTP/1.1" 200 27
58.39.139.200 - - [04/Nov/2021:08:44:20 +0800] "GET /xingrg/all/function/internal_message.html?_=1635986658811&CODE_STATE=getMsg HTTP/1.1" 200 27
114.85.125.222 - - [04/Nov/2021:08:44:21 +0800] "GET /xingrg/kc/buy/cgsh_order_operate.html?command=get_materiel&rest_code=00150&code=00101008092&supplier_code=00100007&order_time=2021-11-04 HTTP/1.1" 200 412
116.238.248.233 - - [04/Nov/2021:08:44:23 +0800] "POST /xingrg/all/user/operate.html HTTP/1.1" 200 36
116.238.248.233 - - [04/Nov/2021:08:44:24 +0800] "GET /xingrg/index.html?sysBaseUrl=http%3A%2F%2F180.169.147.146%3A18081%2Fxingrg%2F&costTime=40×tamp=1635986537754 HTTP/1.1" 200 17179
116.238.248.233 - - [04/Nov/2021:08:44:24 +0800] "GET /xingrg/javascript/jquery_easy_ui/themes/default/easyui.css HTTP/1.1" 304 -
116.238.248.233 - - [04/Nov/2021:08:44:24 +0800] "GET /xingrg/javascript/jquery_easy_ui/themes/icon.css HTTP/1.1" 304 -
116.238.248.233 - - [04/Nov/2021:08:44:24 +0800] "GET /xingrg/css/form.css HTTP/1.1" 304 -
116.238.248.233 - - [04/Nov/2021:08:44:24 +0800] "GET /xingrg/javascript/jquery-1.4.2.min.js HTTP/1.1" 304 -
116.238.248.233 - - [04/Nov/2021:08:44:24 +0800] "GET /xingrg/javascript/jquery_easy_ui/jquery.easyui.min.js HTTP/1.1" 304 -
116.238.248.233 - - [04/Nov/2021:08:44:24 +0800] "GET /xingrg/javascript/jquery_easy_ui/easyui-lang-zh_CN.js HTTP/1.1" 304 -
116.238.248.233 - - [04/Nov/2021:08:44:24 +0800] "GET /xingrg/javascript/jquery.form.js HTTP/1.1" 304 -
116.238.248.233 - - [04/Nov/2021:08:44:24 +0800] "GET /xingrg/javascript/jquery.utils.js HTTP/1.1" 304 -
116.238.248.233 - - [04/Nov/2021:08:44:24 +0800] "GET /xingrg/javascript/jquery.timers.js HTTP/1.1" 304 -
116.238.248.233 - - [04/Nov/2021:08:44:24 +0800] "GET /xingrg/images/blue/jxLogo.png HTTP/1.1" 304 -
116.238.248.233 - - [04/Nov/2021:08:44:24 +0800] "GET /xingrg/images/blue/navBackgound.jpg HTTP/1.1" 304 -
116.238.248.233 - - [04/Nov/2021:08:44:24 +0800] "GET /xingrg/javascript/jquery_easy_ui/themes/icons/settle_new.png HTTP/1.1" 304 -
116.238.248.233 - - [04/Nov/2021:08:44:24 +0800] "POST /xingrg/all/common/load_tree.html?tree=area_rest_tree_json&manage=1 HTTP/1.1" 200 476
116.238.248.233 - - [04/Nov/2021:08:44:24 +0800] "GET /xingrg/all/function/internal_message.html?_=1635986658501&CODE_STATE=count HTTP/1.1" 200 11
116.238.248.233 - - [04/Nov/2021:08:44:24 +0800] "GET /xingrg/check_reg.html?_=1635986658503 HTTP/1.1" 200 22
116.238.248.233 - - [04/Nov/2021:08:44:24 +0800] "GET /xingrg/javascript/jquery_easy_ui/themes/default/images/tabs_leftarrow.png HTTP/1.1" 304 -
116.238.248.233 - - [04/Nov/2021:08:44:24 +0800] "GET /xingrg/javascript/jquery_easy_ui/themes/default/images/tabs_rightarrow.png HTTP/1.1" 304 -
116.238.248.233 - - [04/Nov/2021:08:44:24 +0800] "GET /xingrg/images/blue/pingpu.png HTTP/1.1" 304 -
116.238.248.233 - - [04/Nov/2021:08:44:24 +0800] "GET /xingrg/javascript/jquery_easy_ui/themes/default/images/panel_tool_collapse.gif HTTP/1.1" 304 -
116.238.248.233 - - [04/Nov/2021:08:44:24 +0800] "POST /xingrg/load_menu.html HTTP/1.1" 200 5138
222.70.171.86 - - [04/Nov/2021:08:44:25 +0800] "GET /xingrg/all/function/internal_message.html?_=1635986664922&CODE_STATE=getMsg HTTP/1.1" 200 27
116.238.248.233 - - [04/Nov/2021:08:44:26 +0800] "GET /xingrg/kc/buy/cgsh_order_list.html HTTP/1.1" 200 48947
114.85.125.222 - - [04/Nov/2021:08:44:29 +0800] "POST /xingrg/kc/buy/cgsh_order_operate.html HTTP/1.1" 200 37
116.238.248.233 - - [04/Nov/2021:08:44:29 +0800] "POST /xingrg/kc/buy/cgsh_list_operate.html HTTP/1.1" 200 1708
114.85.125.222 - - [04/Nov/2021:08:44:30 +0800] "POST /xingrg/kc/buy/cgsh_order_operate.html HTTP/1.1" 200 22782
116.238.248.233 - - [04/Nov/2021:08:44:31 +0800] "GET /xingrg/kc/buy/cgsh_order_add.html HTTP/1.1" 200 64641
116.238.248.233 - - [04/Nov/2021:08:44:32 +0800] "GET /xingrg/all/common/auto_word.html?type=employee&rest_code=00150 HTTP/1.1" 200 159
116.238.248.233 - - [04/Nov/2021:08:44:32 +0800] "GET /xingrg/all/common/auto_word.html?type=employee&rest_code=00150 HTTP/1.1" 200 159
116.238.248.233 - - [04/Nov/2021:08:44:32 +0800] "GET /xingrg/javascript/easyui/themes/default/validatebox.css HTTP/1.1" 404 1104
116.238.248.233 - - [04/Nov/2021:08:44:32 +0800] "POST /xingrg/kc/buy/cgsh_order_operate.html HTTP/1.1" 200 8245
116.238.248.233 - - [04/Nov/2021:08:44:33 +0800] "GET /xingrg/javascript/auto/indicator.gif HTTP/1.1" 404 1066
120.253.135.82 - - [04/Nov/2021:08:44:38 +0800] "GET /xingrg/all/function/internal_message.html?_=1635986449567&CODE_STATE=getMsg HTTP/1.1" 200 27
180.169.147.146 - - [04/Nov/2021:08:44:41 +0800] "GET /xingrg/all/function/internal_message.html?_=1635986681657&CODE_STATE=getMsg HTTP/1.1" 302 -
114.85.125.222 - - [04/Nov/2021:08:44:43 +0800] "GET /xingrg/kc/buy/cgsh_order_operate.html?command=get_materiel&rest_code=00150&code=00101008469&supplier_code=00100007&order_time=2021-11-04 HTTP/1.1" 200 398
116.238.248.233 - - [04/Nov/2021:08:44:43 +0800] "GET /xingrg/kc/buy/cgsh_order_operate.html?command=get_materiel&rest_code=00150&code=00101031001&supplier_code=00100064&order_time=2021-11-04 HTTP/1.1" 200 419
114.85.125.222 - - [04/Nov/2021:08:44:46 +0800] "GET /xingrg/all/function/internal_message.html?_=1635986617071&CODE_STATE=getMsg HTTP/1.1" 200 27
116.238.248.233 - - [04/Nov/2021:08:44:53 +0800] "POST /xingrg/kc/buy/cgsh_order_operate.html HTTP/1.1" 200 37
114.85.125.222 - - [04/Nov/2021:08:44:53 +0800] "GET /xingrg/kc/buy/cgsh_order_operate.html?command=get_materiel&rest_code=00150&code=00101008109&supplier_code=00100007&order_time=2021-11-04 HTTP/1.1" 200 413
116.238.248.233 - - [04/Nov/2021:08:44:56 +0800] "POST /xingrg/kc/buy/cgsh_order_operate.html HTTP/1.1" 200 12
116.238.248.233 - - [04/Nov/2021:08:44:57 +0800] "GET /xingrg/kc/buy/cgsh_order_info.html?code=212021110401266 HTTP/1.1" 200 59550
222.69.131.182 - - [04/Nov/2021:08:44:57 +0800] "GET /xingrg/all/function/internal_message.html?_=1635986694518&CODE_STATE=getMsg HTTP/1.1" 200 27
116.238.248.233 - - [04/Nov/2021:08:44:57 +0800] "GET /xingrg/javascript/easyui/themes/default/validatebox.css HTTP/1.1" 404 1104
116.238.248.233 - - [04/Nov/2021:08:44:58 +0800] "POST /xingrg/kc/buy/cgsh_order_operate.html HTTP/1.1" 200 616
116.238.248.233 - - [04/Nov/2021:08:44:59 +0800] "GET /xingrg/kc/print/load_data.html?order_code=212021110401266&kc_code=cgsh&condition= HTTP/1.1" 200 759
114.85.125.222 - - [04/Nov/2021:08:45:00 +0800] "GET /xingrg/kc/buy/cgsh_order_operate.html?command=get_materiel&rest_code=00150&code=00101015016&supplier_code=00100007&order_time=2021-11-04 HTTP/1.1" 200 412
120.253.135.82 - - [04/Nov/2021:08:45:03 +0800] "GET /xingrg/all/function/internal_message.html?_=1635986831771&CODE_STATE=getMsg HTTP/1.1" 200 27
58.40.7.146 - - [04/Nov/2021:08:45:04 +0800] "GET /xingrg/all/function/internal_message.html?_=1635986703322&CODE_STATE=getMsg HTTP/1.1" 200 27
116.238.248.233 - - [04/Nov/2021:08:45:05 +0800] "GET /xingrg/kc/buy/cgsh_order_add.html HTTP/1.1" 200 64641
116.238.248.233 - - [04/Nov/2021:08:45:06 +0800] "GET /xingrg/javascript/easyui/themes/default/validatebox.css HTTP/1.1" 404 1104
116.238.248.233 - - [04/Nov/2021:08:45:06 +0800] "POST /xingrg/kc/buy/cgsh_order_operate.html HTTP/1.1" 200 8245
221.239.141.121 - - [04/Nov/2021:08:45:07 +0800] "GET /favicon.ico HTTP/1.1" 404 -
221.239.141.121 - - [04/Nov/2021:08:45:08 +0800] "GET /favicon.ico HTTP/1.1" 404 -
114.85.125.222 - - [04/Nov/2021:08:45:08 +0800] "GET /xingrg/kc/buy/cgsh_order_operate.html?command=get_materiel&rest_code=00150&code=00101015036&supplier_code=00100007&order_time=2021-11-04 HTTP/1.1" 200 413
221.239.141.121 - - [04/Nov/2021:08:45:09 +0800] "GET /favicon.ico HTTP/1.1" 404 -
221.239.141.121 - - [04/Nov/2021:08:45:09 +0800] "GET /favicon.ico HTTP/1.1" 404 -
221.239.141.121 - - [04/Nov/2021:08:45:10 +0800] "GET /favicon.ico HTTP/1.1" 404 -
221.239.141.121 - - [04/Nov/2021:08:45:10 +0800] "GET /favicon.ico HTTP/1.1" 404 -
221.239.141.121 - - [04/Nov/2021:08:45:11 +0800] "GET /favicon.ico HTTP/1.1" 404 -
221.239.141.121 - - [04/Nov/2021:08:45:12 +0800] "GET /favicon.ico HTTP/1.1" 404 -
221.239.141.121 - - [04/Nov/2021:08:45:12 +0800] "GET /favicon.ico HTTP/1.1" 404 -
221.239.141.121 - - [04/Nov/2021:08:45:13 +0800] "GET /favicon.ico HTTP/1.1" 404 -
221.239.141.121 - - [04/Nov/2021:08:45:13 +0800] "GET /favicon.ico HTTP/1.1" 404 -
221.239.141.121 - - [04/Nov/2021:08:45:14 +0800] "GET /favicon.ico HTTP/1.1" 404 -
221.239.141.121 - - [04/Nov/2021:08:45:15 +0800] "GET /favicon.ico HTTP/1.1" 404 -
221.239.141.121 - - [04/Nov/2021:08:45:15 +0800] "GET /favicon.ico HTTP/1.1" 404 -
116.238.248.233 - - [04/Nov/2021:08:45:16 +0800] "GET /xingrg/kc/buy/cgsh_order_operate.html?command=get_materiel&rest_code=00150&code=00101009109&supplier_code=00100424&order_time=2021-11-04 HTTP/1.1" 200 399
114.85.125.222 - - [04/Nov/2021:08:45:16 +0800] "POST /xingrg/kc/buy/cgsh_order_operate.html HTTP/1.1" 200 37
221.239.141.121 - - [04/Nov/2021:08:45:16 +0800] "GET /favicon.ico HTTP/1.1" 404 -
221.239.141.121 - - [04/Nov/2021:08:45:16 +0800] "GET /favicon.ico HTTP/1.1" 404 -
221.239.141.121 - - [04/Nov/2021:08:45:17 +0800] "GET /favicon.ico HTTP/1.1" 404 -
114.85.125.222 - - [04/Nov/2021:08:45:17 +0800] "POST /xingrg/kc/buy/cgsh_order_operate.html HTTP/1.1" 200 25749
221.239.141.121 - - [04/Nov/2021:08:45:18 +0800] "GET /favicon.ico HTTP/1.1" 404 -
221.239.141.121 - - [04/Nov/2021:08:45:18 +0800] "GET /favicon.ico HTTP/1.1" 404 -
221.239.141.121 - - [04/Nov/2021:08:45:19 +0800] "GET /favicon.ico HTTP/1.1" 404 -
221.239.141.121 - - [04/Nov/2021:08:45:19 +0800] "GET /favicon.ico HTTP/1.1" 404 -
124.78.153.86 - - [04/Nov/2021:08:45:20 +0800] "GET /xingrg/login.html?r=1 HTTP/1.1" 200 7641
124.78.153.86 - - [04/Nov/2021:08:45:20 +0800] "GET /favicon.ico HTTP/1.1" 404 -
58.39.139.200 - - [04/Nov/2021:08:45:20 +0800] "GET /xingrg/all/function/internal_message.html?_=1635986718821&CODE_STATE=getMsg HTTP/1.1" 200 27
221.239.141.121 - - [04/Nov/2021:08:45:20 +0800] "GET /favicon.ico HTTP/1.1" 404 -
124.78.153.86 - - [04/Nov/2021:08:45:20 +0800] "GET /xingrg/login.html?r=1 HTTP/1.1" 200 7641
124.78.153.86 - - [04/Nov/2021:08:45:20 +0800] "GET /favicon.ico HTTP/1.1" 404 -
221.239.141.121 - - [04/Nov/2021:08:45:21 +0800] "GET /favicon.ico HTTP/1.1" 404 -
221.239.141.121 - - [04/Nov/2021:08:45:21 +0800] "GET /favicon.ico HTTP/1.1" 404 -
221.239.141.121 - - [04/Nov/2021:08:45:22 +0800] "GET /favicon.ico HTTP/1.1" 404 -
124.78.153.86 - - [04/Nov/2021:08:45:22 +0800] "POST /xingrg/login.do HTTP/1.1" 302 -
124.78.153.86 - - [04/Nov/2021:08:45:22 +0800] "GET /xingrg/index.html?sysBaseUrl=http%3A%2F%2F180.169.147.146%3A18081%2Fxingrg%2F&costTime=41×tamp=1635986722837 HTTP/1.1" 200 17173
221.239.141.121 - - [04/Nov/2021:08:45:22 +0800] "GET /favicon.ico HTTP/1.1" 404 -
124.78.153.86 - - [04/Nov/2021:08:45:23 +0800] "POST /xingrg/all/common/load_tree.html?tree=area_rest_tree_json&manage=1 HTTP/1.1" 200 342
124.78.153.86 - - [04/Nov/2021:08:45:23 +0800] "GET /xingrg/all/function/internal_message.html?_=1635986726602&CODE_STATE=count HTTP/1.1" 200 11
124.78.153.86 - - [04/Nov/2021:08:45:23 +0800] "GET /xingrg/check_reg.html?_=1635986726608 HTTP/1.1" 200 22
124.78.153.86 - - [04/Nov/2021:08:45:23 +0800] "POST /xingrg/load_menu.html HTTP/1.1" 200 5138
124.78.153.86 - - [04/Nov/2021:08:45:23 +0800] "GET /favicon.ico HTTP/1.1" 404 -
221.239.141.121 - - [04/Nov/2021:08:45:23 +0800] "GET /favicon.ico HTTP/1.1" 404 -
221.239.141.121 - - [04/Nov/2021:08:45:24 +0800] "GET /favicon.ico HTTP/1.1" 404 -
116.238.248.233 - - [04/Nov/2021:08:45:24 +0800] "GET /xingrg/all/function/internal_message.html?_=1635986718517&CODE_STATE=getMsg HTTP/1.1" 200 27
116.238.248.233 - - [04/Nov/2021:08:45:24 +0800] "GET /xingrg/kc/buy/cgsh_order_operate.html?command=get_materiel&rest_code=00150&code=00101009062&supplier_code=00100424&order_time=2021-11-04 HTTP/1.1" 200 412
221.239.141.121 - - [04/Nov/2021:08:45:24 +0800] "GET /favicon.ico HTTP/1.1" 404 -
124.78.153.86 - - [04/Nov/2021:08:45:24 +0800] "GET /xingrg/kc/buy/buy_main.html HTTP/1.1" 200 12412
124.78.153.86 - - [04/Nov/2021:08:45:24 +0800] "GET /xingrg/css/new_ie.css HTTP/1.1" 404 1036
114.85.125.222 - - [04/Nov/2021:08:45:25 +0800] "GET /xingrg/kc/buy/cgsh_order_operate.html?command=get_materiel&rest_code=00150&code=00101008160&supplier_code=00100007&order_time=2021-11-04 HTTP/1.1" 200 408
221.239.141.121 - - [04/Nov/2021:08:45:25 +0800] "GET /favicon.ico HTTP/1.1" 404 -
222.70.171.86 - - [04/Nov/2021:08:45:25 +0800] "GET /xingrg/all/function/internal_message.html?_=1635986724943&CODE_STATE=getMsg HTTP/1.1" 200 27
221.239.141.121 - - [04/Nov/2021:08:45:25 +0800] "GET /favicon.ico HTTP/1.1" 404 -
124.78.153.86 - - [04/Nov/2021:08:45:26 +0800] "GET /xingrg/images/yd/bt.gif HTTP/1.1" 404 1040
221.239.141.121 - - [04/Nov/2021:08:45:26 +0800] "GET /favicon.ico HTTP/1.1" 404 -
124.78.153.86 - - [04/Nov/2021:08:45:27 +0800] "GET /xingrg/kc/buy/cgsh_order_list.html HTTP/1.1" 200 48941
221.239.141.121 - - [04/Nov/2021:08:45:27 +0800] "GET /favicon.ico HTTP/1.1" 404 -
221.239.141.121 - - [04/Nov/2021:08:45:27 +0800] "GET /favicon.ico HTTP/1.1" 404 -
124.78.153.86 - - [04/Nov/2021:08:45:27 +0800] "POST /xingrg/kc/buy/cgsh_list_operate.html HTTP/1.1" 200 876
221.239.141.121 - - [04/Nov/2021:08:45:28 +0800] "GET /favicon.ico HTTP/1.1" 404 -
221.239.141.121 - - [04/Nov/2021:08:45:29 +0800] "GET /favicon.ico HTTP/1.1" 404 -
221.239.141.121 - - [04/Nov/2021:08:45:29 +0800] "GET /favicon.ico HTTP/1.1" 404 -
124.78.153.86 - - [04/Nov/2021:08:45:30 +0800] "GET /xingrg/kc/buy/cgsh_order_add.html HTTP/1.1" 200 64717
124.78.153.86 - - [04/Nov/2021:08:45:30 +0800] "GET /xingrg/words/20211103175141_words.js HTTP/1.1" 200 869174
221.239.141.121 - - [04/Nov/2021:08:45:30 +0800] "GET /favicon.ico HTTP/1.1" 404 -
124.78.153.86 - - [04/Nov/2021:08:45:30 +0800] "POST /xingrg/kc/buy/cgsh_order_operate.html HTTP/1.1" 200 8245
124.78.153.86 - - [04/Nov/2021:08:45:30 +0800] "GET /xingrg/all/common/auto_word.html?type=employee&rest_code=00106 HTTP/1.1" 200 205
124.78.153.86 - - [04/Nov/2021:08:45:30 +0800] "GET /xingrg/javascript/easyui/themes/default/validatebox.css HTTP/1.1" 404 1104
124.78.153.86 - - [04/Nov/2021:08:45:30 +0800] "GET /xingrg/all/common/auto_word.html?type=employee&rest_code=00106 HTTP/1.1" 200 205
221.239.141.121 - - [04/Nov/2021:08:45:30 +0800] "GET /favicon.ico HTTP/1.1" 404 -
221.239.141.121 - - [04/Nov/2021:08:45:31 +0800] "GET /favicon.ico HTTP/1.1" 404 -
221.239.141.121 - - [04/Nov/2021:08:45:32 +0800] "GET /favicon.ico HTTP/1.1" 404 -
116.238.248.233 - - [04/Nov/2021:08:45:32 +0800] "GET /xingrg/kc/buy/cgsh_order_operate.html?command=get_materiel&rest_code=00150&code=00101009124&supplier_code=00100424&order_time=2021-11-04 HTTP/1.1" 200 402
221.239.141.121 - - [04/Nov/2021:08:45:32 +0800] "GET /favicon.ico HTTP/1.1" 404 -
124.78.153.86 - - [04/Nov/2021:08:45:33 +0800] "GET /xingrg/javascript/easyui/themes/default/tree.css HTTP/1.1" 404 1090
124.78.153.86 - - [04/Nov/2021:08:45:33 +0800] "POST /xingrg/all/common/load_tree.html?tree=supplier_tree_json&isDelete=1 HTTP/1.1" 200 60167
221.239.141.121 - - [04/Nov/2021:08:45:33 +0800] "GET /favicon.ico HTTP/1.1" 404 -
221.239.141.121 - - [04/Nov/2021:08:45:33 +0800] "GET /favicon.ico HTTP/1.1" 404 -
