120.253.135.82 - - [04/Nov/2021:11:59:12 +0800] "POST /xingrg/kc/pszx/mdps_order_operate.html HTTP/1.1" 200 37
180.157.253.6 - - [04/Nov/2021:11:59:12 +0800] "GET /xingrg/check_reg.html?_=1635998351569 HTTP/1.1" 200 22
120.253.135.82 - - [04/Nov/2021:11:59:14 +0800] "POST /xingrg/kc/pszx/mdps_order_operate.html HTTP/1.1" 200 12
116.238.248.233 - - [04/Nov/2021:11:59:14 +0800] "GET /xingrg/all/function/internal_message.html?_=1635998348773&CODE_STATE=getMsg HTTP/1.1" 200 27
180.169.147.146 - - [04/Nov/2021:11:59:15 +0800] "POST /xingrg/kc/base/stock_operate.html HTTP/1.1" 200 3220
180.169.147.146 - - [04/Nov/2021:11:59:16 +0800] "GET /xingrg/javascript/jquery_tools/fix_table.js HTTP/1.1" 200 6528
58.39.139.200 - - [04/Nov/2021:11:59:16 +0800] "GET /xingrg/all/function/internal_message.html?_=1635998355148&CODE_STATE=getMsg HTTP/1.1" 200 27
180.169.147.146 - - [04/Nov/2021:11:59:17 +0800] "GET /xingrg/all/function/internal_message.html?_=1635998356308&CODE_STATE=getMsg HTTP/1.1" 200 27
120.253.135.82 - - [04/Nov/2021:11:59:20 +0800] "GET /xingrg/all/function/internal_message.html?_=1635998487803&CODE_STATE=getMsg HTTP/1.1" 200 27
222.70.171.86 - - [04/Nov/2021:11:59:21 +0800] "GET /xingrg/all/function/internal_message.html?_=1635998361346&CODE_STATE=getMsg HTTP/1.1" 200 27
120.253.135.82 - - [04/Nov/2021:11:59:22 +0800] "GET /xingrg/kc/pszx/mdps_order_info.html?code=312021110300086 HTTP/1.1" 200 19589
180.169.147.146 - - [04/Nov/2021:11:59:22 +0800] "GET /xingrg/kc/base/stock_detail.html?m=00101020275 HTTP/1.1" 200 7317
180.169.147.146 - - [04/Nov/2021:11:59:22 +0800] "GET /xingrg/javascript/jquery_easy_ui/themes/icons/search.png HTTP/1.1" 200 813
180.169.147.146 - - [04/Nov/2021:11:59:22 +0800] "GET /xingrg/javascript/jquery_easy_ui/themes/default/images/menu_downarrow.png HTTP/1.1" 200 173
180.169.147.146 - - [04/Nov/2021:11:59:22 +0800] "GET /xingrg/javascript/jquery_easy_ui/themes/default/images/menu.gif HTTP/1.1" 200 834
180.169.147.146 - - [04/Nov/2021:11:59:22 +0800] "GET /xingrg/javascript/jquery_easy_ui/themes/icons/print.png HTTP/1.1" 200 1057
180.169.147.146 - - [04/Nov/2021:11:59:23 +0800] "GET /xingrg/javascript/jquery_easy_ui/themes/default/images/calendar_prevmonth.gif HTTP/1.1" 200 66
180.169.147.146 - - [04/Nov/2021:11:59:23 +0800] "GET /xingrg/javascript/jquery_easy_ui/themes/default/images/calendar_nextmonth.gif HTTP/1.1" 200 64
180.169.147.146 - - [04/Nov/2021:11:59:23 +0800] "GET /xingrg/javascript/jquery_easy_ui/themes/default/images/calendar_prevyear.gif HTTP/1.1" 200 76
180.169.147.146 - - [04/Nov/2021:11:59:23 +0800] "GET /xingrg/javascript/jquery_easy_ui/themes/default/images/calendar_nextyear.gif HTTP/1.1" 200 75
120.253.135.82 - - [04/Nov/2021:11:59:23 +0800] "POST /xingrg/kc/pszx/mdps_order_operate.html HTTP/1.1" 200 1025
120.253.135.82 - - [04/Nov/2021:11:59:23 +0800] "GET /xingrg/javascript/easyui/themes/default/validatebox.css HTTP/1.1" 404 1104
120.253.135.82 - - [04/Nov/2021:11:59:24 +0800] "POST /xingrg/kc/pszx/mdps_list_operate.html HTTP/1.1" 200 3179
180.169.147.146 - - [04/Nov/2021:11:59:25 +0800] "GET /xingrg/all/function/internal_message.html?_=1635998364997&CODE_STATE=getMsg HTTP/1.1" 302 -
120.253.135.82 - - [04/Nov/2021:11:59:27 +0800] "POST /xingrg/kc/pszx/mdps_list_operate.html HTTP/1.1" 200 278
120.253.135.82 - - [04/Nov/2021:11:59:28 +0800] "GET /xingrg/kc/pszx/mdps_order_info.html?code=312021110300087 HTTP/1.1" 200 23929
120.253.135.82 - - [04/Nov/2021:11:59:28 +0800] "GET /xingrg/javascript/easyui/themes/default/validatebox.css HTTP/1.1" 404 1104
120.253.135.82 - - [04/Nov/2021:11:59:28 +0800] "POST /xingrg/kc/pszx/mdps_order_operate.html HTTP/1.1" 200 2780
124.78.153.86 - - [04/Nov/2021:11:59:28 +0800] "GET /xingrg/all/function/internal_message.html?_=1635998372040&CODE_STATE=getMsg HTTP/1.1" 200 27
180.169.147.146 - - [04/Nov/2021:11:59:32 +0800] "GET /xingrg/kc/base/stock_operate.html?_=1635998371286&command=get_report_file&start_day=20211001 HTTP/1.1" 200 53
180.169.147.146 - - [04/Nov/2021:11:59:32 +0800] "GET /xingrg/all/report/report_query.html?isQuery=1&onlyBody=1&rh=2000&fileName=kc/base/kc_stock_detail_new.xml&queryString=(1=1)&queryText=&tableQueryString=init_table$sp1$$sp$crk_table$sp1$order_day%20between%2020211001%20and%2020211031&varString=start_day:20211001,materiel_code:00101020275,cost_id:3370,end_date:20210930 HTTP/1.1" 200 48701
180.169.147.146 - - [04/Nov/2021:11:59:32 +0800] "GET /xingrg/javascript/multi_select/jqueryMultiSelect.css HTTP/1.1" 200 951
180.169.147.146 - - [04/Nov/2021:11:59:32 +0800] "GET /xingrg/javascript/calendar/timePicker.css HTTP/1.1" 200 523
180.169.147.146 - - [04/Nov/2021:11:59:32 +0800] "GET /xingrg/javascript/bigrid/fix.css HTTP/1.1" 200 1702
180.169.147.146 - - [04/Nov/2021:11:59:32 +0800] "GET /xingrg/dwr/interface/AjaxReportQueryService.js HTTP/1.1" 200 13203
180.169.147.146 - - [04/Nov/2021:11:59:32 +0800] "GET /xingrg/dwr/engine.js HTTP/1.1" 200 43631
180.169.147.146 - - [04/Nov/2021:11:59:32 +0800] "GET /xingrg/dwr/util.js HTTP/1.1" 200 35990
180.169.147.146 - - [04/Nov/2021:11:59:32 +0800] "GET /xingrg/javascript/jqueryMultiSelect.js HTTP/1.1" 200 11866
180.169.147.146 - - [04/Nov/2021:11:59:32 +0800] "GET /xingrg/javascript/Calendar.js HTTP/1.1" 200 31561
180.169.147.146 - - [04/Nov/2021:11:59:32 +0800] "GET /xingrg/javascript/calendar/jquery.timePicker.min.js HTTP/1.1" 200 2997
180.169.147.146 - - [04/Nov/2021:11:59:32 +0800] "GET /xingrg/javascript/bigrid/fix.js HTTP/1.1" 200 6439
180.169.147.146 - - [04/Nov/2021:11:59:32 +0800] "GET /xingrg/images/blue/button/advanceover.gif HTTP/1.1" 200 1347
180.169.147.146 - - [04/Nov/2021:11:59:32 +0800] "GET /xingrg/images/control/loading.gif HTTP/1.1" 200 13463
180.169.147.146 - - [04/Nov/2021:11:59:32 +0800] "GET /xingrg/images/blue/button/advance2over.gif HTTP/1.1" 200 1336
180.169.147.146 - - [04/Nov/2021:11:59:32 +0800] "GET /xingrg/images/blue/button/backover.gif HTTP/1.1" 200 1348
180.169.147.146 - - [04/Nov/2021:11:59:32 +0800] "GET /xingrg/images/blue/button/back2over.gif HTTP/1.1" 200 1335
180.169.147.146 - - [04/Nov/2021:11:59:32 +0800] "GET /xingrg/javascript/jquery_easy_ui/themes/icons/help.png HTTP/1.1" 200 1187
180.157.253.6 - - [04/Nov/2021:11:59:33 +0800] "GET /xingrg/all/function/internal_message.html?_=1635998373096&CODE_STATE=getMsg HTTP/1.1" 200 27
180.169.147.146 - - [04/Nov/2021:11:59:33 +0800] "POST /xingrg/all/report/load_report_page.html HTTP/1.1" 200 25052
180.169.147.146 - - [04/Nov/2021:11:59:33 +0800] "GET /xingrg/servlets/image?cache=0.1808331135487392&image=px HTTP/1.1" 200 807
180.157.253.6 - - [04/Nov/2021:11:59:35 +0800] "GET /xingrg/all/function/internal_message.html?_=1635998373848&CODE_STATE=getMsg HTTP/1.1" 200 27
120.253.135.82 - - [04/Nov/2021:11:59:37 +0800] "POST /xingrg/kc/pszx/mdps_order_operate.html HTTP/1.1" 200 37
120.253.135.82 - - [04/Nov/2021:11:59:38 +0800] "POST /xingrg/kc/pszx/mdps_order_operate.html HTTP/1.1" 200 12
120.253.135.82 - - [04/Nov/2021:11:59:40 +0800] "GET /xingrg/kc/pszx/mdps_order_info.html?code=312021110300087 HTTP/1.1" 200 19589
120.253.135.82 - - [04/Nov/2021:11:59:40 +0800] "POST /xingrg/kc/pszx/mdps_order_operate.html HTTP/1.1" 200 996
120.253.135.82 - - [04/Nov/2021:11:59:40 +0800] "GET /xingrg/javascript/easyui/themes/default/validatebox.css HTTP/1.1" 404 1104
180.169.147.146 - - [04/Nov/2021:11:59:40 +0800] "GET /xingrg/all/function/internal_message.html?_=1635998442641&CODE_STATE=getMsg HTTP/1.1" 200 27
120.253.135.82 - - [04/Nov/2021:11:59:41 +0800] "POST /xingrg/kc/pszx/mdps_list_operate.html HTTP/1.1" 200 2810
180.169.147.146 - - [04/Nov/2021:11:59:45 +0800] "GET /xingrg/kc/base/stock_detail.html?m=00101020281 HTTP/1.1" 200 7322
180.169.147.146 - - [04/Nov/2021:11:59:49 +0800] "GET /xingrg/kc/base/stock_operate.html?_=1635998388278&command=get_report_file&start_day=20211001 HTTP/1.1" 200 53
180.169.147.146 - - [04/Nov/2021:11:59:49 +0800] "GET /xingrg/all/report/report_query.html?isQuery=1&onlyBody=1&rh=2000&fileName=kc/base/kc_stock_detail_new.xml&queryString=(1=1)&queryText=&tableQueryString=init_table$sp1$$sp$crk_table$sp1$order_day%20between%2020211001%20and%2020211130&varString=start_day:20211001,materiel_code:00101020281,cost_id:3370,end_date:20210930 HTTP/1.1" 200 48701
180.169.147.146 - - [04/Nov/2021:11:59:49 +0800] "GET /xingrg/dwr/interface/AjaxReportQueryService.js HTTP/1.1" 200 13203
180.169.147.146 - - [04/Nov/2021:11:59:49 +0800] "GET /xingrg/dwr/engine.js HTTP/1.1" 200 43631
180.169.147.146 - - [04/Nov/2021:11:59:50 +0800] "POST /xingrg/all/report/load_report_page.html HTTP/1.1" 200 25128
180.169.147.146 - - [04/Nov/2021:11:59:50 +0800] "GET /xingrg/servlets/image?cache=0.7412418190228541&image=px HTTP/1.1" 200 807
120.253.135.82 - - [04/Nov/2021:11:59:50 +0800] "POST /xingrg/kc/pszx/mdps_list_operate.html HTTP/1.1" 200 581
120.253.135.82 - - [04/Nov/2021:11:59:51 +0800] "GET /xingrg/kc/pszx/mdps_order_info.html?code=312021110300084 HTTP/1.1" 200 23931
222.70.171.86 - - [04/Nov/2021:11:59:51 +0800] "GET /xingrg/all/function/internal_message.html?_=1635998383487&CODE_STATE=getMsg HTTP/1.1" 302 -
120.253.135.82 - - [04/Nov/2021:11:59:51 +0800] "GET /xingrg/javascript/easyui/themes/default/validatebox.css HTTP/1.1" 404 1104
120.253.135.82 - - [04/Nov/2021:11:59:51 +0800] "POST /xingrg/kc/pszx/mdps_order_operate.html HTTP/1.1" 200 16215
101.85.120.86 - - [04/Nov/2021:11:59:52 +0800] "GET /xingrg/all/function/internal_message.html?_=1635998391521&CODE_STATE=getMsg HTTP/1.1" 200 27
101.85.120.86 - - [04/Nov/2021:11:59:52 +0800] "GET /xingrg/check_reg.html?_=1635998391524 HTTP/1.1" 200 22
114.86.226.51 - - [04/Nov/2021:11:59:55 +0800] "GET /xingrg/all/function/internal_message.html?_=1635998394404&CODE_STATE=getMsg HTTP/1.1" 200 27
114.86.226.51 - - [04/Nov/2021:11:59:55 +0800] "GET /xingrg/check_reg.html?_=1635998394404 HTTP/1.1" 200 22
114.85.125.222 - - [04/Nov/2021:11:59:55 +0800] "GET /xingrg/all/function/internal_message.html?_=1635998326433&CODE_STATE=getMsg HTTP/1.1" 200 27
222.69.131.182 - - [04/Nov/2021:11:59:56 +0800] "GET /xingrg/all/function/internal_message.html?_=1635998393698&CODE_STATE=getMsg HTTP/1.1" 200 27
180.169.147.146 - - [04/Nov/2021:11:59:58 +0800] "GET /xingrg/all/function/internal_message.html?_=1635998397349&CODE_STATE=getMsg HTTP/1.1" 200 27
180.169.147.146 - - [04/Nov/2021:11:59:59 +0800] "GET /xingrg/kc/base/stock_operate.html?_=1635998398618&command=get_report_file&start_day=20211001 HTTP/1.1" 200 53
180.169.147.146 - - [04/Nov/2021:11:59:59 +0800] "GET /xingrg/all/report/report_query.html?isQuery=1&onlyBody=1&rh=2000&fileName=kc/base/kc_stock_detail_new.xml&queryString=(1=1)&queryText=&tableQueryString=init_table$sp1$$sp$crk_table$sp1$order_day%20between%2020211001%20and%2020211031&varString=start_day:20211001,materiel_code:00101020281,cost_id:3370,end_date:20210930 HTTP/1.1" 200 48701
180.169.147.146 - - [04/Nov/2021:11:59:59 +0800] "GET /xingrg/dwr/interface/AjaxReportQueryService.js HTTP/1.1" 200 13203
180.169.147.146 - - [04/Nov/2021:11:59:59 +0800] "GET /xingrg/dwr/engine.js HTTP/1.1" 200 43631
180.169.147.146 - - [04/Nov/2021:12:00:00 +0800] "POST /xingrg/all/report/load_report_page.html HTTP/1.1" 200 20258
180.169.147.146 - - [04/Nov/2021:12:00:00 +0800] "GET /xingrg/servlets/image?cache=0.19194172376578056&image=px HTTP/1.1" 200 807
120.253.135.82 - - [04/Nov/2021:12:00:02 +0800] "POST /xingrg/kc/pszx/mdps_order_operate.html HTTP/1.1" 200 37
120.253.135.82 - - [04/Nov/2021:12:00:04 +0800] "POST /xingrg/kc/pszx/mdps_order_operate.html HTTP/1.1" 200 12
58.40.7.146 - - [04/Nov/2021:12:00:04 +0800] "GET /xingrg/all/function/internal_message.html?_=1635998403459&CODE_STATE=getMsg HTTP/1.1" 200 27
116.227.210.113 - - [04/Nov/2021:12:00:06 +0800] "GET /xingrg/all/function/internal_message.html?_=1635998398511&CODE_STATE=getMsg HTTP/1.1" 200 27
120.253.135.82 - - [04/Nov/2021:12:00:06 +0800] "GET /xingrg/kc/pszx/mdps_order_info.html?code=312021110300084 HTTP/1.1" 200 19591
120.253.135.82 - - [04/Nov/2021:12:00:06 +0800] "POST /xingrg/kc/pszx/mdps_order_operate.html HTTP/1.1" 200 14333
120.253.135.82 - - [04/Nov/2021:12:00:06 +0800] "GET /xingrg/javascript/easyui/themes/default/validatebox.css HTTP/1.1" 404 1104
58.40.7.146 - - [04/Nov/2021:12:00:08 +0800] "GET /xingrg/all/function/internal_message.html?_=1635998406634&CODE_STATE=getMsg HTTP/1.1" 200 27
120.253.135.82 - - [04/Nov/2021:12:00:08 +0800] "POST /xingrg/kc/pszx/mdps_list_operate.html HTTP/1.1" 200 2437
180.169.147.146 - - [04/Nov/2021:12:00:08 +0800] "GET /xingrg/kc/base/stock_detail.html?m=00101037256 HTTP/1.1" 200 7321
172.20.0.100 - - [04/Nov/2021:12:00:11 +0800] "GET /xingrg/all/function/internal_message.html?_=1635998410282&CODE_STATE=getMsg HTTP/1.1" 200 27
180.169.147.146 - - [04/Nov/2021:12:00:13 +0800] "GET /xingrg/kc/base/stock_operate.html?_=1635998412630&command=get_report_file&start_day=20211001 HTTP/1.1" 200 53
180.169.147.146 - - [04/Nov/2021:12:00:13 +0800] "GET /xingrg/all/report/report_query.html?isQuery=1&onlyBody=1&rh=2000&fileName=kc/base/kc_stock_detail_new.xml&queryString=(1=1)&queryText=&tableQueryString=init_table$sp1$$sp$crk_table$sp1$order_day%20between%2020211001%20and%2020211130&varString=start_day:20211001,materiel_code:00101037256,cost_id:3370,end_date:20210930 HTTP/1.1" 200 48701
180.169.147.146 - - [04/Nov/2021:12:00:13 +0800] "GET /xingrg/dwr/interface/AjaxReportQueryService.js HTTP/1.1" 200 13203
180.169.147.146 - - [04/Nov/2021:12:00:13 +0800] "GET /xingrg/dwr/engine.js HTTP/1.1" 200 43631
180.169.147.146 - - [04/Nov/2021:12:00:14 +0800] "POST /xingrg/all/report/load_report_page.html HTTP/1.1" 200 83893
180.169.147.146 - - [04/Nov/2021:12:00:14 +0800] "GET /xingrg/servlets/image?cache=0.22392304537537366&image=px HTTP/1.1" 200 807
116.238.248.233 - - [04/Nov/2021:12:00:14 +0800] "GET /xingrg/all/function/internal_message.html?_=1635998408772&CODE_STATE=getMsg HTTP/1.1" 200 27
58.39.139.200 - - [04/Nov/2021:12:00:16 +0800] "GET /xingrg/all/function/internal_message.html?_=1635998415123&CODE_STATE=getMsg HTTP/1.1" 200 27
180.169.147.146 - - [04/Nov/2021:12:00:17 +0800] "GET /xingrg/all/function/internal_message.html?_=1635998416294&CODE_STATE=getMsg HTTP/1.1" 200 27
120.253.135.82 - - [04/Nov/2021:12:00:20 +0800] "GET /xingrg/all/function/internal_message.html?_=1635998548033&CODE_STATE=getMsg HTTP/1.1" 200 27
222.70.171.86 - - [04/Nov/2021:12:00:20 +0800] "GET /xingrg/check_reg.html?_=1635998420118 HTTP/1.1" 200 22
222.70.171.86 - - [04/Nov/2021:12:00:21 +0800] "GET /xingrg/all/function/internal_message.html?_=1635998421359&CODE_STATE=getMsg HTTP/1.1" 200 27
120.253.135.82 - - [04/Nov/2021:12:00:24 +0800] "POST /xingrg/kc/pszx/mdps_list_operate.html HTTP/1.1" 200 663
120.253.135.82 - - [04/Nov/2021:12:00:25 +0800] "GET /xingrg/kc/pszx/mdps_order_info.html?code=312021110300088 HTTP/1.1" 200 23931
180.169.147.146 - - [04/Nov/2021:12:00:25 +0800] "GET /xingrg/all/function/internal_message.html?_=1635998424971&CODE_STATE=getMsg HTTP/1.1" 302 -
120.253.135.82 - - [04/Nov/2021:12:00:25 +0800] "GET /xingrg/javascript/easyui/themes/default/validatebox.css HTTP/1.1" 404 1104
120.253.135.82 - - [04/Nov/2021:12:00:25 +0800] "POST /xingrg/kc/pszx/mdps_order_operate.html HTTP/1.1" 200 17818
124.78.153.86 - - [04/Nov/2021:12:00:28 +0800] "GET /xingrg/all/function/internal_message.html?_=1635998432041&CODE_STATE=getMsg HTTP/1.1" 200 27
124.78.153.86 - - [04/Nov/2021:12:00:28 +0800] "GET /xingrg/check_reg.html?_=1635998432044 HTTP/1.1" 200 22
120.253.135.82 - - [04/Nov/2021:12:00:30 +0800] "POST /xingrg/kc/pszx/mdps_order_operate.html HTTP/1.1" 200 37
120.253.135.82 - - [04/Nov/2021:12:00:32 +0800] "POST /xingrg/kc/pszx/mdps_order_operate.html HTTP/1.1" 200 12
180.157.253.6 - - [04/Nov/2021:12:00:32 +0800] "GET /xingrg/all/function/internal_message.html?_=1635998433095&CODE_STATE=getMsg HTTP/1.1" 200 27
120.253.135.82 - - [04/Nov/2021:12:00:34 +0800] "GET /xingrg/kc/pszx/mdps_order_info.html?code=312021110300088 HTTP/1.1" 200 19591
120.253.135.82 - - [04/Nov/2021:12:00:34 +0800] "POST /xingrg/kc/pszx/mdps_order_operate.html HTTP/1.1" 200 15915
120.253.135.82 - - [04/Nov/2021:12:00:34 +0800] "GET /xingrg/javascript/easyui/themes/default/validatebox.css HTTP/1.1" 404 1104
180.157.253.6 - - [04/Nov/2021:12:00:35 +0800] "GET /xingrg/all/function/internal_message.html?_=1635998433818&CODE_STATE=getMsg HTTP/1.1" 200 27
120.253.135.82 - - [04/Nov/2021:12:00:36 +0800] "GET /xingrg/check_reg.html?_=1635998564495 HTTP/1.1" 200 22
120.253.135.82 - - [04/Nov/2021:12:00:37 +0800] "POST /xingrg/kc/pszx/mdps_list_operate.html HTTP/1.1" 200 2065
180.169.147.146 - - [04/Nov/2021:12:00:40 +0800] "GET /xingrg/check_reg.html?_=1635998502642 HTTP/1.1" 200 22
180.169.147.146 - - [04/Nov/2021:12:00:40 +0800] "GET /xingrg/all/function/internal_message.html?_=1635998502647&CODE_STATE=getMsg HTTP/1.1" 200 27
120.253.135.82 - - [04/Nov/2021:12:00:49 +0800] "POST /xingrg/kc/pszx/mdps_list_operate.html HTTP/1.1" 200 622
222.70.171.86 - - [04/Nov/2021:12:00:50 +0800] "GET /xingrg/check_reg.html?_=1635998441878 HTTP/1.1" 302 -
120.253.135.82 - - [04/Nov/2021:12:00:50 +0800] "GET /xingrg/kc/pszx/mdps_order_info.html?code=312021110300085 HTTP/1.1" 200 23931
120.253.135.82 - - [04/Nov/2021:12:00:50 +0800] "GET /xingrg/javascript/easyui/themes/default/validatebox.css HTTP/1.1" 404 1104
120.253.135.82 - - [04/Nov/2021:12:00:50 +0800] "POST /xingrg/kc/pszx/mdps_order_operate.html HTTP/1.1" 200 9791
222.70.171.86 - - [04/Nov/2021:12:00:51 +0800] "GET /xingrg/all/function/internal_message.html?_=1635998443500&CODE_STATE=getMsg HTTP/1.1" 302 -
101.85.120.86 - - [04/Nov/2021:12:00:52 +0800] "GET /xingrg/all/function/internal_message.html?_=1635998451524&CODE_STATE=getMsg HTTP/1.1" 200 27
114.86.226.51 - - [04/Nov/2021:12:00:55 +0800] "GET /xingrg/all/function/internal_message.html?_=1635998454406&CODE_STATE=getMsg HTTP/1.1" 200 27
114.85.125.222 - - [04/Nov/2021:12:00:55 +0800] "GET /xingrg/all/function/internal_message.html?_=1635998386439&CODE_STATE=getMsg HTTP/1.1" 200 27
222.69.131.182 - - [04/Nov/2021:12:00:56 +0800] "GET /xingrg/all/function/internal_message.html?_=1635998453686&CODE_STATE=getMsg HTTP/1.1" 200 27
120.253.135.82 - - [04/Nov/2021:12:00:56 +0800] "POST /xingrg/kc/pszx/mdps_order_operate.html HTTP/1.1" 200 37
180.169.147.146 - - [04/Nov/2021:12:00:58 +0800] "GET /xingrg/check_reg.html?_=1635998457369 HTTP/1.1" 200 22
180.169.147.146 - - [04/Nov/2021:12:00:58 +0800] "GET /xingrg/all/function/internal_message.html?_=1635998457366&CODE_STATE=getMsg HTTP/1.1" 200 27
120.253.135.82 - - [04/Nov/2021:12:00:58 +0800] "POST /xingrg/kc/pszx/mdps_order_operate.html HTTP/1.1" 200 12
58.40.7.146 - - [04/Nov/2021:12:01:04 +0800] "GET /xingrg/all/function/internal_message.html?_=1635998463463&CODE_STATE=getMsg HTTP/1.1" 200 27
116.227.210.113 - - [04/Nov/2021:12:01:06 +0800] "GET /xingrg/all/function/internal_message.html?_=1635998458512&CODE_STATE=getMsg HTTP/1.1" 200 27
58.40.7.146 - - [04/Nov/2021:12:01:08 +0800] "GET /xingrg/check_reg.html?_=1635998466636 HTTP/1.1" 200 22
58.40.7.146 - - [04/Nov/2021:12:01:08 +0800] "GET /xingrg/all/function/internal_message.html?_=1635998466638&CODE_STATE=getMsg HTTP/1.1" 200 27
58.37.227.186 - - [04/Nov/2021:12:01:11 +0800] "GET /xingrg/kc/buy/cgsh_order_operate.html?command=get_materiel&rest_code=00141&code=00101008356&supplier_code=00100007&order_time=2021-11-04 HTTP/1.1" 200 409
172.20.0.100 - - [04/Nov/2021:12:01:11 +0800] "GET /xingrg/all/function/internal_message.html?_=1635998470270&CODE_STATE=getMsg HTTP/1.1" 200 27
172.20.0.100 - - [04/Nov/2021:12:01:11 +0800] "GET /xingrg/check_reg.html?_=1635998470274 HTTP/1.1" 200 22
116.238.248.233 - - [04/Nov/2021:12:01:14 +0800] "GET /xingrg/all/function/internal_message.html?_=1635998468779&CODE_STATE=getMsg HTTP/1.1" 200 27
58.39.139.200 - - [04/Nov/2021:12:01:16 +0800] "GET /xingrg/all/function/internal_message.html?_=1635998475103&CODE_STATE=getMsg HTTP/1.1" 200 27
180.169.147.146 - - [04/Nov/2021:12:01:17 +0800] "GET /xingrg/all/function/internal_message.html?_=1635998476280&CODE_STATE=getMsg HTTP/1.1" 200 27
120.253.135.82 - - [04/Nov/2021:12:01:17 +0800] "GET /xingrg/kc/pszx/mdps_order_info.html?code=312021110300085 HTTP/1.1" 200 19591
180.169.147.146 - - [04/Nov/2021:12:01:18 +0800] "GET /xingrg/check_reg.html?_=1635998476481 HTTP/1.1" 200 22
120.253.135.82 - - [04/Nov/2021:12:01:18 +0800] "POST /xingrg/kc/pszx/mdps_order_operate.html HTTP/1.1" 200 7922
120.253.135.82 - - [04/Nov/2021:12:01:18 +0800] "GET /xingrg/javascript/easyui/themes/default/validatebox.css HTTP/1.1" 404 1104
120.253.135.82 - - [04/Nov/2021:12:01:19 +0800] "POST /xingrg/kc/pszx/mdps_list_operate.html HTTP/1.1" 200 1692
120.253.135.82 - - [04/Nov/2021:12:01:20 +0800] "GET /xingrg/all/function/internal_message.html?_=1635998608048&CODE_STATE=getMsg HTTP/1.1" 200 27
120.253.135.82 - - [04/Nov/2021:12:01:21 +0800] "POST /xingrg/kc/pszx/mdps_list_operate.html HTTP/1.1" 200 202
222.70.171.86 - - [04/Nov/2021:12:01:21 +0800] "GET /xingrg/all/function/internal_message.html?_=1635998481373&CODE_STATE=getMsg HTTP/1.1" 200 27
180.169.147.146 - - [04/Nov/2021:12:01:25 +0800] "GET /xingrg/all/function/internal_message.html?_=1635998484944&CODE_STATE=getMsg HTTP/1.1" 302 -
58.37.227.186 - - [04/Nov/2021:12:01:28 +0800] "GET /xingrg/kc/buy/cgsh_order_operate.html?command=get_materiel&rest_code=00141&code=00101008272&supplier_code=00100007&order_time=2021-11-04 HTTP/1.1" 200 431
124.78.153.86 - - [04/Nov/2021:12:01:28 +0800] "GET /xingrg/all/function/internal_message.html?_=1635998492045&CODE_STATE=getMsg HTTP/1.1" 200 27
101.85.238.236 - - [04/Nov/2021:12:01:32 +0800] "GET /xingrg/check_reg.html?_=1635998481594 HTTP/1.1" 200 22
180.157.253.6 - - [04/Nov/2021:12:01:33 +0800] "GET /xingrg/check_reg.html?_=1635998493094 HTTP/1.1" 200 22
180.157.253.6 - - [04/Nov/2021:12:01:33 +0800] "GET /xingrg/all/function/internal_message.html?_=1635998493096&CODE_STATE=getMsg HTTP/1.1" 200 27
180.157.253.6 - - [04/Nov/2021:12:01:35 +0800] "GET /xingrg/all/function/internal_message.html?_=1635998493804&CODE_STATE=getMsg HTTP/1.1" 200 27
120.253.135.82 - - [04/Nov/2021:12:01:38 +0800] "POST /xingrg/kc/pszx/mdps_list_operate.html HTTP/1.1" 200 3177
180.169.147.146 - - [04/Nov/2021:12:01:40 +0800] "GET /xingrg/all/function/internal_message.html?_=1635998562634&CODE_STATE=getMsg HTTP/1.1" 200 27
120.253.135.82 - - [04/Nov/2021:12:01:45 +0800] "POST /xingrg/kc/pszx/mdps_list_operate.html HTTP/1.1" 200 207
120.253.135.82 - - [04/Nov/2021:12:01:46 +0800] "GET /xingrg/kc/pszx/mdps_order_info.html?code=312021110300100 HTTP/1.1" 200 23931
120.253.135.82 - - [04/Nov/2021:12:01:46 +0800] "GET /xingrg/javascript/easyui/themes/default/validatebox.css HTTP/1.1" 404 1104
120.253.135.82 - - [04/Nov/2021:12:01:46 +0800] "POST /xingrg/kc/pszx/mdps_order_operate.html HTTP/1.1" 200 2294
58.37.227.186 - - [04/Nov/2021:12:01:46 +0800] "GET /xingrg/kc/buy/cgsh_order_operate.html?command=get_materiel&rest_code=00141&code=00101008059&supplier_code=00100007&order_time=2021-11-04 HTTP/1.1" 200 408
222.70.171.86 - - [04/Nov/2021:12:01:51 +0800] "GET /xingrg/all/function/internal_message.html?_=1635998503518&CODE_STATE=getMsg HTTP/1.1" 302 -
101.85.120.86 - - [04/Nov/2021:12:01:52 +0800] "GET /xingrg/all/function/internal_message.html?_=1635998511524&CODE_STATE=getMsg HTTP/1.1" 200 27
114.85.125.222 - - [04/Nov/2021:12:01:53 +0800] "GET /xingrg/check_reg.html?_=1635998443956 HTTP/1.1" 200 22
120.253.135.82 - - [04/Nov/2021:12:01:53 +0800] "POST /xingrg/kc/pszx/mdps_order_operate.html HTTP/1.1" 200 37
114.86.226.51 - - [04/Nov/2021:12:01:55 +0800] "GET /xingrg/all/function/internal_message.html?_=1635998514409&CODE_STATE=getMsg HTTP/1.1" 200 27
120.253.135.82 - - [04/Nov/2021:12:01:55 +0800] "POST /xingrg/kc/pszx/mdps_order_operate.html HTTP/1.1" 200 12
114.85.125.222 - - [04/Nov/2021:12:01:55 +0800] "GET /xingrg/all/function/internal_message.html?_=1635998446452&CODE_STATE=getMsg HTTP/1.1" 200 27
222.69.131.182 - - [04/Nov/2021:12:01:56 +0800] "GET /xingrg/all/function/internal_message.html?_=1635998513671&CODE_STATE=getMsg HTTP/1.1" 200 27
58.37.227.186 - - [04/Nov/2021:12:01:57 +0800] "GET /xingrg/kc/buy/cgsh_order_operate.html?command=get_materiel&rest_code=00141&code=00101008357&supplier_code=00100007&order_time=2021-11-04 HTTP/1.1" 200 408
180.169.147.146 - - [04/Nov/2021:12:01:57 +0800] "GET /xingrg/check_reg.html?_=1635998517539 HTTP/1.1" 302 -
180.169.147.146 - - [04/Nov/2021:12:01:58 +0800] "GET /xingrg/all/function/internal_message.html?_=1635998517351&CODE_STATE=getMsg HTTP/1.1" 200 27
120.253.135.82 - - [04/Nov/2021:12:02:03 +0800] "GET /xingrg/kc/pszx/mdps_order_info.html?code=312021110300100 HTTP/1.1" 200 19591
120.253.135.82 - - [04/Nov/2021:12:02:03 +0800] "POST /xingrg/kc/pszx/mdps_order_operate.html HTTP/1.1" 200 516
120.253.135.82 - - [04/Nov/2021:12:02:03 +0800] "GET /xingrg/javascript/easyui/themes/default/validatebox.css HTTP/1.1" 404 1104
58.37.227.186 - - [04/Nov/2021:12:02:04 +0800] "GET /xingrg/kc/buy/cgsh_order_operate.html?command=get_materiel&rest_code=00141&code=00101008069&supplier_code=00100007&order_time=2021-11-04 HTTP/1.1" 200 412
58.40.7.146 - - [04/Nov/2021:12:02:04 +0800] "GET /xingrg/all/function/internal_message.html?_=1635998523467&CODE_STATE=getMsg HTTP/1.1" 200 27
120.253.135.82 - - [04/Nov/2021:12:02:04 +0800] "POST /xingrg/kc/pszx/mdps_list_operate.html HTTP/1.1" 200 2805
116.227.210.113 - - [04/Nov/2021:12:02:06 +0800] "GET /xingrg/all/function/internal_message.html?_=1635998518508&CODE_STATE=getMsg HTTP/1.1" 200 27
120.253.135.82 - - [04/Nov/2021:12:02:07 +0800] "POST /xingrg/kc/pszx/mdps_list_operate.html HTTP/1.1" 200 364
58.40.7.146 - - [04/Nov/2021:12:02:08 +0800] "GET /xingrg/all/function/internal_message.html?_=1635998526643&CODE_STATE=getMsg HTTP/1.1" 200 27
120.253.135.82 - - [04/Nov/2021:12:02:10 +0800] "GET /xingrg/kc/pszx/mdps_order_info.html?code=312021110300092 HTTP/1.1" 200 23931
120.253.135.82 - - [04/Nov/2021:12:02:10 +0800] "GET /xingrg/javascript/easyui/themes/default/validatebox.css HTTP/1.1" 404 1104
120.253.135.82 - - [04/Nov/2021:12:02:10 +0800] "POST /xingrg/kc/pszx/mdps_order_operate.html HTTP/1.1" 200 3283
172.20.0.100 - - [04/Nov/2021:12:02:11 +0800] "GET /xingrg/all/function/internal_message.html?_=1635998530278&CODE_STATE=getMsg HTTP/1.1" 200 27
116.238.248.233 - - [04/Nov/2021:12:02:14 +0800] "GET /xingrg/all/function/internal_message.html?_=1635998528778&CODE_STATE=getMsg HTTP/1.1" 200 27
116.238.248.233 - - [04/Nov/2021:12:02:14 +0800] "GET /xingrg/check_reg.html?_=1635998528787 HTTP/1.1" 200 22
58.37.227.186 - - [04/Nov/2021:12:02:15 +0800] "GET /xingrg/kc/buy/cgsh_order_operate.html?command=get_materiel&rest_code=00141&code=00101008286&supplier_code=00100007&order_time=2021-11-04 HTTP/1.1" 200 408
58.39.139.200 - - [04/Nov/2021:12:02:16 +0800] "GET /xingrg/all/function/internal_message.html?_=1635998535079&CODE_STATE=getMsg HTTP/1.1" 200 27
180.169.147.146 - - [04/Nov/2021:12:02:17 +0800] "GET /xingrg/all/function/internal_message.html?_=1635998536272&CODE_STATE=getMsg HTTP/1.1" 200 27
120.253.135.82 - - [04/Nov/2021:12:02:20 +0800] "GET /xingrg/all/function/internal_message.html?_=1635998668062&CODE_STATE=getMsg HTTP/1.1" 200 27
120.253.135.82 - - [04/Nov/2021:12:02:20 +0800] "POST /xingrg/kc/pszx/mdps_order_operate.html HTTP/1.1" 200 37
222.70.171.86 - - [04/Nov/2021:12:02:21 +0800] "GET /xingrg/all/function/internal_message.html?_=1635998541386&CODE_STATE=getMsg HTTP/1.1" 200 27
120.253.135.82 - - [04/Nov/2021:12:02:22 +0800] "POST /xingrg/kc/pszx/mdps_order_operate.html HTTP/1.1" 200 12
180.169.147.146 - - [04/Nov/2021:12:02:25 +0800] "GET /xingrg/all/function/internal_message.html?_=1635998544926&CODE_STATE=getMsg HTTP/1.1" 302 -
58.37.227.186 - - [04/Nov/2021:12:02:25 +0800] "GET /xingrg/kc/buy/cgsh_order_operate.html?command=get_materiel&rest_code=00141&code=00101008036&supplier_code=00100007&order_time=2021-11-04 HTTP/1.1" 200 408
120.253.135.82 - - [04/Nov/2021:12:02:26 +0800] "GET /xingrg/kc/pszx/mdps_order_info.html?code=312021110300092 HTTP/1.1" 200 19591
120.253.135.82 - - [04/Nov/2021:12:02:26 +0800] "POST /xingrg/kc/pszx/mdps_order_operate.html HTTP/1.1" 200 1495
120.253.135.82 - - [04/Nov/2021:12:02:26 +0800] "GET /xingrg/javascript/easyui/themes/default/validatebox.css HTTP/1.1" 404 1104
120.253.135.82 - - [04/Nov/2021:12:02:26 +0800] "GET /xingrg/check_reg.html?_=1635998317546 HTTP/1.1" 200 22
120.253.135.82 - - [04/Nov/2021:12:02:29 +0800] "POST /xingrg/kc/pszx/mdps_list_operate.html HTTP/1.1" 200 2434
58.37.227.186 - - [04/Nov/2021:12:02:31 +0800] "GET /xingrg/kc/buy/cgsh_order_operate.html?command=get_materiel&rest_code=00141&code=00101008131&supplier_code=00100007&order_time=2021-11-04 HTTP/1.1" 200 408
180.157.253.6 - - [04/Nov/2021:12:02:32 +0800] "GET /xingrg/all/function/internal_message.html?_=1635998553081&CODE_STATE=getMsg HTTP/1.1" 200 27
180.157.253.6 - - [04/Nov/2021:12:02:35 +0800] "GET /xingrg/all/function/internal_message.html?_=1635998553774&CODE_STATE=getMsg HTTP/1.1" 200 27
120.253.135.82 - - [04/Nov/2021:12:02:38 +0800] "POST /xingrg/kc/pszx/mdps_list_operate.html HTTP/1.1" 200 616
58.37.227.186 - - [04/Nov/2021:12:02:38 +0800] "GET /xingrg/kc/buy/cgsh_order_operate.html?command=get_materiel&rest_code=00141&code=00101008352&supplier_code=00100007&order_time=2021-11-04 HTTP/1.1" 200 412
120.253.135.82 - - [04/Nov/2021:12:02:39 +0800] "GET /xingrg/kc/pszx/mdps_order_info.html?code=312021110300091 HTTP/1.1" 200 23931
120.253.135.82 - - [04/Nov/2021:12:02:39 +0800] "POST /xingrg/kc/pszx/mdps_order_operate.html HTTP/1.1" 200 8312
120.253.135.82 - - [04/Nov/2021:12:02:39 +0800] "GET /xingrg/javascript/easyui/themes/default/validatebox.css HTTP/1.1" 404 1104
180.169.147.146 - - [04/Nov/2021:12:02:40 +0800] "GET /xingrg/all/function/internal_message.html?_=1635998622636&CODE_STATE=getMsg HTTP/1.1" 200 27
58.37.227.186 - - [04/Nov/2021:12:02:41 +0800] "POST /xingrg/kc/buy/cgsh_order_operate.html HTTP/1.1" 200 2065
120.253.135.82 - - [04/Nov/2021:12:02:45 +0800] "POST /xingrg/kc/pszx/mdps_order_operate.html HTTP/1.1" 200 37
58.37.227.186 - - [04/Nov/2021:12:02:46 +0800] "GET /xingrg/kc/buy/cgsh_order_operate.html?command=get_materiel&rest_code=00141&code=00101008005&supplier_code=00100007&order_time=2021-11-04 HTTP/1.1" 200 412
120.253.135.82 - - [04/Nov/2021:12:02:46 +0800] "POST /xingrg/kc/pszx/mdps_order_operate.html HTTP/1.1" 200 12
120.253.135.82 - - [04/Nov/2021:12:02:51 +0800] "GET /xingrg/kc/pszx/mdps_order_info.html?code=312021110300091 HTTP/1.1" 200 19591
120.253.135.82 - - [04/Nov/2021:12:02:51 +0800] "POST /xingrg/kc/pszx/mdps_order_operate.html HTTP/1.1" 200 6467
120.253.135.82 - - [04/Nov/2021:12:02:51 +0800] "GET /xingrg/javascript/easyui/themes/default/validatebox.css HTTP/1.1" 404 1104
222.70.171.86 - - [04/Nov/2021:12:02:51 +0800] "GET /xingrg/all/function/internal_message.html?_=1635998563527&CODE_STATE=getMsg HTTP/1.1" 302 -
101.85.120.86 - - [04/Nov/2021:12:02:52 +0800] "GET /xingrg/all/function/internal_message.html?_=1635998571525&CODE_STATE=getMsg HTTP/1.1" 200 27
58.37.227.186 - - [04/Nov/2021:12:02:52 +0800] "GET /xingrg/kc/buy/cgsh_order_operate.html?command=get_materiel&rest_code=00141&code=00101008271&supplier_code=00100007&order_time=2021-11-04 HTTP/1.1" 200 410
120.253.135.82 - - [04/Nov/2021:12:02:54 +0800] "POST /xingrg/kc/pszx/mdps_list_operate.html HTTP/1.1" 200 2062
114.86.226.51 - - [04/Nov/2021:12:02:55 +0800] "GET /xingrg/all/function/internal_message.html?_=1635998574411&CODE_STATE=getMsg HTTP/1.1" 200 27
114.85.125.222 - - [04/Nov/2021:12:02:56 +0800] "GET /xingrg/all/function/internal_message.html?_=1635998506465&CODE_STATE=getMsg HTTP/1.1" 200 27
222.69.131.182 - - [04/Nov/2021:12:02:56 +0800] "GET /xingrg/all/function/internal_message.html?_=1635998573641&CODE_STATE=getMsg HTTP/1.1" 200 27
180.169.147.146 - - [04/Nov/2021:12:02:58 +0800] "GET /xingrg/all/function/internal_message.html?_=1635998577357&CODE_STATE=getMsg HTTP/1.1" 200 27
58.37.227.186 - - [04/Nov/2021:12:03:01 +0800] "GET /xingrg/kc/buy/cgsh_order_operate.html?command=get_materiel&rest_code=00141&code=00101008353&supplier_code=00100007&order_time=2021-11-04 HTTP/1.1" 200 428
120.253.135.82 - - [04/Nov/2021:12:03:02 +0800] "POST /xingrg/kc/pszx/mdps_list_operate.html HTTP/1.1" 200 201
120.253.135.82 - - [04/Nov/2021:12:03:04 +0800] "POST /xingrg/kc/pszx/mdps_list_operate.html HTTP/1.1" 200 367
58.40.7.146 - - [04/Nov/2021:12:03:04 +0800] "GET /xingrg/check_reg.html?_=1635998583456 HTTP/1.1" 200 22
58.40.7.146 - - [04/Nov/2021:12:03:04 +0800] "GET /xingrg/all/function/internal_message.html?_=1635998583459&CODE_STATE=getMsg HTTP/1.1" 200 27
116.227.210.113 - - [04/Nov/2021:12:03:06 +0800] "GET /xingrg/all/function/internal_message.html?_=1635998578510&CODE_STATE=getMsg HTTP/1.1" 200 27
58.40.7.146 - - [04/Nov/2021:12:03:08 +0800] "GET /xingrg/all/function/internal_message.html?_=1635998586635&CODE_STATE=getMsg HTTP/1.1" 200 27
58.37.227.186 - - [04/Nov/2021:12:03:08 +0800] "GET /xingrg/check_reg.html?_=1635998423555 HTTP/1.1" 200 22
58.37.227.186 - - [04/Nov/2021:12:03:10 +0800] "GET /xingrg/kc/buy/cgsh_order_operate.html?command=get_materiel&rest_code=00141&code=00101008213&supplier_code=00100007&order_time=2021-11-04 HTTP/1.1" 200 412
172.20.0.100 - - [04/Nov/2021:12:03:11 +0800] "GET /xingrg/all/function/internal_message.html?_=1635998590265&CODE_STATE=getMsg HTTP/1.1" 200 27
116.238.248.233 - - [04/Nov/2021:12:03:14 +0800] "GET /xingrg/all/function/internal_message.html?_=1635998588786&CODE_STATE=getMsg HTTP/1.1" 200 27
58.39.139.200 - - [04/Nov/2021:12:03:16 +0800] "GET /xingrg/all/function/internal_message.html?_=1635998595054&CODE_STATE=getMsg HTTP/1.1" 200 27
58.37.227.186 - - [04/Nov/2021:12:03:16 +0800] "GET /xingrg/kc/buy/cgsh_order_operate.html?command=get_materiel&rest_code=00141&code=00101008298&supplier_code=00100007&order_time=2021-11-04 HTTP/1.1" 200 412
180.169.147.146 - - [04/Nov/2021:12:03:17 +0800] "GET /xingrg/all/function/internal_message.html?_=1635998596255&CODE_STATE=getMsg HTTP/1.1" 200 27
58.37.227.186 - - [04/Nov/2021:12:03:19 +0800] "POST /xingrg/kc/buy/cgsh_order_operate.html HTTP/1.1" 200 2065
58.39.139.200 - - [04/Nov/2021:12:03:19 +0800] "GET /xingrg/check_reg.html?_=1635998598294 HTTP/1.1" 200 22
120.253.135.82 - - [04/Nov/2021:12:03:20 +0800] "GET /xingrg/all/function/internal_message.html?_=1635998728267&CODE_STATE=getMsg HTTP/1.1" 200 27
222.70.171.86 - - [04/Nov/2021:12:03:22 +0800] "GET /xingrg/all/function/internal_message.html?_=1635998601658&CODE_STATE=getMsg HTTP/1.1" 200 27
180.169.147.146 - - [04/Nov/2021:12:03:25 +0800] "GET /xingrg/all/function/internal_message.html?_=1635998604899&CODE_STATE=getMsg HTTP/1.1" 302 -
58.37.227.186 - - [04/Nov/2021:12:03:25 +0800] "GET /xingrg/kc/buy/cgsh_order_operate.html?command=get_materiel&rest_code=00141&code=00101008049&supplier_code=00100007&order_time=2021-11-04 HTTP/1.1" 200 408
120.253.135.82 - - [04/Nov/2021:12:03:26 +0800] "POST /xingrg/kc/pszx/mdps_list_operate.html HTTP/1.1" 200 2824
180.157.253.6 - - [04/Nov/2021:12:03:33 +0800] "GET /xingrg/all/function/internal_message.html?_=1635998613096&CODE_STATE=getMsg HTTP/1.1" 200 27
180.157.253.6 - - [04/Nov/2021:12:03:35 +0800] "GET /xingrg/all/function/internal_message.html?_=1635998613760&CODE_STATE=getMsg HTTP/1.1" 200 27
120.253.135.82 - - [04/Nov/2021:12:03:36 +0800] "POST /xingrg/kc/pszx/mdps_list_operate.html HTTP/1.1" 200 646
120.253.135.82 - - [04/Nov/2021:12:03:37 +0800] "GET /xingrg/kc/pszx/mdps_order_info.html?code=312021110300089 HTTP/1.1" 200 23935
120.253.135.82 - - [04/Nov/2021:12:03:37 +0800] "GET /xingrg/javascript/easyui/themes/default/validatebox.css HTTP/1.1" 404 1104
120.253.135.82 - - [04/Nov/2021:12:03:37 +0800] "POST /xingrg/kc/pszx/mdps_order_operate.html HTTP/1.1" 200 18321
180.169.147.146 - - [04/Nov/2021:12:03:40 +0800] "GET /xingrg/all/function/internal_message.html?_=1635998682639&CODE_STATE=getMsg HTTP/1.1" 200 27
222.70.171.86 - - [04/Nov/2021:12:03:51 +0800] "GET /xingrg/all/function/internal_message.html?_=1635998623546&CODE_STATE=getMsg HTTP/1.1" 302 -
101.85.120.86 - - [04/Nov/2021:12:03:52 +0800] "GET /xingrg/all/function/internal_message.html?_=1635998631524&CODE_STATE=getMsg HTTP/1.1" 200 27
114.86.226.51 - - [04/Nov/2021:12:03:55 +0800] "GET /xingrg/all/function/internal_message.html?_=1635998634413&CODE_STATE=getMsg HTTP/1.1" 200 27
114.85.125.222 - - [04/Nov/2021:12:03:56 +0800] "GET /xingrg/all/function/internal_message.html?_=1635998566479&CODE_STATE=getMsg HTTP/1.1" 200 27
222.69.131.182 - - [04/Nov/2021:12:03:56 +0800] "GET /xingrg/all/function/internal_message.html?_=1635998633635&CODE_STATE=getMsg HTTP/1.1" 200 27
222.69.131.182 - - [04/Nov/2021:12:03:58 +0800] "GET /xingrg/check_reg.html?_=1635998635183 HTTP/1.1" 200 22
180.169.147.146 - - [04/Nov/2021:12:03:58 +0800] "GET /xingrg/all/function/internal_message.html?_=1635998637360&CODE_STATE=getMsg HTTP/1.1" 200 27
58.40.7.146 - - [04/Nov/2021:12:04:04 +0800] "GET /xingrg/all/function/internal_message.html?_=1635998643465&CODE_STATE=getMsg HTTP/1.1" 200 27
116.227.210.113 - - [04/Nov/2021:12:04:06 +0800] "GET /xingrg/all/function/internal_message.html?_=1635998638511&CODE_STATE=getMsg HTTP/1.1" 200 27
116.227.210.113 - - [04/Nov/2021:12:04:06 +0800] "GET /xingrg/check_reg.html?_=1635998638518 HTTP/1.1" 200 22
58.40.7.146 - - [04/Nov/2021:12:04:08 +0800] "GET /xingrg/all/function/internal_message.html?_=1635998646639&CODE_STATE=getMsg HTTP/1.1" 200 27
172.20.0.100 - - [04/Nov/2021:12:04:11 +0800] "GET /xingrg/all/function/internal_message.html?_=1635998650269&CODE_STATE=getMsg HTTP/1.1" 200 27
180.157.253.6 - - [04/Nov/2021:12:04:12 +0800] "GET /xingrg/check_reg.html?_=1635998651562 HTTP/1.1" 200 22
116.238.248.233 - - [04/Nov/2021:12:04:14 +0800] "GET /xingrg/all/function/internal_message.html?_=1635998648788&CODE_STATE=getMsg HTTP/1.1" 200 27
58.39.139.200 - - [04/Nov/2021:12:04:16 +0800] "GET /xingrg/all/function/internal_message.html?_=1635998655028&CODE_STATE=getMsg HTTP/1.1" 200 27
180.169.147.146 - - [04/Nov/2021:12:04:17 +0800] "GET /xingrg/all/function/internal_message.html?_=1635998656232&CODE_STATE=getMsg HTTP/1.1" 200 27
120.253.135.82 - - [04/Nov/2021:12:04:20 +0800] "GET /xingrg/all/function/internal_message.html?_=1635998788276&CODE_STATE=getMsg HTTP/1.1" 200 27
222.70.171.86 - - [04/Nov/2021:12:04:22 +0800] "GET /xingrg/all/function/internal_message.html?_=1635998661663&CODE_STATE=getMsg HTTP/1.1" 200 27
180.169.147.146 - - [04/Nov/2021:12:04:25 +0800] "GET /xingrg/all/function/internal_message.html?_=1635998664884&CODE_STATE=getMsg HTTP/1.1" 302 -
180.157.253.6 - - [04/Nov/2021:12:04:33 +0800] "GET /xingrg/all/function/internal_message.html?_=1635998673095&CODE_STATE=getMsg HTTP/1.1" 200 27
180.157.253.6 - - [04/Nov/2021:12:04:35 +0800] "GET /xingrg/all/function/internal_message.html?_=1635998673737&CODE_STATE=getMsg HTTP/1.1" 200 27
180.169.147.146 - - [04/Nov/2021:12:04:40 +0800] "GET /xingrg/all/function/internal_message.html?_=1635998742642&CODE_STATE=getMsg HTTP/1.1" 200 27
120.253.135.82 - - [04/Nov/2021:12:04:47 +0800] "POST /xingrg/kc/pszx/mdps_order_operate.html HTTP/1.1" 200 37
120.253.135.82 - - [04/Nov/2021:12:04:49 +0800] "POST /xingrg/kc/pszx/mdps_order_operate.html HTTP/1.1" 200 12
222.70.171.86 - - [04/Nov/2021:12:04:51 +0800] "GET /xingrg/all/function/internal_message.html?_=1635998683555&CODE_STATE=getMsg HTTP/1.1" 302 -
101.85.120.86 - - [04/Nov/2021:12:04:52 +0800] "GET /xingrg/all/function/internal_message.html?_=1635998691524&CODE_STATE=getMsg HTTP/1.1" 200 27
101.85.120.86 - - [04/Nov/2021:12:04:52 +0800] "GET /xingrg/check_reg.html?_=1635998691526 HTTP/1.1" 200 22
114.86.226.51 - - [04/Nov/2021:12:04:55 +0800] "GET /xingrg/all/function/internal_message.html?_=1635998694415&CODE_STATE=getMsg HTTP/1.1" 200 27
114.86.226.51 - - [04/Nov/2021:12:04:55 +0800] "GET /xingrg/check_reg.html?_=1635998694416 HTTP/1.1" 200 22
114.85.125.222 - - [04/Nov/2021:12:04:56 +0800] "GET /xingrg/all/function/internal_message.html?_=1635998626540&CODE_STATE=getMsg HTTP/1.1" 200 27
222.69.131.182 - - [04/Nov/2021:12:04:56 +0800] "GET /xingrg/all/function/internal_message.html?_=1635998693616&CODE_STATE=getMsg HTTP/1.1" 200 27
180.169.147.146 - - [04/Nov/2021:12:04:58 +0800] "GET /xingrg/all/function/internal_message.html?_=1635998697363&CODE_STATE=getMsg HTTP/1.1" 200 27
120.253.135.82 - - [04/Nov/2021:12:05:00 +0800] "GET /xingrg/kc/pszx/mdps_order_info.html?code=312021110300089 HTTP/1.1" 200 19595
120.253.135.82 - - [04/Nov/2021:12:05:00 +0800] "GET /xingrg/javascript/easyui/themes/default/validatebox.css HTTP/1.1" 404 1104
120.253.135.82 - - [04/Nov/2021:12:05:00 +0800] "POST /xingrg/kc/pszx/mdps_order_operate.html HTTP/1.1" 200 16415
120.253.135.82 - - [04/Nov/2021:12:05:03 +0800] "POST /xingrg/kc/pszx/mdps_list_operate.html HTTP/1.1" 200 2446
58.40.7.146 - - [04/Nov/2021:12:05:04 +0800] "GET /xingrg/all/function/internal_message.html?_=1635998703469&CODE_STATE=getMsg HTTP/1.1" 200 27
116.227.210.113 - - [04/Nov/2021:12:05:06 +0800] "GET /xingrg/all/function/internal_message.html?_=1635998698512&CODE_STATE=getMsg HTTP/1.1" 200 27
116.227.210.113 - - [04/Nov/2021:12:05:06 +0800] "GET /xingrg/javascript/auto/indicator.gif HTTP/1.1" 404 1066
116.227.210.113 - - [04/Nov/2021:12:05:07 +0800] "GET /xingrg/javascript/jquery_tools/images/prev.gif HTTP/1.1" 404 1086
116.227.210.113 - - [04/Nov/2021:12:05:07 +0800] "GET /xingrg/javascript/jquery_tools/images/next.gif HTTP/1.1" 404 1086
58.40.7.146 - - [04/Nov/2021:12:05:08 +0800] "GET /xingrg/all/function/internal_message.html?_=1635998706643&CODE_STATE=getMsg HTTP/1.1" 200 27
120.253.135.82 - - [04/Nov/2021:12:05:08 +0800] "POST /xingrg/kc/pszx/mdps_list_operate.html HTTP/1.1" 200 205
120.253.135.82 - - [04/Nov/2021:12:05:09 +0800] "GET /xingrg/kc/pszx/mdps_order_info.html?code=312021110400103 HTTP/1.1" 200 23935
120.253.135.82 - - [04/Nov/2021:12:05:10 +0800] "GET /xingrg/javascript/easyui/themes/default/validatebox.css HTTP/1.1" 404 1104
120.253.135.82 - - [04/Nov/2021:12:05:10 +0800] "POST /xingrg/kc/pszx/mdps_order_operate.html HTTP/1.1" 200 2283
172.20.0.100 - - [04/Nov/2021:12:05:11 +0800] "GET /xingrg/all/function/internal_message.html?_=1635998710274&CODE_STATE=getMsg HTTP/1.1" 200 27
120.253.135.82 - - [04/Nov/2021:12:05:14 +0800] "POST /xingrg/kc/pszx/mdps_order_operate.html HTTP/1.1" 200 37
116.238.248.233 - - [04/Nov/2021:12:05:14 +0800] "GET /xingrg/all/function/internal_message.html?_=1635998708786&CODE_STATE=getMsg HTTP/1.1" 200 27
120.253.135.82 - - [04/Nov/2021:12:05:16 +0800] "POST /xingrg/kc/pszx/mdps_order_operate.html HTTP/1.1" 200 12
58.39.139.200 - - [04/Nov/2021:12:05:16 +0800] "GET /xingrg/all/function/internal_message.html?_=1635998715008&CODE_STATE=getMsg HTTP/1.1" 200 27
180.169.147.146 - - [04/Nov/2021:12:05:17 +0800] "GET /xingrg/all/function/internal_message.html?_=1635998716235&CODE_STATE=getMsg HTTP/1.1" 200 27
116.227.210.113 - - [04/Nov/2021:12:05:19 +0800] "GET /xingrg/kc/buy/cgsh_order_operate.html?command=get_materiel&rest_code=00155&code=00101007061&supplier_code=00100002&order_time=2021-11-04 HTTP/1.1" 200 429
120.253.135.82 - - [04/Nov/2021:12:05:20 +0800] "GET /xingrg/all/function/internal_message.html?_=1635998848526&CODE_STATE=getMsg HTTP/1.1" 200 27
222.70.171.86 - - [04/Nov/2021:12:05:20 +0800] "GET /xingrg/check_reg.html?_=1635998720323 HTTP/1.1" 200 22
120.253.135.82 - - [04/Nov/2021:12:05:20 +0800] "GET /xingrg/kc/pszx/mdps_order_info.html?code=312021110400103 HTTP/1.1" 200 19595
120.253.135.82 - - [04/Nov/2021:12:05:21 +0800] "POST /xingrg/kc/pszx/mdps_order_operate.html HTTP/1.1" 200 504
120.253.135.82 - - [04/Nov/2021:12:05:21 +0800] "GET /xingrg/javascript/easyui/themes/default/validatebox.css HTTP/1.1" 404 1104
222.70.171.86 - - [04/Nov/2021:12:05:22 +0800] "GET /xingrg/all/function/internal_message.html?_=1635998721677&CODE_STATE=getMsg HTTP/1.1" 200 27
180.169.147.146 - - [04/Nov/2021:12:05:25 +0800] "GET /xingrg/all/function/internal_message.html?_=1635998724867&CODE_STATE=getMsg HTTP/1.1" 302 -
120.253.135.82 - - [04/Nov/2021:12:05:27 +0800] "POST /xingrg/kc/pszx/mdps_list_operate.html HTTP/1.1" 200 2069
120.253.135.82 - - [04/Nov/2021:12:05:28 +0800] "POST /xingrg/kc/pszx/mdps_list_operate.html HTTP/1.1" 200 613
120.253.135.82 - - [04/Nov/2021:12:05:29 +0800] "GET /xingrg/kc/pszx/mdps_order_info.html?code=312021110300090 HTTP/1.1" 200 23935
120.253.135.82 - - [04/Nov/2021:12:05:30 +0800] "GET /xingrg/javascript/easyui/themes/default/validatebox.css HTTP/1.1" 404 1104
120.253.135.82 - - [04/Nov/2021:12:05:30 +0800] "POST /xingrg/kc/pszx/mdps_order_operate.html HTTP/1.1" 200 11267
180.157.253.6 - - [04/Nov/2021:12:05:33 +0800] "GET /xingrg/all/function/internal_message.html?_=1635998733094&CODE_STATE=getMsg HTTP/1.1" 200 27
180.157.253.6 - - [04/Nov/2021:12:05:35 +0800] "GET /xingrg/all/function/internal_message.html?_=1635998733707&CODE_STATE=getMsg HTTP/1.1" 200 27
120.253.135.82 - - [04/Nov/2021:12:05:36 +0800] "GET /xingrg/check_reg.html?_=1635998864499 HTTP/1.1" 200 22
180.169.147.146 - - [04/Nov/2021:12:05:40 +0800] "GET /xingrg/check_reg.html?_=1635998802643 HTTP/1.1" 200 22
180.169.147.146 - - [04/Nov/2021:12:05:40 +0800] "GET /xingrg/all/function/internal_message.html?_=1635998802646&CODE_STATE=getMsg HTTP/1.1" 200 27
58.37.227.186 - - [04/Nov/2021:12:05:50 +0800] "GET /xingrg/kc/buy/cgsh_order_operate.html?command=get_materiel&rest_code=00141&code=00101008210&supplier_code=00100007&order_time=2021-11-04 HTTP/1.1" 200 408
222.70.171.86 - - [04/Nov/2021:12:05:50 +0800] "GET /xingrg/check_reg.html?_=1635998741883 HTTP/1.1" 302 -
222.70.171.86 - - [04/Nov/2021:12:05:51 +0800] "GET /xingrg/all/function/internal_message.html?_=1635998743568&CODE_STATE=getMsg HTTP/1.1" 302 -
101.85.120.86 - - [04/Nov/2021:12:05:52 +0800] "GET /xingrg/all/function/internal_message.html?_=1635998751527&CODE_STATE=getMsg HTTP/1.1" 200 27
114.86.226.51 - - [04/Nov/2021:12:05:55 +0800] "GET /xingrg/all/function/internal_message.html?_=1635998754417&CODE_STATE=getMsg HTTP/1.1" 200 27
114.85.125.222 - - [04/Nov/2021:12:05:56 +0800] "GET /xingrg/all/function/internal_message.html?_=1635998686555&CODE_STATE=getMsg HTTP/1.1" 200 27
222.69.131.182 - - [04/Nov/2021:12:05:56 +0800] "GET /xingrg/all/function/internal_message.html?_=1635998753604&CODE_STATE=getMsg HTTP/1.1" 200 27
180.169.147.146 - - [04/Nov/2021:12:05:58 +0800] "GET /xingrg/check_reg.html?_=1635998757390 HTTP/1.1" 200 22
180.169.147.146 - - [04/Nov/2021:12:05:58 +0800] "GET /xingrg/all/function/internal_message.html?_=1635998757384&CODE_STATE=getMsg HTTP/1.1" 200 27
120.253.135.82 - - [04/Nov/2021:12:06:02 +0800] "POST /xingrg/kc/pszx/mdps_order_operate.html HTTP/1.1" 200 37
120.253.135.82 - - [04/Nov/2021:12:06:03 +0800] "POST /xingrg/kc/pszx/mdps_order_operate.html HTTP/1.1" 200 12
58.40.7.146 - - [04/Nov/2021:12:06:04 +0800] "GET /xingrg/all/function/internal_message.html?_=1635998763457&CODE_STATE=getMsg HTTP/1.1" 200 27
116.227.210.113 - - [04/Nov/2021:12:06:06 +0800] "GET /xingrg/all/function/internal_message.html?_=1635998758501&CODE_STATE=getMsg HTTP/1.1" 200 27
120.253.135.82 - - [04/Nov/2021:12:06:07 +0800] "GET /xingrg/kc/pszx/mdps_order_info.html?code=312021110300090 HTTP/1.1" 200 19595
120.253.135.82 - - [04/Nov/2021:12:06:07 +0800] "POST /xingrg/kc/pszx/mdps_order_operate.html HTTP/1.1" 200 9396
120.253.135.82 - - [04/Nov/2021:12:06:07 +0800] "GET /xingrg/javascript/easyui/themes/default/validatebox.css HTTP/1.1" 404 1104
58.40.7.146 - - [04/Nov/2021:12:06:08 +0800] "GET /xingrg/check_reg.html?_=1635998766636 HTTP/1.1" 200 22
58.40.7.146 - - [04/Nov/2021:12:06:08 +0800] "GET /xingrg/all/function/internal_message.html?_=1635998766637&CODE_STATE=getMsg HTTP/1.1" 200 27
120.253.135.82 - - [04/Nov/2021:12:06:09 +0800] "POST /xingrg/kc/pszx/mdps_list_operate.html HTTP/1.1" 200 1690
172.20.0.100 - - [04/Nov/2021:12:06:11 +0800] "GET /xingrg/check_reg.html?_=1635998770279 HTTP/1.1" 200 22
172.20.0.100 - - [04/Nov/2021:12:06:11 +0800] "GET /xingrg/all/function/internal_message.html?_=1635998770284&CODE_STATE=getMsg HTTP/1.1" 200 27
116.238.248.233 - - [04/Nov/2021:12:06:14 +0800] "GET /xingrg/all/function/internal_message.html?_=1635998768790&CODE_STATE=getMsg HTTP/1.1" 200 27
58.39.139.200 - - [04/Nov/2021:12:06:16 +0800] "GET /xingrg/all/function/internal_message.html?_=1635998774982&CODE_STATE=getMsg HTTP/1.1" 200 27
58.37.227.186 - - [04/Nov/2021:12:06:16 +0800] "GET /xingrg/kc/buy/cgsh_order_operate.html?command=get_materiel&rest_code=00141&code=00101008300&supplier_code=00100007&order_time=2021-11-04 HTTP/1.1" 200 412
180.169.147.146 - - [04/Nov/2021:12:06:17 +0800] "GET /xingrg/all/function/internal_message.html?_=1635998776214&CODE_STATE=getMsg HTTP/1.1" 200 27
180.169.147.146 - - [04/Nov/2021:12:06:18 +0800] "GET /xingrg/check_reg.html?_=1635998776480 HTTP/1.1" 200 22
120.253.135.82 - - [04/Nov/2021:12:06:20 +0800] "GET /xingrg/all/function/internal_message.html?_=1635998908537&CODE_STATE=getMsg HTTP/1.1" 200 27
222.70.171.86 - - [04/Nov/2021:12:06:22 +0800] "GET /xingrg/all/function/internal_message.html?_=1635998781690&CODE_STATE=getMsg HTTP/1.1" 200 27
180.169.147.146 - - [04/Nov/2021:12:06:25 +0800] "GET /xingrg/all/function/internal_message.html?_=1635998784848&CODE_STATE=getMsg HTTP/1.1" 302 -
58.37.227.186 - - [04/Nov/2021:12:06:32 +0800] "GET /xingrg/kc/buy/cgsh_order_operate.html?command=get_materiel&rest_code=00141&code=00101008072&supplier_code=00100007&order_time=2021-11-04 HTTP/1.1" 200 408
180.157.253.6 - - [04/Nov/2021:12:06:33 +0800] "GET /xingrg/all/function/internal_message.html?_=1635998793093&CODE_STATE=getMsg HTTP/1.1" 200 27
180.157.253.6 - - [04/Nov/2021:12:06:33 +0800] "GET /xingrg/check_reg.html?_=1635998793095 HTTP/1.1" 200 22
222.69.131.182 - - [04/Nov/2021:12:06:33 +0800] "GET /xingrg/kc/mdqp/pssh_order_list.html HTTP/1.1" 200 17945
