172.20.0.100 - - [04/Nov/2021:11:44:18 +0800] "GET /xingrg/javascript/jquery_easy_ui/themes/default/images/panel_tool_expand.gif HTTP/1.1" 200 247
172.20.0.100 - - [04/Nov/2021:11:44:18 +0800] "GET /xingrg/javascript/jquery_easy_ui/themes/default/images/panel_tool_collapse.gif HTTP/1.1" 200 246
172.20.0.100 - - [04/Nov/2021:11:44:18 +0800] "POST /xingrg/load_menu.html HTTP/1.1" 200 11529
172.20.0.100 - - [04/Nov/2021:11:44:18 +0800] "GET /xingrg/javascript/jquery_easy_ui/themes/default/images/tree_arrows.gif HTTP/1.1" 200 1043
172.20.0.100 - - [04/Nov/2021:11:44:18 +0800] "GET /xingrg/javascript/jquery_easy_ui/themes/default/images/tree_folder_open.gif HTTP/1.1" 200 956
172.20.0.100 - - [04/Nov/2021:11:44:18 +0800] "GET /xingrg/javascript/jquery_easy_ui/themes/icons/search_new.png HTTP/1.1" 200 586
172.20.0.100 - - [04/Nov/2021:11:44:18 +0800] "GET /xingrg/javascript/jquery_easy_ui/themes/icons/delivery_new.png HTTP/1.1" 200 700
172.20.0.100 - - [04/Nov/2021:11:44:18 +0800] "GET /xingrg/javascript/jquery_easy_ui/themes/icons/storage_new.png HTTP/1.1" 200 853
172.20.0.100 - - [04/Nov/2021:11:44:18 +0800] "GET /xingrg/javascript/jquery_easy_ui/themes/icons/checkout_new.png HTTP/1.1" 200 744
172.20.0.100 - - [04/Nov/2021:11:44:18 +0800] "GET /xingrg/javascript/jquery_easy_ui/themes/icons/forms_new.png HTTP/1.1" 200 350
172.20.0.100 - - [04/Nov/2021:11:44:18 +0800] "GET /xingrg/javascript/jquery_easy_ui/themes/icons/systemset_new.png HTTP/1.1" 200 606
172.20.0.100 - - [04/Nov/2021:11:44:18 +0800] "GET /xingrg/javascript/jquery_easy_ui/themes/default/images/tree_file.gif HTTP/1.1" 200 118
172.20.0.100 - - [04/Nov/2021:11:44:18 +0800] "GET /xingrg/javascript/jquery_easy_ui/themes/icons/setting_new.png HTTP/1.1" 200 450
172.20.0.100 - - [04/Nov/2021:11:44:18 +0800] "GET /xingrg/javascript/jquery_easy_ui/themes/default/images/tree_folder.gif HTTP/1.1" 200 952
180.157.253.6 - - [04/Nov/2021:11:44:19 +0800] "POST /xingrg/kc/buy/cgsh_order_operate.html HTTP/1.1" 200 37
58.221.95.50 - - [04/Nov/2021:11:44:20 +0800] "GET /xingrg/all/function/internal_message.html?_=1635997459624&CODE_STATE=getMsg HTTP/1.1" 200 27
172.20.0.100 - - [04/Nov/2021:11:44:20 +0800] "GET /xingrg/javascript/jquery_easy_ui/themes/icons/area.png HTTP/1.1" 200 262
172.20.0.100 - - [04/Nov/2021:11:44:20 +0800] "GET /xingrg/javascript/jquery_easy_ui/themes/icons/manage.png HTTP/1.1" 200 696
172.20.0.100 - - [04/Nov/2021:11:44:20 +0800] "GET /xingrg/javascript/jquery_easy_ui/themes/icons/rest.png HTTP/1.1" 200 695
172.20.0.100 - - [04/Nov/2021:11:44:20 +0800] "GET /xingrg/javascript/jquery_easy_ui/themes/default/images/button_a_bg.gif HTTP/1.1" 200 1194
172.20.0.100 - - [04/Nov/2021:11:44:20 +0800] "GET /xingrg/javascript/jquery_easy_ui/themes/default/images/button_span_bg.gif HTTP/1.1" 200 2061
172.20.0.100 - - [04/Nov/2021:11:44:20 +0800] "GET /xingrg/javascript/jquery_easy_ui/themes/icons/ok.png HTTP/1.1" 200 883
172.20.0.100 - - [04/Nov/2021:11:44:20 +0800] "GET /xingrg/javascript/jquery_easy_ui/themes/default/images/panel_tools.gif HTTP/1.1" 200 737
172.20.0.100 - - [04/Nov/2021:11:44:20 +0800] "GET /xingrg/javascript/jquery_easy_ui/themes/default/images/panel_title.png HTTP/1.1" 200 266
222.70.171.86 - - [04/Nov/2021:11:44:21 +0800] "GET /xingrg/all/function/internal_message.html?_=1635997460487&CODE_STATE=getMsg HTTP/1.1" 200 27
172.20.0.100 - - [04/Nov/2021:11:44:22 +0800] "GET /favicon.ico HTTP/1.1" 404 -
180.169.147.146 - - [04/Nov/2021:11:44:22 +0800] "GET /favicon.ico HTTP/1.1" 404 -
172.20.0.100 - - [04/Nov/2021:11:44:22 +0800] "GET /xingrg/images/control/ajaxLoader.gif HTTP/1.1" 200 4659
172.20.0.100 - - [04/Nov/2021:11:44:22 +0800] "POST /xingrg/all/user/operate.html HTTP/1.1" 200 36
172.20.0.100 - - [04/Nov/2021:11:44:22 +0800] "GET /xingrg/javascript/jquery_easy_ui/themes/default/easyui.css HTTP/1.1" 304 -
172.20.0.100 - - [04/Nov/2021:11:44:22 +0800] "GET /xingrg/index.html?sysBaseUrl=http%3A%2F%2F172.20.0.8%3A18081%2Fxingrg%2F&costTime=66×tamp=1635997457965 HTTP/1.1" 200 17454
172.20.0.100 - - [04/Nov/2021:11:44:22 +0800] "GET /xingrg/javascript/jquery_easy_ui/themes/icon.css HTTP/1.1" 304 -
172.20.0.100 - - [04/Nov/2021:11:44:22 +0800] "GET /xingrg/css/form.css HTTP/1.1" 304 -
172.20.0.100 - - [04/Nov/2021:11:44:22 +0800] "GET /xingrg/javascript/jquery-1.4.2.min.js HTTP/1.1" 304 -
172.20.0.100 - - [04/Nov/2021:11:44:22 +0800] "GET /xingrg/javascript/jquery_easy_ui/jquery.easyui.min.js HTTP/1.1" 304 -
172.20.0.100 - - [04/Nov/2021:11:44:22 +0800] "GET /xingrg/javascript/jquery_easy_ui/easyui-lang-zh_CN.js HTTP/1.1" 304 -
172.20.0.100 - - [04/Nov/2021:11:44:22 +0800] "GET /xingrg/javascript/jquery.form.js HTTP/1.1" 304 -
172.20.0.100 - - [04/Nov/2021:11:44:22 +0800] "GET /xingrg/javascript/jquery.utils.js HTTP/1.1" 304 -
172.20.0.100 - - [04/Nov/2021:11:44:22 +0800] "GET /xingrg/javascript/jquery.timers.js HTTP/1.1" 304 -
172.20.0.100 - - [04/Nov/2021:11:44:23 +0800] "GET /xingrg/images/blue/jxLogo.png HTTP/1.1" 304 -
172.20.0.100 - - [04/Nov/2021:11:44:23 +0800] "GET /xingrg/images/blue/navBackgound.jpg HTTP/1.1" 304 -
172.20.0.100 - - [04/Nov/2021:11:44:23 +0800] "GET /xingrg/javascript/jquery_easy_ui/themes/icons/settle_new.png HTTP/1.1" 304 -
172.20.0.100 - - [04/Nov/2021:11:44:23 +0800] "POST /xingrg/all/common/load_tree.html?tree=area_rest_tree_json&manage=1 HTTP/1.1" 200 3472
172.20.0.100 - - [04/Nov/2021:11:44:23 +0800] "GET /xingrg/all/function/internal_message.html?_=1635997461438&CODE_STATE=count HTTP/1.1" 200 11
172.20.0.100 - - [04/Nov/2021:11:44:23 +0800] "GET /xingrg/check_reg.html?_=1635997461440 HTTP/1.1" 200 22
172.20.0.100 - - [04/Nov/2021:11:44:23 +0800] "GET /xingrg/javascript/jquery_easy_ui/themes/default/images/tabs_leftarrow.png HTTP/1.1" 304 -
172.20.0.100 - - [04/Nov/2021:11:44:23 +0800] "GET /xingrg/javascript/jquery_easy_ui/themes/default/images/panel_tool_expand.gif HTTP/1.1" 304 -
172.20.0.100 - - [04/Nov/2021:11:44:23 +0800] "GET /xingrg/javascript/jquery_easy_ui/themes/default/images/panel_tool_collapse.gif HTTP/1.1" 304 -
172.20.0.100 - - [04/Nov/2021:11:44:23 +0800] "GET /xingrg/javascript/jquery_easy_ui/themes/default/images/tabs_rightarrow.png HTTP/1.1" 304 -
172.20.0.100 - - [04/Nov/2021:11:44:23 +0800] "GET /xingrg/images/blue/pingpu.png HTTP/1.1" 304 -
172.20.0.100 - - [04/Nov/2021:11:44:23 +0800] "POST /xingrg/load_menu.html HTTP/1.1" 200 9924
180.157.253.6 - - [04/Nov/2021:11:44:25 +0800] "POST /xingrg/kc/buy/cgsh_order_operate.html HTTP/1.1" 200 7396
180.169.147.146 - - [04/Nov/2021:11:44:25 +0800] "GET /xingrg/all/function/internal_message.html?_=1635997465350&CODE_STATE=getMsg HTTP/1.1" 302 -
172.20.0.100 - - [04/Nov/2021:11:44:26 +0800] "GET /xingrg/system/info/materiel_manager.html HTTP/1.1" 200 19442
172.20.0.100 - - [04/Nov/2021:11:44:26 +0800] "GET /xingrg/javascript/jquery_easy_ui/themes/default/images/tabs_close.gif HTTP/1.1" 200 829
172.20.0.100 - - [04/Nov/2021:11:44:26 +0800] "GET /xingrg/css/blue.css HTTP/1.1" 200 15949
172.20.0.100 - - [04/Nov/2021:11:44:26 +0800] "GET /xingrg/css/xtree.css HTTP/1.1" 200 880
172.20.0.100 - - [04/Nov/2021:11:44:26 +0800] "GET /xingrg/javascript/jquery_ui/themes/base/base.css HTTP/1.1" 200 28568
172.20.0.100 - - [04/Nov/2021:11:44:26 +0800] "GET /xingrg/javascript/pic_change.js HTTP/1.1" 200 4739
172.20.0.100 - - [04/Nov/2021:11:44:26 +0800] "GET /xingrg/dwr/interface/AjaxComOrderService.js HTTP/1.1" 200 18264
172.20.0.100 - - [04/Nov/2021:11:44:26 +0800] "GET /xingrg/dwr/interface/AjaxBaseInfoService.js HTTP/1.1" 200 21363
172.20.0.100 - - [04/Nov/2021:11:44:26 +0800] "GET /xingrg/dwr/util.js HTTP/1.1" 200 35990
172.20.0.100 - - [04/Nov/2021:11:44:26 +0800] "GET /xingrg/dwr/engine.js HTTP/1.1" 200 43631
172.20.0.100 - - [04/Nov/2021:11:44:26 +0800] "GET /xingrg/javascript/Calendar.js HTTP/1.1" 200 31561
172.20.0.100 - - [04/Nov/2021:11:44:26 +0800] "GET /xingrg/javascript/myfunction.js HTTP/1.1" 200 24559
172.20.0.100 - - [04/Nov/2021:11:44:26 +0800] "GET /xingrg/javascript/Grid.js HTTP/1.1" 200 58908
172.20.0.100 - - [04/Nov/2021:11:44:26 +0800] "GET /xingrg/javascript/print/LodopFuncs.js HTTP/1.1" 200 5121
172.20.0.100 - - [04/Nov/2021:11:44:26 +0800] "GET /xingrg/javascript/xtree.js HTTP/1.1" 200 26582
172.20.0.100 - - [04/Nov/2021:11:44:26 +0800] "GET /xingrg/javascript/ToolTips.js HTTP/1.1" 200 5615
172.20.0.100 - - [04/Nov/2021:11:44:26 +0800] "GET /xingrg/images/xtree/openfoldericon.png HTTP/1.1" 200 232
172.20.0.100 - - [04/Nov/2021:11:44:26 +0800] "GET /xingrg/javascript/jquery_easy_ui/themes/icons/back_new.png HTTP/1.1" 200 3414
172.20.0.100 - - [04/Nov/2021:11:44:26 +0800] "GET /xingrg/javascript/jquery_easy_ui/themes/icons/import_new.png HTTP/1.1" 200 1247
172.20.0.100 - - [04/Nov/2021:11:44:26 +0800] "GET /xingrg/javascript/jquery_easy_ui/themes/icons/print_new.png HTTP/1.1" 200 3580
172.20.0.100 - - [04/Nov/2021:11:44:26 +0800] "GET /xingrg/images/blue/wait.gif HTTP/1.1" 200 1100
172.20.0.100 - - [04/Nov/2021:11:44:26 +0800] "POST /xingrg/dwr/call/plaincall/AjaxBaseInfoService.getSubMaterielSorts.dwr HTTP/1.1" 200 219
172.20.0.100 - - [04/Nov/2021:11:44:26 +0800] "GET /xingrg/images/xtree/Lplus.png HTTP/1.1" 200 224
172.20.0.100 - - [04/Nov/2021:11:44:26 +0800] "GET /xingrg/images/xtree/foldericon.png HTTP/1.1" 200 229
172.20.0.100 - - [04/Nov/2021:11:44:26 +0800] "GET /xingrg/images/xtree/Tplus.png HTTP/1.1" 200 222
172.20.0.100 - - [04/Nov/2021:11:44:26 +0800] "GET /xingrg/images/xtree/Lplus.png HTTP/1.1" 200 224
172.20.0.100 - - [04/Nov/2021:11:44:27 +0800] "POST /xingrg/dwr/call/plaincall/AjaxBaseInfoService.getMateriels.dwr HTTP/1.1" 200 2929
124.78.153.86 - - [04/Nov/2021:11:44:28 +0800] "GET /xingrg/all/function/internal_message.html?_=1635997471991&CODE_STATE=getMsg HTTP/1.1" 200 27
172.20.0.100 - - [04/Nov/2021:11:44:29 +0800] "POST /xingrg/dwr/call/plaincall/AjaxBaseInfoService.getSubMaterielSorts.dwr HTTP/1.1" 200 3802
172.20.0.100 - - [04/Nov/2021:11:44:29 +0800] "GET /xingrg/images/xtree/blank.png HTTP/1.1" 200 144
172.20.0.100 - - [04/Nov/2021:11:44:29 +0800] "GET /xingrg/images/xtree/L.png HTTP/1.1" 200 153
172.20.0.100 - - [04/Nov/2021:11:44:29 +0800] "GET /xingrg/images/xtree/file.png HTTP/1.1" 200 251
172.20.0.100 - - [04/Nov/2021:11:44:29 +0800] "GET /xingrg/images/xtree/T.png HTTP/1.1" 200 152
172.20.0.100 - - [04/Nov/2021:11:44:29 +0800] "GET /xingrg/images/xtree/L.png HTTP/1.1" 200 153
172.20.0.100 - - [04/Nov/2021:11:44:29 +0800] "GET /xingrg/images/xtree/Lminus.png HTTP/1.1" 200 219
172.20.0.100 - - [04/Nov/2021:11:44:29 +0800] "POST /xingrg/dwr/call/plaincall/AjaxBaseInfoService.getMateriels.dwr HTTP/1.1" 200 3020
180.157.253.6 - - [04/Nov/2021:11:44:31 +0800] "POST /xingrg/kc/buy/cgsh_order_operate.html HTTP/1.1" 200 37
172.20.0.100 - - [04/Nov/2021:11:44:31 +0800] "POST /xingrg/dwr/call/plaincall/AjaxBaseInfoService.getMateriels.dwr HTTP/1.1" 200 3025
180.157.253.6 - - [04/Nov/2021:11:44:32 +0800] "POST /xingrg/kc/buy/cgsh_order_operate.html HTTP/1.1" 200 7396
180.157.253.6 - - [04/Nov/2021:11:44:32 +0800] "GET /xingrg/all/function/internal_message.html?_=1635997473059&CODE_STATE=getMsg HTTP/1.1" 200 27
172.20.0.100 - - [04/Nov/2021:11:44:34 +0800] "GET /xingrg/system/info/materiel_info.html?code=00102035&isAdd=1 HTTP/1.1" 200 35823
172.20.0.100 - - [04/Nov/2021:11:44:34 +0800] "GET /xingrg/dwr/interface/AjaxGetFirstChart.js HTTP/1.1" 200 631
172.20.0.100 - - [04/Nov/2021:11:44:34 +0800] "GET /xingrg/dwr/engine.js HTTP/1.1" 200 43631
172.20.0.100 - - [04/Nov/2021:11:44:34 +0800] "GET /xingrg/javascript/checkform.js HTTP/1.1" 200 18351
172.20.0.100 - - [04/Nov/2021:11:44:34 +0800] "POST /xingrg/all/common/load_tree.html?tree=area_rest_tree_json HTTP/1.1" 200 3472
172.20.0.100 - - [04/Nov/2021:11:44:34 +0800] "GET /favicon.ico HTTP/1.1" 404 -
172.20.0.100 - - [04/Nov/2021:11:44:34 +0800] "POST /xingrg/dwr/call/plaincall/AjaxBaseInfoService.getMaterielInfo.dwr HTTP/1.1" 200 217
172.20.0.100 - - [04/Nov/2021:11:44:34 +0800] "POST /xingrg/all/common/load_tree.html?tree=area_rest_tree_json&defaultRests=undefined HTTP/1.1" 200 3472
172.20.0.100 - - [04/Nov/2021:11:44:34 +0800] "GET /xingrg/javascript/jquery_easy_ui/themes/default/images/tree_checkbox_0.gif HTTP/1.1" 200 168
180.157.253.6 - - [04/Nov/2021:11:44:35 +0800] "GET /xingrg/all/function/internal_message.html?_=1635997474113&CODE_STATE=getMsg HTTP/1.1" 200 27
180.169.147.146 - - [04/Nov/2021:11:44:40 +0800] "GET /xingrg/all/function/internal_message.html?_=1635997542618&CODE_STATE=getMsg HTTP/1.1" 200 27
180.157.253.6 - - [04/Nov/2021:11:44:50 +0800] "GET /xingrg/kc/print/load_data.html?order_code=212021110401328&kc_code=cgsh&condition= HTTP/1.1" 200 2536
222.70.171.86 - - [04/Nov/2021:11:44:51 +0800] "GET /xingrg/all/function/internal_message.html?_=1635997483283&CODE_STATE=getMsg HTTP/1.1" 302 -
101.85.120.86 - - [04/Nov/2021:11:44:52 +0800] "GET /xingrg/all/function/internal_message.html?_=1635997491499&CODE_STATE=getMsg HTTP/1.1" 200 27
101.85.120.86 - - [04/Nov/2021:11:44:52 +0800] "GET /xingrg/check_reg.html?_=1635997491502 HTTP/1.1" 200 22
114.86.226.51 - - [04/Nov/2021:11:44:55 +0800] "GET /xingrg/all/function/internal_message.html?_=1635997494374&CODE_STATE=getMsg HTTP/1.1" 200 27
114.86.226.51 - - [04/Nov/2021:11:44:55 +0800] "GET /xingrg/check_reg.html?_=1635997494375 HTTP/1.1" 200 22
114.85.125.222 - - [04/Nov/2021:11:44:55 +0800] "GET /xingrg/all/function/internal_message.html?_=1635997426130&CODE_STATE=getMsg HTTP/1.1" 200 27
222.69.131.182 - - [04/Nov/2021:11:44:57 +0800] "GET /xingrg/all/function/internal_message.html?_=1635997493949&CODE_STATE=getMsg HTTP/1.1" 200 27
180.169.147.146 - - [04/Nov/2021:11:44:58 +0800] "GET /xingrg/all/function/internal_message.html?_=1635997497358&CODE_STATE=getMsg HTTP/1.1" 200 27
180.157.253.6 - - [04/Nov/2021:11:44:59 +0800] "GET /xingrg/kc/buy/cgsh_order_add.html HTTP/1.1" 200 64717
180.157.253.6 - - [04/Nov/2021:11:45:00 +0800] "POST /xingrg/kc/buy/cgsh_order_operate.html HTTP/1.1" 200 8245
180.157.253.6 - - [04/Nov/2021:11:45:00 +0800] "GET /xingrg/javascript/easyui/themes/default/validatebox.css HTTP/1.1" 404 1104
172.20.0.100 - - [04/Nov/2021:11:45:03 +0800] "POST /xingrg/dwr/call/plaincall/AjaxGetFirstChart.getFirstChart.dwr HTTP/1.1" 200 88
58.40.7.146 - - [04/Nov/2021:11:45:04 +0800] "GET /xingrg/all/function/internal_message.html?_=1635997503456&CODE_STATE=getMsg HTTP/1.1" 200 27
58.40.7.146 - - [04/Nov/2021:11:45:08 +0800] "GET /xingrg/all/function/internal_message.html?_=1635997506627&CODE_STATE=getMsg HTTP/1.1" 200 27
172.20.0.100 - - [04/Nov/2021:11:45:11 +0800] "POST /xingrg/dwr/call/plaincall/AjaxBaseInfoService.changeUnitGroup.dwr HTTP/1.1" 200 243
172.20.0.100 - - [04/Nov/2021:11:45:11 +0800] "GET /xingrg/all/function/internal_message.html?_=1635997510273&CODE_STATE=getMsg HTTP/1.1" 200 27
172.20.0.100 - - [04/Nov/2021:11:45:13 +0800] "POST /xingrg/dwr/call/plaincall/AjaxBaseInfoService.saveMateriel.dwr HTTP/1.1" 200 108
172.20.0.100 - - [04/Nov/2021:11:45:13 +0800] "POST /xingrg/dwr/call/plaincall/AjaxBaseInfoService.getMateriels.dwr HTTP/1.1" 200 3025
116.238.248.233 - - [04/Nov/2021:11:45:14 +0800] "GET /xingrg/all/function/internal_message.html?_=1635997508730&CODE_STATE=getMsg HTTP/1.1" 200 27
172.20.0.100 - - [04/Nov/2021:11:45:14 +0800] "GET /xingrg/system/info/materiel_info.html?code=00102035&isAdd=1 HTTP/1.1" 200 35823
172.20.0.100 - - [04/Nov/2021:11:45:14 +0800] "GET /xingrg/dwr/interface/AjaxGetFirstChart.js HTTP/1.1" 200 631
172.20.0.100 - - [04/Nov/2021:11:45:14 +0800] "GET /xingrg/dwr/interface/AjaxComOrderService.js HTTP/1.1" 200 18264
172.20.0.100 - - [04/Nov/2021:11:45:14 +0800] "GET /xingrg/dwr/interface/AjaxBaseInfoService.js HTTP/1.1" 200 21363
172.20.0.100 - - [04/Nov/2021:11:45:14 +0800] "GET /xingrg/dwr/engine.js HTTP/1.1" 200 43631
172.20.0.100 - - [04/Nov/2021:11:45:14 +0800] "POST /xingrg/all/common/load_tree.html?tree=area_rest_tree_json HTTP/1.1" 200 3472
172.20.0.100 - - [04/Nov/2021:11:45:14 +0800] "POST /xingrg/dwr/call/plaincall/AjaxBaseInfoService.getMaterielInfo.dwr HTTP/1.1" 200 217
172.20.0.100 - - [04/Nov/2021:11:45:15 +0800] "POST /xingrg/all/common/load_tree.html?tree=area_rest_tree_json&defaultRests=undefined HTTP/1.1" 200 3472
58.39.139.200 - - [04/Nov/2021:11:45:17 +0800] "GET /xingrg/all/function/internal_message.html?_=1635997515483&CODE_STATE=getMsg HTTP/1.1" 200 27
120.253.135.82 - - [04/Nov/2021:11:45:18 +0800] "GET /xingrg/all/function/internal_message.html?_=1635997646414&CODE_STATE=getMsg HTTP/1.1" 200 27
222.70.171.86 - - [04/Nov/2021:11:45:20 +0800] "GET /xingrg/check_reg.html?_=1635997519408 HTTP/1.1" 200 22
172.20.0.100 - - [04/Nov/2021:11:45:20 +0800] "POST /xingrg/dwr/call/plaincall/AjaxGetFirstChart.getFirstChart.dwr HTTP/1.1" 200 82
58.221.95.50 - - [04/Nov/2021:11:45:20 +0800] "GET /xingrg/all/function/internal_message.html?_=1635997519596&CODE_STATE=getMsg HTTP/1.1" 200 27
222.70.171.86 - - [04/Nov/2021:11:45:21 +0800] "GET /xingrg/all/function/internal_message.html?_=1635997520500&CODE_STATE=getMsg HTTP/1.1" 200 27
172.20.0.100 - - [04/Nov/2021:11:45:23 +0800] "GET /xingrg/all/function/internal_message.html?_=1635997521464&CODE_STATE=getMsg HTTP/1.1" 200 27
172.20.0.100 - - [04/Nov/2021:11:45:23 +0800] "POST /xingrg/dwr/call/plaincall/AjaxBaseInfoService.changeUnitGroup.dwr HTTP/1.1" 200 243
172.20.0.100 - - [04/Nov/2021:11:45:25 +0800] "POST /xingrg/dwr/call/plaincall/AjaxBaseInfoService.saveMateriel.dwr HTTP/1.1" 200 108
172.20.0.100 - - [04/Nov/2021:11:45:25 +0800] "POST /xingrg/dwr/call/plaincall/AjaxBaseInfoService.getMateriels.dwr HTTP/1.1" 200 3025
180.169.147.146 - - [04/Nov/2021:11:45:25 +0800] "GET /xingrg/all/function/internal_message.html?_=1635997525321&CODE_STATE=getMsg HTTP/1.1" 302 -
172.20.0.100 - - [04/Nov/2021:11:45:27 +0800] "GET /xingrg/system/info/materiel_info.html?code=00102035&isAdd=1 HTTP/1.1" 200 35823
172.20.0.100 - - [04/Nov/2021:11:45:27 +0800] "GET /xingrg/dwr/interface/AjaxGetFirstChart.js HTTP/1.1" 200 631
172.20.0.100 - - [04/Nov/2021:11:45:27 +0800] "GET /xingrg/dwr/interface/AjaxBaseInfoService.js HTTP/1.1" 200 21363
172.20.0.100 - - [04/Nov/2021:11:45:27 +0800] "GET /xingrg/dwr/interface/AjaxComOrderService.js HTTP/1.1" 200 18264
172.20.0.100 - - [04/Nov/2021:11:45:27 +0800] "GET /xingrg/dwr/engine.js HTTP/1.1" 200 43631
172.20.0.100 - - [04/Nov/2021:11:45:27 +0800] "POST /xingrg/all/common/load_tree.html?tree=area_rest_tree_json HTTP/1.1" 200 3472
172.20.0.100 - - [04/Nov/2021:11:45:27 +0800] "POST /xingrg/dwr/call/plaincall/AjaxBaseInfoService.getMaterielInfo.dwr HTTP/1.1" 200 217
172.20.0.100 - - [04/Nov/2021:11:45:27 +0800] "POST /xingrg/all/common/load_tree.html?tree=area_rest_tree_json&defaultRests=undefined HTTP/1.1" 200 3472
124.78.153.86 - - [04/Nov/2021:11:45:28 +0800] "GET /xingrg/all/function/internal_message.html?_=1635997531992&CODE_STATE=getMsg HTTP/1.1" 200 27
124.78.153.86 - - [04/Nov/2021:11:45:28 +0800] "GET /xingrg/check_reg.html?_=1635997532057 HTTP/1.1" 200 22
180.157.253.6 - - [04/Nov/2021:11:45:32 +0800] "GET /xingrg/all/function/internal_message.html?_=1635997533059&CODE_STATE=getMsg HTTP/1.1" 200 27
180.157.253.6 - - [04/Nov/2021:11:45:35 +0800] "GET /xingrg/all/function/internal_message.html?_=1635997534088&CODE_STATE=getMsg HTTP/1.1" 200 27
120.253.135.82 - - [04/Nov/2021:11:45:36 +0800] "GET /xingrg/check_reg.html?_=1635997664477 HTTP/1.1" 200 22
180.169.147.146 - - [04/Nov/2021:11:45:40 +0800] "GET /xingrg/check_reg.html?_=1635997602620 HTTP/1.1" 200 22
180.169.147.146 - - [04/Nov/2021:11:45:40 +0800] "GET /xingrg/all/function/internal_message.html?_=1635997602623&CODE_STATE=getMsg HTTP/1.1" 200 27
222.70.171.86 - - [04/Nov/2021:11:45:50 +0800] "GET /xingrg/check_reg.html?_=1635997541861 HTTP/1.1" 302 -
222.70.171.86 - - [04/Nov/2021:11:45:51 +0800] "GET /xingrg/all/function/internal_message.html?_=1635997543296&CODE_STATE=getMsg HTTP/1.1" 302 -
101.85.120.86 - - [04/Nov/2021:11:45:52 +0800] "GET /xingrg/all/function/internal_message.html?_=1635997551502&CODE_STATE=getMsg HTTP/1.1" 200 27
114.86.226.51 - - [04/Nov/2021:11:45:55 +0800] "GET /xingrg/all/function/internal_message.html?_=1635997554375&CODE_STATE=getMsg HTTP/1.1" 200 27
114.85.125.222 - - [04/Nov/2021:11:45:55 +0800] "GET /xingrg/all/function/internal_message.html?_=1635997486141&CODE_STATE=getMsg HTTP/1.1" 200 27
222.69.131.182 - - [04/Nov/2021:11:45:57 +0800] "GET /xingrg/all/function/internal_message.html?_=1635997553932&CODE_STATE=getMsg HTTP/1.1" 200 27
180.169.147.146 - - [04/Nov/2021:11:45:58 +0800] "GET /xingrg/check_reg.html?_=1635997557362 HTTP/1.1" 200 22
180.169.147.146 - - [04/Nov/2021:11:45:58 +0800] "GET /xingrg/all/function/internal_message.html?_=1635997557362&CODE_STATE=getMsg HTTP/1.1" 200 27
58.40.7.146 - - [04/Nov/2021:11:46:04 +0800] "GET /xingrg/all/function/internal_message.html?_=1635997563443&CODE_STATE=getMsg HTTP/1.1" 200 27
58.40.7.146 - - [04/Nov/2021:11:46:08 +0800] "GET /xingrg/all/function/internal_message.html?_=1635997566632&CODE_STATE=getMsg HTTP/1.1" 200 27
58.40.7.146 - - [04/Nov/2021:11:46:08 +0800] "GET /xingrg/check_reg.html?_=1635997566635 HTTP/1.1" 200 22
172.20.0.100 - - [04/Nov/2021:11:46:11 +0800] "GET /xingrg/check_reg.html?_=1635997570282 HTTP/1.1" 200 22
172.20.0.100 - - [04/Nov/2021:11:46:11 +0800] "GET /xingrg/all/function/internal_message.html?_=1635997570285&CODE_STATE=getMsg HTTP/1.1" 200 27
116.238.248.233 - - [04/Nov/2021:11:46:14 +0800] "GET /xingrg/all/function/internal_message.html?_=1635997568729&CODE_STATE=getMsg HTTP/1.1" 200 27
58.39.139.200 - - [04/Nov/2021:11:46:17 +0800] "GET /xingrg/all/function/internal_message.html?_=1635997575456&CODE_STATE=getMsg HTTP/1.1" 200 27
180.169.147.146 - - [04/Nov/2021:11:46:18 +0800] "GET /xingrg/all/function/internal_message.html?_=1635997576528&CODE_STATE=getMsg HTTP/1.1" 200 27
180.169.147.146 - - [04/Nov/2021:11:46:18 +0800] "GET /xingrg/check_reg.html?_=1635997576533 HTTP/1.1" 200 22
180.169.147.146 - - [04/Nov/2021:11:46:18 +0800] "GET /xingrg/kc/buy/cgsh_order_info.html?code=212021102712092 HTTP/1.1" 200 59853
180.169.147.146 - - [04/Nov/2021:11:46:18 +0800] "GET /xingrg/words/20211104114525_words.js HTTP/1.1" 200 869298
120.253.135.82 - - [04/Nov/2021:11:46:18 +0800] "GET /xingrg/all/function/internal_message.html?_=1635997706424&CODE_STATE=getMsg HTTP/1.1" 200 27
180.169.147.146 - - [04/Nov/2021:11:46:18 +0800] "GET /xingrg/javascript/easyui/themes/default/validatebox.css HTTP/1.1" 404 1104
180.169.147.146 - - [04/Nov/2021:11:46:19 +0800] "POST /xingrg/kc/buy/cgsh_order_operate.html HTTP/1.1" 200 614
58.221.95.50 - - [04/Nov/2021:11:46:20 +0800] "GET /xingrg/all/function/internal_message.html?_=1635997579569&CODE_STATE=getMsg HTTP/1.1" 200 27
222.70.171.86 - - [04/Nov/2021:11:46:21 +0800] "GET /xingrg/all/function/internal_message.html?_=1635997580516&CODE_STATE=getMsg HTTP/1.1" 200 27
58.221.95.50 - - [04/Nov/2021:11:46:21 +0800] "GET /xingrg/check_reg.html?_=1635997581198 HTTP/1.1" 200 22
180.169.147.146 - - [04/Nov/2021:11:46:25 +0800] "GET /xingrg/all/function/internal_message.html?_=1635997585293&CODE_STATE=getMsg HTTP/1.1" 302 -
124.78.153.86 - - [04/Nov/2021:11:46:28 +0800] "GET /xingrg/all/function/internal_message.html?_=1635997591997&CODE_STATE=getMsg HTTP/1.1" 200 27
101.85.238.236 - - [04/Nov/2021:11:46:32 +0800] "GET /xingrg/check_reg.html?_=1635997581577 HTTP/1.1" 200 22
180.157.253.6 - - [04/Nov/2021:11:46:32 +0800] "GET /xingrg/all/function/internal_message.html?_=1635997593058&CODE_STATE=getMsg HTTP/1.1" 200 27
180.157.253.6 - - [04/Nov/2021:11:46:32 +0800] "GET /xingrg/check_reg.html?_=1635997593062 HTTP/1.1" 200 22
180.157.253.6 - - [04/Nov/2021:11:46:35 +0800] "GET /xingrg/all/function/internal_message.html?_=1635997594064&CODE_STATE=getMsg HTTP/1.1" 200 27
180.169.147.146 - - [04/Nov/2021:11:46:40 +0800] "GET /xingrg/all/function/internal_message.html?_=1635997662608&CODE_STATE=getMsg HTTP/1.1" 200 27
180.157.253.6 - - [04/Nov/2021:11:46:46 +0800] "GET /xingrg/kc/buy/cgsh_order_operate.html?command=get_materiel&rest_code=00148&code=00101019167&supplier_code=00100036&order_time=2021-11-04 HTTP/1.1" 200 441
222.70.171.86 - - [04/Nov/2021:11:46:51 +0800] "GET /xingrg/all/function/internal_message.html?_=1635997603314&CODE_STATE=getMsg HTTP/1.1" 302 -
101.85.120.86 - - [04/Nov/2021:11:46:52 +0800] "GET /xingrg/all/function/internal_message.html?_=1635997611503&CODE_STATE=getMsg HTTP/1.1" 200 27
114.85.125.222 - - [04/Nov/2021:11:46:53 +0800] "GET /xingrg/check_reg.html?_=1635997543843 HTTP/1.1" 200 22
180.157.253.6 - - [04/Nov/2021:11:46:54 +0800] "GET /xingrg/kc/buy/cgsh_order_operate.html?command=get_materiel&rest_code=00148&code=00101005009&supplier_code=00100036&order_time=2021-11-04 HTTP/1.1" 200 415
114.86.226.51 - - [04/Nov/2021:11:46:55 +0800] "GET /xingrg/all/function/internal_message.html?_=1635997614378&CODE_STATE=getMsg HTTP/1.1" 200 27
114.85.125.222 - - [04/Nov/2021:11:46:55 +0800] "GET /xingrg/all/function/internal_message.html?_=1635997546155&CODE_STATE=getMsg HTTP/1.1" 200 27
222.69.131.182 - - [04/Nov/2021:11:46:57 +0800] "GET /xingrg/all/function/internal_message.html?_=1635997613923&CODE_STATE=getMsg HTTP/1.1" 200 27
180.169.147.146 - - [04/Nov/2021:11:46:57 +0800] "GET /xingrg/check_reg.html?_=1635997617612 HTTP/1.1" 302 -
116.227.210.113 - - [04/Nov/2021:11:46:58 +0800] "GET /favicon.ico HTTP/1.1" 404 -
180.169.147.146 - - [04/Nov/2021:11:46:58 +0800] "GET /xingrg/all/function/internal_message.html?_=1635997617364&CODE_STATE=getMsg HTTP/1.1" 200 27
116.227.210.113 - - [04/Nov/2021:11:46:58 +0800] "GET /xingrg/login.html HTTP/1.1" 200 7641
116.227.210.113 - - [04/Nov/2021:11:46:59 +0800] "GET /favicon.ico HTTP/1.1" 404 -
58.40.7.146 - - [04/Nov/2021:11:47:04 +0800] "GET /xingrg/all/function/internal_message.html?_=1635997623451&CODE_STATE=getMsg HTTP/1.1" 200 27
58.40.7.146 - - [04/Nov/2021:11:47:08 +0800] "GET /xingrg/all/function/internal_message.html?_=1635997626636&CODE_STATE=getMsg HTTP/1.1" 200 27
172.20.0.100 - - [04/Nov/2021:11:47:11 +0800] "GET /xingrg/all/function/internal_message.html?_=1635997630270&CODE_STATE=getMsg HTTP/1.1" 200 27
180.157.253.6 - - [04/Nov/2021:11:47:12 +0800] "GET /xingrg/kc/buy/cgsh_order_operate.html?command=get_materiel&rest_code=00148&code=00101005045&supplier_code=00100036&order_time=2021-11-04 HTTP/1.1" 200 409
116.238.248.233 - - [04/Nov/2021:11:47:14 +0800] "GET /xingrg/all/function/internal_message.html?_=1635997628733&CODE_STATE=getMsg HTTP/1.1" 200 27
116.238.248.233 - - [04/Nov/2021:11:47:14 +0800] "GET /xingrg/check_reg.html?_=1635997628739 HTTP/1.1" 200 22
58.39.139.200 - - [04/Nov/2021:11:47:17 +0800] "GET /xingrg/all/function/internal_message.html?_=1635997635428&CODE_STATE=getMsg HTTP/1.1" 200 27
120.253.135.82 - - [04/Nov/2021:11:47:17 +0800] "GET /xingrg/check_reg.html?_=1635997408513 HTTP/1.1" 200 22
180.169.147.146 - - [04/Nov/2021:11:47:18 +0800] "GET /xingrg/all/function/internal_message.html?_=1635997636504&CODE_STATE=getMsg HTTP/1.1" 200 27
120.253.135.82 - - [04/Nov/2021:11:47:18 +0800] "GET /xingrg/all/function/internal_message.html?_=1635997766438&CODE_STATE=getMsg HTTP/1.1" 200 27
58.221.95.50 - - [04/Nov/2021:11:47:20 +0800] "GET /xingrg/all/function/internal_message.html?_=1635997639573&CODE_STATE=getMsg HTTP/1.1" 200 27
222.70.171.86 - - [04/Nov/2021:11:47:21 +0800] "GET /xingrg/all/function/internal_message.html?_=1635997640527&CODE_STATE=getMsg HTTP/1.1" 200 27
180.169.147.146 - - [04/Nov/2021:11:47:25 +0800] "GET /xingrg/all/function/internal_message.html?_=1635997645272&CODE_STATE=getMsg HTTP/1.1" 302 -
124.78.153.86 - - [04/Nov/2021:11:47:28 +0800] "GET /xingrg/all/function/internal_message.html?_=1635997651982&CODE_STATE=getMsg HTTP/1.1" 200 27
180.157.253.6 - - [04/Nov/2021:11:47:32 +0800] "GET /xingrg/all/function/internal_message.html?_=1635997653062&CODE_STATE=getMsg HTTP/1.1" 200 27
180.157.253.6 - - [04/Nov/2021:11:47:35 +0800] "GET /xingrg/all/function/internal_message.html?_=1635997654040&CODE_STATE=getMsg HTTP/1.1" 200 27
180.169.147.146 - - [04/Nov/2021:11:47:40 +0800] "GET /xingrg/all/function/internal_message.html?_=1635997722610&CODE_STATE=getMsg HTTP/1.1" 200 27
222.70.171.86 - - [04/Nov/2021:11:47:51 +0800] "GET /xingrg/all/function/internal_message.html?_=1635997663324&CODE_STATE=getMsg HTTP/1.1" 302 -
101.85.120.86 - - [04/Nov/2021:11:47:52 +0800] "GET /xingrg/all/function/internal_message.html?_=1635997671504&CODE_STATE=getMsg HTTP/1.1" 200 27
114.86.226.51 - - [04/Nov/2021:11:47:55 +0800] "GET /xingrg/all/function/internal_message.html?_=1635997674380&CODE_STATE=getMsg HTTP/1.1" 200 27
114.85.125.222 - - [04/Nov/2021:11:47:55 +0800] "GET /xingrg/all/function/internal_message.html?_=1635997606170&CODE_STATE=getMsg HTTP/1.1" 200 27
222.69.131.182 - - [04/Nov/2021:11:47:57 +0800] "GET /xingrg/all/function/internal_message.html?_=1635997673909&CODE_STATE=getMsg HTTP/1.1" 200 27
180.169.147.146 - - [04/Nov/2021:11:47:58 +0800] "GET /xingrg/all/function/internal_message.html?_=1635997677366&CODE_STATE=getMsg HTTP/1.1" 200 27
58.40.7.146 - - [04/Nov/2021:11:48:04 +0800] "GET /xingrg/check_reg.html?_=1635997683456 HTTP/1.1" 200 22
58.40.7.146 - - [04/Nov/2021:11:48:04 +0800] "GET /xingrg/all/function/internal_message.html?_=1635997683460&CODE_STATE=getMsg HTTP/1.1" 200 27
58.40.7.146 - - [04/Nov/2021:11:48:08 +0800] "GET /xingrg/all/function/internal_message.html?_=1635997686631&CODE_STATE=getMsg HTTP/1.1" 200 27
172.20.0.100 - - [04/Nov/2021:11:48:11 +0800] "GET /xingrg/all/function/internal_message.html?_=1635997690273&CODE_STATE=getMsg HTTP/1.1" 200 27
116.238.248.233 - - [04/Nov/2021:11:48:14 +0800] "GET /xingrg/all/function/internal_message.html?_=1635997688737&CODE_STATE=getMsg HTTP/1.1" 200 27
58.39.139.200 - - [04/Nov/2021:11:48:17 +0800] "GET /xingrg/all/function/internal_message.html?_=1635997695406&CODE_STATE=getMsg HTTP/1.1" 200 27
180.169.147.146 - - [04/Nov/2021:11:48:18 +0800] "GET /xingrg/all/function/internal_message.html?_=1635997696487&CODE_STATE=getMsg HTTP/1.1" 200 27
120.253.135.82 - - [04/Nov/2021:11:48:19 +0800] "GET /xingrg/all/function/internal_message.html?_=1635997826735&CODE_STATE=getMsg HTTP/1.1" 200 27
58.39.139.200 - - [04/Nov/2021:11:48:20 +0800] "GET /xingrg/check_reg.html?_=1635997698341 HTTP/1.1" 200 22
58.221.95.50 - - [04/Nov/2021:11:48:20 +0800] "GET /xingrg/all/function/internal_message.html?_=1635997699545&CODE_STATE=getMsg HTTP/1.1" 200 27
222.70.171.86 - - [04/Nov/2021:11:48:21 +0800] "GET /xingrg/all/function/internal_message.html?_=1635997700768&CODE_STATE=getMsg HTTP/1.1" 200 27
180.169.147.146 - - [04/Nov/2021:11:48:25 +0800] "GET /xingrg/all/function/internal_message.html?_=1635997705244&CODE_STATE=getMsg HTTP/1.1" 302 -
124.78.153.86 - - [04/Nov/2021:11:48:28 +0800] "GET /xingrg/all/function/internal_message.html?_=1635997712008&CODE_STATE=getMsg HTTP/1.1" 200 27
180.157.253.6 - - [04/Nov/2021:11:48:32 +0800] "GET /xingrg/all/function/internal_message.html?_=1635997713061&CODE_STATE=getMsg HTTP/1.1" 200 27
180.157.253.6 - - [04/Nov/2021:11:48:35 +0800] "GET /xingrg/all/function/internal_message.html?_=1635997714019&CODE_STATE=getMsg HTTP/1.1" 200 27
180.169.147.146 - - [04/Nov/2021:11:48:40 +0800] "GET /xingrg/all/function/internal_message.html?_=1635997782637&CODE_STATE=getMsg HTTP/1.1" 200 27
222.70.171.86 - - [04/Nov/2021:11:48:51 +0800] "GET /xingrg/all/function/internal_message.html?_=1635997723342&CODE_STATE=getMsg HTTP/1.1" 302 -
101.85.120.86 - - [04/Nov/2021:11:48:52 +0800] "GET /xingrg/all/function/internal_message.html?_=1635997731504&CODE_STATE=getMsg HTTP/1.1" 200 27
114.86.226.51 - - [04/Nov/2021:11:48:55 +0800] "GET /xingrg/all/function/internal_message.html?_=1635997734382&CODE_STATE=getMsg HTTP/1.1" 200 27
114.85.125.222 - - [04/Nov/2021:11:48:55 +0800] "GET /xingrg/all/function/internal_message.html?_=1635997666182&CODE_STATE=getMsg HTTP/1.1" 200 27
222.69.131.182 - - [04/Nov/2021:11:48:57 +0800] "GET /xingrg/all/function/internal_message.html?_=1635997733899&CODE_STATE=getMsg HTTP/1.1" 200 27
222.69.131.182 - - [04/Nov/2021:11:48:58 +0800] "GET /xingrg/check_reg.html?_=1635997735133 HTTP/1.1" 200 22
180.169.147.146 - - [04/Nov/2021:11:48:58 +0800] "GET /xingrg/all/function/internal_message.html?_=1635997737378&CODE_STATE=getMsg HTTP/1.1" 200 27
58.40.7.146 - - [04/Nov/2021:11:49:04 +0800] "GET /xingrg/all/function/internal_message.html?_=1635997743448&CODE_STATE=getMsg HTTP/1.1" 200 27
116.227.210.113 - - [04/Nov/2021:11:49:05 +0800] "POST /xingrg/login.do HTTP/1.1" 302 -
116.227.210.113 - - [04/Nov/2021:11:49:05 +0800] "GET /xingrg/index.html?sysBaseUrl=http%3A%2F%2F180.169.147.146%3A18081%2Fxingrg%2F&costTime=44×tamp=1635997745299 HTTP/1.1" 200 17179
116.227.210.113 - - [04/Nov/2021:11:49:05 +0800] "GET /favicon.ico HTTP/1.1" 404 -
116.227.210.113 - - [04/Nov/2021:11:49:05 +0800] "POST /xingrg/all/common/load_tree.html?tree=area_rest_tree_json&manage=1 HTTP/1.1" 200 351
116.227.210.113 - - [04/Nov/2021:11:49:06 +0800] "GET /xingrg/all/function/internal_message.html?_=1635997738486&CODE_STATE=count HTTP/1.1" 200 11
116.227.210.113 - - [04/Nov/2021:11:49:06 +0800] "GET /xingrg/check_reg.html?_=1635997738487 HTTP/1.1" 200 22
116.227.210.113 - - [04/Nov/2021:11:49:06 +0800] "POST /xingrg/load_menu.html HTTP/1.1" 200 5138
58.40.7.146 - - [04/Nov/2021:11:49:08 +0800] "GET /xingrg/all/function/internal_message.html?_=1635997746622&CODE_STATE=getMsg HTTP/1.1" 200 27
116.227.210.113 - - [04/Nov/2021:11:49:08 +0800] "GET /xingrg/kc/buy/cgsh_order_list.html HTTP/1.1" 200 48947
116.227.210.113 - - [04/Nov/2021:11:49:10 +0800] "POST /xingrg/kc/buy/cgsh_list_operate.html HTTP/1.1" 200 876
180.157.253.6 - - [04/Nov/2021:11:49:10 +0800] "GET /xingrg/kc/buy/cgsh_order_operate.html?command=get_materiel&rest_code=00148&code=00101012070&supplier_code=00100036&order_time=2021-11-04 HTTP/1.1" 200 398
172.20.0.100 - - [04/Nov/2021:11:49:11 +0800] "GET /xingrg/all/function/internal_message.html?_=1635997750281&CODE_STATE=getMsg HTTP/1.1" 200 27
180.157.253.6 - - [04/Nov/2021:11:49:13 +0800] "GET /xingrg/check_reg.html?_=1635997751625 HTTP/1.1" 200 22
116.238.248.233 - - [04/Nov/2021:11:49:14 +0800] "GET /xingrg/all/function/internal_message.html?_=1635997748738&CODE_STATE=getMsg HTTP/1.1" 200 27
58.39.139.200 - - [04/Nov/2021:11:49:17 +0800] "GET /xingrg/all/function/internal_message.html?_=1635997755377&CODE_STATE=getMsg HTTP/1.1" 200 27
180.169.147.146 - - [04/Nov/2021:11:49:18 +0800] "GET /xingrg/all/function/internal_message.html?_=1635997756469&CODE_STATE=getMsg HTTP/1.1" 200 27
120.253.135.82 - - [04/Nov/2021:11:49:19 +0800] "GET /xingrg/all/function/internal_message.html?_=1635997886746&CODE_STATE=getMsg HTTP/1.1" 200 27
58.221.95.50 - - [04/Nov/2021:11:49:20 +0800] "GET /xingrg/all/function/internal_message.html?_=1635997759517&CODE_STATE=getMsg HTTP/1.1" 200 27
222.70.171.86 - - [04/Nov/2021:11:49:21 +0800] "GET /xingrg/all/function/internal_message.html?_=1635997760773&CODE_STATE=getMsg HTTP/1.1" 200 27
180.157.253.6 - - [04/Nov/2021:11:49:23 +0800] "GET /xingrg/kc/buy/cgsh_order_operate.html?command=get_materiel&rest_code=00148&code=00101012030&supplier_code=00100036&order_time=2021-11-04 HTTP/1.1" 200 416
180.169.147.146 - - [04/Nov/2021:11:49:25 +0800] "GET /xingrg/all/function/internal_message.html?_=1635997765219&CODE_STATE=getMsg HTTP/1.1" 302 -
124.78.153.86 - - [04/Nov/2021:11:49:28 +0800] "GET /xingrg/all/function/internal_message.html?_=1635997772008&CODE_STATE=getMsg HTTP/1.1" 200 27
180.157.253.6 - - [04/Nov/2021:11:49:32 +0800] "GET /xingrg/all/function/internal_message.html?_=1635997773060&CODE_STATE=getMsg HTTP/1.1" 200 27
180.157.253.6 - - [04/Nov/2021:11:49:35 +0800] "GET /xingrg/all/function/internal_message.html?_=1635997774002&CODE_STATE=getMsg HTTP/1.1" 200 27
180.169.147.146 - - [04/Nov/2021:11:49:40 +0800] "GET /xingrg/all/function/internal_message.html?_=1635997842636&CODE_STATE=getMsg HTTP/1.1" 200 27
222.70.171.86 - - [04/Nov/2021:11:49:51 +0800] "GET /xingrg/all/function/internal_message.html?_=1635997783351&CODE_STATE=getMsg HTTP/1.1" 302 -
101.85.120.86 - - [04/Nov/2021:11:49:52 +0800] "GET /xingrg/check_reg.html?_=1635997791505 HTTP/1.1" 200 22
101.85.120.86 - - [04/Nov/2021:11:49:52 +0800] "GET /xingrg/all/function/internal_message.html?_=1635997791507&CODE_STATE=getMsg HTTP/1.1" 200 27
180.157.253.6 - - [04/Nov/2021:11:49:55 +0800] "GET /xingrg/kc/buy/cgsh_order_operate.html?command=get_materiel&rest_code=00148&code=00101018016&supplier_code=00100036&order_time=2021-11-04 HTTP/1.1" 200 417
114.86.226.51 - - [04/Nov/2021:11:49:55 +0800] "GET /xingrg/all/function/internal_message.html?_=1635997794384&CODE_STATE=getMsg HTTP/1.1" 200 27
114.86.226.51 - - [04/Nov/2021:11:49:55 +0800] "GET /xingrg/check_reg.html?_=1635997794385 HTTP/1.1" 200 22
114.85.125.222 - - [04/Nov/2021:11:49:55 +0800] "GET /xingrg/all/function/internal_message.html?_=1635997726235&CODE_STATE=getMsg HTTP/1.1" 200 27
222.69.131.182 - - [04/Nov/2021:11:49:57 +0800] "GET /xingrg/all/function/internal_message.html?_=1635997793887&CODE_STATE=getMsg HTTP/1.1" 200 27
180.169.147.146 - - [04/Nov/2021:11:49:58 +0800] "GET /xingrg/all/function/internal_message.html?_=1635997797362&CODE_STATE=getMsg HTTP/1.1" 200 27
58.40.7.146 - - [04/Nov/2021:11:50:04 +0800] "GET /xingrg/all/function/internal_message.html?_=1635997803453&CODE_STATE=getMsg HTTP/1.1" 200 27
116.227.210.113 - - [04/Nov/2021:11:50:06 +0800] "GET /xingrg/all/function/internal_message.html?_=1635997798510&CODE_STATE=getMsg HTTP/1.1" 200 27
180.157.253.6 - - [04/Nov/2021:11:50:06 +0800] "GET /xingrg/kc/buy/cgsh_order_operate.html?command=get_materiel&rest_code=00148&code=00101011005&supplier_code=00100036&order_time=2021-11-04 HTTP/1.1" 200 428
58.40.7.146 - - [04/Nov/2021:11:50:08 +0800] "GET /xingrg/all/function/internal_message.html?_=1635997806630&CODE_STATE=getMsg HTTP/1.1" 200 27
172.20.0.100 - - [04/Nov/2021:11:50:11 +0800] "GET /xingrg/all/function/internal_message.html?_=1635997810269&CODE_STATE=getMsg HTTP/1.1" 200 27
116.238.248.233 - - [04/Nov/2021:11:50:14 +0800] "GET /xingrg/all/function/internal_message.html?_=1635997808738&CODE_STATE=getMsg HTTP/1.1" 200 27
58.39.139.200 - - [04/Nov/2021:11:50:17 +0800] "GET /xingrg/all/function/internal_message.html?_=1635997815350&CODE_STATE=getMsg HTTP/1.1" 200 27
180.169.147.146 - - [04/Nov/2021:11:50:18 +0800] "GET /xingrg/all/function/internal_message.html?_=1635997816456&CODE_STATE=getMsg HTTP/1.1" 200 27
120.253.135.82 - - [04/Nov/2021:11:50:19 +0800] "GET /xingrg/all/function/internal_message.html?_=1635997946980&CODE_STATE=getMsg HTTP/1.1" 200 27
222.70.171.86 - - [04/Nov/2021:11:50:20 +0800] "GET /xingrg/check_reg.html?_=1635997819666 HTTP/1.1" 200 22
58.221.95.50 - - [04/Nov/2021:11:50:20 +0800] "GET /xingrg/all/function/internal_message.html?_=1635997819489&CODE_STATE=getMsg HTTP/1.1" 200 27
180.157.253.6 - - [04/Nov/2021:11:50:20 +0800] "GET /xingrg/kc/buy/cgsh_order_operate.html?command=get_materiel&rest_code=00148&code=00101001010&supplier_code=00100036&order_time=2021-11-04 HTTP/1.1" 200 409
222.70.171.86 - - [04/Nov/2021:11:50:21 +0800] "GET /xingrg/all/function/internal_message.html?_=1635997820786&CODE_STATE=getMsg HTTP/1.1" 200 27
180.169.147.146 - - [04/Nov/2021:11:50:25 +0800] "GET /xingrg/all/function/internal_message.html?_=1635997825215&CODE_STATE=getMsg HTTP/1.1" 302 -
124.78.153.86 - - [04/Nov/2021:11:50:28 +0800] "GET /xingrg/all/function/internal_message.html?_=1635997832009&CODE_STATE=getMsg HTTP/1.1" 200 27
124.78.153.86 - - [04/Nov/2021:11:50:28 +0800] "GET /xingrg/check_reg.html?_=1635997832059 HTTP/1.1" 200 22
180.157.253.6 - - [04/Nov/2021:11:50:29 +0800] "POST /xingrg/kc/buy/cgsh_order_operate.html HTTP/1.1" 200 37
180.157.253.6 - - [04/Nov/2021:11:50:32 +0800] "GET /xingrg/all/function/internal_message.html?_=1635997833058&CODE_STATE=getMsg HTTP/1.1" 200 27
120.253.135.82 - - [04/Nov/2021:11:50:37 +0800] "GET /xingrg/check_reg.html?_=1635997964486 HTTP/1.1" 200 22
180.169.147.146 - - [04/Nov/2021:11:50:40 +0800] "GET /xingrg/all/function/internal_message.html?_=1635997902639&CODE_STATE=getMsg HTTP/1.1" 200 27
180.169.147.146 - - [04/Nov/2021:11:50:40 +0800] "GET /xingrg/check_reg.html?_=1635997902646 HTTP/1.1" 200 22
180.157.253.6 - - [04/Nov/2021:11:50:47 +0800] "POST /xingrg/kc/buy/cgsh_order_operate.html HTTP/1.1" 200 5623
180.157.253.6 - - [04/Nov/2021:11:50:49 +0800] "GET /xingrg/kc/print/load_data.html?order_code=212021110401329&kc_code=cgsh&condition= HTTP/1.1" 200 1886
222.70.171.86 - - [04/Nov/2021:11:50:50 +0800] "GET /xingrg/check_reg.html?_=1635997841871 HTTP/1.1" 302 -
222.70.171.86 - - [04/Nov/2021:11:50:51 +0800] "GET /xingrg/all/function/internal_message.html?_=1635997843364&CODE_STATE=getMsg HTTP/1.1" 302 -
101.85.120.86 - - [04/Nov/2021:11:50:52 +0800] "GET /xingrg/all/function/internal_message.html?_=1635997851506&CODE_STATE=getMsg HTTP/1.1" 200 27
180.157.253.6 - - [04/Nov/2021:11:50:54 +0800] "GET /xingrg/kc/buy/cgsh_order_add.html HTTP/1.1" 200 64717
180.157.253.6 - - [04/Nov/2021:11:50:54 +0800] "GET /xingrg/words/20211104114525_words.js HTTP/1.1" 200 869298
114.86.226.51 - - [04/Nov/2021:11:50:55 +0800] "GET /xingrg/all/function/internal_message.html?_=1635997854386&CODE_STATE=getMsg HTTP/1.1" 200 27
114.85.125.222 - - [04/Nov/2021:11:50:55 +0800] "GET /xingrg/all/function/internal_message.html?_=1635997786241&CODE_STATE=getMsg HTTP/1.1" 200 27
180.157.253.6 - - [04/Nov/2021:11:50:56 +0800] "POST /xingrg/kc/buy/cgsh_order_operate.html HTTP/1.1" 200 8245
180.157.253.6 - - [04/Nov/2021:11:50:56 +0800] "GET /xingrg/javascript/easyui/themes/default/validatebox.css HTTP/1.1" 404 1104
222.69.131.182 - - [04/Nov/2021:11:50:57 +0800] "GET /xingrg/all/function/internal_message.html?_=1635997853859&CODE_STATE=getMsg HTTP/1.1" 200 27
180.169.147.146 - - [04/Nov/2021:11:50:58 +0800] "GET /xingrg/check_reg.html?_=1635997857364 HTTP/1.1" 200 22
180.169.147.146 - - [04/Nov/2021:11:50:58 +0800] "GET /xingrg/all/function/internal_message.html?_=1635997857366&CODE_STATE=getMsg HTTP/1.1" 200 27
58.40.7.146 - - [04/Nov/2021:11:51:04 +0800] "GET /xingrg/all/function/internal_message.html?_=1635997863456&CODE_STATE=getMsg HTTP/1.1" 200 27
116.227.210.113 - - [04/Nov/2021:11:51:06 +0800] "GET /xingrg/all/function/internal_message.html?_=1635997858511&CODE_STATE=getMsg HTTP/1.1" 200 27
58.40.7.146 - - [04/Nov/2021:11:51:08 +0800] "GET /xingrg/all/function/internal_message.html?_=1635997866632&CODE_STATE=getMsg HTTP/1.1" 200 27
58.40.7.146 - - [04/Nov/2021:11:51:08 +0800] "GET /xingrg/check_reg.html?_=1635997866636 HTTP/1.1" 200 22
58.37.227.186 - - [04/Nov/2021:11:51:09 +0800] "POST /xingrg/kc/buy/cgsh_list_operate.html HTTP/1.1" 200 3645
58.37.227.186 - - [04/Nov/2021:11:51:10 +0800] "GET /xingrg/kc/buy/buy_main.html HTTP/1.1" 200 12412
58.37.227.186 - - [04/Nov/2021:11:51:10 +0800] "GET /xingrg/css/new_ie.css HTTP/1.1" 404 1036
58.37.227.186 - - [04/Nov/2021:11:51:10 +0800] "GET /xingrg/images/yd/bt.gif HTTP/1.1" 404 1040
58.37.227.186 - - [04/Nov/2021:11:51:11 +0800] "GET /xingrg/kc/buy/cgsh_order_list.html HTTP/1.1" 200 48947
172.20.0.100 - - [04/Nov/2021:11:51:11 +0800] "GET /xingrg/all/function/internal_message.html?_=1635997870279&CODE_STATE=getMsg HTTP/1.1" 200 27
172.20.0.100 - - [04/Nov/2021:11:51:11 +0800] "GET /xingrg/check_reg.html?_=1635997870283 HTTP/1.1" 200 22
58.37.227.186 - - [04/Nov/2021:11:51:12 +0800] "POST /xingrg/kc/buy/cgsh_list_operate.html HTTP/1.1" 200 876
58.37.227.186 - - [04/Nov/2021:11:51:12 +0800] "GET /xingrg/kc/buy/cgsh_order_add.html HTTP/1.1" 200 64723
58.37.227.186 - - [04/Nov/2021:11:51:13 +0800] "GET /xingrg/words/20211104114525_words.js HTTP/1.1" 200 869298
58.37.227.186 - - [04/Nov/2021:11:51:13 +0800] "POST /xingrg/kc/buy/cgsh_order_operate.html HTTP/1.1" 200 8245
58.37.227.186 - - [04/Nov/2021:11:51:13 +0800] "GET /xingrg/javascript/easyui/themes/default/validatebox.css HTTP/1.1" 404 1104
116.238.248.233 - - [04/Nov/2021:11:51:14 +0800] "GET /xingrg/all/function/internal_message.html?_=1635997868743&CODE_STATE=getMsg HTTP/1.1" 200 27
58.39.139.200 - - [04/Nov/2021:11:51:17 +0800] "GET /xingrg/all/function/internal_message.html?_=1635997875333&CODE_STATE=getMsg HTTP/1.1" 200 27
58.37.227.186 - - [04/Nov/2021:11:51:17 +0800] "GET /xingrg/javascript/auto/indicator.gif HTTP/1.1" 404 1066
180.169.147.146 - - [04/Nov/2021:11:51:17 +0800] "GET /xingrg/all/function/internal_message.html?_=1635997876435&CODE_STATE=getMsg HTTP/1.1" 200 27
180.169.147.146 - - [04/Nov/2021:11:51:18 +0800] "GET /xingrg/check_reg.html?_=1635997876505 HTTP/1.1" 200 22
120.253.135.82 - - [04/Nov/2021:11:51:19 +0800] "GET /xingrg/all/function/internal_message.html?_=1635998006990&CODE_STATE=getMsg HTTP/1.1" 200 27
58.37.227.186 - - [04/Nov/2021:11:51:19 +0800] "GET /xingrg/javascript/jquery_tools/images/next.gif HTTP/1.1" 404 1086
58.37.227.186 - - [04/Nov/2021:11:51:19 +0800] "GET /xingrg/javascript/jquery_tools/images/prev.gif HTTP/1.1" 404 1086
58.221.95.50 - - [04/Nov/2021:11:51:20 +0800] "GET /xingrg/all/function/internal_message.html?_=1635997879461&CODE_STATE=getMsg HTTP/1.1" 200 27
222.70.171.86 - - [04/Nov/2021:11:51:21 +0800] "GET /xingrg/all/function/internal_message.html?_=1635997880801&CODE_STATE=getMsg HTTP/1.1" 200 27
58.221.95.50 - - [04/Nov/2021:11:51:22 +0800] "GET /xingrg/check_reg.html?_=1635997881211 HTTP/1.1" 200 22
180.169.147.146 - - [04/Nov/2021:11:51:25 +0800] "GET /xingrg/all/function/internal_message.html?_=1635997885176&CODE_STATE=getMsg HTTP/1.1" 302 -
58.37.227.186 - - [04/Nov/2021:11:51:26 +0800] "GET /xingrg/kc/buy/cgsh_order_operate.html?command=get_materiel&rest_code=00141&code=00101009050&supplier_code=00100022&order_time=2021-11-04 HTTP/1.1" 200 408
124.78.153.86 - - [04/Nov/2021:11:51:28 +0800] "GET /xingrg/all/function/internal_message.html?_=1635997892012&CODE_STATE=getMsg HTTP/1.1" 200 27
101.85.238.236 - - [04/Nov/2021:11:51:32 +0800] "GET /xingrg/check_reg.html?_=1635997881575 HTTP/1.1" 200 22
180.157.253.6 - - [04/Nov/2021:11:51:32 +0800] "GET /xingrg/all/function/internal_message.html?_=1635997893057&CODE_STATE=getMsg HTTP/1.1" 200 27
180.157.253.6 - - [04/Nov/2021:11:51:32 +0800] "GET /xingrg/check_reg.html?_=1635997893059 HTTP/1.1" 200 22
116.235.93.2 - - [04/Nov/2021:11:51:33 +0800] "GET /xingrg/login.html HTTP/1.1" 200 7641
116.235.93.2 - - [04/Nov/2021:11:51:33 +0800] "GET /favicon.ico HTTP/1.1" 404 -
58.37.227.186 - - [04/Nov/2021:11:51:35 +0800] "GET /xingrg/kc/buy/cgsh_order_operate.html?command=get_materiel&rest_code=00141&code=00101009124&supplier_code=00100022&order_time=2021-11-04 HTTP/1.1" 200 402
180.157.253.6 - - [04/Nov/2021:11:51:35 +0800] "GET /xingrg/all/function/internal_message.html?_=1635997894023&CODE_STATE=getMsg HTTP/1.1" 200 27
180.169.147.146 - - [04/Nov/2021:11:51:40 +0800] "GET /xingrg/all/function/internal_message.html?_=1635997962632&CODE_STATE=getMsg HTTP/1.1" 200 27
58.37.227.186 - - [04/Nov/2021:11:51:41 +0800] "GET /xingrg/kc/buy/cgsh_order_operate.html?command=get_materiel&rest_code=00141&code=00101009062&supplier_code=00100022&order_time=2021-11-04 HTTP/1.1" 200 412
222.70.171.86 - - [04/Nov/2021:11:51:51 +0800] "GET /xingrg/all/function/internal_message.html?_=1635997903382&CODE_STATE=getMsg HTTP/1.1" 302 -
180.157.253.6 - - [04/Nov/2021:11:51:51 +0800] "GET /xingrg/kc/buy/cgsh_order_operate.html?command=get_materiel&rest_code=00148&code=00101007081&supplier_code=00100004&order_time=2021-11-04 HTTP/1.1" 200 432
101.85.120.86 - - [04/Nov/2021:11:51:52 +0800] "GET /xingrg/all/function/internal_message.html?_=1635997911506&CODE_STATE=getMsg HTTP/1.1" 200 27
114.85.125.222 - - [04/Nov/2021:11:51:53 +0800] "GET /xingrg/check_reg.html?_=1635997843874 HTTP/1.1" 200 22
114.86.226.51 - - [04/Nov/2021:11:51:55 +0800] "GET /xingrg/all/function/internal_message.html?_=1635997914388&CODE_STATE=getMsg HTTP/1.1" 200 27
114.85.125.222 - - [04/Nov/2021:11:51:55 +0800] "GET /xingrg/all/function/internal_message.html?_=1635997846255&CODE_STATE=getMsg HTTP/1.1" 200 27
222.69.131.182 - - [04/Nov/2021:11:51:57 +0800] "GET /xingrg/all/function/internal_message.html?_=1635997913849&CODE_STATE=getMsg HTTP/1.1" 200 27
180.169.147.146 - - [04/Nov/2021:11:51:57 +0800] "GET /xingrg/check_reg.html?_=1635997917583 HTTP/1.1" 302 -
180.169.147.146 - - [04/Nov/2021:11:51:58 +0800] "GET /xingrg/all/function/internal_message.html?_=1635997917352&CODE_STATE=getMsg HTTP/1.1" 200 27
58.37.227.186 - - [04/Nov/2021:11:52:04 +0800] "POST /xingrg/kc/buy/cgsh_order_operate.html HTTP/1.1" 200 37
58.40.7.146 - - [04/Nov/2021:11:52:04 +0800] "GET /xingrg/all/function/internal_message.html?_=1635997923459&CODE_STATE=getMsg HTTP/1.1" 200 27
116.227.210.113 - - [04/Nov/2021:11:52:06 +0800] "GET /xingrg/all/function/internal_message.html?_=1635997918506&CODE_STATE=getMsg HTTP/1.1" 200 27
58.40.7.146 - - [04/Nov/2021:11:52:08 +0800] "GET /xingrg/all/function/internal_message.html?_=1635997926639&CODE_STATE=getMsg HTTP/1.1" 200 27
58.37.227.186 - - [04/Nov/2021:11:52:09 +0800] "POST /xingrg/kc/buy/cgsh_order_operate.html HTTP/1.1" 200 12
58.37.227.186 - - [04/Nov/2021:11:52:10 +0800] "GET /xingrg/kc/buy/cgsh_order_info.html?code=212021110401330 HTTP/1.1" 200 59630
58.37.227.186 - - [04/Nov/2021:11:52:10 +0800] "GET /xingrg/javascript/easyui/themes/default/validatebox.css HTTP/1.1" 404 1104
58.37.227.186 - - [04/Nov/2021:11:52:11 +0800] "POST /xingrg/kc/buy/cgsh_order_operate.html HTTP/1.1" 200 1790
172.20.0.100 - - [04/Nov/2021:11:52:11 +0800] "GET /xingrg/all/function/internal_message.html?_=1635997930279&CODE_STATE=getMsg HTTP/1.1" 200 27
58.37.227.186 - - [04/Nov/2021:11:52:12 +0800] "GET /xingrg/kc/print/load_data.html?order_code=212021110401330&kc_code=cgsh&condition= HTTP/1.1" 200 1202
116.238.248.233 - - [04/Nov/2021:11:52:14 +0800] "GET /xingrg/all/function/internal_message.html?_=1635997928741&CODE_STATE=getMsg HTTP/1.1" 200 27
116.238.248.233 - - [04/Nov/2021:11:52:14 +0800] "GET /xingrg/check_reg.html?_=1635997928743 HTTP/1.1" 200 22
