222.70.176.97 - - [01/Nov/2021:08:50:45 +0800] "GET /xingrg/check_reg.html?_=1635727840896 HTTP/1.1" 200 22
222.70.176.97 - - [01/Nov/2021:08:50:45 +0800] "GET /xingrg/all/function/internal_message.html?_=1635727840894&CODE_STATE=getMsg HTTP/1.1" 200 27
222.70.176.97 - - [01/Nov/2021:08:50:45 +0800] "POST /xingrg/dwr/call/plaincall/AjaxCheckService.setItemNumber.dwr HTTP/1.1" 200 78
180.169.147.146 - - [01/Nov/2021:08:50:45 +0800] "GET /xingrg/check_reg.html?_=1635727907905 HTTP/1.1" 302 -
222.70.176.97 - - [01/Nov/2021:08:50:46 +0800] "POST /xingrg/dwr/call/plaincall/AjaxCheckService.setItemNumber.dwr HTTP/1.1" 200 78
222.70.176.97 - - [01/Nov/2021:08:50:48 +0800] "POST /xingrg/dwr/call/plaincall/AjaxCheckService.setItemNumber.dwr HTTP/1.1" 200 78
222.70.171.86 - - [01/Nov/2021:08:50:48 +0800] "POST /xingrg/dwr/call/plaincall/AjaxCheckService.setItemNumber.dwr HTTP/1.1" 200 78
222.70.176.97 - - [01/Nov/2021:08:50:49 +0800] "POST /xingrg/dwr/call/plaincall/AjaxCheckService.setItemNumber.dwr HTTP/1.1" 200 78
222.70.176.97 - - [01/Nov/2021:08:50:50 +0800] "POST /xingrg/dwr/call/plaincall/AjaxCheckService.setItemNumber.dwr HTTP/1.1" 200 78
114.85.125.222 - - [01/Nov/2021:08:50:51 +0800] "GET /xingrg/kc/buy/cgsh_order_operate.html?command=get_materiel&rest_code=00151&code=00101008362&supplier_code=00100007&order_time=2021-11-01 HTTP/1.1" 200 408
222.70.176.97 - - [01/Nov/2021:08:50:52 +0800] "POST /xingrg/dwr/call/plaincall/AjaxCheckService.setItemNumber.dwr HTTP/1.1" 200 78
222.70.176.97 - - [01/Nov/2021:08:50:54 +0800] "POST /xingrg/dwr/call/plaincall/AjaxCheckService.setItemNumber.dwr HTTP/1.1" 200 78
120.253.135.82 - - [01/Nov/2021:08:50:54 +0800] "GET /xingrg/check_reg.html?_=1635727821172 HTTP/1.1" 302 -
222.70.176.97 - - [01/Nov/2021:08:50:55 +0800] "POST /xingrg/dwr/call/plaincall/AjaxCheckService.setItemNumber.dwr HTTP/1.1" 200 78
124.78.153.86 - - [01/Nov/2021:08:50:56 +0800] "GET /xingrg/kc/buy/cgsh_order_operate.html?command=get_materiel&rest_code=00106&code=00101007033&supplier_code=00100002&order_time=2021-11-01 HTTP/1.1" 200 419
222.70.176.97 - - [01/Nov/2021:08:50:57 +0800] "POST /xingrg/dwr/call/plaincall/AjaxCheckService.setItemNumber.dwr HTTP/1.1" 200 78
114.85.125.222 - - [01/Nov/2021:08:50:58 +0800] "GET /xingrg/kc/buy/cgsh_order_operate.html?command=get_materiel&rest_code=00151&code=00101008017&supplier_code=00100007&order_time=2021-11-01 HTTP/1.1" 200 416
222.70.176.97 - - [01/Nov/2021:08:50:58 +0800] "POST /xingrg/dwr/call/plaincall/AjaxCheckService.setItemNumber.dwr HTTP/1.1" 200 78
222.70.176.97 - - [01/Nov/2021:08:50:59 +0800] "POST /xingrg/dwr/call/plaincall/AjaxCheckService.setItemNumber.dwr HTTP/1.1" 200 78
222.70.176.97 - - [01/Nov/2021:08:51:01 +0800] "POST /xingrg/dwr/call/plaincall/AjaxCheckService.setItemNumber.dwr HTTP/1.1" 200 78
180.157.253.6 - - [01/Nov/2021:08:51:01 +0800] "GET /xingrg/all/function/internal_message.html?_=1635727862303&CODE_STATE=getMsg HTTP/1.1" 200 27
222.70.176.97 - - [01/Nov/2021:08:51:02 +0800] "POST /xingrg/dwr/call/plaincall/AjaxCheckService.setItemNumber.dwr HTTP/1.1" 200 78
116.238.248.233 - - [01/Nov/2021:08:51:02 +0800] "GET /xingrg/all/function/internal_message.html?_=1635727860291&CODE_STATE=getMsg HTTP/1.1" 200 27
222.70.176.97 - - [01/Nov/2021:08:51:04 +0800] "POST /xingrg/dwr/call/plaincall/AjaxCheckService.setItemNumber.dwr HTTP/1.1" 200 78
114.85.125.222 - - [01/Nov/2021:08:51:04 +0800] "GET /xingrg/kc/buy/cgsh_order_operate.html?command=get_materiel&rest_code=00151&code=00101008096&supplier_code=00100007&order_time=2021-11-01 HTTP/1.1" 200 412
222.70.176.97 - - [01/Nov/2021:08:51:05 +0800] "POST /xingrg/dwr/call/plaincall/AjaxCheckService.setItemNumber.dwr HTTP/1.1" 200 78
222.70.176.97 - - [01/Nov/2021:08:51:06 +0800] "POST /xingrg/dwr/call/plaincall/AjaxCheckService.setItemNumber.dwr HTTP/1.1" 200 78
222.70.176.97 - - [01/Nov/2021:08:51:07 +0800] "POST /xingrg/dwr/call/plaincall/AjaxCheckService.setItemNumber.dwr HTTP/1.1" 200 78
222.70.176.97 - - [01/Nov/2021:08:51:08 +0800] "POST /xingrg/dwr/call/plaincall/AjaxCheckService.setItemNumber.dwr HTTP/1.1" 200 78
58.39.139.200 - - [01/Nov/2021:08:51:09 +0800] "GET /xingrg/all/function/internal_message.html?_=1635727870831&CODE_STATE=getMsg HTTP/1.1" 200 27
114.86.229.38 - - [01/Nov/2021:08:51:10 +0800] "GET /xingrg/all/function/internal_message.html?_=1635727869667&CODE_STATE=getMsg HTTP/1.1" 200 27
222.70.176.97 - - [01/Nov/2021:08:51:10 +0800] "POST /xingrg/dwr/call/plaincall/AjaxCheckService.setItemNumber.dwr HTTP/1.1" 200 78
222.70.176.97 - - [01/Nov/2021:08:51:13 +0800] "POST /xingrg/dwr/call/plaincall/AjaxCheckService.setItemNumber.dwr HTTP/1.1" 200 78
172.20.0.100 - - [01/Nov/2021:08:51:14 +0800] "GET /xingrg/all/function/internal_message.html?_=1635727868799&CODE_STATE=getMsg HTTP/1.1" 200 27
222.70.176.97 - - [01/Nov/2021:08:51:15 +0800] "POST /xingrg/dwr/call/plaincall/AjaxCheckService.setItemNumber.dwr HTTP/1.1" 200 78
222.70.176.97 - - [01/Nov/2021:08:51:16 +0800] "POST /xingrg/dwr/call/plaincall/AjaxCheckService.setItemNumber.dwr HTTP/1.1" 200 78
180.157.253.6 - - [01/Nov/2021:08:51:16 +0800] "GET /xingrg/all/function/internal_message.html?_=1635727877740&CODE_STATE=getMsg HTTP/1.1" 200 27
222.69.132.242 - - [01/Nov/2021:08:51:16 +0800] "GET /xingrg/all/function/internal_message.html?_=1635727876064&CODE_STATE=getMsg HTTP/1.1" 200 27
222.70.176.97 - - [01/Nov/2021:08:51:17 +0800] "POST /xingrg/dwr/call/plaincall/AjaxCheckService.setItemNumber.dwr HTTP/1.1" 200 78
222.70.176.97 - - [01/Nov/2021:08:51:18 +0800] "POST /xingrg/dwr/call/plaincall/AjaxCheckService.setItemNumber.dwr HTTP/1.1" 200 78
222.70.176.97 - - [01/Nov/2021:08:51:19 +0800] "POST /xingrg/dwr/call/plaincall/AjaxCheckService.setItemNumber.dwr HTTP/1.1" 200 78
222.70.176.97 - - [01/Nov/2021:08:51:21 +0800] "POST /xingrg/dwr/call/plaincall/AjaxCheckService.setItemNumber.dwr HTTP/1.1" 200 78
114.85.125.222 - - [01/Nov/2021:08:51:22 +0800] "GET /xingrg/kc/buy/cgsh_order_operate.html?command=get_materiel&rest_code=00151&code=00101012007&supplier_code=00100007&order_time=2021-11-01 HTTP/1.1" 200 412
222.70.176.97 - - [01/Nov/2021:08:51:23 +0800] "POST /xingrg/dwr/call/plaincall/AjaxCheckService.setItemNumber.dwr HTTP/1.1" 200 78
124.78.153.86 - - [01/Nov/2021:08:51:26 +0800] "GET /xingrg/kc/buy/cgsh_order_operate.html?command=get_materiel&rest_code=00106&code=00101007049&supplier_code=00100002&order_time=2021-11-01 HTTP/1.1" 200 411
222.70.176.97 - - [01/Nov/2021:08:51:26 +0800] "POST /xingrg/dwr/call/plaincall/AjaxCheckService.setItemNumber.dwr HTTP/1.1" 200 78
222.70.176.97 - - [01/Nov/2021:08:51:27 +0800] "POST /xingrg/dwr/call/plaincall/AjaxCheckService.setItemNumber.dwr HTTP/1.1" 200 78
222.70.176.97 - - [01/Nov/2021:08:51:31 +0800] "POST /xingrg/dwr/call/plaincall/AjaxCheckService.setItemNumber.dwr HTTP/1.1" 200 78
222.70.176.97 - - [01/Nov/2021:08:51:33 +0800] "POST /xingrg/dwr/call/plaincall/AjaxCheckService.setItemNumber.dwr HTTP/1.1" 200 78
222.70.176.97 - - [01/Nov/2021:08:51:34 +0800] "POST /xingrg/dwr/call/plaincall/AjaxCheckService.setItemNumber.dwr HTTP/1.1" 200 78
180.157.253.6 - - [01/Nov/2021:08:51:35 +0800] "POST /xingrg/kc/base/check_list_operate.html HTTP/1.1" 200 1554
222.70.176.97 - - [01/Nov/2021:08:51:36 +0800] "POST /xingrg/dwr/call/plaincall/AjaxCheckService.setItemNumber.dwr HTTP/1.1" 200 78
222.70.171.86 - - [01/Nov/2021:08:51:37 +0800] "GET /xingrg/all/function/internal_message.html?_=1635727897998&CODE_STATE=getMsg HTTP/1.1" 200 27
180.157.253.6 - - [01/Nov/2021:08:51:38 +0800] "GET /xingrg/kc/base/check_order_info.html?code=452021103100393 HTTP/1.1" 200 26467
180.157.253.6 - - [01/Nov/2021:08:51:38 +0800] "GET /xingrg/dwr/interface/AjaxComOrderService.js HTTP/1.1" 200 18264
180.157.253.6 - - [01/Nov/2021:08:51:38 +0800] "GET /xingrg/dwr/interface/AjaxCheckService.js HTTP/1.1" 200 14003
180.157.253.6 - - [01/Nov/2021:08:51:38 +0800] "GET /xingrg/dwr/engine.js HTTP/1.1" 200 43631
222.70.176.97 - - [01/Nov/2021:08:51:38 +0800] "POST /xingrg/dwr/call/plaincall/AjaxCheckService.setItemNumber.dwr HTTP/1.1" 200 78
180.157.253.6 - - [01/Nov/2021:08:51:39 +0800] "POST /xingrg/dwr/call/plaincall/AjaxCheckService.loadOrderItems.dwr HTTP/1.1" 200 170966
222.70.176.97 - - [01/Nov/2021:08:51:39 +0800] "POST /xingrg/dwr/call/plaincall/AjaxCheckService.setItemNumber.dwr HTTP/1.1" 200 78
114.85.125.222 - - [01/Nov/2021:08:51:39 +0800] "GET /xingrg/all/function/internal_message.html?_=1635727834575&CODE_STATE=getMsg HTTP/1.1" 200 27
222.70.176.97 - - [01/Nov/2021:08:51:41 +0800] "POST /xingrg/dwr/call/plaincall/AjaxCheckService.setItemNumber.dwr HTTP/1.1" 200 78
114.85.125.222 - - [01/Nov/2021:08:51:41 +0800] "GET /xingrg/kc/buy/cgsh_order_operate.html?command=get_materiel&rest_code=00151&code=00101008141&supplier_code=00100007&order_time=2021-11-01 HTTP/1.1" 200 412
222.70.176.97 - - [01/Nov/2021:08:51:42 +0800] "POST /xingrg/dwr/call/plaincall/AjaxCheckService.setItemNumber.dwr HTTP/1.1" 200 78
124.78.153.86 - - [01/Nov/2021:08:51:43 +0800] "GET /xingrg/all/function/internal_message.html?_=1635727906056&CODE_STATE=getMsg HTTP/1.1" 200 27
124.78.153.86 - - [01/Nov/2021:08:51:43 +0800] "GET /xingrg/kc/buy/cgsh_order_operate.html?command=get_materiel&rest_code=00106&code=00101007048&supplier_code=00100002&order_time=2021-11-01 HTTP/1.1" 200 408
222.70.176.97 - - [01/Nov/2021:08:51:44 +0800] "POST /xingrg/dwr/call/plaincall/AjaxCheckService.setItemNumber.dwr HTTP/1.1" 200 78
222.70.176.97 - - [01/Nov/2021:08:51:45 +0800] "GET /xingrg/all/function/internal_message.html?_=1635727900954&CODE_STATE=getMsg HTTP/1.1" 200 27
222.70.176.97 - - [01/Nov/2021:08:51:45 +0800] "POST /xingrg/dwr/call/plaincall/AjaxCheckService.setItemNumber.dwr HTTP/1.1" 200 78
114.85.125.222 - - [01/Nov/2021:08:51:46 +0800] "POST /xingrg/kc/buy/cgsh_order_operate.html HTTP/1.1" 200 37
222.70.176.97 - - [01/Nov/2021:08:51:47 +0800] "POST /xingrg/dwr/call/plaincall/AjaxCheckService.setItemNumber.dwr HTTP/1.1" 200 78
114.85.125.222 - - [01/Nov/2021:08:51:47 +0800] "POST /xingrg/kc/buy/cgsh_order_operate.html HTTP/1.1" 200 17033
222.70.176.97 - - [01/Nov/2021:08:51:52 +0800] "POST /xingrg/dwr/call/plaincall/AjaxCheckService.setItemNumber.dwr HTTP/1.1" 200 78
114.85.125.222 - - [01/Nov/2021:08:51:54 +0800] "GET /xingrg/kc/buy/cgsh_order_operate.html?command=get_materiel&rest_code=00151&code=00101008131&supplier_code=00100007&order_time=2021-11-01 HTTP/1.1" 200 408
222.70.176.97 - - [01/Nov/2021:08:51:54 +0800] "POST /xingrg/dwr/call/plaincall/AjaxCheckService.setItemNumber.dwr HTTP/1.1" 200 78
222.70.176.97 - - [01/Nov/2021:08:51:55 +0800] "POST /xingrg/dwr/call/plaincall/AjaxCheckService.setItemNumber.dwr HTTP/1.1" 200 78
222.70.176.97 - - [01/Nov/2021:08:51:57 +0800] "POST /xingrg/dwr/call/plaincall/AjaxCheckService.setItemNumber.dwr HTTP/1.1" 200 78
222.70.176.97 - - [01/Nov/2021:08:51:58 +0800] "POST /xingrg/dwr/call/plaincall/AjaxCheckService.setItemNumber.dwr HTTP/1.1" 200 78
222.70.176.97 - - [01/Nov/2021:08:51:59 +0800] "POST /xingrg/dwr/call/plaincall/AjaxCheckService.setItemNumber.dwr HTTP/1.1" 200 78
114.85.125.222 - - [01/Nov/2021:08:52:00 +0800] "GET /xingrg/kc/buy/cgsh_order_operate.html?command=get_materiel&rest_code=00151&code=00101008102&supplier_code=00100007&order_time=2021-11-01 HTTP/1.1" 200 413
222.70.176.97 - - [01/Nov/2021:08:52:01 +0800] "POST /xingrg/dwr/call/plaincall/AjaxCheckService.setItemNumber.dwr HTTP/1.1" 200 78
180.157.253.6 - - [01/Nov/2021:08:52:01 +0800] "GET /xingrg/all/function/internal_message.html?_=1635727922340&CODE_STATE=getMsg HTTP/1.1" 200 27
222.70.176.97 - - [01/Nov/2021:08:52:02 +0800] "POST /xingrg/dwr/call/plaincall/AjaxCheckService.setItemNumber.dwr HTTP/1.1" 200 78
116.238.248.233 - - [01/Nov/2021:08:52:02 +0800] "GET /xingrg/all/function/internal_message.html?_=1635727920307&CODE_STATE=getMsg HTTP/1.1" 200 27
222.70.176.97 - - [01/Nov/2021:08:52:03 +0800] "POST /xingrg/dwr/call/plaincall/AjaxCheckService.setItemNumber.dwr HTTP/1.1" 200 78
222.70.176.97 - - [01/Nov/2021:08:52:04 +0800] "POST /xingrg/dwr/call/plaincall/AjaxCheckService.setItemNumber.dwr HTTP/1.1" 200 78
222.70.176.97 - - [01/Nov/2021:08:52:05 +0800] "POST /xingrg/dwr/call/plaincall/AjaxCheckService.setItemNumber.dwr HTTP/1.1" 200 78
222.70.176.97 - - [01/Nov/2021:08:52:08 +0800] "POST /xingrg/dwr/call/plaincall/AjaxCheckService.setItemNumber.dwr HTTP/1.1" 200 78
222.70.176.97 - - [01/Nov/2021:08:52:09 +0800] "POST /xingrg/dwr/call/plaincall/AjaxCheckService.setItemNumber.dwr HTTP/1.1" 200 78
58.39.139.200 - - [01/Nov/2021:08:52:09 +0800] "GET /xingrg/check_reg.html?_=1635727930836 HTTP/1.1" 200 22
58.39.139.200 - - [01/Nov/2021:08:52:09 +0800] "GET /xingrg/all/function/internal_message.html?_=1635727930838&CODE_STATE=getMsg HTTP/1.1" 200 27
114.86.229.38 - - [01/Nov/2021:08:52:10 +0800] "GET /xingrg/all/function/internal_message.html?_=1635727929665&CODE_STATE=getMsg HTTP/1.1" 200 27
222.70.176.97 - - [01/Nov/2021:08:52:10 +0800] "POST /xingrg/dwr/call/plaincall/AjaxCheckService.setItemNumber.dwr HTTP/1.1" 200 78
124.78.153.86 - - [01/Nov/2021:08:52:11 +0800] "POST /xingrg/kc/buy/cgsh_order_operate.html HTTP/1.1" 200 37
222.70.176.97 - - [01/Nov/2021:08:52:12 +0800] "POST /xingrg/dwr/call/plaincall/AjaxCheckService.setItemNumber.dwr HTTP/1.1" 200 78
114.85.125.222 - - [01/Nov/2021:08:52:12 +0800] "GET /xingrg/kc/buy/cgsh_order_operate.html?command=get_materiel&rest_code=00151&code=00101012051&supplier_code=00100007&order_time=2021-11-01 HTTP/1.1" 200 408
124.78.153.86 - - [01/Nov/2021:08:52:13 +0800] "POST /xingrg/kc/buy/cgsh_order_operate.html HTTP/1.1" 200 5025
222.70.176.97 - - [01/Nov/2021:08:52:13 +0800] "POST /xingrg/dwr/call/plaincall/AjaxCheckService.setItemNumber.dwr HTTP/1.1" 200 78
172.20.0.100 - - [01/Nov/2021:08:52:14 +0800] "GET /xingrg/all/function/internal_message.html?_=1635727928794&CODE_STATE=getMsg HTTP/1.1" 200 27
222.70.176.97 - - [01/Nov/2021:08:52:14 +0800] "POST /xingrg/dwr/call/plaincall/AjaxCheckService.setItemNumber.dwr HTTP/1.1" 200 78
222.70.176.97 - - [01/Nov/2021:08:52:16 +0800] "POST /xingrg/dwr/call/plaincall/AjaxCheckService.setItemNumber.dwr HTTP/1.1" 200 78
180.157.253.6 - - [01/Nov/2021:08:52:16 +0800] "GET /xingrg/all/function/internal_message.html?_=1635727937740&CODE_STATE=getMsg HTTP/1.1" 200 27
180.157.253.6 - - [01/Nov/2021:08:52:16 +0800] "GET /xingrg/check_reg.html?_=1635727937742 HTTP/1.1" 200 22
222.69.132.242 - - [01/Nov/2021:08:52:16 +0800] "GET /xingrg/check_reg.html?_=1635727936063 HTTP/1.1" 200 22
222.69.132.242 - - [01/Nov/2021:08:52:16 +0800] "GET /xingrg/all/function/internal_message.html?_=1635727936067&CODE_STATE=getMsg HTTP/1.1" 200 27
222.70.176.97 - - [01/Nov/2021:08:52:17 +0800] "POST /xingrg/dwr/call/plaincall/AjaxCheckService.setItemNumber.dwr HTTP/1.1" 200 78
222.70.176.97 - - [01/Nov/2021:08:52:18 +0800] "POST /xingrg/dwr/call/plaincall/AjaxCheckService.setItemNumber.dwr HTTP/1.1" 200 78
222.70.176.97 - - [01/Nov/2021:08:52:19 +0800] "POST /xingrg/dwr/call/plaincall/AjaxCheckService.setItemNumber.dwr HTTP/1.1" 200 78
222.70.176.97 - - [01/Nov/2021:08:52:20 +0800] "POST /xingrg/dwr/call/plaincall/AjaxCheckService.setItemNumber.dwr HTTP/1.1" 200 78
222.70.176.97 - - [01/Nov/2021:08:52:21 +0800] "POST /xingrg/dwr/call/plaincall/AjaxCheckService.setItemNumber.dwr HTTP/1.1" 200 78
222.70.176.97 - - [01/Nov/2021:08:52:22 +0800] "POST /xingrg/dwr/call/plaincall/AjaxCheckService.setItemNumber.dwr HTTP/1.1" 200 78
58.40.7.146 - - [01/Nov/2021:08:52:23 +0800] "GET /xingrg/check_reg.html?_=1635727943444 HTTP/1.1" 302 -
180.157.253.6 - - [01/Nov/2021:08:52:24 +0800] "GET /xingrg/javascript/jquery_easy_ui/themes/default/images/button_plain_hover.png HTTP/1.1" 200 252
222.70.176.97 - - [01/Nov/2021:08:52:24 +0800] "POST /xingrg/dwr/call/plaincall/AjaxCheckService.setItemNumber.dwr HTTP/1.1" 200 78
222.70.176.97 - - [01/Nov/2021:08:52:25 +0800] "POST /xingrg/dwr/call/plaincall/AjaxCheckService.setItemNumber.dwr HTTP/1.1" 200 78
222.70.176.97 - - [01/Nov/2021:08:52:27 +0800] "POST /xingrg/dwr/call/plaincall/AjaxCheckService.setItemNumber.dwr HTTP/1.1" 200 78
114.85.125.222 - - [01/Nov/2021:08:52:28 +0800] "GET /xingrg/kc/buy/cgsh_order_operate.html?command=get_materiel&rest_code=00151&code=00101015006&supplier_code=00100007&order_time=2021-11-01 HTTP/1.1" 200 413
222.70.171.86 - - [01/Nov/2021:08:52:30 +0800] "GET /xingrg/check_reg.html?_=1635727955326 HTTP/1.1" 302 -
180.157.253.6 - - [01/Nov/2021:08:52:31 +0800] "POST /xingrg/dwr/call/plaincall/AjaxCheckService.checkOrder.dwr HTTP/1.1" 200 78
222.70.176.97 - - [01/Nov/2021:08:52:31 +0800] "POST /xingrg/dwr/call/plaincall/AjaxCheckService.setItemNumber.dwr HTTP/1.1" 200 78
222.70.176.97 - - [01/Nov/2021:08:52:31 +0800] "POST /xingrg/dwr/call/plaincall/AjaxCheckService.setItemNumber.dwr HTTP/1.1" 200 78
222.70.176.97 - - [01/Nov/2021:08:52:31 +0800] "POST /xingrg/dwr/call/plaincall/AjaxCheckService.setItemNumber.dwr HTTP/1.1" 200 78
222.70.171.86 - - [01/Nov/2021:08:52:32 +0800] "GET /xingrg/check_reg.html?_=1635727952996 HTTP/1.1" 200 22
222.70.176.97 - - [01/Nov/2021:08:52:32 +0800] "POST /xingrg/dwr/call/plaincall/AjaxCheckService.setItemNumber.dwr HTTP/1.1" 200 78
222.70.176.97 - - [01/Nov/2021:08:52:34 +0800] "POST /xingrg/dwr/call/plaincall/AjaxCheckService.setItemNumber.dwr HTTP/1.1" 200 78
221.239.141.121 - - [01/Nov/2021:08:52:36 +0800] "GET /xingrg/check_reg.html?_=1635727946544 HTTP/1.1" 302 -
222.70.171.86 - - [01/Nov/2021:08:52:37 +0800] "GET /xingrg/all/function/internal_message.html?_=1635727958012&CODE_STATE=getMsg HTTP/1.1" 200 27
114.85.125.222 - - [01/Nov/2021:08:52:39 +0800] "GET /xingrg/kc/buy/cgsh_order_operate.html?command=get_materiel&rest_code=00151&code=00101008283&supplier_code=00100007&order_time=2021-11-01 HTTP/1.1" 200 408
222.70.176.97 - - [01/Nov/2021:08:52:39 +0800] "POST /xingrg/dwr/call/plaincall/AjaxCheckService.setItemNumber.dwr HTTP/1.1" 200 78
114.85.125.222 - - [01/Nov/2021:08:52:40 +0800] "GET /xingrg/check_reg.html?_=1635727894896 HTTP/1.1" 200 22
114.85.125.222 - - [01/Nov/2021:08:52:40 +0800] "GET /xingrg/all/function/internal_message.html?_=1635727894897&CODE_STATE=getMsg HTTP/1.1" 200 27
222.70.176.97 - - [01/Nov/2021:08:52:41 +0800] "POST /xingrg/dwr/call/plaincall/AjaxCheckService.setItemNumber.dwr HTTP/1.1" 200 78
222.70.176.97 - - [01/Nov/2021:08:52:42 +0800] "POST /xingrg/dwr/call/plaincall/AjaxCheckService.setItemNumber.dwr HTTP/1.1" 200 78
124.78.153.86 - - [01/Nov/2021:08:52:42 +0800] "GET /xingrg/kc/buy/cgsh_order_add.html HTTP/1.1" 200 64679
124.78.153.86 - - [01/Nov/2021:08:52:43 +0800] "POST /xingrg/kc/buy/cgsh_order_operate.html HTTP/1.1" 200 8245
124.78.153.86 - - [01/Nov/2021:08:52:43 +0800] "GET /xingrg/javascript/easyui/themes/default/validatebox.css HTTP/1.1" 404 1104
124.78.153.86 - - [01/Nov/2021:08:52:43 +0800] "GET /xingrg/all/function/internal_message.html?_=1635727966112&CODE_STATE=getMsg HTTP/1.1" 200 27
114.85.125.222 - - [01/Nov/2021:08:52:44 +0800] "POST /xingrg/kc/buy/cgsh_order_operate.html HTTP/1.1" 200 37
222.70.176.97 - - [01/Nov/2021:08:52:44 +0800] "POST /xingrg/dwr/call/plaincall/AjaxCheckService.setItemNumber.dwr HTTP/1.1" 200 78
114.85.125.222 - - [01/Nov/2021:08:52:45 +0800] "POST /xingrg/kc/buy/cgsh_order_operate.html HTTP/1.1" 200 20002
222.70.176.97 - - [01/Nov/2021:08:52:45 +0800] "POST /xingrg/dwr/call/plaincall/AjaxCheckService.setItemNumber.dwr HTTP/1.1" 200 78
222.70.176.97 - - [01/Nov/2021:08:52:45 +0800] "GET /xingrg/all/function/internal_message.html?_=1635727960962&CODE_STATE=getMsg HTTP/1.1" 200 27
124.78.153.86 - - [01/Nov/2021:08:52:45 +0800] "GET /xingrg/kc/buy/buy_main.html HTTP/1.1" 200 12412
124.78.153.86 - - [01/Nov/2021:08:52:45 +0800] "GET /xingrg/css/new_ie.css HTTP/1.1" 404 1036
124.78.153.86 - - [01/Nov/2021:08:52:46 +0800] "GET /xingrg/images/yd/bt.gif HTTP/1.1" 404 1040
124.78.153.86 - - [01/Nov/2021:08:52:47 +0800] "GET /xingrg/kc/buy/cgsh_order_list.html HTTP/1.1" 200 48941
124.78.153.86 - - [01/Nov/2021:08:52:49 +0800] "POST /xingrg/kc/buy/cgsh_list_operate.html HTTP/1.1" 200 1688
180.157.253.6 - - [01/Nov/2021:08:52:55 +0800] "GET /xingrg/kc/base/check_order_list.html HTTP/1.1" 200 16349
180.157.253.6 - - [01/Nov/2021:08:52:55 +0800] "POST /xingrg/kc/base/check_list_operate.html HTTP/1.1" 200 781
114.85.125.222 - - [01/Nov/2021:08:52:57 +0800] "GET /xingrg/kc/buy/cgsh_order_operate.html?command=get_materiel&rest_code=00151&code=00101008027&supplier_code=00100007&order_time=2021-11-01 HTTP/1.1" 200 408
180.157.253.6 - - [01/Nov/2021:08:52:57 +0800] "GET /xingrg/kc/base/check_order_list.html HTTP/1.1" 200 16349
180.157.253.6 - - [01/Nov/2021:08:52:58 +0800] "POST /xingrg/kc/base/check_list_operate.html HTTP/1.1" 200 781
116.238.248.233 - - [01/Nov/2021:08:53:02 +0800] "GET /xingrg/all/function/internal_message.html?_=1635727980308&CODE_STATE=getMsg HTTP/1.1" 200 27
114.85.125.222 - - [01/Nov/2021:08:53:02 +0800] "POST /xingrg/kc/buy/cgsh_order_operate.html HTTP/1.1" 200 37
114.85.125.222 - - [01/Nov/2021:08:53:05 +0800] "POST /xingrg/kc/buy/cgsh_order_operate.html HTTP/1.1" 200 21179
116.235.93.2 - - [01/Nov/2021:08:53:05 +0800] "GET /xingrg/check_reg.html?_=1635727985049 HTTP/1.1" 302 -
58.39.139.200 - - [01/Nov/2021:08:53:09 +0800] "GET /xingrg/all/function/internal_message.html?_=1635727990827&CODE_STATE=getMsg HTTP/1.1" 200 27
114.86.229.38 - - [01/Nov/2021:08:53:10 +0800] "GET /xingrg/all/function/internal_message.html?_=1635727989671&CODE_STATE=getMsg HTTP/1.1" 200 27
172.20.0.100 - - [01/Nov/2021:08:53:14 +0800] "GET /xingrg/all/function/internal_message.html?_=1635727988802&CODE_STATE=getMsg HTTP/1.1" 200 27
180.157.253.6 - - [01/Nov/2021:08:53:16 +0800] "GET /xingrg/all/function/internal_message.html?_=1635727997757&CODE_STATE=getMsg HTTP/1.1" 200 27
222.69.132.242 - - [01/Nov/2021:08:53:16 +0800] "GET /xingrg/all/function/internal_message.html?_=1635727996067&CODE_STATE=getMsg HTTP/1.1" 200 27
58.40.7.146 - - [01/Nov/2021:08:53:24 +0800] "GET /xingrg/check_reg.html?_=1635728003714 HTTP/1.1" 302 -
222.70.176.97 - - [01/Nov/2021:08:53:30 +0800] "POST /xingrg/dwr/call/plaincall/AjaxCheckService.setItemNumber.dwr HTTP/1.1" 200 78
222.70.176.97 - - [01/Nov/2021:08:53:34 +0800] "POST /xingrg/dwr/call/plaincall/AjaxCheckService.setItemNumber.dwr HTTP/1.1" 200 78
222.70.176.97 - - [01/Nov/2021:08:53:35 +0800] "POST /xingrg/dwr/call/plaincall/AjaxCheckService.setItemNumber.dwr HTTP/1.1" 200 78
222.70.176.97 - - [01/Nov/2021:08:53:36 +0800] "POST /xingrg/dwr/call/plaincall/AjaxCheckService.setItemNumber.dwr HTTP/1.1" 200 78
222.70.171.86 - - [01/Nov/2021:08:53:37 +0800] "GET /xingrg/all/function/internal_message.html?_=1635728018026&CODE_STATE=getMsg HTTP/1.1" 200 27
222.70.176.97 - - [01/Nov/2021:08:53:38 +0800] "POST /xingrg/dwr/call/plaincall/AjaxCheckService.setItemNumber.dwr HTTP/1.1" 200 78
222.70.176.97 - - [01/Nov/2021:08:53:39 +0800] "POST /xingrg/dwr/call/plaincall/AjaxCheckService.setItemNumber.dwr HTTP/1.1" 200 78
114.85.125.222 - - [01/Nov/2021:08:53:40 +0800] "GET /xingrg/all/function/internal_message.html?_=1635727954899&CODE_STATE=getMsg HTTP/1.1" 200 27
222.70.176.97 - - [01/Nov/2021:08:53:40 +0800] "POST /xingrg/dwr/call/plaincall/AjaxCheckService.setItemNumber.dwr HTTP/1.1" 200 78
222.70.176.97 - - [01/Nov/2021:08:53:41 +0800] "POST /xingrg/dwr/call/plaincall/AjaxCheckService.setItemNumber.dwr HTTP/1.1" 200 78
222.70.176.97 - - [01/Nov/2021:08:53:42 +0800] "POST /xingrg/dwr/call/plaincall/AjaxCheckService.setItemNumber.dwr HTTP/1.1" 200 78
124.78.153.86 - - [01/Nov/2021:08:53:43 +0800] "GET /xingrg/check_reg.html?_=1635728026069 HTTP/1.1" 200 22
124.78.153.86 - - [01/Nov/2021:08:53:43 +0800] "GET /xingrg/all/function/internal_message.html?_=1635728026088&CODE_STATE=getMsg HTTP/1.1" 200 27
222.70.176.97 - - [01/Nov/2021:08:53:44 +0800] "POST /xingrg/dwr/call/plaincall/AjaxCheckService.setItemNumber.dwr HTTP/1.1" 200 78
180.157.253.6 - - [01/Nov/2021:08:53:44 +0800] "GET /xingrg/kc/base/check_order_info.html?code=452021103100393 HTTP/1.1" 200 22850
180.157.253.6 - - [01/Nov/2021:08:53:44 +0800] "GET /xingrg/check_reg.html?_=1635728025322 HTTP/1.1" 200 22
180.157.253.6 - - [01/Nov/2021:08:53:44 +0800] "GET /xingrg/all/function/internal_message.html?_=1635728025324&CODE_STATE=getMsg HTTP/1.1" 200 27
180.157.253.6 - - [01/Nov/2021:08:53:45 +0800] "GET /xingrg/dwr/interface/AjaxCheckService.js HTTP/1.1" 200 14003
180.157.253.6 - - [01/Nov/2021:08:53:45 +0800] "GET /xingrg/dwr/interface/AjaxComOrderService.js HTTP/1.1" 200 18264
180.157.253.6 - - [01/Nov/2021:08:53:45 +0800] "GET /xingrg/dwr/engine.js HTTP/1.1" 200 43631
222.70.176.97 - - [01/Nov/2021:08:53:45 +0800] "POST /xingrg/dwr/call/plaincall/AjaxCheckService.setItemNumber.dwr HTTP/1.1" 200 78
222.70.176.97 - - [01/Nov/2021:08:53:45 +0800] "GET /xingrg/all/function/internal_message.html?_=1635728020936&CODE_STATE=getMsg HTTP/1.1" 200 27
180.157.253.6 - - [01/Nov/2021:08:53:46 +0800] "GET /xingrg/javascript/jquery_easy_ui/themes/icons/exam_new.png HTTP/1.1" 200 756
180.157.253.6 - - [01/Nov/2021:08:53:46 +0800] "POST /xingrg/dwr/call/plaincall/AjaxCheckService.loadOrderItems.dwr HTTP/1.1" 200 76537
222.70.176.97 - - [01/Nov/2021:08:53:46 +0800] "POST /xingrg/dwr/call/plaincall/AjaxCheckService.setItemNumber.dwr HTTP/1.1" 200 78
222.70.176.97 - - [01/Nov/2021:08:53:47 +0800] "POST /xingrg/dwr/call/plaincall/AjaxCheckService.setItemNumber.dwr HTTP/1.1" 200 78
222.70.176.97 - - [01/Nov/2021:08:53:49 +0800] "POST /xingrg/dwr/call/plaincall/AjaxCheckService.setItemNumber.dwr HTTP/1.1" 200 78
222.70.176.97 - - [01/Nov/2021:08:53:50 +0800] "POST /xingrg/dwr/call/plaincall/AjaxCheckService.setItemNumber.dwr HTTP/1.1" 200 78
222.70.176.97 - - [01/Nov/2021:08:53:51 +0800] "POST /xingrg/dwr/call/plaincall/AjaxCheckService.setItemNumber.dwr HTTP/1.1" 200 78
222.70.176.97 - - [01/Nov/2021:08:53:53 +0800] "POST /xingrg/dwr/call/plaincall/AjaxCheckService.setItemNumber.dwr HTTP/1.1" 200 78
222.70.176.97 - - [01/Nov/2021:08:53:54 +0800] "POST /xingrg/dwr/call/plaincall/AjaxCheckService.setItemNumber.dwr HTTP/1.1" 200 78
222.70.176.97 - - [01/Nov/2021:08:53:55 +0800] "POST /xingrg/dwr/call/plaincall/AjaxCheckService.setItemNumber.dwr HTTP/1.1" 200 78
222.70.176.97 - - [01/Nov/2021:08:53:56 +0800] "POST /xingrg/dwr/call/plaincall/AjaxCheckService.setItemNumber.dwr HTTP/1.1" 200 78
222.70.176.97 - - [01/Nov/2021:08:53:59 +0800] "POST /xingrg/dwr/call/plaincall/AjaxCheckService.setItemNumber.dwr HTTP/1.1" 200 78
222.70.176.97 - - [01/Nov/2021:08:54:00 +0800] "POST /xingrg/dwr/call/plaincall/AjaxCheckService.setItemNumber.dwr HTTP/1.1" 200 78
222.70.176.97 - - [01/Nov/2021:08:54:01 +0800] "POST /xingrg/dwr/call/plaincall/AjaxCheckService.setItemNumber.dwr HTTP/1.1" 200 78
222.70.176.97 - - [01/Nov/2021:08:54:02 +0800] "POST /xingrg/dwr/call/plaincall/AjaxCheckService.setItemNumber.dwr HTTP/1.1" 200 78
116.238.248.233 - - [01/Nov/2021:08:54:02 +0800] "GET /xingrg/all/function/internal_message.html?_=1635728040308&CODE_STATE=getMsg HTTP/1.1" 200 27
222.70.176.97 - - [01/Nov/2021:08:54:04 +0800] "POST /xingrg/dwr/call/plaincall/AjaxCheckService.setItemNumber.dwr HTTP/1.1" 200 78
222.70.176.97 - - [01/Nov/2021:08:54:05 +0800] "POST /xingrg/dwr/call/plaincall/AjaxCheckService.setItemNumber.dwr HTTP/1.1" 200 78
222.70.176.97 - - [01/Nov/2021:08:54:06 +0800] "POST /xingrg/dwr/call/plaincall/AjaxCheckService.setItemNumber.dwr HTTP/1.1" 200 78
222.70.176.97 - - [01/Nov/2021:08:54:07 +0800] "POST /xingrg/dwr/call/plaincall/AjaxCheckService.setItemNumber.dwr HTTP/1.1" 200 78
222.70.176.97 - - [01/Nov/2021:08:54:09 +0800] "POST /xingrg/dwr/call/plaincall/AjaxCheckService.setItemNumber.dwr HTTP/1.1" 200 78
58.39.139.200 - - [01/Nov/2021:08:54:09 +0800] "GET /xingrg/all/function/internal_message.html?_=1635728050820&CODE_STATE=getMsg HTTP/1.1" 200 27
114.86.229.38 - - [01/Nov/2021:08:54:10 +0800] "GET /xingrg/all/function/internal_message.html?_=1635728049671&CODE_STATE=getMsg HTTP/1.1" 200 27
222.70.176.97 - - [01/Nov/2021:08:54:10 +0800] "POST /xingrg/dwr/call/plaincall/AjaxCheckService.setItemNumber.dwr HTTP/1.1" 200 78
222.70.176.97 - - [01/Nov/2021:08:54:12 +0800] "POST /xingrg/dwr/call/plaincall/AjaxCheckService.setItemNumber.dwr HTTP/1.1" 200 78
222.70.176.97 - - [01/Nov/2021:08:54:14 +0800] "POST /xingrg/dwr/call/plaincall/AjaxCheckService.setItemNumber.dwr HTTP/1.1" 200 78
172.20.0.100 - - [01/Nov/2021:08:54:14 +0800] "GET /xingrg/all/function/internal_message.html?_=1635728048795&CODE_STATE=getMsg HTTP/1.1" 200 27
172.20.0.100 - - [01/Nov/2021:08:54:14 +0800] "GET /xingrg/check_reg.html?_=1635728048802 HTTP/1.1" 200 22
180.157.253.6 - - [01/Nov/2021:08:54:16 +0800] "GET /xingrg/all/function/internal_message.html?_=1635728057756&CODE_STATE=getMsg HTTP/1.1" 200 27
222.69.132.242 - - [01/Nov/2021:08:54:16 +0800] "GET /xingrg/all/function/internal_message.html?_=1635728056076&CODE_STATE=getMsg HTTP/1.1" 200 27
222.70.176.97 - - [01/Nov/2021:08:54:17 +0800] "POST /xingrg/dwr/call/plaincall/AjaxCheckService.setItemNumber.dwr HTTP/1.1" 200 78
222.70.176.97 - - [01/Nov/2021:08:54:18 +0800] "POST /xingrg/dwr/call/plaincall/AjaxCheckService.setItemNumber.dwr HTTP/1.1" 200 78
222.70.176.97 - - [01/Nov/2021:08:54:20 +0800] "POST /xingrg/dwr/call/plaincall/AjaxCheckService.setItemNumber.dwr HTTP/1.1" 200 78
222.70.176.97 - - [01/Nov/2021:08:54:21 +0800] "POST /xingrg/dwr/call/plaincall/AjaxCheckService.setItemNumber.dwr HTTP/1.1" 200 78
222.70.176.97 - - [01/Nov/2021:08:54:23 +0800] "POST /xingrg/dwr/call/plaincall/AjaxCheckService.setItemNumber.dwr HTTP/1.1" 200 78
222.70.176.97 - - [01/Nov/2021:08:54:30 +0800] "POST /xingrg/dwr/call/plaincall/AjaxCheckService.setItemNumber.dwr HTTP/1.1" 200 78
222.70.176.97 - - [01/Nov/2021:08:54:34 +0800] "POST /xingrg/dwr/call/plaincall/AjaxCheckService.setItemNumber.dwr HTTP/1.1" 200 78
222.70.176.97 - - [01/Nov/2021:08:54:36 +0800] "POST /xingrg/dwr/call/plaincall/AjaxCheckService.setItemNumber.dwr HTTP/1.1" 200 78
222.70.171.86 - - [01/Nov/2021:08:54:37 +0800] "GET /xingrg/all/function/internal_message.html?_=1635728078043&CODE_STATE=getMsg HTTP/1.1" 200 27
222.70.176.97 - - [01/Nov/2021:08:54:37 +0800] "POST /xingrg/dwr/call/plaincall/AjaxCheckService.setItemNumber.dwr HTTP/1.1" 200 78
222.70.176.97 - - [01/Nov/2021:08:54:38 +0800] "POST /xingrg/dwr/call/plaincall/AjaxCheckService.setItemNumber.dwr HTTP/1.1" 200 78
222.70.176.97 - - [01/Nov/2021:08:54:39 +0800] "POST /xingrg/dwr/call/plaincall/AjaxCheckService.setItemNumber.dwr HTTP/1.1" 200 78
114.85.125.222 - - [01/Nov/2021:08:54:40 +0800] "GET /xingrg/all/function/internal_message.html?_=1635728014913&CODE_STATE=getMsg HTTP/1.1" 200 27
222.70.176.97 - - [01/Nov/2021:08:54:40 +0800] "POST /xingrg/dwr/call/plaincall/AjaxCheckService.setItemNumber.dwr HTTP/1.1" 200 78
222.70.176.97 - - [01/Nov/2021:08:54:42 +0800] "POST /xingrg/dwr/call/plaincall/AjaxCheckService.setItemNumber.dwr HTTP/1.1" 200 78
124.78.153.86 - - [01/Nov/2021:08:54:43 +0800] "GET /xingrg/all/function/internal_message.html?_=1635728086068&CODE_STATE=getMsg HTTP/1.1" 200 27
222.70.176.97 - - [01/Nov/2021:08:54:43 +0800] "POST /xingrg/dwr/call/plaincall/AjaxCheckService.setItemNumber.dwr HTTP/1.1" 200 78
180.157.253.6 - - [01/Nov/2021:08:54:44 +0800] "GET /xingrg/all/function/internal_message.html?_=1635728085306&CODE_STATE=getMsg HTTP/1.1" 200 27
222.70.176.97 - - [01/Nov/2021:08:54:45 +0800] "POST /xingrg/dwr/call/plaincall/AjaxCheckService.setItemNumber.dwr HTTP/1.1" 200 78
222.70.176.97 - - [01/Nov/2021:08:54:45 +0800] "GET /xingrg/all/function/internal_message.html?_=1635728080920&CODE_STATE=getMsg HTTP/1.1" 200 27
222.70.176.97 - - [01/Nov/2021:08:54:46 +0800] "POST /xingrg/dwr/call/plaincall/AjaxCheckService.setItemNumber.dwr HTTP/1.1" 200 78
222.70.176.97 - - [01/Nov/2021:08:54:47 +0800] "POST /xingrg/dwr/call/plaincall/AjaxCheckService.setItemNumber.dwr HTTP/1.1" 200 78
222.70.176.97 - - [01/Nov/2021:08:54:48 +0800] "POST /xingrg/dwr/call/plaincall/AjaxCheckService.setItemNumber.dwr HTTP/1.1" 200 78
222.70.176.97 - - [01/Nov/2021:08:54:54 +0800] "POST /xingrg/dwr/call/plaincall/AjaxCheckService.setItemNumber.dwr HTTP/1.1" 200 78
116.238.248.233 - - [01/Nov/2021:08:55:02 +0800] "GET /xingrg/check_reg.html?_=1635728100309 HTTP/1.1" 200 22
116.238.248.233 - - [01/Nov/2021:08:55:02 +0800] "GET /xingrg/all/function/internal_message.html?_=1635728100330&CODE_STATE=getMsg HTTP/1.1" 200 27
58.39.139.200 - - [01/Nov/2021:08:55:09 +0800] "GET /xingrg/all/function/internal_message.html?_=1635728110825&CODE_STATE=getMsg HTTP/1.1" 200 27
114.86.229.38 - - [01/Nov/2021:08:55:10 +0800] "GET /xingrg/check_reg.html?_=1635728109672 HTTP/1.1" 200 22
114.86.229.38 - - [01/Nov/2021:08:55:10 +0800] "GET /xingrg/all/function/internal_message.html?_=1635728109676&CODE_STATE=getMsg HTTP/1.1" 200 27
172.20.0.100 - - [01/Nov/2021:08:55:14 +0800] "GET /xingrg/all/function/internal_message.html?_=1635728108796&CODE_STATE=getMsg HTTP/1.1" 200 27
180.157.253.6 - - [01/Nov/2021:08:55:16 +0800] "GET /xingrg/all/function/internal_message.html?_=1635728117755&CODE_STATE=getMsg HTTP/1.1" 200 27
222.70.171.86 - - [01/Nov/2021:08:55:16 +0800] "GET /xingrg/login.html HTTP/1.1" 200 7641
222.69.132.242 - - [01/Nov/2021:08:55:16 +0800] "GET /xingrg/all/function/internal_message.html?_=1635728116082&CODE_STATE=getMsg HTTP/1.1" 200 27
222.70.171.86 - - [01/Nov/2021:08:55:16 +0800] "GET /favicon.ico HTTP/1.1" 404 -
222.70.171.86 - - [01/Nov/2021:08:55:18 +0800] "POST /xingrg/login.do HTTP/1.1" 302 -
222.70.171.86 - - [01/Nov/2021:08:55:18 +0800] "GET /xingrg/index.html?sysBaseUrl=http%3A%2F%2F180.169.147.146%3A18081%2Fxingrg%2F&costTime=40×tamp=1635728118383 HTTP/1.1" 200 17179
222.70.171.86 - - [01/Nov/2021:08:55:18 +0800] "GET /xingrg/javascript/jquery_easy_ui/themes/default/easyui.css HTTP/1.1" 304 -
222.70.171.86 - - [01/Nov/2021:08:55:18 +0800] "GET /xingrg/javascript/jquery_easy_ui/themes/icon.css HTTP/1.1" 304 -
222.70.171.86 - - [01/Nov/2021:08:55:18 +0800] "GET /xingrg/css/form.css HTTP/1.1" 304 -
222.70.171.86 - - [01/Nov/2021:08:55:18 +0800] "GET /xingrg/javascript/jquery-1.4.2.min.js HTTP/1.1" 304 -
222.70.171.86 - - [01/Nov/2021:08:55:18 +0800] "GET /xingrg/javascript/jquery_easy_ui/jquery.easyui.min.js HTTP/1.1" 304 -
222.70.171.86 - - [01/Nov/2021:08:55:18 +0800] "GET /xingrg/javascript/jquery_easy_ui/easyui-lang-zh_CN.js HTTP/1.1" 304 -
222.70.171.86 - - [01/Nov/2021:08:55:18 +0800] "GET /xingrg/javascript/jquery.utils.js HTTP/1.1" 304 -
222.70.171.86 - - [01/Nov/2021:08:55:18 +0800] "GET /xingrg/javascript/jquery.form.js HTTP/1.1" 304 -
222.70.171.86 - - [01/Nov/2021:08:55:18 +0800] "GET /xingrg/javascript/jquery.timers.js HTTP/1.1" 304 -
222.70.171.86 - - [01/Nov/2021:08:55:18 +0800] "POST /xingrg/all/common/load_tree.html?tree=area_rest_tree_json&manage=1 HTTP/1.1" 200 479
222.70.171.86 - - [01/Nov/2021:08:55:18 +0800] "GET /xingrg/all/function/internal_message.html?_=1635728123787&CODE_STATE=count HTTP/1.1" 200 11
222.70.171.86 - - [01/Nov/2021:08:55:18 +0800] "GET /xingrg/check_reg.html?_=1635728123788 HTTP/1.1" 200 22
222.70.171.86 - - [01/Nov/2021:08:55:18 +0800] "GET /favicon.ico HTTP/1.1" 404 -
222.70.171.86 - - [01/Nov/2021:08:55:18 +0800] "POST /xingrg/load_menu.html HTTP/1.1" 200 5138
222.70.171.86 - - [01/Nov/2021:08:55:35 +0800] "GET /xingrg/css/base.css HTTP/1.1" 304 -
222.70.171.86 - - [01/Nov/2021:08:55:35 +0800] "GET /xingrg/css/site.css HTTP/1.1" 304 -
222.70.171.86 - - [01/Nov/2021:08:55:35 +0800] "GET /xingrg/javascript/jquery_tools/datebox.css HTTP/1.1" 304 -
222.70.171.86 - - [01/Nov/2021:08:55:35 +0800] "GET /xingrg/javascript/easyui/themes/icon.css HTTP/1.1" 304 -
222.70.171.86 - - [01/Nov/2021:08:55:35 +0800] "GET /xingrg/javascript/easyui/themes/default/easyui.css HTTP/1.1" 304 -
222.70.171.86 - - [01/Nov/2021:08:55:35 +0800] "GET /xingrg/javascript/jquery_tools/fix.css HTTP/1.1" 304 -
222.70.171.86 - - [01/Nov/2021:08:55:35 +0800] "GET /xingrg/javascript/auto/jquery.autocomplete.css HTTP/1.1" 304 -
222.70.171.86 - - [01/Nov/2021:08:55:35 +0800] "GET /xingrg/javascript/jquery_tools/table.css HTTP/1.1" 304 -
222.70.171.86 - - [01/Nov/2021:08:55:35 +0800] "GET /xingrg/javascript/jquery_tools/jquery.tools.min.js HTTP/1.1" 304 -
222.70.171.86 - - [01/Nov/2021:08:55:35 +0800] "GET /xingrg/javascript/jquery_tools/jquery.tools.extend.js HTTP/1.1" 304 -
222.70.171.86 - - [01/Nov/2021:08:55:35 +0800] "GET /xingrg/javascript/jquery_tools/jquery.tools.hotkey.js HTTP/1.1" 304 -
222.70.171.86 - - [01/Nov/2021:08:55:35 +0800] "GET /xingrg/javascript/jquery_tools/jquery.tools.table.js HTTP/1.1" 304 -
222.70.171.86 - - [01/Nov/2021:08:55:35 +0800] "GET /xingrg/kc/base/check_order_list.html HTTP/1.1" 200 16349
222.70.171.86 - - [01/Nov/2021:08:55:35 +0800] "GET /xingrg/javascript/jquery_tools/list_manager.js HTTP/1.1" 304 -
222.70.171.86 - - [01/Nov/2021:08:55:35 +0800] "GET /xingrg/javascript/auto/jquery.autocomplete.js HTTP/1.1" 304 -
222.70.171.86 - - [01/Nov/2021:08:55:35 +0800] "GET /xingrg/javascript/easyui/easyloader.js HTTP/1.1" 304 -
222.70.171.86 - - [01/Nov/2021:08:55:35 +0800] "GET /xingrg/javascript/jquery.cookie.js HTTP/1.1" 304 -
222.70.171.86 - - [01/Nov/2021:08:55:35 +0800] "GET /xingrg/javascript/easyui/plugins/jquery.parser.js HTTP/1.1" 304 -
222.70.171.86 - - [01/Nov/2021:08:55:35 +0800] "POST /xingrg/kc/base/check_list_operate.html HTTP/1.1" 200 4269
222.70.171.86 - - [01/Nov/2021:08:55:37 +0800] "GET /xingrg/all/function/internal_message.html?_=1635728138052&CODE_STATE=getMsg HTTP/1.1" 302 -
222.70.171.86 - - [01/Nov/2021:08:55:38 +0800] "GET /xingrg/css/blue.css HTTP/1.1" 304 -
222.70.171.86 - - [01/Nov/2021:08:55:38 +0800] "GET /xingrg/css/table.css HTTP/1.1" 304 -
222.70.171.86 - - [01/Nov/2021:08:55:38 +0800] "GET /xingrg/javascript/pic_change.js HTTP/1.1" 304 -
222.70.171.86 - - [01/Nov/2021:08:55:38 +0800] "GET /xingrg/javascript/AjaxInfoList.js HTTP/1.1" 304 -
222.70.171.86 - - [01/Nov/2021:08:55:38 +0800] "GET /xingrg/javascript/Calendar.js HTTP/1.1" 304 -
222.70.171.86 - - [01/Nov/2021:08:55:38 +0800] "GET /xingrg/javascript/myfunction.js HTTP/1.1" 304 -
222.70.171.86 - - [01/Nov/2021:08:55:38 +0800] "GET /xingrg/javascript/convert.js HTTP/1.1" 304 -
222.70.171.86 - - [01/Nov/2021:08:55:38 +0800] "GET /xingrg/kc/base/check_order_info.html?code=452021103100408 HTTP/1.1" 200 26362
222.70.171.86 - - [01/Nov/2021:08:55:38 +0800] "GET /xingrg/javascript/print/LodopFuncs.js HTTP/1.1" 304 -
222.70.171.86 - - [01/Nov/2021:08:55:38 +0800] "GET /xingrg/javascript/print/kc_print.js HTTP/1.1" 304 -
222.70.171.86 - - [01/Nov/2021:08:55:38 +0800] "GET /xingrg/dwr/interface/AjaxCheckService.js HTTP/1.1" 200 14003
222.70.171.86 - - [01/Nov/2021:08:55:38 +0800] "GET /xingrg/dwr/interface/AjaxComOrderService.js HTTP/1.1" 200 18264
222.70.171.86 - - [01/Nov/2021:08:55:38 +0800] "GET /xingrg/dwr/engine.js HTTP/1.1" 200 43631
222.70.171.86 - - [01/Nov/2021:08:55:38 +0800] "GET /xingrg/dwr/util.js HTTP/1.1" 200 35990
222.70.171.86 - - [01/Nov/2021:08:55:38 +0800] "POST /xingrg/dwr/call/plaincall/AjaxCheckService.loadOrderItems.dwr HTTP/1.1" 200 72028
114.85.125.222 - - [01/Nov/2021:08:55:40 +0800] "GET /xingrg/all/function/internal_message.html?_=1635728075005&CODE_STATE=getMsg HTTP/1.1" 200 27
124.78.153.86 - - [01/Nov/2021:08:55:43 +0800] "GET /xingrg/all/function/internal_message.html?_=1635728146069&CODE_STATE=getMsg HTTP/1.1" 200 27
180.157.253.6 - - [01/Nov/2021:08:55:44 +0800] "GET /xingrg/all/function/internal_message.html?_=1635728145277&CODE_STATE=getMsg HTTP/1.1" 200 27
222.70.176.97 - - [01/Nov/2021:08:55:45 +0800] "GET /xingrg/check_reg.html?_=1635728140880 HTTP/1.1" 200 22
222.70.176.97 - - [01/Nov/2021:08:55:45 +0800] "GET /xingrg/all/function/internal_message.html?_=1635728140897&CODE_STATE=getMsg HTTP/1.1" 200 27
180.169.147.146 - - [01/Nov/2021:08:55:45 +0800] "GET /xingrg/check_reg.html?_=1635728207890 HTTP/1.1" 302 -
120.253.135.82 - - [01/Nov/2021:08:55:54 +0800] "GET /xingrg/check_reg.html?_=1635728121193 HTTP/1.1" 302 -
114.86.229.38 - - [01/Nov/2021:08:55:59 +0800] "GET /xingrg/kc/base/check_order_info.html?code=452021103100466 HTTP/1.1" 200 26526
114.86.229.38 - - [01/Nov/2021:08:55:59 +0800] "GET /xingrg/dwr/interface/AjaxComOrderService.js HTTP/1.1" 200 18264
114.86.229.38 - - [01/Nov/2021:08:55:59 +0800] "GET /xingrg/dwr/interface/AjaxCheckService.js HTTP/1.1" 200 14003
114.86.229.38 - - [01/Nov/2021:08:55:59 +0800] "GET /xingrg/dwr/engine.js HTTP/1.1" 200 43631
114.86.229.38 - - [01/Nov/2021:08:55:59 +0800] "POST /xingrg/dwr/call/plaincall/AjaxCheckService.loadOrderItems.dwr HTTP/1.1" 200 184231
116.238.248.233 - - [01/Nov/2021:08:56:02 +0800] "GET /xingrg/all/function/internal_message.html?_=1635728160330&CODE_STATE=getMsg HTTP/1.1" 200 27
114.86.229.38 - - [01/Nov/2021:08:56:03 +0800] "POST /xingrg/dwr/call/plaincall/AjaxCheckService.setItemNumber.dwr HTTP/1.1" 200 76
114.86.229.38 - - [01/Nov/2021:08:56:03 +0800] "POST /xingrg/dwr/call/plaincall/AjaxCheckService.setItemNumber.dwr HTTP/1.1" 200 76
114.86.229.38 - - [01/Nov/2021:08:56:05 +0800] "POST /xingrg/dwr/call/plaincall/AjaxCheckService.setItemNumber.dwr HTTP/1.1" 200 76
114.86.229.38 - - [01/Nov/2021:08:56:05 +0800] "POST /xingrg/dwr/call/plaincall/AjaxCheckService.setItemNumber.dwr HTTP/1.1" 200 76
114.86.229.38 - - [01/Nov/2021:08:56:05 +0800] "POST /xingrg/dwr/call/plaincall/AjaxCheckService.setItemNumber.dwr HTTP/1.1" 200 76
114.86.229.38 - - [01/Nov/2021:08:56:06 +0800] "POST /xingrg/dwr/call/plaincall/AjaxCheckService.setItemNumber.dwr HTTP/1.1" 200 76
114.86.229.38 - - [01/Nov/2021:08:56:06 +0800] "POST /xingrg/dwr/call/plaincall/AjaxCheckService.setItemNumber.dwr HTTP/1.1" 200 76
58.39.139.200 - - [01/Nov/2021:08:56:06 +0800] "GET /xingrg/kc/buy/cgsh_order_operate.html?command=get_materiel&rest_code=00105&code=00101008256&supplier_code=00100203&order_time=2021-11-01 HTTP/1.1" 200 413
114.86.229.38 - - [01/Nov/2021:08:56:07 +0800] "POST /xingrg/dwr/call/plaincall/AjaxCheckService.setItemNumber.dwr HTTP/1.1" 200 76
114.86.229.38 - - [01/Nov/2021:08:56:07 +0800] "POST /xingrg/dwr/call/plaincall/AjaxCheckService.setItemNumber.dwr HTTP/1.1" 200 76
114.86.229.38 - - [01/Nov/2021:08:56:08 +0800] "POST /xingrg/dwr/call/plaincall/AjaxCheckService.setItemNumber.dwr HTTP/1.1" 200 77
114.86.229.38 - - [01/Nov/2021:08:56:08 +0800] "POST /xingrg/dwr/call/plaincall/AjaxCheckService.setItemNumber.dwr HTTP/1.1" 200 77
114.86.229.38 - - [01/Nov/2021:08:56:09 +0800] "POST /xingrg/dwr/call/plaincall/AjaxCheckService.setItemNumber.dwr HTTP/1.1" 200 77
114.86.229.38 - - [01/Nov/2021:08:56:09 +0800] "POST /xingrg/dwr/call/plaincall/AjaxCheckService.setItemNumber.dwr HTTP/1.1" 200 77
58.39.139.200 - - [01/Nov/2021:08:56:09 +0800] "GET /xingrg/all/function/internal_message.html?_=1635728170822&CODE_STATE=getMsg HTTP/1.1" 200 27
114.86.229.38 - - [01/Nov/2021:08:56:09 +0800] "POST /xingrg/dwr/call/plaincall/AjaxCheckService.setItemNumber.dwr HTTP/1.1" 200 77
114.86.229.38 - - [01/Nov/2021:08:56:10 +0800] "GET /xingrg/all/function/internal_message.html?_=1635728169841&CODE_STATE=getMsg HTTP/1.1" 200 27
114.86.229.38 - - [01/Nov/2021:08:56:10 +0800] "POST /xingrg/dwr/call/plaincall/AjaxCheckService.setItemNumber.dwr HTTP/1.1" 200 77
114.86.229.38 - - [01/Nov/2021:08:56:10 +0800] "POST /xingrg/dwr/call/plaincall/AjaxCheckService.setItemNumber.dwr HTTP/1.1" 200 77
114.86.229.38 - - [01/Nov/2021:08:56:11 +0800] "POST /xingrg/dwr/call/plaincall/AjaxCheckService.setItemNumber.dwr HTTP/1.1" 200 77
114.86.229.38 - - [01/Nov/2021:08:56:11 +0800] "POST /xingrg/dwr/call/plaincall/AjaxCheckService.setItemNumber.dwr HTTP/1.1" 200 77
114.86.229.38 - - [01/Nov/2021:08:56:12 +0800] "POST /xingrg/dwr/call/plaincall/AjaxCheckService.setItemNumber.dwr HTTP/1.1" 200 77
114.86.229.38 - - [01/Nov/2021:08:56:12 +0800] "POST /xingrg/dwr/call/plaincall/AjaxCheckService.setItemNumber.dwr HTTP/1.1" 200 77
114.86.229.38 - - [01/Nov/2021:08:56:12 +0800] "POST /xingrg/dwr/call/plaincall/AjaxCheckService.setItemNumber.dwr HTTP/1.1" 200 77
114.86.229.38 - - [01/Nov/2021:08:56:13 +0800] "POST /xingrg/dwr/call/plaincall/AjaxCheckService.setItemNumber.dwr HTTP/1.1" 200 77
114.86.229.38 - - [01/Nov/2021:08:56:13 +0800] "POST /xingrg/dwr/call/plaincall/AjaxCheckService.setItemNumber.dwr HTTP/1.1" 200 77
114.86.229.38 - - [01/Nov/2021:08:56:14 +0800] "POST /xingrg/dwr/call/plaincall/AjaxCheckService.setItemNumber.dwr HTTP/1.1" 200 77
172.20.0.100 - - [01/Nov/2021:08:56:14 +0800] "GET /xingrg/all/function/internal_message.html?_=1635728168807&CODE_STATE=getMsg HTTP/1.1" 200 27
114.86.229.38 - - [01/Nov/2021:08:56:14 +0800] "POST /xingrg/dwr/call/plaincall/AjaxCheckService.setItemNumber.dwr HTTP/1.1" 200 77
114.86.229.38 - - [01/Nov/2021:08:56:15 +0800] "POST /xingrg/dwr/call/plaincall/AjaxCheckService.setItemNumber.dwr HTTP/1.1" 200 77
114.86.229.38 - - [01/Nov/2021:08:56:15 +0800] "POST /xingrg/dwr/call/plaincall/AjaxCheckService.setItemNumber.dwr HTTP/1.1" 200 77
114.86.229.38 - - [01/Nov/2021:08:56:16 +0800] "POST /xingrg/dwr/call/plaincall/AjaxCheckService.setItemNumber.dwr HTTP/1.1" 200 77
180.157.253.6 - - [01/Nov/2021:08:56:16 +0800] "GET /xingrg/all/function/internal_message.html?_=1635728177755&CODE_STATE=getMsg HTTP/1.1" 200 27
222.69.132.242 - - [01/Nov/2021:08:56:16 +0800] "GET /xingrg/all/function/internal_message.html?_=1635728176085&CODE_STATE=getMsg HTTP/1.1" 200 27
114.86.229.38 - - [01/Nov/2021:08:56:17 +0800] "POST /xingrg/dwr/call/plaincall/AjaxCheckService.setItemNumber.dwr HTTP/1.1" 200 77
114.86.229.38 - - [01/Nov/2021:08:56:17 +0800] "POST /xingrg/dwr/call/plaincall/AjaxCheckService.setItemNumber.dwr HTTP/1.1" 200 77
114.86.229.38 - - [01/Nov/2021:08:56:17 +0800] "POST /xingrg/dwr/call/plaincall/AjaxCheckService.setItemNumber.dwr HTTP/1.1" 200 77
114.86.229.38 - - [01/Nov/2021:08:56:18 +0800] "POST /xingrg/dwr/call/plaincall/AjaxCheckService.setItemNumber.dwr HTTP/1.1" 200 77
114.86.229.38 - - [01/Nov/2021:08:56:18 +0800] "POST /xingrg/dwr/call/plaincall/AjaxCheckService.setItemNumber.dwr HTTP/1.1" 200 77
222.70.171.86 - - [01/Nov/2021:08:56:18 +0800] "GET /xingrg/all/function/internal_message.html?_=1635728183849&CODE_STATE=getMsg HTTP/1.1" 200 27
114.86.229.38 - - [01/Nov/2021:08:56:18 +0800] "POST /xingrg/dwr/call/plaincall/AjaxCheckService.setItemNumber.dwr HTTP/1.1" 200 77
58.39.139.200 - - [01/Nov/2021:08:56:19 +0800] "GET /xingrg/kc/buy/cgsh_order_operate.html?command=get_materiel&rest_code=00105&code=00101008155&supplier_code=00100203&order_time=2021-11-01 HTTP/1.1" 200 408
114.86.229.38 - - [01/Nov/2021:08:56:19 +0800] "POST /xingrg/dwr/call/plaincall/AjaxCheckService.setItemNumber.dwr HTTP/1.1" 200 77
114.86.229.38 - - [01/Nov/2021:08:56:19 +0800] "POST /xingrg/dwr/call/plaincall/AjaxCheckService.setItemNumber.dwr HTTP/1.1" 200 77
114.86.229.38 - - [01/Nov/2021:08:56:20 +0800] "POST /xingrg/dwr/call/plaincall/AjaxCheckService.setItemNumber.dwr HTTP/1.1" 200 77
114.86.229.38 - - [01/Nov/2021:08:56:20 +0800] "POST /xingrg/dwr/call/plaincall/AjaxCheckService.setItemNumber.dwr HTTP/1.1" 200 77
114.86.229.38 - - [01/Nov/2021:08:56:20 +0800] "POST /xingrg/dwr/call/plaincall/AjaxCheckService.setItemNumber.dwr HTTP/1.1" 200 77
114.86.229.38 - - [01/Nov/2021:08:56:21 +0800] "POST /xingrg/dwr/call/plaincall/AjaxCheckService.setItemNumber.dwr HTTP/1.1" 200 77
114.86.229.38 - - [01/Nov/2021:08:56:22 +0800] "POST /xingrg/dwr/call/plaincall/AjaxCheckService.setItemNumber.dwr HTTP/1.1" 200 77
114.86.229.38 - - [01/Nov/2021:08:56:22 +0800] "POST /xingrg/dwr/call/plaincall/AjaxCheckService.setItemNumber.dwr HTTP/1.1" 200 77
114.86.229.38 - - [01/Nov/2021:08:56:22 +0800] "POST /xingrg/dwr/call/plaincall/AjaxCheckService.setItemNumber.dwr HTTP/1.1" 200 77
114.86.229.38 - - [01/Nov/2021:08:56:23 +0800] "POST /xingrg/dwr/call/plaincall/AjaxCheckService.setItemNumber.dwr HTTP/1.1" 200 77
114.86.229.38 - - [01/Nov/2021:08:56:24 +0800] "POST /xingrg/dwr/call/plaincall/AjaxCheckService.setItemNumber.dwr HTTP/1.1" 200 77
114.86.229.38 - - [01/Nov/2021:08:56:26 +0800] "POST /xingrg/dwr/call/plaincall/AjaxCheckService.setItemNumber.dwr HTTP/1.1" 200 77
114.86.229.38 - - [01/Nov/2021:08:56:27 +0800] "POST /xingrg/dwr/call/plaincall/AjaxCheckService.setItemNumber.dwr HTTP/1.1" 200 77
114.86.229.38 - - [01/Nov/2021:08:56:27 +0800] "POST /xingrg/dwr/call/plaincall/AjaxCheckService.setItemNumber.dwr HTTP/1.1" 200 77
114.86.229.38 - - [01/Nov/2021:08:56:28 +0800] "POST /xingrg/dwr/call/plaincall/AjaxCheckService.setItemNumber.dwr HTTP/1.1" 200 77
58.39.139.200 - - [01/Nov/2021:08:56:31 +0800] "GET /xingrg/kc/buy/cgsh_order_operate.html?command=get_materiel&rest_code=00105&code=00101008163&supplier_code=00100203&order_time=2021-11-01 HTTP/1.1" 200 409
114.86.229.38 - - [01/Nov/2021:08:56:31 +0800] "POST /xingrg/dwr/call/plaincall/AjaxCheckService.setItemNumber.dwr HTTP/1.1" 200 77
114.86.229.38 - - [01/Nov/2021:08:56:31 +0800] "POST /xingrg/dwr/call/plaincall/AjaxCheckService.setItemNumber.dwr HTTP/1.1" 200 77
114.86.229.38 - - [01/Nov/2021:08:56:32 +0800] "POST /xingrg/dwr/call/plaincall/AjaxCheckService.setItemNumber.dwr HTTP/1.1" 200 77
114.86.229.38 - - [01/Nov/2021:08:56:33 +0800] "POST /xingrg/dwr/call/plaincall/AjaxCheckService.setItemNumber.dwr HTTP/1.1" 200 77
114.86.229.38 - - [01/Nov/2021:08:56:33 +0800] "POST /xingrg/dwr/call/plaincall/AjaxCheckService.setItemNumber.dwr HTTP/1.1" 200 77
114.86.229.38 - - [01/Nov/2021:08:56:33 +0800] "POST /xingrg/dwr/call/plaincall/AjaxCheckService.setItemNumber.dwr HTTP/1.1" 200 77
114.86.229.38 - - [01/Nov/2021:08:56:34 +0800] "POST /xingrg/dwr/call/plaincall/AjaxCheckService.setItemNumber.dwr HTTP/1.1" 200 77
114.86.229.38 - - [01/Nov/2021:08:56:34 +0800] "POST /xingrg/dwr/call/plaincall/AjaxCheckService.setItemNumber.dwr HTTP/1.1" 200 77
114.86.229.38 - - [01/Nov/2021:08:56:35 +0800] "POST /xingrg/dwr/call/plaincall/AjaxCheckService.setItemNumber.dwr HTTP/1.1" 200 77
