222.69.132.242 - - [01/Nov/2021:09:37:43 +0800] "GET /xingrg/kc/buy/cgsh_order_operate.html?command=get_materiel&rest_code=00149&code=00101006057&supplier_code=00100012&order_time=2021-11-01 HTTP/1.1" 200 413
180.157.253.6 - - [01/Nov/2021:09:37:43 +0800] "GET /xingrg/all/function/internal_message.html?_=1635730664438&CODE_STATE=getMsg HTTP/1.1" 200 27
221.239.141.121 - - [01/Nov/2021:09:37:44 +0800] "GET /xingrg/check_reg.html?_=1635730654195 HTTP/1.1" 200 22
222.70.176.97 - - [01/Nov/2021:09:37:44 +0800] "GET /xingrg/kc/base/check_order_list.html?isBack=1 HTTP/1.1" 200 16343
221.239.141.121 - - [01/Nov/2021:09:37:44 +0800] "GET /xingrg/all/function/internal_message.html?_=1635730654539&CODE_STATE=getMsg HTTP/1.1" 200 27
222.70.176.97 - - [01/Nov/2021:09:37:45 +0800] "POST /xingrg/kc/base/check_list_operate.html HTTP/1.1" 200 4703
222.70.176.97 - - [01/Nov/2021:09:37:45 +0800] "GET /xingrg/all/function/internal_message.html?_=1635730660911&CODE_STATE=getMsg HTTP/1.1" 200 27
222.70.176.97 - - [01/Nov/2021:09:37:47 +0800] "GET /xingrg/kc/base/check_order_info.html?code=452021103100365 HTTP/1.1" 200 26404
222.70.176.97 - - [01/Nov/2021:09:37:47 +0800] "GET /xingrg/dwr/interface/AjaxComOrderService.js HTTP/1.1" 200 18264
222.70.176.97 - - [01/Nov/2021:09:37:47 +0800] "GET /xingrg/dwr/interface/AjaxCheckService.js HTTP/1.1" 200 14003
222.70.176.97 - - [01/Nov/2021:09:37:47 +0800] "GET /xingrg/dwr/engine.js HTTP/1.1" 200 43631
222.70.176.97 - - [01/Nov/2021:09:37:48 +0800] "POST /xingrg/dwr/call/plaincall/AjaxCheckService.loadOrderItems.dwr HTTP/1.1" 200 227200
180.169.147.146 - - [01/Nov/2021:09:37:50 +0800] "GET /xingrg/kc/base/check_order_list.html?isBack=1 HTTP/1.1" 200 8212
180.169.147.146 - - [01/Nov/2021:09:37:50 +0800] "GET /xingrg/kc/base/check_order_list.html?isBack=1 HTTP/1.1" 200 16349
180.169.147.146 - - [01/Nov/2021:09:37:50 +0800] "POST /xingrg/kc/base/check_list_operate.html HTTP/1.1" 200 3927
180.169.147.146 - - [01/Nov/2021:09:37:50 +0800] "GET /xingrg/javascript/jquery_tools/images/next.gif HTTP/1.1" 404 1086
180.169.147.146 - - [01/Nov/2021:09:37:50 +0800] "GET /xingrg/javascript/jquery_tools/images/prev.gif HTTP/1.1" 404 1086
180.169.147.146 - - [01/Nov/2021:09:37:51 +0800] "GET /xingrg/kc/base/check_order_add.html HTTP/1.1" 200 26282
180.169.147.146 - - [01/Nov/2021:09:37:51 +0800] "GET /xingrg/dwr/interface/AjaxComOrderService.js HTTP/1.1" 200 18264
180.169.147.146 - - [01/Nov/2021:09:37:51 +0800] "GET /xingrg/dwr/interface/AjaxCheckService.js HTTP/1.1" 200 14003
180.169.147.146 - - [01/Nov/2021:09:37:51 +0800] "GET /xingrg/dwr/engine.js HTTP/1.1" 200 43631
222.70.176.97 - - [01/Nov/2021:09:37:57 +0800] "POST /xingrg/dwr/call/plaincall/AjaxCheckService.setItemNumber.dwr HTTP/1.1" 200 76
222.70.176.97 - - [01/Nov/2021:09:37:58 +0800] "POST /xingrg/dwr/call/plaincall/AjaxCheckService.setItemNumber.dwr HTTP/1.1" 200 76
114.85.125.222 - - [01/Nov/2021:09:37:59 +0800] "GET /xingrg/all/function/internal_message.html?_=1635730614440&CODE_STATE=getMsg HTTP/1.1" 200 27
222.70.176.97 - - [01/Nov/2021:09:38:00 +0800] "POST /xingrg/dwr/call/plaincall/AjaxCheckService.setItemNumber.dwr HTTP/1.1" 200 76
116.235.93.2 - - [01/Nov/2021:09:38:05 +0800] "GET /xingrg/check_reg.html?_=1635730684805 HTTP/1.1" 302 -
116.238.248.233 - - [01/Nov/2021:09:38:06 +0800] "GET /xingrg/all/function/internal_message.html?_=1635730684084&CODE_STATE=getMsg HTTP/1.1" 200 27
58.39.139.200 - - [01/Nov/2021:09:38:09 +0800] "GET /xingrg/all/function/internal_message.html?_=1635730690865&CODE_STATE=getMsg HTTP/1.1" 200 27
114.86.229.38 - - [01/Nov/2021:09:38:09 +0800] "GET /xingrg/all/function/internal_message.html?_=1635730689763&CODE_STATE=getMsg HTTP/1.1" 200 27
180.169.147.146 - - [01/Nov/2021:09:38:11 +0800] "GET /xingrg/all/function/internal_message.html?_=1635730684619&CODE_STATE=getMsg HTTP/1.1" 200 27
180.169.147.146 - - [01/Nov/2021:09:38:11 +0800] "GET /xingrg/check_reg.html?_=1635730684621 HTTP/1.1" 200 22
114.86.229.38 - - [01/Nov/2021:09:38:11 +0800] "POST /xingrg/dwr/call/plaincall/AjaxReportQueryService.refreshCache.dwr HTTP/1.1" 200 78
222.70.171.86 - - [01/Nov/2021:09:38:12 +0800] "GET /xingrg/all/function/internal_message.html?_=1635730693256&CODE_STATE=getMsg HTTP/1.1" 200 27
172.20.0.100 - - [01/Nov/2021:09:38:14 +0800] "GET /xingrg/all/function/internal_message.html?_=1635730688795&CODE_STATE=getMsg HTTP/1.1" 200 27
180.157.253.6 - - [01/Nov/2021:09:38:16 +0800] "GET /xingrg/all/function/internal_message.html?_=1635730697827&CODE_STATE=getMsg HTTP/1.1" 200 27
114.86.229.38 - - [01/Nov/2021:09:38:18 +0800] "POST /xingrg/all/report/load_report_page.html HTTP/1.1" 200 75998
114.86.229.38 - - [01/Nov/2021:09:38:18 +0800] "GET /xingrg/servlets/image?cache=0.19676414584019786&image=px HTTP/1.1" 200 807
222.70.171.86 - - [01/Nov/2021:09:38:19 +0800] "GET /xingrg/all/function/internal_message.html?_=1635730704421&CODE_STATE=getMsg HTTP/1.1" 302 -
222.70.176.97 - - [01/Nov/2021:09:38:22 +0800] "POST /xingrg/dwr/call/plaincall/AjaxCheckService.setItemNumber.dwr HTTP/1.1" 200 76
58.40.7.146 - - [01/Nov/2021:09:38:24 +0800] "GET /xingrg/check_reg.html?_=1635730703740 HTTP/1.1" 200 22
222.70.176.97 - - [01/Nov/2021:09:38:25 +0800] "POST /xingrg/dwr/call/plaincall/AjaxCheckService.setItemNumber.dwr HTTP/1.1" 200 76
222.70.176.97 - - [01/Nov/2021:09:38:27 +0800] "POST /xingrg/dwr/call/plaincall/AjaxCheckService.setItemNumber.dwr HTTP/1.1" 200 76
222.70.176.97 - - [01/Nov/2021:09:38:28 +0800] "POST /xingrg/dwr/call/plaincall/AjaxCheckService.setItemNumber.dwr HTTP/1.1" 200 76
58.40.7.146 - - [01/Nov/2021:09:38:29 +0800] "GET /xingrg/all/function/internal_message.html?_=1635730708702&CODE_STATE=getMsg HTTP/1.1" 200 27
222.70.176.97 - - [01/Nov/2021:09:38:29 +0800] "POST /xingrg/dwr/call/plaincall/AjaxCheckService.setItemNumber.dwr HTTP/1.1" 200 76
222.69.132.242 - - [01/Nov/2021:09:38:30 +0800] "GET /xingrg/all/function/internal_message.html?_=1635730709548&CODE_STATE=getMsg HTTP/1.1" 200 27
222.70.176.97 - - [01/Nov/2021:09:38:30 +0800] "POST /xingrg/dwr/call/plaincall/AjaxCheckService.setItemNumber.dwr HTTP/1.1" 200 76
124.78.153.86 - - [01/Nov/2021:09:38:33 +0800] "GET /xingrg/all/function/internal_message.html?_=1635730716541&CODE_STATE=getMsg HTTP/1.1" 200 27
124.78.153.86 - - [01/Nov/2021:09:38:43 +0800] "GET /xingrg/check_reg.html?_=1635730726183 HTTP/1.1" 200 22
180.157.253.6 - - [01/Nov/2021:09:38:43 +0800] "GET /xingrg/all/function/internal_message.html?_=1635730724414&CODE_STATE=getMsg HTTP/1.1" 200 27
180.157.253.6 - - [01/Nov/2021:09:38:44 +0800] "GET /xingrg/check_reg.html?_=1635730725182 HTTP/1.1" 200 22
221.239.141.121 - - [01/Nov/2021:09:38:44 +0800] "GET /xingrg/all/function/internal_message.html?_=1635730714552&CODE_STATE=getMsg HTTP/1.1" 200 27
222.70.176.97 - - [01/Nov/2021:09:38:45 +0800] "GET /xingrg/all/function/internal_message.html?_=1635730720920&CODE_STATE=getMsg HTTP/1.1" 200 27
222.70.176.97 - - [01/Nov/2021:09:38:49 +0800] "POST /xingrg/dwr/call/plaincall/AjaxCheckService.setItemNumber.dwr HTTP/1.1" 200 77
114.85.125.222 - - [01/Nov/2021:09:38:59 +0800] "GET /xingrg/all/function/internal_message.html?_=1635730674452&CODE_STATE=getMsg HTTP/1.1" 200 27
222.69.132.242 - - [01/Nov/2021:09:39:00 +0800] "POST /xingrg/kc/buy/cgsh_order_operate.html HTTP/1.1" 200 37
116.238.248.233 - - [01/Nov/2021:09:39:06 +0800] "GET /xingrg/all/function/internal_message.html?_=1635730744072&CODE_STATE=getMsg HTTP/1.1" 200 27
58.39.139.200 - - [01/Nov/2021:09:39:09 +0800] "GET /xingrg/all/function/internal_message.html?_=1635730750867&CODE_STATE=getMsg HTTP/1.1" 200 27
114.86.229.38 - - [01/Nov/2021:09:39:09 +0800] "GET /xingrg/all/function/internal_message.html?_=1635730749764&CODE_STATE=getMsg HTTP/1.1" 200 27
180.169.147.146 - - [01/Nov/2021:09:39:11 +0800] "GET /xingrg/all/function/internal_message.html?_=1635730744605&CODE_STATE=getMsg HTTP/1.1" 200 27
222.70.171.86 - - [01/Nov/2021:09:39:12 +0800] "GET /xingrg/all/function/internal_message.html?_=1635730753275&CODE_STATE=getMsg HTTP/1.1" 200 27
172.20.0.100 - - [01/Nov/2021:09:39:14 +0800] "GET /xingrg/all/function/internal_message.html?_=1635730748802&CODE_STATE=getMsg HTTP/1.1" 200 27
172.20.0.100 - - [01/Nov/2021:09:39:14 +0800] "GET /xingrg/check_reg.html?_=1635730748807 HTTP/1.1" 200 22
180.157.253.6 - - [01/Nov/2021:09:39:16 +0800] "GET /xingrg/all/function/internal_message.html?_=1635730757842&CODE_STATE=getMsg HTTP/1.1" 200 27
222.70.171.86 - - [01/Nov/2021:09:39:19 +0800] "GET /xingrg/all/function/internal_message.html?_=1635730764432&CODE_STATE=getMsg HTTP/1.1" 302 -
222.69.132.242 - - [01/Nov/2021:09:39:23 +0800] "POST /xingrg/kc/buy/cgsh_order_operate.html HTTP/1.1" 200 12
222.69.132.242 - - [01/Nov/2021:09:39:25 +0800] "GET /xingrg/kc/buy/cgsh_order_info.html?code=212021110100030 HTTP/1.1" 200 59641
222.69.132.242 - - [01/Nov/2021:09:39:25 +0800] "GET /xingrg/javascript/easyui/themes/default/validatebox.css HTTP/1.1" 404 1104
222.69.132.242 - - [01/Nov/2021:09:39:26 +0800] "POST /xingrg/kc/buy/cgsh_order_operate.html HTTP/1.1" 200 2403
222.69.132.242 - - [01/Nov/2021:09:39:27 +0800] "GET /xingrg/kc/print/load_data.html?order_code=212021110100030&kc_code=cgsh&condition= HTTP/1.1" 200 1497
58.40.7.146 - - [01/Nov/2021:09:39:29 +0800] "GET /xingrg/all/function/internal_message.html?_=1635730768704&CODE_STATE=getMsg HTTP/1.1" 200 27
58.40.7.146 - - [01/Nov/2021:09:39:29 +0800] "GET /xingrg/check_reg.html?_=1635730768704 HTTP/1.1" 200 22
222.69.132.242 - - [01/Nov/2021:09:39:30 +0800] "GET /xingrg/all/function/internal_message.html?_=1635730769560&CODE_STATE=getMsg HTTP/1.1" 200 27
124.78.153.86 - - [01/Nov/2021:09:39:33 +0800] "GET /xingrg/all/function/internal_message.html?_=1635730776512&CODE_STATE=getMsg HTTP/1.1" 200 27
222.69.132.242 - - [01/Nov/2021:09:39:35 +0800] "GET /xingrg/kc/buy/cgsh_order_add.html HTTP/1.1" 200 64732
222.69.132.242 - - [01/Nov/2021:09:39:35 +0800] "POST /xingrg/kc/buy/cgsh_order_operate.html HTTP/1.1" 200 8245
222.69.132.242 - - [01/Nov/2021:09:39:35 +0800] "GET /xingrg/javascript/easyui/themes/default/validatebox.css HTTP/1.1" 404 1104
180.157.253.6 - - [01/Nov/2021:09:39:43 +0800] "GET /xingrg/all/function/internal_message.html?_=1635730784386&CODE_STATE=getMsg HTTP/1.1" 200 27
221.239.141.121 - - [01/Nov/2021:09:39:44 +0800] "GET /xingrg/all/function/internal_message.html?_=1635730774567&CODE_STATE=getMsg HTTP/1.1" 200 27
222.70.176.97 - - [01/Nov/2021:09:39:45 +0800] "GET /xingrg/all/function/internal_message.html?_=1635730780923&CODE_STATE=getMsg HTTP/1.1" 200 27
222.69.132.242 - - [01/Nov/2021:09:39:58 +0800] "GET /xingrg/kc/buy/cgsh_order_operate.html?command=get_materiel&rest_code=00149&code=00101012025&supplier_code=00100036&order_time=2021-11-01 HTTP/1.1" 200 412
114.85.125.222 - - [01/Nov/2021:09:39:59 +0800] "GET /xingrg/check_reg.html?_=1635730734278 HTTP/1.1" 200 22
114.85.125.222 - - [01/Nov/2021:09:39:59 +0800] "GET /xingrg/all/function/internal_message.html?_=1635730734463&CODE_STATE=getMsg HTTP/1.1" 200 27
116.238.248.233 - - [01/Nov/2021:09:40:06 +0800] "GET /xingrg/all/function/internal_message.html?_=1635730804074&CODE_STATE=getMsg HTTP/1.1" 200 27
116.238.248.233 - - [01/Nov/2021:09:40:06 +0800] "GET /xingrg/check_reg.html?_=1635730804078 HTTP/1.1" 200 22
222.69.132.242 - - [01/Nov/2021:09:40:08 +0800] "GET /xingrg/kc/buy/cgsh_order_operate.html?command=get_materiel&rest_code=00149&code=00101016080&supplier_code=00100036&order_time=2021-11-01 HTTP/1.1" 200 408
58.39.139.200 - - [01/Nov/2021:09:40:09 +0800] "GET /xingrg/all/function/internal_message.html?_=1635730810868&CODE_STATE=getMsg HTTP/1.1" 200 27
114.86.229.38 - - [01/Nov/2021:09:40:09 +0800] "GET /xingrg/all/function/internal_message.html?_=1635730809767&CODE_STATE=getMsg HTTP/1.1" 200 27
114.86.229.38 - - [01/Nov/2021:09:40:10 +0800] "GET /xingrg/check_reg.html?_=1635730809770 HTTP/1.1" 200 22
180.169.147.146 - - [01/Nov/2021:09:40:11 +0800] "GET /xingrg/all/function/internal_message.html?_=1635730804610&CODE_STATE=getMsg HTTP/1.1" 200 27
222.70.171.86 - - [01/Nov/2021:09:40:12 +0800] "GET /xingrg/all/function/internal_message.html?_=1635730813283&CODE_STATE=getMsg HTTP/1.1" 200 27
172.20.0.100 - - [01/Nov/2021:09:40:14 +0800] "GET /xingrg/all/function/internal_message.html?_=1635730808799&CODE_STATE=getMsg HTTP/1.1" 200 27
180.157.253.6 - - [01/Nov/2021:09:40:16 +0800] "GET /xingrg/all/function/internal_message.html?_=1635730817828&CODE_STATE=getMsg HTTP/1.1" 200 27
222.69.132.242 - - [01/Nov/2021:09:40:18 +0800] "GET /xingrg/kc/buy/cgsh_order_operate.html?command=get_materiel&rest_code=00149&code=00101012026&supplier_code=00100036&order_time=2021-11-01 HTTP/1.1" 200 408
222.70.171.86 - - [01/Nov/2021:09:40:18 +0800] "GET /xingrg/check_reg.html?_=1635730823838 HTTP/1.1" 302 -
222.70.171.86 - - [01/Nov/2021:09:40:19 +0800] "GET /xingrg/all/function/internal_message.html?_=1635730824446&CODE_STATE=getMsg HTTP/1.1" 302 -
222.70.176.97 - - [01/Nov/2021:09:40:20 +0800] "POST /xingrg/dwr/call/plaincall/AjaxCheckService.setItemNumber.dwr HTTP/1.1" 200 77
222.70.176.97 - - [01/Nov/2021:09:40:22 +0800] "POST /xingrg/dwr/call/plaincall/AjaxCheckService.setItemNumber.dwr HTTP/1.1" 200 77
180.169.147.146 - - [01/Nov/2021:09:40:23 +0800] "GET /xingrg/kc/base/check_order_list.html?isBack=1 HTTP/1.1" 200 16349
180.169.147.146 - - [01/Nov/2021:09:40:23 +0800] "POST /xingrg/kc/base/check_list_operate.html HTTP/1.1" 200 3927
222.70.176.97 - - [01/Nov/2021:09:40:24 +0800] "POST /xingrg/dwr/call/plaincall/AjaxCheckService.setItemNumber.dwr HTTP/1.1" 200 77
222.70.176.97 - - [01/Nov/2021:09:40:25 +0800] "POST /xingrg/dwr/call/plaincall/AjaxCheckService.setItemNumber.dwr HTTP/1.1" 200 77
222.70.176.97 - - [01/Nov/2021:09:40:26 +0800] "POST /xingrg/dwr/call/plaincall/AjaxCheckService.setItemNumber.dwr HTTP/1.1" 200 77
222.69.132.242 - - [01/Nov/2021:09:40:28 +0800] "POST /xingrg/kc/buy/cgsh_order_operate.html HTTP/1.1" 200 37
222.70.176.97 - - [01/Nov/2021:09:40:28 +0800] "POST /xingrg/dwr/call/plaincall/AjaxCheckService.setItemNumber.dwr HTTP/1.1" 200 77
58.40.7.146 - - [01/Nov/2021:09:40:29 +0800] "GET /xingrg/all/function/internal_message.html?_=1635730828706&CODE_STATE=getMsg HTTP/1.1" 200 27
222.70.176.97 - - [01/Nov/2021:09:40:30 +0800] "POST /xingrg/dwr/call/plaincall/AjaxCheckService.setItemNumber.dwr HTTP/1.1" 200 77
180.169.147.146 - - [01/Nov/2021:09:40:31 +0800] "GET /xingrg/kc/base/check_order_list.html HTTP/1.1" 200 16349
180.169.147.146 - - [01/Nov/2021:09:40:32 +0800] "POST /xingrg/kc/base/check_list_operate.html HTTP/1.1" 200 3927
222.70.176.97 - - [01/Nov/2021:09:40:32 +0800] "POST /xingrg/dwr/call/plaincall/AjaxCheckService.setItemNumber.dwr HTTP/1.1" 200 77
222.69.132.242 - - [01/Nov/2021:09:40:33 +0800] "POST /xingrg/kc/buy/cgsh_order_operate.html HTTP/1.1" 200 12
124.78.153.86 - - [01/Nov/2021:09:40:33 +0800] "GET /xingrg/all/function/internal_message.html?_=1635730836497&CODE_STATE=getMsg HTTP/1.1" 200 27
222.70.176.97 - - [01/Nov/2021:09:40:33 +0800] "POST /xingrg/dwr/call/plaincall/AjaxCheckService.setItemNumber.dwr HTTP/1.1" 200 77
180.169.147.146 - - [01/Nov/2021:09:40:33 +0800] "GET /xingrg/kc/base/check_order_add.html HTTP/1.1" 200 26282
180.169.147.146 - - [01/Nov/2021:09:40:33 +0800] "GET /xingrg/dwr/interface/AjaxComOrderService.js HTTP/1.1" 200 18264
180.169.147.146 - - [01/Nov/2021:09:40:33 +0800] "GET /xingrg/dwr/interface/AjaxCheckService.js HTTP/1.1" 200 14003
180.169.147.146 - - [01/Nov/2021:09:40:33 +0800] "GET /xingrg/dwr/engine.js HTTP/1.1" 200 43631
222.69.132.242 - - [01/Nov/2021:09:40:34 +0800] "GET /xingrg/kc/buy/cgsh_order_info.html?code=212021110100031 HTTP/1.1" 200 59643
222.69.132.242 - - [01/Nov/2021:09:40:34 +0800] "GET /xingrg/javascript/easyui/themes/default/validatebox.css HTTP/1.1" 404 1104
222.70.176.97 - - [01/Nov/2021:09:40:35 +0800] "POST /xingrg/dwr/call/plaincall/AjaxCheckService.setItemNumber.dwr HTTP/1.1" 200 77
222.69.132.242 - - [01/Nov/2021:09:40:35 +0800] "POST /xingrg/kc/buy/cgsh_order_operate.html HTTP/1.1" 200 1776
222.70.176.97 - - [01/Nov/2021:09:40:36 +0800] "POST /xingrg/dwr/call/plaincall/AjaxCheckService.setItemNumber.dwr HTTP/1.1" 200 77
222.69.132.242 - - [01/Nov/2021:09:40:37 +0800] "GET /xingrg/kc/print/load_data.html?order_code=212021110100031&kc_code=cgsh&condition= HTTP/1.1" 200 1219
222.70.176.97 - - [01/Nov/2021:09:40:38 +0800] "POST /xingrg/dwr/call/plaincall/AjaxCheckService.setItemNumber.dwr HTTP/1.1" 200 77
222.70.176.97 - - [01/Nov/2021:09:40:39 +0800] "POST /xingrg/dwr/call/plaincall/AjaxCheckService.setItemNumber.dwr HTTP/1.1" 200 77
222.70.176.97 - - [01/Nov/2021:09:40:41 +0800] "POST /xingrg/dwr/call/plaincall/AjaxCheckService.setItemNumber.dwr HTTP/1.1" 200 77
180.157.253.6 - - [01/Nov/2021:09:40:43 +0800] "GET /xingrg/all/function/internal_message.html?_=1635730844372&CODE_STATE=getMsg HTTP/1.1" 200 27
221.239.141.121 - - [01/Nov/2021:09:40:45 +0800] "GET /xingrg/all/function/internal_message.html?_=1635730834773&CODE_STATE=getMsg HTTP/1.1" 200 27
180.169.147.146 - - [01/Nov/2021:09:40:45 +0800] "GET /xingrg/check_reg.html?_=1635730907707 HTTP/1.1" 302 -
222.70.176.97 - - [01/Nov/2021:09:40:45 +0800] "GET /xingrg/check_reg.html?_=1635730840918 HTTP/1.1" 200 22
222.70.176.97 - - [01/Nov/2021:09:40:45 +0800] "GET /xingrg/all/function/internal_message.html?_=1635730840920&CODE_STATE=getMsg HTTP/1.1" 200 27
222.70.176.97 - - [01/Nov/2021:09:40:51 +0800] "POST /xingrg/dwr/call/plaincall/AjaxCheckService.setItemNumber.dwr HTTP/1.1" 200 77
120.253.135.82 - - [01/Nov/2021:09:40:55 +0800] "GET /xingrg/check_reg.html?_=1635730821335 HTTP/1.1" 302 -
114.85.125.222 - - [01/Nov/2021:09:40:59 +0800] "GET /xingrg/all/function/internal_message.html?_=1635730794476&CODE_STATE=getMsg HTTP/1.1" 200 27
116.238.248.233 - - [01/Nov/2021:09:41:06 +0800] "GET /xingrg/all/function/internal_message.html?_=1635730864089&CODE_STATE=getMsg HTTP/1.1" 200 27
58.39.139.200 - - [01/Nov/2021:09:41:09 +0800] "GET /xingrg/all/function/internal_message.html?_=1635730870868&CODE_STATE=getMsg HTTP/1.1" 200 27
114.86.229.38 - - [01/Nov/2021:09:41:09 +0800] "GET /xingrg/all/function/internal_message.html?_=1635730869771&CODE_STATE=getMsg HTTP/1.1" 200 27
222.70.176.97 - - [01/Nov/2021:09:41:11 +0800] "POST /xingrg/dwr/call/plaincall/AjaxCheckService.setItemNumber.dwr HTTP/1.1" 200 77
222.70.171.86 - - [01/Nov/2021:09:41:11 +0800] "GET /xingrg/check_reg.html?_=1635730872502 HTTP/1.1" 200 22
180.169.147.146 - - [01/Nov/2021:09:41:11 +0800] "GET /xingrg/all/function/internal_message.html?_=1635730864608&CODE_STATE=getMsg HTTP/1.1" 200 27
222.70.171.86 - - [01/Nov/2021:09:41:12 +0800] "GET /xingrg/all/function/internal_message.html?_=1635730873297&CODE_STATE=getMsg HTTP/1.1" 200 27
222.70.176.97 - - [01/Nov/2021:09:41:13 +0800] "POST /xingrg/dwr/call/plaincall/AjaxCheckService.setItemNumber.dwr HTTP/1.1" 200 77
172.20.0.100 - - [01/Nov/2021:09:41:14 +0800] "GET /xingrg/all/function/internal_message.html?_=1635730868805&CODE_STATE=getMsg HTTP/1.1" 200 27
222.70.176.97 - - [01/Nov/2021:09:41:15 +0800] "POST /xingrg/dwr/call/plaincall/AjaxCheckService.setItemNumber.dwr HTTP/1.1" 200 77
180.157.253.6 - - [01/Nov/2021:09:41:16 +0800] "GET /xingrg/all/function/internal_message.html?_=1635730877827&CODE_STATE=getMsg HTTP/1.1" 200 27
222.70.176.97 - - [01/Nov/2021:09:41:18 +0800] "POST /xingrg/dwr/call/plaincall/AjaxCheckService.setItemNumber.dwr HTTP/1.1" 200 77
222.70.171.86 - - [01/Nov/2021:09:41:19 +0800] "GET /xingrg/all/function/internal_message.html?_=1635730884462&CODE_STATE=getMsg HTTP/1.1" 302 -
222.70.176.97 - - [01/Nov/2021:09:41:23 +0800] "POST /xingrg/dwr/call/plaincall/AjaxCheckService.setItemNumber.dwr HTTP/1.1" 200 77
222.70.176.97 - - [01/Nov/2021:09:41:29 +0800] "POST /xingrg/dwr/call/plaincall/AjaxCheckService.setItemNumber.dwr HTTP/1.1" 200 77
58.40.7.146 - - [01/Nov/2021:09:41:29 +0800] "GET /xingrg/all/function/internal_message.html?_=1635730888708&CODE_STATE=getMsg HTTP/1.1" 200 27
222.69.132.242 - - [01/Nov/2021:09:41:30 +0800] "GET /xingrg/all/function/internal_message.html?_=1635730889570&CODE_STATE=getMsg HTTP/1.1" 200 27
222.70.176.97 - - [01/Nov/2021:09:41:31 +0800] "POST /xingrg/dwr/call/plaincall/AjaxCheckService.setItemNumber.dwr HTTP/1.1" 200 77
222.70.176.97 - - [01/Nov/2021:09:41:33 +0800] "POST /xingrg/dwr/call/plaincall/AjaxCheckService.setItemNumber.dwr HTTP/1.1" 200 77
124.78.153.86 - - [01/Nov/2021:09:41:33 +0800] "GET /xingrg/all/function/internal_message.html?_=1635730896482&CODE_STATE=getMsg HTTP/1.1" 200 27
222.70.176.97 - - [01/Nov/2021:09:41:36 +0800] "POST /xingrg/dwr/call/plaincall/AjaxCheckService.setItemNumber.dwr HTTP/1.1" 200 77
222.70.176.97 - - [01/Nov/2021:09:41:38 +0800] "POST /xingrg/dwr/call/plaincall/AjaxCheckService.setItemNumber.dwr HTTP/1.1" 200 77
222.70.176.97 - - [01/Nov/2021:09:41:41 +0800] "POST /xingrg/dwr/call/plaincall/AjaxCheckService.setItemNumber.dwr HTTP/1.1" 200 77
222.70.176.97 - - [01/Nov/2021:09:41:42 +0800] "POST /xingrg/dwr/call/plaincall/AjaxCheckService.setItemNumber.dwr HTTP/1.1" 200 77
180.157.253.6 - - [01/Nov/2021:09:41:43 +0800] "GET /xingrg/all/function/internal_message.html?_=1635730904356&CODE_STATE=getMsg HTTP/1.1" 200 27
222.70.176.97 - - [01/Nov/2021:09:41:44 +0800] "POST /xingrg/dwr/call/plaincall/AjaxCheckService.setItemNumber.dwr HTTP/1.1" 200 77
221.239.141.121 - - [01/Nov/2021:09:41:45 +0800] "GET /xingrg/all/function/internal_message.html?_=1635730894885&CODE_STATE=getMsg HTTP/1.1" 200 27
222.70.176.97 - - [01/Nov/2021:09:41:45 +0800] "GET /xingrg/all/function/internal_message.html?_=1635730900909&CODE_STATE=getMsg HTTP/1.1" 200 27
222.70.176.97 - - [01/Nov/2021:09:41:45 +0800] "POST /xingrg/dwr/call/plaincall/AjaxCheckService.setItemNumber.dwr HTTP/1.1" 200 77
222.70.176.97 - - [01/Nov/2021:09:41:47 +0800] "POST /xingrg/dwr/call/plaincall/AjaxCheckService.setItemNumber.dwr HTTP/1.1" 200 77
222.70.176.97 - - [01/Nov/2021:09:41:49 +0800] "POST /xingrg/dwr/call/plaincall/AjaxCheckService.setItemNumber.dwr HTTP/1.1" 200 77
222.70.176.97 - - [01/Nov/2021:09:41:50 +0800] "POST /xingrg/dwr/call/plaincall/AjaxCheckService.setItemNumber.dwr HTTP/1.1" 200 77
222.70.176.97 - - [01/Nov/2021:09:41:53 +0800] "POST /xingrg/dwr/call/plaincall/AjaxCheckService.setItemNumber.dwr HTTP/1.1" 200 77
222.70.176.97 - - [01/Nov/2021:09:41:54 +0800] "POST /xingrg/dwr/call/plaincall/AjaxCheckService.setItemNumber.dwr HTTP/1.1" 200 77
222.70.176.97 - - [01/Nov/2021:09:41:56 +0800] "POST /xingrg/dwr/call/plaincall/AjaxCheckService.setItemNumber.dwr HTTP/1.1" 200 77
222.70.176.97 - - [01/Nov/2021:09:41:57 +0800] "POST /xingrg/dwr/call/plaincall/AjaxCheckService.setItemNumber.dwr HTTP/1.1" 200 77
222.70.176.97 - - [01/Nov/2021:09:41:59 +0800] "POST /xingrg/dwr/call/plaincall/AjaxCheckService.setItemNumber.dwr HTTP/1.1" 200 77
114.85.125.222 - - [01/Nov/2021:09:41:59 +0800] "GET /xingrg/all/function/internal_message.html?_=1635730854500&CODE_STATE=getMsg HTTP/1.1" 200 27
222.70.176.97 - - [01/Nov/2021:09:42:01 +0800] "POST /xingrg/dwr/call/plaincall/AjaxCheckService.setItemNumber.dwr HTTP/1.1" 200 77
222.70.176.97 - - [01/Nov/2021:09:42:02 +0800] "POST /xingrg/dwr/call/plaincall/AjaxCheckService.setItemNumber.dwr HTTP/1.1" 200 77
222.70.176.97 - - [01/Nov/2021:09:42:05 +0800] "POST /xingrg/dwr/call/plaincall/AjaxCheckService.setItemNumber.dwr HTTP/1.1" 200 77
116.238.248.233 - - [01/Nov/2021:09:42:06 +0800] "GET /xingrg/all/function/internal_message.html?_=1635730924089&CODE_STATE=getMsg HTTP/1.1" 200 27
222.70.176.97 - - [01/Nov/2021:09:42:06 +0800] "POST /xingrg/dwr/call/plaincall/AjaxCheckService.setItemNumber.dwr HTTP/1.1" 200 77
222.70.176.97 - - [01/Nov/2021:09:42:08 +0800] "POST /xingrg/dwr/call/plaincall/AjaxCheckService.setItemNumber.dwr HTTP/1.1" 200 77
58.39.139.200 - - [01/Nov/2021:09:42:09 +0800] "GET /xingrg/all/function/internal_message.html?_=1635730930869&CODE_STATE=getMsg HTTP/1.1" 200 27
58.39.139.200 - - [01/Nov/2021:09:42:09 +0800] "GET /xingrg/check_reg.html?_=1635730930871 HTTP/1.1" 200 22
222.70.176.97 - - [01/Nov/2021:09:42:09 +0800] "POST /xingrg/dwr/call/plaincall/AjaxCheckService.setItemNumber.dwr HTTP/1.1" 200 77
114.86.229.38 - - [01/Nov/2021:09:42:09 +0800] "GET /xingrg/all/function/internal_message.html?_=1635730929765&CODE_STATE=getMsg HTTP/1.1" 200 27
222.70.176.97 - - [01/Nov/2021:09:42:11 +0800] "POST /xingrg/dwr/call/plaincall/AjaxCheckService.setItemNumber.dwr HTTP/1.1" 200 77
180.169.147.146 - - [01/Nov/2021:09:42:11 +0800] "GET /xingrg/all/function/internal_message.html?_=1635730924608&CODE_STATE=getMsg HTTP/1.1" 200 27
222.70.171.86 - - [01/Nov/2021:09:42:12 +0800] "GET /xingrg/all/function/internal_message.html?_=1635730933310&CODE_STATE=getMsg HTTP/1.1" 200 27
222.70.176.97 - - [01/Nov/2021:09:42:12 +0800] "POST /xingrg/dwr/call/plaincall/AjaxCheckService.setItemNumber.dwr HTTP/1.1" 200 77
222.70.176.97 - - [01/Nov/2021:09:42:13 +0800] "POST /xingrg/dwr/call/plaincall/AjaxCheckService.setItemNumber.dwr HTTP/1.1" 200 77
172.20.0.100 - - [01/Nov/2021:09:42:14 +0800] "GET /xingrg/all/function/internal_message.html?_=1635730928797&CODE_STATE=getMsg HTTP/1.1" 200 27
222.70.176.97 - - [01/Nov/2021:09:42:16 +0800] "POST /xingrg/dwr/call/plaincall/AjaxCheckService.setItemNumber.dwr HTTP/1.1" 200 77
180.157.253.6 - - [01/Nov/2021:09:42:16 +0800] "GET /xingrg/check_reg.html?_=1635730937844 HTTP/1.1" 200 22
180.157.253.6 - - [01/Nov/2021:09:42:16 +0800] "GET /xingrg/all/function/internal_message.html?_=1635730937842&CODE_STATE=getMsg HTTP/1.1" 200 27
222.69.132.242 - - [01/Nov/2021:09:42:16 +0800] "GET /xingrg/check_reg.html?_=1635730936247 HTTP/1.1" 200 22
222.70.171.86 - - [01/Nov/2021:09:42:19 +0800] "GET /xingrg/all/function/internal_message.html?_=1635730944473&CODE_STATE=getMsg HTTP/1.1" 302 -
222.70.176.97 - - [01/Nov/2021:09:42:22 +0800] "POST /xingrg/dwr/call/plaincall/AjaxCheckService.setItemNumber.dwr HTTP/1.1" 200 77
58.40.7.146 - - [01/Nov/2021:09:42:23 +0800] "GET /xingrg/check_reg.html?_=1635730943218 HTTP/1.1" 302 -
222.70.176.97 - - [01/Nov/2021:09:42:25 +0800] "POST /xingrg/dwr/call/plaincall/AjaxCheckService.setItemNumber.dwr HTTP/1.1" 200 77
221.239.141.121 - - [01/Nov/2021:09:42:27 +0800] "POST /xingrg/services/DataTransmitService HTTP/1.1" 401 565
221.239.141.121 - - [01/Nov/2021:09:42:27 +0800] "POST /xingrg/services/DataTransmitService HTTP/1.1" 200 478
221.239.141.121 - - [01/Nov/2021:09:42:27 +0800] "POST /xingrg/services/DataTransmitService HTTP/1.1" 200 1320
221.239.141.121 - - [01/Nov/2021:09:42:27 +0800] "POST /xingrg/services/DataTransmitService HTTP/1.1" 200 478
221.239.141.121 - - [01/Nov/2021:09:42:27 +0800] "POST /xingrg/services/DataTransmitService HTTP/1.1" 200 1320
221.239.141.121 - - [01/Nov/2021:09:42:27 +0800] "POST /xingrg/services/DataTransmitService HTTP/1.1" 200 524
221.239.141.121 - - [01/Nov/2021:09:42:27 +0800] "POST /xingrg/services/DataTransmitService HTTP/1.1" 200 2323
221.239.141.121 - - [01/Nov/2021:09:42:27 +0800] "POST /xingrg/services/DataTransmitService HTTP/1.1" 200 2363
222.70.176.97 - - [01/Nov/2021:09:42:28 +0800] "POST /xingrg/dwr/call/plaincall/AjaxCheckService.setItemNumber.dwr HTTP/1.1" 200 77
221.239.141.121 - - [01/Nov/2021:09:42:28 +0800] "POST /xingrg/services/DataTransmitService HTTP/1.1" 200 1427
221.239.141.121 - - [01/Nov/2021:09:42:28 +0800] "POST /xingrg/services/DataTransmitService HTTP/1.1" 200 141103
58.40.7.146 - - [01/Nov/2021:09:42:29 +0800] "GET /xingrg/all/function/internal_message.html?_=1635730948710&CODE_STATE=getMsg HTTP/1.1" 200 27
222.70.171.86 - - [01/Nov/2021:09:42:30 +0800] "GET /xingrg/check_reg.html?_=1635730955408 HTTP/1.1" 302 -
222.69.132.242 - - [01/Nov/2021:09:42:30 +0800] "GET /xingrg/all/function/internal_message.html?_=1635730949548&CODE_STATE=getMsg HTTP/1.1" 200 27
222.70.176.97 - - [01/Nov/2021:09:42:30 +0800] "POST /xingrg/dwr/call/plaincall/AjaxCheckService.setItemNumber.dwr HTTP/1.1" 200 77
222.70.176.97 - - [01/Nov/2021:09:42:31 +0800] "POST /xingrg/dwr/call/plaincall/AjaxCheckService.setItemNumber.dwr HTTP/1.1" 200 77
222.70.176.97 - - [01/Nov/2021:09:42:32 +0800] "POST /xingrg/dwr/call/plaincall/AjaxCheckService.setItemNumber.dwr HTTP/1.1" 200 77
124.78.153.86 - - [01/Nov/2021:09:42:33 +0800] "GET /xingrg/all/function/internal_message.html?_=1635730956467&CODE_STATE=getMsg HTTP/1.1" 200 27
222.70.176.97 - - [01/Nov/2021:09:42:34 +0800] "POST /xingrg/dwr/call/plaincall/AjaxCheckService.setItemNumber.dwr HTTP/1.1" 200 77
222.70.176.97 - - [01/Nov/2021:09:42:36 +0800] "POST /xingrg/dwr/call/plaincall/AjaxCheckService.setItemNumber.dwr HTTP/1.1" 200 77
114.85.125.222 - - [01/Nov/2021:09:42:37 +0800] "POST /xingrg/all/user/operate.html HTTP/1.1" 200 36
114.85.125.222 - - [01/Nov/2021:09:42:37 +0800] "GET /xingrg/javascript/jquery_easy_ui/themes/default/easyui.css HTTP/1.1" 304 -
114.85.125.222 - - [01/Nov/2021:09:42:37 +0800] "GET /xingrg/index.html?sysBaseUrl=http%3A%2F%2F180.169.147.146%3A18081%2Fxingrg%2F&costTime=43×tamp=1635727653621 HTTP/1.1" 200 17179
114.85.125.222 - - [01/Nov/2021:09:42:37 +0800] "GET /xingrg/javascript/jquery_easy_ui/themes/icon.css HTTP/1.1" 304 -
114.85.125.222 - - [01/Nov/2021:09:42:37 +0800] "GET /xingrg/css/form.css HTTP/1.1" 304 -
114.85.125.222 - - [01/Nov/2021:09:42:37 +0800] "GET /xingrg/javascript/jquery-1.4.2.min.js HTTP/1.1" 304 -
114.85.125.222 - - [01/Nov/2021:09:42:37 +0800] "GET /xingrg/javascript/jquery_easy_ui/jquery.easyui.min.js HTTP/1.1" 304 -
114.85.125.222 - - [01/Nov/2021:09:42:37 +0800] "GET /xingrg/javascript/jquery_easy_ui/easyui-lang-zh_CN.js HTTP/1.1" 304 -
114.85.125.222 - - [01/Nov/2021:09:42:37 +0800] "GET /xingrg/javascript/jquery.form.js HTTP/1.1" 304 -
114.85.125.222 - - [01/Nov/2021:09:42:37 +0800] "GET /xingrg/javascript/jquery.utils.js HTTP/1.1" 304 -
114.85.125.222 - - [01/Nov/2021:09:42:37 +0800] "GET /xingrg/javascript/jquery.timers.js HTTP/1.1" 304 -
114.85.125.222 - - [01/Nov/2021:09:42:37 +0800] "GET /xingrg/javascript/jquery_easy_ui/themes/icons/settle_new.png HTTP/1.1" 304 -
114.85.125.222 - - [01/Nov/2021:09:42:37 +0800] "GET /xingrg/images/blue/navBackgound.jpg HTTP/1.1" 304 -
114.85.125.222 - - [01/Nov/2021:09:42:37 +0800] "GET /xingrg/images/blue/jxLogo.png HTTP/1.1" 304 -
114.85.125.222 - - [01/Nov/2021:09:42:37 +0800] "GET /xingrg/javascript/jquery_easy_ui/themes/default/images/tabs_leftarrow.png HTTP/1.1" 304 -
114.85.125.222 - - [01/Nov/2021:09:42:37 +0800] "GET /xingrg/javascript/jquery_easy_ui/themes/default/images/tabs_rightarrow.png HTTP/1.1" 304 -
114.85.125.222 - - [01/Nov/2021:09:42:37 +0800] "POST /xingrg/all/common/load_tree.html?tree=area_rest_tree_json&manage=1 HTTP/1.1" 200 476
114.85.125.222 - - [01/Nov/2021:09:42:37 +0800] "GET /xingrg/javascript/jquery_easy_ui/themes/default/images/panel_tool_collapse.gif HTTP/1.1" 304 -
114.85.125.222 - - [01/Nov/2021:09:42:37 +0800] "GET /xingrg/images/blue/pingpu.png HTTP/1.1" 304 -
114.85.125.222 - - [01/Nov/2021:09:42:37 +0800] "GET /xingrg/all/function/internal_message.html?_=1635730892615&CODE_STATE=count HTTP/1.1" 200 11
114.85.125.222 - - [01/Nov/2021:09:42:37 +0800] "GET /xingrg/check_reg.html?_=1635730892616 HTTP/1.1" 200 22
114.85.125.222 - - [01/Nov/2021:09:42:37 +0800] "POST /xingrg/load_menu.html HTTP/1.1" 200 5138
222.70.176.97 - - [01/Nov/2021:09:42:40 +0800] "POST /xingrg/dwr/call/plaincall/AjaxCheckService.setItemNumber.dwr HTTP/1.1" 200 77
114.85.125.222 - - [01/Nov/2021:09:42:42 +0800] "GET /xingrg/kc/base/check_order_list.html HTTP/1.1" 200 16349
114.85.125.222 - - [01/Nov/2021:09:42:43 +0800] "POST /xingrg/kc/base/check_list_operate.html HTTP/1.1" 200 2979
180.157.253.6 - - [01/Nov/2021:09:42:43 +0800] "GET /xingrg/all/function/internal_message.html?_=1635730964341&CODE_STATE=getMsg HTTP/1.1" 200 27
221.239.141.121 - - [01/Nov/2021:09:42:44 +0800] "GET /xingrg/check_reg.html?_=1635730954404 HTTP/1.1" 200 22
221.239.141.121 - - [01/Nov/2021:09:42:45 +0800] "GET /xingrg/all/function/internal_message.html?_=1635730954888&CODE_STATE=getMsg HTTP/1.1" 200 27
222.70.176.97 - - [01/Nov/2021:09:42:45 +0800] "GET /xingrg/all/function/internal_message.html?_=1635730960913&CODE_STATE=getMsg HTTP/1.1" 200 27
114.85.125.222 - - [01/Nov/2021:09:42:48 +0800] "GET /xingrg/kc/base/check_order_info.html?code=452021103100385 HTTP/1.1" 200 26330
114.85.125.222 - - [01/Nov/2021:09:42:48 +0800] "GET /xingrg/css/blue.css HTTP/1.1" 304 -
114.85.125.222 - - [01/Nov/2021:09:42:48 +0800] "GET /xingrg/dwr/util.js HTTP/1.1" 304 -
114.85.125.222 - - [01/Nov/2021:09:42:48 +0800] "GET /xingrg/css/table.css HTTP/1.1" 304 -
114.85.125.222 - - [01/Nov/2021:09:42:48 +0800] "GET /xingrg/javascript/AjaxInfoList.js HTTP/1.1" 304 -
114.85.125.222 - - [01/Nov/2021:09:42:48 +0800] "GET /xingrg/javascript/myfunction.js HTTP/1.1" 304 -
114.85.125.222 - - [01/Nov/2021:09:42:48 +0800] "GET /xingrg/javascript/Calendar.js HTTP/1.1" 304 -
114.85.125.222 - - [01/Nov/2021:09:42:48 +0800] "GET /xingrg/dwr/interface/AjaxCheckService.js HTTP/1.1" 200 14003
114.85.125.222 - - [01/Nov/2021:09:42:48 +0800] "GET /xingrg/dwr/interface/AjaxComOrderService.js HTTP/1.1" 200 18264
114.85.125.222 - - [01/Nov/2021:09:42:48 +0800] "GET /xingrg/dwr/engine.js HTTP/1.1" 200 43631
114.85.125.222 - - [01/Nov/2021:09:42:48 +0800] "GET /xingrg/javascript/jquery_easy_ui/themes/icons/check_new.png HTTP/1.1" 304 -
114.85.125.222 - - [01/Nov/2021:09:42:48 +0800] "GET /xingrg/javascript/jquery_easy_ui/themes/icons/print.png HTTP/1.1" 304 -
114.85.125.222 - - [01/Nov/2021:09:42:48 +0800] "GET /xingrg/javascript/jquery_easy_ui/themes/icons/cance_new.png HTTP/1.1" 304 -
114.85.125.222 - - [01/Nov/2021:09:42:48 +0800] "GET /xingrg/javascript/jquery_easy_ui/themes/icons/back_new.png HTTP/1.1" 304 -
114.85.125.222 - - [01/Nov/2021:09:42:48 +0800] "GET /xingrg/javascript/jquery_easy_ui/themes/default/images/menu_downarrow.png HTTP/1.1" 304 -
114.85.125.222 - - [01/Nov/2021:09:42:48 +0800] "POST /xingrg/dwr/call/plaincall/AjaxCheckService.loadOrderItems.dwr HTTP/1.1" 200 45486
114.85.125.222 - - [01/Nov/2021:09:42:48 +0800] "GET /xingrg/javascript/jquery_easy_ui/themes/icons/no.png HTTP/1.1" 304 -
222.70.176.97 - - [01/Nov/2021:09:42:49 +0800] "POST /xingrg/dwr/call/plaincall/AjaxCheckService.setItemNumber.dwr HTTP/1.1" 200 77
116.238.248.233 - - [01/Nov/2021:09:42:50 +0800] "GET /xingrg/javascript/auto/indicator.gif HTTP/1.1" 404 1066
222.70.176.97 - - [01/Nov/2021:09:42:52 +0800] "POST /xingrg/dwr/call/plaincall/AjaxCheckService.setItemNumber.dwr HTTP/1.1" 200 77
114.85.125.222 - - [01/Nov/2021:09:42:55 +0800] "POST /xingrg/dwr/call/plaincall/AjaxCheckService.setItemNumber.dwr HTTP/1.1" 200 76
114.85.125.222 - - [01/Nov/2021:09:42:56 +0800] "POST /xingrg/dwr/call/plaincall/AjaxCheckService.setItemNumber.dwr HTTP/1.1" 200 76
222.70.176.97 - - [01/Nov/2021:09:42:57 +0800] "POST /xingrg/dwr/call/plaincall/AjaxCheckService.setItemNumber.dwr HTTP/1.1" 200 77
114.85.125.222 - - [01/Nov/2021:09:42:58 +0800] "POST /xingrg/dwr/call/plaincall/AjaxCheckService.setItemNumber.dwr HTTP/1.1" 200 76
222.70.176.97 - - [01/Nov/2021:09:42:59 +0800] "POST /xingrg/dwr/call/plaincall/AjaxCheckService.setItemNumber.dwr HTTP/1.1" 200 77
114.85.125.222 - - [01/Nov/2021:09:43:00 +0800] "POST /xingrg/dwr/call/plaincall/AjaxCheckService.setItemNumber.dwr HTTP/1.1" 200 76
222.70.176.97 - - [01/Nov/2021:09:43:01 +0800] "POST /xingrg/dwr/call/plaincall/AjaxCheckService.setItemNumber.dwr HTTP/1.1" 200 77
222.70.176.97 - - [01/Nov/2021:09:43:03 +0800] "POST /xingrg/dwr/call/plaincall/AjaxCheckService.setItemNumber.dwr HTTP/1.1" 200 77
222.70.176.97 - - [01/Nov/2021:09:43:04 +0800] "POST /xingrg/dwr/call/plaincall/AjaxCheckService.setItemNumber.dwr HTTP/1.1" 200 77
114.85.125.222 - - [01/Nov/2021:09:43:05 +0800] "POST /xingrg/dwr/call/plaincall/AjaxCheckService.setItemNumber.dwr HTTP/1.1" 200 76
116.235.93.2 - - [01/Nov/2021:09:43:05 +0800] "GET /xingrg/check_reg.html?_=1635730984777 HTTP/1.1" 302 -
222.70.176.97 - - [01/Nov/2021:09:43:05 +0800] "POST /xingrg/dwr/call/plaincall/AjaxCheckService.setItemNumber.dwr HTTP/1.1" 200 77
221.239.141.121 - - [01/Nov/2021:09:43:06 +0800] "POST /xingrg/services/DataTransmitService HTTP/1.1" 200 45454
221.239.141.121 - - [01/Nov/2021:09:43:06 +0800] "POST /xingrg/services/DataTransmitService HTTP/1.1" 200 19237
116.238.248.233 - - [01/Nov/2021:09:43:06 +0800] "GET /xingrg/all/function/internal_message.html?_=1635730984094&CODE_STATE=getMsg HTTP/1.1" 200 27
58.39.139.200 - - [01/Nov/2021:09:43:09 +0800] "GET /xingrg/all/function/internal_message.html?_=1635730990856&CODE_STATE=getMsg HTTP/1.1" 200 27
114.86.229.38 - - [01/Nov/2021:09:43:10 +0800] "GET /xingrg/all/function/internal_message.html?_=1635730989778&CODE_STATE=getMsg HTTP/1.1" 200 27
180.169.147.146 - - [01/Nov/2021:09:43:11 +0800] "GET /xingrg/all/function/internal_message.html?_=1635730984619&CODE_STATE=getMsg HTTP/1.1" 200 27
180.169.147.146 - - [01/Nov/2021:09:43:11 +0800] "GET /xingrg/check_reg.html?_=1635730984621 HTTP/1.1" 200 22
222.70.176.97 - - [01/Nov/2021:09:43:11 +0800] "POST /xingrg/dwr/call/plaincall/AjaxCheckService.setItemNumber.dwr HTTP/1.1" 200 77
222.70.171.86 - - [01/Nov/2021:09:43:12 +0800] "GET /xingrg/all/function/internal_message.html?_=1635730993324&CODE_STATE=getMsg HTTP/1.1" 200 27
222.70.176.97 - - [01/Nov/2021:09:43:13 +0800] "POST /xingrg/dwr/call/plaincall/AjaxCheckService.setItemNumber.dwr HTTP/1.1" 200 77
172.20.0.100 - - [01/Nov/2021:09:43:14 +0800] "GET /xingrg/all/function/internal_message.html?_=1635730988803&CODE_STATE=getMsg HTTP/1.1" 200 27
114.85.125.222 - - [01/Nov/2021:09:43:14 +0800] "POST /xingrg/dwr/call/plaincall/AjaxCheckService.setItemNumber.dwr HTTP/1.1" 200 76
114.85.125.222 - - [01/Nov/2021:09:43:15 +0800] "POST /xingrg/dwr/call/plaincall/AjaxCheckService.setItemNumber.dwr HTTP/1.1" 200 76
222.70.176.97 - - [01/Nov/2021:09:43:16 +0800] "POST /xingrg/dwr/call/plaincall/AjaxCheckService.setItemNumber.dwr HTTP/1.1" 200 77
180.157.253.6 - - [01/Nov/2021:09:43:16 +0800] "GET /xingrg/all/function/internal_message.html?_=1635730997827&CODE_STATE=getMsg HTTP/1.1" 200 27
222.70.176.97 - - [01/Nov/2021:09:43:17 +0800] "POST /xingrg/dwr/call/plaincall/AjaxCheckService.setItemNumber.dwr HTTP/1.1" 200 77
222.70.176.97 - - [01/Nov/2021:09:43:18 +0800] "POST /xingrg/dwr/call/plaincall/AjaxCheckService.setItemNumber.dwr HTTP/1.1" 200 77
222.70.171.86 - - [01/Nov/2021:09:43:19 +0800] "GET /xingrg/all/function/internal_message.html?_=1635731004490&CODE_STATE=getMsg HTTP/1.1" 302 -
222.70.176.97 - - [01/Nov/2021:09:43:20 +0800] "POST /xingrg/dwr/call/plaincall/AjaxCheckService.setItemNumber.dwr HTTP/1.1" 200 77
114.85.125.222 - - [01/Nov/2021:09:43:20 +0800] "POST /xingrg/dwr/call/plaincall/AjaxCheckService.setItemNumber.dwr HTTP/1.1" 200 76
222.70.176.97 - - [01/Nov/2021:09:43:22 +0800] "POST /xingrg/dwr/call/plaincall/AjaxCheckService.setItemNumber.dwr HTTP/1.1" 200 77
222.70.176.97 - - [01/Nov/2021:09:43:23 +0800] "POST /xingrg/dwr/call/plaincall/AjaxCheckService.setItemNumber.dwr HTTP/1.1" 200 77
58.40.7.146 - - [01/Nov/2021:09:43:24 +0800] "GET /xingrg/check_reg.html?_=1635731003746 HTTP/1.1" 200 22
222.70.176.97 - - [01/Nov/2021:09:43:24 +0800] "POST /xingrg/dwr/call/plaincall/AjaxCheckService.setItemNumber.dwr HTTP/1.1" 200 77
222.70.176.97 - - [01/Nov/2021:09:43:26 +0800] "POST /xingrg/dwr/call/plaincall/AjaxCheckService.setItemNumber.dwr HTTP/1.1" 200 77
222.70.176.97 - - [01/Nov/2021:09:43:27 +0800] "POST /xingrg/dwr/call/plaincall/AjaxCheckService.setItemNumber.dwr HTTP/1.1" 200 77
222.70.176.97 - - [01/Nov/2021:09:43:28 +0800] "POST /xingrg/dwr/call/plaincall/AjaxCheckService.setItemNumber.dwr HTTP/1.1" 200 77
114.85.125.222 - - [01/Nov/2021:09:43:28 +0800] "POST /xingrg/dwr/call/plaincall/AjaxCheckService.setItemNumber.dwr HTTP/1.1" 200 76
58.40.7.146 - - [01/Nov/2021:09:43:29 +0800] "GET /xingrg/all/function/internal_message.html?_=1635731008715&CODE_STATE=getMsg HTTP/1.1" 200 27
222.69.132.242 - - [01/Nov/2021:09:43:30 +0800] "GET /xingrg/all/function/internal_message.html?_=1635731009533&CODE_STATE=getMsg HTTP/1.1" 200 27
114.85.125.222 - - [01/Nov/2021:09:43:32 +0800] "POST /xingrg/dwr/call/plaincall/AjaxCheckService.setItemNumber.dwr HTTP/1.1" 200 77
124.78.153.86 - - [01/Nov/2021:09:43:33 +0800] "GET /xingrg/all/function/internal_message.html?_=1635731016450&CODE_STATE=getMsg HTTP/1.1" 200 27
222.70.176.97 - - [01/Nov/2021:09:43:33 +0800] "POST /xingrg/dwr/call/plaincall/AjaxCheckService.setItemNumber.dwr HTTP/1.1" 200 77
114.85.125.222 - - [01/Nov/2021:09:43:34 +0800] "POST /xingrg/dwr/call/plaincall/AjaxCheckService.setItemNumber.dwr HTTP/1.1" 200 77
114.85.125.222 - - [01/Nov/2021:09:43:37 +0800] "POST /xingrg/dwr/call/plaincall/AjaxCheckService.setItemNumber.dwr HTTP/1.1" 200 77
114.85.125.222 - - [01/Nov/2021:09:43:37 +0800] "GET /xingrg/all/function/internal_message.html?_=1635730952629&CODE_STATE=getMsg HTTP/1.1" 200 27
221.239.141.121 - - [01/Nov/2021:09:43:38 +0800] "POST /xingrg/services/DataTransmitService HTTP/1.1" 200 524
221.239.141.121 - - [01/Nov/2021:09:43:38 +0800] "POST /xingrg/services/DataTransmitService HTTP/1.1" 200 2319
221.239.141.121 - - [01/Nov/2021:09:43:39 +0800] "POST /xingrg/services/DataTransmitService HTTP/1.1" 200 141119
58.37.227.186 - - [01/Nov/2021:09:43:41 +0800] "GET /xingrg/kc/buy/buy_main.html HTTP/1.1" 302 -
58.37.227.186 - - [01/Nov/2021:09:43:41 +0800] "GET /xingrg/login.html HTTP/1.1" 200 7641
58.37.227.186 - - [01/Nov/2021:09:43:41 +0800] "GET /xingrg/login.html HTTP/1.1" 200 7641
58.37.227.186 - - [01/Nov/2021:09:43:41 +0800] "GET /favicon.ico HTTP/1.1" 404 -
58.37.227.186 - - [01/Nov/2021:09:43:43 +0800] "POST /xingrg/login.do HTTP/1.1" 302 -
124.78.153.86 - - [01/Nov/2021:09:43:43 +0800] "GET /xingrg/check_reg.html?_=1635731026187 HTTP/1.1" 200 22
58.37.227.186 - - [01/Nov/2021:09:43:43 +0800] "GET /xingrg/index.html?sysBaseUrl=http%3A%2F%2F180.169.147.146%3A18081%2Fxingrg%2F&costTime=40×tamp=1635731023202 HTTP/1.1" 200 17179
114.85.125.222 - - [01/Nov/2021:09:43:43 +0800] "POST /xingrg/dwr/call/plaincall/AjaxCheckService.setItemNumber.dwr HTTP/1.1" 200 77
58.37.227.186 - - [01/Nov/2021:09:43:43 +0800] "POST /xingrg/all/common/load_tree.html?tree=area_rest_tree_json&manage=1 HTTP/1.1" 200 351
58.37.227.186 - - [01/Nov/2021:09:43:43 +0800] "GET /xingrg/check_reg.html?_=1635730861548 HTTP/1.1" 200 22
58.37.227.186 - - [01/Nov/2021:09:43:43 +0800] "GET /xingrg/all/function/internal_message.html?_=1635730861548&CODE_STATE=count HTTP/1.1" 200 11
58.37.227.186 - - [01/Nov/2021:09:43:43 +0800] "GET /favicon.ico HTTP/1.1" 404 -
58.37.227.186 - - [01/Nov/2021:09:43:43 +0800] "POST /xingrg/load_menu.html HTTP/1.1" 200 5138
180.157.253.6 - - [01/Nov/2021:09:43:43 +0800] "GET /xingrg/all/function/internal_message.html?_=1635731024326&CODE_STATE=getMsg HTTP/1.1" 200 27
222.70.176.97 - - [01/Nov/2021:09:43:44 +0800] "POST /xingrg/dwr/call/plaincall/AjaxCheckService.setItemNumber.dwr HTTP/1.1" 200 77
180.157.253.6 - - [01/Nov/2021:09:43:44 +0800] "GET /xingrg/check_reg.html?_=1635731025155 HTTP/1.1" 200 22
58.37.227.186 - - [01/Nov/2021:09:43:44 +0800] "GET /xingrg/kc/buy/buy_main.html HTTP/1.1" 200 12412
58.37.227.186 - - [01/Nov/2021:09:43:44 +0800] "GET /xingrg/css/new_ie.css HTTP/1.1" 404 1036
58.37.227.186 - - [01/Nov/2021:09:43:45 +0800] "GET /xingrg/images/yd/bt.gif HTTP/1.1" 404 1040
221.239.141.121 - - [01/Nov/2021:09:43:45 +0800] "GET /xingrg/all/function/internal_message.html?_=1635731014901&CODE_STATE=getMsg HTTP/1.1" 200 27
222.70.176.97 - - [01/Nov/2021:09:43:45 +0800] "GET /xingrg/all/function/internal_message.html?_=1635731020911&CODE_STATE=getMsg HTTP/1.1" 200 27
58.37.227.186 - - [01/Nov/2021:09:43:45 +0800] "GET /xingrg/kc/buy/cgsh_order_list.html HTTP/1.1" 200 48947
58.37.227.186 - - [01/Nov/2021:09:43:46 +0800] "POST /xingrg/kc/buy/cgsh_list_operate.html HTTP/1.1" 200 876
222.70.176.97 - - [01/Nov/2021:09:43:48 +0800] "POST /xingrg/dwr/call/plaincall/AjaxCheckService.setItemNumber.dwr HTTP/1.1" 200 77
58.37.227.186 - - [01/Nov/2021:09:43:48 +0800] "GET /xingrg/kc/buy/buy_main.html HTTP/1.1" 200 12412
58.37.227.186 - - [01/Nov/2021:09:43:48 +0800] "GET /xingrg/css/new_ie.css HTTP/1.1" 404 1036
114.85.125.222 - - [01/Nov/2021:09:43:49 +0800] "POST /xingrg/dwr/call/plaincall/AjaxCheckService.setItemNumber.dwr HTTP/1.1" 200 77
58.37.227.186 - - [01/Nov/2021:09:43:49 +0800] "GET /xingrg/images/yd/bt.gif HTTP/1.1" 404 1040
58.37.227.186 - - [01/Nov/2021:09:43:50 +0800] "GET /xingrg/kc/buy/cgsh_order_list.html HTTP/1.1" 200 48947
222.70.176.97 - - [01/Nov/2021:09:43:50 +0800] "POST /xingrg/dwr/call/plaincall/AjaxCheckService.setItemNumber.dwr HTTP/1.1" 200 77
114.85.125.222 - - [01/Nov/2021:09:43:50 +0800] "POST /xingrg/dwr/call/plaincall/AjaxCheckService.setItemNumber.dwr HTTP/1.1" 200 77
58.37.227.186 - - [01/Nov/2021:09:43:50 +0800] "POST /xingrg/kc/buy/cgsh_list_operate.html HTTP/1.1" 200 876
114.85.125.222 - - [01/Nov/2021:09:43:57 +0800] "POST /xingrg/dwr/call/plaincall/AjaxCheckService.setItemNumber.dwr HTTP/1.1" 200 77
222.70.176.97 - - [01/Nov/2021:09:43:58 +0800] "POST /xingrg/dwr/call/plaincall/AjaxCheckService.setItemNumber.dwr HTTP/1.1" 200 77
222.70.176.97 - - [01/Nov/2021:09:44:01 +0800] "POST /xingrg/dwr/call/plaincall/AjaxCheckService.setItemNumber.dwr HTTP/1.1" 200 77
114.85.125.222 - - [01/Nov/2021:09:44:02 +0800] "POST /xingrg/dwr/call/plaincall/AjaxCheckService.setItemNumber.dwr HTTP/1.1" 200 77
222.70.176.97 - - [01/Nov/2021:09:44:04 +0800] "POST /xingrg/dwr/call/plaincall/AjaxCheckService.setItemNumber.dwr HTTP/1.1" 200 77
114.85.125.222 - - [01/Nov/2021:09:44:05 +0800] "POST /xingrg/dwr/call/plaincall/AjaxCheckService.setItemNumber.dwr HTTP/1.1" 200 77
116.238.248.233 - - [01/Nov/2021:09:44:06 +0800] "GET /xingrg/all/function/internal_message.html?_=1635731044106&CODE_STATE=getMsg HTTP/1.1" 200 27
222.70.176.97 - - [01/Nov/2021:09:44:08 +0800] "POST /xingrg/dwr/call/plaincall/AjaxCheckService.setItemNumber.dwr HTTP/1.1" 200 77
58.39.139.200 - - [01/Nov/2021:09:44:09 +0800] "GET /xingrg/all/function/internal_message.html?_=1635731050856&CODE_STATE=getMsg HTTP/1.1" 200 27
114.86.229.38 - - [01/Nov/2021:09:44:09 +0800] "GET /xingrg/all/function/internal_message.html?_=1635731049766&CODE_STATE=getMsg HTTP/1.1" 200 27
222.70.176.97 - - [01/Nov/2021:09:44:11 +0800] "POST /xingrg/dwr/call/plaincall/AjaxCheckService.setItemNumber.dwr HTTP/1.1" 200 77
180.169.147.146 - - [01/Nov/2021:09:44:11 +0800] "GET /xingrg/all/function/internal_message.html?_=1635731044621&CODE_STATE=getMsg HTTP/1.1" 200 27
222.70.171.86 - - [01/Nov/2021:09:44:12 +0800] "GET /xingrg/all/function/internal_message.html?_=1635731053343&CODE_STATE=getMsg HTTP/1.1" 200 27
222.70.176.97 - - [01/Nov/2021:09:44:12 +0800] "POST /xingrg/dwr/call/plaincall/AjaxCheckService.setItemNumber.dwr HTTP/1.1" 200 77
114.85.125.222 - - [01/Nov/2021:09:44:13 +0800] "POST /xingrg/dwr/call/plaincall/AjaxCheckService.setItemNumber.dwr HTTP/1.1" 200 77
222.70.176.97 - - [01/Nov/2021:09:44:13 +0800] "POST /xingrg/dwr/call/plaincall/AjaxCheckService.setItemNumber.dwr HTTP/1.1" 200 77
172.20.0.100 - - [01/Nov/2021:09:44:14 +0800] "GET /xingrg/all/function/internal_message.html?_=1635731048810&CODE_STATE=getMsg HTTP/1.1" 200 27
172.20.0.100 - - [01/Nov/2021:09:44:14 +0800] "GET /xingrg/check_reg.html?_=1635731048818 HTTP/1.1" 200 22
222.70.176.97 - - [01/Nov/2021:09:44:15 +0800] "POST /xingrg/dwr/call/plaincall/AjaxCheckService.setItemNumber.dwr HTTP/1.1" 200 77
180.157.253.6 - - [01/Nov/2021:09:44:16 +0800] "GET /xingrg/all/function/internal_message.html?_=1635731057842&CODE_STATE=getMsg HTTP/1.1" 200 27
222.70.176.97 - - [01/Nov/2021:09:44:17 +0800] "POST /xingrg/dwr/call/plaincall/AjaxCheckService.setItemNumber.dwr HTTP/1.1" 200 77
222.70.176.97 - - [01/Nov/2021:09:44:18 +0800] "POST /xingrg/dwr/call/plaincall/AjaxCheckService.setItemNumber.dwr HTTP/1.1" 200 78
222.70.171.86 - - [01/Nov/2021:09:44:19 +0800] "GET /xingrg/all/function/internal_message.html?_=1635731064500&CODE_STATE=getMsg HTTP/1.1" 302 -
222.70.176.97 - - [01/Nov/2021:09:44:20 +0800] "POST /xingrg/dwr/call/plaincall/AjaxCheckService.setItemNumber.dwr HTTP/1.1" 200 78
222.70.176.97 - - [01/Nov/2021:09:44:22 +0800] "POST /xingrg/dwr/call/plaincall/AjaxCheckService.setItemNumber.dwr HTTP/1.1" 200 78
222.70.176.97 - - [01/Nov/2021:09:44:25 +0800] "POST /xingrg/dwr/call/plaincall/AjaxCheckService.setItemNumber.dwr HTTP/1.1" 200 78
222.70.176.97 - - [01/Nov/2021:09:44:27 +0800] "POST /xingrg/dwr/call/plaincall/AjaxCheckService.setItemNumber.dwr HTTP/1.1" 200 78
222.70.176.97 - - [01/Nov/2021:09:44:29 +0800] "POST /xingrg/dwr/call/plaincall/AjaxCheckService.setItemNumber.dwr HTTP/1.1" 200 78
58.40.7.146 - - [01/Nov/2021:09:44:29 +0800] "GET /xingrg/check_reg.html?_=1635731068700 HTTP/1.1" 200 22
58.40.7.146 - - [01/Nov/2021:09:44:29 +0800] "GET /xingrg/all/function/internal_message.html?_=1635731068703&CODE_STATE=getMsg HTTP/1.1" 200 27
222.69.132.242 - - [01/Nov/2021:09:44:30 +0800] "GET /xingrg/all/function/internal_message.html?_=1635731069504&CODE_STATE=getMsg HTTP/1.1" 200 27
222.70.176.97 - - [01/Nov/2021:09:44:31 +0800] "POST /xingrg/dwr/call/plaincall/AjaxCheckService.setItemNumber.dwr HTTP/1.1" 200 78
114.85.125.222 - - [01/Nov/2021:09:44:32 +0800] "POST /xingrg/dwr/call/plaincall/AjaxCheckService.setItemNumber.dwr HTTP/1.1" 200 77
221.239.141.121 - - [01/Nov/2021:09:44:32 +0800] "POST /xingrg/services/DataTransmitService HTTP/1.1" 200 524
221.239.141.121 - - [01/Nov/2021:09:44:33 +0800] "POST /xingrg/services/DataTransmitService HTTP/1.1" 200 2319
222.70.176.97 - - [01/Nov/2021:09:44:33 +0800] "POST /xingrg/dwr/call/plaincall/AjaxCheckService.setItemNumber.dwr HTTP/1.1" 200 78
221.239.141.121 - - [01/Nov/2021:09:44:33 +0800] "POST /xingrg/services/DataTransmitService HTTP/1.1" 200 524
124.78.153.86 - - [01/Nov/2021:09:44:33 +0800] "GET /xingrg/all/function/internal_message.html?_=1635731076423&CODE_STATE=getMsg HTTP/1.1" 200 27
