120.253.135.82 - - [01/Nov/2021:09:33:31 +0800] "POST /xingrg/kc/buy/cgsh_order_operate.html HTTP/1.1" 200 37
222.70.176.97 - - [01/Nov/2021:09:33:32 +0800] "POST /xingrg/dwr/call/plaincall/AjaxCheckService.setItemNumber.dwr HTTP/1.1" 200 78
124.78.153.86 - - [01/Nov/2021:09:33:33 +0800] "GET /xingrg/all/function/internal_message.html?_=1635730416597&CODE_STATE=getMsg HTTP/1.1" 200 27
58.39.139.200 - - [01/Nov/2021:09:33:33 +0800] "GET /xingrg/kc/buy/cgsh_order_add.html HTTP/1.1" 200 64726
222.70.176.97 - - [01/Nov/2021:09:33:34 +0800] "POST /xingrg/dwr/call/plaincall/AjaxCheckService.setItemNumber.dwr HTTP/1.1" 200 78
58.39.139.200 - - [01/Nov/2021:09:33:34 +0800] "GET /xingrg/javascript/easyui/themes/default/validatebox.css HTTP/1.1" 404 1104
58.39.139.200 - - [01/Nov/2021:09:33:34 +0800] "POST /xingrg/kc/buy/cgsh_order_operate.html HTTP/1.1" 200 8245
222.70.176.97 - - [01/Nov/2021:09:33:35 +0800] "POST /xingrg/dwr/call/plaincall/AjaxCheckService.setItemNumber.dwr HTTP/1.1" 200 78
222.70.176.97 - - [01/Nov/2021:09:33:37 +0800] "POST /xingrg/dwr/call/plaincall/AjaxCheckService.setItemNumber.dwr HTTP/1.1" 200 78
222.70.176.97 - - [01/Nov/2021:09:33:38 +0800] "POST /xingrg/dwr/call/plaincall/AjaxCheckService.setItemNumber.dwr HTTP/1.1" 200 78
222.70.176.97 - - [01/Nov/2021:09:33:39 +0800] "POST /xingrg/dwr/call/plaincall/AjaxCheckService.setItemNumber.dwr HTTP/1.1" 200 78
222.70.176.97 - - [01/Nov/2021:09:33:41 +0800] "POST /xingrg/dwr/call/plaincall/AjaxCheckService.setItemNumber.dwr HTTP/1.1" 200 78
120.253.135.82 - - [01/Nov/2021:09:33:41 +0800] "POST /xingrg/kc/buy/cgsh_order_operate.html HTTP/1.1" 200 12
222.70.176.97 - - [01/Nov/2021:09:33:42 +0800] "POST /xingrg/dwr/call/plaincall/AjaxCheckService.setItemNumber.dwr HTTP/1.1" 200 78
124.78.153.86 - - [01/Nov/2021:09:33:43 +0800] "GET /xingrg/check_reg.html?_=1635730426149 HTTP/1.1" 200 22
120.253.135.82 - - [01/Nov/2021:09:33:43 +0800] "GET /xingrg/kc/buy/cgsh_order_info.html?code=212021110100021 HTTP/1.1" 200 58649
222.70.176.97 - - [01/Nov/2021:09:33:43 +0800] "POST /xingrg/dwr/call/plaincall/AjaxCheckService.setItemNumber.dwr HTTP/1.1" 200 78
180.157.253.6 - - [01/Nov/2021:09:33:43 +0800] "GET /xingrg/all/function/internal_message.html?_=1635730424511&CODE_STATE=getMsg HTTP/1.1" 200 27
222.69.132.242 - - [01/Nov/2021:09:33:43 +0800] "GET /xingrg/kc/buy/cgsh_order_operate.html?command=get_materiel&rest_code=00149&code=00101011001&supplier_code=00100051&order_time=2021-11-01 HTTP/1.1" 200 423
120.253.135.82 - - [01/Nov/2021:09:33:43 +0800] "GET /xingrg/javascript/easyui/themes/default/validatebox.css HTTP/1.1" 404 1104
180.157.253.6 - - [01/Nov/2021:09:33:44 +0800] "GET /xingrg/check_reg.html?_=1635730425201 HTTP/1.1" 200 22
221.239.141.121 - - [01/Nov/2021:09:33:44 +0800] "GET /xingrg/all/function/internal_message.html?_=1635730414375&CODE_STATE=getMsg HTTP/1.1" 200 27
120.253.135.82 - - [01/Nov/2021:09:33:44 +0800] "POST /xingrg/kc/buy/cgsh_order_operate.html HTTP/1.1" 200 620
222.70.176.97 - - [01/Nov/2021:09:33:45 +0800] "POST /xingrg/dwr/call/plaincall/AjaxCheckService.setItemNumber.dwr HTTP/1.1" 200 78
58.39.139.200 - - [01/Nov/2021:09:33:45 +0800] "GET /xingrg/kc/buy/cgsh_order_operate.html?command=get_materiel&rest_code=00105&code=00101002027&supplier_code=00100203&order_time=2021-11-01 HTTP/1.1" 200 413
222.70.176.97 - - [01/Nov/2021:09:33:45 +0800] "GET /xingrg/all/function/internal_message.html?_=1635730420900&CODE_STATE=getMsg HTTP/1.1" 200 27
222.70.176.97 - - [01/Nov/2021:09:33:46 +0800] "POST /xingrg/dwr/call/plaincall/AjaxCheckService.setItemNumber.dwr HTTP/1.1" 200 78
114.86.229.38 - - [01/Nov/2021:09:33:48 +0800] "GET /xingrg/kc/buy/buy_main.html HTTP/1.1" 200 12412
114.86.229.38 - - [01/Nov/2021:09:33:48 +0800] "GET /xingrg/css/new_ie.css HTTP/1.1" 404 1036
222.70.176.97 - - [01/Nov/2021:09:33:48 +0800] "POST /xingrg/dwr/call/plaincall/AjaxCheckService.setItemNumber.dwr HTTP/1.1" 200 78
180.169.147.146 - - [01/Nov/2021:09:33:50 +0800] "GET /xingrg/all/report/report_query.html?fileName=kc/buy/gys_amount_base.xml&rh=99999 HTTP/1.1" 200 51871
180.169.147.146 - - [01/Nov/2021:09:33:50 +0800] "GET /xingrg/dwr/interface/AjaxReportQueryService.js HTTP/1.1" 200 13203
180.169.147.146 - - [01/Nov/2021:09:33:50 +0800] "GET /xingrg/dwr/engine.js HTTP/1.1" 200 43631
180.169.147.146 - - [01/Nov/2021:09:33:51 +0800] "POST /xingrg/dwr/call/plaincall/AjaxReportQueryService.getFixDate.dwr HTTP/1.1" 200 111
222.70.176.97 - - [01/Nov/2021:09:33:51 +0800] "POST /xingrg/dwr/call/plaincall/AjaxCheckService.setItemNumber.dwr HTTP/1.1" 200 78
180.169.147.146 - - [01/Nov/2021:09:33:51 +0800] "POST /xingrg/dwr/call/plaincall/AjaxReportQueryService.getInitString.dwr HTTP/1.1" 200 1035
180.169.147.146 - - [01/Nov/2021:09:33:51 +0800] "POST /xingrg/all/common/load_tree.html?tree=supplier_tree_json&manage=1 HTTP/1.1" 200 61255
120.253.135.82 - - [01/Nov/2021:09:33:52 +0800] "GET /xingrg/kc/buy/cgsh_order_add.html HTTP/1.1" 200 63740
120.253.135.82 - - [01/Nov/2021:09:33:52 +0800] "POST /xingrg/kc/buy/cgsh_order_operate.html HTTP/1.1" 200 8245
120.253.135.82 - - [01/Nov/2021:09:33:52 +0800] "GET /xingrg/javascript/easyui/themes/default/validatebox.css HTTP/1.1" 404 1104
180.169.147.146 - - [01/Nov/2021:09:33:52 +0800] "POST /xingrg/all/common/load_tree.html?tree=materiel_sort_tree_json HTTP/1.1" 200 8912
114.86.229.38 - - [01/Nov/2021:09:33:54 +0800] "GET /xingrg/kc/base/base_main.html HTTP/1.1" 200 12142
120.253.135.82 - - [01/Nov/2021:09:33:56 +0800] "POST /xingrg/all/common/load_combo.html?type=employee HTTP/1.1" 200 2101
120.253.135.82 - - [01/Nov/2021:09:33:56 +0800] "GET /xingrg/all/function/internal_message.html?_=1635730207680&CODE_STATE=getMsg HTTP/1.1" 200 27
114.86.229.38 - - [01/Nov/2021:09:33:57 +0800] "GET /xingrg/kc/buy/buy_main.html HTTP/1.1" 200 12412
114.86.229.38 - - [01/Nov/2021:09:33:57 +0800] "GET /xingrg/css/new_ie.css HTTP/1.1" 404 1036
58.39.139.200 - - [01/Nov/2021:09:33:57 +0800] "POST /xingrg/kc/buy/cgsh_order_operate.html HTTP/1.1" 200 37
222.69.132.242 - - [01/Nov/2021:09:33:58 +0800] "POST /xingrg/kc/buy/cgsh_order_operate.html HTTP/1.1" 200 88
58.39.139.200 - - [01/Nov/2021:09:33:59 +0800] "POST /xingrg/kc/buy/cgsh_order_operate.html HTTP/1.1" 200 2660
114.85.125.222 - - [01/Nov/2021:09:33:59 +0800] "GET /xingrg/all/function/internal_message.html?_=1635730374380&CODE_STATE=getMsg HTTP/1.1" 200 27
58.39.139.200 - - [01/Nov/2021:09:34:00 +0800] "GET /xingrg/kc/print/load_config.html?kc_code=cgsh HTTP/1.1" 200 2281
58.39.139.200 - - [01/Nov/2021:09:34:00 +0800] "GET /xingrg/kc/print/load_data.html?order_code=212021110100022&kc_code=cgsh&condition= HTTP/1.1" 200 664
58.39.139.200 - - [01/Nov/2021:09:34:04 +0800] "GET /xingrg/kc/buy/cgsh_order_add.html HTTP/1.1" 200 64726
58.39.139.200 - - [01/Nov/2021:09:34:04 +0800] "POST /xingrg/kc/buy/cgsh_order_operate.html HTTP/1.1" 200 8245
58.39.139.200 - - [01/Nov/2021:09:34:04 +0800] "GET /xingrg/javascript/easyui/themes/default/validatebox.css HTTP/1.1" 404 1104
116.238.248.233 - - [01/Nov/2021:09:34:06 +0800] "GET /xingrg/all/function/internal_message.html?_=1635730444057&CODE_STATE=getMsg HTTP/1.1" 200 27
58.39.139.200 - - [01/Nov/2021:09:34:09 +0800] "GET /xingrg/all/function/internal_message.html?_=1635730450858&CODE_STATE=getMsg HTTP/1.1" 200 27
114.86.229.38 - - [01/Nov/2021:09:34:09 +0800] "GET /xingrg/all/function/internal_message.html?_=1635730449762&CODE_STATE=getMsg HTTP/1.1" 200 27
120.253.135.82 - - [01/Nov/2021:09:34:10 +0800] "GET /xingrg/kc/buy/cgsh_order_operate.html?command=get_materiel&rest_code=00101&code=00101006037&supplier_code=00100151&order_time=2021-11-01 HTTP/1.1" 200 436
222.70.176.97 - - [01/Nov/2021:09:34:11 +0800] "POST /xingrg/dwr/call/plaincall/AjaxCheckService.setItemNumber.dwr HTTP/1.1" 200 78
180.169.147.146 - - [01/Nov/2021:09:34:11 +0800] "GET /xingrg/all/function/internal_message.html?_=1635730444607&CODE_STATE=getMsg HTTP/1.1" 200 27
180.169.147.146 - - [01/Nov/2021:09:34:11 +0800] "POST /xingrg/dwr/call/plaincall/AjaxReportQueryService.refreshCache.dwr HTTP/1.1" 200 78
222.70.171.86 - - [01/Nov/2021:09:34:12 +0800] "GET /xingrg/all/function/internal_message.html?_=1635730453207&CODE_STATE=getMsg HTTP/1.1" 200 27
180.169.147.146 - - [01/Nov/2021:09:34:12 +0800] "POST /xingrg/all/report/load_report_page.html HTTP/1.1" 200 7301
180.169.147.146 - - [01/Nov/2021:09:34:12 +0800] "GET /xingrg/servlets/image?cache=0.3735569541675514&image=px HTTP/1.1" 200 807
180.169.147.146 - - [01/Nov/2021:09:34:13 +0800] "GET /xingrg/all/report/report_query.html?isQuery=1&fileName=kc/buy/wlcg_cate_hz.xml&queryString=(CONVERT(char(10)%2Ca.order_time%2C%20120)%3E%3D'2021-10-01')%20and%20(CONVERT(char(10)%2Ca.order_time%2C%20120)%3C%3D'2021-10-31')%20and%20(a.base_code%20in%20('0010346'))%20and%20(a.supplier_code%20in%20('00100015'))%20and%20(a.supplier_code%3D'00100015')%20and%20(a.base_code%3D'0010346')&queryText=%E3%80%90%E9%87%87%E8%B4%AD%E6%97%A5%E6%9C%9F%3A2021-10-01%20%E8%87%B3%202021-10-31%E3%80%91%20%E5%B9%B6%E4%B8%94%20%20%E3%80%90%E6%9F%A5%E8%AF%A2%E4%BB%93%E5%BA%93%20%3D%20%E7%83%A7%E5%8D%A4%E3%80%91%20%E5%B9%B6%E4%B8%94%20%20%E3%80%90%E4%BE%9B%E5%BA%94%E5%95%86%20%3D%20%E7%8C%AA%E8%82%89%EF%BC%88%E7%8E%8B%E5%AF%8C%E6%98%8E%EF%BC%89%E3%80%91%20%E5%B9%B6%E4%B8%94%20%E3%80%90%E4%BE%9B%E5%BA%94%E5%95%86%3D%E7%8C%AA%E8%82%89%EF%BC%88%E7%8E%8B%E5%AF%8C%E6%98%8E%EF%BC%89%E3%80%91%E5%B9%B6%E4%B8%94%E3%80%90%E4%BB%93%E5%BA%93%E5%90%8D%E7%A7%B0%20%3D%20%E7%83%A7%E5%8D%A4%E3%80%91&rand=0.17516615907956368 HTTP/1.1" 200 54624
180.169.147.146 - - [01/Nov/2021:09:34:13 +0800] "GET /xingrg/all/report/report_query.html?isQuery=1&fileName=kc/buy/wlcg_cate_hz.xml&queryString=(CONVERT(char(10)%2Ca.order_time%2C%20120)%3E%3D'2021-10-01')%20and%20(CONVERT(char(10)%2Ca.order_time%2C%20120)%3C%3D'2021-10-31')%20and%20(a.base_code%20in%20('0010346'))%20and%20(a.supplier_code%20in%20('00100015'))%20and%20(a.supplier_code%3D'00100015')%20and%20(a.base_code%3D'0010346')&queryText=%E3%80%90%E9%87%87%E8%B4%AD%E6%97%A5%E6%9C%9F%3A2021-10-01%20%E8%87%B3%202021-10-31%E3%80%91%20%E5%B9%B6%E4%B8%94%20%20%E3%80%90%E6%9F%A5%E8%AF%A2%E4%BB%93%E5%BA%93%20%3D%20%E7%83%A7%E5%8D%A4%E3%80%91%20%E5%B9%B6%E4%B8%94%20%20%E3%80%90%E4%BE%9B%E5%BA%94%E5%95%86%20%3D%20%E7%8C%AA%E8%82%89%EF%BC%88%E7%8E%8B%E5%AF%8C%E6%98%8E%EF%BC%89%E3%80%91%20%E5%B9%B6%E4%B8%94%20%E3%80%90%E4%BE%9B%E5%BA%94%E5%95%86%3D%E7%8C%AA%E8%82%89%EF%BC%88%E7%8E%8B%E5%AF%8C%E6%98%8E%EF%BC%89%E3%80%91%E5%B9%B6%E4%B8%94%E3%80%90%E4%BB%93%E5%BA%93%E5%90%8D%E7%A7%B0%20%3D%20%E7%83%A7%E5%8D%A4%E3%80%91&rand=0.17516615907956368 HTTP/1.1" 200 54624
180.169.147.146 - - [01/Nov/2021:09:34:13 +0800] "GET /xingrg/dwr/interface/AjaxReportQueryService.js HTTP/1.1" 200 13203
180.169.147.146 - - [01/Nov/2021:09:34:13 +0800] "GET /xingrg/dwr/engine.js HTTP/1.1" 200 43631
172.20.0.100 - - [01/Nov/2021:09:34:14 +0800] "GET /xingrg/all/function/internal_message.html?_=1635730448810&CODE_STATE=getMsg HTTP/1.1" 200 27
172.20.0.100 - - [01/Nov/2021:09:34:14 +0800] "GET /xingrg/check_reg.html?_=1635730448816 HTTP/1.1" 200 22
180.169.147.146 - - [01/Nov/2021:09:34:14 +0800] "POST /xingrg/all/report/load_report_page.html HTTP/1.1" 200 8713
180.169.147.146 - - [01/Nov/2021:09:34:14 +0800] "GET /xingrg/servlets/image?cache=0.6633968575733312&image=px HTTP/1.1" 200 807
180.157.253.6 - - [01/Nov/2021:09:34:16 +0800] "GET /xingrg/all/function/internal_message.html?_=1635730457802&CODE_STATE=getMsg HTTP/1.1" 200 27
58.39.139.200 - - [01/Nov/2021:09:34:17 +0800] "GET /xingrg/kc/buy/cgsh_order_operate.html?command=get_materiel&rest_code=00105&code=00101009016&supplier_code=00100024&order_time=2021-11-01 HTTP/1.1" 200 412
180.169.147.146 - - [01/Nov/2021:09:34:17 +0800] "POST /xingrg/all/report/load_report_page.html HTTP/1.1" 200 19850
180.169.147.146 - - [01/Nov/2021:09:34:17 +0800] "GET /xingrg/servlets/image?cache=0.17237708470742574&image=px HTTP/1.1" 200 807
222.70.171.86 - - [01/Nov/2021:09:34:19 +0800] "GET /xingrg/all/function/internal_message.html?_=1635730464365&CODE_STATE=getMsg HTTP/1.1" 302 -
114.86.229.38 - - [01/Nov/2021:09:34:21 +0800] "GET /xingrg/images/yd/bt.gif HTTP/1.1" 404 1040
114.86.229.38 - - [01/Nov/2021:09:34:22 +0800] "GET /xingrg/kc/base/base_main.html HTTP/1.1" 200 12142
180.169.147.146 - - [01/Nov/2021:09:34:23 +0800] "GET /xingrg/all/report/report_query.html?isQuery=1&fileName=kc/buy/wlcg_mx.xml&queryString=(CONVERT(char(10)%2Ca.order_time%2C%20120)%3E%3D'2021-10-01')%20and%20(CONVERT(char(10)%2Ca.order_time%2C%20120)%3C%3D'2021-10-31')%20and%20(a.base_code%20in%20('0010346'))%20and%20(a.supplier_code%20in%20('00100015'))%20and%20(a.supplier_code%3D'00100015')%20and%20(a.base_code%3D'0010346')%20and%20(a.materiel_code%3D'00101006249')&queryText=%E3%80%90%E9%87%87%E8%B4%AD%E6%97%A5%E6%9C%9F%3A2021-10-01%20%E8%87%B3%202021-10-31%E3%80%91%20%E5%B9%B6%E4%B8%94%20%20%E3%80%90%E6%9F%A5%E8%AF%A2%E4%BB%93%E5%BA%93%20%3D%20%E7%83%A7%E5%8D%A4%E3%80%91%20%E5%B9%B6%E4%B8%94%20%20%E3%80%90%E4%BE%9B%E5%BA%94%E5%95%86%20%3D%20%E7%8C%AA%E8%82%89%EF%BC%88%E7%8E%8B%E5%AF%8C%E6%98%8E%EF%BC%89%E3%80%91%20%E5%B9%B6%E4%B8%94%20%E3%80%90%E4%BE%9B%E5%BA%94%E5%95%86%3D%E7%8C%AA%E8%82%89%EF%BC%88%E7%8E%8B%E5%AF%8C%E6%98%8E%EF%BC%89%E3%80%91%E5%B9%B6%E4%B8%94%E3%80%90%E4%BB%93%E5%BA%93%E5%90%8D%E7%A7%B0%20%3D%20%E7%83%A7%E5%8D%A4%E3%80%91%20%E5%B9%B6%E4%B8%94%20%E3%80%90%E6%9D%90%E6%96%99%E5%90%8D%E7%A7%B0%20%3D%20%E9%87%91%E9%92%B1%E7%89%9B%E8%85%B1%E3%80%91&rand=0.3549255562606238 HTTP/1.1" 200 52425
180.169.147.146 - - [01/Nov/2021:09:34:23 +0800] "GET /xingrg/all/report/report_query.html?isQuery=1&fileName=kc/buy/wlcg_mx.xml&queryString=(CONVERT(char(10)%2Ca.order_time%2C%20120)%3E%3D'2021-10-01')%20and%20(CONVERT(char(10)%2Ca.order_time%2C%20120)%3C%3D'2021-10-31')%20and%20(a.base_code%20in%20('0010346'))%20and%20(a.supplier_code%20in%20('00100015'))%20and%20(a.supplier_code%3D'00100015')%20and%20(a.base_code%3D'0010346')%20and%20(a.materiel_code%3D'00101006249')&queryText=%E3%80%90%E9%87%87%E8%B4%AD%E6%97%A5%E6%9C%9F%3A2021-10-01%20%E8%87%B3%202021-10-31%E3%80%91%20%E5%B9%B6%E4%B8%94%20%20%E3%80%90%E6%9F%A5%E8%AF%A2%E4%BB%93%E5%BA%93%20%3D%20%E7%83%A7%E5%8D%A4%E3%80%91%20%E5%B9%B6%E4%B8%94%20%20%E3%80%90%E4%BE%9B%E5%BA%94%E5%95%86%20%3D%20%E7%8C%AA%E8%82%89%EF%BC%88%E7%8E%8B%E5%AF%8C%E6%98%8E%EF%BC%89%E3%80%91%20%E5%B9%B6%E4%B8%94%20%E3%80%90%E4%BE%9B%E5%BA%94%E5%95%86%3D%E7%8C%AA%E8%82%89%EF%BC%88%E7%8E%8B%E5%AF%8C%E6%98%8E%EF%BC%89%E3%80%91%E5%B9%B6%E4%B8%94%E3%80%90%E4%BB%93%E5%BA%93%E5%90%8D%E7%A7%B0%20%3D%20%E7%83%A7%E5%8D%A4%E3%80%91%20%E5%B9%B6%E4%B8%94%20%E3%80%90%E6%9D%90%E6%96%99%E5%90%8D%E7%A7%B0%20%3D%20%E9%87%91%E9%92%B1%E7%89%9B%E8%85%B1%E3%80%91&rand=0.3549255562606238 HTTP/1.1" 200 52425
180.169.147.146 - - [01/Nov/2021:09:34:23 +0800] "GET /xingrg/dwr/interface/AjaxReportQueryService.js HTTP/1.1" 200 13203
180.169.147.146 - - [01/Nov/2021:09:34:23 +0800] "GET /xingrg/dwr/engine.js HTTP/1.1" 200 43631
114.86.229.38 - - [01/Nov/2021:09:34:23 +0800] "GET /xingrg/kc/base/check_order_list.html HTTP/1.1" 200 16343
114.86.229.38 - - [01/Nov/2021:09:34:23 +0800] "POST /xingrg/kc/base/check_list_operate.html HTTP/1.1" 200 2532
180.169.147.146 - - [01/Nov/2021:09:34:24 +0800] "POST /xingrg/all/report/load_report_page.html HTTP/1.1" 200 43810
180.169.147.146 - - [01/Nov/2021:09:34:24 +0800] "GET /xingrg/servlets/image?cache=0.07440539338557006&image=px HTTP/1.1" 200 807
114.86.229.38 - - [01/Nov/2021:09:34:26 +0800] "GET /xingrg/kc/base/check_order_info.html?code=452021103100485 HTTP/1.1" 200 26526
114.86.229.38 - - [01/Nov/2021:09:34:26 +0800] "GET /xingrg/dwr/interface/AjaxComOrderService.js HTTP/1.1" 200 18264
114.86.229.38 - - [01/Nov/2021:09:34:26 +0800] "GET /xingrg/dwr/interface/AjaxCheckService.js HTTP/1.1" 200 14003
114.86.229.38 - - [01/Nov/2021:09:34:26 +0800] "GET /xingrg/dwr/engine.js HTTP/1.1" 200 43631
114.86.229.38 - - [01/Nov/2021:09:34:26 +0800] "POST /xingrg/dwr/call/plaincall/AjaxCheckService.loadOrderItems.dwr HTTP/1.1" 200 12333
120.253.135.82 - - [01/Nov/2021:09:34:27 +0800] "POST /xingrg/kc/buy/cgsh_order_operate.html HTTP/1.1" 200 37
120.253.135.82 - - [01/Nov/2021:09:34:28 +0800] "POST /xingrg/kc/buy/cgsh_order_operate.html HTTP/1.1" 200 2669
58.40.7.146 - - [01/Nov/2021:09:34:29 +0800] "GET /xingrg/all/function/internal_message.html?_=1635730468707&CODE_STATE=getMsg HTTP/1.1" 200 27
58.40.7.146 - - [01/Nov/2021:09:34:29 +0800] "GET /xingrg/check_reg.html?_=1635730468709 HTTP/1.1" 200 22
120.253.135.82 - - [01/Nov/2021:09:34:30 +0800] "GET /xingrg/kc/print/load_data.html?order_code=212021110100024&kc_code=cgsh&condition= HTTP/1.1" 200 659
124.78.153.86 - - [01/Nov/2021:09:34:33 +0800] "GET /xingrg/all/function/internal_message.html?_=1635730476572&CODE_STATE=getMsg HTTP/1.1" 200 27
222.70.176.97 - - [01/Nov/2021:09:34:36 +0800] "POST /xingrg/dwr/call/plaincall/AjaxCheckService.setItemNumber.dwr HTTP/1.1" 200 78
180.169.147.146 - - [01/Nov/2021:09:34:36 +0800] "GET /xingrg/kc/buy/cgsh_order_info.html?isLook=1&code=212021100200624 HTTP/1.1" 200 59556
180.169.147.146 - - [01/Nov/2021:09:34:36 +0800] "GET /xingrg/words/20211030164934_words.js HTTP/1.1" 304 -
180.169.147.146 - - [01/Nov/2021:09:34:36 +0800] "GET /favicon.ico HTTP/1.1" 404 -
180.169.147.146 - - [01/Nov/2021:09:34:36 +0800] "GET /xingrg/javascript/easyui/themes/default/validatebox.css HTTP/1.1" 404 1104
180.169.147.146 - - [01/Nov/2021:09:34:37 +0800] "POST /xingrg/kc/buy/cgsh_order_operate.html HTTP/1.1" 200 4784
120.253.135.82 - - [01/Nov/2021:09:34:41 +0800] "POST /xingrg/kc/buy/cgsh_order_operate.html HTTP/1.1" 200 37
222.70.176.97 - - [01/Nov/2021:09:34:41 +0800] "POST /xingrg/dwr/call/plaincall/AjaxCheckService.setItemNumber.dwr HTTP/1.1" 200 78
180.157.253.6 - - [01/Nov/2021:09:34:43 +0800] "GET /xingrg/all/function/internal_message.html?_=1635730484484&CODE_STATE=getMsg HTTP/1.1" 200 27
114.86.229.38 - - [01/Nov/2021:09:34:43 +0800] "GET /xingrg/kc/report/report_main.html HTTP/1.1" 200 7345
114.86.229.38 - - [01/Nov/2021:09:34:43 +0800] "GET /xingrg/javascript/json2.js HTTP/1.1" 200 11259
221.239.141.121 - - [01/Nov/2021:09:34:44 +0800] "GET /xingrg/all/function/internal_message.html?_=1635730474388&CODE_STATE=getMsg HTTP/1.1" 200 27
114.86.229.38 - - [01/Nov/2021:09:34:45 +0800] "GET /xingrg/all/report/report_query.html?fileName=kc/base/rk_by_base.xml&rh=9999 HTTP/1.1" 200 51953
114.86.229.38 - - [01/Nov/2021:09:34:45 +0800] "GET /xingrg/dwr/interface/AjaxReportQueryService.js HTTP/1.1" 200 13203
114.86.229.38 - - [01/Nov/2021:09:34:45 +0800] "GET /xingrg/dwr/engine.js HTTP/1.1" 200 43631
222.70.176.97 - - [01/Nov/2021:09:34:45 +0800] "POST /xingrg/dwr/call/plaincall/AjaxCheckService.setItemNumber.dwr HTTP/1.1" 200 78
114.86.229.38 - - [01/Nov/2021:09:34:45 +0800] "POST /xingrg/dwr/call/plaincall/AjaxReportQueryService.getFixDate.dwr HTTP/1.1" 200 111
120.253.135.82 - - [01/Nov/2021:09:34:45 +0800] "POST /xingrg/kc/buy/cgsh_order_operate.html HTTP/1.1" 200 12
114.86.229.38 - - [01/Nov/2021:09:34:45 +0800] "POST /xingrg/all/common/load_tree.html?tree=materiel_sort_tree_json HTTP/1.1" 200 8912
114.86.229.38 - - [01/Nov/2021:09:34:45 +0800] "POST /xingrg/dwr/call/plaincall/AjaxReportQueryService.getInitString.dwr HTTP/1.1" 200 1014
114.86.229.38 - - [01/Nov/2021:09:34:45 +0800] "GET /xingrg/javascript/multi_select/dropdown.gif HTTP/1.1" 200 61
222.70.176.97 - - [01/Nov/2021:09:34:45 +0800] "GET /xingrg/all/function/internal_message.html?_=1635730480908&CODE_STATE=getMsg HTTP/1.1" 200 27
114.86.229.38 - - [01/Nov/2021:09:34:47 +0800] "GET /xingrg/kc/report/report_main.html HTTP/1.1" 200 7345
222.70.176.97 - - [01/Nov/2021:09:34:47 +0800] "POST /xingrg/dwr/call/plaincall/AjaxCheckService.setItemNumber.dwr HTTP/1.1" 200 78
114.86.229.38 - - [01/Nov/2021:09:34:48 +0800] "GET /xingrg/all/report/report_query.html?fileName=kc/base/crk_book_by_base.xml&rh=9999 HTTP/1.1" 200 58038
114.86.229.38 - - [01/Nov/2021:09:34:48 +0800] "GET /xingrg/dwr/interface/AjaxReportQueryService.js HTTP/1.1" 200 13203
114.86.229.38 - - [01/Nov/2021:09:34:48 +0800] "GET /xingrg/dwr/engine.js HTTP/1.1" 200 43631
114.86.229.38 - - [01/Nov/2021:09:34:48 +0800] "POST /xingrg/dwr/call/plaincall/AjaxReportQueryService.getFixDate.dwr HTTP/1.1" 200 111
114.86.229.38 - - [01/Nov/2021:09:34:48 +0800] "POST /xingrg/all/common/load_tree.html?tree=materiel_sort_tree_json HTTP/1.1" 200 8912
114.86.229.38 - - [01/Nov/2021:09:34:48 +0800] "POST /xingrg/dwr/call/plaincall/AjaxReportQueryService.getInitString.dwr HTTP/1.1" 200 1014
222.70.176.97 - - [01/Nov/2021:09:34:50 +0800] "POST /xingrg/dwr/call/plaincall/AjaxCheckService.setItemNumber.dwr HTTP/1.1" 200 78
114.86.229.38 - - [01/Nov/2021:09:34:51 +0800] "POST /xingrg/dwr/call/plaincall/AjaxReportQueryService.getFixDate.dwr HTTP/1.1" 200 111
114.86.229.38 - - [01/Nov/2021:09:34:51 +0800] "GET /xingrg/javascript/multi_select/dropdown_hover.gif HTTP/1.1" 200 61
58.39.139.200 - - [01/Nov/2021:09:34:52 +0800] "POST /xingrg/kc/buy/cgsh_order_operate.html HTTP/1.1" 200 37
114.86.229.38 - - [01/Nov/2021:09:34:52 +0800] "GET /xingrg/javascript/multi_select/dropdown_active.gif HTTP/1.1" 200 61
222.70.176.97 - - [01/Nov/2021:09:34:54 +0800] "POST /xingrg/dwr/call/plaincall/AjaxCheckService.setItemNumber.dwr HTTP/1.1" 200 78
114.86.229.38 - - [01/Nov/2021:09:34:55 +0800] "POST /xingrg/dwr/call/plaincall/AjaxReportQueryService.refreshCache.dwr HTTP/1.1" 200 78
222.69.132.242 - - [01/Nov/2021:09:34:55 +0800] "POST /xingrg/kc/buy/cgsh_order_operate.html HTTP/1.1" 200 37
58.39.139.200 - - [01/Nov/2021:09:34:55 +0800] "POST /xingrg/kc/buy/cgsh_order_operate.html HTTP/1.1" 200 2655
222.70.176.97 - - [01/Nov/2021:09:34:56 +0800] "POST /xingrg/dwr/call/plaincall/AjaxCheckService.setItemNumber.dwr HTTP/1.1" 200 78
58.39.139.200 - - [01/Nov/2021:09:34:57 +0800] "GET /xingrg/kc/print/load_data.html?order_code=212021110100025&kc_code=cgsh&condition= HTTP/1.1" 200 684
180.169.147.146 - - [01/Nov/2021:09:34:58 +0800] "GET /xingrg/kc/buy/cgsh_order_info.html?isLook=1&code=212021101205105 HTTP/1.1" 200 59556
180.169.147.146 - - [01/Nov/2021:09:34:58 +0800] "GET /favicon.ico HTTP/1.1" 404 -
180.169.147.146 - - [01/Nov/2021:09:34:58 +0800] "GET /xingrg/javascript/easyui/themes/default/validatebox.css HTTP/1.1" 404 1104
180.169.147.146 - - [01/Nov/2021:09:34:59 +0800] "POST /xingrg/kc/buy/cgsh_order_operate.html HTTP/1.1" 200 5370
114.85.125.222 - - [01/Nov/2021:09:34:59 +0800] "GET /xingrg/check_reg.html?_=1635730434260 HTTP/1.1" 200 22
114.85.125.222 - - [01/Nov/2021:09:34:59 +0800] "GET /xingrg/all/function/internal_message.html?_=1635730434394&CODE_STATE=getMsg HTTP/1.1" 200 27
114.86.229.38 - - [01/Nov/2021:09:35:00 +0800] "POST /xingrg/all/report/load_report_page.html HTTP/1.1" 200 18601
222.70.176.97 - - [01/Nov/2021:09:35:00 +0800] "POST /xingrg/dwr/call/plaincall/AjaxCheckService.setItemNumber.dwr HTTP/1.1" 200 78
114.86.229.38 - - [01/Nov/2021:09:35:00 +0800] "GET /xingrg/servlets/image?cache=0.8972956136100779&image=px HTTP/1.1" 200 807
222.70.176.97 - - [01/Nov/2021:09:35:01 +0800] "POST /xingrg/dwr/call/plaincall/AjaxCheckService.setItemNumber.dwr HTTP/1.1" 200 78
222.69.132.242 - - [01/Nov/2021:09:35:03 +0800] "POST /xingrg/kc/buy/cgsh_order_operate.html HTTP/1.1" 200 12
222.69.132.242 - - [01/Nov/2021:09:35:04 +0800] "GET /xingrg/kc/buy/cgsh_order_info.html?code=212021110100026 HTTP/1.1" 200 59641
222.69.132.242 - - [01/Nov/2021:09:35:04 +0800] "GET /xingrg/javascript/easyui/themes/default/validatebox.css HTTP/1.1" 404 1104
222.69.132.242 - - [01/Nov/2021:09:35:05 +0800] "POST /xingrg/kc/buy/cgsh_order_operate.html HTTP/1.1" 200 1207
58.35.211.196 - - [01/Nov/2021:09:35:06 +0800] "POST /xingrg/services/DataTransmitService HTTP/1.1" 200 524
116.238.248.233 - - [01/Nov/2021:09:35:06 +0800] "GET /xingrg/check_reg.html?_=1635730504058 HTTP/1.1" 200 22
116.238.248.233 - - [01/Nov/2021:09:35:06 +0800] "GET /xingrg/all/function/internal_message.html?_=1635730504060&CODE_STATE=getMsg HTTP/1.1" 200 27
58.35.211.196 - - [01/Nov/2021:09:35:06 +0800] "POST /xingrg/services/DataTransmitService HTTP/1.1" 200 1971
58.35.211.196 - - [01/Nov/2021:09:35:07 +0800] "POST /xingrg/services/DataTransmitService HTTP/1.1" 200 55348
222.69.132.242 - - [01/Nov/2021:09:35:07 +0800] "GET /xingrg/kc/print/load_data.html?order_code=212021110100026&kc_code=cgsh&condition= HTTP/1.1" 200 955
222.70.176.97 - - [01/Nov/2021:09:35:09 +0800] "POST /xingrg/dwr/call/plaincall/AjaxCheckService.setItemNumber.dwr HTTP/1.1" 200 78
58.39.139.200 - - [01/Nov/2021:09:35:09 +0800] "GET /xingrg/all/function/internal_message.html?_=1635730510855&CODE_STATE=getMsg HTTP/1.1" 200 27
114.86.229.38 - - [01/Nov/2021:09:35:09 +0800] "GET /xingrg/all/function/internal_message.html?_=1635730509762&CODE_STATE=getMsg HTTP/1.1" 200 27
114.86.229.38 - - [01/Nov/2021:09:35:09 +0800] "GET /xingrg/check_reg.html?_=1635730509766 HTTP/1.1" 200 22
222.70.176.97 - - [01/Nov/2021:09:35:11 +0800] "POST /xingrg/dwr/call/plaincall/AjaxCheckService.setItemNumber.dwr HTTP/1.1" 200 78
180.169.147.146 - - [01/Nov/2021:09:35:11 +0800] "GET /xingrg/all/function/internal_message.html?_=1635730504599&CODE_STATE=getMsg HTTP/1.1" 200 27
222.70.171.86 - - [01/Nov/2021:09:35:12 +0800] "GET /xingrg/all/function/internal_message.html?_=1635730513215&CODE_STATE=getMsg HTTP/1.1" 200 27
222.70.176.97 - - [01/Nov/2021:09:35:12 +0800] "POST /xingrg/dwr/call/plaincall/AjaxCheckService.setItemNumber.dwr HTTP/1.1" 200 78
222.69.132.242 - - [01/Nov/2021:09:35:13 +0800] "GET /xingrg/kc/buy/cgsh_order_add.html HTTP/1.1" 200 64732
222.69.132.242 - - [01/Nov/2021:09:35:13 +0800] "GET /xingrg/javascript/easyui/themes/default/validatebox.css HTTP/1.1" 404 1104
222.69.132.242 - - [01/Nov/2021:09:35:13 +0800] "POST /xingrg/kc/buy/cgsh_order_operate.html HTTP/1.1" 200 8245
172.20.0.100 - - [01/Nov/2021:09:35:14 +0800] "GET /xingrg/all/function/internal_message.html?_=1635730508806&CODE_STATE=getMsg HTTP/1.1" 200 27
180.157.253.6 - - [01/Nov/2021:09:35:16 +0800] "GET /xingrg/all/function/internal_message.html?_=1635730517827&CODE_STATE=getMsg HTTP/1.1" 200 27
222.70.176.97 - - [01/Nov/2021:09:35:17 +0800] "POST /xingrg/dwr/call/plaincall/AjaxCheckService.setItemNumber.dwr HTTP/1.1" 200 78
222.70.171.86 - - [01/Nov/2021:09:35:18 +0800] "GET /xingrg/check_reg.html?_=1635730523837 HTTP/1.1" 302 -
222.70.171.86 - - [01/Nov/2021:09:35:19 +0800] "GET /xingrg/all/function/internal_message.html?_=1635730524379&CODE_STATE=getMsg HTTP/1.1" 302 -
222.70.176.97 - - [01/Nov/2021:09:35:19 +0800] "POST /xingrg/dwr/call/plaincall/AjaxCheckService.setItemNumber.dwr HTTP/1.1" 200 78
114.86.229.38 - - [01/Nov/2021:09:35:19 +0800] "POST /xingrg/dwr/call/plaincall/AjaxReportQueryService.refreshCache.dwr HTTP/1.1" 200 78
222.70.176.97 - - [01/Nov/2021:09:35:21 +0800] "POST /xingrg/dwr/call/plaincall/AjaxCheckService.setItemNumber.dwr HTTP/1.1" 200 78
222.70.176.97 - - [01/Nov/2021:09:35:22 +0800] "POST /xingrg/dwr/call/plaincall/AjaxCheckService.setItemNumber.dwr HTTP/1.1" 200 78
114.86.229.38 - - [01/Nov/2021:09:35:24 +0800] "POST /xingrg/all/report/load_report_page.html HTTP/1.1" 200 18628
114.86.229.38 - - [01/Nov/2021:09:35:24 +0800] "GET /xingrg/servlets/image?cache=0.9631909919236133&image=px HTTP/1.1" 200 807
222.70.176.97 - - [01/Nov/2021:09:35:24 +0800] "POST /xingrg/dwr/call/plaincall/AjaxCheckService.setItemNumber.dwr HTTP/1.1" 200 78
222.70.176.97 - - [01/Nov/2021:09:35:26 +0800] "POST /xingrg/dwr/call/plaincall/AjaxCheckService.setItemNumber.dwr HTTP/1.1" 200 78
222.70.176.97 - - [01/Nov/2021:09:35:27 +0800] "POST /xingrg/dwr/call/plaincall/AjaxCheckService.setItemNumber.dwr HTTP/1.1" 200 78
120.253.135.82 - - [01/Nov/2021:09:35:28 +0800] "GET /xingrg/kc/buy/cgsh_order_info.html?code=212021110100024 HTTP/1.1" 200 58639
120.253.135.82 - - [01/Nov/2021:09:35:28 +0800] "GET /xingrg/javascript/easyui/themes/default/validatebox.css HTTP/1.1" 404 1104
120.253.135.82 - - [01/Nov/2021:09:35:28 +0800] "GET /xingrg/check_reg.html?_=1635730300092 HTTP/1.1" 200 22
120.253.135.82 - - [01/Nov/2021:09:35:28 +0800] "GET /xingrg/all/function/internal_message.html?_=1635730300093&CODE_STATE=getMsg HTTP/1.1" 200 27
222.69.132.242 - - [01/Nov/2021:09:35:29 +0800] "GET /xingrg/kc/buy/cgsh_order_operate.html?command=get_materiel&rest_code=00149&code=00101004033&supplier_code=00100083&order_time=2021-11-01 HTTP/1.1" 200 439
58.40.7.146 - - [01/Nov/2021:09:35:29 +0800] "GET /xingrg/all/function/internal_message.html?_=1635730528712&CODE_STATE=getMsg HTTP/1.1" 200 27
222.70.176.97 - - [01/Nov/2021:09:35:29 +0800] "POST /xingrg/dwr/call/plaincall/AjaxCheckService.setItemNumber.dwr HTTP/1.1" 200 78
120.253.135.82 - - [01/Nov/2021:09:35:29 +0800] "POST /xingrg/kc/buy/cgsh_order_operate.html HTTP/1.1" 200 619
222.69.132.242 - - [01/Nov/2021:09:35:30 +0800] "GET /xingrg/all/function/internal_message.html?_=1635730529619&CODE_STATE=getMsg HTTP/1.1" 200 27
120.253.135.82 - - [01/Nov/2021:09:35:33 +0800] "POST /xingrg/kc/buy/cgsh_list_operate.html HTTP/1.1" 200 876
124.78.153.86 - - [01/Nov/2021:09:35:33 +0800] "GET /xingrg/all/function/internal_message.html?_=1635730536557&CODE_STATE=getMsg HTTP/1.1" 200 27
120.253.135.82 - - [01/Nov/2021:09:35:35 +0800] "GET /xingrg/kc/pszx/mdqp_order_list.html?state=10 HTTP/1.1" 200 10217
120.253.135.82 - - [01/Nov/2021:09:35:35 +0800] "GET /xingrg/dwr/interface/AjaxQqpsService.js HTTP/1.1" 200 16326
120.253.135.82 - - [01/Nov/2021:09:35:35 +0800] "GET /xingrg/dwr/engine.js HTTP/1.1" 200 43631
222.70.176.97 - - [01/Nov/2021:09:35:35 +0800] "POST /xingrg/dwr/call/plaincall/AjaxCheckService.setItemNumber.dwr HTTP/1.1" 200 78
120.253.135.82 - - [01/Nov/2021:09:35:36 +0800] "GET /xingrg/dwr/interface/AjaxReportQueryService.js HTTP/1.1" 200 13203
58.35.211.196 - - [01/Nov/2021:09:35:37 +0800] "POST /xingrg/services/DataTransmitService HTTP/1.1" 200 524
222.69.132.242 - - [01/Nov/2021:09:35:37 +0800] "GET /xingrg/kc/buy/cgsh_order_operate.html?command=get_materiel&rest_code=00149&code=00101004011&supplier_code=00100083&order_time=2021-11-01 HTTP/1.1" 200 415
120.253.135.82 - - [01/Nov/2021:09:35:37 +0800] "GET /xingrg/javascript/jquery_easy_ui/themes/default/images/tabs_active.png HTTP/1.1" 200 2894
222.70.176.97 - - [01/Nov/2021:09:35:38 +0800] "POST /xingrg/dwr/call/plaincall/AjaxCheckService.setItemNumber.dwr HTTP/1.1" 200 78
58.35.211.196 - - [01/Nov/2021:09:35:40 +0800] "POST /xingrg/services/DataTransmitService HTTP/1.1" 200 501
180.157.253.6 - - [01/Nov/2021:09:35:43 +0800] "GET /xingrg/all/function/internal_message.html?_=1635730544468&CODE_STATE=getMsg HTTP/1.1" 200 27
222.70.176.97 - - [01/Nov/2021:09:35:44 +0800] "POST /xingrg/dwr/call/plaincall/AjaxCheckService.setItemNumber.dwr HTTP/1.1" 200 78
221.239.141.121 - - [01/Nov/2021:09:35:44 +0800] "GET /xingrg/all/function/internal_message.html?_=1635730534522&CODE_STATE=getMsg HTTP/1.1" 200 27
180.169.147.146 - - [01/Nov/2021:09:35:45 +0800] "GET /xingrg/check_reg.html?_=1635730607730 HTTP/1.1" 302 -
222.70.176.97 - - [01/Nov/2021:09:35:45 +0800] "GET /xingrg/check_reg.html?_=1635730540901 HTTP/1.1" 200 22
222.70.176.97 - - [01/Nov/2021:09:35:45 +0800] "GET /xingrg/all/function/internal_message.html?_=1635730540903&CODE_STATE=getMsg HTTP/1.1" 200 27
222.70.176.97 - - [01/Nov/2021:09:35:46 +0800] "POST /xingrg/dwr/call/plaincall/AjaxCheckService.setItemNumber.dwr HTTP/1.1" 200 78
222.69.132.242 - - [01/Nov/2021:09:35:47 +0800] "GET /xingrg/kc/buy/cgsh_order_operate.html?command=get_materiel&rest_code=00149&code=00101004067&supplier_code=00100083&order_time=2021-11-01 HTTP/1.1" 200 429
222.70.176.97 - - [01/Nov/2021:09:35:48 +0800] "POST /xingrg/dwr/call/plaincall/AjaxCheckService.setItemNumber.dwr HTTP/1.1" 200 78
58.39.139.200 - - [01/Nov/2021:09:35:48 +0800] "GET /xingrg/kc/buy/cgsh_order_add.html HTTP/1.1" 200 64726
58.39.139.200 - - [01/Nov/2021:09:35:49 +0800] "POST /xingrg/kc/buy/cgsh_order_operate.html HTTP/1.1" 200 8245
58.39.139.200 - - [01/Nov/2021:09:35:49 +0800] "GET /xingrg/javascript/easyui/themes/default/validatebox.css HTTP/1.1" 404 1104
222.70.176.97 - - [01/Nov/2021:09:35:50 +0800] "POST /xingrg/dwr/call/plaincall/AjaxCheckService.setItemNumber.dwr HTTP/1.1" 200 78
222.70.176.97 - - [01/Nov/2021:09:35:51 +0800] "POST /xingrg/dwr/call/plaincall/AjaxCheckService.setItemNumber.dwr HTTP/1.1" 200 78
222.70.176.97 - - [01/Nov/2021:09:35:52 +0800] "POST /xingrg/dwr/call/plaincall/AjaxCheckService.setItemNumber.dwr HTTP/1.1" 200 78
222.70.176.97 - - [01/Nov/2021:09:35:53 +0800] "POST /xingrg/dwr/call/plaincall/AjaxCheckService.setItemNumber.dwr HTTP/1.1" 200 78
120.253.135.82 - - [01/Nov/2021:09:35:55 +0800] "GET /xingrg/check_reg.html?_=1635730521314 HTTP/1.1" 302 -
222.70.176.97 - - [01/Nov/2021:09:35:55 +0800] "POST /xingrg/dwr/call/plaincall/AjaxCheckService.setItemNumber.dwr HTTP/1.1" 200 78
58.35.211.196 - - [01/Nov/2021:09:35:56 +0800] "POST /xingrg/services/DataTransmitService HTTP/1.1" 200 524
222.70.176.97 - - [01/Nov/2021:09:35:57 +0800] "POST /xingrg/dwr/call/plaincall/AjaxCheckService.setItemNumber.dwr HTTP/1.1" 200 78
58.35.211.196 - - [01/Nov/2021:09:35:58 +0800] "POST /xingrg/services/DataTransmitService HTTP/1.1" 200 501
58.35.211.196 - - [01/Nov/2021:09:35:58 +0800] "POST /xingrg/services/DataTransmitService HTTP/1.1" 200 501
222.70.176.97 - - [01/Nov/2021:09:35:58 +0800] "POST /xingrg/dwr/call/plaincall/AjaxCheckService.setItemNumber.dwr HTTP/1.1" 200 78
58.35.211.196 - - [01/Nov/2021:09:35:59 +0800] "POST /xingrg/services/DataTransmitService HTTP/1.1" 200 501
114.85.125.222 - - [01/Nov/2021:09:35:59 +0800] "GET /xingrg/all/function/internal_message.html?_=1635730494408&CODE_STATE=getMsg HTTP/1.1" 200 27
58.35.211.196 - - [01/Nov/2021:09:35:59 +0800] "POST /xingrg/services/DataTransmitService HTTP/1.1" 200 501
222.70.176.97 - - [01/Nov/2021:09:35:59 +0800] "POST /xingrg/dwr/call/plaincall/AjaxCheckService.setItemNumber.dwr HTTP/1.1" 200 78
58.35.211.196 - - [01/Nov/2021:09:36:00 +0800] "POST /xingrg/services/DataTransmitService HTTP/1.1" 200 501
58.35.211.196 - - [01/Nov/2021:09:36:00 +0800] "POST /xingrg/services/DataTransmitService HTTP/1.1" 200 501
222.70.176.97 - - [01/Nov/2021:09:36:01 +0800] "POST /xingrg/dwr/call/plaincall/AjaxCheckService.setItemNumber.dwr HTTP/1.1" 200 78
58.35.211.196 - - [01/Nov/2021:09:36:01 +0800] "POST /xingrg/services/DataTransmitService HTTP/1.1" 200 501
58.35.211.196 - - [01/Nov/2021:09:36:01 +0800] "POST /xingrg/services/DataTransmitService HTTP/1.1" 200 501
58.35.211.196 - - [01/Nov/2021:09:36:01 +0800] "POST /xingrg/services/DataTransmitService HTTP/1.1" 200 412
222.70.176.97 - - [01/Nov/2021:09:36:02 +0800] "POST /xingrg/dwr/call/plaincall/AjaxCheckService.setItemNumber.dwr HTTP/1.1" 200 78
222.69.132.242 - - [01/Nov/2021:09:36:02 +0800] "GET /xingrg/kc/buy/cgsh_order_operate.html?command=get_materiel&rest_code=00149&code=00101004071&supplier_code=00100083&order_time=2021-11-01 HTTP/1.1" 200 426
222.70.176.97 - - [01/Nov/2021:09:36:03 +0800] "POST /xingrg/dwr/call/plaincall/AjaxCheckService.setItemNumber.dwr HTTP/1.1" 200 78
222.70.176.97 - - [01/Nov/2021:09:36:06 +0800] "POST /xingrg/dwr/call/plaincall/AjaxCheckService.setItemNumber.dwr HTTP/1.1" 200 78
116.238.248.233 - - [01/Nov/2021:09:36:06 +0800] "GET /xingrg/all/function/internal_message.html?_=1635730564072&CODE_STATE=getMsg HTTP/1.1" 200 27
222.69.132.242 - - [01/Nov/2021:09:36:07 +0800] "GET /xingrg/javascript/jquery_easy_ui/themes/icons/rest.png HTTP/1.1" 200 695
222.69.132.242 - - [01/Nov/2021:09:36:07 +0800] "GET /xingrg/javascript/jquery_easy_ui/themes/icons/area.png HTTP/1.1" 200 262
222.70.176.97 - - [01/Nov/2021:09:36:08 +0800] "POST /xingrg/dwr/call/plaincall/AjaxCheckService.setItemNumber.dwr HTTP/1.1" 200 78
58.39.139.200 - - [01/Nov/2021:09:36:09 +0800] "GET /xingrg/all/function/internal_message.html?_=1635730570874&CODE_STATE=getMsg HTTP/1.1" 200 27
222.70.176.97 - - [01/Nov/2021:09:36:09 +0800] "POST /xingrg/dwr/call/plaincall/AjaxCheckService.setItemNumber.dwr HTTP/1.1" 200 78
114.86.229.38 - - [01/Nov/2021:09:36:09 +0800] "GET /xingrg/all/function/internal_message.html?_=1635730569769&CODE_STATE=getMsg HTTP/1.1" 200 27
222.70.176.97 - - [01/Nov/2021:09:36:11 +0800] "POST /xingrg/dwr/call/plaincall/AjaxCheckService.setItemNumber.dwr HTTP/1.1" 200 78
222.70.171.86 - - [01/Nov/2021:09:36:11 +0800] "GET /xingrg/check_reg.html?_=1635730572503 HTTP/1.1" 200 22
180.169.147.146 - - [01/Nov/2021:09:36:11 +0800] "GET /xingrg/all/function/internal_message.html?_=1635730564606&CODE_STATE=getMsg HTTP/1.1" 200 27
222.70.171.86 - - [01/Nov/2021:09:36:12 +0800] "GET /xingrg/all/function/internal_message.html?_=1635730573229&CODE_STATE=getMsg HTTP/1.1" 200 27
222.70.176.97 - - [01/Nov/2021:09:36:12 +0800] "POST /xingrg/dwr/call/plaincall/AjaxCheckService.setItemNumber.dwr HTTP/1.1" 200 78
222.69.132.242 - - [01/Nov/2021:09:36:13 +0800] "POST /xingrg/kc/buy/cgsh_order_operate.html HTTP/1.1" 200 37
172.20.0.100 - - [01/Nov/2021:09:36:14 +0800] "GET /xingrg/all/function/internal_message.html?_=1635730568797&CODE_STATE=getMsg HTTP/1.1" 200 27
222.70.176.97 - - [01/Nov/2021:09:36:15 +0800] "POST /xingrg/dwr/call/plaincall/AjaxCheckService.setItemNumber.dwr HTTP/1.1" 200 78
180.157.253.6 - - [01/Nov/2021:09:36:16 +0800] "GET /xingrg/all/function/internal_message.html?_=1635730577842&CODE_STATE=getMsg HTTP/1.1" 200 27
222.70.176.97 - - [01/Nov/2021:09:36:16 +0800] "POST /xingrg/dwr/call/plaincall/AjaxCheckService.setItemNumber.dwr HTTP/1.1" 200 78
222.70.176.97 - - [01/Nov/2021:09:36:17 +0800] "POST /xingrg/dwr/call/plaincall/AjaxCheckService.setItemNumber.dwr HTTP/1.1" 200 78
222.70.171.86 - - [01/Nov/2021:09:36:19 +0800] "GET /xingrg/all/function/internal_message.html?_=1635730584395&CODE_STATE=getMsg HTTP/1.1" 302 -
222.70.176.97 - - [01/Nov/2021:09:36:19 +0800] "POST /xingrg/dwr/call/plaincall/AjaxCheckService.setItemNumber.dwr HTTP/1.1" 200 78
222.69.132.242 - - [01/Nov/2021:09:36:20 +0800] "POST /xingrg/kc/buy/cgsh_order_operate.html HTTP/1.1" 200 12
222.70.176.97 - - [01/Nov/2021:09:36:22 +0800] "POST /xingrg/dwr/call/plaincall/AjaxCheckService.setItemNumber.dwr HTTP/1.1" 200 78
222.69.132.242 - - [01/Nov/2021:09:36:22 +0800] "GET /xingrg/kc/buy/cgsh_order_info.html?code=212021110100027 HTTP/1.1" 200 59639
222.69.132.242 - - [01/Nov/2021:09:36:22 +0800] "GET /xingrg/javascript/easyui/themes/default/validatebox.css HTTP/1.1" 404 1104
222.70.176.97 - - [01/Nov/2021:09:36:23 +0800] "POST /xingrg/dwr/call/plaincall/AjaxCheckService.setItemNumber.dwr HTTP/1.1" 200 78
222.69.132.242 - - [01/Nov/2021:09:36:23 +0800] "POST /xingrg/kc/buy/cgsh_order_operate.html HTTP/1.1" 200 2416
222.70.176.97 - - [01/Nov/2021:09:36:24 +0800] "POST /xingrg/dwr/call/plaincall/AjaxCheckService.setItemNumber.dwr HTTP/1.1" 200 78
222.69.132.242 - - [01/Nov/2021:09:36:25 +0800] "GET /xingrg/kc/print/load_data.html?order_code=212021110100027&kc_code=cgsh&condition= HTTP/1.1" 200 1430
222.70.176.97 - - [01/Nov/2021:09:36:25 +0800] "POST /xingrg/dwr/call/plaincall/AjaxCheckService.setItemNumber.dwr HTTP/1.1" 200 78
222.70.176.97 - - [01/Nov/2021:09:36:27 +0800] "POST /xingrg/dwr/call/plaincall/AjaxCheckService.setItemNumber.dwr HTTP/1.1" 200 78
58.40.7.146 - - [01/Nov/2021:09:36:29 +0800] "GET /xingrg/all/function/internal_message.html?_=1635730588698&CODE_STATE=getMsg HTTP/1.1" 200 27
222.69.132.242 - - [01/Nov/2021:09:36:29 +0800] "GET /xingrg/kc/buy/cgsh_order_add.html HTTP/1.1" 200 64732
222.69.132.242 - - [01/Nov/2021:09:36:29 +0800] "POST /xingrg/kc/buy/cgsh_order_operate.html HTTP/1.1" 200 8245
222.69.132.242 - - [01/Nov/2021:09:36:29 +0800] "GET /xingrg/javascript/easyui/themes/default/validatebox.css HTTP/1.1" 404 1104
222.69.132.242 - - [01/Nov/2021:09:36:30 +0800] "GET /xingrg/all/function/internal_message.html?_=1635730589596&CODE_STATE=getMsg HTTP/1.1" 200 27
124.78.153.86 - - [01/Nov/2021:09:36:33 +0800] "GET /xingrg/all/function/internal_message.html?_=1635730596543&CODE_STATE=getMsg HTTP/1.1" 200 27
58.39.139.200 - - [01/Nov/2021:09:36:35 +0800] "GET /xingrg/kc/buy/cgsh_order_operate.html?command=get_materiel&rest_code=00105&code=00101011012&supplier_code=00100052&order_time=2021-11-01 HTTP/1.1" 200 411
180.157.253.6 - - [01/Nov/2021:09:36:43 +0800] "GET /xingrg/all/function/internal_message.html?_=1635730604452&CODE_STATE=getMsg HTTP/1.1" 200 27
180.169.147.146 - - [01/Nov/2021:09:36:44 +0800] "GET /xingrg/kc/base/check_order_list.html HTTP/1.1" 200 16349
180.169.147.146 - - [01/Nov/2021:09:36:44 +0800] "POST /xingrg/kc/base/check_list_operate.html HTTP/1.1" 200 3927
221.239.141.121 - - [01/Nov/2021:09:36:44 +0800] "GET /xingrg/all/function/internal_message.html?_=1635730594524&CODE_STATE=getMsg HTTP/1.1" 200 27
222.70.176.97 - - [01/Nov/2021:09:36:45 +0800] "GET /xingrg/all/function/internal_message.html?_=1635730600901&CODE_STATE=getMsg HTTP/1.1" 200 27
58.39.139.200 - - [01/Nov/2021:09:36:46 +0800] "POST /xingrg/kc/buy/cgsh_order_operate.html HTTP/1.1" 200 37
180.169.147.146 - - [01/Nov/2021:09:36:46 +0800] "GET /xingrg/kc/base/check_order_info.html?code=452021103100454 HTTP/1.1" 200 26324
222.70.176.97 - - [01/Nov/2021:09:36:46 +0800] "POST /xingrg/dwr/call/plaincall/AjaxCheckService.setItemNumber.dwr HTTP/1.1" 200 78
180.169.147.146 - - [01/Nov/2021:09:36:46 +0800] "GET /xingrg/dwr/interface/AjaxComOrderService.js HTTP/1.1" 200 18264
180.169.147.146 - - [01/Nov/2021:09:36:46 +0800] "GET /xingrg/dwr/interface/AjaxCheckService.js HTTP/1.1" 200 14003
180.169.147.146 - - [01/Nov/2021:09:36:46 +0800] "GET /xingrg/dwr/engine.js HTTP/1.1" 200 43631
180.169.147.146 - - [01/Nov/2021:09:36:46 +0800] "POST /xingrg/dwr/call/plaincall/AjaxCheckService.loadOrderItems.dwr HTTP/1.1" 200 229679
58.39.139.200 - - [01/Nov/2021:09:36:50 +0800] "POST /xingrg/kc/buy/cgsh_order_operate.html HTTP/1.1" 200 2657
58.39.139.200 - - [01/Nov/2021:09:36:51 +0800] "GET /xingrg/kc/print/report_design.html?orderType=cgsh HTTP/1.1" 200 8625
58.39.139.200 - - [01/Nov/2021:09:36:51 +0800] "GET /xingrg/css/design.css HTTP/1.1" 200 2477
58.39.139.200 - - [01/Nov/2021:09:36:51 +0800] "GET /xingrg/javascript/easyui/themes/sunny/easyui.css HTTP/1.1" 304 -
58.39.139.200 - - [01/Nov/2021:09:36:51 +0800] "GET /xingrg/javascript/easyui/jquery.easyui.min.js HTTP/1.1" 200 272531
58.39.139.200 - - [01/Nov/2021:09:36:51 +0800] "GET /xingrg/javascript/print/report.helper.js HTTP/1.1" 200 7208
58.39.139.200 - - [01/Nov/2021:09:36:51 +0800] "GET /xingrg/javascript/print/report.js HTTP/1.1" 200 10993
222.70.176.97 - - [01/Nov/2021:09:36:51 +0800] "POST /xingrg/dwr/call/plaincall/AjaxCheckService.setItemNumber.dwr HTTP/1.1" 200 78
58.39.139.200 - - [01/Nov/2021:09:36:51 +0800] "GET /xingrg/javascript/easyui/themes/sunny/images/ui-bg_highlight-soft_100_feeebd_1x100.png HTTP/1.1" 200 108
58.39.139.200 - - [01/Nov/2021:09:36:51 +0800] "GET /xingrg/javascript/easyui/themes/sunny/images/ui-bg_gloss-wave_45_817865_500x100.png HTTP/1.1" 200 3971
58.39.139.200 - - [01/Nov/2021:09:36:51 +0800] "GET /xingrg/javascript/easyui/themes/sunny/images/ui-icons_fadc7a_256x240.png HTTP/1.1" 200 4369
58.39.139.200 - - [01/Nov/2021:09:36:51 +0800] "GET /xingrg/kc/print/design_operate.html?_=1635730612993&command=load_config&code=cgsh HTTP/1.1" 200 3167
58.39.139.200 - - [01/Nov/2021:09:36:51 +0800] "GET /favicon.ico HTTP/1.1" 404 -
58.39.139.200 - - [01/Nov/2021:09:36:51 +0800] "GET /xingrg/javascript/easyui/themes/sunny/images/blank.gif HTTP/1.1" 200 43
58.39.139.200 - - [01/Nov/2021:09:36:51 +0800] "GET /xingrg/javascript/easyui/themes/sunny/images/ui-icons_bd7b00_256x240.png HTTP/1.1" 200 4369
58.39.139.200 - - [01/Nov/2021:09:36:51 +0800] "GET /xingrg/javascript/easyui/themes/sunny/images/ui-bg_gloss-wave_70_ffdd57_500x100.png HTTP/1.1" 304 -
58.39.139.200 - - [01/Nov/2021:09:36:51 +0800] "GET /xingrg/css/images/background.png HTTP/1.1" 200 137
222.70.176.97 - - [01/Nov/2021:09:36:53 +0800] "POST /xingrg/dwr/call/plaincall/AjaxCheckService.setItemNumber.dwr HTTP/1.1" 200 78
58.39.139.200 - - [01/Nov/2021:09:36:54 +0800] "GET /xingrg/kc/print/load_data.html?order_code=212021110100028&kc_code=cgsh&condition= HTTP/1.1" 200 717
222.70.176.97 - - [01/Nov/2021:09:36:54 +0800] "POST /xingrg/dwr/call/plaincall/AjaxCheckService.setItemNumber.dwr HTTP/1.1" 200 78
222.69.132.242 - - [01/Nov/2021:09:36:54 +0800] "GET /xingrg/kc/buy/cgsh_order_operate.html?command=get_materiel&rest_code=00149&code=00101006144&supplier_code=00100012&order_time=2021-11-01 HTTP/1.1" 200 409
222.70.176.97 - - [01/Nov/2021:09:36:55 +0800] "POST /xingrg/dwr/call/plaincall/AjaxCheckService.setItemNumber.dwr HTTP/1.1" 200 78
222.70.176.97 - - [01/Nov/2021:09:36:56 +0800] "POST /xingrg/dwr/call/plaincall/AjaxCheckService.setItemNumber.dwr HTTP/1.1" 200 78
222.70.176.97 - - [01/Nov/2021:09:36:58 +0800] "POST /xingrg/dwr/call/plaincall/AjaxCheckService.setItemNumber.dwr HTTP/1.1" 200 78
222.70.176.97 - - [01/Nov/2021:09:36:59 +0800] "POST /xingrg/dwr/call/plaincall/AjaxCheckService.setItemNumber.dwr HTTP/1.1" 200 78
114.85.125.222 - - [01/Nov/2021:09:36:59 +0800] "GET /xingrg/all/function/internal_message.html?_=1635730554421&CODE_STATE=getMsg HTTP/1.1" 200 27
222.70.176.97 - - [01/Nov/2021:09:37:01 +0800] "POST /xingrg/dwr/call/plaincall/AjaxCheckService.setItemNumber.dwr HTTP/1.1" 200 78
222.70.176.97 - - [01/Nov/2021:09:37:04 +0800] "POST /xingrg/dwr/call/plaincall/AjaxCheckService.setItemNumber.dwr HTTP/1.1" 200 78
222.69.132.242 - - [01/Nov/2021:09:37:04 +0800] "GET /xingrg/kc/buy/cgsh_order_operate.html?command=get_materiel&rest_code=00149&code=00101006109&supplier_code=00100012&order_time=2021-11-01 HTTP/1.1" 200 409
222.70.176.97 - - [01/Nov/2021:09:37:05 +0800] "POST /xingrg/dwr/call/plaincall/AjaxCheckService.setItemNumber.dwr HTTP/1.1" 200 78
116.238.248.233 - - [01/Nov/2021:09:37:06 +0800] "GET /xingrg/all/function/internal_message.html?_=1635730624074&CODE_STATE=getMsg HTTP/1.1" 200 27
58.39.139.200 - - [01/Nov/2021:09:37:06 +0800] "GET /xingrg/kc/buy/cgsh_order_add.html HTTP/1.1" 200 64726
58.39.139.200 - - [01/Nov/2021:09:37:07 +0800] "POST /xingrg/kc/buy/cgsh_order_operate.html HTTP/1.1" 200 8245
222.70.176.97 - - [01/Nov/2021:09:37:07 +0800] "POST /xingrg/dwr/call/plaincall/AjaxCheckService.setItemNumber.dwr HTTP/1.1" 200 78
58.39.139.200 - - [01/Nov/2021:09:37:07 +0800] "GET /xingrg/javascript/easyui/themes/default/validatebox.css HTTP/1.1" 404 1104
58.39.139.200 - - [01/Nov/2021:09:37:09 +0800] "GET /xingrg/all/function/internal_message.html?_=1635730630866&CODE_STATE=getMsg HTTP/1.1" 200 27
58.39.139.200 - - [01/Nov/2021:09:37:09 +0800] "GET /xingrg/check_reg.html?_=1635730630869 HTTP/1.1" 200 22
222.70.176.97 - - [01/Nov/2021:09:37:09 +0800] "POST /xingrg/dwr/call/plaincall/AjaxCheckService.setItemNumber.dwr HTTP/1.1" 200 78
114.86.229.38 - - [01/Nov/2021:09:37:09 +0800] "GET /xingrg/all/function/internal_message.html?_=1635730629767&CODE_STATE=getMsg HTTP/1.1" 200 27
222.70.176.97 - - [01/Nov/2021:09:37:10 +0800] "POST /xingrg/dwr/call/plaincall/AjaxCheckService.setItemNumber.dwr HTTP/1.1" 200 78
180.169.147.146 - - [01/Nov/2021:09:37:11 +0800] "GET /xingrg/all/function/internal_message.html?_=1635730624609&CODE_STATE=getMsg HTTP/1.1" 200 27
222.70.176.97 - - [01/Nov/2021:09:37:11 +0800] "POST /xingrg/dwr/call/plaincall/AjaxCheckService.setItemNumber.dwr HTTP/1.1" 200 78
222.70.171.86 - - [01/Nov/2021:09:37:12 +0800] "GET /xingrg/all/function/internal_message.html?_=1635730633243&CODE_STATE=getMsg HTTP/1.1" 200 27
222.70.176.97 - - [01/Nov/2021:09:37:13 +0800] "POST /xingrg/dwr/call/plaincall/AjaxCheckService.setItemNumber.dwr HTTP/1.1" 200 78
172.20.0.100 - - [01/Nov/2021:09:37:14 +0800] "GET /xingrg/all/function/internal_message.html?_=1635730628804&CODE_STATE=getMsg HTTP/1.1" 200 27
222.70.176.97 - - [01/Nov/2021:09:37:15 +0800] "POST /xingrg/dwr/call/plaincall/AjaxCheckService.setItemNumber.dwr HTTP/1.1" 200 78
180.157.253.6 - - [01/Nov/2021:09:37:16 +0800] "GET /xingrg/check_reg.html?_=1635730637841 HTTP/1.1" 200 22
180.157.253.6 - - [01/Nov/2021:09:37:16 +0800] "GET /xingrg/all/function/internal_message.html?_=1635730637843&CODE_STATE=getMsg HTTP/1.1" 200 27
58.39.139.200 - - [01/Nov/2021:09:37:16 +0800] "GET /xingrg/kc/buy/cgsh_order_operate.html?command=get_materiel&rest_code=00105&code=00101016100&supplier_code=00100034&order_time=2021-11-01 HTTP/1.1" 200 412
222.69.132.242 - - [01/Nov/2021:09:37:16 +0800] "GET /xingrg/check_reg.html?_=1635730636233 HTTP/1.1" 200 22
222.70.171.86 - - [01/Nov/2021:09:37:19 +0800] "GET /xingrg/all/function/internal_message.html?_=1635730644405&CODE_STATE=getMsg HTTP/1.1" 302 -
58.40.7.146 - - [01/Nov/2021:09:37:23 +0800] "GET /xingrg/check_reg.html?_=1635730643242 HTTP/1.1" 302 -
58.40.7.146 - - [01/Nov/2021:09:37:29 +0800] "GET /xingrg/all/function/internal_message.html?_=1635730648700&CODE_STATE=getMsg HTTP/1.1" 200 27
58.39.139.200 - - [01/Nov/2021:09:37:29 +0800] "POST /xingrg/kc/buy/cgsh_order_operate.html HTTP/1.1" 200 37
222.70.171.86 - - [01/Nov/2021:09:37:30 +0800] "GET /xingrg/check_reg.html?_=1635730655397 HTTP/1.1" 302 -
222.69.132.242 - - [01/Nov/2021:09:37:30 +0800] "GET /xingrg/all/function/internal_message.html?_=1635730649573&CODE_STATE=getMsg HTTP/1.1" 200 27
58.39.139.200 - - [01/Nov/2021:09:37:31 +0800] "POST /xingrg/kc/buy/cgsh_order_operate.html HTTP/1.1" 200 2655
222.69.132.242 - - [01/Nov/2021:09:37:31 +0800] "GET /xingrg/kc/buy/cgsh_order_operate.html?command=get_materiel&rest_code=00149&code=00101006129&supplier_code=00100012&order_time=2021-11-01 HTTP/1.1" 200 431
58.39.139.200 - - [01/Nov/2021:09:37:32 +0800] "GET /xingrg/kc/print/load_data.html?order_code=212021110100029&kc_code=cgsh&condition= HTTP/1.1" 200 707
124.78.153.86 - - [01/Nov/2021:09:37:33 +0800] "GET /xingrg/all/function/internal_message.html?_=1635730656556&CODE_STATE=getMsg HTTP/1.1" 200 27
