222.70.171.86 - - [01/Nov/2021:08:15:33 +0800] "GET /xingrg/all/function/internal_message.html?_=1635725734805&CODE_STATE=getMsg HTTP/1.1" 200 27
180.169.147.146 - - [01/Nov/2021:08:15:45 +0800] "GET /xingrg/check_reg.html?_=1635725808027 HTTP/1.1" 302 -
120.253.135.82 - - [01/Nov/2021:08:15:54 +0800] "GET /xingrg/check_reg.html?_=1635725721027 HTTP/1.1" 302 -
172.20.0.100 - - [01/Nov/2021:08:16:14 +0800] "GET /xingrg/all/function/internal_message.html?_=1635725768807&CODE_STATE=getMsg HTTP/1.1" 200 27
120.253.135.82 - - [01/Nov/2021:08:16:24 +0800] "GET /xingrg/all/function/internal_message.html?_=1635725554899&CODE_STATE=getMsg HTTP/1.1" 200 27
222.70.171.86 - - [01/Nov/2021:08:16:33 +0800] "GET /xingrg/all/function/internal_message.html?_=1635725794808&CODE_STATE=getMsg HTTP/1.1" 200 27
114.86.229.38 - - [01/Nov/2021:08:16:39 +0800] "GET /favicon.ico HTTP/1.1" 404 -
114.86.229.38 - - [01/Nov/2021:08:16:43 +0800] "GET /xingrg/login.html HTTP/1.1" 200 7641
114.86.229.38 - - [01/Nov/2021:08:16:43 +0800] "GET /favicon.ico HTTP/1.1" 404 -
222.70.171.86 - - [01/Nov/2021:08:16:45 +0800] "POST /xingrg/dwr/call/plaincall/AjaxCheckService.setItemNumber.dwr HTTP/1.1" 200 78
114.86.229.38 - - [01/Nov/2021:08:16:53 +0800] "POST /xingrg/login.do HTTP/1.1" 302 -
114.86.229.38 - - [01/Nov/2021:08:16:53 +0800] "GET /xingrg/index.html?sysBaseUrl=http%3A%2F%2F180.169.147.146%3A18081%2Fxingrg%2F&costTime=57×tamp=1635725813105 HTTP/1.1" 200 17173
114.86.229.38 - - [01/Nov/2021:08:16:53 +0800] "POST /xingrg/all/common/load_tree.html?tree=area_rest_tree_json&manage=1 HTTP/1.1" 200 342
114.86.229.38 - - [01/Nov/2021:08:16:53 +0800] "GET /xingrg/all/function/internal_message.html?_=1635725822829&CODE_STATE=count HTTP/1.1" 200 11
114.86.229.38 - - [01/Nov/2021:08:16:53 +0800] "GET /xingrg/check_reg.html?_=1635725822830 HTTP/1.1" 200 22
114.86.229.38 - - [01/Nov/2021:08:16:53 +0800] "POST /xingrg/load_menu.html HTTP/1.1" 200 5138
114.86.229.38 - - [01/Nov/2021:08:16:57 +0800] "GET /xingrg/kc/base/base_main.html HTTP/1.1" 200 12142
114.86.229.38 - - [01/Nov/2021:08:16:57 +0800] "GET /xingrg/images/blue/button/wlsy.gif HTTP/1.1" 200 2536
114.86.229.38 - - [01/Nov/2021:08:16:57 +0800] "GET /xingrg/images/blue/button/ckpd.gif HTTP/1.1" 200 2051
114.86.229.38 - - [01/Nov/2021:08:16:57 +0800] "GET /xingrg/images/blue/button/ckdb.gif HTTP/1.1" 200 1950
114.86.229.38 - - [01/Nov/2021:08:16:57 +0800] "GET /xingrg/images/blue/button/yddb.gif HTTP/1.1" 200 2040
114.86.229.38 - - [01/Nov/2021:08:16:57 +0800] "GET /xingrg/images/blue/button/top_left.jpg HTTP/1.1" 200 1632
114.86.229.38 - - [01/Nov/2021:08:16:57 +0800] "GET /xingrg/images/blue/button/top_right.jpg HTTP/1.1" 200 1708
114.86.229.38 - - [01/Nov/2021:08:16:57 +0800] "GET /xingrg/images/blue/button/down.jpg HTTP/1.1" 200 1560
114.86.229.38 - - [01/Nov/2021:08:16:57 +0800] "GET /xingrg/images/blue/button/bottom_left.jpg HTTP/1.1" 200 1524
114.86.229.38 - - [01/Nov/2021:08:16:57 +0800] "GET /xingrg/images/blue/button/left_ah.jpg HTTP/1.1" 200 1643
114.86.229.38 - - [01/Nov/2021:08:16:57 +0800] "GET /xingrg/images/blue/button/bottom_right.jpg HTTP/1.1" 200 1436
114.86.229.38 - - [01/Nov/2021:08:16:58 +0800] "GET /xingrg/kc/base/wlsy_order_list.html?syType=0 HTTP/1.1" 200 17344
114.86.229.38 - - [01/Nov/2021:08:16:59 +0800] "POST /xingrg/kc/base/wlsy_list_operate.html?syType=0 HTTP/1.1" 200 862
114.86.229.38 - - [01/Nov/2021:08:17:00 +0800] "GET /xingrg/kc/base/wlsy_order_add.html?syType=0 HTTP/1.1" 200 28641
114.86.229.38 - - [01/Nov/2021:08:17:00 +0800] "GET /xingrg/words/20211030164934_words.js HTTP/1.1" 200 860798
114.86.229.38 - - [01/Nov/2021:08:17:01 +0800] "POST /xingrg/kc/base/wlsy_order_operate.html HTTP/1.1" 200 6806
114.86.229.38 - - [01/Nov/2021:08:17:01 +0800] "GET /xingrg/all/common/auto_word.html?type=base&rest_code=00109 HTTP/1.1" 200 1811
114.86.229.38 - - [01/Nov/2021:08:17:01 +0800] "GET /xingrg/javascript/easyui/themes/default/validatebox.css HTTP/1.1" 404 1104
114.86.229.38 - - [01/Nov/2021:08:17:07 +0800] "GET /xingrg/javascript/jquery_tools/images/prev.gif HTTP/1.1" 404 1086
114.86.229.38 - - [01/Nov/2021:08:17:07 +0800] "GET /xingrg/javascript/jquery_tools/images/next.gif HTTP/1.1" 404 1086
114.86.229.38 - - [01/Nov/2021:08:17:13 +0800] "GET /xingrg/kc/base/wlsy_order_operate.html?command=get_materiel&rest_code=00109&base_code=0010099&code=00101004067 HTTP/1.1" 200 418
172.20.0.100 - - [01/Nov/2021:08:17:14 +0800] "GET /xingrg/all/function/internal_message.html?_=1635725828802&CODE_STATE=getMsg HTTP/1.1" 200 27
114.86.229.38 - - [01/Nov/2021:08:17:20 +0800] "GET /xingrg/kc/base/wlsy_order_operate.html?command=get_materiel&rest_code=00109&base_code=0010099&code=00101004024 HTTP/1.1" 200 413
58.40.7.146 - - [01/Nov/2021:08:17:23 +0800] "GET /xingrg/check_reg.html?_=1635725843573 HTTP/1.1" 302 -
120.253.135.82 - - [01/Nov/2021:08:17:24 +0800] "GET /xingrg/all/function/internal_message.html?_=1635725614989&CODE_STATE=getMsg HTTP/1.1" 200 27
222.70.171.86 - - [01/Nov/2021:08:17:30 +0800] "GET /xingrg/check_reg.html?_=1635725855175 HTTP/1.1" 302 -
222.70.171.86 - - [01/Nov/2021:08:17:31 +0800] "GET /xingrg/check_reg.html?_=1635725852607 HTTP/1.1" 200 22
114.86.229.38 - - [01/Nov/2021:08:17:32 +0800] "GET /xingrg/kc/base/wlsy_order_operate.html?command=get_materiel&rest_code=00109&base_code=0010099&code=00101004071 HTTP/1.1" 200 415
222.70.171.86 - - [01/Nov/2021:08:17:33 +0800] "GET /xingrg/all/function/internal_message.html?_=1635725854823&CODE_STATE=getMsg HTTP/1.1" 200 27
114.86.229.38 - - [01/Nov/2021:08:17:39 +0800] "POST /xingrg/kc/base/wlsy_order_operate.html HTTP/1.1" 200 37
114.86.229.38 - - [01/Nov/2021:08:17:41 +0800] "POST /xingrg/kc/base/wlsy_order_operate.html HTTP/1.1" 200 12
114.86.229.38 - - [01/Nov/2021:08:17:41 +0800] "POST /xingrg/kc/base/wlsy_order_operate.html HTTP/1.1" 200 3044
114.86.229.38 - - [01/Nov/2021:08:17:46 +0800] "GET /xingrg/kc/base/base_main.html HTTP/1.1" 200 12142
114.86.229.38 - - [01/Nov/2021:08:17:47 +0800] "GET /xingrg/kc/base/wldb_order_list.html HTTP/1.1" 200 19224
114.86.229.38 - - [01/Nov/2021:08:17:47 +0800] "POST /xingrg/kc/base/wldb_list_operate.html HTTP/1.1" 200 1767
114.86.229.38 - - [01/Nov/2021:08:17:53 +0800] "GET /xingrg/all/function/internal_message.html?_=1635725882835&CODE_STATE=getMsg HTTP/1.1" 200 27
114.86.229.38 - - [01/Nov/2021:08:17:55 +0800] "POST /xingrg/kc/base/wldb_list_operate.html HTTP/1.1" 200 202
114.86.229.38 - - [01/Nov/2021:08:17:56 +0800] "GET /xingrg/kc/base/wldb_order_info.html?code=422021103103416 HTTP/1.1" 200 30449
114.86.229.38 - - [01/Nov/2021:08:17:56 +0800] "GET /xingrg/all/common/auto_word.html?type=base&rest_code=00109 HTTP/1.1" 200 1811
114.86.229.38 - - [01/Nov/2021:08:17:56 +0800] "GET /xingrg/javascript/easyui/themes/default/validatebox.css HTTP/1.1" 404 1104
114.86.229.38 - - [01/Nov/2021:08:17:56 +0800] "GET /xingrg/all/common/auto_word.html?type=base&rest_code=00109 HTTP/1.1" 200 1811
114.86.229.38 - - [01/Nov/2021:08:17:56 +0800] "POST /xingrg/kc/base/wldb_order_operate.html HTTP/1.1" 200 2186
116.235.93.2 - - [01/Nov/2021:08:18:05 +0800] "GET /xingrg/check_reg.html?_=1635725885241 HTTP/1.1" 302 -
172.20.0.100 - - [01/Nov/2021:08:18:14 +0800] "GET /xingrg/all/function/internal_message.html?_=1635725888794&CODE_STATE=getMsg HTTP/1.1" 200 27
58.40.7.146 - - [01/Nov/2021:08:18:24 +0800] "GET /xingrg/check_reg.html?_=1635725903712 HTTP/1.1" 302 -
120.253.135.82 - - [01/Nov/2021:08:18:24 +0800] "GET /xingrg/all/function/internal_message.html?_=1635725674989&CODE_STATE=getMsg HTTP/1.1" 200 27
222.70.171.86 - - [01/Nov/2021:08:18:30 +0800] "POST /xingrg/dwr/call/plaincall/AjaxCheckService.setItemNumber.dwr HTTP/1.1" 200 78
222.70.171.86 - - [01/Nov/2021:08:18:30 +0800] "POST /xingrg/dwr/call/plaincall/AjaxCheckService.setItemNumber.dwr HTTP/1.1" 200 78
222.70.171.86 - - [01/Nov/2021:08:18:31 +0800] "POST /xingrg/dwr/call/plaincall/AjaxCheckService.setItemNumber.dwr HTTP/1.1" 200 78
222.70.171.86 - - [01/Nov/2021:08:18:33 +0800] "GET /xingrg/all/function/internal_message.html?_=1635725914836&CODE_STATE=getMsg HTTP/1.1" 200 27
222.70.171.86 - - [01/Nov/2021:08:18:37 +0800] "POST /xingrg/dwr/call/plaincall/AjaxCheckService.setItemNumber.dwr HTTP/1.1" 200 78
222.70.171.86 - - [01/Nov/2021:08:18:39 +0800] "POST /xingrg/dwr/call/plaincall/AjaxCheckService.setItemNumber.dwr HTTP/1.1" 200 78
222.70.171.86 - - [01/Nov/2021:08:18:40 +0800] "POST /xingrg/dwr/call/plaincall/AjaxCheckService.setItemNumber.dwr HTTP/1.1" 200 78
222.70.171.86 - - [01/Nov/2021:08:18:41 +0800] "POST /xingrg/dwr/call/plaincall/AjaxCheckService.setItemNumber.dwr HTTP/1.1" 200 78
222.70.171.86 - - [01/Nov/2021:08:18:42 +0800] "POST /xingrg/dwr/call/plaincall/AjaxCheckService.setItemNumber.dwr HTTP/1.1" 200 78
114.86.229.38 - - [01/Nov/2021:08:18:43 +0800] "POST /xingrg/kc/base/wldb_list_operate.html HTTP/1.1" 200 5571
222.70.171.86 - - [01/Nov/2021:08:18:43 +0800] "POST /xingrg/dwr/call/plaincall/AjaxCheckService.setItemNumber.dwr HTTP/1.1" 200 78
222.70.171.86 - - [01/Nov/2021:08:18:44 +0800] "POST /xingrg/dwr/call/plaincall/AjaxCheckService.setItemNumber.dwr HTTP/1.1" 200 78
222.70.171.86 - - [01/Nov/2021:08:18:45 +0800] "POST /xingrg/dwr/call/plaincall/AjaxCheckService.setItemNumber.dwr HTTP/1.1" 200 78
114.86.229.38 - - [01/Nov/2021:08:18:45 +0800] "POST /xingrg/kc/base/wldb_list_operate.html HTTP/1.1" 200 201
222.70.171.86 - - [01/Nov/2021:08:18:46 +0800] "POST /xingrg/dwr/call/plaincall/AjaxCheckService.setItemNumber.dwr HTTP/1.1" 200 78
222.70.171.86 - - [01/Nov/2021:08:18:46 +0800] "POST /xingrg/dwr/call/plaincall/AjaxCheckService.setItemNumber.dwr HTTP/1.1" 200 78
222.70.171.86 - - [01/Nov/2021:08:18:48 +0800] "POST /xingrg/dwr/call/plaincall/AjaxCheckService.setItemNumber.dwr HTTP/1.1" 200 78
222.70.171.86 - - [01/Nov/2021:08:18:49 +0800] "POST /xingrg/dwr/call/plaincall/AjaxCheckService.setItemNumber.dwr HTTP/1.1" 200 78
114.86.229.38 - - [01/Nov/2021:08:18:50 +0800] "POST /xingrg/kc/base/wldb_list_operate.html HTTP/1.1" 200 566
222.70.171.86 - - [01/Nov/2021:08:18:51 +0800] "POST /xingrg/dwr/call/plaincall/AjaxCheckService.setItemNumber.dwr HTTP/1.1" 200 78
222.70.171.86 - - [01/Nov/2021:08:18:51 +0800] "POST /xingrg/dwr/call/plaincall/AjaxCheckService.setItemNumber.dwr HTTP/1.1" 200 78
222.70.171.86 - - [01/Nov/2021:08:18:53 +0800] "POST /xingrg/dwr/call/plaincall/AjaxCheckService.setItemNumber.dwr HTTP/1.1" 200 78
114.86.229.38 - - [01/Nov/2021:08:18:53 +0800] "GET /xingrg/all/function/internal_message.html?_=1635725942836&CODE_STATE=getMsg HTTP/1.1" 200 27
222.70.171.86 - - [01/Nov/2021:08:18:53 +0800] "POST /xingrg/dwr/call/plaincall/AjaxCheckService.setItemNumber.dwr HTTP/1.1" 200 78
222.70.171.86 - - [01/Nov/2021:08:18:54 +0800] "POST /xingrg/dwr/call/plaincall/AjaxCheckService.setItemNumber.dwr HTTP/1.1" 200 78
114.86.229.38 - - [01/Nov/2021:08:18:54 +0800] "POST /xingrg/kc/base/wldb_list_operate.html HTTP/1.1" 200 202
222.70.171.86 - - [01/Nov/2021:08:18:55 +0800] "POST /xingrg/dwr/call/plaincall/AjaxCheckService.setItemNumber.dwr HTTP/1.1" 200 78
222.70.171.86 - - [01/Nov/2021:08:18:59 +0800] "POST /xingrg/dwr/call/plaincall/AjaxCheckService.setItemNumber.dwr HTTP/1.1" 200 78
222.70.171.86 - - [01/Nov/2021:08:19:00 +0800] "POST /xingrg/dwr/call/plaincall/AjaxCheckService.setItemNumber.dwr HTTP/1.1" 200 78
222.70.171.86 - - [01/Nov/2021:08:19:02 +0800] "POST /xingrg/dwr/call/plaincall/AjaxCheckService.setItemNumber.dwr HTTP/1.1" 200 78
114.86.229.38 - - [01/Nov/2021:08:19:04 +0800] "POST /xingrg/kc/base/wldb_list_operate.html HTTP/1.1" 200 270
222.70.171.86 - - [01/Nov/2021:08:19:06 +0800] "POST /xingrg/dwr/call/plaincall/AjaxCheckService.setItemNumber.dwr HTTP/1.1" 200 78
222.70.171.86 - - [01/Nov/2021:08:19:08 +0800] "POST /xingrg/dwr/call/plaincall/AjaxCheckService.setItemNumber.dwr HTTP/1.1" 200 78
222.70.171.86 - - [01/Nov/2021:08:19:09 +0800] "POST /xingrg/dwr/call/plaincall/AjaxCheckService.setItemNumber.dwr HTTP/1.1" 200 78
222.70.171.86 - - [01/Nov/2021:08:19:09 +0800] "POST /xingrg/dwr/call/plaincall/AjaxCheckService.setItemNumber.dwr HTTP/1.1" 200 78
222.70.171.86 - - [01/Nov/2021:08:19:10 +0800] "POST /xingrg/dwr/call/plaincall/AjaxCheckService.setItemNumber.dwr HTTP/1.1" 200 78
222.70.171.86 - - [01/Nov/2021:08:19:11 +0800] "POST /xingrg/dwr/call/plaincall/AjaxCheckService.setItemNumber.dwr HTTP/1.1" 200 78
114.86.229.38 - - [01/Nov/2021:08:19:12 +0800] "POST /xingrg/kc/base/wldb_list_operate.html HTTP/1.1" 200 4
222.70.171.86 - - [01/Nov/2021:08:19:13 +0800] "POST /xingrg/dwr/call/plaincall/AjaxCheckService.setItemNumber.dwr HTTP/1.1" 200 78
222.70.171.86 - - [01/Nov/2021:08:19:13 +0800] "POST /xingrg/dwr/call/plaincall/AjaxCheckService.setItemNumber.dwr HTTP/1.1" 200 78
172.20.0.100 - - [01/Nov/2021:08:19:14 +0800] "GET /xingrg/all/function/internal_message.html?_=1635725948802&CODE_STATE=getMsg HTTP/1.1" 200 27
172.20.0.100 - - [01/Nov/2021:08:19:14 +0800] "GET /xingrg/check_reg.html?_=1635725948808 HTTP/1.1" 200 22
222.70.171.86 - - [01/Nov/2021:08:19:15 +0800] "POST /xingrg/dwr/call/plaincall/AjaxCheckService.setItemNumber.dwr HTTP/1.1" 200 78
222.70.171.86 - - [01/Nov/2021:08:19:16 +0800] "POST /xingrg/dwr/call/plaincall/AjaxCheckService.setItemNumber.dwr HTTP/1.1" 200 78
222.70.171.86 - - [01/Nov/2021:08:19:17 +0800] "POST /xingrg/dwr/call/plaincall/AjaxCheckService.setItemNumber.dwr HTTP/1.1" 200 78
114.86.229.38 - - [01/Nov/2021:08:19:19 +0800] "POST /xingrg/kc/base/wldb_list_operate.html HTTP/1.1" 200 5587
222.70.171.86 - - [01/Nov/2021:08:19:19 +0800] "POST /xingrg/dwr/call/plaincall/AjaxCheckService.setItemNumber.dwr HTTP/1.1" 200 78
222.70.171.86 - - [01/Nov/2021:08:19:19 +0800] "POST /xingrg/dwr/call/plaincall/AjaxCheckService.setItemNumber.dwr HTTP/1.1" 200 78
222.70.171.86 - - [01/Nov/2021:08:19:21 +0800] "POST /xingrg/dwr/call/plaincall/AjaxCheckService.setItemNumber.dwr HTTP/1.1" 200 78
222.70.171.86 - - [01/Nov/2021:08:19:21 +0800] "POST /xingrg/dwr/call/plaincall/AjaxCheckService.setItemNumber.dwr HTTP/1.1" 200 78
222.70.171.86 - - [01/Nov/2021:08:19:22 +0800] "POST /xingrg/dwr/call/plaincall/AjaxCheckService.setItemNumber.dwr HTTP/1.1" 200 78
222.70.171.86 - - [01/Nov/2021:08:19:23 +0800] "POST /xingrg/dwr/call/plaincall/AjaxCheckService.setItemNumber.dwr HTTP/1.1" 200 78
222.70.171.86 - - [01/Nov/2021:08:19:24 +0800] "POST /xingrg/dwr/call/plaincall/AjaxCheckService.setItemNumber.dwr HTTP/1.1" 200 78
120.253.135.82 - - [01/Nov/2021:08:19:24 +0800] "GET /xingrg/all/function/internal_message.html?_=1635725735077&CODE_STATE=getMsg HTTP/1.1" 200 27
222.70.171.86 - - [01/Nov/2021:08:19:26 +0800] "POST /xingrg/dwr/call/plaincall/AjaxCheckService.setItemNumber.dwr HTTP/1.1" 200 78
222.70.171.86 - - [01/Nov/2021:08:19:26 +0800] "POST /xingrg/dwr/call/plaincall/AjaxCheckService.setItemNumber.dwr HTTP/1.1" 200 78
222.70.171.86 - - [01/Nov/2021:08:19:27 +0800] "POST /xingrg/dwr/call/plaincall/AjaxCheckService.setItemNumber.dwr HTTP/1.1" 200 78
222.70.171.86 - - [01/Nov/2021:08:19:34 +0800] "GET /xingrg/all/function/internal_message.html?_=1635725974849&CODE_STATE=getMsg HTTP/1.1" 200 27
222.70.171.86 - - [01/Nov/2021:08:19:36 +0800] "POST /xingrg/dwr/call/plaincall/AjaxCheckService.setItemNumber.dwr HTTP/1.1" 200 78
222.70.171.86 - - [01/Nov/2021:08:19:41 +0800] "POST /xingrg/dwr/call/plaincall/AjaxCheckService.setItemNumber.dwr HTTP/1.1" 200 78
222.70.171.86 - - [01/Nov/2021:08:19:42 +0800] "POST /xingrg/dwr/call/plaincall/AjaxCheckService.setItemNumber.dwr HTTP/1.1" 200 78
222.70.171.86 - - [01/Nov/2021:08:19:50 +0800] "POST /xingrg/dwr/call/plaincall/AjaxCheckService.setItemNumber.dwr HTTP/1.1" 200 78
222.70.171.86 - - [01/Nov/2021:08:19:51 +0800] "POST /xingrg/dwr/call/plaincall/AjaxCheckService.setItemNumber.dwr HTTP/1.1" 200 78
222.70.171.86 - - [01/Nov/2021:08:19:52 +0800] "POST /xingrg/dwr/call/plaincall/AjaxCheckService.setItemNumber.dwr HTTP/1.1" 200 78
222.70.171.86 - - [01/Nov/2021:08:19:53 +0800] "POST /xingrg/dwr/call/plaincall/AjaxCheckService.setItemNumber.dwr HTTP/1.1" 200 78
114.86.229.38 - - [01/Nov/2021:08:19:53 +0800] "GET /xingrg/all/function/internal_message.html?_=1635726003198&CODE_STATE=getMsg HTTP/1.1" 200 27
222.70.171.86 - - [01/Nov/2021:08:19:55 +0800] "POST /xingrg/dwr/call/plaincall/AjaxCheckService.setItemNumber.dwr HTTP/1.1" 200 78
222.70.171.86 - - [01/Nov/2021:08:19:56 +0800] "POST /xingrg/dwr/call/plaincall/AjaxCheckService.setItemNumber.dwr HTTP/1.1" 200 78
222.70.171.86 - - [01/Nov/2021:08:19:58 +0800] "POST /xingrg/dwr/call/plaincall/AjaxCheckService.setItemNumber.dwr HTTP/1.1" 200 78
222.70.171.86 - - [01/Nov/2021:08:19:58 +0800] "POST /xingrg/dwr/call/plaincall/AjaxCheckService.setItemNumber.dwr HTTP/1.1" 200 78
222.70.171.86 - - [01/Nov/2021:08:20:03 +0800] "POST /xingrg/dwr/call/plaincall/AjaxCheckService.setItemNumber.dwr HTTP/1.1" 200 78
222.70.171.86 - - [01/Nov/2021:08:20:04 +0800] "POST /xingrg/dwr/call/plaincall/AjaxCheckService.setItemNumber.dwr HTTP/1.1" 200 78
222.70.171.86 - - [01/Nov/2021:08:20:04 +0800] "POST /xingrg/dwr/call/plaincall/AjaxCheckService.setItemNumber.dwr HTTP/1.1" 200 78
222.70.171.86 - - [01/Nov/2021:08:20:07 +0800] "POST /xingrg/dwr/call/plaincall/AjaxCheckService.setItemNumber.dwr HTTP/1.1" 200 78
222.70.171.86 - - [01/Nov/2021:08:20:08 +0800] "POST /xingrg/dwr/call/plaincall/AjaxCheckService.setItemNumber.dwr HTTP/1.1" 200 78
222.70.171.86 - - [01/Nov/2021:08:20:09 +0800] "POST /xingrg/dwr/call/plaincall/AjaxCheckService.setItemNumber.dwr HTTP/1.1" 200 78
222.70.171.86 - - [01/Nov/2021:08:20:10 +0800] "POST /xingrg/dwr/call/plaincall/AjaxCheckService.setItemNumber.dwr HTTP/1.1" 200 78
222.70.171.86 - - [01/Nov/2021:08:20:11 +0800] "POST /xingrg/dwr/call/plaincall/AjaxCheckService.setItemNumber.dwr HTTP/1.1" 200 78
222.70.171.86 - - [01/Nov/2021:08:20:12 +0800] "POST /xingrg/dwr/call/plaincall/AjaxCheckService.setItemNumber.dwr HTTP/1.1" 200 78
222.70.171.86 - - [01/Nov/2021:08:20:12 +0800] "POST /xingrg/dwr/call/plaincall/AjaxCheckService.setItemNumber.dwr HTTP/1.1" 200 78
120.253.135.82 - - [01/Nov/2021:08:20:14 +0800] "GET /xingrg/check_reg.html?_=1635725784850 HTTP/1.1" 200 22
222.70.171.86 - - [01/Nov/2021:08:20:14 +0800] "POST /xingrg/dwr/call/plaincall/AjaxCheckService.setItemNumber.dwr HTTP/1.1" 200 78
172.20.0.100 - - [01/Nov/2021:08:20:14 +0800] "GET /xingrg/all/function/internal_message.html?_=1635726008799&CODE_STATE=getMsg HTTP/1.1" 200 27
222.70.171.86 - - [01/Nov/2021:08:20:14 +0800] "POST /xingrg/dwr/call/plaincall/AjaxCheckService.setItemNumber.dwr HTTP/1.1" 200 78
222.70.171.86 - - [01/Nov/2021:08:20:16 +0800] "POST /xingrg/dwr/call/plaincall/AjaxCheckService.setItemNumber.dwr HTTP/1.1" 200 78
222.70.171.86 - - [01/Nov/2021:08:20:16 +0800] "POST /xingrg/dwr/call/plaincall/AjaxCheckService.setItemNumber.dwr HTTP/1.1" 200 78
222.70.171.86 - - [01/Nov/2021:08:20:17 +0800] "POST /xingrg/dwr/call/plaincall/AjaxCheckService.setItemNumber.dwr HTTP/1.1" 200 78
222.70.171.86 - - [01/Nov/2021:08:20:18 +0800] "POST /xingrg/dwr/call/plaincall/AjaxCheckService.setItemNumber.dwr HTTP/1.1" 200 78
222.70.171.86 - - [01/Nov/2021:08:20:18 +0800] "POST /xingrg/dwr/call/plaincall/AjaxCheckService.setItemNumber.dwr HTTP/1.1" 200 78
222.70.171.86 - - [01/Nov/2021:08:20:20 +0800] "POST /xingrg/dwr/call/plaincall/AjaxCheckService.setItemNumber.dwr HTTP/1.1" 200 78
114.86.229.38 - - [01/Nov/2021:08:20:21 +0800] "GET /xingrg/kc/base/base_main.html HTTP/1.1" 200 12142
222.70.171.86 - - [01/Nov/2021:08:20:21 +0800] "POST /xingrg/dwr/call/plaincall/AjaxCheckService.setItemNumber.dwr HTTP/1.1" 200 78
222.70.171.86 - - [01/Nov/2021:08:20:22 +0800] "POST /xingrg/dwr/call/plaincall/AjaxCheckService.setItemNumber.dwr HTTP/1.1" 200 78
114.86.229.38 - - [01/Nov/2021:08:20:22 +0800] "GET /xingrg/kc/base/wlsy_order_list.html?syType=0 HTTP/1.1" 200 17344
114.86.229.38 - - [01/Nov/2021:08:20:22 +0800] "POST /xingrg/kc/base/wlsy_list_operate.html?syType=0 HTTP/1.1" 200 862
222.70.171.86 - - [01/Nov/2021:08:20:23 +0800] "POST /xingrg/dwr/call/plaincall/AjaxCheckService.setItemNumber.dwr HTTP/1.1" 200 78
222.70.171.86 - - [01/Nov/2021:08:20:24 +0800] "POST /xingrg/dwr/call/plaincall/AjaxCheckService.setItemNumber.dwr HTTP/1.1" 200 78
120.253.135.82 - - [01/Nov/2021:08:20:24 +0800] "GET /xingrg/all/function/internal_message.html?_=1635725795079&CODE_STATE=getMsg HTTP/1.1" 200 27
114.86.229.38 - - [01/Nov/2021:08:20:24 +0800] "POST /xingrg/kc/base/wlsy_list_operate.html?syType=0 HTTP/1.1" 200 5711
222.70.171.86 - - [01/Nov/2021:08:20:26 +0800] "POST /xingrg/dwr/call/plaincall/AjaxCheckService.setItemNumber.dwr HTTP/1.1" 200 78
222.70.171.86 - - [01/Nov/2021:08:20:26 +0800] "POST /xingrg/dwr/call/plaincall/AjaxCheckService.setItemNumber.dwr HTTP/1.1" 200 78
222.70.171.86 - - [01/Nov/2021:08:20:27 +0800] "POST /xingrg/dwr/call/plaincall/AjaxCheckService.setItemNumber.dwr HTTP/1.1" 200 78
222.70.171.86 - - [01/Nov/2021:08:20:28 +0800] "POST /xingrg/dwr/call/plaincall/AjaxCheckService.setItemNumber.dwr HTTP/1.1" 200 78
222.70.171.86 - - [01/Nov/2021:08:20:29 +0800] "POST /xingrg/dwr/call/plaincall/AjaxCheckService.setItemNumber.dwr HTTP/1.1" 200 78
222.70.171.86 - - [01/Nov/2021:08:20:30 +0800] "POST /xingrg/dwr/call/plaincall/AjaxCheckService.setItemNumber.dwr HTTP/1.1" 200 78
222.70.171.86 - - [01/Nov/2021:08:20:31 +0800] "POST /xingrg/dwr/call/plaincall/AjaxCheckService.setItemNumber.dwr HTTP/1.1" 200 78
222.70.171.86 - - [01/Nov/2021:08:20:33 +0800] "POST /xingrg/dwr/call/plaincall/AjaxCheckService.setItemNumber.dwr HTTP/1.1" 200 78
222.70.171.86 - - [01/Nov/2021:08:20:34 +0800] "GET /xingrg/all/function/internal_message.html?_=1635726034862&CODE_STATE=getMsg HTTP/1.1" 200 27
222.70.171.86 - - [01/Nov/2021:08:20:35 +0800] "POST /xingrg/dwr/call/plaincall/AjaxCheckService.setItemNumber.dwr HTTP/1.1" 200 78
222.70.171.86 - - [01/Nov/2021:08:20:35 +0800] "POST /xingrg/dwr/call/plaincall/AjaxCheckService.setItemNumber.dwr HTTP/1.1" 200 78
222.70.171.86 - - [01/Nov/2021:08:20:36 +0800] "POST /xingrg/dwr/call/plaincall/AjaxCheckService.setItemNumber.dwr HTTP/1.1" 200 78
222.70.171.86 - - [01/Nov/2021:08:20:37 +0800] "POST /xingrg/dwr/call/plaincall/AjaxCheckService.setItemNumber.dwr HTTP/1.1" 200 78
222.70.171.86 - - [01/Nov/2021:08:20:38 +0800] "POST /xingrg/dwr/call/plaincall/AjaxCheckService.setItemNumber.dwr HTTP/1.1" 200 78
222.70.171.86 - - [01/Nov/2021:08:20:39 +0800] "POST /xingrg/dwr/call/plaincall/AjaxCheckService.setItemNumber.dwr HTTP/1.1" 200 78
222.70.171.86 - - [01/Nov/2021:08:20:42 +0800] "POST /xingrg/dwr/call/plaincall/AjaxCheckService.setItemNumber.dwr HTTP/1.1" 200 78
222.70.171.86 - - [01/Nov/2021:08:20:44 +0800] "POST /xingrg/dwr/call/plaincall/AjaxCheckService.setItemNumber.dwr HTTP/1.1" 200 78
222.70.171.86 - - [01/Nov/2021:08:20:44 +0800] "POST /xingrg/dwr/call/plaincall/AjaxCheckService.setItemNumber.dwr HTTP/1.1" 200 78
222.70.171.86 - - [01/Nov/2021:08:20:45 +0800] "POST /xingrg/dwr/call/plaincall/AjaxCheckService.setItemNumber.dwr HTTP/1.1" 200 78
180.169.147.146 - - [01/Nov/2021:08:20:45 +0800] "GET /xingrg/check_reg.html?_=1635726108002 HTTP/1.1" 302 -
114.86.229.38 - - [01/Nov/2021:08:20:53 +0800] "GET /xingrg/all/function/internal_message.html?_=1635726062839&CODE_STATE=getMsg HTTP/1.1" 200 27
120.253.135.82 - - [01/Nov/2021:08:20:54 +0800] "GET /xingrg/check_reg.html?_=1635726021043 HTTP/1.1" 302 -
222.70.171.86 - - [01/Nov/2021:08:21:04 +0800] "POST /xingrg/dwr/call/plaincall/AjaxCheckService.setItemNumber.dwr HTTP/1.1" 200 78
222.70.171.86 - - [01/Nov/2021:08:21:11 +0800] "POST /xingrg/dwr/call/plaincall/AjaxCheckService.setItemNumber.dwr HTTP/1.1" 200 78
222.70.171.86 - - [01/Nov/2021:08:21:12 +0800] "POST /xingrg/dwr/call/plaincall/AjaxCheckService.setItemNumber.dwr HTTP/1.1" 200 78
222.70.171.86 - - [01/Nov/2021:08:21:13 +0800] "POST /xingrg/dwr/call/plaincall/AjaxCheckService.setItemNumber.dwr HTTP/1.1" 200 78
222.70.171.86 - - [01/Nov/2021:08:21:14 +0800] "POST /xingrg/dwr/call/plaincall/AjaxCheckService.setItemNumber.dwr HTTP/1.1" 200 78
172.20.0.100 - - [01/Nov/2021:08:21:14 +0800] "GET /xingrg/all/function/internal_message.html?_=1635726068807&CODE_STATE=getMsg HTTP/1.1" 200 27
222.70.171.86 - - [01/Nov/2021:08:21:17 +0800] "POST /xingrg/dwr/call/plaincall/AjaxCheckService.setItemNumber.dwr HTTP/1.1" 200 78
222.70.171.86 - - [01/Nov/2021:08:21:18 +0800] "POST /xingrg/dwr/call/plaincall/AjaxCheckService.setItemNumber.dwr HTTP/1.1" 200 78
222.70.171.86 - - [01/Nov/2021:08:21:21 +0800] "POST /xingrg/dwr/call/plaincall/AjaxCheckService.setItemNumber.dwr HTTP/1.1" 200 78
222.70.171.86 - - [01/Nov/2021:08:21:21 +0800] "POST /xingrg/dwr/call/plaincall/AjaxCheckService.setItemNumber.dwr HTTP/1.1" 200 78
222.70.171.86 - - [01/Nov/2021:08:21:22 +0800] "POST /xingrg/dwr/call/plaincall/AjaxCheckService.setItemNumber.dwr HTTP/1.1" 200 78
222.70.171.86 - - [01/Nov/2021:08:21:23 +0800] "POST /xingrg/dwr/call/plaincall/AjaxCheckService.setItemNumber.dwr HTTP/1.1" 200 78
222.70.171.86 - - [01/Nov/2021:08:21:24 +0800] "POST /xingrg/dwr/call/plaincall/AjaxCheckService.setItemNumber.dwr HTTP/1.1" 200 78
120.253.135.82 - - [01/Nov/2021:08:21:24 +0800] "GET /xingrg/all/function/internal_message.html?_=1635725855093&CODE_STATE=getMsg HTTP/1.1" 200 27
222.70.171.86 - - [01/Nov/2021:08:21:25 +0800] "POST /xingrg/dwr/call/plaincall/AjaxCheckService.setItemNumber.dwr HTTP/1.1" 200 78
222.70.171.86 - - [01/Nov/2021:08:21:25 +0800] "POST /xingrg/dwr/call/plaincall/AjaxCheckService.setItemNumber.dwr HTTP/1.1" 200 78
222.70.171.86 - - [01/Nov/2021:08:21:27 +0800] "POST /xingrg/dwr/call/plaincall/AjaxCheckService.setItemNumber.dwr HTTP/1.1" 200 78
222.70.171.86 - - [01/Nov/2021:08:21:28 +0800] "POST /xingrg/dwr/call/plaincall/AjaxCheckService.setItemNumber.dwr HTTP/1.1" 200 78
222.70.171.86 - - [01/Nov/2021:08:21:29 +0800] "POST /xingrg/dwr/call/plaincall/AjaxCheckService.setItemNumber.dwr HTTP/1.1" 200 78
222.70.171.86 - - [01/Nov/2021:08:21:29 +0800] "POST /xingrg/dwr/call/plaincall/AjaxCheckService.setItemNumber.dwr HTTP/1.1" 200 78
222.70.171.86 - - [01/Nov/2021:08:21:30 +0800] "POST /xingrg/dwr/call/plaincall/AjaxCheckService.setItemNumber.dwr HTTP/1.1" 200 78
222.70.171.86 - - [01/Nov/2021:08:21:31 +0800] "POST /xingrg/dwr/call/plaincall/AjaxCheckService.setItemNumber.dwr HTTP/1.1" 200 78
222.70.171.86 - - [01/Nov/2021:08:21:32 +0800] "POST /xingrg/dwr/call/plaincall/AjaxCheckService.setItemNumber.dwr HTTP/1.1" 200 78
222.70.171.86 - - [01/Nov/2021:08:21:33 +0800] "POST /xingrg/dwr/call/plaincall/AjaxCheckService.setItemNumber.dwr HTTP/1.1" 200 78
222.70.171.86 - - [01/Nov/2021:08:21:34 +0800] "POST /xingrg/dwr/call/plaincall/AjaxCheckService.setItemNumber.dwr HTTP/1.1" 200 78
222.70.171.86 - - [01/Nov/2021:08:21:34 +0800] "GET /xingrg/all/function/internal_message.html?_=1635726095519&CODE_STATE=getMsg HTTP/1.1" 200 27
222.70.171.86 - - [01/Nov/2021:08:21:35 +0800] "POST /xingrg/dwr/call/plaincall/AjaxCheckService.setItemNumber.dwr HTTP/1.1" 200 78
222.70.171.86 - - [01/Nov/2021:08:21:37 +0800] "POST /xingrg/dwr/call/plaincall/AjaxCheckService.setItemNumber.dwr HTTP/1.1" 200 78
222.70.171.86 - - [01/Nov/2021:08:21:38 +0800] "POST /xingrg/dwr/call/plaincall/AjaxCheckService.setItemNumber.dwr HTTP/1.1" 200 78
222.70.171.86 - - [01/Nov/2021:08:21:39 +0800] "POST /xingrg/dwr/call/plaincall/AjaxCheckService.setItemNumber.dwr HTTP/1.1" 200 78
222.70.171.86 - - [01/Nov/2021:08:21:40 +0800] "POST /xingrg/dwr/call/plaincall/AjaxCheckService.setItemNumber.dwr HTTP/1.1" 200 78
222.70.171.86 - - [01/Nov/2021:08:21:42 +0800] "POST /xingrg/dwr/call/plaincall/AjaxCheckService.setItemNumber.dwr HTTP/1.1" 200 78
222.70.171.86 - - [01/Nov/2021:08:21:44 +0800] "POST /xingrg/dwr/call/plaincall/AjaxCheckService.setItemNumber.dwr HTTP/1.1" 200 78
222.70.171.86 - - [01/Nov/2021:08:21:44 +0800] "POST /xingrg/dwr/call/plaincall/AjaxCheckService.setItemNumber.dwr HTTP/1.1" 200 78
222.70.171.86 - - [01/Nov/2021:08:21:47 +0800] "POST /xingrg/dwr/call/plaincall/AjaxCheckService.setItemNumber.dwr HTTP/1.1" 200 78
222.70.171.86 - - [01/Nov/2021:08:21:49 +0800] "POST /xingrg/dwr/call/plaincall/AjaxCheckService.setItemNumber.dwr HTTP/1.1" 200 78
222.70.171.86 - - [01/Nov/2021:08:21:50 +0800] "POST /xingrg/dwr/call/plaincall/AjaxCheckService.setItemNumber.dwr HTTP/1.1" 200 78
222.70.171.86 - - [01/Nov/2021:08:21:51 +0800] "POST /xingrg/dwr/call/plaincall/AjaxCheckService.setItemNumber.dwr HTTP/1.1" 200 78
222.70.171.86 - - [01/Nov/2021:08:21:53 +0800] "POST /xingrg/dwr/call/plaincall/AjaxCheckService.setItemNumber.dwr HTTP/1.1" 200 78
114.86.229.38 - - [01/Nov/2021:08:21:53 +0800] "GET /xingrg/all/function/internal_message.html?_=1635726122842&CODE_STATE=getMsg HTTP/1.1" 200 27
114.86.229.38 - - [01/Nov/2021:08:21:53 +0800] "GET /xingrg/check_reg.html?_=1635726122844 HTTP/1.1" 200 22
222.70.171.86 - - [01/Nov/2021:08:21:53 +0800] "POST /xingrg/dwr/call/plaincall/AjaxCheckService.setItemNumber.dwr HTTP/1.1" 200 78
222.70.171.86 - - [01/Nov/2021:08:21:54 +0800] "POST /xingrg/dwr/call/plaincall/AjaxCheckService.setItemNumber.dwr HTTP/1.1" 200 78
222.70.171.86 - - [01/Nov/2021:08:21:56 +0800] "POST /xingrg/dwr/call/plaincall/AjaxCheckService.setItemNumber.dwr HTTP/1.1" 200 78
222.70.171.86 - - [01/Nov/2021:08:21:57 +0800] "POST /xingrg/dwr/call/plaincall/AjaxCheckService.setItemNumber.dwr HTTP/1.1" 200 78
222.70.171.86 - - [01/Nov/2021:08:21:58 +0800] "POST /xingrg/dwr/call/plaincall/AjaxCheckService.setItemNumber.dwr HTTP/1.1" 200 78
172.20.0.100 - - [01/Nov/2021:08:22:14 +0800] "GET /xingrg/all/function/internal_message.html?_=1635726128799&CODE_STATE=getMsg HTTP/1.1" 200 27
58.40.7.146 - - [01/Nov/2021:08:22:23 +0800] "GET /xingrg/check_reg.html?_=1635726143564 HTTP/1.1" 302 -
120.253.135.82 - - [01/Nov/2021:08:22:24 +0800] "GET /xingrg/all/function/internal_message.html?_=1635725915184&CODE_STATE=getMsg HTTP/1.1" 200 27
222.70.171.86 - - [01/Nov/2021:08:22:30 +0800] "GET /xingrg/check_reg.html?_=1635726155195 HTTP/1.1" 302 -
222.70.171.86 - - [01/Nov/2021:08:22:31 +0800] "GET /xingrg/check_reg.html?_=1635726152614 HTTP/1.1" 200 22
222.70.171.86 - - [01/Nov/2021:08:22:32 +0800] "POST /xingrg/dwr/call/plaincall/AjaxCheckService.setItemNumber.dwr HTTP/1.1" 200 78
222.70.171.86 - - [01/Nov/2021:08:22:34 +0800] "GET /xingrg/all/function/internal_message.html?_=1635726155529&CODE_STATE=getMsg HTTP/1.1" 200 27
222.70.171.86 - - [01/Nov/2021:08:22:36 +0800] "POST /xingrg/dwr/call/plaincall/AjaxCheckService.setItemNumber.dwr HTTP/1.1" 200 78
222.70.171.86 - - [01/Nov/2021:08:22:37 +0800] "POST /xingrg/dwr/call/plaincall/AjaxCheckService.setItemNumber.dwr HTTP/1.1" 200 78
222.70.171.86 - - [01/Nov/2021:08:22:39 +0800] "POST /xingrg/dwr/call/plaincall/AjaxCheckService.setItemNumber.dwr HTTP/1.1" 200 78
222.70.171.86 - - [01/Nov/2021:08:22:41 +0800] "POST /xingrg/dwr/call/plaincall/AjaxCheckService.setItemNumber.dwr HTTP/1.1" 200 78
222.70.171.86 - - [01/Nov/2021:08:22:42 +0800] "POST /xingrg/dwr/call/plaincall/AjaxCheckService.setItemNumber.dwr HTTP/1.1" 200 78
222.70.171.86 - - [01/Nov/2021:08:22:43 +0800] "POST /xingrg/dwr/call/plaincall/AjaxCheckService.setItemNumber.dwr HTTP/1.1" 200 78
222.70.171.86 - - [01/Nov/2021:08:22:45 +0800] "POST /xingrg/dwr/call/plaincall/AjaxCheckService.setItemNumber.dwr HTTP/1.1" 200 78
222.70.171.86 - - [01/Nov/2021:08:22:45 +0800] "POST /xingrg/dwr/call/plaincall/AjaxCheckService.setItemNumber.dwr HTTP/1.1" 200 78
222.70.171.86 - - [01/Nov/2021:08:22:47 +0800] "POST /xingrg/dwr/call/plaincall/AjaxCheckService.setItemNumber.dwr HTTP/1.1" 200 78
222.70.171.86 - - [01/Nov/2021:08:22:47 +0800] "POST /xingrg/dwr/call/plaincall/AjaxCheckService.setItemNumber.dwr HTTP/1.1" 200 78
222.70.171.86 - - [01/Nov/2021:08:22:48 +0800] "POST /xingrg/dwr/call/plaincall/AjaxCheckService.setItemNumber.dwr HTTP/1.1" 200 78
222.70.171.86 - - [01/Nov/2021:08:22:50 +0800] "POST /xingrg/dwr/call/plaincall/AjaxCheckService.setItemNumber.dwr HTTP/1.1" 200 78
222.70.171.86 - - [01/Nov/2021:08:22:51 +0800] "POST /xingrg/dwr/call/plaincall/AjaxCheckService.setItemNumber.dwr HTTP/1.1" 200 78
222.70.171.86 - - [01/Nov/2021:08:22:51 +0800] "POST /xingrg/dwr/call/plaincall/AjaxCheckService.setItemNumber.dwr HTTP/1.1" 200 78
114.86.229.38 - - [01/Nov/2021:08:22:53 +0800] "GET /xingrg/all/function/internal_message.html?_=1635726182843&CODE_STATE=getMsg HTTP/1.1" 200 27
116.235.93.2 - - [01/Nov/2021:08:23:05 +0800] "GET /xingrg/check_reg.html?_=1635726185213 HTTP/1.1" 302 -
222.70.171.86 - - [01/Nov/2021:08:23:08 +0800] "POST /xingrg/dwr/call/plaincall/AjaxCheckService.setItemNumber.dwr HTTP/1.1" 200 78
222.70.171.86 - - [01/Nov/2021:08:23:11 +0800] "GET /xingrg/kc/base/check_order_info.html?code=452021103100410 HTTP/1.1" 200 26362
222.70.171.86 - - [01/Nov/2021:08:23:11 +0800] "GET /xingrg/dwr/interface/AjaxComOrderService.js HTTP/1.1" 200 18264
222.70.171.86 - - [01/Nov/2021:08:23:11 +0800] "GET /xingrg/dwr/engine.js HTTP/1.1" 200 43631
222.70.171.86 - - [01/Nov/2021:08:23:11 +0800] "GET /xingrg/dwr/interface/AjaxCheckService.js HTTP/1.1" 200 14003
222.70.171.86 - - [01/Nov/2021:08:23:12 +0800] "POST /xingrg/dwr/call/plaincall/AjaxCheckService.loadOrderItems.dwr HTTP/1.1" 200 143325
172.20.0.100 - - [01/Nov/2021:08:23:14 +0800] "GET /xingrg/all/function/internal_message.html?_=1635726188807&CODE_STATE=getMsg HTTP/1.1" 200 27
58.40.7.146 - - [01/Nov/2021:08:23:24 +0800] "GET /xingrg/check_reg.html?_=1635726203715 HTTP/1.1" 302 -
222.70.171.86 - - [01/Nov/2021:08:23:24 +0800] "POST /xingrg/dwr/call/plaincall/AjaxCheckService.setItemNumber.dwr HTTP/1.1" 200 76
120.253.135.82 - - [01/Nov/2021:08:23:24 +0800] "GET /xingrg/all/function/internal_message.html?_=1635725975198&CODE_STATE=getMsg HTTP/1.1" 200 27
222.70.171.86 - - [01/Nov/2021:08:23:25 +0800] "POST /xingrg/dwr/call/plaincall/AjaxCheckService.setItemNumber.dwr HTTP/1.1" 200 76
114.86.229.38 - - [01/Nov/2021:08:23:26 +0800] "GET /xingrg/kc/base/base_main.html HTTP/1.1" 200 12142
222.70.171.86 - - [01/Nov/2021:08:23:27 +0800] "POST /xingrg/dwr/call/plaincall/AjaxCheckService.setItemNumber.dwr HTTP/1.1" 200 76
114.86.229.38 - - [01/Nov/2021:08:23:27 +0800] "GET /xingrg/kc/base/check_order_list.html HTTP/1.1" 200 16343
114.86.229.38 - - [01/Nov/2021:08:23:28 +0800] "POST /xingrg/kc/base/check_list_operate.html HTTP/1.1" 200 4658
222.70.171.86 - - [01/Nov/2021:08:23:28 +0800] "POST /xingrg/dwr/call/plaincall/AjaxCheckService.setItemNumber.dwr HTTP/1.1" 200 76
222.70.171.86 - - [01/Nov/2021:08:23:30 +0800] "POST /xingrg/dwr/call/plaincall/AjaxCheckService.setItemNumber.dwr HTTP/1.1" 200 76
222.70.171.86 - - [01/Nov/2021:08:23:31 +0800] "POST /xingrg/dwr/call/plaincall/AjaxCheckService.setItemNumber.dwr HTTP/1.1" 200 76
222.70.171.86 - - [01/Nov/2021:08:23:33 +0800] "POST /xingrg/dwr/call/plaincall/AjaxCheckService.setItemNumber.dwr HTTP/1.1" 200 76
222.70.171.86 - - [01/Nov/2021:08:23:34 +0800] "POST /xingrg/dwr/call/plaincall/AjaxCheckService.setItemNumber.dwr HTTP/1.1" 200 76
222.70.171.86 - - [01/Nov/2021:08:23:34 +0800] "GET /xingrg/all/function/internal_message.html?_=1635726215704&CODE_STATE=getMsg HTTP/1.1" 200 27
222.70.171.86 - - [01/Nov/2021:08:23:35 +0800] "POST /xingrg/dwr/call/plaincall/AjaxCheckService.setItemNumber.dwr HTTP/1.1" 200 76
222.70.171.86 - - [01/Nov/2021:08:23:37 +0800] "POST /xingrg/dwr/call/plaincall/AjaxCheckService.setItemNumber.dwr HTTP/1.1" 200 77
222.70.171.86 - - [01/Nov/2021:08:23:38 +0800] "POST /xingrg/dwr/call/plaincall/AjaxCheckService.setItemNumber.dwr HTTP/1.1" 200 77
222.70.171.86 - - [01/Nov/2021:08:23:39 +0800] "POST /xingrg/dwr/call/plaincall/AjaxCheckService.setItemNumber.dwr HTTP/1.1" 200 77
222.70.171.86 - - [01/Nov/2021:08:23:40 +0800] "POST /xingrg/dwr/call/plaincall/AjaxCheckService.setItemNumber.dwr HTTP/1.1" 200 77
222.70.171.86 - - [01/Nov/2021:08:23:42 +0800] "POST /xingrg/dwr/call/plaincall/AjaxCheckService.setItemNumber.dwr HTTP/1.1" 200 77
114.86.229.38 - - [01/Nov/2021:08:23:42 +0800] "GET /xingrg/kc/base/check_order_info.html?code=452021103100487 HTTP/1.1" 200 26526
114.86.229.38 - - [01/Nov/2021:08:23:42 +0800] "GET /xingrg/css/table.css HTTP/1.1" 200 3684
114.86.229.38 - - [01/Nov/2021:08:23:42 +0800] "GET /xingrg/javascript/AjaxInfoList.js HTTP/1.1" 200 3774
114.86.229.38 - - [01/Nov/2021:08:23:42 +0800] "GET /xingrg/dwr/interface/AjaxComOrderService.js HTTP/1.1" 200 18264
114.86.229.38 - - [01/Nov/2021:08:23:42 +0800] "GET /xingrg/dwr/interface/AjaxCheckService.js HTTP/1.1" 200 14003
114.86.229.38 - - [01/Nov/2021:08:23:42 +0800] "GET /xingrg/javascript/Calendar.js HTTP/1.1" 200 31561
114.86.229.38 - - [01/Nov/2021:08:23:42 +0800] "GET /xingrg/dwr/util.js HTTP/1.1" 200 35990
114.86.229.38 - - [01/Nov/2021:08:23:42 +0800] "GET /xingrg/dwr/engine.js HTTP/1.1" 200 43631
114.86.229.38 - - [01/Nov/2021:08:23:42 +0800] "GET /xingrg/javascript/jquery_easy_ui/themes/icons/cance_new.png HTTP/1.1" 200 3986
114.86.229.38 - - [01/Nov/2021:08:23:42 +0800] "GET /xingrg/javascript/jquery_easy_ui/themes/icons/check_new.png HTTP/1.1" 200 3224
114.86.229.38 - - [01/Nov/2021:08:23:42 +0800] "GET /xingrg/javascript/jquery_easy_ui/themes/icons/print.png HTTP/1.1" 200 1057
114.86.229.38 - - [01/Nov/2021:08:23:42 +0800] "GET /xingrg/javascript/jquery_easy_ui/themes/default/images/menu_downarrow.png HTTP/1.1" 200 173
114.86.229.38 - - [01/Nov/2021:08:23:42 +0800] "GET /xingrg/javascript/jquery_easy_ui/themes/icons/back_new.png HTTP/1.1" 200 3414
222.70.171.86 - - [01/Nov/2021:08:23:42 +0800] "POST /xingrg/dwr/call/plaincall/AjaxCheckService.setItemNumber.dwr HTTP/1.1" 200 77
222.70.171.86 - - [01/Nov/2021:08:23:44 +0800] "POST /xingrg/dwr/call/plaincall/AjaxCheckService.setItemNumber.dwr HTTP/1.1" 200 77
222.70.171.86 - - [01/Nov/2021:08:23:45 +0800] "POST /xingrg/dwr/call/plaincall/AjaxCheckService.setItemNumber.dwr HTTP/1.1" 200 77
114.86.229.38 - - [01/Nov/2021:08:23:45 +0800] "GET /xingrg/index.html?sysBaseUrl=http%3A%2F%2F180.169.147.146%3A18081%2Fxingrg%2F&costTime=57×tamp=1635725813105 HTTP/1.1" 200 17173
114.86.229.38 - - [01/Nov/2021:08:23:45 +0800] "GET /xingrg/javascript/jquery_easy_ui/themes/icon.css HTTP/1.1" 200 3949
114.86.229.38 - - [01/Nov/2021:08:23:45 +0800] "GET /xingrg/javascript/jquery-1.4.2.min.js HTTP/1.1" 200 72205
114.86.229.38 - - [01/Nov/2021:08:23:45 +0800] "GET /xingrg/javascript/jquery_easy_ui/jquery.easyui.min.js HTTP/1.1" 200 213662
114.86.229.38 - - [01/Nov/2021:08:23:45 +0800] "GET /xingrg/css/form.css HTTP/1.1" 200 893
114.86.229.38 - - [01/Nov/2021:08:23:45 +0800] "GET /xingrg/javascript/jquery_easy_ui/easyui-lang-zh_CN.js HTTP/1.1" 200 1900
114.86.229.38 - - [01/Nov/2021:08:23:45 +0800] "GET /xingrg/javascript/jquery.timers.js HTTP/1.1" 200 3532
114.86.229.38 - - [01/Nov/2021:08:23:45 +0800] "GET /xingrg/images/blue/jxLogo.png HTTP/1.1" 200 6156
114.86.229.38 - - [01/Nov/2021:08:23:45 +0800] "GET /xingrg/javascript/jquery_easy_ui/themes/default/easyui.css HTTP/1.1" 200 26500
114.86.229.38 - - [01/Nov/2021:08:23:45 +0800] "GET /xingrg/javascript/jquery.utils.js HTTP/1.1" 200 11805
114.86.229.38 - - [01/Nov/2021:08:23:45 +0800] "GET /xingrg/javascript/jquery.form.js HTTP/1.1" 200 23110
114.86.229.38 - - [01/Nov/2021:08:23:46 +0800] "POST /xingrg/all/common/load_tree.html?tree=area_rest_tree_json&manage=1 HTTP/1.1" 200 342
114.86.229.38 - - [01/Nov/2021:08:23:46 +0800] "GET /xingrg/check_reg.html?_=1635726235786 HTTP/1.1" 200 22
114.86.229.38 - - [01/Nov/2021:08:23:46 +0800] "GET /xingrg/all/function/internal_message.html?_=1635726235786&CODE_STATE=count HTTP/1.1" 200 11
114.86.229.38 - - [01/Nov/2021:08:23:46 +0800] "GET /xingrg/javascript/jquery_easy_ui/themes/icons/settle_new.png HTTP/1.1" 200 826
114.86.229.38 - - [01/Nov/2021:08:23:46 +0800] "GET /xingrg/images/blue/pingpu.png HTTP/1.1" 200 231
114.86.229.38 - - [01/Nov/2021:08:23:46 +0800] "GET /xingrg/javascript/jquery_easy_ui/themes/default/images/tabs_leftarrow.png HTTP/1.1" 200 389
114.86.229.38 - - [01/Nov/2021:08:23:46 +0800] "GET /xingrg/javascript/jquery_easy_ui/themes/default/images/tabs_rightarrow.png HTTP/1.1" 200 395
114.86.229.38 - - [01/Nov/2021:08:23:46 +0800] "GET /xingrg/javascript/jquery_easy_ui/themes/default/images/panel_tool_collapse.gif HTTP/1.1" 200 246
114.86.229.38 - - [01/Nov/2021:08:23:46 +0800] "GET /xingrg/images/blue/navBackgound.jpg HTTP/1.1" 200 12378
222.70.171.86 - - [01/Nov/2021:08:23:46 +0800] "POST /xingrg/dwr/call/plaincall/AjaxCheckService.setItemNumber.dwr HTTP/1.1" 200 77
114.86.229.38 - - [01/Nov/2021:08:23:46 +0800] "GET /xingrg/javascript/jquery_easy_ui/themes/default/images/tree_arrows.gif HTTP/1.1" 200 1043
114.86.229.38 - - [01/Nov/2021:08:23:46 +0800] "GET /xingrg/javascript/jquery_easy_ui/themes/default/images/tree_folder_open.gif HTTP/1.1" 200 956
114.86.229.38 - - [01/Nov/2021:08:23:46 +0800] "GET /xingrg/javascript/jquery_easy_ui/themes/icons/area.png HTTP/1.1" 200 262
114.86.229.38 - - [01/Nov/2021:08:23:46 +0800] "GET /xingrg/javascript/jquery_easy_ui/themes/icons/rest.png HTTP/1.1" 200 695
114.86.229.38 - - [01/Nov/2021:08:23:46 +0800] "POST /xingrg/load_menu.html HTTP/1.1" 200 5138
114.86.229.38 - - [01/Nov/2021:08:23:46 +0800] "GET /xingrg/javascript/jquery_easy_ui/themes/icons/search_new.png HTTP/1.1" 200 586
114.86.229.38 - - [01/Nov/2021:08:23:46 +0800] "GET /xingrg/javascript/jquery_easy_ui/themes/default/images/tree_folder.gif HTTP/1.1" 200 952
114.86.229.38 - - [01/Nov/2021:08:23:46 +0800] "GET /xingrg/javascript/jquery_easy_ui/themes/icons/storage_new.png HTTP/1.1" 200 853
114.86.229.38 - - [01/Nov/2021:08:23:46 +0800] "GET /xingrg/javascript/jquery_easy_ui/themes/icons/forms_new.png HTTP/1.1" 200 350
114.86.229.38 - - [01/Nov/2021:08:23:46 +0800] "GET /xingrg/javascript/jquery_easy_ui/themes/default/images/tree_file.gif HTTP/1.1" 200 118
222.70.171.86 - - [01/Nov/2021:08:23:46 +0800] "POST /xingrg/dwr/call/plaincall/AjaxCheckService.setItemNumber.dwr HTTP/1.1" 200 77
222.70.171.86 - - [01/Nov/2021:08:23:47 +0800] "POST /xingrg/dwr/call/plaincall/AjaxCheckService.setItemNumber.dwr HTTP/1.1" 200 77
114.86.229.38 - - [01/Nov/2021:08:23:48 +0800] "GET /xingrg/index.html?sysBaseUrl=http%3A%2F%2F180.169.147.146%3A18081%2Fxingrg%2F&costTime=57×tamp=1635725813105 HTTP/1.1" 200 17173
222.70.171.86 - - [01/Nov/2021:08:23:48 +0800] "POST /xingrg/dwr/call/plaincall/AjaxCheckService.setItemNumber.dwr HTTP/1.1" 200 77
114.86.229.38 - - [01/Nov/2021:08:23:49 +0800] "POST /xingrg/all/common/load_tree.html?tree=area_rest_tree_json&manage=1 HTTP/1.1" 200 342
114.86.229.38 - - [01/Nov/2021:08:23:49 +0800] "GET /xingrg/check_reg.html?_=1635726238667 HTTP/1.1" 200 22
114.86.229.38 - - [01/Nov/2021:08:23:49 +0800] "GET /xingrg/all/function/internal_message.html?_=1635726238666&CODE_STATE=count HTTP/1.1" 200 11
114.86.229.38 - - [01/Nov/2021:08:23:49 +0800] "POST /xingrg/load_menu.html HTTP/1.1" 200 5138
222.70.171.86 - - [01/Nov/2021:08:23:51 +0800] "POST /xingrg/dwr/call/plaincall/AjaxCheckService.setItemNumber.dwr HTTP/1.1" 200 77
222.70.171.86 - - [01/Nov/2021:08:23:52 +0800] "POST /xingrg/dwr/call/plaincall/AjaxCheckService.setItemNumber.dwr HTTP/1.1" 200 77
222.70.171.86 - - [01/Nov/2021:08:23:53 +0800] "POST /xingrg/dwr/call/plaincall/AjaxCheckService.setItemNumber.dwr HTTP/1.1" 200 77
114.86.229.38 - - [01/Nov/2021:08:23:54 +0800] "GET /xingrg/kc/base/base_main.html HTTP/1.1" 200 12142
114.86.229.38 - - [01/Nov/2021:08:23:54 +0800] "GET /xingrg/javascript/jquery_easy_ui/themes/default/images/tabs_close.gif HTTP/1.1" 200 829
114.86.229.38 - - [01/Nov/2021:08:23:54 +0800] "GET /xingrg/javascript/pic_change.js HTTP/1.1" 200 4739
114.86.229.38 - - [01/Nov/2021:08:23:54 +0800] "GET /xingrg/css/blue.css HTTP/1.1" 200 15949
114.86.229.38 - - [01/Nov/2021:08:23:54 +0800] "GET /xingrg/images/blue/button/wlsy.gif HTTP/1.1" 200 2536
114.86.229.38 - - [01/Nov/2021:08:23:54 +0800] "GET /xingrg/images/blue/button/ckpd.gif HTTP/1.1" 200 2051
114.86.229.38 - - [01/Nov/2021:08:23:54 +0800] "GET /xingrg/images/blue/button/kc.gif HTTP/1.1" 200 2160
114.86.229.38 - - [01/Nov/2021:08:23:54 +0800] "GET /xingrg/images/blue/button/ckdb.gif HTTP/1.1" 200 1950
114.86.229.38 - - [01/Nov/2021:08:23:54 +0800] "GET /xingrg/images/blue/button/yddb.gif HTTP/1.1" 200 2040
114.86.229.38 - - [01/Nov/2021:08:23:54 +0800] "GET /xingrg/javascript/myfunction.js HTTP/1.1" 200 24559
114.86.229.38 - - [01/Nov/2021:08:23:54 +0800] "GET /xingrg/images/blue/pic_form2.gif HTTP/1.1" 200 1853
114.86.229.38 - - [01/Nov/2021:08:23:54 +0800] "GET /xingrg/images/blue/button/top_left.jpg HTTP/1.1" 200 1632
114.86.229.38 - - [01/Nov/2021:08:23:54 +0800] "GET /xingrg/images/blue/bg_dotted.jpg HTTP/1.1" 200 319
114.86.229.38 - - [01/Nov/2021:08:23:54 +0800] "GET /xingrg/images/blue/button/top_right.jpg HTTP/1.1" 200 1708
114.86.229.38 - - [01/Nov/2021:08:23:54 +0800] "GET /xingrg/images/blue/button/right_ah.jpg HTTP/1.1" 200 1744
114.86.229.38 - - [01/Nov/2021:08:23:54 +0800] "GET /xingrg/images/blue/button/down.jpg HTTP/1.1" 200 1560
114.86.229.38 - - [01/Nov/2021:08:23:54 +0800] "GET /xingrg/images/blue/button/left_ah.jpg HTTP/1.1" 200 1643
114.86.229.38 - - [01/Nov/2021:08:23:54 +0800] "GET /xingrg/images/blue/button/bottom_left.jpg HTTP/1.1" 200 1524
114.86.229.38 - - [01/Nov/2021:08:23:54 +0800] "GET /xingrg/images/blue/button/bottom_right.jpg HTTP/1.1" 200 1436
222.70.171.86 - - [01/Nov/2021:08:23:54 +0800] "POST /xingrg/dwr/call/plaincall/AjaxCheckService.setItemNumber.dwr HTTP/1.1" 200 77
114.86.229.38 - - [01/Nov/2021:08:23:55 +0800] "GET /xingrg/css/base.css HTTP/1.1" 200 2811
114.86.229.38 - - [01/Nov/2021:08:23:55 +0800] "GET /xingrg/css/site.css HTTP/1.1" 200 7541
114.86.229.38 - - [01/Nov/2021:08:23:55 +0800] "GET /xingrg/kc/base/check_order_list.html HTTP/1.1" 200 16343
114.86.229.38 - - [01/Nov/2021:08:23:55 +0800] "GET /xingrg/javascript/jquery_tools/datebox.css HTTP/1.1" 200 2597
114.86.229.38 - - [01/Nov/2021:08:23:55 +0800] "GET /xingrg/javascript/easyui/themes/icon.css HTTP/1.1" 200 4483
114.86.229.38 - - [01/Nov/2021:08:23:55 +0800] "GET /xingrg/javascript/auto/jquery.autocomplete.css HTTP/1.1" 200 587
114.86.229.38 - - [01/Nov/2021:08:23:55 +0800] "GET /xingrg/javascript/jquery_tools/fix.css HTTP/1.1" 200 1702
114.86.229.38 - - [01/Nov/2021:08:23:55 +0800] "GET /xingrg/javascript/jquery_tools/table.css HTTP/1.1" 200 1032
114.86.229.38 - - [01/Nov/2021:08:23:55 +0800] "GET /xingrg/javascript/jquery_tools/jquery.tools.hotkey.js HTTP/1.1" 200 3242
114.86.229.38 - - [01/Nov/2021:08:23:55 +0800] "GET /xingrg/javascript/easyui/themes/default/easyui.css HTTP/1.1" 200 30432
114.86.229.38 - - [01/Nov/2021:08:23:55 +0800] "GET /xingrg/javascript/jquery_tools/list_manager.js HTTP/1.1" 200 3652
114.86.229.38 - - [01/Nov/2021:08:23:55 +0800] "GET /xingrg/javascript/jquery_tools/jquery.tools.min.js HTTP/1.1" 200 138801
114.86.229.38 - - [01/Nov/2021:08:23:55 +0800] "GET /xingrg/javascript/easyui/easyloader.js HTTP/1.1" 200 5975
114.86.229.38 - - [01/Nov/2021:08:23:55 +0800] "GET /xingrg/javascript/jquery_tools/jquery.tools.extend.js HTTP/1.1" 200 15385
114.86.229.38 - - [01/Nov/2021:08:23:55 +0800] "GET /xingrg/javascript/jquery_tools/jquery.tools.table.js HTTP/1.1" 200 6994
114.86.229.38 - - [01/Nov/2021:08:23:55 +0800] "GET /xingrg/javascript/auto/jquery.autocomplete.js HTTP/1.1" 200 21624
114.86.229.38 - - [01/Nov/2021:08:23:55 +0800] "GET /xingrg/javascript/jquery.cookie.js HTTP/1.1" 200 5513
114.86.229.38 - - [01/Nov/2021:08:23:55 +0800] "GET /xingrg/javascript/easyui/themes/icons/edit_add_new.png HTTP/1.1" 200 2997
114.86.229.38 - - [01/Nov/2021:08:23:55 +0800] "GET /xingrg/javascript/easyui/themes/icons/field_new.png HTTP/1.1" 200 1097
114.86.229.38 - - [01/Nov/2021:08:23:55 +0800] "GET /xingrg/javascript/easyui/themes/icons/cance_new.png HTTP/1.1" 200 3986
114.86.229.38 - - [01/Nov/2021:08:23:55 +0800] "GET /xingrg/javascript/easyui/themes/icons/check_new.png HTTP/1.1" 200 3224
114.86.229.38 - - [01/Nov/2021:08:23:55 +0800] "GET /xingrg/javascript/easyui/plugins/jquery.parser.js HTTP/1.1" 200 1142
114.86.229.38 - - [01/Nov/2021:08:23:55 +0800] "GET /xingrg/images/control/ajaxLoader.gif HTTP/1.1" 200 4659
114.86.229.38 - - [01/Nov/2021:08:23:55 +0800] "POST /xingrg/kc/base/check_list_operate.html HTTP/1.1" 200 4658
114.86.229.38 - - [01/Nov/2021:08:23:59 +0800] "GET /xingrg/kc/base/check_order_info.html?code=452021103100487 HTTP/1.1" 200 26526
114.86.229.38 - - [01/Nov/2021:08:23:59 +0800] "GET /xingrg/css/table.css HTTP/1.1" 200 3684
114.86.229.38 - - [01/Nov/2021:08:23:59 +0800] "GET /xingrg/javascript/AjaxInfoList.js HTTP/1.1" 200 3774
114.86.229.38 - - [01/Nov/2021:08:23:59 +0800] "GET /xingrg/dwr/interface/AjaxCheckService.js HTTP/1.1" 200 14003
114.86.229.38 - - [01/Nov/2021:08:23:59 +0800] "GET /xingrg/dwr/interface/AjaxComOrderService.js HTTP/1.1" 200 18264
114.86.229.38 - - [01/Nov/2021:08:23:59 +0800] "GET /xingrg/javascript/convert.js HTTP/1.1" 200 1239
114.86.229.38 - - [01/Nov/2021:08:23:59 +0800] "GET /xingrg/javascript/print/LodopFuncs.js HTTP/1.1" 200 5121
114.86.229.38 - - [01/Nov/2021:08:23:59 +0800] "GET /xingrg/dwr/util.js HTTP/1.1" 200 35990
114.86.229.38 - - [01/Nov/2021:08:23:59 +0800] "GET /xingrg/javascript/print/kc_print.js HTTP/1.1" 200 11415
114.86.229.38 - - [01/Nov/2021:08:23:59 +0800] "GET /xingrg/javascript/Calendar.js HTTP/1.1" 200 31561
114.86.229.38 - - [01/Nov/2021:08:23:59 +0800] "GET /xingrg/dwr/engine.js HTTP/1.1" 200 43631
114.86.229.38 - - [01/Nov/2021:08:23:59 +0800] "GET /xingrg/javascript/jquery_easy_ui/themes/default/images/menu_downarrow.png HTTP/1.1" 200 173
114.86.229.38 - - [01/Nov/2021:08:23:59 +0800] "GET /xingrg/javascript/jquery_easy_ui/themes/icons/print.png HTTP/1.1" 200 1057
114.86.229.38 - - [01/Nov/2021:08:23:59 +0800] "GET /xingrg/javascript/jquery_easy_ui/themes/icons/check_new.png HTTP/1.1" 200 3224
114.86.229.38 - - [01/Nov/2021:08:23:59 +0800] "GET /xingrg/javascript/jquery_easy_ui/themes/icons/cance_new.png HTTP/1.1" 200 3986
