180.169.147.146 - - [01/Nov/2021:09:29:33 +0800] "GET /xingrg/all/report/report_query.html?isQuery=1&fileName=kc/buy/wlcg_mx.xml&queryString=(CONVERT(char(10)%2Ca.order_time%2C%20120)%3E%3D'2021-10-01')%20and%20(CONVERT(char(10)%2Ca.order_time%2C%20120)%3C%3D'2021-10-31')%20and%20(a.supplier_code%20in%20('00100015'))%20and%20(a.number%3E0%20and%20a.supplier_code%3D'00100015')%20and%20(a.materiel_code%3D'00101006129')&queryText=%E3%80%90%E9%87%87%E8%B4%AD%E6%97%A5%E6%9C%9F%3A2021-10-01%20%E8%87%B3%202021-10-31%E3%80%91%20%E5%B9%B6%E4%B8%94%20%20%E3%80%90%E4%BE%9B%E5%BA%94%E5%95%86%20%3D%20%E7%8C%AA%E8%82%89%EF%BC%88%E7%8E%8B%E5%AF%8C%E6%98%8E%EF%BC%89%E3%80%91%20%E5%B9%B6%E4%B8%94%20%E3%80%90%E4%BE%9B%E5%BA%94%E5%95%86%3D%E7%8C%AA%E8%82%89%EF%BC%88%E7%8E%8B%E5%AF%8C%E6%98%8E%EF%BC%89%E3%80%91%20%E5%B9%B6%E4%B8%94%20%E3%80%90%E6%9D%90%E6%96%99%E5%90%8D%E7%A7%B0%20%3D%20%E4%BA%94%E8%8A%B1%E8%82%89*%E5%8E%BB%E9%AA%A8%E5%B8%A6%E7%9A%AE%E3%80%91&rand=0.47130045663286807 HTTP/1.1" 200 52295
180.169.147.146 - - [01/Nov/2021:09:29:33 +0800] "GET /xingrg/all/report/report_query.html?isQuery=1&fileName=kc/buy/wlcg_mx.xml&queryString=(CONVERT(char(10)%2Ca.order_time%2C%20120)%3E%3D'2021-10-01')%20and%20(CONVERT(char(10)%2Ca.order_time%2C%20120)%3C%3D'2021-10-31')%20and%20(a.supplier_code%20in%20('00100015'))%20and%20(a.number%3E0%20and%20a.supplier_code%3D'00100015')%20and%20(a.materiel_code%3D'00101006129')&queryText=%E3%80%90%E9%87%87%E8%B4%AD%E6%97%A5%E6%9C%9F%3A2021-10-01%20%E8%87%B3%202021-10-31%E3%80%91%20%E5%B9%B6%E4%B8%94%20%20%E3%80%90%E4%BE%9B%E5%BA%94%E5%95%86%20%3D%20%E7%8C%AA%E8%82%89%EF%BC%88%E7%8E%8B%E5%AF%8C%E6%98%8E%EF%BC%89%E3%80%91%20%E5%B9%B6%E4%B8%94%20%E3%80%90%E4%BE%9B%E5%BA%94%E5%95%86%3D%E7%8C%AA%E8%82%89%EF%BC%88%E7%8E%8B%E5%AF%8C%E6%98%8E%EF%BC%89%E3%80%91%20%E5%B9%B6%E4%B8%94%20%E3%80%90%E6%9D%90%E6%96%99%E5%90%8D%E7%A7%B0%20%3D%20%E4%BA%94%E8%8A%B1%E8%82%89*%E5%8E%BB%E9%AA%A8%E5%B8%A6%E7%9A%AE%E3%80%91&rand=0.47130045663286807 HTTP/1.1" 200 52295
180.169.147.146 - - [01/Nov/2021:09:29:33 +0800] "GET /xingrg/dwr/interface/AjaxReportQueryService.js HTTP/1.1" 200 13203
180.169.147.146 - - [01/Nov/2021:09:29:33 +0800] "GET /xingrg/dwr/engine.js HTTP/1.1" 200 43631
124.78.153.86 - - [01/Nov/2021:09:29:33 +0800] "GET /xingrg/all/function/internal_message.html?_=1635730176671&CODE_STATE=getMsg HTTP/1.1" 200 27
180.169.147.146 - - [01/Nov/2021:09:29:34 +0800] "POST /xingrg/all/report/load_report_page.html HTTP/1.1" 200 53515
180.169.147.146 - - [01/Nov/2021:09:29:34 +0800] "GET /xingrg/servlets/image?cache=0.4552124174640759&image=px HTTP/1.1" 200 807
58.39.139.200 - - [01/Nov/2021:09:29:34 +0800] "POST /xingrg/kc/buy/cgsh_order_operate.html HTTP/1.1" 200 37
58.39.139.200 - - [01/Nov/2021:09:29:35 +0800] "POST /xingrg/kc/buy/cgsh_order_operate.html HTTP/1.1" 200 28092
180.157.253.6 - - [01/Nov/2021:09:29:43 +0800] "GET /xingrg/all/function/internal_message.html?_=1635730184591&CODE_STATE=getMsg HTTP/1.1" 200 27
180.169.147.146 - - [01/Nov/2021:09:29:44 +0800] "POST /xingrg/all/report/load_report_page.html HTTP/1.1" 200 53517
180.169.147.146 - - [01/Nov/2021:09:29:44 +0800] "GET /xingrg/images/blue/button/advance.gif HTTP/1.1" 304 -
180.169.147.146 - - [01/Nov/2021:09:29:44 +0800] "GET /xingrg/images/blue/button/advance2.gif HTTP/1.1" 304 -
180.169.147.146 - - [01/Nov/2021:09:29:44 +0800] "GET /xingrg/servlets/image?cache=0.8227142537571251&image=px HTTP/1.1" 200 807
221.239.141.121 - - [01/Nov/2021:09:29:44 +0800] "GET /xingrg/all/function/internal_message.html?_=1635730174320&CODE_STATE=getMsg HTTP/1.1" 200 27
222.70.176.97 - - [01/Nov/2021:09:29:45 +0800] "GET /xingrg/all/function/internal_message.html?_=1635730180900&CODE_STATE=getMsg HTTP/1.1" 200 27
114.86.229.38 - - [01/Nov/2021:09:29:46 +0800] "POST /xingrg/dwr/call/plaincall/AjaxCheckService.setItemRemark.dwr HTTP/1.1" 200 78
114.86.229.38 - - [01/Nov/2021:09:29:47 +0800] "POST /xingrg/dwr/call/plaincall/AjaxCheckService.setItemRemark.dwr HTTP/1.1" 200 78
222.70.171.86 - - [01/Nov/2021:09:29:47 +0800] "POST /xingrg/services/DataTransmitService HTTP/1.1" 200 524
114.86.229.38 - - [01/Nov/2021:09:29:47 +0800] "POST /xingrg/dwr/call/plaincall/AjaxCheckService.setItemRemark.dwr HTTP/1.1" 200 78
114.86.229.38 - - [01/Nov/2021:09:29:47 +0800] "POST /xingrg/dwr/call/plaincall/AjaxCheckService.setItemRemark.dwr HTTP/1.1" 200 78
114.86.229.38 - - [01/Nov/2021:09:29:48 +0800] "POST /xingrg/dwr/call/plaincall/AjaxCheckService.setItemRemark.dwr HTTP/1.1" 200 78
114.86.229.38 - - [01/Nov/2021:09:29:51 +0800] "POST /xingrg/dwr/call/plaincall/AjaxCheckService.setItemRemark.dwr HTTP/1.1" 200 78
114.86.229.38 - - [01/Nov/2021:09:29:51 +0800] "POST /xingrg/dwr/call/plaincall/AjaxCheckService.setItemRemark.dwr HTTP/1.1" 200 78
114.86.229.38 - - [01/Nov/2021:09:29:52 +0800] "POST /xingrg/dwr/call/plaincall/AjaxCheckService.setItemRemark.dwr HTTP/1.1" 200 78
114.86.229.38 - - [01/Nov/2021:09:29:52 +0800] "POST /xingrg/dwr/call/plaincall/AjaxCheckService.setItemRemark.dwr HTTP/1.1" 200 78
114.86.229.38 - - [01/Nov/2021:09:29:52 +0800] "POST /xingrg/dwr/call/plaincall/AjaxCheckService.setItemRemark.dwr HTTP/1.1" 200 78
114.86.229.38 - - [01/Nov/2021:09:29:53 +0800] "POST /xingrg/dwr/call/plaincall/AjaxCheckService.setItemRemark.dwr HTTP/1.1" 200 78
114.86.229.38 - - [01/Nov/2021:09:29:53 +0800] "POST /xingrg/dwr/call/plaincall/AjaxCheckService.setItemRemark.dwr HTTP/1.1" 200 78
114.86.229.38 - - [01/Nov/2021:09:29:54 +0800] "POST /xingrg/dwr/call/plaincall/AjaxCheckService.setItemRemark.dwr HTTP/1.1" 200 78
114.86.229.38 - - [01/Nov/2021:09:29:54 +0800] "POST /xingrg/dwr/call/plaincall/AjaxCheckService.setItemRemark.dwr HTTP/1.1" 200 78
180.169.147.146 - - [01/Nov/2021:09:29:54 +0800] "POST /xingrg/all/report/load_report_page.html HTTP/1.1" 200 53515
180.169.147.146 - - [01/Nov/2021:09:29:54 +0800] "GET /xingrg/servlets/image?cache=0.6975761647974901&image=px HTTP/1.1" 200 807
120.253.135.82 - - [01/Nov/2021:09:29:56 +0800] "GET /xingrg/check_reg.html?_=1635729967237 HTTP/1.1" 200 22
120.253.135.82 - - [01/Nov/2021:09:29:56 +0800] "GET /xingrg/all/function/internal_message.html?_=1635729967544&CODE_STATE=getMsg HTTP/1.1" 200 27
114.86.229.38 - - [01/Nov/2021:09:29:59 +0800] "POST /xingrg/dwr/call/plaincall/AjaxCheckService.setItemRemark.dwr HTTP/1.1" 200 78
114.85.125.222 - - [01/Nov/2021:09:29:59 +0800] "GET /xingrg/check_reg.html?_=1635730134249 HTTP/1.1" 200 22
114.85.125.222 - - [01/Nov/2021:09:29:59 +0800] "GET /xingrg/all/function/internal_message.html?_=1635730134332&CODE_STATE=getMsg HTTP/1.1" 200 27
114.86.229.38 - - [01/Nov/2021:09:30:00 +0800] "POST /xingrg/dwr/call/plaincall/AjaxCheckService.setItemRemark.dwr HTTP/1.1" 200 78
114.86.229.38 - - [01/Nov/2021:09:30:00 +0800] "POST /xingrg/dwr/call/plaincall/AjaxCheckService.setItemRemark.dwr HTTP/1.1" 200 78
180.169.147.146 - - [01/Nov/2021:09:30:02 +0800] "POST /xingrg/all/report/load_report_page.html HTTP/1.1" 200 33860
180.169.147.146 - - [01/Nov/2021:09:30:02 +0800] "GET /xingrg/servlets/image?cache=0.4454230842797132&image=px HTTP/1.1" 200 807
221.239.141.121 - - [01/Nov/2021:09:30:05 +0800] "GET /xingrg/kc/buy/cgsh_order_operate.html?command=get_materiel&rest_code=00102&code=00101006055&supplier_code=00100096&order_time=2021-11-01 HTTP/1.1" 200 409
116.238.248.233 - - [01/Nov/2021:09:30:06 +0800] "POST /xingrg/all/user/operate.html HTTP/1.1" 200 36
180.169.147.146 - - [01/Nov/2021:09:30:06 +0800] "POST /xingrg/all/report/load_report_page.html HTTP/1.1" 200 53527
180.169.147.146 - - [01/Nov/2021:09:30:06 +0800] "GET /xingrg/servlets/image?cache=0.37825539213145676&image=px HTTP/1.1" 200 807
116.238.248.233 - - [01/Nov/2021:09:30:06 +0800] "GET /xingrg/index.html?sysBaseUrl=http%3A%2F%2F180.169.147.146%3A18081%2Fxingrg%2F&costTime=45×tamp=1635726428341 HTTP/1.1" 200 17179
116.238.248.233 - - [01/Nov/2021:09:30:06 +0800] "GET /xingrg/javascript/jquery_easy_ui/themes/default/easyui.css HTTP/1.1" 304 -
116.238.248.233 - - [01/Nov/2021:09:30:06 +0800] "GET /xingrg/javascript/jquery_easy_ui/themes/icon.css HTTP/1.1" 304 -
116.238.248.233 - - [01/Nov/2021:09:30:06 +0800] "GET /xingrg/css/form.css HTTP/1.1" 304 -
116.238.248.233 - - [01/Nov/2021:09:30:06 +0800] "GET /xingrg/javascript/jquery-1.4.2.min.js HTTP/1.1" 304 -
116.238.248.233 - - [01/Nov/2021:09:30:06 +0800] "GET /xingrg/javascript/jquery_easy_ui/jquery.easyui.min.js HTTP/1.1" 304 -
116.238.248.233 - - [01/Nov/2021:09:30:06 +0800] "GET /xingrg/javascript/jquery_easy_ui/easyui-lang-zh_CN.js HTTP/1.1" 304 -
116.238.248.233 - - [01/Nov/2021:09:30:06 +0800] "GET /xingrg/javascript/jquery.form.js HTTP/1.1" 304 -
114.86.229.38 - - [01/Nov/2021:09:30:06 +0800] "POST /xingrg/dwr/call/plaincall/AjaxCheckService.setItemRemark.dwr HTTP/1.1" 200 78
116.238.248.233 - - [01/Nov/2021:09:30:06 +0800] "GET /xingrg/javascript/jquery.utils.js HTTP/1.1" 304 -
116.238.248.233 - - [01/Nov/2021:09:30:06 +0800] "GET /xingrg/javascript/jquery.timers.js HTTP/1.1" 304 -
116.238.248.233 - - [01/Nov/2021:09:30:06 +0800] "GET /xingrg/images/blue/jxLogo.png HTTP/1.1" 304 -
116.238.248.233 - - [01/Nov/2021:09:30:06 +0800] "GET /xingrg/images/blue/navBackgound.jpg HTTP/1.1" 304 -
116.238.248.233 - - [01/Nov/2021:09:30:06 +0800] "GET /xingrg/javascript/jquery_easy_ui/themes/icons/settle_new.png HTTP/1.1" 304 -
116.238.248.233 - - [01/Nov/2021:09:30:06 +0800] "POST /xingrg/all/common/load_tree.html?tree=area_rest_tree_json&manage=1 HTTP/1.1" 200 476
116.238.248.233 - - [01/Nov/2021:09:30:06 +0800] "GET /xingrg/all/function/internal_message.html?_=1635730204031&CODE_STATE=count HTTP/1.1" 200 11
116.238.248.233 - - [01/Nov/2021:09:30:06 +0800] "GET /xingrg/check_reg.html?_=1635730204032 HTTP/1.1" 200 22
116.238.248.233 - - [01/Nov/2021:09:30:06 +0800] "GET /xingrg/javascript/jquery_easy_ui/themes/default/images/tabs_leftarrow.png HTTP/1.1" 304 -
116.238.248.233 - - [01/Nov/2021:09:30:06 +0800] "GET /xingrg/javascript/jquery_easy_ui/themes/default/images/tabs_rightarrow.png HTTP/1.1" 304 -
116.238.248.233 - - [01/Nov/2021:09:30:06 +0800] "GET /xingrg/javascript/jquery_easy_ui/themes/default/images/panel_tool_collapse.gif HTTP/1.1" 304 -
116.238.248.233 - - [01/Nov/2021:09:30:06 +0800] "GET /xingrg/images/blue/pingpu.png HTTP/1.1" 304 -
116.238.248.233 - - [01/Nov/2021:09:30:06 +0800] "POST /xingrg/load_menu.html HTTP/1.1" 200 5138
180.169.147.146 - - [01/Nov/2021:09:30:07 +0800] "POST /xingrg/all/report/load_report_page.html HTTP/1.1" 200 53517
180.169.147.146 - - [01/Nov/2021:09:30:07 +0800] "GET /xingrg/servlets/image?cache=0.8308893439323334&image=px HTTP/1.1" 200 807
114.86.229.38 - - [01/Nov/2021:09:30:07 +0800] "POST /xingrg/dwr/call/plaincall/AjaxCheckService.setItemRemark.dwr HTTP/1.1" 200 78
114.86.229.38 - - [01/Nov/2021:09:30:07 +0800] "POST /xingrg/dwr/call/plaincall/AjaxCheckService.setItemRemark.dwr HTTP/1.1" 200 78
180.169.147.146 - - [01/Nov/2021:09:30:08 +0800] "POST /xingrg/all/report/load_report_page.html HTTP/1.1" 200 53527
114.86.229.38 - - [01/Nov/2021:09:30:08 +0800] "POST /xingrg/dwr/call/plaincall/AjaxCheckService.setItemRemark.dwr HTTP/1.1" 200 78
180.169.147.146 - - [01/Nov/2021:09:30:08 +0800] "GET /xingrg/servlets/image?cache=0.23794380842956397&image=px HTTP/1.1" 200 807
116.232.38.86 - - [01/Nov/2021:09:30:08 +0800] "POST /xingrg/services/DataTransmitService HTTP/1.1" 200 501
116.232.38.86 - - [01/Nov/2021:09:30:08 +0800] "POST /xingrg/services/DataTransmitService HTTP/1.1" 200 501
114.86.229.38 - - [01/Nov/2021:09:30:08 +0800] "POST /xingrg/dwr/call/plaincall/AjaxCheckService.setItemRemark.dwr HTTP/1.1" 200 78
116.238.248.233 - - [01/Nov/2021:09:30:08 +0800] "GET /xingrg/kc/buy/cgsh_order_list.html HTTP/1.1" 200 48947
116.232.38.86 - - [01/Nov/2021:09:30:09 +0800] "POST /xingrg/services/DataTransmitService HTTP/1.1" 200 501
58.39.139.200 - - [01/Nov/2021:09:30:09 +0800] "GET /xingrg/all/function/internal_message.html?_=1635730210854&CODE_STATE=getMsg HTTP/1.1" 200 27
116.238.248.233 - - [01/Nov/2021:09:30:09 +0800] "POST /xingrg/kc/buy/cgsh_list_operate.html HTTP/1.1" 200 876
114.86.229.38 - - [01/Nov/2021:09:30:09 +0800] "GET /xingrg/all/function/internal_message.html?_=1635730209743&CODE_STATE=getMsg HTTP/1.1" 200 27
114.86.229.38 - - [01/Nov/2021:09:30:09 +0800] "GET /xingrg/check_reg.html?_=1635730209746 HTTP/1.1" 200 22
116.232.38.86 - - [01/Nov/2021:09:30:10 +0800] "POST /xingrg/services/DataTransmitService HTTP/1.1" 200 501
116.238.248.233 - - [01/Nov/2021:09:30:10 +0800] "GET /xingrg/kc/buy/cgsh_order_add.html HTTP/1.1" 200 64603
116.232.38.86 - - [01/Nov/2021:09:30:10 +0800] "POST /xingrg/services/DataTransmitService HTTP/1.1" 200 501
116.238.248.233 - - [01/Nov/2021:09:30:10 +0800] "POST /xingrg/kc/buy/cgsh_order_operate.html HTTP/1.1" 200 8245
116.238.248.233 - - [01/Nov/2021:09:30:10 +0800] "GET /xingrg/javascript/easyui/themes/default/validatebox.css HTTP/1.1" 404 1104
116.232.38.86 - - [01/Nov/2021:09:30:10 +0800] "POST /xingrg/services/DataTransmitService HTTP/1.1" 200 501
116.232.38.86 - - [01/Nov/2021:09:30:11 +0800] "POST /xingrg/services/DataTransmitService HTTP/1.1" 200 501
114.86.229.38 - - [01/Nov/2021:09:30:11 +0800] "POST /xingrg/dwr/call/plaincall/AjaxCheckService.setItemRemark.dwr HTTP/1.1" 200 78
180.169.147.146 - - [01/Nov/2021:09:30:11 +0800] "GET /xingrg/all/function/internal_message.html?_=1635730204593&CODE_STATE=getMsg HTTP/1.1" 200 27
116.232.38.86 - - [01/Nov/2021:09:30:11 +0800] "POST /xingrg/services/DataTransmitService HTTP/1.1" 200 501
116.232.38.86 - - [01/Nov/2021:09:30:12 +0800] "POST /xingrg/services/DataTransmitService HTTP/1.1" 200 501
114.86.229.38 - - [01/Nov/2021:09:30:12 +0800] "POST /xingrg/dwr/call/plaincall/AjaxCheckService.setItemRemark.dwr HTTP/1.1" 200 78
222.70.171.86 - - [01/Nov/2021:09:30:12 +0800] "GET /xingrg/all/function/internal_message.html?_=1635730213147&CODE_STATE=getMsg HTTP/1.1" 200 27
116.232.38.86 - - [01/Nov/2021:09:30:12 +0800] "POST /xingrg/services/DataTransmitService HTTP/1.1" 200 501
114.86.229.38 - - [01/Nov/2021:09:30:12 +0800] "POST /xingrg/dwr/call/plaincall/AjaxCheckService.setItemRemark.dwr HTTP/1.1" 200 78
116.232.38.86 - - [01/Nov/2021:09:30:12 +0800] "POST /xingrg/services/DataTransmitService HTTP/1.1" 200 412
114.86.229.38 - - [01/Nov/2021:09:30:12 +0800] "POST /xingrg/dwr/call/plaincall/AjaxCheckService.setItemRemark.dwr HTTP/1.1" 200 78
114.86.229.38 - - [01/Nov/2021:09:30:13 +0800] "POST /xingrg/dwr/call/plaincall/AjaxCheckService.setItemRemark.dwr HTTP/1.1" 200 78
172.20.0.100 - - [01/Nov/2021:09:30:14 +0800] "GET /xingrg/all/function/internal_message.html?_=1635730208836&CODE_STATE=getMsg HTTP/1.1" 200 27
180.157.253.6 - - [01/Nov/2021:09:30:16 +0800] "GET /xingrg/all/function/internal_message.html?_=1635730217801&CODE_STATE=getMsg HTTP/1.1" 200 27
222.70.171.86 - - [01/Nov/2021:09:30:18 +0800] "GET /xingrg/check_reg.html?_=1635730223835 HTTP/1.1" 302 -
222.70.171.86 - - [01/Nov/2021:09:30:19 +0800] "GET /xingrg/all/function/internal_message.html?_=1635730224310&CODE_STATE=getMsg HTTP/1.1" 302 -
114.86.229.38 - - [01/Nov/2021:09:30:22 +0800] "POST /xingrg/dwr/call/plaincall/AjaxCheckService.setItemRemark.dwr HTTP/1.1" 200 78
114.86.229.38 - - [01/Nov/2021:09:30:22 +0800] "POST /xingrg/dwr/call/plaincall/AjaxCheckService.setItemRemark.dwr HTTP/1.1" 200 78
114.86.229.38 - - [01/Nov/2021:09:30:23 +0800] "POST /xingrg/dwr/call/plaincall/AjaxCheckService.setItemRemark.dwr HTTP/1.1" 200 78
114.86.229.38 - - [01/Nov/2021:09:30:25 +0800] "POST /xingrg/dwr/call/plaincall/AjaxCheckService.setItemRemark.dwr HTTP/1.1" 200 78
221.239.141.121 - - [01/Nov/2021:09:30:27 +0800] "POST /xingrg/kc/buy/cgsh_order_operate.html HTTP/1.1" 200 37
114.86.229.38 - - [01/Nov/2021:09:30:27 +0800] "POST /xingrg/dwr/call/plaincall/AjaxCheckService.setItemRemark.dwr HTTP/1.1" 200 78
114.86.229.38 - - [01/Nov/2021:09:30:28 +0800] "POST /xingrg/dwr/call/plaincall/AjaxCheckService.setItemRemark.dwr HTTP/1.1" 200 78
114.86.229.38 - - [01/Nov/2021:09:30:28 +0800] "POST /xingrg/dwr/call/plaincall/AjaxCheckService.setItemRemark.dwr HTTP/1.1" 200 78
114.86.229.38 - - [01/Nov/2021:09:30:29 +0800] "POST /xingrg/dwr/call/plaincall/AjaxCheckService.setItemRemark.dwr HTTP/1.1" 200 78
58.40.7.146 - - [01/Nov/2021:09:30:29 +0800] "GET /xingrg/all/function/internal_message.html?_=1635730228710&CODE_STATE=getMsg HTTP/1.1" 200 27
222.69.132.242 - - [01/Nov/2021:09:30:30 +0800] "GET /xingrg/all/function/internal_message.html?_=1635730229630&CODE_STATE=getMsg HTTP/1.1" 200 27
221.239.141.121 - - [01/Nov/2021:09:30:31 +0800] "POST /xingrg/kc/buy/cgsh_order_operate.html HTTP/1.1" 200 8619
124.78.153.86 - - [01/Nov/2021:09:30:33 +0800] "GET /xingrg/all/function/internal_message.html?_=1635730236641&CODE_STATE=getMsg HTTP/1.1" 200 27
180.157.253.6 - - [01/Nov/2021:09:30:43 +0800] "GET /xingrg/all/function/internal_message.html?_=1635730244561&CODE_STATE=getMsg HTTP/1.1" 200 27
221.239.141.121 - - [01/Nov/2021:09:30:44 +0800] "GET /xingrg/all/function/internal_message.html?_=1635730234335&CODE_STATE=getMsg HTTP/1.1" 200 27
180.169.147.146 - - [01/Nov/2021:09:30:45 +0800] "GET /xingrg/check_reg.html?_=1635730307755 HTTP/1.1" 302 -
222.70.176.97 - - [01/Nov/2021:09:30:45 +0800] "GET /xingrg/all/function/internal_message.html?_=1635730240900&CODE_STATE=getMsg HTTP/1.1" 200 27
222.70.176.97 - - [01/Nov/2021:09:30:45 +0800] "GET /xingrg/check_reg.html?_=1635730240903 HTTP/1.1" 200 22
120.253.135.82 - - [01/Nov/2021:09:30:54 +0800] "GET /xingrg/check_reg.html?_=1635730221303 HTTP/1.1" 302 -
120.253.135.82 - - [01/Nov/2021:09:30:56 +0800] "GET /xingrg/all/function/internal_message.html?_=1635730027559&CODE_STATE=getMsg HTTP/1.1" 200 27
114.86.229.38 - - [01/Nov/2021:09:30:56 +0800] "POST /xingrg/dwr/call/plaincall/AjaxCheckService.setItemRemark.dwr HTTP/1.1" 200 78
114.86.229.38 - - [01/Nov/2021:09:30:57 +0800] "POST /xingrg/dwr/call/plaincall/AjaxCheckService.setItemRemark.dwr HTTP/1.1" 200 78
114.86.229.38 - - [01/Nov/2021:09:30:57 +0800] "POST /xingrg/dwr/call/plaincall/AjaxCheckService.setItemRemark.dwr HTTP/1.1" 200 78
114.86.229.38 - - [01/Nov/2021:09:30:58 +0800] "POST /xingrg/dwr/call/plaincall/AjaxCheckService.setItemRemark.dwr HTTP/1.1" 200 78
114.86.229.38 - - [01/Nov/2021:09:30:58 +0800] "POST /xingrg/dwr/call/plaincall/AjaxCheckService.setItemRemark.dwr HTTP/1.1" 200 78
114.86.229.38 - - [01/Nov/2021:09:30:58 +0800] "POST /xingrg/dwr/call/plaincall/AjaxCheckService.setItemRemark.dwr HTTP/1.1" 200 78
114.86.229.38 - - [01/Nov/2021:09:30:59 +0800] "POST /xingrg/dwr/call/plaincall/AjaxCheckService.setItemRemark.dwr HTTP/1.1" 200 78
114.85.125.222 - - [01/Nov/2021:09:30:59 +0800] "GET /xingrg/all/function/internal_message.html?_=1635730194340&CODE_STATE=getMsg HTTP/1.1" 200 27
116.232.38.86 - - [01/Nov/2021:09:31:00 +0800] "POST /xingrg/services/DataTransmitService HTTP/1.1" 200 524
116.232.38.86 - - [01/Nov/2021:09:31:00 +0800] "POST /xingrg/services/DataTransmitService HTTP/1.1" 200 2075
116.232.38.86 - - [01/Nov/2021:09:31:01 +0800] "POST /xingrg/services/DataTransmitService HTTP/1.1" 200 150567
114.86.229.38 - - [01/Nov/2021:09:31:02 +0800] "POST /xingrg/dwr/call/plaincall/AjaxCheckService.setItemRemark.dwr HTTP/1.1" 200 78
222.70.176.97 - - [01/Nov/2021:09:31:03 +0800] "POST /xingrg/dwr/call/plaincall/AjaxCheckService.setItemNumber.dwr HTTP/1.1" 200 77
221.239.141.121 - - [01/Nov/2021:09:31:04 +0800] "POST /xingrg/kc/buy/cgsh_order_operate.html HTTP/1.1" 200 37
221.239.141.121 - - [01/Nov/2021:09:31:06 +0800] "POST /xingrg/kc/buy/cgsh_order_operate.html HTTP/1.1" 200 8624
116.238.248.233 - - [01/Nov/2021:09:31:06 +0800] "GET /xingrg/all/function/internal_message.html?_=1635730264050&CODE_STATE=getMsg HTTP/1.1" 200 27
222.70.176.97 - - [01/Nov/2021:09:31:07 +0800] "POST /xingrg/dwr/call/plaincall/AjaxCheckService.setItemNumber.dwr HTTP/1.1" 200 77
114.86.229.38 - - [01/Nov/2021:09:31:07 +0800] "POST /xingrg/dwr/call/plaincall/AjaxCheckService.setItemRemark.dwr HTTP/1.1" 200 78
58.39.139.200 - - [01/Nov/2021:09:31:09 +0800] "GET /xingrg/all/function/internal_message.html?_=1635730270953&CODE_STATE=getMsg HTTP/1.1" 200 27
114.86.229.38 - - [01/Nov/2021:09:31:09 +0800] "GET /xingrg/all/function/internal_message.html?_=1635730269745&CODE_STATE=getMsg HTTP/1.1" 200 27
116.232.38.86 - - [01/Nov/2021:09:31:10 +0800] "POST /xingrg/services/DataTransmitService HTTP/1.1" 200 524
116.232.38.86 - - [01/Nov/2021:09:31:11 +0800] "POST /xingrg/services/DataTransmitService HTTP/1.1" 200 497
222.70.171.86 - - [01/Nov/2021:09:31:11 +0800] "GET /xingrg/check_reg.html?_=1635730272498 HTTP/1.1" 200 22
180.169.147.146 - - [01/Nov/2021:09:31:11 +0800] "GET /xingrg/all/function/internal_message.html?_=1635730264604&CODE_STATE=getMsg HTTP/1.1" 200 27
222.70.171.86 - - [01/Nov/2021:09:31:12 +0800] "GET /xingrg/all/function/internal_message.html?_=1635730273161&CODE_STATE=getMsg HTTP/1.1" 200 27
114.86.229.38 - - [01/Nov/2021:09:31:14 +0800] "POST /xingrg/dwr/call/plaincall/AjaxCheckService.setItemRemark.dwr HTTP/1.1" 200 78
116.232.38.86 - - [01/Nov/2021:09:31:14 +0800] "POST /xingrg/services/DataTransmitService HTTP/1.1" 200 524
222.70.171.86 - - [01/Nov/2021:09:31:14 +0800] "POST /xingrg/services/DataTransmitService HTTP/1.1" 200 501
114.86.229.38 - - [01/Nov/2021:09:31:14 +0800] "POST /xingrg/dwr/call/plaincall/AjaxCheckService.setItemRemark.dwr HTTP/1.1" 200 78
172.20.0.100 - - [01/Nov/2021:09:31:14 +0800] "GET /xingrg/all/function/internal_message.html?_=1635730268819&CODE_STATE=getMsg HTTP/1.1" 200 27
114.86.229.38 - - [01/Nov/2021:09:31:15 +0800] "POST /xingrg/dwr/call/plaincall/AjaxCheckService.setItemRemark.dwr HTTP/1.1" 200 78
222.70.171.86 - - [01/Nov/2021:09:31:15 +0800] "POST /xingrg/services/DataTransmitService HTTP/1.1" 200 501
116.232.38.86 - - [01/Nov/2021:09:31:16 +0800] "POST /xingrg/services/DataTransmitService HTTP/1.1" 200 501
180.157.253.6 - - [01/Nov/2021:09:31:16 +0800] "GET /xingrg/all/function/internal_message.html?_=1635730277816&CODE_STATE=getMsg HTTP/1.1" 200 27
222.70.176.97 - - [01/Nov/2021:09:31:16 +0800] "POST /xingrg/dwr/call/plaincall/AjaxCheckService.setItemNumber.dwr HTTP/1.1" 200 77
222.70.171.86 - - [01/Nov/2021:09:31:19 +0800] "GET /xingrg/all/function/internal_message.html?_=1635730284326&CODE_STATE=getMsg HTTP/1.1" 302 -
180.169.147.146 - - [01/Nov/2021:09:31:19 +0800] "POST /xingrg/all/report/load_report_page.html HTTP/1.1" 200 53517
180.169.147.146 - - [01/Nov/2021:09:31:19 +0800] "GET /xingrg/servlets/image?cache=0.9305563271417597&image=px HTTP/1.1" 200 807
120.253.135.82 - - [01/Nov/2021:09:31:20 +0800] "GET /xingrg/kc/pszx/mdqp_order_list.html?state=10 HTTP/1.1" 200 10217
120.253.135.82 - - [01/Nov/2021:09:31:20 +0800] "GET /xingrg/dwr/interface/AjaxReportQueryService.js HTTP/1.1" 200 13203
120.253.135.82 - - [01/Nov/2021:09:31:20 +0800] "GET /xingrg/dwr/interface/AjaxQqpsService.js HTTP/1.1" 200 16326
120.253.135.82 - - [01/Nov/2021:09:31:20 +0800] "GET /xingrg/dwr/engine.js HTTP/1.1" 200 43631
222.70.176.97 - - [01/Nov/2021:09:31:21 +0800] "POST /xingrg/dwr/call/plaincall/AjaxCheckService.setItemNumber.dwr HTTP/1.1" 200 78
120.253.135.82 - - [01/Nov/2021:09:31:24 +0800] "GET /xingrg/kc/buy/cgsh_order_list.html HTTP/1.1" 200 48941
114.86.229.38 - - [01/Nov/2021:09:31:24 +0800] "POST /xingrg/dwr/call/plaincall/AjaxCheckService.setItemRemark.dwr HTTP/1.1" 200 78
114.86.229.38 - - [01/Nov/2021:09:31:24 +0800] "POST /xingrg/dwr/call/plaincall/AjaxCheckService.setItemRemark.dwr HTTP/1.1" 200 78
116.232.38.86 - - [01/Nov/2021:09:31:24 +0800] "POST /xingrg/services/DataTransmitService HTTP/1.1" 200 524
222.70.171.86 - - [01/Nov/2021:09:31:24 +0800] "POST /xingrg/services/DataTransmitService HTTP/1.1" 200 501
116.232.38.86 - - [01/Nov/2021:09:31:25 +0800] "POST /xingrg/services/DataTransmitService HTTP/1.1" 200 501
120.253.135.82 - - [01/Nov/2021:09:31:25 +0800] "POST /xingrg/kc/buy/cgsh_list_operate.html HTTP/1.1" 200 876
114.86.229.38 - - [01/Nov/2021:09:31:25 +0800] "POST /xingrg/dwr/call/plaincall/AjaxCheckService.setItemRemark.dwr HTTP/1.1" 200 78
222.70.176.97 - - [01/Nov/2021:09:31:27 +0800] "POST /xingrg/dwr/call/plaincall/AjaxCheckService.setItemNumber.dwr HTTP/1.1" 200 78
120.253.135.82 - - [01/Nov/2021:09:31:27 +0800] "GET /xingrg/kc/buy/cgsh_order_add.html HTTP/1.1" 200 63740
120.253.135.82 - - [01/Nov/2021:09:31:27 +0800] "GET /xingrg/javascript/easyui/themes/icons/template_new.png HTTP/1.1" 304 -
120.253.135.82 - - [01/Nov/2021:09:31:27 +0800] "POST /xingrg/kc/buy/cgsh_order_operate.html HTTP/1.1" 200 8245
120.253.135.82 - - [01/Nov/2021:09:31:27 +0800] "GET /xingrg/all/common/auto_word.html?type=employee&rest_code=00101 HTTP/1.1" 200 1173
120.253.135.82 - - [01/Nov/2021:09:31:27 +0800] "GET /xingrg/all/common/auto_word.html?type=employee&rest_code=00101 HTTP/1.1" 200 1173
120.253.135.82 - - [01/Nov/2021:09:31:27 +0800] "GET /xingrg/javascript/easyui/themes/default/validatebox.css HTTP/1.1" 404 1104
58.40.7.146 - - [01/Nov/2021:09:31:29 +0800] "GET /xingrg/all/function/internal_message.html?_=1635730288696&CODE_STATE=getMsg HTTP/1.1" 200 27
222.70.176.97 - - [01/Nov/2021:09:31:30 +0800] "POST /xingrg/dwr/call/plaincall/AjaxCheckService.setItemNumber.dwr HTTP/1.1" 200 78
222.69.132.242 - - [01/Nov/2021:09:31:30 +0800] "GET /xingrg/all/function/internal_message.html?_=1635730289617&CODE_STATE=getMsg HTTP/1.1" 200 27
114.86.229.38 - - [01/Nov/2021:09:31:30 +0800] "POST /xingrg/dwr/call/plaincall/AjaxCheckService.setItemRemark.dwr HTTP/1.1" 200 78
114.86.229.38 - - [01/Nov/2021:09:31:31 +0800] "POST /xingrg/dwr/call/plaincall/AjaxCheckService.setItemRemark.dwr HTTP/1.1" 200 78
114.86.229.38 - - [01/Nov/2021:09:31:31 +0800] "POST /xingrg/dwr/call/plaincall/AjaxCheckService.setItemRemark.dwr HTTP/1.1" 200 78
114.86.229.38 - - [01/Nov/2021:09:31:32 +0800] "POST /xingrg/dwr/call/plaincall/AjaxCheckService.setItemRemark.dwr HTTP/1.1" 200 78
114.86.229.38 - - [01/Nov/2021:09:31:32 +0800] "POST /xingrg/dwr/call/plaincall/AjaxCheckService.setItemRemark.dwr HTTP/1.1" 200 78
124.78.153.86 - - [01/Nov/2021:09:31:33 +0800] "GET /xingrg/all/function/internal_message.html?_=1635730296626&CODE_STATE=getMsg HTTP/1.1" 200 27
222.70.171.86 - - [01/Nov/2021:09:31:33 +0800] "POST /xingrg/services/DataTransmitService HTTP/1.1" 200 501
114.86.229.38 - - [01/Nov/2021:09:31:33 +0800] "POST /xingrg/dwr/call/plaincall/AjaxCheckService.setItemRemark.dwr HTTP/1.1" 200 78
222.70.176.97 - - [01/Nov/2021:09:31:34 +0800] "POST /xingrg/dwr/call/plaincall/AjaxCheckService.setItemNumber.dwr HTTP/1.1" 200 78
222.70.171.86 - - [01/Nov/2021:09:31:35 +0800] "POST /xingrg/services/DataTransmitService HTTP/1.1" 200 501
222.70.176.97 - - [01/Nov/2021:09:31:35 +0800] "POST /xingrg/dwr/call/plaincall/AjaxCheckService.setItemNumber.dwr HTTP/1.1" 200 78
222.70.171.86 - - [01/Nov/2021:09:31:36 +0800] "POST /xingrg/services/DataTransmitService HTTP/1.1" 200 501
222.70.171.86 - - [01/Nov/2021:09:31:37 +0800] "POST /xingrg/services/DataTransmitService HTTP/1.1" 200 501
222.70.171.86 - - [01/Nov/2021:09:31:38 +0800] "POST /xingrg/services/DataTransmitService HTTP/1.1" 200 501
114.86.229.38 - - [01/Nov/2021:09:31:39 +0800] "POST /xingrg/dwr/call/plaincall/AjaxCheckService.setItemRemark.dwr HTTP/1.1" 200 78
180.169.147.146 - - [01/Nov/2021:09:31:39 +0800] "POST /xingrg/all/report/load_report_page.html HTTP/1.1" 200 53515
180.169.147.146 - - [01/Nov/2021:09:31:39 +0800] "GET /xingrg/servlets/image?cache=0.3300988015141636&image=px HTTP/1.1" 200 807
222.70.171.86 - - [01/Nov/2021:09:31:40 +0800] "POST /xingrg/services/DataTransmitService HTTP/1.1" 200 501
222.70.176.97 - - [01/Nov/2021:09:31:40 +0800] "POST /xingrg/dwr/call/plaincall/AjaxCheckService.setItemNumber.dwr HTTP/1.1" 200 78
120.253.135.82 - - [01/Nov/2021:09:31:41 +0800] "POST /xingrg/all/common/load_combo.html?type=employee HTTP/1.1" 200 2101
222.70.171.86 - - [01/Nov/2021:09:31:42 +0800] "POST /xingrg/services/DataTransmitService HTTP/1.1" 200 412
222.70.176.97 - - [01/Nov/2021:09:31:42 +0800] "POST /xingrg/dwr/call/plaincall/AjaxCheckService.setItemNumber.dwr HTTP/1.1" 200 78
180.157.253.6 - - [01/Nov/2021:09:31:43 +0800] "GET /xingrg/all/function/internal_message.html?_=1635730304530&CODE_STATE=getMsg HTTP/1.1" 200 27
222.70.176.97 - - [01/Nov/2021:09:31:43 +0800] "POST /xingrg/dwr/call/plaincall/AjaxCheckService.setItemNumber.dwr HTTP/1.1" 200 78
221.239.141.121 - - [01/Nov/2021:09:31:44 +0800] "GET /xingrg/all/function/internal_message.html?_=1635730294348&CODE_STATE=getMsg HTTP/1.1" 200 27
222.70.176.97 - - [01/Nov/2021:09:31:44 +0800] "POST /xingrg/dwr/call/plaincall/AjaxCheckService.setItemNumber.dwr HTTP/1.1" 200 78
222.70.176.97 - - [01/Nov/2021:09:31:45 +0800] "GET /xingrg/all/function/internal_message.html?_=1635730300903&CODE_STATE=getMsg HTTP/1.1" 200 27
222.70.176.97 - - [01/Nov/2021:09:31:46 +0800] "POST /xingrg/dwr/call/plaincall/AjaxCheckService.setItemNumber.dwr HTTP/1.1" 200 78
222.70.176.97 - - [01/Nov/2021:09:31:48 +0800] "POST /xingrg/dwr/call/plaincall/AjaxCheckService.setItemNumber.dwr HTTP/1.1" 200 78
114.86.229.38 - - [01/Nov/2021:09:31:48 +0800] "POST /xingrg/dwr/call/plaincall/AjaxCheckService.setItemRemark.dwr HTTP/1.1" 200 78
222.70.176.97 - - [01/Nov/2021:09:31:49 +0800] "POST /xingrg/dwr/call/plaincall/AjaxCheckService.setItemNumber.dwr HTTP/1.1" 200 78
222.70.176.97 - - [01/Nov/2021:09:31:52 +0800] "POST /xingrg/dwr/call/plaincall/AjaxCheckService.setItemNumber.dwr HTTP/1.1" 200 78
222.70.176.97 - - [01/Nov/2021:09:31:53 +0800] "POST /xingrg/dwr/call/plaincall/AjaxCheckService.setItemNumber.dwr HTTP/1.1" 200 78
222.70.176.97 - - [01/Nov/2021:09:31:54 +0800] "POST /xingrg/dwr/call/plaincall/AjaxCheckService.setItemNumber.dwr HTTP/1.1" 200 78
120.253.135.82 - - [01/Nov/2021:09:31:54 +0800] "GET /xingrg/kc/buy/cgsh_order_operate.html?command=get_materiel&rest_code=00101&code=00101006002&supplier_code=00100139&order_time=2021-11-01 HTTP/1.1" 200 418
222.70.176.97 - - [01/Nov/2021:09:31:55 +0800] "POST /xingrg/dwr/call/plaincall/AjaxCheckService.setItemNumber.dwr HTTP/1.1" 200 78
120.253.135.82 - - [01/Nov/2021:09:31:56 +0800] "GET /xingrg/all/function/internal_message.html?_=1635730087584&CODE_STATE=getMsg HTTP/1.1" 200 27
222.70.176.97 - - [01/Nov/2021:09:31:57 +0800] "POST /xingrg/dwr/call/plaincall/AjaxCheckService.setItemNumber.dwr HTTP/1.1" 200 78
222.70.176.97 - - [01/Nov/2021:09:31:58 +0800] "POST /xingrg/dwr/call/plaincall/AjaxCheckService.setItemNumber.dwr HTTP/1.1" 200 78
222.69.132.242 - - [01/Nov/2021:09:31:59 +0800] "GET /xingrg/kc/buy/cgsh_order_add.html HTTP/1.1" 200 64732
222.69.132.242 - - [01/Nov/2021:09:31:59 +0800] "POST /xingrg/kc/buy/cgsh_order_operate.html HTTP/1.1" 200 8245
222.69.132.242 - - [01/Nov/2021:09:31:59 +0800] "GET /xingrg/javascript/easyui/themes/default/validatebox.css HTTP/1.1" 404 1104
114.85.125.222 - - [01/Nov/2021:09:31:59 +0800] "GET /xingrg/all/function/internal_message.html?_=1635730254353&CODE_STATE=getMsg HTTP/1.1" 200 27
222.70.176.97 - - [01/Nov/2021:09:31:59 +0800] "POST /xingrg/dwr/call/plaincall/AjaxCheckService.setItemNumber.dwr HTTP/1.1" 200 78
222.70.176.97 - - [01/Nov/2021:09:32:01 +0800] "POST /xingrg/dwr/call/plaincall/AjaxCheckService.setItemNumber.dwr HTTP/1.1" 200 78
180.169.147.146 - - [01/Nov/2021:09:32:01 +0800] "POST /xingrg/all/report/load_report_page.html HTTP/1.1" 200 33882
180.169.147.146 - - [01/Nov/2021:09:32:01 +0800] "GET /xingrg/servlets/image?cache=0.17245670769006205&image=px HTTP/1.1" 200 807
222.70.176.97 - - [01/Nov/2021:09:32:02 +0800] "POST /xingrg/dwr/call/plaincall/AjaxCheckService.setItemNumber.dwr HTTP/1.1" 200 78
222.70.176.97 - - [01/Nov/2021:09:32:03 +0800] "POST /xingrg/dwr/call/plaincall/AjaxCheckService.setItemNumber.dwr HTTP/1.1" 200 78
114.86.229.38 - - [01/Nov/2021:09:32:04 +0800] "POST /xingrg/dwr/call/plaincall/AjaxCheckService.setItemRemark.dwr HTTP/1.1" 200 78
222.70.176.97 - - [01/Nov/2021:09:32:04 +0800] "POST /xingrg/dwr/call/plaincall/AjaxCheckService.setItemNumber.dwr HTTP/1.1" 200 78
114.86.229.38 - - [01/Nov/2021:09:32:05 +0800] "POST /xingrg/dwr/call/plaincall/AjaxCheckService.setItemRemark.dwr HTTP/1.1" 200 78
222.70.176.97 - - [01/Nov/2021:09:32:05 +0800] "POST /xingrg/dwr/call/plaincall/AjaxCheckService.setItemNumber.dwr HTTP/1.1" 200 78
114.86.229.38 - - [01/Nov/2021:09:32:06 +0800] "POST /xingrg/dwr/call/plaincall/AjaxCheckService.setItemRemark.dwr HTTP/1.1" 200 78
116.238.248.233 - - [01/Nov/2021:09:32:06 +0800] "GET /xingrg/all/function/internal_message.html?_=1635730324044&CODE_STATE=getMsg HTTP/1.1" 200 27
114.86.229.38 - - [01/Nov/2021:09:32:06 +0800] "POST /xingrg/dwr/call/plaincall/AjaxCheckService.setItemRemark.dwr HTTP/1.1" 200 78
114.86.229.38 - - [01/Nov/2021:09:32:08 +0800] "POST /xingrg/dwr/call/plaincall/AjaxCheckService.setItemRemark.dwr HTTP/1.1" 200 78
58.39.139.200 - - [01/Nov/2021:09:32:09 +0800] "GET /xingrg/all/function/internal_message.html?_=1635730330854&CODE_STATE=getMsg HTTP/1.1" 200 27
58.39.139.200 - - [01/Nov/2021:09:32:09 +0800] "GET /xingrg/check_reg.html?_=1635730330858 HTTP/1.1" 200 22
114.86.229.38 - - [01/Nov/2021:09:32:09 +0800] "GET /xingrg/all/function/internal_message.html?_=1635730329745&CODE_STATE=getMsg HTTP/1.1" 200 27
114.86.229.38 - - [01/Nov/2021:09:32:10 +0800] "POST /xingrg/dwr/call/plaincall/AjaxCheckService.setItemRemark.dwr HTTP/1.1" 200 78
114.86.229.38 - - [01/Nov/2021:09:32:10 +0800] "POST /xingrg/dwr/call/plaincall/AjaxCheckService.setItemRemark.dwr HTTP/1.1" 200 78
180.169.147.146 - - [01/Nov/2021:09:32:11 +0800] "GET /xingrg/all/function/internal_message.html?_=1635730324601&CODE_STATE=getMsg HTTP/1.1" 200 27
222.70.176.97 - - [01/Nov/2021:09:32:11 +0800] "POST /xingrg/dwr/call/plaincall/AjaxCheckService.setItemNumber.dwr HTTP/1.1" 200 78
114.86.229.38 - - [01/Nov/2021:09:32:11 +0800] "POST /xingrg/dwr/call/plaincall/AjaxCheckService.setItemRemark.dwr HTTP/1.1" 200 78
222.70.171.86 - - [01/Nov/2021:09:32:12 +0800] "GET /xingrg/all/function/internal_message.html?_=1635730333175&CODE_STATE=getMsg HTTP/1.1" 200 27
222.70.176.97 - - [01/Nov/2021:09:32:13 +0800] "POST /xingrg/dwr/call/plaincall/AjaxCheckService.setItemNumber.dwr HTTP/1.1" 200 78
114.86.229.38 - - [01/Nov/2021:09:32:14 +0800] "POST /xingrg/dwr/call/plaincall/AjaxCheckService.setItemRemark.dwr HTTP/1.1" 200 78
172.20.0.100 - - [01/Nov/2021:09:32:14 +0800] "GET /xingrg/all/function/internal_message.html?_=1635730328796&CODE_STATE=getMsg HTTP/1.1" 200 27
222.70.176.97 - - [01/Nov/2021:09:32:14 +0800] "POST /xingrg/dwr/call/plaincall/AjaxCheckService.setItemNumber.dwr HTTP/1.1" 200 78
114.86.229.38 - - [01/Nov/2021:09:32:15 +0800] "POST /xingrg/dwr/call/plaincall/AjaxCheckService.setItemRemark.dwr HTTP/1.1" 200 78
222.70.176.97 - - [01/Nov/2021:09:32:15 +0800] "POST /xingrg/dwr/call/plaincall/AjaxCheckService.setItemNumber.dwr HTTP/1.1" 200 78
180.157.253.6 - - [01/Nov/2021:09:32:16 +0800] "GET /xingrg/check_reg.html?_=1635730337815 HTTP/1.1" 200 22
180.157.253.6 - - [01/Nov/2021:09:32:16 +0800] "GET /xingrg/all/function/internal_message.html?_=1635730337817&CODE_STATE=getMsg HTTP/1.1" 200 27
222.69.132.242 - - [01/Nov/2021:09:32:16 +0800] "GET /xingrg/check_reg.html?_=1635730336213 HTTP/1.1" 200 22
114.86.229.38 - - [01/Nov/2021:09:32:17 +0800] "POST /xingrg/dwr/call/plaincall/AjaxCheckService.setItemRemark.dwr HTTP/1.1" 200 78
114.86.229.38 - - [01/Nov/2021:09:32:17 +0800] "POST /xingrg/dwr/call/plaincall/AjaxCheckService.setItemRemark.dwr HTTP/1.1" 200 78
120.253.135.82 - - [01/Nov/2021:09:32:18 +0800] "POST /xingrg/kc/buy/cgsh_order_operate.html HTTP/1.1" 200 37
114.86.229.38 - - [01/Nov/2021:09:32:18 +0800] "POST /xingrg/dwr/call/plaincall/AjaxCheckService.setItemRemark.dwr HTTP/1.1" 200 78
222.70.176.97 - - [01/Nov/2021:09:32:18 +0800] "POST /xingrg/dwr/call/plaincall/AjaxCheckService.setItemNumber.dwr HTTP/1.1" 200 78
222.70.171.86 - - [01/Nov/2021:09:32:19 +0800] "GET /xingrg/all/function/internal_message.html?_=1635730344337&CODE_STATE=getMsg HTTP/1.1" 302 -
222.70.176.97 - - [01/Nov/2021:09:32:19 +0800] "POST /xingrg/dwr/call/plaincall/AjaxCheckService.setItemNumber.dwr HTTP/1.1" 200 78
114.86.229.38 - - [01/Nov/2021:09:32:19 +0800] "POST /xingrg/dwr/call/plaincall/AjaxCheckService.setItemRemark.dwr HTTP/1.1" 200 78
120.253.135.82 - - [01/Nov/2021:09:32:19 +0800] "POST /xingrg/kc/buy/cgsh_order_operate.html HTTP/1.1" 200 2670
114.86.229.38 - - [01/Nov/2021:09:32:20 +0800] "POST /xingrg/dwr/call/plaincall/AjaxCheckService.setItemRemark.dwr HTTP/1.1" 200 78
120.253.135.82 - - [01/Nov/2021:09:32:21 +0800] "GET /xingrg/kc/print/load_config.html?kc_code=cgsh HTTP/1.1" 200 2281
222.70.176.97 - - [01/Nov/2021:09:32:21 +0800] "POST /xingrg/dwr/call/plaincall/AjaxCheckService.setItemNumber.dwr HTTP/1.1" 200 78
120.253.135.82 - - [01/Nov/2021:09:32:21 +0800] "GET /xingrg/kc/print/load_data.html?order_code=212021110100021&kc_code=cgsh&condition= HTTP/1.1" 200 736
114.86.229.38 - - [01/Nov/2021:09:32:22 +0800] "POST /xingrg/dwr/call/plaincall/AjaxCheckService.setItemRemark.dwr HTTP/1.1" 200 78
222.70.176.97 - - [01/Nov/2021:09:32:22 +0800] "POST /xingrg/dwr/call/plaincall/AjaxCheckService.setItemNumber.dwr HTTP/1.1" 200 78
114.86.229.38 - - [01/Nov/2021:09:32:22 +0800] "POST /xingrg/dwr/call/plaincall/AjaxCheckService.setItemRemark.dwr HTTP/1.1" 200 78
58.40.7.146 - - [01/Nov/2021:09:32:23 +0800] "GET /xingrg/check_reg.html?_=1635730343267 HTTP/1.1" 302 -
222.70.176.97 - - [01/Nov/2021:09:32:23 +0800] "POST /xingrg/dwr/call/plaincall/AjaxCheckService.setItemNumber.dwr HTTP/1.1" 200 78
114.86.229.38 - - [01/Nov/2021:09:32:24 +0800] "POST /xingrg/dwr/call/plaincall/AjaxCheckService.setItemRemark.dwr HTTP/1.1" 200 78
222.70.176.97 - - [01/Nov/2021:09:32:25 +0800] "POST /xingrg/dwr/call/plaincall/AjaxCheckService.setItemNumber.dwr HTTP/1.1" 200 78
114.86.229.38 - - [01/Nov/2021:09:32:25 +0800] "POST /xingrg/dwr/call/plaincall/AjaxCheckService.setItemRemark.dwr HTTP/1.1" 200 78
222.70.176.97 - - [01/Nov/2021:09:32:26 +0800] "POST /xingrg/dwr/call/plaincall/AjaxCheckService.setItemNumber.dwr HTTP/1.1" 200 78
114.86.229.38 - - [01/Nov/2021:09:32:27 +0800] "POST /xingrg/dwr/call/plaincall/AjaxCheckService.setItemRemark.dwr HTTP/1.1" 200 78
114.86.229.38 - - [01/Nov/2021:09:32:28 +0800] "POST /xingrg/dwr/call/plaincall/AjaxCheckService.setItemRemark.dwr HTTP/1.1" 200 78
58.40.7.146 - - [01/Nov/2021:09:32:29 +0800] "GET /xingrg/all/function/internal_message.html?_=1635730348702&CODE_STATE=getMsg HTTP/1.1" 200 27
222.70.171.86 - - [01/Nov/2021:09:32:30 +0800] "GET /xingrg/check_reg.html?_=1635730355382 HTTP/1.1" 302 -
222.69.132.242 - - [01/Nov/2021:09:32:30 +0800] "GET /xingrg/all/function/internal_message.html?_=1635730349702&CODE_STATE=getMsg HTTP/1.1" 200 27
114.86.229.38 - - [01/Nov/2021:09:32:30 +0800] "POST /xingrg/dwr/call/plaincall/AjaxCheckService.setItemRemark.dwr HTTP/1.1" 200 78
114.86.229.38 - - [01/Nov/2021:09:32:31 +0800] "POST /xingrg/dwr/call/plaincall/AjaxCheckService.setItemRemark.dwr HTTP/1.1" 200 78
114.86.229.38 - - [01/Nov/2021:09:32:32 +0800] "POST /xingrg/dwr/call/plaincall/AjaxCheckService.setItemRemark.dwr HTTP/1.1" 200 78
222.70.176.97 - - [01/Nov/2021:09:32:33 +0800] "POST /xingrg/dwr/call/plaincall/AjaxCheckService.setItemNumber.dwr HTTP/1.1" 200 78
114.86.229.38 - - [01/Nov/2021:09:32:33 +0800] "POST /xingrg/dwr/call/plaincall/AjaxCheckService.setItemRemark.dwr HTTP/1.1" 200 78
124.78.153.86 - - [01/Nov/2021:09:32:33 +0800] "GET /xingrg/all/function/internal_message.html?_=1635730356612&CODE_STATE=getMsg HTTP/1.1" 200 27
114.86.229.38 - - [01/Nov/2021:09:32:35 +0800] "POST /xingrg/dwr/call/plaincall/AjaxCheckService.setItemRemark.dwr HTTP/1.1" 200 78
114.86.229.38 - - [01/Nov/2021:09:32:36 +0800] "POST /xingrg/dwr/call/plaincall/AjaxCheckService.setItemRemark.dwr HTTP/1.1" 200 78
222.70.176.97 - - [01/Nov/2021:09:32:36 +0800] "POST /xingrg/dwr/call/plaincall/AjaxCheckService.setItemNumber.dwr HTTP/1.1" 200 78
114.86.229.38 - - [01/Nov/2021:09:32:37 +0800] "POST /xingrg/dwr/call/plaincall/AjaxCheckService.setItemRemark.dwr HTTP/1.1" 200 78
222.70.176.97 - - [01/Nov/2021:09:32:38 +0800] "POST /xingrg/dwr/call/plaincall/AjaxCheckService.setItemNumber.dwr HTTP/1.1" 200 78
222.70.176.97 - - [01/Nov/2021:09:32:39 +0800] "POST /xingrg/dwr/call/plaincall/AjaxCheckService.setItemNumber.dwr HTTP/1.1" 200 78
222.70.176.97 - - [01/Nov/2021:09:32:40 +0800] "POST /xingrg/dwr/call/plaincall/AjaxCheckService.setItemNumber.dwr HTTP/1.1" 200 78
222.70.176.97 - - [01/Nov/2021:09:32:41 +0800] "POST /xingrg/dwr/call/plaincall/AjaxCheckService.setItemNumber.dwr HTTP/1.1" 200 78
222.70.176.97 - - [01/Nov/2021:09:32:42 +0800] "POST /xingrg/dwr/call/plaincall/AjaxCheckService.setItemNumber.dwr HTTP/1.1" 200 78
116.232.38.86 - - [01/Nov/2021:09:32:43 +0800] "POST /xingrg/services/DataTransmitService HTTP/1.1" 200 524
180.157.253.6 - - [01/Nov/2021:09:32:43 +0800] "GET /xingrg/all/function/internal_message.html?_=1635730364527&CODE_STATE=getMsg HTTP/1.1" 200 27
222.70.176.97 - - [01/Nov/2021:09:32:43 +0800] "POST /xingrg/dwr/call/plaincall/AjaxCheckService.setItemNumber.dwr HTTP/1.1" 200 78
221.239.141.121 - - [01/Nov/2021:09:32:44 +0800] "GET /xingrg/check_reg.html?_=1635730354193 HTTP/1.1" 200 22
221.239.141.121 - - [01/Nov/2021:09:32:44 +0800] "GET /xingrg/all/function/internal_message.html?_=1635730354361&CODE_STATE=getMsg HTTP/1.1" 200 27
222.70.176.97 - - [01/Nov/2021:09:32:45 +0800] "POST /xingrg/dwr/call/plaincall/AjaxCheckService.setItemNumber.dwr HTTP/1.1" 200 78
222.70.176.97 - - [01/Nov/2021:09:32:45 +0800] "GET /xingrg/all/function/internal_message.html?_=1635730360911&CODE_STATE=getMsg HTTP/1.1" 200 27
114.86.229.38 - - [01/Nov/2021:09:32:45 +0800] "POST /xingrg/dwr/call/plaincall/AjaxCheckService.setItemRemark.dwr HTTP/1.1" 200 78
222.70.176.97 - - [01/Nov/2021:09:32:46 +0800] "POST /xingrg/dwr/call/plaincall/AjaxCheckService.setItemNumber.dwr HTTP/1.1" 200 78
222.70.176.97 - - [01/Nov/2021:09:32:47 +0800] "POST /xingrg/dwr/call/plaincall/AjaxCheckService.setItemNumber.dwr HTTP/1.1" 200 78
222.70.176.97 - - [01/Nov/2021:09:32:49 +0800] "POST /xingrg/dwr/call/plaincall/AjaxCheckService.setItemNumber.dwr HTTP/1.1" 200 78
222.70.176.97 - - [01/Nov/2021:09:32:50 +0800] "POST /xingrg/dwr/call/plaincall/AjaxCheckService.setItemNumber.dwr HTTP/1.1" 200 78
120.253.135.82 - - [01/Nov/2021:09:32:56 +0800] "GET /xingrg/all/function/internal_message.html?_=1635730147601&CODE_STATE=getMsg HTTP/1.1" 200 27
114.86.229.38 - - [01/Nov/2021:09:32:56 +0800] "POST /xingrg/dwr/call/plaincall/AjaxCheckService.checkOrder.dwr HTTP/1.1" 200 80
222.70.176.97 - - [01/Nov/2021:09:32:56 +0800] "POST /xingrg/dwr/call/plaincall/AjaxCheckService.setItemNumber.dwr HTTP/1.1" 200 78
222.70.176.97 - - [01/Nov/2021:09:32:56 +0800] "POST /xingrg/dwr/call/plaincall/AjaxCheckService.setItemNumber.dwr HTTP/1.1" 200 78
114.86.229.38 - - [01/Nov/2021:09:32:57 +0800] "GET /xingrg/kc/base/check_order_info.html?code=452021103100464 HTTP/1.1" 200 22858
114.86.229.38 - - [01/Nov/2021:09:32:57 +0800] "GET /xingrg/dwr/interface/AjaxComOrderService.js HTTP/1.1" 200 18264
114.86.229.38 - - [01/Nov/2021:09:32:57 +0800] "GET /xingrg/dwr/interface/AjaxCheckService.js HTTP/1.1" 200 14003
114.86.229.38 - - [01/Nov/2021:09:32:57 +0800] "GET /xingrg/dwr/engine.js HTTP/1.1" 200 43631
114.86.229.38 - - [01/Nov/2021:09:32:58 +0800] "POST /xingrg/dwr/call/plaincall/AjaxCheckService.loadOrderItems.dwr HTTP/1.1" 200 31313
222.70.176.97 - - [01/Nov/2021:09:32:59 +0800] "POST /xingrg/dwr/call/plaincall/AjaxCheckService.setItemNumber.dwr HTTP/1.1" 200 78
114.85.125.222 - - [01/Nov/2021:09:32:59 +0800] "GET /xingrg/all/function/internal_message.html?_=1635730314374&CODE_STATE=getMsg HTTP/1.1" 200 27
114.86.229.38 - - [01/Nov/2021:09:33:00 +0800] "GET /xingrg/kc/base/check_order_list.html?isBack=1 HTTP/1.1" 200 16343
114.86.229.38 - - [01/Nov/2021:09:33:00 +0800] "POST /xingrg/kc/base/check_list_operate.html HTTP/1.1" 200 2532
222.70.176.97 - - [01/Nov/2021:09:33:01 +0800] "POST /xingrg/dwr/call/plaincall/AjaxCheckService.setItemNumber.dwr HTTP/1.1" 200 78
222.70.176.97 - - [01/Nov/2021:09:33:02 +0800] "POST /xingrg/dwr/call/plaincall/AjaxCheckService.setItemNumber.dwr HTTP/1.1" 200 78
222.70.176.97 - - [01/Nov/2021:09:33:04 +0800] "POST /xingrg/dwr/call/plaincall/AjaxCheckService.setItemNumber.dwr HTTP/1.1" 200 78
116.235.93.2 - - [01/Nov/2021:09:33:05 +0800] "GET /xingrg/check_reg.html?_=1635730384834 HTTP/1.1" 302 -
222.70.176.97 - - [01/Nov/2021:09:33:05 +0800] "POST /xingrg/dwr/call/plaincall/AjaxCheckService.setItemNumber.dwr HTTP/1.1" 200 78
116.238.248.233 - - [01/Nov/2021:09:33:06 +0800] "GET /xingrg/all/function/internal_message.html?_=1635730384036&CODE_STATE=getMsg HTTP/1.1" 200 27
180.169.147.146 - - [01/Nov/2021:09:33:07 +0800] "POST /xingrg/all/report/load_report_page.html HTTP/1.1" 200 53515
222.70.176.97 - - [01/Nov/2021:09:33:07 +0800] "POST /xingrg/dwr/call/plaincall/AjaxCheckService.setItemNumber.dwr HTTP/1.1" 200 78
180.169.147.146 - - [01/Nov/2021:09:33:07 +0800] "GET /xingrg/servlets/image?cache=0.6670853751034931&image=px HTTP/1.1" 200 807
222.70.176.97 - - [01/Nov/2021:09:33:08 +0800] "POST /xingrg/dwr/call/plaincall/AjaxCheckService.setItemNumber.dwr HTTP/1.1" 200 78
58.39.139.200 - - [01/Nov/2021:09:33:09 +0800] "GET /xingrg/all/function/internal_message.html?_=1635730390849&CODE_STATE=getMsg HTTP/1.1" 200 27
222.70.176.97 - - [01/Nov/2021:09:33:09 +0800] "POST /xingrg/dwr/call/plaincall/AjaxCheckService.setItemNumber.dwr HTTP/1.1" 200 78
114.86.229.38 - - [01/Nov/2021:09:33:10 +0800] "GET /xingrg/all/function/internal_message.html?_=1635730389770&CODE_STATE=getMsg HTTP/1.1" 200 27
222.70.176.97 - - [01/Nov/2021:09:33:10 +0800] "POST /xingrg/dwr/call/plaincall/AjaxCheckService.setItemNumber.dwr HTTP/1.1" 200 78
180.169.147.146 - - [01/Nov/2021:09:33:11 +0800] "GET /xingrg/all/function/internal_message.html?_=1635730384624&CODE_STATE=getMsg HTTP/1.1" 200 27
180.169.147.146 - - [01/Nov/2021:09:33:11 +0800] "GET /xingrg/check_reg.html?_=1635730384623 HTTP/1.1" 200 22
180.169.147.146 - - [01/Nov/2021:09:33:11 +0800] "POST /xingrg/all/report/load_report_page.html HTTP/1.1" 200 53505
180.169.147.146 - - [01/Nov/2021:09:33:11 +0800] "GET /xingrg/servlets/image?cache=0.471271220303387&image=px HTTP/1.1" 200 807
222.70.176.97 - - [01/Nov/2021:09:33:12 +0800] "POST /xingrg/dwr/call/plaincall/AjaxCheckService.setItemNumber.dwr HTTP/1.1" 200 78
222.70.171.86 - - [01/Nov/2021:09:33:12 +0800] "GET /xingrg/all/function/internal_message.html?_=1635730393187&CODE_STATE=getMsg HTTP/1.1" 200 27
222.70.176.97 - - [01/Nov/2021:09:33:13 +0800] "POST /xingrg/dwr/call/plaincall/AjaxCheckService.setItemNumber.dwr HTTP/1.1" 200 78
172.20.0.100 - - [01/Nov/2021:09:33:14 +0800] "GET /xingrg/all/function/internal_message.html?_=1635730388802&CODE_STATE=getMsg HTTP/1.1" 200 27
222.70.176.97 - - [01/Nov/2021:09:33:14 +0800] "POST /xingrg/dwr/call/plaincall/AjaxCheckService.setItemNumber.dwr HTTP/1.1" 200 78
222.70.176.97 - - [01/Nov/2021:09:33:15 +0800] "POST /xingrg/dwr/call/plaincall/AjaxCheckService.setItemNumber.dwr HTTP/1.1" 200 78
180.157.253.6 - - [01/Nov/2021:09:33:16 +0800] "GET /xingrg/all/function/internal_message.html?_=1635730397801&CODE_STATE=getMsg HTTP/1.1" 200 27
180.169.147.146 - - [01/Nov/2021:09:33:16 +0800] "POST /xingrg/all/report/load_report_page.html HTTP/1.1" 200 53515
180.169.147.146 - - [01/Nov/2021:09:33:16 +0800] "GET /xingrg/servlets/image?cache=0.3936436118995874&image=px HTTP/1.1" 200 807
222.70.176.97 - - [01/Nov/2021:09:33:18 +0800] "POST /xingrg/dwr/call/plaincall/AjaxCheckService.setItemNumber.dwr HTTP/1.1" 200 78
222.70.171.86 - - [01/Nov/2021:09:33:19 +0800] "GET /xingrg/all/function/internal_message.html?_=1635730404353&CODE_STATE=getMsg HTTP/1.1" 302 -
222.70.176.97 - - [01/Nov/2021:09:33:19 +0800] "POST /xingrg/dwr/call/plaincall/AjaxCheckService.setItemNumber.dwr HTTP/1.1" 200 78
222.70.176.97 - - [01/Nov/2021:09:33:21 +0800] "POST /xingrg/dwr/call/plaincall/AjaxCheckService.setItemNumber.dwr HTTP/1.1" 200 78
222.70.176.97 - - [01/Nov/2021:09:33:22 +0800] "POST /xingrg/dwr/call/plaincall/AjaxCheckService.setItemNumber.dwr HTTP/1.1" 200 78
114.86.229.38 - - [01/Nov/2021:09:33:22 +0800] "GET /xingrg/kc/base/check_order_add.html HTTP/1.1" 200 26484
114.86.229.38 - - [01/Nov/2021:09:33:22 +0800] "GET /xingrg/dwr/interface/AjaxComOrderService.js HTTP/1.1" 200 18264
114.86.229.38 - - [01/Nov/2021:09:33:22 +0800] "GET /xingrg/dwr/interface/AjaxCheckService.js HTTP/1.1" 200 14003
114.86.229.38 - - [01/Nov/2021:09:33:22 +0800] "GET /xingrg/dwr/engine.js HTTP/1.1" 200 43631
222.70.176.97 - - [01/Nov/2021:09:33:23 +0800] "POST /xingrg/dwr/call/plaincall/AjaxCheckService.setItemNumber.dwr HTTP/1.1" 200 78
58.40.7.146 - - [01/Nov/2021:09:33:24 +0800] "GET /xingrg/check_reg.html?_=1635730403730 HTTP/1.1" 200 22
222.70.176.97 - - [01/Nov/2021:09:33:24 +0800] "POST /xingrg/dwr/call/plaincall/AjaxCheckService.setItemNumber.dwr HTTP/1.1" 200 78
222.70.176.97 - - [01/Nov/2021:09:33:25 +0800] "POST /xingrg/dwr/call/plaincall/AjaxCheckService.setItemNumber.dwr HTTP/1.1" 200 78
222.70.176.97 - - [01/Nov/2021:09:33:26 +0800] "POST /xingrg/dwr/call/plaincall/AjaxCheckService.setItemNumber.dwr HTTP/1.1" 200 78
222.70.176.97 - - [01/Nov/2021:09:33:28 +0800] "POST /xingrg/dwr/call/plaincall/AjaxCheckService.setItemNumber.dwr HTTP/1.1" 200 78
222.69.132.242 - - [01/Nov/2021:09:33:29 +0800] "GET /xingrg/kc/buy/cgsh_order_operate.html?command=get_materiel&rest_code=00149&code=00101011005&supplier_code=00100051&order_time=2021-11-01 HTTP/1.1" 200 408
58.40.7.146 - - [01/Nov/2021:09:33:29 +0800] "GET /xingrg/all/function/internal_message.html?_=1635730408705&CODE_STATE=getMsg HTTP/1.1" 200 27
222.69.132.242 - - [01/Nov/2021:09:33:30 +0800] "GET /xingrg/all/function/internal_message.html?_=1635730409594&CODE_STATE=getMsg HTTP/1.1" 200 27
222.70.176.97 - - [01/Nov/2021:09:33:30 +0800] "POST /xingrg/dwr/call/plaincall/AjaxCheckService.setItemNumber.dwr HTTP/1.1" 200 78
