222.70.176.97 - - [01/Nov/2021:09:00:10 +0800] "POST /xingrg/dwr/call/plaincall/AjaxCheckService.setItemNumber.dwr HTTP/1.1" 200 77
222.70.176.97 - - [01/Nov/2021:09:00:12 +0800] "POST /xingrg/dwr/call/plaincall/AjaxCheckService.setItemNumber.dwr HTTP/1.1" 200 77
222.70.176.97 - - [01/Nov/2021:09:00:13 +0800] "POST /xingrg/dwr/call/plaincall/AjaxCheckService.setItemNumber.dwr HTTP/1.1" 200 77
172.20.0.100 - - [01/Nov/2021:09:00:14 +0800] "GET /xingrg/all/function/internal_message.html?_=1635728409057&CODE_STATE=getMsg HTTP/1.1" 200 27
222.70.176.97 - - [01/Nov/2021:09:00:14 +0800] "POST /xingrg/dwr/call/plaincall/AjaxCheckService.setItemNumber.dwr HTTP/1.1" 200 77
222.70.176.97 - - [01/Nov/2021:09:00:16 +0800] "POST /xingrg/dwr/call/plaincall/AjaxCheckService.setItemNumber.dwr HTTP/1.1" 200 77
180.157.253.6 - - [01/Nov/2021:09:00:16 +0800] "GET /xingrg/all/function/internal_message.html?_=1635728417754&CODE_STATE=getMsg HTTP/1.1" 200 27
222.69.132.242 - - [01/Nov/2021:09:00:16 +0800] "GET /xingrg/all/function/internal_message.html?_=1635728416101&CODE_STATE=getMsg HTTP/1.1" 200 27
222.70.176.97 - - [01/Nov/2021:09:00:17 +0800] "POST /xingrg/dwr/call/plaincall/AjaxCheckService.setItemNumber.dwr HTTP/1.1" 200 77
222.70.171.86 - - [01/Nov/2021:09:00:18 +0800] "GET /xingrg/check_reg.html?_=1635728423793 HTTP/1.1" 200 22
222.70.171.86 - - [01/Nov/2021:09:00:18 +0800] "GET /xingrg/all/function/internal_message.html?_=1635728423903&CODE_STATE=getMsg HTTP/1.1" 200 27
222.70.176.97 - - [01/Nov/2021:09:00:18 +0800] "POST /xingrg/dwr/call/plaincall/AjaxCheckService.setItemNumber.dwr HTTP/1.1" 200 77
222.70.176.97 - - [01/Nov/2021:09:00:20 +0800] "POST /xingrg/dwr/call/plaincall/AjaxCheckService.setItemNumber.dwr HTTP/1.1" 200 77
222.70.176.97 - - [01/Nov/2021:09:00:21 +0800] "POST /xingrg/dwr/call/plaincall/AjaxCheckService.setItemNumber.dwr HTTP/1.1" 200 77
222.70.176.97 - - [01/Nov/2021:09:00:23 +0800] "POST /xingrg/dwr/call/plaincall/AjaxCheckService.setItemNumber.dwr HTTP/1.1" 200 77
222.70.171.86 - - [01/Nov/2021:09:00:24 +0800] "POST /xingrg/dwr/call/plaincall/AjaxCheckService.setItemRemark.dwr HTTP/1.1" 200 76
222.70.176.97 - - [01/Nov/2021:09:00:25 +0800] "POST /xingrg/dwr/call/plaincall/AjaxCheckService.setItemNumber.dwr HTTP/1.1" 200 77
222.70.176.97 - - [01/Nov/2021:09:00:29 +0800] "POST /xingrg/dwr/call/plaincall/AjaxCheckService.setItemNumber.dwr HTTP/1.1" 200 77
222.70.176.97 - - [01/Nov/2021:09:00:32 +0800] "POST /xingrg/dwr/call/plaincall/AjaxCheckService.setItemNumber.dwr HTTP/1.1" 200 77
124.78.153.86 - - [01/Nov/2021:09:00:32 +0800] "GET /xingrg/kc/buy/cgsh_order_operate.html?command=get_materiel&rest_code=00106&code=00101008027&supplier_code=00100007&order_time=2021-11-01 HTTP/1.1" 200 409
222.70.176.97 - - [01/Nov/2021:09:00:33 +0800] "POST /xingrg/dwr/call/plaincall/AjaxCheckService.setItemNumber.dwr HTTP/1.1" 200 77
222.70.176.97 - - [01/Nov/2021:09:00:35 +0800] "POST /xingrg/dwr/call/plaincall/AjaxCheckService.setItemNumber.dwr HTTP/1.1" 200 77
222.70.176.97 - - [01/Nov/2021:09:00:36 +0800] "POST /xingrg/dwr/call/plaincall/AjaxCheckService.setItemNumber.dwr HTTP/1.1" 200 77
222.70.171.86 - - [01/Nov/2021:09:00:37 +0800] "GET /xingrg/all/function/internal_message.html?_=1635728438131&CODE_STATE=getMsg HTTP/1.1" 302 -
114.86.229.38 - - [01/Nov/2021:09:00:40 +0800] "POST /xingrg/dwr/call/plaincall/AjaxCheckService.setItemNumber.dwr HTTP/1.1" 200 78
114.85.125.222 - - [01/Nov/2021:09:00:40 +0800] "GET /xingrg/all/function/internal_message.html?_=1635728375160&CODE_STATE=getMsg HTTP/1.1" 200 27
222.70.176.97 - - [01/Nov/2021:09:00:41 +0800] "POST /xingrg/dwr/call/plaincall/AjaxCheckService.setItemNumber.dwr HTTP/1.1" 200 77
124.78.153.86 - - [01/Nov/2021:09:00:43 +0800] "GET /xingrg/all/function/internal_message.html?_=1635728446092&CODE_STATE=getMsg HTTP/1.1" 200 27
222.70.176.97 - - [01/Nov/2021:09:00:43 +0800] "POST /xingrg/dwr/call/plaincall/AjaxCheckService.setItemNumber.dwr HTTP/1.1" 200 77
180.157.253.6 - - [01/Nov/2021:09:00:44 +0800] "GET /xingrg/all/function/internal_message.html?_=1635728445138&CODE_STATE=getMsg HTTP/1.1" 200 27
222.70.176.97 - - [01/Nov/2021:09:00:44 +0800] "POST /xingrg/dwr/call/plaincall/AjaxCheckService.setItemNumber.dwr HTTP/1.1" 200 77
124.78.153.86 - - [01/Nov/2021:09:00:45 +0800] "GET /xingrg/kc/buy/cgsh_order_operate.html?command=get_materiel&rest_code=00106&code=00101008244&supplier_code=00100007&order_time=2021-11-01 HTTP/1.1" 200 408
222.70.176.97 - - [01/Nov/2021:09:00:45 +0800] "GET /xingrg/all/function/internal_message.html?_=1635728440879&CODE_STATE=getMsg HTTP/1.1" 200 27
222.70.176.97 - - [01/Nov/2021:09:00:45 +0800] "GET /xingrg/check_reg.html?_=1635728440880 HTTP/1.1" 200 22
180.169.147.146 - - [01/Nov/2021:09:00:45 +0800] "GET /xingrg/check_reg.html?_=1635728507867 HTTP/1.1" 302 -
222.70.176.97 - - [01/Nov/2021:09:00:45 +0800] "POST /xingrg/dwr/call/plaincall/AjaxCheckService.setItemNumber.dwr HTTP/1.1" 200 77
222.70.176.97 - - [01/Nov/2021:09:00:47 +0800] "POST /xingrg/dwr/call/plaincall/AjaxCheckService.setItemNumber.dwr HTTP/1.1" 200 77
114.86.229.38 - - [01/Nov/2021:09:00:47 +0800] "POST /xingrg/dwr/call/plaincall/AjaxCheckService.setItemNumber.dwr HTTP/1.1" 200 78
222.70.176.97 - - [01/Nov/2021:09:00:50 +0800] "POST /xingrg/dwr/call/plaincall/AjaxCheckService.setItemNumber.dwr HTTP/1.1" 200 77
58.39.139.200 - - [01/Nov/2021:09:00:51 +0800] "GET /xingrg/kc/buy/cgsh_order_operate.html?command=get_materiel&rest_code=00105&code=00101008190&supplier_code=00100203&order_time=2021-11-01 HTTP/1.1" 200 412
222.70.176.97 - - [01/Nov/2021:09:00:52 +0800] "POST /xingrg/dwr/call/plaincall/AjaxCheckService.setItemNumber.dwr HTTP/1.1" 200 77
114.86.229.38 - - [01/Nov/2021:09:00:53 +0800] "POST /xingrg/dwr/call/plaincall/AjaxCheckService.setItemNumber.dwr HTTP/1.1" 200 78
222.70.176.97 - - [01/Nov/2021:09:00:53 +0800] "POST /xingrg/dwr/call/plaincall/AjaxCheckService.setItemNumber.dwr HTTP/1.1" 200 77
120.253.135.82 - - [01/Nov/2021:09:00:54 +0800] "GET /xingrg/check_reg.html?_=1635728421211 HTTP/1.1" 302 -
222.70.176.97 - - [01/Nov/2021:09:00:55 +0800] "POST /xingrg/dwr/call/plaincall/AjaxCheckService.setItemNumber.dwr HTTP/1.1" 200 77
222.70.176.97 - - [01/Nov/2021:09:00:56 +0800] "POST /xingrg/dwr/call/plaincall/AjaxCheckService.setItemNumber.dwr HTTP/1.1" 200 77
222.70.176.97 - - [01/Nov/2021:09:00:57 +0800] "POST /xingrg/dwr/call/plaincall/AjaxCheckService.setItemNumber.dwr HTTP/1.1" 200 77
222.70.176.97 - - [01/Nov/2021:09:00:59 +0800] "POST /xingrg/dwr/call/plaincall/AjaxCheckService.setItemNumber.dwr HTTP/1.1" 200 77
222.70.176.97 - - [01/Nov/2021:09:01:00 +0800] "POST /xingrg/dwr/call/plaincall/AjaxCheckService.setItemNumber.dwr HTTP/1.1" 200 77
116.238.248.233 - - [01/Nov/2021:09:01:02 +0800] "GET /xingrg/all/function/internal_message.html?_=1635728460354&CODE_STATE=getMsg HTTP/1.1" 200 27
222.70.176.97 - - [01/Nov/2021:09:01:04 +0800] "POST /xingrg/dwr/call/plaincall/AjaxCheckService.setItemNumber.dwr HTTP/1.1" 200 77
222.70.176.97 - - [01/Nov/2021:09:01:05 +0800] "POST /xingrg/dwr/call/plaincall/AjaxCheckService.setItemNumber.dwr HTTP/1.1" 200 77
222.70.176.97 - - [01/Nov/2021:09:01:07 +0800] "POST /xingrg/dwr/call/plaincall/AjaxCheckService.setItemNumber.dwr HTTP/1.1" 200 77
222.70.176.97 - - [01/Nov/2021:09:01:09 +0800] "POST /xingrg/dwr/call/plaincall/AjaxCheckService.setItemNumber.dwr HTTP/1.1" 200 77
58.39.139.200 - - [01/Nov/2021:09:01:09 +0800] "GET /xingrg/all/function/internal_message.html?_=1635728470823&CODE_STATE=getMsg HTTP/1.1" 200 27
114.86.229.38 - - [01/Nov/2021:09:01:10 +0800] "GET /xingrg/all/function/internal_message.html?_=1635728469887&CODE_STATE=getMsg HTTP/1.1" 200 27
222.70.176.97 - - [01/Nov/2021:09:01:10 +0800] "POST /xingrg/dwr/call/plaincall/AjaxCheckService.setItemNumber.dwr HTTP/1.1" 200 77
222.70.176.97 - - [01/Nov/2021:09:01:11 +0800] "POST /xingrg/dwr/call/plaincall/AjaxCheckService.setItemNumber.dwr HTTP/1.1" 200 77
222.70.176.97 - - [01/Nov/2021:09:01:12 +0800] "POST /xingrg/dwr/call/plaincall/AjaxCheckService.setItemNumber.dwr HTTP/1.1" 200 77
222.70.176.97 - - [01/Nov/2021:09:01:14 +0800] "POST /xingrg/dwr/call/plaincall/AjaxCheckService.setItemNumber.dwr HTTP/1.1" 200 77
172.20.0.100 - - [01/Nov/2021:09:01:14 +0800] "GET /xingrg/all/function/internal_message.html?_=1635728469036&CODE_STATE=getMsg HTTP/1.1" 200 27
180.157.253.6 - - [01/Nov/2021:09:01:16 +0800] "GET /xingrg/all/function/internal_message.html?_=1635728477753&CODE_STATE=getMsg HTTP/1.1" 200 27
222.69.132.242 - - [01/Nov/2021:09:01:16 +0800] "GET /xingrg/all/function/internal_message.html?_=1635728476099&CODE_STATE=getMsg HTTP/1.1" 200 27
114.86.229.38 - - [01/Nov/2021:09:01:17 +0800] "POST /xingrg/dwr/call/plaincall/AjaxCheckService.checkOrder.dwr HTTP/1.1" 200 80
222.70.176.97 - - [01/Nov/2021:09:01:17 +0800] "POST /xingrg/dwr/call/plaincall/AjaxCheckService.setItemNumber.dwr HTTP/1.1" 200 77
222.70.176.97 - - [01/Nov/2021:09:01:17 +0800] "POST /xingrg/dwr/call/plaincall/AjaxCheckService.setItemNumber.dwr HTTP/1.1" 200 77
58.39.139.200 - - [01/Nov/2021:09:01:17 +0800] "GET /xingrg/kc/buy/cgsh_order_operate.html?command=get_materiel&rest_code=00105&code=00101008027&supplier_code=00100203&order_time=2021-11-01 HTTP/1.1" 200 409
114.86.229.38 - - [01/Nov/2021:09:01:18 +0800] "GET /xingrg/kc/base/check_order_info.html?code=452021103100466 HTTP/1.1" 200 22854
114.86.229.38 - - [01/Nov/2021:09:01:18 +0800] "GET /xingrg/dwr/interface/AjaxComOrderService.js HTTP/1.1" 200 18264
114.86.229.38 - - [01/Nov/2021:09:01:18 +0800] "GET /xingrg/dwr/interface/AjaxCheckService.js HTTP/1.1" 200 14003
114.86.229.38 - - [01/Nov/2021:09:01:18 +0800] "GET /xingrg/dwr/engine.js HTTP/1.1" 200 43631
222.70.176.97 - - [01/Nov/2021:09:01:18 +0800] "POST /xingrg/dwr/call/plaincall/AjaxCheckService.setItemNumber.dwr HTTP/1.1" 200 77
222.70.171.86 - - [01/Nov/2021:09:01:18 +0800] "GET /xingrg/all/function/internal_message.html?_=1635728483916&CODE_STATE=getMsg HTTP/1.1" 200 27
114.86.229.38 - - [01/Nov/2021:09:01:18 +0800] "POST /xingrg/dwr/call/plaincall/AjaxCheckService.loadOrderItems.dwr HTTP/1.1" 200 82379
222.70.176.97 - - [01/Nov/2021:09:01:19 +0800] "POST /xingrg/dwr/call/plaincall/AjaxCheckService.setItemNumber.dwr HTTP/1.1" 200 77
222.70.176.97 - - [01/Nov/2021:09:01:20 +0800] "POST /xingrg/dwr/call/plaincall/AjaxCheckService.setItemNumber.dwr HTTP/1.1" 200 77
222.70.171.86 - - [01/Nov/2021:09:01:21 +0800] "POST /xingrg/dwr/call/plaincall/AjaxCheckService.setItemRemark.dwr HTTP/1.1" 200 76
114.86.229.38 - - [01/Nov/2021:09:01:21 +0800] "GET /xingrg/kc/base/check_order_list.html?isBack=1 HTTP/1.1" 200 16343
114.86.229.38 - - [01/Nov/2021:09:01:21 +0800] "POST /xingrg/kc/base/check_list_operate.html HTTP/1.1" 200 3498
222.70.176.97 - - [01/Nov/2021:09:01:22 +0800] "POST /xingrg/dwr/call/plaincall/AjaxCheckService.setItemNumber.dwr HTTP/1.1" 200 77
222.70.176.97 - - [01/Nov/2021:09:01:23 +0800] "POST /xingrg/dwr/call/plaincall/AjaxCheckService.setItemNumber.dwr HTTP/1.1" 200 77
114.86.229.38 - - [01/Nov/2021:09:01:24 +0800] "GET /xingrg/kc/base/check_order_info.html?code=452021103100468 HTTP/1.1" 200 26526
114.86.229.38 - - [01/Nov/2021:09:01:24 +0800] "GET /xingrg/dwr/interface/AjaxCheckService.js HTTP/1.1" 200 14003
114.86.229.38 - - [01/Nov/2021:09:01:24 +0800] "GET /xingrg/dwr/interface/AjaxComOrderService.js HTTP/1.1" 200 18264
114.86.229.38 - - [01/Nov/2021:09:01:24 +0800] "GET /xingrg/dwr/engine.js HTTP/1.1" 200 43631
114.86.229.38 - - [01/Nov/2021:09:01:24 +0800] "POST /xingrg/dwr/call/plaincall/AjaxCheckService.loadOrderItems.dwr HTTP/1.1" 200 23574
222.70.176.97 - - [01/Nov/2021:09:01:24 +0800] "POST /xingrg/dwr/call/plaincall/AjaxCheckService.setItemNumber.dwr HTTP/1.1" 200 77
222.70.176.97 - - [01/Nov/2021:09:01:26 +0800] "POST /xingrg/dwr/call/plaincall/AjaxCheckService.setItemNumber.dwr HTTP/1.1" 200 77
222.70.176.97 - - [01/Nov/2021:09:01:27 +0800] "POST /xingrg/dwr/call/plaincall/AjaxCheckService.setItemNumber.dwr HTTP/1.1" 200 77
222.70.176.97 - - [01/Nov/2021:09:01:29 +0800] "POST /xingrg/dwr/call/plaincall/AjaxCheckService.setItemNumber.dwr HTTP/1.1" 200 77
114.86.229.38 - - [01/Nov/2021:09:01:29 +0800] "POST /xingrg/dwr/call/plaincall/AjaxCheckService.setItemNumber.dwr HTTP/1.1" 200 76
114.86.229.38 - - [01/Nov/2021:09:01:30 +0800] "POST /xingrg/dwr/call/plaincall/AjaxCheckService.setItemNumber.dwr HTTP/1.1" 200 76
222.70.176.97 - - [01/Nov/2021:09:01:30 +0800] "POST /xingrg/dwr/call/plaincall/AjaxCheckService.setItemNumber.dwr HTTP/1.1" 200 77
114.86.229.38 - - [01/Nov/2021:09:01:30 +0800] "POST /xingrg/dwr/call/plaincall/AjaxCheckService.setItemNumber.dwr HTTP/1.1" 200 76
114.86.229.38 - - [01/Nov/2021:09:01:30 +0800] "POST /xingrg/dwr/call/plaincall/AjaxCheckService.setItemNumber.dwr HTTP/1.1" 200 76
114.86.229.38 - - [01/Nov/2021:09:01:31 +0800] "POST /xingrg/dwr/call/plaincall/AjaxCheckService.setItemNumber.dwr HTTP/1.1" 200 76
222.70.176.97 - - [01/Nov/2021:09:01:31 +0800] "POST /xingrg/dwr/call/plaincall/AjaxCheckService.setItemNumber.dwr HTTP/1.1" 200 77
114.86.229.38 - - [01/Nov/2021:09:01:31 +0800] "POST /xingrg/dwr/call/plaincall/AjaxCheckService.setItemNumber.dwr HTTP/1.1" 200 76
114.86.229.38 - - [01/Nov/2021:09:01:32 +0800] "POST /xingrg/dwr/call/plaincall/AjaxCheckService.setItemNumber.dwr HTTP/1.1" 200 76
114.86.229.38 - - [01/Nov/2021:09:01:32 +0800] "POST /xingrg/dwr/call/plaincall/AjaxCheckService.setItemNumber.dwr HTTP/1.1" 200 76
222.70.176.97 - - [01/Nov/2021:09:01:32 +0800] "POST /xingrg/dwr/call/plaincall/AjaxCheckService.setItemNumber.dwr HTTP/1.1" 200 77
114.86.229.38 - - [01/Nov/2021:09:01:32 +0800] "POST /xingrg/dwr/call/plaincall/AjaxCheckService.setItemNumber.dwr HTTP/1.1" 200 76
114.86.229.38 - - [01/Nov/2021:09:01:33 +0800] "POST /xingrg/dwr/call/plaincall/AjaxCheckService.setItemNumber.dwr HTTP/1.1" 200 77
114.86.229.38 - - [01/Nov/2021:09:01:33 +0800] "POST /xingrg/dwr/call/plaincall/AjaxCheckService.setItemNumber.dwr HTTP/1.1" 200 77
114.86.229.38 - - [01/Nov/2021:09:01:33 +0800] "POST /xingrg/dwr/call/plaincall/AjaxCheckService.setItemNumber.dwr HTTP/1.1" 200 77
222.70.176.97 - - [01/Nov/2021:09:01:34 +0800] "POST /xingrg/dwr/call/plaincall/AjaxCheckService.setItemNumber.dwr HTTP/1.1" 200 77
114.86.229.38 - - [01/Nov/2021:09:01:34 +0800] "POST /xingrg/dwr/call/plaincall/AjaxCheckService.setItemNumber.dwr HTTP/1.1" 200 77
114.86.229.38 - - [01/Nov/2021:09:01:34 +0800] "POST /xingrg/dwr/call/plaincall/AjaxCheckService.setItemNumber.dwr HTTP/1.1" 200 77
222.70.176.97 - - [01/Nov/2021:09:01:35 +0800] "POST /xingrg/dwr/call/plaincall/AjaxCheckService.setItemNumber.dwr HTTP/1.1" 200 77
114.86.229.38 - - [01/Nov/2021:09:01:36 +0800] "POST /xingrg/dwr/call/plaincall/AjaxCheckService.setItemNumber.dwr HTTP/1.1" 200 77
222.70.176.97 - - [01/Nov/2021:09:01:36 +0800] "POST /xingrg/dwr/call/plaincall/AjaxCheckService.setItemNumber.dwr HTTP/1.1" 200 77
222.70.171.86 - - [01/Nov/2021:09:01:36 +0800] "POST /xingrg/dwr/call/plaincall/AjaxCheckService.setItemRemark.dwr HTTP/1.1" 200 76
222.70.171.86 - - [01/Nov/2021:09:01:37 +0800] "GET /xingrg/all/function/internal_message.html?_=1635728498135&CODE_STATE=getMsg HTTP/1.1" 302 -
114.86.229.38 - - [01/Nov/2021:09:01:37 +0800] "POST /xingrg/dwr/call/plaincall/AjaxCheckService.setItemNumber.dwr HTTP/1.1" 200 77
114.86.229.38 - - [01/Nov/2021:09:01:37 +0800] "POST /xingrg/dwr/call/plaincall/AjaxCheckService.setItemNumber.dwr HTTP/1.1" 200 77
222.70.176.97 - - [01/Nov/2021:09:01:38 +0800] "POST /xingrg/dwr/call/plaincall/AjaxCheckService.setItemNumber.dwr HTTP/1.1" 200 77
114.86.229.38 - - [01/Nov/2021:09:01:38 +0800] "POST /xingrg/dwr/call/plaincall/AjaxCheckService.setItemNumber.dwr HTTP/1.1" 200 77
114.86.229.38 - - [01/Nov/2021:09:01:38 +0800] "POST /xingrg/dwr/call/plaincall/AjaxCheckService.setItemNumber.dwr HTTP/1.1" 200 77
114.86.229.38 - - [01/Nov/2021:09:01:39 +0800] "POST /xingrg/dwr/call/plaincall/AjaxCheckService.setItemNumber.dwr HTTP/1.1" 200 77
222.70.176.97 - - [01/Nov/2021:09:01:39 +0800] "POST /xingrg/dwr/call/plaincall/AjaxCheckService.setItemNumber.dwr HTTP/1.1" 200 77
114.86.229.38 - - [01/Nov/2021:09:01:40 +0800] "POST /xingrg/dwr/call/plaincall/AjaxCheckService.setItemNumber.dwr HTTP/1.1" 200 77
114.85.125.222 - - [01/Nov/2021:09:01:40 +0800] "GET /xingrg/all/function/internal_message.html?_=1635728435163&CODE_STATE=getMsg HTTP/1.1" 200 27
114.86.229.38 - - [01/Nov/2021:09:01:40 +0800] "POST /xingrg/dwr/call/plaincall/AjaxCheckService.setItemNumber.dwr HTTP/1.1" 200 77
222.70.176.97 - - [01/Nov/2021:09:01:40 +0800] "POST /xingrg/dwr/call/plaincall/AjaxCheckService.setItemNumber.dwr HTTP/1.1" 200 77
114.86.229.38 - - [01/Nov/2021:09:01:41 +0800] "POST /xingrg/dwr/call/plaincall/AjaxCheckService.setItemNumber.dwr HTTP/1.1" 200 77
114.86.229.38 - - [01/Nov/2021:09:01:41 +0800] "POST /xingrg/dwr/call/plaincall/AjaxCheckService.setItemNumber.dwr HTTP/1.1" 200 77
222.70.176.97 - - [01/Nov/2021:09:01:42 +0800] "POST /xingrg/dwr/call/plaincall/AjaxCheckService.setItemNumber.dwr HTTP/1.1" 200 77
114.86.229.38 - - [01/Nov/2021:09:01:42 +0800] "POST /xingrg/dwr/call/plaincall/AjaxCheckService.setItemNumber.dwr HTTP/1.1" 200 77
114.86.229.38 - - [01/Nov/2021:09:01:42 +0800] "POST /xingrg/dwr/call/plaincall/AjaxCheckService.setItemNumber.dwr HTTP/1.1" 200 77
124.78.153.86 - - [01/Nov/2021:09:01:43 +0800] "GET /xingrg/all/function/internal_message.html?_=1635728506085&CODE_STATE=getMsg HTTP/1.1" 200 27
114.86.229.38 - - [01/Nov/2021:09:01:43 +0800] "POST /xingrg/dwr/call/plaincall/AjaxCheckService.setItemNumber.dwr HTTP/1.1" 200 77
222.70.176.97 - - [01/Nov/2021:09:01:43 +0800] "POST /xingrg/dwr/call/plaincall/AjaxCheckService.setItemNumber.dwr HTTP/1.1" 200 77
114.86.229.38 - - [01/Nov/2021:09:01:43 +0800] "POST /xingrg/dwr/call/plaincall/AjaxCheckService.setItemNumber.dwr HTTP/1.1" 200 77
114.86.229.38 - - [01/Nov/2021:09:01:43 +0800] "POST /xingrg/dwr/call/plaincall/AjaxCheckService.setItemNumber.dwr HTTP/1.1" 200 77
114.86.229.38 - - [01/Nov/2021:09:01:44 +0800] "POST /xingrg/dwr/call/plaincall/AjaxCheckService.setItemNumber.dwr HTTP/1.1" 200 77
180.157.253.6 - - [01/Nov/2021:09:01:44 +0800] "GET /xingrg/all/function/internal_message.html?_=1635728505123&CODE_STATE=getMsg HTTP/1.1" 200 27
222.70.176.97 - - [01/Nov/2021:09:01:44 +0800] "POST /xingrg/dwr/call/plaincall/AjaxCheckService.setItemNumber.dwr HTTP/1.1" 200 77
114.86.229.38 - - [01/Nov/2021:09:01:45 +0800] "POST /xingrg/dwr/call/plaincall/AjaxCheckService.setItemNumber.dwr HTTP/1.1" 200 77
222.70.176.97 - - [01/Nov/2021:09:01:45 +0800] "GET /xingrg/all/function/internal_message.html?_=1635728500882&CODE_STATE=getMsg HTTP/1.1" 200 27
114.86.229.38 - - [01/Nov/2021:09:01:45 +0800] "POST /xingrg/dwr/call/plaincall/AjaxCheckService.setItemNumber.dwr HTTP/1.1" 200 77
114.86.229.38 - - [01/Nov/2021:09:01:46 +0800] "POST /xingrg/dwr/call/plaincall/AjaxCheckService.setItemNumber.dwr HTTP/1.1" 200 77
114.86.229.38 - - [01/Nov/2021:09:01:46 +0800] "POST /xingrg/dwr/call/plaincall/AjaxCheckService.setItemNumber.dwr HTTP/1.1" 200 77
114.86.229.38 - - [01/Nov/2021:09:01:47 +0800] "POST /xingrg/dwr/call/plaincall/AjaxCheckService.setItemNumber.dwr HTTP/1.1" 200 77
114.86.229.38 - - [01/Nov/2021:09:01:47 +0800] "POST /xingrg/dwr/call/plaincall/AjaxCheckService.setItemNumber.dwr HTTP/1.1" 200 77
222.70.176.97 - - [01/Nov/2021:09:01:47 +0800] "POST /xingrg/dwr/call/plaincall/AjaxCheckService.setItemNumber.dwr HTTP/1.1" 200 77
222.70.176.97 - - [01/Nov/2021:09:01:48 +0800] "POST /xingrg/dwr/call/plaincall/AjaxCheckService.setItemNumber.dwr HTTP/1.1" 200 77
222.70.176.97 - - [01/Nov/2021:09:01:50 +0800] "POST /xingrg/dwr/call/plaincall/AjaxCheckService.setItemNumber.dwr HTTP/1.1" 200 77
222.70.176.97 - - [01/Nov/2021:09:01:51 +0800] "POST /xingrg/dwr/call/plaincall/AjaxCheckService.setItemNumber.dwr HTTP/1.1" 200 77
114.86.229.38 - - [01/Nov/2021:09:01:55 +0800] "POST /xingrg/dwr/call/plaincall/AjaxCheckService.checkOrder.dwr HTTP/1.1" 200 79
222.70.176.97 - - [01/Nov/2021:09:01:55 +0800] "POST /xingrg/dwr/call/plaincall/AjaxCheckService.setItemNumber.dwr HTTP/1.1" 200 77
222.70.176.97 - - [01/Nov/2021:09:01:55 +0800] "POST /xingrg/dwr/call/plaincall/AjaxCheckService.setItemNumber.dwr HTTP/1.1" 200 77
58.39.139.200 - - [01/Nov/2021:09:01:55 +0800] "GET /xingrg/kc/buy/cgsh_order_operate.html?command=get_materiel&rest_code=00105&code=00101008055&supplier_code=00100203&order_time=2021-11-01 HTTP/1.1" 200 409
114.86.229.38 - - [01/Nov/2021:09:01:56 +0800] "GET /xingrg/kc/base/check_order_info.html?code=452021103100468 HTTP/1.1" 200 22854
114.86.229.38 - - [01/Nov/2021:09:01:56 +0800] "GET /xingrg/dwr/interface/AjaxComOrderService.js HTTP/1.1" 200 18264
114.86.229.38 - - [01/Nov/2021:09:01:56 +0800] "GET /xingrg/dwr/interface/AjaxCheckService.js HTTP/1.1" 200 14003
114.86.229.38 - - [01/Nov/2021:09:01:56 +0800] "GET /xingrg/dwr/engine.js HTTP/1.1" 200 43631
222.70.176.97 - - [01/Nov/2021:09:01:57 +0800] "POST /xingrg/dwr/call/plaincall/AjaxCheckService.setItemNumber.dwr HTTP/1.1" 200 77
114.86.229.38 - - [01/Nov/2021:09:01:57 +0800] "POST /xingrg/dwr/call/plaincall/AjaxCheckService.loadOrderItems.dwr HTTP/1.1" 200 10751
222.70.176.97 - - [01/Nov/2021:09:01:58 +0800] "POST /xingrg/dwr/call/plaincall/AjaxCheckService.setItemNumber.dwr HTTP/1.1" 200 77
222.70.176.97 - - [01/Nov/2021:09:02:00 +0800] "POST /xingrg/dwr/call/plaincall/AjaxCheckService.setItemNumber.dwr HTTP/1.1" 200 77
222.70.176.97 - - [01/Nov/2021:09:02:01 +0800] "POST /xingrg/dwr/call/plaincall/AjaxCheckService.setItemNumber.dwr HTTP/1.1" 200 77
222.70.176.97 - - [01/Nov/2021:09:02:02 +0800] "POST /xingrg/dwr/call/plaincall/AjaxCheckService.setItemNumber.dwr HTTP/1.1" 200 77
116.238.248.233 - - [01/Nov/2021:09:02:02 +0800] "GET /xingrg/all/function/internal_message.html?_=1635728520364&CODE_STATE=getMsg HTTP/1.1" 200 27
222.69.132.242 - - [01/Nov/2021:09:02:03 +0800] "GET /xingrg/kc/buy/cgsh_order_operate.html?command=get_materiel&rest_code=00149&code=00101008224&supplier_code=00100005&order_time=2021-11-01 HTTP/1.1" 200 416
222.70.176.97 - - [01/Nov/2021:09:02:03 +0800] "POST /xingrg/dwr/call/plaincall/AjaxCheckService.setItemNumber.dwr HTTP/1.1" 200 77
58.39.139.200 - - [01/Nov/2021:09:02:04 +0800] "GET /xingrg/kc/buy/cgsh_order_operate.html?command=get_materiel&rest_code=00105&code=00101008244&supplier_code=00100203&order_time=2021-11-01 HTTP/1.1" 200 408
222.70.176.97 - - [01/Nov/2021:09:02:05 +0800] "POST /xingrg/dwr/call/plaincall/AjaxCheckService.setItemNumber.dwr HTTP/1.1" 200 77
222.70.171.86 - - [01/Nov/2021:09:02:06 +0800] "POST /xingrg/dwr/call/plaincall/AjaxCheckService.setItemRemark.dwr HTTP/1.1" 200 76
222.70.176.97 - - [01/Nov/2021:09:02:06 +0800] "POST /xingrg/dwr/call/plaincall/AjaxCheckService.setItemNumber.dwr HTTP/1.1" 200 78
222.70.176.97 - - [01/Nov/2021:09:02:08 +0800] "POST /xingrg/dwr/call/plaincall/AjaxCheckService.setItemNumber.dwr HTTP/1.1" 200 78
222.70.176.97 - - [01/Nov/2021:09:02:09 +0800] "POST /xingrg/dwr/call/plaincall/AjaxCheckService.setItemNumber.dwr HTTP/1.1" 200 78
58.39.139.200 - - [01/Nov/2021:09:02:09 +0800] "GET /xingrg/all/function/internal_message.html?_=1635728530890&CODE_STATE=getMsg HTTP/1.1" 200 27
58.39.139.200 - - [01/Nov/2021:09:02:09 +0800] "GET /xingrg/check_reg.html?_=1635728530891 HTTP/1.1" 200 22
114.86.229.38 - - [01/Nov/2021:09:02:10 +0800] "GET /xingrg/all/function/internal_message.html?_=1635728529884&CODE_STATE=getMsg HTTP/1.1" 200 27
222.70.176.97 - - [01/Nov/2021:09:02:10 +0800] "POST /xingrg/dwr/call/plaincall/AjaxCheckService.setItemNumber.dwr HTTP/1.1" 200 78
222.70.176.97 - - [01/Nov/2021:09:02:11 +0800] "POST /xingrg/dwr/call/plaincall/AjaxCheckService.setItemNumber.dwr HTTP/1.1" 200 78
222.70.176.97 - - [01/Nov/2021:09:02:12 +0800] "POST /xingrg/dwr/call/plaincall/AjaxCheckService.setItemNumber.dwr HTTP/1.1" 200 78
58.39.139.200 - - [01/Nov/2021:09:02:14 +0800] "GET /xingrg/kc/buy/cgsh_order_operate.html?command=get_materiel&rest_code=00105&code=00101008003&supplier_code=00100203&order_time=2021-11-01 HTTP/1.1" 200 408
222.70.176.97 - - [01/Nov/2021:09:02:14 +0800] "POST /xingrg/dwr/call/plaincall/AjaxCheckService.setItemNumber.dwr HTTP/1.1" 200 78
172.20.0.100 - - [01/Nov/2021:09:02:14 +0800] "GET /xingrg/all/function/internal_message.html?_=1635728529021&CODE_STATE=getMsg HTTP/1.1" 200 27
222.70.176.97 - - [01/Nov/2021:09:02:15 +0800] "POST /xingrg/dwr/call/plaincall/AjaxCheckService.setItemNumber.dwr HTTP/1.1" 200 78
180.157.253.6 - - [01/Nov/2021:09:02:16 +0800] "GET /xingrg/all/function/internal_message.html?_=1635728537753&CODE_STATE=getMsg HTTP/1.1" 200 27
180.157.253.6 - - [01/Nov/2021:09:02:16 +0800] "GET /xingrg/check_reg.html?_=1635728537755 HTTP/1.1" 200 22
222.69.132.242 - - [01/Nov/2021:09:02:16 +0800] "GET /xingrg/check_reg.html?_=1635728536097 HTTP/1.1" 200 22
222.69.132.242 - - [01/Nov/2021:09:02:16 +0800] "GET /xingrg/all/function/internal_message.html?_=1635728536099&CODE_STATE=getMsg HTTP/1.1" 200 27
222.70.176.97 - - [01/Nov/2021:09:02:17 +0800] "POST /xingrg/dwr/call/plaincall/AjaxCheckService.setItemNumber.dwr HTTP/1.1" 200 78
222.70.176.97 - - [01/Nov/2021:09:02:18 +0800] "POST /xingrg/dwr/call/plaincall/AjaxCheckService.setItemNumber.dwr HTTP/1.1" 200 78
222.70.171.86 - - [01/Nov/2021:09:02:18 +0800] "GET /xingrg/all/function/internal_message.html?_=1635728543930&CODE_STATE=getMsg HTTP/1.1" 200 27
58.39.139.200 - - [01/Nov/2021:09:02:21 +0800] "GET /xingrg/kc/buy/cgsh_order_operate.html?command=get_materiel&rest_code=00105&code=00101008361&supplier_code=00100203&order_time=2021-11-01 HTTP/1.1" 200 408
124.78.153.86 - - [01/Nov/2021:09:02:22 +0800] "GET /xingrg/kc/buy/cgsh_order_operate.html?command=get_materiel&rest_code=00106&code=00101008351&supplier_code=00100007&order_time=2021-11-01 HTTP/1.1" 200 408
222.70.176.97 - - [01/Nov/2021:09:02:22 +0800] "POST /xingrg/dwr/call/plaincall/AjaxCheckService.setItemNumber.dwr HTTP/1.1" 200 78
58.40.7.146 - - [01/Nov/2021:09:02:23 +0800] "GET /xingrg/check_reg.html?_=1635728543396 HTTP/1.1" 302 -
222.70.176.97 - - [01/Nov/2021:09:02:24 +0800] "POST /xingrg/dwr/call/plaincall/AjaxCheckService.setItemNumber.dwr HTTP/1.1" 200 78
222.69.132.242 - - [01/Nov/2021:09:02:25 +0800] "GET /xingrg/kc/buy/cgsh_order_operate.html?command=get_materiel&rest_code=00149&code=00101008148&supplier_code=00100005&order_time=2021-11-01 HTTP/1.1" 200 416
222.70.176.97 - - [01/Nov/2021:09:02:26 +0800] "POST /xingrg/dwr/call/plaincall/AjaxCheckService.setItemNumber.dwr HTTP/1.1" 200 78
222.70.176.97 - - [01/Nov/2021:09:02:27 +0800] "POST /xingrg/dwr/call/plaincall/AjaxCheckService.setItemNumber.dwr HTTP/1.1" 200 78
222.70.171.86 - - [01/Nov/2021:09:02:27 +0800] "POST /xingrg/dwr/call/plaincall/AjaxCheckService.setItemRemark.dwr HTTP/1.1" 200 76
222.70.176.97 - - [01/Nov/2021:09:02:28 +0800] "POST /xingrg/dwr/call/plaincall/AjaxCheckService.setItemNumber.dwr HTTP/1.1" 200 78
58.39.139.200 - - [01/Nov/2021:09:02:29 +0800] "GET /xingrg/kc/buy/cgsh_order_operate.html?command=get_materiel&rest_code=00105&code=00101008301&supplier_code=00100203&order_time=2021-11-01 HTTP/1.1" 200 422
222.70.171.86 - - [01/Nov/2021:09:02:30 +0800] "GET /xingrg/check_reg.html?_=1635728555354 HTTP/1.1" 200 22
222.70.176.97 - - [01/Nov/2021:09:02:30 +0800] "POST /xingrg/dwr/call/plaincall/AjaxCheckService.setItemNumber.dwr HTTP/1.1" 200 78
222.70.176.97 - - [01/Nov/2021:09:02:31 +0800] "POST /xingrg/dwr/call/plaincall/AjaxCheckService.setItemNumber.dwr HTTP/1.1" 200 78
222.70.171.86 - - [01/Nov/2021:09:02:32 +0800] "GET /xingrg/check_reg.html?_=1635728552999 HTTP/1.1" 302 -
222.70.176.97 - - [01/Nov/2021:09:02:33 +0800] "POST /xingrg/dwr/call/plaincall/AjaxCheckService.setItemNumber.dwr HTTP/1.1" 200 78
222.70.176.97 - - [01/Nov/2021:09:02:34 +0800] "POST /xingrg/dwr/call/plaincall/AjaxCheckService.setItemNumber.dwr HTTP/1.1" 200 78
222.70.176.97 - - [01/Nov/2021:09:02:35 +0800] "POST /xingrg/dwr/call/plaincall/AjaxCheckService.setItemNumber.dwr HTTP/1.1" 200 78
124.78.153.86 - - [01/Nov/2021:09:02:36 +0800] "GET /xingrg/kc/buy/cgsh_order_operate.html?command=get_materiel&rest_code=00106&code=00101008186&supplier_code=00100007&order_time=2021-11-01 HTTP/1.1" 200 408
221.239.141.121 - - [01/Nov/2021:09:02:36 +0800] "GET /xingrg/check_reg.html?_=1635728546582 HTTP/1.1" 302 -
222.70.176.97 - - [01/Nov/2021:09:02:37 +0800] "POST /xingrg/dwr/call/plaincall/AjaxCheckService.setItemNumber.dwr HTTP/1.1" 200 78
222.70.171.86 - - [01/Nov/2021:09:02:37 +0800] "GET /xingrg/all/function/internal_message.html?_=1635728558147&CODE_STATE=getMsg HTTP/1.1" 302 -
222.70.176.97 - - [01/Nov/2021:09:02:38 +0800] "POST /xingrg/dwr/call/plaincall/AjaxCheckService.setItemNumber.dwr HTTP/1.1" 200 78
222.70.176.97 - - [01/Nov/2021:09:02:39 +0800] "POST /xingrg/dwr/call/plaincall/AjaxCheckService.setItemNumber.dwr HTTP/1.1" 200 78
114.85.125.222 - - [01/Nov/2021:09:02:40 +0800] "GET /xingrg/check_reg.html?_=1635728495062 HTTP/1.1" 200 22
114.85.125.222 - - [01/Nov/2021:09:02:40 +0800] "GET /xingrg/all/function/internal_message.html?_=1635728495178&CODE_STATE=getMsg HTTP/1.1" 200 27
116.238.248.233 - - [01/Nov/2021:09:02:40 +0800] "POST /xingrg/kc/buy/cgsh_order_operate.html HTTP/1.1" 200 37
58.39.139.200 - - [01/Nov/2021:09:02:40 +0800] "POST /xingrg/kc/buy/cgsh_order_operate.html HTTP/1.1" 200 2065
116.238.248.233 - - [01/Nov/2021:09:02:41 +0800] "POST /xingrg/kc/buy/cgsh_order_operate.html HTTP/1.1" 200 19254
58.39.139.200 - - [01/Nov/2021:09:02:42 +0800] "POST /xingrg/kc/buy/cgsh_order_operate.html HTTP/1.1" 200 2065
222.70.176.97 - - [01/Nov/2021:09:02:42 +0800] "POST /xingrg/dwr/call/plaincall/AjaxCheckService.setItemNumber.dwr HTTP/1.1" 200 78
124.78.153.86 - - [01/Nov/2021:09:02:43 +0800] "GET /xingrg/all/function/internal_message.html?_=1635728566089&CODE_STATE=getMsg HTTP/1.1" 200 27
116.238.248.233 - - [01/Nov/2021:09:02:43 +0800] "GET /xingrg/kc/buy/cgsh_order_add.html HTTP/1.1" 200 64603
116.238.248.233 - - [01/Nov/2021:09:02:43 +0800] "POST /xingrg/kc/buy/cgsh_order_operate.html HTTP/1.1" 200 8245
116.238.248.233 - - [01/Nov/2021:09:02:43 +0800] "GET /xingrg/javascript/easyui/themes/default/validatebox.css HTTP/1.1" 404 1104
222.70.176.97 - - [01/Nov/2021:09:02:44 +0800] "POST /xingrg/dwr/call/plaincall/AjaxCheckService.setItemNumber.dwr HTTP/1.1" 200 78
180.157.253.6 - - [01/Nov/2021:09:02:44 +0800] "GET /xingrg/all/function/internal_message.html?_=1635728565108&CODE_STATE=getMsg HTTP/1.1" 200 27
222.70.176.97 - - [01/Nov/2021:09:02:45 +0800] "GET /xingrg/all/function/internal_message.html?_=1635728560897&CODE_STATE=getMsg HTTP/1.1" 200 27
222.70.176.97 - - [01/Nov/2021:09:02:45 +0800] "POST /xingrg/dwr/call/plaincall/AjaxCheckService.setItemNumber.dwr HTTP/1.1" 200 78
222.70.176.97 - - [01/Nov/2021:09:02:48 +0800] "POST /xingrg/dwr/call/plaincall/AjaxCheckService.setItemNumber.dwr HTTP/1.1" 200 78
222.70.176.97 - - [01/Nov/2021:09:02:49 +0800] "POST /xingrg/dwr/call/plaincall/AjaxCheckService.setItemNumber.dwr HTTP/1.1" 200 78
222.70.171.86 - - [01/Nov/2021:09:02:50 +0800] "POST /xingrg/dwr/call/plaincall/AjaxCheckService.setItemRemark.dwr HTTP/1.1" 200 76
222.70.176.97 - - [01/Nov/2021:09:02:51 +0800] "POST /xingrg/dwr/call/plaincall/AjaxCheckService.setItemNumber.dwr HTTP/1.1" 200 78
222.70.176.97 - - [01/Nov/2021:09:02:52 +0800] "POST /xingrg/dwr/call/plaincall/AjaxCheckService.setItemNumber.dwr HTTP/1.1" 200 78
222.70.176.97 - - [01/Nov/2021:09:02:53 +0800] "POST /xingrg/dwr/call/plaincall/AjaxCheckService.setItemNumber.dwr HTTP/1.1" 200 78
222.70.176.97 - - [01/Nov/2021:09:02:54 +0800] "POST /xingrg/dwr/call/plaincall/AjaxCheckService.setItemNumber.dwr HTTP/1.1" 200 78
124.78.153.86 - - [01/Nov/2021:09:02:55 +0800] "GET /xingrg/kc/buy/cgsh_order_operate.html?command=get_materiel&rest_code=00106&code=00101008224&supplier_code=00100007&order_time=2021-11-01 HTTP/1.1" 200 416
222.69.132.242 - - [01/Nov/2021:09:02:55 +0800] "POST /xingrg/kc/buy/cgsh_order_operate.html HTTP/1.1" 200 37
222.70.176.97 - - [01/Nov/2021:09:02:56 +0800] "POST /xingrg/dwr/call/plaincall/AjaxCheckService.setItemNumber.dwr HTTP/1.1" 200 78
222.70.176.97 - - [01/Nov/2021:09:02:57 +0800] "POST /xingrg/dwr/call/plaincall/AjaxCheckService.setItemNumber.dwr HTTP/1.1" 200 78
58.39.139.200 - - [01/Nov/2021:09:02:57 +0800] "GET /xingrg/kc/buy/cgsh_order_operate.html?command=get_materiel&rest_code=00105&code=00101008137&supplier_code=00100203&order_time=2021-11-01 HTTP/1.1" 200 408
222.70.176.97 - - [01/Nov/2021:09:02:59 +0800] "POST /xingrg/dwr/call/plaincall/AjaxCheckService.setItemNumber.dwr HTTP/1.1" 200 78
222.70.176.97 - - [01/Nov/2021:09:03:01 +0800] "POST /xingrg/dwr/call/plaincall/AjaxCheckService.setItemNumber.dwr HTTP/1.1" 200 78
222.70.176.97 - - [01/Nov/2021:09:03:02 +0800] "POST /xingrg/dwr/call/plaincall/AjaxCheckService.setItemNumber.dwr HTTP/1.1" 200 78
116.238.248.233 - - [01/Nov/2021:09:03:02 +0800] "GET /xingrg/all/function/internal_message.html?_=1635728580360&CODE_STATE=getMsg HTTP/1.1" 200 27
116.235.93.2 - - [01/Nov/2021:09:03:05 +0800] "GET /xingrg/check_reg.html?_=1635728584996 HTTP/1.1" 302 -
124.78.153.86 - - [01/Nov/2021:09:03:06 +0800] "GET /xingrg/kc/buy/cgsh_order_operate.html?command=get_materiel&rest_code=00106&code=00101008003&supplier_code=00100007&order_time=2021-11-01 HTTP/1.1" 200 408
222.70.176.97 - - [01/Nov/2021:09:03:07 +0800] "POST /xingrg/dwr/call/plaincall/AjaxCheckService.setItemNumber.dwr HTTP/1.1" 200 78
222.70.176.97 - - [01/Nov/2021:09:03:08 +0800] "POST /xingrg/dwr/call/plaincall/AjaxCheckService.setItemNumber.dwr HTTP/1.1" 200 78
58.39.139.200 - - [01/Nov/2021:09:03:09 +0800] "GET /xingrg/all/function/internal_message.html?_=1635728590835&CODE_STATE=getMsg HTTP/1.1" 200 27
114.86.229.38 - - [01/Nov/2021:09:03:10 +0800] "GET /xingrg/all/function/internal_message.html?_=1635728589855&CODE_STATE=getMsg HTTP/1.1" 200 27
222.70.176.97 - - [01/Nov/2021:09:03:10 +0800] "POST /xingrg/dwr/call/plaincall/AjaxCheckService.setItemNumber.dwr HTTP/1.1" 200 78
222.70.171.86 - - [01/Nov/2021:09:03:11 +0800] "POST /xingrg/dwr/call/plaincall/AjaxCheckService.setItemRemark.dwr HTTP/1.1" 200 76
222.70.176.97 - - [01/Nov/2021:09:03:11 +0800] "POST /xingrg/dwr/call/plaincall/AjaxCheckService.setItemNumber.dwr HTTP/1.1" 200 78
58.39.139.200 - - [01/Nov/2021:09:03:12 +0800] "GET /xingrg/kc/buy/cgsh_order_operate.html?command=get_materiel&rest_code=00105&code=00101008108&supplier_code=00100203&order_time=2021-11-01 HTTP/1.1" 200 412
222.70.176.97 - - [01/Nov/2021:09:03:13 +0800] "POST /xingrg/dwr/call/plaincall/AjaxCheckService.setItemNumber.dwr HTTP/1.1" 200 78
172.20.0.100 - - [01/Nov/2021:09:03:14 +0800] "GET /xingrg/all/function/internal_message.html?_=1635728589000&CODE_STATE=getMsg HTTP/1.1" 200 27
222.70.176.97 - - [01/Nov/2021:09:03:15 +0800] "POST /xingrg/dwr/call/plaincall/AjaxCheckService.setItemNumber.dwr HTTP/1.1" 200 78
180.157.253.6 - - [01/Nov/2021:09:03:16 +0800] "GET /xingrg/all/function/internal_message.html?_=1635728597754&CODE_STATE=getMsg HTTP/1.1" 200 27
114.85.125.222 - - [01/Nov/2021:09:03:16 +0800] "GET /xingrg/kc/buy/cgsh_order_add.html HTTP/1.1" 200 64333
114.85.125.222 - - [01/Nov/2021:09:03:17 +0800] "POST /xingrg/kc/buy/cgsh_order_operate.html HTTP/1.1" 200 8245
222.70.176.97 - - [01/Nov/2021:09:03:17 +0800] "POST /xingrg/dwr/call/plaincall/AjaxCheckService.setItemNumber.dwr HTTP/1.1" 200 78
114.85.125.222 - - [01/Nov/2021:09:03:17 +0800] "GET /xingrg/javascript/easyui/themes/default/validatebox.css HTTP/1.1" 404 1104
222.70.171.86 - - [01/Nov/2021:09:03:18 +0800] "GET /xingrg/all/function/internal_message.html?_=1635728603943&CODE_STATE=getMsg HTTP/1.1" 200 27
222.70.176.97 - - [01/Nov/2021:09:03:18 +0800] "POST /xingrg/dwr/call/plaincall/AjaxCheckService.setItemNumber.dwr HTTP/1.1" 200 78
124.78.153.86 - - [01/Nov/2021:09:03:19 +0800] "GET /xingrg/kc/buy/cgsh_order_operate.html?command=get_materiel&rest_code=00106&code=00101008361&supplier_code=00100007&order_time=2021-11-01 HTTP/1.1" 200 408
222.70.176.97 - - [01/Nov/2021:09:03:20 +0800] "POST /xingrg/dwr/call/plaincall/AjaxCheckService.setItemNumber.dwr HTTP/1.1" 200 78
222.70.176.97 - - [01/Nov/2021:09:03:21 +0800] "POST /xingrg/dwr/call/plaincall/AjaxCheckService.setItemNumber.dwr HTTP/1.1" 200 78
222.70.176.97 - - [01/Nov/2021:09:03:23 +0800] "POST /xingrg/dwr/call/plaincall/AjaxCheckService.setItemNumber.dwr HTTP/1.1" 200 78
58.40.7.146 - - [01/Nov/2021:09:03:24 +0800] "GET /xingrg/check_reg.html?_=1635728603722 HTTP/1.1" 302 -
58.39.139.200 - - [01/Nov/2021:09:03:34 +0800] "GET /xingrg/kc/buy/cgsh_order_operate.html?command=get_materiel&rest_code=00105&code=00101008144&supplier_code=00100203&order_time=2021-11-01 HTTP/1.1" 200 412
222.70.176.97 - - [01/Nov/2021:09:03:35 +0800] "POST /xingrg/dwr/call/plaincall/AjaxCheckService.setItemNumber.dwr HTTP/1.1" 200 78
222.70.171.86 - - [01/Nov/2021:09:03:37 +0800] "GET /xingrg/all/function/internal_message.html?_=1635728618167&CODE_STATE=getMsg HTTP/1.1" 302 -
222.70.171.86 - - [01/Nov/2021:09:03:38 +0800] "POST /xingrg/dwr/call/plaincall/AjaxCheckService.setItemRemark.dwr HTTP/1.1" 200 76
114.85.125.222 - - [01/Nov/2021:09:03:40 +0800] "GET /xingrg/all/function/internal_message.html?_=1635728555191&CODE_STATE=getMsg HTTP/1.1" 200 27
114.85.125.222 - - [01/Nov/2021:09:03:42 +0800] "GET /xingrg/kc/buy/cgsh_order_operate.html?command=get_materiel&rest_code=00151&code=00101009007&supplier_code=00100424&order_time=2021-11-01 HTTP/1.1" 200 408
124.78.153.86 - - [01/Nov/2021:09:03:43 +0800] "GET /xingrg/check_reg.html?_=1635728626075 HTTP/1.1" 200 22
124.78.153.86 - - [01/Nov/2021:09:03:43 +0800] "GET /xingrg/all/function/internal_message.html?_=1635728626076&CODE_STATE=getMsg HTTP/1.1" 200 27
180.157.253.6 - - [01/Nov/2021:09:03:44 +0800] "GET /xingrg/all/function/internal_message.html?_=1635728625093&CODE_STATE=getMsg HTTP/1.1" 200 27
180.157.253.6 - - [01/Nov/2021:09:03:44 +0800] "GET /xingrg/check_reg.html?_=1635728625282 HTTP/1.1" 200 22
222.70.176.97 - - [01/Nov/2021:09:03:45 +0800] "GET /xingrg/all/function/internal_message.html?_=1635728620887&CODE_STATE=getMsg HTTP/1.1" 200 27
124.78.153.86 - - [01/Nov/2021:09:03:48 +0800] "GET /xingrg/kc/buy/cgsh_order_operate.html?command=get_materiel&rest_code=00106&code=00101008067&supplier_code=00100007&order_time=2021-11-01 HTTP/1.1" 200 416
58.39.139.200 - - [01/Nov/2021:09:03:48 +0800] "GET /xingrg/kc/buy/cgsh_order_operate.html?command=get_materiel&rest_code=00105&code=00101016122&supplier_code=00100203&order_time=2021-11-01 HTTP/1.1" 200 395
114.85.125.222 - - [01/Nov/2021:09:03:54 +0800] "GET /xingrg/kc/buy/cgsh_order_operate.html?command=get_materiel&rest_code=00151&code=00101009016&supplier_code=00100424&order_time=2021-11-01 HTTP/1.1" 200 412
116.238.248.233 - - [01/Nov/2021:09:04:02 +0800] "GET /xingrg/all/function/internal_message.html?_=1635728640360&CODE_STATE=getMsg HTTP/1.1" 200 27
58.39.139.200 - - [01/Nov/2021:09:04:03 +0800] "GET /xingrg/kc/buy/cgsh_order_operate.html?command=get_materiel&rest_code=00105&code=00101015032&supplier_code=00100203&order_time=2021-11-01 HTTP/1.1" 200 418
124.78.153.86 - - [01/Nov/2021:09:04:04 +0800] "GET /xingrg/kc/buy/cgsh_order_operate.html?command=get_materiel&rest_code=00106&code=00101008356&supplier_code=00100007&order_time=2021-11-01 HTTP/1.1" 200 408
222.70.171.86 - - [01/Nov/2021:09:04:08 +0800] "POST /xingrg/dwr/call/plaincall/AjaxCheckService.setItemRemark.dwr HTTP/1.1" 200 77
58.39.139.200 - - [01/Nov/2021:09:04:09 +0800] "GET /xingrg/all/function/internal_message.html?_=1635728650832&CODE_STATE=getMsg HTTP/1.1" 200 27
114.86.229.38 - - [01/Nov/2021:09:04:10 +0800] "GET /xingrg/all/function/internal_message.html?_=1635728649825&CODE_STATE=getMsg HTTP/1.1" 200 27
114.85.125.222 - - [01/Nov/2021:09:04:11 +0800] "GET /xingrg/kc/buy/cgsh_order_operate.html?command=get_materiel&rest_code=00151&code=00101009053&supplier_code=00100424&order_time=2021-11-01 HTTP/1.1" 200 408
172.20.0.100 - - [01/Nov/2021:09:04:14 +0800] "GET /xingrg/check_reg.html?_=1635728648801 HTTP/1.1" 200 22
172.20.0.100 - - [01/Nov/2021:09:04:14 +0800] "GET /xingrg/all/function/internal_message.html?_=1635728648980&CODE_STATE=getMsg HTTP/1.1" 200 27
180.157.253.6 - - [01/Nov/2021:09:04:16 +0800] "GET /xingrg/all/function/internal_message.html?_=1635728657753&CODE_STATE=getMsg HTTP/1.1" 200 27
222.70.171.86 - - [01/Nov/2021:09:04:18 +0800] "GET /xingrg/all/function/internal_message.html?_=1635728663959&CODE_STATE=getMsg HTTP/1.1" 200 27
114.85.125.222 - - [01/Nov/2021:09:04:24 +0800] "GET /xingrg/kc/buy/cgsh_order_operate.html?command=get_materiel&rest_code=00151&code=00101009062&supplier_code=00100424&order_time=2021-11-01 HTTP/1.1" 200 412
124.78.153.86 - - [01/Nov/2021:09:04:29 +0800] "GET /xingrg/kc/buy/cgsh_order_operate.html?command=get_materiel&rest_code=00106&code=00101008301&supplier_code=00100007&order_time=2021-11-01 HTTP/1.1" 200 422
114.85.125.222 - - [01/Nov/2021:09:04:33 +0800] "GET /xingrg/kc/buy/cgsh_order_operate.html?command=get_materiel&rest_code=00151&code=00101009011&supplier_code=00100424&order_time=2021-11-01 HTTP/1.1" 200 416
222.70.171.86 - - [01/Nov/2021:09:04:37 +0800] "GET /xingrg/all/function/internal_message.html?_=1635728678176&CODE_STATE=getMsg HTTP/1.1" 302 -
114.85.125.222 - - [01/Nov/2021:09:04:40 +0800] "GET /xingrg/all/function/internal_message.html?_=1635728615205&CODE_STATE=getMsg HTTP/1.1" 200 27
114.85.125.222 - - [01/Nov/2021:09:04:41 +0800] "GET /xingrg/kc/buy/cgsh_order_operate.html?command=get_materiel&rest_code=00151&code=00101009078&supplier_code=00100424&order_time=2021-11-01 HTTP/1.1" 200 394
124.78.153.86 - - [01/Nov/2021:09:04:43 +0800] "GET /xingrg/all/function/internal_message.html?_=1635728686090&CODE_STATE=getMsg HTTP/1.1" 200 27
222.70.176.97 - - [01/Nov/2021:09:04:44 +0800] "POST /xingrg/dwr/call/plaincall/AjaxCheckService.setItemNumber.dwr HTTP/1.1" 200 78
180.157.253.6 - - [01/Nov/2021:09:04:44 +0800] "GET /xingrg/all/function/internal_message.html?_=1635728685065&CODE_STATE=getMsg HTTP/1.1" 200 27
222.70.176.97 - - [01/Nov/2021:09:04:45 +0800] "POST /xingrg/dwr/call/plaincall/AjaxCheckService.setItemNumber.dwr HTTP/1.1" 200 78
222.70.176.97 - - [01/Nov/2021:09:04:45 +0800] "GET /xingrg/all/function/internal_message.html?_=1635728680894&CODE_STATE=getMsg HTTP/1.1" 200 27
222.70.176.97 - - [01/Nov/2021:09:04:46 +0800] "POST /xingrg/dwr/call/plaincall/AjaxCheckService.setItemNumber.dwr HTTP/1.1" 200 78
222.70.171.86 - - [01/Nov/2021:09:04:46 +0800] "POST /xingrg/dwr/call/plaincall/AjaxCheckService.setItemRemark.dwr HTTP/1.1" 200 77
222.70.176.97 - - [01/Nov/2021:09:04:48 +0800] "POST /xingrg/dwr/call/plaincall/AjaxCheckService.setItemNumber.dwr HTTP/1.1" 200 78
114.85.125.222 - - [01/Nov/2021:09:04:48 +0800] "GET /xingrg/kc/buy/cgsh_order_operate.html?command=get_materiel&rest_code=00151&code=00101009049&supplier_code=00100424&order_time=2021-11-01 HTTP/1.1" 200 416
222.70.176.97 - - [01/Nov/2021:09:04:49 +0800] "POST /xingrg/dwr/call/plaincall/AjaxCheckService.setItemNumber.dwr HTTP/1.1" 200 78
222.70.176.97 - - [01/Nov/2021:09:04:50 +0800] "POST /xingrg/dwr/call/plaincall/AjaxCheckService.setItemNumber.dwr HTTP/1.1" 200 78
222.70.176.97 - - [01/Nov/2021:09:04:51 +0800] "POST /xingrg/dwr/call/plaincall/AjaxCheckService.setItemNumber.dwr HTTP/1.1" 200 78
124.78.153.86 - - [01/Nov/2021:09:04:52 +0800] "GET /xingrg/kc/buy/cgsh_order_operate.html?command=get_materiel&rest_code=00106&code=00101008296&supplier_code=00100007&order_time=2021-11-01 HTTP/1.1" 200 416
222.70.176.97 - - [01/Nov/2021:09:04:54 +0800] "POST /xingrg/dwr/call/plaincall/AjaxCheckService.setItemNumber.dwr HTTP/1.1" 200 78
222.70.176.97 - - [01/Nov/2021:09:04:55 +0800] "POST /xingrg/dwr/call/plaincall/AjaxCheckService.setItemNumber.dwr HTTP/1.1" 200 78
222.70.176.97 - - [01/Nov/2021:09:04:57 +0800] "POST /xingrg/dwr/call/plaincall/AjaxCheckService.setItemNumber.dwr HTTP/1.1" 200 78
222.70.176.97 - - [01/Nov/2021:09:04:58 +0800] "POST /xingrg/dwr/call/plaincall/AjaxCheckService.setItemNumber.dwr HTTP/1.1" 200 78
222.70.176.97 - - [01/Nov/2021:09:04:59 +0800] "POST /xingrg/dwr/call/plaincall/AjaxCheckService.setItemNumber.dwr HTTP/1.1" 200 78
114.85.125.222 - - [01/Nov/2021:09:04:59 +0800] "GET /xingrg/kc/buy/cgsh_order_operate.html?command=get_materiel&rest_code=00151&code=00101009031&supplier_code=00100424&order_time=2021-11-01 HTTP/1.1" 200 408
222.70.176.97 - - [01/Nov/2021:09:05:00 +0800] "POST /xingrg/dwr/call/plaincall/AjaxCheckService.setItemNumber.dwr HTTP/1.1" 200 78
222.70.176.97 - - [01/Nov/2021:09:05:01 +0800] "POST /xingrg/dwr/call/plaincall/AjaxCheckService.setItemNumber.dwr HTTP/1.1" 200 78
116.238.248.233 - - [01/Nov/2021:09:05:02 +0800] "GET /xingrg/all/function/internal_message.html?_=1635728700359&CODE_STATE=getMsg HTTP/1.1" 200 27
116.238.248.233 - - [01/Nov/2021:09:05:02 +0800] "GET /xingrg/check_reg.html?_=1635728700360 HTTP/1.1" 200 22
222.70.176.97 - - [01/Nov/2021:09:05:03 +0800] "POST /xingrg/dwr/call/plaincall/AjaxCheckService.setItemNumber.dwr HTTP/1.1" 200 78
222.70.176.97 - - [01/Nov/2021:09:05:04 +0800] "POST /xingrg/dwr/call/plaincall/AjaxCheckService.setItemNumber.dwr HTTP/1.1" 200 78
222.70.176.97 - - [01/Nov/2021:09:05:05 +0800] "POST /xingrg/dwr/call/plaincall/AjaxCheckService.setItemNumber.dwr HTTP/1.1" 200 78
124.78.153.86 - - [01/Nov/2021:09:05:07 +0800] "GET /xingrg/kc/buy/cgsh_order_operate.html?command=get_materiel&rest_code=00106&code=00101008213&supplier_code=00100007&order_time=2021-11-01 HTTP/1.1" 200 412
222.70.176.97 - - [01/Nov/2021:09:05:07 +0800] "POST /xingrg/dwr/call/plaincall/AjaxCheckService.setItemNumber.dwr HTTP/1.1" 200 78
58.39.139.200 - - [01/Nov/2021:09:05:09 +0800] "GET /xingrg/all/function/internal_message.html?_=1635728710823&CODE_STATE=getMsg HTTP/1.1" 200 27
114.86.229.38 - - [01/Nov/2021:09:05:10 +0800] "GET /xingrg/check_reg.html?_=1635728709702 HTTP/1.1" 200 22
114.86.229.38 - - [01/Nov/2021:09:05:10 +0800] "GET /xingrg/all/function/internal_message.html?_=1635728709798&CODE_STATE=getMsg HTTP/1.1" 200 27
222.70.176.97 - - [01/Nov/2021:09:05:11 +0800] "POST /xingrg/dwr/call/plaincall/AjaxCheckService.setItemNumber.dwr HTTP/1.1" 200 78
114.85.125.222 - - [01/Nov/2021:09:05:11 +0800] "GET /xingrg/kc/buy/cgsh_order_operate.html?command=get_materiel&rest_code=00151&code=00101009112&supplier_code=00100424&order_time=2021-11-01 HTTP/1.1" 200 411
222.70.176.97 - - [01/Nov/2021:09:05:13 +0800] "POST /xingrg/dwr/call/plaincall/AjaxCheckService.setItemNumber.dwr HTTP/1.1" 200 78
172.20.0.100 - - [01/Nov/2021:09:05:14 +0800] "GET /xingrg/all/function/internal_message.html?_=1635728708957&CODE_STATE=getMsg HTTP/1.1" 200 27
180.157.253.6 - - [01/Nov/2021:09:05:16 +0800] "GET /xingrg/all/function/internal_message.html?_=1635728717752&CODE_STATE=getMsg HTTP/1.1" 200 27
222.70.176.97 - - [01/Nov/2021:09:05:16 +0800] "POST /xingrg/dwr/call/plaincall/AjaxCheckService.setItemNumber.dwr HTTP/1.1" 200 78
222.70.171.86 - - [01/Nov/2021:09:05:18 +0800] "GET /xingrg/check_reg.html?_=1635728723805 HTTP/1.1" 200 22
222.70.171.86 - - [01/Nov/2021:09:05:18 +0800] "GET /xingrg/all/function/internal_message.html?_=1635728723971&CODE_STATE=getMsg HTTP/1.1" 200 27
124.78.153.86 - - [01/Nov/2021:09:05:30 +0800] "GET /xingrg/kc/buy/cgsh_order_operate.html?command=get_materiel&rest_code=00106&code=00101008403&supplier_code=00100007&order_time=2021-11-01 HTTP/1.1" 200 412
222.70.171.86 - - [01/Nov/2021:09:05:37 +0800] "GET /xingrg/all/function/internal_message.html?_=1635728738196&CODE_STATE=getMsg HTTP/1.1" 302 -
222.70.176.97 - - [01/Nov/2021:09:05:39 +0800] "POST /xingrg/dwr/call/plaincall/AjaxCheckService.setItemNumber.dwr HTTP/1.1" 200 78
114.85.125.222 - - [01/Nov/2021:09:05:40 +0800] "GET /xingrg/all/function/internal_message.html?_=1635728675218&CODE_STATE=getMsg HTTP/1.1" 200 27
124.78.153.86 - - [01/Nov/2021:09:05:43 +0800] "GET /xingrg/all/function/internal_message.html?_=1635728746079&CODE_STATE=getMsg HTTP/1.1" 200 27
222.70.176.97 - - [01/Nov/2021:09:05:44 +0800] "POST /xingrg/dwr/call/plaincall/AjaxCheckService.setItemNumber.dwr HTTP/1.1" 200 78
180.157.253.6 - - [01/Nov/2021:09:05:44 +0800] "GET /xingrg/all/function/internal_message.html?_=1635728745050&CODE_STATE=getMsg HTTP/1.1" 200 27
222.70.176.97 - - [01/Nov/2021:09:05:45 +0800] "POST /xingrg/dwr/call/plaincall/AjaxCheckService.setItemNumber.dwr HTTP/1.1" 200 78
222.70.176.97 - - [01/Nov/2021:09:05:45 +0800] "GET /xingrg/check_reg.html?_=1635728740880 HTTP/1.1" 200 22
222.70.176.97 - - [01/Nov/2021:09:05:45 +0800] "GET /xingrg/all/function/internal_message.html?_=1635728740883&CODE_STATE=getMsg HTTP/1.1" 200 27
180.169.147.146 - - [01/Nov/2021:09:05:45 +0800] "GET /xingrg/check_reg.html?_=1635728807843 HTTP/1.1" 302 -
222.70.171.86 - - [01/Nov/2021:09:05:47 +0800] "POST /xingrg/dwr/call/plaincall/AjaxCheckService.setItemRemark.dwr HTTP/1.1" 200 77
222.70.176.97 - - [01/Nov/2021:09:05:49 +0800] "POST /xingrg/dwr/call/plaincall/AjaxCheckService.setItemNumber.dwr HTTP/1.1" 200 78
222.70.176.97 - - [01/Nov/2021:09:05:51 +0800] "POST /xingrg/dwr/call/plaincall/AjaxCheckService.setItemNumber.dwr HTTP/1.1" 200 78
222.70.176.97 - - [01/Nov/2021:09:05:52 +0800] "POST /xingrg/dwr/call/plaincall/AjaxCheckService.setItemNumber.dwr HTTP/1.1" 200 78
221.239.141.121 - - [01/Nov/2021:09:05:54 +0800] "GET /favicon.ico HTTP/1.1" 404 -
124.78.153.86 - - [01/Nov/2021:09:05:54 +0800] "GET /xingrg/kc/buy/cgsh_order_operate.html?command=get_materiel&rest_code=00106&code=00101008201&supplier_code=00100007&order_time=2021-11-01 HTTP/1.1" 200 412
222.70.176.97 - - [01/Nov/2021:09:05:54 +0800] "POST /xingrg/dwr/call/plaincall/AjaxCheckService.setItemNumber.dwr HTTP/1.1" 200 78
221.239.141.121 - - [01/Nov/2021:09:05:54 +0800] "GET /favicon.ico HTTP/1.1" 404 -
120.253.135.82 - - [01/Nov/2021:09:05:54 +0800] "GET /xingrg/check_reg.html?_=1635728721234 HTTP/1.1" 302 -
