180.169.147.146 - - [29/Oct/2021:11:31:52 +0800] "GET /xingrg/all/function/internal_message.html?_=1635478373422&CODE_STATE=getMsg HTTP/1.1" 200 27
124.78.153.86 - - [29/Oct/2021:11:31:52 +0800] "GET /xingrg/kc/base/wldb_order_operate.html?command=get_materiel&rest_code=00106&base_code=0010397&code=00102002562 HTTP/1.1" 200 447
114.85.125.222 - - [29/Oct/2021:11:31:53 +0800] "POST /xingrg/login.do HTTP/1.1" 302 -
114.85.125.222 - - [29/Oct/2021:11:31:53 +0800] "GET /xingrg/javascript/jquery_easy_ui/themes/default/easyui.css HTTP/1.1" 304 -
114.85.125.222 - - [29/Oct/2021:11:31:53 +0800] "GET /xingrg/javascript/jquery_easy_ui/themes/icon.css HTTP/1.1" 304 -
114.85.125.222 - - [29/Oct/2021:11:31:53 +0800] "GET /xingrg/javascript/jquery_easy_ui/jquery.easyui.min.js HTTP/1.1" 304 -
114.85.125.222 - - [29/Oct/2021:11:31:53 +0800] "GET /xingrg/javascript/jquery.utils.js HTTP/1.1" 304 -
114.85.125.222 - - [29/Oct/2021:11:31:53 +0800] "GET /xingrg/css/form.css HTTP/1.1" 304 -
114.85.125.222 - - [29/Oct/2021:11:31:53 +0800] "GET /xingrg/index.html?sysBaseUrl=http%3A%2F%2F180.169.147.146%3A18081%2Fxingrg%2F&costTime=46×tamp=1635478313598 HTTP/1.1" 200 17179
114.85.125.222 - - [29/Oct/2021:11:31:53 +0800] "GET /xingrg/javascript/jquery-1.4.2.min.js HTTP/1.1" 304 -
114.85.125.222 - - [29/Oct/2021:11:31:53 +0800] "GET /xingrg/javascript/jquery.timers.js HTTP/1.1" 304 -
114.85.125.222 - - [29/Oct/2021:11:31:53 +0800] "GET /xingrg/javascript/jquery_easy_ui/easyui-lang-zh_CN.js HTTP/1.1" 304 -
114.85.125.222 - - [29/Oct/2021:11:31:53 +0800] "GET /xingrg/javascript/jquery.form.js HTTP/1.1" 304 -
114.85.125.222 - - [29/Oct/2021:11:31:53 +0800] "GET /xingrg/images/blue/navBackgound.jpg HTTP/1.1" 304 -
114.85.125.222 - - [29/Oct/2021:11:31:53 +0800] "GET /xingrg/javascript/jquery_easy_ui/themes/icons/settle_new.png HTTP/1.1" 304 -
114.85.125.222 - - [29/Oct/2021:11:31:53 +0800] "GET /xingrg/images/blue/pingpu.png HTTP/1.1" 304 -
114.85.125.222 - - [29/Oct/2021:11:31:53 +0800] "POST /xingrg/all/common/load_tree.html?tree=area_rest_tree_json&manage=1 HTTP/1.1" 200 476
114.85.125.222 - - [29/Oct/2021:11:31:53 +0800] "GET /xingrg/javascript/jquery_easy_ui/themes/default/images/tabs_leftarrow.png HTTP/1.1" 304 -
114.85.125.222 - - [29/Oct/2021:11:31:53 +0800] "GET /xingrg/javascript/jquery_easy_ui/themes/default/images/tabs_rightarrow.png HTTP/1.1" 304 -
114.85.125.222 - - [29/Oct/2021:11:31:53 +0800] "GET /xingrg/javascript/jquery_easy_ui/themes/default/images/panel_tool_collapse.gif HTTP/1.1" 304 -
114.85.125.222 - - [29/Oct/2021:11:31:53 +0800] "GET /xingrg/all/function/internal_message.html?_=1635478251454&CODE_STATE=count HTTP/1.1" 200 11
114.85.125.222 - - [29/Oct/2021:11:31:53 +0800] "GET /xingrg/check_reg.html?_=1635478251455 HTTP/1.1" 200 22
114.85.125.222 - - [29/Oct/2021:11:31:53 +0800] "GET /favicon.ico HTTP/1.1" 404 -
114.85.125.222 - - [29/Oct/2021:11:31:53 +0800] "GET /xingrg/javascript/jquery_easy_ui/themes/default/images/tree_arrows.gif HTTP/1.1" 304 -
114.85.125.222 - - [29/Oct/2021:11:31:54 +0800] "POST /xingrg/load_menu.html HTTP/1.1" 200 5138
114.85.125.222 - - [29/Oct/2021:11:31:54 +0800] "GET /xingrg/javascript/jquery_easy_ui/themes/default/images/tree_folder_open.gif HTTP/1.1" 304 -
114.85.125.222 - - [29/Oct/2021:11:31:54 +0800] "GET /xingrg/javascript/jquery_easy_ui/themes/icons/search_new.png HTTP/1.1" 304 -
114.85.125.222 - - [29/Oct/2021:11:31:54 +0800] "GET /xingrg/javascript/jquery_easy_ui/themes/default/images/tree_folder.gif HTTP/1.1" 304 -
114.85.125.222 - - [29/Oct/2021:11:31:54 +0800] "GET /xingrg/javascript/jquery_easy_ui/themes/icons/storage_new.png HTTP/1.1" 304 -
114.85.125.222 - - [29/Oct/2021:11:31:54 +0800] "GET /xingrg/javascript/jquery_easy_ui/themes/icons/forms_new.png HTTP/1.1" 304 -
114.85.125.222 - - [29/Oct/2021:11:31:54 +0800] "GET /xingrg/javascript/jquery_easy_ui/themes/default/images/tree_file.gif HTTP/1.1" 304 -
180.162.112.229 - - [29/Oct/2021:11:31:57 +0800] "GET /xingrg/kc/base/wldb_order_operate.html?command=get_materiel&rest_code=00143&base_code=0010216&code=00101016019 HTTP/1.1" 200 450
114.85.125.222 - - [29/Oct/2021:11:31:57 +0800] "GET /xingrg/javascript/jquery_easy_ui/themes/default/images/tabs_close.gif HTTP/1.1" 304 -
114.85.125.222 - - [29/Oct/2021:11:31:58 +0800] "GET /xingrg/css/blue.css HTTP/1.1" 304 -
114.85.125.222 - - [29/Oct/2021:11:31:58 +0800] "GET /xingrg/javascript/pic_change.js HTTP/1.1" 304 -
114.85.125.222 - - [29/Oct/2021:11:31:58 +0800] "GET /xingrg/kc/mdqp/qqps_order_list.html HTTP/1.1" 200 9222
114.85.125.222 - - [29/Oct/2021:11:31:58 +0800] "GET /xingrg/dwr/util.js HTTP/1.1" 304 -
114.85.125.222 - - [29/Oct/2021:11:31:58 +0800] "GET /xingrg/javascript/myfunction.js HTTP/1.1" 304 -
114.85.125.222 - - [29/Oct/2021:11:31:58 +0800] "GET /xingrg/javascript/Calendar.js HTTP/1.1" 304 -
114.85.125.222 - - [29/Oct/2021:11:31:58 +0800] "GET /xingrg/javascript/ToolTips.js HTTP/1.1" 304 -
114.85.125.222 - - [29/Oct/2021:11:31:58 +0800] "GET /xingrg/dwr/interface/AjaxReportQueryService.js HTTP/1.1" 200 13203
114.85.125.222 - - [29/Oct/2021:11:31:58 +0800] "GET /xingrg/dwr/interface/AjaxQqpsService.js HTTP/1.1" 200 16326
114.85.125.222 - - [29/Oct/2021:11:31:58 +0800] "GET /xingrg/dwr/engine.js HTTP/1.1" 200 43631
114.85.125.222 - - [29/Oct/2021:11:31:58 +0800] "GET /xingrg/javascript/jquery_easy_ui/themes/icons/edit_add_new.png HTTP/1.1" 304 -
114.85.125.222 - - [29/Oct/2021:11:31:58 +0800] "GET /xingrg/javascript/jquery_easy_ui/themes/icons/check_new.png HTTP/1.1" 304 -
114.85.125.222 - - [29/Oct/2021:11:31:58 +0800] "GET /xingrg/javascript/jquery_easy_ui/themes/icons/uncheck_new.png HTTP/1.1" 304 -
114.85.125.222 - - [29/Oct/2021:11:31:58 +0800] "GET /xingrg/javascript/jquery_easy_ui/themes/icons/cance_new.png HTTP/1.1" 304 -
114.85.125.222 - - [29/Oct/2021:11:31:59 +0800] "GET /xingrg/javascript/jquery_easy_ui/themes/default/images/button_plain_hover.png HTTP/1.1" 304 -
116.227.210.113 - - [29/Oct/2021:11:31:59 +0800] "GET /xingrg/all/function/internal_message.html?_=1635478302643&CODE_STATE=getMsg HTTP/1.1" 200 27
114.85.125.222 - - [29/Oct/2021:11:31:59 +0800] "GET /xingrg/javascript/auto/jquery.autocomplete.css HTTP/1.1" 304 -
114.85.125.222 - - [29/Oct/2021:11:31:59 +0800] "GET /xingrg/javascript/tools/jquery.qtip-1.0.0-rc3.min.js HTTP/1.1" 304 -
114.85.125.222 - - [29/Oct/2021:11:31:59 +0800] "GET /xingrg/javascript/auto/jquery.autocomplete.js HTTP/1.1" 304 -
114.85.125.222 - - [29/Oct/2021:11:31:59 +0800] "GET /xingrg/kc/mdqp/qqps_order_add.html HTTP/1.1" 200 27926
114.85.125.222 - - [29/Oct/2021:11:31:59 +0800] "GET /xingrg/dwr/interface/AjaxComOrderService.js HTTP/1.1" 200 18264
114.85.125.222 - - [29/Oct/2021:11:31:59 +0800] "GET /xingrg/javascript/AjaxInfoList.js HTTP/1.1" 304 -
114.85.125.222 - - [29/Oct/2021:11:31:59 +0800] "GET /xingrg/javascript/Grid.js HTTP/1.1" 304 -
114.85.125.222 - - [29/Oct/2021:11:31:59 +0800] "GET /xingrg/javascript/print/kc_print.js HTTP/1.1" 304 -
114.85.125.222 - - [29/Oct/2021:11:31:59 +0800] "GET /xingrg/dwr/interface/AjaxQqpsService.js HTTP/1.1" 200 16326
114.85.125.222 - - [29/Oct/2021:11:31:59 +0800] "GET /xingrg/javascript/print/LodopFuncs.js HTTP/1.1" 304 -
114.85.125.222 - - [29/Oct/2021:11:31:59 +0800] "GET /xingrg/dwr/engine.js HTTP/1.1" 200 43631
114.85.125.222 - - [29/Oct/2021:11:31:59 +0800] "GET /xingrg/words/20211029092622_words.js HTTP/1.1" 304 -
58.39.139.200 - - [29/Oct/2021:11:31:59 +0800] "GET /xingrg/kc/base/wldb_order_add.html HTTP/1.1" 200 30438
116.227.210.113 - - [29/Oct/2021:11:31:59 +0800] "GET /xingrg/check_reg.html?_=1635478303300 HTTP/1.1" 200 22
114.85.125.222 - - [29/Oct/2021:11:31:59 +0800] "GET /xingrg/javascript/jquery_easy_ui/themes/icons/copy_new.png HTTP/1.1" 304 -
114.85.125.222 - - [29/Oct/2021:11:31:59 +0800] "GET /xingrg/javascript/jquery_easy_ui/themes/icons/template_new.png HTTP/1.1" 304 -
114.85.125.222 - - [29/Oct/2021:11:31:59 +0800] "GET /xingrg/javascript/jquery_easy_ui/themes/icons/ok.png HTTP/1.1" 304 -
114.85.125.222 - - [29/Oct/2021:11:31:59 +0800] "GET /xingrg/javascript/jquery_easy_ui/themes/icons/back_new.png HTTP/1.1" 304 -
114.85.125.222 - - [29/Oct/2021:11:31:59 +0800] "GET /xingrg/javascript/jquery_easy_ui/themes/icons/print.png HTTP/1.1" 304 -
114.85.125.222 - - [29/Oct/2021:11:31:59 +0800] "GET /xingrg/javascript/jquery_easy_ui/themes/default/images/menu_downarrow.png HTTP/1.1" 304 -
114.85.125.222 - - [29/Oct/2021:11:31:59 +0800] "GET /xingrg/javascript/jquery_easy_ui/themes/default/images/combo_arrow_dot.gif HTTP/1.1" 304 -
58.39.139.200 - - [29/Oct/2021:11:32:00 +0800] "GET /xingrg/javascript/easyui/themes/default/validatebox.css HTTP/1.1" 404 1104
58.39.139.200 - - [29/Oct/2021:11:32:00 +0800] "POST /xingrg/kc/base/wldb_order_operate.html HTTP/1.1" 200 6806
114.85.125.222 - - [29/Oct/2021:11:32:00 +0800] "GET /xingrg/images/blue/button/kc_tab_edit.gif HTTP/1.1" 304 -
114.85.125.222 - - [29/Oct/2021:11:32:00 +0800] "GET /xingrg/images/blue/button/kc_tab_add.gif HTTP/1.1" 304 -
114.85.125.222 - - [29/Oct/2021:11:32:00 +0800] "GET /xingrg/images/blue/button/kc_tab_del.gif HTTP/1.1" 304 -
114.85.125.222 - - [29/Oct/2021:11:32:00 +0800] "GET /xingrg/images/blue/button/kc_tab_save.gif HTTP/1.1" 304 -
114.85.125.222 - - [29/Oct/2021:11:32:00 +0800] "GET /xingrg/images/blue/kc_tab_left.gif HTTP/1.1" 304 -
114.85.125.222 - - [29/Oct/2021:11:32:00 +0800] "GET /xingrg/images/blue/kc_tab_mid.gif HTTP/1.1" 304 -
114.85.125.222 - - [29/Oct/2021:11:32:00 +0800] "GET /xingrg/images/blue/kc_tab_right.gif HTTP/1.1" 304 -
114.85.125.222 - - [29/Oct/2021:11:32:00 +0800] "GET /xingrg/images/blue/kc_tab2_left.gif HTTP/1.1" 304 -
114.85.125.222 - - [29/Oct/2021:11:32:00 +0800] "GET /xingrg/images/blue/kc_tab2_right.gif HTTP/1.1" 304 -
58.39.139.200 - - [29/Oct/2021:11:32:00 +0800] "POST /xingrg/all/common/load_combo.html?type=base HTTP/1.1" 200 3236
58.37.227.186 - - [29/Oct/2021:11:32:01 +0800] "GET /xingrg/check_reg.html?_=1635478161579 HTTP/1.1" 200 22
120.253.135.82 - - [29/Oct/2021:11:32:06 +0800] "POST /xingrg/kc/pszx/mdps_order_operate.html HTTP/1.1" 200 37
120.253.135.82 - - [29/Oct/2021:11:32:07 +0800] "POST /xingrg/kc/pszx/mdps_order_operate.html HTTP/1.1" 200 12
124.78.153.86 - - [29/Oct/2021:11:32:09 +0800] "GET /xingrg/kc/base/wldb_order_operate.html?command=get_materiel&rest_code=00106&base_code=0010397&code=00102002448 HTTP/1.1" 200 427
58.39.139.200 - - [29/Oct/2021:11:32:10 +0800] "GET /xingrg/kc/base/wldb_order_operate.html?command=get_materiel&rest_code=00105&base_code=0010508&code=00102002022 HTTP/1.1" 200 458
180.162.112.229 - - [29/Oct/2021:11:32:11 +0800] "GET /xingrg/kc/base/wldb_order_operate.html?command=get_materiel&rest_code=00143&base_code=0010216&code=00101019222 HTTP/1.1" 200 451
180.162.112.229 - - [29/Oct/2021:11:32:12 +0800] "GET /xingrg/all/function/internal_message.html?_=1635477834490&CODE_STATE=getMsg HTTP/1.1" 200 27
58.221.95.50 - - [29/Oct/2021:11:32:13 +0800] "GET /xingrg/all/function/internal_message.html?_=1635478332612&CODE_STATE=getMsg HTTP/1.1" 200 27
114.85.125.222 - - [29/Oct/2021:11:32:13 +0800] "GET /xingrg/images/blue/wait.gif HTTP/1.1" 304 -
114.85.125.222 - - [29/Oct/2021:11:32:13 +0800] "POST /xingrg/dwr/call/plaincall/AjaxQqpsService.saveOrder.dwr HTTP/1.1" 200 78
222.69.128.126 - - [29/Oct/2021:11:32:14 +0800] "GET /xingrg/all/function/internal_message.html?_=1635478335617&CODE_STATE=getMsg HTTP/1.1" 200 27
221.239.141.121 - - [29/Oct/2021:11:32:16 +0800] "GET /xingrg/all/function/internal_message.html?_=1635478339162&CODE_STATE=getMsg HTTP/1.1" 200 27
101.85.106.134 - - [29/Oct/2021:11:32:17 +0800] "GET /xingrg/all/function/internal_message.html?_=1635478335136&CODE_STATE=getMsg HTTP/1.1" 200 27
114.85.125.222 - - [29/Oct/2021:11:32:17 +0800] "GET /xingrg/javascript/auto/indicator.gif HTTP/1.1" 404 1066
180.169.147.146 - - [29/Oct/2021:11:32:19 +0800] "GET /xingrg/all/function/internal_message.html?_=1635478339102&CODE_STATE=getMsg HTTP/1.1" 200 27
114.86.225.146 - - [29/Oct/2021:11:32:20 +0800] "GET /xingrg/check_reg.html?_=1635478343697 HTTP/1.1" 200 22
114.86.225.146 - - [29/Oct/2021:11:32:20 +0800] "GET /xingrg/all/function/internal_message.html?_=1635478343697&CODE_STATE=getMsg HTTP/1.1" 200 27
114.85.125.222 - - [29/Oct/2021:11:32:22 +0800] "POST /xingrg/dwr/call/plaincall/AjaxQqpsService.getMaterielByCode.dwr HTTP/1.1" 200 3643
120.253.135.82 - - [29/Oct/2021:11:32:24 +0800] "GET /xingrg/kc/pszx/mdps_order_info.html?code=312021102800696 HTTP/1.1" 200 19595
124.78.153.86 - - [29/Oct/2021:11:32:24 +0800] "GET /xingrg/kc/base/wldb_order_operate.html?command=get_materiel&rest_code=00106&base_code=0010397&code=00102002204 HTTP/1.1" 200 434
120.253.135.82 - - [29/Oct/2021:11:32:24 +0800] "GET /xingrg/javascript/easyui/themes/default/validatebox.css HTTP/1.1" 404 1104
120.253.135.82 - - [29/Oct/2021:11:32:24 +0800] "POST /xingrg/kc/pszx/mdps_order_operate.html HTTP/1.1" 200 12101
58.39.139.200 - - [29/Oct/2021:11:32:26 +0800] "POST /xingrg/kc/base/wldb_order_operate.html HTTP/1.1" 200 37
222.69.133.183 - - [29/Oct/2021:11:32:26 +0800] "GET /xingrg/check_reg.html?_=1635478346002 HTTP/1.1" 200 22
58.39.139.200 - - [29/Oct/2021:11:32:26 +0800] "POST /xingrg/kc/base/wldb_order_operate.html HTTP/1.1" 200 3183
222.69.133.183 - - [29/Oct/2021:11:32:27 +0800] "GET /xingrg/all/function/internal_message.html?_=1635478346710&CODE_STATE=getMsg HTTP/1.1" 200 27
120.253.135.82 - - [29/Oct/2021:11:32:27 +0800] "POST /xingrg/kc/pszx/mdps_list_operate.html HTTP/1.1" 200 1698
114.85.125.222 - - [29/Oct/2021:11:32:28 +0800] "POST /xingrg/dwr/call/plaincall/AjaxQqpsService.saveMaterielItem.dwr HTTP/1.1" 200 78
120.253.135.82 - - [29/Oct/2021:11:32:28 +0800] "POST /xingrg/kc/pszx/mdps_list_operate.html HTTP/1.1" 200 613
58.39.139.200 - - [29/Oct/2021:11:32:33 +0800] "GET /xingrg/kc/base/wldb_order_info.html?code=422021102902981 HTTP/1.1" 200 30452
58.39.139.200 - - [29/Oct/2021:11:32:34 +0800] "GET /xingrg/javascript/easyui/themes/default/validatebox.css HTTP/1.1" 404 1104
172.20.0.100 - - [29/Oct/2021:11:32:34 +0800] "GET /xingrg/all/function/internal_message.html?_=1635478351446&CODE_STATE=getMsg HTTP/1.1" 200 27
58.39.139.200 - - [29/Oct/2021:11:32:34 +0800] "POST /xingrg/kc/base/wldb_order_operate.html HTTP/1.1" 200 3183
120.253.135.82 - - [29/Oct/2021:11:32:34 +0800] "GET /xingrg/kc/pszx/mdps_order_info.html?code=312021102800697 HTTP/1.1" 200 23935
120.253.135.82 - - [29/Oct/2021:11:32:35 +0800] "GET /xingrg/javascript/easyui/themes/default/validatebox.css HTTP/1.1" 404 1104
120.253.135.82 - - [29/Oct/2021:11:32:35 +0800] "POST /xingrg/kc/pszx/mdps_order_operate.html HTTP/1.1" 200 6758
58.39.139.200 - - [29/Oct/2021:11:32:36 +0800] "GET /xingrg/all/function/internal_message.html?_=1635478356493&CODE_STATE=getMsg HTTP/1.1" 200 27
58.39.139.200 - - [29/Oct/2021:11:32:36 +0800] "GET /xingrg/check_reg.html?_=1635478356496 HTTP/1.1" 200 22
180.169.147.146 - - [29/Oct/2021:11:32:37 +0800] "GET /xingrg/all/function/internal_message.html?_=1635478358627&CODE_STATE=getMsg HTTP/1.1" 200 27
222.70.171.86 - - [29/Oct/2021:11:32:37 +0800] "GET /xingrg/all/function/internal_message.html?_=1635478351926&CODE_STATE=getMsg HTTP/1.1" 200 27
58.35.215.131 - - [29/Oct/2021:11:32:38 +0800] "GET /xingrg/all/function/internal_message.html?_=1635478358762&CODE_STATE=getMsg HTTP/1.1" 200 27
124.78.153.86 - - [29/Oct/2021:11:32:38 +0800] "GET /xingrg/kc/base/wldb_order_operate.html?command=get_materiel&rest_code=00106&base_code=0010397&code=00102004030 HTTP/1.1" 200 442
221.239.141.121 - - [29/Oct/2021:11:32:38 +0800] "GET /xingrg/check_reg.html?_=1635478345667 HTTP/1.1" 200 22
222.70.179.155 - - [29/Oct/2021:11:32:38 +0800] "GET /xingrg/all/function/internal_message.html?_=1635478355621&CODE_STATE=getMsg HTTP/1.1" 200 27
221.239.141.121 - - [29/Oct/2021:11:32:39 +0800] "GET /xingrg/all/function/internal_message.html?_=1635478346114&CODE_STATE=getMsg HTTP/1.1" 200 27
120.253.135.82 - - [29/Oct/2021:11:32:43 +0800] "POST /xingrg/kc/pszx/mdps_order_operate.html HTTP/1.1" 200 37
120.253.135.82 - - [29/Oct/2021:11:32:44 +0800] "POST /xingrg/kc/pszx/mdps_order_operate.html HTTP/1.1" 200 12
114.85.125.222 - - [29/Oct/2021:11:32:45 +0800] "GET /xingrg/javascript/jquery_easy_ui/themes/icons/rest.png HTTP/1.1" 304 -
114.85.125.222 - - [29/Oct/2021:11:32:45 +0800] "GET /xingrg/javascript/jquery_easy_ui/themes/icons/area.png HTTP/1.1" 304 -
124.78.153.86 - - [29/Oct/2021:11:32:46 +0800] "POST /xingrg/kc/base/wldb_order_operate.html HTTP/1.1" 200 37
124.78.153.86 - - [29/Oct/2021:11:32:47 +0800] "POST /xingrg/kc/base/wldb_order_operate.html HTTP/1.1" 200 4133
124.78.153.86 - - [29/Oct/2021:11:32:47 +0800] "GET /xingrg/kc/base/wldb_order_info.html?code=422021102902982 HTTP/1.1" 200 30452
124.78.153.86 - - [29/Oct/2021:11:32:47 +0800] "GET /xingrg/words/20211029092622_words.js HTTP/1.1" 304 -
124.78.153.86 - - [29/Oct/2021:11:32:47 +0800] "GET /xingrg/javascript/easyui/themes/default/validatebox.css HTTP/1.1" 404 1104
124.78.153.86 - - [29/Oct/2021:11:32:48 +0800] "POST /xingrg/kc/base/wldb_order_operate.html HTTP/1.1" 200 4133
114.85.125.222 - - [29/Oct/2021:11:32:49 +0800] "GET /xingrg/all/function/internal_message.html?_=1635478306505&CODE_STATE=getMsg HTTP/1.1" 200 27
180.169.147.146 - - [29/Oct/2021:11:32:50 +0800] "GET /xingrg/all/function/internal_message.html?_=1635478364988&CODE_STATE=getMsg HTTP/1.1" 200 27
124.78.153.86 - - [29/Oct/2021:11:32:51 +0800] "GET /xingrg/kc/base/wldb_order_add.html HTTP/1.1" 200 30438
124.78.153.86 - - [29/Oct/2021:11:32:51 +0800] "POST /xingrg/kc/base/wldb_order_operate.html HTTP/1.1" 200 6806
124.78.153.86 - - [29/Oct/2021:11:32:51 +0800] "GET /xingrg/javascript/easyui/themes/default/validatebox.css HTTP/1.1" 404 1104
180.169.147.146 - - [29/Oct/2021:11:32:52 +0800] "GET /xingrg/all/function/internal_message.html?_=1635478433423&CODE_STATE=getMsg HTTP/1.1" 200 27
124.78.153.86 - - [29/Oct/2021:11:32:52 +0800] "POST /xingrg/all/common/load_combo.html?type=base HTTP/1.1" 200 3142
120.253.135.82 - - [29/Oct/2021:11:32:53 +0800] "GET /xingrg/kc/pszx/mdps_order_info.html?code=312021102800697 HTTP/1.1" 200 19595
114.85.125.222 - - [29/Oct/2021:11:32:53 +0800] "GET /xingrg/all/function/internal_message.html?_=1635478311459&CODE_STATE=getMsg HTTP/1.1" 200 27
120.253.135.82 - - [29/Oct/2021:11:32:54 +0800] "POST /xingrg/kc/pszx/mdps_order_operate.html HTTP/1.1" 200 4936
120.253.135.82 - - [29/Oct/2021:11:32:54 +0800] "GET /xingrg/javascript/easyui/themes/default/validatebox.css HTTP/1.1" 404 1104
120.253.135.82 - - [29/Oct/2021:11:32:54 +0800] "GET /xingrg/all/function/internal_message.html?_=1635478144223&CODE_STATE=getMsg HTTP/1.1" 200 27
124.78.153.86 - - [29/Oct/2021:11:32:56 +0800] "POST /xingrg/all/common/load_combo.html?type=base HTTP/1.1" 200 3142
116.227.210.113 - - [29/Oct/2021:11:32:59 +0800] "GET /xingrg/all/function/internal_message.html?_=1635478362621&CODE_STATE=getMsg HTTP/1.1" 200 27
114.85.125.222 - - [29/Oct/2021:11:32:59 +0800] "POST /xingrg/dwr/call/plaincall/AjaxQqpsService.getMaterielByCode.dwr HTTP/1.1" 200 3654
120.253.135.82 - - [29/Oct/2021:11:32:59 +0800] "POST /xingrg/kc/pszx/mdps_list_operate.html HTTP/1.1" 200 868
114.85.125.222 - - [29/Oct/2021:11:33:03 +0800] "POST /xingrg/dwr/call/plaincall/AjaxQqpsService.saveMaterielItem.dwr HTTP/1.1" 200 78
114.85.125.222 - - [29/Oct/2021:11:33:05 +0800] "POST /xingrg/dwr/call/plaincall/AjaxQqpsService.checkOrder.dwr HTTP/1.1" 200 78
114.85.125.222 - - [29/Oct/2021:11:33:06 +0800] "GET /xingrg/dwr/interface/AjaxComOrderService.js HTTP/1.1" 200 18264
114.85.125.222 - - [29/Oct/2021:11:33:06 +0800] "GET /xingrg/dwr/interface/AjaxQqpsService.js HTTP/1.1" 200 16326
114.85.125.222 - - [29/Oct/2021:11:33:06 +0800] "GET /xingrg/kc/mdqp/qqps_order_info.html?code=302021102900564 HTTP/1.1" 200 26333
114.85.125.222 - - [29/Oct/2021:11:33:06 +0800] "GET /xingrg/dwr/engine.js HTTP/1.1" 200 43631
114.85.125.222 - - [29/Oct/2021:11:33:07 +0800] "POST /xingrg/dwr/call/plaincall/AjaxQqpsService.loadMaterielItems.dwr HTTP/1.1" 200 681
180.162.112.229 - - [29/Oct/2021:11:33:12 +0800] "GET /xingrg/check_reg.html?_=1635477894451 HTTP/1.1" 200 22
180.162.112.229 - - [29/Oct/2021:11:33:12 +0800] "GET /xingrg/all/function/internal_message.html?_=1635477894470&CODE_STATE=getMsg HTTP/1.1" 200 27
58.221.95.50 - - [29/Oct/2021:11:33:13 +0800] "GET /xingrg/check_reg.html?_=1635478392598 HTTP/1.1" 200 22
58.221.95.50 - - [29/Oct/2021:11:33:13 +0800] "GET /xingrg/all/function/internal_message.html?_=1635478392617&CODE_STATE=getMsg HTTP/1.1" 200 27
222.69.128.126 - - [29/Oct/2021:11:33:14 +0800] "GET /xingrg/all/function/internal_message.html?_=1635478395592&CODE_STATE=getMsg HTTP/1.1" 200 27
221.239.141.121 - - [29/Oct/2021:11:33:16 +0800] "GET /xingrg/check_reg.html?_=1635478398395 HTTP/1.1" 200 22
221.239.141.121 - - [29/Oct/2021:11:33:16 +0800] "GET /xingrg/all/function/internal_message.html?_=1635478399177&CODE_STATE=getMsg HTTP/1.1" 200 27
101.85.106.134 - - [29/Oct/2021:11:33:17 +0800] "GET /xingrg/all/function/internal_message.html?_=1635478395136&CODE_STATE=getMsg HTTP/1.1" 200 27
180.169.147.146 - - [29/Oct/2021:11:33:19 +0800] "GET /xingrg/all/function/internal_message.html?_=1635478399096&CODE_STATE=getMsg HTTP/1.1" 200 27
114.86.225.146 - - [29/Oct/2021:11:33:20 +0800] "GET /xingrg/all/function/internal_message.html?_=1635478403697&CODE_STATE=getMsg HTTP/1.1" 200 27
222.69.133.183 - - [29/Oct/2021:11:33:27 +0800] "GET /xingrg/all/function/internal_message.html?_=1635478406684&CODE_STATE=getMsg HTTP/1.1" 200 27
172.20.0.100 - - [29/Oct/2021:11:33:34 +0800] "GET /xingrg/all/function/internal_message.html?_=1635478411457&CODE_STATE=getMsg HTTP/1.1" 200 27
58.39.139.200 - - [29/Oct/2021:11:33:36 +0800] "GET /xingrg/all/function/internal_message.html?_=1635478416529&CODE_STATE=getMsg HTTP/1.1" 200 27
180.169.147.146 - - [29/Oct/2021:11:33:37 +0800] "GET /xingrg/all/function/internal_message.html?_=1635478418631&CODE_STATE=getMsg HTTP/1.1" 200 27
222.70.171.86 - - [29/Oct/2021:11:33:37 +0800] "GET /xingrg/all/function/internal_message.html?_=1635478411939&CODE_STATE=getMsg HTTP/1.1" 200 27
58.35.215.131 - - [29/Oct/2021:11:33:38 +0800] "GET /xingrg/check_reg.html?_=1635478418766 HTTP/1.1" 200 22
58.35.215.131 - - [29/Oct/2021:11:33:38 +0800] "GET /xingrg/all/function/internal_message.html?_=1635478418768&CODE_STATE=getMsg HTTP/1.1" 200 27
222.70.179.155 - - [29/Oct/2021:11:33:38 +0800] "GET /xingrg/all/function/internal_message.html?_=1635478415622&CODE_STATE=getMsg HTTP/1.1" 200 27
221.239.141.121 - - [29/Oct/2021:11:33:39 +0800] "GET /xingrg/all/function/internal_message.html?_=1635478406124&CODE_STATE=getMsg HTTP/1.1" 200 27
120.253.135.82 - - [29/Oct/2021:11:33:40 +0800] "POST /xingrg/kc/pszx/mdps_list_operate.html HTTP/1.1" 200 2807
124.78.153.86 - - [29/Oct/2021:11:33:41 +0800] "GET /xingrg/kc/base/wldb_order_operate.html?command=get_materiel&rest_code=00106&base_code=0010397&code=00102004006 HTTP/1.1" 200 442
120.253.135.82 - - [29/Oct/2021:11:33:45 +0800] "POST /xingrg/kc/pszx/mdps_list_operate.html HTTP/1.1" 200 666
120.253.135.82 - - [29/Oct/2021:11:33:46 +0800] "GET /xingrg/kc/pszx/mdps_order_info.html?code=312021102800694 HTTP/1.1" 200 23931
124.78.153.86 - - [29/Oct/2021:11:33:46 +0800] "GET /xingrg/all/function/internal_message.html?_=1635478428245&CODE_STATE=getMsg HTTP/1.1" 200 27
120.253.135.82 - - [29/Oct/2021:11:33:46 +0800] "GET /xingrg/javascript/easyui/themes/default/validatebox.css HTTP/1.1" 404 1104
120.253.135.82 - - [29/Oct/2021:11:33:46 +0800] "POST /xingrg/kc/pszx/mdps_order_operate.html HTTP/1.1" 200 13130
114.85.125.222 - - [29/Oct/2021:11:33:49 +0800] "GET /xingrg/all/function/internal_message.html?_=1635478366513&CODE_STATE=getMsg HTTP/1.1" 200 27
180.169.147.146 - - [29/Oct/2021:11:33:50 +0800] "GET /xingrg/all/function/internal_message.html?_=1635478424961&CODE_STATE=getMsg HTTP/1.1" 200 27
120.253.135.82 - - [29/Oct/2021:11:33:51 +0800] "POST /xingrg/kc/pszx/mdps_order_operate.html HTTP/1.1" 200 37
180.169.147.146 - - [29/Oct/2021:11:33:52 +0800] "GET /xingrg/all/function/internal_message.html?_=1635478493424&CODE_STATE=getMsg HTTP/1.1" 200 27
120.253.135.82 - - [29/Oct/2021:11:33:52 +0800] "POST /xingrg/kc/pszx/mdps_order_operate.html HTTP/1.1" 200 12
114.85.125.222 - - [29/Oct/2021:11:33:53 +0800] "GET /xingrg/all/function/internal_message.html?_=1635478371473&CODE_STATE=getMsg HTTP/1.1" 200 27
120.253.135.82 - - [29/Oct/2021:11:33:55 +0800] "GET /xingrg/kc/pszx/mdps_order_info.html?code=312021102800694 HTTP/1.1" 200 19591
120.253.135.82 - - [29/Oct/2021:11:33:55 +0800] "POST /xingrg/kc/pszx/mdps_order_operate.html HTTP/1.1" 200 11259
120.253.135.82 - - [29/Oct/2021:11:33:55 +0800] "GET /xingrg/javascript/easyui/themes/default/validatebox.css HTTP/1.1" 404 1104
120.253.135.82 - - [29/Oct/2021:11:33:56 +0800] "GET /xingrg/all/function/internal_message.html?_=1635478205797&CODE_STATE=getMsg HTTP/1.1" 200 27
116.227.210.113 - - [29/Oct/2021:11:33:59 +0800] "GET /xingrg/all/function/internal_message.html?_=1635478422598&CODE_STATE=getMsg HTTP/1.1" 200 27
120.253.135.82 - - [29/Oct/2021:11:33:59 +0800] "POST /xingrg/kc/pszx/mdps_list_operate.html HTTP/1.1" 200 2435
180.162.112.229 - - [29/Oct/2021:11:34:01 +0800] "GET /xingrg/kc/base/wldb_order_operate.html?command=get_materiel&rest_code=00143&base_code=0010216&code=00101013067 HTTP/1.1" 200 435
124.78.153.86 - - [29/Oct/2021:11:34:06 +0800] "GET /xingrg/kc/base/wldb_order_operate.html?command=get_materiel&rest_code=00106&base_code=0010397&code=00102002551 HTTP/1.1" 200 439
180.162.112.229 - - [29/Oct/2021:11:34:11 +0800] "POST /xingrg/kc/base/wldb_order_operate.html HTTP/1.1" 200 37
180.162.112.229 - - [29/Oct/2021:11:34:11 +0800] "POST /xingrg/kc/base/wldb_order_operate.html HTTP/1.1" 200 14579
120.253.135.82 - - [29/Oct/2021:11:34:12 +0800] "POST /xingrg/kc/pszx/mdps_list_operate.html HTTP/1.1" 200 612
180.162.112.229 - - [29/Oct/2021:11:34:12 +0800] "GET /xingrg/kc/base/wldb_order_info.html?code=422021102902983 HTTP/1.1" 200 30463
120.253.135.82 - - [29/Oct/2021:11:34:12 +0800] "GET /xingrg/kc/pszx/mdps_order_info.html?code=312021102800693 HTTP/1.1" 200 23931
180.162.112.229 - - [29/Oct/2021:11:34:12 +0800] "GET /xingrg/all/function/internal_message.html?_=1635477954465&CODE_STATE=getMsg HTTP/1.1" 200 27
120.253.135.82 - - [29/Oct/2021:11:34:12 +0800] "POST /xingrg/kc/pszx/mdps_order_operate.html HTTP/1.1" 200 4817
120.253.135.82 - - [29/Oct/2021:11:34:12 +0800] "GET /xingrg/javascript/easyui/themes/default/validatebox.css HTTP/1.1" 404 1104
180.162.112.229 - - [29/Oct/2021:11:34:13 +0800] "GET /xingrg/javascript/easyui/themes/default/validatebox.css HTTP/1.1" 404 1104
180.162.112.229 - - [29/Oct/2021:11:34:13 +0800] "POST /xingrg/kc/base/wldb_order_operate.html HTTP/1.1" 200 14579
58.221.95.50 - - [29/Oct/2021:11:34:13 +0800] "GET /xingrg/all/function/internal_message.html?_=1635478452617&CODE_STATE=getMsg HTTP/1.1" 200 27
222.69.128.126 - - [29/Oct/2021:11:34:14 +0800] "GET /xingrg/all/function/internal_message.html?_=1635478455563&CODE_STATE=getMsg HTTP/1.1" 200 27
120.253.135.82 - - [29/Oct/2021:11:34:16 +0800] "POST /xingrg/kc/pszx/mdps_order_operate.html HTTP/1.1" 200 37
222.69.128.126 - - [29/Oct/2021:11:34:16 +0800] "GET /xingrg/check_reg.html?_=1635478457587 HTTP/1.1" 200 22
221.239.141.121 - - [29/Oct/2021:11:34:16 +0800] "GET /xingrg/all/function/internal_message.html?_=1635478459191&CODE_STATE=getMsg HTTP/1.1" 200 27
124.78.153.86 - - [29/Oct/2021:11:34:16 +0800] "POST /xingrg/kc/base/wldb_order_operate.html HTTP/1.1" 200 37
101.85.106.134 - - [29/Oct/2021:11:34:17 +0800] "GET /xingrg/all/function/internal_message.html?_=1635478455128&CODE_STATE=getMsg HTTP/1.1" 200 27
124.78.153.86 - - [29/Oct/2021:11:34:18 +0800] "GET /xingrg/kc/base/wldb_order_info.html?code=422021102902984 HTTP/1.1" 200 30452
120.253.135.82 - - [29/Oct/2021:11:34:18 +0800] "POST /xingrg/kc/pszx/mdps_order_operate.html HTTP/1.1" 200 12
124.78.153.86 - - [29/Oct/2021:11:34:18 +0800] "POST /xingrg/kc/base/wldb_order_operate.html HTTP/1.1" 200 3631
124.78.153.86 - - [29/Oct/2021:11:34:18 +0800] "GET /xingrg/javascript/easyui/themes/default/validatebox.css HTTP/1.1" 404 1104
124.78.153.86 - - [29/Oct/2021:11:34:18 +0800] "POST /xingrg/kc/base/wldb_order_operate.html HTTP/1.1" 200 3631
180.169.147.146 - - [29/Oct/2021:11:34:19 +0800] "GET /xingrg/all/function/internal_message.html?_=1635478459089&CODE_STATE=getMsg HTTP/1.1" 200 27
114.86.225.146 - - [29/Oct/2021:11:34:20 +0800] "GET /xingrg/all/function/internal_message.html?_=1635478463698&CODE_STATE=getMsg HTTP/1.1" 200 27
120.253.135.82 - - [29/Oct/2021:11:34:20 +0800] "GET /xingrg/kc/pszx/mdps_order_info.html?code=312021102800693 HTTP/1.1" 200 19591
124.78.153.86 - - [29/Oct/2021:11:34:21 +0800] "GET /xingrg/kc/base/wldb_order_add.html HTTP/1.1" 200 30438
120.253.135.82 - - [29/Oct/2021:11:34:21 +0800] "POST /xingrg/kc/pszx/mdps_order_operate.html HTTP/1.1" 200 3018
120.253.135.82 - - [29/Oct/2021:11:34:21 +0800] "GET /xingrg/javascript/easyui/themes/default/validatebox.css HTTP/1.1" 404 1104
124.78.153.86 - - [29/Oct/2021:11:34:21 +0800] "POST /xingrg/kc/base/wldb_order_operate.html HTTP/1.1" 200 6806
180.162.112.229 - - [29/Oct/2021:11:34:21 +0800] "POST /xingrg/kc/base/wldb_order_operate.html HTTP/1.1" 200 37
124.78.153.86 - - [29/Oct/2021:11:34:21 +0800] "GET /xingrg/javascript/easyui/themes/default/validatebox.css HTTP/1.1" 404 1104
120.253.135.82 - - [29/Oct/2021:11:34:22 +0800] "POST /xingrg/kc/pszx/mdps_list_operate.html HTTP/1.1" 200 2063
180.162.112.229 - - [29/Oct/2021:11:34:24 +0800] "POST /xingrg/kc/base/wldb_order_operate.html HTTP/1.1" 200 12
180.162.112.229 - - [29/Oct/2021:11:34:24 +0800] "POST /xingrg/kc/base/wldb_order_operate.html HTTP/1.1" 200 14573
124.78.153.86 - - [29/Oct/2021:11:34:25 +0800] "POST /xingrg/all/common/load_combo.html?type=base HTTP/1.1" 200 3142
180.162.112.229 - - [29/Oct/2021:11:34:25 +0800] "GET /xingrg/kc/base/wldb_order_info.html?code=422021102902983 HTTP/1.1" 200 26329
180.162.112.229 - - [29/Oct/2021:11:34:25 +0800] "GET /xingrg/javascript/easyui/themes/default/validatebox.css HTTP/1.1" 404 1104
180.162.112.229 - - [29/Oct/2021:11:34:26 +0800] "POST /xingrg/kc/base/wldb_order_operate.html HTTP/1.1" 200 12596
222.69.133.183 - - [29/Oct/2021:11:34:27 +0800] "GET /xingrg/all/function/internal_message.html?_=1635478466661&CODE_STATE=getMsg HTTP/1.1" 200 27
180.162.112.229 - - [29/Oct/2021:11:34:28 +0800] "GET /xingrg/kc/print/load_config.html?kc_code=wldb HTTP/1.1" 200 2173
180.162.112.229 - - [29/Oct/2021:11:34:28 +0800] "GET /xingrg/kc/print/load_data.html?order_code=422021102902983&kc_code=wldb&condition= HTTP/1.1" 200 4482
124.78.153.86 - - [29/Oct/2021:11:34:29 +0800] "POST /xingrg/all/common/load_combo.html?type=base HTTP/1.1" 200 3142
222.69.128.126 - - [29/Oct/2021:11:34:29 +0800] "GET /xingrg/kc/buy/cgsh_order_operate.html?command=get_materiel&rest_code=00149&code=00102006841&supplier_code=00100149&order_time=2021-10-29 HTTP/1.1" 200 406
120.253.135.82 - - [29/Oct/2021:11:34:31 +0800] "POST /xingrg/kc/pszx/mdps_list_operate.html HTTP/1.1" 200 211
120.253.135.82 - - [29/Oct/2021:11:34:32 +0800] "GET /xingrg/kc/pszx/mdps_order_info.html?code=312021102800704 HTTP/1.1" 200 23931
120.253.135.82 - - [29/Oct/2021:11:34:32 +0800] "GET /xingrg/javascript/easyui/themes/default/validatebox.css HTTP/1.1" 404 1104
120.253.135.82 - - [29/Oct/2021:11:34:32 +0800] "POST /xingrg/kc/pszx/mdps_order_operate.html HTTP/1.1" 200 2285
172.20.0.100 - - [29/Oct/2021:11:34:34 +0800] "GET /xingrg/all/function/internal_message.html?_=1635478471447&CODE_STATE=getMsg HTTP/1.1" 200 27
120.253.135.82 - - [29/Oct/2021:11:34:36 +0800] "POST /xingrg/kc/pszx/mdps_order_operate.html HTTP/1.1" 200 37
58.39.139.200 - - [29/Oct/2021:11:34:36 +0800] "GET /xingrg/all/function/internal_message.html?_=1635478476497&CODE_STATE=getMsg HTTP/1.1" 200 27
180.169.147.146 - - [29/Oct/2021:11:34:37 +0800] "GET /xingrg/check_reg.html?_=1635478478635 HTTP/1.1" 200 22
180.169.147.146 - - [29/Oct/2021:11:34:37 +0800] "GET /xingrg/all/function/internal_message.html?_=1635478478633&CODE_STATE=getMsg HTTP/1.1" 200 27
222.70.171.86 - - [29/Oct/2021:11:34:37 +0800] "GET /xingrg/all/function/internal_message.html?_=1635478471954&CODE_STATE=getMsg HTTP/1.1" 200 27
120.253.135.82 - - [29/Oct/2021:11:34:37 +0800] "POST /xingrg/kc/pszx/mdps_order_operate.html HTTP/1.1" 200 12
58.35.215.131 - - [29/Oct/2021:11:34:38 +0800] "GET /xingrg/all/function/internal_message.html?_=1635478478755&CODE_STATE=getMsg HTTP/1.1" 200 27
222.70.179.155 - - [29/Oct/2021:11:34:38 +0800] "GET /xingrg/all/function/internal_message.html?_=1635478475622&CODE_STATE=getMsg HTTP/1.1" 200 27
221.239.141.121 - - [29/Oct/2021:11:34:39 +0800] "GET /xingrg/all/function/internal_message.html?_=1635478466137&CODE_STATE=getMsg HTTP/1.1" 200 27
120.253.135.82 - - [29/Oct/2021:11:34:43 +0800] "GET /xingrg/kc/pszx/mdps_order_info.html?code=312021102800704 HTTP/1.1" 200 19591
120.253.135.82 - - [29/Oct/2021:11:34:44 +0800] "POST /xingrg/kc/pszx/mdps_order_operate.html HTTP/1.1" 200 505
120.253.135.82 - - [29/Oct/2021:11:34:44 +0800] "GET /xingrg/javascript/easyui/themes/default/validatebox.css HTTP/1.1" 404 1104
124.78.153.86 - - [29/Oct/2021:11:34:47 +0800] "POST /xingrg/kc/base/wldb_order_operate.html HTTP/1.1" 200 37
114.85.125.222 - - [29/Oct/2021:11:34:47 +0800] "GET /xingrg/check_reg.html?_=1635478425276 HTTP/1.1" 200 22
124.78.153.86 - - [29/Oct/2021:11:34:48 +0800] "POST /xingrg/kc/base/wldb_order_operate.html HTTP/1.1" 200 2191
124.78.153.86 - - [29/Oct/2021:11:34:48 +0800] "GET /xingrg/kc/base/wldb_order_info.html?code=422021102902985 HTTP/1.1" 200 30452
124.78.153.86 - - [29/Oct/2021:11:34:48 +0800] "GET /xingrg/javascript/easyui/themes/default/validatebox.css HTTP/1.1" 404 1104
114.85.125.222 - - [29/Oct/2021:11:34:49 +0800] "GET /xingrg/all/function/internal_message.html?_=1635478426526&CODE_STATE=getMsg HTTP/1.1" 200 27
120.253.135.82 - - [29/Oct/2021:11:34:49 +0800] "POST /xingrg/kc/pszx/mdps_list_operate.html HTTP/1.1" 200 1692
124.78.153.86 - - [29/Oct/2021:11:34:49 +0800] "POST /xingrg/kc/base/wldb_order_operate.html HTTP/1.1" 200 2191
180.169.147.146 - - [29/Oct/2021:11:34:50 +0800] "GET /xingrg/all/function/internal_message.html?_=1635478484945&CODE_STATE=getMsg HTTP/1.1" 200 27
120.253.135.82 - - [29/Oct/2021:11:34:50 +0800] "POST /xingrg/kc/pszx/mdps_list_operate.html HTTP/1.1" 200 578
124.78.153.86 - - [29/Oct/2021:11:34:51 +0800] "GET /xingrg/kc/base/base_main.html HTTP/1.1" 200 12142
120.253.135.82 - - [29/Oct/2021:11:34:51 +0800] "GET /xingrg/kc/pszx/mdps_order_info.html?code=312021102800695 HTTP/1.1" 200 23931
120.253.135.82 - - [29/Oct/2021:11:34:51 +0800] "GET /xingrg/javascript/easyui/themes/default/validatebox.css HTTP/1.1" 404 1104
120.253.135.82 - - [29/Oct/2021:11:34:52 +0800] "POST /xingrg/kc/pszx/mdps_order_operate.html HTTP/1.1" 200 7702
180.169.147.146 - - [29/Oct/2021:11:34:52 +0800] "GET /xingrg/all/function/internal_message.html?_=1635478553425&CODE_STATE=getMsg HTTP/1.1" 200 27
180.169.147.146 - - [29/Oct/2021:11:34:52 +0800] "GET /xingrg/check_reg.html?_=1635478553429 HTTP/1.1" 200 22
124.78.153.86 - - [29/Oct/2021:11:34:52 +0800] "GET /xingrg/kc/base/wldb_order_list.html HTTP/1.1" 200 19224
124.78.153.86 - - [29/Oct/2021:11:34:53 +0800] "POST /xingrg/kc/base/wldb_list_operate.html HTTP/1.1" 200 5502
114.85.125.222 - - [29/Oct/2021:11:34:53 +0800] "GET /xingrg/all/function/internal_message.html?_=1635478431486&CODE_STATE=getMsg HTTP/1.1" 200 27
120.253.135.82 - - [29/Oct/2021:11:34:57 +0800] "POST /xingrg/kc/pszx/mdps_order_operate.html HTTP/1.1" 200 37
120.253.135.82 - - [29/Oct/2021:11:34:58 +0800] "POST /xingrg/kc/pszx/mdps_order_operate.html HTTP/1.1" 200 12
116.227.210.113 - - [29/Oct/2021:11:34:59 +0800] "GET /xingrg/all/function/internal_message.html?_=1635478482588&CODE_STATE=getMsg HTTP/1.1" 200 27
120.253.135.82 - - [29/Oct/2021:11:35:04 +0800] "GET /xingrg/kc/pszx/mdps_order_info.html?code=312021102800695 HTTP/1.1" 200 19591
120.253.135.82 - - [29/Oct/2021:11:35:04 +0800] "POST /xingrg/kc/pszx/mdps_order_operate.html HTTP/1.1" 200 5867
120.253.135.82 - - [29/Oct/2021:11:35:04 +0800] "GET /xingrg/javascript/easyui/themes/default/validatebox.css HTTP/1.1" 404 1104
120.253.135.82 - - [29/Oct/2021:11:35:05 +0800] "GET /xingrg/all/function/internal_message.html?_=1635478274703&CODE_STATE=getMsg HTTP/1.1" 200 27
120.253.135.82 - - [29/Oct/2021:11:35:06 +0800] "POST /xingrg/kc/pszx/mdps_list_operate.html HTTP/1.1" 200 868
180.162.112.229 - - [29/Oct/2021:11:35:12 +0800] "GET /xingrg/all/function/internal_message.html?_=1635478014472&CODE_STATE=getMsg HTTP/1.1" 200 27
58.221.95.50 - - [29/Oct/2021:11:35:13 +0800] "GET /xingrg/all/function/internal_message.html?_=1635478512645&CODE_STATE=getMsg HTTP/1.1" 200 27
222.69.128.126 - - [29/Oct/2021:11:35:14 +0800] "GET /xingrg/all/function/internal_message.html?_=1635478515552&CODE_STATE=getMsg HTTP/1.1" 200 27
221.239.141.121 - - [29/Oct/2021:11:35:16 +0800] "GET /xingrg/all/function/internal_message.html?_=1635478519205&CODE_STATE=getMsg HTTP/1.1" 200 27
101.85.106.134 - - [29/Oct/2021:11:35:17 +0800] "GET /xingrg/all/function/internal_message.html?_=1635478515144&CODE_STATE=getMsg HTTP/1.1" 200 27
101.85.106.134 - - [29/Oct/2021:11:35:17 +0800] "GET /xingrg/check_reg.html?_=1635478515146 HTTP/1.1" 200 22
222.70.171.86 - - [29/Oct/2021:11:35:19 +0800] "GET /xingrg/check_reg.html?_=1635478513947 HTTP/1.1" 200 22
180.169.147.146 - - [29/Oct/2021:11:35:19 +0800] "GET /xingrg/all/function/internal_message.html?_=1635478519105&CODE_STATE=getMsg HTTP/1.1" 200 27
114.86.225.146 - - [29/Oct/2021:11:35:20 +0800] "GET /xingrg/all/function/internal_message.html?_=1635478523723&CODE_STATE=getMsg HTTP/1.1" 200 27
222.70.181.139 - - [29/Oct/2021:11:35:24 +0800] "GET /favicon.ico HTTP/1.1" 404 -
222.69.133.183 - - [29/Oct/2021:11:35:27 +0800] "GET /xingrg/all/function/internal_message.html?_=1635478526631&CODE_STATE=getMsg HTTP/1.1" 200 27
120.253.135.82 - - [29/Oct/2021:11:35:28 +0800] "POST /xingrg/kc/pszx/mdps_list_operate.html HTTP/1.1" 200 3176
120.253.135.82 - - [29/Oct/2021:11:35:34 +0800] "POST /xingrg/kc/pszx/mdps_list_operate.html HTTP/1.1" 200 201
172.20.0.100 - - [29/Oct/2021:11:35:34 +0800] "GET /xingrg/all/function/internal_message.html?_=1635478531455&CODE_STATE=getMsg HTTP/1.1" 200 27
120.253.135.82 - - [29/Oct/2021:11:35:34 +0800] "GET /xingrg/kc/pszx/mdps_order_info.html?code=312021102800701 HTTP/1.1" 200 23931
172.20.0.100 - - [29/Oct/2021:11:35:34 +0800] "GET /xingrg/check_reg.html?_=1635478531471 HTTP/1.1" 200 22
120.253.135.82 - - [29/Oct/2021:11:35:34 +0800] "POST /xingrg/kc/pszx/mdps_order_operate.html HTTP/1.1" 200 2277
120.253.135.82 - - [29/Oct/2021:11:35:34 +0800] "GET /xingrg/javascript/easyui/themes/default/validatebox.css HTTP/1.1" 404 1104
58.39.139.200 - - [29/Oct/2021:11:35:36 +0800] "GET /xingrg/all/function/internal_message.html?_=1635478536498&CODE_STATE=getMsg HTTP/1.1" 200 27
180.169.147.146 - - [29/Oct/2021:11:35:37 +0800] "GET /xingrg/all/function/internal_message.html?_=1635478538635&CODE_STATE=getMsg HTTP/1.1" 200 27
222.70.171.86 - - [29/Oct/2021:11:35:37 +0800] "GET /xingrg/all/function/internal_message.html?_=1635478531965&CODE_STATE=getMsg HTTP/1.1" 200 27
58.35.215.131 - - [29/Oct/2021:11:35:38 +0800] "GET /xingrg/all/function/internal_message.html?_=1635478538710&CODE_STATE=getMsg HTTP/1.1" 200 27
120.253.135.82 - - [29/Oct/2021:11:35:38 +0800] "POST /xingrg/kc/pszx/mdps_order_operate.html HTTP/1.1" 200 37
222.70.179.155 - - [29/Oct/2021:11:35:38 +0800] "GET /xingrg/all/function/internal_message.html?_=1635478535624&CODE_STATE=getMsg HTTP/1.1" 200 27
221.239.141.121 - - [29/Oct/2021:11:35:39 +0800] "GET /xingrg/all/function/internal_message.html?_=1635478526751&CODE_STATE=getMsg HTTP/1.1" 200 27
120.253.135.82 - - [29/Oct/2021:11:35:40 +0800] "POST /xingrg/kc/pszx/mdps_order_operate.html HTTP/1.1" 200 12
124.78.153.86 - - [29/Oct/2021:11:35:46 +0800] "GET /xingrg/all/function/internal_message.html?_=1635478548254&CODE_STATE=getMsg HTTP/1.1" 200 27
120.253.135.82 - - [29/Oct/2021:11:35:47 +0800] "GET /xingrg/kc/pszx/mdps_order_info.html?code=312021102800701 HTTP/1.1" 200 19591
120.253.135.82 - - [29/Oct/2021:11:35:47 +0800] "POST /xingrg/kc/pszx/mdps_order_operate.html HTTP/1.1" 200 498
120.253.135.82 - - [29/Oct/2021:11:35:47 +0800] "GET /xingrg/javascript/easyui/themes/default/validatebox.css HTTP/1.1" 404 1104
120.253.135.82 - - [29/Oct/2021:11:35:48 +0800] "GET /xingrg/check_reg.html?_=1635478317849 HTTP/1.1" 200 22
120.253.135.82 - - [29/Oct/2021:11:35:48 +0800] "POST /xingrg/kc/pszx/mdps_list_operate.html HTTP/1.1" 200 2806
114.85.125.222 - - [29/Oct/2021:11:35:49 +0800] "GET /xingrg/all/function/internal_message.html?_=1635478486539&CODE_STATE=getMsg HTTP/1.1" 200 27
180.169.147.146 - - [29/Oct/2021:11:35:50 +0800] "GET /xingrg/all/function/internal_message.html?_=1635478544915&CODE_STATE=getMsg HTTP/1.1" 200 27
120.253.135.82 - - [29/Oct/2021:11:35:51 +0800] "POST /xingrg/kc/pszx/mdps_list_operate.html HTTP/1.1" 200 203
120.253.135.82 - - [29/Oct/2021:11:35:51 +0800] "GET /xingrg/kc/pszx/mdps_order_info.html?code=312021102800709 HTTP/1.1" 200 23931
120.253.135.82 - - [29/Oct/2021:11:35:52 +0800] "GET /xingrg/javascript/easyui/themes/default/validatebox.css HTTP/1.1" 404 1104
120.253.135.82 - - [29/Oct/2021:11:35:52 +0800] "POST /xingrg/kc/pszx/mdps_order_operate.html HTTP/1.1" 200 2276
180.169.147.146 - - [29/Oct/2021:11:35:52 +0800] "GET /xingrg/all/function/internal_message.html?_=1635478613430&CODE_STATE=getMsg HTTP/1.1" 200 27
114.85.125.222 - - [29/Oct/2021:11:35:54 +0800] "GET /xingrg/all/function/internal_message.html?_=1635478491503&CODE_STATE=getMsg HTTP/1.1" 200 27
120.253.135.82 - - [29/Oct/2021:11:35:55 +0800] "POST /xingrg/kc/pszx/mdps_order_operate.html HTTP/1.1" 200 37
222.69.128.126 - - [29/Oct/2021:11:35:56 +0800] "GET /xingrg/kc/buy/cgsh_order_operate.html?command=get_materiel&rest_code=00149&code=00102002080&supplier_code=00100149&order_time=2021-10-29 HTTP/1.1" 200 408
120.253.135.82 - - [29/Oct/2021:11:35:57 +0800] "POST /xingrg/kc/pszx/mdps_order_operate.html HTTP/1.1" 200 12
116.227.210.113 - - [29/Oct/2021:11:35:59 +0800] "GET /xingrg/all/function/internal_message.html?_=1635478542575&CODE_STATE=getMsg HTTP/1.1" 200 27
221.239.141.121 - - [29/Oct/2021:11:36:03 +0800] "GET /xingrg/login.html HTTP/1.1" 200 7641
120.253.135.82 - - [29/Oct/2021:11:36:03 +0800] "GET /xingrg/kc/pszx/mdps_order_info.html?code=312021102800709 HTTP/1.1" 200 19591
120.253.135.82 - - [29/Oct/2021:11:36:04 +0800] "POST /xingrg/kc/pszx/mdps_order_operate.html HTTP/1.1" 200 498
120.253.135.82 - - [29/Oct/2021:11:36:04 +0800] "GET /xingrg/javascript/easyui/themes/default/validatebox.css HTTP/1.1" 404 1104
221.239.141.121 - - [29/Oct/2021:11:36:04 +0800] "GET /favicon.ico HTTP/1.1" 404 -
120.253.135.82 - - [29/Oct/2021:11:36:04 +0800] "POST /xingrg/kc/pszx/mdps_list_operate.html HTTP/1.1" 200 2434
120.253.135.82 - - [29/Oct/2021:11:36:05 +0800] "GET /xingrg/all/function/internal_message.html?_=1635478334717&CODE_STATE=getMsg HTTP/1.1" 200 27
221.239.141.121 - - [29/Oct/2021:11:36:05 +0800] "POST /xingrg/login.do HTTP/1.1" 302 -
221.239.141.121 - - [29/Oct/2021:11:36:05 +0800] "GET /xingrg/index.html?sysBaseUrl=http%3A%2F%2F180.169.147.146%3A18081%2Fxingrg%2F&costTime=40×tamp=1635478565303 HTTP/1.1" 200 17173
221.239.141.121 - - [29/Oct/2021:11:36:05 +0800] "GET /xingrg/javascript/jquery_easy_ui/themes/default/easyui.css HTTP/1.1" 304 -
221.239.141.121 - - [29/Oct/2021:11:36:05 +0800] "GET /xingrg/javascript/jquery_easy_ui/themes/icon.css HTTP/1.1" 304 -
221.239.141.121 - - [29/Oct/2021:11:36:05 +0800] "GET /xingrg/css/form.css HTTP/1.1" 304 -
221.239.141.121 - - [29/Oct/2021:11:36:05 +0800] "GET /xingrg/javascript/jquery-1.4.2.min.js HTTP/1.1" 304 -
221.239.141.121 - - [29/Oct/2021:11:36:05 +0800] "GET /xingrg/javascript/jquery.timers.js HTTP/1.1" 304 -
221.239.141.121 - - [29/Oct/2021:11:36:05 +0800] "GET /xingrg/javascript/jquery_easy_ui/jquery.easyui.min.js HTTP/1.1" 304 -
221.239.141.121 - - [29/Oct/2021:11:36:05 +0800] "GET /xingrg/javascript/jquery_easy_ui/easyui-lang-zh_CN.js HTTP/1.1" 304 -
221.239.141.121 - - [29/Oct/2021:11:36:05 +0800] "GET /xingrg/javascript/jquery.form.js HTTP/1.1" 304 -
221.239.141.121 - - [29/Oct/2021:11:36:05 +0800] "GET /xingrg/javascript/jquery.utils.js HTTP/1.1" 304 -
221.239.141.121 - - [29/Oct/2021:11:36:05 +0800] "GET /favicon.ico HTTP/1.1" 404 -
221.239.141.121 - - [29/Oct/2021:11:36:05 +0800] "POST /xingrg/all/common/load_tree.html?tree=area_rest_tree_json&manage=1 HTTP/1.1" 200 342
221.239.141.121 - - [29/Oct/2021:11:36:05 +0800] "GET /xingrg/all/function/internal_message.html?_=1635478568085&CODE_STATE=count HTTP/1.1" 200 11
221.239.141.121 - - [29/Oct/2021:11:36:05 +0800] "POST /xingrg/load_menu.html HTTP/1.1" 200 5138
221.239.141.121 - - [29/Oct/2021:11:36:05 +0800] "GET /xingrg/check_reg.html?_=1635478568088 HTTP/1.1" 200 22
120.253.135.82 - - [29/Oct/2021:11:36:06 +0800] "POST /xingrg/kc/pszx/mdps_list_operate.html HTTP/1.1" 200 211
120.253.135.82 - - [29/Oct/2021:11:36:06 +0800] "GET /xingrg/kc/pszx/mdps_order_info.html?code=312021102800707 HTTP/1.1" 200 23931
120.253.135.82 - - [29/Oct/2021:11:36:07 +0800] "GET /xingrg/javascript/easyui/themes/default/validatebox.css HTTP/1.1" 404 1104
120.253.135.82 - - [29/Oct/2021:11:36:07 +0800] "POST /xingrg/kc/pszx/mdps_order_operate.html HTTP/1.1" 200 2285
221.239.141.121 - - [29/Oct/2021:11:36:08 +0800] "GET /xingrg/css/base.css HTTP/1.1" 304 -
221.239.141.121 - - [29/Oct/2021:11:36:08 +0800] "GET /xingrg/css/site.css HTTP/1.1" 304 -
221.239.141.121 - - [29/Oct/2021:11:36:08 +0800] "GET /xingrg/javascript/jquery_tools/datebox.css HTTP/1.1" 304 -
221.239.141.121 - - [29/Oct/2021:11:36:08 +0800] "GET /xingrg/javascript/easyui/themes/default/easyui.css HTTP/1.1" 304 -
221.239.141.121 - - [29/Oct/2021:11:36:08 +0800] "GET /xingrg/javascript/easyui/themes/icon.css HTTP/1.1" 304 -
221.239.141.121 - - [29/Oct/2021:11:36:08 +0800] "GET /xingrg/javascript/auto/jquery.autocomplete.css HTTP/1.1" 304 -
221.239.141.121 - - [29/Oct/2021:11:36:08 +0800] "GET /xingrg/javascript/jquery_tools/fix.css HTTP/1.1" 304 -
221.239.141.121 - - [29/Oct/2021:11:36:08 +0800] "GET /xingrg/javascript/jquery_tools/table.css HTTP/1.1" 304 -
221.239.141.121 - - [29/Oct/2021:11:36:08 +0800] "GET /xingrg/javascript/jquery_tools/jquery.tools.min.js HTTP/1.1" 304 -
221.239.141.121 - - [29/Oct/2021:11:36:08 +0800] "GET /xingrg/kc/buy/cgsh_order_list.html HTTP/1.1" 200 48941
221.239.141.121 - - [29/Oct/2021:11:36:08 +0800] "GET /xingrg/javascript/jquery_tools/jquery.tools.extend.js HTTP/1.1" 304 -
221.239.141.121 - - [29/Oct/2021:11:36:08 +0800] "GET /xingrg/javascript/jquery_tools/jquery.tools.table.js HTTP/1.1" 304 -
221.239.141.121 - - [29/Oct/2021:11:36:08 +0800] "GET /xingrg/javascript/jquery_tools/list_manager.js HTTP/1.1" 304 -
221.239.141.121 - - [29/Oct/2021:11:36:08 +0800] "GET /xingrg/javascript/auto/jquery.autocomplete.js HTTP/1.1" 304 -
221.239.141.121 - - [29/Oct/2021:11:36:08 +0800] "GET /xingrg/javascript/jquery_tools/jquery.tools.hotkey.js HTTP/1.1" 304 -
221.239.141.121 - - [29/Oct/2021:11:36:08 +0800] "GET /xingrg/javascript/easyui/easyloader.js HTTP/1.1" 304 -
221.239.141.121 - - [29/Oct/2021:11:36:08 +0800] "GET /xingrg/javascript/jquery.cookie.js HTTP/1.1" 304 -
221.239.141.121 - - [29/Oct/2021:11:36:08 +0800] "GET /xingrg/javascript/print/LodopFuncs.js HTTP/1.1" 304 -
221.239.141.121 - - [29/Oct/2021:11:36:08 +0800] "GET /xingrg/javascript/easyui/plugins/jquery.parser.js HTTP/1.1" 304 -
221.239.141.121 - - [29/Oct/2021:11:36:09 +0800] "POST /xingrg/kc/buy/cgsh_list_operate.html HTTP/1.1" 200 876
120.253.135.82 - - [29/Oct/2021:11:36:10 +0800] "POST /xingrg/kc/pszx/mdps_order_operate.html HTTP/1.1" 200 37
221.239.141.121 - - [29/Oct/2021:11:36:10 +0800] "GET /xingrg/kc/buy/cgsh_order_add.html HTTP/1.1" 200 64644
221.239.141.121 - - [29/Oct/2021:11:36:10 +0800] "GET /xingrg/javascript/pic_change.js HTTP/1.1" 304 -
221.239.141.121 - - [29/Oct/2021:11:36:10 +0800] "GET /xingrg/javascript/jquery_tools/order_manager.js HTTP/1.1" 304 -
221.239.141.121 - - [29/Oct/2021:11:36:10 +0800] "GET /xingrg/javascript/json2.js HTTP/1.1" 304 -
221.239.141.121 - - [29/Oct/2021:11:36:10 +0800] "GET /xingrg/javascript/convert.js HTTP/1.1" 304 -
221.239.141.121 - - [29/Oct/2021:11:36:10 +0800] "GET /xingrg/javascript/print/kc_print.js HTTP/1.1" 304 -
221.239.141.121 - - [29/Oct/2021:11:36:10 +0800] "GET /xingrg/words/20211029092622_words.js HTTP/1.1" 304 -
221.239.141.121 - - [29/Oct/2021:11:36:11 +0800] "POST /xingrg/kc/buy/cgsh_order_operate.html HTTP/1.1" 200 8245
221.239.141.121 - - [29/Oct/2021:11:36:11 +0800] "GET /xingrg/all/common/auto_word.html?type=employee&rest_code=00102 HTTP/1.1" 200 189
221.239.141.121 - - [29/Oct/2021:11:36:11 +0800] "GET /xingrg/all/common/auto_word.html?type=employee&rest_code=00102 HTTP/1.1" 200 189
221.239.141.121 - - [29/Oct/2021:11:36:11 +0800] "GET /xingrg/javascript/easyui/themes/default/validatebox.css HTTP/1.1" 404 1104
221.239.141.121 - - [29/Oct/2021:11:36:11 +0800] "GET /xingrg/javascript/easyui/plugins/jquery.validatebox.js HTTP/1.1" 304 -
221.239.141.121 - - [29/Oct/2021:11:36:11 +0800] "GET /xingrg/javascript/easyui/plugins/jquery.numberbox.js HTTP/1.1" 304 -
120.253.135.82 - - [29/Oct/2021:11:36:12 +0800] "POST /xingrg/kc/pszx/mdps_order_operate.html HTTP/1.1" 200 12
180.162.112.229 - - [29/Oct/2021:11:36:12 +0800] "GET /xingrg/all/function/internal_message.html?_=1635478074470&CODE_STATE=getMsg HTTP/1.1" 200 27
58.221.95.50 - - [29/Oct/2021:11:36:13 +0800] "GET /xingrg/all/function/internal_message.html?_=1635478572646&CODE_STATE=getMsg HTTP/1.1" 200 27
222.69.128.126 - - [29/Oct/2021:11:36:14 +0800] "GET /xingrg/all/function/internal_message.html?_=1635478575528&CODE_STATE=getMsg HTTP/1.1" 200 27
