58.37.227.186 - - [29/Oct/2021:09:50:48 +0800] "GET /xingrg/kc/buy/cgsh_order_operate.html?command=get_materiel&rest_code=00141&code=00101008112&supplier_code=00100007&order_time=2021-10-29 HTTP/1.1" 200 414
58.37.227.186 - - [29/Oct/2021:09:50:50 +0800] "GET /xingrg/all/function/internal_message.html?_=1635472090512&CODE_STATE=getMsg HTTP/1.1" 200 27
180.169.147.146 - - [29/Oct/2021:09:50:51 +0800] "GET /xingrg/all/function/internal_message.html?_=1635472246641&CODE_STATE=getMsg HTTP/1.1" 200 27
180.169.147.146 - - [29/Oct/2021:09:50:52 +0800] "GET /xingrg/all/function/internal_message.html?_=1635472313349&CODE_STATE=getMsg HTTP/1.1" 200 27
58.37.227.186 - - [29/Oct/2021:09:50:58 +0800] "POST /xingrg/kc/buy/cgsh_order_operate.html HTTP/1.1" 200 2065
222.70.179.155 - - [29/Oct/2021:09:50:59 +0800] "GET /xingrg/kc/buy/cgsh_order_operate.html?command=get_materiel&rest_code=00111&code=00101007048&supplier_code=00100004&order_time=2021-10-29 HTTP/1.1" 200 408
58.37.227.186 - - [29/Oct/2021:09:51:03 +0800] "GET /xingrg/kc/buy/cgsh_order_operate.html?command=get_materiel&rest_code=00141&code=00101008396&supplier_code=00100007&order_time=2021-10-29 HTTP/1.1" 200 412
114.85.125.222 - - [29/Oct/2021:09:51:05 +0800] "POST /xingrg/kc/buy/cgsh_list_operate.html HTTP/1.1" 200 503
114.85.125.222 - - [29/Oct/2021:09:51:06 +0800] "GET /xingrg/kc/buy/cgsh_order_info.html?code=212021102912762 HTTP/1.1" 200 64624
114.85.125.222 - - [29/Oct/2021:09:51:06 +0800] "GET /xingrg/javascript/easyui/themes/default/validatebox.css HTTP/1.1" 404 1104
114.85.125.222 - - [29/Oct/2021:09:51:07 +0800] "POST /xingrg/kc/buy/cgsh_order_operate.html HTTP/1.1" 200 5025
222.70.179.155 - - [29/Oct/2021:09:51:10 +0800] "GET /xingrg/kc/buy/cgsh_order_operate.html?command=get_materiel&rest_code=00111&code=00101007077&supplier_code=00100004&order_time=2021-10-29 HTTP/1.1" 200 415
114.85.125.222 - - [29/Oct/2021:09:51:13 +0800] "GET /xingrg/all/function/internal_message.html?_=1635472210681&CODE_STATE=getMsg HTTP/1.1" 200 27
58.221.95.50 - - [29/Oct/2021:09:51:13 +0800] "GET /xingrg/all/function/internal_message.html?_=1635472272147&CODE_STATE=getMsg HTTP/1.1" 200 27
58.37.227.186 - - [29/Oct/2021:09:51:15 +0800] "GET /xingrg/kc/buy/cgsh_order_operate.html?command=get_materiel&rest_code=00141&code=00101008003&supplier_code=00100007&order_time=2021-10-29 HTTP/1.1" 200 410
222.69.128.126 - - [29/Oct/2021:09:51:16 +0800] "GET /xingrg/all/function/internal_message.html?_=1635472277051&CODE_STATE=getMsg HTTP/1.1" 200 27
222.70.179.155 - - [29/Oct/2021:09:51:20 +0800] "GET /xingrg/kc/buy/cgsh_order_operate.html?command=get_materiel&rest_code=00111&code=00101007085&supplier_code=00100004&order_time=2021-10-29 HTTP/1.1" 200 413
116.238.248.233 - - [29/Oct/2021:09:51:21 +0800] "GET /xingrg/all/function/internal_message.html?_=1635472279068&CODE_STATE=getMsg HTTP/1.1" 200 27
180.169.147.146 - - [29/Oct/2021:09:51:25 +0800] "GET /xingrg/all/function/internal_message.html?_=1635472289935&CODE_STATE=getMsg HTTP/1.1" 200 27
114.86.225.146 - - [29/Oct/2021:09:51:27 +0800] "GET /xingrg/all/function/internal_message.html?_=1635472290548&CODE_STATE=getMsg HTTP/1.1" 200 27
222.70.179.155 - - [29/Oct/2021:09:51:29 +0800] "GET /xingrg/kc/buy/cgsh_order_operate.html?command=get_materiel&rest_code=00111&code=00101007076&supplier_code=00100004&order_time=2021-10-29 HTTP/1.1" 200 410
58.37.227.186 - - [29/Oct/2021:09:51:31 +0800] "GET /xingrg/kc/buy/cgsh_order_operate.html?command=get_materiel&rest_code=00141&code=00101008286&supplier_code=00100007&order_time=2021-10-29 HTTP/1.1" 200 408
114.85.125.222 - - [29/Oct/2021:09:51:34 +0800] "POST /xingrg/kc/buy/cgsh_order_operate.html HTTP/1.1" 200 37
58.39.139.200 - - [29/Oct/2021:09:51:36 +0800] "GET /xingrg/all/function/internal_message.html?_=1635472296426&CODE_STATE=getMsg HTTP/1.1" 200 27
114.85.125.222 - - [29/Oct/2021:09:51:37 +0800] "POST /xingrg/kc/buy/cgsh_order_operate.html HTTP/1.1" 200 12
222.70.179.155 - - [29/Oct/2021:09:51:38 +0800] "GET /xingrg/all/function/internal_message.html?_=1635472295559&CODE_STATE=getMsg HTTP/1.1" 200 27
222.70.179.155 - - [29/Oct/2021:09:51:38 +0800] "GET /xingrg/check_reg.html?_=1635472295554 HTTP/1.1" 200 22
114.85.125.222 - - [29/Oct/2021:09:51:38 +0800] "GET /xingrg/kc/buy/cgsh_order_info.html?code=212021102912762 HTTP/1.1" 200 59528
114.85.125.222 - - [29/Oct/2021:09:51:39 +0800] "GET /xingrg/javascript/easyui/themes/default/validatebox.css HTTP/1.1" 404 1104
114.85.125.222 - - [29/Oct/2021:09:51:39 +0800] "POST /xingrg/kc/buy/cgsh_order_operate.html HTTP/1.1" 200 2974
114.85.125.222 - - [29/Oct/2021:09:51:40 +0800] "GET /xingrg/kc/print/load_data.html?order_code=212021102912762&kc_code=cgsh&condition= HTTP/1.1" 200 1633
58.37.227.186 - - [29/Oct/2021:09:51:43 +0800] "POST /xingrg/kc/buy/cgsh_order_operate.html HTTP/1.1" 200 2065
180.169.147.146 - - [29/Oct/2021:09:51:45 +0800] "GET /xingrg/all/function/internal_message.html?_=1635472304519&CODE_STATE=getMsg HTTP/1.1" 200 27
124.78.153.86 - - [29/Oct/2021:09:51:46 +0800] "GET /xingrg/all/function/internal_message.html?_=1635472307954&CODE_STATE=getMsg HTTP/1.1" 200 27
114.85.125.222 - - [29/Oct/2021:09:51:47 +0800] "POST /xingrg/kc/buy/cgsh_list_operate.html HTTP/1.1" 200 1708
114.85.125.222 - - [29/Oct/2021:09:51:49 +0800] "POST /xingrg/kc/buy/cgsh_list_operate.html HTTP/1.1" 200 565
58.37.227.186 - - [29/Oct/2021:09:51:50 +0800] "GET /xingrg/check_reg.html?_=1635472150519 HTTP/1.1" 200 22
58.37.227.186 - - [29/Oct/2021:09:51:50 +0800] "GET /xingrg/all/function/internal_message.html?_=1635472150521&CODE_STATE=getMsg HTTP/1.1" 200 27
180.169.147.146 - - [29/Oct/2021:09:51:51 +0800] "GET /xingrg/all/function/internal_message.html?_=1635472306616&CODE_STATE=getMsg HTTP/1.1" 200 27
180.169.147.146 - - [29/Oct/2021:09:51:51 +0800] "GET /xingrg/check_reg.html?_=1635472306650 HTTP/1.1" 200 22
180.169.147.146 - - [29/Oct/2021:09:51:52 +0800] "GET /xingrg/all/function/internal_message.html?_=1635472373349&CODE_STATE=getMsg HTTP/1.1" 200 27
114.85.125.222 - - [29/Oct/2021:09:51:52 +0800] "GET /xingrg/kc/buy/cgsh_order_info.html?code=212021102912749 HTTP/1.1" 200 64624
114.85.125.222 - - [29/Oct/2021:09:51:52 +0800] "GET /xingrg/javascript/easyui/themes/default/validatebox.css HTTP/1.1" 404 1104
114.85.125.222 - - [29/Oct/2021:09:51:53 +0800] "POST /xingrg/kc/buy/cgsh_order_operate.html HTTP/1.1" 200 39348
58.37.227.186 - - [29/Oct/2021:09:51:56 +0800] "GET /xingrg/kc/buy/cgsh_order_operate.html?command=get_materiel&rest_code=00141&code=00101008312&supplier_code=00100007&order_time=2021-10-29 HTTP/1.1" 200 412
58.37.227.186 - - [29/Oct/2021:09:52:03 +0800] "GET /xingrg/kc/buy/cgsh_order_operate.html?command=get_materiel&rest_code=00141&code=00101008306&supplier_code=00100007&order_time=2021-10-29 HTTP/1.1" 200 412
114.85.125.222 - - [29/Oct/2021:09:52:13 +0800] "GET /xingrg/check_reg.html?_=1635472270618 HTTP/1.1" 200 22
114.85.125.222 - - [29/Oct/2021:09:52:13 +0800] "GET /xingrg/all/function/internal_message.html?_=1635472270695&CODE_STATE=getMsg HTTP/1.1" 200 27
58.221.95.50 - - [29/Oct/2021:09:52:13 +0800] "GET /xingrg/all/function/internal_message.html?_=1635472332147&CODE_STATE=getMsg HTTP/1.1" 200 27
58.37.227.186 - - [29/Oct/2021:09:52:13 +0800] "GET /xingrg/kc/buy/cgsh_order_operate.html?command=get_materiel&rest_code=00141&code=00101008344&supplier_code=00100007&order_time=2021-10-29 HTTP/1.1" 200 412
222.69.128.126 - - [29/Oct/2021:09:52:16 +0800] "GET /xingrg/all/function/internal_message.html?_=1635472337037&CODE_STATE=getMsg HTTP/1.1" 200 27
116.238.248.233 - - [29/Oct/2021:09:52:21 +0800] "GET /xingrg/all/function/internal_message.html?_=1635472339070&CODE_STATE=getMsg HTTP/1.1" 200 27
180.169.147.146 - - [29/Oct/2021:09:52:25 +0800] "GET /xingrg/all/function/internal_message.html?_=1635472349918&CODE_STATE=getMsg HTTP/1.1" 200 27
114.86.225.146 - - [29/Oct/2021:09:52:27 +0800] "GET /xingrg/all/function/internal_message.html?_=1635472350550&CODE_STATE=getMsg HTTP/1.1" 200 27
114.86.225.146 - - [29/Oct/2021:09:52:27 +0800] "GET /xingrg/check_reg.html?_=1635472350551 HTTP/1.1" 200 22
58.37.227.186 - - [29/Oct/2021:09:52:27 +0800] "GET /xingrg/kc/buy/cgsh_order_operate.html?command=get_materiel&rest_code=00141&code=00101008372&supplier_code=00100007&order_time=2021-10-29 HTTP/1.1" 200 410
58.37.227.186 - - [29/Oct/2021:09:52:31 +0800] "POST /xingrg/kc/buy/cgsh_order_operate.html HTTP/1.1" 200 2065
58.39.139.200 - - [29/Oct/2021:09:52:36 +0800] "GET /xingrg/all/function/internal_message.html?_=1635472356427&CODE_STATE=getMsg HTTP/1.1" 200 27
58.39.139.200 - - [29/Oct/2021:09:52:36 +0800] "GET /xingrg/check_reg.html?_=1635472356505 HTTP/1.1" 200 22
58.37.227.186 - - [29/Oct/2021:09:52:36 +0800] "GET /xingrg/kc/buy/cgsh_order_operate.html?command=get_materiel&rest_code=00141&code=00101009054&supplier_code=00100007&order_time=2021-10-29 HTTP/1.1" 200 412
222.70.179.155 - - [29/Oct/2021:09:52:38 +0800] "GET /xingrg/all/function/internal_message.html?_=1635472355555&CODE_STATE=getMsg HTTP/1.1" 200 27
180.169.147.146 - - [29/Oct/2021:09:52:45 +0800] "GET /xingrg/all/function/internal_message.html?_=1635472364515&CODE_STATE=getMsg HTTP/1.1" 200 27
124.78.153.86 - - [29/Oct/2021:09:52:46 +0800] "GET /xingrg/all/function/internal_message.html?_=1635472367955&CODE_STATE=getMsg HTTP/1.1" 200 27
124.78.153.86 - - [29/Oct/2021:09:52:46 +0800] "GET /xingrg/check_reg.html?_=1635472367957 HTTP/1.1" 200 22
58.37.227.186 - - [29/Oct/2021:09:52:50 +0800] "GET /xingrg/all/function/internal_message.html?_=1635472210520&CODE_STATE=getMsg HTTP/1.1" 200 27
222.70.179.155 - - [29/Oct/2021:09:52:51 +0800] "POST /xingrg/kc/buy/cgsh_order_operate.html HTTP/1.1" 200 37
180.169.147.146 - - [29/Oct/2021:09:52:51 +0800] "GET /xingrg/all/function/internal_message.html?_=1635472366587&CODE_STATE=getMsg HTTP/1.1" 200 27
180.169.147.146 - - [29/Oct/2021:09:52:52 +0800] "GET /xingrg/all/function/internal_message.html?_=1635472433348&CODE_STATE=getMsg HTTP/1.1" 200 27
58.37.227.186 - - [29/Oct/2021:09:52:53 +0800] "GET /xingrg/kc/buy/cgsh_order_operate.html?command=get_materiel&rest_code=00141&code=00101006178&supplier_code=00100007&order_time=2021-10-29 HTTP/1.1" 200 409
222.70.179.155 - - [29/Oct/2021:09:52:53 +0800] "POST /xingrg/kc/buy/cgsh_order_operate.html HTTP/1.1" 200 5015
222.70.179.155 - - [29/Oct/2021:09:52:55 +0800] "GET /xingrg/kc/print/load_data.html?order_code=212021102912773&kc_code=cgsh HTTP/1.1" 200 1613
222.70.179.155 - - [29/Oct/2021:09:53:04 +0800] "GET /xingrg/kc/buy/cgsh_order_add.html HTTP/1.1" 200 64679
222.70.179.155 - - [29/Oct/2021:09:53:04 +0800] "POST /xingrg/kc/buy/cgsh_order_operate.html HTTP/1.1" 200 8245
222.70.179.155 - - [29/Oct/2021:09:53:04 +0800] "GET /xingrg/javascript/easyui/themes/default/validatebox.css HTTP/1.1" 404 1104
58.37.227.186 - - [29/Oct/2021:09:53:08 +0800] "GET /xingrg/kc/buy/cgsh_order_operate.html?command=get_materiel&rest_code=00141&code=00101020147&supplier_code=00100007&order_time=2021-10-29 HTTP/1.1" 200 408
58.221.95.50 - - [29/Oct/2021:09:53:13 +0800] "GET /xingrg/check_reg.html?_=1635472392158 HTTP/1.1" 200 22
58.221.95.50 - - [29/Oct/2021:09:53:13 +0800] "GET /xingrg/all/function/internal_message.html?_=1635472392175&CODE_STATE=getMsg HTTP/1.1" 200 27
114.85.125.222 - - [29/Oct/2021:09:53:13 +0800] "GET /xingrg/all/function/internal_message.html?_=1635472330708&CODE_STATE=getMsg HTTP/1.1" 200 27
222.70.179.155 - - [29/Oct/2021:09:53:15 +0800] "GET /xingrg/kc/buy/cgsh_order_operate.html?command=get_materiel&rest_code=00111&code=00101002027&supplier_code=00100199&order_time=2021-10-29 HTTP/1.1" 200 413
222.69.128.126 - - [29/Oct/2021:09:53:16 +0800] "GET /xingrg/all/function/internal_message.html?_=1635472397049&CODE_STATE=getMsg HTTP/1.1" 200 27
116.238.248.233 - - [29/Oct/2021:09:53:21 +0800] "GET /xingrg/all/function/internal_message.html?_=1635472399057&CODE_STATE=getMsg HTTP/1.1" 200 27
222.70.179.155 - - [29/Oct/2021:09:53:25 +0800] "GET /xingrg/kc/buy/cgsh_order_operate.html?command=get_materiel&rest_code=00111&code=00101002016&supplier_code=00100199&order_time=2021-10-29 HTTP/1.1" 200 413
180.169.147.146 - - [29/Oct/2021:09:53:25 +0800] "GET /xingrg/all/function/internal_message.html?_=1635472409889&CODE_STATE=getMsg HTTP/1.1" 200 27
114.86.225.146 - - [29/Oct/2021:09:53:27 +0800] "GET /xingrg/all/function/internal_message.html?_=1635472410552&CODE_STATE=getMsg HTTP/1.1" 200 27
222.70.179.155 - - [29/Oct/2021:09:53:34 +0800] "GET /xingrg/kc/buy/cgsh_order_operate.html?command=get_materiel&rest_code=00111&code=00101002006&supplier_code=00100199&order_time=2021-10-29 HTTP/1.1" 200 430
58.39.139.200 - - [29/Oct/2021:09:53:36 +0800] "GET /xingrg/all/function/internal_message.html?_=1635472416427&CODE_STATE=getMsg HTTP/1.1" 200 27
222.70.179.155 - - [29/Oct/2021:09:53:38 +0800] "GET /xingrg/all/function/internal_message.html?_=1635472415560&CODE_STATE=getMsg HTTP/1.1" 200 27
58.37.227.186 - - [29/Oct/2021:09:53:41 +0800] "POST /xingrg/kc/buy/cgsh_order_operate.html HTTP/1.1" 200 2065
180.169.147.146 - - [29/Oct/2021:09:53:45 +0800] "GET /xingrg/all/function/internal_message.html?_=1635472424517&CODE_STATE=getMsg HTTP/1.1" 200 27
222.70.179.155 - - [29/Oct/2021:09:53:45 +0800] "POST /xingrg/kc/buy/cgsh_order_operate.html HTTP/1.1" 200 37
124.78.153.86 - - [29/Oct/2021:09:53:46 +0800] "GET /xingrg/all/function/internal_message.html?_=1635472427957&CODE_STATE=getMsg HTTP/1.1" 200 27
222.70.179.155 - - [29/Oct/2021:09:53:48 +0800] "POST /xingrg/kc/buy/cgsh_order_operate.html HTTP/1.1" 200 3851
222.70.179.155 - - [29/Oct/2021:09:53:49 +0800] "GET /xingrg/kc/print/load_data.html?order_code=212021102912774&kc_code=cgsh&condition= HTTP/1.1" 200 1127
120.253.135.82 - - [29/Oct/2021:09:53:50 +0800] "GET /xingrg/login.html HTTP/1.1" 200 7641
58.37.227.186 - - [29/Oct/2021:09:53:50 +0800] "GET /xingrg/all/function/internal_message.html?_=1635472270597&CODE_STATE=getMsg HTTP/1.1" 200 27
120.253.135.82 - - [29/Oct/2021:09:53:50 +0800] "GET /xingrg/images/blue/jxLogo.png HTTP/1.1" 200 6156
120.253.135.82 - - [29/Oct/2021:09:53:50 +0800] "GET /xingrg/images/blue/login_bg.png HTTP/1.1" 200 22101
120.253.135.82 - - [29/Oct/2021:09:53:50 +0800] "GET /xingrg/images/blue/srbg.png HTTP/1.1" 200 138
120.253.135.82 - - [29/Oct/2021:09:53:50 +0800] "GET /xingrg/images/blue/hj.png HTTP/1.1" 200 1014
120.253.135.82 - - [29/Oct/2021:09:53:50 +0800] "GET /favicon.ico HTTP/1.1" 404 -
180.169.147.146 - - [29/Oct/2021:09:53:51 +0800] "GET /xingrg/all/function/internal_message.html?_=1635472426556&CODE_STATE=getMsg HTTP/1.1" 200 27
180.169.147.146 - - [29/Oct/2021:09:53:52 +0800] "GET /xingrg/all/function/internal_message.html?_=1635472493349&CODE_STATE=getMsg HTTP/1.1" 200 27
120.253.135.82 - - [29/Oct/2021:09:53:52 +0800] "POST /xingrg/login.do HTTP/1.1" 302 -
120.253.135.82 - - [29/Oct/2021:09:53:52 +0800] "GET /xingrg/index.html?sysBaseUrl=http%3A%2F%2F180.169.147.146%3A18081%2Fxingrg%2F&costTime=41×tamp=1635472432924 HTTP/1.1" 200 17173
120.253.135.82 - - [29/Oct/2021:09:53:53 +0800] "GET /xingrg/javascript/jquery_easy_ui/themes/icon.css HTTP/1.1" 200 3949
120.253.135.82 - - [29/Oct/2021:09:53:53 +0800] "GET /xingrg/css/form.css HTTP/1.1" 200 893
120.253.135.82 - - [29/Oct/2021:09:53:53 +0800] "GET /xingrg/javascript/jquery_easy_ui/jquery.easyui.min.js HTTP/1.1" 200 213662
120.253.135.82 - - [29/Oct/2021:09:53:53 +0800] "GET /xingrg/javascript/jquery_easy_ui/easyui-lang-zh_CN.js HTTP/1.1" 200 1900
120.253.135.82 - - [29/Oct/2021:09:53:53 +0800] "GET /xingrg/javascript/jquery_easy_ui/themes/default/easyui.css HTTP/1.1" 200 26500
120.253.135.82 - - [29/Oct/2021:09:53:53 +0800] "GET /xingrg/javascript/jquery-1.4.2.min.js HTTP/1.1" 200 72205
120.253.135.82 - - [29/Oct/2021:09:53:53 +0800] "GET /xingrg/javascript/jquery.timers.js HTTP/1.1" 200 3532
120.253.135.82 - - [29/Oct/2021:09:53:53 +0800] "GET /xingrg/javascript/jquery.utils.js HTTP/1.1" 200 11805
120.253.135.82 - - [29/Oct/2021:09:53:53 +0800] "GET /xingrg/javascript/jquery.form.js HTTP/1.1" 200 23110
120.253.135.82 - - [29/Oct/2021:09:53:53 +0800] "GET /xingrg/javascript/jquery_easy_ui/themes/icons/settle_new.png HTTP/1.1" 200 826
120.253.135.82 - - [29/Oct/2021:09:53:53 +0800] "GET /xingrg/images/blue/navBackgound.jpg HTTP/1.1" 200 12378
58.37.227.186 - - [29/Oct/2021:09:53:53 +0800] "GET /xingrg/kc/buy/cgsh_order_operate.html?command=get_materiel&rest_code=00141&code=00101008095&supplier_code=00100007&order_time=2021-10-29 HTTP/1.1" 200 412
120.253.135.82 - - [29/Oct/2021:09:53:53 +0800] "POST /xingrg/all/common/load_tree.html?tree=area_rest_tree_json&manage=1 HTTP/1.1" 200 344
120.253.135.82 - - [29/Oct/2021:09:53:53 +0800] "GET /xingrg/images/blue/pingpu.png HTTP/1.1" 200 231
120.253.135.82 - - [29/Oct/2021:09:53:53 +0800] "GET /xingrg/javascript/jquery_easy_ui/themes/default/images/tabs_rightarrow.png HTTP/1.1" 200 395
120.253.135.82 - - [29/Oct/2021:09:53:53 +0800] "GET /xingrg/javascript/jquery_easy_ui/themes/default/images/tabs_leftarrow.png HTTP/1.1" 200 389
120.253.135.82 - - [29/Oct/2021:09:53:53 +0800] "GET /xingrg/javascript/jquery_easy_ui/themes/default/images/panel_tool_collapse.gif HTTP/1.1" 200 246
120.253.135.82 - - [29/Oct/2021:09:53:53 +0800] "GET /xingrg/all/function/internal_message.html?_=1635472203291&CODE_STATE=count HTTP/1.1" 200 11
120.253.135.82 - - [29/Oct/2021:09:53:53 +0800] "GET /xingrg/javascript/jquery_easy_ui/themes/default/images/tree_arrows.gif HTTP/1.1" 200 1043
120.253.135.82 - - [29/Oct/2021:09:53:53 +0800] "GET /favicon.ico HTTP/1.1" 404 -
120.253.135.82 - - [29/Oct/2021:09:53:53 +0800] "GET /xingrg/check_reg.html?_=1635472203292 HTTP/1.1" 200 22
120.253.135.82 - - [29/Oct/2021:09:53:53 +0800] "POST /xingrg/load_menu.html HTTP/1.1" 200 6743
120.253.135.82 - - [29/Oct/2021:09:53:53 +0800] "GET /xingrg/javascript/jquery_easy_ui/themes/default/images/tree_folder_open.gif HTTP/1.1" 200 956
120.253.135.82 - - [29/Oct/2021:09:53:53 +0800] "GET /xingrg/javascript/jquery_easy_ui/themes/icons/search_new.png HTTP/1.1" 200 586
120.253.135.82 - - [29/Oct/2021:09:53:53 +0800] "GET /xingrg/javascript/jquery_easy_ui/themes/icons/storage_new.png HTTP/1.1" 200 853
120.253.135.82 - - [29/Oct/2021:09:53:53 +0800] "GET /xingrg/javascript/jquery_easy_ui/themes/icons/delivery_new.png HTTP/1.1" 200 700
120.253.135.82 - - [29/Oct/2021:09:53:53 +0800] "GET /xingrg/javascript/jquery_easy_ui/themes/icons/forms_new.png HTTP/1.1" 200 350
120.253.135.82 - - [29/Oct/2021:09:53:53 +0800] "GET /xingrg/javascript/jquery_easy_ui/themes/default/images/tree_file.gif HTTP/1.1" 200 118
120.253.135.82 - - [29/Oct/2021:09:53:53 +0800] "GET /xingrg/javascript/jquery_easy_ui/themes/default/images/tree_folder.gif HTTP/1.1" 200 952
120.253.135.82 - - [29/Oct/2021:09:53:55 +0800] "GET /xingrg/kc/report/report_main.html HTTP/1.1" 200 9370
120.253.135.82 - - [29/Oct/2021:09:53:55 +0800] "GET /xingrg/javascript/jquery_easy_ui/themes/default/images/tabs_close.gif HTTP/1.1" 200 829
120.253.135.82 - - [29/Oct/2021:09:53:55 +0800] "GET /xingrg/javascript/pic_change.js HTTP/1.1" 200 4739
120.253.135.82 - - [29/Oct/2021:09:53:55 +0800] "GET /xingrg/css/blue.css HTTP/1.1" 200 15949
120.253.135.82 - - [29/Oct/2021:09:53:55 +0800] "GET /xingrg/javascript/json2.js HTTP/1.1" 200 11259
120.253.135.82 - - [29/Oct/2021:09:53:55 +0800] "GET /xingrg/javascript/jquery_ui/themes/humanity/humanity.css HTTP/1.1" 200 27801
120.253.135.82 - - [29/Oct/2021:09:53:55 +0800] "GET /xingrg/javascript/myfunction.js HTTP/1.1" 200 24559
120.253.135.82 - - [29/Oct/2021:09:53:55 +0800] "GET /xingrg/javascript/jquery_easy_ui/themes/icons/back_new.png HTTP/1.1" 200 3414
120.253.135.82 - - [29/Oct/2021:09:53:56 +0800] "GET /xingrg/kc/base/kc_stocks.html HTTP/1.1" 200 16437
120.253.135.82 - - [29/Oct/2021:09:53:56 +0800] "GET /xingrg/css/base.css HTTP/1.1" 200 2811
120.253.135.82 - - [29/Oct/2021:09:53:56 +0800] "GET /xingrg/css/site.css HTTP/1.1" 200 7541
120.253.135.82 - - [29/Oct/2021:09:53:56 +0800] "GET /xingrg/javascript/jquery_tools/datebox.css HTTP/1.1" 200 2597
120.253.135.82 - - [29/Oct/2021:09:53:56 +0800] "GET /xingrg/javascript/easyui/themes/sunny/easyui.css HTTP/1.1" 200 34304
120.253.135.82 - - [29/Oct/2021:09:53:56 +0800] "GET /xingrg/javascript/jquery_tools/jquery.tools.min.js HTTP/1.1" 200 138801
120.253.135.82 - - [29/Oct/2021:09:53:56 +0800] "GET /xingrg/javascript/jquery_tools/jquery.tools.hotkey.js HTTP/1.1" 200 3242
120.253.135.82 - - [29/Oct/2021:09:53:56 +0800] "GET /xingrg/javascript/jquery_tools/fix.css HTTP/1.1" 200 1702
120.253.135.82 - - [29/Oct/2021:09:53:56 +0800] "GET /xingrg/javascript/jquery_tools/list_manager.js HTTP/1.1" 200 3652
120.253.135.82 - - [29/Oct/2021:09:53:56 +0800] "GET /xingrg/javascript/auto/jquery.autocomplete.css HTTP/1.1" 200 587
120.253.135.82 - - [29/Oct/2021:09:53:56 +0800] "GET /xingrg/javascript/easyui/themes/icon.css HTTP/1.1" 200 4483
120.253.135.82 - - [29/Oct/2021:09:53:56 +0800] "GET /xingrg/javascript/auto/jquery.autocomplete.js HTTP/1.1" 200 21624
120.253.135.82 - - [29/Oct/2021:09:53:56 +0800] "GET /xingrg/javascript/jquery.cookie.js HTTP/1.1" 200 5513
120.253.135.82 - - [29/Oct/2021:09:53:56 +0800] "GET /xingrg/javascript/jquery_tools/jquery.tools.extend.js HTTP/1.1" 200 15385
120.253.135.82 - - [29/Oct/2021:09:53:56 +0800] "GET /xingrg/javascript/easyui/easyloader.js HTTP/1.1" 200 5975
120.253.135.82 - - [29/Oct/2021:09:53:56 +0800] "GET /xingrg/javascript/print/LodopFuncs.js HTTP/1.1" 200 5121
120.253.135.82 - - [29/Oct/2021:09:53:56 +0800] "GET /xingrg/javascript/convert.js HTTP/1.1" 200 1239
120.253.135.82 - - [29/Oct/2021:09:53:57 +0800] "GET /xingrg/javascript/easyui/themes/icons/import_new.png HTTP/1.1" 200 1247
120.253.135.82 - - [29/Oct/2021:09:53:57 +0800] "GET /xingrg/javascript/easyui/themes/icons/field_new.png HTTP/1.1" 200 1097
120.253.135.82 - - [29/Oct/2021:09:53:57 +0800] "GET /xingrg/javascript/easyui/themes/icons/print_new.png HTTP/1.1" 200 3580
120.253.135.82 - - [29/Oct/2021:09:53:57 +0800] "GET /xingrg/javascript/easyui/themes/icons/refresh_new.png HTTP/1.1" 200 685
120.253.135.82 - - [29/Oct/2021:09:53:57 +0800] "GET /xingrg/javascript/easyui/themes/icons/filter_new.png HTTP/1.1" 200 795
120.253.135.82 - - [29/Oct/2021:09:53:57 +0800] "GET /xingrg/javascript/easyui/plugins/jquery.parser.js HTTP/1.1" 200 1142
120.253.135.82 - - [29/Oct/2021:09:53:57 +0800] "GET /xingrg/images/control/ajaxLoader.gif HTTP/1.1" 200 4659
120.253.135.82 - - [29/Oct/2021:09:53:57 +0800] "GET /xingrg/javascript/easyui/plugins/jquery.draggable.js HTTP/1.1" 200 6121
120.253.135.82 - - [29/Oct/2021:09:53:57 +0800] "GET /xingrg/javascript/easyui/plugins/jquery.droppable.js HTTP/1.1" 200 1167
120.253.135.82 - - [29/Oct/2021:09:53:57 +0800] "GET /xingrg/javascript/easyui/themes/default/tree.css HTTP/1.1" 404 1090
120.253.135.82 - - [29/Oct/2021:09:53:57 +0800] "GET /xingrg/javascript/easyui/plugins/jquery.tree.js HTTP/1.1" 200 20874
120.253.135.82 - - [29/Oct/2021:09:53:57 +0800] "GET /xingrg/all/common/auto_word.html?type=base&rest_code=00101 HTTP/1.1" 200 613
120.253.135.82 - - [29/Oct/2021:09:53:57 +0800] "POST /xingrg/all/common/load_tree.html?tree=materiel_sort_tree_json HTTP/1.1" 200 8912
120.253.135.82 - - [29/Oct/2021:09:53:57 +0800] "GET /xingrg/javascript/easyui/themes/sunny/images/tree_arrows.gif HTTP/1.1" 200 617
120.253.135.82 - - [29/Oct/2021:09:53:57 +0800] "GET /xingrg/javascript/easyui/themes/sunny/images/tree_file.gif HTTP/1.1" 200 118
120.253.135.82 - - [29/Oct/2021:09:53:57 +0800] "GET /xingrg/javascript/easyui/themes/sunny/images/tree_folder_open.gif HTTP/1.1" 200 956
120.253.135.82 - - [29/Oct/2021:09:53:57 +0800] "GET /xingrg/javascript/easyui/themes/sunny/images/tree_folder.gif HTTP/1.1" 200 952
120.253.135.82 - - [29/Oct/2021:09:53:58 +0800] "GET /xingrg/css/images/panel_loading.gif HTTP/1.1" 200 1737
120.253.135.82 - - [29/Oct/2021:09:53:58 +0800] "POST /xingrg/all/common/load_combo.html?type=base HTTP/1.1" 200 1075
222.70.179.155 - - [29/Oct/2021:09:54:00 +0800] "GET /xingrg/kc/buy/buy_main.html HTTP/1.1" 200 12412
222.70.179.155 - - [29/Oct/2021:09:54:00 +0800] "GET /xingrg/css/new_ie.css HTTP/1.1" 404 1036
222.70.179.155 - - [29/Oct/2021:09:54:01 +0800] "GET /xingrg/images/yd/bt.gif HTTP/1.1" 404 1040
58.37.227.186 - - [29/Oct/2021:09:54:01 +0800] "GET /xingrg/kc/buy/cgsh_order_operate.html?command=get_materiel&rest_code=00141&code=00101008223&supplier_code=00100007&order_time=2021-10-29 HTTP/1.1" 200 412
222.70.179.155 - - [29/Oct/2021:09:54:02 +0800] "GET /xingrg/kc/buy/cgsh_order_list.html HTTP/1.1" 200 48941
222.70.179.155 - - [29/Oct/2021:09:54:06 +0800] "POST /xingrg/kc/buy/cgsh_list_operate.html HTTP/1.1" 200 2774
58.37.227.186 - - [29/Oct/2021:09:54:11 +0800] "GET /xingrg/kc/buy/cgsh_order_operate.html?command=get_materiel&rest_code=00141&code=00101008236&supplier_code=00100007&order_time=2021-10-29 HTTP/1.1" 200 416
120.253.135.82 - - [29/Oct/2021:09:54:13 +0800] "POST /xingrg/kc/base/stock_operate.html HTTP/1.1" 200 2055
120.253.135.82 - - [29/Oct/2021:09:54:13 +0800] "GET /xingrg/javascript/jquery_tools/fix_table.js HTTP/1.1" 200 6528
58.221.95.50 - - [29/Oct/2021:09:54:13 +0800] "GET /xingrg/all/function/internal_message.html?_=1635472452177&CODE_STATE=getMsg HTTP/1.1" 200 27
114.85.125.222 - - [29/Oct/2021:09:54:13 +0800] "GET /xingrg/all/function/internal_message.html?_=1635472390748&CODE_STATE=getMsg HTTP/1.1" 200 27
222.69.128.126 - - [29/Oct/2021:09:54:16 +0800] "GET /xingrg/all/function/internal_message.html?_=1635472457034&CODE_STATE=getMsg HTTP/1.1" 200 27
222.69.128.126 - - [29/Oct/2021:09:54:16 +0800] "GET /xingrg/check_reg.html?_=1635472457678 HTTP/1.1" 200 22
58.37.227.186 - - [29/Oct/2021:09:54:20 +0800] "GET /xingrg/kc/buy/cgsh_order_operate.html?command=get_materiel&rest_code=00141&code=00101008168&supplier_code=00100007&order_time=2021-10-29 HTTP/1.1" 200 412
116.238.248.233 - - [29/Oct/2021:09:54:21 +0800] "GET /xingrg/all/function/internal_message.html?_=1635472459059&CODE_STATE=getMsg HTTP/1.1" 200 27
116.238.248.233 - - [29/Oct/2021:09:54:21 +0800] "GET /xingrg/check_reg.html?_=1635472459087 HTTP/1.1" 200 22
58.37.227.186 - - [29/Oct/2021:09:54:23 +0800] "POST /xingrg/kc/buy/cgsh_order_operate.html HTTP/1.1" 200 2065
180.169.147.146 - - [29/Oct/2021:09:54:25 +0800] "GET /xingrg/all/function/internal_message.html?_=1635472469865&CODE_STATE=getMsg HTTP/1.1" 200 27
114.85.125.222 - - [29/Oct/2021:09:54:25 +0800] "POST /xingrg/kc/buy/cgsh_order_operate.html HTTP/1.1" 200 37
114.86.225.146 - - [29/Oct/2021:09:54:27 +0800] "GET /xingrg/all/function/internal_message.html?_=1635472470554&CODE_STATE=getMsg HTTP/1.1" 200 27
58.37.227.186 - - [29/Oct/2021:09:54:27 +0800] "GET /xingrg/kc/buy/cgsh_order_operate.html?command=get_materiel&rest_code=00141&code=00101008114&supplier_code=00100007&order_time=2021-10-29 HTTP/1.1" 200 412
114.85.125.222 - - [29/Oct/2021:09:54:29 +0800] "POST /xingrg/kc/buy/cgsh_order_operate.html HTTP/1.1" 200 12
114.85.125.222 - - [29/Oct/2021:09:54:30 +0800] "GET /xingrg/kc/buy/cgsh_order_info.html?code=212021102912749 HTTP/1.1" 200 59528
114.85.125.222 - - [29/Oct/2021:09:54:30 +0800] "GET /xingrg/javascript/easyui/themes/default/validatebox.css HTTP/1.1" 404 1104
114.85.125.222 - - [29/Oct/2021:09:54:31 +0800] "POST /xingrg/kc/buy/cgsh_order_operate.html HTTP/1.1" 200 37293
114.85.125.222 - - [29/Oct/2021:09:54:33 +0800] "GET /xingrg/kc/print/load_data.html?order_code=212021102912749&kc_code=cgsh&condition= HTTP/1.1" 200 14659
58.37.227.186 - - [29/Oct/2021:09:54:36 +0800] "GET /xingrg/kc/buy/cgsh_order_operate.html?command=get_materiel&rest_code=00141&code=00101008160&supplier_code=00100007&order_time=2021-10-29 HTTP/1.1" 200 408
58.39.139.200 - - [29/Oct/2021:09:54:36 +0800] "GET /xingrg/all/function/internal_message.html?_=1635472476427&CODE_STATE=getMsg HTTP/1.1" 200 27
180.169.147.146 - - [29/Oct/2021:09:54:38 +0800] "GET /xingrg/check_reg.html?_=1635472482516 HTTP/1.1" 200 22
222.70.179.155 - - [29/Oct/2021:09:54:38 +0800] "GET /xingrg/all/function/internal_message.html?_=1635472475559&CODE_STATE=getMsg HTTP/1.1" 200 27
58.37.227.186 - - [29/Oct/2021:09:54:43 +0800] "GET /xingrg/kc/buy/cgsh_order_operate.html?command=get_materiel&rest_code=00141&code=00101020131&supplier_code=00100007&order_time=2021-10-29 HTTP/1.1" 200 416
180.169.147.146 - - [29/Oct/2021:09:54:45 +0800] "GET /xingrg/all/function/internal_message.html?_=1635472484512&CODE_STATE=getMsg HTTP/1.1" 200 27
124.78.153.86 - - [29/Oct/2021:09:54:46 +0800] "GET /xingrg/all/function/internal_message.html?_=1635472487984&CODE_STATE=getMsg HTTP/1.1" 200 27
114.85.125.222 - - [29/Oct/2021:09:54:46 +0800] "POST /xingrg/all/user/operate.html HTTP/1.1" 200 36
114.85.125.222 - - [29/Oct/2021:09:54:47 +0800] "GET /xingrg/index.html?sysBaseUrl=http%3A%2F%2F180.169.147.146%3A18081%2Fxingrg%2F&costTime=45×tamp=1635419773982 HTTP/1.1" 200 17177
114.85.125.222 - - [29/Oct/2021:09:54:47 +0800] "GET /xingrg/javascript/jquery_easy_ui/themes/default/easyui.css HTTP/1.1" 304 -
114.85.125.222 - - [29/Oct/2021:09:54:47 +0800] "GET /xingrg/javascript/jquery_easy_ui/themes/icon.css HTTP/1.1" 304 -
114.85.125.222 - - [29/Oct/2021:09:54:47 +0800] "GET /xingrg/css/form.css HTTP/1.1" 304 -
114.85.125.222 - - [29/Oct/2021:09:54:47 +0800] "GET /xingrg/javascript/jquery-1.4.2.min.js HTTP/1.1" 304 -
114.85.125.222 - - [29/Oct/2021:09:54:47 +0800] "GET /xingrg/javascript/jquery_easy_ui/jquery.easyui.min.js HTTP/1.1" 304 -
114.85.125.222 - - [29/Oct/2021:09:54:47 +0800] "GET /xingrg/javascript/jquery_easy_ui/easyui-lang-zh_CN.js HTTP/1.1" 304 -
114.85.125.222 - - [29/Oct/2021:09:54:47 +0800] "GET /xingrg/javascript/jquery.form.js HTTP/1.1" 304 -
114.85.125.222 - - [29/Oct/2021:09:54:47 +0800] "GET /xingrg/javascript/jquery.utils.js HTTP/1.1" 304 -
114.85.125.222 - - [29/Oct/2021:09:54:47 +0800] "GET /xingrg/javascript/jquery.timers.js HTTP/1.1" 304 -
114.85.125.222 - - [29/Oct/2021:09:54:47 +0800] "GET /xingrg/images/blue/jxLogo.png HTTP/1.1" 304 -
114.85.125.222 - - [29/Oct/2021:09:54:47 +0800] "GET /xingrg/images/blue/navBackgound.jpg HTTP/1.1" 304 -
114.85.125.222 - - [29/Oct/2021:09:54:47 +0800] "GET /xingrg/javascript/jquery_easy_ui/themes/icons/settle_new.png HTTP/1.1" 304 -
114.85.125.222 - - [29/Oct/2021:09:54:47 +0800] "GET /xingrg/images/blue/pingpu.png HTTP/1.1" 304 -
114.85.125.222 - - [29/Oct/2021:09:54:47 +0800] "POST /xingrg/all/common/load_tree.html?tree=area_rest_tree_json&manage=1 HTTP/1.1" 200 476
114.85.125.222 - - [29/Oct/2021:09:54:47 +0800] "GET /xingrg/javascript/jquery_easy_ui/themes/default/images/tabs_leftarrow.png HTTP/1.1" 304 -
114.85.125.222 - - [29/Oct/2021:09:54:47 +0800] "GET /xingrg/javascript/jquery_easy_ui/themes/default/images/tabs_rightarrow.png HTTP/1.1" 304 -
114.85.125.222 - - [29/Oct/2021:09:54:47 +0800] "GET /xingrg/javascript/jquery_easy_ui/themes/default/images/panel_tool_collapse.gif HTTP/1.1" 304 -
114.85.125.222 - - [29/Oct/2021:09:54:47 +0800] "GET /xingrg/all/function/internal_message.html?_=1635472425154&CODE_STATE=count HTTP/1.1" 200 11
114.85.125.222 - - [29/Oct/2021:09:54:47 +0800] "GET /xingrg/check_reg.html?_=1635472425155 HTTP/1.1" 200 22
114.85.125.222 - - [29/Oct/2021:09:54:47 +0800] "POST /xingrg/load_menu.html HTTP/1.1" 200 5138
58.37.227.186 - - [29/Oct/2021:09:54:50 +0800] "GET /xingrg/all/function/internal_message.html?_=1635472330506&CODE_STATE=getMsg HTTP/1.1" 200 27
114.85.125.222 - - [29/Oct/2021:09:54:50 +0800] "GET /xingrg/kc/buy/cgsh_order_list.html HTTP/1.1" 200 48945
180.169.147.146 - - [29/Oct/2021:09:54:51 +0800] "GET /xingrg/all/function/internal_message.html?_=1635472486540&CODE_STATE=getMsg HTTP/1.1" 200 27
180.169.147.146 - - [29/Oct/2021:09:54:52 +0800] "GET /xingrg/check_reg.html?_=1635472553352 HTTP/1.1" 200 22
180.169.147.146 - - [29/Oct/2021:09:54:52 +0800] "GET /xingrg/all/function/internal_message.html?_=1635472553353&CODE_STATE=getMsg HTTP/1.1" 200 27
120.253.135.82 - - [29/Oct/2021:09:54:53 +0800] "GET /xingrg/all/function/internal_message.html?_=1635472263298&CODE_STATE=getMsg HTTP/1.1" 200 27
114.85.125.222 - - [29/Oct/2021:09:54:53 +0800] "POST /xingrg/kc/buy/cgsh_list_operate.html HTTP/1.1" 200 2086
114.85.125.222 - - [29/Oct/2021:09:54:58 +0800] "POST /xingrg/kc/buy/cgsh_list_operate.html HTTP/1.1" 200 493
114.85.125.222 - - [29/Oct/2021:09:54:58 +0800] "GET /xingrg/kc/buy/cgsh_order_info.html?code=212021102912766 HTTP/1.1" 200 64342
114.85.125.222 - - [29/Oct/2021:09:54:59 +0800] "GET /xingrg/javascript/easyui/themes/default/validatebox.css HTTP/1.1" 404 1104
114.85.125.222 - - [29/Oct/2021:09:54:59 +0800] "POST /xingrg/kc/buy/cgsh_order_operate.html HTTP/1.1" 200 5050
58.37.227.186 - - [29/Oct/2021:09:55:06 +0800] "POST /xingrg/kc/buy/cgsh_order_operate.html HTTP/1.1" 200 37
114.85.125.222 - - [29/Oct/2021:09:55:07 +0800] "POST /xingrg/kc/buy/cgsh_order_operate.html HTTP/1.1" 200 37
114.85.125.222 - - [29/Oct/2021:09:55:10 +0800] "POST /xingrg/kc/buy/cgsh_order_operate.html HTTP/1.1" 200 12
58.37.227.186 - - [29/Oct/2021:09:55:12 +0800] "POST /xingrg/kc/buy/cgsh_order_operate.html HTTP/1.1" 200 12
114.85.125.222 - - [29/Oct/2021:09:55:12 +0800] "GET /xingrg/kc/buy/cgsh_order_info.html?code=212021102912766 HTTP/1.1" 200 59246
114.85.125.222 - - [29/Oct/2021:09:55:13 +0800] "GET /xingrg/javascript/easyui/themes/default/validatebox.css HTTP/1.1" 404 1104
58.221.95.50 - - [29/Oct/2021:09:55:13 +0800] "GET /xingrg/all/function/internal_message.html?_=1635472512200&CODE_STATE=getMsg HTTP/1.1" 200 27
114.85.125.222 - - [29/Oct/2021:09:55:13 +0800] "POST /xingrg/kc/buy/cgsh_order_operate.html HTTP/1.1" 200 2999
58.37.227.186 - - [29/Oct/2021:09:55:14 +0800] "GET /xingrg/kc/buy/cgsh_order_info.html?code=212021102912775 HTTP/1.1" 200 59594
58.37.227.186 - - [29/Oct/2021:09:55:15 +0800] "GET /xingrg/javascript/easyui/themes/default/validatebox.css HTTP/1.1" 404 1104
58.37.227.186 - - [29/Oct/2021:09:55:16 +0800] "POST /xingrg/kc/buy/cgsh_order_operate.html HTTP/1.1" 200 34837
222.69.128.126 - - [29/Oct/2021:09:55:16 +0800] "GET /xingrg/all/function/internal_message.html?_=1635472517010&CODE_STATE=getMsg HTTP/1.1" 200 27
114.85.125.222 - - [29/Oct/2021:09:55:16 +0800] "GET /xingrg/kc/print/load_data.html?order_code=212021102912766&kc_code=cgsh&condition= HTTP/1.1" 200 1655
116.238.248.233 - - [29/Oct/2021:09:55:21 +0800] "GET /xingrg/all/function/internal_message.html?_=1635472519087&CODE_STATE=getMsg HTTP/1.1" 200 27
58.37.227.186 - - [29/Oct/2021:09:55:24 +0800] "GET /xingrg/kc/print/load_data.html?order_code=212021102912775&kc_code=cgsh&condition= HTTP/1.1" 200 13649
180.169.147.146 - - [29/Oct/2021:09:55:25 +0800] "GET /xingrg/all/function/internal_message.html?_=1635472529845&CODE_STATE=getMsg HTTP/1.1" 200 27
114.86.225.146 - - [29/Oct/2021:09:55:27 +0800] "GET /xingrg/all/function/internal_message.html?_=1635472530556&CODE_STATE=getMsg HTTP/1.1" 200 27
58.39.139.200 - - [29/Oct/2021:09:55:36 +0800] "GET /xingrg/all/function/internal_message.html?_=1635472536427&CODE_STATE=getMsg HTTP/1.1" 200 27
222.70.179.155 - - [29/Oct/2021:09:55:38 +0800] "GET /xingrg/all/function/internal_message.html?_=1635472535559&CODE_STATE=getMsg HTTP/1.1" 200 27
180.169.147.146 - - [29/Oct/2021:09:55:45 +0800] "GET /xingrg/all/function/internal_message.html?_=1635472544501&CODE_STATE=getMsg HTTP/1.1" 200 27
180.169.147.146 - - [29/Oct/2021:09:55:45 +0800] "GET /xingrg/check_reg.html?_=1635472544503 HTTP/1.1" 200 22
124.78.153.86 - - [29/Oct/2021:09:55:46 +0800] "GET /xingrg/all/function/internal_message.html?_=1635472547984&CODE_STATE=getMsg HTTP/1.1" 200 27
114.85.125.222 - - [29/Oct/2021:09:55:47 +0800] "GET /xingrg/all/function/internal_message.html?_=1635472485166&CODE_STATE=getMsg HTTP/1.1" 200 27
58.37.227.186 - - [29/Oct/2021:09:55:50 +0800] "GET /xingrg/all/function/internal_message.html?_=1635472390516&CODE_STATE=getMsg HTTP/1.1" 200 27
180.169.147.146 - - [29/Oct/2021:09:55:51 +0800] "GET /xingrg/all/function/internal_message.html?_=1635472546525&CODE_STATE=getMsg HTTP/1.1" 200 27
180.169.147.146 - - [29/Oct/2021:09:55:52 +0800] "GET /xingrg/all/function/internal_message.html?_=1635472613352&CODE_STATE=getMsg HTTP/1.1" 200 27
120.253.135.82 - - [29/Oct/2021:09:55:53 +0800] "GET /xingrg/all/function/internal_message.html?_=1635472323312&CODE_STATE=getMsg HTTP/1.1" 200 27
58.221.95.50 - - [29/Oct/2021:09:56:13 +0800] "GET /xingrg/all/function/internal_message.html?_=1635472572169&CODE_STATE=getMsg HTTP/1.1" 200 27
222.69.128.126 - - [29/Oct/2021:09:56:16 +0800] "GET /xingrg/all/function/internal_message.html?_=1635472576995&CODE_STATE=getMsg HTTP/1.1" 200 27
114.85.125.222 - - [29/Oct/2021:09:56:16 +0800] "POST /xingrg/kc/buy/cgsh_list_operate.html HTTP/1.1" 200 561
114.85.125.222 - - [29/Oct/2021:09:56:17 +0800] "GET /xingrg/kc/buy/cgsh_order_info.html?code=212021102912765 HTTP/1.1" 200 64342
114.85.125.222 - - [29/Oct/2021:09:56:17 +0800] "GET /xingrg/javascript/easyui/themes/default/validatebox.css HTTP/1.1" 404 1104
114.85.125.222 - - [29/Oct/2021:09:56:18 +0800] "POST /xingrg/kc/buy/cgsh_order_operate.html HTTP/1.1" 200 20567
116.238.248.233 - - [29/Oct/2021:09:56:21 +0800] "GET /xingrg/all/function/internal_message.html?_=1635472579087&CODE_STATE=getMsg HTTP/1.1" 200 27
180.169.147.146 - - [29/Oct/2021:09:56:25 +0800] "GET /xingrg/all/function/internal_message.html?_=1635472589831&CODE_STATE=getMsg HTTP/1.1" 200 27
114.86.225.146 - - [29/Oct/2021:09:56:27 +0800] "GET /xingrg/all/function/internal_message.html?_=1635472590559&CODE_STATE=getMsg HTTP/1.1" 200 27
58.39.139.200 - - [29/Oct/2021:09:56:36 +0800] "GET /xingrg/all/function/internal_message.html?_=1635472596428&CODE_STATE=getMsg HTTP/1.1" 200 27
222.70.179.155 - - [29/Oct/2021:09:56:38 +0800] "GET /xingrg/all/function/internal_message.html?_=1635472595564&CODE_STATE=getMsg HTTP/1.1" 200 27
222.70.179.155 - - [29/Oct/2021:09:56:38 +0800] "GET /xingrg/check_reg.html?_=1635472595560 HTTP/1.1" 200 22
180.169.147.146 - - [29/Oct/2021:09:56:45 +0800] "GET /xingrg/all/function/internal_message.html?_=1635472604510&CODE_STATE=getMsg HTTP/1.1" 200 27
124.78.153.86 - - [29/Oct/2021:09:56:46 +0800] "GET /xingrg/all/function/internal_message.html?_=1635472607983&CODE_STATE=getMsg HTTP/1.1" 200 27
114.85.125.222 - - [29/Oct/2021:09:56:47 +0800] "GET /xingrg/all/function/internal_message.html?_=1635472545179&CODE_STATE=getMsg HTTP/1.1" 200 27
58.37.227.186 - - [29/Oct/2021:09:56:50 +0800] "GET /xingrg/all/function/internal_message.html?_=1635472450507&CODE_STATE=getMsg HTTP/1.1" 200 27
58.37.227.186 - - [29/Oct/2021:09:56:50 +0800] "GET /xingrg/check_reg.html?_=1635472450524 HTTP/1.1" 200 22
180.169.147.146 - - [29/Oct/2021:09:56:51 +0800] "GET /xingrg/all/function/internal_message.html?_=1635472606510&CODE_STATE=getMsg HTTP/1.1" 200 27
180.169.147.146 - - [29/Oct/2021:09:56:51 +0800] "GET /xingrg/check_reg.html?_=1635472606622 HTTP/1.1" 200 22
180.169.147.146 - - [29/Oct/2021:09:56:52 +0800] "GET /xingrg/all/function/internal_message.html?_=1635472673351&CODE_STATE=getMsg HTTP/1.1" 200 27
120.253.135.82 - - [29/Oct/2021:09:56:53 +0800] "GET /xingrg/all/function/internal_message.html?_=1635472383332&CODE_STATE=getMsg HTTP/1.1" 200 27
222.70.179.155 - - [29/Oct/2021:09:56:54 +0800] "POST /xingrg/kc/buy/cgsh_list_operate.html HTTP/1.1" 200 494
222.70.179.155 - - [29/Oct/2021:09:56:55 +0800] "GET /xingrg/kc/buy/cgsh_order_info.html?code=212021102912773 HTTP/1.1" 200 64688
222.70.179.155 - - [29/Oct/2021:09:56:55 +0800] "GET /xingrg/javascript/easyui/themes/default/validatebox.css HTTP/1.1" 404 1104
222.70.179.155 - - [29/Oct/2021:09:56:56 +0800] "POST /xingrg/kc/buy/cgsh_order_operate.html HTTP/1.1" 200 5015
222.70.179.155 - - [29/Oct/2021:09:56:57 +0800] "GET /xingrg/kc/print/load_data.html?order_code=212021102912773&kc_code=cgsh&condition= HTTP/1.1" 200 1613
222.70.179.155 - - [29/Oct/2021:09:57:04 +0800] "POST /xingrg/kc/buy/cgsh_list_operate.html HTTP/1.1" 200 572
222.70.179.155 - - [29/Oct/2021:09:57:05 +0800] "GET /xingrg/kc/buy/cgsh_order_info.html?code=212021102912750 HTTP/1.1" 200 64688
222.70.179.155 - - [29/Oct/2021:09:57:05 +0800] "GET /xingrg/javascript/easyui/themes/default/validatebox.css HTTP/1.1" 404 1104
222.70.179.155 - - [29/Oct/2021:09:57:06 +0800] "POST /xingrg/kc/buy/cgsh_order_operate.html HTTP/1.1" 200 34605
222.70.179.155 - - [29/Oct/2021:09:57:08 +0800] "GET /xingrg/kc/print/load_data.html?order_code=212021102912750&kc_code=cgsh HTTP/1.1" 200 12796
58.221.95.50 - - [29/Oct/2021:09:57:13 +0800] "GET /xingrg/all/function/internal_message.html?_=1635472632169&CODE_STATE=getMsg HTTP/1.1" 200 27
222.69.128.126 - - [29/Oct/2021:09:57:16 +0800] "GET /xingrg/all/function/internal_message.html?_=1635472636966&CODE_STATE=getMsg HTTP/1.1" 200 27
58.39.139.200 - - [29/Oct/2021:09:57:16 +0800] "GET /favicon.ico HTTP/1.1" 404 -
116.238.248.233 - - [29/Oct/2021:09:57:21 +0800] "GET /xingrg/all/function/internal_message.html?_=1635472639100&CODE_STATE=getMsg HTTP/1.1" 200 27
180.169.147.146 - - [29/Oct/2021:09:57:25 +0800] "GET /xingrg/all/function/internal_message.html?_=1635472649820&CODE_STATE=getMsg HTTP/1.1" 200 27
114.86.225.146 - - [29/Oct/2021:09:57:27 +0800] "GET /xingrg/all/function/internal_message.html?_=1635472650566&CODE_STATE=getMsg HTTP/1.1" 200 27
114.86.225.146 - - [29/Oct/2021:09:57:27 +0800] "GET /xingrg/check_reg.html?_=1635472650568 HTTP/1.1" 200 22
58.39.139.200 - - [29/Oct/2021:09:57:36 +0800] "GET /xingrg/all/function/internal_message.html?_=1635472656428&CODE_STATE=getMsg HTTP/1.1" 200 27
58.39.139.200 - - [29/Oct/2021:09:57:36 +0800] "GET /xingrg/check_reg.html?_=1635472656477 HTTP/1.1" 200 22
222.70.179.155 - - [29/Oct/2021:09:57:38 +0800] "GET /xingrg/all/function/internal_message.html?_=1635472655558&CODE_STATE=getMsg HTTP/1.1" 200 27
180.169.147.146 - - [29/Oct/2021:09:57:45 +0800] "GET /xingrg/all/function/internal_message.html?_=1635472664500&CODE_STATE=getMsg HTTP/1.1" 200 27
124.78.153.86 - - [29/Oct/2021:09:57:46 +0800] "GET /xingrg/check_reg.html?_=1635472667984 HTTP/1.1" 200 22
124.78.153.86 - - [29/Oct/2021:09:57:46 +0800] "GET /xingrg/all/function/internal_message.html?_=1635472667987&CODE_STATE=getMsg HTTP/1.1" 200 27
114.85.125.222 - - [29/Oct/2021:09:57:47 +0800] "GET /xingrg/all/function/internal_message.html?_=1635472605193&CODE_STATE=getMsg HTTP/1.1" 200 27
58.37.227.186 - - [29/Oct/2021:09:57:50 +0800] "GET /xingrg/all/function/internal_message.html?_=1635472510515&CODE_STATE=getMsg HTTP/1.1" 200 27
180.169.147.146 - - [29/Oct/2021:09:57:51 +0800] "GET /xingrg/all/function/internal_message.html?_=1635472666482&CODE_STATE=getMsg HTTP/1.1" 200 27
180.169.147.146 - - [29/Oct/2021:09:57:52 +0800] "GET /xingrg/all/function/internal_message.html?_=1635472733351&CODE_STATE=getMsg HTTP/1.1" 200 27
120.253.135.82 - - [29/Oct/2021:09:57:53 +0800] "GET /xingrg/all/function/internal_message.html?_=1635472443338&CODE_STATE=getMsg HTTP/1.1" 200 27
58.221.95.50 - - [29/Oct/2021:09:58:13 +0800] "GET /xingrg/check_reg.html?_=1635472692169 HTTP/1.1" 200 22
58.221.95.50 - - [29/Oct/2021:09:58:13 +0800] "GET /xingrg/all/function/internal_message.html?_=1635472692171&CODE_STATE=getMsg HTTP/1.1" 200 27
222.69.128.126 - - [29/Oct/2021:09:58:16 +0800] "GET /xingrg/all/function/internal_message.html?_=1635472696950&CODE_STATE=getMsg HTTP/1.1" 200 27
116.238.248.233 - - [29/Oct/2021:09:58:21 +0800] "GET /xingrg/all/function/internal_message.html?_=1635472699104&CODE_STATE=getMsg HTTP/1.1" 200 27
180.169.147.146 - - [29/Oct/2021:09:58:25 +0800] "GET /xingrg/all/function/internal_message.html?_=1635472709807&CODE_STATE=getMsg HTTP/1.1" 200 27
114.86.225.146 - - [29/Oct/2021:09:58:27 +0800] "GET /xingrg/all/function/internal_message.html?_=1635472710563&CODE_STATE=getMsg HTTP/1.1" 200 27
58.39.139.200 - - [29/Oct/2021:09:58:36 +0800] "GET /xingrg/all/function/internal_message.html?_=1635472716430&CODE_STATE=getMsg HTTP/1.1" 200 27
222.70.179.155 - - [29/Oct/2021:09:58:38 +0800] "GET /xingrg/all/function/internal_message.html?_=1635472715560&CODE_STATE=getMsg HTTP/1.1" 200 27
180.169.147.146 - - [29/Oct/2021:09:58:45 +0800] "GET /xingrg/all/function/internal_message.html?_=1635472724520&CODE_STATE=getMsg HTTP/1.1" 200 27
124.78.153.86 - - [29/Oct/2021:09:58:46 +0800] "GET /xingrg/all/function/internal_message.html?_=1635472727986&CODE_STATE=getMsg HTTP/1.1" 200 27
114.85.125.222 - - [29/Oct/2021:09:58:47 +0800] "GET /xingrg/all/function/internal_message.html?_=1635472665206&CODE_STATE=getMsg HTTP/1.1" 200 27
58.37.227.186 - - [29/Oct/2021:09:58:50 +0800] "GET /xingrg/all/function/internal_message.html?_=1635472570503&CODE_STATE=getMsg HTTP/1.1" 200 27
180.169.147.146 - - [29/Oct/2021:09:58:51 +0800] "GET /xingrg/all/function/internal_message.html?_=1635472726467&CODE_STATE=getMsg HTTP/1.1" 200 27
180.169.147.146 - - [29/Oct/2021:09:58:52 +0800] "GET /xingrg/all/function/internal_message.html?_=1635472793352&CODE_STATE=getMsg HTTP/1.1" 200 27
120.253.135.82 - - [29/Oct/2021:09:58:53 +0800] "GET /xingrg/check_reg.html?_=1635472503295 HTTP/1.1" 200 22
120.253.135.82 - - [29/Oct/2021:09:58:53 +0800] "GET /xingrg/all/function/internal_message.html?_=1635472503353&CODE_STATE=getMsg HTTP/1.1" 200 27
114.85.125.222 - - [29/Oct/2021:09:59:05 +0800] "POST /xingrg/kc/buy/cgsh_order_operate.html HTTP/1.1" 200 37
114.85.125.222 - - [29/Oct/2021:09:59:07 +0800] "POST /xingrg/kc/buy/cgsh_order_operate.html HTTP/1.1" 200 20566
114.85.125.222 - - [29/Oct/2021:09:59:10 +0800] "POST /xingrg/kc/buy/cgsh_list_operate.html HTTP/1.1" 200 1707
58.221.95.50 - - [29/Oct/2021:09:59:13 +0800] "GET /xingrg/all/function/internal_message.html?_=1635472752202&CODE_STATE=getMsg HTTP/1.1" 200 27
114.85.125.222 - - [29/Oct/2021:09:59:14 +0800] "POST /xingrg/kc/buy/cgsh_list_operate.html HTTP/1.1" 200 561
114.85.125.222 - - [29/Oct/2021:09:59:15 +0800] "GET /xingrg/kc/buy/cgsh_order_info.html?code=212021102912765 HTTP/1.1" 200 64342
114.85.125.222 - - [29/Oct/2021:09:59:16 +0800] "GET /xingrg/javascript/easyui/themes/default/validatebox.css HTTP/1.1" 404 1104
222.69.128.126 - - [29/Oct/2021:09:59:16 +0800] "GET /xingrg/all/function/internal_message.html?_=1635472756937&CODE_STATE=getMsg HTTP/1.1" 200 27
114.85.125.222 - - [29/Oct/2021:09:59:16 +0800] "POST /xingrg/kc/buy/cgsh_order_operate.html HTTP/1.1" 200 20566
222.69.128.126 - - [29/Oct/2021:09:59:16 +0800] "GET /xingrg/check_reg.html?_=1635472757675 HTTP/1.1" 200 22
116.238.248.233 - - [29/Oct/2021:09:59:21 +0800] "GET /xingrg/check_reg.html?_=1635472759105 HTTP/1.1" 200 22
116.238.248.233 - - [29/Oct/2021:09:59:21 +0800] "GET /xingrg/all/function/internal_message.html?_=1635472759109&CODE_STATE=getMsg HTTP/1.1" 200 27
180.169.147.146 - - [29/Oct/2021:09:59:25 +0800] "GET /xingrg/all/function/internal_message.html?_=1635472769790&CODE_STATE=getMsg HTTP/1.1" 200 27
114.86.225.146 - - [29/Oct/2021:09:59:27 +0800] "GET /xingrg/all/function/internal_message.html?_=1635472770565&CODE_STATE=getMsg HTTP/1.1" 200 27
58.39.139.200 - - [29/Oct/2021:09:59:36 +0800] "GET /xingrg/all/function/internal_message.html?_=1635472776431&CODE_STATE=getMsg HTTP/1.1" 200 27
180.169.147.146 - - [29/Oct/2021:09:59:38 +0800] "GET /xingrg/check_reg.html?_=1635472782491 HTTP/1.1" 200 22
222.70.179.155 - - [29/Oct/2021:09:59:38 +0800] "GET /xingrg/all/function/internal_message.html?_=1635472775562&CODE_STATE=getMsg HTTP/1.1" 200 27
180.169.147.146 - - [29/Oct/2021:09:59:45 +0800] "GET /xingrg/all/function/internal_message.html?_=1635472784508&CODE_STATE=getMsg HTTP/1.1" 200 27
124.78.153.86 - - [29/Oct/2021:09:59:46 +0800] "GET /xingrg/all/function/internal_message.html?_=1635472787987&CODE_STATE=getMsg HTTP/1.1" 200 27
114.85.125.222 - - [29/Oct/2021:09:59:47 +0800] "GET /xingrg/check_reg.html?_=1635472725160 HTTP/1.1" 200 22
114.85.125.222 - - [29/Oct/2021:09:59:47 +0800] "GET /xingrg/all/function/internal_message.html?_=1635472725219&CODE_STATE=getMsg HTTP/1.1" 200 27
58.37.227.186 - - [29/Oct/2021:09:59:50 +0800] "GET /xingrg/all/function/internal_message.html?_=1635472630512&CODE_STATE=getMsg HTTP/1.1" 200 27
180.169.147.146 - - [29/Oct/2021:09:59:51 +0800] "GET /xingrg/all/function/internal_message.html?_=1635472786452&CODE_STATE=getMsg HTTP/1.1" 200 27
180.169.147.146 - - [29/Oct/2021:09:59:52 +0800] "GET /xingrg/check_reg.html?_=1635472853351 HTTP/1.1" 200 22
180.169.147.146 - - [29/Oct/2021:09:59:52 +0800] "GET /xingrg/all/function/internal_message.html?_=1635472853355&CODE_STATE=getMsg HTTP/1.1" 200 27
120.253.135.82 - - [29/Oct/2021:09:59:53 +0800] "GET /xingrg/all/function/internal_message.html?_=1635472563366&CODE_STATE=getMsg HTTP/1.1" 200 27
58.35.211.196 - - [29/Oct/2021:09:59:56 +0800] "POST /xingrg/services/DataTransmitService HTTP/1.1" 200 524
58.221.95.50 - - [29/Oct/2021:10:00:13 +0800] "GET /xingrg/all/function/internal_message.html?_=1635472812201&CODE_STATE=getMsg HTTP/1.1" 200 27
222.69.128.126 - - [29/Oct/2021:10:00:16 +0800] "GET /xingrg/all/function/internal_message.html?_=1635472816926&CODE_STATE=getMsg HTTP/1.1" 200 27
116.238.248.233 - - [29/Oct/2021:10:00:21 +0800] "GET /xingrg/all/function/internal_message.html?_=1635472819109&CODE_STATE=getMsg HTTP/1.1" 200 27
180.169.147.146 - - [29/Oct/2021:10:00:25 +0800] "GET /xingrg/all/function/internal_message.html?_=1635472829769&CODE_STATE=getMsg HTTP/1.1" 200 27
114.86.225.146 - - [29/Oct/2021:10:00:27 +0800] "GET /xingrg/all/function/internal_message.html?_=1635472830567&CODE_STATE=getMsg HTTP/1.1" 200 27
58.39.139.200 - - [29/Oct/2021:10:00:36 +0800] "GET /xingrg/all/function/internal_message.html?_=1635472836430&CODE_STATE=getMsg HTTP/1.1" 200 27
222.70.179.155 - - [29/Oct/2021:10:00:38 +0800] "GET /xingrg/all/function/internal_message.html?_=1635472835568&CODE_STATE=getMsg HTTP/1.1" 200 27
180.169.147.146 - - [29/Oct/2021:10:00:45 +0800] "GET /xingrg/check_reg.html?_=1635472844518 HTTP/1.1" 200 22
180.169.147.146 - - [29/Oct/2021:10:00:45 +0800] "GET /xingrg/all/function/internal_message.html?_=1635472844520&CODE_STATE=getMsg HTTP/1.1" 200 27
