114.86.225.146 - - [29/Oct/2021:09:22:08 +0800] "GET /xingrg/kc/buy/cgsh_order_operate.html?command=get_materiel&rest_code=00109&code=00101008091&supplier_code=00100005&order_time=2021-10-29 HTTP/1.1" 200 413
58.39.139.200 - - [29/Oct/2021:09:22:12 +0800] "GET /xingrg/kc/buy/cgsh_order_operate.html?command=get_materiel&rest_code=00105&code=00101010136&supplier_code=00100203&order_time=2021-10-29 HTTP/1.1" 200 408
58.221.95.50 - - [29/Oct/2021:09:22:12 +0800] "GET /xingrg/all/function/internal_message.html?_=1635470532004&CODE_STATE=getMsg HTTP/1.1" 200 27
221.239.141.121 - - [29/Oct/2021:09:22:14 +0800] "GET /xingrg/all/function/internal_message.html?_=1635470521459&CODE_STATE=getMsg HTTP/1.1" 200 27
114.86.225.146 - - [29/Oct/2021:09:22:16 +0800] "GET /xingrg/kc/buy/cgsh_order_operate.html?command=get_materiel&rest_code=00109&code=00101008350&supplier_code=00100005&order_time=2021-10-29 HTTP/1.1" 200 408
222.69.128.126 - - [29/Oct/2021:09:22:16 +0800] "GET /xingrg/all/function/internal_message.html?_=1635470537504&CODE_STATE=getMsg HTTP/1.1" 200 27
114.85.125.222 - - [29/Oct/2021:09:22:18 +0800] "GET /xingrg/kc/buy/cgsh_order_add.html HTTP/1.1" 200 64615
58.39.139.200 - - [29/Oct/2021:09:22:18 +0800] "POST /xingrg/kc/buy/cgsh_order_operate.html HTTP/1.1" 200 37
114.85.125.222 - - [29/Oct/2021:09:22:20 +0800] "POST /xingrg/kc/buy/cgsh_order_operate.html HTTP/1.1" 200 8245
58.39.139.200 - - [29/Oct/2021:09:22:20 +0800] "POST /xingrg/kc/buy/cgsh_order_operate.html HTTP/1.1" 200 48183
114.85.125.222 - - [29/Oct/2021:09:22:20 +0800] "GET /xingrg/javascript/easyui/themes/default/validatebox.css HTTP/1.1" 404 1104
116.238.248.233 - - [29/Oct/2021:09:22:21 +0800] "GET /xingrg/all/function/internal_message.html?_=1635470538922&CODE_STATE=getMsg HTTP/1.1" 200 27
114.86.225.146 - - [29/Oct/2021:09:22:22 +0800] "GET /xingrg/kc/buy/cgsh_order_operate.html?command=get_materiel&rest_code=00109&code=00101008110&supplier_code=00100005&order_time=2021-10-29 HTTP/1.1" 200 408
180.169.147.146 - - [29/Oct/2021:09:22:25 +0800] "GET /xingrg/all/function/internal_message.html?_=1635470550419&CODE_STATE=getMsg HTTP/1.1" 200 27
114.85.125.222 - - [29/Oct/2021:09:22:28 +0800] "GET /xingrg/all/function/internal_message.html?_=1635470486480&CODE_STATE=getMsg HTTP/1.1" 200 27
114.86.225.146 - - [29/Oct/2021:09:22:29 +0800] "GET /xingrg/kc/buy/cgsh_order_operate.html?command=get_materiel&rest_code=00109&code=00101008163&supplier_code=00100005&order_time=2021-10-29 HTTP/1.1" 200 409
114.86.225.146 - - [29/Oct/2021:09:22:29 +0800] "GET /xingrg/all/function/internal_message.html?_=1635470553354&CODE_STATE=getMsg HTTP/1.1" 200 27
114.85.125.222 - - [29/Oct/2021:09:22:32 +0800] "GET /xingrg/kc/buy/cgsh_order_operate.html?command=get_materiel&rest_code=00150&code=00101009066&supplier_code=00100424&order_time=2021-10-29 HTTP/1.1" 200 416
114.86.225.146 - - [29/Oct/2021:09:22:36 +0800] "GET /xingrg/kc/buy/cgsh_order_operate.html?command=get_materiel&rest_code=00109&code=00101008148&supplier_code=00100005&order_time=2021-10-29 HTTP/1.1" 200 416
58.39.139.200 - - [29/Oct/2021:09:22:36 +0800] "GET /xingrg/all/function/internal_message.html?_=1635470556417&CODE_STATE=getMsg HTTP/1.1" 200 27
58.39.139.200 - - [29/Oct/2021:09:22:36 +0800] "GET /xingrg/check_reg.html?_=1635470556494 HTTP/1.1" 200 22
124.78.153.86 - - [29/Oct/2021:09:22:38 +0800] "GET /favicon.ico HTTP/1.1" 404 -
222.70.179.155 - - [29/Oct/2021:09:22:38 +0800] "GET /xingrg/all/function/internal_message.html?_=1635470555513&CODE_STATE=getMsg HTTP/1.1" 200 27
114.85.125.222 - - [29/Oct/2021:09:22:42 +0800] "GET /xingrg/kc/buy/cgsh_order_operate.html?command=get_materiel&rest_code=00150&code=00101009062&supplier_code=00100424&order_time=2021-10-29 HTTP/1.1" 200 412
124.78.153.86 - - [29/Oct/2021:09:22:43 +0800] "GET /xingrg/login.html?r=1 HTTP/1.1" 200 7641
124.78.153.86 - - [29/Oct/2021:09:22:44 +0800] "GET /favicon.ico HTTP/1.1" 404 -
124.78.153.86 - - [29/Oct/2021:09:22:46 +0800] "POST /xingrg/login.do HTTP/1.1" 302 -
124.78.153.86 - - [29/Oct/2021:09:22:46 +0800] "GET /xingrg/index.html?sysBaseUrl=http%3A%2F%2F180.169.147.146%3A18081%2Fxingrg%2F&costTime=109×tamp=1635470566016 HTTP/1.1" 200 17173
124.78.153.86 - - [29/Oct/2021:09:22:46 +0800] "GET /favicon.ico HTTP/1.1" 404 -
124.78.153.86 - - [29/Oct/2021:09:22:46 +0800] "POST /xingrg/all/common/load_tree.html?tree=area_rest_tree_json&manage=1 HTTP/1.1" 200 342
124.78.153.86 - - [29/Oct/2021:09:22:46 +0800] "GET /xingrg/check_reg.html?_=1635470567897 HTTP/1.1" 200 22
124.78.153.86 - - [29/Oct/2021:09:22:46 +0800] "GET /xingrg/all/function/internal_message.html?_=1635470567897&CODE_STATE=count HTTP/1.1" 200 11
124.78.153.86 - - [29/Oct/2021:09:22:46 +0800] "POST /xingrg/load_menu.html HTTP/1.1" 200 5138
114.86.225.146 - - [29/Oct/2021:09:22:47 +0800] "GET /xingrg/kc/buy/cgsh_order_operate.html?command=get_materiel&rest_code=00109&code=00101008264&supplier_code=00100005&order_time=2021-10-29 HTTP/1.1" 200 412
124.78.153.86 - - [29/Oct/2021:09:22:48 +0800] "GET /xingrg/kc/buy/buy_main.html HTTP/1.1" 200 12412
124.78.153.86 - - [29/Oct/2021:09:22:48 +0800] "GET /xingrg/css/new_ie.css HTTP/1.1" 404 1036
124.78.153.86 - - [29/Oct/2021:09:22:49 +0800] "GET /xingrg/images/yd/bt.gif HTTP/1.1" 404 1040
124.78.153.86 - - [29/Oct/2021:09:22:50 +0800] "GET /xingrg/kc/buy/cgsh_order_list.html HTTP/1.1" 200 48941
124.78.153.86 - - [29/Oct/2021:09:22:51 +0800] "POST /xingrg/kc/buy/cgsh_list_operate.html HTTP/1.1" 200 876
180.169.147.146 - - [29/Oct/2021:09:22:52 +0800] "GET /xingrg/all/function/internal_message.html?_=1635470633325&CODE_STATE=getMsg HTTP/1.1" 200 27
124.78.153.86 - - [29/Oct/2021:09:22:53 +0800] "GET /xingrg/kc/buy/cgsh_order_add.html HTTP/1.1" 200 64679
124.78.153.86 - - [29/Oct/2021:09:22:53 +0800] "GET /xingrg/words/20211027163635_words.js HTTP/1.1" 304 -
124.78.153.86 - - [29/Oct/2021:09:22:53 +0800] "GET /xingrg/javascript/easyui/themes/default/validatebox.css HTTP/1.1" 404 1104
124.78.153.86 - - [29/Oct/2021:09:22:53 +0800] "GET /xingrg/all/common/auto_word.html?type=employee&rest_code=00106 HTTP/1.1" 200 205
124.78.153.86 - - [29/Oct/2021:09:22:53 +0800] "GET /xingrg/all/common/auto_word.html?type=employee&rest_code=00106 HTTP/1.1" 200 205
124.78.153.86 - - [29/Oct/2021:09:22:53 +0800] "POST /xingrg/kc/buy/cgsh_order_operate.html HTTP/1.1" 200 8245
114.86.225.146 - - [29/Oct/2021:09:22:54 +0800] "GET /xingrg/kc/buy/cgsh_order_operate.html?command=get_materiel&rest_code=00109&code=00101008439&supplier_code=00100005&order_time=2021-10-29 HTTP/1.1" 200 399
124.78.153.86 - - [29/Oct/2021:09:22:56 +0800] "GET /xingrg/javascript/easyui/themes/default/tree.css HTTP/1.1" 404 1090
124.78.153.86 - - [29/Oct/2021:09:22:56 +0800] "POST /xingrg/all/common/load_tree.html?tree=supplier_tree_json&isDelete=1 HTTP/1.1" 200 60167
114.85.125.222 - - [29/Oct/2021:09:22:57 +0800] "GET /xingrg/kc/buy/cgsh_order_operate.html?command=get_materiel&rest_code=00150&code=00101009007&supplier_code=00100424&order_time=2021-10-29 HTTP/1.1" 200 408
114.86.225.146 - - [29/Oct/2021:09:23:00 +0800] "GET /xingrg/kc/buy/cgsh_order_operate.html?command=get_materiel&rest_code=00109&code=00101008362&supplier_code=00100005&order_time=2021-10-29 HTTP/1.1" 200 408
114.86.225.146 - - [29/Oct/2021:09:23:12 +0800] "GET /xingrg/kc/buy/cgsh_order_operate.html?command=get_materiel&rest_code=00109&code=00101008360&supplier_code=00100005&order_time=2021-10-29 HTTP/1.1" 200 413
58.221.95.50 - - [29/Oct/2021:09:23:12 +0800] "GET /xingrg/check_reg.html?_=1635470592031 HTTP/1.1" 200 22
58.221.95.50 - - [29/Oct/2021:09:23:12 +0800] "GET /xingrg/all/function/internal_message.html?_=1635470592033&CODE_STATE=getMsg HTTP/1.1" 200 27
221.239.141.121 - - [29/Oct/2021:09:23:15 +0800] "GET /xingrg/all/function/internal_message.html?_=1635470582471&CODE_STATE=getMsg HTTP/1.1" 200 27
222.69.128.126 - - [29/Oct/2021:09:23:16 +0800] "GET /xingrg/all/function/internal_message.html?_=1635470597514&CODE_STATE=getMsg HTTP/1.1" 200 27
114.86.225.146 - - [29/Oct/2021:09:23:19 +0800] "GET /xingrg/kc/buy/cgsh_order_operate.html?command=get_materiel&rest_code=00109&code=00101008270&supplier_code=00100005&order_time=2021-10-29 HTTP/1.1" 200 412
116.238.248.233 - - [29/Oct/2021:09:23:21 +0800] "GET /xingrg/all/function/internal_message.html?_=1635470598937&CODE_STATE=getMsg HTTP/1.1" 200 27
124.78.153.86 - - [29/Oct/2021:09:23:24 +0800] "GET /xingrg/javascript/auto/indicator.gif HTTP/1.1" 404 1066
180.169.147.146 - - [29/Oct/2021:09:23:25 +0800] "GET /xingrg/all/function/internal_message.html?_=1635470610409&CODE_STATE=getMsg HTTP/1.1" 200 27
114.85.125.222 - - [29/Oct/2021:09:23:28 +0800] "GET /xingrg/all/function/internal_message.html?_=1635470546494&CODE_STATE=getMsg HTTP/1.1" 200 27
114.86.225.146 - - [29/Oct/2021:09:23:29 +0800] "GET /xingrg/all/function/internal_message.html?_=1635470613341&CODE_STATE=getMsg HTTP/1.1" 200 27
114.86.225.146 - - [29/Oct/2021:09:23:29 +0800] "GET /xingrg/check_reg.html?_=1635470613343 HTTP/1.1" 200 22
124.78.153.86 - - [29/Oct/2021:09:23:31 +0800] "GET /xingrg/kc/buy/cgsh_order_operate.html?command=get_materiel&rest_code=00106&code=00101007061&supplier_code=00100002&order_time=2021-10-29 HTTP/1.1" 200 410
114.86.225.146 - - [29/Oct/2021:09:23:33 +0800] "GET /xingrg/kc/buy/cgsh_order_operate.html?command=get_materiel&rest_code=00109&code=00101008357&supplier_code=00100005&order_time=2021-10-29 HTTP/1.1" 200 408
58.39.139.200 - - [29/Oct/2021:09:23:36 +0800] "GET /xingrg/all/function/internal_message.html?_=1635470616400&CODE_STATE=getMsg HTTP/1.1" 200 27
114.85.125.222 - - [29/Oct/2021:09:23:38 +0800] "GET /xingrg/kc/buy/cgsh_order_operate.html?command=get_materiel&rest_code=00150&code=00101009016&supplier_code=00100424&order_time=2021-10-29 HTTP/1.1" 200 412
222.70.179.155 - - [29/Oct/2021:09:23:38 +0800] "GET /xingrg/all/function/internal_message.html?_=1635470615514&CODE_STATE=getMsg HTTP/1.1" 200 27
180.169.147.146 - - [29/Oct/2021:09:23:38 +0800] "GET /xingrg/javascript/jquery_easy_ui/themes/default/images/tabs_active.png HTTP/1.1" 200 2894
114.86.225.146 - - [29/Oct/2021:09:23:41 +0800] "GET /xingrg/kc/buy/cgsh_order_operate.html?command=get_materiel&rest_code=00109&code=00101008230&supplier_code=00100005&order_time=2021-10-29 HTTP/1.1" 200 408
124.78.153.86 - - [29/Oct/2021:09:23:46 +0800] "GET /xingrg/all/function/internal_message.html?_=1635470627907&CODE_STATE=getMsg HTTP/1.1" 200 27
114.85.125.222 - - [29/Oct/2021:09:23:46 +0800] "GET /xingrg/kc/buy/cgsh_order_operate.html?command=get_materiel&rest_code=00150&code=00101009013&supplier_code=00100424&order_time=2021-10-29 HTTP/1.1" 200 420
114.86.225.146 - - [29/Oct/2021:09:23:48 +0800] "GET /xingrg/kc/buy/cgsh_order_operate.html?command=get_materiel&rest_code=00109&code=00101008069&supplier_code=00100005&order_time=2021-10-29 HTTP/1.1" 200 412
222.69.128.126 - - [29/Oct/2021:09:23:48 +0800] "POST /xingrg/services/DataTransmitService HTTP/1.1" 401 565
222.69.128.126 - - [29/Oct/2021:09:23:48 +0800] "POST /xingrg/services/DataTransmitService HTTP/1.1" 200 478
222.69.128.126 - - [29/Oct/2021:09:23:48 +0800] "POST /xingrg/services/DataTransmitService HTTP/1.1" 200 1320
222.69.128.126 - - [29/Oct/2021:09:23:48 +0800] "POST /xingrg/services/DataTransmitService HTTP/1.1" 200 478
222.69.128.126 - - [29/Oct/2021:09:23:48 +0800] "POST /xingrg/services/DataTransmitService HTTP/1.1" 200 1320
222.69.128.126 - - [29/Oct/2021:09:23:48 +0800] "POST /xingrg/services/DataTransmitService HTTP/1.1" 200 524
222.69.128.126 - - [29/Oct/2021:09:23:48 +0800] "POST /xingrg/services/DataTransmitService HTTP/1.1" 200 1983
222.69.128.126 - - [29/Oct/2021:09:23:49 +0800] "POST /xingrg/services/DataTransmitService HTTP/1.1" 200 45454
222.69.128.126 - - [29/Oct/2021:09:23:49 +0800] "POST /xingrg/services/DataTransmitService HTTP/1.1" 200 19237
114.86.225.146 - - [29/Oct/2021:09:23:49 +0800] "POST /xingrg/kc/buy/cgsh_order_operate.html HTTP/1.1" 200 2065
180.169.147.146 - - [29/Oct/2021:09:23:52 +0800] "GET /xingrg/all/function/internal_message.html?_=1635470693324&CODE_STATE=getMsg HTTP/1.1" 200 27
222.69.128.126 - - [29/Oct/2021:09:23:52 +0800] "POST /xingrg/services/DataTransmitService HTTP/1.1" 200 524
222.69.128.126 - - [29/Oct/2021:09:23:52 +0800] "POST /xingrg/services/DataTransmitService HTTP/1.1" 200 1983
114.85.125.222 - - [29/Oct/2021:09:23:53 +0800] "POST /xingrg/kc/buy/cgsh_order_operate.html HTTP/1.1" 200 37
114.85.125.222 - - [29/Oct/2021:09:23:55 +0800] "POST /xingrg/kc/buy/cgsh_order_operate.html HTTP/1.1" 200 5025
114.86.225.146 - - [29/Oct/2021:09:23:56 +0800] "GET /xingrg/kc/buy/cgsh_order_operate.html?command=get_materiel&rest_code=00109&code=00101008286&supplier_code=00100005&order_time=2021-10-29 HTTP/1.1" 200 408
124.78.153.86 - - [29/Oct/2021:09:23:57 +0800] "GET /xingrg/kc/buy/cgsh_order_operate.html?command=get_materiel&rest_code=00106&code=00101007049&supplier_code=00100002&order_time=2021-10-29 HTTP/1.1" 200 411
58.37.227.186 - - [29/Oct/2021:09:24:02 +0800] "GET /xingrg/check_reg.html?_=1635470482499 HTTP/1.1" 302 -
114.86.225.146 - - [29/Oct/2021:09:24:04 +0800] "GET /xingrg/kc/buy/cgsh_order_operate.html?command=get_materiel&rest_code=00109&code=00101008036&supplier_code=00100005&order_time=2021-10-29 HTTP/1.1" 200 408
114.85.125.222 - - [29/Oct/2021:09:24:04 +0800] "GET /xingrg/javascript/jquery_easy_ui/themes/icons/ok.png HTTP/1.1" 304 -
114.85.125.222 - - [29/Oct/2021:09:24:04 +0800] "GET /xingrg/javascript/jquery_easy_ui/themes/default/images/panel_tools.gif HTTP/1.1" 304 -
114.85.125.222 - - [29/Oct/2021:09:24:04 +0800] "GET /xingrg/javascript/jquery_easy_ui/themes/default/images/panel_title.png HTTP/1.1" 304 -
221.239.141.121 - - [29/Oct/2021:09:24:05 +0800] "GET /xingrg/check_reg.html?_=1635470632454 HTTP/1.1" 200 22
114.85.125.222 - - [29/Oct/2021:09:24:09 +0800] "POST /xingrg/all/user/operate.html HTTP/1.1" 200 36
114.85.125.222 - - [29/Oct/2021:09:24:12 +0800] "GET /xingrg/javascript/jquery_easy_ui/themes/default/easyui.css HTTP/1.1" 304 -
114.85.125.222 - - [29/Oct/2021:09:24:12 +0800] "GET /xingrg/index.html?sysBaseUrl=http%3A%2F%2F180.169.147.146%3A18081%2Fxingrg%2F&costTime=45×tamp=1635419773982 HTTP/1.1" 200 17177
114.85.125.222 - - [29/Oct/2021:09:24:12 +0800] "GET /xingrg/javascript/jquery_easy_ui/themes/icon.css HTTP/1.1" 304 -
114.85.125.222 - - [29/Oct/2021:09:24:12 +0800] "GET /xingrg/css/form.css HTTP/1.1" 304 -
114.85.125.222 - - [29/Oct/2021:09:24:12 +0800] "GET /xingrg/javascript/jquery-1.4.2.min.js HTTP/1.1" 304 -
114.85.125.222 - - [29/Oct/2021:09:24:12 +0800] "GET /xingrg/javascript/jquery_easy_ui/jquery.easyui.min.js HTTP/1.1" 304 -
114.85.125.222 - - [29/Oct/2021:09:24:12 +0800] "GET /xingrg/javascript/jquery_easy_ui/easyui-lang-zh_CN.js HTTP/1.1" 304 -
114.85.125.222 - - [29/Oct/2021:09:24:12 +0800] "GET /xingrg/javascript/jquery.form.js HTTP/1.1" 304 -
114.85.125.222 - - [29/Oct/2021:09:24:12 +0800] "GET /xingrg/javascript/jquery.utils.js HTTP/1.1" 304 -
114.85.125.222 - - [29/Oct/2021:09:24:12 +0800] "GET /xingrg/javascript/jquery.timers.js HTTP/1.1" 304 -
114.85.125.222 - - [29/Oct/2021:09:24:12 +0800] "GET /xingrg/images/blue/navBackgound.jpg HTTP/1.1" 304 -
114.85.125.222 - - [29/Oct/2021:09:24:12 +0800] "GET /xingrg/javascript/jquery_easy_ui/themes/icons/settle_new.png HTTP/1.1" 304 -
114.85.125.222 - - [29/Oct/2021:09:24:12 +0800] "GET /xingrg/images/blue/jxLogo.png HTTP/1.1" 304 -
58.221.95.50 - - [29/Oct/2021:09:24:12 +0800] "GET /xingrg/all/function/internal_message.html?_=1635470652033&CODE_STATE=getMsg HTTP/1.1" 200 27
114.85.125.222 - - [29/Oct/2021:09:24:12 +0800] "GET /xingrg/images/blue/pingpu.png HTTP/1.1" 304 -
114.85.125.222 - - [29/Oct/2021:09:24:12 +0800] "GET /xingrg/javascript/jquery_easy_ui/themes/default/images/tabs_rightarrow.png HTTP/1.1" 304 -
114.85.125.222 - - [29/Oct/2021:09:24:12 +0800] "GET /xingrg/javascript/jquery_easy_ui/themes/default/images/tabs_leftarrow.png HTTP/1.1" 304 -
114.85.125.222 - - [29/Oct/2021:09:24:12 +0800] "GET /xingrg/javascript/jquery_easy_ui/themes/default/images/panel_tool_collapse.gif HTTP/1.1" 304 -
114.85.125.222 - - [29/Oct/2021:09:24:12 +0800] "POST /xingrg/all/common/load_tree.html?tree=area_rest_tree_json&manage=1 HTTP/1.1" 200 476
114.85.125.222 - - [29/Oct/2021:09:24:13 +0800] "GET /xingrg/check_reg.html?_=1635470590655 HTTP/1.1" 200 22
114.85.125.222 - - [29/Oct/2021:09:24:13 +0800] "GET /xingrg/all/function/internal_message.html?_=1635470590654&CODE_STATE=count HTTP/1.1" 200 11
114.85.125.222 - - [29/Oct/2021:09:24:13 +0800] "POST /xingrg/load_menu.html HTTP/1.1" 200 5138
114.85.125.222 - - [29/Oct/2021:09:24:13 +0800] "GET /xingrg/javascript/jquery_easy_ui/themes/icons/search_new.png HTTP/1.1" 304 -
114.85.125.222 - - [29/Oct/2021:09:24:13 +0800] "GET /xingrg/javascript/jquery_easy_ui/themes/icons/storage_new.png HTTP/1.1" 304 -
114.85.125.222 - - [29/Oct/2021:09:24:13 +0800] "GET /xingrg/javascript/jquery_easy_ui/themes/icons/forms_new.png HTTP/1.1" 304 -
124.78.153.86 - - [29/Oct/2021:09:24:14 +0800] "GET /xingrg/kc/buy/cgsh_order_operate.html?command=get_materiel&rest_code=00106&code=00101007077&supplier_code=00100002&order_time=2021-10-29 HTTP/1.1" 200 415
221.239.141.121 - - [29/Oct/2021:09:24:15 +0800] "GET /xingrg/all/function/internal_message.html?_=1635470642485&CODE_STATE=getMsg HTTP/1.1" 200 27
222.69.128.126 - - [29/Oct/2021:09:24:16 +0800] "GET /xingrg/all/function/internal_message.html?_=1635470657483&CODE_STATE=getMsg HTTP/1.1" 200 27
114.85.125.222 - - [29/Oct/2021:09:24:16 +0800] "GET /xingrg/javascript/jquery_easy_ui/themes/default/images/tabs_close.gif HTTP/1.1" 304 -
114.85.125.222 - - [29/Oct/2021:09:24:16 +0800] "GET /xingrg/kc/buy/cgsh_order_list.html HTTP/1.1" 200 48945
222.69.128.126 - - [29/Oct/2021:09:24:16 +0800] "GET /xingrg/check_reg.html?_=1635470657719 HTTP/1.1" 200 22
114.85.125.222 - - [29/Oct/2021:09:24:17 +0800] "POST /xingrg/kc/buy/cgsh_list_operate.html HTTP/1.1" 200 876
114.86.225.146 - - [29/Oct/2021:09:24:18 +0800] "GET /xingrg/kc/buy/cgsh_order_operate.html?command=get_materiel&rest_code=00109&code=00101008318&supplier_code=00100005&order_time=2021-10-29 HTTP/1.1" 200 408
114.85.125.222 - - [29/Oct/2021:09:24:20 +0800] "GET /xingrg/kc/buy/cgsh_order_add.html HTTP/1.1" 200 64333
114.85.125.222 - - [29/Oct/2021:09:24:20 +0800] "POST /xingrg/kc/buy/cgsh_order_operate.html HTTP/1.1" 200 8245
114.85.125.222 - - [29/Oct/2021:09:24:21 +0800] "GET /xingrg/all/common/auto_word.html?type=employee&rest_code=00151 HTTP/1.1" 200 293
114.85.125.222 - - [29/Oct/2021:09:24:21 +0800] "GET /xingrg/all/common/auto_word.html?type=employee&rest_code=00151 HTTP/1.1" 200 293
114.85.125.222 - - [29/Oct/2021:09:24:21 +0800] "GET /xingrg/javascript/easyui/themes/default/validatebox.css HTTP/1.1" 404 1104
116.238.248.233 - - [29/Oct/2021:09:24:21 +0800] "GET /xingrg/check_reg.html?_=1635470658930 HTTP/1.1" 200 22
116.238.248.233 - - [29/Oct/2021:09:24:21 +0800] "GET /xingrg/all/function/internal_message.html?_=1635470658940&CODE_STATE=getMsg HTTP/1.1" 200 27
114.85.125.222 - - [29/Oct/2021:09:24:21 +0800] "GET /xingrg/javascript/auto/indicator.gif HTTP/1.1" 404 1066
180.169.147.146 - - [29/Oct/2021:09:24:25 +0800] "GET /xingrg/all/function/internal_message.html?_=1635470670383&CODE_STATE=getMsg HTTP/1.1" 200 27
222.69.128.126 - - [29/Oct/2021:09:24:27 +0800] "POST /xingrg/services/DataTransmitService HTTP/1.1" 200 524
222.69.128.126 - - [29/Oct/2021:09:24:27 +0800] "POST /xingrg/services/DataTransmitService HTTP/1.1" 200 501
114.86.225.146 - - [29/Oct/2021:09:24:29 +0800] "GET /xingrg/all/function/internal_message.html?_=1635470673344&CODE_STATE=getMsg HTTP/1.1" 200 27
114.85.125.222 - - [29/Oct/2021:09:24:31 +0800] "GET /xingrg/kc/buy/cgsh_order_operate.html?command=get_materiel&rest_code=00151&code=00101008323&supplier_code=00100007&order_time=2021-10-29 HTTP/1.1" 200 408
222.69.128.126 - - [29/Oct/2021:09:24:33 +0800] "POST /xingrg/services/DataTransmitService HTTP/1.1" 200 524
58.39.139.200 - - [29/Oct/2021:09:24:36 +0800] "GET /xingrg/all/function/internal_message.html?_=1635470676400&CODE_STATE=getMsg HTTP/1.1" 200 27
180.169.147.146 - - [29/Oct/2021:09:24:38 +0800] "GET /xingrg/check_reg.html?_=1635470682604 HTTP/1.1" 200 22
222.70.179.155 - - [29/Oct/2021:09:24:38 +0800] "GET /xingrg/all/function/internal_message.html?_=1635470675515&CODE_STATE=getMsg HTTP/1.1" 200 27
114.85.125.222 - - [29/Oct/2021:09:24:41 +0800] "GET /xingrg/kc/buy/cgsh_order_operate.html?command=get_materiel&rest_code=00151&code=00101008352&supplier_code=00100007&order_time=2021-10-29 HTTP/1.1" 200 412
124.78.153.86 - - [29/Oct/2021:09:24:46 +0800] "GET /xingrg/all/function/internal_message.html?_=1635470687906&CODE_STATE=getMsg HTTP/1.1" 200 27
114.85.125.222 - - [29/Oct/2021:09:24:49 +0800] "GET /xingrg/kc/buy/cgsh_order_operate.html?command=get_materiel&rest_code=00151&code=00101008318&supplier_code=00100007&order_time=2021-10-29 HTTP/1.1" 200 408
124.78.153.86 - - [29/Oct/2021:09:24:51 +0800] "GET /xingrg/kc/buy/cgsh_order_operate.html?command=get_materiel&rest_code=00106&code=00101007059&supplier_code=00100002&order_time=2021-10-29 HTTP/1.1" 200 409
180.169.147.146 - - [29/Oct/2021:09:24:52 +0800] "GET /xingrg/check_reg.html?_=1635470753324 HTTP/1.1" 200 22
180.169.147.146 - - [29/Oct/2021:09:24:52 +0800] "GET /xingrg/all/function/internal_message.html?_=1635470753329&CODE_STATE=getMsg HTTP/1.1" 200 27
114.85.125.222 - - [29/Oct/2021:09:24:59 +0800] "GET /xingrg/kc/buy/cgsh_order_operate.html?command=get_materiel&rest_code=00151&code=00101008261&supplier_code=00100007&order_time=2021-10-29 HTTP/1.1" 200 408
114.85.125.222 - - [29/Oct/2021:09:25:09 +0800] "GET /xingrg/kc/buy/cgsh_order_operate.html?command=get_materiel&rest_code=00151&code=00101008115&supplier_code=00100007&order_time=2021-10-29 HTTP/1.1" 200 412
58.221.95.50 - - [29/Oct/2021:09:25:12 +0800] "GET /xingrg/all/function/internal_message.html?_=1635470712032&CODE_STATE=getMsg HTTP/1.1" 200 27
114.85.125.222 - - [29/Oct/2021:09:25:13 +0800] "GET /xingrg/all/function/internal_message.html?_=1635470650656&CODE_STATE=getMsg HTTP/1.1" 200 27
221.239.141.121 - - [29/Oct/2021:09:25:15 +0800] "GET /xingrg/all/function/internal_message.html?_=1635470702499&CODE_STATE=getMsg HTTP/1.1" 200 27
222.69.128.126 - - [29/Oct/2021:09:25:16 +0800] "GET /xingrg/all/function/internal_message.html?_=1635470717454&CODE_STATE=getMsg HTTP/1.1" 200 27
116.238.248.233 - - [29/Oct/2021:09:25:21 +0800] "GET /xingrg/all/function/internal_message.html?_=1635470718945&CODE_STATE=getMsg HTTP/1.1" 200 27
114.85.125.222 - - [29/Oct/2021:09:25:23 +0800] "GET /xingrg/kc/buy/cgsh_order_operate.html?command=get_materiel&rest_code=00151&code=00101008271&supplier_code=00100007&order_time=2021-10-29 HTTP/1.1" 200 408
124.78.153.86 - - [29/Oct/2021:09:25:25 +0800] "POST /xingrg/kc/buy/cgsh_order_operate.html HTTP/1.1" 200 37
180.169.147.146 - - [29/Oct/2021:09:25:25 +0800] "GET /xingrg/all/function/internal_message.html?_=1635470730360&CODE_STATE=getMsg HTTP/1.1" 200 27
124.78.153.86 - - [29/Oct/2021:09:25:27 +0800] "POST /xingrg/kc/buy/cgsh_order_operate.html HTTP/1.1" 200 4429
114.86.225.146 - - [29/Oct/2021:09:25:29 +0800] "GET /xingrg/all/function/internal_message.html?_=1635470733346&CODE_STATE=getMsg HTTP/1.1" 200 27
114.86.225.146 - - [29/Oct/2021:09:25:30 +0800] "GET /xingrg/kc/buy/cgsh_order_operate.html?command=get_materiel&rest_code=00109&code=00101008352&supplier_code=00100005&order_time=2021-10-29 HTTP/1.1" 200 412
114.85.125.222 - - [29/Oct/2021:09:25:35 +0800] "GET /xingrg/kc/buy/cgsh_order_operate.html?command=get_materiel&rest_code=00151&code=00101008361&supplier_code=00100007&order_time=2021-10-29 HTTP/1.1" 200 408
58.39.139.200 - - [29/Oct/2021:09:25:36 +0800] "GET /xingrg/all/function/internal_message.html?_=1635470736400&CODE_STATE=getMsg HTTP/1.1" 200 27
180.169.147.146 - - [29/Oct/2021:09:25:38 +0800] "GET /xingrg/login.html HTTP/1.1" 200 7641
180.169.147.146 - - [29/Oct/2021:09:25:38 +0800] "GET /xingrg/images/blue/jxLogo.png HTTP/1.1" 200 6156
222.70.179.155 - - [29/Oct/2021:09:25:38 +0800] "GET /xingrg/all/function/internal_message.html?_=1635470735516&CODE_STATE=getMsg HTTP/1.1" 200 27
180.169.147.146 - - [29/Oct/2021:09:25:38 +0800] "GET /xingrg/images/blue/login_bg.png HTTP/1.1" 200 22101
180.169.147.146 - - [29/Oct/2021:09:25:38 +0800] "GET /xingrg/images/blue/srbg.png HTTP/1.1" 200 138
180.169.147.146 - - [29/Oct/2021:09:25:38 +0800] "GET /xingrg/images/blue/hj.png HTTP/1.1" 200 1014
180.169.147.146 - - [29/Oct/2021:09:25:38 +0800] "GET /favicon.ico HTTP/1.1" 404 -
114.86.225.146 - - [29/Oct/2021:09:25:39 +0800] "GET /xingrg/kc/buy/cgsh_order_operate.html?command=get_materiel&rest_code=00109&code=00101008005&supplier_code=00100005&order_time=2021-10-29 HTTP/1.1" 200 412
114.86.225.146 - - [29/Oct/2021:09:25:41 +0800] "POST /xingrg/kc/buy/cgsh_order_operate.html HTTP/1.1" 200 2065
180.169.147.146 - - [29/Oct/2021:09:25:44 +0800] "POST /xingrg/login.do HTTP/1.1" 302 -
180.169.147.146 - - [29/Oct/2021:09:25:44 +0800] "GET /xingrg/index.html?sysBaseUrl=http%3A%2F%2F180.169.147.146%3A18081%2Fxingrg%2F&costTime=47×tamp=1635470744886 HTTP/1.1" 200 17503
180.169.147.146 - - [29/Oct/2021:09:25:44 +0800] "GET /xingrg/javascript/jquery_easy_ui/themes/icon.css HTTP/1.1" 200 3949
180.169.147.146 - - [29/Oct/2021:09:25:44 +0800] "GET /xingrg/javascript/jquery_easy_ui/themes/default/easyui.css HTTP/1.1" 200 26500
180.169.147.146 - - [29/Oct/2021:09:25:44 +0800] "GET /xingrg/javascript/jquery-1.4.2.min.js HTTP/1.1" 200 72205
180.169.147.146 - - [29/Oct/2021:09:25:44 +0800] "GET /xingrg/css/form.css HTTP/1.1" 200 893
180.169.147.146 - - [29/Oct/2021:09:25:44 +0800] "GET /xingrg/javascript/jquery_easy_ui/easyui-lang-zh_CN.js HTTP/1.1" 200 1900
180.169.147.146 - - [29/Oct/2021:09:25:44 +0800] "GET /xingrg/javascript/jquery.utils.js HTTP/1.1" 200 11805
180.169.147.146 - - [29/Oct/2021:09:25:44 +0800] "GET /xingrg/javascript/jquery_easy_ui/jquery.easyui.min.js HTTP/1.1" 200 213662
180.169.147.146 - - [29/Oct/2021:09:25:44 +0800] "GET /xingrg/javascript/jquery.form.js HTTP/1.1" 200 23110
180.169.147.146 - - [29/Oct/2021:09:25:44 +0800] "GET /xingrg/javascript/jquery.timers.js HTTP/1.1" 200 3532
180.169.147.146 - - [29/Oct/2021:09:25:44 +0800] "GET /favicon.ico HTTP/1.1" 404 -
180.169.147.146 - - [29/Oct/2021:09:25:45 +0800] "GET /xingrg/javascript/jquery_easy_ui/themes/icons/settle_new.png HTTP/1.1" 200 826
180.169.147.146 - - [29/Oct/2021:09:25:45 +0800] "GET /xingrg/images/blue/navBackgound.jpg HTTP/1.1" 200 12378
180.169.147.146 - - [29/Oct/2021:09:25:45 +0800] "POST /xingrg/all/common/load_tree.html?tree=area_rest_tree_json&manage=1 HTTP/1.1" 200 582
180.169.147.146 - - [29/Oct/2021:09:25:45 +0800] "GET /xingrg/all/function/internal_message.html?_=1635470744495&CODE_STATE=count HTTP/1.1" 200 11
180.169.147.146 - - [29/Oct/2021:09:25:45 +0800] "GET /xingrg/check_reg.html?_=1635470744496 HTTP/1.1" 200 22
180.169.147.146 - - [29/Oct/2021:09:25:45 +0800] "GET /xingrg/images/blue/pingpu.png HTTP/1.1" 200 231
180.169.147.146 - - [29/Oct/2021:09:25:45 +0800] "GET /xingrg/javascript/jquery_easy_ui/themes/default/images/tabs_leftarrow.png HTTP/1.1" 200 389
180.169.147.146 - - [29/Oct/2021:09:25:45 +0800] "GET /xingrg/javascript/jquery_easy_ui/themes/default/images/tabs_rightarrow.png HTTP/1.1" 200 395
180.169.147.146 - - [29/Oct/2021:09:25:45 +0800] "GET /xingrg/javascript/jquery_easy_ui/themes/default/images/panel_tool_expand.gif HTTP/1.1" 200 247
180.169.147.146 - - [29/Oct/2021:09:25:45 +0800] "GET /xingrg/javascript/jquery_easy_ui/themes/default/images/panel_tool_collapse.gif HTTP/1.1" 200 246
180.169.147.146 - - [29/Oct/2021:09:25:45 +0800] "POST /xingrg/load_menu.html HTTP/1.1" 200 11564
180.169.147.146 - - [29/Oct/2021:09:25:45 +0800] "GET /xingrg/javascript/jquery_easy_ui/themes/default/images/tree_arrows.gif HTTP/1.1" 200 1043
180.169.147.146 - - [29/Oct/2021:09:25:45 +0800] "GET /xingrg/javascript/jquery_easy_ui/themes/default/images/tree_folder_open.gif HTTP/1.1" 200 956
180.169.147.146 - - [29/Oct/2021:09:25:45 +0800] "GET /xingrg/javascript/jquery_easy_ui/themes/icons/search_new.png HTTP/1.1" 200 586
180.169.147.146 - - [29/Oct/2021:09:25:45 +0800] "GET /xingrg/javascript/jquery_easy_ui/themes/icons/delivery_new.png HTTP/1.1" 200 700
180.169.147.146 - - [29/Oct/2021:09:25:45 +0800] "GET /xingrg/javascript/jquery_easy_ui/themes/icons/storage_new.png HTTP/1.1" 200 853
180.169.147.146 - - [29/Oct/2021:09:25:45 +0800] "GET /xingrg/javascript/jquery_easy_ui/themes/icons/checkout_new.png HTTP/1.1" 200 744
180.169.147.146 - - [29/Oct/2021:09:25:45 +0800] "GET /xingrg/javascript/jquery_easy_ui/themes/icons/forms_new.png HTTP/1.1" 200 350
180.169.147.146 - - [29/Oct/2021:09:25:45 +0800] "GET /xingrg/javascript/jquery_easy_ui/themes/icons/setting_new.png HTTP/1.1" 200 450
180.169.147.146 - - [29/Oct/2021:09:25:45 +0800] "GET /xingrg/javascript/jquery_easy_ui/themes/icons/systemset_new.png HTTP/1.1" 200 606
180.169.147.146 - - [29/Oct/2021:09:25:45 +0800] "GET /xingrg/javascript/jquery_easy_ui/themes/default/images/tree_file.gif HTTP/1.1" 200 118
180.169.147.146 - - [29/Oct/2021:09:25:45 +0800] "GET /xingrg/javascript/jquery_easy_ui/themes/default/images/tree_folder.gif HTTP/1.1" 200 952
114.86.225.146 - - [29/Oct/2021:09:25:45 +0800] "GET /xingrg/kc/buy/cgsh_order_operate.html?command=get_materiel&rest_code=00109&code=00101008312&supplier_code=00100005&order_time=2021-10-29 HTTP/1.1" 200 412
114.85.125.222 - - [29/Oct/2021:09:25:45 +0800] "GET /xingrg/kc/buy/cgsh_order_operate.html?command=get_materiel&rest_code=00151&code=00101008300&supplier_code=00100007&order_time=2021-10-29 HTTP/1.1" 200 412
124.78.153.86 - - [29/Oct/2021:09:25:46 +0800] "GET /xingrg/all/function/internal_message.html?_=1635470747912&CODE_STATE=getMsg HTTP/1.1" 200 27
180.169.147.146 - - [29/Oct/2021:09:25:50 +0800] "GET /xingrg/system/info/materiel_manager.html HTTP/1.1" 200 19497
180.169.147.146 - - [29/Oct/2021:09:25:50 +0800] "GET /xingrg/javascript/jquery_easy_ui/themes/default/images/tabs_close.gif HTTP/1.1" 200 829
180.169.147.146 - - [29/Oct/2021:09:25:50 +0800] "GET /xingrg/css/blue.css HTTP/1.1" 200 15949
180.169.147.146 - - [29/Oct/2021:09:25:50 +0800] "GET /xingrg/css/xtree.css HTTP/1.1" 200 880
180.169.147.146 - - [29/Oct/2021:09:25:50 +0800] "GET /xingrg/javascript/jquery_ui/themes/base/base.css HTTP/1.1" 200 28568
180.169.147.146 - - [29/Oct/2021:09:25:50 +0800] "GET /xingrg/javascript/pic_change.js HTTP/1.1" 200 4739
180.169.147.146 - - [29/Oct/2021:09:25:50 +0800] "GET /xingrg/dwr/interface/AjaxBaseInfoService.js HTTP/1.1" 200 21363
180.169.147.146 - - [29/Oct/2021:09:25:50 +0800] "GET /xingrg/dwr/interface/AjaxComOrderService.js HTTP/1.1" 200 18264
180.169.147.146 - - [29/Oct/2021:09:25:50 +0800] "GET /xingrg/dwr/util.js HTTP/1.1" 200 35990
180.169.147.146 - - [29/Oct/2021:09:25:50 +0800] "GET /xingrg/dwr/engine.js HTTP/1.1" 200 43631
180.169.147.146 - - [29/Oct/2021:09:25:50 +0800] "GET /xingrg/javascript/Grid.js HTTP/1.1" 200 58908
180.169.147.146 - - [29/Oct/2021:09:25:50 +0800] "GET /xingrg/javascript/myfunction.js HTTP/1.1" 200 24559
180.169.147.146 - - [29/Oct/2021:09:25:50 +0800] "GET /xingrg/javascript/ToolTips.js HTTP/1.1" 200 5615
180.169.147.146 - - [29/Oct/2021:09:25:50 +0800] "GET /xingrg/javascript/print/LodopFuncs.js HTTP/1.1" 200 5121
180.169.147.146 - - [29/Oct/2021:09:25:50 +0800] "GET /xingrg/javascript/Calendar.js HTTP/1.1" 200 31561
180.169.147.146 - - [29/Oct/2021:09:25:50 +0800] "GET /xingrg/javascript/xtree.js HTTP/1.1" 200 26582
114.86.225.146 - - [29/Oct/2021:09:25:50 +0800] "GET /xingrg/kc/buy/cgsh_order_operate.html?command=get_materiel&rest_code=00109&code=00101008095&supplier_code=00100005&order_time=2021-10-29 HTTP/1.1" 200 412
180.169.147.146 - - [29/Oct/2021:09:25:50 +0800] "GET /xingrg/images/xtree/openfoldericon.png HTTP/1.1" 200 232
180.169.147.146 - - [29/Oct/2021:09:25:50 +0800] "GET /xingrg/javascript/jquery_easy_ui/themes/icons/import_new.png HTTP/1.1" 200 1247
180.169.147.146 - - [29/Oct/2021:09:25:50 +0800] "GET /xingrg/javascript/jquery_easy_ui/themes/icons/print_new.png HTTP/1.1" 200 3580
180.169.147.146 - - [29/Oct/2021:09:25:50 +0800] "GET /xingrg/javascript/jquery_easy_ui/themes/icons/back_new.png HTTP/1.1" 200 3414
180.169.147.146 - - [29/Oct/2021:09:25:50 +0800] "GET /xingrg/images/blue/wait.gif HTTP/1.1" 200 1100
180.169.147.146 - - [29/Oct/2021:09:25:50 +0800] "POST /xingrg/dwr/call/plaincall/AjaxBaseInfoService.getSubMaterielSorts.dwr HTTP/1.1" 200 219
180.169.147.146 - - [29/Oct/2021:09:25:50 +0800] "GET /xingrg/images/xtree/foldericon.png HTTP/1.1" 200 229
180.169.147.146 - - [29/Oct/2021:09:25:50 +0800] "GET /xingrg/images/xtree/Tplus.png HTTP/1.1" 200 222
180.169.147.146 - - [29/Oct/2021:09:25:50 +0800] "GET /xingrg/images/xtree/Lplus.png HTTP/1.1" 200 224
180.169.147.146 - - [29/Oct/2021:09:25:51 +0800] "POST /xingrg/dwr/call/plaincall/AjaxBaseInfoService.getMateriels.dwr HTTP/1.1" 200 2929
180.169.147.146 - - [29/Oct/2021:09:25:52 +0800] "GET /xingrg/all/function/internal_message.html?_=1635470813316&CODE_STATE=getMsg HTTP/1.1" 200 27
180.169.147.146 - - [29/Oct/2021:09:25:52 +0800] "POST /xingrg/dwr/call/plaincall/AjaxBaseInfoService.getSubMaterielSorts.dwr HTTP/1.1" 200 3635
180.169.147.146 - - [29/Oct/2021:09:25:52 +0800] "GET /xingrg/images/xtree/I.png HTTP/1.1" 200 148
180.169.147.146 - - [29/Oct/2021:09:25:52 +0800] "GET /xingrg/images/xtree/L.png HTTP/1.1" 200 153
180.169.147.146 - - [29/Oct/2021:09:25:52 +0800] "GET /xingrg/images/xtree/file.png HTTP/1.1" 200 251
180.169.147.146 - - [29/Oct/2021:09:25:52 +0800] "GET /xingrg/images/xtree/T.png HTTP/1.1" 200 152
180.169.147.146 - - [29/Oct/2021:09:25:52 +0800] "GET /xingrg/images/xtree/L.png HTTP/1.1" 200 153
180.169.147.146 - - [29/Oct/2021:09:25:52 +0800] "GET /xingrg/images/xtree/Tminus.png HTTP/1.1" 200 207
180.169.147.146 - - [29/Oct/2021:09:25:52 +0800] "POST /xingrg/dwr/call/plaincall/AjaxBaseInfoService.getMateriels.dwr HTTP/1.1" 200 2928
180.169.147.146 - - [29/Oct/2021:09:25:54 +0800] "POST /xingrg/dwr/call/plaincall/AjaxBaseInfoService.getMateriels.dwr HTTP/1.1" 200 2959
114.85.125.222 - - [29/Oct/2021:09:25:55 +0800] "GET /xingrg/kc/buy/cgsh_order_operate.html?command=get_materiel&rest_code=00151&code=00101008286&supplier_code=00100007&order_time=2021-10-29 HTTP/1.1" 200 408
114.86.225.146 - - [29/Oct/2021:09:25:55 +0800] "GET /xingrg/kc/buy/cgsh_order_operate.html?command=get_materiel&rest_code=00109&code=00101008196&supplier_code=00100005&order_time=2021-10-29 HTTP/1.1" 200 416
180.169.147.146 - - [29/Oct/2021:09:25:57 +0800] "GET /xingrg/system/info/materiel_info.html?code=00101008&isAdd=1 HTTP/1.1" 200 35192
180.169.147.146 - - [29/Oct/2021:09:25:57 +0800] "GET /xingrg/dwr/interface/AjaxGetFirstChart.js HTTP/1.1" 200 631
180.169.147.146 - - [29/Oct/2021:09:25:57 +0800] "GET /xingrg/javascript/checkform.js HTTP/1.1" 200 18351
180.169.147.146 - - [29/Oct/2021:09:25:57 +0800] "GET /xingrg/dwr/engine.js HTTP/1.1" 200 43631
180.169.147.146 - - [29/Oct/2021:09:25:57 +0800] "GET /favicon.ico HTTP/1.1" 404 -
180.169.147.146 - - [29/Oct/2021:09:25:57 +0800] "POST /xingrg/all/common/load_tree.html?tree=area_rest_tree_json HTTP/1.1" 200 3472
180.169.147.146 - - [29/Oct/2021:09:25:57 +0800] "POST /xingrg/dwr/call/plaincall/AjaxBaseInfoService.getMaterielInfo.dwr HTTP/1.1" 200 210
180.169.147.146 - - [29/Oct/2021:09:25:57 +0800] "POST /xingrg/all/common/load_tree.html?tree=area_rest_tree_json&defaultRests=undefined HTTP/1.1" 200 3472
180.169.147.146 - - [29/Oct/2021:09:25:57 +0800] "GET /xingrg/javascript/jquery_easy_ui/themes/default/images/tree_checkbox_0.gif HTTP/1.1" 200 168
180.169.147.146 - - [29/Oct/2021:09:25:57 +0800] "GET /xingrg/javascript/jquery_easy_ui/themes/icons/area.png HTTP/1.1" 200 262
180.169.147.146 - - [29/Oct/2021:09:25:57 +0800] "GET /xingrg/javascript/jquery_easy_ui/themes/icons/manage.png HTTP/1.1" 200 696
180.169.147.146 - - [29/Oct/2021:09:25:57 +0800] "GET /xingrg/javascript/jquery_easy_ui/themes/icons/rest.png HTTP/1.1" 200 695
180.169.147.146 - - [29/Oct/2021:09:26:00 +0800] "POST /xingrg/dwr/call/plaincall/AjaxGetFirstChart.getFirstChart.dwr HTTP/1.1" 200 81
114.86.225.146 - - [29/Oct/2021:09:26:07 +0800] "GET /xingrg/kc/buy/cgsh_order_operate.html?command=get_materiel&rest_code=00109&code=00101008197&supplier_code=00100005&order_time=2021-10-29 HTTP/1.1" 200 416
114.86.225.146 - - [29/Oct/2021:09:26:12 +0800] "GET /xingrg/kc/buy/cgsh_order_operate.html?command=get_materiel&rest_code=00109&code=00101008221&supplier_code=00100005&order_time=2021-10-29 HTTP/1.1" 200 412
58.221.95.50 - - [29/Oct/2021:09:26:12 +0800] "GET /xingrg/all/function/internal_message.html?_=1635470772035&CODE_STATE=getMsg HTTP/1.1" 200 27
114.85.125.222 - - [29/Oct/2021:09:26:13 +0800] "GET /xingrg/all/function/internal_message.html?_=1635470710669&CODE_STATE=getMsg HTTP/1.1" 200 27
114.86.225.146 - - [29/Oct/2021:09:26:14 +0800] "POST /xingrg/kc/buy/cgsh_order_operate.html HTTP/1.1" 200 2065
221.239.141.121 - - [29/Oct/2021:09:26:16 +0800] "GET /xingrg/all/function/internal_message.html?_=1635470763431&CODE_STATE=getMsg HTTP/1.1" 200 27
222.69.128.126 - - [29/Oct/2021:09:26:16 +0800] "GET /xingrg/all/function/internal_message.html?_=1635470777438&CODE_STATE=getMsg HTTP/1.1" 200 27
114.86.225.146 - - [29/Oct/2021:09:26:20 +0800] "GET /xingrg/kc/buy/cgsh_order_operate.html?command=get_materiel&rest_code=00109&code=00101008027&supplier_code=00100005&order_time=2021-10-29 HTTP/1.1" 200 409
180.169.147.146 - - [29/Oct/2021:09:26:21 +0800] "POST /xingrg/dwr/call/plaincall/AjaxBaseInfoService.changeUnitGroup.dwr HTTP/1.1" 200 243
116.238.248.233 - - [29/Oct/2021:09:26:21 +0800] "GET /xingrg/all/function/internal_message.html?_=1635470778951&CODE_STATE=getMsg HTTP/1.1" 200 27
180.169.147.146 - - [29/Oct/2021:09:26:22 +0800] "POST /xingrg/dwr/call/plaincall/AjaxBaseInfoService.saveMateriel.dwr HTTP/1.1" 200 109
180.169.147.146 - - [29/Oct/2021:09:26:22 +0800] "POST /xingrg/dwr/call/plaincall/AjaxBaseInfoService.getMateriels.dwr HTTP/1.1" 200 2959
114.85.125.222 - - [29/Oct/2021:09:26:23 +0800] "GET /xingrg/kc/buy/cgsh_order_operate.html?command=get_materiel&rest_code=00151&code=00101008049&supplier_code=00100007&order_time=2021-10-29 HTTP/1.1" 200 408
180.169.147.146 - - [29/Oct/2021:09:26:25 +0800] "GET /xingrg/system/info/materiel_info.html?code=00101008&isAdd=1 HTTP/1.1" 200 35192
180.169.147.146 - - [29/Oct/2021:09:26:25 +0800] "GET /xingrg/dwr/interface/AjaxGetFirstChart.js HTTP/1.1" 200 631
180.169.147.146 - - [29/Oct/2021:09:26:25 +0800] "GET /xingrg/dwr/interface/AjaxBaseInfoService.js HTTP/1.1" 200 21363
180.169.147.146 - - [29/Oct/2021:09:26:25 +0800] "GET /xingrg/dwr/interface/AjaxComOrderService.js HTTP/1.1" 200 18264
180.169.147.146 - - [29/Oct/2021:09:26:25 +0800] "GET /xingrg/dwr/engine.js HTTP/1.1" 200 43631
180.169.147.146 - - [29/Oct/2021:09:26:25 +0800] "POST /xingrg/dwr/call/plaincall/AjaxBaseInfoService.getMaterielInfo.dwr HTTP/1.1" 200 210
180.169.147.146 - - [29/Oct/2021:09:26:25 +0800] "POST /xingrg/all/common/load_tree.html?tree=area_rest_tree_json HTTP/1.1" 200 3472
180.169.147.146 - - [29/Oct/2021:09:26:25 +0800] "POST /xingrg/all/common/load_tree.html?tree=area_rest_tree_json&defaultRests=undefined HTTP/1.1" 200 3472
180.169.147.146 - - [29/Oct/2021:09:26:25 +0800] "GET /xingrg/all/function/internal_message.html?_=1635470790345&CODE_STATE=getMsg HTTP/1.1" 200 27
114.86.225.146 - - [29/Oct/2021:09:26:26 +0800] "GET /xingrg/kc/buy/cgsh_order_operate.html?command=get_materiel&rest_code=00109&code=00101008055&supplier_code=00100005&order_time=2021-10-29 HTTP/1.1" 200 409
114.86.225.146 - - [29/Oct/2021:09:26:29 +0800] "GET /xingrg/all/function/internal_message.html?_=1635470793348&CODE_STATE=getMsg HTTP/1.1" 200 27
114.85.125.222 - - [29/Oct/2021:09:26:31 +0800] "GET /xingrg/kc/buy/cgsh_order_operate.html?command=get_materiel&rest_code=00151&code=00101012039&supplier_code=00100007&order_time=2021-10-29 HTTP/1.1" 200 408
114.86.225.146 - - [29/Oct/2021:09:26:31 +0800] "GET /xingrg/kc/buy/cgsh_order_operate.html?command=get_materiel&rest_code=00109&code=00101008257&supplier_code=00100005&order_time=2021-10-29 HTTP/1.1" 200 416
58.39.139.200 - - [29/Oct/2021:09:26:36 +0800] "GET /xingrg/all/function/internal_message.html?_=1635470796403&CODE_STATE=getMsg HTTP/1.1" 200 27
114.86.225.146 - - [29/Oct/2021:09:26:37 +0800] "GET /xingrg/kc/buy/cgsh_order_operate.html?command=get_materiel&rest_code=00109&code=00101008350&supplier_code=00100005&order_time=2021-10-29 HTTP/1.1" 200 408
222.70.179.155 - - [29/Oct/2021:09:26:38 +0800] "GET /xingrg/all/function/internal_message.html?_=1635470795515&CODE_STATE=getMsg HTTP/1.1" 200 27
222.70.179.155 - - [29/Oct/2021:09:26:38 +0800] "GET /xingrg/check_reg.html?_=1635470795517 HTTP/1.1" 200 22
180.169.147.146 - - [29/Oct/2021:09:26:45 +0800] "GET /xingrg/all/function/internal_message.html?_=1635470804510&CODE_STATE=getMsg HTTP/1.1" 200 27
124.78.153.86 - - [29/Oct/2021:09:26:46 +0800] "GET /xingrg/all/function/internal_message.html?_=1635470807905&CODE_STATE=getMsg HTTP/1.1" 200 27
180.169.147.146 - - [29/Oct/2021:09:26:52 +0800] "GET /xingrg/all/function/internal_message.html?_=1635470873315&CODE_STATE=getMsg HTTP/1.1" 200 27
114.85.125.222 - - [29/Oct/2021:09:26:58 +0800] "GET /xingrg/kc/buy/cgsh_order_operate.html?command=get_materiel&rest_code=00151&code=00101016025&supplier_code=00100007&order_time=2021-10-29 HTTP/1.1" 200 408
114.85.125.222 - - [29/Oct/2021:09:27:04 +0800] "GET /xingrg/kc/buy/cgsh_order_operate.html?command=get_materiel&rest_code=00151&code=00101008353&supplier_code=00100007&order_time=2021-10-29 HTTP/1.1" 200 408
114.86.225.146 - - [29/Oct/2021:09:27:04 +0800] "GET /xingrg/kc/buy/cgsh_order_operate.html?command=get_materiel&rest_code=00109&code=00101008352&supplier_code=00100005&order_time=2021-10-29 HTTP/1.1" 200 412
114.85.125.222 - - [29/Oct/2021:09:27:12 +0800] "GET /xingrg/kc/buy/cgsh_order_operate.html?command=get_materiel&rest_code=00151&code=00101008362&supplier_code=00100007&order_time=2021-10-29 HTTP/1.1" 200 408
58.221.95.50 - - [29/Oct/2021:09:27:12 +0800] "GET /xingrg/all/function/internal_message.html?_=1635470832035&CODE_STATE=getMsg HTTP/1.1" 200 27
114.85.125.222 - - [29/Oct/2021:09:27:13 +0800] "GET /xingrg/all/function/internal_message.html?_=1635470770684&CODE_STATE=getMsg HTTP/1.1" 200 27
221.239.141.121 - - [29/Oct/2021:09:27:16 +0800] "GET /xingrg/all/function/internal_message.html?_=1635470823446&CODE_STATE=getMsg HTTP/1.1" 200 27
222.69.128.126 - - [29/Oct/2021:09:27:16 +0800] "GET /xingrg/all/function/internal_message.html?_=1635470837410&CODE_STATE=getMsg HTTP/1.1" 200 27
114.86.225.146 - - [29/Oct/2021:09:27:19 +0800] "POST /xingrg/kc/buy/cgsh_order_operate.html HTTP/1.1" 200 37
114.85.125.222 - - [29/Oct/2021:09:27:21 +0800] "GET /xingrg/kc/buy/cgsh_order_operate.html?command=get_materiel&rest_code=00151&code=00101008017&supplier_code=00100007&order_time=2021-10-29 HTTP/1.1" 200 416
114.86.225.146 - - [29/Oct/2021:09:27:21 +0800] "POST /xingrg/kc/buy/cgsh_order_operate.html HTTP/1.1" 200 21602
116.238.248.233 - - [29/Oct/2021:09:27:21 +0800] "GET /xingrg/all/function/internal_message.html?_=1635470838957&CODE_STATE=getMsg HTTP/1.1" 200 27
114.86.225.146 - - [29/Oct/2021:09:27:22 +0800] "GET /xingrg/logout.do HTTP/1.1" 302 -
114.86.225.146 - - [29/Oct/2021:09:27:22 +0800] "GET /xingrg/login.html?sysBaseUrl=http%3A%2F%2F180.169.147.146%3A18081%2Fxingrg%2F&costTime=2×tamp=1635470842518 HTTP/1.1" 200 7641
180.169.147.146 - - [29/Oct/2021:09:27:25 +0800] "GET /xingrg/all/function/internal_message.html?_=1635470850330&CODE_STATE=getMsg HTTP/1.1" 200 27
114.86.225.146 - - [29/Oct/2021:09:27:26 +0800] "POST /xingrg/login.do HTTP/1.1" 302 -
114.86.225.146 - - [29/Oct/2021:09:27:27 +0800] "GET /xingrg/index.html?sysBaseUrl=http%3A%2F%2F180.169.147.146%3A18081%2Fxingrg%2F&costTime=52×tamp=1635470846998 HTTP/1.1" 200 17173
114.86.225.146 - - [29/Oct/2021:09:27:27 +0800] "POST /xingrg/all/common/load_tree.html?tree=area_rest_tree_json&manage=1 HTTP/1.1" 200 342
114.86.225.146 - - [29/Oct/2021:09:27:27 +0800] "GET /xingrg/all/function/internal_message.html?_=1635470850499&CODE_STATE=count HTTP/1.1" 200 11
114.86.225.146 - - [29/Oct/2021:09:27:27 +0800] "GET /xingrg/check_reg.html?_=1635470850500 HTTP/1.1" 200 22
114.86.225.146 - - [29/Oct/2021:09:27:27 +0800] "POST /xingrg/load_menu.html HTTP/1.1" 200 5138
114.85.125.222 - - [29/Oct/2021:09:27:28 +0800] "GET /xingrg/kc/buy/cgsh_order_operate.html?command=get_materiel&rest_code=00151&code=00101008137&supplier_code=00100007&order_time=2021-10-29 HTTP/1.1" 200 408
114.86.225.146 - - [29/Oct/2021:09:27:28 +0800] "GET /xingrg/kc/buy/buy_main.html HTTP/1.1" 200 12412
114.86.225.146 - - [29/Oct/2021:09:27:28 +0800] "GET /xingrg/css/new_ie.css HTTP/1.1" 404 1036
114.86.225.146 - - [29/Oct/2021:09:27:29 +0800] "GET /xingrg/kc/buy/cgsh_order_list.html HTTP/1.1" 200 48941
114.86.225.146 - - [29/Oct/2021:09:27:32 +0800] "POST /xingrg/kc/buy/cgsh_list_operate.html HTTP/1.1" 200 2385
114.86.225.146 - - [29/Oct/2021:09:27:35 +0800] "POST /xingrg/kc/buy/cgsh_list_operate.html HTTP/1.1" 200 578
114.86.225.146 - - [29/Oct/2021:09:27:36 +0800] "GET /xingrg/words/20211029092622_words.js HTTP/1.1" 200 860687
114.86.225.146 - - [29/Oct/2021:09:27:36 +0800] "GET /xingrg/kc/buy/cgsh_order_info.html?code=212021102912764 HTTP/1.1" 200 64729
114.86.225.146 - - [29/Oct/2021:09:27:36 +0800] "GET /xingrg/javascript/easyui/themes/default/validatebox.css HTTP/1.1" 404 1104
114.86.225.146 - - [29/Oct/2021:09:27:36 +0800] "GET /xingrg/all/common/auto_word.html?type=employee&rest_code=00109 HTTP/1.1" 200 255
114.86.225.146 - - [29/Oct/2021:09:27:36 +0800] "GET /xingrg/all/common/auto_word.html?type=employee&rest_code=00109 HTTP/1.1" 200 255
58.39.139.200 - - [29/Oct/2021:09:27:36 +0800] "GET /xingrg/all/function/internal_message.html?_=1635470856404&CODE_STATE=getMsg HTTP/1.1" 200 27
58.39.139.200 - - [29/Oct/2021:09:27:36 +0800] "GET /xingrg/check_reg.html?_=1635470856469 HTTP/1.1" 200 22
114.86.225.146 - - [29/Oct/2021:09:27:37 +0800] "POST /xingrg/kc/buy/cgsh_order_operate.html HTTP/1.1" 200 21602
222.70.179.155 - - [29/Oct/2021:09:27:38 +0800] "GET /xingrg/all/function/internal_message.html?_=1635470855515&CODE_STATE=getMsg HTTP/1.1" 200 27
114.85.125.222 - - [29/Oct/2021:09:27:40 +0800] "GET /xingrg/kc/buy/cgsh_order_operate.html?command=get_materiel&rest_code=00151&code=00101008102&supplier_code=00100007&order_time=2021-10-29 HTTP/1.1" 200 413
180.169.147.146 - - [29/Oct/2021:09:27:45 +0800] "GET /xingrg/all/function/internal_message.html?_=1635470864509&CODE_STATE=getMsg HTTP/1.1" 200 27
124.78.153.86 - - [29/Oct/2021:09:27:46 +0800] "GET /xingrg/check_reg.html?_=1635470867905 HTTP/1.1" 200 22
124.78.153.86 - - [29/Oct/2021:09:27:46 +0800] "GET /xingrg/all/function/internal_message.html?_=1635470867908&CODE_STATE=getMsg HTTP/1.1" 200 27
114.86.225.146 - - [29/Oct/2021:09:27:46 +0800] "GET /xingrg/kc/buy/cgsh_order_operate.html?command=get_materiel&rest_code=00109&code=00101008644&supplier_code=00100005&order_time=2021-10-29 HTTP/1.1" 200 406
114.85.125.222 - - [29/Oct/2021:09:27:47 +0800] "GET /xingrg/kc/buy/cgsh_order_operate.html?command=get_materiel&rest_code=00151&code=00101008125&supplier_code=00100007&order_time=2021-10-29 HTTP/1.1" 200 413
180.169.147.146 - - [29/Oct/2021:09:27:52 +0800] "GET /xingrg/all/function/internal_message.html?_=1635470933330&CODE_STATE=getMsg HTTP/1.1" 200 27
114.86.225.146 - - [29/Oct/2021:09:27:58 +0800] "POST /xingrg/kc/buy/cgsh_order_operate.html HTTP/1.1" 200 37
114.85.125.222 - - [29/Oct/2021:09:28:08 +0800] "GET /xingrg/kc/buy/cgsh_order_operate.html?command=get_materiel&rest_code=00151&code=00101008033&supplier_code=00100007&order_time=2021-10-29 HTTP/1.1" 200 408
58.221.95.50 - - [29/Oct/2021:09:28:12 +0800] "GET /xingrg/check_reg.html?_=1635470892021 HTTP/1.1" 200 22
58.221.95.50 - - [29/Oct/2021:09:28:12 +0800] "GET /xingrg/all/function/internal_message.html?_=1635470892037&CODE_STATE=getMsg HTTP/1.1" 200 27
114.85.125.222 - - [29/Oct/2021:09:28:13 +0800] "GET /xingrg/all/function/internal_message.html?_=1635470830696&CODE_STATE=getMsg HTTP/1.1" 200 27
222.69.128.126 - - [29/Oct/2021:09:28:16 +0800] "GET /xingrg/all/function/internal_message.html?_=1635470897395&CODE_STATE=getMsg HTTP/1.1" 200 27
221.239.141.121 - - [29/Oct/2021:09:28:17 +0800] "GET /xingrg/all/function/internal_message.html?_=1635470884380&CODE_STATE=getMsg HTTP/1.1" 200 27
116.238.248.233 - - [29/Oct/2021:09:28:21 +0800] "GET /xingrg/all/function/internal_message.html?_=1635470898958&CODE_STATE=getMsg HTTP/1.1" 200 27
180.169.147.146 - - [29/Oct/2021:09:28:25 +0800] "GET /xingrg/all/function/internal_message.html?_=1635470910299&CODE_STATE=getMsg HTTP/1.1" 200 27
58.39.139.200 - - [29/Oct/2021:09:28:36 +0800] "GET /xingrg/all/function/internal_message.html?_=1635470916405&CODE_STATE=getMsg HTTP/1.1" 200 27
222.70.179.155 - - [29/Oct/2021:09:28:38 +0800] "GET /xingrg/all/function/internal_message.html?_=1635470915516&CODE_STATE=getMsg HTTP/1.1" 200 27
180.169.147.146 - - [29/Oct/2021:09:28:45 +0800] "GET /xingrg/all/function/internal_message.html?_=1635470924513&CODE_STATE=getMsg HTTP/1.1" 200 27
124.78.153.86 - - [29/Oct/2021:09:28:46 +0800] "GET /xingrg/all/function/internal_message.html?_=1635470927909&CODE_STATE=getMsg HTTP/1.1" 200 27
180.169.147.146 - - [29/Oct/2021:09:28:52 +0800] "GET /xingrg/all/function/internal_message.html?_=1635470993315&CODE_STATE=getMsg HTTP/1.1" 200 27
58.37.227.186 - - [29/Oct/2021:09:29:02 +0800] "GET /xingrg/check_reg.html?_=1635470782467 HTTP/1.1" 302 -
221.239.141.121 - - [29/Oct/2021:09:29:05 +0800] "GET /xingrg/check_reg.html?_=1635470932463 HTTP/1.1" 200 22
58.221.95.50 - - [29/Oct/2021:09:29:12 +0800] "GET /xingrg/all/function/internal_message.html?_=1635470952064&CODE_STATE=getMsg HTTP/1.1" 200 27
