124.78.153.86 - - [29/Oct/2021:10:00:46 +0800] "GET /xingrg/all/function/internal_message.html?_=1635472847987&CODE_STATE=getMsg HTTP/1.1" 200 27
114.85.125.222 - - [29/Oct/2021:10:00:47 +0800] "GET /xingrg/all/function/internal_message.html?_=1635472785233&CODE_STATE=getMsg HTTP/1.1" 200 27
58.37.227.186 - - [29/Oct/2021:10:00:50 +0800] "GET /xingrg/all/function/internal_message.html?_=1635472690506&CODE_STATE=getMsg HTTP/1.1" 200 27
180.169.147.146 - - [29/Oct/2021:10:00:51 +0800] "GET /xingrg/all/function/internal_message.html?_=1635472846464&CODE_STATE=getMsg HTTP/1.1" 200 27
180.169.147.146 - - [29/Oct/2021:10:00:52 +0800] "GET /xingrg/all/function/internal_message.html?_=1635472913342&CODE_STATE=getMsg HTTP/1.1" 200 27
120.253.135.82 - - [29/Oct/2021:10:00:53 +0800] "GET /xingrg/all/function/internal_message.html?_=1635472623380&CODE_STATE=getMsg HTTP/1.1" 200 27
58.221.95.50 - - [29/Oct/2021:10:01:13 +0800] "GET /xingrg/all/function/internal_message.html?_=1635472872204&CODE_STATE=getMsg HTTP/1.1" 200 27
222.69.128.126 - - [29/Oct/2021:10:01:16 +0800] "GET /xingrg/all/function/internal_message.html?_=1635472876915&CODE_STATE=getMsg HTTP/1.1" 200 27
116.238.248.233 - - [29/Oct/2021:10:01:21 +0800] "GET /xingrg/all/function/internal_message.html?_=1635472879098&CODE_STATE=getMsg HTTP/1.1" 200 27
180.169.147.146 - - [29/Oct/2021:10:01:25 +0800] "GET /xingrg/all/function/internal_message.html?_=1635472889752&CODE_STATE=getMsg HTTP/1.1" 200 27
114.86.225.146 - - [29/Oct/2021:10:01:27 +0800] "GET /xingrg/all/function/internal_message.html?_=1635472890569&CODE_STATE=getMsg HTTP/1.1" 200 27
114.85.125.222 - - [29/Oct/2021:10:01:27 +0800] "POST /xingrg/kc/buy/cgsh_order_operate.html HTTP/1.1" 200 37
58.39.139.200 - - [29/Oct/2021:10:01:36 +0800] "GET /xingrg/all/function/internal_message.html?_=1635472896431&CODE_STATE=getMsg HTTP/1.1" 200 27
114.85.125.222 - - [29/Oct/2021:10:01:37 +0800] "POST /xingrg/kc/buy/cgsh_order_operate.html HTTP/1.1" 200 12
222.70.179.155 - - [29/Oct/2021:10:01:38 +0800] "GET /xingrg/check_reg.html?_=1635472895569 HTTP/1.1" 200 22
222.70.179.155 - - [29/Oct/2021:10:01:38 +0800] "GET /xingrg/all/function/internal_message.html?_=1635472895573&CODE_STATE=getMsg HTTP/1.1" 200 27
114.85.125.222 - - [29/Oct/2021:10:01:38 +0800] "GET /xingrg/kc/buy/cgsh_order_info.html?code=212021102912765 HTTP/1.1" 200 59246
114.85.125.222 - - [29/Oct/2021:10:01:39 +0800] "GET /xingrg/javascript/easyui/themes/default/validatebox.css HTTP/1.1" 404 1104
114.85.125.222 - - [29/Oct/2021:10:01:39 +0800] "POST /xingrg/kc/buy/cgsh_order_operate.html HTTP/1.1" 200 18510
114.85.125.222 - - [29/Oct/2021:10:01:44 +0800] "GET /xingrg/kc/print/load_data.html?order_code=212021102912765&kc_code=cgsh&condition= HTTP/1.1" 200 7639
180.169.147.146 - - [29/Oct/2021:10:01:45 +0800] "GET /xingrg/all/function/internal_message.html?_=1635472904507&CODE_STATE=getMsg HTTP/1.1" 200 27
124.78.153.86 - - [29/Oct/2021:10:01:46 +0800] "GET /xingrg/all/function/internal_message.html?_=1635472907988&CODE_STATE=getMsg HTTP/1.1" 200 27
114.85.125.222 - - [29/Oct/2021:10:01:47 +0800] "GET /xingrg/all/function/internal_message.html?_=1635472845247&CODE_STATE=getMsg HTTP/1.1" 200 27
58.37.227.186 - - [29/Oct/2021:10:01:50 +0800] "GET /xingrg/all/function/internal_message.html?_=1635472750515&CODE_STATE=getMsg HTTP/1.1" 200 27
58.37.227.186 - - [29/Oct/2021:10:01:50 +0800] "GET /xingrg/check_reg.html?_=1635472750516 HTTP/1.1" 200 22
180.169.147.146 - - [29/Oct/2021:10:01:51 +0800] "GET /xingrg/all/function/internal_message.html?_=1635472906449&CODE_STATE=getMsg HTTP/1.1" 200 27
180.169.147.146 - - [29/Oct/2021:10:01:51 +0800] "GET /xingrg/check_reg.html?_=1635472906622 HTTP/1.1" 200 22
180.169.147.146 - - [29/Oct/2021:10:01:52 +0800] "GET /xingrg/all/function/internal_message.html?_=1635472973341&CODE_STATE=getMsg HTTP/1.1" 200 27
120.253.135.82 - - [29/Oct/2021:10:01:53 +0800] "GET /xingrg/all/function/internal_message.html?_=1635472683393&CODE_STATE=getMsg HTTP/1.1" 200 27
58.221.95.50 - - [29/Oct/2021:10:02:13 +0800] "GET /xingrg/all/function/internal_message.html?_=1635472932203&CODE_STATE=getMsg HTTP/1.1" 200 27
222.69.128.126 - - [29/Oct/2021:10:02:16 +0800] "GET /xingrg/all/function/internal_message.html?_=1635472936902&CODE_STATE=getMsg HTTP/1.1" 200 27
116.238.248.233 - - [29/Oct/2021:10:02:21 +0800] "GET /xingrg/all/function/internal_message.html?_=1635472939118&CODE_STATE=getMsg HTTP/1.1" 200 27
180.169.147.146 - - [29/Oct/2021:10:02:25 +0800] "GET /xingrg/all/function/internal_message.html?_=1635472949735&CODE_STATE=getMsg HTTP/1.1" 200 27
114.86.225.146 - - [29/Oct/2021:10:02:27 +0800] "GET /xingrg/all/function/internal_message.html?_=1635472950571&CODE_STATE=getMsg HTTP/1.1" 200 27
114.86.225.146 - - [29/Oct/2021:10:02:27 +0800] "GET /xingrg/check_reg.html?_=1635472950571 HTTP/1.1" 200 22
58.39.139.200 - - [29/Oct/2021:10:02:36 +0800] "GET /xingrg/all/function/internal_message.html?_=1635472956430&CODE_STATE=getMsg HTTP/1.1" 200 27
58.39.139.200 - - [29/Oct/2021:10:02:36 +0800] "GET /xingrg/check_reg.html?_=1635472956447 HTTP/1.1" 200 22
222.70.179.155 - - [29/Oct/2021:10:02:38 +0800] "GET /xingrg/all/function/internal_message.html?_=1635472955557&CODE_STATE=getMsg HTTP/1.1" 200 27
180.169.147.146 - - [29/Oct/2021:10:02:45 +0800] "GET /xingrg/all/function/internal_message.html?_=1635472964514&CODE_STATE=getMsg HTTP/1.1" 200 27
124.78.153.86 - - [29/Oct/2021:10:02:46 +0800] "GET /xingrg/check_reg.html?_=1635472967988 HTTP/1.1" 200 22
124.78.153.86 - - [29/Oct/2021:10:02:46 +0800] "GET /xingrg/all/function/internal_message.html?_=1635472967991&CODE_STATE=getMsg HTTP/1.1" 200 27
114.85.125.222 - - [29/Oct/2021:10:02:47 +0800] "GET /xingrg/all/function/internal_message.html?_=1635472905261&CODE_STATE=getMsg HTTP/1.1" 200 27
58.37.227.186 - - [29/Oct/2021:10:02:50 +0800] "GET /xingrg/all/function/internal_message.html?_=1635472810513&CODE_STATE=getMsg HTTP/1.1" 200 27
180.169.147.146 - - [29/Oct/2021:10:02:51 +0800] "GET /xingrg/all/function/internal_message.html?_=1635472966418&CODE_STATE=getMsg HTTP/1.1" 200 27
180.169.147.146 - - [29/Oct/2021:10:02:52 +0800] "GET /xingrg/all/function/internal_message.html?_=1635473033342&CODE_STATE=getMsg HTTP/1.1" 200 27
120.253.135.82 - - [29/Oct/2021:10:02:53 +0800] "GET /xingrg/all/function/internal_message.html?_=1635472743413&CODE_STATE=getMsg HTTP/1.1" 200 27
58.221.95.50 - - [29/Oct/2021:10:03:13 +0800] "GET /xingrg/check_reg.html?_=1635472992188 HTTP/1.1" 200 22
58.221.95.50 - - [29/Oct/2021:10:03:13 +0800] "GET /xingrg/all/function/internal_message.html?_=1635472992207&CODE_STATE=getMsg HTTP/1.1" 200 27
222.69.128.126 - - [29/Oct/2021:10:03:16 +0800] "GET /xingrg/all/function/internal_message.html?_=1635472996886&CODE_STATE=getMsg HTTP/1.1" 200 27
116.238.248.233 - - [29/Oct/2021:10:03:21 +0800] "GET /xingrg/all/function/internal_message.html?_=1635472999118&CODE_STATE=getMsg HTTP/1.1" 200 27
180.169.147.146 - - [29/Oct/2021:10:03:25 +0800] "GET /xingrg/all/function/internal_message.html?_=1635473009720&CODE_STATE=getMsg HTTP/1.1" 200 27
114.86.225.146 - - [29/Oct/2021:10:03:27 +0800] "GET /xingrg/all/function/internal_message.html?_=1635473010573&CODE_STATE=getMsg HTTP/1.1" 200 27
58.39.139.200 - - [29/Oct/2021:10:03:36 +0800] "GET /xingrg/all/function/internal_message.html?_=1635473016583&CODE_STATE=getMsg HTTP/1.1" 200 27
222.70.179.155 - - [29/Oct/2021:10:03:38 +0800] "GET /xingrg/all/function/internal_message.html?_=1635473015568&CODE_STATE=getMsg HTTP/1.1" 200 27
180.169.147.146 - - [29/Oct/2021:10:03:45 +0800] "GET /xingrg/all/function/internal_message.html?_=1635473024517&CODE_STATE=getMsg HTTP/1.1" 200 27
124.78.153.86 - - [29/Oct/2021:10:03:46 +0800] "GET /xingrg/all/function/internal_message.html?_=1635473027991&CODE_STATE=getMsg HTTP/1.1" 200 27
114.85.125.222 - - [29/Oct/2021:10:03:47 +0800] "GET /xingrg/all/function/internal_message.html?_=1635472965280&CODE_STATE=getMsg HTTP/1.1" 200 27
58.37.227.186 - - [29/Oct/2021:10:03:50 +0800] "GET /xingrg/all/function/internal_message.html?_=1635472870507&CODE_STATE=getMsg HTTP/1.1" 200 27
180.169.147.146 - - [29/Oct/2021:10:03:51 +0800] "GET /xingrg/all/function/internal_message.html?_=1635473026403&CODE_STATE=getMsg HTTP/1.1" 200 27
180.169.147.146 - - [29/Oct/2021:10:03:52 +0800] "GET /xingrg/all/function/internal_message.html?_=1635473093340&CODE_STATE=getMsg HTTP/1.1" 200 27
120.253.135.82 - - [29/Oct/2021:10:03:53 +0800] "GET /xingrg/check_reg.html?_=1635472803298 HTTP/1.1" 200 22
120.253.135.82 - - [29/Oct/2021:10:03:53 +0800] "GET /xingrg/all/function/internal_message.html?_=1635472803422&CODE_STATE=getMsg HTTP/1.1" 200 27
58.221.95.50 - - [29/Oct/2021:10:04:13 +0800] "GET /xingrg/all/function/internal_message.html?_=1635473052207&CODE_STATE=getMsg HTTP/1.1" 200 27
222.69.128.126 - - [29/Oct/2021:10:04:16 +0800] "GET /xingrg/all/function/internal_message.html?_=1635473056879&CODE_STATE=getMsg HTTP/1.1" 200 27
222.69.128.126 - - [29/Oct/2021:10:04:16 +0800] "GET /xingrg/check_reg.html?_=1635473057663 HTTP/1.1" 200 22
116.238.248.233 - - [29/Oct/2021:10:04:22 +0800] "GET /xingrg/all/function/internal_message.html?_=1635473059120&CODE_STATE=getMsg HTTP/1.1" 200 27
116.238.248.233 - - [29/Oct/2021:10:04:22 +0800] "GET /xingrg/check_reg.html?_=1635473059124 HTTP/1.1" 200 22
180.169.147.146 - - [29/Oct/2021:10:04:25 +0800] "GET /xingrg/all/function/internal_message.html?_=1635473069706&CODE_STATE=getMsg HTTP/1.1" 200 27
114.86.225.146 - - [29/Oct/2021:10:04:27 +0800] "GET /xingrg/all/function/internal_message.html?_=1635473070575&CODE_STATE=getMsg HTTP/1.1" 200 27
58.39.139.200 - - [29/Oct/2021:10:04:36 +0800] "GET /xingrg/all/function/internal_message.html?_=1635473076595&CODE_STATE=getMsg HTTP/1.1" 200 27
180.169.147.146 - - [29/Oct/2021:10:04:38 +0800] "GET /xingrg/check_reg.html?_=1635473082479 HTTP/1.1" 200 22
222.70.179.155 - - [29/Oct/2021:10:04:38 +0800] "GET /xingrg/all/function/internal_message.html?_=1635473075567&CODE_STATE=getMsg HTTP/1.1" 200 27
180.169.147.146 - - [29/Oct/2021:10:04:45 +0800] "GET /xingrg/all/function/internal_message.html?_=1635473084510&CODE_STATE=getMsg HTTP/1.1" 200 27
124.78.153.86 - - [29/Oct/2021:10:04:46 +0800] "GET /xingrg/all/function/internal_message.html?_=1635473088018&CODE_STATE=getMsg HTTP/1.1" 200 27
114.85.125.222 - - [29/Oct/2021:10:04:47 +0800] "GET /xingrg/check_reg.html?_=1635473025162 HTTP/1.1" 200 22
114.85.125.222 - - [29/Oct/2021:10:04:47 +0800] "GET /xingrg/all/function/internal_message.html?_=1635473025293&CODE_STATE=getMsg HTTP/1.1" 200 27
58.37.227.186 - - [29/Oct/2021:10:04:50 +0800] "GET /xingrg/all/function/internal_message.html?_=1635472930530&CODE_STATE=getMsg HTTP/1.1" 200 27
180.169.147.146 - - [29/Oct/2021:10:04:51 +0800] "GET /xingrg/all/function/internal_message.html?_=1635473086388&CODE_STATE=getMsg HTTP/1.1" 200 27
180.169.147.146 - - [29/Oct/2021:10:04:52 +0800] "GET /xingrg/all/function/internal_message.html?_=1635473153340&CODE_STATE=getMsg HTTP/1.1" 200 27
180.169.147.146 - - [29/Oct/2021:10:04:52 +0800] "GET /xingrg/check_reg.html?_=1635473153345 HTTP/1.1" 200 22
120.253.135.82 - - [29/Oct/2021:10:04:53 +0800] "GET /xingrg/all/function/internal_message.html?_=1635472863433&CODE_STATE=getMsg HTTP/1.1" 200 27
58.221.95.50 - - [29/Oct/2021:10:05:13 +0800] "GET /xingrg/all/function/internal_message.html?_=1635473112234&CODE_STATE=getMsg HTTP/1.1" 200 27
222.69.128.126 - - [29/Oct/2021:10:05:16 +0800] "GET /xingrg/all/function/internal_message.html?_=1635473116853&CODE_STATE=getMsg HTTP/1.1" 200 27
221.239.141.121 - - [29/Oct/2021:10:05:19 +0800] "GET /xingrg/check_reg.html?_=1635473106236 HTTP/1.1" 200 22
221.239.141.121 - - [29/Oct/2021:10:05:21 +0800] "GET /xingrg/kc/base/wldb_order_add.html HTTP/1.1" 200 30434
116.238.248.233 - - [29/Oct/2021:10:05:22 +0800] "GET /xingrg/all/function/internal_message.html?_=1635473119125&CODE_STATE=getMsg HTTP/1.1" 200 27
221.239.141.121 - - [29/Oct/2021:10:05:24 +0800] "GET /xingrg/words/20211029092622_words.js HTTP/1.1" 200 860687
180.169.147.146 - - [29/Oct/2021:10:05:25 +0800] "GET /xingrg/all/function/internal_message.html?_=1635473129704&CODE_STATE=getMsg HTTP/1.1" 200 27
221.239.141.121 - - [29/Oct/2021:10:05:25 +0800] "POST /xingrg/kc/base/wldb_order_operate.html HTTP/1.1" 200 6806
221.239.141.121 - - [29/Oct/2021:10:05:26 +0800] "GET /xingrg/javascript/easyui/themes/default/validatebox.css HTTP/1.1" 404 1104
114.86.225.146 - - [29/Oct/2021:10:05:27 +0800] "GET /xingrg/all/function/internal_message.html?_=1635473130577&CODE_STATE=getMsg HTTP/1.1" 200 27
221.239.141.121 - - [29/Oct/2021:10:05:28 +0800] "POST /xingrg/all/common/load_combo.html?type=base HTTP/1.1" 200 3060
221.239.141.121 - - [29/Oct/2021:10:05:32 +0800] "GET /xingrg/kc/base/wldb_order_operate.html?command=get_materiel&rest_code=00102&base_code=0010476&code=00101013263 HTTP/1.1" 200 420
58.39.139.200 - - [29/Oct/2021:10:05:36 +0800] "GET /xingrg/all/function/internal_message.html?_=1635473136426&CODE_STATE=getMsg HTTP/1.1" 200 27
221.239.141.121 - - [29/Oct/2021:10:05:38 +0800] "GET /xingrg/kc/base/wldb_order_operate.html?command=get_materiel&rest_code=00102&base_code=0010476&code=00101013265 HTTP/1.1" 200 421
222.70.179.155 - - [29/Oct/2021:10:05:38 +0800] "GET /xingrg/all/function/internal_message.html?_=1635473135565&CODE_STATE=getMsg HTTP/1.1" 200 27
221.239.141.121 - - [29/Oct/2021:10:05:43 +0800] "GET /xingrg/kc/base/wldb_order_operate.html?command=get_materiel&rest_code=00102&base_code=0010476&code=00101013264 HTTP/1.1" 200 421
180.169.147.146 - - [29/Oct/2021:10:05:45 +0800] "GET /xingrg/all/function/internal_message.html?_=1635473144517&CODE_STATE=getMsg HTTP/1.1" 200 27
180.169.147.146 - - [29/Oct/2021:10:05:45 +0800] "GET /xingrg/check_reg.html?_=1635473144518 HTTP/1.1" 200 22
124.78.153.86 - - [29/Oct/2021:10:05:46 +0800] "GET /xingrg/all/function/internal_message.html?_=1635473148018&CODE_STATE=getMsg HTTP/1.1" 200 27
114.85.125.222 - - [29/Oct/2021:10:05:47 +0800] "GET /xingrg/all/function/internal_message.html?_=1635473085301&CODE_STATE=getMsg HTTP/1.1" 200 27
58.37.227.186 - - [29/Oct/2021:10:05:50 +0800] "GET /xingrg/all/function/internal_message.html?_=1635472990538&CODE_STATE=getMsg HTTP/1.1" 200 27
180.169.147.146 - - [29/Oct/2021:10:05:51 +0800] "GET /xingrg/all/function/internal_message.html?_=1635473146373&CODE_STATE=getMsg HTTP/1.1" 200 27
180.169.147.146 - - [29/Oct/2021:10:05:52 +0800] "GET /xingrg/all/function/internal_message.html?_=1635473213346&CODE_STATE=getMsg HTTP/1.1" 200 27
120.253.135.82 - - [29/Oct/2021:10:05:53 +0800] "GET /xingrg/all/function/internal_message.html?_=1635472923448&CODE_STATE=getMsg HTTP/1.1" 200 27
58.221.95.50 - - [29/Oct/2021:10:06:13 +0800] "GET /xingrg/all/function/internal_message.html?_=1635473172234&CODE_STATE=getMsg HTTP/1.1" 200 27
222.69.128.126 - - [29/Oct/2021:10:06:16 +0800] "GET /xingrg/all/function/internal_message.html?_=1635473176842&CODE_STATE=getMsg HTTP/1.1" 200 27
116.238.248.233 - - [29/Oct/2021:10:06:22 +0800] "GET /xingrg/all/function/internal_message.html?_=1635473179146&CODE_STATE=getMsg HTTP/1.1" 200 27
180.169.147.146 - - [29/Oct/2021:10:06:25 +0800] "GET /xingrg/all/function/internal_message.html?_=1635473189689&CODE_STATE=getMsg HTTP/1.1" 200 27
114.86.225.146 - - [29/Oct/2021:10:06:27 +0800] "GET /xingrg/all/function/internal_message.html?_=1635473190579&CODE_STATE=getMsg HTTP/1.1" 200 27
58.39.139.200 - - [29/Oct/2021:10:06:36 +0800] "GET /xingrg/all/function/internal_message.html?_=1635473196436&CODE_STATE=getMsg HTTP/1.1" 200 27
222.70.179.155 - - [29/Oct/2021:10:06:38 +0800] "GET /xingrg/check_reg.html?_=1635473195567 HTTP/1.1" 200 22
222.70.179.155 - - [29/Oct/2021:10:06:38 +0800] "GET /xingrg/all/function/internal_message.html?_=1635473195565&CODE_STATE=getMsg HTTP/1.1" 200 27
180.169.147.146 - - [29/Oct/2021:10:06:45 +0800] "GET /xingrg/all/function/internal_message.html?_=1635473204517&CODE_STATE=getMsg HTTP/1.1" 200 27
124.78.153.86 - - [29/Oct/2021:10:06:46 +0800] "GET /xingrg/all/function/internal_message.html?_=1635473208018&CODE_STATE=getMsg HTTP/1.1" 200 27
114.85.125.222 - - [29/Oct/2021:10:06:47 +0800] "GET /xingrg/all/function/internal_message.html?_=1635473145314&CODE_STATE=getMsg HTTP/1.1" 200 27
58.37.227.186 - - [29/Oct/2021:10:06:50 +0800] "GET /xingrg/check_reg.html?_=1635473050546 HTTP/1.1" 200 22
58.37.227.186 - - [29/Oct/2021:10:06:50 +0800] "GET /xingrg/all/function/internal_message.html?_=1635473050546&CODE_STATE=getMsg HTTP/1.1" 200 27
180.169.147.146 - - [29/Oct/2021:10:06:51 +0800] "GET /xingrg/all/function/internal_message.html?_=1635473206358&CODE_STATE=getMsg HTTP/1.1" 200 27
221.239.141.121 - - [29/Oct/2021:10:06:51 +0800] "GET /xingrg/javascript/jquery_easy_ui/themes/default/images/tabs_active.png HTTP/1.1" 304 -
180.169.147.146 - - [29/Oct/2021:10:06:51 +0800] "GET /xingrg/check_reg.html?_=1635473206595 HTTP/1.1" 200 22
180.169.147.146 - - [29/Oct/2021:10:06:52 +0800] "GET /xingrg/all/function/internal_message.html?_=1635473273345&CODE_STATE=getMsg HTTP/1.1" 200 27
120.253.135.82 - - [29/Oct/2021:10:06:53 +0800] "GET /xingrg/all/function/internal_message.html?_=1635472983467&CODE_STATE=getMsg HTTP/1.1" 200 27
221.239.141.121 - - [29/Oct/2021:10:06:55 +0800] "GET /favicon.ico HTTP/1.1" 404 -
221.239.141.121 - - [29/Oct/2021:10:06:55 +0800] "GET /favicon.ico HTTP/1.1" 404 -
221.239.141.121 - - [29/Oct/2021:10:06:56 +0800] "GET /favicon.ico HTTP/1.1" 404 -
58.221.95.50 - - [29/Oct/2021:10:07:13 +0800] "GET /xingrg/all/function/internal_message.html?_=1635473232236&CODE_STATE=getMsg HTTP/1.1" 200 27
222.69.128.126 - - [29/Oct/2021:10:07:16 +0800] "GET /xingrg/all/function/internal_message.html?_=1635473236827&CODE_STATE=getMsg HTTP/1.1" 200 27
116.238.248.233 - - [29/Oct/2021:10:07:22 +0800] "GET /xingrg/all/function/internal_message.html?_=1635473239138&CODE_STATE=getMsg HTTP/1.1" 200 27
180.169.147.146 - - [29/Oct/2021:10:07:25 +0800] "GET /xingrg/all/function/internal_message.html?_=1635473249678&CODE_STATE=getMsg HTTP/1.1" 200 27
114.86.225.146 - - [29/Oct/2021:10:07:27 +0800] "GET /xingrg/all/function/internal_message.html?_=1635473250581&CODE_STATE=getMsg HTTP/1.1" 200 27
114.86.225.146 - - [29/Oct/2021:10:07:27 +0800] "GET /xingrg/check_reg.html?_=1635473250582 HTTP/1.1" 200 22
58.39.139.200 - - [29/Oct/2021:10:07:36 +0800] "GET /xingrg/all/function/internal_message.html?_=1635473256427&CODE_STATE=getMsg HTTP/1.1" 200 27
58.39.139.200 - - [29/Oct/2021:10:07:36 +0800] "GET /xingrg/check_reg.html?_=1635473256430 HTTP/1.1" 200 22
222.70.179.155 - - [29/Oct/2021:10:07:38 +0800] "GET /xingrg/all/function/internal_message.html?_=1635473255564&CODE_STATE=getMsg HTTP/1.1" 200 27
222.70.171.86 - - [29/Oct/2021:10:07:44 +0800] "POST /xingrg/services/DataTransmitService HTTP/1.1" 200 524
222.70.171.86 - - [29/Oct/2021:10:07:44 +0800] "POST /xingrg/services/DataTransmitService HTTP/1.1" 200 2171
180.169.147.146 - - [29/Oct/2021:10:07:45 +0800] "GET /xingrg/all/function/internal_message.html?_=1635473264516&CODE_STATE=getMsg HTTP/1.1" 200 27
124.78.153.86 - - [29/Oct/2021:10:07:46 +0800] "GET /xingrg/check_reg.html?_=1635473268018 HTTP/1.1" 200 22
124.78.153.86 - - [29/Oct/2021:10:07:46 +0800] "GET /xingrg/all/function/internal_message.html?_=1635473268021&CODE_STATE=getMsg HTTP/1.1" 200 27
114.85.125.222 - - [29/Oct/2021:10:07:47 +0800] "GET /xingrg/all/function/internal_message.html?_=1635473205337&CODE_STATE=getMsg HTTP/1.1" 200 27
58.37.227.186 - - [29/Oct/2021:10:07:50 +0800] "GET /xingrg/all/function/internal_message.html?_=1635473110530&CODE_STATE=getMsg HTTP/1.1" 200 27
180.169.147.146 - - [29/Oct/2021:10:07:51 +0800] "GET /xingrg/all/function/internal_message.html?_=1635473266330&CODE_STATE=getMsg HTTP/1.1" 200 27
180.169.147.146 - - [29/Oct/2021:10:07:52 +0800] "GET /xingrg/all/function/internal_message.html?_=1635473333346&CODE_STATE=getMsg HTTP/1.1" 200 27
120.253.135.82 - - [29/Oct/2021:10:07:53 +0800] "GET /xingrg/all/function/internal_message.html?_=1635473043475&CODE_STATE=getMsg HTTP/1.1" 200 27
58.221.95.50 - - [29/Oct/2021:10:08:13 +0800] "GET /xingrg/check_reg.html?_=1635473292221 HTTP/1.1" 200 22
58.221.95.50 - - [29/Oct/2021:10:08:13 +0800] "GET /xingrg/all/function/internal_message.html?_=1635473292223&CODE_STATE=getMsg HTTP/1.1" 200 27
222.69.128.126 - - [29/Oct/2021:10:08:16 +0800] "GET /xingrg/all/function/internal_message.html?_=1635473296811&CODE_STATE=getMsg HTTP/1.1" 200 27
58.39.139.200 - - [29/Oct/2021:10:08:21 +0800] "GET /xingrg/kc/buy/cgsh_order_operate.html?command=get_materiel&rest_code=00105&code=00101008436&supplier_code=00100203&order_time=2021-10-29 HTTP/1.1" 200 398
180.169.147.146 - - [29/Oct/2021:10:08:25 +0800] "GET /xingrg/all/function/internal_message.html?_=1635473309664&CODE_STATE=getMsg HTTP/1.1" 200 27
114.86.225.146 - - [29/Oct/2021:10:08:27 +0800] "GET /xingrg/all/function/internal_message.html?_=1635473310583&CODE_STATE=getMsg HTTP/1.1" 200 27
58.39.139.200 - - [29/Oct/2021:10:08:36 +0800] "GET /xingrg/all/function/internal_message.html?_=1635473316429&CODE_STATE=getMsg HTTP/1.1" 200 27
222.70.179.155 - - [29/Oct/2021:10:08:38 +0800] "GET /xingrg/all/function/internal_message.html?_=1635473315589&CODE_STATE=getMsg HTTP/1.1" 200 27
180.169.147.146 - - [29/Oct/2021:10:08:45 +0800] "GET /xingrg/all/function/internal_message.html?_=1635473324515&CODE_STATE=getMsg HTTP/1.1" 200 27
124.78.153.86 - - [29/Oct/2021:10:08:46 +0800] "GET /xingrg/all/function/internal_message.html?_=1635473328005&CODE_STATE=getMsg HTTP/1.1" 200 27
114.85.125.222 - - [29/Oct/2021:10:08:47 +0800] "GET /xingrg/all/function/internal_message.html?_=1635473265341&CODE_STATE=getMsg HTTP/1.1" 200 27
58.37.227.186 - - [29/Oct/2021:10:08:50 +0800] "GET /xingrg/all/function/internal_message.html?_=1635473170539&CODE_STATE=getMsg HTTP/1.1" 200 27
180.169.147.146 - - [29/Oct/2021:10:08:51 +0800] "GET /xingrg/all/function/internal_message.html?_=1635473326315&CODE_STATE=getMsg HTTP/1.1" 200 27
180.169.147.146 - - [29/Oct/2021:10:08:52 +0800] "GET /xingrg/all/function/internal_message.html?_=1635473393374&CODE_STATE=getMsg HTTP/1.1" 200 27
120.253.135.82 - - [29/Oct/2021:10:08:53 +0800] "GET /xingrg/check_reg.html?_=1635473103307 HTTP/1.1" 200 22
120.253.135.82 - - [29/Oct/2021:10:08:53 +0800] "GET /xingrg/all/function/internal_message.html?_=1635473103488&CODE_STATE=getMsg HTTP/1.1" 200 27
58.221.95.50 - - [29/Oct/2021:10:09:13 +0800] "GET /xingrg/all/function/internal_message.html?_=1635473352225&CODE_STATE=getMsg HTTP/1.1" 200 27
222.69.128.126 - - [29/Oct/2021:10:09:16 +0800] "GET /xingrg/all/function/internal_message.html?_=1635473356796&CODE_STATE=getMsg HTTP/1.1" 200 27
222.69.128.126 - - [29/Oct/2021:10:09:16 +0800] "GET /xingrg/check_reg.html?_=1635473357639 HTTP/1.1" 200 22
180.169.147.146 - - [29/Oct/2021:10:09:25 +0800] "GET /xingrg/all/function/internal_message.html?_=1635473369649&CODE_STATE=getMsg HTTP/1.1" 200 27
114.86.225.146 - - [29/Oct/2021:10:09:27 +0800] "GET /xingrg/all/function/internal_message.html?_=1635473370585&CODE_STATE=getMsg HTTP/1.1" 200 27
58.39.139.200 - - [29/Oct/2021:10:09:36 +0800] "GET /xingrg/all/function/internal_message.html?_=1635473376431&CODE_STATE=getMsg HTTP/1.1" 200 27
180.169.147.146 - - [29/Oct/2021:10:09:37 +0800] "GET /xingrg/check_reg.html?_=1635473382459 HTTP/1.1" 200 22
222.70.179.155 - - [29/Oct/2021:10:09:38 +0800] "GET /xingrg/all/function/internal_message.html?_=1635473375578&CODE_STATE=getMsg HTTP/1.1" 200 27
180.169.147.146 - - [29/Oct/2021:10:09:45 +0800] "GET /xingrg/all/function/internal_message.html?_=1635473384515&CODE_STATE=getMsg HTTP/1.1" 200 27
124.78.153.86 - - [29/Oct/2021:10:09:46 +0800] "GET /xingrg/all/function/internal_message.html?_=1635473388005&CODE_STATE=getMsg HTTP/1.1" 200 27
114.85.125.222 - - [29/Oct/2021:10:09:47 +0800] "GET /xingrg/check_reg.html?_=1635473325179 HTTP/1.1" 200 22
114.85.125.222 - - [29/Oct/2021:10:09:47 +0800] "GET /xingrg/all/function/internal_message.html?_=1635473325356&CODE_STATE=getMsg HTTP/1.1" 200 27
58.37.227.186 - - [29/Oct/2021:10:09:50 +0800] "GET /xingrg/all/function/internal_message.html?_=1635473230534&CODE_STATE=getMsg HTTP/1.1" 200 27
180.169.147.146 - - [29/Oct/2021:10:09:51 +0800] "GET /xingrg/all/function/internal_message.html?_=1635473386299&CODE_STATE=getMsg HTTP/1.1" 200 27
180.169.147.146 - - [29/Oct/2021:10:09:52 +0800] "GET /xingrg/check_reg.html?_=1635473453373 HTTP/1.1" 200 22
180.169.147.146 - - [29/Oct/2021:10:09:52 +0800] "GET /xingrg/all/function/internal_message.html?_=1635473453374&CODE_STATE=getMsg HTTP/1.1" 200 27
120.253.135.82 - - [29/Oct/2021:10:09:53 +0800] "GET /xingrg/all/function/internal_message.html?_=1635473163502&CODE_STATE=getMsg HTTP/1.1" 200 27
58.221.95.50 - - [29/Oct/2021:10:10:13 +0800] "GET /xingrg/all/function/internal_message.html?_=1635473412226&CODE_STATE=getMsg HTTP/1.1" 200 27
222.69.128.126 - - [29/Oct/2021:10:10:15 +0800] "GET /xingrg/all/function/internal_message.html?_=1635473416766&CODE_STATE=getMsg HTTP/1.1" 200 27
180.169.147.146 - - [29/Oct/2021:10:10:25 +0800] "GET /xingrg/all/function/internal_message.html?_=1635473429640&CODE_STATE=getMsg HTTP/1.1" 200 27
114.86.225.146 - - [29/Oct/2021:10:10:27 +0800] "GET /xingrg/all/function/internal_message.html?_=1635473430587&CODE_STATE=getMsg HTTP/1.1" 200 27
58.39.139.200 - - [29/Oct/2021:10:10:36 +0800] "GET /xingrg/all/function/internal_message.html?_=1635473436447&CODE_STATE=getMsg HTTP/1.1" 200 27
222.70.179.155 - - [29/Oct/2021:10:10:38 +0800] "GET /xingrg/all/function/internal_message.html?_=1635473435564&CODE_STATE=getMsg HTTP/1.1" 200 27
58.39.139.200 - - [29/Oct/2021:10:10:40 +0800] "POST /xingrg/kc/buy/cgsh_order_operate.html HTTP/1.1" 200 37
58.39.139.200 - - [29/Oct/2021:10:10:41 +0800] "POST /xingrg/kc/buy/cgsh_order_operate.html HTTP/1.1" 200 47001
180.169.147.146 - - [29/Oct/2021:10:10:45 +0800] "GET /xingrg/all/function/internal_message.html?_=1635473444506&CODE_STATE=getMsg HTTP/1.1" 200 27
180.169.147.146 - - [29/Oct/2021:10:10:45 +0800] "GET /xingrg/check_reg.html?_=1635473444508 HTTP/1.1" 200 22
124.78.153.86 - - [29/Oct/2021:10:10:46 +0800] "GET /xingrg/all/function/internal_message.html?_=1635473448005&CODE_STATE=getMsg HTTP/1.1" 200 27
114.85.125.222 - - [29/Oct/2021:10:10:47 +0800] "GET /xingrg/all/function/internal_message.html?_=1635473385370&CODE_STATE=getMsg HTTP/1.1" 200 27
58.37.227.186 - - [29/Oct/2021:10:10:50 +0800] "GET /xingrg/all/function/internal_message.html?_=1635473290540&CODE_STATE=getMsg HTTP/1.1" 200 27
180.169.147.146 - - [29/Oct/2021:10:10:51 +0800] "GET /xingrg/all/function/internal_message.html?_=1635473446283&CODE_STATE=getMsg HTTP/1.1" 200 27
180.169.147.146 - - [29/Oct/2021:10:10:52 +0800] "GET /xingrg/all/function/internal_message.html?_=1635473513373&CODE_STATE=getMsg HTTP/1.1" 200 27
58.39.139.200 - - [29/Oct/2021:10:10:52 +0800] "GET /xingrg/kc/print/load_data.html?order_code=212021102912761&kc_code=cgsh&condition= HTTP/1.1" 200 17391
120.253.135.82 - - [29/Oct/2021:10:10:53 +0800] "GET /xingrg/all/function/internal_message.html?_=1635473223516&CODE_STATE=getMsg HTTP/1.1" 200 27
58.39.139.200 - - [29/Oct/2021:10:11:03 +0800] "GET /xingrg/kc/buy/cgsh_order_add.html HTTP/1.1" 200 64726
58.39.139.200 - - [29/Oct/2021:10:11:04 +0800] "GET /xingrg/words/20211029092622_words.js HTTP/1.1" 200 860687
58.39.139.200 - - [29/Oct/2021:10:11:04 +0800] "POST /xingrg/kc/buy/cgsh_order_operate.html HTTP/1.1" 200 8245
58.39.139.200 - - [29/Oct/2021:10:11:04 +0800] "GET /xingrg/javascript/easyui/themes/default/validatebox.css HTTP/1.1" 404 1104
58.39.139.200 - - [29/Oct/2021:10:11:12 +0800] "GET /xingrg/kc/buy/cgsh_order_operate.html?command=get_materiel&rest_code=00105&code=00101002027&supplier_code=00100397&order_time=2021-10-29 HTTP/1.1" 200 413
58.221.95.50 - - [29/Oct/2021:10:11:13 +0800] "GET /xingrg/all/function/internal_message.html?_=1635473472258&CODE_STATE=getMsg HTTP/1.1" 200 27
222.69.128.126 - - [29/Oct/2021:10:11:15 +0800] "GET /xingrg/all/function/internal_message.html?_=1635473476750&CODE_STATE=getMsg HTTP/1.1" 200 27
58.39.139.200 - - [29/Oct/2021:10:11:21 +0800] "GET /xingrg/kc/buy/cgsh_order_operate.html?command=get_materiel&rest_code=00105&code=00101003025&supplier_code=00100397&order_time=2021-10-29 HTTP/1.1" 200 409
180.169.147.146 - - [29/Oct/2021:10:11:25 +0800] "GET /xingrg/all/function/internal_message.html?_=1635473489624&CODE_STATE=getMsg HTTP/1.1" 200 27
114.86.225.146 - - [29/Oct/2021:10:11:27 +0800] "GET /xingrg/all/function/internal_message.html?_=1635473490589&CODE_STATE=getMsg HTTP/1.1" 200 27
58.39.139.200 - - [29/Oct/2021:10:11:29 +0800] "POST /xingrg/kc/buy/cgsh_order_operate.html HTTP/1.1" 200 37
58.39.139.200 - - [29/Oct/2021:10:11:31 +0800] "POST /xingrg/kc/buy/cgsh_order_operate.html HTTP/1.1" 200 3248
58.39.139.200 - - [29/Oct/2021:10:11:32 +0800] "GET /xingrg/kc/print/load_data.html?order_code=212021102912776&kc_code=cgsh&condition= HTTP/1.1" 200 897
58.39.139.200 - - [29/Oct/2021:10:11:36 +0800] "GET /xingrg/all/function/internal_message.html?_=1635473496445&CODE_STATE=getMsg HTTP/1.1" 200 27
222.70.179.155 - - [29/Oct/2021:10:11:38 +0800] "GET /xingrg/all/function/internal_message.html?_=1635473495563&CODE_STATE=getMsg HTTP/1.1" 200 27
222.70.179.155 - - [29/Oct/2021:10:11:38 +0800] "GET /xingrg/check_reg.html?_=1635473495564 HTTP/1.1" 200 22
180.169.147.146 - - [29/Oct/2021:10:11:45 +0800] "GET /xingrg/all/function/internal_message.html?_=1635473504508&CODE_STATE=getMsg HTTP/1.1" 200 27
58.39.139.200 - - [29/Oct/2021:10:11:45 +0800] "GET /xingrg/kc/buy/cgsh_order_add.html HTTP/1.1" 200 64726
58.39.139.200 - - [29/Oct/2021:10:11:45 +0800] "POST /xingrg/kc/buy/cgsh_order_operate.html HTTP/1.1" 200 8245
58.39.139.200 - - [29/Oct/2021:10:11:45 +0800] "GET /xingrg/javascript/easyui/themes/default/validatebox.css HTTP/1.1" 404 1104
124.78.153.86 - - [29/Oct/2021:10:11:46 +0800] "GET /xingrg/all/function/internal_message.html?_=1635473508005&CODE_STATE=getMsg HTTP/1.1" 200 27
114.85.125.222 - - [29/Oct/2021:10:11:47 +0800] "GET /xingrg/all/function/internal_message.html?_=1635473445383&CODE_STATE=getMsg HTTP/1.1" 200 27
58.37.227.186 - - [29/Oct/2021:10:11:50 +0800] "GET /xingrg/all/function/internal_message.html?_=1635473350542&CODE_STATE=getMsg HTTP/1.1" 200 27
58.37.227.186 - - [29/Oct/2021:10:11:50 +0800] "GET /xingrg/check_reg.html?_=1635473350544 HTTP/1.1" 200 22
180.169.147.146 - - [29/Oct/2021:10:11:51 +0800] "GET /xingrg/all/function/internal_message.html?_=1635473506267&CODE_STATE=getMsg HTTP/1.1" 200 27
180.169.147.146 - - [29/Oct/2021:10:11:51 +0800] "GET /xingrg/check_reg.html?_=1635473506565 HTTP/1.1" 200 22
180.169.147.146 - - [29/Oct/2021:10:11:52 +0800] "GET /xingrg/all/function/internal_message.html?_=1635473573373&CODE_STATE=getMsg HTTP/1.1" 200 27
120.253.135.82 - - [29/Oct/2021:10:11:53 +0800] "GET /xingrg/all/function/internal_message.html?_=1635473283530&CODE_STATE=getMsg HTTP/1.1" 200 27
58.39.139.200 - - [29/Oct/2021:10:12:09 +0800] "GET /xingrg/kc/buy/cgsh_order_operate.html?command=get_materiel&rest_code=00105&code=00101009109&supplier_code=00100024&order_time=2021-10-29 HTTP/1.1" 200 401
58.221.95.50 - - [29/Oct/2021:10:12:13 +0800] "GET /xingrg/all/function/internal_message.html?_=1635473532258&CODE_STATE=getMsg HTTP/1.1" 200 27
222.69.128.126 - - [29/Oct/2021:10:12:15 +0800] "GET /xingrg/all/function/internal_message.html?_=1635473536734&CODE_STATE=getMsg HTTP/1.1" 200 27
180.169.147.146 - - [29/Oct/2021:10:12:25 +0800] "GET /xingrg/all/function/internal_message.html?_=1635473549612&CODE_STATE=getMsg HTTP/1.1" 200 27
58.39.139.200 - - [29/Oct/2021:10:12:26 +0800] "GET /xingrg/kc/buy/cgsh_order_operate.html?command=get_materiel&rest_code=00105&code=00101009062&supplier_code=00100024&order_time=2021-10-29 HTTP/1.1" 200 412
114.86.225.146 - - [29/Oct/2021:10:12:27 +0800] "GET /xingrg/all/function/internal_message.html?_=1635473550592&CODE_STATE=getMsg HTTP/1.1" 200 27
114.86.225.146 - - [29/Oct/2021:10:12:27 +0800] "GET /xingrg/check_reg.html?_=1635473550593 HTTP/1.1" 200 22
58.39.139.200 - - [29/Oct/2021:10:12:34 +0800] "GET /xingrg/kc/buy/cgsh_order_operate.html?command=get_materiel&rest_code=00105&code=00101009011&supplier_code=00100024&order_time=2021-10-29 HTTP/1.1" 200 416
58.39.139.200 - - [29/Oct/2021:10:12:36 +0800] "GET /xingrg/check_reg.html?_=1635473556452 HTTP/1.1" 200 22
58.39.139.200 - - [29/Oct/2021:10:12:36 +0800] "GET /xingrg/all/function/internal_message.html?_=1635473556460&CODE_STATE=getMsg HTTP/1.1" 200 27
222.70.179.155 - - [29/Oct/2021:10:12:38 +0800] "GET /xingrg/all/function/internal_message.html?_=1635473555561&CODE_STATE=getMsg HTTP/1.1" 200 27
58.39.139.200 - - [29/Oct/2021:10:12:39 +0800] "GET /xingrg/kc/buy/cgsh_order_operate.html?command=get_materiel&rest_code=00105&code=00101009010&supplier_code=00100024&order_time=2021-10-29 HTTP/1.1" 200 412
180.169.147.146 - - [29/Oct/2021:10:12:45 +0800] "GET /xingrg/all/function/internal_message.html?_=1635473564517&CODE_STATE=getMsg HTTP/1.1" 200 27
124.78.153.86 - - [29/Oct/2021:10:12:46 +0800] "GET /xingrg/all/function/internal_message.html?_=1635473568005&CODE_STATE=getMsg HTTP/1.1" 200 27
124.78.153.86 - - [29/Oct/2021:10:12:46 +0800] "GET /xingrg/check_reg.html?_=1635473568008 HTTP/1.1" 200 22
58.39.139.200 - - [29/Oct/2021:10:12:47 +0800] "GET /xingrg/kc/buy/cgsh_order_operate.html?command=get_materiel&rest_code=00105&code=00101009118&supplier_code=00100024&order_time=2021-10-29 HTTP/1.1" 200 391
114.85.125.222 - - [29/Oct/2021:10:12:47 +0800] "GET /xingrg/all/function/internal_message.html?_=1635473505402&CODE_STATE=getMsg HTTP/1.1" 200 27
58.37.227.186 - - [29/Oct/2021:10:12:50 +0800] "GET /xingrg/all/function/internal_message.html?_=1635473410530&CODE_STATE=getMsg HTTP/1.1" 200 27
180.169.147.146 - - [29/Oct/2021:10:12:51 +0800] "GET /xingrg/all/function/internal_message.html?_=1635473566238&CODE_STATE=getMsg HTTP/1.1" 200 27
180.169.147.146 - - [29/Oct/2021:10:12:52 +0800] "GET /xingrg/all/function/internal_message.html?_=1635473633373&CODE_STATE=getMsg HTTP/1.1" 200 27
120.253.135.82 - - [29/Oct/2021:10:12:53 +0800] "GET /xingrg/all/function/internal_message.html?_=1635473343543&CODE_STATE=getMsg HTTP/1.1" 200 27
58.39.139.200 - - [29/Oct/2021:10:12:56 +0800] "GET /xingrg/kc/buy/cgsh_order_operate.html?command=get_materiel&rest_code=00105&code=00101009124&supplier_code=00100024&order_time=2021-10-29 HTTP/1.1" 200 402
222.70.171.86 - - [29/Oct/2021:10:13:08 +0800] "GET /xingrg/login.html HTTP/1.1" 200 7641
222.70.171.86 - - [29/Oct/2021:10:13:08 +0800] "GET /xingrg/images/blue/hj.png HTTP/1.1" 200 1014
222.70.171.86 - - [29/Oct/2021:10:13:08 +0800] "GET /xingrg/images/blue/jxLogo.png HTTP/1.1" 200 6156
222.70.171.86 - - [29/Oct/2021:10:13:08 +0800] "GET /xingrg/images/blue/login_bg.png HTTP/1.1" 200 22101
222.70.171.86 - - [29/Oct/2021:10:13:08 +0800] "GET /xingrg/images/blue/srbg.png HTTP/1.1" 200 138
222.70.171.86 - - [29/Oct/2021:10:13:08 +0800] "GET /favicon.ico HTTP/1.1" 404 -
222.70.171.86 - - [29/Oct/2021:10:13:12 +0800] "POST /xingrg/login.do HTTP/1.1" 302 -
222.70.171.86 - - [29/Oct/2021:10:13:12 +0800] "GET /xingrg/javascript/jquery_easy_ui/themes/icon.css HTTP/1.1" 200 3949
222.70.171.86 - - [29/Oct/2021:10:13:12 +0800] "GET /xingrg/css/form.css HTTP/1.1" 200 893
222.70.171.86 - - [29/Oct/2021:10:13:12 +0800] "GET /xingrg/javascript/jquery-1.4.2.min.js HTTP/1.1" 200 72205
222.70.171.86 - - [29/Oct/2021:10:13:12 +0800] "GET /xingrg/javascript/jquery_easy_ui/easyui-lang-zh_CN.js HTTP/1.1" 200 1900
222.70.171.86 - - [29/Oct/2021:10:13:12 +0800] "GET /xingrg/javascript/jquery_easy_ui/jquery.easyui.min.js HTTP/1.1" 200 213662
222.70.171.86 - - [29/Oct/2021:10:13:12 +0800] "GET /xingrg/javascript/jquery.timers.js HTTP/1.1" 200 3532
222.70.171.86 - - [29/Oct/2021:10:13:12 +0800] "GET /xingrg/javascript/jquery_easy_ui/themes/default/easyui.css HTTP/1.1" 200 26500
222.70.171.86 - - [29/Oct/2021:10:13:12 +0800] "GET /xingrg/javascript/jquery.utils.js HTTP/1.1" 200 11805
222.70.171.86 - - [29/Oct/2021:10:13:12 +0800] "GET /xingrg/javascript/jquery.form.js HTTP/1.1" 200 23110
222.70.171.86 - - [29/Oct/2021:10:13:12 +0800] "GET /favicon.ico HTTP/1.1" 404 -
222.70.171.86 - - [29/Oct/2021:10:13:13 +0800] "GET /xingrg/index.html?sysBaseUrl=http%3A%2F%2F180.169.147.146%3A18081%2Fxingrg%2F&costTime=428×tamp=1635473592657 HTTP/1.1" 200 17179
222.70.171.86 - - [29/Oct/2021:10:13:13 +0800] "GET /xingrg/javascript/jquery_easy_ui/themes/icons/settle_new.png HTTP/1.1" 200 826
222.70.171.86 - - [29/Oct/2021:10:13:13 +0800] "GET /xingrg/images/blue/navBackgound.jpg HTTP/1.1" 200 12378
58.221.95.50 - - [29/Oct/2021:10:13:13 +0800] "GET /xingrg/check_reg.html?_=1635473592242 HTTP/1.1" 200 22
58.221.95.50 - - [29/Oct/2021:10:13:13 +0800] "GET /xingrg/all/function/internal_message.html?_=1635473592259&CODE_STATE=getMsg HTTP/1.1" 200 27
222.70.171.86 - - [29/Oct/2021:10:13:13 +0800] "GET /xingrg/images/blue/pingpu.png HTTP/1.1" 200 231
222.70.171.86 - - [29/Oct/2021:10:13:13 +0800] "GET /xingrg/javascript/jquery_easy_ui/themes/default/images/tabs_leftarrow.png HTTP/1.1" 200 389
222.70.171.86 - - [29/Oct/2021:10:13:13 +0800] "GET /xingrg/javascript/jquery_easy_ui/themes/default/images/tabs_rightarrow.png HTTP/1.1" 200 395
222.70.171.86 - - [29/Oct/2021:10:13:13 +0800] "GET /xingrg/javascript/jquery_easy_ui/themes/default/images/panel_tool_collapse.gif HTTP/1.1" 200 246
222.70.171.86 - - [29/Oct/2021:10:13:13 +0800] "GET /xingrg/check_reg.html?_=1635473587596 HTTP/1.1" 200 22
222.70.171.86 - - [29/Oct/2021:10:13:13 +0800] "GET /xingrg/all/function/internal_message.html?_=1635473587595&CODE_STATE=count HTTP/1.1" 200 11
222.70.171.86 - - [29/Oct/2021:10:13:13 +0800] "POST /xingrg/all/common/load_tree.html?tree=area_rest_tree_json&manage=1 HTTP/1.1" 200 479
222.70.171.86 - - [29/Oct/2021:10:13:13 +0800] "GET /xingrg/javascript/jquery_easy_ui/themes/default/images/tree_arrows.gif HTTP/1.1" 200 1043
222.70.171.86 - - [29/Oct/2021:10:13:14 +0800] "POST /xingrg/load_menu.html HTTP/1.1" 200 5138
222.70.171.86 - - [29/Oct/2021:10:13:14 +0800] "GET /xingrg/javascript/jquery_easy_ui/themes/icons/search_new.png HTTP/1.1" 200 586
222.70.171.86 - - [29/Oct/2021:10:13:14 +0800] "GET /xingrg/javascript/jquery_easy_ui/themes/default/images/tree_folder.gif HTTP/1.1" 200 952
222.70.171.86 - - [29/Oct/2021:10:13:14 +0800] "GET /xingrg/javascript/jquery_easy_ui/themes/default/images/tree_folder_open.gif HTTP/1.1" 200 956
222.70.171.86 - - [29/Oct/2021:10:13:14 +0800] "GET /xingrg/javascript/jquery_easy_ui/themes/icons/storage_new.png HTTP/1.1" 200 853
222.70.171.86 - - [29/Oct/2021:10:13:14 +0800] "GET /xingrg/javascript/jquery_easy_ui/themes/icons/forms_new.png HTTP/1.1" 200 350
222.70.171.86 - - [29/Oct/2021:10:13:14 +0800] "GET /xingrg/javascript/jquery_easy_ui/themes/default/images/tree_file.gif HTTP/1.1" 200 118
222.69.128.126 - - [29/Oct/2021:10:13:15 +0800] "GET /xingrg/all/function/internal_message.html?_=1635473596730&CODE_STATE=getMsg HTTP/1.1" 200 27
222.70.171.86 - - [29/Oct/2021:10:13:19 +0800] "GET /xingrg/javascript/jquery_easy_ui/themes/icons/rest.png HTTP/1.1" 200 695
222.70.171.86 - - [29/Oct/2021:10:13:19 +0800] "GET /xingrg/javascript/jquery_easy_ui/themes/icons/area.png HTTP/1.1" 200 262
222.70.171.86 - - [29/Oct/2021:10:13:23 +0800] "GET /xingrg/javascript/jquery_easy_ui/themes/default/images/tabs_close.gif HTTP/1.1" 200 829
222.70.171.86 - - [29/Oct/2021:10:13:23 +0800] "GET /xingrg/css/base.css HTTP/1.1" 200 2811
222.70.171.86 - - [29/Oct/2021:10:13:23 +0800] "GET /xingrg/css/site.css HTTP/1.1" 200 7541
222.70.171.86 - - [29/Oct/2021:10:13:23 +0800] "GET /xingrg/javascript/jquery_tools/datebox.css HTTP/1.1" 200 2597
222.70.171.86 - - [29/Oct/2021:10:13:23 +0800] "GET /xingrg/javascript/jquery_tools/jquery.tools.min.js HTTP/1.1" 200 138801
222.70.171.86 - - [29/Oct/2021:10:13:23 +0800] "GET /xingrg/javascript/jquery_tools/table.css HTTP/1.1" 200 1032
222.70.171.86 - - [29/Oct/2021:10:13:23 +0800] "GET /xingrg/javascript/jquery_tools/jquery.tools.hotkey.js HTTP/1.1" 200 3242
222.70.171.86 - - [29/Oct/2021:10:13:23 +0800] "GET /xingrg/javascript/jquery_tools/jquery.tools.table.js HTTP/1.1" 200 6994
222.70.171.86 - - [29/Oct/2021:10:13:23 +0800] "GET /xingrg/kc/base/wldb_order_list.html HTTP/1.1" 200 19230
222.70.171.86 - - [29/Oct/2021:10:13:23 +0800] "GET /xingrg/javascript/jquery_tools/list_manager.js HTTP/1.1" 200 3652
222.70.171.86 - - [29/Oct/2021:10:13:23 +0800] "GET /xingrg/javascript/easyui/themes/default/easyui.css HTTP/1.1" 200 30432
222.70.171.86 - - [29/Oct/2021:10:13:23 +0800] "GET /xingrg/javascript/easyui/themes/icon.css HTTP/1.1" 200 4483
222.70.171.86 - - [29/Oct/2021:10:13:23 +0800] "GET /xingrg/javascript/auto/jquery.autocomplete.css HTTP/1.1" 200 587
222.70.171.86 - - [29/Oct/2021:10:13:23 +0800] "GET /xingrg/javascript/jquery_tools/fix.css HTTP/1.1" 200 1702
222.70.171.86 - - [29/Oct/2021:10:13:23 +0800] "GET /xingrg/javascript/jquery.cookie.js HTTP/1.1" 200 5513
222.70.171.86 - - [29/Oct/2021:10:13:23 +0800] "GET /xingrg/javascript/easyui/easyloader.js HTTP/1.1" 200 5975
222.70.171.86 - - [29/Oct/2021:10:13:23 +0800] "GET /xingrg/javascript/print/LodopFuncs.js HTTP/1.1" 200 5121
222.70.171.86 - - [29/Oct/2021:10:13:23 +0800] "GET /xingrg/javascript/auto/jquery.autocomplete.js HTTP/1.1" 200 21624
222.70.171.86 - - [29/Oct/2021:10:13:24 +0800] "GET /xingrg/javascript/jquery_tools/jquery.tools.extend.js HTTP/1.1" 200 15385
222.70.171.86 - - [29/Oct/2021:10:13:24 +0800] "GET /xingrg/javascript/easyui/themes/icons/edit_add_new.png HTTP/1.1" 200 2997
222.70.171.86 - - [29/Oct/2021:10:13:24 +0800] "GET /xingrg/javascript/easyui/themes/icons/check_new.png HTTP/1.1" 200 3224
222.70.171.86 - - [29/Oct/2021:10:13:24 +0800] "GET /xingrg/javascript/easyui/themes/icons/field_new.png HTTP/1.1" 200 1097
222.70.171.86 - - [29/Oct/2021:10:13:24 +0800] "GET /xingrg/javascript/easyui/themes/icons/cance_new.png HTTP/1.1" 200 3986
222.70.171.86 - - [29/Oct/2021:10:13:24 +0800] "GET /xingrg/javascript/easyui/themes/icons/import_new.png HTTP/1.1" 200 1247
222.70.171.86 - - [29/Oct/2021:10:13:24 +0800] "GET /xingrg/javascript/easyui/plugins/jquery.parser.js HTTP/1.1" 200 1142
222.70.171.86 - - [29/Oct/2021:10:13:24 +0800] "GET /xingrg/images/control/ajaxLoader.gif HTTP/1.1" 200 4659
222.70.171.86 - - [29/Oct/2021:10:13:24 +0800] "POST /xingrg/kc/base/wldb_list_operate.html HTTP/1.1" 200 928
180.169.147.146 - - [29/Oct/2021:10:13:25 +0800] "GET /xingrg/all/function/internal_message.html?_=1635473609599&CODE_STATE=getMsg HTTP/1.1" 200 27
114.86.225.146 - - [29/Oct/2021:10:13:27 +0800] "GET /xingrg/all/function/internal_message.html?_=1635473610594&CODE_STATE=getMsg HTTP/1.1" 200 27
58.39.139.200 - - [29/Oct/2021:10:13:36 +0800] "GET /xingrg/all/function/internal_message.html?_=1635473616447&CODE_STATE=getMsg HTTP/1.1" 200 27
222.70.179.155 - - [29/Oct/2021:10:13:38 +0800] "GET /xingrg/all/function/internal_message.html?_=1635473615559&CODE_STATE=getMsg HTTP/1.1" 200 27
180.169.147.146 - - [29/Oct/2021:10:13:45 +0800] "GET /xingrg/all/function/internal_message.html?_=1635473624511&CODE_STATE=getMsg HTTP/1.1" 200 27
222.70.171.86 - - [29/Oct/2021:10:13:45 +0800] "GET /xingrg/kc/base/wldb_order_list.html HTTP/1.1" 200 19230
222.70.171.86 - - [29/Oct/2021:10:13:45 +0800] "POST /xingrg/kc/base/wldb_list_operate.html HTTP/1.1" 200 928
124.78.153.86 - - [29/Oct/2021:10:13:46 +0800] "GET /xingrg/all/function/internal_message.html?_=1635473628008&CODE_STATE=getMsg HTTP/1.1" 200 27
222.70.171.86 - - [29/Oct/2021:10:13:46 +0800] "GET /xingrg/javascript/easyui/themes/default/images/button_plain_hover.png HTTP/1.1" 200 144
222.70.171.86 - - [29/Oct/2021:10:13:47 +0800] "GET /xingrg/kc/base/wldb_order_add.html HTTP/1.1" 200 30444
222.70.171.86 - - [29/Oct/2021:10:13:47 +0800] "GET /xingrg/javascript/pic_change.js HTTP/1.1" 200 4739
222.70.171.86 - - [29/Oct/2021:10:13:47 +0800] "GET /xingrg/javascript/convert.js HTTP/1.1" 200 1239
222.70.171.86 - - [29/Oct/2021:10:13:47 +0800] "GET /xingrg/javascript/json2.js HTTP/1.1" 200 11259
222.70.171.86 - - [29/Oct/2021:10:13:47 +0800] "GET /xingrg/javascript/jquery_tools/order_manager.js HTTP/1.1" 200 11183
222.70.171.86 - - [29/Oct/2021:10:13:47 +0800] "GET /xingrg/javascript/print/kc_print.js HTTP/1.1" 200 11415
222.70.171.86 - - [29/Oct/2021:10:13:47 +0800] "GET /xingrg/words/20211029092622_words.js HTTP/1.1" 200 860687
222.70.171.86 - - [29/Oct/2021:10:13:47 +0800] "GET /xingrg/javascript/easyui/themes/icons/template_new.png HTTP/1.1" 200 3956
222.70.171.86 - - [29/Oct/2021:10:13:47 +0800] "GET /xingrg/javascript/easyui/themes/icons/print.png HTTP/1.1" 200 1057
222.70.171.86 - - [29/Oct/2021:10:13:47 +0800] "GET /xingrg/javascript/easyui/themes/icons/ok.png HTTP/1.1" 200 883
222.70.171.86 - - [29/Oct/2021:10:13:47 +0800] "GET /xingrg/javascript/easyui/themes/default/images/menu_downarrow.png HTTP/1.1" 200 173
222.70.171.86 - - [29/Oct/2021:10:13:47 +0800] "GET /xingrg/javascript/easyui/themes/icons/cancel.png HTTP/1.1" 200 1133
114.85.125.222 - - [29/Oct/2021:10:13:47 +0800] "GET /xingrg/all/function/internal_message.html?_=1635473565409&CODE_STATE=getMsg HTTP/1.1" 200 27
222.70.171.86 - - [29/Oct/2021:10:13:48 +0800] "POST /xingrg/kc/base/wldb_order_operate.html HTTP/1.1" 200 6806
222.70.171.86 - - [29/Oct/2021:10:13:48 +0800] "GET /xingrg/javascript/easyui/themes/icons/edit_remove.png HTTP/1.1" 200 625
222.70.171.86 - - [29/Oct/2021:10:13:48 +0800] "GET /xingrg/all/common/auto_word.html?type=base&rest_code=00146 HTTP/1.1" 200 1753
222.70.171.86 - - [29/Oct/2021:10:13:48 +0800] "GET /xingrg/all/common/auto_word.html?type=base&rest_code=00146 HTTP/1.1" 200 1753
222.70.171.86 - - [29/Oct/2021:10:13:48 +0800] "GET /xingrg/javascript/easyui/themes/default/validatebox.css HTTP/1.1" 404 1104
222.70.171.86 - - [29/Oct/2021:10:13:48 +0800] "GET /xingrg/javascript/easyui/plugins/jquery.validatebox.js HTTP/1.1" 200 6103
222.70.171.86 - - [29/Oct/2021:10:13:48 +0800] "GET /xingrg/javascript/easyui/plugins/jquery.numberbox.js HTTP/1.1" 200 5213
58.37.227.186 - - [29/Oct/2021:10:13:50 +0800] "GET /xingrg/all/function/internal_message.html?_=1635473470530&CODE_STATE=getMsg HTTP/1.1" 200 27
180.169.147.146 - - [29/Oct/2021:10:13:51 +0800] "GET /xingrg/all/function/internal_message.html?_=1635473626223&CODE_STATE=getMsg HTTP/1.1" 200 27
180.169.147.146 - - [29/Oct/2021:10:13:52 +0800] "GET /xingrg/all/function/internal_message.html?_=1635473693372&CODE_STATE=getMsg HTTP/1.1" 200 27
222.70.171.86 - - [29/Oct/2021:10:13:52 +0800] "GET /xingrg/javascript/auto/indicator.gif HTTP/1.1" 404 1066
120.253.135.82 - - [29/Oct/2021:10:13:53 +0800] "GET /xingrg/check_reg.html?_=1635473403312 HTTP/1.1" 200 22
120.253.135.82 - - [29/Oct/2021:10:13:53 +0800] "GET /xingrg/all/function/internal_message.html?_=1635473403557&CODE_STATE=getMsg HTTP/1.1" 200 27
222.70.171.86 - - [29/Oct/2021:10:14:00 +0800] "GET /xingrg/javascript/jquery_tools/images/prev.gif HTTP/1.1" 404 1086
222.70.171.86 - - [29/Oct/2021:10:14:00 +0800] "GET /xingrg/javascript/jquery_tools/images/next.gif HTTP/1.1" 404 1086
114.86.225.146 - - [29/Oct/2021:10:14:10 +0800] "POST /xingrg/services/DataTransmitService HTTP/1.1" 200 524
114.86.225.146 - - [29/Oct/2021:10:14:10 +0800] "POST /xingrg/services/DataTransmitService HTTP/1.1" 200 501
222.70.171.86 - - [29/Oct/2021:10:14:11 +0800] "GET /xingrg/kc/base/wldb_order_operate.html?command=get_materiel&rest_code=00146&base_code=0010063&code=00101019249 HTTP/1.1" 200 469
58.221.95.50 - - [29/Oct/2021:10:14:13 +0800] "GET /xingrg/all/function/internal_message.html?_=1635473652260&CODE_STATE=getMsg HTTP/1.1" 200 27
222.70.171.86 - - [29/Oct/2021:10:14:13 +0800] "GET /xingrg/all/function/internal_message.html?_=1635473647606&CODE_STATE=getMsg HTTP/1.1" 200 27
222.69.128.126 - - [29/Oct/2021:10:14:15 +0800] "GET /xingrg/all/function/internal_message.html?_=1635473656714&CODE_STATE=getMsg HTTP/1.1" 200 27
222.69.128.126 - - [29/Oct/2021:10:14:16 +0800] "GET /xingrg/check_reg.html?_=1635473657651 HTTP/1.1" 200 22
222.70.171.86 - - [29/Oct/2021:10:14:18 +0800] "GET /xingrg/kc/base/wldb_order_operate.html?command=get_materiel&rest_code=00146&base_code=0010063&code=00101019063 HTTP/1.1" 200 447
222.69.128.126 - - [29/Oct/2021:10:14:25 +0800] "GET /xingrg/kc/buy/cgsh_order_operate.html?command=get_materiel&rest_code=00149&code=00101009056&supplier_code=&order_time=2021-10-29 HTTP/1.1" 200 412
180.169.147.146 - - [29/Oct/2021:10:14:25 +0800] "GET /xingrg/all/function/internal_message.html?_=1635473669583&CODE_STATE=getMsg HTTP/1.1" 200 27
114.86.225.146 - - [29/Oct/2021:10:14:27 +0800] "GET /xingrg/all/function/internal_message.html?_=1635473670596&CODE_STATE=getMsg HTTP/1.1" 200 27
222.70.171.86 - - [29/Oct/2021:10:14:27 +0800] "GET /xingrg/kc/base/wldb_order_operate.html?command=get_materiel&rest_code=00146&base_code=0010063&code=00101019390 HTTP/1.1" 200 456
58.39.139.200 - - [29/Oct/2021:10:14:36 +0800] "GET /xingrg/all/function/internal_message.html?_=1635473676445&CODE_STATE=getMsg HTTP/1.1" 200 27
180.169.147.146 - - [29/Oct/2021:10:14:37 +0800] "GET /xingrg/check_reg.html?_=1635473682458 HTTP/1.1" 200 22
222.70.179.155 - - [29/Oct/2021:10:14:38 +0800] "GET /xingrg/all/function/internal_message.html?_=1635473675563&CODE_STATE=getMsg HTTP/1.1" 200 27
222.70.171.86 - - [29/Oct/2021:10:14:40 +0800] "GET /xingrg/kc/base/wldb_order_operate.html?command=get_materiel&rest_code=00146&base_code=0010063&code=00101016094 HTTP/1.1" 200 469
180.169.147.146 - - [29/Oct/2021:10:14:45 +0800] "GET /xingrg/all/function/internal_message.html?_=1635473684504&CODE_STATE=getMsg HTTP/1.1" 200 27
58.39.139.200 - - [29/Oct/2021:10:14:45 +0800] "GET /xingrg/kc/buy/cgsh_order_operate.html?command=get_materiel&rest_code=00105&code=00101009007&supplier_code=00100024&order_time=2021-10-29 HTTP/1.1" 200 408
