180.169.147.146 - - [29/Oct/2021:09:40:02 +0800] "GET /xingrg/javascript/easyui/themes/default/validatebox.css HTTP/1.1" 404 1104
180.169.147.146 - - [29/Oct/2021:09:40:03 +0800] "POST /xingrg/kc/buy/cgsh_order_operate.html HTTP/1.1" 200 3269
180.169.147.146 - - [29/Oct/2021:09:40:12 +0800] "POST /xingrg/kc/buy/cgsh_order_operate.html HTTP/1.1" 200 37
58.221.95.50 - - [29/Oct/2021:09:40:13 +0800] "GET /xingrg/all/function/internal_message.html?_=1635471612092&CODE_STATE=getMsg HTTP/1.1" 200 27
114.85.125.222 - - [29/Oct/2021:09:40:13 +0800] "GET /xingrg/all/function/internal_message.html?_=1635471550953&CODE_STATE=getMsg HTTP/1.1" 200 27
124.78.153.86 - - [29/Oct/2021:09:40:15 +0800] "GET /xingrg/kc/buy/cgsh_order_operate.html?command=get_materiel&rest_code=00106&code=00101008190&supplier_code=00100007&order_time=2021-10-29 HTTP/1.1" 200 412
222.69.128.126 - - [29/Oct/2021:09:40:16 +0800] "GET /xingrg/all/function/internal_message.html?_=1635471617231&CODE_STATE=getMsg HTTP/1.1" 200 27
116.238.248.233 - - [29/Oct/2021:09:40:21 +0800] "GET /xingrg/all/function/internal_message.html?_=1635471619010&CODE_STATE=getMsg HTTP/1.1" 200 27
180.169.147.146 - - [29/Oct/2021:09:40:25 +0800] "GET /xingrg/all/function/internal_message.html?_=1635471630118&CODE_STATE=getMsg HTTP/1.1" 200 27
124.78.153.86 - - [29/Oct/2021:09:40:26 +0800] "GET /xingrg/kc/buy/cgsh_order_operate.html?command=get_materiel&rest_code=00106&code=00101008141&supplier_code=00100007&order_time=2021-10-29 HTTP/1.1" 200 412
114.86.225.146 - - [29/Oct/2021:09:40:27 +0800] "GET /xingrg/all/function/internal_message.html?_=1635471630527&CODE_STATE=getMsg HTTP/1.1" 200 27
58.39.139.200 - - [29/Oct/2021:09:40:36 +0800] "GET /xingrg/all/function/internal_message.html?_=1635471636496&CODE_STATE=getMsg HTTP/1.1" 200 27
180.169.147.146 - - [29/Oct/2021:09:40:37 +0800] "POST /xingrg/kc/buy/cgsh_order_operate.html HTTP/1.1" 200 3266
222.70.179.155 - - [29/Oct/2021:09:40:38 +0800] "GET /xingrg/all/function/internal_message.html?_=1635471635535&CODE_STATE=getMsg HTTP/1.1" 200 27
124.78.153.86 - - [29/Oct/2021:09:40:39 +0800] "GET /xingrg/kc/buy/cgsh_order_operate.html?command=get_materiel&rest_code=00106&code=00101008355&supplier_code=00100007&order_time=2021-10-29 HTTP/1.1" 200 408
180.169.147.146 - - [29/Oct/2021:09:40:45 +0800] "GET /xingrg/check_reg.html?_=1635471644534 HTTP/1.1" 200 22
180.169.147.146 - - [29/Oct/2021:09:40:45 +0800] "GET /xingrg/all/function/internal_message.html?_=1635471644529&CODE_STATE=getMsg HTTP/1.1" 200 27
124.78.153.86 - - [29/Oct/2021:09:40:46 +0800] "GET /xingrg/all/function/internal_message.html?_=1635471647950&CODE_STATE=getMsg HTTP/1.1" 200 27
58.37.227.186 - - [29/Oct/2021:09:40:50 +0800] "GET /xingrg/all/function/internal_message.html?_=1635471490463&CODE_STATE=getMsg HTTP/1.1" 200 27
124.78.153.86 - - [29/Oct/2021:09:40:50 +0800] "GET /xingrg/kc/buy/cgsh_order_operate.html?command=get_materiel&rest_code=00106&code=00101008264&supplier_code=00100007&order_time=2021-10-29 HTTP/1.1" 200 412
180.169.147.146 - - [29/Oct/2021:09:40:51 +0800] "GET /xingrg/all/function/internal_message.html?_=1635471646632&CODE_STATE=getMsg HTTP/1.1" 200 27
180.169.147.146 - - [29/Oct/2021:09:40:52 +0800] "GET /xingrg/all/function/internal_message.html?_=1635471713341&CODE_STATE=getMsg HTTP/1.1" 200 27
180.169.147.146 - - [29/Oct/2021:09:41:03 +0800] "POST /xingrg/kc/buy/cgsh_list_operate.html HTTP/1.1" 200 5369
124.78.153.86 - - [29/Oct/2021:09:41:03 +0800] "GET /xingrg/kc/buy/cgsh_order_operate.html?command=get_materiel&rest_code=00106&code=00101008356&supplier_code=00100007&order_time=2021-10-29 HTTP/1.1" 200 408
58.221.95.50 - - [29/Oct/2021:09:41:13 +0800] "GET /xingrg/all/function/internal_message.html?_=1635471672121&CODE_STATE=getMsg HTTP/1.1" 200 27
114.85.125.222 - - [29/Oct/2021:09:41:13 +0800] "GET /xingrg/all/function/internal_message.html?_=1635471610966&CODE_STATE=getMsg HTTP/1.1" 200 27
222.69.128.126 - - [29/Oct/2021:09:41:16 +0800] "GET /xingrg/all/function/internal_message.html?_=1635471677216&CODE_STATE=getMsg HTTP/1.1" 200 27
124.78.153.86 - - [29/Oct/2021:09:41:19 +0800] "GET /xingrg/kc/buy/cgsh_order_operate.html?command=get_materiel&rest_code=00106&code=00101008272&supplier_code=00100007&order_time=2021-10-29 HTTP/1.1" 200 412
116.238.248.233 - - [29/Oct/2021:09:41:21 +0800] "GET /xingrg/all/function/internal_message.html?_=1635471679015&CODE_STATE=getMsg HTTP/1.1" 200 27
180.169.147.146 - - [29/Oct/2021:09:41:25 +0800] "GET /xingrg/all/function/internal_message.html?_=1635471690102&CODE_STATE=getMsg HTTP/1.1" 200 27
114.86.225.146 - - [29/Oct/2021:09:41:27 +0800] "GET /xingrg/all/function/internal_message.html?_=1635471690528&CODE_STATE=getMsg HTTP/1.1" 200 27
124.78.153.86 - - [29/Oct/2021:09:41:33 +0800] "GET /xingrg/kc/buy/cgsh_order_operate.html?command=get_materiel&rest_code=00106&code=00101008137&supplier_code=00100007&order_time=2021-10-29 HTTP/1.1" 200 408
58.39.139.200 - - [29/Oct/2021:09:41:36 +0800] "GET /xingrg/all/function/internal_message.html?_=1635471696465&CODE_STATE=getMsg HTTP/1.1" 200 27
222.70.179.155 - - [29/Oct/2021:09:41:38 +0800] "GET /xingrg/check_reg.html?_=1635471695542 HTTP/1.1" 200 22
222.70.179.155 - - [29/Oct/2021:09:41:38 +0800] "GET /xingrg/all/function/internal_message.html?_=1635471695540&CODE_STATE=getMsg HTTP/1.1" 200 27
180.169.147.146 - - [29/Oct/2021:09:41:45 +0800] "GET /xingrg/all/function/internal_message.html?_=1635471704514&CODE_STATE=getMsg HTTP/1.1" 200 27
124.78.153.86 - - [29/Oct/2021:09:41:46 +0800] "GET /xingrg/all/function/internal_message.html?_=1635471707930&CODE_STATE=getMsg HTTP/1.1" 200 27
58.37.227.186 - - [29/Oct/2021:09:41:50 +0800] "GET /xingrg/check_reg.html?_=1635471550467 HTTP/1.1" 200 22
58.37.227.186 - - [29/Oct/2021:09:41:50 +0800] "GET /xingrg/all/function/internal_message.html?_=1635471550468&CODE_STATE=getMsg HTTP/1.1" 200 27
180.169.147.146 - - [29/Oct/2021:09:41:51 +0800] "GET /xingrg/check_reg.html?_=1635471706635 HTTP/1.1" 200 22
180.169.147.146 - - [29/Oct/2021:09:41:51 +0800] "GET /xingrg/all/function/internal_message.html?_=1635471706638&CODE_STATE=getMsg HTTP/1.1" 200 27
180.169.147.146 - - [29/Oct/2021:09:41:52 +0800] "GET /xingrg/all/function/internal_message.html?_=1635471773343&CODE_STATE=getMsg HTTP/1.1" 200 27
124.78.153.86 - - [29/Oct/2021:09:41:53 +0800] "GET /xingrg/kc/buy/cgsh_order_operate.html?command=get_materiel&rest_code=00106&code=00101008360&supplier_code=00100007&order_time=2021-10-29 HTTP/1.1" 200 413
124.78.153.86 - - [29/Oct/2021:09:42:04 +0800] "GET /xingrg/kc/buy/cgsh_order_operate.html?command=get_materiel&rest_code=00106&code=00101008357&supplier_code=00100007&order_time=2021-10-29 HTTP/1.1" 200 408
58.221.95.50 - - [29/Oct/2021:09:42:13 +0800] "GET /xingrg/all/function/internal_message.html?_=1635471732121&CODE_STATE=getMsg HTTP/1.1" 200 27
114.85.125.222 - - [29/Oct/2021:09:42:13 +0800] "GET /xingrg/all/function/internal_message.html?_=1635471671073&CODE_STATE=getMsg HTTP/1.1" 200 27
222.69.128.126 - - [29/Oct/2021:09:42:16 +0800] "GET /xingrg/all/function/internal_message.html?_=1635471737207&CODE_STATE=getMsg HTTP/1.1" 200 27
58.37.227.186 - - [29/Oct/2021:09:42:18 +0800] "GET /xingrg/javascript/auto/indicator.gif HTTP/1.1" 404 1066
124.78.153.86 - - [29/Oct/2021:09:42:19 +0800] "GET /xingrg/kc/buy/cgsh_order_operate.html?command=get_materiel&rest_code=00106&code=00101008069&supplier_code=00100007&order_time=2021-10-29 HTTP/1.1" 200 412
114.85.125.222 - - [29/Oct/2021:09:42:19 +0800] "GET /xingrg/kc/buy/cgsh_order_add.html HTTP/1.1" 200 64333
114.85.125.222 - - [29/Oct/2021:09:42:20 +0800] "POST /xingrg/kc/buy/cgsh_order_operate.html HTTP/1.1" 200 8245
114.85.125.222 - - [29/Oct/2021:09:42:20 +0800] "GET /xingrg/javascript/easyui/themes/default/validatebox.css HTTP/1.1" 404 1104
116.238.248.233 - - [29/Oct/2021:09:42:21 +0800] "GET /xingrg/all/function/internal_message.html?_=1635471739021&CODE_STATE=getMsg HTTP/1.1" 200 27
58.37.227.186 - - [29/Oct/2021:09:42:24 +0800] "GET /xingrg/javascript/jquery_tools/images/prev.gif HTTP/1.1" 404 1086
58.37.227.186 - - [29/Oct/2021:09:42:24 +0800] "GET /xingrg/javascript/jquery_tools/images/next.gif HTTP/1.1" 404 1086
180.169.147.146 - - [29/Oct/2021:09:42:25 +0800] "GET /xingrg/all/function/internal_message.html?_=1635471750096&CODE_STATE=getMsg HTTP/1.1" 200 27
114.86.225.146 - - [29/Oct/2021:09:42:27 +0800] "GET /xingrg/all/function/internal_message.html?_=1635471750530&CODE_STATE=getMsg HTTP/1.1" 200 27
114.86.225.146 - - [29/Oct/2021:09:42:27 +0800] "GET /xingrg/check_reg.html?_=1635471750532 HTTP/1.1" 200 22
114.85.125.222 - - [29/Oct/2021:09:42:29 +0800] "GET /xingrg/kc/buy/cgsh_order_operate.html?command=get_materiel&rest_code=00151&code=00101011001&supplier_code=00100047&order_time=2021-10-29 HTTP/1.1" 200 423
58.37.227.186 - - [29/Oct/2021:09:42:35 +0800] "GET /xingrg/kc/buy/cgsh_order_operate.html?command=get_materiel&rest_code=00141&code=00101006259&supplier_code=00100004&order_time=2021-10-29 HTTP/1.1" 200 395
58.39.139.200 - - [29/Oct/2021:09:42:36 +0800] "GET /xingrg/all/function/internal_message.html?_=1635471756433&CODE_STATE=getMsg HTTP/1.1" 200 27
58.39.139.200 - - [29/Oct/2021:09:42:36 +0800] "GET /xingrg/check_reg.html?_=1635471756538 HTTP/1.1" 200 22
222.70.179.155 - - [29/Oct/2021:09:42:38 +0800] "GET /xingrg/all/function/internal_message.html?_=1635471755540&CODE_STATE=getMsg HTTP/1.1" 200 27
114.85.125.222 - - [29/Oct/2021:09:42:41 +0800] "GET /xingrg/kc/buy/cgsh_order_operate.html?command=get_materiel&rest_code=00151&code=00101011007&supplier_code=00100047&order_time=2021-10-29 HTTP/1.1" 200 414
124.78.153.86 - - [29/Oct/2021:09:42:42 +0800] "GET /xingrg/kc/buy/cgsh_order_operate.html?command=get_materiel&rest_code=00106&code=00101008286&supplier_code=00100007&order_time=2021-10-29 HTTP/1.1" 200 408
180.169.147.146 - - [29/Oct/2021:09:42:45 +0800] "GET /xingrg/all/function/internal_message.html?_=1635471764506&CODE_STATE=getMsg HTTP/1.1" 200 27
124.78.153.86 - - [29/Oct/2021:09:42:46 +0800] "GET /xingrg/all/function/internal_message.html?_=1635471767936&CODE_STATE=getMsg HTTP/1.1" 200 27
124.78.153.86 - - [29/Oct/2021:09:42:46 +0800] "GET /xingrg/check_reg.html?_=1635471767942 HTTP/1.1" 200 22
58.37.227.186 - - [29/Oct/2021:09:42:50 +0800] "GET /xingrg/all/function/internal_message.html?_=1635471610464&CODE_STATE=getMsg HTTP/1.1" 200 27
58.37.227.186 - - [29/Oct/2021:09:42:51 +0800] "GET /xingrg/kc/buy/cgsh_order_operate.html?command=get_materiel&rest_code=00141&code=00101007077&supplier_code=00100004&order_time=2021-10-29 HTTP/1.1" 200 415
180.169.147.146 - - [29/Oct/2021:09:42:51 +0800] "GET /xingrg/all/function/internal_message.html?_=1635471766631&CODE_STATE=getMsg HTTP/1.1" 200 27
180.169.147.146 - - [29/Oct/2021:09:42:52 +0800] "GET /xingrg/all/function/internal_message.html?_=1635471833345&CODE_STATE=getMsg HTTP/1.1" 200 27
124.78.153.86 - - [29/Oct/2021:09:42:52 +0800] "GET /xingrg/kc/buy/cgsh_order_operate.html?command=get_materiel&rest_code=00106&code=00101008036&supplier_code=00100007&order_time=2021-10-29 HTTP/1.1" 200 408
114.85.125.222 - - [29/Oct/2021:09:42:54 +0800] "POST /xingrg/kc/buy/cgsh_order_operate.html HTTP/1.1" 200 37
124.78.153.86 - - [29/Oct/2021:09:42:54 +0800] "POST /xingrg/kc/buy/cgsh_order_operate.html HTTP/1.1" 200 2065
114.85.125.222 - - [29/Oct/2021:09:42:59 +0800] "POST /xingrg/kc/buy/cgsh_order_operate.html HTTP/1.1" 200 12
58.37.227.186 - - [29/Oct/2021:09:43:01 +0800] "GET /xingrg/kc/buy/cgsh_order_operate.html?command=get_materiel&rest_code=00141&code=00101007085&supplier_code=00100004&order_time=2021-10-29 HTTP/1.1" 200 413
124.78.153.86 - - [29/Oct/2021:09:43:04 +0800] "GET /xingrg/kc/buy/cgsh_order_operate.html?command=get_materiel&rest_code=00106&code=00101008131&supplier_code=00100007&order_time=2021-10-29 HTTP/1.1" 200 408
58.37.227.186 - - [29/Oct/2021:09:43:08 +0800] "GET /xingrg/kc/buy/cgsh_order_operate.html?command=get_materiel&rest_code=00141&code=00101007089&supplier_code=00100004&order_time=2021-10-29 HTTP/1.1" 200 408
58.221.95.50 - - [29/Oct/2021:09:43:13 +0800] "GET /xingrg/check_reg.html?_=1635471792105 HTTP/1.1" 200 22
58.221.95.50 - - [29/Oct/2021:09:43:13 +0800] "GET /xingrg/all/function/internal_message.html?_=1635471792108&CODE_STATE=getMsg HTTP/1.1" 200 27
114.85.125.222 - - [29/Oct/2021:09:43:14 +0800] "GET /xingrg/kc/buy/cgsh_order_info.html?code=212021102912767 HTTP/1.1" 200 59246
114.85.125.222 - - [29/Oct/2021:09:43:15 +0800] "GET /xingrg/javascript/easyui/themes/default/validatebox.css HTTP/1.1" 404 1104
58.37.227.186 - - [29/Oct/2021:09:43:15 +0800] "GET /xingrg/kc/buy/cgsh_order_operate.html?command=get_materiel&rest_code=00141&code=00101007016&supplier_code=00100004&order_time=2021-10-29 HTTP/1.1" 200 409
114.85.125.222 - - [29/Oct/2021:09:43:15 +0800] "GET /xingrg/all/function/internal_message.html?_=1635471733101&CODE_STATE=getMsg HTTP/1.1" 200 27
114.85.125.222 - - [29/Oct/2021:09:43:15 +0800] "POST /xingrg/kc/buy/cgsh_order_operate.html HTTP/1.1" 200 1227
222.69.128.126 - - [29/Oct/2021:09:43:16 +0800] "GET /xingrg/all/function/internal_message.html?_=1635471797193&CODE_STATE=getMsg HTTP/1.1" 200 27
114.85.125.222 - - [29/Oct/2021:09:43:17 +0800] "GET /xingrg/kc/print/load_data.html?order_code=212021102912767&kc_code=cgsh&condition= HTTP/1.1" 200 1027
124.78.153.86 - - [29/Oct/2021:09:43:18 +0800] "GET /xingrg/kc/buy/cgsh_order_operate.html?command=get_materiel&rest_code=00106&code=00101008352&supplier_code=00100007&order_time=2021-10-29 HTTP/1.1" 200 412
116.238.248.233 - - [29/Oct/2021:09:43:21 +0800] "GET /xingrg/all/function/internal_message.html?_=1635471799036&CODE_STATE=getMsg HTTP/1.1" 200 27
180.169.147.146 - - [29/Oct/2021:09:43:25 +0800] "GET /xingrg/all/function/internal_message.html?_=1635471810083&CODE_STATE=getMsg HTTP/1.1" 200 27
114.86.225.146 - - [29/Oct/2021:09:43:27 +0800] "GET /xingrg/all/function/internal_message.html?_=1635471810533&CODE_STATE=getMsg HTTP/1.1" 200 27
58.37.227.186 - - [29/Oct/2021:09:43:29 +0800] "POST /xingrg/kc/buy/cgsh_order_operate.html HTTP/1.1" 200 37
124.78.153.86 - - [29/Oct/2021:09:43:31 +0800] "GET /xingrg/kc/buy/cgsh_order_operate.html?command=get_materiel&rest_code=00106&code=00101008005&supplier_code=00100007&order_time=2021-10-29 HTTP/1.1" 200 412
58.37.227.186 - - [29/Oct/2021:09:43:33 +0800] "POST /xingrg/kc/buy/cgsh_order_operate.html HTTP/1.1" 200 12
58.37.227.186 - - [29/Oct/2021:09:43:34 +0800] "GET /xingrg/kc/buy/cgsh_order_info.html?code=212021102912768 HTTP/1.1" 200 59594
58.37.227.186 - - [29/Oct/2021:09:43:34 +0800] "GET /xingrg/javascript/easyui/themes/default/validatebox.css HTTP/1.1" 404 1104
58.37.227.186 - - [29/Oct/2021:09:43:35 +0800] "POST /xingrg/kc/buy/cgsh_order_operate.html HTTP/1.1" 200 2968
114.85.125.222 - - [29/Oct/2021:09:43:35 +0800] "GET /xingrg/kc/buy/cgsh_order_add.html HTTP/1.1" 200 64333
58.37.227.186 - - [29/Oct/2021:09:43:35 +0800] "GET /xingrg/kc/print/load_config.html?kc_code=cgsh HTTP/1.1" 200 2281
58.37.227.186 - - [29/Oct/2021:09:43:36 +0800] "GET /xingrg/kc/print/load_data.html?order_code=212021102912768&kc_code=cgsh&condition= HTTP/1.1" 200 1665
114.85.125.222 - - [29/Oct/2021:09:43:36 +0800] "POST /xingrg/kc/buy/cgsh_order_operate.html HTTP/1.1" 200 8245
114.85.125.222 - - [29/Oct/2021:09:43:36 +0800] "GET /xingrg/javascript/easyui/themes/default/validatebox.css HTTP/1.1" 404 1104
58.39.139.200 - - [29/Oct/2021:09:43:36 +0800] "GET /xingrg/all/function/internal_message.html?_=1635471816413&CODE_STATE=getMsg HTTP/1.1" 200 27
222.70.179.155 - - [29/Oct/2021:09:43:38 +0800] "GET /xingrg/all/function/internal_message.html?_=1635471815543&CODE_STATE=getMsg HTTP/1.1" 200 27
58.37.227.186 - - [29/Oct/2021:09:43:39 +0800] "GET /xingrg/kc/buy/cgsh_order_add.html HTTP/1.1" 200 64685
58.37.227.186 - - [29/Oct/2021:09:43:40 +0800] "GET /xingrg/javascript/easyui/themes/default/validatebox.css HTTP/1.1" 404 1104
58.37.227.186 - - [29/Oct/2021:09:43:40 +0800] "POST /xingrg/kc/buy/cgsh_order_operate.html HTTP/1.1" 200 8245
180.169.147.146 - - [29/Oct/2021:09:43:45 +0800] "GET /xingrg/all/function/internal_message.html?_=1635471824520&CODE_STATE=getMsg HTTP/1.1" 200 27
124.78.153.86 - - [29/Oct/2021:09:43:45 +0800] "GET /xingrg/kc/buy/cgsh_order_operate.html?command=get_materiel&rest_code=00106&code=00101008271&supplier_code=00100007&order_time=2021-10-29 HTTP/1.1" 200 408
124.78.153.86 - - [29/Oct/2021:09:43:46 +0800] "GET /xingrg/all/function/internal_message.html?_=1635471827941&CODE_STATE=getMsg HTTP/1.1" 200 27
114.85.125.222 - - [29/Oct/2021:09:43:47 +0800] "GET /xingrg/kc/buy/cgsh_order_operate.html?command=get_materiel&rest_code=00151&code=00101016105&supplier_code=00100096&order_time=2021-10-29 HTTP/1.1" 200 411
58.37.227.186 - - [29/Oct/2021:09:43:50 +0800] "GET /xingrg/all/function/internal_message.html?_=1635471670491&CODE_STATE=getMsg HTTP/1.1" 200 27
180.169.147.146 - - [29/Oct/2021:09:43:51 +0800] "GET /xingrg/all/function/internal_message.html?_=1635471826634&CODE_STATE=getMsg HTTP/1.1" 200 27
180.169.147.146 - - [29/Oct/2021:09:43:52 +0800] "GET /xingrg/all/function/internal_message.html?_=1635471893347&CODE_STATE=getMsg HTTP/1.1" 200 27
180.169.147.146 - - [29/Oct/2021:09:43:52 +0800] "POST /xingrg/kc/buy/cgsh_list_operate.html HTTP/1.1" 200 5205
124.78.153.86 - - [29/Oct/2021:09:43:59 +0800] "GET /xingrg/kc/buy/cgsh_order_operate.html?command=get_materiel&rest_code=00106&code=00101008353&supplier_code=00100007&order_time=2021-10-29 HTTP/1.1" 200 408
124.78.153.86 - - [29/Oct/2021:09:44:01 +0800] "POST /xingrg/kc/buy/cgsh_order_operate.html HTTP/1.1" 200 2065
114.85.125.222 - - [29/Oct/2021:09:44:03 +0800] "GET /xingrg/kc/buy/cgsh_order_operate.html?command=get_materiel&rest_code=00151&code=00101008084&supplier_code=00100096&order_time=2021-10-29 HTTP/1.1" 200 412
180.169.147.146 - - [29/Oct/2021:09:44:07 +0800] "POST /xingrg/kc/buy/cgsh_list_operate.html HTTP/1.1" 200 210
180.169.147.146 - - [29/Oct/2021:09:44:07 +0800] "GET /xingrg/kc/buy/cgsh_order_info.html?code=212021102812691 HTTP/1.1" 200 64658
180.169.147.146 - - [29/Oct/2021:09:44:07 +0800] "GET /xingrg/words/20211029092622_words.js HTTP/1.1" 304 -
180.169.147.146 - - [29/Oct/2021:09:44:07 +0800] "GET /xingrg/javascript/easyui/themes/default/validatebox.css HTTP/1.1" 404 1104
180.169.147.146 - - [29/Oct/2021:09:44:08 +0800] "POST /xingrg/kc/buy/cgsh_order_operate.html HTTP/1.1" 200 2676
58.221.95.50 - - [29/Oct/2021:09:44:13 +0800] "GET /xingrg/all/function/internal_message.html?_=1635471852126&CODE_STATE=getMsg HTTP/1.1" 200 27
114.85.125.222 - - [29/Oct/2021:09:44:13 +0800] "GET /xingrg/check_reg.html?_=1635471790757 HTTP/1.1" 200 22
114.85.125.222 - - [29/Oct/2021:09:44:15 +0800] "GET /xingrg/all/function/internal_message.html?_=1635471793114&CODE_STATE=getMsg HTTP/1.1" 200 27
222.69.128.126 - - [29/Oct/2021:09:44:16 +0800] "GET /xingrg/all/function/internal_message.html?_=1635471857176&CODE_STATE=getMsg HTTP/1.1" 200 27
222.69.128.126 - - [29/Oct/2021:09:44:16 +0800] "GET /xingrg/check_reg.html?_=1635471857679 HTTP/1.1" 200 22
114.85.125.222 - - [29/Oct/2021:09:44:17 +0800] "GET /xingrg/kc/buy/cgsh_order_operate.html?command=get_materiel&rest_code=00151&code=00101012025&supplier_code=00100096&order_time=2021-10-29 HTTP/1.1" 200 412
116.238.248.233 - - [29/Oct/2021:09:44:21 +0800] "GET /xingrg/all/function/internal_message.html?_=1635471859036&CODE_STATE=getMsg HTTP/1.1" 200 27
116.238.248.233 - - [29/Oct/2021:09:44:21 +0800] "GET /xingrg/check_reg.html?_=1635471859039 HTTP/1.1" 200 22
180.169.147.146 - - [29/Oct/2021:09:44:24 +0800] "POST /xingrg/kc/buy/cgsh_order_operate.html HTTP/1.1" 200 37
180.169.147.146 - - [29/Oct/2021:09:44:25 +0800] "GET /xingrg/all/function/internal_message.html?_=1635471870068&CODE_STATE=getMsg HTTP/1.1" 200 27
124.78.153.86 - - [29/Oct/2021:09:44:26 +0800] "GET /xingrg/kc/buy/cgsh_order_operate.html?command=get_materiel&rest_code=00106&code=00101013179&supplier_code=00100007&order_time=2021-10-29 HTTP/1.1" 200 412
114.86.225.146 - - [29/Oct/2021:09:44:27 +0800] "GET /xingrg/all/function/internal_message.html?_=1635471870534&CODE_STATE=getMsg HTTP/1.1" 200 27
180.169.147.146 - - [29/Oct/2021:09:44:27 +0800] "POST /xingrg/kc/buy/cgsh_order_operate.html HTTP/1.1" 200 2673
58.39.139.200 - - [29/Oct/2021:09:44:36 +0800] "GET /xingrg/all/function/internal_message.html?_=1635471876413&CODE_STATE=getMsg HTTP/1.1" 200 27
180.169.147.146 - - [29/Oct/2021:09:44:38 +0800] "GET /xingrg/check_reg.html?_=1635471882535 HTTP/1.1" 200 22
222.70.179.155 - - [29/Oct/2021:09:44:38 +0800] "GET /xingrg/all/function/internal_message.html?_=1635471875543&CODE_STATE=getMsg HTTP/1.1" 200 27
124.78.153.86 - - [29/Oct/2021:09:44:39 +0800] "GET /xingrg/kc/buy/cgsh_order_operate.html?command=get_materiel&rest_code=00106&code=00101008283&supplier_code=00100007&order_time=2021-10-29 HTTP/1.1" 200 408
114.85.125.222 - - [29/Oct/2021:09:44:40 +0800] "GET /xingrg/kc/buy/cgsh_order_operate.html?command=get_materiel&rest_code=00151&code=00101012059&supplier_code=00100096&order_time=2021-10-29 HTTP/1.1" 200 414
180.169.147.146 - - [29/Oct/2021:09:44:45 +0800] "GET /xingrg/all/function/internal_message.html?_=1635471884512&CODE_STATE=getMsg HTTP/1.1" 200 27
124.78.153.86 - - [29/Oct/2021:09:44:46 +0800] "GET /xingrg/all/function/internal_message.html?_=1635471887954&CODE_STATE=getMsg HTTP/1.1" 200 27
58.37.227.186 - - [29/Oct/2021:09:44:50 +0800] "GET /xingrg/all/function/internal_message.html?_=1635471730469&CODE_STATE=getMsg HTTP/1.1" 200 27
180.169.147.146 - - [29/Oct/2021:09:44:51 +0800] "GET /xingrg/all/function/internal_message.html?_=1635471886631&CODE_STATE=getMsg HTTP/1.1" 200 27
180.169.147.146 - - [29/Oct/2021:09:44:52 +0800] "GET /xingrg/all/function/internal_message.html?_=1635471953349&CODE_STATE=getMsg HTTP/1.1" 200 27
180.169.147.146 - - [29/Oct/2021:09:44:52 +0800] "GET /xingrg/check_reg.html?_=1635471953354 HTTP/1.1" 200 22
124.78.153.86 - - [29/Oct/2021:09:44:54 +0800] "GET /xingrg/kc/buy/cgsh_order_operate.html?command=get_materiel&rest_code=00106&code=00101008182&supplier_code=00100007&order_time=2021-10-29 HTTP/1.1" 200 431
114.85.125.222 - - [29/Oct/2021:09:44:56 +0800] "GET /xingrg/kc/buy/cgsh_order_operate.html?command=get_materiel&rest_code=00151&code=00101006013&supplier_code=00100096&order_time=2021-10-29 HTTP/1.1" 200 411
114.85.125.222 - - [29/Oct/2021:09:45:07 +0800] "GET /xingrg/kc/buy/cgsh_order_operate.html?command=get_materiel&rest_code=00151&code=00101006084&supplier_code=00100096&order_time=2021-10-29 HTTP/1.1" 200 415
124.78.153.86 - - [29/Oct/2021:09:45:08 +0800] "GET /xingrg/kc/buy/cgsh_order_operate.html?command=get_materiel&rest_code=00106&code=00101008125&supplier_code=00100007&order_time=2021-10-29 HTTP/1.1" 200 413
58.221.95.50 - - [29/Oct/2021:09:45:13 +0800] "GET /xingrg/all/function/internal_message.html?_=1635471912110&CODE_STATE=getMsg HTTP/1.1" 200 27
114.85.125.222 - - [29/Oct/2021:09:45:15 +0800] "GET /xingrg/all/function/internal_message.html?_=1635471853127&CODE_STATE=getMsg HTTP/1.1" 200 27
222.69.128.126 - - [29/Oct/2021:09:45:16 +0800] "GET /xingrg/all/function/internal_message.html?_=1635471917158&CODE_STATE=getMsg HTTP/1.1" 200 27
114.85.125.222 - - [29/Oct/2021:09:45:19 +0800] "GET /xingrg/kc/buy/cgsh_order_operate.html?command=get_materiel&rest_code=00151&code=00101007125&supplier_code=00100096&order_time=2021-10-29 HTTP/1.1" 200 408
116.238.248.233 - - [29/Oct/2021:09:45:21 +0800] "GET /xingrg/all/function/internal_message.html?_=1635471919034&CODE_STATE=getMsg HTTP/1.1" 200 27
124.78.153.86 - - [29/Oct/2021:09:45:22 +0800] "GET /xingrg/kc/buy/cgsh_order_operate.html?command=get_materiel&rest_code=00106&code=00101008010&supplier_code=00100007&order_time=2021-10-29 HTTP/1.1" 200 412
124.78.153.86 - - [29/Oct/2021:09:45:24 +0800] "POST /xingrg/kc/buy/cgsh_order_operate.html HTTP/1.1" 200 2065
180.169.147.146 - - [29/Oct/2021:09:45:25 +0800] "GET /xingrg/all/function/internal_message.html?_=1635471930041&CODE_STATE=getMsg HTTP/1.1" 200 27
114.86.225.146 - - [29/Oct/2021:09:45:27 +0800] "GET /xingrg/all/function/internal_message.html?_=1635471930536&CODE_STATE=getMsg HTTP/1.1" 200 27
180.169.147.146 - - [29/Oct/2021:09:45:33 +0800] "POST /xingrg/kc/buy/cgsh_list_operate.html HTTP/1.1" 200 5205
58.39.139.200 - - [29/Oct/2021:09:45:36 +0800] "GET /xingrg/all/function/internal_message.html?_=1635471936413&CODE_STATE=getMsg HTTP/1.1" 200 27
114.85.125.222 - - [29/Oct/2021:09:45:38 +0800] "POST /xingrg/kc/buy/cgsh_order_operate.html HTTP/1.1" 200 37
222.70.179.155 - - [29/Oct/2021:09:45:38 +0800] "GET /xingrg/all/function/internal_message.html?_=1635471935542&CODE_STATE=getMsg HTTP/1.1" 200 27
114.85.125.222 - - [29/Oct/2021:09:45:42 +0800] "POST /xingrg/kc/buy/cgsh_order_operate.html HTTP/1.1" 200 12
114.85.125.222 - - [29/Oct/2021:09:45:43 +0800] "GET /xingrg/kc/buy/cgsh_order_info.html?code=212021102912769 HTTP/1.1" 200 59236
114.85.125.222 - - [29/Oct/2021:09:45:44 +0800] "GET /xingrg/javascript/easyui/themes/default/validatebox.css HTTP/1.1" 404 1104
114.85.125.222 - - [29/Oct/2021:09:45:44 +0800] "POST /xingrg/kc/buy/cgsh_order_operate.html HTTP/1.1" 200 4197
180.169.147.146 - - [29/Oct/2021:09:45:45 +0800] "GET /xingrg/all/function/internal_message.html?_=1635471944508&CODE_STATE=getMsg HTTP/1.1" 200 27
180.169.147.146 - - [29/Oct/2021:09:45:45 +0800] "GET /xingrg/check_reg.html?_=1635471944512 HTTP/1.1" 200 22
124.78.153.86 - - [29/Oct/2021:09:45:46 +0800] "GET /xingrg/all/function/internal_message.html?_=1635471947954&CODE_STATE=getMsg HTTP/1.1" 200 27
114.85.125.222 - - [29/Oct/2021:09:45:46 +0800] "GET /xingrg/kc/print/load_data.html?order_code=212021102912769&kc_code=cgsh&condition= HTTP/1.1" 200 2098
58.37.227.186 - - [29/Oct/2021:09:45:50 +0800] "GET /xingrg/all/function/internal_message.html?_=1635471790478&CODE_STATE=getMsg HTTP/1.1" 200 27
180.169.147.146 - - [29/Oct/2021:09:45:51 +0800] "GET /xingrg/all/function/internal_message.html?_=1635471946633&CODE_STATE=getMsg HTTP/1.1" 200 27
180.169.147.146 - - [29/Oct/2021:09:45:52 +0800] "GET /xingrg/all/function/internal_message.html?_=1635472013354&CODE_STATE=getMsg HTTP/1.1" 200 27
124.78.153.86 - - [29/Oct/2021:09:45:59 +0800] "POST /xingrg/kc/buy/cgsh_order_operate.html HTTP/1.1" 200 37
124.78.153.86 - - [29/Oct/2021:09:46:01 +0800] "POST /xingrg/kc/buy/cgsh_order_operate.html HTTP/1.1" 200 19187
180.169.147.146 - - [29/Oct/2021:09:46:04 +0800] "POST /xingrg/kc/buy/cgsh_list_operate.html HTTP/1.1" 200 4
58.221.95.50 - - [29/Oct/2021:09:46:13 +0800] "GET /xingrg/all/function/internal_message.html?_=1635471972116&CODE_STATE=getMsg HTTP/1.1" 200 27
114.85.125.222 - - [29/Oct/2021:09:46:15 +0800] "GET /xingrg/all/function/internal_message.html?_=1635471913141&CODE_STATE=getMsg HTTP/1.1" 200 27
222.69.128.126 - - [29/Oct/2021:09:46:16 +0800] "GET /xingrg/all/function/internal_message.html?_=1635471977139&CODE_STATE=getMsg HTTP/1.1" 200 27
116.238.248.233 - - [29/Oct/2021:09:46:21 +0800] "GET /xingrg/all/function/internal_message.html?_=1635471979037&CODE_STATE=getMsg HTTP/1.1" 200 27
180.169.147.146 - - [29/Oct/2021:09:46:25 +0800] "GET /xingrg/all/function/internal_message.html?_=1635471990025&CODE_STATE=getMsg HTTP/1.1" 200 27
114.86.225.146 - - [29/Oct/2021:09:46:27 +0800] "GET /xingrg/all/function/internal_message.html?_=1635471990538&CODE_STATE=getMsg HTTP/1.1" 200 27
58.39.139.200 - - [29/Oct/2021:09:46:36 +0800] "GET /xingrg/all/function/internal_message.html?_=1635471996425&CODE_STATE=getMsg HTTP/1.1" 200 27
222.70.179.155 - - [29/Oct/2021:09:46:38 +0800] "GET /xingrg/check_reg.html?_=1635471995536 HTTP/1.1" 200 22
222.70.179.155 - - [29/Oct/2021:09:46:38 +0800] "GET /xingrg/all/function/internal_message.html?_=1635471995539&CODE_STATE=getMsg HTTP/1.1" 200 27
58.37.227.186 - - [29/Oct/2021:09:46:43 +0800] "GET /xingrg/kc/buy/cgsh_order_operate.html?command=get_materiel&rest_code=00141&code=00101008091&supplier_code=00100007&order_time=2021-10-29 HTTP/1.1" 200 413
180.169.147.146 - - [29/Oct/2021:09:46:45 +0800] "GET /xingrg/all/function/internal_message.html?_=1635472004505&CODE_STATE=getMsg HTTP/1.1" 200 27
124.78.153.86 - - [29/Oct/2021:09:46:46 +0800] "GET /xingrg/all/function/internal_message.html?_=1635472007965&CODE_STATE=getMsg HTTP/1.1" 200 27
58.37.227.186 - - [29/Oct/2021:09:46:50 +0800] "GET /xingrg/check_reg.html?_=1635471850474 HTTP/1.1" 200 22
58.37.227.186 - - [29/Oct/2021:09:46:50 +0800] "GET /xingrg/all/function/internal_message.html?_=1635471850473&CODE_STATE=getMsg HTTP/1.1" 200 27
58.37.227.186 - - [29/Oct/2021:09:46:50 +0800] "GET /xingrg/kc/buy/cgsh_order_operate.html?command=get_materiel&rest_code=00141&code=00101008155&supplier_code=00100007&order_time=2021-10-29 HTTP/1.1" 200 408
180.169.147.146 - - [29/Oct/2021:09:46:52 +0800] "GET /xingrg/all/function/internal_message.html?_=1635472073343&CODE_STATE=getMsg HTTP/1.1" 200 27
58.37.227.186 - - [29/Oct/2021:09:46:56 +0800] "GET /xingrg/kc/buy/cgsh_order_operate.html?command=get_materiel&rest_code=00141&code=00101008354&supplier_code=00100007&order_time=2021-10-29 HTTP/1.1" 200 412
58.37.227.186 - - [29/Oct/2021:09:47:03 +0800] "GET /xingrg/kc/buy/cgsh_order_operate.html?command=get_materiel&rest_code=00141&code=00101008010&supplier_code=00100007&order_time=2021-10-29 HTTP/1.1" 200 412
58.37.227.186 - - [29/Oct/2021:09:47:10 +0800] "GET /xingrg/kc/buy/cgsh_order_operate.html?command=get_materiel&rest_code=00141&code=00101008110&supplier_code=00100007&order_time=2021-10-29 HTTP/1.1" 200 408
114.85.125.222 - - [29/Oct/2021:09:47:11 +0800] "POST /xingrg/all/user/operate.html HTTP/1.1" 200 36
114.85.125.222 - - [29/Oct/2021:09:47:12 +0800] "GET /xingrg/javascript/jquery_easy_ui/themes/default/easyui.css HTTP/1.1" 304 -
114.85.125.222 - - [29/Oct/2021:09:47:12 +0800] "GET /xingrg/index.html?sysBaseUrl=http%3A%2F%2F180.169.147.146%3A18081%2Fxingrg%2F&costTime=45×tamp=1635419773982 HTTP/1.1" 200 17179
114.85.125.222 - - [29/Oct/2021:09:47:12 +0800] "GET /xingrg/javascript/jquery_easy_ui/themes/icon.css HTTP/1.1" 304 -
114.85.125.222 - - [29/Oct/2021:09:47:12 +0800] "GET /xingrg/css/form.css HTTP/1.1" 304 -
114.85.125.222 - - [29/Oct/2021:09:47:12 +0800] "GET /xingrg/javascript/jquery-1.4.2.min.js HTTP/1.1" 304 -
114.85.125.222 - - [29/Oct/2021:09:47:12 +0800] "GET /xingrg/javascript/jquery_easy_ui/jquery.easyui.min.js HTTP/1.1" 304 -
114.85.125.222 - - [29/Oct/2021:09:47:12 +0800] "GET /xingrg/javascript/jquery_easy_ui/easyui-lang-zh_CN.js HTTP/1.1" 304 -
114.85.125.222 - - [29/Oct/2021:09:47:12 +0800] "GET /xingrg/javascript/jquery.form.js HTTP/1.1" 304 -
114.85.125.222 - - [29/Oct/2021:09:47:12 +0800] "GET /xingrg/javascript/jquery.utils.js HTTP/1.1" 304 -
114.85.125.222 - - [29/Oct/2021:09:47:12 +0800] "GET /xingrg/javascript/jquery.timers.js HTTP/1.1" 304 -
114.85.125.222 - - [29/Oct/2021:09:47:12 +0800] "GET /xingrg/images/blue/navBackgound.jpg HTTP/1.1" 304 -
114.85.125.222 - - [29/Oct/2021:09:47:12 +0800] "GET /xingrg/javascript/jquery_easy_ui/themes/icons/settle_new.png HTTP/1.1" 304 -
114.85.125.222 - - [29/Oct/2021:09:47:12 +0800] "GET /xingrg/images/blue/jxLogo.png HTTP/1.1" 304 -
114.85.125.222 - - [29/Oct/2021:09:47:12 +0800] "GET /xingrg/images/blue/pingpu.png HTTP/1.1" 304 -
114.85.125.222 - - [29/Oct/2021:09:47:12 +0800] "POST /xingrg/all/common/load_tree.html?tree=area_rest_tree_json&manage=1 HTTP/1.1" 200 476
114.85.125.222 - - [29/Oct/2021:09:47:12 +0800] "GET /xingrg/javascript/jquery_easy_ui/themes/default/images/tabs_leftarrow.png HTTP/1.1" 304 -
114.85.125.222 - - [29/Oct/2021:09:47:12 +0800] "GET /xingrg/javascript/jquery_easy_ui/themes/default/images/tabs_rightarrow.png HTTP/1.1" 304 -
114.85.125.222 - - [29/Oct/2021:09:47:12 +0800] "GET /xingrg/javascript/jquery_easy_ui/themes/default/images/panel_tool_collapse.gif HTTP/1.1" 304 -
114.85.125.222 - - [29/Oct/2021:09:47:12 +0800] "GET /xingrg/all/function/internal_message.html?_=1635471970623&CODE_STATE=count HTTP/1.1" 200 11
114.85.125.222 - - [29/Oct/2021:09:47:12 +0800] "GET /xingrg/check_reg.html?_=1635471970624 HTTP/1.1" 200 22
114.85.125.222 - - [29/Oct/2021:09:47:13 +0800] "POST /xingrg/load_menu.html HTTP/1.1" 200 5138
58.221.95.50 - - [29/Oct/2021:09:47:13 +0800] "GET /xingrg/all/function/internal_message.html?_=1635472032143&CODE_STATE=getMsg HTTP/1.1" 200 27
114.85.125.222 - - [29/Oct/2021:09:47:16 +0800] "GET /xingrg/kc/buy/cgsh_order_list.html HTTP/1.1" 200 48947
222.69.128.126 - - [29/Oct/2021:09:47:16 +0800] "GET /xingrg/all/function/internal_message.html?_=1635472037125&CODE_STATE=getMsg HTTP/1.1" 200 27
58.37.227.186 - - [29/Oct/2021:09:47:17 +0800] "GET /xingrg/kc/buy/cgsh_order_operate.html?command=get_materiel&rest_code=00141&code=00101008038&supplier_code=00100007&order_time=2021-10-29 HTTP/1.1" 200 412
114.85.125.222 - - [29/Oct/2021:09:47:18 +0800] "POST /xingrg/kc/buy/cgsh_list_operate.html HTTP/1.1" 200 2088
114.85.125.222 - - [29/Oct/2021:09:47:21 +0800] "GET /xingrg/kc/buy/cgsh_order_add.html HTTP/1.1" 200 64615
114.85.125.222 - - [29/Oct/2021:09:47:21 +0800] "GET /xingrg/javascript/easyui/themes/default/validatebox.css HTTP/1.1" 404 1104
116.238.248.233 - - [29/Oct/2021:09:47:21 +0800] "GET /xingrg/all/function/internal_message.html?_=1635472039038&CODE_STATE=getMsg HTTP/1.1" 200 27
114.85.125.222 - - [29/Oct/2021:09:47:21 +0800] "POST /xingrg/kc/buy/cgsh_order_operate.html HTTP/1.1" 200 8245
114.85.125.222 - - [29/Oct/2021:09:47:22 +0800] "GET /xingrg/javascript/auto/indicator.gif HTTP/1.1" 404 1066
58.37.227.186 - - [29/Oct/2021:09:47:23 +0800] "GET /xingrg/kc/buy/cgsh_order_operate.html?command=get_materiel&rest_code=00141&code=00101008221&supplier_code=00100007&order_time=2021-10-29 HTTP/1.1" 200 412
180.169.147.146 - - [29/Oct/2021:09:47:25 +0800] "GET /xingrg/all/function/internal_message.html?_=1635472049997&CODE_STATE=getMsg HTTP/1.1" 200 27
114.86.225.146 - - [29/Oct/2021:09:47:27 +0800] "GET /xingrg/all/function/internal_message.html?_=1635472050540&CODE_STATE=getMsg HTTP/1.1" 200 27
114.86.225.146 - - [29/Oct/2021:09:47:27 +0800] "GET /xingrg/check_reg.html?_=1635472050542 HTTP/1.1" 200 22
114.85.125.222 - - [29/Oct/2021:09:47:30 +0800] "GET /xingrg/kc/buy/cgsh_order_operate.html?command=get_materiel&rest_code=00150&code=00101031012&supplier_code=00100054&order_time=2021-10-29 HTTP/1.1" 200 417
58.37.227.186 - - [29/Oct/2021:09:47:30 +0800] "GET /xingrg/kc/buy/cgsh_order_operate.html?command=get_materiel&rest_code=00141&code=00101008163&supplier_code=00100007&order_time=2021-10-29 HTTP/1.1" 200 409
180.169.147.146 - - [29/Oct/2021:09:47:34 +0800] "POST /xingrg/kc/buy/cgsh_list_operate.html HTTP/1.1" 200 5180
58.39.139.200 - - [29/Oct/2021:09:47:36 +0800] "GET /xingrg/all/function/internal_message.html?_=1635472056425&CODE_STATE=getMsg HTTP/1.1" 200 27
58.39.139.200 - - [29/Oct/2021:09:47:36 +0800] "GET /xingrg/check_reg.html?_=1635472056534 HTTP/1.1" 200 22
114.85.125.222 - - [29/Oct/2021:09:47:37 +0800] "POST /xingrg/kc/buy/cgsh_order_operate.html HTTP/1.1" 200 37
58.37.227.186 - - [29/Oct/2021:09:47:38 +0800] "GET /xingrg/kc/buy/cgsh_order_operate.html?command=get_materiel&rest_code=00141&code=00101008264&supplier_code=00100007&order_time=2021-10-29 HTTP/1.1" 200 412
222.70.179.155 - - [29/Oct/2021:09:47:38 +0800] "GET /xingrg/all/function/internal_message.html?_=1635472055538&CODE_STATE=getMsg HTTP/1.1" 200 27
114.85.125.222 - - [29/Oct/2021:09:47:40 +0800] "POST /xingrg/kc/buy/cgsh_order_operate.html HTTP/1.1" 200 12
114.85.125.222 - - [29/Oct/2021:09:47:41 +0800] "GET /xingrg/kc/buy/cgsh_order_info.html?code=212021102912771 HTTP/1.1" 200 59526
114.85.125.222 - - [29/Oct/2021:09:47:42 +0800] "GET /xingrg/javascript/easyui/themes/default/validatebox.css HTTP/1.1" 404 1104
114.85.125.222 - - [29/Oct/2021:09:47:42 +0800] "POST /xingrg/kc/buy/cgsh_order_operate.html HTTP/1.1" 200 613
114.85.125.222 - - [29/Oct/2021:09:47:45 +0800] "GET /xingrg/kc/print/load_data.html?order_code=212021102912771&kc_code=cgsh&condition= HTTP/1.1" 200 728
180.169.147.146 - - [29/Oct/2021:09:47:45 +0800] "GET /xingrg/all/function/internal_message.html?_=1635472064520&CODE_STATE=getMsg HTTP/1.1" 200 27
58.37.227.186 - - [29/Oct/2021:09:47:45 +0800] "GET /xingrg/kc/buy/cgsh_order_operate.html?command=get_materiel&rest_code=00141&code=00101008356&supplier_code=00100007&order_time=2021-10-29 HTTP/1.1" 200 408
124.78.153.86 - - [29/Oct/2021:09:47:46 +0800] "GET /xingrg/all/function/internal_message.html?_=1635472067965&CODE_STATE=getMsg HTTP/1.1" 200 27
124.78.153.86 - - [29/Oct/2021:09:47:46 +0800] "GET /xingrg/check_reg.html?_=1635472067968 HTTP/1.1" 200 22
58.37.227.186 - - [29/Oct/2021:09:47:50 +0800] "GET /xingrg/all/function/internal_message.html?_=1635471910509&CODE_STATE=getMsg HTTP/1.1" 200 27
114.85.125.222 - - [29/Oct/2021:09:47:51 +0800] "GET /xingrg/kc/buy/cgsh_order_add.html HTTP/1.1" 200 64615
114.85.125.222 - - [29/Oct/2021:09:47:51 +0800] "POST /xingrg/kc/buy/cgsh_order_operate.html HTTP/1.1" 200 8245
114.85.125.222 - - [29/Oct/2021:09:47:51 +0800] "GET /xingrg/javascript/easyui/themes/default/validatebox.css HTTP/1.1" 404 1104
180.169.147.146 - - [29/Oct/2021:09:47:51 +0800] "GET /xingrg/all/function/internal_message.html?_=1635472066641&CODE_STATE=getMsg HTTP/1.1" 200 27
180.169.147.146 - - [29/Oct/2021:09:47:52 +0800] "GET /xingrg/all/function/internal_message.html?_=1635472133345&CODE_STATE=getMsg HTTP/1.1" 200 27
58.37.227.186 - - [29/Oct/2021:09:47:53 +0800] "GET /xingrg/kc/buy/cgsh_order_operate.html?command=get_materiel&rest_code=00141&code=00101008137&supplier_code=00100007&order_time=2021-10-29 HTTP/1.1" 200 408
114.85.125.222 - - [29/Oct/2021:09:47:59 +0800] "GET /xingrg/kc/buy/cgsh_order_operate.html?command=get_materiel&rest_code=00150&code=00101015026&supplier_code=00100054&order_time=2021-10-29 HTTP/1.1" 200 432
58.37.227.186 - - [29/Oct/2021:09:47:59 +0800] "GET /xingrg/kc/buy/cgsh_order_operate.html?command=get_materiel&rest_code=00141&code=00101008360&supplier_code=00100007&order_time=2021-10-29 HTTP/1.1" 200 413
180.169.147.146 - - [29/Oct/2021:09:48:02 +0800] "POST /xingrg/kc/buy/cgsh_list_operate.html HTTP/1.1" 200 4
58.37.227.186 - - [29/Oct/2021:09:48:06 +0800] "GET /xingrg/kc/buy/cgsh_order_operate.html?command=get_materiel&rest_code=00141&code=00101008357&supplier_code=00100007&order_time=2021-10-29 HTTP/1.1" 200 408
114.85.125.222 - - [29/Oct/2021:09:48:10 +0800] "GET /xingrg/kc/buy/cgsh_order_operate.html?command=get_materiel&rest_code=00150&code=00101015021&supplier_code=00100054&order_time=2021-10-29 HTTP/1.1" 200 428
58.37.227.186 - - [29/Oct/2021:09:48:12 +0800] "GET /xingrg/kc/buy/cgsh_order_operate.html?command=get_materiel&rest_code=00141&code=00101008069&supplier_code=00100007&order_time=2021-10-29 HTTP/1.1" 200 412
114.85.125.222 - - [29/Oct/2021:09:48:12 +0800] "GET /xingrg/all/function/internal_message.html?_=1635472030625&CODE_STATE=getMsg HTTP/1.1" 200 27
58.221.95.50 - - [29/Oct/2021:09:48:13 +0800] "GET /xingrg/check_reg.html?_=1635472092127 HTTP/1.1" 200 22
58.221.95.50 - - [29/Oct/2021:09:48:13 +0800] "GET /xingrg/all/function/internal_message.html?_=1635472092145&CODE_STATE=getMsg HTTP/1.1" 200 27
222.69.128.126 - - [29/Oct/2021:09:48:16 +0800] "GET /xingrg/all/function/internal_message.html?_=1635472097109&CODE_STATE=getMsg HTTP/1.1" 200 27
58.37.227.186 - - [29/Oct/2021:09:48:19 +0800] "GET /xingrg/kc/buy/cgsh_order_operate.html?command=get_materiel&rest_code=00141&code=00101008036&supplier_code=00100007&order_time=2021-10-29 HTTP/1.1" 200 408
114.85.125.222 - - [29/Oct/2021:09:48:19 +0800] "GET /xingrg/kc/buy/cgsh_order_operate.html?command=get_materiel&rest_code=00150&code=00101015062&supplier_code=00100054&order_time=2021-10-29 HTTP/1.1" 200 433
116.238.248.233 - - [29/Oct/2021:09:48:21 +0800] "GET /xingrg/all/function/internal_message.html?_=1635472099039&CODE_STATE=getMsg HTTP/1.1" 200 27
180.169.147.146 - - [29/Oct/2021:09:48:25 +0800] "GET /xingrg/all/function/internal_message.html?_=1635472109981&CODE_STATE=getMsg HTTP/1.1" 200 27
58.37.227.186 - - [29/Oct/2021:09:48:25 +0800] "GET /xingrg/kc/buy/cgsh_order_operate.html?command=get_materiel&rest_code=00141&code=00101008131&supplier_code=00100007&order_time=2021-10-29 HTTP/1.1" 200 408
114.86.225.146 - - [29/Oct/2021:09:48:27 +0800] "GET /xingrg/all/function/internal_message.html?_=1635472110542&CODE_STATE=getMsg HTTP/1.1" 200 27
114.85.125.222 - - [29/Oct/2021:09:48:28 +0800] "POST /xingrg/kc/buy/cgsh_order_operate.html HTTP/1.1" 200 37
114.85.125.222 - - [29/Oct/2021:09:48:30 +0800] "POST /xingrg/kc/buy/cgsh_order_operate.html HTTP/1.1" 200 12
114.85.125.222 - - [29/Oct/2021:09:48:31 +0800] "GET /xingrg/kc/buy/cgsh_order_info.html?code=212021102912772 HTTP/1.1" 200 59526
114.85.125.222 - - [29/Oct/2021:09:48:32 +0800] "GET /xingrg/javascript/easyui/themes/default/validatebox.css HTTP/1.1" 404 1104
58.37.227.186 - - [29/Oct/2021:09:48:32 +0800] "GET /xingrg/kc/buy/cgsh_order_operate.html?command=get_materiel&rest_code=00141&code=00101008352&supplier_code=00100007&order_time=2021-10-29 HTTP/1.1" 200 414
114.85.125.222 - - [29/Oct/2021:09:48:32 +0800] "POST /xingrg/kc/buy/cgsh_order_operate.html HTTP/1.1" 200 1783
114.85.125.222 - - [29/Oct/2021:09:48:33 +0800] "GET /xingrg/kc/print/load_data.html?order_code=212021102912772&kc_code=cgsh&condition= HTTP/1.1" 200 1167
58.39.139.200 - - [29/Oct/2021:09:48:36 +0800] "GET /xingrg/all/function/internal_message.html?_=1635472116425&CODE_STATE=getMsg HTTP/1.1" 200 27
222.70.179.155 - - [29/Oct/2021:09:48:38 +0800] "GET /xingrg/all/function/internal_message.html?_=1635472115542&CODE_STATE=getMsg HTTP/1.1" 200 27
58.37.227.186 - - [29/Oct/2021:09:48:40 +0800] "GET /xingrg/kc/buy/cgsh_order_operate.html?command=get_materiel&rest_code=00141&code=00101008005&supplier_code=00100007&order_time=2021-10-29 HTTP/1.1" 200 412
180.169.147.146 - - [29/Oct/2021:09:48:45 +0800] "GET /xingrg/all/function/internal_message.html?_=1635472124511&CODE_STATE=getMsg HTTP/1.1" 200 27
124.78.153.86 - - [29/Oct/2021:09:48:46 +0800] "GET /xingrg/all/function/internal_message.html?_=1635472127953&CODE_STATE=getMsg HTTP/1.1" 200 27
58.37.227.186 - - [29/Oct/2021:09:48:47 +0800] "GET /xingrg/kc/buy/cgsh_order_operate.html?command=get_materiel&rest_code=00141&code=00101008353&supplier_code=00100007&order_time=2021-10-29 HTTP/1.1" 200 408
58.37.227.186 - - [29/Oct/2021:09:48:49 +0800] "POST /xingrg/kc/buy/cgsh_order_operate.html HTTP/1.1" 200 2065
58.37.227.186 - - [29/Oct/2021:09:48:50 +0800] "GET /xingrg/all/function/internal_message.html?_=1635471970557&CODE_STATE=getMsg HTTP/1.1" 200 27
180.169.147.146 - - [29/Oct/2021:09:48:52 +0800] "GET /xingrg/all/function/internal_message.html?_=1635472193346&CODE_STATE=getMsg HTTP/1.1" 200 27
58.37.227.186 - - [29/Oct/2021:09:48:53 +0800] "GET /xingrg/kc/buy/cgsh_order_operate.html?command=get_materiel&rest_code=00141&code=00101008213&supplier_code=00100007&order_time=2021-10-29 HTTP/1.1" 200 412
58.37.227.186 - - [29/Oct/2021:09:49:01 +0800] "GET /xingrg/kc/buy/cgsh_order_operate.html?command=get_materiel&rest_code=00141&code=00101008350&supplier_code=00100007&order_time=2021-10-29 HTTP/1.1" 200 408
58.37.227.186 - - [29/Oct/2021:09:49:11 +0800] "GET /xingrg/kc/buy/cgsh_order_operate.html?command=get_materiel&rest_code=00141&code=00101008300&supplier_code=00100007&order_time=2021-10-29 HTTP/1.1" 200 412
114.85.125.222 - - [29/Oct/2021:09:49:13 +0800] "GET /xingrg/all/function/internal_message.html?_=1635472090639&CODE_STATE=getMsg HTTP/1.1" 200 27
58.221.95.50 - - [29/Oct/2021:09:49:13 +0800] "GET /xingrg/all/function/internal_message.html?_=1635472152147&CODE_STATE=getMsg HTTP/1.1" 200 27
222.69.128.126 - - [29/Oct/2021:09:49:16 +0800] "GET /xingrg/all/function/internal_message.html?_=1635472157096&CODE_STATE=getMsg HTTP/1.1" 200 27
222.69.128.126 - - [29/Oct/2021:09:49:16 +0800] "GET /xingrg/check_reg.html?_=1635472157675 HTTP/1.1" 200 22
58.37.227.186 - - [29/Oct/2021:09:49:19 +0800] "GET /xingrg/kc/buy/cgsh_order_operate.html?command=get_materiel&rest_code=00141&code=00101008199&supplier_code=00100007&order_time=2021-10-29 HTTP/1.1" 200 408
180.169.147.146 - - [29/Oct/2021:09:49:20 +0800] "POST /xingrg/kc/buy/cgsh_list_operate.html HTTP/1.1" 200 3135
116.238.248.233 - - [29/Oct/2021:09:49:21 +0800] "GET /xingrg/all/function/internal_message.html?_=1635472159058&CODE_STATE=getMsg HTTP/1.1" 200 27
116.238.248.233 - - [29/Oct/2021:09:49:21 +0800] "GET /xingrg/check_reg.html?_=1635472159062 HTTP/1.1" 200 22
180.169.147.146 - - [29/Oct/2021:09:49:25 +0800] "GET /xingrg/all/function/internal_message.html?_=1635472169966&CODE_STATE=getMsg HTTP/1.1" 200 27
114.86.225.146 - - [29/Oct/2021:09:49:27 +0800] "GET /xingrg/all/function/internal_message.html?_=1635472170544&CODE_STATE=getMsg HTTP/1.1" 200 27
58.37.227.186 - - [29/Oct/2021:09:49:28 +0800] "POST /xingrg/kc/buy/cgsh_order_operate.html HTTP/1.1" 200 2065
58.37.227.186 - - [29/Oct/2021:09:49:34 +0800] "GET /xingrg/kc/buy/cgsh_order_operate.html?command=get_materiel&rest_code=00141&code=00101008355&supplier_code=00100007&order_time=2021-10-29 HTTP/1.1" 200 408
58.39.139.200 - - [29/Oct/2021:09:49:36 +0800] "GET /xingrg/all/function/internal_message.html?_=1635472176425&CODE_STATE=getMsg HTTP/1.1" 200 27
180.169.147.146 - - [29/Oct/2021:09:49:38 +0800] "GET /xingrg/check_reg.html?_=1635472182523 HTTP/1.1" 200 22
222.70.179.155 - - [29/Oct/2021:09:49:38 +0800] "GET /xingrg/all/function/internal_message.html?_=1635472175543&CODE_STATE=getMsg HTTP/1.1" 200 27
58.37.227.186 - - [29/Oct/2021:09:49:41 +0800] "GET /xingrg/kc/buy/cgsh_order_operate.html?command=get_materiel&rest_code=00141&code=00101008261&supplier_code=00100007&order_time=2021-10-29 HTTP/1.1" 200 408
180.169.147.146 - - [29/Oct/2021:09:49:45 +0800] "GET /xingrg/all/function/internal_message.html?_=1635472184508&CODE_STATE=getMsg HTTP/1.1" 200 27
124.78.153.86 - - [29/Oct/2021:09:49:46 +0800] "GET /xingrg/all/function/internal_message.html?_=1635472187953&CODE_STATE=getMsg HTTP/1.1" 200 27
58.37.227.186 - - [29/Oct/2021:09:49:50 +0800] "GET /xingrg/all/function/internal_message.html?_=1635472030539&CODE_STATE=getMsg HTTP/1.1" 200 27
180.169.147.146 - - [29/Oct/2021:09:49:51 +0800] "GET /xingrg/all/function/internal_message.html?_=1635472186667&CODE_STATE=getMsg HTTP/1.1" 200 27
180.169.147.146 - - [29/Oct/2021:09:49:52 +0800] "GET /xingrg/all/function/internal_message.html?_=1635472253345&CODE_STATE=getMsg HTTP/1.1" 200 27
180.169.147.146 - - [29/Oct/2021:09:49:52 +0800] "GET /xingrg/check_reg.html?_=1635472253349 HTTP/1.1" 200 22
180.169.147.146 - - [29/Oct/2021:09:49:59 +0800] "POST /xingrg/kc/buy/cgsh_list_operate.html HTTP/1.1" 200 4
180.169.147.146 - - [29/Oct/2021:09:50:01 +0800] "POST /xingrg/kc/buy/cgsh_list_operate.html HTTP/1.1" 200 876
58.37.227.186 - - [29/Oct/2021:09:50:06 +0800] "GET /xingrg/kc/buy/cgsh_order_operate.html?command=get_materiel&rest_code=00141&code=00101009062&supplier_code=00100007&order_time=2021-10-29 HTTP/1.1" 200 414
114.85.125.222 - - [29/Oct/2021:09:50:13 +0800] "GET /xingrg/all/function/internal_message.html?_=1635472150670&CODE_STATE=getMsg HTTP/1.1" 200 27
58.221.95.50 - - [29/Oct/2021:09:50:13 +0800] "GET /xingrg/all/function/internal_message.html?_=1635472212145&CODE_STATE=getMsg HTTP/1.1" 200 27
222.69.128.126 - - [29/Oct/2021:09:50:16 +0800] "GET /xingrg/all/function/internal_message.html?_=1635472217066&CODE_STATE=getMsg HTTP/1.1" 200 27
58.37.227.186 - - [29/Oct/2021:09:50:18 +0800] "POST /xingrg/kc/buy/cgsh_order_operate.html HTTP/1.1" 200 2065
116.238.248.233 - - [29/Oct/2021:09:50:21 +0800] "GET /xingrg/all/function/internal_message.html?_=1635472219068&CODE_STATE=getMsg HTTP/1.1" 200 27
180.169.147.146 - - [29/Oct/2021:09:50:25 +0800] "GET /xingrg/all/function/internal_message.html?_=1635472229950&CODE_STATE=getMsg HTTP/1.1" 200 27
58.37.227.186 - - [29/Oct/2021:09:50:26 +0800] "GET /xingrg/kc/buy/cgsh_order_operate.html?command=get_materiel&rest_code=00141&code=00101008323&supplier_code=00100007&order_time=2021-10-29 HTTP/1.1" 200 408
114.86.225.146 - - [29/Oct/2021:09:50:27 +0800] "GET /xingrg/all/function/internal_message.html?_=1635472230546&CODE_STATE=getMsg HTTP/1.1" 200 27
222.70.179.155 - - [29/Oct/2021:09:50:32 +0800] "GET /xingrg/kc/buy/cgsh_order_add.html HTTP/1.1" 200 64679
222.70.179.155 - - [29/Oct/2021:09:50:32 +0800] "GET /xingrg/words/20211029092622_words.js HTTP/1.1" 200 860687
222.70.179.155 - - [29/Oct/2021:09:50:33 +0800] "POST /xingrg/kc/buy/cgsh_order_operate.html HTTP/1.1" 200 8245
222.70.179.155 - - [29/Oct/2021:09:50:33 +0800] "GET /xingrg/javascript/easyui/themes/default/validatebox.css HTTP/1.1" 404 1104
58.37.227.186 - - [29/Oct/2021:09:50:34 +0800] "GET /xingrg/kc/buy/cgsh_order_operate.html?command=get_materiel&rest_code=00141&code=00101008302&supplier_code=00100007&order_time=2021-10-29 HTTP/1.1" 200 412
58.39.139.200 - - [29/Oct/2021:09:50:36 +0800] "GET /xingrg/all/function/internal_message.html?_=1635472236425&CODE_STATE=getMsg HTTP/1.1" 200 27
222.70.179.155 - - [29/Oct/2021:09:50:38 +0800] "GET /xingrg/all/function/internal_message.html?_=1635472235557&CODE_STATE=getMsg HTTP/1.1" 200 27
58.37.227.186 - - [29/Oct/2021:09:50:41 +0800] "GET /xingrg/kc/buy/cgsh_order_operate.html?command=get_materiel&rest_code=00141&code=00101008244&supplier_code=00100007&order_time=2021-10-29 HTTP/1.1" 200 408
180.169.147.146 - - [29/Oct/2021:09:50:45 +0800] "GET /xingrg/all/function/internal_message.html?_=1635472244519&CODE_STATE=getMsg HTTP/1.1" 200 27
180.169.147.146 - - [29/Oct/2021:09:50:45 +0800] "GET /xingrg/check_reg.html?_=1635472244524 HTTP/1.1" 200 22
124.78.153.86 - - [29/Oct/2021:09:50:46 +0800] "GET /xingrg/all/function/internal_message.html?_=1635472247954&CODE_STATE=getMsg HTTP/1.1" 200 27
222.70.179.155 - - [29/Oct/2021:09:50:47 +0800] "GET /xingrg/kc/buy/cgsh_order_operate.html?command=get_materiel&rest_code=00111&code=00101007061&supplier_code=00100004&order_time=2021-10-29 HTTP/1.1" 200 409
