221.239.141.121 - - [29/Oct/2021:10:49:16 +0800] "GET /xingrg/all/function/internal_message.html?_=1635475758439&CODE_STATE=getMsg HTTP/1.1" 200 27
222.69.128.126 - - [29/Oct/2021:10:49:16 +0800] "GET /xingrg/check_reg.html?_=1635475757613 HTTP/1.1" 200 22
58.39.139.200 - - [29/Oct/2021:10:49:23 +0800] "GET /xingrg/kc/base/wldb_order_add.html HTTP/1.1" 200 30438
222.70.171.86 - - [29/Oct/2021:10:49:23 +0800] "GET /xingrg/kc/buy/cgsh_order_list.html HTTP/1.1" 200 48947
58.39.139.200 - - [29/Oct/2021:10:49:23 +0800] "POST /xingrg/kc/base/wldb_order_operate.html HTTP/1.1" 200 6806
58.39.139.200 - - [29/Oct/2021:10:49:23 +0800] "GET /xingrg/javascript/easyui/themes/default/validatebox.css HTTP/1.1" 404 1104
58.39.139.200 - - [29/Oct/2021:10:49:24 +0800] "POST /xingrg/all/common/load_combo.html?type=base HTTP/1.1" 200 3236
124.78.153.86 - - [29/Oct/2021:10:49:24 +0800] "GET /xingrg/kc/buy/cgsh_order_operate.html?command=get_materiel&rest_code=00106&code=00101010248&supplier_code=00100032&order_time=2021-10-29 HTTP/1.1" 200 430
222.69.128.126 - - [29/Oct/2021:10:49:25 +0800] "GET /xingrg/kc/buy/cgsh_order_add.html HTTP/1.1" 200 64732
58.35.211.196 - - [29/Oct/2021:10:49:25 +0800] "GET /favicon.ico HTTP/1.1" 404 -
222.69.128.126 - - [29/Oct/2021:10:49:25 +0800] "POST /xingrg/kc/buy/cgsh_order_operate.html HTTP/1.1" 200 8245
222.69.128.126 - - [29/Oct/2021:10:49:25 +0800] "GET /xingrg/javascript/easyui/themes/default/validatebox.css HTTP/1.1" 404 1104
114.86.225.146 - - [29/Oct/2021:10:49:27 +0800] "GET /xingrg/all/function/internal_message.html?_=1635475770668&CODE_STATE=getMsg HTTP/1.1" 200 27
222.70.171.86 - - [29/Oct/2021:10:49:32 +0800] "GET /xingrg/all/function/internal_message.html?_=1635475766966&CODE_STATE=getMsg HTTP/1.1" 200 27
116.227.210.113 - - [29/Oct/2021:10:49:32 +0800] "POST /xingrg/kc/buy/cgsh_order_operate.html HTTP/1.1" 200 37
116.227.210.113 - - [29/Oct/2021:10:49:34 +0800] "POST /xingrg/kc/buy/cgsh_order_operate.html HTTP/1.1" 200 10342
222.69.128.126 - - [29/Oct/2021:10:49:34 +0800] "GET /xingrg/kc/buy/cgsh_order_operate.html?command=get_materiel&rest_code=00149&code=00101009109&supplier_code=00100201&order_time=2021-10-29 HTTP/1.1" 200 399
116.227.210.113 - - [29/Oct/2021:10:49:35 +0800] "GET /xingrg/kc/print/load_data.html?order_code=212021102912793&kc_code=cgsh&condition= HTTP/1.1" 200 3623
58.39.139.200 - - [29/Oct/2021:10:49:35 +0800] "GET /xingrg/kc/base/wldb_order_operate.html?command=get_materiel&rest_code=00105&base_code=0010508&code=00101019184 HTTP/1.1" 200 441
58.39.139.200 - - [29/Oct/2021:10:49:36 +0800] "GET /xingrg/all/function/internal_message.html?_=1635475776481&CODE_STATE=getMsg HTTP/1.1" 200 27
222.70.179.155 - - [29/Oct/2021:10:49:38 +0800] "GET /xingrg/all/function/internal_message.html?_=1635475775605&CODE_STATE=getMsg HTTP/1.1" 200 27
58.39.139.200 - - [29/Oct/2021:10:49:45 +0800] "GET /xingrg/kc/base/wldb_order_operate.html?command=get_materiel&rest_code=00105&base_code=0010508&code=00101019542 HTTP/1.1" 200 446
180.169.147.146 - - [29/Oct/2021:10:49:45 +0800] "GET /xingrg/all/function/internal_message.html?_=1635475784511&CODE_STATE=getMsg HTTP/1.1" 200 27
124.78.153.86 - - [29/Oct/2021:10:49:46 +0800] "GET /xingrg/all/function/internal_message.html?_=1635475788119&CODE_STATE=getMsg HTTP/1.1" 200 27
114.85.125.222 - - [29/Oct/2021:10:49:47 +0800] "GET /xingrg/check_reg.html?_=1635475725219 HTTP/1.1" 200 22
114.85.125.222 - - [29/Oct/2021:10:49:48 +0800] "GET /xingrg/all/function/internal_message.html?_=1635475725898&CODE_STATE=getMsg HTTP/1.1" 200 27
58.39.139.200 - - [29/Oct/2021:10:49:49 +0800] "GET /xingrg/kc/base/wldb_order_operate.html?command=get_materiel&rest_code=00105&base_code=0010507&code=00101019184 HTTP/1.1" 200 442
180.169.147.146 - - [29/Oct/2021:10:49:50 +0800] "GET /xingrg/all/function/internal_message.html?_=1635475785619&CODE_STATE=getMsg HTTP/1.1" 200 27
180.169.147.146 - - [29/Oct/2021:10:49:52 +0800] "GET /xingrg/all/function/internal_message.html?_=1635475853401&CODE_STATE=getMsg HTTP/1.1" 200 27
180.169.147.146 - - [29/Oct/2021:10:49:52 +0800] "GET /xingrg/check_reg.html?_=1635475853402 HTTP/1.1" 200 22
120.253.135.82 - - [29/Oct/2021:10:49:54 +0800] "GET /xingrg/all/function/internal_message.html?_=1635475564186&CODE_STATE=getMsg HTTP/1.1" 200 27
58.39.139.200 - - [29/Oct/2021:10:49:55 +0800] "GET /xingrg/kc/base/wldb_order_operate.html?command=get_materiel&rest_code=00105&base_code=0010507&code=00101019542 HTTP/1.1" 200 447
222.70.171.86 - - [29/Oct/2021:10:49:57 +0800] "POST /xingrg/kc/buy/cgsh_list_operate.html HTTP/1.1" 200 5268
124.78.153.86 - - [29/Oct/2021:10:49:59 +0800] "GET /xingrg/kc/buy/cgsh_order_operate.html?command=get_materiel&rest_code=00106&code=00101012024&supplier_code=00100032&order_time=2021-10-29 HTTP/1.1" 200 408
116.227.210.113 - - [29/Oct/2021:10:49:59 +0800] "GET /xingrg/all/function/internal_message.html?_=1635475783291&CODE_STATE=getMsg HTTP/1.1" 200 27
58.39.139.200 - - [29/Oct/2021:10:50:03 +0800] "GET /xingrg/kc/base/wldb_order_operate.html?command=get_materiel&rest_code=00105&base_code=0010507&code=00101019127 HTTP/1.1" 200 466
58.39.139.200 - - [29/Oct/2021:10:50:10 +0800] "GET /xingrg/kc/base/wldb_order_operate.html?command=get_materiel&rest_code=00105&base_code=0010507&code=00101019258 HTTP/1.1" 200 469
124.78.153.86 - - [29/Oct/2021:10:50:11 +0800] "GET /xingrg/kc/buy/cgsh_order_operate.html?command=get_materiel&rest_code=00106&code=00101010161&supplier_code=00100032&order_time=2021-10-29 HTTP/1.1" 200 410
58.221.95.50 - - [29/Oct/2021:10:50:13 +0800] "GET /xingrg/all/function/internal_message.html?_=1635475812428&CODE_STATE=getMsg HTTP/1.1" 200 27
222.69.128.126 - - [29/Oct/2021:10:50:15 +0800] "GET /xingrg/all/function/internal_message.html?_=1635475816240&CODE_STATE=getMsg HTTP/1.1" 200 27
58.39.139.200 - - [29/Oct/2021:10:50:15 +0800] "GET /xingrg/kc/base/wldb_order_operate.html?command=get_materiel&rest_code=00105&base_code=0010507&code=00101019391 HTTP/1.1" 200 471
221.239.141.121 - - [29/Oct/2021:10:50:16 +0800] "GET /xingrg/all/function/internal_message.html?_=1635475818452&CODE_STATE=getMsg HTTP/1.1" 200 27
222.70.171.86 - - [29/Oct/2021:10:50:17 +0800] "GET /xingrg/login.html HTTP/1.1" 200 7641
222.70.171.86 - - [29/Oct/2021:10:50:17 +0800] "GET /xingrg/images/blue/jxLogo.png HTTP/1.1" 304 -
222.70.171.86 - - [29/Oct/2021:10:50:17 +0800] "GET /xingrg/images/blue/login_bg.png HTTP/1.1" 304 -
222.70.171.86 - - [29/Oct/2021:10:50:17 +0800] "GET /xingrg/images/blue/hj.png HTTP/1.1" 304 -
222.70.171.86 - - [29/Oct/2021:10:50:17 +0800] "GET /xingrg/images/blue/srbg.png HTTP/1.1" 304 -
222.70.171.86 - - [29/Oct/2021:10:50:17 +0800] "GET /favicon.ico HTTP/1.1" 404 -
114.85.125.222 - - [29/Oct/2021:10:50:18 +0800] "POST /xingrg/services/DataTransmitService HTTP/1.1" 200 524
222.70.171.86 - - [29/Oct/2021:10:50:19 +0800] "POST /xingrg/login.do HTTP/1.1" 302 -
222.70.171.86 - - [29/Oct/2021:10:50:19 +0800] "GET /xingrg/index.html?sysBaseUrl=http%3A%2F%2F180.169.147.146%3A18081%2Fxingrg%2F&costTime=41×tamp=1635475819279 HTTP/1.1" 200 17179
222.70.171.86 - - [29/Oct/2021:10:50:19 +0800] "GET /xingrg/javascript/jquery_easy_ui/themes/icon.css HTTP/1.1" 304 -
222.70.171.86 - - [29/Oct/2021:10:50:19 +0800] "GET /xingrg/javascript/jquery_easy_ui/themes/default/easyui.css HTTP/1.1" 304 -
222.70.171.86 - - [29/Oct/2021:10:50:19 +0800] "GET /xingrg/css/form.css HTTP/1.1" 304 -
222.70.171.86 - - [29/Oct/2021:10:50:19 +0800] "GET /xingrg/javascript/jquery.form.js HTTP/1.1" 304 -
222.70.171.86 - - [29/Oct/2021:10:50:19 +0800] "GET /xingrg/javascript/jquery.utils.js HTTP/1.1" 304 -
222.70.171.86 - - [29/Oct/2021:10:50:19 +0800] "GET /xingrg/javascript/jquery.timers.js HTTP/1.1" 304 -
222.70.171.86 - - [29/Oct/2021:10:50:19 +0800] "GET /xingrg/javascript/jquery_easy_ui/jquery.easyui.min.js HTTP/1.1" 304 -
222.70.171.86 - - [29/Oct/2021:10:50:19 +0800] "GET /xingrg/javascript/jquery-1.4.2.min.js HTTP/1.1" 304 -
222.70.171.86 - - [29/Oct/2021:10:50:19 +0800] "GET /xingrg/javascript/jquery_easy_ui/easyui-lang-zh_CN.js HTTP/1.1" 304 -
222.70.171.86 - - [29/Oct/2021:10:50:19 +0800] "GET /xingrg/images/blue/navBackgound.jpg HTTP/1.1" 304 -
222.70.171.86 - - [29/Oct/2021:10:50:19 +0800] "GET /xingrg/javascript/jquery_easy_ui/themes/icons/settle_new.png HTTP/1.1" 304 -
222.70.171.86 - - [29/Oct/2021:10:50:19 +0800] "GET /favicon.ico HTTP/1.1" 404 -
222.70.171.86 - - [29/Oct/2021:10:50:19 +0800] "GET /xingrg/images/blue/pingpu.png HTTP/1.1" 304 -
222.70.171.86 - - [29/Oct/2021:10:50:19 +0800] "POST /xingrg/all/common/load_tree.html?tree=area_rest_tree_json&manage=1 HTTP/1.1" 200 479
222.70.171.86 - - [29/Oct/2021:10:50:19 +0800] "GET /xingrg/javascript/jquery_easy_ui/themes/default/images/tabs_leftarrow.png HTTP/1.1" 304 -
222.70.171.86 - - [29/Oct/2021:10:50:19 +0800] "GET /xingrg/javascript/jquery_easy_ui/themes/default/images/tabs_rightarrow.png HTTP/1.1" 304 -
222.70.171.86 - - [29/Oct/2021:10:50:19 +0800] "GET /xingrg/javascript/jquery_easy_ui/themes/default/images/panel_tool_collapse.gif HTTP/1.1" 304 -
222.70.171.86 - - [29/Oct/2021:10:50:19 +0800] "GET /xingrg/all/function/internal_message.html?_=1635475813902&CODE_STATE=count HTTP/1.1" 200 11
222.70.171.86 - - [29/Oct/2021:10:50:19 +0800] "GET /xingrg/check_reg.html?_=1635475813903 HTTP/1.1" 200 22
222.70.171.86 - - [29/Oct/2021:10:50:19 +0800] "GET /xingrg/javascript/jquery_easy_ui/themes/default/images/tree_arrows.gif HTTP/1.1" 304 -
222.70.171.86 - - [29/Oct/2021:10:50:19 +0800] "POST /xingrg/load_menu.html HTTP/1.1" 200 5138
222.70.171.86 - - [29/Oct/2021:10:50:19 +0800] "GET /xingrg/javascript/jquery_easy_ui/themes/default/images/tree_folder_open.gif HTTP/1.1" 304 -
222.70.171.86 - - [29/Oct/2021:10:50:19 +0800] "GET /xingrg/javascript/jquery_easy_ui/themes/icons/search_new.png HTTP/1.1" 304 -
222.70.171.86 - - [29/Oct/2021:10:50:19 +0800] "GET /xingrg/javascript/jquery_easy_ui/themes/default/images/tree_folder.gif HTTP/1.1" 304 -
222.70.171.86 - - [29/Oct/2021:10:50:19 +0800] "GET /xingrg/javascript/jquery_easy_ui/themes/icons/storage_new.png HTTP/1.1" 304 -
222.70.171.86 - - [29/Oct/2021:10:50:19 +0800] "GET /xingrg/javascript/jquery_easy_ui/themes/icons/forms_new.png HTTP/1.1" 304 -
222.70.171.86 - - [29/Oct/2021:10:50:19 +0800] "GET /xingrg/javascript/jquery_easy_ui/themes/default/images/tree_file.gif HTTP/1.1" 304 -
114.85.125.222 - - [29/Oct/2021:10:50:19 +0800] "POST /xingrg/services/DataTransmitService HTTP/1.1" 200 412
58.39.139.200 - - [29/Oct/2021:10:50:22 +0800] "GET /xingrg/kc/base/wldb_order_operate.html?command=get_materiel&rest_code=00105&base_code=0010507&code=00101019185 HTTP/1.1" 200 455
222.70.171.86 - - [29/Oct/2021:10:50:22 +0800] "GET /xingrg/javascript/jquery_easy_ui/themes/default/images/tabs_close.gif HTTP/1.1" 304 -
222.70.171.86 - - [29/Oct/2021:10:50:22 +0800] "GET /xingrg/css/base.css HTTP/1.1" 304 -
222.70.171.86 - - [29/Oct/2021:10:50:22 +0800] "GET /xingrg/css/site.css HTTP/1.1" 304 -
222.70.171.86 - - [29/Oct/2021:10:50:22 +0800] "GET /xingrg/javascript/jquery_tools/datebox.css HTTP/1.1" 304 -
222.70.171.86 - - [29/Oct/2021:10:50:22 +0800] "GET /xingrg/javascript/easyui/themes/icon.css HTTP/1.1" 304 -
222.70.171.86 - - [29/Oct/2021:10:50:22 +0800] "GET /xingrg/javascript/auto/jquery.autocomplete.css HTTP/1.1" 304 -
222.70.171.86 - - [29/Oct/2021:10:50:22 +0800] "GET /xingrg/javascript/easyui/themes/default/easyui.css HTTP/1.1" 304 -
222.70.171.86 - - [29/Oct/2021:10:50:22 +0800] "GET /xingrg/javascript/jquery_tools/jquery.tools.extend.js HTTP/1.1" 304 -
222.70.171.86 - - [29/Oct/2021:10:50:22 +0800] "GET /xingrg/javascript/jquery_tools/jquery.tools.hotkey.js HTTP/1.1" 304 -
222.70.171.86 - - [29/Oct/2021:10:50:22 +0800] "GET /xingrg/javascript/jquery_tools/jquery.tools.table.js HTTP/1.1" 304 -
222.70.171.86 - - [29/Oct/2021:10:50:22 +0800] "GET /xingrg/javascript/jquery_tools/list_manager.js HTTP/1.1" 304 -
222.70.171.86 - - [29/Oct/2021:10:50:22 +0800] "GET /xingrg/javascript/jquery_tools/fix.css HTTP/1.1" 304 -
222.70.171.86 - - [29/Oct/2021:10:50:22 +0800] "GET /xingrg/javascript/jquery_tools/table.css HTTP/1.1" 304 -
222.70.171.86 - - [29/Oct/2021:10:50:22 +0800] "GET /xingrg/javascript/auto/jquery.autocomplete.js HTTP/1.1" 304 -
222.70.171.86 - - [29/Oct/2021:10:50:22 +0800] "GET /xingrg/javascript/jquery.cookie.js HTTP/1.1" 304 -
222.70.171.86 - - [29/Oct/2021:10:50:22 +0800] "GET /xingrg/javascript/jquery_tools/jquery.tools.min.js HTTP/1.1" 304 -
222.70.171.86 - - [29/Oct/2021:10:50:22 +0800] "GET /xingrg/javascript/easyui/easyloader.js HTTP/1.1" 304 -
222.70.171.86 - - [29/Oct/2021:10:50:22 +0800] "GET /xingrg/kc/buy/cgsh_order_list.html HTTP/1.1" 200 48947
222.70.171.86 - - [29/Oct/2021:10:50:22 +0800] "GET /xingrg/javascript/print/LodopFuncs.js HTTP/1.1" 304 -
222.70.171.86 - - [29/Oct/2021:10:50:23 +0800] "GET /xingrg/javascript/easyui/themes/icons/edit_add_new.png HTTP/1.1" 304 -
222.70.171.86 - - [29/Oct/2021:10:50:23 +0800] "GET /xingrg/javascript/easyui/themes/icons/cance_new.png HTTP/1.1" 304 -
222.70.171.86 - - [29/Oct/2021:10:50:23 +0800] "GET /xingrg/javascript/easyui/themes/icons/check_new.png HTTP/1.1" 304 -
222.70.171.86 - - [29/Oct/2021:10:50:23 +0800] "GET /xingrg/javascript/easyui/themes/icons/field_new.png HTTP/1.1" 304 -
222.70.171.86 - - [29/Oct/2021:10:50:23 +0800] "GET /xingrg/javascript/easyui/themes/icons/import_new.png HTTP/1.1" 304 -
222.70.171.86 - - [29/Oct/2021:10:50:23 +0800] "GET /xingrg/javascript/easyui/plugins/jquery.parser.js HTTP/1.1" 304 -
222.70.171.86 - - [29/Oct/2021:10:50:23 +0800] "GET /xingrg/images/control/ajaxLoader.gif HTTP/1.1" 304 -
222.70.171.86 - - [29/Oct/2021:10:50:23 +0800] "GET /xingrg/javascript/jquery_easy_ui/themes/icons/area.png HTTP/1.1" 304 -
222.70.171.86 - - [29/Oct/2021:10:50:23 +0800] "GET /xingrg/javascript/jquery_easy_ui/themes/icons/rest.png HTTP/1.1" 304 -
114.86.225.146 - - [29/Oct/2021:10:50:27 +0800] "GET /xingrg/all/function/internal_message.html?_=1635475830670&CODE_STATE=getMsg HTTP/1.1" 200 27
58.39.139.200 - - [29/Oct/2021:10:50:30 +0800] "GET /xingrg/kc/base/wldb_order_operate.html?command=get_materiel&rest_code=00105&base_code=0010507&code=00101019071 HTTP/1.1" 200 455
222.69.128.126 - - [29/Oct/2021:10:50:34 +0800] "GET /xingrg/kc/buy/cgsh_order_operate.html?command=get_materiel&rest_code=00149&code=00101009062&supplier_code=00100201&order_time=2021-10-29 HTTP/1.1" 200 412
124.78.153.86 - - [29/Oct/2021:10:50:36 +0800] "GET /xingrg/kc/buy/cgsh_order_operate.html?command=get_materiel&rest_code=00106&code=00101012025&supplier_code=00100032&order_time=2021-10-29 HTTP/1.1" 200 412
58.39.139.200 - - [29/Oct/2021:10:50:36 +0800] "GET /xingrg/all/function/internal_message.html?_=1635475836487&CODE_STATE=getMsg HTTP/1.1" 200 27
58.39.139.200 - - [29/Oct/2021:10:50:37 +0800] "GET /xingrg/kc/base/wldb_order_operate.html?command=get_materiel&rest_code=00105&base_code=0010507&code=00102009049 HTTP/1.1" 200 437
222.70.179.155 - - [29/Oct/2021:10:50:38 +0800] "GET /xingrg/all/function/internal_message.html?_=1635475835606&CODE_STATE=getMsg HTTP/1.1" 200 27
222.69.128.126 - - [29/Oct/2021:10:50:41 +0800] "GET /xingrg/kc/buy/cgsh_order_operate.html?command=get_materiel&rest_code=00149&code=00101009049&supplier_code=00100201&order_time=2021-10-29 HTTP/1.1" 200 416
180.169.147.146 - - [29/Oct/2021:10:50:45 +0800] "GET /xingrg/all/function/internal_message.html?_=1635475844506&CODE_STATE=getMsg HTTP/1.1" 200 27
180.169.147.146 - - [29/Oct/2021:10:50:45 +0800] "GET /xingrg/check_reg.html?_=1635475844510 HTTP/1.1" 200 22
124.78.153.86 - - [29/Oct/2021:10:50:46 +0800] "GET /xingrg/all/function/internal_message.html?_=1635475848130&CODE_STATE=getMsg HTTP/1.1" 200 27
58.39.139.200 - - [29/Oct/2021:10:50:47 +0800] "GET /xingrg/kc/base/wldb_order_operate.html?command=get_materiel&rest_code=00105&base_code=0010507&code=00101019405 HTTP/1.1" 200 467
114.85.125.222 - - [29/Oct/2021:10:50:48 +0800] "GET /xingrg/all/function/internal_message.html?_=1635475785913&CODE_STATE=getMsg HTTP/1.1" 200 27
222.69.128.126 - - [29/Oct/2021:10:50:49 +0800] "GET /xingrg/kc/buy/cgsh_order_operate.html?command=get_materiel&rest_code=00149&code=00101009011&supplier_code=00100201&order_time=2021-10-29 HTTP/1.1" 200 416
180.169.147.146 - - [29/Oct/2021:10:50:50 +0800] "GET /xingrg/all/function/internal_message.html?_=1635475845604&CODE_STATE=getMsg HTTP/1.1" 200 27
180.169.147.146 - - [29/Oct/2021:10:50:52 +0800] "GET /xingrg/all/function/internal_message.html?_=1635475913401&CODE_STATE=getMsg HTTP/1.1" 200 27
120.253.135.82 - - [29/Oct/2021:10:50:54 +0800] "GET /xingrg/all/function/internal_message.html?_=1635475624200&CODE_STATE=getMsg HTTP/1.1" 200 27
124.78.153.86 - - [29/Oct/2021:10:50:56 +0800] "GET /xingrg/kc/buy/cgsh_order_operate.html?command=get_materiel&rest_code=00106&code=00101016053&supplier_code=00100032&order_time=2021-10-29 HTTP/1.1" 200 408
58.39.139.200 - - [29/Oct/2021:10:50:57 +0800] "GET /xingrg/kc/base/wldb_order_operate.html?command=get_materiel&rest_code=00105&base_code=0010507&code=00101019253 HTTP/1.1" 200 467
222.70.171.86 - - [29/Oct/2021:10:50:57 +0800] "POST /xingrg/kc/buy/cgsh_list_operate.html HTTP/1.1" 200 5268
116.227.210.113 - - [29/Oct/2021:10:50:59 +0800] "GET /xingrg/all/function/internal_message.html?_=1635475843280&CODE_STATE=getMsg HTTP/1.1" 200 27
222.69.128.126 - - [29/Oct/2021:10:50:59 +0800] "GET /xingrg/kc/buy/cgsh_order_operate.html?command=get_materiel&rest_code=00149&code=00101009122&supplier_code=00100201&order_time=2021-10-29 HTTP/1.1" 200 391
58.39.139.200 - - [29/Oct/2021:10:51:06 +0800] "GET /xingrg/kc/base/wldb_order_operate.html?command=get_materiel&rest_code=00105&base_code=0010507&code=00101019125 HTTP/1.1" 200 482
124.78.153.86 - - [29/Oct/2021:10:51:07 +0800] "GET /xingrg/kc/buy/cgsh_order_operate.html?command=get_materiel&rest_code=00106&code=00101001111&supplier_code=00100032&order_time=2021-10-29 HTTP/1.1" 200 409
58.39.139.200 - - [29/Oct/2021:10:51:13 +0800] "POST /xingrg/kc/base/wldb_order_operate.html HTTP/1.1" 200 37
58.221.95.50 - - [29/Oct/2021:10:51:13 +0800] "GET /xingrg/all/function/internal_message.html?_=1635475872416&CODE_STATE=getMsg HTTP/1.1" 200 27
58.39.139.200 - - [29/Oct/2021:10:51:13 +0800] "POST /xingrg/kc/base/wldb_order_operate.html HTTP/1.1" 200 6762
58.39.139.200 - - [29/Oct/2021:10:51:13 +0800] "GET /xingrg/kc/base/wldb_order_info.html?code=422021102902962 HTTP/1.1" 200 30453
58.39.139.200 - - [29/Oct/2021:10:51:14 +0800] "GET /xingrg/javascript/easyui/themes/default/validatebox.css HTTP/1.1" 404 1104
58.39.139.200 - - [29/Oct/2021:10:51:14 +0800] "POST /xingrg/kc/base/wldb_order_operate.html HTTP/1.1" 200 6762
222.69.128.126 - - [29/Oct/2021:10:51:15 +0800] "GET /xingrg/all/function/internal_message.html?_=1635475876220&CODE_STATE=getMsg HTTP/1.1" 200 27
221.239.141.121 - - [29/Oct/2021:10:51:16 +0800] "GET /xingrg/all/function/internal_message.html?_=1635475878478&CODE_STATE=getMsg HTTP/1.1" 200 27
222.70.171.86 - - [29/Oct/2021:10:51:19 +0800] "GET /xingrg/all/function/internal_message.html?_=1635475873911&CODE_STATE=getMsg HTTP/1.1" 200 27
124.78.153.86 - - [29/Oct/2021:10:51:21 +0800] "POST /xingrg/kc/buy/cgsh_order_operate.html HTTP/1.1" 200 37
124.78.153.86 - - [29/Oct/2021:10:51:23 +0800] "POST /xingrg/kc/buy/cgsh_order_operate.html HTTP/1.1" 200 5617
58.39.139.200 - - [29/Oct/2021:10:51:26 +0800] "GET /xingrg/kc/base/wldb_order_add.html HTTP/1.1" 200 30438
58.39.139.200 - - [29/Oct/2021:10:51:26 +0800] "GET /xingrg/javascript/easyui/themes/default/validatebox.css HTTP/1.1" 404 1104
58.39.139.200 - - [29/Oct/2021:10:51:26 +0800] "POST /xingrg/kc/base/wldb_order_operate.html HTTP/1.1" 200 6806
114.86.225.146 - - [29/Oct/2021:10:51:27 +0800] "GET /xingrg/all/function/internal_message.html?_=1635475890672&CODE_STATE=getMsg HTTP/1.1" 200 27
58.39.139.200 - - [29/Oct/2021:10:51:27 +0800] "POST /xingrg/all/common/load_combo.html?type=base HTTP/1.1" 200 3236
124.78.153.86 - - [29/Oct/2021:10:51:29 +0800] "GET /xingrg/kc/buy/cgsh_order_add.html HTTP/1.1" 200 64679
124.78.153.86 - - [29/Oct/2021:10:51:29 +0800] "POST /xingrg/kc/buy/cgsh_order_operate.html HTTP/1.1" 200 8245
124.78.153.86 - - [29/Oct/2021:10:51:29 +0800] "GET /xingrg/javascript/easyui/themes/default/validatebox.css HTTP/1.1" 404 1104
124.78.153.86 - - [29/Oct/2021:10:51:30 +0800] "GET /xingrg/javascript/easyui/themes/default/tree.css HTTP/1.1" 404 1090
124.78.153.86 - - [29/Oct/2021:10:51:31 +0800] "POST /xingrg/all/common/load_tree.html?tree=supplier_tree_json&isDelete=1 HTTP/1.1" 200 60167
58.39.139.200 - - [29/Oct/2021:10:51:36 +0800] "GET /xingrg/all/function/internal_message.html?_=1635475896512&CODE_STATE=getMsg HTTP/1.1" 200 27
222.70.179.155 - - [29/Oct/2021:10:51:38 +0800] "GET /xingrg/check_reg.html?_=1635475895607 HTTP/1.1" 200 22
222.70.179.155 - - [29/Oct/2021:10:51:38 +0800] "GET /xingrg/all/function/internal_message.html?_=1635475895611&CODE_STATE=getMsg HTTP/1.1" 200 27
58.39.139.200 - - [29/Oct/2021:10:51:39 +0800] "GET /xingrg/kc/base/wldb_order_operate.html?command=get_materiel&rest_code=00105&base_code=0010507&code=00101019372 HTTP/1.1" 200 468
222.69.128.126 - - [29/Oct/2021:10:51:40 +0800] "GET /xingrg/kc/buy/cgsh_order_operate.html?command=get_materiel&rest_code=00149&code=00101009007&supplier_code=00100201&order_time=2021-10-29 HTTP/1.1" 200 408
180.169.147.146 - - [29/Oct/2021:10:51:45 +0800] "GET /xingrg/all/function/internal_message.html?_=1635475904527&CODE_STATE=getMsg HTTP/1.1" 200 27
58.39.139.200 - - [29/Oct/2021:10:51:46 +0800] "GET /xingrg/kc/base/wldb_order_operate.html?command=get_materiel&rest_code=00105&base_code=0010507&code=00101016020 HTTP/1.1" 200 447
124.78.153.86 - - [29/Oct/2021:10:51:46 +0800] "GET /xingrg/all/function/internal_message.html?_=1635475908132&CODE_STATE=getMsg HTTP/1.1" 200 27
114.85.125.222 - - [29/Oct/2021:10:51:48 +0800] "GET /xingrg/all/function/internal_message.html?_=1635475845932&CODE_STATE=getMsg HTTP/1.1" 200 27
180.169.147.146 - - [29/Oct/2021:10:51:50 +0800] "GET /xingrg/all/function/internal_message.html?_=1635475905615&CODE_STATE=getMsg HTTP/1.1" 200 27
180.169.147.146 - - [29/Oct/2021:10:51:51 +0800] "GET /xingrg/check_reg.html?_=1635475906505 HTTP/1.1" 200 22
180.169.147.146 - - [29/Oct/2021:10:51:52 +0800] "GET /xingrg/all/function/internal_message.html?_=1635475973402&CODE_STATE=getMsg HTTP/1.1" 200 27
124.78.153.86 - - [29/Oct/2021:10:51:53 +0800] "GET /xingrg/kc/buy/cgsh_order_operate.html?command=get_materiel&rest_code=00106&code=00101006113&supplier_code=00100015&order_time=2021-10-29 HTTP/1.1" 200 415
58.39.139.200 - - [29/Oct/2021:10:51:54 +0800] "GET /xingrg/kc/base/wldb_order_operate.html?command=get_materiel&rest_code=00105&base_code=0010507&code=00101019175 HTTP/1.1" 200 439
120.253.135.82 - - [29/Oct/2021:10:51:54 +0800] "GET /xingrg/all/function/internal_message.html?_=1635475684217&CODE_STATE=getMsg HTTP/1.1" 200 27
116.227.210.113 - - [29/Oct/2021:10:51:59 +0800] "GET /xingrg/all/function/internal_message.html?_=1635475903259&CODE_STATE=getMsg HTTP/1.1" 200 27
116.227.210.113 - - [29/Oct/2021:10:51:59 +0800] "GET /xingrg/check_reg.html?_=1635475903414 HTTP/1.1" 200 22
222.69.128.126 - - [29/Oct/2021:10:52:04 +0800] "GET /xingrg/kc/buy/cgsh_order_operate.html?command=get_materiel&rest_code=00149&code=00101009056&supplier_code=00100201&order_time=2021-10-29 HTTP/1.1" 200 412
58.39.139.200 - - [29/Oct/2021:10:52:08 +0800] "GET /xingrg/kc/base/wldb_order_operate.html?command=get_materiel&rest_code=00105&base_code=0010507&code=00101019133 HTTP/1.1" 200 466
58.221.95.50 - - [29/Oct/2021:10:52:13 +0800] "GET /xingrg/all/function/internal_message.html?_=1635475932413&CODE_STATE=getMsg HTTP/1.1" 200 27
58.39.139.200 - - [29/Oct/2021:10:52:13 +0800] "GET /xingrg/kc/base/wldb_order_operate.html?command=get_materiel&rest_code=00105&base_code=0010507&code=00101019018 HTTP/1.1" 200 451
222.69.128.126 - - [29/Oct/2021:10:52:15 +0800] "POST /xingrg/kc/buy/cgsh_order_operate.html HTTP/1.1" 200 37
221.239.141.121 - - [29/Oct/2021:10:52:16 +0800] "GET /xingrg/all/function/internal_message.html?_=1635475938495&CODE_STATE=getMsg HTTP/1.1" 200 27
124.78.153.86 - - [29/Oct/2021:10:52:16 +0800] "GET /xingrg/kc/buy/cgsh_order_operate.html?command=get_materiel&rest_code=00106&code=00101006065&supplier_code=00100015&order_time=2021-10-29 HTTP/1.1" 200 411
58.39.139.200 - - [29/Oct/2021:10:52:17 +0800] "POST /xingrg/kc/base/wldb_order_operate.html HTTP/1.1" 200 37
58.39.139.200 - - [29/Oct/2021:10:52:18 +0800] "POST /xingrg/kc/base/wldb_order_operate.html HTTP/1.1" 200 4712
58.39.139.200 - - [29/Oct/2021:10:52:18 +0800] "GET /xingrg/kc/base/wldb_order_info.html?code=422021102902963 HTTP/1.1" 200 30453
58.39.139.200 - - [29/Oct/2021:10:52:19 +0800] "GET /xingrg/javascript/easyui/themes/default/validatebox.css HTTP/1.1" 404 1104
222.70.171.86 - - [29/Oct/2021:10:52:19 +0800] "GET /xingrg/all/function/internal_message.html?_=1635475933924&CODE_STATE=getMsg HTTP/1.1" 200 27
58.39.139.200 - - [29/Oct/2021:10:52:19 +0800] "POST /xingrg/kc/base/wldb_order_operate.html HTTP/1.1" 200 4712
222.69.128.126 - - [29/Oct/2021:10:52:25 +0800] "POST /xingrg/kc/buy/cgsh_order_operate.html HTTP/1.1" 200 12
114.86.225.146 - - [29/Oct/2021:10:52:27 +0800] "GET /xingrg/all/function/internal_message.html?_=1635475950674&CODE_STATE=getMsg HTTP/1.1" 200 27
114.86.225.146 - - [29/Oct/2021:10:52:27 +0800] "GET /xingrg/check_reg.html?_=1635475950675 HTTP/1.1" 200 22
58.39.139.200 - - [29/Oct/2021:10:52:30 +0800] "GET /xingrg/kc/base/wldb_order_add.html HTTP/1.1" 200 30438
222.69.128.126 - - [29/Oct/2021:10:52:30 +0800] "GET /xingrg/kc/buy/cgsh_order_info.html?code=212021102912795 HTTP/1.1" 200 59641
58.39.139.200 - - [29/Oct/2021:10:52:30 +0800] "POST /xingrg/kc/base/wldb_order_operate.html HTTP/1.1" 200 6806
222.69.128.126 - - [29/Oct/2021:10:52:30 +0800] "GET /xingrg/javascript/easyui/themes/default/validatebox.css HTTP/1.1" 404 1104
58.39.139.200 - - [29/Oct/2021:10:52:30 +0800] "GET /xingrg/javascript/easyui/themes/default/validatebox.css HTTP/1.1" 404 1104
58.39.139.200 - - [29/Oct/2021:10:52:31 +0800] "POST /xingrg/all/common/load_combo.html?type=base HTTP/1.1" 200 3236
222.69.128.126 - - [29/Oct/2021:10:52:31 +0800] "POST /xingrg/kc/buy/cgsh_order_operate.html HTTP/1.1" 200 5918
222.69.128.126 - - [29/Oct/2021:10:52:33 +0800] "GET /xingrg/kc/print/load_data.html?order_code=212021102912795&kc_code=cgsh&condition= HTTP/1.1" 200 2727
58.39.139.200 - - [29/Oct/2021:10:52:36 +0800] "GET /xingrg/all/function/internal_message.html?_=1635475956479&CODE_STATE=getMsg HTTP/1.1" 200 27
58.39.139.200 - - [29/Oct/2021:10:52:36 +0800] "GET /xingrg/check_reg.html?_=1635475956482 HTTP/1.1" 200 22
222.70.179.155 - - [29/Oct/2021:10:52:38 +0800] "GET /xingrg/all/function/internal_message.html?_=1635475955596&CODE_STATE=getMsg HTTP/1.1" 200 27
58.39.139.200 - - [29/Oct/2021:10:52:41 +0800] "GET /xingrg/kc/base/wldb_order_operate.html?command=get_materiel&rest_code=00105&base_code=0010508&code=00102002204 HTTP/1.1" 200 434
180.169.147.146 - - [29/Oct/2021:10:52:45 +0800] "GET /xingrg/all/function/internal_message.html?_=1635475964511&CODE_STATE=getMsg HTTP/1.1" 200 27
124.78.153.86 - - [29/Oct/2021:10:52:46 +0800] "GET /xingrg/kc/buy/cgsh_order_operate.html?command=get_materiel&rest_code=00106&code=00101006109&supplier_code=00100015&order_time=2021-10-29 HTTP/1.1" 200 409
124.78.153.86 - - [29/Oct/2021:10:52:46 +0800] "GET /xingrg/check_reg.html?_=1635475968129 HTTP/1.1" 200 22
124.78.153.86 - - [29/Oct/2021:10:52:46 +0800] "GET /xingrg/all/function/internal_message.html?_=1635475968132&CODE_STATE=getMsg HTTP/1.1" 200 27
58.39.139.200 - - [29/Oct/2021:10:52:46 +0800] "GET /xingrg/kc/base/wldb_order_operate.html?command=get_materiel&rest_code=00105&base_code=0010508&code=00102002448 HTTP/1.1" 200 426
114.85.125.222 - - [29/Oct/2021:10:52:48 +0800] "GET /xingrg/all/function/internal_message.html?_=1635475905939&CODE_STATE=getMsg HTTP/1.1" 200 27
180.169.147.146 - - [29/Oct/2021:10:52:50 +0800] "GET /xingrg/all/function/internal_message.html?_=1635475965588&CODE_STATE=getMsg HTTP/1.1" 200 27
58.39.139.200 - - [29/Oct/2021:10:52:51 +0800] "POST /xingrg/kc/base/wldb_order_operate.html HTTP/1.1" 200 37
58.39.139.200 - - [29/Oct/2021:10:52:51 +0800] "POST /xingrg/kc/base/wldb_order_operate.html HTTP/1.1" 200 2679
58.39.139.200 - - [29/Oct/2021:10:52:51 +0800] "GET /xingrg/kc/base/wldb_order_info.html?code=422021102902964 HTTP/1.1" 200 30452
180.169.147.146 - - [29/Oct/2021:10:52:52 +0800] "GET /xingrg/all/function/internal_message.html?_=1635476033402&CODE_STATE=getMsg HTTP/1.1" 200 27
58.39.139.200 - - [29/Oct/2021:10:52:52 +0800] "GET /xingrg/javascript/easyui/themes/default/validatebox.css HTTP/1.1" 404 1104
58.39.139.200 - - [29/Oct/2021:10:52:52 +0800] "POST /xingrg/kc/base/wldb_order_operate.html HTTP/1.1" 200 2679
120.253.135.82 - - [29/Oct/2021:10:52:54 +0800] "GET /xingrg/all/function/internal_message.html?_=1635475744226&CODE_STATE=getMsg HTTP/1.1" 200 27
124.78.153.86 - - [29/Oct/2021:10:52:57 +0800] "GET /xingrg/kc/buy/cgsh_order_operate.html?command=get_materiel&rest_code=00106&code=00101006279&supplier_code=00100015&order_time=2021-10-29 HTTP/1.1" 200 395
222.69.128.126 - - [29/Oct/2021:10:52:59 +0800] "GET /xingrg/kc/buy/cgsh_order_add.html HTTP/1.1" 200 64732
116.227.210.113 - - [29/Oct/2021:10:52:59 +0800] "GET /xingrg/all/function/internal_message.html?_=1635475963247&CODE_STATE=getMsg HTTP/1.1" 200 27
222.69.128.126 - - [29/Oct/2021:10:52:59 +0800] "POST /xingrg/kc/buy/cgsh_order_operate.html HTTP/1.1" 200 8245
222.69.128.126 - - [29/Oct/2021:10:52:59 +0800] "GET /xingrg/javascript/easyui/themes/default/validatebox.css HTTP/1.1" 404 1104
180.162.112.229 - - [29/Oct/2021:10:53:03 +0800] "GET /xingrg HTTP/1.1" 302 -
58.39.139.200 - - [29/Oct/2021:10:53:05 +0800] "GET /xingrg/kc/buy/cgsh_order_list.html HTTP/1.1" 200 48941
180.162.112.229 - - [29/Oct/2021:10:53:06 +0800] "GET /xingrg/index.html HTTP/1.1" 302 -
180.162.112.229 - - [29/Oct/2021:10:53:06 +0800] "GET /favicon.ico HTTP/1.1" 404 -
180.162.112.229 - - [29/Oct/2021:10:53:06 +0800] "GET /xingrg/login.html HTTP/1.1" 200 7641
180.162.112.229 - - [29/Oct/2021:10:53:07 +0800] "GET /favicon.ico HTTP/1.1" 404 -
180.162.112.229 - - [29/Oct/2021:10:53:11 +0800] "POST /xingrg/login.do HTTP/1.1" 302 -
180.162.112.229 - - [29/Oct/2021:10:53:11 +0800] "GET /xingrg/index.html?sysBaseUrl=http%3A%2F%2F180.169.147.146%3A18081%2Fxingrg%2F&costTime=83×tamp=1635475991502 HTTP/1.1" 200 17179
180.162.112.229 - - [29/Oct/2021:10:53:11 +0800] "GET /favicon.ico HTTP/1.1" 404 -
180.162.112.229 - - [29/Oct/2021:10:53:12 +0800] "POST /xingrg/all/common/load_tree.html?tree=area_rest_tree_json&manage=1 HTTP/1.1" 200 351
180.162.112.229 - - [29/Oct/2021:10:53:12 +0800] "GET /xingrg/all/function/internal_message.html?_=1635475494406&CODE_STATE=count HTTP/1.1" 200 11
222.69.128.126 - - [29/Oct/2021:10:53:12 +0800] "GET /xingrg/kc/buy/cgsh_order_operate.html?command=get_materiel&rest_code=00149&code=00101011003&supplier_code=00100051&order_time=2021-10-29 HTTP/1.1" 200 413
180.162.112.229 - - [29/Oct/2021:10:53:12 +0800] "GET /xingrg/check_reg.html?_=1635475494406 HTTP/1.1" 200 22
180.162.112.229 - - [29/Oct/2021:10:53:12 +0800] "POST /xingrg/load_menu.html HTTP/1.1" 200 5138
58.221.95.50 - - [29/Oct/2021:10:53:13 +0800] "GET /xingrg/all/function/internal_message.html?_=1635475992439&CODE_STATE=getMsg HTTP/1.1" 200 27
58.221.95.50 - - [29/Oct/2021:10:53:13 +0800] "GET /xingrg/check_reg.html?_=1635475992439 HTTP/1.1" 200 22
58.39.139.200 - - [29/Oct/2021:10:53:13 +0800] "POST /xingrg/kc/buy/cgsh_list_operate.html HTTP/1.1" 200 3871
222.69.128.126 - - [29/Oct/2021:10:53:15 +0800] "GET /xingrg/all/function/internal_message.html?_=1635475996227&CODE_STATE=getMsg HTTP/1.1" 200 27
221.239.141.121 - - [29/Oct/2021:10:53:16 +0800] "GET /xingrg/check_reg.html?_=1635475998241 HTTP/1.1" 200 22
221.239.141.121 - - [29/Oct/2021:10:53:16 +0800] "GET /xingrg/all/function/internal_message.html?_=1635475998509&CODE_STATE=getMsg HTTP/1.1" 200 27
222.70.171.86 - - [29/Oct/2021:10:53:19 +0800] "GET /xingrg/all/function/internal_message.html?_=1635475993942&CODE_STATE=getMsg HTTP/1.1" 200 27
222.69.128.126 - - [29/Oct/2021:10:53:21 +0800] "GET /xingrg/kc/buy/cgsh_order_operate.html?command=get_materiel&rest_code=00149&code=00101011010&supplier_code=00100051&order_time=2021-10-29 HTTP/1.1" 200 418
124.78.153.86 - - [29/Oct/2021:10:53:25 +0800] "GET /xingrg/kc/buy/cgsh_order_operate.html?command=get_materiel&rest_code=00106&code=00101006111&supplier_code=00100015&order_time=2021-10-29 HTTP/1.1" 200 409
114.86.225.146 - - [29/Oct/2021:10:53:27 +0800] "GET /xingrg/all/function/internal_message.html?_=1635476010677&CODE_STATE=getMsg HTTP/1.1" 200 27
222.69.128.126 - - [29/Oct/2021:10:53:32 +0800] "POST /xingrg/kc/buy/cgsh_order_operate.html HTTP/1.1" 200 37
58.39.139.200 - - [29/Oct/2021:10:53:36 +0800] "GET /xingrg/all/function/internal_message.html?_=1635476016479&CODE_STATE=getMsg HTTP/1.1" 200 27
222.69.128.126 - - [29/Oct/2021:10:53:37 +0800] "POST /xingrg/kc/buy/cgsh_order_operate.html HTTP/1.1" 200 12
222.70.179.155 - - [29/Oct/2021:10:53:38 +0800] "GET /xingrg/all/function/internal_message.html?_=1635476015597&CODE_STATE=getMsg HTTP/1.1" 200 27
222.69.128.126 - - [29/Oct/2021:10:53:39 +0800] "GET /xingrg/kc/buy/cgsh_order_info.html?code=212021102912796 HTTP/1.1" 200 59641
222.69.128.126 - - [29/Oct/2021:10:53:40 +0800] "GET /xingrg/javascript/easyui/themes/default/validatebox.css HTTP/1.1" 404 1104
222.69.128.126 - - [29/Oct/2021:10:53:40 +0800] "POST /xingrg/kc/buy/cgsh_order_operate.html HTTP/1.1" 200 1206
58.39.139.200 - - [29/Oct/2021:10:53:44 +0800] "POST /xingrg/kc/buy/cgsh_list_operate.html HTTP/1.1" 200 602
180.169.147.146 - - [29/Oct/2021:10:53:45 +0800] "GET /xingrg/all/function/internal_message.html?_=1635476024505&CODE_STATE=getMsg HTTP/1.1" 200 27
222.69.128.126 - - [29/Oct/2021:10:53:46 +0800] "GET /xingrg/kc/print/load_data.html?order_code=212021102912796&kc_code=cgsh&condition= HTTP/1.1" 200 957
124.78.153.86 - - [29/Oct/2021:10:53:46 +0800] "GET /xingrg/all/function/internal_message.html?_=1635476028130&CODE_STATE=getMsg HTTP/1.1" 200 27
58.39.139.200 - - [29/Oct/2021:10:53:46 +0800] "GET /xingrg/kc/buy/cgsh_order_info.html?code=212021102912788 HTTP/1.1" 200 64747
58.39.139.200 - - [29/Oct/2021:10:53:47 +0800] "GET /xingrg/javascript/easyui/themes/default/validatebox.css HTTP/1.1" 404 1104
58.39.139.200 - - [29/Oct/2021:10:53:47 +0800] "POST /xingrg/kc/buy/cgsh_order_operate.html HTTP/1.1" 200 7413
114.85.125.222 - - [29/Oct/2021:10:53:48 +0800] "GET /xingrg/all/function/internal_message.html?_=1635475965959&CODE_STATE=getMsg HTTP/1.1" 200 27
180.169.147.146 - - [29/Oct/2021:10:53:50 +0800] "GET /xingrg/all/function/internal_message.html?_=1635476025572&CODE_STATE=getMsg HTTP/1.1" 200 27
180.169.147.146 - - [29/Oct/2021:10:53:52 +0800] "GET /xingrg/all/function/internal_message.html?_=1635476093405&CODE_STATE=getMsg HTTP/1.1" 200 27
120.253.135.82 - - [29/Oct/2021:10:53:53 +0800] "GET /xingrg/check_reg.html?_=1635475803423 HTTP/1.1" 200 22
120.253.135.82 - - [29/Oct/2021:10:53:54 +0800] "GET /xingrg/all/function/internal_message.html?_=1635475804240&CODE_STATE=getMsg HTTP/1.1" 200 27
222.69.128.126 - - [29/Oct/2021:10:53:55 +0800] "GET /xingrg/kc/buy/cgsh_order_add.html HTTP/1.1" 200 64732
222.69.128.126 - - [29/Oct/2021:10:53:55 +0800] "POST /xingrg/kc/buy/cgsh_order_operate.html HTTP/1.1" 200 8245
222.69.128.126 - - [29/Oct/2021:10:53:55 +0800] "GET /xingrg/javascript/easyui/themes/default/validatebox.css HTTP/1.1" 404 1104
116.227.210.113 - - [29/Oct/2021:10:53:59 +0800] "GET /xingrg/all/function/internal_message.html?_=1635476023227&CODE_STATE=getMsg HTTP/1.1" 200 27
180.162.112.229 - - [29/Oct/2021:10:54:12 +0800] "GET /xingrg/all/function/internal_message.html?_=1635475554414&CODE_STATE=getMsg HTTP/1.1" 200 27
58.221.95.50 - - [29/Oct/2021:10:54:13 +0800] "GET /xingrg/all/function/internal_message.html?_=1635476052453&CODE_STATE=getMsg HTTP/1.1" 200 27
58.40.7.146 - - [29/Oct/2021:10:54:14 +0800] "POST /xingrg/services/DataTransmitService HTTP/1.1" 200 524
222.69.128.126 - - [29/Oct/2021:10:54:15 +0800] "GET /xingrg/all/function/internal_message.html?_=1635476056215&CODE_STATE=getMsg HTTP/1.1" 200 27
221.239.141.121 - - [29/Oct/2021:10:54:16 +0800] "GET /xingrg/all/function/internal_message.html?_=1635476058522&CODE_STATE=getMsg HTTP/1.1" 200 27
222.69.128.126 - - [29/Oct/2021:10:54:16 +0800] "GET /xingrg/check_reg.html?_=1635476057605 HTTP/1.1" 200 22
222.70.171.86 - - [29/Oct/2021:10:54:19 +0800] "GET /xingrg/all/function/internal_message.html?_=1635476053952&CODE_STATE=getMsg HTTP/1.1" 200 27
124.78.153.86 - - [29/Oct/2021:10:54:19 +0800] "GET /xingrg/kc/buy/cgsh_order_operate.html?command=get_materiel&rest_code=00106&code=00101006037&supplier_code=00100015&order_time=2021-10-29 HTTP/1.1" 200 417
114.86.225.146 - - [29/Oct/2021:10:54:27 +0800] "GET /xingrg/all/function/internal_message.html?_=1635476070678&CODE_STATE=getMsg HTTP/1.1" 200 27
58.39.139.200 - - [29/Oct/2021:10:54:36 +0800] "GET /xingrg/all/function/internal_message.html?_=1635476076491&CODE_STATE=getMsg HTTP/1.1" 200 27
222.70.179.155 - - [29/Oct/2021:10:54:38 +0800] "GET /xingrg/all/function/internal_message.html?_=1635476075598&CODE_STATE=getMsg HTTP/1.1" 200 27
58.39.139.200 - - [29/Oct/2021:10:54:43 +0800] "GET /xingrg/kc/buy/cgsh_order_add.html HTTP/1.1" 200 64726
58.39.139.200 - - [29/Oct/2021:10:54:44 +0800] "POST /xingrg/kc/buy/cgsh_order_operate.html HTTP/1.1" 200 8245
58.39.139.200 - - [29/Oct/2021:10:54:44 +0800] "GET /xingrg/javascript/easyui/themes/default/validatebox.css HTTP/1.1" 404 1104
180.169.147.146 - - [29/Oct/2021:10:54:45 +0800] "GET /xingrg/all/function/internal_message.html?_=1635476084520&CODE_STATE=getMsg HTTP/1.1" 200 27
124.78.153.86 - - [29/Oct/2021:10:54:46 +0800] "GET /xingrg/all/function/internal_message.html?_=1635476088127&CODE_STATE=getMsg HTTP/1.1" 200 27
114.85.125.222 - - [29/Oct/2021:10:54:47 +0800] "GET /xingrg/check_reg.html?_=1635476025217 HTTP/1.1" 200 22
114.85.125.222 - - [29/Oct/2021:10:54:48 +0800] "GET /xingrg/all/function/internal_message.html?_=1635476025972&CODE_STATE=getMsg HTTP/1.1" 200 27
180.169.147.146 - - [29/Oct/2021:10:54:50 +0800] "GET /xingrg/all/function/internal_message.html?_=1635476085557&CODE_STATE=getMsg HTTP/1.1" 200 27
180.169.147.146 - - [29/Oct/2021:10:54:52 +0800] "GET /xingrg/check_reg.html?_=1635476153391 HTTP/1.1" 200 22
180.169.147.146 - - [29/Oct/2021:10:54:52 +0800] "GET /xingrg/all/function/internal_message.html?_=1635476153393&CODE_STATE=getMsg HTTP/1.1" 200 27
120.253.135.82 - - [29/Oct/2021:10:54:54 +0800] "GET /xingrg/all/function/internal_message.html?_=1635475864254&CODE_STATE=getMsg HTTP/1.1" 200 27
124.78.153.86 - - [29/Oct/2021:10:54:57 +0800] "GET /xingrg/kc/buy/cgsh_order_operate.html?command=get_materiel&rest_code=00106&code=00101006062&supplier_code=00100015&order_time=2021-10-29 HTTP/1.1" 200 409
222.70.171.86 - - [29/Oct/2021:10:54:58 +0800] "GET /favicon.ico HTTP/1.1" 404 -
116.227.210.113 - - [29/Oct/2021:10:54:59 +0800] "GET /xingrg/all/function/internal_message.html?_=1635476083203&CODE_STATE=getMsg HTTP/1.1" 200 27
58.39.139.200 - - [29/Oct/2021:10:55:00 +0800] "GET /xingrg/kc/buy/cgsh_order_operate.html?command=get_materiel&rest_code=00105&code=00101028012&supplier_code=00100017&order_time=2021-10-29 HTTP/1.1" 200 454
180.162.112.229 - - [29/Oct/2021:10:55:12 +0800] "GET /xingrg/all/function/internal_message.html?_=1635475614415&CODE_STATE=getMsg HTTP/1.1" 200 27
58.221.95.50 - - [29/Oct/2021:10:55:13 +0800] "GET /xingrg/all/function/internal_message.html?_=1635476112453&CODE_STATE=getMsg HTTP/1.1" 200 27
222.69.128.126 - - [29/Oct/2021:10:55:15 +0800] "GET /xingrg/all/function/internal_message.html?_=1635476116190&CODE_STATE=getMsg HTTP/1.1" 200 27
58.39.139.200 - - [29/Oct/2021:10:55:16 +0800] "GET /xingrg/kc/buy/cgsh_order_operate.html?command=get_materiel&rest_code=00105&code=00101027001&supplier_code=00100017&order_time=2021-10-29 HTTP/1.1" 200 469
221.239.141.121 - - [29/Oct/2021:10:55:16 +0800] "GET /xingrg/all/function/internal_message.html?_=1635476118535&CODE_STATE=getMsg HTTP/1.1" 200 27
124.78.153.86 - - [29/Oct/2021:10:55:18 +0800] "POST /xingrg/kc/buy/cgsh_order_operate.html HTTP/1.1" 200 37
222.70.171.86 - - [29/Oct/2021:10:55:19 +0800] "GET /xingrg/check_reg.html?_=1635476113906 HTTP/1.1" 200 22
222.70.171.86 - - [29/Oct/2021:10:55:19 +0800] "GET /xingrg/all/function/internal_message.html?_=1635476113965&CODE_STATE=getMsg HTTP/1.1" 200 27
124.78.153.86 - - [29/Oct/2021:10:55:20 +0800] "POST /xingrg/kc/buy/cgsh_order_operate.html HTTP/1.1" 200 6204
124.78.153.86 - - [29/Oct/2021:10:55:24 +0800] "GET /xingrg/kc/buy/buy_main.html HTTP/1.1" 200 12412
124.78.153.86 - - [29/Oct/2021:10:55:24 +0800] "GET /xingrg/css/new_ie.css HTTP/1.1" 404 1036
124.78.153.86 - - [29/Oct/2021:10:55:26 +0800] "GET /xingrg/images/yd/bt.gif HTTP/1.1" 404 1040
124.78.153.86 - - [29/Oct/2021:10:55:26 +0800] "GET /xingrg/kc/buy/cgsh_order_list.html HTTP/1.1" 200 48941
114.86.225.146 - - [29/Oct/2021:10:55:27 +0800] "GET /xingrg/all/function/internal_message.html?_=1635476130680&CODE_STATE=getMsg HTTP/1.1" 200 27
124.78.153.86 - - [29/Oct/2021:10:55:32 +0800] "POST /xingrg/kc/buy/cgsh_list_operate.html HTTP/1.1" 200 3141
58.39.139.200 - - [29/Oct/2021:10:55:36 +0800] "GET /xingrg/all/function/internal_message.html?_=1635476136469&CODE_STATE=getMsg HTTP/1.1" 200 27
124.78.153.86 - - [29/Oct/2021:10:55:38 +0800] "POST /xingrg/kc/buy/cgsh_list_operate.html HTTP/1.1" 200 358
222.70.179.155 - - [29/Oct/2021:10:55:38 +0800] "GET /xingrg/all/function/internal_message.html?_=1635476135598&CODE_STATE=getMsg HTTP/1.1" 200 27
124.78.153.86 - - [29/Oct/2021:10:55:39 +0800] "GET /xingrg/kc/buy/cgsh_order_info.html?code=212021102912789 HTTP/1.1" 200 64692
124.78.153.86 - - [29/Oct/2021:10:55:39 +0800] "GET /xingrg/words/20211029092622_words.js HTTP/1.1" 304 -
120.253.135.82 - - [29/Oct/2021:10:55:39 +0800] "GET /xingrg/javascript/easyui/themes/sunny/images/ui-bg_gloss-wave_60_fece2f_500x100.png HTTP/1.1" 200 3512
124.78.153.86 - - [29/Oct/2021:10:55:40 +0800] "GET /xingrg/javascript/easyui/themes/default/validatebox.css HTTP/1.1" 404 1104
58.39.139.200 - - [29/Oct/2021:10:55:40 +0800] "GET /xingrg/kc/buy/cgsh_order_operate.html?command=get_materiel&rest_code=00105&code=00101028036&supplier_code=00100017&order_time=2021-10-29 HTTP/1.1" 200 444
124.78.153.86 - - [29/Oct/2021:10:55:40 +0800] "POST /xingrg/kc/buy/cgsh_order_operate.html HTTP/1.1" 200 3851
120.253.135.82 - - [29/Oct/2021:10:55:43 +0800] "GET /xingrg/kc/pszx/mdqp_order_list.html?state=10 HTTP/1.1" 200 10217
120.253.135.82 - - [29/Oct/2021:10:55:43 +0800] "GET /xingrg/dwr/interface/AjaxQqpsService.js HTTP/1.1" 200 16326
120.253.135.82 - - [29/Oct/2021:10:55:43 +0800] "GET /xingrg/dwr/interface/AjaxReportQueryService.js HTTP/1.1" 200 13203
120.253.135.82 - - [29/Oct/2021:10:55:43 +0800] "GET /xingrg/dwr/util.js HTTP/1.1" 200 35990
120.253.135.82 - - [29/Oct/2021:10:55:43 +0800] "GET /xingrg/dwr/engine.js HTTP/1.1" 200 43631
120.253.135.82 - - [29/Oct/2021:10:55:43 +0800] "GET /xingrg/javascript/Calendar.js HTTP/1.1" 200 31561
120.253.135.82 - - [29/Oct/2021:10:55:43 +0800] "GET /xingrg/javascript/jquery_easy_ui/themes/icons/check_new.png HTTP/1.1" 200 3224
120.253.135.82 - - [29/Oct/2021:10:55:43 +0800] "GET /xingrg/javascript/jquery_easy_ui/themes/icons/uncheck_new.png HTTP/1.1" 200 3197
120.253.135.82 - - [29/Oct/2021:10:55:45 +0800] "GET /xingrg/kc/pszx/mdps_order_list.html?orderType=0 HTTP/1.1" 200 21089
120.253.135.82 - - [29/Oct/2021:10:55:45 +0800] "GET /xingrg/javascript/jquery_tools/table.css HTTP/1.1" 200 1032
120.253.135.82 - - [29/Oct/2021:10:55:45 +0800] "GET /xingrg/javascript/jquery_tools/jquery.tools.table.js HTTP/1.1" 200 6994
120.253.135.82 - - [29/Oct/2021:10:55:45 +0800] "GET /xingrg/javascript/easyui/themes/default/easyui.css HTTP/1.1" 200 30432
120.253.135.82 - - [29/Oct/2021:10:55:45 +0800] "GET /xingrg/javascript/easyui/themes/icons/uncheck_new.png HTTP/1.1" 200 3197
120.253.135.82 - - [29/Oct/2021:10:55:45 +0800] "GET /xingrg/javascript/easyui/themes/icons/cance_new.png HTTP/1.1" 200 3986
120.253.135.82 - - [29/Oct/2021:10:55:45 +0800] "GET /xingrg/javascript/easyui/themes/icons/edit_add_new.png HTTP/1.1" 200 2997
120.253.135.82 - - [29/Oct/2021:10:55:45 +0800] "GET /xingrg/javascript/easyui/themes/icons/check_new.png HTTP/1.1" 200 3224
58.39.139.200 - - [29/Oct/2021:10:55:45 +0800] "POST /xingrg/kc/buy/cgsh_order_operate.html HTTP/1.1" 200 37
120.253.135.82 - - [29/Oct/2021:10:55:45 +0800] "POST /xingrg/kc/pszx/mdps_list_operate.html HTTP/1.1" 200 5240
58.39.139.200 - - [29/Oct/2021:10:55:46 +0800] "POST /xingrg/kc/buy/cgsh_order_operate.html HTTP/1.1" 200 3947
124.78.153.86 - - [29/Oct/2021:10:55:46 +0800] "GET /xingrg/all/function/internal_message.html?_=1635476148136&CODE_STATE=getMsg HTTP/1.1" 200 27
222.70.171.86 - - [29/Oct/2021:10:55:46 +0800] "GET /xingrg/javascript/easyui/themes/default/images/button_plain_hover.png HTTP/1.1" 304 -
120.253.135.82 - - [29/Oct/2021:10:55:47 +0800] "GET /xingrg/javascript/auto/indicator.gif HTTP/1.1" 404 1066
124.78.153.86 - - [29/Oct/2021:10:55:47 +0800] "POST /xingrg/kc/buy/cgsh_order_operate.html HTTP/1.1" 200 37
58.39.139.200 - - [29/Oct/2021:10:55:47 +0800] "GET /xingrg/kc/print/load_data.html?order_code=212021102912798&kc_code=cgsh&condition= HTTP/1.1" 200 1292
114.85.125.222 - - [29/Oct/2021:10:55:48 +0800] "GET /xingrg/all/function/internal_message.html?_=1635476085990&CODE_STATE=getMsg HTTP/1.1" 200 27
120.253.135.82 - - [29/Oct/2021:10:55:50 +0800] "POST /xingrg/kc/pszx/mdps_list_operate.html HTTP/1.1" 200 3495
124.78.153.86 - - [29/Oct/2021:10:55:50 +0800] "POST /xingrg/kc/buy/cgsh_order_operate.html HTTP/1.1" 200 12
180.169.147.146 - - [29/Oct/2021:10:55:50 +0800] "GET /xingrg/all/function/internal_message.html?_=1635476145542&CODE_STATE=getMsg HTTP/1.1" 200 27
124.78.153.86 - - [29/Oct/2021:10:55:51 +0800] "GET /xingrg/kc/buy/cgsh_order_info.html?code=212021102912789 HTTP/1.1" 200 59592
124.78.153.86 - - [29/Oct/2021:10:55:51 +0800] "GET /xingrg/javascript/easyui/themes/default/validatebox.css HTTP/1.1" 404 1104
180.169.147.146 - - [29/Oct/2021:10:55:52 +0800] "GET /xingrg/all/function/internal_message.html?_=1635476213393&CODE_STATE=getMsg HTTP/1.1" 200 27
124.78.153.86 - - [29/Oct/2021:10:55:52 +0800] "POST /xingrg/kc/buy/cgsh_order_operate.html HTTP/1.1" 200 1801
120.253.135.82 - - [29/Oct/2021:10:55:53 +0800] "POST /xingrg/kc/pszx/mdps_list_operate.html HTTP/1.1" 200 291
120.253.135.82 - - [29/Oct/2021:10:55:54 +0800] "GET /xingrg/all/function/internal_message.html?_=1635475924267&CODE_STATE=getMsg HTTP/1.1" 200 27
124.78.153.86 - - [29/Oct/2021:10:55:55 +0800] "GET /xingrg/kc/print/load_data.html?order_code=212021102912789&kc_code=cgsh&condition= HTTP/1.1" 200 1225
116.227.210.113 - - [29/Oct/2021:10:55:59 +0800] "GET /xingrg/all/function/internal_message.html?_=1635476143177&CODE_STATE=getMsg HTTP/1.1" 200 27
120.253.135.82 - - [29/Oct/2021:10:56:04 +0800] "GET /xingrg/javascript/easyui/themes/default/images/button_plain_hover.png HTTP/1.1" 200 144
120.253.135.82 - - [29/Oct/2021:10:56:08 +0800] "GET /xingrg/kc/pszx/mdps_order_add.html HTTP/1.1" 200 29111
120.253.135.82 - - [29/Oct/2021:10:56:08 +0800] "GET /xingrg/javascript/jquery_tools/order_manager.js HTTP/1.1" 200 11183
120.253.135.82 - - [29/Oct/2021:10:56:08 +0800] "GET /xingrg/javascript/print/kc_print.js HTTP/1.1" 200 11415
120.253.135.82 - - [29/Oct/2021:10:56:08 +0800] "GET /xingrg/words/20211029092622_words.js HTTP/1.1" 200 860687
120.253.135.82 - - [29/Oct/2021:10:56:08 +0800] "GET /xingrg/javascript/easyui/themes/icons/ok.png HTTP/1.1" 200 883
120.253.135.82 - - [29/Oct/2021:10:56:08 +0800] "GET /xingrg/javascript/easyui/themes/icons/copy_new.png HTTP/1.1" 200 815
120.253.135.82 - - [29/Oct/2021:10:56:08 +0800] "GET /xingrg/javascript/easyui/themes/icons/print.png HTTP/1.1" 200 1057
120.253.135.82 - - [29/Oct/2021:10:56:08 +0800] "GET /xingrg/javascript/easyui/themes/default/images/menu_downarrow.png HTTP/1.1" 200 173
120.253.135.82 - - [29/Oct/2021:10:56:08 +0800] "GET /xingrg/javascript/easyui/themes/icons/cancel.png HTTP/1.1" 200 1133
222.69.128.126 - - [29/Oct/2021:10:56:09 +0800] "GET /xingrg/kc/buy/cgsh_order_operate.html?command=get_materiel&rest_code=00149&code=00101006130&supplier_code=00100012&order_time=2021-10-29 HTTP/1.1" 200 427
120.253.135.82 - - [29/Oct/2021:10:56:09 +0800] "GET /xingrg/javascript/easyui/themes/default/validatebox.css HTTP/1.1" 404 1104
120.253.135.82 - - [29/Oct/2021:10:56:09 +0800] "GET /xingrg/javascript/easyui/plugins/jquery.validatebox.js HTTP/1.1" 200 6103
120.253.135.82 - - [29/Oct/2021:10:56:09 +0800] "GET /xingrg/javascript/easyui/plugins/jquery.numberbox.js HTTP/1.1" 200 5213
120.253.135.82 - - [29/Oct/2021:10:56:09 +0800] "POST /xingrg/kc/pszx/mdps_order_operate.html HTTP/1.1" 200 7126
120.253.135.82 - - [29/Oct/2021:10:56:09 +0800] "GET /xingrg/javascript/easyui/themes/icons/edit_remove.png HTTP/1.1" 200 625
222.69.133.183 - - [29/Oct/2021:10:56:09 +0800] "GET /xingrg/login.html HTTP/1.1" 200 7641
222.69.133.183 - - [29/Oct/2021:10:56:09 +0800] "GET /xingrg/images/blue/jxLogo.png HTTP/1.1" 200 6156
222.69.133.183 - - [29/Oct/2021:10:56:10 +0800] "GET /xingrg/images/blue/login_bg.png HTTP/1.1" 200 22101
222.69.133.183 - - [29/Oct/2021:10:56:10 +0800] "GET /xingrg/images/blue/hj.png HTTP/1.1" 200 1014
222.69.133.183 - - [29/Oct/2021:10:56:10 +0800] "GET /xingrg/images/blue/srbg.png HTTP/1.1" 200 138
222.69.133.183 - - [29/Oct/2021:10:56:10 +0800] "GET /favicon.ico HTTP/1.1" 404 -
120.253.135.82 - - [29/Oct/2021:10:56:11 +0800] "GET /xingrg/javascript/jquery_easy_ui/themes/icons/area.png HTTP/1.1" 200 262
