116.238.248.233 - - [28/Oct/2021:10:39:15 +0800] "GET /xingrg/all/function/internal_message.html?_=1635388752916&CODE_STATE=getMsg HTTP/1.1" 200 27
58.37.227.186 - - [28/Oct/2021:10:39:18 +0800] "GET /xingrg/all/function/internal_message.html?_=1635388599691&CODE_STATE=getMsg HTTP/1.1" 200 27
114.85.125.222 - - [28/Oct/2021:10:39:21 +0800] "GET /xingrg/check_reg.html?_=1635388700518 HTTP/1.1" 200 22
114.85.125.222 - - [28/Oct/2021:10:39:21 +0800] "GET /xingrg/all/function/internal_message.html?_=1635388700818&CODE_STATE=getMsg HTTP/1.1" 200 27
124.78.153.86 - - [28/Oct/2021:10:39:23 +0800] "POST /xingrg/kc/buy/cgsh_order_operate.html HTTP/1.1" 200 37
124.78.153.86 - - [28/Oct/2021:10:39:26 +0800] "POST /xingrg/kc/buy/cgsh_order_operate.html HTTP/1.1" 200 12
124.78.153.86 - - [28/Oct/2021:10:39:28 +0800] "GET /xingrg/kc/buy/cgsh_order_info.html?code=212021102812332 HTTP/1.1" 200 59592
124.78.153.86 - - [28/Oct/2021:10:39:28 +0800] "GET /xingrg/javascript/easyui/themes/default/validatebox.css HTTP/1.1" 404 1104
124.78.153.86 - - [28/Oct/2021:10:39:29 +0800] "POST /xingrg/kc/buy/cgsh_order_operate.html HTTP/1.1" 200 1804
101.85.55.123 - - [28/Oct/2021:10:39:30 +0800] "GET /xingrg/all/function/internal_message.html?_=1635388764610&CODE_STATE=getMsg HTTP/1.1" 200 27
124.78.153.86 - - [28/Oct/2021:10:39:31 +0800] "GET /xingrg/kc/print/load_data.html?order_code=212021102812332&kc_code=cgsh&condition= HTTP/1.1" 200 1226
58.39.139.200 - - [28/Oct/2021:10:39:37 +0800] "GET /xingrg/all/function/internal_message.html?_=1635388776591&CODE_STATE=getMsg HTTP/1.1" 200 27
124.78.153.86 - - [28/Oct/2021:10:39:40 +0800] "POST /xingrg/kc/buy/cgsh_list_operate.html HTTP/1.1" 200 1690
124.78.153.86 - - [28/Oct/2021:10:39:42 +0800] "POST /xingrg/kc/buy/cgsh_list_operate.html HTTP/1.1" 200 354
124.78.153.86 - - [28/Oct/2021:10:39:43 +0800] "GET /xingrg/kc/buy/cgsh_order_info.html?code=212021102812326 HTTP/1.1" 200 64688
124.78.153.86 - - [28/Oct/2021:10:39:43 +0800] "GET /xingrg/javascript/easyui/themes/default/validatebox.css HTTP/1.1" 404 1104
124.78.153.86 - - [28/Oct/2021:10:39:44 +0800] "POST /xingrg/kc/buy/cgsh_order_operate.html HTTP/1.1" 200 3851
180.169.147.146 - - [28/Oct/2021:10:39:45 +0800] "GET /xingrg/all/function/internal_message.html?_=1635388785114&CODE_STATE=getMsg HTTP/1.1" 200 27
124.78.153.86 - - [28/Oct/2021:10:39:45 +0800] "POST /xingrg/kc/buy/cgsh_list_operate.html HTTP/1.1" 200 1690
222.69.129.196 - - [28/Oct/2021:10:39:46 +0800] "POST /xingrg/kc/buy/cgsh_list_operate.html HTTP/1.1" 200 9265
120.253.135.82 - - [28/Oct/2021:10:39:47 +0800] "GET /xingrg/all/function/internal_message.html?_=1635388558855&CODE_STATE=getMsg HTTP/1.1" 200 27
222.70.179.155 - - [28/Oct/2021:10:39:50 +0800] "GET /xingrg/all/function/internal_message.html?_=1635388788887&CODE_STATE=getMsg HTTP/1.1" 200 27
124.78.153.86 - - [28/Oct/2021:10:39:53 +0800] "POST /xingrg/kc/buy/cgsh_order_operate.html HTTP/1.1" 200 37
101.85.106.134 - - [28/Oct/2021:10:39:54 +0800] "GET /xingrg/all/function/internal_message.html?_=1635388794574&CODE_STATE=getMsg HTTP/1.1" 200 27
222.70.171.86 - - [28/Oct/2021:10:39:55 +0800] "GET /xingrg/all/function/internal_message.html?_=1635388806710&CODE_STATE=getMsg HTTP/1.1" 302 -
222.69.129.196 - - [28/Oct/2021:10:39:55 +0800] "GET /xingrg/all/function/internal_message.html?_=1635388795860&CODE_STATE=getMsg HTTP/1.1" 200 27
124.78.153.86 - - [28/Oct/2021:10:39:56 +0800] "POST /xingrg/kc/buy/cgsh_order_operate.html HTTP/1.1" 200 12
124.78.153.86 - - [28/Oct/2021:10:39:58 +0800] "GET /xingrg/kc/buy/cgsh_order_info.html?code=212021102812326 HTTP/1.1" 200 59588
124.78.153.86 - - [28/Oct/2021:10:39:58 +0800] "GET /xingrg/javascript/easyui/themes/default/validatebox.css HTTP/1.1" 404 1104
124.78.153.86 - - [28/Oct/2021:10:39:59 +0800] "POST /xingrg/kc/buy/cgsh_order_operate.html HTTP/1.1" 200 1801
180.169.147.146 - - [28/Oct/2021:10:40:00 +0800] "GET /xingrg/all/function/internal_message.html?_=1635388796355&CODE_STATE=getMsg HTTP/1.1" 200 27
124.78.153.86 - - [28/Oct/2021:10:40:02 +0800] "GET /xingrg/kc/print/load_data.html?order_code=212021102812326&kc_code=cgsh&condition= HTTP/1.1" 200 1205
180.169.147.146 - - [28/Oct/2021:10:40:03 +0800] "GET /xingrg/all/function/internal_message.html?_=1635388804203&CODE_STATE=getMsg HTTP/1.1" 200 27
222.70.171.86 - - [28/Oct/2021:10:40:05 +0800] "GET /xingrg/all/function/internal_message.html?_=1635388819209&CODE_STATE=getMsg HTTP/1.1" 200 27
180.174.227.63 - - [28/Oct/2021:10:40:07 +0800] "GET /xingrg/all/function/internal_message.html?_=1635388794800&CODE_STATE=getMsg HTTP/1.1" 200 27
124.78.153.86 - - [28/Oct/2021:10:40:08 +0800] "GET /xingrg/all/function/internal_message.html?_=1635388810094&CODE_STATE=getMsg HTTP/1.1" 200 27
180.169.147.146 - - [28/Oct/2021:10:40:12 +0800] "GET /xingrg/all/function/internal_message.html?_=1635388811897&CODE_STATE=getMsg HTTP/1.1" 200 27
58.221.95.50 - - [28/Oct/2021:10:40:12 +0800] "GET /xingrg/all/function/internal_message.html?_=1635388812194&CODE_STATE=getMsg HTTP/1.1" 200 27
116.232.54.188 - - [28/Oct/2021:10:40:15 +0800] "GET /xingrg/all/function/internal_message.html?_=1635388817608&CODE_STATE=getMsg HTTP/1.1" 200 27
116.232.54.188 - - [28/Oct/2021:10:40:15 +0800] "GET /xingrg/check_reg.html?_=1635388817609 HTTP/1.1" 200 22
116.238.248.233 - - [28/Oct/2021:10:40:15 +0800] "GET /xingrg/all/function/internal_message.html?_=1635388812916&CODE_STATE=getMsg HTTP/1.1" 200 27
58.37.227.186 - - [28/Oct/2021:10:40:18 +0800] "GET /xingrg/all/function/internal_message.html?_=1635388659660&CODE_STATE=getMsg HTTP/1.1" 200 27
114.85.125.222 - - [28/Oct/2021:10:40:21 +0800] "GET /xingrg/all/function/internal_message.html?_=1635388760833&CODE_STATE=getMsg HTTP/1.1" 200 27
101.85.55.123 - - [28/Oct/2021:10:40:30 +0800] "GET /xingrg/all/function/internal_message.html?_=1635388824615&CODE_STATE=getMsg HTTP/1.1" 200 27
222.70.171.86 - - [28/Oct/2021:10:40:33 +0800] "GET /xingrg/check_reg.html?_=1635388845221 HTTP/1.1" 302 -
58.39.139.200 - - [28/Oct/2021:10:40:37 +0800] "GET /xingrg/all/function/internal_message.html?_=1635388836571&CODE_STATE=getMsg HTTP/1.1" 200 27
222.70.171.86 - - [28/Oct/2021:10:40:39 +0800] "GET /xingrg/check_reg.html?_=1635388852871 HTTP/1.1" 200 22
180.169.147.146 - - [28/Oct/2021:10:40:45 +0800] "GET /xingrg/all/function/internal_message.html?_=1635388845108&CODE_STATE=getMsg HTTP/1.1" 200 27
120.253.135.82 - - [28/Oct/2021:10:40:47 +0800] "GET /xingrg/all/function/internal_message.html?_=1635388618870&CODE_STATE=getMsg HTTP/1.1" 200 27
222.70.179.155 - - [28/Oct/2021:10:40:50 +0800] "GET /xingrg/all/function/internal_message.html?_=1635388848886&CODE_STATE=getMsg HTTP/1.1" 200 27
101.85.106.134 - - [28/Oct/2021:10:40:54 +0800] "GET /xingrg/all/function/internal_message.html?_=1635388854589&CODE_STATE=getMsg HTTP/1.1" 200 27
222.70.171.86 - - [28/Oct/2021:10:40:55 +0800] "GET /xingrg/all/function/internal_message.html?_=1635388866732&CODE_STATE=getMsg HTTP/1.1" 302 -
222.69.129.196 - - [28/Oct/2021:10:40:55 +0800] "GET /xingrg/all/function/internal_message.html?_=1635388855850&CODE_STATE=getMsg HTTP/1.1" 200 27
180.169.147.146 - - [28/Oct/2021:10:41:00 +0800] "GET /xingrg/all/function/internal_message.html?_=1635388856385&CODE_STATE=getMsg HTTP/1.1" 200 27
180.169.147.146 - - [28/Oct/2021:10:41:03 +0800] "GET /xingrg/all/function/internal_message.html?_=1635388864205&CODE_STATE=getMsg HTTP/1.1" 200 27
222.70.171.86 - - [28/Oct/2021:10:41:05 +0800] "GET /xingrg/all/function/internal_message.html?_=1635388879220&CODE_STATE=getMsg HTTP/1.1" 200 27
180.174.227.63 - - [28/Oct/2021:10:41:07 +0800] "GET /xingrg/all/function/internal_message.html?_=1635388854811&CODE_STATE=getMsg HTTP/1.1" 200 27
124.78.153.86 - - [28/Oct/2021:10:41:08 +0800] "GET /xingrg/all/function/internal_message.html?_=1635388870071&CODE_STATE=getMsg HTTP/1.1" 200 27
124.78.153.86 - - [28/Oct/2021:10:41:08 +0800] "GET /xingrg/check_reg.html?_=1635388870198 HTTP/1.1" 200 22
180.169.147.146 - - [28/Oct/2021:10:41:12 +0800] "GET /xingrg/all/function/internal_message.html?_=1635388871892&CODE_STATE=getMsg HTTP/1.1" 200 27
58.221.95.50 - - [28/Oct/2021:10:41:12 +0800] "GET /xingrg/all/function/internal_message.html?_=1635388872166&CODE_STATE=getMsg HTTP/1.1" 200 27
116.232.54.188 - - [28/Oct/2021:10:41:15 +0800] "GET /xingrg/all/function/internal_message.html?_=1635388877610&CODE_STATE=getMsg HTTP/1.1" 200 27
116.238.248.233 - - [28/Oct/2021:10:41:15 +0800] "GET /xingrg/all/function/internal_message.html?_=1635388872916&CODE_STATE=getMsg HTTP/1.1" 200 27
58.37.227.186 - - [28/Oct/2021:10:41:18 +0800] "GET /xingrg/all/function/internal_message.html?_=1635388719668&CODE_STATE=getMsg HTTP/1.1" 200 27
114.85.125.222 - - [28/Oct/2021:10:41:21 +0800] "GET /xingrg/all/function/internal_message.html?_=1635388820846&CODE_STATE=getMsg HTTP/1.1" 200 27
222.69.129.196 - - [28/Oct/2021:10:41:23 +0800] "POST /xingrg/kc/buy/cgsh_list_operate.html HTTP/1.1" 200 4613
58.37.227.186 - - [28/Oct/2021:10:41:27 +0800] "GET /xingrg/check_reg.html?_=1635388728168 HTTP/1.1" 200 22
124.78.153.86 - - [28/Oct/2021:10:41:28 +0800] "GET /xingrg/kc/buy/cgsh_order_add.html HTTP/1.1" 200 64679
124.78.153.86 - - [28/Oct/2021:10:41:29 +0800] "POST /xingrg/kc/buy/cgsh_order_operate.html HTTP/1.1" 200 8245
124.78.153.86 - - [28/Oct/2021:10:41:29 +0800] "GET /xingrg/javascript/easyui/themes/default/validatebox.css HTTP/1.1" 404 1104
124.78.153.86 - - [28/Oct/2021:10:41:30 +0800] "GET /xingrg/javascript/easyui/themes/default/tree.css HTTP/1.1" 404 1090
101.85.55.123 - - [28/Oct/2021:10:41:30 +0800] "GET /xingrg/all/function/internal_message.html?_=1635388884624&CODE_STATE=getMsg HTTP/1.1" 200 27
124.78.153.86 - - [28/Oct/2021:10:41:30 +0800] "POST /xingrg/all/common/load_tree.html?tree=supplier_tree_json&isDelete=1 HTTP/1.1" 200 60167
58.39.139.200 - - [28/Oct/2021:10:41:37 +0800] "GET /xingrg/all/function/internal_message.html?_=1635388896542&CODE_STATE=getMsg HTTP/1.1" 200 27
180.169.147.146 - - [28/Oct/2021:10:41:45 +0800] "GET /xingrg/check_reg.html?_=1635388905120 HTTP/1.1" 200 22
180.169.147.146 - - [28/Oct/2021:10:41:45 +0800] "GET /xingrg/all/function/internal_message.html?_=1635388905124&CODE_STATE=getMsg HTTP/1.1" 200 27
120.253.135.82 - - [28/Oct/2021:10:41:47 +0800] "GET /xingrg/all/function/internal_message.html?_=1635388679044&CODE_STATE=getMsg HTTP/1.1" 200 27
120.253.135.82 - - [28/Oct/2021:10:41:47 +0800] "GET /xingrg/check_reg.html?_=1635388678555 HTTP/1.1" 200 22
222.70.179.155 - - [28/Oct/2021:10:41:50 +0800] "GET /xingrg/all/function/internal_message.html?_=1635388908885&CODE_STATE=getMsg HTTP/1.1" 200 27
101.85.106.134 - - [28/Oct/2021:10:41:54 +0800] "GET /xingrg/check_reg.html?_=1635388914588 HTTP/1.1" 200 22
101.85.106.134 - - [28/Oct/2021:10:41:54 +0800] "GET /xingrg/all/function/internal_message.html?_=1635388914590&CODE_STATE=getMsg HTTP/1.1" 200 27
222.70.171.86 - - [28/Oct/2021:10:41:55 +0800] "GET /xingrg/all/function/internal_message.html?_=1635388926737&CODE_STATE=getMsg HTTP/1.1" 302 -
222.69.129.196 - - [28/Oct/2021:10:41:55 +0800] "GET /xingrg/all/function/internal_message.html?_=1635388915866&CODE_STATE=getMsg HTTP/1.1" 200 27
124.78.153.86 - - [28/Oct/2021:10:41:57 +0800] "GET /xingrg/kc/buy/cgsh_order_operate.html?command=get_materiel&rest_code=00106&code=00101029002&supplier_code=00100017&order_time=2021-10-28 HTTP/1.1" 200 472
180.169.147.146 - - [28/Oct/2021:10:42:00 +0800] "GET /xingrg/all/function/internal_message.html?_=1635388916377&CODE_STATE=getMsg HTTP/1.1" 200 27
180.169.147.146 - - [28/Oct/2021:10:42:03 +0800] "GET /xingrg/check_reg.html?_=1635388924208 HTTP/1.1" 200 22
180.169.147.146 - - [28/Oct/2021:10:42:03 +0800] "GET /xingrg/all/function/internal_message.html?_=1635388924209&CODE_STATE=getMsg HTTP/1.1" 200 27
222.70.171.86 - - [28/Oct/2021:10:42:05 +0800] "GET /xingrg/all/function/internal_message.html?_=1635388939234&CODE_STATE=getMsg HTTP/1.1" 200 27
180.174.227.63 - - [28/Oct/2021:10:42:07 +0800] "GET /xingrg/all/function/internal_message.html?_=1635388915162&CODE_STATE=getMsg HTTP/1.1" 200 27
124.78.153.86 - - [28/Oct/2021:10:42:08 +0800] "GET /xingrg/all/function/internal_message.html?_=1635388930046&CODE_STATE=getMsg HTTP/1.1" 200 27
180.169.147.146 - - [28/Oct/2021:10:42:12 +0800] "GET /xingrg/all/function/internal_message.html?_=1635388931905&CODE_STATE=getMsg HTTP/1.1" 200 27
58.221.95.50 - - [28/Oct/2021:10:42:12 +0800] "GET /xingrg/all/function/internal_message.html?_=1635388932150&CODE_STATE=getMsg HTTP/1.1" 200 27
116.232.54.188 - - [28/Oct/2021:10:42:15 +0800] "GET /xingrg/all/function/internal_message.html?_=1635388937612&CODE_STATE=getMsg HTTP/1.1" 200 27
116.238.248.233 - - [28/Oct/2021:10:42:15 +0800] "GET /xingrg/all/function/internal_message.html?_=1635388932931&CODE_STATE=getMsg HTTP/1.1" 200 27
116.238.248.233 - - [28/Oct/2021:10:42:15 +0800] "GET /xingrg/check_reg.html?_=1635388932938 HTTP/1.1" 200 22
58.37.227.186 - - [28/Oct/2021:10:42:18 +0800] "GET /xingrg/all/function/internal_message.html?_=1635388779640&CODE_STATE=getMsg HTTP/1.1" 200 27
124.78.153.86 - - [28/Oct/2021:10:42:19 +0800] "GET /xingrg/kc/buy/cgsh_order_operate.html?command=get_materiel&rest_code=00106&code=00101029017&supplier_code=00100017&order_time=2021-10-28 HTTP/1.1" 200 469
114.85.125.222 - - [28/Oct/2021:10:42:21 +0800] "GET /xingrg/all/function/internal_message.html?_=1635388880865&CODE_STATE=getMsg HTTP/1.1" 200 27
101.85.55.123 - - [28/Oct/2021:10:42:30 +0800] "GET /xingrg/all/function/internal_message.html?_=1635388944613&CODE_STATE=getMsg HTTP/1.1" 200 27
58.39.139.200 - - [28/Oct/2021:10:42:37 +0800] "GET /xingrg/all/function/internal_message.html?_=1635388956513&CODE_STATE=getMsg HTTP/1.1" 200 27
124.78.153.86 - - [28/Oct/2021:10:42:38 +0800] "GET /xingrg/kc/buy/cgsh_order_operate.html?command=get_materiel&rest_code=00106&code=00101029010&supplier_code=00100017&order_time=2021-10-28 HTTP/1.1" 200 439
58.39.139.200 - - [28/Oct/2021:10:42:38 +0800] "GET /xingrg/check_reg.html?_=1635388958238 HTTP/1.1" 200 22
180.169.147.146 - - [28/Oct/2021:10:42:45 +0800] "GET /xingrg/all/function/internal_message.html?_=1635388965123&CODE_STATE=getMsg HTTP/1.1" 200 27
120.253.135.82 - - [28/Oct/2021:10:42:47 +0800] "GET /xingrg/all/function/internal_message.html?_=1635388739053&CODE_STATE=getMsg HTTP/1.1" 200 27
222.70.179.155 - - [28/Oct/2021:10:42:50 +0800] "GET /xingrg/check_reg.html?_=1635388968882 HTTP/1.1" 200 22
222.70.179.155 - - [28/Oct/2021:10:42:50 +0800] "GET /xingrg/all/function/internal_message.html?_=1635388968887&CODE_STATE=getMsg HTTP/1.1" 200 27
180.174.227.63 - - [28/Oct/2021:10:42:53 +0800] "GET /xingrg/check_reg.html?_=1635388960893 HTTP/1.1" 200 22
101.85.106.134 - - [28/Oct/2021:10:42:54 +0800] "GET /xingrg/all/function/internal_message.html?_=1635388974575&CODE_STATE=getMsg HTTP/1.1" 200 27
222.70.171.86 - - [28/Oct/2021:10:42:55 +0800] "GET /xingrg/all/function/internal_message.html?_=1635388986762&CODE_STATE=getMsg HTTP/1.1" 302 -
222.69.129.196 - - [28/Oct/2021:10:42:55 +0800] "GET /xingrg/all/function/internal_message.html?_=1635388975865&CODE_STATE=getMsg HTTP/1.1" 200 27
180.169.147.146 - - [28/Oct/2021:10:43:00 +0800] "GET /xingrg/all/function/internal_message.html?_=1635388976377&CODE_STATE=getMsg HTTP/1.1" 200 27
180.169.147.146 - - [28/Oct/2021:10:43:03 +0800] "GET /xingrg/all/function/internal_message.html?_=1635388984193&CODE_STATE=getMsg HTTP/1.1" 200 27
222.70.171.86 - - [28/Oct/2021:10:43:05 +0800] "GET /xingrg/all/function/internal_message.html?_=1635388999506&CODE_STATE=getMsg HTTP/1.1" 200 27
58.221.95.50 - - [28/Oct/2021:10:43:06 +0800] "GET /xingrg/check_reg.html?_=1635388986381 HTTP/1.1" 200 22
180.174.227.63 - - [28/Oct/2021:10:43:07 +0800] "GET /xingrg/all/function/internal_message.html?_=1635388975166&CODE_STATE=getMsg HTTP/1.1" 200 27
124.78.153.86 - - [28/Oct/2021:10:43:08 +0800] "GET /xingrg/all/function/internal_message.html?_=1635388990023&CODE_STATE=getMsg HTTP/1.1" 200 27
124.78.153.86 - - [28/Oct/2021:10:43:10 +0800] "GET /xingrg/kc/buy/cgsh_order_operate.html?command=get_materiel&rest_code=00106&code=00101028016&supplier_code=00100017&order_time=2021-10-28 HTTP/1.1" 200 447
180.169.147.146 - - [28/Oct/2021:10:43:12 +0800] "GET /xingrg/all/function/internal_message.html?_=1635388991900&CODE_STATE=getMsg HTTP/1.1" 200 27
58.221.95.50 - - [28/Oct/2021:10:43:12 +0800] "GET /xingrg/all/function/internal_message.html?_=1635388992123&CODE_STATE=getMsg HTTP/1.1" 200 27
116.232.54.188 - - [28/Oct/2021:10:43:14 +0800] "GET /xingrg/all/function/internal_message.html?_=1635388997614&CODE_STATE=getMsg HTTP/1.1" 200 27
116.238.248.233 - - [28/Oct/2021:10:43:15 +0800] "GET /xingrg/all/function/internal_message.html?_=1635388992937&CODE_STATE=getMsg HTTP/1.1" 200 27
58.37.227.186 - - [28/Oct/2021:10:43:18 +0800] "GET /xingrg/all/function/internal_message.html?_=1635388839612&CODE_STATE=getMsg HTTP/1.1" 200 27
114.85.125.222 - - [28/Oct/2021:10:43:21 +0800] "GET /xingrg/all/function/internal_message.html?_=1635388940873&CODE_STATE=getMsg HTTP/1.1" 200 27
120.253.135.82 - - [28/Oct/2021:10:43:25 +0800] "GET /xingrg/kc/buy/cgsh_order_list.html HTTP/1.1" 200 48941
120.253.135.82 - - [28/Oct/2021:10:43:26 +0800] "POST /xingrg/kc/buy/cgsh_list_operate.html HTTP/1.1" 200 876
120.253.135.82 - - [28/Oct/2021:10:43:29 +0800] "GET /xingrg/kc/pszx/mdqp_order_list.html?state=10 HTTP/1.1" 200 10217
120.253.135.82 - - [28/Oct/2021:10:43:29 +0800] "GET /xingrg/dwr/interface/AjaxQqpsService.js HTTP/1.1" 200 16326
120.253.135.82 - - [28/Oct/2021:10:43:29 +0800] "GET /xingrg/dwr/interface/AjaxReportQueryService.js HTTP/1.1" 200 13203
120.253.135.82 - - [28/Oct/2021:10:43:29 +0800] "GET /xingrg/dwr/engine.js HTTP/1.1" 200 43631
101.85.55.123 - - [28/Oct/2021:10:43:30 +0800] "GET /xingrg/all/function/internal_message.html?_=1635389004620&CODE_STATE=getMsg HTTP/1.1" 200 27
101.85.55.123 - - [28/Oct/2021:10:43:30 +0800] "GET /xingrg/check_reg.html?_=1635389004623 HTTP/1.1" 200 22
120.253.135.82 - - [28/Oct/2021:10:43:31 +0800] "GET /xingrg/kc/pszx/mdps_order_list.html?orderType=0 HTTP/1.1" 200 21089
120.253.135.82 - - [28/Oct/2021:10:43:31 +0800] "POST /xingrg/kc/pszx/mdps_list_operate.html HTTP/1.1" 200 5397
58.39.139.200 - - [28/Oct/2021:10:43:37 +0800] "GET /xingrg/all/function/internal_message.html?_=1635389016487&CODE_STATE=getMsg HTTP/1.1" 200 27
124.78.153.86 - - [28/Oct/2021:10:43:38 +0800] "POST /xingrg/kc/buy/cgsh_order_operate.html HTTP/1.1" 200 37
124.78.153.86 - - [28/Oct/2021:10:43:39 +0800] "POST /xingrg/kc/buy/cgsh_order_operate.html HTTP/1.1" 200 4545
124.78.153.86 - - [28/Oct/2021:10:43:42 +0800] "GET /xingrg/kc/base/base_main.html HTTP/1.1" 200 12142
120.253.135.82 - - [28/Oct/2021:10:43:42 +0800] "POST /xingrg/kc/pszx/mdps_list_operate.html HTTP/1.1" 200 1692
124.78.153.86 - - [28/Oct/2021:10:43:43 +0800] "GET /xingrg/kc/base/wldb_order_list.html HTTP/1.1" 200 19224
120.253.135.82 - - [28/Oct/2021:10:43:43 +0800] "POST /xingrg/kc/pszx/mdps_list_operate.html HTTP/1.1" 200 614
124.78.153.86 - - [28/Oct/2021:10:43:44 +0800] "POST /xingrg/kc/base/wldb_list_operate.html HTTP/1.1" 200 928
120.253.135.82 - - [28/Oct/2021:10:43:44 +0800] "GET /xingrg/kc/pszx/mdps_order_info.html?code=312021102800687 HTTP/1.1" 200 23931
120.253.135.82 - - [28/Oct/2021:10:43:44 +0800] "GET /xingrg/javascript/easyui/themes/default/validatebox.css HTTP/1.1" 404 1104
120.253.135.82 - - [28/Oct/2021:10:43:44 +0800] "POST /xingrg/kc/pszx/mdps_order_operate.html HTTP/1.1" 200 9449
180.169.147.146 - - [28/Oct/2021:10:43:45 +0800] "GET /xingrg/all/function/internal_message.html?_=1635389025120&CODE_STATE=getMsg HTTP/1.1" 200 27
120.253.135.82 - - [28/Oct/2021:10:43:47 +0800] "GET /xingrg/all/function/internal_message.html?_=1635388799066&CODE_STATE=getMsg HTTP/1.1" 200 27
222.70.179.155 - - [28/Oct/2021:10:43:50 +0800] "GET /xingrg/all/function/internal_message.html?_=1635389028887&CODE_STATE=getMsg HTTP/1.1" 200 27
120.253.135.82 - - [28/Oct/2021:10:43:52 +0800] "POST /xingrg/kc/pszx/mdps_order_operate.html HTTP/1.1" 200 37
120.253.135.82 - - [28/Oct/2021:10:43:54 +0800] "POST /xingrg/kc/pszx/mdps_order_operate.html HTTP/1.1" 200 12
101.85.106.134 - - [28/Oct/2021:10:43:54 +0800] "GET /xingrg/all/function/internal_message.html?_=1635389034589&CODE_STATE=getMsg HTTP/1.1" 200 27
222.70.171.86 - - [28/Oct/2021:10:43:55 +0800] "GET /xingrg/all/function/internal_message.html?_=1635389046765&CODE_STATE=getMsg HTTP/1.1" 302 -
222.69.129.196 - - [28/Oct/2021:10:43:55 +0800] "GET /xingrg/check_reg.html?_=1635389035872 HTTP/1.1" 200 22
222.69.129.196 - - [28/Oct/2021:10:43:55 +0800] "GET /xingrg/all/function/internal_message.html?_=1635389035874&CODE_STATE=getMsg HTTP/1.1" 200 27
120.253.135.82 - - [28/Oct/2021:10:43:58 +0800] "GET /xingrg/kc/pszx/mdps_order_info.html?code=312021102800687 HTTP/1.1" 200 19591
120.253.135.82 - - [28/Oct/2021:10:43:59 +0800] "POST /xingrg/kc/pszx/mdps_order_operate.html HTTP/1.1" 200 7584
120.253.135.82 - - [28/Oct/2021:10:43:59 +0800] "GET /xingrg/javascript/easyui/themes/default/validatebox.css HTTP/1.1" 404 1104
180.169.147.146 - - [28/Oct/2021:10:44:00 +0800] "GET /xingrg/all/function/internal_message.html?_=1635389036378&CODE_STATE=getMsg HTTP/1.1" 200 27
180.169.147.146 - - [28/Oct/2021:10:44:00 +0800] "GET /xingrg/check_reg.html?_=1635389036383 HTTP/1.1" 200 22
180.169.147.146 - - [28/Oct/2021:10:44:03 +0800] "GET /xingrg/all/function/internal_message.html?_=1635389044197&CODE_STATE=getMsg HTTP/1.1" 200 27
222.70.171.86 - - [28/Oct/2021:10:44:05 +0800] "GET /xingrg/all/function/internal_message.html?_=1635389059511&CODE_STATE=getMsg HTTP/1.1" 200 27
180.174.227.63 - - [28/Oct/2021:10:44:07 +0800] "GET /xingrg/all/function/internal_message.html?_=1635389035190&CODE_STATE=getMsg HTTP/1.1" 200 27
124.78.153.86 - - [28/Oct/2021:10:44:08 +0800] "GET /xingrg/all/function/internal_message.html?_=1635389050002&CODE_STATE=getMsg HTTP/1.1" 200 27
222.69.129.196 - - [28/Oct/2021:10:44:09 +0800] "POST /xingrg/kc/buy/cgsh_list_operate.html HTTP/1.1" 200 9248
120.253.135.82 - - [28/Oct/2021:10:44:10 +0800] "POST /xingrg/kc/pszx/mdps_list_operate.html HTTP/1.1" 200 1692
120.253.135.82 - - [28/Oct/2021:10:44:11 +0800] "POST /xingrg/kc/pszx/mdps_list_operate.html HTTP/1.1" 200 627
120.253.135.82 - - [28/Oct/2021:10:44:11 +0800] "GET /xingrg/kc/pszx/mdps_order_info.html?code=312021102800688 HTTP/1.1" 200 23931
180.169.147.146 - - [28/Oct/2021:10:44:12 +0800] "GET /xingrg/check_reg.html?_=1635389051891 HTTP/1.1" 200 22
180.169.147.146 - - [28/Oct/2021:10:44:12 +0800] "GET /xingrg/all/function/internal_message.html?_=1635389051893&CODE_STATE=getMsg HTTP/1.1" 200 27
58.221.95.50 - - [28/Oct/2021:10:44:12 +0800] "GET /xingrg/all/function/internal_message.html?_=1635389052140&CODE_STATE=getMsg HTTP/1.1" 200 27
120.253.135.82 - - [28/Oct/2021:10:44:12 +0800] "POST /xingrg/kc/pszx/mdps_order_operate.html HTTP/1.1" 200 6395
120.253.135.82 - - [28/Oct/2021:10:44:12 +0800] "GET /xingrg/javascript/easyui/themes/default/validatebox.css HTTP/1.1" 404 1104
116.232.54.188 - - [28/Oct/2021:10:44:15 +0800] "GET /xingrg/all/function/internal_message.html?_=1635389057616&CODE_STATE=getMsg HTTP/1.1" 200 27
116.238.248.233 - - [28/Oct/2021:10:44:15 +0800] "GET /xingrg/all/function/internal_message.html?_=1635389052937&CODE_STATE=getMsg HTTP/1.1" 200 27
58.37.227.186 - - [28/Oct/2021:10:44:18 +0800] "GET /xingrg/all/function/internal_message.html?_=1635388899593&CODE_STATE=getMsg HTTP/1.1" 200 27
120.253.135.82 - - [28/Oct/2021:10:44:20 +0800] "POST /xingrg/kc/pszx/mdps_order_operate.html HTTP/1.1" 200 37
114.85.125.222 - - [28/Oct/2021:10:44:21 +0800] "GET /xingrg/check_reg.html?_=1635389000516 HTTP/1.1" 200 22
114.85.125.222 - - [28/Oct/2021:10:44:21 +0800] "GET /xingrg/all/function/internal_message.html?_=1635389000887&CODE_STATE=getMsg HTTP/1.1" 200 27
120.253.135.82 - - [28/Oct/2021:10:44:25 +0800] "POST /xingrg/kc/pszx/mdps_order_operate.html HTTP/1.1" 200 12
120.253.135.82 - - [28/Oct/2021:10:44:27 +0800] "GET /xingrg/kc/pszx/mdps_order_info.html?code=312021102800688 HTTP/1.1" 200 19591
120.253.135.82 - - [28/Oct/2021:10:44:27 +0800] "POST /xingrg/kc/pszx/mdps_order_operate.html HTTP/1.1" 200 4579
120.253.135.82 - - [28/Oct/2021:10:44:27 +0800] "GET /xingrg/javascript/easyui/themes/default/validatebox.css HTTP/1.1" 404 1104
120.253.135.82 - - [28/Oct/2021:10:44:29 +0800] "POST /xingrg/kc/pszx/mdps_list_operate.html HTTP/1.1" 200 868
101.85.55.123 - - [28/Oct/2021:10:44:30 +0800] "GET /xingrg/all/function/internal_message.html?_=1635389064604&CODE_STATE=getMsg HTTP/1.1" 200 27
58.39.139.200 - - [28/Oct/2021:10:44:37 +0800] "GET /xingrg/all/function/internal_message.html?_=1635389076466&CODE_STATE=getMsg HTTP/1.1" 200 27
120.253.135.82 - - [28/Oct/2021:10:44:41 +0800] "POST /xingrg/kc/pszx/mdps_list_operate.html HTTP/1.1" 200 1692
120.253.135.82 - - [28/Oct/2021:10:44:42 +0800] "POST /xingrg/kc/pszx/mdps_list_operate.html HTTP/1.1" 200 621
120.253.135.82 - - [28/Oct/2021:10:44:43 +0800] "GET /xingrg/kc/pszx/mdps_order_info.html?code=312021102800689 HTTP/1.1" 200 23931
120.253.135.82 - - [28/Oct/2021:10:44:44 +0800] "GET /xingrg/javascript/easyui/themes/default/validatebox.css HTTP/1.1" 404 1104
120.253.135.82 - - [28/Oct/2021:10:44:44 +0800] "POST /xingrg/kc/pszx/mdps_order_operate.html HTTP/1.1" 200 7392
180.169.147.146 - - [28/Oct/2021:10:44:45 +0800] "GET /xingrg/all/function/internal_message.html?_=1635389085119&CODE_STATE=getMsg HTTP/1.1" 200 27
120.253.135.82 - - [28/Oct/2021:10:44:48 +0800] "POST /xingrg/kc/pszx/mdps_order_operate.html HTTP/1.1" 200 37
222.70.179.155 - - [28/Oct/2021:10:44:50 +0800] "GET /xingrg/all/function/internal_message.html?_=1635389088886&CODE_STATE=getMsg HTTP/1.1" 200 27
120.253.135.82 - - [28/Oct/2021:10:44:51 +0800] "POST /xingrg/kc/pszx/mdps_order_operate.html HTTP/1.1" 200 12
101.85.106.134 - - [28/Oct/2021:10:44:54 +0800] "GET /xingrg/all/function/internal_message.html?_=1635389094587&CODE_STATE=getMsg HTTP/1.1" 200 27
120.253.135.82 - - [28/Oct/2021:10:44:54 +0800] "GET /xingrg/kc/pszx/mdps_order_info.html?code=312021102800689 HTTP/1.1" 200 19591
222.70.171.86 - - [28/Oct/2021:10:44:55 +0800] "GET /xingrg/all/function/internal_message.html?_=1635389106788&CODE_STATE=getMsg HTTP/1.1" 302 -
222.69.129.196 - - [28/Oct/2021:10:44:55 +0800] "GET /xingrg/all/function/internal_message.html?_=1635389095871&CODE_STATE=getMsg HTTP/1.1" 200 27
120.253.135.82 - - [28/Oct/2021:10:44:55 +0800] "POST /xingrg/kc/pszx/mdps_order_operate.html HTTP/1.1" 200 5566
120.253.135.82 - - [28/Oct/2021:10:44:55 +0800] "GET /xingrg/javascript/easyui/themes/default/validatebox.css HTTP/1.1" 404 1104
120.253.135.82 - - [28/Oct/2021:10:44:56 +0800] "GET /xingrg/all/function/internal_message.html?_=1635388867217&CODE_STATE=getMsg HTTP/1.1" 200 27
120.253.135.82 - - [28/Oct/2021:10:44:57 +0800] "POST /xingrg/kc/pszx/mdps_list_operate.html HTTP/1.1" 200 868
120.253.135.82 - - [28/Oct/2021:10:44:59 +0800] "GET /xingrg/kc/pszx/mdqp_order_list.html?state=10 HTTP/1.1" 200 10217
120.253.135.82 - - [28/Oct/2021:10:44:59 +0800] "GET /xingrg/dwr/interface/AjaxQqpsService.js HTTP/1.1" 200 16326
120.253.135.82 - - [28/Oct/2021:10:44:59 +0800] "GET /xingrg/dwr/interface/AjaxReportQueryService.js HTTP/1.1" 200 13203
120.253.135.82 - - [28/Oct/2021:10:44:59 +0800] "GET /xingrg/dwr/engine.js HTTP/1.1" 200 43631
180.169.147.146 - - [28/Oct/2021:10:45:00 +0800] "GET /xingrg/all/function/internal_message.html?_=1635389096381&CODE_STATE=getMsg HTTP/1.1" 200 27
120.253.135.82 - - [28/Oct/2021:10:45:01 +0800] "GET /xingrg/kc/pszx/mdps_order_list.html?orderType=0 HTTP/1.1" 200 21089
120.253.135.82 - - [28/Oct/2021:10:45:01 +0800] "POST /xingrg/kc/pszx/mdps_list_operate.html HTTP/1.1" 200 5397
180.169.147.146 - - [28/Oct/2021:10:45:03 +0800] "GET /xingrg/all/function/internal_message.html?_=1635389104199&CODE_STATE=getMsg HTTP/1.1" 200 27
222.70.171.86 - - [28/Oct/2021:10:45:06 +0800] "GET /xingrg/all/function/internal_message.html?_=1635389119800&CODE_STATE=getMsg HTTP/1.1" 200 27
124.78.153.86 - - [28/Oct/2021:10:45:08 +0800] "GET /xingrg/all/function/internal_message.html?_=1635389109975&CODE_STATE=getMsg HTTP/1.1" 200 27
180.174.227.63 - - [28/Oct/2021:10:45:08 +0800] "GET /xingrg/all/function/internal_message.html?_=1635389095721&CODE_STATE=getMsg HTTP/1.1" 200 27
180.169.147.146 - - [28/Oct/2021:10:45:12 +0800] "GET /xingrg/all/function/internal_message.html?_=1635389111894&CODE_STATE=getMsg HTTP/1.1" 200 27
58.221.95.50 - - [28/Oct/2021:10:45:12 +0800] "GET /xingrg/all/function/internal_message.html?_=1635389112125&CODE_STATE=getMsg HTTP/1.1" 200 27
116.232.54.188 - - [28/Oct/2021:10:45:15 +0800] "GET /xingrg/all/function/internal_message.html?_=1635389117618&CODE_STATE=getMsg HTTP/1.1" 200 27
116.232.54.188 - - [28/Oct/2021:10:45:15 +0800] "GET /xingrg/check_reg.html?_=1635389117619 HTTP/1.1" 200 22
116.238.248.233 - - [28/Oct/2021:10:45:15 +0800] "GET /xingrg/all/function/internal_message.html?_=1635389112937&CODE_STATE=getMsg HTTP/1.1" 200 27
58.37.227.186 - - [28/Oct/2021:10:45:18 +0800] "GET /xingrg/all/function/internal_message.html?_=1635388959570&CODE_STATE=getMsg HTTP/1.1" 200 27
114.85.125.222 - - [28/Oct/2021:10:45:21 +0800] "GET /xingrg/all/function/internal_message.html?_=1635389060900&CODE_STATE=getMsg HTTP/1.1" 200 27
101.85.55.123 - - [28/Oct/2021:10:45:30 +0800] "GET /xingrg/all/function/internal_message.html?_=1635389124617&CODE_STATE=getMsg HTTP/1.1" 200 27
222.70.171.86 - - [28/Oct/2021:10:45:33 +0800] "GET /xingrg/check_reg.html?_=1635389145221 HTTP/1.1" 302 -
58.39.139.200 - - [28/Oct/2021:10:45:37 +0800] "GET /xingrg/all/function/internal_message.html?_=1635389136445&CODE_STATE=getMsg HTTP/1.1" 200 27
222.70.171.86 - - [28/Oct/2021:10:45:39 +0800] "GET /xingrg/check_reg.html?_=1635389152877 HTTP/1.1" 200 22
180.162.112.229 - - [28/Oct/2021:10:45:40 +0800] "GET /xingrg HTTP/1.1" 302 -
180.162.112.229 - - [28/Oct/2021:10:45:41 +0800] "GET /xingrg/index.html HTTP/1.1" 302 -
180.162.112.229 - - [28/Oct/2021:10:45:41 +0800] "GET /xingrg/login.html HTTP/1.1" 200 7641
180.162.112.229 - - [28/Oct/2021:10:45:42 +0800] "GET /favicon.ico HTTP/1.1" 404 -
180.162.112.229 - - [28/Oct/2021:10:45:42 +0800] "GET /favicon.ico HTTP/1.1" 404 -
180.169.147.146 - - [28/Oct/2021:10:45:45 +0800] "GET /xingrg/all/function/internal_message.html?_=1635389145108&CODE_STATE=getMsg HTTP/1.1" 200 27
222.70.179.155 - - [28/Oct/2021:10:45:50 +0800] "GET /xingrg/all/function/internal_message.html?_=1635389148884&CODE_STATE=getMsg HTTP/1.1" 200 27
180.162.112.229 - - [28/Oct/2021:10:45:52 +0800] "POST /xingrg/login.do HTTP/1.1" 302 -
180.162.112.229 - - [28/Oct/2021:10:45:52 +0800] "GET /xingrg/index.html?sysBaseUrl=http%3A%2F%2F180.169.147.146%3A18081%2Fxingrg%2F&costTime=96×tamp=1635389152401 HTTP/1.1" 200 17179
180.162.112.229 - - [28/Oct/2021:10:45:54 +0800] "GET /favicon.ico HTTP/1.1" 404 -
222.69.129.196 - - [28/Oct/2021:10:45:54 +0800] "POST /xingrg/kc/buy/cgsh_list_operate.html HTTP/1.1" 200 4602
101.85.106.134 - - [28/Oct/2021:10:45:54 +0800] "GET /xingrg/all/function/internal_message.html?_=1635389154585&CODE_STATE=getMsg HTTP/1.1" 200 27
222.70.171.86 - - [28/Oct/2021:10:45:55 +0800] "GET /xingrg/all/function/internal_message.html?_=1635389166792&CODE_STATE=getMsg HTTP/1.1" 302 -
222.69.129.196 - - [28/Oct/2021:10:45:55 +0800] "GET /xingrg/all/function/internal_message.html?_=1635389155878&CODE_STATE=getMsg HTTP/1.1" 200 27
120.253.135.82 - - [28/Oct/2021:10:45:56 +0800] "GET /xingrg/all/function/internal_message.html?_=1635388927221&CODE_STATE=getMsg HTTP/1.1" 200 27
180.162.112.229 - - [28/Oct/2021:10:45:56 +0800] "POST /xingrg/all/common/load_tree.html?tree=area_rest_tree_json&manage=1 HTTP/1.1" 200 351
180.162.112.229 - - [28/Oct/2021:10:45:56 +0800] "GET /xingrg/check_reg.html?_=1635388661413 HTTP/1.1" 200 22
180.162.112.229 - - [28/Oct/2021:10:45:56 +0800] "GET /xingrg/all/function/internal_message.html?_=1635388661410&CODE_STATE=count HTTP/1.1" 200 11
180.162.112.229 - - [28/Oct/2021:10:45:57 +0800] "POST /xingrg/load_menu.html HTTP/1.1" 200 5138
120.253.135.82 - - [28/Oct/2021:10:45:59 +0800] "GET /xingrg/kc/pszx/mdps_order_list.html?orderType=0 HTTP/1.1" 200 21089
120.253.135.82 - - [28/Oct/2021:10:45:59 +0800] "POST /xingrg/kc/pszx/mdps_list_operate.html HTTP/1.1" 200 5397
180.169.147.146 - - [28/Oct/2021:10:46:00 +0800] "GET /xingrg/all/function/internal_message.html?_=1635389156376&CODE_STATE=getMsg HTTP/1.1" 200 27
180.169.147.146 - - [28/Oct/2021:10:46:03 +0800] "GET /xingrg/all/function/internal_message.html?_=1635389164201&CODE_STATE=getMsg HTTP/1.1" 200 27
180.162.112.229 - - [28/Oct/2021:10:46:05 +0800] "GET /xingrg/kc/buy/buy_main.html HTTP/1.1" 200 12412
180.162.112.229 - - [28/Oct/2021:10:46:05 +0800] "GET /xingrg/css/new_ie.css HTTP/1.1" 404 1036
222.70.171.86 - - [28/Oct/2021:10:46:06 +0800] "GET /xingrg/all/function/internal_message.html?_=1635389179802&CODE_STATE=getMsg HTTP/1.1" 200 27
124.78.153.86 - - [28/Oct/2021:10:46:08 +0800] "GET /xingrg/all/function/internal_message.html?_=1635389169960&CODE_STATE=getMsg HTTP/1.1" 200 27
180.174.227.63 - - [28/Oct/2021:10:46:08 +0800] "GET /xingrg/all/function/internal_message.html?_=1635389155745&CODE_STATE=getMsg HTTP/1.1" 200 27
124.78.153.86 - - [28/Oct/2021:10:46:08 +0800] "GET /xingrg/check_reg.html?_=1635389170213 HTTP/1.1" 200 22
180.162.112.229 - - [28/Oct/2021:10:46:08 +0800] "GET /xingrg/images/yd/bt.gif HTTP/1.1" 404 1040
180.162.112.229 - - [28/Oct/2021:10:46:09 +0800] "GET /xingrg/kc/buy/cgsh_order_list.html HTTP/1.1" 200 48947
180.169.147.146 - - [28/Oct/2021:10:46:12 +0800] "GET /xingrg/all/function/internal_message.html?_=1635389171887&CODE_STATE=getMsg HTTP/1.1" 200 27
58.221.95.50 - - [28/Oct/2021:10:46:12 +0800] "GET /xingrg/all/function/internal_message.html?_=1635389172110&CODE_STATE=getMsg HTTP/1.1" 200 27
180.162.112.229 - - [28/Oct/2021:10:46:12 +0800] "POST /xingrg/kc/buy/cgsh_list_operate.html HTTP/1.1" 200 1692
180.162.112.229 - - [28/Oct/2021:10:46:14 +0800] "GET /xingrg/kc/buy/cgsh_order_add.html HTTP/1.1" 200 63804
180.162.112.229 - - [28/Oct/2021:10:46:14 +0800] "GET /xingrg/words/20211027163635_words.js HTTP/1.1" 200 860627
116.232.54.188 - - [28/Oct/2021:10:46:15 +0800] "GET /xingrg/all/function/internal_message.html?_=1635389177621&CODE_STATE=getMsg HTTP/1.1" 200 27
116.238.248.233 - - [28/Oct/2021:10:46:15 +0800] "GET /xingrg/all/function/internal_message.html?_=1635389172936&CODE_STATE=getMsg HTTP/1.1" 200 27
180.162.112.229 - - [28/Oct/2021:10:46:15 +0800] "POST /xingrg/kc/buy/cgsh_order_operate.html HTTP/1.1" 200 8245
180.162.112.229 - - [28/Oct/2021:10:46:15 +0800] "GET /xingrg/all/common/auto_word.html?type=employee&rest_code=00143 HTTP/1.1" 200 55
180.162.112.229 - - [28/Oct/2021:10:46:15 +0800] "GET /xingrg/javascript/easyui/themes/default/validatebox.css HTTP/1.1" 404 1104
180.162.112.229 - - [28/Oct/2021:10:46:15 +0800] "GET /xingrg/all/common/auto_word.html?type=employee&rest_code=00143 HTTP/1.1" 200 55
180.162.112.229 - - [28/Oct/2021:10:46:16 +0800] "GET /xingrg/javascript/easyui/themes/default/tree.css HTTP/1.1" 404 1090
180.162.112.229 - - [28/Oct/2021:10:46:16 +0800] "POST /xingrg/all/common/load_tree.html?tree=supplier_tree_json&isDelete=1 HTTP/1.1" 200 60167
58.37.227.186 - - [28/Oct/2021:10:46:18 +0800] "GET /xingrg/all/function/internal_message.html?_=1635389019545&CODE_STATE=getMsg HTTP/1.1" 200 27
180.169.147.146 - - [28/Oct/2021:10:46:18 +0800] "GET /xingrg/javascript/easyui/themes/default/images/button_plain_hover.png HTTP/1.1" 304 -
114.85.125.222 - - [28/Oct/2021:10:46:21 +0800] "GET /xingrg/all/function/internal_message.html?_=1635389120915&CODE_STATE=getMsg HTTP/1.1" 200 27
58.37.227.186 - - [28/Oct/2021:10:46:27 +0800] "GET /xingrg/check_reg.html?_=1635389028165 HTTP/1.1" 200 22
101.85.55.123 - - [28/Oct/2021:10:46:30 +0800] "GET /xingrg/all/function/internal_message.html?_=1635389184624&CODE_STATE=getMsg HTTP/1.1" 200 27
58.39.139.200 - - [28/Oct/2021:10:46:37 +0800] "GET /xingrg/all/function/internal_message.html?_=1635389196426&CODE_STATE=getMsg HTTP/1.1" 200 27
180.162.112.229 - - [28/Oct/2021:10:46:37 +0800] "GET /xingrg/javascript/auto/indicator.gif HTTP/1.1" 404 1066
180.169.147.146 - - [28/Oct/2021:10:46:45 +0800] "GET /xingrg/all/function/internal_message.html?_=1635389205101&CODE_STATE=getMsg HTTP/1.1" 200 27
180.169.147.146 - - [28/Oct/2021:10:46:45 +0800] "GET /xingrg/check_reg.html?_=1635389205108 HTTP/1.1" 200 22
120.253.135.82 - - [28/Oct/2021:10:46:47 +0800] "GET /xingrg/check_reg.html?_=1635388979069 HTTP/1.1" 200 22
222.70.179.155 - - [28/Oct/2021:10:46:50 +0800] "GET /xingrg/all/function/internal_message.html?_=1635389208882&CODE_STATE=getMsg HTTP/1.1" 200 27
180.162.112.229 - - [28/Oct/2021:10:46:53 +0800] "GET /xingrg/kc/buy/cgsh_order_operate.html?command=get_materiel&rest_code=00143&code=00101006199&supplier_code=00100376&order_time=2021-10-28 HTTP/1.1" 200 414
101.85.106.134 - - [28/Oct/2021:10:46:54 +0800] "GET /xingrg/all/function/internal_message.html?_=1635389214584&CODE_STATE=getMsg HTTP/1.1" 200 27
101.85.106.134 - - [28/Oct/2021:10:46:54 +0800] "GET /xingrg/check_reg.html?_=1635389214585 HTTP/1.1" 200 22
222.70.171.86 - - [28/Oct/2021:10:46:55 +0800] "GET /xingrg/all/function/internal_message.html?_=1635389226814&CODE_STATE=getMsg HTTP/1.1" 302 -
222.69.129.196 - - [28/Oct/2021:10:46:55 +0800] "GET /xingrg/all/function/internal_message.html?_=1635389215868&CODE_STATE=getMsg HTTP/1.1" 200 27
120.253.135.82 - - [28/Oct/2021:10:46:56 +0800] "GET /xingrg/all/function/internal_message.html?_=1635388987235&CODE_STATE=getMsg HTTP/1.1" 200 27
180.162.112.229 - - [28/Oct/2021:10:46:56 +0800] "GET /xingrg/all/function/internal_message.html?_=1635388721429&CODE_STATE=getMsg HTTP/1.1" 200 27
180.169.147.146 - - [28/Oct/2021:10:47:00 +0800] "GET /xingrg/all/function/internal_message.html?_=1635389216377&CODE_STATE=getMsg HTTP/1.1" 200 27
180.169.147.146 - - [28/Oct/2021:10:47:03 +0800] "GET /xingrg/all/function/internal_message.html?_=1635389224204&CODE_STATE=getMsg HTTP/1.1" 200 27
180.169.147.146 - - [28/Oct/2021:10:47:03 +0800] "GET /xingrg/check_reg.html?_=1635389224205 HTTP/1.1" 200 22
222.70.171.86 - - [28/Oct/2021:10:47:06 +0800] "GET /xingrg/all/function/internal_message.html?_=1635389239816&CODE_STATE=getMsg HTTP/1.1" 200 27
124.78.153.86 - - [28/Oct/2021:10:47:08 +0800] "GET /xingrg/all/function/internal_message.html?_=1635389229933&CODE_STATE=getMsg HTTP/1.1" 200 27
180.174.227.63 - - [28/Oct/2021:10:47:08 +0800] "GET /xingrg/all/function/internal_message.html?_=1635389216239&CODE_STATE=getMsg HTTP/1.1" 200 27
180.162.112.229 - - [28/Oct/2021:10:47:09 +0800] "POST /xingrg/kc/buy/cgsh_order_operate.html HTTP/1.1" 200 37
180.174.227.63 - - [28/Oct/2021:10:47:11 +0800] "GET /xingrg/login.html HTTP/1.1" 200 7641
58.221.95.50 - - [28/Oct/2021:10:47:12 +0800] "GET /xingrg/all/function/internal_message.html?_=1635389232095&CODE_STATE=getMsg HTTP/1.1" 200 27
180.169.147.146 - - [28/Oct/2021:10:47:12 +0800] "GET /xingrg/all/function/internal_message.html?_=1635389231901&CODE_STATE=getMsg HTTP/1.1" 200 27
180.174.227.63 - - [28/Oct/2021:10:47:12 +0800] "GET /favicon.ico HTTP/1.1" 404 -
180.162.112.229 - - [28/Oct/2021:10:47:13 +0800] "POST /xingrg/kc/buy/cgsh_order_operate.html HTTP/1.1" 200 12
180.174.227.63 - - [28/Oct/2021:10:47:13 +0800] "POST /xingrg/login.do HTTP/1.1" 302 -
180.174.227.63 - - [28/Oct/2021:10:47:13 +0800] "GET /xingrg/index.html?sysBaseUrl=http%3A%2F%2F180.169.147.146%3A18081%2Fxingrg%2F&costTime=60×tamp=1635389233179 HTTP/1.1" 200 17173
180.174.227.63 - - [28/Oct/2021:10:47:13 +0800] "GET /xingrg/css/form.css HTTP/1.1" 304 -
180.174.227.63 - - [28/Oct/2021:10:47:13 +0800] "GET /xingrg/javascript/jquery_easy_ui/themes/icon.css HTTP/1.1" 304 -
180.174.227.63 - - [28/Oct/2021:10:47:13 +0800] "GET /xingrg/javascript/jquery_easy_ui/themes/default/easyui.css HTTP/1.1" 304 -
180.174.227.63 - - [28/Oct/2021:10:47:13 +0800] "GET /xingrg/javascript/jquery-1.4.2.min.js HTTP/1.1" 304 -
180.174.227.63 - - [28/Oct/2021:10:47:13 +0800] "GET /xingrg/javascript/jquery_easy_ui/jquery.easyui.min.js HTTP/1.1" 304 -
180.174.227.63 - - [28/Oct/2021:10:47:13 +0800] "GET /xingrg/javascript/jquery_easy_ui/easyui-lang-zh_CN.js HTTP/1.1" 304 -
180.174.227.63 - - [28/Oct/2021:10:47:13 +0800] "GET /xingrg/javascript/jquery.form.js HTTP/1.1" 304 -
180.174.227.63 - - [28/Oct/2021:10:47:13 +0800] "GET /xingrg/javascript/jquery.utils.js HTTP/1.1" 304 -
180.174.227.63 - - [28/Oct/2021:10:47:13 +0800] "GET /xingrg/javascript/jquery.timers.js HTTP/1.1" 304 -
180.174.227.63 - - [28/Oct/2021:10:47:13 +0800] "POST /xingrg/all/common/load_tree.html?tree=area_rest_tree_json&manage=1 HTTP/1.1" 200 342
180.174.227.63 - - [28/Oct/2021:10:47:13 +0800] "GET /xingrg/all/function/internal_message.html?_=1635389236632&CODE_STATE=count HTTP/1.1" 200 11
180.174.227.63 - - [28/Oct/2021:10:47:13 +0800] "GET /xingrg/check_reg.html?_=1635389236635 HTTP/1.1" 200 22
180.174.227.63 - - [28/Oct/2021:10:47:13 +0800] "POST /xingrg/load_menu.html HTTP/1.1" 200 5138
180.174.227.63 - - [28/Oct/2021:10:47:13 +0800] "GET /favicon.ico HTTP/1.1" 404 -
180.162.112.229 - - [28/Oct/2021:10:47:14 +0800] "GET /xingrg/kc/buy/cgsh_order_info.html?code=212021102812334 HTTP/1.1" 200 58714
180.162.112.229 - - [28/Oct/2021:10:47:14 +0800] "GET /xingrg/javascript/easyui/themes/default/validatebox.css HTTP/1.1" 404 1104
116.232.54.188 - - [28/Oct/2021:10:47:14 +0800] "GET /xingrg/all/function/internal_message.html?_=1635389237622&CODE_STATE=getMsg HTTP/1.1" 200 27
116.238.248.233 - - [28/Oct/2021:10:47:15 +0800] "GET /xingrg/all/function/internal_message.html?_=1635389232954&CODE_STATE=getMsg HTTP/1.1" 200 27
116.238.248.233 - - [28/Oct/2021:10:47:15 +0800] "GET /xingrg/check_reg.html?_=1635389232957 HTTP/1.1" 200 22
180.162.112.229 - - [28/Oct/2021:10:47:15 +0800] "POST /xingrg/kc/buy/cgsh_order_operate.html HTTP/1.1" 200 610
180.162.112.229 - - [28/Oct/2021:10:47:18 +0800] "GET /xingrg/kc/print/load_config.html?kc_code=cgsh HTTP/1.1" 200 2281
180.162.112.229 - - [28/Oct/2021:10:47:18 +0800] "GET /xingrg/kc/print/load_data.html?order_code=212021102812334&kc_code=cgsh&condition= HTTP/1.1" 200 719
58.37.227.186 - - [28/Oct/2021:10:47:18 +0800] "GET /xingrg/all/function/internal_message.html?_=1635389079516&CODE_STATE=getMsg HTTP/1.1" 200 27
114.85.125.222 - - [28/Oct/2021:10:47:21 +0800] "GET /xingrg/all/function/internal_message.html?_=1635389180933&CODE_STATE=getMsg HTTP/1.1" 200 27
124.78.153.86 - - [28/Oct/2021:10:47:27 +0800] "GET /xingrg/kc/base/base_main.html HTTP/1.1" 200 12142
124.78.153.86 - - [28/Oct/2021:10:47:28 +0800] "GET /xingrg/kc/base/wldb_order_list.html HTTP/1.1" 200 19224
124.78.153.86 - - [28/Oct/2021:10:47:29 +0800] "POST /xingrg/kc/base/wldb_list_operate.html HTTP/1.1" 200 928
101.85.55.123 - - [28/Oct/2021:10:47:30 +0800] "GET /xingrg/all/function/internal_message.html?_=1635389244630&CODE_STATE=getMsg HTTP/1.1" 200 27
124.78.153.86 - - [28/Oct/2021:10:47:34 +0800] "GET /xingrg/kc/base/wldb_order_add.html HTTP/1.1" 200 30438
124.78.153.86 - - [28/Oct/2021:10:47:34 +0800] "POST /xingrg/kc/base/wldb_order_operate.html HTTP/1.1" 200 6806
124.78.153.86 - - [28/Oct/2021:10:47:34 +0800] "GET /xingrg/all/common/auto_word.html?type=base&rest_code=00106 HTTP/1.1" 200 1753
124.78.153.86 - - [28/Oct/2021:10:47:34 +0800] "GET /xingrg/all/common/auto_word.html?type=base&rest_code=00106 HTTP/1.1" 200 1753
124.78.153.86 - - [28/Oct/2021:10:47:34 +0800] "GET /xingrg/javascript/easyui/themes/default/validatebox.css HTTP/1.1" 404 1104
124.78.153.86 - - [28/Oct/2021:10:47:36 +0800] "POST /xingrg/all/common/load_combo.html?type=base HTTP/1.1" 200 3142
58.39.139.200 - - [28/Oct/2021:10:47:37 +0800] "GET /xingrg/all/function/internal_message.html?_=1635389256397&CODE_STATE=getMsg HTTP/1.1" 200 27
58.39.139.200 - - [28/Oct/2021:10:47:38 +0800] "GET /xingrg/check_reg.html?_=1635389258212 HTTP/1.1" 200 22
124.78.153.86 - - [28/Oct/2021:10:47:39 +0800] "POST /xingrg/all/common/load_combo.html?type=base HTTP/1.1" 200 3142
180.169.147.146 - - [28/Oct/2021:10:47:45 +0800] "GET /xingrg/all/function/internal_message.html?_=1635389265115&CODE_STATE=getMsg HTTP/1.1" 200 27
222.70.179.155 - - [28/Oct/2021:10:47:50 +0800] "GET /xingrg/check_reg.html?_=1635389268896 HTTP/1.1" 200 22
222.70.179.155 - - [28/Oct/2021:10:47:50 +0800] "GET /xingrg/all/function/internal_message.html?_=1635389268896&CODE_STATE=getMsg HTTP/1.1" 200 27
180.174.227.63 - - [28/Oct/2021:10:47:53 +0800] "GET /xingrg/check_reg.html?_=1635389260906 HTTP/1.1" 200 22
101.85.106.134 - - [28/Oct/2021:10:47:54 +0800] "GET /xingrg/all/function/internal_message.html?_=1635389274584&CODE_STATE=getMsg HTTP/1.1" 200 27
222.70.171.86 - - [28/Oct/2021:10:47:55 +0800] "GET /xingrg/all/function/internal_message.html?_=1635389286819&CODE_STATE=getMsg HTTP/1.1" 302 -
222.69.129.196 - - [28/Oct/2021:10:47:55 +0800] "GET /xingrg/all/function/internal_message.html?_=1635389275880&CODE_STATE=getMsg HTTP/1.1" 200 27
120.253.135.82 - - [28/Oct/2021:10:47:56 +0800] "GET /xingrg/all/function/internal_message.html?_=1635389047271&CODE_STATE=getMsg HTTP/1.1" 200 27
180.162.112.229 - - [28/Oct/2021:10:47:56 +0800] "GET /xingrg/all/function/internal_message.html?_=1635388781420&CODE_STATE=getMsg HTTP/1.1" 200 27
180.169.147.146 - - [28/Oct/2021:10:48:00 +0800] "GET /xingrg/all/function/internal_message.html?_=1635389276385&CODE_STATE=getMsg HTTP/1.1" 200 27
180.169.147.146 - - [28/Oct/2021:10:48:03 +0800] "GET /xingrg/all/function/internal_message.html?_=1635389284209&CODE_STATE=getMsg HTTP/1.1" 200 27
222.70.171.86 - - [28/Oct/2021:10:48:06 +0800] "GET /xingrg/all/function/internal_message.html?_=1635389300089&CODE_STATE=getMsg HTTP/1.1" 200 27
58.221.95.50 - - [28/Oct/2021:10:48:06 +0800] "GET /xingrg/check_reg.html?_=1635389286418 HTTP/1.1" 200 22
124.78.153.86 - - [28/Oct/2021:10:48:08 +0800] "GET /xingrg/all/function/internal_message.html?_=1635389289937&CODE_STATE=getMsg HTTP/1.1" 200 27
180.174.227.63 - - [28/Oct/2021:10:48:08 +0800] "GET /xingrg/all/function/internal_message.html?_=1635389276276&CODE_STATE=getMsg HTTP/1.1" 200 27
124.78.153.86 - - [28/Oct/2021:10:48:11 +0800] "GET /xingrg/kc/base/wldb_order_operate.html?command=get_materiel&rest_code=00106&base_code=0010396&code=00101016086 HTTP/1.1" 200 468
58.221.95.50 - - [28/Oct/2021:10:48:12 +0800] "GET /xingrg/all/function/internal_message.html?_=1635389292068&CODE_STATE=getMsg HTTP/1.1" 200 27
180.169.147.146 - - [28/Oct/2021:10:48:12 +0800] "GET /xingrg/all/function/internal_message.html?_=1635389291893&CODE_STATE=getMsg HTTP/1.1" 200 27
180.174.227.63 - - [28/Oct/2021:10:48:13 +0800] "GET /xingrg/all/function/internal_message.html?_=1635389296637&CODE_STATE=getMsg HTTP/1.1" 200 27
116.232.54.188 - - [28/Oct/2021:10:48:14 +0800] "GET /xingrg/all/function/internal_message.html?_=1635389297624&CODE_STATE=getMsg HTTP/1.1" 200 27
116.238.248.233 - - [28/Oct/2021:10:48:15 +0800] "GET /xingrg/all/function/internal_message.html?_=1635389292956&CODE_STATE=getMsg HTTP/1.1" 200 27
58.37.227.186 - - [28/Oct/2021:10:48:18 +0800] "GET /xingrg/all/function/internal_message.html?_=1635389139485&CODE_STATE=getMsg HTTP/1.1" 200 27
114.85.125.222 - - [28/Oct/2021:10:48:21 +0800] "GET /xingrg/all/function/internal_message.html?_=1635389240941&CODE_STATE=getMsg HTTP/1.1" 200 27
101.85.55.123 - - [28/Oct/2021:10:48:30 +0800] "GET /xingrg/all/function/internal_message.html?_=1635389304630&CODE_STATE=getMsg HTTP/1.1" 200 27
101.85.55.123 - - [28/Oct/2021:10:48:30 +0800] "GET /xingrg/check_reg.html?_=1635389304641 HTTP/1.1" 200 22
124.78.153.86 - - [28/Oct/2021:10:48:33 +0800] "GET /xingrg/kc/base/wldb_order_operate.html?command=get_materiel&rest_code=00106&base_code=0010396&code=00101019492 HTTP/1.1" 200 458
58.39.139.200 - - [28/Oct/2021:10:48:37 +0800] "GET /xingrg/all/function/internal_message.html?_=1635389316367&CODE_STATE=getMsg HTTP/1.1" 200 27
180.169.147.146 - - [28/Oct/2021:10:48:45 +0800] "GET /xingrg/all/function/internal_message.html?_=1635389325112&CODE_STATE=getMsg HTTP/1.1" 200 27
180.162.112.229 - - [28/Oct/2021:10:48:49 +0800] "GET /xingrg/kc/report/report_main.html HTTP/1.1" 200 7345
222.70.179.155 - - [28/Oct/2021:10:48:50 +0800] "GET /xingrg/all/function/internal_message.html?_=1635389328894&CODE_STATE=getMsg HTTP/1.1" 200 27
180.162.112.229 - - [28/Oct/2021:10:48:51 +0800] "GET /xingrg/all/report/report_query.html?fileName=kc/buy/gys_amount.xml&rh=99999 HTTP/1.1" 200 52006
180.162.112.229 - - [28/Oct/2021:10:48:51 +0800] "GET /xingrg/dwr/interface/AjaxReportQueryService.js HTTP/1.1" 200 13203
180.162.112.229 - - [28/Oct/2021:10:48:51 +0800] "GET /xingrg/dwr/util.js HTTP/1.1" 200 35990
180.162.112.229 - - [28/Oct/2021:10:48:51 +0800] "GET /xingrg/dwr/engine.js HTTP/1.1" 200 43631
180.162.112.229 - - [28/Oct/2021:10:48:52 +0800] "POST /xingrg/dwr/call/plaincall/AjaxReportQueryService.getFixDate.dwr HTTP/1.1" 200 111
180.162.112.229 - - [28/Oct/2021:10:48:52 +0800] "POST /xingrg/all/common/load_tree.html?tree=supplier_tree_json&manage=1 HTTP/1.1" 200 61255
180.162.112.229 - - [28/Oct/2021:10:48:53 +0800] "POST /xingrg/all/common/load_tree.html?tree=materiel_sort_tree_json HTTP/1.1" 200 8912
180.162.112.229 - - [28/Oct/2021:10:48:53 +0800] "POST /xingrg/dwr/call/plaincall/AjaxReportQueryService.getInitString.dwr HTTP/1.1" 200 411
101.85.106.134 - - [28/Oct/2021:10:48:54 +0800] "GET /xingrg/all/function/internal_message.html?_=1635389334582&CODE_STATE=getMsg HTTP/1.1" 200 27
222.69.129.196 - - [28/Oct/2021:10:48:55 +0800] "GET /xingrg/check_reg.html?_=1635389335888 HTTP/1.1" 200 22
222.69.129.196 - - [28/Oct/2021:10:48:55 +0800] "GET /xingrg/all/function/internal_message.html?_=1635389335889&CODE_STATE=getMsg HTTP/1.1" 200 27
222.70.171.86 - - [28/Oct/2021:10:48:55 +0800] "GET /xingrg/all/function/internal_message.html?_=1635389346843&CODE_STATE=getMsg HTTP/1.1" 302 -
