222.70.171.86 - - [28/Oct/2021:11:08:42 +0800] "GET /xingrg/kc/buy/cgsh_order_operate.html?command=get_materiel&rest_code=00146&code=00101008361&supplier_code=00100005&order_time=2021-10-28 HTTP/1.1" 200 408
180.169.147.146 - - [28/Oct/2021:11:08:45 +0800] "GET /xingrg/all/function/internal_message.html?_=1635390525118&CODE_STATE=getMsg HTTP/1.1" 200 27
180.157.253.6 - - [28/Oct/2021:11:08:47 +0800] "GET /xingrg/all/function/internal_message.html?_=1635390527727&CODE_STATE=getMsg HTTP/1.1" 200 27
222.70.179.155 - - [28/Oct/2021:11:08:50 +0800] "GET /xingrg/all/function/internal_message.html?_=1635390528919&CODE_STATE=getMsg HTTP/1.1" 200 27
101.85.106.134 - - [28/Oct/2021:11:08:54 +0800] "GET /xingrg/all/function/internal_message.html?_=1635390534608&CODE_STATE=getMsg HTTP/1.1" 200 27
222.69.129.196 - - [28/Oct/2021:11:08:55 +0800] "GET /xingrg/check_reg.html?_=1635390535960 HTTP/1.1" 200 22
222.69.129.196 - - [28/Oct/2021:11:08:55 +0800] "GET /xingrg/all/function/internal_message.html?_=1635390535963&CODE_STATE=getMsg HTTP/1.1" 200 27
222.70.171.86 - - [28/Oct/2021:11:08:55 +0800] "GET /xingrg/all/function/internal_message.html?_=1635390547114&CODE_STATE=getMsg HTTP/1.1" 302 -
180.162.112.229 - - [28/Oct/2021:11:08:56 +0800] "GET /xingrg/all/function/internal_message.html?_=1635390041449&CODE_STATE=getMsg HTTP/1.1" 200 27
180.157.253.6 - - [28/Oct/2021:11:08:58 +0800] "GET /xingrg/check_reg.html?_=1635390538996 HTTP/1.1" 200 22
180.157.253.6 - - [28/Oct/2021:11:08:58 +0800] "GET /xingrg/all/function/internal_message.html?_=1635390538999&CODE_STATE=getMsg HTTP/1.1" 200 27
180.169.147.146 - - [28/Oct/2021:11:09:00 +0800] "GET /xingrg/all/function/internal_message.html?_=1635390536352&CODE_STATE=getMsg HTTP/1.1" 200 27
180.169.147.146 - - [28/Oct/2021:11:09:00 +0800] "GET /xingrg/check_reg.html?_=1635390536417 HTTP/1.1" 200 22
180.174.227.63 - - [28/Oct/2021:11:09:00 +0800] "POST /xingrg/kc/base/wldb_order_operate.html HTTP/1.1" 200 37
180.174.227.63 - - [28/Oct/2021:11:09:02 +0800] "POST /xingrg/kc/base/wldb_order_operate.html HTTP/1.1" 200 12
180.174.227.63 - - [28/Oct/2021:11:09:02 +0800] "POST /xingrg/kc/base/wldb_order_operate.html HTTP/1.1" 200 5594
180.174.227.63 - - [28/Oct/2021:11:09:03 +0800] "GET /xingrg/kc/base/wldb_order_info.html?code=422021102802870 HTTP/1.1" 200 26317
180.174.227.63 - - [28/Oct/2021:11:09:04 +0800] "POST /xingrg/kc/base/wldb_order_operate.html HTTP/1.1" 200 3808
180.174.227.63 - - [28/Oct/2021:11:09:05 +0800] "GET /xingrg/javascript/easyui/themes/default/validatebox.css HTTP/1.1" 404 1104
180.174.227.63 - - [28/Oct/2021:11:09:06 +0800] "GET /xingrg/kc/base/wldb_order_add.html HTTP/1.1" 200 30438
124.78.153.86 - - [28/Oct/2021:11:09:07 +0800] "GET /xingrg/all/function/internal_message.html?_=1635390549577&CODE_STATE=getMsg HTTP/1.1" 200 27
222.70.171.86 - - [28/Oct/2021:11:09:08 +0800] "GET /xingrg/all/function/internal_message.html?_=1635390561878&CODE_STATE=getMsg HTTP/1.1" 200 27
180.174.227.63 - - [28/Oct/2021:11:09:08 +0800] "POST /xingrg/kc/base/wldb_order_operate.html HTTP/1.1" 200 6806
180.174.227.63 - - [28/Oct/2021:11:09:08 +0800] "GET /xingrg/javascript/easyui/themes/default/validatebox.css HTTP/1.1" 404 1104
58.221.95.50 - - [28/Oct/2021:11:09:11 +0800] "GET /xingrg/all/function/internal_message.html?_=1635390551758&CODE_STATE=getMsg HTTP/1.1" 200 27
180.169.147.146 - - [28/Oct/2021:11:09:12 +0800] "GET /xingrg/all/function/internal_message.html?_=1635390551883&CODE_STATE=getMsg HTTP/1.1" 200 27
180.169.147.146 - - [28/Oct/2021:11:09:12 +0800] "GET /xingrg/check_reg.html?_=1635390551889 HTTP/1.1" 200 22
180.174.227.63 - - [28/Oct/2021:11:09:13 +0800] "GET /xingrg/kc/base/wldb_order_operate.html?command=get_materiel&rest_code=00102&base_code=0010477&code=00102002685 HTTP/1.1" 200 444
116.232.54.188 - - [28/Oct/2021:11:09:14 +0800] "GET /xingrg/all/function/internal_message.html?_=1635390557668&CODE_STATE=getMsg HTTP/1.1" 200 27
58.37.227.186 - - [28/Oct/2021:11:09:17 +0800] "GET /xingrg/all/function/internal_message.html?_=1635390399005&CODE_STATE=getMsg HTTP/1.1" 200 27
114.85.125.222 - - [28/Oct/2021:11:09:21 +0800] "GET /xingrg/check_reg.html?_=1635390500544 HTTP/1.1" 200 22
180.174.227.63 - - [28/Oct/2021:11:09:21 +0800] "GET /xingrg/kc/base/wldb_order_operate.html?command=get_materiel&rest_code=00102&base_code=0010477&code=00102021018 HTTP/1.1" 200 445
180.174.227.63 - - [28/Oct/2021:11:09:21 +0800] "GET /xingrg/all/function/internal_message.html?_=1635390564957&CODE_STATE=getMsg HTTP/1.1" 200 27
114.85.125.222 - - [28/Oct/2021:11:09:22 +0800] "GET /xingrg/all/function/internal_message.html?_=1635390501226&CODE_STATE=getMsg HTTP/1.1" 200 27
222.70.171.86 - - [28/Oct/2021:11:09:22 +0800] "GET /xingrg/kc/buy/cgsh_order_operate.html?command=get_materiel&rest_code=00146&code=00101008372&supplier_code=00100005&order_time=2021-10-28 HTTP/1.1" 200 408
222.70.179.155 - - [28/Oct/2021:11:09:22 +0800] "GET /xingrg/all/function/internal_message.html?_=1635390563760&CODE_STATE=getMsg HTTP/1.1" 200 27
180.174.227.63 - - [28/Oct/2021:11:09:26 +0800] "GET /xingrg/kc/base/wldb_order_operate.html?command=get_materiel&rest_code=00102&base_code=0010477&code=00102002197 HTTP/1.1" 200 445
180.174.227.63 - - [28/Oct/2021:11:09:26 +0800] "GET /xingrg/all/function/internal_message.html?_=1635390554182&CODE_STATE=getMsg HTTP/1.1" 200 27
116.238.248.233 - - [28/Oct/2021:11:09:27 +0800] "GET /xingrg/all/function/internal_message.html?_=1635390565533&CODE_STATE=getMsg HTTP/1.1" 200 27
101.85.55.123 - - [28/Oct/2021:11:09:30 +0800] "GET /xingrg/all/function/internal_message.html?_=1635390564667&CODE_STATE=getMsg HTTP/1.1" 200 27
116.227.210.113 - - [28/Oct/2021:11:09:35 +0800] "GET /xingrg/all/function/internal_message.html?_=1635390561481&CODE_STATE=getMsg HTTP/1.1" 200 27
58.39.139.200 - - [28/Oct/2021:11:09:36 +0800] "GET /xingrg/all/function/internal_message.html?_=1635390575884&CODE_STATE=getMsg HTTP/1.1" 200 27
222.70.171.86 - - [28/Oct/2021:11:09:43 +0800] "GET /xingrg/kc/buy/cgsh_order_operate.html?command=get_materiel&rest_code=00146&code=00101008067&supplier_code=00100005&order_time=2021-10-28 HTTP/1.1" 200 416
180.169.147.146 - - [28/Oct/2021:11:09:45 +0800] "GET /xingrg/all/function/internal_message.html?_=1635390585114&CODE_STATE=getMsg HTTP/1.1" 200 27
180.157.253.6 - - [28/Oct/2021:11:09:47 +0800] "GET /xingrg/all/function/internal_message.html?_=1635390587726&CODE_STATE=getMsg HTTP/1.1" 200 27
222.70.179.155 - - [28/Oct/2021:11:09:50 +0800] "GET /xingrg/all/function/internal_message.html?_=1635390588916&CODE_STATE=getMsg HTTP/1.1" 200 27
101.85.106.134 - - [28/Oct/2021:11:09:54 +0800] "GET /xingrg/all/function/internal_message.html?_=1635390594607&CODE_STATE=getMsg HTTP/1.1" 200 27
222.69.129.196 - - [28/Oct/2021:11:09:55 +0800] "GET /xingrg/all/function/internal_message.html?_=1635390595953&CODE_STATE=getMsg HTTP/1.1" 200 27
222.70.171.86 - - [28/Oct/2021:11:09:55 +0800] "GET /xingrg/all/function/internal_message.html?_=1635390607118&CODE_STATE=getMsg HTTP/1.1" 302 -
180.162.112.229 - - [28/Oct/2021:11:09:56 +0800] "GET /xingrg/all/function/internal_message.html?_=1635390101449&CODE_STATE=getMsg HTTP/1.1" 200 27
180.157.253.6 - - [28/Oct/2021:11:09:58 +0800] "GET /xingrg/all/function/internal_message.html?_=1635390598999&CODE_STATE=getMsg HTTP/1.1" 200 27
180.169.147.146 - - [28/Oct/2021:11:10:00 +0800] "GET /xingrg/all/function/internal_message.html?_=1635390596323&CODE_STATE=getMsg HTTP/1.1" 200 27
222.70.171.86 - - [28/Oct/2021:11:10:00 +0800] "GET /xingrg/kc/buy/cgsh_order_operate.html?command=get_materiel&rest_code=00146&code=00101008264&supplier_code=00100005&order_time=2021-10-28 HTTP/1.1" 200 412
58.35.215.131 - - [28/Oct/2021:11:10:02 +0800] "GET /xingrg/login.html HTTP/1.1" 200 7641
58.35.215.131 - - [28/Oct/2021:11:10:02 +0800] "GET /xingrg/images/blue/jxLogo.png HTTP/1.1" 304 -
58.35.215.131 - - [28/Oct/2021:11:10:02 +0800] "GET /xingrg/images/blue/login_bg.png HTTP/1.1" 304 -
58.35.215.131 - - [28/Oct/2021:11:10:02 +0800] "GET /xingrg/images/blue/hj.png HTTP/1.1" 304 -
58.35.215.131 - - [28/Oct/2021:11:10:02 +0800] "GET /xingrg/images/blue/srbg.png HTTP/1.1" 304 -
58.35.215.131 - - [28/Oct/2021:11:10:02 +0800] "GET /favicon.ico HTTP/1.1" 404 -
124.78.153.86 - - [28/Oct/2021:11:10:07 +0800] "GET /xingrg/all/function/internal_message.html?_=1635390609562&CODE_STATE=getMsg HTTP/1.1" 200 27
222.70.171.86 - - [28/Oct/2021:11:10:08 +0800] "GET /xingrg/all/function/internal_message.html?_=1635390621892&CODE_STATE=getMsg HTTP/1.1" 200 27
58.35.215.131 - - [28/Oct/2021:11:10:11 +0800] "POST /xingrg/login.do HTTP/1.1" 302 -
58.35.215.131 - - [28/Oct/2021:11:10:11 +0800] "GET /xingrg/index.html?sysBaseUrl=http%3A%2F%2F180.169.147.146%3A18081%2Fxingrg%2F&costTime=41×tamp=1635390611457 HTTP/1.1" 200 17179
58.35.215.131 - - [28/Oct/2021:11:10:11 +0800] "GET /xingrg/javascript/jquery_easy_ui/themes/default/easyui.css HTTP/1.1" 304 -
58.35.215.131 - - [28/Oct/2021:11:10:11 +0800] "GET /xingrg/javascript/jquery_easy_ui/themes/icon.css HTTP/1.1" 304 -
58.35.215.131 - - [28/Oct/2021:11:10:11 +0800] "GET /xingrg/css/form.css HTTP/1.1" 304 -
58.221.95.50 - - [28/Oct/2021:11:10:11 +0800] "GET /xingrg/all/function/internal_message.html?_=1635390611728&CODE_STATE=getMsg HTTP/1.1" 200 27
58.35.215.131 - - [28/Oct/2021:11:10:11 +0800] "GET /xingrg/javascript/jquery-1.4.2.min.js HTTP/1.1" 304 -
222.70.171.86 - - [28/Oct/2021:11:10:12 +0800] "GET /xingrg/kc/buy/cgsh_order_operate.html?command=get_materiel&rest_code=00146&code=00101008024&supplier_code=00100005&order_time=2021-10-28 HTTP/1.1" 200 408
180.169.147.146 - - [28/Oct/2021:11:10:12 +0800] "GET /xingrg/all/function/internal_message.html?_=1635390611900&CODE_STATE=getMsg HTTP/1.1" 200 27
58.35.215.131 - - [28/Oct/2021:11:10:12 +0800] "GET /favicon.ico HTTP/1.1" 404 -
58.35.215.131 - - [28/Oct/2021:11:10:12 +0800] "GET /xingrg/javascript/jquery_easy_ui/jquery.easyui.min.js HTTP/1.1" 304 -
58.35.215.131 - - [28/Oct/2021:11:10:12 +0800] "GET /xingrg/javascript/jquery_easy_ui/easyui-lang-zh_CN.js HTTP/1.1" 304 -
58.35.215.131 - - [28/Oct/2021:11:10:12 +0800] "GET /xingrg/javascript/jquery.form.js HTTP/1.1" 304 -
58.35.215.131 - - [28/Oct/2021:11:10:12 +0800] "GET /xingrg/javascript/jquery.utils.js HTTP/1.1" 304 -
58.35.215.131 - - [28/Oct/2021:11:10:12 +0800] "GET /xingrg/javascript/jquery.timers.js HTTP/1.1" 304 -
58.35.215.131 - - [28/Oct/2021:11:10:12 +0800] "GET /xingrg/images/blue/navBackgound.jpg HTTP/1.1" 304 -
58.35.215.131 - - [28/Oct/2021:11:10:12 +0800] "GET /xingrg/javascript/jquery_easy_ui/themes/icons/settle_new.png HTTP/1.1" 304 -
58.35.215.131 - - [28/Oct/2021:11:10:13 +0800] "POST /xingrg/all/common/load_tree.html?tree=area_rest_tree_json&manage=1 HTTP/1.1" 200 351
58.35.215.131 - - [28/Oct/2021:11:10:13 +0800] "GET /xingrg/all/function/internal_message.html?_=1635390616275&CODE_STATE=count HTTP/1.1" 200 11
58.35.215.131 - - [28/Oct/2021:11:10:13 +0800] "GET /xingrg/check_reg.html?_=1635390616276 HTTP/1.1" 200 22
58.35.215.131 - - [28/Oct/2021:11:10:13 +0800] "GET /xingrg/images/blue/pingpu.png HTTP/1.1" 304 -
58.35.215.131 - - [28/Oct/2021:11:10:13 +0800] "GET /xingrg/javascript/jquery_easy_ui/themes/default/images/tabs_leftarrow.png HTTP/1.1" 304 -
58.35.215.131 - - [28/Oct/2021:11:10:13 +0800] "GET /xingrg/javascript/jquery_easy_ui/themes/default/images/tabs_rightarrow.png HTTP/1.1" 304 -
58.35.215.131 - - [28/Oct/2021:11:10:13 +0800] "GET /xingrg/javascript/jquery_easy_ui/themes/default/images/panel_tool_collapse.gif HTTP/1.1" 304 -
58.35.215.131 - - [28/Oct/2021:11:10:13 +0800] "POST /xingrg/load_menu.html HTTP/1.1" 200 5138
58.35.215.131 - - [28/Oct/2021:11:10:14 +0800] "GET /xingrg/javascript/jquery_easy_ui/themes/default/images/tree_arrows.gif HTTP/1.1" 304 -
58.35.215.131 - - [28/Oct/2021:11:10:14 +0800] "GET /xingrg/javascript/jquery_easy_ui/themes/default/images/tree_folder_open.gif HTTP/1.1" 304 -
58.35.215.131 - - [28/Oct/2021:11:10:14 +0800] "GET /xingrg/javascript/jquery_easy_ui/themes/icons/search_new.png HTTP/1.1" 304 -
58.35.215.131 - - [28/Oct/2021:11:10:14 +0800] "GET /xingrg/javascript/jquery_easy_ui/themes/default/images/tree_folder.gif HTTP/1.1" 304 -
58.35.215.131 - - [28/Oct/2021:11:10:14 +0800] "GET /xingrg/javascript/jquery_easy_ui/themes/icons/storage_new.png HTTP/1.1" 304 -
58.35.215.131 - - [28/Oct/2021:11:10:14 +0800] "GET /xingrg/javascript/jquery_easy_ui/themes/icons/forms_new.png HTTP/1.1" 304 -
58.35.215.131 - - [28/Oct/2021:11:10:14 +0800] "GET /xingrg/javascript/jquery_easy_ui/themes/default/images/tree_file.gif HTTP/1.1" 304 -
116.232.54.188 - - [28/Oct/2021:11:10:14 +0800] "GET /xingrg/all/function/internal_message.html?_=1635390617670&CODE_STATE=getMsg HTTP/1.1" 200 27
116.232.54.188 - - [28/Oct/2021:11:10:14 +0800] "GET /xingrg/check_reg.html?_=1635390617671 HTTP/1.1" 200 22
58.37.227.186 - - [28/Oct/2021:11:10:17 +0800] "GET /xingrg/all/function/internal_message.html?_=1635390459004&CODE_STATE=getMsg HTTP/1.1" 200 27
58.35.215.131 - - [28/Oct/2021:11:10:20 +0800] "GET /xingrg/kc/base/base_main.html HTTP/1.1" 200 12142
58.35.215.131 - - [28/Oct/2021:11:10:20 +0800] "GET /xingrg/javascript/jquery_easy_ui/themes/default/images/tabs_close.gif HTTP/1.1" 304 -
58.35.215.131 - - [28/Oct/2021:11:10:20 +0800] "GET /xingrg/css/blue.css HTTP/1.1" 304 -
58.35.215.131 - - [28/Oct/2021:11:10:20 +0800] "GET /xingrg/javascript/pic_change.js HTTP/1.1" 304 -
58.35.215.131 - - [28/Oct/2021:11:10:20 +0800] "GET /xingrg/javascript/myfunction.js HTTP/1.1" 304 -
58.35.215.131 - - [28/Oct/2021:11:10:20 +0800] "GET /xingrg/images/blue/button/ckpd.gif HTTP/1.1" 200 2051
58.35.215.131 - - [28/Oct/2021:11:10:20 +0800] "GET /xingrg/images/blue/button/wlsy.gif HTTP/1.1" 200 2536
58.35.215.131 - - [28/Oct/2021:11:10:20 +0800] "GET /xingrg/images/blue/button/kc.gif HTTP/1.1" 304 -
58.35.215.131 - - [28/Oct/2021:11:10:20 +0800] "GET /xingrg/images/blue/button/ckdb.gif HTTP/1.1" 200 1950
58.35.215.131 - - [28/Oct/2021:11:10:20 +0800] "GET /xingrg/images/blue/button/yddb.gif HTTP/1.1" 200 2040
58.35.215.131 - - [28/Oct/2021:11:10:20 +0800] "GET /xingrg/images/blue/pic_form2.gif HTTP/1.1" 304 -
58.35.215.131 - - [28/Oct/2021:11:10:20 +0800] "GET /xingrg/images/blue/bg_dotted.jpg HTTP/1.1" 304 -
58.35.215.131 - - [28/Oct/2021:11:10:20 +0800] "GET /xingrg/images/blue/button/down.jpg HTTP/1.1" 200 1560
58.35.215.131 - - [28/Oct/2021:11:10:20 +0800] "GET /xingrg/images/blue/button/top_left.jpg HTTP/1.1" 200 1632
58.35.215.131 - - [28/Oct/2021:11:10:20 +0800] "GET /xingrg/images/blue/button/top_right.jpg HTTP/1.1" 200 1708
58.35.215.131 - - [28/Oct/2021:11:10:20 +0800] "GET /xingrg/images/blue/button/right_ah.jpg HTTP/1.1" 304 -
58.35.215.131 - - [28/Oct/2021:11:10:20 +0800] "GET /xingrg/images/blue/button/bottom_left.jpg HTTP/1.1" 200 1524
58.35.215.131 - - [28/Oct/2021:11:10:20 +0800] "GET /xingrg/images/blue/button/left_ah.jpg HTTP/1.1" 200 1643
58.35.215.131 - - [28/Oct/2021:11:10:20 +0800] "GET /xingrg/images/blue/button/bottom_right.jpg HTTP/1.1" 200 1436
58.35.215.131 - - [28/Oct/2021:11:10:21 +0800] "GET /xingrg/kc/mdqp/qp_main.html HTTP/1.1" 200 10633
180.174.227.63 - - [28/Oct/2021:11:10:21 +0800] "GET /xingrg/all/function/internal_message.html?_=1635390624969&CODE_STATE=getMsg HTTP/1.1" 200 27
58.35.215.131 - - [28/Oct/2021:11:10:21 +0800] "GET /xingrg/javascript/jquery_ui/themes/humanity/humanity.css HTTP/1.1" 304 -
58.35.215.131 - - [28/Oct/2021:11:10:21 +0800] "GET /xingrg/javascript/ToolTips.js HTTP/1.1" 304 -
114.85.125.222 - - [28/Oct/2021:11:10:22 +0800] "GET /xingrg/all/function/internal_message.html?_=1635390561240&CODE_STATE=getMsg HTTP/1.1" 200 27
58.35.215.131 - - [28/Oct/2021:11:10:22 +0800] "GET /xingrg/javascript/jquery_ui/jquery-ui.min.js HTTP/1.1" 304 -
58.35.215.131 - - [28/Oct/2021:11:10:22 +0800] "GET /xingrg/images/blue/button/qqpsd.gif HTTP/1.1" 200 2548
58.35.215.131 - - [28/Oct/2021:11:10:22 +0800] "GET /xingrg/images/blue/button/cgxqd.gif HTTP/1.1" 304 -
58.35.215.131 - - [28/Oct/2021:11:10:22 +0800] "GET /xingrg/images/blue/button/pszx.gif HTTP/1.1" 200 2648
58.35.215.131 - - [28/Oct/2021:11:10:22 +0800] "GET /xingrg/images/blue/button/psshd.gif HTTP/1.1" 200 2692
58.35.215.131 - - [28/Oct/2021:11:10:22 +0800] "GET /xingrg/javascript/jquery_ui/themes/humanity/images/ui-bg_inset-soft_100_f4f0ec_1x100.png HTTP/1.1" 304 -
58.35.215.131 - - [28/Oct/2021:11:10:22 +0800] "GET /xingrg/images/blue/button/down_ah.jpg HTTP/1.1" 304 -
58.35.215.131 - - [28/Oct/2021:11:10:22 +0800] "GET /xingrg/javascript/jquery_ui/themes/humanity/images/ui-bg_glass_70_ede4d4_1x400.png HTTP/1.1" 304 -
58.35.215.131 - - [28/Oct/2021:11:10:22 +0800] "GET /xingrg/javascript/jquery_ui/themes/humanity/images/ui-icons_c47a23_256x240.png HTTP/1.1" 304 -
58.35.215.131 - - [28/Oct/2021:11:10:22 +0800] "GET /xingrg/javascript/jquery_ui/themes/humanity/images/ui-icons_ffffff_256x240.png HTTP/1.1" 304 -
58.35.215.131 - - [28/Oct/2021:11:10:22 +0800] "GET /xingrg/javascript/jquery_ui/themes/humanity/images/ui-iconsnew.jpg HTTP/1.1" 304 -
58.35.215.131 - - [28/Oct/2021:11:10:22 +0800] "GET /xingrg/kc/mdqp/qqps_order_list.html HTTP/1.1" 200 9222
58.35.215.131 - - [28/Oct/2021:11:10:22 +0800] "GET /xingrg/dwr/interface/AjaxQqpsService.js HTTP/1.1" 200 16326
58.35.215.131 - - [28/Oct/2021:11:10:22 +0800] "GET /xingrg/dwr/interface/AjaxReportQueryService.js HTTP/1.1" 200 13203
58.35.215.131 - - [28/Oct/2021:11:10:22 +0800] "GET /xingrg/dwr/util.js HTTP/1.1" 200 35990
58.35.215.131 - - [28/Oct/2021:11:10:22 +0800] "GET /xingrg/dwr/engine.js HTTP/1.1" 200 43631
58.35.215.131 - - [28/Oct/2021:11:10:22 +0800] "GET /xingrg/javascript/Calendar.js HTTP/1.1" 200 31561
222.70.179.155 - - [28/Oct/2021:11:10:22 +0800] "GET /xingrg/all/function/internal_message.html?_=1635390623760&CODE_STATE=getMsg HTTP/1.1" 200 27
58.35.215.131 - - [28/Oct/2021:11:10:23 +0800] "GET /xingrg/javascript/jquery_easy_ui/themes/icons/cance_new.png HTTP/1.1" 200 3986
58.35.215.131 - - [28/Oct/2021:11:10:23 +0800] "GET /xingrg/javascript/jquery_easy_ui/themes/icons/edit_add_new.png HTTP/1.1" 200 2997
58.35.215.131 - - [28/Oct/2021:11:10:23 +0800] "GET /xingrg/javascript/jquery_easy_ui/themes/icons/check_new.png HTTP/1.1" 200 3224
58.35.215.131 - - [28/Oct/2021:11:10:23 +0800] "GET /xingrg/javascript/jquery_easy_ui/themes/icons/uncheck_new.png HTTP/1.1" 200 3197
222.70.171.86 - - [28/Oct/2021:11:10:23 +0800] "GET /xingrg/kc/buy/cgsh_order_operate.html?command=get_materiel&rest_code=00146&code=00101008356&supplier_code=00100005&order_time=2021-10-28 HTTP/1.1" 200 408
58.35.215.131 - - [28/Oct/2021:11:10:24 +0800] "GET /xingrg/javascript/jquery_easy_ui/themes/default/images/button_plain_hover.png HTTP/1.1" 200 252
58.35.215.131 - - [28/Oct/2021:11:10:25 +0800] "GET /xingrg/kc/mdqp/qqps_order_add.html HTTP/1.1" 200 28003
58.35.215.131 - - [28/Oct/2021:11:10:25 +0800] "GET /xingrg/javascript/auto/jquery.autocomplete.css HTTP/1.1" 304 -
58.35.215.131 - - [28/Oct/2021:11:10:25 +0800] "GET /xingrg/javascript/auto/jquery.autocomplete.js HTTP/1.1" 304 -
58.35.215.131 - - [28/Oct/2021:11:10:25 +0800] "GET /xingrg/javascript/AjaxInfoList.js HTTP/1.1" 200 3774
58.35.215.131 - - [28/Oct/2021:11:10:25 +0800] "GET /xingrg/javascript/Grid.js HTTP/1.1" 200 58908
58.35.215.131 - - [28/Oct/2021:11:10:25 +0800] "GET /xingrg/dwr/interface/AjaxComOrderService.js HTTP/1.1" 200 18264
58.35.215.131 - - [28/Oct/2021:11:10:25 +0800] "GET /xingrg/dwr/interface/AjaxQqpsService.js HTTP/1.1" 200 16326
58.35.215.131 - - [28/Oct/2021:11:10:25 +0800] "GET /xingrg/javascript/tools/jquery.qtip-1.0.0-rc3.min.js HTTP/1.1" 200 38404
58.35.215.131 - - [28/Oct/2021:11:10:25 +0800] "GET /xingrg/dwr/engine.js HTTP/1.1" 200 43631
58.35.215.131 - - [28/Oct/2021:11:10:25 +0800] "GET /xingrg/javascript/print/kc_print.js HTTP/1.1" 304 -
58.35.215.131 - - [28/Oct/2021:11:10:25 +0800] "GET /xingrg/javascript/print/LodopFuncs.js HTTP/1.1" 304 -
58.35.215.131 - - [28/Oct/2021:11:10:25 +0800] "GET /xingrg/words/20211027163635_words.js HTTP/1.1" 200 860627
180.174.227.63 - - [28/Oct/2021:11:10:26 +0800] "GET /xingrg/kc/base/wldb_order_operate.html?command=get_materiel&rest_code=00102&base_code=0010477&code=00102002198 HTTP/1.1" 200 436
180.174.227.63 - - [28/Oct/2021:11:10:27 +0800] "GET /xingrg/all/function/internal_message.html?_=1635390614804&CODE_STATE=getMsg HTTP/1.1" 200 27
222.70.171.86 - - [28/Oct/2021:11:10:27 +0800] "POST /xingrg/kc/buy/cgsh_order_operate.html HTTP/1.1" 200 2065
116.238.248.233 - - [28/Oct/2021:11:10:27 +0800] "GET /xingrg/all/function/internal_message.html?_=1635390625534&CODE_STATE=getMsg HTTP/1.1" 200 27
58.35.215.131 - - [28/Oct/2021:11:10:27 +0800] "GET /xingrg/javascript/jquery_easy_ui/themes/default/images/menu_downarrow.png HTTP/1.1" 200 173
58.35.215.131 - - [28/Oct/2021:11:10:27 +0800] "GET /xingrg/javascript/jquery_easy_ui/themes/icons/copy_new.png HTTP/1.1" 200 815
58.35.215.131 - - [28/Oct/2021:11:10:27 +0800] "GET /xingrg/javascript/jquery_easy_ui/themes/icons/template_new.png HTTP/1.1" 200 3956
58.35.215.131 - - [28/Oct/2021:11:10:27 +0800] "GET /xingrg/javascript/jquery_easy_ui/themes/icons/print.png HTTP/1.1" 200 1057
58.35.215.131 - - [28/Oct/2021:11:10:27 +0800] "GET /xingrg/javascript/jquery_easy_ui/themes/icons/ok.png HTTP/1.1" 200 883
58.35.215.131 - - [28/Oct/2021:11:10:27 +0800] "GET /xingrg/javascript/jquery_easy_ui/themes/icons/back_new.png HTTP/1.1" 200 3414
58.35.215.131 - - [28/Oct/2021:11:10:28 +0800] "GET /xingrg/images/blue/button/kc_tab_add.gif HTTP/1.1" 200 375
58.35.215.131 - - [28/Oct/2021:11:10:28 +0800] "GET /xingrg/images/blue/button/kc_tab_del.gif HTTP/1.1" 200 383
58.35.215.131 - - [28/Oct/2021:11:10:28 +0800] "GET /xingrg/images/blue/button/kc_tab_save.gif HTTP/1.1" 200 777
58.35.215.131 - - [28/Oct/2021:11:10:28 +0800] "GET /xingrg/images/blue/button/kc_tab_edit.gif HTTP/1.1" 200 551
58.35.215.131 - - [28/Oct/2021:11:10:28 +0800] "GET /xingrg/javascript/jquery_easy_ui/themes/default/images/combo_arrow_dot.gif HTTP/1.1" 200 79
58.35.215.131 - - [28/Oct/2021:11:10:28 +0800] "GET /xingrg/images/blue/kc_tab2_left.gif HTTP/1.1" 200 625
58.35.215.131 - - [28/Oct/2021:11:10:28 +0800] "GET /xingrg/images/blue/kc_tab_left.gif HTTP/1.1" 200 188
58.35.215.131 - - [28/Oct/2021:11:10:28 +0800] "GET /xingrg/images/blue/kc_tab_mid.gif HTTP/1.1" 200 44
58.35.215.131 - - [28/Oct/2021:11:10:28 +0800] "GET /xingrg/images/blue/kc_tab_right.gif HTTP/1.1" 200 643
58.35.215.131 - - [28/Oct/2021:11:10:28 +0800] "GET /xingrg/images/blue/kc_tab2_right.gif HTTP/1.1" 200 192
180.174.227.63 - - [28/Oct/2021:11:10:30 +0800] "GET /xingrg/kc/base/wldb_order_operate.html?command=get_materiel&rest_code=00102&base_code=0010477&code=00102002457 HTTP/1.1" 200 454
101.85.55.123 - - [28/Oct/2021:11:10:30 +0800] "GET /xingrg/all/function/internal_message.html?_=1635390624674&CODE_STATE=getMsg HTTP/1.1" 200 27
58.39.139.200 - - [28/Oct/2021:11:10:32 +0800] "GET /xingrg/kc/mdqp/pssh_order_list.html HTTP/1.1" 200 17907
58.39.139.200 - - [28/Oct/2021:11:10:33 +0800] "POST /xingrg/kc/mdqp/pssh_list_operate.html HTTP/1.1" 200 5357
222.70.171.86 - - [28/Oct/2021:11:10:33 +0800] "GET /xingrg/check_reg.html?_=1635390645254 HTTP/1.1" 302 -
180.174.227.63 - - [28/Oct/2021:11:10:34 +0800] "POST /xingrg/kc/base/wldb_order_operate.html HTTP/1.1" 200 37
116.227.210.113 - - [28/Oct/2021:11:10:35 +0800] "GET /xingrg/all/function/internal_message.html?_=1635390621464&CODE_STATE=getMsg HTTP/1.1" 200 27
222.70.171.86 - - [28/Oct/2021:11:10:35 +0800] "GET /xingrg/kc/buy/cgsh_order_operate.html?command=get_materiel&rest_code=00146&code=00101008212&supplier_code=00100005&order_time=2021-10-28 HTTP/1.1" 200 412
180.174.227.63 - - [28/Oct/2021:11:10:36 +0800] "POST /xingrg/kc/base/wldb_order_operate.html HTTP/1.1" 200 12
180.174.227.63 - - [28/Oct/2021:11:10:36 +0800] "POST /xingrg/kc/base/wldb_order_operate.html HTTP/1.1" 200 4155
58.39.139.200 - - [28/Oct/2021:11:10:36 +0800] "GET /xingrg/all/function/internal_message.html?_=1635390635886&CODE_STATE=getMsg HTTP/1.1" 200 27
58.39.139.200 - - [28/Oct/2021:11:10:36 +0800] "POST /xingrg/kc/mdqp/pssh_list_operate.html HTTP/1.1" 200 769
58.39.139.200 - - [28/Oct/2021:11:10:37 +0800] "GET /xingrg/kc/mdqp/pssh_order_info.html?code=312021102600631 HTTP/1.1" 200 17310
58.39.139.200 - - [28/Oct/2021:11:10:37 +0800] "GET /xingrg/javascript/jquery_tools/jquery-1.4.2.min.js HTTP/1.1" 404 1094
58.39.139.200 - - [28/Oct/2021:11:10:37 +0800] "POST /xingrg/kc/mdqp/pssh_order_operate.html HTTP/1.1" 200 3703
58.39.139.200 - - [28/Oct/2021:11:10:37 +0800] "GET /xingrg/javascript/easyui/themes/default/validatebox.css HTTP/1.1" 404 1104
180.174.227.63 - - [28/Oct/2021:11:10:37 +0800] "GET /xingrg/kc/base/wldb_order_info.html?code=422021102802871 HTTP/1.1" 200 26319
222.70.171.86 - - [28/Oct/2021:11:10:39 +0800] "GET /xingrg/check_reg.html?_=1635390652907 HTTP/1.1" 200 22
180.174.227.63 - - [28/Oct/2021:11:10:39 +0800] "POST /xingrg/kc/base/wldb_order_operate.html HTTP/1.1" 200 2407
180.174.227.63 - - [28/Oct/2021:11:10:39 +0800] "GET /xingrg/javascript/easyui/themes/default/validatebox.css HTTP/1.1" 404 1104
58.39.139.200 - - [28/Oct/2021:11:10:40 +0800] "POST /xingrg/kc/mdqp/pssh_order_operate.html HTTP/1.1" 200 37
180.174.227.63 - - [28/Oct/2021:11:10:40 +0800] "GET /xingrg/kc/base/wldb_order_add.html HTTP/1.1" 200 30438
58.39.139.200 - - [28/Oct/2021:11:10:41 +0800] "POST /xingrg/kc/mdqp/pssh_order_operate.html HTTP/1.1" 200 12
58.39.139.200 - - [28/Oct/2021:11:10:42 +0800] "GET /xingrg/javascript/jquery_tools/jquery-1.4.2.min.js HTTP/1.1" 404 1094
58.39.139.200 - - [28/Oct/2021:11:10:42 +0800] "GET /xingrg/kc/mdqp/pssh_order_info.html?code=312021102600631 HTTP/1.1" 200 14386
58.39.139.200 - - [28/Oct/2021:11:10:42 +0800] "GET /xingrg/javascript/easyui/themes/icons/uncheck_new.png HTTP/1.1" 304 -
58.39.139.200 - - [28/Oct/2021:11:10:42 +0800] "POST /xingrg/kc/mdqp/pssh_order_operate.html HTTP/1.1" 200 3703
58.39.139.200 - - [28/Oct/2021:11:10:42 +0800] "GET /xingrg/javascript/easyui/themes/default/validatebox.css HTTP/1.1" 404 1104
180.174.227.63 - - [28/Oct/2021:11:10:43 +0800] "POST /xingrg/kc/base/wldb_order_operate.html HTTP/1.1" 200 6806
222.70.179.155 - - [28/Oct/2021:11:10:43 +0800] "GET /xingrg/javascript/jquery_easy_ui/themes/default/images/tabs_active.png HTTP/1.1" 200 2894
58.39.139.200 - - [28/Oct/2021:11:10:43 +0800] "GET /xingrg/kc/print/load_config.html?kc_code=pssh HTTP/1.1" 200 2290
58.39.139.200 - - [28/Oct/2021:11:10:43 +0800] "GET /xingrg/kc/print/load_data.html?order_code=312021102600631&kc_code=pssh&condition= HTTP/1.1" 200 1768
180.174.227.63 - - [28/Oct/2021:11:10:43 +0800] "GET /xingrg/javascript/easyui/themes/default/validatebox.css HTTP/1.1" 404 1104
180.169.147.146 - - [28/Oct/2021:11:10:45 +0800] "GET /xingrg/all/function/internal_message.html?_=1635390645106&CODE_STATE=getMsg HTTP/1.1" 200 27
222.70.179.155 - - [28/Oct/2021:11:10:47 +0800] "POST /xingrg/dwr/call/plaincall/AjaxReportQueryService.refreshCache.dwr HTTP/1.1" 200 78
180.157.253.6 - - [28/Oct/2021:11:10:47 +0800] "GET /xingrg/all/function/internal_message.html?_=1635390647724&CODE_STATE=getMsg HTTP/1.1" 200 27
222.70.179.155 - - [28/Oct/2021:11:10:50 +0800] "POST /xingrg/all/report/load_report_page.html HTTP/1.1" 200 8924
222.70.179.155 - - [28/Oct/2021:11:10:50 +0800] "GET /xingrg/servlets/image?cache=0.2958807548028385&image=px HTTP/1.1" 200 807
222.70.179.155 - - [28/Oct/2021:11:10:50 +0800] "GET /xingrg/all/function/internal_message.html?_=1635390648917&CODE_STATE=getMsg HTTP/1.1" 200 27
180.174.227.63 - - [28/Oct/2021:11:10:51 +0800] "GET /xingrg/kc/base/wldb_order_operate.html?command=get_materiel&rest_code=00102&base_code=0010477&code=00101017003 HTTP/1.1" 200 446
58.39.139.200 - - [28/Oct/2021:11:10:53 +0800] "POST /xingrg/kc/mdqp/pssh_list_operate.html HTTP/1.1" 200 1576
101.85.106.134 - - [28/Oct/2021:11:10:54 +0800] "GET /xingrg/all/function/internal_message.html?_=1635390654608&CODE_STATE=getMsg HTTP/1.1" 200 27
222.69.129.196 - - [28/Oct/2021:11:10:55 +0800] "GET /xingrg/all/function/internal_message.html?_=1635390655965&CODE_STATE=getMsg HTTP/1.1" 200 27
222.70.171.86 - - [28/Oct/2021:11:10:55 +0800] "GET /xingrg/all/function/internal_message.html?_=1635390667139&CODE_STATE=getMsg HTTP/1.1" 302 -
58.39.139.200 - - [28/Oct/2021:11:10:55 +0800] "GET /xingrg/kc/mdqp/pssh_order_list.html HTTP/1.1" 200 17907
58.39.139.200 - - [28/Oct/2021:11:10:55 +0800] "POST /xingrg/kc/mdqp/pssh_list_operate.html HTTP/1.1" 200 5373
180.162.112.229 - - [28/Oct/2021:11:10:56 +0800] "GET /xingrg/all/function/internal_message.html?_=1635390161448&CODE_STATE=getMsg HTTP/1.1" 200 27
180.162.112.229 - - [28/Oct/2021:11:10:57 +0800] "GET /xingrg/check_reg.html?_=1635390161451 HTTP/1.1" 200 22
58.39.139.200 - - [28/Oct/2021:11:10:57 +0800] "POST /xingrg/kc/mdqp/pssh_list_operate.html HTTP/1.1" 200 805
58.39.139.200 - - [28/Oct/2021:11:10:57 +0800] "GET /xingrg/kc/mdqp/pssh_order_info.html?code=312021102600630 HTTP/1.1" 200 17310
58.39.139.200 - - [28/Oct/2021:11:10:57 +0800] "GET /xingrg/javascript/jquery_tools/jquery-1.4.2.min.js HTTP/1.1" 404 1094
58.39.139.200 - - [28/Oct/2021:11:10:57 +0800] "POST /xingrg/kc/mdqp/pssh_order_operate.html HTTP/1.1" 200 14386
58.39.139.200 - - [28/Oct/2021:11:10:57 +0800] "GET /xingrg/javascript/easyui/themes/default/validatebox.css HTTP/1.1" 404 1104
222.70.171.86 - - [28/Oct/2021:11:10:58 +0800] "GET /xingrg/kc/buy/cgsh_order_operate.html?command=get_materiel&rest_code=00146&code=00101008357&supplier_code=00100005&order_time=2021-10-28 HTTP/1.1" 200 408
180.157.253.6 - - [28/Oct/2021:11:10:58 +0800] "GET /xingrg/all/function/internal_message.html?_=1635390658999&CODE_STATE=getMsg HTTP/1.1" 200 27
180.169.147.146 - - [28/Oct/2021:11:11:00 +0800] "GET /xingrg/all/function/internal_message.html?_=1635390656308&CODE_STATE=getMsg HTTP/1.1" 200 27
58.39.139.200 - - [28/Oct/2021:11:11:01 +0800] "POST /xingrg/kc/mdqp/pssh_order_operate.html HTTP/1.1" 200 37
58.39.139.200 - - [28/Oct/2021:11:11:02 +0800] "POST /xingrg/kc/mdqp/pssh_order_operate.html HTTP/1.1" 200 12
58.39.139.200 - - [28/Oct/2021:11:11:02 +0800] "GET /xingrg/kc/mdqp/pssh_order_info.html?code=312021102600630 HTTP/1.1" 200 14386
58.39.139.200 - - [28/Oct/2021:11:11:03 +0800] "GET /xingrg/javascript/jquery_tools/jquery-1.4.2.min.js HTTP/1.1" 404 1094
58.39.139.200 - - [28/Oct/2021:11:11:03 +0800] "GET /xingrg/javascript/easyui/themes/default/validatebox.css HTTP/1.1" 404 1104
58.39.139.200 - - [28/Oct/2021:11:11:03 +0800] "POST /xingrg/kc/mdqp/pssh_order_operate.html HTTP/1.1" 200 14386
58.39.139.200 - - [28/Oct/2021:11:11:04 +0800] "GET /xingrg/kc/print/load_data.html?order_code=312021102600630&kc_code=pssh&condition= HTTP/1.1" 200 5520
124.78.153.86 - - [28/Oct/2021:11:11:07 +0800] "GET /xingrg/all/function/internal_message.html?_=1635390669539&CODE_STATE=getMsg HTTP/1.1" 200 27
222.70.171.86 - - [28/Oct/2021:11:11:08 +0800] "GET /xingrg/all/function/internal_message.html?_=1635390681906&CODE_STATE=getMsg HTTP/1.1" 200 27
124.78.153.86 - - [28/Oct/2021:11:11:08 +0800] "GET /xingrg/check_reg.html?_=1635390670264 HTTP/1.1" 200 22
222.70.171.86 - - [28/Oct/2021:11:11:10 +0800] "GET /xingrg/kc/buy/cgsh_order_operate.html?command=get_materiel&rest_code=00146&code=00101008286&supplier_code=00100005&order_time=2021-10-28 HTTP/1.1" 200 408
58.221.95.50 - - [28/Oct/2021:11:11:11 +0800] "GET /xingrg/all/function/internal_message.html?_=1635390671713&CODE_STATE=getMsg HTTP/1.1" 200 27
180.169.147.146 - - [28/Oct/2021:11:11:12 +0800] "GET /xingrg/all/function/internal_message.html?_=1635390671895&CODE_STATE=getMsg HTTP/1.1" 200 27
58.35.215.131 - - [28/Oct/2021:11:11:13 +0800] "GET /xingrg/all/function/internal_message.html?_=1635390676286&CODE_STATE=getMsg HTTP/1.1" 200 27
116.232.54.188 - - [28/Oct/2021:11:11:14 +0800] "GET /xingrg/all/function/internal_message.html?_=1635390677672&CODE_STATE=getMsg HTTP/1.1" 200 27
58.37.227.186 - - [28/Oct/2021:11:11:17 +0800] "GET /xingrg/all/function/internal_message.html?_=1635390518981&CODE_STATE=getMsg HTTP/1.1" 200 27
222.70.171.86 - - [28/Oct/2021:11:11:21 +0800] "GET /xingrg/kc/buy/cgsh_order_operate.html?command=get_materiel&rest_code=00146&code=00101008131&supplier_code=00100005&order_time=2021-10-28 HTTP/1.1" 200 408
180.174.227.63 - - [28/Oct/2021:11:11:21 +0800] "GET /xingrg/all/function/internal_message.html?_=1635390684982&CODE_STATE=getMsg HTTP/1.1" 200 27
114.85.125.222 - - [28/Oct/2021:11:11:22 +0800] "GET /xingrg/all/function/internal_message.html?_=1635390621254&CODE_STATE=getMsg HTTP/1.1" 200 27
222.70.179.155 - - [28/Oct/2021:11:11:22 +0800] "GET /xingrg/check_reg.html?_=1635390683747 HTTP/1.1" 200 22
222.70.179.155 - - [28/Oct/2021:11:11:22 +0800] "GET /xingrg/all/function/internal_message.html?_=1635390683751&CODE_STATE=getMsg HTTP/1.1" 200 27
222.70.171.86 - - [28/Oct/2021:11:11:24 +0800] "POST /xingrg/kc/buy/cgsh_order_operate.html HTTP/1.1" 200 2065
58.37.227.186 - - [28/Oct/2021:11:11:27 +0800] "GET /xingrg/check_reg.html?_=1635390528243 HTTP/1.1" 200 22
180.174.227.63 - - [28/Oct/2021:11:11:27 +0800] "GET /xingrg/all/function/internal_message.html?_=1635390674812&CODE_STATE=getMsg HTTP/1.1" 200 27
116.238.248.233 - - [28/Oct/2021:11:11:27 +0800] "GET /xingrg/all/function/internal_message.html?_=1635390685535&CODE_STATE=getMsg HTTP/1.1" 200 27
180.174.227.63 - - [28/Oct/2021:11:11:29 +0800] "POST /xingrg/kc/base/wldb_order_operate.html HTTP/1.1" 200 37
101.85.55.123 - - [28/Oct/2021:11:11:30 +0800] "GET /xingrg/all/function/internal_message.html?_=1635390684675&CODE_STATE=getMsg HTTP/1.1" 200 27
180.174.227.63 - - [28/Oct/2021:11:11:31 +0800] "POST /xingrg/kc/base/wldb_order_operate.html HTTP/1.1" 200 12
180.174.227.63 - - [28/Oct/2021:11:11:31 +0800] "POST /xingrg/kc/base/wldb_order_operate.html HTTP/1.1" 200 2708
180.174.227.63 - - [28/Oct/2021:11:11:32 +0800] "GET /xingrg/kc/base/wldb_order_info.html?code=422021102802872 HTTP/1.1" 200 26318
180.174.227.63 - - [28/Oct/2021:11:11:34 +0800] "POST /xingrg/kc/base/wldb_order_operate.html HTTP/1.1" 200 988
180.174.227.63 - - [28/Oct/2021:11:11:34 +0800] "GET /xingrg/javascript/easyui/themes/default/validatebox.css HTTP/1.1" 404 1104
116.227.210.113 - - [28/Oct/2021:11:11:35 +0800] "GET /xingrg/all/function/internal_message.html?_=1635390681440&CODE_STATE=getMsg HTTP/1.1" 200 27
180.174.227.63 - - [28/Oct/2021:11:11:36 +0800] "GET /xingrg/kc/base/wldb_order_add.html HTTP/1.1" 200 30438
58.39.139.200 - - [28/Oct/2021:11:11:36 +0800] "GET /xingrg/all/function/internal_message.html?_=1635390695867&CODE_STATE=getMsg HTTP/1.1" 200 27
180.174.227.63 - - [28/Oct/2021:11:11:38 +0800] "POST /xingrg/kc/base/wldb_order_operate.html HTTP/1.1" 200 6806
180.174.227.63 - - [28/Oct/2021:11:11:38 +0800] "GET /xingrg/javascript/easyui/themes/default/validatebox.css HTTP/1.1" 404 1104
180.174.227.63 - - [28/Oct/2021:11:11:43 +0800] "GET /xingrg/kc/base/wldb_order_operate.html?command=get_materiel&rest_code=00102&base_code=0010477&code=00102002439 HTTP/1.1" 200 458
180.169.147.146 - - [28/Oct/2021:11:11:45 +0800] "GET /xingrg/all/function/internal_message.html?_=1635390705120&CODE_STATE=getMsg HTTP/1.1" 200 27
180.169.147.146 - - [28/Oct/2021:11:11:45 +0800] "GET /xingrg/check_reg.html?_=1635390705121 HTTP/1.1" 200 22
180.157.253.6 - - [28/Oct/2021:11:11:47 +0800] "GET /xingrg/all/function/internal_message.html?_=1635390707749&CODE_STATE=getMsg HTTP/1.1" 200 27
222.70.171.86 - - [28/Oct/2021:11:11:49 +0800] "GET /xingrg/kc/buy/cgsh_order_operate.html?command=get_materiel&rest_code=00146&code=00101008296&supplier_code=00100005&order_time=2021-10-28 HTTP/1.1" 200 416
222.70.179.155 - - [28/Oct/2021:11:11:50 +0800] "GET /xingrg/all/function/internal_message.html?_=1635390708919&CODE_STATE=getMsg HTTP/1.1" 200 27
101.85.106.134 - - [28/Oct/2021:11:11:54 +0800] "GET /xingrg/check_reg.html?_=1635390714608 HTTP/1.1" 200 22
101.85.106.134 - - [28/Oct/2021:11:11:54 +0800] "GET /xingrg/all/function/internal_message.html?_=1635390714610&CODE_STATE=getMsg HTTP/1.1" 200 27
222.69.129.196 - - [28/Oct/2021:11:11:55 +0800] "GET /xingrg/all/function/internal_message.html?_=1635390715966&CODE_STATE=getMsg HTTP/1.1" 200 27
222.70.171.86 - - [28/Oct/2021:11:11:55 +0800] "GET /xingrg/all/function/internal_message.html?_=1635390727145&CODE_STATE=getMsg HTTP/1.1" 302 -
180.162.112.229 - - [28/Oct/2021:11:11:56 +0800] "GET /xingrg/all/function/internal_message.html?_=1635390221450&CODE_STATE=getMsg HTTP/1.1" 200 27
116.227.210.113 - - [28/Oct/2021:11:11:58 +0800] "GET /xingrg/kc/buy/cgsh_order_add.html HTTP/1.1" 200 64647
180.157.253.6 - - [28/Oct/2021:11:11:58 +0800] "GET /xingrg/all/function/internal_message.html?_=1635390719000&CODE_STATE=getMsg HTTP/1.1" 200 27
116.227.210.113 - - [28/Oct/2021:11:11:58 +0800] "POST /xingrg/kc/buy/cgsh_order_operate.html HTTP/1.1" 200 8245
116.227.210.113 - - [28/Oct/2021:11:11:58 +0800] "GET /xingrg/javascript/easyui/themes/default/validatebox.css HTTP/1.1" 404 1104
180.174.227.63 - - [28/Oct/2021:11:11:59 +0800] "POST /xingrg/kc/base/wldb_order_operate.html HTTP/1.1" 200 37
180.174.227.63 - - [28/Oct/2021:11:11:59 +0800] "POST /xingrg/kc/base/wldb_order_operate.html HTTP/1.1" 200 3651
180.169.147.146 - - [28/Oct/2021:11:11:59 +0800] "GET /xingrg/all/function/internal_message.html?_=1635390716283&CODE_STATE=getMsg HTTP/1.1" 200 27
180.174.227.63 - - [28/Oct/2021:11:12:00 +0800] "GET /xingrg/kc/base/wldb_order_info.html?code=422021102802873 HTTP/1.1" 200 30453
180.174.227.63 - - [28/Oct/2021:11:12:02 +0800] "POST /xingrg/kc/base/wldb_order_operate.html HTTP/1.1" 200 3651
180.174.227.63 - - [28/Oct/2021:11:12:03 +0800] "GET /xingrg/javascript/easyui/themes/default/validatebox.css HTTP/1.1" 404 1104
222.70.179.155 - - [28/Oct/2021:11:12:03 +0800] "GET /xingrg/all/report/report_query.html?isQuery=1&fileName=kc/buy/wlcg_cate_hz.xml&queryString=(CONVERT(char(10)%252Ca.order_time%252C%2520120)%253E%253D'2021-09-01')%2520and%2520(CONVERT(char(10)%252Ca.order_time%252C%2520120)%253C%253D'2021-09-30')%2520and%2520(a.supplier_code%2520in%2520('00100010'%252C'00100011'%252C'00100012'%252C'00100013'%252C'00100014'%252C'00100015'%252C'00100016'%252C'00100294'%252C'00100464'))%2520and%2520(a.number%253E0%2520and%2520a.supplier_code%253D'00100012')&queryText=%25E3%2580%2590%25E9%2587%2587%25E8%25B4%25AD%25E6%2597%25A5%25E6%259C%259F%253A2021-09-01%2520%25E8%2587%25B3%25202021-09-30%25E3%2580%2591%2520%25E5%25B9%25B6%25E4%25B8%2594%2520%2520%25E3%2580%2590%25E4%25BE%259B%25E5%25BA%2594%25E5%2595%2586%2520%253D%2520%25E8%2582%2589%25E7%25B1%25BB%2520%255B9%255D%252C%25E7%258C%25AA%25E8%2582%2589%25EF%25BC%2588%25E6%259D%258E%25E5%2585%2589%25E5%2589%258D%25EF%25BC%2589%252C%25E7%258C%25AA%25E8%2582%2589%25EF%25BC%2588%25E5%25BC%25A0%25E6%2598%25A5%25E5%258D%258E%25EF%25BC%2589%252C%25E7%258C%25AA%25E8%2582%2589%25EF%25BC%2588%25E6%259D%258E%25E8%25B4%25BB%25E5%258D%258E%25EF%25BC%2589%252C%25E7%258C%25AA%25E8%2582%2589%25EF%25BC%2588%25E9%2599%25B6%25E5%25B7%25A7%25E8%258B%25B1%25EF%25BC%2589%252C%25E7%258C%25AA%25E8%2582%2589%25EF%25BC%2588%25E5%25BC%25A0%25E8%258D%25A3%25E7%2582%25B3%25EF%25BC%2589%252C%25E7%258C%25AA%25E8%2582%2589%25EF%25BC%2588%25E7%258E%258B%25E5%25AF%258C%25E6%2598%258E%25EF%25BC%2589%252C%25E7%2589%259B%25E5%25A4%25B4%25EF%25BC%2588%25E6%259D%258E%25E8%25B4%25BB%25E5%258D%258E%25EF%25BC%2589%252C%25E4%25B8%2587%25E4%25B8%2589%25E9%25A3%259F%25E5%2593%2581%25E6%259C%2589%25E9%2599%2590%25E5%2585%25AC%25E5%258F%25B8%252C%25E5%25AE%2589%25E6%25A0%25BC%25E6%2596%25AF%25E7%2589%259B%25E5%25B0%258F%25E6%258E%2592%25E3%2580%2591%2520%25E5%25B9%25B6%25E4%25B8%2594%2520%25E3%2580%2590%25E4%25BE%259B%25E5%25BA%2594%25E5%2595%2586%253D%25E7%258C%25AA%25E8%2582%2589%25EF%25BC%2588%25E6%259D%258E%25E8%25B4%25BB%25E5%258D%258E%25EF%25BC%2589%25E3%2580%2591 HTTP/1.1" 200 54826
222.70.179.155 - - [28/Oct/2021:11:12:03 +0800] "GET /xingrg/dwr/interface/AjaxReportQueryService.js HTTP/1.1" 200 13203
222.70.179.155 - - [28/Oct/2021:11:12:03 +0800] "GET /xingrg/dwr/engine.js HTTP/1.1" 200 43631
222.70.179.155 - - [28/Oct/2021:11:12:04 +0800] "POST /xingrg/all/report/load_report_page.html HTTP/1.1" 200 8717
222.70.179.155 - - [28/Oct/2021:11:12:04 +0800] "GET /xingrg/servlets/image?cache=0.7992465104408043&image=px HTTP/1.1" 200 807
222.70.179.155 - - [28/Oct/2021:11:12:05 +0800] "POST /xingrg/all/report/load_report_page.html HTTP/1.1" 200 79959
222.70.179.155 - - [28/Oct/2021:11:12:05 +0800] "GET /xingrg/images/blue/button/back2.gif HTTP/1.1" 200 1339
222.70.179.155 - - [28/Oct/2021:11:12:05 +0800] "GET /xingrg/images/blue/button/back.gif HTTP/1.1" 200 1352
222.70.179.155 - - [28/Oct/2021:11:12:05 +0800] "GET /xingrg/servlets/image?cache=0.9933445503648103&image=px HTTP/1.1" 200 807
222.70.179.155 - - [28/Oct/2021:11:12:06 +0800] "POST /xingrg/all/report/report_print.html HTTP/1.1" 302 -
222.70.179.155 - - [28/Oct/2021:11:12:06 +0800] "GET /xingrg/servlets/image?image=px HTTP/1.1" 200 807
222.70.179.155 - - [28/Oct/2021:11:12:06 +0800] "GET /xingrg/servlets/html?sysBaseUrl=http%3A%2F%2F180.169.147.146%3A18081%2Fxingrg%2F&costTime=188×tamp=1635390726672 HTTP/1.1" 200 105556
124.78.153.86 - - [28/Oct/2021:11:12:07 +0800] "GET /xingrg/all/function/internal_message.html?_=1635390729514&CODE_STATE=getMsg HTTP/1.1" 200 27
222.70.171.86 - - [28/Oct/2021:11:12:08 +0800] "GET /xingrg/all/function/internal_message.html?_=1635390741919&CODE_STATE=getMsg HTTP/1.1" 200 27
116.227.210.113 - - [28/Oct/2021:11:12:09 +0800] "GET /xingrg/kc/buy/cgsh_order_operate.html?command=get_materiel&rest_code=00155&code=00101008261&supplier_code=00100005&order_time=2021-10-28 HTTP/1.1" 200 408
58.221.95.50 - - [28/Oct/2021:11:12:11 +0800] "GET /xingrg/all/function/internal_message.html?_=1635390731683&CODE_STATE=getMsg HTTP/1.1" 200 27
180.169.147.146 - - [28/Oct/2021:11:12:12 +0800] "GET /xingrg/all/function/internal_message.html?_=1635390731897&CODE_STATE=getMsg HTTP/1.1" 200 27
222.70.171.86 - - [28/Oct/2021:11:12:12 +0800] "GET /xingrg/kc/buy/cgsh_order_operate.html?command=get_materiel&rest_code=00146&code=00101008353&supplier_code=00100005&order_time=2021-10-28 HTTP/1.1" 200 408
58.35.215.131 - - [28/Oct/2021:11:12:13 +0800] "GET /xingrg/all/function/internal_message.html?_=1635390736273&CODE_STATE=getMsg HTTP/1.1" 200 27
116.232.54.188 - - [28/Oct/2021:11:12:14 +0800] "GET /xingrg/all/function/internal_message.html?_=1635390737674&CODE_STATE=getMsg HTTP/1.1" 200 27
180.174.227.63 - - [28/Oct/2021:11:12:15 +0800] "GET /xingrg/check_reg.html?_=1635390738497 HTTP/1.1" 200 22
116.227.210.113 - - [28/Oct/2021:11:12:16 +0800] "GET /xingrg/kc/buy/cgsh_order_operate.html?command=get_materiel&rest_code=00155&code=00101008149&supplier_code=00100005&order_time=2021-10-28 HTTP/1.1" 200 408
58.37.227.186 - - [28/Oct/2021:11:12:17 +0800] "GET /xingrg/all/function/internal_message.html?_=1635390578964&CODE_STATE=getMsg HTTP/1.1" 200 27
116.227.210.113 - - [28/Oct/2021:11:12:20 +0800] "GET /xingrg/kc/buy/cgsh_order_operate.html?command=get_materiel&rest_code=00155&code=00101008290&supplier_code=00100005&order_time=2021-10-28 HTTP/1.1" 200 416
222.70.171.86 - - [28/Oct/2021:11:12:21 +0800] "GET /xingrg/kc/buy/cgsh_order_operate.html?command=get_materiel&rest_code=00146&code=00101008213&supplier_code=00100005&order_time=2021-10-28 HTTP/1.1" 200 412
180.174.227.63 - - [28/Oct/2021:11:12:21 +0800] "GET /xingrg/all/function/internal_message.html?_=1635390744997&CODE_STATE=getMsg HTTP/1.1" 200 27
114.85.125.222 - - [28/Oct/2021:11:12:22 +0800] "GET /xingrg/all/function/internal_message.html?_=1635390681272&CODE_STATE=getMsg HTTP/1.1" 200 27
222.70.179.155 - - [28/Oct/2021:11:12:22 +0800] "GET /xingrg/all/function/internal_message.html?_=1635390743763&CODE_STATE=getMsg HTTP/1.1" 200 27
116.227.210.113 - - [28/Oct/2021:11:12:25 +0800] "GET /xingrg/kc/buy/cgsh_order_operate.html?command=get_materiel&rest_code=00155&code=00101008477&supplier_code=00100005&order_time=2021-10-28 HTTP/1.1" 200 408
180.174.227.63 - - [28/Oct/2021:11:12:27 +0800] "GET /xingrg/all/function/internal_message.html?_=1635390735362&CODE_STATE=getMsg HTTP/1.1" 200 27
116.238.248.233 - - [28/Oct/2021:11:12:27 +0800] "GET /xingrg/check_reg.html?_=1635390745535 HTTP/1.1" 200 22
116.238.248.233 - - [28/Oct/2021:11:12:27 +0800] "GET /xingrg/all/function/internal_message.html?_=1635390745564&CODE_STATE=getMsg HTTP/1.1" 200 27
101.85.55.123 - - [28/Oct/2021:11:12:30 +0800] "GET /xingrg/all/function/internal_message.html?_=1635390744682&CODE_STATE=getMsg HTTP/1.1" 200 27
222.70.171.86 - - [28/Oct/2021:11:12:31 +0800] "GET /xingrg/kc/buy/cgsh_order_operate.html?command=get_materiel&rest_code=00146&code=00101008305&supplier_code=00100005&order_time=2021-10-28 HTTP/1.1" 200 412
222.70.171.86 - - [28/Oct/2021:11:12:35 +0800] "POST /xingrg/kc/buy/cgsh_order_operate.html HTTP/1.1" 200 2065
116.227.210.113 - - [28/Oct/2021:11:12:35 +0800] "GET /xingrg/all/function/internal_message.html?_=1635390741428&CODE_STATE=getMsg HTTP/1.1" 200 27
116.227.210.113 - - [28/Oct/2021:11:12:35 +0800] "GET /xingrg/check_reg.html?_=1635390741553 HTTP/1.1" 200 22
58.37.227.186 - - [28/Oct/2021:11:12:35 +0800] "POST /xingrg/services/DataTransmitService HTTP/1.1" 200 524
58.39.139.200 - - [28/Oct/2021:11:12:36 +0800] "GET /xingrg/all/function/internal_message.html?_=1635390755839&CODE_STATE=getMsg HTTP/1.1" 200 27
58.37.227.186 - - [28/Oct/2021:11:12:36 +0800] "POST /xingrg/services/DataTransmitService HTTP/1.1" 200 412
58.39.139.200 - - [28/Oct/2021:11:12:38 +0800] "GET /xingrg/check_reg.html?_=1635390758120 HTTP/1.1" 200 22
180.174.227.63 - - [28/Oct/2021:11:12:38 +0800] "GET /xingrg/kc/base/wldb_order_operate.html?command=get_materiel&rest_code=00102&base_code=0010477&code=00102004026 HTTP/1.1" 200 442
116.227.210.113 - - [28/Oct/2021:11:12:41 +0800] "GET /xingrg/kc/buy/cgsh_order_operate.html?command=get_materiel&rest_code=00155&code=00101008003&supplier_code=00100005&order_time=2021-10-28 HTTP/1.1" 200 408
222.70.171.86 - - [28/Oct/2021:11:12:43 +0800] "GET /xingrg/kc/buy/cgsh_order_operate.html?command=get_materiel&rest_code=00146&code=00101008502&supplier_code=00100005&order_time=2021-10-28 HTTP/1.1" 200 398
180.169.147.146 - - [28/Oct/2021:11:12:45 +0800] "GET /xingrg/all/function/internal_message.html?_=1635390765110&CODE_STATE=getMsg HTTP/1.1" 200 27
116.227.210.113 - - [28/Oct/2021:11:12:46 +0800] "GET /xingrg/kc/buy/cgsh_order_operate.html?command=get_materiel&rest_code=00155&code=00101008148&supplier_code=00100005&order_time=2021-10-28 HTTP/1.1" 200 416
180.157.253.6 - - [28/Oct/2021:11:12:47 +0800] "GET /xingrg/all/function/internal_message.html?_=1635390767748&CODE_STATE=getMsg HTTP/1.1" 200 27
180.157.253.6 - - [28/Oct/2021:11:12:47 +0800] "GET /xingrg/check_reg.html?_=1635390767750 HTTP/1.1" 200 22
222.70.179.155 - - [28/Oct/2021:11:12:50 +0800] "GET /xingrg/check_reg.html?_=1635390768917 HTTP/1.1" 200 22
222.70.179.155 - - [28/Oct/2021:11:12:50 +0800] "GET /xingrg/all/function/internal_message.html?_=1635390768917&CODE_STATE=getMsg HTTP/1.1" 200 27
116.227.210.113 - - [28/Oct/2021:11:12:53 +0800] "GET /xingrg/kc/buy/cgsh_order_operate.html?command=get_materiel&rest_code=00155&code=00101008108&supplier_code=00100005&order_time=2021-10-28 HTTP/1.1" 200 412
180.174.227.63 - - [28/Oct/2021:11:12:53 +0800] "GET /xingrg/check_reg.html?_=1635390760926 HTTP/1.1" 200 22
222.70.171.86 - - [28/Oct/2021:11:12:54 +0800] "GET /xingrg/kc/buy/cgsh_order_operate.html?command=get_materiel&rest_code=00146&code=00101008225&supplier_code=00100005&order_time=2021-10-28 HTTP/1.1" 200 416
101.85.106.134 - - [28/Oct/2021:11:12:54 +0800] "GET /xingrg/all/function/internal_message.html?_=1635390774608&CODE_STATE=getMsg HTTP/1.1" 200 27
222.69.129.196 - - [28/Oct/2021:11:12:55 +0800] "GET /xingrg/all/function/internal_message.html?_=1635390775964&CODE_STATE=getMsg HTTP/1.1" 200 27
222.70.171.86 - - [28/Oct/2021:11:12:55 +0800] "GET /xingrg/all/function/internal_message.html?_=1635390787168&CODE_STATE=getMsg HTTP/1.1" 302 -
116.238.248.233 - - [28/Oct/2021:11:12:56 +0800] "GET /xingrg/kc/buy/cgsh_order_add.html HTTP/1.1" 200 64321
180.162.112.229 - - [28/Oct/2021:11:12:57 +0800] "GET /xingrg/all/function/internal_message.html?_=1635390281451&CODE_STATE=getMsg HTTP/1.1" 200 27
116.238.248.233 - - [28/Oct/2021:11:12:57 +0800] "POST /xingrg/kc/buy/cgsh_order_operate.html HTTP/1.1" 200 8245
116.238.248.233 - - [28/Oct/2021:11:12:57 +0800] "GET /xingrg/javascript/easyui/themes/default/validatebox.css HTTP/1.1" 404 1104
180.157.253.6 - - [28/Oct/2021:11:12:58 +0800] "GET /xingrg/all/function/internal_message.html?_=1635390779026&CODE_STATE=getMsg HTTP/1.1" 200 27
116.227.210.113 - - [28/Oct/2021:11:12:58 +0800] "GET /xingrg/kc/buy/cgsh_order_operate.html?command=get_materiel&rest_code=00155&code=00101008298&supplier_code=00100005&order_time=2021-10-28 HTTP/1.1" 200 412
116.238.248.233 - - [28/Oct/2021:11:12:59 +0800] "POST /xingrg/all/user/operate.html HTTP/1.1" 200 36
180.169.147.146 - - [28/Oct/2021:11:12:59 +0800] "GET /xingrg/all/function/internal_message.html?_=1635390776268&CODE_STATE=getMsg HTTP/1.1" 200 27
116.238.248.233 - - [28/Oct/2021:11:13:00 +0800] "GET /xingrg/index.html?sysBaseUrl=http%3A%2F%2F180.169.147.146%3A18081%2Fxingrg%2F&costTime=44×tamp=1635209813346 HTTP/1.1" 200 17179
116.238.248.233 - - [28/Oct/2021:11:13:00 +0800] "GET /xingrg/javascript/jquery_easy_ui/themes/default/easyui.css HTTP/1.1" 304 -
116.238.248.233 - - [28/Oct/2021:11:13:00 +0800] "GET /xingrg/javascript/jquery_easy_ui/themes/icon.css HTTP/1.1" 304 -
116.238.248.233 - - [28/Oct/2021:11:13:00 +0800] "GET /xingrg/css/form.css HTTP/1.1" 304 -
116.238.248.233 - - [28/Oct/2021:11:13:00 +0800] "GET /xingrg/javascript/jquery-1.4.2.min.js HTTP/1.1" 304 -
116.238.248.233 - - [28/Oct/2021:11:13:00 +0800] "GET /xingrg/javascript/jquery_easy_ui/jquery.easyui.min.js HTTP/1.1" 304 -
