222.70.171.86 - - [28/Oct/2021:08:24:50 +0800] "GET /xingrg/all/function/internal_message.html?_=1635380704248&CODE_STATE=getMsg HTTP/1.1" 200 27
116.238.248.233 - - [28/Oct/2021:08:24:52 +0800] "GET /xingrg/all/function/internal_message.html?_=1635380690526&CODE_STATE=getMsg HTTP/1.1" 200 27
222.70.171.86 - - [28/Oct/2021:08:24:53 +0800] "GET /xingrg/all/function/internal_message.html?_=1635380704885&CODE_STATE=getMsg HTTP/1.1" 302 -
222.70.179.155 - - [28/Oct/2021:08:24:54 +0800] "GET /xingrg/all/function/internal_message.html?_=1635380692957&CODE_STATE=getMsg HTTP/1.1" 200 27
222.70.179.155 - - [28/Oct/2021:08:24:54 +0800] "GET /xingrg/check_reg.html?_=1635380692960 HTTP/1.1" 200 22
120.253.135.82 - - [28/Oct/2021:08:24:58 +0800] "POST /xingrg/kc/pszx/mdps_list_operate.html HTTP/1.1" 200 3924
120.253.135.82 - - [28/Oct/2021:08:25:00 +0800] "POST /xingrg/kc/pszx/mdps_list_operate.html HTTP/1.1" 200 211
120.253.135.82 - - [28/Oct/2021:08:25:01 +0800] "POST /xingrg/kc/pszx/mdps_list_operate.html HTTP/1.1" 200 446
120.253.135.82 - - [28/Oct/2021:08:25:04 +0800] "POST /xingrg/kc/pszx/mdps_list_operate.html HTTP/1.1" 200 610
120.253.135.82 - - [28/Oct/2021:08:25:06 +0800] "POST /xingrg/kc/pszx/mdps_list_operate.html HTTP/1.1" 200 632
114.85.125.222 - - [28/Oct/2021:08:25:07 +0800] "GET /xingrg/all/function/internal_message.html?_=1635380647112&CODE_STATE=getMsg HTTP/1.1" 200 27
120.253.135.82 - - [28/Oct/2021:08:25:08 +0800] "POST /xingrg/kc/pszx/mdps_list_operate.html HTTP/1.1" 200 598
120.253.135.82 - - [28/Oct/2021:08:25:09 +0800] "POST /xingrg/kc/pszx/mdps_list_operate.html HTTP/1.1" 200 454
120.253.135.82 - - [28/Oct/2021:08:25:12 +0800] "POST /xingrg/kc/pszx/mdps_list_operate.html HTTP/1.1" 200 281
58.221.95.50 - - [28/Oct/2021:08:25:14 +0800] "GET /xingrg/all/function/internal_message.html?_=1635380714478&CODE_STATE=getMsg HTTP/1.1" 200 27
180.169.147.146 - - [28/Oct/2021:08:25:15 +0800] "GET /xingrg/all/function/internal_message.html?_=1635380719018&CODE_STATE=getMsg HTTP/1.1" 200 27
120.253.135.82 - - [28/Oct/2021:08:25:18 +0800] "GET /xingrg/check_reg.html?_=1635380489238 HTTP/1.1" 200 22
120.253.135.82 - - [28/Oct/2021:08:25:20 +0800] "GET /xingrg/all/function/internal_message.html?_=1635380491467&CODE_STATE=getMsg HTTP/1.1" 200 27
222.70.171.86 - - [28/Oct/2021:08:25:33 +0800] "GET /xingrg/check_reg.html?_=1635380745053 HTTP/1.1" 302 -
222.70.171.86 - - [28/Oct/2021:08:25:38 +0800] "GET /xingrg/check_reg.html?_=1635380752243 HTTP/1.1" 200 22
222.70.171.86 - - [28/Oct/2021:08:25:50 +0800] "GET /xingrg/all/function/internal_message.html?_=1635380764251&CODE_STATE=getMsg HTTP/1.1" 200 27
116.238.248.233 - - [28/Oct/2021:08:25:52 +0800] "GET /xingrg/all/function/internal_message.html?_=1635380750533&CODE_STATE=getMsg HTTP/1.1" 200 27
222.70.171.86 - - [28/Oct/2021:08:25:53 +0800] "GET /xingrg/all/function/internal_message.html?_=1635380764890&CODE_STATE=getMsg HTTP/1.1" 302 -
222.70.179.155 - - [28/Oct/2021:08:25:54 +0800] "GET /xingrg/all/function/internal_message.html?_=1635380752959&CODE_STATE=getMsg HTTP/1.1" 200 27
120.253.135.82 - - [28/Oct/2021:08:26:03 +0800] "POST /xingrg/kc/pszx/mdps_list_operate.html HTTP/1.1" 200 3931
120.253.135.82 - - [28/Oct/2021:08:26:05 +0800] "POST /xingrg/kc/pszx/mdps_list_operate.html HTTP/1.1" 200 211
120.253.135.82 - - [28/Oct/2021:08:26:06 +0800] "POST /xingrg/kc/pszx/mdps_list_operate.html HTTP/1.1" 200 198
114.85.125.222 - - [28/Oct/2021:08:26:07 +0800] "GET /xingrg/all/function/internal_message.html?_=1635380707151&CODE_STATE=getMsg HTTP/1.1" 200 27
120.253.135.82 - - [28/Oct/2021:08:26:08 +0800] "POST /xingrg/kc/pszx/mdps_list_operate.html HTTP/1.1" 200 202
120.253.135.82 - - [28/Oct/2021:08:26:13 +0800] "POST /xingrg/kc/pszx/mdps_list_operate.html HTTP/1.1" 200 612
58.221.95.50 - - [28/Oct/2021:08:26:14 +0800] "GET /xingrg/all/function/internal_message.html?_=1635380774465&CODE_STATE=getMsg HTTP/1.1" 200 27
180.169.147.146 - - [28/Oct/2021:08:26:15 +0800] "GET /xingrg/all/function/internal_message.html?_=1635380779027&CODE_STATE=getMsg HTTP/1.1" 200 27
120.253.135.82 - - [28/Oct/2021:08:26:15 +0800] "POST /xingrg/kc/pszx/mdps_list_operate.html HTTP/1.1" 200 630
120.253.135.82 - - [28/Oct/2021:08:26:17 +0800] "POST /xingrg/kc/pszx/mdps_list_operate.html HTTP/1.1" 200 600
120.253.135.82 - - [28/Oct/2021:08:26:19 +0800] "POST /xingrg/kc/pszx/mdps_list_operate.html HTTP/1.1" 200 205
120.253.135.82 - - [28/Oct/2021:08:26:20 +0800] "GET /xingrg/all/function/internal_message.html?_=1635380551481&CODE_STATE=getMsg HTTP/1.1" 200 27
120.253.135.82 - - [28/Oct/2021:08:26:50 +0800] "GET /xingrg/kc/pszx/mdps_order_info.html?code=312021102700682 HTTP/1.1" 200 23931
222.70.171.86 - - [28/Oct/2021:08:26:50 +0800] "GET /xingrg/all/function/internal_message.html?_=1635380824265&CODE_STATE=getMsg HTTP/1.1" 200 27
120.253.135.82 - - [28/Oct/2021:08:26:51 +0800] "POST /xingrg/kc/pszx/mdps_order_operate.html HTTP/1.1" 200 2268
120.253.135.82 - - [28/Oct/2021:08:26:51 +0800] "GET /xingrg/javascript/easyui/themes/default/validatebox.css HTTP/1.1" 404 1104
116.238.248.233 - - [28/Oct/2021:08:26:52 +0800] "GET /xingrg/all/function/internal_message.html?_=1635380810533&CODE_STATE=getMsg HTTP/1.1" 200 27
222.70.171.86 - - [28/Oct/2021:08:26:53 +0800] "GET /xingrg/all/function/internal_message.html?_=1635380824912&CODE_STATE=getMsg HTTP/1.1" 302 -
114.85.125.222 - - [28/Oct/2021:08:26:54 +0800] "GET /xingrg/check_reg.html?_=1635380753570 HTTP/1.1" 200 22
120.253.135.82 - - [28/Oct/2021:08:26:54 +0800] "GET /xingrg/kc/print/load_config.html?kc_code=mdps HTTP/1.1" 200 2390
120.253.135.82 - - [28/Oct/2021:08:26:54 +0800] "GET /xingrg/kc/print/load_data.html?order_code=312021102700682&kc_code=mdps&condition= HTTP/1.1" 200 659
222.70.179.155 - - [28/Oct/2021:08:26:54 +0800] "GET /xingrg/all/function/internal_message.html?_=1635380812959&CODE_STATE=getMsg HTTP/1.1" 200 27
114.85.125.222 - - [28/Oct/2021:08:27:07 +0800] "GET /xingrg/all/function/internal_message.html?_=1635380767154&CODE_STATE=getMsg HTTP/1.1" 200 27
58.221.95.50 - - [28/Oct/2021:08:27:14 +0800] "GET /xingrg/all/function/internal_message.html?_=1635380834478&CODE_STATE=getMsg HTTP/1.1" 200 27
180.169.147.146 - - [28/Oct/2021:08:27:15 +0800] "GET /xingrg/check_reg.html?_=1635380839026 HTTP/1.1" 200 22
180.169.147.146 - - [28/Oct/2021:08:27:15 +0800] "GET /xingrg/all/function/internal_message.html?_=1635380839028&CODE_STATE=getMsg HTTP/1.1" 200 27
120.253.135.82 - - [28/Oct/2021:08:27:20 +0800] "GET /xingrg/all/function/internal_message.html?_=1635380611495&CODE_STATE=getMsg HTTP/1.1" 200 27
114.85.125.222 - - [28/Oct/2021:08:27:38 +0800] "GET /xingrg/javascript/jquery_easy_ui/themes/default/images/tabs_active.png HTTP/1.1" 304 -
114.85.125.222 - - [28/Oct/2021:08:27:44 +0800] "GET /xingrg/javascript/auto/jquery.autocomplete.css HTTP/1.1" 304 -
114.85.125.222 - - [28/Oct/2021:08:27:44 +0800] "GET /xingrg/css/site.css HTTP/1.1" 304 -
114.85.125.222 - - [28/Oct/2021:08:27:44 +0800] "GET /xingrg/javascript/jquery_tools/datebox.css HTTP/1.1" 304 -
114.85.125.222 - - [28/Oct/2021:08:27:44 +0800] "GET /xingrg/css/base.css HTTP/1.1" 304 -
114.85.125.222 - - [28/Oct/2021:08:27:44 +0800] "GET /xingrg/javascript/jquery_tools/fix.css HTTP/1.1" 304 -
114.85.125.222 - - [28/Oct/2021:08:27:44 +0800] "GET /xingrg/javascript/jquery_tools/table.css HTTP/1.1" 304 -
114.85.125.222 - - [28/Oct/2021:08:27:44 +0800] "GET /xingrg/javascript/jquery_tools/jquery.tools.min.js HTTP/1.1" 304 -
114.85.125.222 - - [28/Oct/2021:08:27:44 +0800] "GET /xingrg/javascript/easyui/themes/icon.css HTTP/1.1" 304 -
114.85.125.222 - - [28/Oct/2021:08:27:44 +0800] "GET /xingrg/javascript/easyui/themes/default/easyui.css HTTP/1.1" 304 -
114.85.125.222 - - [28/Oct/2021:08:27:44 +0800] "GET /xingrg/javascript/jquery_tools/list_manager.js HTTP/1.1" 304 -
114.85.125.222 - - [28/Oct/2021:08:27:44 +0800] "GET /xingrg/javascript/jquery_tools/jquery.tools.hotkey.js HTTP/1.1" 304 -
114.85.125.222 - - [28/Oct/2021:08:27:44 +0800] "GET /xingrg/javascript/jquery_tools/jquery.tools.table.js HTTP/1.1" 304 -
114.85.125.222 - - [28/Oct/2021:08:27:44 +0800] "GET /xingrg/javascript/auto/jquery.autocomplete.js HTTP/1.1" 304 -
114.85.125.222 - - [28/Oct/2021:08:27:44 +0800] "GET /xingrg/javascript/easyui/easyloader.js HTTP/1.1" 304 -
114.85.125.222 - - [28/Oct/2021:08:27:44 +0800] "GET /xingrg/javascript/jquery_tools/jquery.tools.extend.js HTTP/1.1" 304 -
114.85.125.222 - - [28/Oct/2021:08:27:44 +0800] "GET /xingrg/javascript/jquery.cookie.js HTTP/1.1" 304 -
114.85.125.222 - - [28/Oct/2021:08:27:44 +0800] "GET /xingrg/javascript/print/LodopFuncs.js HTTP/1.1" 304 -
114.85.125.222 - - [28/Oct/2021:08:27:44 +0800] "GET /xingrg/javascript/jquery.utils.js HTTP/1.1" 304 -
114.85.125.222 - - [28/Oct/2021:08:27:44 +0800] "GET /xingrg/kc/buy/cgsh_order_list.html HTTP/1.1" 200 48947
114.85.125.222 - - [28/Oct/2021:08:27:44 +0800] "GET /xingrg/javascript/easyui/plugins/jquery.parser.js HTTP/1.1" 304 -
114.85.125.222 - - [28/Oct/2021:08:27:45 +0800] "POST /xingrg/kc/buy/cgsh_list_operate.html HTTP/1.1" 200 876
114.85.125.222 - - [28/Oct/2021:08:27:45 +0800] "GET /xingrg/javascript/easyui/themes/default/images/button_plain_hover.png HTTP/1.1" 304 -
114.85.125.222 - - [28/Oct/2021:08:27:46 +0800] "GET /xingrg/javascript/pic_change.js HTTP/1.1" 304 -
114.85.125.222 - - [28/Oct/2021:08:27:46 +0800] "GET /xingrg/javascript/convert.js HTTP/1.1" 304 -
114.85.125.222 - - [28/Oct/2021:08:27:46 +0800] "GET /xingrg/javascript/jquery_tools/order_manager.js HTTP/1.1" 304 -
114.85.125.222 - - [28/Oct/2021:08:27:46 +0800] "GET /xingrg/javascript/json2.js HTTP/1.1" 304 -
114.85.125.222 - - [28/Oct/2021:08:27:46 +0800] "GET /xingrg/javascript/print/kc_print.js HTTP/1.1" 304 -
114.85.125.222 - - [28/Oct/2021:08:27:46 +0800] "GET /xingrg/kc/buy/cgsh_order_add.html HTTP/1.1" 200 64615
114.85.125.222 - - [28/Oct/2021:08:27:46 +0800] "GET /xingrg/words/20211027163635_words.js HTTP/1.1" 304 -
114.85.125.222 - - [28/Oct/2021:08:27:46 +0800] "GET /xingrg/javascript/easyui/themes/icons/copy_new.png HTTP/1.1" 304 -
114.85.125.222 - - [28/Oct/2021:08:27:46 +0800] "GET /xingrg/javascript/easyui/themes/icons/template_new.png HTTP/1.1" 304 -
114.85.125.222 - - [28/Oct/2021:08:27:46 +0800] "GET /xingrg/javascript/easyui/themes/icons/ok.png HTTP/1.1" 304 -
114.85.125.222 - - [28/Oct/2021:08:27:46 +0800] "GET /xingrg/javascript/easyui/themes/default/validatebox.css HTTP/1.1" 404 1104
114.85.125.222 - - [28/Oct/2021:08:27:46 +0800] "GET /xingrg/javascript/easyui/plugins/jquery.validatebox.js HTTP/1.1" 304 -
114.85.125.222 - - [28/Oct/2021:08:27:46 +0800] "GET /xingrg/all/common/auto_word.html?type=employee&rest_code=00150 HTTP/1.1" 200 159
114.85.125.222 - - [28/Oct/2021:08:27:46 +0800] "GET /xingrg/all/common/auto_word.html?type=employee&rest_code=00150 HTTP/1.1" 200 159
114.85.125.222 - - [28/Oct/2021:08:27:46 +0800] "GET /xingrg/javascript/easyui/plugins/jquery.numberbox.js HTTP/1.1" 304 -
114.85.125.222 - - [28/Oct/2021:08:27:46 +0800] "POST /xingrg/kc/buy/cgsh_order_operate.html HTTP/1.1" 200 8245
222.70.171.86 - - [28/Oct/2021:08:27:51 +0800] "GET /xingrg/all/function/internal_message.html?_=1635380884557&CODE_STATE=getMsg HTTP/1.1" 200 27
116.238.248.233 - - [28/Oct/2021:08:27:52 +0800] "GET /xingrg/all/function/internal_message.html?_=1635380870537&CODE_STATE=getMsg HTTP/1.1" 200 27
222.70.171.86 - - [28/Oct/2021:08:27:53 +0800] "GET /xingrg/all/function/internal_message.html?_=1635380884917&CODE_STATE=getMsg HTTP/1.1" 302 -
222.70.179.155 - - [28/Oct/2021:08:27:54 +0800] "GET /xingrg/all/function/internal_message.html?_=1635380872958&CODE_STATE=getMsg HTTP/1.1" 200 27
116.238.248.233 - - [28/Oct/2021:08:27:56 +0800] "GET /xingrg/kc/buy/cgsh_order_list.html HTTP/1.1" 200 48947
116.238.248.233 - - [28/Oct/2021:08:27:57 +0800] "POST /xingrg/kc/buy/cgsh_list_operate.html HTTP/1.1" 200 876
114.85.125.222 - - [28/Oct/2021:08:27:58 +0800] "GET /xingrg/kc/buy/cgsh_order_operate.html?command=get_materiel&rest_code=00150&code=00101031012&supplier_code=00100054&order_time=2021-10-28 HTTP/1.1" 200 417
116.238.248.233 - - [28/Oct/2021:08:27:59 +0800] "GET /xingrg/kc/buy/cgsh_order_add.html HTTP/1.1" 200 64603
116.238.248.233 - - [28/Oct/2021:08:27:59 +0800] "GET /xingrg/words/20211027163635_words.js HTTP/1.1" 200 860627
116.238.248.233 - - [28/Oct/2021:08:27:59 +0800] "POST /xingrg/kc/buy/cgsh_order_operate.html HTTP/1.1" 200 8245
116.238.248.233 - - [28/Oct/2021:08:27:59 +0800] "GET /xingrg/all/common/auto_word.html?type=employee&rest_code=00150 HTTP/1.1" 200 159
116.238.248.233 - - [28/Oct/2021:08:27:59 +0800] "GET /xingrg/javascript/easyui/themes/default/validatebox.css HTTP/1.1" 404 1104
116.238.248.233 - - [28/Oct/2021:08:27:59 +0800] "GET /xingrg/all/common/auto_word.html?type=employee&rest_code=00150 HTTP/1.1" 200 159
116.238.248.233 - - [28/Oct/2021:08:28:02 +0800] "GET /xingrg/javascript/auto/indicator.gif HTTP/1.1" 404 1066
114.85.125.222 - - [28/Oct/2021:08:28:05 +0800] "POST /xingrg/kc/buy/cgsh_order_operate.html HTTP/1.1" 200 37
58.221.95.50 - - [28/Oct/2021:08:28:05 +0800] "GET /xingrg/check_reg.html?_=1635380886210 HTTP/1.1" 200 22
114.85.125.222 - - [28/Oct/2021:08:28:07 +0800] "GET /xingrg/all/function/internal_message.html?_=1635380827168&CODE_STATE=getMsg HTTP/1.1" 200 27
114.85.125.222 - - [28/Oct/2021:08:28:09 +0800] "POST /xingrg/kc/buy/cgsh_order_operate.html HTTP/1.1" 200 12
114.85.125.222 - - [28/Oct/2021:08:28:10 +0800] "GET /xingrg/kc/buy/cgsh_order_info.html?code=212021102812278 HTTP/1.1" 200 59526
114.85.125.222 - - [28/Oct/2021:08:28:11 +0800] "GET /xingrg/javascript/easyui/themes/default/validatebox.css HTTP/1.1" 404 1104
116.238.248.233 - - [28/Oct/2021:08:28:11 +0800] "GET /xingrg/kc/buy/cgsh_order_operate.html?command=get_materiel&rest_code=00150&code=00101008323&supplier_code=00100007&order_time=2021-10-28 HTTP/1.1" 200 408
114.85.125.222 - - [28/Oct/2021:08:28:11 +0800] "POST /xingrg/kc/buy/cgsh_order_operate.html HTTP/1.1" 200 614
114.85.125.222 - - [28/Oct/2021:08:28:12 +0800] "GET /xingrg/kc/print/load_config.html?kc_code=cgsh HTTP/1.1" 200 2281
114.85.125.222 - - [28/Oct/2021:08:28:13 +0800] "GET /xingrg/kc/print/load_data.html?order_code=212021102812278&kc_code=cgsh&condition= HTTP/1.1" 200 736
58.221.95.50 - - [28/Oct/2021:08:28:14 +0800] "GET /xingrg/all/function/internal_message.html?_=1635380894450&CODE_STATE=getMsg HTTP/1.1" 200 27
180.169.147.146 - - [28/Oct/2021:08:28:15 +0800] "GET /xingrg/all/function/internal_message.html?_=1635380899029&CODE_STATE=getMsg HTTP/1.1" 200 27
114.85.125.222 - - [28/Oct/2021:08:28:18 +0800] "GET /xingrg/kc/buy/cgsh_order_add.html HTTP/1.1" 200 64615
114.85.125.222 - - [28/Oct/2021:08:28:18 +0800] "POST /xingrg/kc/buy/cgsh_order_operate.html HTTP/1.1" 200 8245
114.85.125.222 - - [28/Oct/2021:08:28:19 +0800] "GET /xingrg/javascript/easyui/themes/default/validatebox.css HTTP/1.1" 404 1104
116.238.248.233 - - [28/Oct/2021:08:28:19 +0800] "GET /xingrg/kc/buy/cgsh_order_operate.html?command=get_materiel&rest_code=00150&code=00101008176&supplier_code=00100007&order_time=2021-10-28 HTTP/1.1" 200 412
120.253.135.82 - - [28/Oct/2021:08:28:20 +0800] "GET /xingrg/all/function/internal_message.html?_=1635380671508&CODE_STATE=getMsg HTTP/1.1" 200 27
116.238.248.233 - - [28/Oct/2021:08:28:25 +0800] "GET /xingrg/kc/buy/cgsh_order_operate.html?command=get_materiel&rest_code=00150&code=00101008091&supplier_code=00100007&order_time=2021-10-28 HTTP/1.1" 200 413
114.85.125.222 - - [28/Oct/2021:08:28:29 +0800] "GET /xingrg/kc/buy/cgsh_order_operate.html?command=get_materiel&rest_code=00150&code=00101031001&supplier_code=00100064&order_time=2021-10-28 HTTP/1.1" 200 419
116.238.248.233 - - [28/Oct/2021:08:28:30 +0800] "GET /xingrg/kc/buy/cgsh_order_operate.html?command=get_materiel&rest_code=00150&code=00101008072&supplier_code=00100007&order_time=2021-10-28 HTTP/1.1" 200 408
116.238.248.233 - - [28/Oct/2021:08:28:38 +0800] "GET /xingrg/kc/buy/cgsh_order_operate.html?command=get_materiel&rest_code=00150&code=00101008156&supplier_code=00100007&order_time=2021-10-28 HTTP/1.1" 200 414
114.85.125.222 - - [28/Oct/2021:08:28:45 +0800] "GET /xingrg/kc/buy/cgsh_order_operate.html?command=get_materiel&rest_code=00150&code=00101031006&supplier_code=00100064&order_time=2021-10-28 HTTP/1.1" 200 417
222.70.171.86 - - [28/Oct/2021:08:28:51 +0800] "GET /xingrg/all/function/internal_message.html?_=1635380944572&CODE_STATE=getMsg HTTP/1.1" 200 27
116.238.248.233 - - [28/Oct/2021:08:28:52 +0800] "GET /xingrg/all/function/internal_message.html?_=1635380930558&CODE_STATE=getMsg HTTP/1.1" 200 27
116.238.248.233 - - [28/Oct/2021:08:28:52 +0800] "GET /xingrg/check_reg.html?_=1635380930560 HTTP/1.1" 200 22
222.70.171.86 - - [28/Oct/2021:08:28:53 +0800] "GET /xingrg/all/function/internal_message.html?_=1635380944940&CODE_STATE=getMsg HTTP/1.1" 302 -
222.70.179.155 - - [28/Oct/2021:08:28:54 +0800] "GET /xingrg/all/function/internal_message.html?_=1635380932959&CODE_STATE=getMsg HTTP/1.1" 200 27
114.85.125.222 - - [28/Oct/2021:08:28:58 +0800] "POST /xingrg/kc/buy/cgsh_order_operate.html HTTP/1.1" 200 37
114.85.125.222 - - [28/Oct/2021:08:29:01 +0800] "POST /xingrg/kc/buy/cgsh_order_operate.html HTTP/1.1" 200 12
114.85.125.222 - - [28/Oct/2021:08:29:02 +0800] "GET /xingrg/kc/buy/cgsh_order_info.html?code=212021102812279 HTTP/1.1" 200 59528
114.85.125.222 - - [28/Oct/2021:08:29:02 +0800] "GET /xingrg/javascript/easyui/themes/default/validatebox.css HTTP/1.1" 404 1104
114.85.125.222 - - [28/Oct/2021:08:29:03 +0800] "POST /xingrg/kc/buy/cgsh_order_operate.html HTTP/1.1" 200 1215
114.85.125.222 - - [28/Oct/2021:08:29:04 +0800] "GET /xingrg/kc/print/load_data.html?order_code=212021102812279&kc_code=cgsh&condition= HTTP/1.1" 200 1015
114.85.125.222 - - [28/Oct/2021:08:29:07 +0800] "GET /xingrg/all/function/internal_message.html?_=1635380887181&CODE_STATE=getMsg HTTP/1.1" 200 27
58.221.95.50 - - [28/Oct/2021:08:29:14 +0800] "GET /xingrg/all/function/internal_message.html?_=1635380954435&CODE_STATE=getMsg HTTP/1.1" 200 27
180.169.147.146 - - [28/Oct/2021:08:29:15 +0800] "GET /xingrg/all/function/internal_message.html?_=1635380959028&CODE_STATE=getMsg HTTP/1.1" 200 27
120.253.135.82 - - [28/Oct/2021:08:29:20 +0800] "GET /xingrg/all/function/internal_message.html?_=1635380731522&CODE_STATE=getMsg HTTP/1.1" 200 27
114.85.125.222 - - [28/Oct/2021:08:29:22 +0800] "GET /xingrg/kc/buy/cgsh_order_add.html HTTP/1.1" 200 64615
114.85.125.222 - - [28/Oct/2021:08:29:22 +0800] "POST /xingrg/kc/buy/cgsh_order_operate.html HTTP/1.1" 200 8245
114.85.125.222 - - [28/Oct/2021:08:29:22 +0800] "GET /xingrg/javascript/easyui/themes/default/validatebox.css HTTP/1.1" 404 1104
114.85.125.222 - - [28/Oct/2021:08:29:33 +0800] "GET /xingrg/kc/buy/cgsh_order_operate.html?command=get_materiel&rest_code=00150&code=00101001084&supplier_code=00100096&order_time=2021-10-28 HTTP/1.1" 200 413
116.238.248.233 - - [28/Oct/2021:08:29:38 +0800] "GET /xingrg/kc/buy/cgsh_order_operate.html?command=get_materiel&rest_code=00150&code=00101008349&supplier_code=00100007&order_time=2021-10-28 HTTP/1.1" 200 412
114.85.125.222 - - [28/Oct/2021:08:29:43 +0800] "GET /xingrg/kc/buy/cgsh_order_operate.html?command=get_materiel&rest_code=00150&code=00101001160&supplier_code=00100096&order_time=2021-10-28 HTTP/1.1" 200 408
116.238.248.233 - - [28/Oct/2021:08:29:47 +0800] "GET /xingrg/kc/buy/cgsh_order_operate.html?command=get_materiel&rest_code=00150&code=00101008612&supplier_code=00100007&order_time=2021-10-28 HTTP/1.1" 200 406
222.70.171.86 - - [28/Oct/2021:08:29:51 +0800] "GET /xingrg/all/function/internal_message.html?_=1635381004836&CODE_STATE=getMsg HTTP/1.1" 200 27
116.238.248.233 - - [28/Oct/2021:08:29:52 +0800] "GET /xingrg/all/function/internal_message.html?_=1635380990558&CODE_STATE=getMsg HTTP/1.1" 200 27
222.70.171.86 - - [28/Oct/2021:08:29:53 +0800] "GET /xingrg/all/function/internal_message.html?_=1635381004944&CODE_STATE=getMsg HTTP/1.1" 302 -
222.70.179.155 - - [28/Oct/2021:08:29:54 +0800] "GET /xingrg/all/function/internal_message.html?_=1635380992958&CODE_STATE=getMsg HTTP/1.1" 200 27
222.70.179.155 - - [28/Oct/2021:08:29:54 +0800] "GET /xingrg/check_reg.html?_=1635380992959 HTTP/1.1" 200 22
114.85.125.222 - - [28/Oct/2021:08:29:54 +0800] "GET /xingrg/kc/buy/cgsh_order_operate.html?command=get_materiel&rest_code=00150&code=00101012039&supplier_code=00100096&order_time=2021-10-28 HTTP/1.1" 200 408
116.238.248.233 - - [28/Oct/2021:08:29:55 +0800] "GET /xingrg/kc/buy/cgsh_order_operate.html?command=get_materiel&rest_code=00150&code=00101008351&supplier_code=00100007&order_time=2021-10-28 HTTP/1.1" 200 408
116.238.248.233 - - [28/Oct/2021:08:30:03 +0800] "GET /xingrg/kc/buy/cgsh_order_operate.html?command=get_materiel&rest_code=00150&code=00101008358&supplier_code=00100007&order_time=2021-10-28 HTTP/1.1" 200 412
114.85.125.222 - - [28/Oct/2021:08:30:07 +0800] "GET /xingrg/all/function/internal_message.html?_=1635380947196&CODE_STATE=getMsg HTTP/1.1" 200 27
116.238.248.233 - - [28/Oct/2021:08:30:10 +0800] "GET /xingrg/kc/buy/cgsh_order_operate.html?command=get_materiel&rest_code=00150&code=00101008163&supplier_code=00100007&order_time=2021-10-28 HTTP/1.1" 200 409
58.221.95.50 - - [28/Oct/2021:08:30:14 +0800] "GET /xingrg/all/function/internal_message.html?_=1635381014405&CODE_STATE=getMsg HTTP/1.1" 200 27
180.169.147.146 - - [28/Oct/2021:08:30:15 +0800] "GET /xingrg/all/function/internal_message.html?_=1635381019033&CODE_STATE=getMsg HTTP/1.1" 200 27
120.253.135.82 - - [28/Oct/2021:08:30:18 +0800] "GET /xingrg/check_reg.html?_=1635380789446 HTTP/1.1" 200 22
116.238.248.233 - - [28/Oct/2021:08:30:18 +0800] "GET /xingrg/kc/buy/cgsh_order_operate.html?command=get_materiel&rest_code=00150&code=00101008370&supplier_code=00100007&order_time=2021-10-28 HTTP/1.1" 200 412
120.253.135.82 - - [28/Oct/2021:08:30:20 +0800] "GET /xingrg/all/function/internal_message.html?_=1635380791534&CODE_STATE=getMsg HTTP/1.1" 200 27
116.238.248.233 - - [28/Oct/2021:08:30:27 +0800] "GET /xingrg/kc/buy/cgsh_order_operate.html?command=get_materiel&rest_code=00150&code=00101008087&supplier_code=00100007&order_time=2021-10-28 HTTP/1.1" 200 412
222.70.171.86 - - [28/Oct/2021:08:30:33 +0800] "GET /xingrg/check_reg.html?_=1635381045065 HTTP/1.1" 302 -
120.253.135.82 - - [28/Oct/2021:08:30:35 +0800] "GET /xingrg/kc/pszx/mdqp_order_list.html?state=10 HTTP/1.1" 200 10217
120.253.135.82 - - [28/Oct/2021:08:30:35 +0800] "POST /xingrg/kc/pszx/mdps_list_operate.html HTTP/1.1" 200 3931
120.253.135.82 - - [28/Oct/2021:08:30:35 +0800] "GET /xingrg/dwr/interface/AjaxReportQueryService.js HTTP/1.1" 200 13203
120.253.135.82 - - [28/Oct/2021:08:30:35 +0800] "GET /xingrg/dwr/interface/AjaxQqpsService.js HTTP/1.1" 200 16326
120.253.135.82 - - [28/Oct/2021:08:30:35 +0800] "GET /xingrg/dwr/engine.js HTTP/1.1" 200 43631
116.238.248.233 - - [28/Oct/2021:08:30:38 +0800] "GET /xingrg/kc/buy/cgsh_order_operate.html?command=get_materiel&rest_code=00150&code=00101008361&supplier_code=00100007&order_time=2021-10-28 HTTP/1.1" 200 408
222.70.171.86 - - [28/Oct/2021:08:30:38 +0800] "GET /xingrg/check_reg.html?_=1635381052244 HTTP/1.1" 200 22
120.253.135.82 - - [28/Oct/2021:08:30:40 +0800] "GET /xingrg/kc/pszx/mdps_order_list.html?orderType=0 HTTP/1.1" 200 21089
120.253.135.82 - - [28/Oct/2021:08:30:40 +0800] "POST /xingrg/kc/pszx/mdps_list_operate.html HTTP/1.1" 200 5397
114.85.125.222 - - [28/Oct/2021:08:30:41 +0800] "GET /xingrg/kc/buy/cgsh_order_operate.html?command=get_materiel&rest_code=00150&code=00101012032&supplier_code=00100096&order_time=2021-10-28 HTTP/1.1" 200 416
114.85.125.222 - - [28/Oct/2021:08:30:50 +0800] "GET /xingrg/kc/buy/cgsh_order_operate.html?command=get_materiel&rest_code=00150&code=00101012029&supplier_code=00100096&order_time=2021-10-28 HTTP/1.1" 200 414
222.70.171.86 - - [28/Oct/2021:08:30:51 +0800] "GET /xingrg/all/function/internal_message.html?_=1635381064849&CODE_STATE=getMsg HTTP/1.1" 200 27
116.238.248.233 - - [28/Oct/2021:08:30:52 +0800] "GET /xingrg/all/function/internal_message.html?_=1635381050563&CODE_STATE=getMsg HTTP/1.1" 200 27
222.70.171.86 - - [28/Oct/2021:08:30:53 +0800] "GET /xingrg/all/function/internal_message.html?_=1635381064966&CODE_STATE=getMsg HTTP/1.1" 302 -
222.70.179.155 - - [28/Oct/2021:08:30:54 +0800] "GET /xingrg/all/function/internal_message.html?_=1635381052957&CODE_STATE=getMsg HTTP/1.1" 200 27
116.238.248.233 - - [28/Oct/2021:08:31:07 +0800] "GET /xingrg/kc/buy/cgsh_order_operate.html?command=get_materiel&rest_code=00150&code=00101008148&supplier_code=00100007&order_time=2021-10-28 HTTP/1.1" 200 416
114.85.125.222 - - [28/Oct/2021:08:31:07 +0800] "GET /xingrg/all/function/internal_message.html?_=1635381007208&CODE_STATE=getMsg HTTP/1.1" 200 27
58.221.95.50 - - [28/Oct/2021:08:31:14 +0800] "GET /xingrg/all/function/internal_message.html?_=1635381074390&CODE_STATE=getMsg HTTP/1.1" 200 27
180.169.147.146 - - [28/Oct/2021:08:31:15 +0800] "GET /xingrg/all/function/internal_message.html?_=1635381079037&CODE_STATE=getMsg HTTP/1.1" 200 27
116.238.248.233 - - [28/Oct/2021:08:31:17 +0800] "GET /xingrg/kc/buy/cgsh_order_operate.html?command=get_materiel&rest_code=00150&code=00101008529&supplier_code=00100007&order_time=2021-10-28 HTTP/1.1" 200 403
120.253.135.82 - - [28/Oct/2021:08:31:20 +0800] "GET /xingrg/all/function/internal_message.html?_=1635380851549&CODE_STATE=getMsg HTTP/1.1" 200 27
116.238.248.233 - - [28/Oct/2021:08:31:24 +0800] "GET /xingrg/kc/buy/cgsh_order_operate.html?command=get_materiel&rest_code=00150&code=00101008356&supplier_code=00100007&order_time=2021-10-28 HTTP/1.1" 200 408
114.85.125.222 - - [28/Oct/2021:08:31:26 +0800] "GET /xingrg/kc/buy/cgsh_order_operate.html?command=get_materiel&rest_code=00150&code=00101012025&supplier_code=00100096&order_time=2021-10-28 HTTP/1.1" 200 412
116.238.248.233 - - [28/Oct/2021:08:31:34 +0800] "GET /xingrg/kc/buy/cgsh_order_operate.html?command=get_materiel&rest_code=00150&code=00101008275&supplier_code=00100007&order_time=2021-10-28 HTTP/1.1" 200 417
116.238.248.233 - - [28/Oct/2021:08:31:39 +0800] "GET /xingrg/kc/buy/cgsh_order_operate.html?command=get_materiel&rest_code=00150&code=00101008063&supplier_code=00100007&order_time=2021-10-28 HTTP/1.1" 200 412
114.85.125.222 - - [28/Oct/2021:08:31:41 +0800] "GET /xingrg/kc/buy/cgsh_order_operate.html?command=get_materiel&rest_code=00150&code=00101001010&supplier_code=00100096&order_time=2021-10-28 HTTP/1.1" 200 409
116.238.248.233 - - [28/Oct/2021:08:31:46 +0800] "GET /xingrg/kc/buy/cgsh_order_operate.html?command=get_materiel&rest_code=00150&code=00101008220&supplier_code=00100007&order_time=2021-10-28 HTTP/1.1" 200 412
222.70.179.155 - - [28/Oct/2021:08:31:50 +0800] "GET /xingrg/login.html HTTP/1.1" 200 7641
222.70.179.155 - - [28/Oct/2021:08:31:50 +0800] "GET /favicon.ico HTTP/1.1" 404 -
222.70.171.86 - - [28/Oct/2021:08:31:51 +0800] "GET /xingrg/all/function/internal_message.html?_=1635381124862&CODE_STATE=getMsg HTTP/1.1" 200 27
116.238.248.233 - - [28/Oct/2021:08:31:52 +0800] "GET /xingrg/all/function/internal_message.html?_=1635381110562&CODE_STATE=getMsg HTTP/1.1" 200 27
116.238.248.233 - - [28/Oct/2021:08:31:53 +0800] "GET /xingrg/kc/buy/cgsh_order_operate.html?command=get_materiel&rest_code=00150&code=00101008354&supplier_code=00100007&order_time=2021-10-28 HTTP/1.1" 200 412
222.70.171.86 - - [28/Oct/2021:08:31:53 +0800] "GET /xingrg/all/function/internal_message.html?_=1635381124971&CODE_STATE=getMsg HTTP/1.1" 302 -
120.253.135.82 - - [28/Oct/2021:08:31:53 +0800] "POST /xingrg/kc/pszx/mdps_list_operate.html HTTP/1.1" 200 1692
114.85.125.222 - - [28/Oct/2021:08:31:54 +0800] "GET /xingrg/check_reg.html?_=1635381053577 HTTP/1.1" 200 22
120.253.135.82 - - [28/Oct/2021:08:31:55 +0800] "POST /xingrg/kc/pszx/mdps_list_operate.html HTTP/1.1" 200 614
116.238.248.233 - - [28/Oct/2021:08:31:55 +0800] "POST /xingrg/kc/buy/cgsh_order_operate.html HTTP/1.1" 200 2065
120.253.135.82 - - [28/Oct/2021:08:31:55 +0800] "GET /xingrg/kc/pszx/mdps_order_info.html?code=312021102800687 HTTP/1.1" 200 23931
120.253.135.82 - - [28/Oct/2021:08:31:56 +0800] "POST /xingrg/kc/pszx/mdps_order_operate.html HTTP/1.1" 200 9449
120.253.135.82 - - [28/Oct/2021:08:31:56 +0800] "GET /xingrg/javascript/easyui/themes/default/validatebox.css HTTP/1.1" 404 1104
222.70.179.155 - - [28/Oct/2021:08:31:56 +0800] "POST /xingrg/login.do HTTP/1.1" 302 -
222.70.179.155 - - [28/Oct/2021:08:31:56 +0800] "GET /xingrg/index.html?sysBaseUrl=http%3A%2F%2F180.169.147.146%3A18081%2Fxingrg%2F&costTime=41×tamp=1635381116552 HTTP/1.1" 200 17173
222.70.179.155 - - [28/Oct/2021:08:31:56 +0800] "GET /favicon.ico HTTP/1.1" 404 -
222.70.179.155 - - [28/Oct/2021:08:31:56 +0800] "POST /xingrg/all/common/load_tree.html?tree=area_rest_tree_json&manage=1 HTTP/1.1" 200 342
222.70.179.155 - - [28/Oct/2021:08:31:56 +0800] "GET /xingrg/all/function/internal_message.html?_=1635381115020&CODE_STATE=count HTTP/1.1" 200 11
222.70.179.155 - - [28/Oct/2021:08:31:56 +0800] "GET /xingrg/check_reg.html?_=1635381115021 HTTP/1.1" 200 22
222.70.179.155 - - [28/Oct/2021:08:31:56 +0800] "POST /xingrg/load_menu.html HTTP/1.1" 200 5138
222.70.179.155 - - [28/Oct/2021:08:31:58 +0800] "GET /xingrg/kc/buy/buy_main.html HTTP/1.1" 200 12412
222.70.179.155 - - [28/Oct/2021:08:31:58 +0800] "GET /xingrg/css/new_ie.css HTTP/1.1" 404 1036
222.70.179.155 - - [28/Oct/2021:08:31:59 +0800] "GET /xingrg/images/yd/bt.gif HTTP/1.1" 404 1040
222.70.179.155 - - [28/Oct/2021:08:32:00 +0800] "GET /xingrg/kc/buy/cgsh_order_list.html HTTP/1.1" 200 48941
114.85.125.222 - - [28/Oct/2021:08:32:00 +0800] "GET /xingrg/kc/buy/cgsh_order_operate.html?command=get_materiel&rest_code=00150&code=00101006068&supplier_code=00100096&order_time=2021-10-28 HTTP/1.1" 200 411
116.238.248.233 - - [28/Oct/2021:08:32:00 +0800] "GET /xingrg/kc/buy/cgsh_order_operate.html?command=get_materiel&rest_code=00150&code=00101008069&supplier_code=00100007&order_time=2021-10-28 HTTP/1.1" 200 412
222.70.179.155 - - [28/Oct/2021:08:32:01 +0800] "POST /xingrg/kc/buy/cgsh_list_operate.html HTTP/1.1" 200 876
222.70.179.155 - - [28/Oct/2021:08:32:03 +0800] "GET /xingrg/kc/buy/cgsh_order_add.html HTTP/1.1" 200 64679
222.70.179.155 - - [28/Oct/2021:08:32:03 +0800] "GET /xingrg/words/20211027163635_words.js HTTP/1.1" 304 -
222.70.179.155 - - [28/Oct/2021:08:32:03 +0800] "GET /xingrg/all/common/auto_word.html?type=employee&rest_code=00111 HTTP/1.1" 200 155
222.70.179.155 - - [28/Oct/2021:08:32:03 +0800] "GET /xingrg/javascript/easyui/themes/default/validatebox.css HTTP/1.1" 404 1104
222.70.179.155 - - [28/Oct/2021:08:32:03 +0800] "GET /xingrg/all/common/auto_word.html?type=employee&rest_code=00111 HTTP/1.1" 200 155
222.70.179.155 - - [28/Oct/2021:08:32:03 +0800] "POST /xingrg/kc/buy/cgsh_order_operate.html HTTP/1.1" 200 8245
116.238.248.233 - - [28/Oct/2021:08:32:07 +0800] "GET /xingrg/kc/buy/cgsh_order_operate.html?command=get_materiel&rest_code=00150&code=00101008286&supplier_code=00100007&order_time=2021-10-28 HTTP/1.1" 200 408
114.85.125.222 - - [28/Oct/2021:08:32:07 +0800] "GET /xingrg/all/function/internal_message.html?_=1635381067223&CODE_STATE=getMsg HTTP/1.1" 200 27
222.70.179.155 - - [28/Oct/2021:08:32:09 +0800] "GET /xingrg/javascript/auto/indicator.gif HTTP/1.1" 404 1066
222.70.179.155 - - [28/Oct/2021:08:32:11 +0800] "GET /xingrg/javascript/jquery_tools/images/prev.gif HTTP/1.1" 404 1086
222.70.179.155 - - [28/Oct/2021:08:32:11 +0800] "GET /xingrg/javascript/jquery_tools/images/next.gif HTTP/1.1" 404 1086
116.238.248.233 - - [28/Oct/2021:08:32:13 +0800] "GET /xingrg/kc/buy/cgsh_order_operate.html?command=get_materiel&rest_code=00150&code=00101008131&supplier_code=00100007&order_time=2021-10-28 HTTP/1.1" 200 408
58.221.95.50 - - [28/Oct/2021:08:32:14 +0800] "GET /xingrg/all/function/internal_message.html?_=1635381134376&CODE_STATE=getMsg HTTP/1.1" 200 27
180.169.147.146 - - [28/Oct/2021:08:32:15 +0800] "GET /xingrg/check_reg.html?_=1635381139040 HTTP/1.1" 200 22
180.169.147.146 - - [28/Oct/2021:08:32:15 +0800] "GET /xingrg/all/function/internal_message.html?_=1635381139044&CODE_STATE=getMsg HTTP/1.1" 200 27
114.85.125.222 - - [28/Oct/2021:08:32:18 +0800] "GET /xingrg/kc/buy/cgsh_order_operate.html?command=get_materiel&rest_code=00150&code=00101006229&supplier_code=00100096&order_time=2021-10-28 HTTP/1.1" 200 412
116.238.248.233 - - [28/Oct/2021:08:32:19 +0800] "GET /xingrg/kc/buy/cgsh_order_operate.html?command=get_materiel&rest_code=00150&code=00101008318&supplier_code=00100007&order_time=2021-10-28 HTTP/1.1" 200 408
120.253.135.82 - - [28/Oct/2021:08:32:20 +0800] "GET /xingrg/all/function/internal_message.html?_=1635380911562&CODE_STATE=getMsg HTTP/1.1" 200 27
222.70.179.155 - - [28/Oct/2021:08:32:24 +0800] "GET /xingrg/kc/buy/cgsh_order_operate.html?command=get_materiel&rest_code=00111&code=00101008199&supplier_code=00100005&order_time=2021-10-28 HTTP/1.1" 200 408
116.238.248.233 - - [28/Oct/2021:08:32:26 +0800] "GET /xingrg/kc/buy/cgsh_order_operate.html?command=get_materiel&rest_code=00150&code=00101008098&supplier_code=00100007&order_time=2021-10-28 HTTP/1.1" 200 412
116.238.248.233 - - [28/Oct/2021:08:32:27 +0800] "POST /xingrg/kc/buy/cgsh_order_operate.html HTTP/1.1" 200 2065
114.85.125.222 - - [28/Oct/2021:08:32:29 +0800] "GET /xingrg/kc/buy/cgsh_order_operate.html?command=get_materiel&rest_code=00150&code=00101006184&supplier_code=00100096&order_time=2021-10-28 HTTP/1.1" 200 408
116.238.248.233 - - [28/Oct/2021:08:32:32 +0800] "GET /xingrg/kc/buy/cgsh_order_operate.html?command=get_materiel&rest_code=00150&code=00101008005&supplier_code=00100007&order_time=2021-10-28 HTTP/1.1" 200 412
114.85.125.222 - - [28/Oct/2021:08:32:37 +0800] "GET /xingrg/kc/buy/cgsh_order_operate.html?command=get_materiel&rest_code=00150&code=00101006055&supplier_code=00100096&order_time=2021-10-28 HTTP/1.1" 200 409
222.70.179.155 - - [28/Oct/2021:08:32:38 +0800] "GET /xingrg/kc/buy/cgsh_order_operate.html?command=get_materiel&rest_code=00111&code=00101008270&supplier_code=00100005&order_time=2021-10-28 HTTP/1.1" 200 412
116.238.248.233 - - [28/Oct/2021:08:32:39 +0800] "GET /xingrg/kc/buy/cgsh_order_operate.html?command=get_materiel&rest_code=00150&code=00101008353&supplier_code=00100007&order_time=2021-10-28 HTTP/1.1" 200 408
116.238.248.233 - - [28/Oct/2021:08:32:44 +0800] "GET /xingrg/kc/buy/cgsh_order_operate.html?command=get_materiel&rest_code=00150&code=00101008213&supplier_code=00100007&order_time=2021-10-28 HTTP/1.1" 200 412
114.85.125.222 - - [28/Oct/2021:08:32:44 +0800] "GET /xingrg/kc/buy/cgsh_order_operate.html?command=get_materiel&rest_code=00150&code=00101006194&supplier_code=00100096&order_time=2021-10-28 HTTP/1.1" 200 415
222.70.179.155 - - [28/Oct/2021:08:32:47 +0800] "GET /xingrg/kc/buy/cgsh_order_operate.html?command=get_materiel&rest_code=00111&code=00101008296&supplier_code=00100005&order_time=2021-10-28 HTTP/1.1" 200 416
116.238.248.233 - - [28/Oct/2021:08:32:49 +0800] "GET /xingrg/kc/buy/cgsh_order_operate.html?command=get_materiel&rest_code=00150&code=00101008110&supplier_code=00100007&order_time=2021-10-28 HTTP/1.1" 200 408
222.70.171.86 - - [28/Oct/2021:08:32:51 +0800] "GET /xingrg/all/function/internal_message.html?_=1635381185127&CODE_STATE=getMsg HTTP/1.1" 200 27
116.238.248.233 - - [28/Oct/2021:08:32:52 +0800] "GET /xingrg/all/function/internal_message.html?_=1635381170566&CODE_STATE=getMsg HTTP/1.1" 200 27
222.70.171.86 - - [28/Oct/2021:08:32:53 +0800] "GET /xingrg/all/function/internal_message.html?_=1635381184994&CODE_STATE=getMsg HTTP/1.1" 302 -
222.70.179.155 - - [28/Oct/2021:08:32:54 +0800] "GET /xingrg/kc/buy/cgsh_order_operate.html?command=get_materiel&rest_code=00111&code=00101008361&supplier_code=00100005&order_time=2021-10-28 HTTP/1.1" 200 408
116.238.248.233 - - [28/Oct/2021:08:32:55 +0800] "GET /xingrg/kc/buy/cgsh_order_operate.html?command=get_materiel&rest_code=00150&code=00101008027&supplier_code=00100007&order_time=2021-10-28 HTTP/1.1" 200 409
222.70.179.155 - - [28/Oct/2021:08:32:56 +0800] "GET /xingrg/all/function/internal_message.html?_=1635381175022&CODE_STATE=getMsg HTTP/1.1" 200 27
116.238.248.233 - - [28/Oct/2021:08:32:58 +0800] "POST /xingrg/kc/buy/cgsh_order_operate.html HTTP/1.1" 200 2065
116.238.248.233 - - [28/Oct/2021:08:33:02 +0800] "GET /xingrg/kc/buy/cgsh_order_operate.html?command=get_materiel&rest_code=00150&code=00101008283&supplier_code=00100007&order_time=2021-10-28 HTTP/1.1" 200 408
222.70.179.155 - - [28/Oct/2021:08:33:03 +0800] "GET /xingrg/kc/buy/cgsh_order_operate.html?command=get_materiel&rest_code=00111&code=00101008261&supplier_code=00100005&order_time=2021-10-28 HTTP/1.1" 200 408
58.221.95.50 - - [28/Oct/2021:08:33:05 +0800] "GET /xingrg/check_reg.html?_=1635381186246 HTTP/1.1" 200 22
222.70.171.86 - - [28/Oct/2021:08:33:06 +0800] "GET /favicon.ico HTTP/1.1" 404 -
114.85.125.222 - - [28/Oct/2021:08:33:07 +0800] "GET /xingrg/all/function/internal_message.html?_=1635381127235&CODE_STATE=getMsg HTTP/1.1" 200 27
116.238.248.233 - - [28/Oct/2021:08:33:08 +0800] "GET /xingrg/kc/buy/cgsh_order_operate.html?command=get_materiel&rest_code=00150&code=00101008298&supplier_code=00100007&order_time=2021-10-28 HTTP/1.1" 200 412
114.85.125.222 - - [28/Oct/2021:08:33:09 +0800] "GET /xingrg/kc/buy/cgsh_order_operate.html?command=get_materiel&rest_code=00150&code=00101006109&supplier_code=00100096&order_time=2021-10-28 HTTP/1.1" 200 409
222.70.179.155 - - [28/Oct/2021:08:33:10 +0800] "GET /xingrg/kc/buy/cgsh_order_operate.html?command=get_materiel&rest_code=00111&code=00101008096&supplier_code=00100005&order_time=2021-10-28 HTTP/1.1" 200 412
58.221.95.50 - - [28/Oct/2021:08:33:14 +0800] "GET /xingrg/all/function/internal_message.html?_=1635381194376&CODE_STATE=getMsg HTTP/1.1" 200 27
180.169.147.146 - - [28/Oct/2021:08:33:15 +0800] "GET /xingrg/all/function/internal_message.html?_=1635381199043&CODE_STATE=getMsg HTTP/1.1" 200 27
120.253.135.82 - - [28/Oct/2021:08:33:20 +0800] "GET /xingrg/all/function/internal_message.html?_=1635380971576&CODE_STATE=getMsg HTTP/1.1" 200 27
222.70.179.155 - - [28/Oct/2021:08:33:20 +0800] "GET /xingrg/kc/buy/cgsh_order_operate.html?command=get_materiel&rest_code=00111&code=00101008358&supplier_code=00100005&order_time=2021-10-28 HTTP/1.1" 200 412
114.85.125.222 - - [28/Oct/2021:08:33:21 +0800] "GET /xingrg/kc/buy/cgsh_order_operate.html?command=get_materiel&rest_code=00150&code=00101006111&supplier_code=00100096&order_time=2021-10-28 HTTP/1.1" 200 409
120.253.135.82 - - [28/Oct/2021:08:33:32 +0800] "POST /xingrg/kc/pszx/mdps_list_operate.html HTTP/1.1" 200 1692
114.85.125.222 - - [28/Oct/2021:08:33:34 +0800] "GET /xingrg/kc/buy/cgsh_order_operate.html?command=get_materiel&rest_code=00150&code=00101006013&supplier_code=00100096&order_time=2021-10-28 HTTP/1.1" 200 409
222.70.179.155 - - [28/Oct/2021:08:33:34 +0800] "GET /xingrg/kc/buy/cgsh_order_operate.html?command=get_materiel&rest_code=00111&code=00101008003&supplier_code=00100005&order_time=2021-10-28 HTTP/1.1" 200 408
120.253.135.82 - - [28/Oct/2021:08:33:35 +0800] "POST /xingrg/kc/pszx/mdps_list_operate.html HTTP/1.1" 200 627
120.253.135.82 - - [28/Oct/2021:08:33:38 +0800] "GET /xingrg/kc/pszx/mdps_order_info.html?code=312021102800688 HTTP/1.1" 200 23931
120.253.135.82 - - [28/Oct/2021:08:33:39 +0800] "POST /xingrg/kc/pszx/mdps_order_operate.html HTTP/1.1" 200 6395
120.253.135.82 - - [28/Oct/2021:08:33:39 +0800] "GET /xingrg/javascript/easyui/themes/default/validatebox.css HTTP/1.1" 404 1104
114.85.125.222 - - [28/Oct/2021:08:33:48 +0800] "GET /xingrg/kc/buy/cgsh_order_operate.html?command=get_materiel&rest_code=00150&code=00101006065&supplier_code=00100096&order_time=2021-10-28 HTTP/1.1" 200 409
222.70.171.86 - - [28/Oct/2021:08:33:51 +0800] "GET /xingrg/all/function/internal_message.html?_=1635381245140&CODE_STATE=getMsg HTTP/1.1" 200 27
222.70.179.155 - - [28/Oct/2021:08:33:52 +0800] "GET /xingrg/kc/buy/cgsh_order_operate.html?command=get_materiel&rest_code=00111&code=00101008148&supplier_code=00100005&order_time=2021-10-28 HTTP/1.1" 200 416
120.253.135.82 - - [28/Oct/2021:08:33:52 +0800] "POST /xingrg/kc/pszx/mdps_list_operate.html HTTP/1.1" 200 1692
116.238.248.233 - - [28/Oct/2021:08:33:52 +0800] "GET /xingrg/all/function/internal_message.html?_=1635381230575&CODE_STATE=getMsg HTTP/1.1" 200 27
116.238.248.233 - - [28/Oct/2021:08:33:52 +0800] "GET /xingrg/check_reg.html?_=1635381230577 HTTP/1.1" 200 22
222.70.171.86 - - [28/Oct/2021:08:33:53 +0800] "GET /xingrg/all/function/internal_message.html?_=1635381244999&CODE_STATE=getMsg HTTP/1.1" 302 -
116.238.248.233 - - [28/Oct/2021:08:33:53 +0800] "GET /xingrg/kc/buy/cgsh_order_operate.html?command=get_materiel&rest_code=00150&code=00101008331&supplier_code=00100007&order_time=2021-10-28 HTTP/1.1" 200 416
222.70.179.155 - - [28/Oct/2021:08:33:56 +0800] "GET /xingrg/all/function/internal_message.html?_=1635381235021&CODE_STATE=getMsg HTTP/1.1" 200 27
222.70.179.155 - - [28/Oct/2021:08:34:01 +0800] "GET /xingrg/kc/buy/cgsh_order_operate.html?command=get_materiel&rest_code=00111&code=00101008283&supplier_code=00100005&order_time=2021-10-28 HTTP/1.1" 200 408
120.253.135.82 - - [28/Oct/2021:08:34:05 +0800] "POST /xingrg/kc/pszx/mdps_list_operate.html HTTP/1.1" 200 1692
120.253.135.82 - - [28/Oct/2021:08:34:07 +0800] "POST /xingrg/kc/pszx/mdps_list_operate.html HTTP/1.1" 200 621
114.85.125.222 - - [28/Oct/2021:08:34:07 +0800] "GET /xingrg/all/function/internal_message.html?_=1635381187250&CODE_STATE=getMsg HTTP/1.1" 200 27
120.253.135.82 - - [28/Oct/2021:08:34:08 +0800] "GET /xingrg/kc/pszx/mdps_order_info.html?code=312021102800689 HTTP/1.1" 200 23931
120.253.135.82 - - [28/Oct/2021:08:34:08 +0800] "GET /xingrg/javascript/easyui/themes/default/validatebox.css HTTP/1.1" 404 1104
120.253.135.82 - - [28/Oct/2021:08:34:08 +0800] "POST /xingrg/kc/pszx/mdps_order_operate.html HTTP/1.1" 200 7392
114.85.125.222 - - [28/Oct/2021:08:34:09 +0800] "GET /xingrg/kc/buy/cgsh_order_operate.html?command=get_materiel&rest_code=00150&code=00101007061&supplier_code=00100096&order_time=2021-10-28 HTTP/1.1" 200 411
222.70.179.155 - - [28/Oct/2021:08:34:10 +0800] "GET /xingrg/kc/buy/cgsh_order_operate.html?command=get_materiel&rest_code=00111&code=00101008027&supplier_code=00100005&order_time=2021-10-28 HTTP/1.1" 200 409
58.221.95.50 - - [28/Oct/2021:08:34:14 +0800] "GET /xingrg/all/function/internal_message.html?_=1635381254361&CODE_STATE=getMsg HTTP/1.1" 200 27
180.169.147.146 - - [28/Oct/2021:08:34:15 +0800] "GET /xingrg/all/function/internal_message.html?_=1635381259040&CODE_STATE=getMsg HTTP/1.1" 200 27
116.238.248.233 - - [28/Oct/2021:08:34:17 +0800] "GET /xingrg/kc/buy/cgsh_order_operate.html?command=get_materiel&rest_code=00150&code=00101008223&supplier_code=00100007&order_time=2021-10-28 HTTP/1.1" 200 412
222.70.179.155 - - [28/Oct/2021:08:34:18 +0800] "GET /xingrg/kc/buy/cgsh_order_operate.html?command=get_materiel&rest_code=00111&code=00101008055&supplier_code=00100005&order_time=2021-10-28 HTTP/1.1" 200 409
120.253.135.82 - - [28/Oct/2021:08:34:20 +0800] "GET /xingrg/all/function/internal_message.html?_=1635381031800&CODE_STATE=getMsg HTTP/1.1" 200 27
116.238.248.233 - - [28/Oct/2021:08:34:22 +0800] "POST /xingrg/kc/buy/cgsh_order_operate.html HTTP/1.1" 200 2065
114.85.125.222 - - [28/Oct/2021:08:34:23 +0800] "GET /xingrg/kc/buy/cgsh_order_operate.html?command=get_materiel&rest_code=00150&code=00101007049&supplier_code=00100096&order_time=2021-10-28 HTTP/1.1" 200 409
116.238.248.233 - - [28/Oct/2021:08:34:28 +0800] "GET /xingrg/kc/buy/cgsh_order_operate.html?command=get_materiel&rest_code=00150&code=00101008041&supplier_code=00100007&order_time=2021-10-28 HTTP/1.1" 200 408
114.85.125.222 - - [28/Oct/2021:08:34:30 +0800] "GET /xingrg/kc/buy/cgsh_order_operate.html?command=get_materiel&rest_code=00150&code=00101007021&supplier_code=00100096&order_time=2021-10-28 HTTP/1.1" 200 409
120.253.135.82 - - [28/Oct/2021:08:34:31 +0800] "POST /xingrg/kc/pszx/mdps_list_operate.html HTTP/1.1" 200 1692
114.85.125.222 - - [28/Oct/2021:08:34:40 +0800] "POST /xingrg/kc/buy/cgsh_order_operate.html HTTP/1.1" 200 37
114.85.125.222 - - [28/Oct/2021:08:34:41 +0800] "POST /xingrg/kc/buy/cgsh_order_operate.html HTTP/1.1" 200 13911
222.70.179.155 - - [28/Oct/2021:08:34:41 +0800] "GET /xingrg/kc/buy/cgsh_order_operate.html?command=get_materiel&rest_code=00111&code=00101008257&supplier_code=00100005&order_time=2021-10-28 HTTP/1.1" 200 416
120.253.135.82 - - [28/Oct/2021:08:34:48 +0800] "GET /xingrg/kc/pszx/mdqp_order_list.html?state=10 HTTP/1.1" 200 10217
120.253.135.82 - - [28/Oct/2021:08:34:48 +0800] "POST /xingrg/kc/pszx/mdps_list_operate.html HTTP/1.1" 200 1692
120.253.135.82 - - [28/Oct/2021:08:34:48 +0800] "GET /xingrg/dwr/interface/AjaxReportQueryService.js HTTP/1.1" 200 13203
120.253.135.82 - - [28/Oct/2021:08:34:48 +0800] "GET /xingrg/dwr/interface/AjaxQqpsService.js HTTP/1.1" 200 16326
120.253.135.82 - - [28/Oct/2021:08:34:48 +0800] "GET /xingrg/dwr/engine.js HTTP/1.1" 200 43631
120.253.135.82 - - [28/Oct/2021:08:34:50 +0800] "GET /xingrg/kc/report/report_main.html HTTP/1.1" 200 9370
114.85.125.222 - - [28/Oct/2021:08:34:50 +0800] "GET /xingrg/kc/buy/cgsh_order_operate.html?command=get_materiel&rest_code=00150&code=00101007077&supplier_code=00100096&order_time=2021-10-28 HTTP/1.1" 200 415
222.70.171.86 - - [28/Oct/2021:08:34:52 +0800] "GET /xingrg/all/function/internal_message.html?_=1635381305403&CODE_STATE=getMsg HTTP/1.1" 200 27
116.238.248.233 - - [28/Oct/2021:08:34:52 +0800] "GET /xingrg/all/function/internal_message.html?_=1635381290583&CODE_STATE=getMsg HTTP/1.1" 200 27
222.70.171.86 - - [28/Oct/2021:08:34:53 +0800] "GET /xingrg/all/function/internal_message.html?_=1635381305021&CODE_STATE=getMsg HTTP/1.1" 302 -
222.70.179.155 - - [28/Oct/2021:08:34:54 +0800] "GET /xingrg/kc/buy/cgsh_order_operate.html?command=get_materiel&rest_code=00111&code=00101008244&supplier_code=00100005&order_time=2021-10-28 HTTP/1.1" 200 408
116.238.248.233 - - [28/Oct/2021:08:34:55 +0800] "GET /xingrg/kc/buy/cgsh_order_operate.html?command=get_materiel&rest_code=00150&code=00101008090&supplier_code=00100007&order_time=2021-10-28 HTTP/1.1" 200 409
222.70.179.155 - - [28/Oct/2021:08:34:56 +0800] "GET /xingrg/all/function/internal_message.html?_=1635381295022&CODE_STATE=getMsg HTTP/1.1" 200 27
120.253.135.82 - - [28/Oct/2021:08:34:57 +0800] "GET /xingrg/kc/pszx/mdth_order_list.html HTTP/1.1" 200 18513
120.253.135.82 - - [28/Oct/2021:08:34:57 +0800] "POST /xingrg/kc/pszx/mdth_order_new_list.html HTTP/1.1" 200 4460
114.85.125.222 - - [28/Oct/2021:08:34:58 +0800] "GET /xingrg/kc/buy/cgsh_order_operate.html?command=get_materiel&rest_code=00150&code=00101007081&supplier_code=00100096&order_time=2021-10-28 HTTP/1.1" 200 413
120.253.135.82 - - [28/Oct/2021:08:34:59 +0800] "POST /xingrg/kc/pszx/mdth_order_new_list.html HTTP/1.1" 200 286
116.238.248.233 - - [28/Oct/2021:08:35:02 +0800] "GET /xingrg/kc/buy/cgsh_order_operate.html?command=get_materiel&rest_code=00150&code=00101008236&supplier_code=00100007&order_time=2021-10-28 HTTP/1.1" 200 416
116.238.248.233 - - [28/Oct/2021:08:35:03 +0800] "POST /xingrg/kc/buy/cgsh_order_operate.html HTTP/1.1" 200 2065
114.85.125.222 - - [28/Oct/2021:08:35:07 +0800] "GET /xingrg/all/function/internal_message.html?_=1635381247262&CODE_STATE=getMsg HTTP/1.1" 200 27
116.238.248.233 - - [28/Oct/2021:08:35:13 +0800] "GET /xingrg/kc/buy/cgsh_order_operate.html?command=get_materiel&rest_code=00150&code=00101008168&supplier_code=00100007&order_time=2021-10-28 HTTP/1.1" 200 412
58.221.95.50 - - [28/Oct/2021:08:35:13 +0800] "GET /xingrg/all/function/internal_message.html?_=1635381314349&CODE_STATE=getMsg HTTP/1.1" 200 27
114.85.125.222 - - [28/Oct/2021:08:35:14 +0800] "GET /xingrg/kc/buy/cgsh_order_operate.html?command=get_materiel&rest_code=00150&code=00101007071&supplier_code=00100096&order_time=2021-10-28 HTTP/1.1" 200 417
180.169.147.146 - - [28/Oct/2021:08:35:15 +0800] "GET /xingrg/all/function/internal_message.html?_=1635381319040&CODE_STATE=getMsg HTTP/1.1" 200 27
120.253.135.82 - - [28/Oct/2021:08:35:18 +0800] "GET /xingrg/check_reg.html?_=1635381089451 HTTP/1.1" 200 22
222.70.179.155 - - [28/Oct/2021:08:35:19 +0800] "GET /xingrg/kc/buy/cgsh_order_operate.html?command=get_materiel&rest_code=00111&code=00101008067&supplier_code=00100005&order_time=2021-10-28 HTTP/1.1" 200 416
116.238.248.233 - - [28/Oct/2021:08:35:20 +0800] "GET /xingrg/kc/buy/cgsh_order_operate.html?command=get_materiel&rest_code=00150&code=00101008114&supplier_code=00100007&order_time=2021-10-28 HTTP/1.1" 200 412
120.253.135.82 - - [28/Oct/2021:08:35:20 +0800] "GET /xingrg/all/function/internal_message.html?_=1635381091807&CODE_STATE=getMsg HTTP/1.1" 200 27
120.253.135.82 - - [28/Oct/2021:08:35:24 +0800] "POST /xingrg/kc/pszx/mdth_order_new_list.html HTTP/1.1" 200 213
120.253.135.82 - - [28/Oct/2021:08:35:25 +0800] "GET /xingrg/kc/pszx/mdth_order_info.html?code=322021100400002 HTTP/1.1" 200 22210
120.253.135.82 - - [28/Oct/2021:08:35:25 +0800] "GET /xingrg/all/common/auto_word.html?type=employee&rest_code=00101 HTTP/1.1" 200 1173
120.253.135.82 - - [28/Oct/2021:08:35:25 +0800] "GET /xingrg/javascript/easyui/themes/default/validatebox.css HTTP/1.1" 404 1104
120.253.135.82 - - [28/Oct/2021:08:35:25 +0800] "POST /xingrg/kc/pszx/mdth_order_new_info.html HTTP/1.1" 200 298
116.238.248.233 - - [28/Oct/2021:08:35:27 +0800] "GET /xingrg/kc/buy/cgsh_order_operate.html?command=get_materiel&rest_code=00150&code=00101008095&supplier_code=00100007&order_time=2021-10-28 HTTP/1.1" 200 412
222.70.171.86 - - [28/Oct/2021:08:35:33 +0800] "GET /xingrg/check_reg.html?_=1635381345062 HTTP/1.1" 302 -
120.253.135.82 - - [28/Oct/2021:08:35:34 +0800] "GET /xingrg/kc/pszx/mdqp_order_list.html?state=10 HTTP/1.1" 200 10217
120.253.135.82 - - [28/Oct/2021:08:35:34 +0800] "POST /xingrg/kc/pszx/mdth_order_new_list.html HTTP/1.1" 200 4460
