116.238.248.233 - - [27/Oct/2021:10:55:11 +0800] "GET /xingrg/all/function/internal_message.html?_=1635303309307&CODE_STATE=getMsg HTTP/1.1" 200 27
116.238.248.233 - - [27/Oct/2021:10:55:11 +0800] "GET /xingrg/check_reg.html?_=1635303309964 HTTP/1.1" 200 22
101.85.106.134 - - [27/Oct/2021:10:55:12 +0800] "GET /xingrg/all/function/internal_message.html?_=1635303311425&CODE_STATE=getMsg HTTP/1.1" 200 27
120.253.135.82 - - [27/Oct/2021:10:55:13 +0800] "POST /xingrg/kc/pszx/mdps_list_operate.html HTTP/1.1" 200 1690
124.78.153.86 - - [27/Oct/2021:10:55:15 +0800] "GET /xingrg/kc/base/wldb_order_operate.html?command=get_materiel&rest_code=00106&base_code=0010396&code=00101019391 HTTP/1.1" 200 471
58.39.139.200 - - [27/Oct/2021:10:55:16 +0800] "GET /xingrg/all/function/internal_message.html?_=1635303316926&CODE_STATE=getMsg HTTP/1.1" 200 27
114.85.125.222 - - [27/Oct/2021:10:55:16 +0800] "GET /xingrg/all/function/internal_message.html?_=1635303257449&CODE_STATE=getMsg HTTP/1.1" 200 27
222.70.171.86 - - [27/Oct/2021:10:55:17 +0800] "GET /xingrg/kc/buy/cgsh_order_operate.html?command=get_materiel&rest_code=00146&code=00101008248&supplier_code=00100005&order_time=2021-10-27 HTTP/1.1" 200 412
180.174.227.63 - - [27/Oct/2021:10:55:17 +0800] "GET /xingrg/all/function/internal_message.html?_=1635303305456&CODE_STATE=getMsg HTTP/1.1" 200 27
116.227.210.113 - - [27/Oct/2021:10:55:17 +0800] "POST /xingrg/login.do HTTP/1.1" 302 -
116.227.210.113 - - [27/Oct/2021:10:55:17 +0800] "GET /xingrg/index.html?sysBaseUrl=http%3A%2F%2F180.169.147.146%3A18081%2Fxingrg%2F&costTime=49×tamp=1635303317565 HTTP/1.1" 200 17179
116.227.210.113 - - [27/Oct/2021:10:55:17 +0800] "GET /favicon.ico HTTP/1.1" 404 -
116.227.210.113 - - [27/Oct/2021:10:55:17 +0800] "POST /xingrg/all/common/load_tree.html?tree=area_rest_tree_json&manage=1 HTTP/1.1" 200 351
116.227.210.113 - - [27/Oct/2021:10:55:18 +0800] "GET /xingrg/all/function/internal_message.html?_=1635303306672&CODE_STATE=count HTTP/1.1" 200 11
116.227.210.113 - - [27/Oct/2021:10:55:18 +0800] "GET /xingrg/check_reg.html?_=1635303306673 HTTP/1.1" 200 22
116.227.210.113 - - [27/Oct/2021:10:55:18 +0800] "POST /xingrg/load_menu.html HTTP/1.1" 200 5138
120.253.135.82 - - [27/Oct/2021:10:55:18 +0800] "GET /xingrg/all/function/internal_message.html?_=1635303090675&CODE_STATE=getMsg HTTP/1.1" 200 27
116.233.78.79 - - [27/Oct/2021:10:55:19 +0800] "GET /xingrg/all/function/internal_message.html?_=1635303320132&CODE_STATE=getMsg HTTP/1.1" 200 27
120.253.135.82 - - [27/Oct/2021:10:55:20 +0800] "GET /xingrg/all/function/internal_message.html?_=1635303293093&CODE_STATE=getMsg HTTP/1.1" 200 27
116.227.210.113 - - [27/Oct/2021:10:55:20 +0800] "GET /xingrg/kc/report/report_main.html HTTP/1.1" 200 7345
116.227.210.113 - - [27/Oct/2021:10:55:22 +0800] "GET /xingrg/kc/base/kc_stocks.html HTTP/1.1" 200 16443
116.227.210.113 - - [27/Oct/2021:10:55:23 +0800] "GET /xingrg/javascript/easyui/themes/default/tree.css HTTP/1.1" 404 1090
116.227.210.113 - - [27/Oct/2021:10:55:23 +0800] "GET /xingrg/all/common/auto_word.html?type=base&rest_code=00155 HTTP/1.1" 200 1707
116.227.210.113 - - [27/Oct/2021:10:55:23 +0800] "POST /xingrg/all/common/load_tree.html?tree=materiel_sort_tree_json HTTP/1.1" 200 8912
124.78.153.86 - - [27/Oct/2021:10:55:26 +0800] "GET /xingrg/kc/base/wldb_order_operate.html?command=get_materiel&rest_code=00106&base_code=0010396&code=00101019258 HTTP/1.1" 200 469
116.227.210.113 - - [27/Oct/2021:10:55:30 +0800] "POST /xingrg/kc/base/stock_operate.html HTTP/1.1" 200 1954
58.221.95.50 - - [27/Oct/2021:10:55:31 +0800] "GET /xingrg/all/function/internal_message.html?_=1635303332336&CODE_STATE=getMsg HTTP/1.1" 200 27
116.227.210.113 - - [27/Oct/2021:10:55:32 +0800] "GET /xingrg/kc/base/stock_detail.html?m=00102002433 HTTP/1.1" 200 7243
222.70.171.86 - - [27/Oct/2021:10:55:33 +0800] "GET /xingrg/all/function/internal_message.html?_=1635303343357&CODE_STATE=getMsg HTTP/1.1" 200 27
116.227.210.113 - - [27/Oct/2021:10:55:37 +0800] "GET /xingrg/kc/base/stock_operate.html?_=1635303326032&command=get_report_file&start_day=20191001 HTTP/1.1" 200 21
116.227.210.113 - - [27/Oct/2021:10:55:37 +0800] "GET /xingrg/all/report/report_query.html?isQuery=1&onlyBody=1&rh=2000&fileName=kc/base/kc_stock_detail.xml&queryString=(1=1)&queryText=&tableQueryString=init_table$sp1$$sp$crk_table$sp1$order_day%20between%2020191001%20and%2020211031&varString=start_day:20191001,materiel_code:00102002433,cost_id:undefined,end_date:undefined HTTP/1.1" 200 48699
116.227.210.113 - - [27/Oct/2021:10:55:37 +0800] "GET /xingrg/dwr/interface/AjaxReportQueryService.js HTTP/1.1" 200 13203
116.227.210.113 - - [27/Oct/2021:10:55:37 +0800] "GET /xingrg/dwr/engine.js HTTP/1.1" 200 43631
116.227.210.113 - - [27/Oct/2021:10:55:37 +0800] "GET /xingrg/dwr/util.js HTTP/1.1" 200 35990
124.78.153.86 - - [27/Oct/2021:10:55:38 +0800] "GET /xingrg/all/function/internal_message.html?_=1635303339626&CODE_STATE=getMsg HTTP/1.1" 200 27
120.253.135.82 - - [27/Oct/2021:10:55:38 +0800] "POST /xingrg/kc/pszx/mdps_list_operate.html HTTP/1.1" 200 205
116.227.210.113 - - [27/Oct/2021:10:55:38 +0800] "POST /xingrg/all/report/load_report_page.html HTTP/1.1" 200 30114
116.227.210.113 - - [27/Oct/2021:10:55:38 +0800] "GET /xingrg/servlets/image?cache=0.6267438266353156&image=px HTTP/1.1" 200 807
120.253.135.82 - - [27/Oct/2021:10:55:38 +0800] "GET /xingrg/kc/pszx/mdps_order_info.html?code=312021102500615 HTTP/1.1" 200 23931
120.253.135.82 - - [27/Oct/2021:10:55:39 +0800] "GET /xingrg/javascript/easyui/themes/default/validatebox.css HTTP/1.1" 404 1104
120.253.135.82 - - [27/Oct/2021:10:55:39 +0800] "POST /xingrg/kc/pszx/mdps_order_operate.html HTTP/1.1" 200 2279
180.169.147.146 - - [27/Oct/2021:10:55:39 +0800] "GET /xingrg/all/function/internal_message.html?_=1635303340353&CODE_STATE=getMsg HTTP/1.1" 200 27
124.78.153.86 - - [27/Oct/2021:10:55:40 +0800] "GET /xingrg/kc/base/wldb_order_operate.html?command=get_materiel&rest_code=00106&base_code=0010396&code=00101016083 HTTP/1.1" 200 450
222.69.131.198 - - [27/Oct/2021:10:55:41 +0800] "GET /xingrg/all/function/internal_message.html?_=1635303342570&CODE_STATE=getMsg HTTP/1.1" 200 27
222.70.179.155 - - [27/Oct/2021:10:55:42 +0800] "GET /xingrg/check_reg.html?_=1635303341731 HTTP/1.1" 200 22
222.70.179.155 - - [27/Oct/2021:10:55:42 +0800] "GET /xingrg/all/function/internal_message.html?_=1635303341733&CODE_STATE=getMsg HTTP/1.1" 200 27
222.69.131.198 - - [27/Oct/2021:10:55:42 +0800] "GET /xingrg/check_reg.html?_=1635303343942 HTTP/1.1" 200 22
120.253.135.82 - - [27/Oct/2021:10:55:46 +0800] "POST /xingrg/kc/pszx/mdps_order_operate.html HTTP/1.1" 200 37
120.253.135.82 - - [27/Oct/2021:10:55:46 +0800] "GET /xingrg/kc/pszx/mdps_order_info.html?code=312021102500615 HTTP/1.1" 200 23931
120.253.135.82 - - [27/Oct/2021:10:55:47 +0800] "GET /xingrg/javascript/easyui/themes/default/validatebox.css HTTP/1.1" 404 1104
120.253.135.82 - - [27/Oct/2021:10:55:47 +0800] "POST /xingrg/kc/pszx/mdps_order_operate.html HTTP/1.1" 200 2279
120.253.135.82 - - [27/Oct/2021:10:55:48 +0800] "POST /xingrg/kc/pszx/mdps_list_operate.html HTTP/1.1" 200 1690
222.70.171.86 - - [27/Oct/2021:10:55:49 +0800] "GET /xingrg/all/function/internal_message.html?_=1635303357802&CODE_STATE=getMsg HTTP/1.1" 302 -
116.227.210.113 - - [27/Oct/2021:10:55:52 +0800] "GET /xingrg/kc/buy/cgsh_order_list.html HTTP/1.1" 200 48947
116.227.210.113 - - [27/Oct/2021:10:55:52 +0800] "POST /xingrg/kc/buy/cgsh_list_operate.html HTTP/1.1" 200 876
180.169.147.146 - - [27/Oct/2021:10:55:54 +0800] "GET /xingrg/all/function/internal_message.html?_=1635303355357&CODE_STATE=getMsg HTTP/1.1" 200 27
120.253.135.82 - - [27/Oct/2021:10:55:56 +0800] "GET /xingrg/kc/buy/cgsh_order_list.html HTTP/1.1" 200 48941
120.253.135.82 - - [27/Oct/2021:10:55:57 +0800] "POST /xingrg/kc/buy/cgsh_list_operate.html HTTP/1.1" 200 876
120.253.135.82 - - [27/Oct/2021:10:56:00 +0800] "GET /xingrg/kc/buy/cgsh_order_add.html HTTP/1.1" 200 63740
120.253.135.82 - - [27/Oct/2021:10:56:00 +0800] "POST /xingrg/kc/buy/cgsh_order_operate.html HTTP/1.1" 200 8245
120.253.135.82 - - [27/Oct/2021:10:56:00 +0800] "GET /xingrg/javascript/easyui/themes/default/validatebox.css HTTP/1.1" 404 1104
180.169.147.146 - - [27/Oct/2021:10:56:02 +0800] "POST /xingrg/kc/buy/cgsh_order_operate.html HTTP/1.1" 200 6839
180.169.147.146 - - [27/Oct/2021:10:56:03 +0800] "GET /xingrg/all/function/internal_message.html?_=1635303361462&CODE_STATE=getMsg HTTP/1.1" 200 27
124.78.153.86 - - [27/Oct/2021:10:56:07 +0800] "GET /xingrg/kc/base/wldb_order_operate.html?command=get_materiel&rest_code=00106&base_code=0010396&code=00101016044 HTTP/1.1" 200 466
120.253.135.82 - - [27/Oct/2021:10:56:07 +0800] "POST /xingrg/all/common/load_combo.html?type=employee HTTP/1.1" 200 2101
180.169.147.146 - - [27/Oct/2021:10:56:10 +0800] "GET /xingrg/kc/print/load_data.html?order_code=212021102711912&kc_code=cgsh&condition= HTTP/1.1" 200 2276
116.238.248.233 - - [27/Oct/2021:10:56:10 +0800] "GET /xingrg/all/function/internal_message.html?_=1635303369292&CODE_STATE=getMsg HTTP/1.1" 200 27
101.85.106.134 - - [27/Oct/2021:10:56:12 +0800] "GET /xingrg/all/function/internal_message.html?_=1635303371427&CODE_STATE=getMsg HTTP/1.1" 200 27
180.169.147.146 - - [27/Oct/2021:10:56:13 +0800] "GET /xingrg/kc/buy/cgsh_order_add.html HTTP/1.1" 200 64647
180.169.147.146 - - [27/Oct/2021:10:56:13 +0800] "POST /xingrg/kc/buy/cgsh_order_operate.html HTTP/1.1" 200 8245
180.169.147.146 - - [27/Oct/2021:10:56:13 +0800] "GET /xingrg/javascript/easyui/themes/default/validatebox.css HTTP/1.1" 404 1104
222.70.171.86 - - [27/Oct/2021:10:56:13 +0800] "GET /xingrg/kc/buy/cgsh_order_operate.html?command=get_materiel&rest_code=00146&code=00101008207&supplier_code=00100005&order_time=2021-10-27 HTTP/1.1" 200 408
58.39.139.200 - - [27/Oct/2021:10:56:16 +0800] "GET /xingrg/all/function/internal_message.html?_=1635303376925&CODE_STATE=getMsg HTTP/1.1" 200 27
114.85.125.222 - - [27/Oct/2021:10:56:16 +0800] "GET /xingrg/all/function/internal_message.html?_=1635303317466&CODE_STATE=getMsg HTTP/1.1" 200 27
124.78.153.86 - - [27/Oct/2021:10:56:17 +0800] "GET /xingrg/kc/base/wldb_order_operate.html?command=get_materiel&rest_code=00106&base_code=0010396&code=00101019503 HTTP/1.1" 200 467
180.174.227.63 - - [27/Oct/2021:10:56:18 +0800] "GET /xingrg/all/function/internal_message.html?_=1635303366119&CODE_STATE=getMsg HTTP/1.1" 200 27
116.227.210.113 - - [27/Oct/2021:10:56:18 +0800] "GET /xingrg/all/function/internal_message.html?_=1635303366694&CODE_STATE=getMsg HTTP/1.1" 200 27
120.253.135.82 - - [27/Oct/2021:10:56:19 +0800] "GET /xingrg/all/function/internal_message.html?_=1635303150788&CODE_STATE=getMsg HTTP/1.1" 200 27
116.233.78.79 - - [27/Oct/2021:10:56:19 +0800] "GET /xingrg/all/function/internal_message.html?_=1635303380134&CODE_STATE=getMsg HTTP/1.1" 200 27
120.253.135.82 - - [27/Oct/2021:10:56:20 +0800] "GET /xingrg/all/function/internal_message.html?_=1635303353107&CODE_STATE=getMsg HTTP/1.1" 200 27
120.253.135.82 - - [27/Oct/2021:10:56:21 +0800] "GET /xingrg/kc/buy/cgsh_order_operate.html?command=get_materiel&rest_code=00101&code=00101006002&supplier_code=00100139&order_time=2021-10-27 HTTP/1.1" 200 419
58.221.95.50 - - [27/Oct/2021:10:56:31 +0800] "GET /xingrg/all/function/internal_message.html?_=1635303392320&CODE_STATE=getMsg HTTP/1.1" 200 27
222.70.171.86 - - [27/Oct/2021:10:56:33 +0800] "GET /xingrg/all/function/internal_message.html?_=1635303403370&CODE_STATE=getMsg HTTP/1.1" 200 27
120.253.135.82 - - [27/Oct/2021:10:56:37 +0800] "POST /xingrg/kc/buy/cgsh_order_operate.html HTTP/1.1" 200 37
124.78.153.86 - - [27/Oct/2021:10:56:38 +0800] "GET /xingrg/all/function/internal_message.html?_=1635303399597&CODE_STATE=getMsg HTTP/1.1" 200 27
180.169.147.146 - - [27/Oct/2021:10:56:39 +0800] "GET /xingrg/kc/buy/cgsh_order_operate.html?command=get_materiel&rest_code=00147&code=00101007072&supplier_code=00100004&order_time=2021-10-27 HTTP/1.1" 200 413
180.174.227.63 - - [27/Oct/2021:10:56:39 +0800] "GET /xingrg/check_reg.html?_=1635303387466 HTTP/1.1" 200 22
120.253.135.82 - - [27/Oct/2021:10:56:39 +0800] "POST /xingrg/kc/buy/cgsh_order_operate.html HTTP/1.1" 200 2669
180.169.147.146 - - [27/Oct/2021:10:56:39 +0800] "GET /xingrg/all/function/internal_message.html?_=1635303400349&CODE_STATE=getMsg HTTP/1.1" 200 27
58.37.227.186 - - [27/Oct/2021:10:56:40 +0800] "GET /xingrg/check_reg.html?_=1635303243857 HTTP/1.1" 200 22
124.78.153.86 - - [27/Oct/2021:10:56:41 +0800] "GET /xingrg/kc/base/wldb_order_operate.html?command=get_materiel&rest_code=00106&base_code=0010396&code=00101016020 HTTP/1.1" 200 446
222.69.131.198 - - [27/Oct/2021:10:56:41 +0800] "GET /xingrg/all/function/internal_message.html?_=1635303402555&CODE_STATE=getMsg HTTP/1.1" 200 27
222.70.179.155 - - [27/Oct/2021:10:56:42 +0800] "GET /xingrg/all/function/internal_message.html?_=1635303401731&CODE_STATE=getMsg HTTP/1.1" 200 27
180.169.147.146 - - [27/Oct/2021:10:56:48 +0800] "POST /xingrg/kc/buy/cgsh_order_operate.html HTTP/1.1" 200 37
222.70.171.86 - - [27/Oct/2021:10:56:49 +0800] "GET /xingrg/all/function/internal_message.html?_=1635303417821&CODE_STATE=getMsg HTTP/1.1" 302 -
180.169.147.146 - - [27/Oct/2021:10:56:49 +0800] "POST /xingrg/kc/buy/cgsh_order_operate.html HTTP/1.1" 200 2658
180.169.147.146 - - [27/Oct/2021:10:56:50 +0800] "GET /xingrg/kc/print/load_data.html?order_code=212021102711914&kc_code=cgsh&condition= HTTP/1.1" 200 728
180.169.147.146 - - [27/Oct/2021:10:56:52 +0800] "GET /xingrg/kc/buy/cgsh_order_add.html HTTP/1.1" 200 64647
180.169.147.146 - - [27/Oct/2021:10:56:53 +0800] "GET /xingrg/javascript/easyui/themes/default/validatebox.css HTTP/1.1" 404 1104
180.169.147.146 - - [27/Oct/2021:10:56:53 +0800] "POST /xingrg/kc/buy/cgsh_order_operate.html HTTP/1.1" 200 8245
180.169.147.146 - - [27/Oct/2021:10:56:54 +0800] "GET /xingrg/all/function/internal_message.html?_=1635303415357&CODE_STATE=getMsg HTTP/1.1" 200 27
180.169.147.146 - - [27/Oct/2021:10:56:55 +0800] "POST /xingrg/dwr/call/plaincall/AjaxReportQueryService.refreshCache.dwr HTTP/1.1" 200 78
120.253.135.82 - - [27/Oct/2021:10:56:55 +0800] "POST /xingrg/kc/buy/cgsh_order_operate.html HTTP/1.1" 200 37
180.169.147.146 - - [27/Oct/2021:10:56:58 +0800] "POST /xingrg/all/report/load_report_page.html HTTP/1.1" 200 363498
180.169.147.146 - - [27/Oct/2021:10:56:58 +0800] "GET /xingrg/servlets/image?cache=0.23496379277870416&image=px HTTP/1.1" 200 807
120.253.135.82 - - [27/Oct/2021:10:57:00 +0800] "POST /xingrg/kc/buy/cgsh_order_operate.html HTTP/1.1" 200 12
120.253.135.82 - - [27/Oct/2021:10:57:02 +0800] "GET /xingrg/kc/buy/cgsh_order_info.html?code=212021102711913 HTTP/1.1" 200 58649
120.253.135.82 - - [27/Oct/2021:10:57:03 +0800] "GET /xingrg/javascript/easyui/themes/default/validatebox.css HTTP/1.1" 404 1104
180.169.147.146 - - [27/Oct/2021:10:57:03 +0800] "GET /xingrg/check_reg.html?_=1635303421442 HTTP/1.1" 200 22
180.169.147.146 - - [27/Oct/2021:10:57:03 +0800] "GET /xingrg/all/function/internal_message.html?_=1635303421445&CODE_STATE=getMsg HTTP/1.1" 200 27
120.253.135.82 - - [27/Oct/2021:10:57:03 +0800] "POST /xingrg/kc/buy/cgsh_order_operate.html HTTP/1.1" 200 619
120.253.135.82 - - [27/Oct/2021:10:57:05 +0800] "GET /xingrg/kc/print/report_design.html?orderType=cgsh HTTP/1.1" 200 8625
120.253.135.82 - - [27/Oct/2021:10:57:05 +0800] "GET /xingrg/css/design.css HTTP/1.1" 200 2477
120.253.135.82 - - [27/Oct/2021:10:57:06 +0800] "GET /xingrg/javascript/easyui/jquery.easyui.min.js HTTP/1.1" 200 272531
120.253.135.82 - - [27/Oct/2021:10:57:06 +0800] "GET /xingrg/javascript/print/report.helper.js HTTP/1.1" 200 7208
120.253.135.82 - - [27/Oct/2021:10:57:06 +0800] "GET /xingrg/javascript/print/report.js HTTP/1.1" 200 10993
120.253.135.82 - - [27/Oct/2021:10:57:06 +0800] "GET /xingrg/javascript/easyui/themes/sunny/images/ui-bg_highlight-soft_100_feeebd_1x100.png HTTP/1.1" 200 108
120.253.135.82 - - [27/Oct/2021:10:57:06 +0800] "GET /xingrg/javascript/easyui/themes/sunny/images/ui-bg_gloss-wave_45_817865_500x100.png HTTP/1.1" 200 3971
120.253.135.82 - - [27/Oct/2021:10:57:06 +0800] "GET /xingrg/javascript/easyui/themes/sunny/images/ui-icons_fadc7a_256x240.png HTTP/1.1" 200 4369
120.253.135.82 - - [27/Oct/2021:10:57:06 +0800] "GET /xingrg/javascript/easyui/themes/sunny/images/blank.gif HTTP/1.1" 200 43
120.253.135.82 - - [27/Oct/2021:10:57:06 +0800] "GET /xingrg/javascript/easyui/themes/sunny/images/ui-icons_bd7b00_256x240.png HTTP/1.1" 200 4369
120.253.135.82 - - [27/Oct/2021:10:57:06 +0800] "GET /xingrg/javascript/easyui/themes/sunny/images/ui-bg_gloss-wave_70_ffdd57_500x100.png HTTP/1.1" 200 3830
120.253.135.82 - - [27/Oct/2021:10:57:06 +0800] "GET /xingrg/kc/print/design_operate.html?_=1635303198037&command=load_config&code=cgsh HTTP/1.1" 200 3167
120.253.135.82 - - [27/Oct/2021:10:57:06 +0800] "GET /favicon.ico HTTP/1.1" 404 -
120.253.135.82 - - [27/Oct/2021:10:57:06 +0800] "GET /xingrg/css/images/background.png HTTP/1.1" 200 137
120.253.135.82 - - [27/Oct/2021:10:57:09 +0800] "GET /xingrg/kc/print/load_data.html?order_code=212021102711913&kc_code=cgsh&condition= HTTP/1.1" 200 756
116.238.248.233 - - [27/Oct/2021:10:57:10 +0800] "GET /xingrg/all/function/internal_message.html?_=1635303429279&CODE_STATE=getMsg HTTP/1.1" 200 27
101.85.106.134 - - [27/Oct/2021:10:57:13 +0800] "GET /xingrg/all/function/internal_message.html?_=1635303431429&CODE_STATE=getMsg HTTP/1.1" 200 27
222.70.171.86 - - [27/Oct/2021:10:57:15 +0800] "GET /xingrg/kc/buy/cgsh_order_operate.html?command=get_materiel&rest_code=00146&code=00101008351&supplier_code=00100005&order_time=2021-10-27 HTTP/1.1" 200 408
58.39.139.200 - - [27/Oct/2021:10:57:16 +0800] "GET /xingrg/all/function/internal_message.html?_=1635303436926&CODE_STATE=getMsg HTTP/1.1" 200 27
114.85.125.222 - - [27/Oct/2021:10:57:16 +0800] "GET /xingrg/all/function/internal_message.html?_=1635303377476&CODE_STATE=getMsg HTTP/1.1" 200 27
180.174.227.63 - - [27/Oct/2021:10:57:18 +0800] "GET /xingrg/all/function/internal_message.html?_=1635303426123&CODE_STATE=getMsg HTTP/1.1" 200 27
116.227.210.113 - - [27/Oct/2021:10:57:18 +0800] "GET /xingrg/all/function/internal_message.html?_=1635303426692&CODE_STATE=getMsg HTTP/1.1" 200 27
120.253.135.82 - - [27/Oct/2021:10:57:19 +0800] "GET /xingrg/all/function/internal_message.html?_=1635303210788&CODE_STATE=getMsg HTTP/1.1" 200 27
116.233.78.79 - - [27/Oct/2021:10:57:19 +0800] "GET /xingrg/all/function/internal_message.html?_=1635303440137&CODE_STATE=getMsg HTTP/1.1" 200 27
120.253.135.82 - - [27/Oct/2021:10:57:20 +0800] "GET /xingrg/all/function/internal_message.html?_=1635303413135&CODE_STATE=getMsg HTTP/1.1" 200 27
180.169.147.146 - - [27/Oct/2021:10:57:23 +0800] "GET /xingrg/kc/buy/cgsh_order_operate.html?command=get_materiel&rest_code=00147&code=00101008150&supplier_code=00100006&order_time=2021-10-27 HTTP/1.1" 200 409
222.70.171.86 - - [27/Oct/2021:10:57:24 +0800] "GET /xingrg/kc/buy/cgsh_order_operate.html?command=get_materiel&rest_code=00146&code=00101008502&supplier_code=00100005&order_time=2021-10-27 HTTP/1.1" 200 398
58.221.95.50 - - [27/Oct/2021:10:57:31 +0800] "GET /xingrg/all/function/internal_message.html?_=1635303452303&CODE_STATE=getMsg HTTP/1.1" 200 27
222.70.171.86 - - [27/Oct/2021:10:57:33 +0800] "GET /xingrg/check_reg.html?_=1635303463324 HTTP/1.1" 200 22
222.70.171.86 - - [27/Oct/2021:10:57:33 +0800] "GET /xingrg/all/function/internal_message.html?_=1635303463385&CODE_STATE=getMsg HTTP/1.1" 200 27
180.169.147.146 - - [27/Oct/2021:10:57:34 +0800] "GET /xingrg/kc/buy/buy_main.html HTTP/1.1" 200 12412
180.169.147.146 - - [27/Oct/2021:10:57:34 +0800] "GET /xingrg/css/new_ie.css HTTP/1.1" 404 1036
180.169.147.146 - - [27/Oct/2021:10:57:35 +0800] "GET /xingrg/images/yd/bt.gif HTTP/1.1" 404 1040
222.70.171.86 - - [27/Oct/2021:10:57:35 +0800] "GET /xingrg/kc/buy/cgsh_order_operate.html?command=get_materiel&rest_code=00146&code=00101008003&supplier_code=00100005&order_time=2021-10-27 HTTP/1.1" 200 408
180.169.147.146 - - [27/Oct/2021:10:57:36 +0800] "GET /xingrg/kc/buy/cgsh_order_list.html HTTP/1.1" 200 48947
124.78.153.86 - - [27/Oct/2021:10:57:38 +0800] "GET /xingrg/all/function/internal_message.html?_=1635303459568&CODE_STATE=getMsg HTTP/1.1" 200 27
180.169.147.146 - - [27/Oct/2021:10:57:39 +0800] "GET /xingrg/all/function/internal_message.html?_=1635303460344&CODE_STATE=getMsg HTTP/1.1" 200 27
222.69.131.198 - - [27/Oct/2021:10:57:41 +0800] "GET /xingrg/all/function/internal_message.html?_=1635303462540&CODE_STATE=getMsg HTTP/1.1" 200 27
222.70.179.155 - - [27/Oct/2021:10:57:42 +0800] "GET /xingrg/all/function/internal_message.html?_=1635303461731&CODE_STATE=getMsg HTTP/1.1" 200 27
222.70.171.86 - - [27/Oct/2021:10:57:46 +0800] "GET /xingrg/kc/buy/cgsh_order_operate.html?command=get_materiel&rest_code=00146&code=00101008087&supplier_code=00100005&order_time=2021-10-27 HTTP/1.1" 200 412
222.70.171.86 - - [27/Oct/2021:10:57:49 +0800] "GET /xingrg/all/function/internal_message.html?_=1635303477829&CODE_STATE=getMsg HTTP/1.1" 302 -
180.162.112.229 - - [27/Oct/2021:10:57:50 +0800] "GET /xingrg HTTP/1.1" 302 -
180.162.112.229 - - [27/Oct/2021:10:57:51 +0800] "GET /xingrg/index.html HTTP/1.1" 302 -
180.162.112.229 - - [27/Oct/2021:10:57:51 +0800] "GET /favicon.ico HTTP/1.1" 404 -
180.162.112.229 - - [27/Oct/2021:10:57:51 +0800] "GET /xingrg/login.html HTTP/1.1" 200 7641
180.162.112.229 - - [27/Oct/2021:10:57:51 +0800] "GET /favicon.ico HTTP/1.1" 404 -
180.169.147.146 - - [27/Oct/2021:10:57:54 +0800] "GET /xingrg/check_reg.html?_=1635303475356 HTTP/1.1" 200 22
180.169.147.146 - - [27/Oct/2021:10:57:54 +0800] "GET /xingrg/all/function/internal_message.html?_=1635303475359&CODE_STATE=getMsg HTTP/1.1" 200 27
124.78.153.86 - - [27/Oct/2021:10:57:56 +0800] "POST /xingrg/kc/base/wldb_order_operate.html HTTP/1.1" 200 37
124.78.153.86 - - [27/Oct/2021:10:57:56 +0800] "POST /xingrg/kc/base/wldb_order_operate.html HTTP/1.1" 200 6712
124.78.153.86 - - [27/Oct/2021:10:57:57 +0800] "GET /xingrg/kc/base/wldb_order_info.html?code=422021102702758 HTTP/1.1" 200 30453
124.78.153.86 - - [27/Oct/2021:10:57:57 +0800] "GET /xingrg/javascript/easyui/themes/default/validatebox.css HTTP/1.1" 404 1104
124.78.153.86 - - [27/Oct/2021:10:57:57 +0800] "POST /xingrg/kc/base/wldb_order_operate.html HTTP/1.1" 200 6712
58.221.95.50 - - [27/Oct/2021:10:57:59 +0800] "GET /xingrg/check_reg.html?_=1635303480276 HTTP/1.1" 200 22
124.78.153.86 - - [27/Oct/2021:10:58:01 +0800] "GET /xingrg/kc/base/wldb_order_add.html HTTP/1.1" 200 30438
124.78.153.86 - - [27/Oct/2021:10:58:01 +0800] "POST /xingrg/kc/base/wldb_order_operate.html HTTP/1.1" 200 6806
124.78.153.86 - - [27/Oct/2021:10:58:01 +0800] "GET /xingrg/javascript/easyui/themes/default/validatebox.css HTTP/1.1" 404 1104
222.70.171.86 - - [27/Oct/2021:10:58:02 +0800] "GET /xingrg/kc/buy/cgsh_order_operate.html?command=get_materiel&rest_code=00146&code=00101008355&supplier_code=00100005&order_time=2021-10-27 HTTP/1.1" 200 408
124.78.153.86 - - [27/Oct/2021:10:58:03 +0800] "POST /xingrg/all/common/load_combo.html?type=base HTTP/1.1" 200 3142
180.169.147.146 - - [27/Oct/2021:10:58:03 +0800] "GET /xingrg/all/function/internal_message.html?_=1635303481414&CODE_STATE=getMsg HTTP/1.1" 200 27
180.162.112.229 - - [27/Oct/2021:10:58:04 +0800] "POST /xingrg/login.do HTTP/1.1" 200 2421
180.162.112.229 - - [27/Oct/2021:10:58:04 +0800] "GET /xingrg/images/blue/pic_notice.jpg HTTP/1.1" 304 -
180.162.112.229 - - [27/Oct/2021:10:58:04 +0800] "GET /xingrg/images/blue/pic_top.gif HTTP/1.1" 304 -
180.162.112.229 - - [27/Oct/2021:10:58:04 +0800] "GET /xingrg/images/blue/error_buttom.gif HTTP/1.1" 304 -
180.162.112.229 - - [27/Oct/2021:10:58:04 +0800] "GET /xingrg/images/blue/error_top.gif HTTP/1.1" 304 -
180.162.112.229 - - [27/Oct/2021:10:58:04 +0800] "GET /xingrg/images/blue/error_mid.gif HTTP/1.1" 304 -
180.162.112.229 - - [27/Oct/2021:10:58:04 +0800] "GET /favicon.ico HTTP/1.1" 404 -
124.78.153.86 - - [27/Oct/2021:10:58:05 +0800] "POST /xingrg/all/common/load_combo.html?type=base HTTP/1.1" 200 3142
180.162.112.229 - - [27/Oct/2021:10:58:07 +0800] "GET /xingrg/login.html HTTP/1.1" 200 7641
180.162.112.229 - - [27/Oct/2021:10:58:07 +0800] "GET /favicon.ico HTTP/1.1" 404 -
180.169.147.146 - - [27/Oct/2021:10:58:08 +0800] "POST /xingrg/kc/buy/cgsh_list_operate.html HTTP/1.1" 200 5222
116.238.248.233 - - [27/Oct/2021:10:58:10 +0800] "GET /xingrg/all/function/internal_message.html?_=1635303489263&CODE_STATE=getMsg HTTP/1.1" 200 27
101.85.106.134 - - [27/Oct/2021:10:58:13 +0800] "GET /xingrg/check_reg.html?_=1635303491434 HTTP/1.1" 200 22
101.85.106.134 - - [27/Oct/2021:10:58:13 +0800] "GET /xingrg/all/function/internal_message.html?_=1635303491431&CODE_STATE=getMsg HTTP/1.1" 200 27
114.85.125.222 - - [27/Oct/2021:10:58:15 +0800] "GET /xingrg/check_reg.html?_=1635303436558 HTTP/1.1" 200 22
58.39.139.200 - - [27/Oct/2021:10:58:16 +0800] "GET /xingrg/all/function/internal_message.html?_=1635303496927&CODE_STATE=getMsg HTTP/1.1" 200 27
114.85.125.222 - - [27/Oct/2021:10:58:16 +0800] "GET /xingrg/all/function/internal_message.html?_=1635303437490&CODE_STATE=getMsg HTTP/1.1" 200 27
222.70.171.86 - - [27/Oct/2021:10:58:18 +0800] "GET /xingrg/kc/buy/cgsh_order_operate.html?command=get_materiel&rest_code=00146&code=00101008115&supplier_code=00100005&order_time=2021-10-27 HTTP/1.1" 200 412
116.227.210.113 - - [27/Oct/2021:10:58:18 +0800] "GET /xingrg/all/function/internal_message.html?_=1635303486691&CODE_STATE=getMsg HTTP/1.1" 200 27
180.174.227.63 - - [27/Oct/2021:10:58:18 +0800] "GET /xingrg/all/function/internal_message.html?_=1635303486135&CODE_STATE=getMsg HTTP/1.1" 200 27
120.253.135.82 - - [27/Oct/2021:10:58:19 +0800] "GET /xingrg/check_reg.html?_=1635303270787 HTTP/1.1" 200 22
120.253.135.82 - - [27/Oct/2021:10:58:19 +0800] "GET /xingrg/all/function/internal_message.html?_=1635303270802&CODE_STATE=getMsg HTTP/1.1" 200 27
116.233.78.79 - - [27/Oct/2021:10:58:19 +0800] "GET /xingrg/all/function/internal_message.html?_=1635303500140&CODE_STATE=getMsg HTTP/1.1" 200 27
180.162.112.229 - - [27/Oct/2021:10:58:19 +0800] "POST /xingrg/login.do HTTP/1.1" 302 -
180.162.112.229 - - [27/Oct/2021:10:58:19 +0800] "GET /xingrg/index.html?sysBaseUrl=http%3A%2F%2F180.169.147.146%3A18081%2Fxingrg%2F&costTime=39×tamp=1635303499468 HTTP/1.1" 200 17179
180.162.112.229 - - [27/Oct/2021:10:58:19 +0800] "GET /favicon.ico HTTP/1.1" 404 -
180.162.112.229 - - [27/Oct/2021:10:58:19 +0800] "POST /xingrg/all/common/load_tree.html?tree=area_rest_tree_json&manage=1 HTTP/1.1" 200 351
180.162.112.229 - - [27/Oct/2021:10:58:19 +0800] "GET /xingrg/all/function/internal_message.html?_=1635303005304&CODE_STATE=count HTTP/1.1" 200 11
180.162.112.229 - - [27/Oct/2021:10:58:19 +0800] "GET /xingrg/check_reg.html?_=1635303005304 HTTP/1.1" 200 22
180.162.112.229 - - [27/Oct/2021:10:58:20 +0800] "POST /xingrg/load_menu.html HTTP/1.1" 200 5138
120.253.135.82 - - [27/Oct/2021:10:58:20 +0800] "GET /xingrg/all/function/internal_message.html?_=1635303473150&CODE_STATE=getMsg HTTP/1.1" 200 27
222.70.171.86 - - [27/Oct/2021:10:58:28 +0800] "GET /xingrg/kc/buy/cgsh_order_operate.html?command=get_materiel&rest_code=00146&code=00101008270&supplier_code=00100005&order_time=2021-10-27 HTTP/1.1" 200 412
58.221.95.50 - - [27/Oct/2021:10:58:31 +0800] "GET /xingrg/all/function/internal_message.html?_=1635303512274&CODE_STATE=getMsg HTTP/1.1" 200 27
222.70.171.86 - - [27/Oct/2021:10:58:33 +0800] "GET /xingrg/all/function/internal_message.html?_=1635303523398&CODE_STATE=getMsg HTTP/1.1" 200 27
120.253.135.82 - - [27/Oct/2021:10:58:35 +0800] "GET /xingrg/kc/buy/cgsh_order_add.html HTTP/1.1" 200 63740
120.253.135.82 - - [27/Oct/2021:10:58:35 +0800] "POST /xingrg/kc/buy/cgsh_order_operate.html HTTP/1.1" 200 8245
120.253.135.82 - - [27/Oct/2021:10:58:35 +0800] "GET /xingrg/javascript/easyui/themes/default/validatebox.css HTTP/1.1" 404 1104
124.78.153.86 - - [27/Oct/2021:10:58:38 +0800] "GET /xingrg/all/function/internal_message.html?_=1635303519555&CODE_STATE=getMsg HTTP/1.1" 200 27
222.70.171.86 - - [27/Oct/2021:10:58:39 +0800] "GET /xingrg/kc/buy/cgsh_order_operate.html?command=get_materiel&rest_code=00146&code=00101008005&supplier_code=00100005&order_time=2021-10-27 HTTP/1.1" 200 412
180.169.147.146 - - [27/Oct/2021:10:58:39 +0800] "GET /xingrg/all/function/internal_message.html?_=1635303520365&CODE_STATE=getMsg HTTP/1.1" 200 27
116.227.210.113 - - [27/Oct/2021:10:58:40 +0800] "GET /xingrg/kc/buy/cgsh_order_add.html HTTP/1.1" 200 64647
116.227.210.113 - - [27/Oct/2021:10:58:40 +0800] "GET /xingrg/words/20211026093541_words.js HTTP/1.1" 304 -
116.227.210.113 - - [27/Oct/2021:10:58:40 +0800] "POST /xingrg/kc/buy/cgsh_order_operate.html HTTP/1.1" 200 8245
116.227.210.113 - - [27/Oct/2021:10:58:40 +0800] "GET /xingrg/all/common/auto_word.html?type=employee&rest_code=00155 HTTP/1.1" 200 205
116.227.210.113 - - [27/Oct/2021:10:58:40 +0800] "GET /xingrg/javascript/easyui/themes/default/validatebox.css HTTP/1.1" 404 1104
116.227.210.113 - - [27/Oct/2021:10:58:40 +0800] "GET /xingrg/all/common/auto_word.html?type=employee&rest_code=00155 HTTP/1.1" 200 205
222.69.131.198 - - [27/Oct/2021:10:58:41 +0800] "GET /xingrg/all/function/internal_message.html?_=1635303522539&CODE_STATE=getMsg HTTP/1.1" 200 27
222.70.179.155 - - [27/Oct/2021:10:58:42 +0800] "GET /xingrg/all/function/internal_message.html?_=1635303521731&CODE_STATE=getMsg HTTP/1.1" 200 27
124.78.153.86 - - [27/Oct/2021:10:58:43 +0800] "GET /xingrg/kc/base/wldb_order_operate.html?command=get_materiel&rest_code=00106&base_code=0010396&code=00101016001 HTTP/1.1" 200 458
222.70.171.86 - - [27/Oct/2021:10:58:44 +0800] "GET /xingrg/check_reg.html?_=1635303533631 HTTP/1.1" 302 -
120.253.135.82 - - [27/Oct/2021:10:58:48 +0800] "POST /xingrg/all/common/load_combo.html?type=employee HTTP/1.1" 200 2101
222.70.171.86 - - [27/Oct/2021:10:58:49 +0800] "GET /xingrg/all/function/internal_message.html?_=1635303537843&CODE_STATE=getMsg HTTP/1.1" 302 -
120.253.135.82 - - [27/Oct/2021:10:58:52 +0800] "POST /xingrg/all/common/load_tree.html?tree=materiel_sort_tree_json HTTP/1.1" 200 8912
120.253.135.82 - - [27/Oct/2021:10:58:52 +0800] "GET /favicon.ico HTTP/1.1" 404 -
222.70.171.86 - - [27/Oct/2021:10:58:52 +0800] "GET /xingrg/kc/buy/cgsh_order_operate.html?command=get_materiel&rest_code=00146&code=00101008175&supplier_code=00100005&order_time=2021-10-27 HTTP/1.1" 200 412
124.78.153.86 - - [27/Oct/2021:10:58:54 +0800] "GET /xingrg/kc/base/wldb_order_operate.html?command=get_materiel&rest_code=00106&base_code=0010396&code=00101013139 HTTP/1.1" 200 448
180.169.147.146 - - [27/Oct/2021:10:58:54 +0800] "GET /xingrg/all/function/internal_message.html?_=1635303535346&CODE_STATE=getMsg HTTP/1.1" 200 27
180.169.147.146 - - [27/Oct/2021:10:58:56 +0800] "POST /xingrg/dwr/call/plaincall/AjaxReportQueryService.refreshCache.dwr HTTP/1.1" 200 78
180.169.147.146 - - [27/Oct/2021:10:58:58 +0800] "POST /xingrg/all/report/load_report_page.html HTTP/1.1" 200 362934
180.169.147.146 - - [27/Oct/2021:10:58:58 +0800] "GET /xingrg/servlets/image?cache=0.8537097964752282&image=px HTTP/1.1" 200 807
120.253.135.82 - - [27/Oct/2021:10:59:01 +0800] "GET /xingrg/kc/buy/cgsh_order_operate.html?command=get_materiel&rest_code=00101&code=00101016086&supplier_code=00100150&order_time=2021-10-27 HTTP/1.1" 200 466
120.253.135.82 - - [27/Oct/2021:10:59:02 +0800] "POST /xingrg/all/common/load_select.html HTTP/1.1" 200 25
180.169.147.146 - - [27/Oct/2021:10:59:03 +0800] "GET /xingrg/all/function/internal_message.html?_=1635303541397&CODE_STATE=getMsg HTTP/1.1" 200 27
124.78.153.86 - - [27/Oct/2021:10:59:03 +0800] "GET /xingrg/check_reg.html?_=1635303545133 HTTP/1.1" 200 22
124.78.153.86 - - [27/Oct/2021:10:59:04 +0800] "GET /xingrg/kc/base/wldb_order_operate.html?command=get_materiel&rest_code=00106&base_code=0010396&code=00101013172 HTTP/1.1" 200 430
120.253.135.82 - - [27/Oct/2021:10:59:06 +0800] "GET /xingrg/kc/buy/cgsh_order_operate.html?command=get_materiel_price&rest_code=00101&code=00101016086&unit_code=00100138&supplier_code=00100150&order_time=2021-10-27 HTTP/1.1" 200 29
222.70.171.86 - - [27/Oct/2021:10:59:07 +0800] "GET /xingrg/kc/buy/cgsh_order_operate.html?command=get_materiel&rest_code=00146&code=00101008027&supplier_code=00100005&order_time=2021-10-27 HTTP/1.1" 200 409
180.174.227.63 - - [27/Oct/2021:10:59:10 +0800] "GET /xingrg/kc/buy/cgsh_order_operate.html?command=get_materiel&rest_code=00102&code=00101015017&supplier_code=00100054&order_time=2021-10-27 HTTP/1.1" 200 412
116.238.248.233 - - [27/Oct/2021:10:59:10 +0800] "GET /xingrg/all/function/internal_message.html?_=1635303549233&CODE_STATE=getMsg HTTP/1.1" 200 27
101.85.106.134 - - [27/Oct/2021:10:59:13 +0800] "GET /xingrg/all/function/internal_message.html?_=1635303551433&CODE_STATE=getMsg HTTP/1.1" 200 27
58.39.139.200 - - [27/Oct/2021:10:59:16 +0800] "GET /xingrg/all/function/internal_message.html?_=1635303556927&CODE_STATE=getMsg HTTP/1.1" 200 27
58.39.139.200 - - [27/Oct/2021:10:59:16 +0800] "GET /xingrg/check_reg.html?_=1635303556930 HTTP/1.1" 200 22
124.78.153.86 - - [27/Oct/2021:10:59:16 +0800] "POST /xingrg/kc/base/wldb_order_operate.html HTTP/1.1" 200 37
114.85.125.222 - - [27/Oct/2021:10:59:16 +0800] "GET /xingrg/all/function/internal_message.html?_=1635303497504&CODE_STATE=getMsg HTTP/1.1" 200 27
124.78.153.86 - - [27/Oct/2021:10:59:16 +0800] "POST /xingrg/kc/base/wldb_order_operate.html HTTP/1.1" 200 3650
124.78.153.86 - - [27/Oct/2021:10:59:17 +0800] "GET /xingrg/kc/base/wldb_order_info.html?code=422021102702759 HTTP/1.1" 200 30453
124.78.153.86 - - [27/Oct/2021:10:59:17 +0800] "GET /xingrg/javascript/easyui/themes/default/validatebox.css HTTP/1.1" 404 1104
120.253.135.82 - - [27/Oct/2021:10:59:17 +0800] "GET /xingrg/check_reg.html?_=1635303530663 HTTP/1.1" 200 22
124.78.153.86 - - [27/Oct/2021:10:59:17 +0800] "POST /xingrg/kc/base/wldb_order_operate.html HTTP/1.1" 200 3650
116.227.210.113 - - [27/Oct/2021:10:59:18 +0800] "GET /xingrg/all/function/internal_message.html?_=1635303546689&CODE_STATE=getMsg HTTP/1.1" 200 27
180.174.227.63 - - [27/Oct/2021:10:59:18 +0800] "GET /xingrg/all/function/internal_message.html?_=1635303546260&CODE_STATE=getMsg HTTP/1.1" 200 27
120.253.135.82 - - [27/Oct/2021:10:59:19 +0800] "GET /xingrg/all/function/internal_message.html?_=1635303330816&CODE_STATE=getMsg HTTP/1.1" 200 27
116.233.78.79 - - [27/Oct/2021:10:59:19 +0800] "GET /xingrg/all/function/internal_message.html?_=1635303560143&CODE_STATE=getMsg HTTP/1.1" 200 27
116.233.78.79 - - [27/Oct/2021:10:59:19 +0800] "GET /xingrg/check_reg.html?_=1635303560144 HTTP/1.1" 200 22
180.162.112.229 - - [27/Oct/2021:10:59:19 +0800] "GET /xingrg/all/function/internal_message.html?_=1635303065311&CODE_STATE=getMsg HTTP/1.1" 200 27
120.253.135.82 - - [27/Oct/2021:10:59:20 +0800] "GET /xingrg/all/function/internal_message.html?_=1635303533163&CODE_STATE=getMsg HTTP/1.1" 200 27
116.227.210.113 - - [27/Oct/2021:10:59:23 +0800] "GET /xingrg/javascript/auto/indicator.gif HTTP/1.1" 404 1066
116.227.210.113 - - [27/Oct/2021:10:59:25 +0800] "GET /xingrg/javascript/jquery_tools/images/prev.gif HTTP/1.1" 404 1086
116.227.210.113 - - [27/Oct/2021:10:59:25 +0800] "GET /xingrg/javascript/jquery_tools/images/next.gif HTTP/1.1" 404 1086
124.78.153.86 - - [27/Oct/2021:10:59:27 +0800] "GET /xingrg/kc/base/wldb_order_add.html HTTP/1.1" 200 30438
124.78.153.86 - - [27/Oct/2021:10:59:28 +0800] "POST /xingrg/kc/base/wldb_order_operate.html HTTP/1.1" 200 6806
124.78.153.86 - - [27/Oct/2021:10:59:28 +0800] "GET /xingrg/javascript/easyui/themes/default/validatebox.css HTTP/1.1" 404 1104
58.221.95.50 - - [27/Oct/2021:10:59:31 +0800] "GET /xingrg/all/function/internal_message.html?_=1635303572260&CODE_STATE=getMsg HTTP/1.1" 200 27
116.227.210.113 - - [27/Oct/2021:10:59:31 +0800] "GET /xingrg/kc/buy/cgsh_order_operate.html?command=get_materiel&rest_code=00155&code=00101006124&supplier_code=00100012&order_time=2021-10-27 HTTP/1.1" 200 409
222.70.171.86 - - [27/Oct/2021:10:59:33 +0800] "GET /xingrg/all/function/internal_message.html?_=1635303583411&CODE_STATE=getMsg HTTP/1.1" 200 27
120.253.135.82 - - [27/Oct/2021:10:59:34 +0800] "POST /xingrg/kc/buy/cgsh_order_operate.html HTTP/1.1" 200 37
180.174.227.63 - - [27/Oct/2021:10:59:35 +0800] "GET /xingrg/kc/buy/cgsh_order_operate.html?command=get_materiel&rest_code=00102&code=00101015059&supplier_code=00100054&order_time=2021-10-27 HTTP/1.1" 200 412
120.253.135.82 - - [27/Oct/2021:10:59:37 +0800] "POST /xingrg/kc/buy/cgsh_order_operate.html HTTP/1.1" 200 2696
124.78.153.86 - - [27/Oct/2021:10:59:38 +0800] "GET /xingrg/all/function/internal_message.html?_=1635303579534&CODE_STATE=getMsg HTTP/1.1" 200 27
124.78.153.86 - - [27/Oct/2021:10:59:38 +0800] "GET /xingrg/check_reg.html?_=1635303579828 HTTP/1.1" 200 22
222.70.171.86 - - [27/Oct/2021:10:59:38 +0800] "GET /xingrg/kc/buy/cgsh_order_operate.html?command=get_materiel&rest_code=00146&code=00101008244&supplier_code=00100005&order_time=2021-10-27 HTTP/1.1" 200 408
120.253.135.82 - - [27/Oct/2021:10:59:39 +0800] "GET /xingrg/kc/print/load_data.html?order_code=212021102711915&kc_code=cgsh&condition= HTTP/1.1" 200 696
180.169.147.146 - - [27/Oct/2021:10:59:39 +0800] "GET /xingrg/check_reg.html?_=1635303580354 HTTP/1.1" 200 22
180.169.147.146 - - [27/Oct/2021:10:59:39 +0800] "GET /xingrg/all/function/internal_message.html?_=1635303580357&CODE_STATE=getMsg HTTP/1.1" 200 27
222.69.131.198 - - [27/Oct/2021:10:59:41 +0800] "GET /xingrg/all/function/internal_message.html?_=1635303582524&CODE_STATE=getMsg HTTP/1.1" 200 27
222.70.179.155 - - [27/Oct/2021:10:59:42 +0800] "GET /xingrg/all/function/internal_message.html?_=1635303581729&CODE_STATE=getMsg HTTP/1.1" 200 27
180.174.227.63 - - [27/Oct/2021:10:59:43 +0800] "GET /xingrg/kc/buy/cgsh_order_operate.html?command=get_materiel&rest_code=00102&code=00101015061&supplier_code=00100054&order_time=2021-10-27 HTTP/1.1" 200 412
222.70.171.86 - - [27/Oct/2021:10:59:49 +0800] "GET /xingrg/all/function/internal_message.html?_=1635303597860&CODE_STATE=getMsg HTTP/1.1" 302 -
180.174.227.63 - - [27/Oct/2021:10:59:50 +0800] "POST /xingrg/kc/buy/cgsh_order_operate.html HTTP/1.1" 200 37
116.227.210.113 - - [27/Oct/2021:10:59:52 +0800] "GET /xingrg/kc/buy/cgsh_order_operate.html?command=get_materiel&rest_code=00155&code=00101006065&supplier_code=00100012&order_time=2021-10-27 HTTP/1.1" 200 409
222.70.171.86 - - [27/Oct/2021:10:59:52 +0800] "GET /xingrg/kc/buy/cgsh_order_operate.html?command=get_materiel&rest_code=00146&code=00101008354&supplier_code=00100005&order_time=2021-10-27 HTTP/1.1" 200 412
180.169.147.146 - - [27/Oct/2021:10:59:54 +0800] "GET /xingrg/all/function/internal_message.html?_=1635303595353&CODE_STATE=getMsg HTTP/1.1" 200 27
180.174.227.63 - - [27/Oct/2021:10:59:54 +0800] "POST /xingrg/kc/buy/cgsh_order_operate.html HTTP/1.1" 200 12
180.169.147.146 - - [27/Oct/2021:10:59:55 +0800] "GET /xingrg/login.html HTTP/1.1" 200 7641
180.169.147.146 - - [27/Oct/2021:10:59:55 +0800] "GET /xingrg/images/blue/jxLogo.png HTTP/1.1" 200 6156
180.174.227.63 - - [27/Oct/2021:10:59:55 +0800] "GET /xingrg/kc/buy/cgsh_order_info.html?code=212021102711916 HTTP/1.1" 200 59543
180.169.147.146 - - [27/Oct/2021:10:59:56 +0800] "GET /xingrg/images/blue/login_bg.png HTTP/1.1" 200 22101
180.169.147.146 - - [27/Oct/2021:10:59:56 +0800] "GET /xingrg/images/blue/hj.png HTTP/1.1" 200 1014
180.169.147.146 - - [27/Oct/2021:10:59:56 +0800] "GET /xingrg/images/blue/srbg.png HTTP/1.1" 200 138
180.169.147.146 - - [27/Oct/2021:10:59:56 +0800] "GET /favicon.ico HTTP/1.1" 404 -
180.169.147.146 - - [27/Oct/2021:10:59:57 +0800] "POST /xingrg/login.do HTTP/1.1" 302 -
180.169.147.146 - - [27/Oct/2021:10:59:57 +0800] "GET /xingrg/index.html?sysBaseUrl=http%3A%2F%2F180.169.147.146%3A18081%2Fxingrg%2F&costTime=39×tamp=1635303597418 HTTP/1.1" 200 17503
180.169.147.146 - - [27/Oct/2021:10:59:57 +0800] "GET /xingrg/javascript/jquery_easy_ui/themes/default/easyui.css HTTP/1.1" 200 26500
180.169.147.146 - - [27/Oct/2021:10:59:57 +0800] "GET /xingrg/javascript/jquery_easy_ui/themes/icon.css HTTP/1.1" 200 3949
180.169.147.146 - - [27/Oct/2021:10:59:57 +0800] "GET /xingrg/css/form.css HTTP/1.1" 200 893
180.169.147.146 - - [27/Oct/2021:10:59:57 +0800] "GET /xingrg/javascript/jquery-1.4.2.min.js HTTP/1.1" 200 72205
180.169.147.146 - - [27/Oct/2021:10:59:57 +0800] "GET /xingrg/javascript/jquery_easy_ui/jquery.easyui.min.js HTTP/1.1" 200 213662
180.169.147.146 - - [27/Oct/2021:10:59:57 +0800] "GET /xingrg/javascript/jquery_easy_ui/easyui-lang-zh_CN.js HTTP/1.1" 200 1900
180.169.147.146 - - [27/Oct/2021:10:59:57 +0800] "GET /xingrg/javascript/jquery.form.js HTTP/1.1" 200 23110
180.169.147.146 - - [27/Oct/2021:10:59:57 +0800] "GET /xingrg/javascript/jquery.timers.js HTTP/1.1" 200 3532
180.169.147.146 - - [27/Oct/2021:10:59:57 +0800] "GET /xingrg/javascript/jquery.utils.js HTTP/1.1" 200 11805
180.169.147.146 - - [27/Oct/2021:10:59:57 +0800] "GET /favicon.ico HTTP/1.1" 404 -
180.169.147.146 - - [27/Oct/2021:10:59:57 +0800] "GET /xingrg/javascript/jquery_easy_ui/themes/icons/settle_new.png HTTP/1.1" 200 826
180.169.147.146 - - [27/Oct/2021:10:59:57 +0800] "GET /xingrg/images/blue/navBackgound.jpg HTTP/1.1" 200 12378
180.169.147.146 - - [27/Oct/2021:10:59:57 +0800] "POST /xingrg/all/common/load_tree.html?tree=area_rest_tree_json&manage=1 HTTP/1.1" 200 3472
180.169.147.146 - - [27/Oct/2021:10:59:57 +0800] "GET /xingrg/all/function/internal_message.html?_=1635303600741&CODE_STATE=count HTTP/1.1" 200 11
180.169.147.146 - - [27/Oct/2021:10:59:57 +0800] "GET /xingrg/check_reg.html?_=1635303600742 HTTP/1.1" 200 22
180.169.147.146 - - [27/Oct/2021:10:59:57 +0800] "GET /xingrg/images/blue/pingpu.png HTTP/1.1" 200 231
180.169.147.146 - - [27/Oct/2021:10:59:57 +0800] "GET /xingrg/javascript/jquery_easy_ui/themes/default/images/tabs_leftarrow.png HTTP/1.1" 200 389
180.169.147.146 - - [27/Oct/2021:10:59:57 +0800] "GET /xingrg/javascript/jquery_easy_ui/themes/default/images/tabs_rightarrow.png HTTP/1.1" 200 395
180.169.147.146 - - [27/Oct/2021:10:59:57 +0800] "GET /xingrg/javascript/jquery_easy_ui/themes/default/images/panel_tool_expand.gif HTTP/1.1" 200 247
180.169.147.146 - - [27/Oct/2021:10:59:57 +0800] "GET /xingrg/javascript/jquery_easy_ui/themes/default/images/panel_tool_collapse.gif HTTP/1.1" 200 246
180.169.147.146 - - [27/Oct/2021:10:59:57 +0800] "POST /xingrg/load_menu.html HTTP/1.1" 200 11443
180.169.147.146 - - [27/Oct/2021:10:59:58 +0800] "GET /xingrg/javascript/jquery_easy_ui/themes/default/images/tree_arrows.gif HTTP/1.1" 200 1043
180.169.147.146 - - [27/Oct/2021:10:59:58 +0800] "GET /xingrg/javascript/jquery_easy_ui/themes/default/images/tree_folder_open.gif HTTP/1.1" 200 956
180.169.147.146 - - [27/Oct/2021:10:59:58 +0800] "GET /xingrg/javascript/jquery_easy_ui/themes/icons/search_new.png HTTP/1.1" 200 586
180.169.147.146 - - [27/Oct/2021:10:59:58 +0800] "GET /xingrg/javascript/jquery_easy_ui/themes/icons/delivery_new.png HTTP/1.1" 200 700
180.169.147.146 - - [27/Oct/2021:10:59:58 +0800] "GET /xingrg/javascript/jquery_easy_ui/themes/icons/storage_new.png HTTP/1.1" 200 853
180.169.147.146 - - [27/Oct/2021:10:59:58 +0800] "GET /xingrg/javascript/jquery_easy_ui/themes/icons/checkout_new.png HTTP/1.1" 200 744
180.169.147.146 - - [27/Oct/2021:10:59:58 +0800] "GET /xingrg/javascript/jquery_easy_ui/themes/icons/forms_new.png HTTP/1.1" 200 350
180.169.147.146 - - [27/Oct/2021:10:59:58 +0800] "GET /xingrg/javascript/jquery_easy_ui/themes/icons/setting_new.png HTTP/1.1" 200 450
180.169.147.146 - - [27/Oct/2021:10:59:58 +0800] "GET /xingrg/javascript/jquery_easy_ui/themes/icons/systemset_new.png HTTP/1.1" 200 606
180.169.147.146 - - [27/Oct/2021:10:59:58 +0800] "GET /xingrg/javascript/jquery_easy_ui/themes/default/images/tree_file.gif HTTP/1.1" 200 118
180.169.147.146 - - [27/Oct/2021:10:59:58 +0800] "GET /xingrg/javascript/jquery_easy_ui/themes/default/images/tree_folder.gif HTTP/1.1" 200 952
180.174.227.63 - - [27/Oct/2021:10:59:58 +0800] "GET /xingrg/javascript/easyui/themes/default/validatebox.css HTTP/1.1" 404 1104
116.227.210.113 - - [27/Oct/2021:10:59:59 +0800] "GET /xingrg/kc/buy/cgsh_order_operate.html?command=get_materiel&rest_code=00155&code=00101006055&supplier_code=00100012&order_time=2021-10-27 HTTP/1.1" 200 409
180.174.227.63 - - [27/Oct/2021:10:59:59 +0800] "POST /xingrg/kc/buy/cgsh_order_operate.html HTTP/1.1" 200 1787
180.169.147.146 - - [27/Oct/2021:11:00:03 +0800] "GET /xingrg/all/function/internal_message.html?_=1635303601367&CODE_STATE=getMsg HTTP/1.1" 200 27
180.169.147.146 - - [27/Oct/2021:11:00:03 +0800] "GET /xingrg/kc/report/report_main.html HTTP/1.1" 200 9370
180.169.147.146 - - [27/Oct/2021:11:00:03 +0800] "GET /xingrg/javascript/jquery_easy_ui/themes/default/images/tabs_close.gif HTTP/1.1" 200 829
180.169.147.146 - - [27/Oct/2021:11:00:03 +0800] "GET /xingrg/css/blue.css HTTP/1.1" 200 15949
180.169.147.146 - - [27/Oct/2021:11:00:03 +0800] "GET /xingrg/javascript/pic_change.js HTTP/1.1" 200 4739
180.169.147.146 - - [27/Oct/2021:11:00:03 +0800] "GET /xingrg/javascript/jquery_ui/themes/humanity/humanity.css HTTP/1.1" 200 27801
180.169.147.146 - - [27/Oct/2021:11:00:03 +0800] "GET /xingrg/javascript/myfunction.js HTTP/1.1" 200 24559
180.169.147.146 - - [27/Oct/2021:11:00:03 +0800] "GET /xingrg/javascript/json2.js HTTP/1.1" 200 11259
180.169.147.146 - - [27/Oct/2021:11:00:03 +0800] "GET /xingrg/javascript/jquery_easy_ui/themes/icons/back_new.png HTTP/1.1" 200 3414
180.169.147.146 - - [27/Oct/2021:11:00:05 +0800] "POST /xingrg/kc/buy/cgsh_list_operate.html HTTP/1.1" 200 346
180.169.147.146 - - [27/Oct/2021:11:00:06 +0800] "POST /xingrg/kc/buy/cgsh_list_operate.html HTTP/1.1" 200 345
180.169.147.146 - - [27/Oct/2021:11:00:06 +0800] "GET /xingrg/kc/base/crk_hz.html HTTP/1.1" 200 11247
180.169.147.146 - - [27/Oct/2021:11:00:07 +0800] "GET /xingrg/javascript/step/step.css HTTP/1.1" 200 999
180.169.147.146 - - [27/Oct/2021:11:00:07 +0800] "GET /xingrg/css/table.css HTTP/1.1" 200 3684
180.169.147.146 - - [27/Oct/2021:11:00:07 +0800] "POST /xingrg/kc/cost/cost_operate.html?command=get_base_tree HTTP/1.1" 200 863
180.169.147.146 - - [27/Oct/2021:11:00:07 +0800] "POST /xingrg/all/common/load_tree.html?tree=materiel_sort_tree_json HTTP/1.1" 200 8912
180.169.147.146 - - [27/Oct/2021:11:00:07 +0800] "POST /xingrg/kc/buy/cgsh_list_operate.html HTTP/1.1" 200 582
180.169.147.146 - - [27/Oct/2021:11:00:07 +0800] "GET /xingrg/images/control/ajaxLoader.gif HTTP/1.1" 200 4659
180.169.147.146 - - [27/Oct/2021:11:00:07 +0800] "GET /xingrg/javascript/jquery_easy_ui/themes/default/images/button_a_bg.gif HTTP/1.1" 200 1194
180.169.147.146 - - [27/Oct/2021:11:00:07 +0800] "GET /xingrg/javascript/jquery_easy_ui/themes/default/images/button_span_bg.gif HTTP/1.1" 200 2061
180.169.147.146 - - [27/Oct/2021:11:00:07 +0800] "GET /xingrg/javascript/jquery_easy_ui/themes/icons/search.png HTTP/1.1" 200 813
180.169.147.146 - - [27/Oct/2021:11:00:07 +0800] "GET /xingrg/javascript/jquery_easy_ui/themes/default/images/menu_downarrow.png HTTP/1.1" 200 173
180.169.147.146 - - [27/Oct/2021:11:00:07 +0800] "GET /xingrg/javascript/jquery_easy_ui/themes/icons/print.png HTTP/1.1" 200 1057
180.169.147.146 - - [27/Oct/2021:11:00:07 +0800] "GET /xingrg/javascript/jquery_easy_ui/themes/default/images/menu.gif HTTP/1.1" 200 834
180.169.147.146 - - [27/Oct/2021:11:00:07 +0800] "GET /xingrg/javascript/jquery_easy_ui/themes/default/images/combo_arrow_dot.gif HTTP/1.1" 200 79
180.169.147.146 - - [27/Oct/2021:11:00:07 +0800] "GET /xingrg/javascript/jquery_easy_ui/themes/default/images/calendar_prevmonth.gif HTTP/1.1" 200 66
180.169.147.146 - - [27/Oct/2021:11:00:07 +0800] "GET /xingrg/javascript/jquery_easy_ui/themes/default/images/calendar_nextmonth.gif HTTP/1.1" 200 64
180.169.147.146 - - [27/Oct/2021:11:00:07 +0800] "GET /xingrg/javascript/jquery_easy_ui/themes/default/images/calendar_prevyear.gif HTTP/1.1" 200 76
180.169.147.146 - - [27/Oct/2021:11:00:07 +0800] "GET /xingrg/javascript/jquery_easy_ui/themes/default/images/calendar_nextyear.gif HTTP/1.1" 200 75
180.169.147.146 - - [27/Oct/2021:11:00:07 +0800] "GET /xingrg/javascript/jquery_easy_ui/themes/default/images/tree_checkbox_0.gif HTTP/1.1" 200 168
180.169.147.146 - - [27/Oct/2021:11:00:08 +0800] "GET /xingrg/kc/info/info_main.html HTTP/1.1" 200 6010
180.169.147.146 - - [27/Oct/2021:11:00:08 +0800] "GET /xingrg/javascript/ToolTips.js HTTP/1.1" 200 5615
180.169.147.146 - - [27/Oct/2021:11:00:08 +0800] "GET /xingrg/images/blue/cldwgl.gif HTTP/1.1" 200 2487
180.169.147.146 - - [27/Oct/2021:11:00:08 +0800] "GET /xingrg/images/blue/clxx.gif HTTP/1.1" 200 1916
180.169.147.146 - - [27/Oct/2021:11:00:08 +0800] "GET /xingrg/images/blue/ckxx.gif HTTP/1.1" 200 2041
180.169.147.146 - - [27/Oct/2021:11:00:08 +0800] "GET /xingrg/images/blue/gysxxgl.gif HTTP/1.1" 200 1945
180.169.147.146 - - [27/Oct/2021:11:00:08 +0800] "GET /xingrg/images/blue/gyslbgl.gif HTTP/1.1" 200 1480
180.169.147.146 - - [27/Oct/2021:11:00:08 +0800] "GET /xingrg/images/blue/gyscljg.gif HTTP/1.1" 200 2081
180.169.147.146 - - [27/Oct/2021:11:00:08 +0800] "GET /xingrg/images/blue/button/cgxqd.gif HTTP/1.1" 200 2619
180.169.147.146 - - [27/Oct/2021:11:00:08 +0800] "POST /xingrg/kc/buy/cgsh_list_operate.html HTTP/1.1" 200 594
180.169.147.146 - - [27/Oct/2021:11:00:09 +0800] "POST /xingrg/kc/buy/cgsh_list_operate.html HTTP/1.1" 200 202
180.157.253.6 - - [27/Oct/2021:11:00:10 +0800] "GET /favicon.ico HTTP/1.1" 404 -
180.169.147.146 - - [27/Oct/2021:11:00:10 +0800] "GET /xingrg/system/info/materiel_manager.html HTTP/1.1" 200 19497
180.169.147.146 - - [27/Oct/2021:11:00:10 +0800] "GET /xingrg/css/xtree.css HTTP/1.1" 200 880
180.169.147.146 - - [27/Oct/2021:11:00:10 +0800] "GET /xingrg/javascript/jquery_ui/themes/base/base.css HTTP/1.1" 200 28568
180.169.147.146 - - [27/Oct/2021:11:00:10 +0800] "GET /xingrg/dwr/interface/AjaxBaseInfoService.js HTTP/1.1" 200 21363
