116.233.78.79 - - [27/Oct/2021:08:59:32 +0800] "GET /xingrg/javascript/jquery_tools/jquery.tools.table.js HTTP/1.1" 200 6994
116.233.78.79 - - [27/Oct/2021:08:59:32 +0800] "GET /xingrg/javascript/auto/jquery.autocomplete.js HTTP/1.1" 200 21624
116.233.78.79 - - [27/Oct/2021:08:59:32 +0800] "GET /xingrg/javascript/easyui/easyloader.js HTTP/1.1" 200 5975
116.233.78.79 - - [27/Oct/2021:08:59:32 +0800] "GET /xingrg/javascript/jquery.cookie.js HTTP/1.1" 200 5513
116.233.78.79 - - [27/Oct/2021:08:59:32 +0800] "GET /xingrg/javascript/jquery_tools/jquery.tools.extend.js HTTP/1.1" 200 15385
116.233.78.79 - - [27/Oct/2021:08:59:32 +0800] "GET /xingrg/javascript/print/LodopFuncs.js HTTP/1.1" 200 5121
116.233.78.79 - - [27/Oct/2021:08:59:32 +0800] "GET /xingrg/javascript/easyui/themes/icons/edit_add_new.png HTTP/1.1" 200 2997
116.233.78.79 - - [27/Oct/2021:08:59:32 +0800] "GET /xingrg/javascript/easyui/themes/icons/check_new.png HTTP/1.1" 200 3224
116.233.78.79 - - [27/Oct/2021:08:59:32 +0800] "GET /xingrg/javascript/easyui/themes/icons/cance_new.png HTTP/1.1" 200 3986
116.233.78.79 - - [27/Oct/2021:08:59:32 +0800] "GET /xingrg/javascript/easyui/themes/icons/field_new.png HTTP/1.1" 200 1097
116.233.78.79 - - [27/Oct/2021:08:59:32 +0800] "GET /xingrg/javascript/easyui/themes/icons/import_new.png HTTP/1.1" 200 1247
116.233.78.79 - - [27/Oct/2021:08:59:32 +0800] "GET /xingrg/javascript/easyui/plugins/jquery.parser.js HTTP/1.1" 200 1142
116.233.78.79 - - [27/Oct/2021:08:59:32 +0800] "GET /xingrg/images/control/ajaxLoader.gif HTTP/1.1" 200 4659
116.233.78.79 - - [27/Oct/2021:08:59:33 +0800] "POST /xingrg/kc/buy/cgsh_list_operate.html HTTP/1.1" 200 876
58.221.95.50 - - [27/Oct/2021:08:59:33 +0800] "GET /xingrg/all/function/internal_message.html?_=1635296373933&CODE_STATE=getMsg HTTP/1.1" 200 27
222.70.171.86 - - [27/Oct/2021:08:59:36 +0800] "GET /xingrg/check_reg.html?_=1635296385986 HTTP/1.1" 302 -
222.70.171.86 - - [27/Oct/2021:08:59:36 +0800] "GET /xingrg/login.html HTTP/1.1" 200 7641
58.39.139.200 - - [27/Oct/2021:08:59:36 +0800] "GET /xingrg/kc/buy/cgsh_order_operate.html?command=get_materiel&rest_code=00105&code=00101008352&supplier_code=00100203&order_time=2021-10-27 HTTP/1.1" 200 412
222.70.171.86 - - [27/Oct/2021:08:59:37 +0800] "GET /xingrg/all/function/internal_message.html?_=1635296387537&CODE_STATE=getMsg HTTP/1.1" 302 -
116.238.248.233 - - [27/Oct/2021:08:59:41 +0800] "GET /xingrg/kc/buy/cgsh_order_operate.html?command=get_materiel&rest_code=00150&code=00101008321&supplier_code=00100007&order_time=2021-10-27 HTTP/1.1" 200 412
116.238.248.233 - - [27/Oct/2021:08:59:42 +0800] "GET /xingrg/all/function/internal_message.html?_=1635296380482&CODE_STATE=getMsg HTTP/1.1" 200 27
222.69.131.198 - - [27/Oct/2021:08:59:42 +0800] "GET /xingrg/all/function/internal_message.html?_=1635296383513&CODE_STATE=getMsg HTTP/1.1" 200 27
58.39.139.200 - - [27/Oct/2021:08:59:44 +0800] "GET /xingrg/kc/buy/cgsh_order_operate.html?command=get_materiel&rest_code=00105&code=00101008005&supplier_code=00100203&order_time=2021-10-27 HTTP/1.1" 200 412
222.70.171.86 - - [27/Oct/2021:08:59:44 +0800] "GET /xingrg/all/function/internal_message.html?_=1635296393512&CODE_STATE=getMsg HTTP/1.1" 200 27
116.233.78.79 - - [27/Oct/2021:08:59:45 +0800] "GET /xingrg/javascript/easyui/themes/default/images/button_plain_hover.png HTTP/1.1" 200 144
116.233.78.79 - - [27/Oct/2021:08:59:45 +0800] "GET /xingrg/javascript/convert.js HTTP/1.1" 200 1239
116.233.78.79 - - [27/Oct/2021:08:59:45 +0800] "GET /xingrg/javascript/jquery_tools/order_manager.js HTTP/1.1" 200 11183
116.233.78.79 - - [27/Oct/2021:08:59:45 +0800] "GET /xingrg/javascript/print/kc_print.js HTTP/1.1" 200 11415
116.233.78.79 - - [27/Oct/2021:08:59:45 +0800] "GET /xingrg/javascript/json2.js HTTP/1.1" 200 11259
116.233.78.79 - - [27/Oct/2021:08:59:45 +0800] "GET /xingrg/kc/buy/cgsh_order_add.html HTTP/1.1" 200 64720
116.233.78.79 - - [27/Oct/2021:08:59:45 +0800] "GET /xingrg/words/20211026093541_words.js HTTP/1.1" 200 860451
116.233.78.79 - - [27/Oct/2021:08:59:45 +0800] "GET /xingrg/javascript/easyui/themes/icons/copy_new.png HTTP/1.1" 200 815
116.233.78.79 - - [27/Oct/2021:08:59:45 +0800] "GET /xingrg/javascript/easyui/themes/icons/template_new.png HTTP/1.1" 200 3956
116.233.78.79 - - [27/Oct/2021:08:59:45 +0800] "GET /xingrg/javascript/easyui/themes/icons/ok.png HTTP/1.1" 200 883
116.233.78.79 - - [27/Oct/2021:08:59:45 +0800] "GET /xingrg/javascript/easyui/themes/icons/print.png HTTP/1.1" 200 1057
116.233.78.79 - - [27/Oct/2021:08:59:45 +0800] "GET /xingrg/javascript/easyui/themes/default/images/menu_downarrow.png HTTP/1.1" 200 173
116.233.78.79 - - [27/Oct/2021:08:59:45 +0800] "GET /xingrg/javascript/easyui/themes/icons/cancel.png HTTP/1.1" 200 1133
116.233.78.79 - - [27/Oct/2021:08:59:46 +0800] "POST /xingrg/kc/buy/cgsh_order_operate.html HTTP/1.1" 200 8245
116.233.78.79 - - [27/Oct/2021:08:59:46 +0800] "GET /xingrg/all/common/auto_word.html?type=employee&rest_code=00109 HTTP/1.1" 200 255
116.233.78.79 - - [27/Oct/2021:08:59:46 +0800] "GET /xingrg/javascript/easyui/themes/icons/edit_remove.png HTTP/1.1" 200 625
116.233.78.79 - - [27/Oct/2021:08:59:46 +0800] "GET /xingrg/all/common/auto_word.html?type=employee&rest_code=00109 HTTP/1.1" 200 255
116.233.78.79 - - [27/Oct/2021:08:59:46 +0800] "GET /xingrg/javascript/easyui/themes/default/validatebox.css HTTP/1.1" 404 1104
116.233.78.79 - - [27/Oct/2021:08:59:46 +0800] "GET /xingrg/javascript/easyui/plugins/jquery.validatebox.js HTTP/1.1" 200 6103
116.233.78.79 - - [27/Oct/2021:08:59:46 +0800] "GET /xingrg/javascript/easyui/plugins/jquery.numberbox.js HTTP/1.1" 200 5213
114.85.125.222 - - [27/Oct/2021:08:59:50 +0800] "GET /xingrg/all/function/internal_message.html?_=1635296331329&CODE_STATE=getMsg HTTP/1.1" 200 27
116.238.248.233 - - [27/Oct/2021:08:59:51 +0800] "GET /xingrg/kc/buy/cgsh_order_operate.html?command=get_materiel&rest_code=00150&code=00101008529&supplier_code=00100007&order_time=2021-10-27 HTTP/1.1" 200 403
180.169.147.146 - - [27/Oct/2021:08:59:52 +0800] "GET /xingrg/all/function/internal_message.html?_=1635296393240&CODE_STATE=getMsg HTTP/1.1" 200 27
172.20.0.100 - - [27/Oct/2021:08:59:53 +0800] "GET /xingrg/check_reg.html?_=1635296394033 HTTP/1.1" 200 22
172.20.0.100 - - [27/Oct/2021:08:59:53 +0800] "GET /xingrg/all/function/internal_message.html?_=1635296394040&CODE_STATE=getMsg HTTP/1.1" 200 27
58.39.139.200 - - [27/Oct/2021:08:59:53 +0800] "GET /xingrg/kc/buy/cgsh_order_operate.html?command=get_materiel&rest_code=00105&code=00101008213&supplier_code=00100203&order_time=2021-10-27 HTTP/1.1" 200 412
222.70.179.155 - - [27/Oct/2021:08:59:54 +0800] "GET /xingrg/kc/buy/cgsh_order_operate.html?command=get_materiel&rest_code=00111&code=00101008148&supplier_code=00100005&order_time=2021-10-27 HTTP/1.1" 200 416
180.169.147.146 - - [27/Oct/2021:08:59:54 +0800] "GET /xingrg/all/function/internal_message.html?_=1635296395351&CODE_STATE=getMsg HTTP/1.1" 200 27
180.169.147.146 - - [27/Oct/2021:08:59:56 +0800] "GET /xingrg/all/function/internal_message.html?_=1635296398389&CODE_STATE=getMsg HTTP/1.1" 302 -
222.70.179.155 - - [27/Oct/2021:08:59:57 +0800] "POST /xingrg/kc/buy/cgsh_order_operate.html HTTP/1.1" 200 2065
116.238.248.233 - - [27/Oct/2021:08:59:58 +0800] "GET /xingrg/kc/buy/cgsh_order_operate.html?command=get_materiel&rest_code=00150&code=00101008356&supplier_code=00100007&order_time=2021-10-27 HTTP/1.1" 200 408
58.39.139.200 - - [27/Oct/2021:09:00:03 +0800] "GET /xingrg/kc/buy/cgsh_order_operate.html?command=get_materiel&rest_code=00105&code=00101008436&supplier_code=00100203&order_time=2021-10-27 HTTP/1.1" 200 398
124.78.153.86 - - [27/Oct/2021:09:00:03 +0800] "GET /xingrg/all/function/internal_message.html?_=1635296404919&CODE_STATE=getMsg HTTP/1.1" 200 27
222.70.179.155 - - [27/Oct/2021:09:00:03 +0800] "GET /xingrg/kc/buy/cgsh_order_operate.html?command=get_materiel&rest_code=00111&code=00101008004&supplier_code=00100005&order_time=2021-10-27 HTTP/1.1" 200 416
116.238.248.233 - - [27/Oct/2021:09:00:05 +0800] "GET /xingrg/kc/buy/cgsh_order_operate.html?command=get_materiel&rest_code=00150&code=00101008024&supplier_code=00100007&order_time=2021-10-27 HTTP/1.1" 200 408
124.78.153.86 - - [27/Oct/2021:09:00:08 +0800] "GET /xingrg/kc/buy/buy_main.html HTTP/1.1" 200 12412
124.78.153.86 - - [27/Oct/2021:09:00:08 +0800] "GET /xingrg/css/new_ie.css HTTP/1.1" 404 1036
124.78.153.86 - - [27/Oct/2021:09:00:09 +0800] "GET /xingrg/images/yd/bt.gif HTTP/1.1" 404 1040
124.78.153.86 - - [27/Oct/2021:09:00:10 +0800] "GET /xingrg/kc/buy/cgsh_order_list.html HTTP/1.1" 200 48941
58.39.139.200 - - [27/Oct/2021:09:00:11 +0800] "GET /xingrg/kc/buy/cgsh_order_operate.html?command=get_materiel&rest_code=00105&code=00101008275&supplier_code=00100203&order_time=2021-10-27 HTTP/1.1" 200 417
124.78.153.86 - - [27/Oct/2021:09:00:12 +0800] "POST /xingrg/kc/buy/cgsh_list_operate.html HTTP/1.1" 200 1690
116.238.248.233 - - [27/Oct/2021:09:00:14 +0800] "GET /xingrg/kc/buy/cgsh_order_operate.html?command=get_materiel&rest_code=00150&code=00101008220&supplier_code=00100007&order_time=2021-10-27 HTTP/1.1" 200 412
58.39.139.200 - - [27/Oct/2021:09:00:16 +0800] "GET /xingrg/all/function/internal_message.html?_=1635296416835&CODE_STATE=getMsg HTTP/1.1" 200 27
116.238.248.233 - - [27/Oct/2021:09:00:16 +0800] "POST /xingrg/kc/buy/cgsh_order_operate.html HTTP/1.1" 200 2065
120.253.135.82 - - [27/Oct/2021:09:00:18 +0800] "GET /xingrg/all/function/internal_message.html?_=1635296391313&CODE_STATE=getMsg HTTP/1.1" 200 27
116.233.78.79 - - [27/Oct/2021:09:00:19 +0800] "GET /xingrg/all/function/internal_message.html?_=1635296419826&CODE_STATE=getMsg HTTP/1.1" 200 27
120.253.135.82 - - [27/Oct/2021:09:00:19 +0800] "GET /xingrg/check_reg.html?_=1635296190685 HTTP/1.1" 200 22
58.39.139.200 - - [27/Oct/2021:09:00:20 +0800] "GET /xingrg/kc/buy/cgsh_order_operate.html?command=get_materiel&rest_code=00105&code=00101008210&supplier_code=00100203&order_time=2021-10-27 HTTP/1.1" 200 408
58.37.227.186 - - [27/Oct/2021:09:00:21 +0800] "POST /xingrg/services/DataTransmitService HTTP/1.1" 200 524
172.20.0.100 - - [27/Oct/2021:09:00:22 +0800] "POST /xingrg/load_menu.html HTTP/1.1" 200 10512
116.238.248.233 - - [27/Oct/2021:09:00:23 +0800] "GET /xingrg/kc/buy/cgsh_order_operate.html?command=get_materiel&rest_code=00150&code=00101008137&supplier_code=00100007&order_time=2021-10-27 HTTP/1.1" 200 408
222.70.179.155 - - [27/Oct/2021:09:00:24 +0800] "GET /xingrg/check_reg.html?_=1635296423726 HTTP/1.1" 200 22
222.70.179.155 - - [27/Oct/2021:09:00:24 +0800] "GET /xingrg/all/function/internal_message.html?_=1635296423729&CODE_STATE=getMsg HTTP/1.1" 200 27
222.70.179.155 - - [27/Oct/2021:09:00:25 +0800] "GET /xingrg/kc/buy/cgsh_order_operate.html?command=get_materiel&rest_code=00111&code=00101008264&supplier_code=00100005&order_time=2021-10-27 HTTP/1.1" 200 412
120.253.135.82 - - [27/Oct/2021:09:00:27 +0800] "GET /xingrg/all/function/internal_message.html?_=1635296198309&CODE_STATE=getMsg HTTP/1.1" 200 27
116.227.210.113 - - [27/Oct/2021:09:00:29 +0800] "GET /xingrg/all/function/internal_message.html?_=1635296417825&CODE_STATE=getMsg HTTP/1.1" 200 27
58.39.139.200 - - [27/Oct/2021:09:00:30 +0800] "GET /xingrg/kc/buy/cgsh_order_operate.html?command=get_materiel&rest_code=00105&code=00101008027&supplier_code=00100203&order_time=2021-10-27 HTTP/1.1" 200 409
116.238.248.233 - - [27/Oct/2021:09:00:30 +0800] "GET /xingrg/kc/buy/cgsh_order_operate.html?command=get_materiel&rest_code=00150&code=00101008360&supplier_code=00100007&order_time=2021-10-27 HTTP/1.1" 200 413
222.70.179.155 - - [27/Oct/2021:09:00:32 +0800] "GET /xingrg/kc/buy/cgsh_order_operate.html?command=get_materiel&rest_code=00111&code=00101009030&supplier_code=00100005&order_time=2021-10-27 HTTP/1.1" 200 413
58.221.95.50 - - [27/Oct/2021:09:00:33 +0800] "GET /xingrg/all/function/internal_message.html?_=1635296433904&CODE_STATE=getMsg HTTP/1.1" 200 27
116.238.248.233 - - [27/Oct/2021:09:00:37 +0800] "GET /xingrg/kc/buy/cgsh_order_operate.html?command=get_materiel&rest_code=00150&code=00101008270&supplier_code=00100007&order_time=2021-10-27 HTTP/1.1" 200 412
222.70.171.86 - - [27/Oct/2021:09:00:37 +0800] "GET /xingrg/all/function/internal_message.html?_=1635296447638&CODE_STATE=getMsg HTTP/1.1" 302 -
58.39.139.200 - - [27/Oct/2021:09:00:38 +0800] "GET /xingrg/kc/buy/cgsh_order_operate.html?command=get_materiel&rest_code=00105&code=00101008244&supplier_code=00100203&order_time=2021-10-27 HTTP/1.1" 200 408
222.70.179.155 - - [27/Oct/2021:09:00:40 +0800] "GET /xingrg/kc/buy/cgsh_order_operate.html?command=get_materiel&rest_code=00111&code=00101008362&supplier_code=00100005&order_time=2021-10-27 HTTP/1.1" 200 408
116.238.248.233 - - [27/Oct/2021:09:00:42 +0800] "GET /xingrg/all/function/internal_message.html?_=1635296440498&CODE_STATE=getMsg HTTP/1.1" 200 27
222.70.179.155 - - [27/Oct/2021:09:00:42 +0800] "POST /xingrg/kc/buy/cgsh_order_operate.html HTTP/1.1" 200 2065
222.69.131.198 - - [27/Oct/2021:09:00:42 +0800] "GET /xingrg/all/function/internal_message.html?_=1635296443515&CODE_STATE=getMsg HTTP/1.1" 200 27
222.69.131.198 - - [27/Oct/2021:09:00:42 +0800] "GET /xingrg/check_reg.html?_=1635296443518 HTTP/1.1" 200 22
222.70.171.86 - - [27/Oct/2021:09:00:44 +0800] "GET /xingrg/all/function/internal_message.html?_=1635296453528&CODE_STATE=getMsg HTTP/1.1" 200 27
116.238.248.233 - - [27/Oct/2021:09:00:45 +0800] "GET /xingrg/kc/buy/cgsh_order_operate.html?command=get_materiel&rest_code=00150&code=00101020139&supplier_code=00100007&order_time=2021-10-27 HTTP/1.1" 200 435
222.70.179.155 - - [27/Oct/2021:09:00:47 +0800] "GET /xingrg/kc/buy/cgsh_order_operate.html?command=get_materiel&rest_code=00111&code=00101008360&supplier_code=00100005&order_time=2021-10-27 HTTP/1.1" 200 413
114.85.125.222 - - [27/Oct/2021:09:00:50 +0800] "GET /xingrg/all/function/internal_message.html?_=1635296391346&CODE_STATE=getMsg HTTP/1.1" 200 27
180.169.147.146 - - [27/Oct/2021:09:00:52 +0800] "GET /xingrg/check_reg.html?_=1635296453246 HTTP/1.1" 200 22
180.169.147.146 - - [27/Oct/2021:09:00:52 +0800] "GET /xingrg/all/function/internal_message.html?_=1635296453248&CODE_STATE=getMsg HTTP/1.1" 200 27
180.169.147.146 - - [27/Oct/2021:09:00:54 +0800] "GET /xingrg/all/function/internal_message.html?_=1635296455356&CODE_STATE=getMsg HTTP/1.1" 200 27
222.70.179.155 - - [27/Oct/2021:09:00:56 +0800] "GET /xingrg/kc/buy/cgsh_order_operate.html?command=get_materiel&rest_code=00111&code=00101008196&supplier_code=00100005&order_time=2021-10-27 HTTP/1.1" 200 416
180.169.147.146 - - [27/Oct/2021:09:00:56 +0800] "GET /xingrg/check_reg.html?_=1635296458265 HTTP/1.1" 302 -
180.169.147.146 - - [27/Oct/2021:09:00:56 +0800] "GET /xingrg/all/function/internal_message.html?_=1635296458361&CODE_STATE=getMsg HTTP/1.1" 302 -
124.78.153.86 - - [27/Oct/2021:09:01:03 +0800] "GET /xingrg/all/function/internal_message.html?_=1635296464941&CODE_STATE=getMsg HTTP/1.1" 200 27
222.70.179.155 - - [27/Oct/2021:09:01:06 +0800] "GET /xingrg/kc/buy/cgsh_order_operate.html?command=get_materiel&rest_code=00111&code=00101008357&supplier_code=00100005&order_time=2021-10-27 HTTP/1.1" 200 408
222.70.179.155 - - [27/Oct/2021:09:01:13 +0800] "GET /xingrg/kc/buy/cgsh_order_operate.html?command=get_materiel&rest_code=00111&code=00101008069&supplier_code=00100005&order_time=2021-10-27 HTTP/1.1" 200 412
58.39.139.200 - - [27/Oct/2021:09:01:16 +0800] "GET /xingrg/all/function/internal_message.html?_=1635296476817&CODE_STATE=getMsg HTTP/1.1" 200 27
120.253.135.82 - - [27/Oct/2021:09:01:18 +0800] "GET /xingrg/all/function/internal_message.html?_=1635296451327&CODE_STATE=getMsg HTTP/1.1" 200 27
116.233.78.79 - - [27/Oct/2021:09:01:19 +0800] "GET /xingrg/all/function/internal_message.html?_=1635296479830&CODE_STATE=getMsg HTTP/1.1" 200 27
58.39.139.200 - - [27/Oct/2021:09:01:22 +0800] "GET /xingrg/kc/buy/cgsh_order_operate.html?command=get_materiel&rest_code=00105&code=00101008221&supplier_code=00100203&order_time=2021-10-27 HTTP/1.1" 200 412
222.70.179.155 - - [27/Oct/2021:09:01:23 +0800] "GET /xingrg/kc/buy/cgsh_order_operate.html?command=get_materiel&rest_code=00111&code=00101008286&supplier_code=00100005&order_time=2021-10-27 HTTP/1.1" 200 408
222.70.179.155 - - [27/Oct/2021:09:01:24 +0800] "GET /xingrg/all/function/internal_message.html?_=1635296483793&CODE_STATE=getMsg HTTP/1.1" 200 27
58.39.139.200 - - [27/Oct/2021:09:01:25 +0800] "POST /xingrg/kc/buy/cgsh_order_operate.html HTTP/1.1" 200 2065
222.70.179.155 - - [27/Oct/2021:09:01:25 +0800] "POST /xingrg/kc/buy/cgsh_order_operate.html HTTP/1.1" 200 2065
58.39.139.200 - - [27/Oct/2021:09:01:27 +0800] "POST /xingrg/kc/buy/cgsh_order_operate.html HTTP/1.1" 200 2065
120.253.135.82 - - [27/Oct/2021:09:01:27 +0800] "GET /xingrg/all/function/internal_message.html?_=1635296258323&CODE_STATE=getMsg HTTP/1.1" 200 27
58.39.139.200 - - [27/Oct/2021:09:01:28 +0800] "POST /xingrg/kc/buy/cgsh_order_operate.html HTTP/1.1" 200 2065
116.227.210.113 - - [27/Oct/2021:09:01:29 +0800] "GET /xingrg/all/function/internal_message.html?_=1635296477819&CODE_STATE=getMsg HTTP/1.1" 200 27
222.70.179.155 - - [27/Oct/2021:09:01:31 +0800] "GET /xingrg/kc/buy/cgsh_order_operate.html?command=get_materiel&rest_code=00111&code=00101008131&supplier_code=00100005&order_time=2021-10-27 HTTP/1.1" 200 408
58.221.95.50 - - [27/Oct/2021:09:01:33 +0800] "GET /xingrg/all/function/internal_message.html?_=1635296493889&CODE_STATE=getMsg HTTP/1.1" 200 27
222.70.171.86 - - [27/Oct/2021:09:01:37 +0800] "GET /xingrg/all/function/internal_message.html?_=1635296507642&CODE_STATE=getMsg HTTP/1.1" 302 -
58.39.139.200 - - [27/Oct/2021:09:01:38 +0800] "GET /xingrg/kc/buy/cgsh_order_operate.html?command=get_materiel&rest_code=00105&code=00101008361&supplier_code=00100203&order_time=2021-10-27 HTTP/1.1" 200 408
116.238.248.233 - - [27/Oct/2021:09:01:42 +0800] "GET /xingrg/all/function/internal_message.html?_=1635296500710&CODE_STATE=getMsg HTTP/1.1" 200 27
222.69.131.198 - - [27/Oct/2021:09:01:42 +0800] "GET /xingrg/all/function/internal_message.html?_=1635296503521&CODE_STATE=getMsg HTTP/1.1" 200 27
222.70.171.86 - - [27/Oct/2021:09:01:44 +0800] "GET /xingrg/all/function/internal_message.html?_=1635296513542&CODE_STATE=getMsg HTTP/1.1" 200 27
222.70.179.155 - - [27/Oct/2021:09:01:47 +0800] "GET /xingrg/kc/buy/cgsh_order_operate.html?command=get_materiel&rest_code=00111&code=00101008271&supplier_code=00100005&order_time=2021-10-27 HTTP/1.1" 200 408
114.85.125.222 - - [27/Oct/2021:09:01:50 +0800] "GET /xingrg/all/function/internal_message.html?_=1635296451383&CODE_STATE=getMsg HTTP/1.1" 200 27
180.169.147.146 - - [27/Oct/2021:09:01:54 +0800] "GET /xingrg/all/function/internal_message.html?_=1635296515361&CODE_STATE=getMsg HTTP/1.1" 200 27
180.169.147.146 - - [27/Oct/2021:09:01:56 +0800] "GET /xingrg/all/function/internal_message.html?_=1635296518333&CODE_STATE=getMsg HTTP/1.1" 302 -
180.169.147.146 - - [27/Oct/2021:09:02:02 +0800] "GET /xingrg/all/function/internal_message.html?_=1635296513248&CODE_STATE=getMsg HTTP/1.1" 200 27
58.39.139.200 - - [27/Oct/2021:09:02:02 +0800] "GET /xingrg/kc/buy/cgsh_order_operate.html?command=get_materiel&rest_code=00105&code=00101008148&supplier_code=00100203&order_time=2021-10-27 HTTP/1.1" 200 416
124.78.153.86 - - [27/Oct/2021:09:02:03 +0800] "GET /xingrg/all/function/internal_message.html?_=1635296524935&CODE_STATE=getMsg HTTP/1.1" 200 27
222.70.179.155 - - [27/Oct/2021:09:02:05 +0800] "GET /xingrg/kc/buy/cgsh_order_operate.html?command=get_materiel&rest_code=00111&code=00101008298&supplier_code=00100005&order_time=2021-10-27 HTTP/1.1" 200 412
222.70.171.86 - - [27/Oct/2021:09:02:08 +0800] "POST /xingrg/kc/buy/cgsh_list_operate.html HTTP/1.1" 200 589
222.70.171.86 - - [27/Oct/2021:09:02:09 +0800] "GET /xingrg/kc/buy/cgsh_order_info.html?code=212021102209548 HTTP/1.1" 200 59594
222.70.171.86 - - [27/Oct/2021:09:02:09 +0800] "GET /xingrg/javascript/easyui/themes/default/validatebox.css HTTP/1.1" 404 1104
222.70.171.86 - - [27/Oct/2021:09:02:09 +0800] "POST /xingrg/kc/buy/cgsh_order_operate.html HTTP/1.1" 200 4765
222.70.179.155 - - [27/Oct/2021:09:02:10 +0800] "POST /xingrg/kc/buy/cgsh_order_operate.html HTTP/1.1" 200 2065
58.39.139.200 - - [27/Oct/2021:09:02:11 +0800] "GET /xingrg/kc/buy/cgsh_order_operate.html?command=get_materiel&rest_code=00105&code=00101008004&supplier_code=00100203&order_time=2021-10-27 HTTP/1.1" 200 416
222.70.171.86 - - [27/Oct/2021:09:02:11 +0800] "GET /xingrg/kc/print/load_data.html?order_code=212021102209548&kc_code=cgsh HTTP/1.1" 200 2391
58.39.139.200 - - [27/Oct/2021:09:02:16 +0800] "GET /xingrg/all/function/internal_message.html?_=1635296536741&CODE_STATE=getMsg HTTP/1.1" 200 27
222.70.179.155 - - [27/Oct/2021:09:02:17 +0800] "GET /xingrg/kc/buy/cgsh_order_operate.html?command=get_materiel&rest_code=00111&code=00101008089&supplier_code=00100005&order_time=2021-10-27 HTTP/1.1" 200 408
120.253.135.82 - - [27/Oct/2021:09:02:18 +0800] "GET /xingrg/all/function/internal_message.html?_=1635296511354&CODE_STATE=getMsg HTTP/1.1" 200 27
116.233.78.79 - - [27/Oct/2021:09:02:19 +0800] "GET /xingrg/all/function/internal_message.html?_=1635296539830&CODE_STATE=getMsg HTTP/1.1" 200 27
222.70.179.155 - - [27/Oct/2021:09:02:24 +0800] "GET /xingrg/all/function/internal_message.html?_=1635296543778&CODE_STATE=getMsg HTTP/1.1" 200 27
58.39.139.200 - - [27/Oct/2021:09:02:24 +0800] "GET /xingrg/kc/buy/cgsh_order_operate.html?command=get_materiel&rest_code=00105&code=00101008067&supplier_code=00100203&order_time=2021-10-27 HTTP/1.1" 200 416
116.238.248.233 - - [27/Oct/2021:09:02:24 +0800] "GET /xingrg/kc/buy/cgsh_order_operate.html?command=get_materiel&rest_code=00150&code=00101008357&supplier_code=00100007&order_time=2021-10-27 HTTP/1.1" 200 408
120.253.135.82 - - [27/Oct/2021:09:02:27 +0800] "GET /xingrg/all/function/internal_message.html?_=1635296318492&CODE_STATE=getMsg HTTP/1.1" 200 27
116.238.248.233 - - [27/Oct/2021:09:02:27 +0800] "POST /xingrg/kc/buy/cgsh_order_operate.html HTTP/1.1" 200 2065
116.227.210.113 - - [27/Oct/2021:09:02:29 +0800] "GET /xingrg/all/function/internal_message.html?_=1635296537807&CODE_STATE=getMsg HTTP/1.1" 200 27
58.221.95.50 - - [27/Oct/2021:09:02:33 +0800] "GET /xingrg/all/function/internal_message.html?_=1635296553874&CODE_STATE=getMsg HTTP/1.1" 200 27
116.238.248.233 - - [27/Oct/2021:09:02:34 +0800] "GET /xingrg/kc/buy/cgsh_order_operate.html?command=get_materiel&rest_code=00150&code=00101008069&supplier_code=00100007&order_time=2021-10-27 HTTP/1.1" 200 412
114.85.125.222 - - [27/Oct/2021:09:02:35 +0800] "GET /xingrg/check_reg.html?_=1635296496197 HTTP/1.1" 200 22
58.39.139.200 - - [27/Oct/2021:09:02:36 +0800] "GET /xingrg/kc/buy/cgsh_order_operate.html?command=get_materiel&rest_code=00105&code=00101008108&supplier_code=00100203&order_time=2021-10-27 HTTP/1.1" 200 412
222.70.179.155 - - [27/Oct/2021:09:02:36 +0800] "GET /xingrg/kc/buy/cgsh_order_operate.html?command=get_materiel&rest_code=00111&code=00101008160&supplier_code=00100005&order_time=2021-10-27 HTTP/1.1" 200 408
222.70.171.86 - - [27/Oct/2021:09:02:37 +0800] "GET /xingrg/all/function/internal_message.html?_=1635296567752&CODE_STATE=getMsg HTTP/1.1" 302 -
116.238.248.233 - - [27/Oct/2021:09:02:42 +0800] "GET /xingrg/kc/buy/cgsh_order_operate.html?command=get_materiel&rest_code=00150&code=00101008286&supplier_code=00100007&order_time=2021-10-27 HTTP/1.1" 200 408
116.238.248.233 - - [27/Oct/2021:09:02:42 +0800] "GET /xingrg/all/function/internal_message.html?_=1635296560686&CODE_STATE=getMsg HTTP/1.1" 200 27
222.69.131.198 - - [27/Oct/2021:09:02:42 +0800] "GET /xingrg/all/function/internal_message.html?_=1635296563525&CODE_STATE=getMsg HTTP/1.1" 200 27
222.70.171.86 - - [27/Oct/2021:09:02:44 +0800] "GET /xingrg/all/function/internal_message.html?_=1635296573553&CODE_STATE=getMsg HTTP/1.1" 200 27
116.238.248.233 - - [27/Oct/2021:09:02:48 +0800] "GET /xingrg/kc/buy/cgsh_order_operate.html?command=get_materiel&rest_code=00150&code=00101008036&supplier_code=00100007&order_time=2021-10-27 HTTP/1.1" 200 408
114.85.125.222 - - [27/Oct/2021:09:02:50 +0800] "GET /xingrg/all/function/internal_message.html?_=1635296511388&CODE_STATE=getMsg HTTP/1.1" 200 27
58.39.139.200 - - [27/Oct/2021:09:02:50 +0800] "GET /xingrg/kc/buy/cgsh_order_operate.html?command=get_materiel&rest_code=00105&code=00101008350&supplier_code=00100203&order_time=2021-10-27 HTTP/1.1" 200 408
180.169.147.146 - - [27/Oct/2021:09:02:52 +0800] "GET /xingrg/all/function/internal_message.html?_=1635296573238&CODE_STATE=getMsg HTTP/1.1" 200 27
180.169.147.146 - - [27/Oct/2021:09:02:54 +0800] "GET /xingrg/check_reg.html?_=1635296575356 HTTP/1.1" 200 22
180.169.147.146 - - [27/Oct/2021:09:02:54 +0800] "GET /xingrg/all/function/internal_message.html?_=1635296575363&CODE_STATE=getMsg HTTP/1.1" 200 27
180.169.147.146 - - [27/Oct/2021:09:02:56 +0800] "GET /xingrg/all/function/internal_message.html?_=1635296578303&CODE_STATE=getMsg HTTP/1.1" 302 -
116.238.248.233 - - [27/Oct/2021:09:02:58 +0800] "GET /xingrg/kc/buy/cgsh_order_operate.html?command=get_materiel&rest_code=00150&code=00101008131&supplier_code=00100007&order_time=2021-10-27 HTTP/1.1" 200 408
58.221.95.50 - - [27/Oct/2021:09:02:59 +0800] "GET /xingrg/check_reg.html?_=1635296579742 HTTP/1.1" 200 22
124.78.153.86 - - [27/Oct/2021:09:03:03 +0800] "GET /xingrg/all/function/internal_message.html?_=1635296584935&CODE_STATE=getMsg HTTP/1.1" 200 27
124.78.153.86 - - [27/Oct/2021:09:03:03 +0800] "GET /xingrg/check_reg.html?_=1635296584938 HTTP/1.1" 200 22
222.70.179.155 - - [27/Oct/2021:09:03:03 +0800] "GET /xingrg/kc/buy/cgsh_order_operate.html?command=get_materiel&rest_code=00111&code=00101008469&supplier_code=00100005&order_time=2021-10-27 HTTP/1.1" 200 398
116.238.248.233 - - [27/Oct/2021:09:03:04 +0800] "GET /xingrg/kc/buy/cgsh_order_operate.html?command=get_materiel&rest_code=00150&code=00101008296&supplier_code=00100007&order_time=2021-10-27 HTTP/1.1" 200 416
116.238.248.233 - - [27/Oct/2021:09:03:06 +0800] "POST /xingrg/kc/buy/cgsh_order_operate.html HTTP/1.1" 200 2065
114.85.125.222 - - [27/Oct/2021:09:03:12 +0800] "GET /xingrg/kc/buy/cgsh_order_operate.html?command=get_materiel&rest_code=00150&code=00101001010&supplier_code=00100096&order_time=2021-10-27 HTTP/1.1" 200 411
116.238.248.233 - - [27/Oct/2021:09:03:12 +0800] "GET /xingrg/kc/buy/cgsh_order_operate.html?command=get_materiel&rest_code=00150&code=00101008318&supplier_code=00100007&order_time=2021-10-27 HTTP/1.1" 200 408
222.70.179.155 - - [27/Oct/2021:09:03:13 +0800] "GET /xingrg/kc/buy/cgsh_order_operate.html?command=get_materiel&rest_code=00111&code=00101013165&supplier_code=00100005&order_time=2021-10-27 HTTP/1.1" 200 409
222.70.179.155 - - [27/Oct/2021:09:03:15 +0800] "POST /xingrg/kc/buy/cgsh_order_operate.html HTTP/1.1" 200 2065
58.39.139.200 - - [27/Oct/2021:09:03:16 +0800] "GET /xingrg/all/function/internal_message.html?_=1635296596813&CODE_STATE=getMsg HTTP/1.1" 200 27
120.253.135.82 - - [27/Oct/2021:09:03:18 +0800] "GET /xingrg/all/function/internal_message.html?_=1635296571370&CODE_STATE=getMsg HTTP/1.1" 200 27
116.238.248.233 - - [27/Oct/2021:09:03:18 +0800] "GET /xingrg/kc/buy/cgsh_order_operate.html?command=get_materiel&rest_code=00150&code=00101008098&supplier_code=00100007&order_time=2021-10-27 HTTP/1.1" 200 412
116.233.78.79 - - [27/Oct/2021:09:03:19 +0800] "GET /xingrg/all/function/internal_message.html?_=1635296599833&CODE_STATE=getMsg HTTP/1.1" 200 27
222.70.179.155 - - [27/Oct/2021:09:03:22 +0800] "GET /xingrg/kc/buy/cgsh_order_operate.html?command=get_materiel&rest_code=00111&code=00101008633&supplier_code=00100005&order_time=2021-10-27 HTTP/1.1" 200 400
222.70.179.155 - - [27/Oct/2021:09:03:24 +0800] "GET /xingrg/all/function/internal_message.html?_=1635296603769&CODE_STATE=getMsg HTTP/1.1" 200 27
116.238.248.233 - - [27/Oct/2021:09:03:25 +0800] "GET /xingrg/kc/buy/cgsh_order_operate.html?command=get_materiel&rest_code=00150&code=00101008353&supplier_code=00100007&order_time=2021-10-27 HTTP/1.1" 200 408
120.253.135.82 - - [27/Oct/2021:09:03:27 +0800] "GET /xingrg/all/function/internal_message.html?_=1635296378505&CODE_STATE=getMsg HTTP/1.1" 200 27
116.227.210.113 - - [27/Oct/2021:09:03:29 +0800] "GET /xingrg/all/function/internal_message.html?_=1635296597818&CODE_STATE=getMsg HTTP/1.1" 200 27
116.227.210.113 - - [27/Oct/2021:09:03:29 +0800] "GET /xingrg/check_reg.html?_=1635296597820 HTTP/1.1" 200 22
222.70.179.155 - - [27/Oct/2021:09:03:32 +0800] "GET /xingrg/kc/buy/cgsh_order_operate.html?command=get_materiel&rest_code=00111&code=00101008223&supplier_code=00100005&order_time=2021-10-27 HTTP/1.1" 200 412
58.221.95.50 - - [27/Oct/2021:09:03:33 +0800] "GET /xingrg/all/function/internal_message.html?_=1635296613871&CODE_STATE=getMsg HTTP/1.1" 200 27
116.238.248.233 - - [27/Oct/2021:09:03:33 +0800] "GET /xingrg/kc/buy/cgsh_order_operate.html?command=get_materiel&rest_code=00150&code=00101008213&supplier_code=00100007&order_time=2021-10-27 HTTP/1.1" 200 412
114.85.125.222 - - [27/Oct/2021:09:03:33 +0800] "GET /xingrg/kc/buy/cgsh_order_operate.html?command=get_materiel&rest_code=00150&code=00101012033&supplier_code=00100096&order_time=2021-10-27 HTTP/1.1" 200 426
222.70.171.86 - - [27/Oct/2021:09:03:37 +0800] "GET /xingrg/all/function/internal_message.html?_=1635296627764&CODE_STATE=getMsg HTTP/1.1" 302 -
222.70.179.155 - - [27/Oct/2021:09:03:40 +0800] "GET /xingrg/kc/buy/cgsh_order_operate.html?command=get_materiel&rest_code=00111&code=00101008230&supplier_code=00100005&order_time=2021-10-27 HTTP/1.1" 200 408
116.238.248.233 - - [27/Oct/2021:09:03:41 +0800] "GET /xingrg/kc/buy/cgsh_order_operate.html?command=get_materiel&rest_code=00150&code=00101008291&supplier_code=00100007&order_time=2021-10-27 HTTP/1.1" 200 408
116.238.248.233 - - [27/Oct/2021:09:03:42 +0800] "GET /xingrg/check_reg.html?_=1635296620522 HTTP/1.1" 200 22
116.238.248.233 - - [27/Oct/2021:09:03:42 +0800] "GET /xingrg/all/function/internal_message.html?_=1635296620675&CODE_STATE=getMsg HTTP/1.1" 200 27
222.69.131.198 - - [27/Oct/2021:09:03:42 +0800] "GET /xingrg/all/function/internal_message.html?_=1635296623525&CODE_STATE=getMsg HTTP/1.1" 200 27
116.238.248.233 - - [27/Oct/2021:09:03:44 +0800] "POST /xingrg/kc/buy/cgsh_order_operate.html HTTP/1.1" 200 2065
222.70.171.86 - - [27/Oct/2021:09:03:44 +0800] "GET /xingrg/check_reg.html?_=1635296633504 HTTP/1.1" 200 22
222.70.171.86 - - [27/Oct/2021:09:03:44 +0800] "GET /xingrg/all/function/internal_message.html?_=1635296633566&CODE_STATE=getMsg HTTP/1.1" 200 27
114.85.125.222 - - [27/Oct/2021:09:03:47 +0800] "GET /xingrg/kc/buy/cgsh_order_operate.html?command=get_materiel&rest_code=00150&code=00101006133&supplier_code=00100096&order_time=2021-10-27 HTTP/1.1" 200 415
124.78.153.86 - - [27/Oct/2021:09:03:48 +0800] "GET /xingrg/kc/buy/cgsh_order_add.html HTTP/1.1" 200 64679
124.78.153.86 - - [27/Oct/2021:09:03:48 +0800] "POST /xingrg/kc/buy/cgsh_order_operate.html HTTP/1.1" 200 8245
124.78.153.86 - - [27/Oct/2021:09:03:48 +0800] "GET /xingrg/javascript/easyui/themes/default/validatebox.css HTTP/1.1" 404 1104
114.85.125.222 - - [27/Oct/2021:09:03:50 +0800] "GET /xingrg/all/function/internal_message.html?_=1635296571402&CODE_STATE=getMsg HTTP/1.1" 200 27
116.238.248.233 - - [27/Oct/2021:09:03:50 +0800] "GET /xingrg/kc/buy/cgsh_order_operate.html?command=get_materiel&rest_code=00150&code=00101008312&supplier_code=00100007&order_time=2021-10-27 HTTP/1.1" 200 412
124.78.153.86 - - [27/Oct/2021:09:03:50 +0800] "GET /xingrg/javascript/easyui/themes/default/tree.css HTTP/1.1" 404 1090
124.78.153.86 - - [27/Oct/2021:09:03:50 +0800] "POST /xingrg/all/common/load_tree.html?tree=supplier_tree_json&isDelete=1 HTTP/1.1" 200 60167
180.169.147.146 - - [27/Oct/2021:09:03:52 +0800] "GET /xingrg/all/function/internal_message.html?_=1635296633247&CODE_STATE=getMsg HTTP/1.1" 200 27
180.169.147.146 - - [27/Oct/2021:09:03:54 +0800] "GET /xingrg/all/function/internal_message.html?_=1635296635366&CODE_STATE=getMsg HTTP/1.1" 200 27
116.238.248.233 - - [27/Oct/2021:09:03:57 +0800] "GET /xingrg/kc/buy/cgsh_order_operate.html?command=get_materiel&rest_code=00150&code=00101008095&supplier_code=00100007&order_time=2021-10-27 HTTP/1.1" 200 412
222.70.179.155 - - [27/Oct/2021:09:03:57 +0800] "POST /xingrg/kc/buy/cgsh_order_operate.html HTTP/1.1" 200 2065
124.78.153.86 - - [27/Oct/2021:09:04:03 +0800] "GET /xingrg/all/function/internal_message.html?_=1635296644950&CODE_STATE=getMsg HTTP/1.1" 200 27
124.78.153.86 - - [27/Oct/2021:09:04:03 +0800] "GET /xingrg/check_reg.html?_=1635296645336 HTTP/1.1" 200 22
222.70.179.155 - - [27/Oct/2021:09:04:03 +0800] "POST /xingrg/kc/buy/cgsh_order_operate.html HTTP/1.1" 200 37
116.238.248.233 - - [27/Oct/2021:09:04:05 +0800] "GET /xingrg/kc/buy/cgsh_order_operate.html?command=get_materiel&rest_code=00150&code=00101008027&supplier_code=00100007&order_time=2021-10-27 HTTP/1.1" 200 409
114.85.125.222 - - [27/Oct/2021:09:04:06 +0800] "GET /xingrg/kc/buy/cgsh_order_operate.html?command=get_materiel&rest_code=00150&code=00101007077&supplier_code=00100096&order_time=2021-10-27 HTTP/1.1" 200 415
222.70.179.155 - - [27/Oct/2021:09:04:10 +0800] "POST /xingrg/kc/buy/cgsh_order_operate.html HTTP/1.1" 200 31015
222.70.179.155 - - [27/Oct/2021:09:04:12 +0800] "GET /xingrg/kc/print/load_data.html?order_code=212021102711866&kc_code=cgsh&condition= HTTP/1.1" 200 11422
116.238.248.233 - - [27/Oct/2021:09:04:13 +0800] "GET /xingrg/kc/buy/cgsh_order_operate.html?command=get_materiel&rest_code=00150&code=00101008239&supplier_code=00100007&order_time=2021-10-27 HTTP/1.1" 200 416
58.39.139.200 - - [27/Oct/2021:09:04:16 +0800] "GET /xingrg/check_reg.html?_=1635296656765 HTTP/1.1" 200 22
58.39.139.200 - - [27/Oct/2021:09:04:16 +0800] "GET /xingrg/all/function/internal_message.html?_=1635296656795&CODE_STATE=getMsg HTTP/1.1" 200 27
120.253.135.82 - - [27/Oct/2021:09:04:17 +0800] "GET /xingrg/check_reg.html?_=1635296630254 HTTP/1.1" 200 22
114.85.125.222 - - [27/Oct/2021:09:04:17 +0800] "GET /xingrg/kc/buy/cgsh_order_operate.html?command=get_materiel&rest_code=00150&code=00101012051&supplier_code=00100096&order_time=2021-10-27 HTTP/1.1" 200 408
120.253.135.82 - - [27/Oct/2021:09:04:18 +0800] "GET /xingrg/all/function/internal_message.html?_=1635296631383&CODE_STATE=getMsg HTTP/1.1" 200 27
116.233.78.79 - - [27/Oct/2021:09:04:19 +0800] "GET /xingrg/all/function/internal_message.html?_=1635296659835&CODE_STATE=getMsg HTTP/1.1" 200 27
116.233.78.79 - - [27/Oct/2021:09:04:19 +0800] "GET /xingrg/check_reg.html?_=1635296659836 HTTP/1.1" 200 22
222.70.179.155 - - [27/Oct/2021:09:04:24 +0800] "GET /xingrg/all/function/internal_message.html?_=1635296663748&CODE_STATE=getMsg HTTP/1.1" 200 27
116.238.248.233 - - [27/Oct/2021:09:04:24 +0800] "POST /xingrg/kc/buy/cgsh_order_operate.html HTTP/1.1" 200 2065
222.70.171.86 - - [27/Oct/2021:09:04:27 +0800] "POST /xingrg/kc/buy/cgsh_list_operate.html HTTP/1.1" 200 5503
120.253.135.82 - - [27/Oct/2021:09:04:27 +0800] "GET /xingrg/all/function/internal_message.html?_=1635296438734&CODE_STATE=getMsg HTTP/1.1" 200 27
116.227.210.113 - - [27/Oct/2021:09:04:29 +0800] "GET /xingrg/all/function/internal_message.html?_=1635296657807&CODE_STATE=getMsg HTTP/1.1" 200 27
222.70.171.86 - - [27/Oct/2021:09:04:31 +0800] "POST /xingrg/kc/buy/cgsh_list_operate.html HTTP/1.1" 200 562
222.70.171.86 - - [27/Oct/2021:09:04:33 +0800] "GET /xingrg/kc/buy/cgsh_order_info.html?code=212021102209508 HTTP/1.1" 200 59594
222.70.171.86 - - [27/Oct/2021:09:04:33 +0800] "GET /xingrg/javascript/easyui/themes/default/validatebox.css HTTP/1.1" 404 1104
58.221.95.50 - - [27/Oct/2021:09:04:33 +0800] "GET /xingrg/all/function/internal_message.html?_=1635296673855&CODE_STATE=getMsg HTTP/1.1" 200 27
222.70.171.86 - - [27/Oct/2021:09:04:33 +0800] "POST /xingrg/kc/buy/cgsh_order_operate.html HTTP/1.1" 200 41948
58.39.139.200 - - [27/Oct/2021:09:04:35 +0800] "GET /xingrg/kc/buy/cgsh_order_operate.html?command=get_materiel&rest_code=00105&code=00101008092&supplier_code=00100203&order_time=2021-10-27 HTTP/1.1" 200 412
222.70.171.86 - - [27/Oct/2021:09:04:36 +0800] "GET /xingrg/check_reg.html?_=1635296685983 HTTP/1.1" 302 -
222.70.171.86 - - [27/Oct/2021:09:04:36 +0800] "GET /xingrg/kc/print/load_data.html?order_code=212021102209508&kc_code=cgsh HTTP/1.1" 200 16338
222.70.171.86 - - [27/Oct/2021:09:04:37 +0800] "GET /xingrg/all/function/internal_message.html?_=1635296687777&CODE_STATE=getMsg HTTP/1.1" 302 -
124.78.153.86 - - [27/Oct/2021:09:04:38 +0800] "GET /xingrg/kc/buy/cgsh_order_operate.html?command=get_materiel&rest_code=00106&code=00101008091&supplier_code=00100007&order_time=2021-10-27 HTTP/1.1" 200 413
116.238.248.233 - - [27/Oct/2021:09:04:42 +0800] "GET /xingrg/all/function/internal_message.html?_=1635296680656&CODE_STATE=getMsg HTTP/1.1" 200 27
222.69.131.198 - - [27/Oct/2021:09:04:42 +0800] "GET /xingrg/all/function/internal_message.html?_=1635296683530&CODE_STATE=getMsg HTTP/1.1" 200 27
222.70.171.86 - - [27/Oct/2021:09:04:47 +0800] "GET /xingrg/all/function/internal_message.html?_=1635296696226&CODE_STATE=getMsg HTTP/1.1" 200 27
114.85.125.222 - - [27/Oct/2021:09:04:50 +0800] "GET /xingrg/all/function/internal_message.html?_=1635296631459&CODE_STATE=getMsg HTTP/1.1" 200 27
58.39.139.200 - - [27/Oct/2021:09:04:52 +0800] "POST /xingrg/kc/buy/cgsh_order_operate.html HTTP/1.1" 200 2065
180.169.147.146 - - [27/Oct/2021:09:04:52 +0800] "GET /xingrg/all/function/internal_message.html?_=1635296693245&CODE_STATE=getMsg HTTP/1.1" 200 27
58.39.139.200 - - [27/Oct/2021:09:04:53 +0800] "POST /xingrg/kc/buy/cgsh_order_operate.html HTTP/1.1" 200 2065
180.169.147.146 - - [27/Oct/2021:09:04:54 +0800] "GET /xingrg/all/function/internal_message.html?_=1635296695349&CODE_STATE=getMsg HTTP/1.1" 200 27
124.78.153.86 - - [27/Oct/2021:09:05:03 +0800] "GET /xingrg/all/function/internal_message.html?_=1635296704947&CODE_STATE=getMsg HTTP/1.1" 200 27
58.39.139.200 - - [27/Oct/2021:09:05:03 +0800] "GET /xingrg/kc/buy/cgsh_order_operate.html?command=get_materiel&rest_code=00105&code=00101008041&supplier_code=00100203&order_time=2021-10-27 HTTP/1.1" 200 408
124.78.153.86 - - [27/Oct/2021:09:05:10 +0800] "GET /xingrg/kc/buy/cgsh_order_operate.html?command=get_materiel&rest_code=00106&code=00101008149&supplier_code=00100007&order_time=2021-10-27 HTTP/1.1" 200 408
58.39.139.200 - - [27/Oct/2021:09:05:16 +0800] "GET /xingrg/all/function/internal_message.html?_=1635296716775&CODE_STATE=getMsg HTTP/1.1" 200 27
120.253.135.82 - - [27/Oct/2021:09:05:18 +0800] "GET /xingrg/all/function/internal_message.html?_=1635296691397&CODE_STATE=getMsg HTTP/1.1" 200 27
116.233.78.79 - - [27/Oct/2021:09:05:19 +0800] "GET /xingrg/all/function/internal_message.html?_=1635296719837&CODE_STATE=getMsg HTTP/1.1" 200 27
120.253.135.82 - - [27/Oct/2021:09:05:19 +0800] "GET /xingrg/check_reg.html?_=1635296490686 HTTP/1.1" 200 22
222.70.179.155 - - [27/Oct/2021:09:05:22 +0800] "GET /xingrg/kc/base/wldb_order_list.html HTTP/1.1" 200 19224
116.238.248.233 - - [27/Oct/2021:09:05:22 +0800] "GET /xingrg/kc/buy/cgsh_order_operate.html?command=get_materiel&rest_code=00150&code=00101008323&supplier_code=00100007&order_time=2021-10-27 HTTP/1.1" 200 408
222.70.179.155 - - [27/Oct/2021:09:05:22 +0800] "POST /xingrg/kc/base/wldb_list_operate.html HTTP/1.1" 200 928
222.70.179.155 - - [27/Oct/2021:09:05:23 +0800] "GET /xingrg/kc/base/wldb_order_add.html HTTP/1.1" 200 30438
222.70.179.155 - - [27/Oct/2021:09:05:23 +0800] "POST /xingrg/kc/base/wldb_order_operate.html HTTP/1.1" 200 6806
222.70.179.155 - - [27/Oct/2021:09:05:23 +0800] "GET /xingrg/all/common/auto_word.html?type=base&rest_code=00111 HTTP/1.1" 200 1753
222.70.179.155 - - [27/Oct/2021:09:05:23 +0800] "GET /xingrg/all/common/auto_word.html?type=base&rest_code=00111 HTTP/1.1" 200 1753
222.70.179.155 - - [27/Oct/2021:09:05:23 +0800] "GET /xingrg/javascript/easyui/themes/default/validatebox.css HTTP/1.1" 404 1104
222.70.179.155 - - [27/Oct/2021:09:05:24 +0800] "GET /xingrg/check_reg.html?_=1635296723749 HTTP/1.1" 200 22
222.70.179.155 - - [27/Oct/2021:09:05:24 +0800] "GET /xingrg/all/function/internal_message.html?_=1635296723752&CODE_STATE=getMsg HTTP/1.1" 200 27
124.78.153.86 - - [27/Oct/2021:09:05:26 +0800] "GET /xingrg/kc/buy/cgsh_order_operate.html?command=get_materiel&rest_code=00106&code=00101008163&supplier_code=00100007&order_time=2021-10-27 HTTP/1.1" 200 409
120.253.135.82 - - [27/Oct/2021:09:05:27 +0800] "GET /xingrg/all/function/internal_message.html?_=1635296498735&CODE_STATE=getMsg HTTP/1.1" 200 27
116.227.210.113 - - [27/Oct/2021:09:05:29 +0800] "GET /xingrg/all/function/internal_message.html?_=1635296717811&CODE_STATE=getMsg HTTP/1.1" 200 27
58.221.95.50 - - [27/Oct/2021:09:05:33 +0800] "GET /xingrg/all/function/internal_message.html?_=1635296733840&CODE_STATE=getMsg HTTP/1.1" 200 27
222.70.179.155 - - [27/Oct/2021:09:05:36 +0800] "GET /xingrg/kc/base/wldb_order_operate.html?command=get_materiel&rest_code=00111&base_code=0010306&code=00102021018 HTTP/1.1" 200 445
222.70.171.86 - - [27/Oct/2021:09:05:37 +0800] "GET /xingrg/all/function/internal_message.html?_=1635296747875&CODE_STATE=getMsg HTTP/1.1" 302 -
116.238.248.233 - - [27/Oct/2021:09:05:38 +0800] "GET /xingrg/kc/buy/cgsh_order_operate.html?command=get_materiel&rest_code=00150&code=00101008223&supplier_code=00100007&order_time=2021-10-27 HTTP/1.1" 200 412
116.238.248.233 - - [27/Oct/2021:09:05:42 +0800] "GET /xingrg/all/function/internal_message.html?_=1635296740660&CODE_STATE=getMsg HTTP/1.1" 200 27
222.69.131.198 - - [27/Oct/2021:09:05:42 +0800] "GET /xingrg/all/function/internal_message.html?_=1635296743529&CODE_STATE=getMsg HTTP/1.1" 200 27
222.69.131.198 - - [27/Oct/2021:09:05:42 +0800] "GET /xingrg/check_reg.html?_=1635296743530 HTTP/1.1" 200 22
124.78.153.86 - - [27/Oct/2021:09:05:42 +0800] "GET /xingrg/kc/buy/cgsh_order_operate.html?command=get_materiel&rest_code=00106&code=00101008190&supplier_code=00100007&order_time=2021-10-27 HTTP/1.1" 200 412
222.70.179.155 - - [27/Oct/2021:09:05:43 +0800] "GET /xingrg/kc/base/wldb_order_operate.html?command=get_materiel&rest_code=00111&base_code=0010306&code=00102002391 HTTP/1.1" 200 435
116.238.248.233 - - [27/Oct/2021:09:05:45 +0800] "GET /xingrg/kc/buy/cgsh_order_operate.html?command=get_materiel&rest_code=00150&code=00101008005&supplier_code=00100007&order_time=2021-10-27 HTTP/1.1" 200 412
116.238.248.233 - - [27/Oct/2021:09:05:47 +0800] "POST /xingrg/kc/buy/cgsh_order_operate.html HTTP/1.1" 200 2065
222.70.171.86 - - [27/Oct/2021:09:05:47 +0800] "GET /xingrg/all/function/internal_message.html?_=1635296756250&CODE_STATE=getMsg HTTP/1.1" 200 27
58.39.139.200 - - [27/Oct/2021:09:05:47 +0800] "GET /xingrg/kc/buy/cgsh_order_operate.html?command=get_materiel&rest_code=00105&code=00101008112&supplier_code=00100203&order_time=2021-10-27 HTTP/1.1" 200 412
116.233.78.79 - - [27/Oct/2021:09:05:49 +0800] "GET /xingrg/javascript/jquery_tools/images/next.gif HTTP/1.1" 404 1086
116.233.78.79 - - [27/Oct/2021:09:05:49 +0800] "GET /xingrg/javascript/jquery_tools/images/prev.gif HTTP/1.1" 404 1086
114.85.125.222 - - [27/Oct/2021:09:05:50 +0800] "GET /xingrg/all/function/internal_message.html?_=1635296691460&CODE_STATE=getMsg HTTP/1.1" 200 27
222.70.179.155 - - [27/Oct/2021:09:05:50 +0800] "GET /xingrg/kc/base/wldb_order_operate.html?command=get_materiel&rest_code=00111&base_code=0010306&code=00102002610 HTTP/1.1" 200 430
180.169.147.146 - - [27/Oct/2021:09:05:52 +0800] "GET /xingrg/all/function/internal_message.html?_=1635296753233&CODE_STATE=getMsg HTTP/1.1" 200 27
180.169.147.146 - - [27/Oct/2021:09:05:52 +0800] "GET /xingrg/check_reg.html?_=1635296753235 HTTP/1.1" 200 22
116.238.248.233 - - [27/Oct/2021:09:05:53 +0800] "GET /xingrg/kc/buy/cgsh_order_operate.html?command=get_materiel&rest_code=00150&code=00101008469&supplier_code=00100007&order_time=2021-10-27 HTTP/1.1" 200 398
180.169.147.146 - - [27/Oct/2021:09:05:54 +0800] "GET /xingrg/all/function/internal_message.html?_=1635296755355&CODE_STATE=getMsg HTTP/1.1" 200 27
116.233.78.79 - - [27/Oct/2021:09:05:55 +0800] "GET /xingrg/kc/buy/cgsh_order_operate.html?command=get_materiel&rest_code=00109&code=00101008261&supplier_code=00100005&order_time=2021-10-27 HTTP/1.1" 200 408
124.78.153.86 - - [27/Oct/2021:09:05:59 +0800] "GET /xingrg/kc/buy/cgsh_order_operate.html?command=get_materiel&rest_code=00106&code=00101008361&supplier_code=00100007&order_time=2021-10-27 HTTP/1.1" 200 408
222.70.179.155 - - [27/Oct/2021:09:06:02 +0800] "POST /xingrg/kc/base/wldb_order_operate.html HTTP/1.1" 200 37
222.70.179.155 - - [27/Oct/2021:09:06:02 +0800] "POST /xingrg/kc/base/wldb_order_operate.html HTTP/1.1" 200 3151
124.78.153.86 - - [27/Oct/2021:09:06:03 +0800] "GET /xingrg/all/function/internal_message.html?_=1635296764945&CODE_STATE=getMsg HTTP/1.1" 200 27
222.70.179.155 - - [27/Oct/2021:09:06:04 +0800] "GET /xingrg/kc/base/wldb_order_info.html?code=422021102702742 HTTP/1.1" 200 30452
116.233.78.79 - - [27/Oct/2021:09:06:04 +0800] "GET /xingrg/kc/buy/cgsh_order_operate.html?command=get_materiel&rest_code=00109&code=00101008155&supplier_code=00100005&order_time=2021-10-27 HTTP/1.1" 200 408
222.70.179.155 - - [27/Oct/2021:09:06:05 +0800] "GET /xingrg/javascript/easyui/themes/default/validatebox.css HTTP/1.1" 404 1104
222.70.179.155 - - [27/Oct/2021:09:06:05 +0800] "POST /xingrg/kc/base/wldb_order_operate.html HTTP/1.1" 200 3151
58.39.139.200 - - [27/Oct/2021:09:06:06 +0800] "GET /xingrg/kc/buy/cgsh_order_operate.html?command=get_materiel&rest_code=00105&code=00101008088&supplier_code=00100203&order_time=2021-10-27 HTTP/1.1" 200 408
222.70.179.155 - - [27/Oct/2021:09:06:09 +0800] "GET /xingrg/kc/base/wldb_order_add.html HTTP/1.1" 200 30438
222.70.179.155 - - [27/Oct/2021:09:06:10 +0800] "POST /xingrg/kc/base/wldb_order_operate.html HTTP/1.1" 200 6806
222.70.179.155 - - [27/Oct/2021:09:06:10 +0800] "GET /xingrg/javascript/easyui/themes/default/validatebox.css HTTP/1.1" 404 1104
116.233.78.79 - - [27/Oct/2021:09:06:11 +0800] "GET /xingrg/kc/buy/cgsh_order_operate.html?command=get_materiel&rest_code=00109&code=00101008049&supplier_code=00100005&order_time=2021-10-27 HTTP/1.1" 200 408
58.39.139.200 - - [27/Oct/2021:09:06:16 +0800] "GET /xingrg/all/function/internal_message.html?_=1635296776748&CODE_STATE=getMsg HTTP/1.1" 200 27
116.233.78.79 - - [27/Oct/2021:09:06:16 +0800] "GET /xingrg/kc/buy/cgsh_order_operate.html?command=get_materiel&rest_code=00109&code=00101008370&supplier_code=00100005&order_time=2021-10-27 HTTP/1.1" 200 412
120.253.135.82 - - [27/Oct/2021:09:06:18 +0800] "GET /xingrg/all/function/internal_message.html?_=1635296751411&CODE_STATE=getMsg HTTP/1.1" 200 27
180.174.227.63 - - [27/Oct/2021:09:06:18 +0800] "GET /favicon.ico HTTP/1.1" 404 -
180.174.227.63 - - [27/Oct/2021:09:06:19 +0800] "GET /favicon.ico HTTP/1.1" 404 -
116.233.78.79 - - [27/Oct/2021:09:06:19 +0800] "GET /xingrg/all/function/internal_message.html?_=1635296779849&CODE_STATE=getMsg HTTP/1.1" 200 27
58.39.139.200 - - [27/Oct/2021:09:06:19 +0800] "GET /xingrg/kc/buy/cgsh_order_operate.html?command=get_materiel&rest_code=00105&code=00101008356&supplier_code=00100203&order_time=2021-10-27 HTTP/1.1" 200 408
180.174.227.63 - - [27/Oct/2021:09:06:19 +0800] "GET /favicon.ico HTTP/1.1" 404 -
180.174.227.63 - - [27/Oct/2021:09:06:22 +0800] "GET /xingrg/login.html HTTP/1.1" 200 7641
222.70.179.155 - - [27/Oct/2021:09:06:23 +0800] "GET /xingrg/kc/base/wldb_order_operate.html?command=get_materiel&rest_code=00111&base_code=0010309&code=00101029003 HTTP/1.1" 200 476
180.174.227.63 - - [27/Oct/2021:09:06:23 +0800] "GET /xingrg/images/blue/jxLogo.png HTTP/1.1" 304 -
180.174.227.63 - - [27/Oct/2021:09:06:24 +0800] "GET /xingrg/images/blue/login_bg.png HTTP/1.1" 304 -
180.174.227.63 - - [27/Oct/2021:09:06:24 +0800] "GET /xingrg/images/blue/hj.png HTTP/1.1" 304 -
180.174.227.63 - - [27/Oct/2021:09:06:24 +0800] "GET /xingrg/images/blue/srbg.png HTTP/1.1" 304 -
222.70.179.155 - - [27/Oct/2021:09:06:24 +0800] "GET /xingrg/all/function/internal_message.html?_=1635296783746&CODE_STATE=getMsg HTTP/1.1" 200 27
180.174.227.63 - - [27/Oct/2021:09:06:25 +0800] "GET /favicon.ico HTTP/1.1" 404 -
120.253.135.82 - - [27/Oct/2021:09:06:27 +0800] "GET /xingrg/all/function/internal_message.html?_=1635296558750&CODE_STATE=getMsg HTTP/1.1" 200 27
116.227.210.113 - - [27/Oct/2021:09:06:29 +0800] "GET /xingrg/all/function/internal_message.html?_=1635296777808&CODE_STATE=getMsg HTTP/1.1" 200 27
116.233.78.79 - - [27/Oct/2021:09:06:30 +0800] "GET /xingrg/kc/buy/cgsh_order_operate.html?command=get_materiel&rest_code=00109&code=00101008003&supplier_code=00100005&order_time=2021-10-27 HTTP/1.1" 200 408
124.78.153.86 - - [27/Oct/2021:09:06:33 +0800] "GET /xingrg/kc/buy/cgsh_order_operate.html?command=get_materiel&rest_code=00106&code=00101008264&supplier_code=00100007&order_time=2021-10-27 HTTP/1.1" 200 412
58.221.95.50 - - [27/Oct/2021:09:06:33 +0800] "GET /xingrg/all/function/internal_message.html?_=1635296793825&CODE_STATE=getMsg HTTP/1.1" 200 27
180.174.227.63 - - [27/Oct/2021:09:06:36 +0800] "POST /xingrg/login.do HTTP/1.1" 302 -
180.174.227.63 - - [27/Oct/2021:09:06:36 +0800] "GET /xingrg/index.html?sysBaseUrl=http%3A%2F%2F180.169.147.146%3A18081%2Fxingrg%2F&costTime=40×tamp=1635296796388 HTTP/1.1" 200 17173
180.174.227.63 - - [27/Oct/2021:09:06:36 +0800] "GET /xingrg/javascript/jquery_easy_ui/themes/default/easyui.css HTTP/1.1" 304 -
180.174.227.63 - - [27/Oct/2021:09:06:36 +0800] "GET /xingrg/javascript/jquery_easy_ui/themes/icon.css HTTP/1.1" 304 -
180.174.227.63 - - [27/Oct/2021:09:06:36 +0800] "GET /xingrg/css/form.css HTTP/1.1" 304 -
180.174.227.63 - - [27/Oct/2021:09:06:36 +0800] "GET /xingrg/javascript/jquery-1.4.2.min.js HTTP/1.1" 304 -
180.174.227.63 - - [27/Oct/2021:09:06:36 +0800] "GET /xingrg/javascript/jquery_easy_ui/jquery.easyui.min.js HTTP/1.1" 304 -
180.174.227.63 - - [27/Oct/2021:09:06:36 +0800] "GET /xingrg/javascript/jquery_easy_ui/easyui-lang-zh_CN.js HTTP/1.1" 304 -
