116.233.78.79 - - [27/Oct/2021:09:11:01 +0800] "POST /xingrg/kc/buy/cgsh_order_operate.html HTTP/1.1" 200 2065
124.78.153.86 - - [27/Oct/2021:09:11:03 +0800] "GET /xingrg/all/function/internal_message.html?_=1635297064950&CODE_STATE=getMsg HTTP/1.1" 200 27
116.233.78.79 - - [27/Oct/2021:09:11:07 +0800] "GET /xingrg/kc/buy/cgsh_order_operate.html?command=get_materiel&rest_code=00109&code=00101008353&supplier_code=00100005&order_time=2021-10-27 HTTP/1.1" 200 408
116.238.248.233 - - [27/Oct/2021:09:11:09 +0800] "GET /xingrg/all/function/internal_message.html?_=1635297067930&CODE_STATE=getMsg HTTP/1.1" 200 27
124.78.153.86 - - [27/Oct/2021:09:11:12 +0800] "GET /xingrg/kc/buy/cgsh_order_operate.html?command=get_materiel&rest_code=00106&code=00101008098&supplier_code=00100007&order_time=2021-10-27 HTTP/1.1" 200 412
124.78.153.86 - - [27/Oct/2021:09:11:15 +0800] "POST /xingrg/kc/buy/cgsh_order_operate.html HTTP/1.1" 200 2065
58.39.139.200 - - [27/Oct/2021:09:11:16 +0800] "GET /xingrg/all/function/internal_message.html?_=1635297076799&CODE_STATE=getMsg HTTP/1.1" 200 27
116.233.78.79 - - [27/Oct/2021:09:11:16 +0800] "GET /xingrg/kc/buy/cgsh_order_operate.html?command=get_materiel&rest_code=00109&code=00101008306&supplier_code=00100005&order_time=2021-10-27 HTTP/1.1" 200 412
116.238.248.233 - - [27/Oct/2021:09:11:16 +0800] "GET /xingrg/kc/buy/cgsh_order_operate.html?command=get_materiel&rest_code=00151&code=00101008095&supplier_code=00100007&order_time=2021-10-27 HTTP/1.1" 200 412
120.253.135.82 - - [27/Oct/2021:09:11:18 +0800] "GET /xingrg/all/function/internal_message.html?_=1635297051494&CODE_STATE=getMsg HTTP/1.1" 200 27
116.233.78.79 - - [27/Oct/2021:09:11:19 +0800] "GET /xingrg/all/function/internal_message.html?_=1635297079870&CODE_STATE=getMsg HTTP/1.1" 200 27
180.174.227.63 - - [27/Oct/2021:09:11:21 +0800] "GET /xingrg/kc/buy/cgsh_order_operate.html?command=get_materiel&rest_code=00102&code=00101006174&supplier_code=00100096&order_time=2021-10-27 HTTP/1.1" 200 414
124.78.153.86 - - [27/Oct/2021:09:11:23 +0800] "GET /xingrg/kc/buy/cgsh_order_operate.html?command=get_materiel&rest_code=00106&code=00101008005&supplier_code=00100007&order_time=2021-10-27 HTTP/1.1" 200 412
222.70.179.155 - - [27/Oct/2021:09:11:24 +0800] "GET /xingrg/all/function/internal_message.html?_=1635297083749&CODE_STATE=getMsg HTTP/1.1" 200 27
116.238.248.233 - - [27/Oct/2021:09:11:25 +0800] "GET /xingrg/kc/buy/cgsh_order_operate.html?command=get_materiel&rest_code=00151&code=00101008221&supplier_code=00100007&order_time=2021-10-27 HTTP/1.1" 200 412
116.233.78.79 - - [27/Oct/2021:09:11:25 +0800] "GET /xingrg/kc/buy/cgsh_order_operate.html?command=get_materiel&rest_code=00109&code=00101008290&supplier_code=00100005&order_time=2021-10-27 HTTP/1.1" 200 416
116.227.210.113 - - [27/Oct/2021:09:11:29 +0800] "GET /xingrg/all/function/internal_message.html?_=1635297077819&CODE_STATE=getMsg HTTP/1.1" 200 27
58.221.95.50 - - [27/Oct/2021:09:11:33 +0800] "GET /xingrg/all/function/internal_message.html?_=1635297093749&CODE_STATE=getMsg HTTP/1.1" 200 27
222.70.171.86 - - [27/Oct/2021:09:11:38 +0800] "GET /xingrg/all/function/internal_message.html?_=1635297108122&CODE_STATE=getMsg HTTP/1.1" 302 -
180.174.227.63 - - [27/Oct/2021:09:11:38 +0800] "GET /xingrg/kc/buy/cgsh_order_operate.html?command=get_materiel&rest_code=00102&code=00101006133&supplier_code=00100096&order_time=2021-10-27 HTTP/1.1" 200 413
180.174.227.63 - - [27/Oct/2021:09:11:38 +0800] "GET /xingrg/check_reg.html?_=1635297086540 HTTP/1.1" 200 22
180.174.227.63 - - [27/Oct/2021:09:11:38 +0800] "GET /xingrg/all/function/internal_message.html?_=1635297086647&CODE_STATE=getMsg HTTP/1.1" 200 27
116.233.78.79 - - [27/Oct/2021:09:11:39 +0800] "GET /xingrg/kc/buy/cgsh_order_operate.html?command=get_materiel&rest_code=00109&code=00101008223&supplier_code=00100005&order_time=2021-10-27 HTTP/1.1" 200 412
116.238.248.233 - - [27/Oct/2021:09:11:40 +0800] "GET /xingrg/kc/buy/cgsh_order_operate.html?command=get_materiel&rest_code=00151&code=00101008343&supplier_code=00100007&order_time=2021-10-27 HTTP/1.1" 200 412
222.69.131.198 - - [27/Oct/2021:09:11:42 +0800] "GET /xingrg/all/function/internal_message.html?_=1635297103551&CODE_STATE=getMsg HTTP/1.1" 200 27
124.78.153.86 - - [27/Oct/2021:09:11:43 +0800] "GET /xingrg/kc/buy/cgsh_order_operate.html?command=get_materiel&rest_code=00106&code=00101008353&supplier_code=00100007&order_time=2021-10-27 HTTP/1.1" 200 408
116.233.78.79 - - [27/Oct/2021:09:11:47 +0800] "GET /xingrg/kc/buy/cgsh_order_operate.html?command=get_materiel&rest_code=00109&code=00101008095&supplier_code=00100005&order_time=2021-10-27 HTTP/1.1" 200 412
222.70.171.86 - - [27/Oct/2021:09:11:47 +0800] "GET /xingrg/all/function/internal_message.html?_=1635297116393&CODE_STATE=getMsg HTTP/1.1" 200 27
116.233.78.79 - - [27/Oct/2021:09:11:49 +0800] "POST /xingrg/kc/buy/cgsh_order_operate.html HTTP/1.1" 200 2065
114.85.125.222 - - [27/Oct/2021:09:11:50 +0800] "GET /xingrg/all/function/internal_message.html?_=1635297051575&CODE_STATE=getMsg HTTP/1.1" 200 27
114.85.125.222 - - [27/Oct/2021:09:11:51 +0800] "POST /xingrg/kc/buy/cgsh_order_operate.html HTTP/1.1" 200 37
180.169.147.146 - - [27/Oct/2021:09:11:52 +0800] "GET /xingrg/all/function/internal_message.html?_=1635297113233&CODE_STATE=getMsg HTTP/1.1" 200 27
116.238.248.233 - - [27/Oct/2021:09:11:53 +0800] "GET /xingrg/kc/buy/cgsh_order_operate.html?command=get_materiel&rest_code=00151&code=00101008441&supplier_code=00100007&order_time=2021-10-27 HTTP/1.1" 200 406
180.169.147.146 - - [27/Oct/2021:09:11:54 +0800] "GET /xingrg/all/function/internal_message.html?_=1635297115356&CODE_STATE=getMsg HTTP/1.1" 200 27
116.233.78.79 - - [27/Oct/2021:09:11:54 +0800] "GET /xingrg/kc/buy/cgsh_order_operate.html?command=get_materiel&rest_code=00109&code=00101008114&supplier_code=00100005&order_time=2021-10-27 HTTP/1.1" 200 412
180.174.227.63 - - [27/Oct/2021:09:11:55 +0800] "GET /xingrg/kc/buy/cgsh_order_operate.html?command=get_materiel&rest_code=00102&code=00101006025&supplier_code=00100096&order_time=2021-10-27 HTTP/1.1" 200 419
114.85.125.222 - - [27/Oct/2021:09:11:57 +0800] "POST /xingrg/kc/buy/cgsh_order_operate.html HTTP/1.1" 200 12
114.85.125.222 - - [27/Oct/2021:09:11:58 +0800] "GET /xingrg/kc/buy/cgsh_order_info.html?code=212021102711871 HTTP/1.1" 200 59518
114.85.125.222 - - [27/Oct/2021:09:11:58 +0800] "GET /xingrg/javascript/easyui/themes/default/validatebox.css HTTP/1.1" 404 1104
114.85.125.222 - - [27/Oct/2021:09:11:59 +0800] "POST /xingrg/kc/buy/cgsh_order_operate.html HTTP/1.1" 200 8944
124.78.153.86 - - [27/Oct/2021:09:12:03 +0800] "GET /xingrg/kc/buy/cgsh_order_operate.html?command=get_materiel&rest_code=00106&code=00101008275&supplier_code=00100007&order_time=2021-10-27 HTTP/1.1" 200 417
124.78.153.86 - - [27/Oct/2021:09:12:03 +0800] "GET /xingrg/all/function/internal_message.html?_=1635297124944&CODE_STATE=getMsg HTTP/1.1" 200 27
114.85.125.222 - - [27/Oct/2021:09:12:06 +0800] "GET /xingrg/kc/print/load_config.html?kc_code=cgsh HTTP/1.1" 200 2281
114.85.125.222 - - [27/Oct/2021:09:12:06 +0800] "GET /xingrg/kc/print/load_data.html?order_code=212021102711871&kc_code=cgsh&condition= HTTP/1.1" 200 3884
116.238.248.233 - - [27/Oct/2021:09:12:08 +0800] "GET /xingrg/kc/buy/cgsh_order_operate.html?command=get_materiel&rest_code=00151&code=00101008223&supplier_code=00100007&order_time=2021-10-27 HTTP/1.1" 200 412
116.233.78.79 - - [27/Oct/2021:09:12:08 +0800] "GET /xingrg/kc/buy/cgsh_order_operate.html?command=get_materiel&rest_code=00109&code=00101008284&supplier_code=00100005&order_time=2021-10-27 HTTP/1.1" 200 412
116.238.248.233 - - [27/Oct/2021:09:12:09 +0800] "GET /xingrg/all/function/internal_message.html?_=1635297127904&CODE_STATE=getMsg HTTP/1.1" 200 27
180.174.227.63 - - [27/Oct/2021:09:12:12 +0800] "GET /xingrg/kc/buy/cgsh_order_operate.html?command=get_materiel&rest_code=00102&code=00101012025&supplier_code=00100096&order_time=2021-10-27 HTTP/1.1" 200 412
116.233.78.79 - - [27/Oct/2021:09:12:15 +0800] "GET /xingrg/kc/buy/cgsh_order_operate.html?command=get_materiel&rest_code=00109&code=00101008123&supplier_code=00100005&order_time=2021-10-27 HTTP/1.1" 200 412
58.39.139.200 - - [27/Oct/2021:09:12:16 +0800] "GET /xingrg/all/function/internal_message.html?_=1635297136775&CODE_STATE=getMsg HTTP/1.1" 200 27
120.253.135.82 - - [27/Oct/2021:09:12:18 +0800] "GET /xingrg/all/function/internal_message.html?_=1635297111521&CODE_STATE=getMsg HTTP/1.1" 200 27
116.233.78.79 - - [27/Oct/2021:09:12:19 +0800] "GET /xingrg/all/function/internal_message.html?_=1635297139862&CODE_STATE=getMsg HTTP/1.1" 200 27
124.78.153.86 - - [27/Oct/2021:09:12:20 +0800] "GET /xingrg/kc/buy/cgsh_order_operate.html?command=get_materiel&rest_code=00106&code=00101008312&supplier_code=00100007&order_time=2021-10-27 HTTP/1.1" 200 412
180.174.227.63 - - [27/Oct/2021:09:12:21 +0800] "GET /xingrg/kc/buy/cgsh_order_operate.html?command=get_materiel&rest_code=00102&code=00101016038&supplier_code=00100096&order_time=2021-10-27 HTTP/1.1" 200 408
116.233.78.79 - - [27/Oct/2021:09:12:22 +0800] "GET /xingrg/kc/buy/cgsh_order_operate.html?command=get_materiel&rest_code=00109&code=00101015046&supplier_code=00100005&order_time=2021-10-27 HTTP/1.1" 200 412
222.70.179.155 - - [27/Oct/2021:09:12:24 +0800] "GET /xingrg/all/function/internal_message.html?_=1635297143754&CODE_STATE=getMsg HTTP/1.1" 200 27
116.238.248.233 - - [27/Oct/2021:09:12:26 +0800] "GET /xingrg/kc/buy/cgsh_order_operate.html?command=get_materiel&rest_code=00151&code=00101008344&supplier_code=00100007&order_time=2021-10-27 HTTP/1.1" 200 412
116.227.210.113 - - [27/Oct/2021:09:12:29 +0800] "GET /xingrg/all/function/internal_message.html?_=1635297137809&CODE_STATE=getMsg HTTP/1.1" 200 27
114.85.125.222 - - [27/Oct/2021:09:12:29 +0800] "GET /xingrg/kc/buy/cgsh_order_add.html HTTP/1.1" 200 64615
114.85.125.222 - - [27/Oct/2021:09:12:29 +0800] "POST /xingrg/kc/buy/cgsh_order_operate.html HTTP/1.1" 200 8245
114.85.125.222 - - [27/Oct/2021:09:12:29 +0800] "GET /xingrg/javascript/easyui/themes/default/validatebox.css HTTP/1.1" 404 1104
116.233.78.79 - - [27/Oct/2021:09:12:31 +0800] "GET /xingrg/kc/buy/cgsh_order_operate.html?command=get_materiel&rest_code=00109&code=00101008160&supplier_code=00100005&order_time=2021-10-27 HTTP/1.1" 200 408
58.221.95.50 - - [27/Oct/2021:09:12:33 +0800] "GET /xingrg/all/function/internal_message.html?_=1635297153735&CODE_STATE=getMsg HTTP/1.1" 200 27
116.233.78.79 - - [27/Oct/2021:09:12:34 +0800] "POST /xingrg/kc/buy/cgsh_order_operate.html HTTP/1.1" 200 2065
114.85.125.222 - - [27/Oct/2021:09:12:35 +0800] "GET /xingrg/check_reg.html?_=1635297096240 HTTP/1.1" 200 22
124.78.153.86 - - [27/Oct/2021:09:12:36 +0800] "GET /xingrg/kc/buy/cgsh_order_operate.html?command=get_materiel&rest_code=00106&code=00101008261&supplier_code=00100007&order_time=2021-10-27 HTTP/1.1" 200 408
222.70.171.86 - - [27/Oct/2021:09:12:38 +0800] "GET /xingrg/all/function/internal_message.html?_=1635297168242&CODE_STATE=getMsg HTTP/1.1" 302 -
180.174.227.63 - - [27/Oct/2021:09:12:39 +0800] "GET /xingrg/all/function/internal_message.html?_=1635297146886&CODE_STATE=getMsg HTTP/1.1" 200 27
116.238.248.233 - - [27/Oct/2021:09:12:39 +0800] "GET /xingrg/kc/buy/cgsh_order_operate.html?command=get_materiel&rest_code=00151&code=00101008024&supplier_code=00100007&order_time=2021-10-27 HTTP/1.1" 200 408
222.69.131.198 - - [27/Oct/2021:09:12:42 +0800] "GET /xingrg/all/function/internal_message.html?_=1635297163552&CODE_STATE=getMsg HTTP/1.1" 200 27
114.85.125.222 - - [27/Oct/2021:09:12:43 +0800] "GET /xingrg/kc/buy/cgsh_order_operate.html?command=get_materiel&rest_code=00150&code=00101009109&supplier_code=00100424&order_time=2021-10-27 HTTP/1.1" 200 399
180.174.227.63 - - [27/Oct/2021:09:12:44 +0800] "GET /xingrg/kc/buy/cgsh_order_operate.html?command=get_materiel&rest_code=00102&code=00101006112&supplier_code=00100096&order_time=2021-10-27 HTTP/1.1" 200 411
222.70.171.86 - - [27/Oct/2021:09:12:47 +0800] "GET /xingrg/all/function/internal_message.html?_=1635297176403&CODE_STATE=getMsg HTTP/1.1" 200 27
114.85.125.222 - - [27/Oct/2021:09:12:50 +0800] "GET /xingrg/all/function/internal_message.html?_=1635297111587&CODE_STATE=getMsg HTTP/1.1" 200 27
116.238.248.233 - - [27/Oct/2021:09:12:51 +0800] "GET /xingrg/kc/buy/cgsh_order_operate.html?command=get_materiel&rest_code=00151&code=00101008098&supplier_code=00100007&order_time=2021-10-27 HTTP/1.1" 200 412
180.169.147.146 - - [27/Oct/2021:09:12:52 +0800] "GET /xingrg/all/function/internal_message.html?_=1635297173246&CODE_STATE=getMsg HTTP/1.1" 200 27
180.169.147.146 - - [27/Oct/2021:09:12:54 +0800] "GET /xingrg/check_reg.html?_=1635297175351 HTTP/1.1" 200 22
180.169.147.146 - - [27/Oct/2021:09:12:54 +0800] "GET /xingrg/all/function/internal_message.html?_=1635297175355&CODE_STATE=getMsg HTTP/1.1" 200 27
58.221.95.50 - - [27/Oct/2021:09:12:59 +0800] "GET /xingrg/check_reg.html?_=1635297179791 HTTP/1.1" 200 22
116.238.248.233 - - [27/Oct/2021:09:13:01 +0800] "GET /xingrg/kc/buy/cgsh_order_operate.html?command=get_materiel&rest_code=00151&code=00101008288&supplier_code=00100007&order_time=2021-10-27 HTTP/1.1" 200 408
124.78.153.86 - - [27/Oct/2021:09:13:03 +0800] "GET /xingrg/all/function/internal_message.html?_=1635297184943&CODE_STATE=getMsg HTTP/1.1" 200 27
124.78.153.86 - - [27/Oct/2021:09:13:03 +0800] "GET /xingrg/check_reg.html?_=1635297184948 HTTP/1.1" 200 22
124.78.153.86 - - [27/Oct/2021:09:13:05 +0800] "GET /xingrg/kc/buy/cgsh_order_operate.html?command=get_materiel&rest_code=00106&code=00101008072&supplier_code=00100007&order_time=2021-10-27 HTTP/1.1" 200 408
180.174.227.63 - - [27/Oct/2021:09:13:06 +0800] "GET /xingrg/kc/buy/cgsh_order_operate.html?command=get_materiel&rest_code=00102&code=00101010711&supplier_code=00100096&order_time=2021-10-27 HTTP/1.1" 200 392
124.78.153.86 - - [27/Oct/2021:09:13:09 +0800] "POST /xingrg/kc/buy/cgsh_order_operate.html HTTP/1.1" 200 2065
116.238.248.233 - - [27/Oct/2021:09:13:09 +0800] "GET /xingrg/check_reg.html?_=1635297187909 HTTP/1.1" 200 22
116.238.248.233 - - [27/Oct/2021:09:13:09 +0800] "GET /xingrg/all/function/internal_message.html?_=1635297187911&CODE_STATE=getMsg HTTP/1.1" 200 27
222.69.131.198 - - [27/Oct/2021:09:13:11 +0800] "GET /xingrg/kc/mdqp/qqps_order_list.html HTTP/1.1" 200 9222
222.69.131.198 - - [27/Oct/2021:09:13:11 +0800] "GET /xingrg/javascript/ToolTips.js HTTP/1.1" 200 5615
222.69.131.198 - - [27/Oct/2021:09:13:11 +0800] "GET /xingrg/css/blue.css HTTP/1.1" 200 15949
222.69.131.198 - - [27/Oct/2021:09:13:11 +0800] "GET /xingrg/dwr/interface/AjaxReportQueryService.js HTTP/1.1" 200 13203
222.69.131.198 - - [27/Oct/2021:09:13:11 +0800] "GET /xingrg/dwr/interface/AjaxQqpsService.js HTTP/1.1" 200 16326
222.69.131.198 - - [27/Oct/2021:09:13:11 +0800] "GET /xingrg/dwr/util.js HTTP/1.1" 200 35990
222.69.131.198 - - [27/Oct/2021:09:13:11 +0800] "GET /xingrg/javascript/Calendar.js HTTP/1.1" 200 31561
222.69.131.198 - - [27/Oct/2021:09:13:11 +0800] "GET /xingrg/javascript/myfunction.js HTTP/1.1" 200 24559
222.69.131.198 - - [27/Oct/2021:09:13:12 +0800] "GET /xingrg/dwr/engine.js HTTP/1.1" 200 43631
222.69.131.198 - - [27/Oct/2021:09:13:12 +0800] "GET /xingrg/javascript/jquery_easy_ui/themes/icons/edit_add_new.png HTTP/1.1" 200 2997
222.69.131.198 - - [27/Oct/2021:09:13:12 +0800] "GET /xingrg/javascript/jquery_easy_ui/themes/icons/check_new.png HTTP/1.1" 200 3224
222.69.131.198 - - [27/Oct/2021:09:13:12 +0800] "GET /xingrg/javascript/jquery_easy_ui/themes/icons/uncheck_new.png HTTP/1.1" 200 3197
222.69.131.198 - - [27/Oct/2021:09:13:12 +0800] "GET /xingrg/javascript/jquery_easy_ui/themes/icons/cance_new.png HTTP/1.1" 200 3986
222.69.131.198 - - [27/Oct/2021:09:13:12 +0800] "GET /xingrg/javascript/jquery_easy_ui/themes/default/images/button_plain_hover.png HTTP/1.1" 200 252
222.69.131.198 - - [27/Oct/2021:09:13:13 +0800] "GET /xingrg/kc/mdqp/qqps_order_add.html HTTP/1.1" 200 28241
222.69.131.198 - - [27/Oct/2021:09:13:13 +0800] "GET /xingrg/javascript/AjaxInfoList.js HTTP/1.1" 200 3774
222.69.131.198 - - [27/Oct/2021:09:13:13 +0800] "GET /xingrg/javascript/Grid.js HTTP/1.1" 200 58908
222.69.131.198 - - [27/Oct/2021:09:13:13 +0800] "GET /xingrg/dwr/interface/AjaxComOrderService.js HTTP/1.1" 200 18264
222.69.131.198 - - [27/Oct/2021:09:13:13 +0800] "GET /xingrg/dwr/interface/AjaxQqpsService.js HTTP/1.1" 200 16326
222.69.131.198 - - [27/Oct/2021:09:13:13 +0800] "GET /xingrg/javascript/tools/jquery.qtip-1.0.0-rc3.min.js HTTP/1.1" 200 38404
222.69.131.198 - - [27/Oct/2021:09:13:13 +0800] "GET /xingrg/dwr/engine.js HTTP/1.1" 200 43631
222.69.131.198 - - [27/Oct/2021:09:13:13 +0800] "GET /xingrg/javascript/jquery_easy_ui/themes/icons/template_new.png HTTP/1.1" 200 3956
222.69.131.198 - - [27/Oct/2021:09:13:13 +0800] "GET /xingrg/javascript/jquery_easy_ui/themes/icons/copy_new.png HTTP/1.1" 200 815
222.69.131.198 - - [27/Oct/2021:09:13:13 +0800] "GET /xingrg/javascript/jquery_easy_ui/themes/default/images/menu_downarrow.png HTTP/1.1" 200 173
222.69.131.198 - - [27/Oct/2021:09:13:13 +0800] "GET /xingrg/javascript/jquery_easy_ui/themes/icons/ok.png HTTP/1.1" 200 883
222.69.131.198 - - [27/Oct/2021:09:13:13 +0800] "GET /xingrg/javascript/jquery_easy_ui/themes/icons/print.png HTTP/1.1" 200 1057
222.69.131.198 - - [27/Oct/2021:09:13:13 +0800] "GET /xingrg/javascript/jquery_easy_ui/themes/icons/back_new.png HTTP/1.1" 200 3414
222.69.131.198 - - [27/Oct/2021:09:13:13 +0800] "GET /xingrg/images/blue/button/kc_tab_add.gif HTTP/1.1" 200 375
222.69.131.198 - - [27/Oct/2021:09:13:13 +0800] "GET /xingrg/images/blue/button/kc_tab_edit.gif HTTP/1.1" 200 551
222.69.131.198 - - [27/Oct/2021:09:13:13 +0800] "GET /xingrg/images/blue/button/kc_tab_save.gif HTTP/1.1" 200 777
222.69.131.198 - - [27/Oct/2021:09:13:13 +0800] "GET /xingrg/images/blue/button/kc_tab_del.gif HTTP/1.1" 200 383
222.69.131.198 - - [27/Oct/2021:09:13:13 +0800] "GET /xingrg/javascript/jquery_easy_ui/themes/default/images/combo_arrow_dot.gif HTTP/1.1" 200 79
222.69.131.198 - - [27/Oct/2021:09:13:13 +0800] "GET /xingrg/images/blue/kc_tab_left.gif HTTP/1.1" 200 188
222.69.131.198 - - [27/Oct/2021:09:13:13 +0800] "GET /xingrg/images/blue/kc_tab2_left.gif HTTP/1.1" 200 625
222.69.131.198 - - [27/Oct/2021:09:13:13 +0800] "GET /xingrg/images/blue/kc_tab_mid.gif HTTP/1.1" 200 44
222.69.131.198 - - [27/Oct/2021:09:13:13 +0800] "GET /xingrg/images/blue/kc_tab_right.gif HTTP/1.1" 200 643
222.69.131.198 - - [27/Oct/2021:09:13:13 +0800] "GET /xingrg/images/blue/kc_tab2_right.gif HTTP/1.1" 200 192
116.238.248.233 - - [27/Oct/2021:09:13:14 +0800] "GET /xingrg/kc/buy/cgsh_order_operate.html?command=get_materiel&rest_code=00151&code=00101008300&supplier_code=00100007&order_time=2021-10-27 HTTP/1.1" 200 412
58.39.139.200 - - [27/Oct/2021:09:13:16 +0800] "GET /xingrg/all/function/internal_message.html?_=1635297196755&CODE_STATE=getMsg HTTP/1.1" 200 27
120.253.135.82 - - [27/Oct/2021:09:13:18 +0800] "GET /xingrg/all/function/internal_message.html?_=1635297171536&CODE_STATE=getMsg HTTP/1.1" 200 27
116.233.78.79 - - [27/Oct/2021:09:13:19 +0800] "GET /xingrg/all/function/internal_message.html?_=1635297199848&CODE_STATE=getMsg HTTP/1.1" 200 27
124.78.153.86 - - [27/Oct/2021:09:13:20 +0800] "GET /xingrg/kc/buy/cgsh_order_operate.html?command=get_materiel&rest_code=00106&code=00101008003&supplier_code=00100007&order_time=2021-10-27 HTTP/1.1" 200 408
222.69.131.198 - - [27/Oct/2021:09:13:20 +0800] "GET /xingrg/images/blue/wait.gif HTTP/1.1" 200 1100
222.69.131.198 - - [27/Oct/2021:09:13:20 +0800] "POST /xingrg/dwr/call/plaincall/AjaxQqpsService.saveOrder.dwr HTTP/1.1" 200 78
180.174.227.63 - - [27/Oct/2021:09:13:22 +0800] "GET /xingrg/kc/buy/cgsh_order_operate.html?command=get_materiel&rest_code=00102&code=00101006129&supplier_code=00100096&order_time=2021-10-27 HTTP/1.1" 200 433
116.238.248.233 - - [27/Oct/2021:09:13:23 +0800] "GET /xingrg/kc/buy/cgsh_order_operate.html?command=get_materiel&rest_code=00151&code=00101008356&supplier_code=00100007&order_time=2021-10-27 HTTP/1.1" 200 408
222.69.131.198 - - [27/Oct/2021:09:13:23 +0800] "POST /xingrg/dwr/call/plaincall/AjaxQqpsService.getMaterielByCode.dwr HTTP/1.1" 200 2641
222.70.179.155 - - [27/Oct/2021:09:13:24 +0800] "GET /xingrg/all/function/internal_message.html?_=1635297203754&CODE_STATE=getMsg HTTP/1.1" 200 27
222.69.131.198 - - [27/Oct/2021:09:13:24 +0800] "POST /xingrg/dwr/call/plaincall/AjaxQqpsService.saveMaterielItem.dwr HTTP/1.1" 200 78
222.69.131.198 - - [27/Oct/2021:09:13:27 +0800] "POST /xingrg/dwr/call/plaincall/AjaxQqpsService.checkOrder.dwr HTTP/1.1" 200 78
116.233.78.79 - - [27/Oct/2021:09:13:28 +0800] "GET /xingrg/kc/buy/cgsh_order_operate.html?command=get_materiel&rest_code=00109&code=00101008131&supplier_code=00100005&order_time=2021-10-27 HTTP/1.1" 200 408
222.69.131.198 - - [27/Oct/2021:09:13:28 +0800] "GET /xingrg/kc/mdqp/qqps_order_info.html?code=302021102700541 HTTP/1.1" 200 26644
222.69.131.198 - - [27/Oct/2021:09:13:28 +0800] "GET /xingrg/dwr/interface/AjaxComOrderService.js HTTP/1.1" 200 18264
222.69.131.198 - - [27/Oct/2021:09:13:28 +0800] "GET /xingrg/dwr/interface/AjaxQqpsService.js HTTP/1.1" 200 16326
222.69.131.198 - - [27/Oct/2021:09:13:28 +0800] "GET /xingrg/dwr/engine.js HTTP/1.1" 200 43631
116.227.210.113 - - [27/Oct/2021:09:13:29 +0800] "GET /xingrg/all/function/internal_message.html?_=1635297197823&CODE_STATE=getMsg HTTP/1.1" 200 27
116.227.210.113 - - [27/Oct/2021:09:13:29 +0800] "GET /xingrg/check_reg.html?_=1635297197826 HTTP/1.1" 200 22
222.69.131.198 - - [27/Oct/2021:09:13:29 +0800] "POST /xingrg/dwr/call/plaincall/AjaxQqpsService.loadMaterielItems.dwr HTTP/1.1" 200 322
222.69.131.198 - - [27/Oct/2021:09:13:29 +0800] "GET /xingrg/images/yd/bt.gif HTTP/1.1" 404 1040
222.69.131.198 - - [27/Oct/2021:09:13:29 +0800] "GET /xingrg/images/yd/bt2.gif HTTP/1.1" 404 1042
222.69.131.198 - - [27/Oct/2021:09:13:30 +0800] "GET /xingrg/kc/mdqp/qqps_order_list.html?isBack=1 HTTP/1.1" 200 9677
222.69.131.198 - - [27/Oct/2021:09:13:30 +0800] "GET /xingrg/dwr/interface/AjaxQqpsService.js HTTP/1.1" 200 16326
222.69.131.198 - - [27/Oct/2021:09:13:30 +0800] "GET /xingrg/dwr/interface/AjaxReportQueryService.js HTTP/1.1" 200 13203
222.69.131.198 - - [27/Oct/2021:09:13:30 +0800] "GET /xingrg/dwr/engine.js HTTP/1.1" 200 43631
116.238.248.233 - - [27/Oct/2021:09:13:32 +0800] "GET /xingrg/kc/buy/cgsh_order_operate.html?command=get_materiel&rest_code=00151&code=00101008286&supplier_code=00100007&order_time=2021-10-27 HTTP/1.1" 200 408
58.221.95.50 - - [27/Oct/2021:09:13:33 +0800] "GET /xingrg/all/function/internal_message.html?_=1635297213708&CODE_STATE=getMsg HTTP/1.1" 200 27
116.233.78.79 - - [27/Oct/2021:09:13:34 +0800] "GET /xingrg/kc/buy/cgsh_order_operate.html?command=get_materiel&rest_code=00109&code=00101008353&supplier_code=00100005&order_time=2021-10-27 HTTP/1.1" 200 408
222.70.171.86 - - [27/Oct/2021:09:13:38 +0800] "GET /xingrg/all/function/internal_message.html?_=1635297228243&CODE_STATE=getMsg HTTP/1.1" 302 -
180.174.227.63 - - [27/Oct/2021:09:13:39 +0800] "GET /xingrg/all/function/internal_message.html?_=1635297207071&CODE_STATE=getMsg HTTP/1.1" 200 27
222.69.131.198 - - [27/Oct/2021:09:13:42 +0800] "GET /xingrg/all/function/internal_message.html?_=1635297223566&CODE_STATE=getMsg HTTP/1.1" 200 27
180.174.227.63 - - [27/Oct/2021:09:13:43 +0800] "GET /xingrg/kc/buy/cgsh_order_operate.html?command=get_materiel&rest_code=00102&code=00101007077&supplier_code=00100096&order_time=2021-10-27 HTTP/1.1" 200 415
116.233.78.79 - - [27/Oct/2021:09:13:43 +0800] "GET /xingrg/kc/buy/cgsh_order_operate.html?command=get_materiel&rest_code=00109&code=00101008210&supplier_code=00100005&order_time=2021-10-27 HTTP/1.1" 200 408
222.70.171.86 - - [27/Oct/2021:09:13:44 +0800] "GET /xingrg/check_reg.html?_=1635297233523 HTTP/1.1" 200 22
116.238.248.233 - - [27/Oct/2021:09:13:46 +0800] "GET /xingrg/kc/buy/cgsh_order_operate.html?command=get_materiel&rest_code=00151&code=00101008176&supplier_code=00100007&order_time=2021-10-27 HTTP/1.1" 200 412
222.70.171.86 - - [27/Oct/2021:09:13:47 +0800] "GET /xingrg/all/function/internal_message.html?_=1635297236417&CODE_STATE=getMsg HTTP/1.1" 200 27
114.85.125.222 - - [27/Oct/2021:09:13:47 +0800] "GET /xingrg/kc/buy/cgsh_order_operate.html?command=get_materiel&rest_code=00150&code=00101009062&supplier_code=00100424&order_time=2021-10-27 HTTP/1.1" 200 412
114.85.125.222 - - [27/Oct/2021:09:13:50 +0800] "GET /xingrg/all/function/internal_message.html?_=1635297171600&CODE_STATE=getMsg HTTP/1.1" 200 27
180.169.147.146 - - [27/Oct/2021:09:13:52 +0800] "GET /xingrg/all/function/internal_message.html?_=1635297233237&CODE_STATE=getMsg HTTP/1.1" 200 27
116.238.248.233 - - [27/Oct/2021:09:13:54 +0800] "GET /xingrg/kc/buy/cgsh_order_operate.html?command=get_materiel&rest_code=00151&code=00101008186&supplier_code=00100007&order_time=2021-10-27 HTTP/1.1" 200 408
180.169.147.146 - - [27/Oct/2021:09:13:54 +0800] "GET /xingrg/all/function/internal_message.html?_=1635297235360&CODE_STATE=getMsg HTTP/1.1" 200 27
124.78.153.86 - - [27/Oct/2021:09:13:56 +0800] "GET /xingrg/kc/buy/cgsh_order_operate.html?command=get_materiel&rest_code=00106&code=00101008372&supplier_code=00100007&order_time=2021-10-27 HTTP/1.1" 200 408
116.238.248.233 - - [27/Oct/2021:09:13:56 +0800] "POST /xingrg/kc/buy/cgsh_order_operate.html HTTP/1.1" 200 2065
114.85.125.222 - - [27/Oct/2021:09:13:57 +0800] "GET /xingrg/kc/buy/cgsh_order_operate.html?command=get_materiel&rest_code=00150&code=00101009124&supplier_code=00100424&order_time=2021-10-27 HTTP/1.1" 200 402
180.174.227.63 - - [27/Oct/2021:09:13:57 +0800] "GET /xingrg/kc/buy/cgsh_order_operate.html?command=get_materiel&rest_code=00102&code=00101016105&supplier_code=00100096&order_time=2021-10-27 HTTP/1.1" 200 409
116.238.248.233 - - [27/Oct/2021:09:14:00 +0800] "GET /xingrg/kc/buy/cgsh_order_operate.html?command=get_materiel&rest_code=00151&code=00101012039&supplier_code=00100007&order_time=2021-10-27 HTTP/1.1" 200 408
124.78.153.86 - - [27/Oct/2021:09:14:03 +0800] "GET /xingrg/check_reg.html?_=1635297245318 HTTP/1.1" 200 22
116.233.78.79 - - [27/Oct/2021:09:14:08 +0800] "GET /xingrg/kc/buy/cgsh_order_operate.html?command=get_materiel&rest_code=00109&code=00101008270&supplier_code=00100005&order_time=2021-10-27 HTTP/1.1" 200 412
116.238.248.233 - - [27/Oct/2021:09:14:09 +0800] "GET /xingrg/all/function/internal_message.html?_=1635297247920&CODE_STATE=getMsg HTTP/1.1" 200 27
116.238.248.233 - - [27/Oct/2021:09:14:13 +0800] "GET /xingrg/kc/buy/cgsh_order_operate.html?command=get_materiel&rest_code=00151&code=00101012024&supplier_code=00100007&order_time=2021-10-27 HTTP/1.1" 200 408
58.39.139.200 - - [27/Oct/2021:09:14:16 +0800] "GET /xingrg/all/function/internal_message.html?_=1635297256768&CODE_STATE=getMsg HTTP/1.1" 200 27
58.39.139.200 - - [27/Oct/2021:09:14:16 +0800] "GET /xingrg/check_reg.html?_=1635297256846 HTTP/1.1" 200 22
120.253.135.82 - - [27/Oct/2021:09:14:17 +0800] "GET /xingrg/check_reg.html?_=1635297230287 HTTP/1.1" 200 22
124.78.153.86 - - [27/Oct/2021:09:14:17 +0800] "GET /xingrg/kc/buy/cgsh_order_operate.html?command=get_materiel&rest_code=00106&code=00101008067&supplier_code=00100007&order_time=2021-10-27 HTTP/1.1" 200 416
120.253.135.82 - - [27/Oct/2021:09:14:18 +0800] "GET /xingrg/all/function/internal_message.html?_=1635297231549&CODE_STATE=getMsg HTTP/1.1" 200 27
116.233.78.79 - - [27/Oct/2021:09:14:19 +0800] "GET /xingrg/all/function/internal_message.html?_=1635297260081&CODE_STATE=getMsg HTTP/1.1" 200 27
116.233.78.79 - - [27/Oct/2021:09:14:19 +0800] "GET /xingrg/check_reg.html?_=1635297260082 HTTP/1.1" 200 22
116.233.78.79 - - [27/Oct/2021:09:14:22 +0800] "POST /xingrg/kc/buy/cgsh_order_operate.html HTTP/1.1" 200 37
124.78.153.86 - - [27/Oct/2021:09:14:23 +0800] "POST /xingrg/kc/buy/cgsh_order_operate.html HTTP/1.1" 200 2065
222.70.179.155 - - [27/Oct/2021:09:14:24 +0800] "GET /xingrg/all/function/internal_message.html?_=1635297263754&CODE_STATE=getMsg HTTP/1.1" 200 27
114.85.125.222 - - [27/Oct/2021:09:14:25 +0800] "GET /xingrg/kc/buy/cgsh_order_operate.html?command=get_materiel&rest_code=00150&code=00101009011&supplier_code=00100424&order_time=2021-10-27 HTTP/1.1" 200 416
116.238.248.233 - - [27/Oct/2021:09:14:28 +0800] "GET /xingrg/kc/buy/cgsh_order_operate.html?command=get_materiel&rest_code=00151&code=00101008332&supplier_code=00100007&order_time=2021-10-27 HTTP/1.1" 200 412
116.227.210.113 - - [27/Oct/2021:09:14:29 +0800] "GET /xingrg/all/function/internal_message.html?_=1635297257822&CODE_STATE=getMsg HTTP/1.1" 200 27
222.70.179.155 - - [27/Oct/2021:09:14:31 +0800] "POST /xingrg/kc/buy/cgsh_list_operate.html HTTP/1.1" 200 462
222.70.179.155 - - [27/Oct/2021:09:14:32 +0800] "GET /xingrg/kc/buy/cgsh_order_info.html?code=212021102711854 HTTP/1.1" 200 64678
222.70.179.155 - - [27/Oct/2021:09:14:32 +0800] "GET /xingrg/javascript/easyui/themes/default/validatebox.css HTTP/1.1" 404 1104
58.221.95.50 - - [27/Oct/2021:09:14:33 +0800] "GET /xingrg/all/function/internal_message.html?_=1635297273695&CODE_STATE=getMsg HTTP/1.1" 200 27
114.85.125.222 - - [27/Oct/2021:09:14:33 +0800] "GET /xingrg/kc/buy/cgsh_order_operate.html?command=get_materiel&rest_code=00150&code=00101009016&supplier_code=00100424&order_time=2021-10-27 HTTP/1.1" 200 412
222.70.179.155 - - [27/Oct/2021:09:14:33 +0800] "POST /xingrg/kc/buy/cgsh_order_operate.html HTTP/1.1" 200 4486
116.233.78.79 - - [27/Oct/2021:09:14:33 +0800] "POST /xingrg/kc/buy/cgsh_order_operate.html HTTP/1.1" 200 33421
124.78.153.86 - - [27/Oct/2021:09:14:35 +0800] "GET /xingrg/kc/buy/cgsh_order_operate.html?command=get_materiel&rest_code=00106&code=00101008059&supplier_code=00100007&order_time=2021-10-27 HTTP/1.1" 200 408
222.70.171.86 - - [27/Oct/2021:09:14:36 +0800] "GET /xingrg/check_reg.html?_=1635297286166 HTTP/1.1" 302 -
222.70.171.86 - - [27/Oct/2021:09:14:38 +0800] "GET /xingrg/all/function/internal_message.html?_=1635297288257&CODE_STATE=getMsg HTTP/1.1" 302 -
116.238.248.233 - - [27/Oct/2021:09:14:39 +0800] "GET /xingrg/kc/buy/cgsh_order_operate.html?command=get_materiel&rest_code=00151&code=00101016025&supplier_code=00100007&order_time=2021-10-27 HTTP/1.1" 200 408
180.174.227.63 - - [27/Oct/2021:09:14:41 +0800] "POST /xingrg/kc/buy/cgsh_order_operate.html HTTP/1.1" 200 37
222.69.131.198 - - [27/Oct/2021:09:14:42 +0800] "GET /xingrg/all/function/internal_message.html?_=1635297283564&CODE_STATE=getMsg HTTP/1.1" 200 27
180.174.227.63 - - [27/Oct/2021:09:14:45 +0800] "POST /xingrg/kc/buy/cgsh_order_operate.html HTTP/1.1" 200 12
116.238.248.233 - - [27/Oct/2021:09:14:47 +0800] "GET /xingrg/kc/buy/cgsh_order_operate.html?command=get_materiel&rest_code=00151&code=00101008362&supplier_code=00100007&order_time=2021-10-27 HTTP/1.1" 200 408
222.70.171.86 - - [27/Oct/2021:09:14:47 +0800] "GET /xingrg/all/function/internal_message.html?_=1635297296430&CODE_STATE=getMsg HTTP/1.1" 200 27
116.238.248.233 - - [27/Oct/2021:09:14:49 +0800] "POST /xingrg/kc/buy/cgsh_order_operate.html HTTP/1.1" 200 2065
114.85.125.222 - - [27/Oct/2021:09:14:50 +0800] "GET /xingrg/all/function/internal_message.html?_=1635297231613&CODE_STATE=getMsg HTTP/1.1" 200 27
114.85.125.222 - - [27/Oct/2021:09:14:51 +0800] "GET /xingrg/kc/buy/cgsh_order_operate.html?command=get_materiel&rest_code=00150&code=00101009007&supplier_code=00100424&order_time=2021-10-27 HTTP/1.1" 200 408
124.78.153.86 - - [27/Oct/2021:09:14:52 +0800] "GET /xingrg/kc/buy/cgsh_order_operate.html?command=get_materiel&rest_code=00106&code=00101008357&supplier_code=00100007&order_time=2021-10-27 HTTP/1.1" 200 408
180.169.147.146 - - [27/Oct/2021:09:14:52 +0800] "GET /xingrg/all/function/internal_message.html?_=1635297293240&CODE_STATE=getMsg HTTP/1.1" 200 27
116.238.248.233 - - [27/Oct/2021:09:14:54 +0800] "GET /xingrg/kc/buy/cgsh_order_operate.html?command=get_materiel&rest_code=00151&code=00101008096&supplier_code=00100007&order_time=2021-10-27 HTTP/1.1" 200 412
180.169.147.146 - - [27/Oct/2021:09:14:54 +0800] "GET /xingrg/all/function/internal_message.html?_=1635297295355&CODE_STATE=getMsg HTTP/1.1" 200 27
180.174.227.63 - - [27/Oct/2021:09:14:58 +0800] "GET /xingrg/kc/buy/cgsh_order_info.html?code=212021102711873 HTTP/1.1" 200 59535
180.174.227.63 - - [27/Oct/2021:09:15:00 +0800] "GET /xingrg/all/function/internal_message.html?_=1635297288247&CODE_STATE=getMsg HTTP/1.1" 200 27
180.174.227.63 - - [27/Oct/2021:09:15:00 +0800] "GET /xingrg/javascript/easyui/themes/default/validatebox.css HTTP/1.1" 404 1104
180.174.227.63 - - [27/Oct/2021:09:15:00 +0800] "POST /xingrg/kc/buy/cgsh_order_operate.html HTTP/1.1" 200 7138
116.238.248.233 - - [27/Oct/2021:09:15:01 +0800] "GET /xingrg/kc/buy/cgsh_order_operate.html?command=get_materiel&rest_code=00151&code=00101008137&supplier_code=00100007&order_time=2021-10-27 HTTP/1.1" 200 408
124.78.153.86 - - [27/Oct/2021:09:15:03 +0800] "GET /xingrg/all/function/internal_message.html?_=1635297304982&CODE_STATE=getMsg HTTP/1.1" 200 27
180.174.227.63 - - [27/Oct/2021:09:15:08 +0800] "GET /xingrg/kc/print/load_config.html?kc_code=cgsh HTTP/1.1" 200 2281
222.70.179.155 - - [27/Oct/2021:09:15:09 +0800] "POST /xingrg/kc/buy/cgsh_order_operate.html HTTP/1.1" 200 37
180.174.227.63 - - [27/Oct/2021:09:15:09 +0800] "GET /xingrg/kc/print/load_data.html?order_code=212021102711873&kc_code=cgsh&condition= HTTP/1.1" 200 3150
116.238.248.233 - - [27/Oct/2021:09:15:09 +0800] "GET /xingrg/all/function/internal_message.html?_=1635297307935&CODE_STATE=getMsg HTTP/1.1" 200 27
222.70.179.155 - - [27/Oct/2021:09:15:11 +0800] "POST /xingrg/kc/buy/cgsh_order_operate.html HTTP/1.1" 200 4486
124.78.153.86 - - [27/Oct/2021:09:15:14 +0800] "GET /xingrg/kc/buy/cgsh_order_operate.html?command=get_materiel&rest_code=00106&code=00101008169&supplier_code=00100007&order_time=2021-10-27 HTTP/1.1" 200 412
58.39.139.200 - - [27/Oct/2021:09:15:16 +0800] "GET /xingrg/all/function/internal_message.html?_=1635297316761&CODE_STATE=getMsg HTTP/1.1" 200 27
114.85.125.222 - - [27/Oct/2021:09:15:16 +0800] "POST /xingrg/kc/buy/cgsh_order_operate.html HTTP/1.1" 200 37
120.253.135.82 - - [27/Oct/2021:09:15:18 +0800] "GET /xingrg/all/function/internal_message.html?_=1635297291563&CODE_STATE=getMsg HTTP/1.1" 200 27
116.238.248.233 - - [27/Oct/2021:09:15:18 +0800] "GET /xingrg/kc/buy/cgsh_order_operate.html?command=get_materiel&rest_code=00151&code=00101008141&supplier_code=00100007&order_time=2021-10-27 HTTP/1.1" 200 412
114.85.125.222 - - [27/Oct/2021:09:15:18 +0800] "POST /xingrg/kc/buy/cgsh_order_operate.html HTTP/1.1" 200 5617
116.233.78.79 - - [27/Oct/2021:09:15:19 +0800] "GET /xingrg/all/function/internal_message.html?_=1635297319863&CODE_STATE=getMsg HTTP/1.1" 200 27
114.85.125.222 - - [27/Oct/2021:09:15:23 +0800] "GET /xingrg/javascript/jquery_easy_ui/themes/default/images/button_a_bg.gif HTTP/1.1" 304 -
114.85.125.222 - - [27/Oct/2021:09:15:23 +0800] "GET /xingrg/javascript/jquery_easy_ui/themes/default/images/panel_tools.gif HTTP/1.1" 304 -
114.85.125.222 - - [27/Oct/2021:09:15:23 +0800] "GET /xingrg/javascript/jquery_easy_ui/themes/default/images/button_span_bg.gif HTTP/1.1" 304 -
114.85.125.222 - - [27/Oct/2021:09:15:23 +0800] "GET /xingrg/javascript/jquery_easy_ui/themes/icons/ok.png HTTP/1.1" 304 -
114.85.125.222 - - [27/Oct/2021:09:15:23 +0800] "GET /xingrg/javascript/jquery_easy_ui/themes/default/images/panel_title.png HTTP/1.1" 304 -
114.85.125.222 - - [27/Oct/2021:09:15:25 +0800] "POST /xingrg/all/user/operate.html HTTP/1.1" 200 36
114.85.125.222 - - [27/Oct/2021:09:15:26 +0800] "GET /xingrg/javascript/jquery_easy_ui/themes/default/easyui.css HTTP/1.1" 304 -
114.85.125.222 - - [27/Oct/2021:09:15:26 +0800] "GET /xingrg/index.html?sysBaseUrl=http%3A%2F%2F180.169.147.146%3A18081%2Fxingrg%2F&costTime=40×tamp=1635242851934 HTTP/1.1" 200 17177
114.85.125.222 - - [27/Oct/2021:09:15:26 +0800] "GET /xingrg/javascript/jquery_easy_ui/themes/icon.css HTTP/1.1" 304 -
114.85.125.222 - - [27/Oct/2021:09:15:26 +0800] "GET /xingrg/css/form.css HTTP/1.1" 304 -
114.85.125.222 - - [27/Oct/2021:09:15:26 +0800] "GET /xingrg/javascript/jquery-1.4.2.min.js HTTP/1.1" 304 -
114.85.125.222 - - [27/Oct/2021:09:15:26 +0800] "GET /xingrg/javascript/jquery_easy_ui/jquery.easyui.min.js HTTP/1.1" 304 -
114.85.125.222 - - [27/Oct/2021:09:15:26 +0800] "GET /xingrg/javascript/jquery_easy_ui/easyui-lang-zh_CN.js HTTP/1.1" 304 -
114.85.125.222 - - [27/Oct/2021:09:15:26 +0800] "GET /xingrg/javascript/jquery.form.js HTTP/1.1" 304 -
114.85.125.222 - - [27/Oct/2021:09:15:26 +0800] "GET /xingrg/javascript/jquery.utils.js HTTP/1.1" 304 -
114.85.125.222 - - [27/Oct/2021:09:15:26 +0800] "GET /xingrg/javascript/jquery.timers.js HTTP/1.1" 304 -
114.85.125.222 - - [27/Oct/2021:09:15:26 +0800] "GET /xingrg/images/blue/jxLogo.png HTTP/1.1" 304 -
114.85.125.222 - - [27/Oct/2021:09:15:26 +0800] "GET /xingrg/images/blue/navBackgound.jpg HTTP/1.1" 304 -
114.85.125.222 - - [27/Oct/2021:09:15:26 +0800] "GET /xingrg/javascript/jquery_easy_ui/themes/icons/settle_new.png HTTP/1.1" 304 -
114.85.125.222 - - [27/Oct/2021:09:15:26 +0800] "POST /xingrg/all/common/load_tree.html?tree=area_rest_tree_json&manage=1 HTTP/1.1" 200 476
114.85.125.222 - - [27/Oct/2021:09:15:26 +0800] "GET /xingrg/images/blue/pingpu.png HTTP/1.1" 304 -
114.85.125.222 - - [27/Oct/2021:09:15:26 +0800] "GET /xingrg/javascript/jquery_easy_ui/themes/default/images/tabs_leftarrow.png HTTP/1.1" 304 -
114.85.125.222 - - [27/Oct/2021:09:15:26 +0800] "GET /xingrg/javascript/jquery_easy_ui/themes/default/images/tabs_rightarrow.png HTTP/1.1" 304 -
114.85.125.222 - - [27/Oct/2021:09:15:26 +0800] "GET /xingrg/javascript/jquery_easy_ui/themes/default/images/panel_tool_collapse.gif HTTP/1.1" 304 -
114.85.125.222 - - [27/Oct/2021:09:15:26 +0800] "GET /xingrg/all/function/internal_message.html?_=1635297267737&CODE_STATE=count HTTP/1.1" 200 11
114.85.125.222 - - [27/Oct/2021:09:15:26 +0800] "GET /xingrg/check_reg.html?_=1635297267738 HTTP/1.1" 200 22
114.85.125.222 - - [27/Oct/2021:09:15:26 +0800] "GET /xingrg/javascript/jquery_easy_ui/themes/default/images/tree_arrows.gif HTTP/1.1" 304 -
114.85.125.222 - - [27/Oct/2021:09:15:26 +0800] "POST /xingrg/load_menu.html HTTP/1.1" 200 5138
114.85.125.222 - - [27/Oct/2021:09:15:27 +0800] "GET /xingrg/javascript/jquery_easy_ui/themes/icons/search_new.png HTTP/1.1" 304 -
114.85.125.222 - - [27/Oct/2021:09:15:27 +0800] "GET /xingrg/javascript/jquery_easy_ui/themes/default/images/tree_folder_open.gif HTTP/1.1" 304 -
114.85.125.222 - - [27/Oct/2021:09:15:27 +0800] "GET /xingrg/javascript/jquery_easy_ui/themes/icons/storage_new.png HTTP/1.1" 304 -
114.85.125.222 - - [27/Oct/2021:09:15:27 +0800] "GET /xingrg/javascript/jquery_easy_ui/themes/default/images/tree_folder.gif HTTP/1.1" 304 -
114.85.125.222 - - [27/Oct/2021:09:15:27 +0800] "GET /xingrg/javascript/jquery_easy_ui/themes/default/images/tree_file.gif HTTP/1.1" 304 -
114.85.125.222 - - [27/Oct/2021:09:15:27 +0800] "GET /xingrg/javascript/jquery_easy_ui/themes/icons/forms_new.png HTTP/1.1" 304 -
116.227.210.113 - - [27/Oct/2021:09:15:29 +0800] "GET /xingrg/all/function/internal_message.html?_=1635297317821&CODE_STATE=getMsg HTTP/1.1" 200 27
116.238.248.233 - - [27/Oct/2021:09:15:30 +0800] "GET /xingrg/kc/buy/cgsh_order_operate.html?command=get_materiel&rest_code=00151&code=00101008227&supplier_code=00100007&order_time=2021-10-27 HTTP/1.1" 200 416
222.70.179.155 - - [27/Oct/2021:09:15:31 +0800] "GET /xingrg/login.html HTTP/1.1" 200 7641
222.70.179.155 - - [27/Oct/2021:09:15:31 +0800] "GET /favicon.ico HTTP/1.1" 404 -
58.221.95.50 - - [27/Oct/2021:09:15:33 +0800] "GET /xingrg/all/function/internal_message.html?_=1635297333708&CODE_STATE=getMsg HTTP/1.1" 200 27
222.70.171.86 - - [27/Oct/2021:09:15:38 +0800] "GET /xingrg/all/function/internal_message.html?_=1635297348346&CODE_STATE=getMsg HTTP/1.1" 302 -
116.238.248.233 - - [27/Oct/2021:09:15:38 +0800] "GET /xingrg/kc/buy/cgsh_order_operate.html?command=get_materiel&rest_code=00151&code=00101008125&supplier_code=00100007&order_time=2021-10-27 HTTP/1.1" 200 413
180.174.227.63 - - [27/Oct/2021:09:15:39 +0800] "GET /xingrg/kc/buy/cgsh_order_add.html HTTP/1.1" 200 64638
124.78.153.86 - - [27/Oct/2021:09:15:39 +0800] "GET /xingrg/kc/buy/cgsh_order_operate.html?command=get_materiel&rest_code=00106&code=00101008224&supplier_code=00100007&order_time=2021-10-27 HTTP/1.1" 200 416
180.174.227.63 - - [27/Oct/2021:09:15:40 +0800] "POST /xingrg/kc/buy/cgsh_order_operate.html HTTP/1.1" 200 8245
180.174.227.63 - - [27/Oct/2021:09:15:41 +0800] "GET /xingrg/javascript/easyui/themes/default/validatebox.css HTTP/1.1" 404 1104
222.70.179.155 - - [27/Oct/2021:09:15:42 +0800] "POST /xingrg/login.do HTTP/1.1" 302 -
222.70.179.155 - - [27/Oct/2021:09:15:42 +0800] "GET /xingrg/index.html?sysBaseUrl=http%3A%2F%2F180.169.147.146%3A18081%2Fxingrg%2F&costTime=40×tamp=1635297342006 HTTP/1.1" 200 17173
222.70.179.155 - - [27/Oct/2021:09:15:42 +0800] "GET /favicon.ico HTTP/1.1" 404 -
222.70.179.155 - - [27/Oct/2021:09:15:42 +0800] "POST /xingrg/all/common/load_tree.html?tree=area_rest_tree_json&manage=1 HTTP/1.1" 200 342
222.70.179.155 - - [27/Oct/2021:09:15:42 +0800] "GET /xingrg/check_reg.html?_=1635297341664 HTTP/1.1" 200 22
222.70.179.155 - - [27/Oct/2021:09:15:42 +0800] "GET /xingrg/all/function/internal_message.html?_=1635297341663&CODE_STATE=count HTTP/1.1" 200 11
222.70.179.155 - - [27/Oct/2021:09:15:42 +0800] "POST /xingrg/load_menu.html HTTP/1.1" 200 5138
222.69.131.198 - - [27/Oct/2021:09:15:42 +0800] "GET /xingrg/check_reg.html?_=1635297343562 HTTP/1.1" 200 22
222.69.131.198 - - [27/Oct/2021:09:15:42 +0800] "GET /xingrg/all/function/internal_message.html?_=1635297343562&CODE_STATE=getMsg HTTP/1.1" 200 27
124.78.153.86 - - [27/Oct/2021:09:15:42 +0800] "POST /xingrg/kc/buy/cgsh_order_operate.html HTTP/1.1" 200 2065
222.70.179.155 - - [27/Oct/2021:09:15:43 +0800] "GET /xingrg/css/new_ie.css HTTP/1.1" 404 1036
222.70.179.155 - - [27/Oct/2021:09:15:43 +0800] "GET /xingrg/kc/buy/buy_main.html HTTP/1.1" 200 12412
222.70.179.155 - - [27/Oct/2021:09:15:44 +0800] "GET /xingrg/images/yd/bt.gif HTTP/1.1" 404 1040
116.238.248.233 - - [27/Oct/2021:09:15:44 +0800] "GET /xingrg/kc/buy/cgsh_order_operate.html?command=get_materiel&rest_code=00151&code=00101008033&supplier_code=00100007&order_time=2021-10-27 HTTP/1.1" 200 408
222.70.179.155 - - [27/Oct/2021:09:15:45 +0800] "GET /xingrg/kc/buy/cgsh_order_list.html HTTP/1.1" 200 48941
222.70.171.86 - - [27/Oct/2021:09:15:47 +0800] "GET /xingrg/all/function/internal_message.html?_=1635297356444&CODE_STATE=getMsg HTTP/1.1" 200 27
116.233.78.79 - - [27/Oct/2021:09:15:49 +0800] "POST /xingrg/kc/buy/cgsh_order_operate.html HTTP/1.1" 200 37
222.70.179.155 - - [27/Oct/2021:09:15:50 +0800] "POST /xingrg/kc/buy/cgsh_list_operate.html HTTP/1.1" 200 2762
222.70.179.155 - - [27/Oct/2021:09:15:52 +0800] "POST /xingrg/kc/buy/cgsh_list_operate.html HTTP/1.1" 200 462
116.233.78.79 - - [27/Oct/2021:09:15:52 +0800] "POST /xingrg/kc/buy/cgsh_order_operate.html HTTP/1.1" 200 33421
180.169.147.146 - - [27/Oct/2021:09:15:52 +0800] "GET /xingrg/all/function/internal_message.html?_=1635297353253&CODE_STATE=getMsg HTTP/1.1" 200 27
180.169.147.146 - - [27/Oct/2021:09:15:52 +0800] "GET /xingrg/check_reg.html?_=1635297353255 HTTP/1.1" 200 22
222.70.179.155 - - [27/Oct/2021:09:15:52 +0800] "GET /xingrg/kc/buy/cgsh_order_info.html?code=212021102711854 HTTP/1.1" 200 64678
222.70.179.155 - - [27/Oct/2021:09:15:53 +0800] "GET /xingrg/all/common/auto_word.html?type=employee&rest_code=00111 HTTP/1.1" 200 155
222.70.179.155 - - [27/Oct/2021:09:15:53 +0800] "GET /xingrg/javascript/easyui/themes/default/validatebox.css HTTP/1.1" 404 1104
222.70.179.155 - - [27/Oct/2021:09:15:53 +0800] "GET /xingrg/all/common/auto_word.html?type=employee&rest_code=00111 HTTP/1.1" 200 155
222.70.179.155 - - [27/Oct/2021:09:15:53 +0800] "POST /xingrg/kc/buy/cgsh_order_operate.html HTTP/1.1" 200 4486
180.169.147.146 - - [27/Oct/2021:09:15:54 +0800] "GET /xingrg/all/function/internal_message.html?_=1635297355352&CODE_STATE=getMsg HTTP/1.1" 200 27
116.233.78.79 - - [27/Oct/2021:09:15:54 +0800] "GET /xingrg/kc/print/load_config.html?kc_code=cgsh HTTP/1.1" 200 2281
116.233.78.79 - - [27/Oct/2021:09:15:54 +0800] "GET /xingrg/kc/print/load_data.html?order_code=212021102711872&kc_code=cgsh&condition= HTTP/1.1" 200 12342
116.238.248.233 - - [27/Oct/2021:09:15:55 +0800] "POST /xingrg/kc/buy/cgsh_order_operate.html HTTP/1.1" 200 2065
222.70.179.155 - - [27/Oct/2021:09:15:56 +0800] "GET /xingrg/kc/print/load_config.html?kc_code=cgsh HTTP/1.1" 200 2281
222.70.179.155 - - [27/Oct/2021:09:15:56 +0800] "GET /xingrg/kc/print/load_data.html?order_code=212021102711854&kc_code=cgsh&condition= HTTP/1.1" 200 1397
180.174.227.63 - - [27/Oct/2021:09:16:00 +0800] "GET /xingrg/all/function/internal_message.html?_=1635297348259&CODE_STATE=getMsg HTTP/1.1" 200 27
124.78.153.86 - - [27/Oct/2021:09:16:02 +0800] "GET /xingrg/kc/buy/cgsh_order_operate.html?command=get_materiel&rest_code=00106&code=00101008239&supplier_code=00100007&order_time=2021-10-27 HTTP/1.1" 200 416
124.78.153.86 - - [27/Oct/2021:09:16:03 +0800] "GET /xingrg/all/function/internal_message.html?_=1635297364956&CODE_STATE=getMsg HTTP/1.1" 200 27
116.233.78.79 - - [27/Oct/2021:09:16:05 +0800] "GET /xingrg/kc/buy/cgsh_order_add.html HTTP/1.1" 200 64720
116.233.78.79 - - [27/Oct/2021:09:16:05 +0800] "POST /xingrg/kc/buy/cgsh_order_operate.html HTTP/1.1" 200 8245
116.233.78.79 - - [27/Oct/2021:09:16:05 +0800] "GET /xingrg/all/common/auto_word.html?type=employee&rest_code=00109 HTTP/1.1" 200 255
116.233.78.79 - - [27/Oct/2021:09:16:05 +0800] "GET /xingrg/all/common/auto_word.html?type=employee&rest_code=00109 HTTP/1.1" 200 255
116.233.78.79 - - [27/Oct/2021:09:16:05 +0800] "GET /xingrg/javascript/easyui/themes/default/validatebox.css HTTP/1.1" 404 1104
116.238.248.233 - - [27/Oct/2021:09:16:09 +0800] "GET /xingrg/all/function/internal_message.html?_=1635297367938&CODE_STATE=getMsg HTTP/1.1" 200 27
116.233.78.79 - - [27/Oct/2021:09:16:15 +0800] "GET /xingrg/kc/buy/cgsh_order_operate.html?command=get_materiel&rest_code=00109&code=00101001010&supplier_code=00100454&order_time=2021-10-27 HTTP/1.1" 200 411
58.39.139.200 - - [27/Oct/2021:09:16:16 +0800] "GET /xingrg/all/function/internal_message.html?_=1635297376767&CODE_STATE=getMsg HTTP/1.1" 200 27
120.253.135.82 - - [27/Oct/2021:09:16:18 +0800] "GET /xingrg/all/function/internal_message.html?_=1635297351577&CODE_STATE=getMsg HTTP/1.1" 200 27
116.233.78.79 - - [27/Oct/2021:09:16:19 +0800] "GET /xingrg/all/function/internal_message.html?_=1635297379882&CODE_STATE=getMsg HTTP/1.1" 200 27
116.238.248.233 - - [27/Oct/2021:09:16:22 +0800] "GET /xingrg/kc/buy/cgsh_order_operate.html?command=get_materiel&rest_code=00151&code=00101008210&supplier_code=00100007&order_time=2021-10-27 HTTP/1.1" 200 408
116.233.78.79 - - [27/Oct/2021:09:16:24 +0800] "GET /xingrg/kc/buy/cgsh_order_operate.html?command=get_materiel&rest_code=00109&code=00101001269&supplier_code=00100454&order_time=2021-10-27 HTTP/1.1" 200 401
114.85.125.222 - - [27/Oct/2021:09:16:26 +0800] "GET /xingrg/all/function/internal_message.html?_=1635297327742&CODE_STATE=getMsg HTTP/1.1" 200 27
116.227.210.113 - - [27/Oct/2021:09:16:29 +0800] "GET /xingrg/all/function/internal_message.html?_=1635297377814&CODE_STATE=getMsg HTTP/1.1" 200 27
116.238.248.233 - - [27/Oct/2021:09:16:31 +0800] "POST /xingrg/kc/buy/cgsh_order_operate.html HTTP/1.1" 200 37
116.238.248.233 - - [27/Oct/2021:09:16:32 +0800] "POST /xingrg/kc/buy/cgsh_order_operate.html HTTP/1.1" 200 21818
116.233.78.79 - - [27/Oct/2021:09:16:32 +0800] "GET /xingrg/kc/buy/cgsh_order_operate.html?command=get_materiel&rest_code=00109&code=00101001084&supplier_code=00100454&order_time=2021-10-27 HTTP/1.1" 200 413
58.221.95.50 - - [27/Oct/2021:09:16:33 +0800] "GET /xingrg/all/function/internal_message.html?_=1635297393693&CODE_STATE=getMsg HTTP/1.1" 200 27
222.70.171.86 - - [27/Oct/2021:09:16:38 +0800] "GET /xingrg/all/function/internal_message.html?_=1635297408361&CODE_STATE=getMsg HTTP/1.1" 302 -
180.174.227.63 - - [27/Oct/2021:09:16:38 +0800] "GET /xingrg/check_reg.html?_=1635297386544 HTTP/1.1" 200 22
222.70.179.155 - - [27/Oct/2021:09:16:42 +0800] "GET /xingrg/all/function/internal_message.html?_=1635297401671&CODE_STATE=getMsg HTTP/1.1" 200 27
222.69.131.198 - - [27/Oct/2021:09:16:42 +0800] "GET /xingrg/all/function/internal_message.html?_=1635297403561&CODE_STATE=getMsg HTTP/1.1" 200 27
58.37.227.186 - - [27/Oct/2021:09:16:44 +0800] "GET /xingrg/check_reg.html?_=1635297242541 HTTP/1.1" 200 22
124.78.153.86 - - [27/Oct/2021:09:16:44 +0800] "GET /xingrg/kc/buy/cgsh_order_operate.html?command=get_materiel&rest_code=00106&code=00101008244&supplier_code=00100007&order_time=2021-10-27 HTTP/1.1" 200 408
222.70.171.86 - - [27/Oct/2021:09:16:47 +0800] "GET /xingrg/all/function/internal_message.html?_=1635297416461&CODE_STATE=getMsg HTTP/1.1" 200 27
116.233.78.79 - - [27/Oct/2021:09:16:49 +0800] "POST /xingrg/kc/buy/cgsh_order_operate.html HTTP/1.1" 200 37
180.169.147.146 - - [27/Oct/2021:09:16:52 +0800] "GET /xingrg/all/function/internal_message.html?_=1635297413239&CODE_STATE=getMsg HTTP/1.1" 200 27
116.238.248.233 - - [27/Oct/2021:09:16:53 +0800] "POST /xingrg/all/user/operate.html HTTP/1.1" 200 36
116.238.248.233 - - [27/Oct/2021:09:16:54 +0800] "GET /xingrg/index.html?sysBaseUrl=http%3A%2F%2F180.169.147.146%3A18081%2Fxingrg%2F&costTime=44×tamp=1635209813346 HTTP/1.1" 200 17179
116.238.248.233 - - [27/Oct/2021:09:16:54 +0800] "GET /xingrg/javascript/jquery_easy_ui/themes/default/easyui.css HTTP/1.1" 304 -
116.238.248.233 - - [27/Oct/2021:09:16:54 +0800] "GET /xingrg/javascript/jquery_easy_ui/themes/icon.css HTTP/1.1" 304 -
116.238.248.233 - - [27/Oct/2021:09:16:54 +0800] "GET /xingrg/css/form.css HTTP/1.1" 304 -
116.238.248.233 - - [27/Oct/2021:09:16:54 +0800] "GET /xingrg/javascript/jquery-1.4.2.min.js HTTP/1.1" 304 -
