222.70.171.86 - - [27/Oct/2021:06:51:49 +0800] "GET /xingrg/kc/base/wldb_order_operate.html?command=get_materiel&rest_code=00146&base_code=0010064&code=00102002610 HTTP/1.1" 200 432
180.169.147.146 - - [27/Oct/2021:06:51:52 +0800] "GET /xingrg/all/function/internal_message.html?_=1635288713232&CODE_STATE=getMsg HTTP/1.1" 200 27
172.20.0.100 - - [27/Oct/2021:06:51:53 +0800] "GET /xingrg/all/function/internal_message.html?_=1635288714045&CODE_STATE=getMsg HTTP/1.1" 200 27
222.70.171.86 - - [27/Oct/2021:06:51:56 +0800] "GET /xingrg/all/function/internal_message.html?_=1635288724899&CODE_STATE=getMsg HTTP/1.1" 302 -
58.37.227.186 - - [27/Oct/2021:06:51:57 +0800] "GET /xingrg/all/function/internal_message.html?_=1635288562459&CODE_STATE=getMsg HTTP/1.1" 200 27
222.70.171.86 - - [27/Oct/2021:06:52:04 +0800] "GET /xingrg/all/function/internal_message.html?_=1635288734518&CODE_STATE=getMsg HTTP/1.1" 200 27
222.70.171.86 - - [27/Oct/2021:06:52:06 +0800] "GET /xingrg/kc/base/wldb_order_operate.html?command=get_materiel&rest_code=00146&base_code=0010064&code=00102002315 HTTP/1.1" 200 448
120.253.135.82 - - [27/Oct/2021:06:52:19 +0800] "GET /xingrg/all/function/internal_message.html?_=1635288510439&CODE_STATE=getMsg HTTP/1.1" 200 27
222.70.171.86 - - [27/Oct/2021:06:52:20 +0800] "GET /xingrg/kc/base/wldb_order_operate.html?command=get_materiel&rest_code=00146&base_code=0010064&code=00102002448 HTTP/1.1" 200 426
222.70.179.155 - - [27/Oct/2021:06:52:25 +0800] "GET /xingrg/all/function/internal_message.html?_=1635288745485&CODE_STATE=getMsg HTTP/1.1" 200 27
116.238.248.233 - - [27/Oct/2021:06:52:26 +0800] "GET /xingrg/check_reg.html?_=1635288745014 HTTP/1.1" 200 22
116.238.248.233 - - [27/Oct/2021:06:52:26 +0800] "GET /xingrg/all/function/internal_message.html?_=1635288745018&CODE_STATE=getMsg HTTP/1.1" 200 27
116.227.210.113 - - [27/Oct/2021:06:52:28 +0800] "GET /xingrg/all/function/internal_message.html?_=1635288737816&CODE_STATE=getMsg HTTP/1.1" 200 27
114.85.125.222 - - [27/Oct/2021:06:52:34 +0800] "GET /xingrg/check_reg.html?_=1635288696040 HTTP/1.1" 200 22
58.221.95.50 - - [27/Oct/2021:06:52:35 +0800] "GET /xingrg/all/function/internal_message.html?_=1635288755675&CODE_STATE=getMsg HTTP/1.1" 200 27
222.70.171.86 - - [27/Oct/2021:06:52:40 +0800] "GET /xingrg/kc/base/wldb_order_operate.html?command=get_materiel&rest_code=00146&base_code=0010064&code=00102002022 HTTP/1.1" 200 458
222.70.179.155 - - [27/Oct/2021:06:52:40 +0800] "GET /xingrg/check_reg.html?_=1635288760387 HTTP/1.1" 200 22
114.85.125.222 - - [27/Oct/2021:06:52:47 +0800] "GET /xingrg/all/function/internal_message.html?_=1635288708812&CODE_STATE=getMsg HTTP/1.1" 200 27
180.169.147.146 - - [27/Oct/2021:06:52:52 +0800] "GET /xingrg/all/function/internal_message.html?_=1635288773248&CODE_STATE=getMsg HTTP/1.1" 200 27
172.20.0.100 - - [27/Oct/2021:06:52:53 +0800] "GET /xingrg/all/function/internal_message.html?_=1635288774038&CODE_STATE=getMsg HTTP/1.1" 200 27
222.70.171.86 - - [27/Oct/2021:06:52:56 +0800] "GET /xingrg/all/function/internal_message.html?_=1635288784906&CODE_STATE=getMsg HTTP/1.1" 302 -
58.37.227.186 - - [27/Oct/2021:06:52:57 +0800] "GET /xingrg/all/function/internal_message.html?_=1635288622457&CODE_STATE=getMsg HTTP/1.1" 200 27
58.37.227.186 - - [27/Oct/2021:06:52:57 +0800] "GET /xingrg/check_reg.html?_=1635288622459 HTTP/1.1" 200 22
58.221.95.50 - - [27/Oct/2021:06:52:58 +0800] "GET /xingrg/check_reg.html?_=1635288779141 HTTP/1.1" 200 22
222.70.171.86 - - [27/Oct/2021:06:53:02 +0800] "POST /xingrg/kc/base/wldb_order_operate.html HTTP/1.1" 200 37
222.70.171.86 - - [27/Oct/2021:06:53:04 +0800] "GET /xingrg/all/function/internal_message.html?_=1635288794533&CODE_STATE=getMsg HTTP/1.1" 200 27
222.70.171.86 - - [27/Oct/2021:06:53:04 +0800] "POST /xingrg/kc/base/wldb_order_operate.html HTTP/1.1" 200 12
222.70.171.86 - - [27/Oct/2021:06:53:04 +0800] "POST /xingrg/kc/base/wldb_order_operate.html HTTP/1.1" 200 3680
120.253.135.82 - - [27/Oct/2021:06:53:19 +0800] "GET /xingrg/all/function/internal_message.html?_=1635288570547&CODE_STATE=getMsg HTTP/1.1" 200 27
222.70.179.155 - - [27/Oct/2021:06:53:25 +0800] "GET /xingrg/all/function/internal_message.html?_=1635288805459&CODE_STATE=getMsg HTTP/1.1" 200 27
116.238.248.233 - - [27/Oct/2021:06:53:26 +0800] "GET /xingrg/all/function/internal_message.html?_=1635288805039&CODE_STATE=getMsg HTTP/1.1" 200 27
116.227.210.113 - - [27/Oct/2021:06:53:28 +0800] "GET /xingrg/all/function/internal_message.html?_=1635288797816&CODE_STATE=getMsg HTTP/1.1" 200 27
116.227.210.113 - - [27/Oct/2021:06:53:28 +0800] "GET /xingrg/check_reg.html?_=1635288797819 HTTP/1.1" 200 22
58.221.95.50 - - [27/Oct/2021:06:53:35 +0800] "GET /xingrg/all/function/internal_message.html?_=1635288815676&CODE_STATE=getMsg HTTP/1.1" 200 27
114.85.125.222 - - [27/Oct/2021:06:53:47 +0800] "GET /xingrg/all/function/internal_message.html?_=1635288768826&CODE_STATE=getMsg HTTP/1.1" 200 27
180.169.147.146 - - [27/Oct/2021:06:53:52 +0800] "GET /xingrg/all/function/internal_message.html?_=1635288833243&CODE_STATE=getMsg HTTP/1.1" 200 27
172.20.0.100 - - [27/Oct/2021:06:53:53 +0800] "GET /xingrg/all/function/internal_message.html?_=1635288834055&CODE_STATE=getMsg HTTP/1.1" 200 27
222.70.171.86 - - [27/Oct/2021:06:53:56 +0800] "GET /xingrg/all/function/internal_message.html?_=1635288844928&CODE_STATE=getMsg HTTP/1.1" 302 -
58.37.227.186 - - [27/Oct/2021:06:53:57 +0800] "GET /xingrg/all/function/internal_message.html?_=1635288682457&CODE_STATE=getMsg HTTP/1.1" 200 27
58.40.7.146 - - [27/Oct/2021:06:54:11 +0800] "POST /xingrg/services/DataTransmitService HTTP/1.1" 200 524
120.253.135.82 - - [27/Oct/2021:06:54:19 +0800] "GET /xingrg/all/function/internal_message.html?_=1635288630560&CODE_STATE=getMsg HTTP/1.1" 200 27
222.70.179.155 - - [27/Oct/2021:06:54:25 +0800] "GET /xingrg/all/function/internal_message.html?_=1635288865445&CODE_STATE=getMsg HTTP/1.1" 200 27
116.238.248.233 - - [27/Oct/2021:06:54:26 +0800] "GET /xingrg/all/function/internal_message.html?_=1635288865044&CODE_STATE=getMsg HTTP/1.1" 200 27
116.227.210.113 - - [27/Oct/2021:06:54:28 +0800] "GET /xingrg/all/function/internal_message.html?_=1635288857819&CODE_STATE=getMsg HTTP/1.1" 200 27
222.70.171.86 - - [27/Oct/2021:06:54:32 +0800] "GET /xingrg/kc/base/wldb_order_info.html?code=422021102702741 HTTP/1.1" 200 26323
222.70.171.86 - - [27/Oct/2021:06:54:33 +0800] "GET /xingrg/javascript/easyui/themes/default/validatebox.css HTTP/1.1" 404 1104
222.70.171.86 - - [27/Oct/2021:06:54:33 +0800] "POST /xingrg/kc/base/wldb_order_operate.html HTTP/1.1" 200 1940
222.70.171.86 - - [27/Oct/2021:06:54:33 +0800] "GET /xingrg/check_reg.html?_=1635288883468 HTTP/1.1" 200 22
222.70.171.86 - - [27/Oct/2021:06:54:33 +0800] "GET /xingrg/all/function/internal_message.html?_=1635288883470&CODE_STATE=getMsg HTTP/1.1" 200 27
58.221.95.50 - - [27/Oct/2021:06:54:35 +0800] "GET /xingrg/all/function/internal_message.html?_=1635288875661&CODE_STATE=getMsg HTTP/1.1" 200 27
222.70.171.86 - - [27/Oct/2021:06:54:42 +0800] "GET /xingrg/kc/buy/cgsh_order_list.html HTTP/1.1" 200 48947
114.85.125.222 - - [27/Oct/2021:06:54:47 +0800] "GET /xingrg/all/function/internal_message.html?_=1635288828863&CODE_STATE=getMsg HTTP/1.1" 200 27
180.169.147.146 - - [27/Oct/2021:06:54:52 +0800] "GET /xingrg/all/function/internal_message.html?_=1635288893243&CODE_STATE=getMsg HTTP/1.1" 200 27
120.253.135.82 - - [27/Oct/2021:06:54:52 +0800] "GET /xingrg/kc/pszx/mdps_order_info.html?code=312021102700669 HTTP/1.1" 200 23931
172.20.0.100 - - [27/Oct/2021:06:54:53 +0800] "GET /xingrg/check_reg.html?_=1635288894047 HTTP/1.1" 200 22
172.20.0.100 - - [27/Oct/2021:06:54:53 +0800] "GET /xingrg/all/function/internal_message.html?_=1635288894054&CODE_STATE=getMsg HTTP/1.1" 200 27
120.253.135.82 - - [27/Oct/2021:06:54:53 +0800] "GET /xingrg/javascript/easyui/themes/default/validatebox.css HTTP/1.1" 404 1104
120.253.135.82 - - [27/Oct/2021:06:54:53 +0800] "POST /xingrg/kc/pszx/mdps_order_operate.html HTTP/1.1" 200 3774
222.70.171.86 - - [27/Oct/2021:06:54:56 +0800] "GET /xingrg/all/function/internal_message.html?_=1635288904934&CODE_STATE=getMsg HTTP/1.1" 302 -
116.235.93.2 - - [27/Oct/2021:06:54:56 +0800] "POST /xingrg/services/DataTransmitService HTTP/1.1" 200 524
116.235.93.2 - - [27/Oct/2021:06:54:57 +0800] "POST /xingrg/services/DataTransmitService HTTP/1.1" 200 501
58.37.227.186 - - [27/Oct/2021:06:54:57 +0800] "GET /xingrg/all/function/internal_message.html?_=1635288742482&CODE_STATE=getMsg HTTP/1.1" 200 27
222.70.171.86 - - [27/Oct/2021:06:55:06 +0800] "POST /xingrg/kc/buy/cgsh_list_operate.html HTTP/1.1" 200 5205
120.253.135.82 - - [27/Oct/2021:06:55:12 +0800] "GET /xingrg/check_reg.html?_=1635288683272 HTTP/1.1" 200 22
120.253.135.82 - - [27/Oct/2021:06:55:19 +0800] "GET /xingrg/all/function/internal_message.html?_=1635288690668&CODE_STATE=getMsg HTTP/1.1" 200 27
222.70.179.155 - - [27/Oct/2021:06:55:25 +0800] "GET /xingrg/all/function/internal_message.html?_=1635288925415&CODE_STATE=getMsg HTTP/1.1" 200 27
116.238.248.233 - - [27/Oct/2021:06:55:26 +0800] "GET /xingrg/all/function/internal_message.html?_=1635288925044&CODE_STATE=getMsg HTTP/1.1" 200 27
116.227.210.113 - - [27/Oct/2021:06:55:28 +0800] "GET /xingrg/all/function/internal_message.html?_=1635288917809&CODE_STATE=getMsg HTTP/1.1" 200 27
222.70.171.86 - - [27/Oct/2021:06:55:33 +0800] "GET /xingrg/all/function/internal_message.html?_=1635288943482&CODE_STATE=getMsg HTTP/1.1" 200 27
222.70.171.86 - - [27/Oct/2021:06:55:34 +0800] "POST /xingrg/kc/buy/cgsh_list_operate.html HTTP/1.1" 200 580
58.221.95.50 - - [27/Oct/2021:06:55:35 +0800] "GET /xingrg/all/function/internal_message.html?_=1635288935648&CODE_STATE=getMsg HTTP/1.1" 200 27
222.70.171.86 - - [27/Oct/2021:06:55:36 +0800] "POST /xingrg/kc/buy/cgsh_list_operate.html HTTP/1.1" 200 420
120.253.135.82 - - [27/Oct/2021:06:55:38 +0800] "POST /xingrg/kc/pszx/mdps_list_operate.html HTTP/1.1" 200 3553
222.70.171.86 - - [27/Oct/2021:06:55:40 +0800] "POST /xingrg/kc/buy/cgsh_list_operate.html HTTP/1.1" 200 576
120.253.135.82 - - [27/Oct/2021:06:55:41 +0800] "POST /xingrg/kc/pszx/mdps_list_operate.html HTTP/1.1" 200 631
120.253.135.82 - - [27/Oct/2021:06:55:42 +0800] "GET /xingrg/kc/pszx/mdps_order_info.html?code=312021102700667 HTTP/1.1" 200 23931
120.253.135.82 - - [27/Oct/2021:06:55:43 +0800] "GET /xingrg/javascript/easyui/themes/default/validatebox.css HTTP/1.1" 404 1104
120.253.135.82 - - [27/Oct/2021:06:55:43 +0800] "POST /xingrg/kc/pszx/mdps_order_operate.html HTTP/1.1" 200 9362
222.70.171.86 - - [27/Oct/2021:06:55:43 +0800] "POST /xingrg/kc/buy/cgsh_list_operate.html HTTP/1.1" 200 490
222.70.171.86 - - [27/Oct/2021:06:55:45 +0800] "POST /xingrg/kc/buy/cgsh_list_operate.html HTTP/1.1" 200 560
114.85.125.222 - - [27/Oct/2021:06:55:47 +0800] "GET /xingrg/all/function/internal_message.html?_=1635288888868&CODE_STATE=getMsg HTTP/1.1" 200 27
222.70.171.86 - - [27/Oct/2021:06:55:49 +0800] "POST /xingrg/kc/buy/cgsh_list_operate.html HTTP/1.1" 200 500
180.169.147.146 - - [27/Oct/2021:06:55:52 +0800] "GET /xingrg/all/function/internal_message.html?_=1635288953241&CODE_STATE=getMsg HTTP/1.1" 200 27
180.169.147.146 - - [27/Oct/2021:06:55:52 +0800] "GET /xingrg/check_reg.html?_=1635288953240 HTTP/1.1" 200 22
120.253.135.82 - - [27/Oct/2021:06:55:53 +0800] "POST /xingrg/kc/pszx/mdps_list_operate.html HTTP/1.1" 200 3553
172.20.0.100 - - [27/Oct/2021:06:55:53 +0800] "GET /xingrg/all/function/internal_message.html?_=1635288954048&CODE_STATE=getMsg HTTP/1.1" 200 27
222.70.171.86 - - [27/Oct/2021:06:55:56 +0800] "GET /xingrg/all/function/internal_message.html?_=1635288964955&CODE_STATE=getMsg HTTP/1.1" 302 -
120.253.135.82 - - [27/Oct/2021:06:55:56 +0800] "POST /xingrg/kc/pszx/mdps_list_operate.html HTTP/1.1" 200 610
58.37.227.186 - - [27/Oct/2021:06:55:57 +0800] "GET /xingrg/all/function/internal_message.html?_=1635288802481&CODE_STATE=getMsg HTTP/1.1" 200 27
120.253.135.82 - - [27/Oct/2021:06:55:58 +0800] "GET /xingrg/kc/pszx/mdps_order_info.html?code=312021102700668 HTTP/1.1" 200 23931
120.253.135.82 - - [27/Oct/2021:06:55:58 +0800] "GET /xingrg/javascript/easyui/themes/default/validatebox.css HTTP/1.1" 404 1104
120.253.135.82 - - [27/Oct/2021:06:55:58 +0800] "POST /xingrg/kc/pszx/mdps_order_operate.html HTTP/1.1" 200 18759
120.253.135.82 - - [27/Oct/2021:06:56:09 +0800] "POST /xingrg/kc/pszx/mdps_list_operate.html HTTP/1.1" 200 3553
120.253.135.82 - - [27/Oct/2021:06:56:11 +0800] "POST /xingrg/kc/pszx/mdps_list_operate.html HTTP/1.1" 200 446
222.70.171.86 - - [27/Oct/2021:06:56:15 +0800] "POST /xingrg/kc/buy/cgsh_list_operate.html HTTP/1.1" 200 4
120.253.135.82 - - [27/Oct/2021:06:56:15 +0800] "GET /xingrg/kc/pszx/mdqp_order_list.html?state=10 HTTP/1.1" 200 12269
120.253.135.82 - - [27/Oct/2021:06:56:15 +0800] "GET /xingrg/dwr/interface/AjaxReportQueryService.js HTTP/1.1" 200 13203
120.253.135.82 - - [27/Oct/2021:06:56:15 +0800] "GET /xingrg/dwr/engine.js HTTP/1.1" 200 43631
120.253.135.82 - - [27/Oct/2021:06:56:15 +0800] "GET /xingrg/dwr/interface/AjaxQqpsService.js HTTP/1.1" 200 16326
120.253.135.82 - - [27/Oct/2021:06:56:17 +0800] "GET /xingrg/kc/pszx/mdqp_order_info.html?code=302021102600537 HTTP/1.1" 200 13350
120.253.135.82 - - [27/Oct/2021:06:56:17 +0800] "GET /xingrg/dwr/interface/AjaxQqpsService.js HTTP/1.1" 200 16326
120.253.135.82 - - [27/Oct/2021:06:56:17 +0800] "GET /xingrg/dwr/interface/AjaxComOrderService.js HTTP/1.1" 200 18264
120.253.135.82 - - [27/Oct/2021:06:56:17 +0800] "GET /xingrg/dwr/engine.js HTTP/1.1" 200 43631
120.253.135.82 - - [27/Oct/2021:06:56:18 +0800] "POST /xingrg/dwr/call/plaincall/AjaxQqpsService.loadMaterielItems.dwr HTTP/1.1" 200 940
120.253.135.82 - - [27/Oct/2021:06:56:19 +0800] "GET /xingrg/all/function/internal_message.html?_=1635288750681&CODE_STATE=getMsg HTTP/1.1" 200 27
120.253.135.82 - - [27/Oct/2021:06:56:24 +0800] "GET /xingrg/kc/pszx/mdqp_order_list.html?isBack=1 HTTP/1.1" 302 -
120.253.135.82 - - [27/Oct/2021:06:56:24 +0800] "GET /xingrg/kc/pszx/mdqp_order_list.html?state=10 HTTP/1.1" 200 12269
120.253.135.82 - - [27/Oct/2021:06:56:24 +0800] "GET /xingrg/dwr/interface/AjaxQqpsService.js HTTP/1.1" 200 16326
120.253.135.82 - - [27/Oct/2021:06:56:24 +0800] "GET /xingrg/dwr/interface/AjaxReportQueryService.js HTTP/1.1" 200 13203
120.253.135.82 - - [27/Oct/2021:06:56:24 +0800] "GET /xingrg/dwr/engine.js HTTP/1.1" 200 43631
222.70.179.155 - - [27/Oct/2021:06:56:25 +0800] "GET /xingrg/all/function/internal_message.html?_=1635288985400&CODE_STATE=getMsg HTTP/1.1" 200 27
120.253.135.82 - - [27/Oct/2021:06:56:26 +0800] "GET /xingrg/kc/pszx/mdqp_order_info.html?code=302021102600536 HTTP/1.1" 200 13350
120.253.135.82 - - [27/Oct/2021:06:56:26 +0800] "GET /xingrg/dwr/interface/AjaxComOrderService.js HTTP/1.1" 200 18264
120.253.135.82 - - [27/Oct/2021:06:56:26 +0800] "GET /xingrg/dwr/interface/AjaxQqpsService.js HTTP/1.1" 200 16326
120.253.135.82 - - [27/Oct/2021:06:56:26 +0800] "GET /xingrg/dwr/engine.js HTTP/1.1" 200 43631
116.238.248.233 - - [27/Oct/2021:06:56:26 +0800] "GET /xingrg/all/function/internal_message.html?_=1635288985044&CODE_STATE=getMsg HTTP/1.1" 200 27
120.253.135.82 - - [27/Oct/2021:06:56:26 +0800] "POST /xingrg/dwr/call/plaincall/AjaxQqpsService.loadMaterielItems.dwr HTTP/1.1" 200 356
120.253.135.82 - - [27/Oct/2021:06:56:28 +0800] "GET /xingrg/kc/pszx/mdqp_order_list.html?isBack=1 HTTP/1.1" 302 -
120.253.135.82 - - [27/Oct/2021:06:56:28 +0800] "GET /xingrg/kc/pszx/mdqp_order_list.html?state=10 HTTP/1.1" 200 12269
120.253.135.82 - - [27/Oct/2021:06:56:28 +0800] "GET /xingrg/dwr/interface/AjaxReportQueryService.js HTTP/1.1" 200 13203
120.253.135.82 - - [27/Oct/2021:06:56:28 +0800] "GET /xingrg/dwr/interface/AjaxQqpsService.js HTTP/1.1" 200 16326
120.253.135.82 - - [27/Oct/2021:06:56:28 +0800] "GET /xingrg/dwr/engine.js HTTP/1.1" 200 43631
116.227.210.113 - - [27/Oct/2021:06:56:28 +0800] "GET /xingrg/all/function/internal_message.html?_=1635288977814&CODE_STATE=getMsg HTTP/1.1" 200 27
120.253.135.82 - - [27/Oct/2021:06:56:30 +0800] "GET /xingrg/kc/pszx/mdqp_order_info.html?code=302021102600527 HTTP/1.1" 200 13350
120.253.135.82 - - [27/Oct/2021:06:56:30 +0800] "GET /xingrg/dwr/interface/AjaxComOrderService.js HTTP/1.1" 200 18264
120.253.135.82 - - [27/Oct/2021:06:56:30 +0800] "GET /xingrg/dwr/interface/AjaxQqpsService.js HTTP/1.1" 200 16326
120.253.135.82 - - [27/Oct/2021:06:56:30 +0800] "GET /xingrg/dwr/engine.js HTTP/1.1" 200 43631
120.253.135.82 - - [27/Oct/2021:06:56:31 +0800] "POST /xingrg/dwr/call/plaincall/AjaxQqpsService.loadMaterielItems.dwr HTTP/1.1" 200 2024
222.70.171.86 - - [27/Oct/2021:06:56:33 +0800] "GET /xingrg/all/function/internal_message.html?_=1635289003586&CODE_STATE=getMsg HTTP/1.1" 200 27
58.221.95.50 - - [27/Oct/2021:06:56:35 +0800] "GET /xingrg/all/function/internal_message.html?_=1635288995633&CODE_STATE=getMsg HTTP/1.1" 200 27
222.70.171.86 - - [27/Oct/2021:06:56:38 +0800] "POST /xingrg/kc/buy/cgsh_list_operate.html HTTP/1.1" 200 5172
222.70.171.86 - - [27/Oct/2021:06:56:42 +0800] "GET /xingrg/check_reg.html?_=1635289011065 HTTP/1.1" 302 -
114.85.125.222 - - [27/Oct/2021:06:56:47 +0800] "GET /xingrg/all/function/internal_message.html?_=1635288948905&CODE_STATE=getMsg HTTP/1.1" 200 27
180.169.147.146 - - [27/Oct/2021:06:56:52 +0800] "GET /xingrg/all/function/internal_message.html?_=1635289013254&CODE_STATE=getMsg HTTP/1.1" 200 27
172.20.0.100 - - [27/Oct/2021:06:56:53 +0800] "GET /xingrg/all/function/internal_message.html?_=1635289014040&CODE_STATE=getMsg HTTP/1.1" 200 27
222.70.171.86 - - [27/Oct/2021:06:56:56 +0800] "GET /xingrg/all/function/internal_message.html?_=1635289024961&CODE_STATE=getMsg HTTP/1.1" 302 -
58.37.227.186 - - [27/Oct/2021:06:56:57 +0800] "GET /xingrg/all/function/internal_message.html?_=1635288862479&CODE_STATE=getMsg HTTP/1.1" 200 27
222.70.171.86 - - [27/Oct/2021:06:57:16 +0800] "POST /xingrg/kc/buy/cgsh_list_operate.html HTTP/1.1" 200 4
120.253.135.82 - - [27/Oct/2021:06:57:19 +0800] "GET /xingrg/all/function/internal_message.html?_=1635288810695&CODE_STATE=getMsg HTTP/1.1" 200 27
222.70.171.86 - - [27/Oct/2021:06:57:24 +0800] "POST /xingrg/kc/buy/cgsh_list_operate.html HTTP/1.1" 200 2784
222.70.179.155 - - [27/Oct/2021:06:57:25 +0800] "GET /xingrg/all/function/internal_message.html?_=1635289045386&CODE_STATE=getMsg HTTP/1.1" 200 27
116.238.248.233 - - [27/Oct/2021:06:57:26 +0800] "GET /xingrg/check_reg.html?_=1635289045060 HTTP/1.1" 200 22
116.238.248.233 - - [27/Oct/2021:06:57:26 +0800] "GET /xingrg/all/function/internal_message.html?_=1635289045064&CODE_STATE=getMsg HTTP/1.1" 200 27
116.227.210.113 - - [27/Oct/2021:06:57:28 +0800] "GET /xingrg/all/function/internal_message.html?_=1635289037815&CODE_STATE=getMsg HTTP/1.1" 200 27
222.70.171.86 - - [27/Oct/2021:06:57:33 +0800] "GET /xingrg/all/function/internal_message.html?_=1635289063587&CODE_STATE=getMsg HTTP/1.1" 200 27
114.85.125.222 - - [27/Oct/2021:06:57:34 +0800] "GET /xingrg/check_reg.html?_=1635288996040 HTTP/1.1" 200 22
58.221.95.50 - - [27/Oct/2021:06:57:35 +0800] "GET /xingrg/all/function/internal_message.html?_=1635289055619&CODE_STATE=getMsg HTTP/1.1" 200 27
120.253.135.82 - - [27/Oct/2021:06:57:38 +0800] "GET /xingrg/kc/pszx/mdqp_order_list.html?isBack=1 HTTP/1.1" 302 -
120.253.135.82 - - [27/Oct/2021:06:57:38 +0800] "GET /xingrg/kc/pszx/mdqp_order_list.html?state=10 HTTP/1.1" 200 12269
120.253.135.82 - - [27/Oct/2021:06:57:38 +0800] "GET /xingrg/dwr/interface/AjaxReportQueryService.js HTTP/1.1" 200 13203
120.253.135.82 - - [27/Oct/2021:06:57:38 +0800] "GET /xingrg/dwr/interface/AjaxQqpsService.js HTTP/1.1" 200 16326
120.253.135.82 - - [27/Oct/2021:06:57:38 +0800] "GET /xingrg/dwr/engine.js HTTP/1.1" 200 43631
120.253.135.82 - - [27/Oct/2021:06:57:40 +0800] "GET /xingrg/kc/pszx/mdqp_order_info.html?code=302021102600526 HTTP/1.1" 200 13350
120.253.135.82 - - [27/Oct/2021:06:57:40 +0800] "GET /xingrg/dwr/interface/AjaxQqpsService.js HTTP/1.1" 200 16326
120.253.135.82 - - [27/Oct/2021:06:57:40 +0800] "GET /xingrg/dwr/interface/AjaxComOrderService.js HTTP/1.1" 200 18264
120.253.135.82 - - [27/Oct/2021:06:57:40 +0800] "GET /xingrg/dwr/engine.js HTTP/1.1" 200 43631
222.70.179.155 - - [27/Oct/2021:06:57:40 +0800] "GET /xingrg/check_reg.html?_=1635289060380 HTTP/1.1" 200 22
222.70.171.86 - - [27/Oct/2021:06:57:41 +0800] "POST /xingrg/kc/buy/cgsh_list_operate.html HTTP/1.1" 200 4
120.253.135.82 - - [27/Oct/2021:06:57:41 +0800] "POST /xingrg/dwr/call/plaincall/AjaxQqpsService.loadMaterielItems.dwr HTTP/1.1" 200 839
120.253.135.82 - - [27/Oct/2021:06:57:46 +0800] "GET /xingrg/kc/pszx/mdqp_order_list.html?isBack=1 HTTP/1.1" 302 -
120.253.135.82 - - [27/Oct/2021:06:57:46 +0800] "GET /xingrg/kc/pszx/mdqp_order_list.html?state=10 HTTP/1.1" 200 12269
120.253.135.82 - - [27/Oct/2021:06:57:46 +0800] "GET /xingrg/dwr/interface/AjaxQqpsService.js HTTP/1.1" 200 16326
120.253.135.82 - - [27/Oct/2021:06:57:46 +0800] "GET /xingrg/dwr/engine.js HTTP/1.1" 200 43631
120.253.135.82 - - [27/Oct/2021:06:57:46 +0800] "GET /xingrg/dwr/interface/AjaxReportQueryService.js HTTP/1.1" 200 13203
114.85.125.222 - - [27/Oct/2021:06:57:47 +0800] "GET /xingrg/all/function/internal_message.html?_=1635289008910&CODE_STATE=getMsg HTTP/1.1" 200 27
120.253.135.82 - - [27/Oct/2021:06:57:48 +0800] "GET /xingrg/kc/pszx/mdqp_order_info.html?code=302021102600525 HTTP/1.1" 200 13350
120.253.135.82 - - [27/Oct/2021:06:57:48 +0800] "GET /xingrg/dwr/interface/AjaxQqpsService.js HTTP/1.1" 200 16326
120.253.135.82 - - [27/Oct/2021:06:57:48 +0800] "GET /xingrg/dwr/interface/AjaxComOrderService.js HTTP/1.1" 200 18264
120.253.135.82 - - [27/Oct/2021:06:57:48 +0800] "GET /xingrg/dwr/engine.js HTTP/1.1" 200 43631
120.253.135.82 - - [27/Oct/2021:06:57:49 +0800] "POST /xingrg/dwr/call/plaincall/AjaxQqpsService.loadMaterielItems.dwr HTTP/1.1" 200 7221
120.253.135.82 - - [27/Oct/2021:06:57:51 +0800] "GET /xingrg/kc/pszx/mdqp_order_list.html?isBack=1 HTTP/1.1" 302 -
120.253.135.82 - - [27/Oct/2021:06:57:51 +0800] "GET /xingrg/kc/pszx/mdqp_order_list.html?state=10 HTTP/1.1" 200 12269
120.253.135.82 - - [27/Oct/2021:06:57:51 +0800] "GET /xingrg/dwr/interface/AjaxQqpsService.js HTTP/1.1" 200 16326
120.253.135.82 - - [27/Oct/2021:06:57:51 +0800] "GET /xingrg/dwr/interface/AjaxReportQueryService.js HTTP/1.1" 200 13203
120.253.135.82 - - [27/Oct/2021:06:57:51 +0800] "GET /xingrg/dwr/engine.js HTTP/1.1" 200 43631
180.169.147.146 - - [27/Oct/2021:06:57:52 +0800] "GET /xingrg/all/function/internal_message.html?_=1635289073242&CODE_STATE=getMsg HTTP/1.1" 200 27
172.20.0.100 - - [27/Oct/2021:06:57:53 +0800] "GET /xingrg/all/function/internal_message.html?_=1635289074032&CODE_STATE=getMsg HTTP/1.1" 200 27
222.70.171.86 - - [27/Oct/2021:06:57:56 +0800] "GET /xingrg/all/function/internal_message.html?_=1635289084981&CODE_STATE=getMsg HTTP/1.1" 302 -
58.37.227.186 - - [27/Oct/2021:06:57:57 +0800] "GET /xingrg/all/function/internal_message.html?_=1635288922478&CODE_STATE=getMsg HTTP/1.1" 200 27
58.37.227.186 - - [27/Oct/2021:06:57:57 +0800] "GET /xingrg/check_reg.html?_=1635288922479 HTTP/1.1" 200 22
58.221.95.50 - - [27/Oct/2021:06:57:58 +0800] "GET /xingrg/check_reg.html?_=1635289079186 HTTP/1.1" 200 22
120.253.135.82 - - [27/Oct/2021:06:58:02 +0800] "GET /xingrg/kc/pszx/jzcl_ps.html HTTP/1.1" 200 7683
120.253.135.82 - - [27/Oct/2021:06:58:02 +0800] "POST /xingrg/all/common/load_tree.html?tree=area_rest_tree_json HTTP/1.1" 200 3472
120.253.135.82 - - [27/Oct/2021:06:58:03 +0800] "POST /xingrg/kc/pszx/jzcl_ps_operate.html HTTP/1.1" 200 2089
120.253.135.82 - - [27/Oct/2021:06:58:03 +0800] "POST /xingrg/kc/pszx/jzcl_ps_operate.html HTTP/1.1" 200 2089
120.253.135.82 - - [27/Oct/2021:06:58:15 +0800] "POST /xingrg/kc/pszx/jzcl_ps_operate.html HTTP/1.1" 200 4
222.70.171.86 - - [27/Oct/2021:06:58:16 +0800] "POST /xingrg/kc/buy/cgsh_list_operate.html HTTP/1.1" 200 876
222.70.179.155 - - [27/Oct/2021:06:58:25 +0800] "GET /xingrg/all/function/internal_message.html?_=1635289105358&CODE_STATE=getMsg HTTP/1.1" 200 27
116.238.248.233 - - [27/Oct/2021:06:58:26 +0800] "GET /xingrg/all/function/internal_message.html?_=1635289105049&CODE_STATE=getMsg HTTP/1.1" 200 27
116.227.210.113 - - [27/Oct/2021:06:58:28 +0800] "GET /xingrg/all/function/internal_message.html?_=1635289097811&CODE_STATE=getMsg HTTP/1.1" 200 27
116.227.210.113 - - [27/Oct/2021:06:58:28 +0800] "GET /xingrg/check_reg.html?_=1635289097813 HTTP/1.1" 200 22
222.70.171.86 - - [27/Oct/2021:06:58:33 +0800] "GET /xingrg/all/function/internal_message.html?_=1635289123601&CODE_STATE=getMsg HTTP/1.1" 200 27
58.221.95.50 - - [27/Oct/2021:06:58:35 +0800] "GET /xingrg/all/function/internal_message.html?_=1635289115598&CODE_STATE=getMsg HTTP/1.1" 200 27
120.253.135.82 - - [27/Oct/2021:06:58:46 +0800] "GET /xingrg/kc/pszx/mdps_order_list.html HTTP/1.1" 200 21089
120.253.135.82 - - [27/Oct/2021:06:58:47 +0800] "POST /xingrg/kc/pszx/mdps_list_operate.html HTTP/1.1" 200 5416
120.253.135.82 - - [27/Oct/2021:06:58:47 +0800] "GET /xingrg/all/function/internal_message.html?_=1635288898960&CODE_STATE=getMsg HTTP/1.1" 200 27
114.85.125.222 - - [27/Oct/2021:06:58:47 +0800] "GET /xingrg/all/function/internal_message.html?_=1635289068924&CODE_STATE=getMsg HTTP/1.1" 200 27
180.169.147.146 - - [27/Oct/2021:06:58:52 +0800] "GET /xingrg/all/function/internal_message.html?_=1635289133239&CODE_STATE=getMsg HTTP/1.1" 200 27
172.20.0.100 - - [27/Oct/2021:06:58:53 +0800] "GET /xingrg/all/function/internal_message.html?_=1635289134041&CODE_STATE=getMsg HTTP/1.1" 200 27
222.70.171.86 - - [27/Oct/2021:06:58:56 +0800] "GET /xingrg/all/function/internal_message.html?_=1635289144988&CODE_STATE=getMsg HTTP/1.1" 302 -
58.37.227.186 - - [27/Oct/2021:06:58:57 +0800] "GET /xingrg/all/function/internal_message.html?_=1635288982478&CODE_STATE=getMsg HTTP/1.1" 200 27
120.253.135.82 - - [27/Oct/2021:06:59:00 +0800] "GET /xingrg/kc/pszx/mdps_order_info.html?code=312021102700665 HTTP/1.1" 200 23931
120.253.135.82 - - [27/Oct/2021:06:59:01 +0800] "GET /xingrg/javascript/easyui/themes/default/validatebox.css HTTP/1.1" 404 1104
120.253.135.82 - - [27/Oct/2021:06:59:01 +0800] "POST /xingrg/kc/pszx/mdps_order_operate.html HTTP/1.1" 200 3793
120.253.135.82 - - [27/Oct/2021:06:59:09 +0800] "POST /xingrg/kc/pszx/mdps_list_operate.html HTTP/1.1" 200 3551
120.253.135.82 - - [27/Oct/2021:06:59:12 +0800] "POST /xingrg/kc/pszx/mdps_list_operate.html HTTP/1.1" 200 207
120.253.135.82 - - [27/Oct/2021:06:59:16 +0800] "GET /xingrg/kc/pszx/mdps_order_info.html?code=312021102300581 HTTP/1.1" 200 23931
120.253.135.82 - - [27/Oct/2021:06:59:16 +0800] "GET /xingrg/javascript/easyui/themes/default/validatebox.css HTTP/1.1" 404 1104
120.253.135.82 - - [27/Oct/2021:06:59:16 +0800] "POST /xingrg/kc/pszx/mdps_order_operate.html HTTP/1.1" 200 2276
120.253.135.82 - - [27/Oct/2021:06:59:24 +0800] "POST /xingrg/kc/pszx/mdps_order_operate.html HTTP/1.1" 200 37
120.253.135.82 - - [27/Oct/2021:06:59:25 +0800] "GET /xingrg/kc/pszx/mdps_order_info.html?code=312021102300581 HTTP/1.1" 200 23931
222.70.179.155 - - [27/Oct/2021:06:59:25 +0800] "GET /xingrg/all/function/internal_message.html?_=1635289165344&CODE_STATE=getMsg HTTP/1.1" 200 27
120.253.135.82 - - [27/Oct/2021:06:59:25 +0800] "GET /xingrg/javascript/easyui/themes/default/validatebox.css HTTP/1.1" 404 1104
120.253.135.82 - - [27/Oct/2021:06:59:25 +0800] "POST /xingrg/kc/pszx/mdps_order_operate.html HTTP/1.1" 200 2285
116.238.248.233 - - [27/Oct/2021:06:59:26 +0800] "GET /xingrg/all/function/internal_message.html?_=1635289165049&CODE_STATE=getMsg HTTP/1.1" 200 27
116.227.210.113 - - [27/Oct/2021:06:59:28 +0800] "GET /xingrg/all/function/internal_message.html?_=1635289157802&CODE_STATE=getMsg HTTP/1.1" 200 27
120.253.135.82 - - [27/Oct/2021:06:59:28 +0800] "POST /xingrg/kc/pszx/mdps_list_operate.html HTTP/1.1" 200 3552
120.253.135.82 - - [27/Oct/2021:06:59:31 +0800] "POST /xingrg/kc/pszx/mdps_list_operate.html HTTP/1.1" 200 369
120.253.135.82 - - [27/Oct/2021:06:59:32 +0800] "GET /xingrg/kc/pszx/mdps_order_info.html?code=312021102700670 HTTP/1.1" 200 23931
120.253.135.82 - - [27/Oct/2021:06:59:32 +0800] "GET /xingrg/javascript/easyui/themes/default/validatebox.css HTTP/1.1" 404 1104
120.253.135.82 - - [27/Oct/2021:06:59:32 +0800] "POST /xingrg/kc/pszx/mdps_order_operate.html HTTP/1.1" 200 3274
222.70.171.86 - - [27/Oct/2021:06:59:33 +0800] "GET /xingrg/check_reg.html?_=1635289183473 HTTP/1.1" 200 22
222.70.171.86 - - [27/Oct/2021:06:59:33 +0800] "GET /xingrg/all/function/internal_message.html?_=1635289183615&CODE_STATE=getMsg HTTP/1.1" 200 27
58.221.95.50 - - [27/Oct/2021:06:59:35 +0800] "GET /xingrg/all/function/internal_message.html?_=1635289175612&CODE_STATE=getMsg HTTP/1.1" 200 27
120.253.135.82 - - [27/Oct/2021:06:59:37 +0800] "POST /xingrg/kc/pszx/mdps_order_operate.html HTTP/1.1" 200 37
120.253.135.82 - - [27/Oct/2021:06:59:38 +0800] "GET /xingrg/kc/pszx/mdps_order_info.html?code=312021102700670 HTTP/1.1" 200 23931
120.253.135.82 - - [27/Oct/2021:06:59:38 +0800] "GET /xingrg/javascript/easyui/themes/default/validatebox.css HTTP/1.1" 404 1104
120.253.135.82 - - [27/Oct/2021:06:59:38 +0800] "POST /xingrg/kc/pszx/mdps_order_operate.html HTTP/1.1" 200 3298
120.253.135.82 - - [27/Oct/2021:06:59:44 +0800] "POST /xingrg/kc/pszx/mdps_list_operate.html HTTP/1.1" 200 3552
120.253.135.82 - - [27/Oct/2021:06:59:46 +0800] "POST /xingrg/kc/pszx/mdps_list_operate.html HTTP/1.1" 200 212
120.253.135.82 - - [27/Oct/2021:06:59:46 +0800] "GET /xingrg/kc/pszx/mdps_order_info.html?code=312021102700671 HTTP/1.1" 200 23931
120.253.135.82 - - [27/Oct/2021:06:59:47 +0800] "GET /xingrg/javascript/easyui/themes/default/validatebox.css HTTP/1.1" 404 1104
120.253.135.82 - - [27/Oct/2021:06:59:47 +0800] "POST /xingrg/kc/pszx/mdps_order_operate.html HTTP/1.1" 200 2286
120.253.135.82 - - [27/Oct/2021:06:59:47 +0800] "GET /xingrg/all/function/internal_message.html?_=1635288959022&CODE_STATE=getMsg HTTP/1.1" 200 27
114.85.125.222 - - [27/Oct/2021:06:59:47 +0800] "GET /xingrg/all/function/internal_message.html?_=1635289128960&CODE_STATE=getMsg HTTP/1.1" 200 27
120.253.135.82 - - [27/Oct/2021:06:59:49 +0800] "POST /xingrg/all/common/load_combo.html?type=base HTTP/1.1" 200 1075
180.169.147.146 - - [27/Oct/2021:06:59:52 +0800] "GET /xingrg/all/function/internal_message.html?_=1635289193252&CODE_STATE=getMsg HTTP/1.1" 200 27
120.253.135.82 - - [27/Oct/2021:06:59:52 +0800] "POST /xingrg/kc/pszx/mdps_order_operate.html HTTP/1.1" 200 37
172.20.0.100 - - [27/Oct/2021:06:59:53 +0800] "GET /xingrg/all/function/internal_message.html?_=1635289194034&CODE_STATE=getMsg HTTP/1.1" 200 27
172.20.0.100 - - [27/Oct/2021:06:59:53 +0800] "GET /xingrg/check_reg.html?_=1635289194039 HTTP/1.1" 200 22
120.253.135.82 - - [27/Oct/2021:06:59:53 +0800] "GET /xingrg/kc/pszx/mdps_order_info.html?code=312021102700671 HTTP/1.1" 200 23931
120.253.135.82 - - [27/Oct/2021:06:59:54 +0800] "GET /xingrg/javascript/easyui/themes/default/validatebox.css HTTP/1.1" 404 1104
120.253.135.82 - - [27/Oct/2021:06:59:54 +0800] "POST /xingrg/kc/pszx/mdps_order_operate.html HTTP/1.1" 200 2297
120.253.135.82 - - [27/Oct/2021:06:59:55 +0800] "POST /xingrg/kc/pszx/mdps_list_operate.html HTTP/1.1" 200 3552
222.70.171.86 - - [27/Oct/2021:06:59:56 +0800] "GET /xingrg/all/function/internal_message.html?_=1635289205009&CODE_STATE=getMsg HTTP/1.1" 302 -
58.37.227.186 - - [27/Oct/2021:06:59:57 +0800] "GET /xingrg/all/function/internal_message.html?_=1635289042477&CODE_STATE=getMsg HTTP/1.1" 200 27
120.253.135.82 - - [27/Oct/2021:06:59:57 +0800] "POST /xingrg/kc/pszx/mdps_list_operate.html HTTP/1.1" 200 619
120.253.135.82 - - [27/Oct/2021:06:59:58 +0800] "GET /xingrg/kc/pszx/mdps_order_info.html?code=312021102700672 HTTP/1.1" 200 23931
120.253.135.82 - - [27/Oct/2021:06:59:59 +0800] "GET /xingrg/javascript/easyui/themes/default/validatebox.css HTTP/1.1" 404 1104
120.253.135.82 - - [27/Oct/2021:06:59:59 +0800] "POST /xingrg/kc/pszx/mdps_order_operate.html HTTP/1.1" 200 13356
120.253.135.82 - - [27/Oct/2021:07:00:02 +0800] "POST /xingrg/kc/pszx/mdps_order_operate.html HTTP/1.1" 200 37
120.253.135.82 - - [27/Oct/2021:07:00:03 +0800] "GET /xingrg/kc/pszx/mdps_order_info.html?code=312021102700672 HTTP/1.1" 200 23931
120.253.135.82 - - [27/Oct/2021:07:00:04 +0800] "GET /xingrg/javascript/easyui/themes/default/validatebox.css HTTP/1.1" 404 1104
120.253.135.82 - - [27/Oct/2021:07:00:04 +0800] "POST /xingrg/kc/pszx/mdps_order_operate.html HTTP/1.1" 200 13542
120.253.135.82 - - [27/Oct/2021:07:00:12 +0800] "GET /xingrg/check_reg.html?_=1635288983281 HTTP/1.1" 200 22
222.70.179.155 - - [27/Oct/2021:07:00:25 +0800] "GET /xingrg/all/function/internal_message.html?_=1635289225314&CODE_STATE=getMsg HTTP/1.1" 200 27
116.238.248.233 - - [27/Oct/2021:07:00:26 +0800] "GET /xingrg/all/function/internal_message.html?_=1635289225064&CODE_STATE=getMsg HTTP/1.1" 200 27
116.227.210.113 - - [27/Oct/2021:07:00:28 +0800] "GET /xingrg/all/function/internal_message.html?_=1635289217817&CODE_STATE=getMsg HTTP/1.1" 200 27
58.221.95.50 - - [27/Oct/2021:07:00:35 +0800] "GET /xingrg/all/function/internal_message.html?_=1635289235595&CODE_STATE=getMsg HTTP/1.1" 200 27
120.253.135.82 - - [27/Oct/2021:07:00:47 +0800] "GET /xingrg/all/function/internal_message.html?_=1635289019036&CODE_STATE=getMsg HTTP/1.1" 200 27
114.85.125.222 - - [27/Oct/2021:07:00:47 +0800] "GET /xingrg/all/function/internal_message.html?_=1635289188967&CODE_STATE=getMsg HTTP/1.1" 200 27
120.253.135.82 - - [27/Oct/2021:07:00:49 +0800] "POST /xingrg/all/common/load_select.html HTTP/1.1" 200 25
120.253.135.82 - - [27/Oct/2021:07:00:51 +0800] "GET /xingrg/kc/pszx/mdps_order_operate.html?command=get_materiel_price&pszx_code=00101&rest_code=00149&base_code=0010246&code=00101016076&unit_code=00100157&order_time=2021-10-28 HTTP/1.1" 200 34
222.70.171.86 - - [27/Oct/2021:07:00:51 +0800] "GET /xingrg/all/function/internal_message.html?_=1635289243628&CODE_STATE=getMsg HTTP/1.1" 200 27
180.169.147.146 - - [27/Oct/2021:07:00:52 +0800] "GET /xingrg/check_reg.html?_=1635289253238 HTTP/1.1" 200 22
180.169.147.146 - - [27/Oct/2021:07:00:52 +0800] "GET /xingrg/all/function/internal_message.html?_=1635289253239&CODE_STATE=getMsg HTTP/1.1" 200 27
172.20.0.100 - - [27/Oct/2021:07:00:53 +0800] "GET /xingrg/all/function/internal_message.html?_=1635289254048&CODE_STATE=getMsg HTTP/1.1" 200 27
222.70.171.86 - - [27/Oct/2021:07:00:56 +0800] "GET /xingrg/all/function/internal_message.html?_=1635289265015&CODE_STATE=getMsg HTTP/1.1" 302 -
58.37.227.186 - - [27/Oct/2021:07:00:57 +0800] "GET /xingrg/all/function/internal_message.html?_=1635289102476&CODE_STATE=getMsg HTTP/1.1" 200 27
222.70.179.155 - - [27/Oct/2021:07:01:25 +0800] "GET /xingrg/all/function/internal_message.html?_=1635289285284&CODE_STATE=getMsg HTTP/1.1" 200 27
116.238.248.233 - - [27/Oct/2021:07:01:26 +0800] "GET /xingrg/all/function/internal_message.html?_=1635289285071&CODE_STATE=getMsg HTTP/1.1" 200 27
116.227.210.113 - - [27/Oct/2021:07:01:28 +0800] "GET /xingrg/all/function/internal_message.html?_=1635289277815&CODE_STATE=getMsg HTTP/1.1" 200 27
222.70.171.86 - - [27/Oct/2021:07:01:33 +0800] "GET /xingrg/all/function/internal_message.html?_=1635289303642&CODE_STATE=getMsg HTTP/1.1" 200 27
58.221.95.50 - - [27/Oct/2021:07:01:35 +0800] "GET /xingrg/all/function/internal_message.html?_=1635289295581&CODE_STATE=getMsg HTTP/1.1" 200 27
222.70.171.86 - - [27/Oct/2021:07:01:42 +0800] "GET /xingrg/check_reg.html?_=1635289311083 HTTP/1.1" 302 -
120.253.135.82 - - [27/Oct/2021:07:01:47 +0800] "GET /xingrg/all/function/internal_message.html?_=1635289079047&CODE_STATE=getMsg HTTP/1.1" 200 27
114.85.125.222 - - [27/Oct/2021:07:01:47 +0800] "GET /xingrg/all/function/internal_message.html?_=1635289249002&CODE_STATE=getMsg HTTP/1.1" 200 27
180.169.147.146 - - [27/Oct/2021:07:01:52 +0800] "GET /xingrg/all/function/internal_message.html?_=1635289313242&CODE_STATE=getMsg HTTP/1.1" 200 27
172.20.0.100 - - [27/Oct/2021:07:01:53 +0800] "GET /xingrg/all/function/internal_message.html?_=1635289314041&CODE_STATE=getMsg HTTP/1.1" 200 27
120.253.135.82 - - [27/Oct/2021:07:01:53 +0800] "POST /xingrg/kc/pszx/mdps_order_operate.html HTTP/1.1" 200 37
120.253.135.82 - - [27/Oct/2021:07:01:54 +0800] "GET /xingrg/kc/pszx/mdps_order_info.html?code=312021102700672 HTTP/1.1" 200 23931
120.253.135.82 - - [27/Oct/2021:07:01:55 +0800] "GET /xingrg/javascript/easyui/themes/default/validatebox.css HTTP/1.1" 404 1104
120.253.135.82 - - [27/Oct/2021:07:01:55 +0800] "POST /xingrg/kc/pszx/mdps_order_operate.html HTTP/1.1" 200 13540
222.70.171.86 - - [27/Oct/2021:07:01:56 +0800] "GET /xingrg/all/function/internal_message.html?_=1635289325037&CODE_STATE=getMsg HTTP/1.1" 302 -
222.70.179.155 - - [27/Oct/2021:07:02:25 +0800] "GET /xingrg/all/function/internal_message.html?_=1635289345269&CODE_STATE=getMsg HTTP/1.1" 200 27
116.238.248.233 - - [27/Oct/2021:07:02:26 +0800] "GET /xingrg/all/function/internal_message.html?_=1635289345071&CODE_STATE=getMsg HTTP/1.1" 200 27
116.238.248.233 - - [27/Oct/2021:07:02:26 +0800] "GET /xingrg/check_reg.html?_=1635289345074 HTTP/1.1" 200 22
116.227.210.113 - - [27/Oct/2021:07:02:28 +0800] "GET /xingrg/all/function/internal_message.html?_=1635289337815&CODE_STATE=getMsg HTTP/1.1" 200 27
222.70.171.86 - - [27/Oct/2021:07:02:34 +0800] "GET /xingrg/all/function/internal_message.html?_=1635289363786&CODE_STATE=getMsg HTTP/1.1" 200 27
114.85.125.222 - - [27/Oct/2021:07:02:34 +0800] "GET /xingrg/check_reg.html?_=1635289296047 HTTP/1.1" 200 22
58.221.95.50 - - [27/Oct/2021:07:02:35 +0800] "GET /xingrg/all/function/internal_message.html?_=1635289355565&CODE_STATE=getMsg HTTP/1.1" 200 27
222.70.179.155 - - [27/Oct/2021:07:02:40 +0800] "GET /xingrg/check_reg.html?_=1635289360374 HTTP/1.1" 200 22
120.253.135.82 - - [27/Oct/2021:07:02:47 +0800] "GET /xingrg/all/function/internal_message.html?_=1635289139060&CODE_STATE=getMsg HTTP/1.1" 200 27
114.85.125.222 - - [27/Oct/2021:07:02:47 +0800] "GET /xingrg/all/function/internal_message.html?_=1635289309009&CODE_STATE=getMsg HTTP/1.1" 200 27
180.169.147.146 - - [27/Oct/2021:07:02:52 +0800] "GET /xingrg/all/function/internal_message.html?_=1635289373239&CODE_STATE=getMsg HTTP/1.1" 200 27
172.20.0.100 - - [27/Oct/2021:07:02:53 +0800] "GET /xingrg/all/function/internal_message.html?_=1635289374033&CODE_STATE=getMsg HTTP/1.1" 200 27
222.70.171.86 - - [27/Oct/2021:07:02:56 +0800] "GET /xingrg/all/function/internal_message.html?_=1635289385042&CODE_STATE=getMsg HTTP/1.1" 302 -
58.221.95.50 - - [27/Oct/2021:07:02:58 +0800] "GET /xingrg/check_reg.html?_=1635289379186 HTTP/1.1" 200 22
120.253.135.82 - - [27/Oct/2021:07:03:20 +0800] "POST /xingrg/kc/pszx/mdps_order_operate.html HTTP/1.1" 200 37
120.253.135.82 - - [27/Oct/2021:07:03:21 +0800] "GET /xingrg/kc/pszx/mdps_order_info.html?code=312021102700672 HTTP/1.1" 200 23931
120.253.135.82 - - [27/Oct/2021:07:03:22 +0800] "GET /xingrg/javascript/easyui/themes/default/validatebox.css HTTP/1.1" 404 1104
120.253.135.82 - - [27/Oct/2021:07:03:22 +0800] "POST /xingrg/kc/pszx/mdps_order_operate.html HTTP/1.1" 200 13540
222.70.179.155 - - [27/Oct/2021:07:03:25 +0800] "GET /xingrg/all/function/internal_message.html?_=1635289405243&CODE_STATE=getMsg HTTP/1.1" 200 27
116.238.248.233 - - [27/Oct/2021:07:03:26 +0800] "GET /xingrg/all/function/internal_message.html?_=1635289405085&CODE_STATE=getMsg HTTP/1.1" 200 27
116.227.210.113 - - [27/Oct/2021:07:03:28 +0800] "GET /xingrg/check_reg.html?_=1635289397807 HTTP/1.1" 200 22
116.227.210.113 - - [27/Oct/2021:07:03:28 +0800] "GET /xingrg/all/function/internal_message.html?_=1635289397808&CODE_STATE=getMsg HTTP/1.1" 200 27
120.253.135.82 - - [27/Oct/2021:07:03:31 +0800] "POST /xingrg/kc/pszx/mdps_list_operate.html HTTP/1.1" 200 3551
222.70.171.86 - - [27/Oct/2021:07:03:34 +0800] "GET /xingrg/all/function/internal_message.html?_=1635289423794&CODE_STATE=getMsg HTTP/1.1" 200 27
120.253.135.82 - - [27/Oct/2021:07:03:34 +0800] "POST /xingrg/kc/pszx/mdps_list_operate.html HTTP/1.1" 200 620
58.221.95.50 - - [27/Oct/2021:07:03:34 +0800] "GET /xingrg/all/function/internal_message.html?_=1635289415538&CODE_STATE=getMsg HTTP/1.1" 200 27
120.253.135.82 - - [27/Oct/2021:07:03:37 +0800] "GET /xingrg/kc/pszx/mdps_order_info.html?code=312021102700672 HTTP/1.1" 200 23931
120.253.135.82 - - [27/Oct/2021:07:03:37 +0800] "GET /xingrg/javascript/easyui/themes/default/validatebox.css HTTP/1.1" 404 1104
120.253.135.82 - - [27/Oct/2021:07:03:37 +0800] "POST /xingrg/kc/pszx/mdps_order_operate.html HTTP/1.1" 200 13540
120.253.135.82 - - [27/Oct/2021:07:03:45 +0800] "POST /xingrg/kc/pszx/mdps_list_operate.html HTTP/1.1" 200 3551
120.253.135.82 - - [27/Oct/2021:07:03:46 +0800] "POST /xingrg/kc/pszx/mdps_list_operate.html HTTP/1.1" 200 601
120.253.135.82 - - [27/Oct/2021:07:03:47 +0800] "GET /xingrg/kc/pszx/mdps_order_info.html?code=312021102700673 HTTP/1.1" 200 23931
114.85.125.222 - - [27/Oct/2021:07:03:47 +0800] "GET /xingrg/all/function/internal_message.html?_=1635289369023&CODE_STATE=getMsg HTTP/1.1" 200 27
120.253.135.82 - - [27/Oct/2021:07:03:47 +0800] "POST /xingrg/kc/pszx/mdps_order_operate.html HTTP/1.1" 200 5214
120.253.135.82 - - [27/Oct/2021:07:03:47 +0800] "GET /xingrg/all/function/internal_message.html?_=1635289199171&CODE_STATE=getMsg HTTP/1.1" 200 27
120.253.135.82 - - [27/Oct/2021:07:03:47 +0800] "GET /xingrg/javascript/easyui/themes/default/validatebox.css HTTP/1.1" 404 1104
120.253.135.82 - - [27/Oct/2021:07:03:50 +0800] "POST /xingrg/all/common/load_combo.html?type=base HTTP/1.1" 200 1075
180.169.147.146 - - [27/Oct/2021:07:03:52 +0800] "GET /xingrg/all/function/internal_message.html?_=1635289433240&CODE_STATE=getMsg HTTP/1.1" 200 27
172.20.0.100 - - [27/Oct/2021:07:03:53 +0800] "GET /xingrg/all/function/internal_message.html?_=1635289434041&CODE_STATE=getMsg HTTP/1.1" 200 27
120.253.135.82 - - [27/Oct/2021:07:03:54 +0800] "POST /xingrg/kc/pszx/mdps_order_operate.html HTTP/1.1" 200 37
120.253.135.82 - - [27/Oct/2021:07:03:55 +0800] "GET /xingrg/kc/pszx/mdps_order_info.html?code=312021102700673 HTTP/1.1" 200 23931
120.253.135.82 - - [27/Oct/2021:07:03:55 +0800] "GET /xingrg/javascript/easyui/themes/default/validatebox.css HTTP/1.1" 404 1104
120.253.135.82 - - [27/Oct/2021:07:03:55 +0800] "POST /xingrg/kc/pszx/mdps_order_operate.html HTTP/1.1" 200 5270
222.70.171.86 - - [27/Oct/2021:07:03:56 +0800] "GET /xingrg/all/function/internal_message.html?_=1635289445064&CODE_STATE=getMsg HTTP/1.1" 302 -
222.70.179.155 - - [27/Oct/2021:07:04:25 +0800] "GET /xingrg/all/function/internal_message.html?_=1635289465229&CODE_STATE=getMsg HTTP/1.1" 200 27
116.238.248.233 - - [27/Oct/2021:07:04:26 +0800] "GET /xingrg/all/function/internal_message.html?_=1635289465087&CODE_STATE=getMsg HTTP/1.1" 200 27
116.227.210.113 - - [27/Oct/2021:07:04:28 +0800] "GET /xingrg/all/function/internal_message.html?_=1635289457820&CODE_STATE=getMsg HTTP/1.1" 200 27
222.70.171.86 - - [27/Oct/2021:07:04:33 +0800] "GET /xingrg/check_reg.html?_=1635289483586 HTTP/1.1" 200 22
222.70.171.86 - - [27/Oct/2021:07:04:34 +0800] "GET /xingrg/all/function/internal_message.html?_=1635289483807&CODE_STATE=getMsg HTTP/1.1" 200 27
58.221.95.50 - - [27/Oct/2021:07:04:34 +0800] "GET /xingrg/all/function/internal_message.html?_=1635289475522&CODE_STATE=getMsg HTTP/1.1" 200 27
120.253.135.82 - - [27/Oct/2021:07:04:36 +0800] "POST /xingrg/kc/pszx/mdps_list_operate.html HTTP/1.1" 200 3551
120.253.135.82 - - [27/Oct/2021:07:04:38 +0800] "POST /xingrg/kc/pszx/mdps_list_operate.html HTTP/1.1" 200 601
120.253.135.82 - - [27/Oct/2021:07:04:39 +0800] "GET /xingrg/kc/pszx/mdps_order_info.html?code=312021102700673 HTTP/1.1" 200 23931
120.253.135.82 - - [27/Oct/2021:07:04:39 +0800] "POST /xingrg/kc/pszx/mdps_order_operate.html HTTP/1.1" 200 5270
120.253.135.82 - - [27/Oct/2021:07:04:39 +0800] "GET /xingrg/javascript/easyui/themes/default/validatebox.css HTTP/1.1" 404 1104
120.253.135.82 - - [27/Oct/2021:07:04:41 +0800] "POST /xingrg/kc/pszx/mdps_list_operate.html HTTP/1.1" 200 3551
120.253.135.82 - - [27/Oct/2021:07:04:44 +0800] "POST /xingrg/kc/pszx/mdps_list_operate.html HTTP/1.1" 200 355
120.253.135.82 - - [27/Oct/2021:07:04:44 +0800] "GET /xingrg/kc/pszx/mdps_order_info.html?code=312021102700674 HTTP/1.1" 200 23931
120.253.135.82 - - [27/Oct/2021:07:04:45 +0800] "POST /xingrg/kc/pszx/mdps_order_operate.html HTTP/1.1" 200 3234
120.253.135.82 - - [27/Oct/2021:07:04:45 +0800] "GET /xingrg/javascript/easyui/themes/default/validatebox.css HTTP/1.1" 404 1104
114.85.125.222 - - [27/Oct/2021:07:04:47 +0800] "GET /xingrg/all/function/internal_message.html?_=1635289429059&CODE_STATE=getMsg HTTP/1.1" 200 27
120.253.135.82 - - [27/Oct/2021:07:04:47 +0800] "GET /xingrg/all/function/internal_message.html?_=1635289259182&CODE_STATE=getMsg HTTP/1.1" 200 27
120.253.135.82 - - [27/Oct/2021:07:04:49 +0800] "POST /xingrg/all/common/load_combo.html?type=base HTTP/1.1" 200 1075
180.169.147.146 - - [27/Oct/2021:07:04:52 +0800] "GET /xingrg/all/function/internal_message.html?_=1635289493253&CODE_STATE=getMsg HTTP/1.1" 200 27
172.20.0.100 - - [27/Oct/2021:07:04:53 +0800] "GET /xingrg/check_reg.html?_=1635289494034 HTTP/1.1" 200 22
172.20.0.100 - - [27/Oct/2021:07:04:53 +0800] "GET /xingrg/all/function/internal_message.html?_=1635289494041&CODE_STATE=getMsg HTTP/1.1" 200 27
120.253.135.82 - - [27/Oct/2021:07:04:54 +0800] "POST /xingrg/kc/pszx/mdps_order_operate.html HTTP/1.1" 200 37
120.253.135.82 - - [27/Oct/2021:07:04:55 +0800] "GET /xingrg/kc/pszx/mdps_order_info.html?code=312021102700674 HTTP/1.1" 200 23931
120.253.135.82 - - [27/Oct/2021:07:04:55 +0800] "POST /xingrg/kc/pszx/mdps_order_operate.html HTTP/1.1" 200 3256
120.253.135.82 - - [27/Oct/2021:07:04:55 +0800] "GET /xingrg/javascript/easyui/themes/default/validatebox.css HTTP/1.1" 404 1104
222.70.171.86 - - [27/Oct/2021:07:04:56 +0800] "GET /xingrg/all/function/internal_message.html?_=1635289505069&CODE_STATE=getMsg HTTP/1.1" 302 -
120.253.135.82 - - [27/Oct/2021:07:05:12 +0800] "GET /xingrg/check_reg.html?_=1635289283284 HTTP/1.1" 200 22
120.253.135.82 - - [27/Oct/2021:07:05:24 +0800] "POST /xingrg/kc/pszx/mdps_list_operate.html HTTP/1.1" 200 3551
222.70.179.155 - - [27/Oct/2021:07:05:25 +0800] "GET /xingrg/all/function/internal_message.html?_=1635289525215&CODE_STATE=getMsg HTTP/1.1" 200 27
120.253.135.82 - - [27/Oct/2021:07:05:26 +0800] "POST /xingrg/kc/pszx/mdps_list_operate.html HTTP/1.1" 200 208
116.238.248.233 - - [27/Oct/2021:07:05:26 +0800] "GET /xingrg/all/function/internal_message.html?_=1635289525098&CODE_STATE=getMsg HTTP/1.1" 200 27
120.253.135.82 - - [27/Oct/2021:07:05:28 +0800] "POST /xingrg/kc/pszx/mdps_list_operate.html HTTP/1.1" 200 355
116.227.210.113 - - [27/Oct/2021:07:05:28 +0800] "GET /xingrg/all/function/internal_message.html?_=1635289517819&CODE_STATE=getMsg HTTP/1.1" 200 27
120.253.135.82 - - [27/Oct/2021:07:05:29 +0800] "POST /xingrg/kc/pszx/mdps_list_operate.html HTTP/1.1" 200 601
120.253.135.82 - - [27/Oct/2021:07:05:30 +0800] "POST /xingrg/kc/pszx/mdps_list_operate.html HTTP/1.1" 200 620
222.70.171.86 - - [27/Oct/2021:07:05:34 +0800] "GET /xingrg/all/function/internal_message.html?_=1635289543821&CODE_STATE=getMsg HTTP/1.1" 200 27
58.221.95.50 - - [27/Oct/2021:07:05:34 +0800] "GET /xingrg/all/function/internal_message.html?_=1635289535534&CODE_STATE=getMsg HTTP/1.1" 200 27
114.85.125.222 - - [27/Oct/2021:07:05:47 +0800] "GET /xingrg/all/function/internal_message.html?_=1635289489066&CODE_STATE=getMsg HTTP/1.1" 200 27
120.253.135.82 - - [27/Oct/2021:07:05:47 +0800] "GET /xingrg/all/function/internal_message.html?_=1635289319196&CODE_STATE=getMsg HTTP/1.1" 200 27
180.169.147.146 - - [27/Oct/2021:07:05:52 +0800] "GET /xingrg/check_reg.html?_=1635289553253 HTTP/1.1" 200 22
180.169.147.146 - - [27/Oct/2021:07:05:52 +0800] "GET /xingrg/all/function/internal_message.html?_=1635289553254&CODE_STATE=getMsg HTTP/1.1" 200 27
120.253.135.82 - - [27/Oct/2021:07:05:53 +0800] "POST /xingrg/kc/pszx/mdps_list_operate.html HTTP/1.1" 200 3923
172.20.0.100 - - [27/Oct/2021:07:05:53 +0800] "GET /xingrg/all/function/internal_message.html?_=1635289554031&CODE_STATE=getMsg HTTP/1.1" 200 27
120.253.135.82 - - [27/Oct/2021:07:05:55 +0800] "POST /xingrg/kc/pszx/mdps_list_operate.html HTTP/1.1" 200 283
222.70.171.86 - - [27/Oct/2021:07:05:56 +0800] "GET /xingrg/all/function/internal_message.html?_=1635289565091&CODE_STATE=getMsg HTTP/1.1" 302 -
120.253.135.82 - - [27/Oct/2021:07:05:59 +0800] "POST /xingrg/kc/pszx/mdps_list_operate.html HTTP/1.1" 200 591
120.253.135.82 - - [27/Oct/2021:07:06:01 +0800] "GET /xingrg/kc/pszx/mdps_order_info.html?code=312021102600653 HTTP/1.1" 200 23931
120.253.135.82 - - [27/Oct/2021:07:06:01 +0800] "POST /xingrg/kc/pszx/mdps_order_operate.html HTTP/1.1" 200 4708
120.253.135.82 - - [27/Oct/2021:07:06:01 +0800] "GET /xingrg/javascript/easyui/themes/default/validatebox.css HTTP/1.1" 404 1104
222.70.181.139 - - [27/Oct/2021:07:06:05 +0800] "POST /xingrg/services/DataTransmitService HTTP/1.1" 200 524
222.70.181.139 - - [27/Oct/2021:07:06:06 +0800] "POST /xingrg/services/DataTransmitService HTTP/1.1" 200 501
222.70.179.155 - - [27/Oct/2021:07:06:25 +0800] "GET /xingrg/all/function/internal_message.html?_=1635289585184&CODE_STATE=getMsg HTTP/1.1" 200 27
116.238.248.233 - - [27/Oct/2021:07:06:26 +0800] "GET /xingrg/all/function/internal_message.html?_=1635289585099&CODE_STATE=getMsg HTTP/1.1" 200 27
116.227.210.113 - - [27/Oct/2021:07:06:28 +0800] "GET /xingrg/all/function/internal_message.html?_=1635289577818&CODE_STATE=getMsg HTTP/1.1" 200 27
222.70.171.86 - - [27/Oct/2021:07:06:34 +0800] "GET /xingrg/all/function/internal_message.html?_=1635289603834&CODE_STATE=getMsg HTTP/1.1" 200 27
58.221.95.50 - - [27/Oct/2021:07:06:34 +0800] "GET /xingrg/all/function/internal_message.html?_=1635289595518&CODE_STATE=getMsg HTTP/1.1" 200 27
222.70.171.86 - - [27/Oct/2021:07:06:42 +0800] "GET /xingrg/check_reg.html?_=1635289611090 HTTP/1.1" 302 -
