58.39.139.200 - - [27/Oct/2021:08:35:09 +0800] "GET /xingrg/javascript/jquery_easy_ui/themes/default/images/menu_downarrow.png HTTP/1.1" 304 -
58.39.139.200 - - [27/Oct/2021:08:35:09 +0800] "GET /xingrg/javascript/jquery_easy_ui/themes/icons/print.png HTTP/1.1" 304 -
58.39.139.200 - - [27/Oct/2021:08:35:09 +0800] "GET /xingrg/javascript/jquery_easy_ui/themes/default/images/menu_rightarrow.png HTTP/1.1" 200 3617
58.39.139.200 - - [27/Oct/2021:08:35:09 +0800] "POST /xingrg/dwr/call/plaincall/AjaxReportQueryService.getFixDate.dwr HTTP/1.1" 200 111
58.39.139.200 - - [27/Oct/2021:08:35:09 +0800] "GET /xingrg/javascript/jquery_easy_ui/themes/icons/pencil.png HTTP/1.1" 304 -
58.39.139.200 - - [27/Oct/2021:08:35:09 +0800] "GET /xingrg/javascript/jquery_easy_ui/themes/default/images/combo_arrow_dot.gif HTTP/1.1" 304 -
58.39.139.200 - - [27/Oct/2021:08:35:09 +0800] "POST /xingrg/all/common/load_tree.html?tree=materiel_sort_tree_json HTTP/1.1" 200 8912
58.39.139.200 - - [27/Oct/2021:08:35:09 +0800] "GET /xingrg/javascript/jquery_easy_ui/themes/default/images/tree_checkbox_0.gif HTTP/1.1" 304 -
58.39.139.200 - - [27/Oct/2021:08:35:09 +0800] "POST /xingrg/dwr/call/plaincall/AjaxReportQueryService.getInitString.dwr HTTP/1.1" 200 1014
58.39.139.200 - - [27/Oct/2021:08:35:09 +0800] "GET /xingrg/javascript/multi_select/dropdown.gif HTTP/1.1" 200 61
58.39.139.200 - - [27/Oct/2021:08:35:12 +0800] "GET /xingrg/javascript/jquery_easy_ui/themes/default/images/tabs_active.png HTTP/1.1" 304 -
120.253.135.82 - - [27/Oct/2021:08:35:14 +0800] "POST /xingrg/all/common/load_combo.html?type=employee HTTP/1.1" 200 2101
58.39.139.200 - - [27/Oct/2021:08:35:16 +0800] "GET /xingrg/all/function/internal_message.html?_=1635294916712&CODE_STATE=getMsg HTTP/1.1" 200 27
120.253.135.82 - - [27/Oct/2021:08:35:17 +0800] "GET /xingrg/all/function/internal_message.html?_=1635294890928&CODE_STATE=getMsg HTTP/1.1" 200 27
120.253.135.82 - - [27/Oct/2021:08:35:19 +0800] "GET /xingrg/check_reg.html?_=1635294690486 HTTP/1.1" 200 22
120.253.135.82 - - [27/Oct/2021:08:35:20 +0800] "POST /xingrg/all/common/load_tree.html?tree=materiel_sort_tree_json HTTP/1.1" 200 8912
120.253.135.82 - - [27/Oct/2021:08:35:20 +0800] "GET /favicon.ico HTTP/1.1" 404 -
120.253.135.82 - - [27/Oct/2021:08:35:21 +0800] "GET /xingrg/all/function/internal_message.html?_=1635294692884&CODE_STATE=getMsg HTTP/1.1" 200 27
222.70.179.155 - - [27/Oct/2021:08:35:23 +0800] "GET /xingrg/all/function/internal_message.html?_=1635294922998&CODE_STATE=getMsg HTTP/1.1" 200 27
116.238.248.233 - - [27/Oct/2021:08:35:27 +0800] "GET /xingrg/all/function/internal_message.html?_=1635294925537&CODE_STATE=getMsg HTTP/1.1" 200 27
116.227.210.113 - - [27/Oct/2021:08:35:28 +0800] "GET /xingrg/all/function/internal_message.html?_=1635294917807&CODE_STATE=getMsg HTTP/1.1" 200 27
120.253.135.82 - - [27/Oct/2021:08:35:33 +0800] "GET /xingrg/kc/buy/cgsh_order_operate.html?command=get_materiel&rest_code=00101&code=00101014040&supplier_code=00100215&order_time=2021-10-27 HTTP/1.1" 200 414
58.221.95.50 - - [27/Oct/2021:08:35:33 +0800] "GET /xingrg/all/function/internal_message.html?_=1635294934276&CODE_STATE=getMsg HTTP/1.1" 200 27
222.70.171.86 - - [27/Oct/2021:08:35:36 +0800] "GET /xingrg/all/function/internal_message.html?_=1635294946775&CODE_STATE=getMsg HTTP/1.1" 200 27
222.69.131.198 - - [27/Oct/2021:08:35:40 +0800] "GET /xingrg/login.html?sysBaseUrl=http%3A%2F%2F180.169.147.146%3A18081%2Fxingrg%2F&costTime=31×tamp=1615347190560 HTTP/1.1" 200 7641
222.69.131.198 - - [27/Oct/2021:08:35:40 +0800] "GET /xingrg/images/blue/jxLogo.png HTTP/1.1" 304 -
222.69.131.198 - - [27/Oct/2021:08:35:40 +0800] "GET /xingrg/images/blue/login_bg.png HTTP/1.1" 304 -
222.69.131.198 - - [27/Oct/2021:08:35:40 +0800] "GET /xingrg/images/blue/hj.png HTTP/1.1" 304 -
222.69.131.198 - - [27/Oct/2021:08:35:40 +0800] "GET /xingrg/images/blue/srbg.png HTTP/1.1" 304 -
222.69.131.198 - - [27/Oct/2021:08:35:40 +0800] "GET /favicon.ico HTTP/1.1" 404 -
222.69.131.198 - - [27/Oct/2021:08:35:41 +0800] "POST /xingrg/login.do HTTP/1.1" 302 -
222.69.131.198 - - [27/Oct/2021:08:35:42 +0800] "GET /xingrg/javascript/jquery_easy_ui/themes/icon.css HTTP/1.1" 200 3949
222.69.131.198 - - [27/Oct/2021:08:35:42 +0800] "GET /xingrg/index.html?sysBaseUrl=http%3A%2F%2F180.169.147.146%3A18081%2Fxingrg%2F&costTime=53×tamp=1635294941977 HTTP/1.1" 200 17179
222.69.131.198 - - [27/Oct/2021:08:35:42 +0800] "GET /xingrg/css/form.css HTTP/1.1" 200 893
222.69.131.198 - - [27/Oct/2021:08:35:42 +0800] "GET /xingrg/javascript/jquery_easy_ui/easyui-lang-zh_CN.js HTTP/1.1" 200 1900
222.69.131.198 - - [27/Oct/2021:08:35:42 +0800] "GET /xingrg/javascript/jquery-1.4.2.min.js HTTP/1.1" 200 72205
222.69.131.198 - - [27/Oct/2021:08:35:42 +0800] "GET /xingrg/javascript/jquery_easy_ui/jquery.easyui.min.js HTTP/1.1" 200 213662
222.69.131.198 - - [27/Oct/2021:08:35:42 +0800] "GET /xingrg/javascript/jquery_easy_ui/themes/default/easyui.css HTTP/1.1" 200 26500
222.69.131.198 - - [27/Oct/2021:08:35:42 +0800] "GET /xingrg/javascript/jquery.form.js HTTP/1.1" 200 23110
222.69.131.198 - - [27/Oct/2021:08:35:42 +0800] "GET /xingrg/javascript/jquery.timers.js HTTP/1.1" 200 3532
222.69.131.198 - - [27/Oct/2021:08:35:42 +0800] "GET /xingrg/javascript/jquery.utils.js HTTP/1.1" 200 11805
222.69.131.198 - - [27/Oct/2021:08:35:42 +0800] "GET /favicon.ico HTTP/1.1" 404 -
222.69.131.198 - - [27/Oct/2021:08:35:42 +0800] "GET /xingrg/javascript/jquery_easy_ui/themes/icons/settle_new.png HTTP/1.1" 200 826
222.69.131.198 - - [27/Oct/2021:08:35:42 +0800] "GET /xingrg/images/blue/navBackgound.jpg HTTP/1.1" 200 12378
222.69.131.198 - - [27/Oct/2021:08:35:42 +0800] "POST /xingrg/all/common/load_tree.html?tree=area_rest_tree_json&manage=1 HTTP/1.1" 200 351
222.69.131.198 - - [27/Oct/2021:08:35:42 +0800] "GET /xingrg/all/function/internal_message.html?_=1635294943415&CODE_STATE=count HTTP/1.1" 200 11
222.69.131.198 - - [27/Oct/2021:08:35:42 +0800] "GET /xingrg/check_reg.html?_=1635294943417 HTTP/1.1" 200 22
222.69.131.198 - - [27/Oct/2021:08:35:42 +0800] "GET /xingrg/images/blue/pingpu.png HTTP/1.1" 200 231
222.69.131.198 - - [27/Oct/2021:08:35:42 +0800] "GET /xingrg/javascript/jquery_easy_ui/themes/default/images/tabs_leftarrow.png HTTP/1.1" 200 389
222.69.131.198 - - [27/Oct/2021:08:35:42 +0800] "GET /xingrg/javascript/jquery_easy_ui/themes/default/images/panel_tool_collapse.gif HTTP/1.1" 200 246
222.69.131.198 - - [27/Oct/2021:08:35:42 +0800] "GET /xingrg/javascript/jquery_easy_ui/themes/default/images/tabs_rightarrow.png HTTP/1.1" 200 395
222.69.131.198 - - [27/Oct/2021:08:35:42 +0800] "POST /xingrg/load_menu.html HTTP/1.1" 200 5138
222.69.131.198 - - [27/Oct/2021:08:35:42 +0800] "GET /xingrg/javascript/jquery_easy_ui/themes/default/images/tree_arrows.gif HTTP/1.1" 200 1043
222.69.131.198 - - [27/Oct/2021:08:35:42 +0800] "GET /xingrg/javascript/jquery_easy_ui/themes/default/images/tree_folder_open.gif HTTP/1.1" 200 956
222.69.131.198 - - [27/Oct/2021:08:35:42 +0800] "GET /xingrg/javascript/jquery_easy_ui/themes/default/images/tree_folder.gif HTTP/1.1" 200 952
222.69.131.198 - - [27/Oct/2021:08:35:42 +0800] "GET /xingrg/javascript/jquery_easy_ui/themes/icons/search_new.png HTTP/1.1" 200 586
222.69.131.198 - - [27/Oct/2021:08:35:42 +0800] "GET /xingrg/javascript/jquery_easy_ui/themes/icons/forms_new.png HTTP/1.1" 200 350
222.69.131.198 - - [27/Oct/2021:08:35:42 +0800] "GET /xingrg/javascript/jquery_easy_ui/themes/icons/storage_new.png HTTP/1.1" 200 853
222.69.131.198 - - [27/Oct/2021:08:35:42 +0800] "GET /xingrg/javascript/jquery_easy_ui/themes/default/images/tree_file.gif HTTP/1.1" 200 118
120.253.135.82 - - [27/Oct/2021:08:35:49 +0800] "POST /xingrg/kc/buy/cgsh_order_operate.html HTTP/1.1" 200 37
114.85.125.222 - - [27/Oct/2021:08:35:49 +0800] "GET /xingrg/all/function/internal_message.html?_=1635294890850&CODE_STATE=getMsg HTTP/1.1" 200 27
120.253.135.82 - - [27/Oct/2021:08:35:50 +0800] "POST /xingrg/kc/buy/cgsh_order_operate.html HTTP/1.1" 200 2667
180.169.147.146 - - [27/Oct/2021:08:35:52 +0800] "GET /xingrg/all/function/internal_message.html?_=1635294953242&CODE_STATE=getMsg HTTP/1.1" 200 27
180.169.147.146 - - [27/Oct/2021:08:35:52 +0800] "GET /xingrg/check_reg.html?_=1635294953242 HTTP/1.1" 200 22
120.253.135.82 - - [27/Oct/2021:08:35:52 +0800] "GET /xingrg/kc/print/load_data.html?order_code=212021102711853&kc_code=cgsh&condition= HTTP/1.1" 200 682
172.20.0.100 - - [27/Oct/2021:08:35:53 +0800] "GET /xingrg/all/function/internal_message.html?_=1635294954033&CODE_STATE=getMsg HTTP/1.1" 200 27
222.69.131.198 - - [27/Oct/2021:08:35:54 +0800] "GET /xingrg/javascript/jquery_easy_ui/themes/default/images/tabs_close.gif HTTP/1.1" 200 829
222.69.131.198 - - [27/Oct/2021:08:35:54 +0800] "GET /xingrg/css/base.css HTTP/1.1" 200 2811
222.69.131.198 - - [27/Oct/2021:08:35:54 +0800] "GET /xingrg/css/site.css HTTP/1.1" 200 7541
222.69.131.198 - - [27/Oct/2021:08:35:54 +0800] "GET /xingrg/javascript/jquery_tools/datebox.css HTTP/1.1" 200 2597
222.69.131.198 - - [27/Oct/2021:08:35:54 +0800] "GET /xingrg/javascript/auto/jquery.autocomplete.css HTTP/1.1" 200 587
222.69.131.198 - - [27/Oct/2021:08:35:54 +0800] "GET /xingrg/javascript/easyui/themes/icon.css HTTP/1.1" 200 4483
222.69.131.198 - - [27/Oct/2021:08:35:54 +0800] "GET /xingrg/javascript/jquery_tools/fix.css HTTP/1.1" 200 1702
222.69.131.198 - - [27/Oct/2021:08:35:54 +0800] "GET /xingrg/kc/buy/cgsh_order_list.html HTTP/1.1" 200 48947
222.69.131.198 - - [27/Oct/2021:08:35:54 +0800] "GET /xingrg/javascript/jquery_tools/jquery.tools.table.js HTTP/1.1" 200 6994
222.69.131.198 - - [27/Oct/2021:08:35:54 +0800] "GET /xingrg/javascript/jquery_tools/jquery.tools.hotkey.js HTTP/1.1" 200 3242
222.69.131.198 - - [27/Oct/2021:08:35:54 +0800] "GET /xingrg/javascript/jquery_tools/list_manager.js HTTP/1.1" 200 3652
222.69.131.198 - - [27/Oct/2021:08:35:54 +0800] "GET /xingrg/javascript/jquery_tools/jquery.tools.min.js HTTP/1.1" 200 138801
222.69.131.198 - - [27/Oct/2021:08:35:54 +0800] "GET /xingrg/javascript/jquery_tools/table.css HTTP/1.1" 200 1032
222.69.131.198 - - [27/Oct/2021:08:35:54 +0800] "GET /xingrg/javascript/jquery_tools/jquery.tools.extend.js HTTP/1.1" 200 15385
222.69.131.198 - - [27/Oct/2021:08:35:54 +0800] "GET /xingrg/javascript/easyui/easyloader.js HTTP/1.1" 200 5975
222.69.131.198 - - [27/Oct/2021:08:35:54 +0800] "GET /xingrg/javascript/easyui/themes/default/easyui.css HTTP/1.1" 200 30432
222.69.131.198 - - [27/Oct/2021:08:35:54 +0800] "GET /xingrg/javascript/jquery.cookie.js HTTP/1.1" 200 5513
222.69.131.198 - - [27/Oct/2021:08:35:54 +0800] "GET /xingrg/javascript/print/LodopFuncs.js HTTP/1.1" 200 5121
222.69.131.198 - - [27/Oct/2021:08:35:54 +0800] "GET /xingrg/javascript/auto/jquery.autocomplete.js HTTP/1.1" 200 21624
222.69.131.198 - - [27/Oct/2021:08:35:55 +0800] "GET /xingrg/javascript/easyui/themes/icons/edit_add_new.png HTTP/1.1" 200 2997
222.69.131.198 - - [27/Oct/2021:08:35:55 +0800] "GET /xingrg/javascript/easyui/themes/icons/cance_new.png HTTP/1.1" 200 3986
222.69.131.198 - - [27/Oct/2021:08:35:55 +0800] "GET /xingrg/javascript/easyui/themes/icons/check_new.png HTTP/1.1" 200 3224
222.69.131.198 - - [27/Oct/2021:08:35:55 +0800] "GET /xingrg/javascript/easyui/themes/icons/field_new.png HTTP/1.1" 200 1097
222.69.131.198 - - [27/Oct/2021:08:35:55 +0800] "GET /xingrg/javascript/easyui/themes/icons/import_new.png HTTP/1.1" 200 1247
222.69.131.198 - - [27/Oct/2021:08:35:55 +0800] "GET /xingrg/javascript/easyui/plugins/jquery.parser.js HTTP/1.1" 200 1142
222.69.131.198 - - [27/Oct/2021:08:35:55 +0800] "GET /xingrg/images/control/ajaxLoader.gif HTTP/1.1" 200 4659
222.69.131.198 - - [27/Oct/2021:08:35:55 +0800] "POST /xingrg/kc/buy/cgsh_list_operate.html HTTP/1.1" 200 876
222.70.171.86 - - [27/Oct/2021:08:35:57 +0800] "GET /xingrg/all/function/internal_message.html?_=1635294966314&CODE_STATE=getMsg HTTP/1.1" 302 -
222.69.131.198 - - [27/Oct/2021:08:36:09 +0800] "GET /xingrg/javascript/easyui/themes/default/images/button_plain_hover.png HTTP/1.1" 200 144
222.69.131.198 - - [27/Oct/2021:08:36:10 +0800] "GET /xingrg/kc/buy/cgsh_order_add.html HTTP/1.1" 200 64732
222.69.131.198 - - [27/Oct/2021:08:36:10 +0800] "GET /xingrg/javascript/pic_change.js HTTP/1.1" 200 4739
222.69.131.198 - - [27/Oct/2021:08:36:10 +0800] "GET /xingrg/javascript/convert.js HTTP/1.1" 200 1239
222.69.131.198 - - [27/Oct/2021:08:36:10 +0800] "GET /xingrg/javascript/jquery_tools/order_manager.js HTTP/1.1" 200 11183
222.69.131.198 - - [27/Oct/2021:08:36:10 +0800] "GET /xingrg/javascript/json2.js HTTP/1.1" 200 11259
222.69.131.198 - - [27/Oct/2021:08:36:10 +0800] "GET /xingrg/javascript/print/kc_print.js HTTP/1.1" 200 11415
222.69.131.198 - - [27/Oct/2021:08:36:10 +0800] "GET /xingrg/words/20211026093541_words.js HTTP/1.1" 200 860451
222.69.131.198 - - [27/Oct/2021:08:36:10 +0800] "GET /xingrg/javascript/easyui/themes/icons/copy_new.png HTTP/1.1" 200 815
222.69.131.198 - - [27/Oct/2021:08:36:10 +0800] "GET /xingrg/javascript/easyui/themes/icons/template_new.png HTTP/1.1" 200 3956
222.69.131.198 - - [27/Oct/2021:08:36:10 +0800] "GET /xingrg/javascript/easyui/themes/icons/ok.png HTTP/1.1" 200 883
222.69.131.198 - - [27/Oct/2021:08:36:10 +0800] "GET /xingrg/javascript/easyui/themes/icons/print.png HTTP/1.1" 200 1057
222.69.131.198 - - [27/Oct/2021:08:36:10 +0800] "GET /xingrg/javascript/easyui/themes/default/images/menu_downarrow.png HTTP/1.1" 200 173
222.69.131.198 - - [27/Oct/2021:08:36:10 +0800] "GET /xingrg/javascript/easyui/themes/icons/cancel.png HTTP/1.1" 200 1133
222.69.131.198 - - [27/Oct/2021:08:36:11 +0800] "POST /xingrg/kc/buy/cgsh_order_operate.html HTTP/1.1" 200 8245
222.69.131.198 - - [27/Oct/2021:08:36:11 +0800] "GET /xingrg/javascript/easyui/themes/default/validatebox.css HTTP/1.1" 404 1104
222.69.131.198 - - [27/Oct/2021:08:36:11 +0800] "GET /xingrg/javascript/easyui/plugins/jquery.validatebox.js HTTP/1.1" 200 6103
222.69.131.198 - - [27/Oct/2021:08:36:11 +0800] "GET /xingrg/all/common/auto_word.html?type=employee&rest_code=00149 HTTP/1.1" 200 197
222.69.131.198 - - [27/Oct/2021:08:36:11 +0800] "GET /xingrg/all/common/auto_word.html?type=employee&rest_code=00149 HTTP/1.1" 200 197
222.69.131.198 - - [27/Oct/2021:08:36:11 +0800] "GET /xingrg/javascript/easyui/plugins/jquery.numberbox.js HTTP/1.1" 200 5213
222.69.131.198 - - [27/Oct/2021:08:36:11 +0800] "GET /xingrg/javascript/easyui/themes/icons/edit_remove.png HTTP/1.1" 200 625
222.69.131.198 - - [27/Oct/2021:08:36:13 +0800] "GET /xingrg/javascript/auto/indicator.gif HTTP/1.1" 404 1066
222.69.131.198 - - [27/Oct/2021:08:36:15 +0800] "GET /xingrg/javascript/jquery_tools/images/prev.gif HTTP/1.1" 404 1086
222.69.131.198 - - [27/Oct/2021:08:36:15 +0800] "GET /xingrg/javascript/jquery_tools/images/next.gif HTTP/1.1" 404 1086
58.39.139.200 - - [27/Oct/2021:08:36:16 +0800] "GET /xingrg/all/function/internal_message.html?_=1635294976762&CODE_STATE=getMsg HTTP/1.1" 200 27
120.253.135.82 - - [27/Oct/2021:08:36:17 +0800] "GET /xingrg/all/function/internal_message.html?_=1635294950941&CODE_STATE=getMsg HTTP/1.1" 200 27
120.253.135.82 - - [27/Oct/2021:08:36:21 +0800] "GET /xingrg/all/function/internal_message.html?_=1635294752897&CODE_STATE=getMsg HTTP/1.1" 200 27
222.69.131.198 - - [27/Oct/2021:08:36:23 +0800] "GET /xingrg/kc/buy/cgsh_order_operate.html?command=get_materiel&rest_code=00149&code=00101008323&supplier_code=00100005&order_time=2021-10-27 HTTP/1.1" 200 408
222.70.179.155 - - [27/Oct/2021:08:36:23 +0800] "GET /xingrg/all/function/internal_message.html?_=1635294982967&CODE_STATE=getMsg HTTP/1.1" 200 27
116.238.248.233 - - [27/Oct/2021:08:36:27 +0800] "GET /xingrg/all/function/internal_message.html?_=1635294985524&CODE_STATE=getMsg HTTP/1.1" 200 27
116.227.210.113 - - [27/Oct/2021:08:36:29 +0800] "GET /xingrg/all/function/internal_message.html?_=1635294977822&CODE_STATE=getMsg HTTP/1.1" 200 27
222.69.131.198 - - [27/Oct/2021:08:36:30 +0800] "GET /xingrg/kc/buy/cgsh_order_operate.html?command=get_materiel&rest_code=00149&code=00101008302&supplier_code=00100005&order_time=2021-10-27 HTTP/1.1" 200 412
58.221.95.50 - - [27/Oct/2021:08:36:33 +0800] "GET /xingrg/all/function/internal_message.html?_=1635294994261&CODE_STATE=getMsg HTTP/1.1" 200 27
222.70.171.86 - - [27/Oct/2021:08:36:36 +0800] "GET /xingrg/all/function/internal_message.html?_=1635295006788&CODE_STATE=getMsg HTTP/1.1" 200 27
222.69.131.198 - - [27/Oct/2021:08:36:42 +0800] "GET /xingrg/all/function/internal_message.html?_=1635295003432&CODE_STATE=getMsg HTTP/1.1" 200 27
222.70.171.86 - - [27/Oct/2021:08:36:42 +0800] "GET /xingrg/check_reg.html?_=1635295011191 HTTP/1.1" 302 -
222.69.131.198 - - [27/Oct/2021:08:36:44 +0800] "GET /xingrg/kc/buy/cgsh_order_operate.html?command=get_materiel&rest_code=00149&code=00101008027&supplier_code=00100005&order_time=2021-10-27 HTTP/1.1" 200 409
114.85.125.222 - - [27/Oct/2021:08:36:49 +0800] "GET /xingrg/all/function/internal_message.html?_=1635294950889&CODE_STATE=getMsg HTTP/1.1" 200 27
180.169.147.146 - - [27/Oct/2021:08:36:52 +0800] "GET /xingrg/all/function/internal_message.html?_=1635295013236&CODE_STATE=getMsg HTTP/1.1" 200 27
172.20.0.100 - - [27/Oct/2021:08:36:53 +0800] "GET /xingrg/all/function/internal_message.html?_=1635295014039&CODE_STATE=getMsg HTTP/1.1" 200 27
222.69.131.198 - - [27/Oct/2021:08:36:57 +0800] "GET /xingrg/kc/buy/cgsh_order_operate.html?command=get_materiel&rest_code=00149&code=00101008132&supplier_code=00100005&order_time=2021-10-27 HTTP/1.1" 200 408
222.70.171.86 - - [27/Oct/2021:08:36:57 +0800] "GET /xingrg/all/function/internal_message.html?_=1635295026319&CODE_STATE=getMsg HTTP/1.1" 302 -
120.253.135.82 - - [27/Oct/2021:08:37:07 +0800] "POST /xingrg/kc/buy/cgsh_order_operate.html HTTP/1.1" 200 37
222.69.131.198 - - [27/Oct/2021:08:37:08 +0800] "GET /xingrg/kc/buy/cgsh_order_operate.html?command=get_materiel&rest_code=00149&code=00101008055&supplier_code=00100005&order_time=2021-10-27 HTTP/1.1" 200 409
58.39.139.200 - - [27/Oct/2021:08:37:16 +0800] "GET /xingrg/all/function/internal_message.html?_=1635295036702&CODE_STATE=getMsg HTTP/1.1" 200 27
222.69.131.198 - - [27/Oct/2021:08:37:16 +0800] "GET /xingrg/kc/buy/cgsh_order_operate.html?command=get_materiel&rest_code=00149&code=00101008257&supplier_code=00100005&order_time=2021-10-27 HTTP/1.1" 200 416
120.253.135.82 - - [27/Oct/2021:08:37:17 +0800] "GET /xingrg/all/function/internal_message.html?_=1635295010964&CODE_STATE=getMsg HTTP/1.1" 200 27
120.253.135.82 - - [27/Oct/2021:08:37:21 +0800] "POST /xingrg/kc/buy/cgsh_order_operate.html HTTP/1.1" 200 12
222.70.179.155 - - [27/Oct/2021:08:37:23 +0800] "GET /xingrg/all/function/internal_message.html?_=1635295042938&CODE_STATE=getMsg HTTP/1.1" 200 27
120.253.135.82 - - [27/Oct/2021:08:37:24 +0800] "GET /xingrg/kc/buy/cgsh_order_info.html?code=212021102711853 HTTP/1.1" 200 58651
120.253.135.82 - - [27/Oct/2021:08:37:25 +0800] "GET /xingrg/all/function/internal_message.html?_=1635294816741&CODE_STATE=getMsg HTTP/1.1" 200 27
120.253.135.82 - - [27/Oct/2021:08:37:25 +0800] "GET /xingrg/javascript/easyui/themes/default/validatebox.css HTTP/1.1" 404 1104
120.253.135.82 - - [27/Oct/2021:08:37:26 +0800] "POST /xingrg/kc/buy/cgsh_order_operate.html HTTP/1.1" 200 617
116.238.248.233 - - [27/Oct/2021:08:37:27 +0800] "GET /xingrg/all/function/internal_message.html?_=1635295045532&CODE_STATE=getMsg HTTP/1.1" 200 27
116.238.248.233 - - [27/Oct/2021:08:37:27 +0800] "GET /xingrg/check_reg.html?_=1635295045530 HTTP/1.1" 200 22
116.227.210.113 - - [27/Oct/2021:08:37:29 +0800] "GET /xingrg/all/function/internal_message.html?_=1635295037820&CODE_STATE=getMsg HTTP/1.1" 200 27
222.69.131.198 - - [27/Oct/2021:08:37:29 +0800] "GET /xingrg/kc/buy/cgsh_order_operate.html?command=get_materiel&rest_code=00149&code=00101008156&supplier_code=00100005&order_time=2021-10-27 HTTP/1.1" 200 414
58.221.95.50 - - [27/Oct/2021:08:37:33 +0800] "GET /xingrg/all/function/internal_message.html?_=1635295054251&CODE_STATE=getMsg HTTP/1.1" 200 27
114.85.125.222 - - [27/Oct/2021:08:37:35 +0800] "GET /xingrg/check_reg.html?_=1635294996150 HTTP/1.1" 200 22
222.70.171.86 - - [27/Oct/2021:08:37:37 +0800] "GET /xingrg/all/function/internal_message.html?_=1635295066915&CODE_STATE=getMsg HTTP/1.1" 200 27
222.69.131.198 - - [27/Oct/2021:08:37:38 +0800] "GET /xingrg/kc/buy/cgsh_order_operate.html?command=get_materiel&rest_code=00149&code=00101008080&supplier_code=00100005&order_time=2021-10-27 HTTP/1.1" 200 416
222.70.179.155 - - [27/Oct/2021:08:37:41 +0800] "GET /xingrg/check_reg.html?_=1635295060460 HTTP/1.1" 200 22
222.69.131.198 - - [27/Oct/2021:08:37:42 +0800] "GET /xingrg/all/function/internal_message.html?_=1635295063426&CODE_STATE=getMsg HTTP/1.1" 200 27
114.85.125.222 - - [27/Oct/2021:08:37:49 +0800] "GET /xingrg/all/function/internal_message.html?_=1635295010893&CODE_STATE=getMsg HTTP/1.1" 200 27
222.69.131.198 - - [27/Oct/2021:08:37:50 +0800] "GET /xingrg/kc/buy/cgsh_order_operate.html?command=get_materiel&rest_code=00149&code=00101008349&supplier_code=00100005&order_time=2021-10-27 HTTP/1.1" 200 412
180.169.147.146 - - [27/Oct/2021:08:37:52 +0800] "GET /xingrg/all/function/internal_message.html?_=1635295073244&CODE_STATE=getMsg HTTP/1.1" 200 27
172.20.0.100 - - [27/Oct/2021:08:37:53 +0800] "GET /xingrg/all/function/internal_message.html?_=1635295074032&CODE_STATE=getMsg HTTP/1.1" 200 27
222.70.171.86 - - [27/Oct/2021:08:37:57 +0800] "GET /xingrg/all/function/internal_message.html?_=1635295086341&CODE_STATE=getMsg HTTP/1.1" 302 -
58.221.95.50 - - [27/Oct/2021:08:37:59 +0800] "GET /xingrg/check_reg.html?_=1635295079635 HTTP/1.1" 200 22
222.69.131.198 - - [27/Oct/2021:08:38:00 +0800] "GET /xingrg/kc/buy/cgsh_order_operate.html?command=get_materiel&rest_code=00149&code=00101008350&supplier_code=00100005&order_time=2021-10-27 HTTP/1.1" 200 408
58.39.139.200 - - [27/Oct/2021:08:38:16 +0800] "GET /xingrg/all/function/internal_message.html?_=1635295096698&CODE_STATE=getMsg HTTP/1.1" 200 27
222.69.131.198 - - [27/Oct/2021:08:38:17 +0800] "GET /xingrg/kc/buy/cgsh_order_operate.html?command=get_materiel&rest_code=00149&code=00101008351&supplier_code=00100005&order_time=2021-10-27 HTTP/1.1" 200 408
120.253.135.82 - - [27/Oct/2021:08:38:17 +0800] "GET /xingrg/all/function/internal_message.html?_=1635295070968&CODE_STATE=getMsg HTTP/1.1" 200 27
222.70.179.155 - - [27/Oct/2021:08:38:23 +0800] "GET /xingrg/all/function/internal_message.html?_=1635295102911&CODE_STATE=getMsg HTTP/1.1" 200 27
120.253.135.82 - - [27/Oct/2021:08:38:25 +0800] "GET /xingrg/all/function/internal_message.html?_=1635294876897&CODE_STATE=getMsg HTTP/1.1" 200 27
116.238.248.233 - - [27/Oct/2021:08:38:27 +0800] "GET /xingrg/all/function/internal_message.html?_=1635295105557&CODE_STATE=getMsg HTTP/1.1" 200 27
116.227.210.113 - - [27/Oct/2021:08:38:28 +0800] "GET /xingrg/check_reg.html?_=1635295097810 HTTP/1.1" 200 22
116.227.210.113 - - [27/Oct/2021:08:38:28 +0800] "GET /xingrg/all/function/internal_message.html?_=1635295097811&CODE_STATE=getMsg HTTP/1.1" 200 27
58.221.95.50 - - [27/Oct/2021:08:38:33 +0800] "GET /xingrg/all/function/internal_message.html?_=1635295114223&CODE_STATE=getMsg HTTP/1.1" 200 27
222.70.171.86 - - [27/Oct/2021:08:38:37 +0800] "GET /xingrg/all/function/internal_message.html?_=1635295126925&CODE_STATE=getMsg HTTP/1.1" 200 27
222.69.131.198 - - [27/Oct/2021:08:38:42 +0800] "GET /xingrg/all/function/internal_message.html?_=1635295123439&CODE_STATE=getMsg HTTP/1.1" 200 27
222.69.131.198 - - [27/Oct/2021:08:38:43 +0800] "GET /xingrg/kc/buy/cgsh_order_operate.html?command=get_materiel&rest_code=00149&code=00101008026&supplier_code=00100005&order_time=2021-10-27 HTTP/1.1" 200 409
114.85.125.222 - - [27/Oct/2021:08:38:49 +0800] "GET /xingrg/all/function/internal_message.html?_=1635295070907&CODE_STATE=getMsg HTTP/1.1" 200 27
180.169.147.146 - - [27/Oct/2021:08:38:52 +0800] "GET /xingrg/all/function/internal_message.html?_=1635295133241&CODE_STATE=getMsg HTTP/1.1" 200 27
172.20.0.100 - - [27/Oct/2021:08:38:53 +0800] "GET /xingrg/all/function/internal_message.html?_=1635295134039&CODE_STATE=getMsg HTTP/1.1" 200 27
222.70.171.86 - - [27/Oct/2021:08:38:57 +0800] "GET /xingrg/all/function/internal_message.html?_=1635295146346&CODE_STATE=getMsg HTTP/1.1" 302 -
222.69.131.198 - - [27/Oct/2021:08:39:01 +0800] "GET /xingrg/kc/buy/cgsh_order_operate.html?command=get_materiel&rest_code=00149&code=00101008110&supplier_code=00100005&order_time=2021-10-27 HTTP/1.1" 200 408
58.39.139.200 - - [27/Oct/2021:08:39:16 +0800] "GET /xingrg/all/function/internal_message.html?_=1635295156705&CODE_STATE=getMsg HTTP/1.1" 200 27
58.39.139.200 - - [27/Oct/2021:08:39:16 +0800] "GET /xingrg/check_reg.html?_=1635295156706 HTTP/1.1" 200 22
222.69.131.198 - - [27/Oct/2021:08:39:17 +0800] "GET /xingrg/kc/buy/cgsh_order_operate.html?command=get_materiel&rest_code=00149&code=00101008096&supplier_code=00100005&order_time=2021-10-27 HTTP/1.1" 200 412
120.253.135.82 - - [27/Oct/2021:08:39:17 +0800] "GET /xingrg/check_reg.html?_=1635295130179 HTTP/1.1" 200 22
120.253.135.82 - - [27/Oct/2021:08:39:17 +0800] "GET /xingrg/all/function/internal_message.html?_=1635295130981&CODE_STATE=getMsg HTTP/1.1" 200 27
222.70.179.155 - - [27/Oct/2021:08:39:23 +0800] "GET /xingrg/all/function/internal_message.html?_=1635295162881&CODE_STATE=getMsg HTTP/1.1" 200 27
120.253.135.82 - - [27/Oct/2021:08:39:25 +0800] "GET /xingrg/all/function/internal_message.html?_=1635294936901&CODE_STATE=getMsg HTTP/1.1" 200 27
116.238.248.233 - - [27/Oct/2021:08:39:27 +0800] "GET /xingrg/all/function/internal_message.html?_=1635295165563&CODE_STATE=getMsg HTTP/1.1" 200 27
116.227.210.113 - - [27/Oct/2021:08:39:29 +0800] "GET /xingrg/all/function/internal_message.html?_=1635295157824&CODE_STATE=getMsg HTTP/1.1" 200 27
222.69.131.198 - - [27/Oct/2021:08:39:29 +0800] "GET /xingrg/kc/buy/cgsh_order_operate.html?command=get_materiel&rest_code=00149&code=00101008038&supplier_code=00100005&order_time=2021-10-27 HTTP/1.1" 200 412
58.221.95.50 - - [27/Oct/2021:08:39:33 +0800] "GET /xingrg/all/function/internal_message.html?_=1635295174208&CODE_STATE=getMsg HTTP/1.1" 200 27
222.70.171.86 - - [27/Oct/2021:08:39:35 +0800] "GET /xingrg/check_reg.html?_=1635295185542 HTTP/1.1" 200 22
222.70.171.86 - - [27/Oct/2021:08:39:37 +0800] "GET /xingrg/all/function/internal_message.html?_=1635295186938&CODE_STATE=getMsg HTTP/1.1" 200 27
222.69.131.198 - - [27/Oct/2021:08:39:42 +0800] "GET /xingrg/all/function/internal_message.html?_=1635295183448&CODE_STATE=getMsg HTTP/1.1" 200 27
114.85.125.222 - - [27/Oct/2021:08:39:49 +0800] "GET /xingrg/all/function/internal_message.html?_=1635295130943&CODE_STATE=getMsg HTTP/1.1" 200 27
180.169.147.146 - - [27/Oct/2021:08:39:52 +0800] "GET /xingrg/all/function/internal_message.html?_=1635295193239&CODE_STATE=getMsg HTTP/1.1" 200 27
172.20.0.100 - - [27/Oct/2021:08:39:53 +0800] "GET /xingrg/all/function/internal_message.html?_=1635295194046&CODE_STATE=getMsg HTTP/1.1" 200 27
172.20.0.100 - - [27/Oct/2021:08:39:53 +0800] "GET /xingrg/check_reg.html?_=1635295194051 HTTP/1.1" 200 22
222.70.171.86 - - [27/Oct/2021:08:39:57 +0800] "GET /xingrg/all/function/internal_message.html?_=1635295206370&CODE_STATE=getMsg HTTP/1.1" 302 -
222.69.131.198 - - [27/Oct/2021:08:40:00 +0800] "GET /xingrg/kc/buy/cgsh_order_operate.html?command=get_materiel&rest_code=00149&code=00101008224&supplier_code=00100005&order_time=2021-10-27 HTTP/1.1" 200 416
58.39.139.200 - - [27/Oct/2021:08:40:16 +0800] "GET /xingrg/all/function/internal_message.html?_=1635295216710&CODE_STATE=getMsg HTTP/1.1" 200 27
120.253.135.82 - - [27/Oct/2021:08:40:17 +0800] "GET /xingrg/all/function/internal_message.html?_=1635295190995&CODE_STATE=getMsg HTTP/1.1" 200 27
222.70.179.155 - - [27/Oct/2021:08:40:18 +0800] "GET /xingrg/login.html HTTP/1.1" 200 7641
222.69.131.198 - - [27/Oct/2021:08:40:18 +0800] "GET /xingrg/kc/buy/cgsh_order_operate.html?command=get_materiel&rest_code=00149&code=00101008370&supplier_code=00100005&order_time=2021-10-27 HTTP/1.1" 200 412
222.70.179.155 - - [27/Oct/2021:08:40:18 +0800] "GET /favicon.ico HTTP/1.1" 404 -
120.253.135.82 - - [27/Oct/2021:08:40:19 +0800] "GET /xingrg/check_reg.html?_=1635294990667 HTTP/1.1" 200 22
222.70.179.155 - - [27/Oct/2021:08:40:23 +0800] "POST /xingrg/login.do HTTP/1.1" 302 -
222.70.179.155 - - [27/Oct/2021:08:40:23 +0800] "GET /xingrg/index.html?sysBaseUrl=http%3A%2F%2F180.169.147.146%3A18081%2Fxingrg%2F&costTime=39×tamp=1635295223947 HTTP/1.1" 200 17173
222.70.179.155 - - [27/Oct/2021:08:40:24 +0800] "GET /favicon.ico HTTP/1.1" 404 -
222.70.179.155 - - [27/Oct/2021:08:40:24 +0800] "POST /xingrg/all/common/load_tree.html?tree=area_rest_tree_json&manage=1 HTTP/1.1" 200 342
222.70.179.155 - - [27/Oct/2021:08:40:24 +0800] "GET /xingrg/all/function/internal_message.html?_=1635295223714&CODE_STATE=count HTTP/1.1" 200 11
222.70.179.155 - - [27/Oct/2021:08:40:24 +0800] "GET /xingrg/check_reg.html?_=1635295223716 HTTP/1.1" 200 22
222.70.179.155 - - [27/Oct/2021:08:40:24 +0800] "POST /xingrg/load_menu.html HTTP/1.1" 200 5138
120.253.135.82 - - [27/Oct/2021:08:40:25 +0800] "GET /xingrg/all/function/internal_message.html?_=1635294996914&CODE_STATE=getMsg HTTP/1.1" 200 27
222.70.179.155 - - [27/Oct/2021:08:40:26 +0800] "GET /xingrg/kc/buy/buy_main.html HTTP/1.1" 200 12412
222.70.179.155 - - [27/Oct/2021:08:40:26 +0800] "GET /xingrg/css/new_ie.css HTTP/1.1" 404 1036
222.70.179.155 - - [27/Oct/2021:08:40:27 +0800] "GET /xingrg/images/yd/bt.gif HTTP/1.1" 404 1040
116.238.248.233 - - [27/Oct/2021:08:40:27 +0800] "GET /xingrg/all/function/internal_message.html?_=1635295225566&CODE_STATE=getMsg HTTP/1.1" 200 27
222.70.179.155 - - [27/Oct/2021:08:40:28 +0800] "GET /xingrg/kc/buy/cgsh_order_list.html HTTP/1.1" 200 48941
116.227.210.113 - - [27/Oct/2021:08:40:29 +0800] "GET /xingrg/all/function/internal_message.html?_=1635295217816&CODE_STATE=getMsg HTTP/1.1" 200 27
222.70.179.155 - - [27/Oct/2021:08:40:29 +0800] "POST /xingrg/kc/buy/cgsh_list_operate.html HTTP/1.1" 200 876
58.221.95.50 - - [27/Oct/2021:08:40:33 +0800] "GET /xingrg/all/function/internal_message.html?_=1635295234205&CODE_STATE=getMsg HTTP/1.1" 200 27
222.70.171.86 - - [27/Oct/2021:08:40:37 +0800] "GET /xingrg/all/function/internal_message.html?_=1635295246952&CODE_STATE=getMsg HTTP/1.1" 200 27
222.70.179.155 - - [27/Oct/2021:08:40:37 +0800] "GET /xingrg/kc/buy/cgsh_order_add.html HTTP/1.1" 200 64679
222.70.179.155 - - [27/Oct/2021:08:40:37 +0800] "GET /xingrg/words/20211026093541_words.js HTTP/1.1" 304 -
222.70.179.155 - - [27/Oct/2021:08:40:37 +0800] "POST /xingrg/kc/buy/cgsh_order_operate.html HTTP/1.1" 200 8245
222.70.179.155 - - [27/Oct/2021:08:40:37 +0800] "GET /xingrg/all/common/auto_word.html?type=employee&rest_code=00111 HTTP/1.1" 200 155
222.70.179.155 - - [27/Oct/2021:08:40:37 +0800] "GET /xingrg/javascript/easyui/themes/default/validatebox.css HTTP/1.1" 404 1104
222.70.179.155 - - [27/Oct/2021:08:40:37 +0800] "GET /xingrg/all/common/auto_word.html?type=employee&rest_code=00111 HTTP/1.1" 200 155
222.69.131.198 - - [27/Oct/2021:08:40:42 +0800] "GET /xingrg/check_reg.html?_=1635295243439 HTTP/1.1" 200 22
222.69.131.198 - - [27/Oct/2021:08:40:42 +0800] "GET /xingrg/all/function/internal_message.html?_=1635295243442&CODE_STATE=getMsg HTTP/1.1" 200 27
114.85.125.222 - - [27/Oct/2021:08:40:49 +0800] "GET /xingrg/all/function/internal_message.html?_=1635295190950&CODE_STATE=getMsg HTTP/1.1" 200 27
180.169.147.146 - - [27/Oct/2021:08:40:52 +0800] "GET /xingrg/all/function/internal_message.html?_=1635295253242&CODE_STATE=getMsg HTTP/1.1" 200 27
180.169.147.146 - - [27/Oct/2021:08:40:52 +0800] "GET /xingrg/check_reg.html?_=1635295253243 HTTP/1.1" 200 22
172.20.0.100 - - [27/Oct/2021:08:40:53 +0800] "GET /xingrg/all/function/internal_message.html?_=1635295254040&CODE_STATE=getMsg HTTP/1.1" 200 27
222.69.131.198 - - [27/Oct/2021:08:40:53 +0800] "POST /xingrg/kc/buy/cgsh_order_operate.html HTTP/1.1" 200 2065
222.70.179.155 - - [27/Oct/2021:08:40:56 +0800] "GET /xingrg/javascript/auto/indicator.gif HTTP/1.1" 404 1066
222.70.171.86 - - [27/Oct/2021:08:40:57 +0800] "GET /xingrg/all/function/internal_message.html?_=1635295266373&CODE_STATE=getMsg HTTP/1.1" 302 -
222.69.131.198 - - [27/Oct/2021:08:41:01 +0800] "GET /xingrg/kc/buy/cgsh_order_operate.html?command=get_materiel&rest_code=00149&code=00101008087&supplier_code=00100005&order_time=2021-10-27 HTTP/1.1" 200 412
222.70.179.155 - - [27/Oct/2021:08:41:02 +0800] "GET /xingrg/javascript/jquery_tools/images/prev.gif HTTP/1.1" 404 1086
222.70.179.155 - - [27/Oct/2021:08:41:02 +0800] "GET /xingrg/javascript/jquery_tools/images/next.gif HTTP/1.1" 404 1086
116.238.248.233 - - [27/Oct/2021:08:41:11 +0800] "GET /xingrg/kc/buy/cgsh_order_list.html HTTP/1.1" 200 48947
116.238.248.233 - - [27/Oct/2021:08:41:12 +0800] "POST /xingrg/kc/buy/cgsh_list_operate.html HTTP/1.1" 200 876
58.39.139.200 - - [27/Oct/2021:08:41:16 +0800] "GET /xingrg/all/function/internal_message.html?_=1635295276701&CODE_STATE=getMsg HTTP/1.1" 200 27
120.253.135.82 - - [27/Oct/2021:08:41:17 +0800] "GET /xingrg/all/function/internal_message.html?_=1635295251008&CODE_STATE=getMsg HTTP/1.1" 200 27
116.238.248.233 - - [27/Oct/2021:08:41:19 +0800] "POST /xingrg/all/user/operate.html HTTP/1.1" 200 36
116.238.248.233 - - [27/Oct/2021:08:41:19 +0800] "GET /xingrg/index.html?sysBaseUrl=http%3A%2F%2F180.169.147.146%3A18081%2Fxingrg%2F&costTime=44×tamp=1635209813346 HTTP/1.1" 200 17177
116.238.248.233 - - [27/Oct/2021:08:41:19 +0800] "GET /xingrg/javascript/jquery_easy_ui/themes/default/easyui.css HTTP/1.1" 304 -
116.238.248.233 - - [27/Oct/2021:08:41:19 +0800] "GET /xingrg/javascript/jquery_easy_ui/themes/icon.css HTTP/1.1" 304 -
116.238.248.233 - - [27/Oct/2021:08:41:19 +0800] "GET /xingrg/css/form.css HTTP/1.1" 304 -
116.238.248.233 - - [27/Oct/2021:08:41:19 +0800] "GET /xingrg/javascript/jquery-1.4.2.min.js HTTP/1.1" 304 -
116.238.248.233 - - [27/Oct/2021:08:41:19 +0800] "GET /xingrg/javascript/jquery_easy_ui/jquery.easyui.min.js HTTP/1.1" 304 -
116.238.248.233 - - [27/Oct/2021:08:41:19 +0800] "GET /xingrg/javascript/jquery_easy_ui/easyui-lang-zh_CN.js HTTP/1.1" 304 -
116.238.248.233 - - [27/Oct/2021:08:41:19 +0800] "GET /xingrg/javascript/jquery.form.js HTTP/1.1" 304 -
116.238.248.233 - - [27/Oct/2021:08:41:19 +0800] "GET /xingrg/javascript/jquery.utils.js HTTP/1.1" 304 -
116.238.248.233 - - [27/Oct/2021:08:41:19 +0800] "GET /xingrg/javascript/jquery.timers.js HTTP/1.1" 304 -
116.238.248.233 - - [27/Oct/2021:08:41:19 +0800] "GET /xingrg/images/blue/jxLogo.png HTTP/1.1" 304 -
116.238.248.233 - - [27/Oct/2021:08:41:19 +0800] "GET /xingrg/javascript/jquery_easy_ui/themes/icons/settle_new.png HTTP/1.1" 304 -
116.238.248.233 - - [27/Oct/2021:08:41:19 +0800] "GET /xingrg/images/blue/navBackgound.jpg HTTP/1.1" 304 -
116.238.248.233 - - [27/Oct/2021:08:41:19 +0800] "POST /xingrg/all/common/load_tree.html?tree=area_rest_tree_json&manage=1 HTTP/1.1" 200 476
116.238.248.233 - - [27/Oct/2021:08:41:19 +0800] "GET /xingrg/all/function/internal_message.html?_=1635295278111&CODE_STATE=count HTTP/1.1" 200 11
116.238.248.233 - - [27/Oct/2021:08:41:19 +0800] "GET /xingrg/check_reg.html?_=1635295278113 HTTP/1.1" 200 22
116.238.248.233 - - [27/Oct/2021:08:41:19 +0800] "GET /xingrg/javascript/jquery_easy_ui/themes/default/images/tabs_rightarrow.png HTTP/1.1" 304 -
116.238.248.233 - - [27/Oct/2021:08:41:19 +0800] "GET /xingrg/images/blue/pingpu.png HTTP/1.1" 304 -
116.238.248.233 - - [27/Oct/2021:08:41:19 +0800] "GET /xingrg/javascript/jquery_easy_ui/themes/default/images/tabs_leftarrow.png HTTP/1.1" 304 -
116.238.248.233 - - [27/Oct/2021:08:41:19 +0800] "GET /xingrg/javascript/jquery_easy_ui/themes/default/images/panel_tool_collapse.gif HTTP/1.1" 304 -
116.238.248.233 - - [27/Oct/2021:08:41:19 +0800] "POST /xingrg/load_menu.html HTTP/1.1" 200 5138
222.70.179.155 - - [27/Oct/2021:08:41:22 +0800] "GET /xingrg/kc/buy/cgsh_order_operate.html?command=get_materiel&rest_code=00111&code=00102017003&supplier_code=00100151&order_time=2021-10-27 HTTP/1.1" 200 436
116.238.248.233 - - [27/Oct/2021:08:41:22 +0800] "GET /xingrg/kc/buy/cgsh_order_list.html HTTP/1.1" 200 48945
116.238.248.233 - - [27/Oct/2021:08:41:23 +0800] "POST /xingrg/kc/buy/cgsh_list_operate.html HTTP/1.1" 200 876
222.70.179.155 - - [27/Oct/2021:08:41:24 +0800] "GET /xingrg/all/function/internal_message.html?_=1635295283716&CODE_STATE=getMsg HTTP/1.1" 200 27
116.238.248.233 - - [27/Oct/2021:08:41:24 +0800] "GET /xingrg/kc/buy/cgsh_order_add.html HTTP/1.1" 200 64321
116.238.248.233 - - [27/Oct/2021:08:41:24 +0800] "GET /xingrg/words/20211026093541_words.js HTTP/1.1" 304 -
116.238.248.233 - - [27/Oct/2021:08:41:24 +0800] "POST /xingrg/kc/buy/cgsh_order_operate.html HTTP/1.1" 200 8245
116.238.248.233 - - [27/Oct/2021:08:41:24 +0800] "GET /xingrg/javascript/easyui/themes/default/validatebox.css HTTP/1.1" 404 1104
116.238.248.233 - - [27/Oct/2021:08:41:24 +0800] "GET /xingrg/all/common/auto_word.html?type=employee&rest_code=00151 HTTP/1.1" 200 293
116.238.248.233 - - [27/Oct/2021:08:41:24 +0800] "GET /xingrg/all/common/auto_word.html?type=employee&rest_code=00151 HTTP/1.1" 200 293
120.253.135.82 - - [27/Oct/2021:08:41:25 +0800] "GET /xingrg/all/function/internal_message.html?_=1635295056928&CODE_STATE=getMsg HTTP/1.1" 200 27
116.227.210.113 - - [27/Oct/2021:08:41:28 +0800] "GET /xingrg/all/function/internal_message.html?_=1635295277802&CODE_STATE=getMsg HTTP/1.1" 200 27
58.221.95.50 - - [27/Oct/2021:08:41:33 +0800] "GET /xingrg/all/function/internal_message.html?_=1635295294190&CODE_STATE=getMsg HTTP/1.1" 200 27
222.70.171.86 - - [27/Oct/2021:08:41:37 +0800] "GET /xingrg/all/function/internal_message.html?_=1635295306965&CODE_STATE=getMsg HTTP/1.1" 200 27
222.69.131.198 - - [27/Oct/2021:08:41:41 +0800] "GET /xingrg/kc/buy/cgsh_order_operate.html?command=get_materiel&rest_code=00149&code=00101008361&supplier_code=00100005&order_time=2021-10-27 HTTP/1.1" 200 408
222.69.131.198 - - [27/Oct/2021:08:41:42 +0800] "GET /xingrg/all/function/internal_message.html?_=1635295303450&CODE_STATE=getMsg HTTP/1.1" 200 27
222.70.171.86 - - [27/Oct/2021:08:41:42 +0800] "GET /xingrg/check_reg.html?_=1635295311203 HTTP/1.1" 302 -
114.85.125.222 - - [27/Oct/2021:08:41:49 +0800] "GET /xingrg/all/function/internal_message.html?_=1635295250987&CODE_STATE=getMsg HTTP/1.1" 200 27
180.169.147.146 - - [27/Oct/2021:08:41:52 +0800] "GET /xingrg/all/function/internal_message.html?_=1635295313242&CODE_STATE=getMsg HTTP/1.1" 200 27
172.20.0.100 - - [27/Oct/2021:08:41:53 +0800] "GET /xingrg/all/function/internal_message.html?_=1635295314033&CODE_STATE=getMsg HTTP/1.1" 200 27
222.70.171.86 - - [27/Oct/2021:08:41:57 +0800] "GET /xingrg/all/function/internal_message.html?_=1635295326396&CODE_STATE=getMsg HTTP/1.1" 302 -
222.69.131.198 - - [27/Oct/2021:08:42:02 +0800] "GET /xingrg/kc/buy/cgsh_order_operate.html?command=get_materiel&rest_code=00149&code=00101008148&supplier_code=00100005&order_time=2021-10-27 HTTP/1.1" 200 416
222.69.131.198 - - [27/Oct/2021:08:42:07 +0800] "GET /xingrg/javascript/jquery_easy_ui/themes/icons/rest.png HTTP/1.1" 200 695
222.69.131.198 - - [27/Oct/2021:08:42:07 +0800] "GET /xingrg/javascript/jquery_easy_ui/themes/icons/area.png HTTP/1.1" 200 262
58.39.139.200 - - [27/Oct/2021:08:42:16 +0800] "GET /xingrg/all/function/internal_message.html?_=1635295336700&CODE_STATE=getMsg HTTP/1.1" 200 27
120.253.135.82 - - [27/Oct/2021:08:42:17 +0800] "GET /xingrg/all/function/internal_message.html?_=1635295311029&CODE_STATE=getMsg HTTP/1.1" 200 27
116.238.248.233 - - [27/Oct/2021:08:42:19 +0800] "GET /xingrg/all/function/internal_message.html?_=1635295338131&CODE_STATE=getMsg HTTP/1.1" 200 27
222.70.179.155 - - [27/Oct/2021:08:42:24 +0800] "GET /xingrg/all/function/internal_message.html?_=1635295343728&CODE_STATE=getMsg HTTP/1.1" 200 27
120.253.135.82 - - [27/Oct/2021:08:42:25 +0800] "GET /xingrg/all/function/internal_message.html?_=1635295117089&CODE_STATE=getMsg HTTP/1.1" 200 27
116.227.210.113 - - [27/Oct/2021:08:42:29 +0800] "GET /xingrg/all/function/internal_message.html?_=1635295337813&CODE_STATE=getMsg HTTP/1.1" 200 27
58.221.95.50 - - [27/Oct/2021:08:42:33 +0800] "GET /xingrg/all/function/internal_message.html?_=1635295354175&CODE_STATE=getMsg HTTP/1.1" 200 27
114.85.125.222 - - [27/Oct/2021:08:42:35 +0800] "GET /xingrg/check_reg.html?_=1635295296161 HTTP/1.1" 200 22
222.69.131.198 - - [27/Oct/2021:08:42:36 +0800] "GET /xingrg/kc/buy/cgsh_order_operate.html?command=get_materiel&rest_code=00149&code=00101008321&supplier_code=00100005&order_time=2021-10-27 HTTP/1.1" 200 412
222.70.171.86 - - [27/Oct/2021:08:42:37 +0800] "GET /xingrg/all/function/internal_message.html?_=1635295367080&CODE_STATE=getMsg HTTP/1.1" 200 27
180.174.227.63 - - [27/Oct/2021:08:42:38 +0800] "GET /xingrg/check_reg.html?_=1635295346157 HTTP/1.1" 302 -
222.69.131.198 - - [27/Oct/2021:08:42:42 +0800] "GET /xingrg/all/function/internal_message.html?_=1635295363468&CODE_STATE=getMsg HTTP/1.1" 200 27
222.69.131.198 - - [27/Oct/2021:08:42:49 +0800] "GET /xingrg/kc/buy/cgsh_order_operate.html?command=get_materiel&rest_code=00149&code=00101008356&supplier_code=00100005&order_time=2021-10-27 HTTP/1.1" 200 408
114.85.125.222 - - [27/Oct/2021:08:42:49 +0800] "GET /xingrg/all/function/internal_message.html?_=1635295310991&CODE_STATE=getMsg HTTP/1.1" 200 27
222.69.131.198 - - [27/Oct/2021:08:42:52 +0800] "POST /xingrg/kc/buy/cgsh_order_operate.html HTTP/1.1" 200 2065
180.169.147.146 - - [27/Oct/2021:08:42:52 +0800] "GET /xingrg/all/function/internal_message.html?_=1635295373230&CODE_STATE=getMsg HTTP/1.1" 200 27
172.20.0.100 - - [27/Oct/2021:08:42:53 +0800] "GET /xingrg/all/function/internal_message.html?_=1635295374041&CODE_STATE=getMsg HTTP/1.1" 200 27
222.70.171.86 - - [27/Oct/2021:08:42:57 +0800] "GET /xingrg/all/function/internal_message.html?_=1635295386401&CODE_STATE=getMsg HTTP/1.1" 302 -
58.221.95.50 - - [27/Oct/2021:08:42:59 +0800] "GET /xingrg/check_reg.html?_=1635295379653 HTTP/1.1" 200 22
222.69.131.198 - - [27/Oct/2021:08:43:04 +0800] "GET /xingrg/kc/buy/cgsh_order_operate.html?command=get_materiel&rest_code=00149&code=00101008205&supplier_code=00100005&order_time=2021-10-27 HTTP/1.1" 200 412
58.39.139.200 - - [27/Oct/2021:08:43:16 +0800] "GET /xingrg/all/function/internal_message.html?_=1635295396699&CODE_STATE=getMsg HTTP/1.1" 200 27
222.69.131.198 - - [27/Oct/2021:08:43:16 +0800] "GET /xingrg/kc/buy/cgsh_order_operate.html?command=get_materiel&rest_code=00149&code=00101008059&supplier_code=00100005&order_time=2021-10-27 HTTP/1.1" 200 408
120.253.135.82 - - [27/Oct/2021:08:43:17 +0800] "GET /xingrg/all/function/internal_message.html?_=1635295371036&CODE_STATE=getMsg HTTP/1.1" 200 27
116.238.248.233 - - [27/Oct/2021:08:43:19 +0800] "GET /xingrg/all/function/internal_message.html?_=1635295398128&CODE_STATE=getMsg HTTP/1.1" 200 27
222.70.179.155 - - [27/Oct/2021:08:43:24 +0800] "GET /xingrg/all/function/internal_message.html?_=1635295403720&CODE_STATE=getMsg HTTP/1.1" 200 27
120.253.135.82 - - [27/Oct/2021:08:43:25 +0800] "GET /xingrg/all/function/internal_message.html?_=1635295177096&CODE_STATE=getMsg HTTP/1.1" 200 27
222.70.179.155 - - [27/Oct/2021:08:43:26 +0800] "GET /xingrg/kc/buy/cgsh_order_operate.html?command=get_materiel&rest_code=00111&code=00102018056&supplier_code=00100151&order_time=2021-10-27 HTTP/1.1" 200 406
116.227.210.113 - - [27/Oct/2021:08:43:29 +0800] "GET /xingrg/check_reg.html?_=1635295397809 HTTP/1.1" 200 22
116.227.210.113 - - [27/Oct/2021:08:43:29 +0800] "GET /xingrg/all/function/internal_message.html?_=1635295397816&CODE_STATE=getMsg HTTP/1.1" 200 27
222.69.131.198 - - [27/Oct/2021:08:43:33 +0800] "GET /xingrg/kc/buy/cgsh_order_operate.html?command=get_materiel&rest_code=00149&code=00101008223&supplier_code=00100005&order_time=2021-10-27 HTTP/1.1" 200 412
58.221.95.50 - - [27/Oct/2021:08:43:33 +0800] "GET /xingrg/all/function/internal_message.html?_=1635295414147&CODE_STATE=getMsg HTTP/1.1" 200 27
222.70.171.86 - - [27/Oct/2021:08:43:37 +0800] "GET /xingrg/all/function/internal_message.html?_=1635295427087&CODE_STATE=getMsg HTTP/1.1" 200 27
222.69.131.198 - - [27/Oct/2021:08:43:40 +0800] "GET /xingrg/kc/buy/cgsh_order_operate.html?command=get_materiel&rest_code=00149&code=00101013165&supplier_code=00100005&order_time=2021-10-27 HTTP/1.1" 200 409
222.69.131.198 - - [27/Oct/2021:08:43:42 +0800] "GET /xingrg/all/function/internal_message.html?_=1635295423459&CODE_STATE=getMsg HTTP/1.1" 200 27
222.69.131.198 - - [27/Oct/2021:08:43:43 +0800] "POST /xingrg/kc/buy/cgsh_order_operate.html HTTP/1.1" 200 2065
222.69.131.198 - - [27/Oct/2021:08:43:49 +0800] "GET /xingrg/kc/buy/cgsh_order_operate.html?command=get_materiel&rest_code=00149&code=00101015066&supplier_code=00100005&order_time=2021-10-27 HTTP/1.1" 200 413
114.85.125.222 - - [27/Oct/2021:08:43:50 +0800] "GET /xingrg/all/function/internal_message.html?_=1635295371005&CODE_STATE=getMsg HTTP/1.1" 200 27
180.169.147.146 - - [27/Oct/2021:08:43:52 +0800] "GET /xingrg/all/function/internal_message.html?_=1635295433244&CODE_STATE=getMsg HTTP/1.1" 200 27
172.20.0.100 - - [27/Oct/2021:08:43:53 +0800] "GET /xingrg/all/function/internal_message.html?_=1635295434035&CODE_STATE=getMsg HTTP/1.1" 200 27
222.70.171.86 - - [27/Oct/2021:08:43:57 +0800] "GET /xingrg/all/function/internal_message.html?_=1635295446422&CODE_STATE=getMsg HTTP/1.1" 302 -
222.69.131.198 - - [27/Oct/2021:08:43:57 +0800] "GET /xingrg/kc/buy/cgsh_order_operate.html?command=get_materiel&rest_code=00149&code=00101015112&supplier_code=00100005&order_time=2021-10-27 HTTP/1.1" 200 403
222.70.179.155 - - [27/Oct/2021:08:44:00 +0800] "GET /xingrg/kc/buy/cgsh_order_operate.html?command=get_materiel&rest_code=00111&code=00102002120&supplier_code=00100151&order_time=2021-10-27 HTTP/1.1" 200 424
222.69.131.198 - - [27/Oct/2021:08:44:11 +0800] "GET /xingrg/kc/buy/cgsh_order_operate.html?command=get_materiel&rest_code=00149&code=00101015024&supplier_code=00100005&order_time=2021-10-27 HTTP/1.1" 200 413
58.39.139.200 - - [27/Oct/2021:08:44:16 +0800] "GET /xingrg/all/function/internal_message.html?_=1635295456708&CODE_STATE=getMsg HTTP/1.1" 200 27
58.39.139.200 - - [27/Oct/2021:08:44:16 +0800] "GET /xingrg/check_reg.html?_=1635295456710 HTTP/1.1" 200 22
120.253.135.82 - - [27/Oct/2021:08:44:17 +0800] "GET /xingrg/check_reg.html?_=1635295430188 HTTP/1.1" 200 22
120.253.135.82 - - [27/Oct/2021:08:44:17 +0800] "GET /xingrg/all/function/internal_message.html?_=1635295431050&CODE_STATE=getMsg HTTP/1.1" 200 27
222.70.179.155 - - [27/Oct/2021:08:44:17 +0800] "GET /xingrg/kc/buy/cgsh_order_operate.html?command=get_materiel&rest_code=00111&code=00102002169&supplier_code=00100151&order_time=2021-10-27 HTTP/1.1" 200 412
116.238.248.233 - - [27/Oct/2021:08:44:19 +0800] "GET /xingrg/all/function/internal_message.html?_=1635295458120&CODE_STATE=getMsg HTTP/1.1" 200 27
222.69.131.198 - - [27/Oct/2021:08:44:21 +0800] "GET /xingrg/kc/buy/cgsh_order_operate.html?command=get_materiel&rest_code=00149&code=00101008125&supplier_code=00100005&order_time=2021-10-27 HTTP/1.1" 200 413
222.70.179.155 - - [27/Oct/2021:08:44:24 +0800] "GET /xingrg/all/function/internal_message.html?_=1635295463720&CODE_STATE=getMsg HTTP/1.1" 200 27
120.253.135.82 - - [27/Oct/2021:08:44:26 +0800] "GET /xingrg/all/function/internal_message.html?_=1635295237262&CODE_STATE=getMsg HTTP/1.1" 200 27
116.227.210.113 - - [27/Oct/2021:08:44:29 +0800] "GET /xingrg/all/function/internal_message.html?_=1635295457814&CODE_STATE=getMsg HTTP/1.1" 200 27
58.221.95.50 - - [27/Oct/2021:08:44:33 +0800] "GET /xingrg/all/function/internal_message.html?_=1635295474131&CODE_STATE=getMsg HTTP/1.1" 200 27
222.69.131.198 - - [27/Oct/2021:08:44:35 +0800] "GET /xingrg/kc/buy/cgsh_order_operate.html?command=get_materiel&rest_code=00149&code=00101008403&supplier_code=00100005&order_time=2021-10-27 HTTP/1.1" 200 412
222.70.171.86 - - [27/Oct/2021:08:44:35 +0800] "GET /xingrg/check_reg.html?_=1635295485669 HTTP/1.1" 200 22
222.70.171.86 - - [27/Oct/2021:08:44:37 +0800] "GET /xingrg/all/function/internal_message.html?_=1635295487100&CODE_STATE=getMsg HTTP/1.1" 200 27
222.69.131.198 - - [27/Oct/2021:08:44:37 +0800] "POST /xingrg/kc/buy/cgsh_order_operate.html HTTP/1.1" 200 2065
222.69.131.198 - - [27/Oct/2021:08:44:42 +0800] "GET /xingrg/all/function/internal_message.html?_=1635295483452&CODE_STATE=getMsg HTTP/1.1" 200 27
222.69.131.198 - - [27/Oct/2021:08:44:45 +0800] "GET /xingrg/kc/buy/cgsh_order_operate.html?command=get_materiel&rest_code=00149&code=00101008197&supplier_code=00100005&order_time=2021-10-27 HTTP/1.1" 200 416
180.174.227.63 - - [27/Oct/2021:08:44:48 +0800] "GET /favicon.ico HTTP/1.1" 404 -
180.174.227.63 - - [27/Oct/2021:08:44:48 +0800] "GET /favicon.ico HTTP/1.1" 404 -
180.174.227.63 - - [27/Oct/2021:08:44:49 +0800] "GET /favicon.ico HTTP/1.1" 404 -
180.174.227.63 - - [27/Oct/2021:08:44:49 +0800] "GET /favicon.ico HTTP/1.1" 404 -
114.85.125.222 - - [27/Oct/2021:08:44:50 +0800] "GET /xingrg/all/function/internal_message.html?_=1635295431041&CODE_STATE=getMsg HTTP/1.1" 200 27
180.169.147.146 - - [27/Oct/2021:08:44:52 +0800] "GET /xingrg/all/function/internal_message.html?_=1635295493239&CODE_STATE=getMsg HTTP/1.1" 200 27
172.20.0.100 - - [27/Oct/2021:08:44:53 +0800] "GET /xingrg/all/function/internal_message.html?_=1635295494045&CODE_STATE=getMsg HTTP/1.1" 200 27
172.20.0.100 - - [27/Oct/2021:08:44:53 +0800] "GET /xingrg/check_reg.html?_=1635295494055 HTTP/1.1" 200 22
222.70.171.86 - - [27/Oct/2021:08:44:57 +0800] "GET /xingrg/all/function/internal_message.html?_=1635295506428&CODE_STATE=getMsg HTTP/1.1" 302 -
222.69.131.198 - - [27/Oct/2021:08:45:11 +0800] "GET /xingrg/kc/buy/cgsh_order_operate.html?command=get_materiel&rest_code=00149&code=00101008357&supplier_code=00100005&order_time=2021-10-27 HTTP/1.1" 200 408
222.70.179.155 - - [27/Oct/2021:08:45:14 +0800] "POST /xingrg/kc/buy/cgsh_order_operate.html HTTP/1.1" 200 37
