222.69.133.183 - - [25/Oct/2021:10:45:54 +0800] "GET /xingrg/javascript/easyui/themes/icons/import_new.png HTTP/1.1" 200 1247
222.69.133.183 - - [25/Oct/2021:10:45:54 +0800] "GET /xingrg/javascript/easyui/plugins/jquery.parser.js HTTP/1.1" 200 1142
222.69.133.183 - - [25/Oct/2021:10:45:54 +0800] "GET /xingrg/images/control/ajaxLoader.gif HTTP/1.1" 200 4659
222.69.133.183 - - [25/Oct/2021:10:45:54 +0800] "POST /xingrg/kc/base/yddb_list_operate.html HTTP/1.1" 200 1605
180.169.147.146 - - [25/Oct/2021:10:45:56 +0800] "GET /xingrg/all/function/internal_message.html?_=1635129956647&CODE_STATE=getMsg HTTP/1.1" 200 27
180.169.147.146 - - [25/Oct/2021:10:45:56 +0800] "GET /xingrg/check_reg.html?_=1635129956649 HTTP/1.1" 200 22
180.157.253.6 - - [25/Oct/2021:10:45:57 +0800] "GET /xingrg/all/function/internal_message.html?_=1635129957377&CODE_STATE=getMsg HTTP/1.1" 200 27
124.78.153.86 - - [25/Oct/2021:10:45:59 +0800] "GET /xingrg/all/function/internal_message.html?_=1635129958629&CODE_STATE=getMsg HTTP/1.1" 200 27
222.69.133.183 - - [25/Oct/2021:10:46:02 +0800] "POST /xingrg/kc/base/yddb_list_operate.html HTTP/1.1" 200 2376
124.78.153.86 - - [25/Oct/2021:10:46:04 +0800] "GET /xingrg/check_reg.html?_=1635129964718 HTTP/1.1" 200 22
124.78.153.86 - - [25/Oct/2021:10:46:04 +0800] "GET /xingrg/all/function/internal_message.html?_=1635129964720&CODE_STATE=getMsg HTTP/1.1" 200 27
101.85.106.134 - - [25/Oct/2021:10:46:06 +0800] "GET /xingrg/all/function/internal_message.html?_=1635129963880&CODE_STATE=getMsg HTTP/1.1" 200 27
116.238.248.233 - - [25/Oct/2021:10:46:06 +0800] "GET /xingrg/all/function/internal_message.html?_=1635129963892&CODE_STATE=getMsg HTTP/1.1" 200 27
116.227.210.113 - - [25/Oct/2021:10:46:07 +0800] "GET /xingrg/all/function/internal_message.html?_=1635129959015&CODE_STATE=getMsg HTTP/1.1" 200 27
124.78.153.86 - - [25/Oct/2021:10:46:07 +0800] "POST /xingrg/dwr/call/plaincall/AjaxQqpsService.saveOrder.dwr HTTP/1.1" 200 79
222.69.133.183 - - [25/Oct/2021:10:46:11 +0800] "GET /xingrg/javascript/jquery_easy_ui/themes/default/images/tabs_active.png HTTP/1.1" 200 2894
222.70.171.86 - - [25/Oct/2021:10:46:12 +0800] "GET /xingrg/all/function/internal_message.html?_=1635129973455&CODE_STATE=getMsg HTTP/1.1" 200 27
124.78.153.86 - - [25/Oct/2021:10:46:12 +0800] "POST /xingrg/dwr/call/plaincall/AjaxQqpsService.saveOrder.dwr HTTP/1.1" 200 79
124.78.153.86 - - [25/Oct/2021:10:46:17 +0800] "GET /xingrg/kc/mdqp/qqps_order_add.html HTTP/1.1" 200 28160
124.78.153.86 - - [25/Oct/2021:10:46:17 +0800] "GET /xingrg/dwr/interface/AjaxQqpsService.js HTTP/1.1" 200 16326
124.78.153.86 - - [25/Oct/2021:10:46:17 +0800] "GET /xingrg/dwr/interface/AjaxComOrderService.js HTTP/1.1" 200 18264
124.78.153.86 - - [25/Oct/2021:10:46:17 +0800] "GET /xingrg/dwr/engine.js HTTP/1.1" 200 43631
222.70.179.155 - - [25/Oct/2021:10:46:18 +0800] "GET /xingrg/all/function/internal_message.html?_=1635129978644&CODE_STATE=getMsg HTTP/1.1" 200 27
222.70.179.155 - - [25/Oct/2021:10:46:18 +0800] "GET /xingrg/check_reg.html?_=1635129978646 HTTP/1.1" 200 22
222.70.179.155 - - [25/Oct/2021:10:46:23 +0800] "GET /xingrg/kc/buy/buy_main.html HTTP/1.1" 200 12412
222.70.179.155 - - [25/Oct/2021:10:46:23 +0800] "GET /xingrg/css/new_ie.css HTTP/1.1" 404 1036
180.174.227.63 - - [25/Oct/2021:10:46:24 +0800] "POST /xingrg/kc/base/wldb_order_operate.html HTTP/1.1" 200 37
222.70.179.155 - - [25/Oct/2021:10:46:24 +0800] "GET /xingrg/kc/buy/cgsh_order_list.html HTTP/1.1" 200 48941
180.174.227.63 - - [25/Oct/2021:10:46:26 +0800] "POST /xingrg/kc/base/wldb_order_operate.html HTTP/1.1" 200 12
180.174.227.63 - - [25/Oct/2021:10:46:26 +0800] "POST /xingrg/kc/base/wldb_order_operate.html HTTP/1.1" 200 5174
180.174.227.63 - - [25/Oct/2021:10:46:28 +0800] "GET /xingrg/kc/base/wldb_order_info.html?code=422021102502570 HTTP/1.1" 200 26311
180.174.227.63 - - [25/Oct/2021:10:46:29 +0800] "GET /xingrg/all/function/internal_message.html?_=1635129977410&CODE_STATE=getMsg HTTP/1.1" 200 27
180.174.227.63 - - [25/Oct/2021:10:46:29 +0800] "POST /xingrg/kc/base/wldb_order_operate.html HTTP/1.1" 200 3402
180.174.227.63 - - [25/Oct/2021:10:46:30 +0800] "GET /xingrg/javascript/easyui/themes/default/validatebox.css HTTP/1.1" 404 1104
124.78.153.86 - - [25/Oct/2021:10:46:30 +0800] "POST /xingrg/dwr/call/plaincall/AjaxQqpsService.saveOrder.dwr HTTP/1.1" 200 78
222.70.179.155 - - [25/Oct/2021:10:46:30 +0800] "POST /xingrg/kc/buy/cgsh_list_operate.html HTTP/1.1" 200 3134
58.39.139.200 - - [25/Oct/2021:10:46:31 +0800] "GET /xingrg/all/function/internal_message.html?_=1635129992655&CODE_STATE=getMsg HTTP/1.1" 200 27
180.174.227.63 - - [25/Oct/2021:10:46:32 +0800] "GET /xingrg/kc/base/wldb_order_add.html HTTP/1.1" 200 30434
222.70.179.155 - - [25/Oct/2021:10:46:32 +0800] "GET /xingrg/kc/buy/cgsh_order_add.html HTTP/1.1" 200 64679
222.70.179.155 - - [25/Oct/2021:10:46:32 +0800] "POST /xingrg/kc/buy/cgsh_order_operate.html HTTP/1.1" 200 8245
222.70.179.155 - - [25/Oct/2021:10:46:32 +0800] "GET /xingrg/javascript/easyui/themes/default/validatebox.css HTTP/1.1" 404 1104
180.174.227.63 - - [25/Oct/2021:10:46:33 +0800] "POST /xingrg/kc/base/wldb_order_operate.html HTTP/1.1" 200 6806
180.174.227.63 - - [25/Oct/2021:10:46:33 +0800] "GET /xingrg/javascript/easyui/themes/default/validatebox.css HTTP/1.1" 404 1104
180.169.147.146 - - [25/Oct/2021:10:46:34 +0800] "GET /xingrg/all/function/internal_message.html?_=1635130054304&CODE_STATE=getMsg HTTP/1.1" 200 27
180.174.227.63 - - [25/Oct/2021:10:46:34 +0800] "POST /xingrg/all/common/load_combo.html?type=base HTTP/1.1" 200 3060
222.70.179.155 - - [25/Oct/2021:10:46:35 +0800] "GET /xingrg/javascript/jquery_tools/images/next.gif HTTP/1.1" 404 1086
222.70.179.155 - - [25/Oct/2021:10:46:35 +0800] "GET /xingrg/javascript/jquery_tools/images/prev.gif HTTP/1.1" 404 1086
180.174.227.63 - - [25/Oct/2021:10:46:36 +0800] "POST /xingrg/all/common/load_combo.html?type=base HTTP/1.1" 200 3060
180.174.227.63 - - [25/Oct/2021:10:46:41 +0800] "GET /xingrg/kc/base/wldb_order_operate.html?command=get_materiel&rest_code=00102&base_code=0010476&code=00101016019 HTTP/1.1" 200 450
222.70.179.155 - - [25/Oct/2021:10:46:43 +0800] "GET /xingrg/kc/buy/cgsh_order_operate.html?command=get_materiel&rest_code=00111&code=00101001111&supplier_code=00100042&order_time=2021-10-25 HTTP/1.1" 200 409
124.78.153.86 - - [25/Oct/2021:10:46:43 +0800] "GET /xingrg/kc/buy/cgsh_order_operate.html?command=get_materiel&rest_code=00106&code=00101008003&supplier_code=00100007&order_time=2021-10-25 HTTP/1.1" 200 408
124.78.153.86 - - [25/Oct/2021:10:46:44 +0800] "POST /xingrg/dwr/call/plaincall/AjaxQqpsService.getMaterielByCode.dwr HTTP/1.1" 200 2585
114.83.216.72 - - [25/Oct/2021:10:46:45 +0800] "GET /xingrg/all/function/internal_message.html?_=1635130005279&CODE_STATE=getMsg HTTP/1.1" 200 27
124.78.153.86 - - [25/Oct/2021:10:46:46 +0800] "POST /xingrg/dwr/call/plaincall/AjaxQqpsService.saveMaterielItem.dwr HTTP/1.1" 200 78
114.85.125.222 - - [25/Oct/2021:10:46:47 +0800] "GET /xingrg/all/function/internal_message.html?_=1635129949837&CODE_STATE=getMsg HTTP/1.1" 200 27
180.174.227.63 - - [25/Oct/2021:10:46:48 +0800] "GET /xingrg/kc/base/wldb_order_operate.html?command=get_materiel&rest_code=00102&base_code=0010476&code=00101019405 HTTP/1.1" 200 468
180.169.147.146 - - [25/Oct/2021:10:46:56 +0800] "GET /xingrg/all/function/internal_message.html?_=1635130016648&CODE_STATE=getMsg HTTP/1.1" 200 27
180.157.253.6 - - [25/Oct/2021:10:46:57 +0800] "GET /xingrg/all/function/internal_message.html?_=1635130017402&CODE_STATE=getMsg HTTP/1.1" 200 27
180.157.253.6 - - [25/Oct/2021:10:46:57 +0800] "GET /xingrg/check_reg.html?_=1635130017670 HTTP/1.1" 200 22
114.83.216.72 - - [25/Oct/2021:10:46:58 +0800] "GET /xingrg/check_reg.html?_=1635130018356 HTTP/1.1" 200 22
101.89.239.245 - - [25/Oct/2021:10:46:59 +0800] "GET /xingrg/all/function/internal_message.html?_=1635129958629&CODE_STATE=getMsg HTTP/1.1" 302 -
116.228.172.94 - - [25/Oct/2021:10:46:59 +0800] "GET /favicon.ico HTTP/1.1" 404 -
124.78.153.86 - - [25/Oct/2021:10:46:59 +0800] "GET /xingrg/check_reg.html?_=1635130018710 HTTP/1.1" 200 22
124.78.153.86 - - [25/Oct/2021:10:46:59 +0800] "GET /xingrg/all/function/internal_message.html?_=1635130018711&CODE_STATE=getMsg HTTP/1.1" 200 27
101.89.239.245 - - [25/Oct/2021:10:47:00 +0800] "GET /xingrg/login.html HTTP/1.1" 200 7641
180.174.227.63 - - [25/Oct/2021:10:47:00 +0800] "GET /xingrg/kc/base/wldb_order_operate.html?command=get_materiel&rest_code=00102&base_code=0010476&code=00101019185 HTTP/1.1" 200 453
124.78.153.86 - - [25/Oct/2021:10:47:02 +0800] "POST /xingrg/dwr/call/plaincall/AjaxQqpsService.getMaterielByCode.dwr HTTP/1.1" 200 2556
124.78.153.86 - - [25/Oct/2021:10:47:02 +0800] "GET /xingrg/kc/buy/cgsh_order_operate.html?command=get_materiel&rest_code=00106&code=00101008301&supplier_code=00100007&order_time=2021-10-25 HTTP/1.1" 200 422
124.78.153.86 - - [25/Oct/2021:10:47:04 +0800] "GET /xingrg/all/function/internal_message.html?_=1635130024736&CODE_STATE=getMsg HTTP/1.1" 200 27
124.78.153.86 - - [25/Oct/2021:10:47:05 +0800] "POST /xingrg/kc/buy/cgsh_order_operate.html HTTP/1.1" 200 2065
101.85.106.134 - - [25/Oct/2021:10:47:06 +0800] "GET /xingrg/all/function/internal_message.html?_=1635130023879&CODE_STATE=getMsg HTTP/1.1" 200 27
101.85.106.134 - - [25/Oct/2021:10:47:06 +0800] "GET /xingrg/check_reg.html?_=1635130023880 HTTP/1.1" 200 22
116.238.248.233 - - [25/Oct/2021:10:47:06 +0800] "GET /xingrg/all/function/internal_message.html?_=1635130023912&CODE_STATE=getMsg HTTP/1.1" 200 27
116.238.248.233 - - [25/Oct/2021:10:47:06 +0800] "GET /xingrg/check_reg.html?_=1635130023916 HTTP/1.1" 200 22
180.174.227.63 - - [25/Oct/2021:10:47:07 +0800] "GET /xingrg/kc/base/wldb_order_operate.html?command=get_materiel&rest_code=00102&base_code=0010476&code=00101019026 HTTP/1.1" 200 467
116.227.210.113 - - [25/Oct/2021:10:47:07 +0800] "GET /xingrg/all/function/internal_message.html?_=1635130019024&CODE_STATE=getMsg HTTP/1.1" 200 27
222.70.179.155 - - [25/Oct/2021:10:47:07 +0800] "GET /xingrg/kc/buy/cgsh_order_operate.html?command=get_materiel&rest_code=00111&code=00101001060&supplier_code=00100042&order_time=2021-10-25 HTTP/1.1" 200 419
124.78.153.86 - - [25/Oct/2021:10:47:12 +0800] "GET /xingrg/kc/buy/cgsh_order_operate.html?command=get_materiel&rest_code=00106&code=00101008295&supplier_code=00100007&order_time=2021-10-25 HTTP/1.1" 200 412
222.70.171.86 - - [25/Oct/2021:10:47:12 +0800] "GET /xingrg/all/function/internal_message.html?_=1635130033660&CODE_STATE=getMsg HTTP/1.1" 200 27
124.78.153.86 - - [25/Oct/2021:10:47:15 +0800] "POST /xingrg/dwr/call/plaincall/AjaxQqpsService.saveMaterielItem.dwr HTTP/1.1" 200 78
180.174.227.63 - - [25/Oct/2021:10:47:18 +0800] "POST /xingrg/kc/base/wldb_order_operate.html HTTP/1.1" 200 37
116.227.210.113 - - [25/Oct/2021:10:47:20 +0800] "GET /xingrg/kc/base/wldb_order_list.html HTTP/1.1" 200 19230
180.174.227.63 - - [25/Oct/2021:10:47:20 +0800] "POST /xingrg/kc/base/wldb_order_operate.html HTTP/1.1" 200 12
180.174.227.63 - - [25/Oct/2021:10:47:20 +0800] "POST /xingrg/kc/base/wldb_order_operate.html HTTP/1.1" 200 4233
116.227.210.113 - - [25/Oct/2021:10:47:20 +0800] "POST /xingrg/kc/base/wldb_list_operate.html HTTP/1.1" 200 928
180.174.227.63 - - [25/Oct/2021:10:47:21 +0800] "GET /xingrg/kc/base/wldb_order_info.html?code=422021102502571 HTTP/1.1" 200 26311
222.70.179.155 - - [25/Oct/2021:10:47:22 +0800] "POST /xingrg/kc/buy/cgsh_order_operate.html HTTP/1.1" 200 37
116.227.210.113 - - [25/Oct/2021:10:47:22 +0800] "GET /xingrg/kc/report/report_main.html HTTP/1.1" 200 7345
180.174.227.63 - - [25/Oct/2021:10:47:23 +0800] "POST /xingrg/kc/base/wldb_order_operate.html HTTP/1.1" 200 2484
222.70.179.155 - - [25/Oct/2021:10:47:23 +0800] "POST /xingrg/kc/buy/cgsh_order_operate.html HTTP/1.1" 200 3840
180.174.227.63 - - [25/Oct/2021:10:47:23 +0800] "GET /xingrg/javascript/easyui/themes/default/validatebox.css HTTP/1.1" 404 1104
222.70.179.155 - - [25/Oct/2021:10:47:24 +0800] "GET /xingrg/kc/print/load_data.html?order_code=212021102511035&kc_code=cgsh&condition= HTTP/1.1" 200 1152
180.169.147.146 - - [25/Oct/2021:10:47:26 +0800] "GET /xingrg/login.html HTTP/1.1" 200 7641
124.78.153.86 - - [25/Oct/2021:10:47:27 +0800] "GET /xingrg/kc/buy/cgsh_order_operate.html?command=get_materiel&rest_code=00106&code=00101008213&supplier_code=00100007&order_time=2021-10-25 HTTP/1.1" 200 412
180.169.147.146 - - [25/Oct/2021:10:47:27 +0800] "GET /favicon.ico HTTP/1.1" 404 -
116.227.210.113 - - [25/Oct/2021:10:47:27 +0800] "GET /xingrg/all/report/report_query.html?fileName=kc/base/crk_book_by_base.xml&rh=9999 HTTP/1.1" 200 58038
116.227.210.113 - - [25/Oct/2021:10:47:27 +0800] "GET /xingrg/dwr/interface/AjaxReportQueryService.js HTTP/1.1" 200 13203
116.227.210.113 - - [25/Oct/2021:10:47:27 +0800] "GET /xingrg/dwr/engine.js HTTP/1.1" 200 43631
116.227.210.113 - - [25/Oct/2021:10:47:27 +0800] "POST /xingrg/dwr/call/plaincall/AjaxReportQueryService.getFixDate.dwr HTTP/1.1" 200 111
116.227.210.113 - - [25/Oct/2021:10:47:28 +0800] "POST /xingrg/all/common/load_tree.html?tree=materiel_sort_tree_json HTTP/1.1" 200 8912
116.227.210.113 - - [25/Oct/2021:10:47:28 +0800] "POST /xingrg/dwr/call/plaincall/AjaxReportQueryService.getInitString.dwr HTTP/1.1" 200 954
180.174.227.63 - - [25/Oct/2021:10:47:28 +0800] "GET /xingrg/check_reg.html?_=1635130036065 HTTP/1.1" 200 22
180.174.227.63 - - [25/Oct/2021:10:47:29 +0800] "GET /xingrg/all/function/internal_message.html?_=1635130037421&CODE_STATE=getMsg HTTP/1.1" 200 27
124.78.153.86 - - [25/Oct/2021:10:47:30 +0800] "POST /xingrg/dwr/call/plaincall/AjaxQqpsService.getMaterielByCode.dwr HTTP/1.1" 200 2595
58.39.139.200 - - [25/Oct/2021:10:47:31 +0800] "GET /xingrg/all/function/internal_message.html?_=1635130052655&CODE_STATE=getMsg HTTP/1.1" 200 27
116.227.210.113 - - [25/Oct/2021:10:47:32 +0800] "POST /xingrg/dwr/call/plaincall/AjaxReportQueryService.refreshCache.dwr HTTP/1.1" 200 78
124.78.153.86 - - [25/Oct/2021:10:47:33 +0800] "POST /xingrg/dwr/call/plaincall/AjaxQqpsService.saveMaterielItem.dwr HTTP/1.1" 200 78
180.169.147.146 - - [25/Oct/2021:10:47:33 +0800] "POST /xingrg/login.do HTTP/1.1" 302 -
180.169.147.146 - - [25/Oct/2021:10:47:33 +0800] "GET /xingrg/index.html?sysBaseUrl=http%3A%2F%2F180.169.147.146%3A18081%2Fxingrg%2F&costTime=41×tamp=1635130053303 HTTP/1.1" 200 17503
180.169.147.146 - - [25/Oct/2021:10:47:33 +0800] "GET /favicon.ico HTTP/1.1" 404 -
180.169.147.146 - - [25/Oct/2021:10:47:33 +0800] "POST /xingrg/all/common/load_tree.html?tree=area_rest_tree_json&manage=1 HTTP/1.1" 200 3472
180.169.147.146 - - [25/Oct/2021:10:47:33 +0800] "GET /xingrg/all/function/internal_message.html?_=1635130054756&CODE_STATE=count HTTP/1.1" 200 11
180.169.147.146 - - [25/Oct/2021:10:47:33 +0800] "GET /xingrg/check_reg.html?_=1635130054757 HTTP/1.1" 200 22
180.169.147.146 - - [25/Oct/2021:10:47:33 +0800] "POST /xingrg/load_menu.html HTTP/1.1" 200 11564
180.169.147.146 - - [25/Oct/2021:10:47:34 +0800] "GET /xingrg/all/function/internal_message.html?_=1635130114275&CODE_STATE=getMsg HTTP/1.1" 200 27
116.227.210.113 - - [25/Oct/2021:10:47:35 +0800] "POST /xingrg/all/report/load_report_page.html HTTP/1.1" 200 18562
116.227.210.113 - - [25/Oct/2021:10:47:35 +0800] "GET /xingrg/servlets/image?cache=0.9375093435305198&image=px HTTP/1.1" 200 807
124.78.153.86 - - [25/Oct/2021:10:47:38 +0800] "GET /xingrg/kc/buy/cgsh_order_operate.html?command=get_materiel&rest_code=00106&code=00101008323&supplier_code=00100007&order_time=2021-10-25 HTTP/1.1" 200 408
180.169.147.146 - - [25/Oct/2021:10:47:40 +0800] "POST /xingrg/load_menu.html HTTP/1.1" 200 10797
61.151.207.141 - - [25/Oct/2021:10:47:43 +0800] "GET /xingrg/kc/buy/cgsh_order_operate.html?command=get_materiel&rest_code=00106&code=00101008003&supplier_code=00100007&order_time=2021-10-25 HTTP/1.1" 302 -
61.151.207.141 - - [25/Oct/2021:10:47:44 +0800] "GET /xingrg/login.html HTTP/1.1" 200 7641
124.78.153.86 - - [25/Oct/2021:10:47:44 +0800] "POST /xingrg/dwr/call/plaincall/AjaxQqpsService.getMaterielByCode.dwr HTTP/1.1" 200 2676
114.83.216.72 - - [25/Oct/2021:10:47:45 +0800] "GET /xingrg/all/function/internal_message.html?_=1635130065268&CODE_STATE=getMsg HTTP/1.1" 200 27
114.85.125.222 - - [25/Oct/2021:10:47:47 +0800] "GET /xingrg/all/function/internal_message.html?_=1635130009852&CODE_STATE=getMsg HTTP/1.1" 200 27
124.78.153.86 - - [25/Oct/2021:10:47:47 +0800] "POST /xingrg/dwr/call/plaincall/AjaxQqpsService.saveMaterielItem.dwr HTTP/1.1" 200 78
180.169.147.146 - - [25/Oct/2021:10:47:48 +0800] "GET /xingrg/all/report/report_query.html?fileName=dma/new_5.0/yingye/yy_hz.xml&rw=1600 HTTP/1.1" 200 56155
180.169.147.146 - - [25/Oct/2021:10:47:48 +0800] "GET /xingrg/dwr/interface/AjaxReportQueryService.js HTTP/1.1" 200 13203
180.169.147.146 - - [25/Oct/2021:10:47:48 +0800] "GET /xingrg/dwr/util.js HTTP/1.1" 304 -
180.169.147.146 - - [25/Oct/2021:10:47:48 +0800] "GET /xingrg/dwr/engine.js HTTP/1.1" 200 43631
180.169.147.146 - - [25/Oct/2021:10:47:48 +0800] "POST /xingrg/dwr/call/plaincall/AjaxReportQueryService.getFixDate.dwr HTTP/1.1" 200 111
180.169.147.146 - - [25/Oct/2021:10:47:48 +0800] "GET /favicon.ico HTTP/1.1" 404 -
180.169.147.146 - - [25/Oct/2021:10:47:48 +0800] "POST /xingrg/all/common/load_tree.html?tree=area_station_tree_json&manage=1 HTTP/1.1" 200 3364
180.169.147.146 - - [25/Oct/2021:10:47:53 +0800] "GET /xingrg/login.html HTTP/1.1" 200 7641
124.78.153.86 - - [25/Oct/2021:10:47:53 +0800] "POST /xingrg/kc/buy/cgsh_order_operate.html HTTP/1.1" 200 2065
180.169.147.146 - - [25/Oct/2021:10:47:54 +0800] "GET /favicon.ico HTTP/1.1" 404 -
180.169.147.146 - - [25/Oct/2021:10:47:56 +0800] "GET /xingrg/all/function/internal_message.html?_=1635130076648&CODE_STATE=getMsg HTTP/1.1" 200 27
180.157.253.6 - - [25/Oct/2021:10:47:57 +0800] "GET /xingrg/all/function/internal_message.html?_=1635130077404&CODE_STATE=getMsg HTTP/1.1" 200 27
124.78.153.86 - - [25/Oct/2021:10:47:59 +0800] "GET /xingrg/all/function/internal_message.html?_=1635130078681&CODE_STATE=getMsg HTTP/1.1" 200 27
222.70.179.155 - - [25/Oct/2021:10:48:00 +0800] "POST /xingrg/kc/buy/cgsh_list_operate.html HTTP/1.1" 200 2535
61.151.178.197 - - [25/Oct/2021:10:48:00 +0800] "GET /xingrg/kc/buy/cgsh_order_operate.html?command=get_materiel&rest_code=00106&code=00101008301&supplier_code=00100007&order_time=2021-10-25 HTTP/1.1" 302 -
180.169.147.146 - - [25/Oct/2021:10:48:00 +0800] "POST /xingrg/dwr/call/plaincall/AjaxReportQueryService.refreshCache.dwr HTTP/1.1" 200 78
61.151.178.197 - - [25/Oct/2021:10:48:00 +0800] "GET /xingrg/login.html HTTP/1.1" 200 7641
180.169.147.146 - - [25/Oct/2021:10:48:01 +0800] "POST /xingrg/all/report/load_report_page.html HTTP/1.1" 200 145792
180.169.147.146 - - [25/Oct/2021:10:48:01 +0800] "GET /xingrg/servlets/image?cache=0.10155467049081679&image=px HTTP/1.1" 200 807
180.169.147.146 - - [25/Oct/2021:10:48:01 +0800] "POST /xingrg/login.do HTTP/1.1" 302 -
180.169.147.146 - - [25/Oct/2021:10:48:01 +0800] "GET /xingrg/index.html?sysBaseUrl=http%3A%2F%2F180.169.147.146%3A18081%2Fxingrg%2F&costTime=41×tamp=1635130081879 HTTP/1.1" 200 17503
180.169.147.146 - - [25/Oct/2021:10:48:02 +0800] "GET /favicon.ico HTTP/1.1" 404 -
180.169.147.146 - - [25/Oct/2021:10:48:02 +0800] "POST /xingrg/all/common/load_tree.html?tree=area_rest_tree_json&manage=1 HTTP/1.1" 200 3472
124.78.153.86 - - [25/Oct/2021:10:48:02 +0800] "POST /xingrg/dwr/call/plaincall/AjaxQqpsService.getMaterielByCode.dwr HTTP/1.1" 200 2615
180.169.147.146 - - [25/Oct/2021:10:48:02 +0800] "GET /xingrg/all/function/internal_message.html?_=1635130084123&CODE_STATE=count HTTP/1.1" 200 11
180.169.147.146 - - [25/Oct/2021:10:48:02 +0800] "GET /xingrg/check_reg.html?_=1635130084123 HTTP/1.1" 200 22
180.169.147.146 - - [25/Oct/2021:10:48:02 +0800] "POST /xingrg/load_menu.html HTTP/1.1" 200 11443
124.78.153.86 - - [25/Oct/2021:10:48:04 +0800] "POST /xingrg/dwr/call/plaincall/AjaxQqpsService.saveMaterielItem.dwr HTTP/1.1" 200 79
124.78.153.86 - - [25/Oct/2021:10:48:04 +0800] "GET /xingrg/all/function/internal_message.html?_=1635130084744&CODE_STATE=getMsg HTTP/1.1" 200 27
101.85.106.134 - - [25/Oct/2021:10:48:06 +0800] "GET /xingrg/all/function/internal_message.html?_=1635130083879&CODE_STATE=getMsg HTTP/1.1" 200 27
116.238.248.233 - - [25/Oct/2021:10:48:06 +0800] "GET /xingrg/all/function/internal_message.html?_=1635130083917&CODE_STATE=getMsg HTTP/1.1" 200 27
116.227.210.113 - - [25/Oct/2021:10:48:07 +0800] "GET /xingrg/check_reg.html?_=1635130079027 HTTP/1.1" 200 22
116.227.210.113 - - [25/Oct/2021:10:48:07 +0800] "GET /xingrg/all/function/internal_message.html?_=1635130079028&CODE_STATE=getMsg HTTP/1.1" 200 27
222.70.171.86 - - [25/Oct/2021:10:48:07 +0800] "GET /xingrg/check_reg.html?_=1635130088975 HTTP/1.1" 200 22
124.78.153.86 - - [25/Oct/2021:10:48:08 +0800] "GET /xingrg/kc/buy/cgsh_order_operate.html?command=get_materiel&rest_code=00106&code=00101008236&supplier_code=00100007&order_time=2021-10-25 HTTP/1.1" 200 416
180.169.147.146 - - [25/Oct/2021:10:48:08 +0800] "POST /xingrg/all/user/operate.html HTTP/1.1" 200 36
180.169.147.146 - - [25/Oct/2021:10:48:08 +0800] "GET /xingrg/index.html?sysBaseUrl=http%3A%2F%2F180.169.147.146%3A18081%2Fxingrg%2F&costTime=41×tamp=1635130081879 HTTP/1.1" 200 17509
180.169.147.146 - - [25/Oct/2021:10:48:08 +0800] "GET /xingrg/javascript/jquery_easy_ui/themes/default/easyui.css HTTP/1.1" 304 -
180.169.147.146 - - [25/Oct/2021:10:48:08 +0800] "GET /xingrg/javascript/jquery_easy_ui/themes/icon.css HTTP/1.1" 304 -
180.169.147.146 - - [25/Oct/2021:10:48:08 +0800] "GET /xingrg/css/form.css HTTP/1.1" 304 -
180.169.147.146 - - [25/Oct/2021:10:48:08 +0800] "GET /xingrg/javascript/jquery-1.4.2.min.js HTTP/1.1" 304 -
180.169.147.146 - - [25/Oct/2021:10:48:08 +0800] "GET /xingrg/javascript/jquery_easy_ui/jquery.easyui.min.js HTTP/1.1" 304 -
180.169.147.146 - - [25/Oct/2021:10:48:08 +0800] "GET /xingrg/javascript/jquery_easy_ui/easyui-lang-zh_CN.js HTTP/1.1" 304 -
180.169.147.146 - - [25/Oct/2021:10:48:08 +0800] "GET /xingrg/javascript/jquery.form.js HTTP/1.1" 304 -
180.169.147.146 - - [25/Oct/2021:10:48:08 +0800] "GET /xingrg/javascript/jquery.utils.js HTTP/1.1" 304 -
180.169.147.146 - - [25/Oct/2021:10:48:08 +0800] "GET /xingrg/javascript/jquery.timers.js HTTP/1.1" 304 -
180.169.147.146 - - [25/Oct/2021:10:48:08 +0800] "GET /xingrg/images/blue/jxLogo.png HTTP/1.1" 304 -
180.169.147.146 - - [25/Oct/2021:10:48:08 +0800] "GET /xingrg/javascript/jquery_easy_ui/themes/icons/settle_new.png HTTP/1.1" 304 -
180.169.147.146 - - [25/Oct/2021:10:48:08 +0800] "GET /xingrg/images/blue/navBackgound.jpg HTTP/1.1" 304 -
180.169.147.146 - - [25/Oct/2021:10:48:08 +0800] "POST /xingrg/all/common/load_tree.html?tree=area_rest_tree_json&manage=1 HTTP/1.1" 200 3472
180.169.147.146 - - [25/Oct/2021:10:48:09 +0800] "GET /xingrg/all/function/internal_message.html?_=1635130090831&CODE_STATE=count HTTP/1.1" 200 11
180.169.147.146 - - [25/Oct/2021:10:48:09 +0800] "GET /xingrg/check_reg.html?_=1635130090833 HTTP/1.1" 200 22
180.169.147.146 - - [25/Oct/2021:10:48:09 +0800] "GET /xingrg/javascript/jquery_easy_ui/themes/default/images/tabs_rightarrow.png HTTP/1.1" 304 -
180.169.147.146 - - [25/Oct/2021:10:48:09 +0800] "GET /xingrg/javascript/jquery_easy_ui/themes/default/images/panel_tool_expand.gif HTTP/1.1" 304 -
180.169.147.146 - - [25/Oct/2021:10:48:09 +0800] "GET /xingrg/javascript/jquery_easy_ui/themes/default/images/panel_tool_collapse.gif HTTP/1.1" 304 -
180.169.147.146 - - [25/Oct/2021:10:48:09 +0800] "GET /xingrg/images/blue/pingpu.png HTTP/1.1" 304 -
180.169.147.146 - - [25/Oct/2021:10:48:09 +0800] "GET /xingrg/javascript/jquery_easy_ui/themes/default/images/tabs_leftarrow.png HTTP/1.1" 304 -
180.169.147.146 - - [25/Oct/2021:10:48:09 +0800] "POST /xingrg/load_menu.html HTTP/1.1" 200 9959
180.169.147.146 - - [25/Oct/2021:10:48:10 +0800] "GET /xingrg/kc/base/base_main.html HTTP/1.1" 200 12142
180.169.147.146 - - [25/Oct/2021:10:48:12 +0800] "GET /xingrg/kc/base/check_order_list.html HTTP/1.1" 200 16610
222.70.171.86 - - [25/Oct/2021:10:48:12 +0800] "GET /xingrg/all/function/internal_message.html?_=1635130093670&CODE_STATE=getMsg HTTP/1.1" 200 27
180.169.147.146 - - [25/Oct/2021:10:48:12 +0800] "POST /xingrg/kc/base/check_list_operate.html HTTP/1.1" 200 781
180.169.147.146 - - [25/Oct/2021:10:48:14 +0800] "POST /xingrg/kc/base/check_list_operate.html HTTP/1.1" 200 5418
124.78.153.86 - - [25/Oct/2021:10:48:16 +0800] "GET /xingrg/kc/buy/cgsh_order_operate.html?command=get_materiel&rest_code=00106&code=00101008109&supplier_code=00100007&order_time=2021-10-25 HTTP/1.1" 200 413
222.70.179.155 - - [25/Oct/2021:10:48:18 +0800] "GET /xingrg/all/function/internal_message.html?_=1635130098655&CODE_STATE=getMsg HTTP/1.1" 200 27
180.169.147.146 - - [25/Oct/2021:10:48:20 +0800] "POST /xingrg/kc/base/check_list_operate.html HTTP/1.1" 200 5612
222.70.179.155 - - [25/Oct/2021:10:48:22 +0800] "GET /xingrg/kc/buy/cgsh_order_add.html HTTP/1.1" 200 64679
114.85.125.222 - - [25/Oct/2021:10:48:23 +0800] "POST /xingrg/services/DataTransmitService HTTP/1.1" 200 524
222.70.179.155 - - [25/Oct/2021:10:48:23 +0800] "POST /xingrg/kc/buy/cgsh_order_operate.html HTTP/1.1" 200 8245
222.70.179.155 - - [25/Oct/2021:10:48:23 +0800] "GET /xingrg/javascript/easyui/themes/default/validatebox.css HTTP/1.1" 404 1104
180.169.147.146 - - [25/Oct/2021:10:48:26 +0800] "POST /xingrg/kc/base/check_list_operate.html HTTP/1.1" 200 5418
124.78.153.86 - - [25/Oct/2021:10:48:28 +0800] "POST /xingrg/dwr/call/plaincall/AjaxQqpsService.saveOrder.dwr HTTP/1.1" 200 79
180.174.227.63 - - [25/Oct/2021:10:48:29 +0800] "GET /xingrg/all/function/internal_message.html?_=1635130097436&CODE_STATE=getMsg HTTP/1.1" 200 27
58.39.139.200 - - [25/Oct/2021:10:48:31 +0800] "GET /xingrg/all/function/internal_message.html?_=1635130112655&CODE_STATE=getMsg HTTP/1.1" 200 27
180.169.147.146 - - [25/Oct/2021:10:48:32 +0800] "GET /xingrg/kc/base/check_order_info.html?code=452021102400175 HTTP/1.1" 200 23114
180.169.147.146 - - [25/Oct/2021:10:48:32 +0800] "GET /xingrg/css/table.css HTTP/1.1" 200 3684
180.169.147.146 - - [25/Oct/2021:10:48:32 +0800] "GET /xingrg/dwr/interface/AjaxComOrderService.js HTTP/1.1" 200 18264
180.169.147.146 - - [25/Oct/2021:10:48:32 +0800] "GET /xingrg/dwr/util.js HTTP/1.1" 304 -
180.169.147.146 - - [25/Oct/2021:10:48:32 +0800] "GET /xingrg/dwr/interface/AjaxCheckService.js HTTP/1.1" 200 14003
180.169.147.146 - - [25/Oct/2021:10:48:32 +0800] "GET /xingrg/javascript/AjaxInfoList.js HTTP/1.1" 200 3774
180.169.147.146 - - [25/Oct/2021:10:48:32 +0800] "GET /xingrg/dwr/engine.js HTTP/1.1" 200 43631
180.169.147.146 - - [25/Oct/2021:10:48:32 +0800] "GET /xingrg/javascript/convert.js HTTP/1.1" 200 1239
180.169.147.146 - - [25/Oct/2021:10:48:32 +0800] "GET /xingrg/javascript/print/kc_print.js HTTP/1.1" 200 11415
180.169.147.146 - - [25/Oct/2021:10:48:32 +0800] "GET /xingrg/javascript/jquery_easy_ui/themes/icons/uncheck_new.png HTTP/1.1" 200 3197
180.169.147.146 - - [25/Oct/2021:10:48:32 +0800] "GET /xingrg/javascript/jquery_easy_ui/themes/icons/exam_new.png HTTP/1.1" 200 756
180.169.147.146 - - [25/Oct/2021:10:48:33 +0800] "POST /xingrg/dwr/call/plaincall/AjaxCheckService.loadOrderItems.dwr HTTP/1.1" 200 76682
180.169.147.146 - - [25/Oct/2021:10:48:33 +0800] "GET /xingrg/all/function/internal_message.html?_=1635130114764&CODE_STATE=getMsg HTTP/1.1" 200 27
124.78.153.86 - - [25/Oct/2021:10:48:33 +0800] "GET /xingrg/kc/buy/cgsh_order_operate.html?command=get_materiel&rest_code=00106&code=00101008229&supplier_code=00100007&order_time=2021-10-25 HTTP/1.1" 200 420
180.169.147.146 - - [25/Oct/2021:10:48:34 +0800] "GET /xingrg/all/function/internal_message.html?_=1635130174246&CODE_STATE=getMsg HTTP/1.1" 200 27
222.70.179.155 - - [25/Oct/2021:10:48:42 +0800] "GET /xingrg/kc/buy/cgsh_order_operate.html?command=get_materiel&rest_code=00111&code=00102010088&supplier_code=00100384&order_time=2021-10-25 HTTP/1.1" 200 412
114.83.216.72 - - [25/Oct/2021:10:48:45 +0800] "GET /xingrg/all/function/internal_message.html?_=1635130125252&CODE_STATE=getMsg HTTP/1.1" 200 27
114.85.125.222 - - [25/Oct/2021:10:48:46 +0800] "GET /xingrg/check_reg.html?_=1635130068500 HTTP/1.1" 200 22
114.85.125.222 - - [25/Oct/2021:10:48:47 +0800] "GET /xingrg/all/function/internal_message.html?_=1635130069865&CODE_STATE=getMsg HTTP/1.1" 200 27
124.78.153.86 - - [25/Oct/2021:10:48:50 +0800] "POST /xingrg/dwr/call/plaincall/AjaxQqpsService.saveOrder.dwr HTTP/1.1" 200 79
124.78.153.86 - - [25/Oct/2021:10:48:54 +0800] "GET /xingrg/kc/base/base_main.html HTTP/1.1" 200 12142
124.78.153.86 - - [25/Oct/2021:10:48:54 +0800] "GET /xingrg/images/blue/button/wlsy.gif HTTP/1.1" 200 2536
124.78.153.86 - - [25/Oct/2021:10:48:54 +0800] "GET /xingrg/images/blue/button/ckpd.gif HTTP/1.1" 200 2051
124.78.153.86 - - [25/Oct/2021:10:48:55 +0800] "GET /xingrg/images/blue/button/ckdb.gif HTTP/1.1" 200 1950
124.78.153.86 - - [25/Oct/2021:10:48:55 +0800] "GET /xingrg/images/blue/button/yddb.gif HTTP/1.1" 200 2040
124.78.153.86 - - [25/Oct/2021:10:48:55 +0800] "GET /xingrg/images/blue/button/kc.gif HTTP/1.1" 304 -
124.78.153.86 - - [25/Oct/2021:10:48:55 +0800] "GET /xingrg/images/blue/button/top_left.jpg HTTP/1.1" 200 1632
124.78.153.86 - - [25/Oct/2021:10:48:55 +0800] "GET /xingrg/images/blue/button/down.jpg HTTP/1.1" 200 1560
124.78.153.86 - - [25/Oct/2021:10:48:55 +0800] "GET /xingrg/images/blue/button/top_right.jpg HTTP/1.1" 200 1708
124.78.153.86 - - [25/Oct/2021:10:48:55 +0800] "GET /xingrg/images/blue/button/bottom_right.jpg HTTP/1.1" 200 1436
124.78.153.86 - - [25/Oct/2021:10:48:55 +0800] "GET /xingrg/images/blue/button/left_ah.jpg HTTP/1.1" 200 1643
124.78.153.86 - - [25/Oct/2021:10:48:55 +0800] "GET /xingrg/images/blue/button/bottom_left.jpg HTTP/1.1" 200 1524
180.169.147.146 - - [25/Oct/2021:10:48:55 +0800] "GET /xingrg/check_reg.html?_=1635130195170 HTTP/1.1" 200 22
124.78.153.86 - - [25/Oct/2021:10:48:55 +0800] "POST /xingrg/kc/buy/cgsh_order_operate.html HTTP/1.1" 200 2065
124.78.153.86 - - [25/Oct/2021:10:48:56 +0800] "GET /xingrg/kc/base/wldb_order_list.html HTTP/1.1" 200 19224
124.78.153.86 - - [25/Oct/2021:10:48:56 +0800] "GET /xingrg/css/site.css HTTP/1.1" 304 -
124.78.153.86 - - [25/Oct/2021:10:48:56 +0800] "GET /xingrg/css/base.css HTTP/1.1" 304 -
124.78.153.86 - - [25/Oct/2021:10:48:56 +0800] "GET /xingrg/javascript/jquery_tools/datebox.css HTTP/1.1" 304 -
124.78.153.86 - - [25/Oct/2021:10:48:56 +0800] "GET /xingrg/javascript/easyui/themes/default/easyui.css HTTP/1.1" 304 -
124.78.153.86 - - [25/Oct/2021:10:48:56 +0800] "GET /xingrg/javascript/easyui/themes/icon.css HTTP/1.1" 304 -
124.78.153.86 - - [25/Oct/2021:10:48:56 +0800] "GET /xingrg/javascript/jquery_tools/fix.css HTTP/1.1" 304 -
124.78.153.86 - - [25/Oct/2021:10:48:56 +0800] "GET /xingrg/javascript/jquery_tools/table.css HTTP/1.1" 304 -
124.78.153.86 - - [25/Oct/2021:10:48:56 +0800] "GET /xingrg/javascript/jquery_tools/jquery.tools.min.js HTTP/1.1" 304 -
124.78.153.86 - - [25/Oct/2021:10:48:56 +0800] "GET /xingrg/javascript/jquery_tools/jquery.tools.extend.js HTTP/1.1" 304 -
124.78.153.86 - - [25/Oct/2021:10:48:56 +0800] "GET /xingrg/javascript/jquery_tools/jquery.tools.hotkey.js HTTP/1.1" 304 -
124.78.153.86 - - [25/Oct/2021:10:48:56 +0800] "GET /xingrg/javascript/jquery_tools/jquery.tools.table.js HTTP/1.1" 304 -
124.78.153.86 - - [25/Oct/2021:10:48:56 +0800] "GET /xingrg/javascript/jquery_tools/list_manager.js HTTP/1.1" 304 -
124.78.153.86 - - [25/Oct/2021:10:48:56 +0800] "GET /xingrg/javascript/easyui/easyloader.js HTTP/1.1" 304 -
124.78.153.86 - - [25/Oct/2021:10:48:56 +0800] "GET /xingrg/javascript/jquery.cookie.js HTTP/1.1" 304 -
124.78.153.86 - - [25/Oct/2021:10:48:56 +0800] "GET /xingrg/javascript/easyui/themes/icons/check_new.png HTTP/1.1" 304 -
124.78.153.86 - - [25/Oct/2021:10:48:56 +0800] "GET /xingrg/javascript/easyui/themes/icons/import_new.png HTTP/1.1" 304 -
124.78.153.86 - - [25/Oct/2021:10:48:56 +0800] "GET /xingrg/javascript/easyui/themes/icons/field_new.png HTTP/1.1" 304 -
124.78.153.86 - - [25/Oct/2021:10:48:56 +0800] "GET /xingrg/javascript/easyui/themes/icons/edit_add_new.png HTTP/1.1" 304 -
124.78.153.86 - - [25/Oct/2021:10:48:56 +0800] "GET /xingrg/javascript/easyui/themes/icons/cance_new.png HTTP/1.1" 304 -
124.78.153.86 - - [25/Oct/2021:10:48:56 +0800] "GET /xingrg/javascript/easyui/plugins/jquery.parser.js HTTP/1.1" 304 -
124.78.153.86 - - [25/Oct/2021:10:48:56 +0800] "GET /xingrg/images/control/ajaxLoader.gif HTTP/1.1" 304 -
180.169.147.146 - - [25/Oct/2021:10:48:56 +0800] "GET /xingrg/all/function/internal_message.html?_=1635130136649&CODE_STATE=getMsg HTTP/1.1" 200 27
124.78.153.86 - - [25/Oct/2021:10:48:57 +0800] "POST /xingrg/kc/base/wldb_list_operate.html HTTP/1.1" 200 928
180.157.253.6 - - [25/Oct/2021:10:48:57 +0800] "GET /xingrg/all/function/internal_message.html?_=1635130137404&CODE_STATE=getMsg HTTP/1.1" 200 27
124.78.153.86 - - [25/Oct/2021:10:48:58 +0800] "GET /xingrg/javascript/easyui/themes/default/images/button_plain_hover.png HTTP/1.1" 304 -
124.78.153.86 - - [25/Oct/2021:10:48:59 +0800] "GET /xingrg/kc/base/wldb_order_add.html HTTP/1.1" 200 30438
124.78.153.86 - - [25/Oct/2021:10:48:59 +0800] "GET /xingrg/javascript/jquery_tools/order_manager.js HTTP/1.1" 304 -
124.78.153.86 - - [25/Oct/2021:10:48:59 +0800] "GET /xingrg/javascript/convert.js HTTP/1.1" 304 -
124.78.153.86 - - [25/Oct/2021:10:48:59 +0800] "GET /xingrg/javascript/json2.js HTTP/1.1" 304 -
124.78.153.86 - - [25/Oct/2021:10:48:59 +0800] "GET /xingrg/javascript/easyui/themes/icons/ok.png HTTP/1.1" 200 883
124.78.153.86 - - [25/Oct/2021:10:48:59 +0800] "GET /xingrg/javascript/easyui/themes/icons/template_new.png HTTP/1.1" 200 3956
124.78.153.86 - - [25/Oct/2021:10:48:59 +0800] "GET /xingrg/javascript/easyui/themes/icons/cancel.png HTTP/1.1" 304 -
124.78.153.86 - - [25/Oct/2021:10:48:59 +0800] "GET /xingrg/javascript/easyui/themes/default/images/menu_downarrow.png HTTP/1.1" 304 -
124.78.153.86 - - [25/Oct/2021:10:48:59 +0800] "GET /xingrg/javascript/easyui/themes/icons/print.png HTTP/1.1" 304 -
124.78.153.86 - - [25/Oct/2021:10:48:59 +0800] "POST /xingrg/kc/base/wldb_order_operate.html HTTP/1.1" 200 6806
124.78.153.86 - - [25/Oct/2021:10:48:59 +0800] "GET /xingrg/all/common/auto_word.html?type=base&rest_code=00106 HTTP/1.1" 200 1753
124.78.153.86 - - [25/Oct/2021:10:48:59 +0800] "GET /xingrg/all/common/auto_word.html?type=base&rest_code=00106 HTTP/1.1" 200 1753
124.78.153.86 - - [25/Oct/2021:10:48:59 +0800] "GET /xingrg/javascript/easyui/themes/default/validatebox.css HTTP/1.1" 404 1104
124.78.153.86 - - [25/Oct/2021:10:48:59 +0800] "GET /xingrg/javascript/easyui/plugins/jquery.validatebox.js HTTP/1.1" 304 -
124.78.153.86 - - [25/Oct/2021:10:48:59 +0800] "GET /xingrg/javascript/easyui/plugins/jquery.numberbox.js HTTP/1.1" 304 -
124.78.153.86 - - [25/Oct/2021:10:48:59 +0800] "GET /xingrg/all/function/internal_message.html?_=1635130138655&CODE_STATE=getMsg HTTP/1.1" 200 27
124.78.153.86 - - [25/Oct/2021:10:48:59 +0800] "GET /xingrg/javascript/easyui/themes/icons/edit_remove.png HTTP/1.1" 304 -
124.78.153.86 - - [25/Oct/2021:10:49:01 +0800] "GET /xingrg/css/images/panel_loading.gif HTTP/1.1" 200 1737
124.78.153.86 - - [25/Oct/2021:10:49:01 +0800] "POST /xingrg/all/common/load_combo.html?type=base HTTP/1.1" 200 3142
124.78.153.86 - - [25/Oct/2021:10:49:04 +0800] "GET /xingrg/all/function/internal_message.html?_=1635130144748&CODE_STATE=getMsg HTTP/1.1" 200 27
124.78.153.86 - - [25/Oct/2021:10:49:05 +0800] "POST /xingrg/all/common/load_combo.html?type=base HTTP/1.1" 200 3142
101.85.106.134 - - [25/Oct/2021:10:49:06 +0800] "GET /xingrg/all/function/internal_message.html?_=1635130143878&CODE_STATE=getMsg HTTP/1.1" 200 27
116.238.248.233 - - [25/Oct/2021:10:49:06 +0800] "GET /xingrg/all/function/internal_message.html?_=1635130143929&CODE_STATE=getMsg HTTP/1.1" 200 27
61.151.178.177 - - [25/Oct/2021:10:49:06 +0800] "GET /xingrg/kc/buy/cgsh_order_operate.html?command=get_materiel&rest_code=00106&code=00101008236&supplier_code=00100007&order_time=2021-10-25 HTTP/1.1" 302 -
116.227.210.113 - - [25/Oct/2021:10:49:07 +0800] "GET /xingrg/all/function/internal_message.html?_=1635130139018&CODE_STATE=getMsg HTTP/1.1" 200 27
61.151.178.177 - - [25/Oct/2021:10:49:07 +0800] "GET /xingrg/login.html HTTP/1.1" 200 7641
180.169.147.146 - - [25/Oct/2021:10:49:09 +0800] "GET /xingrg/all/function/internal_message.html?_=1635130150851&CODE_STATE=getMsg HTTP/1.1" 200 27
222.70.171.86 - - [25/Oct/2021:10:49:12 +0800] "GET /xingrg/all/function/internal_message.html?_=1635130153684&CODE_STATE=getMsg HTTP/1.1" 200 27
222.70.179.155 - - [25/Oct/2021:10:49:12 +0800] "GET /xingrg/kc/buy/cgsh_order_operate.html?command=get_materiel&rest_code=00111&code=00102009513&supplier_code=00100384&order_time=2021-10-25 HTTP/1.1" 200 408
61.151.178.177 - - [25/Oct/2021:10:49:14 +0800] "GET /xingrg/kc/buy/cgsh_order_operate.html?command=get_materiel&rest_code=00106&code=00101008109&supplier_code=00100007&order_time=2021-10-25 HTTP/1.1" 302 -
61.151.178.177 - - [25/Oct/2021:10:49:15 +0800] "GET /xingrg/login.html HTTP/1.1" 200 7641
124.78.153.86 - - [25/Oct/2021:10:49:18 +0800] "GET /xingrg/javascript/auto/indicator.gif HTTP/1.1" 404 1066
222.70.179.155 - - [25/Oct/2021:10:49:18 +0800] "GET /xingrg/all/function/internal_message.html?_=1635130158641&CODE_STATE=getMsg HTTP/1.1" 200 27
124.78.153.86 - - [25/Oct/2021:10:49:23 +0800] "GET /xingrg/kc/base/wldb_order_operate.html?command=get_materiel&rest_code=00106&base_code=0010396&code=00101019184 HTTP/1.1" 200 442
124.78.153.86 - - [25/Oct/2021:10:49:26 +0800] "POST /xingrg/kc/buy/cgsh_order_operate.html HTTP/1.1" 200 37
180.169.147.146 - - [25/Oct/2021:10:49:28 +0800] "POST /xingrg/all/user/operate.html HTTP/1.1" 200 36
180.169.147.146 - - [25/Oct/2021:10:49:28 +0800] "GET /xingrg/javascript/jquery_easy_ui/themes/default/easyui.css HTTP/1.1" 304 -
180.169.147.146 - - [25/Oct/2021:10:49:28 +0800] "GET /xingrg/index.html?sysBaseUrl=http%3A%2F%2F180.169.147.146%3A18081%2Fxingrg%2F&costTime=41×tamp=1635130081879 HTTP/1.1" 200 17503
180.169.147.146 - - [25/Oct/2021:10:49:28 +0800] "GET /xingrg/javascript/jquery_easy_ui/themes/icon.css HTTP/1.1" 304 -
180.169.147.146 - - [25/Oct/2021:10:49:28 +0800] "GET /xingrg/css/form.css HTTP/1.1" 304 -
180.169.147.146 - - [25/Oct/2021:10:49:28 +0800] "GET /xingrg/javascript/jquery-1.4.2.min.js HTTP/1.1" 304 -
180.169.147.146 - - [25/Oct/2021:10:49:28 +0800] "GET /xingrg/javascript/jquery_easy_ui/jquery.easyui.min.js HTTP/1.1" 304 -
180.169.147.146 - - [25/Oct/2021:10:49:28 +0800] "GET /xingrg/javascript/jquery_easy_ui/easyui-lang-zh_CN.js HTTP/1.1" 304 -
180.169.147.146 - - [25/Oct/2021:10:49:28 +0800] "GET /xingrg/javascript/jquery.form.js HTTP/1.1" 304 -
180.169.147.146 - - [25/Oct/2021:10:49:28 +0800] "GET /xingrg/javascript/jquery.utils.js HTTP/1.1" 304 -
180.169.147.146 - - [25/Oct/2021:10:49:28 +0800] "GET /xingrg/javascript/jquery.timers.js HTTP/1.1" 304 -
180.169.147.146 - - [25/Oct/2021:10:49:28 +0800] "GET /xingrg/images/blue/jxLogo.png HTTP/1.1" 304 -
180.169.147.146 - - [25/Oct/2021:10:49:28 +0800] "GET /xingrg/javascript/jquery_easy_ui/themes/icons/settle_new.png HTTP/1.1" 304 -
180.169.147.146 - - [25/Oct/2021:10:49:28 +0800] "GET /xingrg/images/blue/navBackgound.jpg HTTP/1.1" 304 -
180.169.147.146 - - [25/Oct/2021:10:49:28 +0800] "POST /xingrg/all/common/load_tree.html?tree=area_rest_tree_json&manage=1 HTTP/1.1" 200 3472
180.169.147.146 - - [25/Oct/2021:10:49:28 +0800] "GET /xingrg/all/function/internal_message.html?_=1635130170120&CODE_STATE=count HTTP/1.1" 200 11
180.169.147.146 - - [25/Oct/2021:10:49:28 +0800] "GET /xingrg/check_reg.html?_=1635130170121 HTTP/1.1" 200 22
180.169.147.146 - - [25/Oct/2021:10:49:28 +0800] "GET /xingrg/javascript/jquery_easy_ui/themes/default/images/panel_tool_collapse.gif HTTP/1.1" 304 -
180.169.147.146 - - [25/Oct/2021:10:49:28 +0800] "GET /xingrg/javascript/jquery_easy_ui/themes/default/images/panel_tool_expand.gif HTTP/1.1" 304 -
180.169.147.146 - - [25/Oct/2021:10:49:28 +0800] "GET /xingrg/images/blue/pingpu.png HTTP/1.1" 304 -
180.169.147.146 - - [25/Oct/2021:10:49:28 +0800] "GET /xingrg/javascript/jquery_easy_ui/themes/default/images/tabs_leftarrow.png HTTP/1.1" 304 -
180.169.147.146 - - [25/Oct/2021:10:49:28 +0800] "GET /xingrg/javascript/jquery_easy_ui/themes/default/images/tabs_rightarrow.png HTTP/1.1" 304 -
180.169.147.146 - - [25/Oct/2021:10:49:28 +0800] "POST /xingrg/load_menu.html HTTP/1.1" 200 9959
124.78.153.86 - - [25/Oct/2021:10:49:29 +0800] "POST /xingrg/kc/buy/cgsh_order_operate.html HTTP/1.1" 200 12
180.174.227.63 - - [25/Oct/2021:10:49:29 +0800] "GET /xingrg/all/function/internal_message.html?_=1635130157448&CODE_STATE=getMsg HTTP/1.1" 200 27
180.169.147.146 - - [25/Oct/2021:10:49:30 +0800] "GET /xingrg/kc/report/report_main.html HTTP/1.1" 200 7345
124.78.153.86 - - [25/Oct/2021:10:49:30 +0800] "GET /xingrg/kc/buy/cgsh_order_info.html?code=212021102511033 HTTP/1.1" 200 59596
180.169.147.146 - - [25/Oct/2021:10:49:30 +0800] "GET /xingrg/kc/base/crk_hz.html HTTP/1.1" 200 11247
180.169.147.146 - - [25/Oct/2021:10:49:30 +0800] "GET /xingrg/javascript/step/step.css HTTP/1.1" 200 999
180.169.147.146 - - [25/Oct/2021:10:49:31 +0800] "POST /xingrg/kc/cost/cost_operate.html?command=get_base_tree HTTP/1.1" 200 2388
180.169.147.146 - - [25/Oct/2021:10:49:31 +0800] "POST /xingrg/all/common/load_tree.html?tree=materiel_sort_tree_json HTTP/1.1" 200 8912
180.169.147.146 - - [25/Oct/2021:10:49:31 +0800] "GET /xingrg/javascript/jquery_easy_ui/themes/icons/search.png HTTP/1.1" 200 813
180.169.147.146 - - [25/Oct/2021:10:49:31 +0800] "GET /xingrg/javascript/jquery_easy_ui/themes/default/images/calendar_nextmonth.gif HTTP/1.1" 200 64
180.169.147.146 - - [25/Oct/2021:10:49:31 +0800] "GET /xingrg/javascript/jquery_easy_ui/themes/default/images/calendar_prevmonth.gif HTTP/1.1" 200 66
180.169.147.146 - - [25/Oct/2021:10:49:31 +0800] "GET /xingrg/javascript/jquery_easy_ui/themes/default/images/calendar_prevyear.gif HTTP/1.1" 200 76
180.169.147.146 - - [25/Oct/2021:10:49:31 +0800] "GET /xingrg/javascript/jquery_easy_ui/themes/default/images/calendar_nextyear.gif HTTP/1.1" 200 75
124.78.153.86 - - [25/Oct/2021:10:49:31 +0800] "GET /xingrg/javascript/easyui/themes/default/validatebox.css HTTP/1.1" 404 1104
58.39.139.200 - - [25/Oct/2021:10:49:31 +0800] "GET /xingrg/all/function/internal_message.html?_=1635130172655&CODE_STATE=getMsg HTTP/1.1" 200 27
58.39.139.200 - - [25/Oct/2021:10:49:31 +0800] "GET /xingrg/check_reg.html?_=1635130172658 HTTP/1.1" 200 22
124.78.153.86 - - [25/Oct/2021:10:49:32 +0800] "POST /xingrg/kc/buy/cgsh_order_operate.html HTTP/1.1" 200 24249
61.151.178.180 - - [25/Oct/2021:10:49:32 +0800] "GET /xingrg/kc/buy/cgsh_order_operate.html?command=get_materiel&rest_code=00106&code=00101008229&supplier_code=00100007&order_time=2021-10-25 HTTP/1.1" 302 -
61.151.178.180 - - [25/Oct/2021:10:49:33 +0800] "GET /xingrg/login.html HTTP/1.1" 200 7641
180.169.147.146 - - [25/Oct/2021:10:49:33 +0800] "GET /xingrg/all/function/internal_message.html?_=1635130174763&CODE_STATE=getMsg HTTP/1.1" 200 27
180.169.147.146 - - [25/Oct/2021:10:49:34 +0800] "GET /xingrg/all/function/internal_message.html?_=1635130234220&CODE_STATE=getMsg HTTP/1.1" 200 27
124.78.153.86 - - [25/Oct/2021:10:49:34 +0800] "GET /xingrg/kc/print/load_config.html?kc_code=cgsh HTTP/1.1" 200 2281
124.78.153.86 - - [25/Oct/2021:10:49:34 +0800] "GET /xingrg/kc/print/load_data.html?order_code=212021102511033&kc_code=cgsh&condition= HTTP/1.1" 200 9698
180.169.147.146 - - [25/Oct/2021:10:49:35 +0800] "GET /xingrg/kc/base/check_order_list.html HTTP/1.1" 200 16604
180.169.147.146 - - [25/Oct/2021:10:49:35 +0800] "POST /xingrg/kc/base/check_list_operate.html HTTP/1.1" 200 781
180.169.147.146 - - [25/Oct/2021:10:49:37 +0800] "POST /xingrg/kc/base/check_list_operate.html HTTP/1.1" 200 5394
124.78.153.86 - - [25/Oct/2021:10:49:38 +0800] "GET /xingrg/kc/base/wldb_order_operate.html?command=get_materiel&rest_code=00106&base_code=0010396&code=00101019724 HTTP/1.1" 200 433
180.169.147.146 - - [25/Oct/2021:10:49:42 +0800] "GET /xingrg/kc/base/base_main.html HTTP/1.1" 200 12142
180.169.147.146 - - [25/Oct/2021:10:49:44 +0800] "GET /xingrg/kc/base/check_order_list.html HTTP/1.1" 200 16610
180.169.147.146 - - [25/Oct/2021:10:49:44 +0800] "POST /xingrg/kc/base/check_list_operate.html HTTP/1.1" 200 781
114.83.216.72 - - [25/Oct/2021:10:49:44 +0800] "GET /xingrg/all/function/internal_message.html?_=1635130185235&CODE_STATE=getMsg HTTP/1.1" 200 27
124.78.153.86 - - [25/Oct/2021:10:49:46 +0800] "GET /xingrg/kc/print/load_data.html?order_code=212021102511033&kc_code=cgsh HTTP/1.1" 200 9698
114.85.125.222 - - [25/Oct/2021:10:49:47 +0800] "GET /xingrg/all/function/internal_message.html?_=1635130129879&CODE_STATE=getMsg HTTP/1.1" 200 27
180.169.147.146 - - [25/Oct/2021:10:49:50 +0800] "POST /xingrg/kc/base/check_list_operate.html HTTP/1.1" 200 3399
124.78.153.86 - - [25/Oct/2021:10:49:52 +0800] "GET /xingrg/kc/base/wldb_order_operate.html?command=get_materiel&rest_code=00106&base_code=0010396&code=00101019492 HTTP/1.1" 200 458
180.169.147.146 - - [25/Oct/2021:10:49:56 +0800] "GET /xingrg/all/function/internal_message.html?_=1635130196651&CODE_STATE=getMsg HTTP/1.1" 200 27
180.157.253.6 - - [25/Oct/2021:10:49:57 +0800] "GET /xingrg/all/function/internal_message.html?_=1635130197403&CODE_STATE=getMsg HTTP/1.1" 200 27
124.78.153.86 - - [25/Oct/2021:10:50:04 +0800] "GET /xingrg/all/function/internal_message.html?_=1635130204742&CODE_STATE=getMsg HTTP/1.1" 200 27
101.85.106.134 - - [25/Oct/2021:10:50:06 +0800] "GET /xingrg/all/function/internal_message.html?_=1635130203878&CODE_STATE=getMsg HTTP/1.1" 200 27
116.238.248.233 - - [25/Oct/2021:10:50:06 +0800] "GET /xingrg/all/function/internal_message.html?_=1635130203935&CODE_STATE=getMsg HTTP/1.1" 200 27
116.227.210.113 - - [25/Oct/2021:10:50:07 +0800] "GET /xingrg/all/function/internal_message.html?_=1635130199008&CODE_STATE=getMsg HTTP/1.1" 200 27
124.78.153.86 - - [25/Oct/2021:10:50:11 +0800] "GET /xingrg/kc/base/wldb_order_operate.html?command=get_materiel&rest_code=00106&base_code=0010396&code=00101019187 HTTP/1.1" 200 465
222.70.171.86 - - [25/Oct/2021:10:50:12 +0800] "GET /xingrg/all/function/internal_message.html?_=1635130213889&CODE_STATE=getMsg HTTP/1.1" 200 27
124.78.153.86 - - [25/Oct/2021:10:50:14 +0800] "GET /xingrg/all/function/internal_message.html?_=1635130213070&CODE_STATE=getMsg HTTP/1.1" 200 27
222.70.179.155 - - [25/Oct/2021:10:50:18 +0800] "GET /xingrg/all/function/internal_message.html?_=1635130218624&CODE_STATE=getMsg HTTP/1.1" 200 27
222.70.179.155 - - [25/Oct/2021:10:50:22 +0800] "GET /xingrg/kc/buy/cgsh_order_operate.html?command=get_materiel&rest_code=00111&code=00102016599&supplier_code=00100384&order_time=2021-10-25 HTTP/1.1" 200 405
124.78.153.86 - - [25/Oct/2021:10:50:23 +0800] "GET /xingrg/kc/base/wldb_order_operate.html?command=get_materiel&rest_code=00106&base_code=0010396&code=00101019297 HTTP/1.1" 200 464
180.169.147.146 - - [25/Oct/2021:10:50:28 +0800] "GET /xingrg/all/function/internal_message.html?_=1635130230127&CODE_STATE=getMsg HTTP/1.1" 200 27
180.174.227.63 - - [25/Oct/2021:10:50:30 +0800] "GET /xingrg/all/function/internal_message.html?_=1635130217893&CODE_STATE=getMsg HTTP/1.1" 200 27
58.39.139.200 - - [25/Oct/2021:10:50:31 +0800] "GET /xingrg/all/function/internal_message.html?_=1635130232657&CODE_STATE=getMsg HTTP/1.1" 200 27
116.238.248.233 - - [25/Oct/2021:10:50:33 +0800] "POST /xingrg/all/user/operate.html HTTP/1.1" 200 36
180.169.147.146 - - [25/Oct/2021:10:50:33 +0800] "GET /xingrg/all/function/internal_message.html?_=1635130234763&CODE_STATE=getMsg HTTP/1.1" 200 27
116.238.248.233 - - [25/Oct/2021:10:50:34 +0800] "GET /xingrg/javascript/jquery_easy_ui/themes/default/easyui.css HTTP/1.1" 304 -
116.238.248.233 - - [25/Oct/2021:10:50:34 +0800] "GET /xingrg/index.html?sysBaseUrl=http%3A%2F%2F180.169.147.146%3A18081%2Fxingrg%2F&costTime=115×tamp=1635039166354 HTTP/1.1" 200 17179
116.238.248.233 - - [25/Oct/2021:10:50:34 +0800] "GET /xingrg/javascript/jquery_easy_ui/themes/icon.css HTTP/1.1" 304 -
116.238.248.233 - - [25/Oct/2021:10:50:34 +0800] "GET /xingrg/css/form.css HTTP/1.1" 304 -
116.238.248.233 - - [25/Oct/2021:10:50:34 +0800] "GET /xingrg/javascript/jquery-1.4.2.min.js HTTP/1.1" 304 -
116.238.248.233 - - [25/Oct/2021:10:50:34 +0800] "GET /xingrg/javascript/jquery_easy_ui/jquery.easyui.min.js HTTP/1.1" 304 -
116.238.248.233 - - [25/Oct/2021:10:50:34 +0800] "GET /xingrg/javascript/jquery_easy_ui/easyui-lang-zh_CN.js HTTP/1.1" 304 -
116.238.248.233 - - [25/Oct/2021:10:50:34 +0800] "GET /xingrg/javascript/jquery.form.js HTTP/1.1" 304 -
116.238.248.233 - - [25/Oct/2021:10:50:34 +0800] "GET /xingrg/javascript/jquery.utils.js HTTP/1.1" 304 -
116.238.248.233 - - [25/Oct/2021:10:50:34 +0800] "GET /xingrg/javascript/jquery.timers.js HTTP/1.1" 304 -
116.238.248.233 - - [25/Oct/2021:10:50:34 +0800] "GET /xingrg/images/blue/jxLogo.png HTTP/1.1" 304 -
116.238.248.233 - - [25/Oct/2021:10:50:34 +0800] "GET /xingrg/images/blue/navBackgound.jpg HTTP/1.1" 304 -
116.238.248.233 - - [25/Oct/2021:10:50:34 +0800] "GET /xingrg/javascript/jquery_easy_ui/themes/icons/settle_new.png HTTP/1.1" 304 -
180.169.147.146 - - [25/Oct/2021:10:50:34 +0800] "GET /xingrg/all/function/internal_message.html?_=1635130294206&CODE_STATE=getMsg HTTP/1.1" 200 27
116.238.248.233 - - [25/Oct/2021:10:50:34 +0800] "POST /xingrg/all/common/load_tree.html?tree=area_rest_tree_json&manage=1 HTTP/1.1" 200 476
116.235.95.99 - - [25/Oct/2021:10:50:34 +0800] "POST /xingrg/services/DataTransmitService HTTP/1.1" 200 524
116.238.248.233 - - [25/Oct/2021:10:50:34 +0800] "GET /xingrg/all/function/internal_message.html?_=1635130231842&CODE_STATE=count HTTP/1.1" 200 11
116.238.248.233 - - [25/Oct/2021:10:50:34 +0800] "GET /xingrg/check_reg.html?_=1635130231845 HTTP/1.1" 200 22
