101.85.106.134 - - [25/Oct/2021:10:07:38 +0800] "GET /xingrg/kc/base/wldb_order_list.html HTTP/1.1" 200 19230
101.85.106.134 - - [25/Oct/2021:10:07:38 +0800] "POST /xingrg/kc/base/wldb_list_operate.html HTTP/1.1" 200 1784
180.174.227.63 - - [25/Oct/2021:10:07:42 +0800] "GET /xingrg/all/function/internal_message.html?_=1635127649959&CODE_STATE=getMsg HTTP/1.1" 200 27
101.85.106.134 - - [25/Oct/2021:10:07:43 +0800] "POST /xingrg/kc/base/wldb_list_operate.html HTTP/1.1" 200 607
101.85.106.134 - - [25/Oct/2021:10:07:44 +0800] "GET /xingrg/kc/base/wldb_order_info.html?code=422021102302416 HTTP/1.1" 200 30461
101.85.106.134 - - [25/Oct/2021:10:07:44 +0800] "GET /xingrg/all/common/auto_word.html?type=base&rest_code=00142 HTTP/1.1" 200 719
101.85.106.134 - - [25/Oct/2021:10:07:44 +0800] "GET /xingrg/all/common/auto_word.html?type=base&rest_code=00142 HTTP/1.1" 200 719
101.85.106.134 - - [25/Oct/2021:10:07:44 +0800] "GET /xingrg/javascript/easyui/themes/default/validatebox.css HTTP/1.1" 404 1104
101.85.106.134 - - [25/Oct/2021:10:07:44 +0800] "POST /xingrg/kc/base/wldb_order_operate.html HTTP/1.1" 200 7028
114.83.216.72 - - [25/Oct/2021:10:07:45 +0800] "GET /xingrg/all/function/internal_message.html?_=1635127665885&CODE_STATE=getMsg HTTP/1.1" 200 27
114.85.125.222 - - [25/Oct/2021:10:07:46 +0800] "GET /xingrg/all/function/internal_message.html?_=1635127608512&CODE_STATE=getMsg HTTP/1.1" 200 27
180.169.147.146 - - [25/Oct/2021:10:07:56 +0800] "GET /xingrg/all/function/internal_message.html?_=1635127676606&CODE_STATE=getMsg HTTP/1.1" 200 27
180.157.253.6 - - [25/Oct/2021:10:07:57 +0800] "GET /xingrg/all/function/internal_message.html?_=1635127677352&CODE_STATE=getMsg HTTP/1.1" 200 27
124.78.153.86 - - [25/Oct/2021:10:07:59 +0800] "GET /xingrg/all/function/internal_message.html?_=1635127678588&CODE_STATE=getMsg HTTP/1.1" 200 27
101.85.106.134 - - [25/Oct/2021:10:08:05 +0800] "GET /xingrg/all/function/internal_message.html?_=1635127683851&CODE_STATE=getMsg HTTP/1.1" 200 27
116.238.248.233 - - [25/Oct/2021:10:08:06 +0800] "GET /xingrg/all/function/internal_message.html?_=1635127683706&CODE_STATE=getMsg HTTP/1.1" 200 27
222.70.171.86 - - [25/Oct/2021:10:08:07 +0800] "GET /xingrg/check_reg.html?_=1635127688515 HTTP/1.1" 200 22
180.169.147.146 - - [25/Oct/2021:10:08:07 +0800] "GET /xingrg/all/function/internal_message.html?_=1635127747208&CODE_STATE=getMsg HTTP/1.1" 200 27
116.227.210.113 - - [25/Oct/2021:10:08:07 +0800] "GET /xingrg/check_reg.html?_=1635127679026 HTTP/1.1" 200 22
116.227.210.113 - - [25/Oct/2021:10:08:07 +0800] "GET /xingrg/all/function/internal_message.html?_=1635127679030&CODE_STATE=getMsg HTTP/1.1" 200 27
222.70.171.86 - - [25/Oct/2021:10:08:10 +0800] "GET /xingrg/all/function/internal_message.html?_=1635127691347&CODE_STATE=getMsg HTTP/1.1" 200 27
116.233.78.170 - - [25/Oct/2021:10:08:12 +0800] "GET /xingrg/all/function/internal_message.html?_=1635127692539&CODE_STATE=getMsg HTTP/1.1" 200 27
222.70.179.155 - - [25/Oct/2021:10:08:18 +0800] "GET /xingrg/all/function/internal_message.html?_=1635127698612&CODE_STATE=getMsg HTTP/1.1" 200 27
58.39.139.200 - - [25/Oct/2021:10:08:31 +0800] "GET /xingrg/all/function/internal_message.html?_=1635127712597&CODE_STATE=getMsg HTTP/1.1" 200 27
101.85.106.134 - - [25/Oct/2021:10:08:38 +0800] "GET /xingrg/javascript/auto/indicator.gif HTTP/1.1" 404 1066
101.85.106.134 - - [25/Oct/2021:10:08:41 +0800] "GET /xingrg/kc/base/wldb_order_operate.html?command=get_materiel&rest_code=00142&base_code=0010185&code=00101021030 HTTP/1.1" 200 432
180.174.227.63 - - [25/Oct/2021:10:08:42 +0800] "GET /xingrg/all/function/internal_message.html?_=1635127709963&CODE_STATE=getMsg HTTP/1.1" 200 27
114.85.125.222 - - [25/Oct/2021:10:08:45 +0800] "GET /xingrg/check_reg.html?_=1635127667667 HTTP/1.1" 200 22
114.83.216.72 - - [25/Oct/2021:10:08:45 +0800] "GET /xingrg/all/function/internal_message.html?_=1635127725867&CODE_STATE=getMsg HTTP/1.1" 200 27
114.85.125.222 - - [25/Oct/2021:10:08:46 +0800] "GET /xingrg/all/function/internal_message.html?_=1635127668526&CODE_STATE=getMsg HTTP/1.1" 200 27
58.37.227.186 - - [25/Oct/2021:10:08:50 +0800] "GET /xingrg/kc/buy/buy_main.html HTTP/1.1" 200 12412
58.37.227.186 - - [25/Oct/2021:10:08:50 +0800] "GET /xingrg/css/new_ie.css HTTP/1.1" 404 1036
58.37.227.186 - - [25/Oct/2021:10:08:52 +0800] "GET /xingrg/images/yd/bt.gif HTTP/1.1" 404 1040
58.37.227.186 - - [25/Oct/2021:10:08:53 +0800] "GET /xingrg/kc/buy/cgsh_order_list.html HTTP/1.1" 200 48947
58.37.227.186 - - [25/Oct/2021:10:08:54 +0800] "POST /xingrg/kc/buy/cgsh_list_operate.html HTTP/1.1" 200 876
180.169.147.146 - - [25/Oct/2021:10:08:56 +0800] "GET /xingrg/all/function/internal_message.html?_=1635127736606&CODE_STATE=getMsg HTTP/1.1" 200 27
58.37.227.186 - - [25/Oct/2021:10:08:57 +0800] "GET /xingrg/kc/buy/cgsh_order_add.html HTTP/1.1" 200 64685
58.37.227.186 - - [25/Oct/2021:10:08:57 +0800] "GET /xingrg/javascript/easyui/themes/default/validatebox.css HTTP/1.1" 404 1104
58.37.227.186 - - [25/Oct/2021:10:08:57 +0800] "POST /xingrg/kc/buy/cgsh_order_operate.html HTTP/1.1" 200 8245
180.157.253.6 - - [25/Oct/2021:10:08:57 +0800] "GET /xingrg/all/function/internal_message.html?_=1635127737323&CODE_STATE=getMsg HTTP/1.1" 200 27
101.85.106.134 - - [25/Oct/2021:10:08:57 +0800] "GET /xingrg/kc/base/wldb_order_operate.html?command=get_materiel&rest_code=00142&base_code=0010185&code=00101021003 HTTP/1.1" 200 436
124.78.153.86 - - [25/Oct/2021:10:08:59 +0800] "GET /xingrg/all/function/internal_message.html?_=1635127738588&CODE_STATE=getMsg HTTP/1.1" 200 27
101.85.106.134 - - [25/Oct/2021:10:09:05 +0800] "GET /xingrg/all/function/internal_message.html?_=1635127743856&CODE_STATE=getMsg HTTP/1.1" 200 27
116.238.248.233 - - [25/Oct/2021:10:09:06 +0800] "GET /xingrg/all/function/internal_message.html?_=1635127743706&CODE_STATE=getMsg HTTP/1.1" 200 27
180.169.147.146 - - [25/Oct/2021:10:09:07 +0800] "GET /xingrg/check_reg.html?_=1635127807193 HTTP/1.1" 200 22
180.169.147.146 - - [25/Oct/2021:10:09:07 +0800] "GET /xingrg/all/function/internal_message.html?_=1635127807194&CODE_STATE=getMsg HTTP/1.1" 200 27
116.227.210.113 - - [25/Oct/2021:10:09:07 +0800] "GET /xingrg/all/function/internal_message.html?_=1635127739016&CODE_STATE=getMsg HTTP/1.1" 200 27
222.70.171.86 - - [25/Oct/2021:10:09:10 +0800] "GET /xingrg/all/function/internal_message.html?_=1635127751361&CODE_STATE=getMsg HTTP/1.1" 200 27
116.233.78.170 - - [25/Oct/2021:10:09:12 +0800] "GET /xingrg/all/function/internal_message.html?_=1635127752540&CODE_STATE=getMsg HTTP/1.1" 200 27
101.85.106.134 - - [25/Oct/2021:10:09:15 +0800] "GET /xingrg/kc/base/wldb_order_operate.html?command=get_materiel&rest_code=00142&base_code=0010185&code=00101006206 HTTP/1.1" 200 436
222.70.179.155 - - [25/Oct/2021:10:09:18 +0800] "GET /xingrg/all/function/internal_message.html?_=1635127758612&CODE_STATE=getMsg HTTP/1.1" 200 27
58.37.227.186 - - [25/Oct/2021:10:09:19 +0800] "GET /xingrg/javascript/jquery_tools/images/next.gif HTTP/1.1" 404 1086
58.37.227.186 - - [25/Oct/2021:10:09:19 +0800] "GET /xingrg/javascript/jquery_tools/images/prev.gif HTTP/1.1" 404 1086
58.39.139.200 - - [25/Oct/2021:10:09:31 +0800] "GET /xingrg/check_reg.html?_=1635127772598 HTTP/1.1" 200 22
58.39.139.200 - - [25/Oct/2021:10:09:31 +0800] "GET /xingrg/all/function/internal_message.html?_=1635127772601&CODE_STATE=getMsg HTTP/1.1" 200 27
101.85.106.134 - - [25/Oct/2021:10:09:34 +0800] "GET /xingrg/kc/base/wldb_order_operate.html?command=get_materiel&rest_code=00142&base_code=0010185&code=00101010289 HTTP/1.1" 200 449
58.37.227.186 - - [25/Oct/2021:10:09:34 +0800] "GET /xingrg/kc/buy/cgsh_order_operate.html?command=get_materiel&rest_code=00141&code=00101006144&supplier_code=00100012&order_time=2021-10-25 HTTP/1.1" 200 409
101.85.106.134 - - [25/Oct/2021:10:09:37 +0800] "POST /xingrg/kc/base/wldb_order_operate.html HTTP/1.1" 200 1710
58.37.227.186 - - [25/Oct/2021:10:09:43 +0800] "GET /xingrg/kc/buy/cgsh_order_operate.html?command=get_materiel&rest_code=00141&code=00101006111&supplier_code=00100012&order_time=2021-10-25 HTTP/1.1" 200 409
180.174.227.63 - - [25/Oct/2021:10:09:44 +0800] "GET /xingrg/all/function/internal_message.html?_=1635127771863&CODE_STATE=getMsg HTTP/1.1" 200 27
114.83.216.72 - - [25/Oct/2021:10:09:45 +0800] "GET /xingrg/all/function/internal_message.html?_=1635127785862&CODE_STATE=getMsg HTTP/1.1" 200 27
114.85.125.222 - - [25/Oct/2021:10:09:46 +0800] "GET /xingrg/all/function/internal_message.html?_=1635127728540&CODE_STATE=getMsg HTTP/1.1" 200 27
101.85.106.134 - - [25/Oct/2021:10:09:47 +0800] "GET /xingrg/kc/base/wldb_order_operate.html?command=get_materiel&rest_code=00142&base_code=0010185&code=00101010290 HTTP/1.1" 200 456
58.37.227.186 - - [25/Oct/2021:10:09:53 +0800] "GET /xingrg/kc/buy/cgsh_order_operate.html?command=get_materiel&rest_code=00141&code=00101006055&supplier_code=00100012&order_time=2021-10-25 HTTP/1.1" 200 409
180.169.147.146 - - [25/Oct/2021:10:09:56 +0800] "GET /xingrg/all/function/internal_message.html?_=1635127796607&CODE_STATE=getMsg HTTP/1.1" 200 27
180.157.253.6 - - [25/Oct/2021:10:09:57 +0800] "GET /xingrg/all/function/internal_message.html?_=1635127797308&CODE_STATE=getMsg HTTP/1.1" 200 27
124.78.153.86 - - [25/Oct/2021:10:09:59 +0800] "GET /xingrg/all/function/internal_message.html?_=1635127798587&CODE_STATE=getMsg HTTP/1.1" 200 27
101.85.106.134 - - [25/Oct/2021:10:10:02 +0800] "GET /xingrg/kc/base/wldb_order_operate.html?command=get_materiel&rest_code=00142&base_code=0010185&code=00101010291 HTTP/1.1" 200 450
58.37.227.186 - - [25/Oct/2021:10:10:05 +0800] "GET /xingrg/kc/buy/cgsh_order_operate.html?command=get_materiel&rest_code=00141&code=00101006128&supplier_code=00100012&order_time=2021-10-25 HTTP/1.1" 200 427
101.85.106.134 - - [25/Oct/2021:10:10:05 +0800] "GET /xingrg/all/function/internal_message.html?_=1635127803856&CODE_STATE=getMsg HTTP/1.1" 200 27
116.238.248.233 - - [25/Oct/2021:10:10:06 +0800] "GET /xingrg/all/function/internal_message.html?_=1635127803730&CODE_STATE=getMsg HTTP/1.1" 200 27
180.169.147.146 - - [25/Oct/2021:10:10:07 +0800] "GET /xingrg/all/function/internal_message.html?_=1635127867195&CODE_STATE=getMsg HTTP/1.1" 200 27
116.227.210.113 - - [25/Oct/2021:10:10:07 +0800] "GET /xingrg/all/function/internal_message.html?_=1635127799028&CODE_STATE=getMsg HTTP/1.1" 200 27
222.70.171.86 - - [25/Oct/2021:10:10:10 +0800] "GET /xingrg/all/function/internal_message.html?_=1635127811378&CODE_STATE=getMsg HTTP/1.1" 200 27
116.233.78.170 - - [25/Oct/2021:10:10:12 +0800] "GET /xingrg/all/function/internal_message.html?_=1635127812543&CODE_STATE=getMsg HTTP/1.1" 200 27
101.85.106.134 - - [25/Oct/2021:10:10:12 +0800] "GET /xingrg/kc/base/wldb_order_operate.html?command=get_materiel&rest_code=00142&base_code=0010185&code=00101007113 HTTP/1.1" 200 431
58.37.227.186 - - [25/Oct/2021:10:10:18 +0800] "GET /xingrg/kc/buy/cgsh_order_operate.html?command=get_materiel&rest_code=00141&code=00101006168&supplier_code=00100012&order_time=2021-10-25 HTTP/1.1" 200 421
222.70.179.155 - - [25/Oct/2021:10:10:18 +0800] "GET /xingrg/all/function/internal_message.html?_=1635127818611&CODE_STATE=getMsg HTTP/1.1" 200 27
101.85.106.134 - - [25/Oct/2021:10:10:23 +0800] "POST /xingrg/kc/base/wldb_order_operate.html HTTP/1.1" 200 37
101.85.106.134 - - [25/Oct/2021:10:10:23 +0800] "POST /xingrg/kc/base/wldb_order_operate.html HTTP/1.1" 200 10416
101.85.106.134 - - [25/Oct/2021:10:10:24 +0800] "GET /xingrg/kc/base/wldb_order_info.html?code=422021102302416 HTTP/1.1" 200 30461
101.85.106.134 - - [25/Oct/2021:10:10:24 +0800] "GET /xingrg/javascript/easyui/themes/default/validatebox.css HTTP/1.1" 404 1104
101.85.106.134 - - [25/Oct/2021:10:10:25 +0800] "POST /xingrg/kc/base/wldb_order_operate.html HTTP/1.1" 200 10416
101.85.106.134 - - [25/Oct/2021:10:10:29 +0800] "POST /xingrg/kc/base/wldb_order_operate.html HTTP/1.1" 200 37
101.85.106.134 - - [25/Oct/2021:10:10:29 +0800] "POST /xingrg/kc/base/wldb_order_operate.html HTTP/1.1" 200 10416
101.85.106.134 - - [25/Oct/2021:10:10:30 +0800] "GET /xingrg/kc/base/wldb_order_info.html?code=422021102302416 HTTP/1.1" 200 30461
101.85.106.134 - - [25/Oct/2021:10:10:30 +0800] "GET /xingrg/javascript/easyui/themes/default/validatebox.css HTTP/1.1" 404 1104
101.85.106.134 - - [25/Oct/2021:10:10:30 +0800] "POST /xingrg/kc/base/wldb_order_operate.html HTTP/1.1" 200 10416
58.39.139.200 - - [25/Oct/2021:10:10:31 +0800] "GET /xingrg/all/function/internal_message.html?_=1635127832602&CODE_STATE=getMsg HTTP/1.1" 200 27
114.83.216.72 - - [25/Oct/2021:10:10:45 +0800] "GET /xingrg/all/function/internal_message.html?_=1635127845850&CODE_STATE=getMsg HTTP/1.1" 200 27
114.85.125.222 - - [25/Oct/2021:10:10:46 +0800] "GET /xingrg/all/function/internal_message.html?_=1635127788556&CODE_STATE=getMsg HTTP/1.1" 200 27
58.37.227.186 - - [25/Oct/2021:10:10:48 +0800] "POST /xingrg/kc/buy/cgsh_order_operate.html HTTP/1.1" 200 37
58.37.227.186 - - [25/Oct/2021:10:10:52 +0800] "POST /xingrg/kc/buy/cgsh_order_operate.html HTTP/1.1" 200 12
58.37.227.186 - - [25/Oct/2021:10:10:53 +0800] "GET /xingrg/kc/buy/cgsh_order_info.html?code=212021102511025 HTTP/1.1" 200 59594
58.37.227.186 - - [25/Oct/2021:10:10:53 +0800] "GET /xingrg/javascript/easyui/themes/default/validatebox.css HTTP/1.1" 404 1104
58.37.227.186 - - [25/Oct/2021:10:10:54 +0800] "POST /xingrg/kc/buy/cgsh_order_operate.html HTTP/1.1" 200 2993
58.37.227.186 - - [25/Oct/2021:10:10:56 +0800] "GET /xingrg/kc/print/load_config.html?kc_code=cgsh HTTP/1.1" 200 2281
58.37.227.186 - - [25/Oct/2021:10:10:56 +0800] "GET /xingrg/kc/print/load_data.html?order_code=212021102511025&kc_code=cgsh&condition= HTTP/1.1" 200 1727
180.169.147.146 - - [25/Oct/2021:10:10:56 +0800] "GET /xingrg/check_reg.html?_=1635127856607 HTTP/1.1" 200 22
180.169.147.146 - - [25/Oct/2021:10:10:56 +0800] "GET /xingrg/all/function/internal_message.html?_=1635127856610&CODE_STATE=getMsg HTTP/1.1" 200 27
180.157.253.6 - - [25/Oct/2021:10:10:57 +0800] "GET /xingrg/all/function/internal_message.html?_=1635127857294&CODE_STATE=getMsg HTTP/1.1" 200 27
124.78.153.86 - - [25/Oct/2021:10:10:59 +0800] "GET /xingrg/all/function/internal_message.html?_=1635127858587&CODE_STATE=getMsg HTTP/1.1" 200 27
101.89.239.238 - - [25/Oct/2021:10:11:00 +0800] "GET /xingrg/all/function/internal_message.html?_=1635127798587&CODE_STATE=getMsg HTTP/1.1" 302 -
101.89.239.238 - - [25/Oct/2021:10:11:00 +0800] "GET /xingrg/login.html HTTP/1.1" 200 7641
58.37.227.186 - - [25/Oct/2021:10:11:03 +0800] "GET /xingrg/kc/buy/cgsh_order_add.html HTTP/1.1" 200 64685
58.37.227.186 - - [25/Oct/2021:10:11:03 +0800] "POST /xingrg/kc/buy/cgsh_order_operate.html HTTP/1.1" 200 8245
58.37.227.186 - - [25/Oct/2021:10:11:03 +0800] "GET /xingrg/javascript/easyui/themes/default/validatebox.css HTTP/1.1" 404 1104
101.85.106.134 - - [25/Oct/2021:10:11:05 +0800] "GET /xingrg/all/function/internal_message.html?_=1635127863852&CODE_STATE=getMsg HTTP/1.1" 200 27
116.238.248.233 - - [25/Oct/2021:10:11:06 +0800] "GET /xingrg/all/function/internal_message.html?_=1635127863729&CODE_STATE=getMsg HTTP/1.1" 200 27
180.169.147.146 - - [25/Oct/2021:10:11:07 +0800] "GET /xingrg/all/function/internal_message.html?_=1635127927194&CODE_STATE=getMsg HTTP/1.1" 200 27
116.227.210.113 - - [25/Oct/2021:10:11:07 +0800] "GET /xingrg/all/function/internal_message.html?_=1635127859024&CODE_STATE=getMsg HTTP/1.1" 200 27
222.70.171.86 - - [25/Oct/2021:10:11:10 +0800] "GET /xingrg/all/function/internal_message.html?_=1635127871539&CODE_STATE=getMsg HTTP/1.1" 200 27
116.233.78.170 - - [25/Oct/2021:10:11:12 +0800] "GET /xingrg/all/function/internal_message.html?_=1635127872545&CODE_STATE=getMsg HTTP/1.1" 200 27
116.233.78.170 - - [25/Oct/2021:10:11:12 +0800] "GET /xingrg/check_reg.html?_=1635127872546 HTTP/1.1" 200 22
222.70.179.155 - - [25/Oct/2021:10:11:18 +0800] "GET /xingrg/check_reg.html?_=1635127878614 HTTP/1.1" 200 22
222.70.179.155 - - [25/Oct/2021:10:11:18 +0800] "GET /xingrg/all/function/internal_message.html?_=1635127878610&CODE_STATE=getMsg HTTP/1.1" 200 27
58.39.139.200 - - [25/Oct/2021:10:11:31 +0800] "GET /xingrg/all/function/internal_message.html?_=1635127892588&CODE_STATE=getMsg HTTP/1.1" 200 27
58.37.227.186 - - [25/Oct/2021:10:11:32 +0800] "GET /xingrg/kc/buy/cgsh_order_operate.html?command=get_materiel&rest_code=00141&code=00101011005&supplier_code=00100036&order_time=2021-10-25 HTTP/1.1" 200 428
114.83.216.72 - - [25/Oct/2021:10:11:45 +0800] "GET /xingrg/all/function/internal_message.html?_=1635127905833&CODE_STATE=getMsg HTTP/1.1" 200 27
114.85.125.222 - - [25/Oct/2021:10:11:46 +0800] "GET /xingrg/all/function/internal_message.html?_=1635127848674&CODE_STATE=getMsg HTTP/1.1" 200 27
58.37.227.186 - - [25/Oct/2021:10:11:46 +0800] "GET /xingrg/kc/buy/cgsh_order_operate.html?command=get_materiel&rest_code=00141&code=00101011007&supplier_code=00100036&order_time=2021-10-25 HTTP/1.1" 200 414
101.85.106.134 - - [25/Oct/2021:10:11:51 +0800] "POST /xingrg/kc/base/wldb_order_operate.html HTTP/1.1" 200 37
58.37.227.186 - - [25/Oct/2021:10:11:53 +0800] "GET /xingrg/kc/buy/cgsh_order_operate.html?command=get_materiel&rest_code=00141&code=00101012025&supplier_code=00100036&order_time=2021-10-25 HTTP/1.1" 200 412
101.85.106.134 - - [25/Oct/2021:10:11:53 +0800] "POST /xingrg/kc/base/wldb_order_operate.html HTTP/1.1" 200 12
101.85.106.134 - - [25/Oct/2021:10:11:54 +0800] "POST /xingrg/kc/base/wldb_order_operate.html HTTP/1.1" 200 10416
101.85.106.134 - - [25/Oct/2021:10:11:54 +0800] "GET /xingrg/kc/base/wldb_order_info.html?code=422021102302416 HTTP/1.1" 200 26327
101.85.106.134 - - [25/Oct/2021:10:11:54 +0800] "GET /xingrg/javascript/easyui/themes/default/validatebox.css HTTP/1.1" 404 1104
101.85.106.134 - - [25/Oct/2021:10:11:55 +0800] "POST /xingrg/kc/base/wldb_order_operate.html HTTP/1.1" 200 8503
180.169.147.146 - - [25/Oct/2021:10:11:56 +0800] "GET /xingrg/all/function/internal_message.html?_=1635127916608&CODE_STATE=getMsg HTTP/1.1" 200 27
101.85.106.134 - - [25/Oct/2021:10:11:57 +0800] "POST /xingrg/kc/base/wldb_list_operate.html HTTP/1.1" 200 928
180.157.253.6 - - [25/Oct/2021:10:11:57 +0800] "GET /xingrg/all/function/internal_message.html?_=1635127917294&CODE_STATE=getMsg HTTP/1.1" 200 27
180.157.253.6 - - [25/Oct/2021:10:11:57 +0800] "GET /xingrg/check_reg.html?_=1635127917733 HTTP/1.1" 200 22
114.83.216.72 - - [25/Oct/2021:10:11:58 +0800] "GET /xingrg/check_reg.html?_=1635127918393 HTTP/1.1" 200 22
124.78.153.86 - - [25/Oct/2021:10:11:59 +0800] "GET /xingrg/check_reg.html?_=1635127918586 HTTP/1.1" 200 22
124.78.153.86 - - [25/Oct/2021:10:11:59 +0800] "GET /xingrg/all/function/internal_message.html?_=1635127918588&CODE_STATE=getMsg HTTP/1.1" 200 27
101.85.106.134 - - [25/Oct/2021:10:12:05 +0800] "GET /xingrg/check_reg.html?_=1635127923858 HTTP/1.1" 200 22
101.85.106.134 - - [25/Oct/2021:10:12:05 +0800] "GET /xingrg/all/function/internal_message.html?_=1635127923860&CODE_STATE=getMsg HTTP/1.1" 200 27
116.238.248.233 - - [25/Oct/2021:10:12:06 +0800] "GET /xingrg/all/function/internal_message.html?_=1635127923730&CODE_STATE=getMsg HTTP/1.1" 200 27
116.238.248.233 - - [25/Oct/2021:10:12:06 +0800] "GET /xingrg/check_reg.html?_=1635127923742 HTTP/1.1" 200 22
180.169.147.146 - - [25/Oct/2021:10:12:07 +0800] "GET /xingrg/all/function/internal_message.html?_=1635127987194&CODE_STATE=getMsg HTTP/1.1" 200 27
116.227.210.113 - - [25/Oct/2021:10:12:07 +0800] "GET /xingrg/all/function/internal_message.html?_=1635127919024&CODE_STATE=getMsg HTTP/1.1" 200 27
58.37.227.186 - - [25/Oct/2021:10:12:07 +0800] "GET /xingrg/kc/buy/cgsh_order_operate.html?command=get_materiel&rest_code=00141&code=00101010136&supplier_code=00100036&order_time=2021-10-25 HTTP/1.1" 200 408
222.70.171.86 - - [25/Oct/2021:10:12:10 +0800] "GET /xingrg/all/function/internal_message.html?_=1635127931542&CODE_STATE=getMsg HTTP/1.1" 200 27
116.233.78.170 - - [25/Oct/2021:10:12:12 +0800] "GET /xingrg/all/function/internal_message.html?_=1635127932548&CODE_STATE=getMsg HTTP/1.1" 200 27
222.70.179.155 - - [25/Oct/2021:10:12:18 +0800] "GET /xingrg/all/function/internal_message.html?_=1635127938613&CODE_STATE=getMsg HTTP/1.1" 200 27
58.37.227.186 - - [25/Oct/2021:10:12:25 +0800] "GET /xingrg/kc/buy/cgsh_order_operate.html?command=get_materiel&rest_code=00141&code=00101016025&supplier_code=00100036&order_time=2021-10-25 HTTP/1.1" 200 408
58.39.139.200 - - [25/Oct/2021:10:12:31 +0800] "GET /xingrg/all/function/internal_message.html?_=1635127952588&CODE_STATE=getMsg HTTP/1.1" 200 27
58.37.227.186 - - [25/Oct/2021:10:12:33 +0800] "GET /xingrg/kc/buy/cgsh_order_operate.html?command=get_materiel&rest_code=00141&code=00101010348&supplier_code=00100036&order_time=2021-10-25 HTTP/1.1" 200 417
116.233.78.170 - - [25/Oct/2021:10:12:34 +0800] "GET /favicon.ico HTTP/1.1" 404 -
58.37.227.186 - - [25/Oct/2021:10:12:45 +0800] "GET /xingrg/kc/buy/cgsh_order_operate.html?command=get_materiel&rest_code=00141&code=00101016071&supplier_code=00100036&order_time=2021-10-25 HTTP/1.1" 200 416
114.83.216.72 - - [25/Oct/2021:10:12:45 +0800] "GET /xingrg/all/function/internal_message.html?_=1635127965823&CODE_STATE=getMsg HTTP/1.1" 200 27
114.83.216.72 - - [25/Oct/2021:10:12:45 +0800] "GET /xingrg/kc/buy/cgsh_order_add.html HTTP/1.1" 200 64732
114.83.216.72 - - [25/Oct/2021:10:12:46 +0800] "POST /xingrg/kc/buy/cgsh_order_operate.html HTTP/1.1" 200 8245
114.83.216.72 - - [25/Oct/2021:10:12:46 +0800] "GET /xingrg/javascript/easyui/themes/default/validatebox.css HTTP/1.1" 404 1104
114.85.125.222 - - [25/Oct/2021:10:12:46 +0800] "GET /xingrg/all/function/internal_message.html?_=1635127908674&CODE_STATE=getMsg HTTP/1.1" 200 27
58.37.227.186 - - [25/Oct/2021:10:12:52 +0800] "GET /xingrg/kc/buy/cgsh_order_operate.html?command=get_materiel&rest_code=00141&code=00101010092&supplier_code=00100036&order_time=2021-10-25 HTTP/1.1" 200 450
180.169.147.146 - - [25/Oct/2021:10:12:56 +0800] "GET /xingrg/all/function/internal_message.html?_=1635127976609&CODE_STATE=getMsg HTTP/1.1" 200 27
180.157.253.6 - - [25/Oct/2021:10:12:57 +0800] "GET /xingrg/all/function/internal_message.html?_=1635127977296&CODE_STATE=getMsg HTTP/1.1" 200 27
124.78.153.86 - - [25/Oct/2021:10:12:59 +0800] "GET /xingrg/all/function/internal_message.html?_=1635127978586&CODE_STATE=getMsg HTTP/1.1" 200 27
58.37.227.186 - - [25/Oct/2021:10:13:00 +0800] "GET /xingrg/kc/buy/cgsh_order_operate.html?command=get_materiel&rest_code=00141&code=00101016053&supplier_code=00100036&order_time=2021-10-25 HTTP/1.1" 200 408
101.89.19.197 - - [25/Oct/2021:10:13:01 +0800] "GET /xingrg/check_reg.html?_=1635127918586 HTTP/1.1" 302 -
101.89.19.197 - - [25/Oct/2021:10:13:02 +0800] "GET /xingrg/login.html HTTP/1.1" 200 7641
114.83.216.72 - - [25/Oct/2021:10:13:02 +0800] "GET /xingrg/kc/buy/cgsh_order_operate.html?command=get_materiel&rest_code=00149&code=00101006129&supplier_code=00100012&order_time=2021-10-25 HTTP/1.1" 200 451
101.85.106.134 - - [25/Oct/2021:10:13:05 +0800] "GET /xingrg/all/function/internal_message.html?_=1635127983859&CODE_STATE=getMsg HTTP/1.1" 200 27
116.238.248.233 - - [25/Oct/2021:10:13:06 +0800] "GET /xingrg/all/function/internal_message.html?_=1635127983742&CODE_STATE=getMsg HTTP/1.1" 200 27
180.169.147.146 - - [25/Oct/2021:10:13:07 +0800] "GET /xingrg/all/function/internal_message.html?_=1635128047196&CODE_STATE=getMsg HTTP/1.1" 200 27
222.70.171.86 - - [25/Oct/2021:10:13:07 +0800] "GET /xingrg/check_reg.html?_=1635127988657 HTTP/1.1" 200 22
116.227.210.113 - - [25/Oct/2021:10:13:07 +0800] "GET /xingrg/all/function/internal_message.html?_=1635127979014&CODE_STATE=getMsg HTTP/1.1" 200 27
116.227.210.113 - - [25/Oct/2021:10:13:07 +0800] "GET /xingrg/check_reg.html?_=1635127979016 HTTP/1.1" 200 22
58.37.227.186 - - [25/Oct/2021:10:13:08 +0800] "GET /xingrg/kc/buy/cgsh_order_operate.html?command=get_materiel&rest_code=00141&code=00101012026&supplier_code=00100036&order_time=2021-10-25 HTTP/1.1" 200 408
222.70.171.86 - - [25/Oct/2021:10:13:10 +0800] "GET /xingrg/all/function/internal_message.html?_=1635127991557&CODE_STATE=getMsg HTTP/1.1" 200 27
114.83.216.72 - - [25/Oct/2021:10:13:10 +0800] "GET /xingrg/kc/buy/cgsh_order_operate.html?command=get_materiel&rest_code=00149&code=00101006111&supplier_code=00100012&order_time=2021-10-25 HTTP/1.1" 200 409
116.233.78.170 - - [25/Oct/2021:10:13:12 +0800] "GET /xingrg/all/function/internal_message.html?_=1635127992550&CODE_STATE=getMsg HTTP/1.1" 200 27
222.70.179.155 - - [25/Oct/2021:10:13:18 +0800] "GET /xingrg/all/function/internal_message.html?_=1635127998616&CODE_STATE=getMsg HTTP/1.1" 200 27
58.37.227.186 - - [25/Oct/2021:10:13:19 +0800] "GET /xingrg/check_reg.html?_=1635127842537 HTTP/1.1" 200 22
114.83.216.72 - - [25/Oct/2021:10:13:24 +0800] "GET /xingrg/kc/buy/cgsh_order_operate.html?command=get_materiel&rest_code=00149&code=00101006112&supplier_code=00100012&order_time=2021-10-25 HTTP/1.1" 200 409
58.37.227.186 - - [25/Oct/2021:10:13:29 +0800] "GET /xingrg/kc/buy/cgsh_order_operate.html?command=get_materiel&rest_code=00141&code=00101012038&supplier_code=00100036&order_time=2021-10-25 HTTP/1.1" 200 414
58.39.139.200 - - [25/Oct/2021:10:13:31 +0800] "GET /xingrg/all/function/internal_message.html?_=1635128012587&CODE_STATE=getMsg HTTP/1.1" 200 27
114.83.216.72 - - [25/Oct/2021:10:13:31 +0800] "GET /xingrg/kc/buy/cgsh_order_operate.html?command=get_materiel&rest_code=00149&code=00101006055&supplier_code=00100012&order_time=2021-10-25 HTTP/1.1" 200 409
114.83.216.72 - - [25/Oct/2021:10:13:41 +0800] "GET /xingrg/kc/buy/cgsh_order_operate.html?command=get_materiel&rest_code=00149&code=00101006193&supplier_code=00100012&order_time=2021-10-25 HTTP/1.1" 200 428
114.83.216.72 - - [25/Oct/2021:10:13:45 +0800] "GET /xingrg/all/function/internal_message.html?_=1635128025800&CODE_STATE=getMsg HTTP/1.1" 200 27
114.85.125.222 - - [25/Oct/2021:10:13:45 +0800] "GET /xingrg/check_reg.html?_=1635127967781 HTTP/1.1" 200 22
58.37.227.186 - - [25/Oct/2021:10:13:46 +0800] "POST /xingrg/kc/buy/cgsh_order_operate.html HTTP/1.1" 200 37
114.85.125.222 - - [25/Oct/2021:10:13:46 +0800] "GET /xingrg/all/function/internal_message.html?_=1635127968689&CODE_STATE=getMsg HTTP/1.1" 200 27
58.37.227.186 - - [25/Oct/2021:10:13:49 +0800] "POST /xingrg/kc/buy/cgsh_order_operate.html HTTP/1.1" 200 12
58.37.227.186 - - [25/Oct/2021:10:13:50 +0800] "GET /xingrg/kc/buy/cgsh_order_info.html?code=212021102511026 HTTP/1.1" 200 59596
58.37.227.186 - - [25/Oct/2021:10:13:50 +0800] "GET /xingrg/javascript/easyui/themes/default/validatebox.css HTTP/1.1" 404 1104
58.37.227.186 - - [25/Oct/2021:10:13:51 +0800] "POST /xingrg/kc/buy/cgsh_order_operate.html HTTP/1.1" 200 7127
58.37.227.186 - - [25/Oct/2021:10:13:52 +0800] "GET /xingrg/kc/print/load_data.html?order_code=212021102511026&kc_code=cgsh&condition= HTTP/1.1" 200 3271
180.169.147.146 - - [25/Oct/2021:10:13:56 +0800] "GET /xingrg/all/function/internal_message.html?_=1635128036609&CODE_STATE=getMsg HTTP/1.1" 200 27
58.37.227.186 - - [25/Oct/2021:10:13:57 +0800] "GET /xingrg/kc/buy/cgsh_order_add.html HTTP/1.1" 200 64685
180.157.253.6 - - [25/Oct/2021:10:13:57 +0800] "GET /xingrg/all/function/internal_message.html?_=1635128037323&CODE_STATE=getMsg HTTP/1.1" 200 27
58.37.227.186 - - [25/Oct/2021:10:13:57 +0800] "GET /xingrg/javascript/easyui/themes/default/validatebox.css HTTP/1.1" 404 1104
58.37.227.186 - - [25/Oct/2021:10:13:57 +0800] "POST /xingrg/kc/buy/cgsh_order_operate.html HTTP/1.1" 200 8245
124.78.153.86 - - [25/Oct/2021:10:13:59 +0800] "GET /xingrg/all/function/internal_message.html?_=1635128038585&CODE_STATE=getMsg HTTP/1.1" 200 27
101.85.106.134 - - [25/Oct/2021:10:14:05 +0800] "GET /xingrg/all/function/internal_message.html?_=1635128043860&CODE_STATE=getMsg HTTP/1.1" 200 27
116.238.248.233 - - [25/Oct/2021:10:14:06 +0800] "GET /xingrg/all/function/internal_message.html?_=1635128043748&CODE_STATE=getMsg HTTP/1.1" 200 27
180.169.147.146 - - [25/Oct/2021:10:14:07 +0800] "GET /xingrg/check_reg.html?_=1635128107197 HTTP/1.1" 200 22
180.169.147.146 - - [25/Oct/2021:10:14:07 +0800] "GET /xingrg/all/function/internal_message.html?_=1635128107202&CODE_STATE=getMsg HTTP/1.1" 200 27
116.227.210.113 - - [25/Oct/2021:10:14:07 +0800] "GET /xingrg/all/function/internal_message.html?_=1635128039031&CODE_STATE=getMsg HTTP/1.1" 200 27
222.70.171.86 - - [25/Oct/2021:10:14:10 +0800] "GET /xingrg/all/function/internal_message.html?_=1635128051570&CODE_STATE=getMsg HTTP/1.1" 200 27
116.233.78.170 - - [25/Oct/2021:10:14:12 +0800] "GET /xingrg/all/function/internal_message.html?_=1635128052552&CODE_STATE=getMsg HTTP/1.1" 200 27
222.70.179.155 - - [25/Oct/2021:10:14:18 +0800] "GET /xingrg/all/function/internal_message.html?_=1635128058614&CODE_STATE=getMsg HTTP/1.1" 200 27
58.37.227.186 - - [25/Oct/2021:10:14:20 +0800] "GET /xingrg/kc/buy/cgsh_order_operate.html?command=get_materiel&rest_code=00141&code=00101005037&supplier_code=00100040&order_time=2021-10-25 HTTP/1.1" 200 409
114.83.216.72 - - [25/Oct/2021:10:14:23 +0800] "GET /xingrg/javascript/jquery_easy_ui/themes/icons/rest.png HTTP/1.1" 200 695
114.83.216.72 - - [25/Oct/2021:10:14:23 +0800] "GET /xingrg/javascript/jquery_easy_ui/themes/icons/area.png HTTP/1.1" 200 262
58.37.227.186 - - [25/Oct/2021:10:14:28 +0800] "GET /xingrg/kc/buy/cgsh_order_operate.html?command=get_materiel&rest_code=00141&code=00101001010&supplier_code=00100040&order_time=2021-10-25 HTTP/1.1" 200 409
58.39.139.200 - - [25/Oct/2021:10:14:31 +0800] "GET /xingrg/all/function/internal_message.html?_=1635128072587&CODE_STATE=getMsg HTTP/1.1" 200 27
58.39.139.200 - - [25/Oct/2021:10:14:31 +0800] "GET /xingrg/check_reg.html?_=1635128072591 HTTP/1.1" 200 22
114.83.216.72 - - [25/Oct/2021:10:14:42 +0800] "POST /xingrg/kc/buy/cgsh_order_operate.html HTTP/1.1" 200 37
58.37.227.186 - - [25/Oct/2021:10:14:44 +0800] "GET /xingrg/kc/buy/cgsh_order_operate.html?command=get_materiel&rest_code=00141&code=00101006161&supplier_code=00100040&order_time=2021-10-25 HTTP/1.1" 200 409
114.83.216.72 - - [25/Oct/2021:10:14:45 +0800] "GET /xingrg/all/function/internal_message.html?_=1635128085779&CODE_STATE=getMsg HTTP/1.1" 200 27
114.83.216.72 - - [25/Oct/2021:10:14:46 +0800] "POST /xingrg/kc/buy/cgsh_order_operate.html HTTP/1.1" 200 12
114.85.125.222 - - [25/Oct/2021:10:14:46 +0800] "GET /xingrg/all/function/internal_message.html?_=1635128028702&CODE_STATE=getMsg HTTP/1.1" 200 27
58.37.227.186 - - [25/Oct/2021:10:14:55 +0800] "POST /xingrg/kc/buy/cgsh_order_operate.html HTTP/1.1" 200 37
180.169.147.146 - - [25/Oct/2021:10:14:56 +0800] "GET /xingrg/all/function/internal_message.html?_=1635128096609&CODE_STATE=getMsg HTTP/1.1" 200 27
180.157.253.6 - - [25/Oct/2021:10:14:57 +0800] "GET /xingrg/all/function/internal_message.html?_=1635128097324&CODE_STATE=getMsg HTTP/1.1" 200 27
101.91.60.88 - - [25/Oct/2021:10:14:59 +0800] "GET /xingrg/all/function/internal_message.html?_=1635128038585&CODE_STATE=getMsg HTTP/1.1" 302 -
58.37.227.186 - - [25/Oct/2021:10:14:59 +0800] "POST /xingrg/kc/buy/cgsh_order_operate.html HTTP/1.1" 200 12
124.78.153.86 - - [25/Oct/2021:10:14:59 +0800] "GET /xingrg/all/function/internal_message.html?_=1635128098584&CODE_STATE=getMsg HTTP/1.1" 200 27
101.91.60.88 - - [25/Oct/2021:10:15:00 +0800] "GET /xingrg/login.html HTTP/1.1" 200 7641
58.37.227.186 - - [25/Oct/2021:10:15:00 +0800] "GET /xingrg/kc/buy/cgsh_order_info.html?code=212021102511028 HTTP/1.1" 200 59594
58.37.227.186 - - [25/Oct/2021:10:15:01 +0800] "GET /xingrg/javascript/easyui/themes/default/validatebox.css HTTP/1.1" 404 1104
58.37.227.186 - - [25/Oct/2021:10:15:01 +0800] "POST /xingrg/kc/buy/cgsh_order_operate.html HTTP/1.1" 200 1780
101.85.106.134 - - [25/Oct/2021:10:15:05 +0800] "GET /xingrg/all/function/internal_message.html?_=1635128103860&CODE_STATE=getMsg HTTP/1.1" 200 27
116.238.248.233 - - [25/Oct/2021:10:15:06 +0800] "GET /xingrg/all/function/internal_message.html?_=1635128103752&CODE_STATE=getMsg HTTP/1.1" 200 27
58.37.227.186 - - [25/Oct/2021:10:15:06 +0800] "GET /xingrg/kc/print/load_data.html?order_code=212021102511028&kc_code=cgsh&condition= HTTP/1.1" 200 1227
180.169.147.146 - - [25/Oct/2021:10:15:07 +0800] "GET /xingrg/all/function/internal_message.html?_=1635128167187&CODE_STATE=getMsg HTTP/1.1" 200 27
116.227.210.113 - - [25/Oct/2021:10:15:07 +0800] "GET /xingrg/all/function/internal_message.html?_=1635128099016&CODE_STATE=getMsg HTTP/1.1" 200 27
222.70.171.86 - - [25/Oct/2021:10:15:10 +0800] "GET /xingrg/all/function/internal_message.html?_=1635128111583&CODE_STATE=getMsg HTTP/1.1" 200 27
116.233.78.170 - - [25/Oct/2021:10:15:12 +0800] "GET /xingrg/all/function/internal_message.html?_=1635128112555&CODE_STATE=getMsg HTTP/1.1" 200 27
58.37.227.186 - - [25/Oct/2021:10:15:17 +0800] "GET /xingrg/kc/buy/cgsh_order_add.html HTTP/1.1" 200 64685
58.37.227.186 - - [25/Oct/2021:10:15:18 +0800] "POST /xingrg/kc/buy/cgsh_order_operate.html HTTP/1.1" 200 8245
58.37.227.186 - - [25/Oct/2021:10:15:18 +0800] "GET /xingrg/javascript/easyui/themes/default/validatebox.css HTTP/1.1" 404 1104
222.70.179.155 - - [25/Oct/2021:10:15:18 +0800] "GET /xingrg/all/function/internal_message.html?_=1635128118613&CODE_STATE=getMsg HTTP/1.1" 200 27
114.83.216.72 - - [25/Oct/2021:10:15:19 +0800] "GET /xingrg/kc/buy/cgsh_order_info.html?code=212021102511027 HTTP/1.1" 200 59641
114.83.216.72 - - [25/Oct/2021:10:15:20 +0800] "GET /xingrg/words/20211024174750_words.js HTTP/1.1" 304 -
114.83.216.72 - - [25/Oct/2021:10:15:20 +0800] "GET /xingrg/javascript/easyui/themes/default/validatebox.css HTTP/1.1" 404 1104
114.83.216.72 - - [25/Oct/2021:10:15:20 +0800] "POST /xingrg/kc/buy/cgsh_order_operate.html HTTP/1.1" 200 2983
114.83.216.72 - - [25/Oct/2021:10:15:22 +0800] "GET /xingrg/kc/print/load_data.html?order_code=212021102511027&kc_code=cgsh&condition= HTTP/1.1" 200 1707
58.39.139.200 - - [25/Oct/2021:10:15:31 +0800] "GET /xingrg/all/function/internal_message.html?_=1635128132590&CODE_STATE=getMsg HTTP/1.1" 200 27
58.37.227.186 - - [25/Oct/2021:10:15:33 +0800] "GET /xingrg/kc/buy/cgsh_order_operate.html?command=get_materiel&rest_code=00141&code=00101007061&supplier_code=00100004&order_time=2021-10-25 HTTP/1.1" 200 409
114.83.216.72 - - [25/Oct/2021:10:15:38 +0800] "GET /xingrg/kc/buy/cgsh_order_add.html HTTP/1.1" 200 64732
114.83.216.72 - - [25/Oct/2021:10:15:38 +0800] "POST /xingrg/kc/buy/cgsh_order_operate.html HTTP/1.1" 200 8245
114.83.216.72 - - [25/Oct/2021:10:15:38 +0800] "GET /xingrg/javascript/easyui/themes/default/validatebox.css HTTP/1.1" 404 1104
58.37.227.186 - - [25/Oct/2021:10:15:43 +0800] "GET /xingrg/kc/buy/cgsh_order_operate.html?command=get_materiel&rest_code=00141&code=00101007084&supplier_code=00100004&order_time=2021-10-25 HTTP/1.1" 200 417
114.83.216.72 - - [25/Oct/2021:10:15:45 +0800] "GET /xingrg/all/function/internal_message.html?_=1635128145760&CODE_STATE=getMsg HTTP/1.1" 200 27
114.85.125.222 - - [25/Oct/2021:10:15:46 +0800] "GET /xingrg/all/function/internal_message.html?_=1635128088715&CODE_STATE=getMsg HTTP/1.1" 200 27
180.169.147.146 - - [25/Oct/2021:10:15:56 +0800] "GET /xingrg/check_reg.html?_=1635128156608 HTTP/1.1" 200 22
180.169.147.146 - - [25/Oct/2021:10:15:56 +0800] "GET /xingrg/all/function/internal_message.html?_=1635128156611&CODE_STATE=getMsg HTTP/1.1" 200 27
180.157.253.6 - - [25/Oct/2021:10:15:57 +0800] "GET /xingrg/all/function/internal_message.html?_=1635128157325&CODE_STATE=getMsg HTTP/1.1" 200 27
61.151.178.177 - - [25/Oct/2021:10:15:59 +0800] "GET /xingrg/all/function/internal_message.html?_=1635128098584&CODE_STATE=getMsg HTTP/1.1" 302 -
124.78.153.86 - - [25/Oct/2021:10:15:59 +0800] "GET /xingrg/all/function/internal_message.html?_=1635128158585&CODE_STATE=getMsg HTTP/1.1" 200 27
61.151.178.177 - - [25/Oct/2021:10:15:59 +0800] "GET /xingrg/login.html HTTP/1.1" 200 7641
58.37.227.186 - - [25/Oct/2021:10:16:01 +0800] "GET /xingrg/kc/buy/cgsh_order_operate.html?command=get_materiel&rest_code=00141&code=00101007049&supplier_code=00100004&order_time=2021-10-25 HTTP/1.1" 200 409
116.232.38.86 - - [25/Oct/2021:10:16:02 +0800] "POST /xingrg/services/DataTransmitService HTTP/1.1" 200 524
116.232.38.86 - - [25/Oct/2021:10:16:02 +0800] "POST /xingrg/services/DataTransmitService HTTP/1.1" 200 501
101.85.106.134 - - [25/Oct/2021:10:16:05 +0800] "GET /xingrg/all/function/internal_message.html?_=1635128163859&CODE_STATE=getMsg HTTP/1.1" 200 27
116.238.248.233 - - [25/Oct/2021:10:16:06 +0800] "GET /xingrg/all/function/internal_message.html?_=1635128163755&CODE_STATE=getMsg HTTP/1.1" 200 27
180.169.147.146 - - [25/Oct/2021:10:16:07 +0800] "GET /xingrg/all/function/internal_message.html?_=1635128227189&CODE_STATE=getMsg HTTP/1.1" 200 27
116.227.210.113 - - [25/Oct/2021:10:16:07 +0800] "GET /xingrg/all/function/internal_message.html?_=1635128159015&CODE_STATE=getMsg HTTP/1.1" 200 27
58.37.227.186 - - [25/Oct/2021:10:16:09 +0800] "GET /xingrg/kc/buy/cgsh_order_operate.html?command=get_materiel&rest_code=00141&code=00101007038&supplier_code=00100004&order_time=2021-10-25 HTTP/1.1" 200 442
222.70.171.86 - - [25/Oct/2021:10:16:10 +0800] "GET /xingrg/all/function/internal_message.html?_=1635128171735&CODE_STATE=getMsg HTTP/1.1" 200 27
116.233.78.170 - - [25/Oct/2021:10:16:12 +0800] "GET /xingrg/all/function/internal_message.html?_=1635128172566&CODE_STATE=getMsg HTTP/1.1" 200 27
116.233.78.170 - - [25/Oct/2021:10:16:12 +0800] "GET /xingrg/check_reg.html?_=1635128172568 HTTP/1.1" 200 22
114.83.216.72 - - [25/Oct/2021:10:16:12 +0800] "GET /xingrg/kc/buy/cgsh_order_operate.html?command=get_materiel&rest_code=00149&code=00101012038&supplier_code=00100036&order_time=2021-10-25 HTTP/1.1" 200 412
222.70.179.155 - - [25/Oct/2021:10:16:18 +0800] "GET /xingrg/check_reg.html?_=1635128178613 HTTP/1.1" 200 22
222.70.179.155 - - [25/Oct/2021:10:16:18 +0800] "GET /xingrg/all/function/internal_message.html?_=1635128178615&CODE_STATE=getMsg HTTP/1.1" 200 27
58.37.227.186 - - [25/Oct/2021:10:16:21 +0800] "GET /xingrg/kc/buy/cgsh_order_operate.html?command=get_materiel&rest_code=00141&code=00101007032&supplier_code=00100004&order_time=2021-10-25 HTTP/1.1" 200 413
58.39.139.200 - - [25/Oct/2021:10:16:31 +0800] "GET /xingrg/all/function/internal_message.html?_=1635128192590&CODE_STATE=getMsg HTTP/1.1" 200 27
114.83.216.72 - - [25/Oct/2021:10:16:31 +0800] "GET /xingrg/kc/buy/cgsh_order_operate.html?command=get_materiel&rest_code=00149&code=00101012051&supplier_code=00100036&order_time=2021-10-25 HTTP/1.1" 200 408
58.37.227.186 - - [25/Oct/2021:10:16:33 +0800] "GET /xingrg/kc/buy/cgsh_order_operate.html?command=get_materiel&rest_code=00141&code=00101007077&supplier_code=00100004&order_time=2021-10-25 HTTP/1.1" 200 415
58.37.227.186 - - [25/Oct/2021:10:16:41 +0800] "GET /xingrg/kc/buy/cgsh_order_operate.html?command=get_materiel&rest_code=00141&code=00101007085&supplier_code=00100004&order_time=2021-10-25 HTTP/1.1" 200 413
114.83.216.72 - - [25/Oct/2021:10:16:45 +0800] "GET /xingrg/all/function/internal_message.html?_=1635128205756&CODE_STATE=getMsg HTTP/1.1" 200 27
114.85.125.222 - - [25/Oct/2021:10:16:46 +0800] "GET /xingrg/all/function/internal_message.html?_=1635128148834&CODE_STATE=getMsg HTTP/1.1" 200 27
180.169.147.146 - - [25/Oct/2021:10:16:56 +0800] "GET /xingrg/all/function/internal_message.html?_=1635128216608&CODE_STATE=getMsg HTTP/1.1" 200 27
180.157.253.6 - - [25/Oct/2021:10:16:57 +0800] "GET /xingrg/all/function/internal_message.html?_=1635128217325&CODE_STATE=getMsg HTTP/1.1" 200 27
180.157.253.6 - - [25/Oct/2021:10:16:57 +0800] "GET /xingrg/check_reg.html?_=1635128217732 HTTP/1.1" 200 22
114.83.216.72 - - [25/Oct/2021:10:16:58 +0800] "GET /xingrg/check_reg.html?_=1635128218398 HTTP/1.1" 200 22
58.37.227.186 - - [25/Oct/2021:10:16:58 +0800] "POST /xingrg/kc/buy/cgsh_order_operate.html HTTP/1.1" 200 37
61.151.207.141 - - [25/Oct/2021:10:16:59 +0800] "GET /xingrg/all/function/internal_message.html?_=1635128158585&CODE_STATE=getMsg HTTP/1.1" 302 -
124.78.153.86 - - [25/Oct/2021:10:16:59 +0800] "GET /xingrg/all/function/internal_message.html?_=1635128218585&CODE_STATE=getMsg HTTP/1.1" 200 27
124.78.153.86 - - [25/Oct/2021:10:16:59 +0800] "GET /xingrg/check_reg.html?_=1635128218589 HTTP/1.1" 200 22
61.151.207.141 - - [25/Oct/2021:10:17:00 +0800] "GET /xingrg/login.html HTTP/1.1" 200 7641
58.37.227.186 - - [25/Oct/2021:10:17:02 +0800] "POST /xingrg/kc/buy/cgsh_order_operate.html HTTP/1.1" 200 12
58.37.227.186 - - [25/Oct/2021:10:17:03 +0800] "GET /xingrg/kc/buy/cgsh_order_info.html?code=212021102511029 HTTP/1.1" 200 59594
58.37.227.186 - - [25/Oct/2021:10:17:03 +0800] "GET /xingrg/javascript/easyui/themes/default/validatebox.css HTTP/1.1" 404 1104
180.174.227.63 - - [25/Oct/2021:10:17:04 +0800] "GET /favicon.ico HTTP/1.1" 404 -
58.37.227.186 - - [25/Oct/2021:10:17:04 +0800] "POST /xingrg/kc/buy/cgsh_order_operate.html HTTP/1.1" 200 4160
58.37.227.186 - - [25/Oct/2021:10:17:05 +0800] "GET /xingrg/kc/print/load_data.html?order_code=212021102511029&kc_code=cgsh&condition= HTTP/1.1" 200 2122
101.85.106.134 - - [25/Oct/2021:10:17:05 +0800] "GET /xingrg/check_reg.html?_=1635128223860 HTTP/1.1" 200 22
101.85.106.134 - - [25/Oct/2021:10:17:05 +0800] "GET /xingrg/all/function/internal_message.html?_=1635128223862&CODE_STATE=getMsg HTTP/1.1" 200 27
116.238.248.233 - - [25/Oct/2021:10:17:06 +0800] "GET /xingrg/check_reg.html?_=1635128223769 HTTP/1.1" 200 22
116.238.248.233 - - [25/Oct/2021:10:17:06 +0800] "GET /xingrg/all/function/internal_message.html?_=1635128223777&CODE_STATE=getMsg HTTP/1.1" 200 27
180.169.147.146 - - [25/Oct/2021:10:17:07 +0800] "GET /xingrg/all/function/internal_message.html?_=1635128287190&CODE_STATE=getMsg HTTP/1.1" 200 27
116.227.210.113 - - [25/Oct/2021:10:17:07 +0800] "GET /xingrg/all/function/internal_message.html?_=1635128219013&CODE_STATE=getMsg HTTP/1.1" 200 27
58.37.227.186 - - [25/Oct/2021:10:17:09 +0800] "GET /xingrg/kc/buy/cgsh_order_add.html HTTP/1.1" 200 64685
58.37.227.186 - - [25/Oct/2021:10:17:10 +0800] "POST /xingrg/kc/buy/cgsh_order_operate.html HTTP/1.1" 200 8245
58.37.227.186 - - [25/Oct/2021:10:17:10 +0800] "GET /xingrg/javascript/easyui/themes/default/validatebox.css HTTP/1.1" 404 1104
222.70.171.86 - - [25/Oct/2021:10:17:10 +0800] "GET /xingrg/all/function/internal_message.html?_=1635128231735&CODE_STATE=getMsg HTTP/1.1" 200 27
116.233.78.170 - - [25/Oct/2021:10:17:12 +0800] "GET /xingrg/all/function/internal_message.html?_=1635128232560&CODE_STATE=getMsg HTTP/1.1" 200 27
114.83.216.72 - - [25/Oct/2021:10:17:14 +0800] "GET /xingrg/kc/buy/cgsh_order_operate.html?command=get_materiel&rest_code=00149&code=00101016025&supplier_code=00100036&order_time=2021-10-25 HTTP/1.1" 200 408
222.70.179.155 - - [25/Oct/2021:10:17:18 +0800] "GET /xingrg/all/function/internal_message.html?_=1635128238615&CODE_STATE=getMsg HTTP/1.1" 200 27
114.83.216.72 - - [25/Oct/2021:10:17:25 +0800] "GET /xingrg/kc/buy/cgsh_order_operate.html?command=get_materiel&rest_code=00149&code=00101012026&supplier_code=00100036&order_time=2021-10-25 HTTP/1.1" 200 408
58.37.227.186 - - [25/Oct/2021:10:17:29 +0800] "GET /xingrg/kc/buy/cgsh_order_operate.html?command=get_materiel&rest_code=00141&code=00101008091&supplier_code=00100007&order_time=2021-10-25 HTTP/1.1" 200 413
58.39.139.200 - - [25/Oct/2021:10:17:31 +0800] "GET /xingrg/all/function/internal_message.html?_=1635128252617&CODE_STATE=getMsg HTTP/1.1" 200 27
58.37.227.186 - - [25/Oct/2021:10:17:36 +0800] "GET /xingrg/kc/buy/cgsh_order_operate.html?command=get_materiel&rest_code=00141&code=00101008155&supplier_code=00100007&order_time=2021-10-25 HTTP/1.1" 200 408
114.83.216.72 - - [25/Oct/2021:10:17:45 +0800] "GET /xingrg/all/function/internal_message.html?_=1635128265742&CODE_STATE=getMsg HTTP/1.1" 200 27
114.83.216.72 - - [25/Oct/2021:10:17:46 +0800] "POST /xingrg/kc/buy/cgsh_order_operate.html HTTP/1.1" 200 37
114.85.125.222 - - [25/Oct/2021:10:17:46 +0800] "GET /xingrg/all/function/internal_message.html?_=1635128208836&CODE_STATE=getMsg HTTP/1.1" 200 27
58.37.227.186 - - [25/Oct/2021:10:17:47 +0800] "GET /xingrg/kc/buy/cgsh_order_operate.html?command=get_materiel&rest_code=00141&code=00101008112&supplier_code=00100007&order_time=2021-10-25 HTTP/1.1" 200 412
114.83.216.72 - - [25/Oct/2021:10:17:50 +0800] "POST /xingrg/kc/buy/cgsh_order_operate.html HTTP/1.1" 200 12
114.83.216.72 - - [25/Oct/2021:10:17:53 +0800] "GET /xingrg/kc/buy/cgsh_order_info.html?code=212021102511030 HTTP/1.1" 200 59643
114.83.216.72 - - [25/Oct/2021:10:17:53 +0800] "GET /xingrg/javascript/easyui/themes/default/validatebox.css HTTP/1.1" 404 1104
114.83.216.72 - - [25/Oct/2021:10:17:54 +0800] "POST /xingrg/kc/buy/cgsh_order_operate.html HTTP/1.1" 200 2374
114.83.216.72 - - [25/Oct/2021:10:17:56 +0800] "GET /xingrg/kc/print/load_data.html?order_code=212021102511030&kc_code=cgsh&condition= HTTP/1.1" 200 1457
180.169.147.146 - - [25/Oct/2021:10:17:56 +0800] "GET /xingrg/all/function/internal_message.html?_=1635128276608&CODE_STATE=getMsg HTTP/1.1" 200 27
180.157.253.6 - - [25/Oct/2021:10:17:57 +0800] "GET /xingrg/all/function/internal_message.html?_=1635128277326&CODE_STATE=getMsg HTTP/1.1" 200 27
124.78.153.86 - - [25/Oct/2021:10:17:59 +0800] "GET /xingrg/all/function/internal_message.html?_=1635128278589&CODE_STATE=getMsg HTTP/1.1" 200 27
116.233.78.170 - - [25/Oct/2021:10:18:00 +0800] "POST /xingrg/kc/buy/cgsh_list_operate.html HTTP/1.1" 200 9132
58.37.227.186 - - [25/Oct/2021:10:18:05 +0800] "GET /xingrg/kc/buy/cgsh_order_operate.html?command=get_materiel&rest_code=00141&code=00101008351&supplier_code=00100007&order_time=2021-10-25 HTTP/1.1" 200 408
101.85.106.134 - - [25/Oct/2021:10:18:05 +0800] "GET /xingrg/all/function/internal_message.html?_=1635128283861&CODE_STATE=getMsg HTTP/1.1" 200 27
116.238.248.233 - - [25/Oct/2021:10:18:06 +0800] "GET /xingrg/all/function/internal_message.html?_=1635128283766&CODE_STATE=getMsg HTTP/1.1" 200 27
180.169.147.146 - - [25/Oct/2021:10:18:07 +0800] "GET /xingrg/all/function/internal_message.html?_=1635128347190&CODE_STATE=getMsg HTTP/1.1" 200 27
116.227.210.113 - - [25/Oct/2021:10:18:07 +0800] "GET /xingrg/all/function/internal_message.html?_=1635128279017&CODE_STATE=getMsg HTTP/1.1" 200 27
116.227.210.113 - - [25/Oct/2021:10:18:07 +0800] "GET /xingrg/check_reg.html?_=1635128279019 HTTP/1.1" 200 22
222.70.171.86 - - [25/Oct/2021:10:18:07 +0800] "GET /xingrg/check_reg.html?_=1635128288799 HTTP/1.1" 200 22
222.70.171.86 - - [25/Oct/2021:10:18:10 +0800] "GET /xingrg/all/function/internal_message.html?_=1635128291749&CODE_STATE=getMsg HTTP/1.1" 200 27
116.233.78.170 - - [25/Oct/2021:10:18:12 +0800] "GET /xingrg/all/function/internal_message.html?_=1635128292558&CODE_STATE=getMsg HTTP/1.1" 200 27
58.37.227.186 - - [25/Oct/2021:10:18:12 +0800] "GET /xingrg/kc/buy/cgsh_order_operate.html?command=get_materiel&rest_code=00141&code=00101008026&supplier_code=00100007&order_time=2021-10-25 HTTP/1.1" 200 409
116.233.78.170 - - [25/Oct/2021:10:18:17 +0800] "POST /xingrg/kc/buy/cgsh_list_operate.html HTTP/1.1" 200 617
116.233.78.170 - - [25/Oct/2021:10:18:18 +0800] "GET /xingrg/kc/buy/cgsh_order_info.html?code=212021102410591 HTTP/1.1" 200 59627
116.233.78.170 - - [25/Oct/2021:10:18:18 +0800] "GET /xingrg/javascript/easyui/themes/default/validatebox.css HTTP/1.1" 404 1104
116.233.78.170 - - [25/Oct/2021:10:18:18 +0800] "POST /xingrg/kc/buy/cgsh_order_operate.html HTTP/1.1" 200 10776
222.70.179.155 - - [25/Oct/2021:10:18:18 +0800] "GET /xingrg/all/function/internal_message.html?_=1635128298614&CODE_STATE=getMsg HTTP/1.1" 200 27
58.37.227.186 - - [25/Oct/2021:10:18:19 +0800] "GET /xingrg/check_reg.html?_=1635128142521 HTTP/1.1" 200 22
116.233.78.170 - - [25/Oct/2021:10:18:19 +0800] "GET /xingrg/kc/print/load_config.html?kc_code=cgsh HTTP/1.1" 200 2281
116.233.78.170 - - [25/Oct/2021:10:18:19 +0800] "GET /xingrg/kc/print/load_data.html?order_code=212021102410591&kc_code=cgsh HTTP/1.1" 200 4690
58.37.227.186 - - [25/Oct/2021:10:18:20 +0800] "GET /xingrg/kc/buy/cgsh_order_operate.html?command=get_materiel&rest_code=00141&code=00101008110&supplier_code=00100007&order_time=2021-10-25 HTTP/1.1" 200 408
58.37.227.186 - - [25/Oct/2021:10:18:27 +0800] "GET /xingrg/kc/buy/cgsh_order_operate.html?command=get_materiel&rest_code=00141&code=00101008038&supplier_code=00100007&order_time=2021-10-25 HTTP/1.1" 200 412
116.233.78.170 - - [25/Oct/2021:10:18:28 +0800] "POST /xingrg/kc/buy/cgsh_list_operate.html HTTP/1.1" 200 9132
58.39.139.200 - - [25/Oct/2021:10:18:31 +0800] "GET /xingrg/all/function/internal_message.html?_=1635128312617&CODE_STATE=getMsg HTTP/1.1" 200 27
58.37.227.186 - - [25/Oct/2021:10:18:34 +0800] "GET /xingrg/kc/buy/cgsh_order_operate.html?command=get_materiel&rest_code=00141&code=00101008163&supplier_code=00100007&order_time=2021-10-25 HTTP/1.1" 200 428
58.37.227.186 - - [25/Oct/2021:10:18:40 +0800] "GET /xingrg/kc/buy/cgsh_order_operate.html?command=get_materiel&rest_code=00141&code=00101008360&supplier_code=00100007&order_time=2021-10-25 HTTP/1.1" 200 413
114.83.216.72 - - [25/Oct/2021:10:18:45 +0800] "GET /xingrg/all/function/internal_message.html?_=1635128325726&CODE_STATE=getMsg HTTP/1.1" 200 27
114.85.125.222 - - [25/Oct/2021:10:18:45 +0800] "GET /xingrg/check_reg.html?_=1635128267878 HTTP/1.1" 200 22
114.85.125.222 - - [25/Oct/2021:10:18:46 +0800] "GET /xingrg/all/function/internal_message.html?_=1635128268849&CODE_STATE=getMsg HTTP/1.1" 200 27
58.37.227.186 - - [25/Oct/2021:10:18:47 +0800] "GET /xingrg/kc/buy/cgsh_order_operate.html?command=get_materiel&rest_code=00141&code=00101008059&supplier_code=00100007&order_time=2021-10-25 HTTP/1.1" 200 408
58.37.227.186 - - [25/Oct/2021:10:18:55 +0800] "GET /xingrg/kc/buy/cgsh_order_operate.html?command=get_materiel&rest_code=00141&code=00101008357&supplier_code=00100007&order_time=2021-10-25 HTTP/1.1" 200 408
180.169.147.146 - - [25/Oct/2021:10:18:56 +0800] "GET /xingrg/all/function/internal_message.html?_=1635128336609&CODE_STATE=getMsg HTTP/1.1" 200 27
