222.70.179.155 - - [25/Oct/2021:10:37:28 +0800] "GET /xingrg/dwr/interface/AjaxComOrderService.js HTTP/1.1" 200 18264
222.70.179.155 - - [25/Oct/2021:10:37:28 +0800] "GET /xingrg/javascript/jquery_easy_ui/themes/icon.css HTTP/1.1" 304 -
222.70.179.155 - - [25/Oct/2021:10:37:28 +0800] "GET /xingrg/dwr/util.js HTTP/1.1" 304 -
222.70.179.155 - - [25/Oct/2021:10:37:28 +0800] "GET /xingrg/javascript/Calendar.js HTTP/1.1" 304 -
222.70.179.155 - - [25/Oct/2021:10:37:28 +0800] "GET /xingrg/javascript/myfunction.js HTTP/1.1" 304 -
222.70.179.155 - - [25/Oct/2021:10:37:28 +0800] "GET /xingrg/javascript/AjaxInfoList.js HTTP/1.1" 304 -
222.70.179.155 - - [25/Oct/2021:10:37:28 +0800] "GET /xingrg/javascript/Grid.js HTTP/1.1" 304 -
222.70.179.155 - - [25/Oct/2021:10:37:28 +0800] "GET /xingrg/javascript/ToolTips.js HTTP/1.1" 304 -
222.70.179.155 - - [25/Oct/2021:10:37:28 +0800] "GET /xingrg/javascript/print/kc_print.js HTTP/1.1" 304 -
222.70.179.155 - - [25/Oct/2021:10:37:28 +0800] "GET /xingrg/javascript/print/LodopFuncs.js HTTP/1.1" 304 -
222.70.179.155 - - [25/Oct/2021:10:37:28 +0800] "GET /xingrg/dwr/engine.js HTTP/1.1" 200 43631
222.70.179.155 - - [25/Oct/2021:10:37:28 +0800] "GET /xingrg/words/20211024174750_words.js HTTP/1.1" 304 -
222.70.179.155 - - [25/Oct/2021:10:37:28 +0800] "GET /xingrg/javascript/jquery_easy_ui/themes/icons/ok.png HTTP/1.1" 200 883
222.70.179.155 - - [25/Oct/2021:10:37:28 +0800] "GET /xingrg/images/blue/button/kc_tab_edit.gif HTTP/1.1" 200 551
222.70.179.155 - - [25/Oct/2021:10:37:28 +0800] "GET /xingrg/images/blue/button/kc_tab_save.gif HTTP/1.1" 200 777
222.70.179.155 - - [25/Oct/2021:10:37:28 +0800] "GET /xingrg/images/blue/button/kc_tab_add.gif HTTP/1.1" 200 375
222.70.179.155 - - [25/Oct/2021:10:37:28 +0800] "GET /xingrg/images/blue/button/kc_tab_del.gif HTTP/1.1" 200 383
222.70.179.155 - - [25/Oct/2021:10:37:28 +0800] "GET /xingrg/images/blue/wait.gif HTTP/1.1" 304 -
222.70.179.155 - - [25/Oct/2021:10:37:28 +0800] "GET /xingrg/images/blue/kc_tab2_left.gif HTTP/1.1" 200 625
222.70.179.155 - - [25/Oct/2021:10:37:28 +0800] "GET /xingrg/images/blue/kc_tab2_right.gif HTTP/1.1" 200 192
222.70.179.155 - - [25/Oct/2021:10:37:28 +0800] "POST /xingrg/dwr/call/plaincall/AjaxQqpsService.loadMaterielItems.dwr HTTP/1.1" 200 6044
222.70.179.155 - - [25/Oct/2021:10:37:29 +0800] "GET /xingrg/images/yd/bt.gif HTTP/1.1" 404 1040
180.169.147.146 - - [25/Oct/2021:10:37:30 +0800] "GET /xingrg/kc/base/crk_hz.html?_=1635129510215&command=get_cost_id&end_date=2021-10-24&start_date=2021-10-01 HTTP/1.1" 200 51
180.169.147.146 - - [25/Oct/2021:10:37:30 +0800] "GET /xingrg/all/report/report_query.html?isQuery=1&onlyBody=1&rh=99999&rw=1800&varString=start:20211001,cost_id:3373,mid:20211001&fileName=kc/base/crk_hz_type_by_base.xml&queryString=%20m.sort_code%20in%20('00101001','00101002','00101003','00101004','00101005','00101006','00101007','00101008','00101009','00101010','00101011','00101012','00101013','00101014','00101015','00101016','00101017','00101018','00101019','00101020','00101021','00101022','00101023','00101024','00101025','00101026','00101027','00101028','00101029','00101030','00101031','00101032','00101033','00101034','00101036','00101037','00101038','00101039')%20&queryText=ÈÕÆÚ£º2021-10-01ÖÁ2021-10-24&tableQueryString=materiel_table$sp1$$sp$before_table$sp1$$sp$crk_table$sp1$order_day%20between%2020211001%20and%2020211024 HTTP/1.1" 200 49800
180.169.147.146 - - [25/Oct/2021:10:37:30 +0800] "GET /xingrg/dwr/interface/AjaxReportQueryService.js HTTP/1.1" 200 13203
180.169.147.146 - - [25/Oct/2021:10:37:30 +0800] "GET /xingrg/dwr/engine.js HTTP/1.1" 200 43631
58.39.139.200 - - [25/Oct/2021:10:37:31 +0800] "GET /xingrg/kc/base/wldb_order_operate.html?command=get_materiel&rest_code=00105&base_code=0010508&code=00102002082 HTTP/1.1" 200 440
58.39.139.200 - - [25/Oct/2021:10:37:31 +0800] "GET /xingrg/all/function/internal_message.html?_=1635129452645&CODE_STATE=getMsg HTTP/1.1" 200 27
180.169.147.146 - - [25/Oct/2021:10:37:31 +0800] "POST /xingrg/all/report/load_report_page.html HTTP/1.1" 200 619412
180.169.147.146 - - [25/Oct/2021:10:37:31 +0800] "GET /xingrg/servlets/image?cache=0.9148757507995883&image=px HTTP/1.1" 200 807
124.78.153.86 - - [25/Oct/2021:10:37:34 +0800] "GET /xingrg/kc/buy/cgsh_order_operate.html?command=get_materiel&rest_code=00106&code=00101008005&supplier_code=00100007&order_time=2021-10-25 HTTP/1.1" 200 432
180.169.147.146 - - [25/Oct/2021:10:37:34 +0800] "GET /xingrg/all/function/internal_message.html?_=1635129514510&CODE_STATE=getMsg HTTP/1.1" 200 27
222.70.179.155 - - [25/Oct/2021:10:37:34 +0800] "POST /xingrg/dwr/call/plaincall/AjaxQqpsService.getMaterielByCode.dwr HTTP/1.1" 200 2642
58.39.139.200 - - [25/Oct/2021:10:37:38 +0800] "GET /xingrg/kc/base/wldb_order_operate.html?command=get_materiel&rest_code=00105&base_code=0010508&code=00102021018 HTTP/1.1" 200 444
124.78.153.86 - - [25/Oct/2021:10:37:43 +0800] "GET /xingrg/kc/buy/cgsh_order_operate.html?command=get_materiel&rest_code=00106&code=00101008353&supplier_code=00100007&order_time=2021-10-25 HTTP/1.1" 200 408
114.83.216.72 - - [25/Oct/2021:10:37:45 +0800] "GET /xingrg/all/function/internal_message.html?_=1635129465410&CODE_STATE=getMsg HTTP/1.1" 200 27
124.78.153.86 - - [25/Oct/2021:10:37:46 +0800] "POST /xingrg/kc/buy/cgsh_order_operate.html HTTP/1.1" 200 2065
180.169.147.146 - - [25/Oct/2021:10:37:46 +0800] "GET /xingrg/all/report/report_query.html?isQuery=1&fileName=kc/base/crk_detail_by_small.xml&rh=99999&queryString=&queryText=%25E3%2580%2590%25E4%25BB%2593%25E5%25BA%2593%25E5%2590%258D%25E7%25A7%25B0%253A%25E7%2589%25A9%25E6%2596%2599%25E4%25BB%2593%25E5%25BA%2593%25E3%2580%2591%25E3%2580%2590%25E4%25B8%259A%25E5%258A%25A1%25E7%25B1%25BB%25E5%259E%258B%25EF%25BC%259A%25E5%2586%2585%25E9%2583%25A8%25E8%25B0%2583%25E5%2587%25BA%25E3%2580%2591%2520%253F%253F%253F%253F%253F2021-10-01%253F%253F2021-10-24&tableQueryString=crk_table%2524sp1%2524order_day%2520between%252020211001%2520and%252020211024%2520and%2520(base_code%253D'0010740')%2520and%2520(src_order_type%2520in%2520(42))%2520and%2520(is_rk%2520in%2520(0)) HTTP/1.1" 200 53770
114.85.125.222 - - [25/Oct/2021:10:37:47 +0800] "GET /xingrg/all/function/internal_message.html?_=1635129409513&CODE_STATE=getMsg HTTP/1.1" 200 27
180.169.147.146 - - [25/Oct/2021:10:37:47 +0800] "GET /xingrg/dwr/interface/AjaxReportQueryService.js HTTP/1.1" 200 13203
180.169.147.146 - - [25/Oct/2021:10:37:47 +0800] "GET /xingrg/dwr/engine.js HTTP/1.1" 200 43631
58.39.139.200 - - [25/Oct/2021:10:37:47 +0800] "POST /xingrg/kc/base/wldb_order_operate.html HTTP/1.1" 200 37
58.39.139.200 - - [25/Oct/2021:10:37:48 +0800] "POST /xingrg/kc/base/wldb_order_operate.html HTTP/1.1" 200 2683
180.169.147.146 - - [25/Oct/2021:10:37:48 +0800] "POST /xingrg/all/report/load_report_page.html HTTP/1.1" 200 30342
180.169.147.146 - - [25/Oct/2021:10:37:48 +0800] "GET /xingrg/servlets/image?cache=0.3319792047002389&image=px HTTP/1.1" 200 807
124.78.153.86 - - [25/Oct/2021:10:37:55 +0800] "GET /xingrg/kc/buy/cgsh_order_operate.html?command=get_materiel&rest_code=00106&code=00101008114&supplier_code=00100007&order_time=2021-10-25 HTTP/1.1" 200 412
58.39.139.200 - - [25/Oct/2021:10:37:56 +0800] "GET /xingrg/kc/base/wldb_order_info.html?code=422021102502561 HTTP/1.1" 200 30451
58.39.139.200 - - [25/Oct/2021:10:37:56 +0800] "GET /xingrg/javascript/easyui/themes/default/validatebox.css HTTP/1.1" 404 1104
180.169.147.146 - - [25/Oct/2021:10:37:56 +0800] "GET /xingrg/all/function/internal_message.html?_=1635129476634&CODE_STATE=getMsg HTTP/1.1" 200 27
58.39.139.200 - - [25/Oct/2021:10:37:57 +0800] "POST /xingrg/kc/base/wldb_order_operate.html HTTP/1.1" 200 2683
180.157.253.6 - - [25/Oct/2021:10:37:57 +0800] "GET /xingrg/all/function/internal_message.html?_=1635129477378&CODE_STATE=getMsg HTTP/1.1" 200 27
180.169.147.146 - - [25/Oct/2021:10:37:58 +0800] "GET /xingrg/all/report/report_query.html?isQuery=1&fileName=kc/base/crk_detail_by_materiel.xml&queryString=&queryText=%25E3%2580%2590%25E4%25BB%2593%25E5%25BA%2593%25E5%2590%258D%25E7%25A7%25B0%253A%25E7%2589%25A9%25E6%2596%2599%25E4%25BB%2593%25E5%25BA%2593%25E3%2580%2591%25E3%2580%2590%25E4%25B8%259A%25E5%258A%25A1%25E7%25B1%25BB%25E5%259E%258B%25EF%25BC%259A%25E5%2586%2585%25E9%2583%25A8%25E8%25B0%2583%25E5%2587%25BA%25E3%2580%2591%2520%253F%253F%253F%253F%253F2021-10-01%253F%253F2021-10-24&tableQueryString=crk_table%2524sp1%2524order_day%2520between%252020211001%2520and%252020211024%2520and%2520(base_code%253D'0010740')%2520and%2520(src_order_type%2520in%2520(42))%2520and%2520(is_rk%2520in%2520(0))%2520and%2520(m.sort_code%253D'00101017') HTTP/1.1" 200 53797
180.169.147.146 - - [25/Oct/2021:10:37:59 +0800] "GET /xingrg/dwr/interface/AjaxReportQueryService.js HTTP/1.1" 200 13203
180.169.147.146 - - [25/Oct/2021:10:37:59 +0800] "GET /xingrg/dwr/engine.js HTTP/1.1" 200 43631
180.169.147.146 - - [25/Oct/2021:10:37:59 +0800] "POST /xingrg/all/report/load_report_page.html HTTP/1.1" 200 16040
180.169.147.146 - - [25/Oct/2021:10:37:59 +0800] "GET /xingrg/servlets/image?cache=0.6849817730455354&image=px HTTP/1.1" 200 807
124.78.153.86 - - [25/Oct/2021:10:37:59 +0800] "GET /xingrg/all/function/internal_message.html?_=1635129478673&CODE_STATE=getMsg HTTP/1.1" 200 27
58.39.139.200 - - [25/Oct/2021:10:37:59 +0800] "GET /xingrg/kc/base/wldb_order_add.html HTTP/1.1" 200 30438
58.39.139.200 - - [25/Oct/2021:10:38:00 +0800] "GET /xingrg/javascript/easyui/themes/default/validatebox.css HTTP/1.1" 404 1104
58.39.139.200 - - [25/Oct/2021:10:38:00 +0800] "POST /xingrg/kc/base/wldb_order_operate.html HTTP/1.1" 200 6806
101.89.29.78 - - [25/Oct/2021:10:38:00 +0800] "GET /xingrg/check_reg.html?_=1635129418630 HTTP/1.1" 302 -
58.39.139.200 - - [25/Oct/2021:10:38:00 +0800] "POST /xingrg/all/common/load_combo.html?type=base HTTP/1.1" 200 3236
101.89.29.78 - - [25/Oct/2021:10:38:01 +0800] "GET /xingrg/login.html HTTP/1.1" 200 7641
101.85.106.134 - - [25/Oct/2021:10:38:06 +0800] "GET /xingrg/all/function/internal_message.html?_=1635129483850&CODE_STATE=getMsg HTTP/1.1" 200 27
116.238.248.233 - - [25/Oct/2021:10:38:06 +0800] "GET /xingrg/all/function/internal_message.html?_=1635129483870&CODE_STATE=getMsg HTTP/1.1" 200 27
116.227.210.113 - - [25/Oct/2021:10:38:07 +0800] "GET /xingrg/check_reg.html?_=1635129479007 HTTP/1.1" 200 22
116.227.210.113 - - [25/Oct/2021:10:38:07 +0800] "GET /xingrg/all/function/internal_message.html?_=1635129479009&CODE_STATE=getMsg HTTP/1.1" 200 27
222.70.179.155 - - [25/Oct/2021:10:38:07 +0800] "GET /xingrg/javascript/jquery_easy_ui/themes/icons/rest.png HTTP/1.1" 200 695
222.70.179.155 - - [25/Oct/2021:10:38:07 +0800] "GET /xingrg/javascript/jquery_easy_ui/themes/icons/area.png HTTP/1.1" 200 262
222.70.171.86 - - [25/Oct/2021:10:38:07 +0800] "GET /xingrg/check_reg.html?_=1635129488967 HTTP/1.1" 200 22
124.78.153.86 - - [25/Oct/2021:10:38:08 +0800] "GET /xingrg/kc/buy/cgsh_order_operate.html?command=get_materiel&rest_code=00106&code=00101010112&supplier_code=00100007&order_time=2021-10-25 HTTP/1.1" 200 412
222.70.179.155 - - [25/Oct/2021:10:38:09 +0800] "POST /xingrg/dwr/call/plaincall/AjaxQqpsService.saveOrder.dwr HTTP/1.1" 200 78
222.70.179.155 - - [25/Oct/2021:10:38:09 +0800] "POST /xingrg/dwr/call/plaincall/AjaxQqpsService.saveMaterielItem.dwr HTTP/1.1" 200 78
58.39.139.200 - - [25/Oct/2021:10:38:11 +0800] "GET /xingrg/kc/base/wldb_order_operate.html?command=get_materiel&rest_code=00105&base_code=0010507&code=00101019142 HTTP/1.1" 200 449
222.70.171.86 - - [25/Oct/2021:10:38:11 +0800] "GET /xingrg/all/function/internal_message.html?_=1635129492832&CODE_STATE=getMsg HTTP/1.1" 200 27
222.70.179.155 - - [25/Oct/2021:10:38:12 +0800] "POST /xingrg/dwr/call/plaincall/AjaxQqpsService.checkOrder.dwr HTTP/1.1" 200 78
222.70.179.155 - - [25/Oct/2021:10:38:13 +0800] "GET /xingrg/kc/mdqp/qqps_order_info.html?code=302021102500490 HTTP/1.1" 200 26482
222.70.179.155 - - [25/Oct/2021:10:38:13 +0800] "GET /xingrg/dwr/interface/AjaxQqpsService.js HTTP/1.1" 200 16326
222.70.179.155 - - [25/Oct/2021:10:38:13 +0800] "GET /xingrg/dwr/interface/AjaxComOrderService.js HTTP/1.1" 200 18264
222.70.179.155 - - [25/Oct/2021:10:38:13 +0800] "GET /xingrg/dwr/engine.js HTTP/1.1" 200 43631
222.70.179.155 - - [25/Oct/2021:10:38:14 +0800] "POST /xingrg/dwr/call/plaincall/AjaxQqpsService.loadMaterielItems.dwr HTTP/1.1" 200 6368
180.169.147.146 - - [25/Oct/2021:10:38:14 +0800] "GET /xingrg/all/report/report_query.html?isQuery=1&fileName=kc/base/crk_detail_by_small.xml&rh=99999&queryString=&queryText=%25E3%2580%2590%25E4%25BB%2593%25E5%25BA%2593%25E5%2590%258D%25E7%25A7%25B0%253A%25E7%2589%25A9%25E6%2596%2599%25E4%25BB%2593%25E5%25BA%2593%25E3%2580%2591%25E3%2580%2590%25E4%25B8%259A%25E5%258A%25A1%25E7%25B1%25BB%25E5%259E%258B%25EF%25BC%259A%25E6%2580%25BB%25E9%2583%25A8%25E9%2585%258D%25E9%2580%2581%25E3%2580%2591%2520%253F%253F%253F%253F%253F2021-10-01%253F%253F2021-10-24&tableQueryString=crk_table%2524sp1%2524order_day%2520between%252020211001%2520and%252020211024%2520and%2520(base_code%253D'0010740')%2520and%2520(src_order_type%2520in%2520(31))%2520and%2520(is_rk%2520in%2520(1)) HTTP/1.1" 200 53770
180.169.147.146 - - [25/Oct/2021:10:38:15 +0800] "GET /xingrg/dwr/interface/AjaxReportQueryService.js HTTP/1.1" 200 13203
180.169.147.146 - - [25/Oct/2021:10:38:15 +0800] "GET /xingrg/dwr/engine.js HTTP/1.1" 200 43631
124.78.153.86 - - [25/Oct/2021:10:38:15 +0800] "GET /xingrg/kc/buy/cgsh_order_operate.html?command=get_materiel&rest_code=00106&code=00101008125&supplier_code=00100007&order_time=2021-10-25 HTTP/1.1" 200 413
180.169.147.146 - - [25/Oct/2021:10:38:16 +0800] "POST /xingrg/all/report/load_report_page.html HTTP/1.1" 200 28109
180.169.147.146 - - [25/Oct/2021:10:38:16 +0800] "GET /xingrg/servlets/image?cache=0.4893607542180336&image=px HTTP/1.1" 200 807
58.39.139.200 - - [25/Oct/2021:10:38:18 +0800] "GET /xingrg/kc/base/wldb_order_operate.html?command=get_materiel&rest_code=00105&base_code=0010507&code=00101019187 HTTP/1.1" 200 464
180.169.147.146 - - [25/Oct/2021:10:38:18 +0800] "GET /xingrg/all/report/report_query.html?isQuery=1&fileName=kc/base/crk_detail_by_materiel.xml&queryString=&queryText=%25E3%2580%2590%25E4%25BB%2593%25E5%25BA%2593%25E5%2590%258D%25E7%25A7%25B0%253A%25E7%2589%25A9%25E6%2596%2599%25E4%25BB%2593%25E5%25BA%2593%25E3%2580%2591%25E3%2580%2590%25E4%25B8%259A%25E5%258A%25A1%25E7%25B1%25BB%25E5%259E%258B%25EF%25BC%259A%25E6%2580%25BB%25E9%2583%25A8%25E9%2585%258D%25E9%2580%2581%25E3%2580%2591%2520%253F%253F%253F%253F%253F2021-10-01%253F%253F2021-10-24&tableQueryString=crk_table%2524sp1%2524order_day%2520between%252020211001%2520and%252020211024%2520and%2520(base_code%253D'0010740')%2520and%2520(src_order_type%2520in%2520(31))%2520and%2520(is_rk%2520in%2520(1))%2520and%2520(m.sort_code%253D'00101017') HTTP/1.1" 200 53797
222.70.179.155 - - [25/Oct/2021:10:38:18 +0800] "GET /xingrg/all/function/internal_message.html?_=1635129498651&CODE_STATE=getMsg HTTP/1.1" 200 27
180.169.147.146 - - [25/Oct/2021:10:38:19 +0800] "GET /xingrg/dwr/interface/AjaxReportQueryService.js HTTP/1.1" 200 13203
180.169.147.146 - - [25/Oct/2021:10:38:19 +0800] "GET /xingrg/dwr/engine.js HTTP/1.1" 200 43631
180.169.147.146 - - [25/Oct/2021:10:38:19 +0800] "POST /xingrg/all/report/load_report_page.html HTTP/1.1" 200 16031
180.169.147.146 - - [25/Oct/2021:10:38:19 +0800] "GET /xingrg/servlets/image?cache=0.8980276330984963&image=px HTTP/1.1" 200 807
58.37.227.186 - - [25/Oct/2021:10:38:19 +0800] "GET /xingrg/check_reg.html?_=1635129342492 HTTP/1.1" 200 22
101.91.60.11 - - [25/Oct/2021:10:38:23 +0800] "GET /xingrg/kc/buy/cgsh_order_operate.html?command=get_materiel&rest_code=00106&code=00101008352&supplier_code=00100007&order_time=2021-10-25 HTTP/1.1" 302 -
101.91.60.11 - - [25/Oct/2021:10:38:24 +0800] "GET /xingrg/login.html HTTP/1.1" 200 7641
58.39.139.200 - - [25/Oct/2021:10:38:25 +0800] "GET /xingrg/kc/base/wldb_order_operate.html?command=get_materiel&rest_code=00105&base_code=0010507&code=00101019438 HTTP/1.1" 200 447
124.78.153.86 - - [25/Oct/2021:10:38:26 +0800] "GET /xingrg/kc/buy/cgsh_order_operate.html?command=get_materiel&rest_code=00106&code=00101008298&supplier_code=00100007&order_time=2021-10-25 HTTP/1.1" 200 431
58.39.139.200 - - [25/Oct/2021:10:38:31 +0800] "GET /xingrg/all/function/internal_message.html?_=1635129512653&CODE_STATE=getMsg HTTP/1.1" 200 27
61.151.178.217 - - [25/Oct/2021:10:38:33 +0800] "GET /xingrg/kc/buy/cgsh_order_operate.html?command=get_materiel&rest_code=00106&code=00101008005&supplier_code=00100007&order_time=2021-10-25 HTTP/1.1" 302 -
61.151.178.217 - - [25/Oct/2021:10:38:33 +0800] "GET /xingrg/login.html HTTP/1.1" 200 7641
116.227.210.113 - - [25/Oct/2021:10:38:33 +0800] "GET /xingrg/kc/mdqp/pssh_order_list.html HTTP/1.1" 200 17825
116.227.210.113 - - [25/Oct/2021:10:38:33 +0800] "POST /xingrg/kc/mdqp/pssh_list_operate.html HTTP/1.1" 200 5421
180.169.147.146 - - [25/Oct/2021:10:38:34 +0800] "GET /xingrg/all/function/internal_message.html?_=1635129574488&CODE_STATE=getMsg HTTP/1.1" 200 27
58.39.139.200 - - [25/Oct/2021:10:38:34 +0800] "GET /xingrg/kc/base/wldb_order_operate.html?command=get_materiel&rest_code=00105&base_code=0010507&code=00101016020 HTTP/1.1" 200 447
58.39.139.200 - - [25/Oct/2021:10:38:41 +0800] "GET /xingrg/kc/base/wldb_order_operate.html?command=get_materiel&rest_code=00105&base_code=0010507&code=00101019183 HTTP/1.1" 200 435
124.78.153.86 - - [25/Oct/2021:10:38:42 +0800] "GET /xingrg/kc/buy/cgsh_order_operate.html?command=get_materiel&rest_code=00106&code=00101008148&supplier_code=00100007&order_time=2021-10-25 HTTP/1.1" 200 435
114.83.216.72 - - [25/Oct/2021:10:38:45 +0800] "GET /xingrg/all/function/internal_message.html?_=1635129525382&CODE_STATE=getMsg HTTP/1.1" 200 27
114.85.125.222 - - [25/Oct/2021:10:38:46 +0800] "GET /xingrg/check_reg.html?_=1635129468282 HTTP/1.1" 200 22
114.85.125.222 - - [25/Oct/2021:10:38:47 +0800] "GET /xingrg/all/function/internal_message.html?_=1635129469527&CODE_STATE=getMsg HTTP/1.1" 200 27
58.39.139.200 - - [25/Oct/2021:10:38:49 +0800] "GET /xingrg/kc/base/wldb_order_operate.html?command=get_materiel&rest_code=00105&base_code=0010507&code=00101019018 HTTP/1.1" 200 451
124.78.153.86 - - [25/Oct/2021:10:38:52 +0800] "POST /xingrg/kc/buy/cgsh_order_operate.html HTTP/1.1" 200 37
61.151.207.141 - - [25/Oct/2021:10:38:53 +0800] "GET /xingrg/kc/buy/cgsh_order_operate.html?command=get_materiel&rest_code=00106&code=00101008114&supplier_code=00100007&order_time=2021-10-25 HTTP/1.1" 302 -
61.151.207.141 - - [25/Oct/2021:10:38:53 +0800] "GET /xingrg/login.html HTTP/1.1" 200 7641
124.78.153.86 - - [25/Oct/2021:10:38:54 +0800] "POST /xingrg/kc/buy/cgsh_order_operate.html HTTP/1.1" 200 13286
180.169.147.146 - - [25/Oct/2021:10:38:55 +0800] "GET /xingrg/check_reg.html?_=1635129595156 HTTP/1.1" 200 22
180.169.147.146 - - [25/Oct/2021:10:38:56 +0800] "GET /xingrg/all/function/internal_message.html?_=1635129536634&CODE_STATE=getMsg HTTP/1.1" 200 27
180.157.253.6 - - [25/Oct/2021:10:38:57 +0800] "GET /xingrg/all/function/internal_message.html?_=1635129537380&CODE_STATE=getMsg HTTP/1.1" 200 27
124.78.153.86 - - [25/Oct/2021:10:38:59 +0800] "GET /xingrg/all/function/internal_message.html?_=1635129538643&CODE_STATE=getMsg HTTP/1.1" 200 27
61.151.207.158 - - [25/Oct/2021:10:38:59 +0800] "GET /xingrg/all/function/internal_message.html?_=1635129478673&CODE_STATE=getMsg HTTP/1.1" 302 -
61.151.207.158 - - [25/Oct/2021:10:39:00 +0800] "GET /xingrg/login.html HTTP/1.1" 200 7641
124.78.153.86 - - [25/Oct/2021:10:39:03 +0800] "GET /xingrg/kc/buy/cgsh_order_operate.html?command=get_materiel&rest_code=00106&code=00101008248&supplier_code=00100007&order_time=2021-10-25 HTTP/1.1" 200 412
58.39.139.200 - - [25/Oct/2021:10:39:04 +0800] "GET /xingrg/kc/base/wldb_order_operate.html?command=get_materiel&rest_code=00105&base_code=0010507&code=00101016029 HTTP/1.1" 200 462
101.85.106.134 - - [25/Oct/2021:10:39:06 +0800] "GET /xingrg/all/function/internal_message.html?_=1635129543851&CODE_STATE=getMsg HTTP/1.1" 200 27
116.238.248.233 - - [25/Oct/2021:10:39:06 +0800] "GET /xingrg/all/function/internal_message.html?_=1635129543870&CODE_STATE=getMsg HTTP/1.1" 200 27
61.151.178.177 - - [25/Oct/2021:10:39:07 +0800] "GET /xingrg/kc/buy/cgsh_order_operate.html?command=get_materiel&rest_code=00106&code=00101010112&supplier_code=00100007&order_time=2021-10-25 HTTP/1.1" 302 -
116.227.210.113 - - [25/Oct/2021:10:39:07 +0800] "GET /xingrg/all/function/internal_message.html?_=1635129539013&CODE_STATE=getMsg HTTP/1.1" 200 27
61.151.178.177 - - [25/Oct/2021:10:39:08 +0800] "GET /xingrg/login.html HTTP/1.1" 200 7641
58.39.139.200 - - [25/Oct/2021:10:39:09 +0800] "POST /xingrg/kc/base/wldb_order_operate.html HTTP/1.1" 200 37
58.39.139.200 - - [25/Oct/2021:10:39:09 +0800] "POST /xingrg/kc/base/wldb_order_operate.html HTTP/1.1" 200 5169
222.70.171.86 - - [25/Oct/2021:10:39:11 +0800] "GET /xingrg/all/function/internal_message.html?_=1635129552846&CODE_STATE=getMsg HTTP/1.1" 200 27
61.151.178.217 - - [25/Oct/2021:10:39:13 +0800] "GET /xingrg/kc/buy/cgsh_order_operate.html?command=get_materiel&rest_code=00106&code=00101008125&supplier_code=00100007&order_time=2021-10-25 HTTP/1.1" 302 -
61.151.178.217 - - [25/Oct/2021:10:39:13 +0800] "GET /xingrg/login.html HTTP/1.1" 200 7641
58.39.139.200 - - [25/Oct/2021:10:39:17 +0800] "GET /xingrg/kc/base/wldb_order_info.html?code=422021102502562 HTTP/1.1" 200 30450
58.39.139.200 - - [25/Oct/2021:10:39:18 +0800] "GET /xingrg/javascript/easyui/themes/default/validatebox.css HTTP/1.1" 404 1104
58.39.139.200 - - [25/Oct/2021:10:39:18 +0800] "POST /xingrg/kc/base/wldb_order_operate.html HTTP/1.1" 200 5169
222.70.179.155 - - [25/Oct/2021:10:39:18 +0800] "GET /xingrg/all/function/internal_message.html?_=1635129558652&CODE_STATE=getMsg HTTP/1.1" 200 27
58.39.139.200 - - [25/Oct/2021:10:39:20 +0800] "GET /xingrg/kc/base/wldb_order_add.html HTTP/1.1" 200 30438
58.39.139.200 - - [25/Oct/2021:10:39:20 +0800] "GET /xingrg/javascript/easyui/themes/default/validatebox.css HTTP/1.1" 404 1104
58.39.139.200 - - [25/Oct/2021:10:39:20 +0800] "POST /xingrg/kc/base/wldb_order_operate.html HTTP/1.1" 200 6806
58.39.139.200 - - [25/Oct/2021:10:39:21 +0800] "POST /xingrg/all/common/load_combo.html?type=base HTTP/1.1" 200 3236
124.78.153.86 - - [25/Oct/2021:10:39:25 +0800] "GET /xingrg/kc/buy/cgsh_order_operate.html?command=get_materiel&rest_code=00106&code=00101008358&supplier_code=00100007&order_time=2021-10-25 HTTP/1.1" 200 412
58.39.139.200 - - [25/Oct/2021:10:39:30 +0800] "GET /xingrg/kc/base/wldb_order_operate.html?command=get_materiel&rest_code=00105&base_code=0010508&code=00102002204 HTTP/1.1" 200 434
58.39.139.200 - - [25/Oct/2021:10:39:31 +0800] "GET /xingrg/check_reg.html?_=1635129572710 HTTP/1.1" 200 22
58.39.139.200 - - [25/Oct/2021:10:39:31 +0800] "GET /xingrg/all/function/internal_message.html?_=1635129572712&CODE_STATE=getMsg HTTP/1.1" 200 27
58.39.139.200 - - [25/Oct/2021:10:39:34 +0800] "POST /xingrg/kc/base/wldb_order_operate.html HTTP/1.1" 200 37
180.169.147.146 - - [25/Oct/2021:10:39:34 +0800] "GET /xingrg/all/function/internal_message.html?_=1635129634472&CODE_STATE=getMsg HTTP/1.1" 200 27
58.39.139.200 - - [25/Oct/2021:10:39:34 +0800] "POST /xingrg/kc/base/wldb_order_operate.html HTTP/1.1" 200 2198
124.78.153.86 - - [25/Oct/2021:10:39:37 +0800] "GET /xingrg/kc/buy/cgsh_order_operate.html?command=get_materiel&rest_code=00106&code=00101008087&supplier_code=00100007&order_time=2021-10-25 HTTP/1.1" 200 412
124.78.153.86 - - [25/Oct/2021:10:39:40 +0800] "POST /xingrg/kc/buy/cgsh_order_operate.html HTTP/1.1" 200 2065
58.39.139.200 - - [25/Oct/2021:10:39:41 +0800] "GET /xingrg/kc/base/wldb_order_info.html?code=422021102502563 HTTP/1.1" 200 30452
58.39.139.200 - - [25/Oct/2021:10:39:42 +0800] "GET /xingrg/javascript/easyui/themes/default/validatebox.css HTTP/1.1" 404 1104
58.39.139.200 - - [25/Oct/2021:10:39:42 +0800] "POST /xingrg/kc/base/wldb_order_operate.html HTTP/1.1" 200 2198
58.39.139.200 - - [25/Oct/2021:10:39:44 +0800] "GET /xingrg/kc/base/wldb_order_add.html HTTP/1.1" 200 30438
58.39.139.200 - - [25/Oct/2021:10:39:44 +0800] "GET /xingrg/javascript/easyui/themes/default/validatebox.css HTTP/1.1" 404 1104
58.39.139.200 - - [25/Oct/2021:10:39:44 +0800] "POST /xingrg/kc/base/wldb_order_operate.html HTTP/1.1" 200 6806
114.83.216.72 - - [25/Oct/2021:10:39:45 +0800] "GET /xingrg/all/function/internal_message.html?_=1635129585365&CODE_STATE=getMsg HTTP/1.1" 200 27
58.39.139.200 - - [25/Oct/2021:10:39:45 +0800] "POST /xingrg/all/common/load_combo.html?type=base HTTP/1.1" 200 3236
124.78.153.86 - - [25/Oct/2021:10:39:46 +0800] "GET /xingrg/kc/buy/cgsh_order_operate.html?command=get_materiel&rest_code=00106&code=00101008361&supplier_code=00100007&order_time=2021-10-25 HTTP/1.1" 200 408
114.85.125.222 - - [25/Oct/2021:10:39:47 +0800] "GET /xingrg/all/function/internal_message.html?_=1635129529540&CODE_STATE=getMsg HTTP/1.1" 200 27
124.78.153.86 - - [25/Oct/2021:10:39:55 +0800] "GET /xingrg/kc/buy/cgsh_order_operate.html?command=get_materiel&rest_code=00106&code=00101008300&supplier_code=00100007&order_time=2021-10-25 HTTP/1.1" 200 412
180.169.147.146 - - [25/Oct/2021:10:39:56 +0800] "GET /xingrg/all/function/internal_message.html?_=1635129596660&CODE_STATE=getMsg HTTP/1.1" 200 27
180.157.253.6 - - [25/Oct/2021:10:39:57 +0800] "GET /xingrg/all/function/internal_message.html?_=1635129597379&CODE_STATE=getMsg HTTP/1.1" 200 27
58.39.139.200 - - [25/Oct/2021:10:39:59 +0800] "GET /xingrg/kc/base/wldb_order_operate.html?command=get_materiel&rest_code=00105&base_code=0010507&code=00101019211 HTTP/1.1" 200 446
124.78.153.86 - - [25/Oct/2021:10:39:59 +0800] "GET /xingrg/all/function/internal_message.html?_=1635129598631&CODE_STATE=getMsg HTTP/1.1" 200 27
101.85.106.134 - - [25/Oct/2021:10:40:06 +0800] "GET /xingrg/all/function/internal_message.html?_=1635129603851&CODE_STATE=getMsg HTTP/1.1" 200 27
58.39.139.200 - - [25/Oct/2021:10:40:06 +0800] "GET /xingrg/kc/base/wldb_order_operate.html?command=get_materiel&rest_code=00105&base_code=0010507&code=00101019184 HTTP/1.1" 200 442
116.238.248.233 - - [25/Oct/2021:10:40:06 +0800] "GET /xingrg/all/function/internal_message.html?_=1635129603872&CODE_STATE=getMsg HTTP/1.1" 200 27
116.227.210.113 - - [25/Oct/2021:10:40:07 +0800] "GET /xingrg/all/function/internal_message.html?_=1635129599024&CODE_STATE=getMsg HTTP/1.1" 200 27
222.70.171.86 - - [25/Oct/2021:10:40:11 +0800] "GET /xingrg/all/function/internal_message.html?_=1635129613056&CODE_STATE=getMsg HTTP/1.1" 200 27
58.39.139.200 - - [25/Oct/2021:10:40:18 +0800] "GET /xingrg/kc/base/wldb_order_operate.html?command=get_materiel&rest_code=00105&base_code=0010507&code=00101019127 HTTP/1.1" 200 466
222.70.179.155 - - [25/Oct/2021:10:40:18 +0800] "GET /xingrg/all/function/internal_message.html?_=1635129618651&CODE_STATE=getMsg HTTP/1.1" 200 27
58.39.139.200 - - [25/Oct/2021:10:40:29 +0800] "GET /xingrg/kc/base/wldb_order_operate.html?command=get_materiel&rest_code=00105&base_code=0010507&code=00101019306 HTTP/1.1" 200 463
58.39.139.200 - - [25/Oct/2021:10:40:31 +0800] "GET /xingrg/all/function/internal_message.html?_=1635129632756&CODE_STATE=getMsg HTTP/1.1" 200 27
124.78.153.86 - - [25/Oct/2021:10:40:31 +0800] "GET /xingrg/kc/buy/cgsh_order_operate.html?command=get_materiel&rest_code=00106&code=00101008350&supplier_code=00100007&order_time=2021-10-25 HTTP/1.1" 200 430
180.169.147.146 - - [25/Oct/2021:10:40:34 +0800] "GET /xingrg/all/function/internal_message.html?_=1635129694450&CODE_STATE=getMsg HTTP/1.1" 200 27
58.39.139.200 - - [25/Oct/2021:10:40:36 +0800] "GET /xingrg/kc/base/wldb_order_operate.html?command=get_materiel&rest_code=00105&base_code=0010507&code=00101019185 HTTP/1.1" 200 455
58.39.139.200 - - [25/Oct/2021:10:40:42 +0800] "GET /xingrg/kc/base/wldb_order_operate.html?command=get_materiel&rest_code=00105&base_code=0010507&code=00101019451 HTTP/1.1" 200 465
101.89.239.245 - - [25/Oct/2021:10:40:43 +0800] "GET /xingrg/kc/buy/cgsh_order_operate.html?command=get_materiel&rest_code=00106&code=00101008361&supplier_code=00100007&order_time=2021-10-25 HTTP/1.1" 302 -
101.89.239.245 - - [25/Oct/2021:10:40:44 +0800] "GET /xingrg/login.html HTTP/1.1" 200 7641
114.83.216.72 - - [25/Oct/2021:10:40:45 +0800] "GET /xingrg/all/function/internal_message.html?_=1635129645350&CODE_STATE=getMsg HTTP/1.1" 200 27
124.78.153.86 - - [25/Oct/2021:10:40:45 +0800] "GET /xingrg/kc/buy/cgsh_order_operate.html?command=get_materiel&rest_code=00106&code=00101008036&supplier_code=00100007&order_time=2021-10-25 HTTP/1.1" 200 430
116.227.210.113 - - [25/Oct/2021:10:40:46 +0800] "GET /xingrg/kc/report/report_main.html HTTP/1.1" 200 7345
114.85.125.222 - - [25/Oct/2021:10:40:47 +0800] "GET /xingrg/all/function/internal_message.html?_=1635129589554&CODE_STATE=getMsg HTTP/1.1" 200 27
116.227.210.113 - - [25/Oct/2021:10:40:48 +0800] "GET /xingrg/all/report/report_query.html?fileName=kc/base/rk_by_base.xml&rh=9999 HTTP/1.1" 200 51953
116.227.210.113 - - [25/Oct/2021:10:40:48 +0800] "GET /xingrg/dwr/interface/AjaxReportQueryService.js HTTP/1.1" 200 13203
116.227.210.113 - - [25/Oct/2021:10:40:48 +0800] "GET /xingrg/dwr/engine.js HTTP/1.1" 200 43631
116.227.210.113 - - [25/Oct/2021:10:40:48 +0800] "POST /xingrg/dwr/call/plaincall/AjaxReportQueryService.getFixDate.dwr HTTP/1.1" 200 111
116.227.210.113 - - [25/Oct/2021:10:40:48 +0800] "POST /xingrg/all/common/load_tree.html?tree=materiel_sort_tree_json HTTP/1.1" 200 8912
58.39.139.200 - - [25/Oct/2021:10:40:48 +0800] "GET /xingrg/kc/base/wldb_order_operate.html?command=get_materiel&rest_code=00105&base_code=0010507&code=00101019297 HTTP/1.1" 200 464
116.227.210.113 - - [25/Oct/2021:10:40:48 +0800] "POST /xingrg/dwr/call/plaincall/AjaxReportQueryService.getInitString.dwr HTTP/1.1" 200 954
61.151.178.165 - - [25/Oct/2021:10:40:54 +0800] "GET /xingrg/kc/buy/cgsh_order_operate.html?command=get_materiel&rest_code=00106&code=00101008300&supplier_code=00100007&order_time=2021-10-25 HTTP/1.1" 302 -
124.78.153.86 - - [25/Oct/2021:10:40:54 +0800] "POST /xingrg/kc/buy/cgsh_order_operate.html HTTP/1.1" 200 37
61.151.178.165 - - [25/Oct/2021:10:40:54 +0800] "GET /xingrg/login.html HTTP/1.1" 200 7641
124.78.153.86 - - [25/Oct/2021:10:40:55 +0800] "POST /xingrg/kc/buy/cgsh_order_operate.html HTTP/1.1" 200 18030
180.169.147.146 - - [25/Oct/2021:10:40:56 +0800] "GET /xingrg/check_reg.html?_=1635129656659 HTTP/1.1" 200 22
180.169.147.146 - - [25/Oct/2021:10:40:56 +0800] "GET /xingrg/all/function/internal_message.html?_=1635129656662&CODE_STATE=getMsg HTTP/1.1" 200 27
180.157.253.6 - - [25/Oct/2021:10:40:57 +0800] "GET /xingrg/all/function/internal_message.html?_=1635129657378&CODE_STATE=getMsg HTTP/1.1" 200 27
124.78.153.86 - - [25/Oct/2021:10:40:57 +0800] "GET /xingrg/login.html?r=1 HTTP/1.1" 200 7641
124.78.153.86 - - [25/Oct/2021:10:40:57 +0800] "GET /xingrg/login.html?r=1 HTTP/1.1" 200 7641
124.78.153.86 - - [25/Oct/2021:10:40:57 +0800] "GET /xingrg/images/blue/jxLogo.png HTTP/1.1" 304 -
124.78.153.86 - - [25/Oct/2021:10:40:57 +0800] "GET /xingrg/images/blue/jxLogo.png HTTP/1.1" 304 -
124.78.153.86 - - [25/Oct/2021:10:40:59 +0800] "GET /xingrg/images/blue/login_bg.png HTTP/1.1" 304 -
124.78.153.86 - - [25/Oct/2021:10:40:59 +0800] "GET /xingrg/images/blue/login_bg.png HTTP/1.1" 304 -
124.78.153.86 - - [25/Oct/2021:10:40:59 +0800] "GET /xingrg/images/blue/srbg.png HTTP/1.1" 304 -
124.78.153.86 - - [25/Oct/2021:10:40:59 +0800] "GET /xingrg/images/blue/srbg.png HTTP/1.1" 304 -
124.78.153.86 - - [25/Oct/2021:10:40:59 +0800] "GET /xingrg/images/blue/hj.png HTTP/1.1" 304 -
124.78.153.86 - - [25/Oct/2021:10:40:59 +0800] "GET /xingrg/images/blue/hj.png HTTP/1.1" 304 -
124.78.153.86 - - [25/Oct/2021:10:40:59 +0800] "GET /xingrg/all/function/internal_message.html?_=1635129658628&CODE_STATE=getMsg HTTP/1.1" 200 27
124.78.153.86 - - [25/Oct/2021:10:40:59 +0800] "GET /favicon.ico HTTP/1.1" 404 -
124.78.153.86 - - [25/Oct/2021:10:41:00 +0800] "GET /favicon.ico HTTP/1.1" 404 -
61.151.178.197 - - [25/Oct/2021:10:41:00 +0800] "GET /xingrg/all/function/internal_message.html?_=1635129598631&CODE_STATE=getMsg HTTP/1.1" 302 -
61.151.178.197 - - [25/Oct/2021:10:41:01 +0800] "GET /xingrg/login.html HTTP/1.1" 200 7641
116.227.210.113 - - [25/Oct/2021:10:41:02 +0800] "GET /xingrg/javascript/multi_select/dropdown_active.gif HTTP/1.1" 200 61
116.227.210.113 - - [25/Oct/2021:10:41:03 +0800] "POST /xingrg/dwr/call/plaincall/AjaxReportQueryService.refreshCache.dwr HTTP/1.1" 200 78
116.227.210.113 - - [25/Oct/2021:10:41:04 +0800] "POST /xingrg/all/report/load_report_page.html HTTP/1.1" 200 7431
116.227.210.113 - - [25/Oct/2021:10:41:04 +0800] "GET /xingrg/servlets/image?cache=0.5578871541639691&image=px HTTP/1.1" 200 807
124.78.153.86 - - [25/Oct/2021:10:41:04 +0800] "POST /xingrg/login.do HTTP/1.1" 302 -
124.78.153.86 - - [25/Oct/2021:10:41:04 +0800] "GET /xingrg/index.html?sysBaseUrl=http%3A%2F%2F180.169.147.146%3A18081%2Fxingrg%2F&costTime=41×tamp=1635129664178 HTTP/1.1" 200 17173
124.78.153.86 - - [25/Oct/2021:10:41:04 +0800] "GET /xingrg/javascript/jquery_easy_ui/themes/default/easyui.css HTTP/1.1" 304 -
124.78.153.86 - - [25/Oct/2021:10:41:04 +0800] "GET /xingrg/css/form.css HTTP/1.1" 304 -
124.78.153.86 - - [25/Oct/2021:10:41:04 +0800] "GET /xingrg/javascript/jquery_easy_ui/themes/icon.css HTTP/1.1" 304 -
124.78.153.86 - - [25/Oct/2021:10:41:04 +0800] "GET /xingrg/javascript/jquery-1.4.2.min.js HTTP/1.1" 304 -
124.78.153.86 - - [25/Oct/2021:10:41:04 +0800] "GET /xingrg/javascript/jquery_easy_ui/jquery.easyui.min.js HTTP/1.1" 304 -
124.78.153.86 - - [25/Oct/2021:10:41:04 +0800] "GET /xingrg/javascript/jquery_easy_ui/easyui-lang-zh_CN.js HTTP/1.1" 304 -
124.78.153.86 - - [25/Oct/2021:10:41:04 +0800] "GET /xingrg/javascript/jquery.form.js HTTP/1.1" 304 -
124.78.153.86 - - [25/Oct/2021:10:41:04 +0800] "GET /xingrg/javascript/jquery.utils.js HTTP/1.1" 304 -
124.78.153.86 - - [25/Oct/2021:10:41:04 +0800] "GET /xingrg/javascript/jquery.timers.js HTTP/1.1" 304 -
124.78.153.86 - - [25/Oct/2021:10:41:04 +0800] "GET /favicon.ico HTTP/1.1" 404 -
124.78.153.86 - - [25/Oct/2021:10:41:04 +0800] "GET /xingrg/images/blue/navBackgound.jpg HTTP/1.1" 304 -
124.78.153.86 - - [25/Oct/2021:10:41:04 +0800] "GET /xingrg/javascript/jquery_easy_ui/themes/icons/settle_new.png HTTP/1.1" 304 -
124.78.153.86 - - [25/Oct/2021:10:41:04 +0800] "POST /xingrg/all/common/load_tree.html?tree=area_rest_tree_json&manage=1 HTTP/1.1" 200 342
124.78.153.86 - - [25/Oct/2021:10:41:04 +0800] "GET /xingrg/all/function/internal_message.html?_=1635129664713&CODE_STATE=count HTTP/1.1" 200 11
124.78.153.86 - - [25/Oct/2021:10:41:04 +0800] "GET /xingrg/check_reg.html?_=1635129664714 HTTP/1.1" 200 22
124.78.153.86 - - [25/Oct/2021:10:41:04 +0800] "GET /xingrg/images/blue/pingpu.png HTTP/1.1" 304 -
124.78.153.86 - - [25/Oct/2021:10:41:04 +0800] "GET /xingrg/javascript/jquery_easy_ui/themes/default/images/panel_tool_collapse.gif HTTP/1.1" 304 -
124.78.153.86 - - [25/Oct/2021:10:41:04 +0800] "GET /xingrg/javascript/jquery_easy_ui/themes/default/images/tabs_leftarrow.png HTTP/1.1" 304 -
124.78.153.86 - - [25/Oct/2021:10:41:04 +0800] "GET /xingrg/javascript/jquery_easy_ui/themes/default/images/tabs_rightarrow.png HTTP/1.1" 304 -
124.78.153.86 - - [25/Oct/2021:10:41:04 +0800] "POST /xingrg/load_menu.html HTTP/1.1" 200 5138
124.78.153.86 - - [25/Oct/2021:10:41:05 +0800] "GET /xingrg/javascript/jquery_easy_ui/themes/default/images/tree_arrows.gif HTTP/1.1" 304 -
124.78.153.86 - - [25/Oct/2021:10:41:05 +0800] "GET /xingrg/javascript/jquery_easy_ui/themes/default/images/tree_folder_open.gif HTTP/1.1" 304 -
124.78.153.86 - - [25/Oct/2021:10:41:05 +0800] "GET /xingrg/javascript/jquery_easy_ui/themes/icons/search_new.png HTTP/1.1" 304 -
124.78.153.86 - - [25/Oct/2021:10:41:05 +0800] "GET /xingrg/javascript/jquery_easy_ui/themes/default/images/tree_folder.gif HTTP/1.1" 304 -
124.78.153.86 - - [25/Oct/2021:10:41:05 +0800] "GET /xingrg/javascript/jquery_easy_ui/themes/icons/storage_new.png HTTP/1.1" 304 -
124.78.153.86 - - [25/Oct/2021:10:41:05 +0800] "GET /xingrg/javascript/jquery_easy_ui/themes/icons/forms_new.png HTTP/1.1" 304 -
124.78.153.86 - - [25/Oct/2021:10:41:05 +0800] "GET /xingrg/javascript/jquery_easy_ui/themes/default/images/tree_file.gif HTTP/1.1" 304 -
101.85.106.134 - - [25/Oct/2021:10:41:06 +0800] "GET /xingrg/all/function/internal_message.html?_=1635129663852&CODE_STATE=getMsg HTTP/1.1" 200 27
116.238.248.233 - - [25/Oct/2021:10:41:06 +0800] "GET /xingrg/all/function/internal_message.html?_=1635129663872&CODE_STATE=getMsg HTTP/1.1" 200 27
116.227.210.113 - - [25/Oct/2021:10:41:06 +0800] "POST /xingrg/dwr/call/plaincall/AjaxReportQueryService.refreshCache.dwr HTTP/1.1" 200 78
116.227.210.113 - - [25/Oct/2021:10:41:06 +0800] "POST /xingrg/all/report/load_report_page.html HTTP/1.1" 200 7434
116.227.210.113 - - [25/Oct/2021:10:41:06 +0800] "GET /xingrg/servlets/image?cache=0.9909698101663391&image=px HTTP/1.1" 200 807
116.227.210.113 - - [25/Oct/2021:10:41:07 +0800] "GET /xingrg/all/function/internal_message.html?_=1635129659021&CODE_STATE=getMsg HTTP/1.1" 200 27
124.78.153.86 - - [25/Oct/2021:10:41:08 +0800] "GET /xingrg/kc/mdqp/qp_main.html HTTP/1.1" 200 10633
124.78.153.86 - - [25/Oct/2021:10:41:08 +0800] "GET /xingrg/javascript/jquery_easy_ui/themes/default/images/tabs_close.gif HTTP/1.1" 304 -
124.78.153.86 - - [25/Oct/2021:10:41:08 +0800] "GET /xingrg/css/blue.css HTTP/1.1" 304 -
124.78.153.86 - - [25/Oct/2021:10:41:08 +0800] "GET /xingrg/javascript/jquery_ui/themes/humanity/humanity.css HTTP/1.1" 304 -
124.78.153.86 - - [25/Oct/2021:10:41:08 +0800] "GET /xingrg/javascript/pic_change.js HTTP/1.1" 304 -
124.78.153.86 - - [25/Oct/2021:10:41:08 +0800] "GET /xingrg/javascript/ToolTips.js HTTP/1.1" 304 -
124.78.153.86 - - [25/Oct/2021:10:41:08 +0800] "GET /xingrg/javascript/myfunction.js HTTP/1.1" 304 -
124.78.153.86 - - [25/Oct/2021:10:41:08 +0800] "GET /xingrg/javascript/jquery_ui/jquery-ui.min.js HTTP/1.1" 304 -
124.78.153.86 - - [25/Oct/2021:10:41:08 +0800] "GET /xingrg/images/blue/button/cgxqd.gif HTTP/1.1" 304 -
124.78.153.86 - - [25/Oct/2021:10:41:08 +0800] "GET /xingrg/images/blue/button/qqpsd.gif HTTP/1.1" 200 2548
124.78.153.86 - - [25/Oct/2021:10:41:08 +0800] "GET /xingrg/images/blue/button/pszx.gif HTTP/1.1" 200 2648
124.78.153.86 - - [25/Oct/2021:10:41:08 +0800] "GET /xingrg/images/blue/button/psshd.gif HTTP/1.1" 200 2692
124.78.153.86 - - [25/Oct/2021:10:41:08 +0800] "GET /xingrg/images/blue/pic_form2.gif HTTP/1.1" 304 -
124.78.153.86 - - [25/Oct/2021:10:41:08 +0800] "GET /xingrg/images/blue/bg_dotted.jpg HTTP/1.1" 304 -
124.78.153.86 - - [25/Oct/2021:10:41:08 +0800] "GET /xingrg/javascript/jquery_ui/themes/humanity/images/ui-bg_inset-soft_100_f4f0ec_1x100.png HTTP/1.1" 304 -
124.78.153.86 - - [25/Oct/2021:10:41:08 +0800] "GET /xingrg/images/blue/button/right_ah.jpg HTTP/1.1" 304 -
124.78.153.86 - - [25/Oct/2021:10:41:08 +0800] "GET /xingrg/images/blue/button/down_ah.jpg HTTP/1.1" 304 -
124.78.153.86 - - [25/Oct/2021:10:41:08 +0800] "GET /xingrg/javascript/jquery_ui/themes/humanity/images/ui-iconsnew.jpg HTTP/1.1" 304 -
124.78.153.86 - - [25/Oct/2021:10:41:08 +0800] "GET /xingrg/javascript/jquery_ui/themes/humanity/images/ui-icons_c47a23_256x240.png HTTP/1.1" 304 -
124.78.153.86 - - [25/Oct/2021:10:41:08 +0800] "GET /xingrg/javascript/jquery_ui/themes/humanity/images/ui-icons_ffffff_256x240.png HTTP/1.1" 304 -
124.78.153.86 - - [25/Oct/2021:10:41:08 +0800] "GET /xingrg/javascript/jquery_ui/themes/humanity/images/ui-bg_glass_70_ede4d4_1x400.png HTTP/1.1" 304 -
116.227.210.113 - - [25/Oct/2021:10:41:09 +0800] "GET /xingrg/all/report/report_query.html?isQuery=1&fileName=kc/base/crk_detail_by_small.xml&rh=99999&queryString=&queryText=%25E3%2580%2590%25E4%25BB%2593%25E5%25BA%2593%25E5%2590%258D%25E7%25A7%25B0%253A%25E7%2589%25A9%25E6%2596%2599%25E4%25BB%2593%25E5%25BA%2593%25E3%2580%2591%25E3%2580%2590%25E4%25B8%259A%25E5%258A%25A1%25E7%25B1%25BB%25E5%259E%258B%25EF%25BC%259A%25E8%25B0%2583%25E6%258B%25A8%25E5%2585%25A5%25E5%25BA%2593%25E3%2580%2591%2520%25E3%2580%2590%25E6%259F%25A5%25E8%25AF%25A2%25E6%2597%25A5%25E6%259C%259F%253A2021-10-01%2520%25E8%2587%25B3%25202021-10-31%25E3%2580%2591%2520%25E5%25B9%25B6%25E4%25B8%2594%2520%2520%25E3%2580%2590%25E4%25BB%2593%25E5%25BA%2593%25E5%2590%258D%25E7%25A7%25B0%2520%253D%2520%25E7%2589%25A9%25E6%2596%2599%25E4%25BB%2593%25E5%25BA%2593%25E3%2580%2591&tableQueryString=crk_table%2524sp1%2524(a.order_day%2520between%252020211001%2520and%252020211031)%2520and%2520(base_code%253D'0010740')%2520and%2520(src_order_type%2520in%2520(42))%2520and%2520(is_rk%2520in%2520(0%252C1)) HTTP/1.1" 200 53856
116.227.210.113 - - [25/Oct/2021:10:41:09 +0800] "GET /xingrg/dwr/interface/AjaxReportQueryService.js HTTP/1.1" 200 13203
116.227.210.113 - - [25/Oct/2021:10:41:09 +0800] "GET /xingrg/dwr/engine.js HTTP/1.1" 200 43631
116.227.210.113 - - [25/Oct/2021:10:41:09 +0800] "POST /xingrg/all/report/load_report_page.html HTTP/1.1" 200 30342
116.227.210.113 - - [25/Oct/2021:10:41:09 +0800] "GET /xingrg/servlets/image?cache=0.5840898260712507&image=px HTTP/1.1" 200 807
124.78.153.86 - - [25/Oct/2021:10:41:09 +0800] "GET /xingrg/images/yd/bt.gif HTTP/1.1" 404 1040
58.39.139.200 - - [25/Oct/2021:10:41:10 +0800] "GET /xingrg/kc/base/wldb_order_operate.html?command=get_materiel&rest_code=00105&base_code=0010507&code=00101019405 HTTP/1.1" 200 467
124.78.153.86 - - [25/Oct/2021:10:41:10 +0800] "GET /xingrg/kc/mdqp/qqps_order_list.html HTTP/1.1" 200 9644
124.78.153.86 - - [25/Oct/2021:10:41:10 +0800] "GET /xingrg/dwr/interface/AjaxQqpsService.js HTTP/1.1" 200 16326
124.78.153.86 - - [25/Oct/2021:10:41:10 +0800] "GET /xingrg/dwr/interface/AjaxReportQueryService.js HTTP/1.1" 200 13203
124.78.153.86 - - [25/Oct/2021:10:41:10 +0800] "GET /xingrg/dwr/engine.js HTTP/1.1" 200 43631
124.78.153.86 - - [25/Oct/2021:10:41:10 +0800] "GET /xingrg/dwr/util.js HTTP/1.1" 200 35990
124.78.153.86 - - [25/Oct/2021:10:41:10 +0800] "GET /xingrg/javascript/Calendar.js HTTP/1.1" 200 31561
124.78.153.86 - - [25/Oct/2021:10:41:10 +0800] "GET /xingrg/javascript/jquery_easy_ui/themes/icons/edit_add_new.png HTTP/1.1" 200 2997
124.78.153.86 - - [25/Oct/2021:10:41:10 +0800] "GET /xingrg/javascript/jquery_easy_ui/themes/icons/uncheck_new.png HTTP/1.1" 200 3197
124.78.153.86 - - [25/Oct/2021:10:41:10 +0800] "GET /xingrg/javascript/jquery_easy_ui/themes/icons/check_new.png HTTP/1.1" 200 3224
124.78.153.86 - - [25/Oct/2021:10:41:10 +0800] "GET /xingrg/javascript/jquery_easy_ui/themes/icons/cance_new.png HTTP/1.1" 200 3986
222.70.171.86 - - [25/Oct/2021:10:41:11 +0800] "GET /xingrg/all/function/internal_message.html?_=1635129673061&CODE_STATE=getMsg HTTP/1.1" 200 27
116.227.210.113 - - [25/Oct/2021:10:41:11 +0800] "POST /xingrg/all/report/load_report_page.html HTTP/1.1" 200 167445
116.227.210.113 - - [25/Oct/2021:10:41:11 +0800] "GET /xingrg/servlets/image?cache=0.33382093506679444&image=px HTTP/1.1" 200 807
124.78.153.86 - - [25/Oct/2021:10:41:14 +0800] "GET /xingrg/kc/mdqp/qqps_order_info.html?code=302021102500492 HTTP/1.1" 200 28324
124.78.153.86 - - [25/Oct/2021:10:41:14 +0800] "GET /xingrg/javascript/auto/jquery.autocomplete.css HTTP/1.1" 304 -
124.78.153.86 - - [25/Oct/2021:10:41:14 +0800] "GET /xingrg/javascript/auto/jquery.autocomplete.js HTTP/1.1" 304 -
124.78.153.86 - - [25/Oct/2021:10:41:14 +0800] "GET /xingrg/javascript/tools/jquery.qtip-1.0.0-rc3.min.js HTTP/1.1" 200 38404
124.78.153.86 - - [25/Oct/2021:10:41:14 +0800] "GET /xingrg/javascript/Grid.js HTTP/1.1" 200 58908
124.78.153.86 - - [25/Oct/2021:10:41:14 +0800] "GET /xingrg/dwr/interface/AjaxQqpsService.js HTTP/1.1" 200 16326
124.78.153.86 - - [25/Oct/2021:10:41:14 +0800] "GET /xingrg/javascript/AjaxInfoList.js HTTP/1.1" 200 3774
124.78.153.86 - - [25/Oct/2021:10:41:14 +0800] "GET /xingrg/dwr/interface/AjaxComOrderService.js HTTP/1.1" 200 18264
124.78.153.86 - - [25/Oct/2021:10:41:14 +0800] "GET /xingrg/dwr/engine.js HTTP/1.1" 200 43631
124.78.153.86 - - [25/Oct/2021:10:41:14 +0800] "GET /xingrg/javascript/print/kc_print.js HTTP/1.1" 304 -
124.78.153.86 - - [25/Oct/2021:10:41:14 +0800] "GET /xingrg/javascript/print/LodopFuncs.js HTTP/1.1" 304 -
124.78.153.86 - - [25/Oct/2021:10:41:14 +0800] "GET /xingrg/words/20211024174750_words.js HTTP/1.1" 200 860001
124.78.153.86 - - [25/Oct/2021:10:41:15 +0800] "GET /xingrg/javascript/jquery_easy_ui/themes/default/images/menu_downarrow.png HTTP/1.1" 200 173
124.78.153.86 - - [25/Oct/2021:10:41:15 +0800] "GET /xingrg/javascript/jquery_easy_ui/themes/icons/print.png HTTP/1.1" 200 1057
124.78.153.86 - - [25/Oct/2021:10:41:15 +0800] "GET /xingrg/javascript/jquery_easy_ui/themes/icons/ok.png HTTP/1.1" 200 883
124.78.153.86 - - [25/Oct/2021:10:41:15 +0800] "GET /xingrg/javascript/jquery_easy_ui/themes/icons/copy_new.png HTTP/1.1" 200 815
124.78.153.86 - - [25/Oct/2021:10:41:15 +0800] "GET /xingrg/javascript/jquery_easy_ui/themes/icons/template_new.png HTTP/1.1" 200 3956
124.78.153.86 - - [25/Oct/2021:10:41:15 +0800] "GET /xingrg/javascript/jquery_easy_ui/themes/icons/back_new.png HTTP/1.1" 200 3414
124.78.153.86 - - [25/Oct/2021:10:41:15 +0800] "GET /xingrg/images/blue/button/kc_tab_add.gif HTTP/1.1" 200 375
124.78.153.86 - - [25/Oct/2021:10:41:15 +0800] "GET /xingrg/images/blue/button/kc_tab_edit.gif HTTP/1.1" 200 551
124.78.153.86 - - [25/Oct/2021:10:41:15 +0800] "GET /xingrg/images/blue/button/kc_tab_save.gif HTTP/1.1" 200 777
124.78.153.86 - - [25/Oct/2021:10:41:15 +0800] "GET /xingrg/images/blue/button/kc_tab_del.gif HTTP/1.1" 200 383
124.78.153.86 - - [25/Oct/2021:10:41:15 +0800] "GET /xingrg/images/blue/wait.gif HTTP/1.1" 200 1100
124.78.153.86 - - [25/Oct/2021:10:41:15 +0800] "GET /xingrg/javascript/jquery_easy_ui/themes/default/images/combo_arrow_dot.gif HTTP/1.1" 200 79
124.78.153.86 - - [25/Oct/2021:10:41:15 +0800] "GET /xingrg/images/blue/kc_tab_left.gif HTTP/1.1" 200 188
124.78.153.86 - - [25/Oct/2021:10:41:15 +0800] "GET /xingrg/images/blue/kc_tab_mid.gif HTTP/1.1" 200 44
124.78.153.86 - - [25/Oct/2021:10:41:15 +0800] "GET /xingrg/images/blue/kc_tab_right.gif HTTP/1.1" 200 643
124.78.153.86 - - [25/Oct/2021:10:41:15 +0800] "GET /xingrg/images/blue/kc_tab2_left.gif HTTP/1.1" 200 625
124.78.153.86 - - [25/Oct/2021:10:41:15 +0800] "GET /xingrg/images/blue/kc_tab2_right.gif HTTP/1.1" 200 192
124.78.153.86 - - [25/Oct/2021:10:41:15 +0800] "POST /xingrg/dwr/call/plaincall/AjaxQqpsService.loadMaterielItems.dwr HTTP/1.1" 200 336
58.39.139.200 - - [25/Oct/2021:10:41:16 +0800] "GET /xingrg/kc/base/wldb_order_operate.html?command=get_materiel&rest_code=00105&base_code=0010507&code=00101019542 HTTP/1.1" 200 447
222.70.179.155 - - [25/Oct/2021:10:41:18 +0800] "GET /xingrg/check_reg.html?_=1635129678651 HTTP/1.1" 200 22
222.70.179.155 - - [25/Oct/2021:10:41:18 +0800] "GET /xingrg/all/function/internal_message.html?_=1635129678653&CODE_STATE=getMsg HTTP/1.1" 200 27
58.39.139.200 - - [25/Oct/2021:10:41:23 +0800] "GET /xingrg/kc/base/wldb_order_operate.html?command=get_materiel&rest_code=00105&base_code=0010507&code=00101013003 HTTP/1.1" 200 430
58.39.139.200 - - [25/Oct/2021:10:41:31 +0800] "GET /xingrg/kc/base/wldb_order_operate.html?command=get_materiel&rest_code=00105&base_code=0010507&code=00101019249 HTTP/1.1" 200 470
58.39.139.200 - - [25/Oct/2021:10:41:31 +0800] "GET /xingrg/all/function/internal_message.html?_=1635129692668&CODE_STATE=getMsg HTTP/1.1" 200 27
180.174.227.63 - - [25/Oct/2021:10:41:33 +0800] "GET /xingrg/login.html HTTP/1.1" 200 7641
180.174.227.63 - - [25/Oct/2021:10:41:33 +0800] "GET /xingrg/images/blue/jxLogo.png HTTP/1.1" 304 -
180.174.227.63 - - [25/Oct/2021:10:41:33 +0800] "GET /xingrg/images/blue/login_bg.png HTTP/1.1" 304 -
180.174.227.63 - - [25/Oct/2021:10:41:33 +0800] "GET /xingrg/images/blue/hj.png HTTP/1.1" 304 -
180.174.227.63 - - [25/Oct/2021:10:41:33 +0800] "GET /xingrg/images/blue/srbg.png HTTP/1.1" 304 -
180.174.227.63 - - [25/Oct/2021:10:41:33 +0800] "GET /favicon.ico HTTP/1.1" 404 -
180.169.147.146 - - [25/Oct/2021:10:41:34 +0800] "GET /xingrg/all/function/internal_message.html?_=1635129754433&CODE_STATE=getMsg HTTP/1.1" 200 27
58.39.139.200 - - [25/Oct/2021:10:41:35 +0800] "POST /xingrg/kc/base/wldb_order_operate.html HTTP/1.1" 200 37
58.39.139.200 - - [25/Oct/2021:10:41:35 +0800] "POST /xingrg/kc/base/wldb_order_operate.html HTTP/1.1" 200 7685
58.39.139.200 - - [25/Oct/2021:10:41:36 +0800] "GET /xingrg/kc/base/wldb_order_info.html?code=422021102502564 HTTP/1.1" 200 30453
58.39.139.200 - - [25/Oct/2021:10:41:36 +0800] "GET /xingrg/javascript/easyui/themes/default/validatebox.css HTTP/1.1" 404 1104
58.39.139.200 - - [25/Oct/2021:10:41:36 +0800] "POST /xingrg/kc/base/wldb_order_operate.html HTTP/1.1" 200 7685
114.83.216.72 - - [25/Oct/2021:10:41:45 +0800] "GET /xingrg/all/function/internal_message.html?_=1635129705343&CODE_STATE=getMsg HTTP/1.1" 200 27
114.85.125.222 - - [25/Oct/2021:10:41:47 +0800] "GET /xingrg/all/function/internal_message.html?_=1635129649670&CODE_STATE=getMsg HTTP/1.1" 200 27
124.78.153.86 - - [25/Oct/2021:10:41:55 +0800] "GET /xingrg/javascript/jquery_easy_ui/themes/default/images/button_plain_hover.png HTTP/1.1" 200 252
58.39.139.200 - - [25/Oct/2021:10:41:56 +0800] "GET /xingrg/kc/base/wldb_order_list.html HTTP/1.1" 200 19224
58.39.139.200 - - [25/Oct/2021:10:41:56 +0800] "POST /xingrg/kc/base/wldb_list_operate.html HTTP/1.1" 200 3726
180.169.147.146 - - [25/Oct/2021:10:41:56 +0800] "GET /xingrg/all/function/internal_message.html?_=1635129716661&CODE_STATE=getMsg HTTP/1.1" 200 27
180.157.253.6 - - [25/Oct/2021:10:41:57 +0800] "GET /xingrg/all/function/internal_message.html?_=1635129717378&CODE_STATE=getMsg HTTP/1.1" 200 27
180.157.253.6 - - [25/Oct/2021:10:41:57 +0800] "GET /xingrg/check_reg.html?_=1635129717660 HTTP/1.1" 200 22
114.83.216.72 - - [25/Oct/2021:10:41:58 +0800] "GET /xingrg/check_reg.html?_=1635129718355 HTTP/1.1" 200 22
