114.85.125.222 - - [25/Oct/2021:08:56:32 +0800] "GET /xingrg/kc/buy/cgsh_order_operate.html?command=get_materiel&rest_code=00151&code=00101008375&supplier_code=00100007&order_time=2021-10-25 HTTP/1.1" 200 416
180.157.253.6 - - [25/Oct/2021:08:56:35 +0800] "POST /xingrg/dwr/call/plaincall/AjaxCheckService.setItemNumber.dwr HTTP/1.1" 200 77
114.85.125.222 - - [25/Oct/2021:08:56:40 +0800] "GET /xingrg/kc/buy/cgsh_order_operate.html?command=get_materiel&rest_code=00151&code=00101008033&supplier_code=00100007&order_time=2021-10-25 HTTP/1.1" 200 408
180.157.253.6 - - [25/Oct/2021:08:56:42 +0800] "POST /xingrg/dwr/call/plaincall/AjaxCheckService.setItemNumber.dwr HTTP/1.1" 200 77
180.157.253.6 - - [25/Oct/2021:08:56:43 +0800] "POST /xingrg/dwr/call/plaincall/AjaxCheckService.setItemNumber.dwr HTTP/1.1" 200 77
180.157.253.6 - - [25/Oct/2021:08:56:44 +0800] "POST /xingrg/dwr/call/plaincall/AjaxCheckService.setItemNumber.dwr HTTP/1.1" 200 77
180.157.253.6 - - [25/Oct/2021:08:56:45 +0800] "POST /xingrg/dwr/call/plaincall/AjaxCheckService.setItemNumber.dwr HTTP/1.1" 200 77
114.85.125.222 - - [25/Oct/2021:08:56:45 +0800] "GET /xingrg/check_reg.html?_=1635123347673 HTTP/1.1" 200 22
180.157.253.6 - - [25/Oct/2021:08:56:46 +0800] "POST /xingrg/dwr/call/plaincall/AjaxCheckService.setItemNumber.dwr HTTP/1.1" 200 77
114.83.216.72 - - [25/Oct/2021:08:56:46 +0800] "GET /xingrg/all/function/internal_message.html?_=1635123407009&CODE_STATE=getMsg HTTP/1.1" 200 27
180.157.253.6 - - [25/Oct/2021:08:56:48 +0800] "POST /xingrg/dwr/call/plaincall/AjaxCheckService.setItemNumber.dwr HTTP/1.1" 200 77
116.227.210.113 - - [25/Oct/2021:08:56:50 +0800] "GET /xingrg/all/function/internal_message.html?_=1635123402567&CODE_STATE=getMsg HTTP/1.1" 200 27
180.157.253.6 - - [25/Oct/2021:08:56:52 +0800] "POST /xingrg/dwr/call/plaincall/AjaxCheckService.setItemNumber.dwr HTTP/1.1" 200 77
180.157.253.6 - - [25/Oct/2021:08:56:52 +0800] "POST /xingrg/dwr/call/plaincall/AjaxCheckService.setItemNumber.dwr HTTP/1.1" 200 77
180.157.253.6 - - [25/Oct/2021:08:56:53 +0800] "POST /xingrg/dwr/call/plaincall/AjaxCheckService.setItemNumber.dwr HTTP/1.1" 200 77
116.238.248.233 - - [25/Oct/2021:08:56:53 +0800] "POST /xingrg/kc/buy/cgsh_order_operate.html HTTP/1.1" 200 37
180.157.253.6 - - [25/Oct/2021:08:56:54 +0800] "POST /xingrg/dwr/call/plaincall/AjaxCheckService.setItemNumber.dwr HTTP/1.1" 200 77
180.157.253.6 - - [25/Oct/2021:08:56:55 +0800] "POST /xingrg/dwr/call/plaincall/AjaxCheckService.setItemNumber.dwr HTTP/1.1" 200 77
116.238.248.233 - - [25/Oct/2021:08:56:55 +0800] "GET /xingrg/all/function/internal_message.html?_=1635123413071&CODE_STATE=getMsg HTTP/1.1" 200 27
180.169.147.146 - - [25/Oct/2021:08:56:55 +0800] "GET /xingrg/all/function/internal_message.html?_=1635123417561&CODE_STATE=getMsg HTTP/1.1" 200 27
180.157.253.6 - - [25/Oct/2021:08:56:55 +0800] "POST /xingrg/dwr/call/plaincall/AjaxCheckService.setItemNumber.dwr HTTP/1.1" 200 77
180.157.253.6 - - [25/Oct/2021:08:56:56 +0800] "POST /xingrg/dwr/call/plaincall/AjaxCheckService.setItemNumber.dwr HTTP/1.1" 200 77
180.157.253.6 - - [25/Oct/2021:08:56:57 +0800] "POST /xingrg/dwr/call/plaincall/AjaxCheckService.setItemNumber.dwr HTTP/1.1" 200 77
180.157.253.6 - - [25/Oct/2021:08:56:57 +0800] "GET /xingrg/check_reg.html?_=1635123419699 HTTP/1.1" 200 22
180.157.253.6 - - [25/Oct/2021:08:56:58 +0800] "POST /xingrg/dwr/call/plaincall/AjaxCheckService.setItemNumber.dwr HTTP/1.1" 200 77
114.83.216.72 - - [25/Oct/2021:08:56:58 +0800] "GET /xingrg/check_reg.html?_=1635123418372 HTTP/1.1" 200 22
180.157.253.6 - - [25/Oct/2021:08:56:58 +0800] "GET /xingrg/all/function/internal_message.html?_=1635123420436&CODE_STATE=getMsg HTTP/1.1" 200 27
180.157.253.6 - - [25/Oct/2021:08:56:58 +0800] "POST /xingrg/dwr/call/plaincall/AjaxCheckService.setItemNumber.dwr HTTP/1.1" 200 77
180.157.253.6 - - [25/Oct/2021:08:56:59 +0800] "POST /xingrg/dwr/call/plaincall/AjaxCheckService.setItemNumber.dwr HTTP/1.1" 200 77
116.238.248.233 - - [25/Oct/2021:08:57:00 +0800] "POST /xingrg/kc/buy/cgsh_order_operate.html HTTP/1.1" 200 116
180.157.253.6 - - [25/Oct/2021:08:57:00 +0800] "POST /xingrg/dwr/call/plaincall/AjaxCheckService.setItemNumber.dwr HTTP/1.1" 200 77
114.85.125.222 - - [25/Oct/2021:08:57:00 +0800] "POST /xingrg/kc/buy/cgsh_order_operate.html HTTP/1.1" 200 37
180.157.253.6 - - [25/Oct/2021:08:57:01 +0800] "POST /xingrg/dwr/call/plaincall/AjaxCheckService.setItemNumber.dwr HTTP/1.1" 200 77
114.85.125.222 - - [25/Oct/2021:08:57:01 +0800] "POST /xingrg/kc/buy/cgsh_order_operate.html HTTP/1.1" 200 20018
180.157.253.6 - - [25/Oct/2021:08:57:01 +0800] "POST /xingrg/dwr/call/plaincall/AjaxCheckService.setItemNumber.dwr HTTP/1.1" 200 77
180.157.253.6 - - [25/Oct/2021:08:57:02 +0800] "POST /xingrg/dwr/call/plaincall/AjaxCheckService.setItemNumber.dwr HTTP/1.1" 200 77
116.238.248.233 - - [25/Oct/2021:08:57:07 +0800] "POST /xingrg/kc/buy/cgsh_order_operate.html HTTP/1.1" 200 37
180.157.253.6 - - [25/Oct/2021:08:57:07 +0800] "POST /xingrg/dwr/call/plaincall/AjaxCheckService.setItemNumber.dwr HTTP/1.1" 200 77
222.70.171.86 - - [25/Oct/2021:08:57:07 +0800] "GET /xingrg/all/function/internal_message.html?_=1635123429120&CODE_STATE=getMsg HTTP/1.1" 200 27
116.238.248.233 - - [25/Oct/2021:08:57:08 +0800] "POST /xingrg/kc/buy/cgsh_order_operate.html HTTP/1.1" 200 16458
180.157.253.6 - - [25/Oct/2021:08:57:08 +0800] "POST /xingrg/dwr/call/plaincall/AjaxCheckService.setItemNumber.dwr HTTP/1.1" 200 77
114.85.125.222 - - [25/Oct/2021:08:57:09 +0800] "GET /xingrg/kc/buy/cgsh_order_operate.html?command=get_materiel&rest_code=00151&code=00101008069&supplier_code=00100007&order_time=2021-10-25 HTTP/1.1" 200 412
180.157.253.6 - - [25/Oct/2021:08:57:09 +0800] "POST /xingrg/dwr/call/plaincall/AjaxCheckService.setItemNumber.dwr HTTP/1.1" 200 77
180.157.253.6 - - [25/Oct/2021:08:57:10 +0800] "POST /xingrg/dwr/call/plaincall/AjaxCheckService.setItemNumber.dwr HTTP/1.1" 200 77
114.85.125.222 - - [25/Oct/2021:08:57:14 +0800] "GET /xingrg/all/function/internal_message.html?_=1635123377001&CODE_STATE=getMsg HTTP/1.1" 200 27
180.157.253.6 - - [25/Oct/2021:08:57:15 +0800] "POST /xingrg/dwr/call/plaincall/AjaxCheckService.setItemNumber.dwr HTTP/1.1" 200 77
180.157.253.6 - - [25/Oct/2021:08:57:16 +0800] "POST /xingrg/dwr/call/plaincall/AjaxCheckService.setItemNumber.dwr HTTP/1.1" 200 77
180.157.253.6 - - [25/Oct/2021:08:57:16 +0800] "POST /xingrg/dwr/call/plaincall/AjaxCheckService.setItemNumber.dwr HTTP/1.1" 200 77
58.39.139.200 - - [25/Oct/2021:08:57:16 +0800] "GET /xingrg/all/function/internal_message.html?_=1635123437930&CODE_STATE=getMsg HTTP/1.1" 200 27
180.157.253.6 - - [25/Oct/2021:08:57:17 +0800] "POST /xingrg/dwr/call/plaincall/AjaxCheckService.setItemNumber.dwr HTTP/1.1" 200 77
120.253.135.82 - - [25/Oct/2021:08:57:19 +0800] "GET /xingrg/check_reg.html?_=1635123209283 HTTP/1.1" 200 22
120.253.135.82 - - [25/Oct/2021:08:57:19 +0800] "GET /xingrg/all/function/internal_message.html?_=1635123209468&CODE_STATE=getMsg HTTP/1.1" 200 27
180.157.253.6 - - [25/Oct/2021:08:57:19 +0800] "POST /xingrg/dwr/call/plaincall/AjaxCheckService.setItemNumber.dwr HTTP/1.1" 200 77
222.70.179.155 - - [25/Oct/2021:08:57:21 +0800] "GET /xingrg/all/function/internal_message.html?_=1635123440189&CODE_STATE=getMsg HTTP/1.1" 200 27
180.174.227.63 - - [25/Oct/2021:08:57:26 +0800] "GET /xingrg/all/function/internal_message.html?_=1635123434070&CODE_STATE=getMsg HTTP/1.1" 200 27
180.157.253.6 - - [25/Oct/2021:08:57:27 +0800] "POST /xingrg/dwr/call/plaincall/AjaxCheckService.setItemNumber.dwr HTTP/1.1" 200 77
180.157.253.6 - - [25/Oct/2021:08:57:29 +0800] "POST /xingrg/dwr/call/plaincall/AjaxCheckService.setItemNumber.dwr HTTP/1.1" 200 77
114.85.125.222 - - [25/Oct/2021:08:57:30 +0800] "GET /xingrg/kc/buy/cgsh_order_operate.html?command=get_materiel&rest_code=00151&code=00101015006&supplier_code=00100007&order_time=2021-10-25 HTTP/1.1" 200 413
180.157.253.6 - - [25/Oct/2021:08:57:32 +0800] "POST /xingrg/dwr/call/plaincall/AjaxCheckService.setItemNumber.dwr HTTP/1.1" 200 77
180.157.253.6 - - [25/Oct/2021:08:57:33 +0800] "POST /xingrg/dwr/call/plaincall/AjaxCheckService.setItemNumber.dwr HTTP/1.1" 200 77
180.157.253.6 - - [25/Oct/2021:08:57:34 +0800] "POST /xingrg/dwr/call/plaincall/AjaxCheckService.setItemNumber.dwr HTTP/1.1" 200 77
180.157.253.6 - - [25/Oct/2021:08:57:34 +0800] "POST /xingrg/dwr/call/plaincall/AjaxCheckService.setItemNumber.dwr HTTP/1.1" 200 77
180.157.253.6 - - [25/Oct/2021:08:57:35 +0800] "POST /xingrg/dwr/call/plaincall/AjaxCheckService.setItemNumber.dwr HTTP/1.1" 200 77
180.157.253.6 - - [25/Oct/2021:08:57:38 +0800] "POST /xingrg/dwr/call/plaincall/AjaxCheckService.setItemNumber.dwr HTTP/1.1" 200 77
180.157.253.6 - - [25/Oct/2021:08:57:38 +0800] "POST /xingrg/dwr/call/plaincall/AjaxCheckService.setItemNumber.dwr HTTP/1.1" 200 77
180.157.253.6 - - [25/Oct/2021:08:57:39 +0800] "POST /xingrg/dwr/call/plaincall/AjaxCheckService.setItemNumber.dwr HTTP/1.1" 200 77
180.157.253.6 - - [25/Oct/2021:08:57:40 +0800] "POST /xingrg/dwr/call/plaincall/AjaxCheckService.setItemNumber.dwr HTTP/1.1" 200 77
180.157.253.6 - - [25/Oct/2021:08:57:41 +0800] "POST /xingrg/dwr/call/plaincall/AjaxCheckService.setItemNumber.dwr HTTP/1.1" 200 77
180.157.253.6 - - [25/Oct/2021:08:57:42 +0800] "POST /xingrg/dwr/call/plaincall/AjaxCheckService.setItemNumber.dwr HTTP/1.1" 200 77
114.85.125.222 - - [25/Oct/2021:08:57:42 +0800] "POST /xingrg/kc/buy/cgsh_order_operate.html HTTP/1.1" 200 37
180.157.253.6 - - [25/Oct/2021:08:57:42 +0800] "POST /xingrg/dwr/call/plaincall/AjaxCheckService.setItemNumber.dwr HTTP/1.1" 200 77
180.157.253.6 - - [25/Oct/2021:08:57:43 +0800] "POST /xingrg/dwr/call/plaincall/AjaxCheckService.setItemNumber.dwr HTTP/1.1" 200 77
116.238.248.233 - - [25/Oct/2021:08:57:45 +0800] "POST /xingrg/kc/buy/cgsh_order_operate.html HTTP/1.1" 200 37
114.85.125.222 - - [25/Oct/2021:08:57:45 +0800] "POST /xingrg/kc/buy/cgsh_order_operate.html HTTP/1.1" 200 23006
180.157.253.6 - - [25/Oct/2021:08:57:46 +0800] "POST /xingrg/dwr/call/plaincall/AjaxCheckService.setItemNumber.dwr HTTP/1.1" 200 78
116.238.248.233 - - [25/Oct/2021:08:57:46 +0800] "POST /xingrg/kc/buy/cgsh_order_operate.html HTTP/1.1" 200 9266
114.83.216.72 - - [25/Oct/2021:08:57:46 +0800] "GET /xingrg/all/function/internal_message.html?_=1635123466993&CODE_STATE=getMsg HTTP/1.1" 200 27
180.157.253.6 - - [25/Oct/2021:08:57:47 +0800] "POST /xingrg/dwr/call/plaincall/AjaxCheckService.setItemNumber.dwr HTTP/1.1" 200 78
180.157.253.6 - - [25/Oct/2021:08:57:48 +0800] "POST /xingrg/dwr/call/plaincall/AjaxCheckService.setItemNumber.dwr HTTP/1.1" 200 78
180.157.253.6 - - [25/Oct/2021:08:57:49 +0800] "POST /xingrg/dwr/call/plaincall/AjaxCheckService.setItemNumber.dwr HTTP/1.1" 200 78
116.227.210.113 - - [25/Oct/2021:08:57:50 +0800] "GET /xingrg/all/function/internal_message.html?_=1635123462566&CODE_STATE=getMsg HTTP/1.1" 200 27
116.238.248.233 - - [25/Oct/2021:08:57:52 +0800] "POST /xingrg/kc/buy/cgsh_order_operate.html HTTP/1.1" 200 37
114.85.125.222 - - [25/Oct/2021:08:57:54 +0800] "GET /xingrg/kc/buy/cgsh_order_operate.html?command=get_materiel&rest_code=00151&code=00101008036&supplier_code=00100007&order_time=2021-10-25 HTTP/1.1" 200 430
116.238.248.233 - - [25/Oct/2021:08:57:55 +0800] "GET /xingrg/all/function/internal_message.html?_=1635123473048&CODE_STATE=getMsg HTTP/1.1" 200 27
116.238.248.233 - - [25/Oct/2021:08:57:55 +0800] "POST /xingrg/kc/buy/cgsh_order_operate.html HTTP/1.1" 200 12
180.169.147.146 - - [25/Oct/2021:08:57:55 +0800] "GET /xingrg/all/function/internal_message.html?_=1635123477560&CODE_STATE=getMsg HTTP/1.1" 200 27
116.238.248.233 - - [25/Oct/2021:08:57:56 +0800] "GET /xingrg/kc/buy/cgsh_order_info.html?code=212021102510991 HTTP/1.1" 200 59220
116.238.248.233 - - [25/Oct/2021:08:57:56 +0800] "GET /xingrg/javascript/easyui/themes/default/validatebox.css HTTP/1.1" 404 1104
116.238.248.233 - - [25/Oct/2021:08:57:57 +0800] "POST /xingrg/kc/buy/cgsh_order_operate.html HTTP/1.1" 200 7191
180.157.253.6 - - [25/Oct/2021:08:57:58 +0800] "GET /xingrg/all/function/internal_message.html?_=1635123480417&CODE_STATE=getMsg HTTP/1.1" 200 27
116.238.248.233 - - [25/Oct/2021:08:57:59 +0800] "GET /xingrg/kc/print/load_data.html?order_code=212021102510991&kc_code=cgsh&condition= HTTP/1.1" 200 3219
180.157.253.6 - - [25/Oct/2021:08:58:04 +0800] "POST /xingrg/dwr/call/plaincall/AjaxCheckService.setItemNumber.dwr HTTP/1.1" 200 78
222.70.171.86 - - [25/Oct/2021:08:58:06 +0800] "GET /xingrg/check_reg.html?_=1635123487550 HTTP/1.1" 200 22
222.70.171.86 - - [25/Oct/2021:08:58:08 +0800] "GET /xingrg/all/function/internal_message.html?_=1635123489134&CODE_STATE=getMsg HTTP/1.1" 200 27
180.157.253.6 - - [25/Oct/2021:08:58:09 +0800] "POST /xingrg/dwr/call/plaincall/AjaxCheckService.setItemNumber.dwr HTTP/1.1" 200 78
114.85.125.222 - - [25/Oct/2021:08:58:14 +0800] "GET /xingrg/all/function/internal_message.html?_=1635123437015&CODE_STATE=getMsg HTTP/1.1" 200 27
180.157.253.6 - - [25/Oct/2021:08:58:15 +0800] "POST /xingrg/dwr/call/plaincall/AjaxCheckService.setItemNumber.dwr HTTP/1.1" 200 78
58.39.139.200 - - [25/Oct/2021:08:58:16 +0800] "GET /xingrg/all/function/internal_message.html?_=1635123497907&CODE_STATE=getMsg HTTP/1.1" 200 27
114.83.216.72 - - [25/Oct/2021:08:58:18 +0800] "GET /xingrg/kc/buy/cgsh_order_operate.html?command=get_materiel&rest_code=00149&code=00101008272&supplier_code=00100005&order_time=2021-10-25 HTTP/1.1" 200 412
180.157.253.6 - - [25/Oct/2021:08:58:18 +0800] "POST /xingrg/dwr/call/plaincall/AjaxCheckService.setItemNumber.dwr HTTP/1.1" 200 78
180.157.253.6 - - [25/Oct/2021:08:58:18 +0800] "POST /xingrg/dwr/call/plaincall/AjaxCheckService.setItemNumber.dwr HTTP/1.1" 200 78
120.253.135.82 - - [25/Oct/2021:08:58:19 +0800] "GET /xingrg/all/function/internal_message.html?_=1635123269481&CODE_STATE=getMsg HTTP/1.1" 200 27
180.157.253.6 - - [25/Oct/2021:08:58:19 +0800] "POST /xingrg/dwr/call/plaincall/AjaxCheckService.setItemNumber.dwr HTTP/1.1" 200 78
180.157.253.6 - - [25/Oct/2021:08:58:20 +0800] "POST /xingrg/dwr/call/plaincall/AjaxCheckService.setItemNumber.dwr HTTP/1.1" 200 78
222.70.179.155 - - [25/Oct/2021:08:58:20 +0800] "GET /xingrg/all/function/internal_message.html?_=1635123500173&CODE_STATE=getMsg HTTP/1.1" 200 27
180.157.253.6 - - [25/Oct/2021:08:58:21 +0800] "POST /xingrg/dwr/call/plaincall/AjaxCheckService.setItemNumber.dwr HTTP/1.1" 200 78
180.157.253.6 - - [25/Oct/2021:08:58:21 +0800] "POST /xingrg/dwr/call/plaincall/AjaxCheckService.setItemNumber.dwr HTTP/1.1" 200 78
180.157.253.6 - - [25/Oct/2021:08:58:22 +0800] "POST /xingrg/dwr/call/plaincall/AjaxCheckService.setItemNumber.dwr HTTP/1.1" 200 78
180.157.253.6 - - [25/Oct/2021:08:58:23 +0800] "POST /xingrg/dwr/call/plaincall/AjaxCheckService.setItemNumber.dwr HTTP/1.1" 200 78
180.157.253.6 - - [25/Oct/2021:08:58:24 +0800] "POST /xingrg/dwr/call/plaincall/AjaxCheckService.setItemNumber.dwr HTTP/1.1" 200 78
180.157.253.6 - - [25/Oct/2021:08:58:24 +0800] "POST /xingrg/dwr/call/plaincall/AjaxCheckService.setItemNumber.dwr HTTP/1.1" 200 78
116.238.248.233 - - [25/Oct/2021:08:58:24 +0800] "POST /xingrg/all/user/operate.html HTTP/1.1" 200 36
116.238.248.233 - - [25/Oct/2021:08:58:25 +0800] "GET /xingrg/index.html?sysBaseUrl=http%3A%2F%2F180.169.147.146%3A18081%2Fxingrg%2F&costTime=115×tamp=1635039166354 HTTP/1.1" 200 17179
116.238.248.233 - - [25/Oct/2021:08:58:25 +0800] "GET /xingrg/javascript/jquery_easy_ui/themes/default/easyui.css HTTP/1.1" 304 -
116.238.248.233 - - [25/Oct/2021:08:58:25 +0800] "GET /xingrg/javascript/jquery_easy_ui/themes/icon.css HTTP/1.1" 304 -
116.238.248.233 - - [25/Oct/2021:08:58:25 +0800] "GET /xingrg/css/form.css HTTP/1.1" 304 -
116.238.248.233 - - [25/Oct/2021:08:58:25 +0800] "GET /xingrg/javascript/jquery-1.4.2.min.js HTTP/1.1" 304 -
116.238.248.233 - - [25/Oct/2021:08:58:25 +0800] "GET /xingrg/javascript/jquery_easy_ui/jquery.easyui.min.js HTTP/1.1" 304 -
116.238.248.233 - - [25/Oct/2021:08:58:25 +0800] "GET /xingrg/javascript/jquery_easy_ui/easyui-lang-zh_CN.js HTTP/1.1" 304 -
116.238.248.233 - - [25/Oct/2021:08:58:25 +0800] "GET /xingrg/javascript/jquery.form.js HTTP/1.1" 304 -
116.238.248.233 - - [25/Oct/2021:08:58:25 +0800] "GET /xingrg/javascript/jquery.utils.js HTTP/1.1" 304 -
116.238.248.233 - - [25/Oct/2021:08:58:25 +0800] "GET /xingrg/javascript/jquery.timers.js HTTP/1.1" 304 -
116.238.248.233 - - [25/Oct/2021:08:58:25 +0800] "GET /xingrg/images/blue/jxLogo.png HTTP/1.1" 304 -
116.238.248.233 - - [25/Oct/2021:08:58:25 +0800] "GET /xingrg/javascript/jquery_easy_ui/themes/icons/settle_new.png HTTP/1.1" 304 -
116.238.248.233 - - [25/Oct/2021:08:58:25 +0800] "GET /xingrg/images/blue/navBackgound.jpg HTTP/1.1" 304 -
116.238.248.233 - - [25/Oct/2021:08:58:25 +0800] "POST /xingrg/all/common/load_tree.html?tree=area_rest_tree_json&manage=1 HTTP/1.1" 200 476
116.238.248.233 - - [25/Oct/2021:08:58:25 +0800] "GET /xingrg/all/function/internal_message.html?_=1635123503075&CODE_STATE=count HTTP/1.1" 200 11
116.238.248.233 - - [25/Oct/2021:08:58:25 +0800] "GET /xingrg/check_reg.html?_=1635123503077 HTTP/1.1" 200 22
116.238.248.233 - - [25/Oct/2021:08:58:25 +0800] "GET /xingrg/images/blue/pingpu.png HTTP/1.1" 304 -
180.157.253.6 - - [25/Oct/2021:08:58:25 +0800] "POST /xingrg/dwr/call/plaincall/AjaxCheckService.setItemNumber.dwr HTTP/1.1" 200 78
116.238.248.233 - - [25/Oct/2021:08:58:25 +0800] "GET /xingrg/javascript/jquery_easy_ui/themes/default/images/tabs_leftarrow.png HTTP/1.1" 304 -
116.238.248.233 - - [25/Oct/2021:08:58:25 +0800] "GET /xingrg/javascript/jquery_easy_ui/themes/default/images/panel_tool_collapse.gif HTTP/1.1" 304 -
116.238.248.233 - - [25/Oct/2021:08:58:25 +0800] "GET /xingrg/javascript/jquery_easy_ui/themes/default/images/tabs_rightarrow.png HTTP/1.1" 304 -
116.238.248.233 - - [25/Oct/2021:08:58:25 +0800] "POST /xingrg/load_menu.html HTTP/1.1" 200 5138
180.157.253.6 - - [25/Oct/2021:08:58:26 +0800] "POST /xingrg/dwr/call/plaincall/AjaxCheckService.setItemNumber.dwr HTTP/1.1" 200 78
180.174.227.63 - - [25/Oct/2021:08:58:26 +0800] "GET /xingrg/all/function/internal_message.html?_=1635123494084&CODE_STATE=getMsg HTTP/1.1" 200 27
180.157.253.6 - - [25/Oct/2021:08:58:27 +0800] "POST /xingrg/dwr/call/plaincall/AjaxCheckService.setItemNumber.dwr HTTP/1.1" 200 78
116.238.248.233 - - [25/Oct/2021:08:58:27 +0800] "GET /xingrg/kc/buy/cgsh_order_list.html HTTP/1.1" 200 48947
180.157.253.6 - - [25/Oct/2021:08:58:27 +0800] "POST /xingrg/dwr/call/plaincall/AjaxCheckService.setItemNumber.dwr HTTP/1.1" 200 78
116.238.248.233 - - [25/Oct/2021:08:58:28 +0800] "POST /xingrg/kc/buy/cgsh_list_operate.html HTTP/1.1" 200 876
114.83.216.72 - - [25/Oct/2021:08:58:28 +0800] "GET /xingrg/kc/buy/cgsh_order_operate.html?command=get_materiel&rest_code=00149&code=00101008360&supplier_code=00100005&order_time=2021-10-25 HTTP/1.1" 200 413
180.157.253.6 - - [25/Oct/2021:08:58:28 +0800] "POST /xingrg/dwr/call/plaincall/AjaxCheckService.setItemNumber.dwr HTTP/1.1" 200 78
116.238.248.233 - - [25/Oct/2021:08:58:29 +0800] "GET /xingrg/kc/buy/cgsh_order_add.html HTTP/1.1" 200 64603
180.157.253.6 - - [25/Oct/2021:08:58:29 +0800] "POST /xingrg/dwr/call/plaincall/AjaxCheckService.setItemNumber.dwr HTTP/1.1" 200 78
116.238.248.233 - - [25/Oct/2021:08:58:29 +0800] "POST /xingrg/kc/buy/cgsh_order_operate.html HTTP/1.1" 200 8245
116.238.248.233 - - [25/Oct/2021:08:58:29 +0800] "GET /xingrg/javascript/easyui/themes/default/validatebox.css HTTP/1.1" 404 1104
116.238.248.233 - - [25/Oct/2021:08:58:29 +0800] "GET /xingrg/javascript/auto/indicator.gif HTTP/1.1" 404 1066
180.157.253.6 - - [25/Oct/2021:08:58:30 +0800] "POST /xingrg/dwr/call/plaincall/AjaxCheckService.setItemNumber.dwr HTTP/1.1" 200 78
180.157.253.6 - - [25/Oct/2021:08:58:30 +0800] "POST /xingrg/dwr/call/plaincall/AjaxCheckService.setItemNumber.dwr HTTP/1.1" 200 78
180.157.253.6 - - [25/Oct/2021:08:58:31 +0800] "POST /xingrg/dwr/call/plaincall/AjaxCheckService.setItemNumber.dwr HTTP/1.1" 200 78
180.157.253.6 - - [25/Oct/2021:08:58:32 +0800] "POST /xingrg/dwr/call/plaincall/AjaxCheckService.setItemNumber.dwr HTTP/1.1" 200 78
114.85.125.222 - - [25/Oct/2021:08:58:32 +0800] "POST /xingrg/kc/buy/cgsh_order_operate.html HTTP/1.1" 200 37
114.85.125.222 - - [25/Oct/2021:08:58:33 +0800] "POST /xingrg/kc/buy/cgsh_order_operate.html HTTP/1.1" 200 23539
116.238.248.233 - - [25/Oct/2021:08:58:37 +0800] "GET /xingrg/kc/buy/cgsh_order_operate.html?command=get_materiel&rest_code=00150&code=00101009109&supplier_code=00100424&order_time=2021-10-25 HTTP/1.1" 200 399
114.85.125.222 - - [25/Oct/2021:08:58:39 +0800] "GET /xingrg/javascript/jquery_easy_ui/themes/default/images/button_a_bg.gif HTTP/1.1" 304 -
114.85.125.222 - - [25/Oct/2021:08:58:39 +0800] "GET /xingrg/javascript/jquery_easy_ui/themes/default/images/button_span_bg.gif HTTP/1.1" 304 -
114.85.125.222 - - [25/Oct/2021:08:58:39 +0800] "GET /xingrg/javascript/jquery_easy_ui/themes/icons/ok.png HTTP/1.1" 304 -
114.85.125.222 - - [25/Oct/2021:08:58:39 +0800] "GET /xingrg/javascript/jquery_easy_ui/themes/default/images/panel_title.png HTTP/1.1" 304 -
114.85.125.222 - - [25/Oct/2021:08:58:39 +0800] "GET /xingrg/javascript/jquery_easy_ui/themes/default/images/panel_tools.gif HTTP/1.1" 304 -
114.85.125.222 - - [25/Oct/2021:08:58:42 +0800] "POST /xingrg/all/user/operate.html HTTP/1.1" 200 36
114.85.125.222 - - [25/Oct/2021:08:58:43 +0800] "GET /xingrg/javascript/jquery_easy_ui/themes/default/easyui.css HTTP/1.1" 304 -
114.85.125.222 - - [25/Oct/2021:08:58:43 +0800] "GET /xingrg/index.html?sysBaseUrl=http%3A%2F%2F180.169.147.146%3A18081%2Fxingrg%2F&costTime=41×tamp=1634950758803 HTTP/1.1" 200 17179
114.85.125.222 - - [25/Oct/2021:08:58:43 +0800] "GET /xingrg/javascript/jquery_easy_ui/themes/icon.css HTTP/1.1" 304 -
114.85.125.222 - - [25/Oct/2021:08:58:43 +0800] "GET /xingrg/css/form.css HTTP/1.1" 304 -
114.85.125.222 - - [25/Oct/2021:08:58:43 +0800] "GET /xingrg/javascript/jquery-1.4.2.min.js HTTP/1.1" 304 -
114.85.125.222 - - [25/Oct/2021:08:58:43 +0800] "GET /xingrg/javascript/jquery_easy_ui/jquery.easyui.min.js HTTP/1.1" 304 -
114.85.125.222 - - [25/Oct/2021:08:58:44 +0800] "GET /xingrg/javascript/jquery_easy_ui/easyui-lang-zh_CN.js HTTP/1.1" 304 -
114.85.125.222 - - [25/Oct/2021:08:58:44 +0800] "GET /xingrg/javascript/jquery.form.js HTTP/1.1" 304 -
114.85.125.222 - - [25/Oct/2021:08:58:44 +0800] "GET /xingrg/javascript/jquery.utils.js HTTP/1.1" 304 -
114.85.125.222 - - [25/Oct/2021:08:58:44 +0800] "GET /xingrg/javascript/jquery.timers.js HTTP/1.1" 304 -
114.85.125.222 - - [25/Oct/2021:08:58:44 +0800] "GET /xingrg/images/blue/jxLogo.png HTTP/1.1" 304 -
114.85.125.222 - - [25/Oct/2021:08:58:44 +0800] "GET /xingrg/images/blue/navBackgound.jpg HTTP/1.1" 304 -
114.85.125.222 - - [25/Oct/2021:08:58:44 +0800] "GET /xingrg/javascript/jquery_easy_ui/themes/icons/settle_new.png HTTP/1.1" 304 -
114.85.125.222 - - [25/Oct/2021:08:58:44 +0800] "GET /xingrg/images/blue/pingpu.png HTTP/1.1" 304 -
114.85.125.222 - - [25/Oct/2021:08:58:44 +0800] "POST /xingrg/all/common/load_tree.html?tree=area_rest_tree_json&manage=1 HTTP/1.1" 200 476
114.85.125.222 - - [25/Oct/2021:08:58:44 +0800] "GET /xingrg/javascript/jquery_easy_ui/themes/default/images/tabs_leftarrow.png HTTP/1.1" 304 -
114.85.125.222 - - [25/Oct/2021:08:58:44 +0800] "GET /xingrg/javascript/jquery_easy_ui/themes/default/images/tabs_rightarrow.png HTTP/1.1" 304 -
114.85.125.222 - - [25/Oct/2021:08:58:44 +0800] "GET /xingrg/javascript/jquery_easy_ui/themes/default/images/panel_tool_collapse.gif HTTP/1.1" 304 -
114.85.125.222 - - [25/Oct/2021:08:58:44 +0800] "GET /xingrg/all/function/internal_message.html?_=1635123466397&CODE_STATE=count HTTP/1.1" 200 11
114.85.125.222 - - [25/Oct/2021:08:58:44 +0800] "GET /xingrg/check_reg.html?_=1635123466398 HTTP/1.1" 200 22
114.85.125.222 - - [25/Oct/2021:08:58:44 +0800] "GET /xingrg/javascript/jquery_easy_ui/themes/default/images/tree_arrows.gif HTTP/1.1" 304 -
114.85.125.222 - - [25/Oct/2021:08:58:44 +0800] "POST /xingrg/load_menu.html HTTP/1.1" 200 5138
114.85.125.222 - - [25/Oct/2021:08:58:44 +0800] "GET /xingrg/javascript/jquery_easy_ui/themes/default/images/tree_folder_open.gif HTTP/1.1" 304 -
114.85.125.222 - - [25/Oct/2021:08:58:44 +0800] "GET /xingrg/javascript/jquery_easy_ui/themes/default/images/tree_folder.gif HTTP/1.1" 304 -
114.85.125.222 - - [25/Oct/2021:08:58:44 +0800] "GET /xingrg/javascript/jquery_easy_ui/themes/icons/search_new.png HTTP/1.1" 304 -
114.85.125.222 - - [25/Oct/2021:08:58:44 +0800] "GET /xingrg/javascript/jquery_easy_ui/themes/icons/forms_new.png HTTP/1.1" 304 -
114.85.125.222 - - [25/Oct/2021:08:58:44 +0800] "GET /xingrg/javascript/jquery_easy_ui/themes/icons/storage_new.png HTTP/1.1" 304 -
114.85.125.222 - - [25/Oct/2021:08:58:44 +0800] "GET /xingrg/javascript/jquery_easy_ui/themes/default/images/tree_file.gif HTTP/1.1" 304 -
180.157.253.6 - - [25/Oct/2021:08:58:44 +0800] "POST /xingrg/dwr/call/plaincall/AjaxCheckService.setItemNumber.dwr HTTP/1.1" 200 78
114.83.216.72 - - [25/Oct/2021:08:58:44 +0800] "GET /xingrg/kc/buy/cgsh_order_operate.html?command=get_materiel&rest_code=00149&code=00101008059&supplier_code=00100005&order_time=2021-10-25 HTTP/1.1" 200 408
180.157.253.6 - - [25/Oct/2021:08:58:45 +0800] "POST /xingrg/dwr/call/plaincall/AjaxCheckService.setItemNumber.dwr HTTP/1.1" 200 78
116.238.248.233 - - [25/Oct/2021:08:58:46 +0800] "GET /xingrg/kc/buy/cgsh_order_operate.html?command=get_materiel&rest_code=00150&code=00101009016&supplier_code=00100424&order_time=2021-10-25 HTTP/1.1" 200 412
180.157.253.6 - - [25/Oct/2021:08:58:46 +0800] "POST /xingrg/dwr/call/plaincall/AjaxCheckService.setItemNumber.dwr HTTP/1.1" 200 78
114.83.216.72 - - [25/Oct/2021:08:58:46 +0800] "GET /xingrg/all/function/internal_message.html?_=1635123526980&CODE_STATE=getMsg HTTP/1.1" 200 27
180.157.253.6 - - [25/Oct/2021:08:58:47 +0800] "POST /xingrg/dwr/call/plaincall/AjaxCheckService.setItemNumber.dwr HTTP/1.1" 200 78
180.157.253.6 - - [25/Oct/2021:08:58:47 +0800] "POST /xingrg/dwr/call/plaincall/AjaxCheckService.setItemNumber.dwr HTTP/1.1" 200 78
114.85.125.222 - - [25/Oct/2021:08:58:49 +0800] "GET /xingrg/javascript/jquery_easy_ui/themes/default/images/tabs_close.gif HTTP/1.1" 304 -
114.85.125.222 - - [25/Oct/2021:08:58:49 +0800] "GET /xingrg/kc/buy/cgsh_order_list.html HTTP/1.1" 200 48947
114.85.125.222 - - [25/Oct/2021:08:58:50 +0800] "POST /xingrg/kc/buy/cgsh_list_operate.html HTTP/1.1" 200 876
116.227.210.113 - - [25/Oct/2021:08:58:50 +0800] "GET /xingrg/check_reg.html?_=1635123522559 HTTP/1.1" 200 22
116.227.210.113 - - [25/Oct/2021:08:58:50 +0800] "GET /xingrg/all/function/internal_message.html?_=1635123522561&CODE_STATE=getMsg HTTP/1.1" 200 27
180.157.253.6 - - [25/Oct/2021:08:58:51 +0800] "POST /xingrg/dwr/call/plaincall/AjaxCheckService.setItemNumber.dwr HTTP/1.1" 200 78
114.85.125.222 - - [25/Oct/2021:08:58:52 +0800] "GET /xingrg/kc/buy/cgsh_order_add.html HTTP/1.1" 200 64615
180.157.253.6 - - [25/Oct/2021:08:58:52 +0800] "POST /xingrg/dwr/call/plaincall/AjaxCheckService.setItemNumber.dwr HTTP/1.1" 200 78
114.85.125.222 - - [25/Oct/2021:08:58:52 +0800] "POST /xingrg/kc/buy/cgsh_order_operate.html HTTP/1.1" 200 8245
114.85.125.222 - - [25/Oct/2021:08:58:52 +0800] "GET /xingrg/all/common/auto_word.html?type=employee&rest_code=00150 HTTP/1.1" 200 159
114.85.125.222 - - [25/Oct/2021:08:58:52 +0800] "GET /xingrg/all/common/auto_word.html?type=employee&rest_code=00150 HTTP/1.1" 200 159
114.85.125.222 - - [25/Oct/2021:08:58:52 +0800] "GET /xingrg/javascript/easyui/themes/default/validatebox.css HTTP/1.1" 404 1104
180.157.253.6 - - [25/Oct/2021:08:58:53 +0800] "POST /xingrg/dwr/call/plaincall/AjaxCheckService.setItemNumber.dwr HTTP/1.1" 200 78
114.85.125.222 - - [25/Oct/2021:08:58:54 +0800] "GET /xingrg/javascript/auto/indicator.gif HTTP/1.1" 404 1066
180.157.253.6 - - [25/Oct/2021:08:58:54 +0800] "POST /xingrg/dwr/call/plaincall/AjaxCheckService.setItemNumber.dwr HTTP/1.1" 200 78
116.238.248.233 - - [25/Oct/2021:08:58:55 +0800] "GET /xingrg/kc/buy/cgsh_order_operate.html?command=get_materiel&rest_code=00150&code=00101009007&supplier_code=00100424&order_time=2021-10-25 HTTP/1.1" 200 408
180.169.147.146 - - [25/Oct/2021:08:58:55 +0800] "GET /xingrg/check_reg.html?_=1635123537560 HTTP/1.1" 200 22
180.169.147.146 - - [25/Oct/2021:08:58:55 +0800] "GET /xingrg/all/function/internal_message.html?_=1635123537559&CODE_STATE=getMsg HTTP/1.1" 200 27
120.253.135.82 - - [25/Oct/2021:08:58:57 +0800] "GET /xingrg/kc/pszx/mdqp_order_list.html?state=10 HTTP/1.1" 200 10217
180.157.253.6 - - [25/Oct/2021:08:58:57 +0800] "POST /xingrg/dwr/call/plaincall/AjaxCheckService.setItemNumber.dwr HTTP/1.1" 200 78
120.253.135.82 - - [25/Oct/2021:08:58:57 +0800] "GET /xingrg/dwr/interface/AjaxReportQueryService.js HTTP/1.1" 200 13203
120.253.135.82 - - [25/Oct/2021:08:58:57 +0800] "GET /xingrg/dwr/interface/AjaxQqpsService.js HTTP/1.1" 200 16326
120.253.135.82 - - [25/Oct/2021:08:58:57 +0800] "GET /xingrg/dwr/engine.js HTTP/1.1" 200 43631
180.157.253.6 - - [25/Oct/2021:08:58:58 +0800] "GET /xingrg/all/function/internal_message.html?_=1635123538378&CODE_STATE=getMsg HTTP/1.1" 200 27
180.157.253.6 - - [25/Oct/2021:08:58:58 +0800] "POST /xingrg/dwr/call/plaincall/AjaxCheckService.setItemNumber.dwr HTTP/1.1" 200 78
180.157.253.6 - - [25/Oct/2021:08:59:00 +0800] "POST /xingrg/dwr/call/plaincall/AjaxCheckService.setItemNumber.dwr HTTP/1.1" 200 78
180.157.253.6 - - [25/Oct/2021:08:59:01 +0800] "POST /xingrg/dwr/call/plaincall/AjaxCheckService.setItemNumber.dwr HTTP/1.1" 200 78
116.238.248.233 - - [25/Oct/2021:08:59:02 +0800] "POST /xingrg/kc/buy/cgsh_order_operate.html HTTP/1.1" 200 37
120.253.135.82 - - [25/Oct/2021:08:59:02 +0800] "GET /xingrg/kc/pszx/mdps_order_list.html?orderType=0 HTTP/1.1" 200 21089
120.253.135.82 - - [25/Oct/2021:08:59:03 +0800] "POST /xingrg/kc/pszx/mdps_list_operate.html HTTP/1.1" 200 5212
116.238.248.233 - - [25/Oct/2021:08:59:04 +0800] "POST /xingrg/kc/buy/cgsh_order_operate.html HTTP/1.1" 200 3834
180.157.253.6 - - [25/Oct/2021:08:59:04 +0800] "POST /xingrg/dwr/call/plaincall/AjaxCheckService.setItemNumber.dwr HTTP/1.1" 200 78
114.85.125.222 - - [25/Oct/2021:08:59:05 +0800] "GET /xingrg/kc/buy/cgsh_order_operate.html?command=get_materiel&rest_code=00150&code=00101008091&supplier_code=00100007&order_time=2021-10-25 HTTP/1.1" 200 413
222.70.171.86 - - [25/Oct/2021:08:59:08 +0800] "GET /xingrg/all/function/internal_message.html?_=1635123549147&CODE_STATE=getMsg HTTP/1.1" 200 27
180.157.253.6 - - [25/Oct/2021:08:59:09 +0800] "POST /xingrg/dwr/call/plaincall/AjaxCheckService.setItemNumber.dwr HTTP/1.1" 200 78
180.157.253.6 - - [25/Oct/2021:08:59:13 +0800] "POST /xingrg/dwr/call/plaincall/AjaxCheckService.setItemNumber.dwr HTTP/1.1" 200 78
180.157.253.6 - - [25/Oct/2021:08:59:13 +0800] "POST /xingrg/dwr/call/plaincall/AjaxCheckService.setItemNumber.dwr HTTP/1.1" 200 78
114.83.216.72 - - [25/Oct/2021:08:59:14 +0800] "GET /xingrg/kc/buy/cgsh_order_operate.html?command=get_materiel&rest_code=00149&code=00101008223&supplier_code=00100005&order_time=2021-10-25 HTTP/1.1" 200 412
180.157.253.6 - - [25/Oct/2021:08:59:14 +0800] "POST /xingrg/dwr/call/plaincall/AjaxCheckService.setItemNumber.dwr HTTP/1.1" 200 78
58.39.139.200 - - [25/Oct/2021:08:59:16 +0800] "GET /xingrg/all/function/internal_message.html?_=1635123557887&CODE_STATE=getMsg HTTP/1.1" 200 27
180.157.253.6 - - [25/Oct/2021:08:59:18 +0800] "POST /xingrg/dwr/call/plaincall/AjaxCheckService.setItemNumber.dwr HTTP/1.1" 200 78
114.83.216.72 - - [25/Oct/2021:08:59:18 +0800] "POST /xingrg/kc/buy/cgsh_order_operate.html HTTP/1.1" 200 2065
180.157.253.6 - - [25/Oct/2021:08:59:19 +0800] "POST /xingrg/dwr/call/plaincall/AjaxCheckService.setItemNumber.dwr HTTP/1.1" 200 78
120.253.135.82 - - [25/Oct/2021:08:59:19 +0800] "GET /xingrg/all/function/internal_message.html?_=1635123329508&CODE_STATE=getMsg HTTP/1.1" 200 27
180.157.253.6 - - [25/Oct/2021:08:59:19 +0800] "POST /xingrg/dwr/call/plaincall/AjaxCheckService.setItemNumber.dwr HTTP/1.1" 200 78
180.157.253.6 - - [25/Oct/2021:08:59:20 +0800] "POST /xingrg/dwr/call/plaincall/AjaxCheckService.setItemNumber.dwr HTTP/1.1" 200 78
222.70.179.155 - - [25/Oct/2021:08:59:20 +0800] "GET /xingrg/all/function/internal_message.html?_=1635123560143&CODE_STATE=getMsg HTTP/1.1" 200 27
180.157.253.6 - - [25/Oct/2021:08:59:21 +0800] "POST /xingrg/dwr/call/plaincall/AjaxCheckService.setItemNumber.dwr HTTP/1.1" 200 78
180.174.227.63 - - [25/Oct/2021:08:59:23 +0800] "GET /xingrg/javascript/jquery_easy_ui/themes/default/images/tabs_close.gif HTTP/1.1" 304 -
180.174.227.63 - - [25/Oct/2021:08:59:23 +0800] "GET /xingrg/css/base.css HTTP/1.1" 304 -
180.174.227.63 - - [25/Oct/2021:08:59:23 +0800] "GET /xingrg/css/site.css HTTP/1.1" 304 -
180.174.227.63 - - [25/Oct/2021:08:59:23 +0800] "GET /xingrg/javascript/jquery_tools/datebox.css HTTP/1.1" 304 -
180.174.227.63 - - [25/Oct/2021:08:59:23 +0800] "GET /xingrg/javascript/easyui/themes/icon.css HTTP/1.1" 304 -
180.174.227.63 - - [25/Oct/2021:08:59:23 +0800] "GET /xingrg/javascript/jquery_tools/fix.css HTTP/1.1" 304 -
180.174.227.63 - - [25/Oct/2021:08:59:23 +0800] "GET /xingrg/javascript/jquery_tools/jquery.tools.min.js HTTP/1.1" 304 -
180.174.227.63 - - [25/Oct/2021:08:59:23 +0800] "GET /xingrg/javascript/jquery_tools/table.css HTTP/1.1" 304 -
180.174.227.63 - - [25/Oct/2021:08:59:23 +0800] "GET /xingrg/javascript/auto/jquery.autocomplete.css HTTP/1.1" 304 -
180.174.227.63 - - [25/Oct/2021:08:59:23 +0800] "GET /xingrg/javascript/easyui/themes/default/easyui.css HTTP/1.1" 304 -
180.174.227.63 - - [25/Oct/2021:08:59:23 +0800] "GET /xingrg/javascript/jquery_tools/jquery.tools.extend.js HTTP/1.1" 304 -
180.174.227.63 - - [25/Oct/2021:08:59:23 +0800] "GET /xingrg/javascript/jquery_tools/jquery.tools.table.js HTTP/1.1" 304 -
180.174.227.63 - - [25/Oct/2021:08:59:23 +0800] "GET /xingrg/javascript/jquery_tools/jquery.tools.hotkey.js HTTP/1.1" 304 -
180.174.227.63 - - [25/Oct/2021:08:59:23 +0800] "GET /xingrg/javascript/jquery_tools/list_manager.js HTTP/1.1" 304 -
180.174.227.63 - - [25/Oct/2021:08:59:23 +0800] "GET /xingrg/javascript/auto/jquery.autocomplete.js HTTP/1.1" 304 -
180.174.227.63 - - [25/Oct/2021:08:59:23 +0800] "GET /xingrg/javascript/easyui/easyloader.js HTTP/1.1" 304 -
180.174.227.63 - - [25/Oct/2021:08:59:23 +0800] "GET /xingrg/javascript/print/LodopFuncs.js HTTP/1.1" 304 -
180.174.227.63 - - [25/Oct/2021:08:59:23 +0800] "GET /xingrg/javascript/jquery.cookie.js HTTP/1.1" 304 -
180.174.227.63 - - [25/Oct/2021:08:59:23 +0800] "GET /xingrg/kc/buy/cgsh_order_list.html HTTP/1.1" 200 48941
180.174.227.63 - - [25/Oct/2021:08:59:23 +0800] "GET /xingrg/javascript/easyui/themes/icons/edit_add_new.png HTTP/1.1" 304 -
180.174.227.63 - - [25/Oct/2021:08:59:23 +0800] "GET /xingrg/javascript/easyui/themes/icons/check_new.png HTTP/1.1" 304 -
180.174.227.63 - - [25/Oct/2021:08:59:23 +0800] "GET /xingrg/javascript/easyui/themes/icons/field_new.png HTTP/1.1" 304 -
180.174.227.63 - - [25/Oct/2021:08:59:23 +0800] "GET /xingrg/javascript/easyui/themes/icons/cance_new.png HTTP/1.1" 304 -
180.174.227.63 - - [25/Oct/2021:08:59:23 +0800] "GET /xingrg/javascript/easyui/themes/icons/import_new.png HTTP/1.1" 304 -
180.174.227.63 - - [25/Oct/2021:08:59:23 +0800] "GET /xingrg/javascript/easyui/plugins/jquery.parser.js HTTP/1.1" 304 -
180.174.227.63 - - [25/Oct/2021:08:59:23 +0800] "GET /xingrg/images/control/ajaxLoader.gif HTTP/1.1" 304 -
114.83.216.72 - - [25/Oct/2021:08:59:24 +0800] "GET /xingrg/kc/buy/cgsh_order_operate.html?command=get_materiel&rest_code=00149&code=00101008558&supplier_code=00100005&order_time=2021-10-25 HTTP/1.1" 200 395
114.85.125.222 - - [25/Oct/2021:08:59:24 +0800] "GET /xingrg/kc/buy/cgsh_order_operate.html?command=get_materiel&rest_code=00150&code=00101008248&supplier_code=00100007&order_time=2021-10-25 HTTP/1.1" 200 412
180.174.227.63 - - [25/Oct/2021:08:59:24 +0800] "POST /xingrg/kc/buy/cgsh_list_operate.html HTTP/1.1" 200 876
180.157.253.6 - - [25/Oct/2021:08:59:25 +0800] "POST /xingrg/dwr/call/plaincall/AjaxCheckService.setItemNumber.dwr HTTP/1.1" 200 78
180.174.227.63 - - [25/Oct/2021:08:59:25 +0800] "GET /xingrg/javascript/jquery_easy_ui/themes/icons/rest.png HTTP/1.1" 304 -
180.174.227.63 - - [25/Oct/2021:08:59:25 +0800] "GET /xingrg/javascript/jquery_easy_ui/themes/icons/area.png HTTP/1.1" 304 -
116.238.248.233 - - [25/Oct/2021:08:59:25 +0800] "GET /xingrg/all/function/internal_message.html?_=1635123563091&CODE_STATE=getMsg HTTP/1.1" 200 27
180.174.227.63 - - [25/Oct/2021:08:59:25 +0800] "GET /xingrg/javascript/easyui/themes/default/images/button_plain_hover.png HTTP/1.1" 304 -
180.157.253.6 - - [25/Oct/2021:08:59:26 +0800] "POST /xingrg/dwr/call/plaincall/AjaxCheckService.setItemNumber.dwr HTTP/1.1" 200 78
180.174.227.63 - - [25/Oct/2021:08:59:26 +0800] "GET /xingrg/javascript/pic_change.js HTTP/1.1" 304 -
180.174.227.63 - - [25/Oct/2021:08:59:26 +0800] "GET /xingrg/javascript/convert.js HTTP/1.1" 304 -
180.174.227.63 - - [25/Oct/2021:08:59:26 +0800] "GET /xingrg/javascript/jquery_tools/order_manager.js HTTP/1.1" 304 -
180.174.227.63 - - [25/Oct/2021:08:59:26 +0800] "GET /xingrg/javascript/json2.js HTTP/1.1" 304 -
180.174.227.63 - - [25/Oct/2021:08:59:26 +0800] "GET /xingrg/javascript/print/kc_print.js HTTP/1.1" 304 -
180.174.227.63 - - [25/Oct/2021:08:59:26 +0800] "GET /xingrg/kc/buy/cgsh_order_add.html HTTP/1.1" 200 64638
180.174.227.63 - - [25/Oct/2021:08:59:26 +0800] "GET /xingrg/words/20211024174750_words.js HTTP/1.1" 304 -
180.174.227.63 - - [25/Oct/2021:08:59:26 +0800] "GET /xingrg/javascript/easyui/themes/icons/copy_new.png HTTP/1.1" 304 -
180.174.227.63 - - [25/Oct/2021:08:59:26 +0800] "GET /xingrg/javascript/easyui/themes/icons/template_new.png HTTP/1.1" 304 -
180.174.227.63 - - [25/Oct/2021:08:59:26 +0800] "GET /xingrg/javascript/easyui/themes/icons/ok.png HTTP/1.1" 304 -
180.174.227.63 - - [25/Oct/2021:08:59:26 +0800] "GET /xingrg/javascript/easyui/themes/icons/print.png HTTP/1.1" 304 -
180.174.227.63 - - [25/Oct/2021:08:59:26 +0800] "GET /xingrg/javascript/easyui/themes/default/images/menu_downarrow.png HTTP/1.1" 304 -
180.174.227.63 - - [25/Oct/2021:08:59:26 +0800] "GET /xingrg/javascript/easyui/themes/icons/cancel.png HTTP/1.1" 304 -
180.174.227.63 - - [25/Oct/2021:08:59:27 +0800] "POST /xingrg/kc/buy/cgsh_order_operate.html HTTP/1.1" 200 8245
180.157.253.6 - - [25/Oct/2021:08:59:27 +0800] "POST /xingrg/dwr/call/plaincall/AjaxCheckService.setItemNumber.dwr HTTP/1.1" 200 78
180.174.227.63 - - [25/Oct/2021:08:59:27 +0800] "GET /xingrg/javascript/easyui/themes/icons/edit_remove.png HTTP/1.1" 304 -
180.174.227.63 - - [25/Oct/2021:08:59:27 +0800] "GET /xingrg/all/function/internal_message.html?_=1635123554738&CODE_STATE=getMsg HTTP/1.1" 200 27
180.174.227.63 - - [25/Oct/2021:08:59:27 +0800] "GET /xingrg/all/common/auto_word.html?type=employee&rest_code=00102 HTTP/1.1" 200 189
180.174.227.63 - - [25/Oct/2021:08:59:27 +0800] "GET /xingrg/all/common/auto_word.html?type=employee&rest_code=00102 HTTP/1.1" 200 189
180.174.227.63 - - [25/Oct/2021:08:59:27 +0800] "GET /xingrg/javascript/easyui/themes/default/validatebox.css HTTP/1.1" 404 1104
180.174.227.63 - - [25/Oct/2021:08:59:27 +0800] "GET /xingrg/javascript/easyui/plugins/jquery.validatebox.js HTTP/1.1" 304 -
180.174.227.63 - - [25/Oct/2021:08:59:27 +0800] "GET /xingrg/javascript/easyui/plugins/jquery.numberbox.js HTTP/1.1" 304 -
180.157.253.6 - - [25/Oct/2021:08:59:27 +0800] "POST /xingrg/dwr/call/plaincall/AjaxCheckService.setItemNumber.dwr HTTP/1.1" 200 78
180.157.253.6 - - [25/Oct/2021:08:59:28 +0800] "POST /xingrg/dwr/call/plaincall/AjaxCheckService.setItemNumber.dwr HTTP/1.1" 200 78
180.157.253.6 - - [25/Oct/2021:08:59:29 +0800] "POST /xingrg/dwr/call/plaincall/AjaxCheckService.setItemNumber.dwr HTTP/1.1" 200 78
180.157.253.6 - - [25/Oct/2021:08:59:30 +0800] "POST /xingrg/dwr/call/plaincall/AjaxCheckService.setItemNumber.dwr HTTP/1.1" 200 78
180.157.253.6 - - [25/Oct/2021:08:59:31 +0800] "POST /xingrg/dwr/call/plaincall/AjaxCheckService.setItemNumber.dwr HTTP/1.1" 200 78
180.157.253.6 - - [25/Oct/2021:08:59:31 +0800] "POST /xingrg/dwr/call/plaincall/AjaxCheckService.setItemNumber.dwr HTTP/1.1" 200 78
180.157.253.6 - - [25/Oct/2021:08:59:32 +0800] "POST /xingrg/dwr/call/plaincall/AjaxCheckService.setItemNumber.dwr HTTP/1.1" 200 78
180.157.253.6 - - [25/Oct/2021:08:59:33 +0800] "POST /xingrg/dwr/call/plaincall/AjaxCheckService.setItemNumber.dwr HTTP/1.1" 200 78
180.174.227.63 - - [25/Oct/2021:08:59:33 +0800] "GET /xingrg/javascript/easyui/plugins/jquery.draggable.js HTTP/1.1" 304 -
180.174.227.63 - - [25/Oct/2021:08:59:33 +0800] "GET /xingrg/css/images/panel_loading.gif HTTP/1.1" 304 -
180.174.227.63 - - [25/Oct/2021:08:59:34 +0800] "GET /xingrg/javascript/easyui/plugins/jquery.droppable.js HTTP/1.1" 304 -
180.174.227.63 - - [25/Oct/2021:08:59:34 +0800] "GET /xingrg/javascript/easyui/themes/default/tree.css HTTP/1.1" 404 1090
180.174.227.63 - - [25/Oct/2021:08:59:34 +0800] "GET /xingrg/javascript/easyui/plugins/jquery.tree.js HTTP/1.1" 304 -
180.174.227.63 - - [25/Oct/2021:08:59:34 +0800] "POST /xingrg/all/common/load_tree.html?tree=supplier_tree_json&isDelete=1 HTTP/1.1" 200 60167
180.157.253.6 - - [25/Oct/2021:08:59:34 +0800] "POST /xingrg/dwr/call/plaincall/AjaxCheckService.setItemNumber.dwr HTTP/1.1" 200 78
180.157.253.6 - - [25/Oct/2021:08:59:35 +0800] "POST /xingrg/dwr/call/plaincall/AjaxCheckService.setItemNumber.dwr HTTP/1.1" 200 78
180.157.253.6 - - [25/Oct/2021:08:59:35 +0800] "POST /xingrg/dwr/call/plaincall/AjaxCheckService.setItemNumber.dwr HTTP/1.1" 200 78
180.157.253.6 - - [25/Oct/2021:08:59:36 +0800] "POST /xingrg/dwr/call/plaincall/AjaxCheckService.setItemNumber.dwr HTTP/1.1" 200 78
180.174.227.63 - - [25/Oct/2021:08:59:36 +0800] "GET /xingrg/javascript/easyui/themes/default/images/tree_arrows.gif HTTP/1.1" 304 -
180.174.227.63 - - [25/Oct/2021:08:59:36 +0800] "GET /xingrg/javascript/easyui/themes/default/images/tree_folder_open.gif HTTP/1.1" 304 -
180.174.227.63 - - [25/Oct/2021:08:59:36 +0800] "GET /xingrg/javascript/easyui/themes/default/images/tree_file.gif HTTP/1.1" 304 -
180.174.227.63 - - [25/Oct/2021:08:59:36 +0800] "GET /xingrg/javascript/easyui/themes/default/images/tree_folder.gif HTTP/1.1" 304 -
222.70.179.155 - - [25/Oct/2021:08:59:38 +0800] "GET /xingrg/check_reg.html?_=1635123577368 HTTP/1.1" 200 22
180.157.253.6 - - [25/Oct/2021:08:59:40 +0800] "POST /xingrg/dwr/call/plaincall/AjaxCheckService.setItemNumber.dwr HTTP/1.1" 200 78
180.157.253.6 - - [25/Oct/2021:08:59:41 +0800] "POST /xingrg/dwr/call/plaincall/AjaxCheckService.setItemNumber.dwr HTTP/1.1" 200 78
180.157.253.6 - - [25/Oct/2021:08:59:42 +0800] "POST /xingrg/dwr/call/plaincall/AjaxCheckService.setItemNumber.dwr HTTP/1.1" 200 78
180.157.253.6 - - [25/Oct/2021:08:59:43 +0800] "POST /xingrg/dwr/call/plaincall/AjaxCheckService.setItemNumber.dwr HTTP/1.1" 200 78
114.85.125.222 - - [25/Oct/2021:08:59:44 +0800] "GET /xingrg/all/function/internal_message.html?_=1635123526403&CODE_STATE=getMsg HTTP/1.1" 200 27
114.85.125.222 - - [25/Oct/2021:08:59:45 +0800] "GET /xingrg/kc/buy/cgsh_order_operate.html?command=get_materiel&rest_code=00150&code=00101008261&supplier_code=00100007&order_time=2021-10-25 HTTP/1.1" 200 408
114.83.216.72 - - [25/Oct/2021:08:59:46 +0800] "GET /xingrg/all/function/internal_message.html?_=1635123586970&CODE_STATE=getMsg HTTP/1.1" 200 27
116.227.210.113 - - [25/Oct/2021:08:59:50 +0800] "GET /xingrg/all/function/internal_message.html?_=1635123582566&CODE_STATE=getMsg HTTP/1.1" 200 27
180.157.253.6 - - [25/Oct/2021:08:59:52 +0800] "POST /xingrg/dwr/call/plaincall/AjaxCheckService.setItemNumber.dwr HTTP/1.1" 200 78
114.83.216.72 - - [25/Oct/2021:08:59:53 +0800] "GET /xingrg/kc/buy/cgsh_order_operate.html?command=get_materiel&rest_code=00149&code=00101008357&supplier_code=00100005&order_time=2021-10-25 HTTP/1.1" 200 408
180.169.147.146 - - [25/Oct/2021:08:59:55 +0800] "GET /xingrg/all/function/internal_message.html?_=1635123597563&CODE_STATE=getMsg HTTP/1.1" 200 27
180.157.253.6 - - [25/Oct/2021:08:59:56 +0800] "POST /xingrg/dwr/call/plaincall/AjaxCheckService.setItemNumber.dwr HTTP/1.1" 200 78
180.157.253.6 - - [25/Oct/2021:08:59:56 +0800] "POST /xingrg/dwr/call/plaincall/AjaxCheckService.setItemNumber.dwr HTTP/1.1" 200 78
180.157.253.6 - - [25/Oct/2021:08:59:57 +0800] "POST /xingrg/dwr/call/plaincall/AjaxCheckService.setItemNumber.dwr HTTP/1.1" 200 78
180.157.253.6 - - [25/Oct/2021:08:59:58 +0800] "POST /xingrg/dwr/call/plaincall/AjaxCheckService.setItemNumber.dwr HTTP/1.1" 200 78
180.157.253.6 - - [25/Oct/2021:08:59:58 +0800] "GET /xingrg/all/function/internal_message.html?_=1635123598425&CODE_STATE=getMsg HTTP/1.1" 200 27
180.157.253.6 - - [25/Oct/2021:08:59:58 +0800] "POST /xingrg/dwr/call/plaincall/AjaxCheckService.setItemNumber.dwr HTTP/1.1" 200 78
120.253.135.82 - - [25/Oct/2021:08:59:59 +0800] "GET /xingrg/kc/report/report_main.html HTTP/1.1" 200 9370
120.253.135.82 - - [25/Oct/2021:08:59:59 +0800] "GET /xingrg/kc/report/report_main.html HTTP/1.1" 200 9370
180.157.253.6 - - [25/Oct/2021:08:59:59 +0800] "POST /xingrg/dwr/call/plaincall/AjaxCheckService.setItemNumber.dwr HTTP/1.1" 200 78
114.85.125.222 - - [25/Oct/2021:09:00:00 +0800] "GET /xingrg/kc/buy/cgsh_order_operate.html?command=get_materiel&rest_code=00150&code=00101008156&supplier_code=00100007&order_time=2021-10-25 HTTP/1.1" 200 414
180.157.253.6 - - [25/Oct/2021:09:00:00 +0800] "POST /xingrg/dwr/call/plaincall/AjaxCheckService.setItemNumber.dwr HTTP/1.1" 200 78
120.253.135.82 - - [25/Oct/2021:09:00:00 +0800] "GET /xingrg/kc/base/kc_stocks.html HTTP/1.1" 200 16437
120.253.135.82 - - [25/Oct/2021:09:00:00 +0800] "GET /xingrg/javascript/easyui/themes/default/tree.css HTTP/1.1" 404 1090
120.253.135.82 - - [25/Oct/2021:09:00:00 +0800] "POST /xingrg/all/common/load_tree.html?tree=materiel_sort_tree_json HTTP/1.1" 200 8912
180.157.253.6 - - [25/Oct/2021:09:00:01 +0800] "POST /xingrg/dwr/call/plaincall/AjaxCheckService.setItemNumber.dwr HTTP/1.1" 200 78
180.157.253.6 - - [25/Oct/2021:09:00:01 +0800] "POST /xingrg/dwr/call/plaincall/AjaxCheckService.setItemNumber.dwr HTTP/1.1" 200 78
120.253.135.82 - - [25/Oct/2021:09:00:02 +0800] "POST /xingrg/all/common/load_combo.html?type=base HTTP/1.1" 200 1075
180.157.253.6 - - [25/Oct/2021:09:00:02 +0800] "POST /xingrg/dwr/call/plaincall/AjaxCheckService.setItemNumber.dwr HTTP/1.1" 200 78
180.157.253.6 - - [25/Oct/2021:09:00:03 +0800] "POST /xingrg/dwr/call/plaincall/AjaxCheckService.setItemNumber.dwr HTTP/1.1" 200 78
180.157.253.6 - - [25/Oct/2021:09:00:03 +0800] "POST /xingrg/dwr/call/plaincall/AjaxCheckService.setItemNumber.dwr HTTP/1.1" 200 78
114.83.216.72 - - [25/Oct/2021:09:00:04 +0800] "GET /xingrg/kc/buy/cgsh_order_operate.html?command=get_materiel&rest_code=00149&code=00101008286&supplier_code=00100005&order_time=2021-10-25 HTTP/1.1" 200 408
180.157.253.6 - - [25/Oct/2021:09:00:04 +0800] "POST /xingrg/dwr/call/plaincall/AjaxCheckService.setItemNumber.dwr HTTP/1.1" 200 78
180.157.253.6 - - [25/Oct/2021:09:00:05 +0800] "POST /xingrg/dwr/call/plaincall/AjaxCheckService.setItemNumber.dwr HTTP/1.1" 200 78
180.157.253.6 - - [25/Oct/2021:09:00:06 +0800] "POST /xingrg/dwr/call/plaincall/AjaxCheckService.setItemNumber.dwr HTTP/1.1" 200 78
180.157.253.6 - - [25/Oct/2021:09:00:06 +0800] "POST /xingrg/dwr/call/plaincall/AjaxCheckService.setItemNumber.dwr HTTP/1.1" 200 78
180.157.253.6 - - [25/Oct/2021:09:00:07 +0800] "POST /xingrg/dwr/call/plaincall/AjaxCheckService.setItemNumber.dwr HTTP/1.1" 200 78
222.70.171.86 - - [25/Oct/2021:09:00:08 +0800] "GET /xingrg/all/function/internal_message.html?_=1635123609160&CODE_STATE=getMsg HTTP/1.1" 200 27
180.157.253.6 - - [25/Oct/2021:09:00:08 +0800] "POST /xingrg/dwr/call/plaincall/AjaxCheckService.setItemNumber.dwr HTTP/1.1" 200 78
180.157.253.6 - - [25/Oct/2021:09:00:09 +0800] "POST /xingrg/dwr/call/plaincall/AjaxCheckService.setItemNumber.dwr HTTP/1.1" 200 78
180.157.253.6 - - [25/Oct/2021:09:00:09 +0800] "POST /xingrg/dwr/call/plaincall/AjaxCheckService.setItemNumber.dwr HTTP/1.1" 200 78
120.253.135.82 - - [25/Oct/2021:09:00:11 +0800] "POST /xingrg/kc/base/stock_operate.html HTTP/1.1" 200 1479
114.83.216.72 - - [25/Oct/2021:09:00:11 +0800] "GET /xingrg/kc/buy/cgsh_order_operate.html?command=get_materiel&rest_code=00149&code=00101008036&supplier_code=00100005&order_time=2021-10-25 HTTP/1.1" 200 430
58.39.139.200 - - [25/Oct/2021:09:00:16 +0800] "GET /xingrg/all/function/internal_message.html?_=1635123617856&CODE_STATE=getMsg HTTP/1.1" 200 27
120.253.135.82 - - [25/Oct/2021:09:00:19 +0800] "GET /xingrg/all/function/internal_message.html?_=1635123389509&CODE_STATE=getMsg HTTP/1.1" 200 27
222.70.179.155 - - [25/Oct/2021:09:00:20 +0800] "GET /xingrg/all/function/internal_message.html?_=1635123620115&CODE_STATE=getMsg HTTP/1.1" 200 27
114.83.216.72 - - [25/Oct/2021:09:00:21 +0800] "GET /xingrg/kc/buy/cgsh_order_operate.html?command=get_materiel&rest_code=00149&code=00101008131&supplier_code=00100005&order_time=2021-10-25 HTTP/1.1" 200 408
114.83.216.72 - - [25/Oct/2021:09:00:24 +0800] "POST /xingrg/kc/buy/cgsh_order_operate.html HTTP/1.1" 200 2065
180.157.253.6 - - [25/Oct/2021:09:00:25 +0800] "POST /xingrg/dwr/call/plaincall/AjaxCheckService.setItemNumber.dwr HTTP/1.1" 200 78
116.238.248.233 - - [25/Oct/2021:09:00:25 +0800] "GET /xingrg/all/function/internal_message.html?_=1635123623085&CODE_STATE=getMsg HTTP/1.1" 200 27
180.174.227.63 - - [25/Oct/2021:09:00:26 +0800] "GET /xingrg/check_reg.html?_=1635123613926 HTTP/1.1" 200 22
114.85.125.222 - - [25/Oct/2021:09:00:27 +0800] "GET /xingrg/kc/buy/cgsh_order_operate.html?command=get_materiel&rest_code=00150&code=00101008612&supplier_code=00100007&order_time=2021-10-25 HTTP/1.1" 200 406
180.157.253.6 - - [25/Oct/2021:09:00:27 +0800] "POST /xingrg/dwr/call/plaincall/AjaxCheckService.setItemNumber.dwr HTTP/1.1" 200 78
