114.85.125.222 - - [25/Oct/2021:10:30:47 +0800] "GET /xingrg/all/function/internal_message.html?_=1635128989220&CODE_STATE=getMsg HTTP/1.1" 200 27
114.83.216.72 - - [25/Oct/2021:10:30:47 +0800] "GET /xingrg/kc/base/wldb_order_add.html HTTP/1.1" 200 30444
114.83.216.72 - - [25/Oct/2021:10:30:47 +0800] "POST /xingrg/kc/base/wldb_order_operate.html HTTP/1.1" 200 6806
114.83.216.72 - - [25/Oct/2021:10:30:47 +0800] "GET /xingrg/javascript/easyui/themes/default/validatebox.css HTTP/1.1" 404 1104
114.83.216.72 - - [25/Oct/2021:10:30:53 +0800] "GET /xingrg/kc/base/wldb_order_operate.html?command=get_materiel&rest_code=00149&base_code=0010394&code=00101019133 HTTP/1.1" 200 466
114.83.216.72 - - [25/Oct/2021:10:30:56 +0800] "GET /xingrg/kc/base/wldb_order_operate.html?command=get_materiel&rest_code=00149&base_code=0010394&code=00101019306 HTTP/1.1" 200 463
180.169.147.146 - - [25/Oct/2021:10:30:56 +0800] "GET /xingrg/check_reg.html?_=1635129056632 HTTP/1.1" 200 22
180.169.147.146 - - [25/Oct/2021:10:30:56 +0800] "GET /xingrg/all/function/internal_message.html?_=1635129056634&CODE_STATE=getMsg HTTP/1.1" 200 27
180.157.253.6 - - [25/Oct/2021:10:30:57 +0800] "GET /xingrg/all/function/internal_message.html?_=1635129057342&CODE_STATE=getMsg HTTP/1.1" 200 27
61.151.207.141 - - [25/Oct/2021:10:30:59 +0800] "GET /xingrg/all/function/internal_message.html?_=1635128998612&CODE_STATE=getMsg HTTP/1.1" 302 -
124.78.153.86 - - [25/Oct/2021:10:30:59 +0800] "GET /xingrg/all/function/internal_message.html?_=1635129058612&CODE_STATE=getMsg HTTP/1.1" 200 27
114.83.216.72 - - [25/Oct/2021:10:31:00 +0800] "GET /xingrg/kc/base/wldb_order_operate.html?command=get_materiel&rest_code=00149&base_code=0010394&code=00101019138 HTTP/1.1" 200 438
61.151.207.141 - - [25/Oct/2021:10:31:01 +0800] "GET /xingrg/login.html HTTP/1.1" 200 7641
116.232.38.86 - - [25/Oct/2021:10:31:01 +0800] "GET /favicon.ico HTTP/1.1" 404 -
114.83.216.72 - - [25/Oct/2021:10:31:05 +0800] "GET /xingrg/kc/base/wldb_order_operate.html?command=get_materiel&rest_code=00149&base_code=0010394&code=00101016029 HTTP/1.1" 200 461
101.85.106.134 - - [25/Oct/2021:10:31:06 +0800] "GET /xingrg/all/function/internal_message.html?_=1635129063855&CODE_STATE=getMsg HTTP/1.1" 200 27
116.238.248.233 - - [25/Oct/2021:10:31:06 +0800] "GET /xingrg/all/function/internal_message.html?_=1635129063841&CODE_STATE=getMsg HTTP/1.1" 200 27
116.227.210.113 - - [25/Oct/2021:10:31:07 +0800] "GET /xingrg/all/function/internal_message.html?_=1635129059020&CODE_STATE=getMsg HTTP/1.1" 200 27
114.83.216.72 - - [25/Oct/2021:10:31:10 +0800] "GET /xingrg/kc/base/wldb_order_operate.html?command=get_materiel&rest_code=00149&base_code=0010394&code=00101019199 HTTP/1.1" 200 459
222.70.171.86 - - [25/Oct/2021:10:31:11 +0800] "GET /xingrg/all/function/internal_message.html?_=1635129072580&CODE_STATE=getMsg HTTP/1.1" 200 27
114.83.216.72 - - [25/Oct/2021:10:31:16 +0800] "GET /xingrg/kc/base/wldb_order_operate.html?command=get_materiel&rest_code=00149&base_code=0010394&code=00101019391 HTTP/1.1" 200 471
222.70.179.155 - - [25/Oct/2021:10:31:18 +0800] "GET /xingrg/check_reg.html?_=1635129078651 HTTP/1.1" 200 22
222.70.179.155 - - [25/Oct/2021:10:31:18 +0800] "GET /xingrg/all/function/internal_message.html?_=1635129078649&CODE_STATE=getMsg HTTP/1.1" 200 27
114.83.216.72 - - [25/Oct/2021:10:31:20 +0800] "GET /xingrg/kc/base/wldb_order_operate.html?command=get_materiel&rest_code=00149&base_code=0010394&code=00101016086 HTTP/1.1" 200 468
222.70.171.86 - - [25/Oct/2021:10:31:23 +0800] "POST /xingrg/kc/buy/cgsh_list_operate.html HTTP/1.1" 200 1690
222.70.171.86 - - [25/Oct/2021:10:31:24 +0800] "GET /xingrg/kc/buy/cgsh_order_add.html HTTP/1.1" 200 64685
222.70.171.86 - - [25/Oct/2021:10:31:24 +0800] "POST /xingrg/kc/buy/cgsh_order_operate.html HTTP/1.1" 200 8245
222.70.171.86 - - [25/Oct/2021:10:31:24 +0800] "GET /xingrg/javascript/easyui/themes/default/validatebox.css HTTP/1.1" 404 1104
58.39.139.200 - - [25/Oct/2021:10:31:31 +0800] "GET /xingrg/all/function/internal_message.html?_=1635129092620&CODE_STATE=getMsg HTTP/1.1" 200 27
114.83.216.72 - - [25/Oct/2021:10:31:32 +0800] "POST /xingrg/kc/base/wldb_order_operate.html HTTP/1.1" 200 37
114.83.216.72 - - [25/Oct/2021:10:31:33 +0800] "POST /xingrg/kc/base/wldb_order_operate.html HTTP/1.1" 200 5744
114.83.216.72 - - [25/Oct/2021:10:31:33 +0800] "GET /xingrg/kc/base/wldb_order_info.html?code=422021102502552 HTTP/1.1" 200 30459
114.83.216.72 - - [25/Oct/2021:10:31:33 +0800] "GET /xingrg/javascript/easyui/themes/default/validatebox.css HTTP/1.1" 404 1104
114.83.216.72 - - [25/Oct/2021:10:31:34 +0800] "POST /xingrg/kc/base/wldb_order_operate.html HTTP/1.1" 200 5744
180.169.147.146 - - [25/Oct/2021:10:31:34 +0800] "GET /xingrg/all/function/internal_message.html?_=1635129154343&CODE_STATE=getMsg HTTP/1.1" 200 27
114.83.216.72 - - [25/Oct/2021:10:31:37 +0800] "GET /xingrg/kc/base/wldb_order_add.html HTTP/1.1" 200 30444
114.83.216.72 - - [25/Oct/2021:10:31:37 +0800] "POST /xingrg/kc/base/wldb_order_operate.html HTTP/1.1" 200 6806
114.83.216.72 - - [25/Oct/2021:10:31:37 +0800] "GET /xingrg/javascript/easyui/themes/default/validatebox.css HTTP/1.1" 404 1104
114.83.216.72 - - [25/Oct/2021:10:31:45 +0800] "GET /xingrg/all/function/internal_message.html?_=1635129105516&CODE_STATE=getMsg HTTP/1.1" 200 27
114.83.216.72 - - [25/Oct/2021:10:31:46 +0800] "GET /xingrg/kc/base/wldb_order_operate.html?command=get_materiel&rest_code=00149&base_code=0010394&code=00101019079 HTTP/1.1" 200 465
114.85.125.222 - - [25/Oct/2021:10:31:47 +0800] "GET /xingrg/all/function/internal_message.html?_=1635129049331&CODE_STATE=getMsg HTTP/1.1" 200 27
114.83.216.72 - - [25/Oct/2021:10:31:49 +0800] "GET /xingrg/kc/base/wldb_order_operate.html?command=get_materiel&rest_code=00149&base_code=0010394&code=00101019187 HTTP/1.1" 200 465
180.169.147.146 - - [25/Oct/2021:10:31:56 +0800] "GET /xingrg/all/function/internal_message.html?_=1635129116633&CODE_STATE=getMsg HTTP/1.1" 200 27
180.157.253.6 - - [25/Oct/2021:10:31:57 +0800] "GET /xingrg/all/function/internal_message.html?_=1635129117351&CODE_STATE=getMsg HTTP/1.1" 200 27
180.157.253.6 - - [25/Oct/2021:10:31:57 +0800] "GET /xingrg/check_reg.html?_=1635129117682 HTTP/1.1" 200 22
114.83.216.72 - - [25/Oct/2021:10:31:58 +0800] "GET /xingrg/check_reg.html?_=1635129118380 HTTP/1.1" 200 22
114.83.216.72 - - [25/Oct/2021:10:31:58 +0800] "GET /xingrg/kc/base/wldb_order_operate.html?command=get_materiel&rest_code=00149&base_code=0010394&code=00101019297 HTTP/1.1" 200 464
61.151.178.165 - - [25/Oct/2021:10:31:59 +0800] "GET /xingrg/all/function/internal_message.html?_=1635129058612&CODE_STATE=getMsg HTTP/1.1" 302 -
124.78.153.86 - - [25/Oct/2021:10:31:59 +0800] "GET /xingrg/all/function/internal_message.html?_=1635129118612&CODE_STATE=getMsg HTTP/1.1" 200 27
124.78.153.86 - - [25/Oct/2021:10:31:59 +0800] "GET /xingrg/check_reg.html?_=1635129118614 HTTP/1.1" 200 22
61.151.178.165 - - [25/Oct/2021:10:32:00 +0800] "GET /xingrg/login.html HTTP/1.1" 200 7641
114.83.216.72 - - [25/Oct/2021:10:32:02 +0800] "GET /xingrg/kc/base/wldb_order_operate.html?command=get_materiel&rest_code=00149&base_code=0010394&code=00101019222 HTTP/1.1" 200 452
58.35.196.122 - - [25/Oct/2021:10:32:05 +0800] "POST /xingrg/services/DataTransmitService HTTP/1.1" 200 524
58.35.196.122 - - [25/Oct/2021:10:32:05 +0800] "POST /xingrg/services/DataTransmitService HTTP/1.1" 200 1975
101.85.106.134 - - [25/Oct/2021:10:32:05 +0800] "GET /xingrg/check_reg.html?_=1635129123856 HTTP/1.1" 200 22
101.85.106.134 - - [25/Oct/2021:10:32:06 +0800] "GET /xingrg/all/function/internal_message.html?_=1635129123854&CODE_STATE=getMsg HTTP/1.1" 200 27
116.238.248.233 - - [25/Oct/2021:10:32:06 +0800] "GET /xingrg/check_reg.html?_=1635129123842 HTTP/1.1" 200 22
116.238.248.233 - - [25/Oct/2021:10:32:06 +0800] "GET /xingrg/all/function/internal_message.html?_=1635129123846&CODE_STATE=getMsg HTTP/1.1" 200 27
222.70.171.86 - - [25/Oct/2021:10:32:06 +0800] "GET /xingrg/kc/buy/cgsh_order_operate.html?command=get_materiel&rest_code=00146&code=00101015038&supplier_code=00100450&order_time=2021-10-25 HTTP/1.1" 200 419
116.227.210.113 - - [25/Oct/2021:10:32:07 +0800] "GET /xingrg/all/function/internal_message.html?_=1635129119012&CODE_STATE=getMsg HTTP/1.1" 200 27
114.83.216.72 - - [25/Oct/2021:10:32:08 +0800] "GET /xingrg/kc/base/wldb_order_operate.html?command=get_materiel&rest_code=00149&base_code=0010394&code=00101019184 HTTP/1.1" 200 442
124.78.153.86 - - [25/Oct/2021:10:32:09 +0800] "POST /xingrg/dwr/call/plaincall/AjaxQqpsService.saveOrder.dwr HTTP/1.1" 200 78
58.35.196.122 - - [25/Oct/2021:10:32:09 +0800] "POST /xingrg/services/DataTransmitService HTTP/1.1" 200 524
58.35.196.122 - - [25/Oct/2021:10:32:09 +0800] "POST /xingrg/services/DataTransmitService HTTP/1.1" 200 501
222.70.171.86 - - [25/Oct/2021:10:32:11 +0800] "GET /xingrg/all/function/internal_message.html?_=1635129132596&CODE_STATE=getMsg HTTP/1.1" 200 27
114.83.216.72 - - [25/Oct/2021:10:32:11 +0800] "GET /xingrg/kc/base/wldb_order_operate.html?command=get_materiel&rest_code=00149&base_code=0010394&code=00101019400 HTTP/1.1" 200 450
124.78.153.86 - - [25/Oct/2021:10:32:15 +0800] "GET /xingrg/kc/buy/buy_main.html HTTP/1.1" 200 12412
124.78.153.86 - - [25/Oct/2021:10:32:15 +0800] "GET /xingrg/css/new_ie.css HTTP/1.1" 404 1036
124.78.153.86 - - [25/Oct/2021:10:32:17 +0800] "GET /xingrg/kc/buy/cgsh_order_list.html HTTP/1.1" 200 48941
222.70.179.155 - - [25/Oct/2021:10:32:18 +0800] "GET /xingrg/all/function/internal_message.html?_=1635129138636&CODE_STATE=getMsg HTTP/1.1" 200 27
124.78.153.86 - - [25/Oct/2021:10:32:19 +0800] "POST /xingrg/kc/buy/cgsh_list_operate.html HTTP/1.1" 200 876
222.70.171.86 - - [25/Oct/2021:10:32:23 +0800] "GET /xingrg/kc/buy/cgsh_order_operate.html?command=get_materiel&rest_code=00146&code=00101015113&supplier_code=00100450&order_time=2021-10-25 HTTP/1.1" 200 403
124.78.153.86 - - [25/Oct/2021:10:32:23 +0800] "GET /xingrg/kc/buy/cgsh_order_add.html HTTP/1.1" 200 64685
124.78.153.86 - - [25/Oct/2021:10:32:24 +0800] "GET /xingrg/all/common/auto_word.html?type=employee&rest_code=00106 HTTP/1.1" 200 205
124.78.153.86 - - [25/Oct/2021:10:32:24 +0800] "GET /xingrg/all/common/auto_word.html?type=employee&rest_code=00106 HTTP/1.1" 200 205
124.78.153.86 - - [25/Oct/2021:10:32:24 +0800] "GET /xingrg/javascript/easyui/themes/default/validatebox.css HTTP/1.1" 404 1104
124.78.153.86 - - [25/Oct/2021:10:32:24 +0800] "POST /xingrg/kc/buy/cgsh_order_operate.html HTTP/1.1" 200 8245
114.83.216.72 - - [25/Oct/2021:10:32:25 +0800] "POST /xingrg/kc/base/wldb_order_operate.html HTTP/1.1" 200 37
114.83.216.72 - - [25/Oct/2021:10:32:26 +0800] "POST /xingrg/kc/base/wldb_order_operate.html HTTP/1.1" 200 5215
124.78.153.86 - - [25/Oct/2021:10:32:26 +0800] "GET /xingrg/javascript/easyui/themes/default/tree.css HTTP/1.1" 404 1090
124.78.153.86 - - [25/Oct/2021:10:32:26 +0800] "POST /xingrg/all/common/load_tree.html?tree=supplier_tree_json&isDelete=1 HTTP/1.1" 200 60167
114.83.216.72 - - [25/Oct/2021:10:32:30 +0800] "GET /xingrg/kc/base/wldb_order_info.html?code=422021102502553 HTTP/1.1" 200 30459
114.83.216.72 - - [25/Oct/2021:10:32:30 +0800] "GET /xingrg/javascript/easyui/themes/default/validatebox.css HTTP/1.1" 404 1104
114.83.216.72 - - [25/Oct/2021:10:32:31 +0800] "POST /xingrg/kc/base/wldb_order_operate.html HTTP/1.1" 200 5215
58.39.139.200 - - [25/Oct/2021:10:32:31 +0800] "GET /xingrg/all/function/internal_message.html?_=1635129152619&CODE_STATE=getMsg HTTP/1.1" 200 27
222.70.171.86 - - [25/Oct/2021:10:32:32 +0800] "GET /xingrg/kc/buy/cgsh_order_operate.html?command=get_materiel&rest_code=00146&code=00101015115&supplier_code=00100450&order_time=2021-10-25 HTTP/1.1" 200 399
114.83.216.72 - - [25/Oct/2021:10:32:33 +0800] "GET /xingrg/kc/base/wldb_order_add.html HTTP/1.1" 200 30444
114.83.216.72 - - [25/Oct/2021:10:32:33 +0800] "POST /xingrg/kc/base/wldb_order_operate.html HTTP/1.1" 200 6806
114.83.216.72 - - [25/Oct/2021:10:32:33 +0800] "GET /xingrg/javascript/easyui/themes/default/validatebox.css HTTP/1.1" 404 1104
180.169.147.146 - - [25/Oct/2021:10:32:34 +0800] "GET /xingrg/all/function/internal_message.html?_=1635129214314&CODE_STATE=getMsg HTTP/1.1" 200 27
114.83.216.72 - - [25/Oct/2021:10:32:40 +0800] "GET /xingrg/kc/base/wldb_order_operate.html?command=get_materiel&rest_code=00149&base_code=0010436&code=00101014041 HTTP/1.1" 200 436
124.78.153.86 - - [25/Oct/2021:10:32:43 +0800] "GET /xingrg/javascript/auto/indicator.gif HTTP/1.1" 404 1066
114.83.216.72 - - [25/Oct/2021:10:32:45 +0800] "GET /xingrg/all/function/internal_message.html?_=1635129165505&CODE_STATE=getMsg HTTP/1.1" 200 27
222.70.171.86 - - [25/Oct/2021:10:32:45 +0800] "GET /xingrg/kc/buy/cgsh_order_operate.html?command=get_materiel&rest_code=00146&code=00102014008&supplier_code=00100450&order_time=2021-10-25 HTTP/1.1" 200 409
114.85.125.222 - - [25/Oct/2021:10:32:47 +0800] "GET /xingrg/all/function/internal_message.html?_=1635129109336&CODE_STATE=getMsg HTTP/1.1" 200 27
124.78.153.86 - - [25/Oct/2021:10:32:47 +0800] "GET /xingrg/kc/buy/cgsh_order_operate.html?command=get_materiel&rest_code=00106&code=00101008256&supplier_code=00100007&order_time=2021-10-25 HTTP/1.1" 200 413
114.83.216.72 - - [25/Oct/2021:10:32:50 +0800] "POST /xingrg/kc/base/wldb_order_operate.html HTTP/1.1" 200 37
114.83.216.72 - - [25/Oct/2021:10:32:51 +0800] "POST /xingrg/kc/base/wldb_order_operate.html HTTP/1.1" 200 2185
114.83.216.72 - - [25/Oct/2021:10:32:51 +0800] "GET /xingrg/kc/base/wldb_order_info.html?code=422021102502554 HTTP/1.1" 200 30460
114.83.216.72 - - [25/Oct/2021:10:32:52 +0800] "GET /xingrg/javascript/easyui/themes/default/validatebox.css HTTP/1.1" 404 1104
114.83.216.72 - - [25/Oct/2021:10:32:52 +0800] "POST /xingrg/kc/base/wldb_order_operate.html HTTP/1.1" 200 2185
114.83.216.72 - - [25/Oct/2021:10:32:54 +0800] "GET /xingrg/kc/base/wldb_order_add.html HTTP/1.1" 200 30444
114.83.216.72 - - [25/Oct/2021:10:32:54 +0800] "POST /xingrg/kc/base/wldb_order_operate.html HTTP/1.1" 200 6806
114.83.216.72 - - [25/Oct/2021:10:32:54 +0800] "GET /xingrg/javascript/easyui/themes/default/validatebox.css HTTP/1.1" 404 1104
180.169.147.146 - - [25/Oct/2021:10:32:56 +0800] "GET /xingrg/all/function/internal_message.html?_=1635129176632&CODE_STATE=getMsg HTTP/1.1" 200 27
180.157.253.6 - - [25/Oct/2021:10:32:57 +0800] "GET /xingrg/all/function/internal_message.html?_=1635129177352&CODE_STATE=getMsg HTTP/1.1" 200 27
222.70.171.86 - - [25/Oct/2021:10:32:58 +0800] "POST /xingrg/kc/buy/cgsh_order_operate.html HTTP/1.1" 200 37
124.78.153.86 - - [25/Oct/2021:10:32:59 +0800] "GET /xingrg/kc/buy/cgsh_order_operate.html?command=get_materiel&rest_code=00106&code=00101008234&supplier_code=00100007&order_time=2021-10-25 HTTP/1.1" 200 408
124.78.153.86 - - [25/Oct/2021:10:32:59 +0800] "GET /xingrg/all/function/internal_message.html?_=1635129178623&CODE_STATE=getMsg HTTP/1.1" 200 27
101.91.60.88 - - [25/Oct/2021:10:33:00 +0800] "GET /xingrg/check_reg.html?_=1635129118614 HTTP/1.1" 302 -
114.83.216.72 - - [25/Oct/2021:10:33:00 +0800] "GET /xingrg/kc/base/wldb_order_operate.html?command=get_materiel&rest_code=00149&base_code=0010395&code=00102002150 HTTP/1.1" 200 433
101.91.60.88 - - [25/Oct/2021:10:33:01 +0800] "GET /xingrg/login.html HTTP/1.1" 200 7641
222.70.171.86 - - [25/Oct/2021:10:33:01 +0800] "POST /xingrg/kc/buy/cgsh_order_operate.html HTTP/1.1" 200 4435
222.70.171.86 - - [25/Oct/2021:10:33:04 +0800] "GET /xingrg/kc/print/load_data.html?order_code=212021102511032&kc_code=cgsh&condition= HTTP/1.1" 200 1374
114.83.216.72 - - [25/Oct/2021:10:33:05 +0800] "GET /xingrg/kc/base/wldb_order_operate.html?command=get_materiel&rest_code=00149&base_code=0010395&code=00102002448 HTTP/1.1" 200 426
101.85.106.134 - - [25/Oct/2021:10:33:05 +0800] "GET /xingrg/all/function/internal_message.html?_=1635129183854&CODE_STATE=getMsg HTTP/1.1" 200 27
116.238.248.233 - - [25/Oct/2021:10:33:06 +0800] "GET /xingrg/all/function/internal_message.html?_=1635129183846&CODE_STATE=getMsg HTTP/1.1" 200 27
124.78.153.86 - - [25/Oct/2021:10:33:07 +0800] "GET /xingrg/kc/buy/cgsh_order_operate.html?command=get_materiel&rest_code=00106&code=00101008155&supplier_code=00100007&order_time=2021-10-25 HTTP/1.1" 200 408
116.227.210.113 - - [25/Oct/2021:10:33:07 +0800] "GET /xingrg/all/function/internal_message.html?_=1635129179016&CODE_STATE=getMsg HTTP/1.1" 200 27
116.227.210.113 - - [25/Oct/2021:10:33:07 +0800] "GET /xingrg/check_reg.html?_=1635129179018 HTTP/1.1" 200 22
222.70.171.86 - - [25/Oct/2021:10:33:07 +0800] "GET /xingrg/check_reg.html?_=1635129188957 HTTP/1.1" 200 22
222.70.171.86 - - [25/Oct/2021:10:33:11 +0800] "GET /xingrg/all/function/internal_message.html?_=1635129192608&CODE_STATE=getMsg HTTP/1.1" 200 27
114.83.216.72 - - [25/Oct/2021:10:33:14 +0800] "POST /xingrg/kc/base/wldb_order_operate.html HTTP/1.1" 200 37
114.83.216.72 - - [25/Oct/2021:10:33:15 +0800] "POST /xingrg/kc/base/wldb_order_operate.html HTTP/1.1" 200 2677
114.83.216.72 - - [25/Oct/2021:10:33:15 +0800] "GET /xingrg/kc/base/wldb_order_info.html?code=422021102502555 HTTP/1.1" 200 30458
114.83.216.72 - - [25/Oct/2021:10:33:15 +0800] "GET /xingrg/javascript/easyui/themes/default/validatebox.css HTTP/1.1" 404 1104
114.83.216.72 - - [25/Oct/2021:10:33:16 +0800] "POST /xingrg/kc/base/wldb_order_operate.html HTTP/1.1" 200 2677
124.78.153.86 - - [25/Oct/2021:10:33:16 +0800] "GET /xingrg/kc/buy/cgsh_order_operate.html?command=get_materiel&rest_code=00106&code=00101008351&supplier_code=00100007&order_time=2021-10-25 HTTP/1.1" 200 408
61.151.178.165 - - [25/Oct/2021:10:33:17 +0800] "GET /xingrg/kc/buy/cgsh_order_list.html HTTP/1.1" 302 -
114.83.216.72 - - [25/Oct/2021:10:33:18 +0800] "GET /xingrg/kc/base/wldb_order_add.html HTTP/1.1" 200 30444
114.83.216.72 - - [25/Oct/2021:10:33:18 +0800] "POST /xingrg/kc/base/wldb_order_operate.html HTTP/1.1" 200 6806
114.83.216.72 - - [25/Oct/2021:10:33:18 +0800] "GET /xingrg/javascript/easyui/themes/default/validatebox.css HTTP/1.1" 404 1104
222.70.179.155 - - [25/Oct/2021:10:33:18 +0800] "GET /xingrg/all/function/internal_message.html?_=1635129198636&CODE_STATE=getMsg HTTP/1.1" 200 27
61.151.178.165 - - [25/Oct/2021:10:33:18 +0800] "GET /xingrg/login.html HTTP/1.1" 200 7641
58.37.227.186 - - [25/Oct/2021:10:33:19 +0800] "GET /xingrg/check_reg.html?_=1635129042481 HTTP/1.1" 200 22
101.89.239.120 - - [25/Oct/2021:10:33:23 +0800] "GET /xingrg/kc/buy/cgsh_order_add.html HTTP/1.1" 302 -
101.89.239.120 - - [25/Oct/2021:10:33:23 +0800] "GET /xingrg/login.html HTTP/1.1" 200 7641
61.151.178.163 - - [25/Oct/2021:10:33:24 +0800] "GET /xingrg/all/common/auto_word.html?type=employee&rest_code=00106 HTTP/1.1" 302 -
61.151.178.163 - - [25/Oct/2021:10:33:24 +0800] "GET /xingrg/login.html HTTP/1.1" 200 7641
114.83.216.72 - - [25/Oct/2021:10:33:26 +0800] "GET /xingrg/kc/base/wldb_order_operate.html?command=get_materiel&rest_code=00149&base_code=0010403&code=00101010237 HTTP/1.1" 200 432
124.78.153.86 - - [25/Oct/2021:10:33:26 +0800] "GET /xingrg/kc/buy/cgsh_order_operate.html?command=get_materiel&rest_code=00106&code=00101008264&supplier_code=00100007&order_time=2021-10-25 HTTP/1.1" 200 412
180.157.253.6 - - [25/Oct/2021:10:33:31 +0800] "GET /favicon.ico HTTP/1.1" 404 -
58.39.139.200 - - [25/Oct/2021:10:33:31 +0800] "GET /xingrg/all/function/internal_message.html?_=1635129212644&CODE_STATE=getMsg HTTP/1.1" 200 27
180.169.147.146 - - [25/Oct/2021:10:33:34 +0800] "GET /xingrg/all/function/internal_message.html?_=1635129274292&CODE_STATE=getMsg HTTP/1.1" 200 27
222.70.171.86 - - [25/Oct/2021:10:33:34 +0800] "GET /xingrg/kc/buy/cgsh_order_add.html HTTP/1.1" 200 64685
222.70.171.86 - - [25/Oct/2021:10:33:35 +0800] "POST /xingrg/kc/buy/cgsh_order_operate.html HTTP/1.1" 200 8245
222.70.171.86 - - [25/Oct/2021:10:33:35 +0800] "GET /xingrg/javascript/easyui/themes/default/validatebox.css HTTP/1.1" 404 1104
114.83.216.72 - - [25/Oct/2021:10:33:36 +0800] "POST /xingrg/kc/base/wldb_order_operate.html HTTP/1.1" 200 37
114.83.216.72 - - [25/Oct/2021:10:33:37 +0800] "POST /xingrg/kc/base/wldb_order_operate.html HTTP/1.1" 200 2182
114.83.216.72 - - [25/Oct/2021:10:33:37 +0800] "GET /xingrg/kc/base/wldb_order_info.html?code=422021102502556 HTTP/1.1" 200 30452
114.83.216.72 - - [25/Oct/2021:10:33:38 +0800] "GET /xingrg/javascript/easyui/themes/default/validatebox.css HTTP/1.1" 404 1104
114.83.216.72 - - [25/Oct/2021:10:33:38 +0800] "POST /xingrg/kc/base/wldb_order_operate.html HTTP/1.1" 200 2182
124.78.153.86 - - [25/Oct/2021:10:33:39 +0800] "GET /xingrg/kc/buy/cgsh_order_operate.html?command=get_materiel&rest_code=00106&code=00101008024&supplier_code=00100007&order_time=2021-10-25 HTTP/1.1" 200 408
114.83.216.72 - - [25/Oct/2021:10:33:40 +0800] "GET /xingrg/kc/base/wldb_order_add.html HTTP/1.1" 200 30444
114.83.216.72 - - [25/Oct/2021:10:33:40 +0800] "POST /xingrg/kc/base/wldb_order_operate.html HTTP/1.1" 200 6806
114.83.216.72 - - [25/Oct/2021:10:33:40 +0800] "GET /xingrg/javascript/easyui/themes/default/validatebox.css HTTP/1.1" 404 1104
114.83.216.72 - - [25/Oct/2021:10:33:45 +0800] "GET /xingrg/all/function/internal_message.html?_=1635129225479&CODE_STATE=getMsg HTTP/1.1" 200 27
101.89.239.120 - - [25/Oct/2021:10:33:45 +0800] "GET /xingrg/kc/buy/cgsh_order_operate.html?command=get_materiel&rest_code=00106&code=00101008256&supplier_code=00100007&order_time=2021-10-25 HTTP/1.1" 302 -
101.89.239.120 - - [25/Oct/2021:10:33:45 +0800] "GET /xingrg/login.html HTTP/1.1" 200 7641
114.85.125.222 - - [25/Oct/2021:10:33:46 +0800] "GET /xingrg/check_reg.html?_=1635129168166 HTTP/1.1" 200 22
114.83.216.72 - - [25/Oct/2021:10:33:46 +0800] "GET /xingrg/kc/base/wldb_order_operate.html?command=get_materiel&rest_code=00149&base_code=0010403&code=00101007077 HTTP/1.1" 200 437
114.85.125.222 - - [25/Oct/2021:10:33:47 +0800] "GET /xingrg/all/function/internal_message.html?_=1635129169350&CODE_STATE=getMsg HTTP/1.1" 200 27
124.78.153.86 - - [25/Oct/2021:10:33:48 +0800] "GET /xingrg/kc/buy/cgsh_order_operate.html?command=get_materiel&rest_code=00106&code=00101008356&supplier_code=00100007&order_time=2021-10-25 HTTP/1.1" 200 408
222.70.171.86 - - [25/Oct/2021:10:33:48 +0800] "GET /xingrg/kc/buy/cgsh_order_operate.html?command=get_materiel&rest_code=00146&code=00101010237&supplier_code=00100033&order_time=2021-10-25 HTTP/1.1" 200 433
180.169.147.146 - - [25/Oct/2021:10:33:55 +0800] "GET /xingrg/check_reg.html?_=1635129295154 HTTP/1.1" 200 22
124.78.153.86 - - [25/Oct/2021:10:33:56 +0800] "GET /xingrg/kc/buy/cgsh_order_operate.html?command=get_materiel&rest_code=00106&code=00101008360&supplier_code=00100007&order_time=2021-10-25 HTTP/1.1" 200 413
180.169.147.146 - - [25/Oct/2021:10:33:56 +0800] "GET /xingrg/all/function/internal_message.html?_=1635129236632&CODE_STATE=getMsg HTTP/1.1" 200 27
180.157.253.6 - - [25/Oct/2021:10:33:57 +0800] "GET /xingrg/all/function/internal_message.html?_=1635129237352&CODE_STATE=getMsg HTTP/1.1" 200 27
114.83.216.72 - - [25/Oct/2021:10:33:58 +0800] "POST /xingrg/kc/base/wldb_order_operate.html HTTP/1.1" 200 37
61.151.178.165 - - [25/Oct/2021:10:33:59 +0800] "GET /xingrg/all/function/internal_message.html?_=1635129178623&CODE_STATE=getMsg HTTP/1.1" 302 -
61.151.178.165 - - [25/Oct/2021:10:33:59 +0800] "GET /xingrg/login.html HTTP/1.1" 200 7641
114.83.216.72 - - [25/Oct/2021:10:33:59 +0800] "POST /xingrg/kc/base/wldb_order_operate.html HTTP/1.1" 200 2189
114.83.216.72 - - [25/Oct/2021:10:33:59 +0800] "GET /xingrg/kc/base/wldb_order_info.html?code=422021102502557 HTTP/1.1" 200 30454
124.78.153.86 - - [25/Oct/2021:10:33:59 +0800] "GET /xingrg/all/function/internal_message.html?_=1635129238636&CODE_STATE=getMsg HTTP/1.1" 200 27
114.83.216.72 - - [25/Oct/2021:10:33:59 +0800] "GET /xingrg/javascript/easyui/themes/default/validatebox.css HTTP/1.1" 404 1104
114.83.216.72 - - [25/Oct/2021:10:34:00 +0800] "POST /xingrg/kc/base/wldb_order_operate.html HTTP/1.1" 200 2189
124.78.153.86 - - [25/Oct/2021:10:34:04 +0800] "GET /xingrg/kc/buy/cgsh_order_operate.html?command=get_materiel&rest_code=00106&code=00101008312&supplier_code=00100007&order_time=2021-10-25 HTTP/1.1" 200 412
61.151.207.205 - - [25/Oct/2021:10:34:04 +0800] "GET /xingrg/kc/buy/cgsh_order_operate.html?command=get_materiel&rest_code=00106&code=00101008155&supplier_code=00100007&order_time=2021-10-25 HTTP/1.1" 302 -
61.151.207.205 - - [25/Oct/2021:10:34:04 +0800] "GET /xingrg/login.html HTTP/1.1" 200 7641
101.85.106.134 - - [25/Oct/2021:10:34:05 +0800] "GET /xingrg/all/function/internal_message.html?_=1635129243853&CODE_STATE=getMsg HTTP/1.1" 200 27
116.238.248.233 - - [25/Oct/2021:10:34:06 +0800] "GET /xingrg/all/function/internal_message.html?_=1635129243834&CODE_STATE=getMsg HTTP/1.1" 200 27
116.227.210.113 - - [25/Oct/2021:10:34:07 +0800] "GET /xingrg/all/function/internal_message.html?_=1635129239006&CODE_STATE=getMsg HTTP/1.1" 200 27
222.70.171.86 - - [25/Oct/2021:10:34:11 +0800] "GET /xingrg/all/function/internal_message.html?_=1635129252621&CODE_STATE=getMsg HTTP/1.1" 200 27
222.70.171.86 - - [25/Oct/2021:10:34:12 +0800] "GET /xingrg/kc/buy/cgsh_order_operate.html?command=get_materiel&rest_code=00146&code=00101016105&supplier_code=00100033&order_time=2021-10-25 HTTP/1.1" 200 409
124.78.153.86 - - [25/Oct/2021:10:34:13 +0800] "GET /xingrg/kc/buy/cgsh_order_operate.html?command=get_materiel&rest_code=00106&code=00101008286&supplier_code=00100007&order_time=2021-10-25 HTTP/1.1" 200 408
114.83.216.72 - - [25/Oct/2021:10:34:18 +0800] "GET /xingrg/kc/base/wldb_order_add.html HTTP/1.1" 200 30444
222.70.179.155 - - [25/Oct/2021:10:34:18 +0800] "GET /xingrg/all/function/internal_message.html?_=1635129258635&CODE_STATE=getMsg HTTP/1.1" 200 27
114.83.216.72 - - [25/Oct/2021:10:34:18 +0800] "POST /xingrg/kc/base/wldb_order_operate.html HTTP/1.1" 200 6806
114.83.216.72 - - [25/Oct/2021:10:34:19 +0800] "GET /xingrg/javascript/easyui/themes/default/validatebox.css HTTP/1.1" 404 1104
116.227.210.113 - - [25/Oct/2021:10:34:20 +0800] "POST /xingrg/services/DataTransmitService HTTP/1.1" 200 524
124.78.153.86 - - [25/Oct/2021:10:34:21 +0800] "GET /xingrg/kc/buy/cgsh_order_operate.html?command=get_materiel&rest_code=00106&code=00101008131&supplier_code=00100007&order_time=2021-10-25 HTTP/1.1" 200 408
222.70.171.86 - - [25/Oct/2021:10:34:23 +0800] "GET /xingrg/kc/buy/cgsh_order_operate.html?command=get_materiel&rest_code=00146&code=00101011007&supplier_code=00100033&order_time=2021-10-25 HTTP/1.1" 200 414
114.83.216.72 - - [25/Oct/2021:10:34:30 +0800] "GET /xingrg/kc/base/wldb_order_operate.html?command=get_materiel&rest_code=00149&base_code=0010400&code=00101001135 HTTP/1.1" 200 434
124.78.153.86 - - [25/Oct/2021:10:34:31 +0800] "POST /xingrg/kc/buy/cgsh_order_operate.html HTTP/1.1" 200 37
58.39.139.200 - - [25/Oct/2021:10:34:31 +0800] "GET /xingrg/check_reg.html?_=1635129272646 HTTP/1.1" 200 22
58.39.139.200 - - [25/Oct/2021:10:34:31 +0800] "GET /xingrg/all/function/internal_message.html?_=1635129272649&CODE_STATE=getMsg HTTP/1.1" 200 27
124.78.153.86 - - [25/Oct/2021:10:34:32 +0800] "POST /xingrg/kc/buy/cgsh_order_operate.html HTTP/1.1" 200 8557
180.169.147.146 - - [25/Oct/2021:10:34:34 +0800] "GET /xingrg/all/function/internal_message.html?_=1635129334267&CODE_STATE=getMsg HTTP/1.1" 200 27
222.70.171.86 - - [25/Oct/2021:10:34:34 +0800] "GET /xingrg/kc/buy/cgsh_order_operate.html?command=get_materiel&rest_code=00146&code=00101016080&supplier_code=00100033&order_time=2021-10-25 HTTP/1.1" 200 408
114.83.216.72 - - [25/Oct/2021:10:34:37 +0800] "GET /xingrg/kc/base/wldb_order_operate.html?command=get_materiel&rest_code=00149&base_code=0010400&code=00101001136 HTTP/1.1" 200 434
61.151.179.84 - - [25/Oct/2021:10:34:37 +0800] "GET /xingrg/kc/buy/cgsh_order_operate.html?command=get_materiel&rest_code=00106&code=00101008024&supplier_code=00100007&order_time=2021-10-25 HTTP/1.1" 302 -
61.151.179.84 - - [25/Oct/2021:10:34:38 +0800] "GET /xingrg/login.html HTTP/1.1" 200 7641
114.83.216.72 - - [25/Oct/2021:10:34:43 +0800] "GET /xingrg/kc/base/wldb_order_add.html HTTP/1.1" 200 30444
114.83.216.72 - - [25/Oct/2021:10:34:44 +0800] "POST /xingrg/kc/base/wldb_order_operate.html HTTP/1.1" 200 6806
114.83.216.72 - - [25/Oct/2021:10:34:44 +0800] "GET /xingrg/javascript/easyui/themes/default/validatebox.css HTTP/1.1" 404 1104
114.83.216.72 - - [25/Oct/2021:10:34:45 +0800] "GET /xingrg/all/function/internal_message.html?_=1635129285479&CODE_STATE=getMsg HTTP/1.1" 200 27
114.85.125.222 - - [25/Oct/2021:10:34:47 +0800] "GET /xingrg/all/function/internal_message.html?_=1635129229364&CODE_STATE=getMsg HTTP/1.1" 200 27
114.83.216.72 - - [25/Oct/2021:10:34:51 +0800] "GET /xingrg/kc/base/wldb_order_operate.html?command=get_materiel&rest_code=00149&base_code=0010400&code=00101004011 HTTP/1.1" 200 437
222.70.171.86 - - [25/Oct/2021:10:34:54 +0800] "GET /xingrg/kc/buy/cgsh_order_operate.html?command=get_materiel&rest_code=00146&code=00101016025&supplier_code=00100033&order_time=2021-10-25 HTTP/1.1" 200 408
180.169.147.146 - - [25/Oct/2021:10:34:56 +0800] "GET /xingrg/all/function/internal_message.html?_=1635129296632&CODE_STATE=getMsg HTTP/1.1" 200 27
180.157.253.6 - - [25/Oct/2021:10:34:57 +0800] "GET /xingrg/all/function/internal_message.html?_=1635129297351&CODE_STATE=getMsg HTTP/1.1" 200 27
124.78.153.86 - - [25/Oct/2021:10:34:59 +0800] "GET /xingrg/all/function/internal_message.html?_=1635129298624&CODE_STATE=getMsg HTTP/1.1" 200 27
114.83.216.72 - - [25/Oct/2021:10:35:05 +0800] "POST /xingrg/kc/base/wldb_order_operate.html HTTP/1.1" 200 37
114.83.216.72 - - [25/Oct/2021:10:35:05 +0800] "POST /xingrg/kc/base/wldb_order_operate.html HTTP/1.1" 200 2187
101.85.106.134 - - [25/Oct/2021:10:35:06 +0800] "GET /xingrg/all/function/internal_message.html?_=1635129303852&CODE_STATE=getMsg HTTP/1.1" 200 27
114.83.216.72 - - [25/Oct/2021:10:35:06 +0800] "GET /xingrg/kc/base/wldb_order_info.html?code=422021102502558 HTTP/1.1" 200 30457
116.238.248.233 - - [25/Oct/2021:10:35:06 +0800] "GET /xingrg/all/function/internal_message.html?_=1635129303850&CODE_STATE=getMsg HTTP/1.1" 200 27
114.83.216.72 - - [25/Oct/2021:10:35:06 +0800] "GET /xingrg/javascript/easyui/themes/default/validatebox.css HTTP/1.1" 404 1104
114.83.216.72 - - [25/Oct/2021:10:35:06 +0800] "POST /xingrg/kc/base/wldb_order_operate.html HTTP/1.1" 200 2187
116.227.210.113 - - [25/Oct/2021:10:35:07 +0800] "GET /xingrg/all/function/internal_message.html?_=1635129299017&CODE_STATE=getMsg HTTP/1.1" 200 27
222.70.171.86 - - [25/Oct/2021:10:35:09 +0800] "GET /xingrg/kc/buy/cgsh_order_operate.html?command=get_materiel&rest_code=00146&code=00101012025&supplier_code=00100033&order_time=2021-10-25 HTTP/1.1" 200 412
61.151.178.163 - - [25/Oct/2021:10:35:11 +0800] "GET /xingrg/kc/buy/cgsh_order_operate.html?command=get_materiel&rest_code=00106&code=00101008286&supplier_code=00100007&order_time=2021-10-25 HTTP/1.1" 302 -
222.70.171.86 - - [25/Oct/2021:10:35:11 +0800] "GET /xingrg/all/function/internal_message.html?_=1635129312642&CODE_STATE=getMsg HTTP/1.1" 200 27
61.151.178.163 - - [25/Oct/2021:10:35:11 +0800] "GET /xingrg/login.html HTTP/1.1" 200 7641
222.70.179.155 - - [25/Oct/2021:10:35:18 +0800] "GET /xingrg/all/function/internal_message.html?_=1635129318635&CODE_STATE=getMsg HTTP/1.1" 200 27
222.70.171.86 - - [25/Oct/2021:10:35:20 +0800] "GET /xingrg/kc/buy/cgsh_order_operate.html?command=get_materiel&rest_code=00146&code=00101012029&supplier_code=00100033&order_time=2021-10-25 HTTP/1.1" 200 412
58.39.139.200 - - [25/Oct/2021:10:35:29 +0800] "GET /xingrg/kc/base/wldb_order_list.html HTTP/1.1" 200 19224
58.39.139.200 - - [25/Oct/2021:10:35:29 +0800] "POST /xingrg/kc/base/wldb_list_operate.html HTTP/1.1" 200 928
58.39.139.200 - - [25/Oct/2021:10:35:30 +0800] "GET /xingrg/kc/base/wldb_order_add.html HTTP/1.1" 200 30438
58.39.139.200 - - [25/Oct/2021:10:35:30 +0800] "GET /xingrg/words/20211024174750_words.js HTTP/1.1" 304 -
58.39.139.200 - - [25/Oct/2021:10:35:31 +0800] "POST /xingrg/kc/base/wldb_order_operate.html HTTP/1.1" 200 6806
58.39.139.200 - - [25/Oct/2021:10:35:31 +0800] "GET /xingrg/all/common/auto_word.html?type=base&rest_code=00105 HTTP/1.1" 200 1811
58.39.139.200 - - [25/Oct/2021:10:35:31 +0800] "GET /xingrg/all/common/auto_word.html?type=base&rest_code=00105 HTTP/1.1" 200 1811
58.39.139.200 - - [25/Oct/2021:10:35:31 +0800] "GET /xingrg/javascript/easyui/themes/default/validatebox.css HTTP/1.1" 404 1104
58.39.139.200 - - [25/Oct/2021:10:35:31 +0800] "GET /xingrg/all/function/internal_message.html?_=1635129332649&CODE_STATE=getMsg HTTP/1.1" 200 27
114.83.216.72 - - [25/Oct/2021:10:35:32 +0800] "POST /xingrg/kc/base/wldb_list_operate.html HTTP/1.1" 200 4582
180.169.147.146 - - [25/Oct/2021:10:35:34 +0800] "GET /xingrg/all/function/internal_message.html?_=1635129394237&CODE_STATE=getMsg HTTP/1.1" 200 27
58.39.139.200 - - [25/Oct/2021:10:35:42 +0800] "GET /xingrg/kc/base/wldb_order_operate.html?command=get_materiel&rest_code=00105&base_code=0010517&code=00101019373 HTTP/1.1" 200 451
222.70.171.86 - - [25/Oct/2021:10:35:43 +0800] "POST /xingrg/kc/buy/cgsh_order_operate.html HTTP/1.1" 200 37
114.83.216.72 - - [25/Oct/2021:10:35:45 +0800] "GET /xingrg/all/function/internal_message.html?_=1635129345452&CODE_STATE=getMsg HTTP/1.1" 200 27
222.70.171.86 - - [25/Oct/2021:10:35:46 +0800] "POST /xingrg/kc/buy/cgsh_order_operate.html HTTP/1.1" 200 6193
58.39.139.200 - - [25/Oct/2021:10:35:46 +0800] "POST /xingrg/kc/base/wldb_order_operate.html HTTP/1.1" 200 37
58.39.139.200 - - [25/Oct/2021:10:35:47 +0800] "POST /xingrg/kc/base/wldb_order_operate.html HTTP/1.1" 200 2205
58.39.139.200 - - [25/Oct/2021:10:35:47 +0800] "GET /xingrg/kc/base/wldb_order_info.html?code=422021102502559 HTTP/1.1" 200 30444
114.85.125.222 - - [25/Oct/2021:10:35:47 +0800] "GET /xingrg/all/function/internal_message.html?_=1635129289377&CODE_STATE=getMsg HTTP/1.1" 200 27
58.39.139.200 - - [25/Oct/2021:10:35:47 +0800] "GET /xingrg/javascript/easyui/themes/default/validatebox.css HTTP/1.1" 404 1104
222.70.171.86 - - [25/Oct/2021:10:35:48 +0800] "GET /xingrg/kc/print/load_data.html?order_code=212021102511034&kc_code=cgsh&condition= HTTP/1.1" 200 2058
58.39.139.200 - - [25/Oct/2021:10:35:49 +0800] "POST /xingrg/kc/base/wldb_order_operate.html HTTP/1.1" 200 2205
180.169.147.146 - - [25/Oct/2021:10:35:50 +0800] "GET /xingrg/kc/buy/buy_main.html HTTP/1.1" 200 12412
180.169.147.146 - - [25/Oct/2021:10:35:50 +0800] "GET /xingrg/css/new_ie.css HTTP/1.1" 404 1036
180.169.147.146 - - [25/Oct/2021:10:35:54 +0800] "GET /xingrg/kc/base/base_main.html HTTP/1.1" 200 12142
58.39.139.200 - - [25/Oct/2021:10:35:56 +0800] "GET /xingrg/kc/base/wldb_order_add.html HTTP/1.1" 200 30438
180.169.147.146 - - [25/Oct/2021:10:35:56 +0800] "GET /xingrg/kc/base/kc_stocks.html HTTP/1.1" 200 16443
58.39.139.200 - - [25/Oct/2021:10:35:56 +0800] "POST /xingrg/kc/base/wldb_order_operate.html HTTP/1.1" 200 6806
58.39.139.200 - - [25/Oct/2021:10:35:56 +0800] "GET /xingrg/javascript/easyui/themes/default/validatebox.css HTTP/1.1" 404 1104
180.169.147.146 - - [25/Oct/2021:10:35:56 +0800] "GET /xingrg/check_reg.html?_=1635129356633 HTTP/1.1" 200 22
180.169.147.146 - - [25/Oct/2021:10:35:56 +0800] "GET /xingrg/all/function/internal_message.html?_=1635129356635&CODE_STATE=getMsg HTTP/1.1" 200 27
180.169.147.146 - - [25/Oct/2021:10:35:56 +0800] "GET /xingrg/javascript/easyui/themes/default/tree.css HTTP/1.1" 404 1090
180.169.147.146 - - [25/Oct/2021:10:35:57 +0800] "GET /xingrg/all/common/auto_word.html?type=base&rest_code=00155 HTTP/1.1" 200 1707
180.169.147.146 - - [25/Oct/2021:10:35:57 +0800] "POST /xingrg/all/common/load_tree.html?tree=materiel_sort_tree_json HTTP/1.1" 200 8912
58.39.139.200 - - [25/Oct/2021:10:35:57 +0800] "POST /xingrg/all/common/load_combo.html?type=base HTTP/1.1" 200 3236
114.83.216.72 - - [25/Oct/2021:10:35:57 +0800] "POST /xingrg/kc/base/wldb_list_operate.html HTTP/1.1" 200 4
180.157.253.6 - - [25/Oct/2021:10:35:57 +0800] "GET /xingrg/all/function/internal_message.html?_=1635129357377&CODE_STATE=getMsg HTTP/1.1" 200 27
124.78.153.86 - - [25/Oct/2021:10:35:59 +0800] "GET /xingrg/all/function/internal_message.html?_=1635129358624&CODE_STATE=getMsg HTTP/1.1" 200 27
180.169.147.146 - - [25/Oct/2021:10:35:59 +0800] "POST /xingrg/kc/base/stock_operate.html HTTP/1.1" 200 4171
180.169.147.146 - - [25/Oct/2021:10:36:01 +0800] "POST /xingrg/all/common/load_combo.html?type=base HTTP/1.1" 200 3057
180.169.147.146 - - [25/Oct/2021:10:36:05 +0800] "POST /xingrg/kc/base/stock_operate.html HTTP/1.1" 200 4112
101.85.106.134 - - [25/Oct/2021:10:36:05 +0800] "GET /xingrg/all/function/internal_message.html?_=1635129363851&CODE_STATE=getMsg HTTP/1.1" 200 27
116.238.248.233 - - [25/Oct/2021:10:36:06 +0800] "GET /xingrg/all/function/internal_message.html?_=1635129363855&CODE_STATE=getMsg HTTP/1.1" 200 27
114.83.216.72 - - [25/Oct/2021:10:36:06 +0800] "POST /xingrg/kc/base/wldb_list_operate.html HTTP/1.1" 200 928
116.227.210.113 - - [25/Oct/2021:10:36:07 +0800] "GET /xingrg/all/function/internal_message.html?_=1635129359012&CODE_STATE=getMsg HTTP/1.1" 200 27
222.70.171.86 - - [25/Oct/2021:10:36:10 +0800] "GET /xingrg/kc/buy/cgsh_order_add.html HTTP/1.1" 200 64685
222.70.171.86 - - [25/Oct/2021:10:36:11 +0800] "POST /xingrg/kc/buy/cgsh_order_operate.html HTTP/1.1" 200 8245
222.70.171.86 - - [25/Oct/2021:10:36:11 +0800] "GET /xingrg/all/function/internal_message.html?_=1635129372813&CODE_STATE=getMsg HTTP/1.1" 200 27
222.70.171.86 - - [25/Oct/2021:10:36:11 +0800] "GET /xingrg/javascript/easyui/themes/default/validatebox.css HTTP/1.1" 404 1104
222.70.179.155 - - [25/Oct/2021:10:36:18 +0800] "GET /xingrg/all/function/internal_message.html?_=1635129378633&CODE_STATE=getMsg HTTP/1.1" 200 27
222.70.179.155 - - [25/Oct/2021:10:36:18 +0800] "GET /xingrg/check_reg.html?_=1635129378634 HTTP/1.1" 200 22
180.169.147.146 - - [25/Oct/2021:10:36:27 +0800] "GET /xingrg/images/yd/bt.gif HTTP/1.1" 404 1040
222.70.171.86 - - [25/Oct/2021:10:36:30 +0800] "GET /xingrg/kc/buy/cgsh_order_operate.html?command=get_materiel&rest_code=00146&code=00101007049&supplier_code=00100002&order_time=2021-10-25 HTTP/1.1" 200 409
180.169.147.146 - - [25/Oct/2021:10:36:31 +0800] "GET /xingrg/kc/base/base_main.html HTTP/1.1" 200 12142
58.39.139.200 - - [25/Oct/2021:10:36:31 +0800] "GET /xingrg/all/function/internal_message.html?_=1635129392699&CODE_STATE=getMsg HTTP/1.1" 200 27
180.169.147.146 - - [25/Oct/2021:10:36:34 +0800] "GET /xingrg/all/function/internal_message.html?_=1635129454218&CODE_STATE=getMsg HTTP/1.1" 200 27
180.169.147.146 - - [25/Oct/2021:10:36:38 +0800] "GET /xingrg/kc/base/cbtz_order_list.html HTTP/1.1" 200 9017
180.169.147.146 - - [25/Oct/2021:10:36:38 +0800] "GET /xingrg/dwr/interface/AjaxCbtzService.js HTTP/1.1" 200 13221
180.169.147.146 - - [25/Oct/2021:10:36:38 +0800] "GET /xingrg/dwr/interface/AjaxReportQueryService.js HTTP/1.1" 200 13203
180.169.147.146 - - [25/Oct/2021:10:36:38 +0800] "GET /xingrg/dwr/engine.js HTTP/1.1" 200 43631
58.39.139.200 - - [25/Oct/2021:10:36:38 +0800] "GET /xingrg/kc/base/wldb_order_operate.html?command=get_materiel&rest_code=00105&base_code=0010507&code=00101019133 HTTP/1.1" 200 466
180.169.147.146 - - [25/Oct/2021:10:36:41 +0800] "GET /xingrg/kc/base/cbtz_order_list.html?orderTime=month&startTime=2021-10-01&endTime=2021-10-31&baseCode=&state=&query=%C8%B7++%B6%A8 HTTP/1.1" 200 9102
180.169.147.146 - - [25/Oct/2021:10:36:41 +0800] "GET /xingrg/dwr/interface/AjaxCbtzService.js HTTP/1.1" 200 13221
180.169.147.146 - - [25/Oct/2021:10:36:41 +0800] "GET /xingrg/dwr/interface/AjaxReportQueryService.js HTTP/1.1" 200 13203
180.169.147.146 - - [25/Oct/2021:10:36:41 +0800] "GET /xingrg/dwr/engine.js HTTP/1.1" 200 43631
114.83.216.72 - - [25/Oct/2021:10:36:45 +0800] "GET /xingrg/all/function/internal_message.html?_=1635129405426&CODE_STATE=getMsg HTTP/1.1" 200 27
180.169.147.146 - - [25/Oct/2021:10:36:46 +0800] "GET /xingrg/kc/base/base_main.html HTTP/1.1" 200 12142
58.39.139.200 - - [25/Oct/2021:10:36:46 +0800] "GET /xingrg/kc/base/wldb_order_operate.html?command=get_materiel&rest_code=00105&base_code=0010507&code=00101019430 HTTP/1.1" 200 464
114.85.125.222 - - [25/Oct/2021:10:36:47 +0800] "GET /xingrg/all/function/internal_message.html?_=1635129349510&CODE_STATE=getMsg HTTP/1.1" 200 27
180.169.147.146 - - [25/Oct/2021:10:36:47 +0800] "GET /xingrg/kc/base/kc_stocks.html HTTP/1.1" 200 16443
180.169.147.146 - - [25/Oct/2021:10:36:48 +0800] "GET /xingrg/javascript/easyui/themes/default/tree.css HTTP/1.1" 404 1090
180.169.147.146 - - [25/Oct/2021:10:36:48 +0800] "POST /xingrg/all/common/load_tree.html?tree=materiel_sort_tree_json HTTP/1.1" 200 8912
180.169.147.146 - - [25/Oct/2021:10:36:50 +0800] "POST /xingrg/all/common/load_combo.html?type=base HTTP/1.1" 200 3057
58.39.139.200 - - [25/Oct/2021:10:36:52 +0800] "POST /xingrg/kc/base/wldb_order_operate.html HTTP/1.1" 200 37
58.39.139.200 - - [25/Oct/2021:10:36:53 +0800] "POST /xingrg/kc/base/wldb_order_operate.html HTTP/1.1" 200 2732
180.169.147.146 - - [25/Oct/2021:10:36:56 +0800] "POST /xingrg/kc/base/stock_operate.html HTTP/1.1" 200 4015
180.169.147.146 - - [25/Oct/2021:10:36:56 +0800] "GET /xingrg/all/function/internal_message.html?_=1635129416634&CODE_STATE=getMsg HTTP/1.1" 200 27
180.157.253.6 - - [25/Oct/2021:10:36:57 +0800] "GET /xingrg/all/function/internal_message.html?_=1635129417376&CODE_STATE=getMsg HTTP/1.1" 200 27
180.157.253.6 - - [25/Oct/2021:10:36:57 +0800] "GET /xingrg/check_reg.html?_=1635129417691 HTTP/1.1" 200 22
114.83.216.72 - - [25/Oct/2021:10:36:58 +0800] "GET /xingrg/check_reg.html?_=1635129418361 HTTP/1.1" 200 22
124.78.153.86 - - [25/Oct/2021:10:36:59 +0800] "GET /xingrg/check_reg.html?_=1635129418630 HTTP/1.1" 200 22
124.78.153.86 - - [25/Oct/2021:10:36:59 +0800] "GET /xingrg/all/function/internal_message.html?_=1635129418627&CODE_STATE=getMsg HTTP/1.1" 200 27
101.91.62.89 - - [25/Oct/2021:10:37:00 +0800] "GET /xingrg/all/function/internal_message.html?_=1635129358624&CODE_STATE=getMsg HTTP/1.1" 302 -
180.169.147.146 - - [25/Oct/2021:10:37:01 +0800] "POST /xingrg/kc/base/stock_operate.html HTTP/1.1" 200 4202
101.91.62.89 - - [25/Oct/2021:10:37:01 +0800] "GET /xingrg/login.html HTTP/1.1" 200 7641
58.39.139.200 - - [25/Oct/2021:10:37:01 +0800] "GET /xingrg/kc/base/wldb_order_info.html?code=422021102502560 HTTP/1.1" 200 30452
58.39.139.200 - - [25/Oct/2021:10:37:02 +0800] "GET /xingrg/javascript/easyui/themes/default/validatebox.css HTTP/1.1" 404 1104
180.169.147.146 - - [25/Oct/2021:10:37:02 +0800] "POST /xingrg/kc/base/stock_operate.html HTTP/1.1" 200 4211
58.39.139.200 - - [25/Oct/2021:10:37:02 +0800] "POST /xingrg/kc/base/wldb_order_operate.html HTTP/1.1" 200 2732
180.169.147.146 - - [25/Oct/2021:10:37:03 +0800] "POST /xingrg/kc/base/stock_operate.html HTTP/1.1" 200 4211
58.39.139.200 - - [25/Oct/2021:10:37:04 +0800] "GET /xingrg/kc/base/wldb_order_add.html HTTP/1.1" 200 30438
58.39.139.200 - - [25/Oct/2021:10:37:04 +0800] "GET /xingrg/javascript/easyui/themes/default/validatebox.css HTTP/1.1" 404 1104
58.39.139.200 - - [25/Oct/2021:10:37:04 +0800] "POST /xingrg/kc/base/wldb_order_operate.html HTTP/1.1" 200 6806
180.169.147.146 - - [25/Oct/2021:10:37:04 +0800] "POST /xingrg/kc/base/stock_operate.html HTTP/1.1" 200 4211
58.39.139.200 - - [25/Oct/2021:10:37:05 +0800] "POST /xingrg/all/common/load_combo.html?type=base HTTP/1.1" 200 3236
180.169.147.146 - - [25/Oct/2021:10:37:05 +0800] "POST /xingrg/kc/base/stock_operate.html HTTP/1.1" 200 4211
101.85.106.134 - - [25/Oct/2021:10:37:06 +0800] "GET /xingrg/all/function/internal_message.html?_=1635129423863&CODE_STATE=getMsg HTTP/1.1" 200 27
101.85.106.134 - - [25/Oct/2021:10:37:06 +0800] "GET /xingrg/check_reg.html?_=1635129423866 HTTP/1.1" 200 22
116.238.248.233 - - [25/Oct/2021:10:37:06 +0800] "GET /xingrg/all/function/internal_message.html?_=1635129423855&CODE_STATE=getMsg HTTP/1.1" 200 27
116.238.248.233 - - [25/Oct/2021:10:37:06 +0800] "GET /xingrg/check_reg.html?_=1635129423860 HTTP/1.1" 200 22
116.227.210.113 - - [25/Oct/2021:10:37:07 +0800] "GET /xingrg/all/function/internal_message.html?_=1635129419024&CODE_STATE=getMsg HTTP/1.1" 200 27
180.169.147.146 - - [25/Oct/2021:10:37:08 +0800] "POST /xingrg/kc/base/stock_operate.html HTTP/1.1" 200 4133
180.169.147.146 - - [25/Oct/2021:10:37:09 +0800] "POST /xingrg/kc/base/stock_operate.html HTTP/1.1" 200 4041
222.70.171.86 - - [25/Oct/2021:10:37:11 +0800] "GET /xingrg/all/function/internal_message.html?_=1635129432818&CODE_STATE=getMsg HTTP/1.1" 200 27
222.70.179.155 - - [25/Oct/2021:10:37:17 +0800] "GET /xingrg/kc/mdqp/qqps_order_list.html HTTP/1.1" 200 10079
222.70.179.155 - - [25/Oct/2021:10:37:17 +0800] "GET /xingrg/dwr/interface/AjaxQqpsService.js HTTP/1.1" 200 16326
222.70.179.155 - - [25/Oct/2021:10:37:17 +0800] "GET /xingrg/dwr/interface/AjaxReportQueryService.js HTTP/1.1" 200 13203
222.70.179.155 - - [25/Oct/2021:10:37:17 +0800] "GET /xingrg/dwr/engine.js HTTP/1.1" 200 43631
180.169.147.146 - - [25/Oct/2021:10:37:18 +0800] "GET /xingrg/kc/report/report_main.html HTTP/1.1" 200 7345
222.70.179.155 - - [25/Oct/2021:10:37:18 +0800] "GET /xingrg/all/function/internal_message.html?_=1635129438654&CODE_STATE=getMsg HTTP/1.1" 200 27
124.78.153.86 - - [25/Oct/2021:10:37:19 +0800] "GET /xingrg/kc/buy/cgsh_order_operate.html?command=get_materiel&rest_code=00106&code=00101008318&supplier_code=00100007&order_time=2021-10-25 HTTP/1.1" 200 408
180.169.147.146 - - [25/Oct/2021:10:37:19 +0800] "GET /xingrg/kc/base/crk_hz.html HTTP/1.1" 200 11247
180.169.147.146 - - [25/Oct/2021:10:37:20 +0800] "POST /xingrg/kc/cost/cost_operate.html?command=get_base_tree HTTP/1.1" 200 2385
180.169.147.146 - - [25/Oct/2021:10:37:20 +0800] "POST /xingrg/all/common/load_tree.html?tree=materiel_sort_tree_json HTTP/1.1" 200 8912
222.70.179.155 - - [25/Oct/2021:10:37:22 +0800] "GET /xingrg/kc/mdqp/qqps_order_info.html?code=302021102500490 HTTP/1.1" 200 26482
222.70.179.155 - - [25/Oct/2021:10:37:22 +0800] "GET /xingrg/javascript/tools/jquery.qtip-1.0.0-rc3.min.js HTTP/1.1" 200 38404
222.70.179.155 - - [25/Oct/2021:10:37:22 +0800] "GET /xingrg/dwr/interface/AjaxComOrderService.js HTTP/1.1" 200 18264
222.70.179.155 - - [25/Oct/2021:10:37:22 +0800] "GET /xingrg/dwr/interface/AjaxQqpsService.js HTTP/1.1" 200 16326
222.70.179.155 - - [25/Oct/2021:10:37:22 +0800] "GET /xingrg/javascript/Grid.js HTTP/1.1" 200 58908
222.70.179.155 - - [25/Oct/2021:10:37:22 +0800] "GET /xingrg/javascript/AjaxInfoList.js HTTP/1.1" 200 3774
222.70.179.155 - - [25/Oct/2021:10:37:22 +0800] "GET /xingrg/dwr/engine.js HTTP/1.1" 200 43631
222.70.179.155 - - [25/Oct/2021:10:37:23 +0800] "GET /xingrg/javascript/jquery_easy_ui/themes/icons/print.png HTTP/1.1" 200 1057
222.70.179.155 - - [25/Oct/2021:10:37:23 +0800] "GET /xingrg/javascript/jquery_easy_ui/themes/default/images/menu_downarrow.png HTTP/1.1" 200 173
222.70.179.155 - - [25/Oct/2021:10:37:23 +0800] "GET /xingrg/javascript/jquery_easy_ui/themes/icons/copy_new.png HTTP/1.1" 200 815
222.70.179.155 - - [25/Oct/2021:10:37:23 +0800] "GET /xingrg/javascript/jquery_easy_ui/themes/icons/back_new.png HTTP/1.1" 200 3414
222.70.179.155 - - [25/Oct/2021:10:37:23 +0800] "GET /xingrg/javascript/jquery_easy_ui/themes/icons/template_new.png HTTP/1.1" 200 3956
222.70.179.155 - - [25/Oct/2021:10:37:23 +0800] "GET /xingrg/images/blue/wait.gif HTTP/1.1" 200 1100
222.70.179.155 - - [25/Oct/2021:10:37:23 +0800] "GET /xingrg/images/blue/kc_tab_left.gif HTTP/1.1" 200 188
222.70.179.155 - - [25/Oct/2021:10:37:23 +0800] "GET /xingrg/javascript/jquery_easy_ui/themes/default/images/combo_arrow_dot.gif HTTP/1.1" 200 79
222.70.179.155 - - [25/Oct/2021:10:37:23 +0800] "GET /xingrg/images/blue/kc_tab_mid.gif HTTP/1.1" 200 44
222.70.179.155 - - [25/Oct/2021:10:37:23 +0800] "GET /xingrg/images/blue/kc_tab_right.gif HTTP/1.1" 200 643
222.70.179.155 - - [25/Oct/2021:10:37:23 +0800] "POST /xingrg/dwr/call/plaincall/AjaxQqpsService.loadMaterielItems.dwr HTTP/1.1" 200 6044
222.70.179.155 - - [25/Oct/2021:10:37:23 +0800] "GET /xingrg/javascript/jquery_easy_ui/themes/default/images/button_plain_hover.png HTTP/1.1" 200 252
124.78.153.86 - - [25/Oct/2021:10:37:25 +0800] "GET /xingrg/kc/buy/cgsh_order_operate.html?command=get_materiel&rest_code=00106&code=00101008352&supplier_code=00100007&order_time=2021-10-25 HTTP/1.1" 200 412
222.70.179.155 - - [25/Oct/2021:10:37:27 +0800] "POST /xingrg/dwr/call/plaincall/AjaxQqpsService.uncheckOrder.dwr HTTP/1.1" 200 78
222.70.179.155 - - [25/Oct/2021:10:37:28 +0800] "GET /xingrg/css/blue.css HTTP/1.1" 304 -
222.70.179.155 - - [25/Oct/2021:10:37:28 +0800] "GET /xingrg/javascript/jquery_easy_ui/themes/icon.css HTTP/1.1" 304 -
222.70.179.155 - - [25/Oct/2021:10:37:28 +0800] "GET /xingrg/javascript/auto/jquery.autocomplete.css HTTP/1.1" 304 -
222.70.179.155 - - [25/Oct/2021:10:37:28 +0800] "GET /xingrg/javascript/jquery_easy_ui/jquery.easyui.min.js HTTP/1.1" 304 -
222.70.179.155 - - [25/Oct/2021:10:37:28 +0800] "GET /xingrg/javascript/pic_change.js HTTP/1.1" 304 -
222.70.179.155 - - [25/Oct/2021:10:37:28 +0800] "GET /xingrg/kc/mdqp/qqps_order_info.html?code=302021102500490 HTTP/1.1" 200 28241
222.70.179.155 - - [25/Oct/2021:10:37:28 +0800] "GET /xingrg/javascript/jquery-1.4.2.min.js HTTP/1.1" 304 -
222.70.179.155 - - [25/Oct/2021:10:37:28 +0800] "GET /xingrg/javascript/jquery_easy_ui/easyui-lang-zh_CN.js HTTP/1.1" 304 -
222.70.179.155 - - [25/Oct/2021:10:37:28 +0800] "GET /xingrg/javascript/auto/jquery.autocomplete.js HTTP/1.1" 304 -
222.70.179.155 - - [25/Oct/2021:10:37:28 +0800] "GET /xingrg/javascript/tools/jquery.qtip-1.0.0-rc3.min.js HTTP/1.1" 304 -
222.70.179.155 - - [25/Oct/2021:10:37:28 +0800] "GET /xingrg/javascript/jquery.utils.js HTTP/1.1" 304 -
222.70.179.155 - - [25/Oct/2021:10:37:28 +0800] "GET /xingrg/javascript/jquery_easy_ui/themes/default/easyui.css HTTP/1.1" 304 -
222.70.179.155 - - [25/Oct/2021:10:37:28 +0800] "GET /xingrg/dwr/interface/AjaxQqpsService.js HTTP/1.1" 200 16326
