180.174.227.63 - - [25/Oct/2021:09:00:27 +0800] "GET /xingrg/all/function/internal_message.html?_=1635123614749&CODE_STATE=getMsg HTTP/1.1" 200 27
180.157.253.6 - - [25/Oct/2021:09:00:27 +0800] "POST /xingrg/dwr/call/plaincall/AjaxCheckService.setItemNumber.dwr HTTP/1.1" 200 78
180.157.253.6 - - [25/Oct/2021:09:00:28 +0800] "POST /xingrg/dwr/call/plaincall/AjaxCheckService.setItemNumber.dwr HTTP/1.1" 200 78
180.157.253.6 - - [25/Oct/2021:09:00:29 +0800] "POST /xingrg/dwr/call/plaincall/AjaxCheckService.setItemNumber.dwr HTTP/1.1" 200 78
180.157.253.6 - - [25/Oct/2021:09:00:30 +0800] "POST /xingrg/dwr/call/plaincall/AjaxCheckService.setItemNumber.dwr HTTP/1.1" 200 78
180.157.253.6 - - [25/Oct/2021:09:00:30 +0800] "POST /xingrg/dwr/call/plaincall/AjaxCheckService.setItemNumber.dwr HTTP/1.1" 200 78
180.157.253.6 - - [25/Oct/2021:09:00:31 +0800] "POST /xingrg/dwr/call/plaincall/AjaxCheckService.setItemNumber.dwr HTTP/1.1" 200 78
114.83.216.72 - - [25/Oct/2021:09:00:32 +0800] "GET /xingrg/kc/buy/cgsh_order_operate.html?command=get_materiel&rest_code=00149&code=00101008296&supplier_code=00100005&order_time=2021-10-25 HTTP/1.1" 200 416
180.157.253.6 - - [25/Oct/2021:09:00:34 +0800] "POST /xingrg/dwr/call/plaincall/AjaxCheckService.setItemNumber.dwr HTTP/1.1" 200 78
180.157.253.6 - - [25/Oct/2021:09:00:36 +0800] "POST /xingrg/dwr/call/plaincall/AjaxCheckService.setItemNumber.dwr HTTP/1.1" 200 78
180.157.253.6 - - [25/Oct/2021:09:00:38 +0800] "POST /xingrg/dwr/call/plaincall/AjaxCheckService.setItemNumber.dwr HTTP/1.1" 200 78
180.157.253.6 - - [25/Oct/2021:09:00:40 +0800] "POST /xingrg/dwr/call/plaincall/AjaxCheckService.setItemNumber.dwr HTTP/1.1" 200 78
180.157.253.6 - - [25/Oct/2021:09:00:41 +0800] "POST /xingrg/dwr/call/plaincall/AjaxCheckService.setItemNumber.dwr HTTP/1.1" 200 78
114.83.216.72 - - [25/Oct/2021:09:00:41 +0800] "GET /xingrg/kc/buy/cgsh_order_operate.html?command=get_materiel&rest_code=00149&code=00101008318&supplier_code=00100005&order_time=2021-10-25 HTTP/1.1" 200 408
180.157.253.6 - - [25/Oct/2021:09:00:41 +0800] "POST /xingrg/dwr/call/plaincall/AjaxCheckService.setItemNumber.dwr HTTP/1.1" 200 78
180.157.253.6 - - [25/Oct/2021:09:00:43 +0800] "POST /xingrg/dwr/call/plaincall/AjaxCheckService.setItemNumber.dwr HTTP/1.1" 200 78
180.157.253.6 - - [25/Oct/2021:09:00:43 +0800] "POST /xingrg/dwr/call/plaincall/AjaxCheckService.setItemNumber.dwr HTTP/1.1" 200 78
114.85.125.222 - - [25/Oct/2021:09:00:44 +0800] "GET /xingrg/all/function/internal_message.html?_=1635123586417&CODE_STATE=getMsg HTTP/1.1" 200 27
180.157.253.6 - - [25/Oct/2021:09:00:44 +0800] "POST /xingrg/dwr/call/plaincall/AjaxCheckService.setItemNumber.dwr HTTP/1.1" 200 78
114.85.125.222 - - [25/Oct/2021:09:00:44 +0800] "GET /xingrg/kc/buy/cgsh_order_operate.html?command=get_materiel&rest_code=00150&code=00101008351&supplier_code=00100007&order_time=2021-10-25 HTTP/1.1" 200 408
180.157.253.6 - - [25/Oct/2021:09:00:45 +0800] "POST /xingrg/dwr/call/plaincall/AjaxCheckService.setItemNumber.dwr HTTP/1.1" 200 78
180.157.253.6 - - [25/Oct/2021:09:00:46 +0800] "POST /xingrg/dwr/call/plaincall/AjaxCheckService.setItemNumber.dwr HTTP/1.1" 200 78
114.83.216.72 - - [25/Oct/2021:09:00:46 +0800] "GET /xingrg/all/function/internal_message.html?_=1635123646936&CODE_STATE=getMsg HTTP/1.1" 200 27
180.157.253.6 - - [25/Oct/2021:09:00:46 +0800] "POST /xingrg/dwr/call/plaincall/AjaxCheckService.setItemNumber.dwr HTTP/1.1" 200 78
180.157.253.6 - - [25/Oct/2021:09:00:47 +0800] "POST /xingrg/dwr/call/plaincall/AjaxCheckService.setItemNumber.dwr HTTP/1.1" 200 78
180.157.253.6 - - [25/Oct/2021:09:00:50 +0800] "POST /xingrg/dwr/call/plaincall/AjaxCheckService.setItemNumber.dwr HTTP/1.1" 200 78
116.227.210.113 - - [25/Oct/2021:09:00:50 +0800] "GET /xingrg/all/function/internal_message.html?_=1635123642560&CODE_STATE=getMsg HTTP/1.1" 200 27
114.85.125.222 - - [25/Oct/2021:09:00:51 +0800] "GET /xingrg/kc/buy/cgsh_order_operate.html?command=get_materiel&rest_code=00150&code=00101008096&supplier_code=00100007&order_time=2021-10-25 HTTP/1.1" 200 412
180.157.253.6 - - [25/Oct/2021:09:00:51 +0800] "POST /xingrg/dwr/call/plaincall/AjaxCheckService.setItemNumber.dwr HTTP/1.1" 200 78
114.83.216.72 - - [25/Oct/2021:09:00:51 +0800] "GET /xingrg/kc/buy/cgsh_order_operate.html?command=get_materiel&rest_code=00149&code=00101008352&supplier_code=00100005&order_time=2021-10-25 HTTP/1.1" 200 412
180.157.253.6 - - [25/Oct/2021:09:00:52 +0800] "POST /xingrg/dwr/call/plaincall/AjaxCheckService.setItemNumber.dwr HTTP/1.1" 200 78
180.157.253.6 - - [25/Oct/2021:09:00:55 +0800] "POST /xingrg/dwr/call/plaincall/AjaxCheckService.setItemNumber.dwr HTTP/1.1" 200 78
180.169.147.146 - - [25/Oct/2021:09:00:55 +0800] "GET /xingrg/all/function/internal_message.html?_=1635123657565&CODE_STATE=getMsg HTTP/1.1" 200 27
180.157.253.6 - - [25/Oct/2021:09:00:57 +0800] "POST /xingrg/dwr/call/plaincall/AjaxCheckService.setItemNumber.dwr HTTP/1.1" 200 78
180.157.253.6 - - [25/Oct/2021:09:00:58 +0800] "GET /xingrg/all/function/internal_message.html?_=1635123658429&CODE_STATE=getMsg HTTP/1.1" 200 27
180.157.253.6 - - [25/Oct/2021:09:00:58 +0800] "POST /xingrg/dwr/call/plaincall/AjaxCheckService.setItemNumber.dwr HTTP/1.1" 200 78
114.85.125.222 - - [25/Oct/2021:09:00:59 +0800] "GET /xingrg/kc/buy/cgsh_order_operate.html?command=get_materiel&rest_code=00150&code=00101008163&supplier_code=00100007&order_time=2021-10-25 HTTP/1.1" 200 428
180.157.253.6 - - [25/Oct/2021:09:00:59 +0800] "POST /xingrg/dwr/call/plaincall/AjaxCheckService.setItemNumber.dwr HTTP/1.1" 200 78
180.157.253.6 - - [25/Oct/2021:09:01:00 +0800] "POST /xingrg/dwr/call/plaincall/AjaxCheckService.setItemNumber.dwr HTTP/1.1" 200 78
180.157.253.6 - - [25/Oct/2021:09:01:01 +0800] "POST /xingrg/dwr/call/plaincall/AjaxCheckService.setItemNumber.dwr HTTP/1.1" 200 78
180.157.253.6 - - [25/Oct/2021:09:01:01 +0800] "POST /xingrg/dwr/call/plaincall/AjaxCheckService.setItemNumber.dwr HTTP/1.1" 200 78
180.157.253.6 - - [25/Oct/2021:09:01:02 +0800] "POST /xingrg/dwr/call/plaincall/AjaxCheckService.setItemNumber.dwr HTTP/1.1" 200 78
180.157.253.6 - - [25/Oct/2021:09:01:03 +0800] "POST /xingrg/dwr/call/plaincall/AjaxCheckService.setItemNumber.dwr HTTP/1.1" 200 78
180.174.227.63 - - [25/Oct/2021:09:01:04 +0800] "GET /xingrg/javascript/auto/indicator.gif HTTP/1.1" 404 1066
114.85.125.222 - - [25/Oct/2021:09:01:07 +0800] "GET /xingrg/kc/buy/cgsh_order_operate.html?command=get_materiel&rest_code=00150&code=00101008224&supplier_code=00100007&order_time=2021-10-25 HTTP/1.1" 200 416
222.70.171.86 - - [25/Oct/2021:09:01:08 +0800] "GET /xingrg/all/function/internal_message.html?_=1635123669181&CODE_STATE=getMsg HTTP/1.1" 200 27
180.174.227.63 - - [25/Oct/2021:09:01:10 +0800] "GET /xingrg/kc/buy/cgsh_order_operate.html?command=get_materiel&rest_code=00102&code=00101008248&supplier_code=00100008&order_time=2021-10-25 HTTP/1.1" 200 412
114.85.125.222 - - [25/Oct/2021:09:01:16 +0800] "GET /xingrg/kc/buy/cgsh_order_operate.html?command=get_materiel&rest_code=00150&code=00101008370&supplier_code=00100007&order_time=2021-10-25 HTTP/1.1" 200 412
58.39.139.200 - - [25/Oct/2021:09:01:16 +0800] "GET /xingrg/check_reg.html?_=1635123677436 HTTP/1.1" 200 22
58.39.139.200 - - [25/Oct/2021:09:01:16 +0800] "GET /xingrg/all/function/internal_message.html?_=1635123677829&CODE_STATE=getMsg HTTP/1.1" 200 27
120.253.135.82 - - [25/Oct/2021:09:01:19 +0800] "GET /xingrg/all/function/internal_message.html?_=1635123449540&CODE_STATE=getMsg HTTP/1.1" 200 27
222.70.179.155 - - [25/Oct/2021:09:01:20 +0800] "GET /xingrg/all/function/internal_message.html?_=1635123680098&CODE_STATE=getMsg HTTP/1.1" 200 27
114.85.125.222 - - [25/Oct/2021:09:01:24 +0800] "GET /xingrg/kc/buy/cgsh_order_operate.html?command=get_materiel&rest_code=00150&code=00101008126&supplier_code=00100007&order_time=2021-10-25 HTTP/1.1" 200 412
116.238.248.233 - - [25/Oct/2021:09:01:25 +0800] "GET /xingrg/all/function/internal_message.html?_=1635123683093&CODE_STATE=getMsg HTTP/1.1" 200 27
180.174.227.63 - - [25/Oct/2021:09:01:27 +0800] "GET /xingrg/all/function/internal_message.html?_=1635123674763&CODE_STATE=getMsg HTTP/1.1" 200 27
180.174.227.63 - - [25/Oct/2021:09:01:28 +0800] "GET /xingrg/kc/buy/cgsh_order_operate.html?command=get_materiel&rest_code=00102&code=00101008155&supplier_code=00100008&order_time=2021-10-25 HTTP/1.1" 200 408
114.85.125.222 - - [25/Oct/2021:09:01:31 +0800] "GET /xingrg/kc/buy/cgsh_order_operate.html?command=get_materiel&rest_code=00150&code=00101008024&supplier_code=00100007&order_time=2021-10-25 HTTP/1.1" 200 408
180.174.227.63 - - [25/Oct/2021:09:01:39 +0800] "GET /xingrg/kc/buy/cgsh_order_operate.html?command=get_materiel&rest_code=00102&code=00101008096&supplier_code=00100008&order_time=2021-10-25 HTTP/1.1" 200 412
114.85.125.222 - - [25/Oct/2021:09:01:41 +0800] "GET /xingrg/kc/buy/cgsh_order_operate.html?command=get_materiel&rest_code=00150&code=00101008141&supplier_code=00100007&order_time=2021-10-25 HTTP/1.1" 200 412
114.85.125.222 - - [25/Oct/2021:09:01:44 +0800] "GET /xingrg/all/function/internal_message.html?_=1635123646430&CODE_STATE=getMsg HTTP/1.1" 200 27
114.83.216.72 - - [25/Oct/2021:09:01:46 +0800] "GET /xingrg/all/function/internal_message.html?_=1635123706907&CODE_STATE=getMsg HTTP/1.1" 200 27
180.174.227.63 - - [25/Oct/2021:09:01:49 +0800] "GET /xingrg/kc/buy/cgsh_order_operate.html?command=get_materiel&rest_code=00102&code=00101008403&supplier_code=00100008&order_time=2021-10-25 HTTP/1.1" 200 412
116.227.210.113 - - [25/Oct/2021:09:01:50 +0800] "GET /xingrg/all/function/internal_message.html?_=1635123702567&CODE_STATE=getMsg HTTP/1.1" 200 27
114.85.125.222 - - [25/Oct/2021:09:01:55 +0800] "GET /xingrg/kc/buy/cgsh_order_operate.html?command=get_materiel&rest_code=00150&code=00101008360&supplier_code=00100007&order_time=2021-10-25 HTTP/1.1" 200 413
120.253.135.82 - - [25/Oct/2021:09:01:55 +0800] "GET /xingrg/javascript/easyui/themes/sunny/images/ui-bg_gloss-wave_60_fece2f_500x100.png HTTP/1.1" 200 3512
180.157.253.6 - - [25/Oct/2021:09:01:58 +0800] "GET /xingrg/check_reg.html?_=1635123717919 HTTP/1.1" 200 22
114.83.216.72 - - [25/Oct/2021:09:01:58 +0800] "GET /xingrg/check_reg.html?_=1635123718380 HTTP/1.1" 200 22
180.157.253.6 - - [25/Oct/2021:09:01:58 +0800] "GET /xingrg/all/function/internal_message.html?_=1635123718439&CODE_STATE=getMsg HTTP/1.1" 200 27
114.85.125.222 - - [25/Oct/2021:09:02:02 +0800] "GET /xingrg/kc/buy/cgsh_order_operate.html?command=get_materiel&rest_code=00150&code=00101008270&supplier_code=00100007&order_time=2021-10-25 HTTP/1.1" 200 412
180.174.227.63 - - [25/Oct/2021:09:02:07 +0800] "GET /xingrg/kc/buy/cgsh_order_operate.html?command=get_materiel&rest_code=00102&code=00101008088&supplier_code=00100008&order_time=2021-10-25 HTTP/1.1" 200 408
222.70.171.86 - - [25/Oct/2021:09:02:08 +0800] "GET /xingrg/all/function/internal_message.html?_=1635123729188&CODE_STATE=getMsg HTTP/1.1" 200 27
180.169.147.146 - - [25/Oct/2021:09:02:14 +0800] "GET /xingrg/all/function/internal_message.html?_=1635123717580&CODE_STATE=getMsg HTTP/1.1" 200 27
116.227.210.113 - - [25/Oct/2021:09:02:15 +0800] "GET /xingrg/kc/base/check_order_list.html HTTP/1.1" 200 16349
116.227.210.113 - - [25/Oct/2021:09:02:15 +0800] "POST /xingrg/kc/base/check_list_operate.html HTTP/1.1" 200 3249
114.85.125.222 - - [25/Oct/2021:09:02:15 +0800] "GET /xingrg/kc/buy/cgsh_order_operate.html?command=get_materiel&rest_code=00150&code=00101008069&supplier_code=00100007&order_time=2021-10-25 HTTP/1.1" 200 412
58.39.139.200 - - [25/Oct/2021:09:02:16 +0800] "GET /xingrg/all/function/internal_message.html?_=1635123737798&CODE_STATE=getMsg HTTP/1.1" 200 27
114.83.216.72 - - [25/Oct/2021:09:02:17 +0800] "GET /xingrg/kc/buy/cgsh_order_operate.html?command=get_materiel&rest_code=00149&code=00101008005&supplier_code=00100005&order_time=2021-10-25 HTTP/1.1" 200 432
116.227.210.113 - - [25/Oct/2021:09:02:18 +0800] "GET /xingrg/kc/base/check_order_info.html?code=452021102400202 HTTP/1.1" 200 26406
116.227.210.113 - - [25/Oct/2021:09:02:18 +0800] "GET /xingrg/dwr/interface/AjaxComOrderService.js HTTP/1.1" 200 18264
116.227.210.113 - - [25/Oct/2021:09:02:18 +0800] "GET /xingrg/dwr/interface/AjaxCheckService.js HTTP/1.1" 200 14003
116.227.210.113 - - [25/Oct/2021:09:02:18 +0800] "GET /xingrg/dwr/engine.js HTTP/1.1" 200 43631
116.227.210.113 - - [25/Oct/2021:09:02:18 +0800] "POST /xingrg/dwr/call/plaincall/AjaxCheckService.loadOrderItems.dwr HTTP/1.1" 200 43619
120.253.135.82 - - [25/Oct/2021:09:02:19 +0800] "GET /xingrg/check_reg.html?_=1635123509297 HTTP/1.1" 200 22
120.253.135.82 - - [25/Oct/2021:09:02:19 +0800] "GET /xingrg/all/function/internal_message.html?_=1635123509552&CODE_STATE=getMsg HTTP/1.1" 200 27
222.70.179.155 - - [25/Oct/2021:09:02:20 +0800] "GET /xingrg/all/function/internal_message.html?_=1635123740083&CODE_STATE=getMsg HTTP/1.1" 200 27
116.227.210.113 - - [25/Oct/2021:09:02:23 +0800] "GET /xingrg/kc/base/check_order_info.html?code=452021102400203 HTTP/1.1" 200 26406
116.227.210.113 - - [25/Oct/2021:09:02:23 +0800] "GET /xingrg/dwr/interface/AjaxComOrderService.js HTTP/1.1" 200 18264
116.227.210.113 - - [25/Oct/2021:09:02:23 +0800] "GET /xingrg/dwr/interface/AjaxCheckService.js HTTP/1.1" 200 14003
116.227.210.113 - - [25/Oct/2021:09:02:23 +0800] "GET /xingrg/dwr/engine.js HTTP/1.1" 200 43631
114.85.125.222 - - [25/Oct/2021:09:02:23 +0800] "GET /xingrg/kc/buy/cgsh_order_operate.html?command=get_materiel&rest_code=00150&code=00101008036&supplier_code=00100007&order_time=2021-10-25 HTTP/1.1" 200 430
116.227.210.113 - - [25/Oct/2021:09:02:24 +0800] "POST /xingrg/dwr/call/plaincall/AjaxCheckService.loadOrderItems.dwr HTTP/1.1" 200 86990
116.238.248.233 - - [25/Oct/2021:09:02:25 +0800] "GET /xingrg/all/function/internal_message.html?_=1635123743097&CODE_STATE=getMsg HTTP/1.1" 200 27
114.83.216.72 - - [25/Oct/2021:09:02:26 +0800] "GET /xingrg/kc/buy/cgsh_order_operate.html?command=get_materiel&rest_code=00149&code=00101008353&supplier_code=00100005&order_time=2021-10-25 HTTP/1.1" 200 408
180.174.227.63 - - [25/Oct/2021:09:02:27 +0800] "GET /xingrg/all/function/internal_message.html?_=1635123734777&CODE_STATE=getMsg HTTP/1.1" 200 27
114.85.125.222 - - [25/Oct/2021:09:02:31 +0800] "GET /xingrg/kc/buy/cgsh_order_operate.html?command=get_materiel&rest_code=00150&code=00101008131&supplier_code=00100007&order_time=2021-10-25 HTTP/1.1" 200 408
114.83.216.72 - - [25/Oct/2021:09:02:31 +0800] "POST /xingrg/kc/buy/cgsh_order_operate.html HTTP/1.1" 200 2065
180.157.253.6 - - [25/Oct/2021:09:02:31 +0800] "GET /xingrg/kc/base/check_order_info.html?code=452021102400223 HTTP/1.1" 200 26467
180.157.253.6 - - [25/Oct/2021:09:02:32 +0800] "GET /xingrg/dwr/interface/AjaxComOrderService.js HTTP/1.1" 200 18264
180.157.253.6 - - [25/Oct/2021:09:02:32 +0800] "GET /xingrg/dwr/interface/AjaxCheckService.js HTTP/1.1" 200 14003
180.157.253.6 - - [25/Oct/2021:09:02:32 +0800] "GET /xingrg/dwr/engine.js HTTP/1.1" 200 43631
180.157.253.6 - - [25/Oct/2021:09:02:33 +0800] "POST /xingrg/dwr/call/plaincall/AjaxCheckService.loadOrderItems.dwr HTTP/1.1" 200 165878
116.227.210.113 - - [25/Oct/2021:09:02:35 +0800] "GET /xingrg/kc/base/check_order_info.html?code=452021102400205 HTTP/1.1" 200 26406
116.227.210.113 - - [25/Oct/2021:09:02:35 +0800] "GET /xingrg/dwr/interface/AjaxCheckService.js HTTP/1.1" 200 14003
116.227.210.113 - - [25/Oct/2021:09:02:35 +0800] "GET /xingrg/dwr/interface/AjaxComOrderService.js HTTP/1.1" 200 18264
116.227.210.113 - - [25/Oct/2021:09:02:35 +0800] "GET /xingrg/dwr/engine.js HTTP/1.1" 200 43631
116.227.210.113 - - [25/Oct/2021:09:02:35 +0800] "POST /xingrg/dwr/call/plaincall/AjaxCheckService.loadOrderItems.dwr HTTP/1.1" 200 30438
180.157.253.6 - - [25/Oct/2021:09:02:35 +0800] "GET /xingrg/javascript/jquery_easy_ui/themes/default/images/button_plain_hover.png HTTP/1.1" 200 252
114.83.216.72 - - [25/Oct/2021:09:02:37 +0800] "GET /xingrg/kc/buy/cgsh_order_operate.html?command=get_materiel&rest_code=00149&code=00101008213&supplier_code=00100005&order_time=2021-10-25 HTTP/1.1" 200 412
114.85.125.222 - - [25/Oct/2021:09:02:40 +0800] "GET /xingrg/kc/buy/cgsh_order_operate.html?command=get_materiel&rest_code=00150&code=00101008296&supplier_code=00100007&order_time=2021-10-25 HTTP/1.1" 200 416
116.227.210.113 - - [25/Oct/2021:09:02:40 +0800] "GET /xingrg/kc/base/check_order_info.html?code=452021102400204 HTTP/1.1" 200 26406
116.227.210.113 - - [25/Oct/2021:09:02:40 +0800] "GET /xingrg/dwr/interface/AjaxCheckService.js HTTP/1.1" 200 14003
116.227.210.113 - - [25/Oct/2021:09:02:40 +0800] "GET /xingrg/dwr/interface/AjaxComOrderService.js HTTP/1.1" 200 18264
116.227.210.113 - - [25/Oct/2021:09:02:40 +0800] "GET /xingrg/dwr/engine.js HTTP/1.1" 200 43631
180.157.253.6 - - [25/Oct/2021:09:02:40 +0800] "POST /xingrg/dwr/call/plaincall/AjaxCheckService.checkOrder.dwr HTTP/1.1" 200 78
116.227.210.113 - - [25/Oct/2021:09:02:40 +0800] "POST /xingrg/dwr/call/plaincall/AjaxCheckService.loadOrderItems.dwr HTTP/1.1" 200 9845
180.157.253.6 - - [25/Oct/2021:09:02:42 +0800] "GET /xingrg/kc/base/check_order_info.html?code=452021102400223 HTTP/1.1" 200 22850
180.157.253.6 - - [25/Oct/2021:09:02:42 +0800] "GET /xingrg/dwr/interface/AjaxComOrderService.js HTTP/1.1" 200 18264
180.157.253.6 - - [25/Oct/2021:09:02:42 +0800] "GET /xingrg/dwr/interface/AjaxCheckService.js HTTP/1.1" 200 14003
180.157.253.6 - - [25/Oct/2021:09:02:42 +0800] "GET /xingrg/dwr/engine.js HTTP/1.1" 200 43631
180.157.253.6 - - [25/Oct/2021:09:02:43 +0800] "GET /xingrg/javascript/jquery_easy_ui/themes/icons/exam_new.png HTTP/1.1" 200 756
180.157.253.6 - - [25/Oct/2021:09:02:44 +0800] "POST /xingrg/dwr/call/plaincall/AjaxCheckService.loadOrderItems.dwr HTTP/1.1" 200 74298
116.227.210.113 - - [25/Oct/2021:09:02:44 +0800] "GET /xingrg/kc/base/check_order_info.html?code=452021102400207 HTTP/1.1" 200 26406
116.227.210.113 - - [25/Oct/2021:09:02:44 +0800] "GET /xingrg/dwr/interface/AjaxComOrderService.js HTTP/1.1" 200 18264
116.227.210.113 - - [25/Oct/2021:09:02:44 +0800] "GET /xingrg/dwr/interface/AjaxCheckService.js HTTP/1.1" 200 14003
116.227.210.113 - - [25/Oct/2021:09:02:44 +0800] "GET /xingrg/dwr/engine.js HTTP/1.1" 200 43631
114.85.125.222 - - [25/Oct/2021:09:02:44 +0800] "GET /xingrg/all/function/internal_message.html?_=1635123706444&CODE_STATE=getMsg HTTP/1.1" 200 27
116.227.210.113 - - [25/Oct/2021:09:02:44 +0800] "POST /xingrg/dwr/call/plaincall/AjaxCheckService.loadOrderItems.dwr HTTP/1.1" 200 198029
114.85.125.222 - - [25/Oct/2021:09:02:45 +0800] "POST /xingrg/kc/buy/cgsh_order_operate.html HTTP/1.1" 200 37
114.83.216.72 - - [25/Oct/2021:09:02:46 +0800] "GET /xingrg/all/function/internal_message.html?_=1635123766898&CODE_STATE=getMsg HTTP/1.1" 200 27
114.85.125.222 - - [25/Oct/2021:09:02:46 +0800] "POST /xingrg/kc/buy/cgsh_order_operate.html HTTP/1.1" 200 13925
114.83.216.72 - - [25/Oct/2021:09:02:47 +0800] "GET /xingrg/kc/buy/cgsh_order_operate.html?command=get_materiel&rest_code=00149&code=00101008304&supplier_code=00100005&order_time=2021-10-25 HTTP/1.1" 200 412
116.227.210.113 - - [25/Oct/2021:09:02:50 +0800] "GET /xingrg/all/function/internal_message.html?_=1635123762550&CODE_STATE=getMsg HTTP/1.1" 200 27
114.85.125.222 - - [25/Oct/2021:09:02:53 +0800] "GET /xingrg/kc/buy/cgsh_order_operate.html?command=get_materiel&rest_code=00150&code=00101008318&supplier_code=00100007&order_time=2021-10-25 HTTP/1.1" 200 408
180.157.253.6 - - [25/Oct/2021:09:02:54 +0800] "GET /xingrg/kc/base/check_order_info.html?code=452021102400221 HTTP/1.1" 200 26467
180.157.253.6 - - [25/Oct/2021:09:02:54 +0800] "GET /xingrg/dwr/interface/AjaxCheckService.js HTTP/1.1" 200 14003
180.157.253.6 - - [25/Oct/2021:09:02:54 +0800] "GET /xingrg/dwr/interface/AjaxComOrderService.js HTTP/1.1" 200 18264
180.157.253.6 - - [25/Oct/2021:09:02:54 +0800] "GET /xingrg/dwr/engine.js HTTP/1.1" 200 43631
180.157.253.6 - - [25/Oct/2021:09:02:55 +0800] "POST /xingrg/dwr/call/plaincall/AjaxCheckService.loadOrderItems.dwr HTTP/1.1" 200 53068
180.169.147.146 - - [25/Oct/2021:09:02:55 +0800] "GET /xingrg/all/function/internal_message.html?_=1635123777579&CODE_STATE=getMsg HTTP/1.1" 200 27
180.157.253.6 - - [25/Oct/2021:09:02:58 +0800] "GET /xingrg/all/function/internal_message.html?_=1635123778524&CODE_STATE=getMsg HTTP/1.1" 200 27
116.227.210.113 - - [25/Oct/2021:09:03:00 +0800] "GET /xingrg/kc/base/check_order_info.html?code=452021102400206 HTTP/1.1" 200 26406
116.227.210.113 - - [25/Oct/2021:09:03:00 +0800] "GET /xingrg/dwr/interface/AjaxCheckService.js HTTP/1.1" 200 14003
116.227.210.113 - - [25/Oct/2021:09:03:00 +0800] "GET /xingrg/dwr/interface/AjaxComOrderService.js HTTP/1.1" 200 18264
116.227.210.113 - - [25/Oct/2021:09:03:00 +0800] "GET /xingrg/dwr/engine.js HTTP/1.1" 200 43631
114.83.216.72 - - [25/Oct/2021:09:03:01 +0800] "GET /xingrg/kc/buy/cgsh_order_operate.html?command=get_materiel&rest_code=00149&code=00101008041&supplier_code=00100005&order_time=2021-10-25 HTTP/1.1" 200 408
116.227.210.113 - - [25/Oct/2021:09:03:01 +0800] "POST /xingrg/dwr/call/plaincall/AjaxCheckService.loadOrderItems.dwr HTTP/1.1" 200 113919
114.85.125.222 - - [25/Oct/2021:09:03:01 +0800] "GET /xingrg/kc/buy/cgsh_order_operate.html?command=get_materiel&rest_code=00150&code=00101008005&supplier_code=00100007&order_time=2021-10-25 HTTP/1.1" 200 432
180.157.253.6 - - [25/Oct/2021:09:03:01 +0800] "POST /xingrg/dwr/call/plaincall/AjaxCheckService.setItemNumber.dwr HTTP/1.1" 200 76
180.157.253.6 - - [25/Oct/2021:09:03:03 +0800] "POST /xingrg/dwr/call/plaincall/AjaxCheckService.setItemNumber.dwr HTTP/1.1" 200 76
180.157.253.6 - - [25/Oct/2021:09:03:04 +0800] "POST /xingrg/dwr/call/plaincall/AjaxCheckService.setItemNumber.dwr HTTP/1.1" 200 76
222.70.171.86 - - [25/Oct/2021:09:03:06 +0800] "GET /xingrg/check_reg.html?_=1635123787557 HTTP/1.1" 200 22
222.70.171.86 - - [25/Oct/2021:09:03:08 +0800] "GET /xingrg/all/function/internal_message.html?_=1635123789202&CODE_STATE=getMsg HTTP/1.1" 200 27
114.85.125.222 - - [25/Oct/2021:09:03:09 +0800] "GET /xingrg/kc/buy/cgsh_order_operate.html?command=get_materiel&rest_code=00150&code=00101008353&supplier_code=00100007&order_time=2021-10-25 HTTP/1.1" 200 408
180.157.253.6 - - [25/Oct/2021:09:03:11 +0800] "POST /xingrg/dwr/call/plaincall/AjaxCheckService.setItemNumber.dwr HTTP/1.1" 200 76
180.157.253.6 - - [25/Oct/2021:09:03:13 +0800] "POST /xingrg/dwr/call/plaincall/AjaxCheckService.setItemNumber.dwr HTTP/1.1" 200 76
180.157.253.6 - - [25/Oct/2021:09:03:16 +0800] "POST /xingrg/dwr/call/plaincall/AjaxCheckService.setItemNumber.dwr HTTP/1.1" 200 76
58.39.139.200 - - [25/Oct/2021:09:03:16 +0800] "GET /xingrg/all/function/internal_message.html?_=1635123797770&CODE_STATE=getMsg HTTP/1.1" 200 27
114.85.125.222 - - [25/Oct/2021:09:03:17 +0800] "GET /xingrg/kc/buy/cgsh_order_operate.html?command=get_materiel&rest_code=00150&code=00101008213&supplier_code=00100007&order_time=2021-10-25 HTTP/1.1" 200 412
120.253.135.82 - - [25/Oct/2021:09:03:19 +0800] "GET /xingrg/all/function/internal_message.html?_=1635123569566&CODE_STATE=getMsg HTTP/1.1" 200 27
222.70.179.155 - - [25/Oct/2021:09:03:20 +0800] "GET /xingrg/all/function/internal_message.html?_=1635123800067&CODE_STATE=getMsg HTTP/1.1" 200 27
180.157.253.6 - - [25/Oct/2021:09:03:23 +0800] "POST /xingrg/dwr/call/plaincall/AjaxCheckService.setItemNumber.dwr HTTP/1.1" 200 76
180.157.253.6 - - [25/Oct/2021:09:03:24 +0800] "POST /xingrg/dwr/call/plaincall/AjaxCheckService.setItemNumber.dwr HTTP/1.1" 200 76
114.83.216.72 - - [25/Oct/2021:09:03:24 +0800] "GET /xingrg/kc/buy/cgsh_order_operate.html?command=get_materiel&rest_code=00149&code=00101008312&supplier_code=00100005&order_time=2021-10-25 HTTP/1.1" 200 412
114.85.125.222 - - [25/Oct/2021:09:03:24 +0800] "GET /xingrg/kc/buy/cgsh_order_operate.html?command=get_materiel&rest_code=00150&code=00101008312&supplier_code=00100007&order_time=2021-10-25 HTTP/1.1" 200 412
116.238.248.233 - - [25/Oct/2021:09:03:25 +0800] "GET /xingrg/check_reg.html?_=1635123803097 HTTP/1.1" 200 22
116.238.248.233 - - [25/Oct/2021:09:03:25 +0800] "GET /xingrg/all/function/internal_message.html?_=1635123803100&CODE_STATE=getMsg HTTP/1.1" 200 27
180.157.253.6 - - [25/Oct/2021:09:03:27 +0800] "POST /xingrg/dwr/call/plaincall/AjaxCheckService.setItemNumber.dwr HTTP/1.1" 200 76
180.174.227.63 - - [25/Oct/2021:09:03:27 +0800] "GET /xingrg/all/function/internal_message.html?_=1635123794792&CODE_STATE=getMsg HTTP/1.1" 200 27
180.157.253.6 - - [25/Oct/2021:09:03:30 +0800] "POST /xingrg/dwr/call/plaincall/AjaxCheckService.setItemNumber.dwr HTTP/1.1" 200 77
180.157.253.6 - - [25/Oct/2021:09:03:30 +0800] "POST /xingrg/dwr/call/plaincall/AjaxCheckService.setItemNumber.dwr HTTP/1.1" 200 77
114.85.125.222 - - [25/Oct/2021:09:03:31 +0800] "POST /xingrg/kc/buy/cgsh_order_operate.html HTTP/1.1" 200 37
114.85.125.222 - - [25/Oct/2021:09:03:32 +0800] "POST /xingrg/kc/buy/cgsh_order_operate.html HTTP/1.1" 200 16880
116.227.210.113 - - [25/Oct/2021:09:03:33 +0800] "POST /xingrg/kc/base/check_list_operate.html HTTP/1.1" 200 4
180.157.253.6 - - [25/Oct/2021:09:03:34 +0800] "POST /xingrg/dwr/call/plaincall/AjaxCheckService.setItemNumber.dwr HTTP/1.1" 200 77
180.157.253.6 - - [25/Oct/2021:09:03:35 +0800] "POST /xingrg/dwr/call/plaincall/AjaxCheckService.setItemNumber.dwr HTTP/1.1" 200 77
114.83.216.72 - - [25/Oct/2021:09:03:35 +0800] "GET /xingrg/kc/buy/cgsh_order_operate.html?command=get_materiel&rest_code=00149&code=00101008283&supplier_code=00100005&order_time=2021-10-25 HTTP/1.1" 200 408
180.157.253.6 - - [25/Oct/2021:09:03:36 +0800] "POST /xingrg/dwr/call/plaincall/AjaxCheckService.setItemNumber.dwr HTTP/1.1" 200 77
180.157.253.6 - - [25/Oct/2021:09:03:36 +0800] "POST /xingrg/dwr/call/plaincall/AjaxCheckService.setItemNumber.dwr HTTP/1.1" 200 77
180.157.253.6 - - [25/Oct/2021:09:03:37 +0800] "POST /xingrg/dwr/call/plaincall/AjaxCheckService.setItemNumber.dwr HTTP/1.1" 200 77
180.157.253.6 - - [25/Oct/2021:09:03:38 +0800] "POST /xingrg/dwr/call/plaincall/AjaxCheckService.setItemNumber.dwr HTTP/1.1" 200 77
114.85.125.222 - - [25/Oct/2021:09:03:39 +0800] "GET /xingrg/kc/buy/cgsh_order_operate.html?command=get_materiel&rest_code=00150&code=00101008375&supplier_code=00100007&order_time=2021-10-25 HTTP/1.1" 200 416
114.83.216.72 - - [25/Oct/2021:09:03:42 +0800] "POST /xingrg/kc/buy/cgsh_order_operate.html HTTP/1.1" 200 2065
180.157.253.6 - - [25/Oct/2021:09:03:43 +0800] "POST /xingrg/dwr/call/plaincall/AjaxCheckService.setItemNumber.dwr HTTP/1.1" 200 77
114.85.125.222 - - [25/Oct/2021:09:03:44 +0800] "GET /xingrg/check_reg.html?_=1635123766398 HTTP/1.1" 200 22
180.157.253.6 - - [25/Oct/2021:09:03:44 +0800] "POST /xingrg/dwr/call/plaincall/AjaxCheckService.setItemNumber.dwr HTTP/1.1" 200 77
114.85.125.222 - - [25/Oct/2021:09:03:44 +0800] "GET /xingrg/all/function/internal_message.html?_=1635123766458&CODE_STATE=getMsg HTTP/1.1" 200 27
180.157.253.6 - - [25/Oct/2021:09:03:45 +0800] "POST /xingrg/dwr/call/plaincall/AjaxCheckService.setItemNumber.dwr HTTP/1.1" 200 77
116.227.210.113 - - [25/Oct/2021:09:03:45 +0800] "POST /xingrg/kc/base/check_list_operate.html HTTP/1.1" 200 781
114.83.216.72 - - [25/Oct/2021:09:03:46 +0800] "GET /xingrg/all/function/internal_message.html?_=1635123826872&CODE_STATE=getMsg HTTP/1.1" 200 27
114.83.216.72 - - [25/Oct/2021:09:03:48 +0800] "GET /xingrg/kc/buy/cgsh_order_operate.html?command=get_materiel&rest_code=00149&code=00101015024&supplier_code=00100005&order_time=2021-10-25 HTTP/1.1" 200 413
116.227.210.113 - - [25/Oct/2021:09:03:49 +0800] "GET /xingrg/kc/buy/cgsh_order_list.html HTTP/1.1" 200 48947
180.157.253.6 - - [25/Oct/2021:09:03:50 +0800] "POST /xingrg/dwr/call/plaincall/AjaxCheckService.setItemNumber.dwr HTTP/1.1" 200 77
116.227.210.113 - - [25/Oct/2021:09:03:50 +0800] "GET /xingrg/check_reg.html?_=1635123822574 HTTP/1.1" 200 22
116.227.210.113 - - [25/Oct/2021:09:03:50 +0800] "GET /xingrg/all/function/internal_message.html?_=1635123822573&CODE_STATE=getMsg HTTP/1.1" 200 27
116.227.210.113 - - [25/Oct/2021:09:03:50 +0800] "POST /xingrg/kc/buy/cgsh_list_operate.html HTTP/1.1" 200 1690
180.157.253.6 - - [25/Oct/2021:09:03:52 +0800] "POST /xingrg/dwr/call/plaincall/AjaxCheckService.setItemNumber.dwr HTTP/1.1" 200 77
116.227.210.113 - - [25/Oct/2021:09:03:53 +0800] "GET /xingrg/kc/buy/cgsh_order_add.html HTTP/1.1" 200 64647
180.157.253.6 - - [25/Oct/2021:09:03:53 +0800] "POST /xingrg/dwr/call/plaincall/AjaxCheckService.setItemNumber.dwr HTTP/1.1" 200 77
116.227.210.113 - - [25/Oct/2021:09:03:53 +0800] "POST /xingrg/kc/buy/cgsh_order_operate.html HTTP/1.1" 200 8245
116.227.210.113 - - [25/Oct/2021:09:03:53 +0800] "GET /xingrg/javascript/easyui/themes/default/validatebox.css HTTP/1.1" 404 1104
180.157.253.6 - - [25/Oct/2021:09:03:54 +0800] "POST /xingrg/dwr/call/plaincall/AjaxCheckService.setItemNumber.dwr HTTP/1.1" 200 77
180.157.253.6 - - [25/Oct/2021:09:03:55 +0800] "POST /xingrg/dwr/call/plaincall/AjaxCheckService.setItemNumber.dwr HTTP/1.1" 200 77
180.169.147.146 - - [25/Oct/2021:09:03:55 +0800] "GET /xingrg/index.html?sysBaseUrl=http%3A%2F%2F180.169.147.146%3A18081%2Fxingrg%2F&costTime=40×tamp=1610415445867 HTTP/1.1" 302 -
180.169.147.146 - - [25/Oct/2021:09:03:55 +0800] "GET /xingrg/login.html HTTP/1.1" 200 7641
180.157.253.6 - - [25/Oct/2021:09:03:55 +0800] "POST /xingrg/dwr/call/plaincall/AjaxCheckService.setItemNumber.dwr HTTP/1.1" 200 77
180.169.147.146 - - [25/Oct/2021:09:03:55 +0800] "GET /xingrg/check_reg.html?_=1635123837577 HTTP/1.1" 200 22
180.169.147.146 - - [25/Oct/2021:09:03:55 +0800] "GET /xingrg/all/function/internal_message.html?_=1635123837579&CODE_STATE=getMsg HTTP/1.1" 200 27
180.169.147.146 - - [25/Oct/2021:09:03:55 +0800] "GET /favicon.ico HTTP/1.1" 404 -
180.157.253.6 - - [25/Oct/2021:09:03:56 +0800] "POST /xingrg/dwr/call/plaincall/AjaxCheckService.setItemNumber.dwr HTTP/1.1" 200 77
180.157.253.6 - - [25/Oct/2021:09:03:58 +0800] "POST /xingrg/dwr/call/plaincall/AjaxCheckService.setItemNumber.dwr HTTP/1.1" 200 77
180.157.253.6 - - [25/Oct/2021:09:03:58 +0800] "GET /xingrg/all/function/internal_message.html?_=1635123838497&CODE_STATE=getMsg HTTP/1.1" 200 27
116.227.210.113 - - [25/Oct/2021:09:04:01 +0800] "GET /xingrg/kc/buy/cgsh_order_operate.html?command=get_materiel&rest_code=00155&code=00101001111&supplier_code=00100199&order_time=2021-10-25 HTTP/1.1" 200 409
180.157.253.6 - - [25/Oct/2021:09:04:05 +0800] "POST /xingrg/dwr/call/plaincall/AjaxCheckService.setItemNumber.dwr HTTP/1.1" 200 77
180.157.253.6 - - [25/Oct/2021:09:04:06 +0800] "POST /xingrg/dwr/call/plaincall/AjaxCheckService.setItemNumber.dwr HTTP/1.1" 200 77
114.85.125.222 - - [25/Oct/2021:09:04:06 +0800] "GET /xingrg/kc/buy/cgsh_order_operate.html?command=get_materiel&rest_code=00150&code=00101008095&supplier_code=00100007&order_time=2021-10-25 HTTP/1.1" 200 412
180.169.147.146 - - [25/Oct/2021:09:04:06 +0800] "POST /xingrg/login.do HTTP/1.1" 302 -
180.169.147.146 - - [25/Oct/2021:09:04:06 +0800] "GET /xingrg/index.html?sysBaseUrl=http%3A%2F%2F180.169.147.146%3A18081%2Fxingrg%2F&costTime=42×tamp=1635123846763 HTTP/1.1" 200 17503
180.169.147.146 - - [25/Oct/2021:09:04:07 +0800] "POST /xingrg/all/common/load_tree.html?tree=area_rest_tree_json&manage=1 HTTP/1.1" 200 2338
180.169.147.146 - - [25/Oct/2021:09:04:07 +0800] "GET /xingrg/all/function/internal_message.html?_=1635123907101&CODE_STATE=count HTTP/1.1" 200 11
180.169.147.146 - - [25/Oct/2021:09:04:07 +0800] "GET /xingrg/check_reg.html?_=1635123907103 HTTP/1.1" 200 22
180.169.147.146 - - [25/Oct/2021:09:04:07 +0800] "GET /favicon.ico HTTP/1.1" 404 -
180.169.147.146 - - [25/Oct/2021:09:04:07 +0800] "POST /xingrg/load_menu.html HTTP/1.1" 200 11443
222.70.171.86 - - [25/Oct/2021:09:04:08 +0800] "GET /xingrg/all/function/internal_message.html?_=1635123849215&CODE_STATE=getMsg HTTP/1.1" 200 27
180.169.147.146 - - [25/Oct/2021:09:04:09 +0800] "GET /xingrg/kc/pszx/ps_main.html HTTP/1.1" 200 13401
180.169.147.146 - - [25/Oct/2021:09:04:09 +0800] "GET /xingrg/images/blue/button/fdqpd.gif HTTP/1.1" 304 -
180.169.147.146 - - [25/Oct/2021:09:04:09 +0800] "GET /xingrg/images/blue/button/jzcgd.gif HTTP/1.1" 304 -
180.169.147.146 - - [25/Oct/2021:09:04:09 +0800] "GET /xingrg/images/blue/button/fdps2.gif HTTP/1.1" 304 -
180.169.147.146 - - [25/Oct/2021:09:04:10 +0800] "GET /xingrg/images/blue/button/left_down_ah.jpg HTTP/1.1" 304 -
180.169.147.146 - - [25/Oct/2021:09:04:10 +0800] "GET /xingrg/images/blue/button/line.jpg HTTP/1.1" 304 -
180.169.147.146 - - [25/Oct/2021:09:04:10 +0800] "GET /xingrg/images/blue/button/right_down_ah.jpg HTTP/1.1" 304 -
180.157.253.6 - - [25/Oct/2021:09:04:10 +0800] "POST /xingrg/dwr/call/plaincall/AjaxCheckService.setItemNumber.dwr HTTP/1.1" 200 77
116.227.210.113 - - [25/Oct/2021:09:04:10 +0800] "GET /xingrg/kc/buy/cgsh_order_operate.html?command=get_materiel&rest_code=00155&code=00101002027&supplier_code=00100199&order_time=2021-10-25 HTTP/1.1" 200 433
180.169.147.146 - - [25/Oct/2021:09:04:10 +0800] "GET /xingrg/kc/buy/buy_main.html HTTP/1.1" 200 12341
180.169.147.146 - - [25/Oct/2021:09:04:10 +0800] "GET /xingrg/css/new_ie.css HTTP/1.1" 404 1036
180.169.147.146 - - [25/Oct/2021:09:04:11 +0800] "GET /xingrg/images/yd/bt.gif HTTP/1.1" 404 1040
180.157.253.6 - - [25/Oct/2021:09:04:11 +0800] "POST /xingrg/dwr/call/plaincall/AjaxCheckService.setItemNumber.dwr HTTP/1.1" 200 77
180.157.253.6 - - [25/Oct/2021:09:04:12 +0800] "POST /xingrg/dwr/call/plaincall/AjaxCheckService.setItemNumber.dwr HTTP/1.1" 200 77
180.169.147.146 - - [25/Oct/2021:09:04:12 +0800] "GET /xingrg/kc/buy/cgsh_order_list.html HTTP/1.1" 200 49196
180.157.253.6 - - [25/Oct/2021:09:04:12 +0800] "POST /xingrg/dwr/call/plaincall/AjaxCheckService.setItemNumber.dwr HTTP/1.1" 200 77
180.169.147.146 - - [25/Oct/2021:09:04:13 +0800] "POST /xingrg/kc/buy/cgsh_list_operate.html HTTP/1.1" 200 876
180.157.253.6 - - [25/Oct/2021:09:04:13 +0800] "POST /xingrg/dwr/call/plaincall/AjaxCheckService.setItemNumber.dwr HTTP/1.1" 200 77
180.157.253.6 - - [25/Oct/2021:09:04:14 +0800] "POST /xingrg/dwr/call/plaincall/AjaxCheckService.setItemNumber.dwr HTTP/1.1" 200 77
114.85.125.222 - - [25/Oct/2021:09:04:15 +0800] "GET /xingrg/kc/buy/cgsh_order_operate.html?command=get_materiel&rest_code=00150&code=00101008110&supplier_code=00100007&order_time=2021-10-25 HTTP/1.1" 200 408
180.157.253.6 - - [25/Oct/2021:09:04:15 +0800] "POST /xingrg/dwr/call/plaincall/AjaxCheckService.setItemNumber.dwr HTTP/1.1" 200 77
58.39.139.200 - - [25/Oct/2021:09:04:16 +0800] "GET /xingrg/all/function/internal_message.html?_=1635123857743&CODE_STATE=getMsg HTTP/1.1" 200 27
180.169.147.146 - - [25/Oct/2021:09:04:18 +0800] "GET /xingrg/javascript/jquery_tools/images/prev.gif HTTP/1.1" 404 1086
180.169.147.146 - - [25/Oct/2021:09:04:18 +0800] "GET /xingrg/javascript/jquery_tools/images/next.gif HTTP/1.1" 404 1086
116.227.210.113 - - [25/Oct/2021:09:04:18 +0800] "GET /xingrg/kc/buy/cgsh_order_operate.html?command=get_materiel&rest_code=00155&code=00101001075&supplier_code=00100199&order_time=2021-10-25 HTTP/1.1" 200 409
180.157.253.6 - - [25/Oct/2021:09:04:20 +0800] "POST /xingrg/dwr/call/plaincall/AjaxCheckService.setItemNumber.dwr HTTP/1.1" 200 77
222.70.179.155 - - [25/Oct/2021:09:04:20 +0800] "GET /xingrg/all/function/internal_message.html?_=1635123860038&CODE_STATE=getMsg HTTP/1.1" 200 27
180.157.253.6 - - [25/Oct/2021:09:04:20 +0800] "POST /xingrg/dwr/call/plaincall/AjaxCheckService.setItemNumber.dwr HTTP/1.1" 200 77
114.83.216.72 - - [25/Oct/2021:09:04:21 +0800] "GET /xingrg/kc/buy/cgsh_order_operate.html?command=get_materiel&rest_code=00149&code=00101013165&supplier_code=00100005&order_time=2021-10-25 HTTP/1.1" 200 409
180.157.253.6 - - [25/Oct/2021:09:04:21 +0800] "POST /xingrg/dwr/call/plaincall/AjaxCheckService.setItemNumber.dwr HTTP/1.1" 200 77
180.157.253.6 - - [25/Oct/2021:09:04:22 +0800] "POST /xingrg/dwr/call/plaincall/AjaxCheckService.setItemNumber.dwr HTTP/1.1" 200 77
114.85.125.222 - - [25/Oct/2021:09:04:23 +0800] "GET /xingrg/kc/buy/cgsh_order_operate.html?command=get_materiel&rest_code=00150&code=00101008027&supplier_code=00100007&order_time=2021-10-25 HTTP/1.1" 200 409
180.157.253.6 - - [25/Oct/2021:09:04:23 +0800] "POST /xingrg/dwr/call/plaincall/AjaxCheckService.setItemNumber.dwr HTTP/1.1" 200 77
180.169.147.146 - - [25/Oct/2021:09:04:23 +0800] "GET /xingrg/javascript/easyui/themes/default/tree.css HTTP/1.1" 404 1090
180.169.147.146 - - [25/Oct/2021:09:04:24 +0800] "POST /xingrg/all/common/load_tree.html?tree=area_rest_tree_json&manage=1 HTTP/1.1" 200 2338
180.169.147.146 - - [25/Oct/2021:09:04:24 +0800] "GET /xingrg/javascript/easyui/themes/icons/area.png HTTP/1.1" 304 -
180.169.147.146 - - [25/Oct/2021:09:04:24 +0800] "GET /xingrg/javascript/easyui/themes/icons/manage.png HTTP/1.1" 304 -
180.169.147.146 - - [25/Oct/2021:09:04:24 +0800] "GET /xingrg/javascript/easyui/themes/icons/rest.png HTTP/1.1" 304 -
180.157.253.6 - - [25/Oct/2021:09:04:24 +0800] "POST /xingrg/dwr/call/plaincall/AjaxCheckService.setItemNumber.dwr HTTP/1.1" 200 77
116.227.210.113 - - [25/Oct/2021:09:04:25 +0800] "GET /xingrg/kc/buy/cgsh_order_operate.html?command=get_materiel&rest_code=00155&code=00101001060&supplier_code=00100199&order_time=2021-10-25 HTTP/1.1" 200 419
116.238.248.233 - - [25/Oct/2021:09:04:25 +0800] "GET /xingrg/all/function/internal_message.html?_=1635123863102&CODE_STATE=getMsg HTTP/1.1" 200 27
180.174.227.63 - - [25/Oct/2021:09:04:27 +0800] "GET /xingrg/all/function/internal_message.html?_=1635123854865&CODE_STATE=getMsg HTTP/1.1" 200 27
114.85.125.222 - - [25/Oct/2021:09:04:30 +0800] "GET /xingrg/kc/buy/cgsh_order_operate.html?command=get_materiel&rest_code=00150&code=00101008283&supplier_code=00100007&order_time=2021-10-25 HTTP/1.1" 200 408
180.157.253.6 - - [25/Oct/2021:09:04:31 +0800] "POST /xingrg/dwr/call/plaincall/AjaxCheckService.setItemNumber.dwr HTTP/1.1" 200 77
180.157.253.6 - - [25/Oct/2021:09:04:32 +0800] "POST /xingrg/dwr/call/plaincall/AjaxCheckService.setItemNumber.dwr HTTP/1.1" 200 77
114.83.216.72 - - [25/Oct/2021:09:04:32 +0800] "GET /xingrg/kc/buy/cgsh_order_operate.html?command=get_materiel&rest_code=00149&code=00101008168&supplier_code=00100005&order_time=2021-10-25 HTTP/1.1" 200 412
180.169.147.146 - - [25/Oct/2021:09:04:33 +0800] "POST /xingrg/kc/buy/cgsh_list_operate.html HTTP/1.1" 200 5459
180.157.253.6 - - [25/Oct/2021:09:04:33 +0800] "POST /xingrg/dwr/call/plaincall/AjaxCheckService.setItemNumber.dwr HTTP/1.1" 200 77
116.227.210.113 - - [25/Oct/2021:09:04:34 +0800] "GET /xingrg/kc/buy/cgsh_order_operate.html?command=get_materiel&rest_code=00155&code=00101002041&supplier_code=00100199&order_time=2021-10-25 HTTP/1.1" 200 409
180.157.253.6 - - [25/Oct/2021:09:04:35 +0800] "POST /xingrg/dwr/call/plaincall/AjaxCheckService.setItemNumber.dwr HTTP/1.1" 200 77
180.169.147.146 - - [25/Oct/2021:09:04:35 +0800] "POST /xingrg/kc/buy/cgsh_list_operate.html HTTP/1.1" 200 571
180.157.253.6 - - [25/Oct/2021:09:04:36 +0800] "POST /xingrg/dwr/call/plaincall/AjaxCheckService.setItemNumber.dwr HTTP/1.1" 200 77
114.85.125.222 - - [25/Oct/2021:09:04:36 +0800] "POST /xingrg/kc/buy/cgsh_order_operate.html HTTP/1.1" 200 37
180.157.253.6 - - [25/Oct/2021:09:04:37 +0800] "POST /xingrg/dwr/call/plaincall/AjaxCheckService.setItemNumber.dwr HTTP/1.1" 200 77
114.85.125.222 - - [25/Oct/2021:09:04:37 +0800] "POST /xingrg/kc/buy/cgsh_order_operate.html HTTP/1.1" 200 19828
222.70.179.155 - - [25/Oct/2021:09:04:38 +0800] "GET /xingrg/check_reg.html?_=1635123877341 HTTP/1.1" 200 22
180.157.253.6 - - [25/Oct/2021:09:04:38 +0800] "POST /xingrg/dwr/call/plaincall/AjaxCheckService.setItemNumber.dwr HTTP/1.1" 200 77
180.169.147.146 - - [25/Oct/2021:09:04:40 +0800] "GET /xingrg/kc/buy/cgsh_order_info.html?code=212021102410552 HTTP/1.1" 200 59811
180.169.147.146 - - [25/Oct/2021:09:04:40 +0800] "GET /xingrg/words/20211024174750_words.js HTTP/1.1" 200 860001
180.169.147.146 - - [25/Oct/2021:09:04:41 +0800] "GET /xingrg/javascript/easyui/themes/default/validatebox.css HTTP/1.1" 404 1104
180.169.147.146 - - [25/Oct/2021:09:04:41 +0800] "POST /xingrg/kc/buy/cgsh_order_operate.html HTTP/1.1" 200 27237
114.83.216.72 - - [25/Oct/2021:09:04:43 +0800] "GET /xingrg/kc/buy/cgsh_order_operate.html?command=get_materiel&rest_code=00149&code=00101008236&supplier_code=00100005&order_time=2021-10-25 HTTP/1.1" 200 416
114.85.125.222 - - [25/Oct/2021:09:04:44 +0800] "GET /xingrg/all/function/internal_message.html?_=1635123826472&CODE_STATE=getMsg HTTP/1.1" 200 27
116.227.210.113 - - [25/Oct/2021:09:04:44 +0800] "GET /xingrg/kc/buy/cgsh_order_operate.html?command=get_materiel&rest_code=00155&code=00101002006&supplier_code=00100199&order_time=2021-10-25 HTTP/1.1" 200 435
114.85.125.222 - - [25/Oct/2021:09:04:45 +0800] "GET /xingrg/javascript/jquery_easy_ui/themes/default/images/tabs_active.png HTTP/1.1" 304 -
180.169.147.146 - - [25/Oct/2021:09:04:46 +0800] "POST /xingrg/kc/buy/cgsh_order_operate.html HTTP/1.1" 200 235
114.83.216.72 - - [25/Oct/2021:09:04:46 +0800] "GET /xingrg/all/function/internal_message.html?_=1635123886916&CODE_STATE=getMsg HTTP/1.1" 200 27
116.227.210.113 - - [25/Oct/2021:09:04:50 +0800] "GET /xingrg/all/function/internal_message.html?_=1635123882558&CODE_STATE=getMsg HTTP/1.1" 200 27
114.85.125.222 - - [25/Oct/2021:09:04:52 +0800] "GET /xingrg/kc/buy/cgsh_order_operate.html?command=get_materiel&rest_code=00150&code=00101008323&supplier_code=00100007&order_time=2021-10-25 HTTP/1.1" 200 408
180.169.147.146 - - [25/Oct/2021:09:04:55 +0800] "GET /xingrg/all/function/internal_message.html?_=1635123897578&CODE_STATE=getMsg HTTP/1.1" 200 27
116.227.210.113 - - [25/Oct/2021:09:04:56 +0800] "POST /xingrg/kc/buy/cgsh_order_operate.html HTTP/1.1" 200 37
180.169.147.146 - - [25/Oct/2021:09:04:57 +0800] "GET /xingrg/kc/base/base_main.html HTTP/1.1" 200 12142
180.157.253.6 - - [25/Oct/2021:09:04:58 +0800] "GET /xingrg/all/function/internal_message.html?_=1635123898471&CODE_STATE=getMsg HTTP/1.1" 200 27
180.169.147.146 - - [25/Oct/2021:09:04:59 +0800] "GET /xingrg/kc/base/check_order_list.html HTTP/1.1" 200 16604
180.169.147.146 - - [25/Oct/2021:09:04:59 +0800] "POST /xingrg/kc/base/check_list_operate.html HTTP/1.1" 200 781
116.227.210.113 - - [25/Oct/2021:09:05:02 +0800] "POST /xingrg/kc/buy/cgsh_order_operate.html HTTP/1.1" 200 5628
114.83.216.72 - - [25/Oct/2021:09:05:03 +0800] "GET /xingrg/kc/buy/cgsh_order_operate.html?command=get_materiel&rest_code=00149&code=00101010772&supplier_code=00100005&order_time=2021-10-25 HTTP/1.1" 200 441
180.169.147.146 - - [25/Oct/2021:09:05:07 +0800] "GET /xingrg/all/function/internal_message.html?_=1635123967120&CODE_STATE=getMsg HTTP/1.1" 200 27
222.70.171.86 - - [25/Oct/2021:09:05:08 +0800] "GET /xingrg/all/function/internal_message.html?_=1635123909229&CODE_STATE=getMsg HTTP/1.1" 200 27
180.169.147.146 - - [25/Oct/2021:09:05:08 +0800] "POST /xingrg/kc/base/check_list_operate.html HTTP/1.1" 200 781
180.169.147.146 - - [25/Oct/2021:09:05:10 +0800] "POST /xingrg/kc/base/check_list_operate.html HTTP/1.1" 200 781
180.169.147.146 - - [25/Oct/2021:09:05:11 +0800] "POST /xingrg/kc/base/check_list_operate.html HTTP/1.1" 200 781
114.85.125.222 - - [25/Oct/2021:09:05:13 +0800] "GET /xingrg/kc/buy/cgsh_order_operate.html?command=get_materiel&rest_code=00150&code=00101008331&supplier_code=00100007&order_time=2021-10-25 HTTP/1.1" 200 416
180.169.147.146 - - [25/Oct/2021:09:05:13 +0800] "GET /xingrg/kc/base/base_main.html HTTP/1.1" 200 12142
180.169.147.146 - - [25/Oct/2021:09:05:14 +0800] "GET /xingrg/kc/base/check_order_list.html HTTP/1.1" 200 16604
180.169.147.146 - - [25/Oct/2021:09:05:15 +0800] "POST /xingrg/kc/base/check_list_operate.html HTTP/1.1" 200 781
114.83.216.72 - - [25/Oct/2021:09:05:15 +0800] "POST /xingrg/kc/buy/cgsh_order_operate.html HTTP/1.1" 200 2065
58.39.139.200 - - [25/Oct/2021:09:05:16 +0800] "GET /xingrg/all/function/internal_message.html?_=1635123917718&CODE_STATE=getMsg HTTP/1.1" 200 27
114.85.125.222 - - [25/Oct/2021:09:05:20 +0800] "GET /xingrg/kc/buy/cgsh_order_operate.html?command=get_materiel&rest_code=00150&code=00101008350&supplier_code=00100007&order_time=2021-10-25 HTTP/1.1" 200 430
222.70.179.155 - - [25/Oct/2021:09:05:20 +0800] "GET /xingrg/all/function/internal_message.html?_=1635123920008&CODE_STATE=getMsg HTTP/1.1" 200 27
114.83.216.72 - - [25/Oct/2021:09:05:22 +0800] "GET /xingrg/kc/buy/cgsh_order_operate.html?command=get_materiel&rest_code=00149&code=00101008330&supplier_code=00100005&order_time=2021-10-25 HTTP/1.1" 200 409
180.169.147.146 - - [25/Oct/2021:09:05:22 +0800] "POST /xingrg/kc/base/check_list_operate.html HTTP/1.1" 200 781
116.238.248.233 - - [25/Oct/2021:09:05:25 +0800] "GET /xingrg/all/function/internal_message.html?_=1635123923093&CODE_STATE=getMsg HTTP/1.1" 200 27
180.174.227.63 - - [25/Oct/2021:09:05:26 +0800] "GET /xingrg/check_reg.html?_=1635123913928 HTTP/1.1" 200 22
180.174.227.63 - - [25/Oct/2021:09:05:27 +0800] "GET /xingrg/all/function/internal_message.html?_=1635123914942&CODE_STATE=getMsg HTTP/1.1" 200 27
114.83.216.72 - - [25/Oct/2021:09:05:31 +0800] "GET /xingrg/kc/buy/cgsh_order_operate.html?command=get_materiel&rest_code=00149&code=00101008403&supplier_code=00100005&order_time=2021-10-25 HTTP/1.1" 200 412
180.169.147.146 - - [25/Oct/2021:09:05:34 +0800] "GET /xingrg/javascript/easyui/themes/default/tree.css HTTP/1.1" 404 1090
180.169.147.146 - - [25/Oct/2021:09:05:34 +0800] "POST /xingrg/all/common/load_tree.html?tree=rest_base_tree_json HTTP/1.1" 200 76392
114.85.125.222 - - [25/Oct/2021:09:05:34 +0800] "POST /xingrg/kc/buy/cgsh_order_operate.html HTTP/1.1" 200 37
114.85.125.222 - - [25/Oct/2021:09:05:35 +0800] "POST /xingrg/kc/buy/cgsh_order_operate.html HTTP/1.1" 200 22790
180.169.147.146 - - [25/Oct/2021:09:05:38 +0800] "POST /xingrg/all/common/load_tree.html?tree=area_rest_tree_json&manage=1 HTTP/1.1" 200 2338
114.83.216.72 - - [25/Oct/2021:09:05:42 +0800] "GET /xingrg/kc/buy/cgsh_order_operate.html?command=get_materiel&rest_code=00149&code=00101020052&supplier_code=00100005&order_time=2021-10-25 HTTP/1.1" 200 418
114.85.125.222 - - [25/Oct/2021:09:05:42 +0800] "GET /xingrg/kc/buy/cgsh_order_operate.html?command=get_materiel&rest_code=00150&code=00101008236&supplier_code=00100007&order_time=2021-10-25 HTTP/1.1" 200 416
114.85.125.222 - - [25/Oct/2021:09:05:44 +0800] "GET /xingrg/all/function/internal_message.html?_=1635123886485&CODE_STATE=getMsg HTTP/1.1" 200 27
114.83.216.72 - - [25/Oct/2021:09:05:46 +0800] "GET /xingrg/all/function/internal_message.html?_=1635123946896&CODE_STATE=getMsg HTTP/1.1" 200 27
180.169.147.146 - - [25/Oct/2021:09:05:47 +0800] "POST /xingrg/kc/base/check_list_operate.html HTTP/1.1" 200 5034
116.227.210.113 - - [25/Oct/2021:09:05:50 +0800] "GET /xingrg/all/function/internal_message.html?_=1635123942560&CODE_STATE=getMsg HTTP/1.1" 200 27
114.85.125.222 - - [25/Oct/2021:09:05:51 +0800] "GET /xingrg/kc/buy/cgsh_order_operate.html?command=get_materiel&rest_code=00150&code=00101008114&supplier_code=00100007&order_time=2021-10-25 HTTP/1.1" 200 412
116.227.210.113 - - [25/Oct/2021:09:05:53 +0800] "GET /xingrg/kc/print/load_data.html?order_code=212021102510994&kc_code=cgsh&condition= HTTP/1.1" 200 1815
180.169.147.146 - - [25/Oct/2021:09:05:55 +0800] "GET /xingrg/all/function/internal_message.html?_=1635123957582&CODE_STATE=getMsg HTTP/1.1" 200 27
180.157.253.6 - - [25/Oct/2021:09:05:58 +0800] "GET /xingrg/all/function/internal_message.html?_=1635123958452&CODE_STATE=getMsg HTTP/1.1" 200 27
114.85.125.222 - - [25/Oct/2021:09:05:59 +0800] "GET /xingrg/kc/buy/cgsh_order_operate.html?command=get_materiel&rest_code=00150&code=00101008061&supplier_code=00100007&order_time=2021-10-25 HTTP/1.1" 200 422
222.70.179.155 - - [25/Oct/2021:09:06:00 +0800] "GET /xingrg/login.html HTTP/1.1" 200 7641
222.70.179.155 - - [25/Oct/2021:09:06:00 +0800] "GET /favicon.ico HTTP/1.1" 404 -
114.83.216.72 - - [25/Oct/2021:09:06:06 +0800] "GET /xingrg/kc/buy/cgsh_order_operate.html?command=get_materiel&rest_code=00149&code=00101008010&supplier_code=00100005&order_time=2021-10-25 HTTP/1.1" 200 412
180.169.147.146 - - [25/Oct/2021:09:06:07 +0800] "GET /xingrg/all/function/internal_message.html?_=1635124027116&CODE_STATE=getMsg HTTP/1.1" 200 27
114.85.125.222 - - [25/Oct/2021:09:06:07 +0800] "GET /xingrg/kc/buy/cgsh_order_operate.html?command=get_materiel&rest_code=00150&code=00101008041&supplier_code=00100007&order_time=2021-10-25 HTTP/1.1" 200 408
222.70.171.86 - - [25/Oct/2021:09:06:08 +0800] "GET /xingrg/all/function/internal_message.html?_=1635123969251&CODE_STATE=getMsg HTTP/1.1" 200 27
114.83.216.72 - - [25/Oct/2021:09:06:09 +0800] "POST /xingrg/services/DataTransmitService HTTP/1.1" 200 524
114.83.216.72 - - [25/Oct/2021:09:06:10 +0800] "POST /xingrg/services/DataTransmitService HTTP/1.1" 200 1979
114.83.216.72 - - [25/Oct/2021:09:06:10 +0800] "POST /xingrg/services/DataTransmitService HTTP/1.1" 200 128660
222.70.179.155 - - [25/Oct/2021:09:06:11 +0800] "POST /xingrg/login.do HTTP/1.1" 302 -
222.70.179.155 - - [25/Oct/2021:09:06:11 +0800] "GET /xingrg/index.html?sysBaseUrl=http%3A%2F%2F180.169.147.146%3A18081%2Fxingrg%2F&costTime=45×tamp=1635123971132 HTTP/1.1" 200 17173
222.70.179.155 - - [25/Oct/2021:09:06:11 +0800] "GET /favicon.ico HTTP/1.1" 404 -
222.70.179.155 - - [25/Oct/2021:09:06:11 +0800] "POST /xingrg/all/common/load_tree.html?tree=area_rest_tree_json&manage=1 HTTP/1.1" 200 342
222.70.179.155 - - [25/Oct/2021:09:06:11 +0800] "GET /xingrg/check_reg.html?_=1635123970605 HTTP/1.1" 200 22
222.70.179.155 - - [25/Oct/2021:09:06:11 +0800] "GET /xingrg/all/function/internal_message.html?_=1635123970604&CODE_STATE=count HTTP/1.1" 200 11
222.70.179.155 - - [25/Oct/2021:09:06:11 +0800] "POST /xingrg/load_menu.html HTTP/1.1" 200 5138
58.39.139.200 - - [25/Oct/2021:09:06:16 +0800] "GET /xingrg/check_reg.html?_=1635123977438 HTTP/1.1" 200 22
58.39.139.200 - - [25/Oct/2021:09:06:16 +0800] "GET /xingrg/all/function/internal_message.html?_=1635123977696&CODE_STATE=getMsg HTTP/1.1" 200 27
