116.238.248.233 - - [25/Oct/2021:10:50:34 +0800] "GET /xingrg/javascript/jquery_easy_ui/themes/default/images/tabs_leftarrow.png HTTP/1.1" 304 -
116.238.248.233 - - [25/Oct/2021:10:50:34 +0800] "GET /xingrg/javascript/jquery_easy_ui/themes/default/images/panel_tool_collapse.gif HTTP/1.1" 304 -
116.238.248.233 - - [25/Oct/2021:10:50:34 +0800] "GET /xingrg/images/blue/pingpu.png HTTP/1.1" 304 -
116.238.248.233 - - [25/Oct/2021:10:50:34 +0800] "GET /xingrg/javascript/jquery_easy_ui/themes/default/images/tabs_rightarrow.png HTTP/1.1" 304 -
116.238.248.233 - - [25/Oct/2021:10:50:34 +0800] "POST /xingrg/load_menu.html HTTP/1.1" 200 5138
61.151.178.164 - - [25/Oct/2021:10:50:35 +0800] "GET /xingrg/kc/print/load_data.html?order_code=212021102511033&kc_code=cgsh&condition= HTTP/1.1" 302 -
116.235.95.99 - - [25/Oct/2021:10:50:35 +0800] "POST /xingrg/services/DataTransmitService HTTP/1.1" 200 412
116.238.248.233 - - [25/Oct/2021:10:50:36 +0800] "GET /xingrg/kc/base/wldb_order_list.html HTTP/1.1" 200 19230
61.151.178.164 - - [25/Oct/2021:10:50:36 +0800] "GET /xingrg/login.html HTTP/1.1" 200 7641
116.238.248.233 - - [25/Oct/2021:10:50:36 +0800] "POST /xingrg/kc/base/wldb_list_operate.html HTTP/1.1" 200 928
116.238.248.233 - - [25/Oct/2021:10:50:37 +0800] "GET /xingrg/kc/base/wldb_order_add.html HTTP/1.1" 200 30444
116.238.248.233 - - [25/Oct/2021:10:50:37 +0800] "GET /xingrg/words/20211024174750_words.js HTTP/1.1" 304 -
116.238.248.233 - - [25/Oct/2021:10:50:37 +0800] "POST /xingrg/kc/base/wldb_order_operate.html HTTP/1.1" 200 6806
116.238.248.233 - - [25/Oct/2021:10:50:37 +0800] "GET /xingrg/all/common/auto_word.html?type=base&rest_code=00150 HTTP/1.1" 200 1653
116.238.248.233 - - [25/Oct/2021:10:50:37 +0800] "GET /xingrg/all/common/auto_word.html?type=base&rest_code=00150 HTTP/1.1" 200 1653
116.238.248.233 - - [25/Oct/2021:10:50:37 +0800] "GET /xingrg/javascript/easyui/themes/default/validatebox.css HTTP/1.1" 404 1104
116.238.248.233 - - [25/Oct/2021:10:50:41 +0800] "GET /xingrg/javascript/auto/indicator.gif HTTP/1.1" 404 1066
114.83.216.72 - - [25/Oct/2021:10:50:44 +0800] "GET /xingrg/all/function/internal_message.html?_=1635130245229&CODE_STATE=getMsg HTTP/1.1" 200 27
116.238.248.233 - - [25/Oct/2021:10:50:46 +0800] "GET /xingrg/kc/base/wldb_order_operate.html?command=get_materiel&rest_code=00150&base_code=0010446&code=00102002497 HTTP/1.1" 200 440
61.151.178.163 - - [25/Oct/2021:10:50:46 +0800] "GET /xingrg/kc/print/load_data.html?order_code=212021102511033&kc_code=cgsh HTTP/1.1" 302 -
61.151.178.163 - - [25/Oct/2021:10:50:46 +0800] "GET /xingrg/login.html HTTP/1.1" 200 7641
124.78.153.86 - - [25/Oct/2021:10:50:47 +0800] "GET /xingrg/kc/base/wldb_order_operate.html?command=get_materiel&rest_code=00106&base_code=0010396&code=00101019262 HTTP/1.1" 200 464
114.85.125.222 - - [25/Oct/2021:10:50:47 +0800] "GET /xingrg/all/function/internal_message.html?_=1635130189893&CODE_STATE=getMsg HTTP/1.1" 200 27
180.169.147.146 - - [25/Oct/2021:10:50:56 +0800] "GET /xingrg/check_reg.html?_=1635130256653 HTTP/1.1" 200 22
180.169.147.146 - - [25/Oct/2021:10:50:56 +0800] "GET /xingrg/all/function/internal_message.html?_=1635130256656&CODE_STATE=getMsg HTTP/1.1" 200 27
180.157.253.6 - - [25/Oct/2021:10:50:57 +0800] "GET /xingrg/all/function/internal_message.html?_=1635130257403&CODE_STATE=getMsg HTTP/1.1" 200 27
124.78.153.86 - - [25/Oct/2021:10:51:00 +0800] "GET /xingrg/kc/base/wldb_order_operate.html?command=get_materiel&rest_code=00106&base_code=0010396&code=00101019390 HTTP/1.1" 200 456
124.78.153.86 - - [25/Oct/2021:10:51:04 +0800] "GET /xingrg/check_reg.html?_=1635130264777 HTTP/1.1" 200 22
124.78.153.86 - - [25/Oct/2021:10:51:04 +0800] "GET /xingrg/all/function/internal_message.html?_=1635130264779&CODE_STATE=getMsg HTTP/1.1" 200 27
222.70.179.155 - - [25/Oct/2021:10:51:05 +0800] "GET /xingrg/kc/buy/cgsh_order_operate.html?command=get_materiel&rest_code=00111&code=00102009864&supplier_code=00100384&order_time=2021-10-25 HTTP/1.1" 200 417
101.85.106.134 - - [25/Oct/2021:10:51:06 +0800] "GET /xingrg/all/function/internal_message.html?_=1635130263878&CODE_STATE=getMsg HTTP/1.1" 200 27
116.227.210.113 - - [25/Oct/2021:10:51:07 +0800] "GET /xingrg/all/function/internal_message.html?_=1635130259015&CODE_STATE=getMsg HTTP/1.1" 200 27
222.70.171.86 - - [25/Oct/2021:10:51:12 +0800] "GET /xingrg/all/function/internal_message.html?_=1635130273897&CODE_STATE=getMsg HTTP/1.1" 200 27
124.78.153.86 - - [25/Oct/2021:10:51:14 +0800] "GET /xingrg/all/function/internal_message.html?_=1635130273041&CODE_STATE=getMsg HTTP/1.1" 200 27
222.70.179.155 - - [25/Oct/2021:10:51:19 +0800] "GET /xingrg/all/function/internal_message.html?_=1635130279084&CODE_STATE=getMsg HTTP/1.1" 200 27
222.70.179.155 - - [25/Oct/2021:10:51:19 +0800] "GET /xingrg/check_reg.html?_=1635130279085 HTTP/1.1" 200 22
124.78.153.86 - - [25/Oct/2021:10:51:20 +0800] "GET /xingrg/kc/base/wldb_order_operate.html?command=get_materiel&rest_code=00106&base_code=0010396&code=00101019359 HTTP/1.1" 200 446
222.70.179.155 - - [25/Oct/2021:10:51:27 +0800] "GET /xingrg/kc/buy/cgsh_order_operate.html?command=get_materiel&rest_code=00111&code=00102010395&supplier_code=00100384&order_time=2021-10-25 HTTP/1.1" 200 412
180.169.147.146 - - [25/Oct/2021:10:51:28 +0800] "GET /xingrg/all/function/internal_message.html?_=1635130290126&CODE_STATE=getMsg HTTP/1.1" 200 27
180.174.227.63 - - [25/Oct/2021:10:51:30 +0800] "GET /xingrg/all/function/internal_message.html?_=1635130277911&CODE_STATE=getMsg HTTP/1.1" 200 27
58.39.139.200 - - [25/Oct/2021:10:51:31 +0800] "GET /xingrg/all/function/internal_message.html?_=1635130292657&CODE_STATE=getMsg HTTP/1.1" 200 27
180.169.147.146 - - [25/Oct/2021:10:51:33 +0800] "GET /xingrg/all/function/internal_message.html?_=1635130294764&CODE_STATE=getMsg HTTP/1.1" 200 27
180.169.147.146 - - [25/Oct/2021:10:51:34 +0800] "GET /xingrg/all/function/internal_message.html?_=1635130354176&CODE_STATE=getMsg HTTP/1.1" 200 27
116.238.248.233 - - [25/Oct/2021:10:51:34 +0800] "GET /xingrg/all/function/internal_message.html?_=1635130291849&CODE_STATE=getMsg HTTP/1.1" 200 27
180.169.147.146 - - [25/Oct/2021:10:51:40 +0800] "GET /xingrg/kc/report/report_main.html HTTP/1.1" 200 7345
180.169.147.146 - - [25/Oct/2021:10:51:44 +0800] "GET /xingrg/all/report/report_query.html?fileName=kc/buy/gys_amount_category.xml&rh=99999 HTTP/1.1" 200 51878
180.169.147.146 - - [25/Oct/2021:10:51:44 +0800] "GET /xingrg/dwr/interface/AjaxReportQueryService.js HTTP/1.1" 200 13203
180.169.147.146 - - [25/Oct/2021:10:51:44 +0800] "GET /xingrg/dwr/engine.js HTTP/1.1" 200 43631
180.169.147.146 - - [25/Oct/2021:10:51:44 +0800] "POST /xingrg/dwr/call/plaincall/AjaxReportQueryService.getFixDate.dwr HTTP/1.1" 200 111
114.83.216.72 - - [25/Oct/2021:10:51:44 +0800] "GET /xingrg/all/function/internal_message.html?_=1635130305210&CODE_STATE=getMsg HTTP/1.1" 200 27
180.169.147.146 - - [25/Oct/2021:10:51:45 +0800] "POST /xingrg/dwr/call/plaincall/AjaxReportQueryService.getInitString.dwr HTTP/1.1" 200 1035
180.169.147.146 - - [25/Oct/2021:10:51:45 +0800] "POST /xingrg/all/common/load_tree.html?tree=supplier_tree_json&manage=1 HTTP/1.1" 200 61255
180.169.147.146 - - [25/Oct/2021:10:51:46 +0800] "POST /xingrg/all/common/load_tree.html?tree=materiel_sort_tree_json HTTP/1.1" 200 8912
114.85.125.222 - - [25/Oct/2021:10:51:47 +0800] "GET /xingrg/all/function/internal_message.html?_=1635130250011&CODE_STATE=getMsg HTTP/1.1" 200 27
222.70.179.155 - - [25/Oct/2021:10:51:53 +0800] "GET /xingrg/kc/buy/cgsh_order_operate.html?command=get_materiel&rest_code=00111&code=00102010240&supplier_code=00100384&order_time=2021-10-25 HTTP/1.1" 200 413
116.238.248.233 - - [25/Oct/2021:10:51:53 +0800] "GET /xingrg/kc/base/wldb_order_operate.html?command=get_materiel&rest_code=00150&base_code=0010445&code=00101010222 HTTP/1.1" 200 446
180.169.147.146 - - [25/Oct/2021:10:51:56 +0800] "GET /xingrg/all/function/internal_message.html?_=1635130316674&CODE_STATE=getMsg HTTP/1.1" 200 27
180.157.253.6 - - [25/Oct/2021:10:51:57 +0800] "GET /xingrg/all/function/internal_message.html?_=1635130317402&CODE_STATE=getMsg HTTP/1.1" 200 27
180.157.253.6 - - [25/Oct/2021:10:51:57 +0800] "GET /xingrg/check_reg.html?_=1635130317655 HTTP/1.1" 200 22
114.83.216.72 - - [25/Oct/2021:10:51:58 +0800] "GET /xingrg/check_reg.html?_=1635130318355 HTTP/1.1" 200 22
124.78.153.86 - - [25/Oct/2021:10:51:59 +0800] "GET /xingrg/check_reg.html?_=1635130318644 HTTP/1.1" 200 22
180.169.147.146 - - [25/Oct/2021:10:52:03 +0800] "POST /xingrg/dwr/call/plaincall/AjaxReportQueryService.refreshCache.dwr HTTP/1.1" 200 78
124.78.153.86 - - [25/Oct/2021:10:52:04 +0800] "GET /xingrg/all/function/internal_message.html?_=1635130324751&CODE_STATE=getMsg HTTP/1.1" 200 27
180.169.147.146 - - [25/Oct/2021:10:52:05 +0800] "POST /xingrg/all/report/load_report_page.html HTTP/1.1" 200 7303
180.169.147.146 - - [25/Oct/2021:10:52:05 +0800] "GET /xingrg/servlets/image?cache=0.4620010565435302&image=px HTTP/1.1" 200 807
101.85.106.134 - - [25/Oct/2021:10:52:06 +0800] "GET /xingrg/all/function/internal_message.html?_=1635130323879&CODE_STATE=getMsg HTTP/1.1" 200 27
101.85.106.134 - - [25/Oct/2021:10:52:06 +0800] "GET /xingrg/check_reg.html?_=1635130323883 HTTP/1.1" 200 22
180.169.147.146 - - [25/Oct/2021:10:52:07 +0800] "GET /xingrg/all/report/report_query.html?isQuery=1&fileName=kc/buy/wlcg_cate_hz.xml&queryString=(CONVERT(char(10)%2Ca.order_time%2C%20120)%3E%3D'2021-10-01')%20and%20(CONVERT(char(10)%2Ca.order_time%2C%20120)%3C%3D'2021-10-31')%20and%20(a.base_code%20in%20('0010378'))%20and%20(a.supplier_code%20in%20('00100015'))%20and%20(a.supplier_code%3D'00100015')%20and%20(a.big_sort%3D'00101')&queryText=%E3%80%90%E9%87%87%E8%B4%AD%E6%97%A5%E6%9C%9F%3A2021-10-01%20%E8%87%B3%202021-10-31%E3%80%91%20%E5%B9%B6%E4%B8%94%20%20%E3%80%90%E6%9F%A5%E8%AF%A2%E4%BB%93%E5%BA%93%20%3D%20%E7%B2%A4%E8%8F%9C%E3%80%91%20%E5%B9%B6%E4%B8%94%20%20%E3%80%90%E4%BE%9B%E5%BA%94%E5%95%86%20%3D%20%E7%8C%AA%E8%82%89%EF%BC%88%E7%8E%8B%E5%AF%8C%E6%98%8E%EF%BC%89%E3%80%91%20%E5%B9%B6%E4%B8%94%20%E3%80%90%E4%BE%9B%E5%BA%94%E5%95%86%3D%E7%8C%AA%E8%82%89%EF%BC%88%E7%8E%8B%E5%AF%8C%E6%98%8E%EF%BC%89%E3%80%91%E5%B9%B6%E4%B8%94%E3%80%90%E7%B1%BB%E5%88%AB%E5%90%8D%E7%A7%B0%20%3D%20%E6%88%90%E6%9C%AC%E7%B1%BB%E3%80%91&rand=0.28740549317744213 HTTP/1.1" 200 54625
180.169.147.146 - - [25/Oct/2021:10:52:07 +0800] "GET /xingrg/all/report/report_query.html?isQuery=1&fileName=kc/buy/wlcg_cate_hz.xml&queryString=(CONVERT(char(10)%2Ca.order_time%2C%20120)%3E%3D'2021-10-01')%20and%20(CONVERT(char(10)%2Ca.order_time%2C%20120)%3C%3D'2021-10-31')%20and%20(a.base_code%20in%20('0010378'))%20and%20(a.supplier_code%20in%20('00100015'))%20and%20(a.supplier_code%3D'00100015')%20and%20(a.big_sort%3D'00101')&queryText=%E3%80%90%E9%87%87%E8%B4%AD%E6%97%A5%E6%9C%9F%3A2021-10-01%20%E8%87%B3%202021-10-31%E3%80%91%20%E5%B9%B6%E4%B8%94%20%20%E3%80%90%E6%9F%A5%E8%AF%A2%E4%BB%93%E5%BA%93%20%3D%20%E7%B2%A4%E8%8F%9C%E3%80%91%20%E5%B9%B6%E4%B8%94%20%20%E3%80%90%E4%BE%9B%E5%BA%94%E5%95%86%20%3D%20%E7%8C%AA%E8%82%89%EF%BC%88%E7%8E%8B%E5%AF%8C%E6%98%8E%EF%BC%89%E3%80%91%20%E5%B9%B6%E4%B8%94%20%E3%80%90%E4%BE%9B%E5%BA%94%E5%95%86%3D%E7%8C%AA%E8%82%89%EF%BC%88%E7%8E%8B%E5%AF%8C%E6%98%8E%EF%BC%89%E3%80%91%E5%B9%B6%E4%B8%94%E3%80%90%E7%B1%BB%E5%88%AB%E5%90%8D%E7%A7%B0%20%3D%20%E6%88%90%E6%9C%AC%E7%B1%BB%E3%80%91&rand=0.28740549317744213 HTTP/1.1" 200 54625
180.169.147.146 - - [25/Oct/2021:10:52:07 +0800] "GET /xingrg/dwr/engine.js HTTP/1.1" 200 43631
116.227.210.113 - - [25/Oct/2021:10:52:07 +0800] "GET /xingrg/all/function/internal_message.html?_=1635130319020&CODE_STATE=getMsg HTTP/1.1" 200 27
180.169.147.146 - - [25/Oct/2021:10:52:08 +0800] "POST /xingrg/all/report/load_report_page.html HTTP/1.1" 200 8721
180.169.147.146 - - [25/Oct/2021:10:52:08 +0800] "GET /xingrg/servlets/image?cache=0.40825541571885826&image=px HTTP/1.1" 200 807
180.169.147.146 - - [25/Oct/2021:10:52:11 +0800] "POST /xingrg/all/report/load_report_page.html HTTP/1.1" 200 56824
180.169.147.146 - - [25/Oct/2021:10:52:11 +0800] "GET /xingrg/servlets/image?cache=0.6376645610274333&image=px HTTP/1.1" 200 807
222.70.171.86 - - [25/Oct/2021:10:52:12 +0800] "GET /xingrg/all/function/internal_message.html?_=1635130334102&CODE_STATE=getMsg HTTP/1.1" 200 27
61.151.207.205 - - [25/Oct/2021:10:52:13 +0800] "GET /xingrg/all/function/internal_message.html?_=1635130273041&CODE_STATE=getMsg HTTP/1.1" 302 -
124.78.153.86 - - [25/Oct/2021:10:52:14 +0800] "GET /xingrg/all/function/internal_message.html?_=1635130333017&CODE_STATE=getMsg HTTP/1.1" 200 27
61.151.207.205 - - [25/Oct/2021:10:52:14 +0800] "GET /xingrg/login.html HTTP/1.1" 200 7641
222.70.179.155 - - [25/Oct/2021:10:52:19 +0800] "GET /xingrg/all/function/internal_message.html?_=1635130339056&CODE_STATE=getMsg HTTP/1.1" 200 27
180.169.147.146 - - [25/Oct/2021:10:52:28 +0800] "GET /xingrg/all/function/internal_message.html?_=1635130350129&CODE_STATE=getMsg HTTP/1.1" 200 27
180.174.227.63 - - [25/Oct/2021:10:52:28 +0800] "GET /xingrg/check_reg.html?_=1635130336105 HTTP/1.1" 200 22
180.174.227.63 - - [25/Oct/2021:10:52:28 +0800] "GET /xingrg/javascript/jquery_easy_ui/themes/default/images/tabs_active.png HTTP/1.1" 304 -
180.174.227.63 - - [25/Oct/2021:10:52:30 +0800] "GET /xingrg/all/function/internal_message.html?_=1635130337925&CODE_STATE=getMsg HTTP/1.1" 200 27
58.39.139.200 - - [25/Oct/2021:10:52:31 +0800] "GET /xingrg/all/function/internal_message.html?_=1635130352658&CODE_STATE=getMsg HTTP/1.1" 200 27
180.169.147.146 - - [25/Oct/2021:10:52:33 +0800] "GET /xingrg/check_reg.html?_=1635130354766 HTTP/1.1" 200 22
180.169.147.146 - - [25/Oct/2021:10:52:33 +0800] "GET /xingrg/all/function/internal_message.html?_=1635130354769&CODE_STATE=getMsg HTTP/1.1" 200 27
180.169.147.146 - - [25/Oct/2021:10:52:34 +0800] "GET /xingrg/all/function/internal_message.html?_=1635130414146&CODE_STATE=getMsg HTTP/1.1" 200 27
116.238.248.233 - - [25/Oct/2021:10:52:34 +0800] "GET /xingrg/all/function/internal_message.html?_=1635130351863&CODE_STATE=getMsg HTTP/1.1" 200 27
124.78.153.86 - - [25/Oct/2021:10:52:41 +0800] "POST /xingrg/kc/base/wldb_order_operate.html HTTP/1.1" 200 37
124.78.153.86 - - [25/Oct/2021:10:52:41 +0800] "POST /xingrg/kc/base/wldb_order_operate.html HTTP/1.1" 200 5698
124.78.153.86 - - [25/Oct/2021:10:52:42 +0800] "GET /xingrg/kc/base/wldb_order_info.html?code=422021102502572 HTTP/1.1" 200 30453
124.78.153.86 - - [25/Oct/2021:10:52:42 +0800] "GET /xingrg/javascript/easyui/themes/default/validatebox.css HTTP/1.1" 404 1104
124.78.153.86 - - [25/Oct/2021:10:52:43 +0800] "POST /xingrg/kc/base/wldb_order_operate.html HTTP/1.1" 200 5698
180.169.147.146 - - [25/Oct/2021:10:52:43 +0800] "GET /xingrg/all/report/report_query.html?isQuery=1&fileName=kc/buy/wlcg_mx.xml&queryString=(CONVERT(char(10)%2Ca.order_time%2C%20120)%3E%3D'2021-10-01')%20and%20(CONVERT(char(10)%2Ca.order_time%2C%20120)%3C%3D'2021-10-31')%20and%20(a.base_code%20in%20('0010378'))%20and%20(a.supplier_code%20in%20('00100015'))%20and%20(a.supplier_code%3D'00100015')%20and%20(a.big_sort%3D'00101')%20and%20(a.materiel_code%3D'00101006062')&queryText=%E3%80%90%E9%87%87%E8%B4%AD%E6%97%A5%E6%9C%9F%3A2021-10-01%20%E8%87%B3%202021-10-31%E3%80%91%20%E5%B9%B6%E4%B8%94%20%20%E3%80%90%E6%9F%A5%E8%AF%A2%E4%BB%93%E5%BA%93%20%3D%20%E7%B2%A4%E8%8F%9C%E3%80%91%20%E5%B9%B6%E4%B8%94%20%20%E3%80%90%E4%BE%9B%E5%BA%94%E5%95%86%20%3D%20%E7%8C%AA%E8%82%89%EF%BC%88%E7%8E%8B%E5%AF%8C%E6%98%8E%EF%BC%89%E3%80%91%20%E5%B9%B6%E4%B8%94%20%E3%80%90%E4%BE%9B%E5%BA%94%E5%95%86%3D%E7%8C%AA%E8%82%89%EF%BC%88%E7%8E%8B%E5%AF%8C%E6%98%8E%EF%BC%89%E3%80%91%E5%B9%B6%E4%B8%94%E3%80%90%E7%B1%BB%E5%88%AB%E5%90%8D%E7%A7%B0%20%3D%20%E6%88%90%E6%9C%AC%E7%B1%BB%E3%80%91%20%E5%B9%B6%E4%B8%94%20%E3%80%90%E6%9D%90%E6%96%99%E5%90%8D%E7%A7%B0%20%3D%20%E8%82%8B%E6%8E%92%E3%80%91&rand=0.6830667965701456 HTTP/1.1" 200 52418
180.169.147.146 - - [25/Oct/2021:10:52:43 +0800] "GET /xingrg/all/report/report_query.html?isQuery=1&fileName=kc/buy/wlcg_mx.xml&queryString=(CONVERT(char(10)%2Ca.order_time%2C%20120)%3E%3D'2021-10-01')%20and%20(CONVERT(char(10)%2Ca.order_time%2C%20120)%3C%3D'2021-10-31')%20and%20(a.base_code%20in%20('0010378'))%20and%20(a.supplier_code%20in%20('00100015'))%20and%20(a.supplier_code%3D'00100015')%20and%20(a.big_sort%3D'00101')%20and%20(a.materiel_code%3D'00101006062')&queryText=%E3%80%90%E9%87%87%E8%B4%AD%E6%97%A5%E6%9C%9F%3A2021-10-01%20%E8%87%B3%202021-10-31%E3%80%91%20%E5%B9%B6%E4%B8%94%20%20%E3%80%90%E6%9F%A5%E8%AF%A2%E4%BB%93%E5%BA%93%20%3D%20%E7%B2%A4%E8%8F%9C%E3%80%91%20%E5%B9%B6%E4%B8%94%20%20%E3%80%90%E4%BE%9B%E5%BA%94%E5%95%86%20%3D%20%E7%8C%AA%E8%82%89%EF%BC%88%E7%8E%8B%E5%AF%8C%E6%98%8E%EF%BC%89%E3%80%91%20%E5%B9%B6%E4%B8%94%20%E3%80%90%E4%BE%9B%E5%BA%94%E5%95%86%3D%E7%8C%AA%E8%82%89%EF%BC%88%E7%8E%8B%E5%AF%8C%E6%98%8E%EF%BC%89%E3%80%91%E5%B9%B6%E4%B8%94%E3%80%90%E7%B1%BB%E5%88%AB%E5%90%8D%E7%A7%B0%20%3D%20%E6%88%90%E6%9C%AC%E7%B1%BB%E3%80%91%20%E5%B9%B6%E4%B8%94%20%E3%80%90%E6%9D%90%E6%96%99%E5%90%8D%E7%A7%B0%20%3D%20%E8%82%8B%E6%8E%92%E3%80%91&rand=0.6830667965701456 HTTP/1.1" 200 52418
180.169.147.146 - - [25/Oct/2021:10:52:43 +0800] "GET /xingrg/dwr/engine.js HTTP/1.1" 200 43631
180.169.147.146 - - [25/Oct/2021:10:52:44 +0800] "POST /xingrg/all/report/load_report_page.html HTTP/1.1" 200 23848
180.169.147.146 - - [25/Oct/2021:10:52:44 +0800] "GET /xingrg/servlets/image?cache=0.009907594921595098&image=px HTTP/1.1" 200 807
114.83.216.72 - - [25/Oct/2021:10:52:44 +0800] "GET /xingrg/all/function/internal_message.html?_=1635130365202&CODE_STATE=getMsg HTTP/1.1" 200 27
114.85.125.222 - - [25/Oct/2021:10:52:47 +0800] "GET /xingrg/all/function/internal_message.html?_=1635130310013&CODE_STATE=getMsg HTTP/1.1" 200 27
124.78.153.86 - - [25/Oct/2021:10:52:47 +0800] "GET /xingrg/kc/base/base_main.html HTTP/1.1" 200 12142
124.78.153.86 - - [25/Oct/2021:10:52:49 +0800] "GET /xingrg/kc/base/wldb_order_list.html HTTP/1.1" 200 19224
124.78.153.86 - - [25/Oct/2021:10:52:49 +0800] "POST /xingrg/kc/base/wldb_list_operate.html HTTP/1.1" 200 1773
180.169.147.146 - - [25/Oct/2021:10:52:52 +0800] "GET /xingrg/kc/buy/cgsh_order_info.html?isLook=1&code=212021100904094 HTTP/1.1" 200 59556
180.169.147.146 - - [25/Oct/2021:10:52:52 +0800] "GET /favicon.ico HTTP/1.1" 404 -
180.169.147.146 - - [25/Oct/2021:10:52:52 +0800] "GET /xingrg/javascript/easyui/themes/default/validatebox.css HTTP/1.1" 404 1104
180.169.147.146 - - [25/Oct/2021:10:52:53 +0800] "POST /xingrg/kc/buy/cgsh_order_operate.html HTTP/1.1" 200 1787
124.78.153.86 - - [25/Oct/2021:10:52:55 +0800] "GET /xingrg/kc/base/base_main.html HTTP/1.1" 200 12142
180.169.147.146 - - [25/Oct/2021:10:52:56 +0800] "GET /xingrg/all/function/internal_message.html?_=1635130376670&CODE_STATE=getMsg HTTP/1.1" 200 27
124.78.153.86 - - [25/Oct/2021:10:52:56 +0800] "GET /xingrg/kc/base/wldb_order_list.html HTTP/1.1" 200 19224
124.78.153.86 - - [25/Oct/2021:10:52:57 +0800] "POST /xingrg/kc/base/wldb_list_operate.html HTTP/1.1" 200 1773
180.157.253.6 - - [25/Oct/2021:10:52:57 +0800] "GET /xingrg/all/function/internal_message.html?_=1635130377405&CODE_STATE=getMsg HTTP/1.1" 200 27
124.78.153.86 - - [25/Oct/2021:10:53:04 +0800] "GET /xingrg/all/function/internal_message.html?_=1635130384749&CODE_STATE=getMsg HTTP/1.1" 200 27
101.85.106.134 - - [25/Oct/2021:10:53:06 +0800] "GET /xingrg/all/function/internal_message.html?_=1635130383883&CODE_STATE=getMsg HTTP/1.1" 200 27
116.227.210.113 - - [25/Oct/2021:10:53:07 +0800] "GET /xingrg/all/function/internal_message.html?_=1635130379010&CODE_STATE=getMsg HTTP/1.1" 200 27
116.227.210.113 - - [25/Oct/2021:10:53:07 +0800] "GET /xingrg/check_reg.html?_=1635130379011 HTTP/1.1" 200 22
222.70.171.86 - - [25/Oct/2021:10:53:07 +0800] "GET /xingrg/check_reg.html?_=1635130388984 HTTP/1.1" 200 22
222.70.171.86 - - [25/Oct/2021:10:53:12 +0800] "GET /xingrg/all/function/internal_message.html?_=1635130394112&CODE_STATE=getMsg HTTP/1.1" 200 27
222.70.179.155 - - [25/Oct/2021:10:53:12 +0800] "GET /xingrg/kc/buy/cgsh_order_operate.html?command=get_materiel&rest_code=00111&code=00102002157&supplier_code=00100384&order_time=2021-10-25 HTTP/1.1" 200 413
124.78.153.86 - - [25/Oct/2021:10:53:14 +0800] "GET /xingrg/all/function/internal_message.html?_=1635130392991&CODE_STATE=getMsg HTTP/1.1" 200 27
61.151.207.205 - - [25/Oct/2021:10:53:14 +0800] "GET /xingrg/all/function/internal_message.html?_=1635130333017&CODE_STATE=getMsg HTTP/1.1" 302 -
61.151.207.205 - - [25/Oct/2021:10:53:14 +0800] "GET /xingrg/login.html HTTP/1.1" 200 7641
222.70.179.155 - - [25/Oct/2021:10:53:19 +0800] "GET /xingrg/all/function/internal_message.html?_=1635130399028&CODE_STATE=getMsg HTTP/1.1" 200 27
180.169.147.146 - - [25/Oct/2021:10:53:28 +0800] "GET /xingrg/all/function/internal_message.html?_=1635130410136&CODE_STATE=getMsg HTTP/1.1" 200 27
222.70.179.155 - - [25/Oct/2021:10:53:30 +0800] "GET /xingrg/kc/buy/cgsh_order_operate.html?command=get_materiel&rest_code=00111&code=00102010468&supplier_code=00100384&order_time=2021-10-25 HTTP/1.1" 200 412
180.174.227.63 - - [25/Oct/2021:10:53:31 +0800] "GET /xingrg/all/function/internal_message.html?_=1635130398852&CODE_STATE=getMsg HTTP/1.1" 200 27
58.39.139.200 - - [25/Oct/2021:10:53:31 +0800] "GET /xingrg/all/function/internal_message.html?_=1635130412659&CODE_STATE=getMsg HTTP/1.1" 200 27
180.169.147.146 - - [25/Oct/2021:10:53:33 +0800] "GET /xingrg/all/function/internal_message.html?_=1635130414770&CODE_STATE=getMsg HTTP/1.1" 200 27
180.169.147.146 - - [25/Oct/2021:10:53:34 +0800] "GET /xingrg/all/function/internal_message.html?_=1635130474129&CODE_STATE=getMsg HTTP/1.1" 200 27
116.238.248.233 - - [25/Oct/2021:10:53:34 +0800] "GET /xingrg/all/function/internal_message.html?_=1635130411855&CODE_STATE=getMsg HTTP/1.1" 200 27
114.83.216.72 - - [25/Oct/2021:10:53:44 +0800] "GET /xingrg/all/function/internal_message.html?_=1635130425185&CODE_STATE=getMsg HTTP/1.1" 200 27
114.85.125.222 - - [25/Oct/2021:10:53:46 +0800] "GET /xingrg/check_reg.html?_=1635130368601 HTTP/1.1" 200 22
114.85.125.222 - - [25/Oct/2021:10:53:47 +0800] "GET /xingrg/all/function/internal_message.html?_=1635130370027&CODE_STATE=getMsg HTTP/1.1" 200 27
180.169.147.146 - - [25/Oct/2021:10:53:55 +0800] "GET /xingrg/check_reg.html?_=1635130495178 HTTP/1.1" 200 22
222.70.179.155 - - [25/Oct/2021:10:53:56 +0800] "GET /xingrg/kc/buy/cgsh_order_operate.html?command=get_materiel&rest_code=00111&code=00102010190&supplier_code=00100384&order_time=2021-10-25 HTTP/1.1" 200 412
180.169.147.146 - - [25/Oct/2021:10:53:56 +0800] "GET /xingrg/all/function/internal_message.html?_=1635130436675&CODE_STATE=getMsg HTTP/1.1" 200 27
180.157.253.6 - - [25/Oct/2021:10:53:57 +0800] "GET /xingrg/all/function/internal_message.html?_=1635130437391&CODE_STATE=getMsg HTTP/1.1" 200 27
124.78.153.86 - - [25/Oct/2021:10:54:01 +0800] "GET /xingrg/kc/base/base_main.html HTTP/1.1" 200 12142
124.78.153.86 - - [25/Oct/2021:10:54:03 +0800] "GET /xingrg/kc/base/wldb_order_list.html HTTP/1.1" 200 19224
124.78.153.86 - - [25/Oct/2021:10:54:03 +0800] "POST /xingrg/kc/base/wldb_list_operate.html HTTP/1.1" 200 1773
124.78.153.86 - - [25/Oct/2021:10:54:04 +0800] "GET /xingrg/all/function/internal_message.html?_=1635130444754&CODE_STATE=getMsg HTTP/1.1" 200 27
101.85.106.134 - - [25/Oct/2021:10:54:06 +0800] "GET /xingrg/all/function/internal_message.html?_=1635130443882&CODE_STATE=getMsg HTTP/1.1" 200 27
124.78.153.86 - - [25/Oct/2021:10:54:06 +0800] "GET /xingrg/kc/buy/buy_main.html HTTP/1.1" 200 12412
124.78.153.86 - - [25/Oct/2021:10:54:06 +0800] "GET /xingrg/css/new_ie.css HTTP/1.1" 404 1036
124.78.153.86 - - [25/Oct/2021:10:54:06 +0800] "GET /xingrg/images/blue/button/cgydd.gif HTTP/1.1" 304 -
124.78.153.86 - - [25/Oct/2021:10:54:06 +0800] "GET /xingrg/images/blue/button/cgfkd.gif HTTP/1.1" 304 -
124.78.153.86 - - [25/Oct/2021:10:54:06 +0800] "GET /xingrg/images/blue/button/ckthd.gif HTTP/1.1" 304 -
124.78.153.86 - - [25/Oct/2021:10:54:06 +0800] "GET /xingrg/images/blue/button/cgshd.gif HTTP/1.1" 304 -
124.78.153.86 - - [25/Oct/2021:10:54:07 +0800] "GET /xingrg/images/yd/bt.gif HTTP/1.1" 404 1040
116.227.210.113 - - [25/Oct/2021:10:54:07 +0800] "GET /xingrg/all/function/internal_message.html?_=1635130439023&CODE_STATE=getMsg HTTP/1.1" 200 27
124.78.153.86 - - [25/Oct/2021:10:54:07 +0800] "GET /xingrg/kc/buy/cgsh_order_list.html HTTP/1.1" 200 48941
124.78.153.86 - - [25/Oct/2021:10:54:08 +0800] "POST /xingrg/kc/buy/cgsh_list_operate.html HTTP/1.1" 200 876
124.78.153.86 - - [25/Oct/2021:10:54:10 +0800] "GET /xingrg/kc/mdqp/qp_main.html HTTP/1.1" 200 10633
124.78.153.86 - - [25/Oct/2021:10:54:11 +0800] "GET /xingrg/images/yd/bt.gif HTTP/1.1" 404 1040
58.40.7.146 - - [25/Oct/2021:10:54:11 +0800] "POST /xingrg/services/DataTransmitService HTTP/1.1" 200 524
222.70.171.86 - - [25/Oct/2021:10:54:12 +0800] "GET /xingrg/all/function/internal_message.html?_=1635130454125&CODE_STATE=getMsg HTTP/1.1" 200 27
124.78.153.86 - - [25/Oct/2021:10:54:13 +0800] "GET /xingrg/kc/mdqp/qqps_order_list.html HTTP/1.1" 200 10412
124.78.153.86 - - [25/Oct/2021:10:54:13 +0800] "GET /xingrg/dwr/interface/AjaxQqpsService.js HTTP/1.1" 200 16326
124.78.153.86 - - [25/Oct/2021:10:54:13 +0800] "GET /xingrg/dwr/interface/AjaxReportQueryService.js HTTP/1.1" 200 13203
124.78.153.86 - - [25/Oct/2021:10:54:13 +0800] "GET /xingrg/dwr/engine.js HTTP/1.1" 200 43631
124.78.153.86 - - [25/Oct/2021:10:54:14 +0800] "GET /xingrg/all/function/internal_message.html?_=1635130452970&CODE_STATE=getMsg HTTP/1.1" 200 27
222.70.179.155 - - [25/Oct/2021:10:54:19 +0800] "GET /xingrg/all/function/internal_message.html?_=1635130459006&CODE_STATE=getMsg HTTP/1.1" 200 27
222.70.179.155 - - [25/Oct/2021:10:54:24 +0800] "GET /xingrg/kc/buy/cgsh_order_operate.html?command=get_materiel&rest_code=00111&code=00102026001&supplier_code=00100384&order_time=2021-10-25 HTTP/1.1" 200 431
180.169.147.146 - - [25/Oct/2021:10:54:28 +0800] "GET /xingrg/check_reg.html?_=1635130470136 HTTP/1.1" 200 22
180.169.147.146 - - [25/Oct/2021:10:54:28 +0800] "GET /xingrg/all/function/internal_message.html?_=1635130470138&CODE_STATE=getMsg HTTP/1.1" 200 27
101.85.55.123 - - [25/Oct/2021:10:54:30 +0800] "GET /xingrg/login.html HTTP/1.1" 200 7641
180.174.227.63 - - [25/Oct/2021:10:54:31 +0800] "GET /xingrg/all/function/internal_message.html?_=1635130458857&CODE_STATE=getMsg HTTP/1.1" 200 27
58.39.139.200 - - [25/Oct/2021:10:54:31 +0800] "GET /xingrg/check_reg.html?_=1635130472658 HTTP/1.1" 200 22
58.39.139.200 - - [25/Oct/2021:10:54:31 +0800] "GET /xingrg/all/function/internal_message.html?_=1635130472661&CODE_STATE=getMsg HTTP/1.1" 200 27
101.85.55.123 - - [25/Oct/2021:10:54:33 +0800] "GET /favicon.ico HTTP/1.1" 404 -
180.169.147.146 - - [25/Oct/2021:10:54:33 +0800] "GET /xingrg/all/function/internal_message.html?_=1635130474771&CODE_STATE=getMsg HTTP/1.1" 200 27
180.169.147.146 - - [25/Oct/2021:10:54:34 +0800] "GET /xingrg/all/function/internal_message.html?_=1635130534103&CODE_STATE=getMsg HTTP/1.1" 200 27
116.238.248.233 - - [25/Oct/2021:10:54:34 +0800] "GET /xingrg/all/function/internal_message.html?_=1635130471865&CODE_STATE=getMsg HTTP/1.1" 200 27
101.85.55.123 - - [25/Oct/2021:10:54:36 +0800] "POST /xingrg/login.do HTTP/1.1" 302 -
101.85.55.123 - - [25/Oct/2021:10:54:36 +0800] "GET /xingrg/index.html?sysBaseUrl=http%3A%2F%2F180.169.147.146%3A18081%2Fxingrg%2F&costTime=47×tamp=1635130476383 HTTP/1.1" 200 17179
101.85.55.123 - - [25/Oct/2021:10:54:37 +0800] "POST /xingrg/all/common/load_tree.html?tree=area_rest_tree_json&manage=1 HTTP/1.1" 200 351
101.85.55.123 - - [25/Oct/2021:10:54:37 +0800] "GET /xingrg/all/function/internal_message.html?_=1635130477209&CODE_STATE=count HTTP/1.1" 200 11
101.85.55.123 - - [25/Oct/2021:10:54:37 +0800] "GET /xingrg/check_reg.html?_=1635130477215 HTTP/1.1" 200 22
101.85.55.123 - - [25/Oct/2021:10:54:37 +0800] "POST /xingrg/load_menu.html HTTP/1.1" 200 5138
101.85.55.123 - - [25/Oct/2021:10:54:37 +0800] "GET /favicon.ico HTTP/1.1" 404 -
114.83.216.72 - - [25/Oct/2021:10:54:44 +0800] "GET /xingrg/all/function/internal_message.html?_=1635130485168&CODE_STATE=getMsg HTTP/1.1" 200 27
101.85.55.123 - - [25/Oct/2021:10:54:46 +0800] "GET /xingrg/kc/base/base_main.html HTTP/1.1" 200 12142
114.85.125.222 - - [25/Oct/2021:10:54:47 +0800] "GET /xingrg/all/function/internal_message.html?_=1635130430040&CODE_STATE=getMsg HTTP/1.1" 200 27
101.85.55.123 - - [25/Oct/2021:10:54:49 +0800] "GET /xingrg/kc/mdqp/qp_main.html HTTP/1.1" 200 10633
101.85.55.123 - - [25/Oct/2021:10:54:50 +0800] "GET /xingrg/images/yd/bt.gif HTTP/1.1" 404 1040
101.85.55.123 - - [25/Oct/2021:10:54:51 +0800] "GET /xingrg/kc/mdqp/qqps_order_list.html HTTP/1.1" 200 9222
101.85.55.123 - - [25/Oct/2021:10:54:51 +0800] "GET /xingrg/dwr/interface/AjaxQqpsService.js HTTP/1.1" 200 16326
101.85.55.123 - - [25/Oct/2021:10:54:51 +0800] "GET /xingrg/dwr/interface/AjaxReportQueryService.js HTTP/1.1" 200 13203
101.85.55.123 - - [25/Oct/2021:10:54:51 +0800] "GET /xingrg/dwr/util.js HTTP/1.1" 304 -
101.85.55.123 - - [25/Oct/2021:10:54:51 +0800] "GET /xingrg/dwr/engine.js HTTP/1.1" 200 43631
101.85.55.123 - - [25/Oct/2021:10:54:53 +0800] "GET /xingrg/kc/mdqp/qqps_order_add.html HTTP/1.1" 200 26560
101.85.55.123 - - [25/Oct/2021:10:54:53 +0800] "GET /xingrg/dwr/interface/AjaxComOrderService.js HTTP/1.1" 200 18264
101.85.55.123 - - [25/Oct/2021:10:54:53 +0800] "GET /xingrg/dwr/interface/AjaxQqpsService.js HTTP/1.1" 200 16326
101.85.55.123 - - [25/Oct/2021:10:54:53 +0800] "GET /xingrg/dwr/engine.js HTTP/1.1" 200 43631
101.85.55.123 - - [25/Oct/2021:10:54:53 +0800] "GET /xingrg/words/20211024174750_words.js HTTP/1.1" 200 860001
180.169.147.146 - - [25/Oct/2021:10:54:56 +0800] "GET /xingrg/all/function/internal_message.html?_=1635130496676&CODE_STATE=getMsg HTTP/1.1" 200 27
180.157.253.6 - - [25/Oct/2021:10:54:57 +0800] "GET /xingrg/all/function/internal_message.html?_=1635130497406&CODE_STATE=getMsg HTTP/1.1" 200 27
101.85.55.123 - - [25/Oct/2021:10:54:58 +0800] "GET /xingrg/javascript/auto/indicator.gif HTTP/1.1" 404 1066
101.85.55.123 - - [25/Oct/2021:10:55:02 +0800] "POST /xingrg/dwr/call/plaincall/AjaxQqpsService.saveOrder.dwr HTTP/1.1" 200 78
222.70.179.155 - - [25/Oct/2021:10:55:03 +0800] "POST /xingrg/kc/buy/cgsh_order_operate.html HTTP/1.1" 200 37
124.78.153.86 - - [25/Oct/2021:10:55:04 +0800] "GET /xingrg/all/function/internal_message.html?_=1635130504761&CODE_STATE=getMsg HTTP/1.1" 200 27
222.70.179.155 - - [25/Oct/2021:10:55:05 +0800] "POST /xingrg/kc/buy/cgsh_order_operate.html HTTP/1.1" 200 9803
101.85.106.134 - - [25/Oct/2021:10:55:06 +0800] "GET /xingrg/all/function/internal_message.html?_=1635130503881&CODE_STATE=getMsg HTTP/1.1" 200 27
124.78.153.86 - - [25/Oct/2021:10:55:07 +0800] "GET /xingrg/kc/buy/cgsh_order_add.html HTTP/1.1" 200 64685
116.227.210.113 - - [25/Oct/2021:10:55:07 +0800] "GET /xingrg/all/function/internal_message.html?_=1635130499011&CODE_STATE=getMsg HTTP/1.1" 200 27
222.70.179.155 - - [25/Oct/2021:10:55:07 +0800] "GET /xingrg/kc/print/load_data.html?order_code=212021102511036&kc_code=cgsh&condition= HTTP/1.1" 200 3383
101.85.55.123 - - [25/Oct/2021:10:55:07 +0800] "POST /xingrg/dwr/call/plaincall/AjaxQqpsService.getMaterielByCode.dwr HTTP/1.1" 200 1641
124.78.153.86 - - [25/Oct/2021:10:55:07 +0800] "GET /xingrg/javascript/easyui/themes/default/validatebox.css HTTP/1.1" 404 1104
124.78.153.86 - - [25/Oct/2021:10:55:07 +0800] "POST /xingrg/kc/buy/cgsh_order_operate.html HTTP/1.1" 200 8245
124.78.153.86 - - [25/Oct/2021:10:55:09 +0800] "GET /xingrg/javascript/easyui/themes/default/tree.css HTTP/1.1" 404 1090
124.78.153.86 - - [25/Oct/2021:10:55:09 +0800] "POST /xingrg/all/common/load_tree.html?tree=supplier_tree_json&isDelete=1 HTTP/1.1" 200 60167
222.70.179.155 - - [25/Oct/2021:10:55:12 +0800] "GET /xingrg/kc/buy/cgsh_order_add.html HTTP/1.1" 200 64679
222.70.179.155 - - [25/Oct/2021:10:55:12 +0800] "POST /xingrg/kc/buy/cgsh_order_operate.html HTTP/1.1" 200 8245
222.70.179.155 - - [25/Oct/2021:10:55:12 +0800] "GET /xingrg/javascript/easyui/themes/default/validatebox.css HTTP/1.1" 404 1104
222.70.171.86 - - [25/Oct/2021:10:55:12 +0800] "GET /xingrg/all/function/internal_message.html?_=1635130514307&CODE_STATE=getMsg HTTP/1.1" 200 27
101.91.62.89 - - [25/Oct/2021:10:55:13 +0800] "GET /xingrg/all/function/internal_message.html?_=1635130452970&CODE_STATE=getMsg HTTP/1.1" 302 -
101.91.62.89 - - [25/Oct/2021:10:55:13 +0800] "GET /xingrg/login.html HTTP/1.1" 200 7641
124.78.153.86 - - [25/Oct/2021:10:55:14 +0800] "GET /xingrg/all/function/internal_message.html?_=1635130512951&CODE_STATE=getMsg HTTP/1.1" 200 27
222.70.179.155 - - [25/Oct/2021:10:55:19 +0800] "GET /xingrg/all/function/internal_message.html?_=1635130518990&CODE_STATE=getMsg HTTP/1.1" 200 27
101.85.55.123 - - [25/Oct/2021:10:55:20 +0800] "POST /xingrg/dwr/call/plaincall/AjaxQqpsService.saveMaterielItem.dwr HTTP/1.1" 200 78
124.78.153.86 - - [25/Oct/2021:10:55:21 +0800] "GET /xingrg/kc/buy/cgsh_order_operate.html?command=get_materiel&rest_code=00106&code=00101011005&supplier_code=00100050&order_time=2021-10-25 HTTP/1.1" 200 428
101.85.55.123 - - [25/Oct/2021:10:55:21 +0800] "POST /xingrg/dwr/call/plaincall/AjaxQqpsService.checkOrder.dwr HTTP/1.1" 200 78
101.85.55.123 - - [25/Oct/2021:10:55:22 +0800] "GET /xingrg/kc/mdqp/qqps_order_info.html?code=302021102500495 HTTP/1.1" 200 24963
101.85.55.123 - - [25/Oct/2021:10:55:22 +0800] "GET /xingrg/dwr/interface/AjaxComOrderService.js HTTP/1.1" 200 18264
101.85.55.123 - - [25/Oct/2021:10:55:22 +0800] "GET /xingrg/dwr/interface/AjaxQqpsService.js HTTP/1.1" 200 16326
101.85.55.123 - - [25/Oct/2021:10:55:22 +0800] "GET /xingrg/dwr/engine.js HTTP/1.1" 200 43631
101.85.55.123 - - [25/Oct/2021:10:55:23 +0800] "POST /xingrg/dwr/call/plaincall/AjaxQqpsService.loadMaterielItems.dwr HTTP/1.1" 200 362
222.70.179.155 - - [25/Oct/2021:10:55:27 +0800] "GET /xingrg/kc/buy/cgsh_order_operate.html?command=get_materiel&rest_code=00111&code=00102003291&supplier_code=00100212&order_time=2021-10-25 HTTP/1.1" 200 414
180.169.147.146 - - [25/Oct/2021:10:55:28 +0800] "GET /xingrg/all/function/internal_message.html?_=1635130530144&CODE_STATE=getMsg HTTP/1.1" 200 27
180.174.227.63 - - [25/Oct/2021:10:55:31 +0800] "GET /xingrg/all/function/internal_message.html?_=1635130519152&CODE_STATE=getMsg HTTP/1.1" 200 27
58.39.139.200 - - [25/Oct/2021:10:55:31 +0800] "GET /xingrg/all/function/internal_message.html?_=1635130532660&CODE_STATE=getMsg HTTP/1.1" 200 27
180.169.147.146 - - [25/Oct/2021:10:55:33 +0800] "GET /xingrg/all/function/internal_message.html?_=1635130534771&CODE_STATE=getMsg HTTP/1.1" 200 27
180.169.147.146 - - [25/Oct/2021:10:55:34 +0800] "GET /xingrg/all/function/internal_message.html?_=1635130594073&CODE_STATE=getMsg HTTP/1.1" 200 27
116.238.248.233 - - [25/Oct/2021:10:55:34 +0800] "GET /xingrg/check_reg.html?_=1635130531872 HTTP/1.1" 200 22
116.238.248.233 - - [25/Oct/2021:10:55:34 +0800] "GET /xingrg/all/function/internal_message.html?_=1635130531874&CODE_STATE=getMsg HTTP/1.1" 200 27
101.85.55.123 - - [25/Oct/2021:10:55:37 +0800] "GET /xingrg/all/function/internal_message.html?_=1635130537236&CODE_STATE=getMsg HTTP/1.1" 200 27
124.78.153.86 - - [25/Oct/2021:10:55:38 +0800] "GET /xingrg/kc/buy/cgsh_order_operate.html?command=get_materiel&rest_code=00106&code=00101011010&supplier_code=00100050&order_time=2021-10-25 HTTP/1.1" 200 418
114.83.216.72 - - [25/Oct/2021:10:55:44 +0800] "GET /xingrg/all/function/internal_message.html?_=1635130545161&CODE_STATE=getMsg HTTP/1.1" 200 27
124.78.153.86 - - [25/Oct/2021:10:55:45 +0800] "GET /xingrg/kc/base/base_main.html HTTP/1.1" 200 12142
124.78.153.86 - - [25/Oct/2021:10:55:46 +0800] "GET /xingrg/kc/base/wldb_order_list.html HTTP/1.1" 200 19224
124.78.153.86 - - [25/Oct/2021:10:55:47 +0800] "POST /xingrg/kc/base/wldb_list_operate.html HTTP/1.1" 200 1773
114.85.125.222 - - [25/Oct/2021:10:55:47 +0800] "GET /xingrg/all/function/internal_message.html?_=1635130490054&CODE_STATE=getMsg HTTP/1.1" 200 27
124.78.153.86 - - [25/Oct/2021:10:55:48 +0800] "POST /xingrg/kc/base/wldb_list_operate.html HTTP/1.1" 200 641
124.78.153.86 - - [25/Oct/2021:10:55:50 +0800] "GET /xingrg/kc/base/wldb_order_info.html?code=422021102502572 HTTP/1.1" 200 30453
124.78.153.86 - - [25/Oct/2021:10:55:50 +0800] "GET /xingrg/javascript/easyui/themes/default/validatebox.css HTTP/1.1" 404 1104
124.78.153.86 - - [25/Oct/2021:10:55:50 +0800] "POST /xingrg/kc/base/wldb_order_operate.html HTTP/1.1" 200 5698
124.78.153.86 - - [25/Oct/2021:10:55:56 +0800] "POST /xingrg/kc/buy/cgsh_order_operate.html HTTP/1.1" 200 37
124.78.153.86 - - [25/Oct/2021:10:55:56 +0800] "GET /xingrg/javascript/auto/indicator.gif HTTP/1.1" 404 1066
180.169.147.146 - - [25/Oct/2021:10:55:56 +0800] "GET /xingrg/check_reg.html?_=1635130556676 HTTP/1.1" 200 22
180.169.147.146 - - [25/Oct/2021:10:55:56 +0800] "GET /xingrg/all/function/internal_message.html?_=1635130556678&CODE_STATE=getMsg HTTP/1.1" 200 27
180.157.253.6 - - [25/Oct/2021:10:55:57 +0800] "GET /xingrg/all/function/internal_message.html?_=1635130557391&CODE_STATE=getMsg HTTP/1.1" 200 27
124.78.153.86 - - [25/Oct/2021:10:55:59 +0800] "POST /xingrg/kc/buy/cgsh_order_operate.html HTTP/1.1" 200 12
222.70.179.155 - - [25/Oct/2021:10:56:02 +0800] "POST /xingrg/kc/buy/cgsh_order_operate.html HTTP/1.1" 200 37
124.78.153.86 - - [25/Oct/2021:10:56:03 +0800] "GET /xingrg/kc/base/wldb_order_operate.html?command=get_materiel&rest_code=00106&base_code=0010396&code=00101016094 HTTP/1.1" 200 469
124.78.153.86 - - [25/Oct/2021:10:56:04 +0800] "GET /xingrg/all/function/internal_message.html?_=1635130564757&CODE_STATE=getMsg HTTP/1.1" 200 27
124.78.153.86 - - [25/Oct/2021:10:56:04 +0800] "GET /xingrg/check_reg.html?_=1635130564777 HTTP/1.1" 200 22
124.78.153.86 - - [25/Oct/2021:10:56:05 +0800] "GET /xingrg/kc/buy/cgsh_order_info.html?code=212021102511037 HTTP/1.1" 200 59596
124.78.153.86 - - [25/Oct/2021:10:56:05 +0800] "GET /xingrg/javascript/easyui/themes/default/validatebox.css HTTP/1.1" 404 1104
101.85.106.134 - - [25/Oct/2021:10:56:06 +0800] "GET /xingrg/all/function/internal_message.html?_=1635130563881&CODE_STATE=getMsg HTTP/1.1" 200 27
222.70.179.155 - - [25/Oct/2021:10:56:06 +0800] "POST /xingrg/kc/buy/cgsh_order_operate.html HTTP/1.1" 200 3257
124.78.153.86 - - [25/Oct/2021:10:56:06 +0800] "POST /xingrg/kc/buy/cgsh_order_operate.html HTTP/1.1" 200 1206
116.227.210.113 - - [25/Oct/2021:10:56:07 +0800] "GET /xingrg/all/function/internal_message.html?_=1635130559023&CODE_STATE=getMsg HTTP/1.1" 200 27
124.78.153.86 - - [25/Oct/2021:10:56:07 +0800] "GET /xingrg/kc/print/load_data.html?order_code=212021102511037&kc_code=cgsh&condition= HTTP/1.1" 200 989
222.70.179.155 - - [25/Oct/2021:10:56:08 +0800] "GET /xingrg/kc/print/load_data.html?order_code=212021102511038&kc_code=cgsh&condition= HTTP/1.1" 200 876
222.70.171.86 - - [25/Oct/2021:10:56:12 +0800] "GET /xingrg/all/function/internal_message.html?_=1635130574309&CODE_STATE=getMsg HTTP/1.1" 200 27
222.70.179.155 - - [25/Oct/2021:10:56:12 +0800] "GET /xingrg/kc/buy/cgsh_order_add.html HTTP/1.1" 200 64679
222.70.179.155 - - [25/Oct/2021:10:56:13 +0800] "POST /xingrg/kc/buy/cgsh_order_operate.html HTTP/1.1" 200 8245
222.70.179.155 - - [25/Oct/2021:10:56:13 +0800] "GET /xingrg/javascript/easyui/themes/default/validatebox.css HTTP/1.1" 404 1104
124.78.153.86 - - [25/Oct/2021:10:56:14 +0800] "GET /xingrg/all/function/internal_message.html?_=1635130572923&CODE_STATE=getMsg HTTP/1.1" 200 27
124.78.153.86 - - [25/Oct/2021:10:56:19 +0800] "POST /xingrg/kc/base/wldb_order_operate.html HTTP/1.1" 200 37
222.70.179.155 - - [25/Oct/2021:10:56:19 +0800] "GET /xingrg/all/function/internal_message.html?_=1635130578970&CODE_STATE=getMsg HTTP/1.1" 200 27
222.70.179.155 - - [25/Oct/2021:10:56:19 +0800] "GET /xingrg/check_reg.html?_=1635130579107 HTTP/1.1" 200 22
124.78.153.86 - - [25/Oct/2021:10:56:19 +0800] "POST /xingrg/kc/base/wldb_order_operate.html HTTP/1.1" 200 6200
124.78.153.86 - - [25/Oct/2021:10:56:20 +0800] "GET /xingrg/kc/base/wldb_order_info.html?code=422021102502572 HTTP/1.1" 200 30453
124.78.153.86 - - [25/Oct/2021:10:56:20 +0800] "GET /xingrg/javascript/easyui/themes/default/validatebox.css HTTP/1.1" 404 1104
124.78.153.86 - - [25/Oct/2021:10:56:20 +0800] "POST /xingrg/kc/base/wldb_order_operate.html HTTP/1.1" 200 6200
124.78.153.86 - - [25/Oct/2021:10:56:23 +0800] "GET /xingrg/kc/buy/cgsh_order_add.html HTTP/1.1" 200 64685
124.78.153.86 - - [25/Oct/2021:10:56:23 +0800] "GET /xingrg/kc/base/base_main.html HTTP/1.1" 200 12142
124.78.153.86 - - [25/Oct/2021:10:56:23 +0800] "GET /xingrg/javascript/easyui/themes/default/validatebox.css HTTP/1.1" 404 1104
124.78.153.86 - - [25/Oct/2021:10:56:23 +0800] "POST /xingrg/kc/buy/cgsh_order_operate.html HTTP/1.1" 200 8245
222.70.179.155 - - [25/Oct/2021:10:56:25 +0800] "GET /xingrg/kc/buy/cgsh_order_operate.html?command=get_materiel&rest_code=00111&code=00102016523&supplier_code=00100212&order_time=2021-10-25 HTTP/1.1" 200 415
180.169.147.146 - - [25/Oct/2021:10:56:28 +0800] "GET /xingrg/all/function/internal_message.html?_=1635130590147&CODE_STATE=getMsg HTTP/1.1" 200 27
180.174.227.63 - - [25/Oct/2021:10:56:31 +0800] "GET /xingrg/all/function/internal_message.html?_=1635130579165&CODE_STATE=getMsg HTTP/1.1" 200 27
58.39.139.200 - - [25/Oct/2021:10:56:31 +0800] "GET /xingrg/all/function/internal_message.html?_=1635130592660&CODE_STATE=getMsg HTTP/1.1" 200 27
180.169.147.146 - - [25/Oct/2021:10:56:33 +0800] "GET /xingrg/all/function/internal_message.html?_=1635130594772&CODE_STATE=getMsg HTTP/1.1" 200 27
180.169.147.146 - - [25/Oct/2021:10:56:34 +0800] "GET /xingrg/all/function/internal_message.html?_=1635130654044&CODE_STATE=getMsg HTTP/1.1" 200 27
116.238.248.233 - - [25/Oct/2021:10:56:34 +0800] "GET /xingrg/all/function/internal_message.html?_=1635130591875&CODE_STATE=getMsg HTTP/1.1" 200 27
101.85.55.123 - - [25/Oct/2021:10:56:37 +0800] "GET /xingrg/all/function/internal_message.html?_=1635130597229&CODE_STATE=getMsg HTTP/1.1" 200 27
114.83.216.72 - - [25/Oct/2021:10:56:44 +0800] "GET /xingrg/all/function/internal_message.html?_=1635130605149&CODE_STATE=getMsg HTTP/1.1" 200 27
114.85.125.222 - - [25/Oct/2021:10:56:48 +0800] "GET /xingrg/all/function/internal_message.html?_=1635130550174&CODE_STATE=getMsg HTTP/1.1" 200 27
222.70.179.155 - - [25/Oct/2021:10:56:48 +0800] "GET /xingrg/kc/buy/cgsh_order_operate.html?command=get_materiel&rest_code=00111&code=00102026001&supplier_code=00100212&order_time=2021-10-25 HTTP/1.1" 200 431
180.169.147.146 - - [25/Oct/2021:10:56:56 +0800] "GET /xingrg/all/function/internal_message.html?_=1635130616680&CODE_STATE=getMsg HTTP/1.1" 200 27
124.78.153.86 - - [25/Oct/2021:10:56:57 +0800] "GET /xingrg/javascript/easyui/themes/default/tree.css HTTP/1.1" 404 1090
124.78.153.86 - - [25/Oct/2021:10:56:57 +0800] "POST /xingrg/all/common/load_tree.html?tree=supplier_tree_json&isDelete=1 HTTP/1.1" 200 60167
180.157.253.6 - - [25/Oct/2021:10:56:57 +0800] "GET /xingrg/all/function/internal_message.html?_=1635130617406&CODE_STATE=getMsg HTTP/1.1" 200 27
180.157.253.6 - - [25/Oct/2021:10:56:57 +0800] "GET /xingrg/check_reg.html?_=1635130617626 HTTP/1.1" 200 22
114.83.216.72 - - [25/Oct/2021:10:56:58 +0800] "GET /xingrg/check_reg.html?_=1635130618346 HTTP/1.1" 200 22
180.169.147.146 - - [25/Oct/2021:10:56:59 +0800] "GET /xingrg/all/report/report_query.html?fileName=kc/base/kc_pdyk_list.xml HTTP/1.1" 200 51050
180.169.147.146 - - [25/Oct/2021:10:56:59 +0800] "GET /xingrg/dwr/interface/AjaxReportQueryService.js HTTP/1.1" 200 13203
180.169.147.146 - - [25/Oct/2021:10:56:59 +0800] "GET /xingrg/dwr/engine.js HTTP/1.1" 200 43631
180.169.147.146 - - [25/Oct/2021:10:56:59 +0800] "POST /xingrg/dwr/call/plaincall/AjaxReportQueryService.getFixDate.dwr HTTP/1.1" 200 111
124.78.153.86 - - [25/Oct/2021:10:56:59 +0800] "GET /xingrg/check_reg.html?_=1635130618649 HTTP/1.1" 200 22
180.169.147.146 - - [25/Oct/2021:10:56:59 +0800] "POST /xingrg/dwr/call/plaincall/AjaxReportQueryService.getInitString.dwr HTTP/1.1" 200 1035
124.78.153.86 - - [25/Oct/2021:10:57:04 +0800] "GET /xingrg/all/function/internal_message.html?_=1635130624762&CODE_STATE=getMsg HTTP/1.1" 200 27
101.85.106.134 - - [25/Oct/2021:10:57:06 +0800] "GET /xingrg/all/function/internal_message.html?_=1635130623881&CODE_STATE=getMsg HTTP/1.1" 200 27
101.85.106.134 - - [25/Oct/2021:10:57:06 +0800] "GET /xingrg/check_reg.html?_=1635130623884 HTTP/1.1" 200 22
116.227.210.113 - - [25/Oct/2021:10:57:07 +0800] "GET /xingrg/all/function/internal_message.html?_=1635130619023&CODE_STATE=getMsg HTTP/1.1" 200 27
180.169.147.146 - - [25/Oct/2021:10:57:11 +0800] "POST /xingrg/dwr/call/plaincall/AjaxReportQueryService.refreshCache.dwr HTTP/1.1" 200 78
180.169.147.146 - - [25/Oct/2021:10:57:11 +0800] "POST /xingrg/all/report/load_report_page.html HTTP/1.1" 200 89
222.70.171.86 - - [25/Oct/2021:10:57:13 +0800] "GET /xingrg/all/function/internal_message.html?_=1635130634486&CODE_STATE=getMsg HTTP/1.1" 200 27
124.78.153.86 - - [25/Oct/2021:10:57:14 +0800] "GET /xingrg/all/function/internal_message.html?_=1635130632897&CODE_STATE=getMsg HTTP/1.1" 200 27
180.169.147.146 - - [25/Oct/2021:10:57:18 +0800] "POST /xingrg/dwr/call/plaincall/AjaxReportQueryService.refreshCache.dwr HTTP/1.1" 200 78
180.169.147.146 - - [25/Oct/2021:10:57:18 +0800] "POST /xingrg/all/report/load_report_page.html HTTP/1.1" 200 17219
180.169.147.146 - - [25/Oct/2021:10:57:18 +0800] "GET /xingrg/servlets/image?cache=0.32518005043540343&image=px HTTP/1.1" 200 807
222.70.179.155 - - [25/Oct/2021:10:57:19 +0800] "GET /xingrg/all/function/internal_message.html?_=1635130638941&CODE_STATE=getMsg HTTP/1.1" 200 27
180.169.147.146 - - [25/Oct/2021:10:57:21 +0800] "GET /xingrg/all/report/report_query.html?isQuery=1&fileName=kc/base/kc_pdyk_detail.xml&queryString=(a.order_code%253D'452021093000442')&queryText=%25E5%258D%2595%25E6%258D%25AE%25E7%25BC%2596%25E5%258F%25B7%25E3%2580%2590452021093000442%25E3%2580%2591%25E6%259F%25A5%25E8%25AF%25A2%25E6%2597%25A5%25E6%259C%259F%25E3%2580%25902021-09-30%252000%253A00%253A00.0%25E3%2580%2591%25E7%259B%2598%25E7%2582%25B9%25E4%25BB%2593%25E5%25BA%2593%25E3%2580%2590%25E7%25B2%25A4%25E8%258F%259C%25E3%2580%2591 HTTP/1.1" 200 50586
180.169.147.146 - - [25/Oct/2021:10:57:21 +0800] "GET /xingrg/dwr/interface/AjaxReportQueryService.js HTTP/1.1" 200 13203
180.169.147.146 - - [25/Oct/2021:10:57:21 +0800] "GET /xingrg/dwr/engine.js HTTP/1.1" 200 43631
180.169.147.146 - - [25/Oct/2021:10:57:22 +0800] "POST /xingrg/all/report/load_report_page.html HTTP/1.1" 200 90766
180.169.147.146 - - [25/Oct/2021:10:57:22 +0800] "GET /xingrg/servlets/image?cache=0.5222055290791393&image=px HTTP/1.1" 200 807
180.169.147.146 - - [25/Oct/2021:10:57:28 +0800] "GET /xingrg/all/function/internal_message.html?_=1635130650147&CODE_STATE=getMsg HTTP/1.1" 200 27
180.174.227.63 - - [25/Oct/2021:10:57:28 +0800] "GET /xingrg/check_reg.html?_=1635130636367 HTTP/1.1" 200 22
116.238.248.233 - - [25/Oct/2021:10:57:30 +0800] "GET /xingrg/kc/base/wldb_order_operate.html?command=get_materiel&rest_code=00150&base_code=0010445&code=00101019391 HTTP/1.1" 200 471
222.70.179.155 - - [25/Oct/2021:10:57:30 +0800] "POST /xingrg/kc/buy/cgsh_order_operate.html HTTP/1.1" 200 37
180.174.227.63 - - [25/Oct/2021:10:57:31 +0800] "GET /xingrg/all/function/internal_message.html?_=1635130639178&CODE_STATE=getMsg HTTP/1.1" 200 27
58.39.139.200 - - [25/Oct/2021:10:57:31 +0800] "GET /xingrg/all/function/internal_message.html?_=1635130652660&CODE_STATE=getMsg HTTP/1.1" 200 27
222.70.179.155 - - [25/Oct/2021:10:57:33 +0800] "POST /xingrg/kc/buy/cgsh_order_operate.html HTTP/1.1" 200 3257
180.169.147.146 - - [25/Oct/2021:10:57:33 +0800] "GET /xingrg/check_reg.html?_=1635130654785 HTTP/1.1" 200 22
180.169.147.146 - - [25/Oct/2021:10:57:33 +0800] "GET /xingrg/all/function/internal_message.html?_=1635130654788&CODE_STATE=getMsg HTTP/1.1" 200 27
180.169.147.146 - - [25/Oct/2021:10:57:34 +0800] "GET /xingrg/all/function/internal_message.html?_=1635130714015&CODE_STATE=getMsg HTTP/1.1" 200 27
116.238.248.233 - - [25/Oct/2021:10:57:34 +0800] "GET /xingrg/all/function/internal_message.html?_=1635130651891&CODE_STATE=getMsg HTTP/1.1" 200 27
222.70.179.155 - - [25/Oct/2021:10:57:34 +0800] "GET /xingrg/kc/print/load_data.html?order_code=212021102511039&kc_code=cgsh&condition= HTTP/1.1" 200 881
101.85.55.123 - - [25/Oct/2021:10:57:37 +0800] "GET /xingrg/all/function/internal_message.html?_=1635130657230&CODE_STATE=getMsg HTTP/1.1" 200 27
116.238.248.233 - - [25/Oct/2021:10:57:37 +0800] "GET /xingrg/kc/base/wldb_order_operate.html?command=get_materiel&rest_code=00150&base_code=0010445&code=00101019536 HTTP/1.1" 200 470
116.238.248.233 - - [25/Oct/2021:10:57:44 +0800] "GET /xingrg/kc/base/wldb_order_operate.html?command=get_materiel&rest_code=00150&base_code=0010445&code=00101019187 HTTP/1.1" 200 463
114.83.216.72 - - [25/Oct/2021:10:57:44 +0800] "GET /xingrg/all/function/internal_message.html?_=1635130665132&CODE_STATE=getMsg HTTP/1.1" 200 27
114.85.125.222 - - [25/Oct/2021:10:57:48 +0800] "GET /xingrg/all/function/internal_message.html?_=1635130610175&CODE_STATE=getMsg HTTP/1.1" 200 27
180.169.147.146 - - [25/Oct/2021:10:57:52 +0800] "GET /xingrg/all/report/report_query.html?isQuery=1&fileName=kc/base/kc_pdyk_detail.xml&queryString=(a.order_code%253D'452021093000442')&queryText=%25E5%258D%2595%25E6%258D%25AE%25E7%25BC%2596%25E5%258F%25B7%25E3%2580%2590452021093000442%25E3%2580%2591%25E6%259F%25A5%25E8%25AF%25A2%25E6%2597%25A5%25E6%259C%259F%25E3%2580%25902021-09-30%252000%253A00%253A00.0%25E3%2580%2591%25E7%259B%2598%25E7%2582%25B9%25E4%25BB%2593%25E5%25BA%2593%25E3%2580%2590%25E7%25B2%25A4%25E8%258F%259C%25E3%2580%2591 HTTP/1.1" 200 50586
180.169.147.146 - - [25/Oct/2021:10:57:52 +0800] "GET /xingrg/dwr/interface/AjaxReportQueryService.js HTTP/1.1" 200 13203
180.169.147.146 - - [25/Oct/2021:10:57:52 +0800] "GET /xingrg/dwr/engine.js HTTP/1.1" 200 43631
