222.69.135.237 - - [24/Oct/2021:09:33:21 +0800] "GET /xingrg/kc/buy/cgsh_order_operate.html?command=get_materiel&rest_code=00149&code=00101008098&supplier_code=00100005&order_time=2021-10-24 HTTP/1.1" 200 412
116.238.248.233 - - [24/Oct/2021:09:33:22 +0800] "GET /xingrg/kc/buy/cgsh_order_operate.html?command=get_materiel&rest_code=00151&code=00101008286&supplier_code=00100007&order_time=2021-10-24 HTTP/1.1" 200 408
222.70.179.155 - - [24/Oct/2021:09:33:26 +0800] "GET /xingrg/kc/buy/cgsh_order_operate.html?command=get_materiel&rest_code=00111&code=00101008096&supplier_code=00100005&order_time=2021-10-24 HTTP/1.1" 200 412
116.227.210.113 - - [24/Oct/2021:09:33:27 +0800] "GET /xingrg/kc/buy/cgsh_order_operate.html?command=get_materiel&rest_code=00155&code=00101008006&supplier_code=00100159&order_time=2021-10-24 HTTP/1.1" 200 416
116.238.248.233 - - [24/Oct/2021:09:33:28 +0800] "GET /xingrg/kc/buy/cgsh_order_operate.html?command=get_materiel&rest_code=00151&code=00101012039&supplier_code=00100007&order_time=2021-10-24 HTTP/1.1" 200 408
116.227.210.113 - - [24/Oct/2021:09:33:28 +0800] "POST /xingrg/kc/buy/cgsh_order_operate.html HTTP/1.1" 200 2065
116.227.210.113 - - [24/Oct/2021:09:33:33 +0800] "GET /xingrg/kc/buy/cgsh_order_operate.html?command=get_materiel&rest_code=00155&code=00101008036&supplier_code=00100159&order_time=2021-10-24 HTTP/1.1" 200 430
116.238.248.233 - - [24/Oct/2021:09:33:34 +0800] "GET /xingrg/kc/buy/cgsh_order_operate.html?command=get_materiel&rest_code=00151&code=00101008088&supplier_code=00100007&order_time=2021-10-24 HTTP/1.1" 200 408
116.238.248.233 - - [24/Oct/2021:09:33:35 +0800] "POST /xingrg/kc/buy/cgsh_order_operate.html HTTP/1.1" 200 2065
222.70.179.155 - - [24/Oct/2021:09:33:36 +0800] "GET /xingrg/kc/buy/cgsh_order_operate.html?command=get_materiel&rest_code=00111&code=00101008355&supplier_code=00100005&order_time=2021-10-24 HTTP/1.1" 200 408
222.70.171.86 - - [24/Oct/2021:09:33:38 +0800] "GET /xingrg/all/function/internal_message.html?_=1635039234373&CODE_STATE=getMsg HTTP/1.1" 302 -
116.227.210.113 - - [24/Oct/2021:09:33:39 +0800] "GET /xingrg/kc/buy/cgsh_order_operate.html?command=get_materiel&rest_code=00155&code=00101008131&supplier_code=00100159&order_time=2021-10-24 HTTP/1.1" 200 408
222.70.171.86 - - [24/Oct/2021:09:33:39 +0800] "GET /xingrg/all/function/internal_message.html?_=1635039239157&CODE_STATE=getMsg HTTP/1.1" 200 27
116.238.248.233 - - [24/Oct/2021:09:33:42 +0800] "GET /xingrg/kc/buy/cgsh_order_operate.html?command=get_materiel&rest_code=00151&code=00101016025&supplier_code=00100007&order_time=2021-10-24 HTTP/1.1" 200 408
101.85.106.134 - - [24/Oct/2021:09:33:42 +0800] "GET /xingrg/all/function/internal_message.html?_=1635039216883&CODE_STATE=getMsg HTTP/1.1" 200 27
116.227.210.113 - - [24/Oct/2021:09:33:45 +0800] "GET /xingrg/kc/buy/cgsh_order_operate.html?command=get_materiel&rest_code=00155&code=00101008108&supplier_code=00100159&order_time=2021-10-24 HTTP/1.1" 200 412
116.238.248.233 - - [24/Oct/2021:09:33:46 +0800] "GET /xingrg/all/function/internal_message.html?_=1635039218678&CODE_STATE=getMsg HTTP/1.1" 200 27
222.70.179.155 - - [24/Oct/2021:09:33:47 +0800] "GET /xingrg/all/function/internal_message.html?_=1635039221589&CODE_STATE=getMsg HTTP/1.1" 200 27
116.238.248.233 - - [24/Oct/2021:09:33:50 +0800] "GET /xingrg/kc/buy/cgsh_order_operate.html?command=get_materiel&rest_code=00151&code=00101008017&supplier_code=00100007&order_time=2021-10-24 HTTP/1.1" 200 416
222.70.179.155 - - [24/Oct/2021:09:33:50 +0800] "GET /xingrg/kc/buy/cgsh_order_operate.html?command=get_materiel&rest_code=00111&code=00101008067&supplier_code=00100005&order_time=2021-10-24 HTTP/1.1" 200 416
58.39.139.200 - - [24/Oct/2021:09:33:52 +0800] "GET /xingrg/all/function/internal_message.html?_=1635039228159&CODE_STATE=getMsg HTTP/1.1" 200 27
116.227.210.113 - - [24/Oct/2021:09:33:53 +0800] "GET /xingrg/kc/buy/cgsh_order_operate.html?command=get_materiel&rest_code=00155&code=00101008318&supplier_code=00100159&order_time=2021-10-24 HTTP/1.1" 200 408
222.70.179.155 - - [24/Oct/2021:09:33:54 +0800] "GET /xingrg/all/function/internal_message.html?_=1635038950319&CODE_STATE=getMsg HTTP/1.1" 200 27
116.227.210.113 - - [24/Oct/2021:09:33:56 +0800] "GET /xingrg/all/function/internal_message.html?_=1635039224624&CODE_STATE=getMsg HTTP/1.1" 200 27
116.227.210.113 - - [24/Oct/2021:09:33:59 +0800] "GET /xingrg/kc/buy/cgsh_order_operate.html?command=get_materiel&rest_code=00155&code=00101008352&supplier_code=00100159&order_time=2021-10-24 HTTP/1.1" 200 412
114.85.125.222 - - [24/Oct/2021:09:33:59 +0800] "GET /xingrg/all/function/internal_message.html?_=1635039177233&CODE_STATE=getMsg HTTP/1.1" 200 27
222.70.179.155 - - [24/Oct/2021:09:33:59 +0800] "GET /xingrg/kc/buy/cgsh_order_operate.html?command=get_materiel&rest_code=00111&code=00101008027&supplier_code=00100005&order_time=2021-10-24 HTTP/1.1" 200 409
116.238.248.233 - - [24/Oct/2021:09:34:00 +0800] "GET /xingrg/kc/buy/cgsh_order_operate.html?command=get_materiel&rest_code=00151&code=00101008362&supplier_code=00100007&order_time=2021-10-24 HTTP/1.1" 200 408
116.227.210.113 - - [24/Oct/2021:09:34:03 +0800] "POST /xingrg/kc/buy/cgsh_order_operate.html HTTP/1.1" 200 2065
116.238.248.233 - - [24/Oct/2021:09:34:05 +0800] "GET /xingrg/kc/buy/cgsh_order_operate.html?command=get_materiel&rest_code=00151&code=00101008096&supplier_code=00100007&order_time=2021-10-24 HTTP/1.1" 200 412
222.69.135.237 - - [24/Oct/2021:09:34:06 +0800] "GET /xingrg/kc/buy/cgsh_order_operate.html?command=get_materiel&rest_code=00149&code=00101008005&supplier_code=00100005&order_time=2021-10-24 HTTP/1.1" 200 432
180.174.227.63 - - [24/Oct/2021:09:34:07 +0800] "GET /xingrg/check_reg.html?_=1635039229341 HTTP/1.1" 200 22
180.174.227.63 - - [24/Oct/2021:09:34:07 +0800] "GET /xingrg/all/function/internal_message.html?_=1635039229510&CODE_STATE=getMsg HTTP/1.1" 200 27
120.253.135.82 - - [24/Oct/2021:09:34:08 +0800] "GET /xingrg/check_reg.html?_=1635039013684 HTTP/1.1" 200 22
120.253.135.82 - - [24/Oct/2021:09:34:09 +0800] "GET /xingrg/all/function/internal_message.html?_=1635039014043&CODE_STATE=getMsg HTTP/1.1" 200 27
116.227.210.113 - - [24/Oct/2021:09:34:10 +0800] "GET /xingrg/kc/buy/cgsh_order_operate.html?command=get_materiel&rest_code=00155&code=00101008005&supplier_code=00100159&order_time=2021-10-24 HTTP/1.1" 200 432
222.70.179.155 - - [24/Oct/2021:09:34:11 +0800] "GET /xingrg/kc/buy/cgsh_order_operate.html?command=get_materiel&rest_code=00111&code=00101008244&supplier_code=00100005&order_time=2021-10-24 HTTP/1.1" 200 408
116.238.248.233 - - [24/Oct/2021:09:34:13 +0800] "GET /xingrg/kc/buy/cgsh_order_operate.html?command=get_materiel&rest_code=00151&code=00101008033&supplier_code=00100007&order_time=2021-10-24 HTTP/1.1" 200 408
116.238.248.233 - - [24/Oct/2021:09:34:15 +0800] "POST /xingrg/kc/buy/cgsh_order_operate.html HTTP/1.1" 200 2065
116.227.210.113 - - [24/Oct/2021:09:34:16 +0800] "GET /xingrg/kc/buy/cgsh_order_operate.html?command=get_materiel&rest_code=00155&code=00101008213&supplier_code=00100159&order_time=2021-10-24 HTTP/1.1" 200 412
116.238.248.233 - - [24/Oct/2021:09:34:20 +0800] "GET /xingrg/kc/buy/cgsh_order_operate.html?command=get_materiel&rest_code=00151&code=00101008372&supplier_code=00100007&order_time=2021-10-24 HTTP/1.1" 200 408
222.69.135.237 - - [24/Oct/2021:09:34:21 +0800] "GET /xingrg/check_reg.html?_=1635039255867 HTTP/1.1" 200 22
222.69.135.237 - - [24/Oct/2021:09:34:21 +0800] "GET /xingrg/all/function/internal_message.html?_=1635039255869&CODE_STATE=getMsg HTTP/1.1" 200 27
222.70.179.155 - - [24/Oct/2021:09:34:22 +0800] "GET /xingrg/kc/buy/cgsh_order_operate.html?command=get_materiel&rest_code=00111&code=00101008224&supplier_code=00100005&order_time=2021-10-24 HTTP/1.1" 200 416
116.227.210.113 - - [24/Oct/2021:09:34:22 +0800] "GET /xingrg/kc/buy/cgsh_order_operate.html?command=get_materiel&rest_code=00155&code=00101008328&supplier_code=00100159&order_time=2021-10-24 HTTP/1.1" 200 410
222.69.135.237 - - [24/Oct/2021:09:34:28 +0800] "GET /xingrg/kc/buy/cgsh_order_operate.html?command=get_materiel&rest_code=00149&code=00101008307&supplier_code=00100005&order_time=2021-10-24 HTTP/1.1" 200 420
222.69.135.237 - - [24/Oct/2021:09:34:31 +0800] "POST /xingrg/kc/buy/cgsh_order_operate.html HTTP/1.1" 200 2065
116.227.210.113 - - [24/Oct/2021:09:34:33 +0800] "GET /xingrg/kc/buy/cgsh_order_operate.html?command=get_materiel&rest_code=00155&code=00101008283&supplier_code=00100159&order_time=2021-10-24 HTTP/1.1" 200 408
222.70.179.155 - - [24/Oct/2021:09:34:34 +0800] "GET /xingrg/kc/buy/cgsh_order_operate.html?command=get_materiel&rest_code=00111&code=00101008361&supplier_code=00100005&order_time=2021-10-24 HTTP/1.1" 200 408
222.70.171.86 - - [24/Oct/2021:09:34:37 +0800] "GET /xingrg/check_reg.html?_=1635039293450 HTTP/1.1" 302 -
222.70.171.86 - - [24/Oct/2021:09:34:38 +0800] "GET /xingrg/all/function/internal_message.html?_=1635039294386&CODE_STATE=getMsg HTTP/1.1" 302 -
222.70.171.86 - - [24/Oct/2021:09:34:39 +0800] "GET /xingrg/all/function/internal_message.html?_=1635039299172&CODE_STATE=getMsg HTTP/1.1" 200 27
116.238.248.233 - - [24/Oct/2021:09:34:40 +0800] "GET /xingrg/kc/buy/cgsh_order_operate.html?command=get_materiel&rest_code=00151&code=00101012044&supplier_code=00100007&order_time=2021-10-24 HTTP/1.1" 200 408
101.85.106.134 - - [24/Oct/2021:09:34:42 +0800] "GET /xingrg/all/function/internal_message.html?_=1635039276882&CODE_STATE=getMsg HTTP/1.1" 200 27
116.227.210.113 - - [24/Oct/2021:09:34:46 +0800] "GET /xingrg/kc/buy/cgsh_order_operate.html?command=get_materiel&rest_code=00155&code=00101008160&supplier_code=00100159&order_time=2021-10-24 HTTP/1.1" 200 408
116.238.248.233 - - [24/Oct/2021:09:34:46 +0800] "GET /xingrg/all/function/internal_message.html?_=1635039278681&CODE_STATE=getMsg HTTP/1.1" 200 27
222.70.179.155 - - [24/Oct/2021:09:34:47 +0800] "GET /xingrg/check_reg.html?_=1635039281491 HTTP/1.1" 200 22
222.70.179.155 - - [24/Oct/2021:09:34:47 +0800] "GET /xingrg/all/function/internal_message.html?_=1635039281592&CODE_STATE=getMsg HTTP/1.1" 200 27
116.227.210.113 - - [24/Oct/2021:09:34:49 +0800] "POST /xingrg/kc/buy/cgsh_order_operate.html HTTP/1.1" 200 2065
58.39.139.200 - - [24/Oct/2021:09:34:52 +0800] "GET /xingrg/all/function/internal_message.html?_=1635039288132&CODE_STATE=getMsg HTTP/1.1" 200 27
222.70.179.155 - - [24/Oct/2021:09:34:54 +0800] "GET /xingrg/all/function/internal_message.html?_=1635039010308&CODE_STATE=getMsg HTTP/1.1" 200 27
116.238.248.233 - - [24/Oct/2021:09:34:55 +0800] "GET /xingrg/kc/buy/cgsh_order_operate.html?command=get_materiel&rest_code=00151&code=00101008131&supplier_code=00100007&order_time=2021-10-24 HTTP/1.1" 200 408
116.227.210.113 - - [24/Oct/2021:09:34:56 +0800] "GET /xingrg/all/function/internal_message.html?_=1635039284607&CODE_STATE=getMsg HTTP/1.1" 200 27
114.85.125.222 - - [24/Oct/2021:09:34:59 +0800] "GET /xingrg/all/function/internal_message.html?_=1635039237238&CODE_STATE=getMsg HTTP/1.1" 200 27
116.227.210.113 - - [24/Oct/2021:09:35:00 +0800] "GET /xingrg/kc/buy/cgsh_order_operate.html?command=get_materiel&rest_code=00155&code=00101008290&supplier_code=00100159&order_time=2021-10-24 HTTP/1.1" 200 416
222.69.135.237 - - [24/Oct/2021:09:35:01 +0800] "GET /xingrg/kc/buy/cgsh_order_operate.html?command=get_materiel&rest_code=00149&code=00101008271&supplier_code=00100005&order_time=2021-10-24 HTTP/1.1" 200 408
116.238.248.233 - - [24/Oct/2021:09:35:04 +0800] "GET /xingrg/kc/buy/cgsh_order_operate.html?command=get_materiel&rest_code=00151&code=00101015046&supplier_code=00100007&order_time=2021-10-24 HTTP/1.1" 200 413
180.174.227.63 - - [24/Oct/2021:09:35:07 +0800] "GET /xingrg/all/function/internal_message.html?_=1635039289524&CODE_STATE=getMsg HTTP/1.1" 200 27
120.253.135.82 - - [24/Oct/2021:09:35:09 +0800] "GET /xingrg/all/function/internal_message.html?_=1635039074057&CODE_STATE=getMsg HTTP/1.1" 200 27
116.238.248.233 - - [24/Oct/2021:09:35:10 +0800] "GET /xingrg/kc/buy/cgsh_order_operate.html?command=get_materiel&rest_code=00151&code=00101008213&supplier_code=00100007&order_time=2021-10-24 HTTP/1.1" 200 412
116.238.248.233 - - [24/Oct/2021:09:35:11 +0800] "POST /xingrg/kc/buy/cgsh_order_operate.html HTTP/1.1" 200 2065
222.69.135.237 - - [24/Oct/2021:09:35:12 +0800] "GET /xingrg/kc/buy/cgsh_order_operate.html?command=get_materiel&rest_code=00149&code=00101008353&supplier_code=00100005&order_time=2021-10-24 HTTP/1.1" 200 408
222.70.179.155 - - [24/Oct/2021:09:35:13 +0800] "GET /xingrg/kc/buy/cgsh_order_operate.html?command=get_materiel&rest_code=00111&code=00101008196&supplier_code=00100005&order_time=2021-10-24 HTTP/1.1" 200 416
116.238.248.233 - - [24/Oct/2021:09:35:16 +0800] "GET /xingrg/kc/buy/cgsh_order_operate.html?command=get_materiel&rest_code=00151&code=00101008296&supplier_code=00100007&order_time=2021-10-24 HTTP/1.1" 200 416
116.227.210.113 - - [24/Oct/2021:09:35:17 +0800] "GET /xingrg/kc/buy/cgsh_order_operate.html?command=get_materiel&rest_code=00155&code=00101008558&supplier_code=00100159&order_time=2021-10-24 HTTP/1.1" 200 395
222.69.135.237 - - [24/Oct/2021:09:35:21 +0800] "GET /xingrg/all/function/internal_message.html?_=1635039315862&CODE_STATE=getMsg HTTP/1.1" 200 27
116.238.248.233 - - [24/Oct/2021:09:35:23 +0800] "GET /xingrg/kc/buy/cgsh_order_operate.html?command=get_materiel&rest_code=00151&code=00101008224&supplier_code=00100007&order_time=2021-10-24 HTTP/1.1" 200 416
116.227.210.113 - - [24/Oct/2021:09:35:25 +0800] "GET /xingrg/kc/buy/cgsh_order_operate.html?command=get_materiel&rest_code=00155&code=00101008016&supplier_code=00100159&order_time=2021-10-24 HTTP/1.1" 200 416
222.70.179.155 - - [24/Oct/2021:09:35:26 +0800] "GET /xingrg/kc/buy/cgsh_order_operate.html?command=get_materiel&rest_code=00111&code=00101008131&supplier_code=00100005&order_time=2021-10-24 HTTP/1.1" 200 408
116.227.210.113 - - [24/Oct/2021:09:35:28 +0800] "POST /xingrg/kc/buy/cgsh_order_operate.html HTTP/1.1" 200 2065
116.238.248.233 - - [24/Oct/2021:09:35:29 +0800] "GET /xingrg/kc/buy/cgsh_order_operate.html?command=get_materiel&rest_code=00151&code=00101012025&supplier_code=00100007&order_time=2021-10-24 HTTP/1.1" 200 412
116.227.210.113 - - [24/Oct/2021:09:35:32 +0800] "GET /xingrg/kc/buy/cgsh_order_operate.html?command=get_materiel&rest_code=00155&code=00101008223&supplier_code=00100159&order_time=2021-10-24 HTTP/1.1" 200 412
222.69.135.237 - - [24/Oct/2021:09:35:33 +0800] "GET /xingrg/kc/buy/cgsh_order_operate.html?command=get_materiel&rest_code=00149&code=00101008213&supplier_code=00100005&order_time=2021-10-24 HTTP/1.1" 200 412
116.238.248.233 - - [24/Oct/2021:09:35:38 +0800] "GET /xingrg/kc/buy/cgsh_order_operate.html?command=get_materiel&rest_code=00151&code=00101015038&supplier_code=00100007&order_time=2021-10-24 HTTP/1.1" 200 419
222.70.171.86 - - [24/Oct/2021:09:35:38 +0800] "GET /xingrg/all/function/internal_message.html?_=1635039354402&CODE_STATE=getMsg HTTP/1.1" 302 -
222.70.171.86 - - [24/Oct/2021:09:35:38 +0800] "GET /xingrg/check_reg.html?_=1635039358540 HTTP/1.1" 200 22
116.227.210.113 - - [24/Oct/2021:09:35:38 +0800] "GET /xingrg/kc/buy/cgsh_order_operate.html?command=get_materiel&rest_code=00155&code=00101008168&supplier_code=00100159&order_time=2021-10-24 HTTP/1.1" 200 412
222.70.171.86 - - [24/Oct/2021:09:35:39 +0800] "GET /xingrg/all/function/internal_message.html?_=1635039359186&CODE_STATE=getMsg HTTP/1.1" 200 27
222.70.179.155 - - [24/Oct/2021:09:35:40 +0800] "GET /xingrg/kc/buy/cgsh_order_operate.html?command=get_materiel&rest_code=00111&code=00101008010&supplier_code=00100005&order_time=2021-10-24 HTTP/1.1" 200 412
101.85.106.134 - - [24/Oct/2021:09:35:42 +0800] "GET /xingrg/all/function/internal_message.html?_=1635039336882&CODE_STATE=getMsg HTTP/1.1" 200 27
222.69.135.237 - - [24/Oct/2021:09:35:44 +0800] "GET /xingrg/kc/buy/cgsh_order_operate.html?command=get_materiel&rest_code=00149&code=00101008110&supplier_code=00100005&order_time=2021-10-24 HTTP/1.1" 200 408
116.227.210.113 - - [24/Oct/2021:09:35:45 +0800] "GET /xingrg/kc/buy/cgsh_order_operate.html?command=get_materiel&rest_code=00155&code=00101008229&supplier_code=00100159&order_time=2021-10-24 HTTP/1.1" 200 420
116.238.248.233 - - [24/Oct/2021:09:35:46 +0800] "GET /xingrg/all/function/internal_message.html?_=1635039338699&CODE_STATE=getMsg HTTP/1.1" 200 27
116.238.248.233 - - [24/Oct/2021:09:35:47 +0800] "POST /xingrg/kc/buy/cgsh_order_operate.html HTTP/1.1" 200 2065
222.70.179.155 - - [24/Oct/2021:09:35:47 +0800] "GET /xingrg/all/function/internal_message.html?_=1635039341568&CODE_STATE=getMsg HTTP/1.1" 200 27
222.69.135.237 - - [24/Oct/2021:09:35:50 +0800] "POST /xingrg/kc/buy/cgsh_order_operate.html HTTP/1.1" 200 2065
116.238.248.233 - - [24/Oct/2021:09:35:51 +0800] "GET /xingrg/kc/buy/cgsh_order_operate.html?command=get_materiel&rest_code=00151&code=00101008069&supplier_code=00100007&order_time=2021-10-24 HTTP/1.1" 200 412
222.70.179.155 - - [24/Oct/2021:09:35:52 +0800] "GET /xingrg/kc/buy/cgsh_order_operate.html?command=get_materiel&rest_code=00111&code=00101008306&supplier_code=00100005&order_time=2021-10-24 HTTP/1.1" 200 412
58.39.139.200 - - [24/Oct/2021:09:35:52 +0800] "GET /xingrg/all/function/internal_message.html?_=1635039348111&CODE_STATE=getMsg HTTP/1.1" 200 27
222.70.179.155 - - [24/Oct/2021:09:35:54 +0800] "GET /xingrg/all/function/internal_message.html?_=1635039070321&CODE_STATE=getMsg HTTP/1.1" 200 27
222.70.179.155 - - [24/Oct/2021:09:35:54 +0800] "GET /xingrg/check_reg.html?_=1635039070323 HTTP/1.1" 200 22
222.69.135.237 - - [24/Oct/2021:09:35:56 +0800] "GET /xingrg/kc/buy/cgsh_order_operate.html?command=get_materiel&rest_code=00149&code=00101008312&supplier_code=00100005&order_time=2021-10-24 HTTP/1.1" 200 412
116.227.210.113 - - [24/Oct/2021:09:35:56 +0800] "GET /xingrg/all/function/internal_message.html?_=1635039344637&CODE_STATE=getMsg HTTP/1.1" 200 27
114.85.125.222 - - [24/Oct/2021:09:35:59 +0800] "GET /xingrg/all/function/internal_message.html?_=1635039297262&CODE_STATE=getMsg HTTP/1.1" 200 27
222.70.179.155 - - [24/Oct/2021:09:36:04 +0800] "GET /xingrg/kc/buy/cgsh_order_operate.html?command=get_materiel&rest_code=00111&code=00101008283&supplier_code=00100005&order_time=2021-10-24 HTTP/1.1" 200 408
180.174.227.63 - - [24/Oct/2021:09:36:08 +0800] "GET /xingrg/all/function/internal_message.html?_=1635039349539&CODE_STATE=getMsg HTTP/1.1" 200 27
120.253.135.82 - - [24/Oct/2021:09:36:09 +0800] "GET /xingrg/all/function/internal_message.html?_=1635039134071&CODE_STATE=getMsg HTTP/1.1" 200 27
222.70.179.155 - - [24/Oct/2021:09:36:15 +0800] "GET /xingrg/kc/buy/cgsh_order_operate.html?command=get_materiel&rest_code=00111&code=00101008298&supplier_code=00100005&order_time=2021-10-24 HTTP/1.1" 200 431
116.227.210.113 - - [24/Oct/2021:09:36:21 +0800] "POST /xingrg/kc/buy/cgsh_order_operate.html HTTP/1.1" 200 2065
222.69.135.237 - - [24/Oct/2021:09:36:21 +0800] "GET /xingrg/all/function/internal_message.html?_=1635039375847&CODE_STATE=getMsg HTTP/1.1" 200 27
116.227.210.113 - - [24/Oct/2021:09:36:26 +0800] "GET /xingrg/kc/buy/cgsh_order_operate.html?command=get_materiel&rest_code=00155&code=00101008041&supplier_code=00100159&order_time=2021-10-24 HTTP/1.1" 200 408
222.70.179.155 - - [24/Oct/2021:09:36:27 +0800] "GET /xingrg/kc/buy/cgsh_order_operate.html?command=get_materiel&rest_code=00111&code=00101008155&supplier_code=00100005&order_time=2021-10-24 HTTP/1.1" 200 408
222.70.179.155 - - [24/Oct/2021:09:36:35 +0800] "POST /xingrg/kc/buy/cgsh_order_operate.html HTTP/1.1" 200 2065
116.227.210.113 - - [24/Oct/2021:09:36:38 +0800] "POST /xingrg/kc/buy/cgsh_order_operate.html HTTP/1.1" 200 37
222.70.171.86 - - [24/Oct/2021:09:36:38 +0800] "GET /xingrg/all/function/internal_message.html?_=1635039414414&CODE_STATE=getMsg HTTP/1.1" 302 -
222.70.171.86 - - [24/Oct/2021:09:36:39 +0800] "GET /xingrg/all/function/internal_message.html?_=1635039419199&CODE_STATE=getMsg HTTP/1.1" 200 27
116.227.210.113 - - [24/Oct/2021:09:36:39 +0800] "POST /xingrg/kc/buy/cgsh_order_operate.html HTTP/1.1" 200 29293
101.85.106.134 - - [24/Oct/2021:09:36:42 +0800] "GET /xingrg/all/function/internal_message.html?_=1635039396882&CODE_STATE=getMsg HTTP/1.1" 200 27
222.69.135.237 - - [24/Oct/2021:09:36:45 +0800] "GET /xingrg/kc/buy/cgsh_order_operate.html?command=get_materiel&rest_code=00149&code=00101008160&supplier_code=00100005&order_time=2021-10-24 HTTP/1.1" 200 408
116.238.248.233 - - [24/Oct/2021:09:36:46 +0800] "GET /xingrg/all/function/internal_message.html?_=1635039398698&CODE_STATE=getMsg HTTP/1.1" 200 27
222.70.179.155 - - [24/Oct/2021:09:36:47 +0800] "GET /xingrg/all/function/internal_message.html?_=1635039401546&CODE_STATE=getMsg HTTP/1.1" 200 27
222.70.179.155 - - [24/Oct/2021:09:36:48 +0800] "GET /xingrg/kc/buy/cgsh_order_operate.html?command=get_materiel&rest_code=00111&code=00101008080&supplier_code=00100005&order_time=2021-10-24 HTTP/1.1" 200 416
114.85.125.222 - - [24/Oct/2021:09:36:48 +0800] "GET /xingrg/check_reg.html?_=1635039346126 HTTP/1.1" 200 22
116.227.210.113 - - [24/Oct/2021:09:36:48 +0800] "GET /xingrg/kc/print/load_data.html?order_code=212021102410552&kc_code=cgsh HTTP/1.1" 200 10765
58.39.139.200 - - [24/Oct/2021:09:36:52 +0800] "GET /xingrg/all/function/internal_message.html?_=1635039408092&CODE_STATE=getMsg HTTP/1.1" 200 27
222.70.179.155 - - [24/Oct/2021:09:36:54 +0800] "GET /xingrg/all/function/internal_message.html?_=1635039130315&CODE_STATE=getMsg HTTP/1.1" 200 27
58.39.139.200 - - [24/Oct/2021:09:36:54 +0800] "GET /xingrg/kc/buy/cgsh_order_add.html HTTP/1.1" 200 64726
58.39.139.200 - - [24/Oct/2021:09:36:55 +0800] "POST /xingrg/kc/buy/cgsh_order_operate.html HTTP/1.1" 200 8245
58.39.139.200 - - [24/Oct/2021:09:36:55 +0800] "GET /xingrg/javascript/easyui/themes/default/validatebox.css HTTP/1.1" 404 1104
222.69.135.237 - - [24/Oct/2021:09:36:59 +0800] "POST /xingrg/kc/buy/cgsh_order_operate.html HTTP/1.1" 200 37
114.85.125.222 - - [24/Oct/2021:09:36:59 +0800] "GET /xingrg/all/function/internal_message.html?_=1635039357265&CODE_STATE=getMsg HTTP/1.1" 200 27
222.70.179.155 - - [24/Oct/2021:09:37:00 +0800] "GET /xingrg/kc/buy/cgsh_order_operate.html?command=get_materiel&rest_code=00111&code=00101008436&supplier_code=00100005&order_time=2021-10-24 HTTP/1.1" 200 418
58.39.139.200 - - [24/Oct/2021:09:37:02 +0800] "GET /xingrg/kc/buy/cgsh_order_operate.html?command=get_materiel&rest_code=00105&code=00101011005&supplier_code=00100052&order_time=2021-10-24 HTTP/1.1" 200 429
222.69.135.237 - - [24/Oct/2021:09:37:02 +0800] "POST /xingrg/kc/buy/cgsh_order_operate.html HTTP/1.1" 200 12
116.227.210.113 - - [24/Oct/2021:09:37:04 +0800] "GET /xingrg/check_reg.html?_=1635039412482 HTTP/1.1" 200 22
116.227.210.113 - - [24/Oct/2021:09:37:04 +0800] "GET /xingrg/all/function/internal_message.html?_=1635039412486&CODE_STATE=getMsg HTTP/1.1" 200 27
180.174.227.63 - - [24/Oct/2021:09:37:08 +0800] "GET /xingrg/all/function/internal_message.html?_=1635039409787&CODE_STATE=getMsg HTTP/1.1" 200 27
222.69.135.237 - - [24/Oct/2021:09:37:08 +0800] "GET /xingrg/kc/buy/cgsh_order_info.html?code=212021102410533 HTTP/1.1" 200 59641
120.253.135.82 - - [24/Oct/2021:09:37:09 +0800] "GET /xingrg/all/function/internal_message.html?_=1635039194100&CODE_STATE=getMsg HTTP/1.1" 200 27
222.69.135.237 - - [24/Oct/2021:09:37:09 +0800] "GET /xingrg/javascript/easyui/themes/default/validatebox.css HTTP/1.1" 404 1104
222.69.135.237 - - [24/Oct/2021:09:37:09 +0800] "POST /xingrg/kc/buy/cgsh_order_operate.html HTTP/1.1" 200 24833
222.70.179.155 - - [24/Oct/2021:09:37:15 +0800] "GET /xingrg/kc/buy/cgsh_order_operate.html?command=get_materiel&rest_code=00111&code=00101008085&supplier_code=00100005&order_time=2021-10-24 HTTP/1.1" 200 431
222.69.135.237 - - [24/Oct/2021:09:37:17 +0800] "GET /xingrg/kc/print/load_config.html?kc_code=cgsh HTTP/1.1" 200 2281
222.69.135.237 - - [24/Oct/2021:09:37:17 +0800] "GET /xingrg/kc/print/load_data.html?order_code=212021102410533&kc_code=cgsh&condition= HTTP/1.1" 200 9911
58.39.139.200 - - [24/Oct/2021:09:37:17 +0800] "GET /xingrg/javascript/jquery_easy_ui/themes/icons/rest.png HTTP/1.1" 304 -
58.39.139.200 - - [24/Oct/2021:09:37:17 +0800] "GET /xingrg/javascript/jquery_easy_ui/themes/icons/manage.png HTTP/1.1" 304 -
58.39.139.200 - - [24/Oct/2021:09:37:17 +0800] "GET /xingrg/javascript/jquery_easy_ui/themes/icons/area.png HTTP/1.1" 304 -
58.39.139.200 - - [24/Oct/2021:09:37:18 +0800] "GET /xingrg/kc/buy/cgsh_order_operate.html?command=get_materiel&rest_code=00105&code=00101011001&supplier_code=00100052&order_time=2021-10-24 HTTP/1.1" 200 423
222.69.135.237 - - [24/Oct/2021:09:37:21 +0800] "GET /xingrg/all/function/internal_message.html?_=1635039435858&CODE_STATE=getMsg HTTP/1.1" 200 27
58.39.139.200 - - [24/Oct/2021:09:37:26 +0800] "POST /xingrg/kc/buy/cgsh_order_operate.html HTTP/1.1" 200 37
222.70.179.155 - - [24/Oct/2021:09:37:28 +0800] "GET /xingrg/kc/buy/cgsh_order_operate.html?command=get_materiel&rest_code=00111&code=00101008351&supplier_code=00100005&order_time=2021-10-24 HTTP/1.1" 200 408
58.39.139.200 - - [24/Oct/2021:09:37:30 +0800] "POST /xingrg/kc/buy/cgsh_order_operate.html HTTP/1.1" 200 3260
58.39.139.200 - - [24/Oct/2021:09:37:32 +0800] "GET /xingrg/kc/print/load_data.html?order_code=212021102410553&kc_code=cgsh&condition= HTTP/1.1" 200 951
58.39.139.200 - - [24/Oct/2021:09:37:36 +0800] "GET /xingrg/kc/buy/cgsh_order_add.html HTTP/1.1" 200 64726
58.39.139.200 - - [24/Oct/2021:09:37:36 +0800] "GET /xingrg/javascript/easyui/themes/default/validatebox.css HTTP/1.1" 404 1104
58.39.139.200 - - [24/Oct/2021:09:37:36 +0800] "POST /xingrg/kc/buy/cgsh_order_operate.html HTTP/1.1" 200 8245
222.70.171.86 - - [24/Oct/2021:09:37:38 +0800] "GET /xingrg/all/function/internal_message.html?_=1635039474430&CODE_STATE=getMsg HTTP/1.1" 302 -
222.70.171.86 - - [24/Oct/2021:09:37:39 +0800] "GET /xingrg/all/function/internal_message.html?_=1635039479212&CODE_STATE=getMsg HTTP/1.1" 200 27
222.70.179.155 - - [24/Oct/2021:09:37:39 +0800] "GET /xingrg/kc/buy/cgsh_order_operate.html?command=get_materiel&rest_code=00111&code=00101008110&supplier_code=00100005&order_time=2021-10-24 HTTP/1.1" 200 408
222.70.179.155 - - [24/Oct/2021:09:37:41 +0800] "POST /xingrg/kc/buy/cgsh_order_operate.html HTTP/1.1" 200 2065
101.85.106.134 - - [24/Oct/2021:09:37:42 +0800] "GET /xingrg/all/function/internal_message.html?_=1635039456882&CODE_STATE=getMsg HTTP/1.1" 200 27
101.85.106.134 - - [24/Oct/2021:09:37:42 +0800] "GET /xingrg/check_reg.html?_=1635039456885 HTTP/1.1" 200 22
58.39.139.200 - - [24/Oct/2021:09:37:46 +0800] "GET /xingrg/kc/buy/cgsh_order_operate.html?command=get_materiel&rest_code=00105&code=00101002027&supplier_code=00100397&order_time=2021-10-24 HTTP/1.1" 200 433
116.238.248.233 - - [24/Oct/2021:09:37:46 +0800] "GET /xingrg/check_reg.html?_=1635039458773 HTTP/1.1" 200 22
116.238.248.233 - - [24/Oct/2021:09:37:46 +0800] "GET /xingrg/all/function/internal_message.html?_=1635039458776&CODE_STATE=getMsg HTTP/1.1" 200 27
222.70.179.155 - - [24/Oct/2021:09:37:47 +0800] "GET /xingrg/all/function/internal_message.html?_=1635039461520&CODE_STATE=getMsg HTTP/1.1" 200 27
116.238.248.233 - - [24/Oct/2021:09:37:51 +0800] "POST /xingrg/kc/buy/cgsh_order_operate.html HTTP/1.1" 200 37
222.70.179.155 - - [24/Oct/2021:09:37:52 +0800] "GET /xingrg/kc/buy/cgsh_order_operate.html?command=get_materiel&rest_code=00111&code=00101008038&supplier_code=00100005&order_time=2021-10-24 HTTP/1.1" 200 412
58.39.139.200 - - [24/Oct/2021:09:37:52 +0800] "GET /xingrg/all/function/internal_message.html?_=1635039468081&CODE_STATE=getMsg HTTP/1.1" 200 27
116.238.248.233 - - [24/Oct/2021:09:37:52 +0800] "POST /xingrg/kc/buy/cgsh_order_operate.html HTTP/1.1" 200 23627
222.70.179.155 - - [24/Oct/2021:09:37:54 +0800] "GET /xingrg/all/function/internal_message.html?_=1635039190321&CODE_STATE=getMsg HTTP/1.1" 200 27
114.85.125.222 - - [24/Oct/2021:09:37:59 +0800] "GET /xingrg/all/function/internal_message.html?_=1635039417278&CODE_STATE=getMsg HTTP/1.1" 200 27
116.227.210.113 - - [24/Oct/2021:09:38:04 +0800] "GET /xingrg/all/function/internal_message.html?_=1635039472463&CODE_STATE=getMsg HTTP/1.1" 200 27
222.69.135.237 - - [24/Oct/2021:09:38:04 +0800] "GET /xingrg/kc/buy/cgsh_order_add.html HTTP/1.1" 200 64732
222.69.135.237 - - [24/Oct/2021:09:38:04 +0800] "POST /xingrg/kc/buy/cgsh_order_operate.html HTTP/1.1" 200 8245
222.69.135.237 - - [24/Oct/2021:09:38:04 +0800] "GET /xingrg/javascript/easyui/themes/default/validatebox.css HTTP/1.1" 404 1104
180.174.227.63 - - [24/Oct/2021:09:38:08 +0800] "GET /xingrg/all/function/internal_message.html?_=1635039469897&CODE_STATE=getMsg HTTP/1.1" 200 27
120.253.135.82 - - [24/Oct/2021:09:38:09 +0800] "GET /xingrg/all/function/internal_message.html?_=1635039254114&CODE_STATE=getMsg HTTP/1.1" 200 27
58.39.139.200 - - [24/Oct/2021:09:38:09 +0800] "GET /xingrg/check_reg.html?_=1635039485503 HTTP/1.1" 200 22
222.69.135.237 - - [24/Oct/2021:09:38:21 +0800] "GET /xingrg/all/function/internal_message.html?_=1635039495860&CODE_STATE=getMsg HTTP/1.1" 200 27
222.70.179.155 - - [24/Oct/2021:09:38:23 +0800] "GET /xingrg/kc/buy/cgsh_order_operate.html?command=get_materiel&rest_code=00111&code=00101008004&supplier_code=00100005&order_time=2021-10-24 HTTP/1.1" 200 436
222.70.171.86 - - [24/Oct/2021:09:38:38 +0800] "GET /xingrg/all/function/internal_message.html?_=1635039534440&CODE_STATE=getMsg HTTP/1.1" 302 -
222.70.171.86 - - [24/Oct/2021:09:38:39 +0800] "GET /xingrg/all/function/internal_message.html?_=1635039539250&CODE_STATE=getMsg HTTP/1.1" 200 27
116.238.248.233 - - [24/Oct/2021:09:38:40 +0800] "POST /xingrg/kc/buy/cgsh_order_operate.html HTTP/1.1" 200 37
101.85.106.134 - - [24/Oct/2021:09:38:42 +0800] "GET /xingrg/all/function/internal_message.html?_=1635039516912&CODE_STATE=getMsg HTTP/1.1" 200 27
116.238.248.233 - - [24/Oct/2021:09:38:44 +0800] "POST /xingrg/kc/buy/cgsh_order_operate.html HTTP/1.1" 200 12
116.238.248.233 - - [24/Oct/2021:09:38:45 +0800] "GET /xingrg/kc/buy/cgsh_order_info.html?code=212021102410551 HTTP/1.1" 200 59230
116.238.248.233 - - [24/Oct/2021:09:38:45 +0800] "GET /xingrg/javascript/easyui/themes/default/validatebox.css HTTP/1.1" 404 1104
116.238.248.233 - - [24/Oct/2021:09:38:46 +0800] "POST /xingrg/kc/buy/cgsh_order_operate.html HTTP/1.1" 200 21572
116.238.248.233 - - [24/Oct/2021:09:38:46 +0800] "GET /xingrg/all/function/internal_message.html?_=1635039518755&CODE_STATE=getMsg HTTP/1.1" 200 27
222.70.179.155 - - [24/Oct/2021:09:38:47 +0800] "GET /xingrg/all/function/internal_message.html?_=1635039521501&CODE_STATE=getMsg HTTP/1.1" 200 27
116.238.248.233 - - [24/Oct/2021:09:38:49 +0800] "GET /xingrg/kc/print/load_config.html?kc_code=cgsh HTTP/1.1" 200 2281
116.238.248.233 - - [24/Oct/2021:09:38:49 +0800] "GET /xingrg/kc/print/load_data.html?order_code=212021102410551&kc_code=cgsh&condition= HTTP/1.1" 200 8855
58.39.139.200 - - [24/Oct/2021:09:38:52 +0800] "GET /xingrg/all/function/internal_message.html?_=1635039528038&CODE_STATE=getMsg HTTP/1.1" 200 27
222.70.179.155 - - [24/Oct/2021:09:38:54 +0800] "GET /xingrg/all/function/internal_message.html?_=1635039250307&CODE_STATE=getMsg HTTP/1.1" 200 27
222.69.135.237 - - [24/Oct/2021:09:38:54 +0800] "GET /xingrg/kc/buy/cgsh_order_operate.html?command=get_materiel&rest_code=00149&code=00101004033&supplier_code=00100083&order_time=2021-10-24 HTTP/1.1" 200 439
114.85.125.222 - - [24/Oct/2021:09:38:59 +0800] "GET /xingrg/all/function/internal_message.html?_=1635039477304&CODE_STATE=getMsg HTTP/1.1" 200 27
116.227.210.113 - - [24/Oct/2021:09:39:04 +0800] "GET /xingrg/all/function/internal_message.html?_=1635039532442&CODE_STATE=getMsg HTTP/1.1" 200 27
180.174.227.63 - - [24/Oct/2021:09:39:07 +0800] "GET /xingrg/check_reg.html?_=1635039529348 HTTP/1.1" 200 22
180.174.227.63 - - [24/Oct/2021:09:39:08 +0800] "GET /xingrg/all/function/internal_message.html?_=1635039530282&CODE_STATE=getMsg HTTP/1.1" 200 27
120.253.135.82 - - [24/Oct/2021:09:39:08 +0800] "GET /xingrg/check_reg.html?_=1635039313690 HTTP/1.1" 200 22
222.69.135.237 - - [24/Oct/2021:09:39:08 +0800] "GET /xingrg/kc/buy/cgsh_order_operate.html?command=get_materiel&rest_code=00149&code=00101004011&supplier_code=00100083&order_time=2021-10-24 HTTP/1.1" 200 417
120.253.135.82 - - [24/Oct/2021:09:39:09 +0800] "GET /xingrg/all/function/internal_message.html?_=1635039314126&CODE_STATE=getMsg HTTP/1.1" 200 27
116.238.248.233 - - [24/Oct/2021:09:39:13 +0800] "GET /xingrg/kc/buy/cgsh_order_add.html HTTP/1.1" 200 64321
116.238.248.233 - - [24/Oct/2021:09:39:14 +0800] "GET /xingrg/javascript/easyui/themes/default/validatebox.css HTTP/1.1" 404 1104
116.238.248.233 - - [24/Oct/2021:09:39:14 +0800] "POST /xingrg/kc/buy/cgsh_order_operate.html HTTP/1.1" 200 8245
222.69.135.237 - - [24/Oct/2021:09:39:21 +0800] "GET /xingrg/all/function/internal_message.html?_=1635039555854&CODE_STATE=getMsg HTTP/1.1" 200 27
222.69.135.237 - - [24/Oct/2021:09:39:21 +0800] "GET /xingrg/check_reg.html?_=1635039555863 HTTP/1.1" 200 22
222.69.135.237 - - [24/Oct/2021:09:39:26 +0800] "GET /xingrg/kc/buy/cgsh_order_operate.html?command=get_materiel&rest_code=00149&code=00101004074&supplier_code=00100083&order_time=2021-10-24 HTTP/1.1" 200 408
116.238.248.233 - - [24/Oct/2021:09:39:27 +0800] "GET /xingrg/kc/buy/cgsh_order_operate.html?command=get_materiel&rest_code=00151&code=00101009053&supplier_code=00100424&order_time=2021-10-24 HTTP/1.1" 200 408
222.70.179.155 - - [24/Oct/2021:09:39:34 +0800] "GET /xingrg/kc/buy/cgsh_order_operate.html?command=get_materiel&rest_code=00111&code=00101008264&supplier_code=00100005&order_time=2021-10-24 HTTP/1.1" 200 412
222.70.171.86 - - [24/Oct/2021:09:39:37 +0800] "GET /xingrg/check_reg.html?_=1635039593457 HTTP/1.1" 302 -
222.70.171.86 - - [24/Oct/2021:09:39:38 +0800] "GET /xingrg/all/function/internal_message.html?_=1635039594454&CODE_STATE=getMsg HTTP/1.1" 302 -
222.70.171.86 - - [24/Oct/2021:09:39:39 +0800] "GET /xingrg/all/function/internal_message.html?_=1635039599255&CODE_STATE=getMsg HTTP/1.1" 200 27
101.85.106.134 - - [24/Oct/2021:09:39:42 +0800] "GET /xingrg/all/function/internal_message.html?_=1635039576911&CODE_STATE=getMsg HTTP/1.1" 200 27
222.70.179.155 - - [24/Oct/2021:09:39:44 +0800] "GET /xingrg/kc/buy/cgsh_order_operate.html?command=get_materiel&rest_code=00111&code=00101008024&supplier_code=00100005&order_time=2021-10-24 HTTP/1.1" 200 408
222.70.179.155 - - [24/Oct/2021:09:39:46 +0800] "POST /xingrg/kc/buy/cgsh_order_operate.html HTTP/1.1" 200 2065
116.238.248.233 - - [24/Oct/2021:09:39:46 +0800] "GET /xingrg/all/function/internal_message.html?_=1635039578734&CODE_STATE=getMsg HTTP/1.1" 200 27
222.70.179.155 - - [24/Oct/2021:09:39:47 +0800] "GET /xingrg/check_reg.html?_=1635039581533 HTTP/1.1" 200 22
222.70.179.155 - - [24/Oct/2021:09:39:47 +0800] "GET /xingrg/all/function/internal_message.html?_=1635039581534&CODE_STATE=getMsg HTTP/1.1" 200 27
116.238.248.233 - - [24/Oct/2021:09:39:47 +0800] "GET /xingrg/kc/buy/cgsh_order_operate.html?command=get_materiel&rest_code=00151&code=00101009062&supplier_code=00100424&order_time=2021-10-24 HTTP/1.1" 200 412
58.39.139.200 - - [24/Oct/2021:09:39:52 +0800] "GET /xingrg/all/function/internal_message.html?_=1635039588008&CODE_STATE=getMsg HTTP/1.1" 200 27
116.238.248.233 - - [24/Oct/2021:09:39:54 +0800] "GET /xingrg/kc/buy/cgsh_order_operate.html?command=get_materiel&rest_code=00151&code=00101009039&supplier_code=00100424&order_time=2021-10-24 HTTP/1.1" 200 408
222.70.179.155 - - [24/Oct/2021:09:39:54 +0800] "GET /xingrg/kc/buy/cgsh_order_operate.html?command=get_materiel&rest_code=00111&code=00101008360&supplier_code=00100005&order_time=2021-10-24 HTTP/1.1" 200 413
222.70.179.155 - - [24/Oct/2021:09:39:54 +0800] "GET /xingrg/all/function/internal_message.html?_=1635039310322&CODE_STATE=getMsg HTTP/1.1" 200 27
222.69.135.237 - - [24/Oct/2021:09:39:55 +0800] "GET /xingrg/kc/buy/cgsh_order_operate.html?command=get_materiel&rest_code=00149&code=00101004067&supplier_code=00100083&order_time=2021-10-24 HTTP/1.1" 200 431
114.85.125.222 - - [24/Oct/2021:09:39:59 +0800] "GET /xingrg/all/function/internal_message.html?_=1635039537321&CODE_STATE=getMsg HTTP/1.1" 200 27
116.238.248.233 - - [24/Oct/2021:09:40:00 +0800] "GET /xingrg/kc/buy/cgsh_order_operate.html?command=get_materiel&rest_code=00151&code=00101009088&supplier_code=00100424&order_time=2021-10-24 HTTP/1.1" 200 391
222.70.179.155 - - [24/Oct/2021:09:40:02 +0800] "GET /xingrg/kc/buy/cgsh_order_operate.html?command=get_materiel&rest_code=00111&code=00101008197&supplier_code=00100005&order_time=2021-10-24 HTTP/1.1" 200 416
116.227.210.113 - - [24/Oct/2021:09:40:04 +0800] "GET /xingrg/all/function/internal_message.html?_=1635039592414&CODE_STATE=getMsg HTTP/1.1" 200 27
116.238.248.233 - - [24/Oct/2021:09:40:05 +0800] "GET /xingrg/kc/buy/cgsh_order_operate.html?command=get_materiel&rest_code=00151&code=00101009023&supplier_code=00100424&order_time=2021-10-24 HTTP/1.1" 200 408
58.39.139.200 - - [24/Oct/2021:09:40:06 +0800] "GET /xingrg/kc/buy/cgsh_order_operate.html?command=get_materiel&rest_code=00105&code=00101003011&supplier_code=00100397&order_time=2021-10-24 HTTP/1.1" 200 427
180.174.227.63 - - [24/Oct/2021:09:40:08 +0800] "GET /xingrg/all/function/internal_message.html?_=1635039590608&CODE_STATE=getMsg HTTP/1.1" 200 27
120.253.135.82 - - [24/Oct/2021:09:40:09 +0800] "GET /xingrg/all/function/internal_message.html?_=1635039374140&CODE_STATE=getMsg HTTP/1.1" 200 27
222.70.179.155 - - [24/Oct/2021:09:40:11 +0800] "GET /xingrg/kc/buy/cgsh_order_operate.html?command=get_materiel&rest_code=00111&code=00101008013&supplier_code=00100005&order_time=2021-10-24 HTTP/1.1" 200 408
222.69.135.237 - - [24/Oct/2021:09:40:13 +0800] "GET /xingrg/kc/buy/cgsh_order_operate.html?command=get_materiel&rest_code=00149&code=00101004048&supplier_code=00100083&order_time=2021-10-24 HTTP/1.1" 200 417
116.233.72.195 - - [24/Oct/2021:09:40:15 +0800] "GET /xingrg/all/function/internal_message.html?_=1635039611044&CODE_STATE=getMsg HTTP/1.1" 200 27
116.233.72.195 - - [24/Oct/2021:09:40:15 +0800] "GET /xingrg/check_reg.html?_=1635039611044 HTTP/1.1" 200 22
116.233.72.195 - - [24/Oct/2021:09:40:15 +0800] "POST /xingrg/kc/buy/cgsh_order_operate.html HTTP/1.1" 200 23934
116.238.248.233 - - [24/Oct/2021:09:40:16 +0800] "GET /xingrg/kc/buy/cgsh_order_operate.html?command=get_materiel&rest_code=00151&code=00101009011&supplier_code=00100424&order_time=2021-10-24 HTTP/1.1" 200 416
180.174.227.63 - - [24/Oct/2021:09:40:19 +0800] "GET /xingrg/javascript/easyui/plugins/jquery.draggable.js HTTP/1.1" 304 -
180.174.227.63 - - [24/Oct/2021:09:40:19 +0800] "GET /xingrg/css/images/panel_loading.gif HTTP/1.1" 304 -
180.174.227.63 - - [24/Oct/2021:09:40:19 +0800] "GET /xingrg/javascript/easyui/plugins/jquery.droppable.js HTTP/1.1" 304 -
180.174.227.63 - - [24/Oct/2021:09:40:19 +0800] "GET /xingrg/javascript/easyui/themes/default/tree.css HTTP/1.1" 404 1090
180.174.227.63 - - [24/Oct/2021:09:40:19 +0800] "GET /xingrg/javascript/easyui/plugins/jquery.tree.js HTTP/1.1" 304 -
180.174.227.63 - - [24/Oct/2021:09:40:19 +0800] "POST /xingrg/all/common/load_tree.html?tree=supplier_tree_json&isDelete=1 HTTP/1.1" 200 60167
222.69.135.237 - - [24/Oct/2021:09:40:21 +0800] "GET /xingrg/all/function/internal_message.html?_=1635039615864&CODE_STATE=getMsg HTTP/1.1" 200 27
180.174.227.63 - - [24/Oct/2021:09:40:21 +0800] "GET /xingrg/javascript/easyui/themes/default/images/tree_arrows.gif HTTP/1.1" 304 -
180.174.227.63 - - [24/Oct/2021:09:40:22 +0800] "GET /xingrg/javascript/easyui/themes/default/images/tree_folder_open.gif HTTP/1.1" 304 -
180.174.227.63 - - [24/Oct/2021:09:40:22 +0800] "GET /xingrg/javascript/easyui/themes/default/images/tree_folder.gif HTTP/1.1" 304 -
180.174.227.63 - - [24/Oct/2021:09:40:22 +0800] "GET /xingrg/javascript/easyui/themes/default/images/tree_file.gif HTTP/1.1" 304 -
116.238.248.233 - - [24/Oct/2021:09:40:25 +0800] "GET /xingrg/kc/buy/cgsh_order_operate.html?command=get_materiel&rest_code=00151&code=00101009078&supplier_code=00100424&order_time=2021-10-24 HTTP/1.1" 200 394
222.69.135.237 - - [24/Oct/2021:09:40:25 +0800] "GET /xingrg/kc/buy/cgsh_order_operate.html?command=get_materiel&rest_code=00149&code=00101004049&supplier_code=00100083&order_time=2021-10-24 HTTP/1.1" 200 415
116.233.72.195 - - [24/Oct/2021:09:40:26 +0800] "GET /xingrg/kc/buy/cgsh_order_operate.html?command=get_materiel&rest_code=00109&code=00101013179&supplier_code=00100005&order_time=2021-10-24 HTTP/1.1" 200 412
222.70.179.155 - - [24/Oct/2021:09:40:27 +0800] "GET /xingrg/kc/buy/cgsh_order_operate.html?command=get_materiel&rest_code=00111&code=00101008286&supplier_code=00100005&order_time=2021-10-24 HTTP/1.1" 200 408
222.70.179.155 - - [24/Oct/2021:09:40:29 +0800] "POST /xingrg/kc/buy/cgsh_order_operate.html HTTP/1.1" 200 2065
116.238.248.233 - - [24/Oct/2021:09:40:32 +0800] "GET /xingrg/kc/buy/cgsh_order_operate.html?command=get_materiel&rest_code=00151&code=00101009049&supplier_code=00100424&order_time=2021-10-24 HTTP/1.1" 200 416
222.70.171.86 - - [24/Oct/2021:09:40:38 +0800] "GET /xingrg/all/function/internal_message.html?_=1635039654471&CODE_STATE=getMsg HTTP/1.1" 302 -
222.70.179.155 - - [24/Oct/2021:09:40:38 +0800] "GET /xingrg/kc/buy/cgsh_order_operate.html?command=get_materiel&rest_code=00111&code=00101008036&supplier_code=00100005&order_time=2021-10-24 HTTP/1.1" 200 430
222.70.171.86 - - [24/Oct/2021:09:40:38 +0800] "GET /xingrg/check_reg.html?_=1635039658551 HTTP/1.1" 200 22
222.70.171.86 - - [24/Oct/2021:09:40:39 +0800] "GET /xingrg/all/function/internal_message.html?_=1635039659269&CODE_STATE=getMsg HTTP/1.1" 200 27
222.69.135.237 - - [24/Oct/2021:09:40:40 +0800] "GET /xingrg/kc/buy/cgsh_order_operate.html?command=get_materiel&rest_code=00149&code=00101004071&supplier_code=00100083&order_time=2021-10-24 HTTP/1.1" 200 426
101.85.106.134 - - [24/Oct/2021:09:40:42 +0800] "GET /xingrg/all/function/internal_message.html?_=1635039636911&CODE_STATE=getMsg HTTP/1.1" 200 27
116.233.72.195 - - [24/Oct/2021:09:40:44 +0800] "GET /xingrg/all/function/internal_message.html?_=1635039640181&CODE_STATE=getMsg HTTP/1.1" 200 27
116.238.248.233 - - [24/Oct/2021:09:40:46 +0800] "GET /xingrg/all/function/internal_message.html?_=1635039638719&CODE_STATE=getMsg HTTP/1.1" 200 27
222.70.179.155 - - [24/Oct/2021:09:40:47 +0800] "GET /xingrg/all/function/internal_message.html?_=1635039641514&CODE_STATE=getMsg HTTP/1.1" 200 27
116.232.38.86 - - [24/Oct/2021:09:40:48 +0800] "POST /xingrg/services/DataTransmitService HTTP/1.1" 200 524
58.39.139.200 - - [24/Oct/2021:09:40:52 +0800] "GET /xingrg/all/function/internal_message.html?_=1635039647979&CODE_STATE=getMsg HTTP/1.1" 200 27
222.70.179.155 - - [24/Oct/2021:09:40:54 +0800] "GET /xingrg/all/function/internal_message.html?_=1635039370310&CODE_STATE=getMsg HTTP/1.1" 200 27
222.70.179.155 - - [24/Oct/2021:09:40:54 +0800] "GET /xingrg/check_reg.html?_=1635039370312 HTTP/1.1" 200 22
58.39.139.200 - - [24/Oct/2021:09:40:57 +0800] "GET /xingrg/kc/buy/cgsh_order_operate.html?command=get_materiel&rest_code=00105&code=00101001010&supplier_code=00100397&order_time=2021-10-24 HTTP/1.1" 200 409
114.85.125.222 - - [24/Oct/2021:09:40:59 +0800] "GET /xingrg/all/function/internal_message.html?_=1635039597346&CODE_STATE=getMsg HTTP/1.1" 200 27
116.232.38.86 - - [24/Oct/2021:09:41:03 +0800] "POST /xingrg/services/DataTransmitService HTTP/1.1" 200 501
116.227.210.113 - - [24/Oct/2021:09:41:04 +0800] "GET /xingrg/all/function/internal_message.html?_=1635039652394&CODE_STATE=getMsg HTTP/1.1" 200 27
116.232.38.86 - - [24/Oct/2021:09:41:07 +0800] "POST /xingrg/services/DataTransmitService HTTP/1.1" 200 501
180.174.227.63 - - [24/Oct/2021:09:41:08 +0800] "GET /xingrg/all/function/internal_message.html?_=1635039650798&CODE_STATE=getMsg HTTP/1.1" 200 27
120.253.135.82 - - [24/Oct/2021:09:41:09 +0800] "GET /xingrg/all/function/internal_message.html?_=1635039434155&CODE_STATE=getMsg HTTP/1.1" 200 27
116.232.38.86 - - [24/Oct/2021:09:41:12 +0800] "POST /xingrg/services/DataTransmitService HTTP/1.1" 200 501
116.232.38.86 - - [24/Oct/2021:09:41:13 +0800] "POST /xingrg/services/DataTransmitService HTTP/1.1" 200 501
116.232.38.86 - - [24/Oct/2021:09:41:13 +0800] "POST /xingrg/services/DataTransmitService HTTP/1.1" 200 501
116.238.248.233 - - [24/Oct/2021:09:41:13 +0800] "POST /xingrg/kc/buy/cgsh_order_operate.html HTTP/1.1" 200 37
222.70.179.155 - - [24/Oct/2021:09:41:13 +0800] "GET /xingrg/kc/buy/cgsh_order_operate.html?command=get_materiel&rest_code=00111&code=00101008233&supplier_code=00100005&order_time=2021-10-24 HTTP/1.1" 200 408
58.39.139.200 - - [24/Oct/2021:09:41:13 +0800] "POST /xingrg/kc/buy/cgsh_order_operate.html HTTP/1.1" 200 88
116.232.38.86 - - [24/Oct/2021:09:41:13 +0800] "POST /xingrg/services/DataTransmitService HTTP/1.1" 200 501
116.232.38.86 - - [24/Oct/2021:09:41:14 +0800] "POST /xingrg/services/DataTransmitService HTTP/1.1" 200 501
116.232.38.86 - - [24/Oct/2021:09:41:14 +0800] "POST /xingrg/services/DataTransmitService HTTP/1.1" 200 501
116.232.38.86 - - [24/Oct/2021:09:41:15 +0800] "POST /xingrg/services/DataTransmitService HTTP/1.1" 200 501
116.232.38.86 - - [24/Oct/2021:09:41:15 +0800] "POST /xingrg/services/DataTransmitService HTTP/1.1" 200 412
116.238.248.233 - - [24/Oct/2021:09:41:16 +0800] "POST /xingrg/kc/buy/cgsh_order_operate.html HTTP/1.1" 200 12
116.238.248.233 - - [24/Oct/2021:09:41:17 +0800] "GET /xingrg/kc/buy/cgsh_order_info.html?code=212021102410554 HTTP/1.1" 200 59230
116.238.248.233 - - [24/Oct/2021:09:41:17 +0800] "GET /xingrg/javascript/easyui/themes/default/validatebox.css HTTP/1.1" 404 1104
58.39.139.200 - - [24/Oct/2021:09:41:18 +0800] "POST /xingrg/kc/buy/cgsh_order_operate.html HTTP/1.1" 200 37
116.238.248.233 - - [24/Oct/2021:09:41:18 +0800] "POST /xingrg/kc/buy/cgsh_order_operate.html HTTP/1.1" 200 4800
222.69.135.237 - - [24/Oct/2021:09:41:19 +0800] "GET /xingrg/kc/buy/cgsh_order_operate.html?command=get_materiel&rest_code=00149&code=00101004027&supplier_code=00100083&order_time=2021-10-24 HTTP/1.1" 200 411
116.238.248.233 - - [24/Oct/2021:09:41:20 +0800] "GET /xingrg/kc/print/load_data.html?order_code=212021102410554&kc_code=cgsh&condition= HTTP/1.1" 200 2329
58.39.139.200 - - [24/Oct/2021:09:41:20 +0800] "POST /xingrg/kc/buy/cgsh_order_operate.html HTTP/1.1" 200 4446
222.69.135.237 - - [24/Oct/2021:09:41:21 +0800] "GET /xingrg/all/function/internal_message.html?_=1635039675868&CODE_STATE=getMsg HTTP/1.1" 200 27
222.70.179.155 - - [24/Oct/2021:09:41:22 +0800] "POST /xingrg/kc/buy/cgsh_order_operate.html HTTP/1.1" 200 37
58.39.139.200 - - [24/Oct/2021:09:41:22 +0800] "GET /xingrg/kc/print/load_data.html?order_code=212021102410556&kc_code=cgsh&condition= HTTP/1.1" 200 1361
222.70.179.155 - - [24/Oct/2021:09:41:24 +0800] "POST /xingrg/kc/buy/cgsh_order_operate.html HTTP/1.1" 200 23935
58.39.139.200 - - [24/Oct/2021:09:41:25 +0800] "GET /xingrg/kc/buy/cgsh_order_add.html HTTP/1.1" 200 64726
116.238.248.233 - - [24/Oct/2021:09:41:25 +0800] "GET /xingrg/kc/buy/cgsh_order_add.html HTTP/1.1" 200 64321
58.39.139.200 - - [24/Oct/2021:09:41:25 +0800] "POST /xingrg/kc/buy/cgsh_order_operate.html HTTP/1.1" 200 8245
58.39.139.200 - - [24/Oct/2021:09:41:25 +0800] "GET /xingrg/javascript/easyui/themes/default/validatebox.css HTTP/1.1" 404 1104
116.238.86.50 - - [24/Oct/2021:09:41:25 +0800] "GET /favicon.ico HTTP/1.1" 404 -
116.238.248.233 - - [24/Oct/2021:09:41:26 +0800] "POST /xingrg/kc/buy/cgsh_order_operate.html HTTP/1.1" 200 8245
116.238.248.233 - - [24/Oct/2021:09:41:26 +0800] "GET /xingrg/javascript/easyui/themes/default/validatebox.css HTTP/1.1" 404 1104
222.70.171.86 - - [24/Oct/2021:09:41:38 +0800] "GET /xingrg/all/function/internal_message.html?_=1635039714481&CODE_STATE=getMsg HTTP/1.1" 302 -
116.233.72.195 - - [24/Oct/2021:09:41:38 +0800] "GET /xingrg/kc/buy/cgsh_order_operate.html?command=get_materiel&rest_code=00109&code=00101008003&supplier_code=00100005&order_time=2021-10-24 HTTP/1.1" 200 408
222.70.171.86 - - [24/Oct/2021:09:41:39 +0800] "GET /xingrg/all/function/internal_message.html?_=1635039719294&CODE_STATE=getMsg HTTP/1.1" 200 27
222.69.135.237 - - [24/Oct/2021:09:41:39 +0800] "GET /xingrg/kc/buy/cgsh_order_operate.html?command=get_materiel&rest_code=00149&code=00101004030&supplier_code=00100083&order_time=2021-10-24 HTTP/1.1" 200 408
116.238.248.233 - - [24/Oct/2021:09:41:39 +0800] "GET /xingrg/kc/buy/cgsh_order_operate.html?command=get_materiel&rest_code=00151&code=00101011005&supplier_code=00100047&order_time=2021-10-24 HTTP/1.1" 200 429
222.70.179.155 - - [24/Oct/2021:09:41:40 +0800] "GET /xingrg/kc/buy/cgsh_order_operate.html?command=get_materiel&rest_code=00111&code=00101008318&supplier_code=00100005&order_time=2021-10-24 HTTP/1.1" 200 408
101.85.106.134 - - [24/Oct/2021:09:41:42 +0800] "GET /xingrg/all/function/internal_message.html?_=1635039696911&CODE_STATE=getMsg HTTP/1.1" 200 27
58.39.139.200 - - [24/Oct/2021:09:41:43 +0800] "GET /xingrg/kc/buy/cgsh_order_operate.html?command=get_materiel&rest_code=00105&code=00101016030&supplier_code=00100034&order_time=2021-10-24 HTTP/1.1" 200 412
116.233.72.195 - - [24/Oct/2021:09:41:44 +0800] "GET /xingrg/all/function/internal_message.html?_=1635039700194&CODE_STATE=getMsg HTTP/1.1" 200 27
116.238.248.233 - - [24/Oct/2021:09:41:46 +0800] "GET /xingrg/all/function/internal_message.html?_=1635039698713&CODE_STATE=getMsg HTTP/1.1" 200 27
222.70.179.155 - - [24/Oct/2021:09:41:47 +0800] "GET /xingrg/all/function/internal_message.html?_=1635039701490&CODE_STATE=getMsg HTTP/1.1" 200 27
114.85.125.222 - - [24/Oct/2021:09:41:48 +0800] "GET /xingrg/check_reg.html?_=1635039646136 HTTP/1.1" 200 22
58.39.139.200 - - [24/Oct/2021:09:41:52 +0800] "GET /xingrg/all/function/internal_message.html?_=1635039707953&CODE_STATE=getMsg HTTP/1.1" 200 27
222.70.179.155 - - [24/Oct/2021:09:41:54 +0800] "GET /xingrg/all/function/internal_message.html?_=1635039430317&CODE_STATE=getMsg HTTP/1.1" 200 27
