222.70.171.86 - - [24/Oct/2021:11:42:29 +0800] "GET /xingrg/kc/buy/cgsh_order_operate.html?command=get_materiel&rest_code=00146&code=00101007076&supplier_code=00100002&order_time=2021-10-24 HTTP/1.1" 200 408
222.70.171.86 - - [24/Oct/2021:11:42:39 +0800] "GET /xingrg/all/function/internal_message.html?_=1635046976128&CODE_STATE=getMsg HTTP/1.1" 302 -
120.253.135.82 - - [24/Oct/2021:11:42:40 +0800] "GET /xingrg/all/function/internal_message.html?_=1635046725412&CODE_STATE=getMsg HTTP/1.1" 200 27
101.85.106.134 - - [24/Oct/2021:11:42:43 +0800] "GET /xingrg/all/function/internal_message.html?_=1635046957059&CODE_STATE=getMsg HTTP/1.1" 200 27
101.85.106.134 - - [24/Oct/2021:11:42:43 +0800] "GET /xingrg/check_reg.html?_=1635046957061 HTTP/1.1" 200 22
116.233.72.195 - - [24/Oct/2021:11:42:44 +0800] "GET /xingrg/all/function/internal_message.html?_=1635046960596&CODE_STATE=getMsg HTTP/1.1" 200 27
222.70.171.86 - - [24/Oct/2021:11:42:46 +0800] "GET /xingrg/kc/buy/cgsh_order_operate.html?command=get_materiel&rest_code=00146&code=00101007032&supplier_code=00100002&order_time=2021-10-24 HTTP/1.1" 200 413
116.235.95.99 - - [24/Oct/2021:11:42:46 +0800] "GET /xingrg/all/function/internal_message.html?_=1635047067794&CODE_STATE=getMsg HTTP/1.1" 200 27
222.70.179.155 - - [24/Oct/2021:11:42:46 +0800] "GET /xingrg/all/function/internal_message.html?_=1635046960784&CODE_STATE=getMsg HTTP/1.1" 200 27
180.174.227.63 - - [24/Oct/2021:11:42:48 +0800] "GET /xingrg/all/function/internal_message.html?_=1635046950239&CODE_STATE=getMsg HTTP/1.1" 200 27
58.39.139.200 - - [24/Oct/2021:11:42:49 +0800] "GET /xingrg/all/function/internal_message.html?_=1635046965107&CODE_STATE=getMsg HTTP/1.1" 200 27
124.78.153.86 - - [24/Oct/2021:11:42:52 +0800] "GET /xingrg/all/function/internal_message.html?_=1635046966402&CODE_STATE=getMsg HTTP/1.1" 200 27
101.91.62.89 - - [24/Oct/2021:11:42:53 +0800] "GET /xingrg/all/function/internal_message.html?_=1635046906421&CODE_STATE=getMsg HTTP/1.1" 302 -
101.91.62.89 - - [24/Oct/2021:11:42:53 +0800] "GET /xingrg/login.html HTTP/1.1" 200 7641
180.162.112.229 - - [24/Oct/2021:11:42:53 +0800] "GET /xingrg/all/function/internal_message.html?_=1635046476499&CODE_STATE=getMsg HTTP/1.1" 200 27
222.70.171.86 - - [24/Oct/2021:11:42:54 +0800] "GET /xingrg/all/function/internal_message.html?_=1635046994810&CODE_STATE=getMsg HTTP/1.1" 200 27
222.70.179.155 - - [24/Oct/2021:11:42:54 +0800] "GET /xingrg/all/function/internal_message.html?_=1635046690328&CODE_STATE=getMsg HTTP/1.1" 200 27
116.228.172.94 - - [24/Oct/2021:11:42:57 +0800] "GET /xingrg/check_reg.html?_=1635046941501 HTTP/1.1" 200 22
116.228.172.94 - - [24/Oct/2021:11:42:57 +0800] "GET /xingrg/all/function/internal_message.html?_=1635046941505&CODE_STATE=getMsg HTTP/1.1" 200 27
114.85.125.222 - - [24/Oct/2021:11:43:01 +0800] "GET /xingrg/all/function/internal_message.html?_=1635046918993&CODE_STATE=getMsg HTTP/1.1" 200 27
116.227.210.113 - - [24/Oct/2021:11:43:02 +0800] "GET /xingrg/all/function/internal_message.html?_=1635046970776&CODE_STATE=getMsg HTTP/1.1" 200 27
116.238.248.233 - - [24/Oct/2021:11:43:03 +0800] "GET /xingrg/kc/buy/cgsh_order_list.html HTTP/1.1" 200 48947
116.238.248.233 - - [24/Oct/2021:11:43:05 +0800] "POST /xingrg/kc/buy/cgsh_list_operate.html HTTP/1.1" 200 1685
116.238.248.233 - - [24/Oct/2021:11:43:06 +0800] "GET /xingrg/kc/buy/cgsh_order_add.html HTTP/1.1" 200 64603
116.238.248.233 - - [24/Oct/2021:11:43:06 +0800] "POST /xingrg/kc/buy/cgsh_order_operate.html HTTP/1.1" 200 8245
116.238.248.233 - - [24/Oct/2021:11:43:06 +0800] "GET /xingrg/javascript/easyui/themes/default/validatebox.css HTTP/1.1" 404 1104
58.39.139.200 - - [24/Oct/2021:11:43:09 +0800] "GET /xingrg/check_reg.html?_=1635046985041 HTTP/1.1" 200 22
222.70.171.86 - - [24/Oct/2021:11:43:09 +0800] "GET /xingrg/kc/buy/cgsh_order_operate.html?command=get_materiel&rest_code=00146&code=00101007077&supplier_code=00100002&order_time=2021-10-24 HTTP/1.1" 200 415
116.238.248.233 - - [24/Oct/2021:11:43:11 +0800] "GET /xingrg/all/function/internal_message.html?_=1635046982918&CODE_STATE=getMsg HTTP/1.1" 200 27
180.174.227.63 - - [24/Oct/2021:11:43:19 +0800] "GET /xingrg/all/function/internal_message.html?_=1635046994748&CODE_STATE=getMsg HTTP/1.1" 200 27
124.78.153.86 - - [24/Oct/2021:11:43:20 +0800] "GET /xingrg/all/function/internal_message.html?_=1635046994210&CODE_STATE=getMsg HTTP/1.1" 200 27
222.69.135.237 - - [24/Oct/2021:11:43:21 +0800] "GET /xingrg/all/function/internal_message.html?_=1635046996310&CODE_STATE=getMsg HTTP/1.1" 200 27
222.70.171.86 - - [24/Oct/2021:11:43:24 +0800] "POST /xingrg/kc/buy/cgsh_order_operate.html HTTP/1.1" 200 37
116.238.248.233 - - [24/Oct/2021:11:43:26 +0800] "GET /xingrg/kc/buy/cgsh_order_operate.html?command=get_materiel&rest_code=00150&code=00101031002&supplier_code=00100064&order_time=2021-10-24 HTTP/1.1" 200 420
222.70.171.86 - - [24/Oct/2021:11:43:26 +0800] "POST /xingrg/kc/buy/cgsh_order_operate.html HTTP/1.1" 200 6205
222.70.171.86 - - [24/Oct/2021:11:43:29 +0800] "GET /xingrg/kc/print/load_data.html?order_code=212021102410616&kc_code=cgsh&condition= HTTP/1.1" 200 2096
116.238.248.233 - - [24/Oct/2021:11:43:37 +0800] "POST /xingrg/kc/buy/cgsh_order_operate.html HTTP/1.1" 200 37
120.253.135.82 - - [24/Oct/2021:11:43:37 +0800] "GET /xingrg/check_reg.html?_=1635046781990 HTTP/1.1" 200 22
222.70.171.86 - - [24/Oct/2021:11:43:39 +0800] "GET /xingrg/all/function/internal_message.html?_=1635047036139&CODE_STATE=getMsg HTTP/1.1" 302 -
180.162.112.229 - - [24/Oct/2021:11:43:39 +0800] "GET /xingrg/kc/buy/cgsh_order_add.html HTTP/1.1" 200 63804
180.162.112.229 - - [24/Oct/2021:11:43:40 +0800] "POST /xingrg/kc/buy/cgsh_order_operate.html HTTP/1.1" 200 8245
180.162.112.229 - - [24/Oct/2021:11:43:40 +0800] "GET /xingrg/javascript/easyui/themes/default/validatebox.css HTTP/1.1" 404 1104
120.253.135.82 - - [24/Oct/2021:11:43:40 +0800] "GET /xingrg/all/function/internal_message.html?_=1635046785421&CODE_STATE=getMsg HTTP/1.1" 200 27
180.162.112.229 - - [24/Oct/2021:11:43:41 +0800] "GET /xingrg/javascript/easyui/themes/default/tree.css HTTP/1.1" 404 1090
180.162.112.229 - - [24/Oct/2021:11:43:41 +0800] "POST /xingrg/all/common/load_tree.html?tree=supplier_tree_json&isDelete=1 HTTP/1.1" 200 60167
101.85.106.134 - - [24/Oct/2021:11:43:43 +0800] "GET /xingrg/all/function/internal_message.html?_=1635047017059&CODE_STATE=getMsg HTTP/1.1" 200 27
116.238.248.233 - - [24/Oct/2021:11:43:43 +0800] "POST /xingrg/kc/buy/cgsh_order_operate.html HTTP/1.1" 200 12
116.233.72.195 - - [24/Oct/2021:11:43:44 +0800] "GET /xingrg/all/function/internal_message.html?_=1635047020594&CODE_STATE=getMsg HTTP/1.1" 200 27
116.233.72.195 - - [24/Oct/2021:11:43:44 +0800] "GET /xingrg/check_reg.html?_=1635047020595 HTTP/1.1" 200 22
222.70.179.155 - - [24/Oct/2021:11:43:46 +0800] "GET /xingrg/all/function/internal_message.html?_=1635047020769&CODE_STATE=getMsg HTTP/1.1" 200 27
116.235.95.99 - - [24/Oct/2021:11:43:46 +0800] "GET /xingrg/all/function/internal_message.html?_=1635047127805&CODE_STATE=getMsg HTTP/1.1" 200 27
116.235.95.99 - - [24/Oct/2021:11:43:46 +0800] "GET /xingrg/check_reg.html?_=1635047127806 HTTP/1.1" 200 22
180.174.227.63 - - [24/Oct/2021:11:43:48 +0800] "GET /xingrg/all/function/internal_message.html?_=1635047010252&CODE_STATE=getMsg HTTP/1.1" 200 27
116.238.248.233 - - [24/Oct/2021:11:43:48 +0800] "GET /xingrg/kc/buy/cgsh_order_info.html?code=212021102410617 HTTP/1.1" 200 59512
116.238.248.233 - - [24/Oct/2021:11:43:48 +0800] "GET /xingrg/javascript/easyui/themes/default/validatebox.css HTTP/1.1" 404 1104
116.238.248.233 - - [24/Oct/2021:11:43:49 +0800] "POST /xingrg/kc/buy/cgsh_order_operate.html HTTP/1.1" 200 617
58.39.139.200 - - [24/Oct/2021:11:43:49 +0800] "GET /xingrg/all/function/internal_message.html?_=1635047025080&CODE_STATE=getMsg HTTP/1.1" 200 27
116.238.248.233 - - [24/Oct/2021:11:43:50 +0800] "GET /xingrg/kc/print/load_data.html?order_code=212021102410617&kc_code=cgsh&condition= HTTP/1.1" 200 754
124.78.153.86 - - [24/Oct/2021:11:43:52 +0800] "GET /xingrg/all/function/internal_message.html?_=1635047026371&CODE_STATE=getMsg HTTP/1.1" 200 27
180.162.112.229 - - [24/Oct/2021:11:43:53 +0800] "GET /xingrg/all/function/internal_message.html?_=1635046536513&CODE_STATE=getMsg HTTP/1.1" 200 27
222.70.171.86 - - [24/Oct/2021:11:43:54 +0800] "GET /xingrg/all/function/internal_message.html?_=1635047054823&CODE_STATE=getMsg HTTP/1.1" 200 27
222.70.179.155 - - [24/Oct/2021:11:43:54 +0800] "GET /xingrg/all/function/internal_message.html?_=1635046750328&CODE_STATE=getMsg HTTP/1.1" 200 27
222.70.171.86 - - [24/Oct/2021:11:43:56 +0800] "GET /xingrg/kc/buy/cgsh_order_add.html HTTP/1.1" 200 64685
222.70.171.86 - - [24/Oct/2021:11:43:57 +0800] "POST /xingrg/kc/buy/cgsh_order_operate.html HTTP/1.1" 200 8245
116.228.172.94 - - [24/Oct/2021:11:43:57 +0800] "GET /xingrg/all/function/internal_message.html?_=1635047001515&CODE_STATE=getMsg HTTP/1.1" 200 27
222.70.171.86 - - [24/Oct/2021:11:43:57 +0800] "GET /xingrg/javascript/easyui/themes/default/validatebox.css HTTP/1.1" 404 1104
114.85.125.222 - - [24/Oct/2021:11:44:01 +0800] "GET /xingrg/all/function/internal_message.html?_=1635046979014&CODE_STATE=getMsg HTTP/1.1" 200 27
116.227.210.113 - - [24/Oct/2021:11:44:02 +0800] "GET /xingrg/all/function/internal_message.html?_=1635047030763&CODE_STATE=getMsg HTTP/1.1" 200 27
180.157.253.6 - - [24/Oct/2021:11:44:09 +0800] "POST /xingrg/services/DataTransmitService HTTP/1.1" 200 524
180.157.253.6 - - [24/Oct/2021:11:44:09 +0800] "POST /xingrg/services/DataTransmitService HTTP/1.1" 200 501
116.238.248.233 - - [24/Oct/2021:11:44:09 +0800] "GET /xingrg/kc/buy/cgsh_order_add.html HTTP/1.1" 200 64603
116.238.248.233 - - [24/Oct/2021:11:44:10 +0800] "POST /xingrg/kc/buy/cgsh_order_operate.html HTTP/1.1" 200 8245
116.238.248.233 - - [24/Oct/2021:11:44:10 +0800] "GET /xingrg/javascript/easyui/themes/default/validatebox.css HTTP/1.1" 404 1104
116.238.248.233 - - [24/Oct/2021:11:44:11 +0800] "GET /xingrg/all/function/internal_message.html?_=1635047042946&CODE_STATE=getMsg HTTP/1.1" 200 27
116.227.210.113 - - [24/Oct/2021:11:44:11 +0800] "GET /xingrg/kc/buy/cgsh_order_list.html HTTP/1.1" 200 48947
116.227.210.113 - - [24/Oct/2021:11:44:16 +0800] "POST /xingrg/kc/buy/cgsh_list_operate.html HTTP/1.1" 200 2768
222.70.171.86 - - [24/Oct/2021:11:44:16 +0800] "GET /xingrg/kc/buy/cgsh_order_operate.html?command=get_materiel&rest_code=00146&code=00101012033&supplier_code=00100033&order_time=2021-10-24 HTTP/1.1" 200 426
116.227.210.113 - - [24/Oct/2021:11:44:18 +0800] "GET /xingrg/kc/buy/cgsh_order_add.html HTTP/1.1" 200 64647
116.227.210.113 - - [24/Oct/2021:11:44:18 +0800] "POST /xingrg/kc/buy/cgsh_order_operate.html HTTP/1.1" 200 8245
116.227.210.113 - - [24/Oct/2021:11:44:18 +0800] "GET /xingrg/javascript/easyui/themes/default/validatebox.css HTTP/1.1" 404 1104
180.174.227.63 - - [24/Oct/2021:11:44:19 +0800] "GET /xingrg/all/function/internal_message.html?_=1635047054763&CODE_STATE=getMsg HTTP/1.1" 200 27
116.238.248.233 - - [24/Oct/2021:11:44:19 +0800] "GET /xingrg/kc/buy/cgsh_order_operate.html?command=get_materiel&rest_code=00150&code=00101031012&supplier_code=00100054&order_time=2021-10-24 HTTP/1.1" 200 417
124.78.153.86 - - [24/Oct/2021:11:44:20 +0800] "GET /xingrg/all/function/internal_message.html?_=1635047054209&CODE_STATE=getMsg HTTP/1.1" 200 27
222.69.135.237 - - [24/Oct/2021:11:44:21 +0800] "GET /xingrg/all/function/internal_message.html?_=1635047056326&CODE_STATE=getMsg HTTP/1.1" 200 27
222.69.135.237 - - [24/Oct/2021:11:44:21 +0800] "GET /xingrg/check_reg.html?_=1635047056326 HTTP/1.1" 200 22
222.70.171.86 - - [24/Oct/2021:11:44:31 +0800] "GET /xingrg/kc/buy/cgsh_order_operate.html?command=get_materiel&rest_code=00146&code=00101012008&supplier_code=00100033&order_time=2021-10-24 HTTP/1.1" 200 412
116.238.248.233 - - [24/Oct/2021:11:44:35 +0800] "POST /xingrg/kc/buy/cgsh_order_operate.html HTTP/1.1" 200 37
116.227.210.113 - - [24/Oct/2021:11:44:36 +0800] "GET /xingrg/kc/buy/cgsh_order_operate.html?command=get_materiel&rest_code=00155&code=00101016037&supplier_code=00100028&order_time=2021-10-24 HTTP/1.1" 200 451
222.70.171.86 - - [24/Oct/2021:11:44:37 +0800] "GET /xingrg/check_reg.html?_=1635047093596 HTTP/1.1" 302 -
222.70.171.86 - - [24/Oct/2021:11:44:39 +0800] "GET /xingrg/all/function/internal_message.html?_=1635047096152&CODE_STATE=getMsg HTTP/1.1" 302 -
120.253.135.82 - - [24/Oct/2021:11:44:40 +0800] "GET /xingrg/all/function/internal_message.html?_=1635046845434&CODE_STATE=getMsg HTTP/1.1" 200 27
116.238.248.233 - - [24/Oct/2021:11:44:41 +0800] "POST /xingrg/kc/buy/cgsh_order_operate.html HTTP/1.1" 200 12
101.85.106.134 - - [24/Oct/2021:11:44:43 +0800] "GET /xingrg/all/function/internal_message.html?_=1635047077073&CODE_STATE=getMsg HTTP/1.1" 200 27
116.233.72.195 - - [24/Oct/2021:11:44:44 +0800] "GET /xingrg/all/function/internal_message.html?_=1635047080599&CODE_STATE=getMsg HTTP/1.1" 200 27
222.70.179.155 - - [24/Oct/2021:11:44:46 +0800] "GET /xingrg/all/function/internal_message.html?_=1635047080753&CODE_STATE=getMsg HTTP/1.1" 200 27
116.235.95.99 - - [24/Oct/2021:11:44:46 +0800] "GET /xingrg/all/function/internal_message.html?_=1635047187798&CODE_STATE=getMsg HTTP/1.1" 200 27
222.70.179.155 - - [24/Oct/2021:11:44:47 +0800] "GET /xingrg/check_reg.html?_=1635047081645 HTTP/1.1" 200 22
180.174.227.63 - - [24/Oct/2021:11:44:47 +0800] "GET /xingrg/check_reg.html?_=1635047070083 HTTP/1.1" 200 22
180.174.227.63 - - [24/Oct/2021:11:44:48 +0800] "GET /xingrg/all/function/internal_message.html?_=1635047070262&CODE_STATE=getMsg HTTP/1.1" 200 27
222.70.171.86 - - [24/Oct/2021:11:44:49 +0800] "GET /xingrg/kc/buy/cgsh_order_operate.html?command=get_materiel&rest_code=00146&code=00101012025&supplier_code=00100033&order_time=2021-10-24 HTTP/1.1" 200 412
58.39.139.200 - - [24/Oct/2021:11:44:49 +0800] "GET /xingrg/all/function/internal_message.html?_=1635047085054&CODE_STATE=getMsg HTTP/1.1" 200 27
116.238.248.233 - - [24/Oct/2021:11:44:49 +0800] "GET /xingrg/kc/buy/cgsh_order_info.html?code=212021102410618 HTTP/1.1" 200 59510
116.238.248.233 - - [24/Oct/2021:11:44:49 +0800] "GET /xingrg/javascript/easyui/themes/default/validatebox.css HTTP/1.1" 404 1104
116.238.248.233 - - [24/Oct/2021:11:44:50 +0800] "POST /xingrg/kc/buy/cgsh_order_operate.html HTTP/1.1" 200 614
116.227.210.113 - - [24/Oct/2021:11:44:50 +0800] "GET /xingrg/kc/buy/cgsh_order_operate.html?command=get_materiel&rest_code=00155&code=00101016097&supplier_code=00100028&order_time=2021-10-24 HTTP/1.1" 200 470
101.89.239.245 - - [24/Oct/2021:11:44:51 +0800] "GET /xingrg/all/function/internal_message.html?_=1635047026371&CODE_STATE=getMsg HTTP/1.1" 302 -
116.238.248.233 - - [24/Oct/2021:11:44:52 +0800] "GET /xingrg/kc/print/load_data.html?order_code=212021102410618&kc_code=cgsh&condition= HTTP/1.1" 200 712
124.78.153.86 - - [24/Oct/2021:11:44:52 +0800] "GET /xingrg/all/function/internal_message.html?_=1635047086348&CODE_STATE=getMsg HTTP/1.1" 200 27
101.89.239.245 - - [24/Oct/2021:11:44:53 +0800] "GET /xingrg/login.html HTTP/1.1" 200 7641
180.162.112.229 - - [24/Oct/2021:11:44:53 +0800] "GET /xingrg/all/function/internal_message.html?_=1635046596506&CODE_STATE=getMsg HTTP/1.1" 200 27
222.70.171.86 - - [24/Oct/2021:11:44:54 +0800] "GET /xingrg/all/function/internal_message.html?_=1635047114838&CODE_STATE=getMsg HTTP/1.1" 200 27
222.70.179.155 - - [24/Oct/2021:11:44:54 +0800] "GET /xingrg/all/function/internal_message.html?_=1635046810328&CODE_STATE=getMsg HTTP/1.1" 200 27
116.228.172.94 - - [24/Oct/2021:11:44:57 +0800] "GET /xingrg/all/function/internal_message.html?_=1635047061509&CODE_STATE=getMsg HTTP/1.1" 200 27
114.85.125.222 - - [24/Oct/2021:11:45:01 +0800] "GET /xingrg/all/function/internal_message.html?_=1635047039020&CODE_STATE=getMsg HTTP/1.1" 200 27
222.70.171.86 - - [24/Oct/2021:11:45:02 +0800] "GET /xingrg/kc/buy/cgsh_order_operate.html?command=get_materiel&rest_code=00146&code=00101016025&supplier_code=00100033&order_time=2021-10-24 HTTP/1.1" 200 408
116.227.210.113 - - [24/Oct/2021:11:45:02 +0800] "GET /xingrg/all/function/internal_message.html?_=1635047090751&CODE_STATE=getMsg HTTP/1.1" 200 27
116.238.248.233 - - [24/Oct/2021:11:45:11 +0800] "GET /xingrg/all/function/internal_message.html?_=1635047102928&CODE_STATE=getMsg HTTP/1.1" 200 27
116.227.210.113 - - [24/Oct/2021:11:45:16 +0800] "POST /xingrg/kc/buy/cgsh_order_operate.html HTTP/1.1" 200 37
116.227.210.113 - - [24/Oct/2021:11:45:17 +0800] "POST /xingrg/kc/buy/cgsh_order_operate.html HTTP/1.1" 200 3296
116.227.210.113 - - [24/Oct/2021:11:45:18 +0800] "GET /xingrg/kc/print/load_data.html?order_code=212021102410619&kc_code=cgsh&condition= HTTP/1.1" 200 1010
180.174.227.63 - - [24/Oct/2021:11:45:19 +0800] "GET /xingrg/all/function/internal_message.html?_=1635047114796&CODE_STATE=getMsg HTTP/1.1" 200 27
124.78.153.86 - - [24/Oct/2021:11:45:20 +0800] "GET /xingrg/all/function/internal_message.html?_=1635047114209&CODE_STATE=getMsg HTTP/1.1" 200 27
222.69.135.237 - - [24/Oct/2021:11:45:21 +0800] "GET /xingrg/all/function/internal_message.html?_=1635047116329&CODE_STATE=getMsg HTTP/1.1" 200 27
222.70.171.86 - - [24/Oct/2021:11:45:23 +0800] "GET /xingrg/kc/buy/cgsh_order_operate.html?command=get_materiel&rest_code=00146&code=00101011001&supplier_code=00100033&order_time=2021-10-24 HTTP/1.1" 200 423
180.169.147.146 - - [24/Oct/2021:11:45:32 +0800] "GET /xingrg/check_reg.html?_=1635047122414 HTTP/1.1" 200 22
222.70.171.86 - - [24/Oct/2021:11:45:32 +0800] "GET /xingrg/kc/buy/cgsh_order_operate.html?command=get_materiel&rest_code=00146&code=00101016080&supplier_code=00100033&order_time=2021-10-24 HTTP/1.1" 200 408
124.78.153.86 - - [24/Oct/2021:11:45:39 +0800] "GET /xingrg/check_reg.html?_=1635047132872 HTTP/1.1" 200 22
222.70.171.86 - - [24/Oct/2021:11:45:39 +0800] "GET /xingrg/check_reg.html?_=1635047159549 HTTP/1.1" 200 22
222.70.171.86 - - [24/Oct/2021:11:45:39 +0800] "GET /xingrg/all/function/internal_message.html?_=1635047156169&CODE_STATE=getMsg HTTP/1.1" 302 -
120.253.135.82 - - [24/Oct/2021:11:45:40 +0800] "GET /xingrg/all/function/internal_message.html?_=1635046905479&CODE_STATE=getMsg HTTP/1.1" 200 27
222.70.171.86 - - [24/Oct/2021:11:45:43 +0800] "GET /xingrg/kc/buy/cgsh_order_operate.html?command=get_materiel&rest_code=00146&code=00101007109&supplier_code=00100033&order_time=2021-10-24 HTTP/1.1" 200 408
101.85.106.134 - - [24/Oct/2021:11:45:43 +0800] "GET /xingrg/all/function/internal_message.html?_=1635047137071&CODE_STATE=getMsg HTTP/1.1" 200 27
116.233.72.195 - - [24/Oct/2021:11:45:44 +0800] "GET /xingrg/all/function/internal_message.html?_=1635047140599&CODE_STATE=getMsg HTTP/1.1" 200 27
222.70.179.155 - - [24/Oct/2021:11:45:46 +0800] "GET /xingrg/all/function/internal_message.html?_=1635047140725&CODE_STATE=getMsg HTTP/1.1" 200 27
116.235.95.99 - - [24/Oct/2021:11:45:46 +0800] "GET /xingrg/all/function/internal_message.html?_=1635047247807&CODE_STATE=getMsg HTTP/1.1" 200 27
180.174.227.63 - - [24/Oct/2021:11:45:48 +0800] "GET /xingrg/all/function/internal_message.html?_=1635047130276&CODE_STATE=getMsg HTTP/1.1" 200 27
58.39.139.200 - - [24/Oct/2021:11:45:49 +0800] "GET /xingrg/all/function/internal_message.html?_=1635047145027&CODE_STATE=getMsg HTTP/1.1" 200 27
124.78.153.86 - - [24/Oct/2021:11:45:52 +0800] "GET /xingrg/all/function/internal_message.html?_=1635047146343&CODE_STATE=getMsg HTTP/1.1" 200 27
180.162.112.229 - - [24/Oct/2021:11:45:53 +0800] "GET /xingrg/all/function/internal_message.html?_=1635046656496&CODE_STATE=getMsg HTTP/1.1" 200 27
180.162.112.229 - - [24/Oct/2021:11:45:53 +0800] "GET /xingrg/check_reg.html?_=1635046656499 HTTP/1.1" 200 22
222.70.171.86 - - [24/Oct/2021:11:45:54 +0800] "GET /xingrg/all/function/internal_message.html?_=1635047174850&CODE_STATE=getMsg HTTP/1.1" 200 27
222.70.179.155 - - [24/Oct/2021:11:45:54 +0800] "GET /xingrg/all/function/internal_message.html?_=1635046870329&CODE_STATE=getMsg HTTP/1.1" 200 27
222.70.179.155 - - [24/Oct/2021:11:45:54 +0800] "GET /xingrg/check_reg.html?_=1635046870330 HTTP/1.1" 200 22
222.70.171.86 - - [24/Oct/2021:11:45:55 +0800] "GET /xingrg/kc/buy/cgsh_order_operate.html?command=get_materiel&rest_code=00146&code=00101012030&supplier_code=00100033&order_time=2021-10-24 HTTP/1.1" 200 416
116.228.172.94 - - [24/Oct/2021:11:45:57 +0800] "GET /xingrg/all/function/internal_message.html?_=1635047121498&CODE_STATE=getMsg HTTP/1.1" 200 27
114.85.125.222 - - [24/Oct/2021:11:46:01 +0800] "GET /xingrg/all/function/internal_message.html?_=1635047099042&CODE_STATE=getMsg HTTP/1.1" 200 27
116.227.210.113 - - [24/Oct/2021:11:46:02 +0800] "GET /xingrg/all/function/internal_message.html?_=1635047150737&CODE_STATE=getMsg HTTP/1.1" 200 27
116.227.210.113 - - [24/Oct/2021:11:46:06 +0800] "GET /xingrg/kc/buy/cgsh_order_add.html HTTP/1.1" 200 64647
116.227.210.113 - - [24/Oct/2021:11:46:06 +0800] "POST /xingrg/kc/buy/cgsh_order_operate.html HTTP/1.1" 200 8245
116.227.210.113 - - [24/Oct/2021:11:46:06 +0800] "GET /xingrg/javascript/easyui/themes/default/validatebox.css HTTP/1.1" 404 1104
222.70.171.86 - - [24/Oct/2021:11:46:09 +0800] "GET /xingrg/kc/buy/cgsh_order_operate.html?command=get_materiel&rest_code=00146&code=00101016057&supplier_code=00100033&order_time=2021-10-24 HTTP/1.1" 200 408
116.238.248.233 - - [24/Oct/2021:11:46:11 +0800] "GET /xingrg/all/function/internal_message.html?_=1635047162922&CODE_STATE=getMsg HTTP/1.1" 200 27
116.238.248.233 - - [24/Oct/2021:11:46:11 +0800] "GET /xingrg/check_reg.html?_=1635047162926 HTTP/1.1" 200 22
180.174.227.63 - - [24/Oct/2021:11:46:19 +0800] "GET /xingrg/all/function/internal_message.html?_=1635047174805&CODE_STATE=getMsg HTTP/1.1" 200 27
222.70.171.86 - - [24/Oct/2021:11:46:20 +0800] "POST /xingrg/kc/buy/cgsh_order_operate.html HTTP/1.1" 200 37
124.78.153.86 - - [24/Oct/2021:11:46:20 +0800] "GET /xingrg/check_reg.html?_=1635047174212 HTTP/1.1" 200 22
124.78.153.86 - - [24/Oct/2021:11:46:20 +0800] "GET /xingrg/all/function/internal_message.html?_=1635047174214&CODE_STATE=getMsg HTTP/1.1" 200 27
116.227.210.113 - - [24/Oct/2021:11:46:20 +0800] "GET /xingrg/kc/buy/cgsh_order_operate.html?command=get_materiel&rest_code=00155&code=00101015110&supplier_code=00100037&order_time=2021-10-24 HTTP/1.1" 200 398
222.70.171.86 - - [24/Oct/2021:11:46:21 +0800] "POST /xingrg/kc/buy/cgsh_order_operate.html HTTP/1.1" 200 7981
222.69.135.237 - - [24/Oct/2021:11:46:21 +0800] "GET /xingrg/all/function/internal_message.html?_=1635047176329&CODE_STATE=getMsg HTTP/1.1" 200 27
222.70.171.86 - - [24/Oct/2021:11:46:24 +0800] "GET /xingrg/kc/print/load_data.html?order_code=212021102410620&kc_code=cgsh&condition= HTTP/1.1" 200 2743
116.227.210.113 - - [24/Oct/2021:11:46:28 +0800] "GET /xingrg/kc/buy/cgsh_order_operate.html?command=get_materiel&rest_code=00155&code=00101009113&supplier_code=00100037&order_time=2021-10-24 HTTP/1.1" 200 398
180.162.112.229 - - [24/Oct/2021:11:46:34 +0800] "GET /xingrg/kc/buy/cgsh_order_operate.html?command=get_materiel&rest_code=00143&code=00101007067&supplier_code=00100207&order_time=2021-10-23 HTTP/1.1" 200 411
116.227.210.113 - - [24/Oct/2021:11:46:36 +0800] "GET /xingrg/kc/buy/cgsh_order_operate.html?command=get_materiel&rest_code=00155&code=00101015012&supplier_code=00100037&order_time=2021-10-24 HTTP/1.1" 200 412
222.70.171.86 - - [24/Oct/2021:11:46:39 +0800] "GET /xingrg/all/function/internal_message.html?_=1635047216180&CODE_STATE=getMsg HTTP/1.1" 302 -
120.253.135.82 - - [24/Oct/2021:11:46:40 +0800] "GET /xingrg/all/function/internal_message.html?_=1635046965493&CODE_STATE=getMsg HTTP/1.1" 200 27
101.85.106.134 - - [24/Oct/2021:11:46:43 +0800] "GET /xingrg/all/function/internal_message.html?_=1635047197069&CODE_STATE=getMsg HTTP/1.1" 200 27
116.227.210.113 - - [24/Oct/2021:11:46:44 +0800] "GET /xingrg/kc/buy/cgsh_order_operate.html?command=get_materiel&rest_code=00155&code=00101015062&supplier_code=00100037&order_time=2021-10-24 HTTP/1.1" 200 412
116.233.72.195 - - [24/Oct/2021:11:46:44 +0800] "GET /xingrg/all/function/internal_message.html?_=1635047200606&CODE_STATE=getMsg HTTP/1.1" 200 27
222.70.179.155 - - [24/Oct/2021:11:46:46 +0800] "GET /xingrg/all/function/internal_message.html?_=1635047200709&CODE_STATE=getMsg HTTP/1.1" 200 27
116.235.95.99 - - [24/Oct/2021:11:46:46 +0800] "GET /xingrg/all/function/internal_message.html?_=1635047307796&CODE_STATE=getMsg HTTP/1.1" 200 27
180.174.227.63 - - [24/Oct/2021:11:46:48 +0800] "GET /xingrg/all/function/internal_message.html?_=1635047190289&CODE_STATE=getMsg HTTP/1.1" 200 27
114.85.125.222 - - [24/Oct/2021:11:46:48 +0800] "GET /xingrg/check_reg.html?_=1635047146270 HTTP/1.1" 200 22
58.39.139.200 - - [24/Oct/2021:11:46:49 +0800] "GET /xingrg/all/function/internal_message.html?_=1635047205002&CODE_STATE=getMsg HTTP/1.1" 200 27
58.37.227.186 - - [24/Oct/2021:11:46:51 +0800] "GET /xingrg/check_reg.html?_=1635047049463 HTTP/1.1" 200 22
116.227.210.113 - - [24/Oct/2021:11:46:52 +0800] "GET /xingrg/kc/buy/cgsh_order_operate.html?command=get_materiel&rest_code=00155&code=00101009063&supplier_code=00100037&order_time=2021-10-24 HTTP/1.1" 200 410
124.78.153.86 - - [24/Oct/2021:11:46:52 +0800] "GET /xingrg/all/function/internal_message.html?_=1635047206313&CODE_STATE=getMsg HTTP/1.1" 200 27
61.151.207.141 - - [24/Oct/2021:11:46:53 +0800] "GET /xingrg/all/function/internal_message.html?_=1635047146343&CODE_STATE=getMsg HTTP/1.1" 302 -
180.162.112.229 - - [24/Oct/2021:11:46:53 +0800] "GET /xingrg/all/function/internal_message.html?_=1635046716506&CODE_STATE=getMsg HTTP/1.1" 200 27
61.151.207.141 - - [24/Oct/2021:11:46:53 +0800] "GET /xingrg/login.html HTTP/1.1" 200 7641
222.70.171.86 - - [24/Oct/2021:11:46:54 +0800] "GET /xingrg/all/function/internal_message.html?_=1635047234864&CODE_STATE=getMsg HTTP/1.1" 200 27
222.70.179.155 - - [24/Oct/2021:11:46:54 +0800] "GET /xingrg/all/function/internal_message.html?_=1635046930328&CODE_STATE=getMsg HTTP/1.1" 200 27
222.70.171.86 - - [24/Oct/2021:11:46:56 +0800] "GET /xingrg/kc/buy/cgsh_order_list.html HTTP/1.1" 200 48947
116.228.172.94 - - [24/Oct/2021:11:46:57 +0800] "GET /xingrg/all/function/internal_message.html?_=1635047181517&CODE_STATE=getMsg HTTP/1.1" 200 27
116.227.210.113 - - [24/Oct/2021:11:46:59 +0800] "GET /xingrg/kc/buy/cgsh_order_operate.html?command=get_materiel&rest_code=00155&code=00101015061&supplier_code=00100037&order_time=2021-10-24 HTTP/1.1" 200 412
114.85.125.222 - - [24/Oct/2021:11:47:01 +0800] "GET /xingrg/all/function/internal_message.html?_=1635047159047&CODE_STATE=getMsg HTTP/1.1" 200 27
116.227.210.113 - - [24/Oct/2021:11:47:02 +0800] "GET /xingrg/all/function/internal_message.html?_=1635047210717&CODE_STATE=getMsg HTTP/1.1" 200 27
116.227.210.113 - - [24/Oct/2021:11:47:04 +0800] "GET /xingrg/check_reg.html?_=1635047212138 HTTP/1.1" 200 22
222.70.171.86 - - [24/Oct/2021:11:47:04 +0800] "POST /xingrg/kc/buy/cgsh_list_operate.html HTTP/1.1" 200 3855
116.227.210.113 - - [24/Oct/2021:11:47:10 +0800] "GET /xingrg/kc/buy/cgsh_order_operate.html?command=get_materiel&rest_code=00155&code=00101012033&supplier_code=00100037&order_time=2021-10-24 HTTP/1.1" 200 426
116.238.248.233 - - [24/Oct/2021:11:47:11 +0800] "GET /xingrg/all/function/internal_message.html?_=1635047222930&CODE_STATE=getMsg HTTP/1.1" 200 27
180.174.227.63 - - [24/Oct/2021:11:47:18 +0800] "GET /xingrg/check_reg.html?_=1635047233300 HTTP/1.1" 200 22
180.174.227.63 - - [24/Oct/2021:11:47:19 +0800] "GET /xingrg/all/function/internal_message.html?_=1635047234819&CODE_STATE=getMsg HTTP/1.1" 200 27
124.78.153.86 - - [24/Oct/2021:11:47:20 +0800] "GET /xingrg/all/function/internal_message.html?_=1635047234241&CODE_STATE=getMsg HTTP/1.1" 200 27
222.69.135.237 - - [24/Oct/2021:11:47:21 +0800] "GET /xingrg/all/function/internal_message.html?_=1635047236328&CODE_STATE=getMsg HTTP/1.1" 200 27
222.70.171.86 - - [24/Oct/2021:11:47:39 +0800] "GET /xingrg/all/function/internal_message.html?_=1635047276196&CODE_STATE=getMsg HTTP/1.1" 302 -
120.253.135.82 - - [24/Oct/2021:11:47:40 +0800] "GET /xingrg/all/function/internal_message.html?_=1635047025539&CODE_STATE=getMsg HTTP/1.1" 200 27
101.85.106.134 - - [24/Oct/2021:11:47:43 +0800] "GET /xingrg/check_reg.html?_=1635047257069 HTTP/1.1" 200 22
101.85.106.134 - - [24/Oct/2021:11:47:43 +0800] "GET /xingrg/all/function/internal_message.html?_=1635047257071&CODE_STATE=getMsg HTTP/1.1" 200 27
116.233.72.195 - - [24/Oct/2021:11:47:44 +0800] "GET /xingrg/all/function/internal_message.html?_=1635047260617&CODE_STATE=getMsg HTTP/1.1" 200 27
222.70.179.155 - - [24/Oct/2021:11:47:46 +0800] "GET /xingrg/all/function/internal_message.html?_=1635047260694&CODE_STATE=getMsg HTTP/1.1" 200 27
116.235.95.99 - - [24/Oct/2021:11:47:46 +0800] "GET /xingrg/all/function/internal_message.html?_=1635047367812&CODE_STATE=getMsg HTTP/1.1" 200 27
180.174.227.63 - - [24/Oct/2021:11:47:48 +0800] "GET /xingrg/all/function/internal_message.html?_=1635047250306&CODE_STATE=getMsg HTTP/1.1" 200 27
58.39.139.200 - - [24/Oct/2021:11:47:49 +0800] "GET /xingrg/all/function/internal_message.html?_=1635047264971&CODE_STATE=getMsg HTTP/1.1" 200 27
124.78.153.86 - - [24/Oct/2021:11:47:52 +0800] "GET /xingrg/all/function/internal_message.html?_=1635047266282&CODE_STATE=getMsg HTTP/1.1" 200 27
180.162.112.229 - - [24/Oct/2021:11:47:53 +0800] "GET /xingrg/all/function/internal_message.html?_=1635046776497&CODE_STATE=getMsg HTTP/1.1" 200 27
116.227.210.113 - - [24/Oct/2021:11:47:54 +0800] "GET /xingrg/kc/buy/cgsh_order_operate.html?command=get_materiel&rest_code=00155&code=00101016105&supplier_code=00100037&order_time=2021-10-24 HTTP/1.1" 200 409
222.70.171.86 - - [24/Oct/2021:11:47:54 +0800] "GET /xingrg/all/function/internal_message.html?_=1635047294878&CODE_STATE=getMsg HTTP/1.1" 200 27
222.70.179.155 - - [24/Oct/2021:11:47:54 +0800] "GET /xingrg/all/function/internal_message.html?_=1635046990328&CODE_STATE=getMsg HTTP/1.1" 200 27
116.228.172.94 - - [24/Oct/2021:11:47:57 +0800] "GET /xingrg/check_reg.html?_=1635047241509 HTTP/1.1" 200 22
116.228.172.94 - - [24/Oct/2021:11:47:57 +0800] "GET /xingrg/all/function/internal_message.html?_=1635047241514&CODE_STATE=getMsg HTTP/1.1" 200 27
114.85.125.222 - - [24/Oct/2021:11:48:01 +0800] "GET /xingrg/all/function/internal_message.html?_=1635047219060&CODE_STATE=getMsg HTTP/1.1" 200 27
116.227.210.113 - - [24/Oct/2021:11:48:02 +0800] "GET /xingrg/all/function/internal_message.html?_=1635047270712&CODE_STATE=getMsg HTTP/1.1" 200 27
58.39.139.200 - - [24/Oct/2021:11:48:09 +0800] "GET /xingrg/check_reg.html?_=1635047285013 HTTP/1.1" 200 22
116.238.248.233 - - [24/Oct/2021:11:48:11 +0800] "GET /xingrg/all/function/internal_message.html?_=1635047282922&CODE_STATE=getMsg HTTP/1.1" 200 27
180.174.227.63 - - [24/Oct/2021:11:48:19 +0800] "GET /xingrg/all/function/internal_message.html?_=1635047294832&CODE_STATE=getMsg HTTP/1.1" 200 27
222.69.135.237 - - [24/Oct/2021:11:48:21 +0800] "GET /xingrg/all/function/internal_message.html?_=1635047296326&CODE_STATE=getMsg HTTP/1.1" 200 27
116.227.210.113 - - [24/Oct/2021:11:48:28 +0800] "GET /xingrg/kc/buy/cgsh_order_operate.html?command=get_materiel&rest_code=00155&code=00101009057&supplier_code=00100037&order_time=2021-10-24 HTTP/1.1" 200 408
120.253.135.82 - - [24/Oct/2021:11:48:37 +0800] "GET /xingrg/check_reg.html?_=1635047081994 HTTP/1.1" 200 22
222.70.171.86 - - [24/Oct/2021:11:48:39 +0800] "GET /xingrg/all/function/internal_message.html?_=1635047336207&CODE_STATE=getMsg HTTP/1.1" 302 -
120.253.135.82 - - [24/Oct/2021:11:48:40 +0800] "GET /xingrg/all/function/internal_message.html?_=1635047085582&CODE_STATE=getMsg HTTP/1.1" 200 27
101.85.106.134 - - [24/Oct/2021:11:48:43 +0800] "GET /xingrg/all/function/internal_message.html?_=1635047317072&CODE_STATE=getMsg HTTP/1.1" 200 27
116.233.72.195 - - [24/Oct/2021:11:48:44 +0800] "GET /xingrg/all/function/internal_message.html?_=1635047320606&CODE_STATE=getMsg HTTP/1.1" 200 27
116.233.72.195 - - [24/Oct/2021:11:48:44 +0800] "GET /xingrg/check_reg.html?_=1635047320606 HTTP/1.1" 200 22
222.70.179.155 - - [24/Oct/2021:11:48:46 +0800] "GET /xingrg/all/function/internal_message.html?_=1635047320678&CODE_STATE=getMsg HTTP/1.1" 200 27
116.235.95.99 - - [24/Oct/2021:11:48:46 +0800] "GET /xingrg/check_reg.html?_=1635047427807 HTTP/1.1" 200 22
116.235.95.99 - - [24/Oct/2021:11:48:46 +0800] "GET /xingrg/all/function/internal_message.html?_=1635047427809&CODE_STATE=getMsg HTTP/1.1" 200 27
180.174.227.63 - - [24/Oct/2021:11:48:48 +0800] "GET /xingrg/all/function/internal_message.html?_=1635047310316&CODE_STATE=getMsg HTTP/1.1" 200 27
58.39.139.200 - - [24/Oct/2021:11:48:49 +0800] "GET /xingrg/all/function/internal_message.html?_=1635047324943&CODE_STATE=getMsg HTTP/1.1" 200 27
116.227.210.113 - - [24/Oct/2021:11:48:49 +0800] "GET /xingrg/kc/buy/cgsh_order_operate.html?command=get_materiel&rest_code=00155&code=00101023022&supplier_code=00100037&order_time=2021-10-24 HTTP/1.1" 200 392
124.78.153.86 - - [24/Oct/2021:11:48:52 +0800] "GET /xingrg/all/function/internal_message.html?_=1635047326255&CODE_STATE=getMsg HTTP/1.1" 200 27
180.162.112.229 - - [24/Oct/2021:11:48:53 +0800] "GET /xingrg/all/function/internal_message.html?_=1635046836500&CODE_STATE=getMsg HTTP/1.1" 200 27
222.70.171.86 - - [24/Oct/2021:11:48:54 +0800] "GET /xingrg/all/function/internal_message.html?_=1635047354892&CODE_STATE=getMsg HTTP/1.1" 200 27
222.70.179.155 - - [24/Oct/2021:11:48:54 +0800] "GET /xingrg/all/function/internal_message.html?_=1635047050328&CODE_STATE=getMsg HTTP/1.1" 200 27
116.228.172.94 - - [24/Oct/2021:11:48:57 +0800] "GET /xingrg/all/function/internal_message.html?_=1635047301518&CODE_STATE=getMsg HTTP/1.1" 200 27
116.227.210.113 - - [24/Oct/2021:11:48:57 +0800] "GET /xingrg/kc/buy/cgsh_order_operate.html?command=get_materiel&rest_code=00155&code=00101012029&supplier_code=00100037&order_time=2021-10-24 HTTP/1.1" 200 412
180.162.112.229 - - [24/Oct/2021:11:49:00 +0800] "GET /xingrg/kc/buy/cgsh_order_operate.html?command=get_materiel&rest_code=00143&code=00101007061&supplier_code=00100207&order_time=2021-10-23 HTTP/1.1" 200 409
114.85.125.222 - - [24/Oct/2021:11:49:01 +0800] "GET /xingrg/all/function/internal_message.html?_=1635047279081&CODE_STATE=getMsg HTTP/1.1" 200 27
116.227.210.113 - - [24/Oct/2021:11:49:02 +0800] "GET /xingrg/all/function/internal_message.html?_=1635047330700&CODE_STATE=getMsg HTTP/1.1" 200 27
116.238.248.233 - - [24/Oct/2021:11:49:11 +0800] "GET /xingrg/all/function/internal_message.html?_=1635047342923&CODE_STATE=getMsg HTTP/1.1" 200 27
180.174.227.63 - - [24/Oct/2021:11:49:19 +0800] "GET /xingrg/all/function/internal_message.html?_=1635047354845&CODE_STATE=getMsg HTTP/1.1" 200 27
222.69.135.237 - - [24/Oct/2021:11:49:21 +0800] "GET /xingrg/all/function/internal_message.html?_=1635047356339&CODE_STATE=getMsg HTTP/1.1" 200 27
222.69.135.237 - - [24/Oct/2021:11:49:21 +0800] "GET /xingrg/check_reg.html?_=1635047356341 HTTP/1.1" 200 22
116.227.210.113 - - [24/Oct/2021:11:49:34 +0800] "GET /xingrg/kc/buy/cgsh_order_operate.html?command=get_materiel&rest_code=00155&code=00101016025&supplier_code=00100037&order_time=2021-10-24 HTTP/1.1" 200 408
222.69.135.237 - - [24/Oct/2021:11:49:37 +0800] "GET /xingrg/kc/base/wldb_order_list.html HTTP/1.1" 200 19230
222.70.171.86 - - [24/Oct/2021:11:49:37 +0800] "GET /xingrg/check_reg.html?_=1635047393601 HTTP/1.1" 302 -
222.69.135.237 - - [24/Oct/2021:11:49:37 +0800] "POST /xingrg/kc/base/wldb_list_operate.html HTTP/1.1" 200 928
222.69.135.237 - - [24/Oct/2021:11:49:38 +0800] "GET /xingrg/kc/base/wldb_order_add.html HTTP/1.1" 200 30444
222.69.135.237 - - [24/Oct/2021:11:49:38 +0800] "POST /xingrg/kc/base/wldb_order_operate.html HTTP/1.1" 200 6806
222.69.135.237 - - [24/Oct/2021:11:49:38 +0800] "GET /xingrg/all/common/auto_word.html?type=base&rest_code=00149 HTTP/1.1" 200 1811
222.69.135.237 - - [24/Oct/2021:11:49:38 +0800] "GET /xingrg/all/common/auto_word.html?type=base&rest_code=00149 HTTP/1.1" 200 1811
222.69.135.237 - - [24/Oct/2021:11:49:39 +0800] "GET /xingrg/javascript/easyui/themes/default/validatebox.css HTTP/1.1" 404 1104
222.70.171.86 - - [24/Oct/2021:11:49:39 +0800] "GET /xingrg/all/function/internal_message.html?_=1635047396220&CODE_STATE=getMsg HTTP/1.1" 302 -
120.253.135.82 - - [24/Oct/2021:11:49:40 +0800] "GET /xingrg/all/function/internal_message.html?_=1635047145596&CODE_STATE=getMsg HTTP/1.1" 200 27
222.69.135.237 - - [24/Oct/2021:11:49:41 +0800] "GET /xingrg/kc/buy/cgsh_order_list.html HTTP/1.1" 200 48947
222.69.135.237 - - [24/Oct/2021:11:49:41 +0800] "POST /xingrg/kc/buy/cgsh_list_operate.html HTTP/1.1" 200 876
101.85.106.134 - - [24/Oct/2021:11:49:43 +0800] "GET /xingrg/all/function/internal_message.html?_=1635047377074&CODE_STATE=getMsg HTTP/1.1" 200 27
222.69.135.237 - - [24/Oct/2021:11:49:44 +0800] "GET /xingrg/kc/buy/cgsh_order_add.html HTTP/1.1" 200 64732
222.69.135.237 - - [24/Oct/2021:11:49:44 +0800] "POST /xingrg/kc/buy/cgsh_order_operate.html HTTP/1.1" 200 8245
222.69.135.237 - - [24/Oct/2021:11:49:44 +0800] "GET /xingrg/javascript/easyui/themes/default/validatebox.css HTTP/1.1" 404 1104
116.233.72.195 - - [24/Oct/2021:11:49:44 +0800] "GET /xingrg/all/function/internal_message.html?_=1635047380609&CODE_STATE=getMsg HTTP/1.1" 200 27
222.70.179.155 - - [24/Oct/2021:11:49:46 +0800] "GET /xingrg/all/function/internal_message.html?_=1635047380662&CODE_STATE=getMsg HTTP/1.1" 200 27
116.235.95.99 - - [24/Oct/2021:11:49:46 +0800] "GET /xingrg/all/function/internal_message.html?_=1635047487806&CODE_STATE=getMsg HTTP/1.1" 200 27
222.70.179.155 - - [24/Oct/2021:11:49:47 +0800] "GET /xingrg/check_reg.html?_=1635047381614 HTTP/1.1" 200 22
180.174.227.63 - - [24/Oct/2021:11:49:47 +0800] "GET /xingrg/check_reg.html?_=1635047370095 HTTP/1.1" 200 22
180.174.227.63 - - [24/Oct/2021:11:49:48 +0800] "GET /xingrg/all/function/internal_message.html?_=1635047370330&CODE_STATE=getMsg HTTP/1.1" 200 27
222.69.135.237 - - [24/Oct/2021:11:49:48 +0800] "GET /xingrg/kc/buy/cgsh_order_operate.html?command=get_materiel&rest_code=00149&code=00101008224&supplier_code=&order_time=2021-10-24 HTTP/1.1" 200 416
58.39.139.200 - - [24/Oct/2021:11:49:49 +0800] "GET /xingrg/all/function/internal_message.html?_=1635047384925&CODE_STATE=getMsg HTTP/1.1" 200 27
124.78.153.86 - - [24/Oct/2021:11:49:52 +0800] "GET /xingrg/all/function/internal_message.html?_=1635047386233&CODE_STATE=getMsg HTTP/1.1" 200 27
180.162.112.229 - - [24/Oct/2021:11:49:53 +0800] "GET /xingrg/all/function/internal_message.html?_=1635046896498&CODE_STATE=getMsg HTTP/1.1" 200 27
222.70.179.155 - - [24/Oct/2021:11:49:54 +0800] "GET /xingrg/all/function/internal_message.html?_=1635047110328&CODE_STATE=getMsg HTTP/1.1" 200 27
222.70.171.86 - - [24/Oct/2021:11:49:55 +0800] "GET /xingrg/all/function/internal_message.html?_=1635047415275&CODE_STATE=getMsg HTTP/1.1" 200 27
116.228.172.94 - - [24/Oct/2021:11:49:57 +0800] "GET /xingrg/all/function/internal_message.html?_=1635047361513&CODE_STATE=getMsg HTTP/1.1" 200 27
114.85.125.222 - - [24/Oct/2021:11:50:01 +0800] "GET /xingrg/all/function/internal_message.html?_=1635047339087&CODE_STATE=getMsg HTTP/1.1" 200 27
116.227.210.113 - - [24/Oct/2021:11:50:02 +0800] "GET /xingrg/all/function/internal_message.html?_=1635047390695&CODE_STATE=getMsg HTTP/1.1" 200 27
116.227.210.113 - - [24/Oct/2021:11:50:08 +0800] "GET /xingrg/kc/buy/cgsh_order_operate.html?command=get_materiel&rest_code=00155&code=00101011001&supplier_code=00100037&order_time=2021-10-24 HTTP/1.1" 200 423
116.238.248.233 - - [24/Oct/2021:11:50:11 +0800] "GET /xingrg/all/function/internal_message.html?_=1635047402946&CODE_STATE=getMsg HTTP/1.1" 200 27
116.227.210.113 - - [24/Oct/2021:11:50:16 +0800] "GET /xingrg/kc/buy/cgsh_order_operate.html?command=get_materiel&rest_code=00155&code=00101011005&supplier_code=00100037&order_time=2021-10-24 HTTP/1.1" 200 429
180.174.227.63 - - [24/Oct/2021:11:50:19 +0800] "GET /xingrg/all/function/internal_message.html?_=1635047414880&CODE_STATE=getMsg HTTP/1.1" 200 27
222.69.135.237 - - [24/Oct/2021:11:50:21 +0800] "GET /xingrg/all/function/internal_message.html?_=1635047416350&CODE_STATE=getMsg HTTP/1.1" 200 27
116.227.210.113 - - [24/Oct/2021:11:50:29 +0800] "GET /xingrg/kc/buy/cgsh_order_operate.html?command=get_materiel&rest_code=00155&code=00101019015&supplier_code=00100037&order_time=2021-10-24 HTTP/1.1" 200 434
180.169.147.146 - - [24/Oct/2021:11:50:32 +0800] "GET /xingrg/check_reg.html?_=1635047422398 HTTP/1.1" 200 22
124.78.153.86 - - [24/Oct/2021:11:50:38 +0800] "GET /xingrg/check_reg.html?_=1635047432847 HTTP/1.1" 200 22
222.70.171.86 - - [24/Oct/2021:11:50:39 +0800] "GET /xingrg/check_reg.html?_=1635047459561 HTTP/1.1" 200 22
222.70.171.86 - - [24/Oct/2021:11:50:39 +0800] "GET /xingrg/all/function/internal_message.html?_=1635047456237&CODE_STATE=getMsg HTTP/1.1" 302 -
120.253.135.82 - - [24/Oct/2021:11:50:40 +0800] "GET /xingrg/all/function/internal_message.html?_=1635047205649&CODE_STATE=getMsg HTTP/1.1" 200 27
101.85.106.134 - - [24/Oct/2021:11:50:43 +0800] "GET /xingrg/all/function/internal_message.html?_=1635047437073&CODE_STATE=getMsg HTTP/1.1" 200 27
116.227.210.113 - - [24/Oct/2021:11:50:44 +0800] "GET /xingrg/kc/buy/cgsh_order_operate.html?command=get_materiel&rest_code=00155&code=00101008290&supplier_code=00100037&order_time=2021-10-24 HTTP/1.1" 200 416
116.233.72.195 - - [24/Oct/2021:11:50:44 +0800] "GET /xingrg/all/function/internal_message.html?_=1635047440614&CODE_STATE=getMsg HTTP/1.1" 200 27
222.70.179.155 - - [24/Oct/2021:11:50:46 +0800] "GET /xingrg/all/function/internal_message.html?_=1635047440647&CODE_STATE=getMsg HTTP/1.1" 200 27
116.235.95.99 - - [24/Oct/2021:11:50:46 +0800] "GET /xingrg/all/function/internal_message.html?_=1635047547800&CODE_STATE=getMsg HTTP/1.1" 200 27
180.174.227.63 - - [24/Oct/2021:11:50:48 +0800] "GET /xingrg/all/function/internal_message.html?_=1635047430350&CODE_STATE=getMsg HTTP/1.1" 200 27
58.39.139.200 - - [24/Oct/2021:11:50:49 +0800] "GET /xingrg/all/function/internal_message.html?_=1635047444893&CODE_STATE=getMsg HTTP/1.1" 200 27
124.78.153.86 - - [24/Oct/2021:11:50:52 +0800] "GET /xingrg/all/function/internal_message.html?_=1635047446202&CODE_STATE=getMsg HTTP/1.1" 200 27
180.162.112.229 - - [24/Oct/2021:11:50:53 +0800] "GET /xingrg/all/function/internal_message.html?_=1635046956508&CODE_STATE=getMsg HTTP/1.1" 200 27
180.162.112.229 - - [24/Oct/2021:11:50:53 +0800] "GET /xingrg/check_reg.html?_=1635046956511 HTTP/1.1" 200 22
222.70.179.155 - - [24/Oct/2021:11:50:54 +0800] "GET /xingrg/all/function/internal_message.html?_=1635047170328&CODE_STATE=getMsg HTTP/1.1" 200 27
222.70.179.155 - - [24/Oct/2021:11:50:54 +0800] "GET /xingrg/check_reg.html?_=1635047170331 HTTP/1.1" 200 22
222.70.171.86 - - [24/Oct/2021:11:50:55 +0800] "GET /xingrg/all/function/internal_message.html?_=1635047475278&CODE_STATE=getMsg HTTP/1.1" 200 27
116.228.172.94 - - [24/Oct/2021:11:50:57 +0800] "GET /xingrg/all/function/internal_message.html?_=1635047421508&CODE_STATE=getMsg HTTP/1.1" 200 27
114.85.125.222 - - [24/Oct/2021:11:51:01 +0800] "GET /xingrg/all/function/internal_message.html?_=1635047399109&CODE_STATE=getMsg HTTP/1.1" 200 27
116.227.210.113 - - [24/Oct/2021:11:51:02 +0800] "GET /xingrg/all/function/internal_message.html?_=1635047450682&CODE_STATE=getMsg HTTP/1.1" 200 27
116.238.248.233 - - [24/Oct/2021:11:51:11 +0800] "GET /xingrg/all/function/internal_message.html?_=1635047462953&CODE_STATE=getMsg HTTP/1.1" 200 27
116.238.248.233 - - [24/Oct/2021:11:51:11 +0800] "GET /xingrg/check_reg.html?_=1635047462955 HTTP/1.1" 200 22
180.174.227.63 - - [24/Oct/2021:11:51:19 +0800] "GET /xingrg/all/function/internal_message.html?_=1635047474888&CODE_STATE=getMsg HTTP/1.1" 200 27
222.69.135.237 - - [24/Oct/2021:11:51:21 +0800] "GET /xingrg/all/function/internal_message.html?_=1635047476349&CODE_STATE=getMsg HTTP/1.1" 200 27
222.70.171.86 - - [24/Oct/2021:11:51:39 +0800] "GET /xingrg/all/function/internal_message.html?_=1635047516248&CODE_STATE=getMsg HTTP/1.1" 302 -
120.253.135.82 - - [24/Oct/2021:11:51:40 +0800] "GET /xingrg/all/function/internal_message.html?_=1635047265654&CODE_STATE=getMsg HTTP/1.1" 200 27
101.85.106.134 - - [24/Oct/2021:11:51:43 +0800] "GET /xingrg/all/function/internal_message.html?_=1635047497073&CODE_STATE=getMsg HTTP/1.1" 200 27
116.233.72.195 - - [24/Oct/2021:11:51:44 +0800] "GET /xingrg/all/function/internal_message.html?_=1635047500617&CODE_STATE=getMsg HTTP/1.1" 200 27
222.70.179.155 - - [24/Oct/2021:11:51:46 +0800] "GET /xingrg/all/function/internal_message.html?_=1635047500631&CODE_STATE=getMsg HTTP/1.1" 200 27
116.235.95.99 - - [24/Oct/2021:11:51:46 +0800] "GET /xingrg/all/function/internal_message.html?_=1635047607800&CODE_STATE=getMsg HTTP/1.1" 200 27
180.174.227.63 - - [24/Oct/2021:11:51:48 +0800] "GET /xingrg/all/function/internal_message.html?_=1635047490358&CODE_STATE=getMsg HTTP/1.1" 200 27
114.85.125.222 - - [24/Oct/2021:11:51:48 +0800] "GET /xingrg/check_reg.html?_=1635047446275 HTTP/1.1" 200 22
58.39.139.200 - - [24/Oct/2021:11:51:49 +0800] "GET /xingrg/all/function/internal_message.html?_=1635047504870&CODE_STATE=getMsg HTTP/1.1" 200 27
58.37.227.186 - - [24/Oct/2021:11:51:51 +0800] "GET /xingrg/check_reg.html?_=1635047349441 HTTP/1.1" 200 22
61.151.178.217 - - [24/Oct/2021:11:51:52 +0800] "GET /xingrg/all/function/internal_message.html?_=1635047446202&CODE_STATE=getMsg HTTP/1.1" 302 -
124.78.153.86 - - [24/Oct/2021:11:51:52 +0800] "GET /xingrg/all/function/internal_message.html?_=1635047506178&CODE_STATE=getMsg HTTP/1.1" 200 27
61.151.178.217 - - [24/Oct/2021:11:51:53 +0800] "GET /xingrg/login.html HTTP/1.1" 200 7641
180.162.112.229 - - [24/Oct/2021:11:51:53 +0800] "GET /xingrg/all/function/internal_message.html?_=1635047016508&CODE_STATE=getMsg HTTP/1.1" 200 27
222.70.179.155 - - [24/Oct/2021:11:51:54 +0800] "GET /xingrg/all/function/internal_message.html?_=1635047230328&CODE_STATE=getMsg HTTP/1.1" 200 27
222.70.171.86 - - [24/Oct/2021:11:51:55 +0800] "GET /xingrg/all/function/internal_message.html?_=1635047535291&CODE_STATE=getMsg HTTP/1.1" 200 27
116.228.172.94 - - [24/Oct/2021:11:51:57 +0800] "GET /xingrg/all/function/internal_message.html?_=1635047481508&CODE_STATE=getMsg HTTP/1.1" 200 27
116.227.210.113 - - [24/Oct/2021:11:52:01 +0800] "GET /xingrg/kc/buy/cgsh_order_operate.html?command=get_materiel&rest_code=00155&code=00101014107&supplier_code=00100037&order_time=2021-10-24 HTTP/1.1" 200 394
114.85.125.222 - - [24/Oct/2021:11:52:01 +0800] "GET /xingrg/all/function/internal_message.html?_=1635047459114&CODE_STATE=getMsg HTTP/1.1" 200 27
116.227.210.113 - - [24/Oct/2021:11:52:02 +0800] "GET /xingrg/all/function/internal_message.html?_=1635047510675&CODE_STATE=getMsg HTTP/1.1" 200 27
116.227.210.113 - - [24/Oct/2021:11:52:04 +0800] "GET /xingrg/check_reg.html?_=1635047512113 HTTP/1.1" 200 22
116.238.248.233 - - [24/Oct/2021:11:52:11 +0800] "GET /xingrg/all/function/internal_message.html?_=1635047522960&CODE_STATE=getMsg HTTP/1.1" 200 27
180.174.227.63 - - [24/Oct/2021:11:52:18 +0800] "GET /xingrg/check_reg.html?_=1635047533318 HTTP/1.1" 200 22
180.174.227.63 - - [24/Oct/2021:11:52:19 +0800] "GET /xingrg/all/function/internal_message.html?_=1635047534902&CODE_STATE=getMsg HTTP/1.1" 200 27
222.69.135.237 - - [24/Oct/2021:11:52:21 +0800] "GET /xingrg/all/function/internal_message.html?_=1635047536344&CODE_STATE=getMsg HTTP/1.1" 200 27
180.162.112.229 - - [24/Oct/2021:11:52:23 +0800] "GET /xingrg/kc/buy/cgsh_order_operate.html?command=get_materiel&rest_code=00143&code=00101006177&supplier_code=00100207&order_time=2021-10-23 HTTP/1.1" 200 410
222.70.171.86 - - [24/Oct/2021:11:52:39 +0800] "GET /xingrg/all/function/internal_message.html?_=1635047576264&CODE_STATE=getMsg HTTP/1.1" 302 -
120.253.135.82 - - [24/Oct/2021:11:52:41 +0800] "GET /xingrg/all/function/internal_message.html?_=1635047325708&CODE_STATE=getMsg HTTP/1.1" 200 27
101.85.106.134 - - [24/Oct/2021:11:52:43 +0800] "GET /xingrg/check_reg.html?_=1635047557072 HTTP/1.1" 200 22
101.85.106.134 - - [24/Oct/2021:11:52:43 +0800] "GET /xingrg/all/function/internal_message.html?_=1635047557075&CODE_STATE=getMsg HTTP/1.1" 200 27
116.233.72.195 - - [24/Oct/2021:11:52:44 +0800] "GET /xingrg/all/function/internal_message.html?_=1635047560616&CODE_STATE=getMsg HTTP/1.1" 200 27
222.70.179.155 - - [24/Oct/2021:11:52:46 +0800] "GET /xingrg/all/function/internal_message.html?_=1635047560615&CODE_STATE=getMsg HTTP/1.1" 200 27
116.235.95.99 - - [24/Oct/2021:11:52:46 +0800] "GET /xingrg/all/function/internal_message.html?_=1635047667800&CODE_STATE=getMsg HTTP/1.1" 200 27
180.174.227.63 - - [24/Oct/2021:11:52:48 +0800] "GET /xingrg/all/function/internal_message.html?_=1635047550376&CODE_STATE=getMsg HTTP/1.1" 200 27
58.39.139.200 - - [24/Oct/2021:11:52:49 +0800] "GET /xingrg/all/function/internal_message.html?_=1635047564846&CODE_STATE=getMsg HTTP/1.1" 200 27
124.78.153.86 - - [24/Oct/2021:11:52:52 +0800] "GET /xingrg/all/function/internal_message.html?_=1635047566158&CODE_STATE=getMsg HTTP/1.1" 200 27
180.162.112.229 - - [24/Oct/2021:11:52:53 +0800] "GET /xingrg/all/function/internal_message.html?_=1635047076496&CODE_STATE=getMsg HTTP/1.1" 200 27
222.70.179.155 - - [24/Oct/2021:11:52:54 +0800] "GET /xingrg/all/function/internal_message.html?_=1635047290328&CODE_STATE=getMsg HTTP/1.1" 200 27
222.70.171.86 - - [24/Oct/2021:11:52:55 +0800] "GET /xingrg/all/function/internal_message.html?_=1635047595665&CODE_STATE=getMsg HTTP/1.1" 200 27
116.228.172.94 - - [24/Oct/2021:11:52:57 +0800] "GET /xingrg/all/function/internal_message.html?_=1635047541511&CODE_STATE=getMsg HTTP/1.1" 200 27
116.228.172.94 - - [24/Oct/2021:11:52:57 +0800] "GET /xingrg/check_reg.html?_=1635047541514 HTTP/1.1" 200 22
116.227.210.113 - - [24/Oct/2021:11:52:58 +0800] "GET /xingrg/kc/buy/cgsh_order_operate.html?command=get_materiel&rest_code=00155&code=00102006080&supplier_code=00100037&order_time=2021-10-24 HTTP/1.1" 200 414
