180.174.227.63 - - [24/Oct/2021:09:47:45 +0800] "POST /xingrg/kc/buy/cgsh_order_operate.html HTTP/1.1" 200 37
222.70.179.155 - - [24/Oct/2021:09:47:47 +0800] "GET /xingrg/all/function/internal_message.html?_=1635040061519&CODE_STATE=getMsg HTTP/1.1" 200 27
101.89.19.197 - - [24/Oct/2021:09:47:50 +0800] "GET /xingrg/kc/buy/cgsh_order_operate.html?command=get_materiel&rest_code=00106&code=00101008163&supplier_code=00100007&order_time=2021-10-24 HTTP/1.1" 302 -
116.228.172.94 - - [24/Oct/2021:09:47:50 +0800] "GET /xingrg/all/function/internal_message.html?_=1635040035060&CODE_STATE=getMsg HTTP/1.1" 200 27
116.228.172.94 - - [24/Oct/2021:09:47:50 +0800] "GET /xingrg/check_reg.html?_=1635040035111 HTTP/1.1" 200 22
101.89.19.197 - - [24/Oct/2021:09:47:50 +0800] "GET /xingrg/login.html HTTP/1.1" 200 7641
124.78.153.86 - - [24/Oct/2021:09:47:51 +0800] "GET /xingrg/kc/buy/cgsh_order_operate.html?command=get_materiel&rest_code=00106&code=00101008283&supplier_code=00100007&order_time=2021-10-24 HTTP/1.1" 200 408
58.39.139.200 - - [24/Oct/2021:09:47:52 +0800] "GET /xingrg/all/function/internal_message.html?_=1635040067880&CODE_STATE=getMsg HTTP/1.1" 200 27
116.228.172.94 - - [24/Oct/2021:09:47:53 +0800] "GET /xingrg/kc/buy/cgsh_order_operate.html?command=get_materiel&rest_code=00153&code=00101008349&supplier_code=00100199&order_time=2021-10-23 HTTP/1.1" 200 414
222.70.179.155 - - [24/Oct/2021:09:47:54 +0800] "GET /xingrg/all/function/internal_message.html?_=1635039790312&CODE_STATE=getMsg HTTP/1.1" 200 27
180.174.227.63 - - [24/Oct/2021:09:47:55 +0800] "POST /xingrg/kc/buy/cgsh_order_operate.html HTTP/1.1" 200 12
114.85.125.222 - - [24/Oct/2021:09:47:59 +0800] "GET /xingrg/all/function/internal_message.html?_=1635040017431&CODE_STATE=getMsg HTTP/1.1" 200 27
124.78.153.86 - - [24/Oct/2021:09:48:02 +0800] "GET /xingrg/kc/buy/cgsh_order_operate.html?command=get_materiel&rest_code=00106&code=00101008096&supplier_code=00100007&order_time=2021-10-24 HTTP/1.1" 200 412
116.228.172.94 - - [24/Oct/2021:09:48:03 +0800] "GET /xingrg/kc/buy/cgsh_order_operate.html?command=get_materiel&rest_code=00153&code=00101008049&supplier_code=00100199&order_time=2021-10-23 HTTP/1.1" 200 410
116.227.210.113 - - [24/Oct/2021:09:48:04 +0800] "GET /xingrg/all/function/internal_message.html?_=1635040072430&CODE_STATE=getMsg HTTP/1.1" 200 27
61.151.207.158 - - [24/Oct/2021:09:48:05 +0800] "GET /xingrg/kc/buy/cgsh_order_operate.html?command=get_materiel&rest_code=00106&code=00101008264&supplier_code=00100007&order_time=2021-10-24 HTTP/1.1" 302 -
61.151.207.158 - - [24/Oct/2021:09:48:05 +0800] "GET /xingrg/login.html HTTP/1.1" 200 7641
120.253.135.82 - - [24/Oct/2021:09:48:09 +0800] "GET /xingrg/all/function/internal_message.html?_=1635039854264&CODE_STATE=getMsg HTTP/1.1" 200 27
58.39.139.200 - - [24/Oct/2021:09:48:09 +0800] "GET /xingrg/check_reg.html?_=1635040085449 HTTP/1.1" 200 22
116.228.172.94 - - [24/Oct/2021:09:48:12 +0800] "GET /xingrg/kc/buy/cgsh_order_operate.html?command=get_materiel&rest_code=00153&code=00101008387&supplier_code=00100199&order_time=2021-10-23 HTTP/1.1" 200 412
124.78.153.86 - - [24/Oct/2021:09:48:12 +0800] "GET /xingrg/kc/buy/cgsh_order_operate.html?command=get_materiel&rest_code=00106&code=00101015024&supplier_code=00100007&order_time=2021-10-24 HTTP/1.1" 200 413
61.151.207.158 - - [24/Oct/2021:09:48:12 +0800] "GET /xingrg/kc/buy/cgsh_order_operate.html?command=get_materiel&rest_code=00106&code=00101008024&supplier_code=00100007&order_time=2021-10-24 HTTP/1.1" 302 -
61.151.207.158 - - [24/Oct/2021:09:48:14 +0800] "GET /xingrg/login.html HTTP/1.1" 200 7641
180.174.227.63 - - [24/Oct/2021:09:48:16 +0800] "GET /xingrg/kc/buy/cgsh_order_info.html?code=212021102410566 HTTP/1.1" 200 59545
180.174.227.63 - - [24/Oct/2021:09:48:18 +0800] "GET /xingrg/javascript/easyui/themes/default/validatebox.css HTTP/1.1" 404 1104
180.174.227.63 - - [24/Oct/2021:09:48:18 +0800] "GET /xingrg/all/function/internal_message.html?_=1635040080617&CODE_STATE=getMsg HTTP/1.1" 200 27
180.174.227.63 - - [24/Oct/2021:09:48:19 +0800] "POST /xingrg/kc/buy/cgsh_order_operate.html HTTP/1.1" 200 1214
116.228.172.94 - - [24/Oct/2021:09:48:20 +0800] "GET /xingrg/kc/buy/cgsh_order_operate.html?command=get_materiel&rest_code=00153&code=00101008199&supplier_code=00100199&order_time=2021-10-23 HTTP/1.1" 200 408
222.69.135.237 - - [24/Oct/2021:09:48:21 +0800] "GET /xingrg/all/function/internal_message.html?_=1635040095882&CODE_STATE=getMsg HTTP/1.1" 200 27
116.238.248.233 - - [24/Oct/2021:09:48:21 +0800] "GET /xingrg/all/function/internal_message.html?_=1635040093320&CODE_STATE=getMsg HTTP/1.1" 200 27
124.78.153.86 - - [24/Oct/2021:09:48:25 +0800] "GET /xingrg/kc/buy/cgsh_order_operate.html?command=get_materiel&rest_code=00106&code=00101008588&supplier_code=00100007&order_time=2021-10-24 HTTP/1.1" 200 392
116.228.172.94 - - [24/Oct/2021:09:48:26 +0800] "GET /xingrg/kc/buy/cgsh_order_operate.html?command=get_materiel&rest_code=00153&code=00101008097&supplier_code=00100199&order_time=2021-10-23 HTTP/1.1" 200 408
180.174.227.63 - - [24/Oct/2021:09:48:28 +0800] "GET /xingrg/kc/print/load_data.html?order_code=212021102410566&kc_code=cgsh&condition= HTTP/1.1" 200 979
61.151.207.205 - - [24/Oct/2021:09:48:28 +0800] "GET /xingrg/kc/buy/cgsh_order_operate.html?command=get_materiel&rest_code=00106&code=00101019900&supplier_code=00100007&order_time=2021-10-24 HTTP/1.1" 302 -
61.151.207.205 - - [24/Oct/2021:09:48:29 +0800] "GET /xingrg/login.html HTTP/1.1" 200 7641
124.78.153.86 - - [24/Oct/2021:09:48:33 +0800] "GET /xingrg/kc/buy/cgsh_order_operate.html?command=get_materiel&rest_code=00106&code=00101008069&supplier_code=00100007&order_time=2021-10-24 HTTP/1.1" 200 412
101.89.29.78 - - [24/Oct/2021:09:48:33 +0800] "GET /xingrg/kc/buy/cgsh_order_operate.html?command=get_materiel&rest_code=00106&code=00101008356&supplier_code=00100007&order_time=2021-10-24 HTTP/1.1" 302 -
101.89.29.78 - - [24/Oct/2021:09:48:34 +0800] "GET /xingrg/login.html HTTP/1.1" 200 7641
222.70.171.86 - - [24/Oct/2021:09:48:38 +0800] "GET /xingrg/all/function/internal_message.html?_=1635040134577&CODE_STATE=getMsg HTTP/1.1" 302 -
61.151.178.163 - - [24/Oct/2021:09:48:38 +0800] "GET /xingrg/all/function/internal_message.html?_=1635040053118&CODE_STATE=getMsg HTTP/1.1" 302 -
61.151.178.163 - - [24/Oct/2021:09:48:38 +0800] "GET /xingrg/login.html HTTP/1.1" 200 7641
124.78.153.86 - - [24/Oct/2021:09:48:39 +0800] "GET /xingrg/all/function/internal_message.html?_=1635040113120&CODE_STATE=getMsg HTTP/1.1" 200 27
222.70.171.86 - - [24/Oct/2021:09:48:39 +0800] "GET /xingrg/all/function/internal_message.html?_=1635040139436&CODE_STATE=getMsg HTTP/1.1" 200 27
116.228.172.94 - - [24/Oct/2021:09:48:42 +0800] "GET /xingrg/kc/buy/cgsh_order_operate.html?command=get_materiel&rest_code=00153&code=00101008357&supplier_code=00100199&order_time=2021-10-23 HTTP/1.1" 200 408
101.85.106.134 - - [24/Oct/2021:09:48:43 +0800] "GET /xingrg/all/function/internal_message.html?_=1635040116919&CODE_STATE=getMsg HTTP/1.1" 200 27
116.233.72.195 - - [24/Oct/2021:09:48:44 +0800] "GET /xingrg/all/function/internal_message.html?_=1635040120207&CODE_STATE=getMsg HTTP/1.1" 200 27
116.233.72.195 - - [24/Oct/2021:09:48:44 +0800] "GET /xingrg/check_reg.html?_=1635040120209 HTTP/1.1" 200 22
124.78.153.86 - - [24/Oct/2021:09:48:46 +0800] "GET /xingrg/kc/buy/cgsh_order_operate.html?command=get_materiel&rest_code=00106&code=00101008286&supplier_code=00100007&order_time=2021-10-24 HTTP/1.1" 200 408
222.70.179.155 - - [24/Oct/2021:09:48:47 +0800] "GET /xingrg/all/function/internal_message.html?_=1635040121518&CODE_STATE=getMsg HTTP/1.1" 200 27
180.174.227.63 - - [24/Oct/2021:09:48:49 +0800] "GET /xingrg/kc/buy/cgsh_order_add.html HTTP/1.1" 200 64638
180.174.227.63 - - [24/Oct/2021:09:48:50 +0800] "POST /xingrg/kc/buy/cgsh_order_operate.html HTTP/1.1" 200 8245
116.228.172.94 - - [24/Oct/2021:09:48:51 +0800] "GET /xingrg/all/function/internal_message.html?_=1635040095550&CODE_STATE=getMsg HTTP/1.1" 200 27
180.174.227.63 - - [24/Oct/2021:09:48:51 +0800] "GET /xingrg/javascript/easyui/themes/default/validatebox.css HTTP/1.1" 404 1104
58.39.139.200 - - [24/Oct/2021:09:48:52 +0800] "GET /xingrg/all/function/internal_message.html?_=1635040127860&CODE_STATE=getMsg HTTP/1.1" 200 27
180.174.227.63 - - [24/Oct/2021:09:48:52 +0800] "GET /xingrg/javascript/easyui/themes/default/tree.css HTTP/1.1" 404 1090
180.174.227.63 - - [24/Oct/2021:09:48:52 +0800] "POST /xingrg/all/common/load_tree.html?tree=supplier_tree_json&isDelete=1 HTTP/1.1" 200 60167
124.78.153.86 - - [24/Oct/2021:09:48:54 +0800] "GET /xingrg/kc/buy/cgsh_order_operate.html?command=get_materiel&rest_code=00106&code=00101008036&supplier_code=00100007&order_time=2021-10-24 HTTP/1.1" 200 430
222.70.179.155 - - [24/Oct/2021:09:48:54 +0800] "GET /xingrg/all/function/internal_message.html?_=1635039850322&CODE_STATE=getMsg HTTP/1.1" 200 27
114.85.125.222 - - [24/Oct/2021:09:48:59 +0800] "GET /xingrg/all/function/internal_message.html?_=1635040077454&CODE_STATE=getMsg HTTP/1.1" 200 27
116.228.172.94 - - [24/Oct/2021:09:49:01 +0800] "GET /xingrg/kc/buy/cgsh_order_operate.html?command=get_materiel&rest_code=00153&code=00101008343&supplier_code=00100199&order_time=2021-10-23 HTTP/1.1" 200 412
124.78.153.86 - - [24/Oct/2021:09:49:03 +0800] "GET /xingrg/kc/buy/cgsh_order_operate.html?command=get_materiel&rest_code=00106&code=00101008131&supplier_code=00100007&order_time=2021-10-24 HTTP/1.1" 200 408
116.227.210.113 - - [24/Oct/2021:09:49:04 +0800] "GET /xingrg/all/function/internal_message.html?_=1635040132413&CODE_STATE=getMsg HTTP/1.1" 200 27
180.174.227.63 - - [24/Oct/2021:09:49:07 +0800] "GET /xingrg/check_reg.html?_=1635040129563 HTTP/1.1" 200 22
120.253.135.82 - - [24/Oct/2021:09:49:08 +0800] "GET /xingrg/check_reg.html?_=1635039913731 HTTP/1.1" 200 22
120.253.135.82 - - [24/Oct/2021:09:49:09 +0800] "GET /xingrg/all/function/internal_message.html?_=1635039914341&CODE_STATE=getMsg HTTP/1.1" 200 27
124.78.153.86 - - [24/Oct/2021:09:49:10 +0800] "GET /xingrg/kc/buy/cgsh_order_operate.html?command=get_materiel&rest_code=00106&code=00101008352&supplier_code=00100007&order_time=2021-10-24 HTTP/1.1" 200 412
124.78.153.86 - - [24/Oct/2021:09:49:14 +0800] "POST /xingrg/kc/buy/cgsh_order_operate.html HTTP/1.1" 200 2065
180.174.227.63 - - [24/Oct/2021:09:49:19 +0800] "GET /xingrg/all/function/internal_message.html?_=1635040140947&CODE_STATE=getMsg HTTP/1.1" 200 27
222.69.135.237 - - [24/Oct/2021:09:49:21 +0800] "GET /xingrg/check_reg.html?_=1635040155889 HTTP/1.1" 200 22
222.69.135.237 - - [24/Oct/2021:09:49:21 +0800] "GET /xingrg/all/function/internal_message.html?_=1635040155892&CODE_STATE=getMsg HTTP/1.1" 200 27
116.238.248.233 - - [24/Oct/2021:09:49:21 +0800] "GET /xingrg/check_reg.html?_=1635040153307 HTTP/1.1" 200 22
116.238.248.233 - - [24/Oct/2021:09:49:21 +0800] "GET /xingrg/all/function/internal_message.html?_=1635040153312&CODE_STATE=getMsg HTTP/1.1" 200 27
116.228.172.94 - - [24/Oct/2021:09:49:21 +0800] "GET /xingrg/kc/buy/cgsh_order_operate.html?command=get_materiel&rest_code=00153&code=00101008370&supplier_code=00100199&order_time=2021-10-23 HTTP/1.1" 200 414
61.151.179.84 - - [24/Oct/2021:09:49:23 +0800] "GET /xingrg/kc/buy/cgsh_order_operate.html?command=get_materiel&rest_code=00106&code=00101008588&supplier_code=00100007&order_time=2021-10-24 HTTP/1.1" 302 -
61.151.179.84 - - [24/Oct/2021:09:49:23 +0800] "GET /xingrg/login.html HTTP/1.1" 200 7641
124.78.153.86 - - [24/Oct/2021:09:49:24 +0800] "GET /xingrg/kc/buy/cgsh_order_operate.html?command=get_materiel&rest_code=00106&code=00101008005&supplier_code=00100007&order_time=2021-10-24 HTTP/1.1" 200 434
222.70.171.86 - - [24/Oct/2021:09:49:37 +0800] "GET /xingrg/check_reg.html?_=1635040193467 HTTP/1.1" 302 -
180.174.227.63 - - [24/Oct/2021:09:49:38 +0800] "GET /xingrg/kc/buy/cgsh_order_operate.html?command=get_materiel&rest_code=00102&code=00101015021&supplier_code=00100054&order_time=2021-10-24 HTTP/1.1" 200 408
222.70.171.86 - - [24/Oct/2021:09:49:38 +0800] "GET /xingrg/all/function/internal_message.html?_=1635040194590&CODE_STATE=getMsg HTTP/1.1" 302 -
101.91.62.89 - - [24/Oct/2021:09:49:38 +0800] "GET /xingrg/all/function/internal_message.html?_=1635040113120&CODE_STATE=getMsg HTTP/1.1" 302 -
124.78.153.86 - - [24/Oct/2021:09:49:39 +0800] "GET /xingrg/all/function/internal_message.html?_=1635040173184&CODE_STATE=getMsg HTTP/1.1" 200 27
101.91.62.89 - - [24/Oct/2021:09:49:39 +0800] "GET /xingrg/login.html HTTP/1.1" 200 7641
222.70.171.86 - - [24/Oct/2021:09:49:39 +0800] "GET /xingrg/all/function/internal_message.html?_=1635040199438&CODE_STATE=getMsg HTTP/1.1" 200 27
116.228.172.94 - - [24/Oct/2021:09:49:39 +0800] "GET /xingrg/kc/buy/cgsh_order_operate.html?command=get_materiel&rest_code=00153&code=00101008141&supplier_code=00100199&order_time=2021-10-23 HTTP/1.1" 200 412
101.85.106.134 - - [24/Oct/2021:09:49:43 +0800] "GET /xingrg/all/function/internal_message.html?_=1635040176918&CODE_STATE=getMsg HTTP/1.1" 200 27
116.233.72.195 - - [24/Oct/2021:09:49:44 +0800] "GET /xingrg/all/function/internal_message.html?_=1635040180197&CODE_STATE=getMsg HTTP/1.1" 200 27
222.70.179.155 - - [24/Oct/2021:09:49:47 +0800] "GET /xingrg/all/function/internal_message.html?_=1635040181517&CODE_STATE=getMsg HTTP/1.1" 200 27
222.70.179.155 - - [24/Oct/2021:09:49:47 +0800] "GET /xingrg/check_reg.html?_=1635040181519 HTTP/1.1" 200 22
58.37.227.186 - - [24/Oct/2021:09:49:47 +0800] "GET /xingrg/check_reg.html?_=1635040025509 HTTP/1.1" 302 -
58.37.227.186 - - [24/Oct/2021:09:49:47 +0800] "GET /xingrg/login.html HTTP/1.1" 200 7641
222.69.135.237 - - [24/Oct/2021:09:49:50 +0800] "GET /xingrg/javascript/jquery_easy_ui/themes/default/images/tabs_active.png HTTP/1.1" 200 2894
116.228.172.94 - - [24/Oct/2021:09:49:51 +0800] "GET /xingrg/all/function/internal_message.html?_=1635040155545&CODE_STATE=getMsg HTTP/1.1" 200 27
58.39.139.200 - - [24/Oct/2021:09:49:52 +0800] "GET /xingrg/all/function/internal_message.html?_=1635040187840&CODE_STATE=getMsg HTTP/1.1" 200 27
180.174.227.63 - - [24/Oct/2021:09:49:52 +0800] "GET /xingrg/kc/buy/cgsh_order_operate.html?command=get_materiel&rest_code=00102&code=00101015059&supplier_code=00100054&order_time=2021-10-24 HTTP/1.1" 200 412
116.228.172.94 - - [24/Oct/2021:09:49:54 +0800] "GET /xingrg/kc/buy/cgsh_order_operate.html?command=get_materiel&rest_code=00153&code=00101008084&supplier_code=00100199&order_time=2021-10-23 HTTP/1.1" 200 412
222.70.179.155 - - [24/Oct/2021:09:49:54 +0800] "GET /xingrg/all/function/internal_message.html?_=1635039910311&CODE_STATE=getMsg HTTP/1.1" 200 27
114.85.125.222 - - [24/Oct/2021:09:49:59 +0800] "GET /xingrg/all/function/internal_message.html?_=1635040137457&CODE_STATE=getMsg HTTP/1.1" 200 27
180.174.227.63 - - [24/Oct/2021:09:50:01 +0800] "GET /xingrg/kc/buy/cgsh_order_operate.html?command=get_materiel&rest_code=00102&code=00101015034&supplier_code=00100054&order_time=2021-10-24 HTTP/1.1" 200 412
116.228.172.94 - - [24/Oct/2021:09:50:03 +0800] "GET /xingrg/kc/buy/cgsh_order_operate.html?command=get_materiel&rest_code=00153&code=00101008169&supplier_code=00100199&order_time=2021-10-23 HTTP/1.1" 200 412
116.238.248.233 - - [24/Oct/2021:09:50:03 +0800] "GET /xingrg/kc/mdqp/pssh_order_list.html HTTP/1.1" 200 17783
116.238.248.233 - - [24/Oct/2021:09:50:03 +0800] "POST /xingrg/kc/mdqp/pssh_list_operate.html HTTP/1.1" 200 5502
116.227.210.113 - - [24/Oct/2021:09:50:04 +0800] "GET /xingrg/all/function/internal_message.html?_=1635040192409&CODE_STATE=getMsg HTTP/1.1" 200 27
101.91.62.89 - - [24/Oct/2021:09:50:08 +0800] "GET /xingrg/kc/buy/cgsh_order_operate.html?command=get_materiel&rest_code=00106&code=00101008352&supplier_code=00100007&order_time=2021-10-24 HTTP/1.1" 302 -
101.91.62.89 - - [24/Oct/2021:09:50:08 +0800] "GET /xingrg/login.html HTTP/1.1" 200 7641
120.253.135.82 - - [24/Oct/2021:09:50:09 +0800] "GET /xingrg/all/function/internal_message.html?_=1635039974355&CODE_STATE=getMsg HTTP/1.1" 200 27
116.228.172.94 - - [24/Oct/2021:09:50:10 +0800] "GET /xingrg/kc/buy/cgsh_order_operate.html?command=get_materiel&rest_code=00153&code=00101008108&supplier_code=00100199&order_time=2021-10-23 HTTP/1.1" 200 412
116.228.172.94 - - [24/Oct/2021:09:50:13 +0800] "POST /xingrg/kc/buy/cgsh_order_operate.html HTTP/1.1" 200 2065
180.174.227.63 - - [24/Oct/2021:09:50:14 +0800] "POST /xingrg/kc/buy/cgsh_order_operate.html HTTP/1.1" 200 37
61.151.178.165 - - [24/Oct/2021:09:50:15 +0800] "GET /xingrg/kc/buy/cgsh_order_operate.html?command=get_materiel&rest_code=00106&code=00101008005&supplier_code=00100007&order_time=2021-10-24 HTTP/1.1" 302 -
61.151.178.165 - - [24/Oct/2021:09:50:16 +0800] "GET /xingrg/login.html HTTP/1.1" 200 7641
124.78.153.86 - - [24/Oct/2021:09:50:16 +0800] "GET /xingrg/kc/buy/cgsh_order_operate.html?command=get_materiel&rest_code=00106&code=00101008353&supplier_code=00100007&order_time=2021-10-24 HTTP/1.1" 200 408
180.174.227.63 - - [24/Oct/2021:09:50:19 +0800] "GET /xingrg/all/function/internal_message.html?_=1635040200960&CODE_STATE=getMsg HTTP/1.1" 200 27
180.174.227.63 - - [24/Oct/2021:09:50:19 +0800] "POST /xingrg/kc/buy/cgsh_order_operate.html HTTP/1.1" 200 12
222.69.135.237 - - [24/Oct/2021:09:50:21 +0800] "GET /xingrg/all/function/internal_message.html?_=1635040215906&CODE_STATE=getMsg HTTP/1.1" 200 27
116.238.248.233 - - [24/Oct/2021:09:50:21 +0800] "GET /xingrg/all/function/internal_message.html?_=1635040213314&CODE_STATE=getMsg HTTP/1.1" 200 27
180.174.227.63 - - [24/Oct/2021:09:50:22 +0800] "GET /xingrg/kc/buy/cgsh_order_info.html?code=212021102410567 HTTP/1.1" 200 59543
180.174.227.63 - - [24/Oct/2021:09:50:23 +0800] "GET /xingrg/javascript/easyui/themes/default/validatebox.css HTTP/1.1" 404 1104
116.228.172.94 - - [24/Oct/2021:09:50:24 +0800] "GET /xingrg/kc/buy/cgsh_order_operate.html?command=get_materiel&rest_code=00153&code=00101016030&supplier_code=00100199&order_time=2021-10-23 HTTP/1.1" 200 412
180.174.227.63 - - [24/Oct/2021:09:50:24 +0800] "POST /xingrg/kc/buy/cgsh_order_operate.html HTTP/1.1" 200 1784
124.78.153.86 - - [24/Oct/2021:09:50:24 +0800] "GET /xingrg/kc/buy/cgsh_order_operate.html?command=get_materiel&rest_code=00106&code=00101008100&supplier_code=00100007&order_time=2021-10-24 HTTP/1.1" 200 410
180.174.227.63 - - [24/Oct/2021:09:50:32 +0800] "GET /xingrg/kc/buy/cgsh_order_add.html HTTP/1.1" 200 64638
116.228.172.94 - - [24/Oct/2021:09:50:33 +0800] "GET /xingrg/kc/buy/cgsh_order_operate.html?command=get_materiel&rest_code=00153&code=00101016053&supplier_code=00100199&order_time=2021-10-23 HTTP/1.1" 200 408
180.174.227.63 - - [24/Oct/2021:09:50:33 +0800] "POST /xingrg/kc/buy/cgsh_order_operate.html HTTP/1.1" 200 8245
124.78.153.86 - - [24/Oct/2021:09:50:33 +0800] "GET /xingrg/kc/buy/cgsh_order_operate.html?command=get_materiel&rest_code=00106&code=00101008272&supplier_code=00100007&order_time=2021-10-24 HTTP/1.1" 200 412
180.174.227.63 - - [24/Oct/2021:09:50:34 +0800] "GET /xingrg/javascript/easyui/themes/default/validatebox.css HTTP/1.1" 404 1104
222.70.171.86 - - [24/Oct/2021:09:50:38 +0800] "GET /xingrg/all/function/internal_message.html?_=1635040254606&CODE_STATE=getMsg HTTP/1.1" 302 -
222.70.171.86 - - [24/Oct/2021:09:50:38 +0800] "GET /xingrg/check_reg.html?_=1635040258607 HTTP/1.1" 200 22
101.91.60.88 - - [24/Oct/2021:09:50:38 +0800] "GET /xingrg/all/function/internal_message.html?_=1635040173184&CODE_STATE=getMsg HTTP/1.1" 302 -
124.78.153.86 - - [24/Oct/2021:09:50:39 +0800] "GET /xingrg/check_reg.html?_=1635040233204 HTTP/1.1" 200 22
124.78.153.86 - - [24/Oct/2021:09:50:39 +0800] "GET /xingrg/all/function/internal_message.html?_=1635040233205&CODE_STATE=getMsg HTTP/1.1" 200 27
101.91.60.88 - - [24/Oct/2021:09:50:39 +0800] "GET /xingrg/login.html HTTP/1.1" 200 7641
222.70.171.86 - - [24/Oct/2021:09:50:39 +0800] "GET /xingrg/all/function/internal_message.html?_=1635040259452&CODE_STATE=getMsg HTTP/1.1" 200 27
116.228.172.94 - - [24/Oct/2021:09:50:40 +0800] "GET /xingrg/kc/buy/cgsh_order_operate.html?command=get_materiel&rest_code=00153&code=00101019790&supplier_code=00100199&order_time=2021-10-23 HTTP/1.1" 200 403
180.174.227.63 - - [24/Oct/2021:09:50:42 +0800] "GET /xingrg/javascript/jquery_easy_ui/themes/default/images/tabs_active.png HTTP/1.1" 304 -
101.85.106.134 - - [24/Oct/2021:09:50:43 +0800] "GET /xingrg/all/function/internal_message.html?_=1635040236917&CODE_STATE=getMsg HTTP/1.1" 200 27
124.78.153.86 - - [24/Oct/2021:09:50:43 +0800] "GET /xingrg/kc/buy/cgsh_order_operate.html?command=get_materiel&rest_code=00106&code=00101008010&supplier_code=00100007&order_time=2021-10-24 HTTP/1.1" 200 412
116.233.72.195 - - [24/Oct/2021:09:50:44 +0800] "GET /xingrg/all/function/internal_message.html?_=1635040240218&CODE_STATE=getMsg HTTP/1.1" 200 27
124.78.153.86 - - [24/Oct/2021:09:50:45 +0800] "POST /xingrg/kc/buy/cgsh_order_operate.html HTTP/1.1" 200 2065
222.70.179.155 - - [24/Oct/2021:09:50:47 +0800] "GET /xingrg/all/function/internal_message.html?_=1635040241518&CODE_STATE=getMsg HTTP/1.1" 200 27
180.174.227.63 - - [24/Oct/2021:09:50:49 +0800] "POST /xingrg/kc/buy/cgsh_list_operate.html HTTP/1.1" 200 5744
116.228.172.94 - - [24/Oct/2021:09:50:50 +0800] "GET /xingrg/kc/buy/cgsh_order_operate.html?command=get_materiel&rest_code=00153&code=00101008323&supplier_code=00100199&order_time=2021-10-23 HTTP/1.1" 200 408
124.78.153.86 - - [24/Oct/2021:09:50:50 +0800] "GET /xingrg/kc/buy/cgsh_order_operate.html?command=get_materiel&rest_code=00106&code=00101008125&supplier_code=00100007&order_time=2021-10-24 HTTP/1.1" 200 413
116.228.172.94 - - [24/Oct/2021:09:50:51 +0800] "GET /xingrg/all/function/internal_message.html?_=1635040215526&CODE_STATE=getMsg HTTP/1.1" 200 27
58.39.139.200 - - [24/Oct/2021:09:50:52 +0800] "GET /xingrg/all/function/internal_message.html?_=1635040247814&CODE_STATE=getMsg HTTP/1.1" 200 27
222.70.179.155 - - [24/Oct/2021:09:50:54 +0800] "GET /xingrg/check_reg.html?_=1635039970327 HTTP/1.1" 200 22
222.70.179.155 - - [24/Oct/2021:09:50:54 +0800] "GET /xingrg/all/function/internal_message.html?_=1635039970329&CODE_STATE=getMsg HTTP/1.1" 200 27
180.174.227.63 - - [24/Oct/2021:09:50:55 +0800] "POST /xingrg/kc/buy/cgsh_list_operate.html HTTP/1.1" 200 348
124.78.153.86 - - [24/Oct/2021:09:50:57 +0800] "POST /xingrg/kc/buy/cgsh_order_operate.html HTTP/1.1" 200 37
180.174.227.63 - - [24/Oct/2021:09:50:58 +0800] "GET /xingrg/kc/buy/cgsh_order_info.html?code=212021102410567 HTTP/1.1" 200 59543
124.78.153.86 - - [24/Oct/2021:09:50:59 +0800] "POST /xingrg/kc/buy/cgsh_order_operate.html HTTP/1.1" 200 16818
180.174.227.63 - - [24/Oct/2021:09:50:59 +0800] "GET /xingrg/javascript/easyui/themes/default/validatebox.css HTTP/1.1" 404 1104
180.174.227.63 - - [24/Oct/2021:09:50:59 +0800] "POST /xingrg/kc/buy/cgsh_order_operate.html HTTP/1.1" 200 1784
114.85.125.222 - - [24/Oct/2021:09:50:59 +0800] "GET /xingrg/all/function/internal_message.html?_=1635040197481&CODE_STATE=getMsg HTTP/1.1" 200 27
116.228.172.94 - - [24/Oct/2021:09:51:00 +0800] "GET /xingrg/kc/buy/cgsh_order_operate.html?command=get_materiel&rest_code=00153&code=00101008638&supplier_code=00100199&order_time=2021-10-23 HTTP/1.1" 200 398
116.227.210.113 - - [24/Oct/2021:09:51:04 +0800] "GET /xingrg/all/function/internal_message.html?_=1635040252382&CODE_STATE=getMsg HTTP/1.1" 200 27
124.78.153.86 - - [24/Oct/2021:09:51:07 +0800] "GET /xingrg/kc/buy/cgsh_order_operate.html?command=get_materiel&rest_code=00106&code=00101008072&supplier_code=00100007&order_time=2021-10-24 HTTP/1.1" 200 408
180.174.227.63 - - [24/Oct/2021:09:51:08 +0800] "GET /xingrg/kc/print/load_data.html?order_code=212021102410567&kc_code=cgsh&condition= HTTP/1.1" 200 1120
120.253.135.82 - - [24/Oct/2021:09:51:09 +0800] "GET /xingrg/all/function/internal_message.html?_=1635040034368&CODE_STATE=getMsg HTTP/1.1" 200 27
124.78.153.86 - - [24/Oct/2021:09:51:16 +0800] "GET /xingrg/kc/buy/cgsh_order_operate.html?command=get_materiel&rest_code=00106&code=00101008199&supplier_code=00100007&order_time=2021-10-24 HTTP/1.1" 200 408
180.174.227.63 - - [24/Oct/2021:09:51:19 +0800] "GET /xingrg/all/function/internal_message.html?_=1635040260973&CODE_STATE=getMsg HTTP/1.1" 200 27
180.174.227.63 - - [24/Oct/2021:09:51:20 +0800] "GET /xingrg/kc/buy/cgsh_order_add.html HTTP/1.1" 200 64638
222.69.135.237 - - [24/Oct/2021:09:51:21 +0800] "GET /xingrg/all/function/internal_message.html?_=1635040275905&CODE_STATE=getMsg HTTP/1.1" 200 27
116.238.248.233 - - [24/Oct/2021:09:51:21 +0800] "GET /xingrg/all/function/internal_message.html?_=1635040273316&CODE_STATE=getMsg HTTP/1.1" 200 27
180.174.227.63 - - [24/Oct/2021:09:51:22 +0800] "POST /xingrg/kc/buy/cgsh_order_operate.html HTTP/1.1" 200 8245
180.174.227.63 - - [24/Oct/2021:09:51:22 +0800] "GET /xingrg/javascript/easyui/themes/default/validatebox.css HTTP/1.1" 404 1104
116.228.172.94 - - [24/Oct/2021:09:51:24 +0800] "GET /xingrg/kc/buy/cgsh_order_operate.html?command=get_materiel&rest_code=00153&code=00101013093&supplier_code=00100199&order_time=2021-10-23 HTTP/1.1" 200 447
124.78.153.86 - - [24/Oct/2021:09:51:24 +0800] "GET /xingrg/kc/buy/cgsh_order_operate.html?command=get_materiel&rest_code=00106&code=00101008003&supplier_code=00100007&order_time=2021-10-24 HTTP/1.1" 200 408
124.78.153.86 - - [24/Oct/2021:09:51:32 +0800] "GET /xingrg/kc/buy/cgsh_order_operate.html?command=get_materiel&rest_code=00106&code=00101008126&supplier_code=00100007&order_time=2021-10-24 HTTP/1.1" 200 412
124.78.153.86 - - [24/Oct/2021:09:51:34 +0800] "POST /xingrg/kc/buy/cgsh_order_operate.html HTTP/1.1" 200 2065
222.70.171.86 - - [24/Oct/2021:09:51:38 +0800] "GET /xingrg/all/function/internal_message.html?_=1635040314617&CODE_STATE=getMsg HTTP/1.1" 302 -
124.78.153.86 - - [24/Oct/2021:09:51:38 +0800] "GET /xingrg/kc/buy/cgsh_order_operate.html?command=get_materiel&rest_code=00106&code=00101008148&supplier_code=00100007&order_time=2021-10-24 HTTP/1.1" 200 435
124.78.153.86 - - [24/Oct/2021:09:51:39 +0800] "GET /xingrg/all/function/internal_message.html?_=1635040293179&CODE_STATE=getMsg HTTP/1.1" 200 27
61.151.178.217 - - [24/Oct/2021:09:51:39 +0800] "GET /xingrg/check_reg.html?_=1635040233204 HTTP/1.1" 302 -
222.70.171.86 - - [24/Oct/2021:09:51:39 +0800] "GET /xingrg/all/function/internal_message.html?_=1635040319465&CODE_STATE=getMsg HTTP/1.1" 200 27
61.151.178.217 - - [24/Oct/2021:09:51:39 +0800] "GET /xingrg/login.html HTTP/1.1" 200 7641
101.85.106.134 - - [24/Oct/2021:09:51:43 +0800] "GET /xingrg/all/function/internal_message.html?_=1635040296916&CODE_STATE=getMsg HTTP/1.1" 200 27
116.233.72.195 - - [24/Oct/2021:09:51:44 +0800] "GET /xingrg/all/function/internal_message.html?_=1635040300212&CODE_STATE=getMsg HTTP/1.1" 200 27
222.70.179.155 - - [24/Oct/2021:09:51:47 +0800] "GET /xingrg/all/function/internal_message.html?_=1635040301517&CODE_STATE=getMsg HTTP/1.1" 200 27
116.228.172.94 - - [24/Oct/2021:09:51:47 +0800] "GET /xingrg/kc/buy/cgsh_order_operate.html?command=get_materiel&rest_code=00153&code=00101013166&supplier_code=00100199&order_time=2021-10-23 HTTP/1.1" 200 452
124.78.153.86 - - [24/Oct/2021:09:51:47 +0800] "GET /xingrg/kc/buy/cgsh_order_operate.html?command=get_materiel&rest_code=00106&code=00101008224&supplier_code=00100007&order_time=2021-10-24 HTTP/1.1" 200 416
114.85.125.222 - - [24/Oct/2021:09:51:48 +0800] "GET /xingrg/check_reg.html?_=1635040246143 HTTP/1.1" 200 22
116.228.172.94 - - [24/Oct/2021:09:51:51 +0800] "GET /xingrg/all/function/internal_message.html?_=1635040275621&CODE_STATE=getMsg HTTP/1.1" 200 27
58.39.139.200 - - [24/Oct/2021:09:51:52 +0800] "GET /xingrg/all/function/internal_message.html?_=1635040307790&CODE_STATE=getMsg HTTP/1.1" 200 27
124.78.153.86 - - [24/Oct/2021:09:51:54 +0800] "GET /xingrg/kc/buy/cgsh_order_operate.html?command=get_materiel&rest_code=00106&code=00101008357&supplier_code=00100007&order_time=2021-10-24 HTTP/1.1" 200 408
222.70.179.155 - - [24/Oct/2021:09:51:54 +0800] "GET /xingrg/all/function/internal_message.html?_=1635040030324&CODE_STATE=getMsg HTTP/1.1" 200 27
116.228.172.94 - - [24/Oct/2021:09:51:58 +0800] "GET /xingrg/kc/buy/cgsh_order_operate.html?command=get_materiel&rest_code=00153&code=00101008276&supplier_code=00100199&order_time=2021-10-23 HTTP/1.1" 200 412
114.85.125.222 - - [24/Oct/2021:09:51:59 +0800] "GET /xingrg/all/function/internal_message.html?_=1635040257486&CODE_STATE=getMsg HTTP/1.1" 200 27
124.78.153.86 - - [24/Oct/2021:09:52:01 +0800] "GET /xingrg/kc/buy/cgsh_order_operate.html?command=get_materiel&rest_code=00106&code=00101008059&supplier_code=00100007&order_time=2021-10-24 HTTP/1.1" 200 408
180.174.227.63 - - [24/Oct/2021:09:52:02 +0800] "GET /xingrg/javascript/easyui/themes/default/tree.css HTTP/1.1" 404 1090
180.174.227.63 - - [24/Oct/2021:09:52:02 +0800] "POST /xingrg/all/common/load_tree.html?tree=supplier_tree_json&isDelete=1 HTTP/1.1" 200 60167
116.228.172.94 - - [24/Oct/2021:09:52:02 +0800] "POST /xingrg/kc/buy/cgsh_order_operate.html HTTP/1.1" 200 2065
116.227.210.113 - - [24/Oct/2021:09:52:04 +0800] "GET /xingrg/all/function/internal_message.html?_=1635040312359&CODE_STATE=getMsg HTTP/1.1" 200 27
116.227.210.113 - - [24/Oct/2021:09:52:04 +0800] "GET /xingrg/check_reg.html?_=1635040312457 HTTP/1.1" 200 22
124.78.153.86 - - [24/Oct/2021:09:52:08 +0800] "GET /xingrg/kc/buy/cgsh_order_operate.html?command=get_materiel&rest_code=00106&code=00101008359&supplier_code=00100007&order_time=2021-10-24 HTTP/1.1" 200 408
120.253.135.82 - - [24/Oct/2021:09:52:09 +0800] "GET /xingrg/all/function/internal_message.html?_=1635040094398&CODE_STATE=getMsg HTTP/1.1" 200 27
124.78.153.86 - - [24/Oct/2021:09:52:11 +0800] "POST /xingrg/kc/buy/cgsh_order_operate.html HTTP/1.1" 200 2065
180.174.227.63 - - [24/Oct/2021:09:52:19 +0800] "GET /xingrg/all/function/internal_message.html?_=1635040320988&CODE_STATE=getMsg HTTP/1.1" 200 27
222.69.135.237 - - [24/Oct/2021:09:52:21 +0800] "GET /xingrg/all/function/internal_message.html?_=1635040335910&CODE_STATE=getMsg HTTP/1.1" 200 27
116.238.248.233 - - [24/Oct/2021:09:52:21 +0800] "GET /xingrg/all/function/internal_message.html?_=1635040333323&CODE_STATE=getMsg HTTP/1.1" 200 27
116.228.172.94 - - [24/Oct/2021:09:52:21 +0800] "POST /xingrg/kc/buy/cgsh_order_operate.html HTTP/1.1" 200 37
180.174.227.63 - - [24/Oct/2021:09:52:23 +0800] "GET /xingrg/kc/buy/cgsh_order_operate.html?command=get_materiel&rest_code=00102&code=00101002027&supplier_code=00100400&order_time=2021-10-24 HTTP/1.1" 200 433
116.228.172.94 - - [24/Oct/2021:09:52:25 +0800] "POST /xingrg/kc/buy/cgsh_order_operate.html HTTP/1.1" 200 12
124.78.153.86 - - [24/Oct/2021:09:52:29 +0800] "GET /xingrg/kc/buy/cgsh_order_operate.html?command=get_materiel&rest_code=00106&code=00101008080&supplier_code=00100007&order_time=2021-10-24 HTTP/1.1" 200 416
180.169.147.146 - - [24/Oct/2021:09:52:32 +0800] "GET /xingrg/index.html?sysBaseUrl=http%3A%2F%2F180.169.147.146%3A18081%2Fxingrg%2F&costTime=42×tamp=1620889531824 HTTP/1.1" 302 -
180.169.147.146 - - [24/Oct/2021:09:52:32 +0800] "GET /xingrg/login.html HTTP/1.1" 200 7641
180.169.147.146 - - [24/Oct/2021:09:52:32 +0800] "GET /xingrg/images/blue/jxLogo.png HTTP/1.1" 200 6156
180.174.227.63 - - [24/Oct/2021:09:52:32 +0800] "GET /xingrg/kc/buy/cgsh_order_operate.html?command=get_materiel&rest_code=00102&code=00101001009&supplier_code=00100400&order_time=2021-10-24 HTTP/1.1" 200 409
180.169.147.146 - - [24/Oct/2021:09:52:32 +0800] "GET /xingrg/images/blue/hj.png HTTP/1.1" 200 1014
180.169.147.146 - - [24/Oct/2021:09:52:32 +0800] "GET /xingrg/images/blue/srbg.png HTTP/1.1" 200 138
180.169.147.146 - - [24/Oct/2021:09:52:32 +0800] "GET /favicon.ico HTTP/1.1" 404 -
180.169.147.146 - - [24/Oct/2021:09:52:32 +0800] "GET /xingrg/images/blue/login_bg.png HTTP/1.1" 200 22101
180.169.147.146 - - [24/Oct/2021:09:52:35 +0800] "POST /xingrg/login.do HTTP/1.1" 302 -
180.169.147.146 - - [24/Oct/2021:09:52:35 +0800] "GET /xingrg/javascript/jquery_easy_ui/themes/default/easyui.css HTTP/1.1" 200 26500
180.169.147.146 - - [24/Oct/2021:09:52:35 +0800] "GET /xingrg/index.html?sysBaseUrl=http%3A%2F%2F180.169.147.146%3A18081%2Fxingrg%2F&costTime=78×tamp=1635040355334 HTTP/1.1" 200 17503
180.169.147.146 - - [24/Oct/2021:09:52:35 +0800] "GET /xingrg/javascript/jquery_easy_ui/themes/icon.css HTTP/1.1" 200 3949
180.169.147.146 - - [24/Oct/2021:09:52:35 +0800] "GET /xingrg/css/form.css HTTP/1.1" 200 893
180.169.147.146 - - [24/Oct/2021:09:52:35 +0800] "GET /xingrg/javascript/jquery-1.4.2.min.js HTTP/1.1" 200 72205
180.169.147.146 - - [24/Oct/2021:09:52:35 +0800] "GET /xingrg/javascript/jquery_easy_ui/jquery.easyui.min.js HTTP/1.1" 200 213662
180.169.147.146 - - [24/Oct/2021:09:52:35 +0800] "GET /xingrg/javascript/jquery_easy_ui/easyui-lang-zh_CN.js HTTP/1.1" 200 1900
180.169.147.146 - - [24/Oct/2021:09:52:35 +0800] "GET /xingrg/javascript/jquery.form.js HTTP/1.1" 200 23110
180.169.147.146 - - [24/Oct/2021:09:52:35 +0800] "GET /xingrg/javascript/jquery.utils.js HTTP/1.1" 200 11805
180.169.147.146 - - [24/Oct/2021:09:52:35 +0800] "GET /xingrg/javascript/jquery.timers.js HTTP/1.1" 200 3532
180.169.147.146 - - [24/Oct/2021:09:52:35 +0800] "GET /favicon.ico HTTP/1.1" 404 -
180.169.147.146 - - [24/Oct/2021:09:52:35 +0800] "GET /xingrg/javascript/jquery_easy_ui/themes/icons/settle_new.png HTTP/1.1" 200 826
180.169.147.146 - - [24/Oct/2021:09:52:35 +0800] "GET /xingrg/images/blue/navBackgound.jpg HTTP/1.1" 200 12378
180.169.147.146 - - [24/Oct/2021:09:52:35 +0800] "POST /xingrg/all/common/load_tree.html?tree=area_rest_tree_json&manage=1 HTTP/1.1" 200 3472
180.169.147.146 - - [24/Oct/2021:09:52:35 +0800] "GET /xingrg/all/function/internal_message.html?_=1635040349831&CODE_STATE=count HTTP/1.1" 200 11
180.169.147.146 - - [24/Oct/2021:09:52:35 +0800] "GET /xingrg/images/blue/pingpu.png HTTP/1.1" 200 231
180.169.147.146 - - [24/Oct/2021:09:52:35 +0800] "GET /xingrg/check_reg.html?_=1635040349831 HTTP/1.1" 200 22
180.169.147.146 - - [24/Oct/2021:09:52:35 +0800] "GET /xingrg/javascript/jquery_easy_ui/themes/default/images/tabs_leftarrow.png HTTP/1.1" 200 389
180.169.147.146 - - [24/Oct/2021:09:52:35 +0800] "GET /xingrg/javascript/jquery_easy_ui/themes/default/images/tabs_rightarrow.png HTTP/1.1" 200 395
180.169.147.146 - - [24/Oct/2021:09:52:35 +0800] "GET /xingrg/javascript/jquery_easy_ui/themes/default/images/panel_tool_expand.gif HTTP/1.1" 200 247
180.169.147.146 - - [24/Oct/2021:09:52:35 +0800] "GET /xingrg/javascript/jquery_easy_ui/themes/default/images/panel_tool_collapse.gif HTTP/1.1" 200 246
180.169.147.146 - - [24/Oct/2021:09:52:35 +0800] "POST /xingrg/load_menu.html HTTP/1.1" 200 11443
116.228.172.94 - - [24/Oct/2021:09:52:35 +0800] "GET /xingrg/kc/buy/cgsh_order_info.html?code=212021102410569 HTTP/1.1" 200 58675
180.169.147.146 - - [24/Oct/2021:09:52:35 +0800] "GET /xingrg/javascript/jquery_easy_ui/themes/default/images/tree_arrows.gif HTTP/1.1" 200 1043
180.169.147.146 - - [24/Oct/2021:09:52:35 +0800] "GET /xingrg/javascript/jquery_easy_ui/themes/default/images/tree_folder_open.gif HTTP/1.1" 200 956
180.169.147.146 - - [24/Oct/2021:09:52:35 +0800] "GET /xingrg/javascript/jquery_easy_ui/themes/icons/search_new.png HTTP/1.1" 200 586
180.169.147.146 - - [24/Oct/2021:09:52:35 +0800] "GET /xingrg/javascript/jquery_easy_ui/themes/icons/delivery_new.png HTTP/1.1" 200 700
180.169.147.146 - - [24/Oct/2021:09:52:35 +0800] "GET /xingrg/javascript/jquery_easy_ui/themes/icons/storage_new.png HTTP/1.1" 200 853
180.169.147.146 - - [24/Oct/2021:09:52:35 +0800] "GET /xingrg/javascript/jquery_easy_ui/themes/icons/checkout_new.png HTTP/1.1" 200 744
180.169.147.146 - - [24/Oct/2021:09:52:35 +0800] "GET /xingrg/javascript/jquery_easy_ui/themes/icons/forms_new.png HTTP/1.1" 200 350
180.169.147.146 - - [24/Oct/2021:09:52:35 +0800] "GET /xingrg/javascript/jquery_easy_ui/themes/icons/setting_new.png HTTP/1.1" 200 450
180.169.147.146 - - [24/Oct/2021:09:52:35 +0800] "GET /xingrg/javascript/jquery_easy_ui/themes/icons/systemset_new.png HTTP/1.1" 200 606
180.169.147.146 - - [24/Oct/2021:09:52:35 +0800] "GET /xingrg/javascript/jquery_easy_ui/themes/default/images/tree_file.gif HTTP/1.1" 200 118
180.169.147.146 - - [24/Oct/2021:09:52:35 +0800] "GET /xingrg/javascript/jquery_easy_ui/themes/default/images/tree_folder.gif HTTP/1.1" 200 952
116.228.172.94 - - [24/Oct/2021:09:52:36 +0800] "GET /xingrg/javascript/easyui/themes/default/validatebox.css HTTP/1.1" 404 1104
116.228.172.94 - - [24/Oct/2021:09:52:36 +0800] "POST /xingrg/kc/buy/cgsh_order_operate.html HTTP/1.1" 200 14265
222.70.171.86 - - [24/Oct/2021:09:52:38 +0800] "GET /xingrg/all/function/internal_message.html?_=1635040374634&CODE_STATE=getMsg HTTP/1.1" 302 -
124.78.153.86 - - [24/Oct/2021:09:52:39 +0800] "POST /xingrg/kc/buy/cgsh_order_operate.html HTTP/1.1" 200 37
116.228.172.94 - - [24/Oct/2021:09:52:39 +0800] "GET /xingrg/kc/print/load_data.html?order_code=212021102410569&kc_code=cgsh&condition= HTTP/1.1" 200 2278
180.169.147.146 - - [24/Oct/2021:09:52:39 +0800] "GET /xingrg/kc/buy/buy_main.html HTTP/1.1" 200 12341
180.169.147.146 - - [24/Oct/2021:09:52:39 +0800] "GET /xingrg/javascript/jquery_easy_ui/themes/default/images/tabs_close.gif HTTP/1.1" 200 829
180.169.147.146 - - [24/Oct/2021:09:52:39 +0800] "GET /xingrg/css/blue.css HTTP/1.1" 200 15949
180.169.147.146 - - [24/Oct/2021:09:52:39 +0800] "GET /xingrg/css/new_ie.css HTTP/1.1" 404 1036
180.169.147.146 - - [24/Oct/2021:09:52:39 +0800] "GET /xingrg/javascript/pic_change.js HTTP/1.1" 200 4739
180.169.147.146 - - [24/Oct/2021:09:52:39 +0800] "GET /xingrg/javascript/ToolTips.js HTTP/1.1" 200 5615
180.169.147.146 - - [24/Oct/2021:09:52:39 +0800] "GET /xingrg/javascript/jquery_ui/themes/humanity/humanity.css HTTP/1.1" 200 27801
180.169.147.146 - - [24/Oct/2021:09:52:39 +0800] "GET /xingrg/javascript/myfunction.js HTTP/1.1" 200 24559
180.169.147.146 - - [24/Oct/2021:09:52:39 +0800] "GET /xingrg/javascript/jquery_ui/jquery-ui.min.js HTTP/1.1" 200 186181
180.169.147.146 - - [24/Oct/2021:09:52:39 +0800] "GET /xingrg/images/blue/button/cgxqd.gif HTTP/1.1" 200 2619
180.169.147.146 - - [24/Oct/2021:09:52:39 +0800] "GET /xingrg/images/blue/button/cgfkd.gif HTTP/1.1" 200 2075
180.169.147.146 - - [24/Oct/2021:09:52:39 +0800] "GET /xingrg/images/blue/button/cgydd.gif HTTP/1.1" 200 2712
180.169.147.146 - - [24/Oct/2021:09:52:39 +0800] "GET /xingrg/images/blue/button/kc.gif HTTP/1.1" 200 2160
180.169.147.146 - - [24/Oct/2021:09:52:39 +0800] "GET /xingrg/images/blue/button/ckthd.gif HTTP/1.1" 200 2045
180.169.147.146 - - [24/Oct/2021:09:52:39 +0800] "GET /xingrg/images/blue/pic_form2.gif HTTP/1.1" 200 1853
180.169.147.146 - - [24/Oct/2021:09:52:39 +0800] "GET /xingrg/images/blue/button/cgshd.gif HTTP/1.1" 200 2618
180.169.147.146 - - [24/Oct/2021:09:52:39 +0800] "GET /xingrg/javascript/jquery_ui/themes/humanity/images/ui-bg_inset-soft_100_f4f0ec_1x100.png HTTP/1.1" 200 141
180.169.147.146 - - [24/Oct/2021:09:52:39 +0800] "GET /xingrg/images/blue/bg_dotted.jpg HTTP/1.1" 200 319
180.169.147.146 - - [24/Oct/2021:09:52:39 +0800] "GET /xingrg/images/blue/button/right_ah.jpg HTTP/1.1" 200 1744
180.169.147.146 - - [24/Oct/2021:09:52:39 +0800] "GET /xingrg/images/blue/button/down_ah.jpg HTTP/1.1" 200 1732
180.169.147.146 - - [24/Oct/2021:09:52:39 +0800] "GET /xingrg/javascript/jquery_ui/themes/humanity/images/ui-iconsnew.jpg HTTP/1.1" 200 337
180.169.147.146 - - [24/Oct/2021:09:52:39 +0800] "GET /xingrg/javascript/jquery_ui/themes/humanity/images/ui-icons_ffffff_256x240.png HTTP/1.1" 200 4369
180.169.147.146 - - [24/Oct/2021:09:52:39 +0800] "GET /xingrg/javascript/jquery_ui/themes/humanity/images/ui-bg_glass_70_ede4d4_1x400.png HTTP/1.1" 200 161
180.169.147.146 - - [24/Oct/2021:09:52:39 +0800] "GET /xingrg/javascript/jquery_ui/themes/humanity/images/ui-icons_c47a23_256x240.png HTTP/1.1" 200 5355
222.70.171.86 - - [24/Oct/2021:09:52:39 +0800] "GET /xingrg/all/function/internal_message.html?_=1635040379478&CODE_STATE=getMsg HTTP/1.1" 200 27
101.89.239.245 - - [24/Oct/2021:09:52:39 +0800] "GET /xingrg/all/function/internal_message.html?_=1635040293179&CODE_STATE=getMsg HTTP/1.1" 302 -
124.78.153.86 - - [24/Oct/2021:09:52:39 +0800] "GET /xingrg/all/function/internal_message.html?_=1635040353655&CODE_STATE=getMsg HTTP/1.1" 200 27
101.89.239.245 - - [24/Oct/2021:09:52:40 +0800] "GET /xingrg/login.html HTTP/1.1" 200 7641
124.78.153.86 - - [24/Oct/2021:09:52:40 +0800] "POST /xingrg/kc/buy/cgsh_order_operate.html HTTP/1.1" 200 23341
180.169.147.146 - - [24/Oct/2021:09:52:40 +0800] "GET /xingrg/kc/report/report_main.html HTTP/1.1" 200 9370
180.169.147.146 - - [24/Oct/2021:09:52:40 +0800] "GET /xingrg/javascript/json2.js HTTP/1.1" 200 11259
180.169.147.146 - - [24/Oct/2021:09:52:40 +0800] "GET /xingrg/javascript/jquery_easy_ui/themes/icons/back_new.png HTTP/1.1" 200 3414
180.169.147.146 - - [24/Oct/2021:09:52:41 +0800] "GET /xingrg/all/report/report_query.html?fileName=kc/buy/gys_amount_base_rest.xml HTTP/1.1" 200 51664
180.169.147.146 - - [24/Oct/2021:09:52:41 +0800] "GET /xingrg/javascript/multi_select/jqueryMultiSelect.css HTTP/1.1" 200 951
180.169.147.146 - - [24/Oct/2021:09:52:41 +0800] "GET /xingrg/javascript/calendar/timePicker.css HTTP/1.1" 200 523
180.169.147.146 - - [24/Oct/2021:09:52:41 +0800] "GET /xingrg/javascript/bigrid/fix.css HTTP/1.1" 200 1702
180.169.147.146 - - [24/Oct/2021:09:52:41 +0800] "GET /xingrg/dwr/interface/AjaxReportQueryService.js HTTP/1.1" 200 13203
180.169.147.146 - - [24/Oct/2021:09:52:41 +0800] "GET /xingrg/dwr/util.js HTTP/1.1" 200 35990
180.169.147.146 - - [24/Oct/2021:09:52:41 +0800] "GET /xingrg/dwr/engine.js HTTP/1.1" 200 43631
180.169.147.146 - - [24/Oct/2021:09:52:41 +0800] "GET /xingrg/javascript/jqueryMultiSelect.js HTTP/1.1" 200 11866
180.169.147.146 - - [24/Oct/2021:09:52:41 +0800] "GET /xingrg/javascript/Calendar.js HTTP/1.1" 200 31561
180.169.147.146 - - [24/Oct/2021:09:52:41 +0800] "GET /xingrg/javascript/calendar/jquery.timePicker.min.js HTTP/1.1" 200 2997
180.169.147.146 - - [24/Oct/2021:09:52:41 +0800] "GET /xingrg/javascript/bigrid/fix.js HTTP/1.1" 200 6439
180.169.147.146 - - [24/Oct/2021:09:52:41 +0800] "GET /xingrg/images/control/loading.gif HTTP/1.1" 200 13463
180.169.147.146 - - [24/Oct/2021:09:52:41 +0800] "GET /xingrg/images/blue/button/advanceover.gif HTTP/1.1" 200 1347
180.169.147.146 - - [24/Oct/2021:09:52:41 +0800] "GET /xingrg/images/blue/button/advance2over.gif HTTP/1.1" 200 1336
180.169.147.146 - - [24/Oct/2021:09:52:41 +0800] "GET /xingrg/images/blue/button/back2over.gif HTTP/1.1" 200 1335
180.169.147.146 - - [24/Oct/2021:09:52:41 +0800] "GET /xingrg/images/blue/button/backover.gif HTTP/1.1" 200 1348
180.169.147.146 - - [24/Oct/2021:09:52:41 +0800] "GET /xingrg/javascript/jquery_easy_ui/themes/icons/help.png HTTP/1.1" 200 1187
180.169.147.146 - - [24/Oct/2021:09:52:42 +0800] "POST /xingrg/dwr/call/plaincall/AjaxReportQueryService.getFixDate.dwr HTTP/1.1" 200 111
180.169.147.146 - - [24/Oct/2021:09:52:42 +0800] "GET /xingrg/javascript/jquery_easy_ui/themes/default/images/menu_downarrow.png HTTP/1.1" 200 173
180.169.147.146 - - [24/Oct/2021:09:52:42 +0800] "GET /xingrg/javascript/jquery_easy_ui/themes/default/images/button_a_bg.gif HTTP/1.1" 200 1194
180.169.147.146 - - [24/Oct/2021:09:52:42 +0800] "GET /xingrg/javascript/jquery_easy_ui/themes/default/images/menu.gif HTTP/1.1" 200 834
180.169.147.146 - - [24/Oct/2021:09:52:42 +0800] "GET /xingrg/javascript/jquery_easy_ui/themes/icons/print.png HTTP/1.1" 200 1057
180.169.147.146 - - [24/Oct/2021:09:52:42 +0800] "GET /xingrg/javascript/jquery_easy_ui/themes/icons/pencil.png HTTP/1.1" 200 713
180.169.147.146 - - [24/Oct/2021:09:52:42 +0800] "GET /xingrg/javascript/jquery_easy_ui/themes/default/images/menu_rightarrow.png HTTP/1.1" 200 3617
180.169.147.146 - - [24/Oct/2021:09:52:42 +0800] "GET /xingrg/javascript/jquery_easy_ui/themes/default/images/combo_arrow_dot.gif HTTP/1.1" 200 79
180.169.147.146 - - [24/Oct/2021:09:52:42 +0800] "POST /xingrg/all/common/load_tree.html?tree=area_rest_tree_json&manage=1 HTTP/1.1" 200 3472
180.169.147.146 - - [24/Oct/2021:09:52:42 +0800] "GET /xingrg/javascript/jquery_easy_ui/themes/default/images/tree_checkbox_0.gif HTTP/1.1" 200 168
180.169.147.146 - - [24/Oct/2021:09:52:42 +0800] "GET /xingrg/javascript/jquery_easy_ui/themes/icons/rest.png HTTP/1.1" 200 695
180.169.147.146 - - [24/Oct/2021:09:52:42 +0800] "POST /xingrg/all/common/load_tree.html?tree=supplier_tree_json&manage=1 HTTP/1.1" 200 61255
101.85.106.134 - - [24/Oct/2021:09:52:43 +0800] "GET /xingrg/all/function/internal_message.html?_=1635040356916&CODE_STATE=getMsg HTTP/1.1" 200 27
101.85.106.134 - - [24/Oct/2021:09:52:43 +0800] "GET /xingrg/check_reg.html?_=1635040356917 HTTP/1.1" 200 22
180.169.147.146 - - [24/Oct/2021:09:52:43 +0800] "GET /xingrg/javascript/jquery_easy_ui/themes/icons/area.png HTTP/1.1" 200 262
180.169.147.146 - - [24/Oct/2021:09:52:43 +0800] "GET /xingrg/javascript/jquery_easy_ui/themes/icons/manage.png HTTP/1.1" 200 696
116.233.72.195 - - [24/Oct/2021:09:52:44 +0800] "GET /xingrg/all/function/internal_message.html?_=1635040360225&CODE_STATE=getMsg HTTP/1.1" 200 27
124.78.153.86 - - [24/Oct/2021:09:52:46 +0800] "GET /xingrg/kc/buy/cgsh_order_operate.html?command=get_materiel&rest_code=00106&code=00101008112&supplier_code=00100007&order_time=2021-10-24 HTTP/1.1" 200 412
222.70.179.155 - - [24/Oct/2021:09:52:47 +0800] "GET /xingrg/all/function/internal_message.html?_=1635040361515&CODE_STATE=getMsg HTTP/1.1" 200 27
180.169.147.146 - - [24/Oct/2021:09:52:49 +0800] "GET /xingrg/javascript/jquery_easy_ui/themes/default/images/tree_checkbox_1.gif HTTP/1.1" 200 174
180.169.147.146 - - [24/Oct/2021:09:52:49 +0800] "GET /xingrg/javascript/jquery_easy_ui/themes/default/images/tree_checkbox_2.gif HTTP/1.1" 200 181
180.169.147.146 - - [24/Oct/2021:09:52:50 +0800] "POST /xingrg/dwr/call/plaincall/AjaxReportQueryService.refreshCache.dwr HTTP/1.1" 200 78
180.174.227.63 - - [24/Oct/2021:09:52:50 +0800] "POST /xingrg/kc/buy/cgsh_order_operate.html HTTP/1.1" 200 37
58.39.139.200 - - [24/Oct/2021:09:52:52 +0800] "GET /xingrg/all/function/internal_message.html?_=1635040367761&CODE_STATE=getMsg HTTP/1.1" 200 27
124.78.153.86 - - [24/Oct/2021:09:52:53 +0800] "GET /xingrg/kc/buy/cgsh_order_operate.html?command=get_materiel&rest_code=00106&code=00101008186&supplier_code=00100007&order_time=2021-10-24 HTTP/1.1" 200 408
180.174.227.63 - - [24/Oct/2021:09:52:54 +0800] "POST /xingrg/kc/buy/cgsh_order_operate.html HTTP/1.1" 200 12
222.70.179.155 - - [24/Oct/2021:09:52:54 +0800] "GET /xingrg/all/function/internal_message.html?_=1635040090322&CODE_STATE=getMsg HTTP/1.1" 200 27
180.169.147.146 - - [24/Oct/2021:09:52:55 +0800] "POST /xingrg/all/report/load_report_page.html HTTP/1.1" 200 364015
180.169.147.146 - - [24/Oct/2021:09:52:55 +0800] "GET /xingrg/images/blue/button/back2.gif HTTP/1.1" 200 1339
180.169.147.146 - - [24/Oct/2021:09:52:55 +0800] "GET /xingrg/images/blue/button/back.gif HTTP/1.1" 200 1352
180.169.147.146 - - [24/Oct/2021:09:52:55 +0800] "GET /xingrg/servlets/image?cache=0.5898461734225263&image=px HTTP/1.1" 200 807
116.228.172.94 - - [24/Oct/2021:09:52:55 +0800] "GET /xingrg/login.html HTTP/1.1" 200 7641
180.174.227.63 - - [24/Oct/2021:09:52:55 +0800] "GET /xingrg/kc/buy/cgsh_order_info.html?code=212021102410570 HTTP/1.1" 200 59543
116.228.172.94 - - [24/Oct/2021:09:52:56 +0800] "GET /favicon.ico HTTP/1.1" 404 -
116.228.172.94 - - [24/Oct/2021:09:52:57 +0800] "POST /xingrg/login.do HTTP/1.1" 302 -
116.228.172.94 - - [24/Oct/2021:09:52:57 +0800] "GET /xingrg/index.html?sysBaseUrl=http%3A%2F%2F180.169.147.146%3A18081%2Fxingrg%2F&costTime=41×tamp=1635040377010 HTTP/1.1" 200 17417
116.228.172.94 - - [24/Oct/2021:09:52:57 +0800] "POST /xingrg/all/common/load_tree.html?tree=area_rest_tree_json&manage=1 HTTP/1.1" 200 348
180.174.227.63 - - [24/Oct/2021:09:52:57 +0800] "GET /xingrg/javascript/easyui/themes/default/validatebox.css HTTP/1.1" 404 1104
116.228.172.94 - - [24/Oct/2021:09:52:57 +0800] "GET /xingrg/all/function/internal_message.html?_=1635040341490&CODE_STATE=count HTTP/1.1" 200 11
116.228.172.94 - - [24/Oct/2021:09:52:57 +0800] "GET /xingrg/check_reg.html?_=1635040341490 HTTP/1.1" 200 22
116.228.172.94 - - [24/Oct/2021:09:52:57 +0800] "GET /favicon.ico HTTP/1.1" 404 -
116.228.172.94 - - [24/Oct/2021:09:52:57 +0800] "POST /xingrg/load_menu.html HTTP/1.1" 200 9959
180.174.227.63 - - [24/Oct/2021:09:52:57 +0800] "POST /xingrg/kc/buy/cgsh_order_operate.html HTTP/1.1" 200 1204
116.228.172.94 - - [24/Oct/2021:09:52:59 +0800] "GET /xingrg/kc/buy/buy_main.html HTTP/1.1" 200 12412
116.228.172.94 - - [24/Oct/2021:09:52:59 +0800] "GET /xingrg/css/new_ie.css HTTP/1.1" 404 1036
114.85.125.222 - - [24/Oct/2021:09:52:59 +0800] "GET /xingrg/all/function/internal_message.html?_=1635040317498&CODE_STATE=getMsg HTTP/1.1" 200 27
180.174.227.63 - - [24/Oct/2021:09:53:00 +0800] "GET /xingrg/kc/print/load_data.html?order_code=212021102410570&kc_code=cgsh&condition= HTTP/1.1" 200 907
116.228.172.94 - - [24/Oct/2021:09:53:03 +0800] "GET /xingrg/kc/buy/cgsh_order_list.html HTTP/1.1" 200 48945
116.228.172.94 - - [24/Oct/2021:09:53:04 +0800] "POST /xingrg/kc/buy/cgsh_list_operate.html HTTP/1.1" 200 876
116.227.210.113 - - [24/Oct/2021:09:53:04 +0800] "GET /xingrg/all/function/internal_message.html?_=1635040372349&CODE_STATE=getMsg HTTP/1.1" 200 27
180.169.147.146 - - [24/Oct/2021:09:53:04 +0800] "GET /xingrg/javascript/jquery_easy_ui/themes/default/images/button_plain_hover.png HTTP/1.1" 200 252
61.151.178.197 - - [24/Oct/2021:09:53:06 +0800] "GET /xingrg/kc/buy/cgsh_order_operate.html?command=get_materiel&rest_code=00106&code=00101008359&supplier_code=00100007&order_time=2021-10-24 HTTP/1.1" 302 -
61.151.178.197 - - [24/Oct/2021:09:53:06 +0800] "GET /xingrg/login.html HTTP/1.1" 200 7641
180.169.147.146 - - [24/Oct/2021:09:53:07 +0800] "POST /xingrg/all/report/report_print.html HTTP/1.1" 200 36396
120.253.135.82 - - [24/Oct/2021:09:53:09 +0800] "GET /xingrg/all/function/internal_message.html?_=1635040154411&CODE_STATE=getMsg HTTP/1.1" 200 27
