120.253.135.82 - - [24/Oct/2021:11:20:40 +0800] "POST /xingrg/kc/pszx/mdps_order_operate.html HTTP/1.1" 200 521
120.253.135.82 - - [24/Oct/2021:11:20:40 +0800] "GET /xingrg/javascript/easyui/themes/default/validatebox.css HTTP/1.1" 404 1104
120.253.135.82 - - [24/Oct/2021:11:20:40 +0800] "GET /xingrg/all/function/internal_message.html?_=1635045404863&CODE_STATE=getMsg HTTP/1.1" 200 27
180.169.147.146 - - [24/Oct/2021:11:20:40 +0800] "GET /xingrg/kc/buy/cgsh_order_operate.html?command=get_materiel&rest_code=00147&code=00101008088&supplier_code=00100006&order_time=2021-10-24 HTTP/1.1" 200 408
120.253.135.82 - - [24/Oct/2021:11:20:41 +0800] "POST /xingrg/kc/pszx/mdps_list_operate.html HTTP/1.1" 200 2780
101.85.106.134 - - [24/Oct/2021:11:20:43 +0800] "GET /xingrg/all/function/internal_message.html?_=1635045637035&CODE_STATE=getMsg HTTP/1.1" 200 27
222.70.171.86 - - [24/Oct/2021:11:20:43 +0800] "GET /xingrg/kc/buy/cgsh_order_operate.html?command=get_materiel&rest_code=00146&code=00101010760&supplier_code=00100012&order_time=2021-10-24 HTTP/1.1" 200 452
116.233.72.195 - - [24/Oct/2021:11:20:44 +0800] "GET /xingrg/all/function/internal_message.html?_=1635045640540&CODE_STATE=getMsg HTTP/1.1" 200 27
222.70.171.86 - - [24/Oct/2021:11:20:45 +0800] "POST /xingrg/all/common/load_select.html HTTP/1.1" 200 25
116.235.95.99 - - [24/Oct/2021:11:20:46 +0800] "GET /xingrg/all/function/internal_message.html?_=1635045747800&CODE_STATE=getMsg HTTP/1.1" 200 27
222.70.179.155 - - [24/Oct/2021:11:20:47 +0800] "GET /xingrg/all/function/internal_message.html?_=1635045641159&CODE_STATE=getMsg HTTP/1.1" 200 27
180.169.147.146 - - [24/Oct/2021:11:20:47 +0800] "GET /xingrg/kc/buy/cgsh_order_operate.html?command=get_materiel&rest_code=00147&code=00101008051&supplier_code=00100006&order_time=2021-10-24 HTTP/1.1" 200 409
116.238.248.233 - - [24/Oct/2021:11:20:48 +0800] "GET /xingrg/all/function/internal_message.html?_=1635045640774&CODE_STATE=getMsg HTTP/1.1" 200 27
58.39.139.200 - - [24/Oct/2021:11:20:50 +0800] "GET /xingrg/all/function/internal_message.html?_=1635045645698&CODE_STATE=getMsg HTTP/1.1" 200 27
222.70.171.86 - - [24/Oct/2021:11:20:50 +0800] "GET /xingrg/kc/buy/cgsh_order_operate.html?command=get_materiel_price&rest_code=00146&code=00101010760&unit_code=00100075&supplier_code=00100012&order_time=2021-10-24 HTTP/1.1" 200 27
222.70.171.86 - - [24/Oct/2021:11:20:51 +0800] "GET /xingrg/all/function/internal_message.html?_=1635045672124&CODE_STATE=getMsg HTTP/1.1" 200 27
124.78.153.86 - - [24/Oct/2021:11:20:53 +0800] "GET /xingrg/all/function/internal_message.html?_=1635045646894&CODE_STATE=getMsg HTTP/1.1" 200 27
180.162.112.229 - - [24/Oct/2021:11:20:53 +0800] "GET /xingrg/check_reg.html?_=1635045156476 HTTP/1.1" 200 22
180.162.112.229 - - [24/Oct/2021:11:20:53 +0800] "GET /xingrg/all/function/internal_message.html?_=1635045156479&CODE_STATE=getMsg HTTP/1.1" 200 27
222.70.179.155 - - [24/Oct/2021:11:20:54 +0800] "GET /xingrg/all/function/internal_message.html?_=1635045370328&CODE_STATE=getMsg HTTP/1.1" 200 27
222.70.179.155 - - [24/Oct/2021:11:20:54 +0800] "GET /xingrg/check_reg.html?_=1635045370330 HTTP/1.1" 200 22
180.169.147.146 - - [24/Oct/2021:11:20:55 +0800] "GET /xingrg/kc/buy/cgsh_order_operate.html?command=get_materiel&rest_code=00147&code=00101008190&supplier_code=00100006&order_time=2021-10-24 HTTP/1.1" 200 412
116.228.172.94 - - [24/Oct/2021:11:20:57 +0800] "GET /xingrg/all/function/internal_message.html?_=1635045621505&CODE_STATE=getMsg HTTP/1.1" 200 27
120.253.135.82 - - [24/Oct/2021:11:21:00 +0800] "POST /xingrg/kc/pszx/mdps_list_operate.html HTTP/1.1" 200 202
114.85.125.222 - - [24/Oct/2021:11:21:01 +0800] "GET /xingrg/all/function/internal_message.html?_=1635045598700&CODE_STATE=getMsg HTTP/1.1" 200 27
120.253.135.82 - - [24/Oct/2021:11:21:01 +0800] "GET /xingrg/kc/pszx/mdps_order_info.html?code=312021102300585 HTTP/1.1" 200 23925
120.253.135.82 - - [24/Oct/2021:11:21:02 +0800] "GET /xingrg/javascript/easyui/themes/default/validatebox.css HTTP/1.1" 404 1104
120.253.135.82 - - [24/Oct/2021:11:21:02 +0800] "POST /xingrg/kc/pszx/mdps_order_operate.html HTTP/1.1" 200 2275
180.169.147.146 - - [24/Oct/2021:11:21:02 +0800] "GET /xingrg/kc/buy/cgsh_order_operate.html?command=get_materiel&rest_code=00147&code=00101008355&supplier_code=00100006&order_time=2021-10-24 HTTP/1.1" 200 408
116.227.210.113 - - [24/Oct/2021:11:21:03 +0800] "GET /xingrg/all/function/internal_message.html?_=1635045651108&CODE_STATE=getMsg HTTP/1.1" 200 27
120.253.135.82 - - [24/Oct/2021:11:21:05 +0800] "POST /xingrg/kc/pszx/mdps_order_operate.html HTTP/1.1" 200 37
120.253.135.82 - - [24/Oct/2021:11:21:07 +0800] "POST /xingrg/kc/pszx/mdps_order_operate.html HTTP/1.1" 200 12
180.169.147.146 - - [24/Oct/2021:11:21:09 +0800] "GET /xingrg/kc/buy/cgsh_order_operate.html?command=get_materiel&rest_code=00147&code=00101008264&supplier_code=00100006&order_time=2021-10-24 HTTP/1.1" 200 412
222.70.171.86 - - [24/Oct/2021:11:21:15 +0800] "POST /xingrg/kc/buy/cgsh_order_operate.html HTTP/1.1" 200 37
120.253.135.82 - - [24/Oct/2021:11:21:16 +0800] "GET /xingrg/kc/pszx/mdps_order_info.html?code=312021102300585 HTTP/1.1" 200 19585
120.253.135.82 - - [24/Oct/2021:11:21:16 +0800] "POST /xingrg/kc/pszx/mdps_order_operate.html HTTP/1.1" 200 497
120.253.135.82 - - [24/Oct/2021:11:21:16 +0800] "GET /xingrg/javascript/easyui/themes/default/validatebox.css HTTP/1.1" 404 1104
180.169.147.146 - - [24/Oct/2021:11:21:17 +0800] "GET /xingrg/kc/buy/cgsh_order_operate.html?command=get_materiel&rest_code=00147&code=00101008356&supplier_code=00100006&order_time=2021-10-24 HTTP/1.1" 200 408
222.70.171.86 - - [24/Oct/2021:11:21:17 +0800] "POST /xingrg/kc/buy/cgsh_order_operate.html HTTP/1.1" 200 7446
120.253.135.82 - - [24/Oct/2021:11:21:19 +0800] "POST /xingrg/kc/pszx/mdps_list_operate.html HTTP/1.1" 200 2417
180.174.227.63 - - [24/Oct/2021:11:21:19 +0800] "GET /xingrg/all/function/internal_message.html?_=1635045674363&CODE_STATE=getMsg HTTP/1.1" 200 27
222.70.171.86 - - [24/Oct/2021:11:21:19 +0800] "GET /xingrg/kc/print/load_data.html?order_code=212021102410611&kc_code=cgsh&condition= HTTP/1.1" 200 2615
124.78.153.86 - - [24/Oct/2021:11:21:20 +0800] "GET /xingrg/all/function/internal_message.html?_=1635045674132&CODE_STATE=getMsg HTTP/1.1" 200 27
124.78.153.86 - - [24/Oct/2021:11:21:20 +0800] "GET /xingrg/check_reg.html?_=1635045674135 HTTP/1.1" 200 22
120.253.135.82 - - [24/Oct/2021:11:21:20 +0800] "POST /xingrg/kc/pszx/mdps_list_operate.html HTTP/1.1" 200 463
120.253.135.82 - - [24/Oct/2021:11:21:21 +0800] "GET /xingrg/kc/pszx/mdps_order_info.html?code=312021102100550 HTTP/1.1" 200 23931
222.69.135.237 - - [24/Oct/2021:11:21:21 +0800] "GET /xingrg/all/function/internal_message.html?_=1635045676230&CODE_STATE=getMsg HTTP/1.1" 200 27
120.253.135.82 - - [24/Oct/2021:11:21:21 +0800] "GET /xingrg/javascript/easyui/themes/default/validatebox.css HTTP/1.1" 404 1104
120.253.135.82 - - [24/Oct/2021:11:21:21 +0800] "POST /xingrg/kc/pszx/mdps_order_operate.html HTTP/1.1" 200 3812
180.169.147.146 - - [24/Oct/2021:11:21:26 +0800] "GET /xingrg/kc/buy/cgsh_order_operate.html?command=get_materiel&rest_code=00147&code=00101008251&supplier_code=00100006&order_time=2021-10-24 HTTP/1.1" 200 408
120.253.135.82 - - [24/Oct/2021:11:21:27 +0800] "POST /xingrg/kc/pszx/mdps_order_operate.html HTTP/1.1" 200 37
120.253.135.82 - - [24/Oct/2021:11:21:29 +0800] "POST /xingrg/kc/pszx/mdps_order_operate.html HTTP/1.1" 200 12
180.169.147.146 - - [24/Oct/2021:11:21:34 +0800] "GET /xingrg/kc/buy/cgsh_order_operate.html?command=get_materiel&rest_code=00147&code=00101008118&supplier_code=00100006&order_time=2021-10-24 HTTP/1.1" 200 418
120.253.135.82 - - [24/Oct/2021:11:21:34 +0800] "GET /xingrg/kc/pszx/mdps_order_info.html?code=312021102100550 HTTP/1.1" 200 19591
120.253.135.82 - - [24/Oct/2021:11:21:34 +0800] "POST /xingrg/kc/pszx/mdps_order_operate.html HTTP/1.1" 200 2025
120.253.135.82 - - [24/Oct/2021:11:21:34 +0800] "GET /xingrg/javascript/easyui/themes/default/validatebox.css HTTP/1.1" 404 1104
222.70.171.86 - - [24/Oct/2021:11:21:39 +0800] "GET /xingrg/all/function/internal_message.html?_=1635045715840&CODE_STATE=getMsg HTTP/1.1" 302 -
120.253.135.82 - - [24/Oct/2021:11:21:40 +0800] "GET /xingrg/all/function/internal_message.html?_=1635045464872&CODE_STATE=getMsg HTTP/1.1" 200 27
180.169.147.146 - - [24/Oct/2021:11:21:43 +0800] "GET /xingrg/kc/buy/cgsh_order_operate.html?command=get_materiel&rest_code=00147&code=00101015004&supplier_code=00100006&order_time=2021-10-24 HTTP/1.1" 200 409
101.85.106.134 - - [24/Oct/2021:11:21:43 +0800] "GET /xingrg/all/function/internal_message.html?_=1635045697049&CODE_STATE=getMsg HTTP/1.1" 200 27
116.233.72.195 - - [24/Oct/2021:11:21:44 +0800] "GET /xingrg/all/function/internal_message.html?_=1635045700540&CODE_STATE=getMsg HTTP/1.1" 200 27
116.235.95.99 - - [24/Oct/2021:11:21:46 +0800] "GET /xingrg/all/function/internal_message.html?_=1635045807793&CODE_STATE=getMsg HTTP/1.1" 200 27
222.70.179.155 - - [24/Oct/2021:11:21:47 +0800] "GET /xingrg/all/function/internal_message.html?_=1635045701142&CODE_STATE=getMsg HTTP/1.1" 200 27
114.85.125.222 - - [24/Oct/2021:11:21:48 +0800] "GET /xingrg/check_reg.html?_=1635045646242 HTTP/1.1" 200 22
116.238.248.233 - - [24/Oct/2021:11:21:48 +0800] "GET /xingrg/all/function/internal_message.html?_=1635045700787&CODE_STATE=getMsg HTTP/1.1" 200 27
58.39.139.200 - - [24/Oct/2021:11:21:50 +0800] "GET /xingrg/all/function/internal_message.html?_=1635045705676&CODE_STATE=getMsg HTTP/1.1" 200 27
58.37.227.186 - - [24/Oct/2021:11:21:51 +0800] "GET /xingrg/check_reg.html?_=1635045549497 HTTP/1.1" 200 22
180.169.147.146 - - [24/Oct/2021:11:21:51 +0800] "GET /xingrg/kc/buy/cgsh_order_operate.html?command=get_materiel&rest_code=00147&code=00101008069&supplier_code=00100006&order_time=2021-10-24 HTTP/1.1" 200 412
120.253.135.82 - - [24/Oct/2021:11:21:52 +0800] "POST /xingrg/kc/pszx/mdps_list_operate.html HTTP/1.1" 200 2045
222.70.171.86 - - [24/Oct/2021:11:21:52 +0800] "GET /xingrg/all/function/internal_message.html?_=1635045732401&CODE_STATE=getMsg HTTP/1.1" 200 27
124.78.153.86 - - [24/Oct/2021:11:21:52 +0800] "GET /xingrg/all/function/internal_message.html?_=1635045706876&CODE_STATE=getMsg HTTP/1.1" 200 27
180.162.112.229 - - [24/Oct/2021:11:21:53 +0800] "GET /xingrg/all/function/internal_message.html?_=1635045216479&CODE_STATE=getMsg HTTP/1.1" 200 27
120.253.135.82 - - [24/Oct/2021:11:21:54 +0800] "POST /xingrg/kc/pszx/mdps_list_operate.html HTTP/1.1" 200 609
222.70.179.155 - - [24/Oct/2021:11:21:54 +0800] "GET /xingrg/all/function/internal_message.html?_=1635045430328&CODE_STATE=getMsg HTTP/1.1" 200 27
120.253.135.82 - - [24/Oct/2021:11:21:55 +0800] "GET /xingrg/kc/pszx/mdps_order_info.html?code=312021102300582 HTTP/1.1" 200 23925
120.253.135.82 - - [24/Oct/2021:11:21:55 +0800] "GET /xingrg/javascript/easyui/themes/default/validatebox.css HTTP/1.1" 404 1104
120.253.135.82 - - [24/Oct/2021:11:21:55 +0800] "POST /xingrg/kc/pszx/mdps_order_operate.html HTTP/1.1" 200 8824
116.228.172.94 - - [24/Oct/2021:11:21:57 +0800] "GET /xingrg/all/function/internal_message.html?_=1635045681509&CODE_STATE=getMsg HTTP/1.1" 200 27
180.169.147.146 - - [24/Oct/2021:11:21:58 +0800] "GET /xingrg/kc/buy/cgsh_order_operate.html?command=get_materiel&rest_code=00147&code=00101008036&supplier_code=00100006&order_time=2021-10-24 HTTP/1.1" 200 430
114.85.125.222 - - [24/Oct/2021:11:22:01 +0800] "GET /xingrg/all/function/internal_message.html?_=1635045658707&CODE_STATE=getMsg HTTP/1.1" 200 27
120.253.135.82 - - [24/Oct/2021:11:22:01 +0800] "POST /xingrg/kc/pszx/mdps_order_operate.html HTTP/1.1" 200 37
116.227.210.113 - - [24/Oct/2021:11:22:03 +0800] "GET /xingrg/all/function/internal_message.html?_=1635045711081&CODE_STATE=getMsg HTTP/1.1" 200 27
120.253.135.82 - - [24/Oct/2021:11:22:03 +0800] "POST /xingrg/kc/pszx/mdps_order_operate.html HTTP/1.1" 200 12
116.227.210.113 - - [24/Oct/2021:11:22:04 +0800] "GET /xingrg/check_reg.html?_=1635045712182 HTTP/1.1" 200 22
120.253.135.82 - - [24/Oct/2021:11:22:05 +0800] "GET /xingrg/kc/pszx/mdps_order_info.html?code=312021102300582 HTTP/1.1" 200 19585
120.253.135.82 - - [24/Oct/2021:11:22:05 +0800] "POST /xingrg/kc/pszx/mdps_order_operate.html HTTP/1.1" 200 6958
120.253.135.82 - - [24/Oct/2021:11:22:05 +0800] "GET /xingrg/javascript/easyui/themes/default/validatebox.css HTTP/1.1" 404 1104
120.253.135.82 - - [24/Oct/2021:11:22:08 +0800] "POST /xingrg/kc/pszx/mdps_list_operate.html HTTP/1.1" 200 1681
180.169.147.146 - - [24/Oct/2021:11:22:08 +0800] "GET /xingrg/kc/buy/cgsh_order_operate.html?command=get_materiel&rest_code=00147&code=00101008286&supplier_code=00100006&order_time=2021-10-24 HTTP/1.1" 200 408
120.253.135.82 - - [24/Oct/2021:11:22:09 +0800] "POST /xingrg/kc/pszx/mdps_list_operate.html HTTP/1.1" 200 211
180.174.227.63 - - [24/Oct/2021:11:22:18 +0800] "GET /xingrg/check_reg.html?_=1635045733192 HTTP/1.1" 200 22
180.169.147.146 - - [24/Oct/2021:11:22:18 +0800] "GET /xingrg/kc/buy/cgsh_order_operate.html?command=get_materiel&rest_code=00147&code=00101008131&supplier_code=00100006&order_time=2021-10-24 HTTP/1.1" 200 408
180.174.227.63 - - [24/Oct/2021:11:22:19 +0800] "GET /xingrg/all/function/internal_message.html?_=1635045734377&CODE_STATE=getMsg HTTP/1.1" 200 27
124.78.153.86 - - [24/Oct/2021:11:22:20 +0800] "GET /xingrg/all/function/internal_message.html?_=1635045734134&CODE_STATE=getMsg HTTP/1.1" 200 27
222.69.135.237 - - [24/Oct/2021:11:22:21 +0800] "GET /xingrg/all/function/internal_message.html?_=1635045736245&CODE_STATE=getMsg HTTP/1.1" 200 27
180.169.147.146 - - [24/Oct/2021:11:22:29 +0800] "GET /xingrg/kc/buy/cgsh_order_operate.html?command=get_materiel&rest_code=00147&code=00101008233&supplier_code=00100006&order_time=2021-10-24 HTTP/1.1" 200 408
180.169.147.146 - - [24/Oct/2021:11:22:35 +0800] "GET /xingrg/kc/buy/cgsh_order_operate.html?command=get_materiel&rest_code=00147&code=00101008296&supplier_code=00100006&order_time=2021-10-24 HTTP/1.1" 200 416
222.70.171.86 - - [24/Oct/2021:11:22:39 +0800] "GET /xingrg/all/function/internal_message.html?_=1635045775857&CODE_STATE=getMsg HTTP/1.1" 302 -
120.253.135.82 - - [24/Oct/2021:11:22:40 +0800] "GET /xingrg/all/function/internal_message.html?_=1635045524885&CODE_STATE=getMsg HTTP/1.1" 200 27
120.253.135.82 - - [24/Oct/2021:11:22:42 +0800] "POST /xingrg/kc/pszx/mdps_list_operate.html HTTP/1.1" 200 3183
101.85.106.134 - - [24/Oct/2021:11:22:43 +0800] "GET /xingrg/check_reg.html?_=1635045757034 HTTP/1.1" 200 22
101.85.106.134 - - [24/Oct/2021:11:22:43 +0800] "GET /xingrg/all/function/internal_message.html?_=1635045757035&CODE_STATE=getMsg HTTP/1.1" 200 27
116.233.72.195 - - [24/Oct/2021:11:22:44 +0800] "GET /xingrg/all/function/internal_message.html?_=1635045760543&CODE_STATE=getMsg HTTP/1.1" 200 27
180.169.147.146 - - [24/Oct/2021:11:22:45 +0800] "GET /xingrg/kc/buy/cgsh_order_operate.html?command=get_materiel&rest_code=00147&code=00101008352&supplier_code=00100006&order_time=2021-10-24 HTTP/1.1" 200 412
116.235.95.99 - - [24/Oct/2021:11:22:46 +0800] "GET /xingrg/all/function/internal_message.html?_=1635045867801&CODE_STATE=getMsg HTTP/1.1" 200 27
222.70.179.155 - - [24/Oct/2021:11:22:47 +0800] "GET /xingrg/all/function/internal_message.html?_=1635045761125&CODE_STATE=getMsg HTTP/1.1" 200 27
120.253.135.82 - - [24/Oct/2021:11:22:48 +0800] "POST /xingrg/kc/pszx/mdps_list_operate.html HTTP/1.1" 200 582
116.238.248.233 - - [24/Oct/2021:11:22:48 +0800] "GET /xingrg/all/function/internal_message.html?_=1635045760787&CODE_STATE=getMsg HTTP/1.1" 200 27
120.253.135.82 - - [24/Oct/2021:11:22:48 +0800] "GET /xingrg/kc/pszx/mdps_order_info.html?code=312021102300592 HTTP/1.1" 200 23931
180.169.147.146 - - [24/Oct/2021:11:22:49 +0800] "POST /xingrg/kc/buy/cgsh_order_operate.html HTTP/1.1" 200 2065
120.253.135.82 - - [24/Oct/2021:11:22:49 +0800] "GET /xingrg/javascript/easyui/themes/default/validatebox.css HTTP/1.1" 404 1104
120.253.135.82 - - [24/Oct/2021:11:22:49 +0800] "POST /xingrg/kc/pszx/mdps_order_operate.html HTTP/1.1" 200 12940
58.39.139.200 - - [24/Oct/2021:11:22:49 +0800] "GET /xingrg/all/function/internal_message.html?_=1635045765644&CODE_STATE=getMsg HTTP/1.1" 200 27
222.70.171.86 - - [24/Oct/2021:11:22:52 +0800] "GET /xingrg/all/function/internal_message.html?_=1635045792401&CODE_STATE=getMsg HTTP/1.1" 200 27
61.151.178.249 - - [24/Oct/2021:11:22:52 +0800] "GET /xingrg/all/function/internal_message.html?_=1635045706876&CODE_STATE=getMsg HTTP/1.1" 302 -
124.78.153.86 - - [24/Oct/2021:11:22:52 +0800] "GET /xingrg/all/function/internal_message.html?_=1635045766851&CODE_STATE=getMsg HTTP/1.1" 200 27
61.151.178.249 - - [24/Oct/2021:11:22:53 +0800] "GET /xingrg/login.html HTTP/1.1" 200 7641
180.162.112.229 - - [24/Oct/2021:11:22:53 +0800] "GET /xingrg/all/function/internal_message.html?_=1635045276478&CODE_STATE=getMsg HTTP/1.1" 200 27
222.70.179.155 - - [24/Oct/2021:11:22:54 +0800] "GET /xingrg/all/function/internal_message.html?_=1635045490328&CODE_STATE=getMsg HTTP/1.1" 200 27
120.253.135.82 - - [24/Oct/2021:11:22:55 +0800] "POST /xingrg/kc/pszx/mdps_order_operate.html HTTP/1.1" 200 37
180.169.147.146 - - [24/Oct/2021:11:22:55 +0800] "GET /xingrg/kc/buy/cgsh_order_operate.html?command=get_materiel&rest_code=00147&code=00101008005&supplier_code=00100006&order_time=2021-10-24 HTTP/1.1" 200 432
116.235.95.99 - - [24/Oct/2021:11:22:56 +0800] "GET /xingrg/kc/buy/cgsh_order_list.html HTTP/1.1" 200 48947
120.253.135.82 - - [24/Oct/2021:11:22:57 +0800] "POST /xingrg/kc/pszx/mdps_order_operate.html HTTP/1.1" 200 12
116.228.172.94 - - [24/Oct/2021:11:22:57 +0800] "GET /xingrg/check_reg.html?_=1635045741511 HTTP/1.1" 200 22
116.228.172.94 - - [24/Oct/2021:11:22:57 +0800] "GET /xingrg/all/function/internal_message.html?_=1635045741514&CODE_STATE=getMsg HTTP/1.1" 200 27
120.253.135.82 - - [24/Oct/2021:11:22:58 +0800] "GET /xingrg/kc/pszx/mdps_order_info.html?code=312021102300592 HTTP/1.1" 200 19591
120.253.135.82 - - [24/Oct/2021:11:22:59 +0800] "POST /xingrg/kc/pszx/mdps_order_operate.html HTTP/1.1" 200 11076
120.253.135.82 - - [24/Oct/2021:11:22:59 +0800] "GET /xingrg/javascript/easyui/themes/default/validatebox.css HTTP/1.1" 404 1104
116.235.95.99 - - [24/Oct/2021:11:22:59 +0800] "POST /xingrg/kc/buy/cgsh_list_operate.html HTTP/1.1" 200 2021
114.85.125.222 - - [24/Oct/2021:11:23:01 +0800] "GET /xingrg/all/function/internal_message.html?_=1635045718720&CODE_STATE=getMsg HTTP/1.1" 200 27
116.235.95.99 - - [24/Oct/2021:11:23:01 +0800] "GET /xingrg/javascript/jquery_tools/images/prev.gif HTTP/1.1" 404 1086
116.235.95.99 - - [24/Oct/2021:11:23:01 +0800] "GET /xingrg/javascript/jquery_tools/images/next.gif HTTP/1.1" 404 1086
120.253.135.82 - - [24/Oct/2021:11:23:02 +0800] "POST /xingrg/kc/pszx/mdps_list_operate.html HTTP/1.1" 200 2810
116.227.210.113 - - [24/Oct/2021:11:23:03 +0800] "GET /xingrg/all/function/internal_message.html?_=1635045771069&CODE_STATE=getMsg HTTP/1.1" 200 27
180.169.147.146 - - [24/Oct/2021:11:23:04 +0800] "GET /xingrg/kc/buy/cgsh_order_operate.html?command=get_materiel&rest_code=00147&code=00101008353&supplier_code=00100006&order_time=2021-10-24 HTTP/1.1" 200 408
58.39.139.200 - - [24/Oct/2021:11:23:09 +0800] "GET /xingrg/check_reg.html?_=1635045785115 HTTP/1.1" 200 22
180.169.147.146 - - [24/Oct/2021:11:23:12 +0800] "GET /xingrg/kc/buy/cgsh_order_operate.html?command=get_materiel&rest_code=00147&code=00101008185&supplier_code=00100006&order_time=2021-10-24 HTTP/1.1" 200 408
180.174.227.63 - - [24/Oct/2021:11:23:19 +0800] "GET /xingrg/all/function/internal_message.html?_=1635045794392&CODE_STATE=getMsg HTTP/1.1" 200 27
124.78.153.86 - - [24/Oct/2021:11:23:20 +0800] "GET /xingrg/all/function/internal_message.html?_=1635045794160&CODE_STATE=getMsg HTTP/1.1" 200 27
120.253.135.82 - - [24/Oct/2021:11:23:20 +0800] "POST /xingrg/kc/pszx/mdps_list_operate.html HTTP/1.1" 200 296
120.253.135.82 - - [24/Oct/2021:11:23:21 +0800] "GET /xingrg/kc/pszx/mdps_order_info.html?code=312021102100548 HTTP/1.1" 200 23931
222.69.135.237 - - [24/Oct/2021:11:23:21 +0800] "GET /xingrg/all/function/internal_message.html?_=1635045796243&CODE_STATE=getMsg HTTP/1.1" 200 27
120.253.135.82 - - [24/Oct/2021:11:23:21 +0800] "GET /xingrg/javascript/easyui/themes/default/validatebox.css HTTP/1.1" 404 1104
120.253.135.82 - - [24/Oct/2021:11:23:21 +0800] "POST /xingrg/kc/pszx/mdps_order_operate.html HTTP/1.1" 200 2792
180.169.147.146 - - [24/Oct/2021:11:23:24 +0800] "GET /xingrg/kc/buy/cgsh_order_operate.html?command=get_materiel&rest_code=00147&code=00101013179&supplier_code=00100006&order_time=2021-10-24 HTTP/1.1" 200 412
120.253.135.82 - - [24/Oct/2021:11:23:25 +0800] "POST /xingrg/kc/pszx/mdps_order_operate.html HTTP/1.1" 200 37
120.253.135.82 - - [24/Oct/2021:11:23:26 +0800] "POST /xingrg/kc/pszx/mdps_order_operate.html HTTP/1.1" 200 12
120.253.135.82 - - [24/Oct/2021:11:23:36 +0800] "GET /xingrg/kc/pszx/mdps_order_info.html?code=312021102100548 HTTP/1.1" 200 19591
120.253.135.82 - - [24/Oct/2021:11:23:37 +0800] "POST /xingrg/kc/pszx/mdps_order_operate.html HTTP/1.1" 200 1010
120.253.135.82 - - [24/Oct/2021:11:23:37 +0800] "GET /xingrg/javascript/easyui/themes/default/validatebox.css HTTP/1.1" 404 1104
120.253.135.82 - - [24/Oct/2021:11:23:37 +0800] "GET /xingrg/check_reg.html?_=1635045581974 HTTP/1.1" 200 22
180.169.147.146 - - [24/Oct/2021:11:23:37 +0800] "GET /xingrg/kc/buy/cgsh_order_operate.html?command=get_materiel&rest_code=00147&code=00101008541&supplier_code=00100006&order_time=2021-10-24 HTTP/1.1" 200 395
222.70.171.86 - - [24/Oct/2021:11:23:39 +0800] "GET /xingrg/all/function/internal_message.html?_=1635045835867&CODE_STATE=getMsg HTTP/1.1" 302 -
180.169.147.146 - - [24/Oct/2021:11:23:39 +0800] "POST /xingrg/kc/buy/cgsh_order_operate.html HTTP/1.1" 200 2065
120.253.135.82 - - [24/Oct/2021:11:23:39 +0800] "POST /xingrg/kc/pszx/mdps_list_operate.html HTTP/1.1" 200 2437
120.253.135.82 - - [24/Oct/2021:11:23:40 +0800] "GET /xingrg/all/function/internal_message.html?_=1635045584899&CODE_STATE=getMsg HTTP/1.1" 200 27
120.253.135.82 - - [24/Oct/2021:11:23:42 +0800] "POST /xingrg/kc/pszx/mdps_list_operate.html HTTP/1.1" 200 587
101.85.106.134 - - [24/Oct/2021:11:23:43 +0800] "GET /xingrg/all/function/internal_message.html?_=1635045817034&CODE_STATE=getMsg HTTP/1.1" 200 27
120.253.135.82 - - [24/Oct/2021:11:23:43 +0800] "GET /xingrg/kc/pszx/mdps_order_info.html?code=312021102300591 HTTP/1.1" 200 23931
120.253.135.82 - - [24/Oct/2021:11:23:44 +0800] "GET /xingrg/javascript/easyui/themes/default/validatebox.css HTTP/1.1" 404 1104
120.253.135.82 - - [24/Oct/2021:11:23:44 +0800] "POST /xingrg/kc/pszx/mdps_order_operate.html HTTP/1.1" 200 4739
116.233.72.195 - - [24/Oct/2021:11:23:44 +0800] "GET /xingrg/all/function/internal_message.html?_=1635045820541&CODE_STATE=getMsg HTTP/1.1" 200 27
116.233.72.195 - - [24/Oct/2021:11:23:44 +0800] "GET /xingrg/check_reg.html?_=1635045820542 HTTP/1.1" 200 22
180.169.147.146 - - [24/Oct/2021:11:23:44 +0800] "GET /xingrg/kc/buy/cgsh_order_operate.html?command=get_materiel&rest_code=00147&code=00101008300&supplier_code=00100006&order_time=2021-10-24 HTTP/1.1" 200 412
116.235.95.99 - - [24/Oct/2021:11:23:46 +0800] "GET /xingrg/check_reg.html?_=1635045927805 HTTP/1.1" 200 22
116.235.95.99 - - [24/Oct/2021:11:23:46 +0800] "GET /xingrg/all/function/internal_message.html?_=1635045927806&CODE_STATE=getMsg HTTP/1.1" 200 27
222.70.179.155 - - [24/Oct/2021:11:23:47 +0800] "GET /xingrg/all/function/internal_message.html?_=1635045821108&CODE_STATE=getMsg HTTP/1.1" 200 27
120.253.135.82 - - [24/Oct/2021:11:23:47 +0800] "POST /xingrg/kc/pszx/mdps_order_operate.html HTTP/1.1" 200 37
116.238.248.233 - - [24/Oct/2021:11:23:48 +0800] "GET /xingrg/all/function/internal_message.html?_=1635045820790&CODE_STATE=getMsg HTTP/1.1" 200 27
120.253.135.82 - - [24/Oct/2021:11:23:49 +0800] "POST /xingrg/kc/pszx/mdps_order_operate.html HTTP/1.1" 200 12
120.253.135.82 - - [24/Oct/2021:11:23:49 +0800] "GET /xingrg/kc/pszx/mdps_order_info.html?code=312021102300591 HTTP/1.1" 200 19591
58.39.139.200 - - [24/Oct/2021:11:23:49 +0800] "GET /xingrg/all/function/internal_message.html?_=1635045825613&CODE_STATE=getMsg HTTP/1.1" 200 27
120.253.135.82 - - [24/Oct/2021:11:23:50 +0800] "POST /xingrg/kc/pszx/mdps_order_operate.html HTTP/1.1" 200 2934
120.253.135.82 - - [24/Oct/2021:11:23:50 +0800] "GET /xingrg/javascript/easyui/themes/default/validatebox.css HTTP/1.1" 404 1104
222.70.171.86 - - [24/Oct/2021:11:23:52 +0800] "GET /xingrg/all/function/internal_message.html?_=1635045852716&CODE_STATE=getMsg HTTP/1.1" 200 27
101.91.60.88 - - [24/Oct/2021:11:23:52 +0800] "GET /xingrg/all/function/internal_message.html?_=1635045766851&CODE_STATE=getMsg HTTP/1.1" 302 -
101.91.60.88 - - [24/Oct/2021:11:23:52 +0800] "GET /xingrg/login.html HTTP/1.1" 200 7641
124.78.153.86 - - [24/Oct/2021:11:23:52 +0800] "GET /xingrg/all/function/internal_message.html?_=1635045826831&CODE_STATE=getMsg HTTP/1.1" 200 27
180.169.147.146 - - [24/Oct/2021:11:23:53 +0800] "GET /xingrg/kc/buy/cgsh_order_operate.html?command=get_materiel&rest_code=00147&code=00101008219&supplier_code=00100006&order_time=2021-10-24 HTTP/1.1" 200 412
180.162.112.229 - - [24/Oct/2021:11:23:53 +0800] "GET /xingrg/all/function/internal_message.html?_=1635045336478&CODE_STATE=getMsg HTTP/1.1" 200 27
222.70.179.155 - - [24/Oct/2021:11:23:54 +0800] "GET /xingrg/all/function/internal_message.html?_=1635045550328&CODE_STATE=getMsg HTTP/1.1" 200 27
120.253.135.82 - - [24/Oct/2021:11:23:55 +0800] "POST /xingrg/kc/pszx/mdps_list_operate.html HTTP/1.1" 200 2066
120.253.135.82 - - [24/Oct/2021:11:23:57 +0800] "POST /xingrg/kc/pszx/mdps_list_operate.html HTTP/1.1" 200 387
116.228.172.94 - - [24/Oct/2021:11:23:57 +0800] "GET /xingrg/all/function/internal_message.html?_=1635045801515&CODE_STATE=getMsg HTTP/1.1" 200 27
120.253.135.82 - - [24/Oct/2021:11:23:58 +0800] "POST /xingrg/kc/pszx/mdps_list_operate.html HTTP/1.1" 200 372
114.85.125.222 - - [24/Oct/2021:11:24:01 +0800] "GET /xingrg/all/function/internal_message.html?_=1635045778743&CODE_STATE=getMsg HTTP/1.1" 200 27
180.169.147.146 - - [24/Oct/2021:11:24:02 +0800] "GET /xingrg/kc/buy/cgsh_order_operate.html?command=get_materiel&rest_code=00147&code=00101008176&supplier_code=00100006&order_time=2021-10-24 HTTP/1.1" 200 412
116.227.210.113 - - [24/Oct/2021:11:24:03 +0800] "GET /xingrg/all/function/internal_message.html?_=1635045831057&CODE_STATE=getMsg HTTP/1.1" 200 27
222.70.171.86 - - [24/Oct/2021:11:24:03 +0800] "POST /xingrg/services/DataTransmitService HTTP/1.1" 200 524
120.253.135.82 - - [24/Oct/2021:11:24:08 +0800] "GET /xingrg/kc/pszx/mdps_order_info.html?code=312021102300593 HTTP/1.1" 200 23931
120.253.135.82 - - [24/Oct/2021:11:24:09 +0800] "GET /xingrg/javascript/easyui/themes/default/validatebox.css HTTP/1.1" 404 1104
120.253.135.82 - - [24/Oct/2021:11:24:09 +0800] "POST /xingrg/kc/pszx/mdps_order_operate.html HTTP/1.1" 200 3326
120.253.135.82 - - [24/Oct/2021:11:24:13 +0800] "POST /xingrg/kc/pszx/mdps_order_operate.html HTTP/1.1" 200 37
180.169.147.146 - - [24/Oct/2021:11:24:14 +0800] "GET /xingrg/kc/buy/cgsh_order_operate.html?command=get_materiel&rest_code=00147&code=00101008337&supplier_code=00100006&order_time=2021-10-24 HTTP/1.1" 200 408
120.253.135.82 - - [24/Oct/2021:11:24:14 +0800] "POST /xingrg/kc/pszx/mdps_order_operate.html HTTP/1.1" 200 12
120.253.135.82 - - [24/Oct/2021:11:24:16 +0800] "GET /xingrg/kc/pszx/mdps_order_info.html?code=312021102300593 HTTP/1.1" 200 19591
120.253.135.82 - - [24/Oct/2021:11:24:16 +0800] "POST /xingrg/kc/pszx/mdps_order_operate.html HTTP/1.1" 200 1541
120.253.135.82 - - [24/Oct/2021:11:24:16 +0800] "GET /xingrg/javascript/easyui/themes/default/validatebox.css HTTP/1.1" 404 1104
120.253.135.82 - - [24/Oct/2021:11:24:18 +0800] "POST /xingrg/kc/pszx/mdps_list_operate.html HTTP/1.1" 200 1694
180.174.227.63 - - [24/Oct/2021:11:24:19 +0800] "GET /xingrg/all/function/internal_message.html?_=1635045854405&CODE_STATE=getMsg HTTP/1.1" 200 27
124.78.153.86 - - [24/Oct/2021:11:24:20 +0800] "GET /xingrg/all/function/internal_message.html?_=1635045854162&CODE_STATE=getMsg HTTP/1.1" 200 27
120.253.135.82 - - [24/Oct/2021:11:24:21 +0800] "POST /xingrg/kc/pszx/mdps_list_operate.html HTTP/1.1" 200 1694
222.69.135.237 - - [24/Oct/2021:11:24:21 +0800] "GET /xingrg/check_reg.html?_=1635045856254 HTTP/1.1" 200 22
222.69.135.237 - - [24/Oct/2021:11:24:21 +0800] "GET /xingrg/all/function/internal_message.html?_=1635045856255&CODE_STATE=getMsg HTTP/1.1" 200 27
180.169.147.146 - - [24/Oct/2021:11:24:22 +0800] "GET /xingrg/kc/buy/cgsh_order_operate.html?command=get_materiel&rest_code=00147&code=00101008370&supplier_code=00100006&order_time=2021-10-24 HTTP/1.1" 200 412
120.253.135.82 - - [24/Oct/2021:11:24:23 +0800] "GET /xingrg/kc/pszx/mdps_order_list.html?orderType=0 HTTP/1.1" 200 21089
120.253.135.82 - - [24/Oct/2021:11:24:24 +0800] "POST /xingrg/kc/pszx/mdps_list_operate.html HTTP/1.1" 200 4629
180.169.147.146 - - [24/Oct/2021:11:24:25 +0800] "POST /xingrg/kc/buy/cgsh_order_operate.html HTTP/1.1" 200 2065
222.70.171.86 - - [24/Oct/2021:11:24:37 +0800] "GET /xingrg/check_reg.html?_=1635045893576 HTTP/1.1" 302 -
222.70.171.86 - - [24/Oct/2021:11:24:39 +0800] "GET /xingrg/all/function/internal_message.html?_=1635045895880&CODE_STATE=getMsg HTTP/1.1" 302 -
120.253.135.82 - - [24/Oct/2021:11:24:40 +0800] "GET /xingrg/all/function/internal_message.html?_=1635045644958&CODE_STATE=getMsg HTTP/1.1" 200 27
101.85.106.134 - - [24/Oct/2021:11:24:43 +0800] "GET /xingrg/all/function/internal_message.html?_=1635045877049&CODE_STATE=getMsg HTTP/1.1" 200 27
116.233.72.195 - - [24/Oct/2021:11:24:44 +0800] "GET /xingrg/all/function/internal_message.html?_=1635045880552&CODE_STATE=getMsg HTTP/1.1" 200 27
116.235.95.99 - - [24/Oct/2021:11:24:46 +0800] "GET /xingrg/all/function/internal_message.html?_=1635045987806&CODE_STATE=getMsg HTTP/1.1" 200 27
222.70.179.155 - - [24/Oct/2021:11:24:47 +0800] "GET /xingrg/all/function/internal_message.html?_=1635045881094&CODE_STATE=getMsg HTTP/1.1" 200 27
222.70.179.155 - - [24/Oct/2021:11:24:47 +0800] "GET /xingrg/check_reg.html?_=1635045881705 HTTP/1.1" 200 22
116.238.248.233 - - [24/Oct/2021:11:24:48 +0800] "GET /xingrg/check_reg.html?_=1635045880792 HTTP/1.1" 200 22
116.238.248.233 - - [24/Oct/2021:11:24:48 +0800] "GET /xingrg/all/function/internal_message.html?_=1635045880796&CODE_STATE=getMsg HTTP/1.1" 200 27
58.39.139.200 - - [24/Oct/2021:11:24:49 +0800] "GET /xingrg/all/function/internal_message.html?_=1635045885581&CODE_STATE=getMsg HTTP/1.1" 200 27
180.169.147.146 - - [24/Oct/2021:11:24:51 +0800] "GET /xingrg/kc/buy/cgsh_order_operate.html?command=get_materiel&rest_code=00147&code=00101008087&supplier_code=00100006&order_time=2021-10-24 HTTP/1.1" 200 412
222.70.171.86 - - [24/Oct/2021:11:24:52 +0800] "GET /xingrg/all/function/internal_message.html?_=1635045912725&CODE_STATE=getMsg HTTP/1.1" 200 27
124.78.153.86 - - [24/Oct/2021:11:24:52 +0800] "GET /xingrg/all/function/internal_message.html?_=1635045886839&CODE_STATE=getMsg HTTP/1.1" 200 27
180.162.112.229 - - [24/Oct/2021:11:24:53 +0800] "GET /xingrg/all/function/internal_message.html?_=1635045396477&CODE_STATE=getMsg HTTP/1.1" 200 27
222.70.179.155 - - [24/Oct/2021:11:24:54 +0800] "GET /xingrg/all/function/internal_message.html?_=1635045610314&CODE_STATE=getMsg HTTP/1.1" 200 27
116.228.172.94 - - [24/Oct/2021:11:24:57 +0800] "GET /xingrg/all/function/internal_message.html?_=1635045861514&CODE_STATE=getMsg HTTP/1.1" 200 27
114.85.125.222 - - [24/Oct/2021:11:25:01 +0800] "GET /xingrg/all/function/internal_message.html?_=1635045838747&CODE_STATE=getMsg HTTP/1.1" 200 27
116.227.210.113 - - [24/Oct/2021:11:25:03 +0800] "GET /xingrg/all/function/internal_message.html?_=1635045891052&CODE_STATE=getMsg HTTP/1.1" 200 27
180.169.147.146 - - [24/Oct/2021:11:25:03 +0800] "GET /xingrg/kc/buy/cgsh_order_operate.html?command=get_materiel&rest_code=00147&code=00101008372&supplier_code=00100006&order_time=2021-10-24 HTTP/1.1" 200 408
180.169.147.146 - - [24/Oct/2021:11:25:12 +0800] "GET /xingrg/kc/buy/cgsh_order_operate.html?command=get_materiel&rest_code=00147&code=00101008321&supplier_code=00100006&order_time=2021-10-24 HTTP/1.1" 200 412
180.174.227.63 - - [24/Oct/2021:11:25:19 +0800] "GET /xingrg/all/function/internal_message.html?_=1635045914436&CODE_STATE=getMsg HTTP/1.1" 200 27
124.78.153.86 - - [24/Oct/2021:11:25:20 +0800] "GET /xingrg/all/function/internal_message.html?_=1635045914161&CODE_STATE=getMsg HTTP/1.1" 200 27
222.69.135.237 - - [24/Oct/2021:11:25:21 +0800] "GET /xingrg/all/function/internal_message.html?_=1635045916253&CODE_STATE=getMsg HTTP/1.1" 200 27
180.169.147.146 - - [24/Oct/2021:11:25:25 +0800] "GET /xingrg/kc/buy/cgsh_order_operate.html?command=get_materiel&rest_code=00147&code=00101008137&supplier_code=00100006&order_time=2021-10-24 HTTP/1.1" 200 408
116.238.248.233 - - [24/Oct/2021:11:25:26 +0800] "GET /xingrg/kc/base/yddb_order_list.html HTTP/1.1" 200 16836
116.238.248.233 - - [24/Oct/2021:11:25:26 +0800] "POST /xingrg/kc/base/yddb_list_operate.html HTTP/1.1" 200 636
116.235.95.99 - - [24/Oct/2021:11:25:26 +0800] "GET /xingrg/javascript/easyui/themes/default/tree.css HTTP/1.1" 404 1090
116.235.95.99 - - [24/Oct/2021:11:25:27 +0800] "POST /xingrg/all/common/load_tree.html?tree=supplier_tree_json&manage=1 HTTP/1.1" 200 61255
116.238.248.233 - - [24/Oct/2021:11:25:27 +0800] "GET /xingrg/kc/base/yddb_order_add.html HTTP/1.1" 200 29837
116.238.248.233 - - [24/Oct/2021:11:25:27 +0800] "GET /xingrg/dwr/interface/AjaxComOrderService.js HTTP/1.1" 200 18264
116.238.248.233 - - [24/Oct/2021:11:25:27 +0800] "GET /xingrg/dwr/interface/AjaxYddbService.js HTTP/1.1" 200 13201
116.238.248.233 - - [24/Oct/2021:11:25:27 +0800] "GET /xingrg/dwr/engine.js HTTP/1.1" 200 43631
116.238.248.233 - - [24/Oct/2021:11:25:30 +0800] "POST /xingrg/dwr/call/plaincall/AjaxYddbService.getRestBases.dwr HTTP/1.1" 200 1514
180.169.147.146 - - [24/Oct/2021:11:25:32 +0800] "GET /xingrg/check_reg.html?_=1635045922470 HTTP/1.1" 200 22
180.169.147.146 - - [24/Oct/2021:11:25:33 +0800] "GET /xingrg/kc/buy/cgsh_order_operate.html?command=get_materiel&rest_code=00147&code=00101009030&supplier_code=00100006&order_time=2021-10-24 HTTP/1.1" 200 413
180.169.147.146 - - [24/Oct/2021:11:25:35 +0800] "POST /xingrg/kc/buy/cgsh_order_operate.html HTTP/1.1" 200 2065
116.238.248.233 - - [24/Oct/2021:11:25:37 +0800] "POST /xingrg/dwr/call/plaincall/AjaxYddbService.saveOrder.dwr HTTP/1.1" 200 78
116.235.95.99 - - [24/Oct/2021:11:25:37 +0800] "POST /xingrg/kc/buy/cgsh_list_operate.html HTTP/1.1" 200 5234
124.78.153.86 - - [24/Oct/2021:11:25:39 +0800] "GET /xingrg/check_reg.html?_=1635045932939 HTTP/1.1" 200 22
222.70.171.86 - - [24/Oct/2021:11:25:39 +0800] "GET /xingrg/check_reg.html?_=1635045959532 HTTP/1.1" 200 22
222.70.171.86 - - [24/Oct/2021:11:25:39 +0800] "GET /xingrg/all/function/internal_message.html?_=1635045955896&CODE_STATE=getMsg HTTP/1.1" 302 -
120.253.135.82 - - [24/Oct/2021:11:25:40 +0800] "GET /xingrg/all/function/internal_message.html?_=1635045704973&CODE_STATE=getMsg HTTP/1.1" 200 27
180.169.147.146 - - [24/Oct/2021:11:25:41 +0800] "GET /xingrg/kc/buy/cgsh_order_operate.html?command=get_materiel&rest_code=00147&code=00101008041&supplier_code=00100006&order_time=2021-10-24 HTTP/1.1" 200 408
101.85.106.134 - - [24/Oct/2021:11:25:43 +0800] "GET /xingrg/all/function/internal_message.html?_=1635045937049&CODE_STATE=getMsg HTTP/1.1" 200 27
116.235.95.99 - - [24/Oct/2021:11:25:44 +0800] "POST /xingrg/kc/buy/cgsh_list_operate.html HTTP/1.1" 200 280
116.233.72.195 - - [24/Oct/2021:11:25:44 +0800] "GET /xingrg/all/function/internal_message.html?_=1635045940550&CODE_STATE=getMsg HTTP/1.1" 200 27
116.235.95.99 - - [24/Oct/2021:11:25:46 +0800] "POST /xingrg/kc/buy/cgsh_list_operate.html HTTP/1.1" 200 200
116.235.95.99 - - [24/Oct/2021:11:25:46 +0800] "GET /xingrg/all/function/internal_message.html?_=1635046047792&CODE_STATE=getMsg HTTP/1.1" 200 27
222.70.179.155 - - [24/Oct/2021:11:25:46 +0800] "GET /xingrg/all/function/internal_message.html?_=1635045941066&CODE_STATE=getMsg HTTP/1.1" 200 27
116.238.248.233 - - [24/Oct/2021:11:25:48 +0800] "GET /xingrg/all/function/internal_message.html?_=1635045940818&CODE_STATE=getMsg HTTP/1.1" 200 27
116.235.95.99 - - [24/Oct/2021:11:25:49 +0800] "POST /xingrg/kc/buy/cgsh_list_operate.html HTTP/1.1" 200 584
116.238.248.233 - - [24/Oct/2021:11:25:49 +0800] "POST /xingrg/dwr/call/plaincall/AjaxComOrderService.getMaterielSearchList.dwr HTTP/1.1" 200 728
58.39.139.200 - - [24/Oct/2021:11:25:49 +0800] "GET /xingrg/all/function/internal_message.html?_=1635045945561&CODE_STATE=getMsg HTTP/1.1" 200 27
222.70.171.86 - - [24/Oct/2021:11:25:52 +0800] "GET /xingrg/all/function/internal_message.html?_=1635045972739&CODE_STATE=getMsg HTTP/1.1" 200 27
101.89.239.245 - - [24/Oct/2021:11:25:52 +0800] "GET /xingrg/all/function/internal_message.html?_=1635045886839&CODE_STATE=getMsg HTTP/1.1" 302 -
124.78.153.86 - - [24/Oct/2021:11:25:52 +0800] "GET /xingrg/all/function/internal_message.html?_=1635045946814&CODE_STATE=getMsg HTTP/1.1" 200 27
101.89.239.245 - - [24/Oct/2021:11:25:52 +0800] "GET /xingrg/login.html HTTP/1.1" 200 7641
180.162.112.229 - - [24/Oct/2021:11:25:53 +0800] "GET /xingrg/check_reg.html?_=1635045456478 HTTP/1.1" 200 22
180.162.112.229 - - [24/Oct/2021:11:25:53 +0800] "GET /xingrg/all/function/internal_message.html?_=1635045456481&CODE_STATE=getMsg HTTP/1.1" 200 27
116.238.248.233 - - [24/Oct/2021:11:25:54 +0800] "POST /xingrg/dwr/call/plaincall/AjaxYddbService.getMaterielByMap.dwr HTTP/1.1" 200 3728
222.70.179.155 - - [24/Oct/2021:11:25:54 +0800] "GET /xingrg/check_reg.html?_=1635045670332 HTTP/1.1" 200 22
222.70.179.155 - - [24/Oct/2021:11:25:54 +0800] "GET /xingrg/all/function/internal_message.html?_=1635045670328&CODE_STATE=getMsg HTTP/1.1" 200 27
180.169.147.146 - - [24/Oct/2021:11:25:54 +0800] "GET /xingrg/kc/buy/cgsh_order_operate.html?command=get_materiel&rest_code=00147&code=00101008350&supplier_code=00100006&order_time=2021-10-24 HTTP/1.1" 200 430
116.238.248.233 - - [24/Oct/2021:11:25:55 +0800] "POST /xingrg/dwr/call/plaincall/AjaxYddbService.saveMaterielItem.dwr HTTP/1.1" 200 78
116.235.95.99 - - [24/Oct/2021:11:25:56 +0800] "POST /xingrg/kc/buy/cgsh_list_operate.html HTTP/1.1" 200 425
116.228.172.94 - - [24/Oct/2021:11:25:57 +0800] "GET /xingrg/all/function/internal_message.html?_=1635045921512&CODE_STATE=getMsg HTTP/1.1" 200 27
114.85.125.222 - - [24/Oct/2021:11:26:01 +0800] "GET /xingrg/all/function/internal_message.html?_=1635045898768&CODE_STATE=getMsg HTTP/1.1" 200 27
116.227.210.113 - - [24/Oct/2021:11:26:03 +0800] "GET /xingrg/all/function/internal_message.html?_=1635045951035&CODE_STATE=getMsg HTTP/1.1" 200 27
116.235.95.99 - - [24/Oct/2021:11:26:04 +0800] "POST /xingrg/kc/buy/cgsh_list_operate.html HTTP/1.1" 200 429
116.238.248.233 - - [24/Oct/2021:11:26:06 +0800] "POST /xingrg/dwr/call/plaincall/AjaxComOrderService.getMaterielSearchList.dwr HTTP/1.1" 200 447732
58.39.139.200 - - [24/Oct/2021:11:26:06 +0800] "GET /xingrg/kc/base/wldb_order_operate.html?command=get_materiel&rest_code=00105&base_code=0010507&code=00101019041 HTTP/1.1" 200 467
116.238.248.233 - - [24/Oct/2021:11:26:06 +0800] "POST /xingrg/dwr/call/plaincall/AjaxComOrderService.getMaterielSearchList.dwr HTTP/1.1" 200 6187
116.235.95.99 - - [24/Oct/2021:11:26:07 +0800] "POST /xingrg/kc/buy/cgsh_list_operate.html HTTP/1.1" 200 583
116.238.248.233 - - [24/Oct/2021:11:26:07 +0800] "POST /xingrg/dwr/call/plaincall/AjaxYddbService.getMaterielByMap.dwr HTTP/1.1" 200 3726
116.238.248.233 - - [24/Oct/2021:11:26:09 +0800] "POST /xingrg/dwr/call/plaincall/AjaxYddbService.saveMaterielItem.dwr HTTP/1.1" 200 78
116.235.95.99 - - [24/Oct/2021:11:26:10 +0800] "POST /xingrg/kc/buy/cgsh_list_operate.html HTTP/1.1" 200 591
116.235.95.99 - - [24/Oct/2021:11:26:13 +0800] "POST /xingrg/kc/buy/cgsh_list_operate.html HTTP/1.1" 200 348
116.238.248.233 - - [24/Oct/2021:11:26:13 +0800] "POST /xingrg/dwr/call/plaincall/AjaxComOrderService.getMaterielSearchList.dwr HTTP/1.1" 200 32847
116.238.248.233 - - [24/Oct/2021:11:26:14 +0800] "POST /xingrg/dwr/call/plaincall/AjaxComOrderService.getMaterielSearchList.dwr HTTP/1.1" 200 1466
180.169.147.146 - - [24/Oct/2021:11:26:14 +0800] "GET /xingrg/kc/buy/cgsh_order_operate.html?command=get_materiel&rest_code=00147&code=00101008223&supplier_code=00100006&order_time=2021-10-24 HTTP/1.1" 200 412
116.235.95.99 - - [24/Oct/2021:11:26:14 +0800] "GET /xingrg/kc/buy/cgsh_order_info.html?code=212021091807909 HTTP/1.1" 200 59584
116.235.95.99 - - [24/Oct/2021:11:26:15 +0800] "GET /xingrg/javascript/easyui/themes/default/validatebox.css HTTP/1.1" 404 1104
116.235.95.99 - - [24/Oct/2021:11:26:15 +0800] "POST /xingrg/kc/buy/cgsh_order_operate.html HTTP/1.1" 200 1789
116.238.248.233 - - [24/Oct/2021:11:26:15 +0800] "POST /xingrg/dwr/call/plaincall/AjaxYddbService.getMaterielByMap.dwr HTTP/1.1" 200 3735
116.238.248.233 - - [24/Oct/2021:11:26:17 +0800] "POST /xingrg/dwr/call/plaincall/AjaxYddbService.getUnitPrice.dwr HTTP/1.1" 200 87
180.174.227.63 - - [24/Oct/2021:11:26:19 +0800] "GET /xingrg/all/function/internal_message.html?_=1635045974448&CODE_STATE=getMsg HTTP/1.1" 200 27
116.238.248.233 - - [24/Oct/2021:11:26:19 +0800] "POST /xingrg/dwr/call/plaincall/AjaxYddbService.saveMaterielItem.dwr HTTP/1.1" 200 79
124.78.153.86 - - [24/Oct/2021:11:26:20 +0800] "GET /xingrg/check_reg.html?_=1635045974162 HTTP/1.1" 200 22
124.78.153.86 - - [24/Oct/2021:11:26:20 +0800] "GET /xingrg/all/function/internal_message.html?_=1635045974164&CODE_STATE=getMsg HTTP/1.1" 200 27
222.69.135.237 - - [24/Oct/2021:11:26:21 +0800] "GET /xingrg/all/function/internal_message.html?_=1635045976253&CODE_STATE=getMsg HTTP/1.1" 200 27
116.238.248.233 - - [24/Oct/2021:11:26:22 +0800] "POST /xingrg/dwr/call/plaincall/AjaxComOrderService.getMaterielSearchList.dwr HTTP/1.1" 200 7515
116.238.248.233 - - [24/Oct/2021:11:26:23 +0800] "POST /xingrg/dwr/call/plaincall/AjaxComOrderService.getMaterielSearchList.dwr HTTP/1.1" 200 572
180.169.147.146 - - [24/Oct/2021:11:26:25 +0800] "GET /xingrg/kc/buy/cgsh_order_operate.html?command=get_materiel&rest_code=00147&code=00101008236&supplier_code=00100006&order_time=2021-10-24 HTTP/1.1" 200 416
116.238.248.233 - - [24/Oct/2021:11:26:26 +0800] "POST /xingrg/dwr/call/plaincall/AjaxYddbService.getMaterielByMap.dwr HTTP/1.1" 200 3675
116.238.248.233 - - [24/Oct/2021:11:26:27 +0800] "POST /xingrg/dwr/call/plaincall/AjaxYddbService.saveMaterielItem.dwr HTTP/1.1" 200 79
180.169.147.146 - - [24/Oct/2021:11:26:34 +0800] "GET /xingrg/kc/buy/cgsh_order_operate.html?command=get_materiel&rest_code=00147&code=00101008010&supplier_code=00100006&order_time=2021-10-24 HTTP/1.1" 200 412
180.169.147.146 - - [24/Oct/2021:11:26:37 +0800] "POST /xingrg/kc/buy/cgsh_order_operate.html HTTP/1.1" 200 2065
222.70.171.86 - - [24/Oct/2021:11:26:39 +0800] "GET /xingrg/all/function/internal_message.html?_=1635046015908&CODE_STATE=getMsg HTTP/1.1" 302 -
120.253.135.82 - - [24/Oct/2021:11:26:40 +0800] "GET /xingrg/all/function/internal_message.html?_=1635045765021&CODE_STATE=getMsg HTTP/1.1" 200 27
101.85.106.134 - - [24/Oct/2021:11:26:43 +0800] "GET /xingrg/all/function/internal_message.html?_=1635045997033&CODE_STATE=getMsg HTTP/1.1" 200 27
116.233.72.195 - - [24/Oct/2021:11:26:44 +0800] "GET /xingrg/all/function/internal_message.html?_=1635046000542&CODE_STATE=getMsg HTTP/1.1" 200 27
116.238.248.233 - - [24/Oct/2021:11:26:45 +0800] "POST /xingrg/dwr/call/plaincall/AjaxYddbService.checkOrder.dwr HTTP/1.1" 200 79
116.235.95.99 - - [24/Oct/2021:11:26:46 +0800] "GET /xingrg/all/function/internal_message.html?_=1635046107801&CODE_STATE=getMsg HTTP/1.1" 200 27
116.238.248.233 - - [24/Oct/2021:11:26:46 +0800] "GET /xingrg/kc/base/yddb_order_info.html?code=482021102400177 HTTP/1.1" 200 29467
222.70.179.155 - - [24/Oct/2021:11:26:46 +0800] "GET /xingrg/all/function/internal_message.html?_=1635046001051&CODE_STATE=getMsg HTTP/1.1" 200 27
116.238.248.233 - - [24/Oct/2021:11:26:47 +0800] "GET /xingrg/dwr/interface/AjaxYddbService.js HTTP/1.1" 200 13201
116.238.248.233 - - [24/Oct/2021:11:26:47 +0800] "GET /xingrg/dwr/interface/AjaxComOrderService.js HTTP/1.1" 200 18264
116.238.248.233 - - [24/Oct/2021:11:26:47 +0800] "GET /xingrg/dwr/engine.js HTTP/1.1" 200 43631
116.238.248.233 - - [24/Oct/2021:11:26:47 +0800] "POST /xingrg/dwr/call/plaincall/AjaxYddbService.loadMaterielItems.dwr HTTP/1.1" 200 1488
114.85.125.222 - - [24/Oct/2021:11:26:48 +0800] "GET /xingrg/check_reg.html?_=1635045946248 HTTP/1.1" 200 22
116.238.248.233 - - [24/Oct/2021:11:26:49 +0800] "GET /xingrg/kc/base/yddb_order_add.html HTTP/1.1" 200 29837
116.238.248.233 - - [24/Oct/2021:11:26:49 +0800] "GET /xingrg/dwr/interface/AjaxYddbService.js HTTP/1.1" 200 13201
116.238.248.233 - - [24/Oct/2021:11:26:49 +0800] "GET /xingrg/dwr/interface/AjaxComOrderService.js HTTP/1.1" 200 18264
116.238.248.233 - - [24/Oct/2021:11:26:49 +0800] "GET /xingrg/dwr/engine.js HTTP/1.1" 200 43631
58.39.139.200 - - [24/Oct/2021:11:26:49 +0800] "GET /xingrg/all/function/internal_message.html?_=1635046005606&CODE_STATE=getMsg HTTP/1.1" 200 27
58.37.227.186 - - [24/Oct/2021:11:26:51 +0800] "GET /xingrg/check_reg.html?_=1635045849502 HTTP/1.1" 200 22
222.70.171.86 - - [24/Oct/2021:11:26:52 +0800] "GET /xingrg/all/function/internal_message.html?_=1635046032752&CODE_STATE=getMsg HTTP/1.1" 200 27
124.78.153.86 - - [24/Oct/2021:11:26:52 +0800] "GET /xingrg/all/function/internal_message.html?_=1635046006793&CODE_STATE=getMsg HTTP/1.1" 200 27
180.162.112.229 - - [24/Oct/2021:11:26:53 +0800] "GET /xingrg/all/function/internal_message.html?_=1635045516480&CODE_STATE=getMsg HTTP/1.1" 200 27
222.70.179.155 - - [24/Oct/2021:11:26:54 +0800] "GET /xingrg/all/function/internal_message.html?_=1635045730328&CODE_STATE=getMsg HTTP/1.1" 200 27
116.227.210.113 - - [24/Oct/2021:11:26:56 +0800] "GET /xingrg/kc/mdqp/pssh_order_list.html HTTP/1.1" 200 17825
116.227.210.113 - - [24/Oct/2021:11:26:56 +0800] "POST /xingrg/kc/mdqp/pssh_list_operate.html HTTP/1.1" 200 5421
116.228.172.94 - - [24/Oct/2021:11:26:57 +0800] "GET /xingrg/all/function/internal_message.html?_=1635045981514&CODE_STATE=getMsg HTTP/1.1" 200 27
116.235.95.99 - - [24/Oct/2021:11:26:57 +0800] "POST /xingrg/kc/buy/cgsh_list_operate.html HTTP/1.1" 200 5234
116.227.210.113 - - [24/Oct/2021:11:26:58 +0800] "POST /xingrg/kc/mdqp/pssh_list_operate.html HTTP/1.1" 200 786
116.227.210.113 - - [24/Oct/2021:11:26:59 +0800] "POST /xingrg/kc/mdqp/pssh_list_operate.html HTTP/1.1" 200 354
180.169.147.146 - - [24/Oct/2021:11:26:59 +0800] "GET /xingrg/kc/buy/cgsh_order_operate.html?command=get_materiel&rest_code=00147&code=00101008558&supplier_code=00100006&order_time=2021-10-24 HTTP/1.1" 200 395
114.85.125.222 - - [24/Oct/2021:11:27:01 +0800] "GET /xingrg/all/function/internal_message.html?_=1635045958775&CODE_STATE=getMsg HTTP/1.1" 200 27
116.227.210.113 - - [24/Oct/2021:11:27:01 +0800] "POST /xingrg/kc/mdqp/pssh_list_operate.html HTTP/1.1" 200 787
116.227.210.113 - - [24/Oct/2021:11:27:02 +0800] "GET /xingrg/kc/mdqp/pssh_order_info.html?code=312021102300598 HTTP/1.1" 200 17307
116.227.210.113 - - [24/Oct/2021:11:27:02 +0800] "GET /xingrg/javascript/jquery_tools/jquery-1.4.2.min.js HTTP/1.1" 404 1094
116.227.210.113 - - [24/Oct/2021:11:27:02 +0800] "GET /xingrg/words/20211023182310_words.js HTTP/1.1" 304 -
116.227.210.113 - - [24/Oct/2021:11:27:02 +0800] "POST /xingrg/kc/mdqp/pssh_order_operate.html HTTP/1.1" 200 13890
116.227.210.113 - - [24/Oct/2021:11:27:02 +0800] "GET /xingrg/all/common/auto_word.html?type=base&rest_code=00155&rest_code=00155 HTTP/1.1" 200 1707
116.227.210.113 - - [24/Oct/2021:11:27:02 +0800] "GET /xingrg/javascript/easyui/themes/default/validatebox.css HTTP/1.1" 404 1104
116.227.210.113 - - [24/Oct/2021:11:27:03 +0800] "GET /xingrg/all/function/internal_message.html?_=1635046011024&CODE_STATE=getMsg HTTP/1.1" 200 27
116.227.210.113 - - [24/Oct/2021:11:27:04 +0800] "GET /xingrg/check_reg.html?_=1635046012165 HTTP/1.1" 200 22
116.238.248.233 - - [24/Oct/2021:11:27:11 +0800] "POST /xingrg/dwr/call/plaincall/AjaxYddbService.getRestBases.dwr HTTP/1.1" 200 1514
116.238.248.233 - - [24/Oct/2021:11:27:17 +0800] "POST /xingrg/dwr/call/plaincall/AjaxYddbService.saveOrder.dwr HTTP/1.1" 200 78
180.174.227.63 - - [24/Oct/2021:11:27:18 +0800] "GET /xingrg/check_reg.html?_=1635046033214 HTTP/1.1" 200 22
180.174.227.63 - - [24/Oct/2021:11:27:19 +0800] "GET /xingrg/all/function/internal_message.html?_=1635046034462&CODE_STATE=getMsg HTTP/1.1" 200 27
124.78.153.86 - - [24/Oct/2021:11:27:20 +0800] "GET /xingrg/all/function/internal_message.html?_=1635046034164&CODE_STATE=getMsg HTTP/1.1" 200 27
116.238.248.233 - - [24/Oct/2021:11:27:20 +0800] "POST /xingrg/dwr/call/plaincall/AjaxComOrderService.getMaterielSearchList.dwr HTTP/1.1" 200 683
222.69.135.237 - - [24/Oct/2021:11:27:21 +0800] "GET /xingrg/all/function/internal_message.html?_=1635046036251&CODE_STATE=getMsg HTTP/1.1" 200 27
116.238.248.233 - - [24/Oct/2021:11:27:22 +0800] "POST /xingrg/dwr/call/plaincall/AjaxYddbService.getMaterielByMap.dwr HTTP/1.1" 200 3670
116.227.210.113 - - [24/Oct/2021:11:27:23 +0800] "POST /xingrg/kc/mdqp/pssh_list_operate.html HTTP/1.1" 200 814
116.227.210.113 - - [24/Oct/2021:11:27:25 +0800] "GET /xingrg/kc/mdqp/pssh_order_list.html HTTP/1.1" 200 17825
116.227.210.113 - - [24/Oct/2021:11:27:25 +0800] "POST /xingrg/kc/mdqp/pssh_list_operate.html HTTP/1.1" 200 5421
116.227.210.113 - - [24/Oct/2021:11:27:26 +0800] "POST /xingrg/kc/mdqp/pssh_list_operate.html HTTP/1.1" 200 787
116.227.210.113 - - [24/Oct/2021:11:27:27 +0800] "GET /xingrg/kc/mdqp/pssh_order_info.html?code=312021102300598 HTTP/1.1" 200 17307
116.227.210.113 - - [24/Oct/2021:11:27:27 +0800] "GET /xingrg/javascript/jquery_tools/jquery-1.4.2.min.js HTTP/1.1" 404 1094
116.227.210.113 - - [24/Oct/2021:11:27:27 +0800] "POST /xingrg/kc/mdqp/pssh_order_operate.html HTTP/1.1" 200 13890
