116.227.210.113 - - [24/Oct/2021:09:00:56 +0800] "GET /xingrg/all/function/internal_message.html?_=1635037244610&CODE_STATE=getMsg HTTP/1.1" 200 27
114.85.125.222 - - [24/Oct/2021:09:00:59 +0800] "GET /xingrg/all/function/internal_message.html?_=1635037196770&CODE_STATE=getMsg HTTP/1.1" 200 27
116.227.210.113 - - [24/Oct/2021:09:00:59 +0800] "GET /xingrg/kc/buy/cgsh_order_operate.html?command=get_materiel&rest_code=00155&code=00101006055&supplier_code=00100012&order_time=2021-10-24 HTTP/1.1" 200 409
58.39.139.200 - - [24/Oct/2021:09:00:59 +0800] "GET /xingrg/kc/buy/cgsh_order_operate.html?command=get_materiel&rest_code=00105&code=00101008298&supplier_code=00100203&order_time=2021-10-24 HTTP/1.1" 200 431
116.238.248.233 - - [24/Oct/2021:09:01:00 +0800] "GET /xingrg/all/function/internal_message.html?_=1635037252051&CODE_STATE=getMsg HTTP/1.1" 200 27
58.39.139.200 - - [24/Oct/2021:09:01:00 +0800] "GET /xingrg/all/function/internal_message.html?_=1635037256413&CODE_STATE=getMsg HTTP/1.1" 200 27
58.39.139.200 - - [24/Oct/2021:09:01:06 +0800] "GET /xingrg/kc/buy/cgsh_order_operate.html?command=get_materiel&rest_code=00105&code=00101008119&supplier_code=00100203&order_time=2021-10-24 HTTP/1.1" 200 412
116.227.210.113 - - [24/Oct/2021:09:01:14 +0800] "GET /xingrg/kc/buy/cgsh_order_operate.html?command=get_materiel&rest_code=00155&code=00101006130&supplier_code=00100012&order_time=2021-10-24 HTTP/1.1" 200 427
58.39.139.200 - - [24/Oct/2021:09:01:16 +0800] "GET /xingrg/kc/buy/cgsh_order_operate.html?command=get_materiel&rest_code=00105&code=00101008436&supplier_code=00100203&order_time=2021-10-24 HTTP/1.1" 200 418
222.69.135.237 - - [24/Oct/2021:09:01:21 +0800] "GET /xingrg/all/function/internal_message.html?_=1635037275706&CODE_STATE=getMsg HTTP/1.1" 200 27
116.227.210.113 - - [24/Oct/2021:09:01:26 +0800] "GET /xingrg/kc/buy/cgsh_order_operate.html?command=get_materiel&rest_code=00155&code=00101006129&supplier_code=00100012&order_time=2021-10-24 HTTP/1.1" 200 451
222.70.171.86 - - [24/Oct/2021:09:01:37 +0800] "GET /xingrg/all/function/internal_message.html?_=1635037313938&CODE_STATE=getMsg HTTP/1.1" 302 -
222.70.171.86 - - [24/Oct/2021:09:01:38 +0800] "GET /xingrg/all/function/internal_message.html?_=1635037318630&CODE_STATE=getMsg HTTP/1.1" 200 27
101.85.106.134 - - [24/Oct/2021:09:01:42 +0800] "GET /xingrg/all/function/internal_message.html?_=1635037296861&CODE_STATE=getMsg HTTP/1.1" 200 27
114.85.125.222 - - [24/Oct/2021:09:01:48 +0800] "GET /xingrg/check_reg.html?_=1635037246088 HTTP/1.1" 200 22
222.70.179.155 - - [24/Oct/2021:09:01:54 +0800] "GET /xingrg/all/function/internal_message.html?_=1635037030334&CODE_STATE=getMsg HTTP/1.1" 200 27
116.227.210.113 - - [24/Oct/2021:09:01:56 +0800] "GET /xingrg/check_reg.html?_=1635037304603 HTTP/1.1" 200 22
116.227.210.113 - - [24/Oct/2021:09:01:56 +0800] "GET /xingrg/all/function/internal_message.html?_=1635037304608&CODE_STATE=getMsg HTTP/1.1" 200 27
114.85.125.222 - - [24/Oct/2021:09:01:59 +0800] "GET /xingrg/all/function/internal_message.html?_=1635037256774&CODE_STATE=getMsg HTTP/1.1" 200 27
116.238.248.233 - - [24/Oct/2021:09:02:00 +0800] "GET /xingrg/all/function/internal_message.html?_=1635037312058&CODE_STATE=getMsg HTTP/1.1" 200 27
116.238.248.233 - - [24/Oct/2021:09:02:00 +0800] "GET /xingrg/check_reg.html?_=1635037312060 HTTP/1.1" 200 22
58.39.139.200 - - [24/Oct/2021:09:02:00 +0800] "GET /xingrg/all/function/internal_message.html?_=1635037316385&CODE_STATE=getMsg HTTP/1.1" 200 27
116.227.210.113 - - [24/Oct/2021:09:02:01 +0800] "GET /xingrg/kc/buy/cgsh_order_operate.html?command=get_materiel&rest_code=00155&code=00101006071&supplier_code=00100012&order_time=2021-10-24 HTTP/1.1" 200 409
116.227.210.113 - - [24/Oct/2021:09:02:09 +0800] "POST /xingrg/kc/buy/cgsh_order_operate.html HTTP/1.1" 200 37
116.227.210.113 - - [24/Oct/2021:09:02:11 +0800] "POST /xingrg/kc/buy/cgsh_order_operate.html HTTP/1.1" 200 6821
116.227.210.113 - - [24/Oct/2021:09:02:15 +0800] "GET /xingrg/kc/print/load_data.html?order_code=212021102410536&kc_code=cgsh&condition= HTTP/1.1" 200 2368
116.227.210.113 - - [24/Oct/2021:09:02:19 +0800] "GET /xingrg/kc/buy/cgsh_order_add.html HTTP/1.1" 200 64647
116.227.210.113 - - [24/Oct/2021:09:02:19 +0800] "POST /xingrg/kc/buy/cgsh_order_operate.html HTTP/1.1" 200 8245
116.227.210.113 - - [24/Oct/2021:09:02:19 +0800] "GET /xingrg/javascript/easyui/themes/default/validatebox.css HTTP/1.1" 404 1104
222.69.135.237 - - [24/Oct/2021:09:02:21 +0800] "GET /xingrg/all/function/internal_message.html?_=1635037335713&CODE_STATE=getMsg HTTP/1.1" 200 27
116.227.210.113 - - [24/Oct/2021:09:02:26 +0800] "GET /xingrg/kc/buy/cgsh_order_operate.html?command=get_materiel&rest_code=00155&code=00101007072&supplier_code=00100002&order_time=2021-10-24 HTTP/1.1" 200 413
116.227.210.113 - - [24/Oct/2021:09:02:33 +0800] "GET /xingrg/kc/buy/cgsh_order_operate.html?command=get_materiel&rest_code=00155&code=00101007032&supplier_code=00100002&order_time=2021-10-24 HTTP/1.1" 200 413
222.70.171.86 - - [24/Oct/2021:09:02:37 +0800] "GET /xingrg/all/function/internal_message.html?_=1635037373955&CODE_STATE=getMsg HTTP/1.1" 302 -
222.70.171.86 - - [24/Oct/2021:09:02:38 +0800] "GET /xingrg/all/function/internal_message.html?_=1635037378644&CODE_STATE=getMsg HTTP/1.1" 200 27
116.227.210.113 - - [24/Oct/2021:09:02:41 +0800] "GET /xingrg/kc/buy/cgsh_order_operate.html?command=get_materiel&rest_code=00155&code=00101007048&supplier_code=00100002&order_time=2021-10-24 HTTP/1.1" 200 408
101.85.106.134 - - [24/Oct/2021:09:02:42 +0800] "GET /xingrg/check_reg.html?_=1635037356860 HTTP/1.1" 200 22
101.85.106.134 - - [24/Oct/2021:09:02:42 +0800] "GET /xingrg/all/function/internal_message.html?_=1635037356863&CODE_STATE=getMsg HTTP/1.1" 200 27
116.238.248.233 - - [24/Oct/2021:09:02:46 +0800] "GET /xingrg/kc/buy/cgsh_order_operate.html?command=get_materiel&rest_code=00150&code=00101015062&supplier_code=00100054&order_time=2021-10-24 HTTP/1.1" 200 412
116.227.210.113 - - [24/Oct/2021:09:02:48 +0800] "GET /xingrg/kc/buy/cgsh_order_operate.html?command=get_materiel&rest_code=00155&code=00101007077&supplier_code=00100002&order_time=2021-10-24 HTTP/1.1" 200 415
116.227.210.113 - - [24/Oct/2021:09:02:54 +0800] "GET /xingrg/kc/buy/cgsh_order_operate.html?command=get_materiel&rest_code=00155&code=00101007031&supplier_code=00100002&order_time=2021-10-24 HTTP/1.1" 200 413
222.70.179.155 - - [24/Oct/2021:09:02:54 +0800] "GET /xingrg/all/function/internal_message.html?_=1635037090333&CODE_STATE=getMsg HTTP/1.1" 200 27
116.227.210.113 - - [24/Oct/2021:09:02:56 +0800] "GET /xingrg/all/function/internal_message.html?_=1635037364628&CODE_STATE=getMsg HTTP/1.1" 200 27
114.85.125.222 - - [24/Oct/2021:09:02:59 +0800] "GET /xingrg/all/function/internal_message.html?_=1635037316787&CODE_STATE=getMsg HTTP/1.1" 200 27
116.238.248.233 - - [24/Oct/2021:09:03:00 +0800] "GET /xingrg/all/function/internal_message.html?_=1635037372070&CODE_STATE=getMsg HTTP/1.1" 200 27
58.39.139.200 - - [24/Oct/2021:09:03:00 +0800] "GET /xingrg/check_reg.html?_=1635037376341 HTTP/1.1" 200 22
58.39.139.200 - - [24/Oct/2021:09:03:00 +0800] "GET /xingrg/all/function/internal_message.html?_=1635037376359&CODE_STATE=getMsg HTTP/1.1" 200 27
116.227.210.113 - - [24/Oct/2021:09:03:00 +0800] "POST /xingrg/kc/buy/cgsh_order_operate.html HTTP/1.1" 200 37
116.227.210.113 - - [24/Oct/2021:09:03:01 +0800] "POST /xingrg/kc/buy/cgsh_order_operate.html HTTP/1.1" 200 5028
116.227.210.113 - - [24/Oct/2021:09:03:02 +0800] "GET /xingrg/kc/print/load_data.html?order_code=212021102410537&kc_code=cgsh&condition= HTTP/1.1" 200 1661
116.227.210.113 - - [24/Oct/2021:09:03:05 +0800] "GET /xingrg/kc/print/load_data.html?order_code=212021102410537&kc_code=cgsh HTTP/1.1" 200 1661
116.227.210.113 - - [24/Oct/2021:09:03:19 +0800] "POST /xingrg/kc/buy/cgsh_list_operate.html HTTP/1.1" 200 2410
116.227.210.113 - - [24/Oct/2021:09:03:20 +0800] "POST /xingrg/kc/buy/cgsh_list_operate.html HTTP/1.1" 200 2410
116.227.210.113 - - [24/Oct/2021:09:03:20 +0800] "POST /xingrg/kc/buy/cgsh_list_operate.html HTTP/1.1" 200 2410
222.69.135.237 - - [24/Oct/2021:09:03:21 +0800] "GET /xingrg/all/function/internal_message.html?_=1635037395717&CODE_STATE=getMsg HTTP/1.1" 200 27
116.227.210.113 - - [24/Oct/2021:09:03:21 +0800] "POST /xingrg/kc/buy/cgsh_list_operate.html HTTP/1.1" 200 576
116.227.210.113 - - [24/Oct/2021:09:03:22 +0800] "GET /xingrg/kc/buy/cgsh_order_info.html?code=212021102410536 HTTP/1.1" 200 64656
116.227.210.113 - - [24/Oct/2021:09:03:22 +0800] "GET /xingrg/javascript/easyui/themes/default/validatebox.css HTTP/1.1" 404 1104
116.227.210.113 - - [24/Oct/2021:09:03:22 +0800] "POST /xingrg/kc/buy/cgsh_order_operate.html HTTP/1.1" 200 6821
116.227.210.113 - - [24/Oct/2021:09:03:24 +0800] "GET /xingrg/kc/print/load_data.html?order_code=212021102410536&kc_code=cgsh HTTP/1.1" 200 2368
116.227.210.113 - - [24/Oct/2021:09:03:26 +0800] "POST /xingrg/kc/buy/cgsh_list_operate.html HTTP/1.1" 200 2410
116.238.248.233 - - [24/Oct/2021:09:03:30 +0800] "GET /xingrg/kc/buy/cgsh_order_operate.html?command=get_materiel&rest_code=00150&code=00101015026&supplier_code=00100054&order_time=2021-10-24 HTTP/1.1" 200 412
116.238.248.233 - - [24/Oct/2021:09:03:37 +0800] "GET /xingrg/kc/buy/cgsh_order_operate.html?command=get_materiel&rest_code=00150&code=00101015021&supplier_code=00100054&order_time=2021-10-24 HTTP/1.1" 200 408
222.70.171.86 - - [24/Oct/2021:09:03:37 +0800] "GET /xingrg/all/function/internal_message.html?_=1635037433965&CODE_STATE=getMsg HTTP/1.1" 302 -
222.70.171.86 - - [24/Oct/2021:09:03:38 +0800] "GET /xingrg/all/function/internal_message.html?_=1635037438657&CODE_STATE=getMsg HTTP/1.1" 200 27
101.85.106.134 - - [24/Oct/2021:09:03:42 +0800] "GET /xingrg/all/function/internal_message.html?_=1635037416863&CODE_STATE=getMsg HTTP/1.1" 200 27
116.238.248.233 - - [24/Oct/2021:09:03:43 +0800] "POST /xingrg/kc/buy/cgsh_order_operate.html HTTP/1.1" 200 37
58.39.139.200 - - [24/Oct/2021:09:03:43 +0800] "GET /xingrg/kc/buy/cgsh_order_operate.html?command=get_materiel&rest_code=00105&code=00101008437&supplier_code=00100203&order_time=2021-10-24 HTTP/1.1" 200 395
116.238.248.233 - - [24/Oct/2021:09:03:44 +0800] "POST /xingrg/kc/buy/cgsh_order_operate.html HTTP/1.1" 200 4419
116.238.248.233 - - [24/Oct/2021:09:03:47 +0800] "GET /xingrg/kc/buy/cgsh_order_add.html HTTP/1.1" 200 64603
116.238.248.233 - - [24/Oct/2021:09:03:47 +0800] "POST /xingrg/kc/buy/cgsh_order_operate.html HTTP/1.1" 200 8245
116.238.248.233 - - [24/Oct/2021:09:03:48 +0800] "GET /xingrg/javascript/easyui/themes/default/validatebox.css HTTP/1.1" 404 1104
222.70.179.155 - - [24/Oct/2021:09:03:54 +0800] "GET /xingrg/all/function/internal_message.html?_=1635037150331&CODE_STATE=getMsg HTTP/1.1" 200 27
116.227.210.113 - - [24/Oct/2021:09:03:56 +0800] "GET /xingrg/all/function/internal_message.html?_=1635037424612&CODE_STATE=getMsg HTTP/1.1" 200 27
114.85.125.222 - - [24/Oct/2021:09:03:59 +0800] "GET /xingrg/all/function/internal_message.html?_=1635037376812&CODE_STATE=getMsg HTTP/1.1" 200 27
116.238.248.233 - - [24/Oct/2021:09:03:59 +0800] "GET /xingrg/kc/buy/cgsh_order_operate.html?command=get_materiel&rest_code=00150&code=00101011005&supplier_code=00100047&order_time=2021-10-24 HTTP/1.1" 200 429
116.238.248.233 - - [24/Oct/2021:09:04:00 +0800] "GET /xingrg/all/function/internal_message.html?_=1635037432108&CODE_STATE=getMsg HTTP/1.1" 200 27
58.39.139.200 - - [24/Oct/2021:09:04:00 +0800] "GET /xingrg/all/function/internal_message.html?_=1635037436350&CODE_STATE=getMsg HTTP/1.1" 200 27
58.39.139.200 - - [24/Oct/2021:09:04:03 +0800] "GET /xingrg/kc/buy/cgsh_order_operate.html?command=get_materiel&rest_code=00105&code=00101008057&supplier_code=00100203&order_time=2021-10-24 HTTP/1.1" 200 409
116.238.248.233 - - [24/Oct/2021:09:04:09 +0800] "GET /xingrg/kc/buy/cgsh_order_operate.html?command=get_materiel&rest_code=00150&code=00101011001&supplier_code=00100047&order_time=2021-10-24 HTTP/1.1" 200 423
116.238.248.233 - - [24/Oct/2021:09:04:16 +0800] "POST /xingrg/kc/buy/cgsh_order_operate.html HTTP/1.1" 200 37
116.238.248.233 - - [24/Oct/2021:09:04:20 +0800] "POST /xingrg/kc/buy/cgsh_order_operate.html HTTP/1.1" 200 12
116.238.248.233 - - [24/Oct/2021:09:04:21 +0800] "GET /xingrg/kc/buy/cgsh_order_info.html?code=212021102410539 HTTP/1.1" 200 59512
222.69.135.237 - - [24/Oct/2021:09:04:21 +0800] "GET /xingrg/all/function/internal_message.html?_=1635037455718&CODE_STATE=getMsg HTTP/1.1" 200 27
222.69.135.237 - - [24/Oct/2021:09:04:21 +0800] "GET /xingrg/check_reg.html?_=1635037455721 HTTP/1.1" 200 22
116.238.248.233 - - [24/Oct/2021:09:04:21 +0800] "GET /xingrg/javascript/easyui/themes/default/validatebox.css HTTP/1.1" 404 1104
116.238.248.233 - - [24/Oct/2021:09:04:22 +0800] "POST /xingrg/kc/buy/cgsh_order_operate.html HTTP/1.1" 200 1207
116.238.248.233 - - [24/Oct/2021:09:04:23 +0800] "GET /xingrg/kc/print/load_data.html?order_code=212021102410539&kc_code=cgsh&condition= HTTP/1.1" 200 993
222.70.171.86 - - [24/Oct/2021:09:04:37 +0800] "GET /xingrg/check_reg.html?_=1635037493417 HTTP/1.1" 302 -
222.70.171.86 - - [24/Oct/2021:09:04:37 +0800] "GET /xingrg/all/function/internal_message.html?_=1635037493979&CODE_STATE=getMsg HTTP/1.1" 302 -
222.70.171.86 - - [24/Oct/2021:09:04:38 +0800] "GET /xingrg/all/function/internal_message.html?_=1635037498686&CODE_STATE=getMsg HTTP/1.1" 200 27
101.85.106.134 - - [24/Oct/2021:09:04:42 +0800] "GET /xingrg/all/function/internal_message.html?_=1635037476863&CODE_STATE=getMsg HTTP/1.1" 200 27
116.238.248.233 - - [24/Oct/2021:09:04:47 +0800] "GET /xingrg/kc/buy/cgsh_order_add.html HTTP/1.1" 200 64603
116.238.248.233 - - [24/Oct/2021:09:04:47 +0800] "POST /xingrg/kc/buy/cgsh_order_operate.html HTTP/1.1" 200 8245
116.238.248.233 - - [24/Oct/2021:09:04:47 +0800] "GET /xingrg/javascript/easyui/themes/default/validatebox.css HTTP/1.1" 404 1104
222.70.179.155 - - [24/Oct/2021:09:04:54 +0800] "GET /xingrg/all/function/internal_message.html?_=1635037210331&CODE_STATE=getMsg HTTP/1.1" 200 27
116.227.210.113 - - [24/Oct/2021:09:04:56 +0800] "GET /xingrg/all/function/internal_message.html?_=1635037484617&CODE_STATE=getMsg HTTP/1.1" 200 27
116.238.248.233 - - [24/Oct/2021:09:04:57 +0800] "GET /xingrg/kc/buy/cgsh_order_operate.html?command=get_materiel&rest_code=00150&code=00101009109&supplier_code=00100424&order_time=2021-10-24 HTTP/1.1" 200 399
114.85.125.222 - - [24/Oct/2021:09:04:59 +0800] "GET /xingrg/all/function/internal_message.html?_=1635037436815&CODE_STATE=getMsg HTTP/1.1" 200 27
180.174.227.63 - - [24/Oct/2021:09:05:00 +0800] "GET /xingrg/login.html HTTP/1.1" 200 7641
116.238.248.233 - - [24/Oct/2021:09:05:00 +0800] "GET /xingrg/all/function/internal_message.html?_=1635037492096&CODE_STATE=getMsg HTTP/1.1" 200 27
180.174.227.63 - - [24/Oct/2021:09:05:00 +0800] "GET /xingrg/images/blue/jxLogo.png HTTP/1.1" 304 -
180.174.227.63 - - [24/Oct/2021:09:05:00 +0800] "GET /xingrg/images/blue/login_bg.png HTTP/1.1" 304 -
180.174.227.63 - - [24/Oct/2021:09:05:00 +0800] "GET /xingrg/images/blue/hj.png HTTP/1.1" 304 -
58.39.139.200 - - [24/Oct/2021:09:05:00 +0800] "GET /xingrg/all/function/internal_message.html?_=1635037496345&CODE_STATE=getMsg HTTP/1.1" 200 27
180.174.227.63 - - [24/Oct/2021:09:05:00 +0800] "GET /xingrg/images/blue/srbg.png HTTP/1.1" 304 -
180.174.227.63 - - [24/Oct/2021:09:05:01 +0800] "GET /favicon.ico HTTP/1.1" 404 -
180.174.227.63 - - [24/Oct/2021:09:05:11 +0800] "POST /xingrg/login.do HTTP/1.1" 302 -
180.174.227.63 - - [24/Oct/2021:09:05:11 +0800] "GET /xingrg/javascript/jquery_easy_ui/themes/default/easyui.css HTTP/1.1" 304 -
180.174.227.63 - - [24/Oct/2021:09:05:11 +0800] "GET /xingrg/index.html?sysBaseUrl=http%3A%2F%2F180.169.147.146%3A18081%2Fxingrg%2F&costTime=42×tamp=1635037511159 HTTP/1.1" 200 17173
180.174.227.63 - - [24/Oct/2021:09:05:11 +0800] "GET /xingrg/css/form.css HTTP/1.1" 304 -
180.174.227.63 - - [24/Oct/2021:09:05:11 +0800] "GET /xingrg/javascript/jquery_easy_ui/themes/icon.css HTTP/1.1" 304 -
180.174.227.63 - - [24/Oct/2021:09:05:11 +0800] "GET /xingrg/javascript/jquery-1.4.2.min.js HTTP/1.1" 304 -
180.174.227.63 - - [24/Oct/2021:09:05:11 +0800] "GET /xingrg/javascript/jquery_easy_ui/jquery.easyui.min.js HTTP/1.1" 304 -
180.174.227.63 - - [24/Oct/2021:09:05:11 +0800] "GET /xingrg/javascript/jquery_easy_ui/easyui-lang-zh_CN.js HTTP/1.1" 304 -
180.174.227.63 - - [24/Oct/2021:09:05:11 +0800] "GET /xingrg/javascript/jquery.form.js HTTP/1.1" 304 -
180.174.227.63 - - [24/Oct/2021:09:05:11 +0800] "GET /xingrg/javascript/jquery.utils.js HTTP/1.1" 304 -
180.174.227.63 - - [24/Oct/2021:09:05:11 +0800] "GET /xingrg/javascript/jquery.timers.js HTTP/1.1" 304 -
180.174.227.63 - - [24/Oct/2021:09:05:11 +0800] "GET /xingrg/images/blue/navBackgound.jpg HTTP/1.1" 304 -
180.174.227.63 - - [24/Oct/2021:09:05:11 +0800] "GET /xingrg/javascript/jquery_easy_ui/themes/icons/settle_new.png HTTP/1.1" 304 -
180.174.227.63 - - [24/Oct/2021:09:05:12 +0800] "GET /favicon.ico HTTP/1.1" 404 -
180.174.227.63 - - [24/Oct/2021:09:05:12 +0800] "GET /xingrg/images/blue/pingpu.png HTTP/1.1" 304 -
180.174.227.63 - - [24/Oct/2021:09:05:12 +0800] "POST /xingrg/all/common/load_tree.html?tree=area_rest_tree_json&manage=1 HTTP/1.1" 200 342
180.174.227.63 - - [24/Oct/2021:09:05:12 +0800] "GET /xingrg/javascript/jquery_easy_ui/themes/default/images/tabs_leftarrow.png HTTP/1.1" 304 -
180.174.227.63 - - [24/Oct/2021:09:05:12 +0800] "GET /xingrg/javascript/jquery_easy_ui/themes/default/images/panel_tool_collapse.gif HTTP/1.1" 304 -
180.174.227.63 - - [24/Oct/2021:09:05:12 +0800] "GET /xingrg/javascript/jquery_easy_ui/themes/default/images/tabs_rightarrow.png HTTP/1.1" 304 -
180.174.227.63 - - [24/Oct/2021:09:05:12 +0800] "GET /xingrg/all/function/internal_message.html?_=1635037494137&CODE_STATE=count HTTP/1.1" 200 11
180.174.227.63 - - [24/Oct/2021:09:05:12 +0800] "GET /xingrg/check_reg.html?_=1635037494138 HTTP/1.1" 200 22
180.174.227.63 - - [24/Oct/2021:09:05:12 +0800] "GET /xingrg/javascript/jquery_easy_ui/themes/default/images/tree_arrows.gif HTTP/1.1" 304 -
180.174.227.63 - - [24/Oct/2021:09:05:12 +0800] "POST /xingrg/load_menu.html HTTP/1.1" 200 5138
180.174.227.63 - - [24/Oct/2021:09:05:12 +0800] "GET /xingrg/javascript/jquery_easy_ui/themes/default/images/tree_folder_open.gif HTTP/1.1" 304 -
180.174.227.63 - - [24/Oct/2021:09:05:12 +0800] "GET /xingrg/javascript/jquery_easy_ui/themes/icons/search_new.png HTTP/1.1" 304 -
180.174.227.63 - - [24/Oct/2021:09:05:12 +0800] "GET /xingrg/javascript/jquery_easy_ui/themes/default/images/tree_folder.gif HTTP/1.1" 304 -
180.174.227.63 - - [24/Oct/2021:09:05:12 +0800] "GET /xingrg/javascript/jquery_easy_ui/themes/icons/storage_new.png HTTP/1.1" 304 -
180.174.227.63 - - [24/Oct/2021:09:05:12 +0800] "GET /xingrg/javascript/jquery_easy_ui/themes/icons/forms_new.png HTTP/1.1" 304 -
180.174.227.63 - - [24/Oct/2021:09:05:12 +0800] "GET /xingrg/javascript/jquery_easy_ui/themes/default/images/tree_file.gif HTTP/1.1" 304 -
116.238.248.233 - - [24/Oct/2021:09:05:17 +0800] "GET /xingrg/kc/buy/cgsh_order_operate.html?command=get_materiel&rest_code=00150&code=00101009062&supplier_code=00100424&order_time=2021-10-24 HTTP/1.1" 200 412
180.174.227.63 - - [24/Oct/2021:09:05:20 +0800] "GET /favicon.ico HTTP/1.1" 404 -
180.174.227.63 - - [24/Oct/2021:09:05:20 +0800] "GET /favicon.ico HTTP/1.1" 404 -
180.174.227.63 - - [24/Oct/2021:09:05:21 +0800] "GET /favicon.ico HTTP/1.1" 404 -
222.69.135.237 - - [24/Oct/2021:09:05:21 +0800] "GET /xingrg/all/function/internal_message.html?_=1635037515721&CODE_STATE=getMsg HTTP/1.1" 200 27
180.174.227.63 - - [24/Oct/2021:09:05:21 +0800] "GET /favicon.ico HTTP/1.1" 404 -
180.174.227.63 - - [24/Oct/2021:09:05:22 +0800] "GET /xingrg/login.html HTTP/1.1" 200 7641
180.174.227.63 - - [24/Oct/2021:09:05:23 +0800] "GET /favicon.ico HTTP/1.1" 404 -
116.238.248.233 - - [24/Oct/2021:09:05:25 +0800] "GET /xingrg/kc/buy/cgsh_order_operate.html?command=get_materiel&rest_code=00150&code=00101009124&supplier_code=00100424&order_time=2021-10-24 HTTP/1.1" 200 402
180.174.227.63 - - [24/Oct/2021:09:05:29 +0800] "GET /favicon.ico HTTP/1.1" 404 -
180.174.227.63 - - [24/Oct/2021:09:05:30 +0800] "GET /favicon.ico HTTP/1.1" 404 -
180.174.227.63 - - [24/Oct/2021:09:05:30 +0800] "GET /favicon.ico HTTP/1.1" 404 -
116.238.248.233 - - [24/Oct/2021:09:05:36 +0800] "GET /xingrg/kc/buy/cgsh_order_operate.html?command=get_materiel&rest_code=00150&code=00101009007&supplier_code=00100424&order_time=2021-10-24 HTTP/1.1" 200 408
222.70.171.86 - - [24/Oct/2021:09:05:37 +0800] "GET /xingrg/all/function/internal_message.html?_=1635037553994&CODE_STATE=getMsg HTTP/1.1" 302 -
222.70.171.86 - - [24/Oct/2021:09:05:38 +0800] "GET /xingrg/check_reg.html?_=1635037558393 HTTP/1.1" 200 22
222.70.171.86 - - [24/Oct/2021:09:05:38 +0800] "GET /xingrg/all/function/internal_message.html?_=1635037558699&CODE_STATE=getMsg HTTP/1.1" 200 27
101.85.106.134 - - [24/Oct/2021:09:05:42 +0800] "GET /xingrg/all/function/internal_message.html?_=1635037536863&CODE_STATE=getMsg HTTP/1.1" 200 27
116.238.248.233 - - [24/Oct/2021:09:05:43 +0800] "GET /xingrg/kc/buy/cgsh_order_operate.html?command=get_materiel&rest_code=00150&code=00101008599&supplier_code=00100424&order_time=2021-10-24 HTTP/1.1" 200 391
116.238.248.233 - - [24/Oct/2021:09:05:47 +0800] "GET /xingrg/kc/buy/cgsh_order_operate.html?command=get_materiel&rest_code=00150&code=00101009039&supplier_code=00100424&order_time=2021-10-24 HTTP/1.1" 200 408
116.233.72.195 - - [24/Oct/2021:09:05:49 +0800] "GET /favicon.ico HTTP/1.1" 404 -
222.70.179.155 - - [24/Oct/2021:09:05:54 +0800] "GET /xingrg/all/function/internal_message.html?_=1635037270320&CODE_STATE=getMsg HTTP/1.1" 200 27
222.70.179.155 - - [24/Oct/2021:09:05:54 +0800] "GET /xingrg/check_reg.html?_=1635037270321 HTTP/1.1" 200 22
58.39.139.200 - - [24/Oct/2021:09:05:54 +0800] "GET /xingrg/kc/buy/cgsh_order_operate.html?command=get_materiel&rest_code=00105&code=00101008529&supplier_code=00100203&order_time=2021-10-24 HTTP/1.1" 200 402
116.233.72.195 - - [24/Oct/2021:09:05:56 +0800] "GET /xingrg/login.html HTTP/1.1" 200 7641
116.233.72.195 - - [24/Oct/2021:09:05:56 +0800] "GET /xingrg/images/blue/jxLogo.png HTTP/1.1" 200 6156
116.233.72.195 - - [24/Oct/2021:09:05:56 +0800] "GET /xingrg/images/blue/login_bg.png HTTP/1.1" 200 22101
116.233.72.195 - - [24/Oct/2021:09:05:56 +0800] "GET /xingrg/images/blue/srbg.png HTTP/1.1" 200 138
116.233.72.195 - - [24/Oct/2021:09:05:56 +0800] "GET /xingrg/images/blue/hj.png HTTP/1.1" 200 1014
116.233.72.195 - - [24/Oct/2021:09:05:56 +0800] "GET /favicon.ico HTTP/1.1" 404 -
116.227.210.113 - - [24/Oct/2021:09:05:56 +0800] "GET /xingrg/all/function/internal_message.html?_=1635037544613&CODE_STATE=getMsg HTTP/1.1" 200 27
114.85.125.222 - - [24/Oct/2021:09:05:59 +0800] "GET /xingrg/all/function/internal_message.html?_=1635037496840&CODE_STATE=getMsg HTTP/1.1" 200 27
116.238.248.233 - - [24/Oct/2021:09:06:00 +0800] "GET /xingrg/all/function/internal_message.html?_=1635037552085&CODE_STATE=getMsg HTTP/1.1" 200 27
58.39.139.200 - - [24/Oct/2021:09:06:00 +0800] "GET /xingrg/all/function/internal_message.html?_=1635037556417&CODE_STATE=getMsg HTTP/1.1" 200 27
116.238.248.233 - - [24/Oct/2021:09:06:01 +0800] "GET /xingrg/kc/buy/cgsh_order_operate.html?command=get_materiel&rest_code=00150&code=00101009016&supplier_code=00100424&order_time=2021-10-24 HTTP/1.1" 200 412
180.169.147.146 - - [24/Oct/2021:09:06:06 +0800] "GET /xingrg/index.html?sysBaseUrl=http%3A%2F%2F180.169.147.146%3A18081%2Fxingrg%2F&costTime=39×tamp=1592034574635 HTTP/1.1" 302 -
180.169.147.146 - - [24/Oct/2021:09:06:06 +0800] "GET /xingrg/login.html HTTP/1.1" 200 7641
180.169.147.146 - - [24/Oct/2021:09:06:06 +0800] "GET /xingrg/images/blue/jxLogo.png HTTP/1.1" 200 6156
180.169.147.146 - - [24/Oct/2021:09:06:06 +0800] "GET /xingrg/images/blue/login_bg.png HTTP/1.1" 200 22101
180.169.147.146 - - [24/Oct/2021:09:06:06 +0800] "GET /xingrg/images/blue/hj.png HTTP/1.1" 200 1014
180.169.147.146 - - [24/Oct/2021:09:06:06 +0800] "GET /xingrg/images/blue/srbg.png HTTP/1.1" 200 138
58.39.139.200 - - [24/Oct/2021:09:06:07 +0800] "GET /xingrg/kc/buy/cgsh_order_operate.html?command=get_materiel&rest_code=00105&code=00101008275&supplier_code=00100203&order_time=2021-10-24 HTTP/1.1" 200 417
180.169.147.146 - - [24/Oct/2021:09:06:08 +0800] "GET /favicon.ico HTTP/1.1" 404 -
116.233.72.195 - - [24/Oct/2021:09:06:08 +0800] "POST /xingrg/login.do HTTP/1.1" 200 2421
116.233.72.195 - - [24/Oct/2021:09:06:08 +0800] "GET /xingrg/css/blue.css HTTP/1.1" 200 15949
116.233.72.195 - - [24/Oct/2021:09:06:08 +0800] "GET /xingrg/images/blue/pic_top.gif HTTP/1.1" 200 3656
116.233.72.195 - - [24/Oct/2021:09:06:08 +0800] "GET /xingrg/javascript/myfunction.js HTTP/1.1" 200 24559
116.233.72.195 - - [24/Oct/2021:09:06:08 +0800] "GET /xingrg/images/blue/pic_notice.jpg HTTP/1.1" 200 3583
116.233.72.195 - - [24/Oct/2021:09:06:08 +0800] "GET /xingrg/images/blue/error_mid.gif HTTP/1.1" 200 215
116.233.72.195 - - [24/Oct/2021:09:06:08 +0800] "GET /xingrg/images/blue/error_buttom.gif HTTP/1.1" 200 1750
116.233.72.195 - - [24/Oct/2021:09:06:08 +0800] "GET /xingrg/images/blue/error_top.gif HTTP/1.1" 200 1790
116.238.248.233 - - [24/Oct/2021:09:06:08 +0800] "GET /xingrg/kc/buy/cgsh_order_operate.html?command=get_materiel&rest_code=00150&code=00101009013&supplier_code=00100424&order_time=2021-10-24 HTTP/1.1" 200 420
180.169.147.146 - - [24/Oct/2021:09:06:09 +0800] "POST /xingrg/login.do HTTP/1.1" 302 -
180.169.147.146 - - [24/Oct/2021:09:06:09 +0800] "GET /xingrg/index.html?sysBaseUrl=http%3A%2F%2F180.169.147.146%3A18081%2Fxingrg%2F&costTime=78×tamp=1635037569134 HTTP/1.1" 200 17503
180.169.147.146 - - [24/Oct/2021:09:06:09 +0800] "GET /xingrg/javascript/jquery_easy_ui/themes/default/easyui.css HTTP/1.1" 200 26500
180.169.147.146 - - [24/Oct/2021:09:06:09 +0800] "GET /xingrg/javascript/jquery_easy_ui/jquery.easyui.min.js HTTP/1.1" 200 213662
180.169.147.146 - - [24/Oct/2021:09:06:09 +0800] "GET /xingrg/css/form.css HTTP/1.1" 200 893
180.169.147.146 - - [24/Oct/2021:09:06:09 +0800] "GET /xingrg/javascript/jquery-1.4.2.min.js HTTP/1.1" 200 72205
180.169.147.146 - - [24/Oct/2021:09:06:09 +0800] "GET /xingrg/javascript/jquery_easy_ui/easyui-lang-zh_CN.js HTTP/1.1" 200 1900
180.169.147.146 - - [24/Oct/2021:09:06:09 +0800] "GET /xingrg/javascript/jquery_easy_ui/themes/icon.css HTTP/1.1" 200 3949
180.169.147.146 - - [24/Oct/2021:09:06:09 +0800] "GET /xingrg/javascript/jquery.form.js HTTP/1.1" 200 23110
180.169.147.146 - - [24/Oct/2021:09:06:09 +0800] "GET /xingrg/javascript/jquery.utils.js HTTP/1.1" 200 11805
180.169.147.146 - - [24/Oct/2021:09:06:09 +0800] "GET /xingrg/javascript/jquery.timers.js HTTP/1.1" 200 3532
180.169.147.146 - - [24/Oct/2021:09:06:09 +0800] "GET /favicon.ico HTTP/1.1" 404 -
180.169.147.146 - - [24/Oct/2021:09:06:09 +0800] "GET /xingrg/javascript/jquery_easy_ui/themes/icons/settle_new.png HTTP/1.1" 200 826
180.169.147.146 - - [24/Oct/2021:09:06:09 +0800] "GET /xingrg/images/blue/navBackgound.jpg HTTP/1.1" 200 12378
180.169.147.146 - - [24/Oct/2021:09:06:09 +0800] "POST /xingrg/all/common/load_tree.html?tree=area_rest_tree_json&manage=1 HTTP/1.1" 200 3472
180.169.147.146 - - [24/Oct/2021:09:06:09 +0800] "GET /xingrg/check_reg.html?_=1635037563548 HTTP/1.1" 200 22
180.169.147.146 - - [24/Oct/2021:09:06:09 +0800] "GET /xingrg/all/function/internal_message.html?_=1635037563547&CODE_STATE=count HTTP/1.1" 200 11
180.169.147.146 - - [24/Oct/2021:09:06:09 +0800] "GET /xingrg/images/blue/pingpu.png HTTP/1.1" 200 231
180.169.147.146 - - [24/Oct/2021:09:06:09 +0800] "GET /xingrg/javascript/jquery_easy_ui/themes/default/images/tabs_rightarrow.png HTTP/1.1" 200 395
180.169.147.146 - - [24/Oct/2021:09:06:09 +0800] "GET /xingrg/javascript/jquery_easy_ui/themes/default/images/panel_tool_expand.gif HTTP/1.1" 200 247
180.169.147.146 - - [24/Oct/2021:09:06:09 +0800] "GET /xingrg/javascript/jquery_easy_ui/themes/default/images/panel_tool_collapse.gif HTTP/1.1" 200 246
180.169.147.146 - - [24/Oct/2021:09:06:09 +0800] "GET /xingrg/javascript/jquery_easy_ui/themes/default/images/tabs_leftarrow.png HTTP/1.1" 200 389
180.169.147.146 - - [24/Oct/2021:09:06:09 +0800] "POST /xingrg/load_menu.html HTTP/1.1" 200 11564
180.169.147.146 - - [24/Oct/2021:09:06:09 +0800] "GET /xingrg/javascript/jquery_easy_ui/themes/default/images/tree_arrows.gif HTTP/1.1" 200 1043
180.169.147.146 - - [24/Oct/2021:09:06:09 +0800] "GET /xingrg/javascript/jquery_easy_ui/themes/default/images/tree_folder_open.gif HTTP/1.1" 200 956
180.169.147.146 - - [24/Oct/2021:09:06:09 +0800] "GET /xingrg/javascript/jquery_easy_ui/themes/icons/search_new.png HTTP/1.1" 200 586
180.169.147.146 - - [24/Oct/2021:09:06:09 +0800] "GET /xingrg/javascript/jquery_easy_ui/themes/icons/storage_new.png HTTP/1.1" 200 853
180.169.147.146 - - [24/Oct/2021:09:06:09 +0800] "GET /xingrg/javascript/jquery_easy_ui/themes/icons/delivery_new.png HTTP/1.1" 200 700
180.169.147.146 - - [24/Oct/2021:09:06:09 +0800] "GET /xingrg/javascript/jquery_easy_ui/themes/icons/checkout_new.png HTTP/1.1" 200 744
180.169.147.146 - - [24/Oct/2021:09:06:09 +0800] "GET /xingrg/javascript/jquery_easy_ui/themes/icons/forms_new.png HTTP/1.1" 200 350
180.169.147.146 - - [24/Oct/2021:09:06:09 +0800] "GET /xingrg/javascript/jquery_easy_ui/themes/icons/setting_new.png HTTP/1.1" 200 450
180.169.147.146 - - [24/Oct/2021:09:06:09 +0800] "GET /xingrg/javascript/jquery_easy_ui/themes/icons/systemset_new.png HTTP/1.1" 200 606
180.169.147.146 - - [24/Oct/2021:09:06:09 +0800] "GET /xingrg/javascript/jquery_easy_ui/themes/default/images/tree_file.gif HTTP/1.1" 200 118
180.169.147.146 - - [24/Oct/2021:09:06:09 +0800] "GET /xingrg/javascript/jquery_easy_ui/themes/default/images/tree_folder.gif HTTP/1.1" 200 952
180.169.147.146 - - [24/Oct/2021:09:06:11 +0800] "GET /xingrg/kc/report/report_main.html HTTP/1.1" 200 9370
180.169.147.146 - - [24/Oct/2021:09:06:11 +0800] "GET /xingrg/javascript/jquery_easy_ui/themes/default/images/tabs_close.gif HTTP/1.1" 200 829
180.169.147.146 - - [24/Oct/2021:09:06:11 +0800] "GET /xingrg/css/blue.css HTTP/1.1" 200 15949
180.169.147.146 - - [24/Oct/2021:09:06:11 +0800] "GET /xingrg/javascript/pic_change.js HTTP/1.1" 200 4739
180.169.147.146 - - [24/Oct/2021:09:06:11 +0800] "GET /xingrg/javascript/jquery_ui/themes/humanity/humanity.css HTTP/1.1" 200 27801
180.169.147.146 - - [24/Oct/2021:09:06:11 +0800] "GET /xingrg/javascript/myfunction.js HTTP/1.1" 200 24559
180.169.147.146 - - [24/Oct/2021:09:06:11 +0800] "GET /xingrg/javascript/json2.js HTTP/1.1" 200 11259
180.169.147.146 - - [24/Oct/2021:09:06:11 +0800] "GET /xingrg/javascript/jquery_easy_ui/themes/icons/back_new.png HTTP/1.1" 200 3414
180.169.147.146 - - [24/Oct/2021:09:06:14 +0800] "GET /xingrg/all/report/report_query.html?fileName=kc/buy/wlcg_mx.xml HTTP/1.1" 200 51648
180.169.147.146 - - [24/Oct/2021:09:06:14 +0800] "GET /xingrg/javascript/multi_select/jqueryMultiSelect.css HTTP/1.1" 200 951
180.169.147.146 - - [24/Oct/2021:09:06:14 +0800] "GET /xingrg/javascript/calendar/timePicker.css HTTP/1.1" 200 523
180.169.147.146 - - [24/Oct/2021:09:06:14 +0800] "GET /xingrg/javascript/bigrid/fix.css HTTP/1.1" 200 1702
180.169.147.146 - - [24/Oct/2021:09:06:14 +0800] "GET /xingrg/dwr/interface/AjaxReportQueryService.js HTTP/1.1" 200 13203
180.169.147.146 - - [24/Oct/2021:09:06:14 +0800] "GET /xingrg/dwr/util.js HTTP/1.1" 200 35990
180.169.147.146 - - [24/Oct/2021:09:06:14 +0800] "GET /xingrg/dwr/engine.js HTTP/1.1" 200 43631
180.169.147.146 - - [24/Oct/2021:09:06:14 +0800] "GET /xingrg/javascript/jqueryMultiSelect.js HTTP/1.1" 200 11866
180.169.147.146 - - [24/Oct/2021:09:06:14 +0800] "GET /xingrg/javascript/calendar/jquery.timePicker.min.js HTTP/1.1" 200 2997
180.169.147.146 - - [24/Oct/2021:09:06:14 +0800] "GET /xingrg/javascript/Calendar.js HTTP/1.1" 200 31561
180.169.147.146 - - [24/Oct/2021:09:06:14 +0800] "GET /xingrg/javascript/bigrid/fix.js HTTP/1.1" 200 6439
116.238.248.233 - - [24/Oct/2021:09:06:14 +0800] "POST /xingrg/kc/buy/cgsh_order_operate.html HTTP/1.1" 200 37
180.169.147.146 - - [24/Oct/2021:09:06:14 +0800] "GET /xingrg/images/control/loading.gif HTTP/1.1" 200 13463
180.169.147.146 - - [24/Oct/2021:09:06:14 +0800] "GET /xingrg/images/blue/button/advanceover.gif HTTP/1.1" 200 1347
180.169.147.146 - - [24/Oct/2021:09:06:14 +0800] "GET /xingrg/images/blue/button/advance2over.gif HTTP/1.1" 200 1336
180.169.147.146 - - [24/Oct/2021:09:06:14 +0800] "GET /xingrg/images/blue/button/backover.gif HTTP/1.1" 200 1348
180.169.147.146 - - [24/Oct/2021:09:06:14 +0800] "GET /xingrg/images/blue/button/back2over.gif HTTP/1.1" 200 1335
180.169.147.146 - - [24/Oct/2021:09:06:14 +0800] "GET /xingrg/javascript/jquery_easy_ui/themes/icons/help.png HTTP/1.1" 200 1187
180.169.147.146 - - [24/Oct/2021:09:06:14 +0800] "GET /xingrg/javascript/jquery_easy_ui/themes/default/images/menu_downarrow.png HTTP/1.1" 200 173
180.169.147.146 - - [24/Oct/2021:09:06:14 +0800] "GET /xingrg/javascript/jquery_easy_ui/themes/default/images/button_a_bg.gif HTTP/1.1" 200 1194
180.169.147.146 - - [24/Oct/2021:09:06:14 +0800] "POST /xingrg/dwr/call/plaincall/AjaxReportQueryService.getFixDate.dwr HTTP/1.1" 200 111
180.169.147.146 - - [24/Oct/2021:09:06:14 +0800] "GET /xingrg/javascript/jquery_easy_ui/themes/default/images/menu.gif HTTP/1.1" 200 834
180.169.147.146 - - [24/Oct/2021:09:06:14 +0800] "GET /xingrg/javascript/jquery_easy_ui/themes/default/images/menu_rightarrow.png HTTP/1.1" 200 3617
180.169.147.146 - - [24/Oct/2021:09:06:14 +0800] "GET /xingrg/javascript/jquery_easy_ui/themes/icons/pencil.png HTTP/1.1" 200 713
180.169.147.146 - - [24/Oct/2021:09:06:14 +0800] "GET /xingrg/javascript/jquery_easy_ui/themes/icons/print.png HTTP/1.1" 200 1057
180.169.147.146 - - [24/Oct/2021:09:06:14 +0800] "POST /xingrg/dwr/call/plaincall/AjaxReportQueryService.getInitString.dwr HTTP/1.1" 200 27682
180.169.147.146 - - [24/Oct/2021:09:06:14 +0800] "GET /xingrg/javascript/multi_select/dropdown.gif HTTP/1.1" 200 61
180.169.147.146 - - [24/Oct/2021:09:06:14 +0800] "POST /xingrg/dwr/call/plaincall/AjaxReportQueryService.getInitString.dwr HTTP/1.1" 200 417
180.169.147.146 - - [24/Oct/2021:09:06:14 +0800] "POST /xingrg/dwr/call/plaincall/AjaxReportQueryService.getInitString.dwr HTTP/1.1" 200 125
116.238.248.233 - - [24/Oct/2021:09:06:15 +0800] "POST /xingrg/kc/buy/cgsh_order_operate.html HTTP/1.1" 200 6208
180.169.147.146 - - [24/Oct/2021:09:06:16 +0800] "POST /xingrg/dwr/call/plaincall/AjaxReportQueryService.getFixDate.dwr HTTP/1.1" 200 111
58.39.139.200 - - [24/Oct/2021:09:06:18 +0800] "GET /xingrg/kc/buy/cgsh_order_operate.html?command=get_materiel&rest_code=00105&code=00101008405&supplier_code=00100203&order_time=2021-10-24 HTTP/1.1" 200 413
222.69.135.237 - - [24/Oct/2021:09:06:21 +0800] "GET /xingrg/all/function/internal_message.html?_=1635037575721&CODE_STATE=getMsg HTTP/1.1" 200 27
180.169.147.146 - - [24/Oct/2021:09:06:24 +0800] "POST /xingrg/dwr/call/plaincall/AjaxReportQueryService.refreshCache.dwr HTTP/1.1" 200 78
58.39.139.200 - - [24/Oct/2021:09:06:26 +0800] "GET /xingrg/kc/buy/cgsh_order_operate.html?command=get_materiel&rest_code=00105&code=00101008330&supplier_code=00100203&order_time=2021-10-24 HTTP/1.1" 200 409
180.169.147.146 - - [24/Oct/2021:09:06:33 +0800] "POST /xingrg/all/report/load_report_page.html HTTP/1.1" 200 89
58.39.139.200 - - [24/Oct/2021:09:06:36 +0800] "GET /xingrg/kc/buy/cgsh_order_operate.html?command=get_materiel&rest_code=00105&code=00101008132&supplier_code=00100203&order_time=2021-10-24 HTTP/1.1" 200 408
222.70.171.86 - - [24/Oct/2021:09:06:37 +0800] "GET /xingrg/all/function/internal_message.html?_=1635037614006&CODE_STATE=getMsg HTTP/1.1" 302 -
180.169.147.146 - - [24/Oct/2021:09:06:38 +0800] "POST /xingrg/dwr/call/plaincall/AjaxReportQueryService.refreshCache.dwr HTTP/1.1" 200 78
222.70.171.86 - - [24/Oct/2021:09:06:38 +0800] "GET /xingrg/all/function/internal_message.html?_=1635037618713&CODE_STATE=getMsg HTTP/1.1" 200 27
180.169.147.146 - - [24/Oct/2021:09:06:42 +0800] "POST /xingrg/all/report/load_report_page.html HTTP/1.1" 200 89
101.85.106.134 - - [24/Oct/2021:09:06:42 +0800] "GET /xingrg/all/function/internal_message.html?_=1635037596863&CODE_STATE=getMsg HTTP/1.1" 200 27
58.39.139.200 - - [24/Oct/2021:09:06:48 +0800] "GET /xingrg/kc/buy/cgsh_order_operate.html?command=get_materiel&rest_code=00105&code=00101008244&supplier_code=00100203&order_time=2021-10-24 HTTP/1.1" 200 408
114.85.125.222 - - [24/Oct/2021:09:06:48 +0800] "GET /xingrg/check_reg.html?_=1635037546097 HTTP/1.1" 200 22
180.169.147.146 - - [24/Oct/2021:09:06:50 +0800] "GET /xingrg/javascript/jquery_easy_ui/themes/default/images/button_plain_hover.png HTTP/1.1" 200 252
180.169.147.146 - - [24/Oct/2021:09:06:51 +0800] "POST /xingrg/dwr/call/plaincall/AjaxReportQueryService.refreshCache.dwr HTTP/1.1" 200 78
222.70.179.155 - - [24/Oct/2021:09:06:54 +0800] "GET /xingrg/all/function/internal_message.html?_=1635037330307&CODE_STATE=getMsg HTTP/1.1" 200 27
180.169.147.146 - - [24/Oct/2021:09:06:55 +0800] "POST /xingrg/all/report/load_report_page.html HTTP/1.1" 200 68964
180.169.147.146 - - [24/Oct/2021:09:06:56 +0800] "GET /xingrg/servlets/image?cache=0.01626885283635482&image=px HTTP/1.1" 200 807
116.227.210.113 - - [24/Oct/2021:09:06:56 +0800] "GET /xingrg/check_reg.html?_=1635037604616 HTTP/1.1" 200 22
116.227.210.113 - - [24/Oct/2021:09:06:56 +0800] "GET /xingrg/all/function/internal_message.html?_=1635037604620&CODE_STATE=getMsg HTTP/1.1" 200 27
58.39.139.200 - - [24/Oct/2021:09:06:57 +0800] "GET /xingrg/kc/buy/cgsh_order_operate.html?command=get_materiel&rest_code=00105&code=00101008351&supplier_code=00100203&order_time=2021-10-24 HTTP/1.1" 200 408
114.85.125.222 - - [24/Oct/2021:09:06:59 +0800] "GET /xingrg/all/function/internal_message.html?_=1635037556842&CODE_STATE=getMsg HTTP/1.1" 200 27
116.238.248.233 - - [24/Oct/2021:09:07:00 +0800] "GET /xingrg/check_reg.html?_=1635037612088 HTTP/1.1" 200 22
116.238.248.233 - - [24/Oct/2021:09:07:00 +0800] "GET /xingrg/all/function/internal_message.html?_=1635037612084&CODE_STATE=getMsg HTTP/1.1" 200 27
58.39.139.200 - - [24/Oct/2021:09:07:00 +0800] "GET /xingrg/all/function/internal_message.html?_=1635037616351&CODE_STATE=getMsg HTTP/1.1" 200 27
180.169.147.146 - - [24/Oct/2021:09:07:00 +0800] "GET /xingrg/kc/buy/cgth_order_info.html?isLook=1&code=232021061000006 HTTP/1.1" 200 64402
180.169.147.146 - - [24/Oct/2021:09:07:00 +0800] "GET /xingrg/javascript/auto/jquery.autocomplete.css HTTP/1.1" 200 587
180.169.147.146 - - [24/Oct/2021:09:07:00 +0800] "GET /xingrg/javascript/auto/jquery.autocomplete.js HTTP/1.1" 200 21624
180.169.147.146 - - [24/Oct/2021:09:07:00 +0800] "GET /xingrg/javascript/tools/jquery.qtip-1.0.0-rc3.min.js HTTP/1.1" 200 38404
180.169.147.146 - - [24/Oct/2021:09:07:00 +0800] "GET /xingrg/dwr/interface/AjaxComOrderService.js HTTP/1.1" 200 18264
180.169.147.146 - - [24/Oct/2021:09:07:00 +0800] "GET /xingrg/dwr/interface/AjaxCgthService.js HTTP/1.1" 200 14519
180.169.147.146 - - [24/Oct/2021:09:07:00 +0800] "GET /xingrg/dwr/engine.js HTTP/1.1" 200 43631
180.169.147.146 - - [24/Oct/2021:09:07:00 +0800] "GET /xingrg/javascript/AjaxInfoList.js HTTP/1.1" 200 3774
180.169.147.146 - - [24/Oct/2021:09:07:00 +0800] "GET /xingrg/javascript/ToolTips.js HTTP/1.1" 200 5615
180.169.147.146 - - [24/Oct/2021:09:07:00 +0800] "GET /xingrg/javascript/convert.js HTTP/1.1" 200 1239
180.169.147.146 - - [24/Oct/2021:09:07:00 +0800] "GET /xingrg/javascript/print/kc_print.js HTTP/1.1" 200 11415
180.169.147.146 - - [24/Oct/2021:09:07:00 +0800] "GET /xingrg/javascript/Grid.js HTTP/1.1" 200 58908
180.169.147.146 - - [24/Oct/2021:09:07:00 +0800] "GET /xingrg/javascript/print/LodopFuncs.js HTTP/1.1" 200 5121
58.39.139.200 - - [24/Oct/2021:09:07:01 +0800] "POST /xingrg/kc/buy/cgsh_order_operate.html HTTP/1.1" 200 2065
180.169.147.146 - - [24/Oct/2021:09:07:01 +0800] "GET /xingrg/javascript/jquery_easy_ui/themes/icons/edit_add_new.png HTTP/1.1" 200 2997
180.169.147.146 - - [24/Oct/2021:09:07:01 +0800] "GET /xingrg/javascript/jquery_easy_ui/themes/icons/uncheck_new.png HTTP/1.1" 200 3197
180.169.147.146 - - [24/Oct/2021:09:07:01 +0800] "GET /xingrg/javascript/jquery_easy_ui/themes/default/images/calendar_prevmonth.gif HTTP/1.1" 200 66
180.169.147.146 - - [24/Oct/2021:09:07:01 +0800] "GET /xingrg/javascript/jquery_easy_ui/themes/default/images/combo_arrow_dot.gif HTTP/1.1" 200 79
180.169.147.146 - - [24/Oct/2021:09:07:01 +0800] "GET /xingrg/javascript/jquery_easy_ui/themes/default/images/calendar_nextmonth.gif HTTP/1.1" 200 64
180.169.147.146 - - [24/Oct/2021:09:07:01 +0800] "GET /xingrg/javascript/jquery_easy_ui/themes/default/images/calendar_prevyear.gif HTTP/1.1" 200 76
180.169.147.146 - - [24/Oct/2021:09:07:01 +0800] "GET /xingrg/javascript/jquery_easy_ui/themes/default/images/calendar_nextyear.gif HTTP/1.1" 200 75
180.169.147.146 - - [24/Oct/2021:09:07:01 +0800] "POST /xingrg/all/common/load_tree.html?tree=supplier_tree_json&isDelete=1 HTTP/1.1" 200 60167
180.169.147.146 - - [24/Oct/2021:09:07:01 +0800] "GET /xingrg/images/blue/wait.gif HTTP/1.1" 200 1100
180.169.147.146 - - [24/Oct/2021:09:07:01 +0800] "GET /xingrg/images/blue/kc_tab_left.gif HTTP/1.1" 200 188
180.169.147.146 - - [24/Oct/2021:09:07:01 +0800] "GET /xingrg/images/blue/kc_tab_mid.gif HTTP/1.1" 200 44
180.169.147.146 - - [24/Oct/2021:09:07:01 +0800] "GET /xingrg/images/blue/kc_tab_right.gif HTTP/1.1" 200 643
180.169.147.146 - - [24/Oct/2021:09:07:01 +0800] "GET /favicon.ico HTTP/1.1" 404 -
180.169.147.146 - - [24/Oct/2021:09:07:02 +0800] "POST /xingrg/dwr/call/plaincall/AjaxCgthService.loadMaterielItems.dwr HTTP/1.1" 200 4625
58.39.139.200 - - [24/Oct/2021:09:07:02 +0800] "POST /xingrg/kc/buy/cgsh_order_operate.html HTTP/1.1" 200 2065
180.169.147.146 - - [24/Oct/2021:09:07:09 +0800] "GET /xingrg/all/function/internal_message.html?_=1635037623568&CODE_STATE=getMsg HTTP/1.1" 200 27
222.69.135.237 - - [24/Oct/2021:09:07:21 +0800] "GET /xingrg/all/function/internal_message.html?_=1635037635735&CODE_STATE=getMsg HTTP/1.1" 200 27
180.169.147.146 - - [24/Oct/2021:09:07:25 +0800] "POST /xingrg/dwr/call/plaincall/AjaxReportQueryService.refreshCache.dwr HTTP/1.1" 200 78
180.169.147.146 - - [24/Oct/2021:09:07:28 +0800] "POST /xingrg/all/report/load_report_page.html HTTP/1.1" 200 33896
180.169.147.146 - - [24/Oct/2021:09:07:28 +0800] "GET /xingrg/servlets/image?cache=0.024900780909546838&image=px HTTP/1.1" 200 807
58.39.139.200 - - [24/Oct/2021:09:07:29 +0800] "GET /xingrg/kc/buy/cgsh_order_operate.html?command=get_materiel&rest_code=00105&code=00101008038&supplier_code=00100203&order_time=2021-10-24 HTTP/1.1" 200 412
180.169.147.146 - - [24/Oct/2021:09:07:34 +0800] "GET /xingrg/kc/buy/cgsh_order_info.html?isLook=1&code=212021081607433 HTTP/1.1" 200 58910
180.169.147.146 - - [24/Oct/2021:09:07:34 +0800] "GET /xingrg/css/base.css HTTP/1.1" 200 2811
180.169.147.146 - - [24/Oct/2021:09:07:34 +0800] "GET /xingrg/css/site.css HTTP/1.1" 200 7541
180.169.147.146 - - [24/Oct/2021:09:07:34 +0800] "GET /xingrg/javascript/jquery_tools/datebox.css HTTP/1.1" 200 2597
180.169.147.146 - - [24/Oct/2021:09:07:34 +0800] "GET /xingrg/javascript/easyui/themes/icon.css HTTP/1.1" 200 4483
180.169.147.146 - - [24/Oct/2021:09:07:34 +0800] "GET /xingrg/javascript/easyui/themes/default/easyui.css HTTP/1.1" 200 30432
180.169.147.146 - - [24/Oct/2021:09:07:34 +0800] "GET /xingrg/javascript/jquery_tools/fix.css HTTP/1.1" 200 1702
180.169.147.146 - - [24/Oct/2021:09:07:34 +0800] "GET /xingrg/javascript/jquery_tools/table.css HTTP/1.1" 200 1032
180.169.147.146 - - [24/Oct/2021:09:07:34 +0800] "GET /xingrg/javascript/jquery_tools/jquery.tools.min.js HTTP/1.1" 200 138801
180.169.147.146 - - [24/Oct/2021:09:07:34 +0800] "GET /xingrg/javascript/jquery_tools/jquery.tools.hotkey.js HTTP/1.1" 200 3242
180.169.147.146 - - [24/Oct/2021:09:07:34 +0800] "GET /xingrg/javascript/jquery_tools/jquery.tools.extend.js HTTP/1.1" 200 15385
180.169.147.146 - - [24/Oct/2021:09:07:34 +0800] "GET /xingrg/javascript/jquery_tools/order_manager.js HTTP/1.1" 200 11183
180.169.147.146 - - [24/Oct/2021:09:07:34 +0800] "GET /xingrg/javascript/jquery_tools/jquery.tools.table.js HTTP/1.1" 200 6994
180.169.147.146 - - [24/Oct/2021:09:07:34 +0800] "GET /xingrg/javascript/jquery.cookie.js HTTP/1.1" 200 5513
180.169.147.146 - - [24/Oct/2021:09:07:34 +0800] "GET /xingrg/javascript/easyui/easyloader.js HTTP/1.1" 200 5975
180.169.147.146 - - [24/Oct/2021:09:07:34 +0800] "GET /xingrg/words/20211023182310_words.js HTTP/1.1" 200 859893
180.169.147.146 - - [24/Oct/2021:09:07:34 +0800] "GET /xingrg/javascript/easyui/themes/icons/edit_add_new.png HTTP/1.1" 200 2997
180.169.147.146 - - [24/Oct/2021:09:07:34 +0800] "GET /xingrg/javascript/easyui/themes/icons/copy_new.png HTTP/1.1" 200 815
180.169.147.146 - - [24/Oct/2021:09:07:34 +0800] "GET /xingrg/javascript/easyui/themes/icons/uncheck_new.png HTTP/1.1" 200 3197
180.169.147.146 - - [24/Oct/2021:09:07:34 +0800] "GET /xingrg/javascript/easyui/themes/icons/print.png HTTP/1.1" 200 1057
180.169.147.146 - - [24/Oct/2021:09:07:34 +0800] "GET /xingrg/javascript/easyui/themes/default/images/menu_downarrow.png HTTP/1.1" 200 173
180.169.147.146 - - [24/Oct/2021:09:07:34 +0800] "GET /xingrg/javascript/easyui/themes/icons/cancel.png HTTP/1.1" 200 1133
180.169.147.146 - - [24/Oct/2021:09:07:34 +0800] "GET /xingrg/javascript/easyui/plugins/jquery.parser.js HTTP/1.1" 200 1142
180.169.147.146 - - [24/Oct/2021:09:07:34 +0800] "GET /xingrg/images/control/ajaxLoader.gif HTTP/1.1" 200 4659
180.169.147.146 - - [24/Oct/2021:09:07:34 +0800] "GET /favicon.ico HTTP/1.1" 404 -
180.169.147.146 - - [24/Oct/2021:09:07:34 +0800] "GET /xingrg/javascript/easyui/themes/default/validatebox.css HTTP/1.1" 404 1104
180.169.147.146 - - [24/Oct/2021:09:07:34 +0800] "GET /xingrg/javascript/easyui/plugins/jquery.validatebox.js HTTP/1.1" 200 6103
180.169.147.146 - - [24/Oct/2021:09:07:34 +0800] "GET /xingrg/javascript/easyui/plugins/jquery.numberbox.js HTTP/1.1" 200 5213
180.169.147.146 - - [24/Oct/2021:09:07:35 +0800] "POST /xingrg/kc/buy/cgsh_order_operate.html HTTP/1.1" 200 622
180.169.147.146 - - [24/Oct/2021:09:07:35 +0800] "GET /xingrg/javascript/easyui/themes/icons/edit_remove.png HTTP/1.1" 200 625
222.70.171.86 - - [24/Oct/2021:09:07:37 +0800] "GET /xingrg/all/function/internal_message.html?_=1635037674023&CODE_STATE=getMsg HTTP/1.1" 302 -
222.70.171.86 - - [24/Oct/2021:09:07:38 +0800] "GET /xingrg/all/function/internal_message.html?_=1635037678727&CODE_STATE=getMsg HTTP/1.1" 200 27
58.39.139.200 - - [24/Oct/2021:09:07:42 +0800] "GET /xingrg/kc/buy/cgsh_order_operate.html?command=get_materiel&rest_code=00105&code=00101008224&supplier_code=00100203&order_time=2021-10-24 HTTP/1.1" 200 416
101.85.106.134 - - [24/Oct/2021:09:07:42 +0800] "GET /xingrg/check_reg.html?_=1635037656864 HTTP/1.1" 200 22
101.85.106.134 - - [24/Oct/2021:09:07:42 +0800] "GET /xingrg/all/function/internal_message.html?_=1635037656866&CODE_STATE=getMsg HTTP/1.1" 200 27
222.70.179.155 - - [24/Oct/2021:09:07:54 +0800] "GET /xingrg/all/function/internal_message.html?_=1635037390321&CODE_STATE=getMsg HTTP/1.1" 200 27
116.227.210.113 - - [24/Oct/2021:09:07:56 +0800] "GET /xingrg/all/function/internal_message.html?_=1635037664608&CODE_STATE=getMsg HTTP/1.1" 200 27
114.85.125.222 - - [24/Oct/2021:09:07:59 +0800] "GET /xingrg/all/function/internal_message.html?_=1635037616855&CODE_STATE=getMsg HTTP/1.1" 200 27
116.238.248.233 - - [24/Oct/2021:09:08:00 +0800] "GET /xingrg/all/function/internal_message.html?_=1635037672100&CODE_STATE=getMsg HTTP/1.1" 200 27
58.39.139.200 - - [24/Oct/2021:09:08:00 +0800] "GET /xingrg/check_reg.html?_=1635037676436 HTTP/1.1" 200 22
58.39.139.200 - - [24/Oct/2021:09:08:00 +0800] "GET /xingrg/all/function/internal_message.html?_=1635037676437&CODE_STATE=getMsg HTTP/1.1" 200 27
180.169.147.146 - - [24/Oct/2021:09:08:08 +0800] "GET /xingrg/javascript/easyui/themes/default/images/button_plain_hover.png HTTP/1.1" 200 144
180.169.147.146 - - [24/Oct/2021:09:08:09 +0800] "GET /xingrg/all/function/internal_message.html?_=1635037683564&CODE_STATE=getMsg HTTP/1.1" 200 27
222.69.135.237 - - [24/Oct/2021:09:08:21 +0800] "GET /xingrg/all/function/internal_message.html?_=1635037695735&CODE_STATE=getMsg HTTP/1.1" 200 27
180.169.147.146 - - [24/Oct/2021:09:08:30 +0800] "GET /xingrg/kc/buy/cgsh_order_info.html?isLook=1&code=212021081205465 HTTP/1.1" 200 58910
180.169.147.146 - - [24/Oct/2021:09:08:30 +0800] "GET /favicon.ico HTTP/1.1" 404 -
180.169.147.146 - - [24/Oct/2021:09:08:30 +0800] "GET /xingrg/javascript/easyui/themes/default/validatebox.css HTTP/1.1" 404 1104
180.169.147.146 - - [24/Oct/2021:09:08:30 +0800] "POST /xingrg/kc/buy/cgsh_order_operate.html HTTP/1.1" 200 623
180.169.147.146 - - [24/Oct/2021:09:08:35 +0800] "GET /xingrg/kc/buy/cgsh_order_info.html?isLook=1&code=212021081607433 HTTP/1.1" 200 58910
180.169.147.146 - - [24/Oct/2021:09:08:35 +0800] "GET /favicon.ico HTTP/1.1" 404 -
180.169.147.146 - - [24/Oct/2021:09:08:35 +0800] "GET /xingrg/javascript/easyui/themes/default/validatebox.css HTTP/1.1" 404 1104
180.169.147.146 - - [24/Oct/2021:09:08:36 +0800] "POST /xingrg/kc/buy/cgsh_order_operate.html HTTP/1.1" 200 622
116.233.72.195 - - [24/Oct/2021:09:08:36 +0800] "GET /xingrg/login.html HTTP/1.1" 200 7641
222.70.171.86 - - [24/Oct/2021:09:08:37 +0800] "GET /xingrg/all/function/internal_message.html?_=1635037734033&CODE_STATE=getMsg HTTP/1.1" 302 -
222.70.171.86 - - [24/Oct/2021:09:08:38 +0800] "GET /xingrg/all/function/internal_message.html?_=1635037738766&CODE_STATE=getMsg HTTP/1.1" 200 27
101.85.106.134 - - [24/Oct/2021:09:08:42 +0800] "GET /xingrg/all/function/internal_message.html?_=1635037716866&CODE_STATE=getMsg HTTP/1.1" 200 27
116.233.72.195 - - [24/Oct/2021:09:08:44 +0800] "POST /xingrg/login.do HTTP/1.1" 302 -
