116.233.72.195 - - [24/Oct/2021:09:21:30 +0800] "GET /xingrg/kc/buy/cgsh_order_operate.html?command=get_materiel&rest_code=00109&code=00101015004&supplier_code=00100005&order_time=2021-10-24 HTTP/1.1" 200 409
116.238.248.233 - - [24/Oct/2021:09:21:37 +0800] "GET /xingrg/kc/buy/cgsh_order_operate.html?command=get_materiel&rest_code=00150&code=00101008224&supplier_code=00100007&order_time=2021-10-24 HTTP/1.1" 200 416
222.70.171.86 - - [24/Oct/2021:09:21:38 +0800] "GET /xingrg/all/function/internal_message.html?_=1635038514210&CODE_STATE=getMsg HTTP/1.1" 302 -
222.70.171.86 - - [24/Oct/2021:09:21:39 +0800] "GET /xingrg/all/function/internal_message.html?_=1635038518933&CODE_STATE=getMsg HTTP/1.1" 200 27
101.85.106.134 - - [24/Oct/2021:09:21:42 +0800] "GET /xingrg/all/function/internal_message.html?_=1635038496892&CODE_STATE=getMsg HTTP/1.1" 200 27
116.238.248.233 - - [24/Oct/2021:09:21:44 +0800] "POST /xingrg/kc/buy/cgsh_order_operate.html HTTP/1.1" 200 2065
116.233.72.195 - - [24/Oct/2021:09:21:44 +0800] "GET /xingrg/all/function/internal_message.html?_=1635038500144&CODE_STATE=getMsg HTTP/1.1" 200 27
58.39.139.200 - - [24/Oct/2021:09:21:46 +0800] "POST /xingrg/kc/buy/cgsh_order_operate.html HTTP/1.1" 200 2065
222.70.179.155 - - [24/Oct/2021:09:21:47 +0800] "GET /xingrg/all/function/internal_message.html?_=1635038501476&CODE_STATE=getMsg HTTP/1.1" 200 27
114.85.125.222 - - [24/Oct/2021:09:21:48 +0800] "GET /xingrg/check_reg.html?_=1635038446110 HTTP/1.1" 200 22
120.253.135.82 - - [24/Oct/2021:09:21:49 +0800] "GET /xingrg/all/function/internal_message.html?_=1635038501442&CODE_STATE=getMsg HTTP/1.1" 200 27
116.238.248.233 - - [24/Oct/2021:09:21:53 +0800] "GET /xingrg/kc/buy/cgsh_order_operate.html?command=get_materiel&rest_code=00150&code=00101008223&supplier_code=00100007&order_time=2021-10-24 HTTP/1.1" 200 412
222.70.179.155 - - [24/Oct/2021:09:21:54 +0800] "GET /xingrg/all/function/internal_message.html?_=1635038230330&CODE_STATE=getMsg HTTP/1.1" 200 27
120.253.135.82 - - [24/Oct/2021:09:21:54 +0800] "POST /xingrg/kc/base/stock_operate.html HTTP/1.1" 200 1468
58.39.139.200 - - [24/Oct/2021:09:21:55 +0800] "GET /xingrg/kc/buy/cgsh_order_operate.html?command=get_materiel&rest_code=00105&code=00101008108&supplier_code=00100203&order_time=2021-10-24 HTTP/1.1" 200 412
116.227.210.113 - - [24/Oct/2021:09:21:56 +0800] "GET /xingrg/all/function/internal_message.html?_=1635038504602&CODE_STATE=getMsg HTTP/1.1" 200 27
116.227.210.113 - - [24/Oct/2021:09:21:56 +0800] "GET /xingrg/check_reg.html?_=1635038504603 HTTP/1.1" 200 22
120.253.135.82 - - [24/Oct/2021:09:21:57 +0800] "POST /xingrg/kc/base/stock_operate.html HTTP/1.1" 200 1468
120.253.135.82 - - [24/Oct/2021:09:21:58 +0800] "POST /xingrg/kc/base/stock_operate.html HTTP/1.1" 200 1468
114.85.125.222 - - [24/Oct/2021:09:21:59 +0800] "GET /xingrg/all/function/internal_message.html?_=1635038457062&CODE_STATE=getMsg HTTP/1.1" 200 27
120.253.135.82 - - [24/Oct/2021:09:22:00 +0800] "POST /xingrg/kc/base/stock_operate.html HTTP/1.1" 200 1468
116.238.248.233 - - [24/Oct/2021:09:22:00 +0800] "GET /xingrg/check_reg.html?_=1635038512171 HTTP/1.1" 200 22
116.238.248.233 - - [24/Oct/2021:09:22:00 +0800] "GET /xingrg/all/function/internal_message.html?_=1635038512200&CODE_STATE=getMsg HTTP/1.1" 200 27
58.39.139.200 - - [24/Oct/2021:09:22:00 +0800] "GET /xingrg/all/function/internal_message.html?_=1635038516497&CODE_STATE=getMsg HTTP/1.1" 200 27
116.238.248.233 - - [24/Oct/2021:09:22:00 +0800] "GET /xingrg/kc/buy/cgsh_order_operate.html?command=get_materiel&rest_code=00150&code=00101008230&supplier_code=00100007&order_time=2021-10-24 HTTP/1.1" 200 408
120.253.135.82 - - [24/Oct/2021:09:22:08 +0800] "POST /xingrg/kc/base/stock_operate.html HTTP/1.1" 200 2193
120.253.135.82 - - [24/Oct/2021:09:22:09 +0800] "GET /xingrg/all/function/internal_message.html?_=1635038293855&CODE_STATE=getMsg HTTP/1.1" 200 27
120.253.135.82 - - [24/Oct/2021:09:22:10 +0800] "POST /xingrg/kc/base/stock_operate.html HTTP/1.1" 200 2193
58.39.139.200 - - [24/Oct/2021:09:22:11 +0800] "GET /xingrg/kc/buy/cgsh_order_operate.html?command=get_materiel&rest_code=00105&code=00101008353&supplier_code=00100203&order_time=2021-10-24 HTTP/1.1" 200 408
120.253.135.82 - - [24/Oct/2021:09:22:14 +0800] "POST /xingrg/kc/base/stock_operate.html HTTP/1.1" 200 2193
116.238.248.233 - - [24/Oct/2021:09:22:16 +0800] "POST /xingrg/kc/buy/cgsh_order_operate.html HTTP/1.1" 200 2065
222.69.135.237 - - [24/Oct/2021:09:22:21 +0800] "GET /xingrg/all/function/internal_message.html?_=1635038535789&CODE_STATE=getMsg HTTP/1.1" 200 27
58.39.139.200 - - [24/Oct/2021:09:22:31 +0800] "GET /xingrg/kc/buy/cgsh_order_operate.html?command=get_materiel&rest_code=00105&code=00101010136&supplier_code=00100203&order_time=2021-10-24 HTTP/1.1" 200 408
222.70.171.86 - - [24/Oct/2021:09:22:38 +0800] "GET /xingrg/all/function/internal_message.html?_=1635038574226&CODE_STATE=getMsg HTTP/1.1" 302 -
222.70.171.86 - - [24/Oct/2021:09:22:39 +0800] "GET /xingrg/all/function/internal_message.html?_=1635038578946&CODE_STATE=getMsg HTTP/1.1" 200 27
101.85.106.134 - - [24/Oct/2021:09:22:42 +0800] "GET /xingrg/check_reg.html?_=1635038556879 HTTP/1.1" 200 22
101.85.106.134 - - [24/Oct/2021:09:22:42 +0800] "GET /xingrg/all/function/internal_message.html?_=1635038556880&CODE_STATE=getMsg HTTP/1.1" 200 27
116.233.72.195 - - [24/Oct/2021:09:22:44 +0800] "GET /xingrg/all/function/internal_message.html?_=1635038560145&CODE_STATE=getMsg HTTP/1.1" 200 27
222.70.179.155 - - [24/Oct/2021:09:22:47 +0800] "GET /xingrg/all/function/internal_message.html?_=1635038561476&CODE_STATE=getMsg HTTP/1.1" 200 27
120.253.135.82 - - [24/Oct/2021:09:22:49 +0800] "GET /xingrg/all/function/internal_message.html?_=1635038561428&CODE_STATE=getMsg HTTP/1.1" 200 27
120.253.135.82 - - [24/Oct/2021:09:22:54 +0800] "POST /xingrg/kc/base/stock_operate.html HTTP/1.1" 200 2181
222.70.179.155 - - [24/Oct/2021:09:22:54 +0800] "GET /xingrg/all/function/internal_message.html?_=1635038290325&CODE_STATE=getMsg HTTP/1.1" 200 27
222.70.179.155 - - [24/Oct/2021:09:22:56 +0800] "GET /xingrg/kc/base/base_main.html HTTP/1.1" 200 12142
222.70.179.155 - - [24/Oct/2021:09:22:56 +0800] "GET /xingrg/images/blue/button/wlsy.gif HTTP/1.1" 200 2536
222.70.179.155 - - [24/Oct/2021:09:22:56 +0800] "GET /xingrg/images/blue/button/yddb.gif HTTP/1.1" 200 2040
222.70.179.155 - - [24/Oct/2021:09:22:56 +0800] "GET /xingrg/images/blue/button/ckdb.gif HTTP/1.1" 200 1950
222.70.179.155 - - [24/Oct/2021:09:22:56 +0800] "GET /xingrg/images/blue/button/ckpd.gif HTTP/1.1" 200 2051
222.70.179.155 - - [24/Oct/2021:09:22:56 +0800] "GET /xingrg/images/blue/button/top_left.jpg HTTP/1.1" 200 1632
222.70.179.155 - - [24/Oct/2021:09:22:56 +0800] "GET /xingrg/images/blue/button/top_right.jpg HTTP/1.1" 200 1708
222.70.179.155 - - [24/Oct/2021:09:22:56 +0800] "GET /xingrg/images/blue/button/left_ah.jpg HTTP/1.1" 200 1643
222.70.179.155 - - [24/Oct/2021:09:22:56 +0800] "GET /xingrg/images/blue/button/down.jpg HTTP/1.1" 200 1560
222.70.179.155 - - [24/Oct/2021:09:22:56 +0800] "GET /xingrg/images/blue/button/bottom_right.jpg HTTP/1.1" 200 1436
222.70.179.155 - - [24/Oct/2021:09:22:56 +0800] "GET /xingrg/images/blue/button/bottom_left.jpg HTTP/1.1" 200 1524
116.227.210.113 - - [24/Oct/2021:09:22:56 +0800] "GET /xingrg/all/function/internal_message.html?_=1635038564606&CODE_STATE=getMsg HTTP/1.1" 200 27
222.70.179.155 - - [24/Oct/2021:09:22:57 +0800] "GET /xingrg/kc/base/wldb_order_list.html HTTP/1.1" 200 19224
222.70.179.155 - - [24/Oct/2021:09:22:58 +0800] "POST /xingrg/kc/base/wldb_list_operate.html HTTP/1.1" 200 928
58.39.139.200 - - [24/Oct/2021:09:22:59 +0800] "POST /xingrg/kc/buy/cgsh_order_operate.html HTTP/1.1" 200 37
114.85.125.222 - - [24/Oct/2021:09:22:59 +0800] "GET /xingrg/all/function/internal_message.html?_=1635038517075&CODE_STATE=getMsg HTTP/1.1" 200 27
116.238.248.233 - - [24/Oct/2021:09:23:00 +0800] "GET /xingrg/all/function/internal_message.html?_=1635038572182&CODE_STATE=getMsg HTTP/1.1" 200 27
116.238.248.233 - - [24/Oct/2021:09:23:04 +0800] "GET /xingrg/kc/buy/cgsh_order_operate.html?command=get_materiel&rest_code=00150&code=00101008041&supplier_code=00100007&order_time=2021-10-24 HTTP/1.1" 200 408
222.70.179.155 - - [24/Oct/2021:09:23:04 +0800] "GET /xingrg/kc/base/base_main.html HTTP/1.1" 200 12142
120.253.135.82 - - [24/Oct/2021:09:23:05 +0800] "POST /xingrg/kc/base/stock_operate.html HTTP/1.1" 200 4117
222.70.179.155 - - [24/Oct/2021:09:23:06 +0800] "GET /xingrg/kc/base/wldb_order_list.html HTTP/1.1" 200 19224
222.70.179.155 - - [24/Oct/2021:09:23:07 +0800] "POST /xingrg/kc/base/wldb_list_operate.html HTTP/1.1" 200 928
120.253.135.82 - - [24/Oct/2021:09:23:09 +0800] "GET /xingrg/all/function/internal_message.html?_=1635038353863&CODE_STATE=getMsg HTTP/1.1" 200 27
58.39.139.200 - - [24/Oct/2021:09:23:09 +0800] "GET /xingrg/check_reg.html?_=1635038585463 HTTP/1.1" 200 22
58.39.139.200 - - [24/Oct/2021:09:23:09 +0800] "GET /xingrg/all/function/internal_message.html?_=1635038585463&CODE_STATE=getMsg HTTP/1.1" 200 27
120.253.135.82 - - [24/Oct/2021:09:23:11 +0800] "GET /xingrg/kc/pszx/ps_main.html HTTP/1.1" 200 13401
120.253.135.82 - - [24/Oct/2021:09:23:11 +0800] "GET /xingrg/images/blue/button/fdqpd.gif HTTP/1.1" 200 2116
120.253.135.82 - - [24/Oct/2021:09:23:11 +0800] "GET /xingrg/images/blue/button/ckpd.gif HTTP/1.1" 200 2051
120.253.135.82 - - [24/Oct/2021:09:23:11 +0800] "GET /xingrg/images/blue/button/jzcgd.gif HTTP/1.1" 200 1976
120.253.135.82 - - [24/Oct/2021:09:23:11 +0800] "GET /xingrg/images/blue/button/pszx.gif HTTP/1.1" 200 2648
120.253.135.82 - - [24/Oct/2021:09:23:11 +0800] "GET /xingrg/images/blue/button/yddb.gif HTTP/1.1" 200 2040
120.253.135.82 - - [24/Oct/2021:09:23:11 +0800] "GET /xingrg/images/blue/button/fdps2.gif HTTP/1.1" 200 2548
120.253.135.82 - - [24/Oct/2021:09:23:11 +0800] "GET /xingrg/images/blue/button/left_down_ah.jpg HTTP/1.1" 200 1848
120.253.135.82 - - [24/Oct/2021:09:23:11 +0800] "GET /xingrg/images/blue/button/line.jpg HTTP/1.1" 200 1397
120.253.135.82 - - [24/Oct/2021:09:23:11 +0800] "GET /xingrg/images/blue/button/right_down_ah.jpg HTTP/1.1" 200 1842
58.39.139.200 - - [24/Oct/2021:09:23:11 +0800] "POST /xingrg/kc/buy/cgsh_order_operate.html HTTP/1.1" 200 48238
120.253.135.82 - - [24/Oct/2021:09:23:14 +0800] "GET /xingrg/kc/pszx/jzcl_ps.html HTTP/1.1" 200 7683
120.253.135.82 - - [24/Oct/2021:09:23:14 +0800] "GET /xingrg/javascript/step/step.css HTTP/1.1" 200 999
120.253.135.82 - - [24/Oct/2021:09:23:14 +0800] "GET /xingrg/css/table.css HTTP/1.1" 200 3684
120.253.135.82 - - [24/Oct/2021:09:23:14 +0800] "GET /xingrg/javascript/tools/jquery.qtip-1.0.0-rc3.min.js HTTP/1.1" 200 38404
120.253.135.82 - - [24/Oct/2021:09:23:14 +0800] "POST /xingrg/all/common/load_tree.html?tree=area_rest_tree_json HTTP/1.1" 200 3472
120.253.135.82 - - [24/Oct/2021:09:23:14 +0800] "GET /xingrg/javascript/step/images/navCurrentBtn.gif HTTP/1.1" 200 557
120.253.135.82 - - [24/Oct/2021:09:23:14 +0800] "GET /xingrg/javascript/jquery_easy_ui/themes/icons/search.png HTTP/1.1" 200 813
120.253.135.82 - - [24/Oct/2021:09:23:14 +0800] "GET /xingrg/javascript/jquery_easy_ui/themes/default/images/calendar_prevmonth.gif HTTP/1.1" 200 66
120.253.135.82 - - [24/Oct/2021:09:23:14 +0800] "GET /xingrg/javascript/jquery_easy_ui/themes/default/images/calendar_nextmonth.gif HTTP/1.1" 200 64
120.253.135.82 - - [24/Oct/2021:09:23:14 +0800] "GET /xingrg/javascript/jquery_easy_ui/themes/default/images/calendar_nextyear.gif HTTP/1.1" 200 75
120.253.135.82 - - [24/Oct/2021:09:23:14 +0800] "GET /xingrg/javascript/jquery_easy_ui/themes/default/images/calendar_prevyear.gif HTTP/1.1" 200 76
120.253.135.82 - - [24/Oct/2021:09:23:14 +0800] "GET /xingrg/javascript/jquery_easy_ui/themes/default/images/pagination_loading.gif HTTP/1.1" 200 1737
120.253.135.82 - - [24/Oct/2021:09:23:14 +0800] "GET /xingrg/javascript/jquery_easy_ui/themes/default/images/datagrid_header_bg.gif HTTP/1.1" 200 97
120.253.135.82 - - [24/Oct/2021:09:23:14 +0800] "GET /favicon.ico HTTP/1.1" 404 -
120.253.135.82 - - [24/Oct/2021:09:23:14 +0800] "POST /xingrg/kc/pszx/jzcl_ps_operate.html HTTP/1.1" 200 434
120.253.135.82 - - [24/Oct/2021:09:23:14 +0800] "POST /xingrg/kc/pszx/jzcl_ps_operate.html HTTP/1.1" 200 434
116.238.248.233 - - [24/Oct/2021:09:23:15 +0800] "GET /xingrg/kc/buy/cgsh_order_operate.html?command=get_materiel&rest_code=00150&code=00101008092&supplier_code=00100007&order_time=2021-10-24 HTTP/1.1" 200 431
222.69.135.237 - - [24/Oct/2021:09:23:21 +0800] "GET /xingrg/all/function/internal_message.html?_=1635038595824&CODE_STATE=getMsg HTTP/1.1" 200 27
116.238.248.233 - - [24/Oct/2021:09:23:29 +0800] "POST /xingrg/kc/buy/cgsh_order_operate.html HTTP/1.1" 200 2065
116.233.72.195 - - [24/Oct/2021:09:23:32 +0800] "GET /xingrg/kc/buy/cgsh_order_operate.html?command=get_materiel&rest_code=00109&code=00101016113&supplier_code=00100005&order_time=2021-10-24 HTTP/1.1" 200 389
116.238.248.233 - - [24/Oct/2021:09:23:36 +0800] "GET /xingrg/kc/buy/cgsh_order_operate.html?command=get_materiel&rest_code=00150&code=00101008568&supplier_code=00100007&order_time=2021-10-24 HTTP/1.1" 200 399
116.233.72.195 - - [24/Oct/2021:09:23:37 +0800] "GET /xingrg/kc/buy/cgsh_order_operate.html?command=get_materiel&rest_code=00109&code=00101015004&supplier_code=00100005&order_time=2021-10-24 HTTP/1.1" 200 409
222.70.171.86 - - [24/Oct/2021:09:23:38 +0800] "GET /xingrg/all/function/internal_message.html?_=1635038634237&CODE_STATE=getMsg HTTP/1.1" 302 -
222.70.171.86 - - [24/Oct/2021:09:23:39 +0800] "GET /xingrg/all/function/internal_message.html?_=1635038638981&CODE_STATE=getMsg HTTP/1.1" 200 27
120.253.135.82 - - [24/Oct/2021:09:23:41 +0800] "GET /xingrg/login.html HTTP/1.1" 200 7641
120.253.135.82 - - [24/Oct/2021:09:23:42 +0800] "GET /favicon.ico HTTP/1.1" 404 -
101.85.106.134 - - [24/Oct/2021:09:23:42 +0800] "GET /xingrg/all/function/internal_message.html?_=1635038616895&CODE_STATE=getMsg HTTP/1.1" 200 27
120.253.135.82 - - [24/Oct/2021:09:23:43 +0800] "POST /xingrg/login.do HTTP/1.1" 200 2421
120.253.135.82 - - [24/Oct/2021:09:23:43 +0800] "GET /xingrg/images/blue/pic_top.gif HTTP/1.1" 200 3656
120.253.135.82 - - [24/Oct/2021:09:23:43 +0800] "GET /xingrg/images/blue/pic_notice.jpg HTTP/1.1" 200 3583
120.253.135.82 - - [24/Oct/2021:09:23:44 +0800] "GET /xingrg/images/blue/error_mid.gif HTTP/1.1" 200 215
120.253.135.82 - - [24/Oct/2021:09:23:44 +0800] "GET /xingrg/images/blue/error_buttom.gif HTTP/1.1" 200 1750
120.253.135.82 - - [24/Oct/2021:09:23:44 +0800] "GET /xingrg/images/blue/error_top.gif HTTP/1.1" 200 1790
120.253.135.82 - - [24/Oct/2021:09:23:44 +0800] "GET /favicon.ico HTTP/1.1" 404 -
116.233.72.195 - - [24/Oct/2021:09:23:44 +0800] "GET /xingrg/all/function/internal_message.html?_=1635038620135&CODE_STATE=getMsg HTTP/1.1" 200 27
116.233.72.195 - - [24/Oct/2021:09:23:44 +0800] "GET /xingrg/check_reg.html?_=1635038620136 HTTP/1.1" 200 22
120.253.135.82 - - [24/Oct/2021:09:23:45 +0800] "GET /xingrg/login.html HTTP/1.1" 200 7641
120.253.135.82 - - [24/Oct/2021:09:23:45 +0800] "GET /favicon.ico HTTP/1.1" 404 -
120.253.135.82 - - [24/Oct/2021:09:23:46 +0800] "POST /xingrg/login.do HTTP/1.1" 302 -
120.253.135.82 - - [24/Oct/2021:09:23:46 +0800] "GET /xingrg/index.html?sysBaseUrl=http%3A%2F%2F180.169.147.146%3A18081%2Fxingrg%2F&costTime=41×tamp=1635038626712 HTTP/1.1" 200 17173
120.253.135.82 - - [24/Oct/2021:09:23:46 +0800] "GET /favicon.ico HTTP/1.1" 404 -
120.253.135.82 - - [24/Oct/2021:09:23:46 +0800] "POST /xingrg/all/common/load_tree.html?tree=area_rest_tree_json&manage=1 HTTP/1.1" 200 3472
120.253.135.82 - - [24/Oct/2021:09:23:46 +0800] "GET /xingrg/all/function/internal_message.html?_=1635038618748&CODE_STATE=count HTTP/1.1" 200 11
120.253.135.82 - - [24/Oct/2021:09:23:46 +0800] "GET /xingrg/check_reg.html?_=1635038618753 HTTP/1.1" 200 22
120.253.135.82 - - [24/Oct/2021:09:23:47 +0800] "POST /xingrg/load_menu.html HTTP/1.1" 200 6743
222.70.179.155 - - [24/Oct/2021:09:23:47 +0800] "GET /xingrg/all/function/internal_message.html?_=1635038621486&CODE_STATE=getMsg HTTP/1.1" 200 27
120.253.135.82 - - [24/Oct/2021:09:23:49 +0800] "GET /xingrg/kc/buy/buy_main.html HTTP/1.1" 200 12341
120.253.135.82 - - [24/Oct/2021:09:23:49 +0800] "GET /xingrg/css/new_ie.css HTTP/1.1" 404 1036
116.238.248.233 - - [24/Oct/2021:09:23:53 +0800] "GET /xingrg/kc/buy/cgsh_order_operate.html?command=get_materiel&rest_code=00150&code=00101008509&supplier_code=00100007&order_time=2021-10-24 HTTP/1.1" 200 396
222.70.179.155 - - [24/Oct/2021:09:23:54 +0800] "GET /xingrg/all/function/internal_message.html?_=1635038350322&CODE_STATE=getMsg HTTP/1.1" 200 27
116.227.210.113 - - [24/Oct/2021:09:23:56 +0800] "GET /xingrg/all/function/internal_message.html?_=1635038624618&CODE_STATE=getMsg HTTP/1.1" 200 27
180.174.227.63 - - [24/Oct/2021:09:23:57 +0800] "GET /favicon.ico HTTP/1.1" 404 -
180.174.227.63 - - [24/Oct/2021:09:23:58 +0800] "GET /favicon.ico HTTP/1.1" 404 -
180.174.227.63 - - [24/Oct/2021:09:23:58 +0800] "GET /favicon.ico HTTP/1.1" 404 -
114.85.125.222 - - [24/Oct/2021:09:23:59 +0800] "GET /xingrg/all/function/internal_message.html?_=1635038577099&CODE_STATE=getMsg HTTP/1.1" 200 27
116.233.72.195 - - [24/Oct/2021:09:23:59 +0800] "GET /xingrg/kc/buy/cgsh_order_operate.html?command=get_materiel&rest_code=00109&code=00101008286&supplier_code=00100005&order_time=2021-10-24 HTTP/1.1" 200 408
180.174.227.63 - - [24/Oct/2021:09:24:00 +0800] "GET /xingrg/login.html HTTP/1.1" 200 7641
116.238.248.233 - - [24/Oct/2021:09:24:00 +0800] "GET /xingrg/all/function/internal_message.html?_=1635038632183&CODE_STATE=getMsg HTTP/1.1" 200 27
180.174.227.63 - - [24/Oct/2021:09:24:00 +0800] "GET /xingrg/images/blue/jxLogo.png HTTP/1.1" 304 -
180.174.227.63 - - [24/Oct/2021:09:24:00 +0800] "GET /xingrg/images/blue/login_bg.png HTTP/1.1" 304 -
180.174.227.63 - - [24/Oct/2021:09:24:00 +0800] "GET /xingrg/images/blue/hj.png HTTP/1.1" 304 -
180.174.227.63 - - [24/Oct/2021:09:24:00 +0800] "GET /xingrg/images/blue/srbg.png HTTP/1.1" 304 -
120.253.135.82 - - [24/Oct/2021:09:24:00 +0800] "GET /xingrg/javascript/easyui/themes/default/images/button_plain_hover.png HTTP/1.1" 200 144
180.174.227.63 - - [24/Oct/2021:09:24:00 +0800] "GET /favicon.ico HTTP/1.1" 404 -
116.238.248.233 - - [24/Oct/2021:09:24:01 +0800] "GET /xingrg/kc/buy/cgsh_order_operate.html?command=get_materiel&rest_code=00150&code=00101008160&supplier_code=00100007&order_time=2021-10-24 HTTP/1.1" 200 408
120.253.135.82 - - [24/Oct/2021:09:24:05 +0800] "GET /xingrg/javascript/jquery_easy_ui/themes/default/images/tabs_active.png HTTP/1.1" 304 -
180.174.227.63 - - [24/Oct/2021:09:24:06 +0800] "POST /xingrg/login.do HTTP/1.1" 302 -
180.174.227.63 - - [24/Oct/2021:09:24:06 +0800] "GET /xingrg/javascript/jquery_easy_ui/themes/default/easyui.css HTTP/1.1" 304 -
180.174.227.63 - - [24/Oct/2021:09:24:06 +0800] "GET /xingrg/javascript/jquery_easy_ui/themes/icon.css HTTP/1.1" 304 -
180.174.227.63 - - [24/Oct/2021:09:24:06 +0800] "GET /xingrg/css/form.css HTTP/1.1" 304 -
180.174.227.63 - - [24/Oct/2021:09:24:06 +0800] "GET /xingrg/index.html?sysBaseUrl=http%3A%2F%2F180.169.147.146%3A18081%2Fxingrg%2F&costTime=39×tamp=1635038646457 HTTP/1.1" 200 17173
180.174.227.63 - - [24/Oct/2021:09:24:06 +0800] "GET /xingrg/javascript/jquery-1.4.2.min.js HTTP/1.1" 304 -
180.174.227.63 - - [24/Oct/2021:09:24:06 +0800] "GET /xingrg/javascript/jquery.form.js HTTP/1.1" 304 -
180.174.227.63 - - [24/Oct/2021:09:24:06 +0800] "GET /xingrg/javascript/jquery_easy_ui/jquery.easyui.min.js HTTP/1.1" 304 -
180.174.227.63 - - [24/Oct/2021:09:24:06 +0800] "GET /xingrg/javascript/jquery_easy_ui/easyui-lang-zh_CN.js HTTP/1.1" 304 -
180.174.227.63 - - [24/Oct/2021:09:24:06 +0800] "GET /xingrg/javascript/jquery.utils.js HTTP/1.1" 304 -
180.174.227.63 - - [24/Oct/2021:09:24:06 +0800] "GET /xingrg/javascript/jquery.timers.js HTTP/1.1" 304 -
180.174.227.63 - - [24/Oct/2021:09:24:06 +0800] "GET /xingrg/images/blue/navBackgound.jpg HTTP/1.1" 304 -
180.174.227.63 - - [24/Oct/2021:09:24:06 +0800] "GET /xingrg/javascript/jquery_easy_ui/themes/icons/settle_new.png HTTP/1.1" 304 -
180.174.227.63 - - [24/Oct/2021:09:24:06 +0800] "GET /xingrg/images/blue/pingpu.png HTTP/1.1" 304 -
180.174.227.63 - - [24/Oct/2021:09:24:06 +0800] "GET /xingrg/javascript/jquery_easy_ui/themes/default/images/tabs_leftarrow.png HTTP/1.1" 304 -
180.174.227.63 - - [24/Oct/2021:09:24:06 +0800] "POST /xingrg/all/common/load_tree.html?tree=area_rest_tree_json&manage=1 HTTP/1.1" 200 342
180.174.227.63 - - [24/Oct/2021:09:24:06 +0800] "GET /xingrg/javascript/jquery_easy_ui/themes/default/images/tabs_rightarrow.png HTTP/1.1" 304 -
180.174.227.63 - - [24/Oct/2021:09:24:06 +0800] "GET /xingrg/javascript/jquery_easy_ui/themes/default/images/panel_tool_collapse.gif HTTP/1.1" 304 -
180.174.227.63 - - [24/Oct/2021:09:24:07 +0800] "GET /xingrg/all/function/internal_message.html?_=1635038629223&CODE_STATE=count HTTP/1.1" 200 11
180.174.227.63 - - [24/Oct/2021:09:24:07 +0800] "GET /xingrg/check_reg.html?_=1635038629226 HTTP/1.1" 200 22
180.174.227.63 - - [24/Oct/2021:09:24:07 +0800] "GET /xingrg/javascript/jquery_easy_ui/themes/default/images/tree_arrows.gif HTTP/1.1" 304 -
180.174.227.63 - - [24/Oct/2021:09:24:07 +0800] "GET /favicon.ico HTTP/1.1" 404 -
180.174.227.63 - - [24/Oct/2021:09:24:07 +0800] "POST /xingrg/load_menu.html HTTP/1.1" 200 5138
180.174.227.63 - - [24/Oct/2021:09:24:07 +0800] "GET /xingrg/javascript/jquery_easy_ui/themes/icons/search_new.png HTTP/1.1" 304 -
180.174.227.63 - - [24/Oct/2021:09:24:07 +0800] "GET /xingrg/javascript/jquery_easy_ui/themes/default/images/tree_folder.gif HTTP/1.1" 304 -
180.174.227.63 - - [24/Oct/2021:09:24:07 +0800] "GET /xingrg/javascript/jquery_easy_ui/themes/icons/storage_new.png HTTP/1.1" 304 -
180.174.227.63 - - [24/Oct/2021:09:24:07 +0800] "GET /xingrg/javascript/jquery_easy_ui/themes/icons/forms_new.png HTTP/1.1" 304 -
180.174.227.63 - - [24/Oct/2021:09:24:07 +0800] "GET /xingrg/javascript/jquery_easy_ui/themes/default/images/tree_file.gif HTTP/1.1" 304 -
116.233.72.195 - - [24/Oct/2021:09:24:07 +0800] "GET /xingrg/kc/buy/cgsh_order_operate.html?command=get_materiel&rest_code=00109&code=00101008036&supplier_code=00100005&order_time=2021-10-24 HTTP/1.1" 200 430
180.174.227.63 - - [24/Oct/2021:09:24:07 +0800] "GET /xingrg/javascript/jquery_easy_ui/themes/default/images/tree_folder_open.gif HTTP/1.1" 304 -
116.238.248.233 - - [24/Oct/2021:09:24:08 +0800] "GET /xingrg/kc/buy/cgsh_order_operate.html?command=get_materiel&rest_code=00150&code=00101008469&supplier_code=00100007&order_time=2021-10-24 HTTP/1.1" 200 398
120.253.135.82 - - [24/Oct/2021:09:24:08 +0800] "GET /xingrg/check_reg.html?_=1635038413674 HTTP/1.1" 200 22
120.253.135.82 - - [24/Oct/2021:09:24:09 +0800] "GET /xingrg/all/function/internal_message.html?_=1635038413876&CODE_STATE=getMsg HTTP/1.1" 200 27
58.39.139.200 - - [24/Oct/2021:09:24:09 +0800] "GET /xingrg/all/function/internal_message.html?_=1635038645441&CODE_STATE=getMsg HTTP/1.1" 200 27
180.174.227.63 - - [24/Oct/2021:09:24:10 +0800] "GET /xingrg/javascript/jquery_easy_ui/themes/default/images/tabs_close.gif HTTP/1.1" 304 -
180.174.227.63 - - [24/Oct/2021:09:24:10 +0800] "GET /xingrg/css/base.css HTTP/1.1" 304 -
180.174.227.63 - - [24/Oct/2021:09:24:10 +0800] "GET /xingrg/css/site.css HTTP/1.1" 304 -
180.174.227.63 - - [24/Oct/2021:09:24:10 +0800] "GET /xingrg/javascript/jquery_tools/datebox.css HTTP/1.1" 304 -
180.174.227.63 - - [24/Oct/2021:09:24:10 +0800] "GET /xingrg/javascript/easyui/themes/icon.css HTTP/1.1" 304 -
180.174.227.63 - - [24/Oct/2021:09:24:10 +0800] "GET /xingrg/javascript/easyui/themes/default/easyui.css HTTP/1.1" 304 -
180.174.227.63 - - [24/Oct/2021:09:24:10 +0800] "GET /xingrg/javascript/jquery_tools/fix.css HTTP/1.1" 304 -
180.174.227.63 - - [24/Oct/2021:09:24:10 +0800] "GET /xingrg/javascript/auto/jquery.autocomplete.css HTTP/1.1" 304 -
180.174.227.63 - - [24/Oct/2021:09:24:10 +0800] "GET /xingrg/javascript/jquery_tools/table.css HTTP/1.1" 304 -
180.174.227.63 - - [24/Oct/2021:09:24:10 +0800] "GET /xingrg/javascript/jquery_tools/jquery.tools.min.js HTTP/1.1" 304 -
180.174.227.63 - - [24/Oct/2021:09:24:10 +0800] "GET /xingrg/javascript/jquery_tools/jquery.tools.extend.js HTTP/1.1" 304 -
180.174.227.63 - - [24/Oct/2021:09:24:10 +0800] "GET /xingrg/javascript/jquery_tools/jquery.tools.hotkey.js HTTP/1.1" 304 -
180.174.227.63 - - [24/Oct/2021:09:24:10 +0800] "GET /xingrg/javascript/jquery_tools/list_manager.js HTTP/1.1" 304 -
180.174.227.63 - - [24/Oct/2021:09:24:10 +0800] "GET /xingrg/javascript/jquery.cookie.js HTTP/1.1" 304 -
180.174.227.63 - - [24/Oct/2021:09:24:10 +0800] "GET /xingrg/javascript/auto/jquery.autocomplete.js HTTP/1.1" 304 -
180.174.227.63 - - [24/Oct/2021:09:24:10 +0800] "GET /xingrg/kc/buy/cgsh_order_list.html HTTP/1.1" 200 48941
180.174.227.63 - - [24/Oct/2021:09:24:10 +0800] "GET /xingrg/javascript/jquery_tools/jquery.tools.table.js HTTP/1.1" 304 -
180.174.227.63 - - [24/Oct/2021:09:24:10 +0800] "GET /xingrg/javascript/easyui/easyloader.js HTTP/1.1" 304 -
180.174.227.63 - - [24/Oct/2021:09:24:10 +0800] "GET /xingrg/javascript/print/LodopFuncs.js HTTP/1.1" 304 -
180.174.227.63 - - [24/Oct/2021:09:24:10 +0800] "GET /xingrg/javascript/easyui/themes/icons/edit_add_new.png HTTP/1.1" 304 -
180.174.227.63 - - [24/Oct/2021:09:24:10 +0800] "GET /xingrg/javascript/easyui/themes/icons/cance_new.png HTTP/1.1" 304 -
180.174.227.63 - - [24/Oct/2021:09:24:10 +0800] "GET /xingrg/javascript/easyui/themes/icons/check_new.png HTTP/1.1" 304 -
180.174.227.63 - - [24/Oct/2021:09:24:10 +0800] "GET /xingrg/javascript/easyui/themes/icons/field_new.png HTTP/1.1" 304 -
180.174.227.63 - - [24/Oct/2021:09:24:10 +0800] "GET /xingrg/javascript/easyui/themes/icons/import_new.png HTTP/1.1" 304 -
180.174.227.63 - - [24/Oct/2021:09:24:10 +0800] "GET /xingrg/javascript/jquery_easy_ui/themes/icons/area.png HTTP/1.1" 304 -
180.174.227.63 - - [24/Oct/2021:09:24:10 +0800] "GET /xingrg/javascript/jquery_easy_ui/themes/icons/rest.png HTTP/1.1" 304 -
180.174.227.63 - - [24/Oct/2021:09:24:11 +0800] "GET /xingrg/javascript/easyui/plugins/jquery.parser.js HTTP/1.1" 304 -
180.174.227.63 - - [24/Oct/2021:09:24:11 +0800] "GET /xingrg/images/control/ajaxLoader.gif HTTP/1.1" 304 -
180.174.227.63 - - [24/Oct/2021:09:24:11 +0800] "POST /xingrg/kc/buy/cgsh_list_operate.html HTTP/1.1" 200 876
180.174.227.63 - - [24/Oct/2021:09:24:13 +0800] "GET /xingrg/javascript/easyui/themes/default/images/button_plain_hover.png HTTP/1.1" 304 -
180.174.227.63 - - [24/Oct/2021:09:24:13 +0800] "GET /xingrg/javascript/pic_change.js HTTP/1.1" 304 -
180.174.227.63 - - [24/Oct/2021:09:24:13 +0800] "GET /xingrg/javascript/jquery_tools/order_manager.js HTTP/1.1" 304 -
180.174.227.63 - - [24/Oct/2021:09:24:13 +0800] "GET /xingrg/javascript/json2.js HTTP/1.1" 304 -
180.174.227.63 - - [24/Oct/2021:09:24:13 +0800] "GET /xingrg/javascript/convert.js HTTP/1.1" 304 -
180.174.227.63 - - [24/Oct/2021:09:24:13 +0800] "GET /xingrg/javascript/print/kc_print.js HTTP/1.1" 304 -
180.174.227.63 - - [24/Oct/2021:09:24:13 +0800] "GET /xingrg/kc/buy/cgsh_order_add.html HTTP/1.1" 200 64638
180.174.227.63 - - [24/Oct/2021:09:24:13 +0800] "GET /xingrg/words/20211023182310_words.js HTTP/1.1" 200 859893
180.174.227.63 - - [24/Oct/2021:09:24:13 +0800] "GET /xingrg/javascript/easyui/themes/icons/template_new.png HTTP/1.1" 304 -
180.174.227.63 - - [24/Oct/2021:09:24:13 +0800] "GET /xingrg/javascript/easyui/themes/icons/copy_new.png HTTP/1.1" 304 -
180.174.227.63 - - [24/Oct/2021:09:24:13 +0800] "GET /xingrg/javascript/easyui/themes/icons/ok.png HTTP/1.1" 304 -
180.174.227.63 - - [24/Oct/2021:09:24:13 +0800] "GET /xingrg/javascript/easyui/themes/icons/print.png HTTP/1.1" 304 -
180.174.227.63 - - [24/Oct/2021:09:24:13 +0800] "GET /xingrg/javascript/easyui/themes/default/images/menu_downarrow.png HTTP/1.1" 304 -
180.174.227.63 - - [24/Oct/2021:09:24:13 +0800] "GET /xingrg/javascript/easyui/themes/icons/cancel.png HTTP/1.1" 304 -
120.253.135.82 - - [24/Oct/2021:09:24:14 +0800] "POST /xingrg/kc/pszx/mdps_list_operate.html HTTP/1.1" 200 3183
180.174.227.63 - - [24/Oct/2021:09:24:15 +0800] "GET /xingrg/all/common/auto_word.html?type=employee&rest_code=00102 HTTP/1.1" 200 189
180.174.227.63 - - [24/Oct/2021:09:24:15 +0800] "GET /xingrg/all/common/auto_word.html?type=employee&rest_code=00102 HTTP/1.1" 200 189
116.238.248.233 - - [24/Oct/2021:09:24:15 +0800] "GET /xingrg/kc/buy/cgsh_order_operate.html?command=get_materiel&rest_code=00150&code=00101008150&supplier_code=00100007&order_time=2021-10-24 HTTP/1.1" 200 409
180.174.227.63 - - [24/Oct/2021:09:24:15 +0800] "GET /xingrg/javascript/easyui/themes/default/validatebox.css HTTP/1.1" 404 1104
180.174.227.63 - - [24/Oct/2021:09:24:15 +0800] "GET /xingrg/javascript/easyui/plugins/jquery.validatebox.js HTTP/1.1" 304 -
180.174.227.63 - - [24/Oct/2021:09:24:15 +0800] "GET /xingrg/javascript/easyui/plugins/jquery.numberbox.js HTTP/1.1" 304 -
180.174.227.63 - - [24/Oct/2021:09:24:15 +0800] "GET /xingrg/javascript/easyui/themes/icons/edit_remove.png HTTP/1.1" 304 -
180.174.227.63 - - [24/Oct/2021:09:24:16 +0800] "POST /xingrg/kc/buy/cgsh_order_operate.html HTTP/1.1" 200 8245
116.233.72.195 - - [24/Oct/2021:09:24:16 +0800] "GET /xingrg/kc/buy/cgsh_order_operate.html?command=get_materiel&rest_code=00109&code=00101008131&supplier_code=00100005&order_time=2021-10-24 HTTP/1.1" 200 408
180.174.227.63 - - [24/Oct/2021:09:24:16 +0800] "GET /xingrg/javascript/auto/indicator.gif HTTP/1.1" 404 1066
120.253.135.82 - - [24/Oct/2021:09:24:17 +0800] "POST /xingrg/kc/pszx/mdps_list_operate.html HTTP/1.1" 200 587
116.238.248.233 - - [24/Oct/2021:09:24:18 +0800] "POST /xingrg/kc/buy/cgsh_order_operate.html HTTP/1.1" 200 2065
222.69.135.237 - - [24/Oct/2021:09:24:18 +0800] "POST /xingrg/services/DataTransmitService HTTP/1.1" 200 501
120.253.135.82 - - [24/Oct/2021:09:24:19 +0800] "POST /xingrg/kc/pszx/mdps_list_operate.html HTTP/1.1" 200 582
222.69.135.237 - - [24/Oct/2021:09:24:20 +0800] "POST /xingrg/services/DataTransmitService HTTP/1.1" 200 501
222.69.135.237 - - [24/Oct/2021:09:24:21 +0800] "GET /xingrg/check_reg.html?_=1635038655796 HTTP/1.1" 200 22
222.69.135.237 - - [24/Oct/2021:09:24:21 +0800] "GET /xingrg/all/function/internal_message.html?_=1635038655801&CODE_STATE=getMsg HTTP/1.1" 200 27
116.238.248.233 - - [24/Oct/2021:09:24:23 +0800] "GET /xingrg/kc/buy/cgsh_order_operate.html?command=get_materiel&rest_code=00150&code=00101008061&supplier_code=00100007&order_time=2021-10-24 HTTP/1.1" 200 422
180.174.227.63 - - [24/Oct/2021:09:24:24 +0800] "GET /xingrg/kc/buy/cgsh_order_operate.html?command=get_materiel&rest_code=00102&code=00101007077&supplier_code=00100096&order_time=2021-10-24 HTTP/1.1" 200 415
116.233.72.195 - - [24/Oct/2021:09:24:25 +0800] "GET /xingrg/kc/buy/cgsh_order_operate.html?command=get_materiel&rest_code=00109&code=00101008318&supplier_code=00100005&order_time=2021-10-24 HTTP/1.1" 200 408
116.233.72.195 - - [24/Oct/2021:09:24:27 +0800] "POST /xingrg/kc/buy/cgsh_order_operate.html HTTP/1.1" 200 2065
120.253.135.82 - - [24/Oct/2021:09:24:27 +0800] "POST /xingrg/kc/pszx/mdps_list_operate.html HTTP/1.1" 200 2106
120.253.135.82 - - [24/Oct/2021:09:24:29 +0800] "POST /xingrg/kc/pszx/mdps_list_operate.html HTTP/1.1" 200 212
120.253.135.82 - - [24/Oct/2021:09:24:31 +0800] "POST /xingrg/kc/pszx/mdps_list_operate.html HTTP/1.1" 200 213
116.233.72.195 - - [24/Oct/2021:09:24:33 +0800] "GET /xingrg/kc/buy/cgsh_order_operate.html?command=get_materiel&rest_code=00109&code=00101008098&supplier_code=00100005&order_time=2021-10-24 HTTP/1.1" 200 412
116.238.248.233 - - [24/Oct/2021:09:24:33 +0800] "GET /xingrg/kc/buy/cgsh_order_operate.html?command=get_materiel&rest_code=00150&code=00101008110&supplier_code=00100007&order_time=2021-10-24 HTTP/1.1" 200 408
120.253.135.82 - - [24/Oct/2021:09:24:33 +0800] "GET /xingrg/kc/pszx/mdps_order_info.html?code=312021101600420 HTTP/1.1" 200 19591
120.253.135.82 - - [24/Oct/2021:09:24:34 +0800] "POST /xingrg/kc/pszx/mdps_order_operate.html HTTP/1.1" 200 510
120.253.135.82 - - [24/Oct/2021:09:24:34 +0800] "GET /xingrg/javascript/easyui/themes/default/validatebox.css HTTP/1.1" 404 1104
180.174.227.63 - - [24/Oct/2021:09:24:35 +0800] "GET /xingrg/kc/buy/cgsh_order_operate.html?command=get_materiel&rest_code=00102&code=00101007031&supplier_code=00100096&order_time=2021-10-24 HTTP/1.1" 200 413
120.253.135.82 - - [24/Oct/2021:09:24:36 +0800] "GET /xingrg/kc/print/load_config.html?kc_code=mdps HTTP/1.1" 200 2390
120.253.135.82 - - [24/Oct/2021:09:24:36 +0800] "GET /xingrg/kc/print/load_data.html?order_code=312021101600420&kc_code=mdps&condition= HTTP/1.1" 200 776
222.70.171.86 - - [24/Oct/2021:09:24:37 +0800] "GET /xingrg/check_reg.html?_=1635038693439 HTTP/1.1" 302 -
222.70.171.86 - - [24/Oct/2021:09:24:38 +0800] "GET /xingrg/all/function/internal_message.html?_=1635038694251&CODE_STATE=getMsg HTTP/1.1" 302 -
222.70.171.86 - - [24/Oct/2021:09:24:39 +0800] "GET /xingrg/all/function/internal_message.html?_=1635038698988&CODE_STATE=getMsg HTTP/1.1" 200 27
120.253.135.82 - - [24/Oct/2021:09:24:42 +0800] "POST /xingrg/kc/pszx/mdps_list_operate.html HTTP/1.1" 200 2106
101.85.106.134 - - [24/Oct/2021:09:24:42 +0800] "GET /xingrg/all/function/internal_message.html?_=1635038676893&CODE_STATE=getMsg HTTP/1.1" 200 27
116.238.248.233 - - [24/Oct/2021:09:24:43 +0800] "POST /xingrg/kc/buy/cgsh_order_operate.html HTTP/1.1" 200 37
116.233.72.195 - - [24/Oct/2021:09:24:43 +0800] "GET /xingrg/kc/buy/cgsh_order_operate.html?command=get_materiel&rest_code=00109&code=00101008005&supplier_code=00100005&order_time=2021-10-24 HTTP/1.1" 200 432
120.253.135.82 - - [24/Oct/2021:09:24:43 +0800] "POST /xingrg/kc/pszx/mdps_list_operate.html HTTP/1.1" 200 213
120.253.135.82 - - [24/Oct/2021:09:24:44 +0800] "GET /xingrg/kc/pszx/mdps_order_info.html?code=312021101700458 HTTP/1.1" 200 19591
116.233.72.195 - - [24/Oct/2021:09:24:44 +0800] "GET /xingrg/all/function/internal_message.html?_=1635038680148&CODE_STATE=getMsg HTTP/1.1" 200 27
116.238.248.233 - - [24/Oct/2021:09:24:44 +0800] "POST /xingrg/kc/buy/cgsh_order_operate.html HTTP/1.1" 200 36356
120.253.135.82 - - [24/Oct/2021:09:24:44 +0800] "POST /xingrg/kc/pszx/mdps_order_operate.html HTTP/1.1" 200 511
120.253.135.82 - - [24/Oct/2021:09:24:44 +0800] "GET /xingrg/javascript/easyui/themes/default/validatebox.css HTTP/1.1" 404 1104
58.39.139.200 - - [24/Oct/2021:09:24:44 +0800] "GET /xingrg/kc/buy/cgsh_order_operate.html?command=get_materiel&rest_code=00105&code=00101015066&supplier_code=00100203&order_time=2021-10-24 HTTP/1.1" 200 413
120.253.135.82 - - [24/Oct/2021:09:24:46 +0800] "GET /xingrg/all/function/internal_message.html?_=1635038678761&CODE_STATE=getMsg HTTP/1.1" 200 27
120.253.135.82 - - [24/Oct/2021:09:24:46 +0800] "GET /xingrg/kc/print/load_data.html?order_code=312021101700458&kc_code=mdps&condition= HTTP/1.1" 200 756
222.70.179.155 - - [24/Oct/2021:09:24:47 +0800] "GET /xingrg/all/function/internal_message.html?_=1635038681487&CODE_STATE=getMsg HTTP/1.1" 200 27
222.70.179.155 - - [24/Oct/2021:09:24:47 +0800] "GET /xingrg/check_reg.html?_=1635038681489 HTTP/1.1" 200 22
180.174.227.63 - - [24/Oct/2021:09:24:49 +0800] "GET /xingrg/kc/buy/cgsh_order_operate.html?command=get_materiel&rest_code=00102&code=00101006129&supplier_code=00100096&order_time=2021-10-24 HTTP/1.1" 200 452
116.233.72.195 - - [24/Oct/2021:09:24:51 +0800] "GET /xingrg/kc/buy/cgsh_order_operate.html?command=get_materiel&rest_code=00109&code=00101008353&supplier_code=00100005&order_time=2021-10-24 HTTP/1.1" 200 408
120.253.135.82 - - [24/Oct/2021:09:24:51 +0800] "POST /xingrg/kc/pszx/mdps_list_operate.html HTTP/1.1" 200 2106
58.39.139.200 - - [24/Oct/2021:09:24:53 +0800] "POST /xingrg/kc/buy/cgsh_order_operate.html HTTP/1.1" 200 37
222.70.179.155 - - [24/Oct/2021:09:24:54 +0800] "GET /xingrg/all/function/internal_message.html?_=1635038410323&CODE_STATE=getMsg HTTP/1.1" 200 27
116.227.210.113 - - [24/Oct/2021:09:24:56 +0800] "GET /xingrg/all/function/internal_message.html?_=1635038684609&CODE_STATE=getMsg HTTP/1.1" 200 27
116.233.72.195 - - [24/Oct/2021:09:24:58 +0800] "GET /xingrg/kc/buy/cgsh_order_operate.html?command=get_materiel&rest_code=00109&code=00101008095&supplier_code=00100005&order_time=2021-10-24 HTTP/1.1" 200 412
222.69.135.237 - - [24/Oct/2021:09:24:58 +0800] "POST /xingrg/services/DataTransmitService HTTP/1.1" 200 501
114.85.125.222 - - [24/Oct/2021:09:24:59 +0800] "GET /xingrg/all/function/internal_message.html?_=1635038637102&CODE_STATE=getMsg HTTP/1.1" 200 27
116.238.248.233 - - [24/Oct/2021:09:25:00 +0800] "GET /xingrg/all/function/internal_message.html?_=1635038692286&CODE_STATE=getMsg HTTP/1.1" 200 27
180.174.227.63 - - [24/Oct/2021:09:25:07 +0800] "GET /xingrg/all/function/internal_message.html?_=1635038689233&CODE_STATE=getMsg HTTP/1.1" 200 27
116.233.72.195 - - [24/Oct/2021:09:25:07 +0800] "GET /xingrg/kc/buy/cgsh_order_operate.html?command=get_materiel&rest_code=00109&code=00101008196&supplier_code=00100005&order_time=2021-10-24 HTTP/1.1" 200 416
120.253.135.82 - - [24/Oct/2021:09:25:09 +0800] "GET /xingrg/all/function/internal_message.html?_=1635038473917&CODE_STATE=getMsg HTTP/1.1" 200 27
116.233.72.195 - - [24/Oct/2021:09:25:09 +0800] "POST /xingrg/kc/buy/cgsh_order_operate.html HTTP/1.1" 200 2065
116.233.72.195 - - [24/Oct/2021:09:25:14 +0800] "GET /xingrg/kc/buy/cgsh_order_operate.html?command=get_materiel&rest_code=00109&code=00101008197&supplier_code=00100005&order_time=2021-10-24 HTTP/1.1" 200 416
222.69.135.237 - - [24/Oct/2021:09:25:21 +0800] "GET /xingrg/all/function/internal_message.html?_=1635038715801&CODE_STATE=getMsg HTTP/1.1" 200 27
116.233.72.195 - - [24/Oct/2021:09:25:27 +0800] "GET /xingrg/kc/buy/cgsh_order_operate.html?command=get_materiel&rest_code=00109&code=00101008439&supplier_code=00100005&order_time=2021-10-24 HTTP/1.1" 200 399
222.69.135.237 - - [24/Oct/2021:09:25:35 +0800] "POST /xingrg/services/DataTransmitService HTTP/1.1" 200 501
222.70.171.86 - - [24/Oct/2021:09:25:38 +0800] "GET /xingrg/all/function/internal_message.html?_=1635038754266&CODE_STATE=getMsg HTTP/1.1" 302 -
222.70.171.86 - - [24/Oct/2021:09:25:38 +0800] "GET /xingrg/check_reg.html?_=1635038758496 HTTP/1.1" 200 22
222.70.171.86 - - [24/Oct/2021:09:25:39 +0800] "GET /xingrg/all/function/internal_message.html?_=1635038759002&CODE_STATE=getMsg HTTP/1.1" 200 27
222.69.135.237 - - [24/Oct/2021:09:25:40 +0800] "POST /xingrg/services/DataTransmitService HTTP/1.1" 200 501
222.69.135.237 - - [24/Oct/2021:09:25:41 +0800] "POST /xingrg/services/DataTransmitService HTTP/1.1" 200 501
101.85.106.134 - - [24/Oct/2021:09:25:42 +0800] "GET /xingrg/all/function/internal_message.html?_=1635038736891&CODE_STATE=getMsg HTTP/1.1" 200 27
116.233.72.195 - - [24/Oct/2021:09:25:44 +0800] "GET /xingrg/all/function/internal_message.html?_=1635038740166&CODE_STATE=getMsg HTTP/1.1" 200 27
222.70.179.155 - - [24/Oct/2021:09:25:45 +0800] "GET /xingrg/kc/base/wldb_order_add.html HTTP/1.1" 200 30434
222.70.179.155 - - [24/Oct/2021:09:25:45 +0800] "GET /xingrg/javascript/easyui/themes/icons/template_new.png HTTP/1.1" 200 3956
222.70.179.155 - - [24/Oct/2021:09:25:45 +0800] "GET /xingrg/javascript/easyui/themes/icons/ok.png HTTP/1.1" 200 883
222.70.179.155 - - [24/Oct/2021:09:25:45 +0800] "POST /xingrg/kc/base/wldb_order_operate.html HTTP/1.1" 200 6806
222.70.179.155 - - [24/Oct/2021:09:25:45 +0800] "GET /xingrg/all/common/auto_word.html?type=base&rest_code=00111 HTTP/1.1" 200 1753
222.70.179.155 - - [24/Oct/2021:09:25:45 +0800] "GET /xingrg/all/common/auto_word.html?type=base&rest_code=00111 HTTP/1.1" 200 1753
222.70.179.155 - - [24/Oct/2021:09:25:45 +0800] "GET /xingrg/javascript/easyui/themes/default/validatebox.css HTTP/1.1" 404 1104
120.253.135.82 - - [24/Oct/2021:09:25:46 +0800] "GET /xingrg/all/function/internal_message.html?_=1635038738779&CODE_STATE=getMsg HTTP/1.1" 200 27
222.70.179.155 - - [24/Oct/2021:09:25:47 +0800] "GET /xingrg/all/function/internal_message.html?_=1635038741484&CODE_STATE=getMsg HTTP/1.1" 200 27
180.174.227.63 - - [24/Oct/2021:09:25:47 +0800] "GET /xingrg/kc/buy/cgsh_order_operate.html?command=get_materiel&rest_code=00102&code=00101007006&supplier_code=00100096&order_time=2021-10-24 HTTP/1.1" 200 414
222.70.179.155 - - [24/Oct/2021:09:25:48 +0800] "GET /xingrg/kc/buy/buy_main.html HTTP/1.1" 200 12412
222.70.179.155 - - [24/Oct/2021:09:25:48 +0800] "GET /xingrg/css/new_ie.css HTTP/1.1" 404 1036
222.70.179.155 - - [24/Oct/2021:09:25:48 +0800] "GET /xingrg/images/yd/bt.gif HTTP/1.1" 404 1040
222.70.179.155 - - [24/Oct/2021:09:25:51 +0800] "GET /xingrg/kc/buy/cgsh_order_list.html HTTP/1.1" 200 48941
222.70.179.155 - - [24/Oct/2021:09:25:52 +0800] "POST /xingrg/kc/buy/cgsh_list_operate.html HTTP/1.1" 200 876
222.70.179.155 - - [24/Oct/2021:09:25:53 +0800] "GET /xingrg/kc/buy/cgsh_order_add.html HTTP/1.1" 200 64673
222.70.179.155 - - [24/Oct/2021:09:25:53 +0800] "POST /xingrg/kc/buy/cgsh_order_operate.html HTTP/1.1" 200 8245
222.70.179.155 - - [24/Oct/2021:09:25:53 +0800] "GET /xingrg/all/common/auto_word.html?type=employee&rest_code=00111 HTTP/1.1" 200 155
222.70.179.155 - - [24/Oct/2021:09:25:53 +0800] "GET /xingrg/javascript/easyui/themes/default/validatebox.css HTTP/1.1" 404 1104
222.70.179.155 - - [24/Oct/2021:09:25:53 +0800] "GET /xingrg/all/common/auto_word.html?type=employee&rest_code=00111 HTTP/1.1" 200 155
222.70.179.155 - - [24/Oct/2021:09:25:54 +0800] "GET /xingrg/check_reg.html?_=1635038470322 HTTP/1.1" 200 22
222.70.179.155 - - [24/Oct/2021:09:25:54 +0800] "GET /xingrg/all/function/internal_message.html?_=1635038470324&CODE_STATE=getMsg HTTP/1.1" 200 27
116.227.210.113 - - [24/Oct/2021:09:25:56 +0800] "GET /xingrg/all/function/internal_message.html?_=1635038744617&CODE_STATE=getMsg HTTP/1.1" 200 27
222.69.135.237 - - [24/Oct/2021:09:25:58 +0800] "POST /xingrg/services/DataTransmitService HTTP/1.1" 200 501
114.85.125.222 - - [24/Oct/2021:09:25:59 +0800] "GET /xingrg/all/function/internal_message.html?_=1635038697125&CODE_STATE=getMsg HTTP/1.1" 200 27
222.70.179.155 - - [24/Oct/2021:09:25:59 +0800] "GET /xingrg/javascript/easyui/plugins/jquery.draggable.js HTTP/1.1" 200 6121
222.70.179.155 - - [24/Oct/2021:09:25:59 +0800] "GET /xingrg/css/images/panel_loading.gif HTTP/1.1" 200 1737
222.70.179.155 - - [24/Oct/2021:09:25:59 +0800] "GET /xingrg/javascript/easyui/plugins/jquery.droppable.js HTTP/1.1" 200 1167
222.70.179.155 - - [24/Oct/2021:09:25:59 +0800] "GET /xingrg/javascript/easyui/themes/default/tree.css HTTP/1.1" 404 1090
222.70.179.155 - - [24/Oct/2021:09:25:59 +0800] "GET /xingrg/javascript/easyui/plugins/jquery.tree.js HTTP/1.1" 200 20874
222.70.179.155 - - [24/Oct/2021:09:26:00 +0800] "POST /xingrg/all/common/load_tree.html?tree=supplier_tree_json&isDelete=1 HTTP/1.1" 200 60167
116.238.248.233 - - [24/Oct/2021:09:26:00 +0800] "GET /xingrg/all/function/internal_message.html?_=1635038752257&CODE_STATE=getMsg HTTP/1.1" 200 27
222.70.179.155 - - [24/Oct/2021:09:26:00 +0800] "GET /xingrg/javascript/easyui/themes/default/images/tree_folder_open.gif HTTP/1.1" 200 956
222.70.179.155 - - [24/Oct/2021:09:26:00 +0800] "GET /xingrg/javascript/easyui/themes/default/images/tree_folder.gif HTTP/1.1" 200 952
222.70.179.155 - - [24/Oct/2021:09:26:00 +0800] "GET /xingrg/javascript/easyui/themes/default/images/tree_arrows.gif HTTP/1.1" 200 617
222.70.179.155 - - [24/Oct/2021:09:26:00 +0800] "GET /xingrg/javascript/easyui/themes/default/images/tree_file.gif HTTP/1.1" 200 118
222.69.135.237 - - [24/Oct/2021:09:26:01 +0800] "POST /xingrg/services/DataTransmitService HTTP/1.1" 200 501
222.69.135.237 - - [24/Oct/2021:09:26:02 +0800] "POST /xingrg/services/DataTransmitService HTTP/1.1" 200 501
180.174.227.63 - - [24/Oct/2021:09:26:05 +0800] "GET /xingrg/kc/buy/cgsh_order_operate.html?command=get_materiel&rest_code=00102&code=00101012059&supplier_code=00100096&order_time=2021-10-24 HTTP/1.1" 200 412
180.174.227.63 - - [24/Oct/2021:09:26:07 +0800] "GET /xingrg/all/function/internal_message.html?_=1635038749247&CODE_STATE=getMsg HTTP/1.1" 200 27
120.253.135.82 - - [24/Oct/2021:09:26:09 +0800] "GET /xingrg/all/function/internal_message.html?_=1635038533919&CODE_STATE=getMsg HTTP/1.1" 200 27
222.69.135.237 - - [24/Oct/2021:09:26:15 +0800] "POST /xingrg/services/DataTransmitService HTTP/1.1" 200 412
222.70.171.86 - - [24/Oct/2021:09:26:18 +0800] "POST /xingrg/services/DataTransmitService HTTP/1.1" 200 524
222.70.171.86 - - [24/Oct/2021:09:26:20 +0800] "POST /xingrg/services/DataTransmitService HTTP/1.1" 200 501
222.69.135.237 - - [24/Oct/2021:09:26:21 +0800] "GET /xingrg/all/function/internal_message.html?_=1635038775801&CODE_STATE=getMsg HTTP/1.1" 200 27
180.174.227.63 - - [24/Oct/2021:09:26:23 +0800] "GET /xingrg/kc/buy/cgsh_order_operate.html?command=get_materiel&rest_code=00102&code=00101012051&supplier_code=00100096&order_time=2021-10-24 HTTP/1.1" 200 408
222.70.171.86 - - [24/Oct/2021:09:26:24 +0800] "POST /xingrg/services/DataTransmitService HTTP/1.1" 200 524
116.233.72.195 - - [24/Oct/2021:09:26:33 +0800] "POST /xingrg/kc/buy/cgsh_order_operate.html HTTP/1.1" 200 37
180.174.227.63 - - [24/Oct/2021:09:26:35 +0800] "GET /xingrg/kc/buy/cgsh_order_operate.html?command=get_materiel&rest_code=00102&code=00101006177&supplier_code=00100096&order_time=2021-10-24 HTTP/1.1" 200 408
222.70.171.86 - - [24/Oct/2021:09:26:38 +0800] "GET /xingrg/all/function/internal_message.html?_=1635038814278&CODE_STATE=getMsg HTTP/1.1" 302 -
222.70.171.86 - - [24/Oct/2021:09:26:39 +0800] "GET /xingrg/all/function/internal_message.html?_=1635038819017&CODE_STATE=getMsg HTTP/1.1" 200 27
101.85.106.134 - - [24/Oct/2021:09:26:42 +0800] "GET /xingrg/all/function/internal_message.html?_=1635038796892&CODE_STATE=getMsg HTTP/1.1" 200 27
116.233.72.195 - - [24/Oct/2021:09:26:44 +0800] "GET /xingrg/all/function/internal_message.html?_=1635038800213&CODE_STATE=getMsg HTTP/1.1" 200 27
116.233.72.195 - - [24/Oct/2021:09:26:45 +0800] "POST /xingrg/kc/buy/cgsh_order_operate.html HTTP/1.1" 200 18631
222.70.179.155 - - [24/Oct/2021:09:26:47 +0800] "GET /xingrg/all/function/internal_message.html?_=1635038801497&CODE_STATE=getMsg HTTP/1.1" 200 27
114.85.125.222 - - [24/Oct/2021:09:26:48 +0800] "GET /xingrg/check_reg.html?_=1635038746115 HTTP/1.1" 200 22
116.238.248.233 - - [24/Oct/2021:09:26:50 +0800] "GET /xingrg/kc/buy/cgsh_order_operate.html?command=get_materiel&rest_code=00150&code=00101008114&supplier_code=00100007&order_time=2021-10-24 HTTP/1.1" 200 412
116.233.72.195 - - [24/Oct/2021:09:26:52 +0800] "GET /xingrg/kc/buy/cgsh_order_operate.html?command=get_materiel&rest_code=00109&code=00101008033&supplier_code=00100005&order_time=2021-10-24 HTTP/1.1" 200 408
58.39.139.200 - - [24/Oct/2021:09:26:52 +0800] "GET /xingrg/all/function/internal_message.html?_=1635038808307&CODE_STATE=getMsg HTTP/1.1" 200 27
58.39.139.200 - - [24/Oct/2021:09:26:53 +0800] "POST /xingrg/kc/buy/cgsh_order_operate.html HTTP/1.1" 200 48830
180.174.227.63 - - [24/Oct/2021:09:26:53 +0800] "GET /xingrg/kc/buy/cgsh_order_operate.html?command=get_materiel&rest_code=00102&code=00101006133&supplier_code=00100096&order_time=2021-10-24 HTTP/1.1" 200 413
222.70.179.155 - - [24/Oct/2021:09:26:54 +0800] "GET /xingrg/all/function/internal_message.html?_=1635038530314&CODE_STATE=getMsg HTTP/1.1" 200 27
116.227.210.113 - - [24/Oct/2021:09:26:56 +0800] "GET /xingrg/check_reg.html?_=1635038804613 HTTP/1.1" 200 22
116.227.210.113 - - [24/Oct/2021:09:26:56 +0800] "GET /xingrg/all/function/internal_message.html?_=1635038804613&CODE_STATE=getMsg HTTP/1.1" 200 27
114.85.125.222 - - [24/Oct/2021:09:26:59 +0800] "GET /xingrg/all/function/internal_message.html?_=1635038757130&CODE_STATE=getMsg HTTP/1.1" 200 27
116.233.72.195 - - [24/Oct/2021:09:27:00 +0800] "GET /xingrg/kc/buy/cgsh_order_operate.html?command=get_materiel&rest_code=00109&code=00101008176&supplier_code=00100005&order_time=2021-10-24 HTTP/1.1" 200 412
116.238.248.233 - - [24/Oct/2021:09:27:00 +0800] "GET /xingrg/check_reg.html?_=1635038812278 HTTP/1.1" 200 22
116.238.248.233 - - [24/Oct/2021:09:27:00 +0800] "GET /xingrg/all/function/internal_message.html?_=1635038812281&CODE_STATE=getMsg HTTP/1.1" 200 27
180.174.227.63 - - [24/Oct/2021:09:27:07 +0800] "GET /xingrg/all/function/internal_message.html?_=1635038809288&CODE_STATE=getMsg HTTP/1.1" 200 27
116.238.248.233 - - [24/Oct/2021:09:27:07 +0800] "POST /xingrg/kc/buy/cgsh_order_operate.html HTTP/1.1" 200 37
222.70.179.155 - - [24/Oct/2021:09:27:08 +0800] "GET /xingrg/javascript/auto/indicator.gif HTTP/1.1" 404 1066
120.253.135.82 - - [24/Oct/2021:09:27:09 +0800] "GET /xingrg/all/function/internal_message.html?_=1635038593938&CODE_STATE=getMsg HTTP/1.1" 200 27
180.174.227.63 - - [24/Oct/2021:09:27:10 +0800] "GET /xingrg/kc/buy/cgsh_order_operate.html?command=get_materiel&rest_code=00102&code=00101006025&supplier_code=00100096&order_time=2021-10-24 HTTP/1.1" 200 417
116.238.248.233 - - [24/Oct/2021:09:27:10 +0800] "POST /xingrg/kc/buy/cgsh_order_operate.html HTTP/1.1" 200 12
116.238.248.233 - - [24/Oct/2021:09:27:11 +0800] "GET /xingrg/kc/buy/cgsh_order_info.html?code=212021102410546 HTTP/1.1" 200 59512
222.70.179.155 - - [24/Oct/2021:09:27:12 +0800] "GET /xingrg/kc/buy/cgsh_order_operate.html?command=get_materiel&rest_code=00111&code=00101006111&supplier_code=00100012&order_time=2021-10-24 HTTP/1.1" 200 409
116.238.248.233 - - [24/Oct/2021:09:27:12 +0800] "GET /xingrg/javascript/easyui/themes/default/validatebox.css HTTP/1.1" 404 1104
116.233.72.195 - - [24/Oct/2021:09:27:12 +0800] "GET /xingrg/kc/buy/cgsh_order_operate.html?command=get_materiel&rest_code=00109&code=00101008027&supplier_code=00100005&order_time=2021-10-24 HTTP/1.1" 200 409
116.238.248.233 - - [24/Oct/2021:09:27:12 +0800] "POST /xingrg/kc/buy/cgsh_order_operate.html HTTP/1.1" 200 34891
116.238.248.233 - - [24/Oct/2021:09:27:14 +0800] "GET /xingrg/kc/print/load_data.html?order_code=212021102410546&kc_code=cgsh&condition= HTTP/1.1" 200 13710
