116.232.52.221 - - [22/Oct/2021:09:41:32 +0800] "GET /xingrg/kc/print/load_config.html?kc_code=cgsh HTTP/1.1" 200 2281
116.232.52.221 - - [22/Oct/2021:09:41:32 +0800] "GET /xingrg/kc/print/load_data.html?order_code=212021102209522&kc_code=cgsh&condition= HTTP/1.1" 200 1783
116.227.210.113 - - [22/Oct/2021:09:41:33 +0800] "GET /xingrg/kc/buy/cgsh_order_operate.html?command=get_materiel&rest_code=00155&code=00101008270&supplier_code=00100005&order_time=2021-10-22 HTTP/1.1" 200 412
116.227.210.113 - - [22/Oct/2021:09:41:38 +0800] "GET /xingrg/all/function/internal_message.html?_=1634866891170&CODE_STATE=getMsg HTTP/1.1" 200 27
116.227.210.113 - - [22/Oct/2021:09:41:39 +0800] "GET /xingrg/kc/buy/cgsh_order_operate.html?command=get_materiel&rest_code=00155&code=00101008196&supplier_code=00100005&order_time=2021-10-22 HTTP/1.1" 200 416
116.227.210.113 - - [22/Oct/2021:09:41:46 +0800] "GET /xingrg/kc/buy/cgsh_order_operate.html?command=get_materiel&rest_code=00155&code=00101008136&supplier_code=00100005&order_time=2021-10-22 HTTP/1.1" 200 413
58.39.139.200 - - [22/Oct/2021:09:41:49 +0800] "GET /xingrg/all/function/internal_message.html?_=1634866904999&CODE_STATE=getMsg HTTP/1.1" 200 27
116.232.52.221 - - [22/Oct/2021:09:41:49 +0800] "GET /xingrg/kc/buy/cgsh_order_add.html HTTP/1.1" 200 64720
116.232.52.221 - - [22/Oct/2021:09:41:50 +0800] "POST /xingrg/kc/buy/cgsh_order_operate.html HTTP/1.1" 200 8245
116.232.52.221 - - [22/Oct/2021:09:41:50 +0800] "GET /xingrg/all/common/auto_word.html?type=employee&rest_code=00109 HTTP/1.1" 200 255
116.232.52.221 - - [22/Oct/2021:09:41:50 +0800] "GET /xingrg/all/common/auto_word.html?type=employee&rest_code=00109 HTTP/1.1" 200 255
116.232.52.221 - - [22/Oct/2021:09:41:50 +0800] "GET /xingrg/javascript/easyui/themes/default/validatebox.css HTTP/1.1" 404 1104
116.227.210.113 - - [22/Oct/2021:09:41:51 +0800] "GET /xingrg/kc/buy/cgsh_order_operate.html?command=get_materiel&rest_code=00155&code=00101008543&supplier_code=00100005&order_time=2021-10-22 HTTP/1.1" 200 395
114.85.125.222 - - [22/Oct/2021:09:41:55 +0800] "GET /xingrg/check_reg.html?_=1634866856507 HTTP/1.1" 200 22
116.227.210.113 - - [22/Oct/2021:09:41:55 +0800] "GET /xingrg/kc/buy/cgsh_order_operate.html?command=get_materiel&rest_code=00155&code=00101008478&supplier_code=00100005&order_time=2021-10-22 HTTP/1.1" 200 399
114.85.125.222 - - [22/Oct/2021:09:41:56 +0800] "GET /xingrg/all/function/internal_message.html?_=1634866856898&CODE_STATE=getMsg HTTP/1.1" 200 27
116.232.52.221 - - [22/Oct/2021:09:41:56 +0800] "GET /xingrg/javascript/jquery_tools/images/prev.gif HTTP/1.1" 404 1086
116.232.52.221 - - [22/Oct/2021:09:41:56 +0800] "GET /xingrg/javascript/jquery_tools/images/next.gif HTTP/1.1" 404 1086
180.169.147.146 - - [22/Oct/2021:09:41:58 +0800] "GET /xingrg/all/function/internal_message.html?_=1634866913443&CODE_STATE=getMsg HTTP/1.1" 200 27
101.85.106.134 - - [22/Oct/2021:09:41:58 +0800] "GET /xingrg/all/function/internal_message.html?_=1634866914194&CODE_STATE=getMsg HTTP/1.1" 200 27
116.238.248.233 - - [22/Oct/2021:09:41:59 +0800] "POST /xingrg/kc/buy/cgsh_order_operate.html HTTP/1.1" 200 37
116.227.210.113 - - [22/Oct/2021:09:42:01 +0800] "GET /xingrg/kc/buy/cgsh_order_operate.html?command=get_materiel&rest_code=00155&code=00101008069&supplier_code=00100005&order_time=2021-10-22 HTTP/1.1" 200 412
116.238.248.233 - - [22/Oct/2021:09:42:02 +0800] "POST /xingrg/kc/buy/cgsh_order_operate.html HTTP/1.1" 200 12
116.227.210.113 - - [22/Oct/2021:09:42:03 +0800] "POST /xingrg/kc/buy/cgsh_order_operate.html HTTP/1.1" 200 2065
116.232.52.221 - - [22/Oct/2021:09:42:03 +0800] "GET /xingrg/kc/buy/cgsh_order_operate.html?command=get_materiel&rest_code=00109&code=00101016105&supplier_code=00100035&order_time=2021-10-22 HTTP/1.1" 200 409
116.238.248.233 - - [22/Oct/2021:09:42:04 +0800] "GET /xingrg/kc/buy/cgsh_order_info.html?code=212021102209491 HTTP/1.1" 200 59242
116.238.248.233 - - [22/Oct/2021:09:42:04 +0800] "GET /xingrg/javascript/easyui/themes/default/validatebox.css HTTP/1.1" 404 1104
116.238.248.233 - - [22/Oct/2021:09:42:05 +0800] "POST /xingrg/kc/buy/cgsh_order_operate.html HTTP/1.1" 200 17918
180.157.253.6 - - [22/Oct/2021:09:42:07 +0800] "GET /xingrg/all/function/internal_message.html?_=1634866922427&CODE_STATE=getMsg HTTP/1.1" 200 27
116.227.210.113 - - [22/Oct/2021:09:42:07 +0800] "GET /xingrg/kc/buy/cgsh_order_operate.html?command=get_materiel&rest_code=00155&code=00101008006&supplier_code=00100005&order_time=2021-10-22 HTTP/1.1" 200 416
222.70.179.155 - - [22/Oct/2021:09:42:08 +0800] "GET /xingrg/all/function/internal_message.html?_=1634866915037&CODE_STATE=getMsg HTTP/1.1" 200 27
114.83.219.138 - - [22/Oct/2021:09:42:08 +0800] "GET /xingrg/check_reg.html?_=1634866925062 HTTP/1.1" 200 22
114.83.219.138 - - [22/Oct/2021:09:42:08 +0800] "GET /xingrg/all/function/internal_message.html?_=1634866925065&CODE_STATE=getMsg HTTP/1.1" 200 27
116.238.248.233 - - [22/Oct/2021:09:42:10 +0800] "GET /xingrg/all/function/internal_message.html?_=1634866923287&CODE_STATE=getMsg HTTP/1.1" 200 27
116.232.52.221 - - [22/Oct/2021:09:42:10 +0800] "GET /xingrg/kc/buy/cgsh_order_operate.html?command=get_materiel&rest_code=00109&code=00101016025&supplier_code=00100035&order_time=2021-10-22 HTTP/1.1" 200 408
116.227.210.113 - - [22/Oct/2021:09:42:12 +0800] "GET /xingrg/kc/buy/cgsh_order_operate.html?command=get_materiel&rest_code=00155&code=00101008131&supplier_code=00100005&order_time=2021-10-22 HTTP/1.1" 200 408
180.169.147.146 - - [22/Oct/2021:09:42:13 +0800] "GET /xingrg/all/function/internal_message.html?_=1634866929237&CODE_STATE=getMsg HTTP/1.1" 200 27
116.232.52.221 - - [22/Oct/2021:09:42:16 +0800] "GET /xingrg/kc/buy/cgsh_order_operate.html?command=get_materiel&rest_code=00109&code=00101012026&supplier_code=00100035&order_time=2021-10-22 HTTP/1.1" 200 408
116.227.210.113 - - [22/Oct/2021:09:42:19 +0800] "GET /xingrg/kc/buy/cgsh_order_operate.html?command=get_materiel&rest_code=00155&code=00101008108&supplier_code=00100005&order_time=2021-10-22 HTTP/1.1" 200 412
116.238.248.233 - - [22/Oct/2021:09:42:19 +0800] "GET /xingrg/kc/print/load_data.html?order_code=212021102209491&kc_code=cgsh&condition= HTTP/1.1" 200 7412
116.232.52.221 - - [22/Oct/2021:09:42:22 +0800] "GET /xingrg/kc/buy/cgsh_order_operate.html?command=get_materiel&rest_code=00109&code=00101016017&supplier_code=00100035&order_time=2021-10-22 HTTP/1.1" 200 408
116.232.52.221 - - [22/Oct/2021:09:42:23 +0800] "GET /xingrg/all/function/internal_message.html?_=1634866940789&CODE_STATE=getMsg HTTP/1.1" 200 27
114.85.125.222 - - [22/Oct/2021:09:42:24 +0800] "GET /xingrg/kc/buy/cgsh_order_operate.html?command=get_materiel&rest_code=00150&code=00101008300&supplier_code=00100007&order_time=2021-10-22 HTTP/1.1" 200 412
120.253.135.82 - - [22/Oct/2021:09:42:25 +0800] "GET /xingrg/check_reg.html?_=1634866919451 HTTP/1.1" 200 22
120.253.135.82 - - [22/Oct/2021:09:42:25 +0800] "GET /xingrg/all/function/internal_message.html?_=1634866919594&CODE_STATE=getMsg HTTP/1.1" 200 27
120.253.135.82 - - [22/Oct/2021:09:42:27 +0800] "GET /xingrg/check_reg.html?_=1634866712874 HTTP/1.1" 200 22
120.253.135.82 - - [22/Oct/2021:09:42:27 +0800] "GET /xingrg/all/function/internal_message.html?_=1634866712932&CODE_STATE=getMsg HTTP/1.1" 200 27
116.227.210.113 - - [22/Oct/2021:09:42:28 +0800] "GET /xingrg/kc/buy/cgsh_order_operate.html?command=get_materiel&rest_code=00155&code=00101008318&supplier_code=00100005&order_time=2021-10-22 HTTP/1.1" 200 408
116.232.52.221 - - [22/Oct/2021:09:42:29 +0800] "GET /xingrg/kc/buy/cgsh_order_operate.html?command=get_materiel&rest_code=00109&code=00101012025&supplier_code=00100035&order_time=2021-10-22 HTTP/1.1" 200 412
222.70.168.47 - - [22/Oct/2021:09:42:31 +0800] "GET /xingrg/all/function/internal_message.html?_=1634866964306&CODE_STATE=getMsg HTTP/1.1" 200 27
180.161.71.227 - - [22/Oct/2021:09:42:31 +0800] "GET /xingrg/all/function/internal_message.html?_=1634866932786&CODE_STATE=getMsg HTTP/1.1" 200 27
116.232.52.221 - - [22/Oct/2021:09:42:36 +0800] "GET /xingrg/kc/buy/cgsh_order_operate.html?command=get_materiel&rest_code=00109&code=00101016010&supplier_code=00100035&order_time=2021-10-22 HTTP/1.1" 200 408
116.227.210.113 - - [22/Oct/2021:09:42:38 +0800] "GET /xingrg/all/function/internal_message.html?_=1634866951169&CODE_STATE=getMsg HTTP/1.1" 200 27
58.39.139.200 - - [22/Oct/2021:09:42:49 +0800] "GET /xingrg/all/function/internal_message.html?_=1634866964967&CODE_STATE=getMsg HTTP/1.1" 200 27
58.39.139.200 - - [22/Oct/2021:09:42:49 +0800] "GET /xingrg/check_reg.html?_=1634866965430 HTTP/1.1" 200 22
114.85.125.222 - - [22/Oct/2021:09:42:55 +0800] "POST /xingrg/kc/buy/cgsh_order_operate.html HTTP/1.1" 200 37
116.227.210.113 - - [22/Oct/2021:09:42:55 +0800] "GET /xingrg/kc/buy/cgsh_order_operate.html?command=get_materiel&rest_code=00155&code=00101008371&supplier_code=00100005&order_time=2021-10-22 HTTP/1.1" 200 23
114.85.125.222 - - [22/Oct/2021:09:42:56 +0800] "GET /xingrg/all/function/internal_message.html?_=1634866916911&CODE_STATE=getMsg HTTP/1.1" 200 27
180.169.147.146 - - [22/Oct/2021:09:42:58 +0800] "GET /xingrg/all/function/internal_message.html?_=1634866973453&CODE_STATE=getMsg HTTP/1.1" 200 27
101.85.106.134 - - [22/Oct/2021:09:42:58 +0800] "GET /xingrg/all/function/internal_message.html?_=1634866974192&CODE_STATE=getMsg HTTP/1.1" 200 27
116.227.210.113 - - [22/Oct/2021:09:43:00 +0800] "POST /xingrg/kc/buy/cgsh_order_operate.html HTTP/1.1" 200 37
114.85.125.222 - - [22/Oct/2021:09:43:00 +0800] "POST /xingrg/kc/buy/cgsh_order_operate.html HTTP/1.1" 200 12
114.85.125.222 - - [22/Oct/2021:09:43:01 +0800] "GET /xingrg/kc/buy/cgsh_order_info.html?code=212021102209489 HTTP/1.1" 200 59528
116.227.210.113 - - [22/Oct/2021:09:43:01 +0800] "POST /xingrg/kc/buy/cgsh_order_operate.html HTTP/1.1" 200 16412
114.85.125.222 - - [22/Oct/2021:09:43:01 +0800] "GET /xingrg/javascript/easyui/themes/default/validatebox.css HTTP/1.1" 404 1104
114.85.125.222 - - [22/Oct/2021:09:43:01 +0800] "POST /xingrg/kc/buy/cgsh_order_operate.html HTTP/1.1" 200 33192
116.232.52.221 - - [22/Oct/2021:09:43:04 +0800] "POST /xingrg/kc/buy/cgsh_order_operate.html HTTP/1.1" 200 37
114.85.125.222 - - [22/Oct/2021:09:43:04 +0800] "GET /xingrg/kc/print/load_data.html?order_code=212021102209489&kc_code=cgsh&condition= HTTP/1.1" 200 13137
116.232.52.221 - - [22/Oct/2021:09:43:05 +0800] "POST /xingrg/kc/buy/cgsh_order_operate.html HTTP/1.1" 200 5594
116.232.52.221 - - [22/Oct/2021:09:43:06 +0800] "GET /xingrg/kc/print/load_config.html?kc_code=cgsh HTTP/1.1" 200 2281
116.227.210.113 - - [22/Oct/2021:09:43:06 +0800] "GET /xingrg/login.html HTTP/1.1" 200 7641
116.232.52.221 - - [22/Oct/2021:09:43:06 +0800] "GET /xingrg/kc/print/load_data.html?order_code=212021102209524&kc_code=cgsh&condition= HTTP/1.1" 200 1781
180.157.253.6 - - [22/Oct/2021:09:43:07 +0800] "GET /xingrg/check_reg.html?_=1634866982427 HTTP/1.1" 200 22
180.157.253.6 - - [22/Oct/2021:09:43:07 +0800] "GET /xingrg/all/function/internal_message.html?_=1634866982429&CODE_STATE=getMsg HTTP/1.1" 200 27
116.227.210.113 - - [22/Oct/2021:09:43:07 +0800] "GET /favicon.ico HTTP/1.1" 404 -
222.70.179.155 - - [22/Oct/2021:09:43:08 +0800] "GET /xingrg/all/function/internal_message.html?_=1634866975046&CODE_STATE=getMsg HTTP/1.1" 200 27
222.70.179.155 - - [22/Oct/2021:09:43:08 +0800] "GET /xingrg/check_reg.html?_=1634866975047 HTTP/1.1" 200 22
114.83.219.138 - - [22/Oct/2021:09:43:08 +0800] "GET /xingrg/all/function/internal_message.html?_=1634866985048&CODE_STATE=getMsg HTTP/1.1" 200 27
116.238.248.233 - - [22/Oct/2021:09:43:10 +0800] "GET /xingrg/all/function/internal_message.html?_=1634866983260&CODE_STATE=getMsg HTTP/1.1" 200 27
180.169.147.146 - - [22/Oct/2021:09:43:13 +0800] "GET /xingrg/all/function/internal_message.html?_=1634866989222&CODE_STATE=getMsg HTTP/1.1" 200 27
116.227.210.113 - - [22/Oct/2021:09:43:16 +0800] "POST /xingrg/login.do HTTP/1.1" 302 -
116.227.210.113 - - [22/Oct/2021:09:43:16 +0800] "GET /xingrg/index.html?sysBaseUrl=http%3A%2F%2F180.169.147.146%3A18081%2Fxingrg%2F&costTime=42×tamp=1634866996403 HTTP/1.1" 200 17179
116.227.210.113 - - [22/Oct/2021:09:43:16 +0800] "GET /favicon.ico HTTP/1.1" 404 -
116.227.210.113 - - [22/Oct/2021:09:43:16 +0800] "POST /xingrg/all/common/load_tree.html?tree=area_rest_tree_json&manage=1 HTTP/1.1" 200 351
116.227.210.113 - - [22/Oct/2021:09:43:16 +0800] "GET /xingrg/check_reg.html?_=1634866989750 HTTP/1.1" 200 22
116.227.210.113 - - [22/Oct/2021:09:43:16 +0800] "GET /xingrg/all/function/internal_message.html?_=1634866989749&CODE_STATE=count HTTP/1.1" 200 11
116.227.210.113 - - [22/Oct/2021:09:43:16 +0800] "POST /xingrg/load_menu.html HTTP/1.1" 200 5138
116.227.210.113 - - [22/Oct/2021:09:43:20 +0800] "GET /xingrg/kc/buy/cgsh_order_list.html HTTP/1.1" 200 48947
116.232.52.221 - - [22/Oct/2021:09:43:21 +0800] "GET /xingrg/kc/buy/cgsh_order_add.html HTTP/1.1" 200 64720
116.232.52.221 - - [22/Oct/2021:09:43:21 +0800] "POST /xingrg/kc/buy/cgsh_order_operate.html HTTP/1.1" 200 8245
116.232.52.221 - - [22/Oct/2021:09:43:21 +0800] "GET /xingrg/all/common/auto_word.html?type=employee&rest_code=00109 HTTP/1.1" 200 255
116.232.52.221 - - [22/Oct/2021:09:43:21 +0800] "GET /xingrg/all/common/auto_word.html?type=employee&rest_code=00109 HTTP/1.1" 200 255
116.232.52.221 - - [22/Oct/2021:09:43:21 +0800] "GET /xingrg/javascript/easyui/themes/default/validatebox.css HTTP/1.1" 404 1104
116.232.52.221 - - [22/Oct/2021:09:43:23 +0800] "GET /xingrg/all/function/internal_message.html?_=1634867000791&CODE_STATE=getMsg HTTP/1.1" 200 27
120.253.135.82 - - [22/Oct/2021:09:43:25 +0800] "GET /xingrg/all/function/internal_message.html?_=1634866979608&CODE_STATE=getMsg HTTP/1.1" 200 27
116.227.210.113 - - [22/Oct/2021:09:43:26 +0800] "POST /xingrg/kc/buy/cgsh_list_operate.html HTTP/1.1" 200 3137
120.253.135.82 - - [22/Oct/2021:09:43:27 +0800] "GET /xingrg/all/function/internal_message.html?_=1634866772945&CODE_STATE=getMsg HTTP/1.1" 200 27
180.161.71.227 - - [22/Oct/2021:09:43:31 +0800] "GET /xingrg/all/function/internal_message.html?_=1634866992789&CODE_STATE=getMsg HTTP/1.1" 200 27
222.70.168.47 - - [22/Oct/2021:09:43:31 +0800] "GET /xingrg/all/function/internal_message.html?_=1634867024560&CODE_STATE=getMsg HTTP/1.1" 200 27
116.227.210.113 - - [22/Oct/2021:09:43:37 +0800] "POST /xingrg/kc/buy/cgsh_list_operate.html HTTP/1.1" 200 3137
116.227.210.113 - - [22/Oct/2021:09:43:38 +0800] "POST /xingrg/kc/buy/cgsh_list_operate.html HTTP/1.1" 200 579
116.227.210.113 - - [22/Oct/2021:09:43:39 +0800] "GET /xingrg/kc/buy/cgsh_order_info.html?code=212021102209523 HTTP/1.1" 200 64656
116.227.210.113 - - [22/Oct/2021:09:43:39 +0800] "GET /xingrg/all/common/auto_word.html?type=employee&rest_code=00155 HTTP/1.1" 200 205
116.227.210.113 - - [22/Oct/2021:09:43:39 +0800] "GET /xingrg/all/common/auto_word.html?type=employee&rest_code=00155 HTTP/1.1" 200 205
116.227.210.113 - - [22/Oct/2021:09:43:39 +0800] "GET /xingrg/javascript/easyui/themes/default/validatebox.css HTTP/1.1" 404 1104
116.227.210.113 - - [22/Oct/2021:09:43:39 +0800] "POST /xingrg/kc/buy/cgsh_order_operate.html HTTP/1.1" 200 24590
116.227.210.113 - - [22/Oct/2021:09:43:47 +0800] "GET /xingrg/javascript/auto/indicator.gif HTTP/1.1" 404 1066
58.39.139.200 - - [22/Oct/2021:09:43:49 +0800] "GET /xingrg/all/function/internal_message.html?_=1634867024939&CODE_STATE=getMsg HTTP/1.1" 200 27
116.227.210.113 - - [22/Oct/2021:09:43:52 +0800] "GET /xingrg/kc/buy/cgsh_order_operate.html?command=get_materiel&rest_code=00155&code=00101008371&supplier_code=00100005&order_time=2021-10-22 HTTP/1.1" 200 412
114.85.125.222 - - [22/Oct/2021:09:43:56 +0800] "GET /xingrg/all/function/internal_message.html?_=1634866976958&CODE_STATE=getMsg HTTP/1.1" 200 27
180.169.147.146 - - [22/Oct/2021:09:43:58 +0800] "GET /xingrg/all/function/internal_message.html?_=1634867033446&CODE_STATE=getMsg HTTP/1.1" 200 27
101.85.106.134 - - [22/Oct/2021:09:43:58 +0800] "GET /xingrg/all/function/internal_message.html?_=1634867034176&CODE_STATE=getMsg HTTP/1.1" 200 27
116.227.210.113 - - [22/Oct/2021:09:44:01 +0800] "GET /xingrg/kc/buy/cgsh_order_operate.html?command=get_materiel&rest_code=00155&code=00101008353&supplier_code=00100005&order_time=2021-10-22 HTTP/1.1" 200 408
180.157.253.6 - - [22/Oct/2021:09:44:07 +0800] "GET /xingrg/all/function/internal_message.html?_=1634867042426&CODE_STATE=getMsg HTTP/1.1" 200 27
116.227.210.113 - - [22/Oct/2021:09:44:07 +0800] "GET /xingrg/kc/buy/cgsh_order_operate.html?command=get_materiel&rest_code=00155&code=00101008213&supplier_code=00100005&order_time=2021-10-22 HTTP/1.1" 200 412
222.70.179.155 - - [22/Oct/2021:09:44:08 +0800] "GET /xingrg/all/function/internal_message.html?_=1634867035046&CODE_STATE=getMsg HTTP/1.1" 200 27
114.83.219.138 - - [22/Oct/2021:09:44:08 +0800] "GET /xingrg/all/function/internal_message.html?_=1634867045065&CODE_STATE=getMsg HTTP/1.1" 200 27
116.238.248.233 - - [22/Oct/2021:09:44:10 +0800] "GET /xingrg/all/function/internal_message.html?_=1634867043246&CODE_STATE=getMsg HTTP/1.1" 200 27
180.169.147.146 - - [22/Oct/2021:09:44:13 +0800] "GET /xingrg/all/function/internal_message.html?_=1634867049207&CODE_STATE=getMsg HTTP/1.1" 200 27
116.227.210.113 - - [22/Oct/2021:09:44:14 +0800] "GET /xingrg/kc/buy/cgsh_order_operate.html?command=get_materiel&rest_code=00155&code=00101008312&supplier_code=00100005&order_time=2021-10-22 HTTP/1.1" 200 412
116.227.210.113 - - [22/Oct/2021:09:44:16 +0800] "POST /xingrg/kc/buy/cgsh_order_operate.html HTTP/1.1" 200 2065
116.227.210.113 - - [22/Oct/2021:09:44:16 +0800] "GET /xingrg/all/function/internal_message.html?_=1634867049758&CODE_STATE=getMsg HTTP/1.1" 200 27
116.227.210.113 - - [22/Oct/2021:09:44:22 +0800] "GET /xingrg/kc/buy/cgsh_order_operate.html?command=get_materiel&rest_code=00155&code=00101008283&supplier_code=00100005&order_time=2021-10-22 HTTP/1.1" 200 408
116.232.52.221 - - [22/Oct/2021:09:44:23 +0800] "GET /xingrg/all/function/internal_message.html?_=1634867060793&CODE_STATE=getMsg HTTP/1.1" 200 27
116.232.52.221 - - [22/Oct/2021:09:44:23 +0800] "GET /xingrg/check_reg.html?_=1634867060795 HTTP/1.1" 200 22
120.253.135.82 - - [22/Oct/2021:09:44:25 +0800] "GET /xingrg/all/function/internal_message.html?_=1634867039620&CODE_STATE=getMsg HTTP/1.1" 200 27
180.169.147.146 - - [22/Oct/2021:09:44:27 +0800] "GET /xingrg/kc/buy/buy_main.html HTTP/1.1" 302 -
120.253.135.82 - - [22/Oct/2021:09:44:27 +0800] "GET /xingrg/all/function/internal_message.html?_=1634866832960&CODE_STATE=getMsg HTTP/1.1" 200 27
180.169.147.146 - - [22/Oct/2021:09:44:27 +0800] "GET /xingrg/login.html HTTP/1.1" 200 7641
180.169.147.146 - - [22/Oct/2021:09:44:28 +0800] "GET /xingrg/login.html HTTP/1.1" 200 7641
180.169.147.146 - - [22/Oct/2021:09:44:28 +0800] "GET /favicon.ico HTTP/1.1" 404 -
116.227.210.113 - - [22/Oct/2021:09:44:28 +0800] "GET /xingrg/kc/buy/cgsh_order_operate.html?command=get_materiel&rest_code=00155&code=00101008006&supplier_code=00100005&order_time=2021-10-22 HTTP/1.1" 200 416
180.169.147.146 - - [22/Oct/2021:09:44:30 +0800] "POST /xingrg/login.do HTTP/1.1" 302 -
180.169.147.146 - - [22/Oct/2021:09:44:30 +0800] "GET /xingrg/index.html?sysBaseUrl=http%3A%2F%2F180.169.147.146%3A18081%2Fxingrg%2F&costTime=64×tamp=1634867070285 HTTP/1.1" 200 17179
180.169.147.146 - - [22/Oct/2021:09:44:30 +0800] "GET /favicon.ico HTTP/1.1" 404 -
180.169.147.146 - - [22/Oct/2021:09:44:30 +0800] "GET /xingrg/all/function/internal_message.html?_=1634867062808&CODE_STATE=count HTTP/1.1" 200 11
180.169.147.146 - - [22/Oct/2021:09:44:30 +0800] "GET /xingrg/check_reg.html?_=1634867062811 HTTP/1.1" 200 22
180.169.147.146 - - [22/Oct/2021:09:44:30 +0800] "POST /xingrg/all/common/load_tree.html?tree=area_rest_tree_json&manage=1 HTTP/1.1" 200 351
180.169.147.146 - - [22/Oct/2021:09:44:30 +0800] "POST /xingrg/load_menu.html HTTP/1.1" 200 5138
222.70.168.47 - - [22/Oct/2021:09:44:31 +0800] "GET /xingrg/all/function/internal_message.html?_=1634867084566&CODE_STATE=getMsg HTTP/1.1" 200 27
180.161.71.227 - - [22/Oct/2021:09:44:31 +0800] "GET /xingrg/all/function/internal_message.html?_=1634867053094&CODE_STATE=getMsg HTTP/1.1" 200 27
222.70.181.139 - - [22/Oct/2021:09:44:33 +0800] "POST /xingrg/services/DataTransmitService HTTP/1.1" 200 524
116.227.210.113 - - [22/Oct/2021:09:44:36 +0800] "GET /xingrg/kc/buy/cgsh_order_operate.html?command=get_materiel&rest_code=00155&code=00101008069&supplier_code=00100005&order_time=2021-10-22 HTTP/1.1" 200 412
58.39.139.200 - - [22/Oct/2021:09:44:49 +0800] "GET /xingrg/all/function/internal_message.html?_=1634867084912&CODE_STATE=getMsg HTTP/1.1" 200 27
116.227.210.113 - - [22/Oct/2021:09:44:50 +0800] "GET /xingrg/kc/buy/cgsh_order_operate.html?command=get_materiel&rest_code=00155&code=00101008356&supplier_code=00100005&order_time=2021-10-22 HTTP/1.1" 200 408
114.85.125.222 - - [22/Oct/2021:09:44:56 +0800] "GET /xingrg/all/function/internal_message.html?_=1634867036970&CODE_STATE=getMsg HTTP/1.1" 200 27
180.169.147.146 - - [22/Oct/2021:09:44:58 +0800] "GET /xingrg/all/function/internal_message.html?_=1634867093447&CODE_STATE=getMsg HTTP/1.1" 200 27
180.169.147.146 - - [22/Oct/2021:09:44:58 +0800] "GET /xingrg/check_reg.html?_=1634867093458 HTTP/1.1" 200 22
101.85.106.134 - - [22/Oct/2021:09:44:58 +0800] "GET /xingrg/all/function/internal_message.html?_=1634867094161&CODE_STATE=getMsg HTTP/1.1" 200 27
116.227.210.113 - - [22/Oct/2021:09:45:01 +0800] "GET /xingrg/kc/buy/cgsh_order_operate.html?command=get_materiel&rest_code=00155&code=00101008290&supplier_code=00100005&order_time=2021-10-22 HTTP/1.1" 200 416
116.227.210.113 - - [22/Oct/2021:09:45:04 +0800] "POST /xingrg/kc/buy/cgsh_order_operate.html HTTP/1.1" 200 2065
180.161.71.227 - - [22/Oct/2021:09:45:04 +0800] "GET /xingrg/check_reg.html?_=1634867085999 HTTP/1.1" 200 22
180.157.253.6 - - [22/Oct/2021:09:45:07 +0800] "GET /xingrg/all/function/internal_message.html?_=1634867102426&CODE_STATE=getMsg HTTP/1.1" 200 27
222.70.179.155 - - [22/Oct/2021:09:45:08 +0800] "GET /xingrg/all/function/internal_message.html?_=1634867095048&CODE_STATE=getMsg HTTP/1.1" 200 27
114.83.219.138 - - [22/Oct/2021:09:45:08 +0800] "GET /xingrg/all/function/internal_message.html?_=1634867105062&CODE_STATE=getMsg HTTP/1.1" 200 27
116.227.210.113 - - [22/Oct/2021:09:45:09 +0800] "GET /xingrg/kc/buy/cgsh_order_operate.html?command=get_materiel&rest_code=00155&code=00101008016&supplier_code=00100005&order_time=2021-10-22 HTTP/1.1" 200 416
116.238.248.233 - - [22/Oct/2021:09:45:10 +0800] "GET /xingrg/check_reg.html?_=1634867103240 HTTP/1.1" 200 22
116.238.248.233 - - [22/Oct/2021:09:45:10 +0800] "GET /xingrg/all/function/internal_message.html?_=1634867103242&CODE_STATE=getMsg HTTP/1.1" 200 27
180.169.147.146 - - [22/Oct/2021:09:45:13 +0800] "GET /xingrg/all/function/internal_message.html?_=1634867109190&CODE_STATE=getMsg HTTP/1.1" 200 27
116.227.210.113 - - [22/Oct/2021:09:45:16 +0800] "GET /xingrg/kc/buy/cgsh_order_operate.html?command=get_materiel&rest_code=00155&code=00101008196&supplier_code=00100005&order_time=2021-10-22 HTTP/1.1" 200 416
116.227.210.113 - - [22/Oct/2021:09:45:16 +0800] "GET /xingrg/all/function/internal_message.html?_=1634867109770&CODE_STATE=getMsg HTTP/1.1" 200 27
116.227.210.113 - - [22/Oct/2021:09:45:22 +0800] "GET /xingrg/kc/buy/cgsh_order_operate.html?command=get_materiel&rest_code=00155&code=00101008270&supplier_code=00100005&order_time=2021-10-22 HTTP/1.1" 200 412
116.232.52.221 - - [22/Oct/2021:09:45:23 +0800] "GET /xingrg/all/function/internal_message.html?_=1634867120801&CODE_STATE=getMsg HTTP/1.1" 200 27
180.169.147.146 - - [22/Oct/2021:09:45:23 +0800] "GET /xingrg/kc/buy/buy_main.html HTTP/1.1" 200 12412
180.169.147.146 - - [22/Oct/2021:09:45:23 +0800] "GET /xingrg/css/new_ie.css HTTP/1.1" 404 1036
180.169.147.146 - - [22/Oct/2021:09:45:24 +0800] "GET /xingrg/images/yd/bt.gif HTTP/1.1" 404 1040
180.169.147.146 - - [22/Oct/2021:09:45:24 +0800] "GET /xingrg/kc/buy/cgsh_order_list.html HTTP/1.1" 200 48947
120.253.135.82 - - [22/Oct/2021:09:45:25 +0800] "GET /xingrg/all/function/internal_message.html?_=1634867099657&CODE_STATE=getMsg HTTP/1.1" 200 27
120.253.135.82 - - [22/Oct/2021:09:45:27 +0800] "GET /xingrg/all/function/internal_message.html?_=1634866892984&CODE_STATE=getMsg HTTP/1.1" 200 27
116.227.210.113 - - [22/Oct/2021:09:45:28 +0800] "GET /xingrg/kc/buy/cgsh_order_operate.html?command=get_materiel&rest_code=00155&code=00101008331&supplier_code=00100005&order_time=2021-10-22 HTTP/1.1" 200 416
180.169.147.146 - - [22/Oct/2021:09:45:30 +0800] "GET /xingrg/all/function/internal_message.html?_=1634867122821&CODE_STATE=getMsg HTTP/1.1" 200 27
180.161.71.227 - - [22/Oct/2021:09:45:31 +0800] "GET /xingrg/all/function/internal_message.html?_=1634867113095&CODE_STATE=getMsg HTTP/1.1" 200 27
222.70.168.47 - - [22/Oct/2021:09:45:31 +0800] "GET /xingrg/all/function/internal_message.html?_=1634867144820&CODE_STATE=getMsg HTTP/1.1" 200 27
116.227.210.113 - - [22/Oct/2021:09:45:34 +0800] "GET /xingrg/kc/buy/cgsh_order_operate.html?command=get_materiel&rest_code=00155&code=00101008041&supplier_code=00100005&order_time=2021-10-22 HTTP/1.1" 200 408
116.227.210.113 - - [22/Oct/2021:09:45:36 +0800] "POST /xingrg/kc/buy/cgsh_order_operate.html HTTP/1.1" 200 2065
58.39.139.200 - - [22/Oct/2021:09:45:49 +0800] "GET /xingrg/all/function/internal_message.html?_=1634867144879&CODE_STATE=getMsg HTTP/1.1" 200 27
116.227.210.113 - - [22/Oct/2021:09:45:49 +0800] "GET /xingrg/kc/buy/cgsh_order_operate.html?command=get_materiel&rest_code=00155&code=00101008279&supplier_code=00100005&order_time=2021-10-22 HTTP/1.1" 200 412
116.227.210.113 - - [22/Oct/2021:09:45:54 +0800] "GET /xingrg/kc/buy/cgsh_order_operate.html?command=get_materiel&rest_code=00155&code=00101008131&supplier_code=00100005&order_time=2021-10-22 HTTP/1.1" 200 408
114.85.125.222 - - [22/Oct/2021:09:45:56 +0800] "GET /xingrg/all/function/internal_message.html?_=1634867097047&CODE_STATE=getMsg HTTP/1.1" 200 27
180.169.147.146 - - [22/Oct/2021:09:45:58 +0800] "GET /xingrg/all/function/internal_message.html?_=1634867153456&CODE_STATE=getMsg HTTP/1.1" 200 27
101.85.106.134 - - [22/Oct/2021:09:45:58 +0800] "GET /xingrg/check_reg.html?_=1634867154099 HTTP/1.1" 200 22
101.85.106.134 - - [22/Oct/2021:09:45:58 +0800] "GET /xingrg/all/function/internal_message.html?_=1634867154132&CODE_STATE=getMsg HTTP/1.1" 200 27
180.169.147.146 - - [22/Oct/2021:09:45:58 +0800] "POST /xingrg/kc/buy/cgsh_list_operate.html HTTP/1.1" 200 5231
116.227.210.113 - - [22/Oct/2021:09:46:01 +0800] "GET /xingrg/kc/buy/cgsh_order_operate.html?command=get_materiel&rest_code=00155&code=00101008350&supplier_code=00100005&order_time=2021-10-22 HTTP/1.1" 200 408
116.227.210.113 - - [22/Oct/2021:09:46:03 +0800] "POST /xingrg/kc/buy/cgsh_order_operate.html HTTP/1.1" 200 2065
180.157.253.6 - - [22/Oct/2021:09:46:07 +0800] "GET /xingrg/all/function/internal_message.html?_=1634867162437&CODE_STATE=getMsg HTTP/1.1" 200 27
116.227.210.113 - - [22/Oct/2021:09:46:07 +0800] "GET /xingrg/kc/buy/cgsh_order_operate.html?command=get_materiel&rest_code=00155&code=00101008036&supplier_code=00100005&order_time=2021-10-22 HTTP/1.1" 200 408
222.70.179.155 - - [22/Oct/2021:09:46:08 +0800] "GET /xingrg/all/function/internal_message.html?_=1634867155046&CODE_STATE=getMsg HTTP/1.1" 200 27
114.83.219.138 - - [22/Oct/2021:09:46:08 +0800] "GET /xingrg/all/function/internal_message.html?_=1634867165070&CODE_STATE=getMsg HTTP/1.1" 200 27
116.238.248.233 - - [22/Oct/2021:09:46:10 +0800] "GET /xingrg/all/function/internal_message.html?_=1634867163253&CODE_STATE=getMsg HTTP/1.1" 200 27
180.169.147.146 - - [22/Oct/2021:09:46:12 +0800] "GET /xingrg/all/function/internal_message.html?_=1634867169175&CODE_STATE=getMsg HTTP/1.1" 200 27
180.169.147.146 - - [22/Oct/2021:09:46:13 +0800] "POST /xingrg/kc/buy/cgsh_list_operate.html HTTP/1.1" 200 605
180.169.147.146 - - [22/Oct/2021:09:46:15 +0800] "GET /xingrg/kc/buy/cgsh_order_info.html?code=212021102109407 HTTP/1.1" 200 64656
180.169.147.146 - - [22/Oct/2021:09:46:15 +0800] "GET /xingrg/words/20211020150216_words.js HTTP/1.1" 304 -
180.169.147.146 - - [22/Oct/2021:09:46:15 +0800] "GET /xingrg/all/common/auto_word.html?type=employee&rest_code=00147 HTTP/1.1" 200 101
180.169.147.146 - - [22/Oct/2021:09:46:15 +0800] "GET /xingrg/all/common/auto_word.html?type=employee&rest_code=00147 HTTP/1.1" 200 101
180.169.147.146 - - [22/Oct/2021:09:46:15 +0800] "GET /xingrg/javascript/easyui/themes/default/validatebox.css HTTP/1.1" 404 1104
222.70.168.47 - - [22/Oct/2021:09:46:16 +0800] "GET /xingrg/check_reg.html?_=1634867189062 HTTP/1.1" 200 22
180.169.147.146 - - [22/Oct/2021:09:46:16 +0800] "POST /xingrg/kc/buy/cgsh_order_operate.html HTTP/1.1" 200 5663
116.227.210.113 - - [22/Oct/2021:09:46:16 +0800] "GET /xingrg/all/function/internal_message.html?_=1634867169757&CODE_STATE=getMsg HTTP/1.1" 200 27
116.227.210.113 - - [22/Oct/2021:09:46:21 +0800] "GET /xingrg/kc/buy/cgsh_order_operate.html?command=get_materiel&rest_code=00155&code=00101008096&supplier_code=00100005&order_time=2021-10-22 HTTP/1.1" 200 412
116.232.52.221 - - [22/Oct/2021:09:46:23 +0800] "GET /xingrg/all/function/internal_message.html?_=1634867180796&CODE_STATE=getMsg HTTP/1.1" 200 27
180.169.147.146 - - [22/Oct/2021:09:46:24 +0800] "GET /xingrg/javascript/auto/indicator.gif HTTP/1.1" 404 1066
120.253.135.82 - - [22/Oct/2021:09:46:26 +0800] "GET /xingrg/all/function/internal_message.html?_=1634867159678&CODE_STATE=getMsg HTTP/1.1" 200 27
180.169.147.146 - - [22/Oct/2021:09:46:27 +0800] "GET /xingrg/check_reg.html?_=1634867183655 HTTP/1.1" 200 22
120.253.135.82 - - [22/Oct/2021:09:46:27 +0800] "GET /xingrg/all/function/internal_message.html?_=1634866953002&CODE_STATE=getMsg HTTP/1.1" 200 27
180.169.147.146 - - [22/Oct/2021:09:46:30 +0800] "GET /xingrg/all/function/internal_message.html?_=1634867182819&CODE_STATE=getMsg HTTP/1.1" 200 27
180.161.71.227 - - [22/Oct/2021:09:46:31 +0800] "GET /xingrg/all/function/internal_message.html?_=1634867173109&CODE_STATE=getMsg HTTP/1.1" 200 27
222.70.168.47 - - [22/Oct/2021:09:46:31 +0800] "GET /xingrg/all/function/internal_message.html?_=1634867204828&CODE_STATE=getMsg HTTP/1.1" 200 27
180.169.147.146 - - [22/Oct/2021:09:46:32 +0800] "POST /xingrg/kc/buy/cgsh_order_operate.html HTTP/1.1" 200 37
180.169.147.146 - - [22/Oct/2021:09:46:41 +0800] "POST /xingrg/kc/buy/cgsh_order_operate.html HTTP/1.1" 200 5663
58.39.139.200 - - [22/Oct/2021:09:46:49 +0800] "GET /xingrg/all/function/internal_message.html?_=1634867204859&CODE_STATE=getMsg HTTP/1.1" 200 27
114.85.125.222 - - [22/Oct/2021:09:46:55 +0800] "GET /xingrg/check_reg.html?_=1634867156515 HTTP/1.1" 200 22
114.85.125.222 - - [22/Oct/2021:09:46:56 +0800] "GET /xingrg/all/function/internal_message.html?_=1634867157059&CODE_STATE=getMsg HTTP/1.1" 200 27
180.169.147.146 - - [22/Oct/2021:09:46:58 +0800] "GET /xingrg/all/function/internal_message.html?_=1634867213446&CODE_STATE=getMsg HTTP/1.1" 200 27
101.85.106.134 - - [22/Oct/2021:09:46:58 +0800] "GET /xingrg/all/function/internal_message.html?_=1634867214115&CODE_STATE=getMsg HTTP/1.1" 200 27
180.169.147.146 - - [22/Oct/2021:09:47:00 +0800] "POST /xingrg/kc/buy/cgsh_order_operate.html HTTP/1.1" 200 37
180.157.253.6 - - [22/Oct/2021:09:47:07 +0800] "GET /xingrg/all/function/internal_message.html?_=1634867222423&CODE_STATE=getMsg HTTP/1.1" 200 27
222.70.179.155 - - [22/Oct/2021:09:47:08 +0800] "GET /xingrg/all/function/internal_message.html?_=1634867215045&CODE_STATE=getMsg HTTP/1.1" 200 27
114.83.219.138 - - [22/Oct/2021:09:47:08 +0800] "GET /xingrg/all/function/internal_message.html?_=1634867225073&CODE_STATE=getMsg HTTP/1.1" 200 27
114.83.219.138 - - [22/Oct/2021:09:47:08 +0800] "GET /xingrg/check_reg.html?_=1634867225080 HTTP/1.1" 200 22
116.238.248.233 - - [22/Oct/2021:09:47:10 +0800] "GET /xingrg/all/function/internal_message.html?_=1634867223259&CODE_STATE=getMsg HTTP/1.1" 200 27
180.169.147.146 - - [22/Oct/2021:09:47:12 +0800] "GET /xingrg/all/function/internal_message.html?_=1634867229145&CODE_STATE=getMsg HTTP/1.1" 200 27
116.227.210.113 - - [22/Oct/2021:09:47:16 +0800] "GET /xingrg/all/function/internal_message.html?_=1634867229776&CODE_STATE=getMsg HTTP/1.1" 200 27
116.232.52.221 - - [22/Oct/2021:09:47:23 +0800] "GET /xingrg/all/function/internal_message.html?_=1634867240799&CODE_STATE=getMsg HTTP/1.1" 200 27
120.253.135.82 - - [22/Oct/2021:09:47:25 +0800] "GET /xingrg/check_reg.html?_=1634867219479 HTTP/1.1" 200 22
120.253.135.82 - - [22/Oct/2021:09:47:26 +0800] "GET /xingrg/all/function/internal_message.html?_=1634867219692&CODE_STATE=getMsg HTTP/1.1" 200 27
120.253.135.82 - - [22/Oct/2021:09:47:27 +0800] "GET /xingrg/check_reg.html?_=1634867012886 HTTP/1.1" 200 22
120.253.135.82 - - [22/Oct/2021:09:47:27 +0800] "GET /xingrg/all/function/internal_message.html?_=1634867013016&CODE_STATE=getMsg HTTP/1.1" 200 27
222.70.168.47 - - [22/Oct/2021:09:47:31 +0800] "GET /xingrg/all/function/internal_message.html?_=1634867264843&CODE_STATE=getMsg HTTP/1.1" 200 27
180.161.71.227 - - [22/Oct/2021:09:47:31 +0800] "GET /xingrg/all/function/internal_message.html?_=1634867233355&CODE_STATE=getMsg HTTP/1.1" 200 27
58.39.139.200 - - [22/Oct/2021:09:47:49 +0800] "GET /xingrg/all/function/internal_message.html?_=1634867264839&CODE_STATE=getMsg HTTP/1.1" 200 27
58.39.139.200 - - [22/Oct/2021:09:47:49 +0800] "GET /xingrg/check_reg.html?_=1634867265407 HTTP/1.1" 200 22
114.85.125.222 - - [22/Oct/2021:09:47:56 +0800] "GET /xingrg/all/function/internal_message.html?_=1634867217074&CODE_STATE=getMsg HTTP/1.1" 200 27
180.169.147.146 - - [22/Oct/2021:09:47:58 +0800] "GET /xingrg/all/function/internal_message.html?_=1634867273451&CODE_STATE=getMsg HTTP/1.1" 200 27
101.85.106.134 - - [22/Oct/2021:09:47:58 +0800] "GET /xingrg/all/function/internal_message.html?_=1634867274100&CODE_STATE=getMsg HTTP/1.1" 200 27
180.157.253.6 - - [22/Oct/2021:09:48:07 +0800] "GET /xingrg/all/function/internal_message.html?_=1634867282423&CODE_STATE=getMsg HTTP/1.1" 200 27
180.157.253.6 - - [22/Oct/2021:09:48:07 +0800] "GET /xingrg/check_reg.html?_=1634867282425 HTTP/1.1" 200 22
222.70.179.155 - - [22/Oct/2021:09:48:08 +0800] "GET /xingrg/all/function/internal_message.html?_=1634867275044&CODE_STATE=getMsg HTTP/1.1" 200 27
222.70.179.155 - - [22/Oct/2021:09:48:08 +0800] "GET /xingrg/check_reg.html?_=1634867275045 HTTP/1.1" 200 22
114.83.219.138 - - [22/Oct/2021:09:48:08 +0800] "GET /xingrg/all/function/internal_message.html?_=1634867285087&CODE_STATE=getMsg HTTP/1.1" 200 27
116.238.248.233 - - [22/Oct/2021:09:48:10 +0800] "GET /xingrg/all/function/internal_message.html?_=1634867283265&CODE_STATE=getMsg HTTP/1.1" 200 27
180.169.147.146 - - [22/Oct/2021:09:48:12 +0800] "GET /xingrg/all/function/internal_message.html?_=1634867289144&CODE_STATE=getMsg HTTP/1.1" 200 27
58.35.215.131 - - [22/Oct/2021:09:48:14 +0800] "GET /favicon.ico HTTP/1.1" 404 -
116.227.210.113 - - [22/Oct/2021:09:48:16 +0800] "GET /xingrg/check_reg.html?_=1634867289767 HTTP/1.1" 200 22
116.227.210.113 - - [22/Oct/2021:09:48:16 +0800] "GET /xingrg/all/function/internal_message.html?_=1634867289770&CODE_STATE=getMsg HTTP/1.1" 200 27
116.232.52.221 - - [22/Oct/2021:09:48:23 +0800] "GET /xingrg/all/function/internal_message.html?_=1634867300799&CODE_STATE=getMsg HTTP/1.1" 200 27
180.169.147.146 - - [22/Oct/2021:09:48:25 +0800] "POST /xingrg/kc/buy/cgsh_order_operate.html HTTP/1.1" 200 5663
120.253.135.82 - - [22/Oct/2021:09:48:26 +0800] "GET /xingrg/all/function/internal_message.html?_=1634867279705&CODE_STATE=getMsg HTTP/1.1" 200 27
120.253.135.82 - - [22/Oct/2021:09:48:27 +0800] "GET /xingrg/all/function/internal_message.html?_=1634867073029&CODE_STATE=getMsg HTTP/1.1" 200 27
180.169.147.146 - - [22/Oct/2021:09:48:30 +0800] "GET /xingrg/all/function/internal_message.html?_=1634867302831&CODE_STATE=getMsg HTTP/1.1" 200 27
180.161.71.227 - - [22/Oct/2021:09:48:32 +0800] "GET /xingrg/all/function/internal_message.html?_=1634867293371&CODE_STATE=getMsg HTTP/1.1" 200 27
222.70.168.47 - - [22/Oct/2021:09:48:32 +0800] "GET /xingrg/all/function/internal_message.html?_=1634867325104&CODE_STATE=getMsg HTTP/1.1" 200 27
116.232.52.221 - - [22/Oct/2021:09:48:32 +0800] "POST /xingrg/services/DataTransmitService HTTP/1.1" 401 565
116.232.52.221 - - [22/Oct/2021:09:48:32 +0800] "POST /xingrg/services/DataTransmitService HTTP/1.1" 200 478
116.232.52.221 - - [22/Oct/2021:09:48:32 +0800] "POST /xingrg/services/DataTransmitService HTTP/1.1" 200 1320
116.232.52.221 - - [22/Oct/2021:09:48:32 +0800] "POST /xingrg/services/DataTransmitService HTTP/1.1" 200 478
116.232.52.221 - - [22/Oct/2021:09:48:32 +0800] "POST /xingrg/services/DataTransmitService HTTP/1.1" 200 1320
116.232.52.221 - - [22/Oct/2021:09:48:32 +0800] "POST /xingrg/services/DataTransmitService HTTP/1.1" 200 524
116.232.52.221 - - [22/Oct/2021:09:48:33 +0800] "POST /xingrg/services/DataTransmitService HTTP/1.1" 200 2495
116.232.52.221 - - [22/Oct/2021:09:48:33 +0800] "POST /xingrg/services/DataTransmitService HTTP/1.1" 200 144348
58.39.139.200 - - [22/Oct/2021:09:48:49 +0800] "GET /xingrg/all/function/internal_message.html?_=1634867324819&CODE_STATE=getMsg HTTP/1.1" 200 27
114.85.125.222 - - [22/Oct/2021:09:48:56 +0800] "GET /xingrg/all/function/internal_message.html?_=1634867277087&CODE_STATE=getMsg HTTP/1.1" 200 27
180.169.147.146 - - [22/Oct/2021:09:48:58 +0800] "GET /xingrg/all/function/internal_message.html?_=1634867333451&CODE_STATE=getMsg HTTP/1.1" 200 27
101.85.106.134 - - [22/Oct/2021:09:48:58 +0800] "GET /xingrg/all/function/internal_message.html?_=1634867334099&CODE_STATE=getMsg HTTP/1.1" 200 27
116.232.52.221 - - [22/Oct/2021:09:49:05 +0800] "POST /xingrg/services/DataTransmitService HTTP/1.1" 200 45454
116.232.52.221 - - [22/Oct/2021:09:49:05 +0800] "POST /xingrg/services/DataTransmitService HTTP/1.1" 200 19237
180.157.253.6 - - [22/Oct/2021:09:49:07 +0800] "GET /xingrg/all/function/internal_message.html?_=1634867342433&CODE_STATE=getMsg HTTP/1.1" 200 27
222.70.179.155 - - [22/Oct/2021:09:49:08 +0800] "GET /xingrg/all/function/internal_message.html?_=1634867335044&CODE_STATE=getMsg HTTP/1.1" 200 27
114.83.219.138 - - [22/Oct/2021:09:49:08 +0800] "GET /xingrg/all/function/internal_message.html?_=1634867345087&CODE_STATE=getMsg HTTP/1.1" 200 27
116.238.248.233 - - [22/Oct/2021:09:49:10 +0800] "GET /xingrg/all/function/internal_message.html?_=1634867343257&CODE_STATE=getMsg HTTP/1.1" 200 27
180.169.147.146 - - [22/Oct/2021:09:49:12 +0800] "GET /xingrg/all/function/internal_message.html?_=1634867349130&CODE_STATE=getMsg HTTP/1.1" 200 27
116.227.210.113 - - [22/Oct/2021:09:49:16 +0800] "GET /xingrg/all/function/internal_message.html?_=1634867349763&CODE_STATE=getMsg HTTP/1.1" 200 27
116.232.52.221 - - [22/Oct/2021:09:49:23 +0800] "GET /xingrg/all/function/internal_message.html?_=1634867360801&CODE_STATE=getMsg HTTP/1.1" 200 27
116.232.52.221 - - [22/Oct/2021:09:49:23 +0800] "GET /xingrg/check_reg.html?_=1634867360804 HTTP/1.1" 200 22
120.253.135.82 - - [22/Oct/2021:09:49:26 +0800] "GET /xingrg/all/function/internal_message.html?_=1634867339719&CODE_STATE=getMsg HTTP/1.1" 200 27
120.253.135.82 - - [22/Oct/2021:09:49:27 +0800] "GET /xingrg/all/function/internal_message.html?_=1634867133043&CODE_STATE=getMsg HTTP/1.1" 200 27
180.169.147.146 - - [22/Oct/2021:09:49:30 +0800] "GET /xingrg/check_reg.html?_=1634867362804 HTTP/1.1" 200 22
180.169.147.146 - - [22/Oct/2021:09:49:30 +0800] "GET /xingrg/all/function/internal_message.html?_=1634867362807&CODE_STATE=getMsg HTTP/1.1" 200 27
222.70.168.47 - - [22/Oct/2021:09:49:32 +0800] "GET /xingrg/all/function/internal_message.html?_=1634867385117&CODE_STATE=getMsg HTTP/1.1" 200 27
180.161.71.227 - - [22/Oct/2021:09:49:32 +0800] "GET /xingrg/all/function/internal_message.html?_=1634867353604&CODE_STATE=getMsg HTTP/1.1" 200 27
58.39.139.200 - - [22/Oct/2021:09:49:49 +0800] "GET /xingrg/all/function/internal_message.html?_=1634867384800&CODE_STATE=getMsg HTTP/1.1" 200 27
114.85.125.222 - - [22/Oct/2021:09:49:56 +0800] "GET /xingrg/all/function/internal_message.html?_=1634867337128&CODE_STATE=getMsg HTTP/1.1" 200 27
180.169.147.146 - - [22/Oct/2021:09:49:58 +0800] "GET /xingrg/all/function/internal_message.html?_=1634867393453&CODE_STATE=getMsg HTTP/1.1" 200 27
180.169.147.146 - - [22/Oct/2021:09:49:58 +0800] "GET /xingrg/check_reg.html?_=1634867393455 HTTP/1.1" 200 22
101.85.106.134 - - [22/Oct/2021:09:49:58 +0800] "GET /xingrg/all/function/internal_message.html?_=1634867394098&CODE_STATE=getMsg HTTP/1.1" 200 27
180.161.71.227 - - [22/Oct/2021:09:50:04 +0800] "GET /xingrg/check_reg.html?_=1634867386004 HTTP/1.1" 200 22
180.157.253.6 - - [22/Oct/2021:09:50:07 +0800] "GET /xingrg/all/function/internal_message.html?_=1634867402434&CODE_STATE=getMsg HTTP/1.1" 200 27
222.70.179.155 - - [22/Oct/2021:09:50:08 +0800] "GET /xingrg/all/function/internal_message.html?_=1634867395043&CODE_STATE=getMsg HTTP/1.1" 200 27
114.83.219.138 - - [22/Oct/2021:09:50:08 +0800] "GET /xingrg/all/function/internal_message.html?_=1634867405072&CODE_STATE=getMsg HTTP/1.1" 200 27
116.238.248.233 - - [22/Oct/2021:09:50:10 +0800] "GET /xingrg/all/function/internal_message.html?_=1634867403272&CODE_STATE=getMsg HTTP/1.1" 200 27
116.238.248.233 - - [22/Oct/2021:09:50:10 +0800] "GET /xingrg/check_reg.html?_=1634867403277 HTTP/1.1" 200 22
180.169.147.146 - - [22/Oct/2021:09:50:12 +0800] "GET /xingrg/all/function/internal_message.html?_=1634867409114&CODE_STATE=getMsg HTTP/1.1" 200 27
116.227.210.113 - - [22/Oct/2021:09:50:16 +0800] "GET /xingrg/all/function/internal_message.html?_=1634867409780&CODE_STATE=getMsg HTTP/1.1" 200 27
116.232.52.221 - - [22/Oct/2021:09:50:23 +0800] "GET /xingrg/all/function/internal_message.html?_=1634867420802&CODE_STATE=getMsg HTTP/1.1" 200 27
120.253.135.82 - - [22/Oct/2021:09:50:26 +0800] "GET /xingrg/all/function/internal_message.html?_=1634867399750&CODE_STATE=getMsg HTTP/1.1" 200 27
120.253.135.82 - - [22/Oct/2021:09:50:27 +0800] "GET /xingrg/all/function/internal_message.html?_=1634867193068&CODE_STATE=getMsg HTTP/1.1" 200 27
180.169.147.146 - - [22/Oct/2021:09:50:30 +0800] "GET /xingrg/all/function/internal_message.html?_=1634867422788&CODE_STATE=getMsg HTTP/1.1" 200 27
180.161.71.227 - - [22/Oct/2021:09:50:32 +0800] "GET /xingrg/all/function/internal_message.html?_=1634867413615&CODE_STATE=getMsg HTTP/1.1" 200 27
222.70.168.47 - - [22/Oct/2021:09:50:32 +0800] "GET /xingrg/all/function/internal_message.html?_=1634867445372&CODE_STATE=getMsg HTTP/1.1" 200 27
58.39.139.200 - - [22/Oct/2021:09:50:49 +0800] "GET /xingrg/all/function/internal_message.html?_=1634867444776&CODE_STATE=getMsg HTTP/1.1" 200 27
114.85.125.222 - - [22/Oct/2021:09:50:56 +0800] "GET /xingrg/all/function/internal_message.html?_=1634867397129&CODE_STATE=getMsg HTTP/1.1" 200 27
180.169.147.146 - - [22/Oct/2021:09:50:58 +0800] "GET /xingrg/all/function/internal_message.html?_=1634867453445&CODE_STATE=getMsg HTTP/1.1" 200 27
101.85.106.134 - - [22/Oct/2021:09:50:58 +0800] "GET /xingrg/all/function/internal_message.html?_=1634867454101&CODE_STATE=getMsg HTTP/1.1" 200 27
101.85.106.134 - - [22/Oct/2021:09:50:58 +0800] "GET /xingrg/check_reg.html?_=1634867454103 HTTP/1.1" 200 22
180.157.253.6 - - [22/Oct/2021:09:51:07 +0800] "GET /xingrg/all/function/internal_message.html?_=1634867462461&CODE_STATE=getMsg HTTP/1.1" 200 27
222.70.179.155 - - [22/Oct/2021:09:51:08 +0800] "GET /xingrg/all/function/internal_message.html?_=1634867455042&CODE_STATE=getMsg HTTP/1.1" 200 27
114.83.219.138 - - [22/Oct/2021:09:51:08 +0800] "GET /xingrg/all/function/internal_message.html?_=1634867465072&CODE_STATE=getMsg HTTP/1.1" 200 27
116.238.248.233 - - [22/Oct/2021:09:51:10 +0800] "GET /xingrg/all/function/internal_message.html?_=1634867463268&CODE_STATE=getMsg HTTP/1.1" 200 27
180.169.147.146 - - [22/Oct/2021:09:51:12 +0800] "GET /xingrg/all/function/internal_message.html?_=1634867469102&CODE_STATE=getMsg HTTP/1.1" 200 27
222.70.168.47 - - [22/Oct/2021:09:51:15 +0800] "GET /xingrg/check_reg.html?_=1634867489062 HTTP/1.1" 200 22
116.227.210.113 - - [22/Oct/2021:09:51:16 +0800] "GET /xingrg/all/function/internal_message.html?_=1634867469769&CODE_STATE=getMsg HTTP/1.1" 200 27
116.232.52.221 - - [22/Oct/2021:09:51:23 +0800] "GET /xingrg/all/function/internal_message.html?_=1634867480804&CODE_STATE=getMsg HTTP/1.1" 200 27
120.253.135.82 - - [22/Oct/2021:09:51:26 +0800] "GET /xingrg/all/function/internal_message.html?_=1634867459761&CODE_STATE=getMsg HTTP/1.1" 200 27
180.169.147.146 - - [22/Oct/2021:09:51:27 +0800] "GET /xingrg/check_reg.html?_=1634867483660 HTTP/1.1" 200 22
120.253.135.82 - - [22/Oct/2021:09:51:27 +0800] "GET /xingrg/all/function/internal_message.html?_=1634867253070&CODE_STATE=getMsg HTTP/1.1" 200 27
180.169.147.146 - - [22/Oct/2021:09:51:30 +0800] "GET /xingrg/all/function/internal_message.html?_=1634867482766&CODE_STATE=getMsg HTTP/1.1" 200 27
180.161.71.227 - - [22/Oct/2021:09:51:32 +0800] "GET /xingrg/all/function/internal_message.html?_=1634867473649&CODE_STATE=getMsg HTTP/1.1" 200 27
222.70.168.47 - - [22/Oct/2021:09:51:32 +0800] "GET /xingrg/all/function/internal_message.html?_=1634867505381&CODE_STATE=getMsg HTTP/1.1" 200 27
58.39.139.200 - - [22/Oct/2021:09:51:49 +0800] "GET /xingrg/all/function/internal_message.html?_=1634867504783&CODE_STATE=getMsg HTTP/1.1" 200 27
114.85.125.222 - - [22/Oct/2021:09:51:55 +0800] "GET /xingrg/check_reg.html?_=1634867456546 HTTP/1.1" 200 22
114.85.125.222 - - [22/Oct/2021:09:51:56 +0800] "GET /xingrg/all/function/internal_message.html?_=1634867457142&CODE_STATE=getMsg HTTP/1.1" 200 27
180.169.147.146 - - [22/Oct/2021:09:51:58 +0800] "GET /xingrg/all/function/internal_message.html?_=1634867513451&CODE_STATE=getMsg HTTP/1.1" 200 27
101.85.106.134 - - [22/Oct/2021:09:51:58 +0800] "GET /xingrg/all/function/internal_message.html?_=1634867514104&CODE_STATE=getMsg HTTP/1.1" 200 27
180.157.253.6 - - [22/Oct/2021:09:52:07 +0800] "GET /xingrg/all/function/internal_message.html?_=1634867522460&CODE_STATE=getMsg HTTP/1.1" 200 27
222.70.179.155 - - [22/Oct/2021:09:52:08 +0800] "GET /xingrg/all/function/internal_message.html?_=1634867515039&CODE_STATE=getMsg HTTP/1.1" 200 27
114.83.219.138 - - [22/Oct/2021:09:52:08 +0800] "GET /xingrg/all/function/internal_message.html?_=1634867525073&CODE_STATE=getMsg HTTP/1.1" 200 27
114.83.219.138 - - [22/Oct/2021:09:52:08 +0800] "GET /xingrg/check_reg.html?_=1634867525076 HTTP/1.1" 200 22
116.238.248.233 - - [22/Oct/2021:09:52:10 +0800] "GET /xingrg/all/function/internal_message.html?_=1634867523269&CODE_STATE=getMsg HTTP/1.1" 200 27
180.169.147.146 - - [22/Oct/2021:09:52:12 +0800] "GET /xingrg/all/function/internal_message.html?_=1634867529090&CODE_STATE=getMsg HTTP/1.1" 200 27
116.227.210.113 - - [22/Oct/2021:09:52:16 +0800] "GET /xingrg/all/function/internal_message.html?_=1634867529758&CODE_STATE=getMsg HTTP/1.1" 200 27
116.232.52.221 - - [22/Oct/2021:09:52:22 +0800] "POST /xingrg/services/DataTransmitService HTTP/1.1" 200 524
116.232.52.221 - - [22/Oct/2021:09:52:23 +0800] "GET /xingrg/all/function/internal_message.html?_=1634867540807&CODE_STATE=getMsg HTTP/1.1" 200 27
120.253.135.82 - - [22/Oct/2021:09:52:25 +0800] "GET /xingrg/check_reg.html?_=1634867519504 HTTP/1.1" 200 22
120.253.135.82 - - [22/Oct/2021:09:52:26 +0800] "GET /xingrg/all/function/internal_message.html?_=1634867519777&CODE_STATE=getMsg HTTP/1.1" 200 27
120.253.135.82 - - [22/Oct/2021:09:52:27 +0800] "GET /xingrg/check_reg.html?_=1634867312893 HTTP/1.1" 200 22
120.253.135.82 - - [22/Oct/2021:09:52:27 +0800] "GET /xingrg/all/function/internal_message.html?_=1634867313083&CODE_STATE=getMsg HTTP/1.1" 200 27
180.169.147.146 - - [22/Oct/2021:09:52:30 +0800] "GET /xingrg/all/function/internal_message.html?_=1634867542746&CODE_STATE=getMsg HTTP/1.1" 200 27
222.70.168.47 - - [22/Oct/2021:09:52:32 +0800] "GET /xingrg/all/function/internal_message.html?_=1634867565392&CODE_STATE=getMsg HTTP/1.1" 200 27
180.161.71.227 - - [22/Oct/2021:09:52:32 +0800] "GET /xingrg/all/function/internal_message.html?_=1634867533972&CODE_STATE=getMsg HTTP/1.1" 200 27
58.39.139.200 - - [22/Oct/2021:09:52:49 +0800] "GET /xingrg/all/function/internal_message.html?_=1634867564765&CODE_STATE=getMsg HTTP/1.1" 200 27
58.39.139.200 - - [22/Oct/2021:09:52:49 +0800] "GET /xingrg/check_reg.html?_=1634867565407 HTTP/1.1" 200 22
114.85.125.222 - - [22/Oct/2021:09:52:56 +0800] "GET /xingrg/all/function/internal_message.html?_=1634867517157&CODE_STATE=getMsg HTTP/1.1" 200 27
180.169.147.146 - - [22/Oct/2021:09:52:58 +0800] "GET /xingrg/all/function/internal_message.html?_=1634867573442&CODE_STATE=getMsg HTTP/1.1" 200 27
101.85.106.134 - - [22/Oct/2021:09:52:58 +0800] "GET /xingrg/all/function/internal_message.html?_=1634867574104&CODE_STATE=getMsg HTTP/1.1" 200 27
180.157.253.6 - - [22/Oct/2021:09:53:07 +0800] "GET /xingrg/check_reg.html?_=1634867582461 HTTP/1.1" 200 22
180.157.253.6 - - [22/Oct/2021:09:53:07 +0800] "GET /xingrg/all/function/internal_message.html?_=1634867582462&CODE_STATE=getMsg HTTP/1.1" 200 27
222.70.179.155 - - [22/Oct/2021:09:53:08 +0800] "GET /xingrg/all/function/internal_message.html?_=1634867575038&CODE_STATE=getMsg HTTP/1.1" 200 27
222.70.179.155 - - [22/Oct/2021:09:53:08 +0800] "GET /xingrg/check_reg.html?_=1634867575039 HTTP/1.1" 200 22
114.83.219.138 - - [22/Oct/2021:09:53:08 +0800] "GET /xingrg/all/function/internal_message.html?_=1634867585096&CODE_STATE=getMsg HTTP/1.1" 200 27
116.238.248.233 - - [22/Oct/2021:09:53:10 +0800] "GET /xingrg/all/function/internal_message.html?_=1634867583283&CODE_STATE=getMsg HTTP/1.1" 200 27
180.169.147.146 - - [22/Oct/2021:09:53:12 +0800] "GET /xingrg/all/function/internal_message.html?_=1634867589075&CODE_STATE=getMsg HTTP/1.1" 200 27
116.227.210.113 - - [22/Oct/2021:09:53:16 +0800] "GET /xingrg/all/function/internal_message.html?_=1634867589761&CODE_STATE=getMsg HTTP/1.1" 200 27
