114.83.219.138 - - [22/Oct/2021:07:19:36 +0800] "POST /xingrg/services/DataTransmitService HTTP/1.1" 200 501
116.227.210.113 - - [22/Oct/2021:07:19:40 +0800] "GET /xingrg/all/function/internal_message.html?_=1634858373729&CODE_STATE=getMsg HTTP/1.1" 200 27
120.253.135.82 - - [22/Oct/2021:07:19:49 +0800] "GET /xingrg/kc/guide/show_order.html?code=312021101700442&type=31 HTTP/1.1" 302 -
120.253.135.82 - - [22/Oct/2021:07:19:49 +0800] "GET /xingrg/kc/pszx/mdps_order_info.html?code=312021101700442&sysBaseUrl=http%3A%2F%2F180.169.147.146%3A18081%2Fxingrg%2F&costTime=1×tamp=1634858389567 HTTP/1.1" 200 19591
120.253.135.82 - - [22/Oct/2021:07:19:49 +0800] "GET /favicon.ico HTTP/1.1" 404 -
120.253.135.82 - - [22/Oct/2021:07:19:50 +0800] "POST /xingrg/kc/pszx/mdps_order_operate.html HTTP/1.1" 200 24753
120.253.135.82 - - [22/Oct/2021:07:19:50 +0800] "GET /xingrg/javascript/easyui/themes/default/validatebox.css HTTP/1.1" 404 1104
222.70.179.155 - - [22/Oct/2021:07:19:51 +0800] "GET /xingrg/all/function/internal_message.html?_=1634858378509&CODE_STATE=getMsg HTTP/1.1" 200 27
120.253.135.82 - - [22/Oct/2021:07:20:07 +0800] "GET /xingrg/kc/guide/show_order.html?code=312021101200310&type=31 HTTP/1.1" 302 -
120.253.135.82 - - [22/Oct/2021:07:20:07 +0800] "GET /xingrg/kc/pszx/mdps_order_info.html?code=312021101200310&sysBaseUrl=http%3A%2F%2F180.169.147.146%3A18081%2Fxingrg%2F&costTime=1×tamp=1634858407693 HTTP/1.1" 200 19591
120.253.135.82 - - [22/Oct/2021:07:20:08 +0800] "GET /favicon.ico HTTP/1.1" 404 -
120.253.135.82 - - [22/Oct/2021:07:20:08 +0800] "GET /xingrg/javascript/easyui/themes/default/validatebox.css HTTP/1.1" 404 1104
120.253.135.82 - - [22/Oct/2021:07:20:08 +0800] "POST /xingrg/kc/pszx/mdps_order_operate.html HTTP/1.1" 200 6004
180.169.147.146 - - [22/Oct/2021:07:20:15 +0800] "GET /xingrg/all/function/internal_message.html?_=1634858411331&CODE_STATE=getMsg HTTP/1.1" 200 27
120.253.135.82 - - [22/Oct/2021:07:20:21 +0800] "GET /xingrg/check_reg.html?_=1634858186757 HTTP/1.1" 200 22
222.70.168.47 - - [22/Oct/2021:07:20:24 +0800] "GET /xingrg/all/function/internal_message.html?_=1634858437529&CODE_STATE=getMsg HTTP/1.1" 200 27
120.253.135.82 - - [22/Oct/2021:07:20:28 +0800] "GET /xingrg/all/function/internal_message.html?_=1634858193362&CODE_STATE=getMsg HTTP/1.1" 200 27
116.238.248.233 - - [22/Oct/2021:07:20:29 +0800] "GET /xingrg/all/function/internal_message.html?_=1634858422149&CODE_STATE=getMsg HTTP/1.1" 200 27
116.238.248.233 - - [22/Oct/2021:07:20:29 +0800] "GET /xingrg/check_reg.html?_=1634858422155 HTTP/1.1" 200 22
120.253.135.82 - - [22/Oct/2021:07:20:29 +0800] "GET /xingrg/kc/guide/show_order.html?code=312021101300348&type=31 HTTP/1.1" 302 -
120.253.135.82 - - [22/Oct/2021:07:20:29 +0800] "GET /xingrg/kc/pszx/mdps_order_info.html?code=312021101300348&sysBaseUrl=http%3A%2F%2F180.169.147.146%3A18081%2Fxingrg%2F&costTime=0×tamp=1634858429882 HTTP/1.1" 200 19591
120.253.135.82 - - [22/Oct/2021:07:20:30 +0800] "GET /favicon.ico HTTP/1.1" 404 -
120.253.135.82 - - [22/Oct/2021:07:20:30 +0800] "POST /xingrg/kc/pszx/mdps_order_operate.html HTTP/1.1" 200 1004
120.253.135.82 - - [22/Oct/2021:07:20:30 +0800] "GET /xingrg/javascript/easyui/themes/default/validatebox.css HTTP/1.1" 404 1104
116.227.210.113 - - [22/Oct/2021:07:20:40 +0800] "GET /xingrg/all/function/internal_message.html?_=1634858433724&CODE_STATE=getMsg HTTP/1.1" 200 27
120.253.135.82 - - [22/Oct/2021:07:20:51 +0800] "GET /xingrg/kc/guide/show_order.html?code=312021100700176&type=31 HTTP/1.1" 302 -
222.70.179.155 - - [22/Oct/2021:07:20:51 +0800] "GET /xingrg/all/function/internal_message.html?_=1634858438493&CODE_STATE=getMsg HTTP/1.1" 200 27
120.253.135.82 - - [22/Oct/2021:07:20:51 +0800] "GET /xingrg/kc/pszx/mdps_order_info.html?code=312021100700176&sysBaseUrl=http%3A%2F%2F180.169.147.146%3A18081%2Fxingrg%2F&costTime=0×tamp=1634858451458 HTTP/1.1" 200 19591
120.253.135.82 - - [22/Oct/2021:07:20:52 +0800] "POST /xingrg/kc/pszx/mdps_order_operate.html HTTP/1.1" 200 1510
120.253.135.82 - - [22/Oct/2021:07:20:52 +0800] "GET /xingrg/javascript/easyui/themes/default/validatebox.css HTTP/1.1" 404 1104
120.253.135.82 - - [22/Oct/2021:07:20:52 +0800] "GET /favicon.ico HTTP/1.1" 404 -
120.253.135.82 - - [22/Oct/2021:07:21:05 +0800] "GET /xingrg/javascript/easyui/themes/sunny/images/ui-bg_gloss-wave_60_fece2f_500x100.png HTTP/1.1" 200 3512
120.253.135.82 - - [22/Oct/2021:07:21:11 +0800] "GET /xingrg/kc/pszx/mdqp_order_list.html?state=10 HTTP/1.1" 200 11465
120.253.135.82 - - [22/Oct/2021:07:21:11 +0800] "GET /xingrg/dwr/interface/AjaxQqpsService.js HTTP/1.1" 200 16326
120.253.135.82 - - [22/Oct/2021:07:21:11 +0800] "GET /xingrg/dwr/interface/AjaxReportQueryService.js HTTP/1.1" 200 13203
120.253.135.82 - - [22/Oct/2021:07:21:11 +0800] "GET /xingrg/dwr/engine.js HTTP/1.1" 200 43631
120.253.135.82 - - [22/Oct/2021:07:21:14 +0800] "GET /xingrg/kc/pszx/mdqp_order_info.html?code=302021102100434 HTTP/1.1" 200 13350
120.253.135.82 - - [22/Oct/2021:07:21:14 +0800] "GET /xingrg/dwr/interface/AjaxQqpsService.js HTTP/1.1" 200 16326
120.253.135.82 - - [22/Oct/2021:07:21:14 +0800] "GET /xingrg/dwr/interface/AjaxComOrderService.js HTTP/1.1" 200 18264
120.253.135.82 - - [22/Oct/2021:07:21:14 +0800] "GET /xingrg/dwr/engine.js HTTP/1.1" 200 43631
180.169.147.146 - - [22/Oct/2021:07:21:15 +0800] "GET /xingrg/all/function/internal_message.html?_=1634858471319&CODE_STATE=getMsg HTTP/1.1" 200 27
120.253.135.82 - - [22/Oct/2021:07:21:15 +0800] "POST /xingrg/dwr/call/plaincall/AjaxQqpsService.loadMaterielItems.dwr HTTP/1.1" 200 329
222.70.168.47 - - [22/Oct/2021:07:21:15 +0800] "GET /xingrg/check_reg.html?_=1634858488635 HTTP/1.1" 200 22
120.253.135.82 - - [22/Oct/2021:07:21:18 +0800] "GET /xingrg/kc/pszx/mdqp_order_list.html?isBack=1 HTTP/1.1" 302 -
120.253.135.82 - - [22/Oct/2021:07:21:18 +0800] "GET /xingrg/kc/pszx/mdqp_order_list.html?state=10 HTTP/1.1" 200 11465
120.253.135.82 - - [22/Oct/2021:07:21:18 +0800] "GET /xingrg/dwr/interface/AjaxQqpsService.js HTTP/1.1" 200 16326
120.253.135.82 - - [22/Oct/2021:07:21:18 +0800] "GET /xingrg/dwr/interface/AjaxReportQueryService.js HTTP/1.1" 200 13203
120.253.135.82 - - [22/Oct/2021:07:21:18 +0800] "GET /xingrg/dwr/engine.js HTTP/1.1" 200 43631
120.253.135.82 - - [22/Oct/2021:07:21:20 +0800] "GET /xingrg/kc/pszx/mdqp_order_info.html?code=302021102100433 HTTP/1.1" 200 13350
120.253.135.82 - - [22/Oct/2021:07:21:20 +0800] "GET /xingrg/dwr/interface/AjaxQqpsService.js HTTP/1.1" 200 16326
120.253.135.82 - - [22/Oct/2021:07:21:20 +0800] "GET /xingrg/dwr/engine.js HTTP/1.1" 200 43631
120.253.135.82 - - [22/Oct/2021:07:21:20 +0800] "GET /xingrg/dwr/interface/AjaxComOrderService.js HTTP/1.1" 200 18264
120.253.135.82 - - [22/Oct/2021:07:21:21 +0800] "POST /xingrg/dwr/call/plaincall/AjaxQqpsService.loadMaterielItems.dwr HTTP/1.1" 200 12180
222.70.168.47 - - [22/Oct/2021:07:21:24 +0800] "GET /xingrg/all/function/internal_message.html?_=1634858497538&CODE_STATE=getMsg HTTP/1.1" 200 27
180.169.147.146 - - [22/Oct/2021:07:21:27 +0800] "GET /xingrg/check_reg.html?_=1634858483926 HTTP/1.1" 200 22
120.253.135.82 - - [22/Oct/2021:07:21:28 +0800] "GET /xingrg/all/function/internal_message.html?_=1634858253373&CODE_STATE=getMsg HTTP/1.1" 200 27
116.238.248.233 - - [22/Oct/2021:07:21:29 +0800] "GET /xingrg/all/function/internal_message.html?_=1634858482155&CODE_STATE=getMsg HTTP/1.1" 200 27
120.253.135.82 - - [22/Oct/2021:07:21:30 +0800] "GET /xingrg/images/yd/bt.gif HTTP/1.1" 404 1040
120.253.135.82 - - [22/Oct/2021:07:21:30 +0800] "GET /xingrg/images/yd/bt2.gif HTTP/1.1" 404 1042
120.253.135.82 - - [22/Oct/2021:07:21:32 +0800] "GET /xingrg/kc/pszx/mdqp_order_list.html?isBack=1 HTTP/1.1" 302 -
120.253.135.82 - - [22/Oct/2021:07:21:33 +0800] "GET /xingrg/kc/pszx/mdqp_order_list.html?state=10 HTTP/1.1" 200 11465
120.253.135.82 - - [22/Oct/2021:07:21:33 +0800] "GET /xingrg/dwr/interface/AjaxReportQueryService.js HTTP/1.1" 200 13203
120.253.135.82 - - [22/Oct/2021:07:21:33 +0800] "GET /xingrg/dwr/interface/AjaxQqpsService.js HTTP/1.1" 200 16326
120.253.135.82 - - [22/Oct/2021:07:21:33 +0800] "GET /xingrg/dwr/engine.js HTTP/1.1" 200 43631
120.253.135.82 - - [22/Oct/2021:07:21:35 +0800] "GET /xingrg/kc/pszx/mdqp_order_info.html?code=302021102100429 HTTP/1.1" 200 13350
120.253.135.82 - - [22/Oct/2021:07:21:35 +0800] "GET /xingrg/dwr/interface/AjaxComOrderService.js HTTP/1.1" 200 18264
120.253.135.82 - - [22/Oct/2021:07:21:35 +0800] "GET /xingrg/dwr/interface/AjaxQqpsService.js HTTP/1.1" 200 16326
120.253.135.82 - - [22/Oct/2021:07:21:35 +0800] "GET /xingrg/dwr/engine.js HTTP/1.1" 200 43631
120.253.135.82 - - [22/Oct/2021:07:21:36 +0800] "POST /xingrg/dwr/call/plaincall/AjaxQqpsService.loadMaterielItems.dwr HTTP/1.1" 200 4414
116.227.210.113 - - [22/Oct/2021:07:21:40 +0800] "GET /xingrg/check_reg.html?_=1634858493718 HTTP/1.1" 200 22
116.227.210.113 - - [22/Oct/2021:07:21:40 +0800] "GET /xingrg/all/function/internal_message.html?_=1634858493719&CODE_STATE=getMsg HTTP/1.1" 200 27
222.70.179.155 - - [22/Oct/2021:07:21:51 +0800] "GET /xingrg/all/function/internal_message.html?_=1634858498478&CODE_STATE=getMsg HTTP/1.1" 200 27
120.253.135.82 - - [22/Oct/2021:07:21:51 +0800] "GET /xingrg/images/yd/bt.gif HTTP/1.1" 404 1040
120.253.135.82 - - [22/Oct/2021:07:21:51 +0800] "GET /xingrg/images/yd/bt2.gif HTTP/1.1" 404 1042
120.253.135.82 - - [22/Oct/2021:07:22:06 +0800] "GET /xingrg/kc/pszx/mdqp_order_list.html?isBack=1 HTTP/1.1" 302 -
120.253.135.82 - - [22/Oct/2021:07:22:06 +0800] "GET /xingrg/kc/pszx/mdqp_order_list.html?state=10 HTTP/1.1" 200 11465
120.253.135.82 - - [22/Oct/2021:07:22:06 +0800] "GET /xingrg/dwr/interface/AjaxQqpsService.js HTTP/1.1" 200 16326
120.253.135.82 - - [22/Oct/2021:07:22:06 +0800] "GET /xingrg/dwr/interface/AjaxReportQueryService.js HTTP/1.1" 200 13203
120.253.135.82 - - [22/Oct/2021:07:22:06 +0800] "GET /xingrg/dwr/engine.js HTTP/1.1" 200 43631
120.253.135.82 - - [22/Oct/2021:07:22:14 +0800] "GET /xingrg/kc/pszx/jzcl_ps.html HTTP/1.1" 200 7683
120.253.135.82 - - [22/Oct/2021:07:22:15 +0800] "POST /xingrg/all/common/load_tree.html?tree=area_rest_tree_json HTTP/1.1" 200 3472
180.169.147.146 - - [22/Oct/2021:07:22:15 +0800] "GET /xingrg/all/function/internal_message.html?_=1634858531296&CODE_STATE=getMsg HTTP/1.1" 200 27
120.253.135.82 - - [22/Oct/2021:07:22:15 +0800] "POST /xingrg/kc/pszx/jzcl_ps_operate.html HTTP/1.1" 200 1314
120.253.135.82 - - [22/Oct/2021:07:22:15 +0800] "POST /xingrg/kc/pszx/jzcl_ps_operate.html HTTP/1.1" 200 1314
120.253.135.82 - - [22/Oct/2021:07:22:23 +0800] "POST /xingrg/kc/pszx/jzcl_ps_operate.html HTTP/1.1" 200 4
222.70.168.47 - - [22/Oct/2021:07:22:24 +0800] "GET /xingrg/all/function/internal_message.html?_=1634858557551&CODE_STATE=getMsg HTTP/1.1" 200 27
116.238.248.233 - - [22/Oct/2021:07:22:29 +0800] "GET /xingrg/all/function/internal_message.html?_=1634858542155&CODE_STATE=getMsg HTTP/1.1" 200 27
116.227.210.113 - - [22/Oct/2021:07:22:40 +0800] "GET /xingrg/all/function/internal_message.html?_=1634858553734&CODE_STATE=getMsg HTTP/1.1" 200 27
120.253.135.82 - - [22/Oct/2021:07:22:44 +0800] "GET /xingrg/kc/pszx/mdps_order_list.html HTTP/1.1" 200 21089
120.253.135.82 - - [22/Oct/2021:07:22:45 +0800] "POST /xingrg/kc/pszx/mdps_list_operate.html HTTP/1.1" 200 5472
120.253.135.82 - - [22/Oct/2021:07:22:45 +0800] "GET /xingrg/all/function/internal_message.html?_=1634858330612&CODE_STATE=getMsg HTTP/1.1" 200 27
222.70.179.155 - - [22/Oct/2021:07:22:51 +0800] "GET /xingrg/all/function/internal_message.html?_=1634858558463&CODE_STATE=getMsg HTTP/1.1" 200 27
120.253.135.82 - - [22/Oct/2021:07:23:04 +0800] "GET /xingrg/kc/pszx/mdps_order_info.html?code=312021102200562 HTTP/1.1" 200 23931
120.253.135.82 - - [22/Oct/2021:07:23:05 +0800] "GET /xingrg/javascript/easyui/themes/default/validatebox.css HTTP/1.1" 404 1104
120.253.135.82 - - [22/Oct/2021:07:23:05 +0800] "POST /xingrg/kc/pszx/mdps_order_operate.html HTTP/1.1" 200 3748
120.253.135.82 - - [22/Oct/2021:07:23:09 +0800] "POST /xingrg/kc/pszx/mdps_list_operate.html HTTP/1.1" 200 2438
120.253.135.82 - - [22/Oct/2021:07:23:11 +0800] "POST /xingrg/kc/pszx/mdps_list_operate.html HTTP/1.1" 200 616
120.253.135.82 - - [22/Oct/2021:07:23:12 +0800] "GET /xingrg/kc/pszx/mdps_order_info.html?code=312021102200569 HTTP/1.1" 200 23931
120.253.135.82 - - [22/Oct/2021:07:23:12 +0800] "GET /xingrg/javascript/easyui/themes/default/validatebox.css HTTP/1.1" 404 1104
120.253.135.82 - - [22/Oct/2021:07:23:12 +0800] "POST /xingrg/kc/pszx/mdps_order_operate.html HTTP/1.1" 200 21002
180.169.147.146 - - [22/Oct/2021:07:23:15 +0800] "GET /xingrg/all/function/internal_message.html?_=1634858591282&CODE_STATE=getMsg HTTP/1.1" 200 27
120.253.135.82 - - [22/Oct/2021:07:23:15 +0800] "POST /xingrg/kc/pszx/mdps_order_operate.html HTTP/1.1" 200 37
120.253.135.82 - - [22/Oct/2021:07:23:16 +0800] "GET /xingrg/kc/pszx/mdps_order_info.html?code=312021102200569 HTTP/1.1" 200 23931
120.253.135.82 - - [22/Oct/2021:07:23:17 +0800] "GET /xingrg/javascript/easyui/themes/default/validatebox.css HTTP/1.1" 404 1104
120.253.135.82 - - [22/Oct/2021:07:23:17 +0800] "POST /xingrg/kc/pszx/mdps_order_operate.html HTTP/1.1" 200 21310
222.70.168.47 - - [22/Oct/2021:07:23:24 +0800] "GET /xingrg/all/function/internal_message.html?_=1634858617635&CODE_STATE=getMsg HTTP/1.1" 200 27
116.238.248.233 - - [22/Oct/2021:07:23:29 +0800] "GET /xingrg/all/function/internal_message.html?_=1634858602163&CODE_STATE=getMsg HTTP/1.1" 200 27
116.227.210.113 - - [22/Oct/2021:07:23:40 +0800] "GET /xingrg/all/function/internal_message.html?_=1634858613721&CODE_STATE=getMsg HTTP/1.1" 200 27
120.253.135.82 - - [22/Oct/2021:07:23:45 +0800] "GET /xingrg/all/function/internal_message.html?_=1634858390622&CODE_STATE=getMsg HTTP/1.1" 200 27
222.70.179.155 - - [22/Oct/2021:07:23:51 +0800] "GET /xingrg/all/function/internal_message.html?_=1634858618449&CODE_STATE=getMsg HTTP/1.1" 200 27
120.253.135.82 - - [22/Oct/2021:07:24:13 +0800] "GET /xingrg/system/info/materiel_import.html?isSelect=1&singleSelect=false HTTP/1.1" 200 5600
120.253.135.82 - - [22/Oct/2021:07:24:13 +0800] "GET /xingrg/css/xtree.css HTTP/1.1" 200 880
120.253.135.82 - - [22/Oct/2021:07:24:13 +0800] "GET /xingrg/javascript/jquery_ui/themes/base/base.css HTTP/1.1" 200 28568
120.253.135.82 - - [22/Oct/2021:07:24:13 +0800] "GET /xingrg/javascript/jquery_easy_ui/themes/icons/edit_add.png HTTP/1.1" 200 1088
120.253.135.82 - - [22/Oct/2021:07:24:13 +0800] "GET /xingrg/javascript/jquery_easy_ui/themes/default/images/pagination_first.gif HTTP/1.1" 200 925
120.253.135.82 - - [22/Oct/2021:07:24:13 +0800] "GET /xingrg/javascript/jquery_easy_ui/themes/default/images/pagination_prev.gif HTTP/1.1" 200 879
120.253.135.82 - - [22/Oct/2021:07:24:13 +0800] "GET /xingrg/javascript/jquery_easy_ui/themes/default/images/pagination_next.gif HTTP/1.1" 200 875
120.253.135.82 - - [22/Oct/2021:07:24:13 +0800] "GET /xingrg/javascript/jquery_easy_ui/themes/default/images/pagination_last.gif HTTP/1.1" 200 923
120.253.135.82 - - [22/Oct/2021:07:24:13 +0800] "GET /xingrg/javascript/jquery_easy_ui/themes/default/images/pagination_load.png HTTP/1.1" 200 827
120.253.135.82 - - [22/Oct/2021:07:24:13 +0800] "POST /xingrg/all/common/load_tree.html?tree=materiel_sort_tree_json HTTP/1.1" 200 8912
120.253.135.82 - - [22/Oct/2021:07:24:13 +0800] "GET /favicon.ico HTTP/1.1" 404 -
120.253.135.82 - - [22/Oct/2021:07:24:14 +0800] "GET /xingrg/javascript/jquery_easy_ui/themes/default/images/tree_arrows.gif HTTP/1.1" 200 1043
120.253.135.82 - - [22/Oct/2021:07:24:14 +0800] "GET /xingrg/javascript/jquery_easy_ui/themes/default/images/tree_folder_open.gif HTTP/1.1" 200 956
120.253.135.82 - - [22/Oct/2021:07:24:14 +0800] "GET /xingrg/javascript/jquery_easy_ui/themes/default/images/tree_folder.gif HTTP/1.1" 200 952
120.253.135.82 - - [22/Oct/2021:07:24:14 +0800] "GET /xingrg/javascript/jquery_easy_ui/themes/default/images/tree_file.gif HTTP/1.1" 200 118
180.169.147.146 - - [22/Oct/2021:07:24:15 +0800] "GET /xingrg/all/function/internal_message.html?_=1634858651268&CODE_STATE=getMsg HTTP/1.1" 200 27
222.70.179.155 - - [22/Oct/2021:07:24:15 +0800] "GET /xingrg/check_reg.html?_=1634858642663 HTTP/1.1" 200 22
222.70.168.47 - - [22/Oct/2021:07:24:24 +0800] "GET /xingrg/all/function/internal_message.html?_=1634858677641&CODE_STATE=getMsg HTTP/1.1" 200 27
116.238.248.233 - - [22/Oct/2021:07:24:29 +0800] "GET /xingrg/all/function/internal_message.html?_=1634858662161&CODE_STATE=getMsg HTTP/1.1" 200 27
120.253.135.82 - - [22/Oct/2021:07:24:29 +0800] "GET /xingrg/kc/pszx/mdps_order_operate.html?command=get_materiel&pszx_code=00101&rest_code=00149&base_code=0010246&code=00101013166 HTTP/1.1" 200 453
116.227.210.113 - - [22/Oct/2021:07:24:40 +0800] "GET /xingrg/all/function/internal_message.html?_=1634858673734&CODE_STATE=getMsg HTTP/1.1" 200 27
120.253.135.82 - - [22/Oct/2021:07:24:45 +0800] "GET /xingrg/all/function/internal_message.html?_=1634858450636&CODE_STATE=getMsg HTTP/1.1" 200 27
222.70.179.155 - - [22/Oct/2021:07:24:51 +0800] "GET /xingrg/all/function/internal_message.html?_=1634858678421&CODE_STATE=getMsg HTTP/1.1" 200 27
120.253.135.82 - - [22/Oct/2021:07:24:57 +0800] "POST /xingrg/all/common/load_select.html HTTP/1.1" 200 25
120.253.135.82 - - [22/Oct/2021:07:25:01 +0800] "GET /xingrg/kc/pszx/mdps_order_operate.html?command=get_materiel_price&pszx_code=00101&rest_code=00149&base_code=0010246&code=00101019133&unit_code=00100189&order_time=2021-10-23 HTTP/1.1" 200 35
120.253.135.82 - - [22/Oct/2021:07:25:11 +0800] "POST /xingrg/all/common/load_select.html HTTP/1.1" 200 25
120.253.135.82 - - [22/Oct/2021:07:25:14 +0800] "GET /xingrg/kc/pszx/mdps_order_operate.html?command=get_materiel_price&pszx_code=00101&rest_code=00149&base_code=0010246&code=00101027001&unit_code=00100157&order_time=2021-10-23 HTTP/1.1" 200 35
180.169.147.146 - - [22/Oct/2021:07:25:15 +0800] "GET /xingrg/all/function/internal_message.html?_=1634858711255&CODE_STATE=getMsg HTTP/1.1" 200 27
120.253.135.82 - - [22/Oct/2021:07:25:21 +0800] "GET /xingrg/check_reg.html?_=1634858486749 HTTP/1.1" 200 22
120.253.135.82 - - [22/Oct/2021:07:25:23 +0800] "POST /xingrg/all/common/load_select.html HTTP/1.1" 200 25
222.70.168.47 - - [22/Oct/2021:07:25:25 +0800] "GET /xingrg/all/function/internal_message.html?_=1634858737735&CODE_STATE=getMsg HTTP/1.1" 200 27
120.253.135.82 - - [22/Oct/2021:07:25:27 +0800] "GET /xingrg/kc/pszx/mdps_order_operate.html?command=get_materiel_price&pszx_code=00101&rest_code=00149&base_code=0010246&code=00101019222&unit_code=00100130&order_time=2021-10-23 HTTP/1.1" 200 34
116.238.248.233 - - [22/Oct/2021:07:25:29 +0800] "GET /xingrg/all/function/internal_message.html?_=1634858722161&CODE_STATE=getMsg HTTP/1.1" 200 27
116.238.248.233 - - [22/Oct/2021:07:25:29 +0800] "GET /xingrg/check_reg.html?_=1634858722178 HTTP/1.1" 200 22
120.253.135.82 - - [22/Oct/2021:07:25:37 +0800] "POST /xingrg/kc/pszx/mdps_order_operate.html HTTP/1.1" 200 37
120.253.135.82 - - [22/Oct/2021:07:25:38 +0800] "GET /xingrg/kc/pszx/mdps_order_info.html?code=312021102200569 HTTP/1.1" 200 23931
120.253.135.82 - - [22/Oct/2021:07:25:39 +0800] "GET /xingrg/javascript/easyui/themes/default/validatebox.css HTTP/1.1" 404 1104
120.253.135.82 - - [22/Oct/2021:07:25:39 +0800] "POST /xingrg/kc/pszx/mdps_order_operate.html HTTP/1.1" 200 21297
116.227.210.113 - - [22/Oct/2021:07:25:40 +0800] "GET /xingrg/all/function/internal_message.html?_=1634858733728&CODE_STATE=getMsg HTTP/1.1" 200 27
120.253.135.82 - - [22/Oct/2021:07:25:45 +0800] "GET /xingrg/all/function/internal_message.html?_=1634858510649&CODE_STATE=getMsg HTTP/1.1" 200 27
222.70.179.155 - - [22/Oct/2021:07:25:51 +0800] "GET /xingrg/all/function/internal_message.html?_=1634858738405&CODE_STATE=getMsg HTTP/1.1" 200 27
120.253.135.82 - - [22/Oct/2021:07:26:04 +0800] "POST /xingrg/kc/pszx/mdps_order_operate.html HTTP/1.1" 200 37
120.253.135.82 - - [22/Oct/2021:07:26:05 +0800] "GET /xingrg/kc/pszx/mdps_order_info.html?code=312021102200569 HTTP/1.1" 200 23931
120.253.135.82 - - [22/Oct/2021:07:26:06 +0800] "GET /xingrg/javascript/easyui/themes/default/validatebox.css HTTP/1.1" 404 1104
120.253.135.82 - - [22/Oct/2021:07:26:06 +0800] "POST /xingrg/kc/pszx/mdps_order_operate.html HTTP/1.1" 200 21297
116.232.39.22 - - [22/Oct/2021:07:26:14 +0800] "POST /xingrg/services/DataTransmitService HTTP/1.1" 200 524
116.232.39.22 - - [22/Oct/2021:07:26:15 +0800] "POST /xingrg/services/DataTransmitService HTTP/1.1" 200 497
180.169.147.146 - - [22/Oct/2021:07:26:15 +0800] "GET /xingrg/all/function/internal_message.html?_=1634858771240&CODE_STATE=getMsg HTTP/1.1" 200 27
222.70.168.47 - - [22/Oct/2021:07:26:15 +0800] "GET /xingrg/check_reg.html?_=1634858788639 HTTP/1.1" 200 22
222.70.168.47 - - [22/Oct/2021:07:26:25 +0800] "GET /xingrg/all/function/internal_message.html?_=1634858797747&CODE_STATE=getMsg HTTP/1.1" 200 27
180.169.147.146 - - [22/Oct/2021:07:26:27 +0800] "GET /xingrg/check_reg.html?_=1634858783927 HTTP/1.1" 200 22
116.238.248.233 - - [22/Oct/2021:07:26:29 +0800] "GET /xingrg/all/function/internal_message.html?_=1634858782177&CODE_STATE=getMsg HTTP/1.1" 200 27
116.227.210.113 - - [22/Oct/2021:07:26:40 +0800] "GET /xingrg/check_reg.html?_=1634858793718 HTTP/1.1" 200 22
116.227.210.113 - - [22/Oct/2021:07:26:40 +0800] "GET /xingrg/all/function/internal_message.html?_=1634858793719&CODE_STATE=getMsg HTTP/1.1" 200 27
120.253.135.82 - - [22/Oct/2021:07:26:45 +0800] "GET /xingrg/all/function/internal_message.html?_=1634858570663&CODE_STATE=getMsg HTTP/1.1" 200 27
222.70.179.155 - - [22/Oct/2021:07:26:51 +0800] "GET /xingrg/all/function/internal_message.html?_=1634858798390&CODE_STATE=getMsg HTTP/1.1" 200 27
120.253.135.82 - - [22/Oct/2021:07:27:09 +0800] "GET /xingrg/kc/pszx/mdps_order_operate.html?command=get_materiel&pszx_code=00101&rest_code=00149&base_code=0010246&code=00101013293 HTTP/1.1" 200 416
180.169.147.146 - - [22/Oct/2021:07:27:15 +0800] "GET /xingrg/all/function/internal_message.html?_=1634858831212&CODE_STATE=getMsg HTTP/1.1" 200 27
222.70.168.47 - - [22/Oct/2021:07:27:25 +0800] "GET /xingrg/all/function/internal_message.html?_=1634858857760&CODE_STATE=getMsg HTTP/1.1" 200 27
116.238.248.233 - - [22/Oct/2021:07:27:29 +0800] "GET /xingrg/all/function/internal_message.html?_=1634858842176&CODE_STATE=getMsg HTTP/1.1" 200 27
120.253.135.82 - - [22/Oct/2021:07:27:33 +0800] "POST /xingrg/kc/pszx/mdps_order_operate.html HTTP/1.1" 200 37
120.253.135.82 - - [22/Oct/2021:07:27:34 +0800] "GET /xingrg/kc/pszx/mdps_order_info.html?code=312021102200569 HTTP/1.1" 200 23931
120.253.135.82 - - [22/Oct/2021:07:27:34 +0800] "GET /xingrg/javascript/easyui/themes/default/validatebox.css HTTP/1.1" 404 1104
120.253.135.82 - - [22/Oct/2021:07:27:34 +0800] "POST /xingrg/kc/pszx/mdps_order_operate.html HTTP/1.1" 200 21300
116.227.210.113 - - [22/Oct/2021:07:27:40 +0800] "GET /xingrg/all/function/internal_message.html?_=1634858853731&CODE_STATE=getMsg HTTP/1.1" 200 27
120.253.135.82 - - [22/Oct/2021:07:27:45 +0800] "GET /xingrg/all/function/internal_message.html?_=1634858630676&CODE_STATE=getMsg HTTP/1.1" 200 27
222.70.179.155 - - [22/Oct/2021:07:27:51 +0800] "GET /xingrg/all/function/internal_message.html?_=1634858858360&CODE_STATE=getMsg HTTP/1.1" 200 27
180.169.147.146 - - [22/Oct/2021:07:28:15 +0800] "GET /xingrg/all/function/internal_message.html?_=1634858891196&CODE_STATE=getMsg HTTP/1.1" 200 27
222.70.168.47 - - [22/Oct/2021:07:28:25 +0800] "GET /xingrg/all/function/internal_message.html?_=1634858917849&CODE_STATE=getMsg HTTP/1.1" 200 27
116.238.248.233 - - [22/Oct/2021:07:28:29 +0800] "GET /xingrg/all/function/internal_message.html?_=1634858902184&CODE_STATE=getMsg HTTP/1.1" 200 27
116.227.210.113 - - [22/Oct/2021:07:28:40 +0800] "GET /xingrg/all/function/internal_message.html?_=1634858913730&CODE_STATE=getMsg HTTP/1.1" 200 27
120.253.135.82 - - [22/Oct/2021:07:28:45 +0800] "GET /xingrg/all/function/internal_message.html?_=1634858690775&CODE_STATE=getMsg HTTP/1.1" 200 27
222.70.179.155 - - [22/Oct/2021:07:28:51 +0800] "GET /xingrg/all/function/internal_message.html?_=1634858918346&CODE_STATE=getMsg HTTP/1.1" 200 27
120.253.135.82 - - [22/Oct/2021:07:29:06 +0800] "POST /xingrg/kc/pszx/mdps_order_operate.html HTTP/1.1" 200 37
120.253.135.82 - - [22/Oct/2021:07:29:06 +0800] "GET /xingrg/kc/pszx/mdps_order_info.html?code=312021102200569 HTTP/1.1" 200 23931
120.253.135.82 - - [22/Oct/2021:07:29:07 +0800] "GET /xingrg/javascript/easyui/themes/default/validatebox.css HTTP/1.1" 404 1104
120.253.135.82 - - [22/Oct/2021:07:29:07 +0800] "POST /xingrg/kc/pszx/mdps_order_operate.html HTTP/1.1" 200 21300
120.253.135.82 - - [22/Oct/2021:07:29:10 +0800] "POST /xingrg/kc/pszx/mdps_list_operate.html HTTP/1.1" 200 2437
120.253.135.82 - - [22/Oct/2021:07:29:13 +0800] "POST /xingrg/kc/pszx/mdps_list_operate.html HTTP/1.1" 200 202
120.253.135.82 - - [22/Oct/2021:07:29:14 +0800] "GET /xingrg/kc/pszx/mdps_order_info.html?code=312021102200570 HTTP/1.1" 200 23931
120.253.135.82 - - [22/Oct/2021:07:29:14 +0800] "GET /xingrg/javascript/easyui/themes/default/validatebox.css HTTP/1.1" 404 1104
120.253.135.82 - - [22/Oct/2021:07:29:14 +0800] "POST /xingrg/kc/pszx/mdps_order_operate.html HTTP/1.1" 200 2271
180.169.147.146 - - [22/Oct/2021:07:29:15 +0800] "GET /xingrg/all/function/internal_message.html?_=1634858951189&CODE_STATE=getMsg HTTP/1.1" 200 27
222.70.179.155 - - [22/Oct/2021:07:29:15 +0800] "GET /xingrg/check_reg.html?_=1634858942637 HTTP/1.1" 200 22
120.253.135.82 - - [22/Oct/2021:07:29:16 +0800] "POST /xingrg/all/common/load_combo.html?type=base HTTP/1.1" 200 1075
120.253.135.82 - - [22/Oct/2021:07:29:24 +0800] "POST /xingrg/kc/pszx/mdps_order_operate.html HTTP/1.1" 200 37
120.253.135.82 - - [22/Oct/2021:07:29:24 +0800] "GET /xingrg/kc/pszx/mdps_order_info.html?code=312021102200570 HTTP/1.1" 200 23931
222.70.168.47 - - [22/Oct/2021:07:29:25 +0800] "GET /xingrg/all/function/internal_message.html?_=1634858977849&CODE_STATE=getMsg HTTP/1.1" 200 27
120.253.135.82 - - [22/Oct/2021:07:29:25 +0800] "GET /xingrg/javascript/easyui/themes/default/validatebox.css HTTP/1.1" 404 1104
120.253.135.82 - - [22/Oct/2021:07:29:25 +0800] "POST /xingrg/kc/pszx/mdps_order_operate.html HTTP/1.1" 200 2279
120.253.135.82 - - [22/Oct/2021:07:29:28 +0800] "POST /xingrg/kc/pszx/mdps_list_operate.html HTTP/1.1" 200 2437
116.238.248.233 - - [22/Oct/2021:07:29:29 +0800] "GET /xingrg/all/function/internal_message.html?_=1634858962184&CODE_STATE=getMsg HTTP/1.1" 200 27
120.253.135.82 - - [22/Oct/2021:07:29:29 +0800] "POST /xingrg/kc/pszx/mdps_list_operate.html HTTP/1.1" 200 618
120.253.135.82 - - [22/Oct/2021:07:29:29 +0800] "GET /xingrg/kc/pszx/mdps_order_info.html?code=312021102200571 HTTP/1.1" 200 23931
120.253.135.82 - - [22/Oct/2021:07:29:30 +0800] "GET /xingrg/javascript/easyui/themes/default/validatebox.css HTTP/1.1" 404 1104
120.253.135.82 - - [22/Oct/2021:07:29:30 +0800] "POST /xingrg/kc/pszx/mdps_order_operate.html HTTP/1.1" 200 9181
120.253.135.82 - - [22/Oct/2021:07:29:33 +0800] "POST /xingrg/all/common/load_combo.html?type=base HTTP/1.1" 200 1075
120.253.135.82 - - [22/Oct/2021:07:29:40 +0800] "POST /xingrg/kc/pszx/mdps_order_operate.html HTTP/1.1" 200 37
116.227.210.113 - - [22/Oct/2021:07:29:40 +0800] "GET /xingrg/all/function/internal_message.html?_=1634858973730&CODE_STATE=getMsg HTTP/1.1" 200 27
120.253.135.82 - - [22/Oct/2021:07:29:40 +0800] "GET /xingrg/kc/pszx/mdps_order_info.html?code=312021102200571 HTTP/1.1" 200 23931
120.253.135.82 - - [22/Oct/2021:07:29:41 +0800] "GET /xingrg/javascript/easyui/themes/default/validatebox.css HTTP/1.1" 404 1104
120.253.135.82 - - [22/Oct/2021:07:29:41 +0800] "POST /xingrg/kc/pszx/mdps_order_operate.html HTTP/1.1" 200 9307
120.253.135.82 - - [22/Oct/2021:07:29:45 +0800] "GET /xingrg/all/function/internal_message.html?_=1634858750781&CODE_STATE=getMsg HTTP/1.1" 200 27
120.253.135.82 - - [22/Oct/2021:07:29:48 +0800] "POST /xingrg/all/common/load_tree.html?tree=materiel_sort_tree_json HTTP/1.1" 200 8912
120.253.135.82 - - [22/Oct/2021:07:29:50 +0800] "POST /xingrg/all/common/load_tree.html?tree=materiel_sort_tree_json HTTP/1.1" 200 8912
120.253.135.82 - - [22/Oct/2021:07:29:51 +0800] "POST /xingrg/all/common/load_tree.html?tree=materiel_sort_tree_json HTTP/1.1" 200 8912
222.70.179.155 - - [22/Oct/2021:07:29:51 +0800] "GET /xingrg/all/function/internal_message.html?_=1634858978330&CODE_STATE=getMsg HTTP/1.1" 200 27
120.253.135.82 - - [22/Oct/2021:07:29:59 +0800] "GET /xingrg/kc/pszx/mdps_order_operate.html?command=get_materiel&pszx_code=00101&rest_code=00149&base_code=0010250&code=00102002685 HTTP/1.1" 200 443
180.169.147.146 - - [22/Oct/2021:07:30:15 +0800] "GET /xingrg/all/function/internal_message.html?_=1634859011174&CODE_STATE=getMsg HTTP/1.1" 200 27
120.253.135.82 - - [22/Oct/2021:07:30:21 +0800] "GET /xingrg/check_reg.html?_=1634858786759 HTTP/1.1" 200 22
222.70.168.47 - - [22/Oct/2021:07:30:25 +0800] "GET /xingrg/all/function/internal_message.html?_=1634859037949&CODE_STATE=getMsg HTTP/1.1" 200 27
116.238.248.233 - - [22/Oct/2021:07:30:29 +0800] "GET /xingrg/all/function/internal_message.html?_=1634859022184&CODE_STATE=getMsg HTTP/1.1" 200 27
116.238.248.233 - - [22/Oct/2021:07:30:29 +0800] "GET /xingrg/check_reg.html?_=1634859022184 HTTP/1.1" 200 22
116.227.210.113 - - [22/Oct/2021:07:30:40 +0800] "GET /xingrg/all/function/internal_message.html?_=1634859033725&CODE_STATE=getMsg HTTP/1.1" 200 27
120.253.135.82 - - [22/Oct/2021:07:30:45 +0800] "GET /xingrg/all/function/internal_message.html?_=1634858810795&CODE_STATE=getMsg HTTP/1.1" 200 27
222.70.179.155 - - [22/Oct/2021:07:30:51 +0800] "GET /xingrg/all/function/internal_message.html?_=1634859038314&CODE_STATE=getMsg HTTP/1.1" 200 27
180.169.147.146 - - [22/Oct/2021:07:31:15 +0800] "GET /xingrg/all/function/internal_message.html?_=1634859071157&CODE_STATE=getMsg HTTP/1.1" 200 27
222.70.168.47 - - [22/Oct/2021:07:31:15 +0800] "GET /xingrg/check_reg.html?_=1634859088642 HTTP/1.1" 200 22
222.70.168.47 - - [22/Oct/2021:07:31:25 +0800] "GET /xingrg/all/function/internal_message.html?_=1634859097955&CODE_STATE=getMsg HTTP/1.1" 200 27
180.169.147.146 - - [22/Oct/2021:07:31:27 +0800] "GET /xingrg/check_reg.html?_=1634859083923 HTTP/1.1" 200 22
116.238.248.233 - - [22/Oct/2021:07:31:29 +0800] "GET /xingrg/all/function/internal_message.html?_=1634859082198&CODE_STATE=getMsg HTTP/1.1" 200 27
116.227.210.113 - - [22/Oct/2021:07:31:40 +0800] "GET /xingrg/check_reg.html?_=1634859093718 HTTP/1.1" 200 22
116.227.210.113 - - [22/Oct/2021:07:31:40 +0800] "GET /xingrg/all/function/internal_message.html?_=1634859093720&CODE_STATE=getMsg HTTP/1.1" 200 27
120.253.135.82 - - [22/Oct/2021:07:31:45 +0800] "GET /xingrg/all/function/internal_message.html?_=1634858870809&CODE_STATE=getMsg HTTP/1.1" 200 27
222.70.179.155 - - [22/Oct/2021:07:31:51 +0800] "GET /xingrg/all/function/internal_message.html?_=1634859098284&CODE_STATE=getMsg HTTP/1.1" 200 27
180.169.147.146 - - [22/Oct/2021:07:32:15 +0800] "GET /xingrg/all/function/internal_message.html?_=1634859131146&CODE_STATE=getMsg HTTP/1.1" 200 27
120.253.135.82 - - [22/Oct/2021:07:32:23 +0800] "GET /xingrg/kc/pszx/mdps_order_operate.html?command=get_materiel&pszx_code=00101&rest_code=00149&base_code=0010250&code=00102002025 HTTP/1.1" 200 453
222.70.168.47 - - [22/Oct/2021:07:32:25 +0800] "GET /xingrg/all/function/internal_message.html?_=1634859157969&CODE_STATE=getMsg HTTP/1.1" 200 27
116.238.248.233 - - [22/Oct/2021:07:32:29 +0800] "GET /xingrg/all/function/internal_message.html?_=1634859142204&CODE_STATE=getMsg HTTP/1.1" 200 27
120.253.135.82 - - [22/Oct/2021:07:32:31 +0800] "POST /xingrg/kc/pszx/mdps_order_operate.html HTTP/1.1" 200 37
120.253.135.82 - - [22/Oct/2021:07:32:31 +0800] "GET /xingrg/kc/pszx/mdps_order_info.html?code=312021102200571 HTTP/1.1" 200 23931
120.253.135.82 - - [22/Oct/2021:07:32:32 +0800] "POST /xingrg/kc/pszx/mdps_order_operate.html HTTP/1.1" 200 9340
120.253.135.82 - - [22/Oct/2021:07:32:32 +0800] "GET /xingrg/javascript/easyui/themes/default/validatebox.css HTTP/1.1" 404 1104
116.227.210.113 - - [22/Oct/2021:07:32:40 +0800] "GET /xingrg/all/function/internal_message.html?_=1634859153727&CODE_STATE=getMsg HTTP/1.1" 200 27
120.253.135.82 - - [22/Oct/2021:07:32:45 +0800] "GET /xingrg/all/function/internal_message.html?_=1634858930822&CODE_STATE=getMsg HTTP/1.1" 200 27
124.78.153.86 - - [22/Oct/2021:07:32:51 +0800] "POST /xingrg/services/DataTransmitService HTTP/1.1" 200 524
222.70.179.155 - - [22/Oct/2021:07:32:51 +0800] "GET /xingrg/all/function/internal_message.html?_=1634859158270&CODE_STATE=getMsg HTTP/1.1" 200 27
124.78.153.86 - - [22/Oct/2021:07:32:51 +0800] "POST /xingrg/services/DataTransmitService HTTP/1.1" 200 501
180.169.147.146 - - [22/Oct/2021:07:33:15 +0800] "GET /xingrg/all/function/internal_message.html?_=1634859191130&CODE_STATE=getMsg HTTP/1.1" 200 27
222.70.168.47 - - [22/Oct/2021:07:33:25 +0800] "GET /xingrg/all/function/internal_message.html?_=1634859218040&CODE_STATE=getMsg HTTP/1.1" 200 27
116.238.248.233 - - [22/Oct/2021:07:33:29 +0800] "GET /xingrg/all/function/internal_message.html?_=1634859202203&CODE_STATE=getMsg HTTP/1.1" 200 27
116.227.210.113 - - [22/Oct/2021:07:33:40 +0800] "GET /xingrg/all/function/internal_message.html?_=1634859213730&CODE_STATE=getMsg HTTP/1.1" 200 27
120.253.135.82 - - [22/Oct/2021:07:33:45 +0800] "GET /xingrg/all/function/internal_message.html?_=1634858990836&CODE_STATE=getMsg HTTP/1.1" 200 27
222.70.179.155 - - [22/Oct/2021:07:33:51 +0800] "GET /xingrg/all/function/internal_message.html?_=1634859218254&CODE_STATE=getMsg HTTP/1.1" 200 27
120.253.135.82 - - [22/Oct/2021:07:34:01 +0800] "POST /xingrg/kc/pszx/mdps_list_operate.html HTTP/1.1" 200 2437
120.253.135.82 - - [22/Oct/2021:07:34:03 +0800] "POST /xingrg/kc/pszx/mdps_list_operate.html HTTP/1.1" 200 619
120.253.135.82 - - [22/Oct/2021:07:34:05 +0800] "POST /xingrg/kc/pszx/mdps_list_operate.html HTTP/1.1" 200 202
120.253.135.82 - - [22/Oct/2021:07:34:06 +0800] "POST /xingrg/kc/pszx/mdps_list_operate.html HTTP/1.1" 200 616
120.253.135.82 - - [22/Oct/2021:07:34:08 +0800] "GET /xingrg/kc/pszx/mdps_order_info.html?code=312021102200569 HTTP/1.1" 200 23931
120.253.135.82 - - [22/Oct/2021:07:34:09 +0800] "GET /xingrg/javascript/easyui/themes/default/validatebox.css HTTP/1.1" 404 1104
120.253.135.82 - - [22/Oct/2021:07:34:09 +0800] "POST /xingrg/kc/pszx/mdps_order_operate.html HTTP/1.1" 200 21300
180.169.147.146 - - [22/Oct/2021:07:34:15 +0800] "GET /xingrg/all/function/internal_message.html?_=1634859251120&CODE_STATE=getMsg HTTP/1.1" 200 27
222.70.179.155 - - [22/Oct/2021:07:34:15 +0800] "GET /xingrg/check_reg.html?_=1634859242607 HTTP/1.1" 200 22
222.70.168.47 - - [22/Oct/2021:07:34:25 +0800] "GET /xingrg/all/function/internal_message.html?_=1634859278042&CODE_STATE=getMsg HTTP/1.1" 200 27
116.238.248.233 - - [22/Oct/2021:07:34:29 +0800] "GET /xingrg/all/function/internal_message.html?_=1634859262211&CODE_STATE=getMsg HTTP/1.1" 200 27
116.227.210.113 - - [22/Oct/2021:07:34:40 +0800] "GET /xingrg/all/function/internal_message.html?_=1634859273721&CODE_STATE=getMsg HTTP/1.1" 200 27
120.253.135.82 - - [22/Oct/2021:07:34:45 +0800] "GET /xingrg/all/function/internal_message.html?_=1634859050849&CODE_STATE=getMsg HTTP/1.1" 200 27
222.70.179.155 - - [22/Oct/2021:07:34:51 +0800] "GET /xingrg/all/function/internal_message.html?_=1634859278239&CODE_STATE=getMsg HTTP/1.1" 200 27
180.169.147.146 - - [22/Oct/2021:07:35:14 +0800] "GET /xingrg/all/function/internal_message.html?_=1634859311104&CODE_STATE=getMsg HTTP/1.1" 200 27
120.253.135.82 - - [22/Oct/2021:07:35:21 +0800] "GET /xingrg/check_reg.html?_=1634859086763 HTTP/1.1" 200 22
222.70.168.47 - - [22/Oct/2021:07:35:25 +0800] "GET /xingrg/all/function/internal_message.html?_=1634859338119&CODE_STATE=getMsg HTTP/1.1" 200 27
116.238.248.233 - - [22/Oct/2021:07:35:29 +0800] "GET /xingrg/all/function/internal_message.html?_=1634859322208&CODE_STATE=getMsg HTTP/1.1" 200 27
116.238.248.233 - - [22/Oct/2021:07:35:29 +0800] "GET /xingrg/check_reg.html?_=1634859322209 HTTP/1.1" 200 22
116.227.210.113 - - [22/Oct/2021:07:35:40 +0800] "GET /xingrg/all/function/internal_message.html?_=1634859333734&CODE_STATE=getMsg HTTP/1.1" 200 27
120.253.135.82 - - [22/Oct/2021:07:35:45 +0800] "GET /xingrg/all/function/internal_message.html?_=1634859110863&CODE_STATE=getMsg HTTP/1.1" 200 27
222.70.179.155 - - [22/Oct/2021:07:35:51 +0800] "GET /xingrg/all/function/internal_message.html?_=1634859338222&CODE_STATE=getMsg HTTP/1.1" 200 27
159.223.103.254 - - [22/Oct/2021:07:36:07 +0800] "POST /json_rpc HTTP/1.0" 404 -
180.169.147.146 - - [22/Oct/2021:07:36:14 +0800] "GET /xingrg/all/function/internal_message.html?_=1634859371091&CODE_STATE=getMsg HTTP/1.1" 200 27
222.70.168.47 - - [22/Oct/2021:07:36:15 +0800] "GET /xingrg/check_reg.html?_=1634859388655 HTTP/1.1" 200 22
222.70.168.47 - - [22/Oct/2021:07:36:25 +0800] "GET /xingrg/all/function/internal_message.html?_=1634859398131&CODE_STATE=getMsg HTTP/1.1" 200 27
180.169.147.146 - - [22/Oct/2021:07:36:27 +0800] "GET /xingrg/check_reg.html?_=1634859383900 HTTP/1.1" 200 22
116.238.248.233 - - [22/Oct/2021:07:36:29 +0800] "GET /xingrg/all/function/internal_message.html?_=1634859382208&CODE_STATE=getMsg HTTP/1.1" 200 27
116.227.210.113 - - [22/Oct/2021:07:36:40 +0800] "GET /xingrg/check_reg.html?_=1634859393736 HTTP/1.1" 200 22
116.227.210.113 - - [22/Oct/2021:07:36:40 +0800] "GET /xingrg/all/function/internal_message.html?_=1634859393736&CODE_STATE=getMsg HTTP/1.1" 200 27
120.253.135.82 - - [22/Oct/2021:07:36:45 +0800] "GET /xingrg/all/function/internal_message.html?_=1634859170877&CODE_STATE=getMsg HTTP/1.1" 200 27
222.70.179.155 - - [22/Oct/2021:07:36:51 +0800] "GET /xingrg/all/function/internal_message.html?_=1634859398231&CODE_STATE=getMsg HTTP/1.1" 200 27
120.253.135.82 - - [22/Oct/2021:07:37:00 +0800] "POST /xingrg/all/common/load_select.html HTTP/1.1" 200 25
120.253.135.82 - - [22/Oct/2021:07:37:03 +0800] "GET /xingrg/kc/pszx/mdps_order_operate.html?command=get_materiel_price&pszx_code=00101&rest_code=00149&base_code=0010246&code=00101019400&unit_code=00100111&order_time=2021-10-23 HTTP/1.1" 200 36
120.253.135.82 - - [22/Oct/2021:07:37:12 +0800] "POST /xingrg/all/common/load_select.html HTTP/1.1" 200 25
120.253.135.82 - - [22/Oct/2021:07:37:14 +0800] "GET /xingrg/kc/pszx/mdps_order_operate.html?command=get_materiel_price&pszx_code=00101&rest_code=00149&base_code=0010246&code=00101019184&unit_code=00100037&order_time=2021-10-23 HTTP/1.1" 200 35
180.169.147.146 - - [22/Oct/2021:07:37:14 +0800] "GET /xingrg/all/function/internal_message.html?_=1634859431082&CODE_STATE=getMsg HTTP/1.1" 200 27
222.70.168.47 - - [22/Oct/2021:07:37:25 +0800] "GET /xingrg/all/function/internal_message.html?_=1634859458146&CODE_STATE=getMsg HTTP/1.1" 200 27
116.238.248.233 - - [22/Oct/2021:07:37:29 +0800] "GET /xingrg/all/function/internal_message.html?_=1634859442208&CODE_STATE=getMsg HTTP/1.1" 200 27
120.253.135.82 - - [22/Oct/2021:07:37:31 +0800] "POST /xingrg/kc/pszx/mdps_order_operate.html HTTP/1.1" 200 37
120.253.135.82 - - [22/Oct/2021:07:37:32 +0800] "GET /xingrg/kc/pszx/mdps_order_info.html?code=312021102200569 HTTP/1.1" 200 23931
120.253.135.82 - - [22/Oct/2021:07:37:33 +0800] "GET /xingrg/javascript/easyui/themes/default/validatebox.css HTTP/1.1" 404 1104
120.253.135.82 - - [22/Oct/2021:07:37:33 +0800] "POST /xingrg/kc/pszx/mdps_order_operate.html HTTP/1.1" 200 21298
116.227.210.113 - - [22/Oct/2021:07:37:40 +0800] "GET /xingrg/all/function/internal_message.html?_=1634859453727&CODE_STATE=getMsg HTTP/1.1" 200 27
120.253.135.82 - - [22/Oct/2021:07:37:45 +0800] "GET /xingrg/all/function/internal_message.html?_=1634859230890&CODE_STATE=getMsg HTTP/1.1" 200 27
222.70.179.155 - - [22/Oct/2021:07:37:51 +0800] "GET /xingrg/all/function/internal_message.html?_=1634859458215&CODE_STATE=getMsg HTTP/1.1" 200 27
120.253.135.82 - - [22/Oct/2021:07:37:59 +0800] "POST /xingrg/kc/pszx/mdps_list_operate.html HTTP/1.1" 200 2437
120.253.135.82 - - [22/Oct/2021:07:38:00 +0800] "POST /xingrg/kc/pszx/mdps_list_operate.html HTTP/1.1" 200 619
120.253.135.82 - - [22/Oct/2021:07:38:02 +0800] "POST /xingrg/kc/pszx/mdps_list_operate.html HTTP/1.1" 200 202
180.169.147.146 - - [22/Oct/2021:07:38:14 +0800] "GET /xingrg/all/function/internal_message.html?_=1634859491066&CODE_STATE=getMsg HTTP/1.1" 200 27
222.70.168.47 - - [22/Oct/2021:07:38:25 +0800] "GET /xingrg/all/function/internal_message.html?_=1634859518239&CODE_STATE=getMsg HTTP/1.1" 200 27
116.238.248.233 - - [22/Oct/2021:07:38:29 +0800] "GET /xingrg/all/function/internal_message.html?_=1634859502207&CODE_STATE=getMsg HTTP/1.1" 200 27
116.227.210.113 - - [22/Oct/2021:07:38:40 +0800] "GET /xingrg/all/function/internal_message.html?_=1634859513730&CODE_STATE=getMsg HTTP/1.1" 200 27
120.253.135.82 - - [22/Oct/2021:07:38:43 +0800] "GET /xingrg/kc/report/report_main.html HTTP/1.1" 200 9370
120.253.135.82 - - [22/Oct/2021:07:38:43 +0800] "POST /xingrg/kc/pszx/mdps_list_operate.html HTTP/1.1" 200 2437
120.253.135.82 - - [22/Oct/2021:07:38:45 +0800] "GET /xingrg/kc/base/kc_stocks.html HTTP/1.1" 200 16437
120.253.135.82 - - [22/Oct/2021:07:38:45 +0800] "GET /xingrg/javascript/easyui/themes/default/tree.css HTTP/1.1" 404 1090
120.253.135.82 - - [22/Oct/2021:07:38:45 +0800] "POST /xingrg/all/common/load_tree.html?tree=materiel_sort_tree_json HTTP/1.1" 200 8912
120.253.135.82 - - [22/Oct/2021:07:38:45 +0800] "GET /xingrg/all/function/internal_message.html?_=1634859290904&CODE_STATE=getMsg HTTP/1.1" 200 27
120.253.135.82 - - [22/Oct/2021:07:38:46 +0800] "POST /xingrg/all/common/load_combo.html?type=base HTTP/1.1" 200 1075
222.70.179.155 - - [22/Oct/2021:07:38:51 +0800] "GET /xingrg/all/function/internal_message.html?_=1634859518199&CODE_STATE=getMsg HTTP/1.1" 200 27
180.169.147.146 - - [22/Oct/2021:07:39:14 +0800] "GET /xingrg/all/function/internal_message.html?_=1634859551050&CODE_STATE=getMsg HTTP/1.1" 200 27
222.70.179.155 - - [22/Oct/2021:07:39:15 +0800] "GET /xingrg/check_reg.html?_=1634859542616 HTTP/1.1" 200 22
120.253.135.82 - - [22/Oct/2021:07:39:20 +0800] "POST /xingrg/kc/base/stock_operate.html HTTP/1.1" 200 1740
222.70.168.47 - - [22/Oct/2021:07:39:25 +0800] "GET /xingrg/all/function/internal_message.html?_=1634859578251&CODE_STATE=getMsg HTTP/1.1" 200 27
120.253.135.82 - - [22/Oct/2021:07:39:28 +0800] "POST /xingrg/kc/base/stock_operate.html HTTP/1.1" 200 1470
116.238.248.233 - - [22/Oct/2021:07:39:29 +0800] "GET /xingrg/all/function/internal_message.html?_=1634859562245&CODE_STATE=getMsg HTTP/1.1" 200 27
120.253.135.82 - - [22/Oct/2021:07:39:37 +0800] "POST /xingrg/kc/base/stock_operate.html HTTP/1.1" 200 1467
116.227.210.113 - - [22/Oct/2021:07:39:40 +0800] "GET /xingrg/all/function/internal_message.html?_=1634859573727&CODE_STATE=getMsg HTTP/1.1" 200 27
120.253.135.82 - - [22/Oct/2021:07:39:45 +0800] "GET /xingrg/all/function/internal_message.html?_=1634859350918&CODE_STATE=getMsg HTTP/1.1" 200 27
222.70.179.155 - - [22/Oct/2021:07:39:51 +0800] "GET /xingrg/all/function/internal_message.html?_=1634859578172&CODE_STATE=getMsg HTTP/1.1" 200 27
120.253.135.82 - - [22/Oct/2021:07:40:00 +0800] "POST /xingrg/kc/base/stock_operate.html HTTP/1.1" 200 1473
120.253.135.82 - - [22/Oct/2021:07:40:12 +0800] "POST /xingrg/kc/base/stock_operate.html HTTP/1.1" 200 1748
180.169.147.146 - - [22/Oct/2021:07:40:14 +0800] "GET /xingrg/all/function/internal_message.html?_=1634859611042&CODE_STATE=getMsg HTTP/1.1" 200 27
120.253.135.82 - - [22/Oct/2021:07:40:21 +0800] "GET /xingrg/check_reg.html?_=1634859387016 HTTP/1.1" 200 22
222.70.168.47 - - [22/Oct/2021:07:40:25 +0800] "GET /xingrg/all/function/internal_message.html?_=1634859638327&CODE_STATE=getMsg HTTP/1.1" 200 27
116.238.248.233 - - [22/Oct/2021:07:40:29 +0800] "GET /xingrg/check_reg.html?_=1634859622249 HTTP/1.1" 200 22
116.238.248.233 - - [22/Oct/2021:07:40:29 +0800] "GET /xingrg/all/function/internal_message.html?_=1634859622250&CODE_STATE=getMsg HTTP/1.1" 200 27
120.253.135.82 - - [22/Oct/2021:07:40:32 +0800] "POST /xingrg/kc/base/stock_operate.html HTTP/1.1" 200 1476
116.227.210.113 - - [22/Oct/2021:07:40:40 +0800] "GET /xingrg/all/function/internal_message.html?_=1634859633716&CODE_STATE=getMsg HTTP/1.1" 200 27
120.253.135.82 - - [22/Oct/2021:07:40:45 +0800] "GET /xingrg/all/function/internal_message.html?_=1634859410931&CODE_STATE=getMsg HTTP/1.1" 200 27
120.253.135.82 - - [22/Oct/2021:07:40:50 +0800] "POST /xingrg/kc/base/stock_operate.html HTTP/1.1" 200 1467
222.70.179.155 - - [22/Oct/2021:07:40:51 +0800] "GET /xingrg/all/function/internal_message.html?_=1634859638142&CODE_STATE=getMsg HTTP/1.1" 200 27
180.169.147.146 - - [22/Oct/2021:07:41:14 +0800] "GET /xingrg/all/function/internal_message.html?_=1634859671029&CODE_STATE=getMsg HTTP/1.1" 200 27
222.70.168.47 - - [22/Oct/2021:07:41:15 +0800] "GET /xingrg/check_reg.html?_=1634859688652 HTTP/1.1" 200 22
222.70.168.47 - - [22/Oct/2021:07:41:25 +0800] "GET /xingrg/all/function/internal_message.html?_=1634859698340&CODE_STATE=getMsg HTTP/1.1" 200 27
180.169.147.146 - - [22/Oct/2021:07:41:27 +0800] "GET /xingrg/check_reg.html?_=1634859683904 HTTP/1.1" 200 22
116.238.248.233 - - [22/Oct/2021:07:41:29 +0800] "GET /xingrg/all/function/internal_message.html?_=1634859682255&CODE_STATE=getMsg HTTP/1.1" 200 27
120.253.135.82 - - [22/Oct/2021:07:41:32 +0800] "POST /xingrg/kc/base/stock_operate.html HTTP/1.1" 200 1475
116.227.210.113 - - [22/Oct/2021:07:41:40 +0800] "GET /xingrg/all/function/internal_message.html?_=1634859693731&CODE_STATE=getMsg HTTP/1.1" 200 27
116.227.210.113 - - [22/Oct/2021:07:41:40 +0800] "GET /xingrg/check_reg.html?_=1634859693733 HTTP/1.1" 200 22
120.253.135.82 - - [22/Oct/2021:07:41:45 +0800] "GET /xingrg/all/function/internal_message.html?_=1634859470944&CODE_STATE=getMsg HTTP/1.1" 200 27
222.70.179.155 - - [22/Oct/2021:07:41:51 +0800] "GET /xingrg/all/function/internal_message.html?_=1634859698125&CODE_STATE=getMsg HTTP/1.1" 200 27
120.253.135.82 - - [22/Oct/2021:07:42:06 +0800] "POST /xingrg/kc/base/stock_operate.html HTTP/1.1" 200 1474
180.169.147.146 - - [22/Oct/2021:07:42:14 +0800] "GET /xingrg/all/function/internal_message.html?_=1634859731018&CODE_STATE=getMsg HTTP/1.1" 200 27
222.70.168.47 - - [22/Oct/2021:07:42:25 +0800] "GET /xingrg/all/function/internal_message.html?_=1634859758354&CODE_STATE=getMsg HTTP/1.1" 200 27
116.238.248.233 - - [22/Oct/2021:07:42:29 +0800] "GET /xingrg/all/function/internal_message.html?_=1634859742261&CODE_STATE=getMsg HTTP/1.1" 200 27
120.253.135.82 - - [22/Oct/2021:07:42:34 +0800] "POST /xingrg/kc/base/stock_operate.html HTTP/1.1" 200 1477
116.227.210.113 - - [22/Oct/2021:07:42:40 +0800] "GET /xingrg/all/function/internal_message.html?_=1634859753723&CODE_STATE=getMsg HTTP/1.1" 200 27
120.253.135.82 - - [22/Oct/2021:07:42:45 +0800] "GET /xingrg/all/function/internal_message.html?_=1634859530976&CODE_STATE=getMsg HTTP/1.1" 200 27
222.70.179.155 - - [22/Oct/2021:07:42:51 +0800] "GET /xingrg/all/function/internal_message.html?_=1634859758110&CODE_STATE=getMsg HTTP/1.1" 200 27
180.157.253.6 - - [22/Oct/2021:07:42:56 +0800] "POST /xingrg/services/DataTransmitService HTTP/1.1" 200 524
180.157.253.6 - - [22/Oct/2021:07:42:57 +0800] "POST /xingrg/services/DataTransmitService HTTP/1.1" 200 501
180.169.147.146 - - [22/Oct/2021:07:43:14 +0800] "GET /xingrg/all/function/internal_message.html?_=1634859791004&CODE_STATE=getMsg HTTP/1.1" 200 27
120.253.135.82 - - [22/Oct/2021:07:43:23 +0800] "POST /xingrg/kc/base/stock_operate.html HTTP/1.1" 200 1477
222.70.168.47 - - [22/Oct/2021:07:43:25 +0800] "GET /xingrg/all/function/internal_message.html?_=1634859818446&CODE_STATE=getMsg HTTP/1.1" 200 27
116.238.248.233 - - [22/Oct/2021:07:43:29 +0800] "GET /xingrg/all/function/internal_message.html?_=1634859802265&CODE_STATE=getMsg HTTP/1.1" 200 27
116.227.210.113 - - [22/Oct/2021:07:43:40 +0800] "GET /xingrg/all/function/internal_message.html?_=1634859813721&CODE_STATE=getMsg HTTP/1.1" 200 27
120.253.135.82 - - [22/Oct/2021:07:43:45 +0800] "GET /xingrg/all/function/internal_message.html?_=1634859590987&CODE_STATE=getMsg HTTP/1.1" 200 27
222.70.179.155 - - [22/Oct/2021:07:43:51 +0800] "GET /xingrg/all/function/internal_message.html?_=1634859818080&CODE_STATE=getMsg HTTP/1.1" 200 27
180.169.147.146 - - [22/Oct/2021:07:44:14 +0800] "GET /xingrg/all/function/internal_message.html?_=1634859850988&CODE_STATE=getMsg HTTP/1.1" 200 27
222.70.179.155 - - [22/Oct/2021:07:44:15 +0800] "GET /xingrg/check_reg.html?_=1634859842592 HTTP/1.1" 200 22
222.70.168.47 - - [22/Oct/2021:07:44:25 +0800] "GET /xingrg/all/function/internal_message.html?_=1634859878460&CODE_STATE=getMsg HTTP/1.1" 200 27
116.238.248.233 - - [22/Oct/2021:07:44:29 +0800] "GET /xingrg/all/function/internal_message.html?_=1634859862271&CODE_STATE=getMsg HTTP/1.1" 200 27
120.253.135.82 - - [22/Oct/2021:07:44:29 +0800] "POST /xingrg/kc/base/stock_operate.html HTTP/1.1" 200 1470
116.227.210.113 - - [22/Oct/2021:07:44:40 +0800] "GET /xingrg/all/function/internal_message.html?_=1634859873714&CODE_STATE=getMsg HTTP/1.1" 200 27
120.253.135.82 - - [22/Oct/2021:07:44:45 +0800] "GET /xingrg/all/function/internal_message.html?_=1634859651001&CODE_STATE=getMsg HTTP/1.1" 200 27
222.70.179.155 - - [22/Oct/2021:07:44:51 +0800] "GET /xingrg/all/function/internal_message.html?_=1634859878054&CODE_STATE=getMsg HTTP/1.1" 200 27
180.169.147.146 - - [22/Oct/2021:07:45:14 +0800] "GET /xingrg/all/function/internal_message.html?_=1634859910980&CODE_STATE=getMsg HTTP/1.1" 200 27
120.253.135.82 - - [22/Oct/2021:07:45:21 +0800] "GET /xingrg/check_reg.html?_=1634859687021 HTTP/1.1" 200 22
222.70.168.47 - - [22/Oct/2021:07:45:25 +0800] "GET /xingrg/all/function/internal_message.html?_=1634859938536&CODE_STATE=getMsg HTTP/1.1" 200 27
116.238.248.233 - - [22/Oct/2021:07:45:29 +0800] "GET /xingrg/check_reg.html?_=1634859922270 HTTP/1.1" 200 22
