120.253.135.82 - - [22/Oct/2021:10:43:40 +0800] "GET /xingrg/kc/print/load_data.html?order_code=212021102209512&kc_code=cgsh&condition= HTTP/1.1" 200 942
124.78.153.86 - - [22/Oct/2021:10:43:41 +0800] "GET /xingrg/kc/buy/cgsh_order_operate.html?command=get_materiel&rest_code=00106&code=00101008005&supplier_code=00100007&order_time=2021-10-22 HTTP/1.1" 200 432
114.83.219.138 - - [22/Oct/2021:10:43:43 +0800] "GET /xingrg/kc/buy/cgsh_order_operate.html?command=get_materiel&rest_code=00149&code=00101002041&supplier_code=00100039&order_time=2021-10-22 HTTP/1.1" 200 409
58.39.139.200 - - [22/Oct/2021:10:43:47 +0800] "GET /xingrg/all/function/internal_message.html?_=1634870623471&CODE_STATE=getMsg HTTP/1.1" 200 27
222.70.168.47 - - [22/Oct/2021:10:43:48 +0800] "POST /xingrg/kc/buy/cgsh_order_operate.html HTTP/1.1" 200 37
58.40.7.146 - - [22/Oct/2021:10:43:48 +0800] "GET /xingrg/all/function/internal_message.html?_=1634870624068&CODE_STATE=getMsg HTTP/1.1" 200 27
124.78.153.86 - - [22/Oct/2021:10:43:49 +0800] "GET /xingrg/kc/buy/cgsh_order_operate.html?command=get_materiel&rest_code=00106&code=00101008353&supplier_code=00100007&order_time=2021-10-22 HTTP/1.1" 200 408
222.70.168.47 - - [22/Oct/2021:10:43:49 +0800] "POST /xingrg/kc/buy/cgsh_order_operate.html HTTP/1.1" 200 3838
124.78.153.86 - - [22/Oct/2021:10:43:50 +0800] "GET /xingrg/kc/base/wldb_order_operate.html?command=get_materiel&rest_code=00106&base_code=0010396&code=00101010057 HTTP/1.1" 200 440
124.78.153.86 - - [22/Oct/2021:10:43:51 +0800] "GET /xingrg/all/function/internal_message.html?_=1634870622983&CODE_STATE=getMsg HTTP/1.1" 200 27
222.70.168.47 - - [22/Oct/2021:10:43:52 +0800] "GET /xingrg/kc/print/load_data.html?order_code=212021102209540&kc_code=cgsh&condition= HTTP/1.1" 200 1123
124.78.153.86 - - [22/Oct/2021:10:43:55 +0800] "GET /xingrg/kc/buy/cgsh_order_operate.html?command=get_materiel&rest_code=00106&code=00101008213&supplier_code=00100007&order_time=2021-10-22 HTTP/1.1" 200 412
180.161.71.227 - - [22/Oct/2021:10:43:56 +0800] "GET /xingrg/kc/mdqp/psth_order_list1.html HTTP/1.1" 200 18009
180.161.71.227 - - [22/Oct/2021:10:43:57 +0800] "POST /xingrg/kc/mdqp/psth_list_operate.html HTTP/1.1" 200 749
114.83.219.138 - - [22/Oct/2021:10:43:57 +0800] "GET /xingrg/kc/buy/cgsh_order_operate.html?command=get_materiel&rest_code=00149&code=00101001044&supplier_code=00100039&order_time=2021-10-22 HTTP/1.1" 200 411
101.85.106.134 - - [22/Oct/2021:10:43:58 +0800] "GET /xingrg/all/function/internal_message.html?_=1634870634135&CODE_STATE=getMsg HTTP/1.1" 200 27
180.161.71.227 - - [22/Oct/2021:10:44:00 +0800] "POST /xingrg/kc/mdqp/psth_list_operate.html HTTP/1.1" 200 1538
180.169.147.146 - - [22/Oct/2021:10:44:01 +0800] "GET /xingrg/all/function/internal_message.html?_=1634870636671&CODE_STATE=getMsg HTTP/1.1" 200 27
180.161.71.227 - - [22/Oct/2021:10:44:02 +0800] "POST /xingrg/kc/mdqp/psth_list_operate.html HTTP/1.1" 200 220
180.161.71.227 - - [22/Oct/2021:10:44:02 +0800] "GET /xingrg/kc/mdqp/psth_order_info1.html?code=322021102100010 HTTP/1.1" 200 22421
180.161.71.227 - - [22/Oct/2021:10:44:02 +0800] "GET /xingrg/javascript/jquery_tools/jquery-1.4.2.min.js HTTP/1.1" 404 1094
124.78.153.86 - - [22/Oct/2021:10:44:02 +0800] "GET /xingrg/kc/buy/cgsh_order_operate.html?command=get_materiel&rest_code=00106&code=00101008272&supplier_code=00100007&order_time=2021-10-22 HTTP/1.1" 200 412
180.161.71.227 - - [22/Oct/2021:10:44:03 +0800] "POST /xingrg/kc/mdqp/psth_order_operate.html HTTP/1.1" 200 524
180.161.71.227 - - [22/Oct/2021:10:44:03 +0800] "GET /xingrg/javascript/easyui/themes/default/validatebox.css HTTP/1.1" 404 1104
124.78.153.86 - - [22/Oct/2021:10:44:05 +0800] "POST /xingrg/kc/buy/cgsh_order_operate.html HTTP/1.1" 200 2065
180.157.253.6 - - [22/Oct/2021:10:44:07 +0800] "GET /xingrg/all/function/internal_message.html?_=1634870642562&CODE_STATE=getMsg HTTP/1.1" 200 27
222.70.179.155 - - [22/Oct/2021:10:44:08 +0800] "GET /xingrg/all/function/internal_message.html?_=1634870635427&CODE_STATE=getMsg HTTP/1.1" 200 27
114.83.219.138 - - [22/Oct/2021:10:44:09 +0800] "GET /xingrg/all/function/internal_message.html?_=1634870645298&CODE_STATE=getMsg HTTP/1.1" 200 27
124.78.153.86 - - [22/Oct/2021:10:44:10 +0800] "GET /xingrg/kc/buy/cgsh_order_operate.html?command=get_materiel&rest_code=00106&code=00101008010&supplier_code=00100007&order_time=2021-10-22 HTTP/1.1" 200 412
114.83.219.138 - - [22/Oct/2021:10:44:11 +0800] "GET /xingrg/kc/buy/cgsh_order_operate.html?command=get_materiel&rest_code=00149&code=00101010161&supplier_code=00100039&order_time=2021-10-22 HTTP/1.1" 200 409
222.70.168.47 - - [22/Oct/2021:10:44:14 +0800] "GET /xingrg/kc/buy/cgsh_order_add.html HTTP/1.1" 200 64685
222.70.168.47 - - [22/Oct/2021:10:44:15 +0800] "POST /xingrg/kc/buy/cgsh_order_operate.html HTTP/1.1" 200 8245
222.70.168.47 - - [22/Oct/2021:10:44:15 +0800] "GET /xingrg/javascript/easyui/themes/default/validatebox.css HTTP/1.1" 404 1104
124.78.153.86 - - [22/Oct/2021:10:44:16 +0800] "GET /xingrg/kc/buy/cgsh_order_operate.html?command=get_materiel&rest_code=00106&code=00101008312&supplier_code=00100007&order_time=2021-10-22 HTTP/1.1" 200 412
116.227.210.113 - - [22/Oct/2021:10:44:16 +0800] "GET /xingrg/all/function/internal_message.html?_=1634870649770&CODE_STATE=getMsg HTTP/1.1" 200 27
180.161.71.227 - - [22/Oct/2021:10:44:18 +0800] "GET /xingrg/kc/buy/cgsh_order_list.html HTTP/1.1" 200 48941
180.161.71.227 - - [22/Oct/2021:10:44:20 +0800] "POST /xingrg/kc/buy/cgsh_list_operate.html HTTP/1.1" 200 1679
180.161.71.227 - - [22/Oct/2021:10:44:22 +0800] "POST /xingrg/kc/buy/cgsh_list_operate.html HTTP/1.1" 200 574
116.232.52.221 - - [22/Oct/2021:10:44:23 +0800] "GET /xingrg/all/function/internal_message.html?_=1634870660915&CODE_STATE=getMsg HTTP/1.1" 200 27
116.232.52.221 - - [22/Oct/2021:10:44:23 +0800] "GET /xingrg/check_reg.html?_=1634870660917 HTTP/1.1" 200 22
124.78.153.86 - - [22/Oct/2021:10:44:24 +0800] "POST /xingrg/kc/buy/cgsh_order_operate.html HTTP/1.1" 200 37
120.253.135.82 - - [22/Oct/2021:10:44:27 +0800] "GET /xingrg/all/function/internal_message.html?_=1634870640685&CODE_STATE=getMsg HTTP/1.1" 200 27
180.161.71.227 - - [22/Oct/2021:10:44:28 +0800] "GET /xingrg/kc/buy/cgsh_order_info.html?code=212021102209527 HTTP/1.1" 200 64647
58.37.227.186 - - [22/Oct/2021:10:44:28 +0800] "GET /xingrg/all/function/internal_message.html?_=1634870508344&CODE_STATE=getMsg HTTP/1.1" 200 27
180.161.71.227 - - [22/Oct/2021:10:44:28 +0800] "GET /xingrg/javascript/easyui/themes/default/validatebox.css HTTP/1.1" 404 1104
180.161.71.227 - - [22/Oct/2021:10:44:28 +0800] "POST /xingrg/kc/buy/cgsh_order_operate.html HTTP/1.1" 200 7979
120.253.135.82 - - [22/Oct/2021:10:44:29 +0800] "GET /xingrg/all/function/internal_message.html?_=1634870434626&CODE_STATE=getMsg HTTP/1.1" 200 27
114.83.219.138 - - [22/Oct/2021:10:44:29 +0800] "GET /xingrg/kc/buy/cgsh_order_operate.html?command=get_materiel&rest_code=00149&code=00101001061&supplier_code=00100039&order_time=2021-10-22 HTTP/1.1" 200 417
180.169.147.146 - - [22/Oct/2021:10:44:29 +0800] "GET /xingrg/all/function/internal_message.html?_=1634870661852&CODE_STATE=getMsg HTTP/1.1" 200 27
180.169.147.146 - - [22/Oct/2021:10:44:30 +0800] "GET /xingrg/check_reg.html?_=1634870662884 HTTP/1.1" 200 22
222.70.168.47 - - [22/Oct/2021:10:44:36 +0800] "GET /xingrg/all/function/internal_message.html?_=1634870690045&CODE_STATE=getMsg HTTP/1.1" 200 27
124.78.153.86 - - [22/Oct/2021:10:44:38 +0800] "GET /xingrg/all/function/internal_message.html?_=1634870672423&CODE_STATE=getMsg HTTP/1.1" 200 27
222.70.168.47 - - [22/Oct/2021:10:44:38 +0800] "GET /xingrg/kc/buy/cgsh_order_operate.html?command=get_materiel&rest_code=00146&code=00101007081&supplier_code=00100002&order_time=2021-10-22 HTTP/1.1" 200 413
180.161.71.227 - - [22/Oct/2021:10:44:39 +0800] "GET /xingrg/all/function/internal_message.html?_=1634870660979&CODE_STATE=getMsg HTTP/1.1" 200 27
116.238.248.233 - - [22/Oct/2021:10:44:39 +0800] "GET /xingrg/all/function/internal_message.html?_=1634870672578&CODE_STATE=getMsg HTTP/1.1" 200 27
101.85.55.123 - - [22/Oct/2021:10:44:39 +0800] "GET /xingrg/all/function/internal_message.html?_=1634870667918&CODE_STATE=getMsg HTTP/1.1" 200 27
124.78.153.86 - - [22/Oct/2021:10:44:45 +0800] "GET /xingrg/javascript/jquery_easy_ui/themes/default/images/tabs_active.png HTTP/1.1" 304 -
61.151.207.141 - - [22/Oct/2021:10:44:46 +0800] "GET /xingrg/kc/buy/cgsh_order_operate.html?command=get_materiel&rest_code=00106&code=00101008353&supplier_code=00100007&order_time=2021-10-22 HTTP/1.1" 302 -
61.151.207.141 - - [22/Oct/2021:10:44:47 +0800] "GET /xingrg/login.html HTTP/1.1" 200 7641
58.39.139.200 - - [22/Oct/2021:10:44:47 +0800] "GET /xingrg/all/function/internal_message.html?_=1634870683452&CODE_STATE=getMsg HTTP/1.1" 200 27
58.40.7.146 - - [22/Oct/2021:10:44:48 +0800] "GET /xingrg/all/function/internal_message.html?_=1634870684070&CODE_STATE=getMsg HTTP/1.1" 200 27
58.40.7.146 - - [22/Oct/2021:10:44:48 +0800] "GET /xingrg/check_reg.html?_=1634870684072 HTTP/1.1" 200 22
114.83.219.138 - - [22/Oct/2021:10:44:53 +0800] "GET /xingrg/kc/buy/cgsh_order_operate.html?command=get_materiel&rest_code=00149&code=00101005037&supplier_code=00100039&order_time=2021-10-22 HTTP/1.1" 200 409
222.70.168.47 - - [22/Oct/2021:10:44:53 +0800] "GET /xingrg/kc/buy/cgsh_order_operate.html?command=get_materiel&rest_code=00146&code=00101007061&supplier_code=00100002&order_time=2021-10-22 HTTP/1.1" 200 409
101.85.106.134 - - [22/Oct/2021:10:44:58 +0800] "GET /xingrg/all/function/internal_message.html?_=1634870694159&CODE_STATE=getMsg HTTP/1.1" 200 27
124.78.153.86 - - [22/Oct/2021:10:45:00 +0800] "GET /xingrg/all/function/internal_message.html?_=1634870692130&CODE_STATE=getMsg HTTP/1.1" 200 27
124.78.153.86 - - [22/Oct/2021:10:45:01 +0800] "POST /xingrg/kc/buy/cgsh_order_operate.html HTTP/1.1" 200 14454
180.169.147.146 - - [22/Oct/2021:10:45:01 +0800] "GET /xingrg/check_reg.html?_=1634870696679 HTTP/1.1" 200 22
180.169.147.146 - - [22/Oct/2021:10:45:01 +0800] "GET /xingrg/all/function/internal_message.html?_=1634870696682&CODE_STATE=getMsg HTTP/1.1" 200 27
180.161.71.227 - - [22/Oct/2021:10:45:06 +0800] "GET /xingrg/check_reg.html?_=1634870688284 HTTP/1.1" 200 22
180.157.253.6 - - [22/Oct/2021:10:45:07 +0800] "GET /xingrg/all/function/internal_message.html?_=1634870702562&CODE_STATE=getMsg HTTP/1.1" 200 27
222.70.179.155 - - [22/Oct/2021:10:45:08 +0800] "GET /xingrg/all/function/internal_message.html?_=1634870695411&CODE_STATE=getMsg HTTP/1.1" 200 27
58.221.95.50 - - [22/Oct/2021:10:45:08 +0800] "GET /xingrg/check_reg.html?_=1634870704516 HTTP/1.1" 302 -
114.83.219.138 - - [22/Oct/2021:10:45:09 +0800] "GET /xingrg/all/function/internal_message.html?_=1634870705301&CODE_STATE=getMsg HTTP/1.1" 200 27
222.70.168.47 - - [22/Oct/2021:10:45:10 +0800] "GET /xingrg/kc/buy/cgsh_order_operate.html?command=get_materiel&rest_code=00146&code=00101007049&supplier_code=00100002&order_time=2021-10-22 HTTP/1.1" 200 409
124.78.153.86 - - [22/Oct/2021:10:45:12 +0800] "GET /xingrg/kc/buy/cgsh_order_operate.html?command=get_materiel&rest_code=00106&code=00101008224&supplier_code=00100007&order_time=2021-10-22 HTTP/1.1" 200 416
116.227.210.113 - - [22/Oct/2021:10:45:16 +0800] "GET /xingrg/all/function/internal_message.html?_=1634870709760&CODE_STATE=getMsg HTTP/1.1" 200 27
114.83.219.138 - - [22/Oct/2021:10:45:18 +0800] "GET /xingrg/kc/buy/cgsh_order_operate.html?command=get_materiel&rest_code=00149&code=00101001010&supplier_code=00100039&order_time=2021-10-22 HTTP/1.1" 200 409
116.232.52.221 - - [22/Oct/2021:10:45:23 +0800] "GET /xingrg/all/function/internal_message.html?_=1634870720917&CODE_STATE=getMsg HTTP/1.1" 200 27
124.78.153.86 - - [22/Oct/2021:10:45:23 +0800] "GET /xingrg/kc/buy/cgsh_order_operate.html?command=get_materiel&rest_code=00106&code=00101008148&supplier_code=00100007&order_time=2021-10-22 HTTP/1.1" 200 416
222.70.168.47 - - [22/Oct/2021:10:45:26 +0800] "GET /xingrg/kc/buy/cgsh_order_operate.html?command=get_materiel&rest_code=00146&code=00101007032&supplier_code=00100002&order_time=2021-10-22 HTTP/1.1" 200 413
120.253.135.82 - - [22/Oct/2021:10:45:27 +0800] "GET /xingrg/all/function/internal_message.html?_=1634870700721&CODE_STATE=getMsg HTTP/1.1" 200 27
58.37.227.186 - - [22/Oct/2021:10:45:28 +0800] "GET /xingrg/all/function/internal_message.html?_=1634870568342&CODE_STATE=getMsg HTTP/1.1" 200 27
120.253.135.82 - - [22/Oct/2021:10:45:29 +0800] "GET /xingrg/all/function/internal_message.html?_=1634870494631&CODE_STATE=getMsg HTTP/1.1" 200 27
180.169.147.146 - - [22/Oct/2021:10:45:29 +0800] "GET /xingrg/all/function/internal_message.html?_=1634870721832&CODE_STATE=getMsg HTTP/1.1" 200 27
124.78.153.86 - - [22/Oct/2021:10:45:30 +0800] "GET /xingrg/kc/buy/cgsh_order_operate.html?command=get_materiel&rest_code=00106&code=00101008003&supplier_code=00100007&order_time=2021-10-22 HTTP/1.1" 200 408
124.78.153.86 - - [22/Oct/2021:10:45:35 +0800] "POST /xingrg/kc/base/wldb_order_operate.html HTTP/1.1" 200 37
124.78.153.86 - - [22/Oct/2021:10:45:35 +0800] "POST /xingrg/kc/base/wldb_order_operate.html HTTP/1.1" 200 10224
116.238.248.233 - - [22/Oct/2021:10:45:36 +0800] "POST /xingrg/all/user/operate.html HTTP/1.1" 200 36
116.238.248.233 - - [22/Oct/2021:10:45:36 +0800] "GET /xingrg/javascript/jquery_easy_ui/themes/default/easyui.css HTTP/1.1" 304 -
116.238.248.233 - - [22/Oct/2021:10:45:36 +0800] "GET /xingrg/index.html?sysBaseUrl=http%3A%2F%2F180.169.147.146%3A18081%2Fxingrg%2F&costTime=42×tamp=1634804594411 HTTP/1.1" 200 17179
116.238.248.233 - - [22/Oct/2021:10:45:36 +0800] "GET /xingrg/javascript/jquery_easy_ui/themes/icon.css HTTP/1.1" 304 -
116.238.248.233 - - [22/Oct/2021:10:45:36 +0800] "GET /xingrg/css/form.css HTTP/1.1" 304 -
116.238.248.233 - - [22/Oct/2021:10:45:36 +0800] "GET /xingrg/javascript/jquery-1.4.2.min.js HTTP/1.1" 304 -
116.238.248.233 - - [22/Oct/2021:10:45:36 +0800] "GET /xingrg/javascript/jquery_easy_ui/jquery.easyui.min.js HTTP/1.1" 304 -
116.238.248.233 - - [22/Oct/2021:10:45:36 +0800] "GET /xingrg/javascript/jquery_easy_ui/easyui-lang-zh_CN.js HTTP/1.1" 304 -
116.238.248.233 - - [22/Oct/2021:10:45:36 +0800] "GET /xingrg/javascript/jquery.form.js HTTP/1.1" 304 -
116.238.248.233 - - [22/Oct/2021:10:45:36 +0800] "GET /xingrg/javascript/jquery.utils.js HTTP/1.1" 304 -
116.238.248.233 - - [22/Oct/2021:10:45:36 +0800] "GET /xingrg/javascript/jquery.timers.js HTTP/1.1" 304 -
116.238.248.233 - - [22/Oct/2021:10:45:36 +0800] "GET /xingrg/images/blue/jxLogo.png HTTP/1.1" 304 -
116.238.248.233 - - [22/Oct/2021:10:45:36 +0800] "GET /xingrg/images/blue/navBackgound.jpg HTTP/1.1" 304 -
116.238.248.233 - - [22/Oct/2021:10:45:36 +0800] "GET /xingrg/javascript/jquery_easy_ui/themes/icons/settle_new.png HTTP/1.1" 304 -
116.238.248.233 - - [22/Oct/2021:10:45:36 +0800] "POST /xingrg/all/common/load_tree.html?tree=area_rest_tree_json&manage=1 HTTP/1.1" 200 476
116.238.248.233 - - [22/Oct/2021:10:45:36 +0800] "GET /xingrg/all/function/internal_message.html?_=1634870729725&CODE_STATE=count HTTP/1.1" 200 11
116.238.248.233 - - [22/Oct/2021:10:45:36 +0800] "GET /xingrg/check_reg.html?_=1634870729728 HTTP/1.1" 200 22
124.78.153.86 - - [22/Oct/2021:10:45:36 +0800] "GET /xingrg/kc/base/wldb_order_info.html?code=422021102202255 HTTP/1.1" 200 30453
116.238.248.233 - - [22/Oct/2021:10:45:36 +0800] "GET /xingrg/javascript/jquery_easy_ui/themes/default/images/tabs_leftarrow.png HTTP/1.1" 304 -
116.238.248.233 - - [22/Oct/2021:10:45:36 +0800] "GET /xingrg/images/blue/pingpu.png HTTP/1.1" 304 -
116.238.248.233 - - [22/Oct/2021:10:45:36 +0800] "GET /xingrg/javascript/jquery_easy_ui/themes/default/images/panel_tool_collapse.gif HTTP/1.1" 304 -
116.238.248.233 - - [22/Oct/2021:10:45:36 +0800] "GET /xingrg/javascript/jquery_easy_ui/themes/default/images/tabs_rightarrow.png HTTP/1.1" 304 -
116.238.248.233 - - [22/Oct/2021:10:45:36 +0800] "POST /xingrg/load_menu.html HTTP/1.1" 200 5138
222.70.168.47 - - [22/Oct/2021:10:45:36 +0800] "GET /xingrg/all/function/internal_message.html?_=1634870750060&CODE_STATE=getMsg HTTP/1.1" 200 27
124.78.153.86 - - [22/Oct/2021:10:45:37 +0800] "GET /xingrg/javascript/easyui/themes/default/validatebox.css HTTP/1.1" 404 1104
124.78.153.86 - - [22/Oct/2021:10:45:37 +0800] "POST /xingrg/kc/base/wldb_order_operate.html HTTP/1.1" 200 10224
124.78.153.86 - - [22/Oct/2021:10:45:38 +0800] "GET /xingrg/all/function/internal_message.html?_=1634870732460&CODE_STATE=getMsg HTTP/1.1" 200 27
180.161.71.227 - - [22/Oct/2021:10:45:39 +0800] "GET /xingrg/all/function/internal_message.html?_=1634870720992&CODE_STATE=getMsg HTTP/1.1" 200 27
124.78.153.86 - - [22/Oct/2021:10:45:39 +0800] "POST /xingrg/kc/buy/cgsh_order_operate.html HTTP/1.1" 200 2065
101.85.55.123 - - [22/Oct/2021:10:45:39 +0800] "GET /xingrg/all/function/internal_message.html?_=1634870727925&CODE_STATE=getMsg HTTP/1.1" 200 27
101.85.55.123 - - [22/Oct/2021:10:45:39 +0800] "GET /xingrg/check_reg.html?_=1634870727928 HTTP/1.1" 200 22
124.78.153.86 - - [22/Oct/2021:10:45:44 +0800] "GET /xingrg/kc/buy/cgsh_order_operate.html?command=get_materiel&rest_code=00106&code=00101008169&supplier_code=00100007&order_time=2021-10-22 HTTP/1.1" 200 412
222.70.168.47 - - [22/Oct/2021:10:45:44 +0800] "GET /xingrg/kc/buy/cgsh_order_operate.html?command=get_materiel&rest_code=00146&code=00101007077&supplier_code=00100002&order_time=2021-10-22 HTTP/1.1" 200 415
124.78.153.86 - - [22/Oct/2021:10:45:47 +0800] "GET /xingrg/kc/base/wldb_order_add.html HTTP/1.1" 200 30438
124.78.153.86 - - [22/Oct/2021:10:45:47 +0800] "POST /xingrg/kc/base/wldb_order_operate.html HTTP/1.1" 200 6806
124.78.153.86 - - [22/Oct/2021:10:45:47 +0800] "GET /xingrg/javascript/easyui/themes/default/validatebox.css HTTP/1.1" 404 1104
58.39.139.200 - - [22/Oct/2021:10:45:47 +0800] "GET /xingrg/all/function/internal_message.html?_=1634870743420&CODE_STATE=getMsg HTTP/1.1" 200 27
58.40.7.146 - - [22/Oct/2021:10:45:48 +0800] "GET /xingrg/all/function/internal_message.html?_=1634870744072&CODE_STATE=getMsg HTTP/1.1" 200 27
124.78.153.86 - - [22/Oct/2021:10:45:48 +0800] "POST /xingrg/all/common/load_combo.html?type=base HTTP/1.1" 200 3142
124.78.153.86 - - [22/Oct/2021:10:45:51 +0800] "GET /xingrg/check_reg.html?_=1634870743022 HTTP/1.1" 200 22
124.78.153.86 - - [22/Oct/2021:10:45:51 +0800] "GET /xingrg/kc/buy/cgsh_order_operate.html?command=get_materiel&rest_code=00106&code=00101020349&supplier_code=00100007&order_time=2021-10-22 HTTP/1.1" 200 395
124.78.153.86 - - [22/Oct/2021:10:45:52 +0800] "POST /xingrg/all/common/load_combo.html?type=base HTTP/1.1" 200 3142
101.85.106.134 - - [22/Oct/2021:10:45:58 +0800] "GET /xingrg/check_reg.html?_=1634870754159 HTTP/1.1" 200 22
101.85.106.134 - - [22/Oct/2021:10:45:58 +0800] "GET /xingrg/all/function/internal_message.html?_=1634870754162&CODE_STATE=getMsg HTTP/1.1" 200 27
114.83.219.138 - - [22/Oct/2021:10:45:59 +0800] "POST /xingrg/kc/buy/cgsh_order_operate.html HTTP/1.1" 200 37
124.78.153.86 - - [22/Oct/2021:10:45:59 +0800] "GET /xingrg/kc/buy/cgsh_order_operate.html?command=get_materiel&rest_code=00106&code=00101008281&supplier_code=00100007&order_time=2021-10-22 HTTP/1.1" 200 412
124.78.153.86 - - [22/Oct/2021:10:46:00 +0800] "GET /xingrg/all/function/internal_message.html?_=1634870752142&CODE_STATE=getMsg HTTP/1.1" 200 27
180.169.147.146 - - [22/Oct/2021:10:46:01 +0800] "GET /xingrg/all/function/internal_message.html?_=1634870756685&CODE_STATE=getMsg HTTP/1.1" 200 27
222.70.168.47 - - [22/Oct/2021:10:46:02 +0800] "POST /xingrg/kc/buy/cgsh_order_operate.html HTTP/1.1" 200 37
58.39.139.200 - - [22/Oct/2021:10:46:05 +0800] "GET /xingrg/kc/mdqp/pssh_order_list.html HTTP/1.1" 200 17907
58.39.139.200 - - [22/Oct/2021:10:46:05 +0800] "POST /xingrg/kc/mdqp/pssh_list_operate.html HTTP/1.1" 200 5282
114.83.219.138 - - [22/Oct/2021:10:46:05 +0800] "POST /xingrg/kc/buy/cgsh_order_operate.html HTTP/1.1" 200 12
222.70.168.47 - - [22/Oct/2021:10:46:06 +0800] "POST /xingrg/kc/buy/cgsh_order_operate.html HTTP/1.1" 200 5018
180.157.253.6 - - [22/Oct/2021:10:46:07 +0800] "GET /xingrg/all/function/internal_message.html?_=1634870762562&CODE_STATE=getMsg HTTP/1.1" 200 27
58.39.139.200 - - [22/Oct/2021:10:46:08 +0800] "POST /xingrg/kc/mdqp/pssh_list_operate.html HTTP/1.1" 200 574
222.70.179.155 - - [22/Oct/2021:10:46:08 +0800] "GET /xingrg/all/function/internal_message.html?_=1634870755395&CODE_STATE=getMsg HTTP/1.1" 200 27
222.70.168.47 - - [22/Oct/2021:10:46:09 +0800] "GET /xingrg/kc/print/load_data.html?order_code=212021102209543&kc_code=cgsh&condition= HTTP/1.1" 200 1654
124.78.153.86 - - [22/Oct/2021:10:46:09 +0800] "GET /xingrg/kc/buy/cgsh_order_operate.html?command=get_materiel&rest_code=00106&code=00101008239&supplier_code=00100007&order_time=2021-10-22 HTTP/1.1" 200 416
114.83.219.138 - - [22/Oct/2021:10:46:09 +0800] "GET /xingrg/all/function/internal_message.html?_=1634870765363&CODE_STATE=getMsg HTTP/1.1" 200 27
114.83.219.138 - - [22/Oct/2021:10:46:09 +0800] "GET /xingrg/kc/buy/cgsh_order_info.html?code=212021102209542 HTTP/1.1" 200 59641
114.83.219.138 - - [22/Oct/2021:10:46:09 +0800] "GET /xingrg/javascript/easyui/themes/default/validatebox.css HTTP/1.1" 404 1104
58.39.139.200 - - [22/Oct/2021:10:46:09 +0800] "POST /xingrg/kc/mdqp/pssh_list_operate.html HTTP/1.1" 200 739
114.83.219.138 - - [22/Oct/2021:10:46:10 +0800] "POST /xingrg/kc/buy/cgsh_order_operate.html HTTP/1.1" 200 3571
58.39.139.200 - - [22/Oct/2021:10:46:11 +0800] "GET /xingrg/kc/mdqp/pssh_order_info.html?code=312021102100519 HTTP/1.1" 200 17271
58.39.139.200 - - [22/Oct/2021:10:46:12 +0800] "GET /xingrg/javascript/jquery_tools/jquery-1.4.2.min.js HTTP/1.1" 404 1094
58.39.139.200 - - [22/Oct/2021:10:46:12 +0800] "GET /xingrg/javascript/easyui/themes/icons/back_new.png HTTP/1.1" 304 -
114.83.219.138 - - [22/Oct/2021:10:46:12 +0800] "GET /xingrg/kc/print/load_data.html?order_code=212021102209542&kc_code=cgsh&condition= HTTP/1.1" 200 1850
58.39.139.200 - - [22/Oct/2021:10:46:12 +0800] "GET /xingrg/all/common/auto_word.html?type=base&rest_code=00105&rest_code=00105 HTTP/1.1" 200 1811
58.39.139.200 - - [22/Oct/2021:10:46:12 +0800] "GET /xingrg/javascript/easyui/themes/default/validatebox.css HTTP/1.1" 404 1104
58.39.139.200 - - [22/Oct/2021:10:46:12 +0800] "POST /xingrg/kc/mdqp/pssh_order_operate.html HTTP/1.1" 200 10450
124.78.153.86 - - [22/Oct/2021:10:46:15 +0800] "GET /xingrg/kc/buy/cgsh_order_operate.html?command=get_materiel&rest_code=00106&code=00101008036&supplier_code=00100007&order_time=2021-10-22 HTTP/1.1" 200 408
222.70.168.47 - - [22/Oct/2021:10:46:16 +0800] "GET /xingrg/check_reg.html?_=1634870789637 HTTP/1.1" 200 22
116.227.210.113 - - [22/Oct/2021:10:46:16 +0800] "GET /xingrg/all/function/internal_message.html?_=1634870769764&CODE_STATE=getMsg HTTP/1.1" 200 27
114.83.219.138 - - [22/Oct/2021:10:46:17 +0800] "GET /xingrg/kc/buy/cgsh_order_add.html HTTP/1.1" 200 64732
114.83.219.138 - - [22/Oct/2021:10:46:17 +0800] "POST /xingrg/kc/buy/cgsh_order_operate.html HTTP/1.1" 200 8245
114.83.219.138 - - [22/Oct/2021:10:46:17 +0800] "GET /xingrg/javascript/easyui/themes/default/validatebox.css HTTP/1.1" 404 1104
124.78.153.86 - - [22/Oct/2021:10:46:19 +0800] "POST /xingrg/kc/buy/cgsh_order_operate.html HTTP/1.1" 200 2065
116.232.52.221 - - [22/Oct/2021:10:46:23 +0800] "GET /xingrg/all/function/internal_message.html?_=1634870780919&CODE_STATE=getMsg HTTP/1.1" 200 27
222.70.168.47 - - [22/Oct/2021:10:46:25 +0800] "GET /xingrg/kc/buy/cgsh_order_add.html HTTP/1.1" 200 64685
124.78.153.86 - - [22/Oct/2021:10:46:26 +0800] "POST /xingrg/kc/buy/cgsh_order_operate.html HTTP/1.1" 200 37
222.70.168.47 - - [22/Oct/2021:10:46:26 +0800] "POST /xingrg/kc/buy/cgsh_order_operate.html HTTP/1.1" 200 8245
222.70.168.47 - - [22/Oct/2021:10:46:26 +0800] "GET /xingrg/javascript/easyui/themes/default/validatebox.css HTTP/1.1" 404 1104
120.253.135.82 - - [22/Oct/2021:10:46:27 +0800] "GET /xingrg/all/function/internal_message.html?_=1634870760727&CODE_STATE=getMsg HTTP/1.1" 200 27
58.37.227.186 - - [22/Oct/2021:10:46:28 +0800] "GET /xingrg/check_reg.html?_=1634870628342 HTTP/1.1" 200 22
58.37.227.186 - - [22/Oct/2021:10:46:28 +0800] "GET /xingrg/all/function/internal_message.html?_=1634870628341&CODE_STATE=getMsg HTTP/1.1" 200 27
120.253.135.82 - - [22/Oct/2021:10:46:29 +0800] "GET /xingrg/all/function/internal_message.html?_=1634870554701&CODE_STATE=getMsg HTTP/1.1" 200 27
180.169.147.146 - - [22/Oct/2021:10:46:29 +0800] "GET /xingrg/all/function/internal_message.html?_=1634870781802&CODE_STATE=getMsg HTTP/1.1" 200 27
116.238.248.233 - - [22/Oct/2021:10:46:36 +0800] "GET /xingrg/all/function/internal_message.html?_=1634870789757&CODE_STATE=getMsg HTTP/1.1" 200 27
222.70.168.47 - - [22/Oct/2021:10:46:36 +0800] "GET /xingrg/all/function/internal_message.html?_=1634870810073&CODE_STATE=getMsg HTTP/1.1" 200 27
124.78.153.86 - - [22/Oct/2021:10:46:38 +0800] "GET /xingrg/all/function/internal_message.html?_=1634870792461&CODE_STATE=getMsg HTTP/1.1" 200 27
114.83.219.138 - - [22/Oct/2021:10:46:38 +0800] "GET /xingrg/kc/buy/cgsh_order_operate.html?command=get_materiel&rest_code=00149&code=00101009049&supplier_code=00100201&order_time=2021-10-22 HTTP/1.1" 200 416
180.161.71.227 - - [22/Oct/2021:10:46:39 +0800] "GET /xingrg/all/function/internal_message.html?_=1634870781006&CODE_STATE=getMsg HTTP/1.1" 200 27
101.85.55.123 - - [22/Oct/2021:10:46:39 +0800] "GET /xingrg/all/function/internal_message.html?_=1634870787931&CODE_STATE=getMsg HTTP/1.1" 200 27
124.78.153.86 - - [22/Oct/2021:10:46:43 +0800] "POST /xingrg/kc/buy/cgsh_order_operate.html HTTP/1.1" 200 19799
58.39.139.200 - - [22/Oct/2021:10:46:46 +0800] "GET /xingrg/kc/mdqp/qqps_order_list.html HTTP/1.1" 200 9222
58.39.139.200 - - [22/Oct/2021:10:46:46 +0800] "GET /xingrg/dwr/interface/AjaxReportQueryService.js HTTP/1.1" 200 13203
58.39.139.200 - - [22/Oct/2021:10:46:46 +0800] "GET /xingrg/javascript/Calendar.js HTTP/1.1" 304 -
58.39.139.200 - - [22/Oct/2021:10:46:46 +0800] "GET /xingrg/javascript/ToolTips.js HTTP/1.1" 304 -
58.39.139.200 - - [22/Oct/2021:10:46:46 +0800] "GET /xingrg/dwr/interface/AjaxQqpsService.js HTTP/1.1" 200 16326
58.39.139.200 - - [22/Oct/2021:10:46:46 +0800] "GET /xingrg/dwr/util.js HTTP/1.1" 200 35990
58.39.139.200 - - [22/Oct/2021:10:46:46 +0800] "GET /xingrg/dwr/engine.js HTTP/1.1" 200 43631
58.39.139.200 - - [22/Oct/2021:10:46:46 +0800] "GET /xingrg/javascript/jquery_easy_ui/themes/icons/edit_add_new.png HTTP/1.1" 304 -
58.39.139.200 - - [22/Oct/2021:10:46:46 +0800] "GET /xingrg/javascript/jquery_easy_ui/themes/icons/check_new.png HTTP/1.1" 304 -
58.39.139.200 - - [22/Oct/2021:10:46:46 +0800] "GET /xingrg/javascript/jquery_easy_ui/themes/icons/cance_new.png HTTP/1.1" 304 -
58.39.139.200 - - [22/Oct/2021:10:46:46 +0800] "GET /xingrg/javascript/jquery_easy_ui/themes/icons/uncheck_new.png HTTP/1.1" 304 -
58.39.139.200 - - [22/Oct/2021:10:46:47 +0800] "GET /xingrg/all/function/internal_message.html?_=1634870803403&CODE_STATE=getMsg HTTP/1.1" 200 27
58.40.7.146 - - [22/Oct/2021:10:46:48 +0800] "GET /xingrg/all/function/internal_message.html?_=1634870804076&CODE_STATE=getMsg HTTP/1.1" 200 27
114.83.219.138 - - [22/Oct/2021:10:46:49 +0800] "GET /xingrg/kc/buy/cgsh_order_operate.html?command=get_materiel&rest_code=00149&code=00101009062&supplier_code=00100201&order_time=2021-10-22 HTTP/1.1" 200 412
58.39.139.200 - - [22/Oct/2021:10:46:49 +0800] "GET /xingrg/kc/mdqp/qqps_order_list.html?isQuery=1&timeSelect=1&orderTime=day&startTime=2021-10-20&endTime=2021-10-22&state=all&query=%C8%B7++%B6%A8 HTTP/1.1" 200 10998
58.39.139.200 - - [22/Oct/2021:10:46:50 +0800] "GET /xingrg/dwr/interface/AjaxReportQueryService.js HTTP/1.1" 200 13203
58.39.139.200 - - [22/Oct/2021:10:46:50 +0800] "GET /xingrg/dwr/interface/AjaxQqpsService.js HTTP/1.1" 200 16326
58.39.139.200 - - [22/Oct/2021:10:46:50 +0800] "GET /xingrg/dwr/engine.js HTTP/1.1" 200 43631
58.39.139.200 - - [22/Oct/2021:10:46:52 +0800] "GET /xingrg/javascript/tools/jquery.qtip-1.0.0-rc3.min.js HTTP/1.1" 304 -
58.39.139.200 - - [22/Oct/2021:10:46:52 +0800] "GET /xingrg/dwr/interface/AjaxComOrderService.js HTTP/1.1" 200 18264
58.39.139.200 - - [22/Oct/2021:10:46:52 +0800] "GET /xingrg/kc/mdqp/qqps_order_info.html?code=302021102000416 HTTP/1.1" 200 26639
58.39.139.200 - - [22/Oct/2021:10:46:52 +0800] "GET /xingrg/javascript/AjaxInfoList.js HTTP/1.1" 304 -
58.39.139.200 - - [22/Oct/2021:10:46:52 +0800] "GET /xingrg/dwr/interface/AjaxQqpsService.js HTTP/1.1" 200 16326
58.39.139.200 - - [22/Oct/2021:10:46:52 +0800] "GET /xingrg/javascript/Grid.js HTTP/1.1" 304 -
58.39.139.200 - - [22/Oct/2021:10:46:52 +0800] "GET /xingrg/dwr/engine.js HTTP/1.1" 200 43631
58.39.139.200 - - [22/Oct/2021:10:46:52 +0800] "GET /xingrg/javascript/jquery_easy_ui/themes/icons/template_new.png HTTP/1.1" 304 -
58.39.139.200 - - [22/Oct/2021:10:46:52 +0800] "GET /xingrg/javascript/jquery_easy_ui/themes/icons/back_new.png HTTP/1.1" 304 -
58.39.139.200 - - [22/Oct/2021:10:46:52 +0800] "GET /xingrg/javascript/jquery_easy_ui/themes/default/images/menu_downarrow.png HTTP/1.1" 304 -
58.39.139.200 - - [22/Oct/2021:10:46:52 +0800] "GET /xingrg/javascript/jquery_easy_ui/themes/icons/print.png HTTP/1.1" 304 -
58.39.139.200 - - [22/Oct/2021:10:46:52 +0800] "GET /xingrg/javascript/jquery_easy_ui/themes/icons/copy_new.png HTTP/1.1" 304 -
58.39.139.200 - - [22/Oct/2021:10:46:52 +0800] "GET /xingrg/images/blue/wait.gif HTTP/1.1" 304 -
58.39.139.200 - - [22/Oct/2021:10:46:52 +0800] "GET /xingrg/images/blue/kc_tab_left.gif HTTP/1.1" 304 -
58.39.139.200 - - [22/Oct/2021:10:46:52 +0800] "GET /xingrg/javascript/jquery_easy_ui/themes/default/images/combo_arrow_dot.gif HTTP/1.1" 304 -
58.39.139.200 - - [22/Oct/2021:10:46:52 +0800] "GET /xingrg/images/blue/kc_tab_mid.gif HTTP/1.1" 304 -
58.39.139.200 - - [22/Oct/2021:10:46:52 +0800] "GET /xingrg/images/blue/kc_tab_right.gif HTTP/1.1" 304 -
58.39.139.200 - - [22/Oct/2021:10:46:52 +0800] "POST /xingrg/dwr/call/plaincall/AjaxQqpsService.loadMaterielItems.dwr HTTP/1.1" 200 6548
61.151.178.217 - - [22/Oct/2021:10:46:56 +0800] "GET /xingrg/kc/buy/cgsh_order_operate.html?command=get_materiel&rest_code=00106&code=00101008281&supplier_code=00100007&order_time=2021-10-22 HTTP/1.1" 302 -
61.151.178.217 - - [22/Oct/2021:10:46:56 +0800] "GET /xingrg/login.html HTTP/1.1" 200 7641
114.83.219.138 - - [22/Oct/2021:10:46:58 +0800] "GET /xingrg/kc/buy/cgsh_order_operate.html?command=get_materiel&rest_code=00149&code=00101009011&supplier_code=00100201&order_time=2021-10-22 HTTP/1.1" 200 416
101.85.106.134 - - [22/Oct/2021:10:46:58 +0800] "GET /xingrg/all/function/internal_message.html?_=1634870814161&CODE_STATE=getMsg HTTP/1.1" 200 27
124.78.153.86 - - [22/Oct/2021:10:47:00 +0800] "GET /xingrg/all/function/internal_message.html?_=1634870812185&CODE_STATE=getMsg HTTP/1.1" 200 27
124.78.153.86 - - [22/Oct/2021:10:47:00 +0800] "GET /xingrg/kc/buy/cgsh_order_operate.html?command=get_materiel&rest_code=00106&code=00101008354&supplier_code=00100007&order_time=2021-10-22 HTTP/1.1" 200 412
180.169.147.146 - - [22/Oct/2021:10:47:01 +0800] "GET /xingrg/all/function/internal_message.html?_=1634870816686&CODE_STATE=getMsg HTTP/1.1" 200 27
114.83.219.138 - - [22/Oct/2021:10:47:06 +0800] "GET /xingrg/kc/buy/cgsh_order_operate.html?command=get_materiel&rest_code=00149&code=00101009013&supplier_code=00100201&order_time=2021-10-22 HTTP/1.1" 200 420
180.157.253.6 - - [22/Oct/2021:10:47:07 +0800] "GET /xingrg/all/function/internal_message.html?_=1634870822562&CODE_STATE=getMsg HTTP/1.1" 200 27
222.70.179.155 - - [22/Oct/2021:10:47:08 +0800] "GET /xingrg/all/function/internal_message.html?_=1634870815380&CODE_STATE=getMsg HTTP/1.1" 200 27
124.78.153.86 - - [22/Oct/2021:10:47:08 +0800] "GET /xingrg/kc/buy/cgsh_order_operate.html?command=get_materiel&rest_code=00106&code=00101008186&supplier_code=00100007&order_time=2021-10-22 HTTP/1.1" 200 408
114.83.219.138 - - [22/Oct/2021:10:47:09 +0800] "GET /xingrg/check_reg.html?_=1634870825298 HTTP/1.1" 200 22
222.70.168.47 - - [22/Oct/2021:10:47:09 +0800] "GET /xingrg/kc/buy/cgsh_order_operate.html?command=get_materiel&rest_code=00146&code=00101011005&supplier_code=00100049&order_time=2021-10-22 HTTP/1.1" 200 428
114.83.219.138 - - [22/Oct/2021:10:47:09 +0800] "GET /xingrg/all/function/internal_message.html?_=1634870825349&CODE_STATE=getMsg HTTP/1.1" 200 27
116.227.210.113 - - [22/Oct/2021:10:47:16 +0800] "GET /xingrg/all/function/internal_message.html?_=1634870829780&CODE_STATE=getMsg HTTP/1.1" 200 27
124.78.153.86 - - [22/Oct/2021:10:47:17 +0800] "GET /xingrg/kc/buy/cgsh_order_operate.html?command=get_materiel&rest_code=00106&code=00101008096&supplier_code=00100007&order_time=2021-10-22 HTTP/1.1" 200 412
114.83.219.138 - - [22/Oct/2021:10:47:19 +0800] "GET /xingrg/kc/buy/cgsh_order_operate.html?command=get_materiel&rest_code=00149&code=00101009016&supplier_code=00100201&order_time=2021-10-22 HTTP/1.1" 200 412
114.85.125.222 - - [22/Oct/2021:10:47:21 +0800] "POST /xingrg/services/DataTransmitService HTTP/1.1" 200 524
116.232.52.221 - - [22/Oct/2021:10:47:23 +0800] "GET /xingrg/all/function/internal_message.html?_=1634870840921&CODE_STATE=getMsg HTTP/1.1" 200 27
120.253.135.82 - - [22/Oct/2021:10:47:26 +0800] "GET /xingrg/check_reg.html?_=1634870819679 HTTP/1.1" 200 22
120.253.135.82 - - [22/Oct/2021:10:47:27 +0800] "GET /xingrg/all/function/internal_message.html?_=1634870820742&CODE_STATE=getMsg HTTP/1.1" 200 27
120.253.135.82 - - [22/Oct/2021:10:47:27 +0800] "GET /xingrg/check_reg.html?_=1634870613180 HTTP/1.1" 200 22
58.37.227.186 - - [22/Oct/2021:10:47:28 +0800] "GET /xingrg/all/function/internal_message.html?_=1634870688342&CODE_STATE=getMsg HTTP/1.1" 200 27
114.83.219.138 - - [22/Oct/2021:10:47:28 +0800] "GET /xingrg/kc/buy/cgsh_order_operate.html?command=get_materiel&rest_code=00149&code=00101009007&supplier_code=00100201&order_time=2021-10-22 HTTP/1.1" 200 408
120.253.135.82 - - [22/Oct/2021:10:47:29 +0800] "GET /xingrg/all/function/internal_message.html?_=1634870614757&CODE_STATE=getMsg HTTP/1.1" 200 27
180.169.147.146 - - [22/Oct/2021:10:47:29 +0800] "GET /xingrg/all/function/internal_message.html?_=1634870841779&CODE_STATE=getMsg HTTP/1.1" 200 27
124.78.153.86 - - [22/Oct/2021:10:47:30 +0800] "POST /xingrg/kc/buy/cgsh_order_operate.html HTTP/1.1" 200 2065
222.70.168.47 - - [22/Oct/2021:10:47:33 +0800] "POST /xingrg/kc/buy/cgsh_order_operate.html HTTP/1.1" 200 37
124.78.153.86 - - [22/Oct/2021:10:47:35 +0800] "GET /xingrg/kc/buy/cgsh_order_operate.html?command=get_materiel&rest_code=00106&code=00101008356&supplier_code=00100007&order_time=2021-10-22 HTTP/1.1" 200 408
222.70.168.47 - - [22/Oct/2021:10:47:35 +0800] "POST /xingrg/kc/buy/cgsh_order_operate.html HTTP/1.1" 200 2654
116.238.248.233 - - [22/Oct/2021:10:47:36 +0800] "GET /xingrg/all/function/internal_message.html?_=1634870849735&CODE_STATE=getMsg HTTP/1.1" 200 27
222.70.168.47 - - [22/Oct/2021:10:47:36 +0800] "GET /xingrg/all/function/internal_message.html?_=1634870870086&CODE_STATE=getMsg HTTP/1.1" 200 27
58.39.139.200 - - [22/Oct/2021:10:47:36 +0800] "GET /xingrg/kc/mdqp/pssh_order_list.html HTTP/1.1" 200 17907
58.39.139.200 - - [22/Oct/2021:10:47:37 +0800] "POST /xingrg/kc/mdqp/pssh_list_operate.html HTTP/1.1" 200 5282
114.83.219.138 - - [22/Oct/2021:10:47:37 +0800] "POST /xingrg/kc/buy/cgsh_order_operate.html HTTP/1.1" 200 37
222.70.168.47 - - [22/Oct/2021:10:47:37 +0800] "GET /xingrg/kc/print/load_data.html?order_code=212021102209544&kc_code=cgsh&condition= HTTP/1.1" 200 723
124.78.153.86 - - [22/Oct/2021:10:47:38 +0800] "GET /xingrg/check_reg.html?_=1634870852453 HTTP/1.1" 200 22
124.78.153.86 - - [22/Oct/2021:10:47:38 +0800] "GET /xingrg/all/function/internal_message.html?_=1634870852456&CODE_STATE=getMsg HTTP/1.1" 200 27
58.39.139.200 - - [22/Oct/2021:10:47:39 +0800] "POST /xingrg/kc/mdqp/pssh_list_operate.html HTTP/1.1" 200 256
101.85.55.123 - - [22/Oct/2021:10:47:39 +0800] "GET /xingrg/all/function/internal_message.html?_=1634870847920&CODE_STATE=getMsg HTTP/1.1" 200 27
180.161.71.227 - - [22/Oct/2021:10:47:39 +0800] "GET /xingrg/all/function/internal_message.html?_=1634870841381&CODE_STATE=getMsg HTTP/1.1" 200 27
114.83.219.138 - - [22/Oct/2021:10:47:43 +0800] "POST /xingrg/kc/buy/cgsh_order_operate.html HTTP/1.1" 200 12
114.83.219.138 - - [22/Oct/2021:10:47:46 +0800] "GET /xingrg/kc/buy/cgsh_order_info.html?code=212021102209545 HTTP/1.1" 200 59641
114.83.219.138 - - [22/Oct/2021:10:47:47 +0800] "GET /xingrg/javascript/easyui/themes/default/validatebox.css HTTP/1.1" 404 1104
114.83.219.138 - - [22/Oct/2021:10:47:47 +0800] "POST /xingrg/kc/buy/cgsh_order_operate.html HTTP/1.1" 200 3570
58.39.139.200 - - [22/Oct/2021:10:47:47 +0800] "GET /xingrg/all/function/internal_message.html?_=1634870863380&CODE_STATE=getMsg HTTP/1.1" 200 27
58.39.139.200 - - [22/Oct/2021:10:47:48 +0800] "POST /xingrg/kc/mdqp/pssh_list_operate.html HTTP/1.1" 200 753
58.39.139.200 - - [22/Oct/2021:10:47:48 +0800] "GET /xingrg/kc/mdqp/pssh_order_info.html?code=312021102100521 HTTP/1.1" 200 17275
58.39.139.200 - - [22/Oct/2021:10:47:48 +0800] "GET /xingrg/javascript/jquery_tools/jquery-1.4.2.min.js HTTP/1.1" 404 1094
58.40.7.146 - - [22/Oct/2021:10:47:48 +0800] "GET /xingrg/all/function/internal_message.html?_=1634870864078&CODE_STATE=getMsg HTTP/1.1" 200 27
124.78.153.86 - - [22/Oct/2021:10:47:48 +0800] "GET /xingrg/kc/buy/cgsh_order_operate.html?command=get_materiel&rest_code=00106&code=00101008357&supplier_code=00100007&order_time=2021-10-22 HTTP/1.1" 200 408
58.39.139.200 - - [22/Oct/2021:10:47:48 +0800] "POST /xingrg/kc/mdqp/pssh_order_operate.html HTTP/1.1" 200 6305
58.39.139.200 - - [22/Oct/2021:10:47:48 +0800] "GET /xingrg/javascript/easyui/themes/default/validatebox.css HTTP/1.1" 404 1104
58.39.139.200 - - [22/Oct/2021:10:47:49 +0800] "GET /xingrg/check_reg.html?_=1634870865163 HTTP/1.1" 200 22
114.83.219.138 - - [22/Oct/2021:10:47:51 +0800] "GET /xingrg/kc/print/load_data.html?order_code=212021102209545&kc_code=cgsh&condition= HTTP/1.1" 200 1845
180.161.71.227 - - [22/Oct/2021:10:47:56 +0800] "POST /xingrg/kc/buy/cgsh_order_operate.html HTTP/1.1" 200 37
101.85.106.134 - - [22/Oct/2021:10:47:58 +0800] "GET /xingrg/all/function/internal_message.html?_=1634870874161&CODE_STATE=getMsg HTTP/1.1" 200 27
180.161.71.227 - - [22/Oct/2021:10:48:00 +0800] "POST /xingrg/kc/buy/cgsh_order_operate.html HTTP/1.1" 200 12
124.78.153.86 - - [22/Oct/2021:10:48:00 +0800] "GET /xingrg/all/function/internal_message.html?_=1634870872191&CODE_STATE=getMsg HTTP/1.1" 200 27
180.169.147.146 - - [22/Oct/2021:10:48:01 +0800] "GET /xingrg/all/function/internal_message.html?_=1634870876688&CODE_STATE=getMsg HTTP/1.1" 200 27
180.161.71.227 - - [22/Oct/2021:10:48:02 +0800] "GET /xingrg/kc/buy/cgsh_order_info.html?code=212021102209527 HTTP/1.1" 200 59545
180.161.71.227 - - [22/Oct/2021:10:48:03 +0800] "GET /xingrg/javascript/easyui/themes/default/validatebox.css HTTP/1.1" 404 1104
180.161.71.227 - - [22/Oct/2021:10:48:03 +0800] "POST /xingrg/kc/buy/cgsh_order_operate.html HTTP/1.1" 200 5924
180.161.71.227 - - [22/Oct/2021:10:48:06 +0800] "GET /xingrg/kc/print/load_data.html?order_code=212021102209527&kc_code=cgsh&condition= HTTP/1.1" 200 2701
180.157.253.6 - - [22/Oct/2021:10:48:07 +0800] "GET /xingrg/check_reg.html?_=1634870882563 HTTP/1.1" 200 22
180.157.253.6 - - [22/Oct/2021:10:48:07 +0800] "GET /xingrg/all/function/internal_message.html?_=1634870882564&CODE_STATE=getMsg HTTP/1.1" 200 27
61.151.178.163 - - [22/Oct/2021:10:48:07 +0800] "GET /xingrg/kc/buy/cgsh_order_operate.html?command=get_materiel&rest_code=00106&code=00101008186&supplier_code=00100007&order_time=2021-10-22 HTTP/1.1" 302 -
222.70.179.155 - - [22/Oct/2021:10:48:08 +0800] "GET /xingrg/check_reg.html?_=1634870875114 HTTP/1.1" 200 22
222.70.179.155 - - [22/Oct/2021:10:48:08 +0800] "GET /xingrg/all/function/internal_message.html?_=1634870875364&CODE_STATE=getMsg HTTP/1.1" 200 27
61.151.178.163 - - [22/Oct/2021:10:48:08 +0800] "GET /xingrg/login.html HTTP/1.1" 200 7641
114.83.219.138 - - [22/Oct/2021:10:48:09 +0800] "GET /xingrg/all/function/internal_message.html?_=1634870885330&CODE_STATE=getMsg HTTP/1.1" 200 27
180.161.71.227 - - [22/Oct/2021:10:48:14 +0800] "GET /xingrg/kc/buy/cgsh_order_add.html HTTP/1.1" 200 64638
180.161.71.227 - - [22/Oct/2021:10:48:16 +0800] "POST /xingrg/kc/buy/cgsh_order_operate.html HTTP/1.1" 200 8245
180.161.71.227 - - [22/Oct/2021:10:48:16 +0800] "GET /xingrg/javascript/easyui/themes/default/validatebox.css HTTP/1.1" 404 1104
116.227.210.113 - - [22/Oct/2021:10:48:16 +0800] "GET /xingrg/check_reg.html?_=1634870889765 HTTP/1.1" 200 22
116.227.210.113 - - [22/Oct/2021:10:48:16 +0800] "GET /xingrg/all/function/internal_message.html?_=1634870889768&CODE_STATE=getMsg HTTP/1.1" 200 27
180.161.71.227 - - [22/Oct/2021:10:48:18 +0800] "GET /xingrg/javascript/easyui/themes/default/tree.css HTTP/1.1" 404 1090
180.161.71.227 - - [22/Oct/2021:10:48:18 +0800] "POST /xingrg/all/common/load_tree.html?tree=supplier_tree_json&isDelete=1 HTTP/1.1" 200 60167
116.232.52.221 - - [22/Oct/2021:10:48:23 +0800] "GET /xingrg/all/function/internal_message.html?_=1634870900923&CODE_STATE=getMsg HTTP/1.1" 200 27
120.253.135.82 - - [22/Oct/2021:10:48:27 +0800] "GET /xingrg/all/function/internal_message.html?_=1634870880755&CODE_STATE=getMsg HTTP/1.1" 200 27
58.37.227.186 - - [22/Oct/2021:10:48:28 +0800] "GET /xingrg/all/function/internal_message.html?_=1634870748340&CODE_STATE=getMsg HTTP/1.1" 200 27
120.253.135.82 - - [22/Oct/2021:10:48:29 +0800] "GET /xingrg/all/function/internal_message.html?_=1634870674765&CODE_STATE=getMsg HTTP/1.1" 200 27
180.169.147.146 - - [22/Oct/2021:10:48:29 +0800] "GET /xingrg/all/function/internal_message.html?_=1634870901760&CODE_STATE=getMsg HTTP/1.1" 200 27
124.78.153.86 - - [22/Oct/2021:10:48:31 +0800] "GET /xingrg/kc/buy/cgsh_order_operate.html?command=get_materiel&rest_code=00106&code=00101008295&supplier_code=00100007&order_time=2021-10-22 HTTP/1.1" 200 412
58.39.139.200 - - [22/Oct/2021:10:48:34 +0800] "POST /xingrg/kc/mdqp/pssh_list_operate.html HTTP/1.1" 200 803
58.39.139.200 - - [22/Oct/2021:10:48:36 +0800] "GET /xingrg/kc/mdqp/pssh_order_info.html?code=312021102100520 HTTP/1.1" 200 17275
58.39.139.200 - - [22/Oct/2021:10:48:36 +0800] "GET /xingrg/javascript/jquery_tools/jquery-1.4.2.min.js HTTP/1.1" 404 1094
58.39.139.200 - - [22/Oct/2021:10:48:36 +0800] "GET /xingrg/javascript/easyui/themes/default/validatebox.css HTTP/1.1" 404 1104
58.39.139.200 - - [22/Oct/2021:10:48:36 +0800] "POST /xingrg/kc/mdqp/pssh_order_operate.html HTTP/1.1" 200 13380
116.238.248.233 - - [22/Oct/2021:10:48:36 +0800] "GET /xingrg/all/function/internal_message.html?_=1634870909748&CODE_STATE=getMsg HTTP/1.1" 200 27
222.70.168.47 - - [22/Oct/2021:10:48:37 +0800] "GET /xingrg/all/function/internal_message.html?_=1634870930379&CODE_STATE=getMsg HTTP/1.1" 200 27
124.78.153.86 - - [22/Oct/2021:10:48:38 +0800] "GET /xingrg/all/function/internal_message.html?_=1634870912455&CODE_STATE=getMsg HTTP/1.1" 200 27
101.85.55.123 - - [22/Oct/2021:10:48:39 +0800] "GET /xingrg/all/function/internal_message.html?_=1634870907924&CODE_STATE=getMsg HTTP/1.1" 200 27
180.161.71.227 - - [22/Oct/2021:10:48:39 +0800] "GET /xingrg/all/function/internal_message.html?_=1634870901393&CODE_STATE=getMsg HTTP/1.1" 200 27
124.78.153.86 - - [22/Oct/2021:10:48:40 +0800] "GET /xingrg/kc/buy/cgsh_order_operate.html?command=get_materiel&rest_code=00106&code=00101008298&supplier_code=00100007&order_time=2021-10-22 HTTP/1.1" 200 431
124.78.153.86 - - [22/Oct/2021:10:48:43 +0800] "POST /xingrg/kc/buy/cgsh_order_operate.html HTTP/1.1" 200 2065
101.89.29.78 - - [22/Oct/2021:10:48:46 +0800] "GET /xingrg/kc/buy/cgsh_order_operate.html?command=get_materiel&rest_code=00106&code=00101008357&supplier_code=00100007&order_time=2021-10-22 HTTP/1.1" 302 -
101.89.29.78 - - [22/Oct/2021:10:48:46 +0800] "GET /xingrg/login.html HTTP/1.1" 200 7641
58.39.139.200 - - [22/Oct/2021:10:48:47 +0800] "GET /xingrg/all/function/internal_message.html?_=1634870923363&CODE_STATE=getMsg HTTP/1.1" 200 27
124.78.153.86 - - [22/Oct/2021:10:48:47 +0800] "GET /xingrg/kc/buy/cgsh_order_operate.html?command=get_materiel&rest_code=00106&code=00101008102&supplier_code=00100007&order_time=2021-10-22 HTTP/1.1" 200 413
58.40.7.146 - - [22/Oct/2021:10:48:48 +0800] "GET /xingrg/all/function/internal_message.html?_=1634870924064&CODE_STATE=getMsg HTTP/1.1" 200 27
180.157.253.6 - - [22/Oct/2021:10:48:50 +0800] "GET /xingrg/kc/base/kc_stocks.html HTTP/1.1" 200 16443
180.157.253.6 - - [22/Oct/2021:10:48:50 +0800] "GET /xingrg/css/base.css HTTP/1.1" 304 -
180.157.253.6 - - [22/Oct/2021:10:48:50 +0800] "GET /xingrg/css/site.css HTTP/1.1" 304 -
180.157.253.6 - - [22/Oct/2021:10:48:50 +0800] "GET /xingrg/javascript/auto/jquery.autocomplete.css HTTP/1.1" 304 -
180.157.253.6 - - [22/Oct/2021:10:48:50 +0800] "GET /xingrg/javascript/jquery_tools/fix.css HTTP/1.1" 304 -
180.157.253.6 - - [22/Oct/2021:10:48:50 +0800] "GET /xingrg/javascript/jquery_tools/jquery.tools.min.js HTTP/1.1" 304 -
180.157.253.6 - - [22/Oct/2021:10:48:50 +0800] "GET /xingrg/javascript/jquery_tools/datebox.css HTTP/1.1" 304 -
180.157.253.6 - - [22/Oct/2021:10:48:50 +0800] "GET /xingrg/javascript/easyui/themes/sunny/easyui.css HTTP/1.1" 304 -
180.157.253.6 - - [22/Oct/2021:10:48:50 +0800] "GET /xingrg/javascript/easyui/themes/icon.css HTTP/1.1" 304 -
180.157.253.6 - - [22/Oct/2021:10:48:50 +0800] "GET /xingrg/javascript/jquery_tools/jquery.tools.hotkey.js HTTP/1.1" 304 -
180.157.253.6 - - [22/Oct/2021:10:48:50 +0800] "GET /xingrg/javascript/jquery_tools/list_manager.js HTTP/1.1" 304 -
180.157.253.6 - - [22/Oct/2021:10:48:50 +0800] "GET /xingrg/javascript/auto/jquery.autocomplete.js HTTP/1.1" 304 -
180.157.253.6 - - [22/Oct/2021:10:48:50 +0800] "GET /xingrg/javascript/jquery.cookie.js HTTP/1.1" 304 -
180.157.253.6 - - [22/Oct/2021:10:48:50 +0800] "GET /xingrg/javascript/easyui/easyloader.js HTTP/1.1" 304 -
180.157.253.6 - - [22/Oct/2021:10:48:50 +0800] "GET /xingrg/javascript/jquery_tools/jquery.tools.extend.js HTTP/1.1" 304 -
180.157.253.6 - - [22/Oct/2021:10:48:50 +0800] "GET /xingrg/javascript/convert.js HTTP/1.1" 304 -
180.157.253.6 - - [22/Oct/2021:10:48:50 +0800] "GET /xingrg/javascript/print/LodopFuncs.js HTTP/1.1" 304 -
180.157.253.6 - - [22/Oct/2021:10:48:50 +0800] "GET /xingrg/javascript/easyui/themes/icons/print_new.png HTTP/1.1" 304 -
180.157.253.6 - - [22/Oct/2021:10:48:50 +0800] "GET /xingrg/javascript/easyui/themes/icons/field_new.png HTTP/1.1" 304 -
180.157.253.6 - - [22/Oct/2021:10:48:50 +0800] "GET /xingrg/javascript/easyui/themes/icons/filter_new.png HTTP/1.1" 304 -
180.157.253.6 - - [22/Oct/2021:10:48:50 +0800] "GET /xingrg/javascript/easyui/themes/icons/refresh_new.png HTTP/1.1" 304 -
180.157.253.6 - - [22/Oct/2021:10:48:50 +0800] "GET /xingrg/javascript/easyui/themes/icons/import_new.png HTTP/1.1" 304 -
180.157.253.6 - - [22/Oct/2021:10:48:50 +0800] "GET /xingrg/javascript/easyui/plugins/jquery.parser.js HTTP/1.1" 304 -
180.157.253.6 - - [22/Oct/2021:10:48:50 +0800] "GET /xingrg/images/control/ajaxLoader.gif HTTP/1.1" 304 -
180.157.253.6 - - [22/Oct/2021:10:48:50 +0800] "GET /xingrg/javascript/easyui/plugins/jquery.draggable.js HTTP/1.1" 304 -
180.157.253.6 - - [22/Oct/2021:10:48:50 +0800] "GET /xingrg/all/common/auto_word.html?type=base&rest_code=00148 HTTP/1.1" 200 1753
180.157.253.6 - - [22/Oct/2021:10:48:50 +0800] "GET /xingrg/javascript/easyui/plugins/jquery.droppable.js HTTP/1.1" 304 -
180.157.253.6 - - [22/Oct/2021:10:48:50 +0800] "GET /xingrg/javascript/easyui/plugins/jquery.tree.js HTTP/1.1" 304 -
180.157.253.6 - - [22/Oct/2021:10:48:50 +0800] "GET /xingrg/javascript/easyui/themes/default/tree.css HTTP/1.1" 404 1090
180.157.253.6 - - [22/Oct/2021:10:48:51 +0800] "POST /xingrg/all/common/load_tree.html?tree=materiel_sort_tree_json HTTP/1.1" 200 8912
180.157.253.6 - - [22/Oct/2021:10:48:51 +0800] "GET /xingrg/javascript/easyui/themes/sunny/images/tree_arrows.gif HTTP/1.1" 304 -
180.157.253.6 - - [22/Oct/2021:10:48:51 +0800] "GET /xingrg/javascript/easyui/themes/sunny/images/tree_folder.gif HTTP/1.1" 304 -
180.157.253.6 - - [22/Oct/2021:10:48:51 +0800] "GET /xingrg/javascript/easyui/themes/sunny/images/tree_file.gif HTTP/1.1" 304 -
180.157.253.6 - - [22/Oct/2021:10:48:51 +0800] "GET /xingrg/javascript/easyui/themes/sunny/images/tree_folder_open.gif HTTP/1.1" 304 -
124.78.153.86 - - [22/Oct/2021:10:48:54 +0800] "GET /xingrg/kc/buy/cgsh_order_operate.html?command=get_materiel&rest_code=00106&code=00101008085&supplier_code=00100007&order_time=2021-10-22 HTTP/1.1" 200 412
101.85.106.134 - - [22/Oct/2021:10:48:58 +0800] "GET /xingrg/all/function/internal_message.html?_=1634870934161&CODE_STATE=getMsg HTTP/1.1" 200 27
180.157.253.6 - - [22/Oct/2021:10:48:59 +0800] "GET /favicon.ico HTTP/1.1" 404 -
180.157.253.6 - - [22/Oct/2021:10:49:00 +0800] "POST /xingrg/kc/base/stock_operate.html HTTP/1.1" 200 2616
180.157.253.6 - - [22/Oct/2021:10:49:00 +0800] "GET /xingrg/javascript/jquery_tools/fix_table.js HTTP/1.1" 304 -
124.78.153.86 - - [22/Oct/2021:10:49:00 +0800] "GET /xingrg/all/function/internal_message.html?_=1634870932085&CODE_STATE=getMsg HTTP/1.1" 200 27
180.169.147.146 - - [22/Oct/2021:10:49:01 +0800] "GET /xingrg/all/function/internal_message.html?_=1634870936693&CODE_STATE=getMsg HTTP/1.1" 200 27
124.78.153.86 - - [22/Oct/2021:10:49:02 +0800] "GET /xingrg/kc/buy/cgsh_order_operate.html?command=get_materiel&rest_code=00106&code=00101008323&supplier_code=00100007&order_time=2021-10-22 HTTP/1.1" 200 408
180.157.253.6 - - [22/Oct/2021:10:49:04 +0800] "GET /xingrg/login.html HTTP/1.1" 200 7641
180.157.253.6 - - [22/Oct/2021:10:49:05 +0800] "GET /favicon.ico HTTP/1.1" 404 -
180.157.253.6 - - [22/Oct/2021:10:49:07 +0800] "GET /xingrg/all/function/internal_message.html?_=1634870942576&CODE_STATE=getMsg HTTP/1.1" 200 27
180.157.253.6 - - [22/Oct/2021:10:49:07 +0800] "GET /xingrg/kc/base/stock_detail.html?m=00102025029 HTTP/1.1" 200 7277
