116.232.51.223 - - [20/Oct/2021:09:08:49 +0800] "GET /xingrg/kc/buy/cgsh_order_add.html HTTP/1.1" 200 64720
116.232.51.223 - - [20/Oct/2021:09:08:49 +0800] "POST /xingrg/kc/buy/cgsh_order_operate.html HTTP/1.1" 200 8245
116.232.51.223 - - [20/Oct/2021:09:08:49 +0800] "GET /xingrg/all/common/auto_word.html?type=employee&rest_code=00109 HTTP/1.1" 200 255
116.232.51.223 - - [20/Oct/2021:09:08:49 +0800] "GET /xingrg/all/common/auto_word.html?type=employee&rest_code=00109 HTTP/1.1" 200 255
116.232.51.223 - - [20/Oct/2021:09:08:49 +0800] "GET /xingrg/javascript/easyui/themes/default/validatebox.css HTTP/1.1" 404 1104
114.85.125.222 - - [20/Oct/2021:09:08:51 +0800] "POST /xingrg/kc/buy/cgsh_order_operate.html HTTP/1.1" 200 37
116.232.51.223 - - [20/Oct/2021:09:08:52 +0800] "GET /xingrg/javascript/jquery_tools/images/prev.gif HTTP/1.1" 404 1086
116.232.51.223 - - [20/Oct/2021:09:08:52 +0800] "GET /xingrg/javascript/jquery_tools/images/next.gif HTTP/1.1" 404 1086
114.85.125.222 - - [20/Oct/2021:09:08:53 +0800] "POST /xingrg/kc/buy/cgsh_order_operate.html HTTP/1.1" 200 7436
116.237.74.154 - - [20/Oct/2021:09:08:54 +0800] "GET /xingrg/all/function/internal_message.html?_=1634692128780&CODE_STATE=getMsg HTTP/1.1" 200 27
58.35.215.131 - - [20/Oct/2021:09:08:55 +0800] "GET /xingrg/check_reg.html?_=1634692132682 HTTP/1.1" 200 22
58.35.215.131 - - [20/Oct/2021:09:08:55 +0800] "GET /xingrg/all/function/internal_message.html?_=1634692132683&CODE_STATE=getMsg HTTP/1.1" 200 27
58.39.139.200 - - [20/Oct/2021:09:08:57 +0800] "GET /xingrg/all/function/internal_message.html?_=1634692136411&CODE_STATE=getMsg HTTP/1.1" 200 27
116.232.51.223 - - [20/Oct/2021:09:08:58 +0800] "GET /xingrg/kc/buy/cgsh_order_operate.html?command=get_materiel&rest_code=00109&code=00101001010&supplier_code=00100454&order_time=2021-10-20 HTTP/1.1" 200 409
114.85.125.222 - - [20/Oct/2021:09:08:58 +0800] "POST /xingrg/kc/buy/cgsh_list_operate.html HTTP/1.1" 200 2087
114.85.125.222 - - [20/Oct/2021:09:08:59 +0800] "POST /xingrg/kc/buy/cgsh_list_operate.html HTTP/1.1" 200 561
120.253.135.82 - - [20/Oct/2021:09:08:59 +0800] "GET /xingrg/all/function/internal_message.html?_=1634692117166&CODE_STATE=getMsg HTTP/1.1" 200 27
114.85.125.222 - - [20/Oct/2021:09:09:00 +0800] "GET /xingrg/kc/buy/cgsh_order_info.html?code=212021102008637 HTTP/1.1" 200 64342
114.85.125.222 - - [20/Oct/2021:09:09:01 +0800] "GET /xingrg/javascript/easyui/themes/default/validatebox.css HTTP/1.1" 404 1104
114.85.125.222 - - [20/Oct/2021:09:09:01 +0800] "POST /xingrg/kc/buy/cgsh_order_operate.html HTTP/1.1" 200 24809
116.232.51.223 - - [20/Oct/2021:09:09:03 +0800] "GET /xingrg/all/function/internal_message.html?_=1634692140247&CODE_STATE=getMsg HTTP/1.1" 200 27
116.232.51.223 - - [20/Oct/2021:09:09:03 +0800] "GET /xingrg/check_reg.html?_=1634692140248 HTTP/1.1" 200 22
116.232.51.223 - - [20/Oct/2021:09:09:05 +0800] "GET /xingrg/javascript/auto/indicator.gif HTTP/1.1" 404 1066
116.227.210.113 - - [20/Oct/2021:09:09:06 +0800] "GET /xingrg/check_reg.html?_=1634692117983 HTTP/1.1" 200 22
116.227.210.113 - - [20/Oct/2021:09:09:06 +0800] "GET /xingrg/all/function/internal_message.html?_=1634692117982&CODE_STATE=getMsg HTTP/1.1" 200 27
116.232.51.223 - - [20/Oct/2021:09:09:07 +0800] "GET /xingrg/kc/buy/cgsh_order_operate.html?command=get_materiel&rest_code=00109&code=00101002016&supplier_code=00100454&order_time=2021-10-20 HTTP/1.1" 200 413
116.232.51.223 - - [20/Oct/2021:09:09:16 +0800] "GET /xingrg/kc/buy/cgsh_order_operate.html?command=get_materiel&rest_code=00109&code=00101002027&supplier_code=00100454&order_time=2021-10-20 HTTP/1.1" 200 413
116.235.242.57 - - [20/Oct/2021:09:09:18 +0800] "GET /xingrg/all/function/internal_message.html?_=1634692164342&CODE_STATE=getMsg HTTP/1.1" 200 27
114.85.125.222 - - [20/Oct/2021:09:09:22 +0800] "GET /xingrg/all/function/internal_message.html?_=1634692106127&CODE_STATE=getMsg HTTP/1.1" 200 27
116.232.51.223 - - [20/Oct/2021:09:09:29 +0800] "POST /xingrg/kc/buy/cgsh_order_operate.html HTTP/1.1" 200 37
114.85.125.222 - - [20/Oct/2021:09:09:31 +0800] "POST /xingrg/kc/buy/cgsh_order_operate.html HTTP/1.1" 200 37
116.232.51.223 - - [20/Oct/2021:09:09:32 +0800] "POST /xingrg/kc/buy/cgsh_order_operate.html HTTP/1.1" 200 3845
114.85.125.222 - - [20/Oct/2021:09:09:33 +0800] "POST /xingrg/kc/buy/cgsh_order_operate.html HTTP/1.1" 200 24208
116.238.248.233 - - [20/Oct/2021:09:09:36 +0800] "GET /xingrg/all/function/internal_message.html?_=1634692170402&CODE_STATE=getMsg HTTP/1.1" 200 27
180.169.147.146 - - [20/Oct/2021:09:09:37 +0800] "GET /favicon.ico HTTP/1.1" 404 -
116.237.74.154 - - [20/Oct/2021:09:09:48 +0800] "GET /xingrg/check_reg.html?_=1634692182436 HTTP/1.1" 200 22
116.237.74.154 - - [20/Oct/2021:09:09:54 +0800] "GET /xingrg/all/function/internal_message.html?_=1634692188748&CODE_STATE=getMsg HTTP/1.1" 200 27
58.35.215.131 - - [20/Oct/2021:09:09:55 +0800] "GET /xingrg/all/function/internal_message.html?_=1634692192683&CODE_STATE=getMsg HTTP/1.1" 200 27
116.227.210.113 - - [20/Oct/2021:09:09:55 +0800] "GET /xingrg/kc/buy/cgsh_order_add.html HTTP/1.1" 200 64647
116.227.210.113 - - [20/Oct/2021:09:09:55 +0800] "GET /xingrg/words/20211019172902_words.js HTTP/1.1" 304 -
116.227.210.113 - - [20/Oct/2021:09:09:56 +0800] "POST /xingrg/kc/buy/cgsh_order_operate.html HTTP/1.1" 200 8245
116.227.210.113 - - [20/Oct/2021:09:09:56 +0800] "GET /xingrg/all/common/auto_word.html?type=employee&rest_code=00155 HTTP/1.1" 200 205
116.227.210.113 - - [20/Oct/2021:09:09:56 +0800] "GET /xingrg/javascript/easyui/themes/default/validatebox.css HTTP/1.1" 404 1104
116.227.210.113 - - [20/Oct/2021:09:09:56 +0800] "GET /xingrg/all/common/auto_word.html?type=employee&rest_code=00155 HTTP/1.1" 200 205
58.39.139.200 - - [20/Oct/2021:09:09:57 +0800] "GET /xingrg/all/function/internal_message.html?_=1634692196411&CODE_STATE=getMsg HTTP/1.1" 200 27
116.227.210.113 - - [20/Oct/2021:09:09:58 +0800] "GET /xingrg/javascript/auto/indicator.gif HTTP/1.1" 404 1066
120.253.135.82 - - [20/Oct/2021:09:09:59 +0800] "GET /xingrg/all/function/internal_message.html?_=1634692177179&CODE_STATE=getMsg HTTP/1.1" 200 27
116.227.210.113 - - [20/Oct/2021:09:10:00 +0800] "GET /xingrg/javascript/jquery_tools/images/prev.gif HTTP/1.1" 404 1086
116.227.210.113 - - [20/Oct/2021:09:10:00 +0800] "GET /xingrg/javascript/jquery_tools/images/next.gif HTTP/1.1" 404 1086
116.232.51.223 - - [20/Oct/2021:09:10:03 +0800] "GET /xingrg/all/function/internal_message.html?_=1634692200413&CODE_STATE=getMsg HTTP/1.1" 200 27
222.69.129.11 - - [20/Oct/2021:09:10:06 +0800] "POST /xingrg/services/DataTransmitService HTTP/1.1" 200 524
116.227.210.113 - - [20/Oct/2021:09:10:06 +0800] "GET /xingrg/all/function/internal_message.html?_=1634692177960&CODE_STATE=getMsg HTTP/1.1" 200 27
222.69.129.11 - - [20/Oct/2021:09:10:07 +0800] "POST /xingrg/services/DataTransmitService HTTP/1.1" 200 1979
116.227.210.113 - - [20/Oct/2021:09:10:07 +0800] "GET /xingrg/kc/buy/cgsh_order_operate.html?command=get_materiel&rest_code=00155&code=00101001111&supplier_code=00100199&order_time=2021-10-20 HTTP/1.1" 200 409
222.69.129.11 - - [20/Oct/2021:09:10:07 +0800] "POST /xingrg/services/DataTransmitService HTTP/1.1" 200 128380
58.39.139.200 - - [20/Oct/2021:09:10:17 +0800] "GET /xingrg/kc/buy/cgsh_order_add.html HTTP/1.1" 200 64726
58.39.139.200 - - [20/Oct/2021:09:10:17 +0800] "POST /xingrg/kc/buy/cgsh_order_operate.html HTTP/1.1" 200 8245
58.39.139.200 - - [20/Oct/2021:09:10:17 +0800] "GET /xingrg/javascript/easyui/themes/default/validatebox.css HTTP/1.1" 404 1104
116.235.242.57 - - [20/Oct/2021:09:10:18 +0800] "GET /xingrg/all/function/internal_message.html?_=1634692224357&CODE_STATE=getMsg HTTP/1.1" 200 27
114.85.125.222 - - [20/Oct/2021:09:10:22 +0800] "GET /xingrg/all/function/internal_message.html?_=1634692166135&CODE_STATE=getMsg HTTP/1.1" 200 27
116.232.51.223 - - [20/Oct/2021:09:10:31 +0800] "GET /xingrg/kc/print/load_config.html?kc_code=cgsh HTTP/1.1" 200 2281
116.232.51.223 - - [20/Oct/2021:09:10:31 +0800] "GET /xingrg/kc/print/load_data.html?order_code=212021102008649&kc_code=cgsh&condition= HTTP/1.1" 200 1102
116.227.210.113 - - [20/Oct/2021:09:10:32 +0800] "GET /xingrg/kc/buy/cgsh_order_operate.html?command=get_materiel&rest_code=00155&code=00101001075&supplier_code=00100199&order_time=2021-10-20 HTTP/1.1" 200 409
116.238.248.233 - - [20/Oct/2021:09:10:36 +0800] "GET /xingrg/all/function/internal_message.html?_=1634692230402&CODE_STATE=getMsg HTTP/1.1" 200 27
222.69.129.11 - - [20/Oct/2021:09:10:39 +0800] "POST /xingrg/services/DataTransmitService HTTP/1.1" 200 524
58.39.139.200 - - [20/Oct/2021:09:10:39 +0800] "GET /xingrg/kc/buy/cgsh_order_operate.html?command=get_materiel&rest_code=00105&code=00101016100&supplier_code=00100034&order_time=2021-10-20 HTTP/1.1" 200 412
116.227.210.113 - - [20/Oct/2021:09:10:40 +0800] "GET /xingrg/kc/buy/cgsh_order_operate.html?command=get_materiel&rest_code=00155&code=00101002027&supplier_code=00100199&order_time=2021-10-20 HTTP/1.1" 200 413
222.69.129.11 - - [20/Oct/2021:09:10:43 +0800] "POST /xingrg/services/DataTransmitService HTTP/1.1" 200 501
116.227.210.113 - - [20/Oct/2021:09:10:49 +0800] "GET /xingrg/kc/buy/cgsh_order_operate.html?command=get_materiel&rest_code=00155&code=00101010161&supplier_code=00100199&order_time=2021-10-20 HTTP/1.1" 200 409
116.237.74.154 - - [20/Oct/2021:09:10:54 +0800] "GET /xingrg/all/function/internal_message.html?_=1634692248726&CODE_STATE=getMsg HTTP/1.1" 200 27
222.69.129.11 - - [20/Oct/2021:09:10:54 +0800] "POST /xingrg/services/DataTransmitService HTTP/1.1" 200 524
58.35.215.131 - - [20/Oct/2021:09:10:55 +0800] "GET /xingrg/all/function/internal_message.html?_=1634692252685&CODE_STATE=getMsg HTTP/1.1" 200 27
58.39.139.200 - - [20/Oct/2021:09:10:57 +0800] "GET /xingrg/all/function/internal_message.html?_=1634692256434&CODE_STATE=getMsg HTTP/1.1" 200 27
58.39.139.200 - - [20/Oct/2021:09:10:58 +0800] "POST /xingrg/kc/buy/cgsh_order_operate.html HTTP/1.1" 200 37
120.253.135.82 - - [20/Oct/2021:09:10:59 +0800] "GET /xingrg/all/function/internal_message.html?_=1634692237207&CODE_STATE=getMsg HTTP/1.1" 200 27
58.39.139.200 - - [20/Oct/2021:09:11:00 +0800] "POST /xingrg/kc/buy/cgsh_order_operate.html HTTP/1.1" 200 2654
116.232.51.223 - - [20/Oct/2021:09:11:03 +0800] "GET /xingrg/all/function/internal_message.html?_=1634692260406&CODE_STATE=getMsg HTTP/1.1" 200 27
58.39.139.200 - - [20/Oct/2021:09:11:03 +0800] "GET /xingrg/kc/print/load_data.html?order_code=212021102008650&kc_code=cgsh&condition= HTTP/1.1" 200 699
116.227.210.113 - - [20/Oct/2021:09:11:06 +0800] "GET /xingrg/all/function/internal_message.html?_=1634692237960&CODE_STATE=getMsg HTTP/1.1" 200 27
116.227.210.113 - - [20/Oct/2021:09:11:07 +0800] "GET /xingrg/kc/buy/cgsh_order_operate.html?command=get_materiel&rest_code=00155&code=00101001140&supplier_code=00100199&order_time=2021-10-20 HTTP/1.1" 200 415
114.85.125.222 - - [20/Oct/2021:09:11:07 +0800] "POST /xingrg/kc/buy/cgsh_list_operate.html HTTP/1.1" 200 2087
114.85.125.222 - - [20/Oct/2021:09:11:12 +0800] "POST /xingrg/all/user/operate.html HTTP/1.1" 200 36
114.85.125.222 - - [20/Oct/2021:09:11:12 +0800] "GET /xingrg/javascript/jquery_easy_ui/themes/default/easyui.css HTTP/1.1" 304 -
114.85.125.222 - - [20/Oct/2021:09:11:12 +0800] "GET /xingrg/index.html?sysBaseUrl=http%3A%2F%2F180.169.147.146%3A18081%2Fxingrg%2F&costTime=43×tamp=1634517429675 HTTP/1.1" 200 17179
114.85.125.222 - - [20/Oct/2021:09:11:12 +0800] "GET /xingrg/javascript/jquery_easy_ui/themes/icon.css HTTP/1.1" 304 -
114.85.125.222 - - [20/Oct/2021:09:11:12 +0800] "GET /xingrg/css/form.css HTTP/1.1" 304 -
114.85.125.222 - - [20/Oct/2021:09:11:12 +0800] "GET /xingrg/javascript/jquery-1.4.2.min.js HTTP/1.1" 304 -
114.85.125.222 - - [20/Oct/2021:09:11:12 +0800] "GET /xingrg/javascript/jquery_easy_ui/jquery.easyui.min.js HTTP/1.1" 304 -
114.85.125.222 - - [20/Oct/2021:09:11:13 +0800] "GET /xingrg/javascript/jquery_easy_ui/easyui-lang-zh_CN.js HTTP/1.1" 304 -
114.85.125.222 - - [20/Oct/2021:09:11:13 +0800] "GET /xingrg/javascript/jquery.form.js HTTP/1.1" 304 -
114.85.125.222 - - [20/Oct/2021:09:11:13 +0800] "GET /xingrg/javascript/jquery.utils.js HTTP/1.1" 304 -
114.85.125.222 - - [20/Oct/2021:09:11:13 +0800] "GET /xingrg/javascript/jquery.timers.js HTTP/1.1" 304 -
114.85.125.222 - - [20/Oct/2021:09:11:13 +0800] "GET /xingrg/images/blue/jxLogo.png HTTP/1.1" 304 -
114.85.125.222 - - [20/Oct/2021:09:11:13 +0800] "GET /xingrg/images/blue/navBackgound.jpg HTTP/1.1" 304 -
114.85.125.222 - - [20/Oct/2021:09:11:13 +0800] "GET /xingrg/javascript/jquery_easy_ui/themes/icons/settle_new.png HTTP/1.1" 304 -
114.85.125.222 - - [20/Oct/2021:09:11:13 +0800] "POST /xingrg/all/common/load_tree.html?tree=area_rest_tree_json&manage=1 HTTP/1.1" 200 476
114.85.125.222 - - [20/Oct/2021:09:11:13 +0800] "GET /xingrg/images/blue/pingpu.png HTTP/1.1" 304 -
114.85.125.222 - - [20/Oct/2021:09:11:13 +0800] "GET /xingrg/javascript/jquery_easy_ui/themes/default/images/tabs_leftarrow.png HTTP/1.1" 304 -
114.85.125.222 - - [20/Oct/2021:09:11:13 +0800] "GET /xingrg/javascript/jquery_easy_ui/themes/default/images/tabs_rightarrow.png HTTP/1.1" 304 -
114.85.125.222 - - [20/Oct/2021:09:11:13 +0800] "GET /xingrg/javascript/jquery_easy_ui/themes/default/images/panel_tool_collapse.gif HTTP/1.1" 304 -
114.85.125.222 - - [20/Oct/2021:09:11:13 +0800] "GET /xingrg/all/function/internal_message.html?_=1634692217192&CODE_STATE=count HTTP/1.1" 200 11
114.85.125.222 - - [20/Oct/2021:09:11:13 +0800] "GET /xingrg/check_reg.html?_=1634692217193 HTTP/1.1" 200 22
114.85.125.222 - - [20/Oct/2021:09:11:13 +0800] "POST /xingrg/load_menu.html HTTP/1.1" 200 5138
114.85.125.222 - - [20/Oct/2021:09:11:16 +0800] "GET /xingrg/kc/buy/cgsh_order_list.html HTTP/1.1" 200 48947
116.235.242.57 - - [20/Oct/2021:09:11:18 +0800] "GET /xingrg/all/function/internal_message.html?_=1634692284370&CODE_STATE=getMsg HTTP/1.1" 200 27
116.227.210.113 - - [20/Oct/2021:09:11:18 +0800] "GET /xingrg/kc/buy/cgsh_order_operate.html?command=get_materiel&rest_code=00155&code=00101001214&supplier_code=00100199&order_time=2021-10-20 HTTP/1.1" 200 403
114.85.125.222 - - [20/Oct/2021:09:11:18 +0800] "POST /xingrg/kc/buy/cgsh_list_operate.html HTTP/1.1" 200 2088
180.169.147.146 - - [20/Oct/2021:09:11:23 +0800] "GET /xingrg/check_reg.html?_=1634692279938 HTTP/1.1" 200 22
120.253.135.82 - - [20/Oct/2021:09:11:23 +0800] "GET /xingrg/check_reg.html?_=1634692260974 HTTP/1.1" 200 22
116.227.210.113 - - [20/Oct/2021:09:11:28 +0800] "GET /xingrg/kc/buy/cgsh_order_operate.html?command=get_materiel&rest_code=00155&code=00101002006&supplier_code=00100199&order_time=2021-10-20 HTTP/1.1" 200 414
116.238.248.233 - - [20/Oct/2021:09:11:36 +0800] "GET /xingrg/all/function/internal_message.html?_=1634692290412&CODE_STATE=getMsg HTTP/1.1" 200 27
116.238.248.233 - - [20/Oct/2021:09:11:36 +0800] "GET /xingrg/check_reg.html?_=1634692290415 HTTP/1.1" 200 22
114.85.125.222 - - [20/Oct/2021:09:11:36 +0800] "POST /xingrg/kc/buy/cgsh_list_operate.html HTTP/1.1" 200 569
114.85.125.222 - - [20/Oct/2021:09:11:41 +0800] "GET /xingrg/kc/buy/cgsh_order_info.html?code=212021102008639 HTTP/1.1" 200 64624
114.85.125.222 - - [20/Oct/2021:09:11:41 +0800] "GET /xingrg/javascript/easyui/themes/default/validatebox.css HTTP/1.1" 404 1104
114.85.125.222 - - [20/Oct/2021:09:11:41 +0800] "POST /xingrg/kc/buy/cgsh_order_operate.html HTTP/1.1" 200 17453
116.227.210.113 - - [20/Oct/2021:09:11:45 +0800] "POST /xingrg/kc/buy/cgsh_order_operate.html HTTP/1.1" 200 37
116.227.210.113 - - [20/Oct/2021:09:11:47 +0800] "POST /xingrg/kc/buy/cgsh_order_operate.html HTTP/1.1" 200 6218
116.227.210.113 - - [20/Oct/2021:09:11:47 +0800] "GET /xingrg/kc/print/load_config.html?kc_code=cgsh HTTP/1.1" 200 2281
116.227.210.113 - - [20/Oct/2021:09:11:48 +0800] "GET /xingrg/kc/print/load_data.html?order_code=212021102008651&kc_code=cgsh&condition= HTTP/1.1" 200 2045
116.227.210.113 - - [20/Oct/2021:09:11:53 +0800] "GET /xingrg/kc/buy/cgsh_order_add.html HTTP/1.1" 200 64647
116.227.210.113 - - [20/Oct/2021:09:11:53 +0800] "POST /xingrg/kc/buy/cgsh_order_operate.html HTTP/1.1" 200 8245
116.227.210.113 - - [20/Oct/2021:09:11:53 +0800] "GET /xingrg/javascript/easyui/themes/default/validatebox.css HTTP/1.1" 404 1104
116.237.74.154 - - [20/Oct/2021:09:11:54 +0800] "GET /xingrg/all/function/internal_message.html?_=1634692308711&CODE_STATE=getMsg HTTP/1.1" 200 27
58.35.215.131 - - [20/Oct/2021:09:11:55 +0800] "GET /xingrg/all/function/internal_message.html?_=1634692312688&CODE_STATE=getMsg HTTP/1.1" 200 27
58.39.139.200 - - [20/Oct/2021:09:11:57 +0800] "GET /xingrg/check_reg.html?_=1634692316427 HTTP/1.1" 200 22
58.39.139.200 - - [20/Oct/2021:09:11:57 +0800] "GET /xingrg/all/function/internal_message.html?_=1634692316430&CODE_STATE=getMsg HTTP/1.1" 200 27
120.253.135.82 - - [20/Oct/2021:09:11:59 +0800] "GET /xingrg/all/function/internal_message.html?_=1634692297225&CODE_STATE=getMsg HTTP/1.1" 200 27
114.85.125.222 - - [20/Oct/2021:09:12:00 +0800] "GET /xingrg/javascript/auto/indicator.gif HTTP/1.1" 404 1066
116.227.210.113 - - [20/Oct/2021:09:12:03 +0800] "GET /xingrg/kc/buy/cgsh_order_operate.html?command=get_materiel&rest_code=00155&code=00101006130&supplier_code=00100012&order_time=2021-10-20 HTTP/1.1" 200 427
116.232.51.223 - - [20/Oct/2021:09:12:03 +0800] "GET /xingrg/all/function/internal_message.html?_=1634692320420&CODE_STATE=getMsg HTTP/1.1" 200 27
114.85.125.222 - - [20/Oct/2021:09:12:04 +0800] "GET /xingrg/kc/buy/cgsh_order_operate.html?command=get_materiel&rest_code=00150&code=00101008067&supplier_code=00100007&order_time=2021-10-20 HTTP/1.1" 200 416
116.227.210.113 - - [20/Oct/2021:09:12:06 +0800] "GET /xingrg/all/function/internal_message.html?_=1634692297964&CODE_STATE=getMsg HTTP/1.1" 200 27
116.227.210.113 - - [20/Oct/2021:09:12:11 +0800] "GET /xingrg/kc/buy/cgsh_order_operate.html?command=get_materiel&rest_code=00155&code=00101006124&supplier_code=00100012&order_time=2021-10-20 HTTP/1.1" 200 409
114.85.125.222 - - [20/Oct/2021:09:12:13 +0800] "GET /xingrg/all/function/internal_message.html?_=1634692277208&CODE_STATE=getMsg HTTP/1.1" 200 27
116.235.242.57 - - [20/Oct/2021:09:12:16 +0800] "GET /xingrg/check_reg.html?_=1634692342534 HTTP/1.1" 200 22
120.253.135.82 - - [20/Oct/2021:09:12:17 +0800] "GET /xingrg/login.html HTTP/1.1" 200 7641
120.253.135.82 - - [20/Oct/2021:09:12:17 +0800] "GET /xingrg/images/blue/jxLogo.png HTTP/1.1" 304 -
120.253.135.82 - - [20/Oct/2021:09:12:17 +0800] "GET /xingrg/images/blue/hj.png HTTP/1.1" 304 -
120.253.135.82 - - [20/Oct/2021:09:12:17 +0800] "GET /xingrg/images/blue/login_bg.png HTTP/1.1" 304 -
120.253.135.82 - - [20/Oct/2021:09:12:17 +0800] "GET /xingrg/images/blue/srbg.png HTTP/1.1" 304 -
120.253.135.82 - - [20/Oct/2021:09:12:17 +0800] "GET /favicon.ico HTTP/1.1" 404 -
116.235.242.57 - - [20/Oct/2021:09:12:18 +0800] "GET /xingrg/all/function/internal_message.html?_=1634692344383&CODE_STATE=getMsg HTTP/1.1" 200 27
116.227.210.113 - - [20/Oct/2021:09:12:22 +0800] "GET /xingrg/kc/buy/cgsh_order_operate.html?command=get_materiel&rest_code=00155&code=00101006184&supplier_code=00100012&order_time=2021-10-20 HTTP/1.1" 200 408
120.253.135.82 - - [20/Oct/2021:09:12:24 +0800] "POST /xingrg/login.do HTTP/1.1" 302 -
120.253.135.82 - - [20/Oct/2021:09:12:24 +0800] "GET /xingrg/javascript/jquery_easy_ui/themes/default/easyui.css HTTP/1.1" 304 -
120.253.135.82 - - [20/Oct/2021:09:12:24 +0800] "GET /xingrg/index.html?sysBaseUrl=http%3A%2F%2F180.169.147.146%3A18081%2Fxingrg%2F&costTime=41×tamp=1634692344446 HTTP/1.1" 200 17173
120.253.135.82 - - [20/Oct/2021:09:12:24 +0800] "GET /xingrg/javascript/jquery_easy_ui/themes/icon.css HTTP/1.1" 304 -
120.253.135.82 - - [20/Oct/2021:09:12:24 +0800] "GET /xingrg/css/form.css HTTP/1.1" 304 -
120.253.135.82 - - [20/Oct/2021:09:12:24 +0800] "GET /xingrg/javascript/jquery.utils.js HTTP/1.1" 304 -
120.253.135.82 - - [20/Oct/2021:09:12:24 +0800] "GET /xingrg/javascript/jquery.timers.js HTTP/1.1" 304 -
120.253.135.82 - - [20/Oct/2021:09:12:24 +0800] "GET /xingrg/javascript/jquery-1.4.2.min.js HTTP/1.1" 304 -
120.253.135.82 - - [20/Oct/2021:09:12:24 +0800] "GET /xingrg/javascript/jquery_easy_ui/jquery.easyui.min.js HTTP/1.1" 304 -
120.253.135.82 - - [20/Oct/2021:09:12:24 +0800] "GET /xingrg/javascript/jquery_easy_ui/easyui-lang-zh_CN.js HTTP/1.1" 304 -
120.253.135.82 - - [20/Oct/2021:09:12:24 +0800] "GET /xingrg/javascript/jquery.form.js HTTP/1.1" 304 -
120.253.135.82 - - [20/Oct/2021:09:12:24 +0800] "GET /xingrg/images/blue/navBackgound.jpg HTTP/1.1" 304 -
120.253.135.82 - - [20/Oct/2021:09:12:24 +0800] "GET /xingrg/javascript/jquery_easy_ui/themes/icons/settle_new.png HTTP/1.1" 304 -
120.253.135.82 - - [20/Oct/2021:09:12:24 +0800] "GET /xingrg/images/blue/pingpu.png HTTP/1.1" 304 -
120.253.135.82 - - [20/Oct/2021:09:12:24 +0800] "GET /xingrg/javascript/jquery_easy_ui/themes/default/images/panel_tool_collapse.gif HTTP/1.1" 304 -
120.253.135.82 - - [20/Oct/2021:09:12:24 +0800] "GET /xingrg/javascript/jquery_easy_ui/themes/default/images/tabs_rightarrow.png HTTP/1.1" 304 -
120.253.135.82 - - [20/Oct/2021:09:12:24 +0800] "POST /xingrg/all/common/load_tree.html?tree=area_rest_tree_json&manage=1 HTTP/1.1" 200 344
120.253.135.82 - - [20/Oct/2021:09:12:24 +0800] "GET /xingrg/javascript/jquery_easy_ui/themes/default/images/tabs_leftarrow.png HTTP/1.1" 304 -
120.253.135.82 - - [20/Oct/2021:09:12:24 +0800] "GET /xingrg/check_reg.html?_=1634692111687 HTTP/1.1" 200 22
120.253.135.82 - - [20/Oct/2021:09:12:24 +0800] "GET /xingrg/all/function/internal_message.html?_=1634692111686&CODE_STATE=count HTTP/1.1" 200 11
120.253.135.82 - - [20/Oct/2021:09:12:24 +0800] "GET /xingrg/javascript/jquery_easy_ui/themes/default/images/tree_arrows.gif HTTP/1.1" 304 -
120.253.135.82 - - [20/Oct/2021:09:12:24 +0800] "POST /xingrg/load_menu.html HTTP/1.1" 200 6743
120.253.135.82 - - [20/Oct/2021:09:12:24 +0800] "GET /favicon.ico HTTP/1.1" 404 -
120.253.135.82 - - [20/Oct/2021:09:12:24 +0800] "GET /xingrg/javascript/jquery_easy_ui/themes/icons/forms_new.png HTTP/1.1" 304 -
120.253.135.82 - - [20/Oct/2021:09:12:24 +0800] "GET /xingrg/javascript/jquery_easy_ui/themes/default/images/tree_file.gif HTTP/1.1" 304 -
120.253.135.82 - - [20/Oct/2021:09:12:24 +0800] "GET /xingrg/javascript/jquery_easy_ui/themes/icons/storage_new.png HTTP/1.1" 304 -
120.253.135.82 - - [20/Oct/2021:09:12:24 +0800] "GET /xingrg/javascript/jquery_easy_ui/themes/icons/search_new.png HTTP/1.1" 304 -
120.253.135.82 - - [20/Oct/2021:09:12:24 +0800] "GET /xingrg/javascript/jquery_easy_ui/themes/icons/delivery_new.png HTTP/1.1" 304 -
120.253.135.82 - - [20/Oct/2021:09:12:24 +0800] "GET /xingrg/javascript/jquery_easy_ui/themes/default/images/tree_folder_open.gif HTTP/1.1" 304 -
120.253.135.82 - - [20/Oct/2021:09:12:24 +0800] "GET /xingrg/javascript/jquery_easy_ui/themes/default/images/tree_folder.gif HTTP/1.1" 304 -
120.253.135.82 - - [20/Oct/2021:09:12:26 +0800] "GET /xingrg/javascript/jquery_easy_ui/themes/default/images/tabs_close.gif HTTP/1.1" 304 -
120.253.135.82 - - [20/Oct/2021:09:12:26 +0800] "GET /xingrg/kc/report/report_main.html HTTP/1.1" 200 9370
120.253.135.82 - - [20/Oct/2021:09:12:26 +0800] "GET /xingrg/css/blue.css HTTP/1.1" 304 -
120.253.135.82 - - [20/Oct/2021:09:12:26 +0800] "GET /xingrg/javascript/jquery_ui/themes/humanity/humanity.css HTTP/1.1" 304 -
120.253.135.82 - - [20/Oct/2021:09:12:26 +0800] "GET /xingrg/javascript/myfunction.js HTTP/1.1" 304 -
120.253.135.82 - - [20/Oct/2021:09:12:26 +0800] "GET /xingrg/javascript/pic_change.js HTTP/1.1" 304 -
120.253.135.82 - - [20/Oct/2021:09:12:26 +0800] "GET /xingrg/javascript/json2.js HTTP/1.1" 304 -
120.253.135.82 - - [20/Oct/2021:09:12:26 +0800] "GET /xingrg/javascript/jquery_easy_ui/themes/icons/back_new.png HTTP/1.1" 304 -
120.253.135.82 - - [20/Oct/2021:09:12:28 +0800] "GET /xingrg/kc/base/kc_stocks.html HTTP/1.1" 200 16437
120.253.135.82 - - [20/Oct/2021:09:12:28 +0800] "GET /xingrg/css/base.css HTTP/1.1" 304 -
120.253.135.82 - - [20/Oct/2021:09:12:28 +0800] "GET /xingrg/javascript/easyui/themes/icon.css HTTP/1.1" 304 -
120.253.135.82 - - [20/Oct/2021:09:12:28 +0800] "GET /xingrg/javascript/jquery_tools/datebox.css HTTP/1.1" 304 -
120.253.135.82 - - [20/Oct/2021:09:12:28 +0800] "GET /xingrg/javascript/easyui/themes/sunny/easyui.css HTTP/1.1" 304 -
120.253.135.82 - - [20/Oct/2021:09:12:28 +0800] "GET /xingrg/javascript/jquery_tools/fix.css HTTP/1.1" 304 -
120.253.135.82 - - [20/Oct/2021:09:12:28 +0800] "GET /xingrg/javascript/jquery_tools/jquery.tools.extend.js HTTP/1.1" 304 -
120.253.135.82 - - [20/Oct/2021:09:12:28 +0800] "GET /xingrg/css/site.css HTTP/1.1" 304 -
120.253.135.82 - - [20/Oct/2021:09:12:28 +0800] "GET /xingrg/javascript/auto/jquery.autocomplete.css HTTP/1.1" 304 -
120.253.135.82 - - [20/Oct/2021:09:12:28 +0800] "GET /xingrg/javascript/jquery_tools/jquery.tools.min.js HTTP/1.1" 304 -
120.253.135.82 - - [20/Oct/2021:09:12:28 +0800] "GET /xingrg/javascript/jquery_tools/list_manager.js HTTP/1.1" 304 -
120.253.135.82 - - [20/Oct/2021:09:12:28 +0800] "GET /xingrg/javascript/jquery_tools/jquery.tools.hotkey.js HTTP/1.1" 304 -
120.253.135.82 - - [20/Oct/2021:09:12:28 +0800] "GET /xingrg/javascript/auto/jquery.autocomplete.js HTTP/1.1" 304 -
120.253.135.82 - - [20/Oct/2021:09:12:28 +0800] "GET /xingrg/javascript/jquery.cookie.js HTTP/1.1" 304 -
120.253.135.82 - - [20/Oct/2021:09:12:28 +0800] "GET /xingrg/javascript/easyui/easyloader.js HTTP/1.1" 304 -
120.253.135.82 - - [20/Oct/2021:09:12:28 +0800] "GET /xingrg/javascript/convert.js HTTP/1.1" 304 -
120.253.135.82 - - [20/Oct/2021:09:12:28 +0800] "GET /xingrg/javascript/print/LodopFuncs.js HTTP/1.1" 304 -
116.227.210.113 - - [20/Oct/2021:09:12:28 +0800] "GET /xingrg/kc/buy/cgsh_order_operate.html?command=get_materiel&rest_code=00155&code=00101006055&supplier_code=00100012&order_time=2021-10-20 HTTP/1.1" 200 409
120.253.135.82 - - [20/Oct/2021:09:12:28 +0800] "GET /xingrg/javascript/easyui/themes/icons/print_new.png HTTP/1.1" 304 -
120.253.135.82 - - [20/Oct/2021:09:12:28 +0800] "GET /xingrg/javascript/easyui/themes/icons/filter_new.png HTTP/1.1" 304 -
120.253.135.82 - - [20/Oct/2021:09:12:28 +0800] "GET /xingrg/javascript/easyui/themes/icons/import_new.png HTTP/1.1" 304 -
120.253.135.82 - - [20/Oct/2021:09:12:28 +0800] "GET /xingrg/javascript/easyui/themes/icons/refresh_new.png HTTP/1.1" 304 -
120.253.135.82 - - [20/Oct/2021:09:12:28 +0800] "GET /xingrg/javascript/easyui/themes/icons/field_new.png HTTP/1.1" 304 -
120.253.135.82 - - [20/Oct/2021:09:12:28 +0800] "GET /xingrg/javascript/easyui/plugins/jquery.parser.js HTTP/1.1" 304 -
120.253.135.82 - - [20/Oct/2021:09:12:28 +0800] "GET /xingrg/images/control/ajaxLoader.gif HTTP/1.1" 304 -
120.253.135.82 - - [20/Oct/2021:09:12:28 +0800] "GET /xingrg/javascript/jquery_easy_ui/themes/icons/area.png HTTP/1.1" 304 -
120.253.135.82 - - [20/Oct/2021:09:12:28 +0800] "GET /xingrg/javascript/jquery_easy_ui/themes/icons/manage.png HTTP/1.1" 304 -
120.253.135.82 - - [20/Oct/2021:09:12:28 +0800] "GET /xingrg/javascript/easyui/plugins/jquery.draggable.js HTTP/1.1" 304 -
120.253.135.82 - - [20/Oct/2021:09:12:28 +0800] "GET /xingrg/javascript/easyui/plugins/jquery.droppable.js HTTP/1.1" 304 -
120.253.135.82 - - [20/Oct/2021:09:12:28 +0800] "GET /xingrg/all/common/auto_word.html?type=base&rest_code=00101 HTTP/1.1" 200 613
120.253.135.82 - - [20/Oct/2021:09:12:28 +0800] "GET /xingrg/javascript/easyui/plugins/jquery.tree.js HTTP/1.1" 304 -
120.253.135.82 - - [20/Oct/2021:09:12:28 +0800] "GET /xingrg/javascript/easyui/themes/default/tree.css HTTP/1.1" 404 1090
120.253.135.82 - - [20/Oct/2021:09:12:28 +0800] "POST /xingrg/all/common/load_tree.html?tree=materiel_sort_tree_json HTTP/1.1" 200 8912
120.253.135.82 - - [20/Oct/2021:09:12:29 +0800] "GET /xingrg/javascript/easyui/themes/sunny/images/tree_arrows.gif HTTP/1.1" 304 -
120.253.135.82 - - [20/Oct/2021:09:12:29 +0800] "GET /xingrg/javascript/easyui/themes/sunny/images/tree_folder_open.gif HTTP/1.1" 304 -
120.253.135.82 - - [20/Oct/2021:09:12:29 +0800] "GET /xingrg/javascript/easyui/themes/sunny/images/tree_folder.gif HTTP/1.1" 304 -
120.253.135.82 - - [20/Oct/2021:09:12:29 +0800] "GET /xingrg/javascript/easyui/themes/sunny/images/tree_file.gif HTTP/1.1" 304 -
120.253.135.82 - - [20/Oct/2021:09:12:29 +0800] "GET /xingrg/css/images/panel_loading.gif HTTP/1.1" 304 -
120.253.135.82 - - [20/Oct/2021:09:12:29 +0800] "POST /xingrg/all/common/load_combo.html?type=base HTTP/1.1" 200 1075
58.221.95.50 - - [20/Oct/2021:09:12:34 +0800] "GET /xingrg/check_reg.html?_=1634692350488 HTTP/1.1" 302 -
58.221.95.50 - - [20/Oct/2021:09:12:34 +0800] "GET /xingrg/login.html HTTP/1.1" 200 7641
116.227.210.113 - - [20/Oct/2021:09:12:36 +0800] "GET /xingrg/kc/buy/cgsh_order_operate.html?command=get_materiel&rest_code=00155&code=00101006174&supplier_code=00100012&order_time=2021-10-20 HTTP/1.1" 200 414
116.238.248.233 - - [20/Oct/2021:09:12:36 +0800] "GET /xingrg/all/function/internal_message.html?_=1634692350406&CODE_STATE=getMsg HTTP/1.1" 200 27
120.253.135.82 - - [20/Oct/2021:09:12:39 +0800] "POST /xingrg/kc/base/stock_operate.html HTTP/1.1" 200 1463
120.253.135.82 - - [20/Oct/2021:09:12:39 +0800] "GET /xingrg/javascript/jquery_tools/fix_table.js HTTP/1.1" 304 -
116.227.210.113 - - [20/Oct/2021:09:12:42 +0800] "GET /xingrg/kc/buy/cgsh_order_operate.html?command=get_materiel&rest_code=00155&code=00101006065&supplier_code=00100012&order_time=2021-10-20 HTTP/1.1" 200 409
120.253.135.82 - - [20/Oct/2021:09:12:53 +0800] "POST /xingrg/kc/base/stock_operate.html HTTP/1.1" 200 1474
116.237.74.154 - - [20/Oct/2021:09:12:54 +0800] "GET /xingrg/all/function/internal_message.html?_=1634692368693&CODE_STATE=getMsg HTTP/1.1" 200 27
58.35.215.131 - - [20/Oct/2021:09:12:55 +0800] "GET /xingrg/all/function/internal_message.html?_=1634692372689&CODE_STATE=getMsg HTTP/1.1" 200 27
58.39.139.200 - - [20/Oct/2021:09:12:57 +0800] "GET /xingrg/all/function/internal_message.html?_=1634692376431&CODE_STATE=getMsg HTTP/1.1" 200 27
116.227.210.113 - - [20/Oct/2021:09:12:58 +0800] "GET /xingrg/kc/buy/cgsh_order_operate.html?command=get_materiel&rest_code=00155&code=00101006079&supplier_code=00100012&order_time=2021-10-20 HTTP/1.1" 200 409
120.253.135.82 - - [20/Oct/2021:09:12:59 +0800] "GET /xingrg/all/function/internal_message.html?_=1634692357235&CODE_STATE=getMsg HTTP/1.1" 200 27
120.253.135.82 - - [20/Oct/2021:09:13:01 +0800] "POST /xingrg/kc/base/stock_operate.html HTTP/1.1" 200 1485
116.232.51.223 - - [20/Oct/2021:09:13:03 +0800] "GET /xingrg/all/function/internal_message.html?_=1634692380423&CODE_STATE=getMsg HTTP/1.1" 200 27
116.227.210.113 - - [20/Oct/2021:09:13:06 +0800] "GET /xingrg/all/function/internal_message.html?_=1634692357973&CODE_STATE=getMsg HTTP/1.1" 200 27
116.227.210.113 - - [20/Oct/2021:09:13:11 +0800] "GET /xingrg/kc/buy/cgsh_order_operate.html?command=get_materiel&rest_code=00155&code=00101006178&supplier_code=00100012&order_time=2021-10-20 HTTP/1.1" 200 409
114.85.125.222 - - [20/Oct/2021:09:13:13 +0800] "GET /xingrg/all/function/internal_message.html?_=1634692337221&CODE_STATE=getMsg HTTP/1.1" 200 27
120.253.135.82 - - [20/Oct/2021:09:13:13 +0800] "POST /xingrg/kc/base/stock_operate.html HTTP/1.1" 200 1460
116.235.242.57 - - [20/Oct/2021:09:13:18 +0800] "GET /xingrg/all/function/internal_message.html?_=1634692404396&CODE_STATE=getMsg HTTP/1.1" 200 27
116.235.92.31 - - [20/Oct/2021:09:13:18 +0800] "GET /favicon.ico HTTP/1.1" 404 -
116.227.210.113 - - [20/Oct/2021:09:13:20 +0800] "POST /xingrg/kc/buy/cgsh_order_operate.html HTTP/1.1" 200 37
116.227.210.113 - - [20/Oct/2021:09:13:22 +0800] "POST /xingrg/kc/buy/cgsh_order_operate.html HTTP/1.1" 200 6798
116.227.210.113 - - [20/Oct/2021:09:13:24 +0800] "GET /xingrg/kc/print/load_data.html?order_code=212021102008652&kc_code=cgsh&condition= HTTP/1.1" 200 2343
120.253.135.82 - - [20/Oct/2021:09:13:24 +0800] "GET /xingrg/all/function/internal_message.html?_=1634692171688&CODE_STATE=getMsg HTTP/1.1" 200 27
116.227.210.113 - - [20/Oct/2021:09:13:28 +0800] "GET /xingrg/kc/print/load_data.html?order_code=212021102008652&kc_code=cgsh HTTP/1.1" 200 2343
116.238.248.233 - - [20/Oct/2021:09:13:36 +0800] "GET /xingrg/all/function/internal_message.html?_=1634692410407&CODE_STATE=getMsg HTTP/1.1" 200 27
114.85.125.222 - - [20/Oct/2021:09:13:40 +0800] "POST /xingrg/kc/buy/cgsh_order_operate.html HTTP/1.1" 200 37
114.85.125.222 - - [20/Oct/2021:09:13:43 +0800] "POST /xingrg/kc/buy/cgsh_order_operate.html HTTP/1.1" 200 12
116.227.210.113 - - [20/Oct/2021:09:13:43 +0800] "GET /xingrg/kc/buy/cgsh_order_add.html HTTP/1.1" 200 64647
116.227.210.113 - - [20/Oct/2021:09:13:43 +0800] "POST /xingrg/kc/buy/cgsh_order_operate.html HTTP/1.1" 200 8245
116.227.210.113 - - [20/Oct/2021:09:13:43 +0800] "GET /xingrg/javascript/easyui/themes/default/validatebox.css HTTP/1.1" 404 1104
114.85.125.222 - - [20/Oct/2021:09:13:44 +0800] "GET /xingrg/kc/buy/cgsh_order_info.html?code=212021102008639 HTTP/1.1" 200 59528
114.85.125.222 - - [20/Oct/2021:09:13:44 +0800] "GET /xingrg/javascript/easyui/themes/default/validatebox.css HTTP/1.1" 404 1104
114.85.125.222 - - [20/Oct/2021:09:13:44 +0800] "POST /xingrg/kc/buy/cgsh_order_operate.html HTTP/1.1" 200 15399
114.85.125.222 - - [20/Oct/2021:09:13:46 +0800] "GET /xingrg/kc/print/load_data.html?order_code=212021102008639&kc_code=cgsh&condition= HTTP/1.1" 200 6383
180.161.71.227 - - [20/Oct/2021:09:13:46 +0800] "GET /favicon.ico HTTP/1.1" 404 -
180.161.71.227 - - [20/Oct/2021:09:13:47 +0800] "GET /favicon.ico HTTP/1.1" 404 -
180.161.71.227 - - [20/Oct/2021:09:13:47 +0800] "GET /favicon.ico HTTP/1.1" 404 -
180.161.71.227 - - [20/Oct/2021:09:13:48 +0800] "GET /favicon.ico HTTP/1.1" 404 -
180.161.71.227 - - [20/Oct/2021:09:13:49 +0800] "GET /favicon.ico HTTP/1.1" 404 -
180.161.71.227 - - [20/Oct/2021:09:13:49 +0800] "GET /favicon.ico HTTP/1.1" 404 -
116.227.210.113 - - [20/Oct/2021:09:13:52 +0800] "GET /xingrg/kc/buy/cgsh_order_operate.html?command=get_materiel&rest_code=00155&code=00101007061&supplier_code=00100002&order_time=2021-10-20 HTTP/1.1" 200 409
61.151.207.158 - - [20/Oct/2021:09:13:54 +0800] "GET /xingrg/all/function/internal_message.html?_=1634692368693&CODE_STATE=getMsg HTTP/1.1" 302 -
116.237.74.154 - - [20/Oct/2021:09:13:54 +0800] "GET /xingrg/all/function/internal_message.html?_=1634692428662&CODE_STATE=getMsg HTTP/1.1" 200 27
61.151.207.158 - - [20/Oct/2021:09:13:54 +0800] "GET /xingrg/login.html HTTP/1.1" 200 7641
180.161.71.227 - - [20/Oct/2021:09:13:54 +0800] "GET /xingrg/login.html HTTP/1.1" 200 7641
58.35.215.131 - - [20/Oct/2021:09:13:55 +0800] "GET /xingrg/check_reg.html?_=1634692432675 HTTP/1.1" 200 22
58.35.215.131 - - [20/Oct/2021:09:13:55 +0800] "GET /xingrg/all/function/internal_message.html?_=1634692432676&CODE_STATE=getMsg HTTP/1.1" 200 27
114.85.125.222 - - [20/Oct/2021:09:13:55 +0800] "POST /xingrg/kc/buy/cgsh_list_operate.html HTTP/1.1" 200 495
114.85.125.222 - - [20/Oct/2021:09:13:56 +0800] "GET /xingrg/kc/buy/cgsh_order_info.html?code=212021102008640 HTTP/1.1" 200 64624
114.85.125.222 - - [20/Oct/2021:09:13:56 +0800] "GET /xingrg/javascript/easyui/themes/default/validatebox.css HTTP/1.1" 404 1104
114.85.125.222 - - [20/Oct/2021:09:13:57 +0800] "POST /xingrg/kc/buy/cgsh_order_operate.html HTTP/1.1" 200 5012
180.161.71.227 - - [20/Oct/2021:09:13:57 +0800] "GET /xingrg/images/blue/jxLogo.png HTTP/1.1" 304 -
180.161.71.227 - - [20/Oct/2021:09:13:57 +0800] "GET /xingrg/images/blue/login_bg.png HTTP/1.1" 304 -
180.161.71.227 - - [20/Oct/2021:09:13:57 +0800] "GET /xingrg/images/blue/hj.png HTTP/1.1" 304 -
180.161.71.227 - - [20/Oct/2021:09:13:57 +0800] "GET /xingrg/images/blue/srbg.png HTTP/1.1" 304 -
58.39.139.200 - - [20/Oct/2021:09:13:57 +0800] "GET /xingrg/all/function/internal_message.html?_=1634692436417&CODE_STATE=getMsg HTTP/1.1" 200 27
180.161.71.227 - - [20/Oct/2021:09:13:58 +0800] "GET /favicon.ico HTTP/1.1" 404 -
120.253.135.82 - - [20/Oct/2021:09:14:00 +0800] "GET /xingrg/all/function/internal_message.html?_=1634692417265&CODE_STATE=getMsg HTTP/1.1" 200 27
180.161.71.227 - - [20/Oct/2021:09:14:03 +0800] "POST /xingrg/login.do HTTP/1.1" 302 -
180.161.71.227 - - [20/Oct/2021:09:14:03 +0800] "GET /xingrg/javascript/jquery_easy_ui/themes/default/easyui.css HTTP/1.1" 304 -
180.161.71.227 - - [20/Oct/2021:09:14:03 +0800] "GET /xingrg/index.html?sysBaseUrl=http%3A%2F%2F180.169.147.146%3A18081%2Fxingrg%2F&costTime=40×tamp=1634692443008 HTTP/1.1" 200 17173
180.161.71.227 - - [20/Oct/2021:09:14:03 +0800] "GET /xingrg/css/form.css HTTP/1.1" 304 -
180.161.71.227 - - [20/Oct/2021:09:14:03 +0800] "GET /xingrg/javascript/jquery_easy_ui/themes/icon.css HTTP/1.1" 304 -
180.161.71.227 - - [20/Oct/2021:09:14:03 +0800] "GET /xingrg/javascript/jquery-1.4.2.min.js HTTP/1.1" 304 -
180.161.71.227 - - [20/Oct/2021:09:14:03 +0800] "GET /xingrg/javascript/jquery_easy_ui/jquery.easyui.min.js HTTP/1.1" 304 -
180.161.71.227 - - [20/Oct/2021:09:14:03 +0800] "GET /xingrg/javascript/jquery_easy_ui/easyui-lang-zh_CN.js HTTP/1.1" 304 -
180.161.71.227 - - [20/Oct/2021:09:14:03 +0800] "GET /xingrg/javascript/jquery.form.js HTTP/1.1" 304 -
180.161.71.227 - - [20/Oct/2021:09:14:03 +0800] "GET /xingrg/javascript/jquery.utils.js HTTP/1.1" 304 -
180.161.71.227 - - [20/Oct/2021:09:14:03 +0800] "GET /xingrg/javascript/jquery.timers.js HTTP/1.1" 304 -
116.232.51.223 - - [20/Oct/2021:09:14:03 +0800] "GET /xingrg/all/function/internal_message.html?_=1634692440440&CODE_STATE=getMsg HTTP/1.1" 200 27
116.232.51.223 - - [20/Oct/2021:09:14:03 +0800] "GET /xingrg/check_reg.html?_=1634692440442 HTTP/1.1" 200 22
180.161.71.227 - - [20/Oct/2021:09:14:04 +0800] "GET /favicon.ico HTTP/1.1" 404 -
180.161.71.227 - - [20/Oct/2021:09:14:04 +0800] "GET /xingrg/images/blue/navBackgound.jpg HTTP/1.1" 304 -
180.161.71.227 - - [20/Oct/2021:09:14:04 +0800] "GET /xingrg/javascript/jquery_easy_ui/themes/icons/settle_new.png HTTP/1.1" 304 -
180.161.71.227 - - [20/Oct/2021:09:14:04 +0800] "POST /xingrg/all/common/load_tree.html?tree=area_rest_tree_json&manage=1 HTTP/1.1" 200 342
180.161.71.227 - - [20/Oct/2021:09:14:04 +0800] "GET /xingrg/images/blue/pingpu.png HTTP/1.1" 304 -
180.161.71.227 - - [20/Oct/2021:09:14:04 +0800] "GET /xingrg/javascript/jquery_easy_ui/themes/default/images/tabs_leftarrow.png HTTP/1.1" 304 -
180.161.71.227 - - [20/Oct/2021:09:14:04 +0800] "GET /xingrg/javascript/jquery_easy_ui/themes/default/images/tabs_rightarrow.png HTTP/1.1" 304 -
180.161.71.227 - - [20/Oct/2021:09:14:04 +0800] "GET /xingrg/javascript/jquery_easy_ui/themes/default/images/panel_tool_collapse.gif HTTP/1.1" 304 -
180.161.71.227 - - [20/Oct/2021:09:14:04 +0800] "GET /xingrg/check_reg.html?_=1634692427023 HTTP/1.1" 200 22
180.161.71.227 - - [20/Oct/2021:09:14:04 +0800] "GET /xingrg/all/function/internal_message.html?_=1634692427022&CODE_STATE=count HTTP/1.1" 200 11
180.161.71.227 - - [20/Oct/2021:09:14:04 +0800] "POST /xingrg/load_menu.html HTTP/1.1" 200 5138
180.161.71.227 - - [20/Oct/2021:09:14:04 +0800] "GET /xingrg/javascript/jquery_easy_ui/themes/default/images/tree_arrows.gif HTTP/1.1" 304 -
180.161.71.227 - - [20/Oct/2021:09:14:05 +0800] "GET /xingrg/javascript/jquery_easy_ui/themes/default/images/tree_folder_open.gif HTTP/1.1" 304 -
180.161.71.227 - - [20/Oct/2021:09:14:05 +0800] "GET /xingrg/javascript/jquery_easy_ui/themes/icons/search_new.png HTTP/1.1" 304 -
180.161.71.227 - - [20/Oct/2021:09:14:05 +0800] "GET /xingrg/javascript/jquery_easy_ui/themes/default/images/tree_folder.gif HTTP/1.1" 304 -
180.161.71.227 - - [20/Oct/2021:09:14:05 +0800] "GET /xingrg/javascript/jquery_easy_ui/themes/icons/storage_new.png HTTP/1.1" 304 -
180.161.71.227 - - [20/Oct/2021:09:14:05 +0800] "GET /xingrg/javascript/jquery_easy_ui/themes/icons/forms_new.png HTTP/1.1" 304 -
180.161.71.227 - - [20/Oct/2021:09:14:05 +0800] "GET /xingrg/javascript/jquery_easy_ui/themes/default/images/tree_file.gif HTTP/1.1" 304 -
116.227.210.113 - - [20/Oct/2021:09:14:06 +0800] "GET /xingrg/all/function/internal_message.html?_=1634692417971&CODE_STATE=getMsg HTTP/1.1" 200 27
116.227.210.113 - - [20/Oct/2021:09:14:06 +0800] "GET /xingrg/check_reg.html?_=1634692417972 HTTP/1.1" 200 22
116.227.210.113 - - [20/Oct/2021:09:14:10 +0800] "GET /xingrg/kc/buy/cgsh_order_operate.html?command=get_materiel&rest_code=00155&code=00101007049&supplier_code=00100002&order_time=2021-10-20 HTTP/1.1" 200 409
114.85.125.222 - - [20/Oct/2021:09:14:15 +0800] "POST /xingrg/kc/buy/cgsh_order_operate.html HTTP/1.1" 200 37
116.227.210.113 - - [20/Oct/2021:09:14:16 +0800] "GET /xingrg/kc/buy/cgsh_order_operate.html?command=get_materiel&rest_code=00155&code=00101007032&supplier_code=00100002&order_time=2021-10-20 HTTP/1.1" 200 413
120.253.135.82 - - [20/Oct/2021:09:14:17 +0800] "POST /xingrg/kc/base/stock_operate.html HTTP/1.1" 200 1474
116.235.242.57 - - [20/Oct/2021:09:14:18 +0800] "GET /xingrg/all/function/internal_message.html?_=1634692464410&CODE_STATE=getMsg HTTP/1.1" 200 27
114.85.125.222 - - [20/Oct/2021:09:14:19 +0800] "POST /xingrg/kc/buy/cgsh_order_operate.html HTTP/1.1" 200 12
114.85.125.222 - - [20/Oct/2021:09:14:19 +0800] "GET /xingrg/kc/buy/cgsh_order_info.html?code=212021102008640 HTTP/1.1" 200 59528
114.85.125.222 - - [20/Oct/2021:09:14:20 +0800] "GET /xingrg/javascript/easyui/themes/default/validatebox.css HTTP/1.1" 404 1104
114.85.125.222 - - [20/Oct/2021:09:14:20 +0800] "POST /xingrg/kc/buy/cgsh_order_operate.html HTTP/1.1" 200 1786
114.85.125.222 - - [20/Oct/2021:09:14:20 +0800] "GET /xingrg/all/function/internal_message.html?_=1634692404770&CODE_STATE=getMsg HTTP/1.1" 200 27
116.227.210.113 - - [20/Oct/2021:09:14:22 +0800] "GET /xingrg/kc/buy/cgsh_order_operate.html?command=get_materiel&rest_code=00155&code=00101007048&supplier_code=00100002&order_time=2021-10-20 HTTP/1.1" 200 408
114.85.125.222 - - [20/Oct/2021:09:14:23 +0800] "GET /xingrg/kc/print/load_data.html?order_code=212021102008640&kc_code=cgsh&condition= HTTP/1.1" 200 1176
120.253.135.82 - - [20/Oct/2021:09:14:24 +0800] "GET /xingrg/all/function/internal_message.html?_=1634692231701&CODE_STATE=getMsg HTTP/1.1" 200 27
116.227.210.113 - - [20/Oct/2021:09:14:29 +0800] "GET /xingrg/kc/buy/cgsh_order_operate.html?command=get_materiel&rest_code=00155&code=00101007023&supplier_code=00100002&order_time=2021-10-20 HTTP/1.1" 200 409
116.238.248.233 - - [20/Oct/2021:09:14:36 +0800] "GET /xingrg/all/function/internal_message.html?_=1634692470417&CODE_STATE=getMsg HTTP/1.1" 200 27
116.227.210.113 - - [20/Oct/2021:09:14:39 +0800] "GET /xingrg/kc/buy/cgsh_order_operate.html?command=get_materiel&rest_code=00155&code=00101007024&supplier_code=00100002&order_time=2021-10-20 HTTP/1.1" 200 415
180.161.71.227 - - [20/Oct/2021:09:14:41 +0800] "GET /xingrg/javascript/jquery_easy_ui/themes/default/images/tabs_close.gif HTTP/1.1" 304 -
180.161.71.227 - - [20/Oct/2021:09:14:41 +0800] "GET /xingrg/kc/buy/cgsh_order_list.html HTTP/1.1" 200 48941
180.161.71.227 - - [20/Oct/2021:09:14:41 +0800] "GET /xingrg/css/base.css HTTP/1.1" 200 2811
180.161.71.227 - - [20/Oct/2021:09:14:41 +0800] "GET /xingrg/css/site.css HTTP/1.1" 200 7541
180.161.71.227 - - [20/Oct/2021:09:14:41 +0800] "GET /xingrg/javascript/easyui/themes/icon.css HTTP/1.1" 200 4483
180.161.71.227 - - [20/Oct/2021:09:14:41 +0800] "GET /xingrg/javascript/jquery_tools/datebox.css HTTP/1.1" 200 2597
180.161.71.227 - - [20/Oct/2021:09:14:41 +0800] "GET /xingrg/javascript/auto/jquery.autocomplete.css HTTP/1.1" 200 587
180.161.71.227 - - [20/Oct/2021:09:14:41 +0800] "GET /xingrg/javascript/jquery_tools/jquery.tools.min.js HTTP/1.1" 200 138801
180.161.71.227 - - [20/Oct/2021:09:14:41 +0800] "GET /xingrg/javascript/jquery_tools/table.css HTTP/1.1" 200 1032
180.161.71.227 - - [20/Oct/2021:09:14:41 +0800] "GET /xingrg/javascript/jquery_tools/fix.css HTTP/1.1" 200 1702
180.161.71.227 - - [20/Oct/2021:09:14:41 +0800] "GET /xingrg/javascript/jquery_tools/jquery.tools.table.js HTTP/1.1" 200 6994
180.161.71.227 - - [20/Oct/2021:09:14:41 +0800] "GET /xingrg/javascript/jquery_tools/jquery.tools.hotkey.js HTTP/1.1" 200 3242
180.161.71.227 - - [20/Oct/2021:09:14:41 +0800] "GET /xingrg/javascript/jquery.cookie.js HTTP/1.1" 200 5513
180.161.71.227 - - [20/Oct/2021:09:14:41 +0800] "GET /xingrg/javascript/jquery_tools/list_manager.js HTTP/1.1" 200 3652
180.161.71.227 - - [20/Oct/2021:09:14:41 +0800] "GET /xingrg/javascript/print/LodopFuncs.js HTTP/1.1" 200 5121
180.161.71.227 - - [20/Oct/2021:09:14:41 +0800] "GET /xingrg/javascript/easyui/easyloader.js HTTP/1.1" 200 5975
180.161.71.227 - - [20/Oct/2021:09:14:41 +0800] "GET /xingrg/javascript/jquery_tools/jquery.tools.extend.js HTTP/1.1" 200 15385
180.161.71.227 - - [20/Oct/2021:09:14:41 +0800] "GET /xingrg/javascript/easyui/themes/default/easyui.css HTTP/1.1" 200 30432
180.161.71.227 - - [20/Oct/2021:09:14:41 +0800] "GET /xingrg/javascript/auto/jquery.autocomplete.js HTTP/1.1" 200 21624
58.39.139.200 - - [20/Oct/2021:09:14:43 +0800] "GET /xingrg/kc/base/wldb_order_list.html HTTP/1.1" 200 19224
58.39.139.200 - - [20/Oct/2021:09:14:43 +0800] "POST /xingrg/kc/base/wldb_list_operate.html HTTP/1.1" 200 928
58.39.139.200 - - [20/Oct/2021:09:14:44 +0800] "GET /xingrg/kc/base/wldb_order_add.html HTTP/1.1" 200 30438
180.161.71.227 - - [20/Oct/2021:09:14:44 +0800] "GET /xingrg/javascript/easyui/themes/icons/edit_add_new.png HTTP/1.1" 200 2997
180.161.71.227 - - [20/Oct/2021:09:14:44 +0800] "GET /xingrg/javascript/easyui/themes/icons/cance_new.png HTTP/1.1" 200 3986
180.161.71.227 - - [20/Oct/2021:09:14:44 +0800] "GET /xingrg/javascript/easyui/themes/icons/check_new.png HTTP/1.1" 200 3224
180.161.71.227 - - [20/Oct/2021:09:14:44 +0800] "GET /xingrg/javascript/easyui/themes/icons/field_new.png HTTP/1.1" 200 1097
180.161.71.227 - - [20/Oct/2021:09:14:44 +0800] "GET /xingrg/javascript/easyui/themes/icons/import_new.png HTTP/1.1" 200 1247
58.39.139.200 - - [20/Oct/2021:09:14:44 +0800] "GET /xingrg/all/common/auto_word.html?type=base&rest_code=00105 HTTP/1.1" 200 1811
58.39.139.200 - - [20/Oct/2021:09:14:44 +0800] "GET /xingrg/all/common/auto_word.html?type=base&rest_code=00105 HTTP/1.1" 200 1811
58.39.139.200 - - [20/Oct/2021:09:14:44 +0800] "GET /xingrg/javascript/easyui/themes/default/validatebox.css HTTP/1.1" 404 1104
180.161.71.227 - - [20/Oct/2021:09:14:44 +0800] "GET /xingrg/javascript/easyui/plugins/jquery.parser.js HTTP/1.1" 200 1142
180.161.71.227 - - [20/Oct/2021:09:14:44 +0800] "GET /xingrg/images/control/ajaxLoader.gif HTTP/1.1" 200 4659
58.39.139.200 - - [20/Oct/2021:09:14:44 +0800] "POST /xingrg/kc/base/wldb_order_operate.html HTTP/1.1" 200 6806
116.227.210.113 - - [20/Oct/2021:09:14:45 +0800] "GET /xingrg/kc/buy/cgsh_order_operate.html?command=get_materiel&rest_code=00155&code=00101007072&supplier_code=00100002&order_time=2021-10-20 HTTP/1.1" 200 413
180.161.71.227 - - [20/Oct/2021:09:14:45 +0800] "POST /xingrg/kc/buy/cgsh_list_operate.html HTTP/1.1" 200 876
58.39.139.200 - - [20/Oct/2021:09:14:45 +0800] "GET /xingrg/css/images/panel_loading.gif HTTP/1.1" 304 -
58.39.139.200 - - [20/Oct/2021:09:14:45 +0800] "POST /xingrg/all/common/load_combo.html?type=base HTTP/1.1" 200 3236
180.161.71.227 - - [20/Oct/2021:09:14:46 +0800] "GET /xingrg/javascript/easyui/themes/default/images/button_plain_hover.png HTTP/1.1" 200 144
180.161.71.227 - - [20/Oct/2021:09:14:46 +0800] "GET /xingrg/javascript/pic_change.js HTTP/1.1" 304 -
180.161.71.227 - - [20/Oct/2021:09:14:46 +0800] "GET /xingrg/javascript/convert.js HTTP/1.1" 200 1239
180.161.71.227 - - [20/Oct/2021:09:14:46 +0800] "GET /xingrg/kc/buy/cgsh_order_add.html HTTP/1.1" 200 64638
180.161.71.227 - - [20/Oct/2021:09:14:46 +0800] "GET /xingrg/javascript/jquery_tools/order_manager.js HTTP/1.1" 200 11183
180.161.71.227 - - [20/Oct/2021:09:14:46 +0800] "GET /xingrg/javascript/json2.js HTTP/1.1" 200 11259
180.161.71.227 - - [20/Oct/2021:09:14:46 +0800] "GET /xingrg/javascript/print/kc_print.js HTTP/1.1" 200 11415
180.161.71.227 - - [20/Oct/2021:09:14:47 +0800] "GET /xingrg/words/20211019172902_words.js HTTP/1.1" 200 857349
180.161.71.227 - - [20/Oct/2021:09:14:48 +0800] "GET /xingrg/javascript/easyui/themes/icons/copy_new.png HTTP/1.1" 200 815
180.161.71.227 - - [20/Oct/2021:09:14:48 +0800] "GET /xingrg/javascript/easyui/themes/icons/template_new.png HTTP/1.1" 200 3956
180.161.71.227 - - [20/Oct/2021:09:14:48 +0800] "GET /xingrg/javascript/easyui/themes/default/images/menu_downarrow.png HTTP/1.1" 200 173
180.161.71.227 - - [20/Oct/2021:09:14:48 +0800] "GET /xingrg/javascript/easyui/themes/icons/print.png HTTP/1.1" 200 1057
180.161.71.227 - - [20/Oct/2021:09:14:48 +0800] "GET /xingrg/javascript/easyui/themes/icons/ok.png HTTP/1.1" 200 883
180.161.71.227 - - [20/Oct/2021:09:14:48 +0800] "GET /xingrg/javascript/easyui/themes/icons/cancel.png HTTP/1.1" 200 1133
116.237.74.154 - - [20/Oct/2021:09:14:48 +0800] "GET /xingrg/check_reg.html?_=1634692482410 HTTP/1.1" 200 22
180.161.71.227 - - [20/Oct/2021:09:14:49 +0800] "POST /xingrg/kc/buy/cgsh_order_operate.html HTTP/1.1" 200 8245
180.161.71.227 - - [20/Oct/2021:09:14:49 +0800] "GET /xingrg/javascript/easyui/themes/icons/edit_remove.png HTTP/1.1" 200 625
180.161.71.227 - - [20/Oct/2021:09:14:49 +0800] "GET /xingrg/all/common/auto_word.html?type=employee&rest_code=00102 HTTP/1.1" 200 189
180.161.71.227 - - [20/Oct/2021:09:14:49 +0800] "GET /xingrg/all/common/auto_word.html?type=employee&rest_code=00102 HTTP/1.1" 200 189
180.161.71.227 - - [20/Oct/2021:09:14:49 +0800] "GET /xingrg/javascript/easyui/themes/default/validatebox.css HTTP/1.1" 404 1104
180.161.71.227 - - [20/Oct/2021:09:14:49 +0800] "GET /xingrg/javascript/easyui/plugins/jquery.validatebox.js HTTP/1.1" 200 6103
180.161.71.227 - - [20/Oct/2021:09:14:49 +0800] "GET /xingrg/javascript/easyui/plugins/jquery.numberbox.js HTTP/1.1" 200 5213
116.227.210.113 - - [20/Oct/2021:09:14:50 +0800] "GET /xingrg/kc/buy/cgsh_order_operate.html?command=get_materiel&rest_code=00155&code=00101007077&supplier_code=00100002&order_time=2021-10-20 HTTP/1.1" 200 415
