116.235.242.57 - - [20/Oct/2021:11:24:59 +0800] "GET /xingrg/dwr/engine.js HTTP/1.1" 200 43631
116.235.242.57 - - [20/Oct/2021:11:24:59 +0800] "POST /xingrg/dwr/call/plaincall/AjaxYddbService.loadMaterielItems.dwr HTTP/1.1" 200 468
180.169.147.146 - - [20/Oct/2021:11:25:04 +0800] "GET /xingrg/all/function/internal_message.html?_=1634700300631&CODE_STATE=getMsg HTTP/1.1" 200 27
116.235.242.57 - - [20/Oct/2021:11:25:04 +0800] "GET /xingrg/kc/base/wldb_order_list.html HTTP/1.1" 200 19230
116.235.242.57 - - [20/Oct/2021:11:25:04 +0800] "POST /xingrg/kc/base/wldb_list_operate.html HTTP/1.1" 200 928
116.235.242.57 - - [20/Oct/2021:11:25:05 +0800] "GET /xingrg/kc/base/yddb_order_list.html HTTP/1.1" 200 16836
116.235.242.57 - - [20/Oct/2021:11:25:05 +0800] "POST /xingrg/kc/base/yddb_list_operate.html HTTP/1.1" 200 636
180.169.147.146 - - [20/Oct/2021:11:25:05 +0800] "GET /xingrg/check_reg.html?_=1634700302291 HTTP/1.1" 200 22
180.169.147.146 - - [20/Oct/2021:11:25:05 +0800] "GET /xingrg/all/function/internal_message.html?_=1634700302293&CODE_STATE=getMsg HTTP/1.1" 200 27
116.227.210.113 - - [20/Oct/2021:11:25:06 +0800] "GET /xingrg/all/function/internal_message.html?_=1634700277693&CODE_STATE=getMsg HTTP/1.1" 200 27
116.235.242.57 - - [20/Oct/2021:11:25:10 +0800] "POST /xingrg/kc/base/yddb_list_operate.html HTTP/1.1" 200 4375
180.161.71.227 - - [20/Oct/2021:11:25:10 +0800] "POST /xingrg/kc/base/wldb_order_operate.html HTTP/1.1" 200 37
116.232.51.223 - - [20/Oct/2021:11:25:11 +0800] "GET /xingrg/all/function/internal_message.html?_=1634700308071&CODE_STATE=getMsg HTTP/1.1" 200 27
180.161.71.227 - - [20/Oct/2021:11:25:13 +0800] "POST /xingrg/kc/base/wldb_order_operate.html HTTP/1.1" 200 12
180.161.71.227 - - [20/Oct/2021:11:25:13 +0800] "POST /xingrg/kc/base/wldb_order_operate.html HTTP/1.1" 200 4706
180.161.71.227 - - [20/Oct/2021:11:25:14 +0800] "GET /xingrg/kc/base/wldb_order_info.html?code=422021102002067 HTTP/1.1" 200 26311
180.161.71.227 - - [20/Oct/2021:11:25:17 +0800] "POST /xingrg/kc/base/wldb_order_operate.html HTTP/1.1" 200 2945
180.169.147.146 - - [20/Oct/2021:11:25:18 +0800] "GET /xingrg/all/function/internal_message.html?_=1634700314672&CODE_STATE=getMsg HTTP/1.1" 200 27
180.161.71.227 - - [20/Oct/2021:11:25:19 +0800] "GET /xingrg/javascript/easyui/themes/default/validatebox.css HTTP/1.1" 404 1104
180.161.71.227 - - [20/Oct/2021:11:25:21 +0800] "GET /xingrg/kc/base/wldb_order_add.html HTTP/1.1" 200 30434
114.85.125.222 - - [20/Oct/2021:11:25:22 +0800] "GET /xingrg/all/function/internal_message.html?_=1634700265925&CODE_STATE=getMsg HTTP/1.1" 200 27
180.161.71.227 - - [20/Oct/2021:11:25:24 +0800] "POST /xingrg/kc/base/wldb_order_operate.html HTTP/1.1" 200 6806
180.169.147.146 - - [20/Oct/2021:11:25:25 +0800] "GET /xingrg/all/function/internal_message.html?_=1634700322077&CODE_STATE=getMsg HTTP/1.1" 200 27
180.161.71.227 - - [20/Oct/2021:11:25:26 +0800] "GET /xingrg/javascript/easyui/themes/default/validatebox.css HTTP/1.1" 404 1104
180.161.71.227 - - [20/Oct/2021:11:25:27 +0800] "POST /xingrg/all/common/load_combo.html?type=base HTTP/1.1" 200 3060
180.161.71.227 - - [20/Oct/2021:11:25:27 +0800] "GET /xingrg/all/function/internal_message.html?_=1634700309965&CODE_STATE=getMsg HTTP/1.1" 200 27
116.235.242.57 - - [20/Oct/2021:11:25:29 +0800] "GET /xingrg/all/function/internal_message.html?_=1634700336276&CODE_STATE=getMsg HTTP/1.1" 200 27
180.161.71.227 - - [20/Oct/2021:11:25:30 +0800] "POST /xingrg/all/common/load_combo.html?type=base HTTP/1.1" 200 3060
116.238.248.233 - - [20/Oct/2021:11:25:36 +0800] "GET /xingrg/all/function/internal_message.html?_=1634700331066&CODE_STATE=getMsg HTTP/1.1" 200 27
116.237.74.154 - - [20/Oct/2021:11:25:37 +0800] "GET /xingrg/all/function/internal_message.html?_=1634700338562&CODE_STATE=getMsg HTTP/1.1" 200 27
116.237.74.154 - - [20/Oct/2021:11:25:37 +0800] "GET /xingrg/check_reg.html?_=1634700338565 HTTP/1.1" 200 22
101.85.106.134 - - [20/Oct/2021:11:25:43 +0800] "GET /xingrg/all/function/internal_message.html?_=1634700339908&CODE_STATE=getMsg HTTP/1.1" 200 27
120.253.135.82 - - [20/Oct/2021:11:25:46 +0800] "GET /xingrg/all/function/internal_message.html?_=1634700342757&CODE_STATE=getMsg HTTP/1.1" 200 27
180.169.147.146 - - [20/Oct/2021:11:25:48 +0800] "GET /xingrg/all/function/internal_message.html?_=1634700347207&CODE_STATE=getMsg HTTP/1.1" 200 27
180.169.147.146 - - [20/Oct/2021:11:25:48 +0800] "GET /xingrg/check_reg.html?_=1634700347209 HTTP/1.1" 200 22
180.169.147.146 - - [20/Oct/2021:11:25:49 +0800] "POST /xingrg/kc/buy/cgsh_list_operate.html HTTP/1.1" 200 598
120.253.135.82 - - [20/Oct/2021:11:25:51 +0800] "GET /xingrg/all/function/internal_message.html?_=1634700117646&CODE_STATE=getMsg HTTP/1.1" 200 27
180.161.71.227 - - [20/Oct/2021:11:25:51 +0800] "GET /xingrg/kc/base/wldb_order_operate.html?command=get_materiel&rest_code=00102&base_code=0010476&code=00101019430 HTTP/1.1" 200 463
116.237.74.154 - - [20/Oct/2021:11:25:53 +0800] "GET /xingrg/all/function/internal_message.html?_=1634700347543&CODE_STATE=getMsg HTTP/1.1" 200 27
180.169.147.146 - - [20/Oct/2021:11:25:54 +0800] "POST /xingrg/kc/buy/cgsh_list_operate.html HTTP/1.1" 200 202
58.35.215.131 - - [20/Oct/2021:11:25:55 +0800] "GET /xingrg/all/function/internal_message.html?_=1634700352685&CODE_STATE=getMsg HTTP/1.1" 200 27
180.161.71.227 - - [20/Oct/2021:11:25:55 +0800] "GET /xingrg/all/function/internal_message.html?_=1634700352163&CODE_STATE=getMsg HTTP/1.1" 200 27
180.169.147.146 - - [20/Oct/2021:11:25:55 +0800] "GET /xingrg/kc/buy/cgsh_order_info.html?code=212021082209989 HTTP/1.1" 200 59481
180.169.147.146 - - [20/Oct/2021:11:25:55 +0800] "GET /xingrg/javascript/easyui/themes/default/validatebox.css HTTP/1.1" 404 1104
180.169.147.146 - - [20/Oct/2021:11:25:56 +0800] "POST /xingrg/kc/buy/cgsh_order_operate.html HTTP/1.1" 200 615
101.85.106.134 - - [20/Oct/2021:11:25:56 +0800] "GET /xingrg/javascript/easyui/themes/sunny/images/ui-bg_gloss-wave_60_fece2f_500x100.png HTTP/1.1" 200 3512
222.70.179.155 - - [20/Oct/2021:11:25:57 +0800] "GET /xingrg/all/function/internal_message.html?_=1634700347203&CODE_STATE=getMsg HTTP/1.1" 200 27
222.70.179.155 - - [20/Oct/2021:11:25:57 +0800] "GET /xingrg/check_reg.html?_=1634700347252 HTTP/1.1" 200 22
58.39.139.200 - - [20/Oct/2021:11:25:58 +0800] "GET /xingrg/all/function/internal_message.html?_=1634700356589&CODE_STATE=getMsg HTTP/1.1" 200 27
180.169.147.146 - - [20/Oct/2021:11:26:04 +0800] "GET /xingrg/all/function/internal_message.html?_=1634700360643&CODE_STATE=getMsg HTTP/1.1" 200 27
180.169.147.146 - - [20/Oct/2021:11:26:04 +0800] "GET /xingrg/check_reg.html?_=1634700360648 HTTP/1.1" 200 22
180.169.147.146 - - [20/Oct/2021:11:26:05 +0800] "GET /xingrg/all/function/internal_message.html?_=1634700362305&CODE_STATE=getMsg HTTP/1.1" 200 27
116.227.210.113 - - [20/Oct/2021:11:26:06 +0800] "GET /xingrg/all/function/internal_message.html?_=1634700337679&CODE_STATE=getMsg HTTP/1.1" 200 27
180.169.147.146 - - [20/Oct/2021:11:26:10 +0800] "GET /xingrg/kc/buy/cgsh_order_info.html?code=212021080602633 HTTP/1.1" 200 59481
180.169.147.146 - - [20/Oct/2021:11:26:10 +0800] "GET /xingrg/javascript/easyui/themes/default/validatebox.css HTTP/1.1" 404 1104
116.232.51.223 - - [20/Oct/2021:11:26:11 +0800] "GET /xingrg/all/function/internal_message.html?_=1634700368071&CODE_STATE=getMsg HTTP/1.1" 200 27
180.169.147.146 - - [20/Oct/2021:11:26:11 +0800] "POST /xingrg/kc/buy/cgsh_order_operate.html HTTP/1.1" 200 5975
180.169.147.146 - - [20/Oct/2021:11:26:18 +0800] "GET /xingrg/all/function/internal_message.html?_=1634700374671&CODE_STATE=getMsg HTTP/1.1" 200 27
114.85.125.222 - - [20/Oct/2021:11:26:21 +0800] "GET /xingrg/check_reg.html?_=1634700325383 HTTP/1.1" 200 22
114.85.125.222 - - [20/Oct/2021:11:26:22 +0800] "GET /xingrg/all/function/internal_message.html?_=1634700325939&CODE_STATE=getMsg HTTP/1.1" 200 27
180.169.147.146 - - [20/Oct/2021:11:26:25 +0800] "GET /xingrg/all/function/internal_message.html?_=1634700382076&CODE_STATE=getMsg HTTP/1.1" 200 27
180.161.71.227 - - [20/Oct/2021:11:26:26 +0800] "POST /xingrg/kc/base/wldb_order_operate.html HTTP/1.1" 200 37
180.161.71.227 - - [20/Oct/2021:11:26:27 +0800] "GET /xingrg/all/function/internal_message.html?_=1634700369975&CODE_STATE=getMsg HTTP/1.1" 200 27
180.161.71.227 - - [20/Oct/2021:11:26:29 +0800] "POST /xingrg/kc/base/wldb_order_operate.html HTTP/1.1" 200 12
180.161.71.227 - - [20/Oct/2021:11:26:29 +0800] "POST /xingrg/kc/base/wldb_order_operate.html HTTP/1.1" 200 2729
116.235.242.57 - - [20/Oct/2021:11:26:29 +0800] "GET /xingrg/all/function/internal_message.html?_=1634700396281&CODE_STATE=getMsg HTTP/1.1" 200 27
180.161.71.227 - - [20/Oct/2021:11:26:30 +0800] "GET /xingrg/kc/base/wldb_order_info.html?code=422021102002068 HTTP/1.1" 200 26312
180.161.71.227 - - [20/Oct/2021:11:26:33 +0800] "POST /xingrg/kc/base/wldb_order_operate.html HTTP/1.1" 200 1012
120.253.135.82 - - [20/Oct/2021:11:26:33 +0800] "GET /xingrg/all/report/report_query.html?isQuery=1&fileName=kc/buy/wlcg_mx.xml&queryString=(CONVERT(char(10)%2Ca.order_time%2C%20120)%3E%3D'2021-08-01')%20and%20(CONVERT(char(10)%2Ca.order_time%2C%20120)%3C%3D'2021-09-30')%20and%20(a.supplier_code%20in%20('00100077'))%20and%20(a.number%3E0%20and%20a.supplier_code%3D'00100077')%20and%20(a.materiel_code%3D'00102006805')&queryText=%E3%80%90%E9%87%87%E8%B4%AD%E6%97%A5%E6%9C%9F%3A2021-08-01%20%E8%87%B3%202021-09-30%E3%80%91%20%E5%B9%B6%E4%B8%94%20%20%E3%80%90%E4%BE%9B%E5%BA%94%E5%95%86%20%3D%20%E9%87%91%E4%BC%98%E9%85%92%E5%BA%97%E3%80%91%20%E5%B9%B6%E4%B8%94%20%E3%80%90%E4%BE%9B%E5%BA%94%E5%95%86%3D%E9%87%91%E4%BC%98%E9%85%92%E5%BA%97%E3%80%91%20%E5%B9%B6%E4%B8%94%20%E3%80%90%E6%9D%90%E6%96%99%E5%90%8D%E7%A7%B0%20%3D%20%E4%BD%B3%E8%89%BA%E6%9D%AF%E3%80%91&rand=0.356401835267614 HTTP/1.1" 200 16411
120.253.135.82 - - [20/Oct/2021:11:26:33 +0800] "GET /xingrg/all/report/report_query.html?isQuery=1&fileName=kc/buy/wlcg_mx.xml&queryString=(CONVERT(char(10)%2Ca.order_time%2C%20120)%3E%3D'2021-08-01')%20and%20(CONVERT(char(10)%2Ca.order_time%2C%20120)%3C%3D'2021-09-30')%20and%20(a.supplier_code%20in%20('00100077'))%20and%20(a.number%3E0%20and%20a.supplier_code%3D'00100077')%20and%20(a.materiel_code%3D'00102006805')&queryText=%E3%80%90%E9%87%87%E8%B4%AD%E6%97%A5%E6%9C%9F%3A2021-08-01%20%E8%87%B3%202021-09-30%E3%80%91%20%E5%B9%B6%E4%B8%94%20%20%E3%80%90%E4%BE%9B%E5%BA%94%E5%95%86%20%3D%20%E9%87%91%E4%BC%98%E9%85%92%E5%BA%97%E3%80%91%20%E5%B9%B6%E4%B8%94%20%E3%80%90%E4%BE%9B%E5%BA%94%E5%95%86%3D%E9%87%91%E4%BC%98%E9%85%92%E5%BA%97%E3%80%91%20%E5%B9%B6%E4%B8%94%20%E3%80%90%E6%9D%90%E6%96%99%E5%90%8D%E7%A7%B0%20%3D%20%E4%BD%B3%E8%89%BA%E6%9D%AF%E3%80%91&rand=0.356401835267614 HTTP/1.1" 200 52253
120.253.135.82 - - [20/Oct/2021:11:26:33 +0800] "GET /xingrg/dwr/engine.js HTTP/1.1" 200 43631
120.253.135.82 - - [20/Oct/2021:11:26:34 +0800] "POST /xingrg/all/report/load_report_page.html HTTP/1.1" 200 18812
120.253.135.82 - - [20/Oct/2021:11:26:34 +0800] "GET /xingrg/servlets/image?cache=0.8013759620436661&image=px HTTP/1.1" 200 807
180.161.71.227 - - [20/Oct/2021:11:26:35 +0800] "GET /xingrg/javascript/easyui/themes/default/validatebox.css HTTP/1.1" 404 1104
180.161.71.227 - - [20/Oct/2021:11:26:36 +0800] "GET /xingrg/kc/base/wldb_order_add.html HTTP/1.1" 200 30434
116.238.248.233 - - [20/Oct/2021:11:26:36 +0800] "GET /xingrg/check_reg.html?_=1634700391075 HTTP/1.1" 200 22
116.238.248.233 - - [20/Oct/2021:11:26:36 +0800] "GET /xingrg/all/function/internal_message.html?_=1634700391079&CODE_STATE=getMsg HTTP/1.1" 200 27
116.237.74.154 - - [20/Oct/2021:11:26:37 +0800] "GET /xingrg/all/function/internal_message.html?_=1634700398565&CODE_STATE=getMsg HTTP/1.1" 200 27
120.253.135.82 - - [20/Oct/2021:11:26:38 +0800] "GET /xingrg/kc/buy/cgsh_order_info.html?isLook=1&code=212021080904271 HTTP/1.1" 200 59550
120.253.135.82 - - [20/Oct/2021:11:26:38 +0800] "GET /favicon.ico HTTP/1.1" 404 -
120.253.135.82 - - [20/Oct/2021:11:26:38 +0800] "GET /xingrg/javascript/easyui/themes/default/validatebox.css HTTP/1.1" 404 1104
120.253.135.82 - - [20/Oct/2021:11:26:39 +0800] "POST /xingrg/kc/buy/cgsh_order_operate.html HTTP/1.1" 200 5954
222.70.179.155 - - [20/Oct/2021:11:26:39 +0800] "GET /xingrg/kc/base/wldb_order_list.html HTTP/1.1" 200 19224
180.161.71.227 - - [20/Oct/2021:11:26:40 +0800] "POST /xingrg/kc/base/wldb_order_operate.html HTTP/1.1" 200 6806
222.70.179.155 - - [20/Oct/2021:11:26:40 +0800] "POST /xingrg/kc/base/wldb_list_operate.html HTTP/1.1" 200 928
222.70.179.155 - - [20/Oct/2021:11:26:41 +0800] "GET /xingrg/kc/base/wldb_order_add.html HTTP/1.1" 200 30438
180.161.71.227 - - [20/Oct/2021:11:26:41 +0800] "GET /xingrg/javascript/easyui/themes/default/validatebox.css HTTP/1.1" 404 1104
222.70.179.155 - - [20/Oct/2021:11:26:42 +0800] "POST /xingrg/kc/base/wldb_order_operate.html HTTP/1.1" 200 6806
222.70.179.155 - - [20/Oct/2021:11:26:42 +0800] "GET /xingrg/all/common/auto_word.html?type=base&rest_code=00111 HTTP/1.1" 200 1753
222.70.179.155 - - [20/Oct/2021:11:26:42 +0800] "GET /xingrg/all/common/auto_word.html?type=base&rest_code=00111 HTTP/1.1" 200 1753
222.70.179.155 - - [20/Oct/2021:11:26:42 +0800] "GET /xingrg/javascript/easyui/themes/default/validatebox.css HTTP/1.1" 404 1104
180.161.71.227 - - [20/Oct/2021:11:26:42 +0800] "POST /xingrg/all/common/load_combo.html?type=base HTTP/1.1" 200 3060
101.85.106.134 - - [20/Oct/2021:11:26:43 +0800] "GET /xingrg/all/function/internal_message.html?_=1634700399921&CODE_STATE=getMsg HTTP/1.1" 200 27
180.161.71.227 - - [20/Oct/2021:11:26:45 +0800] "POST /xingrg/all/common/load_combo.html?type=base HTTP/1.1" 200 3060
120.253.135.82 - - [20/Oct/2021:11:26:46 +0800] "GET /xingrg/all/function/internal_message.html?_=1634700402763&CODE_STATE=getMsg HTTP/1.1" 200 27
180.169.147.146 - - [20/Oct/2021:11:26:48 +0800] "GET /xingrg/all/function/internal_message.html?_=1634700407210&CODE_STATE=getMsg HTTP/1.1" 200 27
120.253.135.82 - - [20/Oct/2021:11:26:51 +0800] "GET /xingrg/all/function/internal_message.html?_=1634700177659&CODE_STATE=getMsg HTTP/1.1" 200 27
116.237.74.154 - - [20/Oct/2021:11:26:53 +0800] "GET /xingrg/all/function/internal_message.html?_=1634700407512&CODE_STATE=getMsg HTTP/1.1" 200 27
101.91.60.11 - - [20/Oct/2021:11:26:53 +0800] "GET /xingrg/all/function/internal_message.html?_=1634700347543&CODE_STATE=getMsg HTTP/1.1" 302 -
101.91.60.11 - - [20/Oct/2021:11:26:53 +0800] "GET /xingrg/login.html HTTP/1.1" 200 7641
58.35.215.131 - - [20/Oct/2021:11:26:55 +0800] "GET /xingrg/all/function/internal_message.html?_=1634700412688&CODE_STATE=getMsg HTTP/1.1" 200 27
180.161.71.227 - - [20/Oct/2021:11:26:55 +0800] "GET /xingrg/all/function/internal_message.html?_=1634700412178&CODE_STATE=getMsg HTTP/1.1" 200 27
222.70.179.155 - - [20/Oct/2021:11:26:57 +0800] "GET /xingrg/all/function/internal_message.html?_=1634700407206&CODE_STATE=getMsg HTTP/1.1" 200 27
58.39.139.200 - - [20/Oct/2021:11:26:58 +0800] "GET /xingrg/check_reg.html?_=1634700416589 HTTP/1.1" 200 22
58.39.139.200 - - [20/Oct/2021:11:26:58 +0800] "GET /xingrg/all/function/internal_message.html?_=1634700416592&CODE_STATE=getMsg HTTP/1.1" 200 27
180.169.147.146 - - [20/Oct/2021:11:27:03 +0800] "POST /xingrg/kc/buy/cgsh_list_operate.html HTTP/1.1" 200 5472
222.70.179.155 - - [20/Oct/2021:11:27:03 +0800] "GET /xingrg/kc/base/wldb_order_operate.html?command=get_materiel&rest_code=00111&base_code=0010306&code=00102002347 HTTP/1.1" 200 443
180.169.147.146 - - [20/Oct/2021:11:27:04 +0800] "GET /xingrg/all/function/internal_message.html?_=1634700420647&CODE_STATE=getMsg HTTP/1.1" 200 27
180.169.147.146 - - [20/Oct/2021:11:27:05 +0800] "GET /xingrg/all/function/internal_message.html?_=1634700422299&CODE_STATE=getMsg HTTP/1.1" 200 27
116.227.210.113 - - [20/Oct/2021:11:27:06 +0800] "GET /xingrg/all/function/internal_message.html?_=1634700397653&CODE_STATE=getMsg HTTP/1.1" 200 27
180.161.71.227 - - [20/Oct/2021:11:27:07 +0800] "POST /xingrg/kc/base/wldb_order_operate.html HTTP/1.1" 200 37
180.161.71.227 - - [20/Oct/2021:11:27:09 +0800] "POST /xingrg/kc/base/wldb_order_operate.html HTTP/1.1" 200 12
222.70.179.155 - - [20/Oct/2021:11:27:09 +0800] "GET /xingrg/kc/base/wldb_order_operate.html?command=get_materiel&rest_code=00111&base_code=0010306&code=00102002204 HTTP/1.1" 200 434
180.161.71.227 - - [20/Oct/2021:11:27:09 +0800] "POST /xingrg/kc/base/wldb_order_operate.html HTTP/1.1" 200 2215
116.232.51.223 - - [20/Oct/2021:11:27:11 +0800] "GET /xingrg/all/function/internal_message.html?_=1634700428070&CODE_STATE=getMsg HTTP/1.1" 200 27
180.161.71.227 - - [20/Oct/2021:11:27:11 +0800] "GET /xingrg/kc/base/wldb_order_info.html?code=422021102002069 HTTP/1.1" 200 26310
116.235.242.57 - - [20/Oct/2021:11:27:14 +0800] "POST /xingrg/services/DataTransmitService HTTP/1.1" 200 524
116.235.242.57 - - [20/Oct/2021:11:27:15 +0800] "POST /xingrg/services/DataTransmitService HTTP/1.1" 200 2171
180.161.71.227 - - [20/Oct/2021:11:27:15 +0800] "POST /xingrg/kc/base/wldb_order_operate.html HTTP/1.1" 200 509
116.235.242.57 - - [20/Oct/2021:11:27:15 +0800] "POST /xingrg/services/DataTransmitService HTTP/1.1" 200 159791
116.237.74.154 - - [20/Oct/2021:11:27:16 +0800] "GET /xingrg/kc/mdqp/qqps_order_info.html?code=302021102000405 HTTP/1.1" 200 28322
180.161.71.227 - - [20/Oct/2021:11:27:16 +0800] "GET /xingrg/javascript/easyui/themes/default/validatebox.css HTTP/1.1" 404 1104
116.237.74.154 - - [20/Oct/2021:11:27:16 +0800] "GET /xingrg/dwr/engine.js HTTP/1.1" 200 43631
116.237.74.154 - - [20/Oct/2021:11:27:16 +0800] "GET /xingrg/dwr/interface/AjaxComOrderService.js HTTP/1.1" 200 18264
116.237.74.154 - - [20/Oct/2021:11:27:16 +0800] "GET /xingrg/dwr/interface/AjaxQqpsService.js HTTP/1.1" 200 16326
116.237.74.154 - - [20/Oct/2021:11:27:17 +0800] "POST /xingrg/dwr/call/plaincall/AjaxQqpsService.loadMaterielItems.dwr HTTP/1.1" 200 846
180.169.147.146 - - [20/Oct/2021:11:27:18 +0800] "GET /xingrg/all/function/internal_message.html?_=1634700434687&CODE_STATE=getMsg HTTP/1.1" 200 27
180.161.71.227 - - [20/Oct/2021:11:27:18 +0800] "GET /xingrg/kc/base/wldb_order_add.html HTTP/1.1" 200 30434
222.70.179.155 - - [20/Oct/2021:11:27:19 +0800] "GET /xingrg/kc/base/wldb_order_operate.html?command=get_materiel&rest_code=00111&base_code=0010306&code=00102002025 HTTP/1.1" 200 455
222.70.179.155 - - [20/Oct/2021:11:27:20 +0800] "POST /xingrg/all/common/load_select.html HTTP/1.1" 200 25
114.85.125.222 - - [20/Oct/2021:11:27:22 +0800] "GET /xingrg/all/function/internal_message.html?_=1634700385952&CODE_STATE=getMsg HTTP/1.1" 200 27
101.85.55.123 - - [20/Oct/2021:11:27:22 +0800] "GET /favicon.ico HTTP/1.1" 404 -
222.70.179.155 - - [20/Oct/2021:11:27:23 +0800] "GET /xingrg/kc/base/wldb_order_operate.html?command=get_materiel_price&rest_code=00111&base_code=0010306&code=00102002025&unit_code=00100351 HTTP/1.1" 200 35
180.169.147.146 - - [20/Oct/2021:11:27:25 +0800] "GET /xingrg/all/function/internal_message.html?_=1634700442070&CODE_STATE=getMsg HTTP/1.1" 200 27
116.235.242.57 - - [20/Oct/2021:11:27:30 +0800] "GET /xingrg/all/function/internal_message.html?_=1634700456580&CODE_STATE=getMsg HTTP/1.1" 200 27
180.161.71.227 - - [20/Oct/2021:11:27:33 +0800] "POST /xingrg/kc/base/wldb_order_operate.html HTTP/1.1" 200 6806
58.221.95.50 - - [20/Oct/2021:11:27:34 +0800] "GET /xingrg/check_reg.html?_=1634700450577 HTTP/1.1" 302 -
180.161.71.227 - - [20/Oct/2021:11:27:35 +0800] "GET /xingrg/all/function/internal_message.html?_=1634700437839&CODE_STATE=getMsg HTTP/1.1" 200 27
180.161.71.227 - - [20/Oct/2021:11:27:36 +0800] "GET /xingrg/javascript/easyui/themes/default/validatebox.css HTTP/1.1" 404 1104
116.238.248.233 - - [20/Oct/2021:11:27:36 +0800] "GET /xingrg/all/function/internal_message.html?_=1634700451083&CODE_STATE=getMsg HTTP/1.1" 200 27
180.161.71.227 - - [20/Oct/2021:11:27:37 +0800] "POST /xingrg/all/common/load_combo.html?type=base HTTP/1.1" 200 3060
116.237.74.154 - - [20/Oct/2021:11:27:37 +0800] "GET /xingrg/all/function/internal_message.html?_=1634700458580&CODE_STATE=getMsg HTTP/1.1" 200 27
116.237.74.154 - - [20/Oct/2021:11:27:42 +0800] "POST /xingrg/dwr/call/plaincall/AjaxQqpsService.checkOrder.dwr HTTP/1.1" 200 78
101.85.106.134 - - [20/Oct/2021:11:27:43 +0800] "GET /xingrg/check_reg.html?_=1634700459948 HTTP/1.1" 200 22
101.85.106.134 - - [20/Oct/2021:11:27:43 +0800] "GET /xingrg/all/function/internal_message.html?_=1634700459951&CODE_STATE=getMsg HTTP/1.1" 200 27
116.237.74.154 - - [20/Oct/2021:11:27:43 +0800] "GET /xingrg/kc/mdqp/qqps_order_info.html?code=302021102000405 HTTP/1.1" 200 26563
116.237.74.154 - - [20/Oct/2021:11:27:43 +0800] "GET /xingrg/dwr/interface/AjaxComOrderService.js HTTP/1.1" 200 18264
116.237.74.154 - - [20/Oct/2021:11:27:43 +0800] "GET /xingrg/dwr/interface/AjaxQqpsService.js HTTP/1.1" 200 16326
116.237.74.154 - - [20/Oct/2021:11:27:44 +0800] "GET /xingrg/dwr/engine.js HTTP/1.1" 200 43631
116.237.74.154 - - [20/Oct/2021:11:27:44 +0800] "POST /xingrg/dwr/call/plaincall/AjaxQqpsService.loadMaterielItems.dwr HTTP/1.1" 200 846
120.253.135.82 - - [20/Oct/2021:11:27:46 +0800] "GET /xingrg/check_reg.html?_=1634700462768 HTTP/1.1" 200 22
120.253.135.82 - - [20/Oct/2021:11:27:46 +0800] "GET /xingrg/all/function/internal_message.html?_=1634700462772&CODE_STATE=getMsg HTTP/1.1" 200 27
116.237.74.154 - - [20/Oct/2021:11:27:46 +0800] "GET /xingrg/kc/mdqp/qqps_order_list.html?isBack=1 HTTP/1.1" 200 12009
116.237.74.154 - - [20/Oct/2021:11:27:46 +0800] "GET /xingrg/dwr/interface/AjaxReportQueryService.js HTTP/1.1" 200 13203
116.237.74.154 - - [20/Oct/2021:11:27:46 +0800] "GET /xingrg/dwr/interface/AjaxQqpsService.js HTTP/1.1" 200 16326
116.237.74.154 - - [20/Oct/2021:11:27:46 +0800] "GET /xingrg/dwr/engine.js HTTP/1.1" 200 43631
222.70.179.155 - - [20/Oct/2021:11:27:48 +0800] "POST /xingrg/kc/base/wldb_order_operate.html HTTP/1.1" 200 37
222.70.179.155 - - [20/Oct/2021:11:27:48 +0800] "POST /xingrg/kc/base/wldb_order_operate.html HTTP/1.1" 200 3186
180.169.147.146 - - [20/Oct/2021:11:27:48 +0800] "GET /xingrg/all/function/internal_message.html?_=1634700467212&CODE_STATE=getMsg HTTP/1.1" 200 27
222.70.179.155 - - [20/Oct/2021:11:27:49 +0800] "GET /xingrg/kc/base/wldb_order_info.html?code=422021102002070 HTTP/1.1" 200 30452
222.70.179.155 - - [20/Oct/2021:11:27:50 +0800] "GET /xingrg/javascript/easyui/themes/default/validatebox.css HTTP/1.1" 404 1104
222.70.179.155 - - [20/Oct/2021:11:27:50 +0800] "POST /xingrg/kc/base/wldb_order_operate.html HTTP/1.1" 200 3186
116.237.74.154 - - [20/Oct/2021:11:27:51 +0800] "GET /xingrg/kc/mdqp/qqps_order_info.html?code=302021102000402 HTTP/1.1" 200 28322
116.237.74.154 - - [20/Oct/2021:11:27:51 +0800] "GET /xingrg/dwr/interface/AjaxComOrderService.js HTTP/1.1" 200 18264
120.253.135.82 - - [20/Oct/2021:11:27:51 +0800] "GET /xingrg/all/function/internal_message.html?_=1634700237676&CODE_STATE=getMsg HTTP/1.1" 200 27
116.237.74.154 - - [20/Oct/2021:11:27:51 +0800] "GET /xingrg/dwr/interface/AjaxQqpsService.js HTTP/1.1" 200 16326
116.237.74.154 - - [20/Oct/2021:11:27:51 +0800] "GET /xingrg/dwr/engine.js HTTP/1.1" 200 43631
116.237.74.154 - - [20/Oct/2021:11:27:51 +0800] "POST /xingrg/dwr/call/plaincall/AjaxQqpsService.loadMaterielItems.dwr HTTP/1.1" 200 1689
116.237.74.154 - - [20/Oct/2021:11:27:53 +0800] "GET /xingrg/all/function/internal_message.html?_=1634700467486&CODE_STATE=getMsg HTTP/1.1" 200 27
61.151.178.197 - - [20/Oct/2021:11:27:53 +0800] "GET /xingrg/all/function/internal_message.html?_=1634700407512&CODE_STATE=getMsg HTTP/1.1" 302 -
58.35.215.131 - - [20/Oct/2021:11:27:55 +0800] "GET /xingrg/all/function/internal_message.html?_=1634700472689&CODE_STATE=getMsg HTTP/1.1" 200 27
61.151.178.197 - - [20/Oct/2021:11:27:55 +0800] "GET /xingrg/login.html HTTP/1.1" 200 7641
116.237.74.154 - - [20/Oct/2021:11:27:55 +0800] "POST /xingrg/dwr/call/plaincall/AjaxQqpsService.saveOrder.dwr HTTP/1.1" 200 79
180.161.71.227 - - [20/Oct/2021:11:27:56 +0800] "GET /xingrg/all/function/internal_message.html?_=1634700472640&CODE_STATE=getMsg HTTP/1.1" 200 27
222.70.179.155 - - [20/Oct/2021:11:27:56 +0800] "GET /xingrg/kc/base/wldb_order_add.html HTTP/1.1" 200 30438
222.70.179.155 - - [20/Oct/2021:11:27:56 +0800] "POST /xingrg/kc/base/wldb_order_operate.html HTTP/1.1" 200 6806
222.70.179.155 - - [20/Oct/2021:11:27:56 +0800] "GET /xingrg/javascript/easyui/themes/default/validatebox.css HTTP/1.1" 404 1104
222.70.179.155 - - [20/Oct/2021:11:27:57 +0800] "GET /xingrg/all/function/internal_message.html?_=1634700467201&CODE_STATE=getMsg HTTP/1.1" 200 27
58.39.139.200 - - [20/Oct/2021:11:27:58 +0800] "GET /xingrg/all/function/internal_message.html?_=1634700476592&CODE_STATE=getMsg HTTP/1.1" 200 27
116.237.74.154 - - [20/Oct/2021:11:27:59 +0800] "GET /xingrg/kc/buy/buy_main.html HTTP/1.1" 200 12412
116.237.74.154 - - [20/Oct/2021:11:27:59 +0800] "GET /xingrg/css/new_ie.css HTTP/1.1" 404 1036
116.237.74.154 - - [20/Oct/2021:11:28:00 +0800] "GET /xingrg/kc/buy/cgsh_order_list.html HTTP/1.1" 200 48941
116.237.74.154 - - [20/Oct/2021:11:28:01 +0800] "POST /xingrg/kc/buy/cgsh_list_operate.html HTTP/1.1" 200 876
180.169.147.146 - - [20/Oct/2021:11:28:04 +0800] "GET /xingrg/all/function/internal_message.html?_=1634700480635&CODE_STATE=getMsg HTTP/1.1" 200 27
180.169.147.146 - - [20/Oct/2021:11:28:05 +0800] "GET /xingrg/all/function/internal_message.html?_=1634700482311&CODE_STATE=getMsg HTTP/1.1" 200 27
116.227.210.113 - - [20/Oct/2021:11:28:06 +0800] "GET /xingrg/all/function/internal_message.html?_=1634700457628&CODE_STATE=getMsg HTTP/1.1" 200 27
116.237.74.154 - - [20/Oct/2021:11:28:08 +0800] "GET /xingrg/kc/buy/cgsh_order_add.html HTTP/1.1" 200 64685
116.237.74.154 - - [20/Oct/2021:11:28:08 +0800] "POST /xingrg/kc/buy/cgsh_order_operate.html HTTP/1.1" 200 8245
116.237.74.154 - - [20/Oct/2021:11:28:08 +0800] "GET /xingrg/javascript/easyui/themes/default/validatebox.css HTTP/1.1" 404 1104
116.232.51.223 - - [20/Oct/2021:11:28:10 +0800] "GET /xingrg/all/function/internal_message.html?_=1634700488067&CODE_STATE=getMsg HTTP/1.1" 200 27
116.235.242.57 - - [20/Oct/2021:11:28:17 +0800] "GET /xingrg/check_reg.html?_=1634700503927 HTTP/1.1" 200 22
180.169.147.146 - - [20/Oct/2021:11:28:18 +0800] "GET /xingrg/check_reg.html?_=1634700494674 HTTP/1.1" 200 22
180.169.147.146 - - [20/Oct/2021:11:28:18 +0800] "GET /xingrg/all/function/internal_message.html?_=1634700494676&CODE_STATE=getMsg HTTP/1.1" 200 27
120.253.135.82 - - [20/Oct/2021:11:28:18 +0800] "GET /xingrg/all/report/report_query.html?isQuery=1&fileName=kc/buy/wlcg_mx.xml&queryString=(CONVERT(char(10)%2Ca.order_time%2C%20120)%3E%3D'2021-08-01')%20and%20(CONVERT(char(10)%2Ca.order_time%2C%20120)%3C%3D'2021-09-30')%20and%20(a.supplier_code%20in%20('00100077'))%20and%20(a.number%3E0%20and%20a.supplier_code%3D'00100077')%20and%20(a.materiel_code%3D'00102005411')&queryText=%E3%80%90%E9%87%87%E8%B4%AD%E6%97%A5%E6%9C%9F%3A2021-08-01%20%E8%87%B3%202021-09-30%E3%80%91%20%E5%B9%B6%E4%B8%94%20%20%E3%80%90%E4%BE%9B%E5%BA%94%E5%95%86%20%3D%20%E9%87%91%E4%BC%98%E9%85%92%E5%BA%97%E3%80%91%20%E5%B9%B6%E4%B8%94%20%E3%80%90%E4%BE%9B%E5%BA%94%E5%95%86%3D%E9%87%91%E4%BC%98%E9%85%92%E5%BA%97%E3%80%91%20%E5%B9%B6%E4%B8%94%20%E3%80%90%E6%9D%90%E6%96%99%E5%90%8D%E7%A7%B0%20%3D%20%E9%87%91%E7%BE%8A%E7%9B%98%E3%80%91&rand=0.7417875949563812 HTTP/1.1" 200 8211
120.253.135.82 - - [20/Oct/2021:11:28:18 +0800] "GET /xingrg/all/report/report_query.html?isQuery=1&fileName=kc/buy/wlcg_mx.xml&queryString=(CONVERT(char(10)%2Ca.order_time%2C%20120)%3E%3D'2021-08-01')%20and%20(CONVERT(char(10)%2Ca.order_time%2C%20120)%3C%3D'2021-09-30')%20and%20(a.supplier_code%20in%20('00100077'))%20and%20(a.number%3E0%20and%20a.supplier_code%3D'00100077')%20and%20(a.materiel_code%3D'00102005411')&queryText=%E3%80%90%E9%87%87%E8%B4%AD%E6%97%A5%E6%9C%9F%3A2021-08-01%20%E8%87%B3%202021-09-30%E3%80%91%20%E5%B9%B6%E4%B8%94%20%20%E3%80%90%E4%BE%9B%E5%BA%94%E5%95%86%20%3D%20%E9%87%91%E4%BC%98%E9%85%92%E5%BA%97%E3%80%91%20%E5%B9%B6%E4%B8%94%20%E3%80%90%E4%BE%9B%E5%BA%94%E5%95%86%3D%E9%87%91%E4%BC%98%E9%85%92%E5%BA%97%E3%80%91%20%E5%B9%B6%E4%B8%94%20%E3%80%90%E6%9D%90%E6%96%99%E5%90%8D%E7%A7%B0%20%3D%20%E9%87%91%E7%BE%8A%E7%9B%98%E3%80%91&rand=0.7417875949563812 HTTP/1.1" 200 52253
120.253.135.82 - - [20/Oct/2021:11:28:18 +0800] "GET /xingrg/dwr/engine.js HTTP/1.1" 200 43631
120.253.135.82 - - [20/Oct/2021:11:28:19 +0800] "POST /xingrg/all/report/load_report_page.html HTTP/1.1" 200 18858
120.253.135.82 - - [20/Oct/2021:11:28:19 +0800] "GET /xingrg/servlets/image?cache=0.16488671786277553&image=px HTTP/1.1" 200 807
114.85.125.222 - - [20/Oct/2021:11:28:22 +0800] "GET /xingrg/all/function/internal_message.html?_=1634700445966&CODE_STATE=getMsg HTTP/1.1" 200 27
180.169.147.146 - - [20/Oct/2021:11:28:25 +0800] "GET /xingrg/all/function/internal_message.html?_=1634700502070&CODE_STATE=getMsg HTTP/1.1" 200 27
180.169.147.146 - - [20/Oct/2021:11:28:25 +0800] "GET /xingrg/check_reg.html?_=1634700502072 HTTP/1.1" 200 22
116.235.242.57 - - [20/Oct/2021:11:28:30 +0800] "GET /xingrg/all/function/internal_message.html?_=1634700516589&CODE_STATE=getMsg HTTP/1.1" 200 27
120.253.135.82 - - [20/Oct/2021:11:28:31 +0800] "GET /xingrg/kc/buy/cgsh_order_info.html?isLook=1&code=212021091908739 HTTP/1.1" 200 59550
120.253.135.82 - - [20/Oct/2021:11:28:31 +0800] "GET /favicon.ico HTTP/1.1" 404 -
120.253.135.82 - - [20/Oct/2021:11:28:31 +0800] "GET /xingrg/javascript/easyui/themes/default/validatebox.css HTTP/1.1" 404 1104
120.253.135.82 - - [20/Oct/2021:11:28:31 +0800] "POST /xingrg/kc/buy/cgsh_order_operate.html HTTP/1.1" 200 609
116.237.74.154 - - [20/Oct/2021:11:28:34 +0800] "GET /xingrg/check_reg.html?_=1634700508766 HTTP/1.1" 200 22
116.238.248.233 - - [20/Oct/2021:11:28:36 +0800] "GET /xingrg/all/function/internal_message.html?_=1634700511084&CODE_STATE=getMsg HTTP/1.1" 200 27
116.237.74.154 - - [20/Oct/2021:11:28:37 +0800] "GET /xingrg/all/function/internal_message.html?_=1634700518593&CODE_STATE=getMsg HTTP/1.1" 200 27
180.161.71.227 - - [20/Oct/2021:11:28:39 +0800] "GET /xingrg/check_reg.html?_=1634700515738 HTTP/1.1" 200 22
101.85.106.134 - - [20/Oct/2021:11:28:43 +0800] "GET /xingrg/all/function/internal_message.html?_=1634700519936&CODE_STATE=getMsg HTTP/1.1" 200 27
120.253.135.82 - - [20/Oct/2021:11:28:46 +0800] "GET /xingrg/all/function/internal_message.html?_=1634700522787&CODE_STATE=getMsg HTTP/1.1" 200 27
180.169.147.146 - - [20/Oct/2021:11:28:48 +0800] "GET /xingrg/all/function/internal_message.html?_=1634700527198&CODE_STATE=getMsg HTTP/1.1" 200 27
116.237.74.154 - - [20/Oct/2021:11:28:50 +0800] "GET /xingrg/javascript/easyui/themes/default/tree.css HTTP/1.1" 404 1090
116.237.74.154 - - [20/Oct/2021:11:28:50 +0800] "POST /xingrg/all/common/load_tree.html?tree=supplier_tree_json&isDelete=1 HTTP/1.1" 200 60167
120.253.135.82 - - [20/Oct/2021:11:28:51 +0800] "GET /xingrg/all/function/internal_message.html?_=1634700297686&CODE_STATE=getMsg HTTP/1.1" 200 27
116.237.74.154 - - [20/Oct/2021:11:28:53 +0800] "GET /xingrg/all/function/internal_message.html?_=1634700527466&CODE_STATE=getMsg HTTP/1.1" 200 27
58.37.227.186 - - [20/Oct/2021:11:28:53 +0800] "GET /xingrg/check_reg.html?_=1634700376466 HTTP/1.1" 200 22
58.35.215.131 - - [20/Oct/2021:11:28:55 +0800] "GET /xingrg/check_reg.html?_=1634700532675 HTTP/1.1" 200 22
58.35.215.131 - - [20/Oct/2021:11:28:55 +0800] "GET /xingrg/all/function/internal_message.html?_=1634700532675&CODE_STATE=getMsg HTTP/1.1" 200 27
180.161.71.227 - - [20/Oct/2021:11:28:56 +0800] "GET /xingrg/all/function/internal_message.html?_=1634700532643&CODE_STATE=getMsg HTTP/1.1" 200 27
222.70.179.155 - - [20/Oct/2021:11:28:57 +0800] "GET /xingrg/all/function/internal_message.html?_=1634700527201&CODE_STATE=getMsg HTTP/1.1" 200 27
58.39.139.200 - - [20/Oct/2021:11:28:58 +0800] "GET /xingrg/all/function/internal_message.html?_=1634700536592&CODE_STATE=getMsg HTTP/1.1" 200 27
116.237.74.154 - - [20/Oct/2021:11:28:59 +0800] "GET /xingrg/kc/buy/cgsh_order_operate.html?command=get_materiel&rest_code=00106&code=00101009057&supplier_code=00100022&order_time=2021-10-20 HTTP/1.1" 200 410
180.169.147.146 - - [20/Oct/2021:11:29:04 +0800] "GET /xingrg/all/function/internal_message.html?_=1634700540641&CODE_STATE=getMsg HTTP/1.1" 200 27
180.169.147.146 - - [20/Oct/2021:11:29:05 +0800] "GET /xingrg/all/function/internal_message.html?_=1634700542302&CODE_STATE=getMsg HTTP/1.1" 200 27
116.227.210.113 - - [20/Oct/2021:11:29:06 +0800] "GET /xingrg/all/function/internal_message.html?_=1634700517610&CODE_STATE=getMsg HTTP/1.1" 200 27
116.227.210.113 - - [20/Oct/2021:11:29:07 +0800] "GET /xingrg/check_reg.html?_=1634700517981 HTTP/1.1" 200 22
116.237.74.154 - - [20/Oct/2021:11:29:07 +0800] "GET /xingrg/kc/buy/cgsh_order_operate.html?command=get_materiel&rest_code=00106&code=00101009063&supplier_code=00100022&order_time=2021-10-20 HTTP/1.1" 200 410
116.232.51.223 - - [20/Oct/2021:11:29:10 +0800] "GET /xingrg/all/function/internal_message.html?_=1634700548065&CODE_STATE=getMsg HTTP/1.1" 200 27
116.232.51.223 - - [20/Oct/2021:11:29:11 +0800] "GET /xingrg/check_reg.html?_=1634700548066 HTTP/1.1" 200 22
116.237.74.154 - - [20/Oct/2021:11:29:16 +0800] "GET /xingrg/kc/buy/cgsh_order_operate.html?command=get_materiel&rest_code=00106&code=00101009016&supplier_code=00100022&order_time=2021-10-20 HTTP/1.1" 200 414
180.169.147.146 - - [20/Oct/2021:11:29:18 +0800] "GET /xingrg/all/function/internal_message.html?_=1634700554667&CODE_STATE=getMsg HTTP/1.1" 200 27
114.85.125.222 - - [20/Oct/2021:11:29:22 +0800] "GET /xingrg/all/function/internal_message.html?_=1634700505984&CODE_STATE=getMsg HTTP/1.1" 200 27
180.169.147.146 - - [20/Oct/2021:11:29:25 +0800] "GET /xingrg/all/function/internal_message.html?_=1634700562069&CODE_STATE=getMsg HTTP/1.1" 200 27
116.237.74.154 - - [20/Oct/2021:11:29:25 +0800] "GET /xingrg/kc/buy/cgsh_order_operate.html?command=get_materiel&rest_code=00106&code=00101009013&supplier_code=00100022&order_time=2021-10-20 HTTP/1.1" 200 422
116.235.242.57 - - [20/Oct/2021:11:29:30 +0800] "GET /xingrg/all/function/internal_message.html?_=1634700576602&CODE_STATE=getMsg HTTP/1.1" 200 27
120.253.135.82 - - [20/Oct/2021:11:29:30 +0800] "POST /xingrg/all/user/operate.html HTTP/1.1" 200 36
120.253.135.82 - - [20/Oct/2021:11:29:30 +0800] "GET /xingrg/javascript/jquery_easy_ui/themes/default/easyui.css HTTP/1.1" 304 -
120.253.135.82 - - [20/Oct/2021:11:29:30 +0800] "GET /xingrg/index.html?sysBaseUrl=http%3A%2F%2F180.169.147.146%3A18081%2Fxingrg%2F&costTime=44×tamp=1634699847132 HTTP/1.1" 200 17179
120.253.135.82 - - [20/Oct/2021:11:29:30 +0800] "GET /xingrg/javascript/jquery_easy_ui/themes/icon.css HTTP/1.1" 304 -
120.253.135.82 - - [20/Oct/2021:11:29:30 +0800] "GET /xingrg/css/form.css HTTP/1.1" 304 -
120.253.135.82 - - [20/Oct/2021:11:29:30 +0800] "GET /xingrg/javascript/jquery-1.4.2.min.js HTTP/1.1" 304 -
120.253.135.82 - - [20/Oct/2021:11:29:30 +0800] "GET /xingrg/javascript/jquery_easy_ui/jquery.easyui.min.js HTTP/1.1" 304 -
120.253.135.82 - - [20/Oct/2021:11:29:30 +0800] "GET /xingrg/javascript/jquery_easy_ui/easyui-lang-zh_CN.js HTTP/1.1" 304 -
120.253.135.82 - - [20/Oct/2021:11:29:30 +0800] "GET /xingrg/javascript/jquery.form.js HTTP/1.1" 304 -
120.253.135.82 - - [20/Oct/2021:11:29:30 +0800] "GET /xingrg/javascript/jquery.utils.js HTTP/1.1" 304 -
120.253.135.82 - - [20/Oct/2021:11:29:30 +0800] "GET /xingrg/javascript/jquery.timers.js HTTP/1.1" 304 -
120.253.135.82 - - [20/Oct/2021:11:29:30 +0800] "GET /xingrg/images/blue/jxLogo.png HTTP/1.1" 304 -
120.253.135.82 - - [20/Oct/2021:11:29:30 +0800] "POST /xingrg/all/common/load_tree.html?tree=area_rest_tree_json&manage=1 HTTP/1.1" 200 3472
120.253.135.82 - - [20/Oct/2021:11:29:30 +0800] "GET /xingrg/images/blue/pingpu.png HTTP/1.1" 304 -
120.253.135.82 - - [20/Oct/2021:11:29:30 +0800] "GET /xingrg/all/function/internal_message.html?_=1634700567604&CODE_STATE=count HTTP/1.1" 200 11
120.253.135.82 - - [20/Oct/2021:11:29:30 +0800] "GET /xingrg/check_reg.html?_=1634700567605 HTTP/1.1" 200 22
120.253.135.82 - - [20/Oct/2021:11:29:30 +0800] "GET /xingrg/javascript/jquery_easy_ui/themes/default/images/tabs_leftarrow.png HTTP/1.1" 304 -
120.253.135.82 - - [20/Oct/2021:11:29:30 +0800] "GET /xingrg/javascript/jquery_easy_ui/themes/default/images/panel_tool_collapse.gif HTTP/1.1" 304 -
120.253.135.82 - - [20/Oct/2021:11:29:30 +0800] "GET /xingrg/javascript/jquery_easy_ui/themes/default/images/tabs_rightarrow.png HTTP/1.1" 304 -
120.253.135.82 - - [20/Oct/2021:11:29:30 +0800] "GET /xingrg/images/blue/navBackgound.jpg HTTP/1.1" 304 -
120.253.135.82 - - [20/Oct/2021:11:29:30 +0800] "GET /xingrg/javascript/jquery_easy_ui/themes/icons/settle_new.png HTTP/1.1" 304 -
120.253.135.82 - - [20/Oct/2021:11:29:30 +0800] "POST /xingrg/load_menu.html HTTP/1.1" 200 5138
120.253.135.82 - - [20/Oct/2021:11:29:32 +0800] "GET /xingrg/kc/report/report_main.html HTTP/1.1" 200 7345
116.237.74.154 - - [20/Oct/2021:11:29:34 +0800] "POST /xingrg/kc/buy/cgsh_order_operate.html HTTP/1.1" 200 37
120.253.135.82 - - [20/Oct/2021:11:29:36 +0800] "GET /xingrg/all/report/report_query.html?fileName=kc/buy/gys_amount.xml&rh=99999 HTTP/1.1" 200 52006
120.253.135.82 - - [20/Oct/2021:11:29:36 +0800] "GET /xingrg/dwr/interface/AjaxReportQueryService.js HTTP/1.1" 200 13203
120.253.135.82 - - [20/Oct/2021:11:29:36 +0800] "GET /xingrg/dwr/engine.js HTTP/1.1" 200 43631
120.253.135.82 - - [20/Oct/2021:11:29:36 +0800] "POST /xingrg/dwr/call/plaincall/AjaxReportQueryService.getFixDate.dwr HTTP/1.1" 200 111
120.253.135.82 - - [20/Oct/2021:11:29:36 +0800] "POST /xingrg/all/common/load_tree.html?tree=supplier_tree_json&manage=1 HTTP/1.1" 200 61255
120.253.135.82 - - [20/Oct/2021:11:29:36 +0800] "POST /xingrg/all/common/load_tree.html?tree=materiel_sort_tree_json HTTP/1.1" 200 8912
116.238.248.233 - - [20/Oct/2021:11:29:36 +0800] "GET /xingrg/all/function/internal_message.html?_=1634700571110&CODE_STATE=getMsg HTTP/1.1" 200 27
120.253.135.82 - - [20/Oct/2021:11:29:37 +0800] "POST /xingrg/dwr/call/plaincall/AjaxReportQueryService.getInitString.dwr HTTP/1.1" 200 1482
116.237.74.154 - - [20/Oct/2021:11:29:37 +0800] "GET /xingrg/all/function/internal_message.html?_=1634700578589&CODE_STATE=getMsg HTTP/1.1" 200 27
116.237.74.154 - - [20/Oct/2021:11:29:37 +0800] "POST /xingrg/kc/buy/cgsh_order_operate.html HTTP/1.1" 200 12
116.237.74.154 - - [20/Oct/2021:11:29:38 +0800] "GET /xingrg/kc/buy/cgsh_order_info.html?code=212021102008695 HTTP/1.1" 200 59594
116.237.74.154 - - [20/Oct/2021:11:29:39 +0800] "GET /xingrg/javascript/easyui/themes/default/validatebox.css HTTP/1.1" 404 1104
116.237.74.154 - - [20/Oct/2021:11:29:39 +0800] "POST /xingrg/kc/buy/cgsh_order_operate.html HTTP/1.1" 200 2377
116.237.74.154 - - [20/Oct/2021:11:29:40 +0800] "GET /xingrg/kc/print/load_data.html?order_code=212021102008695&kc_code=cgsh&condition= HTTP/1.1" 200 1412
101.85.106.134 - - [20/Oct/2021:11:29:43 +0800] "GET /xingrg/all/function/internal_message.html?_=1634700579934&CODE_STATE=getMsg HTTP/1.1" 200 27
116.237.74.154 - - [20/Oct/2021:11:29:44 +0800] "GET /xingrg/kc/print/load_data.html?order_code=212021102008695&kc_code=cgsh HTTP/1.1" 200 1412
180.169.147.146 - - [20/Oct/2021:11:29:48 +0800] "GET /xingrg/all/function/internal_message.html?_=1634700587200&CODE_STATE=getMsg HTTP/1.1" 200 27
120.253.135.82 - - [20/Oct/2021:11:29:50 +0800] "GET /xingrg/check_reg.html?_=1634700357236 HTTP/1.1" 200 22
120.253.135.82 - - [20/Oct/2021:11:29:51 +0800] "GET /xingrg/all/function/internal_message.html?_=1634700357699&CODE_STATE=getMsg HTTP/1.1" 200 27
116.237.74.154 - - [20/Oct/2021:11:29:53 +0800] "GET /xingrg/all/function/internal_message.html?_=1634700587770&CODE_STATE=getMsg HTTP/1.1" 200 27
120.253.135.82 - - [20/Oct/2021:11:29:53 +0800] "POST /xingrg/dwr/call/plaincall/AjaxReportQueryService.refreshCache.dwr HTTP/1.1" 200 78
120.253.135.82 - - [20/Oct/2021:11:29:54 +0800] "POST /xingrg/all/report/load_report_page.html HTTP/1.1" 200 8884
120.253.135.82 - - [20/Oct/2021:11:29:54 +0800] "GET /xingrg/servlets/image?cache=0.9794753378911263&image=px HTTP/1.1" 200 807
58.35.215.131 - - [20/Oct/2021:11:29:55 +0800] "GET /xingrg/all/function/internal_message.html?_=1634700592676&CODE_STATE=getMsg HTTP/1.1" 200 27
180.161.71.227 - - [20/Oct/2021:11:29:56 +0800] "GET /xingrg/all/function/internal_message.html?_=1634700592658&CODE_STATE=getMsg HTTP/1.1" 200 27
222.70.179.155 - - [20/Oct/2021:11:29:57 +0800] "GET /xingrg/all/function/internal_message.html?_=1634700587204&CODE_STATE=getMsg HTTP/1.1" 200 27
58.39.139.200 - - [20/Oct/2021:11:29:58 +0800] "GET /xingrg/all/function/internal_message.html?_=1634700596594&CODE_STATE=getMsg HTTP/1.1" 200 27
120.253.135.82 - - [20/Oct/2021:11:30:01 +0800] "GET /xingrg/all/report/report_query.html?isQuery=1&fileName=kc/buy/wlcg_cate_hz.xml&queryString=(CONVERT(char(10)%252Ca.order_time%252C%2520120)%253E%253D'2021-08-01')%2520and%2520(CONVERT(char(10)%252Ca.order_time%252C%2520120)%253C%253D'2021-09-30')%2520and%2520(a.supplier_code%2520in%2520('00100077'))%2520and%2520(a.number%253E0%2520and%2520a.supplier_code%253D'00100077')&queryText=%25E3%2580%2590%25E9%2587%2587%25E8%25B4%25AD%25E6%2597%25A5%25E6%259C%259F%253A2021-08-01%2520%25E8%2587%25B3%25202021-09-30%25E3%2580%2591%2520%25E5%25B9%25B6%25E4%25B8%2594%2520%2520%25E3%2580%2590%25E4%25BE%259B%25E5%25BA%2594%25E5%2595%2586%2520%253D%2520%25E9%2587%2591%25E4%25BC%2598%25E9%2585%2592%25E5%25BA%2597%25E3%2580%2591%2520%25E5%25B9%25B6%25E4%25B8%2594%2520%25E3%2580%2590%25E4%25BE%259B%25E5%25BA%2594%25E5%2595%2586%253D%25E9%2587%2591%25E4%25BC%2598%25E9%2585%2592%25E5%25BA%2597%25E3%2580%2591 HTTP/1.1" 200 54456
120.253.135.82 - - [20/Oct/2021:11:30:01 +0800] "GET /xingrg/dwr/interface/AjaxReportQueryService.js HTTP/1.1" 200 13203
120.253.135.82 - - [20/Oct/2021:11:30:01 +0800] "GET /xingrg/dwr/engine.js HTTP/1.1" 200 43631
120.253.135.82 - - [20/Oct/2021:11:30:02 +0800] "POST /xingrg/all/report/load_report_page.html HTTP/1.1" 200 8711
120.253.135.82 - - [20/Oct/2021:11:30:02 +0800] "GET /xingrg/servlets/image?cache=0.5587921035162587&image=px HTTP/1.1" 200 807
116.237.74.154 - - [20/Oct/2021:11:30:03 +0800] "POST /xingrg/services/DataTransmitService HTTP/1.1" 200 524
180.169.147.146 - - [20/Oct/2021:11:30:04 +0800] "GET /xingrg/all/function/internal_message.html?_=1634700600638&CODE_STATE=getMsg HTTP/1.1" 200 27
116.237.74.154 - - [20/Oct/2021:11:30:05 +0800] "POST /xingrg/services/DataTransmitService HTTP/1.1" 200 412
180.169.147.146 - - [20/Oct/2021:11:30:05 +0800] "GET /xingrg/check_reg.html?_=1634700602292 HTTP/1.1" 200 22
180.169.147.146 - - [20/Oct/2021:11:30:05 +0800] "GET /xingrg/all/function/internal_message.html?_=1634700602293&CODE_STATE=getMsg HTTP/1.1" 200 27
116.237.74.154 - - [20/Oct/2021:11:30:06 +0800] "POST /xingrg/services/DataTransmitService HTTP/1.1" 200 524
116.227.210.113 - - [20/Oct/2021:11:30:06 +0800] "GET /xingrg/all/function/internal_message.html?_=1634700577604&CODE_STATE=getMsg HTTP/1.1" 200 27
116.237.74.154 - - [20/Oct/2021:11:30:07 +0800] "POST /xingrg/services/DataTransmitService HTTP/1.1" 200 412
120.253.135.82 - - [20/Oct/2021:11:30:08 +0800] "POST /xingrg/all/report/load_report_page.html HTTP/1.1" 200 16421
120.253.135.82 - - [20/Oct/2021:11:30:08 +0800] "GET /xingrg/servlets/image?cache=0.33098961546009187&image=px HTTP/1.1" 200 807
116.232.51.223 - - [20/Oct/2021:11:30:11 +0800] "GET /xingrg/all/function/internal_message.html?_=1634700608079&CODE_STATE=getMsg HTTP/1.1" 200 27
120.253.135.82 - - [20/Oct/2021:11:30:12 +0800] "GET /xingrg/all/report/report_query.html?isQuery=1&fileName=kc/buy/wlcg_mx.xml&queryString=(CONVERT(char(10)%2Ca.order_time%2C%20120)%3E%3D'2021-08-01')%20and%20(CONVERT(char(10)%2Ca.order_time%2C%20120)%3C%3D'2021-09-30')%20and%20(a.supplier_code%20in%20('00100077'))%20and%20(a.number%3E0%20and%20a.supplier_code%3D'00100077')%20and%20(a.materiel_code%3D'00102005411')&queryText=%E3%80%90%E9%87%87%E8%B4%AD%E6%97%A5%E6%9C%9F%3A2021-08-01%20%E8%87%B3%202021-09-30%E3%80%91%20%E5%B9%B6%E4%B8%94%20%20%E3%80%90%E4%BE%9B%E5%BA%94%E5%95%86%20%3D%20%E9%87%91%E4%BC%98%E9%85%92%E5%BA%97%E3%80%91%20%E5%B9%B6%E4%B8%94%20%E3%80%90%E4%BE%9B%E5%BA%94%E5%95%86%3D%E9%87%91%E4%BC%98%E9%85%92%E5%BA%97%E3%80%91%20%E5%B9%B6%E4%B8%94%20%E3%80%90%E6%9D%90%E6%96%99%E5%90%8D%E7%A7%B0%20%3D%20%E9%87%91%E7%BE%8A%E7%9B%98%E3%80%91&rand=0.4042475795049505 HTTP/1.1" 200 16411
120.253.135.82 - - [20/Oct/2021:11:30:12 +0800] "GET /xingrg/all/report/report_query.html?isQuery=1&fileName=kc/buy/wlcg_mx.xml&queryString=(CONVERT(char(10)%2Ca.order_time%2C%20120)%3E%3D'2021-08-01')%20and%20(CONVERT(char(10)%2Ca.order_time%2C%20120)%3C%3D'2021-09-30')%20and%20(a.supplier_code%20in%20('00100077'))%20and%20(a.number%3E0%20and%20a.supplier_code%3D'00100077')%20and%20(a.materiel_code%3D'00102005411')&queryText=%E3%80%90%E9%87%87%E8%B4%AD%E6%97%A5%E6%9C%9F%3A2021-08-01%20%E8%87%B3%202021-09-30%E3%80%91%20%E5%B9%B6%E4%B8%94%20%20%E3%80%90%E4%BE%9B%E5%BA%94%E5%95%86%20%3D%20%E9%87%91%E4%BC%98%E9%85%92%E5%BA%97%E3%80%91%20%E5%B9%B6%E4%B8%94%20%E3%80%90%E4%BE%9B%E5%BA%94%E5%95%86%3D%E9%87%91%E4%BC%98%E9%85%92%E5%BA%97%E3%80%91%20%E5%B9%B6%E4%B8%94%20%E3%80%90%E6%9D%90%E6%96%99%E5%90%8D%E7%A7%B0%20%3D%20%E9%87%91%E7%BE%8A%E7%9B%98%E3%80%91&rand=0.4042475795049505 HTTP/1.1" 200 52253
120.253.135.82 - - [20/Oct/2021:11:30:12 +0800] "GET /xingrg/dwr/engine.js HTTP/1.1" 200 43631
120.253.135.82 - - [20/Oct/2021:11:30:13 +0800] "POST /xingrg/all/report/load_report_page.html HTTP/1.1" 200 18860
120.253.135.82 - - [20/Oct/2021:11:30:13 +0800] "GET /xingrg/servlets/image?cache=0.06257036064383736&image=px HTTP/1.1" 200 807
61.151.178.177 - - [20/Oct/2021:11:30:14 +0800] "GET /xingrg/kc/buy/cgsh_order_operate.html?command=get_materiel&rest_code=00106&code=00101009016&supplier_code=00100022&order_time=2021-10-20 HTTP/1.1" 302 -
180.161.71.227 - - [20/Oct/2021:11:30:14 +0800] "GET /xingrg/login.html HTTP/1.1" 200 7641
61.151.178.177 - - [20/Oct/2021:11:30:15 +0800] "GET /xingrg/login.html HTTP/1.1" 200 7641
120.253.135.82 - - [20/Oct/2021:11:30:17 +0800] "GET /xingrg/kc/buy/cgsh_order_info.html?isLook=1&code=212021081908523 HTTP/1.1" 200 59506
120.253.135.82 - - [20/Oct/2021:11:30:17 +0800] "GET /favicon.ico HTTP/1.1" 404 -
120.253.135.82 - - [20/Oct/2021:11:30:17 +0800] "GET /xingrg/javascript/easyui/themes/default/validatebox.css HTTP/1.1" 404 1104
180.161.71.227 - - [20/Oct/2021:11:30:17 +0800] "GET /xingrg/images/blue/jxLogo.png HTTP/1.1" 304 -
180.169.147.146 - - [20/Oct/2021:11:30:18 +0800] "GET /xingrg/all/function/internal_message.html?_=1634700614660&CODE_STATE=getMsg HTTP/1.1" 200 27
120.253.135.82 - - [20/Oct/2021:11:30:18 +0800] "POST /xingrg/kc/buy/cgsh_order_operate.html HTTP/1.1" 200 610
180.161.71.227 - - [20/Oct/2021:11:30:18 +0800] "GET /xingrg/images/blue/login_bg.png HTTP/1.1" 304 -
180.161.71.227 - - [20/Oct/2021:11:30:18 +0800] "GET /xingrg/images/blue/hj.png HTTP/1.1" 304 -
180.161.71.227 - - [20/Oct/2021:11:30:18 +0800] "GET /xingrg/images/blue/srbg.png HTTP/1.1" 304 -
180.161.71.227 - - [20/Oct/2021:11:30:19 +0800] "GET /favicon.ico HTTP/1.1" 404 -
114.85.125.222 - - [20/Oct/2021:11:30:22 +0800] "GET /xingrg/all/function/internal_message.html?_=1634700565994&CODE_STATE=getMsg HTTP/1.1" 200 27
180.169.147.146 - - [20/Oct/2021:11:30:25 +0800] "GET /xingrg/all/function/internal_message.html?_=1634700622069&CODE_STATE=getMsg HTTP/1.1" 200 27
116.235.242.57 - - [20/Oct/2021:11:30:30 +0800] "GET /xingrg/all/function/internal_message.html?_=1634700636937&CODE_STATE=getMsg HTTP/1.1" 200 27
120.253.135.82 - - [20/Oct/2021:11:30:30 +0800] "GET /xingrg/all/function/internal_message.html?_=1634700627622&CODE_STATE=getMsg HTTP/1.1" 200 27
116.238.248.233 - - [20/Oct/2021:11:30:36 +0800] "GET /xingrg/all/function/internal_message.html?_=1634700631096&CODE_STATE=getMsg HTTP/1.1" 200 27
116.237.74.154 - - [20/Oct/2021:11:30:37 +0800] "GET /xingrg/all/function/internal_message.html?_=1634700638596&CODE_STATE=getMsg HTTP/1.1" 200 27
116.237.74.154 - - [20/Oct/2021:11:30:37 +0800] "GET /xingrg/check_reg.html?_=1634700638599 HTTP/1.1" 200 22
101.89.29.78 - - [20/Oct/2021:11:30:38 +0800] "GET /xingrg/kc/buy/cgsh_order_info.html?code=212021102008695 HTTP/1.1" 302 -
101.89.29.78 - - [20/Oct/2021:11:30:38 +0800] "GET /xingrg/login.html HTTP/1.1" 200 7641
101.85.106.134 - - [20/Oct/2021:11:30:43 +0800] "GET /xingrg/all/function/internal_message.html?_=1634700639932&CODE_STATE=getMsg HTTP/1.1" 200 27
101.91.60.88 - - [20/Oct/2021:11:30:44 +0800] "GET /xingrg/kc/print/load_data.html?order_code=212021102008695&kc_code=cgsh HTTP/1.1" 302 -
101.91.60.88 - - [20/Oct/2021:11:30:45 +0800] "GET /xingrg/login.html HTTP/1.1" 200 7641
180.169.147.146 - - [20/Oct/2021:11:30:48 +0800] "GET /xingrg/all/function/internal_message.html?_=1634700647202&CODE_STATE=getMsg HTTP/1.1" 200 27
180.169.147.146 - - [20/Oct/2021:11:30:48 +0800] "GET /xingrg/check_reg.html?_=1634700647205 HTTP/1.1" 200 22
120.253.135.82 - - [20/Oct/2021:11:30:51 +0800] "GET /xingrg/all/function/internal_message.html?_=1634700417713&CODE_STATE=getMsg HTTP/1.1" 200 27
116.237.74.154 - - [20/Oct/2021:11:30:53 +0800] "GET /xingrg/all/function/internal_message.html?_=1634700647741&CODE_STATE=getMsg HTTP/1.1" 200 27
58.35.215.131 - - [20/Oct/2021:11:30:55 +0800] "GET /xingrg/all/function/internal_message.html?_=1634700652678&CODE_STATE=getMsg HTTP/1.1" 200 27
180.161.71.227 - - [20/Oct/2021:11:30:56 +0800] "GET /xingrg/all/function/internal_message.html?_=1634700653117&CODE_STATE=getMsg HTTP/1.1" 200 27
222.70.179.155 - - [20/Oct/2021:11:30:57 +0800] "GET /xingrg/all/function/internal_message.html?_=1634700647207&CODE_STATE=getMsg HTTP/1.1" 200 27
222.70.179.155 - - [20/Oct/2021:11:30:57 +0800] "GET /xingrg/check_reg.html?_=1634700647241 HTTP/1.1" 200 22
58.39.139.200 - - [20/Oct/2021:11:30:58 +0800] "GET /xingrg/all/function/internal_message.html?_=1634700656593&CODE_STATE=getMsg HTTP/1.1" 200 27
180.161.71.227 - - [20/Oct/2021:11:30:58 +0800] "POST /xingrg/login.do HTTP/1.1" 200 2421
