116.238.248.233 - - [18/Oct/2021:08:34:10 +0800] "GET /xingrg/all/function/internal_message.html?_=1634517245814&CODE_STATE=getMsg HTTP/1.1" 200 27
58.39.139.200 - - [18/Oct/2021:08:34:12 +0800] "POST /xingrg/kc/mdqp/pssh_list_operate.html HTTP/1.1" 200 798
58.39.139.200 - - [18/Oct/2021:08:34:12 +0800] "GET /xingrg/javascript/jquery_tools/jquery-1.4.2.min.js HTTP/1.1" 404 1094
58.39.139.200 - - [18/Oct/2021:08:34:12 +0800] "GET /xingrg/kc/mdqp/pssh_order_info.html?code=312021101600397 HTTP/1.1" 200 17297
58.39.139.200 - - [18/Oct/2021:08:34:12 +0800] "POST /xingrg/kc/mdqp/pssh_order_operate.html HTTP/1.1" 200 6877
58.39.139.200 - - [18/Oct/2021:08:34:12 +0800] "GET /xingrg/javascript/easyui/themes/default/validatebox.css HTTP/1.1" 404 1104
124.77.244.175 - - [18/Oct/2021:08:34:20 +0800] "GET /xingrg/all/function/internal_message.html?_=1634517259410&CODE_STATE=getMsg HTTP/1.1" 302 -
222.70.179.155 - - [18/Oct/2021:08:34:21 +0800] "GET /xingrg/all/function/internal_message.html?_=1634517253581&CODE_STATE=getMsg HTTP/1.1" 200 27
58.39.139.200 - - [18/Oct/2021:08:34:22 +0800] "POST /xingrg/all/common/load_combo.html?type=employee HTTP/1.1" 200 356
58.39.139.200 - - [18/Oct/2021:08:34:24 +0800] "POST /xingrg/kc/mdqp/pssh_order_operate.html HTTP/1.1" 200 37
58.39.139.200 - - [18/Oct/2021:08:34:25 +0800] "POST /xingrg/kc/mdqp/pssh_order_operate.html HTTP/1.1" 200 6877
120.253.135.82 - - [18/Oct/2021:08:34:28 +0800] "POST /xingrg/kc/base/wlsy_order_operate.html HTTP/1.1" 200 37
120.253.135.82 - - [18/Oct/2021:08:34:28 +0800] "POST /xingrg/kc/base/wlsy_order_operate.html HTTP/1.1" 200 2152
120.253.135.82 - - [18/Oct/2021:08:34:30 +0800] "POST /xingrg/kc/base/wlsy_list_operate.html?syType=1 HTTP/1.1" 200 1674
120.253.135.82 - - [18/Oct/2021:08:34:31 +0800] "POST /xingrg/kc/base/wlsy_list_operate.html?syType=1 HTTP/1.1" 200 198
120.253.135.82 - - [18/Oct/2021:08:34:32 +0800] "GET /xingrg/kc/base/wlsy_order_info.html?code=412021101800018 HTTP/1.1" 200 28741
120.253.135.82 - - [18/Oct/2021:08:34:32 +0800] "POST /xingrg/kc/base/wlsy_order_operate.html HTTP/1.1" 200 2152
120.253.135.82 - - [18/Oct/2021:08:34:32 +0800] "GET /xingrg/javascript/easyui/themes/default/validatebox.css HTTP/1.1" 404 1104
58.39.139.200 - - [18/Oct/2021:08:34:33 +0800] "POST /xingrg/kc/mdqp/pssh_list_operate.html HTTP/1.1" 200 1576
58.39.139.200 - - [18/Oct/2021:08:34:33 +0800] "POST /xingrg/kc/mdqp/pssh_list_operate.html HTTP/1.1" 200 1576
58.39.139.200 - - [18/Oct/2021:08:34:35 +0800] "GET /xingrg/kc/mdqp/pssh_order_list.html HTTP/1.1" 200 17907
58.39.139.200 - - [18/Oct/2021:08:34:36 +0800] "POST /xingrg/kc/mdqp/pssh_list_operate.html HTTP/1.1" 200 5257
124.77.244.175 - - [18/Oct/2021:08:34:36 +0800] "GET /xingrg/all/function/internal_message.html?_=1634517276011&CODE_STATE=getMsg HTTP/1.1" 200 27
58.39.139.200 - - [18/Oct/2021:08:34:37 +0800] "POST /xingrg/kc/mdqp/pssh_list_operate.html HTTP/1.1" 200 807
58.39.139.200 - - [18/Oct/2021:08:34:37 +0800] "GET /xingrg/kc/mdqp/pssh_order_info.html?code=312021101600398 HTTP/1.1" 200 17297
58.39.139.200 - - [18/Oct/2021:08:34:37 +0800] "GET /xingrg/javascript/jquery_tools/jquery-1.4.2.min.js HTTP/1.1" 404 1094
58.39.139.200 - - [18/Oct/2021:08:34:38 +0800] "POST /xingrg/kc/mdqp/pssh_order_operate.html HTTP/1.1" 200 17091
58.39.139.200 - - [18/Oct/2021:08:34:38 +0800] "GET /xingrg/javascript/easyui/themes/default/validatebox.css HTTP/1.1" 404 1104
120.253.135.82 - - [18/Oct/2021:08:34:40 +0800] "POST /xingrg/kc/base/wlsy_order_operate.html HTTP/1.1" 200 37
120.253.135.82 - - [18/Oct/2021:08:34:40 +0800] "POST /xingrg/kc/base/wlsy_order_operate.html HTTP/1.1" 200 2152
120.253.135.82 - - [18/Oct/2021:08:34:40 +0800] "POST /xingrg/kc/base/wlsy_order_operate.html HTTP/1.1" 200 12
120.253.135.82 - - [18/Oct/2021:08:34:43 +0800] "POST /xingrg/kc/base/wlsy_list_operate.html?syType=1 HTTP/1.1" 200 862
120.253.135.82 - - [18/Oct/2021:08:34:44 +0800] "GET /xingrg/all/function/internal_message.html?_=1634517052033&CODE_STATE=getMsg HTTP/1.1" 200 27
120.253.135.82 - - [18/Oct/2021:08:34:48 +0800] "GET /xingrg/kc/pszx/mdps_order_list.html?orderType=0 HTTP/1.1" 200 21089
120.253.135.82 - - [18/Oct/2021:08:34:48 +0800] "POST /xingrg/kc/pszx/mdps_list_operate.html HTTP/1.1" 200 5425
120.253.135.82 - - [18/Oct/2021:08:34:52 +0800] "GET /xingrg/all/function/internal_message.html?_=1634517273522&CODE_STATE=getMsg HTTP/1.1" 200 27
180.169.147.146 - - [18/Oct/2021:08:34:56 +0800] "GET /xingrg/all/function/internal_message.html?_=1634517293910&CODE_STATE=getMsg HTTP/1.1" 200 27
58.39.139.200 - - [18/Oct/2021:08:35:07 +0800] "GET /xingrg/all/function/internal_message.html?_=1634517306280&CODE_STATE=getMsg HTTP/1.1" 200 27
116.238.248.233 - - [18/Oct/2021:08:35:10 +0800] "GET /xingrg/all/function/internal_message.html?_=1634517305799&CODE_STATE=getMsg HTTP/1.1" 200 27
58.39.139.200 - - [18/Oct/2021:08:35:14 +0800] "POST /xingrg/all/common/load_combo.html?type=employee HTTP/1.1" 200 356
58.39.139.200 - - [18/Oct/2021:08:35:18 +0800] "POST /xingrg/kc/mdqp/pssh_order_operate.html HTTP/1.1" 200 37
58.39.139.200 - - [18/Oct/2021:08:35:19 +0800] "POST /xingrg/kc/mdqp/pssh_order_operate.html HTTP/1.1" 200 17091
120.253.135.82 - - [18/Oct/2021:08:35:19 +0800] "POST /xingrg/kc/pszx/mdps_list_operate.html HTTP/1.1" 200 3919
124.77.244.175 - - [18/Oct/2021:08:35:20 +0800] "GET /xingrg/all/function/internal_message.html?_=1634517319429&CODE_STATE=getMsg HTTP/1.1" 302 -
222.70.179.155 - - [18/Oct/2021:08:35:21 +0800] "GET /xingrg/all/function/internal_message.html?_=1634517313582&CODE_STATE=getMsg HTTP/1.1" 200 27
120.253.135.82 - - [18/Oct/2021:08:35:22 +0800] "POST /xingrg/kc/pszx/mdps_list_operate.html HTTP/1.1" 200 606
120.253.135.82 - - [18/Oct/2021:08:35:23 +0800] "GET /xingrg/kc/pszx/mdps_order_info.html?code=312021101800462 HTTP/1.1" 200 23931
120.253.135.82 - - [18/Oct/2021:08:35:23 +0800] "GET /xingrg/javascript/easyui/themes/default/validatebox.css HTTP/1.1" 404 1104
120.253.135.82 - - [18/Oct/2021:08:35:23 +0800] "POST /xingrg/kc/pszx/mdps_order_operate.html HTTP/1.1" 200 5265
58.39.139.200 - - [18/Oct/2021:08:35:24 +0800] "GET /xingrg/kc/mdqp/pssh_order_list.html HTTP/1.1" 200 17907
58.39.139.200 - - [18/Oct/2021:08:35:24 +0800] "POST /xingrg/kc/mdqp/pssh_list_operate.html HTTP/1.1" 200 5266
58.39.139.200 - - [18/Oct/2021:08:35:26 +0800] "POST /xingrg/kc/mdqp/pssh_list_operate.html HTTP/1.1" 200 262
58.39.139.200 - - [18/Oct/2021:08:35:27 +0800] "GET /xingrg/kc/mdqp/pssh_order_info.html?code=312021101600399 HTTP/1.1" 200 17295
58.39.139.200 - - [18/Oct/2021:08:35:27 +0800] "GET /xingrg/javascript/jquery_tools/jquery-1.4.2.min.js HTTP/1.1" 404 1094
58.39.139.200 - - [18/Oct/2021:08:35:28 +0800] "POST /xingrg/kc/mdqp/pssh_order_operate.html HTTP/1.1" 200 551
58.39.139.200 - - [18/Oct/2021:08:35:28 +0800] "GET /xingrg/javascript/easyui/themes/default/validatebox.css HTTP/1.1" 404 1104
58.39.139.200 - - [18/Oct/2021:08:35:31 +0800] "POST /xingrg/all/common/load_combo.html?type=employee HTTP/1.1" 200 356
58.39.139.200 - - [18/Oct/2021:08:35:34 +0800] "POST /xingrg/kc/mdqp/pssh_order_operate.html HTTP/1.1" 200 37
58.39.139.200 - - [18/Oct/2021:08:35:34 +0800] "POST /xingrg/kc/mdqp/pssh_order_operate.html HTTP/1.1" 200 551
120.253.135.82 - - [18/Oct/2021:08:35:35 +0800] "POST /xingrg/kc/pszx/mdps_list_operate.html HTTP/1.1" 200 208
124.77.244.175 - - [18/Oct/2021:08:35:36 +0800] "GET /xingrg/all/function/internal_message.html?_=1634517336018&CODE_STATE=getMsg HTTP/1.1" 200 27
120.253.135.82 - - [18/Oct/2021:08:35:37 +0800] "POST /xingrg/kc/pszx/mdps_list_operate.html HTTP/1.1" 200 460
58.39.139.200 - - [18/Oct/2021:08:35:38 +0800] "GET /xingrg/kc/mdqp/pssh_order_list.html HTTP/1.1" 200 17907
58.39.139.200 - - [18/Oct/2021:08:35:38 +0800] "POST /xingrg/kc/mdqp/pssh_list_operate.html HTTP/1.1" 200 5275
120.253.135.82 - - [18/Oct/2021:08:35:39 +0800] "GET /xingrg/kc/pszx/mdps_order_info.html?code=312021101800464 HTTP/1.1" 200 23931
120.253.135.82 - - [18/Oct/2021:08:35:39 +0800] "POST /xingrg/kc/pszx/mdps_order_operate.html HTTP/1.1" 200 3800
120.253.135.82 - - [18/Oct/2021:08:35:39 +0800] "GET /xingrg/javascript/easyui/themes/default/validatebox.css HTTP/1.1" 404 1104
58.39.139.200 - - [18/Oct/2021:08:35:40 +0800] "POST /xingrg/kc/mdqp/pssh_list_operate.html HTTP/1.1" 200 267
58.39.139.200 - - [18/Oct/2021:08:35:40 +0800] "GET /xingrg/kc/mdqp/pssh_order_info.html?code=312021101700448 HTTP/1.1" 200 17266
58.39.139.200 - - [18/Oct/2021:08:35:40 +0800] "GET /xingrg/javascript/jquery_tools/jquery-1.4.2.min.js HTTP/1.1" 404 1094
58.39.139.200 - - [18/Oct/2021:08:35:41 +0800] "POST /xingrg/kc/mdqp/pssh_order_operate.html HTTP/1.1" 200 536
58.39.139.200 - - [18/Oct/2021:08:35:41 +0800] "GET /xingrg/javascript/easyui/themes/default/validatebox.css HTTP/1.1" 404 1104
120.253.135.82 - - [18/Oct/2021:08:35:44 +0800] "GET /xingrg/all/function/internal_message.html?_=1634517112049&CODE_STATE=getMsg HTTP/1.1" 200 27
58.39.139.200 - - [18/Oct/2021:08:35:49 +0800] "POST /xingrg/all/common/load_combo.html?type=employee HTTP/1.1" 200 356
120.253.135.82 - - [18/Oct/2021:08:35:52 +0800] "GET /xingrg/all/function/internal_message.html?_=1634517333550&CODE_STATE=getMsg HTTP/1.1" 200 27
120.253.135.82 - - [18/Oct/2021:08:35:53 +0800] "POST /xingrg/kc/pszx/mdps_list_operate.html HTTP/1.1" 200 3919
58.39.139.200 - - [18/Oct/2021:08:35:55 +0800] "POST /xingrg/kc/mdqp/pssh_order_operate.html HTTP/1.1" 200 37
58.39.139.200 - - [18/Oct/2021:08:35:55 +0800] "POST /xingrg/kc/mdqp/pssh_order_operate.html HTTP/1.1" 200 536
120.253.135.82 - - [18/Oct/2021:08:35:55 +0800] "POST /xingrg/kc/pszx/mdps_list_operate.html HTTP/1.1" 200 379
180.169.147.146 - - [18/Oct/2021:08:35:56 +0800] "GET /xingrg/all/function/internal_message.html?_=1634517353905&CODE_STATE=getMsg HTTP/1.1" 200 27
58.39.139.200 - - [18/Oct/2021:08:35:57 +0800] "GET /xingrg/kc/mdqp/pssh_order_list.html HTTP/1.1" 200 17907
58.39.139.200 - - [18/Oct/2021:08:35:57 +0800] "POST /xingrg/kc/mdqp/pssh_list_operate.html HTTP/1.1" 200 5290
120.253.135.82 - - [18/Oct/2021:08:35:58 +0800] "POST /xingrg/kc/pszx/mdps_list_operate.html HTTP/1.1" 200 614
58.39.139.200 - - [18/Oct/2021:08:35:59 +0800] "POST /xingrg/kc/mdqp/pssh_list_operate.html HTTP/1.1" 200 260
120.253.135.82 - - [18/Oct/2021:08:35:59 +0800] "GET /xingrg/kc/pszx/mdps_order_info.html?code=312021101700442 HTTP/1.1" 200 23931
58.39.139.200 - - [18/Oct/2021:08:36:00 +0800] "GET /xingrg/kc/mdqp/pssh_order_info.html?code=312021101700425 HTTP/1.1" 200 17293
58.39.139.200 - - [18/Oct/2021:08:36:00 +0800] "GET /xingrg/javascript/jquery_tools/jquery-1.4.2.min.js HTTP/1.1" 404 1094
120.253.135.82 - - [18/Oct/2021:08:36:00 +0800] "GET /xingrg/javascript/easyui/themes/default/validatebox.css HTTP/1.1" 404 1104
120.253.135.82 - - [18/Oct/2021:08:36:00 +0800] "POST /xingrg/kc/pszx/mdps_order_operate.html HTTP/1.1" 200 26727
58.39.139.200 - - [18/Oct/2021:08:36:00 +0800] "POST /xingrg/kc/mdqp/pssh_order_operate.html HTTP/1.1" 200 533
58.39.139.200 - - [18/Oct/2021:08:36:00 +0800] "GET /xingrg/javascript/easyui/themes/default/validatebox.css HTTP/1.1" 404 1104
58.39.139.200 - - [18/Oct/2021:08:36:05 +0800] "POST /xingrg/all/common/load_combo.html?type=employee HTTP/1.1" 200 356
58.39.139.200 - - [18/Oct/2021:08:36:07 +0800] "GET /xingrg/all/function/internal_message.html?_=1634517366284&CODE_STATE=getMsg HTTP/1.1" 200 27
124.77.244.175 - - [18/Oct/2021:08:36:08 +0800] "GET /xingrg/check_reg.html?_=1634517367956 HTTP/1.1" 302 -
58.39.139.200 - - [18/Oct/2021:08:36:10 +0800] "POST /xingrg/kc/mdqp/pssh_order_operate.html HTTP/1.1" 200 37
116.238.248.233 - - [18/Oct/2021:08:36:10 +0800] "GET /xingrg/all/function/internal_message.html?_=1634517365797&CODE_STATE=getMsg HTTP/1.1" 200 27
58.39.139.200 - - [18/Oct/2021:08:36:10 +0800] "POST /xingrg/kc/mdqp/pssh_order_operate.html HTTP/1.1" 200 533
120.253.135.82 - - [18/Oct/2021:08:36:11 +0800] "POST /xingrg/kc/pszx/mdps_list_operate.html HTTP/1.1" 200 3919
58.39.139.200 - - [18/Oct/2021:08:36:12 +0800] "GET /xingrg/kc/mdqp/pssh_order_list.html HTTP/1.1" 200 17907
58.39.139.200 - - [18/Oct/2021:08:36:12 +0800] "POST /xingrg/kc/mdqp/pssh_list_operate.html HTTP/1.1" 200 5299
58.39.139.200 - - [18/Oct/2021:08:36:14 +0800] "POST /xingrg/kc/mdqp/pssh_list_operate.html HTTP/1.1" 200 394
58.39.139.200 - - [18/Oct/2021:08:36:14 +0800] "GET /xingrg/kc/mdqp/pssh_order_info.html?code=312021101600400 HTTP/1.1" 200 17293
58.39.139.200 - - [18/Oct/2021:08:36:14 +0800] "GET /xingrg/javascript/jquery_tools/jquery-1.4.2.min.js HTTP/1.1" 404 1094
58.39.139.200 - - [18/Oct/2021:08:36:15 +0800] "GET /xingrg/javascript/easyui/themes/default/validatebox.css HTTP/1.1" 404 1104
58.39.139.200 - - [18/Oct/2021:08:36:15 +0800] "POST /xingrg/kc/mdqp/pssh_order_operate.html HTTP/1.1" 200 1103
120.253.135.82 - - [18/Oct/2021:08:36:17 +0800] "POST /xingrg/kc/pszx/mdps_list_operate.html HTTP/1.1" 200 4962
124.77.244.175 - - [18/Oct/2021:08:36:20 +0800] "GET /xingrg/all/function/internal_message.html?_=1634517379437&CODE_STATE=getMsg HTTP/1.1" 302 -
58.39.139.200 - - [18/Oct/2021:08:36:20 +0800] "POST /xingrg/all/common/load_combo.html?type=employee HTTP/1.1" 200 356
222.70.179.155 - - [18/Oct/2021:08:36:21 +0800] "GET /xingrg/all/function/internal_message.html?_=1634517373583&CODE_STATE=getMsg HTTP/1.1" 200 27
120.253.135.82 - - [18/Oct/2021:08:36:26 +0800] "POST /xingrg/kc/pszx/mdps_list_operate.html HTTP/1.1" 200 597
58.39.139.200 - - [18/Oct/2021:08:36:26 +0800] "POST /xingrg/kc/mdqp/pssh_order_operate.html HTTP/1.1" 200 37
58.39.139.200 - - [18/Oct/2021:08:36:26 +0800] "POST /xingrg/kc/mdqp/pssh_order_operate.html HTTP/1.1" 200 1103
58.39.139.200 - - [18/Oct/2021:08:36:27 +0800] "GET /xingrg/kc/mdqp/pssh_order_list.html HTTP/1.1" 200 17907
58.39.139.200 - - [18/Oct/2021:08:36:28 +0800] "POST /xingrg/kc/mdqp/pssh_list_operate.html HTTP/1.1" 200 5308
58.39.139.200 - - [18/Oct/2021:08:36:29 +0800] "POST /xingrg/kc/mdqp/pssh_list_operate.html HTTP/1.1" 200 755
120.253.135.82 - - [18/Oct/2021:08:36:29 +0800] "GET /xingrg/kc/pszx/mdps_order_info.html?code=312021101800468 HTTP/1.1" 200 23925
58.39.139.200 - - [18/Oct/2021:08:36:30 +0800] "GET /xingrg/kc/mdqp/pssh_order_info.html?code=312021101600396 HTTP/1.1" 200 17293
58.39.139.200 - - [18/Oct/2021:08:36:30 +0800] "GET /xingrg/javascript/jquery_tools/jquery-1.4.2.min.js HTTP/1.1" 404 1094
120.253.135.82 - - [18/Oct/2021:08:36:30 +0800] "GET /xingrg/javascript/easyui/themes/default/validatebox.css HTTP/1.1" 404 1104
120.253.135.82 - - [18/Oct/2021:08:36:30 +0800] "POST /xingrg/kc/pszx/mdps_order_operate.html HTTP/1.1" 200 16698
58.39.139.200 - - [18/Oct/2021:08:36:30 +0800] "POST /xingrg/kc/mdqp/pssh_order_operate.html HTTP/1.1" 200 5784
58.39.139.200 - - [18/Oct/2021:08:36:30 +0800] "GET /xingrg/javascript/easyui/themes/default/validatebox.css HTTP/1.1" 404 1104
124.77.244.175 - - [18/Oct/2021:08:36:36 +0800] "GET /xingrg/all/function/internal_message.html?_=1634517396037&CODE_STATE=getMsg HTTP/1.1" 200 27
120.253.135.82 - - [18/Oct/2021:08:36:41 +0800] "GET /xingrg/check_reg.html?_=1634517382053 HTTP/1.1" 200 22
58.39.139.200 - - [18/Oct/2021:08:36:41 +0800] "POST /xingrg/all/common/load_combo.html?type=employee HTTP/1.1" 200 356
120.253.135.82 - - [18/Oct/2021:08:36:43 +0800] "GET /xingrg/check_reg.html?_=1634517170862 HTTP/1.1" 200 22
120.253.135.82 - - [18/Oct/2021:08:36:44 +0800] "GET /xingrg/all/function/internal_message.html?_=1634517172063&CODE_STATE=getMsg HTTP/1.1" 200 27
58.39.139.200 - - [18/Oct/2021:08:36:51 +0800] "POST /xingrg/kc/mdqp/pssh_order_operate.html HTTP/1.1" 200 37
58.39.139.200 - - [18/Oct/2021:08:36:52 +0800] "POST /xingrg/kc/mdqp/pssh_order_operate.html HTTP/1.1" 200 5784
120.253.135.82 - - [18/Oct/2021:08:36:52 +0800] "GET /xingrg/all/function/internal_message.html?_=1634517393565&CODE_STATE=getMsg HTTP/1.1" 200 27
120.253.135.82 - - [18/Oct/2021:08:36:53 +0800] "POST /xingrg/kc/pszx/mdps_order_operate.html HTTP/1.1" 200 37
120.253.135.82 - - [18/Oct/2021:08:36:54 +0800] "GET /xingrg/kc/pszx/mdps_order_info.html?code=312021101800468 HTTP/1.1" 200 23925
120.253.135.82 - - [18/Oct/2021:08:36:55 +0800] "GET /xingrg/javascript/easyui/themes/default/validatebox.css HTTP/1.1" 404 1104
120.253.135.82 - - [18/Oct/2021:08:36:55 +0800] "POST /xingrg/kc/pszx/mdps_order_operate.html HTTP/1.1" 200 16698
180.169.147.146 - - [18/Oct/2021:08:36:56 +0800] "GET /xingrg/check_reg.html?_=1634517413907 HTTP/1.1" 200 22
180.169.147.146 - - [18/Oct/2021:08:36:56 +0800] "GET /xingrg/all/function/internal_message.html?_=1634517413908&CODE_STATE=getMsg HTTP/1.1" 200 27
58.39.139.200 - - [18/Oct/2021:08:36:58 +0800] "GET /xingrg/kc/mdqp/pssh_order_list.html HTTP/1.1" 200 17907
58.39.139.200 - - [18/Oct/2021:08:36:58 +0800] "POST /xingrg/kc/mdqp/pssh_list_operate.html HTTP/1.1" 200 5317
58.39.139.200 - - [18/Oct/2021:08:37:02 +0800] "POST /xingrg/kc/mdqp/pssh_list_operate.html HTTP/1.1" 200 260
114.85.125.222 - - [18/Oct/2021:08:37:05 +0800] "GET /favicon.ico HTTP/1.1" 404 -
58.39.139.200 - - [18/Oct/2021:08:37:05 +0800] "GET /xingrg/kc/mdqp/pssh_order_info.html?code=312021101600401 HTTP/1.1" 200 17295
58.39.139.200 - - [18/Oct/2021:08:37:05 +0800] "GET /xingrg/javascript/jquery_tools/jquery-1.4.2.min.js HTTP/1.1" 404 1094
58.39.139.200 - - [18/Oct/2021:08:37:05 +0800] "POST /xingrg/kc/mdqp/pssh_order_operate.html HTTP/1.1" 200 531
58.39.139.200 - - [18/Oct/2021:08:37:05 +0800] "GET /xingrg/javascript/easyui/themes/default/validatebox.css HTTP/1.1" 404 1104
58.39.139.200 - - [18/Oct/2021:08:37:07 +0800] "GET /xingrg/check_reg.html?_=1634517426280 HTTP/1.1" 200 22
58.39.139.200 - - [18/Oct/2021:08:37:07 +0800] "GET /xingrg/all/function/internal_message.html?_=1634517426281&CODE_STATE=getMsg HTTP/1.1" 200 27
114.85.125.222 - - [18/Oct/2021:08:37:08 +0800] "GET /xingrg/login.html HTTP/1.1" 200 7641
114.85.125.222 - - [18/Oct/2021:08:37:08 +0800] "GET /xingrg/images/blue/login_bg.png HTTP/1.1" 304 -
114.85.125.222 - - [18/Oct/2021:08:37:08 +0800] "GET /xingrg/images/blue/hj.png HTTP/1.1" 304 -
114.85.125.222 - - [18/Oct/2021:08:37:08 +0800] "GET /xingrg/images/blue/srbg.png HTTP/1.1" 304 -
114.85.125.222 - - [18/Oct/2021:08:37:08 +0800] "GET /favicon.ico HTTP/1.1" 404 -
114.85.125.222 - - [18/Oct/2021:08:37:09 +0800] "POST /xingrg/login.do HTTP/1.1" 302 -
114.85.125.222 - - [18/Oct/2021:08:37:09 +0800] "GET /xingrg/index.html?sysBaseUrl=http%3A%2F%2F180.169.147.146%3A18081%2Fxingrg%2F&costTime=43×tamp=1634517429675 HTTP/1.1" 200 17179
114.85.125.222 - - [18/Oct/2021:08:37:09 +0800] "GET /xingrg/javascript/jquery_easy_ui/themes/icon.css HTTP/1.1" 304 -
114.85.125.222 - - [18/Oct/2021:08:37:09 +0800] "GET /xingrg/javascript/jquery-1.4.2.min.js HTTP/1.1" 304 -
114.85.125.222 - - [18/Oct/2021:08:37:09 +0800] "GET /xingrg/javascript/jquery_easy_ui/jquery.easyui.min.js HTTP/1.1" 304 -
114.85.125.222 - - [18/Oct/2021:08:37:09 +0800] "GET /xingrg/javascript/jquery.timers.js HTTP/1.1" 304 -
114.85.125.222 - - [18/Oct/2021:08:37:09 +0800] "GET /xingrg/javascript/jquery.utils.js HTTP/1.1" 304 -
114.85.125.222 - - [18/Oct/2021:08:37:09 +0800] "GET /xingrg/javascript/jquery_easy_ui/themes/default/easyui.css HTTP/1.1" 304 -
114.85.125.222 - - [18/Oct/2021:08:37:09 +0800] "GET /xingrg/javascript/jquery.form.js HTTP/1.1" 304 -
114.85.125.222 - - [18/Oct/2021:08:37:09 +0800] "GET /xingrg/css/form.css HTTP/1.1" 304 -
114.85.125.222 - - [18/Oct/2021:08:37:09 +0800] "GET /xingrg/javascript/jquery_easy_ui/easyui-lang-zh_CN.js HTTP/1.1" 304 -
114.85.125.222 - - [18/Oct/2021:08:37:09 +0800] "GET /favicon.ico HTTP/1.1" 404 -
114.85.125.222 - - [18/Oct/2021:08:37:09 +0800] "POST /xingrg/all/common/load_tree.html?tree=area_rest_tree_json&manage=1 HTTP/1.1" 200 476
114.85.125.222 - - [18/Oct/2021:08:37:10 +0800] "GET /xingrg/all/function/internal_message.html?_=1634517377515&CODE_STATE=count HTTP/1.1" 200 11
114.85.125.222 - - [18/Oct/2021:08:37:10 +0800] "GET /xingrg/check_reg.html?_=1634517377516 HTTP/1.1" 200 22
114.85.125.222 - - [18/Oct/2021:08:37:10 +0800] "POST /xingrg/load_menu.html HTTP/1.1" 200 5138
114.85.125.222 - - [18/Oct/2021:08:37:10 +0800] "GET /xingrg/javascript/jquery_easy_ui/themes/default/images/tree_arrows.gif HTTP/1.1" 304 -
114.85.125.222 - - [18/Oct/2021:08:37:10 +0800] "GET /xingrg/javascript/jquery_easy_ui/themes/default/images/tree_folder_open.gif HTTP/1.1" 304 -
114.85.125.222 - - [18/Oct/2021:08:37:10 +0800] "GET /xingrg/javascript/jquery_easy_ui/themes/default/images/tree_folder.gif HTTP/1.1" 304 -
114.85.125.222 - - [18/Oct/2021:08:37:10 +0800] "GET /xingrg/javascript/jquery_easy_ui/themes/icons/search_new.png HTTP/1.1" 304 -
114.85.125.222 - - [18/Oct/2021:08:37:10 +0800] "GET /xingrg/javascript/jquery_easy_ui/themes/icons/storage_new.png HTTP/1.1" 304 -
114.85.125.222 - - [18/Oct/2021:08:37:10 +0800] "GET /xingrg/javascript/jquery_easy_ui/themes/icons/forms_new.png HTTP/1.1" 304 -
114.85.125.222 - - [18/Oct/2021:08:37:10 +0800] "GET /xingrg/javascript/jquery_easy_ui/themes/default/images/tree_file.gif HTTP/1.1" 304 -
116.238.248.233 - - [18/Oct/2021:08:37:10 +0800] "GET /xingrg/all/function/internal_message.html?_=1634517425779&CODE_STATE=getMsg HTTP/1.1" 200 27
58.39.139.200 - - [18/Oct/2021:08:37:10 +0800] "POST /xingrg/all/common/load_combo.html?type=employee HTTP/1.1" 200 356
114.85.125.222 - - [18/Oct/2021:08:37:13 +0800] "GET /xingrg/javascript/jquery_easy_ui/themes/default/images/tabs_close.gif HTTP/1.1" 304 -
114.85.125.222 - - [18/Oct/2021:08:37:13 +0800] "GET /xingrg/css/site.css HTTP/1.1" 304 -
114.85.125.222 - - [18/Oct/2021:08:37:13 +0800] "GET /xingrg/javascript/jquery_tools/datebox.css HTTP/1.1" 304 -
114.85.125.222 - - [18/Oct/2021:08:37:13 +0800] "GET /xingrg/css/base.css HTTP/1.1" 304 -
114.85.125.222 - - [18/Oct/2021:08:37:13 +0800] "GET /xingrg/javascript/auto/jquery.autocomplete.css HTTP/1.1" 304 -
114.85.125.222 - - [18/Oct/2021:08:37:13 +0800] "GET /xingrg/javascript/easyui/themes/icon.css HTTP/1.1" 304 -
114.85.125.222 - - [18/Oct/2021:08:37:13 +0800] "GET /xingrg/javascript/easyui/themes/default/easyui.css HTTP/1.1" 304 -
114.85.125.222 - - [18/Oct/2021:08:37:13 +0800] "GET /xingrg/kc/base/check_order_list.html HTTP/1.1" 200 16349
114.85.125.222 - - [18/Oct/2021:08:37:13 +0800] "GET /xingrg/javascript/jquery_tools/table.css HTTP/1.1" 304 -
114.85.125.222 - - [18/Oct/2021:08:37:13 +0800] "GET /xingrg/javascript/jquery_tools/jquery.tools.extend.js HTTP/1.1" 304 -
114.85.125.222 - - [18/Oct/2021:08:37:13 +0800] "GET /xingrg/javascript/jquery_tools/jquery.tools.min.js HTTP/1.1" 304 -
114.85.125.222 - - [18/Oct/2021:08:37:13 +0800] "GET /xingrg/javascript/jquery_tools/jquery.tools.hotkey.js HTTP/1.1" 304 -
114.85.125.222 - - [18/Oct/2021:08:37:13 +0800] "GET /xingrg/javascript/jquery_tools/jquery.tools.table.js HTTP/1.1" 304 -
114.85.125.222 - - [18/Oct/2021:08:37:13 +0800] "GET /xingrg/javascript/jquery_tools/list_manager.js HTTP/1.1" 304 -
114.85.125.222 - - [18/Oct/2021:08:37:13 +0800] "GET /xingrg/javascript/auto/jquery.autocomplete.js HTTP/1.1" 304 -
114.85.125.222 - - [18/Oct/2021:08:37:13 +0800] "GET /xingrg/javascript/jquery_tools/fix.css HTTP/1.1" 304 -
114.85.125.222 - - [18/Oct/2021:08:37:13 +0800] "GET /xingrg/javascript/jquery.cookie.js HTTP/1.1" 304 -
114.85.125.222 - - [18/Oct/2021:08:37:13 +0800] "GET /xingrg/javascript/easyui/easyloader.js HTTP/1.1" 304 -
114.85.125.222 - - [18/Oct/2021:08:37:13 +0800] "GET /xingrg/javascript/easyui/themes/icons/edit_add_new.png HTTP/1.1" 304 -
114.85.125.222 - - [18/Oct/2021:08:37:13 +0800] "GET /xingrg/javascript/easyui/themes/icons/cance_new.png HTTP/1.1" 304 -
114.85.125.222 - - [18/Oct/2021:08:37:13 +0800] "GET /xingrg/javascript/easyui/themes/icons/check_new.png HTTP/1.1" 304 -
114.85.125.222 - - [18/Oct/2021:08:37:13 +0800] "GET /xingrg/javascript/easyui/themes/icons/field_new.png HTTP/1.1" 304 -
114.85.125.222 - - [18/Oct/2021:08:37:13 +0800] "GET /xingrg/javascript/easyui/plugins/jquery.parser.js HTTP/1.1" 304 -
114.85.125.222 - - [18/Oct/2021:08:37:13 +0800] "GET /xingrg/images/control/ajaxLoader.gif HTTP/1.1" 304 -
114.85.125.222 - - [18/Oct/2021:08:37:13 +0800] "POST /xingrg/kc/base/check_list_operate.html HTTP/1.1" 200 2574
58.39.139.200 - - [18/Oct/2021:08:37:13 +0800] "POST /xingrg/kc/mdqp/pssh_order_operate.html HTTP/1.1" 200 37
58.39.139.200 - - [18/Oct/2021:08:37:14 +0800] "POST /xingrg/kc/mdqp/pssh_order_operate.html HTTP/1.1" 200 531
58.39.139.200 - - [18/Oct/2021:08:37:17 +0800] "GET /xingrg/kc/mdqp/pssh_order_list.html HTTP/1.1" 200 17907
58.39.139.200 - - [18/Oct/2021:08:37:17 +0800] "POST /xingrg/kc/mdqp/pssh_list_operate.html HTTP/1.1" 200 5326
114.85.125.222 - - [18/Oct/2021:08:37:18 +0800] "GET /xingrg/css/table.css HTTP/1.1" 304 -
114.85.125.222 - - [18/Oct/2021:08:37:18 +0800] "GET /xingrg/dwr/util.js HTTP/1.1" 304 -
114.85.125.222 - - [18/Oct/2021:08:37:18 +0800] "GET /xingrg/javascript/Calendar.js HTTP/1.1" 304 -
114.85.125.222 - - [18/Oct/2021:08:37:18 +0800] "GET /xingrg/css/blue.css HTTP/1.1" 304 -
114.85.125.222 - - [18/Oct/2021:08:37:18 +0800] "GET /xingrg/javascript/AjaxInfoList.js HTTP/1.1" 304 -
114.85.125.222 - - [18/Oct/2021:08:37:18 +0800] "GET /xingrg/javascript/pic_change.js HTTP/1.1" 304 -
114.85.125.222 - - [18/Oct/2021:08:37:18 +0800] "GET /xingrg/kc/base/check_order_info.html?code=452021101700150 HTTP/1.1" 200 26326
114.85.125.222 - - [18/Oct/2021:08:37:18 +0800] "GET /xingrg/javascript/myfunction.js HTTP/1.1" 304 -
114.85.125.222 - - [18/Oct/2021:08:37:18 +0800] "GET /xingrg/javascript/print/kc_print.js HTTP/1.1" 304 -
114.85.125.222 - - [18/Oct/2021:08:37:18 +0800] "GET /xingrg/javascript/convert.js HTTP/1.1" 304 -
114.85.125.222 - - [18/Oct/2021:08:37:18 +0800] "GET /xingrg/javascript/print/LodopFuncs.js HTTP/1.1" 304 -
114.85.125.222 - - [18/Oct/2021:08:37:18 +0800] "GET /xingrg/dwr/interface/AjaxCheckService.js HTTP/1.1" 200 14003
114.85.125.222 - - [18/Oct/2021:08:37:18 +0800] "GET /xingrg/dwr/interface/AjaxComOrderService.js HTTP/1.1" 200 18264
114.85.125.222 - - [18/Oct/2021:08:37:18 +0800] "GET /xingrg/dwr/engine.js HTTP/1.1" 200 43631
114.85.125.222 - - [18/Oct/2021:08:37:19 +0800] "GET /xingrg/javascript/jquery_easy_ui/themes/icons/cance_new.png HTTP/1.1" 304 -
114.85.125.222 - - [18/Oct/2021:08:37:19 +0800] "GET /xingrg/javascript/jquery_easy_ui/themes/icons/check_new.png HTTP/1.1" 304 -
114.85.125.222 - - [18/Oct/2021:08:37:19 +0800] "POST /xingrg/services/DataTransmitService HTTP/1.1" 200 524
114.85.125.222 - - [18/Oct/2021:08:37:19 +0800] "GET /xingrg/javascript/jquery_easy_ui/themes/icons/print.png HTTP/1.1" 304 -
114.85.125.222 - - [18/Oct/2021:08:37:19 +0800] "GET /xingrg/javascript/jquery_easy_ui/themes/icons/area.png HTTP/1.1" 304 -
114.85.125.222 - - [18/Oct/2021:08:37:19 +0800] "GET /xingrg/javascript/jquery_easy_ui/themes/icons/back_new.png HTTP/1.1" 304 -
114.85.125.222 - - [18/Oct/2021:08:37:19 +0800] "GET /xingrg/javascript/jquery_easy_ui/themes/icons/rest.png HTTP/1.1" 304 -
114.85.125.222 - - [18/Oct/2021:08:37:19 +0800] "GET /xingrg/javascript/jquery_easy_ui/themes/default/images/menu_downarrow.png HTTP/1.1" 304 -
114.85.125.222 - - [18/Oct/2021:08:37:20 +0800] "POST /xingrg/dwr/call/plaincall/AjaxCheckService.loadOrderItems.dwr HTTP/1.1" 200 135448
124.77.244.175 - - [18/Oct/2021:08:37:20 +0800] "GET /xingrg/all/function/internal_message.html?_=1634517439455&CODE_STATE=getMsg HTTP/1.1" 302 -
114.85.125.222 - - [18/Oct/2021:08:37:20 +0800] "GET /xingrg/javascript/jquery_easy_ui/themes/icons/no.png HTTP/1.1" 200 922
222.70.179.155 - - [18/Oct/2021:08:37:21 +0800] "GET /xingrg/all/function/internal_message.html?_=1634517433584&CODE_STATE=getMsg HTTP/1.1" 200 27
116.238.248.233 - - [18/Oct/2021:08:37:28 +0800] "GET /xingrg/check_reg.html?_=1634517443815 HTTP/1.1" 200 22
124.77.244.175 - - [18/Oct/2021:08:37:33 +0800] "GET /xingrg/check_reg.html?_=1634517452770 HTTP/1.1" 200 22
124.77.244.175 - - [18/Oct/2021:08:37:36 +0800] "GET /xingrg/all/function/internal_message.html?_=1634517456045&CODE_STATE=getMsg HTTP/1.1" 200 27
120.253.135.82 - - [18/Oct/2021:08:37:44 +0800] "GET /xingrg/all/function/internal_message.html?_=1634517232150&CODE_STATE=getMsg HTTP/1.1" 200 27
120.253.135.82 - - [18/Oct/2021:08:37:52 +0800] "GET /xingrg/all/function/internal_message.html?_=1634517453578&CODE_STATE=getMsg HTTP/1.1" 200 27
114.85.125.222 - - [18/Oct/2021:08:37:55 +0800] "POST /xingrg/dwr/call/plaincall/AjaxCheckService.setItemNumber.dwr HTTP/1.1" 200 76
180.169.147.146 - - [18/Oct/2021:08:37:56 +0800] "GET /xingrg/all/function/internal_message.html?_=1634517473903&CODE_STATE=getMsg HTTP/1.1" 200 27
114.85.125.222 - - [18/Oct/2021:08:37:56 +0800] "POST /xingrg/dwr/call/plaincall/AjaxCheckService.setItemNumber.dwr HTTP/1.1" 200 76
114.85.125.222 - - [18/Oct/2021:08:37:57 +0800] "POST /xingrg/dwr/call/plaincall/AjaxCheckService.setItemNumber.dwr HTTP/1.1" 200 76
114.85.125.222 - - [18/Oct/2021:08:37:58 +0800] "POST /xingrg/dwr/call/plaincall/AjaxCheckService.setItemNumber.dwr HTTP/1.1" 200 76
114.85.125.222 - - [18/Oct/2021:08:37:59 +0800] "POST /xingrg/dwr/call/plaincall/AjaxCheckService.setItemNumber.dwr HTTP/1.1" 200 76
114.85.125.222 - - [18/Oct/2021:08:38:00 +0800] "POST /xingrg/dwr/call/plaincall/AjaxCheckService.setItemNumber.dwr HTTP/1.1" 200 76
114.85.125.222 - - [18/Oct/2021:08:38:01 +0800] "POST /xingrg/dwr/call/plaincall/AjaxCheckService.setItemNumber.dwr HTTP/1.1" 200 76
114.85.125.222 - - [18/Oct/2021:08:38:02 +0800] "POST /xingrg/dwr/call/plaincall/AjaxCheckService.setItemNumber.dwr HTTP/1.1" 200 76
58.39.139.200 - - [18/Oct/2021:08:38:07 +0800] "GET /xingrg/all/function/internal_message.html?_=1634517486287&CODE_STATE=getMsg HTTP/1.1" 200 27
114.85.125.222 - - [18/Oct/2021:08:38:07 +0800] "POST /xingrg/dwr/call/plaincall/AjaxCheckService.setItemNumber.dwr HTTP/1.1" 200 76
114.85.125.222 - - [18/Oct/2021:08:38:09 +0800] "POST /xingrg/dwr/call/plaincall/AjaxCheckService.setItemNumber.dwr HTTP/1.1" 200 77
114.85.125.222 - - [18/Oct/2021:08:38:10 +0800] "GET /xingrg/all/function/internal_message.html?_=1634517437528&CODE_STATE=getMsg HTTP/1.1" 200 27
116.238.248.233 - - [18/Oct/2021:08:38:10 +0800] "GET /xingrg/all/function/internal_message.html?_=1634517485766&CODE_STATE=getMsg HTTP/1.1" 200 27
114.85.125.222 - - [18/Oct/2021:08:38:10 +0800] "POST /xingrg/dwr/call/plaincall/AjaxCheckService.setItemNumber.dwr HTTP/1.1" 200 77
114.85.125.222 - - [18/Oct/2021:08:38:11 +0800] "POST /xingrg/dwr/call/plaincall/AjaxCheckService.setItemNumber.dwr HTTP/1.1" 200 77
114.85.125.222 - - [18/Oct/2021:08:38:15 +0800] "POST /xingrg/dwr/call/plaincall/AjaxCheckService.setItemNumber.dwr HTTP/1.1" 200 77
114.85.125.222 - - [18/Oct/2021:08:38:17 +0800] "POST /xingrg/dwr/call/plaincall/AjaxCheckService.setItemNumber.dwr HTTP/1.1" 200 77
124.77.244.175 - - [18/Oct/2021:08:38:20 +0800] "GET /xingrg/all/function/internal_message.html?_=1634517499464&CODE_STATE=getMsg HTTP/1.1" 302 -
222.70.179.155 - - [18/Oct/2021:08:38:21 +0800] "GET /xingrg/check_reg.html?_=1634517493589 HTTP/1.1" 200 22
222.70.179.155 - - [18/Oct/2021:08:38:21 +0800] "GET /xingrg/all/function/internal_message.html?_=1634517493585&CODE_STATE=getMsg HTTP/1.1" 200 27
114.85.125.222 - - [18/Oct/2021:08:38:25 +0800] "POST /xingrg/dwr/call/plaincall/AjaxCheckService.setItemNumber.dwr HTTP/1.1" 200 77
114.85.125.222 - - [18/Oct/2021:08:38:27 +0800] "POST /xingrg/dwr/call/plaincall/AjaxCheckService.setItemNumber.dwr HTTP/1.1" 200 77
114.85.125.222 - - [18/Oct/2021:08:38:30 +0800] "POST /xingrg/dwr/call/plaincall/AjaxCheckService.setItemNumber.dwr HTTP/1.1" 200 77
114.85.125.222 - - [18/Oct/2021:08:38:31 +0800] "POST /xingrg/dwr/call/plaincall/AjaxCheckService.setItemNumber.dwr HTTP/1.1" 200 77
114.85.125.222 - - [18/Oct/2021:08:38:32 +0800] "POST /xingrg/dwr/call/plaincall/AjaxCheckService.setItemNumber.dwr HTTP/1.1" 200 77
114.85.125.222 - - [18/Oct/2021:08:38:36 +0800] "POST /xingrg/dwr/call/plaincall/AjaxCheckService.setItemNumber.dwr HTTP/1.1" 200 77
124.77.244.175 - - [18/Oct/2021:08:38:36 +0800] "GET /xingrg/all/function/internal_message.html?_=1634517516059&CODE_STATE=getMsg HTTP/1.1" 200 27
114.85.125.222 - - [18/Oct/2021:08:38:38 +0800] "POST /xingrg/dwr/call/plaincall/AjaxCheckService.setItemNumber.dwr HTTP/1.1" 200 77
114.85.125.222 - - [18/Oct/2021:08:38:42 +0800] "POST /xingrg/dwr/call/plaincall/AjaxCheckService.setItemNumber.dwr HTTP/1.1" 200 77
222.70.179.155 - - [18/Oct/2021:08:38:44 +0800] "GET /xingrg/kc/buy/cgsh_order_add.html HTTP/1.1" 200 64679
114.85.125.222 - - [18/Oct/2021:08:38:44 +0800] "POST /xingrg/dwr/call/plaincall/AjaxCheckService.setItemNumber.dwr HTTP/1.1" 200 77
222.70.179.155 - - [18/Oct/2021:08:38:44 +0800] "GET /xingrg/words/20211017170443_words.js HTTP/1.1" 304 -
120.253.135.82 - - [18/Oct/2021:08:38:44 +0800] "GET /xingrg/all/function/internal_message.html?_=1634517292232&CODE_STATE=getMsg HTTP/1.1" 200 27
222.70.179.155 - - [18/Oct/2021:08:38:44 +0800] "POST /xingrg/kc/buy/cgsh_order_operate.html HTTP/1.1" 200 8245
222.70.179.155 - - [18/Oct/2021:08:38:44 +0800] "GET /xingrg/all/common/auto_word.html?type=employee&rest_code=00111 HTTP/1.1" 200 155
222.70.179.155 - - [18/Oct/2021:08:38:44 +0800] "GET /xingrg/javascript/easyui/themes/default/validatebox.css HTTP/1.1" 404 1104
222.70.179.155 - - [18/Oct/2021:08:38:44 +0800] "GET /xingrg/all/common/auto_word.html?type=employee&rest_code=00111 HTTP/1.1" 200 155
114.85.125.222 - - [18/Oct/2021:08:38:45 +0800] "POST /xingrg/dwr/call/plaincall/AjaxCheckService.setItemNumber.dwr HTTP/1.1" 200 77
120.253.135.82 - - [18/Oct/2021:08:38:52 +0800] "GET /xingrg/all/function/internal_message.html?_=1634517513610&CODE_STATE=getMsg HTTP/1.1" 200 27
180.169.147.146 - - [18/Oct/2021:08:38:56 +0800] "GET /xingrg/all/function/internal_message.html?_=1634517533902&CODE_STATE=getMsg HTTP/1.1" 200 27
114.85.125.222 - - [18/Oct/2021:08:39:01 +0800] "POST /xingrg/dwr/call/plaincall/AjaxCheckService.setItemNumber.dwr HTTP/1.1" 200 77
120.253.135.82 - - [18/Oct/2021:08:39:04 +0800] "POST /xingrg/kc/pszx/mdps_list_operate.html HTTP/1.1" 200 4962
114.85.125.222 - - [18/Oct/2021:08:39:05 +0800] "POST /xingrg/dwr/call/plaincall/AjaxCheckService.setItemNumber.dwr HTTP/1.1" 200 77
58.39.139.200 - - [18/Oct/2021:08:39:07 +0800] "GET /xingrg/all/function/internal_message.html?_=1634517546285&CODE_STATE=getMsg HTTP/1.1" 200 27
114.85.125.222 - - [18/Oct/2021:08:39:08 +0800] "POST /xingrg/dwr/call/plaincall/AjaxCheckService.setItemNumber.dwr HTTP/1.1" 200 77
114.85.125.222 - - [18/Oct/2021:08:39:09 +0800] "POST /xingrg/dwr/call/plaincall/AjaxCheckService.setItemNumber.dwr HTTP/1.1" 200 77
114.85.125.222 - - [18/Oct/2021:08:39:09 +0800] "POST /xingrg/dwr/call/plaincall/AjaxCheckService.setItemNumber.dwr HTTP/1.1" 200 77
114.85.125.222 - - [18/Oct/2021:08:39:10 +0800] "GET /xingrg/all/function/internal_message.html?_=1634517497541&CODE_STATE=getMsg HTTP/1.1" 200 27
116.238.248.233 - - [18/Oct/2021:08:39:10 +0800] "GET /xingrg/all/function/internal_message.html?_=1634517545752&CODE_STATE=getMsg HTTP/1.1" 200 27
114.85.125.222 - - [18/Oct/2021:08:39:11 +0800] "POST /xingrg/dwr/call/plaincall/AjaxCheckService.setItemNumber.dwr HTTP/1.1" 200 77
114.85.125.222 - - [18/Oct/2021:08:39:15 +0800] "POST /xingrg/dwr/call/plaincall/AjaxCheckService.setItemNumber.dwr HTTP/1.1" 200 77
114.85.125.222 - - [18/Oct/2021:08:39:15 +0800] "POST /xingrg/dwr/call/plaincall/AjaxCheckService.setItemNumber.dwr HTTP/1.1" 200 77
114.85.125.222 - - [18/Oct/2021:08:39:17 +0800] "POST /xingrg/dwr/call/plaincall/AjaxCheckService.setItemNumber.dwr HTTP/1.1" 200 77
120.253.135.82 - - [18/Oct/2021:08:39:17 +0800] "POST /xingrg/kc/pszx/mdps_list_operate.html HTTP/1.1" 200 868
120.253.135.82 - - [18/Oct/2021:08:39:19 +0800] "POST /xingrg/kc/pszx/mdps_list_operate.html HTTP/1.1" 200 868
124.77.244.175 - - [18/Oct/2021:08:39:20 +0800] "GET /xingrg/all/function/internal_message.html?_=1634517559483&CODE_STATE=getMsg HTTP/1.1" 302 -
222.70.179.155 - - [18/Oct/2021:08:39:21 +0800] "GET /xingrg/all/function/internal_message.html?_=1634517553605&CODE_STATE=getMsg HTTP/1.1" 200 27
114.85.125.222 - - [18/Oct/2021:08:39:27 +0800] "POST /xingrg/dwr/call/plaincall/AjaxCheckService.setItemNumber.dwr HTTP/1.1" 200 77
120.253.135.82 - - [18/Oct/2021:08:39:29 +0800] "POST /xingrg/kc/pszx/mdps_list_operate.html HTTP/1.1" 200 868
114.85.125.222 - - [18/Oct/2021:08:39:29 +0800] "POST /xingrg/dwr/call/plaincall/AjaxCheckService.setItemNumber.dwr HTTP/1.1" 200 77
114.85.125.222 - - [18/Oct/2021:08:39:34 +0800] "POST /xingrg/dwr/call/plaincall/AjaxCheckService.setItemNumber.dwr HTTP/1.1" 200 77
114.85.125.222 - - [18/Oct/2021:08:39:35 +0800] "POST /xingrg/dwr/call/plaincall/AjaxCheckService.setItemNumber.dwr HTTP/1.1" 200 77
124.77.244.175 - - [18/Oct/2021:08:39:36 +0800] "GET /xingrg/all/function/internal_message.html?_=1634517576072&CODE_STATE=getMsg HTTP/1.1" 200 27
120.253.135.82 - - [18/Oct/2021:08:39:37 +0800] "POST /xingrg/kc/pszx/mdps_list_operate.html HTTP/1.1" 200 868
120.253.135.82 - - [18/Oct/2021:08:39:44 +0800] "GET /xingrg/all/function/internal_message.html?_=1634517352243&CODE_STATE=getMsg HTTP/1.1" 200 27
120.253.135.82 - - [18/Oct/2021:08:39:46 +0800] "POST /xingrg/kc/pszx/mdps_list_operate.html HTTP/1.1" 200 868
114.85.125.222 - - [18/Oct/2021:08:39:52 +0800] "POST /xingrg/dwr/call/plaincall/AjaxCheckService.setItemNumber.dwr HTTP/1.1" 200 77
120.253.135.82 - - [18/Oct/2021:08:39:52 +0800] "GET /xingrg/all/function/internal_message.html?_=1634517573621&CODE_STATE=getMsg HTTP/1.1" 200 27
120.253.135.82 - - [18/Oct/2021:08:39:53 +0800] "GET /xingrg/kc/report/report_main.html HTTP/1.1" 200 9370
120.253.135.82 - - [18/Oct/2021:08:39:53 +0800] "POST /xingrg/kc/pszx/mdps_list_operate.html HTTP/1.1" 200 868
114.85.125.222 - - [18/Oct/2021:08:39:54 +0800] "POST /xingrg/dwr/call/plaincall/AjaxCheckService.setItemNumber.dwr HTTP/1.1" 200 77
120.253.135.82 - - [18/Oct/2021:08:39:54 +0800] "GET /xingrg/kc/base/kc_stocks.html HTTP/1.1" 200 16437
120.253.135.82 - - [18/Oct/2021:08:39:54 +0800] "GET /xingrg/javascript/easyui/themes/default/tree.css HTTP/1.1" 404 1090
120.253.135.82 - - [18/Oct/2021:08:39:54 +0800] "POST /xingrg/all/common/load_tree.html?tree=materiel_sort_tree_json HTTP/1.1" 200 8912
120.253.135.82 - - [18/Oct/2021:08:39:55 +0800] "POST /xingrg/all/common/load_combo.html?type=base HTTP/1.1" 200 1075
180.169.147.146 - - [18/Oct/2021:08:39:56 +0800] "GET /xingrg/all/function/internal_message.html?_=1634517593891&CODE_STATE=getMsg HTTP/1.1" 200 27
114.85.125.222 - - [18/Oct/2021:08:39:57 +0800] "POST /xingrg/dwr/call/plaincall/AjaxCheckService.setItemNumber.dwr HTTP/1.1" 200 77
114.85.125.222 - - [18/Oct/2021:08:39:58 +0800] "POST /xingrg/dwr/call/plaincall/AjaxCheckService.setItemNumber.dwr HTTP/1.1" 200 77
124.77.244.175 - - [18/Oct/2021:08:40:01 +0800] "POST /xingrg/dwr/call/plaincall/AjaxCheckService.setItemNumber.dwr HTTP/1.1" 200 77
120.253.135.82 - - [18/Oct/2021:08:40:01 +0800] "POST /xingrg/kc/base/stock_operate.html HTTP/1.1" 200 1487
114.85.125.222 - - [18/Oct/2021:08:40:03 +0800] "POST /xingrg/dwr/call/plaincall/AjaxCheckService.setItemNumber.dwr HTTP/1.1" 200 77
124.77.244.175 - - [18/Oct/2021:08:40:03 +0800] "POST /xingrg/dwr/call/plaincall/AjaxCheckService.setItemNumber.dwr HTTP/1.1" 200 77
222.70.179.155 - - [18/Oct/2021:08:40:03 +0800] "GET /xingrg/javascript/auto/indicator.gif HTTP/1.1" 404 1066
124.77.244.175 - - [18/Oct/2021:08:40:04 +0800] "POST /xingrg/dwr/call/plaincall/AjaxCheckService.setItemNumber.dwr HTTP/1.1" 200 77
114.85.125.222 - - [18/Oct/2021:08:40:05 +0800] "POST /xingrg/dwr/call/plaincall/AjaxCheckService.setItemNumber.dwr HTTP/1.1" 200 77
124.77.244.175 - - [18/Oct/2021:08:40:06 +0800] "POST /xingrg/dwr/call/plaincall/AjaxCheckService.setItemNumber.dwr HTTP/1.1" 200 78
114.85.125.222 - - [18/Oct/2021:08:40:06 +0800] "POST /xingrg/dwr/call/plaincall/AjaxCheckService.setItemNumber.dwr HTTP/1.1" 200 77
124.77.244.175 - - [18/Oct/2021:08:40:07 +0800] "POST /xingrg/dwr/call/plaincall/AjaxCheckService.setItemNumber.dwr HTTP/1.1" 200 78
58.39.139.200 - - [18/Oct/2021:08:40:07 +0800] "GET /xingrg/all/function/internal_message.html?_=1634517606286&CODE_STATE=getMsg HTTP/1.1" 200 27
124.77.244.175 - - [18/Oct/2021:08:40:07 +0800] "POST /xingrg/dwr/call/plaincall/AjaxCheckService.setItemNumber.dwr HTTP/1.1" 200 78
114.85.125.222 - - [18/Oct/2021:08:40:08 +0800] "POST /xingrg/dwr/call/plaincall/AjaxCheckService.setItemNumber.dwr HTTP/1.1" 200 77
114.85.125.222 - - [18/Oct/2021:08:40:08 +0800] "POST /xingrg/dwr/call/plaincall/AjaxCheckService.setItemNumber.dwr HTTP/1.1" 200 77
114.85.125.222 - - [18/Oct/2021:08:40:10 +0800] "GET /xingrg/all/function/internal_message.html?_=1634517557554&CODE_STATE=getMsg HTTP/1.1" 200 27
116.238.248.233 - - [18/Oct/2021:08:40:10 +0800] "GET /xingrg/all/function/internal_message.html?_=1634517605736&CODE_STATE=getMsg HTTP/1.1" 200 27
114.85.125.222 - - [18/Oct/2021:08:40:11 +0800] "POST /xingrg/dwr/call/plaincall/AjaxCheckService.setItemNumber.dwr HTTP/1.1" 200 77
222.70.179.155 - - [18/Oct/2021:08:40:13 +0800] "GET /xingrg/kc/buy/cgsh_order_operate.html?command=get_materiel&rest_code=00111&code=00101007061&supplier_code=00100004&order_time=2021-10-18 HTTP/1.1" 200 409
114.85.125.222 - - [18/Oct/2021:08:40:15 +0800] "POST /xingrg/dwr/call/plaincall/AjaxCheckService.setItemNumber.dwr HTTP/1.1" 200 77
114.85.125.222 - - [18/Oct/2021:08:40:18 +0800] "POST /xingrg/dwr/call/plaincall/AjaxCheckService.setItemNumber.dwr HTTP/1.1" 200 77
114.85.125.222 - - [18/Oct/2021:08:40:19 +0800] "POST /xingrg/dwr/call/plaincall/AjaxCheckService.setItemNumber.dwr HTTP/1.1" 200 77
124.77.244.175 - - [18/Oct/2021:08:40:20 +0800] "GET /xingrg/all/function/internal_message.html?_=1634517619491&CODE_STATE=getMsg HTTP/1.1" 302 -
222.70.179.155 - - [18/Oct/2021:08:40:21 +0800] "GET /xingrg/all/function/internal_message.html?_=1634517613612&CODE_STATE=getMsg HTTP/1.1" 200 27
114.85.125.222 - - [18/Oct/2021:08:40:22 +0800] "POST /xingrg/dwr/call/plaincall/AjaxCheckService.setItemNumber.dwr HTTP/1.1" 200 77
114.85.125.222 - - [18/Oct/2021:08:40:22 +0800] "POST /xingrg/dwr/call/plaincall/AjaxCheckService.setItemNumber.dwr HTTP/1.1" 200 77
114.85.125.222 - - [18/Oct/2021:08:40:23 +0800] "POST /xingrg/dwr/call/plaincall/AjaxCheckService.setItemNumber.dwr HTTP/1.1" 200 77
124.77.244.175 - - [18/Oct/2021:08:40:26 +0800] "POST /xingrg/dwr/call/plaincall/AjaxCheckService.setItemNumber.dwr HTTP/1.1" 200 78
114.85.125.222 - - [18/Oct/2021:08:40:27 +0800] "POST /xingrg/dwr/call/plaincall/AjaxCheckService.setItemNumber.dwr HTTP/1.1" 200 77
222.70.179.155 - - [18/Oct/2021:08:40:27 +0800] "GET /xingrg/kc/buy/cgsh_order_operate.html?command=get_materiel&rest_code=00111&code=00101007184&supplier_code=00100004&order_time=2021-10-18 HTTP/1.1" 200 394
114.85.125.222 - - [18/Oct/2021:08:40:29 +0800] "POST /xingrg/dwr/call/plaincall/AjaxCheckService.setItemNumber.dwr HTTP/1.1" 200 77
120.253.135.82 - - [18/Oct/2021:08:40:31 +0800] "POST /xingrg/kc/base/stock_operate.html HTTP/1.1" 200 1481
114.85.125.222 - - [18/Oct/2021:08:40:32 +0800] "POST /xingrg/dwr/call/plaincall/AjaxCheckService.setItemNumber.dwr HTTP/1.1" 200 77
114.85.125.222 - - [18/Oct/2021:08:40:35 +0800] "POST /xingrg/dwr/call/plaincall/AjaxCheckService.setItemNumber.dwr HTTP/1.1" 200 77
124.77.244.175 - - [18/Oct/2021:08:40:35 +0800] "POST /xingrg/dwr/call/plaincall/AjaxCheckService.setItemNumber.dwr HTTP/1.1" 200 78
124.77.244.175 - - [18/Oct/2021:08:40:36 +0800] "GET /xingrg/all/function/internal_message.html?_=1634517636086&CODE_STATE=getMsg HTTP/1.1" 200 27
114.85.125.222 - - [18/Oct/2021:08:40:38 +0800] "POST /xingrg/dwr/call/plaincall/AjaxCheckService.setItemNumber.dwr HTTP/1.1" 200 77
114.85.125.222 - - [18/Oct/2021:08:40:41 +0800] "POST /xingrg/dwr/call/plaincall/AjaxCheckService.setItemNumber.dwr HTTP/1.1" 200 77
222.70.179.155 - - [18/Oct/2021:08:40:42 +0800] "GET /xingrg/kc/buy/cgsh_order_operate.html?command=get_materiel&rest_code=00111&code=00101007077&supplier_code=00100004&order_time=2021-10-18 HTTP/1.1" 200 415
120.253.135.82 - - [18/Oct/2021:08:40:44 +0800] "GET /xingrg/all/function/internal_message.html?_=1634517412257&CODE_STATE=getMsg HTTP/1.1" 200 27
114.85.125.222 - - [18/Oct/2021:08:40:48 +0800] "POST /xingrg/dwr/call/plaincall/AjaxCheckService.setItemNumber.dwr HTTP/1.1" 200 77
114.85.125.222 - - [18/Oct/2021:08:40:49 +0800] "POST /xingrg/dwr/call/plaincall/AjaxCheckService.setItemNumber.dwr HTTP/1.1" 200 77
120.253.135.82 - - [18/Oct/2021:08:40:50 +0800] "GET /xingrg/kc/buy/cgsh_order_list.html HTTP/1.1" 200 48941
120.253.135.82 - - [18/Oct/2021:08:40:50 +0800] "POST /xingrg/kc/buy/cgsh_list_operate.html HTTP/1.1" 200 876
114.85.125.222 - - [18/Oct/2021:08:40:51 +0800] "POST /xingrg/dwr/call/plaincall/AjaxCheckService.setItemNumber.dwr HTTP/1.1" 200 77
120.253.135.82 - - [18/Oct/2021:08:40:52 +0800] "GET /xingrg/all/function/internal_message.html?_=1634517633655&CODE_STATE=getMsg HTTP/1.1" 200 27
114.85.125.222 - - [18/Oct/2021:08:40:54 +0800] "POST /xingrg/dwr/call/plaincall/AjaxCheckService.setItemNumber.dwr HTTP/1.1" 200 77
124.77.244.175 - - [18/Oct/2021:08:40:54 +0800] "POST /xingrg/dwr/call/plaincall/AjaxCheckService.setItemNumber.dwr HTTP/1.1" 200 78
222.70.179.155 - - [18/Oct/2021:08:40:54 +0800] "GET /xingrg/kc/buy/cgsh_order_operate.html?command=get_materiel&rest_code=00111&code=00101007085&supplier_code=00100004&order_time=2021-10-18 HTTP/1.1" 200 413
114.85.125.222 - - [18/Oct/2021:08:40:54 +0800] "POST /xingrg/dwr/call/plaincall/AjaxCheckService.setItemNumber.dwr HTTP/1.1" 200 77
180.169.147.146 - - [18/Oct/2021:08:40:56 +0800] "GET /xingrg/all/function/internal_message.html?_=1634517653907&CODE_STATE=getMsg HTTP/1.1" 200 27
114.85.125.222 - - [18/Oct/2021:08:40:56 +0800] "POST /xingrg/dwr/call/plaincall/AjaxCheckService.setItemNumber.dwr HTTP/1.1" 200 77
120.253.135.82 - - [18/Oct/2021:08:40:56 +0800] "GET /xingrg/kc/pszx/mdqp_order_list.html?state=10 HTTP/1.1" 200 10657
120.253.135.82 - - [18/Oct/2021:08:40:56 +0800] "GET /xingrg/dwr/interface/AjaxQqpsService.js HTTP/1.1" 200 16326
120.253.135.82 - - [18/Oct/2021:08:40:56 +0800] "GET /xingrg/dwr/interface/AjaxReportQueryService.js HTTP/1.1" 200 13203
120.253.135.82 - - [18/Oct/2021:08:40:56 +0800] "GET /xingrg/dwr/engine.js HTTP/1.1" 200 43631
114.85.125.222 - - [18/Oct/2021:08:40:59 +0800] "POST /xingrg/dwr/call/plaincall/AjaxCheckService.setItemNumber.dwr HTTP/1.1" 200 77
120.253.135.82 - - [18/Oct/2021:08:40:59 +0800] "GET /xingrg/kc/pszx/mdqp_order_info.html?code=302021101700367 HTTP/1.1" 200 13350
120.253.135.82 - - [18/Oct/2021:08:41:00 +0800] "GET /xingrg/dwr/interface/AjaxQqpsService.js HTTP/1.1" 200 16326
120.253.135.82 - - [18/Oct/2021:08:41:00 +0800] "GET /xingrg/dwr/interface/AjaxComOrderService.js HTTP/1.1" 200 18264
120.253.135.82 - - [18/Oct/2021:08:41:00 +0800] "GET /xingrg/dwr/engine.js HTTP/1.1" 200 43631
120.253.135.82 - - [18/Oct/2021:08:41:00 +0800] "POST /xingrg/dwr/call/plaincall/AjaxQqpsService.loadMaterielItems.dwr HTTP/1.1" 200 338
114.85.125.222 - - [18/Oct/2021:08:41:01 +0800] "POST /xingrg/dwr/call/plaincall/AjaxCheckService.setItemNumber.dwr HTTP/1.1" 200 77
114.85.125.222 - - [18/Oct/2021:08:41:02 +0800] "POST /xingrg/dwr/call/plaincall/AjaxCheckService.setItemNumber.dwr HTTP/1.1" 200 77
222.70.179.155 - - [18/Oct/2021:08:41:05 +0800] "POST /xingrg/kc/buy/cgsh_order_operate.html HTTP/1.1" 200 37
120.253.135.82 - - [18/Oct/2021:08:41:05 +0800] "GET /xingrg/kc/pszx/mdqp_order_list.html?isBack=1 HTTP/1.1" 302 -
120.253.135.82 - - [18/Oct/2021:08:41:05 +0800] "GET /xingrg/kc/pszx/mdqp_order_list.html?state=10 HTTP/1.1" 200 10657
120.253.135.82 - - [18/Oct/2021:08:41:05 +0800] "GET /xingrg/dwr/interface/AjaxQqpsService.js HTTP/1.1" 200 16326
120.253.135.82 - - [18/Oct/2021:08:41:05 +0800] "GET /xingrg/dwr/interface/AjaxReportQueryService.js HTTP/1.1" 200 13203
120.253.135.82 - - [18/Oct/2021:08:41:05 +0800] "GET /xingrg/dwr/engine.js HTTP/1.1" 200 43631
114.85.125.222 - - [18/Oct/2021:08:41:06 +0800] "POST /xingrg/dwr/call/plaincall/AjaxCheckService.setItemNumber.dwr HTTP/1.1" 200 77
222.70.179.155 - - [18/Oct/2021:08:41:07 +0800] "POST /xingrg/kc/buy/cgsh_order_operate.html HTTP/1.1" 200 3841
58.39.139.200 - - [18/Oct/2021:08:41:07 +0800] "GET /xingrg/all/function/internal_message.html?_=1634517666286&CODE_STATE=getMsg HTTP/1.1" 200 27
114.85.125.222 - - [18/Oct/2021:08:41:07 +0800] "POST /xingrg/dwr/call/plaincall/AjaxCheckService.setItemNumber.dwr HTTP/1.1" 200 77
222.70.179.155 - - [18/Oct/2021:08:41:08 +0800] "GET /xingrg/kc/print/load_config.html?kc_code=cgsh HTTP/1.1" 200 2281
222.70.179.155 - - [18/Oct/2021:08:41:08 +0800] "GET /xingrg/kc/print/load_data.html?order_code=212021101807808&kc_code=cgsh&condition= HTTP/1.1" 200 1177
124.77.244.175 - - [18/Oct/2021:08:41:08 +0800] "GET /xingrg/check_reg.html?_=1634517667966 HTTP/1.1" 302 -
114.85.125.222 - - [18/Oct/2021:08:41:09 +0800] "POST /xingrg/dwr/call/plaincall/AjaxCheckService.setItemNumber.dwr HTTP/1.1" 200 77
120.253.135.82 - - [18/Oct/2021:08:41:10 +0800] "GET /xingrg/kc/pszx/mdqp_order_info.html?code=302021101700367 HTTP/1.1" 200 13350
116.238.248.233 - - [18/Oct/2021:08:41:10 +0800] "GET /xingrg/all/function/internal_message.html?_=1634517665732&CODE_STATE=getMsg HTTP/1.1" 200 27
120.253.135.82 - - [18/Oct/2021:08:41:10 +0800] "GET /xingrg/dwr/interface/AjaxQqpsService.js HTTP/1.1" 200 16326
120.253.135.82 - - [18/Oct/2021:08:41:10 +0800] "GET /xingrg/dwr/interface/AjaxComOrderService.js HTTP/1.1" 200 18264
120.253.135.82 - - [18/Oct/2021:08:41:10 +0800] "GET /xingrg/dwr/engine.js HTTP/1.1" 200 43631
114.85.125.222 - - [18/Oct/2021:08:41:10 +0800] "GET /xingrg/all/function/internal_message.html?_=1634517617754&CODE_STATE=getMsg HTTP/1.1" 200 27
120.253.135.82 - - [18/Oct/2021:08:41:10 +0800] "POST /xingrg/dwr/call/plaincall/AjaxQqpsService.loadMaterielItems.dwr HTTP/1.1" 200 338
