116.230.105.26 - - [18/Oct/2021:09:35:28 +0800] "POST /xingrg/dwr/call/plaincall/AjaxCheckService.setItemNumber.dwr HTTP/1.1" 200 78
116.230.105.26 - - [18/Oct/2021:09:35:29 +0800] "POST /xingrg/dwr/call/plaincall/AjaxCheckService.setItemNumber.dwr HTTP/1.1" 200 78
116.230.105.26 - - [18/Oct/2021:09:35:30 +0800] "POST /xingrg/dwr/call/plaincall/AjaxCheckService.setItemNumber.dwr HTTP/1.1" 200 78
116.230.105.26 - - [18/Oct/2021:09:35:30 +0800] "POST /xingrg/dwr/call/plaincall/AjaxCheckService.setItemNumber.dwr HTTP/1.1" 200 78
116.230.105.26 - - [18/Oct/2021:09:35:30 +0800] "POST /xingrg/dwr/call/plaincall/AjaxCheckService.setItemNumber.dwr HTTP/1.1" 200 78
116.230.105.26 - - [18/Oct/2021:09:35:31 +0800] "POST /xingrg/dwr/call/plaincall/AjaxCheckService.setItemNumber.dwr HTTP/1.1" 200 78
116.230.105.26 - - [18/Oct/2021:09:35:31 +0800] "POST /xingrg/dwr/call/plaincall/AjaxCheckService.setItemNumber.dwr HTTP/1.1" 200 78
116.235.92.31 - - [18/Oct/2021:09:35:31 +0800] "POST /xingrg/dwr/call/plaincall/AjaxCheckService.setItemNumber.dwr HTTP/1.1" 200 76
116.230.105.26 - - [18/Oct/2021:09:35:32 +0800] "POST /xingrg/dwr/call/plaincall/AjaxCheckService.setItemNumber.dwr HTTP/1.1" 200 78
116.230.105.26 - - [18/Oct/2021:09:35:32 +0800] "POST /xingrg/dwr/call/plaincall/AjaxCheckService.setItemNumber.dwr HTTP/1.1" 200 78
222.70.179.155 - - [18/Oct/2021:09:35:32 +0800] "GET /xingrg/kc/buy/cgsh_order_operate.html?command=get_materiel&rest_code=00111&code=00102008084&supplier_code=00100151&order_time=2021-10-18 HTTP/1.1" 200 414
116.230.105.26 - - [18/Oct/2021:09:35:33 +0800] "POST /xingrg/dwr/call/plaincall/AjaxCheckService.setItemNumber.dwr HTTP/1.1" 200 78
114.85.125.222 - - [18/Oct/2021:09:35:35 +0800] "GET /xingrg/all/function/internal_message.html?_=1634520882902&CODE_STATE=getMsg HTTP/1.1" 200 27
222.70.179.155 - - [18/Oct/2021:09:35:37 +0800] "GET /xingrg/all/function/internal_message.html?_=1634520929300&CODE_STATE=getMsg HTTP/1.1" 200 27
124.77.244.175 - - [18/Oct/2021:09:35:37 +0800] "GET /xingrg/all/function/internal_message.html?_=1634520936973&CODE_STATE=getMsg HTTP/1.1" 200 27
116.235.92.31 - - [18/Oct/2021:09:35:40 +0800] "GET /xingrg/all/function/internal_message.html?_=1634521043797&CODE_STATE=getMsg HTTP/1.1" 200 27
116.235.92.31 - - [18/Oct/2021:09:35:40 +0800] "POST /xingrg/dwr/call/plaincall/AjaxCheckService.setItemNumber.dwr HTTP/1.1" 200 76
116.235.92.31 - - [18/Oct/2021:09:35:47 +0800] "POST /xingrg/dwr/call/plaincall/AjaxCheckService.setItemNumber.dwr HTTP/1.1" 200 76
58.37.227.186 - - [18/Oct/2021:09:35:48 +0800] "GET /xingrg/javascript/auto/indicator.gif HTTP/1.1" 404 1066
222.69.133.183 - - [18/Oct/2021:09:35:49 +0800] "GET /xingrg/login.html HTTP/1.1" 200 7641
116.238.248.233 - - [18/Oct/2021:09:35:49 +0800] "GET /xingrg/all/function/internal_message.html?_=1634520944829&CODE_STATE=getMsg HTTP/1.1" 200 27
222.69.133.183 - - [18/Oct/2021:09:35:50 +0800] "GET /favicon.ico HTTP/1.1" 404 -
116.235.92.31 - - [18/Oct/2021:09:35:50 +0800] "POST /xingrg/dwr/call/plaincall/AjaxCheckService.setItemNumber.dwr HTTP/1.1" 200 76
58.37.227.186 - - [18/Oct/2021:09:35:50 +0800] "GET /xingrg/all/function/internal_message.html?_=1634520796478&CODE_STATE=getMsg HTTP/1.1" 200 27
58.37.227.186 - - [18/Oct/2021:09:35:51 +0800] "GET /xingrg/javascript/jquery_tools/images/next.gif HTTP/1.1" 404 1086
58.37.227.186 - - [18/Oct/2021:09:35:51 +0800] "GET /xingrg/javascript/jquery_tools/images/prev.gif HTTP/1.1" 404 1086
120.253.135.82 - - [18/Oct/2021:09:35:53 +0800] "GET /xingrg/all/function/internal_message.html?_=1634520934748&CODE_STATE=getMsg HTTP/1.1" 200 27
180.157.253.110 - - [18/Oct/2021:09:35:54 +0800] "GET /xingrg/all/function/internal_message.html?_=1634520952034&CODE_STATE=getMsg HTTP/1.1" 200 27
222.70.179.155 - - [18/Oct/2021:09:35:54 +0800] "POST /xingrg/kc/buy/cgsh_order_operate.html HTTP/1.1" 200 37
222.70.179.155 - - [18/Oct/2021:09:35:55 +0800] "POST /xingrg/kc/buy/cgsh_order_operate.html HTTP/1.1" 200 4440
222.70.179.155 - - [18/Oct/2021:09:35:57 +0800] "GET /xingrg/kc/print/load_data.html?order_code=212021101807827&kc_code=cgsh&condition= HTTP/1.1" 200 1337
222.69.133.183 - - [18/Oct/2021:09:35:58 +0800] "POST /xingrg/login.do HTTP/1.1" 302 -
222.69.133.183 - - [18/Oct/2021:09:35:59 +0800] "GET /xingrg/index.html?sysBaseUrl=http%3A%2F%2F180.169.147.146%3A18081%2Fxingrg%2F&costTime=43×tamp=1634520958970 HTTP/1.1" 200 17179
222.69.133.183 - - [18/Oct/2021:09:35:59 +0800] "GET /favicon.ico HTTP/1.1" 404 -
222.69.133.183 - - [18/Oct/2021:09:35:59 +0800] "POST /xingrg/all/common/load_tree.html?tree=area_rest_tree_json&manage=1 HTTP/1.1" 200 351
222.69.133.183 - - [18/Oct/2021:09:35:59 +0800] "GET /xingrg/all/function/internal_message.html?_=1634520957347&CODE_STATE=count HTTP/1.1" 200 11
222.69.133.183 - - [18/Oct/2021:09:35:59 +0800] "GET /xingrg/check_reg.html?_=1634520957350 HTTP/1.1" 200 22
222.69.133.183 - - [18/Oct/2021:09:35:59 +0800] "POST /xingrg/load_menu.html HTTP/1.1" 200 5138
58.37.227.186 - - [18/Oct/2021:09:35:59 +0800] "GET /xingrg/kc/buy/cgsh_order_operate.html?command=get_materiel&rest_code=00141&code=00101007077&supplier_code=00100004&order_time=2021-10-18 HTTP/1.1" 200 415
222.69.133.183 - - [18/Oct/2021:09:36:06 +0800] "GET /xingrg/kc/base/yddb_order_list.html HTTP/1.1" 200 16836
222.69.133.183 - - [18/Oct/2021:09:36:06 +0800] "POST /xingrg/kc/base/yddb_list_operate.html HTTP/1.1" 200 1346
58.39.139.200 - - [18/Oct/2021:09:36:07 +0800] "GET /xingrg/all/function/internal_message.html?_=1634520966335&CODE_STATE=getMsg HTTP/1.1" 200 27
58.37.227.186 - - [18/Oct/2021:09:36:07 +0800] "GET /xingrg/kc/buy/cgsh_order_operate.html?command=get_materiel&rest_code=00141&code=00101007085&supplier_code=00100004&order_time=2021-10-18 HTTP/1.1" 200 413
222.70.179.155 - - [18/Oct/2021:09:36:08 +0800] "POST /xingrg/kc/buy/cgsh_order_operate.html HTTP/1.1" 200 37
180.169.147.146 - - [18/Oct/2021:09:36:08 +0800] "GET /xingrg/all/function/internal_message.html?_=1634520966802&CODE_STATE=getMsg HTTP/1.1" 302 -
124.77.244.175 - - [18/Oct/2021:09:36:08 +0800] "GET /xingrg/check_reg.html?_=1634520968026 HTTP/1.1" 302 -
222.69.133.183 - - [18/Oct/2021:09:36:09 +0800] "POST /xingrg/kc/base/yddb_list_operate.html HTTP/1.1" 200 205
222.69.133.183 - - [18/Oct/2021:09:36:09 +0800] "GET /xingrg/kc/base/yddb_order_info.html?code=482021101700124 HTTP/1.1" 200 30542
222.69.133.183 - - [18/Oct/2021:09:36:09 +0800] "GET /xingrg/dwr/util.js HTTP/1.1" 304 -
222.69.133.183 - - [18/Oct/2021:09:36:09 +0800] "GET /xingrg/dwr/interface/AjaxYddbService.js HTTP/1.1" 200 13201
222.69.133.183 - - [18/Oct/2021:09:36:09 +0800] "GET /xingrg/dwr/interface/AjaxComOrderService.js HTTP/1.1" 200 18264
222.69.133.183 - - [18/Oct/2021:09:36:09 +0800] "GET /xingrg/dwr/engine.js HTTP/1.1" 200 43631
222.69.133.183 - - [18/Oct/2021:09:36:10 +0800] "POST /xingrg/dwr/call/plaincall/AjaxYddbService.loadMaterielItems.dwr HTTP/1.1" 200 397
58.37.227.186 - - [18/Oct/2021:09:36:14 +0800] "GET /xingrg/kc/buy/cgsh_order_operate.html?command=get_materiel&rest_code=00141&code=00101007089&supplier_code=00100004&order_time=2021-10-18 HTTP/1.1" 200 408
222.70.179.155 - - [18/Oct/2021:09:36:15 +0800] "POST /xingrg/kc/buy/cgsh_order_operate.html HTTP/1.1" 200 12
222.70.179.155 - - [18/Oct/2021:09:36:17 +0800] "GET /xingrg/kc/buy/cgsh_order_info.html?code=212021101807827 HTTP/1.1" 200 59578
222.70.179.155 - - [18/Oct/2021:09:36:18 +0800] "GET /xingrg/javascript/easyui/themes/default/validatebox.css HTTP/1.1" 404 1104
222.70.179.155 - - [18/Oct/2021:09:36:18 +0800] "POST /xingrg/kc/buy/cgsh_order_operate.html HTTP/1.1" 200 2390
116.230.105.26 - - [18/Oct/2021:09:36:19 +0800] "GET /xingrg/all/function/internal_message.html?_=1634520955183&CODE_STATE=getMsg HTTP/1.1" 200 27
222.69.133.183 - - [18/Oct/2021:09:36:19 +0800] "POST /xingrg/dwr/call/plaincall/AjaxYddbService.checkOrder.dwr HTTP/1.1" 200 280
124.77.244.175 - - [18/Oct/2021:09:36:21 +0800] "GET /xingrg/all/function/internal_message.html?_=1634520980252&CODE_STATE=getMsg HTTP/1.1" 302 -
58.37.227.186 - - [18/Oct/2021:09:36:21 +0800] "GET /xingrg/kc/buy/cgsh_order_operate.html?command=get_materiel&rest_code=00141&code=00101007084&supplier_code=00100004&order_time=2021-10-18 HTTP/1.1" 200 417
222.70.179.155 - - [18/Oct/2021:09:36:22 +0800] "GET /xingrg/kc/buy/cgsh_order_add.html HTTP/1.1" 200 64679
222.70.179.155 - - [18/Oct/2021:09:36:23 +0800] "POST /xingrg/kc/buy/cgsh_order_operate.html HTTP/1.1" 200 8245
222.70.179.155 - - [18/Oct/2021:09:36:23 +0800] "GET /xingrg/javascript/easyui/themes/default/validatebox.css HTTP/1.1" 404 1104
222.70.179.155 - - [18/Oct/2021:09:36:35 +0800] "GET /xingrg/kc/buy/cgsh_order_operate.html?command=get_materiel&rest_code=00111&code=00101006084&supplier_code=00100012&order_time=2021-10-18 HTTP/1.1" 200 413
222.69.133.183 - - [18/Oct/2021:09:36:35 +0800] "GET /xingrg/kc/base/check_order_list.html HTTP/1.1" 200 16349
114.85.125.222 - - [18/Oct/2021:09:36:35 +0800] "GET /xingrg/all/function/internal_message.html?_=1634520942965&CODE_STATE=getMsg HTTP/1.1" 200 27
222.69.133.183 - - [18/Oct/2021:09:36:35 +0800] "POST /xingrg/kc/base/check_list_operate.html HTTP/1.1" 200 4245
222.70.179.155 - - [18/Oct/2021:09:36:37 +0800] "GET /xingrg/all/function/internal_message.html?_=1634520989296&CODE_STATE=getMsg HTTP/1.1" 200 27
124.77.244.175 - - [18/Oct/2021:09:36:37 +0800] "GET /xingrg/all/function/internal_message.html?_=1634520996999&CODE_STATE=getMsg HTTP/1.1" 200 27
116.235.92.31 - - [18/Oct/2021:09:36:40 +0800] "GET /xingrg/all/function/internal_message.html?_=1634521103776&CODE_STATE=getMsg HTTP/1.1" 200 27
120.253.135.82 - - [18/Oct/2021:09:36:41 +0800] "GET /xingrg/check_reg.html?_=1634520982122 HTTP/1.1" 200 22
58.37.227.186 - - [18/Oct/2021:09:36:44 +0800] "POST /xingrg/kc/buy/cgsh_order_operate.html HTTP/1.1" 200 37
222.70.179.155 - - [18/Oct/2021:09:36:47 +0800] "GET /xingrg/kc/buy/cgsh_order_operate.html?command=get_materiel&rest_code=00111&code=00101018007&supplier_code=00100012&order_time=2021-10-18 HTTP/1.1" 200 409
58.37.227.186 - - [18/Oct/2021:09:36:47 +0800] "POST /xingrg/kc/buy/cgsh_order_operate.html HTTP/1.1" 200 12
58.37.227.186 - - [18/Oct/2021:09:36:48 +0800] "GET /xingrg/kc/buy/cgsh_order_info.html?code=212021101807828 HTTP/1.1" 200 59594
58.37.227.186 - - [18/Oct/2021:09:36:48 +0800] "GET /xingrg/javascript/easyui/themes/default/validatebox.css HTTP/1.1" 404 1104
58.37.227.186 - - [18/Oct/2021:09:36:49 +0800] "POST /xingrg/kc/buy/cgsh_order_operate.html HTTP/1.1" 200 2387
116.238.248.233 - - [18/Oct/2021:09:36:49 +0800] "GET /xingrg/check_reg.html?_=1634521004825 HTTP/1.1" 200 22
116.238.248.233 - - [18/Oct/2021:09:36:49 +0800] "GET /xingrg/all/function/internal_message.html?_=1634521004833&CODE_STATE=getMsg HTTP/1.1" 200 27
58.37.227.186 - - [18/Oct/2021:09:36:50 +0800] "GET /xingrg/all/function/internal_message.html?_=1634520856486&CODE_STATE=getMsg HTTP/1.1" 200 27
222.69.133.183 - - [18/Oct/2021:09:36:51 +0800] "POST /xingrg/kc/base/check_list_operate.html HTTP/1.1" 200 4
58.35.196.122 - - [18/Oct/2021:09:36:52 +0800] "POST /xingrg/services/DataTransmitService HTTP/1.1" 200 524
222.69.133.183 - - [18/Oct/2021:09:36:52 +0800] "POST /xingrg/kc/base/check_list_operate.html HTTP/1.1" 200 781
58.37.227.186 - - [18/Oct/2021:09:36:52 +0800] "GET /xingrg/kc/print/load_config.html?kc_code=cgsh HTTP/1.1" 200 2281
58.37.227.186 - - [18/Oct/2021:09:36:53 +0800] "GET /xingrg/kc/print/load_data.html?order_code=212021101807828&kc_code=cgsh&condition= HTTP/1.1" 200 1451
120.253.135.82 - - [18/Oct/2021:09:36:53 +0800] "GET /xingrg/all/function/internal_message.html?_=1634520994754&CODE_STATE=getMsg HTTP/1.1" 200 27
180.157.253.110 - - [18/Oct/2021:09:36:54 +0800] "GET /xingrg/all/function/internal_message.html?_=1634521012074&CODE_STATE=getMsg HTTP/1.1" 200 27
222.69.133.183 - - [18/Oct/2021:09:36:54 +0800] "GET /xingrg/kc/base/check_order_add.html HTTP/1.1" 200 25494
222.69.133.183 - - [18/Oct/2021:09:36:54 +0800] "GET /xingrg/css/table.css HTTP/1.1" 200 3684
222.69.133.183 - - [18/Oct/2021:09:36:54 +0800] "GET /xingrg/dwr/interface/AjaxComOrderService.js HTTP/1.1" 200 18264
222.69.133.183 - - [18/Oct/2021:09:36:54 +0800] "GET /xingrg/dwr/interface/AjaxCheckService.js HTTP/1.1" 200 14003
222.69.133.183 - - [18/Oct/2021:09:36:54 +0800] "GET /xingrg/dwr/engine.js HTTP/1.1" 200 43631
222.70.179.155 - - [18/Oct/2021:09:36:55 +0800] "GET /xingrg/kc/buy/cgsh_order_operate.html?command=get_materiel&rest_code=00111&code=00101006111&supplier_code=00100012&order_time=2021-10-18 HTTP/1.1" 200 409
222.69.133.183 - - [18/Oct/2021:09:36:59 +0800] "GET /xingrg/all/function/internal_message.html?_=1634521017361&CODE_STATE=getMsg HTTP/1.1" 200 27
58.37.227.186 - - [18/Oct/2021:09:37:01 +0800] "GET /xingrg/kc/buy/cgsh_order_add.html HTTP/1.1" 200 64685
58.37.227.186 - - [18/Oct/2021:09:37:02 +0800] "POST /xingrg/kc/buy/cgsh_order_operate.html HTTP/1.1" 200 8245
58.37.227.186 - - [18/Oct/2021:09:37:02 +0800] "GET /xingrg/javascript/easyui/themes/default/validatebox.css HTTP/1.1" 404 1104
222.69.133.183 - - [18/Oct/2021:09:37:03 +0800] "POST /xingrg/dwr/call/plaincall/AjaxCheckService.saveOrder.dwr HTTP/1.1" 200 78
222.69.133.183 - - [18/Oct/2021:09:37:04 +0800] "POST /xingrg/dwr/call/plaincall/AjaxCheckService.loadOrderItems.dwr HTTP/1.1" 200 367
222.70.179.155 - - [18/Oct/2021:09:37:05 +0800] "GET /xingrg/kc/buy/cgsh_order_operate.html?command=get_materiel&rest_code=00111&code=00101006056&supplier_code=00100012&order_time=2021-10-18 HTTP/1.1" 200 413
222.69.133.183 - - [18/Oct/2021:09:37:07 +0800] "GET /xingrg/javascript/jquery_easy_ui/themes/default/images/button_span_bg.gif HTTP/1.1" 200 2061
222.69.133.183 - - [18/Oct/2021:09:37:07 +0800] "GET /xingrg/javascript/jquery_easy_ui/themes/default/images/button_a_bg.gif HTTP/1.1" 200 1194
222.69.133.183 - - [18/Oct/2021:09:37:07 +0800] "GET /xingrg/javascript/jquery_easy_ui/themes/icons/ok.png HTTP/1.1" 200 883
222.69.133.183 - - [18/Oct/2021:09:37:07 +0800] "GET /xingrg/javascript/jquery_easy_ui/themes/default/images/panel_title.png HTTP/1.1" 200 266
222.69.133.183 - - [18/Oct/2021:09:37:07 +0800] "GET /xingrg/javascript/jquery_easy_ui/themes/default/images/panel_tools.gif HTTP/1.1" 200 737
222.69.133.183 - - [18/Oct/2021:09:37:07 +0800] "GET /xingrg/javascript/jquery_easy_ui/themes/icons/pencil.png HTTP/1.1" 200 713
58.39.139.200 - - [18/Oct/2021:09:37:07 +0800] "GET /xingrg/all/function/internal_message.html?_=1634521026336&CODE_STATE=getMsg HTTP/1.1" 200 27
58.39.139.200 - - [18/Oct/2021:09:37:07 +0800] "GET /xingrg/check_reg.html?_=1634521026339 HTTP/1.1" 200 22
180.169.147.146 - - [18/Oct/2021:09:37:08 +0800] "GET /xingrg/all/function/internal_message.html?_=1634521026775&CODE_STATE=getMsg HTTP/1.1" 302 -
180.169.147.146 - - [18/Oct/2021:09:37:09 +0800] "GET /xingrg/check_reg.html?_=1634521027531 HTTP/1.1" 302 -
58.37.227.186 - - [18/Oct/2021:09:37:13 +0800] "GET /xingrg/kc/buy/cgsh_order_operate.html?command=get_materiel&rest_code=00141&code=00101008091&supplier_code=00100007&order_time=2021-10-18 HTTP/1.1" 200 413
222.69.133.183 - - [18/Oct/2021:09:37:13 +0800] "POST /xingrg/dwr/call/plaincall/AjaxCheckService.importOrderItems.dwr HTTP/1.1" 200 78
222.69.133.183 - - [18/Oct/2021:09:37:14 +0800] "POST /xingrg/dwr/call/plaincall/AjaxCheckService.loadOrderItems.dwr HTTP/1.1" 200 21573
222.69.133.183 - - [18/Oct/2021:09:37:14 +0800] "GET /xingrg/javascript/jquery_easy_ui/themes/icons/no.png HTTP/1.1" 200 922
222.70.179.155 - - [18/Oct/2021:09:37:15 +0800] "GET /xingrg/kc/buy/cgsh_order_operate.html?command=get_materiel&rest_code=00111&code=00101006194&supplier_code=00100012&order_time=2021-10-18 HTTP/1.1" 200 413
116.235.92.31 - - [18/Oct/2021:09:37:17 +0800] "POST /xingrg/dwr/call/plaincall/AjaxCheckService.setItemNumber.dwr HTTP/1.1" 200 76
116.230.105.26 - - [18/Oct/2021:09:37:19 +0800] "GET /xingrg/all/function/internal_message.html?_=1634521015178&CODE_STATE=getMsg HTTP/1.1" 200 27
58.37.227.186 - - [18/Oct/2021:09:37:19 +0800] "GET /xingrg/kc/buy/cgsh_order_operate.html?command=get_materiel&rest_code=00141&code=00101008257&supplier_code=00100007&order_time=2021-10-18 HTTP/1.1" 200 416
116.235.92.31 - - [18/Oct/2021:09:37:20 +0800] "POST /xingrg/dwr/call/plaincall/AjaxCheckService.setItemNumber.dwr HTTP/1.1" 200 76
124.77.244.175 - - [18/Oct/2021:09:37:21 +0800] "GET /xingrg/all/function/internal_message.html?_=1634521040270&CODE_STATE=getMsg HTTP/1.1" 302 -
222.69.133.183 - - [18/Oct/2021:09:37:21 +0800] "GET /xingrg/kc/print/load_config.html?_=1634521039647&kc_code=check HTTP/1.1" 200 2411
222.69.133.183 - - [18/Oct/2021:09:37:21 +0800] "GET /xingrg/kc/print/load_data.html?_=1634521039714&order_code=452021101800157&kc_code=check&condition= HTTP/1.1" 200 5730
116.235.92.31 - - [18/Oct/2021:09:37:23 +0800] "POST /xingrg/dwr/call/plaincall/AjaxCheckService.setItemNumber.dwr HTTP/1.1" 200 76
116.235.92.31 - - [18/Oct/2021:09:37:24 +0800] "POST /xingrg/dwr/call/plaincall/AjaxCheckService.setItemNumber.dwr HTTP/1.1" 200 76
222.70.179.155 - - [18/Oct/2021:09:37:25 +0800] "GET /xingrg/kc/buy/cgsh_order_operate.html?command=get_materiel&rest_code=00111&code=00101006065&supplier_code=00100012&order_time=2021-10-18 HTTP/1.1" 200 409
58.37.227.186 - - [18/Oct/2021:09:37:26 +0800] "GET /xingrg/kc/buy/cgsh_order_operate.html?command=get_materiel&rest_code=00141&code=00101008354&supplier_code=00100007&order_time=2021-10-18 HTTP/1.1" 200 412
116.235.92.31 - - [18/Oct/2021:09:37:27 +0800] "POST /xingrg/dwr/call/plaincall/AjaxCheckService.setItemNumber.dwr HTTP/1.1" 200 76
116.235.92.31 - - [18/Oct/2021:09:37:28 +0800] "POST /xingrg/dwr/call/plaincall/AjaxCheckService.setItemNumber.dwr HTTP/1.1" 200 77
58.37.227.186 - - [18/Oct/2021:09:37:33 +0800] "GET /xingrg/kc/buy/cgsh_order_operate.html?command=get_materiel&rest_code=00141&code=00101008010&supplier_code=00100007&order_time=2021-10-18 HTTP/1.1" 200 412
124.77.244.175 - - [18/Oct/2021:09:37:33 +0800] "GET /xingrg/check_reg.html?_=1634521052872 HTTP/1.1" 200 22
114.85.125.222 - - [18/Oct/2021:09:37:35 +0800] "GET /xingrg/all/function/internal_message.html?_=1634521002976&CODE_STATE=getMsg HTTP/1.1" 200 27
116.235.92.31 - - [18/Oct/2021:09:37:35 +0800] "POST /xingrg/dwr/call/plaincall/AjaxCheckService.setItemNumber.dwr HTTP/1.1" 200 77
222.70.179.155 - - [18/Oct/2021:09:37:37 +0800] "GET /xingrg/all/function/internal_message.html?_=1634521049290&CODE_STATE=getMsg HTTP/1.1" 200 27
222.70.179.155 - - [18/Oct/2021:09:37:37 +0800] "GET /xingrg/kc/buy/cgsh_order_operate.html?command=get_materiel&rest_code=00111&code=00101006055&supplier_code=00100012&order_time=2021-10-18 HTTP/1.1" 200 408
116.238.248.233 - - [18/Oct/2021:09:37:37 +0800] "POST /xingrg/kc/buy/cgsh_order_operate.html HTTP/1.1" 200 37
124.77.244.175 - - [18/Oct/2021:09:37:37 +0800] "GET /xingrg/all/function/internal_message.html?_=1634521057001&CODE_STATE=getMsg HTTP/1.1" 200 27
58.37.227.186 - - [18/Oct/2021:09:37:40 +0800] "GET /xingrg/kc/buy/cgsh_order_operate.html?command=get_materiel&rest_code=00141&code=00101008026&supplier_code=00100007&order_time=2021-10-18 HTTP/1.1" 200 409
116.235.92.31 - - [18/Oct/2021:09:37:40 +0800] "GET /xingrg/all/function/internal_message.html?_=1634521163759&CODE_STATE=getMsg HTTP/1.1" 200 27
116.238.248.233 - - [18/Oct/2021:09:37:42 +0800] "POST /xingrg/kc/buy/cgsh_order_operate.html HTTP/1.1" 200 12
116.238.248.233 - - [18/Oct/2021:09:37:43 +0800] "GET /xingrg/kc/buy/cgsh_order_info.html?code=212021101807814 HTTP/1.1" 200 59512
116.238.248.233 - - [18/Oct/2021:09:37:43 +0800] "GET /xingrg/javascript/easyui/themes/default/validatebox.css HTTP/1.1" 404 1104
116.238.248.233 - - [18/Oct/2021:09:37:44 +0800] "POST /xingrg/kc/buy/cgsh_order_operate.html HTTP/1.1" 200 28420
116.238.248.233 - - [18/Oct/2021:09:37:45 +0800] "GET /xingrg/kc/print/load_data.html?order_code=212021101807814&kc_code=cgsh&condition= HTTP/1.1" 200 11294
58.37.227.186 - - [18/Oct/2021:09:37:47 +0800] "GET /xingrg/kc/buy/cgsh_order_operate.html?command=get_materiel&rest_code=00141&code=00101008110&supplier_code=00100007&order_time=2021-10-18 HTTP/1.1" 200 408
116.238.248.233 - - [18/Oct/2021:09:37:49 +0800] "GET /xingrg/all/function/internal_message.html?_=1634521065082&CODE_STATE=getMsg HTTP/1.1" 200 27
58.37.227.186 - - [18/Oct/2021:09:37:50 +0800] "GET /xingrg/all/function/internal_message.html?_=1634520916542&CODE_STATE=getMsg HTTP/1.1" 200 27
116.238.248.233 - - [18/Oct/2021:09:37:51 +0800] "GET /xingrg/kc/buy/cgsh_order_add.html HTTP/1.1" 200 64603
116.238.248.233 - - [18/Oct/2021:09:37:51 +0800] "POST /xingrg/kc/buy/cgsh_order_operate.html HTTP/1.1" 200 8245
116.238.248.233 - - [18/Oct/2021:09:37:51 +0800] "GET /xingrg/javascript/easyui/themes/default/validatebox.css HTTP/1.1" 404 1104
58.37.227.186 - - [18/Oct/2021:09:37:53 +0800] "GET /xingrg/kc/buy/cgsh_order_operate.html?command=get_materiel&rest_code=00141&code=00101008096&supplier_code=00100007&order_time=2021-10-18 HTTP/1.1" 200 412
120.253.135.82 - - [18/Oct/2021:09:37:54 +0800] "GET /xingrg/all/function/internal_message.html?_=1634521054767&CODE_STATE=getMsg HTTP/1.1" 200 27
180.157.253.110 - - [18/Oct/2021:09:37:54 +0800] "GET /xingrg/all/function/internal_message.html?_=1634521072060&CODE_STATE=getMsg HTTP/1.1" 200 27
222.69.133.183 - - [18/Oct/2021:09:37:59 +0800] "GET /xingrg/all/function/internal_message.html?_=1634521077357&CODE_STATE=getMsg HTTP/1.1" 200 27
58.37.227.186 - - [18/Oct/2021:09:38:00 +0800] "GET /xingrg/kc/buy/cgsh_order_operate.html?command=get_materiel&rest_code=00141&code=00101008038&supplier_code=00100007&order_time=2021-10-18 HTTP/1.1" 200 412
116.238.248.233 - - [18/Oct/2021:09:38:01 +0800] "GET /xingrg/kc/buy/cgsh_order_operate.html?command=get_materiel&rest_code=00150&code=00101031001&supplier_code=00100064&order_time=2021-10-18 HTTP/1.1" 200 419
116.235.92.31 - - [18/Oct/2021:09:38:05 +0800] "POST /xingrg/dwr/call/plaincall/AjaxCheckService.setItemNumber.dwr HTTP/1.1" 200 77
58.39.139.200 - - [18/Oct/2021:09:38:07 +0800] "GET /xingrg/all/function/internal_message.html?_=1634521086338&CODE_STATE=getMsg HTTP/1.1" 200 27
116.235.92.31 - - [18/Oct/2021:09:38:07 +0800] "POST /xingrg/dwr/call/plaincall/AjaxCheckService.setItemNumber.dwr HTTP/1.1" 200 77
180.169.147.146 - - [18/Oct/2021:09:38:08 +0800] "GET /xingrg/all/function/internal_message.html?_=1634521086754&CODE_STATE=getMsg HTTP/1.1" 302 -
116.238.248.233 - - [18/Oct/2021:09:38:08 +0800] "POST /xingrg/kc/buy/cgsh_order_operate.html HTTP/1.1" 200 37
58.37.227.186 - - [18/Oct/2021:09:38:09 +0800] "GET /xingrg/kc/buy/cgsh_order_operate.html?command=get_materiel&rest_code=00141&code=00101008221&supplier_code=00100007&order_time=2021-10-18 HTTP/1.1" 200 412
116.235.92.31 - - [18/Oct/2021:09:38:10 +0800] "POST /xingrg/dwr/call/plaincall/AjaxCheckService.setItemNumber.dwr HTTP/1.1" 200 77
116.238.248.233 - - [18/Oct/2021:09:38:11 +0800] "POST /xingrg/kc/buy/cgsh_order_operate.html HTTP/1.1" 200 12
116.238.248.233 - - [18/Oct/2021:09:38:12 +0800] "GET /xingrg/kc/buy/cgsh_order_info.html?code=212021101807829 HTTP/1.1" 200 59512
116.235.92.31 - - [18/Oct/2021:09:38:12 +0800] "POST /xingrg/dwr/call/plaincall/AjaxCheckService.setItemNumber.dwr HTTP/1.1" 200 77
116.238.248.233 - - [18/Oct/2021:09:38:13 +0800] "GET /xingrg/javascript/easyui/themes/default/validatebox.css HTTP/1.1" 404 1104
116.238.248.233 - - [18/Oct/2021:09:38:13 +0800] "POST /xingrg/kc/buy/cgsh_order_operate.html HTTP/1.1" 200 615
116.235.92.31 - - [18/Oct/2021:09:38:15 +0800] "POST /xingrg/dwr/call/plaincall/AjaxCheckService.setItemNumber.dwr HTTP/1.1" 200 77
116.238.248.233 - - [18/Oct/2021:09:38:15 +0800] "GET /xingrg/kc/print/load_data.html?order_code=212021101807829&kc_code=cgsh&condition= HTTP/1.1" 200 751
58.37.227.186 - - [18/Oct/2021:09:38:16 +0800] "GET /xingrg/kc/buy/cgsh_order_operate.html?command=get_materiel&rest_code=00141&code=00101008283&supplier_code=00100007&order_time=2021-10-18 HTTP/1.1" 200 408
116.235.92.31 - - [18/Oct/2021:09:38:17 +0800] "POST /xingrg/dwr/call/plaincall/AjaxCheckService.setItemNumber.dwr HTTP/1.1" 200 77
116.230.105.26 - - [18/Oct/2021:09:38:19 +0800] "GET /xingrg/all/function/internal_message.html?_=1634521075162&CODE_STATE=getMsg HTTP/1.1" 200 27
116.230.105.26 - - [18/Oct/2021:09:38:19 +0800] "GET /xingrg/check_reg.html?_=1634521075233 HTTP/1.1" 200 22
116.238.248.233 - - [18/Oct/2021:09:38:19 +0800] "GET /xingrg/kc/buy/cgsh_order_add.html HTTP/1.1" 200 64603
116.238.248.233 - - [18/Oct/2021:09:38:20 +0800] "POST /xingrg/kc/buy/cgsh_order_operate.html HTTP/1.1" 200 8245
116.238.248.233 - - [18/Oct/2021:09:38:20 +0800] "GET /xingrg/javascript/easyui/themes/default/validatebox.css HTTP/1.1" 404 1104
116.235.92.31 - - [18/Oct/2021:09:38:20 +0800] "POST /xingrg/dwr/call/plaincall/AjaxCheckService.setItemNumber.dwr HTTP/1.1" 200 77
124.77.244.175 - - [18/Oct/2021:09:38:21 +0800] "GET /xingrg/all/function/internal_message.html?_=1634521100280&CODE_STATE=getMsg HTTP/1.1" 302 -
116.235.92.31 - - [18/Oct/2021:09:38:22 +0800] "POST /xingrg/dwr/call/plaincall/AjaxCheckService.setItemNumber.dwr HTTP/1.1" 200 77
58.37.227.186 - - [18/Oct/2021:09:38:24 +0800] "GET /xingrg/kc/buy/cgsh_order_operate.html?command=get_materiel&rest_code=00141&code=00101008163&supplier_code=00100007&order_time=2021-10-18 HTTP/1.1" 200 409
116.235.92.31 - - [18/Oct/2021:09:38:25 +0800] "POST /xingrg/dwr/call/plaincall/AjaxCheckService.setItemNumber.dwr HTTP/1.1" 200 77
116.235.92.31 - - [18/Oct/2021:09:38:27 +0800] "POST /xingrg/dwr/call/plaincall/AjaxCheckService.setItemNumber.dwr HTTP/1.1" 200 77
116.238.248.233 - - [18/Oct/2021:09:38:30 +0800] "GET /xingrg/kc/buy/cgsh_order_operate.html?command=get_materiel&rest_code=00150&code=00101031012&supplier_code=00100054&order_time=2021-10-18 HTTP/1.1" 200 417
116.235.92.31 - - [18/Oct/2021:09:38:30 +0800] "POST /xingrg/dwr/call/plaincall/AjaxCheckService.setItemNumber.dwr HTTP/1.1" 200 77
116.235.92.31 - - [18/Oct/2021:09:38:32 +0800] "POST /xingrg/dwr/call/plaincall/AjaxCheckService.setItemNumber.dwr HTTP/1.1" 200 77
58.37.227.186 - - [18/Oct/2021:09:38:33 +0800] "GET /xingrg/kc/buy/cgsh_order_operate.html?command=get_materiel&rest_code=00141&code=00101008361&supplier_code=00100007&order_time=2021-10-18 HTTP/1.1" 200 408
114.85.125.222 - - [18/Oct/2021:09:38:35 +0800] "GET /xingrg/check_reg.html?_=1634521062599 HTTP/1.1" 200 22
114.85.125.222 - - [18/Oct/2021:09:38:35 +0800] "GET /xingrg/all/function/internal_message.html?_=1634521062991&CODE_STATE=getMsg HTTP/1.1" 200 27
116.235.92.31 - - [18/Oct/2021:09:38:37 +0800] "POST /xingrg/dwr/call/plaincall/AjaxCheckService.setItemNumber.dwr HTTP/1.1" 200 77
222.70.179.155 - - [18/Oct/2021:09:38:37 +0800] "GET /xingrg/all/function/internal_message.html?_=1634521109305&CODE_STATE=getMsg HTTP/1.1" 200 27
124.77.244.175 - - [18/Oct/2021:09:38:37 +0800] "GET /xingrg/all/function/internal_message.html?_=1634521117015&CODE_STATE=getMsg HTTP/1.1" 200 27
116.235.92.31 - - [18/Oct/2021:09:38:39 +0800] "POST /xingrg/dwr/call/plaincall/AjaxCheckService.setItemNumber.dwr HTTP/1.1" 200 77
116.238.248.233 - - [18/Oct/2021:09:38:40 +0800] "POST /xingrg/kc/buy/cgsh_order_operate.html HTTP/1.1" 200 64
116.235.92.31 - - [18/Oct/2021:09:38:40 +0800] "GET /xingrg/all/function/internal_message.html?_=1634521223733&CODE_STATE=getMsg HTTP/1.1" 200 27
116.235.92.31 - - [18/Oct/2021:09:38:41 +0800] "POST /xingrg/dwr/call/plaincall/AjaxCheckService.setItemNumber.dwr HTTP/1.1" 200 77
222.70.179.155 - - [18/Oct/2021:09:38:42 +0800] "POST /xingrg/kc/buy/cgsh_order_operate.html HTTP/1.1" 200 37
116.235.92.31 - - [18/Oct/2021:09:38:43 +0800] "POST /xingrg/dwr/call/plaincall/AjaxCheckService.setItemNumber.dwr HTTP/1.1" 200 77
116.235.92.31 - - [18/Oct/2021:09:38:44 +0800] "POST /xingrg/dwr/call/plaincall/AjaxCheckService.setItemNumber.dwr HTTP/1.1" 200 77
116.238.248.233 - - [18/Oct/2021:09:38:46 +0800] "POST /xingrg/kc/buy/cgsh_order_operate.html HTTP/1.1" 200 37
222.70.179.155 - - [18/Oct/2021:09:38:46 +0800] "POST /xingrg/kc/buy/cgsh_order_operate.html HTTP/1.1" 200 6197
116.235.92.31 - - [18/Oct/2021:09:38:46 +0800] "POST /xingrg/dwr/call/plaincall/AjaxCheckService.setItemNumber.dwr HTTP/1.1" 200 77
222.70.179.155 - - [18/Oct/2021:09:38:48 +0800] "GET /xingrg/kc/print/load_data.html?order_code=212021101807831&kc_code=cgsh&condition= HTTP/1.1" 200 2100
116.235.92.31 - - [18/Oct/2021:09:38:48 +0800] "POST /xingrg/dwr/call/plaincall/AjaxCheckService.setItemNumber.dwr HTTP/1.1" 200 77
116.235.92.31 - - [18/Oct/2021:09:38:50 +0800] "POST /xingrg/dwr/call/plaincall/AjaxCheckService.setItemNumber.dwr HTTP/1.1" 200 77
58.37.227.186 - - [18/Oct/2021:09:38:50 +0800] "GET /xingrg/all/function/internal_message.html?_=1634520976531&CODE_STATE=getMsg HTTP/1.1" 200 27
58.37.227.186 - - [18/Oct/2021:09:38:51 +0800] "GET /xingrg/kc/buy/cgsh_order_operate.html?command=get_materiel&rest_code=00141&code=00101008264&supplier_code=00100007&order_time=2021-10-18 HTTP/1.1" 200 412
116.235.92.31 - - [18/Oct/2021:09:38:52 +0800] "POST /xingrg/dwr/call/plaincall/AjaxCheckService.setItemNumber.dwr HTTP/1.1" 200 77
116.235.92.31 - - [18/Oct/2021:09:38:53 +0800] "POST /xingrg/dwr/call/plaincall/AjaxCheckService.setItemNumber.dwr HTTP/1.1" 200 77
180.157.253.110 - - [18/Oct/2021:09:38:54 +0800] "GET /xingrg/all/function/internal_message.html?_=1634521132060&CODE_STATE=getMsg HTTP/1.1" 200 27
120.253.135.82 - - [18/Oct/2021:09:38:54 +0800] "GET /xingrg/all/function/internal_message.html?_=1634521114800&CODE_STATE=getMsg HTTP/1.1" 200 27
180.157.253.110 - - [18/Oct/2021:09:38:54 +0800] "GET /xingrg/check_reg.html?_=1634521132063 HTTP/1.1" 200 22
116.238.248.233 - - [18/Oct/2021:09:38:54 +0800] "POST /xingrg/kc/buy/cgsh_order_operate.html HTTP/1.1" 200 2664
116.235.92.31 - - [18/Oct/2021:09:38:54 +0800] "POST /xingrg/dwr/call/plaincall/AjaxCheckService.setItemNumber.dwr HTTP/1.1" 200 77
116.235.92.31 - - [18/Oct/2021:09:38:55 +0800] "POST /xingrg/dwr/call/plaincall/AjaxCheckService.setItemNumber.dwr HTTP/1.1" 200 77
116.235.92.31 - - [18/Oct/2021:09:38:58 +0800] "POST /xingrg/dwr/call/plaincall/AjaxCheckService.setItemNumber.dwr HTTP/1.1" 200 77
222.69.133.183 - - [18/Oct/2021:09:38:59 +0800] "GET /xingrg/all/function/internal_message.html?_=1634521137364&CODE_STATE=getMsg HTTP/1.1" 200 27
58.37.227.186 - - [18/Oct/2021:09:39:00 +0800] "GET /xingrg/kc/buy/cgsh_order_operate.html?command=get_materiel&rest_code=00141&code=00101008024&supplier_code=00100007&order_time=2021-10-18 HTTP/1.1" 200 408
116.235.92.31 - - [18/Oct/2021:09:39:00 +0800] "POST /xingrg/dwr/call/plaincall/AjaxCheckService.setItemNumber.dwr HTTP/1.1" 200 77
116.238.248.233 - - [18/Oct/2021:09:39:01 +0800] "POST /xingrg/kc/buy/cgsh_order_operate.html HTTP/1.1" 200 37
116.235.92.31 - - [18/Oct/2021:09:39:02 +0800] "POST /xingrg/dwr/call/plaincall/AjaxCheckService.setItemNumber.dwr HTTP/1.1" 200 77
116.235.92.31 - - [18/Oct/2021:09:39:04 +0800] "POST /xingrg/dwr/call/plaincall/AjaxCheckService.setItemNumber.dwr HTTP/1.1" 200 77
116.235.92.31 - - [18/Oct/2021:09:39:05 +0800] "POST /xingrg/dwr/call/plaincall/AjaxCheckService.setItemNumber.dwr HTTP/1.1" 200 77
116.238.248.233 - - [18/Oct/2021:09:39:06 +0800] "POST /xingrg/kc/buy/cgsh_order_operate.html HTTP/1.1" 200 12
116.235.92.31 - - [18/Oct/2021:09:39:06 +0800] "POST /xingrg/dwr/call/plaincall/AjaxCheckService.setItemNumber.dwr HTTP/1.1" 200 77
58.39.139.200 - - [18/Oct/2021:09:39:07 +0800] "GET /xingrg/all/function/internal_message.html?_=1634521146339&CODE_STATE=getMsg HTTP/1.1" 200 27
116.238.248.233 - - [18/Oct/2021:09:39:08 +0800] "GET /xingrg/kc/buy/cgsh_order_info.html?code=212021101807832 HTTP/1.1" 200 59510
180.169.147.146 - - [18/Oct/2021:09:39:08 +0800] "GET /xingrg/all/function/internal_message.html?_=1634521146730&CODE_STATE=getMsg HTTP/1.1" 302 -
116.235.92.31 - - [18/Oct/2021:09:39:08 +0800] "POST /xingrg/dwr/call/plaincall/AjaxCheckService.setItemNumber.dwr HTTP/1.1" 200 77
116.238.248.233 - - [18/Oct/2021:09:39:08 +0800] "GET /xingrg/javascript/easyui/themes/default/validatebox.css HTTP/1.1" 404 1104
180.169.147.146 - - [18/Oct/2021:09:39:08 +0800] "GET /xingrg/login.html HTTP/1.1" 200 7641
180.169.147.146 - - [18/Oct/2021:09:39:09 +0800] "GET /favicon.ico HTTP/1.1" 404 -
116.238.248.233 - - [18/Oct/2021:09:39:09 +0800] "POST /xingrg/kc/buy/cgsh_order_operate.html HTTP/1.1" 200 614
116.238.248.233 - - [18/Oct/2021:09:39:10 +0800] "GET /xingrg/kc/print/load_data.html?order_code=212021101807832&kc_code=cgsh&condition= HTTP/1.1" 200 712
58.37.227.186 - - [18/Oct/2021:09:39:11 +0800] "GET /xingrg/kc/buy/cgsh_order_operate.html?command=get_materiel&rest_code=00141&code=00101008356&supplier_code=00100007&order_time=2021-10-18 HTTP/1.1" 200 408
180.169.147.146 - - [18/Oct/2021:09:39:11 +0800] "POST /xingrg/login.do HTTP/1.1" 302 -
180.169.147.146 - - [18/Oct/2021:09:39:11 +0800] "GET /xingrg/index.html?sysBaseUrl=http%3A%2F%2F180.169.147.146%3A18081%2Fxingrg%2F&costTime=56×tamp=1634521151007 HTTP/1.1" 200 17503
180.169.147.146 - - [18/Oct/2021:09:39:11 +0800] "GET /favicon.ico HTTP/1.1" 404 -
180.169.147.146 - - [18/Oct/2021:09:39:11 +0800] "POST /xingrg/all/common/load_tree.html?tree=area_rest_tree_json&manage=1 HTTP/1.1" 200 3472
180.169.147.146 - - [18/Oct/2021:09:39:11 +0800] "GET /xingrg/check_reg.html?_=1634521150227 HTTP/1.1" 200 22
180.169.147.146 - - [18/Oct/2021:09:39:11 +0800] "GET /xingrg/all/function/internal_message.html?_=1634521150226&CODE_STATE=count HTTP/1.1" 200 11
116.235.92.31 - - [18/Oct/2021:09:39:11 +0800] "POST /xingrg/dwr/call/plaincall/AjaxCheckService.setItemNumber.dwr HTTP/1.1" 200 77
180.169.147.146 - - [18/Oct/2021:09:39:11 +0800] "POST /xingrg/load_menu.html HTTP/1.1" 200 11443
116.235.92.31 - - [18/Oct/2021:09:39:12 +0800] "POST /xingrg/dwr/call/plaincall/AjaxCheckService.setItemNumber.dwr HTTP/1.1" 200 77
116.238.248.233 - - [18/Oct/2021:09:39:14 +0800] "GET /xingrg/kc/buy/cgsh_order_add.html HTTP/1.1" 200 64603
116.238.248.233 - - [18/Oct/2021:09:39:15 +0800] "POST /xingrg/kc/buy/cgsh_order_operate.html HTTP/1.1" 200 8245
116.238.248.233 - - [18/Oct/2021:09:39:15 +0800] "GET /xingrg/javascript/easyui/themes/default/validatebox.css HTTP/1.1" 404 1104
116.230.105.26 - - [18/Oct/2021:09:39:19 +0800] "GET /xingrg/all/function/internal_message.html?_=1634521135156&CODE_STATE=getMsg HTTP/1.1" 200 27
222.70.179.155 - - [18/Oct/2021:09:39:19 +0800] "GET /xingrg/kc/print/load_data.html?order_code=212021101807831&kc_code=cgsh HTTP/1.1" 200 2100
116.235.92.31 - - [18/Oct/2021:09:39:21 +0800] "POST /xingrg/dwr/call/plaincall/AjaxCheckService.setItemNumber.dwr HTTP/1.1" 200 77
124.77.244.175 - - [18/Oct/2021:09:39:21 +0800] "GET /xingrg/all/function/internal_message.html?_=1634521160298&CODE_STATE=getMsg HTTP/1.1" 302 -
116.235.92.31 - - [18/Oct/2021:09:39:23 +0800] "POST /xingrg/dwr/call/plaincall/AjaxCheckService.setItemNumber.dwr HTTP/1.1" 200 77
58.37.227.186 - - [18/Oct/2021:09:39:24 +0800] "GET /xingrg/kc/buy/cgsh_order_operate.html?command=get_materiel&rest_code=00141&code=00101008360&supplier_code=00100007&order_time=2021-10-18 HTTP/1.1" 200 413
116.235.92.31 - - [18/Oct/2021:09:39:25 +0800] "POST /xingrg/dwr/call/plaincall/AjaxCheckService.setItemNumber.dwr HTTP/1.1" 200 77
116.238.248.233 - - [18/Oct/2021:09:39:26 +0800] "GET /xingrg/kc/buy/cgsh_order_operate.html?command=get_materiel&rest_code=00150&code=00101020102&supplier_code=00100151&order_time=2021-10-18 HTTP/1.1" 200 417
116.235.92.31 - - [18/Oct/2021:09:39:27 +0800] "POST /xingrg/dwr/call/plaincall/AjaxCheckService.setItemNumber.dwr HTTP/1.1" 200 77
116.235.92.31 - - [18/Oct/2021:09:39:31 +0800] "POST /xingrg/dwr/call/plaincall/AjaxCheckService.setItemNumber.dwr HTTP/1.1" 200 77
116.235.92.31 - - [18/Oct/2021:09:39:33 +0800] "POST /xingrg/dwr/call/plaincall/AjaxCheckService.setItemNumber.dwr HTTP/1.1" 200 77
116.235.92.31 - - [18/Oct/2021:09:39:35 +0800] "POST /xingrg/dwr/call/plaincall/AjaxCheckService.setItemNumber.dwr HTTP/1.1" 200 77
114.85.125.222 - - [18/Oct/2021:09:39:35 +0800] "GET /xingrg/all/function/internal_message.html?_=1634521123004&CODE_STATE=getMsg HTTP/1.1" 200 27
116.235.92.31 - - [18/Oct/2021:09:39:36 +0800] "POST /xingrg/dwr/call/plaincall/AjaxCheckService.setItemNumber.dwr HTTP/1.1" 200 77
222.70.179.155 - - [18/Oct/2021:09:39:37 +0800] "GET /xingrg/check_reg.html?_=1634521169300 HTTP/1.1" 200 22
222.70.179.155 - - [18/Oct/2021:09:39:37 +0800] "GET /xingrg/all/function/internal_message.html?_=1634521169305&CODE_STATE=getMsg HTTP/1.1" 200 27
124.77.244.175 - - [18/Oct/2021:09:39:37 +0800] "GET /xingrg/all/function/internal_message.html?_=1634521177035&CODE_STATE=getMsg HTTP/1.1" 200 27
116.235.92.31 - - [18/Oct/2021:09:39:38 +0800] "POST /xingrg/dwr/call/plaincall/AjaxCheckService.setItemNumber.dwr HTTP/1.1" 200 77
116.235.92.31 - - [18/Oct/2021:09:39:40 +0800] "GET /xingrg/check_reg.html?_=1634521283847 HTTP/1.1" 200 22
116.235.92.31 - - [18/Oct/2021:09:39:40 +0800] "GET /xingrg/all/function/internal_message.html?_=1634521283848&CODE_STATE=getMsg HTTP/1.1" 200 27
116.235.92.31 - - [18/Oct/2021:09:39:41 +0800] "POST /xingrg/dwr/call/plaincall/AjaxCheckService.setItemNumber.dwr HTTP/1.1" 200 77
116.235.92.31 - - [18/Oct/2021:09:39:41 +0800] "POST /xingrg/dwr/call/plaincall/AjaxCheckService.setItemNumber.dwr HTTP/1.1" 200 77
116.235.92.31 - - [18/Oct/2021:09:39:42 +0800] "POST /xingrg/dwr/call/plaincall/AjaxCheckService.setItemNumber.dwr HTTP/1.1" 200 77
116.238.248.233 - - [18/Oct/2021:09:39:49 +0800] "GET /xingrg/all/function/internal_message.html?_=1634521185093&CODE_STATE=getMsg HTTP/1.1" 200 27
58.37.227.186 - - [18/Oct/2021:09:39:50 +0800] "GET /xingrg/check_reg.html?_=1634521036529 HTTP/1.1" 200 22
58.37.227.186 - - [18/Oct/2021:09:39:50 +0800] "GET /xingrg/all/function/internal_message.html?_=1634521036530&CODE_STATE=getMsg HTTP/1.1" 200 27
180.157.253.110 - - [18/Oct/2021:09:39:54 +0800] "GET /xingrg/all/function/internal_message.html?_=1634521192065&CODE_STATE=getMsg HTTP/1.1" 200 27
120.253.135.82 - - [18/Oct/2021:09:39:54 +0800] "GET /xingrg/all/function/internal_message.html?_=1634521174811&CODE_STATE=getMsg HTTP/1.1" 200 27
180.169.147.146 - - [18/Oct/2021:09:39:56 +0800] "GET /favicon.ico HTTP/1.1" 404 -
116.230.105.26 - - [18/Oct/2021:09:39:58 +0800] "GET /xingrg/kc/buy/cgsh_order_list.html HTTP/1.1" 200 48947
116.230.105.26 - - [18/Oct/2021:09:39:58 +0800] "GET /xingrg/kc/buy/cgsh_order_list.html HTTP/1.1" 200 48947
116.235.92.31 - - [18/Oct/2021:09:39:59 +0800] "POST /xingrg/dwr/call/plaincall/AjaxCheckService.setItemNumber.dwr HTTP/1.1" 200 77
222.69.133.183 - - [18/Oct/2021:09:39:59 +0800] "GET /xingrg/all/function/internal_message.html?_=1634521197364&CODE_STATE=getMsg HTTP/1.1" 200 27
180.169.147.146 - - [18/Oct/2021:09:40:00 +0800] "GET /xingrg/kc/report/report_main.html HTTP/1.1" 200 9370
180.169.147.146 - - [18/Oct/2021:09:40:00 +0800] "GET /xingrg/javascript/jquery_ui/themes/humanity/humanity.css HTTP/1.1" 200 27801
180.169.147.146 - - [18/Oct/2021:09:40:01 +0800] "GET /xingrg/javascript/jquery_easy_ui/themes/icons/back_new.png HTTP/1.1" 200 3414
116.235.92.31 - - [18/Oct/2021:09:40:01 +0800] "POST /xingrg/dwr/call/plaincall/AjaxCheckService.setItemNumber.dwr HTTP/1.1" 200 77
58.37.227.186 - - [18/Oct/2021:09:40:01 +0800] "GET /xingrg/kc/buy/cgsh_order_operate.html?command=get_materiel&rest_code=00141&code=00101008059&supplier_code=00100007&order_time=2021-10-18 HTTP/1.1" 200 408
116.235.92.31 - - [18/Oct/2021:09:40:03 +0800] "POST /xingrg/dwr/call/plaincall/AjaxCheckService.setItemNumber.dwr HTTP/1.1" 200 77
116.230.105.26 - - [18/Oct/2021:09:40:04 +0800] "POST /xingrg/kc/buy/cgsh_list_operate.html HTTP/1.1" 200 2773
116.230.105.26 - - [18/Oct/2021:09:40:04 +0800] "POST /xingrg/kc/buy/cgsh_list_operate.html HTTP/1.1" 200 2773
116.230.105.26 - - [18/Oct/2021:09:40:04 +0800] "POST /xingrg/kc/buy/cgsh_list_operate.html HTTP/1.1" 200 2773
116.235.92.31 - - [18/Oct/2021:09:40:05 +0800] "POST /xingrg/dwr/call/plaincall/AjaxCheckService.setItemNumber.dwr HTTP/1.1" 200 77
58.39.139.200 - - [18/Oct/2021:09:40:07 +0800] "GET /xingrg/all/function/internal_message.html?_=1634521206325&CODE_STATE=getMsg HTTP/1.1" 200 27
116.235.92.31 - - [18/Oct/2021:09:40:07 +0800] "POST /xingrg/dwr/call/plaincall/AjaxCheckService.setItemNumber.dwr HTTP/1.1" 200 77
180.169.147.146 - - [18/Oct/2021:09:40:08 +0800] "GET /xingrg/all/function/internal_message.html?_=1634521206703&CODE_STATE=getMsg HTTP/1.1" 302 -
58.37.227.186 - - [18/Oct/2021:09:40:08 +0800] "GET /xingrg/kc/buy/cgsh_order_operate.html?command=get_materiel&rest_code=00141&code=00101008357&supplier_code=00100007&order_time=2021-10-18 HTTP/1.1" 200 408
116.235.92.31 - - [18/Oct/2021:09:40:09 +0800] "POST /xingrg/dwr/call/plaincall/AjaxCheckService.setItemNumber.dwr HTTP/1.1" 200 77
116.235.92.31 - - [18/Oct/2021:09:40:10 +0800] "POST /xingrg/dwr/call/plaincall/AjaxCheckService.setItemNumber.dwr HTTP/1.1" 200 77
180.169.147.146 - - [18/Oct/2021:09:40:11 +0800] "GET /xingrg/all/function/internal_message.html?_=1634521210238&CODE_STATE=getMsg HTTP/1.1" 200 27
120.253.135.82 - - [18/Oct/2021:09:40:11 +0800] "GET /xingrg/login.html HTTP/1.1" 200 7641
120.253.135.82 - - [18/Oct/2021:09:40:11 +0800] "GET /xingrg/login.html HTTP/1.1" 200 7641
120.253.135.82 - - [18/Oct/2021:09:40:12 +0800] "GET /xingrg/images/blue/jxLogo.png HTTP/1.1" 304 -
120.253.135.82 - - [18/Oct/2021:09:40:12 +0800] "GET /xingrg/images/blue/login_bg.png HTTP/1.1" 304 -
120.253.135.82 - - [18/Oct/2021:09:40:12 +0800] "GET /xingrg/images/blue/jxLogo.png HTTP/1.1" 304 -
120.253.135.82 - - [18/Oct/2021:09:40:12 +0800] "GET /xingrg/images/blue/hj.png HTTP/1.1" 304 -
120.253.135.82 - - [18/Oct/2021:09:40:12 +0800] "GET /xingrg/images/blue/login_bg.png HTTP/1.1" 304 -
120.253.135.82 - - [18/Oct/2021:09:40:12 +0800] "GET /xingrg/images/blue/hj.png HTTP/1.1" 304 -
120.253.135.82 - - [18/Oct/2021:09:40:12 +0800] "GET /xingrg/images/blue/srbg.png HTTP/1.1" 304 -
120.253.135.82 - - [18/Oct/2021:09:40:12 +0800] "GET /xingrg/images/blue/srbg.png HTTP/1.1" 304 -
120.253.135.82 - - [18/Oct/2021:09:40:13 +0800] "GET /favicon.ico HTTP/1.1" 404 -
120.253.135.82 - - [18/Oct/2021:09:40:13 +0800] "GET /favicon.ico HTTP/1.1" 404 -
120.253.135.82 - - [18/Oct/2021:09:40:13 +0800] "POST /xingrg/login.do HTTP/1.1" 200 2421
120.253.135.82 - - [18/Oct/2021:09:40:13 +0800] "GET /xingrg/css/blue.css HTTP/1.1" 304 -
120.253.135.82 - - [18/Oct/2021:09:40:13 +0800] "GET /xingrg/javascript/myfunction.js HTTP/1.1" 200 24559
120.253.135.82 - - [18/Oct/2021:09:40:13 +0800] "GET /xingrg/images/blue/pic_top.gif HTTP/1.1" 200 3656
120.253.135.82 - - [18/Oct/2021:09:40:13 +0800] "GET /xingrg/images/blue/pic_notice.jpg HTTP/1.1" 200 3583
120.253.135.82 - - [18/Oct/2021:09:40:13 +0800] "GET /xingrg/images/blue/error_top.gif HTTP/1.1" 200 1790
120.253.135.82 - - [18/Oct/2021:09:40:13 +0800] "GET /xingrg/images/blue/error_mid.gif HTTP/1.1" 200 215
120.253.135.82 - - [18/Oct/2021:09:40:13 +0800] "GET /xingrg/images/blue/error_buttom.gif HTTP/1.1" 200 1750
120.253.135.82 - - [18/Oct/2021:09:40:14 +0800] "GET /favicon.ico HTTP/1.1" 404 -
120.253.135.82 - - [18/Oct/2021:09:40:15 +0800] "GET /xingrg/login.html HTTP/1.1" 200 7641
116.235.92.31 - - [18/Oct/2021:09:40:15 +0800] "POST /xingrg/dwr/call/plaincall/AjaxCheckService.setItemNumber.dwr HTTP/1.1" 200 77
120.253.135.82 - - [18/Oct/2021:09:40:15 +0800] "GET /favicon.ico HTTP/1.1" 404 -
58.37.227.186 - - [18/Oct/2021:09:40:15 +0800] "GET /xingrg/kc/buy/cgsh_order_operate.html?command=get_materiel&rest_code=00141&code=00101008069&supplier_code=00100007&order_time=2021-10-18 HTTP/1.1" 200 412
120.253.135.82 - - [18/Oct/2021:09:40:17 +0800] "POST /xingrg/login.do HTTP/1.1" 302 -
120.253.135.82 - - [18/Oct/2021:09:40:17 +0800] "GET /xingrg/javascript/jquery_easy_ui/themes/icon.css HTTP/1.1" 304 -
120.253.135.82 - - [18/Oct/2021:09:40:17 +0800] "GET /xingrg/javascript/jquery_easy_ui/themes/default/easyui.css HTTP/1.1" 304 -
120.253.135.82 - - [18/Oct/2021:09:40:17 +0800] "GET /xingrg/javascript/jquery-1.4.2.min.js HTTP/1.1" 304 -
120.253.135.82 - - [18/Oct/2021:09:40:17 +0800] "GET /xingrg/css/form.css HTTP/1.1" 304 -
120.253.135.82 - - [18/Oct/2021:09:40:17 +0800] "GET /xingrg/javascript/jquery.utils.js HTTP/1.1" 304 -
120.253.135.82 - - [18/Oct/2021:09:40:17 +0800] "GET /xingrg/javascript/jquery.form.js HTTP/1.1" 304 -
120.253.135.82 - - [18/Oct/2021:09:40:17 +0800] "GET /xingrg/javascript/jquery_easy_ui/jquery.easyui.min.js HTTP/1.1" 304 -
120.253.135.82 - - [18/Oct/2021:09:40:17 +0800] "GET /xingrg/javascript/jquery_easy_ui/easyui-lang-zh_CN.js HTTP/1.1" 304 -
120.253.135.82 - - [18/Oct/2021:09:40:17 +0800] "GET /xingrg/index.html?sysBaseUrl=http%3A%2F%2F180.169.147.146%3A18081%2Fxingrg%2F&costTime=45×tamp=1634521217358 HTTP/1.1" 200 17173
120.253.135.82 - - [18/Oct/2021:09:40:17 +0800] "GET /xingrg/javascript/jquery.timers.js HTTP/1.1" 304 -
120.253.135.82 - - [18/Oct/2021:09:40:17 +0800] "GET /favicon.ico HTTP/1.1" 404 -
120.253.135.82 - - [18/Oct/2021:09:40:17 +0800] "GET /xingrg/images/blue/navBackgound.jpg HTTP/1.1" 304 -
120.253.135.82 - - [18/Oct/2021:09:40:17 +0800] "GET /xingrg/javascript/jquery_easy_ui/themes/icons/settle_new.png HTTP/1.1" 304 -
120.253.135.82 - - [18/Oct/2021:09:40:17 +0800] "GET /xingrg/images/blue/pingpu.png HTTP/1.1" 304 -
120.253.135.82 - - [18/Oct/2021:09:40:17 +0800] "POST /xingrg/all/common/load_tree.html?tree=area_rest_tree_json&manage=1 HTTP/1.1" 200 344
120.253.135.82 - - [18/Oct/2021:09:40:17 +0800] "GET /xingrg/javascript/jquery_easy_ui/themes/default/images/tabs_leftarrow.png HTTP/1.1" 304 -
120.253.135.82 - - [18/Oct/2021:09:40:17 +0800] "GET /xingrg/javascript/jquery_easy_ui/themes/default/images/tabs_rightarrow.png HTTP/1.1" 304 -
58.37.227.186 - - [18/Oct/2021:09:40:17 +0800] "POST /xingrg/kc/buy/cgsh_order_operate.html HTTP/1.1" 200 2065
120.253.135.82 - - [18/Oct/2021:09:40:17 +0800] "GET /xingrg/javascript/jquery_easy_ui/themes/default/images/panel_tool_collapse.gif HTTP/1.1" 304 -
120.253.135.82 - - [18/Oct/2021:09:40:17 +0800] "GET /xingrg/all/function/internal_message.html?_=1634521343456&CODE_STATE=count HTTP/1.1" 200 11
120.253.135.82 - - [18/Oct/2021:09:40:17 +0800] "GET /xingrg/check_reg.html?_=1634521343459 HTTP/1.1" 200 22
120.253.135.82 - - [18/Oct/2021:09:40:17 +0800] "POST /xingrg/load_menu.html HTTP/1.1" 200 6743
120.253.135.82 - - [18/Oct/2021:09:40:17 +0800] "GET /xingrg/javascript/jquery_easy_ui/themes/default/images/tree_arrows.gif HTTP/1.1" 304 -
120.253.135.82 - - [18/Oct/2021:09:40:17 +0800] "GET /xingrg/javascript/jquery_easy_ui/themes/icons/search_new.png HTTP/1.1" 304 -
120.253.135.82 - - [18/Oct/2021:09:40:17 +0800] "GET /xingrg/javascript/jquery_easy_ui/themes/default/images/tree_folder_open.gif HTTP/1.1" 304 -
120.253.135.82 - - [18/Oct/2021:09:40:17 +0800] "GET /xingrg/javascript/jquery_easy_ui/themes/icons/delivery_new.png HTTP/1.1" 304 -
120.253.135.82 - - [18/Oct/2021:09:40:17 +0800] "GET /xingrg/javascript/jquery_easy_ui/themes/icons/storage_new.png HTTP/1.1" 304 -
120.253.135.82 - - [18/Oct/2021:09:40:17 +0800] "GET /xingrg/javascript/jquery_easy_ui/themes/icons/forms_new.png HTTP/1.1" 304 -
120.253.135.82 - - [18/Oct/2021:09:40:17 +0800] "GET /xingrg/javascript/jquery_easy_ui/themes/default/images/tree_file.gif HTTP/1.1" 304 -
120.253.135.82 - - [18/Oct/2021:09:40:17 +0800] "GET /xingrg/javascript/jquery_easy_ui/themes/default/images/tree_folder.gif HTTP/1.1" 304 -
116.235.92.31 - - [18/Oct/2021:09:40:18 +0800] "POST /xingrg/dwr/call/plaincall/AjaxCheckService.setItemNumber.dwr HTTP/1.1" 200 77
116.230.105.26 - - [18/Oct/2021:09:40:19 +0800] "GET /xingrg/all/function/internal_message.html?_=1634521195141&CODE_STATE=getMsg HTTP/1.1" 200 27
116.238.248.233 - - [18/Oct/2021:09:40:19 +0800] "POST /xingrg/kc/buy/cgsh_order_operate.html HTTP/1.1" 200 37
124.77.244.175 - - [18/Oct/2021:09:40:21 +0800] "GET /xingrg/all/function/internal_message.html?_=1634521220307&CODE_STATE=getMsg HTTP/1.1" 302 -
120.253.135.82 - - [18/Oct/2021:09:40:21 +0800] "GET /xingrg/javascript/jquery_easy_ui/themes/default/images/tabs_close.gif HTTP/1.1" 304 -
120.253.135.82 - - [18/Oct/2021:09:40:21 +0800] "GET /xingrg/kc/pszx/mdqp_order_list.html?state=10 HTTP/1.1" 200 11060
120.253.135.82 - - [18/Oct/2021:09:40:21 +0800] "GET /xingrg/javascript/pic_change.js HTTP/1.1" 304 -
120.253.135.82 - - [18/Oct/2021:09:40:21 +0800] "GET /xingrg/dwr/interface/AjaxReportQueryService.js HTTP/1.1" 200 13203
120.253.135.82 - - [18/Oct/2021:09:40:21 +0800] "GET /xingrg/dwr/interface/AjaxQqpsService.js HTTP/1.1" 200 16326
120.253.135.82 - - [18/Oct/2021:09:40:21 +0800] "GET /xingrg/javascript/Calendar.js HTTP/1.1" 200 31561
120.253.135.82 - - [18/Oct/2021:09:40:21 +0800] "GET /xingrg/dwr/util.js HTTP/1.1" 200 35990
120.253.135.82 - - [18/Oct/2021:09:40:21 +0800] "GET /xingrg/dwr/engine.js HTTP/1.1" 200 43631
120.253.135.82 - - [18/Oct/2021:09:40:21 +0800] "GET /xingrg/kc/pszx/mdqp_order_list.html?state=10 HTTP/1.1" 200 11060
120.253.135.82 - - [18/Oct/2021:09:40:21 +0800] "GET /xingrg/dwr/interface/AjaxQqpsService.js HTTP/1.1" 200 16326
120.253.135.82 - - [18/Oct/2021:09:40:21 +0800] "GET /xingrg/dwr/interface/AjaxReportQueryService.js HTTP/1.1" 200 13203
120.253.135.82 - - [18/Oct/2021:09:40:21 +0800] "GET /xingrg/dwr/util.js HTTP/1.1" 200 35990
120.253.135.82 - - [18/Oct/2021:09:40:21 +0800] "GET /xingrg/javascript/jquery_easy_ui/themes/icons/check_new.png HTTP/1.1" 304 -
120.253.135.82 - - [18/Oct/2021:09:40:21 +0800] "GET /xingrg/javascript/jquery_easy_ui/themes/icons/back_new.png HTTP/1.1" 200 3414
120.253.135.82 - - [18/Oct/2021:09:40:21 +0800] "GET /xingrg/javascript/jquery_easy_ui/themes/icons/uncheck_new.png HTTP/1.1" 200 3197
116.235.92.31 - - [18/Oct/2021:09:40:21 +0800] "POST /xingrg/dwr/call/plaincall/AjaxCheckService.setItemNumber.dwr HTTP/1.1" 200 77
116.235.92.31 - - [18/Oct/2021:09:40:22 +0800] "POST /xingrg/dwr/call/plaincall/AjaxCheckService.setItemNumber.dwr HTTP/1.1" 200 77
