116.238.248.233 - - [14/Oct/2021:09:22:30 +0800] "GET /xingrg/all/function/internal_message.html?_=1634174549652&CODE_STATE=getMsg HTTP/1.1" 200 27
116.237.74.154 - - [14/Oct/2021:09:22:32 +0800] "GET /xingrg/all/function/internal_message.html?_=1634174550178&CODE_STATE=count HTTP/1.1" 200 11
116.237.74.154 - - [14/Oct/2021:09:22:32 +0800] "GET /xingrg/check_reg.html?_=1634174550179 HTTP/1.1" 200 22
116.237.74.154 - - [14/Oct/2021:09:22:33 +0800] "GET /favicon.ico HTTP/1.1" 404 -
116.237.74.154 - - [14/Oct/2021:09:22:33 +0800] "POST /xingrg/load_menu.html HTTP/1.1" 200 5138
124.77.244.175 - - [14/Oct/2021:09:22:34 +0800] "GET /xingrg/check_reg.html?_=1634174558819 HTTP/1.1" 200 22
58.39.139.200 - - [14/Oct/2021:09:22:36 +0800] "GET /xingrg/all/function/internal_message.html?_=1634174557864&CODE_STATE=getMsg HTTP/1.1" 200 27
116.232.54.237 - - [14/Oct/2021:09:22:37 +0800] "GET /xingrg/login.html HTTP/1.1" 200 7641
116.232.54.237 - - [14/Oct/2021:09:22:37 +0800] "GET /xingrg/images/blue/jxLogo.png HTTP/1.1" 200 6156
116.232.54.237 - - [14/Oct/2021:09:22:37 +0800] "GET /xingrg/images/blue/hj.png HTTP/1.1" 200 1014
116.232.54.237 - - [14/Oct/2021:09:22:37 +0800] "GET /xingrg/images/blue/login_bg.png HTTP/1.1" 200 22101
116.232.54.237 - - [14/Oct/2021:09:22:37 +0800] "GET /xingrg/images/blue/srbg.png HTTP/1.1" 200 138
116.232.54.237 - - [14/Oct/2021:09:22:37 +0800] "GET /favicon.ico HTTP/1.1" 404 -
114.85.125.222 - - [14/Oct/2021:09:22:43 +0800] "GET /xingrg/check_reg.html?_=1634174517333 HTTP/1.1" 200 22
114.85.125.222 - - [14/Oct/2021:09:22:43 +0800] "GET /xingrg/all/function/internal_message.html?_=1634174517860&CODE_STATE=getMsg HTTP/1.1" 200 27
116.232.54.237 - - [14/Oct/2021:09:22:45 +0800] "POST /xingrg/login.do HTTP/1.1" 302 -
116.232.54.237 - - [14/Oct/2021:09:22:45 +0800] "GET /xingrg/index.html?sysBaseUrl=http%3A%2F%2F180.169.147.146%3A18081%2Fxingrg%2F&costTime=53×tamp=1634174565910 HTTP/1.1" 200 17173
116.232.54.237 - - [14/Oct/2021:09:22:45 +0800] "GET /xingrg/javascript/jquery_easy_ui/themes/icon.css HTTP/1.1" 200 3949
116.232.54.237 - - [14/Oct/2021:09:22:45 +0800] "GET /xingrg/css/form.css HTTP/1.1" 200 893
116.232.54.237 - - [14/Oct/2021:09:22:45 +0800] "GET /xingrg/javascript/jquery-1.4.2.min.js HTTP/1.1" 200 72205
116.232.54.237 - - [14/Oct/2021:09:22:45 +0800] "GET /xingrg/javascript/jquery_easy_ui/jquery.easyui.min.js HTTP/1.1" 200 213662
116.232.54.237 - - [14/Oct/2021:09:22:45 +0800] "GET /xingrg/javascript/jquery_easy_ui/themes/default/easyui.css HTTP/1.1" 200 26500
116.232.54.237 - - [14/Oct/2021:09:22:45 +0800] "GET /xingrg/javascript/jquery_easy_ui/easyui-lang-zh_CN.js HTTP/1.1" 200 1900
116.232.54.237 - - [14/Oct/2021:09:22:45 +0800] "GET /xingrg/javascript/jquery.timers.js HTTP/1.1" 200 3532
116.232.54.237 - - [14/Oct/2021:09:22:46 +0800] "GET /xingrg/javascript/jquery.utils.js HTTP/1.1" 200 11805
116.232.54.237 - - [14/Oct/2021:09:22:46 +0800] "GET /xingrg/javascript/jquery.form.js HTTP/1.1" 200 23110
116.232.54.237 - - [14/Oct/2021:09:22:46 +0800] "GET /xingrg/javascript/jquery_easy_ui/themes/icons/settle_new.png HTTP/1.1" 200 826
116.232.54.237 - - [14/Oct/2021:09:22:46 +0800] "GET /xingrg/images/blue/navBackgound.jpg HTTP/1.1" 200 12378
116.232.54.237 - - [14/Oct/2021:09:22:46 +0800] "GET /xingrg/images/blue/pingpu.png HTTP/1.1" 200 231
116.232.54.237 - - [14/Oct/2021:09:22:46 +0800] "POST /xingrg/all/common/load_tree.html?tree=area_rest_tree_json&manage=1 HTTP/1.1" 200 342
116.232.54.237 - - [14/Oct/2021:09:22:46 +0800] "GET /xingrg/javascript/jquery_easy_ui/themes/default/images/panel_tool_collapse.gif HTTP/1.1" 200 246
116.232.54.237 - - [14/Oct/2021:09:22:46 +0800] "GET /xingrg/check_reg.html?_=1634174566559 HTTP/1.1" 200 22
116.232.54.237 - - [14/Oct/2021:09:22:46 +0800] "GET /xingrg/all/function/internal_message.html?_=1634174566558&CODE_STATE=count HTTP/1.1" 200 11
116.232.54.237 - - [14/Oct/2021:09:22:46 +0800] "POST /xingrg/load_menu.html HTTP/1.1" 200 5138
116.232.54.237 - - [14/Oct/2021:09:22:46 +0800] "GET /xingrg/javascript/jquery_easy_ui/themes/default/images/tree_arrows.gif HTTP/1.1" 200 1043
116.232.54.237 - - [14/Oct/2021:09:22:46 +0800] "GET /xingrg/javascript/jquery_easy_ui/themes/default/images/tree_folder_open.gif HTTP/1.1" 200 956
116.232.54.237 - - [14/Oct/2021:09:22:46 +0800] "GET /xingrg/javascript/jquery_easy_ui/themes/default/images/tree_folder.gif HTTP/1.1" 200 952
116.232.54.237 - - [14/Oct/2021:09:22:46 +0800] "GET /xingrg/javascript/jquery_easy_ui/themes/icons/search_new.png HTTP/1.1" 200 586
116.232.54.237 - - [14/Oct/2021:09:22:46 +0800] "GET /xingrg/javascript/jquery_easy_ui/themes/icons/storage_new.png HTTP/1.1" 200 853
116.232.54.237 - - [14/Oct/2021:09:22:46 +0800] "GET /xingrg/javascript/jquery_easy_ui/themes/icons/forms_new.png HTTP/1.1" 200 350
124.77.244.175 - - [14/Oct/2021:09:22:47 +0800] "GET /xingrg/all/function/internal_message.html?_=1634174571956&CODE_STATE=getMsg HTTP/1.1" 200 27
116.232.54.237 - - [14/Oct/2021:09:22:47 +0800] "GET /xingrg/javascript/jquery_easy_ui/themes/default/images/tabs_close.gif HTTP/1.1" 200 829
116.232.54.237 - - [14/Oct/2021:09:22:47 +0800] "GET /xingrg/kc/buy/buy_main.html HTTP/1.1" 200 12412
116.232.54.237 - - [14/Oct/2021:09:22:47 +0800] "GET /xingrg/css/new_ie.css HTTP/1.1" 404 1036
116.232.54.237 - - [14/Oct/2021:09:22:47 +0800] "GET /xingrg/javascript/pic_change.js HTTP/1.1" 200 4739
116.232.54.237 - - [14/Oct/2021:09:22:47 +0800] "GET /xingrg/javascript/ToolTips.js HTTP/1.1" 200 5615
116.232.54.237 - - [14/Oct/2021:09:22:47 +0800] "GET /xingrg/css/blue.css HTTP/1.1" 200 15949
116.232.54.237 - - [14/Oct/2021:09:22:47 +0800] "GET /xingrg/javascript/jquery_ui/jquery-ui.min.js HTTP/1.1" 200 186181
116.232.54.237 - - [14/Oct/2021:09:22:47 +0800] "GET /xingrg/javascript/jquery_ui/themes/humanity/humanity.css HTTP/1.1" 200 27801
116.232.54.237 - - [14/Oct/2021:09:22:47 +0800] "GET /xingrg/javascript/myfunction.js HTTP/1.1" 200 24559
116.232.54.237 - - [14/Oct/2021:09:22:47 +0800] "GET /xingrg/images/blue/button/cgxqd.gif HTTP/1.1" 200 2619
116.232.54.237 - - [14/Oct/2021:09:22:47 +0800] "GET /xingrg/images/blue/button/cgydd.gif HTTP/1.1" 200 2712
116.232.54.237 - - [14/Oct/2021:09:22:47 +0800] "GET /xingrg/images/blue/button/cgshd.gif HTTP/1.1" 200 2618
116.232.54.237 - - [14/Oct/2021:09:22:47 +0800] "GET /xingrg/images/blue/button/cgfkd.gif HTTP/1.1" 200 2075
116.232.54.237 - - [14/Oct/2021:09:22:47 +0800] "GET /xingrg/images/blue/button/kc.gif HTTP/1.1" 200 2160
116.232.54.237 - - [14/Oct/2021:09:22:47 +0800] "GET /xingrg/images/blue/button/ckthd.gif HTTP/1.1" 200 2045
116.232.54.237 - - [14/Oct/2021:09:22:47 +0800] "GET /xingrg/images/blue/pic_form2.gif HTTP/1.1" 200 1853
116.232.54.237 - - [14/Oct/2021:09:22:47 +0800] "GET /xingrg/images/blue/button/right_ah.jpg HTTP/1.1" 200 1744
116.232.54.237 - - [14/Oct/2021:09:22:47 +0800] "GET /xingrg/images/blue/button/down_ah.jpg HTTP/1.1" 200 1732
116.232.54.237 - - [14/Oct/2021:09:22:47 +0800] "GET /xingrg/images/blue/bg_dotted.jpg HTTP/1.1" 200 319
116.232.54.237 - - [14/Oct/2021:09:22:47 +0800] "GET /xingrg/javascript/jquery_ui/themes/humanity/images/ui-bg_inset-soft_100_f4f0ec_1x100.png HTTP/1.1" 200 141
116.232.54.237 - - [14/Oct/2021:09:22:48 +0800] "GET /xingrg/kc/buy/cgsh_order_list.html HTTP/1.1" 200 48941
116.232.54.237 - - [14/Oct/2021:09:22:48 +0800] "GET /xingrg/css/base.css HTTP/1.1" 200 2811
116.232.54.237 - - [14/Oct/2021:09:22:48 +0800] "GET /xingrg/css/site.css HTTP/1.1" 200 7541
116.232.54.237 - - [14/Oct/2021:09:22:48 +0800] "GET /xingrg/javascript/jquery_tools/datebox.css HTTP/1.1" 200 2597
116.232.54.237 - - [14/Oct/2021:09:22:48 +0800] "GET /xingrg/javascript/easyui/themes/icon.css HTTP/1.1" 200 4483
116.232.54.237 - - [14/Oct/2021:09:22:48 +0800] "GET /xingrg/javascript/auto/jquery.autocomplete.css HTTP/1.1" 200 587
116.232.54.237 - - [14/Oct/2021:09:22:48 +0800] "GET /xingrg/javascript/jquery_tools/fix.css HTTP/1.1" 200 1702
116.232.54.237 - - [14/Oct/2021:09:22:48 +0800] "GET /xingrg/javascript/jquery_tools/table.css HTTP/1.1" 200 1032
116.232.54.237 - - [14/Oct/2021:09:22:48 +0800] "GET /xingrg/javascript/jquery_tools/jquery.tools.min.js HTTP/1.1" 200 138801
116.232.54.237 - - [14/Oct/2021:09:22:48 +0800] "GET /xingrg/javascript/easyui/themes/default/easyui.css HTTP/1.1" 200 30432
116.232.54.237 - - [14/Oct/2021:09:22:48 +0800] "GET /xingrg/javascript/jquery_tools/jquery.tools.hotkey.js HTTP/1.1" 200 3242
116.232.54.237 - - [14/Oct/2021:09:22:48 +0800] "GET /xingrg/javascript/jquery_tools/jquery.tools.table.js HTTP/1.1" 200 6994
116.232.54.237 - - [14/Oct/2021:09:22:48 +0800] "GET /xingrg/javascript/jquery_tools/jquery.tools.extend.js HTTP/1.1" 200 15385
116.232.54.237 - - [14/Oct/2021:09:22:48 +0800] "GET /xingrg/javascript/jquery_tools/list_manager.js HTTP/1.1" 200 3652
116.232.54.237 - - [14/Oct/2021:09:22:48 +0800] "GET /xingrg/javascript/easyui/easyloader.js HTTP/1.1" 200 5975
116.232.54.237 - - [14/Oct/2021:09:22:48 +0800] "GET /xingrg/javascript/jquery.cookie.js HTTP/1.1" 200 5513
116.232.54.237 - - [14/Oct/2021:09:22:48 +0800] "GET /xingrg/javascript/auto/jquery.autocomplete.js HTTP/1.1" 200 21624
116.232.54.237 - - [14/Oct/2021:09:22:48 +0800] "GET /xingrg/javascript/print/LodopFuncs.js HTTP/1.1" 200 5121
116.232.54.237 - - [14/Oct/2021:09:22:48 +0800] "GET /xingrg/javascript/easyui/themes/icons/edit_add_new.png HTTP/1.1" 200 2997
116.232.54.237 - - [14/Oct/2021:09:22:48 +0800] "GET /xingrg/javascript/easyui/themes/icons/check_new.png HTTP/1.1" 200 3224
116.232.54.237 - - [14/Oct/2021:09:22:48 +0800] "GET /xingrg/javascript/easyui/themes/icons/import_new.png HTTP/1.1" 200 1247
116.232.54.237 - - [14/Oct/2021:09:22:48 +0800] "GET /xingrg/javascript/easyui/themes/icons/cance_new.png HTTP/1.1" 200 3986
116.232.54.237 - - [14/Oct/2021:09:22:48 +0800] "GET /xingrg/javascript/easyui/themes/icons/field_new.png HTTP/1.1" 200 1097
116.232.54.237 - - [14/Oct/2021:09:22:48 +0800] "GET /xingrg/javascript/easyui/plugins/jquery.parser.js HTTP/1.1" 200 1142
116.232.54.237 - - [14/Oct/2021:09:22:48 +0800] "GET /xingrg/images/control/ajaxLoader.gif HTTP/1.1" 200 4659
116.232.54.237 - - [14/Oct/2021:09:22:49 +0800] "POST /xingrg/kc/buy/cgsh_list_operate.html HTTP/1.1" 200 876
116.232.54.237 - - [14/Oct/2021:09:22:50 +0800] "GET /xingrg/javascript/easyui/themes/default/images/button_plain_hover.png HTTP/1.1" 200 144
116.232.54.237 - - [14/Oct/2021:09:22:50 +0800] "GET /xingrg/javascript/convert.js HTTP/1.1" 200 1239
116.232.54.237 - - [14/Oct/2021:09:22:50 +0800] "GET /xingrg/javascript/jquery_tools/order_manager.js HTTP/1.1" 200 11183
116.232.54.237 - - [14/Oct/2021:09:22:50 +0800] "GET /xingrg/javascript/json2.js HTTP/1.1" 200 11259
116.232.54.237 - - [14/Oct/2021:09:22:50 +0800] "GET /xingrg/javascript/print/kc_print.js HTTP/1.1" 200 11415
116.232.54.237 - - [14/Oct/2021:09:22:50 +0800] "GET /xingrg/kc/buy/cgsh_order_add.html HTTP/1.1" 200 64720
116.232.54.237 - - [14/Oct/2021:09:22:50 +0800] "GET /xingrg/words/20211013181730_words.js HTTP/1.1" 200 856113
116.232.54.237 - - [14/Oct/2021:09:22:50 +0800] "GET /xingrg/javascript/easyui/themes/icons/copy_new.png HTTP/1.1" 200 815
116.232.54.237 - - [14/Oct/2021:09:22:50 +0800] "GET /xingrg/javascript/easyui/themes/icons/template_new.png HTTP/1.1" 200 3956
116.232.54.237 - - [14/Oct/2021:09:22:50 +0800] "GET /xingrg/javascript/easyui/themes/icons/print.png HTTP/1.1" 200 1057
116.232.54.237 - - [14/Oct/2021:09:22:50 +0800] "GET /xingrg/javascript/easyui/themes/icons/ok.png HTTP/1.1" 200 883
116.232.54.237 - - [14/Oct/2021:09:22:50 +0800] "GET /xingrg/javascript/easyui/themes/default/images/menu_downarrow.png HTTP/1.1" 200 173
116.232.54.237 - - [14/Oct/2021:09:22:50 +0800] "GET /xingrg/javascript/easyui/themes/icons/cancel.png HTTP/1.1" 200 1133
116.232.54.237 - - [14/Oct/2021:09:22:51 +0800] "POST /xingrg/kc/buy/cgsh_order_operate.html HTTP/1.1" 200 8245
116.232.54.237 - - [14/Oct/2021:09:22:51 +0800] "GET /xingrg/all/common/auto_word.html?type=employee&rest_code=00109 HTTP/1.1" 200 255
116.232.54.237 - - [14/Oct/2021:09:22:51 +0800] "GET /xingrg/javascript/easyui/themes/icons/edit_remove.png HTTP/1.1" 200 625
116.232.54.237 - - [14/Oct/2021:09:22:51 +0800] "GET /xingrg/all/common/auto_word.html?type=employee&rest_code=00109 HTTP/1.1" 200 255
116.232.54.237 - - [14/Oct/2021:09:22:51 +0800] "GET /xingrg/javascript/easyui/themes/default/validatebox.css HTTP/1.1" 404 1104
116.232.54.237 - - [14/Oct/2021:09:22:51 +0800] "GET /xingrg/javascript/easyui/plugins/jquery.validatebox.js HTTP/1.1" 200 6103
116.232.54.237 - - [14/Oct/2021:09:22:51 +0800] "GET /xingrg/javascript/easyui/plugins/jquery.numberbox.js HTTP/1.1" 200 5213
116.232.54.237 - - [14/Oct/2021:09:22:57 +0800] "GET /xingrg/javascript/jquery_tools/images/prev.gif HTTP/1.1" 404 1086
116.232.54.237 - - [14/Oct/2021:09:22:57 +0800] "GET /xingrg/javascript/jquery_tools/images/next.gif HTTP/1.1" 404 1086
116.235.92.31 - - [14/Oct/2021:09:23:02 +0800] "GET /xingrg/all/function/internal_message.html?_=1634175049644&CODE_STATE=getMsg HTTP/1.1" 200 27
116.228.172.122 - - [14/Oct/2021:09:23:04 +0800] "POST /xingrg/kc/buy/cgsh_list_operate.html HTTP/1.1" 200 2259
116.232.54.237 - - [14/Oct/2021:09:23:04 +0800] "GET /xingrg/kc/buy/cgsh_order_operate.html?command=get_materiel&rest_code=00109&code=00101031006&supplier_code=00100240&order_time=2021-10-14 HTTP/1.1" 200 417
180.169.147.146 - - [14/Oct/2021:09:23:05 +0800] "GET /xingrg/all/function/internal_message.html?_=1634174585177&CODE_STATE=getMsg HTTP/1.1" 200 27
116.237.74.154 - - [14/Oct/2021:09:23:07 +0800] "GET /xingrg/kc/buy/buy_main.html HTTP/1.1" 200 12412
116.237.74.154 - - [14/Oct/2021:09:23:07 +0800] "GET /xingrg/css/new_ie.css HTTP/1.1" 404 1036
116.228.172.122 - - [14/Oct/2021:09:23:08 +0800] "POST /xingrg/kc/buy/cgsh_list_operate.html HTTP/1.1" 200 5745
116.237.74.154 - - [14/Oct/2021:09:23:09 +0800] "GET /xingrg/images/yd/bt.gif HTTP/1.1" 404 1040
116.237.74.154 - - [14/Oct/2021:09:23:09 +0800] "GET /xingrg/kc/buy/cgsh_order_list.html HTTP/1.1" 200 48941
116.228.172.122 - - [14/Oct/2021:09:23:11 +0800] "POST /xingrg/kc/buy/cgsh_list_operate.html HTTP/1.1" 200 198
116.228.172.122 - - [14/Oct/2021:09:23:13 +0800] "GET /xingrg/kc/buy/cgsh_order_info.html?code=212021101305797 HTTP/1.1" 200 58677
116.228.172.122 - - [14/Oct/2021:09:23:13 +0800] "GET /xingrg/words/20211013181730_words.js HTTP/1.1" 304 -
116.228.172.122 - - [14/Oct/2021:09:23:14 +0800] "GET /xingrg/javascript/easyui/themes/default/validatebox.css HTTP/1.1" 404 1104
114.83.222.51 - - [14/Oct/2021:09:23:14 +0800] "GET /xingrg/check_reg.html?_=1634174593870 HTTP/1.1" 200 22
116.232.54.237 - - [14/Oct/2021:09:23:14 +0800] "POST /xingrg/kc/buy/cgsh_order_operate.html HTTP/1.1" 200 37
116.228.172.122 - - [14/Oct/2021:09:23:14 +0800] "POST /xingrg/kc/buy/cgsh_order_operate.html HTTP/1.1" 200 607
116.228.172.122 - - [14/Oct/2021:09:23:15 +0800] "GET /xingrg/all/function/internal_message.html?_=1634174595997&CODE_STATE=getMsg HTTP/1.1" 200 27
101.85.106.134 - - [14/Oct/2021:09:23:15 +0800] "GET /xingrg/all/function/internal_message.html?_=1634174471858&CODE_STATE=getMsg HTTP/1.1" 200 27
101.85.106.134 - - [14/Oct/2021:09:23:15 +0800] "GET /xingrg/check_reg.html?_=1634174471861 HTTP/1.1" 200 22
116.228.172.122 - - [14/Oct/2021:09:23:16 +0800] "GET /xingrg/kc/print/load_config.html?kc_code=cgsh HTTP/1.1" 200 2281
116.228.172.122 - - [14/Oct/2021:09:23:16 +0800] "GET /xingrg/kc/print/load_data.html?order_code=212021101305797&kc_code=cgsh&condition= HTTP/1.1" 200 678
116.232.54.237 - - [14/Oct/2021:09:23:16 +0800] "POST /xingrg/kc/buy/cgsh_order_operate.html HTTP/1.1" 200 2660
180.161.71.227 - - [14/Oct/2021:09:23:18 +0800] "GET /xingrg/check_reg.html?_=1634174581375 HTTP/1.1" 200 22
180.161.71.227 - - [14/Oct/2021:09:23:19 +0800] "GET /xingrg/all/function/internal_message.html?_=1634174582521&CODE_STATE=getMsg HTTP/1.1" 200 27
116.237.74.154 - - [14/Oct/2021:09:23:19 +0800] "POST /xingrg/kc/buy/cgsh_list_operate.html HTTP/1.1" 200 876
180.169.147.146 - - [14/Oct/2021:09:23:21 +0800] "GET /xingrg/all/function/internal_message.html?_=1634174604775&CODE_STATE=getMsg HTTP/1.1" 302 -
116.237.74.154 - - [14/Oct/2021:09:23:21 +0800] "GET /xingrg/kc/buy/cgsh_order_add.html HTTP/1.1" 200 64685
116.230.105.26 - - [14/Oct/2021:09:23:22 +0800] "GET /xingrg/kc/buy/cgsh_order_list.html HTTP/1.1" 200 48947
116.237.74.154 - - [14/Oct/2021:09:23:22 +0800] "GET /xingrg/words/20211013181730_words.js HTTP/1.1" 200 856113
116.237.74.154 - - [14/Oct/2021:09:23:24 +0800] "GET /xingrg/all/common/auto_word.html?type=employee&rest_code=00106 HTTP/1.1" 200 205
116.237.74.154 - - [14/Oct/2021:09:23:24 +0800] "GET /xingrg/all/common/auto_word.html?type=employee&rest_code=00106 HTTP/1.1" 200 205
116.237.74.154 - - [14/Oct/2021:09:23:24 +0800] "GET /xingrg/javascript/easyui/themes/default/validatebox.css HTTP/1.1" 404 1104
116.237.74.154 - - [14/Oct/2021:09:23:24 +0800] "POST /xingrg/kc/buy/cgsh_order_operate.html HTTP/1.1" 200 8245
116.230.105.26 - - [14/Oct/2021:09:23:25 +0800] "GET /xingrg/all/function/internal_message.html?_=1634174591663&CODE_STATE=getMsg HTTP/1.1" 200 27
114.83.222.51 - - [14/Oct/2021:09:23:25 +0800] "GET /xingrg/all/function/internal_message.html?_=1634174604683&CODE_STATE=getMsg HTTP/1.1" 200 27
116.228.172.122 - - [14/Oct/2021:09:23:27 +0800] "GET /xingrg/kc/buy/cgsh_order_add.html HTTP/1.1" 200 63770
116.230.105.26 - - [14/Oct/2021:09:23:27 +0800] "POST /xingrg/kc/buy/cgsh_list_operate.html HTTP/1.1" 200 2772
116.228.172.122 - - [14/Oct/2021:09:23:27 +0800] "POST /xingrg/kc/buy/cgsh_order_operate.html HTTP/1.1" 200 8245
116.228.172.122 - - [14/Oct/2021:09:23:27 +0800] "GET /xingrg/all/common/auto_word.html?type=employee&rest_code=00153 HTTP/1.1" 200 47
116.228.172.122 - - [14/Oct/2021:09:23:27 +0800] "GET /xingrg/javascript/easyui/themes/default/validatebox.css HTTP/1.1" 404 1104
116.228.172.122 - - [14/Oct/2021:09:23:27 +0800] "GET /xingrg/all/common/auto_word.html?type=employee&rest_code=00153 HTTP/1.1" 200 47
116.230.105.26 - - [14/Oct/2021:09:23:28 +0800] "POST /xingrg/kc/buy/cgsh_list_operate.html HTTP/1.1" 200 2772
222.70.178.96 - - [14/Oct/2021:09:23:29 +0800] "GET /xingrg/all/function/internal_message.html?_=1634174606649&CODE_STATE=getMsg HTTP/1.1" 200 27
116.238.248.233 - - [14/Oct/2021:09:23:30 +0800] "GET /xingrg/all/function/internal_message.html?_=1634174609651&CODE_STATE=getMsg HTTP/1.1" 200 27
116.237.74.154 - - [14/Oct/2021:09:23:30 +0800] "GET /xingrg/javascript/easyui/themes/default/tree.css HTTP/1.1" 404 1090
116.237.74.154 - - [14/Oct/2021:09:23:30 +0800] "POST /xingrg/all/common/load_tree.html?tree=supplier_tree_json&isDelete=1 HTTP/1.1" 200 60167
116.228.172.122 - - [14/Oct/2021:09:23:32 +0800] "GET /xingrg/javascript/auto/indicator.gif HTTP/1.1" 404 1066
116.237.74.154 - - [14/Oct/2021:09:23:32 +0800] "GET /xingrg/all/function/internal_message.html?_=1634174610195&CODE_STATE=getMsg HTTP/1.1" 200 27
116.232.54.237 - - [14/Oct/2021:09:23:36 +0800] "GET /xingrg/kc/print/load_config.html?kc_code=cgsh HTTP/1.1" 200 2281
58.39.139.200 - - [14/Oct/2021:09:23:36 +0800] "GET /xingrg/all/function/internal_message.html?_=1634174617845&CODE_STATE=getMsg HTTP/1.1" 200 27
116.232.54.237 - - [14/Oct/2021:09:23:37 +0800] "GET /xingrg/kc/print/load_data.html?order_code=212021101405940&kc_code=cgsh&condition= HTTP/1.1" 200 647
116.230.105.26 - - [14/Oct/2021:09:23:38 +0800] "POST /xingrg/kc/buy/cgsh_list_operate.html HTTP/1.1" 200 2772
116.232.54.237 - - [14/Oct/2021:09:23:42 +0800] "GET /xingrg/kc/buy/cgsh_order_add.html HTTP/1.1" 200 64720
116.232.54.237 - - [14/Oct/2021:09:23:42 +0800] "GET /xingrg/javascript/easyui/themes/default/validatebox.css HTTP/1.1" 404 1104
116.232.54.237 - - [14/Oct/2021:09:23:42 +0800] "GET /xingrg/all/common/auto_word.html?type=employee&rest_code=00109 HTTP/1.1" 200 255
116.232.54.237 - - [14/Oct/2021:09:23:42 +0800] "POST /xingrg/kc/buy/cgsh_order_operate.html HTTP/1.1" 200 8245
116.232.54.237 - - [14/Oct/2021:09:23:42 +0800] "GET /xingrg/all/common/auto_word.html?type=employee&rest_code=00109 HTTP/1.1" 200 255
114.85.125.222 - - [14/Oct/2021:09:23:43 +0800] "GET /xingrg/all/function/internal_message.html?_=1634174577875&CODE_STATE=getMsg HTTP/1.1" 200 27
116.232.54.237 - - [14/Oct/2021:09:23:46 +0800] "GET /xingrg/all/function/internal_message.html?_=1634174626595&CODE_STATE=getMsg HTTP/1.1" 200 27
124.77.244.175 - - [14/Oct/2021:09:23:47 +0800] "GET /xingrg/all/function/internal_message.html?_=1634174631970&CODE_STATE=getMsg HTTP/1.1" 200 27
116.232.54.237 - - [14/Oct/2021:09:23:50 +0800] "GET /xingrg/kc/buy/cgsh_order_operate.html?command=get_materiel&rest_code=00109&code=00101006110&supplier_code=00100015&order_time=2021-10-14 HTTP/1.1" 200 408
116.232.54.237 - - [14/Oct/2021:09:24:00 +0800] "GET /xingrg/kc/buy/cgsh_order_operate.html?command=get_materiel&rest_code=00109&code=00101006109&supplier_code=00100015&order_time=2021-10-14 HTTP/1.1" 200 409
116.237.74.154 - - [14/Oct/2021:09:24:01 +0800] "GET /xingrg/javascript/auto/indicator.gif HTTP/1.1" 404 1066
116.235.92.31 - - [14/Oct/2021:09:24:02 +0800] "GET /xingrg/check_reg.html?_=1634175108838 HTTP/1.1" 200 22
116.235.92.31 - - [14/Oct/2021:09:24:02 +0800] "GET /xingrg/all/function/internal_message.html?_=1634175109656&CODE_STATE=getMsg HTTP/1.1" 200 27
180.169.147.146 - - [14/Oct/2021:09:24:05 +0800] "GET /xingrg/all/function/internal_message.html?_=1634174645178&CODE_STATE=getMsg HTTP/1.1" 200 27
116.237.74.154 - - [14/Oct/2021:09:24:05 +0800] "GET /xingrg/kc/buy/cgsh_order_operate.html?command=get_materiel&rest_code=00106&code=00101008091&supplier_code=00100007&order_time=2021-10-14 HTTP/1.1" 200 413
116.232.54.237 - - [14/Oct/2021:09:24:13 +0800] "GET /xingrg/kc/buy/cgsh_order_operate.html?command=get_materiel&rest_code=00109&code=00101006129&supplier_code=00100015&order_time=2021-10-14 HTTP/1.1" 200 431
116.228.172.122 - - [14/Oct/2021:09:24:15 +0800] "GET /xingrg/check_reg.html?_=1634174656023 HTTP/1.1" 200 22
116.228.172.122 - - [14/Oct/2021:09:24:15 +0800] "GET /xingrg/all/function/internal_message.html?_=1634174656006&CODE_STATE=getMsg HTTP/1.1" 200 27
101.85.106.134 - - [14/Oct/2021:09:24:15 +0800] "GET /xingrg/all/function/internal_message.html?_=1634174531860&CODE_STATE=getMsg HTTP/1.1" 200 27
116.237.74.154 - - [14/Oct/2021:09:24:15 +0800] "GET /xingrg/kc/buy/cgsh_order_operate.html?command=get_materiel&rest_code=00106&code=00101008256&supplier_code=00100007&order_time=2021-10-14 HTTP/1.1" 200 413
180.161.71.227 - - [14/Oct/2021:09:24:19 +0800] "GET /xingrg/all/function/internal_message.html?_=1634174642543&CODE_STATE=getMsg HTTP/1.1" 200 27
180.169.147.146 - - [14/Oct/2021:09:24:21 +0800] "GET /xingrg/all/function/internal_message.html?_=1634174664761&CODE_STATE=getMsg HTTP/1.1" 302 -
116.228.172.122 - - [14/Oct/2021:09:24:21 +0800] "GET /xingrg/kc/buy/cgsh_order_operate.html?command=get_materiel&rest_code=00153&code=00101008374&supplier_code=00100199&order_time=2021-10-13 HTTP/1.1" 200 412
116.232.54.237 - - [14/Oct/2021:09:24:22 +0800] "GET /xingrg/kc/buy/cgsh_order_operate.html?command=get_materiel&rest_code=00109&code=00101006109&supplier_code=00100015&order_time=2021-10-14 HTTP/1.1" 200 409
180.169.147.146 - - [14/Oct/2021:09:24:22 +0800] "GET /xingrg/check_reg.html?_=1634174665357 HTTP/1.1" 302 -
116.237.74.154 - - [14/Oct/2021:09:24:24 +0800] "GET /xingrg/kc/buy/cgsh_order_operate.html?command=get_materiel&rest_code=00106&code=00101008026&supplier_code=00100007&order_time=2021-10-14 HTTP/1.1" 200 409
116.230.105.26 - - [14/Oct/2021:09:24:25 +0800] "GET /xingrg/all/function/internal_message.html?_=1634174651647&CODE_STATE=getMsg HTTP/1.1" 200 27
114.83.222.51 - - [14/Oct/2021:09:24:25 +0800] "GET /xingrg/all/function/internal_message.html?_=1634174664660&CODE_STATE=getMsg HTTP/1.1" 200 27
116.230.105.26 - - [14/Oct/2021:09:24:25 +0800] "GET /xingrg/check_reg.html?_=1634174652249 HTTP/1.1" 200 22
222.70.178.96 - - [14/Oct/2021:09:24:29 +0800] "GET /xingrg/all/function/internal_message.html?_=1634174666631&CODE_STATE=getMsg HTTP/1.1" 200 27
116.238.248.233 - - [14/Oct/2021:09:24:30 +0800] "GET /xingrg/all/function/internal_message.html?_=1634174669653&CODE_STATE=getMsg HTTP/1.1" 200 27
116.237.74.154 - - [14/Oct/2021:09:24:32 +0800] "GET /xingrg/all/function/internal_message.html?_=1634174670180&CODE_STATE=getMsg HTTP/1.1" 200 27
116.237.74.154 - - [14/Oct/2021:09:24:33 +0800] "GET /xingrg/kc/buy/cgsh_order_operate.html?command=get_materiel&rest_code=00106&code=00101008163&supplier_code=00100007&order_time=2021-10-14 HTTP/1.1" 200 409
58.39.139.200 - - [14/Oct/2021:09:24:36 +0800] "GET /xingrg/all/function/internal_message.html?_=1634174677817&CODE_STATE=getMsg HTTP/1.1" 200 27
116.237.74.154 - - [14/Oct/2021:09:24:42 +0800] "GET /xingrg/kc/buy/cgsh_order_operate.html?command=get_materiel&rest_code=00106&code=00101008264&supplier_code=00100007&order_time=2021-10-14 HTTP/1.1" 200 412
114.85.125.222 - - [14/Oct/2021:09:24:43 +0800] "GET /xingrg/all/function/internal_message.html?_=1634174637888&CODE_STATE=getMsg HTTP/1.1" 200 27
116.232.54.237 - - [14/Oct/2021:09:24:46 +0800] "GET /xingrg/all/function/internal_message.html?_=1634174686715&CODE_STATE=getMsg HTTP/1.1" 200 27
222.70.178.96 - - [14/Oct/2021:09:24:47 +0800] "GET /xingrg/kc/buy/cgsh_order_operate.html?command=get_materiel&rest_code=00111&code=00101008114&supplier_code=00100005&order_time=2021-10-14 HTTP/1.1" 200 412
124.77.244.175 - - [14/Oct/2021:09:24:47 +0800] "GET /xingrg/all/function/internal_message.html?_=1634174692107&CODE_STATE=getMsg HTTP/1.1" 200 27
116.237.74.154 - - [14/Oct/2021:09:24:51 +0800] "GET /xingrg/kc/buy/cgsh_order_operate.html?command=get_materiel&rest_code=00106&code=00101008356&supplier_code=00100007&order_time=2021-10-14 HTTP/1.1" 200 408
116.228.172.122 - - [14/Oct/2021:09:24:55 +0800] "GET /xingrg/kc/buy/cgsh_order_operate.html?command=get_materiel&rest_code=00153&code=00101008141&supplier_code=00100199&order_time=2021-10-13 HTTP/1.1" 200 412
222.70.178.96 - - [14/Oct/2021:09:24:57 +0800] "GET /xingrg/kc/buy/cgsh_order_operate.html?command=get_materiel&rest_code=00111&code=00101008095&supplier_code=00100005&order_time=2021-10-14 HTTP/1.1" 200 412
116.237.74.154 - - [14/Oct/2021:09:24:59 +0800] "GET /xingrg/kc/buy/cgsh_order_operate.html?command=get_materiel&rest_code=00106&code=00101008360&supplier_code=00100007&order_time=2021-10-14 HTTP/1.1" 200 413
116.235.92.31 - - [14/Oct/2021:09:25:02 +0800] "GET /xingrg/all/function/internal_message.html?_=1634175169671&CODE_STATE=getMsg HTTP/1.1" 200 27
180.169.147.146 - - [14/Oct/2021:09:25:05 +0800] "GET /xingrg/all/function/internal_message.html?_=1634174705172&CODE_STATE=getMsg HTTP/1.1" 200 27
116.237.74.154 - - [14/Oct/2021:09:25:07 +0800] "GET /xingrg/kc/buy/cgsh_order_operate.html?command=get_materiel&rest_code=00106&code=00101008069&supplier_code=00100007&order_time=2021-10-14 HTTP/1.1" 200 412
116.232.54.237 - - [14/Oct/2021:09:25:07 +0800] "GET /xingrg/kc/buy/cgsh_order_operate.html?command=get_materiel&rest_code=00109&code=00101006144&supplier_code=00100015&order_time=2021-10-14 HTTP/1.1" 200 409
116.232.54.237 - - [14/Oct/2021:09:25:09 +0800] "GET /xingrg/javascript/auto/indicator.gif HTTP/1.1" 404 1066
222.70.178.96 - - [14/Oct/2021:09:25:10 +0800] "POST /xingrg/kc/buy/cgsh_order_operate.html HTTP/1.1" 200 2065
116.237.74.154 - - [14/Oct/2021:09:25:14 +0800] "GET /xingrg/kc/buy/cgsh_order_operate.html?command=get_materiel&rest_code=00106&code=00101008286&supplier_code=00100007&order_time=2021-10-14 HTTP/1.1" 200 408
101.85.106.134 - - [14/Oct/2021:09:25:15 +0800] "GET /xingrg/all/function/internal_message.html?_=1634174591862&CODE_STATE=getMsg HTTP/1.1" 200 27
116.228.172.122 - - [14/Oct/2021:09:25:15 +0800] "GET /xingrg/all/function/internal_message.html?_=1634174716014&CODE_STATE=getMsg HTTP/1.1" 200 27
116.232.54.237 - - [14/Oct/2021:09:25:15 +0800] "GET /xingrg/kc/buy/cgsh_order_operate.html?command=get_materiel&rest_code=00109&code=00101006221&supplier_code=00100015&order_time=2021-10-14 HTTP/1.1" 200 403
222.70.178.96 - - [14/Oct/2021:09:25:18 +0800] "POST /xingrg/kc/buy/cgsh_order_operate.html HTTP/1.1" 200 37
116.228.172.122 - - [14/Oct/2021:09:25:19 +0800] "GET /xingrg/kc/buy/cgsh_order_operate.html?command=get_materiel&rest_code=00153&code=00101008372&supplier_code=00100199&order_time=2021-10-13 HTTP/1.1" 200 408
180.161.71.227 - - [14/Oct/2021:09:25:19 +0800] "GET /xingrg/all/function/internal_message.html?_=1634174702569&CODE_STATE=getMsg HTTP/1.1" 200 27
120.253.135.82 - - [14/Oct/2021:09:25:21 +0800] "GET /xingrg/login.html HTTP/1.1" 200 7641
120.253.135.82 - - [14/Oct/2021:09:25:21 +0800] "GET /xingrg/images/blue/jxLogo.png HTTP/1.1" 304 -
120.253.135.82 - - [14/Oct/2021:09:25:21 +0800] "GET /xingrg/images/blue/login_bg.png HTTP/1.1" 304 -
120.253.135.82 - - [14/Oct/2021:09:25:21 +0800] "GET /xingrg/images/blue/hj.png HTTP/1.1" 304 -
120.253.135.82 - - [14/Oct/2021:09:25:21 +0800] "GET /xingrg/images/blue/srbg.png HTTP/1.1" 304 -
120.253.135.82 - - [14/Oct/2021:09:25:21 +0800] "GET /favicon.ico HTTP/1.1" 404 -
180.169.147.146 - - [14/Oct/2021:09:25:21 +0800] "GET /xingrg/all/function/internal_message.html?_=1634174724733&CODE_STATE=getMsg HTTP/1.1" 302 -
120.253.135.82 - - [14/Oct/2021:09:25:23 +0800] "POST /xingrg/login.do HTTP/1.1" 302 -
120.253.135.82 - - [14/Oct/2021:09:25:23 +0800] "GET /xingrg/javascript/jquery_easy_ui/themes/default/easyui.css HTTP/1.1" 304 -
120.253.135.82 - - [14/Oct/2021:09:25:23 +0800] "GET /xingrg/index.html?sysBaseUrl=http%3A%2F%2F180.169.147.146%3A18081%2Fxingrg%2F&costTime=41×tamp=1634174723149 HTTP/1.1" 200 17173
120.253.135.82 - - [14/Oct/2021:09:25:23 +0800] "GET /xingrg/css/form.css HTTP/1.1" 304 -
120.253.135.82 - - [14/Oct/2021:09:25:23 +0800] "GET /xingrg/javascript/jquery-1.4.2.min.js HTTP/1.1" 304 -
120.253.135.82 - - [14/Oct/2021:09:25:23 +0800] "GET /xingrg/javascript/jquery.form.js HTTP/1.1" 304 -
120.253.135.82 - - [14/Oct/2021:09:25:23 +0800] "GET /xingrg/javascript/jquery_easy_ui/themes/icon.css HTTP/1.1" 304 -
120.253.135.82 - - [14/Oct/2021:09:25:23 +0800] "GET /xingrg/javascript/jquery_easy_ui/jquery.easyui.min.js HTTP/1.1" 304 -
120.253.135.82 - - [14/Oct/2021:09:25:23 +0800] "GET /xingrg/javascript/jquery_easy_ui/easyui-lang-zh_CN.js HTTP/1.1" 304 -
120.253.135.82 - - [14/Oct/2021:09:25:23 +0800] "GET /xingrg/javascript/jquery.utils.js HTTP/1.1" 304 -
120.253.135.82 - - [14/Oct/2021:09:25:23 +0800] "GET /xingrg/javascript/jquery.timers.js HTTP/1.1" 304 -
120.253.135.82 - - [14/Oct/2021:09:25:23 +0800] "GET /xingrg/javascript/jquery_easy_ui/themes/icons/settle_new.png HTTP/1.1" 304 -
120.253.135.82 - - [14/Oct/2021:09:25:23 +0800] "GET /xingrg/images/blue/navBackgound.jpg HTTP/1.1" 304 -
120.253.135.82 - - [14/Oct/2021:09:25:23 +0800] "GET /xingrg/images/blue/pingpu.png HTTP/1.1" 304 -
120.253.135.82 - - [14/Oct/2021:09:25:23 +0800] "POST /xingrg/all/common/load_tree.html?tree=area_rest_tree_json&manage=1 HTTP/1.1" 200 344
120.253.135.82 - - [14/Oct/2021:09:25:23 +0800] "GET /xingrg/javascript/jquery_easy_ui/themes/default/images/tabs_rightarrow.png HTTP/1.1" 304 -
120.253.135.82 - - [14/Oct/2021:09:25:23 +0800] "GET /xingrg/javascript/jquery_easy_ui/themes/default/images/tabs_leftarrow.png HTTP/1.1" 304 -
120.253.135.82 - - [14/Oct/2021:09:25:23 +0800] "GET /xingrg/javascript/jquery_easy_ui/themes/default/images/panel_tool_collapse.gif HTTP/1.1" 304 -
120.253.135.82 - - [14/Oct/2021:09:25:23 +0800] "GET /xingrg/check_reg.html?_=1634174494058 HTTP/1.1" 200 22
120.253.135.82 - - [14/Oct/2021:09:25:23 +0800] "GET /xingrg/all/function/internal_message.html?_=1634174494057&CODE_STATE=count HTTP/1.1" 200 11
120.253.135.82 - - [14/Oct/2021:09:25:23 +0800] "POST /xingrg/load_menu.html HTTP/1.1" 200 6743
120.253.135.82 - - [14/Oct/2021:09:25:23 +0800] "GET /favicon.ico HTTP/1.1" 404 -
120.253.135.82 - - [14/Oct/2021:09:25:23 +0800] "GET /xingrg/javascript/jquery_easy_ui/themes/default/images/tree_arrows.gif HTTP/1.1" 304 -
120.253.135.82 - - [14/Oct/2021:09:25:23 +0800] "GET /xingrg/javascript/jquery_easy_ui/themes/icons/delivery_new.png HTTP/1.1" 304 -
120.253.135.82 - - [14/Oct/2021:09:25:23 +0800] "GET /xingrg/javascript/jquery_easy_ui/themes/default/images/tree_folder_open.gif HTTP/1.1" 304 -
120.253.135.82 - - [14/Oct/2021:09:25:23 +0800] "GET /xingrg/javascript/jquery_easy_ui/themes/icons/forms_new.png HTTP/1.1" 304 -
120.253.135.82 - - [14/Oct/2021:09:25:23 +0800] "GET /xingrg/javascript/jquery_easy_ui/themes/icons/search_new.png HTTP/1.1" 304 -
120.253.135.82 - - [14/Oct/2021:09:25:23 +0800] "GET /xingrg/javascript/jquery_easy_ui/themes/icons/storage_new.png HTTP/1.1" 304 -
120.253.135.82 - - [14/Oct/2021:09:25:23 +0800] "GET /xingrg/javascript/jquery_easy_ui/themes/default/images/tree_file.gif HTTP/1.1" 304 -
120.253.135.82 - - [14/Oct/2021:09:25:23 +0800] "GET /xingrg/javascript/jquery_easy_ui/themes/default/images/tree_folder.gif HTTP/1.1" 304 -
116.230.105.26 - - [14/Oct/2021:09:25:25 +0800] "GET /xingrg/all/function/internal_message.html?_=1634174711633&CODE_STATE=getMsg HTTP/1.1" 200 27
114.83.222.51 - - [14/Oct/2021:09:25:25 +0800] "GET /xingrg/all/function/internal_message.html?_=1634174724640&CODE_STATE=getMsg HTTP/1.1" 200 27
116.238.248.233 - - [14/Oct/2021:09:25:30 +0800] "GET /xingrg/all/function/internal_message.html?_=1634174729669&CODE_STATE=getMsg HTTP/1.1" 200 27
116.237.74.154 - - [14/Oct/2021:09:25:32 +0800] "GET /xingrg/all/function/internal_message.html?_=1634174730221&CODE_STATE=getMsg HTTP/1.1" 200 27
120.253.135.82 - - [14/Oct/2021:09:25:32 +0800] "GET /xingrg/javascript/jquery_easy_ui/themes/default/images/tabs_close.gif HTTP/1.1" 304 -
120.253.135.82 - - [14/Oct/2021:09:25:32 +0800] "GET /xingrg/javascript/jquery_tools/datebox.css HTTP/1.1" 304 -
120.253.135.82 - - [14/Oct/2021:09:25:32 +0800] "GET /xingrg/css/base.css HTTP/1.1" 304 -
120.253.135.82 - - [14/Oct/2021:09:25:32 +0800] "GET /xingrg/css/site.css HTTP/1.1" 304 -
120.253.135.82 - - [14/Oct/2021:09:25:32 +0800] "GET /xingrg/javascript/easyui/themes/default/easyui.css HTTP/1.1" 304 -
120.253.135.82 - - [14/Oct/2021:09:25:32 +0800] "GET /xingrg/kc/pszx/mdps_order_list.html?orderType=0 HTTP/1.1" 200 21089
120.253.135.82 - - [14/Oct/2021:09:25:32 +0800] "GET /xingrg/javascript/easyui/themes/icon.css HTTP/1.1" 304 -
120.253.135.82 - - [14/Oct/2021:09:25:32 +0800] "GET /xingrg/javascript/jquery_tools/fix.css HTTP/1.1" 304 -
120.253.135.82 - - [14/Oct/2021:09:25:32 +0800] "GET /xingrg/javascript/jquery_tools/table.css HTTP/1.1" 304 -
120.253.135.82 - - [14/Oct/2021:09:25:32 +0800] "GET /xingrg/javascript/auto/jquery.autocomplete.css HTTP/1.1" 304 -
120.253.135.82 - - [14/Oct/2021:09:25:32 +0800] "GET /xingrg/javascript/jquery_tools/jquery.tools.table.js HTTP/1.1" 304 -
120.253.135.82 - - [14/Oct/2021:09:25:32 +0800] "GET /xingrg/javascript/jquery_tools/jquery.tools.extend.js HTTP/1.1" 304 -
120.253.135.82 - - [14/Oct/2021:09:25:32 +0800] "GET /xingrg/javascript/jquery_tools/jquery.tools.hotkey.js HTTP/1.1" 304 -
120.253.135.82 - - [14/Oct/2021:09:25:32 +0800] "GET /xingrg/javascript/auto/jquery.autocomplete.js HTTP/1.1" 304 -
120.253.135.82 - - [14/Oct/2021:09:25:32 +0800] "GET /xingrg/javascript/jquery_tools/jquery.tools.min.js HTTP/1.1" 304 -
120.253.135.82 - - [14/Oct/2021:09:25:32 +0800] "GET /xingrg/javascript/print/LodopFuncs.js HTTP/1.1" 304 -
120.253.135.82 - - [14/Oct/2021:09:25:32 +0800] "GET /xingrg/javascript/jquery.cookie.js HTTP/1.1" 304 -
120.253.135.82 - - [14/Oct/2021:09:25:32 +0800] "GET /xingrg/javascript/easyui/easyloader.js HTTP/1.1" 304 -
120.253.135.82 - - [14/Oct/2021:09:25:32 +0800] "GET /xingrg/javascript/jquery_tools/list_manager.js HTTP/1.1" 304 -
120.253.135.82 - - [14/Oct/2021:09:25:33 +0800] "GET /xingrg/javascript/easyui/themes/icons/check_new.png HTTP/1.1" 304 -
120.253.135.82 - - [14/Oct/2021:09:25:33 +0800] "GET /xingrg/javascript/easyui/themes/icons/edit_add_new.png HTTP/1.1" 304 -
120.253.135.82 - - [14/Oct/2021:09:25:33 +0800] "GET /xingrg/javascript/easyui/themes/icons/cance_new.png HTTP/1.1" 304 -
120.253.135.82 - - [14/Oct/2021:09:25:33 +0800] "GET /xingrg/javascript/easyui/themes/icons/uncheck_new.png HTTP/1.1" 304 -
120.253.135.82 - - [14/Oct/2021:09:25:33 +0800] "GET /xingrg/javascript/easyui/themes/icons/import_new.png HTTP/1.1" 304 -
120.253.135.82 - - [14/Oct/2021:09:25:33 +0800] "GET /xingrg/javascript/easyui/themes/icons/field_new.png HTTP/1.1" 304 -
120.253.135.82 - - [14/Oct/2021:09:25:33 +0800] "GET /xingrg/javascript/easyui/plugins/jquery.parser.js HTTP/1.1" 304 -
120.253.135.82 - - [14/Oct/2021:09:25:33 +0800] "GET /xingrg/images/control/ajaxLoader.gif HTTP/1.1" 304 -
120.253.135.82 - - [14/Oct/2021:09:25:33 +0800] "POST /xingrg/kc/pszx/mdps_list_operate.html HTTP/1.1" 200 5318
58.39.139.200 - - [14/Oct/2021:09:25:36 +0800] "GET /xingrg/all/function/internal_message.html?_=1634174737789&CODE_STATE=getMsg HTTP/1.1" 200 27
120.253.135.82 - - [14/Oct/2021:09:25:37 +0800] "GET /xingrg/javascript/auto/indicator.gif HTTP/1.1" 404 1066
116.237.74.154 - - [14/Oct/2021:09:25:39 +0800] "GET /xingrg/kc/buy/cgsh_order_operate.html?command=get_materiel&rest_code=00106&code=00101008036&supplier_code=00100007&order_time=2021-10-14 HTTP/1.1" 200 408
120.253.135.82 - - [14/Oct/2021:09:25:40 +0800] "POST /xingrg/kc/pszx/mdps_list_operate.html HTTP/1.1" 200 3508
116.228.172.122 - - [14/Oct/2021:09:25:43 +0800] "GET /xingrg/kc/buy/cgsh_order_operate.html?command=get_materiel&rest_code=00153&code=00101008210&supplier_code=00100199&order_time=2021-10-13 HTTP/1.1" 200 408
114.85.125.222 - - [14/Oct/2021:09:25:43 +0800] "GET /xingrg/all/function/internal_message.html?_=1634174697918&CODE_STATE=getMsg HTTP/1.1" 200 27
120.253.135.82 - - [14/Oct/2021:09:25:44 +0800] "POST /xingrg/kc/pszx/mdps_list_operate.html HTTP/1.1" 200 212
222.70.178.96 - - [14/Oct/2021:09:25:45 +0800] "POST /xingrg/kc/buy/cgsh_order_operate.html HTTP/1.1" 200 42817
120.253.135.82 - - [14/Oct/2021:09:25:45 +0800] "POST /xingrg/kc/pszx/mdps_list_operate.html HTTP/1.1" 200 615
116.237.74.154 - - [14/Oct/2021:09:25:45 +0800] "GET /xingrg/kc/buy/cgsh_order_operate.html?command=get_materiel&rest_code=00106&code=00101008131&supplier_code=00100007&order_time=2021-10-14 HTTP/1.1" 200 408
116.232.54.237 - - [14/Oct/2021:09:25:46 +0800] "GET /xingrg/all/function/internal_message.html?_=1634174746567&CODE_STATE=getMsg HTTP/1.1" 200 27
120.253.135.82 - - [14/Oct/2021:09:25:46 +0800] "GET /xingrg/kc/pszx/mdps_order_info.html?code=312021101300335 HTTP/1.1" 200 23925
120.253.135.82 - - [14/Oct/2021:09:25:46 +0800] "GET /xingrg/javascript/pic_change.js HTTP/1.1" 304 -
120.253.135.82 - - [14/Oct/2021:09:25:46 +0800] "GET /xingrg/javascript/myfunction.js HTTP/1.1" 304 -
120.253.135.82 - - [14/Oct/2021:09:25:46 +0800] "GET /xingrg/javascript/convert.js HTTP/1.1" 304 -
120.253.135.82 - - [14/Oct/2021:09:25:46 +0800] "GET /xingrg/javascript/jquery_tools/order_manager.js HTTP/1.1" 304 -
120.253.135.82 - - [14/Oct/2021:09:25:46 +0800] "GET /xingrg/javascript/json2.js HTTP/1.1" 304 -
120.253.135.82 - - [14/Oct/2021:09:25:46 +0800] "GET /xingrg/javascript/print/kc_print.js HTTP/1.1" 304 -
120.253.135.82 - - [14/Oct/2021:09:25:46 +0800] "GET /xingrg/words/20211013181730_words.js HTTP/1.1" 304 -
120.253.135.82 - - [14/Oct/2021:09:25:47 +0800] "GET /xingrg/javascript/easyui/themes/icons/ok.png HTTP/1.1" 304 -
120.253.135.82 - - [14/Oct/2021:09:25:47 +0800] "GET /xingrg/javascript/easyui/themes/icons/copy_new.png HTTP/1.1" 304 -
120.253.135.82 - - [14/Oct/2021:09:25:47 +0800] "GET /xingrg/javascript/easyui/themes/icons/cancel.png HTTP/1.1" 304 -
120.253.135.82 - - [14/Oct/2021:09:25:47 +0800] "GET /xingrg/javascript/easyui/themes/icons/print.png HTTP/1.1" 304 -
120.253.135.82 - - [14/Oct/2021:09:25:47 +0800] "GET /xingrg/javascript/easyui/themes/default/images/menu_downarrow.png HTTP/1.1" 304 -
120.253.135.82 - - [14/Oct/2021:09:25:47 +0800] "GET /xingrg/all/common/auto_word.html?type=base&rest_code=00101 HTTP/1.1" 200 613
120.253.135.82 - - [14/Oct/2021:09:25:47 +0800] "GET /xingrg/javascript/easyui/themes/default/validatebox.css HTTP/1.1" 404 1104
120.253.135.82 - - [14/Oct/2021:09:25:47 +0800] "GET /xingrg/javascript/easyui/plugins/jquery.validatebox.js HTTP/1.1" 304 -
120.253.135.82 - - [14/Oct/2021:09:25:47 +0800] "POST /xingrg/kc/pszx/mdps_order_operate.html HTTP/1.1" 200 8789
124.77.244.175 - - [14/Oct/2021:09:25:47 +0800] "GET /xingrg/all/function/internal_message.html?_=1634174752122&CODE_STATE=getMsg HTTP/1.1" 200 27
120.253.135.82 - - [14/Oct/2021:09:25:47 +0800] "GET /xingrg/javascript/easyui/themes/icons/edit_remove.png HTTP/1.1" 304 -
120.253.135.82 - - [14/Oct/2021:09:25:47 +0800] "GET /xingrg/javascript/easyui/plugins/jquery.numberbox.js HTTP/1.1" 304 -
222.70.178.96 - - [14/Oct/2021:09:25:47 +0800] "GET /xingrg/kc/print/load_data.html?order_code=212021101405941&kc_code=cgsh&condition= HTTP/1.1" 200 15848
120.253.135.82 - - [14/Oct/2021:09:25:50 +0800] "GET /xingrg/javascript/easyui/themes/default/images/button_plain_hover.png HTTP/1.1" 304 -
120.253.135.82 - - [14/Oct/2021:09:25:51 +0800] "GET /xingrg/javascript/jquery_easy_ui/themes/icons/area.png HTTP/1.1" 304 -
120.253.135.82 - - [14/Oct/2021:09:25:51 +0800] "GET /xingrg/javascript/jquery_easy_ui/themes/icons/manage.png HTTP/1.1" 304 -
222.70.178.96 - - [14/Oct/2021:09:25:54 +0800] "GET /xingrg/kc/buy/cgsh_order_add.html HTTP/1.1" 200 64679
222.70.178.96 - - [14/Oct/2021:09:25:54 +0800] "POST /xingrg/kc/buy/cgsh_order_operate.html HTTP/1.1" 200 8245
222.70.178.96 - - [14/Oct/2021:09:25:54 +0800] "GET /xingrg/javascript/easyui/themes/default/validatebox.css HTTP/1.1" 404 1104
116.237.74.154 - - [14/Oct/2021:09:25:56 +0800] "GET /xingrg/kc/buy/cgsh_order_operate.html?command=get_materiel&rest_code=00106&code=00101008352&supplier_code=00100007&order_time=2021-10-14 HTTP/1.1" 200 412
222.70.178.96 - - [14/Oct/2021:09:26:02 +0800] "GET /xingrg/check_reg.html?_=1634174759872 HTTP/1.1" 200 22
116.235.92.31 - - [14/Oct/2021:09:26:02 +0800] "GET /xingrg/all/function/internal_message.html?_=1634175229685&CODE_STATE=getMsg HTTP/1.1" 200 27
120.253.135.82 - - [14/Oct/2021:09:26:04 +0800] "POST /xingrg/kc/pszx/mdps_list_operate.html HTTP/1.1" 200 3928
180.169.147.146 - - [14/Oct/2021:09:26:05 +0800] "GET /xingrg/check_reg.html?_=1634174765165 HTTP/1.1" 200 22
180.169.147.146 - - [14/Oct/2021:09:26:05 +0800] "GET /xingrg/all/function/internal_message.html?_=1634174765169&CODE_STATE=getMsg HTTP/1.1" 200 27
116.237.74.154 - - [14/Oct/2021:09:26:06 +0800] "GET /xingrg/kc/buy/cgsh_order_operate.html?command=get_materiel&rest_code=00106&code=00101008098&supplier_code=00100007&order_time=2021-10-14 HTTP/1.1" 200 412
120.253.135.82 - - [14/Oct/2021:09:26:06 +0800] "POST /xingrg/kc/pszx/mdps_list_operate.html HTTP/1.1" 200 603
120.253.135.82 - - [14/Oct/2021:09:26:08 +0800] "GET /xingrg/kc/pszx/mdps_order_info.html?code=312021101300340 HTTP/1.1" 200 23931
120.253.135.82 - - [14/Oct/2021:09:26:09 +0800] "GET /xingrg/javascript/easyui/themes/default/validatebox.css HTTP/1.1" 404 1104
120.253.135.82 - - [14/Oct/2021:09:26:09 +0800] "POST /xingrg/kc/pszx/mdps_order_operate.html HTTP/1.1" 200 9837
116.237.74.154 - - [14/Oct/2021:09:26:13 +0800] "GET /xingrg/kc/buy/cgsh_order_operate.html?command=get_materiel&rest_code=00106&code=00101008005&supplier_code=00100007&order_time=2021-10-14 HTTP/1.1" 200 412
116.228.172.122 - - [14/Oct/2021:09:26:15 +0800] "GET /xingrg/all/function/internal_message.html?_=1634174775997&CODE_STATE=getMsg HTTP/1.1" 200 27
101.85.106.134 - - [14/Oct/2021:09:26:15 +0800] "GET /xingrg/all/function/internal_message.html?_=1634174651862&CODE_STATE=getMsg HTTP/1.1" 200 27
116.228.172.122 - - [14/Oct/2021:09:26:17 +0800] "GET /xingrg/kc/buy/cgsh_order_operate.html?command=get_materiel&rest_code=00153&code=00101008268&supplier_code=00100199&order_time=2021-10-13 HTTP/1.1" 200 408
180.161.71.227 - - [14/Oct/2021:09:26:20 +0800] "GET /xingrg/all/function/internal_message.html?_=1634174763165&CODE_STATE=getMsg HTTP/1.1" 200 27
180.169.147.146 - - [14/Oct/2021:09:26:21 +0800] "GET /xingrg/all/function/internal_message.html?_=1634174784719&CODE_STATE=getMsg HTTP/1.1" 302 -
120.253.135.82 - - [14/Oct/2021:09:26:23 +0800] "GET /xingrg/all/function/internal_message.html?_=1634174554066&CODE_STATE=getMsg HTTP/1.1" 200 27
116.237.74.154 - - [14/Oct/2021:09:26:23 +0800] "GET /xingrg/kc/buy/cgsh_order_operate.html?command=get_materiel&rest_code=00106&code=00101008353&supplier_code=00100007&order_time=2021-10-14 HTTP/1.1" 200 408
222.70.178.96 - - [14/Oct/2021:09:26:23 +0800] "GET /xingrg/kc/buy/cgsh_order_operate.html?command=get_materiel&rest_code=00111&code=00101007061&supplier_code=00100004&order_time=2021-10-14 HTTP/1.1" 200 409
116.230.105.26 - - [14/Oct/2021:09:26:25 +0800] "GET /xingrg/all/function/internal_message.html?_=1634174771627&CODE_STATE=getMsg HTTP/1.1" 200 27
114.83.222.51 - - [14/Oct/2021:09:26:25 +0800] "GET /xingrg/all/function/internal_message.html?_=1634174784630&CODE_STATE=getMsg HTTP/1.1" 200 27
222.70.178.96 - - [14/Oct/2021:09:26:29 +0800] "GET /xingrg/all/function/internal_message.html?_=1634174786708&CODE_STATE=getMsg HTTP/1.1" 200 27
58.39.139.200 - - [14/Oct/2021:09:26:29 +0800] "GET /xingrg/check_reg.html?_=1634174790564 HTTP/1.1" 200 22
116.238.248.233 - - [14/Oct/2021:09:26:30 +0800] "GET /xingrg/check_reg.html?_=1634174789663 HTTP/1.1" 200 22
116.238.248.233 - - [14/Oct/2021:09:26:30 +0800] "GET /xingrg/all/function/internal_message.html?_=1634174789665&CODE_STATE=getMsg HTTP/1.1" 200 27
116.237.74.154 - - [14/Oct/2021:09:26:32 +0800] "GET /xingrg/all/function/internal_message.html?_=1634174790180&CODE_STATE=getMsg HTTP/1.1" 200 27
116.237.74.154 - - [14/Oct/2021:09:26:32 +0800] "GET /xingrg/kc/buy/cgsh_order_operate.html?command=get_materiel&rest_code=00106&code=00101008272&supplier_code=00100007&order_time=2021-10-14 HTTP/1.1" 200 412
222.70.178.96 - - [14/Oct/2021:09:26:34 +0800] "GET /xingrg/kc/buy/cgsh_order_operate.html?command=get_materiel&rest_code=00111&code=00101007059&supplier_code=00100004&order_time=2021-10-14 HTTP/1.1" 200 409
58.39.139.200 - - [14/Oct/2021:09:26:36 +0800] "GET /xingrg/all/function/internal_message.html?_=1634174797768&CODE_STATE=getMsg HTTP/1.1" 200 27
222.70.178.96 - - [14/Oct/2021:09:26:43 +0800] "GET /xingrg/kc/buy/cgsh_order_operate.html?command=get_materiel&rest_code=00111&code=00101007085&supplier_code=00100004&order_time=2021-10-14 HTTP/1.1" 200 413
114.85.125.222 - - [14/Oct/2021:09:26:43 +0800] "GET /xingrg/all/function/internal_message.html?_=1634174757930&CODE_STATE=getMsg HTTP/1.1" 200 27
116.228.172.122 - - [14/Oct/2021:09:26:45 +0800] "GET /xingrg/kc/buy/cgsh_order_operate.html?command=get_materiel&rest_code=00153&code=00101008261&supplier_code=00100199&order_time=2021-10-13 HTTP/1.1" 200 408
116.237.74.154 - - [14/Oct/2021:09:26:45 +0800] "GET /xingrg/kc/buy/cgsh_order_operate.html?command=get_materiel&rest_code=00106&code=00101008283&supplier_code=00100007&order_time=2021-10-14 HTTP/1.1" 200 408
116.232.54.237 - - [14/Oct/2021:09:26:46 +0800] "GET /xingrg/all/function/internal_message.html?_=1634174806569&CODE_STATE=getMsg HTTP/1.1" 200 27
124.77.244.175 - - [14/Oct/2021:09:26:47 +0800] "GET /xingrg/all/function/internal_message.html?_=1634174812276&CODE_STATE=getMsg HTTP/1.1" 200 27
116.237.74.154 - - [14/Oct/2021:09:26:53 +0800] "POST /xingrg/kc/buy/cgsh_order_operate.html HTTP/1.1" 200 37
222.70.178.96 - - [14/Oct/2021:09:26:54 +0800] "GET /xingrg/kc/buy/cgsh_order_operate.html?command=get_materiel&rest_code=00111&code=00101007077&supplier_code=00100004&order_time=2021-10-14 HTTP/1.1" 200 415
180.169.147.146 - - [14/Oct/2021:09:27:05 +0800] "GET /xingrg/all/function/internal_message.html?_=1634174825172&CODE_STATE=getMsg HTTP/1.1" 200 27
222.70.178.96 - - [14/Oct/2021:09:27:07 +0800] "GET /xingrg/kc/buy/cgsh_order_operate.html?command=get_materiel&rest_code=00111&code=00101007076&supplier_code=00100004&order_time=2021-10-14 HTTP/1.1" 200 408
116.228.172.122 - - [14/Oct/2021:09:27:15 +0800] "GET /xingrg/all/function/internal_message.html?_=1634174836013&CODE_STATE=getMsg HTTP/1.1" 200 27
101.85.106.134 - - [14/Oct/2021:09:27:15 +0800] "GET /xingrg/all/function/internal_message.html?_=1634174711863&CODE_STATE=getMsg HTTP/1.1" 200 27
116.228.172.122 - - [14/Oct/2021:09:27:19 +0800] "GET /xingrg/system/info/materiel_import.html?isSelect=1&singleSelect=false HTTP/1.1" 200 5600
180.161.71.227 - - [14/Oct/2021:09:27:20 +0800] "GET /xingrg/all/function/internal_message.html?_=1634174823183&CODE_STATE=getMsg HTTP/1.1" 200 27
116.228.172.122 - - [14/Oct/2021:09:27:20 +0800] "GET /xingrg/css/xtree.css HTTP/1.1" 200 880
116.228.172.122 - - [14/Oct/2021:09:27:21 +0800] "GET /xingrg/javascript/jquery_ui/themes/base/base.css HTTP/1.1" 200 28568
180.169.147.146 - - [14/Oct/2021:09:27:21 +0800] "GET /xingrg/all/function/internal_message.html?_=1634174844705&CODE_STATE=getMsg HTTP/1.1" 302 -
116.228.172.122 - - [14/Oct/2021:09:27:21 +0800] "GET /xingrg/javascript/jquery_easy_ui/themes/default/images/button_a_bg.gif HTTP/1.1" 200 1194
116.228.172.122 - - [14/Oct/2021:09:27:21 +0800] "POST /xingrg/all/common/load_tree.html?tree=materiel_sort_tree_json HTTP/1.1" 200 8912
222.70.178.96 - - [14/Oct/2021:09:27:22 +0800] "POST /xingrg/kc/buy/cgsh_order_operate.html HTTP/1.1" 200 37
120.253.135.82 - - [14/Oct/2021:09:27:23 +0800] "GET /xingrg/all/function/internal_message.html?_=1634174614091&CODE_STATE=getMsg HTTP/1.1" 200 27
116.230.105.26 - - [14/Oct/2021:09:27:25 +0800] "GET /xingrg/all/function/internal_message.html?_=1634174831625&CODE_STATE=getMsg HTTP/1.1" 200 27
114.83.222.51 - - [14/Oct/2021:09:27:25 +0800] "GET /xingrg/all/function/internal_message.html?_=1634174844617&CODE_STATE=getMsg HTTP/1.1" 200 27
