120.253.135.82 - - [14/Oct/2021:10:21:56 +0800] "GET /xingrg/all/function/internal_message.html?_=1634177886167&CODE_STATE=getMsg HTTP/1.1" 200 27
116.237.74.154 - - [14/Oct/2021:10:21:57 +0800] "POST /xingrg/services/DataTransmitService HTTP/1.1" 200 501
114.85.125.222 - - [14/Oct/2021:10:21:57 +0800] "POST /xingrg/kc/buy/cgsh_list_operate.html HTTP/1.1" 200 420
222.69.131.205 - - [14/Oct/2021:10:21:58 +0800] "GET /xingrg/all/function/internal_message.html?_=1634178120404&CODE_STATE=getMsg HTTP/1.1" 200 27
114.85.125.222 - - [14/Oct/2021:10:21:59 +0800] "POST /xingrg/kc/buy/cgsh_list_operate.html HTTP/1.1" 200 279
58.37.227.186 - - [14/Oct/2021:10:22:01 +0800] "GET /xingrg/check_reg.html?_=1634177973629 HTTP/1.1" 200 22
58.37.227.186 - - [14/Oct/2021:10:22:01 +0800] "GET /xingrg/all/function/internal_message.html?_=1634177973674&CODE_STATE=getMsg HTTP/1.1" 200 27
180.169.147.146 - - [14/Oct/2021:10:22:05 +0800] "GET /xingrg/all/function/internal_message.html?_=1634178125173&CODE_STATE=getMsg HTTP/1.1" 200 27
116.238.248.233 - - [14/Oct/2021:10:22:07 +0800] "GET /xingrg/all/function/internal_message.html?_=1634178125627&CODE_STATE=getMsg HTTP/1.1" 200 27
124.77.244.175 - - [14/Oct/2021:10:22:11 +0800] "GET /xingrg/kc/buy/cgsh_order_operate.html?command=get_materiel&rest_code=00146&code=00101008163&supplier_code=00100005&order_time=2021-10-14 HTTP/1.1" 200 409
180.169.147.146 - - [14/Oct/2021:10:22:14 +0800] "GET /xingrg/all/function/internal_message.html?_=1634178190421&CODE_STATE=getMsg HTTP/1.1" 200 27
116.238.248.233 - - [14/Oct/2021:10:22:14 +0800] "POST /xingrg/kc/buy/cgsh_order_operate.html HTTP/1.1" 200 37
101.85.106.134 - - [14/Oct/2021:10:22:15 +0800] "GET /xingrg/all/function/internal_message.html?_=1634178011939&CODE_STATE=getMsg HTTP/1.1" 200 27
114.85.125.222 - - [14/Oct/2021:10:22:20 +0800] "POST /xingrg/kc/buy/cgsh_list_operate.html HTTP/1.1" 200 558
114.85.125.222 - - [14/Oct/2021:10:22:20 +0800] "GET /xingrg/all/function/internal_message.html?_=1634178094637&CODE_STATE=getMsg HTTP/1.1" 200 27
124.77.244.175 - - [14/Oct/2021:10:22:22 +0800] "GET /xingrg/kc/buy/cgsh_order_operate.html?command=get_materiel&rest_code=00146&code=00101008141&supplier_code=00100005&order_time=2021-10-14 HTTP/1.1" 200 412
114.85.125.222 - - [14/Oct/2021:10:22:22 +0800] "POST /xingrg/kc/buy/cgsh_list_operate.html HTTP/1.1" 200 424
116.238.248.233 - - [14/Oct/2021:10:22:23 +0800] "POST /xingrg/kc/buy/cgsh_order_operate.html HTTP/1.1" 200 12
116.238.248.233 - - [14/Oct/2021:10:22:23 +0800] "GET /xingrg/kc/buy/cgsh_order_info.html?code=212021101405919 HTTP/1.1" 200 59512
116.238.248.233 - - [14/Oct/2021:10:22:24 +0800] "GET /xingrg/words/20211014093203_words.js HTTP/1.1" 304 -
116.238.248.233 - - [14/Oct/2021:10:22:24 +0800] "GET /xingrg/javascript/easyui/themes/default/validatebox.css HTTP/1.1" 404 1104
116.230.105.26 - - [14/Oct/2021:10:22:24 +0800] "GET /xingrg/all/function/internal_message.html?_=1634178130649&CODE_STATE=getMsg HTTP/1.1" 200 27
114.83.222.51 - - [14/Oct/2021:10:22:24 +0800] "GET /xingrg/all/function/internal_message.html?_=1634178143820&CODE_STATE=getMsg HTTP/1.1" 200 27
116.238.248.233 - - [14/Oct/2021:10:22:24 +0800] "POST /xingrg/kc/buy/cgsh_order_operate.html HTTP/1.1" 200 30781
124.77.244.175 - - [14/Oct/2021:10:22:25 +0800] "POST /xingrg/kc/buy/cgsh_order_operate.html HTTP/1.1" 200 2065
172.20.0.100 - - [14/Oct/2021:10:22:26 +0800] "GET /xingrg/all/function/internal_message.html?_=1634178146712&CODE_STATE=getMsg HTTP/1.1" 200 27
116.238.248.233 - - [14/Oct/2021:10:22:26 +0800] "GET /xingrg/kc/print/load_data.html?order_code=212021101405919&kc_code=cgsh&condition= HTTP/1.1" 200 12175
222.70.178.96 - - [14/Oct/2021:10:22:28 +0800] "GET /xingrg/all/function/internal_message.html?_=1634178145535&CODE_STATE=getMsg HTTP/1.1" 200 27
58.39.139.200 - - [14/Oct/2021:10:22:35 +0800] "GET /xingrg/all/function/internal_message.html?_=1634178156391&CODE_STATE=getMsg HTTP/1.1" 200 27
124.77.244.175 - - [14/Oct/2021:10:22:37 +0800] "GET /xingrg/kc/buy/cgsh_order_operate.html?command=get_materiel&rest_code=00146&code=00101008355&supplier_code=00100005&order_time=2021-10-14 HTTP/1.1" 200 408
116.238.248.233 - - [14/Oct/2021:10:22:41 +0800] "POST /xingrg/all/user/operate.html HTTP/1.1" 200 36
116.238.248.233 - - [14/Oct/2021:10:22:41 +0800] "GET /xingrg/index.html?sysBaseUrl=http%3A%2F%2F180.169.147.146%3A18081%2Fxingrg%2F&costTime=47×tamp=1634175347315 HTTP/1.1" 200 17177
116.238.248.233 - - [14/Oct/2021:10:22:41 +0800] "GET /xingrg/javascript/jquery_easy_ui/themes/default/easyui.css HTTP/1.1" 304 -
116.238.248.233 - - [14/Oct/2021:10:22:41 +0800] "GET /xingrg/javascript/jquery_easy_ui/themes/icon.css HTTP/1.1" 304 -
116.238.248.233 - - [14/Oct/2021:10:22:41 +0800] "GET /xingrg/css/form.css HTTP/1.1" 304 -
116.238.248.233 - - [14/Oct/2021:10:22:41 +0800] "GET /xingrg/javascript/jquery-1.4.2.min.js HTTP/1.1" 304 -
116.238.248.233 - - [14/Oct/2021:10:22:41 +0800] "GET /xingrg/javascript/jquery_easy_ui/jquery.easyui.min.js HTTP/1.1" 304 -
116.238.248.233 - - [14/Oct/2021:10:22:41 +0800] "GET /xingrg/javascript/jquery_easy_ui/easyui-lang-zh_CN.js HTTP/1.1" 304 -
116.238.248.233 - - [14/Oct/2021:10:22:41 +0800] "GET /xingrg/javascript/jquery.form.js HTTP/1.1" 304 -
116.238.248.233 - - [14/Oct/2021:10:22:41 +0800] "GET /xingrg/javascript/jquery.utils.js HTTP/1.1" 304 -
116.238.248.233 - - [14/Oct/2021:10:22:41 +0800] "GET /xingrg/javascript/jquery.timers.js HTTP/1.1" 304 -
116.238.248.233 - - [14/Oct/2021:10:22:41 +0800] "GET /xingrg/images/blue/jxLogo.png HTTP/1.1" 304 -
116.238.248.233 - - [14/Oct/2021:10:22:41 +0800] "GET /xingrg/javascript/jquery_easy_ui/themes/icons/settle_new.png HTTP/1.1" 304 -
116.238.248.233 - - [14/Oct/2021:10:22:41 +0800] "GET /xingrg/images/blue/navBackgound.jpg HTTP/1.1" 304 -
116.238.248.233 - - [14/Oct/2021:10:22:41 +0800] "POST /xingrg/all/common/load_tree.html?tree=area_rest_tree_json&manage=1 HTTP/1.1" 200 476
116.238.248.233 - - [14/Oct/2021:10:22:41 +0800] "GET /xingrg/all/function/internal_message.html?_=1634178159709&CODE_STATE=count HTTP/1.1" 200 11
116.238.248.233 - - [14/Oct/2021:10:22:41 +0800] "GET /xingrg/check_reg.html?_=1634178159711 HTTP/1.1" 200 22
116.238.248.233 - - [14/Oct/2021:10:22:41 +0800] "GET /xingrg/javascript/jquery_easy_ui/themes/default/images/panel_tool_collapse.gif HTTP/1.1" 304 -
116.238.248.233 - - [14/Oct/2021:10:22:41 +0800] "GET /xingrg/javascript/jquery_easy_ui/themes/default/images/tabs_leftarrow.png HTTP/1.1" 304 -
116.238.248.233 - - [14/Oct/2021:10:22:41 +0800] "GET /xingrg/javascript/jquery_easy_ui/themes/default/images/tabs_rightarrow.png HTTP/1.1" 304 -
116.238.248.233 - - [14/Oct/2021:10:22:41 +0800] "GET /xingrg/images/blue/pingpu.png HTTP/1.1" 304 -
124.77.244.175 - - [14/Oct/2021:10:22:41 +0800] "GET /xingrg/all/function/internal_message.html?_=1634178166703&CODE_STATE=getMsg HTTP/1.1" 200 27
116.238.248.233 - - [14/Oct/2021:10:22:41 +0800] "POST /xingrg/load_menu.html HTTP/1.1" 200 5138
116.238.248.233 - - [14/Oct/2021:10:22:43 +0800] "GET /xingrg/kc/buy/cgsh_order_list.html HTTP/1.1" 200 48945
116.232.54.237 - - [14/Oct/2021:10:22:46 +0800] "GET /xingrg/all/function/internal_message.html?_=1634178166832&CODE_STATE=getMsg HTTP/1.1" 200 27
116.232.54.237 - - [14/Oct/2021:10:22:46 +0800] "GET /xingrg/check_reg.html?_=1634178166836 HTTP/1.1" 200 22
116.238.248.233 - - [14/Oct/2021:10:22:46 +0800] "POST /xingrg/kc/buy/cgsh_list_operate.html HTTP/1.1" 200 2051
116.238.248.233 - - [14/Oct/2021:10:22:48 +0800] "POST /xingrg/kc/buy/cgsh_list_operate.html HTTP/1.1" 200 565
116.238.248.233 - - [14/Oct/2021:10:22:50 +0800] "GET /xingrg/kc/buy/cgsh_order_info.html?code=212021101405924 HTTP/1.1" 200 64330
124.77.244.175 - - [14/Oct/2021:10:22:50 +0800] "GET /xingrg/kc/buy/cgsh_order_operate.html?command=get_materiel&rest_code=00146&code=00101008264&supplier_code=00100005&order_time=2021-10-14 HTTP/1.1" 200 412
116.238.248.233 - - [14/Oct/2021:10:22:50 +0800] "GET /xingrg/javascript/easyui/themes/default/validatebox.css HTTP/1.1" 404 1104
116.238.248.233 - - [14/Oct/2021:10:22:51 +0800] "POST /xingrg/kc/buy/cgsh_order_operate.html HTTP/1.1" 200 6848
120.253.135.82 - - [14/Oct/2021:10:22:56 +0800] "GET /xingrg/all/function/internal_message.html?_=1634177946167&CODE_STATE=getMsg HTTP/1.1" 200 27
222.69.131.205 - - [14/Oct/2021:10:22:58 +0800] "GET /xingrg/all/function/internal_message.html?_=1634178180406&CODE_STATE=getMsg HTTP/1.1" 200 27
58.37.227.186 - - [14/Oct/2021:10:23:01 +0800] "GET /xingrg/all/function/internal_message.html?_=1634178033655&CODE_STATE=getMsg HTTP/1.1" 200 27
124.77.244.175 - - [14/Oct/2021:10:23:04 +0800] "GET /xingrg/kc/buy/cgsh_order_operate.html?command=get_materiel&rest_code=00146&code=00101015004&supplier_code=00100005&order_time=2021-10-14 HTTP/1.1" 200 409
114.85.125.222 - - [14/Oct/2021:10:23:04 +0800] "POST /xingrg/kc/buy/cgsh_list_operate.html HTTP/1.1" 200 565
180.169.147.146 - - [14/Oct/2021:10:23:05 +0800] "GET /xingrg/all/function/internal_message.html?_=1634178185173&CODE_STATE=getMsg HTTP/1.1" 200 27
114.85.125.222 - - [14/Oct/2021:10:23:06 +0800] "POST /xingrg/kc/buy/cgsh_list_operate.html HTTP/1.1" 200 456
180.161.71.227 - - [14/Oct/2021:10:23:10 +0800] "GET /xingrg/kc/buy/cgsh_order_add.html HTTP/1.1" 200 64638
180.161.71.227 - - [14/Oct/2021:10:23:12 +0800] "GET /xingrg/words/20211014093203_words.js HTTP/1.1" 200 856194
180.169.147.146 - - [14/Oct/2021:10:23:13 +0800] "GET /favicon.ico HTTP/1.1" 404 -
180.161.71.227 - - [14/Oct/2021:10:23:14 +0800] "POST /xingrg/kc/buy/cgsh_order_operate.html HTTP/1.1" 200 8245
180.169.147.146 - - [14/Oct/2021:10:23:14 +0800] "GET /xingrg/all/function/internal_message.html?_=1634178250420&CODE_STATE=getMsg HTTP/1.1" 200 27
114.83.222.51 - - [14/Oct/2021:10:23:14 +0800] "GET /xingrg/check_reg.html?_=1634178194087 HTTP/1.1" 200 22
180.161.71.227 - - [14/Oct/2021:10:23:14 +0800] "GET /xingrg/javascript/easyui/themes/default/validatebox.css HTTP/1.1" 404 1104
101.85.106.134 - - [14/Oct/2021:10:23:15 +0800] "GET /xingrg/check_reg.html?_=1634178071940 HTTP/1.1" 200 22
101.85.106.134 - - [14/Oct/2021:10:23:15 +0800] "GET /xingrg/all/function/internal_message.html?_=1634178071943&CODE_STATE=getMsg HTTP/1.1" 200 27
180.157.253.110 - - [14/Oct/2021:10:23:17 +0800] "GET /favicon.ico HTTP/1.1" 404 -
114.85.125.222 - - [14/Oct/2021:10:23:20 +0800] "GET /xingrg/all/function/internal_message.html?_=1634178154653&CODE_STATE=getMsg HTTP/1.1" 200 27
116.230.105.26 - - [14/Oct/2021:10:23:24 +0800] "GET /xingrg/all/function/internal_message.html?_=1634178190636&CODE_STATE=getMsg HTTP/1.1" 200 27
114.83.222.51 - - [14/Oct/2021:10:23:24 +0800] "GET /xingrg/all/function/internal_message.html?_=1634178203807&CODE_STATE=getMsg HTTP/1.1" 200 27
172.20.0.100 - - [14/Oct/2021:10:23:26 +0800] "GET /xingrg/all/function/internal_message.html?_=1634178206706&CODE_STATE=getMsg HTTP/1.1" 200 27
180.161.71.227 - - [14/Oct/2021:10:23:26 +0800] "GET /xingrg/javascript/easyui/plugins/jquery.draggable.js HTTP/1.1" 200 6121
180.161.71.227 - - [14/Oct/2021:10:23:26 +0800] "GET /xingrg/css/images/panel_loading.gif HTTP/1.1" 200 1737
180.161.71.227 - - [14/Oct/2021:10:23:27 +0800] "GET /xingrg/javascript/easyui/plugins/jquery.droppable.js HTTP/1.1" 200 1167
180.161.71.227 - - [14/Oct/2021:10:23:27 +0800] "GET /xingrg/javascript/easyui/themes/default/tree.css HTTP/1.1" 404 1090
180.161.71.227 - - [14/Oct/2021:10:23:27 +0800] "GET /xingrg/javascript/easyui/plugins/jquery.tree.js HTTP/1.1" 200 20874
180.161.71.227 - - [14/Oct/2021:10:23:27 +0800] "POST /xingrg/all/common/load_tree.html?tree=supplier_tree_json&isDelete=1 HTTP/1.1" 200 60167
222.70.178.96 - - [14/Oct/2021:10:23:28 +0800] "GET /xingrg/all/function/internal_message.html?_=1634178205505&CODE_STATE=getMsg HTTP/1.1" 200 27
180.161.71.227 - - [14/Oct/2021:10:23:29 +0800] "GET /xingrg/javascript/easyui/themes/default/images/tree_arrows.gif HTTP/1.1" 200 617
180.161.71.227 - - [14/Oct/2021:10:23:30 +0800] "GET /xingrg/javascript/easyui/themes/default/images/tree_folder_open.gif HTTP/1.1" 200 956
180.161.71.227 - - [14/Oct/2021:10:23:30 +0800] "GET /xingrg/javascript/easyui/themes/default/images/tree_folder.gif HTTP/1.1" 200 952
180.161.71.227 - - [14/Oct/2021:10:23:30 +0800] "GET /xingrg/javascript/easyui/themes/default/images/tree_file.gif HTTP/1.1" 200 118
58.39.139.200 - - [14/Oct/2021:10:23:35 +0800] "GET /xingrg/all/function/internal_message.html?_=1634178216364&CODE_STATE=getMsg HTTP/1.1" 200 27
180.157.253.110 - - [14/Oct/2021:10:23:38 +0800] "GET /xingrg/login.html HTTP/1.1" 200 7641
180.157.253.110 - - [14/Oct/2021:10:23:39 +0800] "GET /favicon.ico HTTP/1.1" 404 -
124.77.244.175 - - [14/Oct/2021:10:23:39 +0800] "POST /xingrg/kc/buy/cgsh_order_operate.html HTTP/1.1" 200 2065
116.238.248.233 - - [14/Oct/2021:10:23:41 +0800] "GET /xingrg/all/function/internal_message.html?_=1634178219728&CODE_STATE=getMsg HTTP/1.1" 200 27
124.77.244.175 - - [14/Oct/2021:10:23:41 +0800] "GET /xingrg/all/function/internal_message.html?_=1634178226783&CODE_STATE=getMsg HTTP/1.1" 200 27
114.85.125.222 - - [14/Oct/2021:10:23:43 +0800] "POST /xingrg/kc/buy/cgsh_list_operate.html HTTP/1.1" 200 563
180.157.253.110 - - [14/Oct/2021:10:23:44 +0800] "POST /xingrg/login.do HTTP/1.1" 302 -
180.157.253.110 - - [14/Oct/2021:10:23:44 +0800] "GET /xingrg/index.html?sysBaseUrl=http%3A%2F%2F180.169.147.146%3A18081%2Fxingrg%2F&costTime=42×tamp=1634178224524 HTTP/1.1" 200 17179
180.157.253.110 - - [14/Oct/2021:10:23:44 +0800] "GET /favicon.ico HTTP/1.1" 404 -
180.157.253.110 - - [14/Oct/2021:10:23:44 +0800] "POST /xingrg/all/common/load_tree.html?tree=area_rest_tree_json&manage=1 HTTP/1.1" 200 470
180.157.253.110 - - [14/Oct/2021:10:23:44 +0800] "GET /xingrg/all/function/internal_message.html?_=1634178226123&CODE_STATE=count HTTP/1.1" 200 11
180.157.253.110 - - [14/Oct/2021:10:23:44 +0800] "GET /xingrg/check_reg.html?_=1634178226125 HTTP/1.1" 200 22
180.157.253.110 - - [14/Oct/2021:10:23:45 +0800] "POST /xingrg/load_menu.html HTTP/1.1" 200 5138
114.85.125.222 - - [14/Oct/2021:10:23:45 +0800] "POST /xingrg/kc/buy/cgsh_list_operate.html HTTP/1.1" 200 578
124.77.244.175 - - [14/Oct/2021:10:23:45 +0800] "GET /xingrg/kc/buy/cgsh_order_operate.html?command=get_materiel&rest_code=00146&code=00101008197&supplier_code=00100005&order_time=2021-10-14 HTTP/1.1" 200 416
116.232.54.237 - - [14/Oct/2021:10:23:46 +0800] "GET /xingrg/all/function/internal_message.html?_=1634178226834&CODE_STATE=getMsg HTTP/1.1" 200 27
180.157.253.110 - - [14/Oct/2021:10:23:47 +0800] "GET /xingrg/kc/report/report_main.html HTTP/1.1" 200 7345
180.157.253.110 - - [14/Oct/2021:10:23:47 +0800] "GET /xingrg/css/blue.css HTTP/1.1" 200 15949
180.157.253.110 - - [14/Oct/2021:10:23:47 +0800] "GET /xingrg/javascript/jquery_ui/themes/humanity/humanity.css HTTP/1.1" 200 27801
180.157.253.110 - - [14/Oct/2021:10:23:47 +0800] "GET /xingrg/javascript/myfunction.js HTTP/1.1" 200 24559
180.157.253.110 - - [14/Oct/2021:10:23:47 +0800] "GET /xingrg/javascript/jquery_easy_ui/themes/icons/back_new.png HTTP/1.1" 200 3414
180.157.253.110 - - [14/Oct/2021:10:23:49 +0800] "GET /xingrg/all/report/report_query.html?fileName=kc/buy/wlcg_mx.xml HTTP/1.1" 200 51648
180.157.253.110 - - [14/Oct/2021:10:23:49 +0800] "GET /xingrg/javascript/multi_select/jqueryMultiSelect.css HTTP/1.1" 200 951
180.157.253.110 - - [14/Oct/2021:10:23:49 +0800] "GET /xingrg/javascript/calendar/timePicker.css HTTP/1.1" 200 523
180.157.253.110 - - [14/Oct/2021:10:23:49 +0800] "GET /xingrg/javascript/bigrid/fix.css HTTP/1.1" 200 1702
180.157.253.110 - - [14/Oct/2021:10:23:49 +0800] "GET /xingrg/dwr/interface/AjaxReportQueryService.js HTTP/1.1" 200 13203
180.157.253.110 - - [14/Oct/2021:10:23:49 +0800] "GET /xingrg/javascript/bigrid/fix.js HTTP/1.1" 200 6439
180.157.253.110 - - [14/Oct/2021:10:23:49 +0800] "GET /xingrg/javascript/calendar/jquery.timePicker.min.js HTTP/1.1" 200 2997
180.157.253.110 - - [14/Oct/2021:10:23:49 +0800] "GET /xingrg/dwr/engine.js HTTP/1.1" 200 43631
180.157.253.110 - - [14/Oct/2021:10:23:49 +0800] "GET /xingrg/javascript/Calendar.js HTTP/1.1" 200 31561
180.157.253.110 - - [14/Oct/2021:10:23:49 +0800] "GET /xingrg/javascript/jqueryMultiSelect.js HTTP/1.1" 200 11866
180.157.253.110 - - [14/Oct/2021:10:23:49 +0800] "GET /xingrg/dwr/util.js HTTP/1.1" 200 35990
180.157.253.110 - - [14/Oct/2021:10:23:49 +0800] "GET /xingrg/images/blue/button/advanceover.gif HTTP/1.1" 200 1347
180.157.253.110 - - [14/Oct/2021:10:23:49 +0800] "GET /xingrg/images/blue/button/back2over.gif HTTP/1.1" 200 1335
180.157.253.110 - - [14/Oct/2021:10:23:49 +0800] "GET /xingrg/images/blue/button/advance2over.gif HTTP/1.1" 200 1336
180.157.253.110 - - [14/Oct/2021:10:23:49 +0800] "GET /xingrg/images/blue/button/backover.gif HTTP/1.1" 200 1348
180.157.253.110 - - [14/Oct/2021:10:23:49 +0800] "GET /xingrg/images/control/loading.gif HTTP/1.1" 200 13463
180.157.253.110 - - [14/Oct/2021:10:23:49 +0800] "GET /xingrg/javascript/jquery_easy_ui/themes/icons/help.png HTTP/1.1" 200 1187
180.157.253.110 - - [14/Oct/2021:10:23:49 +0800] "GET /xingrg/javascript/jquery_easy_ui/themes/default/images/menu_downarrow.png HTTP/1.1" 200 173
180.157.253.110 - - [14/Oct/2021:10:23:49 +0800] "GET /xingrg/javascript/jquery_easy_ui/themes/default/images/menu.gif HTTP/1.1" 200 834
180.157.253.110 - - [14/Oct/2021:10:23:49 +0800] "GET /xingrg/javascript/jquery_easy_ui/themes/default/images/button_a_bg.gif HTTP/1.1" 200 1194
180.157.253.110 - - [14/Oct/2021:10:23:49 +0800] "GET /xingrg/javascript/jquery_easy_ui/themes/icons/pencil.png HTTP/1.1" 200 713
180.157.253.110 - - [14/Oct/2021:10:23:49 +0800] "GET /xingrg/javascript/jquery_easy_ui/themes/icons/print.png HTTP/1.1" 200 1057
180.157.253.110 - - [14/Oct/2021:10:23:49 +0800] "POST /xingrg/dwr/call/plaincall/AjaxReportQueryService.getFixDate.dwr HTTP/1.1" 200 111
180.157.253.110 - - [14/Oct/2021:10:23:49 +0800] "GET /xingrg/javascript/jquery_easy_ui/themes/default/images/menu_rightarrow.png HTTP/1.1" 200 3617
180.157.253.110 - - [14/Oct/2021:10:23:49 +0800] "POST /xingrg/dwr/call/plaincall/AjaxReportQueryService.getInitString.dwr HTTP/1.1" 200 27682
114.85.125.222 - - [14/Oct/2021:10:23:49 +0800] "POST /xingrg/kc/buy/cgsh_list_operate.html HTTP/1.1" 200 5536
180.157.253.110 - - [14/Oct/2021:10:23:51 +0800] "GET /xingrg/javascript/multi_select/dropdown.gif HTTP/1.1" 200 61
180.157.253.110 - - [14/Oct/2021:10:23:51 +0800] "POST /xingrg/dwr/call/plaincall/AjaxReportQueryService.getInitString.dwr HTTP/1.1" 200 975
180.157.253.110 - - [14/Oct/2021:10:23:51 +0800] "GET /xingrg/javascript/multi_select/dropdown_hover.gif HTTP/1.1" 200 61
180.157.253.110 - - [14/Oct/2021:10:23:51 +0800] "POST /xingrg/dwr/call/plaincall/AjaxReportQueryService.getInitString.dwr HTTP/1.1" 200 125
114.85.125.222 - - [14/Oct/2021:10:23:52 +0800] "POST /xingrg/kc/buy/cgsh_list_operate.html HTTP/1.1" 200 566
114.85.125.222 - - [14/Oct/2021:10:23:54 +0800] "POST /xingrg/kc/buy/cgsh_list_operate.html HTTP/1.1" 200 301
120.253.135.82 - - [14/Oct/2021:10:23:56 +0800] "GET /xingrg/all/function/internal_message.html?_=1634178006181&CODE_STATE=getMsg HTTP/1.1" 200 27
222.69.131.205 - - [14/Oct/2021:10:23:58 +0800] "GET /xingrg/all/function/internal_message.html?_=1634178240408&CODE_STATE=getMsg HTTP/1.1" 200 27
58.37.227.186 - - [14/Oct/2021:10:24:01 +0800] "GET /xingrg/all/function/internal_message.html?_=1634178093660&CODE_STATE=getMsg HTTP/1.1" 200 27
180.157.253.110 - - [14/Oct/2021:10:24:04 +0800] "GET /xingrg/javascript/jquery_easy_ui/themes/default/images/button_plain_hover.png HTTP/1.1" 200 252
180.157.253.110 - - [14/Oct/2021:10:24:04 +0800] "POST /xingrg/dwr/call/plaincall/AjaxReportQueryService.refreshCache.dwr HTTP/1.1" 200 78
180.169.147.146 - - [14/Oct/2021:10:24:05 +0800] "GET /xingrg/all/function/internal_message.html?_=1634178245170&CODE_STATE=getMsg HTTP/1.1" 200 27
114.83.222.51 - - [14/Oct/2021:10:24:07 +0800] "GET /xingrg/kc/mdqp/qqps_order_list.html HTTP/1.1" 200 9222
114.83.222.51 - - [14/Oct/2021:10:24:07 +0800] "GET /xingrg/javascript/ToolTips.js HTTP/1.1" 200 5615
114.83.222.51 - - [14/Oct/2021:10:24:07 +0800] "GET /xingrg/css/blue.css HTTP/1.1" 200 15949
114.83.222.51 - - [14/Oct/2021:10:24:07 +0800] "GET /xingrg/dwr/interface/AjaxReportQueryService.js HTTP/1.1" 200 13203
114.83.222.51 - - [14/Oct/2021:10:24:07 +0800] "GET /xingrg/dwr/interface/AjaxQqpsService.js HTTP/1.1" 200 16326
114.83.222.51 - - [14/Oct/2021:10:24:07 +0800] "GET /xingrg/dwr/util.js HTTP/1.1" 200 35990
114.83.222.51 - - [14/Oct/2021:10:24:07 +0800] "GET /xingrg/javascript/Calendar.js HTTP/1.1" 200 31561
114.83.222.51 - - [14/Oct/2021:10:24:07 +0800] "GET /xingrg/dwr/engine.js HTTP/1.1" 200 43631
114.83.222.51 - - [14/Oct/2021:10:24:07 +0800] "GET /xingrg/javascript/myfunction.js HTTP/1.1" 200 24559
114.83.222.51 - - [14/Oct/2021:10:24:07 +0800] "GET /xingrg/javascript/jquery_easy_ui/themes/icons/check_new.png HTTP/1.1" 200 3224
114.83.222.51 - - [14/Oct/2021:10:24:07 +0800] "GET /xingrg/javascript/jquery_easy_ui/themes/icons/edit_add_new.png HTTP/1.1" 200 2997
114.83.222.51 - - [14/Oct/2021:10:24:07 +0800] "GET /xingrg/javascript/jquery_easy_ui/themes/icons/uncheck_new.png HTTP/1.1" 200 3197
114.83.222.51 - - [14/Oct/2021:10:24:07 +0800] "GET /xingrg/javascript/jquery_easy_ui/themes/icons/cance_new.png HTTP/1.1" 200 3986
180.157.253.110 - - [14/Oct/2021:10:24:08 +0800] "POST /xingrg/all/report/load_report_page.html HTTP/1.1" 200 18834
180.157.253.110 - - [14/Oct/2021:10:24:08 +0800] "GET /xingrg/servlets/image?cache=0.19198470072210128&image=px HTTP/1.1" 200 807
58.39.139.200 - - [14/Oct/2021:10:24:11 +0800] "POST /xingrg/kc/buy/cgsh_order_operate.html HTTP/1.1" 200 37
114.83.222.51 - - [14/Oct/2021:10:24:12 +0800] "GET /xingrg/kc/mdqp/qqps_order_list.html?isQuery=1&timeSelect=1&orderTime=day&startTime=2021-10-14&endTime=2021-10-14&state=all&query=%C8%B7++%B6%A8 HTTP/1.1" 200 9321
114.83.222.51 - - [14/Oct/2021:10:24:12 +0800] "GET /xingrg/dwr/interface/AjaxReportQueryService.js HTTP/1.1" 200 13203
114.83.222.51 - - [14/Oct/2021:10:24:12 +0800] "GET /xingrg/dwr/interface/AjaxQqpsService.js HTTP/1.1" 200 16326
114.83.222.51 - - [14/Oct/2021:10:24:12 +0800] "GET /xingrg/dwr/engine.js HTTP/1.1" 200 43631
116.238.248.233 - - [14/Oct/2021:10:24:12 +0800] "GET /xingrg/javascript/auto/indicator.gif HTTP/1.1" 404 1066
58.39.139.200 - - [14/Oct/2021:10:24:12 +0800] "POST /xingrg/kc/buy/cgsh_order_operate.html HTTP/1.1" 200 9188
58.39.139.200 - - [14/Oct/2021:10:24:13 +0800] "GET /xingrg/kc/print/load_data.html?order_code=212021101405969&kc_code=cgsh&condition= HTTP/1.1" 200 3160
180.169.147.146 - - [14/Oct/2021:10:24:14 +0800] "GET /xingrg/all/function/internal_message.html?_=1634178310420&CODE_STATE=getMsg HTTP/1.1" 200 27
124.77.244.175 - - [14/Oct/2021:10:24:14 +0800] "GET /xingrg/kc/buy/cgsh_order_operate.html?command=get_materiel&rest_code=00146&code=00101008069&supplier_code=00100005&order_time=2021-10-14 HTTP/1.1" 200 412
101.85.106.134 - - [14/Oct/2021:10:24:15 +0800] "GET /xingrg/all/function/internal_message.html?_=1634178131927&CODE_STATE=getMsg HTTP/1.1" 200 27
114.83.222.51 - - [14/Oct/2021:10:24:16 +0800] "GET /xingrg/kc/mdqp/qqps_order_list.html?isQuery=1&timeSelect=1&orderTime=day&startTime=2021-10-13&endTime=2021-10-14&state=all&query=%C8%B7++%B6%A8 HTTP/1.1" 200 9321
114.83.222.51 - - [14/Oct/2021:10:24:16 +0800] "GET /xingrg/dwr/interface/AjaxQqpsService.js HTTP/1.1" 200 16326
114.83.222.51 - - [14/Oct/2021:10:24:16 +0800] "GET /xingrg/dwr/interface/AjaxReportQueryService.js HTTP/1.1" 200 13203
114.83.222.51 - - [14/Oct/2021:10:24:16 +0800] "GET /xingrg/dwr/engine.js HTTP/1.1" 200 43631
114.85.125.222 - - [14/Oct/2021:10:24:16 +0800] "POST /xingrg/kc/buy/cgsh_list_operate.html HTTP/1.1" 200 562
114.85.125.222 - - [14/Oct/2021:10:24:18 +0800] "POST /xingrg/kc/buy/cgsh_list_operate.html HTTP/1.1" 200 395
114.85.125.222 - - [14/Oct/2021:10:24:20 +0800] "GET /xingrg/all/function/internal_message.html?_=1634178214663&CODE_STATE=getMsg HTTP/1.1" 200 27
114.83.222.51 - - [14/Oct/2021:10:24:22 +0800] "POST /xingrg/dwr/call/plaincall/AjaxReportQueryService.getFixDate.dwr HTTP/1.1" 200 111
114.83.222.51 - - [14/Oct/2021:10:24:23 +0800] "GET /xingrg/kc/mdqp/qqps_order_list.html?isQuery=1&timeSelect=2&orderTime=month&startTime=2021-10-01&endTime=2021-10-31&state=all&query=%C8%B7++%B6%A8 HTTP/1.1" 200 15801
114.83.222.51 - - [14/Oct/2021:10:24:23 +0800] "GET /xingrg/dwr/interface/AjaxReportQueryService.js HTTP/1.1" 200 13203
114.83.222.51 - - [14/Oct/2021:10:24:23 +0800] "GET /xingrg/dwr/interface/AjaxQqpsService.js HTTP/1.1" 200 16326
114.83.222.51 - - [14/Oct/2021:10:24:23 +0800] "GET /xingrg/dwr/engine.js HTTP/1.1" 200 43631
116.230.105.26 - - [14/Oct/2021:10:24:24 +0800] "GET /xingrg/all/function/internal_message.html?_=1634178250615&CODE_STATE=getMsg HTTP/1.1" 200 27
114.83.222.51 - - [14/Oct/2021:10:24:24 +0800] "GET /xingrg/all/function/internal_message.html?_=1634178263792&CODE_STATE=getMsg HTTP/1.1" 200 27
116.230.105.26 - - [14/Oct/2021:10:24:25 +0800] "GET /xingrg/check_reg.html?_=1634178252250 HTTP/1.1" 200 22
172.20.0.100 - - [14/Oct/2021:10:24:26 +0800] "GET /xingrg/all/function/internal_message.html?_=1634178266702&CODE_STATE=getMsg HTTP/1.1" 200 27
114.83.222.51 - - [14/Oct/2021:10:24:28 +0800] "GET /xingrg/kc/mdqp/qqps_order_info.html?code=302021101100228 HTTP/1.1" 200 26640
114.83.222.51 - - [14/Oct/2021:10:24:28 +0800] "GET /xingrg/javascript/tools/jquery.qtip-1.0.0-rc3.min.js HTTP/1.1" 200 38404
114.83.222.51 - - [14/Oct/2021:10:24:28 +0800] "GET /xingrg/javascript/Grid.js HTTP/1.1" 200 58908
114.83.222.51 - - [14/Oct/2021:10:24:28 +0800] "GET /xingrg/javascript/AjaxInfoList.js HTTP/1.1" 200 3774
114.83.222.51 - - [14/Oct/2021:10:24:28 +0800] "GET /xingrg/dwr/interface/AjaxComOrderService.js HTTP/1.1" 200 18264
114.83.222.51 - - [14/Oct/2021:10:24:28 +0800] "GET /xingrg/dwr/interface/AjaxQqpsService.js HTTP/1.1" 200 16326
114.83.222.51 - - [14/Oct/2021:10:24:28 +0800] "GET /xingrg/dwr/engine.js HTTP/1.1" 200 43631
114.83.222.51 - - [14/Oct/2021:10:24:28 +0800] "GET /xingrg/words/20211014093203_words.js HTTP/1.1" 304 -
222.70.178.96 - - [14/Oct/2021:10:24:28 +0800] "GET /xingrg/all/function/internal_message.html?_=1634178265491&CODE_STATE=getMsg HTTP/1.1" 200 27
114.83.222.51 - - [14/Oct/2021:10:24:28 +0800] "GET /xingrg/javascript/jquery_easy_ui/themes/icons/print.png HTTP/1.1" 200 1057
114.83.222.51 - - [14/Oct/2021:10:24:28 +0800] "GET /xingrg/javascript/jquery_easy_ui/themes/icons/copy_new.png HTTP/1.1" 200 815
114.83.222.51 - - [14/Oct/2021:10:24:28 +0800] "GET /xingrg/javascript/jquery_easy_ui/themes/icons/template_new.png HTTP/1.1" 200 3956
114.83.222.51 - - [14/Oct/2021:10:24:28 +0800] "GET /xingrg/javascript/jquery_easy_ui/themes/default/images/menu_downarrow.png HTTP/1.1" 200 173
114.83.222.51 - - [14/Oct/2021:10:24:28 +0800] "GET /xingrg/javascript/jquery_easy_ui/themes/icons/back_new.png HTTP/1.1" 200 3414
114.83.222.51 - - [14/Oct/2021:10:24:28 +0800] "GET /xingrg/images/blue/wait.gif HTTP/1.1" 200 1100
114.83.222.51 - - [14/Oct/2021:10:24:28 +0800] "GET /xingrg/javascript/jquery_easy_ui/themes/default/images/combo_arrow_dot.gif HTTP/1.1" 200 79
114.83.222.51 - - [14/Oct/2021:10:24:28 +0800] "GET /xingrg/images/blue/kc_tab_left.gif HTTP/1.1" 200 188
114.83.222.51 - - [14/Oct/2021:10:24:28 +0800] "GET /xingrg/images/blue/kc_tab_mid.gif HTTP/1.1" 200 44
114.83.222.51 - - [14/Oct/2021:10:24:28 +0800] "GET /xingrg/images/blue/kc_tab_right.gif HTTP/1.1" 200 643
114.83.222.51 - - [14/Oct/2021:10:24:28 +0800] "POST /xingrg/dwr/call/plaincall/AjaxQqpsService.loadMaterielItems.dwr HTTP/1.1" 200 942
180.161.71.227 - - [14/Oct/2021:10:24:30 +0800] "GET /xingrg/kc/buy/cgsh_order_operate.html?command=get_materiel&rest_code=00102&code=00101011005&supplier_code=00100047&order_time=2021-10-14 HTTP/1.1" 200 428
58.39.139.200 - - [14/Oct/2021:10:24:35 +0800] "GET /xingrg/all/function/internal_message.html?_=1634178276351&CODE_STATE=getMsg HTTP/1.1" 200 27
114.83.222.51 - - [14/Oct/2021:10:24:36 +0800] "GET /xingrg/images/yd/bt.gif HTTP/1.1" 404 1040
114.83.222.51 - - [14/Oct/2021:10:24:37 +0800] "GET /xingrg/javascript/jquery_easy_ui/themes/default/images/button_plain_hover.png HTTP/1.1" 200 252
114.83.222.51 - - [14/Oct/2021:10:24:39 +0800] "GET /xingrg/kc/mdqp/qqps_order_list.html?isBack=1 HTTP/1.1" 302 -
114.83.222.51 - - [14/Oct/2021:10:24:39 +0800] "GET /xingrg/kc/mdqp/qqps_order_list.html?isQuery=1&timeSelect=2&orderTime=month&startTime=2021-10-01&endTime=2021-10-31&state=all&query=%C8%B7++%B6%A8 HTTP/1.1" 200 15801
114.83.222.51 - - [14/Oct/2021:10:24:39 +0800] "GET /xingrg/dwr/interface/AjaxReportQueryService.js HTTP/1.1" 200 13203
114.83.222.51 - - [14/Oct/2021:10:24:39 +0800] "GET /xingrg/dwr/interface/AjaxQqpsService.js HTTP/1.1" 200 16326
114.83.222.51 - - [14/Oct/2021:10:24:39 +0800] "GET /xingrg/dwr/engine.js HTTP/1.1" 200 43631
124.77.244.175 - - [14/Oct/2021:10:24:41 +0800] "GET /xingrg/kc/buy/cgsh_order_operate.html?command=get_materiel&rest_code=00146&code=00101008036&supplier_code=00100005&order_time=2021-10-14 HTTP/1.1" 200 408
114.83.222.51 - - [14/Oct/2021:10:24:41 +0800] "GET /xingrg/kc/mdqp/qqps_order_info.html?code=302021101100227 HTTP/1.1" 200 26640
114.83.222.51 - - [14/Oct/2021:10:24:41 +0800] "GET /xingrg/dwr/interface/AjaxComOrderService.js HTTP/1.1" 200 18264
114.83.222.51 - - [14/Oct/2021:10:24:41 +0800] "GET /xingrg/dwr/interface/AjaxQqpsService.js HTTP/1.1" 200 16326
114.83.222.51 - - [14/Oct/2021:10:24:41 +0800] "GET /xingrg/dwr/engine.js HTTP/1.1" 200 43631
124.77.244.175 - - [14/Oct/2021:10:24:41 +0800] "GET /xingrg/check_reg.html?_=1634178286262 HTTP/1.1" 200 22
114.83.222.51 - - [14/Oct/2021:10:24:41 +0800] "POST /xingrg/dwr/call/plaincall/AjaxQqpsService.loadMaterielItems.dwr HTTP/1.1" 200 369
116.238.248.233 - - [14/Oct/2021:10:24:41 +0800] "GET /xingrg/all/function/internal_message.html?_=1634178279725&CODE_STATE=getMsg HTTP/1.1" 200 27
124.77.244.175 - - [14/Oct/2021:10:24:41 +0800] "GET /xingrg/all/function/internal_message.html?_=1634178286792&CODE_STATE=getMsg HTTP/1.1" 200 27
124.77.244.175 - - [14/Oct/2021:10:24:44 +0800] "POST /xingrg/kc/buy/cgsh_order_operate.html HTTP/1.1" 200 2065
180.157.253.110 - - [14/Oct/2021:10:24:44 +0800] "GET /xingrg/all/function/internal_message.html?_=1634178286134&CODE_STATE=getMsg HTTP/1.1" 200 27
114.83.222.51 - - [14/Oct/2021:10:24:45 +0800] "GET /xingrg/kc/mdqp/qqps_order_list.html?isBack=1 HTTP/1.1" 302 -
114.83.222.51 - - [14/Oct/2021:10:24:45 +0800] "GET /xingrg/kc/mdqp/qqps_order_list.html?isQuery=1&timeSelect=2&orderTime=month&startTime=2021-10-01&endTime=2021-10-31&state=all&query=%C8%B7++%B6%A8 HTTP/1.1" 200 15801
114.83.222.51 - - [14/Oct/2021:10:24:45 +0800] "GET /xingrg/dwr/interface/AjaxQqpsService.js HTTP/1.1" 200 16326
114.83.222.51 - - [14/Oct/2021:10:24:45 +0800] "GET /xingrg/dwr/interface/AjaxReportQueryService.js HTTP/1.1" 200 13203
114.83.222.51 - - [14/Oct/2021:10:24:45 +0800] "GET /xingrg/dwr/engine.js HTTP/1.1" 200 43631
116.232.54.237 - - [14/Oct/2021:10:24:46 +0800] "GET /xingrg/all/function/internal_message.html?_=1634178286836&CODE_STATE=getMsg HTTP/1.1" 200 27
114.83.222.51 - - [14/Oct/2021:10:24:47 +0800] "GET /xingrg/kc/mdqp/qqps_order_info.html?code=302021101100226 HTTP/1.1" 200 26640
114.83.222.51 - - [14/Oct/2021:10:24:47 +0800] "GET /xingrg/dwr/interface/AjaxQqpsService.js HTTP/1.1" 200 16326
114.83.222.51 - - [14/Oct/2021:10:24:47 +0800] "GET /xingrg/dwr/interface/AjaxComOrderService.js HTTP/1.1" 200 18264
114.83.222.51 - - [14/Oct/2021:10:24:47 +0800] "GET /xingrg/dwr/engine.js HTTP/1.1" 200 43631
114.83.222.51 - - [14/Oct/2021:10:24:48 +0800] "POST /xingrg/dwr/call/plaincall/AjaxQqpsService.loadMaterielItems.dwr HTTP/1.1" 200 369
114.83.222.51 - - [14/Oct/2021:10:24:50 +0800] "GET /xingrg/kc/mdqp/qqps_order_list.html?isBack=1 HTTP/1.1" 302 -
114.83.222.51 - - [14/Oct/2021:10:24:50 +0800] "GET /xingrg/kc/mdqp/qqps_order_list.html?isQuery=1&timeSelect=2&orderTime=month&startTime=2021-10-01&endTime=2021-10-31&state=all&query=%C8%B7++%B6%A8 HTTP/1.1" 200 15801
114.83.222.51 - - [14/Oct/2021:10:24:50 +0800] "GET /xingrg/dwr/interface/AjaxQqpsService.js HTTP/1.1" 200 16326
114.83.222.51 - - [14/Oct/2021:10:24:50 +0800] "GET /xingrg/dwr/interface/AjaxReportQueryService.js HTTP/1.1" 200 13203
114.83.222.51 - - [14/Oct/2021:10:24:50 +0800] "GET /xingrg/dwr/engine.js HTTP/1.1" 200 43631
124.77.244.175 - - [14/Oct/2021:10:24:55 +0800] "GET /xingrg/kc/buy/cgsh_order_operate.html?command=get_materiel&rest_code=00146&code=00101008318&supplier_code=00100005&order_time=2021-10-14 HTTP/1.1" 200 408
120.253.135.82 - - [14/Oct/2021:10:24:56 +0800] "GET /xingrg/all/function/internal_message.html?_=1634178066223&CODE_STATE=getMsg HTTP/1.1" 200 27
222.69.131.205 - - [14/Oct/2021:10:24:58 +0800] "GET /xingrg/check_reg.html?_=1634178300395 HTTP/1.1" 200 22
222.69.131.205 - - [14/Oct/2021:10:24:58 +0800] "GET /xingrg/all/function/internal_message.html?_=1634178300400&CODE_STATE=getMsg HTTP/1.1" 200 27
114.85.125.222 - - [14/Oct/2021:10:24:58 +0800] "POST /xingrg/kc/buy/cgsh_list_operate.html HTTP/1.1" 200 458
58.37.227.186 - - [14/Oct/2021:10:25:01 +0800] "GET /xingrg/all/function/internal_message.html?_=1634178153651&CODE_STATE=getMsg HTTP/1.1" 200 27
114.83.222.51 - - [14/Oct/2021:10:25:04 +0800] "GET /xingrg/kc/mdqp/qqps_order_info.html?code=302021101100228 HTTP/1.1" 200 26640
114.83.222.51 - - [14/Oct/2021:10:25:04 +0800] "GET /xingrg/dwr/interface/AjaxQqpsService.js HTTP/1.1" 200 16326
114.83.222.51 - - [14/Oct/2021:10:25:04 +0800] "GET /xingrg/dwr/interface/AjaxComOrderService.js HTTP/1.1" 200 18264
114.83.222.51 - - [14/Oct/2021:10:25:04 +0800] "GET /xingrg/dwr/engine.js HTTP/1.1" 200 43631
180.169.147.146 - - [14/Oct/2021:10:25:05 +0800] "GET /xingrg/all/function/internal_message.html?_=1634178305167&CODE_STATE=getMsg HTTP/1.1" 200 27
114.83.222.51 - - [14/Oct/2021:10:25:05 +0800] "POST /xingrg/dwr/call/plaincall/AjaxQqpsService.loadMaterielItems.dwr HTTP/1.1" 200 942
172.20.0.100 - - [14/Oct/2021:10:25:10 +0800] "POST /xingrg/dwr/call/plaincall/AjaxBaseInfoService.getSubMaterielSorts.dwr HTTP/1.1" 200 3635
172.20.0.100 - - [14/Oct/2021:10:25:10 +0800] "GET /xingrg/images/xtree/I.png HTTP/1.1" 200 148
172.20.0.100 - - [14/Oct/2021:10:25:10 +0800] "GET /xingrg/images/xtree/Tminus.png HTTP/1.1" 200 207
172.20.0.100 - - [14/Oct/2021:10:25:11 +0800] "POST /xingrg/dwr/call/plaincall/AjaxBaseInfoService.getMateriels.dwr HTTP/1.1" 200 2928
172.20.0.100 - - [14/Oct/2021:10:25:11 +0800] "POST /xingrg/dwr/call/plaincall/AjaxBaseInfoService.getMateriels.dwr HTTP/1.1" 200 2928
172.20.0.100 - - [14/Oct/2021:10:25:13 +0800] "POST /xingrg/dwr/call/plaincall/AjaxBaseInfoService.getMateriels.dwr HTTP/1.1" 200 2918
180.169.147.146 - - [14/Oct/2021:10:25:14 +0800] "GET /xingrg/check_reg.html?_=1634178370419 HTTP/1.1" 200 22
180.169.147.146 - - [14/Oct/2021:10:25:14 +0800] "GET /xingrg/all/function/internal_message.html?_=1634178370427&CODE_STATE=getMsg HTTP/1.1" 200 27
172.20.0.100 - - [14/Oct/2021:10:25:15 +0800] "POST /xingrg/dwr/call/plaincall/AjaxBaseInfoService.getMateriels.dwr HTTP/1.1" 200 2911
101.85.106.134 - - [14/Oct/2021:10:25:15 +0800] "GET /xingrg/all/function/internal_message.html?_=1634178191927&CODE_STATE=getMsg HTTP/1.1" 200 27
172.20.0.100 - - [14/Oct/2021:10:25:17 +0800] "GET /xingrg/system/info/materiel_info.html?code=00101009&isAdd=1 HTTP/1.1" 200 35083
172.20.0.100 - - [14/Oct/2021:10:25:17 +0800] "GET /xingrg/css/blue.css HTTP/1.1" 200 15949
172.20.0.100 - - [14/Oct/2021:10:25:17 +0800] "GET /xingrg/javascript/jquery_easy_ui/themes/default/easyui.css HTTP/1.1" 200 26500
172.20.0.100 - - [14/Oct/2021:10:25:17 +0800] "GET /xingrg/javascript/jquery_easy_ui/themes/icon.css HTTP/1.1" 200 3949
172.20.0.100 - - [14/Oct/2021:10:25:17 +0800] "GET /xingrg/javascript/jquery_easy_ui/jquery.easyui.min.js HTTP/1.1" 200 213662
172.20.0.100 - - [14/Oct/2021:10:25:17 +0800] "GET /xingrg/javascript/jquery-1.4.2.min.js HTTP/1.1" 200 72205
172.20.0.100 - - [14/Oct/2021:10:25:17 +0800] "GET /xingrg/javascript/pic_change.js HTTP/1.1" 200 4739
172.20.0.100 - - [14/Oct/2021:10:25:17 +0800] "GET /xingrg/dwr/interface/AjaxGetFirstChart.js HTTP/1.1" 200 631
172.20.0.100 - - [14/Oct/2021:10:25:17 +0800] "GET /xingrg/dwr/interface/AjaxBaseInfoService.js HTTP/1.1" 200 21363
172.20.0.100 - - [14/Oct/2021:10:25:17 +0800] "GET /xingrg/javascript/myfunction.js HTTP/1.1" 200 24559
172.20.0.100 - - [14/Oct/2021:10:25:17 +0800] "GET /xingrg/javascript/checkform.js HTTP/1.1" 200 18351
172.20.0.100 - - [14/Oct/2021:10:25:17 +0800] "GET /xingrg/dwr/interface/AjaxComOrderService.js HTTP/1.1" 200 18264
172.20.0.100 - - [14/Oct/2021:10:25:17 +0800] "GET /xingrg/dwr/engine.js HTTP/1.1" 200 43631
172.20.0.100 - - [14/Oct/2021:10:25:17 +0800] "GET /xingrg/dwr/util.js HTTP/1.1" 200 35990
114.85.125.222 - - [14/Oct/2021:10:25:17 +0800] "POST /xingrg/kc/buy/cgsh_list_operate.html HTTP/1.1" 200 574
172.20.0.100 - - [14/Oct/2021:10:25:17 +0800] "GET /xingrg/images/blue/wait.gif HTTP/1.1" 200 1100
172.20.0.100 - - [14/Oct/2021:10:25:17 +0800] "GET /favicon.ico HTTP/1.1" 404 -
172.20.0.100 - - [14/Oct/2021:10:25:17 +0800] "POST /xingrg/all/common/load_tree.html?tree=area_rest_tree_json HTTP/1.1" 200 3472
172.20.0.100 - - [14/Oct/2021:10:25:17 +0800] "POST /xingrg/dwr/call/plaincall/AjaxBaseInfoService.getMaterielInfo.dwr HTTP/1.1" 200 210
172.20.0.100 - - [14/Oct/2021:10:25:17 +0800] "POST /xingrg/all/common/load_tree.html?tree=area_rest_tree_json&defaultRests=undefined HTTP/1.1" 200 3472
172.20.0.100 - - [14/Oct/2021:10:25:17 +0800] "GET /xingrg/javascript/jquery_easy_ui/themes/default/images/tree_arrows.gif HTTP/1.1" 200 1043
172.20.0.100 - - [14/Oct/2021:10:25:17 +0800] "GET /xingrg/javascript/jquery_easy_ui/themes/default/images/tree_folder_open.gif HTTP/1.1" 200 956
172.20.0.100 - - [14/Oct/2021:10:25:17 +0800] "GET /xingrg/javascript/jquery_easy_ui/themes/default/images/tree_checkbox_0.gif HTTP/1.1" 200 168
172.20.0.100 - - [14/Oct/2021:10:25:17 +0800] "GET /xingrg/javascript/jquery_easy_ui/themes/icons/area.png HTTP/1.1" 200 262
172.20.0.100 - - [14/Oct/2021:10:25:17 +0800] "GET /xingrg/javascript/jquery_easy_ui/themes/icons/manage.png HTTP/1.1" 200 696
172.20.0.100 - - [14/Oct/2021:10:25:17 +0800] "GET /xingrg/javascript/jquery_easy_ui/themes/icons/rest.png HTTP/1.1" 200 695
124.77.244.175 - - [14/Oct/2021:10:25:19 +0800] "GET /xingrg/kc/buy/cgsh_order_operate.html?command=get_materiel&rest_code=00146&code=00101008005&supplier_code=00100005&order_time=2021-10-14 HTTP/1.1" 200 414
172.20.0.100 - - [14/Oct/2021:10:25:19 +0800] "POST /xingrg/dwr/call/plaincall/AjaxGetFirstChart.getFirstChart.dwr HTTP/1.1" 200 79
114.85.125.222 - - [14/Oct/2021:10:25:19 +0800] "POST /xingrg/kc/buy/cgsh_list_operate.html HTTP/1.1" 200 561
114.85.125.222 - - [14/Oct/2021:10:25:20 +0800] "GET /xingrg/all/function/internal_message.html?_=1634178274676&CODE_STATE=getMsg HTTP/1.1" 200 27
114.85.125.222 - - [14/Oct/2021:10:25:21 +0800] "POST /xingrg/kc/buy/cgsh_list_operate.html HTTP/1.1" 200 492
116.237.74.154 - - [14/Oct/2021:10:25:22 +0800] "GET /xingrg/all/function/internal_message.html?_=1634178320103&CODE_STATE=getMsg HTTP/1.1" 200 27
116.237.74.154 - - [14/Oct/2021:10:25:22 +0800] "GET /xingrg/check_reg.html?_=1634178320123 HTTP/1.1" 200 22
172.20.0.100 - - [14/Oct/2021:10:25:22 +0800] "POST /xingrg/dwr/call/plaincall/AjaxBaseInfoService.changeUnitGroup.dwr HTTP/1.1" 200 243
116.237.74.154 - - [14/Oct/2021:10:25:23 +0800] "POST /xingrg/kc/buy/cgsh_order_operate.html HTTP/1.1" 200 26332
116.230.105.26 - - [14/Oct/2021:10:25:24 +0800] "GET /xingrg/all/function/internal_message.html?_=1634178310605&CODE_STATE=getMsg HTTP/1.1" 200 27
114.83.222.51 - - [14/Oct/2021:10:25:24 +0800] "GET /xingrg/all/function/internal_message.html?_=1634178323771&CODE_STATE=getMsg HTTP/1.1" 200 27
114.85.125.222 - - [14/Oct/2021:10:25:24 +0800] "POST /xingrg/kc/buy/cgsh_list_operate.html HTTP/1.1" 200 288
172.20.0.100 - - [14/Oct/2021:10:25:24 +0800] "POST /xingrg/dwr/call/plaincall/AjaxBaseInfoService.saveMateriel.dwr HTTP/1.1" 200 108
172.20.0.100 - - [14/Oct/2021:10:25:24 +0800] "POST /xingrg/dwr/call/plaincall/AjaxBaseInfoService.getMateriels.dwr HTTP/1.1" 200 2911
172.20.0.100 - - [14/Oct/2021:10:25:25 +0800] "GET /xingrg/system/info/materiel_info.html?code=00101009&isAdd=1 HTTP/1.1" 200 35083
172.20.0.100 - - [14/Oct/2021:10:25:25 +0800] "GET /xingrg/dwr/interface/AjaxGetFirstChart.js HTTP/1.1" 200 631
172.20.0.100 - - [14/Oct/2021:10:25:25 +0800] "GET /xingrg/dwr/interface/AjaxBaseInfoService.js HTTP/1.1" 200 21363
172.20.0.100 - - [14/Oct/2021:10:25:25 +0800] "GET /xingrg/dwr/interface/AjaxComOrderService.js HTTP/1.1" 200 18264
172.20.0.100 - - [14/Oct/2021:10:25:25 +0800] "GET /xingrg/dwr/engine.js HTTP/1.1" 200 43631
172.20.0.100 - - [14/Oct/2021:10:25:26 +0800] "POST /xingrg/all/common/load_tree.html?tree=area_rest_tree_json HTTP/1.1" 200 3472
172.20.0.100 - - [14/Oct/2021:10:25:26 +0800] "POST /xingrg/dwr/call/plaincall/AjaxBaseInfoService.getMaterielInfo.dwr HTTP/1.1" 200 210
172.20.0.100 - - [14/Oct/2021:10:25:26 +0800] "POST /xingrg/all/common/load_tree.html?tree=area_rest_tree_json&defaultRests=undefined HTTP/1.1" 200 3472
172.20.0.100 - - [14/Oct/2021:10:25:26 +0800] "GET /xingrg/all/function/internal_message.html?_=1634178326707&CODE_STATE=getMsg HTTP/1.1" 200 27
222.70.178.96 - - [14/Oct/2021:10:25:28 +0800] "GET /xingrg/all/function/internal_message.html?_=1634178325461&CODE_STATE=getMsg HTTP/1.1" 200 27
114.85.125.222 - - [14/Oct/2021:10:25:28 +0800] "POST /xingrg/kc/buy/cgsh_list_operate.html HTTP/1.1" 200 344
114.85.125.222 - - [14/Oct/2021:10:25:32 +0800] "POST /xingrg/kc/buy/cgsh_list_operate.html HTTP/1.1" 200 5013
172.20.0.100 - - [14/Oct/2021:10:25:33 +0800] "GET /xingrg/system/info/materiel_info.html?code=00101009&isAdd=1 HTTP/1.1" 200 35083
172.20.0.100 - - [14/Oct/2021:10:25:33 +0800] "GET /xingrg/dwr/engine.js HTTP/1.1" 200 43631
172.20.0.100 - - [14/Oct/2021:10:25:33 +0800] "GET /favicon.ico HTTP/1.1" 404 -
172.20.0.100 - - [14/Oct/2021:10:25:33 +0800] "POST /xingrg/all/common/load_tree.html?tree=area_rest_tree_json HTTP/1.1" 200 3472
172.20.0.100 - - [14/Oct/2021:10:25:33 +0800] "POST /xingrg/dwr/call/plaincall/AjaxBaseInfoService.getMaterielInfo.dwr HTTP/1.1" 200 210
172.20.0.100 - - [14/Oct/2021:10:25:34 +0800] "POST /xingrg/all/common/load_tree.html?tree=area_rest_tree_json&defaultRests=undefined HTTP/1.1" 200 3472
114.85.125.222 - - [14/Oct/2021:10:25:34 +0800] "POST /xingrg/kc/buy/cgsh_list_operate.html HTTP/1.1" 200 207
172.20.0.100 - - [14/Oct/2021:10:25:35 +0800] "POST /xingrg/dwr/call/plaincall/AjaxGetFirstChart.getFirstChart.dwr HTTP/1.1" 200 79
58.39.139.200 - - [14/Oct/2021:10:25:35 +0800] "GET /xingrg/all/function/internal_message.html?_=1634178336327&CODE_STATE=getMsg HTTP/1.1" 200 27
172.20.0.100 - - [14/Oct/2021:10:25:38 +0800] "POST /xingrg/dwr/call/plaincall/AjaxBaseInfoService.changeUnitGroup.dwr HTTP/1.1" 200 243
172.20.0.100 - - [14/Oct/2021:10:25:38 +0800] "GET /xingrg/system/info/unit_group_info.html?isAdd=1&isMt=1 HTTP/1.1" 200 7925
172.20.0.100 - - [14/Oct/2021:10:25:38 +0800] "GET /xingrg/dwr/engine.js HTTP/1.1" 200 43631
172.20.0.100 - - [14/Oct/2021:10:25:38 +0800] "GET /xingrg/javascript/Grid.js HTTP/1.1" 200 58908
172.20.0.100 - - [14/Oct/2021:10:25:38 +0800] "GET /favicon.ico HTTP/1.1" 404 -
172.20.0.100 - - [14/Oct/2021:10:25:40 +0800] "POST /xingrg/dwr/call/plaincall/AjaxBaseInfoService.saveMateriel.dwr HTTP/1.1" 200 108
172.20.0.100 - - [14/Oct/2021:10:25:40 +0800] "POST /xingrg/dwr/call/plaincall/AjaxBaseInfoService.getMateriels.dwr HTTP/1.1" 200 2911
172.20.0.100 - - [14/Oct/2021:10:25:41 +0800] "GET /xingrg/system/info/materiel_info.html?code=00101009&isAdd=1 HTTP/1.1" 200 35083
172.20.0.100 - - [14/Oct/2021:10:25:41 +0800] "GET /xingrg/dwr/interface/AjaxBaseInfoService.js HTTP/1.1" 200 21363
172.20.0.100 - - [14/Oct/2021:10:25:41 +0800] "GET /xingrg/dwr/interface/AjaxGetFirstChart.js HTTP/1.1" 200 631
172.20.0.100 - - [14/Oct/2021:10:25:41 +0800] "GET /xingrg/dwr/interface/AjaxComOrderService.js HTTP/1.1" 200 18264
172.20.0.100 - - [14/Oct/2021:10:25:41 +0800] "GET /xingrg/dwr/engine.js HTTP/1.1" 200 43631
172.20.0.100 - - [14/Oct/2021:10:25:41 +0800] "POST /xingrg/all/common/load_tree.html?tree=area_rest_tree_json HTTP/1.1" 200 3472
172.20.0.100 - - [14/Oct/2021:10:25:41 +0800] "POST /xingrg/dwr/call/plaincall/AjaxBaseInfoService.getMaterielInfo.dwr HTTP/1.1" 200 210
172.20.0.100 - - [14/Oct/2021:10:25:41 +0800] "POST /xingrg/all/common/load_tree.html?tree=area_rest_tree_json&defaultRests=undefined HTTP/1.1" 200 3472
116.238.248.233 - - [14/Oct/2021:10:25:41 +0800] "GET /xingrg/all/function/internal_message.html?_=1634178339740&CODE_STATE=getMsg HTTP/1.1" 200 27
124.77.244.175 - - [14/Oct/2021:10:25:41 +0800] "GET /xingrg/all/function/internal_message.html?_=1634178346805&CODE_STATE=getMsg HTTP/1.1" 200 27
180.157.253.110 - - [14/Oct/2021:10:25:45 +0800] "GET /xingrg/all/function/internal_message.html?_=1634178346139&CODE_STATE=getMsg HTTP/1.1" 200 27
116.232.54.237 - - [14/Oct/2021:10:25:46 +0800] "GET /xingrg/all/function/internal_message.html?_=1634178346839&CODE_STATE=getMsg HTTP/1.1" 200 27
114.85.125.222 - - [14/Oct/2021:10:25:47 +0800] "POST /xingrg/kc/buy/cgsh_list_operate.html HTTP/1.1" 200 563
114.85.125.222 - - [14/Oct/2021:10:25:50 +0800] "POST /xingrg/kc/buy/cgsh_list_operate.html HTTP/1.1" 200 210
116.237.74.154 - - [14/Oct/2021:10:25:50 +0800] "GET /xingrg/kc/buy/cgsh_order_operate.html?command=get_materiel&rest_code=00106&code=00101015006&supplier_code=00100007&order_time=2021-10-14 HTTP/1.1" 200 413
120.253.135.82 - - [14/Oct/2021:10:25:56 +0800] "GET /xingrg/all/function/internal_message.html?_=1634178126223&CODE_STATE=getMsg HTTP/1.1" 200 27
222.69.131.205 - - [14/Oct/2021:10:25:58 +0800] "GET /xingrg/all/function/internal_message.html?_=1634178360401&CODE_STATE=getMsg HTTP/1.1" 200 27
58.37.227.186 - - [14/Oct/2021:10:26:01 +0800] "GET /xingrg/all/function/internal_message.html?_=1634178213653&CODE_STATE=getMsg HTTP/1.1" 200 27
222.70.178.96 - - [14/Oct/2021:10:26:02 +0800] "GET /xingrg/check_reg.html?_=1634178359907 HTTP/1.1" 200 22
180.161.71.227 - - [14/Oct/2021:10:26:03 +0800] "POST /xingrg/kc/buy/cgsh_order_operate.html HTTP/1.1" 200 37
124.77.244.175 - - [14/Oct/2021:10:26:04 +0800] "GET /xingrg/kc/buy/cgsh_order_operate.html?command=get_materiel&rest_code=00146&code=00101008271&supplier_code=00100005&order_time=2021-10-14 HTTP/1.1" 200 408
116.237.74.154 - - [14/Oct/2021:10:26:04 +0800] "GET /xingrg/kc/buy/cgsh_order_operate.html?command=get_materiel&rest_code=00106&code=00101008137&supplier_code=00100007&order_time=2021-10-14 HTTP/1.1" 200 408
114.85.125.222 - - [14/Oct/2021:10:26:04 +0800] "POST /xingrg/kc/buy/cgsh_list_operate.html HTTP/1.1" 200 577
180.169.147.146 - - [14/Oct/2021:10:26:05 +0800] "GET /xingrg/all/function/internal_message.html?_=1634178365156&CODE_STATE=getMsg HTTP/1.1" 200 27
180.169.147.146 - - [14/Oct/2021:10:26:05 +0800] "GET /xingrg/check_reg.html?_=1634178365158 HTTP/1.1" 200 22
114.85.125.222 - - [14/Oct/2021:10:26:06 +0800] "POST /xingrg/kc/buy/cgsh_list_operate.html HTTP/1.1" 200 450
180.161.71.227 - - [14/Oct/2021:10:26:07 +0800] "POST /xingrg/kc/buy/cgsh_order_operate.html HTTP/1.1" 200 12
180.161.71.227 - - [14/Oct/2021:10:26:08 +0800] "GET /xingrg/kc/buy/cgsh_order_info.html?code=212021101405970 HTTP/1.1" 200 59545
180.161.71.227 - - [14/Oct/2021:10:26:09 +0800] "GET /xingrg/words/20211014102540_words.js HTTP/1.1" 200 856302
180.161.71.227 - - [14/Oct/2021:10:26:11 +0800] "GET /xingrg/javascript/easyui/themes/default/validatebox.css HTTP/1.1" 404 1104
180.161.71.227 - - [14/Oct/2021:10:26:11 +0800] "POST /xingrg/kc/buy/cgsh_order_operate.html HTTP/1.1" 200 609
180.161.71.227 - - [14/Oct/2021:10:26:13 +0800] "GET /xingrg/kc/print/load_data.html?order_code=212021101405970&kc_code=cgsh&condition= HTTP/1.1" 200 741
180.169.147.146 - - [14/Oct/2021:10:26:14 +0800] "GET /xingrg/all/function/internal_message.html?_=1634178430413&CODE_STATE=getMsg HTTP/1.1" 200 27
101.85.106.134 - - [14/Oct/2021:10:26:15 +0800] "GET /xingrg/all/function/internal_message.html?_=1634178251927&CODE_STATE=getMsg HTTP/1.1" 200 27
114.85.125.222 - - [14/Oct/2021:10:26:20 +0800] "GET /xingrg/check_reg.html?_=1634178334639 HTTP/1.1" 200 22
114.85.125.222 - - [14/Oct/2021:10:26:20 +0800] "GET /xingrg/all/function/internal_message.html?_=1634178334690&CODE_STATE=getMsg HTTP/1.1" 200 27
116.237.74.154 - - [14/Oct/2021:10:26:22 +0800] "GET /xingrg/all/function/internal_message.html?_=1634178380073&CODE_STATE=getMsg HTTP/1.1" 200 27
114.85.125.222 - - [14/Oct/2021:10:26:23 +0800] "POST /xingrg/kc/buy/cgsh_list_operate.html HTTP/1.1" 200 571
116.230.105.26 - - [14/Oct/2021:10:26:24 +0800] "GET /xingrg/all/function/internal_message.html?_=1634178370584&CODE_STATE=getMsg HTTP/1.1" 200 27
114.83.222.51 - - [14/Oct/2021:10:26:24 +0800] "GET /xingrg/all/function/internal_message.html?_=1634178383749&CODE_STATE=getMsg HTTP/1.1" 200 27
114.85.125.222 - - [14/Oct/2021:10:26:25 +0800] "POST /xingrg/kc/buy/cgsh_list_operate.html HTTP/1.1" 200 568
124.77.244.175 - - [14/Oct/2021:10:26:26 +0800] "GET /xingrg/kc/buy/cgsh_order_operate.html?command=get_materiel&rest_code=00146&code=00101008418&supplier_code=00100005&order_time=2021-10-14 HTTP/1.1" 200 398
172.20.0.100 - - [14/Oct/2021:10:26:26 +0800] "GET /xingrg/all/function/internal_message.html?_=1634178386712&CODE_STATE=getMsg HTTP/1.1" 200 27
172.20.0.100 - - [14/Oct/2021:10:26:26 +0800] "GET /xingrg/check_reg.html?_=1634178386714 HTTP/1.1" 200 22
114.85.125.222 - - [14/Oct/2021:10:26:27 +0800] "POST /xingrg/kc/buy/cgsh_list_operate.html HTTP/1.1" 200 571
222.70.178.96 - - [14/Oct/2021:10:26:28 +0800] "GET /xingrg/all/function/internal_message.html?_=1634178385446&CODE_STATE=getMsg HTTP/1.1" 200 27
