116.238.248.233 - - [14/Oct/2021:09:47:49 +0800] "GET /xingrg/kc/buy/cgsh_order_operate.html?command=get_materiel&rest_code=00151&code=00101037186&supplier_code=00100098&order_time=2021-10-14 HTTP/1.1" 200 436
116.238.248.233 - - [14/Oct/2021:09:47:52 +0800] "GET /xingrg/all/function/internal_message.html?_=1634176070580&CODE_STATE=getMsg HTTP/1.1" 200 27
116.232.54.237 - - [14/Oct/2021:09:47:53 +0800] "GET /xingrg/all/function/internal_message.html?_=1634176073557&CODE_STATE=getMsg HTTP/1.1" 200 27
116.232.54.237 - - [14/Oct/2021:09:47:53 +0800] "GET /xingrg/check_reg.html?_=1634176073559 HTTP/1.1" 200 22
116.232.54.237 - - [14/Oct/2021:09:47:53 +0800] "POST /xingrg/kc/buy/cgsh_order_operate.html HTTP/1.1" 200 33997
222.69.131.205 - - [14/Oct/2021:09:47:58 +0800] "GET /xingrg/all/function/internal_message.html?_=1634176080341&CODE_STATE=getMsg HTTP/1.1" 200 27
222.69.131.205 - - [14/Oct/2021:09:47:59 +0800] "GET /xingrg/kc/base/wldb_order_operate.html?command=get_materiel&rest_code=00154&base_code=0010724&code=00101010092 HTTP/1.1" 200 450
222.69.131.205 - - [14/Oct/2021:09:48:01 +0800] "POST /xingrg/all/common/load_select.html HTTP/1.1" 200 25
222.69.131.205 - - [14/Oct/2021:09:48:03 +0800] "GET /xingrg/kc/base/wldb_order_operate.html?command=get_materiel_price&rest_code=00154&base_code=0010724&code=00101010092&unit_code=00100043 HTTP/1.1" 200 33
180.169.147.146 - - [14/Oct/2021:09:48:05 +0800] "GET /xingrg/all/function/internal_message.html?_=1634176085172&CODE_STATE=getMsg HTTP/1.1" 200 27
180.169.147.146 - - [14/Oct/2021:09:48:09 +0800] "GET /xingrg/index.html?sysBaseUrl=http%3A%2F%2F180.169.147.146%3A18081%2Fxingrg%2F&costTime=39×tamp=1592034574635 HTTP/1.1" 200 17507
180.169.147.146 - - [14/Oct/2021:09:48:10 +0800] "POST /xingrg/all/common/load_tree.html?tree=area_rest_tree_json&manage=1 HTTP/1.1" 200 3472
180.169.147.146 - - [14/Oct/2021:09:48:10 +0800] "GET /xingrg/all/function/internal_message.html?_=1634176090208&CODE_STATE=count HTTP/1.1" 200 11
180.169.147.146 - - [14/Oct/2021:09:48:10 +0800] "GET /xingrg/check_reg.html?_=1634176090208 HTTP/1.1" 200 22
180.169.147.146 - - [14/Oct/2021:09:48:10 +0800] "GET /favicon.ico HTTP/1.1" 404 -
180.169.147.146 - - [14/Oct/2021:09:48:10 +0800] "POST /xingrg/load_menu.html HTTP/1.1" 200 9959
180.169.147.146 - - [14/Oct/2021:09:48:14 +0800] "GET /xingrg/all/function/internal_message.html?_=1634176150389&CODE_STATE=getMsg HTTP/1.1" 200 27
114.83.222.51 - - [14/Oct/2021:09:48:14 +0800] "GET /xingrg/check_reg.html?_=1634176093959 HTTP/1.1" 200 22
114.85.125.222 - - [14/Oct/2021:09:48:14 +0800] "GET /xingrg/all/function/internal_message.html?_=1634176048903&CODE_STATE=getMsg HTTP/1.1" 200 27
116.228.172.122 - - [14/Oct/2021:09:48:15 +0800] "GET /xingrg/all/function/internal_message.html?_=1634176096001&CODE_STATE=getMsg HTTP/1.1" 200 27
101.85.106.134 - - [14/Oct/2021:09:48:15 +0800] "GET /xingrg/check_reg.html?_=1634175971889 HTTP/1.1" 200 22
101.85.106.134 - - [14/Oct/2021:09:48:15 +0800] "GET /xingrg/all/function/internal_message.html?_=1634175971892&CODE_STATE=getMsg HTTP/1.1" 200 27
180.169.147.146 - - [14/Oct/2021:09:48:17 +0800] "GET /xingrg/system/info/materiel_manager.html HTTP/1.1" 200 19497
180.169.147.146 - - [14/Oct/2021:09:48:17 +0800] "GET /xingrg/css/xtree.css HTTP/1.1" 200 880
180.169.147.146 - - [14/Oct/2021:09:48:17 +0800] "GET /xingrg/javascript/jquery_ui/themes/base/base.css HTTP/1.1" 200 28568
180.169.147.146 - - [14/Oct/2021:09:48:17 +0800] "GET /xingrg/dwr/interface/AjaxBaseInfoService.js HTTP/1.1" 200 21363
180.169.147.146 - - [14/Oct/2021:09:48:17 +0800] "GET /xingrg/dwr/interface/AjaxComOrderService.js HTTP/1.1" 200 18264
180.169.147.146 - - [14/Oct/2021:09:48:17 +0800] "GET /xingrg/dwr/engine.js HTTP/1.1" 200 43631
180.169.147.146 - - [14/Oct/2021:09:48:17 +0800] "GET /xingrg/dwr/util.js HTTP/1.1" 200 35990
180.169.147.146 - - [14/Oct/2021:09:48:17 +0800] "GET /xingrg/javascript/Grid.js HTTP/1.1" 200 58908
180.169.147.146 - - [14/Oct/2021:09:48:17 +0800] "GET /xingrg/javascript/ToolTips.js HTTP/1.1" 200 5615
180.169.147.146 - - [14/Oct/2021:09:48:17 +0800] "GET /xingrg/javascript/Calendar.js HTTP/1.1" 200 31561
180.169.147.146 - - [14/Oct/2021:09:48:17 +0800] "GET /xingrg/javascript/xtree.js HTTP/1.1" 200 26582
180.169.147.146 - - [14/Oct/2021:09:48:17 +0800] "GET /xingrg/images/xtree/openfoldericon.png HTTP/1.1" 200 232
180.169.147.146 - - [14/Oct/2021:09:48:17 +0800] "GET /xingrg/javascript/jquery_easy_ui/themes/icons/import_new.png HTTP/1.1" 200 1247
180.169.147.146 - - [14/Oct/2021:09:48:17 +0800] "GET /xingrg/javascript/jquery_easy_ui/themes/icons/print_new.png HTTP/1.1" 200 3580
180.169.147.146 - - [14/Oct/2021:09:48:17 +0800] "GET /xingrg/images/blue/wait.gif HTTP/1.1" 200 1100
180.169.147.146 - - [14/Oct/2021:09:48:17 +0800] "POST /xingrg/dwr/call/plaincall/AjaxBaseInfoService.getSubMaterielSorts.dwr HTTP/1.1" 200 219
180.169.147.146 - - [14/Oct/2021:09:48:17 +0800] "GET /xingrg/images/xtree/foldericon.png HTTP/1.1" 200 229
180.169.147.146 - - [14/Oct/2021:09:48:17 +0800] "GET /xingrg/images/xtree/Tplus.png HTTP/1.1" 200 222
180.169.147.146 - - [14/Oct/2021:09:48:17 +0800] "GET /xingrg/images/xtree/Lplus.png HTTP/1.1" 200 224
180.169.147.146 - - [14/Oct/2021:09:48:17 +0800] "POST /xingrg/dwr/call/plaincall/AjaxBaseInfoService.getMateriels.dwr HTTP/1.1" 200 2929
116.238.248.233 - - [14/Oct/2021:09:48:19 +0800] "GET /xingrg/kc/buy/cgsh_order_operate.html?command=get_materiel&rest_code=00151&code=00101020001&supplier_code=00100098&order_time=2021-10-14 HTTP/1.1" 200 422
180.161.71.227 - - [14/Oct/2021:09:48:20 +0800] "GET /xingrg/check_reg.html?_=1634176083370 HTTP/1.1" 200 22
180.161.71.227 - - [14/Oct/2021:09:48:21 +0800] "GET /xingrg/all/function/internal_message.html?_=1634176084560&CODE_STATE=getMsg HTTP/1.1" 200 27
120.253.135.82 - - [14/Oct/2021:09:48:23 +0800] "GET /xingrg/all/function/internal_message.html?_=1634175874470&CODE_STATE=getMsg HTTP/1.1" 200 27
116.230.105.26 - - [14/Oct/2021:09:48:24 +0800] "GET /xingrg/all/function/internal_message.html?_=1634176091264&CODE_STATE=getMsg HTTP/1.1" 200 27
114.83.222.51 - - [14/Oct/2021:09:48:24 +0800] "GET /xingrg/all/function/internal_message.html?_=1634176104290&CODE_STATE=getMsg HTTP/1.1" 200 27
172.20.0.100 - - [14/Oct/2021:09:48:26 +0800] "GET /xingrg/all/function/internal_message.html?_=1634176106702&CODE_STATE=getMsg HTTP/1.1" 200 27
222.70.178.96 - - [14/Oct/2021:09:48:29 +0800] "GET /xingrg/all/function/internal_message.html?_=1634176106230&CODE_STATE=getMsg HTTP/1.1" 200 27
116.238.248.233 - - [14/Oct/2021:09:48:35 +0800] "GET /xingrg/kc/buy/cgsh_order_operate.html?command=get_materiel&rest_code=00151&code=00101020279&supplier_code=00100098&order_time=2021-10-14 HTTP/1.1" 200 400
58.39.139.200 - - [14/Oct/2021:09:48:36 +0800] "GET /xingrg/all/function/internal_message.html?_=1634176117239&CODE_STATE=getMsg HTTP/1.1" 200 27
116.232.54.237 - - [14/Oct/2021:09:48:46 +0800] "GET /xingrg/all/function/internal_message.html?_=1634176126612&CODE_STATE=getMsg HTTP/1.1" 200 27
124.77.244.175 - - [14/Oct/2021:09:48:48 +0800] "GET /xingrg/all/function/internal_message.html?_=1634176133588&CODE_STATE=getMsg HTTP/1.1" 200 27
116.238.248.233 - - [14/Oct/2021:09:48:52 +0800] "GET /xingrg/all/function/internal_message.html?_=1634176130597&CODE_STATE=getMsg HTTP/1.1" 200 27
222.69.131.205 - - [14/Oct/2021:09:48:58 +0800] "GET /xingrg/all/function/internal_message.html?_=1634176140348&CODE_STATE=getMsg HTTP/1.1" 200 27
58.37.227.186 - - [14/Oct/2021:09:48:59 +0800] "GET /xingrg/check_reg.html?_=1634175991447 HTTP/1.1" 302 -
180.169.147.146 - - [14/Oct/2021:09:49:05 +0800] "GET /xingrg/all/function/internal_message.html?_=1634176145168&CODE_STATE=getMsg HTTP/1.1" 200 27
180.169.147.146 - - [14/Oct/2021:09:49:14 +0800] "GET /xingrg/all/function/internal_message.html?_=1634176210388&CODE_STATE=getMsg HTTP/1.1" 200 27
114.85.125.222 - - [14/Oct/2021:09:49:14 +0800] "GET /xingrg/all/function/internal_message.html?_=1634176108948&CODE_STATE=getMsg HTTP/1.1" 200 27
116.238.248.233 - - [14/Oct/2021:09:49:15 +0800] "POST /xingrg/kc/buy/cgsh_order_operate.html HTTP/1.1" 200 37
116.228.172.122 - - [14/Oct/2021:09:49:15 +0800] "GET /xingrg/check_reg.html?_=1634176156013 HTTP/1.1" 200 22
101.85.106.134 - - [14/Oct/2021:09:49:15 +0800] "GET /xingrg/all/function/internal_message.html?_=1634176031877&CODE_STATE=getMsg HTTP/1.1" 200 27
116.228.172.122 - - [14/Oct/2021:09:49:15 +0800] "GET /xingrg/all/function/internal_message.html?_=1634176156019&CODE_STATE=getMsg HTTP/1.1" 200 27
116.238.248.233 - - [14/Oct/2021:09:49:18 +0800] "POST /xingrg/kc/buy/cgsh_order_operate.html HTTP/1.1" 200 12
116.238.248.233 - - [14/Oct/2021:09:49:19 +0800] "GET /xingrg/kc/buy/cgsh_order_info.html?code=212021101405958 HTTP/1.1" 200 59222
116.238.248.233 - - [14/Oct/2021:09:49:19 +0800] "GET /xingrg/words/20211014093203_words.js HTTP/1.1" 304 -
116.238.248.233 - - [14/Oct/2021:09:49:19 +0800] "GET /xingrg/javascript/easyui/themes/default/validatebox.css HTTP/1.1" 404 1104
116.238.248.233 - - [14/Oct/2021:09:49:19 +0800] "POST /xingrg/kc/buy/cgsh_order_operate.html HTTP/1.1" 200 1842
116.238.248.233 - - [14/Oct/2021:09:49:21 +0800] "GET /xingrg/kc/print/load_data.html?order_code=212021101405958&kc_code=cgsh&condition= HTTP/1.1" 200 1183
180.161.71.227 - - [14/Oct/2021:09:49:21 +0800] "GET /xingrg/all/function/internal_message.html?_=1634176144573&CODE_STATE=getMsg HTTP/1.1" 200 27
120.253.135.82 - - [14/Oct/2021:09:49:23 +0800] "GET /xingrg/all/function/internal_message.html?_=1634175934488&CODE_STATE=getMsg HTTP/1.1" 200 27
116.230.105.26 - - [14/Oct/2021:09:49:24 +0800] "GET /xingrg/all/function/internal_message.html?_=1634176151242&CODE_STATE=getMsg HTTP/1.1" 200 27
114.83.222.51 - - [14/Oct/2021:09:49:24 +0800] "GET /xingrg/all/function/internal_message.html?_=1634176164277&CODE_STATE=getMsg HTTP/1.1" 200 27
116.230.105.26 - - [14/Oct/2021:09:49:25 +0800] "GET /xingrg/check_reg.html?_=1634176152252 HTTP/1.1" 200 22
172.20.0.100 - - [14/Oct/2021:09:49:26 +0800] "GET /xingrg/all/function/internal_message.html?_=1634176166701&CODE_STATE=getMsg HTTP/1.1" 200 27
116.238.248.233 - - [14/Oct/2021:09:49:27 +0800] "GET /xingrg/kc/buy/cgsh_order_add.html HTTP/1.1" 200 64321
116.238.248.233 - - [14/Oct/2021:09:49:27 +0800] "GET /xingrg/javascript/easyui/themes/default/validatebox.css HTTP/1.1" 404 1104
116.238.248.233 - - [14/Oct/2021:09:49:27 +0800] "POST /xingrg/kc/buy/cgsh_order_operate.html HTTP/1.1" 200 8245
222.70.178.96 - - [14/Oct/2021:09:49:29 +0800] "GET /xingrg/all/function/internal_message.html?_=1634176166201&CODE_STATE=getMsg HTTP/1.1" 200 27
58.39.139.200 - - [14/Oct/2021:09:49:36 +0800] "GET /xingrg/all/function/internal_message.html?_=1634176177208&CODE_STATE=getMsg HTTP/1.1" 200 27
116.238.248.233 - - [14/Oct/2021:09:49:45 +0800] "GET /xingrg/kc/buy/cgsh_order_operate.html?command=get_materiel&rest_code=00151&code=00101024048&supplier_code=00100098&order_time=2021-10-14 HTTP/1.1" 200 413
116.232.54.237 - - [14/Oct/2021:09:49:46 +0800] "GET /xingrg/all/function/internal_message.html?_=1634176186615&CODE_STATE=getMsg HTTP/1.1" 200 27
116.238.248.233 - - [14/Oct/2021:09:49:47 +0800] "POST /xingrg/all/common/load_select.html HTTP/1.1" 200 12
124.77.244.175 - - [14/Oct/2021:09:49:48 +0800] "GET /xingrg/all/function/internal_message.html?_=1634176193740&CODE_STATE=getMsg HTTP/1.1" 200 27
116.238.248.233 - - [14/Oct/2021:09:49:50 +0800] "GET /xingrg/kc/buy/cgsh_order_operate.html?command=get_materiel_price&rest_code=00151&code=00101024048&unit_code=00100016&supplier_code=00100098&order_time=2021-10-14 HTTP/1.1" 200 29
116.238.248.233 - - [14/Oct/2021:09:49:52 +0800] "GET /xingrg/all/function/internal_message.html?_=1634176190600&CODE_STATE=getMsg HTTP/1.1" 200 27
222.69.131.205 - - [14/Oct/2021:09:49:58 +0800] "GET /xingrg/check_reg.html?_=1634176200350 HTTP/1.1" 200 22
222.69.131.205 - - [14/Oct/2021:09:49:58 +0800] "GET /xingrg/all/function/internal_message.html?_=1634176200356&CODE_STATE=getMsg HTTP/1.1" 200 27
116.228.172.122 - - [14/Oct/2021:09:50:04 +0800] "POST /xingrg/kc/buy/cgsh_list_operate.html HTTP/1.1" 200 6487
180.169.147.146 - - [14/Oct/2021:09:50:05 +0800] "GET /xingrg/all/function/internal_message.html?_=1634176205167&CODE_STATE=getMsg HTTP/1.1" 200 27
116.228.172.122 - - [14/Oct/2021:09:50:07 +0800] "GET /xingrg/kc/report/report_main.html HTTP/1.1" 200 7345
116.228.172.122 - - [14/Oct/2021:09:50:07 +0800] "GET /xingrg/javascript/jquery_easy_ui/themes/icons/back_new.png HTTP/1.1" 200 3414
116.228.172.122 - - [14/Oct/2021:09:50:09 +0800] "GET /xingrg/all/report/report_query.html?fileName=kc/buy/gys_amount.xml&rh=99999 HTTP/1.1" 200 52006
116.228.172.122 - - [14/Oct/2021:09:50:09 +0800] "GET /xingrg/javascript/calendar/timePicker.css HTTP/1.1" 200 523
116.228.172.122 - - [14/Oct/2021:09:50:09 +0800] "GET /xingrg/javascript/multi_select/jqueryMultiSelect.css HTTP/1.1" 200 951
116.228.172.122 - - [14/Oct/2021:09:50:09 +0800] "GET /xingrg/javascript/bigrid/fix.css HTTP/1.1" 200 1702
116.228.172.122 - - [14/Oct/2021:09:50:09 +0800] "GET /xingrg/dwr/interface/AjaxReportQueryService.js HTTP/1.1" 200 13203
116.228.172.122 - - [14/Oct/2021:09:50:09 +0800] "GET /xingrg/javascript/bigrid/fix.js HTTP/1.1" 200 6439
116.228.172.122 - - [14/Oct/2021:09:50:09 +0800] "GET /xingrg/dwr/engine.js HTTP/1.1" 200 43631
116.228.172.122 - - [14/Oct/2021:09:50:09 +0800] "GET /xingrg/javascript/calendar/jquery.timePicker.min.js HTTP/1.1" 200 2997
116.228.172.122 - - [14/Oct/2021:09:50:09 +0800] "GET /xingrg/javascript/jqueryMultiSelect.js HTTP/1.1" 200 11866
116.228.172.122 - - [14/Oct/2021:09:50:09 +0800] "GET /xingrg/dwr/util.js HTTP/1.1" 200 35990
116.228.172.122 - - [14/Oct/2021:09:50:09 +0800] "GET /xingrg/javascript/Calendar.js HTTP/1.1" 200 31561
116.228.172.122 - - [14/Oct/2021:09:50:09 +0800] "GET /xingrg/images/blue/button/advanceover.gif HTTP/1.1" 200 1347
116.228.172.122 - - [14/Oct/2021:09:50:09 +0800] "GET /xingrg/images/blue/button/advance2over.gif HTTP/1.1" 200 1336
116.228.172.122 - - [14/Oct/2021:09:50:09 +0800] "GET /xingrg/images/blue/button/back2over.gif HTTP/1.1" 200 1335
116.228.172.122 - - [14/Oct/2021:09:50:09 +0800] "GET /xingrg/images/control/loading.gif HTTP/1.1" 200 13463
116.228.172.122 - - [14/Oct/2021:09:50:09 +0800] "GET /xingrg/images/blue/button/backover.gif HTTP/1.1" 200 1348
116.228.172.122 - - [14/Oct/2021:09:50:09 +0800] "GET /xingrg/javascript/jquery_easy_ui/themes/default/images/menu_downarrow.png HTTP/1.1" 200 173
116.228.172.122 - - [14/Oct/2021:09:50:09 +0800] "GET /xingrg/javascript/jquery_easy_ui/themes/default/images/menu_rightarrow.png HTTP/1.1" 200 3617
116.228.172.122 - - [14/Oct/2021:09:50:09 +0800] "GET /xingrg/javascript/jquery_easy_ui/themes/icons/help.png HTTP/1.1" 200 1187
116.228.172.122 - - [14/Oct/2021:09:50:09 +0800] "GET /xingrg/javascript/jquery_easy_ui/themes/icons/pencil.png HTTP/1.1" 200 713
116.228.172.122 - - [14/Oct/2021:09:50:09 +0800] "GET /xingrg/javascript/jquery_easy_ui/themes/default/images/menu.gif HTTP/1.1" 200 834
116.228.172.122 - - [14/Oct/2021:09:50:09 +0800] "GET /xingrg/javascript/jquery_easy_ui/themes/icons/print.png HTTP/1.1" 200 1057
116.228.172.122 - - [14/Oct/2021:09:50:09 +0800] "POST /xingrg/dwr/call/plaincall/AjaxReportQueryService.getFixDate.dwr HTTP/1.1" 200 111
116.228.172.122 - - [14/Oct/2021:09:50:09 +0800] "GET /xingrg/javascript/jquery_easy_ui/themes/default/images/combo_arrow_dot.gif HTTP/1.1" 200 79
116.228.172.122 - - [14/Oct/2021:09:50:09 +0800] "POST /xingrg/all/common/load_tree.html?tree=supplier_tree_json&manage=1 HTTP/1.1" 200 61255
116.228.172.122 - - [14/Oct/2021:09:50:10 +0800] "POST /xingrg/all/common/load_tree.html?tree=materiel_sort_tree_json HTTP/1.1" 200 8912
116.228.172.122 - - [14/Oct/2021:09:50:11 +0800] "GET /xingrg/javascript/jquery_easy_ui/themes/default/images/tree_checkbox_0.gif HTTP/1.1" 200 168
116.228.172.122 - - [14/Oct/2021:09:50:12 +0800] "POST /xingrg/dwr/call/plaincall/AjaxReportQueryService.getInitString.dwr HTTP/1.1" 200 426
116.228.172.122 - - [14/Oct/2021:09:50:12 +0800] "GET /xingrg/javascript/multi_select/dropdown.gif HTTP/1.1" 200 61
180.169.147.146 - - [14/Oct/2021:09:50:14 +0800] "GET /xingrg/check_reg.html?_=1634176270388 HTTP/1.1" 200 22
180.169.147.146 - - [14/Oct/2021:09:50:14 +0800] "GET /xingrg/all/function/internal_message.html?_=1634176270393&CODE_STATE=getMsg HTTP/1.1" 200 27
116.228.172.122 - - [14/Oct/2021:09:50:14 +0800] "POST /xingrg/dwr/call/plaincall/AjaxReportQueryService.getFixDate.dwr HTTP/1.1" 200 111
114.85.125.222 - - [14/Oct/2021:09:50:14 +0800] "GET /xingrg/check_reg.html?_=1634176168835 HTTP/1.1" 200 22
114.85.125.222 - - [14/Oct/2021:09:50:14 +0800] "GET /xingrg/all/function/internal_message.html?_=1634176168960&CODE_STATE=getMsg HTTP/1.1" 200 27
116.228.172.122 - - [14/Oct/2021:09:50:15 +0800] "GET /xingrg/all/function/internal_message.html?_=1634176216007&CODE_STATE=getMsg HTTP/1.1" 200 27
101.85.106.134 - - [14/Oct/2021:09:50:15 +0800] "GET /xingrg/all/function/internal_message.html?_=1634176091876&CODE_STATE=getMsg HTTP/1.1" 200 27
180.161.71.227 - - [14/Oct/2021:09:50:21 +0800] "GET /xingrg/all/function/internal_message.html?_=1634176204598&CODE_STATE=getMsg HTTP/1.1" 200 27
120.253.135.82 - - [14/Oct/2021:09:50:23 +0800] "GET /xingrg/check_reg.html?_=1634175994121 HTTP/1.1" 200 22
120.253.135.82 - - [14/Oct/2021:09:50:23 +0800] "GET /xingrg/all/function/internal_message.html?_=1634175994500&CODE_STATE=getMsg HTTP/1.1" 200 27
116.230.105.26 - - [14/Oct/2021:09:50:24 +0800] "GET /xingrg/all/function/internal_message.html?_=1634176211234&CODE_STATE=getMsg HTTP/1.1" 200 27
114.83.222.51 - - [14/Oct/2021:09:50:24 +0800] "GET /xingrg/all/function/internal_message.html?_=1634176224261&CODE_STATE=getMsg HTTP/1.1" 200 27
172.20.0.100 - - [14/Oct/2021:09:50:26 +0800] "GET /xingrg/all/function/internal_message.html?_=1634176226690&CODE_STATE=getMsg HTTP/1.1" 200 27
116.228.172.122 - - [14/Oct/2021:09:50:27 +0800] "GET /xingrg/javascript/jquery_easy_ui/themes/default/images/button_plain_hover.png HTTP/1.1" 200 252
116.228.172.122 - - [14/Oct/2021:09:50:28 +0800] "POST /xingrg/dwr/call/plaincall/AjaxReportQueryService.refreshCache.dwr HTTP/1.1" 200 78
116.238.248.233 - - [14/Oct/2021:09:50:28 +0800] "GET /xingrg/kc/buy/cgsh_order_operate.html?command=get_materiel&rest_code=00151&code=00101029070&supplier_code=00100098&order_time=2021-10-14 HTTP/1.1" 200 444
222.70.178.96 - - [14/Oct/2021:09:50:29 +0800] "GET /xingrg/all/function/internal_message.html?_=1634176226180&CODE_STATE=getMsg HTTP/1.1" 200 27
116.228.172.122 - - [14/Oct/2021:09:50:30 +0800] "POST /xingrg/all/report/load_report_page.html HTTP/1.1" 200 22956
116.228.172.122 - - [14/Oct/2021:09:50:30 +0800] "GET /xingrg/servlets/image?cache=0.0689891182409118&image=px HTTP/1.1" 200 807
116.228.172.122 - - [14/Oct/2021:09:50:32 +0800] "GET /xingrg/all/report/report_query.html?isQuery=1&fileName=kc/buy/wlcg_cate_hz.xml&queryString=(CONVERT(char(10)%252Ca.order_time%252C%2520120)%253E%253D'2021-09-01')%2520and%2520(CONVERT(char(10)%252Ca.order_time%252C%2520120)%253C%253D'2021-09-30')%2520and%2520(a.supplier_code%253D'00100476')&queryText=%25E3%2580%2590%25E9%2587%2587%25E8%25B4%25AD%25E6%2597%25A5%25E6%259C%259F%253A2021-09-01%2520%25E8%2587%25B3%25202021-09-30%25E3%2580%2591%2520%25E5%25B9%25B6%25E4%25B8%2594%2520%25E3%2580%2590%25E4%25BE%259B%25E5%25BA%2594%25E5%2595%2586%253D%25E6%25B0%25B4%25E6%259E%259C%25EF%25BC%2588%25E7%25BB%25B4%25E4%25B9%259F%25E7%25BA%25B3%25EF%25BC%2589%25E3%2580%2591 HTTP/1.1" 200 54359
116.228.172.122 - - [14/Oct/2021:09:50:32 +0800] "GET /xingrg/dwr/interface/AjaxReportQueryService.js HTTP/1.1" 200 13203
116.228.172.122 - - [14/Oct/2021:09:50:32 +0800] "GET /xingrg/dwr/engine.js HTTP/1.1" 200 43631
116.228.172.122 - - [14/Oct/2021:09:50:34 +0800] "POST /xingrg/all/report/load_report_page.html HTTP/1.1" 200 8712
116.228.172.122 - - [14/Oct/2021:09:50:34 +0800] "GET /xingrg/servlets/image?cache=0.3437075640744608&image=px HTTP/1.1" 200 807
58.39.139.200 - - [14/Oct/2021:09:50:36 +0800] "GET /xingrg/all/function/internal_message.html?_=1634176237176&CODE_STATE=getMsg HTTP/1.1" 200 27
116.228.172.122 - - [14/Oct/2021:09:50:36 +0800] "POST /xingrg/all/report/load_report_page.html HTTP/1.1" 200 16414
116.228.172.122 - - [14/Oct/2021:09:50:36 +0800] "GET /xingrg/servlets/image?cache=0.04544013924036616&image=px HTTP/1.1" 200 807
116.228.172.122 - - [14/Oct/2021:09:50:39 +0800] "POST /xingrg/all/report/report_print.html HTTP/1.1" 302 -
116.228.172.122 - - [14/Oct/2021:09:50:39 +0800] "GET /xingrg/servlets/html?sysBaseUrl=http%3A%2F%2F180.169.147.146%3A18081%2Fxingrg%2F&costTime=260×tamp=1634176239365 HTTP/1.1" 200 17830
116.228.172.122 - - [14/Oct/2021:09:50:39 +0800] "GET /xingrg/servlets/image?image=px HTTP/1.1" 200 807
116.228.172.122 - - [14/Oct/2021:09:50:40 +0800] "GET /favicon.ico HTTP/1.1" 404 -
116.232.54.237 - - [14/Oct/2021:09:50:46 +0800] "GET /xingrg/all/function/internal_message.html?_=1634176246616&CODE_STATE=getMsg HTTP/1.1" 200 27
116.238.248.233 - - [14/Oct/2021:09:50:48 +0800] "GET /xingrg/kc/buy/cgsh_order_operate.html?command=get_materiel&rest_code=00151&code=00101029080&supplier_code=00100098&order_time=2021-10-14 HTTP/1.1" 200 448
124.77.244.175 - - [14/Oct/2021:09:50:48 +0800] "GET /xingrg/all/function/internal_message.html?_=1634176253740&CODE_STATE=getMsg HTTP/1.1" 200 27
116.238.248.233 - - [14/Oct/2021:09:50:52 +0800] "GET /xingrg/all/function/internal_message.html?_=1634176250595&CODE_STATE=getMsg HTTP/1.1" 200 27
116.238.248.233 - - [14/Oct/2021:09:50:53 +0800] "POST /xingrg/all/common/load_select.html HTTP/1.1" 200 25
116.238.248.233 - - [14/Oct/2021:09:50:57 +0800] "GET /xingrg/kc/buy/cgsh_order_operate.html?command=get_materiel_price&rest_code=00151&code=00101029080&unit_code=00100539&supplier_code=00100098&order_time=2021-10-14 HTTP/1.1" 200 28
222.69.131.205 - - [14/Oct/2021:09:50:58 +0800] "GET /xingrg/all/function/internal_message.html?_=1634176260357&CODE_STATE=getMsg HTTP/1.1" 200 27
222.70.178.96 - - [14/Oct/2021:09:51:02 +0800] "GET /xingrg/check_reg.html?_=1634176259881 HTTP/1.1" 200 22
180.169.147.146 - - [14/Oct/2021:09:51:05 +0800] "GET /xingrg/all/function/internal_message.html?_=1634176265167&CODE_STATE=getMsg HTTP/1.1" 200 27
180.169.147.146 - - [14/Oct/2021:09:51:05 +0800] "GET /xingrg/check_reg.html?_=1634176265172 HTTP/1.1" 200 22
116.238.248.233 - - [14/Oct/2021:09:51:11 +0800] "GET /xingrg/kc/buy/cgsh_order_operate.html?command=get_materiel&rest_code=00151&code=00101028040&supplier_code=00100098&order_time=2021-10-14 HTTP/1.1" 200 447
180.169.147.146 - - [14/Oct/2021:09:51:14 +0800] "GET /xingrg/all/function/internal_message.html?_=1634176330398&CODE_STATE=getMsg HTTP/1.1" 200 27
114.85.125.222 - - [14/Oct/2021:09:51:14 +0800] "GET /xingrg/all/function/internal_message.html?_=1634176228973&CODE_STATE=getMsg HTTP/1.1" 200 27
116.228.172.122 - - [14/Oct/2021:09:51:15 +0800] "GET /xingrg/all/function/internal_message.html?_=1634176276005&CODE_STATE=getMsg HTTP/1.1" 200 27
101.85.106.134 - - [14/Oct/2021:09:51:15 +0800] "GET /xingrg/all/function/internal_message.html?_=1634176151876&CODE_STATE=getMsg HTTP/1.1" 200 27
116.238.248.233 - - [14/Oct/2021:09:51:21 +0800] "GET /xingrg/kc/buy/cgsh_order_operate.html?command=get_materiel&rest_code=00151&code=00101029017&supplier_code=00100098&order_time=2021-10-14 HTTP/1.1" 200 448
116.238.248.233 - - [14/Oct/2021:09:51:22 +0800] "POST /xingrg/all/common/load_select.html HTTP/1.1" 200 25
120.253.135.82 - - [14/Oct/2021:09:51:23 +0800] "GET /xingrg/all/function/internal_message.html?_=1634176054515&CODE_STATE=getMsg HTTP/1.1" 200 27
116.230.105.26 - - [14/Oct/2021:09:51:24 +0800] "GET /xingrg/all/function/internal_message.html?_=1634176271217&CODE_STATE=getMsg HTTP/1.1" 200 27
114.83.222.51 - - [14/Oct/2021:09:51:24 +0800] "GET /xingrg/all/function/internal_message.html?_=1634176284252&CODE_STATE=getMsg HTTP/1.1" 200 27
116.238.248.233 - - [14/Oct/2021:09:51:25 +0800] "GET /xingrg/kc/buy/cgsh_order_operate.html?command=get_materiel_price&rest_code=00151&code=00101029017&unit_code=00100179&supplier_code=00100098&order_time=2021-10-14 HTTP/1.1" 200 29
172.20.0.100 - - [14/Oct/2021:09:51:26 +0800] "GET /xingrg/all/function/internal_message.html?_=1634176286708&CODE_STATE=getMsg HTTP/1.1" 200 27
172.20.0.100 - - [14/Oct/2021:09:51:26 +0800] "GET /xingrg/check_reg.html?_=1634176286713 HTTP/1.1" 200 22
222.70.178.96 - - [14/Oct/2021:09:51:29 +0800] "GET /xingrg/all/function/internal_message.html?_=1634176286156&CODE_STATE=getMsg HTTP/1.1" 200 27
58.39.139.200 - - [14/Oct/2021:09:51:29 +0800] "GET /xingrg/check_reg.html?_=1634176290595 HTTP/1.1" 200 22
58.39.139.200 - - [14/Oct/2021:09:51:36 +0800] "GET /xingrg/all/function/internal_message.html?_=1634176297154&CODE_STATE=getMsg HTTP/1.1" 200 27
116.232.54.237 - - [14/Oct/2021:09:51:46 +0800] "GET /xingrg/all/function/internal_message.html?_=1634176306619&CODE_STATE=getMsg HTTP/1.1" 200 27
124.77.244.175 - - [14/Oct/2021:09:51:49 +0800] "GET /xingrg/all/function/internal_message.html?_=1634176313887&CODE_STATE=getMsg HTTP/1.1" 200 27
116.238.248.233 - - [14/Oct/2021:09:51:50 +0800] "GET /xingrg/kc/buy/cgsh_order_operate.html?command=get_materiel&rest_code=00151&code=00101029060&supplier_code=00100098&order_time=2021-10-14 HTTP/1.1" 200 427
116.238.248.233 - - [14/Oct/2021:09:51:52 +0800] "GET /xingrg/all/function/internal_message.html?_=1634176310605&CODE_STATE=getMsg HTTP/1.1" 200 27
116.238.248.233 - - [14/Oct/2021:09:51:52 +0800] "GET /xingrg/check_reg.html?_=1634176310608 HTTP/1.1" 200 22
116.238.248.233 - - [14/Oct/2021:09:51:57 +0800] "POST /xingrg/all/common/load_select.html HTTP/1.1" 200 25
222.69.131.205 - - [14/Oct/2021:09:51:58 +0800] "GET /xingrg/all/function/internal_message.html?_=1634176320344&CODE_STATE=getMsg HTTP/1.1" 200 27
58.37.227.186 - - [14/Oct/2021:09:52:00 +0800] "GET /xingrg/kc/buy/buy_main.html HTTP/1.1" 302 -
58.37.227.186 - - [14/Oct/2021:09:52:00 +0800] "GET /xingrg/login.html HTTP/1.1" 200 7641
58.37.227.186 - - [14/Oct/2021:09:52:00 +0800] "GET /xingrg/login.html HTTP/1.1" 200 7641
58.37.227.186 - - [14/Oct/2021:09:52:00 +0800] "GET /favicon.ico HTTP/1.1" 404 -
116.238.248.233 - - [14/Oct/2021:09:52:00 +0800] "GET /xingrg/kc/buy/cgsh_order_operate.html?command=get_materiel_price&rest_code=00151&code=00101029060&unit_code=00100189&supplier_code=00100098&order_time=2021-10-14 HTTP/1.1" 200 28
58.37.227.186 - - [14/Oct/2021:09:52:01 +0800] "POST /xingrg/login.do HTTP/1.1" 302 -
58.37.227.186 - - [14/Oct/2021:09:52:01 +0800] "GET /xingrg/index.html?sysBaseUrl=http%3A%2F%2F180.169.147.146%3A18081%2Fxingrg%2F&costTime=40×tamp=1634176321618 HTTP/1.1" 200 17179
58.37.227.186 - - [14/Oct/2021:09:52:01 +0800] "GET /favicon.ico HTTP/1.1" 404 -
58.37.227.186 - - [14/Oct/2021:09:52:01 +0800] "POST /xingrg/all/common/load_tree.html?tree=area_rest_tree_json&manage=1 HTTP/1.1" 200 351
58.37.227.186 - - [14/Oct/2021:09:52:01 +0800] "GET /xingrg/all/function/internal_message.html?_=1634176173557&CODE_STATE=count HTTP/1.1" 200 11
58.37.227.186 - - [14/Oct/2021:09:52:01 +0800] "GET /xingrg/check_reg.html?_=1634176173558 HTTP/1.1" 200 22
58.37.227.186 - - [14/Oct/2021:09:52:01 +0800] "POST /xingrg/load_menu.html HTTP/1.1" 200 5138
58.37.227.186 - - [14/Oct/2021:09:52:04 +0800] "GET /xingrg/kc/buy/buy_main.html HTTP/1.1" 200 12412
58.37.227.186 - - [14/Oct/2021:09:52:04 +0800] "GET /xingrg/css/new_ie.css HTTP/1.1" 404 1036
58.37.227.186 - - [14/Oct/2021:09:52:04 +0800] "GET /xingrg/images/yd/bt.gif HTTP/1.1" 404 1040
180.169.147.146 - - [14/Oct/2021:09:52:05 +0800] "GET /xingrg/all/function/internal_message.html?_=1634176325168&CODE_STATE=getMsg HTTP/1.1" 200 27
58.37.227.186 - - [14/Oct/2021:09:52:05 +0800] "GET /xingrg/kc/buy/cgsh_order_list.html HTTP/1.1" 200 48947
58.37.227.186 - - [14/Oct/2021:09:52:06 +0800] "POST /xingrg/kc/buy/cgsh_list_operate.html HTTP/1.1" 200 876
58.37.227.186 - - [14/Oct/2021:09:52:06 +0800] "GET /xingrg/kc/buy/cgsh_order_add.html HTTP/1.1" 200 64685
58.37.227.186 - - [14/Oct/2021:09:52:06 +0800] "GET /xingrg/words/20211014093203_words.js HTTP/1.1" 200 856194
58.37.227.186 - - [14/Oct/2021:09:52:07 +0800] "POST /xingrg/kc/buy/cgsh_order_operate.html HTTP/1.1" 200 8245
58.37.227.186 - - [14/Oct/2021:09:52:07 +0800] "GET /xingrg/all/common/auto_word.html?type=employee&rest_code=00141 HTTP/1.1" 200 201
58.37.227.186 - - [14/Oct/2021:09:52:07 +0800] "GET /xingrg/javascript/easyui/themes/default/validatebox.css HTTP/1.1" 404 1104
58.37.227.186 - - [14/Oct/2021:09:52:07 +0800] "GET /xingrg/all/common/auto_word.html?type=employee&rest_code=00141 HTTP/1.1" 200 201
58.37.227.186 - - [14/Oct/2021:09:52:09 +0800] "GET /xingrg/javascript/auto/indicator.gif HTTP/1.1" 404 1066
58.37.227.186 - - [14/Oct/2021:09:52:10 +0800] "GET /xingrg/javascript/jquery_tools/images/next.gif HTTP/1.1" 404 1086
58.37.227.186 - - [14/Oct/2021:09:52:10 +0800] "GET /xingrg/javascript/jquery_tools/images/prev.gif HTTP/1.1" 404 1086
180.169.147.146 - - [14/Oct/2021:09:52:14 +0800] "GET /xingrg/all/function/internal_message.html?_=1634176390386&CODE_STATE=getMsg HTTP/1.1" 200 27
114.85.125.222 - - [14/Oct/2021:09:52:14 +0800] "GET /xingrg/all/function/internal_message.html?_=1634176288987&CODE_STATE=getMsg HTTP/1.1" 200 27
116.228.172.122 - - [14/Oct/2021:09:52:15 +0800] "GET /xingrg/all/function/internal_message.html?_=1634176335998&CODE_STATE=getMsg HTTP/1.1" 200 27
101.85.106.134 - - [14/Oct/2021:09:52:15 +0800] "GET /xingrg/all/function/internal_message.html?_=1634176211876&CODE_STATE=getMsg HTTP/1.1" 200 27
58.37.227.186 - - [14/Oct/2021:09:52:19 +0800] "GET /xingrg/kc/buy/cgsh_order_operate.html?command=get_materiel&rest_code=00141&code=00102014088&supplier_code=00100450&order_time=2021-10-14 HTTP/1.1" 200 412
116.238.248.233 - - [14/Oct/2021:09:52:22 +0800] "POST /xingrg/kc/buy/cgsh_order_operate.html HTTP/1.1" 200 37
120.253.135.82 - - [14/Oct/2021:09:52:23 +0800] "GET /xingrg/all/function/internal_message.html?_=1634176114528&CODE_STATE=getMsg HTTP/1.1" 200 27
116.238.248.233 - - [14/Oct/2021:09:52:24 +0800] "POST /xingrg/kc/buy/cgsh_order_operate.html HTTP/1.1" 200 5821
116.230.105.26 - - [14/Oct/2021:09:52:24 +0800] "GET /xingrg/all/function/internal_message.html?_=1634176331192&CODE_STATE=getMsg HTTP/1.1" 200 27
114.83.222.51 - - [14/Oct/2021:09:52:24 +0800] "GET /xingrg/all/function/internal_message.html?_=1634176344239&CODE_STATE=getMsg HTTP/1.1" 200 27
172.20.0.100 - - [14/Oct/2021:09:52:26 +0800] "GET /xingrg/all/function/internal_message.html?_=1634176346698&CODE_STATE=getMsg HTTP/1.1" 200 27
222.70.178.96 - - [14/Oct/2021:09:52:29 +0800] "GET /xingrg/all/function/internal_message.html?_=1634176346126&CODE_STATE=getMsg HTTP/1.1" 200 27
58.37.227.186 - - [14/Oct/2021:09:52:30 +0800] "GET /xingrg/kc/buy/cgsh_order_operate.html?command=get_materiel&rest_code=00141&code=00101015121&supplier_code=00100450&order_time=2021-10-14 HTTP/1.1" 200 404
124.77.244.175 - - [14/Oct/2021:09:52:34 +0800] "GET /xingrg/check_reg.html?_=1634176358854 HTTP/1.1" 200 22
58.39.139.200 - - [14/Oct/2021:09:52:36 +0800] "GET /xingrg/all/function/internal_message.html?_=1634176357126&CODE_STATE=getMsg HTTP/1.1" 200 27
58.37.227.186 - - [14/Oct/2021:09:52:38 +0800] "GET /xingrg/kc/buy/cgsh_order_operate.html?command=get_materiel&rest_code=00141&code=00101008592&supplier_code=00100450&order_time=2021-10-14 HTTP/1.1" 200 404
58.37.227.186 - - [14/Oct/2021:09:52:45 +0800] "GET /xingrg/kc/buy/cgsh_order_operate.html?command=get_materiel&rest_code=00141&code=00102014086&supplier_code=00100450&order_time=2021-10-14 HTTP/1.1" 200 396
116.232.54.237 - - [14/Oct/2021:09:52:46 +0800] "GET /xingrg/all/function/internal_message.html?_=1634176366621&CODE_STATE=getMsg HTTP/1.1" 200 27
116.232.54.237 - - [14/Oct/2021:09:52:46 +0800] "GET /xingrg/check_reg.html?_=1634176366622 HTTP/1.1" 200 22
124.77.244.175 - - [14/Oct/2021:09:52:49 +0800] "GET /xingrg/all/function/internal_message.html?_=1634176373892&CODE_STATE=getMsg HTTP/1.1" 200 27
116.238.248.233 - - [14/Oct/2021:09:52:52 +0800] "GET /xingrg/all/function/internal_message.html?_=1634176370613&CODE_STATE=getMsg HTTP/1.1" 200 27
58.37.227.186 - - [14/Oct/2021:09:52:53 +0800] "GET /xingrg/kc/buy/cgsh_order_operate.html?command=get_materiel&rest_code=00141&code=00101015123&supplier_code=00100450&order_time=2021-10-14 HTTP/1.1" 200 396
222.69.131.205 - - [14/Oct/2021:09:52:58 +0800] "GET /xingrg/all/function/internal_message.html?_=1634176380346&CODE_STATE=getMsg HTTP/1.1" 200 27
58.37.227.186 - - [14/Oct/2021:09:53:01 +0800] "GET /xingrg/all/function/internal_message.html?_=1634176233559&CODE_STATE=getMsg HTTP/1.1" 200 27
180.169.147.146 - - [14/Oct/2021:09:53:05 +0800] "GET /xingrg/all/function/internal_message.html?_=1634176385161&CODE_STATE=getMsg HTTP/1.1" 200 27
58.37.227.186 - - [14/Oct/2021:09:53:10 +0800] "GET /xingrg/kc/buy/cgsh_order_operate.html?command=get_materiel&rest_code=00141&code=00101008568&supplier_code=00100450&order_time=2021-10-14 HTTP/1.1" 200 399
116.228.172.122 - - [14/Oct/2021:09:53:11 +0800] "GET /xingrg/all/report/report_query.html?isQuery=1&fileName=kc/buy/wlcg_cate_hz.xml&queryString=(CONVERT(char(10)%252Ca.order_time%252C%2520120)%253E%253D'2021-09-01')%2520and%2520(CONVERT(char(10)%252Ca.order_time%252C%2520120)%253C%253D'2021-09-30')%2520and%2520(a.supplier_code%253D'00100228')&queryText=%25E3%2580%2590%25E9%2587%2587%25E8%25B4%25AD%25E6%2597%25A5%25E6%259C%259F%253A2021-09-01%2520%25E8%2587%25B3%25202021-09-30%25E3%2580%2591%2520%25E5%25B9%25B6%25E4%25B8%2594%2520%25E3%2580%2590%25E4%25BE%259B%25E5%25BA%2594%25E5%2595%2586%253D%25E9%2585%25B8%25E5%25A5%25B6%25EF%25BC%2588%25E6%259D%25A8%25EF%25BC%2589%25E3%2580%2591 HTTP/1.1" 200 54351
116.228.172.122 - - [14/Oct/2021:09:53:11 +0800] "GET /xingrg/dwr/interface/AjaxReportQueryService.js HTTP/1.1" 200 13203
116.228.172.122 - - [14/Oct/2021:09:53:11 +0800] "GET /xingrg/dwr/engine.js HTTP/1.1" 200 43631
116.228.172.122 - - [14/Oct/2021:09:53:12 +0800] "POST /xingrg/all/report/load_report_page.html HTTP/1.1" 200 8727
116.228.172.122 - - [14/Oct/2021:09:53:12 +0800] "GET /xingrg/servlets/image?cache=0.048277656683820225&image=px HTTP/1.1" 200 807
180.169.147.146 - - [14/Oct/2021:09:53:14 +0800] "GET /xingrg/all/function/internal_message.html?_=1634176450385&CODE_STATE=getMsg HTTP/1.1" 200 27
114.83.222.51 - - [14/Oct/2021:09:53:14 +0800] "GET /xingrg/check_reg.html?_=1634176393973 HTTP/1.1" 200 22
114.85.125.222 - - [14/Oct/2021:09:53:14 +0800] "GET /xingrg/all/function/internal_message.html?_=1634176349031&CODE_STATE=getMsg HTTP/1.1" 200 27
116.228.172.122 - - [14/Oct/2021:09:53:15 +0800] "GET /xingrg/all/function/internal_message.html?_=1634176396008&CODE_STATE=getMsg HTTP/1.1" 200 27
101.85.106.134 - - [14/Oct/2021:09:53:15 +0800] "GET /xingrg/all/function/internal_message.html?_=1634176271876&CODE_STATE=getMsg HTTP/1.1" 200 27
101.85.106.134 - - [14/Oct/2021:09:53:15 +0800] "GET /xingrg/check_reg.html?_=1634176271878 HTTP/1.1" 200 22
116.228.172.122 - - [14/Oct/2021:09:53:16 +0800] "POST /xingrg/all/report/load_report_page.html HTTP/1.1" 200 16456
116.228.172.122 - - [14/Oct/2021:09:53:16 +0800] "GET /xingrg/servlets/image?cache=0.9587309345836601&image=px HTTP/1.1" 200 807
58.37.227.186 - - [14/Oct/2021:09:53:22 +0800] "GET /xingrg/kc/buy/cgsh_order_operate.html?command=get_materiel&rest_code=00141&code=00101008509&supplier_code=00100450&order_time=2021-10-14 HTTP/1.1" 200 396
120.253.135.82 - - [14/Oct/2021:09:53:23 +0800] "GET /xingrg/all/function/internal_message.html?_=1634176174555&CODE_STATE=getMsg HTTP/1.1" 200 27
116.228.172.122 - - [14/Oct/2021:09:53:24 +0800] "POST /xingrg/all/report/report_print.html HTTP/1.1" 302 -
116.228.172.122 - - [14/Oct/2021:09:53:24 +0800] "GET /xingrg/servlets/html?sysBaseUrl=http%3A%2F%2F180.169.147.146%3A18081%2Fxingrg%2F&costTime=306×tamp=1634176404642 HTTP/1.1" 200 17864
116.228.172.122 - - [14/Oct/2021:09:53:24 +0800] "GET /xingrg/servlets/image?image=px HTTP/1.1" 200 807
116.230.105.26 - - [14/Oct/2021:09:53:24 +0800] "GET /xingrg/all/function/internal_message.html?_=1634176391174&CODE_STATE=getMsg HTTP/1.1" 200 27
114.83.222.51 - - [14/Oct/2021:09:53:24 +0800] "GET /xingrg/all/function/internal_message.html?_=1634176404224&CODE_STATE=getMsg HTTP/1.1" 200 27
116.228.172.122 - - [14/Oct/2021:09:53:24 +0800] "GET /favicon.ico HTTP/1.1" 404 -
172.20.0.100 - - [14/Oct/2021:09:53:26 +0800] "GET /xingrg/all/function/internal_message.html?_=1634176406708&CODE_STATE=getMsg HTTP/1.1" 200 27
222.70.178.96 - - [14/Oct/2021:09:53:29 +0800] "GET /xingrg/all/function/internal_message.html?_=1634176406112&CODE_STATE=getMsg HTTP/1.1" 200 27
58.37.227.186 - - [14/Oct/2021:09:53:30 +0800] "POST /xingrg/kc/buy/cgsh_order_operate.html HTTP/1.1" 200 37
58.37.227.186 - - [14/Oct/2021:09:53:34 +0800] "POST /xingrg/kc/buy/cgsh_order_operate.html HTTP/1.1" 200 12
58.37.227.186 - - [14/Oct/2021:09:53:35 +0800] "GET /xingrg/kc/buy/cgsh_order_info.html?code=212021101405960 HTTP/1.1" 200 59606
58.37.227.186 - - [14/Oct/2021:09:53:35 +0800] "GET /xingrg/javascript/easyui/themes/default/validatebox.css HTTP/1.1" 404 1104
58.39.139.200 - - [14/Oct/2021:09:53:36 +0800] "GET /xingrg/all/function/internal_message.html?_=1634176417106&CODE_STATE=getMsg HTTP/1.1" 200 27
58.37.227.186 - - [14/Oct/2021:09:53:36 +0800] "POST /xingrg/kc/buy/cgsh_order_operate.html HTTP/1.1" 200 4166
58.37.227.186 - - [14/Oct/2021:09:53:37 +0800] "GET /xingrg/kc/print/load_config.html?kc_code=cgsh HTTP/1.1" 200 2281
58.37.227.186 - - [14/Oct/2021:09:53:37 +0800] "GET /xingrg/kc/print/load_data.html?order_code=212021101405960&kc_code=cgsh&condition= HTTP/1.1" 200 2077
124.77.244.175 - - [14/Oct/2021:09:53:40 +0800] "GET /xingrg/javascript/jquery_easy_ui/themes/default/images/tabs_active.png HTTP/1.1" 304 -
58.37.227.186 - - [14/Oct/2021:09:53:41 +0800] "GET /xingrg/kc/buy/cgsh_order_add.html HTTP/1.1" 200 64685
58.37.227.186 - - [14/Oct/2021:09:53:41 +0800] "POST /xingrg/kc/buy/cgsh_order_operate.html HTTP/1.1" 200 8245
58.37.227.186 - - [14/Oct/2021:09:53:41 +0800] "GET /xingrg/javascript/easyui/themes/default/validatebox.css HTTP/1.1" 404 1104
116.232.54.237 - - [14/Oct/2021:09:53:46 +0800] "GET /xingrg/all/function/internal_message.html?_=1634176426623&CODE_STATE=getMsg HTTP/1.1" 200 27
124.77.244.175 - - [14/Oct/2021:09:53:49 +0800] "GET /xingrg/all/function/internal_message.html?_=1634176433906&CODE_STATE=getMsg HTTP/1.1" 200 27
116.238.248.233 - - [14/Oct/2021:09:53:52 +0800] "GET /xingrg/all/function/internal_message.html?_=1634176430620&CODE_STATE=getMsg HTTP/1.1" 200 27
124.77.244.175 - - [14/Oct/2021:09:53:55 +0800] "GET /xingrg/login.html HTTP/1.1" 200 7641
124.77.244.175 - - [14/Oct/2021:09:53:55 +0800] "GET /xingrg/images/blue/jxLogo.png HTTP/1.1" 304 -
124.77.244.175 - - [14/Oct/2021:09:53:55 +0800] "GET /xingrg/images/blue/login_bg.png HTTP/1.1" 304 -
124.77.244.175 - - [14/Oct/2021:09:53:55 +0800] "GET /xingrg/images/blue/srbg.png HTTP/1.1" 304 -
124.77.244.175 - - [14/Oct/2021:09:53:55 +0800] "GET /xingrg/images/blue/hj.png HTTP/1.1" 304 -
124.77.244.175 - - [14/Oct/2021:09:53:55 +0800] "GET /favicon.ico HTTP/1.1" 404 -
116.238.248.233 - - [14/Oct/2021:09:53:55 +0800] "POST /xingrg/all/common/load_select.html HTTP/1.1" 200 25
222.69.131.205 - - [14/Oct/2021:09:53:58 +0800] "GET /xingrg/all/function/internal_message.html?_=1634176440349&CODE_STATE=getMsg HTTP/1.1" 200 27
116.238.248.233 - - [14/Oct/2021:09:53:59 +0800] "GET /xingrg/kc/buy/cgsh_order_operate.html?command=get_materiel_price&rest_code=00151&code=00101029060&unit_code=00100188&supplier_code=00100098&order_time=2021-10-14 HTTP/1.1" 200 30
58.37.227.186 - - [14/Oct/2021:09:54:01 +0800] "GET /xingrg/all/function/internal_message.html?_=1634176293575&CODE_STATE=getMsg HTTP/1.1" 200 27
180.169.147.146 - - [14/Oct/2021:09:54:05 +0800] "GET /xingrg/all/function/internal_message.html?_=1634176445177&CODE_STATE=getMsg HTTP/1.1" 200 27
58.37.227.186 - - [14/Oct/2021:09:54:11 +0800] "GET /xingrg/kc/buy/cgsh_order_operate.html?command=get_materiel&rest_code=00141&code=00101006144&supplier_code=00100012&order_time=2021-10-14 HTTP/1.1" 200 409
180.169.147.146 - - [14/Oct/2021:09:54:14 +0800] "GET /xingrg/all/function/internal_message.html?_=1634176510387&CODE_STATE=getMsg HTTP/1.1" 200 27
114.85.125.222 - - [14/Oct/2021:09:54:14 +0800] "GET /xingrg/all/function/internal_message.html?_=1634176409046&CODE_STATE=getMsg HTTP/1.1" 200 27
116.228.172.122 - - [14/Oct/2021:09:54:15 +0800] "GET /xingrg/all/function/internal_message.html?_=1634176456013&CODE_STATE=getMsg HTTP/1.1" 200 27
116.228.172.122 - - [14/Oct/2021:09:54:15 +0800] "GET /xingrg/check_reg.html?_=1634176456016 HTTP/1.1" 200 22
101.85.106.134 - - [14/Oct/2021:09:54:15 +0800] "GET /xingrg/all/function/internal_message.html?_=1634176331877&CODE_STATE=getMsg HTTP/1.1" 200 27
116.238.248.233 - - [14/Oct/2021:09:54:22 +0800] "POST /xingrg/kc/buy/cgsh_order_operate.html HTTP/1.1" 200 37
58.37.227.186 - - [14/Oct/2021:09:54:22 +0800] "GET /xingrg/kc/buy/cgsh_order_operate.html?command=get_materiel&rest_code=00141&code=00101006112&supplier_code=00100012&order_time=2021-10-14 HTTP/1.1" 200 409
120.253.135.82 - - [14/Oct/2021:09:54:24 +0800] "GET /xingrg/all/function/internal_message.html?_=1634176234571&CODE_STATE=getMsg HTTP/1.1" 200 27
116.230.105.26 - - [14/Oct/2021:09:54:24 +0800] "GET /xingrg/all/function/internal_message.html?_=1634176451145&CODE_STATE=getMsg HTTP/1.1" 200 27
114.83.222.51 - - [14/Oct/2021:09:54:24 +0800] "GET /xingrg/all/function/internal_message.html?_=1634176464214&CODE_STATE=getMsg HTTP/1.1" 200 27
116.238.248.233 - - [14/Oct/2021:09:54:25 +0800] "POST /xingrg/kc/buy/cgsh_order_operate.html HTTP/1.1" 200 12
116.230.105.26 - - [14/Oct/2021:09:54:25 +0800] "GET /xingrg/check_reg.html?_=1634176452243 HTTP/1.1" 200 22
116.238.248.233 - - [14/Oct/2021:09:54:26 +0800] "GET /xingrg/kc/buy/cgsh_order_info.html?code=212021101405959 HTTP/1.1" 200 59222
116.238.248.233 - - [14/Oct/2021:09:54:26 +0800] "GET /xingrg/words/20211014093203_words.js HTTP/1.1" 304 -
172.20.0.100 - - [14/Oct/2021:09:54:26 +0800] "GET /xingrg/all/function/internal_message.html?_=1634176466711&CODE_STATE=getMsg HTTP/1.1" 200 27
116.238.248.233 - - [14/Oct/2021:09:54:26 +0800] "GET /xingrg/javascript/easyui/themes/default/validatebox.css HTTP/1.1" 404 1104
116.238.248.233 - - [14/Oct/2021:09:54:26 +0800] "POST /xingrg/kc/buy/cgsh_order_operate.html HTTP/1.1" 200 3768
116.238.248.233 - - [14/Oct/2021:09:54:28 +0800] "GET /xingrg/kc/print/load_data.html?order_code=212021101405959&kc_code=cgsh&condition= HTTP/1.1" 200 2020
222.70.178.96 - - [14/Oct/2021:09:54:29 +0800] "GET /xingrg/all/function/internal_message.html?_=1634176466097&CODE_STATE=getMsg HTTP/1.1" 200 27
58.37.227.186 - - [14/Oct/2021:09:54:30 +0800] "GET /xingrg/kc/buy/cgsh_order_operate.html?command=get_materiel&rest_code=00141&code=00101006109&supplier_code=00100012&order_time=2021-10-14 HTTP/1.1" 200 409
58.39.139.200 - - [14/Oct/2021:09:54:36 +0800] "GET /xingrg/all/function/internal_message.html?_=1634176477079&CODE_STATE=getMsg HTTP/1.1" 200 27
58.37.227.186 - - [14/Oct/2021:09:54:37 +0800] "GET /xingrg/kc/buy/cgsh_order_operate.html?command=get_materiel&rest_code=00141&code=00101006055&supplier_code=00100012&order_time=2021-10-14 HTTP/1.1" 200 409
124.77.244.175 - - [14/Oct/2021:09:54:41 +0800] "POST /xingrg/login.do HTTP/1.1" 302 -
124.77.244.175 - - [14/Oct/2021:09:54:41 +0800] "GET /xingrg/javascript/jquery_easy_ui/themes/default/easyui.css HTTP/1.1" 304 -
124.77.244.175 - - [14/Oct/2021:09:54:41 +0800] "GET /xingrg/index.html?sysBaseUrl=http%3A%2F%2F180.169.147.146%3A18081%2Fxingrg%2F&costTime=41×tamp=1634176481082 HTTP/1.1" 200 17179
124.77.244.175 - - [14/Oct/2021:09:54:41 +0800] "GET /xingrg/javascript/jquery-1.4.2.min.js HTTP/1.1" 304 -
124.77.244.175 - - [14/Oct/2021:09:54:41 +0800] "GET /xingrg/javascript/jquery_easy_ui/themes/icon.css HTTP/1.1" 304 -
124.77.244.175 - - [14/Oct/2021:09:54:41 +0800] "GET /xingrg/javascript/jquery_easy_ui/easyui-lang-zh_CN.js HTTP/1.1" 304 -
124.77.244.175 - - [14/Oct/2021:09:54:41 +0800] "GET /xingrg/javascript/jquery_easy_ui/jquery.easyui.min.js HTTP/1.1" 304 -
124.77.244.175 - - [14/Oct/2021:09:54:41 +0800] "GET /xingrg/javascript/jquery.form.js HTTP/1.1" 304 -
124.77.244.175 - - [14/Oct/2021:09:54:41 +0800] "GET /xingrg/javascript/jquery.utils.js HTTP/1.1" 304 -
124.77.244.175 - - [14/Oct/2021:09:54:41 +0800] "GET /xingrg/javascript/jquery.timers.js HTTP/1.1" 304 -
124.77.244.175 - - [14/Oct/2021:09:54:41 +0800] "GET /xingrg/css/form.css HTTP/1.1" 304 -
124.77.244.175 - - [14/Oct/2021:09:54:41 +0800] "GET /favicon.ico HTTP/1.1" 404 -
124.77.244.175 - - [14/Oct/2021:09:54:41 +0800] "GET /xingrg/javascript/jquery_easy_ui/themes/icons/settle_new.png HTTP/1.1" 304 -
124.77.244.175 - - [14/Oct/2021:09:54:41 +0800] "GET /xingrg/images/blue/navBackgound.jpg HTTP/1.1" 304 -
124.77.244.175 - - [14/Oct/2021:09:54:41 +0800] "POST /xingrg/all/common/load_tree.html?tree=area_rest_tree_json&manage=1 HTTP/1.1" 200 479
124.77.244.175 - - [14/Oct/2021:09:54:41 +0800] "GET /xingrg/images/blue/pingpu.png HTTP/1.1" 304 -
124.77.244.175 - - [14/Oct/2021:09:54:41 +0800] "GET /xingrg/javascript/jquery_easy_ui/themes/default/images/tabs_leftarrow.png HTTP/1.1" 304 -
124.77.244.175 - - [14/Oct/2021:09:54:41 +0800] "GET /xingrg/javascript/jquery_easy_ui/themes/default/images/tabs_rightarrow.png HTTP/1.1" 304 -
124.77.244.175 - - [14/Oct/2021:09:54:41 +0800] "GET /xingrg/javascript/jquery_easy_ui/themes/default/images/panel_tool_collapse.gif HTTP/1.1" 304 -
124.77.244.175 - - [14/Oct/2021:09:54:41 +0800] "GET /xingrg/all/function/internal_message.html?_=1634176486097&CODE_STATE=count HTTP/1.1" 200 11
124.77.244.175 - - [14/Oct/2021:09:54:41 +0800] "GET /xingrg/check_reg.html?_=1634176486097 HTTP/1.1" 200 22
124.77.244.175 - - [14/Oct/2021:09:54:41 +0800] "GET /xingrg/javascript/jquery_easy_ui/themes/default/images/tree_arrows.gif HTTP/1.1" 304 -
124.77.244.175 - - [14/Oct/2021:09:54:41 +0800] "POST /xingrg/load_menu.html HTTP/1.1" 200 5138
124.77.244.175 - - [14/Oct/2021:09:54:41 +0800] "GET /xingrg/javascript/jquery_easy_ui/themes/default/images/tree_folder_open.gif HTTP/1.1" 304 -
124.77.244.175 - - [14/Oct/2021:09:54:41 +0800] "GET /xingrg/javascript/jquery_easy_ui/themes/icons/search_new.png HTTP/1.1" 304 -
124.77.244.175 - - [14/Oct/2021:09:54:41 +0800] "GET /xingrg/javascript/jquery_easy_ui/themes/default/images/tree_folder.gif HTTP/1.1" 304 -
124.77.244.175 - - [14/Oct/2021:09:54:41 +0800] "GET /xingrg/javascript/jquery_easy_ui/themes/icons/storage_new.png HTTP/1.1" 304 -
124.77.244.175 - - [14/Oct/2021:09:54:41 +0800] "GET /xingrg/javascript/jquery_easy_ui/themes/icons/forms_new.png HTTP/1.1" 304 -
124.77.244.175 - - [14/Oct/2021:09:54:41 +0800] "GET /xingrg/javascript/jquery_easy_ui/themes/default/images/tree_file.gif HTTP/1.1" 304 -
116.232.54.237 - - [14/Oct/2021:09:54:46 +0800] "GET /xingrg/all/function/internal_message.html?_=1634176486625&CODE_STATE=getMsg HTTP/1.1" 200 27
124.77.244.175 - - [14/Oct/2021:09:54:48 +0800] "GET /xingrg/javascript/jquery_easy_ui/themes/default/images/tabs_close.gif HTTP/1.1" 304 -
124.77.244.175 - - [14/Oct/2021:09:54:49 +0800] "GET /xingrg/css/site.css HTTP/1.1" 304 -
124.77.244.175 - - [14/Oct/2021:09:54:49 +0800] "GET /xingrg/css/base.css HTTP/1.1" 304 -
124.77.244.175 - - [14/Oct/2021:09:54:49 +0800] "GET /xingrg/javascript/easyui/themes/icon.css HTTP/1.1" 304 -
124.77.244.175 - - [14/Oct/2021:09:54:49 +0800] "GET /xingrg/javascript/easyui/themes/default/easyui.css HTTP/1.1" 304 -
124.77.244.175 - - [14/Oct/2021:09:54:49 +0800] "GET /xingrg/javascript/auto/jquery.autocomplete.css HTTP/1.1" 304 -
124.77.244.175 - - [14/Oct/2021:09:54:49 +0800] "GET /xingrg/javascript/jquery_tools/fix.css HTTP/1.1" 304 -
124.77.244.175 - - [14/Oct/2021:09:54:49 +0800] "GET /xingrg/javascript/jquery_tools/table.css HTTP/1.1" 304 -
124.77.244.175 - - [14/Oct/2021:09:54:49 +0800] "GET /xingrg/javascript/jquery_tools/jquery.tools.min.js HTTP/1.1" 304 -
124.77.244.175 - - [14/Oct/2021:09:54:49 +0800] "GET /xingrg/javascript/jquery_tools/jquery.tools.hotkey.js HTTP/1.1" 304 -
124.77.244.175 - - [14/Oct/2021:09:54:49 +0800] "GET /xingrg/javascript/jquery_tools/jquery.tools.table.js HTTP/1.1" 304 -
124.77.244.175 - - [14/Oct/2021:09:54:49 +0800] "GET /xingrg/javascript/jquery_tools/datebox.css HTTP/1.1" 304 -
124.77.244.175 - - [14/Oct/2021:09:54:49 +0800] "GET /xingrg/javascript/jquery_tools/list_manager.js HTTP/1.1" 304 -
124.77.244.175 - - [14/Oct/2021:09:54:49 +0800] "GET /xingrg/javascript/jquery_tools/jquery.tools.extend.js HTTP/1.1" 304 -
124.77.244.175 - - [14/Oct/2021:09:54:49 +0800] "GET /xingrg/javascript/jquery.cookie.js HTTP/1.1" 304 -
124.77.244.175 - - [14/Oct/2021:09:54:49 +0800] "GET /xingrg/javascript/print/LodopFuncs.js HTTP/1.1" 304 -
124.77.244.175 - - [14/Oct/2021:09:54:49 +0800] "GET /xingrg/javascript/auto/jquery.autocomplete.js HTTP/1.1" 304 -
124.77.244.175 - - [14/Oct/2021:09:54:49 +0800] "GET /xingrg/javascript/easyui/easyloader.js HTTP/1.1" 304 -
124.77.244.175 - - [14/Oct/2021:09:54:49 +0800] "GET /xingrg/kc/buy/cgsh_order_list.html HTTP/1.1" 200 48947
124.77.244.175 - - [14/Oct/2021:09:54:49 +0800] "GET /xingrg/javascript/easyui/themes/icons/edit_add_new.png HTTP/1.1" 304 -
124.77.244.175 - - [14/Oct/2021:09:54:49 +0800] "GET /xingrg/javascript/easyui/themes/icons/cance_new.png HTTP/1.1" 304 -
124.77.244.175 - - [14/Oct/2021:09:54:49 +0800] "GET /xingrg/javascript/easyui/themes/icons/check_new.png HTTP/1.1" 304 -
124.77.244.175 - - [14/Oct/2021:09:54:49 +0800] "GET /xingrg/javascript/easyui/themes/icons/field_new.png HTTP/1.1" 304 -
124.77.244.175 - - [14/Oct/2021:09:54:49 +0800] "GET /xingrg/javascript/easyui/themes/icons/import_new.png HTTP/1.1" 304 -
