124.77.244.175 - - [14/Oct/2021:09:54:49 +0800] "GET /xingrg/javascript/jquery_easy_ui/themes/icons/area.png HTTP/1.1" 304 -
124.77.244.175 - - [14/Oct/2021:09:54:49 +0800] "GET /xingrg/javascript/jquery_easy_ui/themes/icons/rest.png HTTP/1.1" 304 -
124.77.244.175 - - [14/Oct/2021:09:54:49 +0800] "GET /xingrg/javascript/easyui/plugins/jquery.parser.js HTTP/1.1" 304 -
124.77.244.175 - - [14/Oct/2021:09:54:49 +0800] "GET /xingrg/images/control/ajaxLoader.gif HTTP/1.1" 304 -
58.37.227.186 - - [14/Oct/2021:09:54:49 +0800] "GET /xingrg/kc/buy/cgsh_order_operate.html?command=get_materiel&rest_code=00141&code=00101006108&supplier_code=00100012&order_time=2021-10-14 HTTP/1.1" 200 420
124.77.244.175 - - [14/Oct/2021:09:54:50 +0800] "POST /xingrg/kc/buy/cgsh_list_operate.html HTTP/1.1" 200 1676
124.77.244.175 - - [14/Oct/2021:09:54:51 +0800] "GET /xingrg/javascript/easyui/themes/default/images/button_plain_hover.png HTTP/1.1" 304 -
116.238.248.233 - - [14/Oct/2021:09:54:52 +0800] "GET /xingrg/all/function/internal_message.html?_=1634176490623&CODE_STATE=getMsg HTTP/1.1" 200 27
58.37.227.186 - - [14/Oct/2021:09:54:57 +0800] "GET /xingrg/kc/buy/cgsh_order_operate.html?command=get_materiel&rest_code=00141&code=00101006138&supplier_code=00100012&order_time=2021-10-14 HTTP/1.1" 200 411
124.77.244.175 - - [14/Oct/2021:09:54:58 +0800] "POST /xingrg/kc/buy/cgsh_list_operate.html HTTP/1.1" 200 203
222.69.131.205 - - [14/Oct/2021:09:54:58 +0800] "GET /xingrg/all/function/internal_message.html?_=1634176500351&CODE_STATE=getMsg HTTP/1.1" 200 27
222.69.131.205 - - [14/Oct/2021:09:54:58 +0800] "GET /xingrg/check_reg.html?_=1634176500355 HTTP/1.1" 200 22
124.77.244.175 - - [14/Oct/2021:09:55:00 +0800] "GET /xingrg/javascript/pic_change.js HTTP/1.1" 304 -
124.77.244.175 - - [14/Oct/2021:09:55:00 +0800] "GET /xingrg/javascript/jquery_tools/order_manager.js HTTP/1.1" 304 -
124.77.244.175 - - [14/Oct/2021:09:55:00 +0800] "GET /xingrg/javascript/convert.js HTTP/1.1" 304 -
124.77.244.175 - - [14/Oct/2021:09:55:00 +0800] "GET /xingrg/javascript/json2.js HTTP/1.1" 304 -
124.77.244.175 - - [14/Oct/2021:09:55:00 +0800] "GET /xingrg/javascript/print/kc_print.js HTTP/1.1" 304 -
124.77.244.175 - - [14/Oct/2021:09:55:00 +0800] "GET /xingrg/kc/buy/cgsh_order_info.html?code=212021101305800 HTTP/1.1" 200 64686
124.77.244.175 - - [14/Oct/2021:09:55:00 +0800] "GET /xingrg/words/20211014093203_words.js HTTP/1.1" 200 856194
124.77.244.175 - - [14/Oct/2021:09:55:00 +0800] "GET /xingrg/javascript/easyui/themes/icons/copy_new.png HTTP/1.1" 304 -
124.77.244.175 - - [14/Oct/2021:09:55:00 +0800] "GET /xingrg/javascript/easyui/themes/icons/template_new.png HTTP/1.1" 304 -
124.77.244.175 - - [14/Oct/2021:09:55:00 +0800] "GET /xingrg/javascript/easyui/themes/icons/ok.png HTTP/1.1" 304 -
124.77.244.175 - - [14/Oct/2021:09:55:00 +0800] "GET /xingrg/javascript/easyui/themes/icons/print.png HTTP/1.1" 304 -
124.77.244.175 - - [14/Oct/2021:09:55:00 +0800] "GET /xingrg/javascript/easyui/themes/default/images/menu_downarrow.png HTTP/1.1" 304 -
124.77.244.175 - - [14/Oct/2021:09:55:00 +0800] "GET /xingrg/javascript/easyui/themes/icons/cancel.png HTTP/1.1" 304 -
124.77.244.175 - - [14/Oct/2021:09:55:00 +0800] "GET /xingrg/all/common/auto_word.html?type=employee&rest_code=00146 HTTP/1.1" 200 101
124.77.244.175 - - [14/Oct/2021:09:55:00 +0800] "GET /xingrg/all/common/auto_word.html?type=employee&rest_code=00146 HTTP/1.1" 200 101
124.77.244.175 - - [14/Oct/2021:09:55:00 +0800] "GET /xingrg/javascript/easyui/themes/default/validatebox.css HTTP/1.1" 404 1104
124.77.244.175 - - [14/Oct/2021:09:55:00 +0800] "GET /xingrg/javascript/easyui/plugins/jquery.validatebox.js HTTP/1.1" 304 -
124.77.244.175 - - [14/Oct/2021:09:55:00 +0800] "GET /xingrg/javascript/easyui/plugins/jquery.numberbox.js HTTP/1.1" 304 -
124.77.244.175 - - [14/Oct/2021:09:55:01 +0800] "POST /xingrg/kc/buy/cgsh_order_operate.html HTTP/1.1" 200 2665
124.77.244.175 - - [14/Oct/2021:09:55:01 +0800] "GET /xingrg/javascript/easyui/themes/icons/edit_remove.png HTTP/1.1" 304 -
58.37.227.186 - - [14/Oct/2021:09:55:01 +0800] "GET /xingrg/all/function/internal_message.html?_=1634176353563&CODE_STATE=getMsg HTTP/1.1" 200 27
180.169.147.146 - - [14/Oct/2021:09:55:05 +0800] "GET /xingrg/all/function/internal_message.html?_=1634176505177&CODE_STATE=getMsg HTTP/1.1" 200 27
116.238.248.233 - - [14/Oct/2021:09:55:06 +0800] "POST /xingrg/all/user/operate.html HTTP/1.1" 200 36
116.238.248.233 - - [14/Oct/2021:09:55:06 +0800] "GET /xingrg/javascript/jquery_easy_ui/themes/default/easyui.css HTTP/1.1" 304 -
116.238.248.233 - - [14/Oct/2021:09:55:06 +0800] "GET /xingrg/index.html?sysBaseUrl=http%3A%2F%2F180.169.147.146%3A18081%2Fxingrg%2F&costTime=47×tamp=1634175347315 HTTP/1.1" 200 17179
116.238.248.233 - - [14/Oct/2021:09:55:06 +0800] "GET /xingrg/javascript/jquery_easy_ui/themes/icon.css HTTP/1.1" 304 -
116.238.248.233 - - [14/Oct/2021:09:55:06 +0800] "GET /xingrg/css/form.css HTTP/1.1" 304 -
116.238.248.233 - - [14/Oct/2021:09:55:07 +0800] "GET /xingrg/javascript/jquery-1.4.2.min.js HTTP/1.1" 304 -
116.238.248.233 - - [14/Oct/2021:09:55:07 +0800] "GET /xingrg/javascript/jquery_easy_ui/jquery.easyui.min.js HTTP/1.1" 304 -
116.238.248.233 - - [14/Oct/2021:09:55:07 +0800] "GET /xingrg/javascript/jquery_easy_ui/easyui-lang-zh_CN.js HTTP/1.1" 304 -
116.238.248.233 - - [14/Oct/2021:09:55:07 +0800] "GET /xingrg/javascript/jquery.form.js HTTP/1.1" 304 -
116.238.248.233 - - [14/Oct/2021:09:55:07 +0800] "GET /xingrg/javascript/jquery.utils.js HTTP/1.1" 304 -
116.238.248.233 - - [14/Oct/2021:09:55:07 +0800] "GET /xingrg/javascript/jquery.timers.js HTTP/1.1" 304 -
116.238.248.233 - - [14/Oct/2021:09:55:07 +0800] "GET /xingrg/images/blue/jxLogo.png HTTP/1.1" 304 -
116.238.248.233 - - [14/Oct/2021:09:55:07 +0800] "GET /xingrg/javascript/jquery_easy_ui/themes/icons/settle_new.png HTTP/1.1" 304 -
116.238.248.233 - - [14/Oct/2021:09:55:07 +0800] "GET /xingrg/images/blue/navBackgound.jpg HTTP/1.1" 304 -
116.238.248.233 - - [14/Oct/2021:09:55:07 +0800] "POST /xingrg/all/common/load_tree.html?tree=area_rest_tree_json&manage=1 HTTP/1.1" 200 476
116.238.248.233 - - [14/Oct/2021:09:55:07 +0800] "GET /xingrg/all/function/internal_message.html?_=1634176505361&CODE_STATE=count HTTP/1.1" 200 11
116.238.248.233 - - [14/Oct/2021:09:55:07 +0800] "GET /xingrg/check_reg.html?_=1634176505363 HTTP/1.1" 200 22
116.238.248.233 - - [14/Oct/2021:09:55:07 +0800] "GET /xingrg/javascript/jquery_easy_ui/themes/default/images/tabs_leftarrow.png HTTP/1.1" 304 -
116.238.248.233 - - [14/Oct/2021:09:55:07 +0800] "GET /xingrg/javascript/jquery_easy_ui/themes/default/images/panel_tool_collapse.gif HTTP/1.1" 304 -
116.238.248.233 - - [14/Oct/2021:09:55:07 +0800] "GET /xingrg/javascript/jquery_easy_ui/themes/default/images/tabs_rightarrow.png HTTP/1.1" 304 -
116.238.248.233 - - [14/Oct/2021:09:55:07 +0800] "GET /xingrg/images/blue/pingpu.png HTTP/1.1" 304 -
116.238.248.233 - - [14/Oct/2021:09:55:07 +0800] "POST /xingrg/load_menu.html HTTP/1.1" 200 5138
116.238.248.233 - - [14/Oct/2021:09:55:09 +0800] "GET /xingrg/kc/buy/cgsh_order_list.html HTTP/1.1" 200 48947
124.77.244.175 - - [14/Oct/2021:09:55:09 +0800] "GET /xingrg/javascript/auto/indicator.gif HTTP/1.1" 404 1066
58.37.227.186 - - [14/Oct/2021:09:55:09 +0800] "GET /xingrg/kc/buy/cgsh_order_operate.html?command=get_materiel&rest_code=00141&code=00101006130&supplier_code=00100012&order_time=2021-10-14 HTTP/1.1" 200 427
116.238.248.233 - - [14/Oct/2021:09:55:12 +0800] "POST /xingrg/kc/buy/cgsh_list_operate.html HTTP/1.1" 200 2070
116.238.248.233 - - [14/Oct/2021:09:55:13 +0800] "GET /xingrg/kc/buy/cgsh_order_add.html HTTP/1.1" 200 64603
124.77.244.175 - - [14/Oct/2021:09:55:13 +0800] "GET /xingrg/javascript/jquery_tools/images/prev.gif HTTP/1.1" 404 1086
124.77.244.175 - - [14/Oct/2021:09:55:13 +0800] "GET /xingrg/javascript/jquery_tools/images/next.gif HTTP/1.1" 404 1086
116.238.248.233 - - [14/Oct/2021:09:55:13 +0800] "GET /xingrg/javascript/easyui/themes/default/validatebox.css HTTP/1.1" 404 1104
116.238.248.233 - - [14/Oct/2021:09:55:13 +0800] "POST /xingrg/kc/buy/cgsh_order_operate.html HTTP/1.1" 200 8245
180.169.147.146 - - [14/Oct/2021:09:55:14 +0800] "GET /xingrg/all/function/internal_message.html?_=1634176570389&CODE_STATE=getMsg HTTP/1.1" 200 27
180.169.147.146 - - [14/Oct/2021:09:55:14 +0800] "GET /xingrg/check_reg.html?_=1634176570393 HTTP/1.1" 200 22
114.85.125.222 - - [14/Oct/2021:09:55:14 +0800] "GET /xingrg/check_reg.html?_=1634176468884 HTTP/1.1" 200 22
114.85.125.222 - - [14/Oct/2021:09:55:14 +0800] "GET /xingrg/all/function/internal_message.html?_=1634176469061&CODE_STATE=getMsg HTTP/1.1" 200 27
116.228.172.122 - - [14/Oct/2021:09:55:15 +0800] "GET /xingrg/all/function/internal_message.html?_=1634176516015&CODE_STATE=getMsg HTTP/1.1" 200 27
101.85.106.134 - - [14/Oct/2021:09:55:15 +0800] "GET /xingrg/all/function/internal_message.html?_=1634176391877&CODE_STATE=getMsg HTTP/1.1" 200 27
116.238.248.233 - - [14/Oct/2021:09:55:15 +0800] "GET /xingrg/javascript/auto/indicator.gif HTTP/1.1" 404 1066
58.37.227.186 - - [14/Oct/2021:09:55:17 +0800] "GET /xingrg/kc/buy/cgsh_order_operate.html?command=get_materiel&rest_code=00141&code=00101006113&supplier_code=00100012&order_time=2021-10-14 HTTP/1.1" 200 413
120.253.135.82 - - [14/Oct/2021:09:55:23 +0800] "GET /xingrg/check_reg.html?_=1634176294129 HTTP/1.1" 200 22
120.253.135.82 - - [14/Oct/2021:09:55:24 +0800] "GET /xingrg/all/function/internal_message.html?_=1634176294584&CODE_STATE=getMsg HTTP/1.1" 200 27
116.230.105.26 - - [14/Oct/2021:09:55:24 +0800] "GET /xingrg/all/function/internal_message.html?_=1634176511134&CODE_STATE=getMsg HTTP/1.1" 200 27
114.83.222.51 - - [14/Oct/2021:09:55:24 +0800] "GET /xingrg/all/function/internal_message.html?_=1634176524201&CODE_STATE=getMsg HTTP/1.1" 200 27
172.20.0.100 - - [14/Oct/2021:09:55:26 +0800] "GET /xingrg/all/function/internal_message.html?_=1634176526711&CODE_STATE=getMsg HTTP/1.1" 200 27
58.37.227.186 - - [14/Oct/2021:09:55:26 +0800] "GET /xingrg/kc/buy/cgsh_order_operate.html?command=get_materiel&rest_code=00141&code=00101006006&supplier_code=00100012&order_time=2021-10-14 HTTP/1.1" 200 409
222.70.178.96 - - [14/Oct/2021:09:55:29 +0800] "GET /xingrg/all/function/internal_message.html?_=1634176526081&CODE_STATE=getMsg HTTP/1.1" 200 27
58.37.227.186 - - [14/Oct/2021:09:55:33 +0800] "GET /xingrg/kc/buy/cgsh_order_operate.html?command=get_materiel&rest_code=00141&code=00101006178&supplier_code=00100012&order_time=2021-10-14 HTTP/1.1" 200 409
58.39.139.200 - - [14/Oct/2021:09:55:36 +0800] "GET /xingrg/all/function/internal_message.html?_=1634176537047&CODE_STATE=getMsg HTTP/1.1" 200 27
116.238.248.233 - - [14/Oct/2021:09:55:36 +0800] "GET /xingrg/kc/buy/cgsh_order_operate.html?command=get_materiel&rest_code=00150&code=00102006843&supplier_code=00100444&order_time=2021-10-14 HTTP/1.1" 200 414
58.39.139.200 - - [14/Oct/2021:09:55:38 +0800] "POST /xingrg/services/DataTransmitService HTTP/1.1" 401 565
58.39.139.200 - - [14/Oct/2021:09:55:38 +0800] "POST /xingrg/services/DataTransmitService HTTP/1.1" 200 478
58.39.139.200 - - [14/Oct/2021:09:55:38 +0800] "POST /xingrg/services/DataTransmitService HTTP/1.1" 200 1320
58.39.139.200 - - [14/Oct/2021:09:55:38 +0800] "POST /xingrg/services/DataTransmitService HTTP/1.1" 200 478
58.39.139.200 - - [14/Oct/2021:09:55:38 +0800] "POST /xingrg/services/DataTransmitService HTTP/1.1" 200 1320
58.39.139.200 - - [14/Oct/2021:09:55:38 +0800] "POST /xingrg/services/DataTransmitService HTTP/1.1" 200 524
58.39.139.200 - - [14/Oct/2021:09:55:39 +0800] "POST /xingrg/services/DataTransmitService HTTP/1.1" 200 2235
58.39.139.200 - - [14/Oct/2021:09:55:39 +0800] "POST /xingrg/services/DataTransmitService HTTP/1.1" 200 2467
58.39.139.200 - - [14/Oct/2021:09:55:39 +0800] "POST /xingrg/services/DataTransmitService HTTP/1.1" 200 1427
58.37.227.186 - - [14/Oct/2021:09:55:40 +0800] "GET /xingrg/kc/buy/cgsh_order_operate.html?command=get_materiel&rest_code=00141&code=00101006062&supplier_code=00100012&order_time=2021-10-14 HTTP/1.1" 200 411
58.39.139.200 - - [14/Oct/2021:09:55:40 +0800] "POST /xingrg/services/DataTransmitService HTTP/1.1" 200 138844
124.77.244.175 - - [14/Oct/2021:09:55:41 +0800] "GET /xingrg/all/function/internal_message.html?_=1634176546103&CODE_STATE=getMsg HTTP/1.1" 200 27
116.238.248.233 - - [14/Oct/2021:09:55:42 +0800] "GET /xingrg/kc/buy/cgsh_order_operate.html?command=get_materiel&rest_code=00150&code=00102005046&supplier_code=00100444&order_time=2021-10-14 HTTP/1.1" 200 417
116.232.54.237 - - [14/Oct/2021:09:55:46 +0800] "GET /xingrg/all/function/internal_message.html?_=1634176546626&CODE_STATE=getMsg HTTP/1.1" 200 27
116.238.248.233 - - [14/Oct/2021:09:55:53 +0800] "GET /xingrg/kc/buy/cgsh_order_operate.html?command=get_materiel&rest_code=00150&code=00102005327&supplier_code=00100444&order_time=2021-10-14 HTTP/1.1" 200 417
222.69.131.205 - - [14/Oct/2021:09:55:58 +0800] "GET /xingrg/all/function/internal_message.html?_=1634176560357&CODE_STATE=getMsg HTTP/1.1" 200 27
58.37.227.186 - - [14/Oct/2021:09:56:01 +0800] "GET /xingrg/all/function/internal_message.html?_=1634176413576&CODE_STATE=getMsg HTTP/1.1" 200 27
222.70.178.96 - - [14/Oct/2021:09:56:02 +0800] "GET /xingrg/check_reg.html?_=1634176559888 HTTP/1.1" 200 22
124.77.244.175 - - [14/Oct/2021:09:56:04 +0800] "GET /xingrg/javascript/jquery_easy_ui/themes/default/images/tabs_active.png HTTP/1.1" 304 -
124.77.244.175 - - [14/Oct/2021:09:56:04 +0800] "GET /xingrg/javascript/jquery_easy_ui/themes/default/images/tabs_active.png HTTP/1.1" 304 -
180.169.147.146 - - [14/Oct/2021:09:56:05 +0800] "GET /xingrg/check_reg.html?_=1634176565181 HTTP/1.1" 200 22
180.169.147.146 - - [14/Oct/2021:09:56:05 +0800] "GET /xingrg/all/function/internal_message.html?_=1634176565185&CODE_STATE=getMsg HTTP/1.1" 200 27
116.238.248.233 - - [14/Oct/2021:09:56:07 +0800] "GET /xingrg/all/function/internal_message.html?_=1634176565375&CODE_STATE=getMsg HTTP/1.1" 200 27
124.77.244.175 - - [14/Oct/2021:09:56:11 +0800] "POST /xingrg/kc/buy/cgsh_order_operate.html HTTP/1.1" 200 37
58.39.139.200 - - [14/Oct/2021:09:56:13 +0800] "POST /xingrg/services/DataTransmitService HTTP/1.1" 200 45454
58.39.139.200 - - [14/Oct/2021:09:56:13 +0800] "POST /xingrg/services/DataTransmitService HTTP/1.1" 200 19237
180.169.147.146 - - [14/Oct/2021:09:56:14 +0800] "GET /xingrg/all/function/internal_message.html?_=1634176630394&CODE_STATE=getMsg HTTP/1.1" 200 27
114.85.125.222 - - [14/Oct/2021:09:56:15 +0800] "GET /xingrg/all/function/internal_message.html?_=1634176529073&CODE_STATE=getMsg HTTP/1.1" 200 27
124.77.244.175 - - [14/Oct/2021:09:56:15 +0800] "POST /xingrg/kc/buy/cgsh_order_operate.html HTTP/1.1" 200 12
116.228.172.122 - - [14/Oct/2021:09:56:15 +0800] "GET /xingrg/all/function/internal_message.html?_=1634176576015&CODE_STATE=getMsg HTTP/1.1" 200 27
101.85.106.134 - - [14/Oct/2021:09:56:15 +0800] "GET /xingrg/all/function/internal_message.html?_=1634176451901&CODE_STATE=getMsg HTTP/1.1" 200 27
124.77.244.175 - - [14/Oct/2021:09:56:16 +0800] "GET /xingrg/kc/buy/cgsh_order_info.html?code=212021101305800 HTTP/1.1" 200 59586
124.77.244.175 - - [14/Oct/2021:09:56:16 +0800] "GET /xingrg/javascript/easyui/themes/default/validatebox.css HTTP/1.1" 404 1104
124.77.244.175 - - [14/Oct/2021:09:56:17 +0800] "POST /xingrg/kc/buy/cgsh_order_operate.html HTTP/1.1" 200 615
58.37.227.186 - - [14/Oct/2021:09:56:23 +0800] "POST /xingrg/kc/buy/cgsh_order_operate.html HTTP/1.1" 200 37
120.253.135.82 - - [14/Oct/2021:09:56:24 +0800] "GET /xingrg/all/function/internal_message.html?_=1634176354598&CODE_STATE=getMsg HTTP/1.1" 200 27
116.230.105.26 - - [14/Oct/2021:09:56:24 +0800] "GET /xingrg/all/function/internal_message.html?_=1634176571114&CODE_STATE=getMsg HTTP/1.1" 200 27
114.83.222.51 - - [14/Oct/2021:09:56:24 +0800] "GET /xingrg/all/function/internal_message.html?_=1634176584184&CODE_STATE=getMsg HTTP/1.1" 200 27
172.20.0.100 - - [14/Oct/2021:09:56:26 +0800] "GET /xingrg/all/function/internal_message.html?_=1634176586702&CODE_STATE=getMsg HTTP/1.1" 200 27
172.20.0.100 - - [14/Oct/2021:09:56:26 +0800] "GET /xingrg/check_reg.html?_=1634176586704 HTTP/1.1" 200 22
58.37.227.186 - - [14/Oct/2021:09:56:27 +0800] "POST /xingrg/kc/buy/cgsh_order_operate.html HTTP/1.1" 200 12
58.37.227.186 - - [14/Oct/2021:09:56:28 +0800] "GET /xingrg/kc/buy/cgsh_order_info.html?code=212021101405961 HTTP/1.1" 200 59594
58.37.227.186 - - [14/Oct/2021:09:56:29 +0800] "GET /xingrg/javascript/easyui/themes/default/validatebox.css HTTP/1.1" 404 1104
222.70.178.96 - - [14/Oct/2021:09:56:29 +0800] "GET /xingrg/all/function/internal_message.html?_=1634176586065&CODE_STATE=getMsg HTTP/1.1" 200 27
58.37.227.186 - - [14/Oct/2021:09:56:29 +0800] "POST /xingrg/kc/buy/cgsh_order_operate.html HTTP/1.1" 200 7125
58.39.139.200 - - [14/Oct/2021:09:56:29 +0800] "GET /xingrg/check_reg.html?_=1634176590604 HTTP/1.1" 200 22
58.37.227.186 - - [14/Oct/2021:09:56:32 +0800] "GET /xingrg/kc/print/load_data.html?order_code=212021101405961&kc_code=cgsh&condition= HTTP/1.1" 200 3280
58.39.139.200 - - [14/Oct/2021:09:56:36 +0800] "GET /xingrg/all/function/internal_message.html?_=1634176597028&CODE_STATE=getMsg HTTP/1.1" 200 27
58.37.227.186 - - [14/Oct/2021:09:56:37 +0800] "GET /xingrg/kc/buy/cgsh_order_add.html HTTP/1.1" 200 64685
58.37.227.186 - - [14/Oct/2021:09:56:37 +0800] "POST /xingrg/kc/buy/cgsh_order_operate.html HTTP/1.1" 200 8245
58.37.227.186 - - [14/Oct/2021:09:56:37 +0800] "GET /xingrg/javascript/easyui/themes/default/validatebox.css HTTP/1.1" 404 1104
124.77.244.175 - - [14/Oct/2021:09:56:41 +0800] "GET /xingrg/all/function/internal_message.html?_=1634176606124&CODE_STATE=getMsg HTTP/1.1" 200 27
116.232.54.237 - - [14/Oct/2021:09:56:46 +0800] "GET /xingrg/all/function/internal_message.html?_=1634176606629&CODE_STATE=getMsg HTTP/1.1" 200 27
58.37.227.186 - - [14/Oct/2021:09:56:50 +0800] "GET /xingrg/kc/buy/cgsh_order_operate.html?command=get_materiel&rest_code=00141&code=00101005037&supplier_code=00100040&order_time=2021-10-14 HTTP/1.1" 200 409
58.37.227.186 - - [14/Oct/2021:09:56:58 +0800] "GET /xingrg/kc/buy/cgsh_order_operate.html?command=get_materiel&rest_code=00141&code=00101005036&supplier_code=00100040&order_time=2021-10-14 HTTP/1.1" 200 409
222.69.131.205 - - [14/Oct/2021:09:56:58 +0800] "GET /xingrg/all/function/internal_message.html?_=1634176620344&CODE_STATE=getMsg HTTP/1.1" 200 27
58.37.227.186 - - [14/Oct/2021:09:57:01 +0800] "GET /xingrg/all/function/internal_message.html?_=1634176473588&CODE_STATE=getMsg HTTP/1.1" 200 27
58.37.227.186 - - [14/Oct/2021:09:57:01 +0800] "GET /xingrg/check_reg.html?_=1634176473585 HTTP/1.1" 200 22
124.77.244.175 - - [14/Oct/2021:09:57:01 +0800] "GET /xingrg/kc/buy/cgsh_order_list.html HTTP/1.1" 200 48947
124.77.244.175 - - [14/Oct/2021:09:57:02 +0800] "POST /xingrg/kc/buy/cgsh_list_operate.html HTTP/1.1" 200 876
124.77.244.175 - - [14/Oct/2021:09:57:04 +0800] "GET /xingrg/kc/buy/cgsh_order_add.html HTTP/1.1" 200 64685
124.77.244.175 - - [14/Oct/2021:09:57:04 +0800] "POST /xingrg/kc/buy/cgsh_order_operate.html HTTP/1.1" 200 8245
124.77.244.175 - - [14/Oct/2021:09:57:04 +0800] "GET /xingrg/javascript/easyui/themes/default/validatebox.css HTTP/1.1" 404 1104
180.169.147.146 - - [14/Oct/2021:09:57:05 +0800] "GET /xingrg/all/function/internal_message.html?_=1634176625182&CODE_STATE=getMsg HTTP/1.1" 200 27
116.238.248.233 - - [14/Oct/2021:09:57:07 +0800] "GET /xingrg/all/function/internal_message.html?_=1634176625380&CODE_STATE=getMsg HTTP/1.1" 200 27
116.238.248.233 - - [14/Oct/2021:09:57:08 +0800] "POST /xingrg/kc/buy/cgsh_order_operate.html HTTP/1.1" 200 37
58.37.227.186 - - [14/Oct/2021:09:57:12 +0800] "POST /xingrg/kc/buy/cgsh_order_operate.html HTTP/1.1" 200 37
116.238.248.233 - - [14/Oct/2021:09:57:13 +0800] "POST /xingrg/kc/buy/cgsh_order_operate.html HTTP/1.1" 200 12
116.238.248.233 - - [14/Oct/2021:09:57:14 +0800] "GET /xingrg/kc/buy/cgsh_order_info.html?code=212021101405962 HTTP/1.1" 200 59516
116.238.248.233 - - [14/Oct/2021:09:57:14 +0800] "GET /xingrg/words/20211014093203_words.js HTTP/1.1" 304 -
180.169.147.146 - - [14/Oct/2021:09:57:14 +0800] "GET /xingrg/all/function/internal_message.html?_=1634176690396&CODE_STATE=getMsg HTTP/1.1" 200 27
116.238.248.233 - - [14/Oct/2021:09:57:14 +0800] "GET /xingrg/javascript/easyui/themes/default/validatebox.css HTTP/1.1" 404 1104
114.85.125.222 - - [14/Oct/2021:09:57:15 +0800] "GET /xingrg/all/function/internal_message.html?_=1634176589085&CODE_STATE=getMsg HTTP/1.1" 200 27
116.238.248.233 - - [14/Oct/2021:09:57:15 +0800] "POST /xingrg/kc/buy/cgsh_order_operate.html HTTP/1.1" 200 1217
116.228.172.122 - - [14/Oct/2021:09:57:15 +0800] "GET /xingrg/all/function/internal_message.html?_=1634176636014&CODE_STATE=getMsg HTTP/1.1" 200 27
101.85.106.134 - - [14/Oct/2021:09:57:15 +0800] "GET /xingrg/all/function/internal_message.html?_=1634176511917&CODE_STATE=getMsg HTTP/1.1" 200 27
116.238.248.233 - - [14/Oct/2021:09:57:16 +0800] "GET /xingrg/kc/print/load_data.html?order_code=212021101405962&kc_code=cgsh&condition= HTTP/1.1" 200 939
58.37.227.186 - - [14/Oct/2021:09:57:16 +0800] "POST /xingrg/kc/buy/cgsh_order_operate.html HTTP/1.1" 200 12
58.37.227.186 - - [14/Oct/2021:09:57:17 +0800] "GET /xingrg/kc/buy/cgsh_order_info.html?code=212021101405963 HTTP/1.1" 200 59594
58.37.227.186 - - [14/Oct/2021:09:57:17 +0800] "GET /xingrg/javascript/easyui/themes/default/validatebox.css HTTP/1.1" 404 1104
58.37.227.186 - - [14/Oct/2021:09:57:18 +0800] "POST /xingrg/kc/buy/cgsh_order_operate.html HTTP/1.1" 200 1191
58.37.227.186 - - [14/Oct/2021:09:57:19 +0800] "GET /xingrg/kc/print/load_data.html?order_code=212021101405963&kc_code=cgsh&condition= HTTP/1.1" 200 990
58.37.227.186 - - [14/Oct/2021:09:57:23 +0800] "GET /xingrg/kc/buy/cgsh_order_add.html HTTP/1.1" 200 64685
58.37.227.186 - - [14/Oct/2021:09:57:23 +0800] "GET /xingrg/javascript/easyui/themes/default/validatebox.css HTTP/1.1" 404 1104
58.37.227.186 - - [14/Oct/2021:09:57:23 +0800] "POST /xingrg/kc/buy/cgsh_order_operate.html HTTP/1.1" 200 8245
116.230.105.26 - - [14/Oct/2021:09:57:24 +0800] "GET /xingrg/all/function/internal_message.html?_=1634176631087&CODE_STATE=getMsg HTTP/1.1" 200 27
114.83.222.51 - - [14/Oct/2021:09:57:24 +0800] "GET /xingrg/all/function/internal_message.html?_=1634176644169&CODE_STATE=getMsg HTTP/1.1" 200 27
172.20.0.100 - - [14/Oct/2021:09:57:26 +0800] "GET /xingrg/all/function/internal_message.html?_=1634176646701&CODE_STATE=getMsg HTTP/1.1" 200 27
222.70.178.96 - - [14/Oct/2021:09:57:29 +0800] "GET /xingrg/all/function/internal_message.html?_=1634176646051&CODE_STATE=getMsg HTTP/1.1" 200 27
58.37.227.186 - - [14/Oct/2021:09:57:33 +0800] "GET /xingrg/kc/buy/cgsh_order_operate.html?command=get_materiel&rest_code=00141&code=00101010136&supplier_code=00100036&order_time=2021-10-14 HTTP/1.1" 200 408
58.39.139.200 - - [14/Oct/2021:09:57:36 +0800] "GET /xingrg/all/function/internal_message.html?_=1634176657003&CODE_STATE=getMsg HTTP/1.1" 200 27
124.77.244.175 - - [14/Oct/2021:09:57:41 +0800] "GET /xingrg/all/function/internal_message.html?_=1634176666130&CODE_STATE=getMsg HTTP/1.1" 200 27
58.37.227.186 - - [14/Oct/2021:09:57:41 +0800] "GET /xingrg/kc/buy/cgsh_order_operate.html?command=get_materiel&rest_code=00141&code=00101012051&supplier_code=00100036&order_time=2021-10-14 HTTP/1.1" 200 408
116.232.54.237 - - [14/Oct/2021:09:57:46 +0800] "GET /xingrg/all/function/internal_message.html?_=1634176666630&CODE_STATE=getMsg HTTP/1.1" 200 27
116.232.54.237 - - [14/Oct/2021:09:57:46 +0800] "GET /xingrg/check_reg.html?_=1634176666632 HTTP/1.1" 200 22
124.77.244.175 - - [14/Oct/2021:09:57:47 +0800] "GET /xingrg/kc/buy/cgsh_order_operate.html?command=get_materiel&rest_code=00146&code=00101008219&supplier_code=00100005&order_time=2021-10-14 HTTP/1.1" 200 412
58.37.227.186 - - [14/Oct/2021:09:57:50 +0800] "GET /xingrg/kc/buy/cgsh_order_operate.html?command=get_materiel&rest_code=00141&code=00101016043&supplier_code=00100036&order_time=2021-10-14 HTTP/1.1" 200 442
58.37.227.186 - - [14/Oct/2021:09:57:55 +0800] "POST /xingrg/all/common/load_select.html HTTP/1.1" 200 25
58.37.227.186 - - [14/Oct/2021:09:57:58 +0800] "GET /xingrg/kc/buy/cgsh_order_operate.html?command=get_materiel_price&rest_code=00141&code=00101016043&unit_code=00100152&supplier_code=00100036&order_time=2021-10-14 HTTP/1.1" 200 28
222.69.131.205 - - [14/Oct/2021:09:57:58 +0800] "GET /xingrg/all/function/internal_message.html?_=1634176680346&CODE_STATE=getMsg HTTP/1.1" 200 27
58.37.227.186 - - [14/Oct/2021:09:58:01 +0800] "GET /xingrg/all/function/internal_message.html?_=1634176533584&CODE_STATE=getMsg HTTP/1.1" 200 27
124.77.244.175 - - [14/Oct/2021:09:58:05 +0800] "GET /xingrg/kc/buy/cgsh_order_operate.html?command=get_materiel&rest_code=00146&code=00101008349&supplier_code=00100005&order_time=2021-10-14 HTTP/1.1" 200 412
180.169.147.146 - - [14/Oct/2021:09:58:05 +0800] "GET /xingrg/all/function/internal_message.html?_=1634176685182&CODE_STATE=getMsg HTTP/1.1" 200 27
116.238.248.233 - - [14/Oct/2021:09:58:07 +0800] "GET /xingrg/all/function/internal_message.html?_=1634176685377&CODE_STATE=getMsg HTTP/1.1" 200 27
58.37.227.186 - - [14/Oct/2021:09:58:09 +0800] "GET /xingrg/kc/buy/cgsh_order_operate.html?command=get_materiel&rest_code=00141&code=00101012025&supplier_code=00100036&order_time=2021-10-14 HTTP/1.1" 200 412
180.169.147.146 - - [14/Oct/2021:09:58:14 +0800] "GET /xingrg/all/function/internal_message.html?_=1634176750398&CODE_STATE=getMsg HTTP/1.1" 200 27
114.83.222.51 - - [14/Oct/2021:09:58:14 +0800] "GET /xingrg/check_reg.html?_=1634176693992 HTTP/1.1" 200 22
114.85.125.222 - - [14/Oct/2021:09:58:15 +0800] "GET /xingrg/all/function/internal_message.html?_=1634176649136&CODE_STATE=getMsg HTTP/1.1" 200 27
116.228.172.122 - - [14/Oct/2021:09:58:15 +0800] "GET /xingrg/all/function/internal_message.html?_=1634176696008&CODE_STATE=getMsg HTTP/1.1" 200 27
101.85.106.134 - - [14/Oct/2021:09:58:15 +0800] "GET /xingrg/check_reg.html?_=1634176571901 HTTP/1.1" 200 22
101.85.106.134 - - [14/Oct/2021:09:58:15 +0800] "GET /xingrg/all/function/internal_message.html?_=1634176571903&CODE_STATE=getMsg HTTP/1.1" 200 27
58.37.227.186 - - [14/Oct/2021:09:58:15 +0800] "GET /xingrg/kc/buy/cgsh_order_operate.html?command=get_materiel&rest_code=00141&code=00101016025&supplier_code=00100036&order_time=2021-10-14 HTTP/1.1" 200 408
124.77.244.175 - - [14/Oct/2021:09:58:17 +0800] "GET /xingrg/kc/buy/cgsh_order_operate.html?command=get_materiel&rest_code=00146&code=00101008049&supplier_code=00100005&order_time=2021-10-14 HTTP/1.1" 200 408
116.230.105.26 - - [14/Oct/2021:09:58:24 +0800] "GET /xingrg/all/function/internal_message.html?_=1634176691080&CODE_STATE=getMsg HTTP/1.1" 200 27
114.83.222.51 - - [14/Oct/2021:09:58:24 +0800] "GET /xingrg/all/function/internal_message.html?_=1634176704162&CODE_STATE=getMsg HTTP/1.1" 200 27
172.20.0.100 - - [14/Oct/2021:09:58:26 +0800] "GET /xingrg/all/function/internal_message.html?_=1634176706703&CODE_STATE=getMsg HTTP/1.1" 200 27
124.77.244.175 - - [14/Oct/2021:09:58:28 +0800] "GET /xingrg/kc/buy/cgsh_order_operate.html?command=get_materiel&rest_code=00146&code=00101008087&supplier_code=00100005&order_time=2021-10-14 HTTP/1.1" 200 412
222.70.178.96 - - [14/Oct/2021:09:58:29 +0800] "GET /xingrg/all/function/internal_message.html?_=1634176706024&CODE_STATE=getMsg HTTP/1.1" 200 27
58.37.227.186 - - [14/Oct/2021:09:58:34 +0800] "GET /xingrg/kc/buy/cgsh_order_operate.html?command=get_materiel&rest_code=00141&code=00101010092&supplier_code=00100036&order_time=2021-10-14 HTTP/1.1" 200 450
58.39.139.200 - - [14/Oct/2021:09:58:36 +0800] "GET /xingrg/all/function/internal_message.html?_=1634176716981&CODE_STATE=getMsg HTTP/1.1" 200 27
124.77.244.175 - - [14/Oct/2021:09:58:40 +0800] "GET /xingrg/kc/buy/cgsh_order_operate.html?command=get_materiel&rest_code=00146&code=00101008067&supplier_code=00100005&order_time=2021-10-14 HTTP/1.1" 200 416
124.77.244.175 - - [14/Oct/2021:09:58:41 +0800] "GET /xingrg/all/function/internal_message.html?_=1634176726142&CODE_STATE=getMsg HTTP/1.1" 200 27
58.37.227.186 - - [14/Oct/2021:09:58:43 +0800] "GET /xingrg/kc/buy/cgsh_order_operate.html?command=get_materiel&rest_code=00141&code=00101016105&supplier_code=00100036&order_time=2021-10-14 HTTP/1.1" 200 409
116.232.54.237 - - [14/Oct/2021:09:58:46 +0800] "GET /xingrg/all/function/internal_message.html?_=1634176726641&CODE_STATE=getMsg HTTP/1.1" 200 27
124.77.244.175 - - [14/Oct/2021:09:58:54 +0800] "GET /xingrg/kc/buy/cgsh_order_operate.html?command=get_materiel&rest_code=00146&code=00101008137&supplier_code=00100005&order_time=2021-10-14 HTTP/1.1" 200 408
222.69.131.205 - - [14/Oct/2021:09:58:58 +0800] "GET /xingrg/all/function/internal_message.html?_=1634176740349&CODE_STATE=getMsg HTTP/1.1" 200 27
58.37.227.186 - - [14/Oct/2021:09:59:01 +0800] "GET /xingrg/all/function/internal_message.html?_=1634176593615&CODE_STATE=getMsg HTTP/1.1" 200 27
124.77.244.175 - - [14/Oct/2021:09:59:04 +0800] "GET /xingrg/kc/buy/cgsh_order_operate.html?command=get_materiel&rest_code=00146&code=00101008169&supplier_code=00100005&order_time=2021-10-14 HTTP/1.1" 200 412
180.169.147.146 - - [14/Oct/2021:09:59:05 +0800] "GET /xingrg/all/function/internal_message.html?_=1634176745170&CODE_STATE=getMsg HTTP/1.1" 200 27
116.238.248.233 - - [14/Oct/2021:09:59:07 +0800] "GET /xingrg/all/function/internal_message.html?_=1634176745385&CODE_STATE=getMsg HTTP/1.1" 200 27
58.37.227.186 - - [14/Oct/2021:09:59:11 +0800] "GET /xingrg/kc/buy/cgsh_order_operate.html?command=get_materiel&rest_code=00141&code=00101011007&supplier_code=00100036&order_time=2021-10-14 HTTP/1.1" 200 414
124.77.244.175 - - [14/Oct/2021:09:59:14 +0800] "GET /xingrg/kc/buy/cgsh_order_operate.html?command=get_materiel&rest_code=00146&code=00101008213&supplier_code=00100005&order_time=2021-10-14 HTTP/1.1" 200 412
180.169.147.146 - - [14/Oct/2021:09:59:14 +0800] "GET /xingrg/all/function/internal_message.html?_=1634176810398&CODE_STATE=getMsg HTTP/1.1" 200 27
114.85.125.222 - - [14/Oct/2021:09:59:15 +0800] "GET /xingrg/all/function/internal_message.html?_=1634176709145&CODE_STATE=getMsg HTTP/1.1" 200 27
116.228.172.122 - - [14/Oct/2021:09:59:15 +0800] "GET /xingrg/all/function/internal_message.html?_=1634176756004&CODE_STATE=getMsg HTTP/1.1" 200 27
101.85.106.134 - - [14/Oct/2021:09:59:15 +0800] "GET /xingrg/all/function/internal_message.html?_=1634176631902&CODE_STATE=getMsg HTTP/1.1" 200 27
116.228.172.122 - - [14/Oct/2021:09:59:15 +0800] "GET /xingrg/check_reg.html?_=1634176756006 HTTP/1.1" 200 22
58.37.227.186 - - [14/Oct/2021:09:59:23 +0800] "POST /xingrg/kc/buy/cgsh_order_operate.html HTTP/1.1" 200 37
116.230.105.26 - - [14/Oct/2021:09:59:24 +0800] "GET /xingrg/all/function/internal_message.html?_=1634176751063&CODE_STATE=getMsg HTTP/1.1" 200 27
124.77.244.175 - - [14/Oct/2021:09:59:24 +0800] "GET /xingrg/kc/buy/cgsh_order_operate.html?command=get_materiel&rest_code=00146&code=00101008027&supplier_code=00100005&order_time=2021-10-14 HTTP/1.1" 200 409
114.83.222.51 - - [14/Oct/2021:09:59:24 +0800] "GET /xingrg/all/function/internal_message.html?_=1634176764147&CODE_STATE=getMsg HTTP/1.1" 200 27
116.230.105.26 - - [14/Oct/2021:09:59:25 +0800] "GET /xingrg/check_reg.html?_=1634176752267 HTTP/1.1" 200 22
172.20.0.100 - - [14/Oct/2021:09:59:26 +0800] "GET /xingrg/all/function/internal_message.html?_=1634176766706&CODE_STATE=getMsg HTTP/1.1" 200 27
58.37.227.186 - - [14/Oct/2021:09:59:26 +0800] "POST /xingrg/kc/buy/cgsh_order_operate.html HTTP/1.1" 200 12
58.37.227.186 - - [14/Oct/2021:09:59:27 +0800] "GET /xingrg/kc/buy/cgsh_order_info.html?code=212021101405964 HTTP/1.1" 200 59596
58.37.227.186 - - [14/Oct/2021:09:59:27 +0800] "GET /xingrg/javascript/easyui/themes/default/validatebox.css HTTP/1.1" 404 1104
58.37.227.186 - - [14/Oct/2021:09:59:28 +0800] "POST /xingrg/kc/buy/cgsh_order_operate.html HTTP/1.1" 200 5363
222.70.178.96 - - [14/Oct/2021:09:59:29 +0800] "GET /xingrg/all/function/internal_message.html?_=1634176766010&CODE_STATE=getMsg HTTP/1.1" 200 27
58.37.227.186 - - [14/Oct/2021:09:59:29 +0800] "GET /xingrg/kc/print/load_data.html?order_code=212021101405964&kc_code=cgsh HTTP/1.1" 200 2603
58.37.227.186 - - [14/Oct/2021:09:59:32 +0800] "GET /xingrg/kc/print/load_data.html?order_code=212021101405964&kc_code=cgsh&condition= HTTP/1.1" 200 2603
58.39.139.200 - - [14/Oct/2021:09:59:36 +0800] "GET /xingrg/all/function/internal_message.html?_=1634176776962&CODE_STATE=getMsg HTTP/1.1" 200 27
58.37.227.186 - - [14/Oct/2021:09:59:36 +0800] "GET /xingrg/kc/buy/cgsh_order_add.html HTTP/1.1" 200 64685
58.37.227.186 - - [14/Oct/2021:09:59:36 +0800] "POST /xingrg/kc/buy/cgsh_order_operate.html HTTP/1.1" 200 8245
58.37.227.186 - - [14/Oct/2021:09:59:36 +0800] "GET /xingrg/javascript/easyui/themes/default/validatebox.css HTTP/1.1" 404 1104
124.77.244.175 - - [14/Oct/2021:09:59:41 +0800] "GET /xingrg/check_reg.html?_=1634176786093 HTTP/1.1" 200 22
124.77.244.175 - - [14/Oct/2021:09:59:41 +0800] "GET /xingrg/all/function/internal_message.html?_=1634176786157&CODE_STATE=getMsg HTTP/1.1" 200 27
116.232.54.237 - - [14/Oct/2021:09:59:46 +0800] "GET /xingrg/all/function/internal_message.html?_=1634176786636&CODE_STATE=getMsg HTTP/1.1" 200 27
58.37.227.186 - - [14/Oct/2021:09:59:48 +0800] "GET /xingrg/kc/buy/cgsh_order_operate.html?command=get_materiel&rest_code=00141&code=00101007063&supplier_code=00100004&order_time=2021-10-14 HTTP/1.1" 200 409
124.77.244.175 - - [14/Oct/2021:09:59:49 +0800] "GET /xingrg/kc/buy/cgsh_order_operate.html?command=get_materiel&rest_code=00146&code=00101008132&supplier_code=00100005&order_time=2021-10-14 HTTP/1.1" 200 408
58.37.227.186 - - [14/Oct/2021:09:59:58 +0800] "GET /xingrg/kc/buy/cgsh_order_operate.html?command=get_materiel&rest_code=00141&code=00101007077&supplier_code=00100004&order_time=2021-10-14 HTTP/1.1" 200 415
222.69.131.205 - - [14/Oct/2021:09:59:58 +0800] "GET /xingrg/all/function/internal_message.html?_=1634176800350&CODE_STATE=getMsg HTTP/1.1" 200 27
222.69.131.205 - - [14/Oct/2021:09:59:58 +0800] "GET /xingrg/check_reg.html?_=1634176800355 HTTP/1.1" 200 22
58.37.227.186 - - [14/Oct/2021:10:00:01 +0800] "GET /xingrg/all/function/internal_message.html?_=1634176653581&CODE_STATE=getMsg HTTP/1.1" 200 27
180.169.147.146 - - [14/Oct/2021:10:00:05 +0800] "GET /xingrg/all/function/internal_message.html?_=1634176805164&CODE_STATE=getMsg HTTP/1.1" 200 27
124.77.244.175 - - [14/Oct/2021:10:00:05 +0800] "GET /xingrg/kc/buy/cgsh_order_operate.html?command=get_materiel&rest_code=00146&code=00101008244&supplier_code=00100005&order_time=2021-10-14 HTTP/1.1" 200 408
116.238.248.233 - - [14/Oct/2021:10:00:07 +0800] "GET /xingrg/check_reg.html?_=1634176805384 HTTP/1.1" 200 22
116.238.248.233 - - [14/Oct/2021:10:00:07 +0800] "GET /xingrg/all/function/internal_message.html?_=1634176805387&CODE_STATE=getMsg HTTP/1.1" 200 27
180.169.147.146 - - [14/Oct/2021:10:00:14 +0800] "GET /xingrg/check_reg.html?_=1634176870383 HTTP/1.1" 200 22
180.169.147.146 - - [14/Oct/2021:10:00:14 +0800] "GET /xingrg/all/function/internal_message.html?_=1634176870385&CODE_STATE=getMsg HTTP/1.1" 200 27
114.85.125.222 - - [14/Oct/2021:10:00:14 +0800] "GET /xingrg/check_reg.html?_=1634176768910 HTTP/1.1" 200 22
58.37.227.186 - - [14/Oct/2021:10:00:15 +0800] "GET /xingrg/kc/buy/cgsh_order_operate.html?command=get_materiel&rest_code=00141&code=00101007016&supplier_code=00100004&order_time=2021-10-14 HTTP/1.1" 200 409
114.85.125.222 - - [14/Oct/2021:10:00:15 +0800] "GET /xingrg/all/function/internal_message.html?_=1634176769157&CODE_STATE=getMsg HTTP/1.1" 200 27
116.228.172.122 - - [14/Oct/2021:10:00:15 +0800] "GET /xingrg/all/function/internal_message.html?_=1634176816006&CODE_STATE=getMsg HTTP/1.1" 200 27
101.85.106.134 - - [14/Oct/2021:10:00:15 +0800] "GET /xingrg/all/function/internal_message.html?_=1634176691902&CODE_STATE=getMsg HTTP/1.1" 200 27
116.232.54.237 - - [14/Oct/2021:10:00:20 +0800] "POST /xingrg/kc/buy/cgsh_order_operate.html HTTP/1.1" 200 37
116.232.54.237 - - [14/Oct/2021:10:00:22 +0800] "POST /xingrg/kc/buy/cgsh_order_operate.html HTTP/1.1" 200 33997
116.230.105.26 - - [14/Oct/2021:10:00:24 +0800] "GET /xingrg/all/function/internal_message.html?_=1634176811045&CODE_STATE=getMsg HTTP/1.1" 200 27
114.83.222.51 - - [14/Oct/2021:10:00:24 +0800] "GET /xingrg/all/function/internal_message.html?_=1634176824131&CODE_STATE=getMsg HTTP/1.1" 200 27
172.20.0.100 - - [14/Oct/2021:10:00:26 +0800] "GET /xingrg/all/function/internal_message.html?_=1634176826696&CODE_STATE=getMsg HTTP/1.1" 200 27
222.70.178.96 - - [14/Oct/2021:10:00:29 +0800] "GET /xingrg/all/function/internal_message.html?_=1634176825995&CODE_STATE=getMsg HTTP/1.1" 200 27
58.37.227.186 - - [14/Oct/2021:10:00:32 +0800] "GET /xingrg/kc/buy/cgsh_order_operate.html?command=get_materiel&rest_code=00141&code=00101007110&supplier_code=00100004&order_time=2021-10-14 HTTP/1.1" 200 409
58.39.139.200 - - [14/Oct/2021:10:00:36 +0800] "GET /xingrg/all/function/internal_message.html?_=1634176836931&CODE_STATE=getMsg HTTP/1.1" 200 27
124.77.244.175 - - [14/Oct/2021:10:00:41 +0800] "GET /xingrg/all/function/internal_message.html?_=1634176846170&CODE_STATE=getMsg HTTP/1.1" 200 27
58.37.227.186 - - [14/Oct/2021:10:00:42 +0800] "GET /xingrg/kc/buy/cgsh_order_operate.html?command=get_materiel&rest_code=00141&code=00101007061&supplier_code=00100004&order_time=2021-10-14 HTTP/1.1" 200 409
116.232.54.237 - - [14/Oct/2021:10:00:46 +0800] "GET /xingrg/all/function/internal_message.html?_=1634176846788&CODE_STATE=getMsg HTTP/1.1" 200 27
58.37.227.186 - - [14/Oct/2021:10:00:55 +0800] "POST /xingrg/kc/buy/cgsh_order_operate.html HTTP/1.1" 200 37
58.37.227.186 - - [14/Oct/2021:10:00:58 +0800] "POST /xingrg/kc/buy/cgsh_order_operate.html HTTP/1.1" 200 12
222.69.131.205 - - [14/Oct/2021:10:00:58 +0800] "GET /xingrg/all/function/internal_message.html?_=1634176860356&CODE_STATE=getMsg HTTP/1.1" 200 27
58.37.227.186 - - [14/Oct/2021:10:00:59 +0800] "GET /xingrg/kc/buy/cgsh_order_info.html?code=212021101405965 HTTP/1.1" 200 59594
58.37.227.186 - - [14/Oct/2021:10:01:00 +0800] "GET /xingrg/javascript/easyui/themes/default/validatebox.css HTTP/1.1" 404 1104
58.37.227.186 - - [14/Oct/2021:10:01:00 +0800] "POST /xingrg/kc/buy/cgsh_order_operate.html HTTP/1.1" 200 2962
58.37.227.186 - - [14/Oct/2021:10:01:01 +0800] "GET /xingrg/all/function/internal_message.html?_=1634176713598&CODE_STATE=getMsg HTTP/1.1" 200 27
58.37.227.186 - - [14/Oct/2021:10:01:02 +0800] "GET /xingrg/kc/print/load_data.html?order_code=212021101405965&kc_code=cgsh&condition= HTTP/1.1" 200 1659
222.70.178.96 - - [14/Oct/2021:10:01:02 +0800] "GET /xingrg/check_reg.html?_=1634176859882 HTTP/1.1" 200 22
180.169.147.146 - - [14/Oct/2021:10:01:05 +0800] "GET /xingrg/all/function/internal_message.html?_=1634176865173&CODE_STATE=getMsg HTTP/1.1" 200 27
180.169.147.146 - - [14/Oct/2021:10:01:05 +0800] "GET /xingrg/check_reg.html?_=1634176865174 HTTP/1.1" 200 22
116.238.248.233 - - [14/Oct/2021:10:01:07 +0800] "GET /xingrg/all/function/internal_message.html?_=1634176865402&CODE_STATE=getMsg HTTP/1.1" 200 27
120.253.135.82 - - [14/Oct/2021:10:01:09 +0800] "POST /xingrg/kc/pszx/mdps_list_operate.html HTTP/1.1" 200 3928
180.169.147.146 - - [14/Oct/2021:10:01:14 +0800] "GET /xingrg/all/function/internal_message.html?_=1634176930385&CODE_STATE=getMsg HTTP/1.1" 200 27
114.85.125.222 - - [14/Oct/2021:10:01:15 +0800] "GET /xingrg/all/function/internal_message.html?_=1634176829171&CODE_STATE=getMsg HTTP/1.1" 200 27
116.228.172.122 - - [14/Oct/2021:10:01:15 +0800] "GET /xingrg/all/function/internal_message.html?_=1634176875994&CODE_STATE=getMsg HTTP/1.1" 200 27
101.85.106.134 - - [14/Oct/2021:10:01:15 +0800] "GET /xingrg/all/function/internal_message.html?_=1634176751902&CODE_STATE=getMsg HTTP/1.1" 200 27
58.37.227.186 - - [14/Oct/2021:10:01:17 +0800] "GET /xingrg/kc/buy/cgsh_order_add.html HTTP/1.1" 200 64685
58.37.227.186 - - [14/Oct/2021:10:01:17 +0800] "GET /xingrg/javascript/easyui/themes/default/validatebox.css HTTP/1.1" 404 1104
58.37.227.186 - - [14/Oct/2021:10:01:17 +0800] "POST /xingrg/kc/buy/cgsh_order_operate.html HTTP/1.1" 200 8245
120.253.135.82 - - [14/Oct/2021:10:01:18 +0800] "POST /xingrg/kc/pszx/mdps_list_operate.html HTTP/1.1" 200 4325
120.253.135.82 - - [14/Oct/2021:10:01:23 +0800] "POST /xingrg/kc/pszx/mdps_list_operate.html HTTP/1.1" 200 636
120.253.135.82 - - [14/Oct/2021:10:01:24 +0800] "GET /xingrg/kc/pszx/mdps_order_info.html?code=312021101300343 HTTP/1.1" 200 23935
120.253.135.82 - - [14/Oct/2021:10:01:24 +0800] "GET /xingrg/words/20211014093203_words.js HTTP/1.1" 200 856194
116.230.105.26 - - [14/Oct/2021:10:01:24 +0800] "GET /xingrg/all/function/internal_message.html?_=1634176871018&CODE_STATE=getMsg HTTP/1.1" 200 27
114.83.222.51 - - [14/Oct/2021:10:01:24 +0800] "GET /xingrg/all/function/internal_message.html?_=1634176884115&CODE_STATE=getMsg HTTP/1.1" 200 27
120.253.135.82 - - [14/Oct/2021:10:01:25 +0800] "GET /xingrg/javascript/easyui/themes/default/validatebox.css HTTP/1.1" 404 1104
120.253.135.82 - - [14/Oct/2021:10:01:25 +0800] "POST /xingrg/kc/pszx/mdps_order_operate.html HTTP/1.1" 200 6324
172.20.0.100 - - [14/Oct/2021:10:01:26 +0800] "GET /xingrg/all/function/internal_message.html?_=1634176886709&CODE_STATE=getMsg HTTP/1.1" 200 27
172.20.0.100 - - [14/Oct/2021:10:01:26 +0800] "GET /xingrg/check_reg.html?_=1634176886711 HTTP/1.1" 200 22
222.70.178.96 - - [14/Oct/2021:10:01:28 +0800] "GET /xingrg/all/function/internal_message.html?_=1634176885968&CODE_STATE=getMsg HTTP/1.1" 200 27
58.39.139.200 - - [14/Oct/2021:10:01:29 +0800] "GET /xingrg/check_reg.html?_=1634176890598 HTTP/1.1" 200 22
58.37.227.186 - - [14/Oct/2021:10:01:31 +0800] "GET /xingrg/kc/buy/cgsh_order_operate.html?command=get_materiel&rest_code=00141&code=00101008091&supplier_code=00100007&order_time=2021-10-14 HTTP/1.1" 200 413
58.39.139.200 - - [14/Oct/2021:10:01:35 +0800] "GET /xingrg/all/function/internal_message.html?_=1634176896901&CODE_STATE=getMsg HTTP/1.1" 200 27
120.253.135.82 - - [14/Oct/2021:10:01:38 +0800] "POST /xingrg/kc/pszx/mdps_order_operate.html HTTP/1.1" 200 37
120.253.135.82 - - [14/Oct/2021:10:01:39 +0800] "GET /xingrg/kc/pszx/mdps_order_info.html?code=312021101300343 HTTP/1.1" 200 23935
120.253.135.82 - - [14/Oct/2021:10:01:40 +0800] "POST /xingrg/kc/pszx/mdps_order_operate.html HTTP/1.1" 200 6324
120.253.135.82 - - [14/Oct/2021:10:01:40 +0800] "GET /xingrg/javascript/easyui/themes/default/validatebox.css HTTP/1.1" 404 1104
124.77.244.175 - - [14/Oct/2021:10:01:41 +0800] "GET /xingrg/all/function/internal_message.html?_=1634176906184&CODE_STATE=getMsg HTTP/1.1" 200 27
116.232.54.237 - - [14/Oct/2021:10:01:46 +0800] "GET /xingrg/all/function/internal_message.html?_=1634176906792&CODE_STATE=getMsg HTTP/1.1" 200 27
58.37.227.186 - - [14/Oct/2021:10:01:50 +0800] "GET /xingrg/kc/buy/cgsh_order_operate.html?command=get_materiel&rest_code=00141&code=00101008257&supplier_code=00100007&order_time=2021-10-14 HTTP/1.1" 200 416
120.253.135.82 - - [14/Oct/2021:10:01:52 +0800] "GET /xingrg/login.html HTTP/1.1" 200 7641
120.253.135.82 - - [14/Oct/2021:10:01:52 +0800] "GET /xingrg/images/blue/jxLogo.png HTTP/1.1" 304 -
120.253.135.82 - - [14/Oct/2021:10:01:52 +0800] "GET /xingrg/images/blue/login_bg.png HTTP/1.1" 304 -
120.253.135.82 - - [14/Oct/2021:10:01:52 +0800] "GET /xingrg/images/blue/hj.png HTTP/1.1" 304 -
120.253.135.82 - - [14/Oct/2021:10:01:52 +0800] "GET /xingrg/images/blue/srbg.png HTTP/1.1" 304 -
120.253.135.82 - - [14/Oct/2021:10:01:53 +0800] "GET /favicon.ico HTTP/1.1" 404 -
120.253.135.82 - - [14/Oct/2021:10:01:55 +0800] "POST /xingrg/login.do HTTP/1.1" 302 -
120.253.135.82 - - [14/Oct/2021:10:01:55 +0800] "GET /xingrg/index.html?sysBaseUrl=http%3A%2F%2F180.169.147.146%3A18081%2Fxingrg%2F&costTime=46×tamp=1634176915644 HTTP/1.1" 200 17173
120.253.135.82 - - [14/Oct/2021:10:01:55 +0800] "GET /xingrg/javascript/jquery_easy_ui/themes/default/easyui.css HTTP/1.1" 304 -
120.253.135.82 - - [14/Oct/2021:10:01:55 +0800] "GET /xingrg/javascript/jquery_easy_ui/themes/icon.css HTTP/1.1" 304 -
120.253.135.82 - - [14/Oct/2021:10:01:55 +0800] "GET /xingrg/javascript/jquery_easy_ui/jquery.easyui.min.js HTTP/1.1" 304 -
120.253.135.82 - - [14/Oct/2021:10:01:55 +0800] "GET /xingrg/css/form.css HTTP/1.1" 304 -
120.253.135.82 - - [14/Oct/2021:10:01:55 +0800] "GET /xingrg/javascript/jquery-1.4.2.min.js HTTP/1.1" 304 -
120.253.135.82 - - [14/Oct/2021:10:01:55 +0800] "GET /xingrg/javascript/jquery_easy_ui/easyui-lang-zh_CN.js HTTP/1.1" 304 -
120.253.135.82 - - [14/Oct/2021:10:01:55 +0800] "GET /xingrg/javascript/jquery.timers.js HTTP/1.1" 304 -
120.253.135.82 - - [14/Oct/2021:10:01:55 +0800] "GET /xingrg/javascript/jquery.form.js HTTP/1.1" 304 -
120.253.135.82 - - [14/Oct/2021:10:01:55 +0800] "GET /xingrg/javascript/jquery.utils.js HTTP/1.1" 304 -
120.253.135.82 - - [14/Oct/2021:10:01:55 +0800] "GET /xingrg/javascript/jquery_easy_ui/themes/icons/settle_new.png HTTP/1.1" 304 -
120.253.135.82 - - [14/Oct/2021:10:01:55 +0800] "GET /xingrg/images/blue/navBackgound.jpg HTTP/1.1" 304 -
120.253.135.82 - - [14/Oct/2021:10:01:55 +0800] "GET /xingrg/images/blue/pingpu.png HTTP/1.1" 304 -
120.253.135.82 - - [14/Oct/2021:10:01:55 +0800] "GET /xingrg/javascript/jquery_easy_ui/themes/default/images/panel_tool_collapse.gif HTTP/1.1" 304 -
120.253.135.82 - - [14/Oct/2021:10:01:55 +0800] "GET /xingrg/javascript/jquery_easy_ui/themes/default/images/tabs_rightarrow.png HTTP/1.1" 304 -
120.253.135.82 - - [14/Oct/2021:10:01:55 +0800] "GET /xingrg/javascript/jquery_easy_ui/themes/default/images/tabs_leftarrow.png HTTP/1.1" 304 -
120.253.135.82 - - [14/Oct/2021:10:01:55 +0800] "POST /xingrg/all/common/load_tree.html?tree=area_rest_tree_json&manage=1 HTTP/1.1" 200 344
120.253.135.82 - - [14/Oct/2021:10:01:56 +0800] "GET /xingrg/all/function/internal_message.html?_=1634176685827&CODE_STATE=count HTTP/1.1" 200 11
120.253.135.82 - - [14/Oct/2021:10:01:56 +0800] "GET /xingrg/javascript/jquery_easy_ui/themes/default/images/tree_arrows.gif HTTP/1.1" 304 -
120.253.135.82 - - [14/Oct/2021:10:01:56 +0800] "GET /xingrg/check_reg.html?_=1634176685828 HTTP/1.1" 200 22
120.253.135.82 - - [14/Oct/2021:10:01:56 +0800] "GET /favicon.ico HTTP/1.1" 404 -
120.253.135.82 - - [14/Oct/2021:10:01:56 +0800] "POST /xingrg/load_menu.html HTTP/1.1" 200 6743
120.253.135.82 - - [14/Oct/2021:10:01:56 +0800] "GET /xingrg/javascript/jquery_easy_ui/themes/default/images/tree_folder_open.gif HTTP/1.1" 304 -
120.253.135.82 - - [14/Oct/2021:10:01:56 +0800] "GET /xingrg/javascript/jquery_easy_ui/themes/icons/delivery_new.png HTTP/1.1" 304 -
120.253.135.82 - - [14/Oct/2021:10:01:56 +0800] "GET /xingrg/javascript/jquery_easy_ui/themes/icons/search_new.png HTTP/1.1" 304 -
120.253.135.82 - - [14/Oct/2021:10:01:56 +0800] "GET /xingrg/javascript/jquery_easy_ui/themes/icons/forms_new.png HTTP/1.1" 304 -
120.253.135.82 - - [14/Oct/2021:10:01:56 +0800] "GET /xingrg/javascript/jquery_easy_ui/themes/default/images/tree_file.gif HTTP/1.1" 304 -
120.253.135.82 - - [14/Oct/2021:10:01:56 +0800] "GET /xingrg/javascript/jquery_easy_ui/themes/default/images/tree_folder.gif HTTP/1.1" 304 -
120.253.135.82 - - [14/Oct/2021:10:01:56 +0800] "GET /xingrg/javascript/jquery_easy_ui/themes/icons/storage_new.png HTTP/1.1" 304 -
58.37.227.186 - - [14/Oct/2021:10:01:58 +0800] "GET /xingrg/kc/buy/cgsh_order_operate.html?command=get_materiel&rest_code=00141&code=00101008354&supplier_code=00100007&order_time=2021-10-14 HTTP/1.1" 200 412
222.69.131.205 - - [14/Oct/2021:10:01:58 +0800] "GET /xingrg/all/function/internal_message.html?_=1634176920343&CODE_STATE=getMsg HTTP/1.1" 200 27
120.253.135.82 - - [14/Oct/2021:10:02:01 +0800] "GET /xingrg/javascript/jquery_easy_ui/themes/default/images/tabs_close.gif HTTP/1.1" 304 -
120.253.135.82 - - [14/Oct/2021:10:02:01 +0800] "GET /xingrg/css/base.css HTTP/1.1" 304 -
120.253.135.82 - - [14/Oct/2021:10:02:01 +0800] "GET /xingrg/javascript/jquery_tools/datebox.css HTTP/1.1" 304 -
120.253.135.82 - - [14/Oct/2021:10:02:01 +0800] "GET /xingrg/javascript/easyui/themes/default/easyui.css HTTP/1.1" 304 -
120.253.135.82 - - [14/Oct/2021:10:02:01 +0800] "GET /xingrg/javascript/jquery_tools/fix.css HTTP/1.1" 304 -
120.253.135.82 - - [14/Oct/2021:10:02:01 +0800] "GET /xingrg/css/site.css HTTP/1.1" 304 -
120.253.135.82 - - [14/Oct/2021:10:02:01 +0800] "GET /xingrg/javascript/auto/jquery.autocomplete.css HTTP/1.1" 304 -
120.253.135.82 - - [14/Oct/2021:10:02:01 +0800] "GET /xingrg/kc/pszx/mdps_order_list.html?orderType=0 HTTP/1.1" 200 21089
120.253.135.82 - - [14/Oct/2021:10:02:01 +0800] "GET /xingrg/javascript/jquery_tools/table.css HTTP/1.1" 304 -
120.253.135.82 - - [14/Oct/2021:10:02:01 +0800] "GET /xingrg/javascript/easyui/themes/icon.css HTTP/1.1" 304 -
120.253.135.82 - - [14/Oct/2021:10:02:01 +0800] "GET /xingrg/javascript/jquery_tools/jquery.tools.min.js HTTP/1.1" 304 -
120.253.135.82 - - [14/Oct/2021:10:02:01 +0800] "GET /xingrg/javascript/jquery_tools/jquery.tools.table.js HTTP/1.1" 304 -
120.253.135.82 - - [14/Oct/2021:10:02:01 +0800] "GET /xingrg/javascript/jquery_tools/list_manager.js HTTP/1.1" 304 -
120.253.135.82 - - [14/Oct/2021:10:02:01 +0800] "GET /xingrg/javascript/print/LodopFuncs.js HTTP/1.1" 304 -
120.253.135.82 - - [14/Oct/2021:10:02:01 +0800] "GET /xingrg/javascript/jquery.cookie.js HTTP/1.1" 304 -
120.253.135.82 - - [14/Oct/2021:10:02:01 +0800] "GET /xingrg/javascript/jquery_tools/jquery.tools.extend.js HTTP/1.1" 304 -
120.253.135.82 - - [14/Oct/2021:10:02:01 +0800] "GET /xingrg/javascript/easyui/easyloader.js HTTP/1.1" 304 -
120.253.135.82 - - [14/Oct/2021:10:02:01 +0800] "GET /xingrg/javascript/jquery_tools/jquery.tools.hotkey.js HTTP/1.1" 304 -
120.253.135.82 - - [14/Oct/2021:10:02:01 +0800] "GET /xingrg/javascript/auto/jquery.autocomplete.js HTTP/1.1" 304 -
58.37.227.186 - - [14/Oct/2021:10:02:01 +0800] "GET /xingrg/check_reg.html?_=1634176773597 HTTP/1.1" 200 22
