114.85.125.222 - - [05/Oct/2021:09:29:46 +0800] "GET /xingrg/all/function/internal_message.html?_=1633397351845&CODE_STATE=getMsg HTTP/1.1" 200 27
180.152.237.0 - - [05/Oct/2021:09:29:46 +0800] "GET /xingrg/javascript/easyui/themes/default/validatebox.css HTTP/1.1" 404 1104
180.169.147.146 - - [05/Oct/2021:09:29:48 +0800] "GET /xingrg/all/function/internal_message.html?_=1633397390447&CODE_STATE=getMsg HTTP/1.1" 200 27
61.151.178.217 - - [05/Oct/2021:09:29:49 +0800] "GET /xingrg/all/function/internal_message.html?_=1633397330357&CODE_STATE=getMsg HTTP/1.1" 302 -
61.151.178.217 - - [05/Oct/2021:09:29:49 +0800] "GET /xingrg/login.html HTTP/1.1" 200 7641
116.237.74.154 - - [05/Oct/2021:09:29:49 +0800] "GET /xingrg/all/function/internal_message.html?_=1633397390300&CODE_STATE=getMsg HTTP/1.1" 200 27
116.237.74.154 - - [05/Oct/2021:09:29:49 +0800] "GET /xingrg/kc/buy/cgsh_order_operate.html?command=get_materiel&rest_code=00106&code=00101008036&supplier_code=00100007&order_time=2021-10-05 HTTP/1.1" 200 408
58.39.139.200 - - [05/Oct/2021:09:29:50 +0800] "GET /xingrg/all/function/internal_message.html?_=1633397392525&CODE_STATE=getMsg HTTP/1.1" 200 27
58.39.139.200 - - [05/Oct/2021:09:29:50 +0800] "GET /xingrg/check_reg.html?_=1633397392529 HTTP/1.1" 200 22
222.70.246.151 - - [05/Oct/2021:09:29:51 +0800] "GET /xingrg/all/function/internal_message.html?_=1633397399048&CODE_STATE=getMsg HTTP/1.1" 200 27
116.237.74.154 - - [05/Oct/2021:09:29:55 +0800] "POST /xingrg/kc/buy/cgsh_order_operate.html HTTP/1.1" 200 2065
116.237.74.154 - - [05/Oct/2021:09:29:59 +0800] "GET /xingrg/kc/buy/cgsh_order_operate.html?command=get_materiel&rest_code=00106&code=00101008131&supplier_code=00100007&order_time=2021-10-05 HTTP/1.1" 200 408
114.83.222.205 - - [05/Oct/2021:09:30:03 +0800] "GET /xingrg/all/function/internal_message.html?_=1633397402988&CODE_STATE=getMsg HTTP/1.1" 200 27
222.70.178.96 - - [05/Oct/2021:09:30:06 +0800] "GET /xingrg/kc/buy/cgsh_order_operate.html?command=get_materiel&rest_code=00111&code=00101008350&supplier_code=00100005&order_time=2021-10-05 HTTP/1.1" 200 408
116.237.74.154 - - [05/Oct/2021:09:30:08 +0800] "GET /xingrg/kc/buy/cgsh_order_operate.html?command=get_materiel&rest_code=00106&code=00101008352&supplier_code=00100007&order_time=2021-10-05 HTTP/1.1" 200 412
222.70.178.96 - - [05/Oct/2021:09:30:09 +0800] "GET /xingrg/all/function/internal_message.html?_=1633397409258&CODE_STATE=getMsg HTTP/1.1" 200 27
180.152.237.0 - - [05/Oct/2021:09:30:10 +0800] "GET /xingrg/all/function/internal_message.html?_=1633397392543&CODE_STATE=getMsg HTTP/1.1" 200 27
222.70.246.151 - - [05/Oct/2021:09:30:12 +0800] "GET /xingrg/all/function/internal_message.html?_=1633397442354&CODE_STATE=getMsg HTTP/1.1" 302 -
180.152.237.0 - - [05/Oct/2021:09:30:12 +0800] "GET /xingrg/javascript/jquery_easy_ui/themes/default/images/tabs_active.png HTTP/1.1" 304 -
116.238.248.233 - - [05/Oct/2021:09:30:12 +0800] "GET /xingrg/all/function/internal_message.html?_=1633397413523&CODE_STATE=getMsg HTTP/1.1" 200 27
116.237.74.154 - - [05/Oct/2021:09:30:16 +0800] "GET /xingrg/kc/buy/cgsh_order_operate.html?command=get_materiel&rest_code=00106&code=00101008353&supplier_code=00100007&order_time=2021-10-05 HTTP/1.1" 200 408
180.152.237.0 - - [05/Oct/2021:09:30:18 +0800] "POST /xingrg/kc/buy/cgsh_list_operate.html HTTP/1.1" 200 5750
222.70.178.96 - - [05/Oct/2021:09:30:18 +0800] "POST /xingrg/kc/buy/cgsh_order_operate.html HTTP/1.1" 200 2065
180.152.237.0 - - [05/Oct/2021:09:30:21 +0800] "POST /xingrg/kc/buy/cgsh_list_operate.html HTTP/1.1" 200 570
180.152.237.0 - - [05/Oct/2021:09:30:22 +0800] "GET /xingrg/kc/buy/cgsh_order_info.html?code=212021100501989 HTTP/1.1" 200 59472
180.152.237.0 - - [05/Oct/2021:09:30:22 +0800] "GET /xingrg/javascript/easyui/themes/default/validatebox.css HTTP/1.1" 404 1104
180.152.237.0 - - [05/Oct/2021:09:30:23 +0800] "POST /xingrg/kc/buy/cgsh_order_operate.html HTTP/1.1" 200 7103
180.152.237.0 - - [05/Oct/2021:09:30:31 +0800] "GET /xingrg/kc/buy/cgsh_order_add.html HTTP/1.1" 200 64575
180.152.237.0 - - [05/Oct/2021:09:30:32 +0800] "POST /xingrg/kc/buy/cgsh_order_operate.html HTTP/1.1" 200 8245
180.152.237.0 - - [05/Oct/2021:09:30:32 +0800] "GET /xingrg/javascript/easyui/themes/default/validatebox.css HTTP/1.1" 404 1104
116.237.74.154 - - [05/Oct/2021:09:30:32 +0800] "GET /xingrg/kc/buy/cgsh_order_operate.html?command=get_materiel&rest_code=00106&code=00101008275&supplier_code=00100007&order_time=2021-10-05 HTTP/1.1" 200 416
114.85.125.222 - - [05/Oct/2021:09:30:35 +0800] "GET /xingrg/check_reg.html?_=1633397400766 HTTP/1.1" 200 22
222.70.178.96 - - [05/Oct/2021:09:30:38 +0800] "GET /xingrg/kc/buy/cgsh_order_operate.html?command=get_materiel&rest_code=00111&code=00101008323&supplier_code=00100005&order_time=2021-10-05 HTTP/1.1" 200 408
116.237.74.154 - - [05/Oct/2021:09:30:42 +0800] "GET /xingrg/kc/buy/cgsh_order_operate.html?command=get_materiel&rest_code=00106&code=00101008588&supplier_code=00100007&order_time=2021-10-05 HTTP/1.1" 200 392
180.169.147.146 - - [05/Oct/2021:09:30:42 +0800] "GET /xingrg/all/function/internal_message.html?_=1633397447372&CODE_STATE=getMsg HTTP/1.1" 200 27
180.169.147.146 - - [05/Oct/2021:09:30:43 +0800] "GET /xingrg/all/report/report_query.html?fileName=kc/buy/wlcg_mx.xml HTTP/1.1" 200 51648
180.169.147.146 - - [05/Oct/2021:09:30:43 +0800] "GET /xingrg/css/blue.css HTTP/1.1" 200 15949
180.169.147.146 - - [05/Oct/2021:09:30:43 +0800] "GET /xingrg/javascript/bigrid/fix.css HTTP/1.1" 200 1702
180.169.147.146 - - [05/Oct/2021:09:30:43 +0800] "GET /xingrg/javascript/calendar/timePicker.css HTTP/1.1" 200 523
180.169.147.146 - - [05/Oct/2021:09:30:43 +0800] "GET /xingrg/css/form.css HTTP/1.1" 200 893
180.169.147.146 - - [05/Oct/2021:09:30:43 +0800] "GET /xingrg/javascript/pic_change.js HTTP/1.1" 200 4739
180.169.147.146 - - [05/Oct/2021:09:30:43 +0800] "GET /xingrg/javascript/jquery_easy_ui/themes/icon.css HTTP/1.1" 200 3949
180.169.147.146 - - [05/Oct/2021:09:30:43 +0800] "GET /xingrg/javascript/multi_select/jqueryMultiSelect.css HTTP/1.1" 200 951
180.169.147.146 - - [05/Oct/2021:09:30:43 +0800] "GET /xingrg/dwr/interface/AjaxReportQueryService.js HTTP/1.1" 200 13203
180.169.147.146 - - [05/Oct/2021:09:30:43 +0800] "GET /xingrg/javascript/jquery_easy_ui/themes/default/easyui.css HTTP/1.1" 200 26500
180.169.147.146 - - [05/Oct/2021:09:30:43 +0800] "GET /xingrg/dwr/engine.js HTTP/1.1" 200 43631
180.169.147.146 - - [05/Oct/2021:09:30:44 +0800] "GET /xingrg/javascript/calendar/jquery.timePicker.min.js HTTP/1.1" 200 2997
180.169.147.146 - - [05/Oct/2021:09:30:44 +0800] "GET /xingrg/javascript/bigrid/fix.js HTTP/1.1" 200 6439
180.169.147.146 - - [05/Oct/2021:09:30:44 +0800] "GET /xingrg/javascript/jquery.utils.js HTTP/1.1" 200 11805
180.169.147.146 - - [05/Oct/2021:09:30:44 +0800] "GET /xingrg/javascript/jquery_easy_ui/jquery.easyui.min.js HTTP/1.1" 200 213662
180.169.147.146 - - [05/Oct/2021:09:30:44 +0800] "GET /xingrg/javascript/myfunction.js HTTP/1.1" 200 24559
180.169.147.146 - - [05/Oct/2021:09:30:44 +0800] "GET /xingrg/javascript/Calendar.js HTTP/1.1" 200 31561
180.169.147.146 - - [05/Oct/2021:09:30:44 +0800] "GET /xingrg/javascript/jquery-1.4.2.min.js HTTP/1.1" 200 72205
180.169.147.146 - - [05/Oct/2021:09:30:44 +0800] "GET /xingrg/javascript/jqueryMultiSelect.js HTTP/1.1" 200 11866
180.169.147.146 - - [05/Oct/2021:09:30:44 +0800] "GET /xingrg/dwr/util.js HTTP/1.1" 200 35990
180.169.147.146 - - [05/Oct/2021:09:30:44 +0800] "GET /xingrg/images/control/loading.gif HTTP/1.1" 200 13463
180.169.147.146 - - [05/Oct/2021:09:30:44 +0800] "POST /xingrg/dwr/call/plaincall/AjaxReportQueryService.getFixDate.dwr HTTP/1.1" 200 111
180.169.147.146 - - [05/Oct/2021:09:30:44 +0800] "POST /xingrg/dwr/call/plaincall/AjaxReportQueryService.getInitString.dwr HTTP/1.1" 200 27612
116.237.74.154 - - [05/Oct/2021:09:30:44 +0800] "POST /xingrg/kc/buy/cgsh_order_operate.html HTTP/1.1" 200 2065
180.169.147.146 - - [05/Oct/2021:09:30:44 +0800] "GET /xingrg/javascript/multi_select/dropdown.gif HTTP/1.1" 200 61
180.169.147.146 - - [05/Oct/2021:09:30:44 +0800] "POST /xingrg/dwr/call/plaincall/AjaxReportQueryService.getInitString.dwr HTTP/1.1" 200 792
180.169.147.146 - - [05/Oct/2021:09:30:44 +0800] "POST /xingrg/dwr/call/plaincall/AjaxReportQueryService.getInitString.dwr HTTP/1.1" 200 125
114.85.125.222 - - [05/Oct/2021:09:30:46 +0800] "GET /xingrg/all/function/internal_message.html?_=1633397411858&CODE_STATE=getMsg HTTP/1.1" 200 27
114.85.125.222 - - [05/Oct/2021:09:30:46 +0800] "POST /xingrg/kc/buy/cgsh_order_operate.html HTTP/1.1" 200 37
180.169.147.146 - - [05/Oct/2021:09:30:46 +0800] "POST /xingrg/dwr/call/plaincall/AjaxReportQueryService.getFixDate.dwr HTTP/1.1" 200 111
180.169.147.146 - - [05/Oct/2021:09:30:47 +0800] "GET /xingrg/javascript/multi_select/dropdown_hover.gif HTTP/1.1" 200 61
222.70.246.151 - - [05/Oct/2021:09:30:48 +0800] "GET /xingrg/check_reg.html?_=1633397478311 HTTP/1.1" 302 -
180.169.147.146 - - [05/Oct/2021:09:30:48 +0800] "GET /xingrg/check_reg.html?_=1633397450472 HTTP/1.1" 200 22
180.169.147.146 - - [05/Oct/2021:09:30:48 +0800] "GET /xingrg/all/function/internal_message.html?_=1633397450470&CODE_STATE=getMsg HTTP/1.1" 200 27
116.237.74.154 - - [05/Oct/2021:09:30:49 +0800] "GET /xingrg/kc/buy/cgsh_order_operate.html?command=get_materiel&rest_code=00106&code=00101015024&supplier_code=00100007&order_time=2021-10-05 HTTP/1.1" 200 413
116.237.74.154 - - [05/Oct/2021:09:30:49 +0800] "GET /xingrg/check_reg.html?_=1633397450351 HTTP/1.1" 200 22
116.237.74.154 - - [05/Oct/2021:09:30:49 +0800] "GET /xingrg/all/function/internal_message.html?_=1633397450362&CODE_STATE=getMsg HTTP/1.1" 200 27
114.85.125.222 - - [05/Oct/2021:09:30:49 +0800] "POST /xingrg/kc/buy/cgsh_order_operate.html HTTP/1.1" 200 12
58.39.139.200 - - [05/Oct/2021:09:30:50 +0800] "GET /xingrg/all/function/internal_message.html?_=1633397452516&CODE_STATE=getMsg HTTP/1.1" 200 27
114.85.125.222 - - [05/Oct/2021:09:30:51 +0800] "GET /xingrg/kc/buy/cgsh_order_info.html?code=212021100501983 HTTP/1.1" 200 59465
222.70.246.151 - - [05/Oct/2021:09:30:51 +0800] "GET /xingrg/all/function/internal_message.html?_=1633397459062&CODE_STATE=getMsg HTTP/1.1" 200 27
114.85.125.222 - - [05/Oct/2021:09:30:52 +0800] "GET /xingrg/javascript/easyui/themes/default/validatebox.css HTTP/1.1" 404 1104
180.169.147.146 - - [05/Oct/2021:09:30:52 +0800] "POST /xingrg/dwr/call/plaincall/AjaxReportQueryService.refreshCache.dwr HTTP/1.1" 200 78
114.85.125.222 - - [05/Oct/2021:09:30:52 +0800] "POST /xingrg/kc/buy/cgsh_order_operate.html HTTP/1.1" 200 5341
180.169.147.146 - - [05/Oct/2021:09:30:54 +0800] "POST /xingrg/all/report/load_report_page.html HTTP/1.1" 200 18842
114.85.125.222 - - [05/Oct/2021:09:30:54 +0800] "GET /xingrg/kc/print/load_data.html?order_code=212021100501983&kc_code=cgsh&condition= HTTP/1.1" 200 2534
180.169.147.146 - - [05/Oct/2021:09:30:54 +0800] "GET /xingrg/servlets/image?cache=0.3890234642667185&image=px HTTP/1.1" 200 807
116.237.74.154 - - [05/Oct/2021:09:30:56 +0800] "GET /xingrg/kc/buy/cgsh_order_operate.html?command=get_materiel&rest_code=00106&code=00101008437&supplier_code=00100007&order_time=2021-10-05 HTTP/1.1" 200 396
180.152.237.0 - - [05/Oct/2021:09:30:58 +0800] "GET /xingrg/kc/mdqp/qqps_order_list.html HTTP/1.1" 200 9642
180.152.237.0 - - [05/Oct/2021:09:30:58 +0800] "GET /xingrg/javascript/ToolTips.js HTTP/1.1" 200 5615
180.152.237.0 - - [05/Oct/2021:09:30:58 +0800] "GET /xingrg/css/blue.css HTTP/1.1" 200 15949
180.152.237.0 - - [05/Oct/2021:09:30:58 +0800] "GET /xingrg/dwr/interface/AjaxReportQueryService.js HTTP/1.1" 200 13203
180.152.237.0 - - [05/Oct/2021:09:30:58 +0800] "GET /xingrg/dwr/interface/AjaxQqpsService.js HTTP/1.1" 200 16326
180.152.237.0 - - [05/Oct/2021:09:30:58 +0800] "GET /xingrg/dwr/util.js HTTP/1.1" 200 35990
180.152.237.0 - - [05/Oct/2021:09:30:58 +0800] "GET /xingrg/javascript/Calendar.js HTTP/1.1" 200 31561
180.152.237.0 - - [05/Oct/2021:09:30:58 +0800] "GET /xingrg/javascript/myfunction.js HTTP/1.1" 200 24559
180.152.237.0 - - [05/Oct/2021:09:30:58 +0800] "GET /xingrg/dwr/engine.js HTTP/1.1" 200 43631
180.169.147.146 - - [05/Oct/2021:09:30:58 +0800] "GET /xingrg/kc/buy/cgsh_order_info.html?isLook=1&code=212021092511260 HTTP/1.1" 200 59442
180.169.147.146 - - [05/Oct/2021:09:30:58 +0800] "GET /xingrg/javascript/jquery_tools/datebox.css HTTP/1.1" 200 2597
180.169.147.146 - - [05/Oct/2021:09:30:58 +0800] "GET /xingrg/javascript/easyui/themes/icon.css HTTP/1.1" 200 4483
180.169.147.146 - - [05/Oct/2021:09:30:58 +0800] "GET /xingrg/javascript/easyui/themes/default/easyui.css HTTP/1.1" 200 30432
180.169.147.146 - - [05/Oct/2021:09:30:58 +0800] "GET /xingrg/javascript/jquery_tools/fix.css HTTP/1.1" 200 1702
180.169.147.146 - - [05/Oct/2021:09:30:58 +0800] "GET /xingrg/css/base.css HTTP/1.1" 200 2811
180.169.147.146 - - [05/Oct/2021:09:30:58 +0800] "GET /xingrg/css/site.css HTTP/1.1" 200 7541
180.169.147.146 - - [05/Oct/2021:09:30:58 +0800] "GET /xingrg/javascript/jquery_tools/table.css HTTP/1.1" 200 1032
180.169.147.146 - - [05/Oct/2021:09:30:58 +0800] "GET /xingrg/javascript/auto/jquery.autocomplete.css HTTP/1.1" 200 587
180.169.147.146 - - [05/Oct/2021:09:30:58 +0800] "GET /xingrg/javascript/jquery_tools/jquery.tools.min.js HTTP/1.1" 200 138801
180.169.147.146 - - [05/Oct/2021:09:30:58 +0800] "GET /xingrg/javascript/jquery_tools/jquery.tools.hotkey.js HTTP/1.1" 200 3242
180.169.147.146 - - [05/Oct/2021:09:30:58 +0800] "GET /xingrg/javascript/jquery_tools/jquery.tools.table.js HTTP/1.1" 200 6994
180.169.147.146 - - [05/Oct/2021:09:30:58 +0800] "GET /xingrg/javascript/auto/jquery.autocomplete.js HTTP/1.1" 200 21624
180.169.147.146 - - [05/Oct/2021:09:30:58 +0800] "GET /xingrg/javascript/jquery_tools/jquery.tools.extend.js HTTP/1.1" 200 15385
180.152.237.0 - - [05/Oct/2021:09:30:58 +0800] "GET /xingrg/javascript/jquery_easy_ui/themes/icons/edit_add_new.png HTTP/1.1" 200 2997
180.169.147.146 - - [05/Oct/2021:09:30:58 +0800] "GET /xingrg/javascript/easyui/easyloader.js HTTP/1.1" 200 5975
180.169.147.146 - - [05/Oct/2021:09:30:58 +0800] "GET /xingrg/javascript/jquery_tools/order_manager.js HTTP/1.1" 200 11183
180.169.147.146 - - [05/Oct/2021:09:30:58 +0800] "GET /xingrg/javascript/convert.js HTTP/1.1" 200 1239
180.169.147.146 - - [05/Oct/2021:09:30:58 +0800] "GET /xingrg/javascript/json2.js HTTP/1.1" 200 11259
180.169.147.146 - - [05/Oct/2021:09:30:58 +0800] "GET /xingrg/javascript/jquery.cookie.js HTTP/1.1" 200 5513
180.169.147.146 - - [05/Oct/2021:09:30:58 +0800] "GET /xingrg/javascript/print/LodopFuncs.js HTTP/1.1" 200 5121
180.169.147.146 - - [05/Oct/2021:09:30:58 +0800] "GET /xingrg/javascript/print/kc_print.js HTTP/1.1" 200 11415
180.152.237.0 - - [05/Oct/2021:09:30:58 +0800] "GET /xingrg/javascript/jquery_easy_ui/themes/icons/check_new.png HTTP/1.1" 200 3224
180.152.237.0 - - [05/Oct/2021:09:30:58 +0800] "GET /xingrg/javascript/jquery_easy_ui/themes/icons/uncheck_new.png HTTP/1.1" 200 3197
180.152.237.0 - - [05/Oct/2021:09:30:58 +0800] "GET /xingrg/javascript/jquery_easy_ui/themes/icons/cance_new.png HTTP/1.1" 200 3986
180.169.147.146 - - [05/Oct/2021:09:30:58 +0800] "GET /xingrg/words/20211004152352_words.js HTTP/1.1" 200 854382
180.169.147.146 - - [05/Oct/2021:09:30:58 +0800] "GET /xingrg/javascript/easyui/themes/icons/edit_add_new.png HTTP/1.1" 200 2997
180.169.147.146 - - [05/Oct/2021:09:30:58 +0800] "GET /xingrg/javascript/easyui/themes/icons/copy_new.png HTTP/1.1" 200 815
180.169.147.146 - - [05/Oct/2021:09:30:58 +0800] "GET /xingrg/javascript/easyui/themes/icons/uncheck_new.png HTTP/1.1" 200 3197
180.169.147.146 - - [05/Oct/2021:09:30:58 +0800] "GET /xingrg/javascript/easyui/themes/icons/print.png HTTP/1.1" 200 1057
180.169.147.146 - - [05/Oct/2021:09:30:58 +0800] "GET /xingrg/javascript/easyui/themes/icons/cancel.png HTTP/1.1" 200 1133
180.169.147.146 - - [05/Oct/2021:09:30:58 +0800] "GET /xingrg/javascript/easyui/themes/default/images/menu_downarrow.png HTTP/1.1" 200 173
180.169.147.146 - - [05/Oct/2021:09:30:58 +0800] "GET /xingrg/javascript/easyui/plugins/jquery.parser.js HTTP/1.1" 200 1142
180.169.147.146 - - [05/Oct/2021:09:30:58 +0800] "GET /xingrg/images/control/ajaxLoader.gif HTTP/1.1" 200 4659
180.169.147.146 - - [05/Oct/2021:09:30:58 +0800] "GET /favicon.ico HTTP/1.1" 404 -
180.169.147.146 - - [05/Oct/2021:09:30:58 +0800] "GET /xingrg/javascript/easyui/themes/default/validatebox.css HTTP/1.1" 404 1104
180.169.147.146 - - [05/Oct/2021:09:30:58 +0800] "GET /xingrg/javascript/easyui/plugins/jquery.validatebox.js HTTP/1.1" 200 6103
180.169.147.146 - - [05/Oct/2021:09:30:58 +0800] "GET /xingrg/javascript/easyui/plugins/jquery.numberbox.js HTTP/1.1" 200 5213
180.169.147.146 - - [05/Oct/2021:09:30:59 +0800] "POST /xingrg/kc/buy/cgsh_order_operate.html HTTP/1.1" 200 636
180.169.147.146 - - [05/Oct/2021:09:30:59 +0800] "GET /xingrg/javascript/easyui/themes/icons/edit_remove.png HTTP/1.1" 200 625
180.152.237.0 - - [05/Oct/2021:09:31:00 +0800] "GET /xingrg/kc/mdqp/qqps_order_info.html?code=302021100300061 HTTP/1.1" 200 28231
180.152.237.0 - - [05/Oct/2021:09:31:00 +0800] "GET /xingrg/javascript/AjaxInfoList.js HTTP/1.1" 200 3774
180.152.237.0 - - [05/Oct/2021:09:31:00 +0800] "GET /xingrg/javascript/Grid.js HTTP/1.1" 200 58908
180.152.237.0 - - [05/Oct/2021:09:31:00 +0800] "GET /xingrg/dwr/interface/AjaxComOrderService.js HTTP/1.1" 200 18264
180.152.237.0 - - [05/Oct/2021:09:31:00 +0800] "GET /xingrg/dwr/interface/AjaxQqpsService.js HTTP/1.1" 200 16326
180.152.237.0 - - [05/Oct/2021:09:31:00 +0800] "GET /xingrg/javascript/tools/jquery.qtip-1.0.0-rc3.min.js HTTP/1.1" 200 38404
180.152.237.0 - - [05/Oct/2021:09:31:00 +0800] "GET /xingrg/dwr/engine.js HTTP/1.1" 200 43631
180.152.237.0 - - [05/Oct/2021:09:31:01 +0800] "GET /xingrg/javascript/jquery_easy_ui/themes/icons/template_new.png HTTP/1.1" 200 3956
180.152.237.0 - - [05/Oct/2021:09:31:01 +0800] "GET /xingrg/javascript/jquery_easy_ui/themes/icons/copy_new.png HTTP/1.1" 200 815
180.152.237.0 - - [05/Oct/2021:09:31:01 +0800] "GET /xingrg/javascript/jquery_easy_ui/themes/icons/ok.png HTTP/1.1" 200 883
180.152.237.0 - - [05/Oct/2021:09:31:01 +0800] "GET /xingrg/javascript/jquery_easy_ui/themes/icons/print.png HTTP/1.1" 200 1057
180.152.237.0 - - [05/Oct/2021:09:31:01 +0800] "GET /xingrg/javascript/jquery_easy_ui/themes/default/images/menu_downarrow.png HTTP/1.1" 200 173
180.152.237.0 - - [05/Oct/2021:09:31:01 +0800] "GET /xingrg/javascript/jquery_easy_ui/themes/icons/back_new.png HTTP/1.1" 200 3414
180.152.237.0 - - [05/Oct/2021:09:31:01 +0800] "GET /xingrg/javascript/jquery_easy_ui/themes/default/images/combo_arrow_dot.gif HTTP/1.1" 200 79
180.152.237.0 - - [05/Oct/2021:09:31:02 +0800] "GET /xingrg/images/blue/button/kc_tab_add.gif HTTP/1.1" 200 375
180.152.237.0 - - [05/Oct/2021:09:31:02 +0800] "GET /xingrg/images/blue/button/kc_tab_edit.gif HTTP/1.1" 200 551
180.152.237.0 - - [05/Oct/2021:09:31:02 +0800] "GET /xingrg/images/blue/button/kc_tab_save.gif HTTP/1.1" 200 777
180.152.237.0 - - [05/Oct/2021:09:31:02 +0800] "GET /xingrg/images/blue/button/kc_tab_del.gif HTTP/1.1" 200 383
180.152.237.0 - - [05/Oct/2021:09:31:02 +0800] "GET /xingrg/images/blue/kc_tab_left.gif HTTP/1.1" 200 188
180.152.237.0 - - [05/Oct/2021:09:31:02 +0800] "GET /xingrg/images/blue/kc_tab_mid.gif HTTP/1.1" 200 44
180.152.237.0 - - [05/Oct/2021:09:31:02 +0800] "GET /xingrg/images/blue/kc_tab_right.gif HTTP/1.1" 200 643
180.152.237.0 - - [05/Oct/2021:09:31:02 +0800] "GET /xingrg/images/blue/kc_tab2_left.gif HTTP/1.1" 200 625
180.152.237.0 - - [05/Oct/2021:09:31:02 +0800] "GET /xingrg/images/blue/kc_tab2_right.gif HTTP/1.1" 200 192
180.152.237.0 - - [05/Oct/2021:09:31:02 +0800] "GET /xingrg/images/blue/wait.gif HTTP/1.1" 200 1100
180.152.237.0 - - [05/Oct/2021:09:31:02 +0800] "POST /xingrg/dwr/call/plaincall/AjaxQqpsService.loadMaterielItems.dwr HTTP/1.1" 200 329
114.83.222.205 - - [05/Oct/2021:09:31:03 +0800] "GET /xingrg/all/function/internal_message.html?_=1633397462971&CODE_STATE=getMsg HTTP/1.1" 200 27
114.85.125.222 - - [05/Oct/2021:09:31:04 +0800] "GET /xingrg/javascript/jquery_easy_ui/themes/default/images/button_a_bg.gif HTTP/1.1" 304 -
114.85.125.222 - - [05/Oct/2021:09:31:04 +0800] "GET /xingrg/javascript/jquery_easy_ui/themes/default/images/button_span_bg.gif HTTP/1.1" 304 -
114.85.125.222 - - [05/Oct/2021:09:31:04 +0800] "GET /xingrg/javascript/jquery_easy_ui/themes/icons/ok.png HTTP/1.1" 304 -
114.85.125.222 - - [05/Oct/2021:09:31:04 +0800] "GET /xingrg/javascript/jquery_easy_ui/themes/default/images/panel_tools.gif HTTP/1.1" 304 -
114.85.125.222 - - [05/Oct/2021:09:31:04 +0800] "GET /xingrg/javascript/jquery_easy_ui/themes/default/images/panel_title.png HTTP/1.1" 304 -
180.152.237.0 - - [05/Oct/2021:09:31:05 +0800] "GET /xingrg/javascript/jquery_easy_ui/themes/default/images/button_plain_hover.png HTTP/1.1" 200 252
116.237.74.154 - - [05/Oct/2021:09:31:05 +0800] "GET /xingrg/kc/buy/cgsh_order_operate.html?command=get_materiel&rest_code=00106&code=00101023033&supplier_code=00100007&order_time=2021-10-05 HTTP/1.1" 200 395
114.85.125.222 - - [05/Oct/2021:09:31:06 +0800] "POST /xingrg/all/user/operate.html HTTP/1.1" 200 36
180.152.237.0 - - [05/Oct/2021:09:31:07 +0800] "GET /xingrg/kc/mdqp/qqps_order_list.html?isBack=1 HTTP/1.1" 200 9651
180.152.237.0 - - [05/Oct/2021:09:31:07 +0800] "GET /xingrg/dwr/interface/AjaxQqpsService.js HTTP/1.1" 200 16326
180.152.237.0 - - [05/Oct/2021:09:31:07 +0800] "GET /xingrg/dwr/interface/AjaxReportQueryService.js HTTP/1.1" 200 13203
180.152.237.0 - - [05/Oct/2021:09:31:07 +0800] "GET /xingrg/dwr/engine.js HTTP/1.1" 200 43631
114.85.125.222 - - [05/Oct/2021:09:31:09 +0800] "GET /xingrg/javascript/jquery_easy_ui/themes/default/easyui.css HTTP/1.1" 304 -
114.85.125.222 - - [05/Oct/2021:09:31:09 +0800] "GET /xingrg/index.html?sysBaseUrl=http%3A%2F%2F180.169.147.146%3A18081%2Fxingrg%2F&costTime=40×tamp=1633336824319 HTTP/1.1" 200 17177
114.85.125.222 - - [05/Oct/2021:09:31:09 +0800] "GET /xingrg/javascript/jquery_easy_ui/themes/icon.css HTTP/1.1" 304 -
114.85.125.222 - - [05/Oct/2021:09:31:09 +0800] "GET /xingrg/css/form.css HTTP/1.1" 304 -
114.85.125.222 - - [05/Oct/2021:09:31:09 +0800] "GET /xingrg/javascript/jquery-1.4.2.min.js HTTP/1.1" 304 -
114.85.125.222 - - [05/Oct/2021:09:31:09 +0800] "GET /xingrg/javascript/jquery_easy_ui/jquery.easyui.min.js HTTP/1.1" 304 -
114.85.125.222 - - [05/Oct/2021:09:31:09 +0800] "GET /xingrg/javascript/jquery_easy_ui/easyui-lang-zh_CN.js HTTP/1.1" 304 -
114.85.125.222 - - [05/Oct/2021:09:31:09 +0800] "GET /xingrg/javascript/jquery.form.js HTTP/1.1" 304 -
114.85.125.222 - - [05/Oct/2021:09:31:09 +0800] "GET /xingrg/javascript/jquery.utils.js HTTP/1.1" 304 -
114.85.125.222 - - [05/Oct/2021:09:31:09 +0800] "GET /xingrg/javascript/jquery.timers.js HTTP/1.1" 304 -
114.85.125.222 - - [05/Oct/2021:09:31:09 +0800] "GET /xingrg/images/blue/jxLogo.png HTTP/1.1" 304 -
114.85.125.222 - - [05/Oct/2021:09:31:09 +0800] "GET /xingrg/images/blue/navBackgound.jpg HTTP/1.1" 304 -
114.85.125.222 - - [05/Oct/2021:09:31:09 +0800] "GET /xingrg/javascript/jquery_easy_ui/themes/icons/settle_new.png HTTP/1.1" 304 -
114.85.125.222 - - [05/Oct/2021:09:31:09 +0800] "GET /xingrg/images/blue/pingpu.png HTTP/1.1" 304 -
114.85.125.222 - - [05/Oct/2021:09:31:09 +0800] "POST /xingrg/all/common/load_tree.html?tree=area_rest_tree_json&manage=1 HTTP/1.1" 200 476
114.85.125.222 - - [05/Oct/2021:09:31:09 +0800] "GET /xingrg/javascript/jquery_easy_ui/themes/default/images/tabs_leftarrow.png HTTP/1.1" 304 -
114.85.125.222 - - [05/Oct/2021:09:31:09 +0800] "GET /xingrg/javascript/jquery_easy_ui/themes/default/images/tabs_rightarrow.png HTTP/1.1" 304 -
114.85.125.222 - - [05/Oct/2021:09:31:09 +0800] "GET /xingrg/javascript/jquery_easy_ui/themes/default/images/panel_tool_collapse.gif HTTP/1.1" 304 -
114.85.125.222 - - [05/Oct/2021:09:31:09 +0800] "GET /xingrg/all/function/internal_message.html?_=1633397435152&CODE_STATE=count HTTP/1.1" 200 11
114.85.125.222 - - [05/Oct/2021:09:31:09 +0800] "GET /xingrg/check_reg.html?_=1633397435153 HTTP/1.1" 200 22
114.85.125.222 - - [05/Oct/2021:09:31:09 +0800] "GET /xingrg/javascript/jquery_easy_ui/themes/default/images/tree_arrows.gif HTTP/1.1" 304 -
114.85.125.222 - - [05/Oct/2021:09:31:09 +0800] "POST /xingrg/load_menu.html HTTP/1.1" 200 5138
222.70.178.96 - - [05/Oct/2021:09:31:09 +0800] "GET /xingrg/all/function/internal_message.html?_=1633397469249&CODE_STATE=getMsg HTTP/1.1" 200 27
114.85.125.222 - - [05/Oct/2021:09:31:09 +0800] "GET /xingrg/javascript/jquery_easy_ui/themes/icons/search_new.png HTTP/1.1" 304 -
114.85.125.222 - - [05/Oct/2021:09:31:09 +0800] "GET /xingrg/javascript/jquery_easy_ui/themes/default/images/tree_folder_open.gif HTTP/1.1" 304 -
114.85.125.222 - - [05/Oct/2021:09:31:09 +0800] "GET /xingrg/javascript/jquery_easy_ui/themes/default/images/tree_folder.gif HTTP/1.1" 304 -
114.85.125.222 - - [05/Oct/2021:09:31:09 +0800] "GET /xingrg/javascript/jquery_easy_ui/themes/icons/storage_new.png HTTP/1.1" 304 -
114.85.125.222 - - [05/Oct/2021:09:31:09 +0800] "GET /xingrg/javascript/jquery_easy_ui/themes/icons/forms_new.png HTTP/1.1" 304 -
114.85.125.222 - - [05/Oct/2021:09:31:09 +0800] "GET /xingrg/javascript/jquery_easy_ui/themes/default/images/tree_file.gif HTTP/1.1" 304 -
180.152.237.0 - - [05/Oct/2021:09:31:10 +0800] "GET /xingrg/all/function/internal_message.html?_=1633397452559&CODE_STATE=getMsg HTTP/1.1" 200 27
222.70.246.151 - - [05/Oct/2021:09:31:12 +0800] "GET /xingrg/all/function/internal_message.html?_=1633397502379&CODE_STATE=getMsg HTTP/1.1" 302 -
114.85.125.222 - - [05/Oct/2021:09:31:12 +0800] "GET /xingrg/javascript/jquery_easy_ui/themes/default/images/tabs_close.gif HTTP/1.1" 304 -
114.85.125.222 - - [05/Oct/2021:09:31:12 +0800] "GET /xingrg/kc/buy/cgsh_order_list.html HTTP/1.1" 200 48882
116.238.248.233 - - [05/Oct/2021:09:31:12 +0800] "GET /xingrg/all/function/internal_message.html?_=1633397473527&CODE_STATE=getMsg HTTP/1.1" 200 27
222.70.178.96 - - [05/Oct/2021:09:31:13 +0800] "GET /xingrg/kc/buy/cgsh_order_operate.html?command=get_materiel&rest_code=00111&code=00101008236&supplier_code=00100005&order_time=2021-10-05 HTTP/1.1" 200 416
114.85.125.222 - - [05/Oct/2021:09:31:13 +0800] "POST /xingrg/kc/buy/cgsh_list_operate.html HTTP/1.1" 200 876
180.152.237.0 - - [05/Oct/2021:09:31:14 +0800] "GET /xingrg/kc/mdqp/qqps_order_list.html?isQuery=1&timeSelect=1&orderTime=day&startTime=2021-10-04&endTime=2021-10-04&state=all&query=%C8%B7++%B6%A8 HTTP/1.1" 200 11776
180.152.237.0 - - [05/Oct/2021:09:31:14 +0800] "GET /xingrg/dwr/interface/AjaxQqpsService.js HTTP/1.1" 200 16326
180.152.237.0 - - [05/Oct/2021:09:31:14 +0800] "GET /xingrg/dwr/interface/AjaxReportQueryService.js HTTP/1.1" 200 13203
180.152.237.0 - - [05/Oct/2021:09:31:14 +0800] "GET /xingrg/dwr/engine.js HTTP/1.1" 200 43631
116.237.74.154 - - [05/Oct/2021:09:31:17 +0800] "POST /xingrg/kc/buy/cgsh_order_operate.html HTTP/1.1" 200 37
180.152.237.0 - - [05/Oct/2021:09:31:20 +0800] "GET /xingrg/kc/mdqp/qqps_order_info.html?code=302021100400086 HTTP/1.1" 200 26472
180.152.237.0 - - [05/Oct/2021:09:31:20 +0800] "GET /xingrg/dwr/interface/AjaxComOrderService.js HTTP/1.1" 200 18264
180.152.237.0 - - [05/Oct/2021:09:31:20 +0800] "GET /xingrg/dwr/interface/AjaxQqpsService.js HTTP/1.1" 200 16326
180.152.237.0 - - [05/Oct/2021:09:31:20 +0800] "GET /xingrg/dwr/engine.js HTTP/1.1" 200 43631
116.237.74.154 - - [05/Oct/2021:09:31:21 +0800] "POST /xingrg/kc/buy/cgsh_order_operate.html HTTP/1.1" 200 18589
180.152.237.0 - - [05/Oct/2021:09:31:22 +0800] "POST /xingrg/dwr/call/plaincall/AjaxQqpsService.loadMaterielItems.dwr HTTP/1.1" 200 2946
222.70.178.96 - - [05/Oct/2021:09:31:23 +0800] "GET /xingrg/kc/buy/cgsh_order_operate.html?command=get_materiel&rest_code=00111&code=00101008168&supplier_code=00100005&order_time=2021-10-05 HTTP/1.1" 200 412
222.70.178.96 - - [05/Oct/2021:09:31:26 +0800] "POST /xingrg/kc/buy/cgsh_order_operate.html HTTP/1.1" 200 2065
116.237.74.154 - - [05/Oct/2021:09:31:28 +0800] "GET /xingrg/kc/buy/cgsh_order_operate.html?command=get_materiel&rest_code=00106&code=00101008350&supplier_code=00100007&order_time=2021-10-05 HTTP/1.1" 200 408
114.85.125.222 - - [05/Oct/2021:09:31:33 +0800] "GET /xingrg/kc/buy/cgsh_order_add.html HTTP/1.1" 200 64270
114.85.125.222 - - [05/Oct/2021:09:31:33 +0800] "POST /xingrg/kc/buy/cgsh_order_operate.html HTTP/1.1" 200 8245
114.85.125.222 - - [05/Oct/2021:09:31:33 +0800] "GET /xingrg/all/common/auto_word.html?type=employee&rest_code=00151 HTTP/1.1" 200 293
114.85.125.222 - - [05/Oct/2021:09:31:33 +0800] "GET /xingrg/all/common/auto_word.html?type=employee&rest_code=00151 HTTP/1.1" 200 293
114.85.125.222 - - [05/Oct/2021:09:31:33 +0800] "GET /xingrg/javascript/easyui/themes/default/validatebox.css HTTP/1.1" 404 1104
222.70.178.96 - - [05/Oct/2021:09:31:34 +0800] "GET /xingrg/kc/buy/cgsh_order_operate.html?command=get_materiel&rest_code=00111&code=00101008223&supplier_code=00100005&order_time=2021-10-05 HTTP/1.1" 200 412
114.85.125.222 - - [05/Oct/2021:09:31:36 +0800] "GET /xingrg/javascript/auto/indicator.gif HTTP/1.1" 404 1066
114.83.222.205 - - [05/Oct/2021:09:31:36 +0800] "POST /xingrg/services/DataTransmitService HTTP/1.1" 200 501
114.83.222.205 - - [05/Oct/2021:09:31:37 +0800] "POST /xingrg/services/DataTransmitService HTTP/1.1" 200 501
180.152.237.0 - - [05/Oct/2021:09:31:38 +0800] "GET /xingrg/javascript/easyui/themes/default/tree.css HTTP/1.1" 404 1090
180.152.237.0 - - [05/Oct/2021:09:31:38 +0800] "POST /xingrg/all/common/load_tree.html?tree=supplier_tree_json&isDelete=1 HTTP/1.1" 200 60042
180.169.147.146 - - [05/Oct/2021:09:31:42 +0800] "GET /xingrg/all/function/internal_message.html?_=1633397507405&CODE_STATE=getMsg HTTP/1.1" 200 27
114.85.125.222 - - [05/Oct/2021:09:31:46 +0800] "GET /xingrg/kc/buy/cgsh_order_operate.html?command=get_materiel&rest_code=00151&code=00101009016&supplier_code=00100424&order_time=2021-10-05 HTTP/1.1" 200 412
114.83.222.205 - - [05/Oct/2021:09:31:46 +0800] "POST /xingrg/services/DataTransmitService HTTP/1.1" 200 501
101.89.19.197 - - [05/Oct/2021:09:31:47 +0800] "GET /xingrg/kc/buy/cgsh_order_operate.html?command=get_materiel&rest_code=00106&code=00101015024&supplier_code=00100007&order_time=2021-10-05 HTTP/1.1" 302 -
101.89.19.197 - - [05/Oct/2021:09:31:47 +0800] "GET /xingrg/login.html HTTP/1.1" 200 7641
180.169.147.146 - - [05/Oct/2021:09:31:48 +0800] "GET /xingrg/all/function/internal_message.html?_=1633397510453&CODE_STATE=getMsg HTTP/1.1" 200 27
61.151.207.141 - - [05/Oct/2021:09:31:49 +0800] "GET /xingrg/all/function/internal_message.html?_=1633397450362&CODE_STATE=getMsg HTTP/1.1" 302 -
61.151.207.141 - - [05/Oct/2021:09:31:49 +0800] "GET /xingrg/login.html HTTP/1.1" 200 7641
116.237.74.154 - - [05/Oct/2021:09:31:49 +0800] "GET /xingrg/all/function/internal_message.html?_=1633397510420&CODE_STATE=getMsg HTTP/1.1" 200 27
58.39.139.200 - - [05/Oct/2021:09:31:50 +0800] "GET /xingrg/all/function/internal_message.html?_=1633397512518&CODE_STATE=getMsg HTTP/1.1" 200 27
61.151.207.141 - - [05/Oct/2021:09:31:50 +0800] "GET /xingrg/check_reg.html?_=1633397450351 HTTP/1.1" 302 -
61.151.207.141 - - [05/Oct/2021:09:31:51 +0800] "GET /xingrg/login.html HTTP/1.1" 200 7641
222.70.178.96 - - [05/Oct/2021:09:31:51 +0800] "GET /xingrg/kc/buy/cgsh_order_operate.html?command=get_materiel&rest_code=00111&code=00101008230&supplier_code=00100005&order_time=2021-10-05 HTTP/1.1" 200 408
222.70.246.151 - - [05/Oct/2021:09:31:51 +0800] "GET /xingrg/all/function/internal_message.html?_=1633397519075&CODE_STATE=getMsg HTTP/1.1" 200 27
114.83.222.205 - - [05/Oct/2021:09:31:56 +0800] "POST /xingrg/services/DataTransmitService HTTP/1.1" 200 501
180.152.237.0 - - [05/Oct/2021:09:31:57 +0800] "GET /xingrg/kc/buy/cgsh_order_operate.html?command=get_materiel&rest_code=00102&code=00101020215&supplier_code=00100047&order_time=2021-10-05 HTTP/1.1" 200 391
114.85.125.222 - - [05/Oct/2021:09:31:57 +0800] "GET /xingrg/kc/buy/cgsh_order_operate.html?command=get_materiel&rest_code=00151&code=00101009078&supplier_code=00100424&order_time=2021-10-05 HTTP/1.1" 200 394
114.83.222.205 - - [05/Oct/2021:09:31:58 +0800] "POST /xingrg/services/DataTransmitService HTTP/1.1" 200 501
114.83.222.205 - - [05/Oct/2021:09:31:58 +0800] "POST /xingrg/services/DataTransmitService HTTP/1.1" 200 501
114.83.222.205 - - [05/Oct/2021:09:32:03 +0800] "GET /xingrg/check_reg.html?_=1633397522978 HTTP/1.1" 200 22
114.83.222.205 - - [05/Oct/2021:09:32:03 +0800] "GET /xingrg/all/function/internal_message.html?_=1633397522984&CODE_STATE=getMsg HTTP/1.1" 200 27
114.83.222.205 - - [05/Oct/2021:09:32:04 +0800] "POST /xingrg/services/DataTransmitService HTTP/1.1" 200 501
114.83.222.205 - - [05/Oct/2021:09:32:06 +0800] "POST /xingrg/services/DataTransmitService HTTP/1.1" 200 501
114.85.125.222 - - [05/Oct/2021:09:32:07 +0800] "GET /xingrg/kc/buy/cgsh_order_operate.html?command=get_materiel&rest_code=00151&code=00101009062&supplier_code=00100424&order_time=2021-10-05 HTTP/1.1" 200 412
114.83.222.205 - - [05/Oct/2021:09:32:07 +0800] "POST /xingrg/services/DataTransmitService HTTP/1.1" 200 501
114.85.125.222 - - [05/Oct/2021:09:32:09 +0800] "GET /xingrg/all/function/internal_message.html?_=1633397495163&CODE_STATE=getMsg HTTP/1.1" 200 27
222.70.178.96 - - [05/Oct/2021:09:32:09 +0800] "GET /xingrg/all/function/internal_message.html?_=1633397529294&CODE_STATE=getMsg HTTP/1.1" 200 27
180.152.237.0 - - [05/Oct/2021:09:32:10 +0800] "GET /xingrg/all/function/internal_message.html?_=1633397512647&CODE_STATE=getMsg HTTP/1.1" 200 27
114.83.222.205 - - [05/Oct/2021:09:32:10 +0800] "POST /xingrg/services/DataTransmitService HTTP/1.1" 200 412
222.70.246.151 - - [05/Oct/2021:09:32:12 +0800] "GET /xingrg/all/function/internal_message.html?_=1633397562381&CODE_STATE=getMsg HTTP/1.1" 302 -
116.238.248.233 - - [05/Oct/2021:09:32:12 +0800] "GET /xingrg/all/function/internal_message.html?_=1633397533530&CODE_STATE=getMsg HTTP/1.1" 200 27
180.152.237.0 - - [05/Oct/2021:09:32:13 +0800] "GET /xingrg/kc/buy/cgsh_order_operate.html?command=get_materiel&rest_code=00102&code=00101011005&supplier_code=00100047&order_time=2021-10-05 HTTP/1.1" 200 428
114.85.125.222 - - [05/Oct/2021:09:32:17 +0800] "GET /xingrg/kc/buy/cgsh_order_operate.html?command=get_materiel&rest_code=00151&code=00101009013&supplier_code=00100424&order_time=2021-10-05 HTTP/1.1" 200 420
120.253.135.82 - - [05/Oct/2021:09:32:21 +0800] "GET /xingrg/login.html HTTP/1.1" 200 7641
120.253.135.82 - - [05/Oct/2021:09:32:21 +0800] "GET /xingrg/images/blue/jxLogo.png HTTP/1.1" 200 6156
120.253.135.82 - - [05/Oct/2021:09:32:22 +0800] "GET /xingrg/images/blue/login_bg.png HTTP/1.1" 200 22101
120.253.135.82 - - [05/Oct/2021:09:32:22 +0800] "GET /xingrg/images/blue/srbg.png HTTP/1.1" 200 138
120.253.135.82 - - [05/Oct/2021:09:32:22 +0800] "GET /xingrg/images/blue/hj.png HTTP/1.1" 200 1014
120.253.135.82 - - [05/Oct/2021:09:32:22 +0800] "GET /favicon.ico HTTP/1.1" 404 -
120.253.135.82 - - [05/Oct/2021:09:32:25 +0800] "POST /xingrg/login.do HTTP/1.1" 302 -
120.253.135.82 - - [05/Oct/2021:09:32:25 +0800] "GET /xingrg/index.html?sysBaseUrl=http%3A%2F%2F180.169.147.146%3A18081%2Fxingrg%2F&costTime=108×tamp=1633397545006 HTTP/1.1" 200 17173
120.253.135.82 - - [05/Oct/2021:09:32:25 +0800] "GET /xingrg/javascript/jquery_easy_ui/themes/default/easyui.css HTTP/1.1" 304 -
120.253.135.82 - - [05/Oct/2021:09:32:25 +0800] "GET /xingrg/javascript/jquery-1.4.2.min.js HTTP/1.1" 304 -
120.253.135.82 - - [05/Oct/2021:09:32:25 +0800] "GET /xingrg/css/form.css HTTP/1.1" 200 893
120.253.135.82 - - [05/Oct/2021:09:32:25 +0800] "GET /xingrg/javascript/jquery_easy_ui/themes/icon.css HTTP/1.1" 304 -
120.253.135.82 - - [05/Oct/2021:09:32:25 +0800] "GET /xingrg/javascript/jquery_easy_ui/jquery.easyui.min.js HTTP/1.1" 304 -
120.253.135.82 - - [05/Oct/2021:09:32:25 +0800] "GET /xingrg/javascript/jquery.utils.js HTTP/1.1" 304 -
120.253.135.82 - - [05/Oct/2021:09:32:25 +0800] "GET /xingrg/javascript/jquery.timers.js HTTP/1.1" 200 3532
120.253.135.82 - - [05/Oct/2021:09:32:25 +0800] "GET /xingrg/javascript/jquery_easy_ui/easyui-lang-zh_CN.js HTTP/1.1" 200 1900
120.253.135.82 - - [05/Oct/2021:09:32:25 +0800] "GET /xingrg/javascript/jquery.form.js HTTP/1.1" 200 23110
120.253.135.82 - - [05/Oct/2021:09:32:25 +0800] "GET /xingrg/javascript/jquery_easy_ui/themes/icons/settle_new.png HTTP/1.1" 304 -
120.253.135.82 - - [05/Oct/2021:09:32:25 +0800] "GET /xingrg/images/blue/navBackgound.jpg HTTP/1.1" 200 12378
120.253.135.82 - - [05/Oct/2021:09:32:25 +0800] "GET /xingrg/images/blue/pingpu.png HTTP/1.1" 200 231
120.253.135.82 - - [05/Oct/2021:09:32:25 +0800] "GET /xingrg/javascript/jquery_easy_ui/themes/default/images/tabs_rightarrow.png HTTP/1.1" 200 395
120.253.135.82 - - [05/Oct/2021:09:32:25 +0800] "GET /xingrg/javascript/jquery_easy_ui/themes/default/images/tabs_leftarrow.png HTTP/1.1" 200 389
120.253.135.82 - - [05/Oct/2021:09:32:25 +0800] "GET /xingrg/javascript/jquery_easy_ui/themes/default/images/panel_tool_collapse.gif HTTP/1.1" 200 246
120.253.135.82 - - [05/Oct/2021:09:32:25 +0800] "POST /xingrg/all/common/load_tree.html?tree=area_rest_tree_json&manage=1 HTTP/1.1" 200 344
120.253.135.82 - - [05/Oct/2021:09:32:25 +0800] "GET /xingrg/all/function/internal_message.html?_=1633397318354&CODE_STATE=count HTTP/1.1" 200 11
120.253.135.82 - - [05/Oct/2021:09:32:25 +0800] "GET /xingrg/javascript/jquery_easy_ui/themes/default/images/tree_arrows.gif HTTP/1.1" 200 1043
120.253.135.82 - - [05/Oct/2021:09:32:25 +0800] "GET /xingrg/check_reg.html?_=1633397318355 HTTP/1.1" 200 22
120.253.135.82 - - [05/Oct/2021:09:32:25 +0800] "POST /xingrg/load_menu.html HTTP/1.1" 200 6743
120.253.135.82 - - [05/Oct/2021:09:32:25 +0800] "GET /xingrg/javascript/jquery_easy_ui/themes/icons/search_new.png HTTP/1.1" 200 586
120.253.135.82 - - [05/Oct/2021:09:32:25 +0800] "GET /xingrg/javascript/jquery_easy_ui/themes/icons/forms_new.png HTTP/1.1" 200 350
120.253.135.82 - - [05/Oct/2021:09:32:25 +0800] "GET /xingrg/javascript/jquery_easy_ui/themes/default/images/tree_file.gif HTTP/1.1" 200 118
120.253.135.82 - - [05/Oct/2021:09:32:25 +0800] "GET /xingrg/javascript/jquery_easy_ui/themes/default/images/tree_folder_open.gif HTTP/1.1" 200 956
120.253.135.82 - - [05/Oct/2021:09:32:25 +0800] "GET /xingrg/javascript/jquery_easy_ui/themes/icons/delivery_new.png HTTP/1.1" 200 700
120.253.135.82 - - [05/Oct/2021:09:32:25 +0800] "GET /xingrg/javascript/jquery_easy_ui/themes/default/images/tree_folder.gif HTTP/1.1" 200 952
120.253.135.82 - - [05/Oct/2021:09:32:25 +0800] "GET /xingrg/javascript/jquery_easy_ui/themes/icons/storage_new.png HTTP/1.1" 200 853
120.253.135.82 - - [05/Oct/2021:09:32:25 +0800] "GET /favicon.ico HTTP/1.1" 404 -
114.85.125.222 - - [05/Oct/2021:09:32:27 +0800] "GET /xingrg/kc/buy/cgsh_order_operate.html?command=get_materiel&rest_code=00151&code=00101009049&supplier_code=00100424&order_time=2021-10-05 HTTP/1.1" 200 416
222.70.178.96 - - [05/Oct/2021:09:32:33 +0800] "GET /xingrg/kc/buy/cgsh_order_operate.html?command=get_materiel&rest_code=00111&code=00101008114&supplier_code=00100005&order_time=2021-10-05 HTTP/1.1" 200 412
120.253.135.82 - - [05/Oct/2021:09:32:34 +0800] "GET /xingrg/javascript/jquery_easy_ui/themes/default/images/tabs_close.gif HTTP/1.1" 200 829
120.253.135.82 - - [05/Oct/2021:09:32:34 +0800] "GET /xingrg/kc/pszx/mdqp_order_list.html?state=10 HTTP/1.1" 200 10217
120.253.135.82 - - [05/Oct/2021:09:32:34 +0800] "GET /xingrg/css/blue.css HTTP/1.1" 304 -
120.253.135.82 - - [05/Oct/2021:09:32:34 +0800] "GET /xingrg/javascript/pic_change.js HTTP/1.1" 304 -
120.253.135.82 - - [05/Oct/2021:09:32:34 +0800] "GET /xingrg/javascript/myfunction.js HTTP/1.1" 304 -
120.253.135.82 - - [05/Oct/2021:09:32:34 +0800] "GET /xingrg/dwr/util.js HTTP/1.1" 304 -
120.253.135.82 - - [05/Oct/2021:09:32:34 +0800] "GET /xingrg/javascript/Calendar.js HTTP/1.1" 304 -
120.253.135.82 - - [05/Oct/2021:09:32:34 +0800] "GET /xingrg/dwr/interface/AjaxReportQueryService.js HTTP/1.1" 200 13203
120.253.135.82 - - [05/Oct/2021:09:32:34 +0800] "GET /xingrg/dwr/interface/AjaxQqpsService.js HTTP/1.1" 200 16326
120.253.135.82 - - [05/Oct/2021:09:32:34 +0800] "GET /xingrg/dwr/engine.js HTTP/1.1" 200 43631
120.253.135.82 - - [05/Oct/2021:09:32:34 +0800] "GET /xingrg/javascript/jquery_easy_ui/themes/icons/uncheck_new.png HTTP/1.1" 304 -
120.253.135.82 - - [05/Oct/2021:09:32:34 +0800] "GET /xingrg/javascript/jquery_easy_ui/themes/icons/back_new.png HTTP/1.1" 304 -
120.253.135.82 - - [05/Oct/2021:09:32:34 +0800] "GET /xingrg/javascript/jquery_easy_ui/themes/icons/check_new.png HTTP/1.1" 304 -
222.70.178.96 - - [05/Oct/2021:09:32:37 +0800] "POST /xingrg/kc/buy/cgsh_order_operate.html HTTP/1.1" 200 2065
180.152.237.0 - - [05/Oct/2021:09:32:39 +0800] "POST /xingrg/kc/buy/cgsh_order_operate.html HTTP/1.1" 200 37
114.85.125.222 - - [05/Oct/2021:09:32:39 +0800] "GET /xingrg/kc/buy/cgsh_order_operate.html?command=get_materiel&rest_code=00151&code=00101009066&supplier_code=00100424&order_time=2021-10-05 HTTP/1.1" 200 416
120.253.135.82 - - [05/Oct/2021:09:32:41 +0800] "GET /xingrg/css/site.css HTTP/1.1" 304 -
120.253.135.82 - - [05/Oct/2021:09:32:41 +0800] "GET /xingrg/css/base.css HTTP/1.1" 304 -
120.253.135.82 - - [05/Oct/2021:09:32:41 +0800] "GET /xingrg/kc/pszx/mdth_order_list.html HTTP/1.1" 200 18513
120.253.135.82 - - [05/Oct/2021:09:32:41 +0800] "GET /xingrg/javascript/jquery_tools/fix.css HTTP/1.1" 304 -
120.253.135.82 - - [05/Oct/2021:09:32:41 +0800] "GET /xingrg/javascript/easyui/themes/icon.css HTTP/1.1" 304 -
120.253.135.82 - - [05/Oct/2021:09:32:41 +0800] "GET /xingrg/javascript/jquery_tools/datebox.css HTTP/1.1" 304 -
120.253.135.82 - - [05/Oct/2021:09:32:41 +0800] "GET /xingrg/javascript/jquery_tools/table.css HTTP/1.1" 304 -
120.253.135.82 - - [05/Oct/2021:09:32:41 +0800] "GET /xingrg/javascript/easyui/themes/default/easyui.css HTTP/1.1" 304 -
120.253.135.82 - - [05/Oct/2021:09:32:41 +0800] "GET /xingrg/javascript/jquery_tools/jquery.tools.extend.js HTTP/1.1" 304 -
120.253.135.82 - - [05/Oct/2021:09:32:41 +0800] "GET /xingrg/javascript/jquery_tools/jquery.tools.hotkey.js HTTP/1.1" 304 -
120.253.135.82 - - [05/Oct/2021:09:32:41 +0800] "GET /xingrg/javascript/jquery_tools/jquery.tools.table.js HTTP/1.1" 304 -
120.253.135.82 - - [05/Oct/2021:09:32:41 +0800] "GET /xingrg/javascript/jquery_tools/list_manager.js HTTP/1.1" 304 -
120.253.135.82 - - [05/Oct/2021:09:32:41 +0800] "GET /xingrg/javascript/easyui/easyloader.js HTTP/1.1" 304 -
120.253.135.82 - - [05/Oct/2021:09:32:41 +0800] "GET /xingrg/javascript/jquery.cookie.js HTTP/1.1" 304 -
120.253.135.82 - - [05/Oct/2021:09:32:41 +0800] "GET /xingrg/javascript/auto/jquery.autocomplete.js HTTP/1.1" 304 -
120.253.135.82 - - [05/Oct/2021:09:32:41 +0800] "GET /xingrg/javascript/print/LodopFuncs.js HTTP/1.1" 304 -
120.253.135.82 - - [05/Oct/2021:09:32:41 +0800] "GET /xingrg/javascript/jquery_tools/jquery.tools.min.js HTTP/1.1" 304 -
120.253.135.82 - - [05/Oct/2021:09:32:41 +0800] "GET /xingrg/javascript/auto/jquery.autocomplete.css HTTP/1.1" 304 -
120.253.135.82 - - [05/Oct/2021:09:32:41 +0800] "GET /xingrg/javascript/easyui/themes/icons/import_new.png HTTP/1.1" 304 -
120.253.135.82 - - [05/Oct/2021:09:32:41 +0800] "GET /xingrg/javascript/easyui/plugins/jquery.parser.js HTTP/1.1" 304 -
120.253.135.82 - - [05/Oct/2021:09:32:41 +0800] "GET /xingrg/images/control/ajaxLoader.gif HTTP/1.1" 304 -
120.253.135.82 - - [05/Oct/2021:09:32:41 +0800] "POST /xingrg/kc/pszx/mdth_order_new_list.html HTTP/1.1" 200 4672
116.237.74.154 - - [05/Oct/2021:09:32:41 +0800] "GET /xingrg/kc/buy/cgsh_order_operate.html?command=get_materiel&rest_code=00106&code=00101008137&supplier_code=00100007&order_time=2021-10-05 HTTP/1.1" 200 408
180.169.147.146 - - [05/Oct/2021:09:32:42 +0800] "GET /xingrg/all/function/internal_message.html?_=1633397567415&CODE_STATE=getMsg HTTP/1.1" 200 27
180.152.237.0 - - [05/Oct/2021:09:32:44 +0800] "POST /xingrg/kc/buy/cgsh_order_operate.html HTTP/1.1" 200 12
180.152.237.0 - - [05/Oct/2021:09:32:47 +0800] "GET /xingrg/kc/buy/cgsh_order_info.html?code=212021100501991 HTTP/1.1" 200 59482
120.253.135.82 - - [05/Oct/2021:09:32:47 +0800] "POST /xingrg/kc/pszx/mdth_order_new_list.html HTTP/1.1" 200 201
180.152.237.0 - - [05/Oct/2021:09:32:48 +0800] "GET /xingrg/javascript/easyui/themes/default/validatebox.css HTTP/1.1" 404 1104
180.169.147.146 - - [05/Oct/2021:09:32:48 +0800] "GET /xingrg/all/function/internal_message.html?_=1633397570458&CODE_STATE=getMsg HTTP/1.1" 200 27
114.85.125.222 - - [05/Oct/2021:09:32:49 +0800] "GET /xingrg/kc/buy/cgsh_order_operate.html?command=get_materiel&rest_code=00151&code=00101009044&supplier_code=00100424&order_time=2021-10-05 HTTP/1.1" 200 412
101.89.239.238 - - [05/Oct/2021:09:32:49 +0800] "GET /xingrg/all/function/internal_message.html?_=1633397510420&CODE_STATE=getMsg HTTP/1.1" 302 -
116.237.74.154 - - [05/Oct/2021:09:32:49 +0800] "GET /xingrg/all/function/internal_message.html?_=1633397570408&CODE_STATE=getMsg HTTP/1.1" 200 27
222.70.246.151 - - [05/Oct/2021:09:32:49 +0800] "GET /xingrg/check_reg.html?_=1633397577049 HTTP/1.1" 200 22
120.253.135.82 - - [05/Oct/2021:09:32:49 +0800] "POST /xingrg/kc/pszx/mdth_order_new_list.html HTTP/1.1" 200 201
101.89.239.238 - - [05/Oct/2021:09:32:50 +0800] "GET /xingrg/login.html HTTP/1.1" 200 7641
58.39.139.200 - - [05/Oct/2021:09:32:50 +0800] "GET /xingrg/all/function/internal_message.html?_=1633397572521&CODE_STATE=getMsg HTTP/1.1" 200 27
180.152.237.0 - - [05/Oct/2021:09:32:50 +0800] "POST /xingrg/kc/buy/cgsh_order_operate.html HTTP/1.1" 200 1193
222.70.178.96 - - [05/Oct/2021:09:32:51 +0800] "GET /xingrg/kc/buy/cgsh_order_operate.html?command=get_materiel&rest_code=00111&code=00101008095&supplier_code=00100005&order_time=2021-10-05 HTTP/1.1" 200 412
120.253.135.82 - - [05/Oct/2021:09:32:51 +0800] "POST /xingrg/kc/pszx/mdth_order_new_list.html HTTP/1.1" 200 286
222.70.246.151 - - [05/Oct/2021:09:32:51 +0800] "GET /xingrg/all/function/internal_message.html?_=1633397579088&CODE_STATE=getMsg HTTP/1.1" 200 27
120.253.135.82 - - [05/Oct/2021:09:32:55 +0800] "POST /xingrg/kc/pszx/mdth_order_new_list.html HTTP/1.1" 200 492
120.253.135.82 - - [05/Oct/2021:09:32:56 +0800] "POST /xingrg/kc/pszx/mdth_order_new_list.html HTTP/1.1" 200 361
180.152.237.0 - - [05/Oct/2021:09:32:58 +0800] "GET /xingrg/kc/print/load_data.html?order_code=212021100501991&kc_code=cgsh&condition= HTTP/1.1" 200 958
120.253.135.82 - - [05/Oct/2021:09:33:00 +0800] "POST /xingrg/kc/pszx/mdth_order_new_list.html HTTP/1.1" 200 204
120.253.135.82 - - [05/Oct/2021:09:33:02 +0800] "POST /xingrg/kc/pszx/mdth_order_new_list.html HTTP/1.1" 200 219
114.83.222.205 - - [05/Oct/2021:09:33:03 +0800] "GET /xingrg/all/function/internal_message.html?_=1633397582979&CODE_STATE=getMsg HTTP/1.1" 200 27
120.253.135.82 - - [05/Oct/2021:09:33:09 +0800] "GET /xingrg/kc/pszx/mdqp_order_list.html?state=10 HTTP/1.1" 200 10217
120.253.135.82 - - [05/Oct/2021:09:33:09 +0800] "GET /xingrg/dwr/interface/AjaxReportQueryService.js HTTP/1.1" 200 13203
120.253.135.82 - - [05/Oct/2021:09:33:09 +0800] "GET /xingrg/dwr/interface/AjaxQqpsService.js HTTP/1.1" 200 16326
120.253.135.82 - - [05/Oct/2021:09:33:09 +0800] "GET /xingrg/dwr/engine.js HTTP/1.1" 200 43631
114.85.125.222 - - [05/Oct/2021:09:33:09 +0800] "GET /xingrg/all/function/internal_message.html?_=1633397555177&CODE_STATE=getMsg HTTP/1.1" 200 27
222.70.178.96 - - [05/Oct/2021:09:33:09 +0800] "GET /xingrg/all/function/internal_message.html?_=1633397589266&CODE_STATE=getMsg HTTP/1.1" 200 27
116.237.74.154 - - [05/Oct/2021:09:33:09 +0800] "POST /xingrg/kc/buy/cgsh_order_operate.html HTTP/1.1" 200 37
180.152.237.0 - - [05/Oct/2021:09:33:10 +0800] "GET /xingrg/all/function/internal_message.html?_=1633397572664&CODE_STATE=getMsg HTTP/1.1" 200 27
222.70.246.151 - - [05/Oct/2021:09:33:12 +0800] "GET /xingrg/all/function/internal_message.html?_=1633397622407&CODE_STATE=getMsg HTTP/1.1" 302 -
116.238.248.233 - - [05/Oct/2021:09:33:12 +0800] "GET /xingrg/check_reg.html?_=1633397593530 HTTP/1.1" 200 22
116.238.248.233 - - [05/Oct/2021:09:33:12 +0800] "GET /xingrg/all/function/internal_message.html?_=1633397593534&CODE_STATE=getMsg HTTP/1.1" 200 27
120.253.135.82 - - [05/Oct/2021:09:33:14 +0800] "GET /xingrg/kc/pszx/jzcl_ps.html HTTP/1.1" 200 7683
120.253.135.82 - - [05/Oct/2021:09:33:14 +0800] "GET /xingrg/javascript/step/step.css HTTP/1.1" 200 999
120.253.135.82 - - [05/Oct/2021:09:33:14 +0800] "GET /xingrg/css/table.css HTTP/1.1" 200 3684
120.253.135.82 - - [05/Oct/2021:09:33:14 +0800] "GET /xingrg/javascript/tools/jquery.qtip-1.0.0-rc3.min.js HTTP/1.1" 200 38404
120.253.135.82 - - [05/Oct/2021:09:33:14 +0800] "GET /xingrg/javascript/step/images/navCurrentBtn.gif HTTP/1.1" 200 557
120.253.135.82 - - [05/Oct/2021:09:33:14 +0800] "GET /xingrg/javascript/jquery_easy_ui/themes/default/images/button_a_bg.gif HTTP/1.1" 200 1194
120.253.135.82 - - [05/Oct/2021:09:33:14 +0800] "GET /xingrg/javascript/jquery_easy_ui/themes/default/images/button_span_bg.gif HTTP/1.1" 200 2061
120.253.135.82 - - [05/Oct/2021:09:33:14 +0800] "GET /xingrg/javascript/jquery_easy_ui/themes/icons/search.png HTTP/1.1" 200 813
120.253.135.82 - - [05/Oct/2021:09:33:14 +0800] "GET /xingrg/javascript/jquery_easy_ui/themes/default/images/combo_arrow_dot.gif HTTP/1.1" 200 79
120.253.135.82 - - [05/Oct/2021:09:33:14 +0800] "GET /xingrg/javascript/jquery_easy_ui/themes/default/images/calendar_prevmonth.gif HTTP/1.1" 200 66
120.253.135.82 - - [05/Oct/2021:09:33:14 +0800] "GET /xingrg/javascript/jquery_easy_ui/themes/default/images/calendar_nextmonth.gif HTTP/1.1" 200 64
120.253.135.82 - - [05/Oct/2021:09:33:14 +0800] "POST /xingrg/all/common/load_tree.html?tree=area_rest_tree_json HTTP/1.1" 200 3472
120.253.135.82 - - [05/Oct/2021:09:33:14 +0800] "GET /xingrg/javascript/jquery_easy_ui/themes/default/images/calendar_prevyear.gif HTTP/1.1" 200 76
