114.83.222.205 - - [05/Oct/2021:09:39:00 +0800] "GET /xingrg/kc/buy/cgsh_order_operate.html?command=get_materiel&rest_code=00149&code=00101001060&supplier_code=00100039&order_time=2021-10-05 HTTP/1.1" 200 419
114.85.125.222 - - [05/Oct/2021:09:39:01 +0800] "GET /xingrg/kc/buy/cgsh_order_operate.html?command=get_materiel&rest_code=00151&code=00101006112&supplier_code=00100096&order_time=2021-10-05 HTTP/1.1" 200 409
116.233.78.144 - - [05/Oct/2021:09:39:02 +0800] "GET /xingrg/javascript/jquery_tools/images/prev.gif HTTP/1.1" 404 1086
116.233.78.144 - - [05/Oct/2021:09:39:02 +0800] "GET /xingrg/javascript/jquery_tools/images/next.gif HTTP/1.1" 404 1086
114.83.222.205 - - [05/Oct/2021:09:39:03 +0800] "GET /xingrg/all/function/internal_message.html?_=1633397942995&CODE_STATE=getMsg HTTP/1.1" 200 27
116.233.78.144 - - [05/Oct/2021:09:39:06 +0800] "GET /xingrg/kc/buy/cgsh_order_operate.html?command=get_materiel&rest_code=00109&code=00101001111&supplier_code=00100454&order_time=2021-10-05 HTTP/1.1" 200 411
114.85.125.222 - - [05/Oct/2021:09:39:07 +0800] "GET /xingrg/javascript/easyui/themes/default/images/button_plain_hover.png HTTP/1.1" 304 -
114.85.125.222 - - [05/Oct/2021:09:39:07 +0800] "GET /xingrg/javascript/easyui/themes/default/images/button_plain_hover.png HTTP/1.1" 304 -
222.70.178.96 - - [05/Oct/2021:09:39:08 +0800] "GET /xingrg/kc/buy/cgsh_order_operate.html?command=get_materiel&rest_code=00111&code=00101008125&supplier_code=00100005&order_time=2021-10-05 HTTP/1.1" 200 413
222.70.178.96 - - [05/Oct/2021:09:39:09 +0800] "GET /xingrg/check_reg.html?_=1633397949252 HTTP/1.1" 200 22
222.70.178.96 - - [05/Oct/2021:09:39:09 +0800] "GET /xingrg/all/function/internal_message.html?_=1633397949253&CODE_STATE=getMsg HTTP/1.1" 200 27
180.152.237.0 - - [05/Oct/2021:09:39:10 +0800] "GET /xingrg/check_reg.html?_=1633397932961 HTTP/1.1" 200 22
180.152.237.0 - - [05/Oct/2021:09:39:10 +0800] "GET /xingrg/all/function/internal_message.html?_=1633397932997&CODE_STATE=getMsg HTTP/1.1" 200 27
114.85.125.222 - - [05/Oct/2021:09:39:11 +0800] "POST /xingrg/kc/buy/cgsh_order_operate.html HTTP/1.1" 200 37
222.70.246.151 - - [05/Oct/2021:09:39:12 +0800] "GET /xingrg/all/function/internal_message.html?_=1633397982488&CODE_STATE=getMsg HTTP/1.1" 302 -
116.238.248.233 - - [05/Oct/2021:09:39:12 +0800] "GET /xingrg/all/function/internal_message.html?_=1633397953550&CODE_STATE=getMsg HTTP/1.1" 200 27
116.233.78.144 - - [05/Oct/2021:09:39:13 +0800] "GET /xingrg/all/function/internal_message.html?_=1633397957033&CODE_STATE=getMsg HTTP/1.1" 200 27
114.85.125.222 - - [05/Oct/2021:09:39:13 +0800] "POST /xingrg/kc/buy/cgsh_order_operate.html HTTP/1.1" 200 6835
180.169.147.146 - - [05/Oct/2021:09:39:22 +0800] "GET /xingrg/check_reg.html?_=1633397967562 HTTP/1.1" 200 22
222.70.178.96 - - [05/Oct/2021:09:39:24 +0800] "POST /xingrg/kc/buy/cgsh_order_operate.html HTTP/1.1" 200 37
120.253.135.82 - - [05/Oct/2021:09:39:25 +0800] "GET /xingrg/all/function/internal_message.html?_=1633397738448&CODE_STATE=getMsg HTTP/1.1" 200 27
114.83.222.205 - - [05/Oct/2021:09:39:26 +0800] "POST /xingrg/kc/buy/cgsh_order_operate.html HTTP/1.1" 200 37
222.70.178.96 - - [05/Oct/2021:09:39:26 +0800] "POST /xingrg/kc/buy/cgsh_order_operate.html HTTP/1.1" 200 42234
116.233.78.144 - - [05/Oct/2021:09:39:27 +0800] "GET /xingrg/kc/buy/cgsh_order_operate.html?command=get_materiel&rest_code=00109&code=00101005037&supplier_code=00100454&order_time=2021-10-05 HTTP/1.1" 200 411
222.70.178.96 - - [05/Oct/2021:09:39:29 +0800] "GET /xingrg/kc/print/load_config.html?kc_code=cgsh HTTP/1.1" 200 2256
222.70.178.96 - - [05/Oct/2021:09:39:29 +0800] "GET /xingrg/kc/print/load_data.html?order_code=212021100501985&kc_code=cgsh&condition= HTTP/1.1" 200 15626
114.83.222.205 - - [05/Oct/2021:09:39:30 +0800] "POST /xingrg/kc/buy/cgsh_order_operate.html HTTP/1.1" 200 12
114.85.125.222 - - [05/Oct/2021:09:39:32 +0800] "GET /xingrg/kc/buy/cgsh_order_operate.html?command=get_materiel&rest_code=00151&code=00101006178&supplier_code=00100096&order_time=2021-10-05 HTTP/1.1" 200 409
114.85.125.222 - - [05/Oct/2021:09:39:36 +0800] "GET /xingrg/all/function/internal_message.html?_=1633397941716&CODE_STATE=getMsg HTTP/1.1" 200 27
116.233.78.144 - - [05/Oct/2021:09:39:40 +0800] "POST /xingrg/kc/buy/cgsh_order_operate.html HTTP/1.1" 200 37
114.83.222.205 - - [05/Oct/2021:09:39:40 +0800] "GET /xingrg/kc/buy/cgsh_order_info.html?code=212021100501994 HTTP/1.1" 200 59578
114.83.222.205 - - [05/Oct/2021:09:39:41 +0800] "GET /xingrg/javascript/easyui/themes/default/validatebox.css HTTP/1.1" 404 1104
114.83.222.205 - - [05/Oct/2021:09:39:41 +0800] "POST /xingrg/kc/buy/cgsh_order_operate.html HTTP/1.1" 200 4177
116.233.78.144 - - [05/Oct/2021:09:39:41 +0800] "POST /xingrg/kc/buy/cgsh_order_operate.html HTTP/1.1" 200 3243
180.169.147.146 - - [05/Oct/2021:09:39:42 +0800] "GET /xingrg/all/function/internal_message.html?_=1633397987526&CODE_STATE=getMsg HTTP/1.1" 200 27
116.233.78.144 - - [05/Oct/2021:09:39:42 +0800] "GET /xingrg/kc/print/load_config.html?kc_code=cgsh HTTP/1.1" 200 2256
116.233.78.144 - - [05/Oct/2021:09:39:43 +0800] "GET /xingrg/kc/print/load_data.html?order_code=212021100501995&kc_code=cgsh&condition= HTTP/1.1" 200 874
222.70.178.96 - - [05/Oct/2021:09:39:45 +0800] "GET /xingrg/kc/buy/cgsh_order_add.html HTTP/1.1" 200 64610
222.70.178.96 - - [05/Oct/2021:09:39:46 +0800] "POST /xingrg/kc/buy/cgsh_order_operate.html HTTP/1.1" 200 8245
222.70.178.96 - - [05/Oct/2021:09:39:46 +0800] "GET /xingrg/javascript/easyui/themes/default/validatebox.css HTTP/1.1" 404 1104
114.83.222.205 - - [05/Oct/2021:09:39:46 +0800] "GET /xingrg/kc/print/load_data.html?order_code=212021100501994&kc_code=cgsh&condition= HTTP/1.1" 200 2095
116.233.78.144 - - [05/Oct/2021:09:39:46 +0800] "GET /xingrg/kc/buy/cgsh_order_add.html HTTP/1.1" 200 64657
116.233.78.144 - - [05/Oct/2021:09:39:46 +0800] "POST /xingrg/kc/buy/cgsh_order_operate.html HTTP/1.1" 200 8245
116.233.78.144 - - [05/Oct/2021:09:39:46 +0800] "GET /xingrg/all/common/auto_word.html?type=employee&rest_code=00109 HTTP/1.1" 200 255
116.233.78.144 - - [05/Oct/2021:09:39:46 +0800] "GET /xingrg/javascript/easyui/themes/default/validatebox.css HTTP/1.1" 404 1104
116.233.78.144 - - [05/Oct/2021:09:39:46 +0800] "GET /xingrg/all/common/auto_word.html?type=employee&rest_code=00109 HTTP/1.1" 200 255
114.85.125.222 - - [05/Oct/2021:09:39:46 +0800] "GET /xingrg/kc/buy/cgsh_order_operate.html?command=get_materiel&rest_code=00151&code=00101006013&supplier_code=00100096&order_time=2021-10-05 HTTP/1.1" 200 409
180.169.147.146 - - [05/Oct/2021:09:39:48 +0800] "GET /xingrg/all/function/internal_message.html?_=1633397990458&CODE_STATE=getMsg HTTP/1.1" 200 27
116.233.78.144 - - [05/Oct/2021:09:39:49 +0800] "GET /xingrg/javascript/jquery_tools/images/prev.gif HTTP/1.1" 404 1086
116.233.78.144 - - [05/Oct/2021:09:39:49 +0800] "GET /xingrg/javascript/jquery_tools/images/next.gif HTTP/1.1" 404 1086
58.39.139.200 - - [05/Oct/2021:09:39:50 +0800] "GET /xingrg/check_reg.html?_=1633397992556 HTTP/1.1" 200 22
58.39.139.200 - - [05/Oct/2021:09:39:50 +0800] "GET /xingrg/all/function/internal_message.html?_=1633397992603&CODE_STATE=getMsg HTTP/1.1" 200 27
222.70.246.151 - - [05/Oct/2021:09:39:52 +0800] "GET /xingrg/all/function/internal_message.html?_=1633397999184&CODE_STATE=getMsg HTTP/1.1" 200 27
222.70.178.96 - - [05/Oct/2021:09:39:52 +0800] "GET /xingrg/javascript/easyui/themes/default/tree.css HTTP/1.1" 404 1090
222.70.178.96 - - [05/Oct/2021:09:39:52 +0800] "POST /xingrg/all/common/load_tree.html?tree=supplier_tree_json&isDelete=1 HTTP/1.1" 200 60042
116.233.78.144 - - [05/Oct/2021:09:39:53 +0800] "GET /xingrg/kc/buy/cgsh_order_operate.html?command=get_materiel&rest_code=00109&code=00101016025&supplier_code=00100035&order_time=2021-10-05 HTTP/1.1" 200 408
116.233.78.144 - - [05/Oct/2021:09:40:00 +0800] "GET /xingrg/kc/buy/cgsh_order_operate.html?command=get_materiel&rest_code=00109&code=00101016105&supplier_code=00100035&order_time=2021-10-05 HTTP/1.1" 200 409
180.169.147.146 - - [05/Oct/2021:09:40:00 +0800] "GET /xingrg/javascript/easyui/themes/default/images/button_plain_hover.png HTTP/1.1" 200 144
114.83.222.205 - - [05/Oct/2021:09:40:03 +0800] "GET /xingrg/all/function/internal_message.html?_=1633398003008&CODE_STATE=getMsg HTTP/1.1" 200 27
116.233.78.144 - - [05/Oct/2021:09:40:05 +0800] "GET /xingrg/kc/buy/cgsh_order_operate.html?command=get_materiel&rest_code=00109&code=00101008236&supplier_code=00100035&order_time=2021-10-05 HTTP/1.1" 200 416
180.169.147.146 - - [05/Oct/2021:09:40:07 +0800] "GET /xingrg/all/report/report_query.html?isQuery=1&fileName=kc/base/crk_detail_by_small.xml&rh=99999&queryString=&queryText=%25E3%2580%2590%25E4%25BB%2593%25E5%25BA%2593%25E5%2590%258D%25E7%25A7%25B0%253A%25E5%25A4%25A7%25E5%25A0%2582%25E5%2590%25A7%25E3%2580%2591%25E3%2580%2590%25E4%25B8%259A%25E5%258A%25A1%25E7%25B1%25BB%25E5%259E%258B%25EF%25BC%259A%25E5%2586%2585%25E9%2583%25A8%25E8%25B0%2583%25E5%2587%25BA%25E3%2580%2591%2520%253F%253F%253F%253F%253F2021-09-01%253F%253F2021-09-30%2520%253F%253F%253F%253F%253F%253F%253F%253F&tableQueryString=crk_table%2524sp1%2524order_day%2520between%252020210901%2520and%252020210930%2520and%2520(base_code%253D'0010615')%2520and%2520(src_order_type%2520in%2520(42))%2520and%2520(is_rk%2520in%2520(0)) HTTP/1.1" 200 53784
180.169.147.146 - - [05/Oct/2021:09:40:07 +0800] "GET /xingrg/dwr/interface/AjaxReportQueryService.js HTTP/1.1" 200 13203
180.169.147.146 - - [05/Oct/2021:09:40:07 +0800] "GET /xingrg/dwr/engine.js HTTP/1.1" 200 43631
180.169.147.146 - - [05/Oct/2021:09:40:07 +0800] "GET /xingrg/javascript/jquery_easy_ui/themes/default/images/tabs_active.png HTTP/1.1" 200 2894
180.169.147.146 - - [05/Oct/2021:09:40:08 +0800] "POST /xingrg/all/report/load_report_page.html HTTP/1.1" 200 22595
180.169.147.146 - - [05/Oct/2021:09:40:08 +0800] "GET /xingrg/servlets/image?cache=0.5572618769225717&image=px HTTP/1.1" 200 807
114.85.125.222 - - [05/Oct/2021:09:40:08 +0800] "GET /xingrg/kc/buy/cgsh_order_operate.html?command=get_materiel&rest_code=00151&code=00101006133&supplier_code=00100096&order_time=2021-10-05 HTTP/1.1" 200 413
222.70.178.96 - - [05/Oct/2021:09:40:09 +0800] "GET /xingrg/all/function/internal_message.html?_=1633398009282&CODE_STATE=getMsg HTTP/1.1" 200 27
116.233.78.144 - - [05/Oct/2021:09:40:10 +0800] "GET /xingrg/kc/buy/cgsh_order_operate.html?command=get_materiel&rest_code=00109&code=00101016071&supplier_code=00100035&order_time=2021-10-05 HTTP/1.1" 200 416
180.152.237.0 - - [05/Oct/2021:09:40:10 +0800] "GET /xingrg/all/function/internal_message.html?_=1633397993008&CODE_STATE=getMsg HTTP/1.1" 200 27
222.70.246.151 - - [05/Oct/2021:09:40:12 +0800] "GET /xingrg/all/function/internal_message.html?_=1633398042490&CODE_STATE=getMsg HTTP/1.1" 302 -
116.238.248.233 - - [05/Oct/2021:09:40:12 +0800] "GET /xingrg/all/function/internal_message.html?_=1633398013550&CODE_STATE=getMsg HTTP/1.1" 200 27
116.233.78.144 - - [05/Oct/2021:09:40:13 +0800] "GET /xingrg/all/function/internal_message.html?_=1633398017033&CODE_STATE=getMsg HTTP/1.1" 200 27
116.233.78.144 - - [05/Oct/2021:09:40:15 +0800] "GET /xingrg/kc/buy/cgsh_order_operate.html?command=get_materiel&rest_code=00109&code=00101016080&supplier_code=00100035&order_time=2021-10-05 HTTP/1.1" 200 408
222.70.178.96 - - [05/Oct/2021:09:40:19 +0800] "GET /xingrg/kc/buy/cgsh_order_operate.html?command=get_materiel&rest_code=00111&code=00101007085&supplier_code=00100004&order_time=2021-10-05 HTTP/1.1" 200 413
114.83.222.205 - - [05/Oct/2021:09:40:22 +0800] "GET /xingrg/kc/buy/cgsh_order_add.html HTTP/1.1" 200 64669
114.83.222.205 - - [05/Oct/2021:09:40:23 +0800] "POST /xingrg/kc/buy/cgsh_order_operate.html HTTP/1.1" 200 8245
114.83.222.205 - - [05/Oct/2021:09:40:23 +0800] "GET /xingrg/javascript/easyui/themes/default/validatebox.css HTTP/1.1" 404 1104
116.233.78.144 - - [05/Oct/2021:09:40:23 +0800] "POST /xingrg/kc/buy/cgsh_order_operate.html HTTP/1.1" 200 37
120.253.135.82 - - [05/Oct/2021:09:40:25 +0800] "GET /xingrg/all/function/internal_message.html?_=1633397798466&CODE_STATE=getMsg HTTP/1.1" 200 27
116.233.78.144 - - [05/Oct/2021:09:40:27 +0800] "POST /xingrg/kc/buy/cgsh_order_operate.html HTTP/1.1" 200 4422
116.233.78.144 - - [05/Oct/2021:09:40:29 +0800] "GET /xingrg/kc/print/load_config.html?kc_code=cgsh HTTP/1.1" 200 2256
116.233.78.144 - - [05/Oct/2021:09:40:29 +0800] "GET /xingrg/kc/print/load_data.html?order_code=212021100501996&kc_code=cgsh&condition= HTTP/1.1" 200 1338
114.85.125.222 - - [05/Oct/2021:09:40:31 +0800] "GET /xingrg/kc/buy/cgsh_order_operate.html?command=get_materiel&rest_code=00151&code=00101007125&supplier_code=00100096&order_time=2021-10-05 HTTP/1.1" 200 406
116.233.78.144 - - [05/Oct/2021:09:40:33 +0800] "GET /xingrg/kc/buy/cgsh_order_add.html HTTP/1.1" 200 64657
116.233.78.144 - - [05/Oct/2021:09:40:33 +0800] "POST /xingrg/kc/buy/cgsh_order_operate.html HTTP/1.1" 200 8245
116.233.78.144 - - [05/Oct/2021:09:40:33 +0800] "GET /xingrg/all/common/auto_word.html?type=employee&rest_code=00109 HTTP/1.1" 200 255
116.233.78.144 - - [05/Oct/2021:09:40:33 +0800] "GET /xingrg/all/common/auto_word.html?type=employee&rest_code=00109 HTTP/1.1" 200 255
116.233.78.144 - - [05/Oct/2021:09:40:33 +0800] "GET /xingrg/javascript/easyui/themes/default/validatebox.css HTTP/1.1" 404 1104
114.83.222.205 - - [05/Oct/2021:09:40:33 +0800] "GET /xingrg/kc/buy/cgsh_order_operate.html?command=get_materiel&rest_code=00149&code=00101009049&supplier_code=00100201&order_time=2021-10-05 HTTP/1.1" 200 416
116.233.78.144 - - [05/Oct/2021:09:40:35 +0800] "GET /xingrg/javascript/jquery_tools/images/prev.gif HTTP/1.1" 404 1086
116.233.78.144 - - [05/Oct/2021:09:40:35 +0800] "GET /xingrg/javascript/jquery_tools/images/next.gif HTTP/1.1" 404 1086
114.85.125.222 - - [05/Oct/2021:09:40:37 +0800] "GET /xingrg/all/function/internal_message.html?_=1633398002930&CODE_STATE=getMsg HTTP/1.1" 200 27
114.85.125.222 - - [05/Oct/2021:09:40:41 +0800] "POST /xingrg/kc/buy/cgsh_order_operate.html HTTP/1.1" 200 37
116.233.78.144 - - [05/Oct/2021:09:40:41 +0800] "GET /xingrg/kc/buy/cgsh_order_operate.html?command=get_materiel&rest_code=00109&code=00101007075&supplier_code=00100004&order_time=2021-10-05 HTTP/1.1" 200 23
114.85.125.222 - - [05/Oct/2021:09:40:42 +0800] "POST /xingrg/kc/buy/cgsh_order_operate.html HTTP/1.1" 200 9860
180.169.147.146 - - [05/Oct/2021:09:40:42 +0800] "GET /xingrg/all/function/internal_message.html?_=1633398047539&CODE_STATE=getMsg HTTP/1.1" 200 27
116.233.78.144 - - [05/Oct/2021:09:40:47 +0800] "GET /xingrg/kc/buy/cgsh_order_operate.html?command=get_materiel&rest_code=00109&code=00101007075&supplier_code=00100004&order_time=2021-10-05 HTTP/1.1" 200 408
222.70.246.151 - - [05/Oct/2021:09:40:48 +0800] "GET /xingrg/check_reg.html?_=1633398078334 HTTP/1.1" 302 -
180.169.147.146 - - [05/Oct/2021:09:40:48 +0800] "GET /xingrg/check_reg.html?_=1633398050459 HTTP/1.1" 200 22
180.169.147.146 - - [05/Oct/2021:09:40:48 +0800] "GET /xingrg/all/function/internal_message.html?_=1633398050458&CODE_STATE=getMsg HTTP/1.1" 200 27
114.83.222.205 - - [05/Oct/2021:09:40:50 +0800] "GET /xingrg/kc/buy/cgsh_order_operate.html?command=get_materiel&rest_code=00149&code=00101015017&supplier_code=00100201&order_time=2021-10-05 HTTP/1.1" 200 412
58.39.139.200 - - [05/Oct/2021:09:40:50 +0800] "GET /xingrg/all/function/internal_message.html?_=1633398052586&CODE_STATE=getMsg HTTP/1.1" 200 27
114.85.125.222 - - [05/Oct/2021:09:40:50 +0800] "GET /xingrg/kc/buy/cgsh_order_operate.html?command=get_materiel&rest_code=00151&code=00101007077&supplier_code=00100096&order_time=2021-10-05 HTTP/1.1" 200 415
222.70.178.96 - - [05/Oct/2021:09:40:50 +0800] "GET /xingrg/kc/buy/cgsh_order_operate.html?command=get_materiel&rest_code=00111&code=00101007049&supplier_code=00100004&order_time=2021-10-05 HTTP/1.1" 200 409
180.152.237.0 - - [05/Oct/2021:09:40:51 +0800] "GET /xingrg/kc/buy/cgsh_order_add.html HTTP/1.1" 200 64575
222.70.246.151 - - [05/Oct/2021:09:40:52 +0800] "GET /xingrg/all/function/internal_message.html?_=1633398059199&CODE_STATE=getMsg HTTP/1.1" 200 27
180.152.237.0 - - [05/Oct/2021:09:40:52 +0800] "POST /xingrg/kc/buy/cgsh_order_operate.html HTTP/1.1" 200 8245
180.152.237.0 - - [05/Oct/2021:09:40:53 +0800] "GET /xingrg/javascript/easyui/themes/default/validatebox.css HTTP/1.1" 404 1104
114.83.222.205 - - [05/Oct/2021:09:40:56 +0800] "GET /xingrg/kc/buy/cgsh_order_operate.html?command=get_materiel&rest_code=00149&code=00101009062&supplier_code=00100201&order_time=2021-10-05 HTTP/1.1" 200 412
180.171.130.85 - - [05/Oct/2021:09:40:56 +0800] "POST /xingrg/services/DataTransmitService HTTP/1.1" 200 524
116.233.78.144 - - [05/Oct/2021:09:40:56 +0800] "GET /xingrg/kc/buy/cgsh_order_operate.html?command=get_materiel&rest_code=00109&code=00101007061&supplier_code=00100004&order_time=2021-10-05 HTTP/1.1" 200 409
180.152.237.0 - - [05/Oct/2021:09:40:57 +0800] "GET /xingrg/javascript/easyui/themes/default/tree.css HTTP/1.1" 404 1090
180.152.237.0 - - [05/Oct/2021:09:40:58 +0800] "POST /xingrg/all/common/load_tree.html?tree=supplier_tree_json&isDelete=1 HTTP/1.1" 200 60042
114.83.222.205 - - [05/Oct/2021:09:41:03 +0800] "GET /xingrg/all/function/internal_message.html?_=1633398063010&CODE_STATE=getMsg HTTP/1.1" 200 27
222.70.178.96 - - [05/Oct/2021:09:41:03 +0800] "GET /xingrg/kc/buy/cgsh_order_operate.html?command=get_materiel&rest_code=00111&code=00101007061&supplier_code=00100004&order_time=2021-10-05 HTTP/1.1" 200 409
114.83.222.205 - - [05/Oct/2021:09:41:04 +0800] "GET /xingrg/kc/buy/cgsh_order_operate.html?command=get_materiel&rest_code=00149&code=00101009011&supplier_code=00100201&order_time=2021-10-05 HTTP/1.1" 200 416
180.169.147.146 - - [05/Oct/2021:09:41:07 +0800] "GET /xingrg/all/report/report_query.html?isQuery=1&fileName=kc/base/crk_detail_by_small.xml&rh=99999&queryString=&queryText=%25E3%2580%2590%25E4%25BB%2593%25E5%25BA%2593%25E5%2590%258D%25E7%25A7%25B0%253A%25E5%25A4%25A7%25E5%25A0%2582%25E5%2590%25A7%25E3%2580%2591%25E3%2580%2590%25E4%25B8%259A%25E5%258A%25A1%25E7%25B1%25BB%25E5%259E%258B%25EF%25BC%259A%25E5%2586%2585%25E9%2583%25A8%25E8%25B0%2583%25E5%2585%25A5%25E3%2580%2591%2520%253F%253F%253F%253F%253F2021-09-01%253F%253F2021-09-30%2520%253F%253F%253F%253F%253F%253F%253F%253F&tableQueryString=crk_table%2524sp1%2524order_day%2520between%252020210901%2520and%252020210930%2520and%2520(base_code%253D'0010615')%2520and%2520(src_order_type%2520in%2520(42))%2520and%2520(is_rk%2520in%2520(1)) HTTP/1.1" 200 53784
180.169.147.146 - - [05/Oct/2021:09:41:07 +0800] "GET /xingrg/dwr/interface/AjaxReportQueryService.js HTTP/1.1" 200 13203
180.169.147.146 - - [05/Oct/2021:09:41:07 +0800] "GET /xingrg/dwr/engine.js HTTP/1.1" 200 43631
180.169.147.146 - - [05/Oct/2021:09:41:08 +0800] "POST /xingrg/all/report/load_report_page.html HTTP/1.1" 200 13909
180.169.147.146 - - [05/Oct/2021:09:41:08 +0800] "GET /xingrg/servlets/image?cache=0.7986632046739063&image=px HTTP/1.1" 200 807
222.70.178.96 - - [05/Oct/2021:09:41:09 +0800] "GET /xingrg/all/function/internal_message.html?_=1633398069274&CODE_STATE=getMsg HTTP/1.1" 200 27
180.169.147.146 - - [05/Oct/2021:09:41:09 +0800] "POST /xingrg/all/report/load_report_page.html HTTP/1.1" 200 22843
180.169.147.146 - - [05/Oct/2021:09:41:09 +0800] "GET /xingrg/servlets/image?cache=0.5256083229500875&image=px HTTP/1.1" 200 807
180.152.237.0 - - [05/Oct/2021:09:41:10 +0800] "GET /xingrg/all/function/internal_message.html?_=1633398053019&CODE_STATE=getMsg HTTP/1.1" 200 27
222.70.246.151 - - [05/Oct/2021:09:41:12 +0800] "GET /xingrg/all/function/internal_message.html?_=1633398102514&CODE_STATE=getMsg HTTP/1.1" 302 -
116.238.248.233 - - [05/Oct/2021:09:41:12 +0800] "GET /xingrg/all/function/internal_message.html?_=1633398073550&CODE_STATE=getMsg HTTP/1.1" 200 27
116.233.78.144 - - [05/Oct/2021:09:41:13 +0800] "GET /xingrg/all/function/internal_message.html?_=1633398077041&CODE_STATE=getMsg HTTP/1.1" 200 27
222.70.178.96 - - [05/Oct/2021:09:41:16 +0800] "GET /xingrg/kc/buy/cgsh_order_operate.html?command=get_materiel&rest_code=00111&code=00101007076&supplier_code=00100004&order_time=2021-10-05 HTTP/1.1" 200 408
114.85.125.222 - - [05/Oct/2021:09:41:21 +0800] "POST /xingrg/kc/buy/cgsh_order_operate.html HTTP/1.1" 200 37
114.85.125.222 - - [05/Oct/2021:09:41:24 +0800] "POST /xingrg/kc/buy/cgsh_order_operate.html HTTP/1.1" 200 12
120.253.135.82 - - [05/Oct/2021:09:41:25 +0800] "GET /xingrg/all/function/internal_message.html?_=1633397858475&CODE_STATE=getMsg HTTP/1.1" 200 27
114.85.125.222 - - [05/Oct/2021:09:41:25 +0800] "GET /xingrg/kc/buy/cgsh_order_info.html?code=212021100501993 HTTP/1.1" 200 59173
114.85.125.222 - - [05/Oct/2021:09:41:26 +0800] "GET /xingrg/javascript/easyui/themes/default/validatebox.css HTTP/1.1" 404 1104
114.85.125.222 - - [05/Oct/2021:09:41:26 +0800] "POST /xingrg/kc/buy/cgsh_order_operate.html HTTP/1.1" 200 8405
114.85.125.222 - - [05/Oct/2021:09:41:28 +0800] "GET /xingrg/kc/print/load_config.html?kc_code=cgsh HTTP/1.1" 200 2256
114.85.125.222 - - [05/Oct/2021:09:41:28 +0800] "GET /xingrg/kc/print/load_data.html?order_code=212021100501993&kc_code=cgsh&condition= HTTP/1.1" 200 3714
116.233.78.144 - - [05/Oct/2021:09:41:33 +0800] "GET /xingrg/kc/buy/cgsh_order_operate.html?command=get_materiel&rest_code=00109&code=00101007049&supplier_code=00100004&order_time=2021-10-05 HTTP/1.1" 200 409
114.85.125.222 - - [05/Oct/2021:09:41:36 +0800] "GET /xingrg/kc/buy/cgsh_order_add.html HTTP/1.1" 200 64270
114.85.125.222 - - [05/Oct/2021:09:41:36 +0800] "POST /xingrg/kc/buy/cgsh_order_operate.html HTTP/1.1" 200 8245
114.85.125.222 - - [05/Oct/2021:09:41:36 +0800] "GET /xingrg/javascript/easyui/themes/default/validatebox.css HTTP/1.1" 404 1104
114.85.125.222 - - [05/Oct/2021:09:41:37 +0800] "GET /xingrg/all/function/internal_message.html?_=1633398062944&CODE_STATE=getMsg HTTP/1.1" 200 27
114.83.222.205 - - [05/Oct/2021:09:41:39 +0800] "GET /xingrg/kc/buy/cgsh_order_operate.html?command=get_materiel&rest_code=00149&code=00101009118&supplier_code=00100201&order_time=2021-10-05 HTTP/1.1" 200 391
116.233.78.144 - - [05/Oct/2021:09:41:42 +0800] "POST /xingrg/kc/buy/cgsh_order_operate.html HTTP/1.1" 200 37
180.169.147.146 - - [05/Oct/2021:09:41:42 +0800] "GET /xingrg/all/function/internal_message.html?_=1633398107562&CODE_STATE=getMsg HTTP/1.1" 200 27
114.85.125.222 - - [05/Oct/2021:09:41:43 +0800] "GET /xingrg/kc/buy/cgsh_order_operate.html?command=get_materiel&rest_code=00151&code=00101011005&supplier_code=00100047&order_time=2021-10-05 HTTP/1.1" 200 428
180.169.147.146 - - [05/Oct/2021:09:41:48 +0800] "GET /xingrg/all/function/internal_message.html?_=1633398110455&CODE_STATE=getMsg HTTP/1.1" 200 27
58.39.139.200 - - [05/Oct/2021:09:41:50 +0800] "GET /xingrg/all/function/internal_message.html?_=1633398112555&CODE_STATE=getMsg HTTP/1.1" 200 27
222.70.246.151 - - [05/Oct/2021:09:41:52 +0800] "GET /xingrg/all/function/internal_message.html?_=1633398119210&CODE_STATE=getMsg HTTP/1.1" 200 27
222.70.178.96 - - [05/Oct/2021:09:41:52 +0800] "GET /xingrg/kc/buy/cgsh_order_operate.html?command=get_materiel&rest_code=00111&code=00101007077&supplier_code=00100004&order_time=2021-10-05 HTTP/1.1" 200 415
114.85.125.222 - - [05/Oct/2021:09:41:53 +0800] "GET /xingrg/kc/buy/cgsh_order_operate.html?command=get_materiel&rest_code=00151&code=00101011001&supplier_code=00100047&order_time=2021-10-05 HTTP/1.1" 200 423
114.85.125.222 - - [05/Oct/2021:09:42:00 +0800] "GET /xingrg/kc/buy/cgsh_order_operate.html?command=get_materiel&rest_code=00151&code=00101011010&supplier_code=00100047&order_time=2021-10-05 HTTP/1.1" 200 418
114.83.222.205 - - [05/Oct/2021:09:42:02 +0800] "GET /xingrg/kc/buy/cgsh_order_operate.html?command=get_materiel&rest_code=00149&code=00101009122&supplier_code=00100201&order_time=2021-10-05 HTTP/1.1" 200 391
114.83.222.205 - - [05/Oct/2021:09:42:03 +0800] "GET /xingrg/check_reg.html?_=1633398123031 HTTP/1.1" 200 22
114.83.222.205 - - [05/Oct/2021:09:42:03 +0800] "GET /xingrg/all/function/internal_message.html?_=1633398123031&CODE_STATE=getMsg HTTP/1.1" 200 27
222.70.178.96 - - [05/Oct/2021:09:42:09 +0800] "GET /xingrg/all/function/internal_message.html?_=1633398129267&CODE_STATE=getMsg HTTP/1.1" 200 27
180.152.237.0 - - [05/Oct/2021:09:42:10 +0800] "GET /xingrg/all/function/internal_message.html?_=1633398113034&CODE_STATE=getMsg HTTP/1.1" 200 27
114.85.125.222 - - [05/Oct/2021:09:42:10 +0800] "GET /xingrg/kc/buy/cgsh_order_operate.html?command=get_materiel&rest_code=00151&code=00101011007&supplier_code=00100047&order_time=2021-10-05 HTTP/1.1" 200 414
222.70.246.151 - - [05/Oct/2021:09:42:12 +0800] "GET /xingrg/all/function/internal_message.html?_=1633398162517&CODE_STATE=getMsg HTTP/1.1" 302 -
222.70.178.96 - - [05/Oct/2021:09:42:12 +0800] "GET /xingrg/kc/buy/cgsh_order_operate.html?command=get_materiel&rest_code=00111&code=00101007081&supplier_code=00100004&order_time=2021-10-05 HTTP/1.1" 200 413
116.238.248.233 - - [05/Oct/2021:09:42:12 +0800] "GET /xingrg/all/function/internal_message.html?_=1633398133551&CODE_STATE=getMsg HTTP/1.1" 200 27
114.85.125.222 - - [05/Oct/2021:09:42:17 +0800] "POST /xingrg/kc/buy/cgsh_order_operate.html HTTP/1.1" 200 37
114.83.222.205 - - [05/Oct/2021:09:42:22 +0800] "POST /xingrg/kc/buy/cgsh_order_operate.html HTTP/1.1" 200 37
222.70.178.96 - - [05/Oct/2021:09:42:24 +0800] "POST /xingrg/kc/buy/cgsh_order_operate.html HTTP/1.1" 200 37
114.85.125.222 - - [05/Oct/2021:09:42:24 +0800] "POST /xingrg/kc/buy/cgsh_order_operate.html HTTP/1.1" 200 12
120.253.135.82 - - [05/Oct/2021:09:42:25 +0800] "GET /xingrg/check_reg.html?_=1633397918366 HTTP/1.1" 200 22
120.253.135.82 - - [05/Oct/2021:09:42:25 +0800] "GET /xingrg/all/function/internal_message.html?_=1633397918489&CODE_STATE=getMsg HTTP/1.1" 200 27
222.70.178.96 - - [05/Oct/2021:09:42:26 +0800] "POST /xingrg/kc/buy/cgsh_order_operate.html HTTP/1.1" 200 6203
114.85.125.222 - - [05/Oct/2021:09:42:26 +0800] "GET /xingrg/kc/buy/cgsh_order_info.html?code=212021100501998 HTTP/1.1" 200 59183
114.85.125.222 - - [05/Oct/2021:09:42:26 +0800] "GET /xingrg/javascript/easyui/themes/default/validatebox.css HTTP/1.1" 404 1104
114.85.125.222 - - [05/Oct/2021:09:42:26 +0800] "POST /xingrg/kc/buy/cgsh_order_operate.html HTTP/1.1" 200 2431
114.83.222.205 - - [05/Oct/2021:09:42:28 +0800] "POST /xingrg/kc/buy/cgsh_order_operate.html HTTP/1.1" 200 12
222.70.178.96 - - [05/Oct/2021:09:42:29 +0800] "GET /xingrg/kc/print/load_data.html?order_code=212021100502000&kc_code=cgsh&condition= HTTP/1.1" 200 2066
114.85.125.222 - - [05/Oct/2021:09:42:29 +0800] "GET /xingrg/kc/print/load_data.html?order_code=212021100501998&kc_code=cgsh&condition= HTTP/1.1" 200 1510
114.83.222.205 - - [05/Oct/2021:09:42:31 +0800] "GET /xingrg/kc/buy/cgsh_order_info.html?code=212021100501999 HTTP/1.1" 200 59578
114.83.222.205 - - [05/Oct/2021:09:42:31 +0800] "GET /xingrg/javascript/easyui/themes/default/validatebox.css HTTP/1.1" 404 1104
114.83.222.205 - - [05/Oct/2021:09:42:31 +0800] "POST /xingrg/kc/buy/cgsh_order_operate.html HTTP/1.1" 200 3565
114.85.125.222 - - [05/Oct/2021:09:42:36 +0800] "GET /xingrg/check_reg.html?_=1633398121696 HTTP/1.1" 200 22
114.85.125.222 - - [05/Oct/2021:09:42:37 +0800] "GET /xingrg/all/function/internal_message.html?_=1633398122957&CODE_STATE=getMsg HTTP/1.1" 200 27
222.70.178.96 - - [05/Oct/2021:09:42:37 +0800] "GET /xingrg/kc/buy/cgsh_order_add.html HTTP/1.1" 200 64610
222.70.178.96 - - [05/Oct/2021:09:42:37 +0800] "POST /xingrg/kc/buy/cgsh_order_operate.html HTTP/1.1" 200 8245
222.70.178.96 - - [05/Oct/2021:09:42:37 +0800] "GET /xingrg/javascript/easyui/themes/default/validatebox.css HTTP/1.1" 404 1104
114.83.222.205 - - [05/Oct/2021:09:42:38 +0800] "GET /xingrg/kc/print/load_data.html?order_code=212021100501999&kc_code=cgsh&condition= HTTP/1.1" 200 1849
180.169.147.146 - - [05/Oct/2021:09:42:42 +0800] "GET /xingrg/all/function/internal_message.html?_=1633398167566&CODE_STATE=getMsg HTTP/1.1" 200 27
222.70.178.96 - - [05/Oct/2021:09:42:43 +0800] "GET /xingrg/javascript/easyui/themes/default/tree.css HTTP/1.1" 404 1090
222.70.178.96 - - [05/Oct/2021:09:42:43 +0800] "POST /xingrg/all/common/load_tree.html?tree=supplier_tree_json&isDelete=1 HTTP/1.1" 200 60042
180.169.147.146 - - [05/Oct/2021:09:42:48 +0800] "GET /xingrg/all/function/internal_message.html?_=1633398170447&CODE_STATE=getMsg HTTP/1.1" 200 27
222.70.246.151 - - [05/Oct/2021:09:42:49 +0800] "GET /xingrg/check_reg.html?_=1633398177058 HTTP/1.1" 200 22
58.39.139.200 - - [05/Oct/2021:09:42:50 +0800] "GET /xingrg/all/function/internal_message.html?_=1633398172552&CODE_STATE=getMsg HTTP/1.1" 200 27
222.70.246.151 - - [05/Oct/2021:09:42:52 +0800] "GET /xingrg/all/function/internal_message.html?_=1633398179224&CODE_STATE=getMsg HTTP/1.1" 200 27
222.70.178.96 - - [05/Oct/2021:09:43:00 +0800] "GET /xingrg/kc/buy/cgsh_order_operate.html?command=get_materiel&rest_code=00111&code=00101006129&supplier_code=00100012&order_time=2021-10-05 HTTP/1.1" 200 431
114.83.222.205 - - [05/Oct/2021:09:43:03 +0800] "GET /xingrg/all/function/internal_message.html?_=1633398183006&CODE_STATE=getMsg HTTP/1.1" 200 27
222.70.178.96 - - [05/Oct/2021:09:43:09 +0800] "GET /xingrg/all/function/internal_message.html?_=1633398189278&CODE_STATE=getMsg HTTP/1.1" 200 27
180.152.237.0 - - [05/Oct/2021:09:43:10 +0800] "GET /xingrg/kc/buy/cgsh_order_operate.html?command=get_materiel&rest_code=00102&code=00101009062&supplier_code=00100424&order_time=2021-10-05 HTTP/1.1" 200 412
180.152.237.0 - - [05/Oct/2021:09:43:10 +0800] "GET /xingrg/all/function/internal_message.html?_=1633398173061&CODE_STATE=getMsg HTTP/1.1" 200 27
222.70.246.151 - - [05/Oct/2021:09:43:12 +0800] "GET /xingrg/all/function/internal_message.html?_=1633398222543&CODE_STATE=getMsg HTTP/1.1" 302 -
116.238.248.233 - - [05/Oct/2021:09:43:12 +0800] "GET /xingrg/check_reg.html?_=1633398193552 HTTP/1.1" 200 22
116.238.248.233 - - [05/Oct/2021:09:43:12 +0800] "GET /xingrg/all/function/internal_message.html?_=1633398193555&CODE_STATE=getMsg HTTP/1.1" 200 27
222.70.178.96 - - [05/Oct/2021:09:43:16 +0800] "GET /xingrg/kc/buy/cgsh_order_operate.html?command=get_materiel&rest_code=00111&code=00101006057&supplier_code=00100012&order_time=2021-10-05 HTTP/1.1" 200 413
114.85.125.222 - - [05/Oct/2021:09:43:19 +0800] "GET /xingrg/kc/buy/cgsh_order_add.html HTTP/1.1" 200 64270
114.85.125.222 - - [05/Oct/2021:09:43:20 +0800] "POST /xingrg/kc/buy/cgsh_order_operate.html HTTP/1.1" 200 8245
114.85.125.222 - - [05/Oct/2021:09:43:20 +0800] "GET /xingrg/javascript/easyui/themes/default/validatebox.css HTTP/1.1" 404 1104
120.253.135.82 - - [05/Oct/2021:09:43:25 +0800] "GET /xingrg/all/function/internal_message.html?_=1633397978502&CODE_STATE=getMsg HTTP/1.1" 200 27
114.85.125.222 - - [05/Oct/2021:09:43:28 +0800] "GET /xingrg/kc/buy/cgsh_order_operate.html?command=get_materiel&rest_code=00151&code=00101012060&supplier_code=00100007&order_time=2021-10-05 HTTP/1.1" 200 408
222.70.178.96 - - [05/Oct/2021:09:43:29 +0800] "GET /xingrg/kc/buy/cgsh_order_operate.html?command=get_materiel&rest_code=00111&code=00101006055&supplier_code=00100012&order_time=2021-10-05 HTTP/1.1" 200 409
114.85.125.222 - - [05/Oct/2021:09:43:37 +0800] "GET /xingrg/all/function/internal_message.html?_=1633398182971&CODE_STATE=getMsg HTTP/1.1" 200 27
114.85.125.222 - - [05/Oct/2021:09:43:38 +0800] "GET /xingrg/kc/buy/cgsh_order_operate.html?command=get_materiel&rest_code=00151&code=00101016038&supplier_code=00100007&order_time=2021-10-05 HTTP/1.1" 200 408
222.70.178.96 - - [05/Oct/2021:09:43:42 +0800] "GET /xingrg/kc/buy/cgsh_order_operate.html?command=get_materiel&rest_code=00111&code=00101006065&supplier_code=00100012&order_time=2021-10-05 HTTP/1.1" 200 409
180.169.147.146 - - [05/Oct/2021:09:43:42 +0800] "GET /xingrg/all/function/internal_message.html?_=1633398227596&CODE_STATE=getMsg HTTP/1.1" 200 27
114.85.125.222 - - [05/Oct/2021:09:43:45 +0800] "GET /xingrg/kc/buy/cgsh_order_operate.html?command=get_materiel&rest_code=00151&code=00101008270&supplier_code=00100007&order_time=2021-10-05 HTTP/1.1" 200 412
180.169.147.146 - - [05/Oct/2021:09:43:48 +0800] "GET /xingrg/all/function/internal_message.html?_=1633398230459&CODE_STATE=getMsg HTTP/1.1" 200 27
58.39.139.200 - - [05/Oct/2021:09:43:50 +0800] "GET /xingrg/all/function/internal_message.html?_=1633398232551&CODE_STATE=getMsg HTTP/1.1" 200 27
222.70.246.151 - - [05/Oct/2021:09:43:52 +0800] "GET /xingrg/all/function/internal_message.html?_=1633398239237&CODE_STATE=getMsg HTTP/1.1" 200 27
114.85.125.222 - - [05/Oct/2021:09:43:54 +0800] "GET /xingrg/kc/buy/cgsh_order_operate.html?command=get_materiel&rest_code=00151&code=00101008318&supplier_code=00100007&order_time=2021-10-05 HTTP/1.1" 200 408
114.85.125.222 - - [05/Oct/2021:09:44:02 +0800] "GET /xingrg/kc/buy/cgsh_order_operate.html?command=get_materiel&rest_code=00151&code=00101016051&supplier_code=00100007&order_time=2021-10-05 HTTP/1.1" 200 408
114.83.222.205 - - [05/Oct/2021:09:44:03 +0800] "GET /xingrg/all/function/internal_message.html?_=1633398243015&CODE_STATE=getMsg HTTP/1.1" 200 27
180.152.237.0 - - [05/Oct/2021:09:44:06 +0800] "GET /xingrg/kc/buy/cgsh_order_operate.html?command=get_materiel&rest_code=00102&code=00101009011&supplier_code=00100424&order_time=2021-10-05 HTTP/1.1" 200 416
222.70.178.96 - - [05/Oct/2021:09:44:09 +0800] "GET /xingrg/all/function/internal_message.html?_=1633398249284&CODE_STATE=getMsg HTTP/1.1" 200 27
222.70.178.96 - - [05/Oct/2021:09:44:09 +0800] "GET /xingrg/check_reg.html?_=1633398249285 HTTP/1.1" 200 22
180.152.237.0 - - [05/Oct/2021:09:44:10 +0800] "GET /xingrg/check_reg.html?_=1633398232969 HTTP/1.1" 200 22
180.152.237.0 - - [05/Oct/2021:09:44:10 +0800] "GET /xingrg/all/function/internal_message.html?_=1633398233076&CODE_STATE=getMsg HTTP/1.1" 200 27
222.70.246.151 - - [05/Oct/2021:09:44:12 +0800] "GET /xingrg/all/function/internal_message.html?_=1633398282544&CODE_STATE=getMsg HTTP/1.1" 302 -
116.238.248.233 - - [05/Oct/2021:09:44:12 +0800] "GET /xingrg/all/function/internal_message.html?_=1633398253541&CODE_STATE=getMsg HTTP/1.1" 200 27
114.85.125.222 - - [05/Oct/2021:09:44:14 +0800] "GET /xingrg/kc/buy/cgsh_order_operate.html?command=get_materiel&rest_code=00151&code=00101008095&supplier_code=00100007&order_time=2021-10-05 HTTP/1.1" 200 412
180.152.237.0 - - [05/Oct/2021:09:44:18 +0800] "GET /xingrg/kc/buy/cgsh_order_operate.html?command=get_materiel&rest_code=00102&code=00101009016&supplier_code=00100424&order_time=2021-10-05 HTTP/1.1" 200 412
116.233.78.144 - - [05/Oct/2021:09:44:19 +0800] "GET /xingrg/all/function/internal_message.html?_=1633398263351&CODE_STATE=getMsg HTTP/1.1" 200 27
116.233.78.144 - - [05/Oct/2021:09:44:19 +0800] "GET /xingrg/check_reg.html?_=1633398263353 HTTP/1.1" 200 22
116.233.78.144 - - [05/Oct/2021:09:44:20 +0800] "POST /xingrg/kc/buy/cgsh_order_operate.html HTTP/1.1" 200 3828
114.85.125.222 - - [05/Oct/2021:09:44:21 +0800] "GET /xingrg/kc/buy/cgsh_order_operate.html?command=get_materiel&rest_code=00151&code=00101008350&supplier_code=00100007&order_time=2021-10-05 HTTP/1.1" 200 408
180.169.147.146 - - [05/Oct/2021:09:44:22 +0800] "GET /xingrg/check_reg.html?_=1633398267563 HTTP/1.1" 200 22
120.253.135.82 - - [05/Oct/2021:09:44:25 +0800] "GET /xingrg/all/function/internal_message.html?_=1633398038516&CODE_STATE=getMsg HTTP/1.1" 200 27
114.85.125.222 - - [05/Oct/2021:09:44:28 +0800] "GET /xingrg/kc/buy/cgsh_order_operate.html?command=get_materiel&rest_code=00151&code=00101008223&supplier_code=00100007&order_time=2021-10-05 HTTP/1.1" 200 412
222.70.178.96 - - [05/Oct/2021:09:44:29 +0800] "GET /xingrg/kc/buy/cgsh_order_operate.html?command=get_materiel&rest_code=00111&code=00101018011&supplier_code=00100012&order_time=2021-10-05 HTTP/1.1" 200 413
114.85.125.222 - - [05/Oct/2021:09:44:34 +0800] "GET /xingrg/kc/buy/cgsh_order_operate.html?command=get_materiel&rest_code=00151&code=00101008264&supplier_code=00100007&order_time=2021-10-05 HTTP/1.1" 200 412
114.85.125.222 - - [05/Oct/2021:09:44:37 +0800] "GET /xingrg/all/function/internal_message.html?_=1633398242984&CODE_STATE=getMsg HTTP/1.1" 200 27
222.70.178.96 - - [05/Oct/2021:09:44:41 +0800] "GET /xingrg/kc/buy/cgsh_order_operate.html?command=get_materiel&rest_code=00111&code=00101006038&supplier_code=00100012&order_time=2021-10-05 HTTP/1.1" 200 423
180.169.147.146 - - [05/Oct/2021:09:44:42 +0800] "GET /xingrg/all/function/internal_message.html?_=1633398287609&CODE_STATE=getMsg HTTP/1.1" 200 27
180.152.237.0 - - [05/Oct/2021:09:44:43 +0800] "GET /xingrg/kc/buy/cgsh_order_operate.html?command=get_materiel&rest_code=00102&code=00101009013&supplier_code=00100424&order_time=2021-10-05 HTTP/1.1" 200 420
114.85.125.222 - - [05/Oct/2021:09:44:44 +0800] "GET /xingrg/kc/buy/cgsh_order_operate.html?command=get_materiel&rest_code=00151&code=00101008450&supplier_code=00100007&order_time=2021-10-05 HTTP/1.1" 200 391
180.169.147.146 - - [05/Oct/2021:09:44:48 +0800] "GET /xingrg/all/function/internal_message.html?_=1633398290453&CODE_STATE=getMsg HTTP/1.1" 200 27
58.39.139.200 - - [05/Oct/2021:09:44:50 +0800] "GET /xingrg/all/function/internal_message.html?_=1633398292549&CODE_STATE=getMsg HTTP/1.1" 200 27
58.39.139.200 - - [05/Oct/2021:09:44:50 +0800] "GET /xingrg/check_reg.html?_=1633398292552 HTTP/1.1" 200 22
222.70.246.151 - - [05/Oct/2021:09:44:52 +0800] "GET /xingrg/all/function/internal_message.html?_=1633398299251&CODE_STATE=getMsg HTTP/1.1" 200 27
114.85.125.222 - - [05/Oct/2021:09:44:52 +0800] "GET /xingrg/kc/buy/cgsh_order_operate.html?command=get_materiel&rest_code=00151&code=00101008344&supplier_code=00100007&order_time=2021-10-05 HTTP/1.1" 200 412
114.83.222.205 - - [05/Oct/2021:09:45:03 +0800] "GET /xingrg/all/function/internal_message.html?_=1633398303015&CODE_STATE=getMsg HTTP/1.1" 200 27
180.152.237.0 - - [05/Oct/2021:09:45:03 +0800] "GET /xingrg/kc/buy/cgsh_order_operate.html?command=get_materiel&rest_code=00102&code=00101009046&supplier_code=00100424&order_time=2021-10-05 HTTP/1.1" 200 408
114.85.125.222 - - [05/Oct/2021:09:45:03 +0800] "GET /xingrg/kc/buy/cgsh_order_operate.html?command=get_materiel&rest_code=00151&code=00101008133&supplier_code=00100007&order_time=2021-10-05 HTTP/1.1" 200 408
222.70.178.96 - - [05/Oct/2021:09:45:09 +0800] "GET /xingrg/all/function/internal_message.html?_=1633398309372&CODE_STATE=getMsg HTTP/1.1" 200 27
180.152.237.0 - - [05/Oct/2021:09:45:10 +0800] "GET /xingrg/all/function/internal_message.html?_=1633398293334&CODE_STATE=getMsg HTTP/1.1" 200 27
222.70.246.151 - - [05/Oct/2021:09:45:12 +0800] "GET /xingrg/all/function/internal_message.html?_=1633398342570&CODE_STATE=getMsg HTTP/1.1" 302 -
116.238.248.233 - - [05/Oct/2021:09:45:12 +0800] "GET /xingrg/all/function/internal_message.html?_=1633398313542&CODE_STATE=getMsg HTTP/1.1" 200 27
114.85.125.222 - - [05/Oct/2021:09:45:12 +0800] "GET /xingrg/kc/buy/cgsh_order_operate.html?command=get_materiel&rest_code=00151&code=00101008371&supplier_code=00100007&order_time=2021-10-05 HTTP/1.1" 200 412
116.233.78.144 - - [05/Oct/2021:09:45:13 +0800] "GET /xingrg/all/function/internal_message.html?_=1633398317049&CODE_STATE=getMsg HTTP/1.1" 200 27
222.70.178.96 - - [05/Oct/2021:09:45:13 +0800] "GET /xingrg/kc/buy/cgsh_order_operate.html?command=get_materiel&rest_code=00111&code=00101006193&supplier_code=00100012&order_time=2021-10-05 HTTP/1.1" 200 409
114.85.125.222 - - [05/Oct/2021:09:45:20 +0800] "GET /xingrg/kc/buy/cgsh_order_operate.html?command=get_materiel&rest_code=00151&code=00101008257&supplier_code=00100007&order_time=2021-10-05 HTTP/1.1" 200 416
120.253.135.82 - - [05/Oct/2021:09:45:25 +0800] "GET /xingrg/all/function/internal_message.html?_=1633398098533&CODE_STATE=getMsg HTTP/1.1" 200 27
114.85.125.222 - - [05/Oct/2021:09:45:28 +0800] "GET /xingrg/kc/buy/cgsh_order_operate.html?command=get_materiel&rest_code=00151&code=00101008352&supplier_code=00100007&order_time=2021-10-05 HTTP/1.1" 200 412
180.152.237.0 - - [05/Oct/2021:09:45:31 +0800] "GET /xingrg/kc/buy/cgsh_order_operate.html?command=get_materiel&rest_code=00102&code=00101009124&supplier_code=00100424&order_time=2021-10-05 HTTP/1.1" 200 402
222.70.178.96 - - [05/Oct/2021:09:45:31 +0800] "GET /xingrg/kc/buy/cgsh_order_operate.html?command=get_materiel&rest_code=00111&code=00101006133&supplier_code=00100012&order_time=2021-10-05 HTTP/1.1" 200 413
114.85.125.222 - - [05/Oct/2021:09:45:35 +0800] "GET /xingrg/kc/buy/cgsh_order_operate.html?command=get_materiel&rest_code=00151&code=00101008300&supplier_code=00100007&order_time=2021-10-05 HTTP/1.1" 200 412
114.85.125.222 - - [05/Oct/2021:09:45:37 +0800] "GET /xingrg/all/function/internal_message.html?_=1633398302999&CODE_STATE=getMsg HTTP/1.1" 200 27
58.39.139.200 - - [05/Oct/2021:09:45:38 +0800] "POST /xingrg/kc/buy/cgsh_order_operate.html HTTP/1.1" 200 37
58.39.139.200 - - [05/Oct/2021:09:45:40 +0800] "POST /xingrg/kc/buy/cgsh_order_operate.html HTTP/1.1" 200 45249
180.169.147.146 - - [05/Oct/2021:09:45:42 +0800] "GET /xingrg/all/function/internal_message.html?_=1633398347623&CODE_STATE=getMsg HTTP/1.1" 200 27
114.85.125.222 - - [05/Oct/2021:09:45:44 +0800] "GET /xingrg/kc/buy/cgsh_order_operate.html?command=get_materiel&rest_code=00151&code=00101008286&supplier_code=00100007&order_time=2021-10-05 HTTP/1.1" 200 408
58.39.139.200 - - [05/Oct/2021:09:45:44 +0800] "GET /xingrg/kc/buy/cgsh_order_list.html HTTP/1.1" 200 48878
58.39.139.200 - - [05/Oct/2021:09:45:46 +0800] "POST /xingrg/kc/buy/cgsh_list_operate.html HTTP/1.1" 200 2766
222.70.246.151 - - [05/Oct/2021:09:45:48 +0800] "GET /xingrg/check_reg.html?_=1633398378333 HTTP/1.1" 302 -
180.169.147.146 - - [05/Oct/2021:09:45:48 +0800] "GET /xingrg/all/function/internal_message.html?_=1633398350469&CODE_STATE=getMsg HTTP/1.1" 200 27
180.169.147.146 - - [05/Oct/2021:09:45:48 +0800] "GET /xingrg/check_reg.html?_=1633398350470 HTTP/1.1" 200 22
58.39.139.200 - - [05/Oct/2021:09:45:50 +0800] "GET /xingrg/all/function/internal_message.html?_=1633398352587&CODE_STATE=getMsg HTTP/1.1" 200 27
114.85.125.222 - - [05/Oct/2021:09:45:50 +0800] "GET /xingrg/kc/buy/cgsh_order_operate.html?command=get_materiel&rest_code=00151&code=00101008224&supplier_code=00100007&order_time=2021-10-05 HTTP/1.1" 200 416
222.70.246.151 - - [05/Oct/2021:09:45:52 +0800] "GET /xingrg/all/function/internal_message.html?_=1633398359270&CODE_STATE=getMsg HTTP/1.1" 200 27
58.39.139.200 - - [05/Oct/2021:09:45:52 +0800] "POST /xingrg/kc/buy/cgsh_list_operate.html HTTP/1.1" 200 427
58.39.139.200 - - [05/Oct/2021:09:45:53 +0800] "GET /xingrg/kc/buy/cgsh_order_info.html?code=212021100501981 HTTP/1.1" 200 64674
58.39.139.200 - - [05/Oct/2021:09:45:53 +0800] "GET /xingrg/javascript/easyui/themes/default/validatebox.css HTTP/1.1" 404 1104
58.221.95.50 - - [05/Oct/2021:09:45:54 +0800] "GET /xingrg/check_reg.html?_=1633398359540 HTTP/1.1" 302 -
58.221.95.50 - - [05/Oct/2021:09:45:54 +0800] "GET /xingrg/login.html HTTP/1.1" 200 7641
58.39.139.200 - - [05/Oct/2021:09:45:54 +0800] "POST /xingrg/kc/buy/cgsh_order_operate.html HTTP/1.1" 200 4436
58.39.139.200 - - [05/Oct/2021:09:45:55 +0800] "GET /xingrg/kc/print/load_data.html?order_code=212021100501981&kc_code=cgsh&condition= HTTP/1.1" 200 1345
114.85.125.222 - - [05/Oct/2021:09:45:58 +0800] "GET /xingrg/kc/buy/cgsh_order_operate.html?command=get_materiel&rest_code=00151&code=00101016071&supplier_code=00100007&order_time=2021-10-05 HTTP/1.1" 200 416
114.83.222.205 - - [05/Oct/2021:09:46:03 +0800] "GET /xingrg/all/function/internal_message.html?_=1633398363015&CODE_STATE=getMsg HTTP/1.1" 200 27
114.85.125.222 - - [05/Oct/2021:09:46:03 +0800] "POST /xingrg/kc/buy/cgsh_order_operate.html HTTP/1.1" 200 37
222.70.178.96 - - [05/Oct/2021:09:46:05 +0800] "GET /xingrg/kc/buy/cgsh_order_operate.html?command=get_materiel&rest_code=00111&code=00101006027&supplier_code=00100012&order_time=2021-10-05 HTTP/1.1" 200 409
114.85.125.222 - - [05/Oct/2021:09:46:05 +0800] "POST /xingrg/kc/buy/cgsh_order_operate.html HTTP/1.1" 200 14066
58.39.139.200 - - [05/Oct/2021:09:46:08 +0800] "POST /xingrg/kc/buy/cgsh_list_operate.html HTTP/1.1" 200 2766
222.70.178.96 - - [05/Oct/2021:09:46:09 +0800] "GET /xingrg/all/function/internal_message.html?_=1633398369292&CODE_STATE=getMsg HTTP/1.1" 200 27
180.152.237.0 - - [05/Oct/2021:09:46:10 +0800] "GET /xingrg/all/function/internal_message.html?_=1633398353338&CODE_STATE=getMsg HTTP/1.1" 200 27
114.85.125.222 - - [05/Oct/2021:09:46:11 +0800] "GET /xingrg/kc/buy/cgsh_order_operate.html?command=get_materiel&rest_code=00151&code=00101012039&supplier_code=00100007&order_time=2021-10-05 HTTP/1.1" 200 408
222.70.246.151 - - [05/Oct/2021:09:46:12 +0800] "GET /xingrg/all/function/internal_message.html?_=1633398402571&CODE_STATE=getMsg HTTP/1.1" 302 -
116.238.248.233 - - [05/Oct/2021:09:46:12 +0800] "GET /xingrg/all/function/internal_message.html?_=1633398373551&CODE_STATE=getMsg HTTP/1.1" 200 27
116.233.78.144 - - [05/Oct/2021:09:46:13 +0800] "GET /xingrg/all/function/internal_message.html?_=1633398377046&CODE_STATE=getMsg HTTP/1.1" 200 27
222.70.178.96 - - [05/Oct/2021:09:46:13 +0800] "GET /xingrg/kc/buy/cgsh_order_operate.html?command=get_materiel&rest_code=00111&code=00101006029&supplier_code=00100012&order_time=2021-10-05 HTTP/1.1" 200 409
180.152.237.0 - - [05/Oct/2021:09:46:17 +0800] "GET /xingrg/kc/buy/cgsh_order_operate.html?command=get_materiel&rest_code=00102&code=00101009109&supplier_code=00100424&order_time=2021-10-05 HTTP/1.1" 200 399
114.85.125.222 - - [05/Oct/2021:09:46:21 +0800] "GET /xingrg/kc/buy/cgsh_order_operate.html?command=get_materiel&rest_code=00151&code=00101008088&supplier_code=00100007&order_time=2021-10-05 HTTP/1.1" 200 408
222.70.178.96 - - [05/Oct/2021:09:46:25 +0800] "POST /xingrg/kc/buy/cgsh_order_operate.html HTTP/1.1" 200 37
120.253.135.82 - - [05/Oct/2021:09:46:25 +0800] "GET /xingrg/all/function/internal_message.html?_=1633398158543&CODE_STATE=getMsg HTTP/1.1" 200 27
222.70.178.96 - - [05/Oct/2021:09:46:26 +0800] "POST /xingrg/kc/buy/cgsh_order_operate.html HTTP/1.1" 200 8612
222.70.178.96 - - [05/Oct/2021:09:46:28 +0800] "GET /xingrg/kc/print/load_data.html?order_code=212021100502002&kc_code=cgsh&condition= HTTP/1.1" 200 3016
114.85.125.222 - - [05/Oct/2021:09:46:29 +0800] "GET /xingrg/kc/buy/cgsh_order_operate.html?command=get_materiel&rest_code=00151&code=00101016025&supplier_code=00100007&order_time=2021-10-05 HTTP/1.1" 200 408
114.85.125.222 - - [05/Oct/2021:09:46:36 +0800] "GET /xingrg/kc/buy/cgsh_order_operate.html?command=get_materiel&rest_code=00151&code=00101008362&supplier_code=00100007&order_time=2021-10-05 HTTP/1.1" 200 408
114.85.125.222 - - [05/Oct/2021:09:46:37 +0800] "GET /xingrg/all/function/internal_message.html?_=1633398363012&CODE_STATE=getMsg HTTP/1.1" 200 27
180.169.147.146 - - [05/Oct/2021:09:46:42 +0800] "GET /xingrg/all/function/internal_message.html?_=1633398407645&CODE_STATE=getMsg HTTP/1.1" 200 27
114.85.125.222 - - [05/Oct/2021:09:46:43 +0800] "GET /xingrg/kc/buy/cgsh_order_operate.html?command=get_materiel&rest_code=00151&code=00101008017&supplier_code=00100007&order_time=2021-10-05 HTTP/1.1" 200 416
114.85.125.222 - - [05/Oct/2021:09:46:48 +0800] "POST /xingrg/kc/buy/cgsh_order_operate.html HTTP/1.1" 200 37
180.169.147.146 - - [05/Oct/2021:09:46:48 +0800] "GET /xingrg/all/function/internal_message.html?_=1633398410461&CODE_STATE=getMsg HTTP/1.1" 200 27
58.39.139.200 - - [05/Oct/2021:09:46:50 +0800] "GET /xingrg/all/function/internal_message.html?_=1633398412634&CODE_STATE=getMsg HTTP/1.1" 200 27
114.85.125.222 - - [05/Oct/2021:09:46:50 +0800] "POST /xingrg/kc/buy/cgsh_order_operate.html HTTP/1.1" 200 17064
222.70.246.151 - - [05/Oct/2021:09:46:52 +0800] "GET /xingrg/all/function/internal_message.html?_=1633398419279&CODE_STATE=getMsg HTTP/1.1" 200 27
114.85.125.222 - - [05/Oct/2021:09:46:56 +0800] "GET /xingrg/kc/buy/cgsh_order_operate.html?command=get_materiel&rest_code=00151&code=00101008137&supplier_code=00100007&order_time=2021-10-05 HTTP/1.1" 200 408
58.39.139.200 - - [05/Oct/2021:09:46:57 +0800] "POST /xingrg/kc/buy/cgsh_list_operate.html HTTP/1.1" 200 569
58.39.139.200 - - [05/Oct/2021:09:46:58 +0800] "GET /xingrg/kc/buy/cgsh_order_info.html?code=212021100501976 HTTP/1.1" 200 64666
58.39.139.200 - - [05/Oct/2021:09:46:58 +0800] "GET /xingrg/javascript/easyui/themes/default/validatebox.css HTTP/1.1" 404 1104
58.39.139.200 - - [05/Oct/2021:09:46:59 +0800] "POST /xingrg/kc/buy/cgsh_order_operate.html HTTP/1.1" 200 45249
114.85.125.222 - - [05/Oct/2021:09:47:02 +0800] "GET /xingrg/kc/buy/cgsh_order_operate.html?command=get_materiel&rest_code=00151&code=00101008096&supplier_code=00100007&order_time=2021-10-05 HTTP/1.1" 200 412
114.83.222.205 - - [05/Oct/2021:09:47:03 +0800] "GET /xingrg/all/function/internal_message.html?_=1633398423016&CODE_STATE=getMsg HTTP/1.1" 200 27
114.83.222.205 - - [05/Oct/2021:09:47:03 +0800] "GET /xingrg/check_reg.html?_=1633398423016 HTTP/1.1" 200 22
114.85.125.222 - - [05/Oct/2021:09:47:07 +0800] "GET /xingrg/kc/buy/cgsh_order_operate.html?command=get_materiel&rest_code=00151&code=00101008067&supplier_code=00100007&order_time=2021-10-05 HTTP/1.1" 200 416
222.70.178.96 - - [05/Oct/2021:09:47:09 +0800] "GET /xingrg/all/function/internal_message.html?_=1633398429281&CODE_STATE=getMsg HTTP/1.1" 200 27
180.152.237.0 - - [05/Oct/2021:09:47:10 +0800] "GET /xingrg/all/function/internal_message.html?_=1633398413425&CODE_STATE=getMsg HTTP/1.1" 200 27
222.70.246.151 - - [05/Oct/2021:09:47:12 +0800] "GET /xingrg/all/function/internal_message.html?_=1633398462596&CODE_STATE=getMsg HTTP/1.1" 302 -
116.238.248.233 - - [05/Oct/2021:09:47:12 +0800] "GET /xingrg/all/function/internal_message.html?_=1633398433552&CODE_STATE=getMsg HTTP/1.1" 200 27
116.233.78.144 - - [05/Oct/2021:09:47:13 +0800] "GET /xingrg/all/function/internal_message.html?_=1633398437061&CODE_STATE=getMsg HTTP/1.1" 200 27
116.233.78.144 - - [05/Oct/2021:09:47:13 +0800] "GET /xingrg/check_reg.html?_=1633398437063 HTTP/1.1" 200 22
