180.152.237.0 - - [05/Oct/2021:10:57:16 +0800] "GET /xingrg/kc/base/wldb_order_operate.html?command=get_materiel&rest_code=00102&base_code=0010476&code=00101019066 HTTP/1.1" 200 441
114.83.222.205 - - [05/Oct/2021:10:57:17 +0800] "GET /xingrg/check_reg.html?_=1633402637169 HTTP/1.1" 200 22
114.83.222.205 - - [05/Oct/2021:10:57:17 +0800] "GET /xingrg/all/function/internal_message.html?_=1633402637171&CODE_STATE=getMsg HTTP/1.1" 200 27
120.253.135.82 - - [05/Oct/2021:10:57:17 +0800] "POST /xingrg/kc/pszx/mdps_list_operate.html HTTP/1.1" 200 303
116.237.74.154 - - [05/Oct/2021:10:57:17 +0800] "POST /xingrg/dwr/call/plaincall/AjaxQqpsService.saveMaterielItem.dwr HTTP/1.1" 200 78
120.253.135.82 - - [05/Oct/2021:10:57:18 +0800] "GET /xingrg/kc/pszx/mdps_order_info.html?code=312021100400114 HTTP/1.1" 200 19591
180.152.237.0 - - [05/Oct/2021:10:57:18 +0800] "GET /xingrg/kc/buy/cgsh_order_operate.html?command=get_materiel&rest_code=00102&code=00101008223&supplier_code=00100008&order_time=2021-10-05 HTTP/1.1" 200 412
120.253.135.82 - - [05/Oct/2021:10:57:19 +0800] "GET /xingrg/javascript/easyui/themes/default/validatebox.css HTTP/1.1" 404 1104
120.253.135.82 - - [05/Oct/2021:10:57:19 +0800] "POST /xingrg/kc/pszx/mdps_order_operate.html HTTP/1.1" 200 1024
58.39.139.200 - - [05/Oct/2021:10:57:19 +0800] "POST /xingrg/dwr/call/plaincall/AjaxQqpsService.getMaterielByCode.dwr HTTP/1.1" 200 2661
180.157.253.110 - - [05/Oct/2021:10:57:20 +0800] "GET /xingrg/all/function/internal_message.html?_=1633402642638&CODE_STATE=getMsg HTTP/1.1" 200 27
180.152.237.0 - - [05/Oct/2021:10:57:21 +0800] "GET /xingrg/kc/base/wldb_order_operate.html?command=get_materiel&rest_code=00102&base_code=0010476&code=00101019372 HTTP/1.1" 200 467
116.230.105.26 - - [05/Oct/2021:10:57:22 +0800] "GET /xingrg/all/function/internal_message.html?_=1633402630808&CODE_STATE=getMsg HTTP/1.1" 200 27
180.169.147.146 - - [05/Oct/2021:10:57:23 +0800] "GET /xingrg/login.html HTTP/1.1" 200 7641
120.253.135.82 - - [05/Oct/2021:10:57:24 +0800] "POST /xingrg/kc/pszx/mdps_list_operate.html HTTP/1.1" 200 5957
180.169.147.146 - - [05/Oct/2021:10:57:24 +0800] "GET /favicon.ico HTTP/1.1" 404 -
120.253.135.82 - - [05/Oct/2021:10:57:25 +0800] "POST /xingrg/kc/pszx/mdps_list_operate.html HTTP/1.1" 200 385
61.151.178.164 - - [05/Oct/2021:10:57:25 +0800] "GET /xingrg/kc/buy/cgsh_order_info.html?code=212021100502040 HTTP/1.1" 302 -
180.157.253.110 - - [05/Oct/2021:10:57:25 +0800] "GET /xingrg/kc/buy/cgsh_order_operate.html?command=get_materiel&rest_code=00148&code=00101007048&supplier_code=00100004&order_time=2021-10-05 HTTP/1.1" 200 408
61.151.178.164 - - [05/Oct/2021:10:57:26 +0800] "GET /xingrg/login.html HTTP/1.1" 200 7641
180.169.147.146 - - [05/Oct/2021:10:57:27 +0800] "GET /xingrg/kc/print/load_config.html?kc_code=cgsh HTTP/1.1" 200 2256
58.37.227.186 - - [05/Oct/2021:10:57:28 +0800] "GET /xingrg/all/function/internal_message.html?_=1633402506851&CODE_STATE=getMsg HTTP/1.1" 200 27
180.169.147.146 - - [05/Oct/2021:10:57:29 +0800] "POST /xingrg/login.do HTTP/1.1" 302 -
180.169.147.146 - - [05/Oct/2021:10:57:29 +0800] "GET /xingrg/index.html?sysBaseUrl=http%3A%2F%2F180.169.147.146%3A18081%2Fxingrg%2F&costTime=224×tamp=1633402649337 HTTP/1.1" 200 17503
180.169.147.146 - - [05/Oct/2021:10:57:29 +0800] "GET /favicon.ico HTTP/1.1" 404 -
58.39.139.200 - - [05/Oct/2021:10:57:29 +0800] "POST /xingrg/dwr/call/plaincall/AjaxQqpsService.saveMaterielItem.dwr HTTP/1.1" 200 78
180.169.147.146 - - [05/Oct/2021:10:57:29 +0800] "POST /xingrg/all/common/load_tree.html?tree=area_rest_tree_json&manage=1 HTTP/1.1" 200 3472
180.169.147.146 - - [05/Oct/2021:10:57:29 +0800] "GET /xingrg/check_reg.html?_=1633402656184 HTTP/1.1" 200 22
180.169.147.146 - - [05/Oct/2021:10:57:29 +0800] "GET /xingrg/all/function/internal_message.html?_=1633402656182&CODE_STATE=count HTTP/1.1" 200 11
180.169.147.146 - - [05/Oct/2021:10:57:30 +0800] "POST /xingrg/load_menu.html HTTP/1.1" 200 11564
116.237.74.154 - - [05/Oct/2021:10:57:31 +0800] "POST /xingrg/dwr/call/plaincall/AjaxQqpsService.getMaterielByCode.dwr HTTP/1.1" 200 2663
180.169.147.146 - - [05/Oct/2021:10:57:32 +0800] "POST /xingrg/load_menu.html HTTP/1.1" 200 10797
180.169.147.146 - - [05/Oct/2021:10:57:32 +0800] "POST /xingrg/kc/buy/cgsh_order_operate.html HTTP/1.1" 200 37
180.152.237.0 - - [05/Oct/2021:10:57:33 +0800] "GET /xingrg/kc/base/wldb_order_operate.html?command=get_materiel&rest_code=00102&base_code=0010476&code=00101019026 HTTP/1.1" 200 467
180.169.147.146 - - [05/Oct/2021:10:57:33 +0800] "GET /xingrg/all/report/report_query.html?fileName=dma/new_5.0/yingye/order_list.xml HTTP/1.1" 200 55281
180.169.147.146 - - [05/Oct/2021:10:57:33 +0800] "GET /xingrg/dwr/interface/AjaxReportQueryService.js HTTP/1.1" 200 13203
180.169.147.146 - - [05/Oct/2021:10:57:33 +0800] "GET /xingrg/dwr/util.js HTTP/1.1" 200 35990
180.169.147.146 - - [05/Oct/2021:10:57:33 +0800] "GET /xingrg/dwr/engine.js HTTP/1.1" 200 43631
180.169.147.146 - - [05/Oct/2021:10:57:33 +0800] "POST /xingrg/dwr/call/plaincall/AjaxReportQueryService.getFixDate.dwr HTTP/1.1" 200 111
116.237.74.154 - - [05/Oct/2021:10:57:33 +0800] "POST /xingrg/dwr/call/plaincall/AjaxQqpsService.saveMaterielItem.dwr HTTP/1.1" 200 78
180.169.147.146 - - [05/Oct/2021:10:57:33 +0800] "POST /xingrg/all/common/load_tree.html?tree=area_station_tree_json&manage=1 HTTP/1.1" 200 3364
180.169.147.146 - - [05/Oct/2021:10:57:33 +0800] "POST /xingrg/dwr/call/plaincall/AjaxReportQueryService.getInitString.dwr HTTP/1.1" 200 76
114.85.125.222 - - [05/Oct/2021:10:57:34 +0800] "GET /xingrg/check_reg.html?_=1633402620014 HTTP/1.1" 302 -
180.152.237.0 - - [05/Oct/2021:10:57:34 +0800] "GET /xingrg/kc/buy/cgsh_order_operate.html?command=get_materiel&rest_code=00102&code=00101015112&supplier_code=00100008&order_time=2021-10-05 HTTP/1.1" 200 403
180.169.147.146 - - [05/Oct/2021:10:57:34 +0800] "POST /xingrg/kc/buy/cgsh_order_operate.html HTTP/1.1" 200 2656
116.237.74.154 - - [05/Oct/2021:10:57:34 +0800] "GET /xingrg/kc/buy/cgsh_order_add.html HTTP/1.1" 200 64622
114.85.125.222 - - [05/Oct/2021:10:57:35 +0800] "GET /xingrg/all/function/internal_message.html?_=1633402620903&CODE_STATE=getMsg HTTP/1.1" 302 -
101.89.239.238 - - [05/Oct/2021:10:57:35 +0800] "GET /xingrg/kc/print/load_data.html?order_code=212021100502040&kc_code=cgsh&condition= HTTP/1.1" 302 -
180.169.147.146 - - [05/Oct/2021:10:57:35 +0800] "GET /xingrg/all/report/report_query.html?fileName=dma/new_5.0/yingye/yy_hz.xml&rw=1600 HTTP/1.1" 200 56155
180.169.147.146 - - [05/Oct/2021:10:57:35 +0800] "GET /xingrg/dwr/interface/AjaxReportQueryService.js HTTP/1.1" 200 13203
180.169.147.146 - - [05/Oct/2021:10:57:35 +0800] "GET /xingrg/dwr/engine.js HTTP/1.1" 200 43631
180.169.147.146 - - [05/Oct/2021:10:57:35 +0800] "POST /xingrg/dwr/call/plaincall/AjaxReportQueryService.getFixDate.dwr HTTP/1.1" 200 111
116.237.74.154 - - [05/Oct/2021:10:57:35 +0800] "POST /xingrg/kc/buy/cgsh_order_operate.html HTTP/1.1" 200 8245
116.237.74.154 - - [05/Oct/2021:10:57:35 +0800] "GET /xingrg/javascript/easyui/themes/default/validatebox.css HTTP/1.1" 404 1104
180.169.147.146 - - [05/Oct/2021:10:57:35 +0800] "POST /xingrg/all/common/load_tree.html?tree=area_station_tree_json&manage=1 HTTP/1.1" 200 3364
180.169.147.146 - - [05/Oct/2021:10:57:35 +0800] "GET /xingrg/kc/print/load_data.html?order_code=212021100502042&kc_code=cgsh&condition= HTTP/1.1" 200 668
101.89.239.238 - - [05/Oct/2021:10:57:36 +0800] "GET /xingrg/login.html HTTP/1.1" 200 7641
180.169.147.146 - - [05/Oct/2021:10:57:37 +0800] "POST /xingrg/dwr/call/plaincall/AjaxReportQueryService.getFixDate.dwr HTTP/1.1" 200 111
180.169.147.146 - - [05/Oct/2021:10:57:38 +0800] "POST /xingrg/dwr/call/plaincall/AjaxReportQueryService.refreshCache.dwr HTTP/1.1" 200 78
58.39.139.200 - - [05/Oct/2021:10:57:39 +0800] "POST /xingrg/dwr/call/plaincall/AjaxQqpsService.getMaterielByCode.dwr HTTP/1.1" 200 2641
180.152.237.0 - - [05/Oct/2021:10:57:40 +0800] "GET /xingrg/kc/buy/cgsh_order_operate.html?command=get_materiel&rest_code=00102&code=00101015032&supplier_code=00100008&order_time=2021-10-05 HTTP/1.1" 200 419
180.169.147.146 - - [05/Oct/2021:10:57:40 +0800] "POST /xingrg/all/report/load_report_page.html HTTP/1.1" 200 145721
180.169.147.146 - - [05/Oct/2021:10:57:40 +0800] "GET /xingrg/servlets/image?cache=0.005994823189285459&image=px HTTP/1.1" 200 807
180.169.147.146 - - [05/Oct/2021:10:57:40 +0800] "GET /xingrg/all/function/internal_message.html?_=1633402654961&CODE_STATE=getMsg HTTP/1.1" 200 27
180.152.237.0 - - [05/Oct/2021:10:57:41 +0800] "GET /xingrg/all/function/internal_message.html?_=1633402662501&CODE_STATE=getMsg HTTP/1.1" 200 27
116.237.74.154 - - [05/Oct/2021:10:57:42 +0800] "POST /xingrg/dwr/call/plaincall/AjaxQqpsService.getMaterielByCode.dwr HTTP/1.1" 200 2663
116.237.74.154 - - [05/Oct/2021:10:57:43 +0800] "GET /xingrg/javascript/easyui/themes/default/tree.css HTTP/1.1" 404 1090
116.237.74.154 - - [05/Oct/2021:10:57:43 +0800] "POST /xingrg/all/common/load_tree.html?tree=supplier_tree_json&isDelete=1 HTTP/1.1" 200 60042
180.169.147.146 - - [05/Oct/2021:10:57:43 +0800] "GET /xingrg/kc/buy/cgsh_order_add.html HTTP/1.1" 200 64584
180.169.147.146 - - [05/Oct/2021:10:57:43 +0800] "POST /xingrg/kc/buy/cgsh_order_operate.html HTTP/1.1" 200 8245
180.169.147.146 - - [05/Oct/2021:10:57:43 +0800] "GET /xingrg/javascript/easyui/themes/default/validatebox.css HTTP/1.1" 404 1104
180.169.147.146 - - [05/Oct/2021:10:57:43 +0800] "GET /xingrg/all/function/internal_message.html?_=1633402668808&CODE_STATE=getMsg HTTP/1.1" 302 -
180.169.147.146 - - [05/Oct/2021:10:57:45 +0800] "GET /xingrg/all/function/internal_message.html?_=1633402667061&CODE_STATE=getMsg HTTP/1.1" 302 -
180.169.147.146 - - [05/Oct/2021:10:57:46 +0800] "GET /xingrg/all/function/internal_message.html?_=1633402667668&CODE_STATE=getMsg HTTP/1.1" 200 27
116.237.74.154 - - [05/Oct/2021:10:57:47 +0800] "GET /xingrg/all/function/internal_message.html?_=1633402668123&CODE_STATE=getMsg HTTP/1.1" 200 27
180.152.237.0 - - [05/Oct/2021:10:57:48 +0800] "GET /xingrg/kc/buy/cgsh_order_operate.html?command=get_materiel&rest_code=00102&code=00101015046&supplier_code=00100008&order_time=2021-10-05 HTTP/1.1" 200 412
222.70.246.151 - - [05/Oct/2021:10:57:50 +0800] "GET /xingrg/all/function/internal_message.html?_=1633402677481&CODE_STATE=getMsg HTTP/1.1" 302 -
116.237.74.154 - - [05/Oct/2021:10:57:51 +0800] "GET /xingrg/all/function/internal_message.html?_=1633402671832&CODE_STATE=getMsg HTTP/1.1" 200 27
180.169.147.146 - - [05/Oct/2021:10:57:52 +0800] "GET /xingrg/all/report/report_query.html?isQuery=1&fileName=dma/new_5.0/yingye/order_list.xml&queryString=(a.sale_day%2520between%252020211004%2520and%252020211004)%2520and%2520(a.sid%253D19)&queryText=%25E3%2580%2590%25E8%2590%25A5%25E4%25B8%259A%25E6%2597%25A5%25E6%259C%259F%253A2021-10-04%2520%25E8%2587%25B3%25202021-10-04%25E3%2580%2591%2520%25E5%25B9%25B6%25E4%25B8%2594%2520%25E3%2580%2590%25E9%2597%25A8%25E5%25BA%2597%2520%253D%2520%25E6%25A6%2595%25E5%25BA%259C%25E8%2587%25BB%25E5%2593%2581%25E9%2587%2591%25E9%2592%259F%25E5%25BA%2597%25E3%2580%2591 HTTP/1.1" 200 55616
180.169.147.146 - - [05/Oct/2021:10:57:52 +0800] "GET /xingrg/dwr/engine.js HTTP/1.1" 200 43631
180.169.147.146 - - [05/Oct/2021:10:57:52 +0800] "GET /favicon.ico HTTP/1.1" 404 -
180.152.237.0 - - [05/Oct/2021:10:57:53 +0800] "POST /xingrg/kc/base/wldb_order_operate.html HTTP/1.1" 200 37
180.169.147.146 - - [05/Oct/2021:10:57:54 +0800] "POST /xingrg/all/report/load_report_page.html HTTP/1.1" 200 54346
180.169.147.146 - - [05/Oct/2021:10:57:54 +0800] "GET /xingrg/servlets/image?cache=0.8232745585969474&image=px HTTP/1.1" 200 807
180.152.237.0 - - [05/Oct/2021:10:57:54 +0800] "POST /xingrg/kc/base/wldb_order_operate.html HTTP/1.1" 200 4746
180.152.237.0 - - [05/Oct/2021:10:57:58 +0800] "GET /xingrg/all/function/internal_message.html?_=1633402660962&CODE_STATE=getMsg HTTP/1.1" 200 27
180.152.237.0 - - [05/Oct/2021:10:57:58 +0800] "POST /xingrg/kc/base/wldb_order_operate.html HTTP/1.1" 200 12
180.152.237.0 - - [05/Oct/2021:10:57:59 +0800] "GET /xingrg/kc/buy/cgsh_order_operate.html?command=get_materiel&rest_code=00102&code=00101015044&supplier_code=00100008&order_time=2021-10-05 HTTP/1.1" 200 408
180.152.237.0 - - [05/Oct/2021:10:58:00 +0800] "GET /xingrg/kc/base/wldb_order_info.html?code=422021100500509 HTTP/1.1" 200 26310
180.152.237.0 - - [05/Oct/2021:10:58:01 +0800] "POST /xingrg/kc/base/wldb_order_operate.html HTTP/1.1" 200 2984
180.152.237.0 - - [05/Oct/2021:10:58:01 +0800] "GET /xingrg/javascript/easyui/themes/default/validatebox.css HTTP/1.1" 404 1104
58.39.139.200 - - [05/Oct/2021:10:58:03 +0800] "POST /xingrg/dwr/call/plaincall/AjaxQqpsService.saveMaterielItem.dwr HTTP/1.1" 200 78
180.152.237.0 - - [05/Oct/2021:10:58:04 +0800] "GET /xingrg/kc/buy/cgsh_order_operate.html?command=get_materiel&rest_code=00102&code=00101008123&supplier_code=00100008&order_time=2021-10-05 HTTP/1.1" 200 412
120.253.135.82 - - [05/Oct/2021:10:58:04 +0800] "GET /xingrg/all/function/internal_message.html?_=1633402456932&CODE_STATE=getMsg HTTP/1.1" 200 27
180.152.237.0 - - [05/Oct/2021:10:58:05 +0800] "GET /xingrg/kc/base/wldb_order_add.html HTTP/1.1" 200 30434
180.169.147.146 - - [05/Oct/2021:10:58:05 +0800] "GET /xingrg/kc/buy/cgsh_order_operate.html?command=get_materiel&rest_code=00147&code=00101007072&supplier_code=00100004&order_time=2021-10-05 HTTP/1.1" 200 413
180.152.237.0 - - [05/Oct/2021:10:58:06 +0800] "POST /xingrg/kc/base/wldb_order_operate.html HTTP/1.1" 200 6806
180.152.237.0 - - [05/Oct/2021:10:58:07 +0800] "GET /xingrg/javascript/easyui/themes/default/validatebox.css HTTP/1.1" 404 1104
58.39.139.200 - - [05/Oct/2021:10:58:07 +0800] "POST /xingrg/dwr/call/plaincall/AjaxQqpsService.getMaterielByCode.dwr HTTP/1.1" 200 2692
180.152.237.0 - - [05/Oct/2021:10:58:08 +0800] "POST /xingrg/all/common/load_combo.html?type=base HTTP/1.1" 200 3060
58.39.139.200 - - [05/Oct/2021:10:58:08 +0800] "GET /xingrg/all/function/internal_message.html?_=1633402691006&CODE_STATE=getMsg HTTP/1.1" 200 27
116.233.78.144 - - [05/Oct/2021:10:58:09 +0800] "GET /xingrg/check_reg.html?_=1633402693570 HTTP/1.1" 200 22
116.233.78.144 - - [05/Oct/2021:10:58:09 +0800] "GET /xingrg/all/function/internal_message.html?_=1633402693569&CODE_STATE=getMsg HTTP/1.1" 200 27
222.70.178.96 - - [05/Oct/2021:10:58:09 +0800] "GET /xingrg/all/function/internal_message.html?_=1633402689354&CODE_STATE=getMsg HTTP/1.1" 302 -
180.152.237.0 - - [05/Oct/2021:10:58:11 +0800] "POST /xingrg/all/common/load_combo.html?type=base HTTP/1.1" 200 3060
180.169.147.146 - - [05/Oct/2021:10:58:11 +0800] "GET /xingrg/index.html?sysBaseUrl=http%3A%2F%2F180.169.147.146%3A18081%2Fxingrg%2F&costTime=39×tamp=1592034574635 HTTP/1.1" 200 17507
180.169.147.146 - - [05/Oct/2021:10:58:12 +0800] "POST /xingrg/all/common/load_tree.html?tree=area_rest_tree_json&manage=1 HTTP/1.1" 200 3472
180.169.147.146 - - [05/Oct/2021:10:58:12 +0800] "GET /xingrg/check_reg.html?_=1633402693664 HTTP/1.1" 200 22
180.169.147.146 - - [05/Oct/2021:10:58:12 +0800] "GET /xingrg/all/function/internal_message.html?_=1633402693664&CODE_STATE=count HTTP/1.1" 200 11
180.169.147.146 - - [05/Oct/2021:10:58:12 +0800] "GET /favicon.ico HTTP/1.1" 404 -
116.238.248.233 - - [05/Oct/2021:10:58:12 +0800] "GET /xingrg/all/function/internal_message.html?_=1633402693670&CODE_STATE=getMsg HTTP/1.1" 302 -
116.238.248.233 - - [05/Oct/2021:10:58:12 +0800] "GET /xingrg/check_reg.html?_=1633402693673 HTTP/1.1" 302 -
58.39.139.200 - - [05/Oct/2021:10:58:12 +0800] "POST /xingrg/dwr/call/plaincall/AjaxQqpsService.saveMaterielItem.dwr HTTP/1.1" 200 79
180.169.147.146 - - [05/Oct/2021:10:58:13 +0800] "POST /xingrg/load_menu.html HTTP/1.1" 200 9959
222.70.246.151 - - [05/Oct/2021:10:58:13 +0800] "GET /xingrg/all/function/internal_message.html?_=1633402723627&CODE_STATE=getMsg HTTP/1.1" 302 -
180.152.237.0 - - [05/Oct/2021:10:58:13 +0800] "GET /xingrg/kc/buy/cgsh_order_operate.html?command=get_materiel&rest_code=00102&code=00101008114&supplier_code=00100008&order_time=2021-10-05 HTTP/1.1" 200 412
180.169.147.146 - - [05/Oct/2021:10:58:14 +0800] "GET /xingrg/system/info/unit_group_list.html HTTP/1.1" 200 8488
180.169.147.146 - - [05/Oct/2021:10:58:14 +0800] "GET /xingrg/dwr/interface/AjaxBaseInfoService.js HTTP/1.1" 200 21363
180.169.147.146 - - [05/Oct/2021:10:58:14 +0800] "GET /xingrg/dwr/util.js HTTP/1.1" 304 -
180.169.147.146 - - [05/Oct/2021:10:58:14 +0800] "GET /xingrg/dwr/engine.js HTTP/1.1" 200 43631
180.169.147.146 - - [05/Oct/2021:10:58:15 +0800] "GET /xingrg/javascript/jquery_easy_ui/themes/icons/edit_add_new.png HTTP/1.1" 200 2997
180.169.147.146 - - [05/Oct/2021:10:58:16 +0800] "GET /xingrg/kc/buy/cgsh_order_operate.html?command=get_materiel&rest_code=00147&code=00101007049&supplier_code=00100004&order_time=2021-10-05 HTTP/1.1" 200 409
114.83.222.205 - - [05/Oct/2021:10:58:17 +0800] "GET /xingrg/all/function/internal_message.html?_=1633402697194&CODE_STATE=getMsg HTTP/1.1" 200 27
180.169.147.146 - - [05/Oct/2021:10:58:18 +0800] "GET /xingrg/system/supplier/kcSupplier.html?isKc=1 HTTP/1.1" 200 10949
180.169.147.146 - - [05/Oct/2021:10:58:18 +0800] "GET /xingrg/javascript/jquery_simple_tree/themes/style.css HTTP/1.1" 200 4485
180.169.147.146 - - [05/Oct/2021:10:58:18 +0800] "GET /xingrg/javascript/jquery_simple_tree/jquery.simple.tree.js HTTP/1.1" 200 13313
180.169.147.146 - - [05/Oct/2021:10:58:18 +0800] "POST /xingrg/all/common/load_tree.html?tree=area_tree_json HTTP/1.1" 200 206
180.169.147.146 - - [05/Oct/2021:10:58:18 +0800] "POST /xingrg/all/common/load_tree.html?tree=supplier_sort_tree_json HTTP/1.1" 200 2514
180.169.147.146 - - [05/Oct/2021:10:58:18 +0800] "POST /xingrg/all/common/load_tree.html?tree=area_tree_json HTTP/1.1" 200 206
180.169.147.146 - - [05/Oct/2021:10:58:18 +0800] "GET /xingrg/javascript/jquery_easy_ui/themes/default/images/tabs_enabled.png HTTP/1.1" 200 2876
180.169.147.146 - - [05/Oct/2021:10:58:18 +0800] "POST /xingrg/all/common/load_tree.html?tree=supplier_sort_tree_json HTTP/1.1" 200 2514
180.152.237.0 - - [05/Oct/2021:10:58:19 +0800] "GET /xingrg/kc/buy/cgsh_order_operate.html?command=get_materiel&rest_code=00102&code=00101010237&supplier_code=00100008&order_time=2021-10-05 HTTP/1.1" 200 413
180.152.237.0 - - [05/Oct/2021:10:58:19 +0800] "GET /xingrg/kc/base/wldb_order_operate.html?command=get_materiel&rest_code=00102&base_code=0010476&code=00101013093 HTTP/1.1" 200 447
180.157.253.110 - - [05/Oct/2021:10:58:20 +0800] "GET /xingrg/check_reg.html?_=1633402702582 HTTP/1.1" 200 22
180.157.253.110 - - [05/Oct/2021:10:58:20 +0800] "GET /xingrg/all/function/internal_message.html?_=1633402702617&CODE_STATE=getMsg HTTP/1.1" 200 27
116.233.78.144 - - [05/Oct/2021:10:58:20 +0800] "GET /xingrg/kc/mdqp/qp_main.html HTTP/1.1" 200 10633
180.169.147.146 - - [05/Oct/2021:10:58:20 +0800] "POST /xingrg/system/supplier/kc_supplier_operate.html HTTP/1.1" 200 82140
116.233.78.144 - - [05/Oct/2021:10:58:20 +0800] "GET /xingrg/images/blue/button/qqpsd.gif HTTP/1.1" 200 2548
116.233.78.144 - - [05/Oct/2021:10:58:20 +0800] "GET /xingrg/images/blue/button/pszx.gif HTTP/1.1" 200 2648
116.233.78.144 - - [05/Oct/2021:10:58:20 +0800] "GET /xingrg/images/blue/button/psshd.gif HTTP/1.1" 200 2692
116.233.78.144 - - [05/Oct/2021:10:58:21 +0800] "GET /xingrg/kc/mdqp/pssh_order_list.html HTTP/1.1" 200 17907
116.233.78.144 - - [05/Oct/2021:10:58:21 +0800] "POST /xingrg/kc/mdqp/pssh_list_operate.html HTTP/1.1" 200 5221
116.230.105.26 - - [05/Oct/2021:10:58:22 +0800] "GET /xingrg/check_reg.html?_=1633402690801 HTTP/1.1" 200 22
116.230.105.26 - - [05/Oct/2021:10:58:22 +0800] "GET /xingrg/all/function/internal_message.html?_=1633402690803&CODE_STATE=getMsg HTTP/1.1" 200 27
116.233.78.144 - - [05/Oct/2021:10:58:23 +0800] "POST /xingrg/kc/mdqp/pssh_list_operate.html HTTP/1.1" 200 260
180.169.147.146 - - [05/Oct/2021:10:58:24 +0800] "GET /xingrg/all/report/report_query.html?isQuery=1&fileName=dma/new_5.0/yingye/yy_hz_payway.xml&rh=900&queryString=(a.sale_day%2520between%252020211004%2520and%252020211004)%2520and%2520(a.sid%253D15)&queryText=%25E3%2580%2590%25E8%2590%25A5%25E4%25B8%259A%25E6%2597%25A5%25E6%259C%259F%253A2021-10-04%2520%25E8%2587%25B3%25202021-10-04%25E3%2580%2591%2520%25E5%25B9%25B6%25E4%25B8%2594%2520%25E3%2580%2590%25E9%2597%25A8%25E5%25BA%2597%2520%253D%2520%25E8%258A%25B1%25E5%259B%25AD%25E9%2585%2592%25E5%25BA%2597%25E9%259D%2592%25E6%25B5%25A6%25E5%25BA%2597%25E3%2580%2591 HTTP/1.1" 200 51966
180.169.147.146 - - [05/Oct/2021:10:58:24 +0800] "GET /xingrg/dwr/engine.js HTTP/1.1" 200 43631
180.169.147.146 - - [05/Oct/2021:10:58:24 +0800] "GET /favicon.ico HTTP/1.1" 404 -
116.233.78.144 - - [05/Oct/2021:10:58:24 +0800] "GET /xingrg/kc/mdqp/pssh_order_info.html?code=312021100100032 HTTP/1.1" 200 17272
116.233.78.144 - - [05/Oct/2021:10:58:24 +0800] "GET /xingrg/javascript/jquery_tools/jquery-1.4.2.min.js HTTP/1.1" 404 1094
116.233.78.144 - - [05/Oct/2021:10:58:24 +0800] "GET /xingrg/javascript/easyui/themes/icons/back_new.png HTTP/1.1" 200 3414
116.233.78.144 - - [05/Oct/2021:10:58:24 +0800] "POST /xingrg/kc/mdqp/pssh_order_operate.html HTTP/1.1" 200 530
116.233.78.144 - - [05/Oct/2021:10:58:24 +0800] "GET /xingrg/all/common/auto_word.html?type=base&rest_code=00109&rest_code=00109 HTTP/1.1" 200 1811
116.233.78.144 - - [05/Oct/2021:10:58:24 +0800] "GET /xingrg/all/common/auto_word.html?type=employee&rest_code=00109 HTTP/1.1" 200 255
116.233.78.144 - - [05/Oct/2021:10:58:24 +0800] "GET /xingrg/javascript/easyui/themes/default/validatebox.css HTTP/1.1" 404 1104
180.169.147.146 - - [05/Oct/2021:10:58:24 +0800] "POST /xingrg/all/report/load_report_page.html HTTP/1.1" 200 37644
180.169.147.146 - - [05/Oct/2021:10:58:24 +0800] "GET /xingrg/servlets/image?cache=0.4159776966043085&image=px HTTP/1.1" 200 807
180.169.147.146 - - [05/Oct/2021:10:58:25 +0800] "GET /xingrg/kc/buy/cgsh_order_operate.html?command=get_materiel&rest_code=00147&code=00101007061&supplier_code=00100004&order_time=2021-10-05 HTTP/1.1" 200 410
180.152.237.0 - - [05/Oct/2021:10:58:26 +0800] "GET /xingrg/kc/base/wldb_order_operate.html?command=get_materiel&rest_code=00102&base_code=0010476&code=00101013011 HTTP/1.1" 200 451
58.37.227.186 - - [05/Oct/2021:10:58:28 +0800] "GET /xingrg/all/function/internal_message.html?_=1633402566850&CODE_STATE=getMsg HTTP/1.1" 200 27
180.169.147.146 - - [05/Oct/2021:10:58:29 +0800] "GET /xingrg/all/function/internal_message.html?_=1633402716198&CODE_STATE=getMsg HTTP/1.1" 200 27
180.152.237.0 - - [05/Oct/2021:10:58:33 +0800] "GET /xingrg/kc/base/wldb_order_operate.html?command=get_materiel&rest_code=00102&base_code=0010476&code=00101013050 HTTP/1.1" 200 428
180.169.147.146 - - [05/Oct/2021:10:58:35 +0800] "POST /xingrg/system/supplier/kc_supplier_operate.html HTTP/1.1" 200 51
114.85.125.222 - - [05/Oct/2021:10:58:35 +0800] "GET /xingrg/all/function/internal_message.html?_=1633402680923&CODE_STATE=getMsg HTTP/1.1" 302 -
180.169.147.146 - - [05/Oct/2021:10:58:37 +0800] "GET /xingrg/system/supplier/kcSupplier_info.html?code=00484&type=sort&id=0 HTTP/1.1" 200 27544
180.169.147.146 - - [05/Oct/2021:10:58:37 +0800] "GET /xingrg/dwr/interface/AjaxKcSupplierService.js HTTP/1.1" 200 13003
180.169.147.146 - - [05/Oct/2021:10:58:37 +0800] "GET /xingrg/dwr/interface/AjaxGetFirstChart.js HTTP/1.1" 200 631
180.169.147.146 - - [05/Oct/2021:10:58:37 +0800] "GET /xingrg/dwr/engine.js HTTP/1.1" 200 43631
180.169.147.146 - - [05/Oct/2021:10:58:37 +0800] "GET /xingrg/javascript/uploader/ajaxfileupload.js HTTP/1.1" 200 6681
180.169.147.146 - - [05/Oct/2021:10:58:37 +0800] "GET /xingrg/javascript/uploader/loading.gif HTTP/1.1" 200 4204
180.169.147.146 - - [05/Oct/2021:10:58:37 +0800] "POST /xingrg/all/common/load_tree.html?tree=area_tree_json HTTP/1.1" 200 206
180.152.237.0 - - [05/Oct/2021:10:58:37 +0800] "GET /xingrg/kc/base/wldb_order_operate.html?command=get_materiel&rest_code=00102&base_code=0010476&code=00101013188 HTTP/1.1" 200 431
180.169.147.146 - - [05/Oct/2021:10:58:38 +0800] "POST /xingrg/all/common/load_tree.html?tree=area_tree_json HTTP/1.1" 200 206
180.169.147.146 - - [05/Oct/2021:10:58:38 +0800] "POST /xingrg/all/common/load_tree.html?tree=area_rest_tree_json HTTP/1.1" 200 3472
180.169.147.146 - - [05/Oct/2021:10:58:38 +0800] "GET /favicon.ico HTTP/1.1" 404 -
180.169.147.146 - - [05/Oct/2021:10:58:38 +0800] "POST /xingrg/dwr/call/plaincall/AjaxKcSupplierService.modifyKcSupplier.dwr HTTP/1.1" 200 884
180.169.147.146 - - [05/Oct/2021:10:58:38 +0800] "POST /xingrg/dwr/call/plaincall/AjaxGetFirstChart.getFirstChart.dwr HTTP/1.1" 200 86
180.169.147.146 - - [05/Oct/2021:10:58:38 +0800] "POST /xingrg/all/common/load_tree.html?tree=area_tree_json HTTP/1.1" 200 206
180.169.147.146 - - [05/Oct/2021:10:58:38 +0800] "POST /xingrg/all/common/load_tree.html?tree=area_rest_tree_json&defaultRests= HTTP/1.1" 200 3472
180.169.147.146 - - [05/Oct/2021:10:58:38 +0800] "POST /xingrg/all/common/load_tree.html?tree=area_rest_tree_json&areaId=1&defaultRests= HTTP/1.1" 200 3472
116.233.78.144 - - [05/Oct/2021:10:58:38 +0800] "POST /xingrg/kc/mdqp/pssh_order_operate.html HTTP/1.1" 200 37
116.233.78.144 - - [05/Oct/2021:10:58:39 +0800] "POST /xingrg/kc/mdqp/pssh_order_operate.html HTTP/1.1" 200 12
180.152.237.0 - - [05/Oct/2021:10:58:40 +0800] "GET /xingrg/kc/buy/cgsh_order_operate.html?command=get_materiel&rest_code=00102&code=00101008478&supplier_code=00100008&order_time=2021-10-05 HTTP/1.1" 200 398
180.169.147.146 - - [05/Oct/2021:10:58:40 +0800] "GET /xingrg/all/function/internal_message.html?_=1633402714956&CODE_STATE=getMsg HTTP/1.1" 200 27
116.233.78.144 - - [05/Oct/2021:10:58:41 +0800] "GET /xingrg/kc/mdqp/pssh_order_info.html?code=312021100100032 HTTP/1.1" 200 14384
116.233.78.144 - - [05/Oct/2021:10:58:41 +0800] "GET /xingrg/javascript/jquery_tools/jquery-1.4.2.min.js HTTP/1.1" 404 1094
116.233.78.144 - - [05/Oct/2021:10:58:41 +0800] "GET /xingrg/javascript/easyui/themes/icons/uncheck_new.png HTTP/1.1" 200 3197
116.233.78.144 - - [05/Oct/2021:10:58:41 +0800] "POST /xingrg/kc/mdqp/pssh_order_operate.html HTTP/1.1" 200 530
116.233.78.144 - - [05/Oct/2021:10:58:41 +0800] "GET /xingrg/javascript/easyui/themes/default/validatebox.css HTTP/1.1" 404 1104
180.152.237.0 - - [05/Oct/2021:10:58:41 +0800] "GET /xingrg/all/function/internal_message.html?_=1633402722512&CODE_STATE=getMsg HTTP/1.1" 200 27
180.152.237.0 - - [05/Oct/2021:10:58:42 +0800] "GET /xingrg/kc/base/wldb_order_operate.html?command=get_materiel&rest_code=00102&base_code=0010476&code=00101013081 HTTP/1.1" 200 430
180.169.147.146 - - [05/Oct/2021:10:58:43 +0800] "GET /xingrg/all/function/internal_message.html?_=1633402728817&CODE_STATE=getMsg HTTP/1.1" 302 -
180.169.147.146 - - [05/Oct/2021:10:58:45 +0800] "GET /xingrg/all/function/internal_message.html?_=1633402727071&CODE_STATE=getMsg HTTP/1.1" 302 -
180.169.147.146 - - [05/Oct/2021:10:58:46 +0800] "GET /xingrg/all/function/internal_message.html?_=1633402727667&CODE_STATE=getMsg HTTP/1.1" 200 27
116.233.78.144 - - [05/Oct/2021:10:58:46 +0800] "GET /xingrg/kc/print/load_config.html?kc_code=pssh HTTP/1.1" 200 2290
116.233.78.144 - - [05/Oct/2021:10:58:46 +0800] "GET /xingrg/kc/print/load_data.html?order_code=312021100100032&kc_code=pssh&condition= HTTP/1.1" 200 660
116.237.74.154 - - [05/Oct/2021:10:58:47 +0800] "GET /xingrg/all/function/internal_message.html?_=1633402728120&CODE_STATE=getMsg HTTP/1.1" 200 27
180.152.237.0 - - [05/Oct/2021:10:58:47 +0800] "GET /xingrg/kc/base/wldb_order_operate.html?command=get_materiel&rest_code=00102&base_code=0010476&code=00101019063 HTTP/1.1" 200 447
222.70.246.151 - - [05/Oct/2021:10:58:50 +0800] "GET /xingrg/all/function/internal_message.html?_=1633402737562&CODE_STATE=getMsg HTTP/1.1" 302 -
180.169.147.146 - - [05/Oct/2021:10:58:51 +0800] "GET /xingrg/system/supplier/kcSupplier_info.html?code=00484&type=sort&id=0 HTTP/1.1" 200 27544
180.169.147.146 - - [05/Oct/2021:10:58:51 +0800] "GET /xingrg/dwr/engine.js HTTP/1.1" 200 43631
180.169.147.146 - - [05/Oct/2021:10:58:51 +0800] "POST /xingrg/all/common/load_tree.html?tree=area_tree_json HTTP/1.1" 200 206
116.237.74.154 - - [05/Oct/2021:10:58:51 +0800] "GET /xingrg/all/function/internal_message.html?_=1633402731859&CODE_STATE=getMsg HTTP/1.1" 200 27
180.169.147.146 - - [05/Oct/2021:10:58:51 +0800] "POST /xingrg/all/common/load_tree.html?tree=area_tree_json HTTP/1.1" 200 206
180.169.147.146 - - [05/Oct/2021:10:58:51 +0800] "POST /xingrg/all/common/load_tree.html?tree=area_rest_tree_json HTTP/1.1" 200 3472
180.169.147.146 - - [05/Oct/2021:10:58:51 +0800] "GET /favicon.ico HTTP/1.1" 404 -
180.169.147.146 - - [05/Oct/2021:10:58:51 +0800] "POST /xingrg/dwr/call/plaincall/AjaxKcSupplierService.modifyKcSupplier.dwr HTTP/1.1" 200 884
180.169.147.146 - - [05/Oct/2021:10:58:51 +0800] "POST /xingrg/dwr/call/plaincall/AjaxGetFirstChart.getFirstChart.dwr HTTP/1.1" 200 86
180.169.147.146 - - [05/Oct/2021:10:58:51 +0800] "POST /xingrg/all/common/load_tree.html?tree=area_tree_json HTTP/1.1" 200 206
180.169.147.146 - - [05/Oct/2021:10:58:51 +0800] "POST /xingrg/all/common/load_tree.html?tree=area_rest_tree_json&defaultRests= HTTP/1.1" 200 3472
180.169.147.146 - - [05/Oct/2021:10:58:51 +0800] "POST /xingrg/all/common/load_tree.html?tree=area_rest_tree_json&areaId=1&defaultRests= HTTP/1.1" 200 3472
101.91.60.88 - - [05/Oct/2021:10:58:51 +0800] "GET /xingrg/all/function/internal_message.html?_=1633402671832&CODE_STATE=getMsg HTTP/1.1" 302 -
101.91.60.88 - - [05/Oct/2021:10:58:52 +0800] "GET /xingrg/login.html HTTP/1.1" 200 7641
116.233.78.144 - - [05/Oct/2021:10:58:54 +0800] "GET /xingrg/kc/mdqp/pssh_order_list.html?isBack=1 HTTP/1.1" 200 17907
180.169.147.146 - - [05/Oct/2021:10:58:55 +0800] "POST /xingrg/system/supplier/kc_supplier_operate.html HTTP/1.1" 200 51
116.233.78.144 - - [05/Oct/2021:10:58:55 +0800] "POST /xingrg/kc/mdqp/pssh_list_operate.html HTTP/1.1" 200 5249
180.171.130.85 - - [05/Oct/2021:10:58:57 +0800] "GET /favicon.ico HTTP/1.1" 404 -
180.152.237.0 - - [05/Oct/2021:10:58:58 +0800] "GET /xingrg/all/function/internal_message.html?_=1633402720975&CODE_STATE=getMsg HTTP/1.1" 200 27
116.233.78.144 - - [05/Oct/2021:10:58:58 +0800] "POST /xingrg/kc/mdqp/pssh_list_operate.html HTTP/1.1" 200 260
116.233.78.144 - - [05/Oct/2021:10:59:00 +0800] "GET /xingrg/kc/mdqp/pssh_order_info.html?code=312021100300099 HTTP/1.1" 200 17266
116.233.78.144 - - [05/Oct/2021:10:59:00 +0800] "GET /xingrg/javascript/jquery_tools/jquery-1.4.2.min.js HTTP/1.1" 404 1094
116.233.78.144 - - [05/Oct/2021:10:59:00 +0800] "GET /xingrg/all/common/auto_word.html?type=base&rest_code=00109&rest_code=00109 HTTP/1.1" 200 1811
116.233.78.144 - - [05/Oct/2021:10:59:00 +0800] "POST /xingrg/kc/mdqp/pssh_order_operate.html HTTP/1.1" 200 532
116.233.78.144 - - [05/Oct/2021:10:59:00 +0800] "GET /xingrg/all/common/auto_word.html?type=employee&rest_code=00109 HTTP/1.1" 200 255
116.233.78.144 - - [05/Oct/2021:10:59:00 +0800] "GET /xingrg/javascript/easyui/themes/default/validatebox.css HTTP/1.1" 404 1104
116.237.74.154 - - [05/Oct/2021:10:59:01 +0800] "POST /xingrg/dwr/call/plaincall/AjaxQqpsService.saveMaterielItem.dwr HTTP/1.1" 200 78
180.152.237.0 - - [05/Oct/2021:10:59:01 +0800] "GET /xingrg/kc/base/wldb_order_operate.html?command=get_materiel&rest_code=00102&base_code=0010476&code=00101019258 HTTP/1.1" 200 469
116.233.78.144 - - [05/Oct/2021:10:59:03 +0800] "GET /xingrg/kc/mdqp/pssh_order_list.html?isBack=1 HTTP/1.1" 200 17907
116.233.78.144 - - [05/Oct/2021:10:59:03 +0800] "POST /xingrg/kc/mdqp/pssh_list_operate.html HTTP/1.1" 200 5249
180.157.253.110 - - [05/Oct/2021:10:59:03 +0800] "POST /xingrg/kc/buy/cgsh_order_operate.html HTTP/1.1" 200 37
116.233.78.144 - - [05/Oct/2021:10:59:04 +0800] "POST /xingrg/kc/mdqp/pssh_list_operate.html HTTP/1.1" 200 259
120.253.135.82 - - [05/Oct/2021:10:59:04 +0800] "GET /xingrg/all/function/internal_message.html?_=1633402516965&CODE_STATE=getMsg HTTP/1.1" 200 27
180.157.253.110 - - [05/Oct/2021:10:59:05 +0800] "POST /xingrg/kc/buy/cgsh_order_operate.html HTTP/1.1" 200 5008
116.233.78.144 - - [05/Oct/2021:10:59:06 +0800] "POST /xingrg/kc/mdqp/pssh_list_operate.html HTTP/1.1" 200 1585
116.233.78.144 - - [05/Oct/2021:10:59:06 +0800] "GET /xingrg/kc/mdqp/pssh_order_info.html?code=312021100400111 HTTP/1.1" 200 17297
116.233.78.144 - - [05/Oct/2021:10:59:06 +0800] "GET /xingrg/javascript/jquery_tools/jquery-1.4.2.min.js HTTP/1.1" 404 1094
116.233.78.144 - - [05/Oct/2021:10:59:06 +0800] "POST /xingrg/kc/mdqp/pssh_order_operate.html HTTP/1.1" 200 539
116.233.78.144 - - [05/Oct/2021:10:59:06 +0800] "GET /xingrg/all/common/auto_word.html?type=base&rest_code=00109&rest_code=00109 HTTP/1.1" 200 1811
116.233.78.144 - - [05/Oct/2021:10:59:06 +0800] "GET /xingrg/all/common/auto_word.html?type=employee&rest_code=00109 HTTP/1.1" 200 255
116.233.78.144 - - [05/Oct/2021:10:59:06 +0800] "GET /xingrg/javascript/easyui/themes/default/validatebox.css HTTP/1.1" 404 1104
180.152.237.0 - - [05/Oct/2021:10:59:07 +0800] "GET /xingrg/kc/base/wldb_order_operate.html?command=get_materiel&rest_code=00102&base_code=0010476&code=00101019438 HTTP/1.1" 200 447
180.157.253.110 - - [05/Oct/2021:10:59:08 +0800] "GET /xingrg/kc/print/load_data.html?order_code=212021100502043&kc_code=cgsh&condition= HTTP/1.1" 200 1609
58.39.139.200 - - [05/Oct/2021:10:59:08 +0800] "GET /xingrg/all/function/internal_message.html?_=1633402751013&CODE_STATE=getMsg HTTP/1.1" 200 27
180.169.147.146 - - [05/Oct/2021:10:59:08 +0800] "GET /xingrg/system/supplier/kcSupplier_info.html?code=00171&type=sort&id=0 HTTP/1.1" 200 27544
180.169.147.146 - - [05/Oct/2021:10:59:08 +0800] "GET /xingrg/dwr/engine.js HTTP/1.1" 200 43631
180.169.147.146 - - [05/Oct/2021:10:59:08 +0800] "POST /xingrg/all/common/load_tree.html?tree=area_tree_json HTTP/1.1" 200 206
180.169.147.146 - - [05/Oct/2021:10:59:08 +0800] "GET /favicon.ico HTTP/1.1" 404 -
180.169.147.146 - - [05/Oct/2021:10:59:09 +0800] "POST /xingrg/all/common/load_tree.html?tree=area_tree_json HTTP/1.1" 200 206
180.169.147.146 - - [05/Oct/2021:10:59:09 +0800] "POST /xingrg/all/common/load_tree.html?tree=area_rest_tree_json HTTP/1.1" 200 3472
180.169.147.146 - - [05/Oct/2021:10:59:09 +0800] "POST /xingrg/dwr/call/plaincall/AjaxKcSupplierService.modifyKcSupplier.dwr HTTP/1.1" 200 1099
180.169.147.146 - - [05/Oct/2021:10:59:09 +0800] "POST /xingrg/dwr/call/plaincall/AjaxGetFirstChart.getFirstChart.dwr HTTP/1.1" 200 85
180.169.147.146 - - [05/Oct/2021:10:59:09 +0800] "POST /xingrg/all/common/load_tree.html?tree=area_tree_json HTTP/1.1" 200 206
180.169.147.146 - - [05/Oct/2021:10:59:09 +0800] "POST /xingrg/all/common/load_tree.html?tree=area_rest_tree_json&defaultRests= HTTP/1.1" 200 3472
180.169.147.146 - - [05/Oct/2021:10:59:09 +0800] "POST /xingrg/all/common/load_tree.html?tree=area_rest_tree_json&areaId=1&defaultRests=1_00142,1_00143,1_00144,1_00145 HTTP/1.1" 200 3468
180.169.147.146 - - [05/Oct/2021:10:59:09 +0800] "GET /xingrg/javascript/jquery_easy_ui/themes/default/images/tree_checkbox_1.gif HTTP/1.1" 200 174
180.169.147.146 - - [05/Oct/2021:10:59:09 +0800] "GET /xingrg/javascript/jquery_easy_ui/themes/default/images/tree_checkbox_2.gif HTTP/1.1" 200 181
116.233.78.144 - - [05/Oct/2021:10:59:09 +0800] "GET /xingrg/all/function/internal_message.html?_=1633402753561&CODE_STATE=getMsg HTTP/1.1" 200 27
222.70.178.96 - - [05/Oct/2021:10:59:09 +0800] "GET /xingrg/check_reg.html?_=1633402749352 HTTP/1.1" 302 -
222.70.178.96 - - [05/Oct/2021:10:59:09 +0800] "GET /xingrg/all/function/internal_message.html?_=1633402749353&CODE_STATE=getMsg HTTP/1.1" 302 -
180.169.147.146 - - [05/Oct/2021:10:59:12 +0800] "GET /xingrg/all/function/internal_message.html?_=1633402753714&CODE_STATE=getMsg HTTP/1.1" 200 27
116.238.248.233 - - [05/Oct/2021:10:59:12 +0800] "GET /xingrg/all/function/internal_message.html?_=1633402753672&CODE_STATE=getMsg HTTP/1.1" 302 -
180.152.237.0 - - [05/Oct/2021:10:59:13 +0800] "GET /xingrg/kc/base/wldb_order_operate.html?command=get_materiel&rest_code=00102&base_code=0010476&code=00101019295 HTTP/1.1" 200 462
222.70.246.151 - - [05/Oct/2021:10:59:13 +0800] "GET /xingrg/all/function/internal_message.html?_=1633402783653&CODE_STATE=getMsg HTTP/1.1" 302 -
114.83.222.205 - - [05/Oct/2021:10:59:17 +0800] "GET /xingrg/all/function/internal_message.html?_=1633402757167&CODE_STATE=getMsg HTTP/1.1" 200 27
116.233.78.144 - - [05/Oct/2021:10:59:18 +0800] "POST /xingrg/kc/mdqp/pssh_order_operate.html HTTP/1.1" 200 37
116.233.78.144 - - [05/Oct/2021:10:59:18 +0800] "POST /xingrg/kc/mdqp/pssh_order_operate.html HTTP/1.1" 200 12
116.233.78.144 - - [05/Oct/2021:10:59:19 +0800] "GET /xingrg/kc/mdqp/pssh_order_info.html?code=312021100400111 HTTP/1.1" 200 14382
116.233.78.144 - - [05/Oct/2021:10:59:19 +0800] "GET /xingrg/javascript/jquery_tools/jquery-1.4.2.min.js HTTP/1.1" 404 1094
116.233.78.144 - - [05/Oct/2021:10:59:20 +0800] "POST /xingrg/kc/mdqp/pssh_order_operate.html HTTP/1.1" 200 539
116.233.78.144 - - [05/Oct/2021:10:59:20 +0800] "GET /xingrg/javascript/easyui/themes/default/validatebox.css HTTP/1.1" 404 1104
180.157.253.110 - - [05/Oct/2021:10:59:20 +0800] "GET /xingrg/all/function/internal_message.html?_=1633402762593&CODE_STATE=getMsg HTTP/1.1" 200 27
180.169.147.146 - - [05/Oct/2021:10:59:21 +0800] "GET /xingrg/kc/buy/cgsh_order_operate.html?command=get_materiel&rest_code=00147&code=00101007076&supplier_code=00100004&order_time=2021-10-05 HTTP/1.1" 200 408
116.233.78.144 - - [05/Oct/2021:10:59:21 +0800] "GET /xingrg/kc/print/load_config.html?kc_code=pssh HTTP/1.1" 200 2290
116.233.78.144 - - [05/Oct/2021:10:59:21 +0800] "GET /xingrg/kc/print/load_data.html?order_code=312021100400111&kc_code=pssh&condition= HTTP/1.1" 200 649
116.230.105.26 - - [05/Oct/2021:10:59:22 +0800] "GET /xingrg/all/function/internal_message.html?_=1633402750794&CODE_STATE=getMsg HTTP/1.1" 200 27
180.169.147.146 - - [05/Oct/2021:10:59:22 +0800] "GET /xingrg/check_reg.html?_=1633402767655 HTTP/1.1" 302 -
58.37.227.186 - - [05/Oct/2021:10:59:28 +0800] "GET /xingrg/all/function/internal_message.html?_=1633402626847&CODE_STATE=getMsg HTTP/1.1" 200 27
180.152.237.0 - - [05/Oct/2021:10:59:29 +0800] "GET /xingrg/kc/base/wldb_order_operate.html?command=get_materiel&rest_code=00102&base_code=0010476&code=00101016060 HTTP/1.1" 200 464
180.152.237.0 - - [05/Oct/2021:10:59:35 +0800] "GET /xingrg/kc/base/wldb_order_operate.html?command=get_materiel&rest_code=00102&base_code=0010476&code=00101019134 HTTP/1.1" 200 464
114.85.125.222 - - [05/Oct/2021:10:59:35 +0800] "GET /xingrg/all/function/internal_message.html?_=1633402740930&CODE_STATE=getMsg HTTP/1.1" 302 -
124.79.246.142 - - [05/Oct/2021:10:59:35 +0800] "POST /xingrg/services/DataTransmitService HTTP/1.1" 200 524
180.152.237.0 - - [05/Oct/2021:10:59:39 +0800] "GET /xingrg/kc/base/wldb_order_operate.html?command=get_materiel&rest_code=00102&base_code=0010476&code=00101016076 HTTP/1.1" 200 477
180.169.147.146 - - [05/Oct/2021:10:59:40 +0800] "GET /xingrg/all/function/internal_message.html?_=1633402774954&CODE_STATE=getMsg HTTP/1.1" 200 27
180.152.237.0 - - [05/Oct/2021:10:59:41 +0800] "GET /xingrg/all/function/internal_message.html?_=1633402782527&CODE_STATE=getMsg HTTP/1.1" 200 27
180.169.147.146 - - [05/Oct/2021:10:59:43 +0800] "GET /xingrg/all/function/internal_message.html?_=1633402788839&CODE_STATE=getMsg HTTP/1.1" 302 -
180.157.253.110 - - [05/Oct/2021:10:59:45 +0800] "GET /xingrg/kc/buy/cgsh_order_add.html HTTP/1.1" 200 64616
114.83.222.205 - - [05/Oct/2021:10:59:45 +0800] "GET /xingrg/kc/buy/cgsh_order_list.html HTTP/1.1" 200 48884
180.169.147.146 - - [05/Oct/2021:10:59:45 +0800] "GET /xingrg/all/function/internal_message.html?_=1633402787086&CODE_STATE=getMsg HTTP/1.1" 302 -
180.157.253.110 - - [05/Oct/2021:10:59:45 +0800] "POST /xingrg/kc/buy/cgsh_order_operate.html HTTP/1.1" 200 8245
180.157.253.110 - - [05/Oct/2021:10:59:45 +0800] "GET /xingrg/javascript/easyui/themes/default/validatebox.css HTTP/1.1" 404 1104
180.169.147.146 - - [05/Oct/2021:10:59:46 +0800] "GET /xingrg/check_reg.html?_=1633402787663 HTTP/1.1" 200 22
180.169.147.146 - - [05/Oct/2021:10:59:46 +0800] "GET /xingrg/all/function/internal_message.html?_=1633402787664&CODE_STATE=getMsg HTTP/1.1" 200 27
116.237.74.154 - - [05/Oct/2021:10:59:47 +0800] "GET /xingrg/all/function/internal_message.html?_=1633402788131&CODE_STATE=getMsg HTTP/1.1" 200 27
180.152.237.0 - - [05/Oct/2021:10:59:47 +0800] "GET /xingrg/kc/base/wldb_order_operate.html?command=get_materiel&rest_code=00102&base_code=0010476&code=00101019056 HTTP/1.1" 200 475
114.83.222.205 - - [05/Oct/2021:10:59:48 +0800] "POST /xingrg/kc/buy/cgsh_list_operate.html HTTP/1.1" 200 2052
222.70.246.151 - - [05/Oct/2021:10:59:50 +0800] "GET /xingrg/all/function/internal_message.html?_=1633402797572&CODE_STATE=getMsg HTTP/1.1" 302 -
116.237.74.154 - - [05/Oct/2021:10:59:51 +0800] "GET /xingrg/check_reg.html?_=1633402791826 HTTP/1.1" 200 22
116.237.74.154 - - [05/Oct/2021:10:59:51 +0800] "GET /xingrg/all/function/internal_message.html?_=1633402791828&CODE_STATE=getMsg HTTP/1.1" 200 27
180.152.237.0 - - [05/Oct/2021:10:59:55 +0800] "GET /xingrg/kc/base/wldb_order_operate.html?command=get_materiel&rest_code=00102&base_code=0010476&code=00101013182 HTTP/1.1" 200 429
114.83.222.205 - - [05/Oct/2021:10:59:57 +0800] "POST /xingrg/kc/buy/cgsh_list_operate.html HTTP/1.1" 200 4
180.152.237.0 - - [05/Oct/2021:10:59:58 +0800] "GET /xingrg/all/function/internal_message.html?_=1633402781213&CODE_STATE=getMsg HTTP/1.1" 200 27
114.83.222.205 - - [05/Oct/2021:11:00:00 +0800] "POST /xingrg/kc/buy/cgsh_list_operate.html HTTP/1.1" 200 876
180.152.237.0 - - [05/Oct/2021:11:00:02 +0800] "GET /xingrg/kc/base/wldb_order_operate.html?command=get_materiel&rest_code=00102&base_code=0010476&code=00101013003 HTTP/1.1" 200 430
120.253.135.82 - - [05/Oct/2021:11:00:04 +0800] "GET /xingrg/all/function/internal_message.html?_=1633402576975&CODE_STATE=getMsg HTTP/1.1" 200 27
180.157.253.110 - - [05/Oct/2021:11:00:05 +0800] "GET /xingrg/kc/buy/cgsh_order_operate.html?command=get_materiel&rest_code=00148&code=00101016025&supplier_code=00100036&order_time=2021-10-05 HTTP/1.1" 200 408
180.169.147.146 - - [05/Oct/2021:11:00:06 +0800] "GET /xingrg/login.html HTTP/1.1" 200 7641
180.169.147.146 - - [05/Oct/2021:11:00:06 +0800] "GET /xingrg/images/blue/jxLogo.png HTTP/1.1" 200 6156
114.83.222.205 - - [05/Oct/2021:11:00:06 +0800] "GET /xingrg/kc/base/wldb_order_list.html HTTP/1.1" 200 19230
180.169.147.146 - - [05/Oct/2021:11:00:06 +0800] "GET /xingrg/images/blue/hj.png HTTP/1.1" 200 1014
180.169.147.146 - - [05/Oct/2021:11:00:06 +0800] "GET /xingrg/images/blue/login_bg.png HTTP/1.1" 200 22101
180.169.147.146 - - [05/Oct/2021:11:00:06 +0800] "GET /favicon.ico HTTP/1.1" 404 -
180.169.147.146 - - [05/Oct/2021:11:00:06 +0800] "GET /xingrg/images/blue/srbg.png HTTP/1.1" 200 138
114.83.222.205 - - [05/Oct/2021:11:00:06 +0800] "POST /xingrg/kc/base/wldb_list_operate.html HTTP/1.1" 200 928
180.169.147.146 - - [05/Oct/2021:11:00:07 +0800] "POST /xingrg/login.do HTTP/1.1" 302 -
180.169.147.146 - - [05/Oct/2021:11:00:07 +0800] "GET /xingrg/javascript/jquery_easy_ui/themes/icon.css HTTP/1.1" 200 3949
180.169.147.146 - - [05/Oct/2021:11:00:07 +0800] "GET /xingrg/index.html?sysBaseUrl=http%3A%2F%2F180.169.147.146%3A18081%2Fxingrg%2F&costTime=90×tamp=1633402807714 HTTP/1.1" 200 17503
180.169.147.146 - - [05/Oct/2021:11:00:07 +0800] "GET /xingrg/css/form.css HTTP/1.1" 200 893
180.169.147.146 - - [05/Oct/2021:11:00:07 +0800] "GET /xingrg/javascript/jquery_easy_ui/themes/default/easyui.css HTTP/1.1" 200 26500
180.169.147.146 - - [05/Oct/2021:11:00:07 +0800] "GET /xingrg/javascript/jquery-1.4.2.min.js HTTP/1.1" 200 72205
180.169.147.146 - - [05/Oct/2021:11:00:07 +0800] "GET /xingrg/javascript/jquery_easy_ui/jquery.easyui.min.js HTTP/1.1" 200 213662
180.169.147.146 - - [05/Oct/2021:11:00:07 +0800] "GET /xingrg/javascript/jquery_easy_ui/easyui-lang-zh_CN.js HTTP/1.1" 200 1900
180.169.147.146 - - [05/Oct/2021:11:00:07 +0800] "GET /xingrg/javascript/jquery.form.js HTTP/1.1" 200 23110
180.169.147.146 - - [05/Oct/2021:11:00:07 +0800] "GET /xingrg/javascript/jquery.timers.js HTTP/1.1" 200 3532
180.169.147.146 - - [05/Oct/2021:11:00:07 +0800] "GET /xingrg/javascript/jquery.utils.js HTTP/1.1" 200 11805
180.169.147.146 - - [05/Oct/2021:11:00:07 +0800] "POST /xingrg/all/common/load_tree.html?tree=area_rest_tree_json&manage=1 HTTP/1.1" 200 3472
180.169.147.146 - - [05/Oct/2021:11:00:07 +0800] "GET /xingrg/check_reg.html?_=1633402814455 HTTP/1.1" 200 22
180.169.147.146 - - [05/Oct/2021:11:00:07 +0800] "GET /xingrg/images/blue/pingpu.png HTTP/1.1" 200 231
180.169.147.146 - - [05/Oct/2021:11:00:07 +0800] "GET /xingrg/all/function/internal_message.html?_=1633402814453&CODE_STATE=count HTTP/1.1" 200 11
180.169.147.146 - - [05/Oct/2021:11:00:07 +0800] "GET /xingrg/javascript/jquery_easy_ui/themes/default/images/tabs_leftarrow.png HTTP/1.1" 200 389
180.169.147.146 - - [05/Oct/2021:11:00:07 +0800] "GET /xingrg/images/blue/navBackgound.jpg HTTP/1.1" 200 12378
180.169.147.146 - - [05/Oct/2021:11:00:07 +0800] "GET /xingrg/javascript/jquery_easy_ui/themes/default/images/panel_tool_collapse.gif HTTP/1.1" 200 246
180.169.147.146 - - [05/Oct/2021:11:00:07 +0800] "GET /xingrg/javascript/jquery_easy_ui/themes/default/images/panel_tool_expand.gif HTTP/1.1" 200 247
180.169.147.146 - - [05/Oct/2021:11:00:07 +0800] "GET /xingrg/javascript/jquery_easy_ui/themes/default/images/tabs_rightarrow.png HTTP/1.1" 200 395
180.169.147.146 - - [05/Oct/2021:11:00:07 +0800] "GET /xingrg/javascript/jquery_easy_ui/themes/icons/settle_new.png HTTP/1.1" 200 826
180.169.147.146 - - [05/Oct/2021:11:00:07 +0800] "GET /favicon.ico HTTP/1.1" 404 -
180.169.147.146 - - [05/Oct/2021:11:00:07 +0800] "POST /xingrg/load_menu.html HTTP/1.1" 200 11443
180.169.147.146 - - [05/Oct/2021:11:00:08 +0800] "GET /xingrg/javascript/jquery_easy_ui/themes/default/images/tree_arrows.gif HTTP/1.1" 200 1043
180.169.147.146 - - [05/Oct/2021:11:00:08 +0800] "GET /xingrg/javascript/jquery_easy_ui/themes/default/images/tree_folder_open.gif HTTP/1.1" 200 956
180.169.147.146 - - [05/Oct/2021:11:00:08 +0800] "GET /xingrg/javascript/jquery_easy_ui/themes/icons/area.png HTTP/1.1" 200 262
180.169.147.146 - - [05/Oct/2021:11:00:08 +0800] "GET /xingrg/javascript/jquery_easy_ui/themes/icons/manage.png HTTP/1.1" 200 696
180.169.147.146 - - [05/Oct/2021:11:00:08 +0800] "GET /xingrg/javascript/jquery_easy_ui/themes/icons/rest.png HTTP/1.1" 200 695
180.169.147.146 - - [05/Oct/2021:11:00:08 +0800] "GET /xingrg/javascript/jquery_easy_ui/themes/icons/search_new.png HTTP/1.1" 200 586
180.169.147.146 - - [05/Oct/2021:11:00:08 +0800] "GET /xingrg/javascript/jquery_easy_ui/themes/icons/delivery_new.png HTTP/1.1" 200 700
180.169.147.146 - - [05/Oct/2021:11:00:08 +0800] "GET /xingrg/javascript/jquery_easy_ui/themes/icons/storage_new.png HTTP/1.1" 200 853
180.169.147.146 - - [05/Oct/2021:11:00:08 +0800] "GET /xingrg/javascript/jquery_easy_ui/themes/icons/checkout_new.png HTTP/1.1" 200 744
180.169.147.146 - - [05/Oct/2021:11:00:08 +0800] "GET /xingrg/javascript/jquery_easy_ui/themes/icons/forms_new.png HTTP/1.1" 200 350
180.169.147.146 - - [05/Oct/2021:11:00:08 +0800] "GET /xingrg/javascript/jquery_easy_ui/themes/icons/setting_new.png HTTP/1.1" 200 450
180.169.147.146 - - [05/Oct/2021:11:00:08 +0800] "GET /xingrg/javascript/jquery_easy_ui/themes/icons/systemset_new.png HTTP/1.1" 200 606
180.169.147.146 - - [05/Oct/2021:11:00:08 +0800] "GET /xingrg/javascript/jquery_easy_ui/themes/default/images/tree_file.gif HTTP/1.1" 200 118
180.169.147.146 - - [05/Oct/2021:11:00:08 +0800] "GET /xingrg/javascript/jquery_easy_ui/themes/default/images/tree_folder.gif HTTP/1.1" 200 952
114.83.222.205 - - [05/Oct/2021:11:00:08 +0800] "GET /xingrg/kc/base/wldb_order_add.html HTTP/1.1" 200 30444
58.39.139.200 - - [05/Oct/2021:11:00:08 +0800] "GET /xingrg/check_reg.html?_=1633402811007 HTTP/1.1" 200 22
58.39.139.200 - - [05/Oct/2021:11:00:08 +0800] "GET /xingrg/all/function/internal_message.html?_=1633402811011&CODE_STATE=getMsg HTTP/1.1" 200 27
114.83.222.205 - - [05/Oct/2021:11:00:08 +0800] "POST /xingrg/kc/base/wldb_order_operate.html HTTP/1.1" 200 6806
114.83.222.205 - - [05/Oct/2021:11:00:08 +0800] "GET /xingrg/all/common/auto_word.html?type=base&rest_code=00149 HTTP/1.1" 200 1811
114.83.222.205 - - [05/Oct/2021:11:00:08 +0800] "GET /xingrg/all/common/auto_word.html?type=base&rest_code=00149 HTTP/1.1" 200 1811
114.83.222.205 - - [05/Oct/2021:11:00:08 +0800] "GET /xingrg/javascript/easyui/themes/default/validatebox.css HTTP/1.1" 404 1104
180.169.147.146 - - [05/Oct/2021:11:00:08 +0800] "GET /xingrg/javascript/jquery_easy_ui/themes/default/images/button_a_bg.gif HTTP/1.1" 200 1194
180.169.147.146 - - [05/Oct/2021:11:00:08 +0800] "GET /xingrg/javascript/jquery_easy_ui/themes/default/images/button_span_bg.gif HTTP/1.1" 200 2061
180.169.147.146 - - [05/Oct/2021:11:00:08 +0800] "GET /xingrg/javascript/jquery_easy_ui/themes/default/images/panel_title.png HTTP/1.1" 200 266
180.169.147.146 - - [05/Oct/2021:11:00:08 +0800] "GET /xingrg/javascript/jquery_easy_ui/themes/default/images/panel_tools.gif HTTP/1.1" 200 737
180.169.147.146 - - [05/Oct/2021:11:00:08 +0800] "GET /xingrg/javascript/jquery_easy_ui/themes/icons/ok.png HTTP/1.1" 200 883
116.233.78.144 - - [05/Oct/2021:11:00:09 +0800] "GET /xingrg/all/function/internal_message.html?_=1633402813575&CODE_STATE=getMsg HTTP/1.1" 200 27
222.70.178.96 - - [05/Oct/2021:11:00:09 +0800] "GET /xingrg/all/function/internal_message.html?_=1633402809352&CODE_STATE=getMsg HTTP/1.1" 302 -
180.169.147.146 - - [05/Oct/2021:11:00:12 +0800] "GET /xingrg/all/function/internal_message.html?_=1633402813703&CODE_STATE=getMsg HTTP/1.1" 200 27
114.83.222.205 - - [05/Oct/2021:11:00:12 +0800] "GET /xingrg/javascript/auto/indicator.gif HTTP/1.1" 404 1066
116.238.248.233 - - [05/Oct/2021:11:00:12 +0800] "GET /xingrg/all/function/internal_message.html?_=1633402813672&CODE_STATE=getMsg HTTP/1.1" 302 -
