222.70.178.96 - - [05/Oct/2021:09:13:09 +0800] "GET /xingrg/images/blue/button/right_ah.jpg HTTP/1.1" 200 1744
222.70.178.96 - - [05/Oct/2021:09:13:09 +0800] "GET /xingrg/images/blue/button/down_ah.jpg HTTP/1.1" 200 1732
222.70.178.96 - - [05/Oct/2021:09:13:09 +0800] "GET /xingrg/javascript/jquery_ui/themes/humanity/images/ui-bg_inset-soft_100_f4f0ec_1x100.png HTTP/1.1" 200 141
222.70.178.96 - - [05/Oct/2021:09:13:09 +0800] "GET /xingrg/javascript/jquery_ui/themes/humanity/images/ui-icons_c47a23_256x240.png HTTP/1.1" 200 5355
222.70.178.96 - - [05/Oct/2021:09:13:09 +0800] "GET /xingrg/javascript/jquery_ui/themes/humanity/images/ui-iconsnew.jpg HTTP/1.1" 200 337
222.70.178.96 - - [05/Oct/2021:09:13:09 +0800] "GET /xingrg/javascript/jquery_ui/themes/humanity/images/ui-bg_glass_70_ede4d4_1x400.png HTTP/1.1" 200 161
222.70.178.96 - - [05/Oct/2021:09:13:09 +0800] "GET /xingrg/javascript/jquery_ui/themes/humanity/images/ui-icons_ffffff_256x240.png HTTP/1.1" 200 4369
222.70.178.96 - - [05/Oct/2021:09:13:10 +0800] "GET /xingrg/images/yd/bt.gif HTTP/1.1" 404 1040
222.70.178.96 - - [05/Oct/2021:09:13:10 +0800] "GET /xingrg/css/base.css HTTP/1.1" 200 2811
222.70.178.96 - - [05/Oct/2021:09:13:10 +0800] "GET /xingrg/css/site.css HTTP/1.1" 200 7541
222.70.178.96 - - [05/Oct/2021:09:13:10 +0800] "GET /xingrg/javascript/easyui/themes/icon.css HTTP/1.1" 200 4483
222.70.178.96 - - [05/Oct/2021:09:13:10 +0800] "GET /xingrg/javascript/jquery_tools/datebox.css HTTP/1.1" 200 2597
222.70.178.96 - - [05/Oct/2021:09:13:10 +0800] "GET /xingrg/kc/buy/cgsh_order_list.html HTTP/1.1" 200 48878
222.70.178.96 - - [05/Oct/2021:09:13:10 +0800] "GET /xingrg/javascript/auto/jquery.autocomplete.css HTTP/1.1" 200 587
222.70.178.96 - - [05/Oct/2021:09:13:10 +0800] "GET /xingrg/javascript/jquery_tools/jquery.tools.min.js HTTP/1.1" 200 138801
222.70.178.96 - - [05/Oct/2021:09:13:10 +0800] "GET /xingrg/javascript/jquery_tools/fix.css HTTP/1.1" 200 1702
222.70.178.96 - - [05/Oct/2021:09:13:10 +0800] "GET /xingrg/javascript/easyui/themes/default/easyui.css HTTP/1.1" 200 30432
222.70.178.96 - - [05/Oct/2021:09:13:10 +0800] "GET /xingrg/javascript/jquery_tools/table.css HTTP/1.1" 200 1032
222.70.178.96 - - [05/Oct/2021:09:13:10 +0800] "GET /xingrg/javascript/jquery_tools/jquery.tools.hotkey.js HTTP/1.1" 200 3242
222.70.178.96 - - [05/Oct/2021:09:13:10 +0800] "GET /xingrg/javascript/jquery_tools/jquery.tools.extend.js HTTP/1.1" 200 15385
222.70.178.96 - - [05/Oct/2021:09:13:10 +0800] "GET /xingrg/javascript/jquery_tools/list_manager.js HTTP/1.1" 200 3652
222.70.178.96 - - [05/Oct/2021:09:13:10 +0800] "GET /xingrg/javascript/easyui/easyloader.js HTTP/1.1" 200 5975
222.70.178.96 - - [05/Oct/2021:09:13:10 +0800] "GET /xingrg/javascript/jquery_tools/jquery.tools.table.js HTTP/1.1" 200 6994
222.70.178.96 - - [05/Oct/2021:09:13:10 +0800] "GET /xingrg/javascript/jquery.cookie.js HTTP/1.1" 200 5513
222.70.178.96 - - [05/Oct/2021:09:13:10 +0800] "GET /xingrg/javascript/auto/jquery.autocomplete.js HTTP/1.1" 200 21624
222.70.178.96 - - [05/Oct/2021:09:13:10 +0800] "GET /xingrg/javascript/print/LodopFuncs.js HTTP/1.1" 200 5121
222.70.178.96 - - [05/Oct/2021:09:13:10 +0800] "GET /xingrg/javascript/easyui/themes/icons/import_new.png HTTP/1.1" 200 1247
222.70.178.96 - - [05/Oct/2021:09:13:10 +0800] "GET /xingrg/javascript/easyui/themes/icons/field_new.png HTTP/1.1" 200 1097
222.70.178.96 - - [05/Oct/2021:09:13:10 +0800] "GET /xingrg/javascript/easyui/themes/icons/check_new.png HTTP/1.1" 200 3224
222.70.178.96 - - [05/Oct/2021:09:13:10 +0800] "GET /xingrg/javascript/easyui/themes/icons/cance_new.png HTTP/1.1" 200 3986
222.70.178.96 - - [05/Oct/2021:09:13:10 +0800] "GET /xingrg/javascript/easyui/themes/icons/edit_add_new.png HTTP/1.1" 200 2997
222.70.178.96 - - [05/Oct/2021:09:13:10 +0800] "GET /xingrg/javascript/easyui/plugins/jquery.parser.js HTTP/1.1" 200 1142
222.70.178.96 - - [05/Oct/2021:09:13:11 +0800] "POST /xingrg/kc/buy/cgsh_list_operate.html HTTP/1.1" 200 876
222.70.246.151 - - [05/Oct/2021:09:13:12 +0800] "GET /xingrg/all/function/internal_message.html?_=1633396422088&CODE_STATE=getMsg HTTP/1.1" 302 -
116.238.248.233 - - [05/Oct/2021:09:13:12 +0800] "GET /xingrg/check_reg.html?_=1633396393492 HTTP/1.1" 200 22
116.238.248.233 - - [05/Oct/2021:09:13:12 +0800] "GET /xingrg/all/function/internal_message.html?_=1633396393494&CODE_STATE=getMsg HTTP/1.1" 200 27
114.85.125.222 - - [05/Oct/2021:09:13:15 +0800] "POST /xingrg/kc/buy/cgsh_order_operate.html HTTP/1.1" 200 37
114.85.125.222 - - [05/Oct/2021:09:13:16 +0800] "POST /xingrg/kc/buy/cgsh_order_operate.html HTTP/1.1" 200 22814
222.70.178.96 - - [05/Oct/2021:09:13:17 +0800] "GET /xingrg/index.html?sysBaseUrl=http%3A%2F%2F180.169.147.146%3A18081%2Fxingrg%2F&costTime=45×tamp=1633396381285 HTTP/1.1" 200 17173
222.70.178.96 - - [05/Oct/2021:09:13:17 +0800] "GET /xingrg/javascript/jquery_easy_ui/themes/icon.css HTTP/1.1" 304 -
222.70.178.96 - - [05/Oct/2021:09:13:17 +0800] "GET /xingrg/javascript/jquery_easy_ui/themes/default/easyui.css HTTP/1.1" 304 -
222.70.178.96 - - [05/Oct/2021:09:13:17 +0800] "GET /xingrg/css/form.css HTTP/1.1" 304 -
222.70.178.96 - - [05/Oct/2021:09:13:17 +0800] "GET /xingrg/javascript/jquery-1.4.2.min.js HTTP/1.1" 304 -
222.70.178.96 - - [05/Oct/2021:09:13:17 +0800] "GET /xingrg/javascript/jquery_easy_ui/jquery.easyui.min.js HTTP/1.1" 304 -
222.70.178.96 - - [05/Oct/2021:09:13:17 +0800] "GET /xingrg/javascript/jquery.form.js HTTP/1.1" 304 -
222.70.178.96 - - [05/Oct/2021:09:13:17 +0800] "GET /xingrg/javascript/jquery_easy_ui/easyui-lang-zh_CN.js HTTP/1.1" 304 -
222.70.178.96 - - [05/Oct/2021:09:13:17 +0800] "GET /xingrg/javascript/jquery.utils.js HTTP/1.1" 304 -
222.70.178.96 - - [05/Oct/2021:09:13:17 +0800] "GET /xingrg/javascript/jquery.timers.js HTTP/1.1" 304 -
222.70.178.96 - - [05/Oct/2021:09:13:17 +0800] "GET /xingrg/images/blue/jxLogo.png HTTP/1.1" 304 -
222.70.178.96 - - [05/Oct/2021:09:13:17 +0800] "GET /xingrg/images/blue/navBackgound.jpg HTTP/1.1" 304 -
222.70.178.96 - - [05/Oct/2021:09:13:17 +0800] "GET /xingrg/javascript/jquery_easy_ui/themes/icons/settle_new.png HTTP/1.1" 304 -
222.70.178.96 - - [05/Oct/2021:09:13:17 +0800] "POST /xingrg/all/common/load_tree.html?tree=area_rest_tree_json&manage=1 HTTP/1.1" 200 723
222.70.178.96 - - [05/Oct/2021:09:13:17 +0800] "GET /xingrg/all/function/internal_message.html?_=1633396396997&CODE_STATE=count HTTP/1.1" 200 11
222.70.178.96 - - [05/Oct/2021:09:13:17 +0800] "GET /xingrg/javascript/jquery_easy_ui/themes/default/images/tabs_leftarrow.png HTTP/1.1" 304 -
222.70.178.96 - - [05/Oct/2021:09:13:17 +0800] "GET /xingrg/check_reg.html?_=1633396396998 HTTP/1.1" 200 22
222.70.178.96 - - [05/Oct/2021:09:13:17 +0800] "GET /xingrg/javascript/jquery_easy_ui/themes/default/images/tabs_rightarrow.png HTTP/1.1" 304 -
222.70.178.96 - - [05/Oct/2021:09:13:17 +0800] "GET /xingrg/javascript/jquery_easy_ui/themes/default/images/panel_tool_collapse.gif HTTP/1.1" 304 -
222.70.178.96 - - [05/Oct/2021:09:13:17 +0800] "GET /xingrg/images/blue/pingpu.png HTTP/1.1" 304 -
222.70.178.96 - - [05/Oct/2021:09:13:17 +0800] "POST /xingrg/load_menu.html HTTP/1.1" 200 5138
222.70.178.96 - - [05/Oct/2021:09:13:18 +0800] "GET /xingrg/kc/buy/buy_main.html HTTP/1.1" 200 12412
222.70.178.96 - - [05/Oct/2021:09:13:18 +0800] "GET /xingrg/css/new_ie.css HTTP/1.1" 404 1036
222.70.178.96 - - [05/Oct/2021:09:13:19 +0800] "GET /xingrg/images/yd/bt.gif HTTP/1.1" 404 1040
222.70.178.96 - - [05/Oct/2021:09:13:20 +0800] "GET /xingrg/kc/buy/cgsh_order_list.html HTTP/1.1" 200 48878
222.70.178.96 - - [05/Oct/2021:09:13:21 +0800] "POST /xingrg/kc/buy/cgsh_list_operate.html HTTP/1.1" 200 876
222.70.178.96 - - [05/Oct/2021:09:13:22 +0800] "GET /xingrg/javascript/easyui/themes/default/images/button_plain_hover.png HTTP/1.1" 200 144
114.85.125.222 - - [05/Oct/2021:09:13:22 +0800] "GET /xingrg/kc/buy/cgsh_order_operate.html?command=get_materiel&rest_code=00150&code=00101008296&supplier_code=00100007&order_time=2021-10-05 HTTP/1.1" 200 416
222.70.178.96 - - [05/Oct/2021:09:13:23 +0800] "GET /xingrg/javascript/convert.js HTTP/1.1" 200 1239
222.70.178.96 - - [05/Oct/2021:09:13:23 +0800] "GET /xingrg/kc/buy/cgsh_order_add.html HTTP/1.1" 200 64610
222.70.178.96 - - [05/Oct/2021:09:13:23 +0800] "GET /xingrg/javascript/jquery_tools/order_manager.js HTTP/1.1" 200 11183
222.70.178.96 - - [05/Oct/2021:09:13:23 +0800] "GET /xingrg/javascript/json2.js HTTP/1.1" 200 11259
222.70.178.96 - - [05/Oct/2021:09:13:23 +0800] "GET /xingrg/javascript/print/kc_print.js HTTP/1.1" 200 11415
222.70.178.96 - - [05/Oct/2021:09:13:23 +0800] "GET /xingrg/words/20211004152352_words.js HTTP/1.1" 200 854382
222.70.178.96 - - [05/Oct/2021:09:13:23 +0800] "GET /xingrg/javascript/easyui/themes/icons/template_new.png HTTP/1.1" 200 3956
222.70.178.96 - - [05/Oct/2021:09:13:23 +0800] "GET /xingrg/javascript/easyui/themes/icons/ok.png HTTP/1.1" 200 883
222.70.178.96 - - [05/Oct/2021:09:13:23 +0800] "GET /xingrg/javascript/easyui/themes/icons/cancel.png HTTP/1.1" 200 1133
222.70.178.96 - - [05/Oct/2021:09:13:23 +0800] "GET /xingrg/javascript/easyui/themes/icons/copy_new.png HTTP/1.1" 200 815
222.70.178.96 - - [05/Oct/2021:09:13:23 +0800] "GET /xingrg/javascript/easyui/themes/default/images/menu_downarrow.png HTTP/1.1" 200 173
222.70.178.96 - - [05/Oct/2021:09:13:23 +0800] "GET /xingrg/javascript/easyui/themes/icons/print.png HTTP/1.1" 200 1057
222.70.178.96 - - [05/Oct/2021:09:13:23 +0800] "GET /xingrg/all/common/auto_word.html?type=employee&rest_code=00111 HTTP/1.1" 200 155
222.70.178.96 - - [05/Oct/2021:09:13:23 +0800] "GET /xingrg/all/common/auto_word.html?type=employee&rest_code=00111 HTTP/1.1" 200 155
222.70.178.96 - - [05/Oct/2021:09:13:23 +0800] "GET /xingrg/javascript/easyui/themes/default/validatebox.css HTTP/1.1" 404 1104
222.70.178.96 - - [05/Oct/2021:09:13:23 +0800] "GET /xingrg/javascript/easyui/plugins/jquery.validatebox.js HTTP/1.1" 200 6103
222.70.178.96 - - [05/Oct/2021:09:13:23 +0800] "POST /xingrg/kc/buy/cgsh_order_operate.html HTTP/1.1" 200 8245
222.70.178.96 - - [05/Oct/2021:09:13:23 +0800] "GET /xingrg/javascript/easyui/plugins/jquery.numberbox.js HTTP/1.1" 200 5213
222.70.178.96 - - [05/Oct/2021:09:13:23 +0800] "GET /xingrg/javascript/easyui/themes/icons/edit_remove.png HTTP/1.1" 200 625
222.70.178.96 - - [05/Oct/2021:09:13:24 +0800] "GET /xingrg/javascript/easyui/plugins/jquery.draggable.js HTTP/1.1" 200 6121
222.70.178.96 - - [05/Oct/2021:09:13:24 +0800] "GET /xingrg/css/images/panel_loading.gif HTTP/1.1" 200 1737
222.70.178.96 - - [05/Oct/2021:09:13:24 +0800] "GET /xingrg/javascript/easyui/plugins/jquery.droppable.js HTTP/1.1" 200 1167
222.70.178.96 - - [05/Oct/2021:09:13:24 +0800] "GET /xingrg/javascript/easyui/themes/default/tree.css HTTP/1.1" 404 1090
222.70.178.96 - - [05/Oct/2021:09:13:24 +0800] "GET /xingrg/javascript/easyui/plugins/jquery.tree.js HTTP/1.1" 200 20874
222.70.178.96 - - [05/Oct/2021:09:13:24 +0800] "POST /xingrg/all/common/load_tree.html?tree=supplier_tree_json&isDelete=1 HTTP/1.1" 200 60042
222.70.178.96 - - [05/Oct/2021:09:13:25 +0800] "GET /xingrg/javascript/easyui/themes/default/images/tree_folder_open.gif HTTP/1.1" 200 956
222.70.178.96 - - [05/Oct/2021:09:13:25 +0800] "GET /xingrg/javascript/easyui/themes/default/images/tree_folder.gif HTTP/1.1" 200 952
222.70.178.96 - - [05/Oct/2021:09:13:25 +0800] "GET /xingrg/javascript/easyui/themes/default/images/tree_arrows.gif HTTP/1.1" 200 617
222.70.178.96 - - [05/Oct/2021:09:13:25 +0800] "GET /xingrg/javascript/easyui/themes/default/images/tree_file.gif HTTP/1.1" 200 118
114.85.125.222 - - [05/Oct/2021:09:13:29 +0800] "GET /xingrg/kc/buy/cgsh_order_operate.html?command=get_materiel&rest_code=00150&code=00101008318&supplier_code=00100007&order_time=2021-10-05 HTTP/1.1" 200 408
116.230.105.26 - - [05/Oct/2021:09:13:31 +0800] "GET /xingrg/all/function/internal_message.html?_=1633396399809&CODE_STATE=getMsg HTTP/1.1" 200 27
120.253.135.82 - - [05/Oct/2021:09:13:32 +0800] "GET /xingrg/all/function/internal_message.html?_=1633396184862&CODE_STATE=getMsg HTTP/1.1" 200 27
222.70.178.96 - - [05/Oct/2021:09:13:34 +0800] "GET /xingrg/javascript/auto/indicator.gif HTTP/1.1" 404 1066
114.85.125.222 - - [05/Oct/2021:09:13:35 +0800] "GET /xingrg/kc/buy/cgsh_order_operate.html?command=get_materiel&rest_code=00150&code=00101008352&supplier_code=00100007&order_time=2021-10-05 HTTP/1.1" 200 412
222.70.178.96 - - [05/Oct/2021:09:13:37 +0800] "GET /xingrg/kc/buy/cgsh_order_operate.html?command=get_materiel&rest_code=00111&code=00101008072&supplier_code=00100005&order_time=2021-10-05 HTTP/1.1" 200 408
180.169.147.146 - - [05/Oct/2021:09:13:42 +0800] "GET /xingrg/all/function/internal_message.html?_=1633396427079&CODE_STATE=getMsg HTTP/1.1" 200 27
114.85.125.222 - - [05/Oct/2021:09:13:44 +0800] "GET /xingrg/all/function/internal_message.html?_=1633396390629&CODE_STATE=getMsg HTTP/1.1" 200 27
114.85.125.222 - - [05/Oct/2021:09:13:45 +0800] "GET /xingrg/kc/buy/cgsh_order_operate.html?command=get_materiel&rest_code=00150&code=00101008371&supplier_code=00100007&order_time=2021-10-05 HTTP/1.1" 200 412
180.169.147.146 - - [05/Oct/2021:09:13:48 +0800] "GET /xingrg/all/function/internal_message.html?_=1633396430449&CODE_STATE=getMsg HTTP/1.1" 200 27
58.39.139.200 - - [05/Oct/2021:09:13:50 +0800] "GET /xingrg/all/function/internal_message.html?_=1633396432492&CODE_STATE=getMsg HTTP/1.1" 200 27
120.253.135.82 - - [05/Oct/2021:09:13:50 +0800] "GET /xingrg/kc/pszx/mdqp_order_list.html?state=10 HTTP/1.1" 200 10217
120.253.135.82 - - [05/Oct/2021:09:13:50 +0800] "GET /xingrg/dwr/interface/AjaxReportQueryService.js HTTP/1.1" 200 13203
120.253.135.82 - - [05/Oct/2021:09:13:50 +0800] "GET /xingrg/dwr/interface/AjaxQqpsService.js HTTP/1.1" 200 16326
120.253.135.82 - - [05/Oct/2021:09:13:50 +0800] "GET /xingrg/dwr/engine.js HTTP/1.1" 200 43631
222.70.246.151 - - [05/Oct/2021:09:13:51 +0800] "GET /xingrg/all/function/internal_message.html?_=1633396438830&CODE_STATE=getMsg HTTP/1.1" 200 27
222.70.178.96 - - [05/Oct/2021:09:13:53 +0800] "GET /xingrg/kc/buy/cgsh_order_operate.html?command=get_materiel&rest_code=00111&code=00101008210&supplier_code=00100005&order_time=2021-10-05 HTTP/1.1" 200 408
222.70.178.96 - - [05/Oct/2021:09:14:02 +0800] "GET /xingrg/kc/buy/cgsh_order_operate.html?command=get_materiel&rest_code=00111&code=00101008149&supplier_code=00100005&order_time=2021-10-05 HTTP/1.1" 200 408
114.85.125.222 - - [05/Oct/2021:09:14:02 +0800] "GET /xingrg/kc/buy/cgsh_order_operate.html?command=get_materiel&rest_code=00150&code=00101008005&supplier_code=00100007&order_time=2021-10-05 HTTP/1.1" 200 412
114.83.222.205 - - [05/Oct/2021:09:14:03 +0800] "GET /xingrg/all/function/internal_message.html?_=1633396442897&CODE_STATE=getMsg HTTP/1.1" 200 27
114.85.125.222 - - [05/Oct/2021:09:14:08 +0800] "POST /xingrg/kc/buy/cgsh_order_operate.html HTTP/1.1" 200 37
114.85.125.222 - - [05/Oct/2021:09:14:09 +0800] "POST /xingrg/kc/buy/cgsh_order_operate.html HTTP/1.1" 200 25777
222.70.246.151 - - [05/Oct/2021:09:14:12 +0800] "GET /xingrg/all/function/internal_message.html?_=1633396482090&CODE_STATE=getMsg HTTP/1.1" 302 -
116.238.248.233 - - [05/Oct/2021:09:14:12 +0800] "GET /xingrg/all/function/internal_message.html?_=1633396453494&CODE_STATE=getMsg HTTP/1.1" 200 27
114.85.125.222 - - [05/Oct/2021:09:14:15 +0800] "GET /xingrg/kc/buy/cgsh_order_operate.html?command=get_materiel&rest_code=00150&code=00101008353&supplier_code=00100007&order_time=2021-10-05 HTTP/1.1" 200 408
222.70.178.96 - - [05/Oct/2021:09:14:17 +0800] "GET /xingrg/all/function/internal_message.html?_=1633396457014&CODE_STATE=getMsg HTTP/1.1" 200 27
180.169.147.146 - - [05/Oct/2021:09:14:22 +0800] "GET /xingrg/check_reg.html?_=1633396467530 HTTP/1.1" 200 22
114.85.125.222 - - [05/Oct/2021:09:14:23 +0800] "GET /xingrg/kc/buy/cgsh_order_operate.html?command=get_materiel&rest_code=00150&code=00101008359&supplier_code=00100007&order_time=2021-10-05 HTTP/1.1" 200 408
222.70.178.96 - - [05/Oct/2021:09:14:29 +0800] "GET /xingrg/kc/buy/cgsh_order_operate.html?command=get_materiel&rest_code=00111&code=00101008261&supplier_code=00100005&order_time=2021-10-05 HTTP/1.1" 200 408
114.85.125.222 - - [05/Oct/2021:09:14:30 +0800] "GET /xingrg/kc/buy/cgsh_order_operate.html?command=get_materiel&rest_code=00150&code=00101008291&supplier_code=00100007&order_time=2021-10-05 HTTP/1.1" 200 408
116.230.105.26 - - [05/Oct/2021:09:14:31 +0800] "GET /xingrg/all/function/internal_message.html?_=1633396459820&CODE_STATE=getMsg HTTP/1.1" 200 27
116.230.105.26 - - [05/Oct/2021:09:14:31 +0800] "GET /xingrg/check_reg.html?_=1633396459828 HTTP/1.1" 200 22
114.85.125.222 - - [05/Oct/2021:09:14:37 +0800] "GET /xingrg/kc/buy/cgsh_order_operate.html?command=get_materiel&rest_code=00150&code=00101008312&supplier_code=00100007&order_time=2021-10-05 HTTP/1.1" 200 412
222.70.178.96 - - [05/Oct/2021:09:14:39 +0800] "GET /xingrg/kc/buy/cgsh_order_operate.html?command=get_materiel&rest_code=00111&code=00101008003&supplier_code=00100005&order_time=2021-10-05 HTTP/1.1" 200 408
180.169.147.146 - - [05/Oct/2021:09:14:42 +0800] "GET /xingrg/all/function/internal_message.html?_=1633396487092&CODE_STATE=getMsg HTTP/1.1" 200 27
114.85.125.222 - - [05/Oct/2021:09:14:43 +0800] "GET /xingrg/kc/buy/cgsh_order_operate.html?command=get_materiel&rest_code=00150&code=00101022055&supplier_code=00100007&order_time=2021-10-05 HTTP/1.1" 200 424
114.85.125.222 - - [05/Oct/2021:09:14:44 +0800] "GET /xingrg/all/function/internal_message.html?_=1633396450643&CODE_STATE=getMsg HTTP/1.1" 200 27
114.85.125.222 - - [05/Oct/2021:09:14:48 +0800] "GET /xingrg/kc/buy/cgsh_order_operate.html?command=get_materiel&rest_code=00150&code=00101008229&supplier_code=00100007&order_time=2021-10-05 HTTP/1.1" 200 420
180.169.147.146 - - [05/Oct/2021:09:14:48 +0800] "GET /xingrg/all/function/internal_message.html?_=1633396490448&CODE_STATE=getMsg HTTP/1.1" 200 27
58.39.139.200 - - [05/Oct/2021:09:14:50 +0800] "GET /xingrg/all/function/internal_message.html?_=1633396492499&CODE_STATE=getMsg HTTP/1.1" 200 27
58.39.139.200 - - [05/Oct/2021:09:14:50 +0800] "GET /xingrg/check_reg.html?_=1633396492502 HTTP/1.1" 200 22
222.70.178.96 - - [05/Oct/2021:09:14:50 +0800] "GET /xingrg/kc/buy/cgsh_order_operate.html?command=get_materiel&rest_code=00111&code=00101008126&supplier_code=00100005&order_time=2021-10-05 HTTP/1.1" 200 412
222.70.246.151 - - [05/Oct/2021:09:14:51 +0800] "GET /xingrg/all/function/internal_message.html?_=1633396498843&CODE_STATE=getMsg HTTP/1.1" 200 27
114.85.125.222 - - [05/Oct/2021:09:14:54 +0800] "POST /xingrg/kc/buy/cgsh_order_operate.html HTTP/1.1" 200 37
114.85.125.222 - - [05/Oct/2021:09:14:55 +0800] "POST /xingrg/kc/buy/cgsh_order_operate.html HTTP/1.1" 200 28732
114.83.222.205 - - [05/Oct/2021:09:15:00 +0800] "POST /xingrg/kc/buy/cgsh_order_operate.html HTTP/1.1" 200 37
114.85.125.222 - - [05/Oct/2021:09:15:02 +0800] "GET /xingrg/kc/buy/cgsh_order_operate.html?command=get_materiel&rest_code=00150&code=00101008283&supplier_code=00100007&order_time=2021-10-05 HTTP/1.1" 200 408
114.83.222.205 - - [05/Oct/2021:09:15:03 +0800] "POST /xingrg/kc/buy/cgsh_order_operate.html HTTP/1.1" 200 32812
114.83.222.205 - - [05/Oct/2021:09:15:03 +0800] "GET /xingrg/all/function/internal_message.html?_=1633396503005&CODE_STATE=getMsg HTTP/1.1" 200 27
114.85.125.222 - - [05/Oct/2021:09:15:10 +0800] "GET /xingrg/kc/buy/cgsh_order_operate.html?command=get_materiel&rest_code=00150&code=00101008323&supplier_code=00100007&order_time=2021-10-05 HTTP/1.1" 200 408
222.70.246.151 - - [05/Oct/2021:09:15:12 +0800] "GET /xingrg/all/function/internal_message.html?_=1633396542115&CODE_STATE=getMsg HTTP/1.1" 302 -
116.238.248.233 - - [05/Oct/2021:09:15:12 +0800] "GET /xingrg/all/function/internal_message.html?_=1633396513504&CODE_STATE=getMsg HTTP/1.1" 200 27
222.70.178.96 - - [05/Oct/2021:09:15:17 +0800] "GET /xingrg/all/function/internal_message.html?_=1633396517010&CODE_STATE=getMsg HTTP/1.1" 200 27
114.85.125.222 - - [05/Oct/2021:09:15:20 +0800] "GET /xingrg/kc/buy/cgsh_order_operate.html?command=get_materiel&rest_code=00150&code=00101008175&supplier_code=00100007&order_time=2021-10-05 HTTP/1.1" 200 412
116.230.105.26 - - [05/Oct/2021:09:15:31 +0800] "GET /xingrg/all/function/internal_message.html?_=1633396519815&CODE_STATE=getMsg HTTP/1.1" 200 27
114.85.125.222 - - [05/Oct/2021:09:15:35 +0800] "GET /xingrg/check_reg.html?_=1633396500754 HTTP/1.1" 200 22
114.85.125.222 - - [05/Oct/2021:09:15:38 +0800] "POST /xingrg/kc/buy/cgsh_order_operate.html HTTP/1.1" 200 37
114.85.125.222 - - [05/Oct/2021:09:15:39 +0800] "POST /xingrg/kc/buy/cgsh_order_operate.html HTTP/1.1" 200 31682
222.70.178.96 - - [05/Oct/2021:09:15:40 +0800] "GET /xingrg/kc/buy/cgsh_order_operate.html?command=get_materiel&rest_code=00111&code=00101008355&supplier_code=00100005&order_time=2021-10-05 HTTP/1.1" 200 408
180.169.147.146 - - [05/Oct/2021:09:15:42 +0800] "GET /xingrg/all/function/internal_message.html?_=1633396547106&CODE_STATE=getMsg HTTP/1.1" 200 27
114.85.125.222 - - [05/Oct/2021:09:15:45 +0800] "GET /xingrg/all/function/internal_message.html?_=1633396510656&CODE_STATE=getMsg HTTP/1.1" 200 27
222.70.246.151 - - [05/Oct/2021:09:15:48 +0800] "GET /xingrg/check_reg.html?_=1633396578284 HTTP/1.1" 302 -
180.169.147.146 - - [05/Oct/2021:09:15:48 +0800] "GET /xingrg/all/function/internal_message.html?_=1633396550437&CODE_STATE=getMsg HTTP/1.1" 200 27
180.169.147.146 - - [05/Oct/2021:09:15:48 +0800] "GET /xingrg/check_reg.html?_=1633396550440 HTTP/1.1" 200 22
58.39.139.200 - - [05/Oct/2021:09:15:50 +0800] "GET /xingrg/all/function/internal_message.html?_=1633396552498&CODE_STATE=getMsg HTTP/1.1" 200 27
222.70.246.151 - - [05/Oct/2021:09:15:51 +0800] "GET /xingrg/all/function/internal_message.html?_=1633396558857&CODE_STATE=getMsg HTTP/1.1" 200 27
222.70.178.96 - - [05/Oct/2021:09:15:55 +0800] "GET /xingrg/kc/buy/cgsh_order_operate.html?command=get_materiel&rest_code=00111&code=00101008005&supplier_code=00100005&order_time=2021-10-05 HTTP/1.1" 200 412
114.83.222.205 - - [05/Oct/2021:09:15:56 +0800] "GET /xingrg/kc/buy/cgsh_order_operate.html?command=get_materiel&rest_code=00149&code=00101008213&supplier_code=00100005&order_time=2021-10-05 HTTP/1.1" 200 412
114.83.222.205 - - [05/Oct/2021:09:16:03 +0800] "GET /xingrg/all/function/internal_message.html?_=1633396562983&CODE_STATE=getMsg HTTP/1.1" 200 27
114.83.222.205 - - [05/Oct/2021:09:16:08 +0800] "GET /xingrg/kc/buy/cgsh_order_operate.html?command=get_materiel&rest_code=00149&code=00101008304&supplier_code=00100005&order_time=2021-10-05 HTTP/1.1" 200 412
222.70.246.151 - - [05/Oct/2021:09:16:12 +0800] "GET /xingrg/all/function/internal_message.html?_=1633396602117&CODE_STATE=getMsg HTTP/1.1" 302 -
116.238.248.233 - - [05/Oct/2021:09:16:12 +0800] "GET /xingrg/all/function/internal_message.html?_=1633396573507&CODE_STATE=getMsg HTTP/1.1" 200 27
222.70.178.96 - - [05/Oct/2021:09:16:17 +0800] "GET /xingrg/all/function/internal_message.html?_=1633396577007&CODE_STATE=getMsg HTTP/1.1" 200 27
114.83.222.205 - - [05/Oct/2021:09:16:21 +0800] "GET /xingrg/kc/buy/cgsh_order_operate.html?command=get_materiel&rest_code=00149&code=00101015006&supplier_code=00100005&order_time=2021-10-05 HTTP/1.1" 200 413
116.230.105.26 - - [05/Oct/2021:09:16:31 +0800] "GET /xingrg/all/function/internal_message.html?_=1633396579812&CODE_STATE=getMsg HTTP/1.1" 200 27
114.85.125.222 - - [05/Oct/2021:09:16:31 +0800] "GET /xingrg/kc/buy/cgsh_order_operate.html?command=get_materiel&rest_code=00150&code=00101008223&supplier_code=00100007&order_time=2021-10-05 HTTP/1.1" 200 412
114.83.222.205 - - [05/Oct/2021:09:16:36 +0800] "GET /xingrg/kc/buy/cgsh_order_operate.html?command=get_materiel&rest_code=00149&code=00101008114&supplier_code=00100005&order_time=2021-10-05 HTTP/1.1" 200 412
114.85.125.222 - - [05/Oct/2021:09:16:38 +0800] "GET /xingrg/kc/buy/cgsh_order_operate.html?command=get_materiel&rest_code=00150&code=00101008478&supplier_code=00100007&order_time=2021-10-05 HTTP/1.1" 200 398
180.169.147.146 - - [05/Oct/2021:09:16:42 +0800] "GET /xingrg/all/function/internal_message.html?_=1633396607131&CODE_STATE=getMsg HTTP/1.1" 200 27
114.85.125.222 - - [05/Oct/2021:09:16:45 +0800] "GET /xingrg/all/function/internal_message.html?_=1633396570670&CODE_STATE=getMsg HTTP/1.1" 200 27
114.83.222.205 - - [05/Oct/2021:09:16:46 +0800] "POST /xingrg/kc/buy/cgsh_order_operate.html HTTP/1.1" 200 2065
180.169.147.146 - - [05/Oct/2021:09:16:48 +0800] "GET /xingrg/all/function/internal_message.html?_=1633396610446&CODE_STATE=getMsg HTTP/1.1" 200 27
58.39.139.200 - - [05/Oct/2021:09:16:50 +0800] "GET /xingrg/all/function/internal_message.html?_=1633396612495&CODE_STATE=getMsg HTTP/1.1" 200 27
222.70.246.151 - - [05/Oct/2021:09:16:51 +0800] "GET /xingrg/all/function/internal_message.html?_=1633396618871&CODE_STATE=getMsg HTTP/1.1" 200 27
114.83.222.205 - - [05/Oct/2021:09:16:54 +0800] "GET /xingrg/kc/buy/cgsh_order_operate.html?command=get_materiel&rest_code=00149&code=00101008330&supplier_code=00100005&order_time=2021-10-05 HTTP/1.1" 200 409
114.85.125.222 - - [05/Oct/2021:09:16:57 +0800] "POST /xingrg/kc/buy/cgsh_order_operate.html HTTP/1.1" 200 37
114.85.125.222 - - [05/Oct/2021:09:16:59 +0800] "POST /xingrg/kc/buy/cgsh_order_operate.html HTTP/1.1" 200 34649
116.233.78.144 - - [05/Oct/2021:09:17:02 +0800] "GET /favicon.ico HTTP/1.1" 404 -
114.83.222.205 - - [05/Oct/2021:09:17:03 +0800] "GET /xingrg/check_reg.html?_=1633396622917 HTTP/1.1" 200 22
114.83.222.205 - - [05/Oct/2021:09:17:03 +0800] "GET /xingrg/all/function/internal_message.html?_=1633396622968&CODE_STATE=getMsg HTTP/1.1" 200 27
116.233.78.144 - - [05/Oct/2021:09:17:05 +0800] "GET /xingrg/login.html HTTP/1.1" 200 7641
116.233.78.144 - - [05/Oct/2021:09:17:05 +0800] "GET /xingrg/images/blue/jxLogo.png HTTP/1.1" 200 6156
116.233.78.144 - - [05/Oct/2021:09:17:05 +0800] "GET /xingrg/images/blue/srbg.png HTTP/1.1" 200 138
116.233.78.144 - - [05/Oct/2021:09:17:05 +0800] "GET /xingrg/images/blue/hj.png HTTP/1.1" 200 1014
116.233.78.144 - - [05/Oct/2021:09:17:05 +0800] "GET /xingrg/images/blue/login_bg.png HTTP/1.1" 200 22101
116.233.78.144 - - [05/Oct/2021:09:17:05 +0800] "GET /favicon.ico HTTP/1.1" 404 -
114.85.125.222 - - [05/Oct/2021:09:17:06 +0800] "GET /xingrg/kc/buy/cgsh_order_operate.html?command=get_materiel&rest_code=00150&code=00101008168&supplier_code=00100007&order_time=2021-10-05 HTTP/1.1" 200 412
114.83.222.205 - - [05/Oct/2021:09:17:08 +0800] "GET /xingrg/kc/buy/cgsh_order_operate.html?command=get_materiel&rest_code=00149&code=00101008306&supplier_code=00100005&order_time=2021-10-05 HTTP/1.1" 200 412
222.70.246.151 - - [05/Oct/2021:09:17:12 +0800] "GET /xingrg/all/function/internal_message.html?_=1633396662143&CODE_STATE=getMsg HTTP/1.1" 302 -
116.238.248.233 - - [05/Oct/2021:09:17:12 +0800] "GET /xingrg/all/function/internal_message.html?_=1633396633506&CODE_STATE=getMsg HTTP/1.1" 200 27
116.233.78.144 - - [05/Oct/2021:09:17:12 +0800] "POST /xingrg/login.do HTTP/1.1" 302 -
116.233.78.144 - - [05/Oct/2021:09:17:12 +0800] "GET /xingrg/index.html?sysBaseUrl=http%3A%2F%2F180.169.147.146%3A18081%2Fxingrg%2F&costTime=62×tamp=1633396632791 HTTP/1.1" 200 17173
116.233.78.144 - - [05/Oct/2021:09:17:12 +0800] "GET /xingrg/javascript/jquery_easy_ui/themes/icon.css HTTP/1.1" 200 3949
116.233.78.144 - - [05/Oct/2021:09:17:12 +0800] "GET /xingrg/javascript/jquery-1.4.2.min.js HTTP/1.1" 200 72205
116.233.78.144 - - [05/Oct/2021:09:17:12 +0800] "GET /xingrg/css/form.css HTTP/1.1" 200 893
116.233.78.144 - - [05/Oct/2021:09:17:12 +0800] "GET /xingrg/javascript/jquery_easy_ui/jquery.easyui.min.js HTTP/1.1" 200 213662
116.233.78.144 - - [05/Oct/2021:09:17:12 +0800] "GET /xingrg/javascript/jquery_easy_ui/easyui-lang-zh_CN.js HTTP/1.1" 200 1900
116.233.78.144 - - [05/Oct/2021:09:17:12 +0800] "GET /xingrg/javascript/jquery_easy_ui/themes/default/easyui.css HTTP/1.1" 200 26500
116.233.78.144 - - [05/Oct/2021:09:17:12 +0800] "GET /xingrg/javascript/jquery.form.js HTTP/1.1" 200 23110
116.233.78.144 - - [05/Oct/2021:09:17:13 +0800] "GET /xingrg/javascript/jquery.utils.js HTTP/1.1" 200 11805
116.233.78.144 - - [05/Oct/2021:09:17:13 +0800] "GET /xingrg/javascript/jquery.timers.js HTTP/1.1" 200 3532
114.85.125.222 - - [05/Oct/2021:09:17:13 +0800] "GET /xingrg/kc/buy/cgsh_order_operate.html?command=get_materiel&rest_code=00150&code=00101008090&supplier_code=00100007&order_time=2021-10-05 HTTP/1.1" 200 409
116.233.78.144 - - [05/Oct/2021:09:17:13 +0800] "GET /xingrg/images/blue/navBackgound.jpg HTTP/1.1" 200 12378
116.233.78.144 - - [05/Oct/2021:09:17:13 +0800] "GET /xingrg/javascript/jquery_easy_ui/themes/icons/settle_new.png HTTP/1.1" 200 826
116.233.78.144 - - [05/Oct/2021:09:17:13 +0800] "POST /xingrg/all/common/load_tree.html?tree=area_rest_tree_json&manage=1 HTTP/1.1" 200 342
116.233.78.144 - - [05/Oct/2021:09:17:13 +0800] "GET /xingrg/images/blue/pingpu.png HTTP/1.1" 200 231
116.233.78.144 - - [05/Oct/2021:09:17:13 +0800] "GET /xingrg/javascript/jquery_easy_ui/themes/default/images/panel_tool_collapse.gif HTTP/1.1" 200 246
116.233.78.144 - - [05/Oct/2021:09:17:13 +0800] "GET /xingrg/check_reg.html?_=1633396636986 HTTP/1.1" 200 22
116.233.78.144 - - [05/Oct/2021:09:17:13 +0800] "GET /xingrg/all/function/internal_message.html?_=1633396636983&CODE_STATE=count HTTP/1.1" 200 11
116.233.78.144 - - [05/Oct/2021:09:17:13 +0800] "POST /xingrg/load_menu.html HTTP/1.1" 200 5138
116.233.78.144 - - [05/Oct/2021:09:17:13 +0800] "GET /xingrg/javascript/jquery_easy_ui/themes/default/images/tree_arrows.gif HTTP/1.1" 200 1043
116.233.78.144 - - [05/Oct/2021:09:17:13 +0800] "GET /xingrg/javascript/jquery_easy_ui/themes/icons/search_new.png HTTP/1.1" 200 586
116.233.78.144 - - [05/Oct/2021:09:17:13 +0800] "GET /xingrg/javascript/jquery_easy_ui/themes/default/images/tree_folder_open.gif HTTP/1.1" 200 956
116.233.78.144 - - [05/Oct/2021:09:17:13 +0800] "GET /xingrg/javascript/jquery_easy_ui/themes/icons/storage_new.png HTTP/1.1" 200 853
116.233.78.144 - - [05/Oct/2021:09:17:13 +0800] "GET /xingrg/javascript/jquery_easy_ui/themes/default/images/tree_folder.gif HTTP/1.1" 200 952
116.233.78.144 - - [05/Oct/2021:09:17:13 +0800] "GET /xingrg/javascript/jquery_easy_ui/themes/icons/forms_new.png HTTP/1.1" 200 350
222.70.178.96 - - [05/Oct/2021:09:17:17 +0800] "GET /xingrg/all/function/internal_message.html?_=1633396637008&CODE_STATE=getMsg HTTP/1.1" 200 27
222.70.178.96 - - [05/Oct/2021:09:17:17 +0800] "GET /xingrg/kc/buy/cgsh_order_operate.html?command=get_materiel&rest_code=00111&code=00101008096&supplier_code=00100005&order_time=2021-10-05 HTTP/1.1" 200 412
116.233.78.144 - - [05/Oct/2021:09:17:18 +0800] "GET /xingrg/javascript/jquery_easy_ui/themes/default/images/tabs_close.gif HTTP/1.1" 200 829
116.233.78.144 - - [05/Oct/2021:09:17:18 +0800] "GET /xingrg/kc/buy/buy_main.html HTTP/1.1" 200 12412
116.233.78.144 - - [05/Oct/2021:09:17:18 +0800] "GET /xingrg/css/new_ie.css HTTP/1.1" 404 1036
116.233.78.144 - - [05/Oct/2021:09:17:18 +0800] "GET /xingrg/javascript/pic_change.js HTTP/1.1" 200 4739
116.233.78.144 - - [05/Oct/2021:09:17:18 +0800] "GET /xingrg/javascript/ToolTips.js HTTP/1.1" 200 5615
116.233.78.144 - - [05/Oct/2021:09:17:18 +0800] "GET /xingrg/css/blue.css HTTP/1.1" 200 15949
116.233.78.144 - - [05/Oct/2021:09:17:18 +0800] "GET /xingrg/javascript/jquery_ui/jquery-ui.min.js HTTP/1.1" 200 186181
116.233.78.144 - - [05/Oct/2021:09:17:18 +0800] "GET /xingrg/javascript/myfunction.js HTTP/1.1" 200 24559
116.233.78.144 - - [05/Oct/2021:09:17:18 +0800] "GET /xingrg/javascript/jquery_ui/themes/humanity/humanity.css HTTP/1.1" 200 27801
116.233.78.144 - - [05/Oct/2021:09:17:18 +0800] "GET /xingrg/images/blue/button/cgxqd.gif HTTP/1.1" 200 2619
116.233.78.144 - - [05/Oct/2021:09:17:18 +0800] "GET /xingrg/images/blue/button/cgydd.gif HTTP/1.1" 200 2712
116.233.78.144 - - [05/Oct/2021:09:17:18 +0800] "GET /xingrg/images/blue/button/cgshd.gif HTTP/1.1" 200 2618
116.233.78.144 - - [05/Oct/2021:09:17:18 +0800] "GET /xingrg/images/blue/button/cgfkd.gif HTTP/1.1" 200 2075
116.233.78.144 - - [05/Oct/2021:09:17:18 +0800] "GET /xingrg/images/blue/button/kc.gif HTTP/1.1" 200 2160
116.233.78.144 - - [05/Oct/2021:09:17:18 +0800] "GET /xingrg/images/blue/button/ckthd.gif HTTP/1.1" 200 2045
116.233.78.144 - - [05/Oct/2021:09:17:18 +0800] "GET /xingrg/images/blue/pic_form2.gif HTTP/1.1" 200 1853
116.233.78.144 - - [05/Oct/2021:09:17:18 +0800] "GET /xingrg/images/blue/button/right_ah.jpg HTTP/1.1" 200 1744
116.233.78.144 - - [05/Oct/2021:09:17:18 +0800] "GET /xingrg/images/blue/button/down_ah.jpg HTTP/1.1" 200 1732
116.233.78.144 - - [05/Oct/2021:09:17:18 +0800] "GET /xingrg/images/blue/bg_dotted.jpg HTTP/1.1" 200 319
116.233.78.144 - - [05/Oct/2021:09:17:18 +0800] "GET /xingrg/javascript/jquery_ui/themes/humanity/images/ui-bg_inset-soft_100_f4f0ec_1x100.png HTTP/1.1" 200 141
114.85.125.222 - - [05/Oct/2021:09:17:18 +0800] "GET /xingrg/kc/buy/cgsh_order_operate.html?command=get_materiel&rest_code=00150&code=00101008109&supplier_code=00100007&order_time=2021-10-05 HTTP/1.1" 200 413
116.233.78.144 - - [05/Oct/2021:09:17:19 +0800] "GET /xingrg/kc/buy/cgsh_order_list.html HTTP/1.1" 200 48878
116.233.78.144 - - [05/Oct/2021:09:17:19 +0800] "GET /xingrg/css/base.css HTTP/1.1" 200 2811
116.233.78.144 - - [05/Oct/2021:09:17:19 +0800] "GET /xingrg/css/site.css HTTP/1.1" 200 7541
116.233.78.144 - - [05/Oct/2021:09:17:19 +0800] "GET /xingrg/javascript/jquery_tools/datebox.css HTTP/1.1" 200 2597
116.233.78.144 - - [05/Oct/2021:09:17:19 +0800] "GET /xingrg/javascript/easyui/themes/icon.css HTTP/1.1" 200 4483
116.233.78.144 - - [05/Oct/2021:09:17:19 +0800] "GET /xingrg/javascript/auto/jquery.autocomplete.css HTTP/1.1" 200 587
116.233.78.144 - - [05/Oct/2021:09:17:19 +0800] "GET /xingrg/javascript/easyui/themes/default/easyui.css HTTP/1.1" 200 30432
116.233.78.144 - - [05/Oct/2021:09:17:19 +0800] "GET /xingrg/javascript/jquery_tools/fix.css HTTP/1.1" 200 1702
116.233.78.144 - - [05/Oct/2021:09:17:19 +0800] "GET /xingrg/javascript/jquery_tools/table.css HTTP/1.1" 200 1032
116.233.78.144 - - [05/Oct/2021:09:17:19 +0800] "GET /xingrg/javascript/jquery_tools/jquery.tools.min.js HTTP/1.1" 200 138801
116.233.78.144 - - [05/Oct/2021:09:17:19 +0800] "GET /xingrg/javascript/jquery_tools/jquery.tools.hotkey.js HTTP/1.1" 200 3242
116.233.78.144 - - [05/Oct/2021:09:17:19 +0800] "GET /xingrg/javascript/jquery_tools/jquery.tools.extend.js HTTP/1.1" 200 15385
116.233.78.144 - - [05/Oct/2021:09:17:19 +0800] "GET /xingrg/javascript/jquery_tools/jquery.tools.table.js HTTP/1.1" 200 6994
116.233.78.144 - - [05/Oct/2021:09:17:19 +0800] "GET /xingrg/javascript/jquery_tools/list_manager.js HTTP/1.1" 200 3652
116.233.78.144 - - [05/Oct/2021:09:17:19 +0800] "GET /xingrg/javascript/easyui/easyloader.js HTTP/1.1" 200 5975
116.233.78.144 - - [05/Oct/2021:09:17:19 +0800] "GET /xingrg/javascript/jquery.cookie.js HTTP/1.1" 200 5513
116.233.78.144 - - [05/Oct/2021:09:17:19 +0800] "GET /xingrg/javascript/print/LodopFuncs.js HTTP/1.1" 200 5121
116.233.78.144 - - [05/Oct/2021:09:17:19 +0800] "GET /xingrg/javascript/auto/jquery.autocomplete.js HTTP/1.1" 200 21624
116.233.78.144 - - [05/Oct/2021:09:17:19 +0800] "GET /xingrg/javascript/easyui/themes/icons/edit_add_new.png HTTP/1.1" 200 2997
116.233.78.144 - - [05/Oct/2021:09:17:19 +0800] "GET /xingrg/javascript/easyui/themes/icons/cance_new.png HTTP/1.1" 200 3986
116.233.78.144 - - [05/Oct/2021:09:17:19 +0800] "GET /xingrg/javascript/easyui/themes/icons/import_new.png HTTP/1.1" 200 1247
116.233.78.144 - - [05/Oct/2021:09:17:19 +0800] "GET /xingrg/javascript/easyui/themes/icons/field_new.png HTTP/1.1" 200 1097
116.233.78.144 - - [05/Oct/2021:09:17:19 +0800] "GET /xingrg/javascript/easyui/themes/icons/check_new.png HTTP/1.1" 200 3224
116.233.78.144 - - [05/Oct/2021:09:17:19 +0800] "GET /xingrg/javascript/easyui/plugins/jquery.parser.js HTTP/1.1" 200 1142
116.233.78.144 - - [05/Oct/2021:09:17:19 +0800] "GET /xingrg/images/control/ajaxLoader.gif HTTP/1.1" 200 4659
116.233.78.144 - - [05/Oct/2021:09:17:20 +0800] "POST /xingrg/kc/buy/cgsh_list_operate.html HTTP/1.1" 200 876
116.233.78.144 - - [05/Oct/2021:09:17:20 +0800] "GET /xingrg/javascript/easyui/themes/default/images/button_plain_hover.png HTTP/1.1" 200 144
116.233.78.144 - - [05/Oct/2021:09:17:21 +0800] "GET /xingrg/kc/buy/cgsh_order_add.html HTTP/1.1" 200 64657
116.233.78.144 - - [05/Oct/2021:09:17:21 +0800] "GET /xingrg/javascript/convert.js HTTP/1.1" 200 1239
116.233.78.144 - - [05/Oct/2021:09:17:21 +0800] "GET /xingrg/words/20211004152352_words.js HTTP/1.1" 200 854382
116.233.78.144 - - [05/Oct/2021:09:17:21 +0800] "GET /xingrg/javascript/jquery_tools/order_manager.js HTTP/1.1" 200 11183
116.233.78.144 - - [05/Oct/2021:09:17:21 +0800] "GET /xingrg/javascript/json2.js HTTP/1.1" 200 11259
116.233.78.144 - - [05/Oct/2021:09:17:21 +0800] "GET /xingrg/javascript/print/kc_print.js HTTP/1.1" 200 11415
116.233.78.144 - - [05/Oct/2021:09:17:21 +0800] "GET /xingrg/javascript/easyui/themes/icons/copy_new.png HTTP/1.1" 200 815
116.233.78.144 - - [05/Oct/2021:09:17:21 +0800] "GET /xingrg/javascript/easyui/themes/icons/template_new.png HTTP/1.1" 200 3956
116.233.78.144 - - [05/Oct/2021:09:17:21 +0800] "GET /xingrg/javascript/easyui/themes/icons/print.png HTTP/1.1" 200 1057
116.233.78.144 - - [05/Oct/2021:09:17:21 +0800] "GET /xingrg/javascript/easyui/themes/icons/ok.png HTTP/1.1" 200 883
116.233.78.144 - - [05/Oct/2021:09:17:21 +0800] "GET /xingrg/javascript/easyui/themes/default/images/menu_downarrow.png HTTP/1.1" 200 173
116.233.78.144 - - [05/Oct/2021:09:17:21 +0800] "GET /xingrg/javascript/easyui/themes/icons/cancel.png HTTP/1.1" 200 1133
116.233.78.144 - - [05/Oct/2021:09:17:21 +0800] "POST /xingrg/kc/buy/cgsh_order_operate.html HTTP/1.1" 200 8245
116.233.78.144 - - [05/Oct/2021:09:17:21 +0800] "GET /xingrg/all/common/auto_word.html?type=employee&rest_code=00109 HTTP/1.1" 200 255
116.233.78.144 - - [05/Oct/2021:09:17:21 +0800] "GET /xingrg/javascript/easyui/themes/icons/edit_remove.png HTTP/1.1" 200 625
116.233.78.144 - - [05/Oct/2021:09:17:21 +0800] "GET /xingrg/all/common/auto_word.html?type=employee&rest_code=00109 HTTP/1.1" 200 255
116.233.78.144 - - [05/Oct/2021:09:17:21 +0800] "GET /xingrg/javascript/easyui/themes/default/validatebox.css HTTP/1.1" 404 1104
116.233.78.144 - - [05/Oct/2021:09:17:21 +0800] "GET /xingrg/javascript/easyui/plugins/jquery.validatebox.js HTTP/1.1" 200 6103
116.233.78.144 - - [05/Oct/2021:09:17:21 +0800] "GET /xingrg/javascript/easyui/plugins/jquery.numberbox.js HTTP/1.1" 200 5213
114.83.222.205 - - [05/Oct/2021:09:17:23 +0800] "GET /xingrg/kc/buy/cgsh_order_operate.html?command=get_materiel&rest_code=00149&code=00101008010&supplier_code=00100005&order_time=2021-10-05 HTTP/1.1" 200 412
116.233.78.144 - - [05/Oct/2021:09:17:24 +0800] "GET /xingrg/javascript/jquery_tools/images/prev.gif HTTP/1.1" 404 1086
116.233.78.144 - - [05/Oct/2021:09:17:24 +0800] "GET /xingrg/javascript/jquery_tools/images/next.gif HTTP/1.1" 404 1086
114.85.125.222 - - [05/Oct/2021:09:17:26 +0800] "GET /xingrg/kc/buy/cgsh_order_operate.html?command=get_materiel&rest_code=00150&code=00101008236&supplier_code=00100007&order_time=2021-10-05 HTTP/1.1" 200 416
116.233.78.144 - - [05/Oct/2021:09:17:30 +0800] "GET /xingrg/kc/buy/cgsh_order_operate.html?command=get_materiel&rest_code=00109&code=00101008323&supplier_code=00100005&order_time=2021-10-05 HTTP/1.1" 200 408
116.230.105.26 - - [05/Oct/2021:09:17:31 +0800] "GET /xingrg/all/function/internal_message.html?_=1633396639821&CODE_STATE=getMsg HTTP/1.1" 200 27
114.85.125.222 - - [05/Oct/2021:09:17:35 +0800] "GET /xingrg/kc/buy/cgsh_order_operate.html?command=get_materiel&rest_code=00150&code=00101008114&supplier_code=00100007&order_time=2021-10-05 HTTP/1.1" 200 412
116.233.78.144 - - [05/Oct/2021:09:17:37 +0800] "GET /xingrg/kc/buy/cgsh_order_operate.html?command=get_materiel&rest_code=00109&code=00101008072&supplier_code=00100005&order_time=2021-10-05 HTTP/1.1" 200 408
114.85.125.222 - - [05/Oct/2021:09:17:40 +0800] "POST /xingrg/kc/buy/cgsh_order_operate.html HTTP/1.1" 200 37
114.85.125.222 - - [05/Oct/2021:09:17:41 +0800] "POST /xingrg/kc/buy/cgsh_order_operate.html HTTP/1.1" 200 37607
180.169.147.146 - - [05/Oct/2021:09:17:42 +0800] "GET /xingrg/all/function/internal_message.html?_=1633396667133&CODE_STATE=getMsg HTTP/1.1" 200 27
116.233.78.144 - - [05/Oct/2021:09:17:42 +0800] "GET /xingrg/kc/buy/cgsh_order_operate.html?command=get_materiel&rest_code=00109&code=00101008155&supplier_code=00100005&order_time=2021-10-05 HTTP/1.1" 200 408
114.83.222.205 - - [05/Oct/2021:09:17:44 +0800] "GET /xingrg/kc/buy/cgsh_order_operate.html?command=get_materiel&rest_code=00149&code=00101010237&supplier_code=00100005&order_time=2021-10-05 HTTP/1.1" 200 432
114.85.125.222 - - [05/Oct/2021:09:17:45 +0800] "GET /xingrg/all/function/internal_message.html?_=1633396630684&CODE_STATE=getMsg HTTP/1.1" 200 27
114.85.125.222 - - [05/Oct/2021:09:17:48 +0800] "GET /xingrg/kc/buy/cgsh_order_operate.html?command=get_materiel&rest_code=00150&code=00101008061&supplier_code=00100007&order_time=2021-10-05 HTTP/1.1" 200 422
116.233.78.144 - - [05/Oct/2021:09:17:48 +0800] "GET /xingrg/kc/buy/cgsh_order_operate.html?command=get_materiel&rest_code=00109&code=00101008351&supplier_code=00100005&order_time=2021-10-05 HTTP/1.1" 200 408
180.169.147.146 - - [05/Oct/2021:09:17:48 +0800] "GET /xingrg/all/function/internal_message.html?_=1633396670448&CODE_STATE=getMsg HTTP/1.1" 200 27
114.83.222.205 - - [05/Oct/2021:09:17:49 +0800] "POST /xingrg/kc/buy/cgsh_order_operate.html HTTP/1.1" 200 2065
222.70.246.151 - - [05/Oct/2021:09:17:49 +0800] "GET /xingrg/check_reg.html?_=1633396677030 HTTP/1.1" 200 22
58.39.139.200 - - [05/Oct/2021:09:17:50 +0800] "GET /xingrg/all/function/internal_message.html?_=1633396672491&CODE_STATE=getMsg HTTP/1.1" 200 27
222.70.246.151 - - [05/Oct/2021:09:17:51 +0800] "GET /xingrg/all/function/internal_message.html?_=1633396678884&CODE_STATE=getMsg HTTP/1.1" 200 27
116.233.78.144 - - [05/Oct/2021:09:17:54 +0800] "GET /xingrg/kc/buy/cgsh_order_operate.html?command=get_materiel&rest_code=00109&code=00101008358&supplier_code=00100005&order_time=2021-10-05 HTTP/1.1" 200 412
114.85.125.222 - - [05/Oct/2021:09:17:55 +0800] "GET /xingrg/kc/buy/cgsh_order_operate.html?command=get_materiel&rest_code=00150&code=00101008095&supplier_code=00100007&order_time=2021-10-05 HTTP/1.1" 200 412
114.83.222.205 - - [05/Oct/2021:09:17:56 +0800] "GET /xingrg/kc/buy/cgsh_order_operate.html?command=get_materiel&rest_code=00149&code=00101008183&supplier_code=00100005&order_time=2021-10-05 HTTP/1.1" 200 413
222.70.178.96 - - [05/Oct/2021:09:17:57 +0800] "GET /xingrg/kc/buy/cgsh_order_operate.html?command=get_materiel&rest_code=00111&code=00101008323&supplier_code=00100005&order_time=2021-10-05 HTTP/1.1" 200 408
116.233.78.144 - - [05/Oct/2021:09:17:59 +0800] "GET /xingrg/kc/buy/cgsh_order_operate.html?command=get_materiel&rest_code=00109&code=00101008199&supplier_code=00100005&order_time=2021-10-05 HTTP/1.1" 200 408
114.83.222.205 - - [05/Oct/2021:09:18:03 +0800] "GET /xingrg/all/function/internal_message.html?_=1633396682947&CODE_STATE=getMsg HTTP/1.1" 200 27
114.85.125.222 - - [05/Oct/2021:09:18:03 +0800] "GET /xingrg/kc/buy/cgsh_order_operate.html?command=get_materiel&rest_code=00150&code=00101008097&supplier_code=00100007&order_time=2021-10-05 HTTP/1.1" 200 408
116.233.78.144 - - [05/Oct/2021:09:18:05 +0800] "GET /xingrg/kc/buy/cgsh_order_operate.html?command=get_materiel&rest_code=00109&code=00101008084&supplier_code=00100005&order_time=2021-10-05 HTTP/1.1" 200 412
222.70.246.151 - - [05/Oct/2021:09:18:12 +0800] "GET /xingrg/all/function/internal_message.html?_=1633396722144&CODE_STATE=getMsg HTTP/1.1" 302 -
116.238.248.233 - - [05/Oct/2021:09:18:12 +0800] "GET /xingrg/check_reg.html?_=1633396693507 HTTP/1.1" 200 22
116.238.248.233 - - [05/Oct/2021:09:18:12 +0800] "GET /xingrg/all/function/internal_message.html?_=1633396693510&CODE_STATE=getMsg HTTP/1.1" 200 27
116.233.78.144 - - [05/Oct/2021:09:18:13 +0800] "GET /xingrg/all/function/internal_message.html?_=1633396696985&CODE_STATE=getMsg HTTP/1.1" 200 27
116.233.78.144 - - [05/Oct/2021:09:18:14 +0800] "GET /xingrg/kc/buy/cgsh_order_operate.html?command=get_materiel&rest_code=00109&code=00101008024&supplier_code=00100005&order_time=2021-10-05 HTTP/1.1" 200 408
114.85.125.222 - - [05/Oct/2021:09:18:14 +0800] "POST /xingrg/kc/buy/cgsh_order_operate.html HTTP/1.1" 200 37
222.70.178.96 - - [05/Oct/2021:09:18:14 +0800] "GET /xingrg/kc/buy/cgsh_order_operate.html?command=get_materiel&rest_code=00111&code=00101008175&supplier_code=00100005&order_time=2021-10-05 HTTP/1.1" 200 23
114.83.222.205 - - [05/Oct/2021:09:18:15 +0800] "GET /xingrg/kc/buy/cgsh_order_operate.html?command=get_materiel&rest_code=00149&code=00101015024&supplier_code=00100005&order_time=2021-10-05 HTTP/1.1" 200 413
222.70.178.96 - - [05/Oct/2021:09:18:17 +0800] "GET /xingrg/check_reg.html?_=1633396696998 HTTP/1.1" 200 22
222.70.178.96 - - [05/Oct/2021:09:18:17 +0800] "GET /xingrg/all/function/internal_message.html?_=1633396697000&CODE_STATE=getMsg HTTP/1.1" 200 27
114.85.125.222 - - [05/Oct/2021:09:18:17 +0800] "POST /xingrg/kc/buy/cgsh_order_operate.html HTTP/1.1" 200 39386
222.70.178.96 - - [05/Oct/2021:09:18:22 +0800] "POST /xingrg/kc/buy/cgsh_order_operate.html HTTP/1.1" 200 37
222.70.178.96 - - [05/Oct/2021:09:18:23 +0800] "POST /xingrg/kc/buy/cgsh_order_operate.html HTTP/1.1" 200 7974
222.70.178.96 - - [05/Oct/2021:09:18:23 +0800] "GET /xingrg/javascript/jquery_easy_ui/themes/default/images/tabs_active.png HTTP/1.1" 200 2894
222.70.178.96 - - [05/Oct/2021:09:18:27 +0800] "GET /xingrg/login.html HTTP/1.1" 200 7641
114.83.222.205 - - [05/Oct/2021:09:18:27 +0800] "GET /xingrg/kc/buy/cgsh_order_operate.html?command=get_materiel&rest_code=00149&code=00101015046&supplier_code=00100005&order_time=2021-10-05 HTTP/1.1" 200 412
222.70.178.96 - - [05/Oct/2021:09:18:27 +0800] "GET /favicon.ico HTTP/1.1" 404 -
222.69.131.205 - - [05/Oct/2021:09:18:28 +0800] "GET /xingrg/login.html HTTP/1.1" 200 7641
222.69.131.205 - - [05/Oct/2021:09:18:28 +0800] "GET /xingrg/images/blue/jxLogo.png HTTP/1.1" 200 6156
222.69.131.205 - - [05/Oct/2021:09:18:28 +0800] "GET /xingrg/images/blue/hj.png HTTP/1.1" 200 1014
222.69.131.205 - - [05/Oct/2021:09:18:28 +0800] "GET /xingrg/images/blue/srbg.png HTTP/1.1" 200 138
222.69.131.205 - - [05/Oct/2021:09:18:28 +0800] "GET /xingrg/images/blue/login_bg.png HTTP/1.1" 200 22101
222.69.131.205 - - [05/Oct/2021:09:18:28 +0800] "GET /favicon.ico HTTP/1.1" 404 -
116.230.105.26 - - [05/Oct/2021:09:18:31 +0800] "GET /xingrg/all/function/internal_message.html?_=1633396699830&CODE_STATE=getMsg HTTP/1.1" 200 27
222.70.178.96 - - [05/Oct/2021:09:18:33 +0800] "POST /xingrg/login.do HTTP/1.1" 302 -
222.70.178.96 - - [05/Oct/2021:09:18:33 +0800] "GET /xingrg/index.html?sysBaseUrl=http%3A%2F%2F180.169.147.146%3A18081%2Fxingrg%2F&costTime=41×tamp=1633396713938 HTTP/1.1" 200 17179
222.70.178.96 - - [05/Oct/2021:09:18:34 +0800] "POST /xingrg/all/common/load_tree.html?tree=area_rest_tree_json&manage=1 HTTP/1.1" 200 723
222.70.178.96 - - [05/Oct/2021:09:18:34 +0800] "GET /xingrg/check_reg.html?_=1633396714396 HTTP/1.1" 200 22
222.70.178.96 - - [05/Oct/2021:09:18:34 +0800] "GET /xingrg/all/function/internal_message.html?_=1633396714395&CODE_STATE=count HTTP/1.1" 200 11
222.70.178.96 - - [05/Oct/2021:09:18:34 +0800] "GET /favicon.ico HTTP/1.1" 404 -
222.70.178.96 - - [05/Oct/2021:09:18:34 +0800] "POST /xingrg/load_menu.html HTTP/1.1" 200 5138
114.83.222.205 - - [05/Oct/2021:09:18:36 +0800] "GET /xingrg/kc/buy/cgsh_order_operate.html?command=get_materiel&rest_code=00149&code=00101015027&supplier_code=00100005&order_time=2021-10-05 HTTP/1.1" 200 417
222.69.131.205 - - [05/Oct/2021:09:18:39 +0800] "POST /xingrg/login.do HTTP/1.1" 302 -
222.69.131.205 - - [05/Oct/2021:09:18:39 +0800] "GET /xingrg/javascript/jquery_easy_ui/themes/icon.css HTTP/1.1" 200 3949
222.69.131.205 - - [05/Oct/2021:09:18:39 +0800] "GET /xingrg/css/form.css HTTP/1.1" 200 893
222.69.131.205 - - [05/Oct/2021:09:18:39 +0800] "GET /xingrg/javascript/jquery-1.4.2.min.js HTTP/1.1" 200 72205
222.69.131.205 - - [05/Oct/2021:09:18:39 +0800] "GET /xingrg/javascript/jquery_easy_ui/jquery.easyui.min.js HTTP/1.1" 200 213662
222.69.131.205 - - [05/Oct/2021:09:18:39 +0800] "GET /xingrg/index.html?sysBaseUrl=http%3A%2F%2F180.169.147.146%3A18081%2Fxingrg%2F&costTime=77×tamp=1633396719424 HTTP/1.1" 200 17179
222.69.131.205 - - [05/Oct/2021:09:18:39 +0800] "GET /xingrg/javascript/jquery_easy_ui/easyui-lang-zh_CN.js HTTP/1.1" 200 1900
222.69.131.205 - - [05/Oct/2021:09:18:39 +0800] "GET /xingrg/javascript/jquery_easy_ui/themes/default/easyui.css HTTP/1.1" 200 26500
222.69.131.205 - - [05/Oct/2021:09:18:39 +0800] "GET /xingrg/javascript/jquery.utils.js HTTP/1.1" 200 11805
222.69.131.205 - - [05/Oct/2021:09:18:39 +0800] "GET /xingrg/javascript/jquery.timers.js HTTP/1.1" 200 3532
222.69.131.205 - - [05/Oct/2021:09:18:39 +0800] "GET /xingrg/javascript/jquery.form.js HTTP/1.1" 200 23110
222.69.131.205 - - [05/Oct/2021:09:18:39 +0800] "GET /favicon.ico HTTP/1.1" 404 -
222.69.131.205 - - [05/Oct/2021:09:18:39 +0800] "GET /xingrg/javascript/jquery_easy_ui/themes/icons/settle_new.png HTTP/1.1" 200 826
222.69.131.205 - - [05/Oct/2021:09:18:39 +0800] "GET /xingrg/images/blue/navBackgound.jpg HTTP/1.1" 200 12378
222.69.131.205 - - [05/Oct/2021:09:18:39 +0800] "POST /xingrg/all/common/load_tree.html?tree=area_rest_tree_json&manage=1 HTTP/1.1" 200 351
222.69.131.205 - - [05/Oct/2021:09:18:39 +0800] "GET /xingrg/all/function/internal_message.html?_=1633396722158&CODE_STATE=count HTTP/1.1" 200 11
222.69.131.205 - - [05/Oct/2021:09:18:39 +0800] "GET /xingrg/check_reg.html?_=1633396722161 HTTP/1.1" 200 22
222.69.131.205 - - [05/Oct/2021:09:18:39 +0800] "GET /xingrg/images/blue/pingpu.png HTTP/1.1" 200 231
