120.253.135.82 - - [04/Oct/2021:09:34:05 +0800] "GET /xingrg/javascript/easyui/themes/icons/check_new.png HTTP/1.1" 304 -
120.253.135.82 - - [04/Oct/2021:09:34:05 +0800] "GET /xingrg/javascript/easyui/themes/icons/uncheck_new.png HTTP/1.1" 304 -
120.253.135.82 - - [04/Oct/2021:09:34:05 +0800] "GET /xingrg/javascript/easyui/themes/icons/cance_new.png HTTP/1.1" 304 -
120.253.135.82 - - [04/Oct/2021:09:34:05 +0800] "GET /xingrg/javascript/easyui/themes/icons/import_new.png HTTP/1.1" 304 -
120.253.135.82 - - [04/Oct/2021:09:34:05 +0800] "GET /xingrg/javascript/easyui/themes/icons/field_new.png HTTP/1.1" 304 -
120.253.135.82 - - [04/Oct/2021:09:34:05 +0800] "GET /xingrg/javascript/easyui/plugins/jquery.parser.js HTTP/1.1" 304 -
120.253.135.82 - - [04/Oct/2021:09:34:05 +0800] "GET /xingrg/images/control/ajaxLoader.gif HTTP/1.1" 304 -
120.253.135.82 - - [04/Oct/2021:09:34:05 +0800] "GET /xingrg/javascript/jquery_easy_ui/themes/icons/area.png HTTP/1.1" 304 -
120.253.135.82 - - [04/Oct/2021:09:34:05 +0800] "GET /xingrg/javascript/jquery_easy_ui/themes/icons/manage.png HTTP/1.1" 304 -
120.253.135.82 - - [04/Oct/2021:09:34:05 +0800] "POST /xingrg/kc/pszx/mdps_list_operate.html HTTP/1.1" 200 5347
58.37.227.186 - - [04/Oct/2021:09:34:05 +0800] "GET /xingrg/all/function/internal_message.html?_=1633311104323&CODE_STATE=getMsg HTTP/1.1" 200 27
120.253.135.82 - - [04/Oct/2021:09:34:06 +0800] "GET /xingrg/javascript/easyui/themes/default/images/button_plain_hover.png HTTP/1.1" 304 -
120.253.135.82 - - [04/Oct/2021:09:34:06 +0800] "GET /xingrg/javascript/easyui/themes/default/images/button_plain_hover.png HTTP/1.1" 304 -
120.253.135.82 - - [04/Oct/2021:09:34:07 +0800] "GET /xingrg/kc/pszx/mdps_order_add.html HTTP/1.1" 200 29111
120.253.135.82 - - [04/Oct/2021:09:34:07 +0800] "GET /xingrg/javascript/jquery_tools/order_manager.js HTTP/1.1" 304 -
120.253.135.82 - - [04/Oct/2021:09:34:07 +0800] "GET /xingrg/javascript/convert.js HTTP/1.1" 304 -
120.253.135.82 - - [04/Oct/2021:09:34:07 +0800] "GET /xingrg/javascript/json2.js HTTP/1.1" 304 -
120.253.135.82 - - [04/Oct/2021:09:34:07 +0800] "GET /xingrg/javascript/print/kc_print.js HTTP/1.1" 304 -
120.253.135.82 - - [04/Oct/2021:09:34:07 +0800] "GET /xingrg/words/20211004090723_words.js HTTP/1.1" 200 854217
120.253.135.82 - - [04/Oct/2021:09:34:07 +0800] "GET /xingrg/javascript/easyui/themes/icons/copy_new.png HTTP/1.1" 304 -
120.253.135.82 - - [04/Oct/2021:09:34:07 +0800] "GET /xingrg/javascript/easyui/themes/default/images/menu_downarrow.png HTTP/1.1" 304 -
120.253.135.82 - - [04/Oct/2021:09:34:07 +0800] "GET /xingrg/javascript/easyui/themes/icons/ok.png HTTP/1.1" 304 -
120.253.135.82 - - [04/Oct/2021:09:34:07 +0800] "GET /xingrg/javascript/easyui/themes/icons/print.png HTTP/1.1" 304 -
120.253.135.82 - - [04/Oct/2021:09:34:07 +0800] "GET /xingrg/javascript/easyui/themes/icons/cancel.png HTTP/1.1" 304 -
120.253.135.82 - - [04/Oct/2021:09:34:08 +0800] "POST /xingrg/kc/pszx/mdps_order_operate.html HTTP/1.1" 200 7126
120.253.135.82 - - [04/Oct/2021:09:34:08 +0800] "GET /xingrg/javascript/easyui/themes/icons/edit_remove.png HTTP/1.1" 304 -
120.253.135.82 - - [04/Oct/2021:09:34:08 +0800] "GET /xingrg/all/common/auto_word.html?type=base&rest_code=00101 HTTP/1.1" 200 613
120.253.135.82 - - [04/Oct/2021:09:34:08 +0800] "GET /xingrg/javascript/easyui/themes/default/validatebox.css HTTP/1.1" 404 1104
120.253.135.82 - - [04/Oct/2021:09:34:08 +0800] "GET /xingrg/javascript/easyui/plugins/jquery.validatebox.js HTTP/1.1" 304 -
120.253.135.82 - - [04/Oct/2021:09:34:08 +0800] "GET /xingrg/javascript/easyui/plugins/jquery.numberbox.js HTTP/1.1" 304 -
120.253.135.82 - - [04/Oct/2021:09:34:08 +0800] "GET /xingrg/javascript/auto/indicator.gif HTTP/1.1" 404 1066
180.169.147.146 - - [04/Oct/2021:09:34:08 +0800] "GET /xingrg/all/function/internal_message.html?_=1633311249630&CODE_STATE=getMsg HTTP/1.1" 200 27
116.230.105.26 - - [04/Oct/2021:09:34:09 +0800] "GET /xingrg/all/function/internal_message.html?_=1633311239030&CODE_STATE=getMsg HTTP/1.1" 200 27
116.230.105.26 - - [04/Oct/2021:09:34:09 +0800] "GET /xingrg/check_reg.html?_=1633311239042 HTTP/1.1" 200 22
116.238.248.233 - - [04/Oct/2021:09:34:11 +0800] "GET /xingrg/all/function/internal_message.html?_=1633311251168&CODE_STATE=getMsg HTTP/1.1" 200 27
120.253.135.82 - - [04/Oct/2021:09:34:13 +0800] "GET /xingrg/css/images/panel_loading.gif HTTP/1.1" 304 -
120.253.135.82 - - [04/Oct/2021:09:34:13 +0800] "POST /xingrg/all/common/load_combo.html?type=base HTTP/1.1" 200 1075
114.86.228.17 - - [04/Oct/2021:09:34:15 +0800] "GET /xingrg/kc/buy/cgsh_order_add.html HTTP/1.1" 200 64657
114.86.228.17 - - [04/Oct/2021:09:34:15 +0800] "POST /xingrg/kc/buy/cgsh_order_operate.html HTTP/1.1" 200 8245
114.86.228.17 - - [04/Oct/2021:09:34:15 +0800] "GET /xingrg/all/common/auto_word.html?type=employee&rest_code=00109 HTTP/1.1" 200 255
114.86.228.17 - - [04/Oct/2021:09:34:15 +0800] "GET /xingrg/all/common/auto_word.html?type=employee&rest_code=00109 HTTP/1.1" 200 255
114.86.228.17 - - [04/Oct/2021:09:34:15 +0800] "GET /xingrg/javascript/easyui/themes/default/validatebox.css HTTP/1.1" 404 1104
120.253.135.82 - - [04/Oct/2021:09:34:21 +0800] "GET /xingrg/kc/pszx/mdps_order_operate.html?command=get_materiel&pszx_code=00101&rest_code=00151&base_code=0010250&code=00102002685 HTTP/1.1" 200 443
114.86.228.17 - - [04/Oct/2021:09:34:23 +0800] "POST /xingrg/kc/buy/cgsh_list_operate.html HTTP/1.1" 200 2381
114.86.228.17 - - [04/Oct/2021:09:34:24 +0800] "GET /xingrg/all/function/internal_message.html?_=1633311265588&CODE_STATE=getMsg HTTP/1.1" 200 27
114.86.228.17 - - [04/Oct/2021:09:34:25 +0800] "GET /xingrg/kc/buy/cgsh_order_add.html HTTP/1.1" 200 64657
114.86.228.17 - - [04/Oct/2021:09:34:25 +0800] "POST /xingrg/kc/buy/cgsh_order_operate.html HTTP/1.1" 200 8245
114.86.228.17 - - [04/Oct/2021:09:34:25 +0800] "GET /xingrg/all/common/auto_word.html?type=employee&rest_code=00109 HTTP/1.1" 200 255
114.86.228.17 - - [04/Oct/2021:09:34:25 +0800] "GET /xingrg/javascript/easyui/themes/default/validatebox.css HTTP/1.1" 404 1104
114.86.228.17 - - [04/Oct/2021:09:34:25 +0800] "GET /xingrg/all/common/auto_word.html?type=employee&rest_code=00109 HTTP/1.1" 200 255
101.83.240.195 - - [04/Oct/2021:09:34:27 +0800] "GET /xingrg/all/function/internal_message.html?_=1633311267427&CODE_STATE=getMsg HTTP/1.1" 200 27
120.253.135.82 - - [04/Oct/2021:09:34:28 +0800] "POST /xingrg/kc/pszx/mdps_order_operate.html HTTP/1.1" 200 37
120.253.135.82 - - [04/Oct/2021:09:34:29 +0800] "GET /xingrg/kc/pszx/mdps_order_info.html?code=312021100400110 HTTP/1.1" 200 23929
120.253.135.82 - - [04/Oct/2021:09:34:29 +0800] "GET /xingrg/javascript/easyui/themes/default/validatebox.css HTTP/1.1" 404 1104
120.253.135.82 - - [04/Oct/2021:09:34:29 +0800] "POST /xingrg/kc/pszx/mdps_order_operate.html HTTP/1.1" 200 2295
120.253.135.82 - - [04/Oct/2021:09:34:31 +0800] "GET /xingrg/kc/print/load_config.html?kc_code=mdps HTTP/1.1" 200 2390
120.253.135.82 - - [04/Oct/2021:09:34:32 +0800] "GET /xingrg/kc/print/load_data.html?order_code=312021100400110&kc_code=mdps&condition= HTTP/1.1" 200 707
114.86.228.17 - - [04/Oct/2021:09:34:34 +0800] "GET /xingrg/kc/buy/cgsh_order_operate.html?command=get_materiel&rest_code=00109&code=00101016105&supplier_code=00100035&order_time=2021-10-04 HTTP/1.1" 200 409
114.86.228.17 - - [04/Oct/2021:09:34:40 +0800] "GET /xingrg/kc/buy/cgsh_order_operate.html?command=get_materiel&rest_code=00109&code=00101012010&supplier_code=00100035&order_time=2021-10-04 HTTP/1.1" 200 409
58.39.139.200 - - [04/Oct/2021:09:34:40 +0800] "GET /xingrg/all/function/internal_message.html?_=1633311281266&CODE_STATE=getMsg HTTP/1.1" 200 27
120.253.135.82 - - [04/Oct/2021:09:34:43 +0800] "GET /xingrg/all/function/internal_message.html?_=1633311055247&CODE_STATE=getMsg HTTP/1.1" 200 27
180.169.147.146 - - [04/Oct/2021:09:34:45 +0800] "GET /xingrg/all/function/internal_message.html?_=1633311333908&CODE_STATE=getMsg HTTP/1.1" 200 27
180.169.147.146 - - [04/Oct/2021:09:34:45 +0800] "GET /xingrg/all/function/internal_message.html?_=1633311286090&CODE_STATE=getMsg HTTP/1.1" 200 27
114.86.228.17 - - [04/Oct/2021:09:34:45 +0800] "GET /xingrg/kc/buy/cgsh_order_operate.html?command=get_materiel&rest_code=00109&code=00101012025&supplier_code=00100035&order_time=2021-10-04 HTTP/1.1" 200 412
222.70.178.96 - - [04/Oct/2021:09:34:49 +0800] "GET /xingrg/all/function/internal_message.html?_=1633311287838&CODE_STATE=getMsg HTTP/1.1" 200 27
114.86.228.17 - - [04/Oct/2021:09:34:51 +0800] "GET /xingrg/kc/buy/cgsh_order_operate.html?command=get_materiel&rest_code=00109&code=00101016080&supplier_code=00100035&order_time=2021-10-04 HTTP/1.1" 200 408
114.85.125.222 - - [04/Oct/2021:09:34:51 +0800] "GET /xingrg/all/function/internal_message.html?_=1633311257638&CODE_STATE=getMsg HTTP/1.1" 200 27
172.20.0.100 - - [04/Oct/2021:09:34:53 +0800] "GET /xingrg/all/function/internal_message.html?_=1633311295034&CODE_STATE=getMsg HTTP/1.1" 200 27
172.20.0.100 - - [04/Oct/2021:09:34:53 +0800] "GET /xingrg/check_reg.html?_=1633311295496 HTTP/1.1" 200 22
222.70.246.151 - - [04/Oct/2021:09:34:56 +0800] "GET /xingrg/all/function/internal_message.html?_=1633311298929&CODE_STATE=getMsg HTTP/1.1" 200 27
114.86.228.17 - - [04/Oct/2021:09:34:58 +0800] "GET /xingrg/kc/buy/cgsh_order_operate.html?command=get_materiel&rest_code=00109&code=00101012051&supplier_code=00100035&order_time=2021-10-04 HTTP/1.1" 200 408
222.70.178.96 - - [04/Oct/2021:09:35:01 +0800] "GET /xingrg/all/function/internal_message.html?_=1633311300283&CODE_STATE=getMsg HTTP/1.1" 200 27
222.70.178.96 - - [04/Oct/2021:09:35:01 +0800] "GET /xingrg/check_reg.html?_=1633311300364 HTTP/1.1" 200 22
172.20.0.100 - - [04/Oct/2021:09:35:01 +0800] "GET /xingrg/all/function/internal_message.html?_=1633311302023&CODE_STATE=getMsg HTTP/1.1" 200 27
114.86.228.17 - - [04/Oct/2021:09:35:04 +0800] "GET /xingrg/kc/buy/cgsh_order_operate.html?command=get_materiel&rest_code=00109&code=00101012003&supplier_code=00100035&order_time=2021-10-04 HTTP/1.1" 200 412
58.37.227.186 - - [04/Oct/2021:09:35:05 +0800] "GET /xingrg/all/function/internal_message.html?_=1633311164322&CODE_STATE=getMsg HTTP/1.1" 200 27
180.169.147.146 - - [04/Oct/2021:09:35:08 +0800] "GET /xingrg/all/function/internal_message.html?_=1633311309627&CODE_STATE=getMsg HTTP/1.1" 200 27
116.230.105.26 - - [04/Oct/2021:09:35:09 +0800] "GET /xingrg/all/function/internal_message.html?_=1633311299038&CODE_STATE=getMsg HTTP/1.1" 200 27
114.86.228.17 - - [04/Oct/2021:09:35:09 +0800] "GET /xingrg/kc/buy/cgsh_order_operate.html?command=get_materiel&rest_code=00109&code=00101012030&supplier_code=00100035&order_time=2021-10-04 HTTP/1.1" 200 416
116.238.248.233 - - [04/Oct/2021:09:35:11 +0800] "GET /xingrg/all/function/internal_message.html?_=1633311311174&CODE_STATE=getMsg HTTP/1.1" 200 27
114.86.228.17 - - [04/Oct/2021:09:35:17 +0800] "POST /xingrg/kc/buy/cgsh_order_operate.html HTTP/1.1" 200 37
114.86.228.17 - - [04/Oct/2021:09:35:20 +0800] "POST /xingrg/kc/buy/cgsh_order_operate.html HTTP/1.1" 200 6199
114.86.228.17 - - [04/Oct/2021:09:35:21 +0800] "GET /xingrg/kc/print/load_config.html?kc_code=cgsh HTTP/1.1" 200 2256
114.86.228.17 - - [04/Oct/2021:09:35:21 +0800] "GET /xingrg/kc/print/load_data.html?order_code=212021100401546&kc_code=cgsh&condition= HTTP/1.1" 200 2024
120.253.135.82 - - [04/Oct/2021:09:35:24 +0800] "POST /xingrg/kc/pszx/mdps_order_operate.html HTTP/1.1" 200 37
120.253.135.82 - - [04/Oct/2021:09:35:24 +0800] "GET /xingrg/kc/pszx/mdps_order_info.html?code=312021100400110 HTTP/1.1" 200 23929
120.253.135.82 - - [04/Oct/2021:09:35:25 +0800] "GET /xingrg/javascript/easyui/themes/default/validatebox.css HTTP/1.1" 404 1104
120.253.135.82 - - [04/Oct/2021:09:35:25 +0800] "POST /xingrg/kc/pszx/mdps_order_operate.html HTTP/1.1" 200 2295
114.86.228.17 - - [04/Oct/2021:09:35:25 +0800] "GET /xingrg/all/function/internal_message.html?_=1633311326438&CODE_STATE=getMsg HTTP/1.1" 200 27
101.83.240.195 - - [04/Oct/2021:09:35:27 +0800] "GET /xingrg/all/function/internal_message.html?_=1633311327426&CODE_STATE=getMsg HTTP/1.1" 200 27
120.253.135.82 - - [04/Oct/2021:09:35:36 +0800] "POST /xingrg/kc/pszx/mdps_order_operate.html HTTP/1.1" 200 37
120.253.135.82 - - [04/Oct/2021:09:35:37 +0800] "POST /xingrg/kc/pszx/mdps_order_operate.html HTTP/1.1" 200 12
58.39.139.200 - - [04/Oct/2021:09:35:40 +0800] "GET /xingrg/all/function/internal_message.html?_=1633311341245&CODE_STATE=getMsg HTTP/1.1" 200 27
58.39.139.200 - - [04/Oct/2021:09:35:41 +0800] "GET /xingrg/check_reg.html?_=1633311342266 HTTP/1.1" 200 22
180.169.147.146 - - [04/Oct/2021:09:35:45 +0800] "GET /xingrg/all/function/internal_message.html?_=1633311393914&CODE_STATE=getMsg HTTP/1.1" 200 27
180.169.147.146 - - [04/Oct/2021:09:35:45 +0800] "GET /xingrg/all/function/internal_message.html?_=1633311346094&CODE_STATE=getMsg HTTP/1.1" 200 27
120.253.135.82 - - [04/Oct/2021:09:35:49 +0800] "GET /xingrg/kc/pszx/mdps_order_info.html?code=312021100400110 HTTP/1.1" 200 19589
222.70.178.96 - - [04/Oct/2021:09:35:49 +0800] "GET /xingrg/all/function/internal_message.html?_=1633311347823&CODE_STATE=getMsg HTTP/1.1" 200 27
120.253.135.82 - - [04/Oct/2021:09:35:49 +0800] "POST /xingrg/kc/pszx/mdps_order_operate.html HTTP/1.1" 200 516
120.253.135.82 - - [04/Oct/2021:09:35:49 +0800] "GET /xingrg/javascript/easyui/themes/default/validatebox.css HTTP/1.1" 404 1104
120.253.135.82 - - [04/Oct/2021:09:35:50 +0800] "GET /xingrg/all/function/internal_message.html?_=1633311122062&CODE_STATE=getMsg HTTP/1.1" 200 27
114.85.125.222 - - [04/Oct/2021:09:35:51 +0800] "GET /xingrg/check_reg.html?_=1633311317435 HTTP/1.1" 200 22
114.85.125.222 - - [04/Oct/2021:09:35:51 +0800] "GET /xingrg/all/function/internal_message.html?_=1633311317668&CODE_STATE=getMsg HTTP/1.1" 200 27
172.20.0.100 - - [04/Oct/2021:09:35:53 +0800] "GET /xingrg/all/function/internal_message.html?_=1633311355027&CODE_STATE=getMsg HTTP/1.1" 200 27
222.70.246.151 - - [04/Oct/2021:09:35:56 +0800] "GET /xingrg/all/function/internal_message.html?_=1633311359017&CODE_STATE=getMsg HTTP/1.1" 200 27
222.70.178.96 - - [04/Oct/2021:09:36:01 +0800] "GET /xingrg/all/function/internal_message.html?_=1633311360255&CODE_STATE=getMsg HTTP/1.1" 200 27
172.20.0.100 - - [04/Oct/2021:09:36:01 +0800] "GET /xingrg/all/function/internal_message.html?_=1633311361993&CODE_STATE=getMsg HTTP/1.1" 200 27
58.37.227.186 - - [04/Oct/2021:09:36:05 +0800] "GET /xingrg/all/function/internal_message.html?_=1633311224348&CODE_STATE=getMsg HTTP/1.1" 200 27
58.37.227.186 - - [04/Oct/2021:09:36:05 +0800] "GET /xingrg/check_reg.html?_=1633311224349 HTTP/1.1" 200 22
180.169.147.146 - - [04/Oct/2021:09:36:08 +0800] "GET /xingrg/check_reg.html?_=1633311369624 HTTP/1.1" 200 22
180.169.147.146 - - [04/Oct/2021:09:36:08 +0800] "GET /xingrg/all/function/internal_message.html?_=1633311369627&CODE_STATE=getMsg HTTP/1.1" 200 27
116.230.105.26 - - [04/Oct/2021:09:36:09 +0800] "GET /xingrg/all/function/internal_message.html?_=1633311359037&CODE_STATE=getMsg HTTP/1.1" 200 27
116.238.248.233 - - [04/Oct/2021:09:36:11 +0800] "GET /xingrg/all/function/internal_message.html?_=1633311371175&CODE_STATE=getMsg HTTP/1.1" 200 27
120.253.135.82 - - [04/Oct/2021:09:36:18 +0800] "POST /xingrg/kc/pszx/mdps_list_operate.html HTTP/1.1" 200 3179
120.253.135.82 - - [04/Oct/2021:09:36:20 +0800] "POST /xingrg/kc/pszx/mdps_list_operate.html HTTP/1.1" 200 359
120.253.135.82 - - [04/Oct/2021:09:36:21 +0800] "GET /xingrg/kc/pszx/mdps_order_info.html?code=312021100300094 HTTP/1.1" 200 23931
120.253.135.82 - - [04/Oct/2021:09:36:21 +0800] "GET /xingrg/javascript/easyui/themes/default/validatebox.css HTTP/1.1" 404 1104
120.253.135.82 - - [04/Oct/2021:09:36:21 +0800] "POST /xingrg/kc/pszx/mdps_order_operate.html HTTP/1.1" 200 3250
114.86.228.17 - - [04/Oct/2021:09:36:24 +0800] "GET /xingrg/all/function/internal_message.html?_=1633311385593&CODE_STATE=getMsg HTTP/1.1" 200 27
114.86.228.17 - - [04/Oct/2021:09:36:24 +0800] "GET /xingrg/check_reg.html?_=1633311385595 HTTP/1.1" 200 22
101.83.240.195 - - [04/Oct/2021:09:36:27 +0800] "GET /xingrg/all/function/internal_message.html?_=1633311387426&CODE_STATE=getMsg HTTP/1.1" 200 27
180.169.147.146 - - [04/Oct/2021:09:36:37 +0800] "GET /xingrg/check_reg.html?_=1633311388638 HTTP/1.1" 302 -
180.169.147.146 - - [04/Oct/2021:09:36:37 +0800] "GET /xingrg/all/function/internal_message.html?_=1633311388551&CODE_STATE=getMsg HTTP/1.1" 302 -
180.169.147.146 - - [04/Oct/2021:09:36:37 +0800] "GET /xingrg/login.html HTTP/1.1" 200 7641
180.169.147.146 - - [04/Oct/2021:09:36:37 +0800] "GET /xingrg/login.html HTTP/1.1" 200 7641
58.39.139.200 - - [04/Oct/2021:09:36:40 +0800] "GET /xingrg/all/function/internal_message.html?_=1633311401220&CODE_STATE=getMsg HTTP/1.1" 200 27
180.169.147.146 - - [04/Oct/2021:09:36:45 +0800] "GET /xingrg/all/function/internal_message.html?_=1633311453916&CODE_STATE=getMsg HTTP/1.1" 200 27
180.169.147.146 - - [04/Oct/2021:09:36:45 +0800] "GET /xingrg/all/function/internal_message.html?_=1633311406103&CODE_STATE=getMsg HTTP/1.1" 200 27
222.70.178.96 - - [04/Oct/2021:09:36:49 +0800] "GET /xingrg/check_reg.html?_=1633311407809 HTTP/1.1" 200 22
222.70.178.96 - - [04/Oct/2021:09:36:49 +0800] "GET /xingrg/all/function/internal_message.html?_=1633311407811&CODE_STATE=getMsg HTTP/1.1" 200 27
120.253.135.82 - - [04/Oct/2021:09:36:50 +0800] "GET /xingrg/all/function/internal_message.html?_=1633311182076&CODE_STATE=getMsg HTTP/1.1" 200 27
114.85.125.222 - - [04/Oct/2021:09:36:51 +0800] "GET /xingrg/all/function/internal_message.html?_=1633311377682&CODE_STATE=getMsg HTTP/1.1" 200 27
172.20.0.100 - - [04/Oct/2021:09:36:53 +0800] "GET /xingrg/all/function/internal_message.html?_=1633311415009&CODE_STATE=getMsg HTTP/1.1" 200 27
222.70.246.151 - - [04/Oct/2021:09:36:56 +0800] "GET /xingrg/all/function/internal_message.html?_=1633311419018&CODE_STATE=getMsg HTTP/1.1" 200 27
180.169.147.146 - - [04/Oct/2021:09:36:57 +0800] "GET /xingrg/kc/report/report_main.html HTTP/1.1" 200 7345
180.169.147.146 - - [04/Oct/2021:09:36:58 +0800] "GET /xingrg/kc/base/crk_hz.html HTTP/1.1" 200 11247
180.169.147.146 - - [04/Oct/2021:09:36:58 +0800] "POST /xingrg/kc/cost/cost_operate.html?command=get_base_tree HTTP/1.1" 200 2450
180.169.147.146 - - [04/Oct/2021:09:36:58 +0800] "POST /xingrg/all/common/load_tree.html?tree=materiel_sort_tree_json HTTP/1.1" 200 8912
180.169.147.146 - - [04/Oct/2021:09:37:01 +0800] "GET /xingrg/all/common/get_data_part.html?part=previousMonth&_=1633311470343 HTTP/1.1" 200 41
222.70.178.96 - - [04/Oct/2021:09:37:01 +0800] "GET /xingrg/all/function/internal_message.html?_=1633311420239&CODE_STATE=getMsg HTTP/1.1" 200 27
172.20.0.100 - - [04/Oct/2021:09:37:01 +0800] "GET /xingrg/all/function/internal_message.html?_=1633311421967&CODE_STATE=getMsg HTTP/1.1" 200 27
58.37.227.186 - - [04/Oct/2021:09:37:05 +0800] "GET /xingrg/all/function/internal_message.html?_=1633311284347&CODE_STATE=getMsg HTTP/1.1" 200 27
180.169.147.146 - - [04/Oct/2021:09:37:08 +0800] "GET /xingrg/all/function/internal_message.html?_=1633311429629&CODE_STATE=getMsg HTTP/1.1" 200 27
116.230.105.26 - - [04/Oct/2021:09:37:09 +0800] "GET /xingrg/all/function/internal_message.html?_=1633311419028&CODE_STATE=getMsg HTTP/1.1" 200 27
116.238.248.233 - - [04/Oct/2021:09:37:11 +0800] "GET /xingrg/all/function/internal_message.html?_=1633311431175&CODE_STATE=getMsg HTTP/1.1" 200 27
180.169.147.146 - - [04/Oct/2021:09:37:16 +0800] "GET /xingrg/kc/base/crk_hz.html?_=1633311485723&command=get_cost_id&end_date=2021-09-30&start_date=2021-09-01 HTTP/1.1" 200 51
180.169.147.146 - - [04/Oct/2021:09:37:17 +0800] "GET /xingrg/all/report/report_query.html?isQuery=1&onlyBody=1&rh=99999&rw=1800&varString=start:20210901,cost_id:3318,mid:20210901&fileName=kc/base/crk_hz_type_by_base.xml&queryString=%20a.base_code%20in%20('0010283','0010285','0010286','0010290','0010306')%20&queryText=ÈÕÆÚ£º2021-09-01ÖÁ2021-09-30%20²Ö¿â£ºÊ³Æ·²Ö¿â,Ñ౫³á¿â,ÏãÑÌ¿â,¾ÆË®¿â,ÎïÁϲֿâ&tableQueryString=materiel_table$sp1$$sp$before_table$sp1$$sp$crk_table$sp1$order_day%20between%2020210901%20and%2020210930 HTTP/1.1" 200 49465
180.169.147.146 - - [04/Oct/2021:09:37:17 +0800] "GET /xingrg/dwr/interface/AjaxReportQueryService.js HTTP/1.1" 200 13203
180.169.147.146 - - [04/Oct/2021:09:37:17 +0800] "GET /xingrg/dwr/engine.js HTTP/1.1" 200 43631
180.169.147.146 - - [04/Oct/2021:09:37:18 +0800] "POST /xingrg/all/report/load_report_page.html HTTP/1.1" 200 191202
180.169.147.146 - - [04/Oct/2021:09:37:18 +0800] "GET /xingrg/servlets/image?cache=0.21077099990443338&image=px HTTP/1.1" 200 807
114.86.228.17 - - [04/Oct/2021:09:37:24 +0800] "GET /xingrg/all/function/internal_message.html?_=1633311445595&CODE_STATE=getMsg HTTP/1.1" 200 27
120.253.135.82 - - [04/Oct/2021:09:37:26 +0800] "POST /xingrg/kc/pszx/mdps_order_operate.html HTTP/1.1" 200 37
101.83.240.195 - - [04/Oct/2021:09:37:27 +0800] "GET /xingrg/all/function/internal_message.html?_=1633311447426&CODE_STATE=getMsg HTTP/1.1" 200 27
120.253.135.82 - - [04/Oct/2021:09:37:28 +0800] "GET /xingrg/kc/pszx/mdps_order_info.html?code=312021100300094 HTTP/1.1" 200 23931
120.253.135.82 - - [04/Oct/2021:09:37:28 +0800] "POST /xingrg/kc/pszx/mdps_order_operate.html HTTP/1.1" 200 2767
120.253.135.82 - - [04/Oct/2021:09:37:28 +0800] "GET /xingrg/javascript/easyui/themes/default/validatebox.css HTTP/1.1" 404 1104
120.253.135.82 - - [04/Oct/2021:09:37:29 +0800] "GET /xingrg/javascript/jquery_tools/images/prev.gif HTTP/1.1" 404 1086
120.253.135.82 - - [04/Oct/2021:09:37:29 +0800] "GET /xingrg/javascript/jquery_tools/images/next.gif HTTP/1.1" 404 1086
120.253.135.82 - - [04/Oct/2021:09:37:33 +0800] "POST /xingrg/kc/pszx/mdps_order_operate.html HTTP/1.1" 200 37
120.253.135.82 - - [04/Oct/2021:09:37:34 +0800] "GET /xingrg/kc/pszx/mdps_order_info.html?code=312021100300094 HTTP/1.1" 200 23931
180.169.147.146 - - [04/Oct/2021:09:37:34 +0800] "GET /xingrg/all/function/internal_message.html?_=1633311448528&CODE_STATE=getMsg HTTP/1.1" 302 -
120.253.135.82 - - [04/Oct/2021:09:37:34 +0800] "GET /xingrg/javascript/easyui/themes/default/validatebox.css HTTP/1.1" 404 1104
120.253.135.82 - - [04/Oct/2021:09:37:34 +0800] "POST /xingrg/kc/pszx/mdps_order_operate.html HTTP/1.1" 200 2767
120.253.135.82 - - [04/Oct/2021:09:37:39 +0800] "POST /xingrg/kc/pszx/mdps_order_operate.html HTTP/1.1" 200 37
120.253.135.82 - - [04/Oct/2021:09:37:39 +0800] "GET /xingrg/kc/pszx/mdps_order_info.html?code=312021100300094 HTTP/1.1" 200 23931
120.253.135.82 - - [04/Oct/2021:09:37:40 +0800] "POST /xingrg/kc/pszx/mdps_order_operate.html HTTP/1.1" 200 2767
120.253.135.82 - - [04/Oct/2021:09:37:40 +0800] "GET /xingrg/javascript/easyui/themes/default/validatebox.css HTTP/1.1" 404 1104
58.39.139.200 - - [04/Oct/2021:09:37:40 +0800] "GET /xingrg/all/function/internal_message.html?_=1633311461189&CODE_STATE=getMsg HTTP/1.1" 200 27
120.253.135.82 - - [04/Oct/2021:09:37:42 +0800] "GET /xingrg/kc/print/load_data.html?order_code=312021100300094&kc_code=mdps&condition= HTTP/1.1" 200 911
180.169.147.146 - - [04/Oct/2021:09:37:45 +0800] "GET /xingrg/all/function/internal_message.html?_=1633311513926&CODE_STATE=getMsg HTTP/1.1" 200 27
180.169.147.146 - - [04/Oct/2021:09:37:45 +0800] "GET /xingrg/check_reg.html?_=1633311466092 HTTP/1.1" 200 22
180.169.147.146 - - [04/Oct/2021:09:37:45 +0800] "GET /xingrg/all/function/internal_message.html?_=1633311466096&CODE_STATE=getMsg HTTP/1.1" 200 27
180.152.237.0 - - [04/Oct/2021:09:37:46 +0800] "GET /xingrg/login.html HTTP/1.1" 200 7641
180.152.237.0 - - [04/Oct/2021:09:37:47 +0800] "GET /xingrg/images/blue/jxLogo.png HTTP/1.1" 304 -
180.152.237.0 - - [04/Oct/2021:09:37:47 +0800] "GET /xingrg/images/blue/login_bg.png HTTP/1.1" 304 -
180.152.237.0 - - [04/Oct/2021:09:37:47 +0800] "GET /xingrg/images/blue/hj.png HTTP/1.1" 304 -
180.152.237.0 - - [04/Oct/2021:09:37:47 +0800] "GET /xingrg/images/blue/srbg.png HTTP/1.1" 304 -
180.152.237.0 - - [04/Oct/2021:09:37:47 +0800] "GET /favicon.ico HTTP/1.1" 404 -
222.70.178.96 - - [04/Oct/2021:09:37:49 +0800] "GET /xingrg/all/function/internal_message.html?_=1633311467796&CODE_STATE=getMsg HTTP/1.1" 200 27
120.253.135.82 - - [04/Oct/2021:09:37:50 +0800] "GET /xingrg/all/function/internal_message.html?_=1633311242090&CODE_STATE=getMsg HTTP/1.1" 200 27
114.85.125.222 - - [04/Oct/2021:09:37:51 +0800] "GET /xingrg/all/function/internal_message.html?_=1633311437695&CODE_STATE=getMsg HTTP/1.1" 200 27
172.20.0.100 - - [04/Oct/2021:09:37:53 +0800] "GET /xingrg/all/function/internal_message.html?_=1633311474989&CODE_STATE=getMsg HTTP/1.1" 200 27
180.152.237.0 - - [04/Oct/2021:09:37:54 +0800] "POST /xingrg/login.do HTTP/1.1" 302 -
180.152.237.0 - - [04/Oct/2021:09:37:54 +0800] "GET /xingrg/javascript/jquery_easy_ui/themes/default/easyui.css HTTP/1.1" 304 -
180.152.237.0 - - [04/Oct/2021:09:37:54 +0800] "GET /xingrg/javascript/jquery_easy_ui/themes/icon.css HTTP/1.1" 304 -
180.152.237.0 - - [04/Oct/2021:09:37:54 +0800] "GET /xingrg/css/form.css HTTP/1.1" 304 -
180.152.237.0 - - [04/Oct/2021:09:37:54 +0800] "GET /xingrg/index.html?sysBaseUrl=http%3A%2F%2F180.169.147.146%3A18081%2Fxingrg%2F&costTime=41×tamp=1633311474774 HTTP/1.1" 200 17173
180.152.237.0 - - [04/Oct/2021:09:37:54 +0800] "GET /xingrg/javascript/jquery_easy_ui/jquery.easyui.min.js HTTP/1.1" 304 -
180.152.237.0 - - [04/Oct/2021:09:37:54 +0800] "GET /xingrg/javascript/jquery-1.4.2.min.js HTTP/1.1" 304 -
180.152.237.0 - - [04/Oct/2021:09:37:54 +0800] "GET /xingrg/javascript/jquery.form.js HTTP/1.1" 304 -
180.152.237.0 - - [04/Oct/2021:09:37:54 +0800] "GET /xingrg/javascript/jquery_easy_ui/easyui-lang-zh_CN.js HTTP/1.1" 304 -
180.152.237.0 - - [04/Oct/2021:09:37:54 +0800] "GET /xingrg/javascript/jquery.utils.js HTTP/1.1" 304 -
180.152.237.0 - - [04/Oct/2021:09:37:54 +0800] "GET /xingrg/javascript/jquery.timers.js HTTP/1.1" 304 -
180.152.237.0 - - [04/Oct/2021:09:37:54 +0800] "GET /xingrg/images/blue/navBackgound.jpg HTTP/1.1" 304 -
180.152.237.0 - - [04/Oct/2021:09:37:54 +0800] "GET /xingrg/javascript/jquery_easy_ui/themes/icons/settle_new.png HTTP/1.1" 304 -
180.152.237.0 - - [04/Oct/2021:09:37:55 +0800] "GET /xingrg/images/blue/pingpu.png HTTP/1.1" 304 -
180.152.237.0 - - [04/Oct/2021:09:37:55 +0800] "POST /xingrg/all/common/load_tree.html?tree=area_rest_tree_json&manage=1 HTTP/1.1" 200 342
180.152.237.0 - - [04/Oct/2021:09:37:55 +0800] "GET /xingrg/javascript/jquery_easy_ui/themes/default/images/tabs_leftarrow.png HTTP/1.1" 304 -
180.152.237.0 - - [04/Oct/2021:09:37:55 +0800] "GET /xingrg/javascript/jquery_easy_ui/themes/default/images/tabs_rightarrow.png HTTP/1.1" 304 -
180.152.237.0 - - [04/Oct/2021:09:37:55 +0800] "GET /xingrg/javascript/jquery_easy_ui/themes/default/images/panel_tool_collapse.gif HTTP/1.1" 304 -
180.152.237.0 - - [04/Oct/2021:09:37:55 +0800] "GET /xingrg/all/function/internal_message.html?_=1633311456980&CODE_STATE=count HTTP/1.1" 200 11
180.152.237.0 - - [04/Oct/2021:09:37:55 +0800] "GET /xingrg/check_reg.html?_=1633311456983 HTTP/1.1" 200 22
180.152.237.0 - - [04/Oct/2021:09:37:55 +0800] "GET /favicon.ico HTTP/1.1" 404 -
180.152.237.0 - - [04/Oct/2021:09:37:55 +0800] "POST /xingrg/load_menu.html HTTP/1.1" 200 5138
180.152.237.0 - - [04/Oct/2021:09:37:55 +0800] "GET /xingrg/javascript/jquery_easy_ui/themes/default/images/tree_arrows.gif HTTP/1.1" 304 -
180.152.237.0 - - [04/Oct/2021:09:37:55 +0800] "GET /xingrg/javascript/jquery_easy_ui/themes/default/images/tree_folder_open.gif HTTP/1.1" 304 -
180.152.237.0 - - [04/Oct/2021:09:37:55 +0800] "GET /xingrg/javascript/jquery_easy_ui/themes/icons/search_new.png HTTP/1.1" 304 -
180.152.237.0 - - [04/Oct/2021:09:37:55 +0800] "GET /xingrg/javascript/jquery_easy_ui/themes/default/images/tree_folder.gif HTTP/1.1" 304 -
180.152.237.0 - - [04/Oct/2021:09:37:55 +0800] "GET /xingrg/javascript/jquery_easy_ui/themes/icons/storage_new.png HTTP/1.1" 304 -
180.152.237.0 - - [04/Oct/2021:09:37:55 +0800] "GET /xingrg/javascript/jquery_easy_ui/themes/icons/forms_new.png HTTP/1.1" 304 -
180.152.237.0 - - [04/Oct/2021:09:37:55 +0800] "GET /xingrg/javascript/jquery_easy_ui/themes/default/images/tree_file.gif HTTP/1.1" 304 -
222.70.246.151 - - [04/Oct/2021:09:37:56 +0800] "GET /xingrg/all/function/internal_message.html?_=1633311479122&CODE_STATE=getMsg HTTP/1.1" 200 27
180.152.237.0 - - [04/Oct/2021:09:37:58 +0800] "GET /xingrg/javascript/jquery_easy_ui/themes/default/images/tabs_close.gif HTTP/1.1" 304 -
180.152.237.0 - - [04/Oct/2021:09:37:58 +0800] "GET /xingrg/css/base.css HTTP/1.1" 304 -
180.152.237.0 - - [04/Oct/2021:09:37:58 +0800] "GET /xingrg/css/site.css HTTP/1.1" 304 -
180.152.237.0 - - [04/Oct/2021:09:37:58 +0800] "GET /xingrg/javascript/jquery_tools/datebox.css HTTP/1.1" 304 -
180.152.237.0 - - [04/Oct/2021:09:37:58 +0800] "GET /xingrg/javascript/easyui/themes/default/easyui.css HTTP/1.1" 304 -
180.152.237.0 - - [04/Oct/2021:09:37:58 +0800] "GET /xingrg/javascript/easyui/themes/icon.css HTTP/1.1" 304 -
180.152.237.0 - - [04/Oct/2021:09:37:58 +0800] "GET /xingrg/javascript/auto/jquery.autocomplete.css HTTP/1.1" 304 -
180.152.237.0 - - [04/Oct/2021:09:37:58 +0800] "GET /xingrg/javascript/jquery_tools/fix.css HTTP/1.1" 304 -
180.152.237.0 - - [04/Oct/2021:09:37:58 +0800] "GET /xingrg/javascript/jquery_tools/table.css HTTP/1.1" 304 -
180.152.237.0 - - [04/Oct/2021:09:37:58 +0800] "GET /xingrg/javascript/jquery_tools/jquery.tools.min.js HTTP/1.1" 304 -
180.152.237.0 - - [04/Oct/2021:09:37:58 +0800] "GET /xingrg/javascript/jquery_tools/jquery.tools.extend.js HTTP/1.1" 304 -
180.152.237.0 - - [04/Oct/2021:09:37:58 +0800] "GET /xingrg/javascript/jquery_tools/jquery.tools.hotkey.js HTTP/1.1" 304 -
180.152.237.0 - - [04/Oct/2021:09:37:58 +0800] "GET /xingrg/javascript/jquery_tools/list_manager.js HTTP/1.1" 304 -
180.152.237.0 - - [04/Oct/2021:09:37:58 +0800] "GET /xingrg/javascript/auto/jquery.autocomplete.js HTTP/1.1" 304 -
180.152.237.0 - - [04/Oct/2021:09:37:58 +0800] "GET /xingrg/javascript/easyui/easyloader.js HTTP/1.1" 304 -
180.152.237.0 - - [04/Oct/2021:09:37:59 +0800] "GET /xingrg/javascript/print/LodopFuncs.js HTTP/1.1" 304 -
180.152.237.0 - - [04/Oct/2021:09:37:59 +0800] "GET /xingrg/javascript/jquery.cookie.js HTTP/1.1" 304 -
180.152.237.0 - - [04/Oct/2021:09:37:59 +0800] "GET /xingrg/kc/buy/cgsh_order_list.html HTTP/1.1" 200 48878
180.152.237.0 - - [04/Oct/2021:09:37:59 +0800] "GET /xingrg/javascript/jquery_tools/jquery.tools.table.js HTTP/1.1" 304 -
180.152.237.0 - - [04/Oct/2021:09:37:59 +0800] "GET /xingrg/javascript/easyui/themes/icons/edit_add_new.png HTTP/1.1" 304 -
180.152.237.0 - - [04/Oct/2021:09:37:59 +0800] "GET /xingrg/javascript/easyui/themes/icons/cance_new.png HTTP/1.1" 304 -
180.152.237.0 - - [04/Oct/2021:09:37:59 +0800] "GET /xingrg/javascript/easyui/themes/icons/check_new.png HTTP/1.1" 304 -
180.152.237.0 - - [04/Oct/2021:09:37:59 +0800] "GET /xingrg/javascript/easyui/themes/icons/field_new.png HTTP/1.1" 304 -
180.152.237.0 - - [04/Oct/2021:09:37:59 +0800] "GET /xingrg/javascript/easyui/themes/icons/import_new.png HTTP/1.1" 304 -
180.152.237.0 - - [04/Oct/2021:09:37:59 +0800] "GET /xingrg/javascript/easyui/plugins/jquery.parser.js HTTP/1.1" 304 -
180.152.237.0 - - [04/Oct/2021:09:37:59 +0800] "GET /xingrg/images/control/ajaxLoader.gif HTTP/1.1" 304 -
180.152.237.0 - - [04/Oct/2021:09:37:59 +0800] "GET /xingrg/javascript/jquery_easy_ui/themes/icons/area.png HTTP/1.1" 304 -
180.152.237.0 - - [04/Oct/2021:09:37:59 +0800] "GET /xingrg/javascript/jquery_easy_ui/themes/icons/rest.png HTTP/1.1" 304 -
180.152.237.0 - - [04/Oct/2021:09:38:01 +0800] "POST /xingrg/kc/buy/cgsh_list_operate.html HTTP/1.1" 200 1666
222.70.178.96 - - [04/Oct/2021:09:38:01 +0800] "GET /xingrg/all/function/internal_message.html?_=1633311480224&CODE_STATE=getMsg HTTP/1.1" 200 27
172.20.0.100 - - [04/Oct/2021:09:38:01 +0800] "GET /xingrg/all/function/internal_message.html?_=1633311481941&CODE_STATE=getMsg HTTP/1.1" 200 27
180.152.237.0 - - [04/Oct/2021:09:38:04 +0800] "POST /xingrg/kc/buy/cgsh_list_operate.html HTTP/1.1" 200 587
58.37.227.186 - - [04/Oct/2021:09:38:05 +0800] "GET /xingrg/all/function/internal_message.html?_=1633311344346&CODE_STATE=getMsg HTTP/1.1" 200 27
180.169.147.146 - - [04/Oct/2021:09:38:08 +0800] "GET /xingrg/all/function/internal_message.html?_=1633311489625&CODE_STATE=getMsg HTTP/1.1" 200 27
116.230.105.26 - - [04/Oct/2021:09:38:09 +0800] "GET /xingrg/all/function/internal_message.html?_=1633311479032&CODE_STATE=getMsg HTTP/1.1" 200 27
116.238.248.233 - - [04/Oct/2021:09:38:11 +0800] "GET /xingrg/all/function/internal_message.html?_=1633311491174&CODE_STATE=getMsg HTTP/1.1" 200 27
116.238.248.233 - - [04/Oct/2021:09:38:11 +0800] "GET /xingrg/check_reg.html?_=1633311491178 HTTP/1.1" 200 22
180.169.147.146 - - [04/Oct/2021:09:38:11 +0800] "POST /xingrg/kc/buy/cgsh_list_operate.html HTTP/1.1" 302 -
180.169.147.146 - - [04/Oct/2021:09:38:11 +0800] "GET /xingrg/kc/buy/images/blue/login_bg.png HTTP/1.1" 404 1070
180.169.147.146 - - [04/Oct/2021:09:38:11 +0800] "GET /xingrg/kc/buy/images/blue/hj.png HTTP/1.1" 404 1058
180.169.147.146 - - [04/Oct/2021:09:38:11 +0800] "GET /xingrg/kc/buy/images/blue/srbg.png HTTP/1.1" 404 1062
222.70.178.96 - - [04/Oct/2021:09:38:13 +0800] "GET /xingrg/kc/buy/cgsh_order_add.html HTTP/1.1" 200 64610
180.169.147.146 - - [04/Oct/2021:09:38:13 +0800] "GET /xingrg/kc/buy/buy_main.html HTTP/1.1" 302 -
180.169.147.146 - - [04/Oct/2021:09:38:13 +0800] "GET /xingrg/login.html HTTP/1.1" 200 7641
180.169.147.146 - - [04/Oct/2021:09:38:13 +0800] "GET /xingrg/login.html HTTP/1.1" 200 7641
222.70.178.96 - - [04/Oct/2021:09:38:13 +0800] "POST /xingrg/kc/buy/cgsh_order_operate.html HTTP/1.1" 200 8245
222.70.178.96 - - [04/Oct/2021:09:38:13 +0800] "GET /xingrg/javascript/easyui/themes/default/validatebox.css HTTP/1.1" 404 1104
222.70.178.96 - - [04/Oct/2021:09:38:15 +0800] "GET /xingrg/javascript/easyui/themes/default/tree.css HTTP/1.1" 404 1090
222.70.178.96 - - [04/Oct/2021:09:38:15 +0800] "POST /xingrg/all/common/load_tree.html?tree=supplier_tree_json&isDelete=1 HTTP/1.1" 200 60042
180.169.147.146 - - [04/Oct/2021:09:38:15 +0800] "GET /favicon.ico HTTP/1.1" 404 -
180.152.237.0 - - [04/Oct/2021:09:38:16 +0800] "GET /xingrg/javascript/jquery_tools/order_manager.js HTTP/1.1" 304 -
180.152.237.0 - - [04/Oct/2021:09:38:16 +0800] "GET /xingrg/javascript/pic_change.js HTTP/1.1" 304 -
180.152.237.0 - - [04/Oct/2021:09:38:16 +0800] "GET /xingrg/javascript/json2.js HTTP/1.1" 304 -
180.152.237.0 - - [04/Oct/2021:09:38:16 +0800] "GET /xingrg/javascript/convert.js HTTP/1.1" 304 -
180.152.237.0 - - [04/Oct/2021:09:38:16 +0800] "GET /xingrg/javascript/print/kc_print.js HTTP/1.1" 304 -
180.152.237.0 - - [04/Oct/2021:09:38:16 +0800] "GET /xingrg/kc/buy/cgsh_order_info.html?code=212021100401537 HTTP/1.1" 200 64574
180.152.237.0 - - [04/Oct/2021:09:38:16 +0800] "GET /xingrg/words/20211004090723_words.js HTTP/1.1" 304 -
180.152.237.0 - - [04/Oct/2021:09:38:16 +0800] "GET /xingrg/javascript/easyui/themes/icons/copy_new.png HTTP/1.1" 304 -
180.152.237.0 - - [04/Oct/2021:09:38:16 +0800] "GET /xingrg/javascript/easyui/themes/icons/ok.png HTTP/1.1" 304 -
180.152.237.0 - - [04/Oct/2021:09:38:16 +0800] "GET /xingrg/javascript/easyui/themes/icons/print.png HTTP/1.1" 304 -
180.152.237.0 - - [04/Oct/2021:09:38:16 +0800] "GET /xingrg/javascript/easyui/themes/icons/template_new.png HTTP/1.1" 304 -
180.152.237.0 - - [04/Oct/2021:09:38:16 +0800] "GET /xingrg/javascript/easyui/themes/default/images/menu_downarrow.png HTTP/1.1" 304 -
180.152.237.0 - - [04/Oct/2021:09:38:16 +0800] "GET /xingrg/javascript/easyui/themes/icons/cancel.png HTTP/1.1" 304 -
180.152.237.0 - - [04/Oct/2021:09:38:17 +0800] "GET /xingrg/all/common/auto_word.html?type=employee&rest_code=00102 HTTP/1.1" 200 189
180.152.237.0 - - [04/Oct/2021:09:38:17 +0800] "GET /xingrg/all/common/auto_word.html?type=employee&rest_code=00102 HTTP/1.1" 200 189
180.152.237.0 - - [04/Oct/2021:09:38:17 +0800] "GET /xingrg/javascript/easyui/themes/default/validatebox.css HTTP/1.1" 404 1104
180.152.237.0 - - [04/Oct/2021:09:38:17 +0800] "GET /xingrg/javascript/easyui/plugins/jquery.validatebox.js HTTP/1.1" 304 -
180.152.237.0 - - [04/Oct/2021:09:38:17 +0800] "GET /xingrg/javascript/easyui/plugins/jquery.numberbox.js HTTP/1.1" 304 -
180.152.237.0 - - [04/Oct/2021:09:38:17 +0800] "POST /xingrg/kc/buy/cgsh_order_operate.html HTTP/1.1" 200 10434
180.152.237.0 - - [04/Oct/2021:09:38:17 +0800] "GET /xingrg/javascript/easyui/themes/icons/edit_remove.png HTTP/1.1" 304 -
172.20.0.100 - - [04/Oct/2021:09:38:18 +0800] "GET /xingrg/check_reg.html?_=1633311498570 HTTP/1.1" 200 22
180.169.147.146 - - [04/Oct/2021:09:38:18 +0800] "POST /xingrg/login.do HTTP/1.1" 302 -
180.169.147.146 - - [04/Oct/2021:09:38:18 +0800] "GET /xingrg/index.html?sysBaseUrl=http%3A%2F%2F180.169.147.146%3A18081%2Fxingrg%2F&costTime=42×tamp=1633311498964 HTTP/1.1" 200 17179
180.169.147.146 - - [04/Oct/2021:09:38:19 +0800] "GET /favicon.ico HTTP/1.1" 404 -
180.169.147.146 - - [04/Oct/2021:09:38:19 +0800] "POST /xingrg/all/common/load_tree.html?tree=area_rest_tree_json&manage=1 HTTP/1.1" 200 351
180.169.147.146 - - [04/Oct/2021:09:38:19 +0800] "GET /xingrg/all/function/internal_message.html?_=1633311493323&CODE_STATE=count HTTP/1.1" 200 11
180.169.147.146 - - [04/Oct/2021:09:38:19 +0800] "GET /xingrg/check_reg.html?_=1633311493324 HTTP/1.1" 200 22
180.169.147.146 - - [04/Oct/2021:09:38:19 +0800] "POST /xingrg/load_menu.html HTTP/1.1" 200 5138
114.86.228.17 - - [04/Oct/2021:09:38:24 +0800] "GET /xingrg/all/function/internal_message.html?_=1633311505598&CODE_STATE=getMsg HTTP/1.1" 200 27
58.39.139.200 - - [04/Oct/2021:09:38:26 +0800] "POST /xingrg/kc/buy/cgsh_order_operate.html HTTP/1.1" 200 37
58.39.139.200 - - [04/Oct/2021:09:38:27 +0800] "POST /xingrg/kc/buy/cgsh_order_operate.html HTTP/1.1" 200 45246
101.83.240.195 - - [04/Oct/2021:09:38:27 +0800] "GET /xingrg/check_reg.html?_=1633311507425 HTTP/1.1" 200 22
101.83.240.195 - - [04/Oct/2021:09:38:27 +0800] "GET /xingrg/all/function/internal_message.html?_=1633311507428&CODE_STATE=getMsg HTTP/1.1" 200 27
222.70.246.151 - - [04/Oct/2021:09:38:28 +0800] "GET /xingrg/check_reg.html?_=1633311510777 HTTP/1.1" 200 22
58.39.139.200 - - [04/Oct/2021:09:38:28 +0800] "GET /xingrg/kc/print/load_data.html?order_code=212021100401527&kc_code=cgsh&condition= HTTP/1.1" 200 16740
222.70.178.96 - - [04/Oct/2021:09:38:34 +0800] "GET /xingrg/kc/buy/cgsh_order_operate.html?command=get_materiel&rest_code=00111&code=00101001010&supplier_code=00100042&order_time=2021-10-04 HTTP/1.1" 200 409
180.152.237.0 - - [04/Oct/2021:09:38:34 +0800] "GET /xingrg/javascript/auto/indicator.gif HTTP/1.1" 404 1066
120.253.135.82 - - [04/Oct/2021:09:38:35 +0800] "POST /xingrg/kc/pszx/mdps_order_operate.html HTTP/1.1" 200 37
120.253.135.82 - - [04/Oct/2021:09:38:36 +0800] "GET /xingrg/kc/pszx/mdps_order_info.html?code=312021100300094 HTTP/1.1" 200 23931
120.253.135.82 - - [04/Oct/2021:09:38:36 +0800] "POST /xingrg/kc/pszx/mdps_order_operate.html HTTP/1.1" 200 2767
120.253.135.82 - - [04/Oct/2021:09:38:36 +0800] "GET /xingrg/javascript/easyui/themes/default/validatebox.css HTTP/1.1" 404 1104
120.253.135.82 - - [04/Oct/2021:09:38:39 +0800] "POST /xingrg/kc/pszx/mdps_list_operate.html HTTP/1.1" 200 3179
180.152.237.0 - - [04/Oct/2021:09:38:39 +0800] "GET /xingrg/kc/buy/cgsh_order_operate.html?command=get_materiel&rest_code=00102&code=00101007048&supplier_code=00100096&order_time=2021-10-04 HTTP/1.1" 200 408
58.39.139.200 - - [04/Oct/2021:09:38:39 +0800] "GET /xingrg/kc/buy/cgsh_order_add.html HTTP/1.1" 200 64663
58.39.139.200 - - [04/Oct/2021:09:38:40 +0800] "POST /xingrg/kc/buy/cgsh_order_operate.html HTTP/1.1" 200 8245
58.39.139.200 - - [04/Oct/2021:09:38:40 +0800] "GET /xingrg/javascript/easyui/themes/default/validatebox.css HTTP/1.1" 404 1104
58.39.139.200 - - [04/Oct/2021:09:38:40 +0800] "GET /xingrg/all/function/internal_message.html?_=1633311521182&CODE_STATE=getMsg HTTP/1.1" 200 27
120.253.135.82 - - [04/Oct/2021:09:38:43 +0800] "GET /xingrg/check_reg.html?_=1633311295241 HTTP/1.1" 200 22
180.169.147.146 - - [04/Oct/2021:09:38:45 +0800] "GET /xingrg/all/function/internal_message.html?_=1633311573931&CODE_STATE=getMsg HTTP/1.1" 200 27
180.169.147.146 - - [04/Oct/2021:09:38:45 +0800] "GET /xingrg/check_reg.html?_=1633311573935 HTTP/1.1" 200 22
180.169.147.146 - - [04/Oct/2021:09:38:45 +0800] "GET /xingrg/all/function/internal_message.html?_=1633311526101&CODE_STATE=getMsg HTTP/1.1" 200 27
120.253.135.82 - - [04/Oct/2021:09:38:46 +0800] "POST /xingrg/kc/pszx/mdps_list_operate.html HTTP/1.1" 200 4598
222.70.178.96 - - [04/Oct/2021:09:38:49 +0800] "GET /xingrg/all/function/internal_message.html?_=1633311527807&CODE_STATE=getMsg HTTP/1.1" 200 27
120.253.135.82 - - [04/Oct/2021:09:38:50 +0800] "GET /xingrg/all/function/internal_message.html?_=1633311302103&CODE_STATE=getMsg HTTP/1.1" 200 27
114.85.125.222 - - [04/Oct/2021:09:38:51 +0800] "GET /xingrg/all/function/internal_message.html?_=1633311497726&CODE_STATE=getMsg HTTP/1.1" 200 27
58.39.139.200 - - [04/Oct/2021:09:38:52 +0800] "GET /xingrg/kc/buy/cgsh_order_operate.html?command=get_materiel&rest_code=00105&code=00101002027&supplier_code=00100397&order_time=2021-10-04 HTTP/1.1" 200 413
172.20.0.100 - - [04/Oct/2021:09:38:53 +0800] "GET /xingrg/all/function/internal_message.html?_=1633311534988&CODE_STATE=getMsg HTTP/1.1" 200 27
120.253.135.82 - - [04/Oct/2021:09:38:53 +0800] "POST /xingrg/kc/pszx/mdps_list_operate.html HTTP/1.1" 200 205
180.152.237.0 - - [04/Oct/2021:09:38:55 +0800] "GET /xingrg/all/function/internal_message.html?_=1633311516987&CODE_STATE=getMsg HTTP/1.1" 200 27
120.253.135.82 - - [04/Oct/2021:09:38:55 +0800] "GET /xingrg/kc/pszx/mdps_order_info.html?code=312021100300099 HTTP/1.1" 200 23925
120.253.135.82 - - [04/Oct/2021:09:38:55 +0800] "GET /xingrg/javascript/easyui/themes/default/validatebox.css HTTP/1.1" 404 1104
120.253.135.82 - - [04/Oct/2021:09:38:55 +0800] "POST /xingrg/kc/pszx/mdps_order_operate.html HTTP/1.1" 200 2280
222.70.246.151 - - [04/Oct/2021:09:38:56 +0800] "GET /xingrg/all/function/internal_message.html?_=1633311539123&CODE_STATE=getMsg HTTP/1.1" 200 27
180.169.147.146 - - [04/Oct/2021:09:38:59 +0800] "GET /xingrg/kc/buy/buy_main.html HTTP/1.1" 200 12412
180.169.147.146 - - [04/Oct/2021:09:38:59 +0800] "GET /xingrg/css/new_ie.css HTTP/1.1" 404 1036
180.169.147.146 - - [04/Oct/2021:09:39:00 +0800] "GET /xingrg/images/yd/bt.gif HTTP/1.1" 404 1040
222.70.178.96 - - [04/Oct/2021:09:39:01 +0800] "GET /xingrg/all/function/internal_message.html?_=1633311540206&CODE_STATE=getMsg HTTP/1.1" 200 27
172.20.0.100 - - [04/Oct/2021:09:39:01 +0800] "GET /xingrg/all/function/internal_message.html?_=1633311541916&CODE_STATE=getMsg HTTP/1.1" 200 27
222.70.178.96 - - [04/Oct/2021:09:39:02 +0800] "GET /xingrg/kc/buy/cgsh_order_operate.html?command=get_materiel&rest_code=00111&code=00101010161&supplier_code=00100042&order_time=2021-10-04 HTTP/1.1" 200 409
180.169.147.146 - - [04/Oct/2021:09:39:03 +0800] "GET /xingrg/kc/buy/cgsh_order_list.html HTTP/1.1" 200 48884
180.169.147.146 - - [04/Oct/2021:09:39:05 +0800] "POST /xingrg/kc/buy/cgsh_list_operate.html HTTP/1.1" 200 5187
58.37.227.186 - - [04/Oct/2021:09:39:05 +0800] "GET /xingrg/all/function/internal_message.html?_=1633311404345&CODE_STATE=getMsg HTTP/1.1" 200 27
180.169.147.146 - - [04/Oct/2021:09:39:08 +0800] "GET /xingrg/all/function/internal_message.html?_=1633311549627&CODE_STATE=getMsg HTTP/1.1" 200 27
116.230.105.26 - - [04/Oct/2021:09:39:09 +0800] "GET /xingrg/all/function/internal_message.html?_=1633311539022&CODE_STATE=getMsg HTTP/1.1" 200 27
116.230.105.26 - - [04/Oct/2021:09:39:09 +0800] "GET /xingrg/check_reg.html?_=1633311539026 HTTP/1.1" 200 22
116.238.248.233 - - [04/Oct/2021:09:39:11 +0800] "GET /xingrg/all/function/internal_message.html?_=1633311551180&CODE_STATE=getMsg HTTP/1.1" 200 27
58.39.139.200 - - [04/Oct/2021:09:39:14 +0800] "GET /xingrg/kc/buy/cgsh_order_operate.html?command=get_materiel&rest_code=00105&code=00101001010&supplier_code=00100397&order_time=2021-10-04 HTTP/1.1" 200 409
120.253.135.82 - - [04/Oct/2021:09:39:15 +0800] "POST /xingrg/kc/pszx/mdps_order_operate.html HTTP/1.1" 200 37
120.253.135.82 - - [04/Oct/2021:09:39:16 +0800] "GET /xingrg/kc/pszx/mdps_order_info.html?code=312021100300099 HTTP/1.1" 200 23925
120.253.135.82 - - [04/Oct/2021:09:39:16 +0800] "GET /xingrg/javascript/easyui/themes/default/validatebox.css HTTP/1.1" 404 1104
120.253.135.82 - - [04/Oct/2021:09:39:16 +0800] "POST /xingrg/kc/pszx/mdps_order_operate.html HTTP/1.1" 200 2281
180.169.147.146 - - [04/Oct/2021:09:39:19 +0800] "GET /xingrg/all/function/internal_message.html?_=1633311553331&CODE_STATE=getMsg HTTP/1.1" 200 27
222.70.178.96 - - [04/Oct/2021:09:39:21 +0800] "GET /xingrg/kc/buy/cgsh_order_operate.html?command=get_materiel&rest_code=00111&code=00101005037&supplier_code=00100042&order_time=2021-10-04 HTTP/1.1" 200 409
114.86.228.17 - - [04/Oct/2021:09:39:24 +0800] "GET /xingrg/all/function/internal_message.html?_=1633311565604&CODE_STATE=getMsg HTTP/1.1" 200 27
58.37.227.186 - - [04/Oct/2021:09:39:25 +0800] "GET /xingrg/kc/buy/buy_main.html HTTP/1.1" 200 12412
58.37.227.186 - - [04/Oct/2021:09:39:25 +0800] "GET /xingrg/css/new_ie.css HTTP/1.1" 404 1036
58.37.227.186 - - [04/Oct/2021:09:39:26 +0800] "GET /xingrg/images/yd/bt.gif HTTP/1.1" 404 1040
58.37.227.186 - - [04/Oct/2021:09:39:26 +0800] "GET /xingrg/kc/buy/cgsh_order_list.html HTTP/1.1" 200 48884
120.253.135.82 - - [04/Oct/2021:09:39:27 +0800] "POST /xingrg/kc/pszx/mdps_order_operate.html HTTP/1.1" 200 37
58.37.227.186 - - [04/Oct/2021:09:39:27 +0800] "POST /xingrg/kc/buy/cgsh_list_operate.html HTTP/1.1" 200 876
101.83.240.195 - - [04/Oct/2021:09:39:27 +0800] "GET /xingrg/all/function/internal_message.html?_=1633311567448&CODE_STATE=getMsg HTTP/1.1" 200 27
120.253.135.82 - - [04/Oct/2021:09:39:29 +0800] "GET /xingrg/kc/pszx/mdps_order_info.html?code=312021100300099 HTTP/1.1" 200 23925
222.70.178.96 - - [04/Oct/2021:09:39:29 +0800] "GET /xingrg/kc/buy/cgsh_order_operate.html?command=get_materiel&rest_code=00111&code=00101003025&supplier_code=00100042&order_time=2021-10-04 HTTP/1.1" 200 409
120.253.135.82 - - [04/Oct/2021:09:39:30 +0800] "GET /xingrg/javascript/easyui/themes/default/validatebox.css HTTP/1.1" 404 1104
120.253.135.82 - - [04/Oct/2021:09:39:30 +0800] "POST /xingrg/kc/pszx/mdps_order_operate.html HTTP/1.1" 200 2281
58.37.227.186 - - [04/Oct/2021:09:39:30 +0800] "GET /xingrg/javascript/jquery_tools/images/next.gif HTTP/1.1" 404 1086
58.37.227.186 - - [04/Oct/2021:09:39:30 +0800] "GET /xingrg/javascript/jquery_tools/images/prev.gif HTTP/1.1" 404 1086
120.253.135.82 - - [04/Oct/2021:09:39:32 +0800] "GET /xingrg/kc/print/load_data.html?order_code=312021100300099&kc_code=mdps&condition= HTTP/1.1" 200 672
180.169.147.146 - - [04/Oct/2021:09:39:32 +0800] "GET /xingrg/css/new_ie.css HTTP/1.1" 404 1036
180.169.147.146 - - [04/Oct/2021:09:39:32 +0800] "GET /favicon.ico HTTP/1.1" 404 -
180.169.147.146 - - [04/Oct/2021:09:39:34 +0800] "POST /xingrg/login.do HTTP/1.1" 302 -
180.169.147.146 - - [04/Oct/2021:09:39:34 +0800] "GET /xingrg/index.html?sysBaseUrl=http%3A%2F%2F180.169.147.146%3A18081%2Fxingrg%2F&costTime=39×tamp=1633311574177 HTTP/1.1" 200 17179
180.169.147.146 - - [04/Oct/2021:09:39:34 +0800] "POST /xingrg/all/common/load_tree.html?tree=area_rest_tree_json&manage=1 HTTP/1.1" 200 351
180.169.147.146 - - [04/Oct/2021:09:39:34 +0800] "GET /xingrg/all/function/internal_message.html?_=1633311568620&CODE_STATE=count HTTP/1.1" 200 11
180.169.147.146 - - [04/Oct/2021:09:39:34 +0800] "GET /xingrg/check_reg.html?_=1633311568621 HTTP/1.1" 200 22
180.169.147.146 - - [04/Oct/2021:09:39:34 +0800] "GET /favicon.ico HTTP/1.1" 404 -
180.169.147.146 - - [04/Oct/2021:09:39:34 +0800] "POST /xingrg/load_menu.html HTTP/1.1" 200 5138
180.169.147.146 - - [04/Oct/2021:09:39:36 +0800] "GET /xingrg/kc/buy/buy_main.html HTTP/1.1" 200 12412
180.169.147.146 - - [04/Oct/2021:09:39:36 +0800] "GET /xingrg/css/new_ie.css HTTP/1.1" 404 1036
180.169.147.146 - - [04/Oct/2021:09:39:37 +0800] "GET /xingrg/images/yd/bt.gif HTTP/1.1" 404 1040
180.169.147.146 - - [04/Oct/2021:09:39:38 +0800] "GET /xingrg/kc/buy/cgsh_order_list.html HTTP/1.1" 200 48884
58.39.139.200 - - [04/Oct/2021:09:39:38 +0800] "POST /xingrg/kc/buy/cgsh_order_operate.html HTTP/1.1" 200 37
58.37.227.186 - - [04/Oct/2021:09:39:40 +0800] "GET /xingrg/javascript/auto/indicator.gif HTTP/1.1" 404 1066
222.70.178.96 - - [04/Oct/2021:09:39:40 +0800] "POST /xingrg/kc/buy/cgsh_order_operate.html HTTP/1.1" 200 37
58.39.139.200 - - [04/Oct/2021:09:39:40 +0800] "POST /xingrg/kc/buy/cgsh_order_operate.html HTTP/1.1" 200 4432
58.39.139.200 - - [04/Oct/2021:09:39:40 +0800] "GET /xingrg/all/function/internal_message.html?_=1633311581152&CODE_STATE=getMsg HTTP/1.1" 200 27
58.39.139.200 - - [04/Oct/2021:09:39:41 +0800] "GET /xingrg/kc/print/load_data.html?order_code=212021100401547&kc_code=cgsh&condition= HTTP/1.1" 200 1347
180.169.147.146 - - [04/Oct/2021:09:39:41 +0800] "POST /xingrg/kc/buy/cgsh_list_operate.html HTTP/1.1" 200 5187
222.70.178.96 - - [04/Oct/2021:09:39:41 +0800] "POST /xingrg/kc/buy/cgsh_order_operate.html HTTP/1.1" 200 5007
180.169.147.146 - - [04/Oct/2021:09:39:45 +0800] "GET /xingrg/all/function/internal_message.html?_=1633311633921&CODE_STATE=getMsg HTTP/1.1" 200 27
180.169.147.146 - - [04/Oct/2021:09:39:45 +0800] "GET /xingrg/all/function/internal_message.html?_=1633311586089&CODE_STATE=getMsg HTTP/1.1" 200 27
222.70.178.96 - - [04/Oct/2021:09:39:45 +0800] "GET /xingrg/kc/print/load_data.html?order_code=212021100401548&kc_code=cgsh&condition= HTTP/1.1" 200 1582
58.37.227.186 - - [04/Oct/2021:09:39:47 +0800] "POST /xingrg/kc/buy/cgsh_list_operate.html HTTP/1.1" 200 5526
58.39.139.200 - - [04/Oct/2021:09:39:48 +0800] "GET /xingrg/kc/buy/cgsh_order_add.html HTTP/1.1" 200 64663
58.39.139.200 - - [04/Oct/2021:09:39:49 +0800] "POST /xingrg/kc/buy/cgsh_order_operate.html HTTP/1.1" 200 8245
