222.70.246.151 - - [04/Oct/2021:09:50:50 +0800] "GET /xingrg/kc/buy/cgsh_order_operate.html?command=get_materiel&rest_code=00146&code=00101008067&supplier_code=00100005&order_time=2021-10-04 HTTP/1.1" 200 416
120.253.135.82 - - [04/Oct/2021:09:50:50 +0800] "GET /xingrg/all/function/internal_message.html?_=1633312022415&CODE_STATE=getMsg HTTP/1.1" 200 27
114.85.125.222 - - [04/Oct/2021:09:50:51 +0800] "GET /xingrg/check_reg.html?_=1633312217502 HTTP/1.1" 200 22
114.85.125.222 - - [04/Oct/2021:09:50:52 +0800] "GET /xingrg/all/function/internal_message.html?_=1633312217934&CODE_STATE=getMsg HTTP/1.1" 200 27
172.20.0.100 - - [04/Oct/2021:09:50:52 +0800] "GET /xingrg/all/function/internal_message.html?_=1633312254805&CODE_STATE=getMsg HTTP/1.1" 200 27
180.152.237.0 - - [04/Oct/2021:09:50:55 +0800] "GET /xingrg/all/function/internal_message.html?_=1633312237343&CODE_STATE=getMsg HTTP/1.1" 200 27
58.37.227.186 - - [04/Oct/2021:09:50:55 +0800] "GET /xingrg/kc/buy/cgsh_order_operate.html?command=get_materiel&rest_code=00141&code=00101016025&supplier_code=00100036&order_time=2021-10-04 HTTP/1.1" 200 408
222.70.246.151 - - [04/Oct/2021:09:50:57 +0800] "GET /xingrg/all/function/internal_message.html?_=1633312259583&CODE_STATE=getMsg HTTP/1.1" 200 27
222.70.178.96 - - [04/Oct/2021:09:51:01 +0800] "GET /xingrg/all/function/internal_message.html?_=1633312259939&CODE_STATE=getMsg HTTP/1.1" 200 27
172.20.0.100 - - [04/Oct/2021:09:51:01 +0800] "GET /xingrg/all/function/internal_message.html?_=1633312261613&CODE_STATE=getMsg HTTP/1.1" 200 27
58.37.227.186 - - [04/Oct/2021:09:51:03 +0800] "GET /xingrg/kc/buy/cgsh_order_operate.html?command=get_materiel&rest_code=00141&code=00101010092&supplier_code=00100036&order_time=2021-10-04 HTTP/1.1" 200 450
222.70.246.151 - - [04/Oct/2021:09:51:05 +0800] "GET /xingrg/kc/buy/cgsh_order_operate.html?command=get_materiel&rest_code=00146&code=00101008321&supplier_code=00100005&order_time=2021-10-04 HTTP/1.1" 200 412
58.37.227.186 - - [04/Oct/2021:09:51:05 +0800] "GET /xingrg/check_reg.html?_=1633312124386 HTTP/1.1" 200 22
58.37.227.186 - - [04/Oct/2021:09:51:06 +0800] "GET /xingrg/all/function/internal_message.html?_=1633312124894&CODE_STATE=getMsg HTTP/1.1" 200 27
180.169.147.146 - - [04/Oct/2021:09:51:08 +0800] "GET /xingrg/check_reg.html?_=1633312269639 HTTP/1.1" 200 22
180.169.147.146 - - [04/Oct/2021:09:51:08 +0800] "GET /xingrg/all/function/internal_message.html?_=1633312269640&CODE_STATE=getMsg HTTP/1.1" 200 27
116.230.105.26 - - [04/Oct/2021:09:51:09 +0800] "GET /xingrg/all/function/internal_message.html?_=1633312259024&CODE_STATE=getMsg HTTP/1.1" 200 27
116.238.248.233 - - [04/Oct/2021:09:51:11 +0800] "GET /xingrg/all/function/internal_message.html?_=1633312271200&CODE_STATE=getMsg HTTP/1.1" 200 27
58.37.227.186 - - [04/Oct/2021:09:51:12 +0800] "GET /xingrg/kc/buy/cgsh_order_operate.html?command=get_materiel&rest_code=00141&code=00101016010&supplier_code=00100036&order_time=2021-10-04 HTTP/1.1" 200 408
222.70.246.151 - - [04/Oct/2021:09:51:17 +0800] "GET /xingrg/kc/buy/cgsh_order_operate.html?command=get_materiel&rest_code=00146&code=00101008270&supplier_code=00100005&order_time=2021-10-04 HTTP/1.1" 200 412
58.37.227.186 - - [04/Oct/2021:09:51:19 +0800] "GET /xingrg/kc/buy/cgsh_order_operate.html?command=get_materiel&rest_code=00141&code=00101016071&supplier_code=00100036&order_time=2021-10-04 HTTP/1.1" 200 416
114.86.228.17 - - [04/Oct/2021:09:51:24 +0800] "GET /xingrg/all/function/internal_message.html?_=1633312285626&CODE_STATE=getMsg HTTP/1.1" 200 27
114.86.228.17 - - [04/Oct/2021:09:51:24 +0800] "GET /xingrg/check_reg.html?_=1633312285627 HTTP/1.1" 200 22
101.83.240.195 - - [04/Oct/2021:09:51:27 +0800] "GET /xingrg/all/function/internal_message.html?_=1633312287481&CODE_STATE=getMsg HTTP/1.1" 200 27
58.37.227.186 - - [04/Oct/2021:09:51:30 +0800] "GET /xingrg/kc/buy/cgsh_order_operate.html?command=get_materiel&rest_code=00141&code=00101012044&supplier_code=00100036&order_time=2021-10-04 HTTP/1.1" 200 409
222.70.246.151 - - [04/Oct/2021:09:51:32 +0800] "GET /xingrg/kc/buy/cgsh_order_operate.html?command=get_materiel&rest_code=00146&code=00101008175&supplier_code=00100005&order_time=2021-10-04 HTTP/1.1" 200 412
58.37.227.186 - - [04/Oct/2021:09:51:38 +0800] "GET /xingrg/kc/buy/cgsh_order_operate.html?command=get_materiel&rest_code=00141&code=00101020057&supplier_code=00100036&order_time=2021-10-04 HTTP/1.1" 200 409
58.39.139.200 - - [04/Oct/2021:09:51:40 +0800] "GET /xingrg/all/function/internal_message.html?_=1633312300871&CODE_STATE=getMsg HTTP/1.1" 200 27
58.37.227.186 - - [04/Oct/2021:09:51:45 +0800] "GET /xingrg/kc/buy/cgsh_order_operate.html?command=get_materiel&rest_code=00141&code=00101012026&supplier_code=00100036&order_time=2021-10-04 HTTP/1.1" 200 408
180.169.147.146 - - [04/Oct/2021:09:51:45 +0800] "GET /xingrg/all/function/internal_message.html?_=1633312353922&CODE_STATE=getMsg HTTP/1.1" 200 27
180.169.147.146 - - [04/Oct/2021:09:51:45 +0800] "GET /xingrg/all/function/internal_message.html?_=1633312306089&CODE_STATE=getMsg HTTP/1.1" 200 27
222.70.178.96 - - [04/Oct/2021:09:51:49 +0800] "GET /xingrg/all/function/internal_message.html?_=1633312307580&CODE_STATE=getMsg HTTP/1.1" 200 27
222.70.178.96 - - [04/Oct/2021:09:51:49 +0800] "GET /xingrg/check_reg.html?_=1633312307832 HTTP/1.1" 200 22
222.70.246.151 - - [04/Oct/2021:09:51:50 +0800] "GET /xingrg/kc/buy/cgsh_order_operate.html?command=get_materiel&rest_code=00146&code=00101008027&supplier_code=00100005&order_time=2021-10-04 HTTP/1.1" 200 409
120.253.135.82 - - [04/Oct/2021:09:51:50 +0800] "GET /xingrg/all/function/internal_message.html?_=1633312082420&CODE_STATE=getMsg HTTP/1.1" 200 27
114.85.125.222 - - [04/Oct/2021:09:51:52 +0800] "GET /xingrg/all/function/internal_message.html?_=1633312277948&CODE_STATE=getMsg HTTP/1.1" 200 27
172.20.0.100 - - [04/Oct/2021:09:51:52 +0800] "GET /xingrg/all/function/internal_message.html?_=1633312314778&CODE_STATE=getMsg HTTP/1.1" 200 27
180.152.237.0 - - [04/Oct/2021:09:51:55 +0800] "GET /xingrg/all/function/internal_message.html?_=1633312297351&CODE_STATE=getMsg HTTP/1.1" 200 27
222.70.246.151 - - [04/Oct/2021:09:51:57 +0800] "GET /xingrg/all/function/internal_message.html?_=1633312319596&CODE_STATE=getMsg HTTP/1.1" 200 27
180.169.147.146 - - [04/Oct/2021:09:51:59 +0800] "POST /xingrg/kc/buy/cgsh_list_operate.html HTTP/1.1" 200 5187
222.70.246.151 - - [04/Oct/2021:09:52:00 +0800] "GET /xingrg/kc/buy/cgsh_order_operate.html?command=get_materiel&rest_code=00146&code=00101008132&supplier_code=00100005&order_time=2021-10-04 HTTP/1.1" 200 408
222.70.178.96 - - [04/Oct/2021:09:52:01 +0800] "GET /xingrg/all/function/internal_message.html?_=1633312319923&CODE_STATE=getMsg HTTP/1.1" 200 27
172.20.0.100 - - [04/Oct/2021:09:52:01 +0800] "GET /xingrg/all/function/internal_message.html?_=1633312321582&CODE_STATE=getMsg HTTP/1.1" 200 27
58.37.227.186 - - [04/Oct/2021:09:52:04 +0800] "POST /xingrg/kc/buy/cgsh_order_operate.html HTTP/1.1" 200 37
114.86.228.17 - - [04/Oct/2021:09:52:04 +0800] "POST /xingrg/services/DataTransmitService HTTP/1.1" 200 524
114.86.228.17 - - [04/Oct/2021:09:52:05 +0800] "POST /xingrg/services/DataTransmitService HTTP/1.1" 200 501
114.86.228.17 - - [04/Oct/2021:09:52:05 +0800] "POST /xingrg/services/DataTransmitService HTTP/1.1" 200 501
114.86.228.17 - - [04/Oct/2021:09:52:05 +0800] "POST /xingrg/services/DataTransmitService HTTP/1.1" 200 501
114.86.228.17 - - [04/Oct/2021:09:52:06 +0800] "POST /xingrg/services/DataTransmitService HTTP/1.1" 200 501
58.37.227.186 - - [04/Oct/2021:09:52:06 +0800] "GET /xingrg/all/function/internal_message.html?_=1633312184869&CODE_STATE=getMsg HTTP/1.1" 200 27
114.86.228.17 - - [04/Oct/2021:09:52:06 +0800] "POST /xingrg/services/DataTransmitService HTTP/1.1" 200 501
58.37.227.186 - - [04/Oct/2021:09:52:07 +0800] "POST /xingrg/kc/buy/cgsh_order_operate.html HTTP/1.1" 200 12
120.253.135.82 - - [04/Oct/2021:09:52:07 +0800] "GET /xingrg/kc/report/report_main.html HTTP/1.1" 200 9370
120.253.135.82 - - [04/Oct/2021:09:52:07 +0800] "GET /xingrg/javascript/jquery_ui/themes/humanity/humanity.css HTTP/1.1" 304 -
58.37.227.186 - - [04/Oct/2021:09:52:08 +0800] "GET /xingrg/kc/buy/cgsh_order_info.html?code=212021100401552 HTTP/1.1" 200 59533
114.86.228.17 - - [04/Oct/2021:09:52:08 +0800] "POST /xingrg/services/DataTransmitService HTTP/1.1" 200 412
58.37.227.186 - - [04/Oct/2021:09:52:08 +0800] "GET /xingrg/javascript/easyui/themes/default/validatebox.css HTTP/1.1" 404 1104
180.169.147.146 - - [04/Oct/2021:09:52:08 +0800] "GET /xingrg/all/function/internal_message.html?_=1633312329633&CODE_STATE=getMsg HTTP/1.1" 200 27
116.230.105.26 - - [04/Oct/2021:09:52:09 +0800] "GET /xingrg/all/function/internal_message.html?_=1633312319031&CODE_STATE=getMsg HTTP/1.1" 200 27
58.37.227.186 - - [04/Oct/2021:09:52:09 +0800] "POST /xingrg/kc/buy/cgsh_order_operate.html HTTP/1.1" 200 5929
120.253.135.82 - - [04/Oct/2021:09:52:09 +0800] "GET /xingrg/kc/base/kc_stocks.html HTTP/1.1" 200 16437
120.253.135.82 - - [04/Oct/2021:09:52:09 +0800] "GET /xingrg/javascript/easyui/themes/sunny/easyui.css HTTP/1.1" 304 -
180.169.147.146 - - [04/Oct/2021:09:52:09 +0800] "POST /xingrg/kc/buy/cgsh_list_operate.html HTTP/1.1" 200 4460
120.253.135.82 - - [04/Oct/2021:09:52:09 +0800] "GET /xingrg/javascript/easyui/themes/icons/print_new.png HTTP/1.1" 304 -
120.253.135.82 - - [04/Oct/2021:09:52:09 +0800] "GET /xingrg/javascript/easyui/themes/icons/refresh_new.png HTTP/1.1" 304 -
120.253.135.82 - - [04/Oct/2021:09:52:09 +0800] "GET /xingrg/javascript/easyui/themes/icons/filter_new.png HTTP/1.1" 304 -
120.253.135.82 - - [04/Oct/2021:09:52:09 +0800] "GET /xingrg/javascript/easyui/plugins/jquery.draggable.js HTTP/1.1" 304 -
120.253.135.82 - - [04/Oct/2021:09:52:09 +0800] "GET /xingrg/javascript/easyui/plugins/jquery.droppable.js HTTP/1.1" 304 -
120.253.135.82 - - [04/Oct/2021:09:52:09 +0800] "GET /xingrg/javascript/easyui/themes/default/tree.css HTTP/1.1" 404 1090
120.253.135.82 - - [04/Oct/2021:09:52:09 +0800] "GET /xingrg/javascript/easyui/plugins/jquery.tree.js HTTP/1.1" 304 -
120.253.135.82 - - [04/Oct/2021:09:52:09 +0800] "POST /xingrg/all/common/load_tree.html?tree=materiel_sort_tree_json HTTP/1.1" 200 8912
120.253.135.82 - - [04/Oct/2021:09:52:09 +0800] "GET /xingrg/javascript/easyui/themes/sunny/images/tree_arrows.gif HTTP/1.1" 304 -
120.253.135.82 - - [04/Oct/2021:09:52:09 +0800] "GET /xingrg/javascript/easyui/themes/sunny/images/tree_folder.gif HTTP/1.1" 304 -
120.253.135.82 - - [04/Oct/2021:09:52:09 +0800] "GET /xingrg/javascript/easyui/themes/sunny/images/tree_folder_open.gif HTTP/1.1" 304 -
120.253.135.82 - - [04/Oct/2021:09:52:09 +0800] "GET /xingrg/javascript/easyui/themes/sunny/images/tree_file.gif HTTP/1.1" 304 -
58.37.227.186 - - [04/Oct/2021:09:52:10 +0800] "GET /xingrg/kc/print/load_data.html?order_code=212021100401552&kc_code=cgsh&condition= HTTP/1.1" 200 2809
180.169.147.146 - - [04/Oct/2021:09:52:11 +0800] "POST /xingrg/kc/buy/cgsh_list_operate.html HTTP/1.1" 200 269
116.238.248.233 - - [04/Oct/2021:09:52:11 +0800] "GET /xingrg/all/function/internal_message.html?_=1633312331208&CODE_STATE=getMsg HTTP/1.1" 200 27
180.169.147.146 - - [04/Oct/2021:09:52:11 +0800] "GET /xingrg/kc/buy/cgsh_order_info.html?code=212021100301469 HTTP/1.1" 200 64591
180.169.147.146 - - [04/Oct/2021:09:52:11 +0800] "GET /xingrg/javascript/easyui/themes/default/validatebox.css HTTP/1.1" 404 1104
180.169.147.146 - - [04/Oct/2021:09:52:12 +0800] "POST /xingrg/kc/buy/cgsh_order_operate.html HTTP/1.1" 200 3239
120.253.135.82 - - [04/Oct/2021:09:52:12 +0800] "POST /xingrg/all/common/load_combo.html?type=base HTTP/1.1" 200 1075
58.37.227.186 - - [04/Oct/2021:09:52:13 +0800] "GET /xingrg/kc/buy/cgsh_order_add.html HTTP/1.1" 200 64622
222.70.246.151 - - [04/Oct/2021:09:52:13 +0800] "GET /xingrg/kc/buy/cgsh_order_operate.html?command=get_materiel&rest_code=00146&code=00101008244&supplier_code=00100005&order_time=2021-10-04 HTTP/1.1" 200 408
58.37.227.186 - - [04/Oct/2021:09:52:14 +0800] "POST /xingrg/kc/buy/cgsh_order_operate.html HTTP/1.1" 200 8245
58.37.227.186 - - [04/Oct/2021:09:52:14 +0800] "GET /xingrg/javascript/easyui/themes/default/validatebox.css HTTP/1.1" 404 1104
120.253.135.82 - - [04/Oct/2021:09:52:21 +0800] "POST /xingrg/kc/base/stock_operate.html HTTP/1.1" 200 1486
120.253.135.82 - - [04/Oct/2021:09:52:21 +0800] "GET /xingrg/javascript/jquery_tools/fix_table.js HTTP/1.1" 304 -
180.169.147.146 - - [04/Oct/2021:09:52:22 +0800] "POST /xingrg/kc/buy/cgsh_order_operate.html HTTP/1.1" 200 37
58.37.227.186 - - [04/Oct/2021:09:52:23 +0800] "GET /xingrg/kc/buy/cgsh_order_operate.html?command=get_materiel&rest_code=00141&code=00101006111&supplier_code=00100012&order_time=2021-10-04 HTTP/1.1" 200 409
180.169.147.146 - - [04/Oct/2021:09:52:24 +0800] "POST /xingrg/kc/buy/cgsh_order_operate.html HTTP/1.1" 200 3239
120.253.135.82 - - [04/Oct/2021:09:52:24 +0800] "GET /xingrg/kc/base/stock_detail.html?m=00101016086 HTTP/1.1" 200 6356
120.253.135.82 - - [04/Oct/2021:09:52:24 +0800] "GET /xingrg/javascript/jquery_easy_ui/themes/default/images/button_a_bg.gif HTTP/1.1" 304 -
120.253.135.82 - - [04/Oct/2021:09:52:24 +0800] "GET /xingrg/javascript/jquery_easy_ui/themes/default/images/button_span_bg.gif HTTP/1.1" 304 -
120.253.135.82 - - [04/Oct/2021:09:52:24 +0800] "GET /xingrg/javascript/jquery_easy_ui/themes/icons/search.png HTTP/1.1" 304 -
120.253.135.82 - - [04/Oct/2021:09:52:24 +0800] "GET /xingrg/javascript/jquery_easy_ui/themes/icons/print.png HTTP/1.1" 304 -
120.253.135.82 - - [04/Oct/2021:09:52:24 +0800] "GET /xingrg/javascript/jquery_easy_ui/themes/default/images/menu.gif HTTP/1.1" 200 834
120.253.135.82 - - [04/Oct/2021:09:52:24 +0800] "GET /xingrg/javascript/jquery_easy_ui/themes/default/images/menu_downarrow.png HTTP/1.1" 304 -
120.253.135.82 - - [04/Oct/2021:09:52:24 +0800] "GET /xingrg/javascript/jquery_easy_ui/themes/default/images/calendar_nextmonth.gif HTTP/1.1" 304 -
120.253.135.82 - - [04/Oct/2021:09:52:24 +0800] "GET /xingrg/javascript/jquery_easy_ui/themes/default/images/calendar_prevmonth.gif HTTP/1.1" 304 -
120.253.135.82 - - [04/Oct/2021:09:52:24 +0800] "GET /xingrg/javascript/jquery_easy_ui/themes/default/images/calendar_prevyear.gif HTTP/1.1" 304 -
120.253.135.82 - - [04/Oct/2021:09:52:24 +0800] "GET /xingrg/javascript/jquery_easy_ui/themes/default/images/calendar_nextyear.gif HTTP/1.1" 304 -
114.86.228.17 - - [04/Oct/2021:09:52:24 +0800] "GET /xingrg/all/function/internal_message.html?_=1633312345628&CODE_STATE=getMsg HTTP/1.1" 200 27
222.70.246.151 - - [04/Oct/2021:09:52:24 +0800] "GET /xingrg/kc/buy/cgsh_order_operate.html?command=get_materiel&rest_code=00146&code=00101008354&supplier_code=00100005&order_time=2021-10-04 HTTP/1.1" 200 412
120.253.135.82 - - [04/Oct/2021:09:52:26 +0800] "GET /xingrg/kc/base/stock_operate.html?_=1633312118128&command=get_report_file&start_day=20211001 HTTP/1.1" 200 53
120.253.135.82 - - [04/Oct/2021:09:52:26 +0800] "GET /xingrg/javascript/multi_select/jqueryMultiSelect.css HTTP/1.1" 200 951
120.253.135.82 - - [04/Oct/2021:09:52:26 +0800] "GET /xingrg/javascript/bigrid/fix.css HTTP/1.1" 200 1702
120.253.135.82 - - [04/Oct/2021:09:52:26 +0800] "GET /xingrg/javascript/calendar/timePicker.css HTTP/1.1" 200 523
120.253.135.82 - - [04/Oct/2021:09:52:26 +0800] "GET /xingrg/javascript/calendar/jquery.timePicker.min.js HTTP/1.1" 200 2997
120.253.135.82 - - [04/Oct/2021:09:52:26 +0800] "GET /xingrg/javascript/bigrid/fix.js HTTP/1.1" 200 6439
120.253.135.82 - - [04/Oct/2021:09:52:26 +0800] "GET /xingrg/javascript/jqueryMultiSelect.js HTTP/1.1" 200 11866
120.253.135.82 - - [04/Oct/2021:09:52:26 +0800] "GET /xingrg/dwr/interface/AjaxReportQueryService.js HTTP/1.1" 200 13203
120.253.135.82 - - [04/Oct/2021:09:52:26 +0800] "GET /xingrg/dwr/engine.js HTTP/1.1" 200 43631
120.253.135.82 - - [04/Oct/2021:09:52:26 +0800] "GET /xingrg/all/report/report_query.html?isQuery=1&onlyBody=1&rh=2000&fileName=kc/base/kc_stock_detail_new.xml&queryString=(1=1)&queryText=&tableQueryString=init_table$sp1$$sp$crk_table$sp1$order_day%20between%2020211001%20and%2020211031&varString=start_day:20211001,materiel_code:00101016086,cost_id:3334,end_date:20210930 HTTP/1.1" 200 48701
120.253.135.82 - - [04/Oct/2021:09:52:26 +0800] "GET /xingrg/images/blue/button/advance2over.gif HTTP/1.1" 200 1336
120.253.135.82 - - [04/Oct/2021:09:52:26 +0800] "GET /xingrg/images/blue/button/back2over.gif HTTP/1.1" 200 1335
120.253.135.82 - - [04/Oct/2021:09:52:26 +0800] "GET /xingrg/images/blue/button/advanceover.gif HTTP/1.1" 200 1347
120.253.135.82 - - [04/Oct/2021:09:52:26 +0800] "GET /xingrg/images/blue/button/backover.gif HTTP/1.1" 200 1348
120.253.135.82 - - [04/Oct/2021:09:52:26 +0800] "GET /xingrg/images/control/loading.gif HTTP/1.1" 200 13463
120.253.135.82 - - [04/Oct/2021:09:52:26 +0800] "GET /xingrg/javascript/jquery_easy_ui/themes/icons/help.png HTTP/1.1" 200 1187
120.253.135.82 - - [04/Oct/2021:09:52:27 +0800] "POST /xingrg/all/report/load_report_page.html HTTP/1.1" 200 49631
120.253.135.82 - - [04/Oct/2021:09:52:27 +0800] "GET /xingrg/servlets/image?cache=0.8369911588782688&image=px HTTP/1.1" 200 807
180.169.147.146 - - [04/Oct/2021:09:52:27 +0800] "POST /xingrg/kc/buy/cgsh_list_operate.html HTTP/1.1" 200 4460
101.83.240.195 - - [04/Oct/2021:09:52:27 +0800] "GET /xingrg/all/function/internal_message.html?_=1633312347496&CODE_STATE=getMsg HTTP/1.1" 200 27
58.37.227.186 - - [04/Oct/2021:09:52:31 +0800] "GET /xingrg/kc/buy/cgsh_order_operate.html?command=get_materiel&rest_code=00141&code=00101006109&supplier_code=00100012&order_time=2021-10-04 HTTP/1.1" 200 409
222.70.246.151 - - [04/Oct/2021:09:52:34 +0800] "GET /xingrg/kc/buy/cgsh_order_operate.html?command=get_materiel&rest_code=00146&code=00101008096&supplier_code=00100005&order_time=2021-10-04 HTTP/1.1" 200 412
58.37.227.186 - - [04/Oct/2021:09:52:38 +0800] "GET /xingrg/kc/buy/cgsh_order_operate.html?command=get_materiel&rest_code=00141&code=00101006055&supplier_code=00100012&order_time=2021-10-04 HTTP/1.1" 200 409
120.253.135.82 - - [04/Oct/2021:09:52:39 +0800] "GET /xingrg/kc/base/stock_operate.html?_=1633312131695&command=get_report_file&start_day=20210901 HTTP/1.1" 200 53
120.253.135.82 - - [04/Oct/2021:09:52:39 +0800] "GET /xingrg/all/report/report_query.html?isQuery=1&onlyBody=1&rh=2000&fileName=kc/base/kc_stock_detail_new.xml&queryString=(1=1)&queryText=&tableQueryString=init_table$sp1$$sp$crk_table$sp1$order_day%20between%2020210901%20and%2020210930&varString=start_day:20210901,materiel_code:00101016086,cost_id:3319,end_date:20210831 HTTP/1.1" 200 48701
120.253.135.82 - - [04/Oct/2021:09:52:39 +0800] "GET /xingrg/dwr/interface/AjaxReportQueryService.js HTTP/1.1" 200 13203
120.253.135.82 - - [04/Oct/2021:09:52:39 +0800] "GET /xingrg/dwr/engine.js HTTP/1.1" 200 43631
58.39.139.200 - - [04/Oct/2021:09:52:40 +0800] "GET /xingrg/all/function/internal_message.html?_=1633312360853&CODE_STATE=getMsg HTTP/1.1" 200 27
120.253.135.82 - - [04/Oct/2021:09:52:40 +0800] "POST /xingrg/all/report/load_report_page.html HTTP/1.1" 200 118186
120.253.135.82 - - [04/Oct/2021:09:52:40 +0800] "GET /xingrg/servlets/image?cache=0.08352204144702757&image=px HTTP/1.1" 200 807
180.169.147.146 - - [04/Oct/2021:09:52:45 +0800] "GET /xingrg/all/function/internal_message.html?_=1633312413925&CODE_STATE=getMsg HTTP/1.1" 200 27
180.169.147.146 - - [04/Oct/2021:09:52:45 +0800] "GET /xingrg/check_reg.html?_=1633312366093 HTTP/1.1" 200 22
180.169.147.146 - - [04/Oct/2021:09:52:45 +0800] "GET /xingrg/all/function/internal_message.html?_=1633312366099&CODE_STATE=getMsg HTTP/1.1" 200 27
222.70.246.151 - - [04/Oct/2021:09:52:47 +0800] "GET /xingrg/kc/buy/cgsh_order_operate.html?command=get_materiel&rest_code=00146&code=00101008088&supplier_code=00100005&order_time=2021-10-04 HTTP/1.1" 200 408
222.70.178.96 - - [04/Oct/2021:09:52:48 +0800] "GET /xingrg/all/function/internal_message.html?_=1633312367551&CODE_STATE=getMsg HTTP/1.1" 200 27
120.253.135.82 - - [04/Oct/2021:09:52:50 +0800] "GET /xingrg/all/function/internal_message.html?_=1633312142611&CODE_STATE=getMsg HTTP/1.1" 200 27
114.85.125.222 - - [04/Oct/2021:09:52:52 +0800] "GET /xingrg/all/function/internal_message.html?_=1633312337961&CODE_STATE=getMsg HTTP/1.1" 200 27
172.20.0.100 - - [04/Oct/2021:09:52:52 +0800] "GET /xingrg/all/function/internal_message.html?_=1633312374777&CODE_STATE=getMsg HTTP/1.1" 200 27
58.37.227.186 - - [04/Oct/2021:09:52:54 +0800] "GET /xingrg/kc/buy/cgsh_order_operate.html?command=get_materiel&rest_code=00141&code=00101006113&supplier_code=00100012&order_time=2021-10-04 HTTP/1.1" 200 413
180.152.237.0 - - [04/Oct/2021:09:52:55 +0800] "GET /xingrg/check_reg.html?_=1633312357050 HTTP/1.1" 200 22
180.152.237.0 - - [04/Oct/2021:09:52:55 +0800] "GET /xingrg/all/function/internal_message.html?_=1633312357364&CODE_STATE=getMsg HTTP/1.1" 200 27
222.70.246.151 - - [04/Oct/2021:09:52:57 +0800] "GET /xingrg/all/function/internal_message.html?_=1633312379609&CODE_STATE=getMsg HTTP/1.1" 200 27
222.70.246.151 - - [04/Oct/2021:09:52:59 +0800] "GET /xingrg/kc/buy/cgsh_order_operate.html?command=get_materiel&rest_code=00146&code=00101008003&supplier_code=00100005&order_time=2021-10-04 HTTP/1.1" 200 408
222.70.178.96 - - [04/Oct/2021:09:53:01 +0800] "GET /xingrg/all/function/internal_message.html?_=1633312379907&CODE_STATE=getMsg HTTP/1.1" 200 27
172.20.0.100 - - [04/Oct/2021:09:53:01 +0800] "GET /xingrg/all/function/internal_message.html?_=1633312381553&CODE_STATE=getMsg HTTP/1.1" 200 27
120.253.135.82 - - [04/Oct/2021:09:53:02 +0800] "GET /xingrg/kc/base/stock_operate.html?_=1633312154022&command=get_report_file&start_day=20210801 HTTP/1.1" 200 53
120.253.135.82 - - [04/Oct/2021:09:53:02 +0800] "GET /xingrg/all/report/report_query.html?isQuery=1&onlyBody=1&rh=2000&fileName=kc/base/kc_stock_detail_new.xml&queryString=(1=1)&queryText=&tableQueryString=init_table$sp1$$sp$crk_table$sp1$order_day%20between%2020210801%20and%2020210831&varString=start_day:20210801,materiel_code:00101016086,cost_id:3271,end_date:20210731 HTTP/1.1" 200 48701
120.253.135.82 - - [04/Oct/2021:09:53:02 +0800] "GET /xingrg/dwr/interface/AjaxReportQueryService.js HTTP/1.1" 200 13203
120.253.135.82 - - [04/Oct/2021:09:53:02 +0800] "GET /xingrg/dwr/engine.js HTTP/1.1" 200 43631
180.171.130.85 - - [04/Oct/2021:09:53:03 +0800] "POST /xingrg/services/DataTransmitService HTTP/1.1" 200 524
120.253.135.82 - - [04/Oct/2021:09:53:03 +0800] "POST /xingrg/all/report/load_report_page.html HTTP/1.1" 200 167089
120.253.135.82 - - [04/Oct/2021:09:53:03 +0800] "GET /xingrg/servlets/image?cache=0.8723582930832262&image=px HTTP/1.1" 200 807
58.37.227.186 - - [04/Oct/2021:09:53:06 +0800] "GET /xingrg/all/function/internal_message.html?_=1633312244873&CODE_STATE=getMsg HTTP/1.1" 200 27
180.169.147.146 - - [04/Oct/2021:09:53:08 +0800] "GET /xingrg/all/function/internal_message.html?_=1633312389638&CODE_STATE=getMsg HTTP/1.1" 200 27
116.230.105.26 - - [04/Oct/2021:09:53:09 +0800] "GET /xingrg/all/function/internal_message.html?_=1633312379023&CODE_STATE=getMsg HTTP/1.1" 200 27
116.238.248.233 - - [04/Oct/2021:09:53:11 +0800] "GET /xingrg/check_reg.html?_=1633312391210 HTTP/1.1" 200 22
116.238.248.233 - - [04/Oct/2021:09:53:11 +0800] "GET /xingrg/all/function/internal_message.html?_=1633312391213&CODE_STATE=getMsg HTTP/1.1" 200 27
172.20.0.100 - - [04/Oct/2021:09:53:18 +0800] "GET /xingrg/check_reg.html?_=1633312398726 HTTP/1.1" 200 22
114.86.228.17 - - [04/Oct/2021:09:53:24 +0800] "GET /xingrg/all/function/internal_message.html?_=1633312405631&CODE_STATE=getMsg HTTP/1.1" 200 27
58.37.227.186 - - [04/Oct/2021:09:53:26 +0800] "GET /xingrg/kc/buy/cgsh_order_operate.html?command=get_materiel&rest_code=00141&code=00101006193&supplier_code=00100012&order_time=2021-10-04 HTTP/1.1" 200 409
222.70.246.151 - - [04/Oct/2021:09:53:26 +0800] "GET /xingrg/kc/buy/cgsh_order_operate.html?command=get_materiel&rest_code=00146&code=00101008361&supplier_code=00100005&order_time=2021-10-04 HTTP/1.1" 200 408
101.83.240.195 - - [04/Oct/2021:09:53:27 +0800] "GET /xingrg/all/function/internal_message.html?_=1633312407500&CODE_STATE=getMsg HTTP/1.1" 200 27
101.83.240.195 - - [04/Oct/2021:09:53:27 +0800] "GET /xingrg/check_reg.html?_=1633312407503 HTTP/1.1" 200 22
222.70.246.151 - - [04/Oct/2021:09:53:28 +0800] "GET /xingrg/check_reg.html?_=1633312410794 HTTP/1.1" 200 22
180.171.130.85 - - [04/Oct/2021:09:53:31 +0800] "POST /xingrg/services/DataTransmitService HTTP/1.1" 200 501
180.171.130.85 - - [04/Oct/2021:09:53:31 +0800] "POST /xingrg/services/DataTransmitService HTTP/1.1" 200 501
180.171.130.85 - - [04/Oct/2021:09:53:33 +0800] "POST /xingrg/services/DataTransmitService HTTP/1.1" 200 501
180.171.130.85 - - [04/Oct/2021:09:53:34 +0800] "POST /xingrg/services/DataTransmitService HTTP/1.1" 200 501
180.171.130.85 - - [04/Oct/2021:09:53:34 +0800] "POST /xingrg/services/DataTransmitService HTTP/1.1" 200 501
180.171.130.85 - - [04/Oct/2021:09:53:35 +0800] "POST /xingrg/services/DataTransmitService HTTP/1.1" 200 501
180.171.130.85 - - [04/Oct/2021:09:53:35 +0800] "POST /xingrg/services/DataTransmitService HTTP/1.1" 200 501
180.171.130.85 - - [04/Oct/2021:09:53:35 +0800] "POST /xingrg/services/DataTransmitService HTTP/1.1" 200 501
180.171.130.85 - - [04/Oct/2021:09:53:36 +0800] "POST /xingrg/services/DataTransmitService HTTP/1.1" 200 501
58.37.227.186 - - [04/Oct/2021:09:53:36 +0800] "GET /xingrg/kc/buy/cgsh_order_operate.html?command=get_materiel&rest_code=00141&code=00101006062&supplier_code=00100012&order_time=2021-10-04 HTTP/1.1" 200 409
180.171.130.85 - - [04/Oct/2021:09:53:36 +0800] "POST /xingrg/services/DataTransmitService HTTP/1.1" 200 501
120.253.135.82 - - [04/Oct/2021:09:53:36 +0800] "GET /xingrg/javascript/jquery_easy_ui/themes/default/images/tabs_active.png HTTP/1.1" 304 -
180.171.130.85 - - [04/Oct/2021:09:53:36 +0800] "POST /xingrg/services/DataTransmitService HTTP/1.1" 200 412
58.39.139.200 - - [04/Oct/2021:09:53:40 +0800] "GET /xingrg/all/function/internal_message.html?_=1633312420825&CODE_STATE=getMsg HTTP/1.1" 200 27
120.253.135.82 - - [04/Oct/2021:09:53:41 +0800] "GET /xingrg/kc/pszx/mdqp_order_list.html?state=10 HTTP/1.1" 200 10657
120.253.135.82 - - [04/Oct/2021:09:53:41 +0800] "GET /xingrg/dwr/interface/AjaxQqpsService.js HTTP/1.1" 200 16326
120.253.135.82 - - [04/Oct/2021:09:53:41 +0800] "GET /xingrg/dwr/interface/AjaxReportQueryService.js HTTP/1.1" 200 13203
120.253.135.82 - - [04/Oct/2021:09:53:41 +0800] "GET /xingrg/dwr/engine.js HTTP/1.1" 200 43631
120.253.135.82 - - [04/Oct/2021:09:53:43 +0800] "GET /xingrg/check_reg.html?_=1633312195258 HTTP/1.1" 200 22
180.169.147.146 - - [04/Oct/2021:09:53:45 +0800] "GET /xingrg/all/function/internal_message.html?_=1633312473924&CODE_STATE=getMsg HTTP/1.1" 200 27
180.169.147.146 - - [04/Oct/2021:09:53:45 +0800] "GET /xingrg/check_reg.html?_=1633312473925 HTTP/1.1" 200 22
180.169.147.146 - - [04/Oct/2021:09:53:45 +0800] "GET /xingrg/all/function/internal_message.html?_=1633312426088&CODE_STATE=getMsg HTTP/1.1" 200 27
58.37.227.186 - - [04/Oct/2021:09:53:45 +0800] "POST /xingrg/kc/buy/cgsh_order_operate.html HTTP/1.1" 200 37
222.70.178.96 - - [04/Oct/2021:09:53:48 +0800] "GET /xingrg/all/function/internal_message.html?_=1633312427563&CODE_STATE=getMsg HTTP/1.1" 200 27
120.253.135.82 - - [04/Oct/2021:09:53:50 +0800] "GET /xingrg/all/function/internal_message.html?_=1633312202660&CODE_STATE=getMsg HTTP/1.1" 200 27
114.85.125.222 - - [04/Oct/2021:09:53:52 +0800] "GET /xingrg/all/function/internal_message.html?_=1633312397989&CODE_STATE=getMsg HTTP/1.1" 200 27
222.70.246.151 - - [04/Oct/2021:09:53:52 +0800] "GET /xingrg/kc/buy/cgsh_order_operate.html?command=get_materiel&rest_code=00146&code=00101008264&supplier_code=00100005&order_time=2021-10-04 HTTP/1.1" 200 412
172.20.0.100 - - [04/Oct/2021:09:53:52 +0800] "GET /xingrg/all/function/internal_message.html?_=1633312434762&CODE_STATE=getMsg HTTP/1.1" 200 27
180.152.237.0 - - [04/Oct/2021:09:53:55 +0800] "GET /xingrg/all/function/internal_message.html?_=1633312417381&CODE_STATE=getMsg HTTP/1.1" 200 27
222.70.246.151 - - [04/Oct/2021:09:53:57 +0800] "GET /xingrg/all/function/internal_message.html?_=1633312439623&CODE_STATE=getMsg HTTP/1.1" 200 27
222.70.178.96 - - [04/Oct/2021:09:54:01 +0800] "GET /xingrg/all/function/internal_message.html?_=1633312439895&CODE_STATE=getMsg HTTP/1.1" 200 27
172.20.0.100 - - [04/Oct/2021:09:54:01 +0800] "GET /xingrg/all/function/internal_message.html?_=1633312441524&CODE_STATE=getMsg HTTP/1.1" 200 27
222.70.246.151 - - [04/Oct/2021:09:54:03 +0800] "GET /xingrg/kc/buy/cgsh_order_operate.html?command=get_materiel&rest_code=00146&code=00101008024&supplier_code=00100005&order_time=2021-10-04 HTTP/1.1" 200 408
222.70.246.151 - - [04/Oct/2021:09:54:06 +0800] "POST /xingrg/kc/buy/cgsh_order_operate.html HTTP/1.1" 200 2065
180.169.147.146 - - [04/Oct/2021:09:54:08 +0800] "GET /xingrg/all/function/internal_message.html?_=1633312449644&CODE_STATE=getMsg HTTP/1.1" 200 27
116.230.105.26 - - [04/Oct/2021:09:54:09 +0800] "GET /xingrg/check_reg.html?_=1633312439040 HTTP/1.1" 200 22
116.230.105.26 - - [04/Oct/2021:09:54:09 +0800] "GET /xingrg/all/function/internal_message.html?_=1633312439041&CODE_STATE=getMsg HTTP/1.1" 200 27
116.238.248.233 - - [04/Oct/2021:09:54:11 +0800] "GET /xingrg/all/function/internal_message.html?_=1633312451199&CODE_STATE=getMsg HTTP/1.1" 200 27
222.70.246.151 - - [04/Oct/2021:09:54:13 +0800] "GET /xingrg/kc/buy/cgsh_order_operate.html?command=get_materiel&rest_code=00146&code=00101008356&supplier_code=00100005&order_time=2021-10-04 HTTP/1.1" 200 408
222.70.246.151 - - [04/Oct/2021:09:54:22 +0800] "GET /xingrg/kc/buy/cgsh_order_operate.html?command=get_materiel&rest_code=00146&code=00101008212&supplier_code=00100005&order_time=2021-10-04 HTTP/1.1" 200 412
114.86.228.17 - - [04/Oct/2021:09:54:24 +0800] "GET /xingrg/all/function/internal_message.html?_=1633312465633&CODE_STATE=getMsg HTTP/1.1" 200 27
101.83.240.195 - - [04/Oct/2021:09:54:27 +0800] "GET /xingrg/all/function/internal_message.html?_=1633312467505&CODE_STATE=getMsg HTTP/1.1" 200 27
180.169.147.146 - - [04/Oct/2021:09:54:34 +0800] "GET /xingrg/check_reg.html?_=1633312468620 HTTP/1.1" 200 22
58.39.139.200 - - [04/Oct/2021:09:54:40 +0800] "GET /xingrg/all/function/internal_message.html?_=1633312480805&CODE_STATE=getMsg HTTP/1.1" 200 27
222.70.246.151 - - [04/Oct/2021:09:54:40 +0800] "GET /xingrg/kc/buy/cgsh_order_operate.html?command=get_materiel&rest_code=00146&code=00101008196&supplier_code=00100005&order_time=2021-10-04 HTTP/1.1" 200 416
180.169.147.146 - - [04/Oct/2021:09:54:45 +0800] "GET /xingrg/all/function/internal_message.html?_=1633312533940&CODE_STATE=getMsg HTTP/1.1" 200 27
180.169.147.146 - - [04/Oct/2021:09:54:45 +0800] "GET /xingrg/all/function/internal_message.html?_=1633312486095&CODE_STATE=getMsg HTTP/1.1" 200 27
222.70.178.96 - - [04/Oct/2021:09:54:48 +0800] "GET /xingrg/all/function/internal_message.html?_=1633312487547&CODE_STATE=getMsg HTTP/1.1" 200 27
120.253.135.82 - - [04/Oct/2021:09:54:50 +0800] "GET /xingrg/all/function/internal_message.html?_=1633312262665&CODE_STATE=getMsg HTTP/1.1" 200 27
114.85.125.222 - - [04/Oct/2021:09:54:52 +0800] "GET /xingrg/all/function/internal_message.html?_=1633312458003&CODE_STATE=getMsg HTTP/1.1" 200 27
172.20.0.100 - - [04/Oct/2021:09:54:52 +0800] "GET /xingrg/all/function/internal_message.html?_=1633312494748&CODE_STATE=getMsg HTTP/1.1" 200 27
172.20.0.100 - - [04/Oct/2021:09:54:53 +0800] "GET /xingrg/check_reg.html?_=1633312495500 HTTP/1.1" 200 22
180.152.237.0 - - [04/Oct/2021:09:54:55 +0800] "GET /xingrg/all/function/internal_message.html?_=1633312477392&CODE_STATE=getMsg HTTP/1.1" 200 27
222.70.246.151 - - [04/Oct/2021:09:54:57 +0800] "GET /xingrg/all/function/internal_message.html?_=1633312499638&CODE_STATE=getMsg HTTP/1.1" 200 27
222.70.178.96 - - [04/Oct/2021:09:55:01 +0800] "GET /xingrg/all/function/internal_message.html?_=1633312499878&CODE_STATE=getMsg HTTP/1.1" 200 27
172.20.0.100 - - [04/Oct/2021:09:55:01 +0800] "GET /xingrg/all/function/internal_message.html?_=1633312501496&CODE_STATE=getMsg HTTP/1.1" 200 27
222.70.178.96 - - [04/Oct/2021:09:55:01 +0800] "GET /xingrg/check_reg.html?_=1633312500381 HTTP/1.1" 200 22
222.70.246.151 - - [04/Oct/2021:09:55:02 +0800] "GET /xingrg/kc/buy/cgsh_order_operate.html?command=get_materiel&rest_code=00146&code=00101008357&supplier_code=00100005&order_time=2021-10-04 HTTP/1.1" 200 410
180.169.147.146 - - [04/Oct/2021:09:55:08 +0800] "GET /xingrg/all/function/internal_message.html?_=1633312509641&CODE_STATE=getMsg HTTP/1.1" 200 27
116.230.105.26 - - [04/Oct/2021:09:55:09 +0800] "GET /xingrg/all/function/internal_message.html?_=1633312499040&CODE_STATE=getMsg HTTP/1.1" 200 27
222.70.246.151 - - [04/Oct/2021:09:55:10 +0800] "POST /xingrg/kc/buy/cgsh_order_operate.html HTTP/1.1" 200 2065
116.238.248.233 - - [04/Oct/2021:09:55:11 +0800] "GET /xingrg/all/function/internal_message.html?_=1633312511199&CODE_STATE=getMsg HTTP/1.1" 200 27
222.70.246.151 - - [04/Oct/2021:09:55:23 +0800] "GET /xingrg/kc/buy/cgsh_order_operate.html?command=get_materiel&rest_code=00146&code=00101008286&supplier_code=00100005&order_time=2021-10-04 HTTP/1.1" 200 408
114.86.228.17 - - [04/Oct/2021:09:55:24 +0800] "GET /xingrg/all/function/internal_message.html?_=1633312525636&CODE_STATE=getMsg HTTP/1.1" 200 27
101.83.240.195 - - [04/Oct/2021:09:55:27 +0800] "GET /xingrg/all/function/internal_message.html?_=1633312527509&CODE_STATE=getMsg HTTP/1.1" 200 27
222.70.246.151 - - [04/Oct/2021:09:55:33 +0800] "GET /xingrg/kc/buy/cgsh_order_operate.html?command=get_materiel&rest_code=00146&code=00101008296&supplier_code=00100005&order_time=2021-10-04 HTTP/1.1" 200 416
58.39.139.200 - - [04/Oct/2021:09:55:40 +0800] "GET /xingrg/all/function/internal_message.html?_=1633312540787&CODE_STATE=getMsg HTTP/1.1" 200 27
58.39.139.200 - - [04/Oct/2021:09:55:41 +0800] "GET /xingrg/check_reg.html?_=1633312542197 HTTP/1.1" 200 22
180.169.147.146 - - [04/Oct/2021:09:55:45 +0800] "GET /xingrg/all/function/internal_message.html?_=1633312593926&CODE_STATE=getMsg HTTP/1.1" 200 27
180.169.147.146 - - [04/Oct/2021:09:55:45 +0800] "GET /xingrg/all/function/internal_message.html?_=1633312546088&CODE_STATE=getMsg HTTP/1.1" 200 27
222.70.246.151 - - [04/Oct/2021:09:55:45 +0800] "GET /xingrg/kc/buy/cgsh_order_operate.html?command=get_materiel&rest_code=00146&code=00101008213&supplier_code=00100005&order_time=2021-10-04 HTTP/1.1" 200 412
222.70.178.96 - - [04/Oct/2021:09:55:48 +0800] "GET /xingrg/all/function/internal_message.html?_=1633312547533&CODE_STATE=getMsg HTTP/1.1" 200 27
120.253.135.82 - - [04/Oct/2021:09:55:50 +0800] "GET /xingrg/all/function/internal_message.html?_=1633312322725&CODE_STATE=getMsg HTTP/1.1" 200 27
114.85.125.222 - - [04/Oct/2021:09:55:51 +0800] "GET /xingrg/check_reg.html?_=1633312517516 HTTP/1.1" 200 22
114.85.125.222 - - [04/Oct/2021:09:55:52 +0800] "GET /xingrg/all/function/internal_message.html?_=1633312518018&CODE_STATE=getMsg HTTP/1.1" 200 27
172.20.0.100 - - [04/Oct/2021:09:55:52 +0800] "GET /xingrg/all/function/internal_message.html?_=1633312554732&CODE_STATE=getMsg HTTP/1.1" 200 27
180.152.237.0 - - [04/Oct/2021:09:55:55 +0800] "GET /xingrg/all/function/internal_message.html?_=1633312537425&CODE_STATE=getMsg HTTP/1.1" 200 27
222.70.246.151 - - [04/Oct/2021:09:55:57 +0800] "GET /xingrg/kc/buy/cgsh_order_operate.html?command=get_materiel&rest_code=00146&code=00101008305&supplier_code=00100005&order_time=2021-10-04 HTTP/1.1" 200 412
222.70.246.151 - - [04/Oct/2021:09:55:57 +0800] "GET /xingrg/all/function/internal_message.html?_=1633312559650&CODE_STATE=getMsg HTTP/1.1" 200 27
222.70.178.96 - - [04/Oct/2021:09:56:01 +0800] "GET /xingrg/all/function/internal_message.html?_=1633312559876&CODE_STATE=getMsg HTTP/1.1" 200 27
172.20.0.100 - - [04/Oct/2021:09:56:01 +0800] "GET /xingrg/all/function/internal_message.html?_=1633312561471&CODE_STATE=getMsg HTTP/1.1" 200 27
222.70.246.151 - - [04/Oct/2021:09:56:07 +0800] "GET /xingrg/kc/buy/cgsh_order_operate.html?command=get_materiel&rest_code=00146&code=00101008415&supplier_code=00100005&order_time=2021-10-04 HTTP/1.1" 200 398
180.169.147.146 - - [04/Oct/2021:09:56:08 +0800] "GET /xingrg/check_reg.html?_=1633312569639 HTTP/1.1" 200 22
180.169.147.146 - - [04/Oct/2021:09:56:08 +0800] "GET /xingrg/all/function/internal_message.html?_=1633312569641&CODE_STATE=getMsg HTTP/1.1" 200 27
116.230.105.26 - - [04/Oct/2021:09:56:09 +0800] "GET /xingrg/all/function/internal_message.html?_=1633312559040&CODE_STATE=getMsg HTTP/1.1" 200 27
222.70.246.151 - - [04/Oct/2021:09:56:11 +0800] "POST /xingrg/kc/buy/cgsh_order_operate.html HTTP/1.1" 200 2065
116.238.248.233 - - [04/Oct/2021:09:56:11 +0800] "GET /xingrg/all/function/internal_message.html?_=1633312571199&CODE_STATE=getMsg HTTP/1.1" 200 27
222.70.246.151 - - [04/Oct/2021:09:56:18 +0800] "GET /xingrg/kc/buy/cgsh_order_operate.html?command=get_materiel&rest_code=00146&code=00101008225&supplier_code=00100005&order_time=2021-10-04 HTTP/1.1" 200 416
114.86.228.17 - - [04/Oct/2021:09:56:24 +0800] "GET /xingrg/all/function/internal_message.html?_=1633312585638&CODE_STATE=getMsg HTTP/1.1" 200 27
114.86.228.17 - - [04/Oct/2021:09:56:24 +0800] "GET /xingrg/check_reg.html?_=1633312585639 HTTP/1.1" 200 22
101.83.240.195 - - [04/Oct/2021:09:56:27 +0800] "GET /xingrg/all/function/internal_message.html?_=1633312587509&CODE_STATE=getMsg HTTP/1.1" 200 27
180.169.147.146 - - [04/Oct/2021:09:56:30 +0800] "POST /xingrg/kc/buy/cgsh_list_operate.html HTTP/1.1" 200 597
222.70.246.151 - - [04/Oct/2021:09:56:36 +0800] "POST /xingrg/kc/buy/cgsh_order_operate.html HTTP/1.1" 200 37
222.70.246.151 - - [04/Oct/2021:09:56:38 +0800] "POST /xingrg/kc/buy/cgsh_order_operate.html HTTP/1.1" 200 19815
58.37.227.186 - - [04/Oct/2021:09:56:39 +0800] "POST /xingrg/kc/buy/cgsh_order_operate.html HTTP/1.1" 200 12
58.39.139.200 - - [04/Oct/2021:09:56:40 +0800] "GET /xingrg/all/function/internal_message.html?_=1633312600759&CODE_STATE=getMsg HTTP/1.1" 200 27
58.37.227.186 - - [04/Oct/2021:09:56:42 +0800] "GET /xingrg/kc/buy/cgsh_order_info.html?code=212021100401553 HTTP/1.1" 200 59531
58.37.227.186 - - [04/Oct/2021:09:56:42 +0800] "GET /xingrg/javascript/easyui/themes/default/validatebox.css HTTP/1.1" 404 1104
58.37.227.186 - - [04/Oct/2021:09:56:43 +0800] "POST /xingrg/kc/buy/cgsh_order_operate.html HTTP/1.1" 200 3550
58.37.227.186 - - [04/Oct/2021:09:56:44 +0800] "GET /xingrg/kc/print/load_data.html?order_code=212021100401553&kc_code=cgsh&condition= HTTP/1.1" 200 1910
180.169.147.146 - - [04/Oct/2021:09:56:45 +0800] "GET /xingrg/all/function/internal_message.html?_=1633312653924&CODE_STATE=getMsg HTTP/1.1" 200 27
180.169.147.146 - - [04/Oct/2021:09:56:45 +0800] "GET /xingrg/all/function/internal_message.html?_=1633312606096&CODE_STATE=getMsg HTTP/1.1" 200 27
180.169.147.146 - - [04/Oct/2021:09:56:47 +0800] "GET /xingrg/javascript/easyui/themes/sunny/images/ui-bg_gloss-wave_60_fece2f_500x100.png HTTP/1.1" 200 3512
222.70.178.96 - - [04/Oct/2021:09:56:48 +0800] "GET /xingrg/all/function/internal_message.html?_=1633312607502&CODE_STATE=getMsg HTTP/1.1" 200 27
222.70.246.151 - - [04/Oct/2021:09:56:49 +0800] "POST /xingrg/kc/buy/cgsh_order_operate.html HTTP/1.1" 200 37
222.70.178.96 - - [04/Oct/2021:09:56:49 +0800] "GET /xingrg/check_reg.html?_=1633312607861 HTTP/1.1" 200 22
222.70.246.151 - - [04/Oct/2021:09:56:50 +0800] "POST /xingrg/kc/buy/cgsh_order_operate.html HTTP/1.1" 200 19815
120.253.135.82 - - [04/Oct/2021:09:56:50 +0800] "GET /xingrg/all/function/internal_message.html?_=1633312382738&CODE_STATE=getMsg HTTP/1.1" 200 27
114.85.125.222 - - [04/Oct/2021:09:56:52 +0800] "GET /xingrg/all/function/internal_message.html?_=1633312578030&CODE_STATE=getMsg HTTP/1.1" 200 27
172.20.0.100 - - [04/Oct/2021:09:56:52 +0800] "GET /xingrg/all/function/internal_message.html?_=1633312614708&CODE_STATE=getMsg HTTP/1.1" 200 27
180.169.147.146 - - [04/Oct/2021:09:56:55 +0800] "POST /xingrg/kc/buy/cgsh_list_operate.html HTTP/1.1" 200 4
180.152.237.0 - - [04/Oct/2021:09:56:55 +0800] "GET /xingrg/all/function/internal_message.html?_=1633312597435&CODE_STATE=getMsg HTTP/1.1" 200 27
222.70.246.151 - - [04/Oct/2021:09:56:57 +0800] "GET /xingrg/all/function/internal_message.html?_=1633312619665&CODE_STATE=getMsg HTTP/1.1" 200 27
180.169.147.146 - - [04/Oct/2021:09:56:58 +0800] "POST /xingrg/kc/buy/cgsh_list_operate.html HTTP/1.1" 200 5128
222.70.178.96 - - [04/Oct/2021:09:57:01 +0800] "GET /xingrg/all/function/internal_message.html?_=1633312619858&CODE_STATE=getMsg HTTP/1.1" 200 27
172.20.0.100 - - [04/Oct/2021:09:57:01 +0800] "GET /xingrg/all/function/internal_message.html?_=1633312621446&CODE_STATE=getMsg HTTP/1.1" 200 27
222.70.246.151 - - [04/Oct/2021:09:57:04 +0800] "GET /xingrg/kc/buy/cgsh_order_operate.html?command=get_materiel&rest_code=00146&code=00101008091&supplier_code=00100005&order_time=2021-10-04 HTTP/1.1" 200 413
58.37.227.186 - - [04/Oct/2021:09:57:06 +0800] "GET /xingrg/all/function/internal_message.html?_=1633312484883&CODE_STATE=getMsg HTTP/1.1" 200 27
58.37.227.186 - - [04/Oct/2021:09:57:06 +0800] "POST /xingrg/services/DataTransmitService HTTP/1.1" 200 524
180.169.147.146 - - [04/Oct/2021:09:57:08 +0800] "GET /xingrg/all/function/internal_message.html?_=1633312629639&CODE_STATE=getMsg HTTP/1.1" 200 27
116.230.105.26 - - [04/Oct/2021:09:57:09 +0800] "GET /xingrg/all/function/internal_message.html?_=1633312619036&CODE_STATE=getMsg HTTP/1.1" 200 27
116.238.248.233 - - [04/Oct/2021:09:57:11 +0800] "GET /xingrg/all/function/internal_message.html?_=1633312631209&CODE_STATE=getMsg HTTP/1.1" 200 27
58.37.227.186 - - [04/Oct/2021:09:57:11 +0800] "GET /xingrg/kc/buy/cgsh_order_add.html HTTP/1.1" 200 64622
58.37.227.186 - - [04/Oct/2021:09:57:12 +0800] "POST /xingrg/kc/buy/cgsh_order_operate.html HTTP/1.1" 200 8245
58.37.227.186 - - [04/Oct/2021:09:57:12 +0800] "GET /xingrg/javascript/easyui/themes/default/validatebox.css HTTP/1.1" 404 1104
114.86.228.17 - - [04/Oct/2021:09:57:24 +0800] "GET /xingrg/all/function/internal_message.html?_=1633312645640&CODE_STATE=getMsg HTTP/1.1" 200 27
101.83.240.195 - - [04/Oct/2021:09:57:27 +0800] "GET /xingrg/all/function/internal_message.html?_=1633312647517&CODE_STATE=getMsg HTTP/1.1" 200 27
180.169.147.146 - - [04/Oct/2021:09:57:29 +0800] "POST /xingrg/kc/buy/cgsh_list_operate.html HTTP/1.1" 200 4
180.169.147.146 - - [04/Oct/2021:09:57:32 +0800] "POST /xingrg/kc/buy/cgsh_list_operate.html HTTP/1.1" 200 4935
222.70.246.151 - - [04/Oct/2021:09:57:33 +0800] "GET /xingrg/kc/buy/cgsh_order_operate.html?command=get_materiel&rest_code=00146&code=00101008257&supplier_code=00100005&order_time=2021-10-04 HTTP/1.1" 200 416
58.39.139.200 - - [04/Oct/2021:09:57:40 +0800] "GET /xingrg/all/function/internal_message.html?_=1633312660732&CODE_STATE=getMsg HTTP/1.1" 200 27
180.169.147.146 - - [04/Oct/2021:09:57:45 +0800] "GET /xingrg/all/function/internal_message.html?_=1633312713923&CODE_STATE=getMsg HTTP/1.1" 200 27
180.169.147.146 - - [04/Oct/2021:09:57:45 +0800] "GET /xingrg/check_reg.html?_=1633312666097 HTTP/1.1" 200 22
180.169.147.146 - - [04/Oct/2021:09:57:45 +0800] "GET /xingrg/all/function/internal_message.html?_=1633312666098&CODE_STATE=getMsg HTTP/1.1" 200 27
58.37.227.186 - - [04/Oct/2021:09:57:47 +0800] "GET /xingrg/kc/buy/cgsh_order_operate.html?command=get_materiel&rest_code=00141&code=00101008112&supplier_code=00100007&order_time=2021-10-04 HTTP/1.1" 200 412
222.70.178.96 - - [04/Oct/2021:09:57:48 +0800] "GET /xingrg/all/function/internal_message.html?_=1633312667485&CODE_STATE=getMsg HTTP/1.1" 200 27
120.253.135.82 - - [04/Oct/2021:09:57:50 +0800] "GET /xingrg/all/function/internal_message.html?_=1633312442751&CODE_STATE=getMsg HTTP/1.1" 200 27
114.85.125.222 - - [04/Oct/2021:09:57:52 +0800] "GET /xingrg/all/function/internal_message.html?_=1633312638045&CODE_STATE=getMsg HTTP/1.1" 200 27
172.20.0.100 - - [04/Oct/2021:09:57:52 +0800] "GET /xingrg/all/function/internal_message.html?_=1633312674700&CODE_STATE=getMsg HTTP/1.1" 200 27
180.152.237.0 - - [04/Oct/2021:09:57:55 +0800] "GET /xingrg/check_reg.html?_=1633312657079 HTTP/1.1" 200 22
222.70.246.151 - - [04/Oct/2021:09:57:55 +0800] "GET /xingrg/kc/buy/cgsh_order_operate.html?command=get_materiel&rest_code=00146&code=00101008156&supplier_code=00100005&order_time=2021-10-04 HTTP/1.1" 200 414
180.152.237.0 - - [04/Oct/2021:09:57:55 +0800] "GET /xingrg/all/function/internal_message.html?_=1633312657449&CODE_STATE=getMsg HTTP/1.1" 200 27
58.37.227.186 - - [04/Oct/2021:09:57:57 +0800] "GET /xingrg/kc/buy/cgsh_order_operate.html?command=get_materiel&rest_code=00141&code=00101008185&supplier_code=00100007&order_time=2021-10-04 HTTP/1.1" 200 408
222.70.246.151 - - [04/Oct/2021:09:57:57 +0800] "GET /xingrg/all/function/internal_message.html?_=1633312679765&CODE_STATE=getMsg HTTP/1.1" 200 27
180.169.147.146 - - [04/Oct/2021:09:58:00 +0800] "POST /xingrg/kc/buy/cgsh_list_operate.html HTTP/1.1" 200 4
222.70.178.96 - - [04/Oct/2021:09:58:01 +0800] "GET /xingrg/all/function/internal_message.html?_=1633312679842&CODE_STATE=getMsg HTTP/1.1" 200 27
172.20.0.100 - - [04/Oct/2021:09:58:01 +0800] "GET /xingrg/all/function/internal_message.html?_=1633312681417&CODE_STATE=getMsg HTTP/1.1" 200 27
180.169.147.146 - - [04/Oct/2021:09:58:02 +0800] "POST /xingrg/kc/buy/cgsh_list_operate.html HTTP/1.1" 200 876
58.37.227.186 - - [04/Oct/2021:09:58:04 +0800] "GET /xingrg/kc/buy/cgsh_order_operate.html?command=get_materiel&rest_code=00141&code=00101008095&supplier_code=00100007&order_time=2021-10-04 HTTP/1.1" 200 412
58.37.227.186 - - [04/Oct/2021:09:58:06 +0800] "GET /xingrg/all/function/internal_message.html?_=1633312544864&CODE_STATE=getMsg HTTP/1.1" 200 27
222.70.246.151 - - [04/Oct/2021:09:58:08 +0800] "GET /xingrg/kc/buy/cgsh_order_operate.html?command=get_materiel&rest_code=00146&code=00101008125&supplier_code=00100005&order_time=2021-10-04 HTTP/1.1" 200 413
180.169.147.146 - - [04/Oct/2021:09:58:08 +0800] "GET /xingrg/all/function/internal_message.html?_=1633312689640&CODE_STATE=getMsg HTTP/1.1" 200 27
116.230.105.26 - - [04/Oct/2021:09:58:09 +0800] "GET /xingrg/all/function/internal_message.html?_=1633312679036&CODE_STATE=getMsg HTTP/1.1" 200 27
58.37.227.186 - - [04/Oct/2021:09:58:10 +0800] "GET /xingrg/kc/buy/cgsh_order_operate.html?command=get_materiel&rest_code=00141&code=00101008110&supplier_code=00100007&order_time=2021-10-04 HTTP/1.1" 200 408
116.238.248.233 - - [04/Oct/2021:09:58:11 +0800] "GET /xingrg/all/function/internal_message.html?_=1633312691210&CODE_STATE=getMsg HTTP/1.1" 200 27
116.238.248.233 - - [04/Oct/2021:09:58:11 +0800] "GET /xingrg/check_reg.html?_=1633312691213 HTTP/1.1" 200 22
222.70.246.151 - - [04/Oct/2021:09:58:11 +0800] "POST /xingrg/kc/buy/cgsh_order_operate.html HTTP/1.1" 200 2065
172.20.0.100 - - [04/Oct/2021:09:58:18 +0800] "GET /xingrg/check_reg.html?_=1633312698703 HTTP/1.1" 200 22
222.70.246.151 - - [04/Oct/2021:09:58:19 +0800] "GET /xingrg/kc/buy/cgsh_order_operate.html?command=get_materiel&rest_code=00146&code=00101008558&supplier_code=00100005&order_time=2021-10-04 HTTP/1.1" 200 395
114.86.228.17 - - [04/Oct/2021:09:58:24 +0800] "GET /xingrg/all/function/internal_message.html?_=1633312705643&CODE_STATE=getMsg HTTP/1.1" 200 27
101.83.240.195 - - [04/Oct/2021:09:58:27 +0800] "GET /xingrg/all/function/internal_message.html?_=1633312707517&CODE_STATE=getMsg HTTP/1.1" 200 27
101.83.240.195 - - [04/Oct/2021:09:58:27 +0800] "GET /xingrg/check_reg.html?_=1633312707519 HTTP/1.1" 200 22
222.70.246.151 - - [04/Oct/2021:09:58:28 +0800] "GET /xingrg/check_reg.html?_=1633312710942 HTTP/1.1" 200 22
222.70.246.151 - - [04/Oct/2021:09:58:30 +0800] "GET /xingrg/kc/buy/cgsh_order_operate.html?command=get_materiel&rest_code=00146&code=00101008163&supplier_code=00100005&order_time=2021-10-04 HTTP/1.1" 200 409
58.37.227.186 - - [04/Oct/2021:09:58:30 +0800] "GET /xingrg/kc/buy/cgsh_order_operate.html?command=get_materiel&rest_code=00141&code=00101008096&supplier_code=00100007&order_time=2021-10-04 HTTP/1.1" 200 412
58.37.227.186 - - [04/Oct/2021:09:58:37 +0800] "GET /xingrg/kc/buy/cgsh_order_operate.html?command=get_materiel&rest_code=00141&code=00101008361&supplier_code=00100007&order_time=2021-10-04 HTTP/1.1" 200 408
222.70.246.151 - - [04/Oct/2021:09:58:39 +0800] "GET /xingrg/kc/buy/cgsh_order_operate.html?command=get_materiel&rest_code=00146&code=00101008004&supplier_code=00100005&order_time=2021-10-04 HTTP/1.1" 200 416
58.39.139.200 - - [04/Oct/2021:09:58:40 +0800] "GET /xingrg/all/function/internal_message.html?_=1633312720714&CODE_STATE=getMsg HTTP/1.1" 200 27
120.253.135.82 - - [04/Oct/2021:09:58:43 +0800] "GET /xingrg/check_reg.html?_=1633312495261 HTTP/1.1" 200 22
180.169.147.146 - - [04/Oct/2021:09:58:45 +0800] "GET /xingrg/all/function/internal_message.html?_=1633312773922&CODE_STATE=getMsg HTTP/1.1" 200 27
180.169.147.146 - - [04/Oct/2021:09:58:45 +0800] "GET /xingrg/check_reg.html?_=1633312773926 HTTP/1.1" 200 22
180.169.147.146 - - [04/Oct/2021:09:58:45 +0800] "GET /xingrg/all/function/internal_message.html?_=1633312726101&CODE_STATE=getMsg HTTP/1.1" 200 27
58.37.227.186 - - [04/Oct/2021:09:58:45 +0800] "GET /xingrg/kc/buy/cgsh_order_operate.html?command=get_materiel&rest_code=00141&code=00101008355&supplier_code=00100007&order_time=2021-10-04 HTTP/1.1" 200 408
222.70.178.96 - - [04/Oct/2021:09:58:48 +0800] "GET /xingrg/all/function/internal_message.html?_=1633312727470&CODE_STATE=getMsg HTTP/1.1" 200 27
120.253.135.82 - - [04/Oct/2021:09:58:50 +0800] "GET /xingrg/all/function/internal_message.html?_=1633312502765&CODE_STATE=getMsg HTTP/1.1" 200 27
114.85.125.222 - - [04/Oct/2021:09:58:52 +0800] "GET /xingrg/all/function/internal_message.html?_=1633312698073&CODE_STATE=getMsg HTTP/1.1" 200 27
172.20.0.100 - - [04/Oct/2021:09:58:52 +0800] "GET /xingrg/all/function/internal_message.html?_=1633312734685&CODE_STATE=getMsg HTTP/1.1" 200 27
