114.85.125.222 - - [04/Oct/2021:07:38:25 +0800] "GET /xingrg/kc/buy/cgsh_order_operate.html?command=get_materiel&rest_code=00150&code=00101008312&supplier_code=00100007&order_time=2021-10-04 HTTP/1.1" 200 412
222.70.246.151 - - [04/Oct/2021:07:38:28 +0800] "GET /xingrg/check_reg.html?_=1633304310576 HTTP/1.1" 200 22
114.85.125.222 - - [04/Oct/2021:07:38:33 +0800] "GET /xingrg/kc/buy/cgsh_order_operate.html?command=get_materiel&rest_code=00150&code=00101008283&supplier_code=00100007&order_time=2021-10-04 HTTP/1.1" 200 408
114.85.125.222 - - [04/Oct/2021:07:38:41 +0800] "GET /xingrg/kc/buy/cgsh_order_operate.html?command=get_materiel&rest_code=00150&code=00101008298&supplier_code=00100007&order_time=2021-10-04 HTTP/1.1" 200 412
120.253.135.82 - - [04/Oct/2021:07:38:46 +0800] "GET /xingrg/kc/buy/cgsh_order_list.html HTTP/1.1" 200 48878
120.253.135.82 - - [04/Oct/2021:07:38:46 +0800] "POST /xingrg/kc/pszx/mdps_list_operate.html HTTP/1.1" 200 1692
120.253.135.82 - - [04/Oct/2021:07:38:48 +0800] "POST /xingrg/kc/buy/cgsh_list_operate.html HTTP/1.1" 200 1674
222.70.246.151 - - [04/Oct/2021:07:38:52 +0800] "GET /xingrg/all/function/internal_message.html?_=1633304334139&CODE_STATE=getMsg HTTP/1.1" 200 27
116.230.105.26 - - [04/Oct/2021:07:39:01 +0800] "GET /xingrg/all/function/internal_message.html?_=1633304331354&CODE_STATE=getMsg HTTP/1.1" 200 27
114.85.125.222 - - [04/Oct/2021:07:39:02 +0800] "GET /xingrg/all/function/internal_message.html?_=1633304307888&CODE_STATE=getMsg HTTP/1.1" 200 27
116.238.248.233 - - [04/Oct/2021:07:39:11 +0800] "GET /xingrg/all/function/internal_message.html?_=1633304350987&CODE_STATE=getMsg HTTP/1.1" 200 27
222.70.178.96 - - [04/Oct/2021:07:39:16 +0800] "GET /xingrg/all/function/internal_message.html?_=1633304354597&CODE_STATE=getMsg HTTP/1.1" 200 27
120.253.135.82 - - [04/Oct/2021:07:39:18 +0800] "GET /xingrg/all/function/internal_message.html?_=1633304129488&CODE_STATE=getMsg HTTP/1.1" 200 27
114.85.125.222 - - [04/Oct/2021:07:39:27 +0800] "GET /xingrg/kc/buy/cgsh_order_operate.html?command=get_materiel&rest_code=00150&code=00101008323&supplier_code=00100007&order_time=2021-10-04 HTTP/1.1" 200 408
114.85.125.222 - - [04/Oct/2021:07:39:38 +0800] "POST /xingrg/kc/buy/cgsh_order_operate.html HTTP/1.1" 200 37
114.85.125.222 - - [04/Oct/2021:07:39:39 +0800] "POST /xingrg/kc/buy/cgsh_order_operate.html HTTP/1.1" 200 19817
222.70.246.151 - - [04/Oct/2021:07:39:52 +0800] "GET /xingrg/all/function/internal_message.html?_=1633304394153&CODE_STATE=getMsg HTTP/1.1" 200 27
116.230.105.26 - - [04/Oct/2021:07:40:01 +0800] "GET /xingrg/all/function/internal_message.html?_=1633304391341&CODE_STATE=getMsg HTTP/1.1" 200 27
114.85.125.222 - - [04/Oct/2021:07:40:02 +0800] "GET /xingrg/all/function/internal_message.html?_=1633304367901&CODE_STATE=getMsg HTTP/1.1" 200 27
116.238.248.233 - - [04/Oct/2021:07:40:11 +0800] "GET /xingrg/all/function/internal_message.html?_=1633304410988&CODE_STATE=getMsg HTTP/1.1" 200 27
222.70.178.96 - - [04/Oct/2021:07:40:16 +0800] "GET /xingrg/all/function/internal_message.html?_=1633304414596&CODE_STATE=getMsg HTTP/1.1" 200 27
120.253.135.82 - - [04/Oct/2021:07:40:18 +0800] "GET /xingrg/all/function/internal_message.html?_=1633304189502&CODE_STATE=getMsg HTTP/1.1" 200 27
114.85.125.222 - - [04/Oct/2021:07:40:31 +0800] "GET /xingrg/kc/buy/cgsh_order_operate.html?command=get_materiel&rest_code=00150&code=00101008224&supplier_code=00100007&order_time=2021-10-04 HTTP/1.1" 200 416
114.85.125.222 - - [04/Oct/2021:07:40:44 +0800] "GET /xingrg/kc/buy/cgsh_order_operate.html?command=get_materiel&rest_code=00150&code=00101008223&supplier_code=00100007&order_time=2021-10-04 HTTP/1.1" 200 412
114.85.125.222 - - [04/Oct/2021:07:40:51 +0800] "POST /xingrg/kc/buy/cgsh_order_operate.html HTTP/1.1" 200 37
222.70.246.151 - - [04/Oct/2021:07:40:52 +0800] "GET /xingrg/all/function/internal_message.html?_=1633304454243&CODE_STATE=getMsg HTTP/1.1" 200 27
114.85.125.222 - - [04/Oct/2021:07:40:52 +0800] "POST /xingrg/kc/buy/cgsh_order_operate.html HTTP/1.1" 200 22772
116.230.105.26 - - [04/Oct/2021:07:41:01 +0800] "GET /xingrg/all/function/internal_message.html?_=1633304451346&CODE_STATE=getMsg HTTP/1.1" 200 27
116.230.105.26 - - [04/Oct/2021:07:41:01 +0800] "GET /xingrg/check_reg.html?_=1633304451350 HTTP/1.1" 200 22
114.85.125.222 - - [04/Oct/2021:07:41:02 +0800] "GET /xingrg/all/function/internal_message.html?_=1633304427915&CODE_STATE=getMsg HTTP/1.1" 200 27
116.238.248.233 - - [04/Oct/2021:07:41:11 +0800] "GET /xingrg/all/function/internal_message.html?_=1633304470990&CODE_STATE=getMsg HTTP/1.1" 200 27
114.85.125.222 - - [04/Oct/2021:07:41:13 +0800] "GET /xingrg/kc/buy/cgsh_order_operate.html?command=get_materiel&rest_code=00150&code=00101008186&supplier_code=00100007&order_time=2021-10-04 HTTP/1.1" 200 408
120.253.135.82 - - [04/Oct/2021:07:41:15 +0800] "GET /xingrg/check_reg.html?_=1633304246664 HTTP/1.1" 200 22
222.70.178.96 - - [04/Oct/2021:07:41:16 +0800] "GET /xingrg/all/function/internal_message.html?_=1633304474612&CODE_STATE=getMsg HTTP/1.1" 200 27
120.253.135.82 - - [04/Oct/2021:07:41:18 +0800] "GET /xingrg/all/function/internal_message.html?_=1633304249515&CODE_STATE=getMsg HTTP/1.1" 200 27
114.85.125.222 - - [04/Oct/2021:07:41:19 +0800] "GET /xingrg/kc/buy/cgsh_order_operate.html?command=get_materiel&rest_code=00150&code=00101008313&supplier_code=00100007&order_time=2021-10-04 HTTP/1.1" 200 412
114.85.125.222 - - [04/Oct/2021:07:41:26 +0800] "GET /xingrg/kc/buy/cgsh_order_operate.html?command=get_materiel&rest_code=00150&code=00101008496&supplier_code=00100007&order_time=2021-10-04 HTTP/1.1" 200 392
114.85.125.222 - - [04/Oct/2021:07:41:33 +0800] "POST /xingrg/kc/buy/cgsh_order_operate.html HTTP/1.1" 200 37
114.85.125.222 - - [04/Oct/2021:07:41:34 +0800] "POST /xingrg/kc/buy/cgsh_order_operate.html HTTP/1.1" 200 25720
114.85.125.222 - - [04/Oct/2021:07:41:41 +0800] "GET /xingrg/kc/buy/cgsh_order_operate.html?command=get_materiel&rest_code=00150&code=00101008150&supplier_code=00100007&order_time=2021-10-04 HTTP/1.1" 200 409
114.85.125.222 - - [04/Oct/2021:07:41:48 +0800] "GET /xingrg/kc/buy/cgsh_order_operate.html?command=get_materiel&rest_code=00150&code=00101008236&supplier_code=00100007&order_time=2021-10-04 HTTP/1.1" 200 416
222.70.246.151 - - [04/Oct/2021:07:41:52 +0800] "GET /xingrg/all/function/internal_message.html?_=1633304514257&CODE_STATE=getMsg HTTP/1.1" 200 27
114.85.125.222 - - [04/Oct/2021:07:41:54 +0800] "GET /xingrg/kc/buy/cgsh_order_operate.html?command=get_materiel&rest_code=00150&code=00101008061&supplier_code=00100007&order_time=2021-10-04 HTTP/1.1" 200 422
114.85.125.222 - - [04/Oct/2021:07:42:01 +0800] "GET /xingrg/kc/buy/cgsh_order_operate.html?command=get_materiel&rest_code=00150&code=00101008095&supplier_code=00100007&order_time=2021-10-04 HTTP/1.1" 200 412
116.230.105.26 - - [04/Oct/2021:07:42:01 +0800] "GET /xingrg/all/function/internal_message.html?_=1633304511342&CODE_STATE=getMsg HTTP/1.1" 200 27
114.85.125.222 - - [04/Oct/2021:07:42:02 +0800] "GET /xingrg/all/function/internal_message.html?_=1633304488004&CODE_STATE=getMsg HTTP/1.1" 200 27
114.85.125.222 - - [04/Oct/2021:07:42:07 +0800] "GET /xingrg/kc/buy/cgsh_order_operate.html?command=get_materiel&rest_code=00150&code=00101008110&supplier_code=00100007&order_time=2021-10-04 HTTP/1.1" 200 408
116.238.248.233 - - [04/Oct/2021:07:42:11 +0800] "GET /xingrg/all/function/internal_message.html?_=1633304530991&CODE_STATE=getMsg HTTP/1.1" 200 27
114.85.125.222 - - [04/Oct/2021:07:42:12 +0800] "POST /xingrg/kc/buy/cgsh_order_operate.html HTTP/1.1" 200 37
114.85.125.222 - - [04/Oct/2021:07:42:14 +0800] "POST /xingrg/kc/buy/cgsh_order_operate.html HTTP/1.1" 200 28682
222.70.178.96 - - [04/Oct/2021:07:42:16 +0800] "GET /xingrg/all/function/internal_message.html?_=1633304534596&CODE_STATE=getMsg HTTP/1.1" 200 27
120.253.135.82 - - [04/Oct/2021:07:42:18 +0800] "GET /xingrg/all/function/internal_message.html?_=1633304309530&CODE_STATE=getMsg HTTP/1.1" 200 27
114.85.125.222 - - [04/Oct/2021:07:42:19 +0800] "GET /xingrg/kc/buy/cgsh_order_operate.html?command=get_materiel&rest_code=00150&code=00101008214&supplier_code=00100007&order_time=2021-10-04 HTTP/1.1" 200 409
114.85.125.222 - - [04/Oct/2021:07:42:34 +0800] "POST /xingrg/kc/buy/cgsh_order_operate.html HTTP/1.1" 200 37
114.85.125.222 - - [04/Oct/2021:07:42:35 +0800] "POST /xingrg/kc/buy/cgsh_order_operate.html HTTP/1.1" 200 29857
114.85.125.222 - - [04/Oct/2021:07:42:41 +0800] "GET /xingrg/kc/buy/cgsh_order_add.html HTTP/1.1" 200 64552
114.85.125.222 - - [04/Oct/2021:07:42:42 +0800] "POST /xingrg/kc/buy/cgsh_order_operate.html HTTP/1.1" 200 8245
114.85.125.222 - - [04/Oct/2021:07:42:42 +0800] "GET /xingrg/javascript/easyui/themes/default/validatebox.css HTTP/1.1" 404 1104
222.70.246.151 - - [04/Oct/2021:07:42:52 +0800] "GET /xingrg/all/function/internal_message.html?_=1633304574373&CODE_STATE=getMsg HTTP/1.1" 200 27
114.85.125.222 - - [04/Oct/2021:07:42:56 +0800] "GET /xingrg/kc/buy/cgsh_order_operate.html?command=get_materiel&rest_code=00150&code=00101011005&supplier_code=00100047&order_time=2021-10-04 HTTP/1.1" 200 428
116.230.105.26 - - [04/Oct/2021:07:43:01 +0800] "GET /xingrg/all/function/internal_message.html?_=1633304571336&CODE_STATE=getMsg HTTP/1.1" 200 27
114.85.125.222 - - [04/Oct/2021:07:43:02 +0800] "GET /xingrg/check_reg.html?_=1633304547879 HTTP/1.1" 200 22
114.85.125.222 - - [04/Oct/2021:07:43:02 +0800] "GET /xingrg/all/function/internal_message.html?_=1633304548005&CODE_STATE=getMsg HTTP/1.1" 200 27
114.85.125.222 - - [04/Oct/2021:07:43:07 +0800] "GET /xingrg/kc/buy/cgsh_order_operate.html?command=get_materiel&rest_code=00150&code=00101011001&supplier_code=00100047&order_time=2021-10-04 HTTP/1.1" 200 423
116.238.248.233 - - [04/Oct/2021:07:43:11 +0800] "GET /xingrg/check_reg.html?_=1633304590991 HTTP/1.1" 200 22
116.238.248.233 - - [04/Oct/2021:07:43:11 +0800] "GET /xingrg/all/function/internal_message.html?_=1633304590992&CODE_STATE=getMsg HTTP/1.1" 200 27
222.70.178.96 - - [04/Oct/2021:07:43:16 +0800] "GET /xingrg/check_reg.html?_=1633304594613 HTTP/1.1" 200 22
222.70.178.96 - - [04/Oct/2021:07:43:16 +0800] "GET /xingrg/all/function/internal_message.html?_=1633304594611&CODE_STATE=getMsg HTTP/1.1" 200 27
120.253.135.82 - - [04/Oct/2021:07:43:18 +0800] "GET /xingrg/all/function/internal_message.html?_=1633304369543&CODE_STATE=getMsg HTTP/1.1" 200 27
114.85.125.222 - - [04/Oct/2021:07:43:21 +0800] "GET /xingrg/kc/buy/cgsh_order_operate.html?command=get_materiel&rest_code=00150&code=00101011003&supplier_code=00100047&order_time=2021-10-04 HTTP/1.1" 200 413
114.85.125.222 - - [04/Oct/2021:07:43:25 +0800] "POST /xingrg/kc/buy/cgsh_order_operate.html HTTP/1.1" 200 37
114.85.125.222 - - [04/Oct/2021:07:43:27 +0800] "POST /xingrg/kc/buy/cgsh_order_operate.html HTTP/1.1" 200 3848
222.70.246.151 - - [04/Oct/2021:07:43:28 +0800] "GET /xingrg/check_reg.html?_=1633304610576 HTTP/1.1" 200 22
114.85.125.222 - - [04/Oct/2021:07:43:29 +0800] "GET /xingrg/kc/buy/cgsh_order_add.html HTTP/1.1" 200 64552
114.85.125.222 - - [04/Oct/2021:07:43:29 +0800] "POST /xingrg/kc/buy/cgsh_order_operate.html HTTP/1.1" 200 8245
114.85.125.222 - - [04/Oct/2021:07:43:30 +0800] "GET /xingrg/javascript/easyui/themes/default/validatebox.css HTTP/1.1" 404 1104
114.85.125.222 - - [04/Oct/2021:07:43:40 +0800] "GET /xingrg/kc/buy/cgsh_order_operate.html?command=get_materiel&rest_code=00150&code=00101009109&supplier_code=00100424&order_time=2021-10-04 HTTP/1.1" 200 399
222.70.246.151 - - [04/Oct/2021:07:43:52 +0800] "GET /xingrg/all/function/internal_message.html?_=1633304634379&CODE_STATE=getMsg HTTP/1.1" 200 27
114.85.125.222 - - [04/Oct/2021:07:43:53 +0800] "GET /xingrg/kc/buy/cgsh_order_operate.html?command=get_materiel&rest_code=00150&code=00101009062&supplier_code=00100424&order_time=2021-10-04 HTTP/1.1" 200 412
114.85.125.222 - - [04/Oct/2021:07:44:00 +0800] "GET /xingrg/kc/buy/cgsh_order_operate.html?command=get_materiel&rest_code=00150&code=00101009011&supplier_code=00100424&order_time=2021-10-04 HTTP/1.1" 200 416
116.230.105.26 - - [04/Oct/2021:07:44:01 +0800] "GET /xingrg/all/function/internal_message.html?_=1633304631347&CODE_STATE=getMsg HTTP/1.1" 200 27
114.85.125.222 - - [04/Oct/2021:07:44:02 +0800] "GET /xingrg/all/function/internal_message.html?_=1633304608017&CODE_STATE=getMsg HTTP/1.1" 200 27
114.85.125.222 - - [04/Oct/2021:07:44:07 +0800] "GET /xingrg/kc/buy/cgsh_order_operate.html?command=get_materiel&rest_code=00150&code=00101009016&supplier_code=00100424&order_time=2021-10-04 HTTP/1.1" 200 412
116.238.248.233 - - [04/Oct/2021:07:44:11 +0800] "GET /xingrg/all/function/internal_message.html?_=1633304650991&CODE_STATE=getMsg HTTP/1.1" 200 27
114.85.125.222 - - [04/Oct/2021:07:44:14 +0800] "GET /xingrg/kc/buy/cgsh_order_operate.html?command=get_materiel&rest_code=00150&code=00101009124&supplier_code=00100424&order_time=2021-10-04 HTTP/1.1" 200 402
222.70.178.96 - - [04/Oct/2021:07:44:16 +0800] "GET /xingrg/all/function/internal_message.html?_=1633304654599&CODE_STATE=getMsg HTTP/1.1" 200 27
120.253.135.82 - - [04/Oct/2021:07:44:18 +0800] "GET /xingrg/all/function/internal_message.html?_=1633304429557&CODE_STATE=getMsg HTTP/1.1" 200 27
114.85.125.222 - - [04/Oct/2021:07:44:32 +0800] "GET /xingrg/kc/buy/cgsh_order_operate.html?command=get_materiel&rest_code=00150&code=00101009007&supplier_code=00100424&order_time=2021-10-04 HTTP/1.1" 200 408
222.70.246.151 - - [04/Oct/2021:07:44:52 +0800] "GET /xingrg/all/function/internal_message.html?_=1633304694393&CODE_STATE=getMsg HTTP/1.1" 200 27
116.230.105.26 - - [04/Oct/2021:07:45:01 +0800] "GET /xingrg/all/function/internal_message.html?_=1633304691345&CODE_STATE=getMsg HTTP/1.1" 200 27
114.85.125.222 - - [04/Oct/2021:07:45:02 +0800] "GET /xingrg/all/function/internal_message.html?_=1633304668032&CODE_STATE=getMsg HTTP/1.1" 200 27
114.85.125.222 - - [04/Oct/2021:07:45:08 +0800] "GET /xingrg/kc/buy/cgsh_order_operate.html?command=get_materiel&rest_code=00150&code=00101009015&supplier_code=00100424&order_time=2021-10-04 HTTP/1.1" 200 416
116.238.248.233 - - [04/Oct/2021:07:45:11 +0800] "GET /xingrg/all/function/internal_message.html?_=1633304710990&CODE_STATE=getMsg HTTP/1.1" 200 27
222.70.178.96 - - [04/Oct/2021:07:45:16 +0800] "GET /xingrg/all/function/internal_message.html?_=1633304714598&CODE_STATE=getMsg HTTP/1.1" 200 27
114.85.125.222 - - [04/Oct/2021:07:45:17 +0800] "GET /xingrg/kc/buy/cgsh_order_operate.html?command=get_materiel&rest_code=00150&code=00101009013&supplier_code=00100424&order_time=2021-10-04 HTTP/1.1" 200 420
120.253.135.82 - - [04/Oct/2021:07:45:18 +0800] "GET /xingrg/all/function/internal_message.html?_=1633304489571&CODE_STATE=getMsg HTTP/1.1" 200 27
114.85.125.222 - - [04/Oct/2021:07:45:24 +0800] "POST /xingrg/kc/buy/cgsh_order_operate.html HTTP/1.1" 200 37
114.85.125.222 - - [04/Oct/2021:07:45:25 +0800] "POST /xingrg/kc/buy/cgsh_order_operate.html HTTP/1.1" 200 9199
222.70.246.151 - - [04/Oct/2021:07:45:52 +0800] "GET /xingrg/all/function/internal_message.html?_=1633304754496&CODE_STATE=getMsg HTTP/1.1" 200 27
114.85.125.222 - - [04/Oct/2021:07:45:58 +0800] "GET /xingrg/kc/buy/cgsh_order_add.html HTTP/1.1" 200 64552
114.85.125.222 - - [04/Oct/2021:07:45:59 +0800] "POST /xingrg/kc/buy/cgsh_order_operate.html HTTP/1.1" 200 8245
114.85.125.222 - - [04/Oct/2021:07:45:59 +0800] "GET /xingrg/javascript/easyui/themes/default/validatebox.css HTTP/1.1" 404 1104
116.230.105.26 - - [04/Oct/2021:07:46:01 +0800] "GET /xingrg/all/function/internal_message.html?_=1633304751334&CODE_STATE=getMsg HTTP/1.1" 200 27
116.230.105.26 - - [04/Oct/2021:07:46:01 +0800] "GET /xingrg/check_reg.html?_=1633304751336 HTTP/1.1" 200 22
114.85.125.222 - - [04/Oct/2021:07:46:02 +0800] "GET /xingrg/all/function/internal_message.html?_=1633304728046&CODE_STATE=getMsg HTTP/1.1" 200 27
114.85.125.222 - - [04/Oct/2021:07:46:08 +0800] "GET /xingrg/kc/buy/cgsh_order_operate.html?command=get_materiel&rest_code=00150&code=00101012039&supplier_code=00100096&order_time=2021-10-04 HTTP/1.1" 200 408
116.238.248.233 - - [04/Oct/2021:07:46:11 +0800] "GET /xingrg/all/function/internal_message.html?_=1633304771005&CODE_STATE=getMsg HTTP/1.1" 200 27
120.253.135.82 - - [04/Oct/2021:07:46:15 +0800] "GET /xingrg/check_reg.html?_=1633304546669 HTTP/1.1" 200 22
222.70.178.96 - - [04/Oct/2021:07:46:16 +0800] "GET /xingrg/all/function/internal_message.html?_=1633304774599&CODE_STATE=getMsg HTTP/1.1" 200 27
120.253.135.82 - - [04/Oct/2021:07:46:18 +0800] "GET /xingrg/all/function/internal_message.html?_=1633304549584&CODE_STATE=getMsg HTTP/1.1" 200 27
114.85.125.222 - - [04/Oct/2021:07:46:19 +0800] "GET /xingrg/kc/buy/cgsh_order_operate.html?command=get_materiel&rest_code=00150&code=00101012030&supplier_code=00100096&order_time=2021-10-04 HTTP/1.1" 200 416
114.85.125.222 - - [04/Oct/2021:07:46:30 +0800] "GET /xingrg/kc/buy/cgsh_order_operate.html?command=get_materiel&rest_code=00150&code=00101012003&supplier_code=00100096&order_time=2021-10-04 HTTP/1.1" 200 412
222.70.246.151 - - [04/Oct/2021:07:46:52 +0800] "GET /xingrg/all/function/internal_message.html?_=1633304814497&CODE_STATE=getMsg HTTP/1.1" 200 27
114.85.125.222 - - [04/Oct/2021:07:46:55 +0800] "GET /xingrg/kc/buy/cgsh_order_operate.html?command=get_materiel&rest_code=00150&code=00101006129&supplier_code=00100096&order_time=2021-10-04 HTTP/1.1" 200 431
116.230.105.26 - - [04/Oct/2021:07:47:01 +0800] "GET /xingrg/all/function/internal_message.html?_=1633304811350&CODE_STATE=getMsg HTTP/1.1" 200 27
114.85.125.222 - - [04/Oct/2021:07:47:02 +0800] "GET /xingrg/all/function/internal_message.html?_=1633304788063&CODE_STATE=getMsg HTTP/1.1" 200 27
114.85.125.222 - - [04/Oct/2021:07:47:03 +0800] "GET /xingrg/kc/buy/cgsh_order_operate.html?command=get_materiel&rest_code=00150&code=00101006184&supplier_code=00100096&order_time=2021-10-04 HTTP/1.1" 200 408
116.238.248.233 - - [04/Oct/2021:07:47:11 +0800] "GET /xingrg/all/function/internal_message.html?_=1633304831004&CODE_STATE=getMsg HTTP/1.1" 200 27
114.85.125.222 - - [04/Oct/2021:07:47:14 +0800] "GET /xingrg/kc/buy/cgsh_order_operate.html?command=get_materiel&rest_code=00150&code=00101006109&supplier_code=00100096&order_time=2021-10-04 HTTP/1.1" 200 409
222.70.178.96 - - [04/Oct/2021:07:47:16 +0800] "GET /xingrg/all/function/internal_message.html?_=1633304834599&CODE_STATE=getMsg HTTP/1.1" 200 27
120.253.135.82 - - [04/Oct/2021:07:47:18 +0800] "GET /xingrg/all/function/internal_message.html?_=1633304609598&CODE_STATE=getMsg HTTP/1.1" 200 27
114.85.125.222 - - [04/Oct/2021:07:47:23 +0800] "GET /xingrg/kc/buy/cgsh_order_operate.html?command=get_materiel&rest_code=00150&code=00101006065&supplier_code=00100096&order_time=2021-10-04 HTTP/1.1" 200 411
114.85.125.222 - - [04/Oct/2021:07:47:31 +0800] "GET /xingrg/kc/buy/cgsh_order_operate.html?command=get_materiel&rest_code=00150&code=00101006112&supplier_code=00100096&order_time=2021-10-04 HTTP/1.1" 200 409
114.85.125.222 - - [04/Oct/2021:07:47:40 +0800] "GET /xingrg/kc/buy/cgsh_order_operate.html?command=get_materiel&rest_code=00150&code=00101006111&supplier_code=00100096&order_time=2021-10-04 HTTP/1.1" 200 409
114.85.125.222 - - [04/Oct/2021:07:47:50 +0800] "GET /xingrg/kc/buy/cgsh_order_operate.html?command=get_materiel&rest_code=00150&code=00101006168&supplier_code=00100096&order_time=2021-10-04 HTTP/1.1" 200 423
222.70.246.151 - - [04/Oct/2021:07:47:52 +0800] "GET /xingrg/all/function/internal_message.html?_=1633304874600&CODE_STATE=getMsg HTTP/1.1" 200 27
116.230.105.26 - - [04/Oct/2021:07:48:01 +0800] "GET /xingrg/all/function/internal_message.html?_=1633304871345&CODE_STATE=getMsg HTTP/1.1" 200 27
114.85.125.222 - - [04/Oct/2021:07:48:02 +0800] "GET /xingrg/check_reg.html?_=1633304847887 HTTP/1.1" 200 22
114.85.125.222 - - [04/Oct/2021:07:48:02 +0800] "GET /xingrg/all/function/internal_message.html?_=1633304848073&CODE_STATE=getMsg HTTP/1.1" 200 27
114.85.125.222 - - [04/Oct/2021:07:48:09 +0800] "GET /xingrg/kc/buy/cgsh_order_operate.html?command=get_materiel&rest_code=00150&code=00101007061&supplier_code=00100096&order_time=2021-10-04 HTTP/1.1" 200 409
116.238.248.233 - - [04/Oct/2021:07:48:11 +0800] "GET /xingrg/check_reg.html?_=1633304891004 HTTP/1.1" 200 22
116.238.248.233 - - [04/Oct/2021:07:48:11 +0800] "GET /xingrg/all/function/internal_message.html?_=1633304891007&CODE_STATE=getMsg HTTP/1.1" 200 27
222.70.178.96 - - [04/Oct/2021:07:48:16 +0800] "GET /xingrg/all/function/internal_message.html?_=1633304894598&CODE_STATE=getMsg HTTP/1.1" 200 27
222.70.178.96 - - [04/Oct/2021:07:48:16 +0800] "GET /xingrg/check_reg.html?_=1633304894601 HTTP/1.1" 200 22
120.253.135.82 - - [04/Oct/2021:07:48:18 +0800] "GET /xingrg/all/function/internal_message.html?_=1633304669611&CODE_STATE=getMsg HTTP/1.1" 200 27
114.85.125.222 - - [04/Oct/2021:07:48:22 +0800] "GET /xingrg/kc/buy/cgsh_order_operate.html?command=get_materiel&rest_code=00150&code=00101007049&supplier_code=00100096&order_time=2021-10-04 HTTP/1.1" 200 411
222.70.246.151 - - [04/Oct/2021:07:48:28 +0800] "GET /xingrg/check_reg.html?_=1633304910582 HTTP/1.1" 200 22
120.253.135.82 - - [04/Oct/2021:07:48:30 +0800] "POST /xingrg/kc/buy/cgsh_list_operate.html HTTP/1.1" 200 210
120.253.135.82 - - [04/Oct/2021:07:48:32 +0800] "GET /xingrg/kc/buy/cgsh_order_info.html?code=212021100301144 HTTP/1.1" 200 63674
120.253.135.82 - - [04/Oct/2021:07:48:32 +0800] "GET /xingrg/javascript/easyui/themes/default/validatebox.css HTTP/1.1" 404 1104
120.253.135.82 - - [04/Oct/2021:07:48:32 +0800] "POST /xingrg/kc/buy/cgsh_order_operate.html HTTP/1.1" 200 2684
120.253.135.82 - - [04/Oct/2021:07:48:39 +0800] "POST /xingrg/kc/buy/cgsh_order_operate.html HTTP/1.1" 200 12
120.253.135.82 - - [04/Oct/2021:07:48:42 +0800] "POST /xingrg/kc/buy/cgsh_list_operate.html HTTP/1.1" 200 876
114.85.125.222 - - [04/Oct/2021:07:48:43 +0800] "GET /xingrg/kc/buy/cgsh_order_operate.html?command=get_materiel&rest_code=00150&code=00101007077&supplier_code=00100096&order_time=2021-10-04 HTTP/1.1" 200 415
120.253.135.82 - - [04/Oct/2021:07:48:44 +0800] "GET /xingrg/kc/report/report_main.html HTTP/1.1" 200 9370
120.253.135.82 - - [04/Oct/2021:07:48:45 +0800] "POST /xingrg/kc/buy/cgsh_list_operate.html HTTP/1.1" 200 876
120.253.135.82 - - [04/Oct/2021:07:48:46 +0800] "GET /xingrg/kc/base/kc_stocks.html HTTP/1.1" 200 16437
120.253.135.82 - - [04/Oct/2021:07:48:46 +0800] "GET /xingrg/javascript/easyui/themes/default/tree.css HTTP/1.1" 404 1090
120.253.135.82 - - [04/Oct/2021:07:48:46 +0800] "POST /xingrg/all/common/load_tree.html?tree=materiel_sort_tree_json HTTP/1.1" 200 8912
120.253.135.82 - - [04/Oct/2021:07:48:47 +0800] "POST /xingrg/all/common/load_combo.html?type=base HTTP/1.1" 200 1075
114.85.125.222 - - [04/Oct/2021:07:48:51 +0800] "GET /xingrg/kc/buy/cgsh_order_operate.html?command=get_materiel&rest_code=00150&code=00101007031&supplier_code=00100096&order_time=2021-10-04 HTTP/1.1" 200 413
222.70.246.151 - - [04/Oct/2021:07:48:52 +0800] "GET /xingrg/all/function/internal_message.html?_=1633304934603&CODE_STATE=getMsg HTTP/1.1" 200 27
120.253.135.82 - - [04/Oct/2021:07:48:55 +0800] "POST /xingrg/kc/base/stock_operate.html HTTP/1.1" 200 2262
116.230.105.26 - - [04/Oct/2021:07:49:01 +0800] "GET /xingrg/all/function/internal_message.html?_=1633304931338&CODE_STATE=getMsg HTTP/1.1" 200 27
114.85.125.222 - - [04/Oct/2021:07:49:02 +0800] "GET /xingrg/all/function/internal_message.html?_=1633304908086&CODE_STATE=getMsg HTTP/1.1" 200 27
114.85.125.222 - - [04/Oct/2021:07:49:05 +0800] "GET /xingrg/kc/buy/cgsh_order_operate.html?command=get_materiel&rest_code=00150&code=00101007021&supplier_code=00100096&order_time=2021-10-04 HTTP/1.1" 200 409
120.253.135.82 - - [04/Oct/2021:07:49:07 +0800] "POST /xingrg/kc/base/stock_operate.html HTTP/1.1" 200 1472
116.238.248.233 - - [04/Oct/2021:07:49:11 +0800] "GET /xingrg/all/function/internal_message.html?_=1633304950992&CODE_STATE=getMsg HTTP/1.1" 200 27
114.85.125.222 - - [04/Oct/2021:07:49:13 +0800] "GET /xingrg/kc/buy/cgsh_order_operate.html?command=get_materiel&rest_code=00150&code=00101007081&supplier_code=00100096&order_time=2021-10-04 HTTP/1.1" 200 413
222.70.178.96 - - [04/Oct/2021:07:49:16 +0800] "GET /xingrg/all/function/internal_message.html?_=1633304954599&CODE_STATE=getMsg HTTP/1.1" 200 27
120.253.135.82 - - [04/Oct/2021:07:49:18 +0800] "GET /xingrg/all/function/internal_message.html?_=1633304729625&CODE_STATE=getMsg HTTP/1.1" 200 27
114.85.125.222 - - [04/Oct/2021:07:49:26 +0800] "GET /xingrg/kc/buy/cgsh_order_operate.html?command=get_materiel&rest_code=00150&code=00101007071&supplier_code=00100096&order_time=2021-10-04 HTTP/1.1" 200 417
114.85.125.222 - - [04/Oct/2021:07:49:33 +0800] "GET /xingrg/kc/buy/cgsh_order_operate.html?command=get_materiel&rest_code=00150&code=00101007059&supplier_code=00100096&order_time=2021-10-04 HTTP/1.1" 200 411
114.85.125.222 - - [04/Oct/2021:07:49:40 +0800] "GET /xingrg/kc/buy/cgsh_order_operate.html?command=get_materiel&rest_code=00150&code=00101006133&supplier_code=00100096&order_time=2021-10-04 HTTP/1.1" 200 415
114.85.125.222 - - [04/Oct/2021:07:49:51 +0800] "GET /xingrg/kc/buy/cgsh_order_operate.html?command=get_materiel&rest_code=00150&code=00101001010&supplier_code=00100096&order_time=2021-10-04 HTTP/1.1" 200 411
222.70.246.151 - - [04/Oct/2021:07:49:52 +0800] "GET /xingrg/all/function/internal_message.html?_=1633304994617&CODE_STATE=getMsg HTTP/1.1" 200 27
114.85.125.222 - - [04/Oct/2021:07:49:56 +0800] "POST /xingrg/kc/buy/cgsh_order_operate.html HTTP/1.1" 200 37
114.85.125.222 - - [04/Oct/2021:07:49:57 +0800] "POST /xingrg/kc/buy/cgsh_order_operate.html HTTP/1.1" 200 13968
116.230.105.26 - - [04/Oct/2021:07:50:01 +0800] "GET /xingrg/all/function/internal_message.html?_=1633304991348&CODE_STATE=getMsg HTTP/1.1" 200 27
114.85.125.222 - - [04/Oct/2021:07:50:02 +0800] "GET /xingrg/all/function/internal_message.html?_=1633304968100&CODE_STATE=getMsg HTTP/1.1" 200 27
114.85.125.222 - - [04/Oct/2021:07:50:05 +0800] "GET /xingrg/javascript/jquery_easy_ui/themes/default/images/button_a_bg.gif HTTP/1.1" 304 -
114.85.125.222 - - [04/Oct/2021:07:50:05 +0800] "GET /xingrg/javascript/jquery_easy_ui/themes/default/images/button_span_bg.gif HTTP/1.1" 304 -
114.85.125.222 - - [04/Oct/2021:07:50:05 +0800] "GET /xingrg/javascript/jquery_easy_ui/themes/icons/ok.png HTTP/1.1" 304 -
114.85.125.222 - - [04/Oct/2021:07:50:05 +0800] "GET /xingrg/javascript/jquery_easy_ui/themes/default/images/panel_tools.gif HTTP/1.1" 304 -
114.85.125.222 - - [04/Oct/2021:07:50:05 +0800] "GET /xingrg/javascript/jquery_easy_ui/themes/default/images/panel_title.png HTTP/1.1" 304 -
120.253.135.82 - - [04/Oct/2021:07:50:07 +0800] "GET /xingrg/kc/buy/cgsh_order_list.html HTTP/1.1" 200 48878
120.253.135.82 - - [04/Oct/2021:07:50:07 +0800] "POST /xingrg/kc/buy/cgsh_list_operate.html HTTP/1.1" 200 876
114.85.125.222 - - [04/Oct/2021:07:50:08 +0800] "POST /xingrg/all/user/operate.html HTTP/1.1" 200 36
120.253.135.82 - - [04/Oct/2021:07:50:09 +0800] "GET /xingrg/kc/buy/cgsh_order_add.html HTTP/1.1" 200 63677
120.253.135.82 - - [04/Oct/2021:07:50:09 +0800] "POST /xingrg/kc/buy/cgsh_order_operate.html HTTP/1.1" 200 8245
114.85.125.222 - - [04/Oct/2021:07:50:09 +0800] "GET /xingrg/index.html?sysBaseUrl=http%3A%2F%2F180.169.147.146%3A18081%2Fxingrg%2F&costTime=42×tamp=1633303917091 HTTP/1.1" 200 17177
114.85.125.222 - - [04/Oct/2021:07:50:09 +0800] "GET /xingrg/javascript/jquery_easy_ui/themes/default/easyui.css HTTP/1.1" 304 -
114.85.125.222 - - [04/Oct/2021:07:50:09 +0800] "GET /xingrg/javascript/jquery_easy_ui/themes/icon.css HTTP/1.1" 304 -
114.85.125.222 - - [04/Oct/2021:07:50:09 +0800] "GET /xingrg/css/form.css HTTP/1.1" 304 -
114.85.125.222 - - [04/Oct/2021:07:50:09 +0800] "GET /xingrg/javascript/jquery-1.4.2.min.js HTTP/1.1" 304 -
114.85.125.222 - - [04/Oct/2021:07:50:09 +0800] "GET /xingrg/javascript/jquery_easy_ui/jquery.easyui.min.js HTTP/1.1" 304 -
114.85.125.222 - - [04/Oct/2021:07:50:09 +0800] "GET /xingrg/javascript/jquery_easy_ui/easyui-lang-zh_CN.js HTTP/1.1" 304 -
114.85.125.222 - - [04/Oct/2021:07:50:09 +0800] "GET /xingrg/javascript/jquery.form.js HTTP/1.1" 304 -
114.85.125.222 - - [04/Oct/2021:07:50:09 +0800] "GET /xingrg/javascript/jquery.utils.js HTTP/1.1" 304 -
114.85.125.222 - - [04/Oct/2021:07:50:09 +0800] "GET /xingrg/javascript/jquery.timers.js HTTP/1.1" 304 -
114.85.125.222 - - [04/Oct/2021:07:50:09 +0800] "GET /xingrg/images/blue/jxLogo.png HTTP/1.1" 304 -
114.85.125.222 - - [04/Oct/2021:07:50:09 +0800] "GET /xingrg/images/blue/navBackgound.jpg HTTP/1.1" 304 -
114.85.125.222 - - [04/Oct/2021:07:50:09 +0800] "GET /xingrg/javascript/jquery_easy_ui/themes/icons/settle_new.png HTTP/1.1" 304 -
114.85.125.222 - - [04/Oct/2021:07:50:09 +0800] "POST /xingrg/all/common/load_tree.html?tree=area_rest_tree_json&manage=1 HTTP/1.1" 200 476
114.85.125.222 - - [04/Oct/2021:07:50:09 +0800] "GET /xingrg/images/blue/pingpu.png HTTP/1.1" 304 -
114.85.125.222 - - [04/Oct/2021:07:50:09 +0800] "GET /xingrg/javascript/jquery_easy_ui/themes/default/images/tabs_leftarrow.png HTTP/1.1" 304 -
114.85.125.222 - - [04/Oct/2021:07:50:09 +0800] "GET /xingrg/javascript/jquery_easy_ui/themes/default/images/tabs_rightarrow.png HTTP/1.1" 304 -
114.85.125.222 - - [04/Oct/2021:07:50:09 +0800] "GET /xingrg/javascript/jquery_easy_ui/themes/default/images/panel_tool_collapse.gif HTTP/1.1" 304 -
114.85.125.222 - - [04/Oct/2021:07:50:09 +0800] "GET /xingrg/all/function/internal_message.html?_=1633304975766&CODE_STATE=count HTTP/1.1" 200 11
114.85.125.222 - - [04/Oct/2021:07:50:09 +0800] "GET /xingrg/check_reg.html?_=1633304975767 HTTP/1.1" 200 22
114.85.125.222 - - [04/Oct/2021:07:50:09 +0800] "POST /xingrg/load_menu.html HTTP/1.1" 200 5138
120.253.135.82 - - [04/Oct/2021:07:50:09 +0800] "GET /xingrg/javascript/easyui/themes/default/validatebox.css HTTP/1.1" 404 1104
116.238.248.233 - - [04/Oct/2021:07:50:11 +0800] "GET /xingrg/all/function/internal_message.html?_=1633305010998&CODE_STATE=getMsg HTTP/1.1" 200 27
114.85.125.222 - - [04/Oct/2021:07:50:14 +0800] "GET /xingrg/kc/buy/cgsh_order_list.html HTTP/1.1" 200 48882
114.85.125.222 - - [04/Oct/2021:07:50:15 +0800] "POST /xingrg/kc/buy/cgsh_list_operate.html HTTP/1.1" 200 876
222.70.178.96 - - [04/Oct/2021:07:50:16 +0800] "GET /xingrg/all/function/internal_message.html?_=1633305014600&CODE_STATE=getMsg HTTP/1.1" 200 27
114.85.125.222 - - [04/Oct/2021:07:50:16 +0800] "GET /xingrg/kc/buy/cgsh_order_add.html HTTP/1.1" 200 64270
114.85.125.222 - - [04/Oct/2021:07:50:16 +0800] "POST /xingrg/kc/buy/cgsh_order_operate.html HTTP/1.1" 200 8245
114.85.125.222 - - [04/Oct/2021:07:50:16 +0800] "GET /xingrg/all/common/auto_word.html?type=employee&rest_code=00151 HTTP/1.1" 200 293
114.85.125.222 - - [04/Oct/2021:07:50:16 +0800] "GET /xingrg/all/common/auto_word.html?type=employee&rest_code=00151 HTTP/1.1" 200 293
114.85.125.222 - - [04/Oct/2021:07:50:17 +0800] "GET /xingrg/javascript/easyui/themes/default/validatebox.css HTTP/1.1" 404 1104
120.253.135.82 - - [04/Oct/2021:07:50:18 +0800] "GET /xingrg/all/function/internal_message.html?_=1633304789640&CODE_STATE=getMsg HTTP/1.1" 200 27
120.253.135.82 - - [04/Oct/2021:07:50:19 +0800] "POST /xingrg/all/common/load_combo.html?type=employee HTTP/1.1" 200 2101
114.85.125.222 - - [04/Oct/2021:07:50:19 +0800] "GET /xingrg/javascript/auto/indicator.gif HTTP/1.1" 404 1066
114.85.125.222 - - [04/Oct/2021:07:50:27 +0800] "GET /xingrg/kc/buy/cgsh_order_operate.html?command=get_materiel&rest_code=00151&code=00101016038&supplier_code=00100007&order_time=2021-10-04 HTTP/1.1" 200 408
120.253.135.82 - - [04/Oct/2021:07:50:29 +0800] "GET /xingrg/kc/buy/cgsh_order_operate.html?command=get_materiel&rest_code=00101&code=00101019750&supplier_code=00100151&order_time=2021-10-04 HTTP/1.1" 200 424
114.85.125.222 - - [04/Oct/2021:07:50:37 +0800] "GET /xingrg/kc/buy/cgsh_order_operate.html?command=get_materiel&rest_code=00151&code=00101008323&supplier_code=00100007&order_time=2021-10-04 HTTP/1.1" 200 408
114.85.125.222 - - [04/Oct/2021:07:50:43 +0800] "GET /xingrg/kc/buy/cgsh_order_operate.html?command=get_materiel&rest_code=00151&code=00101008318&supplier_code=00100007&order_time=2021-10-04 HTTP/1.1" 200 408
114.85.125.222 - - [04/Oct/2021:07:50:51 +0800] "GET /xingrg/kc/buy/cgsh_order_operate.html?command=get_materiel&rest_code=00151&code=00101016051&supplier_code=00100007&order_time=2021-10-04 HTTP/1.1" 200 408
120.253.135.82 - - [04/Oct/2021:07:50:52 +0800] "GET /xingrg/kc/buy/cgsh_order_operate.html?command=get_materiel&rest_code=00101&code=00101019812&supplier_code=00100151&order_time=2021-10-04 HTTP/1.1" 200 432
222.70.246.151 - - [04/Oct/2021:07:50:52 +0800] "GET /xingrg/all/function/internal_message.html?_=1633305054711&CODE_STATE=getMsg HTTP/1.1" 200 27
114.85.125.222 - - [04/Oct/2021:07:50:58 +0800] "GET /xingrg/kc/buy/cgsh_order_operate.html?command=get_materiel&rest_code=00151&code=00101008271&supplier_code=00100007&order_time=2021-10-04 HTTP/1.1" 200 408
116.230.105.26 - - [04/Oct/2021:07:51:01 +0800] "GET /xingrg/check_reg.html?_=1633305051345 HTTP/1.1" 200 22
116.230.105.26 - - [04/Oct/2021:07:51:01 +0800] "GET /xingrg/all/function/internal_message.html?_=1633305051348&CODE_STATE=getMsg HTTP/1.1" 200 27
114.85.125.222 - - [04/Oct/2021:07:51:05 +0800] "GET /xingrg/kc/buy/cgsh_order_operate.html?command=get_materiel&rest_code=00151&code=00101008441&supplier_code=00100007&order_time=2021-10-04 HTTP/1.1" 200 406
114.85.125.222 - - [04/Oct/2021:07:51:09 +0800] "GET /xingrg/all/function/internal_message.html?_=1633305035772&CODE_STATE=getMsg HTTP/1.1" 200 27
116.238.248.233 - - [04/Oct/2021:07:51:11 +0800] "GET /xingrg/all/function/internal_message.html?_=1633305071001&CODE_STATE=getMsg HTTP/1.1" 200 27
114.85.125.222 - - [04/Oct/2021:07:51:14 +0800] "GET /xingrg/kc/buy/cgsh_order_operate.html?command=get_materiel&rest_code=00151&code=00101008165&supplier_code=00100007&order_time=2021-10-04 HTTP/1.1" 200 416
120.253.135.82 - - [04/Oct/2021:07:51:15 +0800] "GET /xingrg/check_reg.html?_=1633304846675 HTTP/1.1" 200 22
222.70.178.96 - - [04/Oct/2021:07:51:16 +0800] "GET /xingrg/all/function/internal_message.html?_=1633305074599&CODE_STATE=getMsg HTTP/1.1" 200 27
120.253.135.82 - - [04/Oct/2021:07:51:18 +0800] "GET /xingrg/all/function/internal_message.html?_=1633304849652&CODE_STATE=getMsg HTTP/1.1" 200 27
114.85.125.222 - - [04/Oct/2021:07:51:20 +0800] "GET /xingrg/kc/buy/cgsh_order_operate.html?command=get_materiel&rest_code=00151&code=00101008223&supplier_code=00100007&order_time=2021-10-04 HTTP/1.1" 200 412
114.85.125.222 - - [04/Oct/2021:07:51:29 +0800] "GET /xingrg/kc/buy/cgsh_order_operate.html?command=get_materiel&rest_code=00151&code=00101008344&supplier_code=00100007&order_time=2021-10-04 HTTP/1.1" 200 412
120.253.135.82 - - [04/Oct/2021:07:51:33 +0800] "POST /xingrg/kc/buy/cgsh_order_operate.html HTTP/1.1" 200 37
114.85.125.222 - - [04/Oct/2021:07:51:40 +0800] "GET /xingrg/kc/buy/cgsh_order_operate.html?command=get_materiel&rest_code=00151&code=00101008133&supplier_code=00100007&order_time=2021-10-04 HTTP/1.1" 200 408
114.85.125.222 - - [04/Oct/2021:07:51:47 +0800] "GET /xingrg/kc/buy/cgsh_order_operate.html?command=get_materiel&rest_code=00151&code=00101008141&supplier_code=00100007&order_time=2021-10-04 HTTP/1.1" 200 412
222.70.246.151 - - [04/Oct/2021:07:51:52 +0800] "GET /xingrg/all/function/internal_message.html?_=1633305114721&CODE_STATE=getMsg HTTP/1.1" 200 27
114.85.125.222 - - [04/Oct/2021:07:51:56 +0800] "GET /xingrg/kc/buy/cgsh_order_operate.html?command=get_materiel&rest_code=00151&code=00101008371&supplier_code=00100007&order_time=2021-10-04 HTTP/1.1" 200 412
116.230.105.26 - - [04/Oct/2021:07:52:01 +0800] "GET /xingrg/all/function/internal_message.html?_=1633305111348&CODE_STATE=getMsg HTTP/1.1" 200 27
120.253.135.82 - - [04/Oct/2021:07:52:02 +0800] "POST /xingrg/kc/buy/cgsh_order_operate.html HTTP/1.1" 200 3306
120.253.135.82 - - [04/Oct/2021:07:52:05 +0800] "GET /xingrg/kc/print/load_data.html?order_code=212021100401518&kc_code=cgsh&condition= HTTP/1.1" 200 949
114.85.125.222 - - [04/Oct/2021:07:52:05 +0800] "GET /xingrg/kc/buy/cgsh_order_operate.html?command=get_materiel&rest_code=00151&code=00101008115&supplier_code=00100007&order_time=2021-10-04 HTTP/1.1" 200 412
114.85.125.222 - - [04/Oct/2021:07:52:09 +0800] "GET /xingrg/all/function/internal_message.html?_=1633305095786&CODE_STATE=getMsg HTTP/1.1" 200 27
116.238.248.233 - - [04/Oct/2021:07:52:11 +0800] "GET /xingrg/all/function/internal_message.html?_=1633305131000&CODE_STATE=getMsg HTTP/1.1" 200 27
114.85.125.222 - - [04/Oct/2021:07:52:13 +0800] "GET /xingrg/kc/buy/cgsh_order_operate.html?command=get_materiel&rest_code=00151&code=00101008300&supplier_code=00100007&order_time=2021-10-04 HTTP/1.1" 200 412
222.70.178.96 - - [04/Oct/2021:07:52:16 +0800] "GET /xingrg/all/function/internal_message.html?_=1633305134599&CODE_STATE=getMsg HTTP/1.1" 200 27
120.253.135.82 - - [04/Oct/2021:07:52:18 +0800] "GET /xingrg/all/function/internal_message.html?_=1633304909665&CODE_STATE=getMsg HTTP/1.1" 200 27
114.85.125.222 - - [04/Oct/2021:07:52:21 +0800] "GET /xingrg/kc/buy/cgsh_order_operate.html?command=get_materiel&rest_code=00151&code=00101008286&supplier_code=00100007&order_time=2021-10-04 HTTP/1.1" 200 408
114.85.125.222 - - [04/Oct/2021:07:52:33 +0800] "GET /xingrg/kc/buy/cgsh_order_operate.html?command=get_materiel&rest_code=00151&code=00101008356&supplier_code=00100007&order_time=2021-10-04 HTTP/1.1" 200 408
114.85.125.222 - - [04/Oct/2021:07:52:41 +0800] "GET /xingrg/kc/buy/cgsh_order_operate.html?command=get_materiel&rest_code=00151&code=00101012039&supplier_code=00100007&order_time=2021-10-04 HTTP/1.1" 200 408
114.85.125.222 - - [04/Oct/2021:07:52:48 +0800] "GET /xingrg/kc/buy/cgsh_order_operate.html?command=get_materiel&rest_code=00151&code=00101008332&supplier_code=00100007&order_time=2021-10-04 HTTP/1.1" 200 412
222.70.246.151 - - [04/Oct/2021:07:52:52 +0800] "GET /xingrg/all/function/internal_message.html?_=1633305174805&CODE_STATE=getMsg HTTP/1.1" 200 27
114.85.125.222 - - [04/Oct/2021:07:52:56 +0800] "GET /xingrg/kc/buy/cgsh_order_operate.html?command=get_materiel&rest_code=00151&code=00101012061&supplier_code=00100007&order_time=2021-10-04 HTTP/1.1" 200 412
120.253.135.82 - - [04/Oct/2021:07:52:58 +0800] "POST /xingrg/kc/buy/cgsh_order_operate.html HTTP/1.1" 200 37
116.230.105.26 - - [04/Oct/2021:07:53:01 +0800] "GET /xingrg/all/function/internal_message.html?_=1633305171347&CODE_STATE=getMsg HTTP/1.1" 200 27
114.85.125.222 - - [04/Oct/2021:07:53:06 +0800] "GET /xingrg/kc/buy/cgsh_order_operate.html?command=get_materiel&rest_code=00151&code=00101008088&supplier_code=00100007&order_time=2021-10-04 HTTP/1.1" 200 408
114.85.125.222 - - [04/Oct/2021:07:53:09 +0800] "GET /xingrg/all/function/internal_message.html?_=1633305155800&CODE_STATE=getMsg HTTP/1.1" 200 27
114.85.125.222 - - [04/Oct/2021:07:53:10 +0800] "POST /xingrg/kc/buy/cgsh_order_operate.html HTTP/1.1" 200 37
116.238.248.233 - - [04/Oct/2021:07:53:11 +0800] "GET /xingrg/all/function/internal_message.html?_=1633305191004&CODE_STATE=getMsg HTTP/1.1" 200 27
116.238.248.233 - - [04/Oct/2021:07:53:11 +0800] "GET /xingrg/check_reg.html?_=1633305191006 HTTP/1.1" 200 22
114.85.125.222 - - [04/Oct/2021:07:53:12 +0800] "POST /xingrg/kc/buy/cgsh_order_operate.html HTTP/1.1" 200 14058
222.70.178.96 - - [04/Oct/2021:07:53:16 +0800] "GET /xingrg/all/function/internal_message.html?_=1633305194624&CODE_STATE=getMsg HTTP/1.1" 200 27
222.70.178.96 - - [04/Oct/2021:07:53:16 +0800] "GET /xingrg/check_reg.html?_=1633305194624 HTTP/1.1" 200 22
114.85.125.222 - - [04/Oct/2021:07:53:20 +0800] "GET /xingrg/kc/buy/cgsh_order_operate.html?command=get_materiel&rest_code=00151&code=00101016025&supplier_code=00100007&order_time=2021-10-04 HTTP/1.1" 200 408
114.85.125.222 - - [04/Oct/2021:07:53:27 +0800] "GET /xingrg/kc/buy/cgsh_order_operate.html?command=get_materiel&rest_code=00151&code=00101008362&supplier_code=00100007&order_time=2021-10-04 HTTP/1.1" 200 408
222.70.246.151 - - [04/Oct/2021:07:53:28 +0800] "GET /xingrg/check_reg.html?_=1633305210583 HTTP/1.1" 200 22
114.85.125.222 - - [04/Oct/2021:07:53:33 +0800] "GET /xingrg/kc/buy/cgsh_order_operate.html?command=get_materiel&rest_code=00151&code=00101008017&supplier_code=00100007&order_time=2021-10-04 HTTP/1.1" 200 416
114.85.125.222 - - [04/Oct/2021:07:53:40 +0800] "GET /xingrg/kc/buy/cgsh_order_operate.html?command=get_materiel&rest_code=00151&code=00101008137&supplier_code=00100007&order_time=2021-10-04 HTTP/1.1" 200 408
120.253.135.82 - - [04/Oct/2021:07:53:43 +0800] "POST /xingrg/kc/buy/cgsh_order_operate.html HTTP/1.1" 200 12
120.253.135.82 - - [04/Oct/2021:07:53:44 +0800] "GET /xingrg/kc/buy/cgsh_order_info.html?code=212021100401518 HTTP/1.1" 200 58574
120.253.135.82 - - [04/Oct/2021:07:53:45 +0800] "GET /xingrg/javascript/easyui/themes/default/validatebox.css HTTP/1.1" 404 1104
120.253.135.82 - - [04/Oct/2021:07:53:45 +0800] "GET /xingrg/all/function/internal_message.html?_=1633304996943&CODE_STATE=getMsg HTTP/1.1" 200 27
114.85.125.222 - - [04/Oct/2021:07:53:46 +0800] "GET /xingrg/kc/buy/cgsh_order_operate.html?command=get_materiel&rest_code=00151&code=00101008131&supplier_code=00100007&order_time=2021-10-04 HTTP/1.1" 200 408
120.253.135.82 - - [04/Oct/2021:07:53:46 +0800] "POST /xingrg/kc/buy/cgsh_order_operate.html HTTP/1.1" 200 1256
114.85.125.222 - - [04/Oct/2021:07:53:51 +0800] "POST /xingrg/kc/buy/cgsh_order_operate.html HTTP/1.1" 200 37
222.70.246.151 - - [04/Oct/2021:07:53:52 +0800] "GET /xingrg/all/function/internal_message.html?_=1633305234811&CODE_STATE=getMsg HTTP/1.1" 200 27
114.85.125.222 - - [04/Oct/2021:07:53:53 +0800] "POST /xingrg/kc/buy/cgsh_order_operate.html HTTP/1.1" 200 17053
114.85.125.222 - - [04/Oct/2021:07:54:00 +0800] "GET /xingrg/kc/buy/cgsh_order_operate.html?command=get_materiel&rest_code=00151&code=00101008102&supplier_code=00100007&order_time=2021-10-04 HTTP/1.1" 200 413
116.230.105.26 - - [04/Oct/2021:07:54:01 +0800] "GET /xingrg/all/function/internal_message.html?_=1633305231345&CODE_STATE=getMsg HTTP/1.1" 200 27
120.253.135.82 - - [04/Oct/2021:07:54:02 +0800] "GET /xingrg/kc/report/report_main.html HTTP/1.1" 200 9370
120.253.135.82 - - [04/Oct/2021:07:54:02 +0800] "POST /xingrg/kc/buy/cgsh_list_operate.html HTTP/1.1" 200 876
120.253.135.82 - - [04/Oct/2021:07:54:03 +0800] "GET /xingrg/kc/base/kc_stocks.html HTTP/1.1" 200 16437
120.253.135.82 - - [04/Oct/2021:07:54:03 +0800] "GET /xingrg/javascript/easyui/themes/default/tree.css HTTP/1.1" 404 1090
120.253.135.82 - - [04/Oct/2021:07:54:03 +0800] "POST /xingrg/all/common/load_tree.html?tree=materiel_sort_tree_json HTTP/1.1" 200 8912
120.253.135.82 - - [04/Oct/2021:07:54:04 +0800] "POST /xingrg/all/common/load_combo.html?type=base HTTP/1.1" 200 1075
114.85.125.222 - - [04/Oct/2021:07:54:09 +0800] "GET /xingrg/all/function/internal_message.html?_=1633305215813&CODE_STATE=getMsg HTTP/1.1" 200 27
116.238.248.233 - - [04/Oct/2021:07:54:11 +0800] "GET /xingrg/all/function/internal_message.html?_=1633305251006&CODE_STATE=getMsg HTTP/1.1" 200 27
120.253.135.82 - - [04/Oct/2021:07:54:14 +0800] "POST /xingrg/kc/base/stock_operate.html HTTP/1.1" 200 1478
222.70.178.96 - - [04/Oct/2021:07:54:16 +0800] "GET /xingrg/all/function/internal_message.html?_=1633305254622&CODE_STATE=getMsg HTTP/1.1" 200 27
114.85.125.222 - - [04/Oct/2021:07:54:17 +0800] "GET /xingrg/kc/buy/cgsh_order_operate.html?command=get_materiel&rest_code=00151&code=00101012025&supplier_code=00100007&order_time=2021-10-04 HTTP/1.1" 200 412
120.253.135.82 - - [04/Oct/2021:07:54:21 +0800] "POST /xingrg/kc/base/stock_operate.html HTTP/1.1" 200 2262
114.85.125.222 - - [04/Oct/2021:07:54:26 +0800] "GET /xingrg/kc/buy/cgsh_order_operate.html?command=get_materiel&rest_code=00151&code=00101008163&supplier_code=00100007&order_time=2021-10-04 HTTP/1.1" 200 409
114.85.125.222 - - [04/Oct/2021:07:54:32 +0800] "GET /xingrg/kc/buy/cgsh_order_operate.html?command=get_materiel&rest_code=00151&code=00101008213&supplier_code=00100007&order_time=2021-10-04 HTTP/1.1" 200 412
114.85.125.222 - - [04/Oct/2021:07:54:41 +0800] "GET /xingrg/kc/buy/cgsh_order_operate.html?command=get_materiel&rest_code=00151&code=00101015038&supplier_code=00100007&order_time=2021-10-04 HTTP/1.1" 200 419
120.253.135.82 - - [04/Oct/2021:07:54:45 +0800] "GET /xingrg/all/function/internal_message.html?_=1633305056946&CODE_STATE=getMsg HTTP/1.1" 200 27
114.85.125.222 - - [04/Oct/2021:07:54:46 +0800] "POST /xingrg/kc/buy/cgsh_order_operate.html HTTP/1.1" 200 37
114.85.125.222 - - [04/Oct/2021:07:54:48 +0800] "POST /xingrg/kc/buy/cgsh_order_operate.html HTTP/1.1" 200 20059
120.253.135.82 - - [04/Oct/2021:07:54:51 +0800] "GET /xingrg/kc/buy/cgsh_order_list.html HTTP/1.1" 200 48878
120.253.135.82 - - [04/Oct/2021:07:54:52 +0800] "POST /xingrg/kc/buy/cgsh_list_operate.html HTTP/1.1" 200 876
222.70.246.151 - - [04/Oct/2021:07:54:52 +0800] "GET /xingrg/all/function/internal_message.html?_=1633305294824&CODE_STATE=getMsg HTTP/1.1" 200 27
116.230.105.26 - - [04/Oct/2021:07:55:01 +0800] "GET /xingrg/all/function/internal_message.html?_=1633305291344&CODE_STATE=getMsg HTTP/1.1" 200 27
114.85.125.222 - - [04/Oct/2021:07:55:07 +0800] "POST /xingrg/kc/buy/cgsh_order_operate.html HTTP/1.1" 200 37
120.253.135.82 - - [04/Oct/2021:07:55:08 +0800] "POST /xingrg/kc/buy/cgsh_list_operate.html HTTP/1.1" 200 876
114.85.125.222 - - [04/Oct/2021:07:55:08 +0800] "POST /xingrg/kc/buy/cgsh_order_operate.html HTTP/1.1" 200 20637
114.85.125.222 - - [04/Oct/2021:07:55:09 +0800] "GET /xingrg/check_reg.html?_=1633305275828 HTTP/1.1" 200 22
114.85.125.222 - - [04/Oct/2021:07:55:10 +0800] "GET /xingrg/all/function/internal_message.html?_=1633305275829&CODE_STATE=getMsg HTTP/1.1" 200 27
116.238.248.233 - - [04/Oct/2021:07:55:11 +0800] "GET /xingrg/all/function/internal_message.html?_=1633305311014&CODE_STATE=getMsg HTTP/1.1" 200 27
114.85.125.222 - - [04/Oct/2021:07:55:11 +0800] "GET /xingrg/kc/buy/cgsh_order_add.html HTTP/1.1" 200 64270
114.85.125.222 - - [04/Oct/2021:07:55:11 +0800] "POST /xingrg/kc/buy/cgsh_order_operate.html HTTP/1.1" 200 8245
114.85.125.222 - - [04/Oct/2021:07:55:12 +0800] "GET /xingrg/javascript/easyui/themes/default/validatebox.css HTTP/1.1" 404 1104
222.70.178.96 - - [04/Oct/2021:07:55:16 +0800] "GET /xingrg/all/function/internal_message.html?_=1633305314636&CODE_STATE=getMsg HTTP/1.1" 200 27
114.85.125.222 - - [04/Oct/2021:07:55:22 +0800] "GET /xingrg/kc/buy/cgsh_order_operate.html?command=get_materiel&rest_code=00151&code=00101009053&supplier_code=00100424&order_time=2021-10-04 HTTP/1.1" 200 408
114.85.125.222 - - [04/Oct/2021:07:55:31 +0800] "GET /xingrg/kc/buy/cgsh_order_operate.html?command=get_materiel&rest_code=00151&code=00101009016&supplier_code=00100424&order_time=2021-10-04 HTTP/1.1" 200 412
114.85.125.222 - - [04/Oct/2021:07:55:40 +0800] "GET /xingrg/kc/buy/cgsh_order_operate.html?command=get_materiel&rest_code=00151&code=00101009062&supplier_code=00100424&order_time=2021-10-04 HTTP/1.1" 200 412
120.253.135.82 - - [04/Oct/2021:07:55:45 +0800] "GET /xingrg/all/function/internal_message.html?_=1633305117068&CODE_STATE=getMsg HTTP/1.1" 200 27
114.85.125.222 - - [04/Oct/2021:07:55:49 +0800] "GET /xingrg/kc/buy/cgsh_order_operate.html?command=get_materiel&rest_code=00151&code=00101009023&supplier_code=00100424&order_time=2021-10-04 HTTP/1.1" 200 408
222.70.246.151 - - [04/Oct/2021:07:55:53 +0800] "GET /xingrg/all/function/internal_message.html?_=1633305354917&CODE_STATE=getMsg HTTP/1.1" 200 27
114.85.125.222 - - [04/Oct/2021:07:55:56 +0800] "GET /xingrg/kc/buy/cgsh_order_operate.html?command=get_materiel&rest_code=00151&code=00101009028&supplier_code=00100424&order_time=2021-10-04 HTTP/1.1" 200 409
116.230.105.26 - - [04/Oct/2021:07:56:01 +0800] "GET /xingrg/all/function/internal_message.html?_=1633305351347&CODE_STATE=getMsg HTTP/1.1" 200 27
116.230.105.26 - - [04/Oct/2021:07:56:01 +0800] "GET /xingrg/check_reg.html?_=1633305351348 HTTP/1.1" 200 22
114.85.125.222 - - [04/Oct/2021:07:56:02 +0800] "GET /xingrg/kc/buy/cgsh_order_operate.html?command=get_materiel&rest_code=00151&code=00101009078&supplier_code=00100424&order_time=2021-10-04 HTTP/1.1" 200 394
114.85.125.222 - - [04/Oct/2021:07:56:10 +0800] "GET /xingrg/all/function/internal_message.html?_=1633305335841&CODE_STATE=getMsg HTTP/1.1" 200 27
116.238.248.233 - - [04/Oct/2021:07:56:11 +0800] "GET /xingrg/all/function/internal_message.html?_=1633305371016&CODE_STATE=getMsg HTTP/1.1" 200 27
114.85.125.222 - - [04/Oct/2021:07:56:11 +0800] "GET /xingrg/kc/buy/cgsh_order_operate.html?command=get_materiel&rest_code=00151&code=00101009049&supplier_code=00100424&order_time=2021-10-04 HTTP/1.1" 200 416
120.253.135.82 - - [04/Oct/2021:07:56:15 +0800] "GET /xingrg/check_reg.html?_=1633305146682 HTTP/1.1" 200 22
222.70.178.96 - - [04/Oct/2021:07:56:16 +0800] "GET /xingrg/all/function/internal_message.html?_=1633305374635&CODE_STATE=getMsg HTTP/1.1" 200 27
120.253.135.82 - - [04/Oct/2021:07:56:45 +0800] "GET /xingrg/all/function/internal_message.html?_=1633305177083&CODE_STATE=getMsg HTTP/1.1" 200 27
222.70.246.151 - - [04/Oct/2021:07:56:53 +0800] "GET /xingrg/all/function/internal_message.html?_=1633305414930&CODE_STATE=getMsg HTTP/1.1" 200 27
114.85.125.222 - - [04/Oct/2021:07:56:58 +0800] "GET /xingrg/kc/buy/cgsh_order_operate.html?command=get_materiel&rest_code=00151&code=00101009121&supplier_code=00100424&order_time=2021-10-04 HTTP/1.1" 200 411
116.230.105.26 - - [04/Oct/2021:07:57:01 +0800] "GET /xingrg/all/function/internal_message.html?_=1633305411347&CODE_STATE=getMsg HTTP/1.1" 200 27
114.85.125.222 - - [04/Oct/2021:07:57:10 +0800] "GET /xingrg/all/function/internal_message.html?_=1633305395886&CODE_STATE=getMsg HTTP/1.1" 200 27
116.238.248.233 - - [04/Oct/2021:07:57:11 +0800] "GET /xingrg/all/function/internal_message.html?_=1633305431017&CODE_STATE=getMsg HTTP/1.1" 200 27
