101.89.29.78 - - [04/Oct/2021:10:47:54 +0800] "GET /xingrg/all/function/internal_message.html?_=1633315615566&CODE_STATE=getMsg HTTP/1.1" 302 -
101.89.29.78 - - [04/Oct/2021:10:47:55 +0800] "GET /xingrg/login.html HTTP/1.1" 200 7641
116.237.74.154 - - [04/Oct/2021:10:47:55 +0800] "GET /xingrg/all/function/internal_message.html?_=1633315675539&CODE_STATE=getMsg HTTP/1.1" 200 27
114.85.125.222 - - [04/Oct/2021:10:47:55 +0800] "GET /xingrg/all/function/internal_message.html?_=1633315641112&CODE_STATE=getMsg HTTP/1.1" 200 27
180.169.147.146 - - [04/Oct/2021:10:47:57 +0800] "GET /xingrg/kc/buy/cgsh_order_operate.html?command=get_materiel&rest_code=00147&code=00101016025&supplier_code=00100242&order_time=2021-10-04 HTTP/1.1" 200 408
180.169.147.146 - - [04/Oct/2021:10:48:00 +0800] "GET /xingrg/all/function/internal_message.html?_=1633315682339&CODE_STATE=getMsg HTTP/1.1" 200 27
222.70.178.96 - - [04/Oct/2021:10:48:00 +0800] "GET /xingrg/all/function/internal_message.html?_=1633315679027&CODE_STATE=getMsg HTTP/1.1" 200 27
180.169.147.146 - - [04/Oct/2021:10:48:07 +0800] "GET /xingrg/all/function/internal_message.html?_=1633315736208&CODE_STATE=getMsg HTTP/1.1" 200 27
222.70.246.151 - - [04/Oct/2021:10:48:08 +0800] "GET /xingrg/all/function/internal_message.html?_=1633315690888&CODE_STATE=getMsg HTTP/1.1" 200 27
116.230.105.26 - - [04/Oct/2021:10:48:09 +0800] "GET /xingrg/all/function/internal_message.html?_=1633315679026&CODE_STATE=getMsg HTTP/1.1" 200 27
58.39.139.200 - - [04/Oct/2021:10:48:09 +0800] "GET /xingrg/kc/base/wldb_order_operate.html?command=get_materiel&rest_code=00105&base_code=0010507&code=00101019184 HTTP/1.1" 200 442
180.157.253.110 - - [04/Oct/2021:10:48:10 +0800] "POST /xingrg/kc/buy/cgsh_order_operate.html HTTP/1.1" 200 5609
116.238.248.233 - - [04/Oct/2021:10:48:11 +0800] "GET /xingrg/check_reg.html?_=1633315691305 HTTP/1.1" 200 22
116.238.248.233 - - [04/Oct/2021:10:48:11 +0800] "GET /xingrg/all/function/internal_message.html?_=1633315691304&CODE_STATE=getMsg HTTP/1.1" 200 27
180.152.237.0 - - [04/Oct/2021:10:48:13 +0800] "GET /xingrg/check_reg.html?_=1633315693357 HTTP/1.1" 200 22
180.152.237.0 - - [04/Oct/2021:10:48:13 +0800] "GET /xingrg/all/function/internal_message.html?_=1633315693673&CODE_STATE=getMsg HTTP/1.1" 200 27
58.39.139.200 - - [04/Oct/2021:10:48:13 +0800] "POST /xingrg/kc/base/wldb_order_operate.html HTTP/1.1" 200 37
58.39.139.200 - - [04/Oct/2021:10:48:14 +0800] "POST /xingrg/kc/base/wldb_order_operate.html HTTP/1.1" 200 5698
180.157.253.110 - - [04/Oct/2021:10:48:14 +0800] "GET /xingrg/kc/print/load_data.html?order_code=212021100401579&kc_code=cgsh&condition= HTTP/1.1" 200 1793
58.39.139.200 - - [04/Oct/2021:10:48:14 +0800] "GET /xingrg/kc/base/wldb_order_info.html?code=422021100400386 HTTP/1.1" 200 30453
58.40.7.146 - - [04/Oct/2021:10:48:14 +0800] "GET /xingrg/all/function/internal_message.html?_=1633315695054&CODE_STATE=getMsg HTTP/1.1" 200 27
58.39.139.200 - - [04/Oct/2021:10:48:14 +0800] "GET /xingrg/javascript/easyui/themes/default/validatebox.css HTTP/1.1" 404 1104
58.39.139.200 - - [04/Oct/2021:10:48:14 +0800] "POST /xingrg/kc/base/wldb_order_operate.html HTTP/1.1" 200 5698
116.237.74.154 - - [04/Oct/2021:10:48:14 +0800] "GET /xingrg/all/function/internal_message.html?_=1633315694474&CODE_STATE=getMsg HTTP/1.1" 200 27
172.20.0.100 - - [04/Oct/2021:10:48:15 +0800] "GET /xingrg/all/function/internal_message.html?_=1633315697696&CODE_STATE=getMsg HTTP/1.1" 200 27
222.70.178.96 - - [04/Oct/2021:10:48:16 +0800] "POST /xingrg/dwr/call/plaincall/AjaxQqpsService.uncheckOrder.dwr HTTP/1.1" 200 78
180.169.147.146 - - [04/Oct/2021:10:48:17 +0800] "GET /xingrg/kc/buy/cgsh_order_operate.html?command=get_materiel&rest_code=00147&code=00101016071&supplier_code=00100242&order_time=2021-10-04 HTTP/1.1" 200 416
180.169.147.146 - - [04/Oct/2021:10:48:17 +0800] "GET /xingrg/check_reg.html?_=1633315701722 HTTP/1.1" 200 22
180.169.147.146 - - [04/Oct/2021:10:48:17 +0800] "GET /xingrg/all/function/internal_message.html?_=1633315701720&CODE_STATE=getMsg HTTP/1.1" 200 27
222.70.178.96 - - [04/Oct/2021:10:48:18 +0800] "GET /xingrg/kc/mdqp/qqps_order_info.html?code=302021100400067 HTTP/1.1" 200 28239
222.70.178.96 - - [04/Oct/2021:10:48:18 +0800] "GET /xingrg/javascript/auto/jquery.autocomplete.css HTTP/1.1" 304 -
222.70.178.96 - - [04/Oct/2021:10:48:18 +0800] "GET /xingrg/javascript/jquery_easy_ui/themes/icon.css HTTP/1.1" 304 -
222.70.178.96 - - [04/Oct/2021:10:48:18 +0800] "GET /xingrg/css/blue.css HTTP/1.1" 304 -
222.70.178.96 - - [04/Oct/2021:10:48:18 +0800] "GET /xingrg/javascript/jquery-1.4.2.min.js HTTP/1.1" 304 -
222.70.178.96 - - [04/Oct/2021:10:48:18 +0800] "GET /xingrg/javascript/jquery_easy_ui/jquery.easyui.min.js HTTP/1.1" 304 -
222.70.178.96 - - [04/Oct/2021:10:48:18 +0800] "GET /xingrg/javascript/auto/jquery.autocomplete.js HTTP/1.1" 304 -
222.70.178.96 - - [04/Oct/2021:10:48:18 +0800] "GET /xingrg/javascript/jquery_easy_ui/easyui-lang-zh_CN.js HTTP/1.1" 304 -
222.70.178.96 - - [04/Oct/2021:10:48:18 +0800] "GET /xingrg/javascript/jquery_easy_ui/themes/default/easyui.css HTTP/1.1" 304 -
222.70.178.96 - - [04/Oct/2021:10:48:18 +0800] "GET /xingrg/javascript/jquery.utils.js HTTP/1.1" 304 -
222.70.178.96 - - [04/Oct/2021:10:48:18 +0800] "GET /xingrg/javascript/tools/jquery.qtip-1.0.0-rc3.min.js HTTP/1.1" 304 -
222.70.178.96 - - [04/Oct/2021:10:48:18 +0800] "GET /xingrg/javascript/pic_change.js HTTP/1.1" 304 -
222.70.178.96 - - [04/Oct/2021:10:48:18 +0800] "GET /xingrg/dwr/util.js HTTP/1.1" 304 -
222.70.178.96 - - [04/Oct/2021:10:48:18 +0800] "GET /xingrg/javascript/Calendar.js HTTP/1.1" 304 -
222.70.178.96 - - [04/Oct/2021:10:48:18 +0800] "GET /xingrg/javascript/AjaxInfoList.js HTTP/1.1" 304 -
222.70.178.96 - - [04/Oct/2021:10:48:18 +0800] "GET /xingrg/javascript/myfunction.js HTTP/1.1" 304 -
222.70.178.96 - - [04/Oct/2021:10:48:18 +0800] "GET /xingrg/javascript/print/kc_print.js HTTP/1.1" 304 -
222.70.178.96 - - [04/Oct/2021:10:48:18 +0800] "GET /xingrg/javascript/Grid.js HTTP/1.1" 304 -
222.70.178.96 - - [04/Oct/2021:10:48:18 +0800] "GET /xingrg/javascript/ToolTips.js HTTP/1.1" 304 -
222.70.178.96 - - [04/Oct/2021:10:48:19 +0800] "GET /xingrg/dwr/interface/AjaxComOrderService.js HTTP/1.1" 200 18264
222.70.178.96 - - [04/Oct/2021:10:48:19 +0800] "GET /xingrg/dwr/interface/AjaxQqpsService.js HTTP/1.1" 200 16326
222.70.178.96 - - [04/Oct/2021:10:48:19 +0800] "GET /xingrg/javascript/print/LodopFuncs.js HTTP/1.1" 304 -
222.70.178.96 - - [04/Oct/2021:10:48:19 +0800] "GET /xingrg/dwr/engine.js HTTP/1.1" 200 43631
222.70.178.96 - - [04/Oct/2021:10:48:19 +0800] "GET /xingrg/words/20211004103514_words.js HTTP/1.1" 304 -
222.70.178.96 - - [04/Oct/2021:10:48:19 +0800] "GET /xingrg/images/blue/button/kc_tab_add.gif HTTP/1.1" 304 -
222.70.178.96 - - [04/Oct/2021:10:48:19 +0800] "GET /xingrg/images/blue/button/kc_tab_edit.gif HTTP/1.1" 304 -
222.70.178.96 - - [04/Oct/2021:10:48:19 +0800] "GET /xingrg/images/blue/button/kc_tab_del.gif HTTP/1.1" 304 -
222.70.178.96 - - [04/Oct/2021:10:48:19 +0800] "GET /xingrg/images/blue/button/kc_tab_save.gif HTTP/1.1" 304 -
222.70.178.96 - - [04/Oct/2021:10:48:19 +0800] "GET /xingrg/images/blue/wait.gif HTTP/1.1" 304 -
222.70.178.96 - - [04/Oct/2021:10:48:19 +0800] "POST /xingrg/dwr/call/plaincall/AjaxQqpsService.loadMaterielItems.dwr HTTP/1.1" 200 3479
101.85.106.134 - - [04/Oct/2021:10:48:22 +0800] "GET /xingrg/all/function/internal_message.html?_=1633315592804&CODE_STATE=getMsg HTTP/1.1" 200 27
114.86.228.17 - - [04/Oct/2021:10:48:24 +0800] "GET /xingrg/all/function/internal_message.html?_=1633315705755&CODE_STATE=getMsg HTTP/1.1" 200 27
180.169.147.146 - - [04/Oct/2021:10:48:24 +0800] "GET /xingrg/kc/buy/cgsh_order_operate.html?command=get_materiel&rest_code=00147&code=00101011012&supplier_code=00100242&order_time=2021-10-04 HTTP/1.1" 200 411
180.157.253.110 - - [04/Oct/2021:10:48:26 +0800] "GET /xingrg/all/function/internal_message.html?_=1633315707220&CODE_STATE=getMsg HTTP/1.1" 200 27
172.20.0.100 - - [04/Oct/2021:10:48:27 +0800] "GET /xingrg/kc/report/report_main.html HTTP/1.1" 200 7325
101.83.240.195 - - [04/Oct/2021:10:48:27 +0800] "GET /xingrg/all/function/internal_message.html?_=1633315707441&CODE_STATE=getMsg HTTP/1.1" 200 27
101.83.240.195 - - [04/Oct/2021:10:48:28 +0800] "GET /xingrg/check_reg.html?_=1633315707661 HTTP/1.1" 200 22
172.20.0.100 - - [04/Oct/2021:10:48:28 +0800] "GET /xingrg/kc/base/crk_hz.html HTTP/1.1" 200 11227
172.20.0.100 - - [04/Oct/2021:10:48:28 +0800] "POST /xingrg/kc/cost/cost_operate.html?command=get_base_tree HTTP/1.1" 200 2450
172.20.0.100 - - [04/Oct/2021:10:48:28 +0800] "POST /xingrg/all/common/load_tree.html?tree=materiel_sort_tree_json HTTP/1.1" 200 8912
222.70.246.151 - - [04/Oct/2021:10:48:28 +0800] "GET /xingrg/check_reg.html?_=1633315711137 HTTP/1.1" 200 22
172.20.0.100 - - [04/Oct/2021:10:48:29 +0800] "GET /xingrg/all/common/get_data_part.html?part=previousMonth&_=1633315711687 HTTP/1.1" 200 41
222.70.178.96 - - [04/Oct/2021:10:48:30 +0800] "POST /xingrg/dwr/call/plaincall/AjaxQqpsService.getMaterielByCode.dwr HTTP/1.1" 200 2659
172.20.0.100 - - [04/Oct/2021:10:48:32 +0800] "GET /xingrg/kc/base/crk_hz.html?_=1633315714608&command=get_cost_id&end_date=2021-09-30&start_date=2021-09-01 HTTP/1.1" 200 51
172.20.0.100 - - [04/Oct/2021:10:48:32 +0800] "GET /xingrg/all/report/report_query.html?isQuery=1&onlyBody=1&rh=99999&rw=1800&varString=start:20210901,cost_id:3335,mid:20210901&fileName=kc/base/crk_hz_type_by_base.xml&queryString=&queryText=ÈÕÆÚ£º2021-09-01ÖÁ2021-09-30&tableQueryString=materiel_table$sp1$$sp$before_table$sp1$$sp$crk_table$sp1$order_day%20between%2020210901%20and%2020210930 HTTP/1.1" 200 49288
172.20.0.100 - - [04/Oct/2021:10:48:32 +0800] "GET /xingrg/dwr/interface/AjaxReportQueryService.js HTTP/1.1" 200 13203
172.20.0.100 - - [04/Oct/2021:10:48:32 +0800] "GET /xingrg/dwr/engine.js HTTP/1.1" 200 43631
180.162.112.229 - - [04/Oct/2021:10:48:33 +0800] "GET /xingrg/all/function/internal_message.html?_=1633315246764&CODE_STATE=getMsg HTTP/1.1" 200 27
222.70.178.96 - - [04/Oct/2021:10:48:33 +0800] "POST /xingrg/dwr/call/plaincall/AjaxQqpsService.saveMaterielItem.dwr HTTP/1.1" 200 78
172.20.0.100 - - [04/Oct/2021:10:48:33 +0800] "POST /xingrg/all/report/load_report_page.html HTTP/1.1" 200 811792
172.20.0.100 - - [04/Oct/2021:10:48:34 +0800] "GET /xingrg/servlets/image?cache=0.7600399531911209&image=px HTTP/1.1" 200 807
222.70.178.96 - - [04/Oct/2021:10:48:34 +0800] "GET /xingrg/images/yd/bt2.gif HTTP/1.1" 404 1042
222.70.178.96 - - [04/Oct/2021:10:48:36 +0800] "POST /xingrg/dwr/call/plaincall/AjaxQqpsService.removeMaterielItem.dwr HTTP/1.1" 200 78
180.169.147.146 - - [04/Oct/2021:10:48:38 +0800] "GET /xingrg/kc/buy/cgsh_order_operate.html?command=get_materiel&rest_code=00147&code=00101011007&supplier_code=00100242&order_time=2021-10-04 HTTP/1.1" 200 414
58.39.139.200 - - [04/Oct/2021:10:48:39 +0800] "GET /xingrg/all/function/internal_message.html?_=1633315719666&CODE_STATE=getMsg HTTP/1.1" 200 27
180.169.147.146 - - [04/Oct/2021:10:48:42 +0800] "GET /xingrg/all/function/internal_message.html?_=1633315723375&CODE_STATE=getMsg HTTP/1.1" 200 27
120.253.135.82 - - [04/Oct/2021:10:48:43 +0800] "GET /xingrg/check_reg.html?_=1633315495472 HTTP/1.1" 200 22
180.169.147.146 - - [04/Oct/2021:10:48:45 +0800] "GET /xingrg/all/function/internal_message.html?_=1633315726100&CODE_STATE=getMsg HTTP/1.1" 200 27
222.70.178.96 - - [04/Oct/2021:10:48:48 +0800] "GET /xingrg/all/function/internal_message.html?_=1633315726643&CODE_STATE=getMsg HTTP/1.1" 200 27
222.70.178.96 - - [04/Oct/2021:10:48:48 +0800] "POST /xingrg/dwr/call/plaincall/AjaxQqpsService.saveMaterielItem.dwr HTTP/1.1" 200 78
222.70.178.96 - - [04/Oct/2021:10:48:50 +0800] "POST /xingrg/dwr/call/plaincall/AjaxQqpsService.checkOrder.dwr HTTP/1.1" 200 78
222.70.178.96 - - [04/Oct/2021:10:48:51 +0800] "GET /xingrg/kc/mdqp/qqps_order_info.html?code=302021100400067 HTTP/1.1" 200 26478
222.70.178.96 - - [04/Oct/2021:10:48:51 +0800] "GET /xingrg/dwr/interface/AjaxComOrderService.js HTTP/1.1" 200 18264
222.70.178.96 - - [04/Oct/2021:10:48:51 +0800] "GET /xingrg/dwr/interface/AjaxQqpsService.js HTTP/1.1" 200 16326
222.70.178.96 - - [04/Oct/2021:10:48:51 +0800] "GET /xingrg/dwr/engine.js HTTP/1.1" 200 43631
222.70.178.96 - - [04/Oct/2021:10:48:52 +0800] "POST /xingrg/dwr/call/plaincall/AjaxQqpsService.loadMaterielItems.dwr HTTP/1.1" 200 3817
120.253.135.82 - - [04/Oct/2021:10:48:52 +0800] "GET /xingrg/all/function/internal_message.html?_=1633315504286&CODE_STATE=getMsg HTTP/1.1" 200 27
61.151.207.205 - - [04/Oct/2021:10:48:54 +0800] "GET /xingrg/all/function/internal_message.html?_=1633315675539&CODE_STATE=getMsg HTTP/1.1" 302 -
61.151.207.205 - - [04/Oct/2021:10:48:54 +0800] "GET /xingrg/login.html HTTP/1.1" 200 7641
116.237.74.154 - - [04/Oct/2021:10:48:55 +0800] "GET /xingrg/all/function/internal_message.html?_=1633315735510&CODE_STATE=getMsg HTTP/1.1" 200 27
114.85.125.222 - - [04/Oct/2021:10:48:55 +0800] "GET /xingrg/all/function/internal_message.html?_=1633315701126&CODE_STATE=getMsg HTTP/1.1" 200 27
180.169.147.146 - - [04/Oct/2021:10:49:00 +0800] "GET /xingrg/all/function/internal_message.html?_=1633315742351&CODE_STATE=getMsg HTTP/1.1" 200 27
180.169.147.146 - - [04/Oct/2021:10:49:00 +0800] "GET /xingrg/check_reg.html?_=1633315742355 HTTP/1.1" 200 22
222.70.178.96 - - [04/Oct/2021:10:49:00 +0800] "GET /xingrg/all/function/internal_message.html?_=1633315739031&CODE_STATE=getMsg HTTP/1.1" 200 27
180.169.147.146 - - [04/Oct/2021:10:49:07 +0800] "GET /xingrg/all/function/internal_message.html?_=1633315796201&CODE_STATE=getMsg HTTP/1.1" 200 27
222.70.246.151 - - [04/Oct/2021:10:49:08 +0800] "GET /xingrg/all/function/internal_message.html?_=1633315750901&CODE_STATE=getMsg HTTP/1.1" 200 27
116.230.105.26 - - [04/Oct/2021:10:49:09 +0800] "GET /xingrg/all/function/internal_message.html?_=1633315739030&CODE_STATE=getMsg HTTP/1.1" 200 27
116.230.105.26 - - [04/Oct/2021:10:49:09 +0800] "GET /xingrg/check_reg.html?_=1633315739031 HTTP/1.1" 200 22
116.238.248.233 - - [04/Oct/2021:10:49:11 +0800] "GET /xingrg/all/function/internal_message.html?_=1633315751305&CODE_STATE=getMsg HTTP/1.1" 200 27
180.152.237.0 - - [04/Oct/2021:10:49:13 +0800] "GET /xingrg/all/function/internal_message.html?_=1633315753686&CODE_STATE=getMsg HTTP/1.1" 200 27
58.40.7.146 - - [04/Oct/2021:10:49:14 +0800] "GET /xingrg/check_reg.html?_=1633315755044 HTTP/1.1" 200 22
58.40.7.146 - - [04/Oct/2021:10:49:14 +0800] "GET /xingrg/all/function/internal_message.html?_=1633315755046&CODE_STATE=getMsg HTTP/1.1" 200 27
116.237.74.154 - - [04/Oct/2021:10:49:14 +0800] "GET /xingrg/all/function/internal_message.html?_=1633315754474&CODE_STATE=getMsg HTTP/1.1" 200 27
172.20.0.100 - - [04/Oct/2021:10:49:15 +0800] "GET /xingrg/all/function/internal_message.html?_=1633315757703&CODE_STATE=getMsg HTTP/1.1" 200 27
180.169.147.146 - - [04/Oct/2021:10:49:16 +0800] "GET /xingrg/kc/buy/cgsh_order_operate.html?command=get_materiel&rest_code=00147&code=00101012033&supplier_code=00100242&order_time=2021-10-04 HTTP/1.1" 200 427
180.169.147.146 - - [04/Oct/2021:10:49:17 +0800] "GET /xingrg/all/function/internal_message.html?_=1633315761724&CODE_STATE=getMsg HTTP/1.1" 200 27
101.85.106.134 - - [04/Oct/2021:10:49:22 +0800] "GET /xingrg/all/function/internal_message.html?_=1633315652806&CODE_STATE=getMsg HTTP/1.1" 200 27
114.86.228.17 - - [04/Oct/2021:10:49:24 +0800] "GET /xingrg/all/function/internal_message.html?_=1633315765757&CODE_STATE=getMsg HTTP/1.1" 200 27
180.157.253.110 - - [04/Oct/2021:10:49:26 +0800] "GET /xingrg/all/function/internal_message.html?_=1633315767191&CODE_STATE=getMsg HTTP/1.1" 200 27
180.169.147.146 - - [04/Oct/2021:10:49:26 +0800] "GET /xingrg/kc/buy/cgsh_order_operate.html?command=get_materiel&rest_code=00147&code=00101006138&supplier_code=00100242&order_time=2021-10-04 HTTP/1.1" 200 408
101.83.240.195 - - [04/Oct/2021:10:49:27 +0800] "GET /xingrg/all/function/internal_message.html?_=1633315767412&CODE_STATE=getMsg HTTP/1.1" 200 27
180.169.147.146 - - [04/Oct/2021:10:49:30 +0800] "GET /xingrg/kc/base/crk_hz.html?_=1633315819536&command=get_cost_id&end_date=2021-09-30&start_date=2021-09-01 HTTP/1.1" 200 51
180.169.147.146 - - [04/Oct/2021:10:49:30 +0800] "GET /xingrg/all/report/report_query.html?isQuery=1&onlyBody=1&rh=99999&rw=1800&varString=start:20210901,cost_id:3306,mid:20210901&fileName=kc/base/crk_hz_type_by_base.xml&queryString=%20a.base_code%20in%20('0010445','0010446','0010447','0010448','0010449','0010450','0010451','0010452','0010453','0010454','0010455','0010456','0010457','0010458','0010459','0010460','0010461','0010462','0010463','0010464','0010465','0010466','0010467','0010468','0010469','0010470','0010471','0010472','0010473','0010474','0010475','0010569','0010572','0010573','0010574','0010575','0010584','0010589','0010595','0010596','0010597','0010598','0010599','0010605','0010702','0010703','0010717')%20%20and%20m.sort_code%20in%20('00101001','00101002','00101003','00101004','00101005','00101006','00101007','00101008','00101009','00101010','00101011','00101012','00101013','00101014','00101015','00101016','00101017','00101018','00101019','00101020','00101021','00101022','00101023','00101024','00101025','00101026','00101027','00101028','00101029','00101030','00101031','00101032','00101033','00101034','00101036','00101037','00101038','00101039')%20&queryText=ÈÕÆÚ£º2021-09-01ÖÁ2021-09-30%20²Ö¿â£ºÈ«²¿²Ö¿â,ʳƷ²Ö¿â,ÎïÁϲֿâ,Ñ౫³á¿â,ÏãÑÌ¿â,¾ÆË®¿â,º£ÏʳØ,ÔÁ²Ë,º£ÅÉ,Àä²Ë,ÉÕ±,´ÌÉí,µãÐÄ,Ôç²Í,ÍâÂôµµ¿Ú,Ô±¹¤²Í,ˮ̨,Â¥Ãæ,°Ę́,ÊÕÒø,ÓªÒµ²¿,´«²Ë²¿,ºóÇÚ²¿,±£°²²¿,¹¤³Ì²¿,²ÆÎñ²¿,×ܰì,ËÞÉá,ÍâÂô,×°ÐÞ¿â,¸£Àû,¿¾Ñ¼,Ñ౫³á£¨³ø·¿£©,×ܰ죨¿Í£©,×°Ð޿⣨¿Í£©,×°Ð޿⣨×ܲ¿£©,Ô±¹¤²Í£¨¿Í£©,¹¤³Ì²¿£¨¿Í£©,×ܲ¿,ÏúÊÛ²¿£¨¿Í£©,²ÍÒû²¿£¨¿Í£©,¿Í·¿²¿£¨¿Í£©,ǰÌü²¿£¨¿Í£©,ÊԲˣ¨¿Í£©,¾Æ°É£¨Íòâù£©,ôÕ×Ó¿â,Ô±ý¿â,ÀñºÐ¿â&tableQueryString=materiel_table$sp1$$sp$before_table$sp1$$sp$crk_table$sp1$order_day%20between%2020210901%20and%2020210930 HTTP/1.1" 200 50610
180.169.147.146 - - [04/Oct/2021:10:49:30 +0800] "GET /xingrg/dwr/interface/AjaxReportQueryService.js HTTP/1.1" 200 13203
180.169.147.146 - - [04/Oct/2021:10:49:30 +0800] "GET /xingrg/dwr/engine.js HTTP/1.1" 200 43631
180.169.147.146 - - [04/Oct/2021:10:49:32 +0800] "POST /xingrg/all/report/load_report_page.html HTTP/1.1" 200 622560
180.169.147.146 - - [04/Oct/2021:10:49:32 +0800] "GET /xingrg/servlets/image?cache=0.42850152736137725&image=px HTTP/1.1" 200 807
180.162.112.229 - - [04/Oct/2021:10:49:33 +0800] "GET /xingrg/check_reg.html?_=1633315306763 HTTP/1.1" 200 22
180.162.112.229 - - [04/Oct/2021:10:49:33 +0800] "GET /xingrg/all/function/internal_message.html?_=1633315306766&CODE_STATE=getMsg HTTP/1.1" 200 27
180.169.147.146 - - [04/Oct/2021:10:49:34 +0800] "GET /xingrg/check_reg.html?_=1633315768438 HTTP/1.1" 200 22
58.39.139.200 - - [04/Oct/2021:10:49:39 +0800] "GET /xingrg/all/function/internal_message.html?_=1633315779579&CODE_STATE=getMsg HTTP/1.1" 200 27
180.169.147.146 - - [04/Oct/2021:10:49:41 +0800] "GET /xingrg/check_reg.html?_=1633315782238 HTTP/1.1" 200 22
180.169.147.146 - - [04/Oct/2021:10:49:42 +0800] "GET /xingrg/all/function/internal_message.html?_=1633315783352&CODE_STATE=getMsg HTTP/1.1" 200 27
180.169.147.146 - - [04/Oct/2021:10:49:45 +0800] "GET /xingrg/all/function/internal_message.html?_=1633315786089&CODE_STATE=getMsg HTTP/1.1" 200 27
222.70.178.96 - - [04/Oct/2021:10:49:48 +0800] "GET /xingrg/all/function/internal_message.html?_=1633315786628&CODE_STATE=getMsg HTTP/1.1" 200 27
120.253.135.82 - - [04/Oct/2021:10:49:52 +0800] "GET /xingrg/all/function/internal_message.html?_=1633315564300&CODE_STATE=getMsg HTTP/1.1" 200 27
116.237.74.154 - - [04/Oct/2021:10:49:55 +0800] "GET /xingrg/all/function/internal_message.html?_=1633315795479&CODE_STATE=getMsg HTTP/1.1" 200 27
114.85.125.222 - - [04/Oct/2021:10:49:55 +0800] "GET /xingrg/all/function/internal_message.html?_=1633315761177&CODE_STATE=getMsg HTTP/1.1" 200 27
61.151.178.177 - - [04/Oct/2021:10:49:55 +0800] "GET /xingrg/all/function/internal_message.html?_=1633315735510&CODE_STATE=getMsg HTTP/1.1" 302 -
61.151.178.177 - - [04/Oct/2021:10:49:55 +0800] "GET /xingrg/login.html HTTP/1.1" 200 7641
180.169.147.146 - - [04/Oct/2021:10:50:00 +0800] "GET /xingrg/all/function/internal_message.html?_=1633315802347&CODE_STATE=getMsg HTTP/1.1" 200 27
222.70.178.96 - - [04/Oct/2021:10:50:00 +0800] "GET /xingrg/all/function/internal_message.html?_=1633315799016&CODE_STATE=getMsg HTTP/1.1" 200 27
222.70.178.96 - - [04/Oct/2021:10:50:01 +0800] "GET /xingrg/check_reg.html?_=1633315800500 HTTP/1.1" 200 22
124.79.246.142 - - [04/Oct/2021:10:50:05 +0800] "POST /xingrg/services/DataTransmitService HTTP/1.1" 200 524
124.79.246.142 - - [04/Oct/2021:10:50:05 +0800] "POST /xingrg/services/DataTransmitService HTTP/1.1" 200 2235
180.169.147.146 - - [04/Oct/2021:10:50:07 +0800] "GET /xingrg/all/function/internal_message.html?_=1633315856218&CODE_STATE=getMsg HTTP/1.1" 200 27
180.169.147.146 - - [04/Oct/2021:10:50:07 +0800] "GET /xingrg/check_reg.html?_=1633315856224 HTTP/1.1" 200 22
222.70.246.151 - - [04/Oct/2021:10:50:08 +0800] "GET /xingrg/all/function/internal_message.html?_=1633315810915&CODE_STATE=getMsg HTTP/1.1" 200 27
124.79.246.142 - - [04/Oct/2021:10:50:09 +0800] "POST /xingrg/services/DataTransmitService HTTP/1.1" 200 524
116.230.105.26 - - [04/Oct/2021:10:50:09 +0800] "GET /xingrg/all/function/internal_message.html?_=1633315799027&CODE_STATE=getMsg HTTP/1.1" 200 27
124.79.246.142 - - [04/Oct/2021:10:50:09 +0800] "POST /xingrg/services/DataTransmitService HTTP/1.1" 200 2235
116.238.248.233 - - [04/Oct/2021:10:50:11 +0800] "GET /xingrg/all/function/internal_message.html?_=1633315811306&CODE_STATE=getMsg HTTP/1.1" 200 27
180.152.237.0 - - [04/Oct/2021:10:50:13 +0800] "GET /xingrg/all/function/internal_message.html?_=1633315813700&CODE_STATE=getMsg HTTP/1.1" 200 27
58.40.7.146 - - [04/Oct/2021:10:50:14 +0800] "GET /xingrg/all/function/internal_message.html?_=1633315815056&CODE_STATE=getMsg HTTP/1.1" 200 27
116.237.74.154 - - [04/Oct/2021:10:50:14 +0800] "GET /xingrg/all/function/internal_message.html?_=1633315814474&CODE_STATE=getMsg HTTP/1.1" 200 27
172.20.0.100 - - [04/Oct/2021:10:50:15 +0800] "GET /xingrg/all/function/internal_message.html?_=1633315817706&CODE_STATE=getMsg HTTP/1.1" 200 27
180.169.147.146 - - [04/Oct/2021:10:50:17 +0800] "GET /xingrg/all/function/internal_message.html?_=1633315821733&CODE_STATE=getMsg HTTP/1.1" 200 27
101.85.106.134 - - [04/Oct/2021:10:50:22 +0800] "GET /xingrg/check_reg.html?_=1633315712805 HTTP/1.1" 200 22
101.85.106.134 - - [04/Oct/2021:10:50:22 +0800] "GET /xingrg/all/function/internal_message.html?_=1633315712808&CODE_STATE=getMsg HTTP/1.1" 200 27
180.169.147.146 - - [04/Oct/2021:10:50:22 +0800] "GET /xingrg/all/report/report_query.html?isQuery=1&fileName=kc/base/crk_detail_by_small.xml&rh=99999&queryString=&queryText=%25E3%2580%2590%25E4%25BB%2593%25E5%25BA%2593%25E5%2590%258D%25E7%25A7%25B0%253A%25E6%25B5%25B7%25E9%25B2%259C%25E6%25B1%25A0%25E3%2580%2591%25E3%2580%2590%25E4%25B8%259A%25E5%258A%25A1%25E7%25B1%25BB%25E5%259E%258B%25EF%25BC%259A%25E9%2587%2587%25E8%25B4%25AD%25E5%2585%25A5%25E5%25BA%2593%25E3%2580%2591%2520%253F%253F%253F%253F%253F2021-09-01%253F%253F2021-09-30%2520%253F%253F%253F%253F%253F%253F%253F%253F%253F%252C%253F%253F%253F%253F%253F%252C%253F%253F%253F%253F%253F%253F%252C%253F%253F%253F%253F%253F%252C%253F%253F%253F%253F%253F%252C%253F%253F%253F%253F%253F%252C%253F%253F%253F%253F%253F%252C%253F%253F%253F%253F%252C%253F%253F%253F%253F%252C%253F%253F%253F%252C%253F%253F%25C2%25B1%252C%253F%253F%253F%253F%252C%253F%253F%253F%253F%252C%253F%253F%253F%252C%253F%253F%253F%253F%253F%253F%253F%253F%252C%253F%253F%253F%253F%253F%252C%253F%253F%252C%253F%253F%253F%252C%253F%253F%253F%252C%253F%253F%253F%253F%252C%253F%253F%253F%253F%252C%253F%253F%253F%253F%253F%252C%253F%253F%253F%253F%253F%252C%253F%253F%253F%253F%253F%253F%252C%253F%253F%253F%253F%253F%252C%253F%253F%253F%253F%252C%253F%253F%253F%252C%253F%253F%253F%253F%252C%253F%253F%253F%253F%252C%253F%253F%253F%253F%252C%253F%253F%253F%253F%252C%253F%253F%253F%252C%253F%253F%253F%253F%253F%253F%253F%253F%253F%253F%252C%253F%253F%253F%253F%253F%253F%252C%253F%253F%253F%253F%253F%253F%253F%252C%253F%253F%253F%253F%253F%253F%253F%253F%253F%252C%253F%253F%253F%253F%253F%253F%253F%253F%253F%252C%253F%253F%253F%253F%253F%253F%253F%253F%253F%253F%252C%253F%253F%253F%252C%253F%253F%253F%253F%253F%253F%253F%253F%253F%253F%252C%253F%253F%253F%253F%253F%253F%253F%253F%253F%253F%253F%252C%253F%253F%253F%253F%253F%253F%253F%253F%253F%253F%252C%253F%253F%253F%253F%253F%253F%253F%253F%253F%253F%252C%253F%253F%253F%253F%253F%253F%253F%252C%253F%253F%253F%253F%253F%253F%253F%253F%253F%253F%252C%253F%253F%253F%253F%253F%252C%253F%25C2%25B1%253F%253F%253F%252C%253F%253F%25D0%25BF%253F&tableQueryString=crk_table%2524sp1%2524order_day%2520between%252020210901%2520and%252020210930%2520and%2520(base_code%253D'0010450')%2520and%2520(src_order_type%2520in%2520(21))%2520and%2520(is_rk%2520in%2520(1)) HTTP/1.1" 200 54402
180.169.147.146 - - [04/Oct/2021:10:50:22 +0800] "POST /xingrg/kc/buy/cgsh_order_operate.html HTTP/1.1" 200 37
180.169.147.146 - - [04/Oct/2021:10:50:23 +0800] "GET /xingrg/dwr/interface/AjaxReportQueryService.js HTTP/1.1" 200 13203
180.169.147.146 - - [04/Oct/2021:10:50:23 +0800] "GET /xingrg/dwr/engine.js HTTP/1.1" 200 43631
180.169.147.146 - - [04/Oct/2021:10:50:23 +0800] "POST /xingrg/all/report/load_report_page.html HTTP/1.1" 200 36836
180.169.147.146 - - [04/Oct/2021:10:50:24 +0800] "GET /xingrg/servlets/image?cache=0.2579877791565429&image=px HTTP/1.1" 200 807
114.86.228.17 - - [04/Oct/2021:10:50:24 +0800] "GET /xingrg/all/function/internal_message.html?_=1633315825759&CODE_STATE=getMsg HTTP/1.1" 200 27
180.169.147.146 - - [04/Oct/2021:10:50:24 +0800] "POST /xingrg/kc/buy/cgsh_order_operate.html HTTP/1.1" 200 7398
180.157.253.110 - - [04/Oct/2021:10:50:26 +0800] "GET /xingrg/all/function/internal_message.html?_=1633315827176&CODE_STATE=getMsg HTTP/1.1" 200 27
101.83.240.195 - - [04/Oct/2021:10:50:27 +0800] "GET /xingrg/all/function/internal_message.html?_=1633315827408&CODE_STATE=getMsg HTTP/1.1" 200 27
180.169.147.146 - - [04/Oct/2021:10:50:33 +0800] "GET /xingrg/kc/buy/cgsh_order_operate.html?command=get_materiel&rest_code=00147&code=00101006061&supplier_code=00100242&order_time=2021-10-04 HTTP/1.1" 200 409
180.162.112.229 - - [04/Oct/2021:10:50:33 +0800] "GET /xingrg/all/function/internal_message.html?_=1633315366766&CODE_STATE=getMsg HTTP/1.1" 200 27
58.39.139.200 - - [04/Oct/2021:10:50:39 +0800] "GET /xingrg/all/function/internal_message.html?_=1633315839559&CODE_STATE=getMsg HTTP/1.1" 200 27
58.39.139.200 - - [04/Oct/2021:10:50:41 +0800] "GET /xingrg/check_reg.html?_=1633315841989 HTTP/1.1" 200 22
180.169.147.146 - - [04/Oct/2021:10:50:41 +0800] "POST /xingrg/kc/buy/cgsh_order_operate.html HTTP/1.1" 200 37
180.169.147.146 - - [04/Oct/2021:10:50:42 +0800] "GET /xingrg/all/function/internal_message.html?_=1633315843583&CODE_STATE=getMsg HTTP/1.1" 200 27
180.169.147.146 - - [04/Oct/2021:10:50:43 +0800] "POST /xingrg/kc/buy/cgsh_order_operate.html HTTP/1.1" 200 7398
180.169.147.146 - - [04/Oct/2021:10:50:45 +0800] "GET /xingrg/all/function/internal_message.html?_=1633315846094&CODE_STATE=getMsg HTTP/1.1" 200 27
222.70.178.96 - - [04/Oct/2021:10:50:48 +0800] "GET /xingrg/all/function/internal_message.html?_=1633315846612&CODE_STATE=getMsg HTTP/1.1" 200 27
120.253.135.82 - - [04/Oct/2021:10:50:52 +0800] "GET /xingrg/all/function/internal_message.html?_=1633315624346&CODE_STATE=getMsg HTTP/1.1" 200 27
116.237.74.154 - - [04/Oct/2021:10:50:55 +0800] "GET /xingrg/all/function/internal_message.html?_=1633315855461&CODE_STATE=getMsg HTTP/1.1" 200 27
114.85.125.222 - - [04/Oct/2021:10:50:55 +0800] "GET /xingrg/all/function/internal_message.html?_=1633315821183&CODE_STATE=getMsg HTTP/1.1" 200 27
101.89.239.245 - - [04/Oct/2021:10:50:56 +0800] "GET /xingrg/all/function/internal_message.html?_=1633315795479&CODE_STATE=getMsg HTTP/1.1" 302 -
101.89.239.245 - - [04/Oct/2021:10:50:56 +0800] "GET /xingrg/login.html HTTP/1.1" 200 7641
180.169.147.146 - - [04/Oct/2021:10:51:00 +0800] "GET /xingrg/all/function/internal_message.html?_=1633315862358&CODE_STATE=getMsg HTTP/1.1" 200 27
222.70.178.96 - - [04/Oct/2021:10:51:00 +0800] "GET /xingrg/all/function/internal_message.html?_=1633315858988&CODE_STATE=getMsg HTTP/1.1" 200 27
114.86.228.17 - - [04/Oct/2021:10:51:01 +0800] "GET /xingrg/index.html?sysBaseUrl=http%3A%2F%2F180.169.147.146%3A18081%2Fxingrg%2F&costTime=1516×tamp=1633310052783 HTTP/1.1" 200 17173
114.86.228.17 - - [04/Oct/2021:10:51:01 +0800] "POST /xingrg/all/common/load_tree.html?tree=area_rest_tree_json&manage=1 HTTP/1.1" 200 342
114.86.228.17 - - [04/Oct/2021:10:51:01 +0800] "GET /xingrg/all/function/internal_message.html?_=1633315862544&CODE_STATE=count HTTP/1.1" 200 11
114.86.228.17 - - [04/Oct/2021:10:51:01 +0800] "GET /xingrg/check_reg.html?_=1633315862544 HTTP/1.1" 200 22
114.86.228.17 - - [04/Oct/2021:10:51:01 +0800] "POST /xingrg/load_menu.html HTTP/1.1" 200 5138
180.152.237.0 - - [04/Oct/2021:10:51:01 +0800] "GET /xingrg/check_reg.html?_=1633315842700 HTTP/1.1" 200 22
114.86.228.17 - - [04/Oct/2021:10:51:04 +0800] "GET /xingrg/index.html?sysBaseUrl=http%3A%2F%2F180.169.147.146%3A18081%2Fxingrg%2F&costTime=1516×tamp=1633310052783 HTTP/1.1" 200 17173
114.86.228.17 - - [04/Oct/2021:10:51:04 +0800] "POST /xingrg/all/common/load_tree.html?tree=area_rest_tree_json&manage=1 HTTP/1.1" 200 342
114.86.228.17 - - [04/Oct/2021:10:51:04 +0800] "GET /xingrg/check_reg.html?_=1633315866136 HTTP/1.1" 200 22
114.86.228.17 - - [04/Oct/2021:10:51:04 +0800] "GET /xingrg/all/function/internal_message.html?_=1633315866136&CODE_STATE=count HTTP/1.1" 200 11
114.86.228.17 - - [04/Oct/2021:10:51:05 +0800] "POST /xingrg/load_menu.html HTTP/1.1" 200 5138
114.86.228.17 - - [04/Oct/2021:10:51:05 +0800] "GET /xingrg/kc/mdqp/qp_main.html HTTP/1.1" 200 10633
114.86.228.17 - - [04/Oct/2021:10:51:05 +0800] "GET /xingrg/images/blue/button/qqpsd.gif HTTP/1.1" 200 2548
114.86.228.17 - - [04/Oct/2021:10:51:05 +0800] "GET /xingrg/images/blue/button/pszx.gif HTTP/1.1" 200 2648
114.86.228.17 - - [04/Oct/2021:10:51:05 +0800] "GET /xingrg/images/blue/button/psshd.gif HTTP/1.1" 200 2692
114.86.228.17 - - [04/Oct/2021:10:51:06 +0800] "GET /xingrg/images/yd/bt.gif HTTP/1.1" 404 1040
114.86.228.17 - - [04/Oct/2021:10:51:06 +0800] "GET /xingrg/kc/mdqp/qqps_order_list.html HTTP/1.1" 200 9222
114.86.228.17 - - [04/Oct/2021:10:51:06 +0800] "GET /xingrg/dwr/interface/AjaxReportQueryService.js HTTP/1.1" 200 13203
114.86.228.17 - - [04/Oct/2021:10:51:06 +0800] "GET /xingrg/dwr/interface/AjaxQqpsService.js HTTP/1.1" 200 16326
114.86.228.17 - - [04/Oct/2021:10:51:07 +0800] "GET /xingrg/dwr/engine.js HTTP/1.1" 200 43631
114.86.228.17 - - [04/Oct/2021:10:51:07 +0800] "GET /xingrg/javascript/jquery_easy_ui/themes/icons/edit_add_new.png HTTP/1.1" 200 2997
114.86.228.17 - - [04/Oct/2021:10:51:07 +0800] "GET /xingrg/javascript/jquery_easy_ui/themes/icons/check_new.png HTTP/1.1" 200 3224
114.86.228.17 - - [04/Oct/2021:10:51:07 +0800] "GET /xingrg/javascript/jquery_easy_ui/themes/icons/uncheck_new.png HTTP/1.1" 200 3197
114.86.228.17 - - [04/Oct/2021:10:51:07 +0800] "GET /xingrg/javascript/jquery_easy_ui/themes/icons/cance_new.png HTTP/1.1" 200 3986
180.169.147.146 - - [04/Oct/2021:10:51:07 +0800] "GET /xingrg/all/function/internal_message.html?_=1633315916220&CODE_STATE=getMsg HTTP/1.1" 200 27
114.86.228.17 - - [04/Oct/2021:10:51:08 +0800] "GET /xingrg/javascript/jquery_easy_ui/themes/default/images/button_plain_hover.png HTTP/1.1" 200 252
114.86.228.17 - - [04/Oct/2021:10:51:08 +0800] "GET /xingrg/kc/mdqp/qqps_order_add.html HTTP/1.1" 200 28330
114.86.228.17 - - [04/Oct/2021:10:51:08 +0800] "GET /xingrg/dwr/interface/AjaxComOrderService.js HTTP/1.1" 200 18264
114.86.228.17 - - [04/Oct/2021:10:51:08 +0800] "GET /xingrg/dwr/interface/AjaxQqpsService.js HTTP/1.1" 200 16326
114.86.228.17 - - [04/Oct/2021:10:51:08 +0800] "GET /xingrg/javascript/tools/jquery.qtip-1.0.0-rc3.min.js HTTP/1.1" 200 38404
114.86.228.17 - - [04/Oct/2021:10:51:08 +0800] "GET /xingrg/javascript/AjaxInfoList.js HTTP/1.1" 200 3774
114.86.228.17 - - [04/Oct/2021:10:51:08 +0800] "GET /xingrg/javascript/Grid.js HTTP/1.1" 200 58908
114.86.228.17 - - [04/Oct/2021:10:51:08 +0800] "GET /xingrg/dwr/engine.js HTTP/1.1" 200 43631
114.86.228.17 - - [04/Oct/2021:10:51:08 +0800] "GET /xingrg/words/20211004103514_words.js HTTP/1.1" 200 854217
114.86.228.17 - - [04/Oct/2021:10:51:08 +0800] "GET /xingrg/javascript/jquery_easy_ui/themes/icons/template_new.png HTTP/1.1" 200 3956
114.86.228.17 - - [04/Oct/2021:10:51:08 +0800] "GET /xingrg/javascript/jquery_easy_ui/themes/icons/copy_new.png HTTP/1.1" 200 815
114.86.228.17 - - [04/Oct/2021:10:51:08 +0800] "GET /xingrg/javascript/jquery_easy_ui/themes/icons/ok.png HTTP/1.1" 200 883
222.70.246.151 - - [04/Oct/2021:10:51:08 +0800] "GET /xingrg/all/function/internal_message.html?_=1633315871263&CODE_STATE=getMsg HTTP/1.1" 200 27
114.86.228.17 - - [04/Oct/2021:10:51:09 +0800] "GET /xingrg/images/blue/button/kc_tab_add.gif HTTP/1.1" 200 375
114.86.228.17 - - [04/Oct/2021:10:51:09 +0800] "GET /xingrg/images/blue/button/kc_tab_edit.gif HTTP/1.1" 200 551
114.86.228.17 - - [04/Oct/2021:10:51:09 +0800] "GET /xingrg/images/blue/button/kc_tab_save.gif HTTP/1.1" 200 777
114.86.228.17 - - [04/Oct/2021:10:51:09 +0800] "GET /xingrg/images/blue/button/kc_tab_del.gif HTTP/1.1" 200 383
116.230.105.26 - - [04/Oct/2021:10:51:09 +0800] "GET /xingrg/all/function/internal_message.html?_=1633315859021&CODE_STATE=getMsg HTTP/1.1" 200 27
114.86.228.17 - - [04/Oct/2021:10:51:09 +0800] "GET /xingrg/images/blue/kc_tab_mid.gif HTTP/1.1" 200 44
114.86.228.17 - - [04/Oct/2021:10:51:09 +0800] "GET /xingrg/javascript/jquery_easy_ui/themes/default/images/combo_arrow_dot.gif HTTP/1.1" 200 79
114.86.228.17 - - [04/Oct/2021:10:51:09 +0800] "GET /xingrg/images/blue/kc_tab_left.gif HTTP/1.1" 200 188
114.86.228.17 - - [04/Oct/2021:10:51:09 +0800] "GET /xingrg/images/blue/kc_tab_right.gif HTTP/1.1" 200 643
114.86.228.17 - - [04/Oct/2021:10:51:09 +0800] "GET /xingrg/images/blue/kc_tab2_left.gif HTTP/1.1" 200 625
114.86.228.17 - - [04/Oct/2021:10:51:09 +0800] "GET /xingrg/images/blue/kc_tab2_right.gif HTTP/1.1" 200 192
116.238.248.233 - - [04/Oct/2021:10:51:11 +0800] "GET /xingrg/all/function/internal_message.html?_=1633315871294&CODE_STATE=getMsg HTTP/1.1" 200 27
114.86.228.17 - - [04/Oct/2021:10:51:12 +0800] "GET /xingrg/javascript/auto/indicator.gif HTTP/1.1" 404 1066
180.169.147.146 - - [04/Oct/2021:10:51:13 +0800] "GET /xingrg/all/report/report_query.html?isQuery=1&fileName=kc/base/crk_detail_by_small.xml&rh=99999&queryString=&queryText=%25E3%2580%2590%25E4%25BB%2593%25E5%25BA%2593%25E5%2590%258D%25E7%25A7%25B0%253A%25E6%25B5%25B7%25E9%25B2%259C%25E6%25B1%25A0%25E3%2580%2591%25E3%2580%2590%25E4%25B8%259A%25E5%258A%25A1%25E7%25B1%25BB%25E5%259E%258B%25EF%25BC%259A%25E9%2587%2587%25E8%25B4%25AD%25E5%2585%25A5%25E5%25BA%2593%25E3%2580%2591%2520%253F%253F%253F%253F%253F2021-09-01%253F%253F2021-09-30%2520%253F%253F%253F%253F%253F%253F%253F%253F%253F%252C%253F%253F%253F%253F%253F%252C%253F%253F%253F%253F%253F%253F%252C%253F%253F%253F%253F%253F%252C%253F%253F%253F%253F%253F%252C%253F%253F%253F%253F%253F%252C%253F%253F%253F%253F%253F%252C%253F%253F%253F%253F%252C%253F%253F%253F%253F%252C%253F%253F%253F%252C%253F%253F%25C2%25B1%252C%253F%253F%253F%253F%252C%253F%253F%253F%253F%252C%253F%253F%253F%252C%253F%253F%253F%253F%253F%253F%253F%253F%252C%253F%253F%253F%253F%253F%252C%253F%253F%252C%253F%253F%253F%252C%253F%253F%253F%252C%253F%253F%253F%253F%252C%253F%253F%253F%253F%252C%253F%253F%253F%253F%253F%252C%253F%253F%253F%253F%253F%252C%253F%253F%253F%253F%253F%253F%252C%253F%253F%253F%253F%253F%252C%253F%253F%253F%253F%252C%253F%253F%253F%252C%253F%253F%253F%253F%252C%253F%253F%253F%253F%252C%253F%253F%253F%253F%252C%253F%253F%253F%253F%252C%253F%253F%253F%252C%253F%253F%253F%253F%253F%253F%253F%253F%253F%253F%252C%253F%253F%253F%253F%253F%253F%252C%253F%253F%253F%253F%253F%253F%253F%252C%253F%253F%253F%253F%253F%253F%253F%253F%253F%252C%253F%253F%253F%253F%253F%253F%253F%253F%253F%252C%253F%253F%253F%253F%253F%253F%253F%253F%253F%253F%252C%253F%253F%253F%252C%253F%253F%253F%253F%253F%253F%253F%253F%253F%253F%252C%253F%253F%253F%253F%253F%253F%253F%253F%253F%253F%253F%252C%253F%253F%253F%253F%253F%253F%253F%253F%253F%253F%252C%253F%253F%253F%253F%253F%253F%253F%253F%253F%253F%252C%253F%253F%253F%253F%253F%253F%253F%252C%253F%253F%253F%253F%253F%253F%253F%253F%253F%253F%252C%253F%253F%253F%253F%253F%252C%253F%25C2%25B1%253F%253F%253F%252C%253F%253F%25D0%25BF%253F&tableQueryString=crk_table%2524sp1%2524order_day%2520between%252020210901%2520and%252020210930%2520and%2520(base_code%253D'0010450')%2520and%2520(src_order_type%2520in%2520(21))%2520and%2520(is_rk%2520in%2520(1)) HTTP/1.1" 200 54402
180.152.237.0 - - [04/Oct/2021:10:51:13 +0800] "GET /xingrg/all/function/internal_message.html?_=1633315873720&CODE_STATE=getMsg HTTP/1.1" 200 27
180.169.147.146 - - [04/Oct/2021:10:51:13 +0800] "GET /xingrg/dwr/interface/AjaxReportQueryService.js HTTP/1.1" 200 13203
180.169.147.146 - - [04/Oct/2021:10:51:13 +0800] "GET /xingrg/dwr/engine.js HTTP/1.1" 200 43631
58.40.7.146 - - [04/Oct/2021:10:51:14 +0800] "GET /xingrg/all/function/internal_message.html?_=1633315875377&CODE_STATE=getMsg HTTP/1.1" 200 27
180.169.147.146 - - [04/Oct/2021:10:51:14 +0800] "POST /xingrg/all/report/load_report_page.html HTTP/1.1" 200 36836
180.169.147.146 - - [04/Oct/2021:10:51:14 +0800] "GET /xingrg/servlets/image?cache=0.8538351209742461&image=px HTTP/1.1" 200 807
116.237.74.154 - - [04/Oct/2021:10:51:14 +0800] "GET /xingrg/all/function/internal_message.html?_=1633315874475&CODE_STATE=getMsg HTTP/1.1" 200 27
172.20.0.100 - - [04/Oct/2021:10:51:15 +0800] "GET /xingrg/all/function/internal_message.html?_=1633315877696&CODE_STATE=getMsg HTTP/1.1" 200 27
114.86.228.17 - - [04/Oct/2021:10:51:16 +0800] "GET /xingrg/images/blue/wait.gif HTTP/1.1" 200 1100
114.86.228.17 - - [04/Oct/2021:10:51:16 +0800] "POST /xingrg/dwr/call/plaincall/AjaxQqpsService.saveOrder.dwr HTTP/1.1" 200 78
180.169.147.146 - - [04/Oct/2021:10:51:17 +0800] "GET /xingrg/all/function/internal_message.html?_=1633315881739&CODE_STATE=getMsg HTTP/1.1" 200 27
114.86.228.17 - - [04/Oct/2021:10:51:20 +0800] "POST /xingrg/dwr/call/plaincall/AjaxQqpsService.getMaterielByCode.dwr HTTP/1.1" 200 2696
114.86.228.17 - - [04/Oct/2021:10:51:22 +0800] "POST /xingrg/dwr/call/plaincall/AjaxQqpsService.saveMaterielItem.dwr HTTP/1.1" 200 78
101.85.106.134 - - [04/Oct/2021:10:51:22 +0800] "GET /xingrg/all/function/internal_message.html?_=1633315772808&CODE_STATE=getMsg HTTP/1.1" 200 27
114.86.228.17 - - [04/Oct/2021:10:51:25 +0800] "POST /xingrg/dwr/call/plaincall/AjaxQqpsService.removeMaterielItem.dwr HTTP/1.1" 200 78
180.157.253.110 - - [04/Oct/2021:10:51:26 +0800] "GET /xingrg/all/function/internal_message.html?_=1633315887162&CODE_STATE=getMsg HTTP/1.1" 200 27
114.86.228.17 - - [04/Oct/2021:10:51:27 +0800] "POST /xingrg/dwr/call/plaincall/AjaxQqpsService.checkOrder.dwr HTTP/1.1" 200 78
101.83.240.195 - - [04/Oct/2021:10:51:27 +0800] "GET /xingrg/all/function/internal_message.html?_=1633315887383&CODE_STATE=getMsg HTTP/1.1" 200 27
114.86.228.17 - - [04/Oct/2021:10:51:28 +0800] "GET /xingrg/kc/mdqp/qqps_order_info.html?code=302021100400069 HTTP/1.1" 200 26731
114.86.228.17 - - [04/Oct/2021:10:51:28 +0800] "GET /xingrg/dwr/interface/AjaxComOrderService.js HTTP/1.1" 200 18264
114.86.228.17 - - [04/Oct/2021:10:51:28 +0800] "GET /xingrg/dwr/interface/AjaxQqpsService.js HTTP/1.1" 200 16326
114.86.228.17 - - [04/Oct/2021:10:51:28 +0800] "GET /xingrg/dwr/engine.js HTTP/1.1" 200 43631
114.86.228.17 - - [04/Oct/2021:10:51:28 +0800] "POST /xingrg/dwr/call/plaincall/AjaxQqpsService.loadMaterielItems.dwr HTTP/1.1" 200 363
180.162.112.229 - - [04/Oct/2021:10:51:33 +0800] "GET /xingrg/all/function/internal_message.html?_=1633315426766&CODE_STATE=getMsg HTTP/1.1" 200 27
101.83.240.195 - - [04/Oct/2021:10:51:34 +0800] "GET /xingrg/kc/buy/cgsh_order_add.html HTTP/1.1" 200 64669
101.83.240.195 - - [04/Oct/2021:10:51:34 +0800] "GET /xingrg/words/20211004103514_words.js HTTP/1.1" 200 854217
101.83.240.195 - - [04/Oct/2021:10:51:34 +0800] "POST /xingrg/kc/buy/cgsh_order_operate.html HTTP/1.1" 200 8245
101.83.240.195 - - [04/Oct/2021:10:51:34 +0800] "GET /xingrg/javascript/easyui/themes/default/validatebox.css HTTP/1.1" 404 1104
58.39.139.200 - - [04/Oct/2021:10:51:39 +0800] "GET /xingrg/all/function/internal_message.html?_=1633315899539&CODE_STATE=getMsg HTTP/1.1" 200 27
180.169.147.146 - - [04/Oct/2021:10:51:42 +0800] "GET /xingrg/all/function/internal_message.html?_=1633315903564&CODE_STATE=getMsg HTTP/1.1" 200 27
180.169.147.146 - - [04/Oct/2021:10:51:45 +0800] "GET /xingrg/all/function/internal_message.html?_=1633315906084&CODE_STATE=getMsg HTTP/1.1" 200 27
116.237.74.154 - - [04/Oct/2021:10:51:47 +0800] "GET /xingrg/check_reg.html?_=1633315908126 HTTP/1.1" 200 22
222.70.178.96 - - [04/Oct/2021:10:51:48 +0800] "GET /xingrg/all/function/internal_message.html?_=1633315906596&CODE_STATE=getMsg HTTP/1.1" 200 27
222.70.178.96 - - [04/Oct/2021:10:51:49 +0800] "GET /xingrg/check_reg.html?_=1633315907940 HTTP/1.1" 200 22
101.83.240.195 - - [04/Oct/2021:10:51:51 +0800] "GET /xingrg/kc/buy/cgsh_order_operate.html?command=get_materiel&rest_code=00149&code=00101009049&supplier_code=00100201&order_time=2021-10-04 HTTP/1.1" 200 416
58.39.139.200 - - [04/Oct/2021:10:51:51 +0800] "GET /xingrg/kc/base/wldb_order_add.html HTTP/1.1" 200 30438
58.39.139.200 - - [04/Oct/2021:10:51:52 +0800] "GET /xingrg/javascript/easyui/themes/default/validatebox.css HTTP/1.1" 404 1104
58.39.139.200 - - [04/Oct/2021:10:51:52 +0800] "POST /xingrg/kc/base/wldb_order_operate.html HTTP/1.1" 200 6806
120.253.135.82 - - [04/Oct/2021:10:51:52 +0800] "GET /xingrg/all/function/internal_message.html?_=1633315684358&CODE_STATE=getMsg HTTP/1.1" 200 27
116.237.74.154 - - [04/Oct/2021:10:51:54 +0800] "GET /xingrg/all/function/internal_message.html?_=1633315915441&CODE_STATE=getMsg HTTP/1.1" 200 27
114.85.125.222 - - [04/Oct/2021:10:51:55 +0800] "GET /xingrg/all/function/internal_message.html?_=1633315881237&CODE_STATE=getMsg HTTP/1.1" 200 27
180.169.147.146 - - [04/Oct/2021:10:52:00 +0800] "GET /xingrg/all/function/internal_message.html?_=1633315922361&CODE_STATE=getMsg HTTP/1.1" 200 27
222.70.178.96 - - [04/Oct/2021:10:52:00 +0800] "GET /xingrg/all/function/internal_message.html?_=1633315918972&CODE_STATE=getMsg HTTP/1.1" 200 27
114.86.228.17 - - [04/Oct/2021:10:52:04 +0800] "GET /xingrg/all/function/internal_message.html?_=1633315926148&CODE_STATE=getMsg HTTP/1.1" 200 27
180.169.147.146 - - [04/Oct/2021:10:52:07 +0800] "GET /xingrg/all/function/internal_message.html?_=1633315976213&CODE_STATE=getMsg HTTP/1.1" 200 27
222.70.246.151 - - [04/Oct/2021:10:52:08 +0800] "GET /xingrg/all/function/internal_message.html?_=1633315931269&CODE_STATE=getMsg HTTP/1.1" 200 27
101.83.240.195 - - [04/Oct/2021:10:52:09 +0800] "GET /xingrg/kc/buy/cgsh_order_operate.html?command=get_materiel&rest_code=00149&code=00101009062&supplier_code=00100201&order_time=2021-10-04 HTTP/1.1" 200 412
116.230.105.26 - - [04/Oct/2021:10:52:09 +0800] "GET /xingrg/all/function/internal_message.html?_=1633315919031&CODE_STATE=getMsg HTTP/1.1" 200 27
116.238.248.233 - - [04/Oct/2021:10:52:11 +0800] "GET /xingrg/all/function/internal_message.html?_=1633315931295&CODE_STATE=getMsg HTTP/1.1" 200 27
180.152.237.0 - - [04/Oct/2021:10:52:13 +0800] "GET /xingrg/all/function/internal_message.html?_=1633315933727&CODE_STATE=getMsg HTTP/1.1" 200 27
58.40.7.146 - - [04/Oct/2021:10:52:14 +0800] "GET /xingrg/all/function/internal_message.html?_=1633315935361&CODE_STATE=getMsg HTTP/1.1" 200 27
116.237.74.154 - - [04/Oct/2021:10:52:14 +0800] "GET /xingrg/check_reg.html?_=1633315934475 HTTP/1.1" 200 22
116.237.74.154 - - [04/Oct/2021:10:52:14 +0800] "GET /xingrg/all/function/internal_message.html?_=1633315934478&CODE_STATE=getMsg HTTP/1.1" 200 27
172.20.0.100 - - [04/Oct/2021:10:52:15 +0800] "GET /xingrg/all/function/internal_message.html?_=1633315937709&CODE_STATE=getMsg HTTP/1.1" 200 27
172.20.0.100 - - [04/Oct/2021:10:52:15 +0800] "GET /xingrg/check_reg.html?_=1633315937714 HTTP/1.1" 200 22
101.83.240.195 - - [04/Oct/2021:10:52:15 +0800] "GET /xingrg/kc/buy/cgsh_order_operate.html?command=get_materiel&rest_code=00149&code=00101009011&supplier_code=00100201&order_time=2021-10-04 HTTP/1.1" 200 416
180.169.147.146 - - [04/Oct/2021:10:52:17 +0800] "GET /xingrg/all/function/internal_message.html?_=1633315941727&CODE_STATE=getMsg HTTP/1.1" 200 27
180.152.237.0 - - [04/Oct/2021:10:52:21 +0800] "GET /xingrg/javascript/easyui/themes/default/tree.css HTTP/1.1" 404 1090
180.152.237.0 - - [04/Oct/2021:10:52:21 +0800] "POST /xingrg/all/common/load_tree.html?tree=supplier_tree_json&isDelete=1 HTTP/1.1" 200 60042
101.85.106.134 - - [04/Oct/2021:10:52:22 +0800] "GET /xingrg/all/function/internal_message.html?_=1633315832794&CODE_STATE=getMsg HTTP/1.1" 200 27
180.157.253.110 - - [04/Oct/2021:10:52:26 +0800] "GET /xingrg/all/function/internal_message.html?_=1633315947131&CODE_STATE=getMsg HTTP/1.1" 200 27
180.157.253.110 - - [04/Oct/2021:10:52:26 +0800] "GET /xingrg/check_reg.html?_=1633315947274 HTTP/1.1" 200 22
58.39.139.200 - - [04/Oct/2021:10:52:27 +0800] "POST /xingrg/all/common/load_combo.html?type=base HTTP/1.1" 200 3236
101.83.240.195 - - [04/Oct/2021:10:52:27 +0800] "GET /xingrg/all/function/internal_message.html?_=1633315947370&CODE_STATE=getMsg HTTP/1.1" 200 27
180.169.147.146 - - [04/Oct/2021:10:52:28 +0800] "GET /xingrg/all/report/report_query.html?isQuery=1&fileName=kc/base/crk_detail_by_small.xml&rh=99999&queryString=&queryText=%25E3%2580%2590%25E4%25BB%2593%25E5%25BA%2593%25E5%2590%258D%25E7%25A7%25B0%253A%25E9%25A3%259F%25E5%2593%2581%25E4%25BB%2593%25E5%25BA%2593%25E3%2580%2591%25E3%2580%2590%25E4%25B8%259A%25E5%258A%25A1%25E7%25B1%25BB%25E5%259E%258B%25EF%25BC%259A%25E5%2586%2585%25E9%2583%25A8%25E8%25B0%2583%25E5%2587%25BA%25E3%2580%2591%2520%253F%253F%253F%253F%253F2021-09-01%253F%253F2021-09-30%2520%253F%253F%253F%253F%253F%253F%253F%253F%252C%253F%253F%253F%253F%253F%253F%252C%253F%253F%253F%253F%253F%252C%253F%253F%253F%253F%253F%252C%253F%253F%253F%253F%253F&tableQueryString=crk_table%2524sp1%2524order_day%2520between%252020210901%2520and%252020210930%2520and%2520(base_code%253D'0010476')%2520and%2520(src_order_type%2520in%2520(42))%2520and%2520(is_rk%2520in%2520(0)) HTTP/1.1" 200 53838
180.169.147.146 - - [04/Oct/2021:10:52:28 +0800] "GET /xingrg/dwr/interface/AjaxReportQueryService.js HTTP/1.1" 200 13203
180.169.147.146 - - [04/Oct/2021:10:52:28 +0800] "GET /xingrg/dwr/engine.js HTTP/1.1" 200 43631
180.169.147.146 - - [04/Oct/2021:10:52:29 +0800] "POST /xingrg/all/report/load_report_page.html HTTP/1.1" 200 39034
180.169.147.146 - - [04/Oct/2021:10:52:29 +0800] "GET /xingrg/servlets/image?cache=0.18984157948345126&image=px HTTP/1.1" 200 807
180.162.112.229 - - [04/Oct/2021:10:52:33 +0800] "GET /xingrg/all/function/internal_message.html?_=1633315486766&CODE_STATE=getMsg HTTP/1.1" 200 27
58.39.139.200 - - [04/Oct/2021:10:52:38 +0800] "GET /xingrg/all/function/internal_message.html?_=1633315959513&CODE_STATE=getMsg HTTP/1.1" 200 27
58.39.139.200 - - [04/Oct/2021:10:52:39 +0800] "GET /xingrg/kc/base/wldb_order_operate.html?command=get_materiel&rest_code=00105&base_code=0010508&code=00102002204 HTTP/1.1" 200 434
180.169.147.146 - - [04/Oct/2021:10:52:42 +0800] "GET /xingrg/all/function/internal_message.html?_=1633315963549&CODE_STATE=getMsg HTTP/1.1" 200 27
180.152.237.0 - - [04/Oct/2021:10:52:43 +0800] "GET /xingrg/kc/buy/cgsh_order_operate.html?command=get_materiel&rest_code=00102&code=00101002027&supplier_code=00100400&order_time=2021-10-04 HTTP/1.1" 200 413
114.85.125.222 - - [04/Oct/2021:10:52:44 +0800] "GET /xingrg/check_reg.html?_=1633315930447 HTTP/1.1" 200 22
180.169.147.146 - - [04/Oct/2021:10:52:45 +0800] "GET /xingrg/all/function/internal_message.html?_=1633315966089&CODE_STATE=getMsg HTTP/1.1" 200 27
180.169.147.146 - - [04/Oct/2021:10:52:45 +0800] "GET /xingrg/check_reg.html?_=1633315966093 HTTP/1.1" 200 22
101.91.60.11 - - [04/Oct/2021:10:52:47 +0800] "GET /xingrg/check_reg.html?_=1633315908126 HTTP/1.1" 302 -
222.70.178.96 - - [04/Oct/2021:10:52:48 +0800] "GET /xingrg/all/function/internal_message.html?_=1633315966566&CODE_STATE=getMsg HTTP/1.1" 200 27
58.39.139.200 - - [04/Oct/2021:10:52:48 +0800] "GET /xingrg/kc/base/wldb_order_operate.html?command=get_materiel&rest_code=00105&base_code=0010508&code=00102002304 HTTP/1.1" 200 450
58.35.215.131 - - [04/Oct/2021:10:52:48 +0800] "GET /favicon.ico HTTP/1.1" 404 -
101.91.60.11 - - [04/Oct/2021:10:52:49 +0800] "GET /xingrg/login.html HTTP/1.1" 200 7641
120.253.135.82 - - [04/Oct/2021:10:52:52 +0800] "GET /xingrg/all/function/internal_message.html?_=1633315744415&CODE_STATE=getMsg HTTP/1.1" 200 27
58.39.139.200 - - [04/Oct/2021:10:52:54 +0800] "POST /xingrg/kc/base/wldb_order_operate.html HTTP/1.1" 200 37
58.39.139.200 - - [04/Oct/2021:10:52:54 +0800] "POST /xingrg/kc/base/wldb_order_operate.html HTTP/1.1" 200 2694
116.237.74.154 - - [04/Oct/2021:10:52:54 +0800] "GET /xingrg/all/function/internal_message.html?_=1633315975424&CODE_STATE=getMsg HTTP/1.1" 200 27
114.85.125.222 - - [04/Oct/2021:10:52:55 +0800] "GET /xingrg/all/function/internal_message.html?_=1633315941248&CODE_STATE=getMsg HTTP/1.1" 200 27
180.152.237.0 - - [04/Oct/2021:10:52:56 +0800] "GET /xingrg/kc/buy/cgsh_order_operate.html?command=get_materiel&rest_code=00102&code=00101002022&supplier_code=00100400&order_time=2021-10-04 HTTP/1.1" 200 409
180.169.147.146 - - [04/Oct/2021:10:53:00 +0800] "GET /xingrg/all/function/internal_message.html?_=1633315982402&CODE_STATE=getMsg HTTP/1.1" 200 27
