120.253.135.82 - - [04/Oct/2021:06:13:04 +0800] "POST /xingrg/kc/pszx/mdps_list_operate.html HTTP/1.1" 200 217
120.253.135.82 - - [04/Oct/2021:06:13:08 +0800] "POST /xingrg/kc/pszx/mdps_list_operate.html HTTP/1.1" 200 209
116.238.248.233 - - [04/Oct/2021:06:13:11 +0800] "GET /xingrg/check_reg.html?_=1633299190842 HTTP/1.1" 200 22
116.238.248.233 - - [04/Oct/2021:06:13:11 +0800] "GET /xingrg/all/function/internal_message.html?_=1633299190845&CODE_STATE=getMsg HTTP/1.1" 200 27
120.253.135.82 - - [04/Oct/2021:06:13:14 +0800] "GET /xingrg/all/function/internal_message.html?_=1633298965926&CODE_STATE=getMsg HTTP/1.1" 200 27
222.70.178.96 - - [04/Oct/2021:06:13:15 +0800] "GET /xingrg/check_reg.html?_=1633299194454 HTTP/1.1" 200 22
222.70.178.96 - - [04/Oct/2021:06:13:15 +0800] "GET /xingrg/all/function/internal_message.html?_=1633299194452&CODE_STATE=getMsg HTTP/1.1" 200 27
120.253.135.82 - - [04/Oct/2021:06:13:25 +0800] "GET /xingrg/kc/pszx/mdps_order_info.html?code=312021100400107 HTTP/1.1" 200 23925
120.253.135.82 - - [04/Oct/2021:06:13:25 +0800] "GET /xingrg/javascript/jquery_tools/order_manager.js HTTP/1.1" 200 11183
120.253.135.82 - - [04/Oct/2021:06:13:25 +0800] "GET /xingrg/words/20211002120121_words.js HTTP/1.1" 200 854157
120.253.135.82 - - [04/Oct/2021:06:13:25 +0800] "GET /xingrg/javascript/easyui/themes/icons/copy_new.png HTTP/1.1" 200 815
120.253.135.82 - - [04/Oct/2021:06:13:25 +0800] "GET /xingrg/javascript/easyui/themes/icons/ok.png HTTP/1.1" 200 883
120.253.135.82 - - [04/Oct/2021:06:13:26 +0800] "GET /xingrg/javascript/easyui/themes/icons/print.png HTTP/1.1" 200 1057
120.253.135.82 - - [04/Oct/2021:06:13:26 +0800] "GET /xingrg/javascript/easyui/themes/default/images/menu_downarrow.png HTTP/1.1" 200 173
120.253.135.82 - - [04/Oct/2021:06:13:26 +0800] "GET /xingrg/javascript/easyui/themes/icons/cancel.png HTTP/1.1" 200 1133
120.253.135.82 - - [04/Oct/2021:06:13:26 +0800] "GET /xingrg/javascript/easyui/themes/default/validatebox.css HTTP/1.1" 404 1104
120.253.135.82 - - [04/Oct/2021:06:13:26 +0800] "GET /xingrg/javascript/easyui/plugins/jquery.validatebox.js HTTP/1.1" 200 6103
120.253.135.82 - - [04/Oct/2021:06:13:26 +0800] "GET /xingrg/javascript/easyui/plugins/jquery.numberbox.js HTTP/1.1" 200 5213
120.253.135.82 - - [04/Oct/2021:06:13:26 +0800] "POST /xingrg/kc/pszx/mdps_order_operate.html HTTP/1.1" 200 2297
120.253.135.82 - - [04/Oct/2021:06:13:26 +0800] "GET /xingrg/javascript/easyui/themes/icons/edit_remove.png HTTP/1.1" 200 625
120.253.135.82 - - [04/Oct/2021:06:13:28 +0800] "POST /xingrg/all/common/load_combo.html?type=base HTTP/1.1" 200 1075
222.70.246.151 - - [04/Oct/2021:06:13:28 +0800] "GET /xingrg/check_reg.html?_=1633299210398 HTTP/1.1" 200 22
120.253.135.82 - - [04/Oct/2021:06:13:34 +0800] "POST /xingrg/kc/pszx/mdps_order_operate.html HTTP/1.1" 200 37
120.253.135.82 - - [04/Oct/2021:06:13:35 +0800] "GET /xingrg/kc/pszx/mdps_order_info.html?code=312021100400107 HTTP/1.1" 200 23923
120.253.135.82 - - [04/Oct/2021:06:13:35 +0800] "GET /xingrg/javascript/easyui/themes/default/validatebox.css HTTP/1.1" 404 1104
120.253.135.82 - - [04/Oct/2021:06:13:35 +0800] "POST /xingrg/kc/pszx/mdps_order_operate.html HTTP/1.1" 200 2306
120.253.135.82 - - [04/Oct/2021:06:13:36 +0800] "POST /xingrg/all/common/load_select.html HTTP/1.1" 200 25
120.253.135.82 - - [04/Oct/2021:06:13:39 +0800] "GET /xingrg/kc/pszx/mdps_order_operate.html?command=get_materiel_price&pszx_code=00101&rest_code=00109&base_code=0010570&code=00101026179&unit_code=00100189&order_time=2021-10-04 HTTP/1.1" 200 36
120.253.135.82 - - [04/Oct/2021:06:13:46 +0800] "POST /xingrg/kc/pszx/mdps_order_operate.html HTTP/1.1" 200 37
120.253.135.82 - - [04/Oct/2021:06:13:46 +0800] "GET /xingrg/kc/pszx/mdps_order_info.html?code=312021100400107 HTTP/1.1" 200 23923
120.253.135.82 - - [04/Oct/2021:06:13:47 +0800] "GET /xingrg/javascript/easyui/themes/default/validatebox.css HTTP/1.1" 404 1104
120.253.135.82 - - [04/Oct/2021:06:13:47 +0800] "POST /xingrg/kc/pszx/mdps_order_operate.html HTTP/1.1" 200 2306
222.70.246.151 - - [04/Oct/2021:06:13:49 +0800] "GET /xingrg/all/function/internal_message.html?_=1633299230597&CODE_STATE=getMsg HTTP/1.1" 200 27
120.253.135.82 - - [04/Oct/2021:06:13:51 +0800] "GET /xingrg/kc/pszx/mdps_order_info.html?code=312021100400107 HTTP/1.1" 200 23923
120.253.135.82 - - [04/Oct/2021:06:13:51 +0800] "POST /xingrg/kc/pszx/mdps_order_operate.html HTTP/1.1" 200 2306
120.253.135.82 - - [04/Oct/2021:06:13:51 +0800] "GET /xingrg/javascript/easyui/themes/default/validatebox.css HTTP/1.1" 404 1104
120.253.135.82 - - [04/Oct/2021:06:13:54 +0800] "POST /xingrg/kc/pszx/mdps_list_operate.html HTTP/1.1" 200 4598
120.253.135.82 - - [04/Oct/2021:06:13:56 +0800] "POST /xingrg/kc/pszx/mdps_list_operate.html HTTP/1.1" 200 217
120.253.135.82 - - [04/Oct/2021:06:13:57 +0800] "GET /xingrg/kc/pszx/mdps_order_info.html?code=312021100400107 HTTP/1.1" 200 23923
120.253.135.82 - - [04/Oct/2021:06:13:58 +0800] "GET /xingrg/javascript/easyui/themes/default/validatebox.css HTTP/1.1" 404 1104
120.253.135.82 - - [04/Oct/2021:06:13:58 +0800] "POST /xingrg/kc/pszx/mdps_order_operate.html HTTP/1.1" 200 2306
116.230.105.26 - - [04/Oct/2021:06:14:01 +0800] "GET /xingrg/all/function/internal_message.html?_=1633299231332&CODE_STATE=getMsg HTTP/1.1" 200 27
120.253.135.82 - - [04/Oct/2021:06:14:05 +0800] "GET /xingrg/kc/print/load_config.html?kc_code=mdps HTTP/1.1" 200 2390
120.253.135.82 - - [04/Oct/2021:06:14:05 +0800] "GET /xingrg/kc/print/load_data.html?order_code=312021100400107&kc_code=mdps&condition= HTTP/1.1" 200 677
120.253.135.82 - - [04/Oct/2021:06:14:10 +0800] "POST /xingrg/kc/pszx/mdps_list_operate.html HTTP/1.1" 200 4598
116.238.248.233 - - [04/Oct/2021:06:14:11 +0800] "GET /xingrg/all/function/internal_message.html?_=1633299250848&CODE_STATE=getMsg HTTP/1.1" 200 27
120.253.135.82 - - [04/Oct/2021:06:14:14 +0800] "GET /xingrg/all/function/internal_message.html?_=1633299025932&CODE_STATE=getMsg HTTP/1.1" 200 27
222.70.178.96 - - [04/Oct/2021:06:14:15 +0800] "GET /xingrg/all/function/internal_message.html?_=1633299254454&CODE_STATE=getMsg HTTP/1.1" 200 27
222.70.246.151 - - [04/Oct/2021:06:14:49 +0800] "GET /xingrg/all/function/internal_message.html?_=1633299290612&CODE_STATE=getMsg HTTP/1.1" 200 27
116.230.105.26 - - [04/Oct/2021:06:15:01 +0800] "GET /xingrg/all/function/internal_message.html?_=1633299291346&CODE_STATE=getMsg HTTP/1.1" 200 27
116.238.248.233 - - [04/Oct/2021:06:15:11 +0800] "GET /xingrg/all/function/internal_message.html?_=1633299310849&CODE_STATE=getMsg HTTP/1.1" 200 27
120.253.135.82 - - [04/Oct/2021:06:15:14 +0800] "GET /xingrg/all/function/internal_message.html?_=1633299085970&CODE_STATE=getMsg HTTP/1.1" 200 27
222.70.178.96 - - [04/Oct/2021:06:15:15 +0800] "GET /xingrg/all/function/internal_message.html?_=1633299314454&CODE_STATE=getMsg HTTP/1.1" 200 27
120.253.135.82 - - [04/Oct/2021:06:15:25 +0800] "POST /xingrg/kc/pszx/mdps_list_operate.html HTTP/1.1" 200 217
120.253.135.82 - - [04/Oct/2021:06:15:26 +0800] "POST /xingrg/kc/pszx/mdps_list_operate.html HTTP/1.1" 200 644
120.253.135.82 - - [04/Oct/2021:06:15:27 +0800] "POST /xingrg/kc/pszx/mdps_list_operate.html HTTP/1.1" 200 209
120.253.135.82 - - [04/Oct/2021:06:15:29 +0800] "POST /xingrg/kc/pszx/mdps_list_operate.html HTTP/1.1" 200 482
120.253.135.82 - - [04/Oct/2021:06:15:30 +0800] "POST /xingrg/kc/pszx/mdps_list_operate.html HTTP/1.1" 200 623
120.253.135.82 - - [04/Oct/2021:06:15:31 +0800] "POST /xingrg/kc/pszx/mdps_list_operate.html HTTP/1.1" 200 632
120.253.135.82 - - [04/Oct/2021:06:15:33 +0800] "POST /xingrg/kc/pszx/mdps_list_operate.html HTTP/1.1" 200 205
222.70.246.151 - - [04/Oct/2021:06:15:49 +0800] "GET /xingrg/all/function/internal_message.html?_=1633299350706&CODE_STATE=getMsg HTTP/1.1" 200 27
116.230.105.26 - - [04/Oct/2021:06:16:01 +0800] "GET /xingrg/all/function/internal_message.html?_=1633299351338&CODE_STATE=getMsg HTTP/1.1" 200 27
116.230.105.26 - - [04/Oct/2021:06:16:01 +0800] "GET /xingrg/check_reg.html?_=1633299351343 HTTP/1.1" 200 22
116.238.248.233 - - [04/Oct/2021:06:16:11 +0800] "GET /xingrg/all/function/internal_message.html?_=1633299370849&CODE_STATE=getMsg HTTP/1.1" 200 27
120.253.135.82 - - [04/Oct/2021:06:16:13 +0800] "POST /xingrg/kc/pszx/mdps_list_operate.html HTTP/1.1" 200 3179
120.253.135.82 - - [04/Oct/2021:06:16:14 +0800] "GET /xingrg/check_reg.html?_=1633299145757 HTTP/1.1" 200 22
120.253.135.82 - - [04/Oct/2021:06:16:14 +0800] "GET /xingrg/all/function/internal_message.html?_=1633299145975&CODE_STATE=getMsg HTTP/1.1" 200 27
120.253.135.82 - - [04/Oct/2021:06:16:15 +0800] "POST /xingrg/kc/pszx/mdps_list_operate.html HTTP/1.1" 200 359
222.70.178.96 - - [04/Oct/2021:06:16:15 +0800] "GET /xingrg/all/function/internal_message.html?_=1633299374454&CODE_STATE=getMsg HTTP/1.1" 200 27
120.253.135.82 - - [04/Oct/2021:06:16:18 +0800] "POST /xingrg/kc/pszx/mdps_list_operate.html HTTP/1.1" 200 609
120.253.135.82 - - [04/Oct/2021:06:16:19 +0800] "POST /xingrg/kc/pszx/mdps_list_operate.html HTTP/1.1" 200 298
120.253.135.82 - - [04/Oct/2021:06:16:20 +0800] "POST /xingrg/kc/pszx/mdps_list_operate.html HTTP/1.1" 200 585
120.253.135.82 - - [04/Oct/2021:06:16:22 +0800] "POST /xingrg/kc/pszx/mdps_list_operate.html HTTP/1.1" 200 661
120.253.135.82 - - [04/Oct/2021:06:16:44 +0800] "GET /xingrg/javascript/easyui/themes/default/tree.css HTTP/1.1" 404 1090
120.253.135.82 - - [04/Oct/2021:06:16:44 +0800] "POST /xingrg/all/common/load_tree.html?tree=area_rest_tree_json HTTP/1.1" 200 3472
120.253.135.82 - - [04/Oct/2021:06:16:44 +0800] "GET /xingrg/javascript/easyui/themes/default/images/tree_checkbox_0.gif HTTP/1.1" 200 168
120.253.135.82 - - [04/Oct/2021:06:16:44 +0800] "GET /xingrg/javascript/easyui/themes/default/images/tree_arrows.gif HTTP/1.1" 200 617
120.253.135.82 - - [04/Oct/2021:06:16:44 +0800] "GET /xingrg/javascript/easyui/themes/default/images/tree_checkbox_2.gif HTTP/1.1" 200 181
120.253.135.82 - - [04/Oct/2021:06:16:44 +0800] "GET /xingrg/javascript/easyui/themes/default/images/tree_checkbox_1.gif HTTP/1.1" 200 174
120.253.135.82 - - [04/Oct/2021:06:16:44 +0800] "GET /xingrg/javascript/easyui/themes/icons/manage.png HTTP/1.1" 200 696
120.253.135.82 - - [04/Oct/2021:06:16:44 +0800] "GET /xingrg/javascript/easyui/themes/icons/rest.png HTTP/1.1" 200 695
120.253.135.82 - - [04/Oct/2021:06:16:44 +0800] "GET /xingrg/javascript/easyui/themes/icons/area.png HTTP/1.1" 200 262
120.253.135.82 - - [04/Oct/2021:06:16:44 +0800] "GET /xingrg/javascript/easyui/themes/default/images/tree_folder_open.gif HTTP/1.1" 200 956
222.70.246.151 - - [04/Oct/2021:06:16:49 +0800] "GET /xingrg/all/function/internal_message.html?_=1633299410716&CODE_STATE=getMsg HTTP/1.1" 200 27
120.253.135.82 - - [04/Oct/2021:06:16:56 +0800] "POST /xingrg/kc/pszx/mdps_list_operate.html HTTP/1.1" 200 2076
120.253.135.82 - - [04/Oct/2021:06:16:57 +0800] "POST /xingrg/kc/pszx/mdps_list_operate.html HTTP/1.1" 200 618
120.253.135.82 - - [04/Oct/2021:06:16:59 +0800] "POST /xingrg/kc/pszx/mdps_list_operate.html HTTP/1.1" 200 607
222.70.246.151 - - [04/Oct/2021:06:17:00 +0800] "GET /xingrg/check_reg.html?_=1633299445827 HTTP/1.1" 302 -
116.230.105.26 - - [04/Oct/2021:06:17:01 +0800] "GET /xingrg/all/function/internal_message.html?_=1633299411332&CODE_STATE=getMsg HTTP/1.1" 200 27
116.238.248.233 - - [04/Oct/2021:06:17:11 +0800] "GET /xingrg/all/function/internal_message.html?_=1633299430854&CODE_STATE=getMsg HTTP/1.1" 200 27
120.253.135.82 - - [04/Oct/2021:06:17:14 +0800] "GET /xingrg/all/function/internal_message.html?_=1633299205988&CODE_STATE=getMsg HTTP/1.1" 200 27
222.70.178.96 - - [04/Oct/2021:06:17:15 +0800] "GET /xingrg/all/function/internal_message.html?_=1633299434453&CODE_STATE=getMsg HTTP/1.1" 200 27
180.152.237.0 - - [04/Oct/2021:06:17:23 +0800] "POST /xingrg/services/DataTransmitService HTTP/1.1" 200 524
180.152.237.0 - - [04/Oct/2021:06:17:26 +0800] "POST /xingrg/services/DataTransmitService HTTP/1.1" 200 501
180.152.237.0 - - [04/Oct/2021:06:17:26 +0800] "POST /xingrg/services/DataTransmitService HTTP/1.1" 200 501
180.152.237.0 - - [04/Oct/2021:06:17:27 +0800] "POST /xingrg/services/DataTransmitService HTTP/1.1" 200 501
180.152.237.0 - - [04/Oct/2021:06:17:27 +0800] "POST /xingrg/services/DataTransmitService HTTP/1.1" 200 501
180.152.237.0 - - [04/Oct/2021:06:17:27 +0800] "POST /xingrg/services/DataTransmitService HTTP/1.1" 200 501
180.152.237.0 - - [04/Oct/2021:06:17:28 +0800] "POST /xingrg/services/DataTransmitService HTTP/1.1" 200 501
180.152.237.0 - - [04/Oct/2021:06:17:28 +0800] "POST /xingrg/services/DataTransmitService HTTP/1.1" 200 501
180.152.237.0 - - [04/Oct/2021:06:17:28 +0800] "POST /xingrg/services/DataTransmitService HTTP/1.1" 200 501
180.152.237.0 - - [04/Oct/2021:06:17:29 +0800] "POST /xingrg/services/DataTransmitService HTTP/1.1" 200 412
120.253.135.82 - - [04/Oct/2021:06:17:41 +0800] "POST /xingrg/kc/pszx/mdps_list_operate.html HTTP/1.1" 200 2061
120.253.135.82 - - [04/Oct/2021:06:17:42 +0800] "POST /xingrg/kc/pszx/mdps_list_operate.html HTTP/1.1" 200 282
120.253.135.82 - - [04/Oct/2021:06:17:45 +0800] "POST /xingrg/kc/pszx/mdps_list_operate.html HTTP/1.1" 200 354
120.253.135.82 - - [04/Oct/2021:06:17:47 +0800] "GET /xingrg/kc/pszx/mdps_order_info.html?code=312021100100039 HTTP/1.1" 200 23931
120.253.135.82 - - [04/Oct/2021:06:17:48 +0800] "GET /xingrg/javascript/easyui/themes/default/validatebox.css HTTP/1.1" 404 1104
120.253.135.82 - - [04/Oct/2021:06:17:48 +0800] "POST /xingrg/kc/pszx/mdps_order_operate.html HTTP/1.1" 200 3243
222.70.246.151 - - [04/Oct/2021:06:17:49 +0800] "GET /xingrg/all/function/internal_message.html?_=1633299470809&CODE_STATE=getMsg HTTP/1.1" 200 27
120.253.135.82 - - [04/Oct/2021:06:17:57 +0800] "GET /xingrg/javascript/jquery_tools/images/next.gif HTTP/1.1" 404 1086
120.253.135.82 - - [04/Oct/2021:06:17:57 +0800] "GET /xingrg/javascript/jquery_tools/images/prev.gif HTTP/1.1" 404 1086
116.230.105.26 - - [04/Oct/2021:06:18:01 +0800] "GET /xingrg/all/function/internal_message.html?_=1633299471334&CODE_STATE=getMsg HTTP/1.1" 200 27
120.253.135.82 - - [04/Oct/2021:06:18:01 +0800] "POST /xingrg/kc/pszx/mdps_order_operate.html HTTP/1.1" 200 37
120.253.135.82 - - [04/Oct/2021:06:18:02 +0800] "GET /xingrg/kc/pszx/mdps_order_info.html?code=312021100100039 HTTP/1.1" 200 23931
120.253.135.82 - - [04/Oct/2021:06:18:03 +0800] "GET /xingrg/javascript/easyui/themes/default/validatebox.css HTTP/1.1" 404 1104
120.253.135.82 - - [04/Oct/2021:06:18:03 +0800] "POST /xingrg/kc/pszx/mdps_order_operate.html HTTP/1.1" 200 3243
116.238.248.233 - - [04/Oct/2021:06:18:11 +0800] "GET /xingrg/check_reg.html?_=1633299490856 HTTP/1.1" 200 22
116.238.248.233 - - [04/Oct/2021:06:18:11 +0800] "GET /xingrg/all/function/internal_message.html?_=1633299490860&CODE_STATE=getMsg HTTP/1.1" 200 27
120.253.135.82 - - [04/Oct/2021:06:18:13 +0800] "GET /xingrg/kc/print/load_data.html?order_code=312021100100039&kc_code=mdps&condition= HTTP/1.1" 200 1111
120.253.135.82 - - [04/Oct/2021:06:18:14 +0800] "GET /xingrg/all/function/internal_message.html?_=1633299266002&CODE_STATE=getMsg HTTP/1.1" 200 27
222.70.178.96 - - [04/Oct/2021:06:18:15 +0800] "GET /xingrg/check_reg.html?_=1633299494452 HTTP/1.1" 200 22
222.70.178.96 - - [04/Oct/2021:06:18:15 +0800] "GET /xingrg/all/function/internal_message.html?_=1633299494454&CODE_STATE=getMsg HTTP/1.1" 200 27
120.253.135.82 - - [04/Oct/2021:06:18:19 +0800] "POST /xingrg/kc/pszx/mdps_list_operate.html HTTP/1.1" 200 2061
222.70.246.151 - - [04/Oct/2021:06:18:28 +0800] "GET /xingrg/check_reg.html?_=1633299510408 HTTP/1.1" 200 22
222.70.246.151 - - [04/Oct/2021:06:18:49 +0800] "GET /xingrg/all/function/internal_message.html?_=1633299530822&CODE_STATE=getMsg HTTP/1.1" 200 27
120.253.135.82 - - [04/Oct/2021:06:18:59 +0800] "POST /xingrg/kc/pszx/mdps_list_operate.html HTTP/1.1" 200 868
116.230.105.26 - - [04/Oct/2021:06:19:01 +0800] "GET /xingrg/all/function/internal_message.html?_=1633299531336&CODE_STATE=getMsg HTTP/1.1" 200 27
120.253.135.82 - - [04/Oct/2021:06:19:06 +0800] "POST /xingrg/kc/pszx/mdps_list_operate.html HTTP/1.1" 200 5828
120.253.135.82 - - [04/Oct/2021:06:19:08 +0800] "POST /xingrg/kc/pszx/mdps_list_operate.html HTTP/1.1" 200 616
120.253.135.82 - - [04/Oct/2021:06:19:09 +0800] "POST /xingrg/kc/pszx/mdps_list_operate.html HTTP/1.1" 200 620
116.238.248.233 - - [04/Oct/2021:06:19:11 +0800] "GET /xingrg/all/function/internal_message.html?_=1633299550863&CODE_STATE=getMsg HTTP/1.1" 200 27
120.253.135.82 - - [04/Oct/2021:06:19:13 +0800] "POST /xingrg/kc/pszx/mdps_list_operate.html HTTP/1.1" 200 311
120.253.135.82 - - [04/Oct/2021:06:19:14 +0800] "GET /xingrg/all/function/internal_message.html?_=1633299326016&CODE_STATE=getMsg HTTP/1.1" 200 27
222.70.178.96 - - [04/Oct/2021:06:19:15 +0800] "GET /xingrg/all/function/internal_message.html?_=1633299554453&CODE_STATE=getMsg HTTP/1.1" 200 27
120.253.135.82 - - [04/Oct/2021:06:19:16 +0800] "POST /xingrg/kc/pszx/mdps_list_operate.html HTTP/1.1" 200 211
120.253.135.82 - - [04/Oct/2021:06:19:17 +0800] "POST /xingrg/kc/pszx/mdps_list_operate.html HTTP/1.1" 200 370
120.253.135.82 - - [04/Oct/2021:06:19:20 +0800] "POST /xingrg/kc/pszx/mdps_list_operate.html HTTP/1.1" 200 601
120.253.135.82 - - [04/Oct/2021:06:19:26 +0800] "GET /xingrg/kc/pszx/mdps_order_info.html?code=312021092300676 HTTP/1.1" 200 19591
120.253.135.82 - - [04/Oct/2021:06:19:26 +0800] "POST /xingrg/kc/pszx/mdps_order_operate.html HTTP/1.1" 200 4994
120.253.135.82 - - [04/Oct/2021:06:19:26 +0800] "GET /xingrg/javascript/easyui/themes/default/validatebox.css HTTP/1.1" 404 1104
120.253.135.82 - - [04/Oct/2021:06:19:34 +0800] "POST /xingrg/kc/pszx/mdps_list_operate.html HTTP/1.1" 200 5828
120.253.135.82 - - [04/Oct/2021:06:19:35 +0800] "POST /xingrg/kc/pszx/mdps_list_operate.html HTTP/1.1" 200 213
120.253.135.82 - - [04/Oct/2021:06:19:37 +0800] "POST /xingrg/kc/pszx/mdps_list_operate.html HTTP/1.1" 200 212
120.253.135.82 - - [04/Oct/2021:06:19:39 +0800] "POST /xingrg/kc/pszx/mdps_list_operate.html HTTP/1.1" 200 618
120.253.135.82 - - [04/Oct/2021:06:19:42 +0800] "GET /xingrg/kc/pszx/mdps_order_info.html?code=312021091800509 HTTP/1.1" 200 19591
120.253.135.82 - - [04/Oct/2021:06:19:42 +0800] "POST /xingrg/kc/pszx/mdps_order_operate.html HTTP/1.1" 200 3972
120.253.135.82 - - [04/Oct/2021:06:19:42 +0800] "GET /xingrg/javascript/easyui/themes/default/validatebox.css HTTP/1.1" 404 1104
120.253.135.82 - - [04/Oct/2021:06:19:46 +0800] "POST /xingrg/kc/pszx/mdps_list_operate.html HTTP/1.1" 200 5828
120.253.135.82 - - [04/Oct/2021:06:19:48 +0800] "POST /xingrg/kc/pszx/mdps_list_operate.html HTTP/1.1" 200 383
222.70.246.151 - - [04/Oct/2021:06:19:49 +0800] "GET /xingrg/all/function/internal_message.html?_=1633299590835&CODE_STATE=getMsg HTTP/1.1" 200 27
120.253.135.82 - - [04/Oct/2021:06:19:51 +0800] "POST /xingrg/kc/pszx/mdps_list_operate.html HTTP/1.1" 200 311
120.253.135.82 - - [04/Oct/2021:06:19:53 +0800] "POST /xingrg/kc/pszx/mdps_list_operate.html HTTP/1.1" 200 620
120.253.135.82 - - [04/Oct/2021:06:19:55 +0800] "GET /xingrg/kc/pszx/mdps_order_info.html?code=312021092800823 HTTP/1.1" 200 19591
120.253.135.82 - - [04/Oct/2021:06:19:55 +0800] "POST /xingrg/kc/pszx/mdps_order_operate.html HTTP/1.1" 200 4521
120.253.135.82 - - [04/Oct/2021:06:19:55 +0800] "GET /xingrg/javascript/easyui/themes/default/validatebox.css HTTP/1.1" 404 1104
120.253.135.82 - - [04/Oct/2021:06:20:00 +0800] "POST /xingrg/kc/pszx/mdps_list_operate.html HTTP/1.1" 200 5828
116.230.105.26 - - [04/Oct/2021:06:20:01 +0800] "GET /xingrg/all/function/internal_message.html?_=1633299591346&CODE_STATE=getMsg HTTP/1.1" 200 27
116.238.248.233 - - [04/Oct/2021:06:20:11 +0800] "GET /xingrg/all/function/internal_message.html?_=1633299610861&CODE_STATE=getMsg HTTP/1.1" 200 27
120.253.135.82 - - [04/Oct/2021:06:20:14 +0800] "GET /xingrg/all/function/internal_message.html?_=1633299386066&CODE_STATE=getMsg HTTP/1.1" 200 27
222.70.178.96 - - [04/Oct/2021:06:20:15 +0800] "GET /xingrg/all/function/internal_message.html?_=1633299614453&CODE_STATE=getMsg HTTP/1.1" 200 27
222.70.246.151 - - [04/Oct/2021:06:20:49 +0800] "GET /xingrg/all/function/internal_message.html?_=1633299650944&CODE_STATE=getMsg HTTP/1.1" 200 27
116.230.105.26 - - [04/Oct/2021:06:21:01 +0800] "GET /xingrg/check_reg.html?_=1633299651340 HTTP/1.1" 200 22
116.230.105.26 - - [04/Oct/2021:06:21:01 +0800] "GET /xingrg/all/function/internal_message.html?_=1633299651344&CODE_STATE=getMsg HTTP/1.1" 200 27
116.238.248.233 - - [04/Oct/2021:06:21:11 +0800] "GET /xingrg/all/function/internal_message.html?_=1633299670862&CODE_STATE=getMsg HTTP/1.1" 200 27
120.253.135.82 - - [04/Oct/2021:06:21:14 +0800] "GET /xingrg/check_reg.html?_=1633299445781 HTTP/1.1" 200 22
120.253.135.82 - - [04/Oct/2021:06:21:14 +0800] "GET /xingrg/all/function/internal_message.html?_=1633299446074&CODE_STATE=getMsg HTTP/1.1" 200 27
222.70.178.96 - - [04/Oct/2021:06:21:15 +0800] "GET /xingrg/all/function/internal_message.html?_=1633299674451&CODE_STATE=getMsg HTTP/1.1" 200 27
120.253.135.82 - - [04/Oct/2021:06:21:42 +0800] "GET /xingrg/kc/pszx/mdqp_order_list.html?state=10 HTTP/1.1" 200 10657
120.253.135.82 - - [04/Oct/2021:06:21:42 +0800] "GET /xingrg/dwr/interface/AjaxReportQueryService.js HTTP/1.1" 200 13203
120.253.135.82 - - [04/Oct/2021:06:21:42 +0800] "GET /xingrg/dwr/interface/AjaxQqpsService.js HTTP/1.1" 200 16326
120.253.135.82 - - [04/Oct/2021:06:21:42 +0800] "GET /xingrg/dwr/engine.js HTTP/1.1" 200 43631
120.253.135.82 - - [04/Oct/2021:06:21:46 +0800] "GET /xingrg/kc/pszx/mdps_order_list.html?orderType=0 HTTP/1.1" 200 21089
120.253.135.82 - - [04/Oct/2021:06:21:46 +0800] "POST /xingrg/kc/pszx/mdps_list_operate.html HTTP/1.1" 200 5347
222.70.246.151 - - [04/Oct/2021:06:21:49 +0800] "GET /xingrg/all/function/internal_message.html?_=1633299710955&CODE_STATE=getMsg HTTP/1.1" 200 27
120.253.135.82 - - [04/Oct/2021:06:21:59 +0800] "GET /xingrg/kc/pszx/mdps_order_info.html?code=312021100300089 HTTP/1.1" 200 23935
120.253.135.82 - - [04/Oct/2021:06:21:59 +0800] "GET /xingrg/javascript/easyui/themes/default/validatebox.css HTTP/1.1" 404 1104
120.253.135.82 - - [04/Oct/2021:06:21:59 +0800] "POST /xingrg/kc/pszx/mdps_order_operate.html HTTP/1.1" 200 14608
222.70.246.151 - - [04/Oct/2021:06:22:00 +0800] "GET /xingrg/check_reg.html?_=1633299745832 HTTP/1.1" 302 -
116.230.105.26 - - [04/Oct/2021:06:22:01 +0800] "GET /xingrg/all/function/internal_message.html?_=1633299711344&CODE_STATE=getMsg HTTP/1.1" 200 27
120.253.135.82 - - [04/Oct/2021:06:22:05 +0800] "POST /xingrg/kc/pszx/mdps_list_operate.html HTTP/1.1" 200 1692
120.253.135.82 - - [04/Oct/2021:06:22:07 +0800] "POST /xingrg/kc/pszx/mdps_list_operate.html HTTP/1.1" 200 612
120.253.135.82 - - [04/Oct/2021:06:22:08 +0800] "GET /xingrg/kc/pszx/mdps_order_info.html?code=312021100400108 HTTP/1.1" 200 23931
120.253.135.82 - - [04/Oct/2021:06:22:08 +0800] "GET /xingrg/javascript/easyui/themes/default/validatebox.css HTTP/1.1" 404 1104
120.253.135.82 - - [04/Oct/2021:06:22:08 +0800] "POST /xingrg/kc/pszx/mdps_order_operate.html HTTP/1.1" 200 6250
116.238.248.233 - - [04/Oct/2021:06:22:11 +0800] "GET /xingrg/all/function/internal_message.html?_=1633299730864&CODE_STATE=getMsg HTTP/1.1" 200 27
120.253.135.82 - - [04/Oct/2021:06:22:12 +0800] "POST /xingrg/kc/pszx/mdps_order_operate.html HTTP/1.1" 200 37
120.253.135.82 - - [04/Oct/2021:06:22:13 +0800] "GET /xingrg/kc/pszx/mdps_order_info.html?code=312021100400108 HTTP/1.1" 200 23931
120.253.135.82 - - [04/Oct/2021:06:22:13 +0800] "GET /xingrg/javascript/easyui/themes/default/validatebox.css HTTP/1.1" 404 1104
120.253.135.82 - - [04/Oct/2021:06:22:13 +0800] "POST /xingrg/kc/pszx/mdps_order_operate.html HTTP/1.1" 200 6323
120.253.135.82 - - [04/Oct/2021:06:22:14 +0800] "GET /xingrg/all/function/internal_message.html?_=1633299506087&CODE_STATE=getMsg HTTP/1.1" 200 27
222.70.178.96 - - [04/Oct/2021:06:22:15 +0800] "GET /xingrg/all/function/internal_message.html?_=1633299734452&CODE_STATE=getMsg HTTP/1.1" 200 27
222.70.246.151 - - [04/Oct/2021:06:22:49 +0800] "GET /xingrg/all/function/internal_message.html?_=1633299771050&CODE_STATE=getMsg HTTP/1.1" 200 27
120.253.135.82 - - [04/Oct/2021:06:22:52 +0800] "POST /xingrg/all/common/load_select.html HTTP/1.1" 200 25
120.253.135.82 - - [04/Oct/2021:06:22:55 +0800] "GET /xingrg/kc/pszx/mdps_order_operate.html?command=get_materiel_price&pszx_code=00101&rest_code=00142&base_code=0010246&code=00101019637&unit_code=00100156&order_time=2021-10-04 HTTP/1.1" 200 33
116.230.105.26 - - [04/Oct/2021:06:23:01 +0800] "GET /xingrg/all/function/internal_message.html?_=1633299771334&CODE_STATE=getMsg HTTP/1.1" 200 27
116.238.248.233 - - [04/Oct/2021:06:23:11 +0800] "GET /xingrg/check_reg.html?_=1633299790853 HTTP/1.1" 200 22
116.238.248.233 - - [04/Oct/2021:06:23:11 +0800] "GET /xingrg/all/function/internal_message.html?_=1633299790857&CODE_STATE=getMsg HTTP/1.1" 200 27
120.253.135.82 - - [04/Oct/2021:06:23:14 +0800] "POST /xingrg/kc/pszx/mdps_order_operate.html HTTP/1.1" 200 37
120.253.135.82 - - [04/Oct/2021:06:23:15 +0800] "GET /xingrg/kc/pszx/mdps_order_info.html?code=312021100400108 HTTP/1.1" 200 23931
120.253.135.82 - - [04/Oct/2021:06:23:15 +0800] "POST /xingrg/kc/pszx/mdps_order_operate.html HTTP/1.1" 200 6323
120.253.135.82 - - [04/Oct/2021:06:23:15 +0800] "GET /xingrg/javascript/easyui/themes/default/validatebox.css HTTP/1.1" 404 1104
222.70.178.96 - - [04/Oct/2021:06:23:15 +0800] "GET /xingrg/check_reg.html?_=1633299794449 HTTP/1.1" 200 22
222.70.178.96 - - [04/Oct/2021:06:23:15 +0800] "GET /xingrg/all/function/internal_message.html?_=1633299794450&CODE_STATE=getMsg HTTP/1.1" 200 27
120.253.135.82 - - [04/Oct/2021:06:23:16 +0800] "GET /xingrg/all/function/internal_message.html?_=1633299567552&CODE_STATE=getMsg HTTP/1.1" 200 27
222.70.246.151 - - [04/Oct/2021:06:23:28 +0800] "GET /xingrg/check_reg.html?_=1633299810406 HTTP/1.1" 200 22
222.70.246.151 - - [04/Oct/2021:06:23:49 +0800] "GET /xingrg/all/function/internal_message.html?_=1633299831061&CODE_STATE=getMsg HTTP/1.1" 200 27
116.230.105.26 - - [04/Oct/2021:06:24:01 +0800] "GET /xingrg/all/function/internal_message.html?_=1633299831347&CODE_STATE=getMsg HTTP/1.1" 200 27
116.238.248.233 - - [04/Oct/2021:06:24:11 +0800] "GET /xingrg/all/function/internal_message.html?_=1633299850872&CODE_STATE=getMsg HTTP/1.1" 200 27
222.70.178.96 - - [04/Oct/2021:06:24:15 +0800] "GET /xingrg/all/function/internal_message.html?_=1633299854448&CODE_STATE=getMsg HTTP/1.1" 200 27
120.253.135.82 - - [04/Oct/2021:06:24:16 +0800] "GET /xingrg/all/function/internal_message.html?_=1633299627565&CODE_STATE=getMsg HTTP/1.1" 200 27
222.70.246.151 - - [04/Oct/2021:06:24:49 +0800] "GET /xingrg/all/function/internal_message.html?_=1633299891075&CODE_STATE=getMsg HTTP/1.1" 200 27
180.152.237.0 - - [04/Oct/2021:06:24:54 +0800] "POST /xingrg/services/DataTransmitService HTTP/1.1" 200 524
116.230.105.26 - - [04/Oct/2021:06:25:01 +0800] "GET /xingrg/all/function/internal_message.html?_=1633299891343&CODE_STATE=getMsg HTTP/1.1" 200 27
116.238.248.233 - - [04/Oct/2021:06:25:11 +0800] "GET /xingrg/all/function/internal_message.html?_=1633299910857&CODE_STATE=getMsg HTTP/1.1" 200 27
222.70.178.96 - - [04/Oct/2021:06:25:15 +0800] "GET /xingrg/all/function/internal_message.html?_=1633299914474&CODE_STATE=getMsg HTTP/1.1" 200 27
120.253.135.82 - - [04/Oct/2021:06:25:16 +0800] "GET /xingrg/all/function/internal_message.html?_=1633299687580&CODE_STATE=getMsg HTTP/1.1" 200 27
222.70.246.151 - - [04/Oct/2021:06:25:49 +0800] "GET /xingrg/all/function/internal_message.html?_=1633299951186&CODE_STATE=getMsg HTTP/1.1" 200 27
116.230.105.26 - - [04/Oct/2021:06:26:01 +0800] "GET /xingrg/check_reg.html?_=1633299951343 HTTP/1.1" 200 22
116.230.105.26 - - [04/Oct/2021:06:26:01 +0800] "GET /xingrg/all/function/internal_message.html?_=1633299951345&CODE_STATE=getMsg HTTP/1.1" 200 27
116.238.248.233 - - [04/Oct/2021:06:26:11 +0800] "GET /xingrg/all/function/internal_message.html?_=1633299970859&CODE_STATE=getMsg HTTP/1.1" 200 27
120.253.135.82 - - [04/Oct/2021:06:26:14 +0800] "GET /xingrg/check_reg.html?_=1633299745817 HTTP/1.1" 200 22
222.70.178.96 - - [04/Oct/2021:06:26:15 +0800] "GET /xingrg/all/function/internal_message.html?_=1633299974472&CODE_STATE=getMsg HTTP/1.1" 200 27
120.253.135.82 - - [04/Oct/2021:06:26:16 +0800] "GET /xingrg/all/function/internal_message.html?_=1633299747593&CODE_STATE=getMsg HTTP/1.1" 200 27
222.70.246.151 - - [04/Oct/2021:06:26:49 +0800] "GET /xingrg/all/function/internal_message.html?_=1633300011196&CODE_STATE=getMsg HTTP/1.1" 200 27
222.70.246.151 - - [04/Oct/2021:06:27:00 +0800] "GET /xingrg/check_reg.html?_=1633300045843 HTTP/1.1" 302 -
116.230.105.26 - - [04/Oct/2021:06:27:01 +0800] "GET /xingrg/all/function/internal_message.html?_=1633300011334&CODE_STATE=getMsg HTTP/1.1" 200 27
116.238.248.233 - - [04/Oct/2021:06:27:11 +0800] "GET /xingrg/all/function/internal_message.html?_=1633300030861&CODE_STATE=getMsg HTTP/1.1" 200 27
222.70.178.96 - - [04/Oct/2021:06:27:15 +0800] "GET /xingrg/all/function/internal_message.html?_=1633300034472&CODE_STATE=getMsg HTTP/1.1" 200 27
120.253.135.82 - - [04/Oct/2021:06:27:16 +0800] "GET /xingrg/all/function/internal_message.html?_=1633299807606&CODE_STATE=getMsg HTTP/1.1" 200 27
222.70.246.151 - - [04/Oct/2021:06:27:49 +0800] "GET /xingrg/all/function/internal_message.html?_=1633300071296&CODE_STATE=getMsg HTTP/1.1" 200 27
116.230.105.26 - - [04/Oct/2021:06:28:01 +0800] "GET /xingrg/all/function/internal_message.html?_=1633300071339&CODE_STATE=getMsg HTTP/1.1" 200 27
116.238.248.233 - - [04/Oct/2021:06:28:11 +0800] "GET /xingrg/check_reg.html?_=1633300090863 HTTP/1.1" 200 22
116.238.248.233 - - [04/Oct/2021:06:28:11 +0800] "GET /xingrg/all/function/internal_message.html?_=1633300090866&CODE_STATE=getMsg HTTP/1.1" 200 27
222.70.178.96 - - [04/Oct/2021:06:28:15 +0800] "GET /xingrg/all/function/internal_message.html?_=1633300094472&CODE_STATE=getMsg HTTP/1.1" 200 27
222.70.178.96 - - [04/Oct/2021:06:28:15 +0800] "GET /xingrg/check_reg.html?_=1633300094474 HTTP/1.1" 200 22
120.253.135.82 - - [04/Oct/2021:06:28:16 +0800] "GET /xingrg/all/function/internal_message.html?_=1633299867647&CODE_STATE=getMsg HTTP/1.1" 200 27
222.70.246.151 - - [04/Oct/2021:06:28:28 +0800] "GET /xingrg/check_reg.html?_=1633300110412 HTTP/1.1" 200 22
222.70.246.151 - - [04/Oct/2021:06:28:49 +0800] "GET /xingrg/all/function/internal_message.html?_=1633300131300&CODE_STATE=getMsg HTTP/1.1" 200 27
116.230.105.26 - - [04/Oct/2021:06:29:01 +0800] "GET /xingrg/all/function/internal_message.html?_=1633300131356&CODE_STATE=getMsg HTTP/1.1" 200 27
116.238.248.233 - - [04/Oct/2021:06:29:11 +0800] "GET /xingrg/all/function/internal_message.html?_=1633300150867&CODE_STATE=getMsg HTTP/1.1" 200 27
222.70.178.96 - - [04/Oct/2021:06:29:15 +0800] "GET /xingrg/all/function/internal_message.html?_=1633300154473&CODE_STATE=getMsg HTTP/1.1" 200 27
120.253.135.82 - - [04/Oct/2021:06:29:16 +0800] "GET /xingrg/all/function/internal_message.html?_=1633299927649&CODE_STATE=getMsg HTTP/1.1" 200 27
120.253.135.82 - - [04/Oct/2021:06:29:47 +0800] "POST /xingrg/all/common/load_select.html HTTP/1.1" 200 25
120.253.135.82 - - [04/Oct/2021:06:29:49 +0800] "GET /xingrg/kc/pszx/mdps_order_operate.html?command=get_materiel_price&pszx_code=00101&rest_code=00142&base_code=0010246&code=00101022105&unit_code=00100104&order_time=2021-10-04 HTTP/1.1" 200 32
222.70.246.151 - - [04/Oct/2021:06:29:49 +0800] "GET /xingrg/all/function/internal_message.html?_=1633300191314&CODE_STATE=getMsg HTTP/1.1" 200 27
116.230.105.26 - - [04/Oct/2021:06:30:01 +0800] "GET /xingrg/all/function/internal_message.html?_=1633300191349&CODE_STATE=getMsg HTTP/1.1" 200 27
120.253.135.82 - - [04/Oct/2021:06:30:03 +0800] "POST /xingrg/kc/pszx/mdps_order_operate.html HTTP/1.1" 200 37
120.253.135.82 - - [04/Oct/2021:06:30:04 +0800] "GET /xingrg/kc/pszx/mdps_order_info.html?code=312021100400108 HTTP/1.1" 200 23931
120.253.135.82 - - [04/Oct/2021:06:30:04 +0800] "GET /xingrg/javascript/easyui/themes/default/validatebox.css HTTP/1.1" 404 1104
120.253.135.82 - - [04/Oct/2021:06:30:04 +0800] "POST /xingrg/kc/pszx/mdps_order_operate.html HTTP/1.1" 200 6327
120.253.135.82 - - [04/Oct/2021:06:30:08 +0800] "POST /xingrg/kc/pszx/mdps_list_operate.html HTTP/1.1" 200 1692
120.253.135.82 - - [04/Oct/2021:06:30:10 +0800] "POST /xingrg/kc/pszx/mdps_list_operate.html HTTP/1.1" 200 612
116.238.248.233 - - [04/Oct/2021:06:30:11 +0800] "GET /xingrg/all/function/internal_message.html?_=1633300210872&CODE_STATE=getMsg HTTP/1.1" 200 27
222.70.178.96 - - [04/Oct/2021:06:30:15 +0800] "GET /xingrg/all/function/internal_message.html?_=1633300214473&CODE_STATE=getMsg HTTP/1.1" 200 27
120.253.135.82 - - [04/Oct/2021:06:30:16 +0800] "GET /xingrg/all/function/internal_message.html?_=1633299987663&CODE_STATE=getMsg HTTP/1.1" 200 27
120.253.135.82 - - [04/Oct/2021:06:30:17 +0800] "GET /xingrg/kc/buy/cgsh_order_list.html HTTP/1.1" 200 48878
120.253.135.82 - - [04/Oct/2021:06:30:19 +0800] "POST /xingrg/kc/buy/cgsh_list_operate.html HTTP/1.1" 200 1674
120.253.135.82 - - [04/Oct/2021:06:30:22 +0800] "POST /xingrg/kc/buy/cgsh_list_operate.html HTTP/1.1" 200 210
120.253.135.82 - - [04/Oct/2021:06:30:22 +0800] "GET /xingrg/kc/buy/cgsh_order_info.html?code=212021100301144 HTTP/1.1" 200 63674
120.253.135.82 - - [04/Oct/2021:06:30:22 +0800] "GET /xingrg/javascript/easyui/themes/icons/template_new.png HTTP/1.1" 200 3956
120.253.135.82 - - [04/Oct/2021:06:30:23 +0800] "GET /xingrg/all/common/auto_word.html?type=employee&rest_code=00101 HTTP/1.1" 200 1173
120.253.135.82 - - [04/Oct/2021:06:30:23 +0800] "GET /xingrg/all/common/auto_word.html?type=employee&rest_code=00101 HTTP/1.1" 200 1173
120.253.135.82 - - [04/Oct/2021:06:30:23 +0800] "GET /xingrg/javascript/easyui/themes/default/validatebox.css HTTP/1.1" 404 1104
120.253.135.82 - - [04/Oct/2021:06:30:23 +0800] "POST /xingrg/kc/buy/cgsh_order_operate.html HTTP/1.1" 200 2684
120.253.135.82 - - [04/Oct/2021:06:30:32 +0800] "POST /xingrg/kc/buy/cgsh_order_operate.html HTTP/1.1" 200 37
120.253.135.82 - - [04/Oct/2021:06:30:34 +0800] "POST /xingrg/kc/buy/cgsh_order_operate.html HTTP/1.1" 200 2684
222.70.246.151 - - [04/Oct/2021:06:30:49 +0800] "GET /xingrg/all/function/internal_message.html?_=1633300251402&CODE_STATE=getMsg HTTP/1.1" 200 27
120.253.135.82 - - [04/Oct/2021:06:30:54 +0800] "GET /xingrg/kc/buy/cgsh_order_info.html?code=212021100301144 HTTP/1.1" 200 63674
120.253.135.82 - - [04/Oct/2021:06:30:55 +0800] "GET /xingrg/javascript/easyui/themes/default/validatebox.css HTTP/1.1" 404 1104
120.253.135.82 - - [04/Oct/2021:06:30:55 +0800] "POST /xingrg/kc/buy/cgsh_order_operate.html HTTP/1.1" 200 2684
120.253.135.82 - - [04/Oct/2021:06:30:59 +0800] "POST /xingrg/kc/buy/cgsh_list_operate.html HTTP/1.1" 200 1674
116.230.105.26 - - [04/Oct/2021:06:31:01 +0800] "GET /xingrg/check_reg.html?_=1633300251336 HTTP/1.1" 200 22
116.230.105.26 - - [04/Oct/2021:06:31:01 +0800] "GET /xingrg/all/function/internal_message.html?_=1633300251341&CODE_STATE=getMsg HTTP/1.1" 200 27
116.238.248.233 - - [04/Oct/2021:06:31:11 +0800] "GET /xingrg/all/function/internal_message.html?_=1633300270872&CODE_STATE=getMsg HTTP/1.1" 200 27
120.253.135.82 - - [04/Oct/2021:06:31:14 +0800] "GET /xingrg/check_reg.html?_=1633300045819 HTTP/1.1" 200 22
222.70.178.96 - - [04/Oct/2021:06:31:15 +0800] "GET /xingrg/all/function/internal_message.html?_=1633300274473&CODE_STATE=getMsg HTTP/1.1" 200 27
120.253.135.82 - - [04/Oct/2021:06:31:16 +0800] "GET /xingrg/all/function/internal_message.html?_=1633300047676&CODE_STATE=getMsg HTTP/1.1" 200 27
222.70.246.151 - - [04/Oct/2021:06:31:49 +0800] "GET /xingrg/all/function/internal_message.html?_=1633300311404&CODE_STATE=getMsg HTTP/1.1" 200 27
222.70.246.151 - - [04/Oct/2021:06:32:00 +0800] "GET /xingrg/check_reg.html?_=1633300345864 HTTP/1.1" 302 -
222.70.246.151 - - [04/Oct/2021:06:32:00 +0800] "GET /xingrg/login.html HTTP/1.1" 200 7641
116.230.105.26 - - [04/Oct/2021:06:32:01 +0800] "GET /xingrg/all/function/internal_message.html?_=1633300311359&CODE_STATE=getMsg HTTP/1.1" 200 27
116.238.248.233 - - [04/Oct/2021:06:32:11 +0800] "GET /xingrg/all/function/internal_message.html?_=1633300330872&CODE_STATE=getMsg HTTP/1.1" 200 27
222.70.178.96 - - [04/Oct/2021:06:32:15 +0800] "GET /xingrg/all/function/internal_message.html?_=1633300334472&CODE_STATE=getMsg HTTP/1.1" 200 27
120.253.135.82 - - [04/Oct/2021:06:32:16 +0800] "GET /xingrg/all/function/internal_message.html?_=1633300107690&CODE_STATE=getMsg HTTP/1.1" 200 27
222.70.246.151 - - [04/Oct/2021:06:32:49 +0800] "GET /xingrg/all/function/internal_message.html?_=1633300371488&CODE_STATE=getMsg HTTP/1.1" 200 27
116.230.105.26 - - [04/Oct/2021:06:33:01 +0800] "GET /xingrg/all/function/internal_message.html?_=1633300371333&CODE_STATE=getMsg HTTP/1.1" 200 27
116.238.248.233 - - [04/Oct/2021:06:33:11 +0800] "GET /xingrg/check_reg.html?_=1633300390873 HTTP/1.1" 200 22
116.238.248.233 - - [04/Oct/2021:06:33:11 +0800] "GET /xingrg/all/function/internal_message.html?_=1633300390876&CODE_STATE=getMsg HTTP/1.1" 200 27
222.70.178.96 - - [04/Oct/2021:06:33:15 +0800] "GET /xingrg/all/function/internal_message.html?_=1633300394474&CODE_STATE=getMsg HTTP/1.1" 200 27
222.70.178.96 - - [04/Oct/2021:06:33:15 +0800] "GET /xingrg/check_reg.html?_=1633300394476 HTTP/1.1" 200 22
120.253.135.82 - - [04/Oct/2021:06:33:16 +0800] "GET /xingrg/all/function/internal_message.html?_=1633300167703&CODE_STATE=getMsg HTTP/1.1" 200 27
222.70.246.151 - - [04/Oct/2021:06:33:28 +0800] "GET /xingrg/check_reg.html?_=1633300410421 HTTP/1.1" 200 22
180.157.253.110 - - [04/Oct/2021:06:33:40 +0800] "POST /xingrg/services/DataTransmitService HTTP/1.1" 200 524
180.157.253.110 - - [04/Oct/2021:06:33:41 +0800] "POST /xingrg/services/DataTransmitService HTTP/1.1" 200 501
222.70.246.151 - - [04/Oct/2021:06:33:49 +0800] "GET /xingrg/all/function/internal_message.html?_=1633300431493&CODE_STATE=getMsg HTTP/1.1" 200 27
120.253.135.82 - - [04/Oct/2021:06:33:55 +0800] "GET /xingrg/kc/pszx/mdps_order_list.html?orderType=0 HTTP/1.1" 200 21089
120.253.135.82 - - [04/Oct/2021:06:33:55 +0800] "POST /xingrg/kc/pszx/mdps_list_operate.html HTTP/1.1" 200 5347
116.230.105.26 - - [04/Oct/2021:06:34:01 +0800] "GET /xingrg/all/function/internal_message.html?_=1633300431348&CODE_STATE=getMsg HTTP/1.1" 200 27
120.253.135.82 - - [04/Oct/2021:06:34:03 +0800] "POST /xingrg/kc/pszx/mdps_list_operate.html HTTP/1.1" 200 1692
120.253.135.82 - - [04/Oct/2021:06:34:05 +0800] "POST /xingrg/kc/pszx/mdps_list_operate.html HTTP/1.1" 200 612
120.253.135.82 - - [04/Oct/2021:06:34:06 +0800] "GET /xingrg/kc/pszx/mdps_order_info.html?code=312021100400108 HTTP/1.1" 200 23931
120.253.135.82 - - [04/Oct/2021:06:34:06 +0800] "GET /xingrg/javascript/easyui/themes/default/validatebox.css HTTP/1.1" 404 1104
120.253.135.82 - - [04/Oct/2021:06:34:06 +0800] "POST /xingrg/kc/pszx/mdps_order_operate.html HTTP/1.1" 200 6327
116.238.248.233 - - [04/Oct/2021:06:34:11 +0800] "GET /xingrg/all/function/internal_message.html?_=1633300450876&CODE_STATE=getMsg HTTP/1.1" 200 27
222.70.178.96 - - [04/Oct/2021:06:34:15 +0800] "GET /xingrg/all/function/internal_message.html?_=1633300454476&CODE_STATE=getMsg HTTP/1.1" 200 27
120.253.135.82 - - [04/Oct/2021:06:34:16 +0800] "GET /xingrg/all/function/internal_message.html?_=1633300227717&CODE_STATE=getMsg HTTP/1.1" 200 27
222.70.246.151 - - [04/Oct/2021:06:34:49 +0800] "GET /xingrg/all/function/internal_message.html?_=1633300491507&CODE_STATE=getMsg HTTP/1.1" 200 27
116.230.105.26 - - [04/Oct/2021:06:35:01 +0800] "GET /xingrg/all/function/internal_message.html?_=1633300491343&CODE_STATE=getMsg HTTP/1.1" 200 27
116.238.248.233 - - [04/Oct/2021:06:35:11 +0800] "GET /xingrg/all/function/internal_message.html?_=1633300510886&CODE_STATE=getMsg HTTP/1.1" 200 27
222.70.178.96 - - [04/Oct/2021:06:35:15 +0800] "GET /xingrg/all/function/internal_message.html?_=1633300514476&CODE_STATE=getMsg HTTP/1.1" 200 27
120.253.135.82 - - [04/Oct/2021:06:35:16 +0800] "GET /xingrg/all/function/internal_message.html?_=1633300287731&CODE_STATE=getMsg HTTP/1.1" 200 27
222.70.246.151 - - [04/Oct/2021:06:35:50 +0800] "GET /xingrg/all/function/internal_message.html?_=1633300551608&CODE_STATE=getMsg HTTP/1.1" 200 27
116.230.105.26 - - [04/Oct/2021:06:36:01 +0800] "GET /xingrg/check_reg.html?_=1633300551343 HTTP/1.1" 200 22
116.230.105.26 - - [04/Oct/2021:06:36:01 +0800] "GET /xingrg/all/function/internal_message.html?_=1633300551343&CODE_STATE=getMsg HTTP/1.1" 200 27
116.238.248.233 - - [04/Oct/2021:06:36:11 +0800] "GET /xingrg/all/function/internal_message.html?_=1633300570890&CODE_STATE=getMsg HTTP/1.1" 200 27
120.253.135.82 - - [04/Oct/2021:06:36:14 +0800] "GET /xingrg/check_reg.html?_=1633300345876 HTTP/1.1" 200 22
222.70.178.96 - - [04/Oct/2021:06:36:15 +0800] "GET /xingrg/all/function/internal_message.html?_=1633300574474&CODE_STATE=getMsg HTTP/1.1" 200 27
120.253.135.82 - - [04/Oct/2021:06:36:16 +0800] "GET /xingrg/all/function/internal_message.html?_=1633300347744&CODE_STATE=getMsg HTTP/1.1" 200 27
120.253.135.82 - - [04/Oct/2021:06:36:34 +0800] "POST /xingrg/kc/pszx/mdps_order_operate.html HTTP/1.1" 200 37
120.253.135.82 - - [04/Oct/2021:06:36:35 +0800] "GET /xingrg/kc/pszx/mdps_order_info.html?code=312021100400108 HTTP/1.1" 200 23931
120.253.135.82 - - [04/Oct/2021:06:36:36 +0800] "POST /xingrg/kc/pszx/mdps_order_operate.html HTTP/1.1" 200 6327
120.253.135.82 - - [04/Oct/2021:06:36:36 +0800] "GET /xingrg/javascript/easyui/themes/default/validatebox.css HTTP/1.1" 404 1104
120.253.135.82 - - [04/Oct/2021:06:36:39 +0800] "GET /xingrg/kc/print/load_data.html?order_code=312021100400108&kc_code=mdps&condition= HTTP/1.1" 200 2561
222.70.246.151 - - [04/Oct/2021:06:36:50 +0800] "GET /xingrg/all/function/internal_message.html?_=1633300611612&CODE_STATE=getMsg HTTP/1.1" 200 27
222.70.246.151 - - [04/Oct/2021:06:37:00 +0800] "GET /xingrg/check_reg.html?_=1633300645880 HTTP/1.1" 302 -
116.230.105.26 - - [04/Oct/2021:06:37:01 +0800] "GET /xingrg/all/function/internal_message.html?_=1633300611341&CODE_STATE=getMsg HTTP/1.1" 200 27
116.238.248.233 - - [04/Oct/2021:06:37:11 +0800] "GET /xingrg/all/function/internal_message.html?_=1633300630877&CODE_STATE=getMsg HTTP/1.1" 200 27
222.70.178.96 - - [04/Oct/2021:06:37:15 +0800] "GET /xingrg/all/function/internal_message.html?_=1633300634474&CODE_STATE=getMsg HTTP/1.1" 200 27
120.253.135.82 - - [04/Oct/2021:06:37:16 +0800] "GET /xingrg/all/function/internal_message.html?_=1633300407758&CODE_STATE=getMsg HTTP/1.1" 200 27
222.70.246.151 - - [04/Oct/2021:06:37:37 +0800] "GET /xingrg/kc/buy/cgsh_order_list.html HTTP/1.1" 200 48884
222.70.246.151 - - [04/Oct/2021:06:37:39 +0800] "POST /xingrg/kc/buy/cgsh_list_operate.html HTTP/1.1" 200 5187
222.70.246.151 - - [04/Oct/2021:06:37:41 +0800] "POST /xingrg/kc/buy/cgsh_list_operate.html HTTP/1.1" 200 562
222.70.246.151 - - [04/Oct/2021:06:37:44 +0800] "POST /xingrg/kc/buy/cgsh_list_operate.html HTTP/1.1" 200 342
120.253.135.82 - - [04/Oct/2021:06:37:48 +0800] "POST /xingrg/kc/pszx/mdps_list_operate.html HTTP/1.1" 200 1692
222.70.246.151 - - [04/Oct/2021:06:37:49 +0800] "POST /xingrg/kc/buy/cgsh_list_operate.html HTTP/1.1" 200 213
120.253.135.82 - - [04/Oct/2021:06:37:49 +0800] "POST /xingrg/kc/pszx/mdps_list_operate.html HTTP/1.1" 200 650
222.70.246.151 - - [04/Oct/2021:06:37:50 +0800] "GET /xingrg/all/function/internal_message.html?_=1633300671625&CODE_STATE=getMsg HTTP/1.1" 200 27
120.253.135.82 - - [04/Oct/2021:06:37:50 +0800] "GET /xingrg/kc/pszx/mdps_order_info.html?code=312021100400109 HTTP/1.1" 200 23931
120.253.135.82 - - [04/Oct/2021:06:37:50 +0800] "GET /xingrg/javascript/easyui/themes/default/validatebox.css HTTP/1.1" 404 1104
120.253.135.82 - - [04/Oct/2021:06:37:50 +0800] "POST /xingrg/kc/pszx/mdps_order_operate.html HTTP/1.1" 200 6326
222.70.246.151 - - [04/Oct/2021:06:37:51 +0800] "POST /xingrg/kc/buy/cgsh_list_operate.html HTTP/1.1" 200 491
120.253.135.82 - - [04/Oct/2021:06:37:53 +0800] "POST /xingrg/kc/pszx/mdps_order_operate.html HTTP/1.1" 200 37
120.253.135.82 - - [04/Oct/2021:06:37:54 +0800] "GET /xingrg/kc/pszx/mdps_order_info.html?code=312021100400109 HTTP/1.1" 200 23931
120.253.135.82 - - [04/Oct/2021:06:37:55 +0800] "GET /xingrg/javascript/easyui/themes/default/validatebox.css HTTP/1.1" 404 1104
120.253.135.82 - - [04/Oct/2021:06:37:55 +0800] "POST /xingrg/kc/pszx/mdps_order_operate.html HTTP/1.1" 200 6401
116.230.105.26 - - [04/Oct/2021:06:38:01 +0800] "GET /xingrg/all/function/internal_message.html?_=1633300671347&CODE_STATE=getMsg HTTP/1.1" 200 27
116.238.248.233 - - [04/Oct/2021:06:38:11 +0800] "GET /xingrg/all/function/internal_message.html?_=1633300690881&CODE_STATE=getMsg HTTP/1.1" 200 27
116.238.248.233 - - [04/Oct/2021:06:38:11 +0800] "GET /xingrg/check_reg.html?_=1633300690885 HTTP/1.1" 200 22
222.70.178.96 - - [04/Oct/2021:06:38:15 +0800] "GET /xingrg/all/function/internal_message.html?_=1633300694474&CODE_STATE=getMsg HTTP/1.1" 200 27
222.70.178.96 - - [04/Oct/2021:06:38:15 +0800] "GET /xingrg/check_reg.html?_=1633300694476 HTTP/1.1" 200 22
120.253.135.82 - - [04/Oct/2021:06:38:16 +0800] "GET /xingrg/all/function/internal_message.html?_=1633300467864&CODE_STATE=getMsg HTTP/1.1" 200 27
120.253.135.82 - - [04/Oct/2021:06:38:24 +0800] "POST /xingrg/kc/pszx/mdps_order_operate.html HTTP/1.1" 200 37
120.253.135.82 - - [04/Oct/2021:06:38:26 +0800] "GET /xingrg/kc/pszx/mdps_order_info.html?code=312021100400109 HTTP/1.1" 200 23931
120.253.135.82 - - [04/Oct/2021:06:38:26 +0800] "GET /xingrg/javascript/easyui/themes/default/validatebox.css HTTP/1.1" 404 1104
120.253.135.82 - - [04/Oct/2021:06:38:26 +0800] "POST /xingrg/kc/pszx/mdps_order_operate.html HTTP/1.1" 200 6401
222.70.246.151 - - [04/Oct/2021:06:38:28 +0800] "GET /xingrg/check_reg.html?_=1633300710514 HTTP/1.1" 200 22
222.70.246.151 - - [04/Oct/2021:06:38:33 +0800] "POST /xingrg/kc/buy/cgsh_list_operate.html HTTP/1.1" 200 4
120.253.135.82 - - [04/Oct/2021:06:38:38 +0800] "GET /xingrg/kc/print/load_data.html?order_code=312021100400109&kc_code=mdps&condition= HTTP/1.1" 200 2647
222.70.246.151 - - [04/Oct/2021:06:38:45 +0800] "POST /xingrg/kc/buy/cgsh_list_operate.html HTTP/1.1" 200 5177
222.70.246.151 - - [04/Oct/2021:06:38:50 +0800] "GET /xingrg/all/function/internal_message.html?_=1633300731640&CODE_STATE=getMsg HTTP/1.1" 200 27
222.70.246.151 - - [04/Oct/2021:06:38:53 +0800] "POST /xingrg/kc/buy/cgsh_list_operate.html HTTP/1.1" 200 273
116.230.105.26 - - [04/Oct/2021:06:39:01 +0800] "GET /xingrg/all/function/internal_message.html?_=1633300731345&CODE_STATE=getMsg HTTP/1.1" 200 27
116.230.105.26 - - [04/Oct/2021:06:39:08 +0800] "POST /xingrg/services/DataTransmitService HTTP/1.1" 200 524
116.230.105.26 - - [04/Oct/2021:06:39:09 +0800] "POST /xingrg/services/DataTransmitService HTTP/1.1" 200 501
116.238.248.233 - - [04/Oct/2021:06:39:11 +0800] "GET /xingrg/all/function/internal_message.html?_=1633300750887&CODE_STATE=getMsg HTTP/1.1" 200 27
222.70.178.96 - - [04/Oct/2021:06:39:15 +0800] "GET /xingrg/all/function/internal_message.html?_=1633300754475&CODE_STATE=getMsg HTTP/1.1" 200 27
120.253.135.82 - - [04/Oct/2021:06:39:16 +0800] "GET /xingrg/all/function/internal_message.html?_=1633300527878&CODE_STATE=getMsg HTTP/1.1" 200 27
222.70.246.151 - - [04/Oct/2021:06:39:25 +0800] "POST /xingrg/kc/buy/cgsh_list_operate.html HTTP/1.1" 200 4
222.70.246.151 - - [04/Oct/2021:06:39:38 +0800] "POST /xingrg/kc/buy/cgsh_list_operate.html HTTP/1.1" 200 3896
120.253.135.82 - - [04/Oct/2021:06:39:47 +0800] "POST /xingrg/kc/pszx/mdps_list_operate.html HTTP/1.1" 200 1692
222.70.246.151 - - [04/Oct/2021:06:39:50 +0800] "GET /xingrg/all/function/internal_message.html?_=1633300791652&CODE_STATE=getMsg HTTP/1.1" 200 27
120.253.135.82 - - [04/Oct/2021:06:39:56 +0800] "POST /xingrg/kc/pszx/mdps_list_operate.html HTTP/1.1" 200 868
116.230.105.26 - - [04/Oct/2021:06:40:01 +0800] "GET /xingrg/all/function/internal_message.html?_=1633300791343&CODE_STATE=getMsg HTTP/1.1" 200 27
120.253.135.82 - - [04/Oct/2021:06:40:06 +0800] "POST /xingrg/kc/pszx/mdps_list_operate.html HTTP/1.1" 200 868
120.253.135.82 - - [04/Oct/2021:06:40:07 +0800] "GET /xingrg/javascript/easyui/themes/default/tree.css HTTP/1.1" 404 1090
120.253.135.82 - - [04/Oct/2021:06:40:07 +0800] "POST /xingrg/all/common/load_tree.html?tree=area_rest_tree_json HTTP/1.1" 200 3472
116.238.248.233 - - [04/Oct/2021:06:40:11 +0800] "GET /xingrg/all/function/internal_message.html?_=1633300810887&CODE_STATE=getMsg HTTP/1.1" 200 27
222.70.178.96 - - [04/Oct/2021:06:40:15 +0800] "GET /xingrg/all/function/internal_message.html?_=1633300814501&CODE_STATE=getMsg HTTP/1.1" 200 27
120.253.135.82 - - [04/Oct/2021:06:40:16 +0800] "GET /xingrg/all/function/internal_message.html?_=1633300587939&CODE_STATE=getMsg HTTP/1.1" 200 27
120.253.135.82 - - [04/Oct/2021:06:40:18 +0800] "POST /xingrg/kc/pszx/mdps_list_operate.html HTTP/1.1" 200 868
120.253.135.82 - - [04/Oct/2021:06:40:19 +0800] "POST /xingrg/kc/pszx/mdps_list_operate.html HTTP/1.1" 200 868
120.253.135.82 - - [04/Oct/2021:06:40:21 +0800] "GET /xingrg/kc/pszx/mdqp_order_list.html?state=10 HTTP/1.1" 200 10657
120.253.135.82 - - [04/Oct/2021:06:40:21 +0800] "GET /xingrg/dwr/interface/AjaxReportQueryService.js HTTP/1.1" 200 13203
120.253.135.82 - - [04/Oct/2021:06:40:21 +0800] "GET /xingrg/dwr/interface/AjaxQqpsService.js HTTP/1.1" 200 16326
120.253.135.82 - - [04/Oct/2021:06:40:21 +0800] "GET /xingrg/dwr/engine.js HTTP/1.1" 200 43631
222.70.246.151 - - [04/Oct/2021:06:40:50 +0800] "GET /xingrg/all/function/internal_message.html?_=1633300851666&CODE_STATE=getMsg HTTP/1.1" 200 27
114.85.125.222 - - [04/Oct/2021:06:40:55 +0800] "POST /xingrg/services/DataTransmitService HTTP/1.1" 200 524
114.85.125.222 - - [04/Oct/2021:06:40:56 +0800] "POST /xingrg/services/DataTransmitService HTTP/1.1" 200 501
116.230.105.26 - - [04/Oct/2021:06:41:01 +0800] "GET /xingrg/check_reg.html?_=1633300851338 HTTP/1.1" 200 22
