116.232.50.208 - - [03/Oct/2021:11:12:35 +0800] "GET /xingrg/kc/buy/cgsh_order_operate.html?command=get_materiel&rest_code=00109&code=00101006129&supplier_code=00100015&order_time=2021-10-03 HTTP/1.1" 200 431
116.228.172.94 - - [03/Oct/2021:11:12:36 +0800] "GET /xingrg/all/report/report_query.html?fileName=kc/buy/gys_amount.xml&rh=99999 HTTP/1.1" 200 52006
116.228.172.94 - - [03/Oct/2021:11:12:36 +0800] "GET /xingrg/javascript/multi_select/jqueryMultiSelect.css HTTP/1.1" 200 951
116.228.172.94 - - [03/Oct/2021:11:12:36 +0800] "GET /xingrg/javascript/calendar/timePicker.css HTTP/1.1" 200 523
116.228.172.94 - - [03/Oct/2021:11:12:36 +0800] "GET /xingrg/javascript/bigrid/fix.css HTTP/1.1" 200 1702
116.228.172.94 - - [03/Oct/2021:11:12:36 +0800] "GET /xingrg/dwr/interface/AjaxReportQueryService.js HTTP/1.1" 200 13203
116.228.172.94 - - [03/Oct/2021:11:12:36 +0800] "GET /xingrg/dwr/util.js HTTP/1.1" 200 35990
116.228.172.94 - - [03/Oct/2021:11:12:36 +0800] "GET /xingrg/dwr/engine.js HTTP/1.1" 200 43631
116.228.172.94 - - [03/Oct/2021:11:12:36 +0800] "GET /xingrg/javascript/calendar/jquery.timePicker.min.js HTTP/1.1" 200 2997
116.228.172.94 - - [03/Oct/2021:11:12:36 +0800] "GET /xingrg/javascript/jqueryMultiSelect.js HTTP/1.1" 200 11866
116.228.172.94 - - [03/Oct/2021:11:12:36 +0800] "GET /xingrg/javascript/bigrid/fix.js HTTP/1.1" 200 6439
116.228.172.94 - - [03/Oct/2021:11:12:36 +0800] "GET /xingrg/javascript/Calendar.js HTTP/1.1" 200 31561
116.228.172.94 - - [03/Oct/2021:11:12:36 +0800] "GET /xingrg/images/blue/button/advanceover.gif HTTP/1.1" 200 1347
116.228.172.94 - - [03/Oct/2021:11:12:36 +0800] "GET /xingrg/images/control/loading.gif HTTP/1.1" 200 13463
116.228.172.94 - - [03/Oct/2021:11:12:36 +0800] "GET /xingrg/images/blue/button/advance2over.gif HTTP/1.1" 200 1336
116.228.172.94 - - [03/Oct/2021:11:12:36 +0800] "GET /xingrg/images/blue/button/back2over.gif HTTP/1.1" 200 1335
116.228.172.94 - - [03/Oct/2021:11:12:36 +0800] "GET /xingrg/images/blue/button/backover.gif HTTP/1.1" 200 1348
116.228.172.94 - - [03/Oct/2021:11:12:36 +0800] "GET /xingrg/javascript/jquery_easy_ui/themes/icons/help.png HTTP/1.1" 200 1187
116.228.172.94 - - [03/Oct/2021:11:12:36 +0800] "GET /xingrg/javascript/jquery_easy_ui/themes/default/images/menu_downarrow.png HTTP/1.1" 200 173
116.228.172.94 - - [03/Oct/2021:11:12:36 +0800] "GET /xingrg/javascript/jquery_easy_ui/themes/default/images/menu.gif HTTP/1.1" 200 834
116.228.172.94 - - [03/Oct/2021:11:12:36 +0800] "GET /xingrg/javascript/jquery_easy_ui/themes/icons/print.png HTTP/1.1" 200 1057
116.228.172.94 - - [03/Oct/2021:11:12:36 +0800] "GET /xingrg/javascript/jquery_easy_ui/themes/icons/pencil.png HTTP/1.1" 200 713
116.228.172.94 - - [03/Oct/2021:11:12:36 +0800] "GET /xingrg/javascript/jquery_easy_ui/themes/default/images/menu_rightarrow.png HTTP/1.1" 200 3617
116.228.172.94 - - [03/Oct/2021:11:12:36 +0800] "POST /xingrg/dwr/call/plaincall/AjaxReportQueryService.getFixDate.dwr HTTP/1.1" 200 111
116.228.172.94 - - [03/Oct/2021:11:12:36 +0800] "GET /xingrg/javascript/jquery_easy_ui/themes/default/images/combo_arrow_dot.gif HTTP/1.1" 200 79
116.228.172.94 - - [03/Oct/2021:11:12:36 +0800] "POST /xingrg/all/common/load_tree.html?tree=supplier_tree_json&manage=1 HTTP/1.1" 200 61130
116.228.172.94 - - [03/Oct/2021:11:12:37 +0800] "GET /xingrg/javascript/jquery_easy_ui/themes/default/images/tree_checkbox_0.gif HTTP/1.1" 200 168
116.228.172.94 - - [03/Oct/2021:11:12:37 +0800] "POST /xingrg/all/common/load_tree.html?tree=materiel_sort_tree_json HTTP/1.1" 200 8912
116.228.172.94 - - [03/Oct/2021:11:12:38 +0800] "POST /xingrg/dwr/call/plaincall/AjaxReportQueryService.getInitString.dwr HTTP/1.1" 200 399
116.228.172.94 - - [03/Oct/2021:11:12:38 +0800] "GET /xingrg/javascript/multi_select/dropdown.gif HTTP/1.1" 200 61
180.157.253.110 - - [03/Oct/2021:11:12:38 +0800] "GET /xingrg/kc/buy/cgsh_order_operate.html?command=get_materiel&rest_code=00148&code=00101008224&supplier_code=00100007&order_time=2021-10-03 HTTP/1.1" 200 416
116.228.172.94 - - [03/Oct/2021:11:12:40 +0800] "POST /xingrg/dwr/call/plaincall/AjaxReportQueryService.getFixDate.dwr HTTP/1.1" 200 111
116.228.172.94 - - [03/Oct/2021:11:12:40 +0800] "GET /xingrg/javascript/multi_select/dropdown_hover.gif HTTP/1.1" 200 61
180.152.237.0 - - [03/Oct/2021:11:12:40 +0800] "GET /xingrg/kc/base/wldb_order_operate.html?command=get_materiel&rest_code=00102&base_code=0010476&code=00101019267 HTTP/1.1" 200 481
58.39.139.200 - - [03/Oct/2021:11:12:45 +0800] "GET /xingrg/kc/buy/cgsh_order_operate.html?command=get_materiel&rest_code=00105&code=00101009109&supplier_code=00100024&order_time=2021-10-03 HTTP/1.1" 200 399
116.232.50.208 - - [03/Oct/2021:11:12:45 +0800] "GET /xingrg/kc/buy/cgsh_order_operate.html?command=get_materiel&rest_code=00109&code=00101006240&supplier_code=00100015&order_time=2021-10-03 HTTP/1.1" 200 408
180.152.237.0 - - [03/Oct/2021:11:12:45 +0800] "GET /xingrg/kc/base/wldb_order_operate.html?command=get_materiel&rest_code=00102&base_code=0010476&code=00101019131 HTTP/1.1" 200 454
180.169.147.146 - - [03/Oct/2021:11:12:46 +0800] "GET /xingrg/all/function/internal_message.html?_=1633230765628&CODE_STATE=getMsg HTTP/1.1" 200 27
180.157.253.110 - - [03/Oct/2021:11:12:47 +0800] "GET /xingrg/all/function/internal_message.html?_=1633230766775&CODE_STATE=getMsg HTTP/1.1" 200 27
116.232.50.208 - - [03/Oct/2021:11:12:47 +0800] "GET /xingrg/all/function/internal_message.html?_=1633230769399&CODE_STATE=getMsg HTTP/1.1" 200 27
116.228.172.94 - - [03/Oct/2021:11:12:47 +0800] "GET /xingrg/javascript/jquery_easy_ui/themes/default/images/tree_checkbox_1.gif HTTP/1.1" 200 174
116.228.172.94 - - [03/Oct/2021:11:12:47 +0800] "GET /xingrg/javascript/jquery_easy_ui/themes/default/images/tree_checkbox_2.gif HTTP/1.1" 200 181
180.152.237.0 - - [03/Oct/2021:11:12:48 +0800] "GET /xingrg/all/function/internal_message.html?_=1633230767446&CODE_STATE=getMsg HTTP/1.1" 200 27
116.228.172.94 - - [03/Oct/2021:11:12:48 +0800] "GET /xingrg/javascript/multi_select/dropdown_active.gif HTTP/1.1" 200 61
124.79.246.142 - - [03/Oct/2021:11:12:50 +0800] "GET /xingrg/all/function/internal_message.html?_=1633230873866&CODE_STATE=getMsg HTTP/1.1" 200 27
58.221.95.50 - - [03/Oct/2021:11:12:50 +0800] "GET /xingrg/check_reg.html?_=1633230772640 HTTP/1.1" 302 -
116.232.50.208 - - [03/Oct/2021:11:12:52 +0800] "GET /xingrg/kc/buy/cgsh_order_operate.html?command=get_materiel&rest_code=00109&code=00101006221&supplier_code=00100015&order_time=2021-10-03 HTTP/1.1" 200 403
180.152.237.0 - - [03/Oct/2021:11:12:52 +0800] "GET /xingrg/kc/base/wldb_order_operate.html?command=get_materiel&rest_code=00102&base_code=0010476&code=00101019018 HTTP/1.1" 200 451
116.228.172.94 - - [03/Oct/2021:11:12:54 +0800] "POST /xingrg/dwr/call/plaincall/AjaxReportQueryService.refreshCache.dwr HTTP/1.1" 200 78
116.228.172.94 - - [03/Oct/2021:11:12:55 +0800] "POST /xingrg/all/report/load_report_page.html HTTP/1.1" 200 8920
116.228.172.94 - - [03/Oct/2021:11:12:55 +0800] "GET /xingrg/servlets/image?cache=0.8656583155736461&image=px HTTP/1.1" 200 807
58.39.139.200 - - [03/Oct/2021:11:12:56 +0800] "GET /xingrg/all/function/internal_message.html?_=1633230776179&CODE_STATE=getMsg HTTP/1.1" 200 27
124.79.246.142 - - [03/Oct/2021:11:12:56 +0800] "POST /xingrg/services/DataTransmitService HTTP/1.1" 200 524
172.20.0.100 - - [03/Oct/2021:11:12:57 +0800] "GET /xingrg/all/function/internal_message.html?_=1633230777528&CODE_STATE=getMsg HTTP/1.1" 200 27
124.79.246.142 - - [03/Oct/2021:11:12:57 +0800] "POST /xingrg/services/DataTransmitService HTTP/1.1" 200 2235
116.232.50.208 - - [03/Oct/2021:11:12:58 +0800] "GET /xingrg/kc/buy/cgsh_order_operate.html?command=get_materiel&rest_code=00109&code=00101006109&supplier_code=00100015&order_time=2021-10-03 HTTP/1.1" 200 409
180.152.237.0 - - [03/Oct/2021:11:12:59 +0800] "GET /xingrg/kc/base/wldb_order_operate.html?command=get_materiel&rest_code=00102&base_code=0010476&code=00101016020 HTTP/1.1" 200 447
124.79.246.142 - - [03/Oct/2021:11:13:00 +0800] "POST /xingrg/services/DataTransmitService HTTP/1.1" 200 524
124.79.246.142 - - [03/Oct/2021:11:13:01 +0800] "POST /xingrg/services/DataTransmitService HTTP/1.1" 200 2235
180.169.147.146 - - [03/Oct/2021:11:13:01 +0800] "GET /xingrg/all/function/internal_message.html?_=1633230782198&CODE_STATE=getMsg HTTP/1.1" 200 27
116.228.172.94 - - [03/Oct/2021:11:13:02 +0800] "GET /xingrg/all/function/internal_message.html?_=1633230781956&CODE_STATE=getMsg HTTP/1.1" 200 27
180.152.237.0 - - [03/Oct/2021:11:13:02 +0800] "POST /xingrg/kc/base/wldb_order_operate.html HTTP/1.1" 200 1710
114.83.220.18 - - [03/Oct/2021:11:13:02 +0800] "GET /xingrg/all/function/internal_message.html?_=1633230781877&CODE_STATE=getMsg HTTP/1.1" 200 27
116.232.50.208 - - [03/Oct/2021:11:13:04 +0800] "GET /xingrg/kc/buy/cgsh_order_operate.html?command=get_materiel&rest_code=00109&code=00101006180&supplier_code=00100015&order_time=2021-10-03 HTTP/1.1" 200 423
116.237.74.154 - - [03/Oct/2021:11:13:05 +0800] "GET /xingrg/all/function/internal_message.html?_=1633230785786&CODE_STATE=getMsg HTTP/1.1" 200 27
180.152.237.0 - - [03/Oct/2021:11:13:06 +0800] "GET /xingrg/kc/base/wldb_order_operate.html?command=get_materiel&rest_code=00102&base_code=0010476&code=00101019199 HTTP/1.1" 200 458
116.232.50.208 - - [03/Oct/2021:11:13:09 +0800] "GET /xingrg/kc/buy/cgsh_order_operate.html?command=get_materiel&rest_code=00109&code=00101006057&supplier_code=00100015&order_time=2021-10-03 HTTP/1.1" 200 413
116.230.105.26 - - [03/Oct/2021:11:13:09 +0800] "GET /xingrg/all/function/internal_message.html?_=1633230780486&CODE_STATE=getMsg HTTP/1.1" 200 27
116.230.105.26 - - [03/Oct/2021:11:13:09 +0800] "GET /xingrg/check_reg.html?_=1633230780487 HTTP/1.1" 200 22
222.70.246.151 - - [03/Oct/2021:11:13:10 +0800] "GET /xingrg/check_reg.html?_=1633230792413 HTTP/1.1" 200 22
180.162.112.229 - - [03/Oct/2021:11:13:13 +0800] "GET /xingrg/check_reg.html?_=1633230328044 HTTP/1.1" 200 22
180.162.112.229 - - [03/Oct/2021:11:13:13 +0800] "GET /xingrg/all/function/internal_message.html?_=1633230328062&CODE_STATE=getMsg HTTP/1.1" 200 27
58.39.139.200 - - [03/Oct/2021:11:13:13 +0800] "GET /xingrg/kc/buy/cgsh_order_operate.html?command=get_materiel&rest_code=00105&code=00101009062&supplier_code=00100024&order_time=2021-10-03 HTTP/1.1" 200 412
116.228.172.94 - - [03/Oct/2021:11:13:16 +0800] "GET /xingrg/all/report/report_query.html?isQuery=1&fileName=kc/buy/wlcg_cate_hz.xml&queryString=(CONVERT(char(10)%252Ca.order_time%252C%2520120)%253E%253D'2021-09-01')%2520and%2520(CONVERT(char(10)%252Ca.order_time%252C%2520120)%253C%253D'2021-09-30')%2520and%2520(a.supplier_code%2520in%2520('00100049'))%2520and%2520(a.base_code%2520in%2520('0010657'))%2520and%2520(a.number%253E0%2520and%2520a.supplier_code%253D'00100049')&queryText=%25E3%2580%2590%25E9%2587%2587%25E8%25B4%25AD%25E6%2597%25A5%25E6%259C%259F%253A2021-09-01%2520%25E8%2587%25B3%25202021-09-30%25E3%2580%2591%2520%25E5%25B9%25B6%25E4%25B8%2594%2520%2520%25E3%2580%2590%25E4%25BE%259B%25E5%25BA%2594%25E5%2595%2586%2520%253D%2520%25E9%25B8%25A1%25E8%259B%258B%25EF%25BC%2588%25E4%25B8%2581%25E5%2585%2583%25E6%2596%25B9%25EF%25BC%2589%25E3%2580%2591%2520%25E5%25B9%25B6%25E4%25B8%2594%2520%2520%25E3%2580%2590%25E6%259F%25A5%25E8%25AF%25A2%25E4%25BB%2593%25E5%25BA%2593%2520%253D%2520%25E6%2597%25A9%25E9%25A4%2590%25E5%258E%2585%25E3%2580%2591%2520%25E5%25B9%25B6%25E4%25B8%2594%2520%25E3%2580%2590%25E4%25BE%259B%25E5%25BA%2594%25E5%2595%2586%253D%25E9%25B8%25A1%25E8%259B%258B%25EF%25BC%2588%25E4%25B8%2581%25E5%2585%2583%25E6%2596%25B9%25EF%25BC%2589%25E3%2580%2591 HTTP/1.1" 200 54569
116.228.172.94 - - [03/Oct/2021:11:13:16 +0800] "GET /xingrg/dwr/interface/AjaxReportQueryService.js HTTP/1.1" 200 13203
116.228.172.94 - - [03/Oct/2021:11:13:16 +0800] "GET /xingrg/dwr/engine.js HTTP/1.1" 200 43631
116.237.74.154 - - [03/Oct/2021:11:13:16 +0800] "GET /xingrg/all/function/internal_message.html?_=1633230797074&CODE_STATE=getMsg HTTP/1.1" 200 27
116.228.172.94 - - [03/Oct/2021:11:13:17 +0800] "POST /xingrg/all/report/load_report_page.html HTTP/1.1" 200 8720
116.228.172.94 - - [03/Oct/2021:11:13:17 +0800] "GET /xingrg/servlets/image?cache=0.30953875574067113&image=px HTTP/1.1" 200 807
180.152.237.0 - - [03/Oct/2021:11:13:18 +0800] "GET /xingrg/kc/base/wldb_order_operate.html?command=get_materiel&rest_code=00102&base_code=0010476&code=00101019183 HTTP/1.1" 200 434
101.91.60.11 - - [03/Oct/2021:11:13:20 +0800] "GET /xingrg/all/function/internal_message.html?_=1633230735342&CODE_STATE=getMsg HTTP/1.1" 302 -
116.237.74.154 - - [03/Oct/2021:11:13:20 +0800] "GET /xingrg/all/function/internal_message.html?_=1633230795323&CODE_STATE=getMsg HTTP/1.1" 200 27
58.39.139.200 - - [03/Oct/2021:11:13:21 +0800] "GET /xingrg/kc/buy/cgsh_order_operate.html?command=get_materiel&rest_code=00105&code=00101009011&supplier_code=00100024&order_time=2021-10-03 HTTP/1.1" 200 416
101.91.60.11 - - [03/Oct/2021:11:13:21 +0800] "GET /xingrg/login.html HTTP/1.1" 200 7641
180.169.147.146 - - [03/Oct/2021:11:13:22 +0800] "GET /xingrg/all/function/internal_message.html?_=1633230849398&CODE_STATE=getMsg HTTP/1.1" 200 27
180.169.147.146 - - [03/Oct/2021:11:13:22 +0800] "GET /xingrg/check_reg.html?_=1633230849406 HTTP/1.1" 200 22
222.70.246.151 - - [03/Oct/2021:11:13:23 +0800] "GET /xingrg/all/function/internal_message.html?_=1633230804643&CODE_STATE=getMsg HTTP/1.1" 200 27
116.232.50.208 - - [03/Oct/2021:11:13:27 +0800] "POST /xingrg/kc/buy/cgsh_order_operate.html HTTP/1.1" 200 37
180.152.237.0 - - [03/Oct/2021:11:13:27 +0800] "GET /xingrg/kc/base/wldb_order_operate.html?command=get_materiel&rest_code=00102&base_code=0010476&code=00101019134 HTTP/1.1" 200 464
116.228.172.94 - - [03/Oct/2021:11:13:27 +0800] "POST /xingrg/all/report/load_report_page.html HTTP/1.1" 200 13034
116.228.172.94 - - [03/Oct/2021:11:13:27 +0800] "GET /xingrg/servlets/image?cache=0.7294914689803709&image=px HTTP/1.1" 200 807
222.70.178.96 - - [03/Oct/2021:11:13:27 +0800] "GET /xingrg/all/function/internal_message.html?_=1633230805956&CODE_STATE=getMsg HTTP/1.1" 200 27
180.157.253.110 - - [03/Oct/2021:11:13:28 +0800] "GET /xingrg/kc/buy/cgsh_order_operate.html?command=get_materiel&rest_code=00148&code=00101008355&supplier_code=00100007&order_time=2021-10-03 HTTP/1.1" 200 408
116.232.50.208 - - [03/Oct/2021:11:13:28 +0800] "POST /xingrg/kc/buy/cgsh_order_operate.html HTTP/1.1" 200 8662
116.228.172.94 - - [03/Oct/2021:11:13:28 +0800] "GET /xingrg/javascript/jquery_easy_ui/themes/default/images/button_plain_hover.png HTTP/1.1" 200 252
116.232.50.208 - - [03/Oct/2021:11:13:29 +0800] "GET /xingrg/kc/print/load_config.html?kc_code=cgsh HTTP/1.1" 200 2256
116.232.50.208 - - [03/Oct/2021:11:13:29 +0800] "GET /xingrg/kc/print/load_data.html?order_code=212021100301149&kc_code=cgsh&condition= HTTP/1.1" 200 3073
180.169.147.146 - - [03/Oct/2021:11:13:31 +0800] "GET /xingrg/all/function/internal_message.html?_=1633230813032&CODE_STATE=getMsg HTTP/1.1" 200 27
58.37.227.186 - - [03/Oct/2021:11:13:32 +0800] "GET /xingrg/all/function/internal_message.html?_=1633230669927&CODE_STATE=getMsg HTTP/1.1" 200 27
180.157.253.110 - - [03/Oct/2021:11:13:32 +0800] "GET /xingrg/all/function/internal_message.html?_=1633230813096&CODE_STATE=getMsg HTTP/1.1" 200 27
58.39.139.200 - - [03/Oct/2021:11:13:32 +0800] "GET /xingrg/kc/buy/cgsh_order_operate.html?command=get_materiel&rest_code=00105&code=00101009010&supplier_code=00100024&order_time=2021-10-03 HTTP/1.1" 200 412
116.238.248.233 - - [03/Oct/2021:11:13:33 +0800] "GET /xingrg/all/function/internal_message.html?_=1633230812019&CODE_STATE=getMsg HTTP/1.1" 200 27
180.157.253.110 - - [03/Oct/2021:11:13:33 +0800] "GET /xingrg/kc/buy/cgsh_order_operate.html?command=get_materiel&rest_code=00148&code=00101008144&supplier_code=00100007&order_time=2021-10-03 HTTP/1.1" 200 412
116.232.50.208 - - [03/Oct/2021:11:13:34 +0800] "GET /xingrg/kc/buy/cgsh_order_add.html HTTP/1.1" 200 64657
116.232.50.208 - - [03/Oct/2021:11:13:34 +0800] "POST /xingrg/kc/buy/cgsh_order_operate.html HTTP/1.1" 200 8245
116.232.50.208 - - [03/Oct/2021:11:13:34 +0800] "GET /xingrg/all/common/auto_word.html?type=employee&rest_code=00109 HTTP/1.1" 200 255
116.232.50.208 - - [03/Oct/2021:11:13:34 +0800] "GET /xingrg/all/common/auto_word.html?type=employee&rest_code=00109 HTTP/1.1" 200 255
116.232.50.208 - - [03/Oct/2021:11:13:34 +0800] "GET /xingrg/javascript/easyui/themes/default/validatebox.css HTTP/1.1" 404 1104
180.152.237.0 - - [03/Oct/2021:11:13:36 +0800] "GET /xingrg/kc/base/wldb_order_operate.html?command=get_materiel&rest_code=00102&base_code=0010476&code=00101019185 HTTP/1.1" 200 453
116.232.50.208 - - [03/Oct/2021:11:13:37 +0800] "GET /xingrg/javascript/jquery_tools/images/prev.gif HTTP/1.1" 404 1086
116.232.50.208 - - [03/Oct/2021:11:13:37 +0800] "GET /xingrg/javascript/jquery_tools/images/next.gif HTTP/1.1" 404 1086
180.157.253.110 - - [03/Oct/2021:11:13:39 +0800] "GET /xingrg/kc/buy/cgsh_order_operate.html?command=get_materiel&rest_code=00148&code=00101008264&supplier_code=00100007&order_time=2021-10-03 HTTP/1.1" 200 412
180.152.237.0 - - [03/Oct/2021:11:13:43 +0800] "GET /xingrg/kc/base/wldb_order_operate.html?command=get_materiel&rest_code=00102&base_code=0010476&code=00101019071 HTTP/1.1" 200 455
116.232.50.208 - - [03/Oct/2021:11:13:44 +0800] "GET /xingrg/kc/buy/cgsh_order_operate.html?command=get_materiel&rest_code=00109&code=00101009122&supplier_code=00100022&order_time=2021-10-03 HTTP/1.1" 200 391
180.152.237.0 - - [03/Oct/2021:11:13:46 +0800] "POST /xingrg/kc/base/wldb_order_operate.html HTTP/1.1" 200 1710
180.169.147.146 - - [03/Oct/2021:11:13:46 +0800] "GET /xingrg/check_reg.html?_=1633230825625 HTTP/1.1" 200 22
180.169.147.146 - - [03/Oct/2021:11:13:46 +0800] "GET /xingrg/all/function/internal_message.html?_=1633230825627&CODE_STATE=getMsg HTTP/1.1" 200 27
180.157.253.110 - - [03/Oct/2021:11:13:47 +0800] "GET /xingrg/check_reg.html?_=1633230826774 HTTP/1.1" 200 22
180.157.253.110 - - [03/Oct/2021:11:13:47 +0800] "GET /xingrg/all/function/internal_message.html?_=1633230826776&CODE_STATE=getMsg HTTP/1.1" 200 27
116.232.50.208 - - [03/Oct/2021:11:13:47 +0800] "GET /xingrg/all/function/internal_message.html?_=1633230829405&CODE_STATE=getMsg HTTP/1.1" 200 27
180.152.237.0 - - [03/Oct/2021:11:13:48 +0800] "GET /xingrg/all/function/internal_message.html?_=1633230827545&CODE_STATE=getMsg HTTP/1.1" 200 27
180.157.253.110 - - [03/Oct/2021:11:13:49 +0800] "GET /xingrg/kc/buy/cgsh_order_operate.html?command=get_materiel&rest_code=00148&code=00101008360&supplier_code=00100007&order_time=2021-10-03 HTTP/1.1" 200 412
124.79.246.142 - - [03/Oct/2021:11:13:50 +0800] "GET /xingrg/all/function/internal_message.html?_=1633230933845&CODE_STATE=getMsg HTTP/1.1" 200 27
180.152.237.0 - - [03/Oct/2021:11:13:51 +0800] "GET /xingrg/kc/base/wldb_order_operate.html?command=get_materiel&rest_code=00102&base_code=0010476&code=00101019543 HTTP/1.1" 200 470
116.232.50.208 - - [03/Oct/2021:11:13:52 +0800] "GET /xingrg/kc/buy/cgsh_order_operate.html?command=get_materiel&rest_code=00109&code=00101009011&supplier_code=00100022&order_time=2021-10-03 HTTP/1.1" 200 416
180.157.253.110 - - [03/Oct/2021:11:13:54 +0800] "GET /xingrg/kc/buy/cgsh_order_operate.html?command=get_materiel&rest_code=00148&code=00101008439&supplier_code=00100007&order_time=2021-10-03 HTTP/1.1" 200 399
58.39.139.200 - - [03/Oct/2021:11:13:56 +0800] "GET /xingrg/all/function/internal_message.html?_=1633230836133&CODE_STATE=getMsg HTTP/1.1" 200 27
180.152.237.0 - - [03/Oct/2021:11:13:56 +0800] "GET /xingrg/kc/base/wldb_order_operate.html?command=get_materiel&rest_code=00102&base_code=0010476&code=00101019068 HTTP/1.1" 200 468
172.20.0.100 - - [03/Oct/2021:11:13:57 +0800] "GET /xingrg/check_reg.html?_=1633230837513 HTTP/1.1" 200 22
172.20.0.100 - - [03/Oct/2021:11:13:57 +0800] "GET /xingrg/all/function/internal_message.html?_=1633230837515&CODE_STATE=getMsg HTTP/1.1" 200 27
116.232.50.208 - - [03/Oct/2021:11:13:58 +0800] "GET /xingrg/kc/buy/cgsh_order_operate.html?command=get_materiel&rest_code=00109&code=00101009062&supplier_code=00100022&order_time=2021-10-03 HTTP/1.1" 200 412
58.39.139.200 - - [03/Oct/2021:11:13:59 +0800] "GET /xingrg/check_reg.html?_=1633230838532 HTTP/1.1" 200 22
180.169.147.146 - - [03/Oct/2021:11:14:01 +0800] "GET /xingrg/all/function/internal_message.html?_=1633230842189&CODE_STATE=getMsg HTTP/1.1" 200 27
116.228.172.94 - - [03/Oct/2021:11:14:02 +0800] "GET /xingrg/all/function/internal_message.html?_=1633230841949&CODE_STATE=getMsg HTTP/1.1" 200 27
114.83.220.18 - - [03/Oct/2021:11:14:02 +0800] "GET /xingrg/all/function/internal_message.html?_=1633230841860&CODE_STATE=getMsg HTTP/1.1" 200 27
116.237.74.154 - - [03/Oct/2021:11:14:05 +0800] "GET /xingrg/all/function/internal_message.html?_=1633230845785&CODE_STATE=getMsg HTTP/1.1" 200 27
116.232.50.208 - - [03/Oct/2021:11:14:05 +0800] "GET /xingrg/kc/buy/cgsh_order_operate.html?command=get_materiel&rest_code=00109&code=00101009107&supplier_code=00100022&order_time=2021-10-03 HTTP/1.1" 200 396
180.157.253.110 - - [03/Oct/2021:11:14:06 +0800] "GET /xingrg/kc/buy/cgsh_order_operate.html?command=get_materiel&rest_code=00148&code=00101008069&supplier_code=00100007&order_time=2021-10-03 HTTP/1.1" 200 412
58.39.139.200 - - [03/Oct/2021:11:14:09 +0800] "GET /xingrg/kc/buy/cgsh_order_operate.html?command=get_materiel&rest_code=00105&code=00101009016&supplier_code=00100024&order_time=2021-10-03 HTTP/1.1" 200 412
116.230.105.26 - - [03/Oct/2021:11:14:09 +0800] "GET /xingrg/all/function/internal_message.html?_=1633230840486&CODE_STATE=getMsg HTTP/1.1" 200 27
116.232.50.208 - - [03/Oct/2021:11:14:11 +0800] "GET /xingrg/kc/buy/cgsh_order_operate.html?command=get_materiel&rest_code=00109&code=00101009118&supplier_code=00100022&order_time=2021-10-03 HTTP/1.1" 200 391
180.157.253.110 - - [03/Oct/2021:11:14:12 +0800] "GET /xingrg/kc/buy/cgsh_order_operate.html?command=get_materiel&rest_code=00148&code=00101008131&supplier_code=00100007&order_time=2021-10-03 HTTP/1.1" 200 408
180.162.112.229 - - [03/Oct/2021:11:14:13 +0800] "GET /xingrg/all/function/internal_message.html?_=1633230388043&CODE_STATE=getMsg HTTP/1.1" 200 27
116.237.74.154 - - [03/Oct/2021:11:14:16 +0800] "GET /xingrg/all/function/internal_message.html?_=1633230857044&CODE_STATE=getMsg HTTP/1.1" 200 27
116.237.74.154 - - [03/Oct/2021:11:14:17 +0800] "GET /xingrg/check_reg.html?_=1633230857563 HTTP/1.1" 200 22
116.232.50.208 - - [03/Oct/2021:11:14:18 +0800] "GET /xingrg/kc/buy/cgsh_order_operate.html?command=get_materiel&rest_code=00109&code=00101009053&supplier_code=00100022&order_time=2021-10-03 HTTP/1.1" 200 408
180.157.253.110 - - [03/Oct/2021:11:14:18 +0800] "GET /xingrg/kc/buy/cgsh_order_operate.html?command=get_materiel&rest_code=00148&code=00101008318&supplier_code=00100007&order_time=2021-10-03 HTTP/1.1" 200 408
61.151.178.164 - - [03/Oct/2021:11:14:20 +0800] "GET /xingrg/all/function/internal_message.html?_=1633230795323&CODE_STATE=getMsg HTTP/1.1" 302 -
116.237.74.154 - - [03/Oct/2021:11:14:20 +0800] "GET /xingrg/all/function/internal_message.html?_=1633230855295&CODE_STATE=getMsg HTTP/1.1" 200 27
116.228.172.94 - - [03/Oct/2021:11:14:20 +0800] "POST /xingrg/dwr/call/plaincall/AjaxReportQueryService.getFixDate.dwr HTTP/1.1" 200 111
116.228.172.94 - - [03/Oct/2021:11:14:20 +0800] "POST /xingrg/all/common/load_tree.html?tree=supplier_tree_json&manage=1 HTTP/1.1" 200 61130
61.151.178.164 - - [03/Oct/2021:11:14:21 +0800] "GET /xingrg/login.html HTTP/1.1" 200 7641
116.228.172.94 - - [03/Oct/2021:11:14:21 +0800] "POST /xingrg/all/common/load_tree.html?tree=materiel_sort_tree_json HTTP/1.1" 200 8912
116.228.172.94 - - [03/Oct/2021:11:14:21 +0800] "POST /xingrg/all/common/load_tree.html?tree=base_tree_json HTTP/1.1" 200 1299
180.169.147.146 - - [03/Oct/2021:11:14:22 +0800] "GET /xingrg/all/function/internal_message.html?_=1633230909392&CODE_STATE=getMsg HTTP/1.1" 200 27
222.70.246.151 - - [03/Oct/2021:11:14:23 +0800] "GET /xingrg/all/function/internal_message.html?_=1633230864657&CODE_STATE=getMsg HTTP/1.1" 200 27
116.228.172.94 - - [03/Oct/2021:11:14:24 +0800] "POST /xingrg/all/report/load_report_page.html HTTP/1.1" 200 89
180.157.253.110 - - [03/Oct/2021:11:14:24 +0800] "GET /xingrg/kc/buy/cgsh_order_operate.html?command=get_materiel&rest_code=00148&code=00101008005&supplier_code=00100007&order_time=2021-10-03 HTTP/1.1" 200 412
58.39.139.200 - - [03/Oct/2021:11:14:25 +0800] "GET /xingrg/kc/buy/cgsh_order_operate.html?command=get_materiel&rest_code=00105&code=00101009124&supplier_code=00100024&order_time=2021-10-03 HTTP/1.1" 200 402
116.228.172.94 - - [03/Oct/2021:11:14:26 +0800] "POST /xingrg/all/report/load_report_page.html HTTP/1.1" 200 89
222.70.178.96 - - [03/Oct/2021:11:14:27 +0800] "GET /xingrg/all/function/internal_message.html?_=1633230865941&CODE_STATE=getMsg HTTP/1.1" 200 27
116.232.50.208 - - [03/Oct/2021:11:14:27 +0800] "POST /xingrg/kc/buy/cgsh_order_operate.html HTTP/1.1" 200 37
180.152.237.0 - - [03/Oct/2021:11:14:29 +0800] "GET /xingrg/check_reg.html?_=1633230849168 HTTP/1.1" 200 22
116.228.172.94 - - [03/Oct/2021:11:14:29 +0800] "POST /xingrg/dwr/call/plaincall/AjaxReportQueryService.getFixDate.dwr HTTP/1.1" 200 111
116.232.50.208 - - [03/Oct/2021:11:14:29 +0800] "POST /xingrg/kc/buy/cgsh_order_operate.html HTTP/1.1" 200 5602
116.232.50.208 - - [03/Oct/2021:11:14:30 +0800] "GET /xingrg/kc/print/load_config.html?kc_code=cgsh HTTP/1.1" 200 2256
116.232.50.208 - - [03/Oct/2021:11:14:30 +0800] "GET /xingrg/kc/print/load_data.html?order_code=212021100301150&kc_code=cgsh&condition= HTTP/1.1" 200 1805
180.169.147.146 - - [03/Oct/2021:11:14:31 +0800] "GET /xingrg/all/function/internal_message.html?_=1633230873042&CODE_STATE=getMsg HTTP/1.1" 200 27
58.37.227.186 - - [03/Oct/2021:11:14:32 +0800] "GET /xingrg/all/function/internal_message.html?_=1633230729927&CODE_STATE=getMsg HTTP/1.1" 200 27
180.157.253.110 - - [03/Oct/2021:11:14:32 +0800] "GET /xingrg/all/function/internal_message.html?_=1633230873099&CODE_STATE=getMsg HTTP/1.1" 200 27
116.238.248.233 - - [03/Oct/2021:11:14:33 +0800] "GET /xingrg/all/function/internal_message.html?_=1633230872022&CODE_STATE=getMsg HTTP/1.1" 200 27
116.232.50.208 - - [03/Oct/2021:11:14:34 +0800] "GET /xingrg/kc/buy/cgsh_order_add.html HTTP/1.1" 200 64657
116.232.50.208 - - [03/Oct/2021:11:14:34 +0800] "POST /xingrg/kc/buy/cgsh_order_operate.html HTTP/1.1" 200 8245
116.232.50.208 - - [03/Oct/2021:11:14:34 +0800] "GET /xingrg/all/common/auto_word.html?type=employee&rest_code=00109 HTTP/1.1" 200 255
116.232.50.208 - - [03/Oct/2021:11:14:34 +0800] "GET /xingrg/all/common/auto_word.html?type=employee&rest_code=00109 HTTP/1.1" 200 255
116.232.50.208 - - [03/Oct/2021:11:14:34 +0800] "GET /xingrg/javascript/easyui/themes/default/validatebox.css HTTP/1.1" 404 1104
58.39.139.200 - - [03/Oct/2021:11:14:36 +0800] "GET /xingrg/kc/buy/cgsh_order_operate.html?command=get_materiel&rest_code=00105&code=00101009039&supplier_code=00100024&order_time=2021-10-03 HTTP/1.1" 200 408
116.232.50.208 - - [03/Oct/2021:11:14:36 +0800] "GET /xingrg/javascript/jquery_tools/images/prev.gif HTTP/1.1" 404 1086
116.232.50.208 - - [03/Oct/2021:11:14:36 +0800] "GET /xingrg/javascript/jquery_tools/images/next.gif HTTP/1.1" 404 1086
180.157.253.110 - - [03/Oct/2021:11:14:37 +0800] "GET /xingrg/kc/buy/cgsh_order_operate.html?command=get_materiel&rest_code=00148&code=00101008353&supplier_code=00100007&order_time=2021-10-03 HTTP/1.1" 200 408
116.228.172.94 - - [03/Oct/2021:11:14:38 +0800] "POST /xingrg/all/report/load_report_page.html HTTP/1.1" 200 13034
116.228.172.94 - - [03/Oct/2021:11:14:38 +0800] "GET /xingrg/servlets/image?cache=0.7268777130324159&image=px HTTP/1.1" 200 807
116.232.50.208 - - [03/Oct/2021:11:14:41 +0800] "GET /xingrg/kc/buy/cgsh_order_operate.html?command=get_materiel&rest_code=00109&code=00101011005&supplier_code=00100046&order_time=2021-10-03 HTTP/1.1" 200 408
180.157.253.110 - - [03/Oct/2021:11:14:43 +0800] "GET /xingrg/kc/buy/cgsh_order_operate.html?command=get_materiel&rest_code=00148&code=00101008291&supplier_code=00100007&order_time=2021-10-03 HTTP/1.1" 200 408
180.169.147.146 - - [03/Oct/2021:11:14:46 +0800] "GET /xingrg/all/function/internal_message.html?_=1633230885616&CODE_STATE=getMsg HTTP/1.1" 200 27
180.157.253.110 - - [03/Oct/2021:11:14:47 +0800] "GET /xingrg/all/function/internal_message.html?_=1633230886783&CODE_STATE=getMsg HTTP/1.1" 200 27
116.232.50.208 - - [03/Oct/2021:11:14:47 +0800] "GET /xingrg/all/function/internal_message.html?_=1633230889400&CODE_STATE=getMsg HTTP/1.1" 200 27
180.152.237.0 - - [03/Oct/2021:11:14:48 +0800] "GET /xingrg/all/function/internal_message.html?_=1633230887549&CODE_STATE=getMsg HTTP/1.1" 200 27
180.157.253.110 - - [03/Oct/2021:11:14:50 +0800] "GET /xingrg/kc/buy/cgsh_order_operate.html?command=get_materiel&rest_code=00148&code=00101008101&supplier_code=00100007&order_time=2021-10-03 HTTP/1.1" 200 412
124.79.246.142 - - [03/Oct/2021:11:14:50 +0800] "GET /xingrg/all/function/internal_message.html?_=1633230993824&CODE_STATE=getMsg HTTP/1.1" 200 27
124.79.246.142 - - [03/Oct/2021:11:14:50 +0800] "GET /xingrg/check_reg.html?_=1633230994309 HTTP/1.1" 200 22
58.39.139.200 - - [03/Oct/2021:11:14:52 +0800] "POST /xingrg/kc/buy/cgsh_order_operate.html HTTP/1.1" 200 37
116.232.50.208 - - [03/Oct/2021:11:14:53 +0800] "GET /xingrg/kc/buy/cgsh_order_operate.html?command=get_materiel&rest_code=00109&code=00101011001&supplier_code=00100046&order_time=2021-10-03 HTTP/1.1" 200 423
58.39.139.200 - - [03/Oct/2021:11:14:54 +0800] "POST /xingrg/kc/buy/cgsh_order_operate.html HTTP/1.1" 200 7403
58.39.139.200 - - [03/Oct/2021:11:14:56 +0800] "GET /xingrg/all/function/internal_message.html?_=1633230896102&CODE_STATE=getMsg HTTP/1.1" 200 27
58.39.139.200 - - [03/Oct/2021:11:14:57 +0800] "GET /xingrg/kc/print/load_data.html?order_code=212021100301151&kc_code=cgsh&condition= HTTP/1.1" 200 2496
172.20.0.100 - - [03/Oct/2021:11:14:57 +0800] "GET /xingrg/all/function/internal_message.html?_=1633230897524&CODE_STATE=getMsg HTTP/1.1" 200 27
180.169.147.146 - - [03/Oct/2021:11:15:01 +0800] "GET /xingrg/all/function/internal_message.html?_=1633230902182&CODE_STATE=getMsg HTTP/1.1" 200 27
116.228.172.94 - - [03/Oct/2021:11:15:02 +0800] "GET /xingrg/all/function/internal_message.html?_=1633230901953&CODE_STATE=getMsg HTTP/1.1" 200 27
114.83.220.18 - - [03/Oct/2021:11:15:02 +0800] "GET /xingrg/all/function/internal_message.html?_=1633230901838&CODE_STATE=getMsg HTTP/1.1" 200 27
180.157.253.110 - - [03/Oct/2021:11:15:02 +0800] "GET /xingrg/kc/buy/cgsh_order_operate.html?command=get_materiel&rest_code=00148&code=00101008323&supplier_code=00100007&order_time=2021-10-03 HTTP/1.1" 200 408
116.232.50.208 - - [03/Oct/2021:11:15:05 +0800] "POST /xingrg/kc/buy/cgsh_order_operate.html HTTP/1.1" 200 37
116.237.74.154 - - [03/Oct/2021:11:15:05 +0800] "GET /xingrg/all/function/internal_message.html?_=1633230905783&CODE_STATE=getMsg HTTP/1.1" 200 27
116.232.50.208 - - [03/Oct/2021:11:15:06 +0800] "POST /xingrg/kc/buy/cgsh_order_operate.html HTTP/1.1" 200 3257
116.232.50.208 - - [03/Oct/2021:11:15:07 +0800] "GET /xingrg/kc/print/load_config.html?kc_code=cgsh HTTP/1.1" 200 2256
116.232.50.208 - - [03/Oct/2021:11:15:07 +0800] "GET /xingrg/kc/print/load_data.html?order_code=212021100301152&kc_code=cgsh&condition= HTTP/1.1" 200 908
116.230.105.26 - - [03/Oct/2021:11:15:09 +0800] "GET /xingrg/all/function/internal_message.html?_=1633230900475&CODE_STATE=getMsg HTTP/1.1" 200 27
116.232.50.208 - - [03/Oct/2021:11:15:11 +0800] "GET /xingrg/kc/buy/cgsh_order_add.html HTTP/1.1" 200 64657
116.232.50.208 - - [03/Oct/2021:11:15:11 +0800] "POST /xingrg/kc/buy/cgsh_order_operate.html HTTP/1.1" 200 8245
116.232.50.208 - - [03/Oct/2021:11:15:11 +0800] "GET /xingrg/all/common/auto_word.html?type=employee&rest_code=00109 HTTP/1.1" 200 255
116.232.50.208 - - [03/Oct/2021:11:15:11 +0800] "GET /xingrg/all/common/auto_word.html?type=employee&rest_code=00109 HTTP/1.1" 200 255
116.232.50.208 - - [03/Oct/2021:11:15:11 +0800] "GET /xingrg/javascript/easyui/themes/default/validatebox.css HTTP/1.1" 404 1104
180.157.253.110 - - [03/Oct/2021:11:15:12 +0800] "POST /xingrg/kc/buy/cgsh_order_operate.html HTTP/1.1" 200 2065
180.162.112.229 - - [03/Oct/2021:11:15:13 +0800] "GET /xingrg/all/function/internal_message.html?_=1633230448043&CODE_STATE=getMsg HTTP/1.1" 200 27
116.232.50.208 - - [03/Oct/2021:11:15:14 +0800] "POST /xingrg/kc/buy/cgsh_list_operate.html HTTP/1.1" 200 4141
116.232.50.208 - - [03/Oct/2021:11:15:16 +0800] "POST /xingrg/kc/buy/cgsh_list_operate.html HTTP/1.1" 200 569
116.237.74.154 - - [03/Oct/2021:11:15:16 +0800] "GET /xingrg/all/function/internal_message.html?_=1633230917018&CODE_STATE=getMsg HTTP/1.1" 200 27
180.157.253.110 - - [03/Oct/2021:11:15:18 +0800] "GET /xingrg/kc/buy/cgsh_order_operate.html?command=get_materiel&rest_code=00148&code=00101008027&supplier_code=00100007&order_time=2021-10-03 HTTP/1.1" 200 409
116.232.50.208 - - [03/Oct/2021:11:15:19 +0800] "GET /xingrg/kc/buy/cgsh_order_info.html?code=212021100301110 HTTP/1.1" 200 64666
116.232.50.208 - - [03/Oct/2021:11:15:19 +0800] "GET /xingrg/all/common/auto_word.html?type=employee&rest_code=00109 HTTP/1.1" 200 255
116.232.50.208 - - [03/Oct/2021:11:15:19 +0800] "GET /xingrg/javascript/easyui/themes/default/validatebox.css HTTP/1.1" 404 1104
116.232.50.208 - - [03/Oct/2021:11:15:19 +0800] "GET /xingrg/all/common/auto_word.html?type=employee&rest_code=00109 HTTP/1.1" 200 255
116.232.50.208 - - [03/Oct/2021:11:15:20 +0800] "POST /xingrg/kc/buy/cgsh_order_operate.html HTTP/1.1" 200 6209
116.237.74.154 - - [03/Oct/2021:11:15:20 +0800] "GET /xingrg/all/function/internal_message.html?_=1633230915279&CODE_STATE=getMsg HTTP/1.1" 200 27
180.152.237.0 - - [03/Oct/2021:11:15:21 +0800] "POST /xingrg/kc/base/wldb_order_operate.html HTTP/1.1" 200 37
180.169.147.146 - - [03/Oct/2021:11:15:22 +0800] "GET /xingrg/all/function/internal_message.html?_=1633230969398&CODE_STATE=getMsg HTTP/1.1" 200 27
120.253.135.82 - - [03/Oct/2021:11:15:22 +0800] "GET /xingrg/check_reg.html?_=1633230693614 HTTP/1.1" 200 22
222.70.246.151 - - [03/Oct/2021:11:15:23 +0800] "GET /xingrg/all/function/internal_message.html?_=1633230924805&CODE_STATE=getMsg HTTP/1.1" 200 27
180.157.253.110 - - [03/Oct/2021:11:15:23 +0800] "GET /xingrg/kc/buy/cgsh_order_operate.html?command=get_materiel&rest_code=00148&code=00101008603&supplier_code=00100007&order_time=2021-10-03 HTTP/1.1" 200 395
180.152.237.0 - - [03/Oct/2021:11:15:25 +0800] "POST /xingrg/kc/base/wldb_order_operate.html HTTP/1.1" 200 12
180.152.237.0 - - [03/Oct/2021:11:15:25 +0800] "POST /xingrg/kc/base/wldb_order_operate.html HTTP/1.1" 200 15702
180.152.237.0 - - [03/Oct/2021:11:15:27 +0800] "GET /xingrg/kc/base/wldb_order_info.html?code=422021100300265 HTTP/1.1" 200 26313
222.70.178.96 - - [03/Oct/2021:11:15:27 +0800] "GET /xingrg/all/function/internal_message.html?_=1633230925952&CODE_STATE=getMsg HTTP/1.1" 200 27
180.152.237.0 - - [03/Oct/2021:11:15:29 +0800] "POST /xingrg/kc/base/wldb_order_operate.html HTTP/1.1" 200 13699
116.232.50.208 - - [03/Oct/2021:11:15:30 +0800] "GET /xingrg/kc/buy/cgsh_order_operate.html?command=get_materiel&rest_code=00109&code=00101008110&supplier_code=00100005&order_time=2021-10-03 HTTP/1.1" 200 408
180.152.237.0 - - [03/Oct/2021:11:15:30 +0800] "GET /xingrg/javascript/easyui/themes/default/validatebox.css HTTP/1.1" 404 1104
180.169.147.146 - - [03/Oct/2021:11:15:31 +0800] "GET /xingrg/check_reg.html?_=1633230932842 HTTP/1.1" 200 22
180.157.253.110 - - [03/Oct/2021:11:15:31 +0800] "GET /xingrg/kc/buy/cgsh_order_operate.html?command=get_materiel&rest_code=00148&code=00101008403&supplier_code=00100007&order_time=2021-10-03 HTTP/1.1" 200 412
180.169.147.146 - - [03/Oct/2021:11:15:31 +0800] "GET /xingrg/all/function/internal_message.html?_=1633230933055&CODE_STATE=getMsg HTTP/1.1" 200 27
58.37.227.186 - - [03/Oct/2021:11:15:32 +0800] "GET /xingrg/all/function/internal_message.html?_=1633230789925&CODE_STATE=getMsg HTTP/1.1" 200 27
180.157.253.110 - - [03/Oct/2021:11:15:32 +0800] "GET /xingrg/all/function/internal_message.html?_=1633230933102&CODE_STATE=getMsg HTTP/1.1" 200 27
116.238.248.233 - - [03/Oct/2021:11:15:33 +0800] "GET /xingrg/all/function/internal_message.html?_=1633230932022&CODE_STATE=getMsg HTTP/1.1" 200 27
116.232.50.208 - - [03/Oct/2021:11:15:36 +0800] "GET /xingrg/kc/buy/cgsh_order_operate.html?command=get_materiel&rest_code=00109&code=00101008354&supplier_code=00100005&order_time=2021-10-03 HTTP/1.1" 200 412
180.152.237.0 - - [03/Oct/2021:11:15:37 +0800] "GET /xingrg/kc/base/wldb_order_add.html HTTP/1.1" 200 30434
180.152.237.0 - - [03/Oct/2021:11:15:39 +0800] "POST /xingrg/kc/base/wldb_order_operate.html HTTP/1.1" 200 6806
180.152.237.0 - - [03/Oct/2021:11:15:40 +0800] "GET /xingrg/javascript/easyui/themes/default/validatebox.css HTTP/1.1" 404 1104
180.152.237.0 - - [03/Oct/2021:11:15:40 +0800] "POST /xingrg/all/common/load_combo.html?type=base HTTP/1.1" 200 3060
180.152.237.0 - - [03/Oct/2021:11:15:43 +0800] "POST /xingrg/all/common/load_combo.html?type=base HTTP/1.1" 200 3060
180.169.147.146 - - [03/Oct/2021:11:15:46 +0800] "GET /xingrg/all/function/internal_message.html?_=1633230945623&CODE_STATE=getMsg HTTP/1.1" 200 27
180.157.253.110 - - [03/Oct/2021:11:15:47 +0800] "GET /xingrg/all/function/internal_message.html?_=1633230946785&CODE_STATE=getMsg HTTP/1.1" 200 27
180.152.237.0 - - [03/Oct/2021:11:15:47 +0800] "GET /xingrg/check_reg.html?_=1633230946455 HTTP/1.1" 200 22
116.232.50.208 - - [03/Oct/2021:11:15:47 +0800] "GET /xingrg/check_reg.html?_=1633230949393 HTTP/1.1" 200 22
116.232.50.208 - - [03/Oct/2021:11:15:47 +0800] "GET /xingrg/all/function/internal_message.html?_=1633230949391&CODE_STATE=getMsg HTTP/1.1" 200 27
180.152.237.0 - - [03/Oct/2021:11:15:48 +0800] "GET /xingrg/all/function/internal_message.html?_=1633230947564&CODE_STATE=getMsg HTTP/1.1" 200 27
116.232.50.208 - - [03/Oct/2021:11:15:49 +0800] "GET /xingrg/kc/buy/cgsh_order_operate.html?command=get_materiel&rest_code=00109&code=00101008163&supplier_code=00100005&order_time=2021-10-03 HTTP/1.1" 200 409
124.79.246.142 - - [03/Oct/2021:11:15:50 +0800] "GET /xingrg/all/function/internal_message.html?_=1633231053805&CODE_STATE=getMsg HTTP/1.1" 200 27
180.152.237.0 - - [03/Oct/2021:11:15:51 +0800] "GET /xingrg/kc/base/wldb_order_operate.html?command=get_materiel&rest_code=00102&base_code=0010476&code=00101019026 HTTP/1.1" 200 467
116.232.50.208 - - [03/Oct/2021:11:15:55 +0800] "GET /xingrg/kc/buy/cgsh_order_operate.html?command=get_materiel&rest_code=00109&code=00101008148&supplier_code=00100005&order_time=2021-10-03 HTTP/1.1" 200 416
58.39.139.200 - - [03/Oct/2021:11:15:56 +0800] "GET /xingrg/all/function/internal_message.html?_=1633230956083&CODE_STATE=getMsg HTTP/1.1" 200 27
172.20.0.100 - - [03/Oct/2021:11:15:57 +0800] "GET /xingrg/all/function/internal_message.html?_=1633230957523&CODE_STATE=getMsg HTTP/1.1" 200 27
180.152.237.0 - - [03/Oct/2021:11:15:57 +0800] "GET /xingrg/kc/base/wldb_order_operate.html?command=get_materiel&rest_code=00102&base_code=0010476&code=00101019066 HTTP/1.1" 200 441
180.157.253.110 - - [03/Oct/2021:11:16:00 +0800] "GET /xingrg/kc/buy/cgsh_order_operate.html?command=get_materiel&rest_code=00148&code=00101008372&supplier_code=00100007&order_time=2021-10-03 HTTP/1.1" 200 408
180.169.147.146 - - [03/Oct/2021:11:16:01 +0800] "GET /xingrg/all/function/internal_message.html?_=1633230962190&CODE_STATE=getMsg HTTP/1.1" 200 27
116.232.50.208 - - [03/Oct/2021:11:16:01 +0800] "GET /xingrg/kc/buy/cgsh_order_operate.html?command=get_materiel&rest_code=00109&code=00101008264&supplier_code=00100005&order_time=2021-10-03 HTTP/1.1" 200 412
116.228.172.94 - - [03/Oct/2021:11:16:02 +0800] "GET /xingrg/all/function/internal_message.html?_=1633230961952&CODE_STATE=getMsg HTTP/1.1" 200 27
114.83.220.18 - - [03/Oct/2021:11:16:02 +0800] "GET /xingrg/all/function/internal_message.html?_=1633230961821&CODE_STATE=getMsg HTTP/1.1" 200 27
116.232.50.208 - - [03/Oct/2021:11:16:03 +0800] "POST /xingrg/kc/buy/cgsh_order_operate.html HTTP/1.1" 200 2065
180.152.237.0 - - [03/Oct/2021:11:16:04 +0800] "GET /xingrg/kc/base/wldb_order_operate.html?command=get_materiel&rest_code=00102&base_code=0010476&code=00101019056 HTTP/1.1" 200 475
180.157.253.110 - - [03/Oct/2021:11:16:05 +0800] "POST /xingrg/kc/buy/cgsh_order_operate.html HTTP/1.1" 200 2065
116.237.74.154 - - [03/Oct/2021:11:16:05 +0800] "GET /xingrg/all/function/internal_message.html?_=1633230965783&CODE_STATE=getMsg HTTP/1.1" 200 27
116.237.74.154 - - [03/Oct/2021:11:16:05 +0800] "GET /xingrg/check_reg.html?_=1633230965784 HTTP/1.1" 200 22
116.232.50.208 - - [03/Oct/2021:11:16:06 +0800] "GET /xingrg/kc/buy/cgsh_order_operate.html?command=get_materiel&rest_code=00109&code=00101008439&supplier_code=00100005&order_time=2021-10-03 HTTP/1.1" 200 399
180.152.237.0 - - [03/Oct/2021:11:16:09 +0800] "GET /xingrg/kc/base/wldb_order_operate.html?command=get_materiel&rest_code=00102&base_code=0010476&code=00101019438 HTTP/1.1" 200 447
116.230.105.26 - - [03/Oct/2021:11:16:09 +0800] "GET /xingrg/all/function/internal_message.html?_=1633230960481&CODE_STATE=getMsg HTTP/1.1" 200 27
116.232.50.208 - - [03/Oct/2021:11:16:12 +0800] "GET /xingrg/kc/buy/cgsh_order_operate.html?command=get_materiel&rest_code=00109&code=00101008362&supplier_code=00100005&order_time=2021-10-03 HTTP/1.1" 200 409
180.162.112.229 - - [03/Oct/2021:11:16:13 +0800] "GET /xingrg/all/function/internal_message.html?_=1633230508043&CODE_STATE=getMsg HTTP/1.1" 200 27
116.237.74.154 - - [03/Oct/2021:11:16:16 +0800] "GET /xingrg/all/function/internal_message.html?_=1633230977030&CODE_STATE=getMsg HTTP/1.1" 200 27
180.157.253.110 - - [03/Oct/2021:11:16:16 +0800] "GET /xingrg/kc/buy/cgsh_order_operate.html?command=get_materiel&rest_code=00148&code=00101008205&supplier_code=00100007&order_time=2021-10-03 HTTP/1.1" 200 412
180.152.237.0 - - [03/Oct/2021:11:16:17 +0800] "GET /xingrg/kc/base/wldb_order_operate.html?command=get_materiel&rest_code=00102&base_code=0010476&code=00101016076 HTTP/1.1" 200 477
61.151.178.180 - - [03/Oct/2021:11:16:20 +0800] "GET /xingrg/all/function/internal_message.html?_=1633230915279&CODE_STATE=getMsg HTTP/1.1" 302 -
116.237.74.154 - - [03/Oct/2021:11:16:20 +0800] "GET /xingrg/all/function/internal_message.html?_=1633230975247&CODE_STATE=getMsg HTTP/1.1" 200 27
61.151.178.180 - - [03/Oct/2021:11:16:20 +0800] "GET /xingrg/login.html HTTP/1.1" 200 7641
116.237.74.154 - - [03/Oct/2021:11:16:21 +0800] "GET /xingrg/check_reg.html?_=1633230975930 HTTP/1.1" 200 22
180.169.147.146 - - [03/Oct/2021:11:16:22 +0800] "GET /xingrg/all/function/internal_message.html?_=1633231029390&CODE_STATE=getMsg HTTP/1.1" 200 27
222.70.246.151 - - [03/Oct/2021:11:16:23 +0800] "GET /xingrg/all/function/internal_message.html?_=1633230984809&CODE_STATE=getMsg HTTP/1.1" 200 27
180.157.253.110 - - [03/Oct/2021:11:16:26 +0800] "GET /xingrg/kc/buy/cgsh_order_operate.html?command=get_materiel&rest_code=00148&code=00101008362&supplier_code=00100007&order_time=2021-10-03 HTTP/1.1" 200 409
222.70.178.96 - - [03/Oct/2021:11:16:27 +0800] "GET /xingrg/all/function/internal_message.html?_=1633230985936&CODE_STATE=getMsg HTTP/1.1" 200 27
222.70.178.96 - - [03/Oct/2021:11:16:28 +0800] "GET /xingrg/check_reg.html?_=1633230987140 HTTP/1.1" 200 22
180.152.237.0 - - [03/Oct/2021:11:16:29 +0800] "GET /xingrg/kc/base/wldb_order_operate.html?command=get_materiel&rest_code=00102&base_code=0010476&code=00101019306 HTTP/1.1" 200 463
180.169.147.146 - - [03/Oct/2021:11:16:31 +0800] "GET /xingrg/all/function/internal_message.html?_=1633230993068&CODE_STATE=getMsg HTTP/1.1" 200 27
58.37.227.186 - - [03/Oct/2021:11:16:32 +0800] "GET /xingrg/all/function/internal_message.html?_=1633230849924&CODE_STATE=getMsg HTTP/1.1" 200 27
58.37.227.186 - - [03/Oct/2021:11:16:32 +0800] "GET /xingrg/check_reg.html?_=1633230849925 HTTP/1.1" 200 22
180.157.253.110 - - [03/Oct/2021:11:16:32 +0800] "GET /xingrg/all/function/internal_message.html?_=1633230993098&CODE_STATE=getMsg HTTP/1.1" 200 27
116.238.248.233 - - [03/Oct/2021:11:16:33 +0800] "GET /xingrg/all/function/internal_message.html?_=1633230992025&CODE_STATE=getMsg HTTP/1.1" 200 27
180.152.237.0 - - [03/Oct/2021:11:16:35 +0800] "GET /xingrg/kc/base/wldb_order_operate.html?command=get_materiel&rest_code=00102&base_code=0010476&code=00101019536 HTTP/1.1" 200 471
116.232.50.208 - - [03/Oct/2021:11:16:38 +0800] "POST /xingrg/kc/buy/cgsh_order_operate.html HTTP/1.1" 200 37
180.152.237.0 - - [03/Oct/2021:11:16:44 +0800] "GET /xingrg/kc/base/wldb_order_operate.html?command=get_materiel&rest_code=00102&base_code=0010476&code=00101019283 HTTP/1.1" 200 451
180.169.147.146 - - [03/Oct/2021:11:16:46 +0800] "GET /xingrg/all/function/internal_message.html?_=1633231005622&CODE_STATE=getMsg HTTP/1.1" 200 27
180.157.253.110 - - [03/Oct/2021:11:16:47 +0800] "GET /xingrg/all/function/internal_message.html?_=1633231006780&CODE_STATE=getMsg HTTP/1.1" 200 27
180.152.237.0 - - [03/Oct/2021:11:16:48 +0800] "GET /xingrg/all/function/internal_message.html?_=1633231007577&CODE_STATE=getMsg HTTP/1.1" 200 27
180.157.253.110 - - [03/Oct/2021:11:16:48 +0800] "GET /xingrg/kc/buy/cgsh_order_operate.html?command=get_materiel&rest_code=00148&code=00101008357&supplier_code=00100007&order_time=2021-10-03 HTTP/1.1" 200 408
116.232.50.208 - - [03/Oct/2021:11:16:50 +0800] "GET /xingrg/all/function/internal_message.html?_=1633231011898&CODE_STATE=getMsg HTTP/1.1" 200 27
124.79.246.142 - - [03/Oct/2021:11:16:50 +0800] "GET /xingrg/all/function/internal_message.html?_=1633231113785&CODE_STATE=getMsg HTTP/1.1" 200 27
180.152.237.0 - - [03/Oct/2021:11:16:50 +0800] "GET /xingrg/kc/base/wldb_order_operate.html?command=get_materiel&rest_code=00102&base_code=0010476&code=00101027001 HTTP/1.1" 200 471
116.232.50.208 - - [03/Oct/2021:11:16:50 +0800] "POST /xingrg/kc/buy/cgsh_order_operate.html HTTP/1.1" 200 9774
124.79.246.142 - - [03/Oct/2021:11:16:51 +0800] "POST /xingrg/services/DataTransmitService HTTP/1.1" 200 524
124.79.246.142 - - [03/Oct/2021:11:16:52 +0800] "POST /xingrg/services/DataTransmitService HTTP/1.1" 200 2235
124.79.246.142 - - [03/Oct/2021:11:16:53 +0800] "POST /xingrg/services/DataTransmitService HTTP/1.1" 200 130412
114.83.220.18 - - [03/Oct/2021:11:16:56 +0800] "GET /xingrg/kc/buy/cgsh_order_list.html HTTP/1.1" 200 48884
58.39.139.200 - - [03/Oct/2021:11:16:56 +0800] "GET /xingrg/all/function/internal_message.html?_=1633231016057&CODE_STATE=getMsg HTTP/1.1" 200 27
172.20.0.100 - - [03/Oct/2021:11:16:57 +0800] "GET /xingrg/all/function/internal_message.html?_=1633231017532&CODE_STATE=getMsg HTTP/1.1" 200 27
114.83.220.18 - - [03/Oct/2021:11:16:57 +0800] "POST /xingrg/kc/buy/cgsh_list_operate.html HTTP/1.1" 200 876
180.169.147.146 - - [03/Oct/2021:11:17:01 +0800] "GET /xingrg/all/function/internal_message.html?_=1633231022181&CODE_STATE=getMsg HTTP/1.1" 200 27
180.169.147.146 - - [03/Oct/2021:11:17:01 +0800] "GET /xingrg/check_reg.html?_=1633231022186 HTTP/1.1" 200 22
58.39.139.200 - - [03/Oct/2021:11:17:01 +0800] "GET /xingrg/kc/mdqp/pssh_order_list.html HTTP/1.1" 200 17907
58.39.139.200 - - [03/Oct/2021:11:17:01 +0800] "POST /xingrg/kc/mdqp/pssh_list_operate.html HTTP/1.1" 200 5398
116.228.172.94 - - [03/Oct/2021:11:17:02 +0800] "GET /xingrg/check_reg.html?_=1633231021955 HTTP/1.1" 200 22
116.228.172.94 - - [03/Oct/2021:11:17:02 +0800] "GET /xingrg/all/function/internal_message.html?_=1633231021960&CODE_STATE=getMsg HTTP/1.1" 200 27
114.83.220.18 - - [03/Oct/2021:11:17:02 +0800] "GET /xingrg/all/function/internal_message.html?_=1633231021801&CODE_STATE=getMsg HTTP/1.1" 200 27
222.70.246.151 - - [03/Oct/2021:11:17:02 +0800] "GET /xingrg/check_reg.html?_=1633231044290 HTTP/1.1" 302 -
114.83.220.18 - - [03/Oct/2021:11:17:04 +0800] "GET /xingrg/check_reg.html?_=1633231024212 HTTP/1.1" 200 22
116.237.74.154 - - [03/Oct/2021:11:17:05 +0800] "GET /xingrg/all/function/internal_message.html?_=1633231025783&CODE_STATE=getMsg HTTP/1.1" 200 27
58.39.139.200 - - [03/Oct/2021:11:17:06 +0800] "POST /xingrg/kc/mdqp/pssh_list_operate.html HTTP/1.1" 200 768
58.39.139.200 - - [03/Oct/2021:11:17:06 +0800] "GET /xingrg/kc/mdqp/pssh_order_info.html?code=312021100100009 HTTP/1.1" 200 14386
58.39.139.200 - - [03/Oct/2021:11:17:06 +0800] "GET /xingrg/javascript/jquery_tools/jquery-1.4.2.min.js HTTP/1.1" 404 1094
58.39.139.200 - - [03/Oct/2021:11:17:06 +0800] "GET /xingrg/javascript/easyui/themes/default/validatebox.css HTTP/1.1" 404 1104
58.39.139.200 - - [03/Oct/2021:11:17:06 +0800] "POST /xingrg/kc/mdqp/pssh_order_operate.html HTTP/1.1" 200 22429
180.157.253.110 - - [03/Oct/2021:11:17:09 +0800] "GET /xingrg/kc/buy/cgsh_order_operate.html?command=get_materiel&rest_code=00148&code=00101008286&supplier_code=00100007&order_time=2021-10-03 HTTP/1.1" 200 408
116.230.105.26 - - [03/Oct/2021:11:17:09 +0800] "GET /xingrg/all/function/internal_message.html?_=1633231020484&CODE_STATE=getMsg HTTP/1.1" 200 27
180.162.112.229 - - [03/Oct/2021:11:17:13 +0800] "GET /xingrg/all/function/internal_message.html?_=1633230568043&CODE_STATE=getMsg HTTP/1.1" 200 27
58.39.139.200 - - [03/Oct/2021:11:17:13 +0800] "GET /xingrg/kc/buy/cgsh_order_list.html HTTP/1.1" 200 48878
58.39.139.200 - - [03/Oct/2021:11:17:15 +0800] "GET /xingrg/kc/base/wldb_order_list.html HTTP/1.1" 200 19224
58.39.139.200 - - [03/Oct/2021:11:17:15 +0800] "POST /xingrg/kc/base/wldb_list_operate.html HTTP/1.1" 200 2539
58.39.139.200 - - [03/Oct/2021:11:17:15 +0800] "POST /xingrg/kc/buy/cgsh_list_operate.html HTTP/1.1" 200 3850
116.237.74.154 - - [03/Oct/2021:11:17:16 +0800] "GET /xingrg/all/function/internal_message.html?_=1633231037000&CODE_STATE=getMsg HTTP/1.1" 200 27
58.39.139.200 - - [03/Oct/2021:11:17:17 +0800] "GET /xingrg/kc/base/wldb_order_add.html HTTP/1.1" 200 30438
58.39.139.200 - - [03/Oct/2021:11:17:17 +0800] "POST /xingrg/kc/base/wldb_order_operate.html HTTP/1.1" 200 6806
