120.253.135.82 - - [03/Oct/2021:08:26:11 +0800] "GET /xingrg/all/function/internal_message.html?_=1633220542882&CODE_STATE=getMsg HTTP/1.1" 200 27
222.70.246.151 - - [03/Oct/2021:08:26:13 +0800] "GET /xingrg/all/function/internal_message.html?_=1633220774809&CODE_STATE=getMsg HTTP/1.1" 200 27
116.230.105.26 - - [03/Oct/2021:08:26:30 +0800] "GET /xingrg/all/function/internal_message.html?_=1633220781295&CODE_STATE=getMsg HTTP/1.1" 200 27
116.238.248.233 - - [03/Oct/2021:08:26:49 +0800] "GET /xingrg/all/function/internal_message.html?_=1633220807947&CODE_STATE=getMsg HTTP/1.1" 200 27
114.83.220.18 - - [03/Oct/2021:08:27:02 +0800] "GET /xingrg/login.html?sysBaseUrl=http%3A%2F%2F180.169.147.146%3A18081%2Fxingrg%2F&costTime=31×tamp=1615347190560 HTTP/1.1" 200 7641
114.83.220.18 - - [03/Oct/2021:08:27:02 +0800] "GET /xingrg/images/blue/jxLogo.png HTTP/1.1" 304 -
114.83.220.18 - - [03/Oct/2021:08:27:02 +0800] "GET /xingrg/images/blue/login_bg.png HTTP/1.1" 304 -
114.83.220.18 - - [03/Oct/2021:08:27:02 +0800] "GET /xingrg/images/blue/hj.png HTTP/1.1" 304 -
114.83.220.18 - - [03/Oct/2021:08:27:02 +0800] "GET /xingrg/images/blue/srbg.png HTTP/1.1" 304 -
114.83.220.18 - - [03/Oct/2021:08:27:02 +0800] "GET /favicon.ico HTTP/1.1" 404 -
222.70.246.151 - - [03/Oct/2021:08:27:02 +0800] "GET /xingrg/check_reg.html?_=1633220844051 HTTP/1.1" 302 -
114.83.220.18 - - [03/Oct/2021:08:27:03 +0800] "POST /xingrg/login.do HTTP/1.1" 302 -
114.83.220.18 - - [03/Oct/2021:08:27:03 +0800] "GET /xingrg/javascript/jquery_easy_ui/themes/icon.css HTTP/1.1" 200 3949
114.83.220.18 - - [03/Oct/2021:08:27:03 +0800] "GET /xingrg/index.html?sysBaseUrl=http%3A%2F%2F180.169.147.146%3A18081%2Fxingrg%2F&costTime=69×tamp=1633220823804 HTTP/1.1" 200 17179
114.83.220.18 - - [03/Oct/2021:08:27:03 +0800] "GET /xingrg/css/form.css HTTP/1.1" 200 893
114.83.220.18 - - [03/Oct/2021:08:27:03 +0800] "GET /xingrg/javascript/jquery-1.4.2.min.js HTTP/1.1" 200 72205
114.83.220.18 - - [03/Oct/2021:08:27:03 +0800] "GET /xingrg/javascript/jquery_easy_ui/jquery.easyui.min.js HTTP/1.1" 200 213662
114.83.220.18 - - [03/Oct/2021:08:27:03 +0800] "GET /xingrg/javascript/jquery_easy_ui/easyui-lang-zh_CN.js HTTP/1.1" 200 1900
114.83.220.18 - - [03/Oct/2021:08:27:03 +0800] "GET /xingrg/javascript/jquery_easy_ui/themes/default/easyui.css HTTP/1.1" 200 26500
114.83.220.18 - - [03/Oct/2021:08:27:03 +0800] "GET /xingrg/javascript/jquery.form.js HTTP/1.1" 200 23110
114.83.220.18 - - [03/Oct/2021:08:27:03 +0800] "GET /xingrg/javascript/jquery.timers.js HTTP/1.1" 200 3532
114.83.220.18 - - [03/Oct/2021:08:27:03 +0800] "GET /xingrg/javascript/jquery.utils.js HTTP/1.1" 200 11805
114.83.220.18 - - [03/Oct/2021:08:27:03 +0800] "GET /favicon.ico HTTP/1.1" 404 -
114.83.220.18 - - [03/Oct/2021:08:27:04 +0800] "GET /xingrg/javascript/jquery_easy_ui/themes/icons/settle_new.png HTTP/1.1" 200 826
114.83.220.18 - - [03/Oct/2021:08:27:04 +0800] "GET /xingrg/images/blue/navBackgound.jpg HTTP/1.1" 200 12378
114.83.220.18 - - [03/Oct/2021:08:27:04 +0800] "GET /xingrg/check_reg.html?_=1633220823569 HTTP/1.1" 200 22
114.83.220.18 - - [03/Oct/2021:08:27:04 +0800] "GET /xingrg/images/blue/pingpu.png HTTP/1.1" 200 231
114.83.220.18 - - [03/Oct/2021:08:27:04 +0800] "GET /xingrg/javascript/jquery_easy_ui/themes/default/images/panel_tool_collapse.gif HTTP/1.1" 200 246
114.83.220.18 - - [03/Oct/2021:08:27:04 +0800] "GET /xingrg/javascript/jquery_easy_ui/themes/default/images/tabs_rightarrow.png HTTP/1.1" 200 395
114.83.220.18 - - [03/Oct/2021:08:27:04 +0800] "GET /xingrg/javascript/jquery_easy_ui/themes/default/images/tabs_leftarrow.png HTTP/1.1" 200 389
114.83.220.18 - - [03/Oct/2021:08:27:04 +0800] "POST /xingrg/all/common/load_tree.html?tree=area_rest_tree_json&manage=1 HTTP/1.1" 200 351
114.83.220.18 - - [03/Oct/2021:08:27:04 +0800] "GET /xingrg/all/function/internal_message.html?_=1633220823567&CODE_STATE=count HTTP/1.1" 200 11
114.83.220.18 - - [03/Oct/2021:08:27:04 +0800] "POST /xingrg/load_menu.html HTTP/1.1" 200 5138
114.83.220.18 - - [03/Oct/2021:08:27:04 +0800] "GET /xingrg/javascript/jquery_easy_ui/themes/icons/storage_new.png HTTP/1.1" 200 853
114.83.220.18 - - [03/Oct/2021:08:27:04 +0800] "GET /xingrg/javascript/jquery_easy_ui/themes/icons/search_new.png HTTP/1.1" 200 586
114.83.220.18 - - [03/Oct/2021:08:27:04 +0800] "GET /xingrg/javascript/jquery_easy_ui/themes/default/images/tree_folder.gif HTTP/1.1" 200 952
114.83.220.18 - - [03/Oct/2021:08:27:04 +0800] "GET /xingrg/javascript/jquery_easy_ui/themes/default/images/tree_folder_open.gif HTTP/1.1" 200 956
114.83.220.18 - - [03/Oct/2021:08:27:04 +0800] "GET /xingrg/javascript/jquery_easy_ui/themes/default/images/tree_arrows.gif HTTP/1.1" 200 1043
114.83.220.18 - - [03/Oct/2021:08:27:04 +0800] "GET /xingrg/javascript/jquery_easy_ui/themes/icons/forms_new.png HTTP/1.1" 200 350
114.83.220.18 - - [03/Oct/2021:08:27:04 +0800] "GET /xingrg/javascript/jquery_easy_ui/themes/default/images/tree_file.gif HTTP/1.1" 200 118
120.253.135.82 - - [03/Oct/2021:08:27:11 +0800] "GET /xingrg/all/function/internal_message.html?_=1633220602887&CODE_STATE=getMsg HTTP/1.1" 200 27
222.70.246.151 - - [03/Oct/2021:08:27:13 +0800] "GET /xingrg/all/function/internal_message.html?_=1633220834973&CODE_STATE=getMsg HTTP/1.1" 200 27
116.230.105.26 - - [03/Oct/2021:08:27:30 +0800] "GET /xingrg/all/function/internal_message.html?_=1633220841297&CODE_STATE=getMsg HTTP/1.1" 200 27
116.232.50.208 - - [03/Oct/2021:08:27:44 +0800] "GET /favicon.ico HTTP/1.1" 404 -
120.253.135.82 - - [03/Oct/2021:08:27:48 +0800] "GET /xingrg/check_reg.html?_=1633220639775 HTTP/1.1" 200 22
116.238.248.233 - - [03/Oct/2021:08:27:49 +0800] "GET /xingrg/all/function/internal_message.html?_=1633220867955&CODE_STATE=getMsg HTTP/1.1" 200 27
114.83.220.18 - - [03/Oct/2021:08:28:04 +0800] "GET /xingrg/all/function/internal_message.html?_=1633220883589&CODE_STATE=getMsg HTTP/1.1" 200 27
222.70.246.151 - - [03/Oct/2021:08:28:10 +0800] "GET /xingrg/check_reg.html?_=1633220891967 HTTP/1.1" 200 22
120.253.135.82 - - [03/Oct/2021:08:28:11 +0800] "GET /xingrg/all/function/internal_message.html?_=1633220662901&CODE_STATE=getMsg HTTP/1.1" 200 27
222.70.246.151 - - [03/Oct/2021:08:28:14 +0800] "GET /xingrg/all/function/internal_message.html?_=1633220895109&CODE_STATE=getMsg HTTP/1.1" 200 27
116.230.105.26 - - [03/Oct/2021:08:28:30 +0800] "GET /xingrg/all/function/internal_message.html?_=1633220901301&CODE_STATE=getMsg HTTP/1.1" 200 27
114.83.220.18 - - [03/Oct/2021:08:28:45 +0800] "GET /xingrg/javascript/jquery_easy_ui/themes/default/images/tabs_close.gif HTTP/1.1" 200 829
114.83.220.18 - - [03/Oct/2021:08:28:45 +0800] "GET /xingrg/css/base.css HTTP/1.1" 200 2811
114.83.220.18 - - [03/Oct/2021:08:28:45 +0800] "GET /xingrg/kc/buy/cgsh_order_list.html HTTP/1.1" 200 48884
114.83.220.18 - - [03/Oct/2021:08:28:45 +0800] "GET /xingrg/css/site.css HTTP/1.1" 200 7541
114.83.220.18 - - [03/Oct/2021:08:28:45 +0800] "GET /xingrg/javascript/jquery_tools/fix.css HTTP/1.1" 200 1702
114.83.220.18 - - [03/Oct/2021:08:28:45 +0800] "GET /xingrg/javascript/jquery_tools/datebox.css HTTP/1.1" 200 2597
114.83.220.18 - - [03/Oct/2021:08:28:45 +0800] "GET /xingrg/javascript/easyui/themes/icon.css HTTP/1.1" 200 4483
114.83.220.18 - - [03/Oct/2021:08:28:45 +0800] "GET /xingrg/javascript/auto/jquery.autocomplete.css HTTP/1.1" 200 587
114.83.220.18 - - [03/Oct/2021:08:28:45 +0800] "GET /xingrg/javascript/jquery_tools/jquery.tools.min.js HTTP/1.1" 200 138801
114.83.220.18 - - [03/Oct/2021:08:28:45 +0800] "GET /xingrg/javascript/jquery_tools/table.css HTTP/1.1" 200 1032
114.83.220.18 - - [03/Oct/2021:08:28:45 +0800] "GET /xingrg/javascript/jquery_tools/jquery.tools.table.js HTTP/1.1" 200 6994
114.83.220.18 - - [03/Oct/2021:08:28:45 +0800] "GET /xingrg/javascript/jquery_tools/list_manager.js HTTP/1.1" 200 3652
114.83.220.18 - - [03/Oct/2021:08:28:45 +0800] "GET /xingrg/javascript/jquery_tools/jquery.tools.hotkey.js HTTP/1.1" 200 3242
114.83.220.18 - - [03/Oct/2021:08:28:45 +0800] "GET /xingrg/javascript/easyui/easyloader.js HTTP/1.1" 200 5975
114.83.220.18 - - [03/Oct/2021:08:28:45 +0800] "GET /xingrg/javascript/jquery.cookie.js HTTP/1.1" 200 5513
114.83.220.18 - - [03/Oct/2021:08:28:45 +0800] "GET /xingrg/javascript/print/LodopFuncs.js HTTP/1.1" 200 5121
114.83.220.18 - - [03/Oct/2021:08:28:45 +0800] "GET /xingrg/javascript/auto/jquery.autocomplete.js HTTP/1.1" 200 21624
114.83.220.18 - - [03/Oct/2021:08:28:45 +0800] "GET /xingrg/javascript/jquery_tools/jquery.tools.extend.js HTTP/1.1" 200 15385
114.83.220.18 - - [03/Oct/2021:08:28:45 +0800] "GET /xingrg/javascript/easyui/themes/default/easyui.css HTTP/1.1" 200 30432
114.83.220.18 - - [03/Oct/2021:08:28:45 +0800] "GET /xingrg/javascript/easyui/themes/icons/edit_add_new.png HTTP/1.1" 200 2997
114.83.220.18 - - [03/Oct/2021:08:28:45 +0800] "GET /xingrg/javascript/easyui/themes/icons/check_new.png HTTP/1.1" 200 3224
114.83.220.18 - - [03/Oct/2021:08:28:45 +0800] "GET /xingrg/javascript/easyui/themes/icons/import_new.png HTTP/1.1" 200 1247
114.83.220.18 - - [03/Oct/2021:08:28:45 +0800] "GET /xingrg/javascript/easyui/themes/icons/cance_new.png HTTP/1.1" 200 3986
114.83.220.18 - - [03/Oct/2021:08:28:45 +0800] "GET /xingrg/javascript/easyui/themes/icons/field_new.png HTTP/1.1" 200 1097
114.83.220.18 - - [03/Oct/2021:08:28:45 +0800] "GET /xingrg/javascript/easyui/plugins/jquery.parser.js HTTP/1.1" 200 1142
114.83.220.18 - - [03/Oct/2021:08:28:45 +0800] "GET /xingrg/images/control/ajaxLoader.gif HTTP/1.1" 200 4659
114.83.220.18 - - [03/Oct/2021:08:28:47 +0800] "POST /xingrg/kc/buy/cgsh_list_operate.html HTTP/1.1" 200 876
114.83.220.18 - - [03/Oct/2021:08:28:48 +0800] "GET /xingrg/javascript/easyui/themes/default/images/button_plain_hover.png HTTP/1.1" 200 144
114.83.220.18 - - [03/Oct/2021:08:28:48 +0800] "GET /xingrg/javascript/pic_change.js HTTP/1.1" 200 4739
114.83.220.18 - - [03/Oct/2021:08:28:48 +0800] "GET /xingrg/kc/buy/cgsh_order_add.html HTTP/1.1" 200 64669
114.83.220.18 - - [03/Oct/2021:08:28:48 +0800] "GET /xingrg/javascript/convert.js HTTP/1.1" 200 1239
114.83.220.18 - - [03/Oct/2021:08:28:48 +0800] "GET /xingrg/javascript/jquery_tools/order_manager.js HTTP/1.1" 200 11183
114.83.220.18 - - [03/Oct/2021:08:28:48 +0800] "GET /xingrg/javascript/json2.js HTTP/1.1" 200 11259
114.83.220.18 - - [03/Oct/2021:08:28:48 +0800] "GET /xingrg/javascript/print/kc_print.js HTTP/1.1" 200 11415
116.238.248.233 - - [03/Oct/2021:08:28:49 +0800] "GET /xingrg/all/function/internal_message.html?_=1633220927955&CODE_STATE=getMsg HTTP/1.1" 200 27
114.83.220.18 - - [03/Oct/2021:08:28:49 +0800] "GET /xingrg/words/20211002120121_words.js HTTP/1.1" 200 854157
114.83.220.18 - - [03/Oct/2021:08:28:49 +0800] "GET /xingrg/javascript/easyui/themes/icons/copy_new.png HTTP/1.1" 200 815
114.83.220.18 - - [03/Oct/2021:08:28:49 +0800] "GET /xingrg/javascript/easyui/themes/icons/ok.png HTTP/1.1" 200 883
114.83.220.18 - - [03/Oct/2021:08:28:49 +0800] "GET /xingrg/javascript/easyui/themes/icons/template_new.png HTTP/1.1" 200 3956
114.83.220.18 - - [03/Oct/2021:08:28:49 +0800] "GET /xingrg/javascript/easyui/themes/icons/cancel.png HTTP/1.1" 200 1133
114.83.220.18 - - [03/Oct/2021:08:28:49 +0800] "GET /xingrg/javascript/easyui/themes/icons/print.png HTTP/1.1" 200 1057
114.83.220.18 - - [03/Oct/2021:08:28:49 +0800] "GET /xingrg/javascript/easyui/themes/default/images/menu_downarrow.png HTTP/1.1" 200 173
114.83.220.18 - - [03/Oct/2021:08:28:49 +0800] "POST /xingrg/kc/buy/cgsh_order_operate.html HTTP/1.1" 200 8245
114.83.220.18 - - [03/Oct/2021:08:28:49 +0800] "GET /xingrg/all/common/auto_word.html?type=employee&rest_code=00149 HTTP/1.1" 200 197
114.83.220.18 - - [03/Oct/2021:08:28:49 +0800] "GET /xingrg/all/common/auto_word.html?type=employee&rest_code=00149 HTTP/1.1" 200 197
114.83.220.18 - - [03/Oct/2021:08:28:49 +0800] "GET /xingrg/javascript/easyui/themes/default/validatebox.css HTTP/1.1" 404 1104
114.83.220.18 - - [03/Oct/2021:08:28:49 +0800] "GET /xingrg/javascript/easyui/plugins/jquery.validatebox.js HTTP/1.1" 200 6103
114.83.220.18 - - [03/Oct/2021:08:28:49 +0800] "GET /xingrg/javascript/easyui/themes/icons/edit_remove.png HTTP/1.1" 200 625
114.83.220.18 - - [03/Oct/2021:08:28:49 +0800] "GET /xingrg/javascript/easyui/plugins/jquery.numberbox.js HTTP/1.1" 200 5213
114.83.220.18 - - [03/Oct/2021:08:28:54 +0800] "GET /xingrg/javascript/auto/indicator.gif HTTP/1.1" 404 1066
114.83.220.18 - - [03/Oct/2021:08:28:56 +0800] "GET /xingrg/javascript/jquery_tools/images/next.gif HTTP/1.1" 404 1086
114.83.220.18 - - [03/Oct/2021:08:28:56 +0800] "GET /xingrg/javascript/jquery_tools/images/prev.gif HTTP/1.1" 404 1086
114.83.220.18 - - [03/Oct/2021:08:29:04 +0800] "GET /xingrg/all/function/internal_message.html?_=1633220943579&CODE_STATE=getMsg HTTP/1.1" 200 27
114.83.220.18 - - [03/Oct/2021:08:29:08 +0800] "GET /xingrg/kc/buy/cgsh_order_operate.html?command=get_materiel&rest_code=00149&code=00101008323&supplier_code=00100005&order_time=2021-10-03 HTTP/1.1" 200 408
120.253.135.82 - - [03/Oct/2021:08:29:11 +0800] "GET /xingrg/all/function/internal_message.html?_=1633220722915&CODE_STATE=getMsg HTTP/1.1" 200 27
222.70.246.151 - - [03/Oct/2021:08:29:14 +0800] "GET /xingrg/all/function/internal_message.html?_=1633220955114&CODE_STATE=getMsg HTTP/1.1" 200 27
114.83.220.18 - - [03/Oct/2021:08:29:17 +0800] "GET /xingrg/kc/buy/cgsh_order_operate.html?command=get_materiel&rest_code=00149&code=00101008176&supplier_code=00100005&order_time=2021-10-03 HTTP/1.1" 200 412
114.83.220.18 - - [03/Oct/2021:08:29:27 +0800] "GET /xingrg/kc/buy/cgsh_order_operate.html?command=get_materiel&rest_code=00149&code=00101008091&supplier_code=00100005&order_time=2021-10-03 HTTP/1.1" 200 413
116.230.105.26 - - [03/Oct/2021:08:29:30 +0800] "GET /xingrg/all/function/internal_message.html?_=1633220961288&CODE_STATE=getMsg HTTP/1.1" 200 27
114.83.220.18 - - [03/Oct/2021:08:29:39 +0800] "GET /xingrg/kc/buy/cgsh_order_operate.html?command=get_materiel&rest_code=00149&code=00101008210&supplier_code=00100005&order_time=2021-10-03 HTTP/1.1" 200 408
116.238.248.233 - - [03/Oct/2021:08:29:49 +0800] "GET /xingrg/check_reg.html?_=1633220987956 HTTP/1.1" 200 22
116.238.248.233 - - [03/Oct/2021:08:29:49 +0800] "GET /xingrg/all/function/internal_message.html?_=1633220987959&CODE_STATE=getMsg HTTP/1.1" 200 27
114.83.220.18 - - [03/Oct/2021:08:29:49 +0800] "GET /xingrg/kc/buy/cgsh_order_operate.html?command=get_materiel&rest_code=00149&code=00101008132&supplier_code=00100005&order_time=2021-10-03 HTTP/1.1" 200 408
114.83.220.18 - - [03/Oct/2021:08:29:59 +0800] "GET /xingrg/kc/buy/cgsh_order_operate.html?command=get_materiel&rest_code=00149&code=00101008055&supplier_code=00100005&order_time=2021-10-03 HTTP/1.1" 200 409
114.83.220.18 - - [03/Oct/2021:08:30:04 +0800] "GET /xingrg/all/function/internal_message.html?_=1633221003591&CODE_STATE=getMsg HTTP/1.1" 200 27
114.83.220.18 - - [03/Oct/2021:08:30:11 +0800] "GET /xingrg/kc/buy/cgsh_order_operate.html?command=get_materiel&rest_code=00149&code=00101008234&supplier_code=00100005&order_time=2021-10-03 HTTP/1.1" 200 408
120.253.135.82 - - [03/Oct/2021:08:30:12 +0800] "GET /xingrg/all/function/internal_message.html?_=1633220783198&CODE_STATE=getMsg HTTP/1.1" 200 27
222.70.246.151 - - [03/Oct/2021:08:30:14 +0800] "GET /xingrg/all/function/internal_message.html?_=1633221015127&CODE_STATE=getMsg HTTP/1.1" 200 27
114.83.220.18 - - [03/Oct/2021:08:30:21 +0800] "GET /xingrg/kc/buy/cgsh_order_operate.html?command=get_materiel&rest_code=00149&code=00101008349&supplier_code=00100005&order_time=2021-10-03 HTTP/1.1" 200 412
116.230.105.26 - - [03/Oct/2021:08:30:30 +0800] "GET /xingrg/all/function/internal_message.html?_=1633221021298&CODE_STATE=getMsg HTTP/1.1" 200 27
116.230.105.26 - - [03/Oct/2021:08:30:30 +0800] "GET /xingrg/check_reg.html?_=1633221021299 HTTP/1.1" 200 22
114.83.220.18 - - [03/Oct/2021:08:30:39 +0800] "GET /xingrg/kc/buy/cgsh_order_operate.html?command=get_materiel&rest_code=00149&code=00101008350&supplier_code=00100005&order_time=2021-10-03 HTTP/1.1" 200 408
116.238.248.233 - - [03/Oct/2021:08:30:49 +0800] "GET /xingrg/all/function/internal_message.html?_=1633221047946&CODE_STATE=getMsg HTTP/1.1" 200 27
180.152.237.0 - - [03/Oct/2021:08:30:54 +0800] "POST /xingrg/services/DataTransmitService HTTP/1.1" 200 524
114.83.220.18 - - [03/Oct/2021:08:31:04 +0800] "GET /xingrg/all/function/internal_message.html?_=1633221063596&CODE_STATE=getMsg HTTP/1.1" 200 27
120.253.135.82 - - [03/Oct/2021:08:31:12 +0800] "GET /xingrg/all/function/internal_message.html?_=1633220843207&CODE_STATE=getMsg HTTP/1.1" 200 27
222.70.246.151 - - [03/Oct/2021:08:31:14 +0800] "GET /xingrg/all/function/internal_message.html?_=1633221075143&CODE_STATE=getMsg HTTP/1.1" 200 27
116.230.105.26 - - [03/Oct/2021:08:31:30 +0800] "GET /xingrg/all/function/internal_message.html?_=1633221081289&CODE_STATE=getMsg HTTP/1.1" 200 27
114.83.220.18 - - [03/Oct/2021:08:31:44 +0800] "GET /xingrg/kc/buy/cgsh_order_operate.html?command=get_materiel&rest_code=00149&code=00101008049&supplier_code=00100005&order_time=2021-10-03 HTTP/1.1" 200 408
116.238.248.233 - - [03/Oct/2021:08:31:49 +0800] "GET /xingrg/all/function/internal_message.html?_=1633221107952&CODE_STATE=getMsg HTTP/1.1" 200 27
114.83.220.18 - - [03/Oct/2021:08:31:55 +0800] "GET /xingrg/kc/buy/cgsh_order_operate.html?command=get_materiel&rest_code=00149&code=00101008351&supplier_code=00100005&order_time=2021-10-03 HTTP/1.1" 200 408
222.70.246.151 - - [03/Oct/2021:08:32:02 +0800] "GET /xingrg/check_reg.html?_=1633221144053 HTTP/1.1" 302 -
114.83.220.18 - - [03/Oct/2021:08:32:04 +0800] "GET /xingrg/check_reg.html?_=1633221123593 HTTP/1.1" 200 22
114.83.220.18 - - [03/Oct/2021:08:32:04 +0800] "GET /xingrg/all/function/internal_message.html?_=1633221123597&CODE_STATE=getMsg HTTP/1.1" 200 27
114.83.220.18 - - [03/Oct/2021:08:32:08 +0800] "GET /xingrg/kc/buy/cgsh_order_operate.html?command=get_materiel&rest_code=00149&code=00101008026&supplier_code=00100005&order_time=2021-10-03 HTTP/1.1" 200 409
120.253.135.82 - - [03/Oct/2021:08:32:12 +0800] "GET /xingrg/all/function/internal_message.html?_=1633220903502&CODE_STATE=getMsg HTTP/1.1" 200 27
222.70.246.151 - - [03/Oct/2021:08:32:14 +0800] "GET /xingrg/all/function/internal_message.html?_=1633221135155&CODE_STATE=getMsg HTTP/1.1" 200 27
114.83.220.18 - - [03/Oct/2021:08:32:17 +0800] "GET /xingrg/kc/buy/cgsh_order_operate.html?command=get_materiel&rest_code=00149&code=00101008096&supplier_code=00100005&order_time=2021-10-03 HTTP/1.1" 200 412
114.83.220.18 - - [03/Oct/2021:08:32:29 +0800] "GET /xingrg/kc/buy/cgsh_order_operate.html?command=get_materiel&rest_code=00149&code=00101008163&supplier_code=00100005&order_time=2021-10-03 HTTP/1.1" 200 409
116.230.105.26 - - [03/Oct/2021:08:32:30 +0800] "GET /xingrg/all/function/internal_message.html?_=1633221141287&CODE_STATE=getMsg HTTP/1.1" 200 27
114.83.220.18 - - [03/Oct/2021:08:32:43 +0800] "GET /xingrg/kc/buy/cgsh_order_operate.html?command=get_materiel&rest_code=00149&code=00101008224&supplier_code=00100005&order_time=2021-10-03 HTTP/1.1" 200 416
120.253.135.82 - - [03/Oct/2021:08:32:48 +0800] "GET /xingrg/check_reg.html?_=1633220939774 HTTP/1.1" 200 22
116.238.248.233 - - [03/Oct/2021:08:32:49 +0800] "GET /xingrg/all/function/internal_message.html?_=1633221167952&CODE_STATE=getMsg HTTP/1.1" 200 27
114.83.220.18 - - [03/Oct/2021:08:33:02 +0800] "GET /xingrg/kc/buy/cgsh_order_operate.html?command=get_materiel&rest_code=00149&code=00101001013&supplier_code=00100005&order_time=2021-10-03 HTTP/1.1" 200 416
114.83.220.18 - - [03/Oct/2021:08:33:04 +0800] "GET /xingrg/all/function/internal_message.html?_=1633221183678&CODE_STATE=getMsg HTTP/1.1" 200 27
114.83.220.18 - - [03/Oct/2021:08:33:08 +0800] "GET /xingrg/kc/buy/cgsh_order_operate.html?command=get_materiel&rest_code=00149&code=00101008370&supplier_code=00100005&order_time=2021-10-03 HTTP/1.1" 200 412
222.70.246.151 - - [03/Oct/2021:08:33:10 +0800] "GET /xingrg/check_reg.html?_=1633221191974 HTTP/1.1" 200 22
120.253.135.82 - - [03/Oct/2021:08:33:12 +0800] "GET /xingrg/all/function/internal_message.html?_=1633220963515&CODE_STATE=getMsg HTTP/1.1" 200 27
222.70.246.151 - - [03/Oct/2021:08:33:14 +0800] "GET /xingrg/all/function/internal_message.html?_=1633221195169&CODE_STATE=getMsg HTTP/1.1" 200 27
114.83.220.18 - - [03/Oct/2021:08:33:26 +0800] "POST /xingrg/kc/buy/cgsh_order_operate.html HTTP/1.1" 200 2065
116.230.105.26 - - [03/Oct/2021:08:33:30 +0800] "GET /xingrg/all/function/internal_message.html?_=1633221201295&CODE_STATE=getMsg HTTP/1.1" 200 27
180.152.237.0 - - [03/Oct/2021:08:33:32 +0800] "GET /favicon.ico HTTP/1.1" 404 -
180.152.237.0 - - [03/Oct/2021:08:33:33 +0800] "GET /favicon.ico HTTP/1.1" 404 -
180.152.237.0 - - [03/Oct/2021:08:33:34 +0800] "GET /favicon.ico HTTP/1.1" 404 -
180.152.237.0 - - [03/Oct/2021:08:33:34 +0800] "GET /favicon.ico HTTP/1.1" 404 -
114.83.220.18 - - [03/Oct/2021:08:33:47 +0800] "GET /xingrg/kc/buy/cgsh_order_operate.html?command=get_materiel&rest_code=00149&code=00101008148&supplier_code=00100005&order_time=2021-10-03 HTTP/1.1" 200 416
116.238.248.233 - - [03/Oct/2021:08:33:49 +0800] "GET /xingrg/all/function/internal_message.html?_=1633221227952&CODE_STATE=getMsg HTTP/1.1" 200 27
114.83.220.18 - - [03/Oct/2021:08:34:04 +0800] "GET /xingrg/all/function/internal_message.html?_=1633221243655&CODE_STATE=getMsg HTTP/1.1" 200 27
120.253.135.82 - - [03/Oct/2021:08:34:12 +0800] "GET /xingrg/all/function/internal_message.html?_=1633221023528&CODE_STATE=getMsg HTTP/1.1" 200 27
222.70.246.151 - - [03/Oct/2021:08:34:14 +0800] "GET /xingrg/all/function/internal_message.html?_=1633221255182&CODE_STATE=getMsg HTTP/1.1" 200 27
114.83.220.18 - - [03/Oct/2021:08:34:15 +0800] "GET /xingrg/kc/buy/cgsh_order_operate.html?command=get_materiel&rest_code=00149&code=00101008264&supplier_code=00100005&order_time=2021-10-03 HTTP/1.1" 200 412
120.253.135.82 - - [03/Oct/2021:08:34:19 +0800] "GET /xingrg/kc/buy/cgsh_order_list.html HTTP/1.1" 200 48878
120.253.135.82 - - [03/Oct/2021:08:34:20 +0800] "POST /xingrg/kc/buy/cgsh_list_operate.html HTTP/1.1" 200 876
120.253.135.82 - - [03/Oct/2021:08:34:28 +0800] "GET /xingrg/kc/pszx/mdqp_order_list.html?state=10 HTTP/1.1" 200 10217
120.253.135.82 - - [03/Oct/2021:08:34:28 +0800] "GET /xingrg/dwr/interface/AjaxReportQueryService.js HTTP/1.1" 200 13203
120.253.135.82 - - [03/Oct/2021:08:34:28 +0800] "GET /xingrg/dwr/interface/AjaxQqpsService.js HTTP/1.1" 200 16326
120.253.135.82 - - [03/Oct/2021:08:34:28 +0800] "GET /xingrg/dwr/engine.js HTTP/1.1" 200 43631
116.230.105.26 - - [03/Oct/2021:08:34:30 +0800] "GET /xingrg/all/function/internal_message.html?_=1633221261293&CODE_STATE=getMsg HTTP/1.1" 200 27
120.253.135.82 - - [03/Oct/2021:08:34:32 +0800] "GET /xingrg/kc/pszx/mdth_order_list.html HTTP/1.1" 200 18513
114.83.220.18 - - [03/Oct/2021:08:34:32 +0800] "GET /xingrg/kc/buy/cgsh_order_operate.html?command=get_materiel&rest_code=00149&code=00101008321&supplier_code=00100005&order_time=2021-10-03 HTTP/1.1" 200 412
120.253.135.82 - - [03/Oct/2021:08:34:32 +0800] "POST /xingrg/kc/pszx/mdth_order_new_list.html HTTP/1.1" 200 4668
120.253.135.82 - - [03/Oct/2021:08:34:36 +0800] "POST /xingrg/kc/pszx/mdth_order_new_list.html HTTP/1.1" 200 201
120.253.135.82 - - [03/Oct/2021:08:34:38 +0800] "POST /xingrg/kc/pszx/mdth_order_new_list.html HTTP/1.1" 200 201
120.253.135.82 - - [03/Oct/2021:08:34:40 +0800] "POST /xingrg/kc/pszx/mdth_order_new_list.html HTTP/1.1" 200 290
120.253.135.82 - - [03/Oct/2021:08:34:42 +0800] "POST /xingrg/kc/pszx/mdth_order_new_list.html HTTP/1.1" 200 449
120.253.135.82 - - [03/Oct/2021:08:34:44 +0800] "POST /xingrg/kc/pszx/mdth_order_new_list.html HTTP/1.1" 200 454
116.238.248.233 - - [03/Oct/2021:08:34:49 +0800] "GET /xingrg/all/function/internal_message.html?_=1633221287957&CODE_STATE=getMsg HTTP/1.1" 200 27
116.238.248.233 - - [03/Oct/2021:08:34:49 +0800] "GET /xingrg/check_reg.html?_=1633221287960 HTTP/1.1" 200 22
116.237.74.154 - - [03/Oct/2021:08:34:58 +0800] "GET /xingrg/login.html?r=1 HTTP/1.1" 200 7641
116.237.74.154 - - [03/Oct/2021:08:34:58 +0800] "GET /favicon.ico HTTP/1.1" 404 -
116.237.74.154 - - [03/Oct/2021:08:35:00 +0800] "POST /xingrg/login.do HTTP/1.1" 302 -
116.237.74.154 - - [03/Oct/2021:08:35:00 +0800] "GET /xingrg/index.html?sysBaseUrl=http%3A%2F%2F180.169.147.146%3A18081%2Fxingrg%2F&costTime=74×tamp=1633221300844 HTTP/1.1" 200 17173
116.237.74.154 - - [03/Oct/2021:08:35:01 +0800] "GET /favicon.ico HTTP/1.1" 404 -
116.237.74.154 - - [03/Oct/2021:08:35:01 +0800] "POST /xingrg/all/common/load_tree.html?tree=area_rest_tree_json&manage=1 HTTP/1.1" 200 342
116.237.74.154 - - [03/Oct/2021:08:35:01 +0800] "GET /xingrg/all/function/internal_message.html?_=1633221301050&CODE_STATE=count HTTP/1.1" 200 11
116.237.74.154 - - [03/Oct/2021:08:35:01 +0800] "GET /xingrg/check_reg.html?_=1633221301051 HTTP/1.1" 200 22
116.237.74.154 - - [03/Oct/2021:08:35:01 +0800] "POST /xingrg/load_menu.html HTTP/1.1" 200 5138
161.35.1.1 - - [03/Oct/2021:08:35:01 +0800] "POST /json_rpc HTTP/1.0" 404 -
116.237.74.154 - - [03/Oct/2021:08:35:03 +0800] "GET /xingrg/kc/base/base_main.html HTTP/1.1" 200 12142
114.83.220.18 - - [03/Oct/2021:08:35:04 +0800] "GET /xingrg/all/function/internal_message.html?_=1633221303639&CODE_STATE=getMsg HTTP/1.1" 200 27
116.237.74.154 - - [03/Oct/2021:08:35:04 +0800] "GET /xingrg/kc/base/wldb_order_list.html HTTP/1.1" 200 19224
116.237.74.154 - - [03/Oct/2021:08:35:05 +0800] "POST /xingrg/kc/base/wldb_list_operate.html HTTP/1.1" 200 928
116.237.74.154 - - [03/Oct/2021:08:35:07 +0800] "GET /xingrg/kc/base/wldb_order_add.html HTTP/1.1" 200 30438
116.237.74.154 - - [03/Oct/2021:08:35:07 +0800] "GET /xingrg/words/20211002120121_words.js HTTP/1.1" 304 -
116.237.74.154 - - [03/Oct/2021:08:35:07 +0800] "POST /xingrg/kc/base/wldb_order_operate.html HTTP/1.1" 200 6806
116.237.74.154 - - [03/Oct/2021:08:35:07 +0800] "GET /xingrg/all/common/auto_word.html?type=base&rest_code=00106 HTTP/1.1" 200 1753
116.237.74.154 - - [03/Oct/2021:08:35:07 +0800] "GET /xingrg/all/common/auto_word.html?type=base&rest_code=00106 HTTP/1.1" 200 1753
116.237.74.154 - - [03/Oct/2021:08:35:07 +0800] "GET /xingrg/javascript/easyui/themes/default/validatebox.css HTTP/1.1" 404 1104
114.83.220.18 - - [03/Oct/2021:08:35:08 +0800] "GET /xingrg/kc/buy/cgsh_order_operate.html?command=get_materiel&rest_code=00149&code=00101008024&supplier_code=00100005&order_time=2021-10-03 HTTP/1.1" 200 408
116.237.74.154 - - [03/Oct/2021:08:35:09 +0800] "POST /xingrg/all/common/load_combo.html?type=base HTTP/1.1" 200 3142
120.253.135.82 - - [03/Oct/2021:08:35:12 +0800] "GET /xingrg/all/function/internal_message.html?_=1633221083788&CODE_STATE=getMsg HTTP/1.1" 200 27
222.70.246.151 - - [03/Oct/2021:08:35:14 +0800] "GET /xingrg/all/function/internal_message.html?_=1633221315310&CODE_STATE=getMsg HTTP/1.1" 200 27
116.237.74.154 - - [03/Oct/2021:08:35:21 +0800] "GET /xingrg/javascript/auto/indicator.gif HTTP/1.1" 404 1066
114.83.220.18 - - [03/Oct/2021:08:35:24 +0800] "POST /xingrg/kc/buy/cgsh_order_operate.html HTTP/1.1" 200 2065
116.237.74.154 - - [03/Oct/2021:08:35:25 +0800] "GET /xingrg/kc/base/wldb_order_operate.html?command=get_materiel&rest_code=00106&base_code=0010396&code=00101016094 HTTP/1.1" 200 469
116.230.105.26 - - [03/Oct/2021:08:35:30 +0800] "GET /xingrg/all/function/internal_message.html?_=1633221321279&CODE_STATE=getMsg HTTP/1.1" 200 27
116.230.105.26 - - [03/Oct/2021:08:35:30 +0800] "GET /xingrg/check_reg.html?_=1633221321280 HTTP/1.1" 200 22
114.83.220.18 - - [03/Oct/2021:08:35:37 +0800] "GET /xingrg/kc/buy/cgsh_order_operate.html?command=get_materiel&rest_code=00149&code=00101008356&supplier_code=00100005&order_time=2021-10-03 HTTP/1.1" 200 408
116.237.74.154 - - [03/Oct/2021:08:35:41 +0800] "GET /xingrg/kc/buy/buy_main.html HTTP/1.1" 200 12412
116.237.74.154 - - [03/Oct/2021:08:35:41 +0800] "GET /xingrg/css/new_ie.css HTTP/1.1" 404 1036
116.238.248.233 - - [03/Oct/2021:08:35:49 +0800] "GET /xingrg/all/function/internal_message.html?_=1633221347963&CODE_STATE=getMsg HTTP/1.1" 200 27
116.237.74.154 - - [03/Oct/2021:08:36:01 +0800] "GET /xingrg/all/function/internal_message.html?_=1633221361060&CODE_STATE=getMsg HTTP/1.1" 200 27
114.83.220.18 - - [03/Oct/2021:08:36:04 +0800] "GET /xingrg/all/function/internal_message.html?_=1633221363629&CODE_STATE=getMsg HTTP/1.1" 200 27
120.253.135.82 - - [03/Oct/2021:08:36:12 +0800] "GET /xingrg/all/function/internal_message.html?_=1633221143790&CODE_STATE=getMsg HTTP/1.1" 200 27
222.70.246.151 - - [03/Oct/2021:08:36:14 +0800] "GET /xingrg/all/function/internal_message.html?_=1633221375319&CODE_STATE=getMsg HTTP/1.1" 200 27
114.83.220.18 - - [03/Oct/2021:08:36:19 +0800] "GET /xingrg/kc/buy/cgsh_order_operate.html?command=get_materiel&rest_code=00149&code=00101008300&supplier_code=00100005&order_time=2021-10-03 HTTP/1.1" 200 412
116.230.105.26 - - [03/Oct/2021:08:36:30 +0800] "GET /xingrg/all/function/internal_message.html?_=1633221381283&CODE_STATE=getMsg HTTP/1.1" 200 27
114.83.220.18 - - [03/Oct/2021:08:36:36 +0800] "GET /xingrg/kc/buy/cgsh_order_operate.html?command=get_materiel&rest_code=00149&code=00101008205&supplier_code=00100005&order_time=2021-10-03 HTTP/1.1" 200 412
116.238.248.233 - - [03/Oct/2021:08:36:49 +0800] "GET /xingrg/all/function/internal_message.html?_=1633221407965&CODE_STATE=getMsg HTTP/1.1" 200 27
114.83.220.18 - - [03/Oct/2021:08:36:51 +0800] "GET /xingrg/kc/buy/cgsh_order_operate.html?command=get_materiel&rest_code=00149&code=00101008272&supplier_code=00100005&order_time=2021-10-03 HTTP/1.1" 200 412
114.83.220.18 - - [03/Oct/2021:08:36:54 +0800] "POST /xingrg/kc/buy/cgsh_order_operate.html HTTP/1.1" 200 2065
116.237.74.154 - - [03/Oct/2021:08:37:01 +0800] "GET /xingrg/all/function/internal_message.html?_=1633221421075&CODE_STATE=getMsg HTTP/1.1" 200 27
114.83.220.18 - - [03/Oct/2021:08:37:02 +0800] "GET /xingrg/kc/buy/cgsh_order_operate.html?command=get_materiel&rest_code=00149&code=00101008360&supplier_code=00100005&order_time=2021-10-03 HTTP/1.1" 200 413
222.70.246.151 - - [03/Oct/2021:08:37:02 +0800] "GET /xingrg/check_reg.html?_=1633221444058 HTTP/1.1" 302 -
114.83.220.18 - - [03/Oct/2021:08:37:04 +0800] "GET /xingrg/check_reg.html?_=1633221423607 HTTP/1.1" 200 22
114.83.220.18 - - [03/Oct/2021:08:37:04 +0800] "GET /xingrg/all/function/internal_message.html?_=1633221423611&CODE_STATE=getMsg HTTP/1.1" 200 27
120.253.135.82 - - [03/Oct/2021:08:37:13 +0800] "GET /xingrg/all/function/internal_message.html?_=1633221204071&CODE_STATE=getMsg HTTP/1.1" 200 27
114.83.220.18 - - [03/Oct/2021:08:37:13 +0800] "POST /xingrg/kc/buy/cgsh_order_operate.html HTTP/1.1" 200 37
222.70.246.151 - - [03/Oct/2021:08:37:14 +0800] "GET /xingrg/all/function/internal_message.html?_=1633221435444&CODE_STATE=getMsg HTTP/1.1" 200 27
114.83.220.18 - - [03/Oct/2021:08:37:18 +0800] "POST /xingrg/kc/buy/cgsh_order_operate.html HTTP/1.1" 200 19825
114.83.220.18 - - [03/Oct/2021:08:37:28 +0800] "GET /xingrg/kc/buy/cgsh_order_operate.html?command=get_materiel&rest_code=00149&code=00101008223&supplier_code=00100005&order_time=2021-10-03 HTTP/1.1" 200 412
116.230.105.26 - - [03/Oct/2021:08:37:30 +0800] "GET /xingrg/all/function/internal_message.html?_=1633221441295&CODE_STATE=getMsg HTTP/1.1" 200 27
114.83.220.18 - - [03/Oct/2021:08:37:41 +0800] "GET /xingrg/kc/buy/cgsh_order_operate.html?command=get_materiel&rest_code=00149&code=00101008330&supplier_code=00100005&order_time=2021-10-03 HTTP/1.1" 200 409
120.253.135.82 - - [03/Oct/2021:08:37:48 +0800] "GET /xingrg/check_reg.html?_=1633221239777 HTTP/1.1" 200 22
116.238.248.233 - - [03/Oct/2021:08:37:49 +0800] "GET /xingrg/all/function/internal_message.html?_=1633221467966&CODE_STATE=getMsg HTTP/1.1" 200 27
114.83.220.18 - - [03/Oct/2021:08:37:52 +0800] "GET /xingrg/kc/buy/cgsh_order_operate.html?command=get_materiel&rest_code=00149&code=00101019224&supplier_code=00100005&order_time=2021-10-03 HTTP/1.1" 200 408
116.237.74.154 - - [03/Oct/2021:08:38:01 +0800] "GET /xingrg/all/function/internal_message.html?_=1633221481061&CODE_STATE=getMsg HTTP/1.1" 200 27
114.83.220.18 - - [03/Oct/2021:08:38:04 +0800] "GET /xingrg/all/function/internal_message.html?_=1633221483644&CODE_STATE=getMsg HTTP/1.1" 200 27
114.83.220.18 - - [03/Oct/2021:08:38:05 +0800] "GET /xingrg/kc/buy/cgsh_order_operate.html?command=get_materiel&rest_code=00149&code=00101008198&supplier_code=00100005&order_time=2021-10-03 HTTP/1.1" 200 413
222.70.246.151 - - [03/Oct/2021:08:38:10 +0800] "GET /xingrg/check_reg.html?_=1633221491983 HTTP/1.1" 200 22
120.253.135.82 - - [03/Oct/2021:08:38:13 +0800] "GET /xingrg/all/function/internal_message.html?_=1633221264082&CODE_STATE=getMsg HTTP/1.1" 200 27
222.70.246.151 - - [03/Oct/2021:08:38:14 +0800] "GET /xingrg/all/function/internal_message.html?_=1633221495455&CODE_STATE=getMsg HTTP/1.1" 200 27
114.83.220.18 - - [03/Oct/2021:08:38:25 +0800] "POST /xingrg/kc/buy/cgsh_order_operate.html HTTP/1.1" 200 2065
116.230.105.26 - - [03/Oct/2021:08:38:30 +0800] "GET /xingrg/all/function/internal_message.html?_=1633221501283&CODE_STATE=getMsg HTTP/1.1" 200 27
114.83.220.18 - - [03/Oct/2021:08:38:38 +0800] "GET /xingrg/kc/buy/cgsh_order_operate.html?command=get_materiel&rest_code=00149&code=00101008125&supplier_code=00100005&order_time=2021-10-03 HTTP/1.1" 200 413
58.39.139.200 - - [03/Oct/2021:08:38:46 +0800] "GET /favicon.ico HTTP/1.1" 404 -
116.238.248.233 - - [03/Oct/2021:08:38:49 +0800] "GET /xingrg/all/function/internal_message.html?_=1633221527967&CODE_STATE=getMsg HTTP/1.1" 200 27
58.39.139.200 - - [03/Oct/2021:08:38:49 +0800] "GET /xingrg/index.html?sysBaseUrl=http%3A%2F%2F180.169.147.146%3A18081%2Fxingrg%2F&costTime=36×tamp=1585223203754 HTTP/1.1" 302 -
58.39.139.200 - - [03/Oct/2021:08:38:49 +0800] "GET /xingrg/login.html HTTP/1.1" 200 7641
58.39.139.200 - - [03/Oct/2021:08:38:49 +0800] "GET /xingrg/images/blue/jxLogo.png HTTP/1.1" 304 -
58.39.139.200 - - [03/Oct/2021:08:38:50 +0800] "GET /xingrg/images/blue/login_bg.png HTTP/1.1" 304 -
58.39.139.200 - - [03/Oct/2021:08:38:50 +0800] "GET /favicon.ico HTTP/1.1" 404 -
58.39.139.200 - - [03/Oct/2021:08:38:50 +0800] "GET /xingrg/images/blue/srbg.png HTTP/1.1" 304 -
58.39.139.200 - - [03/Oct/2021:08:38:50 +0800] "GET /xingrg/images/blue/hj.png HTTP/1.1" 304 -
116.230.105.26 - - [03/Oct/2021:08:38:50 +0800] "GET /xingrg/kc/buy/cgsh_order_list.html HTTP/1.1" 200 48884
116.230.105.26 - - [03/Oct/2021:08:38:51 +0800] "POST /xingrg/kc/buy/cgsh_list_operate.html HTTP/1.1" 200 876
116.230.105.26 - - [03/Oct/2021:08:38:53 +0800] "GET /xingrg/kc/buy/cgsh_order_add.html HTTP/1.1" 200 64584
120.253.135.82 - - [03/Oct/2021:08:38:53 +0800] "GET /xingrg/kc/buy/cgsh_order_list.html HTTP/1.1" 200 48878
116.230.105.26 - - [03/Oct/2021:08:38:53 +0800] "GET /xingrg/words/20211002120121_words.js HTTP/1.1" 304 -
116.230.105.26 - - [03/Oct/2021:08:38:53 +0800] "POST /xingrg/kc/buy/cgsh_order_operate.html HTTP/1.1" 200 8245
116.230.105.26 - - [03/Oct/2021:08:38:53 +0800] "GET /xingrg/javascript/easyui/themes/default/validatebox.css HTTP/1.1" 404 1104
116.230.105.26 - - [03/Oct/2021:08:38:53 +0800] "GET /xingrg/all/common/auto_word.html?type=employee&rest_code=00155 HTTP/1.1" 200 205
116.230.105.26 - - [03/Oct/2021:08:38:53 +0800] "GET /xingrg/all/common/auto_word.html?type=employee&rest_code=00155 HTTP/1.1" 200 205
120.253.135.82 - - [03/Oct/2021:08:38:54 +0800] "POST /xingrg/kc/buy/cgsh_list_operate.html HTTP/1.1" 200 876
58.39.139.200 - - [03/Oct/2021:08:38:56 +0800] "POST /xingrg/login.do HTTP/1.1" 200 2421
58.39.139.200 - - [03/Oct/2021:08:38:56 +0800] "GET /xingrg/css/blue.css HTTP/1.1" 304 -
58.39.139.200 - - [03/Oct/2021:08:38:56 +0800] "GET /xingrg/images/blue/pic_notice.jpg HTTP/1.1" 304 -
58.39.139.200 - - [03/Oct/2021:08:38:56 +0800] "GET /xingrg/images/blue/pic_top.gif HTTP/1.1" 304 -
58.39.139.200 - - [03/Oct/2021:08:38:56 +0800] "GET /xingrg/javascript/myfunction.js HTTP/1.1" 304 -
58.39.139.200 - - [03/Oct/2021:08:38:56 +0800] "GET /xingrg/images/blue/error_buttom.gif HTTP/1.1" 304 -
58.39.139.200 - - [03/Oct/2021:08:38:56 +0800] "GET /xingrg/images/blue/error_mid.gif HTTP/1.1" 304 -
58.39.139.200 - - [03/Oct/2021:08:38:56 +0800] "GET /xingrg/images/blue/error_top.gif HTTP/1.1" 304 -
58.39.139.200 - - [03/Oct/2021:08:38:56 +0800] "GET /favicon.ico HTTP/1.1" 404 -
58.39.139.200 - - [03/Oct/2021:08:38:57 +0800] "GET /xingrg/login.html HTTP/1.1" 200 7641
58.39.139.200 - - [03/Oct/2021:08:38:57 +0800] "GET /favicon.ico HTTP/1.1" 404 -
58.39.139.200 - - [03/Oct/2021:08:38:58 +0800] "POST /xingrg/login.do HTTP/1.1" 302 -
58.39.139.200 - - [03/Oct/2021:08:38:58 +0800] "GET /xingrg/index.html?sysBaseUrl=http%3A%2F%2F180.169.147.146%3A18081%2Fxingrg%2F&costTime=156×tamp=1633221538568 HTTP/1.1" 200 17173
58.39.139.200 - - [03/Oct/2021:08:38:58 +0800] "GET /xingrg/javascript/jquery_easy_ui/themes/icon.css HTTP/1.1" 304 -
58.39.139.200 - - [03/Oct/2021:08:38:58 +0800] "GET /xingrg/css/form.css HTTP/1.1" 304 -
58.39.139.200 - - [03/Oct/2021:08:38:58 +0800] "GET /xingrg/javascript/jquery_easy_ui/jquery.easyui.min.js HTTP/1.1" 304 -
58.39.139.200 - - [03/Oct/2021:08:38:58 +0800] "GET /xingrg/javascript/jquery_easy_ui/themes/default/easyui.css HTTP/1.1" 304 -
58.39.139.200 - - [03/Oct/2021:08:38:58 +0800] "GET /xingrg/javascript/jquery.utils.js HTTP/1.1" 304 -
58.39.139.200 - - [03/Oct/2021:08:38:58 +0800] "GET /xingrg/javascript/jquery_easy_ui/easyui-lang-zh_CN.js HTTP/1.1" 304 -
58.39.139.200 - - [03/Oct/2021:08:38:58 +0800] "GET /xingrg/javascript/jquery.timers.js HTTP/1.1" 304 -
58.39.139.200 - - [03/Oct/2021:08:38:58 +0800] "GET /xingrg/javascript/jquery-1.4.2.min.js HTTP/1.1" 304 -
58.39.139.200 - - [03/Oct/2021:08:38:58 +0800] "GET /xingrg/javascript/jquery.form.js HTTP/1.1" 304 -
58.39.139.200 - - [03/Oct/2021:08:38:58 +0800] "GET /favicon.ico HTTP/1.1" 404 -
58.39.139.200 - - [03/Oct/2021:08:38:58 +0800] "GET /xingrg/images/blue/navBackgound.jpg HTTP/1.1" 304 -
58.39.139.200 - - [03/Oct/2021:08:38:58 +0800] "GET /xingrg/javascript/jquery_easy_ui/themes/icons/settle_new.png HTTP/1.1" 304 -
58.39.139.200 - - [03/Oct/2021:08:38:58 +0800] "GET /xingrg/check_reg.html?_=1633221538322 HTTP/1.1" 200 22
58.39.139.200 - - [03/Oct/2021:08:38:58 +0800] "GET /xingrg/all/function/internal_message.html?_=1633221538321&CODE_STATE=count HTTP/1.1" 200 11
58.39.139.200 - - [03/Oct/2021:08:38:58 +0800] "GET /xingrg/images/blue/pingpu.png HTTP/1.1" 304 -
58.39.139.200 - - [03/Oct/2021:08:38:58 +0800] "GET /xingrg/javascript/jquery_easy_ui/themes/default/images/tabs_leftarrow.png HTTP/1.1" 304 -
58.39.139.200 - - [03/Oct/2021:08:38:58 +0800] "GET /xingrg/javascript/jquery_easy_ui/themes/default/images/tabs_rightarrow.png HTTP/1.1" 304 -
58.39.139.200 - - [03/Oct/2021:08:38:58 +0800] "GET /xingrg/javascript/jquery_easy_ui/themes/default/images/panel_tool_collapse.gif HTTP/1.1" 304 -
58.39.139.200 - - [03/Oct/2021:08:38:58 +0800] "POST /xingrg/all/common/load_tree.html?tree=area_rest_tree_json&manage=1 HTTP/1.1" 200 3472
58.39.139.200 - - [03/Oct/2021:08:38:58 +0800] "POST /xingrg/load_menu.html HTTP/1.1" 200 5138
58.39.139.200 - - [03/Oct/2021:08:38:58 +0800] "GET /xingrg/javascript/jquery_easy_ui/themes/default/images/tree_arrows.gif HTTP/1.1" 304 -
58.39.139.200 - - [03/Oct/2021:08:38:58 +0800] "GET /xingrg/javascript/jquery_easy_ui/themes/default/images/tree_folder_open.gif HTTP/1.1" 304 -
58.39.139.200 - - [03/Oct/2021:08:38:58 +0800] "GET /xingrg/javascript/jquery_easy_ui/themes/icons/search_new.png HTTP/1.1" 304 -
58.39.139.200 - - [03/Oct/2021:08:38:58 +0800] "GET /xingrg/javascript/jquery_easy_ui/themes/default/images/tree_file.gif HTTP/1.1" 304 -
58.39.139.200 - - [03/Oct/2021:08:38:58 +0800] "GET /xingrg/javascript/jquery_easy_ui/themes/icons/storage_new.png HTTP/1.1" 304 -
58.39.139.200 - - [03/Oct/2021:08:38:58 +0800] "GET /xingrg/javascript/jquery_easy_ui/themes/icons/forms_new.png HTTP/1.1" 304 -
58.39.139.200 - - [03/Oct/2021:08:38:58 +0800] "GET /xingrg/javascript/jquery_easy_ui/themes/default/images/tree_folder.gif HTTP/1.1" 304 -
116.237.74.154 - - [03/Oct/2021:08:39:01 +0800] "GET /xingrg/all/function/internal_message.html?_=1633221541061&CODE_STATE=getMsg HTTP/1.1" 200 27
114.83.220.18 - - [03/Oct/2021:08:39:04 +0800] "GET /xingrg/all/function/internal_message.html?_=1633221543639&CODE_STATE=getMsg HTTP/1.1" 200 27
116.230.105.26 - - [03/Oct/2021:08:39:05 +0800] "GET /xingrg/kc/buy/cgsh_order_operate.html?command=get_materiel&rest_code=00155&code=00101007072&supplier_code=00100002&order_time=2021-10-03 HTTP/1.1" 200 413
114.83.220.18 - - [03/Oct/2021:08:39:06 +0800] "GET /xingrg/kc/buy/cgsh_order_operate.html?command=get_materiel&rest_code=00149&code=00101008558&supplier_code=00100005&order_time=2021-10-03 HTTP/1.1" 200 395
120.253.135.82 - - [03/Oct/2021:08:39:13 +0800] "GET /xingrg/all/function/internal_message.html?_=1633221324624&CODE_STATE=getMsg HTTP/1.1" 200 27
222.70.246.151 - - [03/Oct/2021:08:39:14 +0800] "GET /xingrg/all/function/internal_message.html?_=1633221555468&CODE_STATE=getMsg HTTP/1.1" 200 27
58.39.139.200 - - [03/Oct/2021:08:39:16 +0800] "GET /xingrg/javascript/jquery_easy_ui/themes/default/images/tabs_close.gif HTTP/1.1" 304 -
58.39.139.200 - - [03/Oct/2021:08:39:16 +0800] "GET /xingrg/css/base.css HTTP/1.1" 304 -
58.39.139.200 - - [03/Oct/2021:08:39:16 +0800] "GET /xingrg/css/site.css HTTP/1.1" 304 -
58.39.139.200 - - [03/Oct/2021:08:39:16 +0800] "GET /xingrg/javascript/jquery_tools/datebox.css HTTP/1.1" 304 -
58.39.139.200 - - [03/Oct/2021:08:39:16 +0800] "GET /xingrg/javascript/easyui/themes/default/easyui.css HTTP/1.1" 304 -
58.39.139.200 - - [03/Oct/2021:08:39:16 +0800] "GET /xingrg/javascript/easyui/themes/icon.css HTTP/1.1" 304 -
58.39.139.200 - - [03/Oct/2021:08:39:16 +0800] "GET /xingrg/javascript/auto/jquery.autocomplete.css HTTP/1.1" 304 -
58.39.139.200 - - [03/Oct/2021:08:39:16 +0800] "GET /xingrg/javascript/jquery_tools/jquery.tools.min.js HTTP/1.1" 304 -
58.39.139.200 - - [03/Oct/2021:08:39:16 +0800] "GET /xingrg/javascript/jquery_tools/table.css HTTP/1.1" 304 -
58.39.139.200 - - [03/Oct/2021:08:39:16 +0800] "GET /xingrg/javascript/jquery_tools/jquery.tools.hotkey.js HTTP/1.1" 304 -
58.39.139.200 - - [03/Oct/2021:08:39:16 +0800] "GET /xingrg/javascript/jquery_tools/jquery.tools.table.js HTTP/1.1" 304 -
58.39.139.200 - - [03/Oct/2021:08:39:16 +0800] "GET /xingrg/javascript/jquery_tools/list_manager.js HTTP/1.1" 304 -
58.39.139.200 - - [03/Oct/2021:08:39:16 +0800] "GET /xingrg/javascript/jquery_tools/fix.css HTTP/1.1" 304 -
58.39.139.200 - - [03/Oct/2021:08:39:16 +0800] "GET /xingrg/javascript/auto/jquery.autocomplete.js HTTP/1.1" 304 -
58.39.139.200 - - [03/Oct/2021:08:39:16 +0800] "GET /xingrg/javascript/jquery_tools/jquery.tools.extend.js HTTP/1.1" 304 -
58.39.139.200 - - [03/Oct/2021:08:39:16 +0800] "GET /xingrg/javascript/jquery.cookie.js HTTP/1.1" 304 -
58.39.139.200 - - [03/Oct/2021:08:39:16 +0800] "GET /xingrg/javascript/easyui/easyloader.js HTTP/1.1" 304 -
58.39.139.200 - - [03/Oct/2021:08:39:16 +0800] "GET /xingrg/javascript/print/LodopFuncs.js HTTP/1.1" 304 -
58.39.139.200 - - [03/Oct/2021:08:39:16 +0800] "GET /xingrg/kc/buy/cgsh_order_list.html HTTP/1.1" 200 48878
58.39.139.200 - - [03/Oct/2021:08:39:16 +0800] "GET /xingrg/javascript/easyui/plugins/jquery.parser.js HTTP/1.1" 304 -
58.39.139.200 - - [03/Oct/2021:08:39:16 +0800] "GET /xingrg/images/control/ajaxLoader.gif HTTP/1.1" 304 -
58.39.139.200 - - [03/Oct/2021:08:39:17 +0800] "GET /xingrg/javascript/easyui/themes/icons/edit_add_new.png HTTP/1.1" 304 -
58.39.139.200 - - [03/Oct/2021:08:39:17 +0800] "GET /xingrg/javascript/easyui/themes/icons/import_new.png HTTP/1.1" 304 -
58.39.139.200 - - [03/Oct/2021:08:39:17 +0800] "GET /xingrg/javascript/easyui/themes/icons/cance_new.png HTTP/1.1" 304 -
58.39.139.200 - - [03/Oct/2021:08:39:17 +0800] "GET /xingrg/javascript/easyui/themes/icons/check_new.png HTTP/1.1" 304 -
58.39.139.200 - - [03/Oct/2021:08:39:17 +0800] "GET /xingrg/javascript/easyui/themes/icons/field_new.png HTTP/1.1" 304 -
58.39.139.200 - - [03/Oct/2021:08:39:18 +0800] "POST /xingrg/kc/buy/cgsh_list_operate.html HTTP/1.1" 200 876
58.39.139.200 - - [03/Oct/2021:08:39:18 +0800] "GET /xingrg/javascript/easyui/themes/default/images/button_plain_hover.png HTTP/1.1" 304 -
116.230.105.26 - - [03/Oct/2021:08:39:18 +0800] "GET /xingrg/kc/buy/cgsh_order_operate.html?command=get_materiel&rest_code=00155&code=00101007048&supplier_code=00100002&order_time=2021-10-03 HTTP/1.1" 200 408
58.39.139.200 - - [03/Oct/2021:08:39:19 +0800] "GET /xingrg/javascript/pic_change.js HTTP/1.1" 304 -
58.39.139.200 - - [03/Oct/2021:08:39:19 +0800] "GET /xingrg/javascript/jquery_tools/order_manager.js HTTP/1.1" 304 -
58.39.139.200 - - [03/Oct/2021:08:39:19 +0800] "GET /xingrg/javascript/convert.js HTTP/1.1" 304 -
58.39.139.200 - - [03/Oct/2021:08:39:19 +0800] "GET /xingrg/kc/buy/cgsh_order_add.html HTTP/1.1" 200 64663
58.39.139.200 - - [03/Oct/2021:08:39:19 +0800] "GET /xingrg/javascript/print/kc_print.js HTTP/1.1" 304 -
58.39.139.200 - - [03/Oct/2021:08:39:19 +0800] "GET /xingrg/javascript/json2.js HTTP/1.1" 304 -
58.39.139.200 - - [03/Oct/2021:08:39:19 +0800] "GET /xingrg/words/20211002120121_words.js HTTP/1.1" 200 854157
58.39.139.200 - - [03/Oct/2021:08:39:19 +0800] "GET /xingrg/javascript/easyui/themes/icons/ok.png HTTP/1.1" 304 -
58.39.139.200 - - [03/Oct/2021:08:39:19 +0800] "GET /xingrg/javascript/easyui/themes/icons/print.png HTTP/1.1" 304 -
58.39.139.200 - - [03/Oct/2021:08:39:19 +0800] "GET /xingrg/javascript/easyui/themes/default/images/menu_downarrow.png HTTP/1.1" 304 -
58.39.139.200 - - [03/Oct/2021:08:39:19 +0800] "GET /xingrg/javascript/easyui/themes/icons/copy_new.png HTTP/1.1" 304 -
58.39.139.200 - - [03/Oct/2021:08:39:19 +0800] "GET /xingrg/javascript/easyui/themes/icons/template_new.png HTTP/1.1" 304 -
58.39.139.200 - - [03/Oct/2021:08:39:19 +0800] "GET /xingrg/javascript/easyui/themes/icons/cancel.png HTTP/1.1" 304 -
58.39.139.200 - - [03/Oct/2021:08:39:19 +0800] "GET /xingrg/all/common/auto_word.html?type=employee&rest_code=00105 HTTP/1.1" 200 193
58.39.139.200 - - [03/Oct/2021:08:39:19 +0800] "GET /xingrg/all/common/auto_word.html?type=employee&rest_code=00105 HTTP/1.1" 200 193
58.39.139.200 - - [03/Oct/2021:08:39:19 +0800] "GET /xingrg/javascript/easyui/themes/default/validatebox.css HTTP/1.1" 404 1104
58.39.139.200 - - [03/Oct/2021:08:39:19 +0800] "GET /xingrg/javascript/easyui/plugins/jquery.validatebox.js HTTP/1.1" 304 -
58.39.139.200 - - [03/Oct/2021:08:39:20 +0800] "GET /xingrg/javascript/easyui/plugins/jquery.numberbox.js HTTP/1.1" 304 -
58.39.139.200 - - [03/Oct/2021:08:39:20 +0800] "POST /xingrg/kc/buy/cgsh_order_operate.html HTTP/1.1" 200 8245
58.39.139.200 - - [03/Oct/2021:08:39:20 +0800] "GET /xingrg/javascript/easyui/themes/icons/edit_remove.png HTTP/1.1" 304 -
58.39.139.200 - - [03/Oct/2021:08:39:23 +0800] "GET /xingrg/javascript/auto/indicator.gif HTTP/1.1" 404 1066
116.230.105.26 - - [03/Oct/2021:08:39:26 +0800] "GET /xingrg/kc/buy/cgsh_order_operate.html?command=get_materiel&rest_code=00155&code=00101007077&supplier_code=00100002&order_time=2021-10-03 HTTP/1.1" 200 415
114.83.220.18 - - [03/Oct/2021:08:39:28 +0800] "GET /xingrg/kc/buy/cgsh_order_operate.html?command=get_materiel&rest_code=00149&code=00101023033&supplier_code=00100005&order_time=2021-10-03 HTTP/1.1" 200 395
116.230.105.26 - - [03/Oct/2021:08:39:30 +0800] "GET /xingrg/all/function/internal_message.html?_=1633221561280&CODE_STATE=getMsg HTTP/1.1" 200 27
58.39.139.200 - - [03/Oct/2021:08:39:32 +0800] "GET /xingrg/javascript/jquery_easy_ui/themes/default/images/tabs_active.png HTTP/1.1" 304 -
58.39.139.200 - - [03/Oct/2021:08:39:33 +0800] "GET /xingrg/javascript/jquery_easy_ui/themes/icons/rest.png HTTP/1.1" 304 -
58.39.139.200 - - [03/Oct/2021:08:39:33 +0800] "GET /xingrg/javascript/jquery_easy_ui/themes/icons/manage.png HTTP/1.1" 304 -
58.39.139.200 - - [03/Oct/2021:08:39:33 +0800] "GET /xingrg/javascript/jquery_easy_ui/themes/icons/area.png HTTP/1.1" 304 -
116.230.105.26 - - [03/Oct/2021:08:39:33 +0800] "GET /xingrg/kc/buy/cgsh_order_operate.html?command=get_materiel&rest_code=00155&code=00101007031&supplier_code=00100002&order_time=2021-10-03 HTTP/1.1" 200 413
58.39.139.200 - - [03/Oct/2021:08:39:34 +0800] "GET /xingrg/kc/buy/cgsh_order_operate.html?command=get_materiel&rest_code=00105&code=00101008256&supplier_code=00100203&order_time=2021-10-03 HTTP/1.1" 200 413
116.238.248.233 - - [03/Oct/2021:08:39:49 +0800] "GET /xingrg/check_reg.html?_=1633221587967 HTTP/1.1" 200 22
116.238.248.233 - - [03/Oct/2021:08:39:49 +0800] "GET /xingrg/all/function/internal_message.html?_=1633221587977&CODE_STATE=getMsg HTTP/1.1" 200 27
116.230.105.26 - - [03/Oct/2021:08:39:57 +0800] "POST /xingrg/kc/buy/cgsh_order_operate.html HTTP/1.1" 200 37
116.230.105.26 - - [03/Oct/2021:08:39:58 +0800] "POST /xingrg/kc/buy/cgsh_order_operate.html HTTP/1.1" 200 4434
58.39.139.200 - - [03/Oct/2021:08:39:58 +0800] "GET /xingrg/all/function/internal_message.html?_=1633221598353&CODE_STATE=getMsg HTTP/1.1" 200 27
116.230.105.26 - - [03/Oct/2021:08:39:59 +0800] "GET /xingrg/kc/print/load_config.html?kc_code=cgsh HTTP/1.1" 200 2256
116.230.105.26 - - [03/Oct/2021:08:39:59 +0800] "GET /xingrg/kc/print/load_data.html?order_code=212021100301078&kc_code=cgsh&condition= HTTP/1.1" 200 1438
116.237.74.154 - - [03/Oct/2021:08:40:01 +0800] "GET /xingrg/check_reg.html?_=1633221601061 HTTP/1.1" 200 22
116.237.74.154 - - [03/Oct/2021:08:40:01 +0800] "GET /xingrg/all/function/internal_message.html?_=1633221601064&CODE_STATE=getMsg HTTP/1.1" 200 27
114.83.220.18 - - [03/Oct/2021:08:40:04 +0800] "GET /xingrg/all/function/internal_message.html?_=1633221603622&CODE_STATE=getMsg HTTP/1.1" 200 27
114.83.220.18 - - [03/Oct/2021:08:40:10 +0800] "GET /xingrg/kc/buy/cgsh_order_operate.html?command=get_materiel&rest_code=00149&code=00101008312&supplier_code=00100005&order_time=2021-10-03 HTTP/1.1" 200 412
