116.230.105.26 - - [03/Oct/2021:09:34:49 +0800] "GET /xingrg/all/function/internal_message.html?_=1633224880699&CODE_STATE=getMsg HTTP/1.1" 200 27
180.169.147.146 - - [03/Oct/2021:09:34:54 +0800] "GET /xingrg/all/report/report_query.html?isQuery=1&fileName=kc/base/crk_detail_by_small.xml&rh=99999&queryString=&queryText=%25E3%2580%2590%25E4%25BB%2593%25E5%25BA%2593%25E5%2590%258D%25E7%25A7%25B0%253A%25E7%25A4%25BC%25E7%259B%2592%25E5%25BA%2593%25E3%2580%2591%25E3%2580%2590%25E4%25B8%259A%25E5%258A%25A1%25E7%25B1%25BB%25E5%259E%258B%25EF%25BC%259A%25E9%2597%25A8%25E5%25BA%2597%25E9%2580%2580%25E8%25B4%25A7%25E3%2580%2591%2520%253F%253F%253F%253F%253F2021-09-01%253F%253F2021-09-30&tableQueryString=crk_table%2524sp1%2524order_day%2520between%252020210901%2520and%252020210930%2520and%2520(base_code%253D'0010709')%2520and%2520(src_order_type%2520in%2520(32))%2520and%2520(is_rk%2520in%2520(0)) HTTP/1.1" 200 53766
180.169.147.146 - - [03/Oct/2021:09:34:54 +0800] "GET /xingrg/dwr/interface/AjaxReportQueryService.js HTTP/1.1" 200 13203
180.169.147.146 - - [03/Oct/2021:09:34:54 +0800] "GET /xingrg/dwr/engine.js HTTP/1.1" 200 43631
180.169.147.146 - - [03/Oct/2021:09:34:55 +0800] "POST /xingrg/all/report/load_report_page.html HTTP/1.1" 200 11670
180.169.147.146 - - [03/Oct/2021:09:34:55 +0800] "GET /xingrg/servlets/image?cache=0.2967662600038339&image=px HTTP/1.1" 200 807
222.70.178.96 - - [03/Oct/2021:09:34:56 +0800] "GET /xingrg/kc/buy/cgsh_order_operate.html?command=get_materiel&rest_code=00111&code=00101008010&supplier_code=00100005&order_time=2021-10-03 HTTP/1.1" 200 412
58.39.139.200 - - [03/Oct/2021:09:34:58 +0800] "GET /xingrg/all/function/internal_message.html?_=1633224898349&CODE_STATE=getMsg HTTP/1.1" 200 27
180.169.147.146 - - [03/Oct/2021:09:34:59 +0800] "GET /xingrg/all/report/report_query.html?isQuery=1&fileName=kc/base/crk_detail_by_materiel.xml&queryString=&queryText=%25E3%2580%2590%25E4%25BB%2593%25E5%25BA%2593%25E5%2590%258D%25E7%25A7%25B0%253A%25E7%25A4%25BC%25E7%259B%2592%25E5%25BA%2593%25E3%2580%2591%25E3%2580%2590%25E4%25B8%259A%25E5%258A%25A1%25E7%25B1%25BB%25E5%259E%258B%25EF%25BC%259A%25E9%2597%25A8%25E5%25BA%2597%25E9%2580%2580%25E8%25B4%25A7%25E3%2580%2591%2520%253F%253F%253F%253F%253F2021-09-01%253F%253F2021-09-30&tableQueryString=crk_table%2524sp1%2524order_day%2520between%252020210901%2520and%252020210930%2520and%2520(base_code%253D'0010709')%2520and%2520(src_order_type%2520in%2520(32))%2520and%2520(is_rk%2520in%2520(0))%2520and%2520(m.sort_code%253D'00101034') HTTP/1.1" 200 53793
180.169.147.146 - - [03/Oct/2021:09:35:00 +0800] "GET /xingrg/dwr/interface/AjaxReportQueryService.js HTTP/1.1" 200 13203
180.169.147.146 - - [03/Oct/2021:09:35:00 +0800] "GET /xingrg/dwr/engine.js HTTP/1.1" 200 43631
180.169.147.146 - - [03/Oct/2021:09:35:00 +0800] "POST /xingrg/all/report/load_report_page.html HTTP/1.1" 200 18965
180.169.147.146 - - [03/Oct/2021:09:35:00 +0800] "GET /xingrg/servlets/image?cache=0.7722240827712987&image=px HTTP/1.1" 200 807
116.237.74.154 - - [03/Oct/2021:09:35:01 +0800] "GET /xingrg/check_reg.html?_=1633224901199 HTTP/1.1" 200 22
116.237.74.154 - - [03/Oct/2021:09:35:01 +0800] "GET /xingrg/all/function/internal_message.html?_=1633224901200&CODE_STATE=getMsg HTTP/1.1" 200 27
114.83.220.18 - - [03/Oct/2021:09:35:03 +0800] "GET /xingrg/all/function/internal_message.html?_=1633224903320&CODE_STATE=getMsg HTTP/1.1" 200 27
116.238.248.233 - - [03/Oct/2021:09:35:05 +0800] "POST /xingrg/kc/buy/cgsh_order_operate.html HTTP/1.1" 200 37
116.238.248.233 - - [03/Oct/2021:09:35:07 +0800] "POST /xingrg/kc/buy/cgsh_order_operate.html HTTP/1.1" 200 44683
180.169.147.146 - - [03/Oct/2021:09:35:12 +0800] "GET /xingrg/all/function/internal_message.html?_=1633224912490&CODE_STATE=getMsg HTTP/1.1" 200 27
116.238.248.233 - - [03/Oct/2021:09:35:12 +0800] "GET /xingrg/check_reg.html?_=1633224911670 HTTP/1.1" 200 22
116.238.248.233 - - [03/Oct/2021:09:35:12 +0800] "GET /xingrg/all/function/internal_message.html?_=1633224911751&CODE_STATE=getMsg HTTP/1.1" 200 27
222.70.246.151 - - [03/Oct/2021:09:35:17 +0800] "GET /xingrg/all/function/internal_message.html?_=1633224918561&CODE_STATE=getMsg HTTP/1.1" 200 27
222.70.178.96 - - [03/Oct/2021:09:35:19 +0800] "GET /xingrg/kc/buy/cgsh_order_operate.html?command=get_materiel&rest_code=00111&code=00101008351&supplier_code=00100005&order_time=2021-10-03 HTTP/1.1" 200 408
180.169.147.146 - - [03/Oct/2021:09:35:23 +0800] "GET /xingrg/all/report/report_query.html?isQuery=1&fileName=kc/base/crk_detail_by_small.xml&rh=99999&queryString=&queryText=%25E3%2580%2590%25E4%25BB%2593%25E5%25BA%2593%25E5%2590%258D%25E7%25A7%25B0%253A%25E5%25AE%2581%25E6%25B3%25A2%25E8%258F%259C%25E3%2580%2591%25E3%2580%2590%25E4%25B8%259A%25E5%258A%25A1%25E7%25B1%25BB%25E5%259E%258B%25EF%25BC%259A%25E9%2597%25A8%25E5%25BA%2597%25E9%2580%2580%25E8%25B4%25A7%25E3%2580%2591%2520%253F%253F%253F%253F%253F2021-09-01%253F%253F2021-09-30&tableQueryString=crk_table%2524sp1%2524order_day%2520between%252020210901%2520and%252020210930%2520and%2520(base_code%253D'0010777')%2520and%2520(src_order_type%2520in%2520(32))%2520and%2520(is_rk%2520in%2520(0)) HTTP/1.1" 200 53766
180.169.147.146 - - [03/Oct/2021:09:35:24 +0800] "GET /xingrg/dwr/interface/AjaxReportQueryService.js HTTP/1.1" 200 13203
180.169.147.146 - - [03/Oct/2021:09:35:24 +0800] "GET /xingrg/dwr/engine.js HTTP/1.1" 200 43631
180.169.147.146 - - [03/Oct/2021:09:35:25 +0800] "POST /xingrg/all/report/load_report_page.html HTTP/1.1" 200 11729
180.169.147.146 - - [03/Oct/2021:09:35:25 +0800] "GET /xingrg/servlets/image?cache=0.7533913899916954&image=px HTTP/1.1" 200 807
180.169.147.146 - - [03/Oct/2021:09:35:27 +0800] "GET /xingrg/all/report/report_query.html?isQuery=1&fileName=kc/base/crk_detail_by_materiel.xml&queryString=&queryText=%25E3%2580%2590%25E4%25BB%2593%25E5%25BA%2593%25E5%2590%258D%25E7%25A7%25B0%253A%25E5%25AE%2581%25E6%25B3%25A2%25E8%258F%259C%25E3%2580%2591%25E3%2580%2590%25E4%25B8%259A%25E5%258A%25A1%25E7%25B1%25BB%25E5%259E%258B%25EF%25BC%259A%25E9%2597%25A8%25E5%25BA%2597%25E9%2580%2580%25E8%25B4%25A7%25E3%2580%2591%2520%253F%253F%253F%253F%253F2021-09-01%253F%253F2021-09-30&tableQueryString=crk_table%2524sp1%2524order_day%2520between%252020210901%2520and%252020210930%2520and%2520(base_code%253D'0010777')%2520and%2520(src_order_type%2520in%2520(32))%2520and%2520(is_rk%2520in%2520(0))%2520and%2520(m.sort_code%253D'00101008') HTTP/1.1" 200 53793
180.169.147.146 - - [03/Oct/2021:09:35:27 +0800] "GET /xingrg/dwr/interface/AjaxReportQueryService.js HTTP/1.1" 200 13203
180.169.147.146 - - [03/Oct/2021:09:35:27 +0800] "GET /xingrg/dwr/engine.js HTTP/1.1" 200 43631
180.152.237.0 - - [03/Oct/2021:09:35:27 +0800] "GET /xingrg/all/function/internal_message.html?_=1633224907469&CODE_STATE=getMsg HTTP/1.1" 200 27
180.169.147.146 - - [03/Oct/2021:09:35:27 +0800] "POST /xingrg/all/report/load_report_page.html HTTP/1.1" 200 15991
180.169.147.146 - - [03/Oct/2021:09:35:28 +0800] "GET /xingrg/servlets/image?cache=0.806587453427849&image=px HTTP/1.1" 200 807
222.70.178.96 - - [03/Oct/2021:09:35:29 +0800] "GET /xingrg/all/function/internal_message.html?_=1633224927383&CODE_STATE=getMsg HTTP/1.1" 200 27
222.70.178.96 - - [03/Oct/2021:09:35:29 +0800] "GET /xingrg/kc/buy/cgsh_order_operate.html?command=get_materiel&rest_code=00111&code=00101008110&supplier_code=00100005&order_time=2021-10-03 HTTP/1.1" 200 408
172.20.0.100 - - [03/Oct/2021:09:35:31 +0800] "GET /xingrg/all/function/internal_message.html?_=1633224931672&CODE_STATE=getMsg HTTP/1.1" 200 27
58.40.7.146 - - [03/Oct/2021:09:35:32 +0800] "GET /xingrg/all/function/internal_message.html?_=1633224931922&CODE_STATE=getMsg HTTP/1.1" 200 27
222.70.178.96 - - [03/Oct/2021:09:35:39 +0800] "GET /xingrg/kc/buy/cgsh_order_operate.html?command=get_materiel&rest_code=00111&code=00101008038&supplier_code=00100005&order_time=2021-10-03 HTTP/1.1" 200 412
222.70.178.96 - - [03/Oct/2021:09:35:40 +0800] "POST /xingrg/kc/buy/cgsh_order_operate.html HTTP/1.1" 200 2065
116.232.50.208 - - [03/Oct/2021:09:35:44 +0800] "GET /xingrg/all/function/internal_message.html?_=1633224945640&CODE_STATE=getMsg HTTP/1.1" 200 27
180.169.147.146 - - [03/Oct/2021:09:35:45 +0800] "GET /xingrg/all/function/internal_message.html?_=1633224991944&CODE_STATE=getMsg HTTP/1.1" 200 27
222.70.178.96 - - [03/Oct/2021:09:35:48 +0800] "GET /xingrg/kc/buy/cgsh_order_operate.html?command=get_materiel&rest_code=00111&code=00101008163&supplier_code=00100005&order_time=2021-10-03 HTTP/1.1" 200 409
116.230.105.26 - - [03/Oct/2021:09:35:49 +0800] "GET /xingrg/all/function/internal_message.html?_=1633224940714&CODE_STATE=getMsg HTTP/1.1" 200 27
172.20.0.100 - - [03/Oct/2021:09:35:53 +0800] "GET /xingrg/check_reg.html?_=1633224950858 HTTP/1.1" 302 -
58.39.139.200 - - [03/Oct/2021:09:35:58 +0800] "GET /xingrg/all/function/internal_message.html?_=1633224958326&CODE_STATE=getMsg HTTP/1.1" 200 27
116.237.74.154 - - [03/Oct/2021:09:36:01 +0800] "GET /xingrg/all/function/internal_message.html?_=1633224961198&CODE_STATE=getMsg HTTP/1.1" 200 27
114.83.220.18 - - [03/Oct/2021:09:36:03 +0800] "GET /xingrg/all/function/internal_message.html?_=1633224963310&CODE_STATE=getMsg HTTP/1.1" 200 27
222.70.178.96 - - [03/Oct/2021:09:36:05 +0800] "GET /xingrg/kc/buy/cgsh_order_operate.html?command=get_materiel&rest_code=00111&code=00101008355&supplier_code=00100005&order_time=2021-10-03 HTTP/1.1" 200 408
180.169.147.146 - - [03/Oct/2021:09:36:12 +0800] "GET /xingrg/all/function/internal_message.html?_=1633224972493&CODE_STATE=getMsg HTTP/1.1" 200 27
180.169.147.146 - - [03/Oct/2021:09:36:12 +0800] "GET /xingrg/check_reg.html?_=1633224972498 HTTP/1.1" 200 22
116.238.248.233 - - [03/Oct/2021:09:36:12 +0800] "GET /xingrg/all/function/internal_message.html?_=1633224971730&CODE_STATE=getMsg HTTP/1.1" 200 27
222.70.246.151 - - [03/Oct/2021:09:36:17 +0800] "GET /xingrg/all/function/internal_message.html?_=1633224978568&CODE_STATE=getMsg HTTP/1.1" 200 27
222.70.178.96 - - [03/Oct/2021:09:36:20 +0800] "GET /xingrg/kc/buy/cgsh_order_operate.html?command=get_materiel&rest_code=00111&code=00101008004&supplier_code=00100005&order_time=2021-10-03 HTTP/1.1" 200 416
180.152.237.0 - - [03/Oct/2021:09:36:27 +0800] "GET /xingrg/all/function/internal_message.html?_=1633224967476&CODE_STATE=getMsg HTTP/1.1" 200 27
222.70.178.96 - - [03/Oct/2021:09:36:29 +0800] "GET /xingrg/check_reg.html?_=1633224987358 HTTP/1.1" 200 22
222.70.178.96 - - [03/Oct/2021:09:36:29 +0800] "GET /xingrg/all/function/internal_message.html?_=1633224987361&CODE_STATE=getMsg HTTP/1.1" 200 27
172.20.0.100 - - [03/Oct/2021:09:36:31 +0800] "GET /xingrg/all/function/internal_message.html?_=1633224991650&CODE_STATE=getMsg HTTP/1.1" 200 27
58.40.7.146 - - [03/Oct/2021:09:36:32 +0800] "GET /xingrg/all/function/internal_message.html?_=1633224991925&CODE_STATE=getMsg HTTP/1.1" 200 27
222.70.178.96 - - [03/Oct/2021:09:36:36 +0800] "GET /xingrg/kc/buy/cgsh_order_operate.html?command=get_materiel&rest_code=00111&code=00101008264&supplier_code=00100005&order_time=2021-10-03 HTTP/1.1" 200 412
222.70.178.96 - - [03/Oct/2021:09:36:38 +0800] "POST /xingrg/kc/buy/cgsh_order_operate.html HTTP/1.1" 200 2065
58.39.139.200 - - [03/Oct/2021:09:36:38 +0800] "GET /xingrg/kc/mdqp/pssh_order_list.html HTTP/1.1" 200 17907
58.39.139.200 - - [03/Oct/2021:09:36:39 +0800] "POST /xingrg/kc/mdqp/pssh_list_operate.html HTTP/1.1" 200 5257
58.39.139.200 - - [03/Oct/2021:09:36:43 +0800] "POST /xingrg/kc/mdqp/pssh_list_operate.html HTTP/1.1" 200 256
116.232.50.208 - - [03/Oct/2021:09:36:44 +0800] "GET /xingrg/all/function/internal_message.html?_=1633225005642&CODE_STATE=getMsg HTTP/1.1" 200 27
116.232.50.208 - - [03/Oct/2021:09:36:44 +0800] "GET /xingrg/check_reg.html?_=1633225005644 HTTP/1.1" 200 22
58.39.139.200 - - [03/Oct/2021:09:36:44 +0800] "GET /xingrg/kc/mdqp/pssh_order_info.html?code=312021100200071 HTTP/1.1" 200 17306
58.39.139.200 - - [03/Oct/2021:09:36:44 +0800] "GET /xingrg/javascript/jquery_tools/jquery-1.4.2.min.js HTTP/1.1" 404 1094
180.169.147.146 - - [03/Oct/2021:09:36:45 +0800] "GET /xingrg/all/function/internal_message.html?_=1633225051926&CODE_STATE=getMsg HTTP/1.1" 200 27
58.39.139.200 - - [03/Oct/2021:09:36:45 +0800] "GET /xingrg/javascript/easyui/themes/default/validatebox.css HTTP/1.1" 404 1104
58.39.139.200 - - [03/Oct/2021:09:36:45 +0800] "POST /xingrg/kc/mdqp/pssh_order_operate.html HTTP/1.1" 200 526
116.230.105.26 - - [03/Oct/2021:09:36:49 +0800] "GET /xingrg/check_reg.html?_=1633225000704 HTTP/1.1" 200 22
116.230.105.26 - - [03/Oct/2021:09:36:49 +0800] "GET /xingrg/all/function/internal_message.html?_=1633225000705&CODE_STATE=getMsg HTTP/1.1" 200 27
58.39.139.200 - - [03/Oct/2021:09:36:51 +0800] "POST /xingrg/kc/mdqp/pssh_order_operate.html HTTP/1.1" 200 37
58.39.139.200 - - [03/Oct/2021:09:36:51 +0800] "POST /xingrg/kc/mdqp/pssh_order_operate.html HTTP/1.1" 200 12
58.39.139.200 - - [03/Oct/2021:09:36:52 +0800] "GET /xingrg/kc/mdqp/pssh_order_info.html?code=312021100200071 HTTP/1.1" 200 14382
58.39.139.200 - - [03/Oct/2021:09:36:52 +0800] "GET /xingrg/javascript/jquery_tools/jquery-1.4.2.min.js HTTP/1.1" 404 1094
58.39.139.200 - - [03/Oct/2021:09:36:52 +0800] "GET /xingrg/javascript/easyui/themes/default/validatebox.css HTTP/1.1" 404 1104
58.39.139.200 - - [03/Oct/2021:09:36:52 +0800] "POST /xingrg/kc/mdqp/pssh_order_operate.html HTTP/1.1" 200 526
58.39.139.200 - - [03/Oct/2021:09:36:53 +0800] "GET /xingrg/kc/print/load_data.html?order_code=312021100200071&kc_code=pssh&condition= HTTP/1.1" 200 652
58.39.139.200 - - [03/Oct/2021:09:36:58 +0800] "GET /xingrg/all/function/internal_message.html?_=1633225018303&CODE_STATE=getMsg HTTP/1.1" 200 27
116.237.74.154 - - [03/Oct/2021:09:37:01 +0800] "GET /xingrg/all/function/internal_message.html?_=1633225021196&CODE_STATE=getMsg HTTP/1.1" 200 27
222.70.178.96 - - [03/Oct/2021:09:37:02 +0800] "GET /xingrg/kc/buy/cgsh_order_operate.html?command=get_materiel&rest_code=00111&code=00101008197&supplier_code=00100005&order_time=2021-10-03 HTTP/1.1" 200 416
222.70.246.151 - - [03/Oct/2021:09:37:02 +0800] "GET /xingrg/check_reg.html?_=1633225044141 HTTP/1.1" 302 -
114.83.220.18 - - [03/Oct/2021:09:37:03 +0800] "GET /xingrg/all/function/internal_message.html?_=1633225023286&CODE_STATE=getMsg HTTP/1.1" 200 27
114.83.220.18 - - [03/Oct/2021:09:37:04 +0800] "GET /xingrg/check_reg.html?_=1633225023842 HTTP/1.1" 200 22
58.39.139.200 - - [03/Oct/2021:09:37:04 +0800] "GET /xingrg/kc/mdqp/pssh_order_list.html HTTP/1.1" 200 17907
58.39.139.200 - - [03/Oct/2021:09:37:05 +0800] "POST /xingrg/kc/mdqp/pssh_list_operate.html HTTP/1.1" 200 5273
58.39.139.200 - - [03/Oct/2021:09:37:10 +0800] "POST /xingrg/kc/mdqp/pssh_list_operate.html HTTP/1.1" 200 448
58.39.139.200 - - [03/Oct/2021:09:37:10 +0800] "GET /xingrg/kc/mdqp/pssh_order_info.html?code=312021100100014 HTTP/1.1" 200 17295
58.39.139.200 - - [03/Oct/2021:09:37:10 +0800] "GET /xingrg/javascript/jquery_tools/jquery-1.4.2.min.js HTTP/1.1" 404 1094
58.39.139.200 - - [03/Oct/2021:09:37:11 +0800] "GET /xingrg/javascript/easyui/themes/default/validatebox.css HTTP/1.1" 404 1104
58.39.139.200 - - [03/Oct/2021:09:37:11 +0800] "POST /xingrg/kc/mdqp/pssh_order_operate.html HTTP/1.1" 200 1553
222.70.178.96 - - [03/Oct/2021:09:37:12 +0800] "GET /xingrg/kc/buy/cgsh_order_operate.html?command=get_materiel&rest_code=00111&code=00101008357&supplier_code=00100005&order_time=2021-10-03 HTTP/1.1" 200 408
180.169.147.146 - - [03/Oct/2021:09:37:12 +0800] "GET /xingrg/all/function/internal_message.html?_=1633225032501&CODE_STATE=getMsg HTTP/1.1" 200 27
116.238.248.233 - - [03/Oct/2021:09:37:12 +0800] "GET /xingrg/all/function/internal_message.html?_=1633225031705&CODE_STATE=getMsg HTTP/1.1" 200 27
58.39.139.200 - - [03/Oct/2021:09:37:15 +0800] "POST /xingrg/all/common/load_combo.html?type=employee HTTP/1.1" 200 356
222.70.246.151 - - [03/Oct/2021:09:37:17 +0800] "GET /xingrg/all/function/internal_message.html?_=1633225038718&CODE_STATE=getMsg HTTP/1.1" 200 27
58.39.139.200 - - [03/Oct/2021:09:37:18 +0800] "POST /xingrg/kc/mdqp/pssh_order_operate.html HTTP/1.1" 200 37
222.70.178.96 - - [03/Oct/2021:09:37:20 +0800] "GET /xingrg/kc/buy/cgsh_order_operate.html?command=get_materiel&rest_code=00111&code=00101008036&supplier_code=00100005&order_time=2021-10-03 HTTP/1.1" 200 408
222.70.178.96 - - [03/Oct/2021:09:37:22 +0800] "POST /xingrg/kc/buy/cgsh_order_operate.html HTTP/1.1" 200 2065
58.39.139.200 - - [03/Oct/2021:09:37:26 +0800] "POST /xingrg/kc/mdqp/pssh_order_operate.html HTTP/1.1" 200 1553
180.152.237.0 - - [03/Oct/2021:09:37:27 +0800] "GET /xingrg/all/function/internal_message.html?_=1633225027741&CODE_STATE=getMsg HTTP/1.1" 200 27
222.70.178.96 - - [03/Oct/2021:09:37:29 +0800] "GET /xingrg/kc/buy/cgsh_order_operate.html?command=get_materiel&rest_code=00111&code=00101008131&supplier_code=00100005&order_time=2021-10-03 HTTP/1.1" 200 408
222.70.178.96 - - [03/Oct/2021:09:37:29 +0800] "GET /xingrg/all/function/internal_message.html?_=1633225047463&CODE_STATE=getMsg HTTP/1.1" 200 27
58.39.139.200 - - [03/Oct/2021:09:37:30 +0800] "POST /xingrg/kc/mdqp/pssh_order_operate.html HTTP/1.1" 200 37
58.39.139.200 - - [03/Oct/2021:09:37:30 +0800] "POST /xingrg/kc/mdqp/pssh_order_operate.html HTTP/1.1" 200 12
172.20.0.100 - - [03/Oct/2021:09:37:31 +0800] "GET /xingrg/all/function/internal_message.html?_=1633225051639&CODE_STATE=getMsg HTTP/1.1" 200 27
58.39.139.200 - - [03/Oct/2021:09:37:31 +0800] "GET /xingrg/kc/mdqp/pssh_order_info.html?code=312021100100014 HTTP/1.1" 200 14384
58.39.139.200 - - [03/Oct/2021:09:37:31 +0800] "GET /xingrg/javascript/jquery_tools/jquery-1.4.2.min.js HTTP/1.1" 404 1094
58.39.139.200 - - [03/Oct/2021:09:37:31 +0800] "GET /xingrg/javascript/easyui/themes/default/validatebox.css HTTP/1.1" 404 1104
58.39.139.200 - - [03/Oct/2021:09:37:31 +0800] "POST /xingrg/kc/mdqp/pssh_order_operate.html HTTP/1.1" 200 1553
58.40.7.146 - - [03/Oct/2021:09:37:32 +0800] "GET /xingrg/check_reg.html?_=1633225051911 HTTP/1.1" 200 22
58.40.7.146 - - [03/Oct/2021:09:37:32 +0800] "GET /xingrg/all/function/internal_message.html?_=1633225051913&CODE_STATE=getMsg HTTP/1.1" 200 27
58.39.139.200 - - [03/Oct/2021:09:37:32 +0800] "GET /xingrg/kc/print/load_data.html?order_code=312021100100014&kc_code=pssh&condition= HTTP/1.1" 200 977
116.238.248.233 - - [03/Oct/2021:09:37:39 +0800] "GET /xingrg/kc/buy/cgsh_order_operate.html?command=get_materiel&rest_code=00150&code=00101008144&supplier_code=00100007&order_time=2021-10-03 HTTP/1.1" 200 412
116.232.50.208 - - [03/Oct/2021:09:37:44 +0800] "GET /xingrg/all/function/internal_message.html?_=1633225065645&CODE_STATE=getMsg HTTP/1.1" 200 27
58.39.139.200 - - [03/Oct/2021:09:37:44 +0800] "GET /xingrg/kc/mdqp/pssh_order_list.html HTTP/1.1" 200 17907
58.39.139.200 - - [03/Oct/2021:09:37:44 +0800] "POST /xingrg/kc/mdqp/pssh_list_operate.html HTTP/1.1" 200 5298
180.169.147.146 - - [03/Oct/2021:09:37:45 +0800] "GET /xingrg/all/function/internal_message.html?_=1633225111896&CODE_STATE=getMsg HTTP/1.1" 200 27
222.70.178.96 - - [03/Oct/2021:09:37:48 +0800] "GET /xingrg/kc/buy/cgsh_order_operate.html?command=get_materiel&rest_code=00111&code=00101008352&supplier_code=00100005&order_time=2021-10-03 HTTP/1.1" 200 412
116.230.105.26 - - [03/Oct/2021:09:37:49 +0800] "GET /xingrg/all/function/internal_message.html?_=1633225060707&CODE_STATE=getMsg HTTP/1.1" 200 27
58.221.95.50 - - [03/Oct/2021:09:37:50 +0800] "GET /xingrg/check_reg.html?_=1633225072633 HTTP/1.1" 302 -
180.152.237.0 - - [03/Oct/2021:09:37:57 +0800] "GET /xingrg/check_reg.html?_=1633225057583 HTTP/1.1" 200 22
58.39.139.200 - - [03/Oct/2021:09:37:58 +0800] "GET /xingrg/all/function/internal_message.html?_=1633225078285&CODE_STATE=getMsg HTTP/1.1" 200 27
222.70.178.96 - - [03/Oct/2021:09:37:59 +0800] "GET /xingrg/kc/buy/cgsh_order_operate.html?command=get_materiel&rest_code=00111&code=00101008098&supplier_code=00100005&order_time=2021-10-03 HTTP/1.1" 200 412
116.237.74.154 - - [03/Oct/2021:09:38:01 +0800] "GET /xingrg/all/function/internal_message.html?_=1633225081194&CODE_STATE=getMsg HTTP/1.1" 200 27
58.40.7.146 - - [03/Oct/2021:09:38:03 +0800] "GET /xingrg/kc/base/check_order_list.html HTTP/1.1" 200 16608
58.40.7.146 - - [03/Oct/2021:09:38:03 +0800] "GET /xingrg/javascript/jquery_easy_ui/themes/default/images/tabs_close.gif HTTP/1.1" 200 829
58.40.7.146 - - [03/Oct/2021:09:38:03 +0800] "GET /xingrg/css/base.css HTTP/1.1" 200 2811
58.40.7.146 - - [03/Oct/2021:09:38:03 +0800] "GET /xingrg/css/site.css HTTP/1.1" 200 7541
58.40.7.146 - - [03/Oct/2021:09:38:03 +0800] "GET /xingrg/javascript/jquery_tools/datebox.css HTTP/1.1" 200 2597
58.40.7.146 - - [03/Oct/2021:09:38:03 +0800] "GET /xingrg/javascript/easyui/themes/icon.css HTTP/1.1" 200 4483
58.40.7.146 - - [03/Oct/2021:09:38:03 +0800] "GET /xingrg/javascript/auto/jquery.autocomplete.css HTTP/1.1" 200 587
58.40.7.146 - - [03/Oct/2021:09:38:03 +0800] "GET /xingrg/javascript/jquery_tools/fix.css HTTP/1.1" 200 1702
58.40.7.146 - - [03/Oct/2021:09:38:03 +0800] "GET /xingrg/javascript/jquery_tools/table.css HTTP/1.1" 200 1032
58.40.7.146 - - [03/Oct/2021:09:38:03 +0800] "GET /xingrg/javascript/jquery_tools/jquery.tools.min.js HTTP/1.1" 200 138801
58.40.7.146 - - [03/Oct/2021:09:38:03 +0800] "GET /xingrg/javascript/jquery_tools/jquery.tools.hotkey.js HTTP/1.1" 200 3242
58.40.7.146 - - [03/Oct/2021:09:38:03 +0800] "GET /xingrg/javascript/jquery_tools/jquery.tools.extend.js HTTP/1.1" 200 15385
58.40.7.146 - - [03/Oct/2021:09:38:03 +0800] "GET /xingrg/javascript/easyui/themes/default/easyui.css HTTP/1.1" 200 30432
58.40.7.146 - - [03/Oct/2021:09:38:03 +0800] "GET /xingrg/javascript/jquery_tools/jquery.tools.table.js HTTP/1.1" 200 6994
58.40.7.146 - - [03/Oct/2021:09:38:03 +0800] "GET /xingrg/javascript/jquery_tools/list_manager.js HTTP/1.1" 200 3652
58.40.7.146 - - [03/Oct/2021:09:38:03 +0800] "GET /xingrg/javascript/easyui/easyloader.js HTTP/1.1" 200 5975
58.40.7.146 - - [03/Oct/2021:09:38:03 +0800] "GET /xingrg/javascript/jquery.cookie.js HTTP/1.1" 200 5513
58.40.7.146 - - [03/Oct/2021:09:38:03 +0800] "GET /xingrg/javascript/auto/jquery.autocomplete.js HTTP/1.1" 200 21624
114.83.220.18 - - [03/Oct/2021:09:38:03 +0800] "GET /xingrg/all/function/internal_message.html?_=1633225083269&CODE_STATE=getMsg HTTP/1.1" 200 27
58.40.7.146 - - [03/Oct/2021:09:38:04 +0800] "GET /xingrg/javascript/easyui/themes/icons/edit_add_new.png HTTP/1.1" 200 2997
58.40.7.146 - - [03/Oct/2021:09:38:04 +0800] "GET /xingrg/javascript/easyui/themes/icons/cance_new.png HTTP/1.1" 200 3986
58.40.7.146 - - [03/Oct/2021:09:38:04 +0800] "GET /xingrg/javascript/easyui/themes/icons/check_new.png HTTP/1.1" 200 3224
58.40.7.146 - - [03/Oct/2021:09:38:04 +0800] "GET /xingrg/javascript/easyui/themes/icons/uncheck_new.png HTTP/1.1" 200 3197
58.40.7.146 - - [03/Oct/2021:09:38:04 +0800] "GET /xingrg/javascript/easyui/themes/icons/field_new.png HTTP/1.1" 200 1097
58.40.7.146 - - [03/Oct/2021:09:38:04 +0800] "GET /xingrg/javascript/easyui/plugins/jquery.parser.js HTTP/1.1" 200 1142
58.40.7.146 - - [03/Oct/2021:09:38:04 +0800] "GET /xingrg/kc/base/check_order_list.html HTTP/1.1" 200 16608
58.40.7.146 - - [03/Oct/2021:09:38:04 +0800] "GET /xingrg/images/control/ajaxLoader.gif HTTP/1.1" 200 4659
58.40.7.146 - - [03/Oct/2021:09:38:04 +0800] "POST /xingrg/kc/base/check_list_operate.html HTTP/1.1" 200 1572
58.40.7.146 - - [03/Oct/2021:09:38:05 +0800] "POST /xingrg/kc/base/check_list_operate.html HTTP/1.1" 200 1572
58.40.7.146 - - [03/Oct/2021:09:38:07 +0800] "GET /xingrg/kc/base/check_order_info.html?code=452021093000285 HTTP/1.1" 200 26149
58.40.7.146 - - [03/Oct/2021:09:38:07 +0800] "GET /xingrg/css/table.css HTTP/1.1" 200 3684
58.40.7.146 - - [03/Oct/2021:09:38:07 +0800] "GET /xingrg/css/blue.css HTTP/1.1" 200 15949
58.40.7.146 - - [03/Oct/2021:09:38:07 +0800] "GET /xingrg/javascript/pic_change.js HTTP/1.1" 200 4739
58.40.7.146 - - [03/Oct/2021:09:38:07 +0800] "GET /xingrg/dwr/interface/AjaxComOrderService.js HTTP/1.1" 200 18264
58.40.7.146 - - [03/Oct/2021:09:38:07 +0800] "GET /xingrg/dwr/interface/AjaxCheckService.js HTTP/1.1" 200 14003
58.40.7.146 - - [03/Oct/2021:09:38:07 +0800] "GET /xingrg/javascript/AjaxInfoList.js HTTP/1.1" 200 3774
58.40.7.146 - - [03/Oct/2021:09:38:07 +0800] "GET /xingrg/dwr/util.js HTTP/1.1" 200 35990
58.40.7.146 - - [03/Oct/2021:09:38:07 +0800] "GET /xingrg/dwr/engine.js HTTP/1.1" 200 43631
58.40.7.146 - - [03/Oct/2021:09:38:07 +0800] "GET /xingrg/javascript/myfunction.js HTTP/1.1" 200 24559
58.40.7.146 - - [03/Oct/2021:09:38:07 +0800] "GET /xingrg/javascript/convert.js HTTP/1.1" 200 1239
58.40.7.146 - - [03/Oct/2021:09:38:07 +0800] "GET /xingrg/javascript/print/LodopFuncs.js HTTP/1.1" 200 5121
58.40.7.146 - - [03/Oct/2021:09:38:07 +0800] "GET /xingrg/javascript/print/kc_print.js HTTP/1.1" 200 11415
58.40.7.146 - - [03/Oct/2021:09:38:07 +0800] "GET /xingrg/javascript/Calendar.js HTTP/1.1" 200 31561
58.40.7.146 - - [03/Oct/2021:09:38:09 +0800] "GET /xingrg/javascript/jquery_easy_ui/themes/icons/check_new.png HTTP/1.1" 200 3224
58.40.7.146 - - [03/Oct/2021:09:38:09 +0800] "GET /xingrg/javascript/jquery_easy_ui/themes/icons/cance_new.png HTTP/1.1" 200 3986
58.40.7.146 - - [03/Oct/2021:09:38:09 +0800] "GET /xingrg/javascript/jquery_easy_ui/themes/icons/print.png HTTP/1.1" 200 1057
58.40.7.146 - - [03/Oct/2021:09:38:09 +0800] "GET /xingrg/javascript/jquery_easy_ui/themes/default/images/menu_downarrow.png HTTP/1.1" 200 173
58.40.7.146 - - [03/Oct/2021:09:38:09 +0800] "GET /xingrg/javascript/jquery_easy_ui/themes/icons/back_new.png HTTP/1.1" 200 3414
58.40.7.146 - - [03/Oct/2021:09:38:10 +0800] "POST /xingrg/dwr/call/plaincall/AjaxCheckService.loadOrderItems.dwr HTTP/1.1" 200 285161
222.70.246.151 - - [03/Oct/2021:09:38:11 +0800] "GET /xingrg/check_reg.html?_=1633225092316 HTTP/1.1" 200 22
222.70.178.96 - - [03/Oct/2021:09:38:11 +0800] "GET /xingrg/kc/buy/cgsh_order_operate.html?command=get_materiel&rest_code=00111&code=00101008005&supplier_code=00100005&order_time=2021-10-03 HTTP/1.1" 200 412
58.40.7.146 - - [03/Oct/2021:09:38:11 +0800] "GET /xingrg/javascript/jquery_easy_ui/themes/icons/no.png HTTP/1.1" 200 922
58.39.139.200 - - [03/Oct/2021:09:38:12 +0800] "GET /xingrg/kc/mdqp/qqps_order_list.html HTTP/1.1" 200 9222
58.39.139.200 - - [03/Oct/2021:09:38:12 +0800] "GET /xingrg/dwr/interface/AjaxQqpsService.js HTTP/1.1" 200 16326
58.39.139.200 - - [03/Oct/2021:09:38:12 +0800] "GET /xingrg/javascript/Calendar.js HTTP/1.1" 304 -
58.39.139.200 - - [03/Oct/2021:09:38:12 +0800] "GET /xingrg/javascript/ToolTips.js HTTP/1.1" 304 -
58.39.139.200 - - [03/Oct/2021:09:38:12 +0800] "GET /xingrg/dwr/interface/AjaxReportQueryService.js HTTP/1.1" 200 13203
58.39.139.200 - - [03/Oct/2021:09:38:12 +0800] "GET /xingrg/dwr/util.js HTTP/1.1" 200 35990
58.39.139.200 - - [03/Oct/2021:09:38:12 +0800] "GET /xingrg/dwr/engine.js HTTP/1.1" 200 43631
58.39.139.200 - - [03/Oct/2021:09:38:12 +0800] "GET /xingrg/javascript/jquery_easy_ui/themes/icons/check_new.png HTTP/1.1" 304 -
58.39.139.200 - - [03/Oct/2021:09:38:12 +0800] "GET /xingrg/javascript/jquery_easy_ui/themes/icons/edit_add_new.png HTTP/1.1" 304 -
58.39.139.200 - - [03/Oct/2021:09:38:12 +0800] "GET /xingrg/javascript/jquery_easy_ui/themes/icons/cance_new.png HTTP/1.1" 304 -
58.39.139.200 - - [03/Oct/2021:09:38:12 +0800] "GET /xingrg/javascript/jquery_easy_ui/themes/icons/uncheck_new.png HTTP/1.1" 304 -
180.169.147.146 - - [03/Oct/2021:09:38:12 +0800] "GET /xingrg/all/function/internal_message.html?_=1633225092488&CODE_STATE=getMsg HTTP/1.1" 200 27
116.238.248.233 - - [03/Oct/2021:09:38:12 +0800] "GET /xingrg/all/function/internal_message.html?_=1633225091676&CODE_STATE=getMsg HTTP/1.1" 200 27
58.39.139.200 - - [03/Oct/2021:09:38:16 +0800] "GET /xingrg/kc/mdqp/qqps_order_list.html?isQuery=1&timeSelect=1&orderTime=day&startTime=2021-09-30&endTime=2021-10-03&state=all&query=%C8%B7++%B6%A8 HTTP/1.1" 200 13460
58.39.139.200 - - [03/Oct/2021:09:38:16 +0800] "GET /xingrg/dwr/interface/AjaxQqpsService.js HTTP/1.1" 200 16326
58.39.139.200 - - [03/Oct/2021:09:38:16 +0800] "GET /xingrg/dwr/interface/AjaxReportQueryService.js HTTP/1.1" 200 13203
58.39.139.200 - - [03/Oct/2021:09:38:16 +0800] "GET /xingrg/dwr/engine.js HTTP/1.1" 200 43631
222.70.246.151 - - [03/Oct/2021:09:38:17 +0800] "GET /xingrg/all/function/internal_message.html?_=1633225098720&CODE_STATE=getMsg HTTP/1.1" 200 27
58.39.139.200 - - [03/Oct/2021:09:38:20 +0800] "GET /xingrg/kc/mdqp/qqps_order_info.html?code=302021100100009 HTTP/1.1" 200 26639
58.39.139.200 - - [03/Oct/2021:09:38:20 +0800] "GET /xingrg/javascript/tools/jquery.qtip-1.0.0-rc3.min.js HTTP/1.1" 304 -
58.39.139.200 - - [03/Oct/2021:09:38:20 +0800] "GET /xingrg/javascript/AjaxInfoList.js HTTP/1.1" 304 -
58.39.139.200 - - [03/Oct/2021:09:38:20 +0800] "GET /xingrg/dwr/interface/AjaxComOrderService.js HTTP/1.1" 200 18264
58.39.139.200 - - [03/Oct/2021:09:38:20 +0800] "GET /xingrg/javascript/Grid.js HTTP/1.1" 304 -
58.39.139.200 - - [03/Oct/2021:09:38:20 +0800] "GET /xingrg/dwr/engine.js HTTP/1.1" 200 43631
58.39.139.200 - - [03/Oct/2021:09:38:20 +0800] "GET /xingrg/dwr/interface/AjaxQqpsService.js HTTP/1.1" 200 16326
58.39.139.200 - - [03/Oct/2021:09:38:20 +0800] "GET /xingrg/images/blue/wait.gif HTTP/1.1" 304 -
58.39.139.200 - - [03/Oct/2021:09:38:20 +0800] "GET /xingrg/javascript/jquery_easy_ui/themes/icons/template_new.png HTTP/1.1" 304 -
58.39.139.200 - - [03/Oct/2021:09:38:20 +0800] "GET /xingrg/javascript/jquery_easy_ui/themes/icons/copy_new.png HTTP/1.1" 304 -
58.39.139.200 - - [03/Oct/2021:09:38:20 +0800] "GET /xingrg/javascript/jquery_easy_ui/themes/icons/print.png HTTP/1.1" 304 -
58.39.139.200 - - [03/Oct/2021:09:38:20 +0800] "GET /xingrg/javascript/jquery_easy_ui/themes/default/images/menu_downarrow.png HTTP/1.1" 304 -
58.39.139.200 - - [03/Oct/2021:09:38:20 +0800] "GET /xingrg/javascript/jquery_easy_ui/themes/icons/back_new.png HTTP/1.1" 304 -
58.39.139.200 - - [03/Oct/2021:09:38:20 +0800] "GET /xingrg/images/blue/kc_tab_left.gif HTTP/1.1" 304 -
58.39.139.200 - - [03/Oct/2021:09:38:20 +0800] "GET /xingrg/images/blue/kc_tab_mid.gif HTTP/1.1" 304 -
58.39.139.200 - - [03/Oct/2021:09:38:20 +0800] "GET /xingrg/images/blue/kc_tab_right.gif HTTP/1.1" 304 -
58.39.139.200 - - [03/Oct/2021:09:38:20 +0800] "GET /xingrg/javascript/jquery_easy_ui/themes/default/images/combo_arrow_dot.gif HTTP/1.1" 304 -
58.39.139.200 - - [03/Oct/2021:09:38:20 +0800] "POST /xingrg/dwr/call/plaincall/AjaxQqpsService.loadMaterielItems.dwr HTTP/1.1" 200 329
180.169.147.146 - - [03/Oct/2021:09:38:21 +0800] "POST /xingrg/all/user/operate.html HTTP/1.1" 200 36
180.169.147.146 - - [03/Oct/2021:09:38:22 +0800] "GET /xingrg/index.html?sysBaseUrl=http%3A%2F%2F180.169.147.146%3A18081%2Fxingrg%2F&costTime=47×tamp=1633223057551 HTTP/1.1" 200 17503
180.169.147.146 - - [03/Oct/2021:09:38:22 +0800] "GET /xingrg/javascript/jquery_easy_ui/themes/default/easyui.css HTTP/1.1" 304 -
180.169.147.146 - - [03/Oct/2021:09:38:22 +0800] "GET /xingrg/javascript/jquery_easy_ui/themes/icon.css HTTP/1.1" 304 -
180.169.147.146 - - [03/Oct/2021:09:38:22 +0800] "GET /xingrg/css/form.css HTTP/1.1" 304 -
180.169.147.146 - - [03/Oct/2021:09:38:22 +0800] "GET /xingrg/javascript/jquery-1.4.2.min.js HTTP/1.1" 304 -
180.169.147.146 - - [03/Oct/2021:09:38:22 +0800] "GET /xingrg/javascript/jquery_easy_ui/jquery.easyui.min.js HTTP/1.1" 304 -
180.169.147.146 - - [03/Oct/2021:09:38:22 +0800] "GET /xingrg/javascript/jquery_easy_ui/easyui-lang-zh_CN.js HTTP/1.1" 304 -
180.169.147.146 - - [03/Oct/2021:09:38:22 +0800] "GET /xingrg/javascript/jquery.form.js HTTP/1.1" 304 -
180.169.147.146 - - [03/Oct/2021:09:38:22 +0800] "GET /xingrg/javascript/jquery.utils.js HTTP/1.1" 304 -
180.169.147.146 - - [03/Oct/2021:09:38:22 +0800] "GET /xingrg/javascript/jquery.timers.js HTTP/1.1" 304 -
180.169.147.146 - - [03/Oct/2021:09:38:22 +0800] "GET /xingrg/images/blue/jxLogo.png HTTP/1.1" 304 -
180.169.147.146 - - [03/Oct/2021:09:38:22 +0800] "GET /xingrg/images/blue/navBackgound.jpg HTTP/1.1" 304 -
180.169.147.146 - - [03/Oct/2021:09:38:22 +0800] "GET /xingrg/javascript/jquery_easy_ui/themes/icons/settle_new.png HTTP/1.1" 304 -
180.169.147.146 - - [03/Oct/2021:09:38:22 +0800] "POST /xingrg/all/common/load_tree.html?tree=area_rest_tree_json&manage=1 HTTP/1.1" 200 2338
180.169.147.146 - - [03/Oct/2021:09:38:22 +0800] "GET /xingrg/all/function/internal_message.html?_=1633225149247&CODE_STATE=count HTTP/1.1" 200 11
180.169.147.146 - - [03/Oct/2021:09:38:22 +0800] "GET /xingrg/check_reg.html?_=1633225149249 HTTP/1.1" 200 22
180.169.147.146 - - [03/Oct/2021:09:38:22 +0800] "GET /xingrg/javascript/jquery_easy_ui/themes/default/images/tabs_rightarrow.png HTTP/1.1" 304 -
180.169.147.146 - - [03/Oct/2021:09:38:22 +0800] "GET /xingrg/javascript/jquery_easy_ui/themes/default/images/panel_tool_expand.gif HTTP/1.1" 304 -
180.169.147.146 - - [03/Oct/2021:09:38:22 +0800] "GET /xingrg/javascript/jquery_easy_ui/themes/default/images/tabs_leftarrow.png HTTP/1.1" 304 -
180.169.147.146 - - [03/Oct/2021:09:38:22 +0800] "GET /xingrg/images/blue/pingpu.png HTTP/1.1" 304 -
180.169.147.146 - - [03/Oct/2021:09:38:22 +0800] "GET /xingrg/javascript/jquery_easy_ui/themes/default/images/panel_tool_collapse.gif HTTP/1.1" 304 -
180.169.147.146 - - [03/Oct/2021:09:38:22 +0800] "POST /xingrg/load_menu.html HTTP/1.1" 200 9959
58.39.139.200 - - [03/Oct/2021:09:38:22 +0800] "GET /xingrg/javascript/jquery_easy_ui/themes/default/images/button_plain_hover.png HTTP/1.1" 304 -
58.39.139.200 - - [03/Oct/2021:09:38:23 +0800] "GET /xingrg/kc/mdqp/qqps_order_list.html?isBack=1 HTTP/1.1" 302 -
222.70.178.96 - - [03/Oct/2021:09:38:23 +0800] "POST /xingrg/kc/buy/cgsh_order_operate.html HTTP/1.1" 200 2065
58.39.139.200 - - [03/Oct/2021:09:38:23 +0800] "GET /xingrg/kc/mdqp/qqps_order_list.html?isQuery=1&timeSelect=1&orderTime=day&startTime=2021-09-30&endTime=2021-10-03&state=all&query=%C8%B7++%B6%A8 HTTP/1.1" 200 13460
58.39.139.200 - - [03/Oct/2021:09:38:23 +0800] "GET /xingrg/dwr/interface/AjaxQqpsService.js HTTP/1.1" 200 16326
58.39.139.200 - - [03/Oct/2021:09:38:23 +0800] "GET /xingrg/dwr/interface/AjaxReportQueryService.js HTTP/1.1" 200 13203
58.39.139.200 - - [03/Oct/2021:09:38:23 +0800] "GET /xingrg/dwr/engine.js HTTP/1.1" 200 43631
180.169.147.146 - - [03/Oct/2021:09:38:23 +0800] "GET /xingrg/kc/report/report_main.html HTTP/1.1" 200 7345
180.169.147.146 - - [03/Oct/2021:09:38:25 +0800] "GET /xingrg/kc/base/crk_hz.html HTTP/1.1" 200 11247
180.169.147.146 - - [03/Oct/2021:09:38:25 +0800] "POST /xingrg/kc/cost/cost_operate.html?command=get_base_tree HTTP/1.1" 200 2524
180.169.147.146 - - [03/Oct/2021:09:38:25 +0800] "POST /xingrg/all/common/load_tree.html?tree=materiel_sort_tree_json HTTP/1.1" 200 8912
58.39.139.200 - - [03/Oct/2021:09:38:25 +0800] "GET /xingrg/kc/mdqp/qqps_order_info.html?code=302021100100006 HTTP/1.1" 200 26639
58.39.139.200 - - [03/Oct/2021:09:38:25 +0800] "GET /xingrg/dwr/interface/AjaxQqpsService.js HTTP/1.1" 200 16326
58.39.139.200 - - [03/Oct/2021:09:38:25 +0800] "GET /xingrg/dwr/interface/AjaxComOrderService.js HTTP/1.1" 200 18264
58.39.139.200 - - [03/Oct/2021:09:38:25 +0800] "GET /xingrg/dwr/engine.js HTTP/1.1" 200 43631
58.39.139.200 - - [03/Oct/2021:09:38:25 +0800] "POST /xingrg/dwr/call/plaincall/AjaxQqpsService.loadMaterielItems.dwr HTTP/1.1" 200 687
180.152.237.0 - - [03/Oct/2021:09:38:27 +0800] "GET /xingrg/all/function/internal_message.html?_=1633225087754&CODE_STATE=getMsg HTTP/1.1" 200 27
180.169.147.146 - - [03/Oct/2021:09:38:28 +0800] "GET /xingrg/all/common/get_data_part.html?part=previousMonth&_=1633225155064 HTTP/1.1" 200 41
222.70.178.96 - - [03/Oct/2021:09:38:29 +0800] "GET /xingrg/all/function/internal_message.html?_=1633225107434&CODE_STATE=getMsg HTTP/1.1" 200 27
180.169.147.146 - - [03/Oct/2021:09:38:30 +0800] "GET /xingrg/kc/base/crk_hz.html?_=1633225157297&command=get_cost_id&end_date=2021-09-30&start_date=2021-09-01 HTTP/1.1" 200 51
180.169.147.146 - - [03/Oct/2021:09:38:30 +0800] "GET /xingrg/all/report/report_query.html?isQuery=1&onlyBody=1&rh=99999&rw=1800&varString=start:20210901,cost_id:3292,mid:20210901&fileName=kc/base/crk_hz_type_by_base.xml&queryString=&queryText=ÈÕÆÚ£º2021-09-01ÖÁ2021-09-30&tableQueryString=materiel_table$sp1$$sp$before_table$sp1$$sp$crk_table$sp1$order_day%20between%2020210901%20and%2020210930 HTTP/1.1" 200 49363
180.169.147.146 - - [03/Oct/2021:09:38:30 +0800] "GET /xingrg/dwr/interface/AjaxReportQueryService.js HTTP/1.1" 200 13203
180.169.147.146 - - [03/Oct/2021:09:38:30 +0800] "GET /xingrg/dwr/engine.js HTTP/1.1" 200 43631
222.70.178.96 - - [03/Oct/2021:09:38:31 +0800] "GET /xingrg/kc/buy/cgsh_order_operate.html?command=get_materiel&rest_code=00111&code=00101008291&supplier_code=00100005&order_time=2021-10-03 HTTP/1.1" 200 408
172.20.0.100 - - [03/Oct/2021:09:38:31 +0800] "GET /xingrg/all/function/internal_message.html?_=1633225111623&CODE_STATE=getMsg HTTP/1.1" 200 27
58.39.139.200 - - [03/Oct/2021:09:38:31 +0800] "GET /xingrg/kc/mdqp/qqps_order_list.html?isBack=1 HTTP/1.1" 302 -
58.39.139.200 - - [03/Oct/2021:09:38:31 +0800] "GET /xingrg/kc/mdqp/qqps_order_list.html?isQuery=1&timeSelect=1&orderTime=day&startTime=2021-09-30&endTime=2021-10-03&state=all&query=%C8%B7++%B6%A8 HTTP/1.1" 200 13460
58.39.139.200 - - [03/Oct/2021:09:38:31 +0800] "GET /xingrg/dwr/interface/AjaxReportQueryService.js HTTP/1.1" 200 13203
58.39.139.200 - - [03/Oct/2021:09:38:31 +0800] "GET /xingrg/dwr/interface/AjaxQqpsService.js HTTP/1.1" 200 16326
58.39.139.200 - - [03/Oct/2021:09:38:31 +0800] "GET /xingrg/dwr/engine.js HTTP/1.1" 200 43631
180.169.147.146 - - [03/Oct/2021:09:38:32 +0800] "POST /xingrg/all/report/load_report_page.html HTTP/1.1" 200 837803
58.40.7.146 - - [03/Oct/2021:09:38:32 +0800] "GET /xingrg/all/function/internal_message.html?_=1633225111925&CODE_STATE=getMsg HTTP/1.1" 200 27
180.169.147.146 - - [03/Oct/2021:09:38:32 +0800] "GET /xingrg/servlets/image?cache=0.00380306016656351&image=px HTTP/1.1" 200 807
58.39.139.200 - - [03/Oct/2021:09:38:34 +0800] "GET /xingrg/kc/mdqp/qqps_order_info.html?code=302021093000719 HTTP/1.1" 200 26639
58.39.139.200 - - [03/Oct/2021:09:38:34 +0800] "GET /xingrg/dwr/interface/AjaxComOrderService.js HTTP/1.1" 200 18264
58.39.139.200 - - [03/Oct/2021:09:38:34 +0800] "GET /xingrg/dwr/interface/AjaxQqpsService.js HTTP/1.1" 200 16326
58.39.139.200 - - [03/Oct/2021:09:38:34 +0800] "GET /xingrg/dwr/engine.js HTTP/1.1" 200 43631
58.39.139.200 - - [03/Oct/2021:09:38:34 +0800] "POST /xingrg/dwr/call/plaincall/AjaxQqpsService.loadMaterielItems.dwr HTTP/1.1" 200 3727
222.70.178.96 - - [03/Oct/2021:09:38:39 +0800] "GET /xingrg/kc/buy/cgsh_order_operate.html?command=get_materiel&rest_code=00111&code=00101008312&supplier_code=00100005&order_time=2021-10-03 HTTP/1.1" 200 412
116.232.50.208 - - [03/Oct/2021:09:38:44 +0800] "GET /xingrg/all/function/internal_message.html?_=1633225125646&CODE_STATE=getMsg HTTP/1.1" 200 27
116.230.105.26 - - [03/Oct/2021:09:38:49 +0800] "GET /xingrg/all/function/internal_message.html?_=1633225120705&CODE_STATE=getMsg HTTP/1.1" 200 27
222.70.178.96 - - [03/Oct/2021:09:38:54 +0800] "GET /xingrg/kc/buy/cgsh_order_operate.html?command=get_materiel&rest_code=00111&code=00101008101&supplier_code=00100005&order_time=2021-10-03 HTTP/1.1" 200 412
58.39.139.200 - - [03/Oct/2021:09:38:58 +0800] "GET /xingrg/all/function/internal_message.html?_=1633225138276&CODE_STATE=getMsg HTTP/1.1" 200 27
58.39.139.200 - - [03/Oct/2021:09:38:58 +0800] "GET /xingrg/check_reg.html?_=1633225138420 HTTP/1.1" 200 22
116.237.74.154 - - [03/Oct/2021:09:39:01 +0800] "GET /xingrg/all/function/internal_message.html?_=1633225141194&CODE_STATE=getMsg HTTP/1.1" 200 27
114.83.220.18 - - [03/Oct/2021:09:39:03 +0800] "GET /xingrg/all/function/internal_message.html?_=1633225143257&CODE_STATE=getMsg HTTP/1.1" 200 27
58.39.139.200 - - [03/Oct/2021:09:39:11 +0800] "GET /xingrg/kc/mdqp/qqps_order_list.html?isBack=1 HTTP/1.1" 302 -
58.39.139.200 - - [03/Oct/2021:09:39:11 +0800] "GET /xingrg/kc/mdqp/qqps_order_list.html?isQuery=1&timeSelect=1&orderTime=day&startTime=2021-09-30&endTime=2021-10-03&state=all&query=%C8%B7++%B6%A8 HTTP/1.1" 200 13460
58.39.139.200 - - [03/Oct/2021:09:39:11 +0800] "GET /xingrg/dwr/interface/AjaxQqpsService.js HTTP/1.1" 200 16326
58.39.139.200 - - [03/Oct/2021:09:39:11 +0800] "GET /xingrg/dwr/interface/AjaxReportQueryService.js HTTP/1.1" 200 13203
58.39.139.200 - - [03/Oct/2021:09:39:11 +0800] "GET /xingrg/dwr/engine.js HTTP/1.1" 200 43631
180.169.147.146 - - [03/Oct/2021:09:39:12 +0800] "GET /xingrg/all/function/internal_message.html?_=1633225152489&CODE_STATE=getMsg HTTP/1.1" 200 27
116.238.248.233 - - [03/Oct/2021:09:39:12 +0800] "GET /xingrg/all/function/internal_message.html?_=1633225151712&CODE_STATE=getMsg HTTP/1.1" 200 27
58.39.139.200 - - [03/Oct/2021:09:39:13 +0800] "GET /xingrg/kc/mdqp/qqps_order_info.html?code=302021093000718 HTTP/1.1" 200 26639
58.39.139.200 - - [03/Oct/2021:09:39:13 +0800] "GET /xingrg/dwr/interface/AjaxComOrderService.js HTTP/1.1" 200 18264
58.39.139.200 - - [03/Oct/2021:09:39:13 +0800] "GET /xingrg/dwr/interface/AjaxQqpsService.js HTTP/1.1" 200 16326
58.39.139.200 - - [03/Oct/2021:09:39:13 +0800] "GET /xingrg/dwr/engine.js HTTP/1.1" 200 43631
58.39.139.200 - - [03/Oct/2021:09:39:14 +0800] "POST /xingrg/dwr/call/plaincall/AjaxQqpsService.loadMaterielItems.dwr HTTP/1.1" 200 12745
58.39.139.200 - - [03/Oct/2021:09:39:15 +0800] "GET /xingrg/kc/mdqp/qqps_order_list.html?isBack=1 HTTP/1.1" 302 -
58.39.139.200 - - [03/Oct/2021:09:39:15 +0800] "GET /xingrg/kc/mdqp/qqps_order_list.html?isQuery=1&timeSelect=1&orderTime=day&startTime=2021-09-30&endTime=2021-10-03&state=all&query=%C8%B7++%B6%A8 HTTP/1.1" 200 13460
58.39.139.200 - - [03/Oct/2021:09:39:15 +0800] "GET /xingrg/dwr/interface/AjaxReportQueryService.js HTTP/1.1" 200 13203
58.39.139.200 - - [03/Oct/2021:09:39:15 +0800] "GET /xingrg/dwr/interface/AjaxQqpsService.js HTTP/1.1" 200 16326
58.39.139.200 - - [03/Oct/2021:09:39:15 +0800] "GET /xingrg/dwr/engine.js HTTP/1.1" 200 43631
222.70.246.151 - - [03/Oct/2021:09:39:17 +0800] "GET /xingrg/all/function/internal_message.html?_=1633225158733&CODE_STATE=getMsg HTTP/1.1" 200 27
58.39.139.200 - - [03/Oct/2021:09:39:18 +0800] "GET /xingrg/kc/mdqp/qqps_order_info.html?code=302021093000716 HTTP/1.1" 200 26639
58.39.139.200 - - [03/Oct/2021:09:39:18 +0800] "GET /xingrg/dwr/interface/AjaxComOrderService.js HTTP/1.1" 200 18264
58.39.139.200 - - [03/Oct/2021:09:39:18 +0800] "GET /xingrg/dwr/interface/AjaxQqpsService.js HTTP/1.1" 200 16326
58.39.139.200 - - [03/Oct/2021:09:39:18 +0800] "GET /xingrg/dwr/engine.js HTTP/1.1" 200 43631
58.39.139.200 - - [03/Oct/2021:09:39:18 +0800] "POST /xingrg/dwr/call/plaincall/AjaxQqpsService.loadMaterielItems.dwr HTTP/1.1" 200 1291
58.39.139.200 - - [03/Oct/2021:09:39:20 +0800] "GET /xingrg/kc/mdqp/qqps_order_list.html?isBack=1 HTTP/1.1" 302 -
58.39.139.200 - - [03/Oct/2021:09:39:20 +0800] "GET /xingrg/kc/mdqp/qqps_order_list.html?isQuery=1&timeSelect=1&orderTime=day&startTime=2021-09-30&endTime=2021-10-03&state=all&query=%C8%B7++%B6%A8 HTTP/1.1" 200 13460
58.39.139.200 - - [03/Oct/2021:09:39:20 +0800] "GET /xingrg/dwr/interface/AjaxReportQueryService.js HTTP/1.1" 200 13203
58.39.139.200 - - [03/Oct/2021:09:39:20 +0800] "GET /xingrg/dwr/interface/AjaxQqpsService.js HTTP/1.1" 200 16326
58.39.139.200 - - [03/Oct/2021:09:39:20 +0800] "GET /xingrg/dwr/engine.js HTTP/1.1" 200 43631
58.39.139.200 - - [03/Oct/2021:09:39:22 +0800] "GET /xingrg/kc/mdqp/qqps_order_info.html?code=302021093000712 HTTP/1.1" 200 26639
180.169.147.146 - - [03/Oct/2021:09:39:22 +0800] "GET /xingrg/all/function/internal_message.html?_=1633225209254&CODE_STATE=getMsg HTTP/1.1" 200 27
58.39.139.200 - - [03/Oct/2021:09:39:22 +0800] "GET /xingrg/dwr/interface/AjaxComOrderService.js HTTP/1.1" 200 18264
58.39.139.200 - - [03/Oct/2021:09:39:22 +0800] "GET /xingrg/dwr/interface/AjaxQqpsService.js HTTP/1.1" 200 16326
58.39.139.200 - - [03/Oct/2021:09:39:22 +0800] "GET /xingrg/dwr/engine.js HTTP/1.1" 200 43631
58.39.139.200 - - [03/Oct/2021:09:39:23 +0800] "POST /xingrg/dwr/call/plaincall/AjaxQqpsService.loadMaterielItems.dwr HTTP/1.1" 200 4463
222.70.178.96 - - [03/Oct/2021:09:39:27 +0800] "GET /xingrg/kc/buy/cgsh_order_operate.html?command=get_materiel&rest_code=00111&code=00101008240&supplier_code=00100005&order_time=2021-10-03 HTTP/1.1" 200 413
180.152.237.0 - - [03/Oct/2021:09:39:27 +0800] "GET /xingrg/all/function/internal_message.html?_=1633225147767&CODE_STATE=getMsg HTTP/1.1" 200 27
222.70.178.96 - - [03/Oct/2021:09:39:29 +0800] "GET /xingrg/all/function/internal_message.html?_=1633225167470&CODE_STATE=getMsg HTTP/1.1" 200 27
222.70.178.96 - - [03/Oct/2021:09:39:29 +0800] "POST /xingrg/kc/buy/cgsh_order_operate.html HTTP/1.1" 200 2065
180.169.147.146 - - [03/Oct/2021:09:39:30 +0800] "GET /xingrg/all/report/report_query.html?isQuery=1&fileName=kc/base/crk_detail_by_small.xml&rh=99999&queryString=&queryText=%25E3%2580%2590%25E4%25BB%2593%25E5%25BA%2593%25E5%2590%258D%25E7%25A7%25B0%253A%25E9%25A3%259F%25E5%2593%2581%25E4%25BB%2593%25E5%25BA%2593%25E3%2580%2591%25E3%2580%2590%25E4%25B8%259A%25E5%258A%25A1%25E7%25B1%25BB%25E5%259E%258B%25EF%25BC%259A%25E9%2597%25A8%25E5%25BA%2597%25E9%2580%2580%25E8%25B4%25A7%25E3%2580%2591%2520%253F%253F%253F%253F%253F2021-09-01%253F%253F2021-09-30&tableQueryString=crk_table%2524sp1%2524order_day%2520between%252020210901%2520and%252020210930%2520and%2520(base_code%253D'0010094')%2520and%2520(src_order_type%2520in%2520(32))%2520and%2520(is_rk%2520in%2520(0)) HTTP/1.1" 200 53770
180.169.147.146 - - [03/Oct/2021:09:39:30 +0800] "GET /xingrg/dwr/interface/AjaxReportQueryService.js HTTP/1.1" 200 13203
180.169.147.146 - - [03/Oct/2021:09:39:30 +0800] "GET /xingrg/dwr/engine.js HTTP/1.1" 200 43631
172.20.0.100 - - [03/Oct/2021:09:39:31 +0800] "GET /xingrg/all/function/internal_message.html?_=1633225171592&CODE_STATE=getMsg HTTP/1.1" 200 27
172.20.0.100 - - [03/Oct/2021:09:39:31 +0800] "GET /xingrg/check_reg.html?_=1633225172057 HTTP/1.1" 200 22
180.169.147.146 - - [03/Oct/2021:09:39:31 +0800] "POST /xingrg/all/report/load_report_page.html HTTP/1.1" 200 11723
180.169.147.146 - - [03/Oct/2021:09:39:31 +0800] "GET /xingrg/servlets/image?cache=0.3582545274605833&image=px HTTP/1.1" 200 807
58.40.7.146 - - [03/Oct/2021:09:39:32 +0800] "GET /xingrg/all/function/internal_message.html?_=1633225171929&CODE_STATE=getMsg HTTP/1.1" 200 27
180.169.147.146 - - [03/Oct/2021:09:39:33 +0800] "GET /xingrg/all/report/report_query.html?isQuery=1&fileName=kc/base/crk_detail_by_materiel.xml&queryString=&queryText=%25E3%2580%2590%25E4%25BB%2593%25E5%25BA%2593%25E5%2590%258D%25E7%25A7%25B0%253A%25E9%25A3%259F%25E5%2593%2581%25E4%25BB%2593%25E5%25BA%2593%25E3%2580%2591%25E3%2580%2590%25E4%25B8%259A%25E5%258A%25A1%25E7%25B1%25BB%25E5%259E%258B%25EF%25BC%259A%25E9%2597%25A8%25E5%25BA%2597%25E9%2580%2580%25E8%25B4%25A7%25E3%2580%2591%2520%253F%253F%253F%253F%253F2021-09-01%253F%253F2021-09-30&tableQueryString=crk_table%2524sp1%2524order_day%2520between%252020210901%2520and%252020210930%2520and%2520(base_code%253D'0010094')%2520and%2520(src_order_type%2520in%2520(32))%2520and%2520(is_rk%2520in%2520(0))%2520and%2520(m.sort_code%253D'00101019') HTTP/1.1" 200 53797
180.169.147.146 - - [03/Oct/2021:09:39:34 +0800] "GET /xingrg/dwr/interface/AjaxReportQueryService.js HTTP/1.1" 200 13203
180.169.147.146 - - [03/Oct/2021:09:39:34 +0800] "GET /xingrg/dwr/engine.js HTTP/1.1" 200 43631
180.169.147.146 - - [03/Oct/2021:09:39:34 +0800] "POST /xingrg/all/report/load_report_page.html HTTP/1.1" 200 16007
180.169.147.146 - - [03/Oct/2021:09:39:34 +0800] "GET /xingrg/servlets/image?cache=0.915398317606338&image=px HTTP/1.1" 200 807
58.40.7.146 - - [03/Oct/2021:09:39:38 +0800] "GET /xingrg/javascript/jquery_easy_ui/themes/icons/rest.png HTTP/1.1" 200 695
58.40.7.146 - - [03/Oct/2021:09:39:38 +0800] "GET /xingrg/javascript/jquery_easy_ui/themes/icons/area.png HTTP/1.1" 200 262
222.70.178.96 - - [03/Oct/2021:09:39:40 +0800] "GET /xingrg/kc/buy/cgsh_order_operate.html?command=get_materiel&rest_code=00111&code=00101008257&supplier_code=00100005&order_time=2021-10-03 HTTP/1.1" 200 416
58.39.139.200 - - [03/Oct/2021:09:39:43 +0800] "GET /xingrg/kc/mdqp/pssh_order_list.html HTTP/1.1" 200 17907
58.39.139.200 - - [03/Oct/2021:09:39:43 +0800] "POST /xingrg/kc/mdqp/pssh_list_operate.html HTTP/1.1" 200 5298
116.232.50.208 - - [03/Oct/2021:09:39:44 +0800] "GET /xingrg/all/function/internal_message.html?_=1633225185648&CODE_STATE=getMsg HTTP/1.1" 200 27
58.39.139.200 - - [03/Oct/2021:09:39:44 +0800] "POST /xingrg/kc/mdqp/pssh_list_operate.html HTTP/1.1" 200 757
58.39.139.200 - - [03/Oct/2021:09:39:45 +0800] "GET /xingrg/kc/mdqp/pssh_order_info.html?code=312021100100010 HTTP/1.1" 200 17293
58.39.139.200 - - [03/Oct/2021:09:39:45 +0800] "GET /xingrg/javascript/jquery_tools/jquery-1.4.2.min.js HTTP/1.1" 404 1094
58.39.139.200 - - [03/Oct/2021:09:39:45 +0800] "POST /xingrg/kc/mdqp/pssh_order_operate.html HTTP/1.1" 200 6258
58.39.139.200 - - [03/Oct/2021:09:39:45 +0800] "GET /xingrg/javascript/easyui/themes/default/validatebox.css HTTP/1.1" 404 1104
58.39.139.200 - - [03/Oct/2021:09:39:49 +0800] "POST /xingrg/all/common/load_combo.html?type=employee HTTP/1.1" 200 356
116.230.105.26 - - [03/Oct/2021:09:39:49 +0800] "GET /xingrg/all/function/internal_message.html?_=1633225180711&CODE_STATE=getMsg HTTP/1.1" 200 27
222.70.178.96 - - [03/Oct/2021:09:39:49 +0800] "GET /xingrg/kc/buy/cgsh_order_operate.html?command=get_materiel&rest_code=00111&code=00101008089&supplier_code=00100005&order_time=2021-10-03 HTTP/1.1" 200 408
58.39.139.200 - - [03/Oct/2021:09:39:52 +0800] "POST /xingrg/kc/mdqp/pssh_order_operate.html HTTP/1.1" 200 37
58.39.139.200 - - [03/Oct/2021:09:39:53 +0800] "POST /xingrg/kc/mdqp/pssh_order_operate.html HTTP/1.1" 200 6258
58.39.139.200 - - [03/Oct/2021:09:39:55 +0800] "POST /xingrg/kc/mdqp/pssh_order_operate.html HTTP/1.1" 200 37
