172.20.0.100 - - [03/Oct/2021:10:40:57 +0800] "GET /xingrg/all/function/internal_message.html?_=1633228857517&CODE_STATE=getMsg HTTP/1.1" 200 27
58.39.139.200 - - [03/Oct/2021:10:40:57 +0800] "GET /xingrg/all/function/internal_message.html?_=1633228856852&CODE_STATE=getMsg HTTP/1.1" 200 27
124.79.246.142 - - [03/Oct/2021:10:40:58 +0800] "POST /xingrg/kc/buy/cgsh_order_operate.html HTTP/1.1" 200 37
124.79.246.142 - - [03/Oct/2021:10:40:59 +0800] "POST /xingrg/kc/buy/cgsh_order_operate.html HTTP/1.1" 200 5012
116.237.74.154 - - [03/Oct/2021:10:40:59 +0800] "GET /xingrg/kc/buy/cgsh_order_operate.html?command=get_materiel&rest_code=00106&code=00101008147&supplier_code=00100009&order_time=2021-10-03 HTTP/1.1" 200 416
120.253.135.82 - - [03/Oct/2021:10:41:00 +0800] "POST /xingrg/kc/pszx/mdps_list_operate.html HTTP/1.1" 200 454
120.253.135.82 - - [03/Oct/2021:10:41:02 +0800] "POST /xingrg/kc/pszx/mdps_list_operate.html HTTP/1.1" 200 214
124.79.246.142 - - [03/Oct/2021:10:41:02 +0800] "GET /xingrg/kc/print/load_data.html?order_code=212021100301138&kc_code=cgsh&condition= HTTP/1.1" 200 1625
114.83.220.18 - - [03/Oct/2021:10:41:02 +0800] "GET /xingrg/all/function/internal_message.html?_=1633228862354&CODE_STATE=getMsg HTTP/1.1" 200 27
116.237.74.154 - - [03/Oct/2021:10:41:06 +0800] "GET /xingrg/kc/buy/cgsh_order_operate.html?command=get_materiel&rest_code=00106&code=00101008037&supplier_code=00100009&order_time=2021-10-03 HTTP/1.1" 200 413
120.253.135.82 - - [03/Oct/2021:10:41:07 +0800] "POST /xingrg/kc/pszx/mdps_list_operate.html HTTP/1.1" 200 232
61.151.179.84 - - [03/Oct/2021:10:41:07 +0800] "GET /xingrg/kc/buy/cgsh_order_operate.html?command=get_materiel&rest_code=00106&code=00101006038&supplier_code=00100016&order_time=2021-10-03 HTTP/1.1" 302 -
61.151.179.84 - - [03/Oct/2021:10:41:07 +0800] "GET /xingrg/login.html HTTP/1.1" 200 7641
120.253.135.82 - - [03/Oct/2021:10:41:08 +0800] "POST /xingrg/kc/pszx/mdps_list_operate.html HTTP/1.1" 200 457
116.230.105.26 - - [03/Oct/2021:10:41:09 +0800] "GET /xingrg/all/function/internal_message.html?_=1633228860479&CODE_STATE=getMsg HTTP/1.1" 200 27
120.253.135.82 - - [03/Oct/2021:10:41:10 +0800] "POST /xingrg/kc/pszx/mdps_list_operate.html HTTP/1.1" 200 374
120.253.135.82 - - [03/Oct/2021:10:41:13 +0800] "POST /xingrg/kc/pszx/mdps_list_operate.html HTTP/1.1" 200 216
116.237.74.154 - - [03/Oct/2021:10:41:15 +0800] "GET /xingrg/kc/buy/cgsh_order_operate.html?command=get_materiel&rest_code=00106&code=00101008530&supplier_code=00100009&order_time=2021-10-03 HTTP/1.1" 200 422
120.253.135.82 - - [03/Oct/2021:10:41:15 +0800] "POST /xingrg/kc/pszx/mdps_list_operate.html HTTP/1.1" 200 203
120.253.135.82 - - [03/Oct/2021:10:41:17 +0800] "POST /xingrg/kc/pszx/mdps_list_operate.html HTTP/1.1" 200 641
120.253.135.82 - - [03/Oct/2021:10:41:19 +0800] "POST /xingrg/kc/pszx/mdps_list_operate.html HTTP/1.1" 200 615
116.237.74.154 - - [03/Oct/2021:10:41:21 +0800] "GET /xingrg/all/function/internal_message.html?_=1633228876021&CODE_STATE=getMsg HTTP/1.1" 200 27
116.237.74.154 - - [03/Oct/2021:10:41:21 +0800] "GET /xingrg/check_reg.html?_=1633228876058 HTTP/1.1" 200 22
222.70.246.151 - - [03/Oct/2021:10:41:21 +0800] "GET /xingrg/all/function/internal_message.html?_=1633228882665&CODE_STATE=getMsg HTTP/1.1" 200 27
180.169.147.146 - - [03/Oct/2021:10:41:22 +0800] "GET /xingrg/all/function/internal_message.html?_=1633228929335&CODE_STATE=getMsg HTTP/1.1" 200 27
116.237.74.154 - - [03/Oct/2021:10:41:26 +0800] "POST /xingrg/kc/buy/cgsh_order_operate.html HTTP/1.1" 200 37
180.152.237.0 - - [03/Oct/2021:10:41:26 +0800] "POST /xingrg/kc/mdqp/pssh_list_operate.html HTTP/1.1" 200 776
222.70.178.96 - - [03/Oct/2021:10:41:28 +0800] "GET /xingrg/all/function/internal_message.html?_=1633228886482&CODE_STATE=getMsg HTTP/1.1" 200 27
101.91.60.11 - - [03/Oct/2021:10:41:28 +0800] "GET /xingrg/kc/buy/cgsh_order_info.html?code=212021100301137 HTTP/1.1" 302 -
101.91.60.11 - - [03/Oct/2021:10:41:28 +0800] "GET /xingrg/login.html HTTP/1.1" 200 7641
222.70.178.96 - - [03/Oct/2021:10:41:28 +0800] "GET /xingrg/check_reg.html?_=1633228887232 HTTP/1.1" 200 22
180.169.147.146 - - [03/Oct/2021:10:41:29 +0800] "GET /xingrg/all/function/internal_message.html?_=1633228890892&CODE_STATE=getMsg HTTP/1.1" 200 27
101.91.60.11 - - [03/Oct/2021:10:41:30 +0800] "GET /xingrg/kc/print/load_data.html?order_code=212021100301137&kc_code=cgsh&condition= HTTP/1.1" 302 -
116.237.74.154 - - [03/Oct/2021:10:41:30 +0800] "POST /xingrg/kc/buy/cgsh_order_operate.html HTTP/1.1" 200 12
101.91.60.11 - - [03/Oct/2021:10:41:31 +0800] "GET /xingrg/login.html HTTP/1.1" 200 7641
58.37.227.186 - - [03/Oct/2021:10:41:31 +0800] "GET /xingrg/check_reg.html?_=1633228749857 HTTP/1.1" 200 22
58.37.227.186 - - [03/Oct/2021:10:41:31 +0800] "GET /xingrg/all/function/internal_message.html?_=1633228749857&CODE_STATE=getMsg HTTP/1.1" 200 27
116.237.74.154 - - [03/Oct/2021:10:41:32 +0800] "GET /xingrg/kc/buy/cgsh_order_info.html?code=212021100301139 HTTP/1.1" 200 59537
180.157.253.110 - - [03/Oct/2021:10:41:32 +0800] "GET /xingrg/all/function/internal_message.html?_=1633228893063&CODE_STATE=getMsg HTTP/1.1" 200 27
116.237.74.154 - - [03/Oct/2021:10:41:33 +0800] "GET /xingrg/javascript/easyui/themes/default/validatebox.css HTTP/1.1" 404 1104
116.238.248.233 - - [03/Oct/2021:10:41:33 +0800] "GET /xingrg/all/function/internal_message.html?_=1633228891974&CODE_STATE=getMsg HTTP/1.1" 200 27
116.237.74.154 - - [03/Oct/2021:10:41:33 +0800] "POST /xingrg/kc/buy/cgsh_order_operate.html HTTP/1.1" 200 2406
180.152.237.0 - - [03/Oct/2021:10:41:34 +0800] "POST /xingrg/kc/mdqp/pssh_list_operate.html HTTP/1.1" 200 366
124.79.246.142 - - [03/Oct/2021:10:41:37 +0800] "GET /xingrg/kc/buy/cgsh_order_add.html HTTP/1.1" 200 64622
124.79.246.142 - - [03/Oct/2021:10:41:38 +0800] "GET /xingrg/javascript/easyui/themes/default/validatebox.css HTTP/1.1" 404 1104
124.79.246.142 - - [03/Oct/2021:10:41:38 +0800] "POST /xingrg/kc/buy/cgsh_order_operate.html HTTP/1.1" 200 8245
180.152.237.0 - - [03/Oct/2021:10:41:40 +0800] "GET /xingrg/all/function/internal_message.html?_=1633228880763&CODE_STATE=getMsg HTTP/1.1" 200 27
180.169.147.146 - - [03/Oct/2021:10:41:46 +0800] "GET /xingrg/all/function/internal_message.html?_=1633228905625&CODE_STATE=getMsg HTTP/1.1" 200 27
180.152.237.0 - - [03/Oct/2021:10:41:47 +0800] "GET /xingrg/all/function/internal_message.html?_=1633228906520&CODE_STATE=getMsg HTTP/1.1" 200 27
101.91.62.89 - - [03/Oct/2021:10:41:49 +0800] "GET /xingrg/kc/buy/cgsh_order_operate.html?command=get_materiel&rest_code=00106&code=00101008146&supplier_code=00100009&order_time=2021-10-03 HTTP/1.1" 302 -
101.91.62.89 - - [03/Oct/2021:10:41:49 +0800] "GET /xingrg/login.html HTTP/1.1" 200 7641
124.79.246.142 - - [03/Oct/2021:10:41:50 +0800] "GET /xingrg/all/function/internal_message.html?_=1633229014260&CODE_STATE=getMsg HTTP/1.1" 200 27
116.237.74.154 - - [03/Oct/2021:10:41:53 +0800] "GET /xingrg/kc/print/load_data.html?order_code=212021100301139&kc_code=cgsh&condition= HTTP/1.1" 200 1477
101.91.60.11 - - [03/Oct/2021:10:41:56 +0800] "GET /xingrg/kc/buy/cgsh_order_operate.html?command=get_materiel&rest_code=00106&code=00101008147&supplier_code=00100009&order_time=2021-10-03 HTTP/1.1" 302 -
172.20.0.100 - - [03/Oct/2021:10:41:57 +0800] "GET /xingrg/all/function/internal_message.html?_=1633228917533&CODE_STATE=getMsg HTTP/1.1" 200 27
58.39.139.200 - - [03/Oct/2021:10:41:57 +0800] "GET /xingrg/all/function/internal_message.html?_=1633228916831&CODE_STATE=getMsg HTTP/1.1" 200 27
101.91.60.11 - - [03/Oct/2021:10:41:57 +0800] "GET /xingrg/login.html HTTP/1.1" 200 7641
116.237.74.154 - - [03/Oct/2021:10:41:57 +0800] "GET /xingrg/kc/print/load_data.html?order_code=212021100301139&kc_code=cgsh HTTP/1.1" 200 1477
120.253.135.82 - - [03/Oct/2021:10:42:01 +0800] "GET /xingrg/kc/pszx/mdqp_order_list.html?state=10 HTTP/1.1" 200 10217
120.253.135.82 - - [03/Oct/2021:10:42:01 +0800] "GET /xingrg/dwr/interface/AjaxQqpsService.js HTTP/1.1" 200 16326
120.253.135.82 - - [03/Oct/2021:10:42:01 +0800] "GET /xingrg/dwr/interface/AjaxReportQueryService.js HTTP/1.1" 200 13203
120.253.135.82 - - [03/Oct/2021:10:42:01 +0800] "GET /xingrg/dwr/engine.js HTTP/1.1" 200 43631
222.70.246.151 - - [03/Oct/2021:10:42:02 +0800] "GET /xingrg/check_reg.html?_=1633228944247 HTTP/1.1" 302 -
114.83.220.18 - - [03/Oct/2021:10:42:02 +0800] "GET /xingrg/all/function/internal_message.html?_=1633228922340&CODE_STATE=getMsg HTTP/1.1" 200 27
101.89.239.120 - - [03/Oct/2021:10:42:04 +0800] "GET /xingrg/kc/buy/cgsh_order_operate.html?command=get_materiel&rest_code=00106&code=00101008037&supplier_code=00100009&order_time=2021-10-03 HTTP/1.1" 302 -
114.83.220.18 - - [03/Oct/2021:10:42:04 +0800] "GET /xingrg/check_reg.html?_=1633228924084 HTTP/1.1" 200 22
101.89.239.120 - - [03/Oct/2021:10:42:04 +0800] "GET /xingrg/login.html HTTP/1.1" 200 7641
116.230.105.26 - - [03/Oct/2021:10:42:09 +0800] "GET /xingrg/all/function/internal_message.html?_=1633228920493&CODE_STATE=getMsg HTTP/1.1" 200 27
120.253.135.82 - - [03/Oct/2021:10:42:10 +0800] "GET /xingrg/kc/pszx/mdps_order_list.html?orderType=0 HTTP/1.1" 200 21089
120.253.135.82 - - [03/Oct/2021:10:42:10 +0800] "POST /xingrg/kc/pszx/mdps_list_operate.html HTTP/1.1" 200 5459
180.169.147.146 - - [03/Oct/2021:10:42:11 +0800] "GET /xingrg/login.html HTTP/1.1" 200 7641
180.169.147.146 - - [03/Oct/2021:10:42:11 +0800] "GET /xingrg/images/blue/jxLogo.png HTTP/1.1" 200 6156
180.169.147.146 - - [03/Oct/2021:10:42:12 +0800] "GET /xingrg/images/blue/hj.png HTTP/1.1" 200 1014
180.169.147.146 - - [03/Oct/2021:10:42:12 +0800] "GET /xingrg/images/blue/login_bg.png HTTP/1.1" 200 22101
180.169.147.146 - - [03/Oct/2021:10:42:12 +0800] "GET /xingrg/images/blue/srbg.png HTTP/1.1" 200 138
180.169.147.146 - - [03/Oct/2021:10:42:12 +0800] "GET /favicon.ico HTTP/1.1" 404 -
180.169.147.146 - - [03/Oct/2021:10:42:13 +0800] "POST /xingrg/login.do HTTP/1.1" 302 -
180.169.147.146 - - [03/Oct/2021:10:42:13 +0800] "GET /xingrg/index.html?sysBaseUrl=http%3A%2F%2F180.169.147.146%3A18081%2Fxingrg%2F&costTime=41×tamp=1633228933074 HTTP/1.1" 200 17503
180.169.147.146 - - [03/Oct/2021:10:42:13 +0800] "GET /xingrg/javascript/jquery_easy_ui/themes/icon.css HTTP/1.1" 200 3949
180.169.147.146 - - [03/Oct/2021:10:42:13 +0800] "GET /xingrg/css/form.css HTTP/1.1" 200 893
180.169.147.146 - - [03/Oct/2021:10:42:13 +0800] "GET /xingrg/javascript/jquery_easy_ui/themes/default/easyui.css HTTP/1.1" 200 26500
180.169.147.146 - - [03/Oct/2021:10:42:13 +0800] "GET /xingrg/javascript/jquery-1.4.2.min.js HTTP/1.1" 200 72205
180.169.147.146 - - [03/Oct/2021:10:42:13 +0800] "GET /xingrg/javascript/jquery_easy_ui/jquery.easyui.min.js HTTP/1.1" 200 213662
180.169.147.146 - - [03/Oct/2021:10:42:13 +0800] "GET /xingrg/javascript/jquery_easy_ui/easyui-lang-zh_CN.js HTTP/1.1" 200 1900
180.169.147.146 - - [03/Oct/2021:10:42:13 +0800] "GET /xingrg/javascript/jquery.form.js HTTP/1.1" 200 23110
180.169.147.146 - - [03/Oct/2021:10:42:13 +0800] "GET /xingrg/javascript/jquery.timers.js HTTP/1.1" 200 3532
180.169.147.146 - - [03/Oct/2021:10:42:13 +0800] "GET /xingrg/javascript/jquery.utils.js HTTP/1.1" 200 11805
180.169.147.146 - - [03/Oct/2021:10:42:13 +0800] "POST /xingrg/all/common/load_tree.html?tree=area_rest_tree_json&manage=1 HTTP/1.1" 200 3472
180.169.147.146 - - [03/Oct/2021:10:42:13 +0800] "GET /xingrg/check_reg.html?_=1633228935010 HTTP/1.1" 200 22
180.169.147.146 - - [03/Oct/2021:10:42:13 +0800] "GET /xingrg/all/function/internal_message.html?_=1633228935008&CODE_STATE=count HTTP/1.1" 200 11
180.169.147.146 - - [03/Oct/2021:10:42:13 +0800] "GET /xingrg/images/blue/pingpu.png HTTP/1.1" 200 231
180.169.147.146 - - [03/Oct/2021:10:42:13 +0800] "GET /xingrg/javascript/jquery_easy_ui/themes/default/images/tabs_leftarrow.png HTTP/1.1" 200 389
180.169.147.146 - - [03/Oct/2021:10:42:13 +0800] "GET /xingrg/javascript/jquery_easy_ui/themes/icons/settle_new.png HTTP/1.1" 200 826
180.169.147.146 - - [03/Oct/2021:10:42:13 +0800] "GET /xingrg/images/blue/navBackgound.jpg HTTP/1.1" 200 12378
180.169.147.146 - - [03/Oct/2021:10:42:13 +0800] "GET /xingrg/javascript/jquery_easy_ui/themes/default/images/tabs_rightarrow.png HTTP/1.1" 200 395
180.169.147.146 - - [03/Oct/2021:10:42:13 +0800] "GET /xingrg/javascript/jquery_easy_ui/themes/default/images/panel_tool_collapse.gif HTTP/1.1" 200 246
180.169.147.146 - - [03/Oct/2021:10:42:13 +0800] "GET /xingrg/javascript/jquery_easy_ui/themes/default/images/panel_tool_expand.gif HTTP/1.1" 200 247
180.169.147.146 - - [03/Oct/2021:10:42:13 +0800] "GET /favicon.ico HTTP/1.1" 404 -
180.169.147.146 - - [03/Oct/2021:10:42:13 +0800] "POST /xingrg/load_menu.html HTTP/1.1" 200 11443
180.169.147.146 - - [03/Oct/2021:10:42:13 +0800] "GET /xingrg/javascript/jquery_easy_ui/themes/default/images/tree_arrows.gif HTTP/1.1" 200 1043
180.169.147.146 - - [03/Oct/2021:10:42:13 +0800] "GET /xingrg/javascript/jquery_easy_ui/themes/default/images/tree_folder_open.gif HTTP/1.1" 200 956
180.169.147.146 - - [03/Oct/2021:10:42:13 +0800] "GET /xingrg/javascript/jquery_easy_ui/themes/icons/area.png HTTP/1.1" 200 262
180.169.147.146 - - [03/Oct/2021:10:42:13 +0800] "GET /xingrg/javascript/jquery_easy_ui/themes/icons/manage.png HTTP/1.1" 200 696
180.169.147.146 - - [03/Oct/2021:10:42:13 +0800] "GET /xingrg/javascript/jquery_easy_ui/themes/icons/rest.png HTTP/1.1" 200 695
180.169.147.146 - - [03/Oct/2021:10:42:13 +0800] "GET /xingrg/javascript/jquery_easy_ui/themes/icons/search_new.png HTTP/1.1" 200 586
180.169.147.146 - - [03/Oct/2021:10:42:13 +0800] "GET /xingrg/javascript/jquery_easy_ui/themes/icons/delivery_new.png HTTP/1.1" 200 700
180.169.147.146 - - [03/Oct/2021:10:42:13 +0800] "GET /xingrg/javascript/jquery_easy_ui/themes/icons/storage_new.png HTTP/1.1" 200 853
180.169.147.146 - - [03/Oct/2021:10:42:13 +0800] "GET /xingrg/javascript/jquery_easy_ui/themes/icons/checkout_new.png HTTP/1.1" 200 744
180.169.147.146 - - [03/Oct/2021:10:42:13 +0800] "GET /xingrg/javascript/jquery_easy_ui/themes/icons/forms_new.png HTTP/1.1" 200 350
180.169.147.146 - - [03/Oct/2021:10:42:13 +0800] "GET /xingrg/javascript/jquery_easy_ui/themes/icons/setting_new.png HTTP/1.1" 200 450
180.169.147.146 - - [03/Oct/2021:10:42:13 +0800] "GET /xingrg/javascript/jquery_easy_ui/themes/icons/systemset_new.png HTTP/1.1" 200 606
180.169.147.146 - - [03/Oct/2021:10:42:13 +0800] "GET /xingrg/javascript/jquery_easy_ui/themes/default/images/tree_file.gif HTTP/1.1" 200 118
180.169.147.146 - - [03/Oct/2021:10:42:13 +0800] "GET /xingrg/javascript/jquery_easy_ui/themes/default/images/tree_folder.gif HTTP/1.1" 200 952
180.169.147.146 - - [03/Oct/2021:10:42:14 +0800] "GET /xingrg/javascript/jquery_easy_ui/themes/default/images/tabs_close.gif HTTP/1.1" 200 829
180.169.147.146 - - [03/Oct/2021:10:42:14 +0800] "GET /xingrg/kc/report/report_main.html HTTP/1.1" 200 9370
180.169.147.146 - - [03/Oct/2021:10:42:14 +0800] "GET /xingrg/css/blue.css HTTP/1.1" 200 15949
180.169.147.146 - - [03/Oct/2021:10:42:14 +0800] "GET /xingrg/javascript/pic_change.js HTTP/1.1" 200 4739
180.169.147.146 - - [03/Oct/2021:10:42:14 +0800] "GET /xingrg/javascript/jquery_ui/themes/humanity/humanity.css HTTP/1.1" 200 27801
180.169.147.146 - - [03/Oct/2021:10:42:14 +0800] "GET /xingrg/javascript/myfunction.js HTTP/1.1" 200 24559
180.169.147.146 - - [03/Oct/2021:10:42:14 +0800] "GET /xingrg/javascript/json2.js HTTP/1.1" 200 11259
180.169.147.146 - - [03/Oct/2021:10:42:14 +0800] "GET /xingrg/javascript/jquery_easy_ui/themes/icons/back_new.png HTTP/1.1" 200 3414
101.91.60.11 - - [03/Oct/2021:10:42:15 +0800] "GET /xingrg/kc/buy/cgsh_order_operate.html?command=get_materiel&rest_code=00106&code=00101008530&supplier_code=00100009&order_time=2021-10-03 HTTP/1.1" 302 -
101.91.60.11 - - [03/Oct/2021:10:42:16 +0800] "GET /xingrg/login.html HTTP/1.1" 200 7641
180.169.147.146 - - [03/Oct/2021:10:42:16 +0800] "GET /xingrg/kc/base/crk_hz.html HTTP/1.1" 200 11247
180.169.147.146 - - [03/Oct/2021:10:42:16 +0800] "GET /xingrg/javascript/step/step.css HTTP/1.1" 200 999
180.169.147.146 - - [03/Oct/2021:10:42:16 +0800] "GET /xingrg/css/table.css HTTP/1.1" 200 3684
180.169.147.146 - - [03/Oct/2021:10:42:16 +0800] "POST /xingrg/kc/cost/cost_operate.html?command=get_base_tree HTTP/1.1" 200 863
180.169.147.146 - - [03/Oct/2021:10:42:16 +0800] "POST /xingrg/all/common/load_tree.html?tree=materiel_sort_tree_json HTTP/1.1" 200 8912
180.169.147.146 - - [03/Oct/2021:10:42:16 +0800] "GET /xingrg/images/control/ajaxLoader.gif HTTP/1.1" 200 4659
180.169.147.146 - - [03/Oct/2021:10:42:16 +0800] "GET /xingrg/javascript/jquery_easy_ui/themes/default/images/button_a_bg.gif HTTP/1.1" 200 1194
180.169.147.146 - - [03/Oct/2021:10:42:16 +0800] "GET /xingrg/javascript/jquery_easy_ui/themes/default/images/button_span_bg.gif HTTP/1.1" 200 2061
180.169.147.146 - - [03/Oct/2021:10:42:16 +0800] "GET /xingrg/javascript/jquery_easy_ui/themes/default/images/menu_downarrow.png HTTP/1.1" 200 173
180.169.147.146 - - [03/Oct/2021:10:42:16 +0800] "GET /xingrg/javascript/jquery_easy_ui/themes/default/images/menu.gif HTTP/1.1" 200 834
180.169.147.146 - - [03/Oct/2021:10:42:16 +0800] "GET /xingrg/javascript/jquery_easy_ui/themes/icons/search.png HTTP/1.1" 200 813
180.169.147.146 - - [03/Oct/2021:10:42:16 +0800] "GET /xingrg/javascript/jquery_easy_ui/themes/icons/print.png HTTP/1.1" 200 1057
180.169.147.146 - - [03/Oct/2021:10:42:16 +0800] "GET /xingrg/javascript/jquery_easy_ui/themes/default/images/combo_arrow_dot.gif HTTP/1.1" 200 79
180.169.147.146 - - [03/Oct/2021:10:42:16 +0800] "GET /xingrg/javascript/jquery_easy_ui/themes/default/images/calendar_prevmonth.gif HTTP/1.1" 200 66
180.169.147.146 - - [03/Oct/2021:10:42:16 +0800] "GET /xingrg/javascript/jquery_easy_ui/themes/default/images/calendar_nextmonth.gif HTTP/1.1" 200 64
180.169.147.146 - - [03/Oct/2021:10:42:16 +0800] "GET /xingrg/javascript/jquery_easy_ui/themes/default/images/calendar_prevyear.gif HTTP/1.1" 200 76
180.169.147.146 - - [03/Oct/2021:10:42:17 +0800] "GET /xingrg/javascript/jquery_easy_ui/themes/default/images/calendar_nextyear.gif HTTP/1.1" 200 75
180.169.147.146 - - [03/Oct/2021:10:42:17 +0800] "GET /xingrg/javascript/jquery_easy_ui/themes/default/images/tree_checkbox_0.gif HTTP/1.1" 200 168
180.169.147.146 - - [03/Oct/2021:10:42:19 +0800] "GET /xingrg/kc/buy/buy_main.html HTTP/1.1" 200 12341
180.169.147.146 - - [03/Oct/2021:10:42:19 +0800] "GET /xingrg/css/new_ie.css HTTP/1.1" 404 1036
180.169.147.146 - - [03/Oct/2021:10:42:19 +0800] "GET /xingrg/javascript/ToolTips.js HTTP/1.1" 200 5615
180.169.147.146 - - [03/Oct/2021:10:42:19 +0800] "GET /xingrg/javascript/jquery_ui/jquery-ui.min.js HTTP/1.1" 200 186181
180.169.147.146 - - [03/Oct/2021:10:42:19 +0800] "GET /xingrg/images/blue/button/cgxqd.gif HTTP/1.1" 200 2619
180.169.147.146 - - [03/Oct/2021:10:42:19 +0800] "GET /xingrg/images/blue/button/cgydd.gif HTTP/1.1" 200 2712
180.169.147.146 - - [03/Oct/2021:10:42:19 +0800] "GET /xingrg/images/blue/button/cgshd.gif HTTP/1.1" 200 2618
180.169.147.146 - - [03/Oct/2021:10:42:19 +0800] "GET /xingrg/images/blue/button/cgfkd.gif HTTP/1.1" 200 2075
180.169.147.146 - - [03/Oct/2021:10:42:19 +0800] "GET /xingrg/images/blue/button/kc.gif HTTP/1.1" 200 2160
180.169.147.146 - - [03/Oct/2021:10:42:19 +0800] "GET /xingrg/images/blue/button/right_ah.jpg HTTP/1.1" 200 1744
180.169.147.146 - - [03/Oct/2021:10:42:19 +0800] "GET /xingrg/images/blue/button/down_ah.jpg HTTP/1.1" 200 1732
180.169.147.146 - - [03/Oct/2021:10:42:19 +0800] "GET /xingrg/images/blue/button/ckthd.gif HTTP/1.1" 200 2045
180.169.147.146 - - [03/Oct/2021:10:42:19 +0800] "GET /xingrg/images/blue/pic_form2.gif HTTP/1.1" 200 1853
180.169.147.146 - - [03/Oct/2021:10:42:19 +0800] "GET /xingrg/images/blue/bg_dotted.jpg HTTP/1.1" 200 319
180.169.147.146 - - [03/Oct/2021:10:42:19 +0800] "GET /xingrg/javascript/jquery_ui/themes/humanity/images/ui-bg_inset-soft_100_f4f0ec_1x100.png HTTP/1.1" 200 141
180.169.147.146 - - [03/Oct/2021:10:42:19 +0800] "GET /xingrg/javascript/jquery_ui/themes/humanity/images/ui-iconsnew.jpg HTTP/1.1" 200 337
180.169.147.146 - - [03/Oct/2021:10:42:19 +0800] "GET /xingrg/javascript/jquery_ui/themes/humanity/images/ui-icons_c47a23_256x240.png HTTP/1.1" 200 5355
180.169.147.146 - - [03/Oct/2021:10:42:19 +0800] "GET /xingrg/javascript/jquery_ui/themes/humanity/images/ui-icons_ffffff_256x240.png HTTP/1.1" 200 4369
116.237.74.154 - - [03/Oct/2021:10:42:20 +0800] "GET /xingrg/kc/buy/cgsh_order_add.html HTTP/1.1" 200 64622
61.151.178.164 - - [03/Oct/2021:10:42:20 +0800] "GET /xingrg/all/function/internal_message.html?_=1633228876021&CODE_STATE=getMsg HTTP/1.1" 302 -
116.237.74.154 - - [03/Oct/2021:10:42:20 +0800] "GET /xingrg/javascript/easyui/themes/default/validatebox.css HTTP/1.1" 404 1104
116.237.74.154 - - [03/Oct/2021:10:42:20 +0800] "POST /xingrg/kc/buy/cgsh_order_operate.html HTTP/1.1" 200 8245
61.151.178.164 - - [03/Oct/2021:10:42:20 +0800] "GET /xingrg/login.html HTTP/1.1" 200 7641
116.237.74.154 - - [03/Oct/2021:10:42:21 +0800] "GET /xingrg/all/function/internal_message.html?_=1633228935977&CODE_STATE=getMsg HTTP/1.1" 200 27
61.151.178.165 - - [03/Oct/2021:10:42:21 +0800] "GET /xingrg/check_reg.html?_=1633228876058 HTTP/1.1" 302 -
61.151.178.165 - - [03/Oct/2021:10:42:21 +0800] "GET /xingrg/login.html HTTP/1.1" 200 7641
222.70.246.151 - - [03/Oct/2021:10:42:21 +0800] "GET /xingrg/all/function/internal_message.html?_=1633228942810&CODE_STATE=getMsg HTTP/1.1" 200 27
180.169.147.146 - - [03/Oct/2021:10:42:22 +0800] "GET /xingrg/all/function/internal_message.html?_=1633228989342&CODE_STATE=getMsg HTTP/1.1" 200 27
120.253.135.82 - - [03/Oct/2021:10:42:26 +0800] "POST /xingrg/kc/pszx/mdps_list_operate.html HTTP/1.1" 200 4239
116.237.74.154 - - [03/Oct/2021:10:42:26 +0800] "GET /xingrg/javascript/easyui/themes/default/tree.css HTTP/1.1" 404 1090
116.237.74.154 - - [03/Oct/2021:10:42:26 +0800] "POST /xingrg/all/common/load_tree.html?tree=supplier_tree_json&isDelete=1 HTTP/1.1" 200 60042
222.70.178.96 - - [03/Oct/2021:10:42:28 +0800] "GET /xingrg/all/function/internal_message.html?_=1633228946468&CODE_STATE=getMsg HTTP/1.1" 200 27
120.253.135.82 - - [03/Oct/2021:10:42:28 +0800] "POST /xingrg/kc/pszx/mdps_list_operate.html HTTP/1.1" 200 632
120.253.135.82 - - [03/Oct/2021:10:42:29 +0800] "GET /xingrg/kc/pszx/mdps_order_info.html?code=312021100300095 HTTP/1.1" 200 23925
120.253.135.82 - - [03/Oct/2021:10:42:29 +0800] "GET /xingrg/javascript/convert.js HTTP/1.1" 304 -
120.253.135.82 - - [03/Oct/2021:10:42:29 +0800] "GET /xingrg/javascript/jquery_tools/order_manager.js HTTP/1.1" 304 -
120.253.135.82 - - [03/Oct/2021:10:42:29 +0800] "GET /xingrg/javascript/print/kc_print.js HTTP/1.1" 304 -
180.169.147.146 - - [03/Oct/2021:10:42:29 +0800] "GET /xingrg/all/function/internal_message.html?_=1633228950896&CODE_STATE=getMsg HTTP/1.1" 200 27
120.253.135.82 - - [03/Oct/2021:10:42:29 +0800] "GET /xingrg/words/20211002120121_words.js HTTP/1.1" 304 -
120.253.135.82 - - [03/Oct/2021:10:42:29 +0800] "GET /xingrg/javascript/easyui/themes/icons/ok.png HTTP/1.1" 304 -
120.253.135.82 - - [03/Oct/2021:10:42:29 +0800] "GET /xingrg/javascript/easyui/themes/icons/copy_new.png HTTP/1.1" 304 -
120.253.135.82 - - [03/Oct/2021:10:42:29 +0800] "GET /xingrg/javascript/easyui/themes/icons/print.png HTTP/1.1" 304 -
120.253.135.82 - - [03/Oct/2021:10:42:29 +0800] "GET /xingrg/javascript/easyui/themes/default/images/menu_downarrow.png HTTP/1.1" 304 -
120.253.135.82 - - [03/Oct/2021:10:42:29 +0800] "GET /xingrg/javascript/easyui/themes/icons/cancel.png HTTP/1.1" 304 -
120.253.135.82 - - [03/Oct/2021:10:42:30 +0800] "GET /xingrg/all/common/auto_word.html?type=base&rest_code=00101 HTTP/1.1" 200 613
120.253.135.82 - - [03/Oct/2021:10:42:30 +0800] "GET /xingrg/javascript/easyui/themes/default/validatebox.css HTTP/1.1" 404 1104
120.253.135.82 - - [03/Oct/2021:10:42:30 +0800] "GET /xingrg/javascript/easyui/plugins/jquery.validatebox.js HTTP/1.1" 304 -
120.253.135.82 - - [03/Oct/2021:10:42:30 +0800] "GET /xingrg/javascript/easyui/plugins/jquery.numberbox.js HTTP/1.1" 304 -
120.253.135.82 - - [03/Oct/2021:10:42:30 +0800] "POST /xingrg/kc/pszx/mdps_order_operate.html HTTP/1.1" 200 9386
120.253.135.82 - - [03/Oct/2021:10:42:30 +0800] "GET /xingrg/javascript/easyui/themes/icons/edit_remove.png HTTP/1.1" 304 -
180.169.147.146 - - [03/Oct/2021:10:42:31 +0800] "GET /xingrg/javascript/jquery_easy_ui/themes/default/images/tabs_active.png HTTP/1.1" 200 2894
58.37.227.186 - - [03/Oct/2021:10:42:31 +0800] "GET /xingrg/all/function/internal_message.html?_=1633228809855&CODE_STATE=getMsg HTTP/1.1" 200 27
180.157.253.110 - - [03/Oct/2021:10:42:32 +0800] "GET /xingrg/check_reg.html?_=1633228953071 HTTP/1.1" 200 22
180.157.253.110 - - [03/Oct/2021:10:42:32 +0800] "GET /xingrg/all/function/internal_message.html?_=1633228953066&CODE_STATE=getMsg HTTP/1.1" 200 27
116.238.248.233 - - [03/Oct/2021:10:42:33 +0800] "GET /xingrg/check_reg.html?_=1633228951976 HTTP/1.1" 200 22
116.238.248.233 - - [03/Oct/2021:10:42:33 +0800] "GET /xingrg/all/function/internal_message.html?_=1633228951979&CODE_STATE=getMsg HTTP/1.1" 200 27
116.237.74.154 - - [03/Oct/2021:10:42:41 +0800] "GET /xingrg/kc/buy/cgsh_order_operate.html?command=get_materiel&rest_code=00106&code=00101006240&supplier_code=00100015&order_time=2021-10-03 HTTP/1.1" 200 410
180.152.237.0 - - [03/Oct/2021:10:42:41 +0800] "GET /xingrg/all/function/internal_message.html?_=1633228941413&CODE_STATE=getMsg HTTP/1.1" 200 27
180.169.147.146 - - [03/Oct/2021:10:42:46 +0800] "GET /xingrg/all/function/internal_message.html?_=1633228965627&CODE_STATE=getMsg HTTP/1.1" 200 27
180.152.237.0 - - [03/Oct/2021:10:42:47 +0800] "GET /xingrg/all/function/internal_message.html?_=1633228966522&CODE_STATE=getMsg HTTP/1.1" 200 27
124.79.246.142 - - [03/Oct/2021:10:42:48 +0800] "GET /xingrg/kc/buy/cgsh_order_operate.html?command=get_materiel&rest_code=00104&code=00101005037&supplier_code=00100040&order_time=2021-10-03 HTTP/1.1" 200 409
120.253.135.82 - - [03/Oct/2021:10:42:49 +0800] "GET /xingrg/kc/pszx/mdps_order_operate.html?command=get_materiel&pszx_code=00101&rest_code=00109&base_code=0010250&code=00102002171 HTTP/1.1" 200 433
124.79.246.142 - - [03/Oct/2021:10:42:50 +0800] "GET /xingrg/all/function/internal_message.html?_=1633229074271&CODE_STATE=getMsg HTTP/1.1" 200 27
58.221.95.50 - - [03/Oct/2021:10:42:50 +0800] "GET /xingrg/check_reg.html?_=1633228972634 HTTP/1.1" 302 -
116.237.74.154 - - [03/Oct/2021:10:42:52 +0800] "GET /xingrg/kc/buy/cgsh_order_operate.html?command=get_materiel&rest_code=00106&code=00101006113&supplier_code=00100015&order_time=2021-10-03 HTTP/1.1" 200 415
172.20.0.100 - - [03/Oct/2021:10:42:57 +0800] "GET /xingrg/all/function/internal_message.html?_=1633228977519&CODE_STATE=getMsg HTTP/1.1" 200 27
58.39.139.200 - - [03/Oct/2021:10:42:57 +0800] "GET /xingrg/all/function/internal_message.html?_=1633228976800&CODE_STATE=getMsg HTTP/1.1" 200 27
180.152.237.0 - - [03/Oct/2021:10:42:58 +0800] "GET /xingrg/check_reg.html?_=1633228958503 HTTP/1.1" 200 22
114.83.220.18 - - [03/Oct/2021:10:43:02 +0800] "GET /xingrg/all/function/internal_message.html?_=1633228982321&CODE_STATE=getMsg HTTP/1.1" 200 27
120.253.135.82 - - [03/Oct/2021:10:43:05 +0800] "GET /xingrg/javascript/easyui/themes/default/images/button_plain_hover.png HTTP/1.1" 304 -
116.237.74.154 - - [03/Oct/2021:10:43:06 +0800] "GET /xingrg/kc/buy/cgsh_order_operate.html?command=get_materiel&rest_code=00106&code=00101006065&supplier_code=00100015&order_time=2021-10-03 HTTP/1.1" 200 411
120.253.135.82 - - [03/Oct/2021:10:43:07 +0800] "POST /xingrg/kc/pszx/mdps_order_operate.html HTTP/1.1" 200 37
120.253.135.82 - - [03/Oct/2021:10:43:09 +0800] "GET /xingrg/kc/pszx/mdps_order_info.html?code=312021100300095 HTTP/1.1" 200 23925
116.230.105.26 - - [03/Oct/2021:10:43:09 +0800] "GET /xingrg/check_reg.html?_=1633228980494 HTTP/1.1" 200 22
116.230.105.26 - - [03/Oct/2021:10:43:09 +0800] "GET /xingrg/all/function/internal_message.html?_=1633228980498&CODE_STATE=getMsg HTTP/1.1" 200 27
120.253.135.82 - - [03/Oct/2021:10:43:09 +0800] "POST /xingrg/kc/pszx/mdps_order_operate.html HTTP/1.1" 200 9386
120.253.135.82 - - [03/Oct/2021:10:43:09 +0800] "GET /xingrg/javascript/easyui/themes/default/validatebox.css HTTP/1.1" 404 1104
222.70.246.151 - - [03/Oct/2021:10:43:11 +0800] "GET /xingrg/check_reg.html?_=1633228992380 HTTP/1.1" 200 22
124.79.246.142 - - [03/Oct/2021:10:43:11 +0800] "GET /xingrg/kc/buy/cgsh_order_operate.html?command=get_materiel&rest_code=00104&code=00101001069&supplier_code=00100040&order_time=2021-10-03 HTTP/1.1" 200 411
180.169.147.146 - - [03/Oct/2021:10:43:13 +0800] "GET /xingrg/all/function/internal_message.html?_=1633228995025&CODE_STATE=getMsg HTTP/1.1" 200 27
116.237.74.154 - - [03/Oct/2021:10:43:14 +0800] "GET /xingrg/kc/buy/cgsh_order_operate.html?command=get_materiel&rest_code=00106&code=00101006111&supplier_code=00100015&order_time=2021-10-03 HTTP/1.1" 200 409
180.169.147.146 - - [03/Oct/2021:10:43:14 +0800] "POST /xingrg/load_menu.html HTTP/1.1" 200 9695
116.237.74.154 - - [03/Oct/2021:10:43:21 +0800] "GET /xingrg/all/function/internal_message.html?_=1633228995977&CODE_STATE=getMsg HTTP/1.1" 200 27
222.70.246.151 - - [03/Oct/2021:10:43:21 +0800] "GET /xingrg/all/function/internal_message.html?_=1633229002817&CODE_STATE=getMsg HTTP/1.1" 200 27
120.253.135.82 - - [03/Oct/2021:10:43:21 +0800] "GET /xingrg/kc/pszx/mdps_order_info.html?code=312021100300095 HTTP/1.1" 200 23925
116.237.74.154 - - [03/Oct/2021:10:43:21 +0800] "GET /xingrg/kc/buy/cgsh_order_operate.html?command=get_materiel&rest_code=00106&code=00101006109&supplier_code=00100015&order_time=2021-10-03 HTTP/1.1" 200 409
120.253.135.82 - - [03/Oct/2021:10:43:22 +0800] "POST /xingrg/kc/pszx/mdps_order_operate.html HTTP/1.1" 200 9386
120.253.135.82 - - [03/Oct/2021:10:43:22 +0800] "GET /xingrg/javascript/easyui/themes/default/validatebox.css HTTP/1.1" 404 1104
180.169.147.146 - - [03/Oct/2021:10:43:22 +0800] "GET /xingrg/check_reg.html?_=1633229049341 HTTP/1.1" 200 22
180.169.147.146 - - [03/Oct/2021:10:43:22 +0800] "GET /xingrg/all/function/internal_message.html?_=1633229049333&CODE_STATE=getMsg HTTP/1.1" 200 27
120.253.135.82 - - [03/Oct/2021:10:43:23 +0800] "POST /xingrg/kc/pszx/mdps_list_operate.html HTTP/1.1" 200 4239
120.253.135.82 - - [03/Oct/2021:10:43:26 +0800] "POST /xingrg/kc/pszx/mdps_list_operate.html HTTP/1.1" 200 205
222.70.178.96 - - [03/Oct/2021:10:43:28 +0800] "GET /xingrg/all/function/internal_message.html?_=1633229006453&CODE_STATE=getMsg HTTP/1.1" 200 27
120.253.135.82 - - [03/Oct/2021:10:43:28 +0800] "GET /xingrg/kc/pszx/mdps_order_info.html?code=312021100100032 HTTP/1.1" 200 23931
116.237.74.154 - - [03/Oct/2021:10:43:28 +0800] "GET /xingrg/kc/buy/cgsh_order_operate.html?command=get_materiel&rest_code=00106&code=00101006058&supplier_code=00100015&order_time=2021-10-03 HTTP/1.1" 200 413
120.253.135.82 - - [03/Oct/2021:10:43:29 +0800] "POST /xingrg/kc/pszx/mdps_order_operate.html HTTP/1.1" 200 2280
120.253.135.82 - - [03/Oct/2021:10:43:29 +0800] "GET /xingrg/javascript/easyui/themes/default/validatebox.css HTTP/1.1" 404 1104
180.169.147.146 - - [03/Oct/2021:10:43:29 +0800] "GET /xingrg/all/function/internal_message.html?_=1633229010900&CODE_STATE=getMsg HTTP/1.1" 200 27
58.37.227.186 - - [03/Oct/2021:10:43:31 +0800] "GET /xingrg/all/function/internal_message.html?_=1633228869853&CODE_STATE=getMsg HTTP/1.1" 200 27
120.253.135.82 - - [03/Oct/2021:10:43:32 +0800] "GET /xingrg/kc/print/load_config.html?kc_code=mdps HTTP/1.1" 200 2390
120.253.135.82 - - [03/Oct/2021:10:43:32 +0800] "GET /xingrg/kc/print/load_data.html?order_code=312021100100032&kc_code=mdps&condition= HTTP/1.1" 200 693
180.157.253.110 - - [03/Oct/2021:10:43:32 +0800] "GET /xingrg/all/function/internal_message.html?_=1633229013071&CODE_STATE=getMsg HTTP/1.1" 200 27
116.238.248.233 - - [03/Oct/2021:10:43:33 +0800] "GET /xingrg/all/function/internal_message.html?_=1633229011965&CODE_STATE=getMsg HTTP/1.1" 200 27
180.169.147.146 - - [03/Oct/2021:10:43:35 +0800] "GET /xingrg/all/report/report_query.html?fileName=dma/new_5.0/yingye/pay_ment_hz.xml HTTP/1.1" 200 51687
180.169.147.146 - - [03/Oct/2021:10:43:35 +0800] "GET /xingrg/javascript/multi_select/jqueryMultiSelect.css HTTP/1.1" 200 951
180.169.147.146 - - [03/Oct/2021:10:43:35 +0800] "GET /xingrg/javascript/calendar/timePicker.css HTTP/1.1" 200 523
180.169.147.146 - - [03/Oct/2021:10:43:35 +0800] "GET /xingrg/javascript/bigrid/fix.css HTTP/1.1" 200 1702
180.169.147.146 - - [03/Oct/2021:10:43:35 +0800] "GET /xingrg/dwr/interface/AjaxReportQueryService.js HTTP/1.1" 200 13203
180.169.147.146 - - [03/Oct/2021:10:43:35 +0800] "GET /xingrg/dwr/engine.js HTTP/1.1" 200 43631
180.169.147.146 - - [03/Oct/2021:10:43:35 +0800] "GET /xingrg/dwr/util.js HTTP/1.1" 200 35990
180.169.147.146 - - [03/Oct/2021:10:43:35 +0800] "GET /xingrg/javascript/jqueryMultiSelect.js HTTP/1.1" 200 11866
180.169.147.146 - - [03/Oct/2021:10:43:35 +0800] "GET /xingrg/javascript/Calendar.js HTTP/1.1" 200 31561
180.169.147.146 - - [03/Oct/2021:10:43:35 +0800] "GET /xingrg/javascript/calendar/jquery.timePicker.min.js HTTP/1.1" 200 2997
180.169.147.146 - - [03/Oct/2021:10:43:35 +0800] "GET /xingrg/javascript/bigrid/fix.js HTTP/1.1" 200 6439
180.169.147.146 - - [03/Oct/2021:10:43:35 +0800] "GET /xingrg/images/control/loading.gif HTTP/1.1" 200 13463
180.169.147.146 - - [03/Oct/2021:10:43:35 +0800] "GET /xingrg/images/blue/button/advanceover.gif HTTP/1.1" 200 1347
180.169.147.146 - - [03/Oct/2021:10:43:35 +0800] "GET /xingrg/images/blue/button/advance2over.gif HTTP/1.1" 200 1336
180.169.147.146 - - [03/Oct/2021:10:43:35 +0800] "GET /xingrg/images/blue/button/back2over.gif HTTP/1.1" 200 1335
180.169.147.146 - - [03/Oct/2021:10:43:35 +0800] "GET /xingrg/images/blue/button/backover.gif HTTP/1.1" 200 1348
180.169.147.146 - - [03/Oct/2021:10:43:35 +0800] "GET /xingrg/javascript/jquery_easy_ui/themes/icons/help.png HTTP/1.1" 200 1187
180.169.147.146 - - [03/Oct/2021:10:43:35 +0800] "GET /xingrg/javascript/jquery_easy_ui/themes/icons/pencil.png HTTP/1.1" 200 713
180.169.147.146 - - [03/Oct/2021:10:43:35 +0800] "GET /xingrg/javascript/jquery_easy_ui/themes/default/images/menu_rightarrow.png HTTP/1.1" 200 3617
180.169.147.146 - - [03/Oct/2021:10:43:35 +0800] "POST /xingrg/dwr/call/plaincall/AjaxReportQueryService.getFixDate.dwr HTTP/1.1" 200 111
180.169.147.146 - - [03/Oct/2021:10:43:35 +0800] "POST /xingrg/all/common/load_tree.html?tree=area_station_tree_json&manage=1 HTTP/1.1" 200 3364
180.169.147.146 - - [03/Oct/2021:10:43:36 +0800] "GET /xingrg/all/report/report_query.html?fileName=dma/yingye_new/pay_ment_day_hz.xml HTTP/1.1" 200 51003
180.169.147.146 - - [03/Oct/2021:10:43:36 +0800] "GET /xingrg/dwr/interface/AjaxReportQueryService.js HTTP/1.1" 200 13203
180.169.147.146 - - [03/Oct/2021:10:43:36 +0800] "GET /xingrg/dwr/engine.js HTTP/1.1" 200 43631
180.169.147.146 - - [03/Oct/2021:10:43:37 +0800] "POST /xingrg/dwr/call/plaincall/AjaxReportQueryService.getFixDate.dwr HTTP/1.1" 200 111
180.169.147.146 - - [03/Oct/2021:10:43:37 +0800] "POST /xingrg/all/common/load_tree.html?tree=area_station_tree_json&manage=1 HTTP/1.1" 200 3364
180.169.147.146 - - [03/Oct/2021:10:43:38 +0800] "POST /xingrg/dwr/call/plaincall/AjaxReportQueryService.getFixDate.dwr HTTP/1.1" 200 111
120.253.135.82 - - [03/Oct/2021:10:43:38 +0800] "POST /xingrg/kc/pszx/mdps_list_operate.html HTTP/1.1" 200 4239
116.237.74.154 - - [03/Oct/2021:10:43:39 +0800] "GET /xingrg/kc/buy/cgsh_order_operate.html?command=get_materiel&rest_code=00106&code=00101006293&supplier_code=00100015&order_time=2021-10-03 HTTP/1.1" 200 418
180.152.237.0 - - [03/Oct/2021:10:43:41 +0800] "GET /xingrg/all/function/internal_message.html?_=1633229001428&CODE_STATE=getMsg HTTP/1.1" 200 27
180.169.147.146 - - [03/Oct/2021:10:43:43 +0800] "GET /xingrg/javascript/jquery_easy_ui/themes/default/images/tree_checkbox_1.gif HTTP/1.1" 200 174
180.169.147.146 - - [03/Oct/2021:10:43:43 +0800] "GET /xingrg/javascript/jquery_easy_ui/themes/default/images/tree_checkbox_2.gif HTTP/1.1" 200 181
180.169.147.146 - - [03/Oct/2021:10:43:44 +0800] "POST /xingrg/dwr/call/plaincall/AjaxReportQueryService.refreshCache.dwr HTTP/1.1" 200 78
180.169.147.146 - - [03/Oct/2021:10:43:44 +0800] "POST /xingrg/all/report/load_report_page.html HTTP/1.1" 200 14737
180.169.147.146 - - [03/Oct/2021:10:43:44 +0800] "GET /xingrg/servlets/image?cache=0.47372024164341675&image=px HTTP/1.1" 200 807
180.169.147.146 - - [03/Oct/2021:10:43:46 +0800] "GET /xingrg/all/function/internal_message.html?_=1633229025629&CODE_STATE=getMsg HTTP/1.1" 200 27
180.169.147.146 - - [03/Oct/2021:10:43:46 +0800] "GET /xingrg/check_reg.html?_=1633229025630 HTTP/1.1" 200 22
180.152.237.0 - - [03/Oct/2021:10:43:47 +0800] "GET /xingrg/all/function/internal_message.html?_=1633229026536&CODE_STATE=getMsg HTTP/1.1" 200 27
124.79.246.142 - - [03/Oct/2021:10:43:50 +0800] "GET /xingrg/all/function/internal_message.html?_=1633229134255&CODE_STATE=getMsg HTTP/1.1" 200 27
116.237.74.154 - - [03/Oct/2021:10:43:51 +0800] "GET /xingrg/kc/buy/cgsh_order_operate.html?command=get_materiel&rest_code=00106&code=00101006174&supplier_code=00100015&order_time=2021-10-03 HTTP/1.1" 200 414
172.20.0.100 - - [03/Oct/2021:10:43:57 +0800] "GET /xingrg/check_reg.html?_=1633229037531 HTTP/1.1" 200 22
172.20.0.100 - - [03/Oct/2021:10:43:57 +0800] "GET /xingrg/all/function/internal_message.html?_=1633229037532&CODE_STATE=getMsg HTTP/1.1" 200 27
58.39.139.200 - - [03/Oct/2021:10:43:57 +0800] "GET /xingrg/all/function/internal_message.html?_=1633229036773&CODE_STATE=getMsg HTTP/1.1" 200 27
116.237.74.154 - - [03/Oct/2021:10:43:57 +0800] "GET /xingrg/kc/buy/cgsh_order_operate.html?command=get_materiel&rest_code=00106&code=00101006056&supplier_code=00100015&order_time=2021-10-03 HTTP/1.1" 200 413
124.79.246.142 - - [03/Oct/2021:10:43:58 +0800] "GET /xingrg/kc/buy/cgsh_order_operate.html?command=get_materiel&rest_code=00104&code=00101002027&supplier_code=00100040&order_time=2021-10-03 HTTP/1.1" 200 413
58.39.139.200 - - [03/Oct/2021:10:43:59 +0800] "GET /xingrg/check_reg.html?_=1633229038475 HTTP/1.1" 200 22
114.83.220.18 - - [03/Oct/2021:10:44:02 +0800] "GET /xingrg/all/function/internal_message.html?_=1633229042306&CODE_STATE=getMsg HTTP/1.1" 200 27
101.89.19.197 - - [03/Oct/2021:10:44:03 +0800] "GET /xingrg/kc/buy/cgsh_order_operate.html?command=get_materiel&rest_code=00106&code=00101006065&supplier_code=00100015&order_time=2021-10-03 HTTP/1.1" 302 -
101.89.19.197 - - [03/Oct/2021:10:44:03 +0800] "GET /xingrg/login.html HTTP/1.1" 200 7641
116.237.74.154 - - [03/Oct/2021:10:44:07 +0800] "GET /xingrg/kc/buy/cgsh_order_operate.html?command=get_materiel&rest_code=00106&code=00101006131&supplier_code=00100015&order_time=2021-10-03 HTTP/1.1" 200 417
116.230.105.26 - - [03/Oct/2021:10:44:09 +0800] "GET /xingrg/all/function/internal_message.html?_=1633229040491&CODE_STATE=getMsg HTTP/1.1" 200 27
180.169.147.146 - - [03/Oct/2021:10:44:13 +0800] "GET /xingrg/all/function/internal_message.html?_=1633229055030&CODE_STATE=getMsg HTTP/1.1" 200 27
222.70.178.171 - - [03/Oct/2021:10:44:13 +0800] "POST /xingrg/services/DataTransmitService HTTP/1.1" 200 524
222.70.178.171 - - [03/Oct/2021:10:44:13 +0800] "POST /xingrg/services/DataTransmitService HTTP/1.1" 200 501
116.237.74.154 - - [03/Oct/2021:10:44:21 +0800] "GET /xingrg/all/function/internal_message.html?_=1633229055931&CODE_STATE=getMsg HTTP/1.1" 200 27
222.70.246.151 - - [03/Oct/2021:10:44:21 +0800] "GET /xingrg/all/function/internal_message.html?_=1633229062830&CODE_STATE=getMsg HTTP/1.1" 200 27
180.169.147.146 - - [03/Oct/2021:10:44:22 +0800] "GET /xingrg/all/function/internal_message.html?_=1633229109342&CODE_STATE=getMsg HTTP/1.1" 200 27
222.70.178.96 - - [03/Oct/2021:10:44:28 +0800] "GET /xingrg/all/function/internal_message.html?_=1633229066437&CODE_STATE=getMsg HTTP/1.1" 200 27
116.237.74.154 - - [03/Oct/2021:10:44:29 +0800] "POST /xingrg/kc/buy/cgsh_order_operate.html HTTP/1.1" 200 37
180.169.147.146 - - [03/Oct/2021:10:44:29 +0800] "GET /xingrg/all/function/internal_message.html?_=1633229070905&CODE_STATE=getMsg HTTP/1.1" 200 27
58.37.227.186 - - [03/Oct/2021:10:44:31 +0800] "GET /xingrg/all/function/internal_message.html?_=1633228929851&CODE_STATE=getMsg HTTP/1.1" 200 27
116.237.74.154 - - [03/Oct/2021:10:44:32 +0800] "POST /xingrg/kc/buy/cgsh_order_operate.html HTTP/1.1" 200 12
180.157.253.110 - - [03/Oct/2021:10:44:32 +0800] "GET /xingrg/all/function/internal_message.html?_=1633229073074&CODE_STATE=getMsg HTTP/1.1" 200 27
116.238.248.233 - - [03/Oct/2021:10:44:33 +0800] "GET /xingrg/all/function/internal_message.html?_=1633229071964&CODE_STATE=getMsg HTTP/1.1" 200 27
116.237.74.154 - - [03/Oct/2021:10:44:33 +0800] "GET /xingrg/kc/buy/cgsh_order_info.html?code=212021100301140 HTTP/1.1" 200 59533
116.237.74.154 - - [03/Oct/2021:10:44:33 +0800] "GET /xingrg/javascript/easyui/themes/default/validatebox.css HTTP/1.1" 404 1104
116.237.74.154 - - [03/Oct/2021:10:44:34 +0800] "POST /xingrg/kc/buy/cgsh_order_operate.html HTTP/1.1" 200 5966
116.237.74.154 - - [03/Oct/2021:10:44:36 +0800] "GET /xingrg/kc/print/load_data.html?order_code=212021100301140&kc_code=cgsh&condition= HTTP/1.1" 200 2853
116.237.74.154 - - [03/Oct/2021:10:44:42 +0800] "GET /xingrg/kc/print/load_data.html?order_code=212021100301140&kc_code=cgsh HTTP/1.1" 200 2853
180.169.147.146 - - [03/Oct/2021:10:44:46 +0800] "GET /xingrg/all/function/internal_message.html?_=1633229085618&CODE_STATE=getMsg HTTP/1.1" 200 27
180.152.237.0 - - [03/Oct/2021:10:44:47 +0800] "GET /xingrg/all/function/internal_message.html?_=1633229086562&CODE_STATE=getMsg HTTP/1.1" 200 27
61.151.207.141 - - [03/Oct/2021:10:44:49 +0800] "GET /xingrg/kc/buy/cgsh_order_operate.html?command=get_materiel&rest_code=00106&code=00101006174&supplier_code=00100015&order_time=2021-10-03 HTTP/1.1" 302 -
61.151.207.141 - - [03/Oct/2021:10:44:50 +0800] "GET /xingrg/login.html HTTP/1.1" 200 7641
124.79.246.142 - - [03/Oct/2021:10:44:50 +0800] "GET /xingrg/all/function/internal_message.html?_=1633229194263&CODE_STATE=getMsg HTTP/1.1" 200 27
124.79.246.142 - - [03/Oct/2021:10:44:50 +0800] "GET /xingrg/check_reg.html?_=1633229194265 HTTP/1.1" 200 22
61.151.178.163 - - [03/Oct/2021:10:44:55 +0800] "GET /xingrg/kc/buy/cgsh_order_operate.html?command=get_materiel&rest_code=00106&code=00101006056&supplier_code=00100015&order_time=2021-10-03 HTTP/1.1" 302 -
61.151.178.163 - - [03/Oct/2021:10:44:56 +0800] "GET /xingrg/login.html HTTP/1.1" 200 7641
172.20.0.100 - - [03/Oct/2021:10:44:57 +0800] "GET /xingrg/all/function/internal_message.html?_=1633229097519&CODE_STATE=getMsg HTTP/1.1" 200 27
58.39.139.200 - - [03/Oct/2021:10:44:57 +0800] "GET /xingrg/all/function/internal_message.html?_=1633229096754&CODE_STATE=getMsg HTTP/1.1" 200 27
120.253.135.82 - - [03/Oct/2021:10:45:00 +0800] "GET /xingrg/kc/report/report_main.html HTTP/1.1" 200 9370
114.83.220.18 - - [03/Oct/2021:10:45:02 +0800] "GET /xingrg/all/function/internal_message.html?_=1633229102298&CODE_STATE=getMsg HTTP/1.1" 200 27
120.253.135.82 - - [03/Oct/2021:10:45:02 +0800] "GET /xingrg/kc/base/kc_stocks.html HTTP/1.1" 200 16437
120.253.135.82 - - [03/Oct/2021:10:45:02 +0800] "GET /xingrg/javascript/easyui/themes/sunny/easyui.css HTTP/1.1" 304 -
120.253.135.82 - - [03/Oct/2021:10:45:02 +0800] "GET /xingrg/javascript/easyui/themes/icons/print_new.png HTTP/1.1" 304 -
120.253.135.82 - - [03/Oct/2021:10:45:02 +0800] "GET /xingrg/javascript/easyui/themes/icons/refresh_new.png HTTP/1.1" 304 -
120.253.135.82 - - [03/Oct/2021:10:45:03 +0800] "GET /xingrg/javascript/easyui/themes/icons/filter_new.png HTTP/1.1" 304 -
120.253.135.82 - - [03/Oct/2021:10:45:03 +0800] "GET /xingrg/javascript/easyui/plugins/jquery.draggable.js HTTP/1.1" 304 -
120.253.135.82 - - [03/Oct/2021:10:45:03 +0800] "GET /xingrg/javascript/easyui/plugins/jquery.droppable.js HTTP/1.1" 304 -
120.253.135.82 - - [03/Oct/2021:10:45:03 +0800] "GET /xingrg/javascript/easyui/plugins/jquery.tree.js HTTP/1.1" 304 -
120.253.135.82 - - [03/Oct/2021:10:45:03 +0800] "GET /xingrg/javascript/easyui/themes/default/tree.css HTTP/1.1" 404 1090
120.253.135.82 - - [03/Oct/2021:10:45:03 +0800] "POST /xingrg/all/common/load_tree.html?tree=materiel_sort_tree_json HTTP/1.1" 200 8912
120.253.135.82 - - [03/Oct/2021:10:45:03 +0800] "GET /xingrg/javascript/easyui/themes/sunny/images/tree_arrows.gif HTTP/1.1" 304 -
120.253.135.82 - - [03/Oct/2021:10:45:03 +0800] "GET /xingrg/javascript/easyui/themes/sunny/images/tree_folder.gif HTTP/1.1" 304 -
120.253.135.82 - - [03/Oct/2021:10:45:03 +0800] "GET /xingrg/javascript/easyui/themes/sunny/images/tree_folder_open.gif HTTP/1.1" 304 -
120.253.135.82 - - [03/Oct/2021:10:45:03 +0800] "GET /xingrg/javascript/easyui/themes/sunny/images/tree_file.gif HTTP/1.1" 304 -
120.253.135.82 - - [03/Oct/2021:10:45:04 +0800] "GET /xingrg/css/images/panel_loading.gif HTTP/1.1" 304 -
120.253.135.82 - - [03/Oct/2021:10:45:04 +0800] "POST /xingrg/all/common/load_combo.html?type=base HTTP/1.1" 200 1075
116.237.74.154 - - [03/Oct/2021:10:45:09 +0800] "GET /xingrg/kc/buy/cgsh_order_add.html HTTP/1.1" 200 64622
116.230.105.26 - - [03/Oct/2021:10:45:09 +0800] "GET /xingrg/all/function/internal_message.html?_=1633229100479&CODE_STATE=getMsg HTTP/1.1" 200 27
116.237.74.154 - - [03/Oct/2021:10:45:10 +0800] "GET /xingrg/javascript/easyui/themes/default/validatebox.css HTTP/1.1" 404 1104
116.237.74.154 - - [03/Oct/2021:10:45:10 +0800] "POST /xingrg/kc/buy/cgsh_order_operate.html HTTP/1.1" 200 8245
116.237.74.154 - - [03/Oct/2021:10:45:10 +0800] "GET /xingrg/javascript/easyui/themes/default/tree.css HTTP/1.1" 404 1090
116.237.74.154 - - [03/Oct/2021:10:45:10 +0800] "POST /xingrg/all/common/load_tree.html?tree=supplier_tree_json&isDelete=1 HTTP/1.1" 200 60042
120.253.135.82 - - [03/Oct/2021:10:45:12 +0800] "POST /xingrg/kc/base/stock_operate.html HTTP/1.1" 200 1474
120.253.135.82 - - [03/Oct/2021:10:45:12 +0800] "GET /xingrg/javascript/jquery_tools/fix_table.js HTTP/1.1" 304 -
180.169.147.146 - - [03/Oct/2021:10:45:13 +0800] "GET /xingrg/all/function/internal_message.html?_=1633229115023&CODE_STATE=getMsg HTTP/1.1" 200 27
120.253.135.82 - - [03/Oct/2021:10:45:19 +0800] "GET /xingrg/kc/base/stock_detail.html?m=00101019750 HTTP/1.1" 200 6352
120.253.135.82 - - [03/Oct/2021:10:45:19 +0800] "GET /xingrg/javascript/jquery_easy_ui/themes/default/images/button_a_bg.gif HTTP/1.1" 304 -
120.253.135.82 - - [03/Oct/2021:10:45:19 +0800] "GET /xingrg/javascript/jquery_easy_ui/themes/default/images/button_span_bg.gif HTTP/1.1" 304 -
120.253.135.82 - - [03/Oct/2021:10:45:19 +0800] "GET /xingrg/javascript/jquery_easy_ui/themes/icons/search.png HTTP/1.1" 304 -
120.253.135.82 - - [03/Oct/2021:10:45:19 +0800] "GET /xingrg/javascript/jquery_easy_ui/themes/default/images/menu.gif HTTP/1.1" 200 834
120.253.135.82 - - [03/Oct/2021:10:45:19 +0800] "GET /xingrg/javascript/jquery_easy_ui/themes/default/images/menu_downarrow.png HTTP/1.1" 304 -
120.253.135.82 - - [03/Oct/2021:10:45:19 +0800] "GET /xingrg/javascript/jquery_easy_ui/themes/icons/print.png HTTP/1.1" 304 -
120.253.135.82 - - [03/Oct/2021:10:45:19 +0800] "GET /xingrg/javascript/jquery_easy_ui/themes/default/images/calendar_prevmonth.gif HTTP/1.1" 304 -
120.253.135.82 - - [03/Oct/2021:10:45:19 +0800] "GET /xingrg/javascript/jquery_easy_ui/themes/default/images/calendar_nextyear.gif HTTP/1.1" 304 -
120.253.135.82 - - [03/Oct/2021:10:45:19 +0800] "GET /xingrg/javascript/jquery_easy_ui/themes/default/images/calendar_prevyear.gif HTTP/1.1" 304 -
120.253.135.82 - - [03/Oct/2021:10:45:19 +0800] "GET /xingrg/javascript/jquery_easy_ui/themes/default/images/calendar_nextmonth.gif HTTP/1.1" 304 -
120.253.135.82 - - [03/Oct/2021:10:45:21 +0800] "GET /xingrg/kc/base/stock_operate.html?_=1633228891875&command=get_report_file&start_day=20211001 HTTP/1.1" 200 53
116.237.74.154 - - [03/Oct/2021:10:45:21 +0800] "GET /xingrg/all/function/internal_message.html?_=1633229115927&CODE_STATE=getMsg HTTP/1.1" 200 27
120.253.135.82 - - [03/Oct/2021:10:45:21 +0800] "GET /xingrg/javascript/multi_select/jqueryMultiSelect.css HTTP/1.1" 200 951
120.253.135.82 - - [03/Oct/2021:10:45:21 +0800] "GET /xingrg/javascript/calendar/timePicker.css HTTP/1.1" 200 523
120.253.135.82 - - [03/Oct/2021:10:45:21 +0800] "GET /xingrg/javascript/bigrid/fix.css HTTP/1.1" 200 1702
120.253.135.82 - - [03/Oct/2021:10:45:21 +0800] "GET /xingrg/javascript/calendar/jquery.timePicker.min.js HTTP/1.1" 200 2997
120.253.135.82 - - [03/Oct/2021:10:45:21 +0800] "GET /xingrg/all/report/report_query.html?isQuery=1&onlyBody=1&rh=2000&fileName=kc/base/kc_stock_detail_new.xml&queryString=(1=1)&queryText=&tableQueryString=init_table$sp1$$sp$crk_table$sp1$order_day%20between%2020211001%20and%2020211031&varString=start_day:20211001,materiel_code:00101019750,cost_id:3319,end_date:20210831 HTTP/1.1" 200 48701
120.253.135.82 - - [03/Oct/2021:10:45:21 +0800] "GET /xingrg/javascript/bigrid/fix.js HTTP/1.1" 200 6439
120.253.135.82 - - [03/Oct/2021:10:45:21 +0800] "GET /xingrg/dwr/interface/AjaxReportQueryService.js HTTP/1.1" 200 13203
120.253.135.82 - - [03/Oct/2021:10:45:21 +0800] "GET /xingrg/javascript/jqueryMultiSelect.js HTTP/1.1" 200 11866
120.253.135.82 - - [03/Oct/2021:10:45:21 +0800] "GET /xingrg/dwr/engine.js HTTP/1.1" 200 43631
120.253.135.82 - - [03/Oct/2021:10:45:21 +0800] "GET /xingrg/images/blue/button/back2over.gif HTTP/1.1" 200 1335
120.253.135.82 - - [03/Oct/2021:10:45:21 +0800] "GET /xingrg/images/blue/button/backover.gif HTTP/1.1" 200 1348
120.253.135.82 - - [03/Oct/2021:10:45:21 +0800] "GET /xingrg/images/blue/button/advanceover.gif HTTP/1.1" 200 1347
120.253.135.82 - - [03/Oct/2021:10:45:21 +0800] "GET /xingrg/images/blue/button/advance2over.gif HTTP/1.1" 200 1336
120.253.135.82 - - [03/Oct/2021:10:45:21 +0800] "GET /xingrg/javascript/jquery_easy_ui/themes/icons/help.png HTTP/1.1" 200 1187
120.253.135.82 - - [03/Oct/2021:10:45:21 +0800] "GET /xingrg/images/control/loading.gif HTTP/1.1" 200 13463
