180.157.253.110 - - [03/Oct/2021:11:08:45 +0800] "GET /xingrg/images/blue/srbg.png HTTP/1.1" 304 -
180.157.253.110 - - [03/Oct/2021:11:08:45 +0800] "GET /xingrg/images/blue/hj.png HTTP/1.1" 304 -
180.157.253.110 - - [03/Oct/2021:11:08:45 +0800] "GET /favicon.ico HTTP/1.1" 404 -
180.169.147.146 - - [03/Oct/2021:11:08:46 +0800] "GET /xingrg/check_reg.html?_=1633230525621 HTTP/1.1" 200 22
180.169.147.146 - - [03/Oct/2021:11:08:46 +0800] "GET /xingrg/all/function/internal_message.html?_=1633230525623&CODE_STATE=getMsg HTTP/1.1" 200 27
116.237.74.154 - - [03/Oct/2021:11:08:46 +0800] "GET /xingrg/kc/base/base_main.html HTTP/1.1" 200 12142
180.157.253.110 - - [03/Oct/2021:11:08:46 +0800] "POST /xingrg/login.do HTTP/1.1" 302 -
180.157.253.110 - - [03/Oct/2021:11:08:46 +0800] "GET /xingrg/javascript/jquery_easy_ui/themes/default/easyui.css HTTP/1.1" 304 -
180.157.253.110 - - [03/Oct/2021:11:08:46 +0800] "GET /xingrg/index.html?sysBaseUrl=http%3A%2F%2F180.169.147.146%3A18081%2Fxingrg%2F&costTime=40×tamp=1633230526693 HTTP/1.1" 200 17179
180.157.253.110 - - [03/Oct/2021:11:08:46 +0800] "GET /xingrg/javascript/jquery.form.js HTTP/1.1" 304 -
180.157.253.110 - - [03/Oct/2021:11:08:46 +0800] "GET /xingrg/javascript/jquery_easy_ui/themes/icon.css HTTP/1.1" 304 -
180.157.253.110 - - [03/Oct/2021:11:08:46 +0800] "GET /xingrg/css/form.css HTTP/1.1" 304 -
180.157.253.110 - - [03/Oct/2021:11:08:46 +0800] "GET /xingrg/javascript/jquery_easy_ui/easyui-lang-zh_CN.js HTTP/1.1" 304 -
180.157.253.110 - - [03/Oct/2021:11:08:46 +0800] "GET /xingrg/javascript/jquery-1.4.2.min.js HTTP/1.1" 304 -
180.157.253.110 - - [03/Oct/2021:11:08:46 +0800] "GET /xingrg/javascript/jquery_easy_ui/jquery.easyui.min.js HTTP/1.1" 304 -
180.157.253.110 - - [03/Oct/2021:11:08:46 +0800] "GET /xingrg/javascript/jquery.utils.js HTTP/1.1" 304 -
180.157.253.110 - - [03/Oct/2021:11:08:46 +0800] "GET /xingrg/javascript/jquery.timers.js HTTP/1.1" 304 -
180.157.253.110 - - [03/Oct/2021:11:08:46 +0800] "GET /favicon.ico HTTP/1.1" 404 -
180.157.253.110 - - [03/Oct/2021:11:08:46 +0800] "GET /xingrg/javascript/jquery_easy_ui/themes/icons/settle_new.png HTTP/1.1" 304 -
180.157.253.110 - - [03/Oct/2021:11:08:46 +0800] "GET /xingrg/images/blue/navBackgound.jpg HTTP/1.1" 304 -
180.157.253.110 - - [03/Oct/2021:11:08:46 +0800] "POST /xingrg/all/common/load_tree.html?tree=area_rest_tree_json&manage=1 HTTP/1.1" 200 351
180.157.253.110 - - [03/Oct/2021:11:08:47 +0800] "GET /xingrg/all/function/internal_message.html?_=1633230526764&CODE_STATE=count HTTP/1.1" 200 11
180.157.253.110 - - [03/Oct/2021:11:08:47 +0800] "GET /xingrg/check_reg.html?_=1633230526766 HTTP/1.1" 200 22
180.157.253.110 - - [03/Oct/2021:11:08:47 +0800] "GET /xingrg/images/blue/pingpu.png HTTP/1.1" 304 -
180.157.253.110 - - [03/Oct/2021:11:08:47 +0800] "GET /xingrg/javascript/jquery_easy_ui/themes/default/images/tabs_leftarrow.png HTTP/1.1" 304 -
180.157.253.110 - - [03/Oct/2021:11:08:47 +0800] "GET /xingrg/javascript/jquery_easy_ui/themes/default/images/tabs_rightarrow.png HTTP/1.1" 304 -
180.157.253.110 - - [03/Oct/2021:11:08:47 +0800] "GET /xingrg/javascript/jquery_easy_ui/themes/default/images/panel_tool_collapse.gif HTTP/1.1" 304 -
180.157.253.110 - - [03/Oct/2021:11:08:47 +0800] "POST /xingrg/load_menu.html HTTP/1.1" 200 5138
180.157.253.110 - - [03/Oct/2021:11:08:47 +0800] "GET /xingrg/javascript/jquery_easy_ui/themes/default/images/tree_arrows.gif HTTP/1.1" 304 -
180.157.253.110 - - [03/Oct/2021:11:08:47 +0800] "GET /xingrg/javascript/jquery_easy_ui/themes/default/images/tree_folder_open.gif HTTP/1.1" 304 -
180.157.253.110 - - [03/Oct/2021:11:08:47 +0800] "GET /xingrg/javascript/jquery_easy_ui/themes/icons/search_new.png HTTP/1.1" 304 -
180.157.253.110 - - [03/Oct/2021:11:08:47 +0800] "GET /xingrg/javascript/jquery_easy_ui/themes/default/images/tree_folder.gif HTTP/1.1" 304 -
180.157.253.110 - - [03/Oct/2021:11:08:47 +0800] "GET /xingrg/javascript/jquery_easy_ui/themes/icons/storage_new.png HTTP/1.1" 304 -
180.157.253.110 - - [03/Oct/2021:11:08:47 +0800] "GET /xingrg/javascript/jquery_easy_ui/themes/icons/forms_new.png HTTP/1.1" 304 -
180.157.253.110 - - [03/Oct/2021:11:08:47 +0800] "GET /xingrg/javascript/jquery_easy_ui/themes/default/images/tree_file.gif HTTP/1.1" 304 -
180.152.237.0 - - [03/Oct/2021:11:08:48 +0800] "GET /xingrg/all/function/internal_message.html?_=1633230527393&CODE_STATE=getMsg HTTP/1.1" 200 27
124.79.246.142 - - [03/Oct/2021:11:08:50 +0800] "GET /xingrg/all/function/internal_message.html?_=1633230633934&CODE_STATE=getMsg HTTP/1.1" 200 27
120.253.135.82 - - [03/Oct/2021:11:08:55 +0800] "GET /xingrg/kc/buy/cgsh_order_list.html HTTP/1.1" 200 48878
116.232.50.208 - - [03/Oct/2021:11:08:56 +0800] "GET /xingrg/all/function/internal_message.html?_=1633230538089&CODE_STATE=getMsg HTTP/1.1" 200 27
58.39.139.200 - - [03/Oct/2021:11:08:56 +0800] "GET /xingrg/all/function/internal_message.html?_=1633230536232&CODE_STATE=getMsg HTTP/1.1" 200 27
180.152.237.0 - - [03/Oct/2021:11:08:56 +0800] "POST /xingrg/kc/base/wldb_order_operate.html HTTP/1.1" 200 37
172.20.0.100 - - [03/Oct/2021:11:08:57 +0800] "GET /xingrg/all/function/internal_message.html?_=1633230537518&CODE_STATE=getMsg HTTP/1.1" 200 27
172.20.0.100 - - [03/Oct/2021:11:08:57 +0800] "GET /xingrg/check_reg.html?_=1633230537520 HTTP/1.1" 200 22
120.253.135.82 - - [03/Oct/2021:11:08:57 +0800] "POST /xingrg/kc/buy/cgsh_list_operate.html HTTP/1.1" 200 1674
58.39.139.200 - - [03/Oct/2021:11:08:59 +0800] "GET /xingrg/check_reg.html?_=1633230538527 HTTP/1.1" 200 22
180.152.237.0 - - [03/Oct/2021:11:08:59 +0800] "POST /xingrg/kc/base/wldb_order_operate.html HTTP/1.1" 200 12
180.152.237.0 - - [03/Oct/2021:11:08:59 +0800] "POST /xingrg/kc/base/wldb_order_operate.html HTTP/1.1" 200 4205
120.253.135.82 - - [03/Oct/2021:11:09:00 +0800] "GET /xingrg/kc/pszx/mdqp_order_list.html?state=10 HTTP/1.1" 200 10649
120.253.135.82 - - [03/Oct/2021:11:09:00 +0800] "GET /xingrg/dwr/interface/AjaxQqpsService.js HTTP/1.1" 200 16326
120.253.135.82 - - [03/Oct/2021:11:09:00 +0800] "GET /xingrg/dwr/interface/AjaxReportQueryService.js HTTP/1.1" 200 13203
120.253.135.82 - - [03/Oct/2021:11:09:00 +0800] "GET /xingrg/dwr/engine.js HTTP/1.1" 200 43631
180.169.147.146 - - [03/Oct/2021:11:09:01 +0800] "GET /xingrg/all/function/internal_message.html?_=1633230542195&CODE_STATE=getMsg HTTP/1.1" 200 27
114.83.220.18 - - [03/Oct/2021:11:09:02 +0800] "GET /xingrg/all/function/internal_message.html?_=1633230541940&CODE_STATE=getMsg HTTP/1.1" 200 27
120.253.135.82 - - [03/Oct/2021:11:09:02 +0800] "GET /xingrg/kc/pszx/mdqp_order_info.html?code=302021100300062 HTTP/1.1" 200 13338
120.253.135.82 - - [03/Oct/2021:11:09:02 +0800] "GET /xingrg/javascript/tools/jquery.qtip-1.0.0-rc3.min.js HTTP/1.1" 304 -
120.253.135.82 - - [03/Oct/2021:11:09:02 +0800] "GET /xingrg/dwr/interface/AjaxQqpsService.js HTTP/1.1" 200 16326
120.253.135.82 - - [03/Oct/2021:11:09:02 +0800] "GET /xingrg/javascript/Grid.js HTTP/1.1" 304 -
120.253.135.82 - - [03/Oct/2021:11:09:02 +0800] "GET /xingrg/javascript/AjaxInfoList.js HTTP/1.1" 304 -
120.253.135.82 - - [03/Oct/2021:11:09:02 +0800] "GET /xingrg/javascript/ToolTips.js HTTP/1.1" 304 -
120.253.135.82 - - [03/Oct/2021:11:09:02 +0800] "GET /xingrg/dwr/interface/AjaxComOrderService.js HTTP/1.1" 200 18264
120.253.135.82 - - [03/Oct/2021:11:09:02 +0800] "GET /xingrg/javascript/checkform.js HTTP/1.1" 304 -
120.253.135.82 - - [03/Oct/2021:11:09:02 +0800] "GET /xingrg/dwr/engine.js HTTP/1.1" 200 43631
120.253.135.82 - - [03/Oct/2021:11:09:03 +0800] "GET /xingrg/images/blue/button/kc_tab_edit.gif HTTP/1.1" 304 -
120.253.135.82 - - [03/Oct/2021:11:09:03 +0800] "GET /xingrg/images/blue/button/kc_tab_save.gif HTTP/1.1" 304 -
120.253.135.82 - - [03/Oct/2021:11:09:03 +0800] "GET /xingrg/images/blue/kc_tab_mid.gif HTTP/1.1" 304 -
120.253.135.82 - - [03/Oct/2021:11:09:03 +0800] "GET /xingrg/images/blue/kc_tab_left.gif HTTP/1.1" 304 -
120.253.135.82 - - [03/Oct/2021:11:09:03 +0800] "GET /xingrg/images/blue/kc_tab2_right.gif HTTP/1.1" 304 -
120.253.135.82 - - [03/Oct/2021:11:09:03 +0800] "GET /xingrg/images/blue/kc_tab2_left.gif HTTP/1.1" 304 -
120.253.135.82 - - [03/Oct/2021:11:09:03 +0800] "GET /xingrg/images/blue/kc_tab_right.gif HTTP/1.1" 304 -
120.253.135.82 - - [03/Oct/2021:11:09:03 +0800] "GET /xingrg/images/blue/wait.gif HTTP/1.1" 304 -
120.253.135.82 - - [03/Oct/2021:11:09:03 +0800] "POST /xingrg/dwr/call/plaincall/AjaxQqpsService.loadMaterielItems.dwr HTTP/1.1" 200 332
116.237.74.154 - - [03/Oct/2021:11:09:05 +0800] "GET /xingrg/all/function/internal_message.html?_=1633230545774&CODE_STATE=getMsg HTTP/1.1" 200 27
116.230.105.26 - - [03/Oct/2021:11:09:09 +0800] "GET /xingrg/all/function/internal_message.html?_=1633230540483&CODE_STATE=getMsg HTTP/1.1" 200 27
120.253.135.82 - - [03/Oct/2021:11:09:10 +0800] "GET /xingrg/javascript/jquery_easy_ui/themes/default/images/button_plain_hover.png HTTP/1.1" 304 -
120.253.135.82 - - [03/Oct/2021:11:09:11 +0800] "GET /xingrg/kc/pszx/mdqp_order_list.html?isBack=1 HTTP/1.1" 302 -
120.253.135.82 - - [03/Oct/2021:11:09:11 +0800] "GET /xingrg/kc/pszx/mdqp_order_list.html?state=10 HTTP/1.1" 200 10649
120.253.135.82 - - [03/Oct/2021:11:09:11 +0800] "GET /xingrg/dwr/interface/AjaxQqpsService.js HTTP/1.1" 200 16326
120.253.135.82 - - [03/Oct/2021:11:09:11 +0800] "GET /xingrg/dwr/interface/AjaxReportQueryService.js HTTP/1.1" 200 13203
120.253.135.82 - - [03/Oct/2021:11:09:11 +0800] "GET /xingrg/dwr/engine.js HTTP/1.1" 200 43631
180.162.112.229 - - [03/Oct/2021:11:09:13 +0800] "GET /xingrg/all/function/internal_message.html?_=1633230088154&CODE_STATE=getMsg HTTP/1.1" 200 27
180.152.237.0 - - [03/Oct/2021:11:09:16 +0800] "GET /xingrg/kc/base/wldb_order_info.html?code=422021100300264 HTTP/1.1" 200 26312
116.237.74.154 - - [03/Oct/2021:11:09:16 +0800] "GET /xingrg/all/function/internal_message.html?_=1633230557176&CODE_STATE=getMsg HTTP/1.1" 200 27
116.237.74.154 - - [03/Oct/2021:11:09:17 +0800] "GET /xingrg/check_reg.html?_=1633230557585 HTTP/1.1" 200 22
180.152.237.0 - - [03/Oct/2021:11:09:18 +0800] "POST /xingrg/kc/base/wldb_order_operate.html HTTP/1.1" 200 2456
180.152.237.0 - - [03/Oct/2021:11:09:18 +0800] "GET /xingrg/javascript/easyui/themes/default/validatebox.css HTTP/1.1" 404 1104
116.237.74.154 - - [03/Oct/2021:11:09:20 +0800] "GET /xingrg/all/function/internal_message.html?_=1633230555415&CODE_STATE=getMsg HTTP/1.1" 200 27
180.152.237.0 - - [03/Oct/2021:11:09:22 +0800] "GET /xingrg/kc/base/wldb_order_add.html HTTP/1.1" 200 30434
180.169.147.146 - - [03/Oct/2021:11:09:22 +0800] "GET /xingrg/all/function/internal_message.html?_=1633230609360&CODE_STATE=getMsg HTTP/1.1" 200 27
222.70.246.151 - - [03/Oct/2021:11:09:22 +0800] "GET /xingrg/all/function/internal_message.html?_=1633230564371&CODE_STATE=getMsg HTTP/1.1" 200 27
180.152.237.0 - - [03/Oct/2021:11:09:23 +0800] "POST /xingrg/kc/base/wldb_order_operate.html HTTP/1.1" 200 6806
180.152.237.0 - - [03/Oct/2021:11:09:24 +0800] "GET /xingrg/javascript/easyui/themes/default/validatebox.css HTTP/1.1" 404 1104
180.152.237.0 - - [03/Oct/2021:11:09:27 +0800] "POST /xingrg/all/common/load_combo.html?type=base HTTP/1.1" 200 3060
222.70.178.96 - - [03/Oct/2021:11:09:27 +0800] "GET /xingrg/all/function/internal_message.html?_=1633230566049&CODE_STATE=getMsg HTTP/1.1" 200 27
180.152.237.0 - - [03/Oct/2021:11:09:29 +0800] "GET /xingrg/check_reg.html?_=1633230549164 HTTP/1.1" 200 22
180.152.237.0 - - [03/Oct/2021:11:09:29 +0800] "POST /xingrg/all/common/load_combo.html?type=base HTTP/1.1" 200 3060
180.169.147.146 - - [03/Oct/2021:11:09:31 +0800] "GET /xingrg/all/function/internal_message.html?_=1633230572973&CODE_STATE=getMsg HTTP/1.1" 200 27
58.37.227.186 - - [03/Oct/2021:11:09:32 +0800] "GET /xingrg/all/function/internal_message.html?_=1633230429907&CODE_STATE=getMsg HTTP/1.1" 200 27
180.157.253.110 - - [03/Oct/2021:11:09:32 +0800] "GET /xingrg/all/function/internal_message.html?_=1633230573098&CODE_STATE=getMsg HTTP/1.1" 200 27
116.238.248.233 - - [03/Oct/2021:11:09:33 +0800] "GET /xingrg/all/function/internal_message.html?_=1633230572021&CODE_STATE=getMsg HTTP/1.1" 200 27
180.152.237.0 - - [03/Oct/2021:11:09:37 +0800] "GET /xingrg/kc/base/wldb_order_operate.html?command=get_materiel&rest_code=00102&base_code=0010476&code=00101019297 HTTP/1.1" 200 464
180.169.147.146 - - [03/Oct/2021:11:09:46 +0800] "GET /xingrg/all/function/internal_message.html?_=1633230585619&CODE_STATE=getMsg HTTP/1.1" 200 27
180.152.237.0 - - [03/Oct/2021:11:09:46 +0800] "GET /xingrg/kc/base/wldb_order_operate.html?command=get_materiel&rest_code=00102&base_code=0010476&code=00101016046 HTTP/1.1" 200 456
180.157.253.110 - - [03/Oct/2021:11:09:47 +0800] "GET /xingrg/all/function/internal_message.html?_=1633230586782&CODE_STATE=getMsg HTTP/1.1" 200 27
180.152.237.0 - - [03/Oct/2021:11:09:48 +0800] "GET /xingrg/all/function/internal_message.html?_=1633230587404&CODE_STATE=getMsg HTTP/1.1" 200 27
124.79.246.142 - - [03/Oct/2021:11:09:50 +0800] "GET /xingrg/all/function/internal_message.html?_=1633230693916&CODE_STATE=getMsg HTTP/1.1" 200 27
124.79.246.142 - - [03/Oct/2021:11:09:50 +0800] "GET /xingrg/check_reg.html?_=1633230694275 HTTP/1.1" 200 22
180.152.237.0 - - [03/Oct/2021:11:09:53 +0800] "GET /xingrg/kc/base/wldb_order_operate.html?command=get_materiel&rest_code=00102&base_code=0010476&code=00101016029 HTTP/1.1" 200 463
116.232.50.208 - - [03/Oct/2021:11:09:56 +0800] "GET /xingrg/all/function/internal_message.html?_=1633230598085&CODE_STATE=getMsg HTTP/1.1" 200 27
58.39.139.200 - - [03/Oct/2021:11:09:56 +0800] "GET /xingrg/all/function/internal_message.html?_=1633230596207&CODE_STATE=getMsg HTTP/1.1" 200 27
172.20.0.100 - - [03/Oct/2021:11:09:57 +0800] "GET /xingrg/all/function/internal_message.html?_=1633230597536&CODE_STATE=getMsg HTTP/1.1" 200 27
180.152.237.0 - - [03/Oct/2021:11:10:00 +0800] "GET /xingrg/kc/base/wldb_order_operate.html?command=get_materiel&rest_code=00102&base_code=0010476&code=00101019079 HTTP/1.1" 200 465
180.169.147.146 - - [03/Oct/2021:11:10:01 +0800] "GET /xingrg/all/function/internal_message.html?_=1633230602183&CODE_STATE=getMsg HTTP/1.1" 200 27
114.83.220.18 - - [03/Oct/2021:11:10:02 +0800] "GET /xingrg/all/function/internal_message.html?_=1633230601924&CODE_STATE=getMsg HTTP/1.1" 200 27
116.237.74.154 - - [03/Oct/2021:11:10:05 +0800] "GET /xingrg/all/function/internal_message.html?_=1633230605772&CODE_STATE=getMsg HTTP/1.1" 200 27
116.230.105.26 - - [03/Oct/2021:11:10:09 +0800] "GET /xingrg/all/function/internal_message.html?_=1633230600482&CODE_STATE=getMsg HTTP/1.1" 200 27
180.152.237.0 - - [03/Oct/2021:11:10:12 +0800] "GET /xingrg/kc/base/wldb_order_operate.html?command=get_materiel&rest_code=00102&base_code=0010476&code=00101019315 HTTP/1.1" 200 460
180.162.112.229 - - [03/Oct/2021:11:10:13 +0800] "GET /xingrg/all/function/internal_message.html?_=1633230148137&CODE_STATE=getMsg HTTP/1.1" 200 27
116.237.74.154 - - [03/Oct/2021:11:10:16 +0800] "GET /xingrg/all/function/internal_message.html?_=1633230617149&CODE_STATE=getMsg HTTP/1.1" 200 27
101.89.239.120 - - [03/Oct/2021:11:10:20 +0800] "GET /xingrg/all/function/internal_message.html?_=1633230555415&CODE_STATE=getMsg HTTP/1.1" 302 -
116.237.74.154 - - [03/Oct/2021:11:10:20 +0800] "GET /xingrg/all/function/internal_message.html?_=1633230615397&CODE_STATE=getMsg HTTP/1.1" 200 27
101.89.239.120 - - [03/Oct/2021:11:10:20 +0800] "GET /xingrg/login.html HTTP/1.1" 200 7641
180.152.237.0 - - [03/Oct/2021:11:10:22 +0800] "GET /xingrg/kc/base/wldb_order_operate.html?command=get_materiel&rest_code=00102&base_code=0010476&code=00101019195 HTTP/1.1" 200 460
180.169.147.146 - - [03/Oct/2021:11:10:22 +0800] "GET /xingrg/all/function/internal_message.html?_=1633230669367&CODE_STATE=getMsg HTTP/1.1" 200 27
120.253.135.82 - - [03/Oct/2021:11:10:22 +0800] "GET /xingrg/check_reg.html?_=1633230393603 HTTP/1.1" 200 22
222.70.246.151 - - [03/Oct/2021:11:10:23 +0800] "GET /xingrg/all/function/internal_message.html?_=1633230624504&CODE_STATE=getMsg HTTP/1.1" 200 27
180.152.237.0 - - [03/Oct/2021:11:10:27 +0800] "GET /xingrg/kc/base/wldb_order_operate.html?command=get_materiel&rest_code=00102&base_code=0010476&code=00101019400 HTTP/1.1" 200 451
222.70.178.96 - - [03/Oct/2021:11:10:27 +0800] "GET /xingrg/all/function/internal_message.html?_=1633230626031&CODE_STATE=getMsg HTTP/1.1" 200 27
116.232.50.208 - - [03/Oct/2021:11:10:30 +0800] "GET /xingrg/css/base.css HTTP/1.1" 200 2811
116.232.50.208 - - [03/Oct/2021:11:10:30 +0800] "GET /xingrg/css/site.css HTTP/1.1" 200 7541
116.232.50.208 - - [03/Oct/2021:11:10:30 +0800] "GET /xingrg/javascript/jquery_tools/datebox.css HTTP/1.1" 200 2597
116.232.50.208 - - [03/Oct/2021:11:10:30 +0800] "GET /xingrg/javascript/easyui/themes/icon.css HTTP/1.1" 200 4483
116.232.50.208 - - [03/Oct/2021:11:10:30 +0800] "GET /xingrg/javascript/jquery_tools/fix.css HTTP/1.1" 200 1702
116.232.50.208 - - [03/Oct/2021:11:10:30 +0800] "GET /xingrg/javascript/jquery_tools/jquery.tools.min.js HTTP/1.1" 200 138801
116.232.50.208 - - [03/Oct/2021:11:10:30 +0800] "GET /xingrg/javascript/jquery_tools/table.css HTTP/1.1" 200 1032
116.232.50.208 - - [03/Oct/2021:11:10:30 +0800] "GET /xingrg/javascript/jquery_tools/jquery.tools.hotkey.js HTTP/1.1" 200 3242
116.232.50.208 - - [03/Oct/2021:11:10:30 +0800] "GET /xingrg/javascript/jquery_tools/jquery.tools.table.js HTTP/1.1" 200 6994
116.232.50.208 - - [03/Oct/2021:11:10:30 +0800] "GET /xingrg/kc/buy/cgsh_order_list.html HTTP/1.1" 200 48878
116.232.50.208 - - [03/Oct/2021:11:10:30 +0800] "GET /xingrg/javascript/jquery_tools/list_manager.js HTTP/1.1" 200 3652
116.232.50.208 - - [03/Oct/2021:11:10:30 +0800] "GET /xingrg/javascript/easyui/easyloader.js HTTP/1.1" 200 5975
116.232.50.208 - - [03/Oct/2021:11:10:30 +0800] "GET /xingrg/javascript/jquery.cookie.js HTTP/1.1" 200 5513
116.232.50.208 - - [03/Oct/2021:11:10:30 +0800] "GET /xingrg/javascript/jquery_tools/jquery.tools.extend.js HTTP/1.1" 200 15385
116.232.50.208 - - [03/Oct/2021:11:10:30 +0800] "GET /xingrg/javascript/easyui/themes/default/easyui.css HTTP/1.1" 200 30432
116.232.50.208 - - [03/Oct/2021:11:10:30 +0800] "GET /xingrg/javascript/easyui/themes/icons/edit_add_new.png HTTP/1.1" 200 2997
116.232.50.208 - - [03/Oct/2021:11:10:30 +0800] "GET /xingrg/javascript/easyui/themes/icons/check_new.png HTTP/1.1" 200 3224
116.232.50.208 - - [03/Oct/2021:11:10:30 +0800] "GET /xingrg/javascript/easyui/themes/icons/cance_new.png HTTP/1.1" 200 3986
116.232.50.208 - - [03/Oct/2021:11:10:30 +0800] "GET /xingrg/javascript/easyui/themes/icons/field_new.png HTTP/1.1" 200 1097
116.232.50.208 - - [03/Oct/2021:11:10:30 +0800] "GET /xingrg/javascript/easyui/themes/icons/import_new.png HTTP/1.1" 200 1247
116.232.50.208 - - [03/Oct/2021:11:10:30 +0800] "GET /xingrg/javascript/easyui/plugins/jquery.parser.js HTTP/1.1" 200 1142
116.232.50.208 - - [03/Oct/2021:11:10:30 +0800] "GET /xingrg/images/control/ajaxLoader.gif HTTP/1.1" 200 4659
180.169.147.146 - - [03/Oct/2021:11:10:31 +0800] "GET /xingrg/check_reg.html?_=1633230632837 HTTP/1.1" 200 22
180.169.147.146 - - [03/Oct/2021:11:10:31 +0800] "GET /xingrg/all/function/internal_message.html?_=1633230632988&CODE_STATE=getMsg HTTP/1.1" 200 27
58.37.227.186 - - [03/Oct/2021:11:10:32 +0800] "GET /xingrg/all/function/internal_message.html?_=1633230489931&CODE_STATE=getMsg HTTP/1.1" 200 27
116.232.50.208 - - [03/Oct/2021:11:10:32 +0800] "POST /xingrg/kc/buy/cgsh_list_operate.html HTTP/1.1" 200 2734
180.157.253.110 - - [03/Oct/2021:11:10:32 +0800] "GET /xingrg/all/function/internal_message.html?_=1633230633101&CODE_STATE=getMsg HTTP/1.1" 200 27
116.238.248.233 - - [03/Oct/2021:11:10:33 +0800] "GET /xingrg/all/function/internal_message.html?_=1633230632010&CODE_STATE=getMsg HTTP/1.1" 200 27
180.152.237.0 - - [03/Oct/2021:11:10:34 +0800] "GET /xingrg/kc/base/wldb_order_operate.html?command=get_materiel&rest_code=00102&base_code=0010476&code=00101019258 HTTP/1.1" 200 469
116.232.50.208 - - [03/Oct/2021:11:10:35 +0800] "POST /xingrg/kc/buy/cgsh_list_operate.html HTTP/1.1" 200 569
116.232.50.208 - - [03/Oct/2021:11:10:35 +0800] "GET /xingrg/javascript/convert.js HTTP/1.1" 200 1239
116.232.50.208 - - [03/Oct/2021:11:10:35 +0800] "GET /xingrg/javascript/jquery_tools/order_manager.js HTTP/1.1" 200 11183
116.232.50.208 - - [03/Oct/2021:11:10:35 +0800] "GET /xingrg/kc/buy/cgsh_order_info.html?code=212021100301110 HTTP/1.1" 200 64666
116.232.50.208 - - [03/Oct/2021:11:10:35 +0800] "GET /xingrg/javascript/json2.js HTTP/1.1" 200 11259
116.232.50.208 - - [03/Oct/2021:11:10:35 +0800] "GET /xingrg/javascript/easyui/themes/icons/ok.png HTTP/1.1" 200 883
116.232.50.208 - - [03/Oct/2021:11:10:35 +0800] "GET /xingrg/javascript/easyui/themes/icons/cancel.png HTTP/1.1" 200 1133
116.232.50.208 - - [03/Oct/2021:11:10:35 +0800] "GET /xingrg/javascript/easyui/themes/default/images/menu_downarrow.png HTTP/1.1" 200 173
116.232.50.208 - - [03/Oct/2021:11:10:35 +0800] "GET /xingrg/javascript/easyui/themes/icons/print.png HTTP/1.1" 200 1057
116.232.50.208 - - [03/Oct/2021:11:10:35 +0800] "GET /xingrg/javascript/easyui/themes/icons/template_new.png HTTP/1.1" 200 3956
116.232.50.208 - - [03/Oct/2021:11:10:35 +0800] "GET /xingrg/javascript/easyui/themes/icons/copy_new.png HTTP/1.1" 200 815
116.232.50.208 - - [03/Oct/2021:11:10:35 +0800] "GET /xingrg/all/common/auto_word.html?type=employee&rest_code=00109 HTTP/1.1" 200 255
116.232.50.208 - - [03/Oct/2021:11:10:35 +0800] "GET /xingrg/javascript/easyui/themes/default/validatebox.css HTTP/1.1" 404 1104
116.232.50.208 - - [03/Oct/2021:11:10:35 +0800] "GET /xingrg/javascript/easyui/plugins/jquery.validatebox.js HTTP/1.1" 200 6103
116.232.50.208 - - [03/Oct/2021:11:10:35 +0800] "GET /xingrg/javascript/easyui/plugins/jquery.numberbox.js HTTP/1.1" 200 5213
116.232.50.208 - - [03/Oct/2021:11:10:35 +0800] "GET /xingrg/all/common/auto_word.html?type=employee&rest_code=00109 HTTP/1.1" 200 255
116.232.50.208 - - [03/Oct/2021:11:10:36 +0800] "POST /xingrg/kc/buy/cgsh_order_operate.html HTTP/1.1" 200 6209
116.232.50.208 - - [03/Oct/2021:11:10:36 +0800] "GET /xingrg/javascript/easyui/themes/icons/edit_remove.png HTTP/1.1" 200 625
180.152.237.0 - - [03/Oct/2021:11:10:42 +0800] "GET /xingrg/kc/base/wldb_order_operate.html?command=get_materiel&rest_code=00102&base_code=0010476&code=00101016019 HTTP/1.1" 200 451
180.169.147.146 - - [03/Oct/2021:11:10:46 +0800] "GET /xingrg/all/function/internal_message.html?_=1633230645614&CODE_STATE=getMsg HTTP/1.1" 200 27
180.157.253.110 - - [03/Oct/2021:11:10:47 +0800] "GET /xingrg/all/function/internal_message.html?_=1633230646770&CODE_STATE=getMsg HTTP/1.1" 200 27
180.152.237.0 - - [03/Oct/2021:11:10:47 +0800] "GET /xingrg/check_reg.html?_=1633230646366 HTTP/1.1" 200 22
116.232.50.208 - - [03/Oct/2021:11:10:47 +0800] "POST /xingrg/all/common/load_tree.html?tree=area_rest_tree_json&manage=1 HTTP/1.1" 200 342
116.232.50.208 - - [03/Oct/2021:11:10:47 +0800] "GET /xingrg/all/function/internal_message.html?_=1633230649393&CODE_STATE=count HTTP/1.1" 200 11
116.232.50.208 - - [03/Oct/2021:11:10:47 +0800] "GET /xingrg/check_reg.html?_=1633230649393 HTTP/1.1" 200 22
116.232.50.208 - - [03/Oct/2021:11:10:47 +0800] "POST /xingrg/load_menu.html HTTP/1.1" 200 5138
180.152.237.0 - - [03/Oct/2021:11:10:48 +0800] "GET /xingrg/all/function/internal_message.html?_=1633230647418&CODE_STATE=getMsg HTTP/1.1" 200 27
116.232.50.208 - - [03/Oct/2021:11:10:48 +0800] "GET /xingrg/kc/buy/buy_main.html HTTP/1.1" 200 12412
116.232.50.208 - - [03/Oct/2021:11:10:48 +0800] "GET /xingrg/css/new_ie.css HTTP/1.1" 404 1036
116.232.50.208 - - [03/Oct/2021:11:10:49 +0800] "GET /xingrg/kc/buy/cgsh_order_list.html HTTP/1.1" 200 48878
124.79.246.142 - - [03/Oct/2021:11:10:50 +0800] "GET /xingrg/all/function/internal_message.html?_=1633230753891&CODE_STATE=getMsg HTTP/1.1" 200 27
116.232.50.208 - - [03/Oct/2021:11:10:51 +0800] "POST /xingrg/kc/buy/cgsh_list_operate.html HTTP/1.1" 200 2734
116.232.50.208 - - [03/Oct/2021:11:10:53 +0800] "GET /xingrg/kc/buy/cgsh_order_add.html HTTP/1.1" 200 64657
116.232.50.208 - - [03/Oct/2021:11:10:53 +0800] "POST /xingrg/kc/buy/cgsh_order_operate.html HTTP/1.1" 200 8245
116.232.50.208 - - [03/Oct/2021:11:10:53 +0800] "GET /xingrg/all/common/auto_word.html?type=employee&rest_code=00109 HTTP/1.1" 200 255
116.232.50.208 - - [03/Oct/2021:11:10:53 +0800] "GET /xingrg/all/common/auto_word.html?type=employee&rest_code=00109 HTTP/1.1" 200 255
116.232.50.208 - - [03/Oct/2021:11:10:53 +0800] "GET /xingrg/javascript/easyui/themes/default/validatebox.css HTTP/1.1" 404 1104
58.39.139.200 - - [03/Oct/2021:11:10:56 +0800] "GET /xingrg/all/function/internal_message.html?_=1633230656185&CODE_STATE=getMsg HTTP/1.1" 200 27
172.20.0.100 - - [03/Oct/2021:11:10:57 +0800] "GET /xingrg/all/function/internal_message.html?_=1633230657529&CODE_STATE=getMsg HTTP/1.1" 200 27
116.232.50.208 - - [03/Oct/2021:11:10:57 +0800] "POST /xingrg/kc/buy/cgsh_list_operate.html HTTP/1.1" 200 569
180.157.253.110 - - [03/Oct/2021:11:10:59 +0800] "GET /xingrg/javascript/jquery_easy_ui/themes/default/images/tabs_close.gif HTTP/1.1" 304 -
180.157.253.110 - - [03/Oct/2021:11:10:59 +0800] "GET /xingrg/css/base.css HTTP/1.1" 304 -
180.157.253.110 - - [03/Oct/2021:11:10:59 +0800] "GET /xingrg/kc/buy/cgsh_order_list.html HTTP/1.1" 200 48884
180.157.253.110 - - [03/Oct/2021:11:10:59 +0800] "GET /xingrg/javascript/easyui/themes/default/easyui.css HTTP/1.1" 304 -
180.157.253.110 - - [03/Oct/2021:11:10:59 +0800] "GET /xingrg/javascript/jquery_tools/fix.css HTTP/1.1" 304 -
180.157.253.110 - - [03/Oct/2021:11:10:59 +0800] "GET /xingrg/css/site.css HTTP/1.1" 304 -
180.157.253.110 - - [03/Oct/2021:11:10:59 +0800] "GET /xingrg/javascript/jquery_tools/table.css HTTP/1.1" 304 -
180.157.253.110 - - [03/Oct/2021:11:10:59 +0800] "GET /xingrg/javascript/jquery_tools/datebox.css HTTP/1.1" 304 -
180.157.253.110 - - [03/Oct/2021:11:10:59 +0800] "GET /xingrg/javascript/jquery_tools/jquery.tools.min.js HTTP/1.1" 304 -
180.157.253.110 - - [03/Oct/2021:11:10:59 +0800] "GET /xingrg/javascript/easyui/themes/icon.css HTTP/1.1" 304 -
180.157.253.110 - - [03/Oct/2021:11:10:59 +0800] "GET /xingrg/javascript/jquery_tools/jquery.tools.hotkey.js HTTP/1.1" 304 -
180.157.253.110 - - [03/Oct/2021:11:10:59 +0800] "GET /xingrg/javascript/jquery_tools/jquery.tools.extend.js HTTP/1.1" 304 -
180.157.253.110 - - [03/Oct/2021:11:10:59 +0800] "GET /xingrg/javascript/auto/jquery.autocomplete.css HTTP/1.1" 304 -
180.157.253.110 - - [03/Oct/2021:11:10:59 +0800] "GET /xingrg/javascript/jquery_tools/jquery.tools.table.js HTTP/1.1" 304 -
180.157.253.110 - - [03/Oct/2021:11:10:59 +0800] "GET /xingrg/javascript/auto/jquery.autocomplete.js HTTP/1.1" 304 -
180.157.253.110 - - [03/Oct/2021:11:10:59 +0800] "GET /xingrg/javascript/jquery_tools/list_manager.js HTTP/1.1" 304 -
180.157.253.110 - - [03/Oct/2021:11:10:59 +0800] "GET /xingrg/javascript/easyui/easyloader.js HTTP/1.1" 304 -
180.157.253.110 - - [03/Oct/2021:11:10:59 +0800] "GET /xingrg/javascript/jquery.cookie.js HTTP/1.1" 304 -
180.157.253.110 - - [03/Oct/2021:11:10:59 +0800] "GET /xingrg/javascript/print/LodopFuncs.js HTTP/1.1" 304 -
116.232.50.208 - - [03/Oct/2021:11:10:59 +0800] "GET /xingrg/kc/buy/cgsh_order_add.html HTTP/1.1" 200 64657
180.157.253.110 - - [03/Oct/2021:11:10:59 +0800] "GET /xingrg/javascript/easyui/themes/icons/cance_new.png HTTP/1.1" 304 -
180.157.253.110 - - [03/Oct/2021:11:10:59 +0800] "GET /xingrg/javascript/easyui/themes/icons/edit_add_new.png HTTP/1.1" 304 -
180.157.253.110 - - [03/Oct/2021:11:11:00 +0800] "GET /xingrg/javascript/easyui/themes/icons/check_new.png HTTP/1.1" 304 -
180.157.253.110 - - [03/Oct/2021:11:11:00 +0800] "GET /xingrg/javascript/easyui/themes/icons/field_new.png HTTP/1.1" 304 -
180.157.253.110 - - [03/Oct/2021:11:11:00 +0800] "GET /xingrg/javascript/easyui/themes/icons/import_new.png HTTP/1.1" 304 -
180.157.253.110 - - [03/Oct/2021:11:11:00 +0800] "GET /xingrg/javascript/easyui/plugins/jquery.parser.js HTTP/1.1" 304 -
180.157.253.110 - - [03/Oct/2021:11:11:00 +0800] "GET /xingrg/images/control/ajaxLoader.gif HTTP/1.1" 304 -
116.232.50.208 - - [03/Oct/2021:11:11:00 +0800] "POST /xingrg/kc/buy/cgsh_order_operate.html HTTP/1.1" 200 8245
116.232.50.208 - - [03/Oct/2021:11:11:00 +0800] "GET /xingrg/all/common/auto_word.html?type=employee&rest_code=00109 HTTP/1.1" 200 255
116.232.50.208 - - [03/Oct/2021:11:11:00 +0800] "GET /xingrg/all/common/auto_word.html?type=employee&rest_code=00109 HTTP/1.1" 200 255
116.232.50.208 - - [03/Oct/2021:11:11:00 +0800] "GET /xingrg/javascript/easyui/themes/default/validatebox.css HTTP/1.1" 404 1104
180.169.147.146 - - [03/Oct/2021:11:11:01 +0800] "GET /xingrg/all/function/internal_message.html?_=1633230662188&CODE_STATE=getMsg HTTP/1.1" 200 27
180.157.253.110 - - [03/Oct/2021:11:11:01 +0800] "POST /xingrg/kc/buy/cgsh_list_operate.html HTTP/1.1" 200 2737
114.83.220.18 - - [03/Oct/2021:11:11:02 +0800] "GET /xingrg/all/function/internal_message.html?_=1633230661916&CODE_STATE=getMsg HTTP/1.1" 200 27
116.232.50.208 - - [03/Oct/2021:11:11:05 +0800] "GET /xingrg/javascript/jquery_tools/images/next.gif HTTP/1.1" 404 1086
116.232.50.208 - - [03/Oct/2021:11:11:05 +0800] "GET /xingrg/javascript/jquery_tools/images/prev.gif HTTP/1.1" 404 1086
116.237.74.154 - - [03/Oct/2021:11:11:05 +0800] "GET /xingrg/check_reg.html?_=1633230665789 HTTP/1.1" 200 22
116.237.74.154 - - [03/Oct/2021:11:11:05 +0800] "GET /xingrg/all/function/internal_message.html?_=1633230665787&CODE_STATE=getMsg HTTP/1.1" 200 27
116.230.105.26 - - [03/Oct/2021:11:11:09 +0800] "GET /xingrg/all/function/internal_message.html?_=1633230660483&CODE_STATE=getMsg HTTP/1.1" 200 27
116.232.50.208 - - [03/Oct/2021:11:11:12 +0800] "GET /xingrg/kc/buy/cgsh_order_operate.html?command=get_materiel&rest_code=00109&code=00101007081&supplier_code=00100004&order_time=2021-10-03 HTTP/1.1" 200 413
180.162.112.229 - - [03/Oct/2021:11:11:13 +0800] "GET /xingrg/all/function/internal_message.html?_=1633230208107&CODE_STATE=getMsg HTTP/1.1" 200 27
116.237.74.154 - - [03/Oct/2021:11:11:16 +0800] "GET /xingrg/all/function/internal_message.html?_=1633230677134&CODE_STATE=getMsg HTTP/1.1" 200 27
116.232.50.208 - - [03/Oct/2021:11:11:19 +0800] "GET /xingrg/kc/buy/cgsh_order_operate.html?command=get_materiel&rest_code=00109&code=00101007076&supplier_code=00100004&order_time=2021-10-03 HTTP/1.1" 200 408
180.152.237.0 - - [03/Oct/2021:11:11:19 +0800] "GET /xingrg/kc/base/wldb_order_operate.html?command=get_materiel&rest_code=00102&base_code=0010476&code=00102002026 HTTP/1.1" 200 433
61.151.178.197 - - [03/Oct/2021:11:11:20 +0800] "GET /xingrg/all/function/internal_message.html?_=1633230615397&CODE_STATE=getMsg HTTP/1.1" 302 -
61.151.178.197 - - [03/Oct/2021:11:11:20 +0800] "GET /xingrg/login.html HTTP/1.1" 200 7641
116.237.74.154 - - [03/Oct/2021:11:11:20 +0800] "GET /xingrg/all/function/internal_message.html?_=1633230675370&CODE_STATE=getMsg HTTP/1.1" 200 27
116.237.74.154 - - [03/Oct/2021:11:11:21 +0800] "GET /xingrg/check_reg.html?_=1633230675958 HTTP/1.1" 200 22
180.169.147.146 - - [03/Oct/2021:11:11:22 +0800] "GET /xingrg/all/function/internal_message.html?_=1633230729359&CODE_STATE=getMsg HTTP/1.1" 200 27
222.70.246.151 - - [03/Oct/2021:11:11:23 +0800] "GET /xingrg/all/function/internal_message.html?_=1633230684506&CODE_STATE=getMsg HTTP/1.1" 200 27
180.152.237.0 - - [03/Oct/2021:11:11:25 +0800] "GET /xingrg/kc/base/wldb_order_operate.html?command=get_materiel&rest_code=00102&base_code=0010476&code=00101019015 HTTP/1.1" 200 437
116.232.50.208 - - [03/Oct/2021:11:11:27 +0800] "POST /xingrg/kc/buy/cgsh_order_operate.html HTTP/1.1" 200 37
222.70.178.96 - - [03/Oct/2021:11:11:27 +0800] "GET /xingrg/all/function/internal_message.html?_=1633230686015&CODE_STATE=getMsg HTTP/1.1" 200 27
116.232.50.208 - - [03/Oct/2021:11:11:28 +0800] "POST /xingrg/kc/buy/cgsh_order_operate.html HTTP/1.1" 200 3249
222.70.178.96 - - [03/Oct/2021:11:11:28 +0800] "GET /xingrg/check_reg.html?_=1633230687141 HTTP/1.1" 200 22
116.232.50.208 - - [03/Oct/2021:11:11:29 +0800] "GET /xingrg/kc/print/load_config.html?kc_code=cgsh HTTP/1.1" 200 2256
116.232.50.208 - - [03/Oct/2021:11:11:29 +0800] "GET /xingrg/kc/print/load_data.html?order_code=212021100301148&kc_code=cgsh&condition= HTTP/1.1" 200 943
180.152.237.0 - - [03/Oct/2021:11:11:31 +0800] "GET /xingrg/kc/base/wldb_order_operate.html?command=get_materiel&rest_code=00102&base_code=0010476&code=00101016044 HTTP/1.1" 200 464
180.169.147.146 - - [03/Oct/2021:11:11:31 +0800] "GET /xingrg/all/function/internal_message.html?_=1633230693001&CODE_STATE=getMsg HTTP/1.1" 200 27
58.37.227.186 - - [03/Oct/2021:11:11:32 +0800] "GET /xingrg/all/function/internal_message.html?_=1633230549930&CODE_STATE=getMsg HTTP/1.1" 200 27
58.37.227.186 - - [03/Oct/2021:11:11:32 +0800] "GET /xingrg/check_reg.html?_=1633230549932 HTTP/1.1" 200 22
180.157.253.110 - - [03/Oct/2021:11:11:32 +0800] "GET /xingrg/all/function/internal_message.html?_=1633230693101&CODE_STATE=getMsg HTTP/1.1" 200 27
116.238.248.233 - - [03/Oct/2021:11:11:33 +0800] "GET /xingrg/all/function/internal_message.html?_=1633230692011&CODE_STATE=getMsg HTTP/1.1" 200 27
116.232.50.208 - - [03/Oct/2021:11:11:33 +0800] "GET /xingrg/kc/buy/cgsh_order_add.html HTTP/1.1" 200 64657
116.232.50.208 - - [03/Oct/2021:11:11:33 +0800] "POST /xingrg/kc/buy/cgsh_order_operate.html HTTP/1.1" 200 8245
116.232.50.208 - - [03/Oct/2021:11:11:33 +0800] "GET /xingrg/all/common/auto_word.html?type=employee&rest_code=00109 HTTP/1.1" 200 255
116.232.50.208 - - [03/Oct/2021:11:11:33 +0800] "GET /xingrg/all/common/auto_word.html?type=employee&rest_code=00109 HTTP/1.1" 200 255
116.232.50.208 - - [03/Oct/2021:11:11:33 +0800] "GET /xingrg/javascript/easyui/themes/default/validatebox.css HTTP/1.1" 404 1104
116.232.50.208 - - [03/Oct/2021:11:11:43 +0800] "GET /xingrg/javascript/jquery_tools/images/prev.gif HTTP/1.1" 404 1086
116.232.50.208 - - [03/Oct/2021:11:11:43 +0800] "GET /xingrg/javascript/jquery_tools/images/next.gif HTTP/1.1" 404 1086
180.152.237.0 - - [03/Oct/2021:11:11:45 +0800] "GET /xingrg/kc/base/wldb_order_operate.html?command=get_materiel&rest_code=00102&base_code=0010476&code=00101019063 HTTP/1.1" 200 447
180.169.147.146 - - [03/Oct/2021:11:11:46 +0800] "GET /xingrg/all/function/internal_message.html?_=1633230705626&CODE_STATE=getMsg HTTP/1.1" 200 27
180.157.253.110 - - [03/Oct/2021:11:11:47 +0800] "GET /xingrg/all/function/internal_message.html?_=1633230706771&CODE_STATE=getMsg HTTP/1.1" 200 27
116.232.50.208 - - [03/Oct/2021:11:11:47 +0800] "GET /xingrg/all/function/internal_message.html?_=1633230709397&CODE_STATE=getMsg HTTP/1.1" 200 27
180.152.237.0 - - [03/Oct/2021:11:11:48 +0800] "GET /xingrg/all/function/internal_message.html?_=1633230707432&CODE_STATE=getMsg HTTP/1.1" 200 27
124.79.246.142 - - [03/Oct/2021:11:11:50 +0800] "GET /xingrg/all/function/internal_message.html?_=1633230813870&CODE_STATE=getMsg HTTP/1.1" 200 27
116.232.50.208 - - [03/Oct/2021:11:11:52 +0800] "GET /xingrg/kc/buy/cgsh_order_operate.html?command=get_materiel&rest_code=00109&code=00101006129&supplier_code=00100015&order_time=2021-10-03 HTTP/1.1" 200 431
180.157.253.110 - - [03/Oct/2021:11:11:52 +0800] "GET /xingrg/javascript/easyui/themes/default/images/button_plain_hover.png HTTP/1.1" 304 -
180.152.237.0 - - [03/Oct/2021:11:11:52 +0800] "GET /xingrg/kc/base/wldb_order_operate.html?command=get_materiel&rest_code=00102&base_code=0010476&code=00101019222 HTTP/1.1" 200 452
180.157.253.110 - - [03/Oct/2021:11:11:52 +0800] "GET /xingrg/javascript/pic_change.js HTTP/1.1" 304 -
180.157.253.110 - - [03/Oct/2021:11:11:52 +0800] "GET /xingrg/javascript/jquery_tools/order_manager.js HTTP/1.1" 304 -
180.157.253.110 - - [03/Oct/2021:11:11:52 +0800] "GET /xingrg/javascript/json2.js HTTP/1.1" 304 -
180.157.253.110 - - [03/Oct/2021:11:11:52 +0800] "GET /xingrg/javascript/convert.js HTTP/1.1" 304 -
180.157.253.110 - - [03/Oct/2021:11:11:52 +0800] "GET /xingrg/javascript/print/kc_print.js HTTP/1.1" 304 -
180.157.253.110 - - [03/Oct/2021:11:11:52 +0800] "GET /xingrg/kc/buy/cgsh_order_add.html HTTP/1.1" 200 64616
180.157.253.110 - - [03/Oct/2021:11:11:52 +0800] "GET /xingrg/words/20211002120121_words.js HTTP/1.1" 200 854157
180.157.253.110 - - [03/Oct/2021:11:11:53 +0800] "GET /xingrg/javascript/easyui/themes/icons/copy_new.png HTTP/1.1" 304 -
180.157.253.110 - - [03/Oct/2021:11:11:53 +0800] "GET /xingrg/javascript/easyui/themes/icons/template_new.png HTTP/1.1" 304 -
180.157.253.110 - - [03/Oct/2021:11:11:53 +0800] "GET /xingrg/javascript/easyui/themes/icons/ok.png HTTP/1.1" 304 -
180.157.253.110 - - [03/Oct/2021:11:11:53 +0800] "GET /xingrg/javascript/easyui/themes/icons/print.png HTTP/1.1" 304 -
180.157.253.110 - - [03/Oct/2021:11:11:53 +0800] "GET /xingrg/javascript/easyui/themes/default/images/menu_downarrow.png HTTP/1.1" 304 -
180.157.253.110 - - [03/Oct/2021:11:11:53 +0800] "GET /xingrg/javascript/easyui/themes/icons/cancel.png HTTP/1.1" 304 -
180.157.253.110 - - [03/Oct/2021:11:11:53 +0800] "POST /xingrg/kc/buy/cgsh_order_operate.html HTTP/1.1" 200 8245
180.157.253.110 - - [03/Oct/2021:11:11:53 +0800] "GET /xingrg/all/common/auto_word.html?type=employee&rest_code=00148 HTTP/1.1" 200 243
180.157.253.110 - - [03/Oct/2021:11:11:53 +0800] "GET /xingrg/javascript/easyui/themes/default/validatebox.css HTTP/1.1" 404 1104
180.157.253.110 - - [03/Oct/2021:11:11:53 +0800] "GET /xingrg/javascript/easyui/plugins/jquery.validatebox.js HTTP/1.1" 304 -
180.157.253.110 - - [03/Oct/2021:11:11:53 +0800] "GET /xingrg/all/common/auto_word.html?type=employee&rest_code=00148 HTTP/1.1" 200 243
180.157.253.110 - - [03/Oct/2021:11:11:53 +0800] "GET /xingrg/javascript/easyui/plugins/jquery.numberbox.js HTTP/1.1" 304 -
180.157.253.110 - - [03/Oct/2021:11:11:53 +0800] "GET /xingrg/javascript/easyui/themes/icons/edit_remove.png HTTP/1.1" 304 -
180.157.253.110 - - [03/Oct/2021:11:11:55 +0800] "GET /xingrg/javascript/auto/indicator.gif HTTP/1.1" 404 1066
58.39.139.200 - - [03/Oct/2021:11:11:56 +0800] "GET /xingrg/all/function/internal_message.html?_=1633230716168&CODE_STATE=getMsg HTTP/1.1" 200 27
172.20.0.100 - - [03/Oct/2021:11:11:57 +0800] "GET /xingrg/all/function/internal_message.html?_=1633230717529&CODE_STATE=getMsg HTTP/1.1" 200 27
180.157.253.110 - - [03/Oct/2021:11:11:58 +0800] "GET /xingrg/javascript/jquery_tools/images/next.gif HTTP/1.1" 404 1086
180.157.253.110 - - [03/Oct/2021:11:11:58 +0800] "GET /xingrg/javascript/jquery_tools/images/prev.gif HTTP/1.1" 404 1086
180.152.237.0 - - [03/Oct/2021:11:11:59 +0800] "GET /xingrg/kc/base/wldb_order_operate.html?command=get_materiel&rest_code=00102&base_code=0010476&code=00101013257 HTTP/1.1" 200 430
116.228.172.94 - - [03/Oct/2021:11:12:00 +0800] "POST /xingrg/login.do HTTP/1.1" 302 -
116.228.172.94 - - [03/Oct/2021:11:12:00 +0800] "GET /xingrg/index.html?sysBaseUrl=http%3A%2F%2F180.169.147.146%3A18081%2Fxingrg%2F&costTime=44×tamp=1633230720503 HTTP/1.1" 200 17417
116.228.172.94 - - [03/Oct/2021:11:12:00 +0800] "GET /xingrg/javascript/jquery_easy_ui/themes/icon.css HTTP/1.1" 200 3949
116.228.172.94 - - [03/Oct/2021:11:12:00 +0800] "GET /xingrg/css/form.css HTTP/1.1" 200 893
116.228.172.94 - - [03/Oct/2021:11:12:00 +0800] "GET /xingrg/javascript/jquery-1.4.2.min.js HTTP/1.1" 200 72205
116.228.172.94 - - [03/Oct/2021:11:12:00 +0800] "GET /xingrg/javascript/jquery_easy_ui/themes/default/easyui.css HTTP/1.1" 200 26500
116.228.172.94 - - [03/Oct/2021:11:12:00 +0800] "GET /xingrg/javascript/jquery_easy_ui/easyui-lang-zh_CN.js HTTP/1.1" 200 1900
116.228.172.94 - - [03/Oct/2021:11:12:00 +0800] "GET /xingrg/javascript/jquery_easy_ui/jquery.easyui.min.js HTTP/1.1" 200 213662
116.228.172.94 - - [03/Oct/2021:11:12:00 +0800] "GET /xingrg/javascript/jquery.timers.js HTTP/1.1" 200 3532
116.228.172.94 - - [03/Oct/2021:11:12:00 +0800] "GET /xingrg/javascript/jquery.utils.js HTTP/1.1" 200 11805
116.228.172.94 - - [03/Oct/2021:11:12:00 +0800] "GET /xingrg/javascript/jquery.form.js HTTP/1.1" 200 23110
180.169.147.146 - - [03/Oct/2021:11:12:01 +0800] "GET /xingrg/all/function/internal_message.html?_=1633230722192&CODE_STATE=getMsg HTTP/1.1" 200 27
180.169.147.146 - - [03/Oct/2021:11:12:01 +0800] "GET /xingrg/check_reg.html?_=1633230722194 HTTP/1.1" 200 22
116.228.172.94 - - [03/Oct/2021:11:12:01 +0800] "POST /xingrg/all/common/load_tree.html?tree=area_rest_tree_json&manage=1 HTTP/1.1" 200 348
116.228.172.94 - - [03/Oct/2021:11:12:02 +0800] "GET /xingrg/check_reg.html?_=1633230721937 HTTP/1.1" 200 22
116.228.172.94 - - [03/Oct/2021:11:12:02 +0800] "GET /xingrg/all/function/internal_message.html?_=1633230721935&CODE_STATE=count HTTP/1.1" 200 11
116.228.172.94 - - [03/Oct/2021:11:12:02 +0800] "GET /xingrg/images/blue/pingpu.png HTTP/1.1" 200 231
116.228.172.94 - - [03/Oct/2021:11:12:02 +0800] "GET /xingrg/javascript/jquery_easy_ui/themes/default/images/tabs_leftarrow.png HTTP/1.1" 200 389
116.228.172.94 - - [03/Oct/2021:11:12:02 +0800] "GET /xingrg/javascript/jquery_easy_ui/themes/default/images/tabs_rightarrow.png HTTP/1.1" 200 395
116.228.172.94 - - [03/Oct/2021:11:12:02 +0800] "GET /xingrg/javascript/jquery_easy_ui/themes/icons/settle_new.png HTTP/1.1" 200 826
116.228.172.94 - - [03/Oct/2021:11:12:02 +0800] "GET /xingrg/javascript/jquery_easy_ui/themes/default/images/panel_tool_collapse.gif HTTP/1.1" 200 246
116.228.172.94 - - [03/Oct/2021:11:12:02 +0800] "GET /xingrg/javascript/jquery_easy_ui/themes/default/images/panel_tool_expand.gif HTTP/1.1" 200 247
116.228.172.94 - - [03/Oct/2021:11:12:02 +0800] "GET /xingrg/images/blue/navBackgound.jpg HTTP/1.1" 200 12378
114.83.220.18 - - [03/Oct/2021:11:12:02 +0800] "GET /xingrg/all/function/internal_message.html?_=1633230721904&CODE_STATE=getMsg HTTP/1.1" 200 27
222.70.246.151 - - [03/Oct/2021:11:12:02 +0800] "GET /xingrg/check_reg.html?_=1633230744280 HTTP/1.1" 302 -
116.228.172.94 - - [03/Oct/2021:11:12:03 +0800] "GET /favicon.ico HTTP/1.1" 404 -
116.228.172.94 - - [03/Oct/2021:11:12:03 +0800] "POST /xingrg/load_menu.html HTTP/1.1" 200 9959
116.228.172.94 - - [03/Oct/2021:11:12:03 +0800] "GET /xingrg/javascript/jquery_easy_ui/themes/default/images/tree_arrows.gif HTTP/1.1" 200 1043
116.228.172.94 - - [03/Oct/2021:11:12:03 +0800] "GET /xingrg/javascript/jquery_easy_ui/themes/default/images/tree_folder_open.gif HTTP/1.1" 200 956
116.228.172.94 - - [03/Oct/2021:11:12:03 +0800] "GET /xingrg/javascript/jquery_easy_ui/themes/icons/area.png HTTP/1.1" 200 262
116.228.172.94 - - [03/Oct/2021:11:12:03 +0800] "GET /xingrg/javascript/jquery_easy_ui/themes/icons/rest.png HTTP/1.1" 200 695
116.228.172.94 - - [03/Oct/2021:11:12:03 +0800] "GET /xingrg/javascript/jquery_easy_ui/themes/icons/search_new.png HTTP/1.1" 200 586
116.228.172.94 - - [03/Oct/2021:11:12:03 +0800] "GET /xingrg/javascript/jquery_easy_ui/themes/default/images/tree_folder.gif HTTP/1.1" 200 952
116.228.172.94 - - [03/Oct/2021:11:12:03 +0800] "GET /xingrg/javascript/jquery_easy_ui/themes/icons/storage_new.png HTTP/1.1" 200 853
116.228.172.94 - - [03/Oct/2021:11:12:03 +0800] "GET /xingrg/javascript/jquery_easy_ui/themes/icons/checkout_new.png HTTP/1.1" 200 744
116.228.172.94 - - [03/Oct/2021:11:12:03 +0800] "GET /xingrg/javascript/jquery_easy_ui/themes/icons/forms_new.png HTTP/1.1" 200 350
116.228.172.94 - - [03/Oct/2021:11:12:03 +0800] "GET /xingrg/javascript/jquery_easy_ui/themes/icons/setting_new.png HTTP/1.1" 200 450
116.228.172.94 - - [03/Oct/2021:11:12:03 +0800] "GET /xingrg/javascript/jquery_easy_ui/themes/icons/systemset_new.png HTTP/1.1" 200 606
116.228.172.94 - - [03/Oct/2021:11:12:03 +0800] "GET /xingrg/javascript/jquery_easy_ui/themes/default/images/tree_file.gif HTTP/1.1" 200 118
114.83.220.18 - - [03/Oct/2021:11:12:04 +0800] "GET /xingrg/check_reg.html?_=1633230724184 HTTP/1.1" 200 22
180.157.253.110 - - [03/Oct/2021:11:12:05 +0800] "GET /xingrg/kc/buy/cgsh_order_operate.html?command=get_materiel&rest_code=00148&code=00101008256&supplier_code=00100007&order_time=2021-10-03 HTTP/1.1" 200 413
116.237.74.154 - - [03/Oct/2021:11:12:05 +0800] "GET /xingrg/all/function/internal_message.html?_=1633230725772&CODE_STATE=getMsg HTTP/1.1" 200 27
180.152.237.0 - - [03/Oct/2021:11:12:06 +0800] "GET /xingrg/kc/base/wldb_order_operate.html?command=get_materiel&rest_code=00102&base_code=0010476&code=00101019074 HTTP/1.1" 200 457
116.232.50.208 - - [03/Oct/2021:11:12:08 +0800] "GET /xingrg/kc/buy/cgsh_order_operate.html?command=get_materiel&rest_code=00109&code=00101006109&supplier_code=00100015&order_time=2021-10-03 HTTP/1.1" 200 409
116.230.105.26 - - [03/Oct/2021:11:12:09 +0800] "GET /xingrg/all/function/internal_message.html?_=1633230720477&CODE_STATE=getMsg HTTP/1.1" 200 27
180.162.112.229 - - [03/Oct/2021:11:12:13 +0800] "GET /xingrg/all/function/internal_message.html?_=1633230268091&CODE_STATE=getMsg HTTP/1.1" 200 27
180.157.253.110 - - [03/Oct/2021:11:12:13 +0800] "GET /xingrg/kc/buy/cgsh_order_operate.html?command=get_materiel&rest_code=00148&code=00101008155&supplier_code=00100007&order_time=2021-10-03 HTTP/1.1" 200 408
116.232.50.208 - - [03/Oct/2021:11:12:14 +0800] "GET /xingrg/kc/buy/cgsh_order_operate.html?command=get_materiel&rest_code=00109&code=00101006110&supplier_code=00100015&order_time=2021-10-03 HTTP/1.1" 200 408
116.237.74.154 - - [03/Oct/2021:11:12:16 +0800] "GET /xingrg/all/function/internal_message.html?_=1633230737104&CODE_STATE=getMsg HTTP/1.1" 200 27
180.157.253.110 - - [03/Oct/2021:11:12:19 +0800] "GET /xingrg/kc/buy/cgsh_order_operate.html?command=get_materiel&rest_code=00148&code=00101008149&supplier_code=00100007&order_time=2021-10-03 HTTP/1.1" 200 408
116.232.50.208 - - [03/Oct/2021:11:12:19 +0800] "GET /xingrg/kc/buy/cgsh_order_operate.html?command=get_materiel&rest_code=00109&code=00101006056&supplier_code=00100015&order_time=2021-10-03 HTTP/1.1" 200 413
61.151.178.163 - - [03/Oct/2021:11:12:20 +0800] "GET /xingrg/all/function/internal_message.html?_=1633230675370&CODE_STATE=getMsg HTTP/1.1" 302 -
180.152.237.0 - - [03/Oct/2021:11:12:20 +0800] "GET /xingrg/kc/base/wldb_order_operate.html?command=get_materiel&rest_code=00102&base_code=0010476&code=00101019184 HTTP/1.1" 200 442
61.151.178.163 - - [03/Oct/2021:11:12:20 +0800] "GET /xingrg/login.html HTTP/1.1" 200 7641
116.237.74.154 - - [03/Oct/2021:11:12:20 +0800] "GET /xingrg/all/function/internal_message.html?_=1633230735342&CODE_STATE=getMsg HTTP/1.1" 200 27
180.169.147.146 - - [03/Oct/2021:11:12:22 +0800] "GET /xingrg/all/function/internal_message.html?_=1633230789365&CODE_STATE=getMsg HTTP/1.1" 200 27
222.70.246.151 - - [03/Oct/2021:11:12:23 +0800] "GET /xingrg/all/function/internal_message.html?_=1633230744642&CODE_STATE=getMsg HTTP/1.1" 200 27
180.157.253.110 - - [03/Oct/2021:11:12:24 +0800] "GET /xingrg/kc/buy/cgsh_order_operate.html?command=get_materiel&rest_code=00148&code=00101008312&supplier_code=00100007&order_time=2021-10-03 HTTP/1.1" 200 412
116.232.50.208 - - [03/Oct/2021:11:12:24 +0800] "GET /xingrg/kc/buy/cgsh_order_operate.html?command=get_materiel&rest_code=00109&code=00101006109&supplier_code=00100015&order_time=2021-10-03 HTTP/1.1" 200 409
116.228.172.94 - - [03/Oct/2021:11:12:25 +0800] "GET /xingrg/kc/report/report_main.html HTTP/1.1" 200 7345
116.228.172.94 - - [03/Oct/2021:11:12:25 +0800] "GET /xingrg/javascript/jquery_easy_ui/themes/default/images/tabs_close.gif HTTP/1.1" 200 829
116.228.172.94 - - [03/Oct/2021:11:12:25 +0800] "GET /xingrg/javascript/pic_change.js HTTP/1.1" 200 4739
116.228.172.94 - - [03/Oct/2021:11:12:25 +0800] "GET /xingrg/css/blue.css HTTP/1.1" 200 15949
116.228.172.94 - - [03/Oct/2021:11:12:25 +0800] "GET /xingrg/javascript/json2.js HTTP/1.1" 200 11259
116.228.172.94 - - [03/Oct/2021:11:12:25 +0800] "GET /xingrg/javascript/jquery_ui/themes/humanity/humanity.css HTTP/1.1" 200 27801
116.228.172.94 - - [03/Oct/2021:11:12:25 +0800] "GET /xingrg/javascript/myfunction.js HTTP/1.1" 200 24559
116.228.172.94 - - [03/Oct/2021:11:12:25 +0800] "GET /xingrg/javascript/jquery_easy_ui/themes/icons/back_new.png HTTP/1.1" 200 3414
180.152.237.0 - - [03/Oct/2021:11:12:27 +0800] "GET /xingrg/kc/base/wldb_order_operate.html?command=get_materiel&rest_code=00102&base_code=0010476&code=00101019424 HTTP/1.1" 200 448
222.70.178.96 - - [03/Oct/2021:11:12:27 +0800] "GET /xingrg/all/function/internal_message.html?_=1633230745987&CODE_STATE=getMsg HTTP/1.1" 200 27
180.152.237.0 - - [03/Oct/2021:11:12:30 +0800] "POST /xingrg/kc/base/wldb_order_operate.html HTTP/1.1" 200 1710
180.169.147.146 - - [03/Oct/2021:11:12:31 +0800] "GET /xingrg/all/function/internal_message.html?_=1633230753015&CODE_STATE=getMsg HTTP/1.1" 200 27
58.37.227.186 - - [03/Oct/2021:11:12:32 +0800] "GET /xingrg/all/function/internal_message.html?_=1633230609930&CODE_STATE=getMsg HTTP/1.1" 200 27
180.157.253.110 - - [03/Oct/2021:11:12:32 +0800] "GET /xingrg/check_reg.html?_=1633230753091 HTTP/1.1" 200 22
180.157.253.110 - - [03/Oct/2021:11:12:32 +0800] "GET /xingrg/all/function/internal_message.html?_=1633230753096&CODE_STATE=getMsg HTTP/1.1" 200 27
116.238.248.233 - - [03/Oct/2021:11:12:33 +0800] "GET /xingrg/all/function/internal_message.html?_=1633230752014&CODE_STATE=getMsg HTTP/1.1" 200 27
116.238.248.233 - - [03/Oct/2021:11:12:33 +0800] "GET /xingrg/check_reg.html?_=1633230752017 HTTP/1.1" 200 22
180.157.253.110 - - [03/Oct/2021:11:12:33 +0800] "GET /xingrg/kc/buy/cgsh_order_operate.html?command=get_materiel&rest_code=00148&code=00101008038&supplier_code=00100007&order_time=2021-10-03 HTTP/1.1" 200 412
58.39.139.200 - - [03/Oct/2021:11:12:33 +0800] "GET /xingrg/kc/buy/cgsh_order_add.html HTTP/1.1" 200 64663
58.39.139.200 - - [03/Oct/2021:11:12:33 +0800] "GET /xingrg/javascript/easyui/themes/default/validatebox.css HTTP/1.1" 404 1104
58.39.139.200 - - [03/Oct/2021:11:12:33 +0800] "POST /xingrg/kc/buy/cgsh_order_operate.html HTTP/1.1" 200 8245
180.152.237.0 - - [03/Oct/2021:11:12:34 +0800] "GET /xingrg/kc/base/wldb_order_operate.html?command=get_materiel&rest_code=00102&base_code=0010476&code=00101019391 HTTP/1.1" 200 471
