172.20.0.100 - - [03/Oct/2021:10:22:41 +0800] "GET /xingrg/javascript/jquery_easy_ui/themes/default/images/tabs_rightarrow.png HTTP/1.1" 304 -
172.20.0.100 - - [03/Oct/2021:10:22:41 +0800] "GET /xingrg/javascript/jquery_easy_ui/themes/default/images/panel_tool_collapse.gif HTTP/1.1" 304 -
172.20.0.100 - - [03/Oct/2021:10:22:41 +0800] "GET /xingrg/javascript/jquery_easy_ui/themes/default/images/panel_tool_expand.gif HTTP/1.1" 304 -
172.20.0.100 - - [03/Oct/2021:10:22:41 +0800] "GET /xingrg/images/blue/pingpu.png HTTP/1.1" 304 -
172.20.0.100 - - [03/Oct/2021:10:22:41 +0800] "GET /xingrg/javascript/jquery_easy_ui/themes/default/images/tabs_leftarrow.png HTTP/1.1" 304 -
172.20.0.100 - - [03/Oct/2021:10:22:41 +0800] "POST /xingrg/load_menu.html HTTP/1.1" 200 9924
172.20.0.100 - - [03/Oct/2021:10:22:43 +0800] "GET /xingrg/kc/base/base_main.html HTTP/1.1" 200 12132
172.20.0.100 - - [03/Oct/2021:10:22:43 +0800] "GET /xingrg/javascript/jquery_easy_ui/themes/default/images/tabs_close.gif HTTP/1.1" 200 829
172.20.0.100 - - [03/Oct/2021:10:22:43 +0800] "GET /xingrg/css/blue.css HTTP/1.1" 200 15949
172.20.0.100 - - [03/Oct/2021:10:22:43 +0800] "GET /xingrg/javascript/pic_change.js HTTP/1.1" 200 4739
172.20.0.100 - - [03/Oct/2021:10:22:43 +0800] "GET /xingrg/javascript/myfunction.js HTTP/1.1" 200 24559
172.20.0.100 - - [03/Oct/2021:10:22:43 +0800] "GET /xingrg/images/blue/button/wlsy.gif HTTP/1.1" 200 2536
172.20.0.100 - - [03/Oct/2021:10:22:43 +0800] "GET /xingrg/images/blue/button/ckpd.gif HTTP/1.1" 200 2051
172.20.0.100 - - [03/Oct/2021:10:22:43 +0800] "GET /xingrg/images/blue/button/kc.gif HTTP/1.1" 200 2160
172.20.0.100 - - [03/Oct/2021:10:22:43 +0800] "GET /xingrg/images/blue/button/ckdb.gif HTTP/1.1" 200 1950
172.20.0.100 - - [03/Oct/2021:10:22:43 +0800] "GET /xingrg/images/blue/button/yddb.gif HTTP/1.1" 200 2040
172.20.0.100 - - [03/Oct/2021:10:22:43 +0800] "GET /xingrg/images/blue/pic_form2.gif HTTP/1.1" 200 1853
172.20.0.100 - - [03/Oct/2021:10:22:43 +0800] "GET /xingrg/images/blue/button/bottom_right.jpg HTTP/1.1" 200 1436
172.20.0.100 - - [03/Oct/2021:10:22:43 +0800] "GET /xingrg/images/blue/button/down.jpg HTTP/1.1" 200 1560
172.20.0.100 - - [03/Oct/2021:10:22:43 +0800] "GET /xingrg/images/blue/button/top_right.jpg HTTP/1.1" 200 1708
172.20.0.100 - - [03/Oct/2021:10:22:43 +0800] "GET /xingrg/images/blue/button/right_ah.jpg HTTP/1.1" 200 1744
172.20.0.100 - - [03/Oct/2021:10:22:43 +0800] "GET /xingrg/images/blue/button/left_ah.jpg HTTP/1.1" 200 1643
172.20.0.100 - - [03/Oct/2021:10:22:43 +0800] "GET /xingrg/images/blue/bg_dotted.jpg HTTP/1.1" 200 319
172.20.0.100 - - [03/Oct/2021:10:22:43 +0800] "GET /xingrg/images/blue/button/top_left.jpg HTTP/1.1" 200 1632
172.20.0.100 - - [03/Oct/2021:10:22:43 +0800] "GET /xingrg/images/blue/button/bottom_left.jpg HTTP/1.1" 200 1524
172.20.0.100 - - [03/Oct/2021:10:22:45 +0800] "GET /xingrg/kc/base/yddb_order_list.html HTTP/1.1" 200 16816
172.20.0.100 - - [03/Oct/2021:10:22:45 +0800] "GET /xingrg/css/base.css HTTP/1.1" 200 2811
172.20.0.100 - - [03/Oct/2021:10:22:45 +0800] "GET /xingrg/css/site.css HTTP/1.1" 200 7541
172.20.0.100 - - [03/Oct/2021:10:22:45 +0800] "GET /xingrg/javascript/jquery_tools/datebox.css HTTP/1.1" 200 2597
172.20.0.100 - - [03/Oct/2021:10:22:45 +0800] "GET /xingrg/javascript/easyui/themes/default/easyui.css HTTP/1.1" 200 30432
172.20.0.100 - - [03/Oct/2021:10:22:45 +0800] "GET /xingrg/javascript/easyui/themes/icon.css HTTP/1.1" 200 4483
172.20.0.100 - - [03/Oct/2021:10:22:45 +0800] "GET /xingrg/javascript/auto/jquery.autocomplete.css HTTP/1.1" 200 587
172.20.0.100 - - [03/Oct/2021:10:22:45 +0800] "GET /xingrg/javascript/jquery_tools/fix.css HTTP/1.1" 200 1702
172.20.0.100 - - [03/Oct/2021:10:22:45 +0800] "GET /xingrg/javascript/jquery_tools/table.css HTTP/1.1" 200 1032
172.20.0.100 - - [03/Oct/2021:10:22:45 +0800] "GET /xingrg/javascript/jquery_tools/jquery.tools.min.js HTTP/1.1" 200 138801
172.20.0.100 - - [03/Oct/2021:10:22:45 +0800] "GET /xingrg/javascript/jquery_tools/jquery.tools.extend.js HTTP/1.1" 200 15385
172.20.0.100 - - [03/Oct/2021:10:22:45 +0800] "GET /xingrg/javascript/jquery_tools/jquery.tools.hotkey.js HTTP/1.1" 200 3242
172.20.0.100 - - [03/Oct/2021:10:22:45 +0800] "GET /xingrg/javascript/jquery_tools/jquery.tools.table.js HTTP/1.1" 200 6994
172.20.0.100 - - [03/Oct/2021:10:22:45 +0800] "GET /xingrg/javascript/jquery_tools/list_manager.js HTTP/1.1" 200 3652
172.20.0.100 - - [03/Oct/2021:10:22:45 +0800] "GET /xingrg/javascript/auto/jquery.autocomplete.js HTTP/1.1" 200 21624
172.20.0.100 - - [03/Oct/2021:10:22:45 +0800] "GET /xingrg/javascript/easyui/easyloader.js HTTP/1.1" 200 5975
172.20.0.100 - - [03/Oct/2021:10:22:45 +0800] "GET /xingrg/javascript/jquery.cookie.js HTTP/1.1" 200 5513
172.20.0.100 - - [03/Oct/2021:10:22:45 +0800] "GET /xingrg/javascript/print/LodopFuncs.js HTTP/1.1" 200 5121
172.20.0.100 - - [03/Oct/2021:10:22:45 +0800] "GET /xingrg/javascript/easyui/themes/icons/field_new.png HTTP/1.1" 200 1097
172.20.0.100 - - [03/Oct/2021:10:22:45 +0800] "GET /xingrg/javascript/easyui/themes/icons/edit_add_new.png HTTP/1.1" 200 2997
172.20.0.100 - - [03/Oct/2021:10:22:45 +0800] "GET /xingrg/javascript/easyui/themes/icons/import_new.png HTTP/1.1" 200 1247
172.20.0.100 - - [03/Oct/2021:10:22:45 +0800] "GET /xingrg/javascript/easyui/plugins/jquery.parser.js HTTP/1.1" 200 1142
116.237.74.154 - - [03/Oct/2021:10:22:45 +0800] "GET /xingrg/kc/buy/cgsh_order_operate.html?command=get_materiel&rest_code=00106&code=00101008036&supplier_code=00100007&order_time=2021-10-03 HTTP/1.1" 200 408
172.20.0.100 - - [03/Oct/2021:10:22:45 +0800] "POST /xingrg/kc/base/yddb_list_operate.html HTTP/1.1" 200 1605
180.169.147.146 - - [03/Oct/2021:10:22:46 +0800] "GET /xingrg/all/function/internal_message.html?_=1633227765608&CODE_STATE=getMsg HTTP/1.1" 200 27
124.79.246.142 - - [03/Oct/2021:10:22:50 +0800] "GET /xingrg/all/function/internal_message.html?_=1633227874220&CODE_STATE=getMsg HTTP/1.1" 200 27
58.221.95.50 - - [03/Oct/2021:10:22:50 +0800] "GET /xingrg/check_reg.html?_=1633227772624 HTTP/1.1" 302 -
172.20.0.100 - - [03/Oct/2021:10:22:52 +0800] "POST /xingrg/kc/base/yddb_list_operate.html HTTP/1.1" 200 3717
172.20.0.100 - - [03/Oct/2021:10:22:53 +0800] "POST /xingrg/kc/base/yddb_list_operate.html HTTP/1.1" 200 284
172.20.0.100 - - [03/Oct/2021:10:22:54 +0800] "POST /xingrg/kc/base/yddb_list_operate.html HTTP/1.1" 200 284
116.237.74.154 - - [03/Oct/2021:10:22:54 +0800] "POST /xingrg/kc/buy/cgsh_order_operate.html HTTP/1.1" 200 37
116.237.74.154 - - [03/Oct/2021:10:22:56 +0800] "POST /xingrg/kc/buy/cgsh_order_operate.html HTTP/1.1" 200 22728
58.39.139.200 - - [03/Oct/2021:10:22:57 +0800] "GET /xingrg/all/function/internal_message.html?_=1633227777282&CODE_STATE=getMsg HTTP/1.1" 200 27
172.20.0.100 - - [03/Oct/2021:10:22:58 +0800] "GET /xingrg/kc/base/yddb_order_info.html?code=482021090800102 HTTP/1.1" 200 31637
172.20.0.100 - - [03/Oct/2021:10:22:58 +0800] "GET /xingrg/dwr/interface/AjaxComOrderService.js HTTP/1.1" 200 18264
172.20.0.100 - - [03/Oct/2021:10:22:58 +0800] "GET /xingrg/dwr/interface/AjaxYddbService.js HTTP/1.1" 200 13201
172.20.0.100 - - [03/Oct/2021:10:22:58 +0800] "GET /xingrg/dwr/engine.js HTTP/1.1" 200 43631
172.20.0.100 - - [03/Oct/2021:10:22:58 +0800] "GET /xingrg/dwr/util.js HTTP/1.1" 200 35990
172.20.0.100 - - [03/Oct/2021:10:22:58 +0800] "GET /xingrg/javascript/Calendar.js HTTP/1.1" 200 31561
172.20.0.100 - - [03/Oct/2021:10:22:58 +0800] "GET /xingrg/javascript/checkform.js HTTP/1.1" 200 18351
172.20.0.100 - - [03/Oct/2021:10:22:58 +0800] "GET /xingrg/javascript/AjaxInfoList.js HTTP/1.1" 200 3774
172.20.0.100 - - [03/Oct/2021:10:22:58 +0800] "GET /xingrg/javascript/Grid.js HTTP/1.1" 200 58908
172.20.0.100 - - [03/Oct/2021:10:22:58 +0800] "GET /xingrg/javascript/ToolTips.js HTTP/1.1" 200 5615
172.20.0.100 - - [03/Oct/2021:10:22:58 +0800] "GET /xingrg/javascript/jquery_easy_ui/themes/icons/edit_add_new.png HTTP/1.1" 200 2997
172.20.0.100 - - [03/Oct/2021:10:22:58 +0800] "GET /xingrg/javascript/jquery_easy_ui/themes/default/images/menu_downarrow.png HTTP/1.1" 200 173
172.20.0.100 - - [03/Oct/2021:10:22:58 +0800] "GET /xingrg/javascript/jquery_easy_ui/themes/icons/print.png HTTP/1.1" 200 1057
172.20.0.100 - - [03/Oct/2021:10:22:58 +0800] "GET /xingrg/javascript/jquery_easy_ui/themes/icons/back_new.png HTTP/1.1" 200 3414
172.20.0.100 - - [03/Oct/2021:10:22:58 +0800] "GET /xingrg/images/blue/wait.gif HTTP/1.1" 200 1100
172.20.0.100 - - [03/Oct/2021:10:22:58 +0800] "GET /xingrg/images/blue/kc_tab_left.gif HTTP/1.1" 200 188
172.20.0.100 - - [03/Oct/2021:10:22:58 +0800] "GET /xingrg/images/blue/kc_tab_mid.gif HTTP/1.1" 200 44
172.20.0.100 - - [03/Oct/2021:10:22:58 +0800] "GET /xingrg/images/blue/kc_tab_right.gif HTTP/1.1" 200 643
172.20.0.100 - - [03/Oct/2021:10:22:58 +0800] "POST /xingrg/dwr/call/plaincall/AjaxYddbService.loadMaterielItems.dwr HTTP/1.1" 200 721
180.152.237.0 - - [03/Oct/2021:10:22:58 +0800] "GET /xingrg/check_reg.html?_=1633227758475 HTTP/1.1" 200 22
172.20.0.100 - - [03/Oct/2021:10:22:58 +0800] "GET /xingrg/javascript/jquery_easy_ui/themes/default/images/button_plain_hover.png HTTP/1.1" 200 252
116.238.248.233 - - [03/Oct/2021:10:23:00 +0800] "GET /xingrg/all/function/internal_message.html?_=1633227778884&CODE_STATE=getMsg HTTP/1.1" 200 27
180.171.130.85 - - [03/Oct/2021:10:23:01 +0800] "POST /xingrg/services/DataTransmitService HTTP/1.1" 200 524
172.20.0.100 - - [03/Oct/2021:10:23:02 +0800] "GET /xingrg/kc/base/yddb_order_report.html?fileType=printReport.do&code=482021090800102&reportName=ck_order_report&subName=yddb HTTP/1.1" 302 -
172.20.0.100 - - [03/Oct/2021:10:23:02 +0800] "GET /xingrg/printReport.do?sysBaseUrl=http%3A%2F%2F172.20.0.8%3A18081%2Fxingrg%2F&costTime=119×tamp=1633227782602 HTTP/1.1" 200 1138
172.20.0.100 - - [03/Oct/2021:10:23:02 +0800] "GET /favicon.ico HTTP/1.1" 404 -
180.169.147.146 - - [03/Oct/2021:10:23:03 +0800] "GET /xingrg/kc/report/report_main.html HTTP/1.1" 200 9370
114.83.220.18 - - [03/Oct/2021:10:23:03 +0800] "GET /xingrg/all/function/internal_message.html?_=1633227782613&CODE_STATE=getMsg HTTP/1.1" 200 27
116.237.74.154 - - [03/Oct/2021:10:23:03 +0800] "GET /xingrg/kc/buy/cgsh_order_operate.html?command=get_materiel&rest_code=00106&code=00101008219&supplier_code=00100007&order_time=2021-10-03 HTTP/1.1" 200 412
172.20.0.100 - - [03/Oct/2021:10:23:03 +0800] "GET /xingrg/applets HTTP/1.1" 302 -
172.20.0.100 - - [03/Oct/2021:10:23:03 +0800] "GET /xingrg/applets/ HTTP/1.1" 404 992
61.151.178.163 - - [03/Oct/2021:10:23:06 +0800] "GET /xingrg/kc/buy/cgsh_order_operate.html?command=get_materiel&rest_code=00106&code=00101008141&supplier_code=00100007&order_time=2021-10-03 HTTP/1.1" 302 -
61.151.178.163 - - [03/Oct/2021:10:23:06 +0800] "GET /xingrg/login.html HTTP/1.1" 200 7641
172.20.0.100 - - [03/Oct/2021:10:23:07 +0800] "GET /xingrg/kc/base/yddb_order_report.html?fileType=servlets/html&code=482021090800102&reportName=ck_order_report&subName=yddb HTTP/1.1" 302 -
172.20.0.100 - - [03/Oct/2021:10:23:07 +0800] "GET /xingrg/servlets/html?sysBaseUrl=http%3A%2F%2F172.20.0.8%3A18081%2Fxingrg%2F&costTime=63×tamp=1633227787375 HTTP/1.1" 200 17522
172.20.0.100 - - [03/Oct/2021:10:23:07 +0800] "GET /xingrg/servlets/image?image=px HTTP/1.1" 200 807
172.20.0.100 - - [03/Oct/2021:10:23:07 +0800] "GET /favicon.ico HTTP/1.1" 404 -
120.253.135.82 - - [03/Oct/2021:10:23:08 +0800] "GET /xingrg/all/function/internal_message.html?_=1633227559549&CODE_STATE=getMsg HTTP/1.1" 200 27
222.70.246.151 - - [03/Oct/2021:10:23:11 +0800] "GET /xingrg/check_reg.html?_=1633227792364 HTTP/1.1" 200 22
116.237.74.154 - - [03/Oct/2021:10:23:12 +0800] "GET /xingrg/kc/buy/cgsh_order_operate.html?command=get_materiel&rest_code=00106&code=00101008132&supplier_code=00100007&order_time=2021-10-03 HTTP/1.1" 200 408
61.151.178.249 - - [03/Oct/2021:10:23:15 +0800] "GET /xingrg/kc/buy/cgsh_order_operate.html?command=get_materiel&rest_code=00106&code=00101008003&supplier_code=00100007&order_time=2021-10-03 HTTP/1.1" 302 -
61.151.178.249 - - [03/Oct/2021:10:23:15 +0800] "GET /xingrg/login.html HTTP/1.1" 200 7641
172.20.0.100 - - [03/Oct/2021:10:23:16 +0800] "GET /xingrg/javascript/jquery_easy_ui/themes/default/images/tabs_active.png HTTP/1.1" 200 2894
180.169.147.146 - - [03/Oct/2021:10:23:18 +0800] "GET /xingrg/index.html?sysBaseUrl=http%3A%2F%2F180.169.147.146%3A18081%2Fxingrg%2F&costTime=39×tamp=1592034574635 HTTP/1.1" 200 17503
180.169.147.146 - - [03/Oct/2021:10:23:18 +0800] "GET /favicon.ico HTTP/1.1" 404 -
180.169.147.146 - - [03/Oct/2021:10:23:18 +0800] "POST /xingrg/all/common/load_tree.html?tree=area_rest_tree_json&manage=1 HTTP/1.1" 200 3472
180.169.147.146 - - [03/Oct/2021:10:23:18 +0800] "GET /xingrg/check_reg.html?_=1633227798228 HTTP/1.1" 200 22
180.169.147.146 - - [03/Oct/2021:10:23:18 +0800] "GET /xingrg/all/function/internal_message.html?_=1633227798227&CODE_STATE=count HTTP/1.1" 200 11
180.169.147.146 - - [03/Oct/2021:10:23:18 +0800] "POST /xingrg/load_menu.html HTTP/1.1" 200 11564
116.237.74.154 - - [03/Oct/2021:10:23:19 +0800] "GET /xingrg/all/function/internal_message.html?_=1633227794618&CODE_STATE=getMsg HTTP/1.1" 200 27
222.70.246.151 - - [03/Oct/2021:10:23:20 +0800] "GET /xingrg/all/function/internal_message.html?_=1633227801514&CODE_STATE=getMsg HTTP/1.1" 200 27
180.169.147.146 - - [03/Oct/2021:10:23:22 +0800] "GET /xingrg/check_reg.html?_=1633227849339 HTTP/1.1" 200 22
180.169.147.146 - - [03/Oct/2021:10:23:22 +0800] "GET /xingrg/all/function/internal_message.html?_=1633227849336&CODE_STATE=getMsg HTTP/1.1" 200 27
61.151.178.249 - - [03/Oct/2021:10:23:24 +0800] "GET /xingrg/kc/buy/cgsh_order_operate.html?command=get_materiel&rest_code=00106&code=00101008059&supplier_code=00100007&order_time=2021-10-03 HTTP/1.1" 302 -
61.151.178.249 - - [03/Oct/2021:10:23:24 +0800] "GET /xingrg/login.html HTTP/1.1" 200 7641
172.20.0.100 - - [03/Oct/2021:10:23:24 +0800] "POST /xingrg/kc/base/yddb_list_operate.html HTTP/1.1" 200 402
172.20.0.100 - - [03/Oct/2021:10:23:25 +0800] "GET /xingrg/kc/base/yddb_order_info.html?code=482021092900281 HTTP/1.1" 200 31639
172.20.0.100 - - [03/Oct/2021:10:23:25 +0800] "GET /xingrg/dwr/interface/AjaxComOrderService.js HTTP/1.1" 200 18264
172.20.0.100 - - [03/Oct/2021:10:23:25 +0800] "GET /xingrg/dwr/interface/AjaxYddbService.js HTTP/1.1" 200 13201
172.20.0.100 - - [03/Oct/2021:10:23:25 +0800] "GET /xingrg/dwr/engine.js HTTP/1.1" 200 43631
172.20.0.100 - - [03/Oct/2021:10:23:25 +0800] "POST /xingrg/dwr/call/plaincall/AjaxYddbService.loadMaterielItems.dwr HTTP/1.1" 200 1123
172.20.0.100 - - [03/Oct/2021:10:23:27 +0800] "GET /xingrg/kc/base/yddb_order_report.html?fileType=servlets/html&code=482021092900281&reportName=ck_order_report&subName=yddb HTTP/1.1" 302 -
172.20.0.100 - - [03/Oct/2021:10:23:27 +0800] "GET /xingrg/servlets/html?sysBaseUrl=http%3A%2F%2F172.20.0.8%3A18081%2Fxingrg%2F&costTime=62×tamp=1633227807732 HTTP/1.1" 200 20294
172.20.0.100 - - [03/Oct/2021:10:23:27 +0800] "GET /favicon.ico HTTP/1.1" 404 -
222.70.178.96 - - [03/Oct/2021:10:23:28 +0800] "GET /xingrg/all/function/internal_message.html?_=1633227806781&CODE_STATE=getMsg HTTP/1.1" 200 27
180.169.147.146 - - [03/Oct/2021:10:23:29 +0800] "GET /xingrg/all/function/internal_message.html?_=1633227810900&CODE_STATE=getMsg HTTP/1.1" 200 27
58.37.227.186 - - [03/Oct/2021:10:23:31 +0800] "GET /xingrg/all/function/internal_message.html?_=1633227669796&CODE_STATE=getMsg HTTP/1.1" 200 27
61.151.207.205 - - [03/Oct/2021:10:23:32 +0800] "GET /xingrg/kc/buy/cgsh_order_operate.html?command=get_materiel&rest_code=00106&code=00101008350&supplier_code=00100007&order_time=2021-10-03 HTTP/1.1" 302 -
172.20.0.100 - - [03/Oct/2021:10:23:32 +0800] "GET /xingrg/servlets/image?image=px HTTP/1.1" 200 807
180.157.253.110 - - [03/Oct/2021:10:23:32 +0800] "GET /xingrg/all/function/internal_message.html?_=1633227813046&CODE_STATE=getMsg HTTP/1.1" 200 27
61.151.207.205 - - [03/Oct/2021:10:23:32 +0800] "GET /xingrg/login.html HTTP/1.1" 200 7641
116.237.74.154 - - [03/Oct/2021:10:23:33 +0800] "POST /xingrg/kc/buy/cgsh_order_operate.html HTTP/1.1" 200 2065
180.152.237.0 - - [03/Oct/2021:10:23:37 +0800] "GET /xingrg/all/function/internal_message.html?_=1633227797272&CODE_STATE=getMsg HTTP/1.1" 200 27
172.20.0.100 - - [03/Oct/2021:10:23:41 +0800] "GET /xingrg/all/function/internal_message.html?_=1633227821934&CODE_STATE=getMsg HTTP/1.1" 200 27
172.20.0.100 - - [03/Oct/2021:10:23:43 +0800] "GET /xingrg/kc/base/yddb_order_info.html?code=482021090800100 HTTP/1.1" 200 31557
172.20.0.100 - - [03/Oct/2021:10:23:43 +0800] "GET /xingrg/dwr/interface/AjaxComOrderService.js HTTP/1.1" 200 18264
172.20.0.100 - - [03/Oct/2021:10:23:43 +0800] "GET /xingrg/dwr/interface/AjaxYddbService.js HTTP/1.1" 200 13201
172.20.0.100 - - [03/Oct/2021:10:23:43 +0800] "GET /xingrg/dwr/engine.js HTTP/1.1" 200 43631
172.20.0.100 - - [03/Oct/2021:10:23:43 +0800] "POST /xingrg/dwr/call/plaincall/AjaxYddbService.loadMaterielItems.dwr HTTP/1.1" 200 723
172.20.0.100 - - [03/Oct/2021:10:23:44 +0800] "GET /xingrg/kc/base/yddb_order_report.html?fileType=servlets/html&code=482021090800100&reportName=ck_order_report&subName=yddb HTTP/1.1" 302 -
172.20.0.100 - - [03/Oct/2021:10:23:44 +0800] "GET /xingrg/servlets/html?sysBaseUrl=http%3A%2F%2F172.20.0.8%3A18081%2Fxingrg%2F&costTime=85×tamp=1633227824882 HTTP/1.1" 200 17523
101.91.62.89 - - [03/Oct/2021:10:23:44 +0800] "GET /xingrg/kc/buy/cgsh_order_operate.html?command=get_materiel&rest_code=00106&code=00101008036&supplier_code=00100007&order_time=2021-10-03 HTTP/1.1" 302 -
172.20.0.100 - - [03/Oct/2021:10:23:44 +0800] "GET /favicon.ico HTTP/1.1" 404 -
101.91.62.89 - - [03/Oct/2021:10:23:45 +0800] "GET /xingrg/login.html HTTP/1.1" 200 7641
180.169.147.146 - - [03/Oct/2021:10:23:46 +0800] "GET /xingrg/all/function/internal_message.html?_=1633227825631&CODE_STATE=getMsg HTTP/1.1" 200 27
180.169.147.146 - - [03/Oct/2021:10:23:46 +0800] "GET /xingrg/check_reg.html?_=1633227825641 HTTP/1.1" 200 22
124.79.246.142 - - [03/Oct/2021:10:23:50 +0800] "GET /xingrg/all/function/internal_message.html?_=1633227934233&CODE_STATE=getMsg HTTP/1.1" 200 27
180.152.237.0 - - [03/Oct/2021:10:23:55 +0800] "GET /xingrg/login.html HTTP/1.1" 200 7641
180.152.237.0 - - [03/Oct/2021:10:23:55 +0800] "GET /xingrg/images/blue/jxLogo.png HTTP/1.1" 304 -
180.152.237.0 - - [03/Oct/2021:10:23:55 +0800] "GET /xingrg/images/blue/login_bg.png HTTP/1.1" 304 -
180.152.237.0 - - [03/Oct/2021:10:23:55 +0800] "GET /xingrg/images/blue/hj.png HTTP/1.1" 304 -
180.152.237.0 - - [03/Oct/2021:10:23:55 +0800] "GET /xingrg/images/blue/srbg.png HTTP/1.1" 304 -
180.152.237.0 - - [03/Oct/2021:10:23:56 +0800] "GET /favicon.ico HTTP/1.1" 404 -
58.39.139.200 - - [03/Oct/2021:10:23:57 +0800] "GET /xingrg/all/function/internal_message.html?_=1633227837250&CODE_STATE=getMsg HTTP/1.1" 200 27
58.39.139.200 - - [03/Oct/2021:10:23:58 +0800] "GET /xingrg/check_reg.html?_=1633227838453 HTTP/1.1" 200 22
116.238.248.233 - - [03/Oct/2021:10:24:00 +0800] "GET /xingrg/all/function/internal_message.html?_=1633227838881&CODE_STATE=getMsg HTTP/1.1" 200 27
101.89.239.120 - - [03/Oct/2021:10:24:01 +0800] "GET /xingrg/kc/buy/cgsh_order_operate.html?command=get_materiel&rest_code=00106&code=00101008219&supplier_code=00100007&order_time=2021-10-03 HTTP/1.1" 302 -
101.89.239.120 - - [03/Oct/2021:10:24:01 +0800] "GET /xingrg/login.html HTTP/1.1" 200 7641
114.83.220.18 - - [03/Oct/2021:10:24:03 +0800] "GET /xingrg/all/function/internal_message.html?_=1633227842597&CODE_STATE=getMsg HTTP/1.1" 200 27
116.238.248.233 - - [03/Oct/2021:10:24:07 +0800] "GET /xingrg/kc/buy/cgsh_order_list.html HTTP/1.1" 200 48884
120.253.135.82 - - [03/Oct/2021:10:24:08 +0800] "GET /xingrg/all/function/internal_message.html?_=1633227619563&CODE_STATE=getMsg HTTP/1.1" 200 27
116.238.248.233 - - [03/Oct/2021:10:24:08 +0800] "POST /xingrg/kc/buy/cgsh_list_operate.html HTTP/1.1" 200 876
116.238.248.233 - - [03/Oct/2021:10:24:09 +0800] "GET /xingrg/kc/buy/cgsh_order_add.html HTTP/1.1" 200 64540
116.238.248.233 - - [03/Oct/2021:10:24:10 +0800] "POST /xingrg/kc/buy/cgsh_order_operate.html HTTP/1.1" 200 8245
116.238.248.233 - - [03/Oct/2021:10:24:10 +0800] "GET /xingrg/javascript/easyui/themes/default/validatebox.css HTTP/1.1" 404 1104
101.91.60.11 - - [03/Oct/2021:10:24:10 +0800] "GET /xingrg/kc/buy/cgsh_order_operate.html?command=get_materiel&rest_code=00106&code=00101008132&supplier_code=00100007&order_time=2021-10-03 HTTP/1.1" 302 -
101.91.60.11 - - [03/Oct/2021:10:24:11 +0800] "GET /xingrg/login.html HTTP/1.1" 200 7641
116.237.74.154 - - [03/Oct/2021:10:24:19 +0800] "GET /xingrg/all/function/internal_message.html?_=1633227854610&CODE_STATE=getMsg HTTP/1.1" 200 27
222.70.246.151 - - [03/Oct/2021:10:24:20 +0800] "GET /xingrg/all/function/internal_message.html?_=1633227861528&CODE_STATE=getMsg HTTP/1.1" 200 27
116.238.248.233 - - [03/Oct/2021:10:24:21 +0800] "GET /xingrg/kc/buy/cgsh_order_operate.html?command=get_materiel&rest_code=00150&code=00101031008&supplier_code=00100064&order_time=2021-10-03 HTTP/1.1" 200 420
180.169.147.146 - - [03/Oct/2021:10:24:22 +0800] "GET /xingrg/all/function/internal_message.html?_=1633227909309&CODE_STATE=getMsg HTTP/1.1" 200 27
222.70.178.96 - - [03/Oct/2021:10:24:28 +0800] "GET /xingrg/all/function/internal_message.html?_=1633227866765&CODE_STATE=getMsg HTTP/1.1" 200 27
180.169.147.146 - - [03/Oct/2021:10:24:29 +0800] "GET /xingrg/all/function/internal_message.html?_=1633227870906&CODE_STATE=getMsg HTTP/1.1" 200 27
180.157.253.110 - - [03/Oct/2021:10:24:30 +0800] "GET /xingrg/javascript/easyui/themes/default/images/button_plain_hover.png HTTP/1.1" 200 144
180.157.253.110 - - [03/Oct/2021:10:24:31 +0800] "GET /xingrg/kc/buy/cgsh_order_add.html HTTP/1.1" 200 64616
180.157.253.110 - - [03/Oct/2021:10:24:31 +0800] "GET /xingrg/javascript/convert.js HTTP/1.1" 200 1239
180.157.253.110 - - [03/Oct/2021:10:24:31 +0800] "GET /xingrg/javascript/jquery_tools/order_manager.js HTTP/1.1" 200 11183
180.157.253.110 - - [03/Oct/2021:10:24:31 +0800] "GET /xingrg/javascript/json2.js HTTP/1.1" 200 11259
180.157.253.110 - - [03/Oct/2021:10:24:31 +0800] "GET /xingrg/javascript/print/kc_print.js HTTP/1.1" 200 11415
180.157.253.110 - - [03/Oct/2021:10:24:31 +0800] "GET /xingrg/words/20211002120121_words.js HTTP/1.1" 200 854157
58.37.227.186 - - [03/Oct/2021:10:24:31 +0800] "GET /xingrg/all/function/internal_message.html?_=1633227729807&CODE_STATE=getMsg HTTP/1.1" 200 27
180.157.253.110 - - [03/Oct/2021:10:24:31 +0800] "GET /xingrg/javascript/easyui/themes/icons/copy_new.png HTTP/1.1" 200 815
180.157.253.110 - - [03/Oct/2021:10:24:31 +0800] "GET /xingrg/javascript/easyui/themes/icons/template_new.png HTTP/1.1" 200 3956
180.157.253.110 - - [03/Oct/2021:10:24:31 +0800] "GET /xingrg/javascript/easyui/themes/default/images/menu_downarrow.png HTTP/1.1" 200 173
180.157.253.110 - - [03/Oct/2021:10:24:31 +0800] "GET /xingrg/javascript/easyui/themes/icons/print.png HTTP/1.1" 200 1057
180.157.253.110 - - [03/Oct/2021:10:24:31 +0800] "GET /xingrg/javascript/easyui/themes/icons/cancel.png HTTP/1.1" 200 1133
180.157.253.110 - - [03/Oct/2021:10:24:31 +0800] "GET /xingrg/javascript/easyui/themes/icons/ok.png HTTP/1.1" 200 883
180.157.253.110 - - [03/Oct/2021:10:24:32 +0800] "GET /xingrg/all/common/auto_word.html?type=employee&rest_code=00148 HTTP/1.1" 200 243
180.157.253.110 - - [03/Oct/2021:10:24:32 +0800] "GET /xingrg/all/common/auto_word.html?type=employee&rest_code=00148 HTTP/1.1" 200 243
180.157.253.110 - - [03/Oct/2021:10:24:32 +0800] "GET /xingrg/javascript/easyui/themes/default/validatebox.css HTTP/1.1" 404 1104
180.157.253.110 - - [03/Oct/2021:10:24:32 +0800] "GET /xingrg/javascript/easyui/plugins/jquery.validatebox.js HTTP/1.1" 200 6103
180.157.253.110 - - [03/Oct/2021:10:24:32 +0800] "GET /xingrg/javascript/easyui/plugins/jquery.numberbox.js HTTP/1.1" 200 5213
180.157.253.110 - - [03/Oct/2021:10:24:32 +0800] "POST /xingrg/kc/buy/cgsh_order_operate.html HTTP/1.1" 200 8245
180.157.253.110 - - [03/Oct/2021:10:24:32 +0800] "GET /xingrg/javascript/easyui/themes/icons/edit_remove.png HTTP/1.1" 200 625
180.157.253.110 - - [03/Oct/2021:10:24:32 +0800] "GET /xingrg/all/function/internal_message.html?_=1633227873067&CODE_STATE=getMsg HTTP/1.1" 200 27
180.157.253.110 - - [03/Oct/2021:10:24:34 +0800] "GET /xingrg/javascript/auto/indicator.gif HTTP/1.1" 404 1066
116.238.248.233 - - [03/Oct/2021:10:24:35 +0800] "GET /xingrg/kc/buy/cgsh_order_operate.html?command=get_materiel&rest_code=00150&code=00101031001&supplier_code=00100064&order_time=2021-10-03 HTTP/1.1" 200 419
180.157.253.110 - - [03/Oct/2021:10:24:37 +0800] "GET /xingrg/javascript/jquery_tools/images/next.gif HTTP/1.1" 404 1086
180.157.253.110 - - [03/Oct/2021:10:24:37 +0800] "GET /xingrg/javascript/jquery_tools/images/prev.gif HTTP/1.1" 404 1086
180.152.237.0 - - [03/Oct/2021:10:24:37 +0800] "GET /xingrg/all/function/internal_message.html?_=1633227857287&CODE_STATE=getMsg HTTP/1.1" 200 27
172.20.0.100 - - [03/Oct/2021:10:24:41 +0800] "GET /xingrg/all/function/internal_message.html?_=1633227881922&CODE_STATE=getMsg HTTP/1.1" 200 27
116.238.248.233 - - [03/Oct/2021:10:24:42 +0800] "POST /xingrg/kc/buy/cgsh_order_operate.html HTTP/1.1" 200 37
116.238.248.233 - - [03/Oct/2021:10:24:45 +0800] "POST /xingrg/kc/buy/cgsh_order_operate.html HTTP/1.1" 200 12
180.169.147.146 - - [03/Oct/2021:10:24:46 +0800] "GET /xingrg/all/function/internal_message.html?_=1633227885622&CODE_STATE=getMsg HTTP/1.1" 200 27
116.238.248.233 - - [03/Oct/2021:10:24:46 +0800] "GET /xingrg/kc/buy/cgsh_order_info.html?code=212021100301126 HTTP/1.1" 200 59449
116.238.248.233 - - [03/Oct/2021:10:24:47 +0800] "GET /xingrg/javascript/easyui/themes/default/validatebox.css HTTP/1.1" 404 1104
116.238.248.233 - - [03/Oct/2021:10:24:47 +0800] "POST /xingrg/kc/buy/cgsh_order_operate.html HTTP/1.1" 200 1218
116.238.248.233 - - [03/Oct/2021:10:24:49 +0800] "GET /xingrg/kc/print/load_data.html?order_code=212021100301126&kc_code=cgsh&condition= HTTP/1.1" 200 997
124.79.246.142 - - [03/Oct/2021:10:24:50 +0800] "GET /xingrg/check_reg.html?_=1633227994216 HTTP/1.1" 200 22
124.79.246.142 - - [03/Oct/2021:10:24:50 +0800] "GET /xingrg/all/function/internal_message.html?_=1633227994217&CODE_STATE=getMsg HTTP/1.1" 200 27
180.157.253.110 - - [03/Oct/2021:10:24:52 +0800] "GET /xingrg/kc/buy/cgsh_order_operate.html?command=get_materiel&rest_code=00148&code=00101011004&supplier_code=00100036&order_time=2021-10-03 HTTP/1.1" 200 412
116.238.248.233 - - [03/Oct/2021:10:24:53 +0800] "GET /xingrg/kc/buy/cgsh_order_add.html HTTP/1.1" 200 64540
116.238.248.233 - - [03/Oct/2021:10:24:53 +0800] "POST /xingrg/kc/buy/cgsh_order_operate.html HTTP/1.1" 200 8245
116.238.248.233 - - [03/Oct/2021:10:24:53 +0800] "GET /xingrg/javascript/easyui/themes/default/validatebox.css HTTP/1.1" 404 1104
58.39.139.200 - - [03/Oct/2021:10:24:57 +0800] "GET /xingrg/all/function/internal_message.html?_=1633227897227&CODE_STATE=getMsg HTTP/1.1" 200 27
116.238.248.233 - - [03/Oct/2021:10:25:00 +0800] "GET /xingrg/all/function/internal_message.html?_=1633227898881&CODE_STATE=getMsg HTTP/1.1" 200 27
116.238.248.233 - - [03/Oct/2021:10:25:02 +0800] "GET /xingrg/kc/buy/cgsh_order_operate.html?command=get_materiel&rest_code=00150&code=00101006001&supplier_code=00100464&order_time=2021-10-03 HTTP/1.1" 200 428
114.83.220.18 - - [03/Oct/2021:10:25:03 +0800] "GET /xingrg/all/function/internal_message.html?_=1633227902580&CODE_STATE=getMsg HTTP/1.1" 200 27
120.253.135.82 - - [03/Oct/2021:10:25:08 +0800] "GET /xingrg/all/function/internal_message.html?_=1633227679580&CODE_STATE=getMsg HTTP/1.1" 200 27
116.238.248.233 - - [03/Oct/2021:10:25:17 +0800] "POST /xingrg/kc/buy/cgsh_order_operate.html HTTP/1.1" 200 37
61.151.178.180 - - [03/Oct/2021:10:25:19 +0800] "GET /xingrg/all/function/internal_message.html?_=1633227854610&CODE_STATE=getMsg HTTP/1.1" 302 -
116.237.74.154 - - [03/Oct/2021:10:25:19 +0800] "GET /xingrg/check_reg.html?_=1633227914512 HTTP/1.1" 200 22
116.237.74.154 - - [03/Oct/2021:10:25:19 +0800] "GET /xingrg/all/function/internal_message.html?_=1633227914515&CODE_STATE=getMsg HTTP/1.1" 200 27
180.157.253.110 - - [03/Oct/2021:10:25:20 +0800] "GET /xingrg/kc/buy/cgsh_order_operate.html?command=get_materiel&rest_code=00148&code=00101011001&supplier_code=00100036&order_time=2021-10-03 HTTP/1.1" 200 423
222.70.246.151 - - [03/Oct/2021:10:25:20 +0800] "GET /xingrg/all/function/internal_message.html?_=1633227921683&CODE_STATE=getMsg HTTP/1.1" 200 27
61.151.178.180 - - [03/Oct/2021:10:25:20 +0800] "GET /xingrg/login.html HTTP/1.1" 200 7641
180.169.147.146 - - [03/Oct/2021:10:25:22 +0800] "GET /xingrg/all/function/internal_message.html?_=1633227969315&CODE_STATE=getMsg HTTP/1.1" 200 27
116.238.248.233 - - [03/Oct/2021:10:25:22 +0800] "POST /xingrg/kc/buy/cgsh_order_operate.html HTTP/1.1" 200 12
116.238.248.233 - - [03/Oct/2021:10:25:23 +0800] "GET /xingrg/kc/buy/cgsh_order_info.html?code=212021100301127 HTTP/1.1" 200 59447
116.238.248.233 - - [03/Oct/2021:10:25:24 +0800] "GET /xingrg/javascript/easyui/themes/default/validatebox.css HTTP/1.1" 404 1104
116.238.248.233 - - [03/Oct/2021:10:25:25 +0800] "POST /xingrg/kc/buy/cgsh_order_operate.html HTTP/1.1" 200 622
116.238.248.233 - - [03/Oct/2021:10:25:26 +0800] "GET /xingrg/kc/print/load_data.html?order_code=212021100301127&kc_code=cgsh&condition= HTTP/1.1" 200 721
222.70.178.96 - - [03/Oct/2021:10:25:28 +0800] "GET /xingrg/all/function/internal_message.html?_=1633227926734&CODE_STATE=getMsg HTTP/1.1" 200 27
180.157.253.110 - - [03/Oct/2021:10:25:29 +0800] "GET /xingrg/kc/buy/cgsh_order_operate.html?command=get_materiel&rest_code=00148&code=00101011005&supplier_code=00100036&order_time=2021-10-03 HTTP/1.1" 200 408
180.169.147.146 - - [03/Oct/2021:10:25:29 +0800] "GET /xingrg/check_reg.html?_=1633227930894 HTTP/1.1" 200 22
180.169.147.146 - - [03/Oct/2021:10:25:29 +0800] "GET /xingrg/all/function/internal_message.html?_=1633227930901&CODE_STATE=getMsg HTTP/1.1" 200 27
58.37.227.186 - - [03/Oct/2021:10:25:31 +0800] "GET /xingrg/all/function/internal_message.html?_=1633227789804&CODE_STATE=getMsg HTTP/1.1" 200 27
116.238.248.233 - - [03/Oct/2021:10:25:32 +0800] "GET /xingrg/kc/buy/cgsh_order_add.html HTTP/1.1" 200 64540
116.238.248.233 - - [03/Oct/2021:10:25:32 +0800] "POST /xingrg/kc/buy/cgsh_order_operate.html HTTP/1.1" 200 8245
116.238.248.233 - - [03/Oct/2021:10:25:32 +0800] "GET /xingrg/javascript/easyui/themes/default/validatebox.css HTTP/1.1" 404 1104
180.157.253.110 - - [03/Oct/2021:10:25:32 +0800] "GET /xingrg/all/function/internal_message.html?_=1633227933064&CODE_STATE=getMsg HTTP/1.1" 200 27
116.237.74.154 - - [03/Oct/2021:10:25:33 +0800] "GET /xingrg/kc/buy/cgsh_order_operate.html?command=get_materiel&rest_code=00106&code=00101008301&supplier_code=00100007&order_time=2021-10-03 HTTP/1.1" 200 422
180.152.237.0 - - [03/Oct/2021:10:25:37 +0800] "GET /xingrg/all/function/internal_message.html?_=1633227917743&CODE_STATE=getMsg HTTP/1.1" 200 27
180.157.253.110 - - [03/Oct/2021:10:25:38 +0800] "GET /xingrg/kc/buy/cgsh_order_operate.html?command=get_materiel&rest_code=00148&code=00101012029&supplier_code=00100036&order_time=2021-10-03 HTTP/1.1" 200 412
116.238.248.233 - - [03/Oct/2021:10:25:41 +0800] "GET /xingrg/kc/buy/cgsh_order_operate.html?command=get_materiel&rest_code=00150&code=00101031012&supplier_code=00100054&order_time=2021-10-03 HTTP/1.1" 200 417
172.20.0.100 - - [03/Oct/2021:10:25:41 +0800] "GET /xingrg/all/function/internal_message.html?_=1633227941933&CODE_STATE=getMsg HTTP/1.1" 200 27
116.237.74.154 - - [03/Oct/2021:10:25:42 +0800] "GET /xingrg/kc/buy/cgsh_order_operate.html?command=get_materiel&rest_code=00106&code=00101008295&supplier_code=00100007&order_time=2021-10-03 HTTP/1.1" 200 412
180.169.147.146 - - [03/Oct/2021:10:25:46 +0800] "GET /xingrg/all/function/internal_message.html?_=1633227945612&CODE_STATE=getMsg HTTP/1.1" 200 27
180.152.237.0 - - [03/Oct/2021:10:25:46 +0800] "POST /xingrg/login.do HTTP/1.1" 302 -
180.152.237.0 - - [03/Oct/2021:10:25:46 +0800] "GET /xingrg/index.html?sysBaseUrl=http%3A%2F%2F180.169.147.146%3A18081%2Fxingrg%2F&costTime=180×tamp=1633227946351 HTTP/1.1" 200 17173
180.152.237.0 - - [03/Oct/2021:10:25:46 +0800] "GET /xingrg/javascript/jquery_easy_ui/themes/default/easyui.css HTTP/1.1" 304 -
180.152.237.0 - - [03/Oct/2021:10:25:46 +0800] "GET /xingrg/css/form.css HTTP/1.1" 304 -
180.152.237.0 - - [03/Oct/2021:10:25:46 +0800] "GET /xingrg/javascript/jquery_easy_ui/themes/icon.css HTTP/1.1" 304 -
180.152.237.0 - - [03/Oct/2021:10:25:46 +0800] "GET /xingrg/javascript/jquery-1.4.2.min.js HTTP/1.1" 304 -
180.152.237.0 - - [03/Oct/2021:10:25:46 +0800] "GET /xingrg/javascript/jquery_easy_ui/jquery.easyui.min.js HTTP/1.1" 304 -
180.152.237.0 - - [03/Oct/2021:10:25:46 +0800] "GET /xingrg/javascript/jquery_easy_ui/easyui-lang-zh_CN.js HTTP/1.1" 304 -
180.152.237.0 - - [03/Oct/2021:10:25:46 +0800] "GET /xingrg/javascript/jquery.utils.js HTTP/1.1" 304 -
180.152.237.0 - - [03/Oct/2021:10:25:46 +0800] "GET /xingrg/javascript/jquery.form.js HTTP/1.1" 304 -
180.152.237.0 - - [03/Oct/2021:10:25:46 +0800] "GET /xingrg/javascript/jquery.timers.js HTTP/1.1" 304 -
180.152.237.0 - - [03/Oct/2021:10:25:46 +0800] "GET /xingrg/images/blue/navBackgound.jpg HTTP/1.1" 304 -
180.152.237.0 - - [03/Oct/2021:10:25:46 +0800] "GET /xingrg/javascript/jquery_easy_ui/themes/icons/settle_new.png HTTP/1.1" 304 -
180.152.237.0 - - [03/Oct/2021:10:25:46 +0800] "POST /xingrg/all/common/load_tree.html?tree=area_rest_tree_json&manage=1 HTTP/1.1" 200 342
180.152.237.0 - - [03/Oct/2021:10:25:46 +0800] "GET /xingrg/images/blue/pingpu.png HTTP/1.1" 304 -
180.152.237.0 - - [03/Oct/2021:10:25:47 +0800] "GET /xingrg/javascript/jquery_easy_ui/themes/default/images/tabs_leftarrow.png HTTP/1.1" 304 -
180.152.237.0 - - [03/Oct/2021:10:25:47 +0800] "GET /xingrg/javascript/jquery_easy_ui/themes/default/images/tabs_rightarrow.png HTTP/1.1" 304 -
180.152.237.0 - - [03/Oct/2021:10:25:47 +0800] "GET /xingrg/javascript/jquery_easy_ui/themes/default/images/panel_tool_collapse.gif HTTP/1.1" 304 -
180.152.237.0 - - [03/Oct/2021:10:25:47 +0800] "GET /xingrg/all/function/internal_message.html?_=1633227946181&CODE_STATE=count HTTP/1.1" 200 11
180.152.237.0 - - [03/Oct/2021:10:25:47 +0800] "GET /xingrg/check_reg.html?_=1633227946200 HTTP/1.1" 200 22
180.152.237.0 - - [03/Oct/2021:10:25:47 +0800] "POST /xingrg/load_menu.html HTTP/1.1" 200 5138
180.152.237.0 - - [03/Oct/2021:10:25:47 +0800] "GET /favicon.ico HTTP/1.1" 404 -
180.152.237.0 - - [03/Oct/2021:10:25:47 +0800] "GET /xingrg/javascript/jquery_easy_ui/themes/default/images/tree_arrows.gif HTTP/1.1" 304 -
180.152.237.0 - - [03/Oct/2021:10:25:47 +0800] "GET /xingrg/javascript/jquery_easy_ui/themes/default/images/tree_folder_open.gif HTTP/1.1" 304 -
180.152.237.0 - - [03/Oct/2021:10:25:47 +0800] "GET /xingrg/javascript/jquery_easy_ui/themes/icons/search_new.png HTTP/1.1" 304 -
180.152.237.0 - - [03/Oct/2021:10:25:47 +0800] "GET /xingrg/javascript/jquery_easy_ui/themes/default/images/tree_folder.gif HTTP/1.1" 304 -
180.152.237.0 - - [03/Oct/2021:10:25:47 +0800] "GET /xingrg/javascript/jquery_easy_ui/themes/icons/storage_new.png HTTP/1.1" 304 -
180.152.237.0 - - [03/Oct/2021:10:25:47 +0800] "GET /xingrg/javascript/jquery_easy_ui/themes/icons/forms_new.png HTTP/1.1" 304 -
180.152.237.0 - - [03/Oct/2021:10:25:47 +0800] "GET /xingrg/javascript/jquery_easy_ui/themes/default/images/tree_file.gif HTTP/1.1" 304 -
180.152.237.0 - - [03/Oct/2021:10:25:48 +0800] "GET /xingrg/javascript/jquery_easy_ui/themes/default/images/tabs_close.gif HTTP/1.1" 304 -
180.152.237.0 - - [03/Oct/2021:10:25:48 +0800] "GET /xingrg/kc/mdqp/pssh_order_list.html HTTP/1.1" 200 17827
180.152.237.0 - - [03/Oct/2021:10:25:48 +0800] "GET /xingrg/css/base.css HTTP/1.1" 304 -
180.152.237.0 - - [03/Oct/2021:10:25:48 +0800] "GET /xingrg/css/site.css HTTP/1.1" 304 -
180.152.237.0 - - [03/Oct/2021:10:25:48 +0800] "GET /xingrg/javascript/jquery_tools/datebox.css HTTP/1.1" 304 -
180.152.237.0 - - [03/Oct/2021:10:25:48 +0800] "GET /xingrg/javascript/easyui/themes/default/easyui.css HTTP/1.1" 304 -
180.152.237.0 - - [03/Oct/2021:10:25:48 +0800] "GET /xingrg/javascript/easyui/themes/icon.css HTTP/1.1" 304 -
180.152.237.0 - - [03/Oct/2021:10:25:48 +0800] "GET /xingrg/javascript/auto/jquery.autocomplete.css HTTP/1.1" 304 -
180.152.237.0 - - [03/Oct/2021:10:25:49 +0800] "GET /xingrg/javascript/jquery_tools/fix.css HTTP/1.1" 304 -
180.152.237.0 - - [03/Oct/2021:10:25:49 +0800] "GET /xingrg/javascript/jquery_tools/table.css HTTP/1.1" 304 -
180.152.237.0 - - [03/Oct/2021:10:25:49 +0800] "GET /xingrg/javascript/jquery_tools/jquery.tools.min.js HTTP/1.1" 304 -
180.152.237.0 - - [03/Oct/2021:10:25:49 +0800] "GET /xingrg/javascript/jquery_tools/jquery.tools.extend.js HTTP/1.1" 304 -
180.152.237.0 - - [03/Oct/2021:10:25:49 +0800] "GET /xingrg/javascript/jquery_tools/jquery.tools.hotkey.js HTTP/1.1" 304 -
180.152.237.0 - - [03/Oct/2021:10:25:49 +0800] "GET /xingrg/javascript/jquery_tools/jquery.tools.table.js HTTP/1.1" 304 -
180.152.237.0 - - [03/Oct/2021:10:25:49 +0800] "GET /xingrg/javascript/jquery_tools/list_manager.js HTTP/1.1" 304 -
180.152.237.0 - - [03/Oct/2021:10:25:49 +0800] "GET /xingrg/javascript/auto/jquery.autocomplete.js HTTP/1.1" 304 -
180.152.237.0 - - [03/Oct/2021:10:25:49 +0800] "GET /xingrg/javascript/easyui/easyloader.js HTTP/1.1" 304 -
180.152.237.0 - - [03/Oct/2021:10:25:49 +0800] "GET /xingrg/javascript/jquery.cookie.js HTTP/1.1" 304 -
180.152.237.0 - - [03/Oct/2021:10:25:49 +0800] "GET /xingrg/javascript/easyui/themes/icons/field_new.png HTTP/1.1" 304 -
116.238.248.233 - - [03/Oct/2021:10:25:49 +0800] "POST /xingrg/kc/buy/cgsh_order_operate.html HTTP/1.1" 200 37
180.152.237.0 - - [03/Oct/2021:10:25:49 +0800] "GET /xingrg/javascript/easyui/plugins/jquery.parser.js HTTP/1.1" 304 -
180.152.237.0 - - [03/Oct/2021:10:25:49 +0800] "GET /xingrg/images/control/ajaxLoader.gif HTTP/1.1" 304 -
180.152.237.0 - - [03/Oct/2021:10:25:49 +0800] "POST /xingrg/kc/mdqp/pssh_list_operate.html HTTP/1.1" 200 5469
180.152.237.0 - - [03/Oct/2021:10:25:50 +0800] "POST /xingrg/kc/mdqp/pssh_list_operate.html HTTP/1.1" 200 776
124.79.246.142 - - [03/Oct/2021:10:25:50 +0800] "GET /xingrg/all/function/internal_message.html?_=1633228054225&CODE_STATE=getMsg HTTP/1.1" 200 27
180.152.237.0 - - [03/Oct/2021:10:25:52 +0800] "POST /xingrg/kc/mdqp/pssh_list_operate.html HTTP/1.1" 200 775
180.152.237.0 - - [03/Oct/2021:10:25:53 +0800] "POST /xingrg/kc/mdqp/pssh_list_operate.html HTTP/1.1" 200 269
116.238.248.233 - - [03/Oct/2021:10:25:55 +0800] "POST /xingrg/kc/buy/cgsh_order_operate.html HTTP/1.1" 200 12
180.152.237.0 - - [03/Oct/2021:10:25:56 +0800] "GET /xingrg/kc/base/wldb_order_list.html HTTP/1.1" 200 19224
180.152.237.0 - - [03/Oct/2021:10:25:56 +0800] "GET /xingrg/javascript/print/LodopFuncs.js HTTP/1.1" 304 -
116.238.248.233 - - [03/Oct/2021:10:25:56 +0800] "GET /xingrg/kc/buy/cgsh_order_info.html?code=212021100301128 HTTP/1.1" 200 59447
180.152.237.0 - - [03/Oct/2021:10:25:57 +0800] "GET /xingrg/javascript/easyui/themes/icons/edit_add_new.png HTTP/1.1" 304 -
180.152.237.0 - - [03/Oct/2021:10:25:57 +0800] "GET /xingrg/javascript/easyui/themes/icons/cance_new.png HTTP/1.1" 304 -
180.152.237.0 - - [03/Oct/2021:10:25:57 +0800] "GET /xingrg/javascript/easyui/themes/icons/check_new.png HTTP/1.1" 304 -
180.152.237.0 - - [03/Oct/2021:10:25:57 +0800] "GET /xingrg/javascript/easyui/themes/icons/import_new.png HTTP/1.1" 304 -
116.238.248.233 - - [03/Oct/2021:10:25:57 +0800] "GET /xingrg/javascript/easyui/themes/default/validatebox.css HTTP/1.1" 404 1104
180.152.237.0 - - [03/Oct/2021:10:25:57 +0800] "GET /xingrg/javascript/jquery_easy_ui/themes/icons/area.png HTTP/1.1" 304 -
180.152.237.0 - - [03/Oct/2021:10:25:57 +0800] "GET /xingrg/javascript/jquery_easy_ui/themes/icons/rest.png HTTP/1.1" 304 -
180.152.237.0 - - [03/Oct/2021:10:25:57 +0800] "GET /xingrg/kc/mdqp/pssh_order_list.html HTTP/1.1" 200 17827
180.152.237.0 - - [03/Oct/2021:10:25:57 +0800] "POST /xingrg/kc/base/wldb_list_operate.html HTTP/1.1" 200 928
58.39.139.200 - - [03/Oct/2021:10:25:57 +0800] "GET /xingrg/all/function/internal_message.html?_=1633227957200&CODE_STATE=getMsg HTTP/1.1" 200 27
180.152.237.0 - - [03/Oct/2021:10:25:57 +0800] "POST /xingrg/kc/mdqp/pssh_list_operate.html HTTP/1.1" 200 5469
116.238.248.233 - - [03/Oct/2021:10:25:58 +0800] "POST /xingrg/kc/buy/cgsh_order_operate.html HTTP/1.1" 200 614
180.152.237.0 - - [03/Oct/2021:10:25:58 +0800] "POST /xingrg/kc/mdqp/pssh_list_operate.html HTTP/1.1" 200 366
116.237.74.154 - - [03/Oct/2021:10:25:59 +0800] "GET /xingrg/kc/buy/cgsh_order_operate.html?command=get_materiel&rest_code=00106&code=00101008403&supplier_code=00100007&order_time=2021-10-03 HTTP/1.1" 200 412
116.238.248.233 - - [03/Oct/2021:10:25:59 +0800] "GET /xingrg/kc/print/load_data.html?order_code=212021100301128&kc_code=cgsh&condition= HTTP/1.1" 200 712
116.238.248.233 - - [03/Oct/2021:10:26:00 +0800] "GET /xingrg/check_reg.html?_=1633227959680 HTTP/1.1" 200 22
116.238.248.233 - - [03/Oct/2021:10:26:00 +0800] "GET /xingrg/all/function/internal_message.html?_=1633227959681&CODE_STATE=getMsg HTTP/1.1" 200 27
116.237.74.154 - - [03/Oct/2021:10:26:01 +0800] "POST /xingrg/kc/buy/cgsh_order_operate.html HTTP/1.1" 200 2065
114.83.220.18 - - [03/Oct/2021:10:26:03 +0800] "GET /xingrg/all/function/internal_message.html?_=1633227962563&CODE_STATE=getMsg HTTP/1.1" 200 27
172.20.0.100 - - [03/Oct/2021:10:26:03 +0800] "GET /xingrg/kc/base/yddb_order_info.html?code=482021092900281 HTTP/1.1" 200 31639
172.20.0.100 - - [03/Oct/2021:10:26:03 +0800] "GET /xingrg/dwr/interface/AjaxComOrderService.js HTTP/1.1" 200 18264
172.20.0.100 - - [03/Oct/2021:10:26:03 +0800] "GET /xingrg/dwr/interface/AjaxYddbService.js HTTP/1.1" 200 13201
172.20.0.100 - - [03/Oct/2021:10:26:03 +0800] "GET /xingrg/dwr/engine.js HTTP/1.1" 200 43631
172.20.0.100 - - [03/Oct/2021:10:26:03 +0800] "POST /xingrg/dwr/call/plaincall/AjaxYddbService.loadMaterielItems.dwr HTTP/1.1" 200 1123
116.238.248.233 - - [03/Oct/2021:10:26:04 +0800] "GET /xingrg/kc/buy/cgsh_order_add.html HTTP/1.1" 200 64540
116.238.248.233 - - [03/Oct/2021:10:26:04 +0800] "GET /xingrg/javascript/easyui/themes/default/validatebox.css HTTP/1.1" 404 1104
116.238.248.233 - - [03/Oct/2021:10:26:04 +0800] "POST /xingrg/kc/buy/cgsh_order_operate.html HTTP/1.1" 200 8245
172.20.0.100 - - [03/Oct/2021:10:26:05 +0800] "GET /xingrg/kc/base/yddb_order_report.html?fileType=servlets/html&code=482021092900281&reportName=ck_order_report&subName=yddb HTTP/1.1" 302 -
172.20.0.100 - - [03/Oct/2021:10:26:05 +0800] "GET /xingrg/servlets/html?sysBaseUrl=http%3A%2F%2F172.20.0.8%3A18081%2Fxingrg%2F&costTime=142×tamp=1633227965221 HTTP/1.1" 200 20294
172.20.0.100 - - [03/Oct/2021:10:26:05 +0800] "GET /favicon.ico HTTP/1.1" 404 -
120.253.135.82 - - [03/Oct/2021:10:26:08 +0800] "GET /xingrg/all/function/internal_message.html?_=1633227739590&CODE_STATE=getMsg HTTP/1.1" 200 27
172.20.0.100 - - [03/Oct/2021:10:26:10 +0800] "GET /xingrg/servlets/image?image=px HTTP/1.1" 200 807
180.157.253.110 - - [03/Oct/2021:10:26:11 +0800] "POST /xingrg/kc/buy/cgsh_order_operate.html HTTP/1.1" 200 37
180.157.253.110 - - [03/Oct/2021:10:26:12 +0800] "POST /xingrg/kc/buy/cgsh_order_operate.html HTTP/1.1" 200 4442
116.237.74.154 - - [03/Oct/2021:10:26:13 +0800] "GET /xingrg/kc/buy/cgsh_order_operate.html?command=get_materiel&rest_code=00106&code=00101008102&supplier_code=00100007&order_time=2021-10-03 HTTP/1.1" 200 413
116.238.248.233 - - [03/Oct/2021:10:26:14 +0800] "GET /xingrg/kc/buy/cgsh_order_operate.html?command=get_materiel&rest_code=00150&code=00101015021&supplier_code=00100054&order_time=2021-10-03 HTTP/1.1" 200 408
180.157.253.110 - - [03/Oct/2021:10:26:15 +0800] "GET /xingrg/kc/buy/cgsh_order_add.html HTTP/1.1" 200 64616
180.157.253.110 - - [03/Oct/2021:10:26:16 +0800] "POST /xingrg/kc/buy/cgsh_order_operate.html HTTP/1.1" 200 8245
180.157.253.110 - - [03/Oct/2021:10:26:16 +0800] "GET /xingrg/javascript/easyui/themes/default/validatebox.css HTTP/1.1" 404 1104
101.91.62.89 - - [03/Oct/2021:10:26:19 +0800] "GET /xingrg/check_reg.html?_=1633227914512 HTTP/1.1" 302 -
61.151.178.165 - - [03/Oct/2021:10:26:19 +0800] "GET /xingrg/all/function/internal_message.html?_=1633227914515&CODE_STATE=getMsg HTTP/1.1" 302 -
116.237.74.154 - - [03/Oct/2021:10:26:19 +0800] "GET /xingrg/all/function/internal_message.html?_=1633227974525&CODE_STATE=getMsg HTTP/1.1" 200 27
101.91.62.89 - - [03/Oct/2021:10:26:20 +0800] "GET /xingrg/login.html HTTP/1.1" 200 7641
61.151.178.165 - - [03/Oct/2021:10:26:20 +0800] "GET /xingrg/login.html HTTP/1.1" 200 7641
222.70.246.151 - - [03/Oct/2021:10:26:20 +0800] "GET /xingrg/all/function/internal_message.html?_=1633227981696&CODE_STATE=getMsg HTTP/1.1" 200 27
180.169.147.146 - - [03/Oct/2021:10:26:22 +0800] "GET /xingrg/all/function/internal_message.html?_=1633228029321&CODE_STATE=getMsg HTTP/1.1" 200 27
116.238.248.233 - - [03/Oct/2021:10:26:25 +0800] "GET /xingrg/kc/buy/cgsh_order_operate.html?command=get_materiel&rest_code=00150&code=00101015062&supplier_code=00100054&order_time=2021-10-03 HTTP/1.1" 200 412
222.70.178.96 - - [03/Oct/2021:10:26:28 +0800] "GET /xingrg/all/function/internal_message.html?_=1633227986719&CODE_STATE=getMsg HTTP/1.1" 200 27
222.70.178.96 - - [03/Oct/2021:10:26:29 +0800] "GET /xingrg/check_reg.html?_=1633227987287 HTTP/1.1" 200 22
180.169.147.146 - - [03/Oct/2021:10:26:29 +0800] "GET /xingrg/all/function/internal_message.html?_=1633227990902&CODE_STATE=getMsg HTTP/1.1" 200 27
116.237.74.154 - - [03/Oct/2021:10:26:29 +0800] "GET /xingrg/kc/buy/cgsh_order_operate.html?command=get_materiel&rest_code=00106&code=00101008041&supplier_code=00100007&order_time=2021-10-03 HTTP/1.1" 200 408
180.157.253.110 - - [03/Oct/2021:10:26:30 +0800] "GET /xingrg/kc/buy/cgsh_order_operate.html?command=get_materiel&rest_code=00148&code=00101009050&supplier_code=00100022&order_time=2021-10-03 HTTP/1.1" 200 408
58.37.227.186 - - [03/Oct/2021:10:26:31 +0800] "GET /xingrg/all/function/internal_message.html?_=1633227849803&CODE_STATE=getMsg HTTP/1.1" 200 27
58.37.227.186 - - [03/Oct/2021:10:26:31 +0800] "GET /xingrg/check_reg.html?_=1633227849805 HTTP/1.1" 200 22
180.157.253.110 - - [03/Oct/2021:10:26:32 +0800] "GET /xingrg/all/function/internal_message.html?_=1633227993131&CODE_STATE=getMsg HTTP/1.1" 200 27
116.238.248.233 - - [03/Oct/2021:10:26:34 +0800] "GET /xingrg/kc/buy/cgsh_order_operate.html?command=get_materiel&rest_code=00150&code=00101015053&supplier_code=00100054&order_time=2021-10-03 HTTP/1.1" 200 413
180.152.237.0 - - [03/Oct/2021:10:26:37 +0800] "GET /xingrg/all/function/internal_message.html?_=1633227977751&CODE_STATE=getMsg HTTP/1.1" 200 27
116.237.74.154 - - [03/Oct/2021:10:26:39 +0800] "GET /xingrg/kc/buy/cgsh_order_operate.html?command=get_materiel&rest_code=00106&code=00101008323&supplier_code=00100007&order_time=2021-10-03 HTTP/1.1" 200 408
61.151.178.163 - - [03/Oct/2021:10:26:40 +0800] "GET /xingrg/kc/buy/cgsh_order_operate.html?command=get_materiel&rest_code=00106&code=00101008295&supplier_code=00100007&order_time=2021-10-03 HTTP/1.1" 302 -
61.151.178.163 - - [03/Oct/2021:10:26:41 +0800] "GET /xingrg/login.html HTTP/1.1" 200 7641
116.238.248.233 - - [03/Oct/2021:10:26:41 +0800] "GET /xingrg/kc/buy/cgsh_order_operate.html?command=get_materiel&rest_code=00150&code=00101015076&supplier_code=00100054&order_time=2021-10-03 HTTP/1.1" 200 416
172.20.0.100 - - [03/Oct/2021:10:26:41 +0800] "GET /xingrg/all/function/internal_message.html?_=1633228001919&CODE_STATE=getMsg HTTP/1.1" 200 27
180.157.253.110 - - [03/Oct/2021:10:26:43 +0800] "GET /xingrg/kc/buy/cgsh_order_operate.html?command=get_materiel&rest_code=00148&code=00101009124&supplier_code=00100022&order_time=2021-10-03 HTTP/1.1" 200 402
172.20.0.100 - - [03/Oct/2021:10:26:44 +0800] "GET /xingrg/kc/base/yddb_order_report.html?fileType=servlets/html&code=482021092900281&reportName=ck_order_report&subName=yddb HTTP/1.1" 302 -
172.20.0.100 - - [03/Oct/2021:10:26:44 +0800] "GET /xingrg/servlets/html?sysBaseUrl=http%3A%2F%2F172.20.0.8%3A18081%2Fxingrg%2F&costTime=203×tamp=1633228004442 HTTP/1.1" 200 20294
172.20.0.100 - - [03/Oct/2021:10:26:44 +0800] "GET /favicon.ico HTTP/1.1" 404 -
116.237.74.154 - - [03/Oct/2021:10:26:45 +0800] "POST /xingrg/kc/buy/cgsh_order_operate.html HTTP/1.1" 200 2065
180.169.147.146 - - [03/Oct/2021:10:26:46 +0800] "GET /xingrg/all/function/internal_message.html?_=1633228005619&CODE_STATE=getMsg HTTP/1.1" 200 27
180.152.237.0 - - [03/Oct/2021:10:26:47 +0800] "GET /xingrg/all/function/internal_message.html?_=1633228006216&CODE_STATE=getMsg HTTP/1.1" 200 27
124.79.246.142 - - [03/Oct/2021:10:26:50 +0800] "GET /xingrg/all/function/internal_message.html?_=1633228114220&CODE_STATE=getMsg HTTP/1.1" 200 27
180.157.253.110 - - [03/Oct/2021:10:26:54 +0800] "POST /xingrg/kc/buy/cgsh_order_operate.html HTTP/1.1" 200 37
116.238.248.233 - - [03/Oct/2021:10:26:54 +0800] "POST /xingrg/kc/buy/cgsh_order_operate.html HTTP/1.1" 200 88
180.157.253.110 - - [03/Oct/2021:10:26:56 +0800] "POST /xingrg/kc/buy/cgsh_order_operate.html HTTP/1.1" 200 3250
172.20.0.100 - - [03/Oct/2021:10:26:56 +0800] "GET /xingrg/kc/base/yddb_order_report.html?fileType=servlets/pdf&code=482021092900281&reportName=ck_order_report&subName=yddb HTTP/1.1" 302 -
172.20.0.100 - - [03/Oct/2021:10:26:57 +0800] "GET /xingrg/servlets/pdf?sysBaseUrl=http%3A%2F%2F172.20.0.8%3A18081%2Fxingrg%2F&costTime=127×tamp=1633228016781 HTTP/1.1" 200 4213
172.20.0.100 - - [03/Oct/2021:10:26:57 +0800] "GET /favicon.ico HTTP/1.1" 404 -
58.39.139.200 - - [03/Oct/2021:10:26:57 +0800] "GET /xingrg/all/function/internal_message.html?_=1633228017200&CODE_STATE=getMsg HTTP/1.1" 200 27
116.237.74.154 - - [03/Oct/2021:10:26:59 +0800] "GET /xingrg/kc/buy/cgsh_order_operate.html?command=get_materiel&rest_code=00106&code=00101008085&supplier_code=00100007&order_time=2021-10-03 HTTP/1.1" 200 412
