172.20.0.100 - - [03/Oct/2021:09:08:25 +0800] "GET /xingrg/kc/base/wldb_order_list.html HTTP/1.1" 200 19465
172.20.0.100 - - [03/Oct/2021:09:08:26 +0800] "POST /xingrg/kc/base/wldb_list_operate.html HTTP/1.1" 200 928
172.20.0.100 - - [03/Oct/2021:09:08:27 +0800] "GET /xingrg/kc/base/base_main.html HTTP/1.1" 200 12132
180.169.147.146 - - [03/Oct/2021:09:08:27 +0800] "GET /xingrg/all/report/report_query.html?fileName=kc/buy/wlcg_mx.xml HTTP/1.1" 200 51648
180.169.147.146 - - [03/Oct/2021:09:08:27 +0800] "GET /xingrg/javascript/multi_select/jqueryMultiSelect.css HTTP/1.1" 200 951
180.169.147.146 - - [03/Oct/2021:09:08:27 +0800] "GET /xingrg/javascript/calendar/timePicker.css HTTP/1.1" 200 523
180.169.147.146 - - [03/Oct/2021:09:08:27 +0800] "GET /xingrg/dwr/interface/AjaxReportQueryService.js HTTP/1.1" 200 13203
180.169.147.146 - - [03/Oct/2021:09:08:27 +0800] "GET /xingrg/javascript/bigrid/fix.css HTTP/1.1" 200 1702
180.169.147.146 - - [03/Oct/2021:09:08:27 +0800] "GET /xingrg/dwr/engine.js HTTP/1.1" 200 43631
180.169.147.146 - - [03/Oct/2021:09:08:27 +0800] "GET /xingrg/javascript/calendar/jquery.timePicker.min.js HTTP/1.1" 200 2997
180.169.147.146 - - [03/Oct/2021:09:08:27 +0800] "GET /xingrg/javascript/bigrid/fix.js HTTP/1.1" 200 6439
180.169.147.146 - - [03/Oct/2021:09:08:27 +0800] "GET /xingrg/javascript/jqueryMultiSelect.js HTTP/1.1" 200 11866
180.169.147.146 - - [03/Oct/2021:09:08:27 +0800] "GET /xingrg/dwr/util.js HTTP/1.1" 200 35990
180.169.147.146 - - [03/Oct/2021:09:08:27 +0800] "GET /xingrg/javascript/Calendar.js HTTP/1.1" 200 31561
180.169.147.146 - - [03/Oct/2021:09:08:27 +0800] "GET /xingrg/images/blue/button/advanceover.gif HTTP/1.1" 200 1347
180.169.147.146 - - [03/Oct/2021:09:08:27 +0800] "GET /xingrg/images/blue/button/advance2over.gif HTTP/1.1" 200 1336
180.169.147.146 - - [03/Oct/2021:09:08:27 +0800] "GET /xingrg/images/control/loading.gif HTTP/1.1" 200 13463
180.169.147.146 - - [03/Oct/2021:09:08:27 +0800] "GET /xingrg/images/blue/button/backover.gif HTTP/1.1" 200 1348
180.169.147.146 - - [03/Oct/2021:09:08:27 +0800] "GET /xingrg/images/blue/button/back2over.gif HTTP/1.1" 200 1335
180.169.147.146 - - [03/Oct/2021:09:08:27 +0800] "GET /xingrg/javascript/jquery_easy_ui/themes/default/images/menu.gif HTTP/1.1" 200 834
180.169.147.146 - - [03/Oct/2021:09:08:27 +0800] "GET /xingrg/javascript/jquery_easy_ui/themes/default/images/menu_rightarrow.png HTTP/1.1" 200 3617
180.169.147.146 - - [03/Oct/2021:09:08:27 +0800] "POST /xingrg/dwr/call/plaincall/AjaxReportQueryService.getFixDate.dwr HTTP/1.1" 200 111
180.169.147.146 - - [03/Oct/2021:09:08:27 +0800] "GET /xingrg/javascript/jquery_easy_ui/themes/icons/print.png HTTP/1.1" 200 1057
180.169.147.146 - - [03/Oct/2021:09:08:27 +0800] "GET /xingrg/javascript/jquery_easy_ui/themes/icons/pencil.png HTTP/1.1" 200 713
180.169.147.146 - - [03/Oct/2021:09:08:27 +0800] "GET /xingrg/javascript/jquery_easy_ui/themes/icons/help.png HTTP/1.1" 200 1187
180.169.147.146 - - [03/Oct/2021:09:08:27 +0800] "GET /xingrg/javascript/jquery_easy_ui/themes/default/images/menu_downarrow.png HTTP/1.1" 200 173
180.169.147.146 - - [03/Oct/2021:09:08:27 +0800] "POST /xingrg/dwr/call/plaincall/AjaxReportQueryService.getInitString.dwr HTTP/1.1" 200 27612
180.169.147.146 - - [03/Oct/2021:09:08:28 +0800] "GET /xingrg/javascript/multi_select/dropdown.gif HTTP/1.1" 200 61
180.169.147.146 - - [03/Oct/2021:09:08:28 +0800] "POST /xingrg/dwr/call/plaincall/AjaxReportQueryService.getInitString.dwr HTTP/1.1" 200 399
180.169.147.146 - - [03/Oct/2021:09:08:28 +0800] "POST /xingrg/dwr/call/plaincall/AjaxReportQueryService.getInitString.dwr HTTP/1.1" 200 125
172.20.0.100 - - [03/Oct/2021:09:08:28 +0800] "GET /xingrg/kc/base/check_order_list.html HTTP/1.1" 200 16590
172.20.0.100 - - [03/Oct/2021:09:08:28 +0800] "POST /xingrg/kc/base/check_list_operate.html HTTP/1.1" 200 781
222.70.178.96 - - [03/Oct/2021:09:08:28 +0800] "GET /xingrg/all/function/internal_message.html?_=1633223307301&CODE_STATE=getMsg HTTP/1.1" 200 27
180.169.147.146 - - [03/Oct/2021:09:08:29 +0800] "GET /xingrg/javascript/jquery_easy_ui/themes/default/images/tabs_active.png HTTP/1.1" 200 2894
180.169.147.146 - - [03/Oct/2021:09:08:31 +0800] "GET /xingrg/all/report/report_query.html?fileName=kc/buy/gys_amount.xml&rh=99999 HTTP/1.1" 200 52006
180.169.147.146 - - [03/Oct/2021:09:08:31 +0800] "GET /xingrg/dwr/interface/AjaxReportQueryService.js HTTP/1.1" 200 13203
180.169.147.146 - - [03/Oct/2021:09:08:31 +0800] "GET /xingrg/dwr/engine.js HTTP/1.1" 200 43631
180.169.147.146 - - [03/Oct/2021:09:08:31 +0800] "POST /xingrg/dwr/call/plaincall/AjaxReportQueryService.getFixDate.dwr HTTP/1.1" 200 111
180.169.147.146 - - [03/Oct/2021:09:08:32 +0800] "GET /xingrg/javascript/jquery_easy_ui/themes/default/images/combo_arrow_dot.gif HTTP/1.1" 200 79
180.169.147.146 - - [03/Oct/2021:09:08:32 +0800] "POST /xingrg/all/common/load_tree.html?tree=supplier_tree_json&manage=1 HTTP/1.1" 200 61130
180.169.147.146 - - [03/Oct/2021:09:08:33 +0800] "GET /xingrg/javascript/jquery_easy_ui/themes/default/images/tree_checkbox_0.gif HTTP/1.1" 200 168
180.169.147.146 - - [03/Oct/2021:09:08:33 +0800] "POST /xingrg/all/common/load_tree.html?tree=materiel_sort_tree_json HTTP/1.1" 200 8912
180.169.147.146 - - [03/Oct/2021:09:08:33 +0800] "POST /xingrg/dwr/call/plaincall/AjaxReportQueryService.getInitString.dwr HTTP/1.1" 200 399
172.20.0.100 - - [03/Oct/2021:09:08:38 +0800] "GET /xingrg/kc/buy/cgsh_order_list.html HTTP/1.1" 200 49119
172.20.0.100 - - [03/Oct/2021:09:08:39 +0800] "POST /xingrg/kc/buy/cgsh_list_operate.html HTTP/1.1" 200 876
172.20.0.100 - - [03/Oct/2021:09:08:43 +0800] "GET /xingrg/javascript/auto/indicator.gif HTTP/1.1" 404 1066
180.169.147.146 - - [03/Oct/2021:09:08:44 +0800] "POST /xingrg/dwr/call/plaincall/AjaxReportQueryService.getFixDate.dwr HTTP/1.1" 200 111
58.39.139.200 - - [03/Oct/2021:09:08:44 +0800] "GET /xingrg/kc/buy/cgsh_order_add.html HTTP/1.1" 200 64663
58.39.139.200 - - [03/Oct/2021:09:08:45 +0800] "POST /xingrg/kc/buy/cgsh_order_operate.html HTTP/1.1" 200 8245
58.39.139.200 - - [03/Oct/2021:09:08:45 +0800] "GET /xingrg/javascript/easyui/themes/default/validatebox.css HTTP/1.1" 404 1104
180.169.147.146 - - [03/Oct/2021:09:08:45 +0800] "POST /xingrg/dwr/call/plaincall/AjaxReportQueryService.refreshCache.dwr HTTP/1.1" 200 78
180.169.147.146 - - [03/Oct/2021:09:08:48 +0800] "POST /xingrg/all/report/load_report_page.html HTTP/1.1" 200 22956
180.169.147.146 - - [03/Oct/2021:09:08:48 +0800] "GET /xingrg/servlets/image?cache=0.6099646016049101&image=px HTTP/1.1" 200 807
116.230.105.26 - - [03/Oct/2021:09:08:49 +0800] "GET /xingrg/all/function/internal_message.html?_=1633223320715&CODE_STATE=getMsg HTTP/1.1" 200 27
172.20.0.100 - - [03/Oct/2021:09:08:53 +0800] "GET /xingrg/javascript/jquery_tools/images/prev.gif HTTP/1.1" 404 1086
172.20.0.100 - - [03/Oct/2021:09:08:53 +0800] "GET /xingrg/javascript/jquery_tools/images/next.gif HTTP/1.1" 404 1086
58.39.139.200 - - [03/Oct/2021:09:08:54 +0800] "GET /xingrg/kc/buy/cgsh_order_operate.html?command=get_materiel&rest_code=00105&code=00101016100&supplier_code=00100034&order_time=2021-10-03 HTTP/1.1" 200 412
58.39.139.200 - - [03/Oct/2021:09:08:58 +0800] "GET /xingrg/all/function/internal_message.html?_=1633223338367&CODE_STATE=getMsg HTTP/1.1" 200 27
58.39.139.200 - - [03/Oct/2021:09:08:58 +0800] "GET /xingrg/check_reg.html?_=1633223338371 HTTP/1.1" 200 22
180.169.147.146 - - [03/Oct/2021:09:09:00 +0800] "GET /xingrg/all/function/internal_message.html?_=1633223339748&CODE_STATE=getMsg HTTP/1.1" 200 27
116.237.74.154 - - [03/Oct/2021:09:09:01 +0800] "GET /xingrg/all/function/internal_message.html?_=1633223341117&CODE_STATE=getMsg HTTP/1.1" 200 27
172.20.0.100 - - [03/Oct/2021:09:09:02 +0800] "POST /xingrg/kc/buy/cgsh_list_operate.html HTTP/1.1" 200 1737
172.20.0.100 - - [03/Oct/2021:09:09:03 +0800] "POST /xingrg/kc/buy/cgsh_list_operate.html HTTP/1.1" 200 198
114.83.220.18 - - [03/Oct/2021:09:09:04 +0800] "GET /xingrg/all/function/internal_message.html?_=1633223343687&CODE_STATE=getMsg HTTP/1.1" 200 27
172.20.0.100 - - [03/Oct/2021:09:09:04 +0800] "GET /xingrg/kc/buy/cgsh_order_info.html?code=212021092008872 HTTP/1.1" 200 59692
172.20.0.100 - - [03/Oct/2021:09:09:05 +0800] "GET /xingrg/javascript/easyui/themes/default/validatebox.css HTTP/1.1" 404 1104
172.20.0.100 - - [03/Oct/2021:09:09:05 +0800] "POST /xingrg/kc/buy/cgsh_order_operate.html HTTP/1.1" 200 603
58.39.139.200 - - [03/Oct/2021:09:09:08 +0800] "GET /xingrg/kc/buy/cgsh_order_operate.html?command=get_materiel&rest_code=00105&code=00101012051&supplier_code=00100034&order_time=2021-10-03 HTTP/1.1" 200 408
172.20.0.100 - - [03/Oct/2021:09:09:09 +0800] "POST /xingrg/kc/buy/cgsh_order_operate.html HTTP/1.1" 200 12
172.20.0.100 - - [03/Oct/2021:09:09:11 +0800] "GET /xingrg/kc/buy/cgsh_order_info.html?code=212021092008872 HTTP/1.1" 200 64530
172.20.0.100 - - [03/Oct/2021:09:09:11 +0800] "GET /xingrg/javascript/easyui/themes/icons/template_new.png HTTP/1.1" 200 3956
172.20.0.100 - - [03/Oct/2021:09:09:11 +0800] "GET /xingrg/javascript/easyui/themes/icons/ok.png HTTP/1.1" 200 883
172.20.0.100 - - [03/Oct/2021:09:09:11 +0800] "GET /xingrg/all/common/auto_word.html?type=employee&rest_code=00150 HTTP/1.1" 200 159
172.20.0.100 - - [03/Oct/2021:09:09:11 +0800] "GET /xingrg/all/common/auto_word.html?type=employee&rest_code=00150 HTTP/1.1" 200 159
172.20.0.100 - - [03/Oct/2021:09:09:11 +0800] "GET /xingrg/javascript/easyui/themes/default/validatebox.css HTTP/1.1" 404 1104
172.20.0.100 - - [03/Oct/2021:09:09:12 +0800] "POST /xingrg/kc/buy/cgsh_order_operate.html HTTP/1.1" 200 2653
180.169.147.146 - - [03/Oct/2021:09:09:12 +0800] "GET /xingrg/all/function/internal_message.html?_=1633223352471&CODE_STATE=getMsg HTTP/1.1" 200 27
222.70.246.151 - - [03/Oct/2021:09:09:13 +0800] "POST /xingrg/services/DataTransmitService HTTP/1.1" 200 524
116.238.248.233 - - [03/Oct/2021:09:09:13 +0800] "GET /xingrg/all/function/internal_message.html?_=1633223352506&CODE_STATE=getMsg HTTP/1.1" 200 27
222.70.246.151 - - [03/Oct/2021:09:09:15 +0800] "GET /xingrg/all/function/internal_message.html?_=1633223356906&CODE_STATE=getMsg HTTP/1.1" 200 27
172.20.0.100 - - [03/Oct/2021:09:09:16 +0800] "POST /xingrg/kc/buy/cgsh_order_operate.html HTTP/1.1" 200 37
120.253.135.82 - - [03/Oct/2021:09:09:17 +0800] "GET /xingrg/all/function/internal_message.html?_=1633223128279&CODE_STATE=getMsg HTTP/1.1" 200 27
116.228.172.94 - - [03/Oct/2021:09:09:20 +0800] "GET /xingrg/login.html HTTP/1.1" 200 7641
172.20.0.100 - - [03/Oct/2021:09:09:21 +0800] "POST /xingrg/kc/buy/cgsh_order_operate.html HTTP/1.1" 200 12
172.20.0.100 - - [03/Oct/2021:09:09:23 +0800] "GET /xingrg/all/function/internal_message.html?_=1633223363798&CODE_STATE=getMsg HTTP/1.1" 200 27
172.20.0.100 - - [03/Oct/2021:09:09:23 +0800] "GET /xingrg/kc/buy/cgsh_order_info.html?code=212021092008872 HTTP/1.1" 200 59690
172.20.0.100 - - [03/Oct/2021:09:09:23 +0800] "GET /xingrg/javascript/easyui/themes/default/validatebox.css HTTP/1.1" 404 1104
172.20.0.100 - - [03/Oct/2021:09:09:24 +0800] "POST /xingrg/kc/buy/cgsh_order_operate.html HTTP/1.1" 200 603
180.169.147.146 - - [03/Oct/2021:09:09:25 +0800] "GET /xingrg/all/function/internal_message.html?_=1633223411965&CODE_STATE=getMsg HTTP/1.1" 200 27
180.169.147.146 - - [03/Oct/2021:09:09:25 +0800] "GET /xingrg/check_reg.html?_=1633223411956 HTTP/1.1" 200 22
222.70.178.96 - - [03/Oct/2021:09:09:28 +0800] "GET /xingrg/all/function/internal_message.html?_=1633223367301&CODE_STATE=getMsg HTTP/1.1" 200 27
116.228.172.94 - - [03/Oct/2021:09:09:29 +0800] "GET /favicon.ico HTTP/1.1" 404 -
180.169.147.146 - - [03/Oct/2021:09:09:30 +0800] "GET /xingrg/all/report/report_query.html?isQuery=1&fileName=kc/base/crk_detail_by_small.xml&rh=99999&queryString=&queryText=%25E3%2580%2590%25E4%25BB%2593%25E5%25BA%2593%25E5%2590%258D%25E7%25A7%25B0%253A%25E9%25A3%259F%25E5%2593%2581%25E5%25BA%2593%25E3%2580%2591%25E3%2580%2590%25E4%25B8%259A%25E5%258A%25A1%25E7%25B1%25BB%25E5%259E%258B%25EF%25BC%259A%25E5%2586%2585%25E9%2583%25A8%25E8%25B0%2583%25E5%2587%25BA%25E3%2580%2591%2520%253F%253F%253F%253F%253F2021-09-01%253F%253F2021-09-30%2520%253F%253F%253F%253F%253F%253F%253F%252C%253F%253F%253F%253F%252C%253F%253F%253F%253F%253F%252C%253F%253F%253F%253F%253F%252C%253F%253F%253F%252C%253F%253F%253F%253F%253F%253F%252C%253F%253F%253F%253F%253F%253F%252C%253F%253F%253F%253F%253F&tableQueryString=crk_table%2524sp1%2524order_day%2520between%252020210901%2520and%252020210930%2520and%2520(base_code%253D'0010724')%2520and%2520(src_order_type%2520in%2520(42))%2520and%2520(is_rk%2520in%2520(0)) HTTP/1.1" 200 53864
180.169.147.146 - - [03/Oct/2021:09:09:31 +0800] "GET /xingrg/dwr/interface/AjaxReportQueryService.js HTTP/1.1" 200 13203
180.169.147.146 - - [03/Oct/2021:09:09:31 +0800] "GET /xingrg/dwr/engine.js HTTP/1.1" 200 43631
172.20.0.100 - - [03/Oct/2021:09:09:31 +0800] "POST /xingrg/all/user/operate.html HTTP/1.1" 200 36
172.20.0.100 - - [03/Oct/2021:09:09:31 +0800] "GET /xingrg/index.html?sysBaseUrl=http%3A%2F%2F172.20.0.8%3A18081%2Fxingrg%2F&costTime=41×tamp=1633222986829 HTTP/1.1" 200 17448
172.20.0.100 - - [03/Oct/2021:09:09:31 +0800] "GET /xingrg/javascript/jquery_easy_ui/themes/default/easyui.css HTTP/1.1" 304 -
172.20.0.100 - - [03/Oct/2021:09:09:31 +0800] "GET /xingrg/javascript/jquery_easy_ui/themes/icon.css HTTP/1.1" 304 -
172.20.0.100 - - [03/Oct/2021:09:09:31 +0800] "GET /xingrg/css/form.css HTTP/1.1" 304 -
172.20.0.100 - - [03/Oct/2021:09:09:31 +0800] "GET /xingrg/javascript/jquery-1.4.2.min.js HTTP/1.1" 304 -
172.20.0.100 - - [03/Oct/2021:09:09:31 +0800] "GET /xingrg/javascript/jquery_easy_ui/jquery.easyui.min.js HTTP/1.1" 304 -
172.20.0.100 - - [03/Oct/2021:09:09:31 +0800] "GET /xingrg/javascript/jquery_easy_ui/easyui-lang-zh_CN.js HTTP/1.1" 304 -
172.20.0.100 - - [03/Oct/2021:09:09:31 +0800] "GET /xingrg/javascript/jquery.form.js HTTP/1.1" 304 -
172.20.0.100 - - [03/Oct/2021:09:09:31 +0800] "GET /xingrg/javascript/jquery.utils.js HTTP/1.1" 304 -
172.20.0.100 - - [03/Oct/2021:09:09:31 +0800] "GET /xingrg/javascript/jquery.timers.js HTTP/1.1" 304 -
172.20.0.100 - - [03/Oct/2021:09:09:31 +0800] "GET /xingrg/images/blue/jxLogo.png HTTP/1.1" 304 -
172.20.0.100 - - [03/Oct/2021:09:09:31 +0800] "GET /xingrg/images/blue/navBackgound.jpg HTTP/1.1" 304 -
172.20.0.100 - - [03/Oct/2021:09:09:31 +0800] "GET /xingrg/javascript/jquery_easy_ui/themes/icons/settle_new.png HTTP/1.1" 304 -
172.20.0.100 - - [03/Oct/2021:09:09:31 +0800] "POST /xingrg/all/common/load_tree.html?tree=area_rest_tree_json&manage=1 HTTP/1.1" 200 3472
172.20.0.100 - - [03/Oct/2021:09:09:31 +0800] "GET /xingrg/all/function/internal_message.html?_=1633223372044&CODE_STATE=count HTTP/1.1" 200 11
172.20.0.100 - - [03/Oct/2021:09:09:31 +0800] "GET /xingrg/check_reg.html?_=1633223372045 HTTP/1.1" 200 22
172.20.0.100 - - [03/Oct/2021:09:09:31 +0800] "POST /xingrg/load_menu.html HTTP/1.1" 200 9924
180.169.147.146 - - [03/Oct/2021:09:09:31 +0800] "POST /xingrg/all/report/load_report_page.html HTTP/1.1" 200 32480
180.169.147.146 - - [03/Oct/2021:09:09:31 +0800] "GET /xingrg/servlets/image?cache=0.9925177852271608&image=px HTTP/1.1" 200 807
172.20.0.100 - - [03/Oct/2021:09:09:33 +0800] "GET /xingrg/kc/buy/cgsh_order_list.html HTTP/1.1" 200 49113
172.20.0.100 - - [03/Oct/2021:09:09:34 +0800] "POST /xingrg/kc/buy/cgsh_list_operate.html HTTP/1.1" 200 876
172.20.0.100 - - [03/Oct/2021:09:09:37 +0800] "GET /xingrg/javascript/auto/indicator.gif HTTP/1.1" 404 1066
58.39.139.200 - - [03/Oct/2021:09:09:42 +0800] "POST /xingrg/kc/buy/cgsh_order_operate.html HTTP/1.1" 200 37
172.20.0.100 - - [03/Oct/2021:09:09:43 +0800] "GET /xingrg/javascript/jquery_tools/images/next.gif HTTP/1.1" 404 1086
172.20.0.100 - - [03/Oct/2021:09:09:43 +0800] "GET /xingrg/javascript/jquery_tools/images/prev.gif HTTP/1.1" 404 1086
58.39.139.200 - - [03/Oct/2021:09:09:44 +0800] "POST /xingrg/kc/buy/cgsh_order_operate.html HTTP/1.1" 200 3244
58.39.139.200 - - [03/Oct/2021:09:09:46 +0800] "GET /xingrg/kc/print/load_data.html?order_code=212021100301089&kc_code=cgsh&condition= HTTP/1.1" 200 929
116.230.105.26 - - [03/Oct/2021:09:09:49 +0800] "GET /xingrg/all/function/internal_message.html?_=1633223380706&CODE_STATE=getMsg HTTP/1.1" 200 27
172.20.0.100 - - [03/Oct/2021:09:09:51 +0800] "POST /xingrg/kc/buy/cgsh_list_operate.html HTTP/1.1" 200 1697
180.169.147.146 - - [03/Oct/2021:09:09:51 +0800] "GET /xingrg/all/report/report_query.html?isQuery=1&fileName=kc/buy/wlcg_cate_hz.xml&queryString=(CONVERT(char(10)%252Ca.order_time%252C%2520120)%253E%253D'2021-09-01')%2520and%2520(CONVERT(char(10)%252Ca.order_time%252C%2520120)%253C%253D'2021-09-30')%2520and%2520(a.supplier_code%253D'00100049')&queryText=%25E3%2580%2590%25E9%2587%2587%25E8%25B4%25AD%25E6%2597%25A5%25E6%259C%259F%253A2021-09-01%2520%25E8%2587%25B3%25202021-09-30%25E3%2580%2591%2520%25E5%25B9%25B6%25E4%25B8%2594%2520%25E3%2580%2590%25E4%25BE%259B%25E5%25BA%2594%25E5%2595%2586%253D%25E9%25B8%25A1%25E8%259B%258B%25EF%25BC%2588%25E4%25B8%2581%25E5%2585%2583%25E6%2596%25B9%25EF%25BC%2589%25E3%2580%2591 HTTP/1.1" 200 54359
180.169.147.146 - - [03/Oct/2021:09:09:51 +0800] "GET /xingrg/dwr/interface/AjaxReportQueryService.js HTTP/1.1" 200 13203
180.169.147.146 - - [03/Oct/2021:09:09:51 +0800] "GET /xingrg/dwr/engine.js HTTP/1.1" 200 43631
180.169.147.146 - - [03/Oct/2021:09:09:52 +0800] "POST /xingrg/all/report/load_report_page.html HTTP/1.1" 200 8720
180.169.147.146 - - [03/Oct/2021:09:09:52 +0800] "GET /xingrg/servlets/image?cache=0.32981266226770145&image=px HTTP/1.1" 200 807
58.39.139.200 - - [03/Oct/2021:09:09:54 +0800] "GET /xingrg/kc/buy/cgsh_order_add.html HTTP/1.1" 200 64663
172.20.0.100 - - [03/Oct/2021:09:09:54 +0800] "POST /xingrg/kc/buy/cgsh_list_operate.html HTTP/1.1" 200 566
58.39.139.200 - - [03/Oct/2021:09:09:54 +0800] "POST /xingrg/kc/buy/cgsh_order_operate.html HTTP/1.1" 200 8245
58.39.139.200 - - [03/Oct/2021:09:09:54 +0800] "GET /xingrg/javascript/easyui/themes/default/validatebox.css HTTP/1.1" 404 1104
172.20.0.100 - - [03/Oct/2021:09:09:55 +0800] "GET /xingrg/kc/buy/cgsh_order_info.html?code=212021091205018 HTTP/1.1" 200 59791
172.20.0.100 - - [03/Oct/2021:09:09:55 +0800] "GET /xingrg/javascript/easyui/themes/default/validatebox.css HTTP/1.1" 404 1104
172.20.0.100 - - [03/Oct/2021:09:09:56 +0800] "POST /xingrg/kc/buy/cgsh_order_operate.html HTTP/1.1" 200 42605
58.39.139.200 - - [03/Oct/2021:09:09:58 +0800] "GET /xingrg/all/function/internal_message.html?_=1633223398394&CODE_STATE=getMsg HTTP/1.1" 200 27
180.169.147.146 - - [03/Oct/2021:09:10:00 +0800] "GET /xingrg/all/function/internal_message.html?_=1633223399767&CODE_STATE=getMsg HTTP/1.1" 200 27
114.83.220.18 - - [03/Oct/2021:09:10:01 +0800] "GET /xingrg/kc/buy/cgsh_order_operate.html?command=get_materiel&rest_code=00149&code=00101007081&supplier_code=00100205&order_time=2021-10-03 HTTP/1.1" 200 415
116.237.74.154 - - [03/Oct/2021:09:10:01 +0800] "GET /xingrg/check_reg.html?_=1633223401116 HTTP/1.1" 200 22
116.237.74.154 - - [03/Oct/2021:09:10:01 +0800] "GET /xingrg/all/function/internal_message.html?_=1633223401119&CODE_STATE=getMsg HTTP/1.1" 200 27
172.20.0.100 - - [03/Oct/2021:09:10:03 +0800] "GET /xingrg/kc/base/base_main.html HTTP/1.1" 200 12132
114.83.220.18 - - [03/Oct/2021:09:10:04 +0800] "GET /xingrg/all/function/internal_message.html?_=1633223403666&CODE_STATE=getMsg HTTP/1.1" 200 27
58.39.139.200 - - [03/Oct/2021:09:10:05 +0800] "GET /xingrg/kc/buy/cgsh_order_operate.html?command=get_materiel&rest_code=00105&code=00101002027&supplier_code=00100397&order_time=2021-10-03 HTTP/1.1" 200 413
172.20.0.100 - - [03/Oct/2021:09:10:05 +0800] "GET /xingrg/kc/base/check_order_list.html HTTP/1.1" 200 16584
172.20.0.100 - - [03/Oct/2021:09:10:05 +0800] "POST /xingrg/kc/base/check_list_operate.html HTTP/1.1" 200 781
222.70.246.151 - - [03/Oct/2021:09:10:05 +0800] "POST /xingrg/services/DataTransmitService HTTP/1.1" 200 501
222.70.246.151 - - [03/Oct/2021:09:10:06 +0800] "POST /xingrg/services/DataTransmitService HTTP/1.1" 200 501
180.169.147.146 - - [03/Oct/2021:09:10:07 +0800] "POST /xingrg/all/report/load_report_page.html HTTP/1.1" 200 13034
180.169.147.146 - - [03/Oct/2021:09:10:07 +0800] "GET /xingrg/servlets/image?cache=0.8694953530177667&image=px HTTP/1.1" 200 807
172.20.0.100 - - [03/Oct/2021:09:10:09 +0800] "POST /xingrg/kc/base/check_list_operate.html HTTP/1.1" 200 4869
222.70.246.151 - - [03/Oct/2021:09:10:10 +0800] "POST /xingrg/services/DataTransmitService HTTP/1.1" 200 501
172.20.0.100 - - [03/Oct/2021:09:10:11 +0800] "POST /xingrg/kc/base/check_list_operate.html HTTP/1.1" 200 6415
180.169.147.146 - - [03/Oct/2021:09:10:12 +0800] "GET /xingrg/all/function/internal_message.html?_=1633223412472&CODE_STATE=getMsg HTTP/1.1" 200 27
116.238.248.233 - - [03/Oct/2021:09:10:13 +0800] "GET /xingrg/all/function/internal_message.html?_=1633223412492&CODE_STATE=getMsg HTTP/1.1" 200 27
222.70.246.151 - - [03/Oct/2021:09:10:13 +0800] "POST /xingrg/services/DataTransmitService HTTP/1.1" 200 501
222.70.246.151 - - [03/Oct/2021:09:10:14 +0800] "POST /xingrg/services/DataTransmitService HTTP/1.1" 200 501
222.70.246.151 - - [03/Oct/2021:09:10:15 +0800] "POST /xingrg/services/DataTransmitService HTTP/1.1" 200 501
222.70.246.151 - - [03/Oct/2021:09:10:15 +0800] "POST /xingrg/services/DataTransmitService HTTP/1.1" 200 501
222.70.246.151 - - [03/Oct/2021:09:10:15 +0800] "GET /xingrg/all/function/internal_message.html?_=1633223417040&CODE_STATE=getMsg HTTP/1.1" 200 27
222.70.246.151 - - [03/Oct/2021:09:10:15 +0800] "POST /xingrg/services/DataTransmitService HTTP/1.1" 200 501
222.70.246.151 - - [03/Oct/2021:09:10:16 +0800] "POST /xingrg/services/DataTransmitService HTTP/1.1" 200 501
222.70.246.151 - - [03/Oct/2021:09:10:17 +0800] "POST /xingrg/services/DataTransmitService HTTP/1.1" 200 412
114.83.220.18 - - [03/Oct/2021:09:10:18 +0800] "GET /xingrg/kc/buy/cgsh_order_operate.html?command=get_materiel&rest_code=00149&code=00101007061&supplier_code=00100205&order_time=2021-10-03 HTTP/1.1" 200 409
58.39.139.200 - - [03/Oct/2021:09:10:22 +0800] "GET /xingrg/kc/buy/cgsh_order_operate.html?command=get_materiel&rest_code=00105&code=00101001010&supplier_code=00100397&order_time=2021-10-03 HTTP/1.1" 200 409
180.169.147.146 - - [03/Oct/2021:09:10:25 +0800] "GET /xingrg/all/function/internal_message.html?_=1633223471950&CODE_STATE=getMsg HTTP/1.1" 200 27
222.70.178.96 - - [03/Oct/2021:09:10:28 +0800] "GET /xingrg/all/function/internal_message.html?_=1633223427301&CODE_STATE=getMsg HTTP/1.1" 200 27
114.83.220.18 - - [03/Oct/2021:09:10:31 +0800] "GET /xingrg/kc/buy/cgsh_order_operate.html?command=get_materiel&rest_code=00149&code=00101007043&supplier_code=00100205&order_time=2021-10-03 HTTP/1.1" 200 409
172.20.0.100 - - [03/Oct/2021:09:10:31 +0800] "GET /xingrg/all/function/internal_message.html?_=1633223432057&CODE_STATE=getMsg HTTP/1.1" 200 27
58.39.139.200 - - [03/Oct/2021:09:10:34 +0800] "POST /xingrg/kc/buy/cgsh_order_operate.html HTTP/1.1" 200 37
172.20.0.100 - - [03/Oct/2021:09:10:37 +0800] "POST /xingrg/kc/base/check_list_operate.html HTTP/1.1" 200 4
172.20.0.100 - - [03/Oct/2021:09:10:38 +0800] "POST /xingrg/kc/base/check_list_operate.html HTTP/1.1" 200 6261
172.20.0.100 - - [03/Oct/2021:09:10:40 +0800] "GET /xingrg/kc/buy/cgsh_order_list.html HTTP/1.1" 200 49113
172.20.0.100 - - [03/Oct/2021:09:10:41 +0800] "POST /xingrg/kc/buy/cgsh_list_operate.html HTTP/1.1" 200 876
114.83.220.18 - - [03/Oct/2021:09:10:47 +0800] "POST /xingrg/kc/buy/cgsh_order_operate.html HTTP/1.1" 200 37
116.230.105.26 - - [03/Oct/2021:09:10:49 +0800] "GET /xingrg/all/function/internal_message.html?_=1633223440712&CODE_STATE=getMsg HTTP/1.1" 200 27
172.20.0.100 - - [03/Oct/2021:09:10:53 +0800] "GET /xingrg/check_reg.html?_=1633223450971 HTTP/1.1" 302 -
58.39.139.200 - - [03/Oct/2021:09:10:58 +0800] "GET /xingrg/all/function/internal_message.html?_=1633223458388&CODE_STATE=getMsg HTTP/1.1" 200 27
58.39.139.200 - - [03/Oct/2021:09:10:59 +0800] "POST /xingrg/kc/buy/cgsh_order_operate.html HTTP/1.1" 200 3250
180.169.147.146 - - [03/Oct/2021:09:11:00 +0800] "GET /xingrg/all/function/internal_message.html?_=1633223459762&CODE_STATE=getMsg HTTP/1.1" 200 27
116.237.74.154 - - [03/Oct/2021:09:11:01 +0800] "GET /xingrg/all/function/internal_message.html?_=1633223461145&CODE_STATE=getMsg HTTP/1.1" 200 27
172.20.0.100 - - [03/Oct/2021:09:11:04 +0800] "POST /xingrg/kc/buy/cgsh_list_operate.html HTTP/1.1" 200 1697
172.20.0.100 - - [03/Oct/2021:09:11:11 +0800] "POST /xingrg/kc/buy/cgsh_list_operate.html HTTP/1.1" 200 4
180.169.147.146 - - [03/Oct/2021:09:11:12 +0800] "GET /xingrg/check_reg.html?_=1633223472470 HTTP/1.1" 200 22
180.169.147.146 - - [03/Oct/2021:09:11:12 +0800] "GET /xingrg/all/function/internal_message.html?_=1633223472472&CODE_STATE=getMsg HTTP/1.1" 200 27
116.238.248.233 - - [03/Oct/2021:09:11:13 +0800] "GET /xingrg/all/function/internal_message.html?_=1633223472468&CODE_STATE=getMsg HTTP/1.1" 200 27
172.20.0.100 - - [03/Oct/2021:09:11:13 +0800] "POST /xingrg/kc/buy/cgsh_list_operate.html HTTP/1.1" 200 1675
222.70.246.151 - - [03/Oct/2021:09:11:15 +0800] "GET /xingrg/all/function/internal_message.html?_=1633223477043&CODE_STATE=getMsg HTTP/1.1" 200 27
172.20.0.100 - - [03/Oct/2021:09:11:16 +0800] "POST /xingrg/kc/buy/cgsh_list_operate.html HTTP/1.1" 200 566
172.20.0.100 - - [03/Oct/2021:09:11:16 +0800] "GET /xingrg/kc/buy/cgsh_order_info.html?code=212021091205018 HTTP/1.1" 200 64631
172.20.0.100 - - [03/Oct/2021:09:11:16 +0800] "GET /xingrg/all/common/auto_word.html?type=employee&rest_code=00109 HTTP/1.1" 200 255
172.20.0.100 - - [03/Oct/2021:09:11:16 +0800] "GET /xingrg/all/common/auto_word.html?type=employee&rest_code=00109 HTTP/1.1" 200 255
172.20.0.100 - - [03/Oct/2021:09:11:16 +0800] "GET /xingrg/javascript/easyui/themes/default/validatebox.css HTTP/1.1" 404 1104
172.20.0.100 - - [03/Oct/2021:09:11:17 +0800] "POST /xingrg/kc/buy/cgsh_order_operate.html HTTP/1.1" 200 44660
180.169.147.146 - - [03/Oct/2021:09:11:25 +0800] "GET /xingrg/all/function/internal_message.html?_=1633223531957&CODE_STATE=getMsg HTTP/1.1" 200 27
222.70.178.96 - - [03/Oct/2021:09:11:28 +0800] "GET /xingrg/check_reg.html?_=1633223487300 HTTP/1.1" 200 22
222.70.178.96 - - [03/Oct/2021:09:11:28 +0800] "GET /xingrg/all/function/internal_message.html?_=1633223487303&CODE_STATE=getMsg HTTP/1.1" 200 27
172.20.0.100 - - [03/Oct/2021:09:11:30 +0800] "POST /xingrg/kc/buy/cgsh_order_operate.html HTTP/1.1" 200 37
180.169.147.146 - - [03/Oct/2021:09:11:35 +0800] "GET /xingrg/javascript/jquery_easy_ui/themes/default/images/button_plain_hover.png HTTP/1.1" 200 252
172.20.0.100 - - [03/Oct/2021:09:11:36 +0800] "POST /xingrg/kc/buy/cgsh_order_operate.html HTTP/1.1" 200 836
172.20.0.100 - - [03/Oct/2021:09:11:38 +0800] "POST /xingrg/kc/buy/cgsh_order_operate.html HTTP/1.1" 200 12
114.83.220.18 - - [03/Oct/2021:09:11:39 +0800] "POST /xingrg/kc/buy/cgsh_order_operate.html HTTP/1.1" 200 12
172.20.0.100 - - [03/Oct/2021:09:11:39 +0800] "GET /xingrg/kc/buy/cgsh_order_info.html?code=212021091205018 HTTP/1.1" 200 59791
172.20.0.100 - - [03/Oct/2021:09:11:40 +0800] "GET /xingrg/javascript/easyui/themes/default/validatebox.css HTTP/1.1" 404 1104
172.20.0.100 - - [03/Oct/2021:09:11:40 +0800] "POST /xingrg/kc/buy/cgsh_order_operate.html HTTP/1.1" 200 42605
114.83.220.18 - - [03/Oct/2021:09:11:42 +0800] "GET /xingrg/kc/buy/cgsh_order_info.html?code=212021100301091 HTTP/1.1" 200 59576
114.83.220.18 - - [03/Oct/2021:09:11:42 +0800] "GET /xingrg/javascript/easyui/themes/default/validatebox.css HTTP/1.1" 404 1104
114.83.220.18 - - [03/Oct/2021:09:11:42 +0800] "POST /xingrg/kc/buy/cgsh_order_operate.html HTTP/1.1" 200 1789
116.238.248.233 - - [03/Oct/2021:09:11:44 +0800] "GET /xingrg/kc/buy/cgsh_order_add.html HTTP/1.1" 200 64540
172.20.0.100 - - [03/Oct/2021:09:11:44 +0800] "POST /xingrg/kc/buy/cgsh_list_operate.html HTTP/1.1" 200 1704
116.238.248.233 - - [03/Oct/2021:09:11:44 +0800] "POST /xingrg/kc/buy/cgsh_order_operate.html HTTP/1.1" 200 8245
116.238.248.233 - - [03/Oct/2021:09:11:44 +0800] "GET /xingrg/javascript/easyui/themes/default/validatebox.css HTTP/1.1" 404 1104
114.83.220.18 - - [03/Oct/2021:09:11:45 +0800] "GET /xingrg/kc/print/load_data.html?order_code=212021100301091&kc_code=cgsh&condition= HTTP/1.1" 200 1145
172.20.0.100 - - [03/Oct/2021:09:11:48 +0800] "GET /xingrg/kc/base/base_main.html HTTP/1.1" 200 12132
116.230.105.26 - - [03/Oct/2021:09:11:49 +0800] "GET /xingrg/check_reg.html?_=1633223500711 HTTP/1.1" 200 22
116.230.105.26 - - [03/Oct/2021:09:11:49 +0800] "GET /xingrg/all/function/internal_message.html?_=1633223500715&CODE_STATE=getMsg HTTP/1.1" 200 27
172.20.0.100 - - [03/Oct/2021:09:11:49 +0800] "GET /xingrg/kc/base/check_order_list.html HTTP/1.1" 200 16584
172.20.0.100 - - [03/Oct/2021:09:11:49 +0800] "POST /xingrg/kc/base/check_list_operate.html HTTP/1.1" 200 3480
172.20.0.100 - - [03/Oct/2021:09:11:50 +0800] "POST /xingrg/kc/buy/cgsh_list_operate.html HTTP/1.1" 200 1704
116.238.248.233 - - [03/Oct/2021:09:11:52 +0800] "GET /xingrg/kc/buy/cgsh_order_operate.html?command=get_materiel&rest_code=00150&code=00101002041&supplier_code=00100400&order_time=2021-10-03 HTTP/1.1" 200 409
58.39.139.200 - - [03/Oct/2021:09:11:58 +0800] "GET /xingrg/all/function/internal_message.html?_=1633223518396&CODE_STATE=getMsg HTTP/1.1" 200 27
180.169.147.146 - - [03/Oct/2021:09:12:00 +0800] "GET /xingrg/all/function/internal_message.html?_=1633223519748&CODE_STATE=getMsg HTTP/1.1" 200 27
116.237.74.154 - - [03/Oct/2021:09:12:01 +0800] "GET /xingrg/all/function/internal_message.html?_=1633223521144&CODE_STATE=getMsg HTTP/1.1" 200 27
222.70.246.151 - - [03/Oct/2021:09:12:02 +0800] "GET /xingrg/check_reg.html?_=1633223544106 HTTP/1.1" 302 -
114.83.220.18 - - [03/Oct/2021:09:12:04 +0800] "GET /xingrg/all/function/internal_message.html?_=1633223523679&CODE_STATE=getMsg HTTP/1.1" 200 27
114.83.220.18 - - [03/Oct/2021:09:12:04 +0800] "GET /xingrg/check_reg.html?_=1633223523747 HTTP/1.1" 200 22
116.238.248.233 - - [03/Oct/2021:09:12:04 +0800] "GET /xingrg/kc/buy/cgsh_order_operate.html?command=get_materiel&rest_code=00150&code=00101002022&supplier_code=00100400&order_time=2021-10-03 HTTP/1.1" 200 409
180.169.147.146 - - [03/Oct/2021:09:12:05 +0800] "POST /xingrg/all/report/report_print.html HTTP/1.1" 302 -
180.169.147.146 - - [03/Oct/2021:09:12:05 +0800] "GET /xingrg/servlets/html?sysBaseUrl=http%3A%2F%2F180.169.147.146%3A18081%2Fxingrg%2F&costTime=321×tamp=1633223525138 HTTP/1.1" 200 14700
180.169.147.146 - - [03/Oct/2021:09:12:05 +0800] "GET /xingrg/servlets/image?image=px HTTP/1.1" 200 807
180.169.147.146 - - [03/Oct/2021:09:12:05 +0800] "GET /favicon.ico HTTP/1.1" 404 -
180.169.147.146 - - [03/Oct/2021:09:12:07 +0800] "GET /xingrg/all/report/report_query.html?isQuery=1&fileName=kc/base/crk_detail_by_materiel.xml&queryString=&queryText=%25E3%2580%2590%25E4%25BB%2593%25E5%25BA%2593%25E5%2590%258D%25E7%25A7%25B0%253A%25E6%259C%2588%25E9%25A5%25BC%25E5%25BA%2593%25E3%2580%2591%25E3%2580%2590%25E4%25B8%259A%25E5%258A%25A1%25E7%25B1%25BB%25E5%259E%258B%25EF%25BC%259A%25E9%2597%25A8%25E5%25BA%2597%25E9%2580%2580%25E8%25B4%25A7%25E3%2580%2591%2520%253F%253F%253F%253F%253F2021-09-01%253F%253F2021-09-30&tableQueryString=crk_table%2524sp1%2524order_day%2520between%252020210901%2520and%252020210930%2520and%2520(base_code%253D'0010679')%2520and%2520(src_order_type%2520in%2520(32))%2520and%2520(is_rk%2520in%2520(0))%2520and%2520(m.sort_code%253D'00101032') HTTP/1.1" 200 53793
180.169.147.146 - - [03/Oct/2021:09:12:08 +0800] "GET /xingrg/dwr/interface/AjaxReportQueryService.js HTTP/1.1" 200 13203
180.169.147.146 - - [03/Oct/2021:09:12:08 +0800] "GET /xingrg/dwr/engine.js HTTP/1.1" 200 43631
180.169.147.146 - - [03/Oct/2021:09:12:08 +0800] "POST /xingrg/all/report/load_report_page.html HTTP/1.1" 200 16010
180.169.147.146 - - [03/Oct/2021:09:12:08 +0800] "GET /xingrg/servlets/image?cache=0.8800120855892898&image=px HTTP/1.1" 200 807
114.83.220.18 - - [03/Oct/2021:09:12:08 +0800] "GET /xingrg/javascript/jquery_easy_ui/themes/default/images/tabs_active.png HTTP/1.1" 200 2894
116.238.248.233 - - [03/Oct/2021:09:12:10 +0800] "GET /xingrg/kc/buy/cgsh_order_operate.html?command=get_materiel&rest_code=00150&code=00101005037&supplier_code=00100400&order_time=2021-10-03 HTTP/1.1" 200 409
180.169.147.146 - - [03/Oct/2021:09:12:12 +0800] "GET /xingrg/all/function/internal_message.html?_=1633223532478&CODE_STATE=getMsg HTTP/1.1" 200 27
116.238.248.233 - - [03/Oct/2021:09:12:13 +0800] "GET /xingrg/check_reg.html?_=1633223532476 HTTP/1.1" 200 22
116.238.248.233 - - [03/Oct/2021:09:12:13 +0800] "GET /xingrg/all/function/internal_message.html?_=1633223532477&CODE_STATE=getMsg HTTP/1.1" 200 27
222.70.246.151 - - [03/Oct/2021:09:12:16 +0800] "GET /xingrg/all/function/internal_message.html?_=1633223537175&CODE_STATE=getMsg HTTP/1.1" 200 27
172.20.0.100 - - [03/Oct/2021:09:12:16 +0800] "POST /xingrg/kc/base/check_list_operate.html HTTP/1.1" 200 4
180.169.147.146 - - [03/Oct/2021:09:12:25 +0800] "GET /xingrg/all/function/internal_message.html?_=1633223591967&CODE_STATE=getMsg HTTP/1.1" 200 27
116.238.248.233 - - [03/Oct/2021:09:12:26 +0800] "POST /xingrg/kc/buy/cgsh_order_operate.html HTTP/1.1" 200 37
222.70.178.96 - - [03/Oct/2021:09:12:28 +0800] "GET /xingrg/all/function/internal_message.html?_=1633223547303&CODE_STATE=getMsg HTTP/1.1" 200 27
116.238.248.233 - - [03/Oct/2021:09:12:30 +0800] "POST /xingrg/kc/buy/cgsh_order_operate.html HTTP/1.1" 200 12
116.238.248.233 - - [03/Oct/2021:09:12:31 +0800] "GET /xingrg/kc/buy/cgsh_order_info.html?code=212021100301092 HTTP/1.1" 200 59447
116.238.248.233 - - [03/Oct/2021:09:12:31 +0800] "GET /xingrg/javascript/easyui/themes/default/validatebox.css HTTP/1.1" 404 1104
116.238.248.233 - - [03/Oct/2021:09:12:32 +0800] "POST /xingrg/kc/buy/cgsh_order_operate.html HTTP/1.1" 200 1783
116.238.248.233 - - [03/Oct/2021:09:12:33 +0800] "GET /xingrg/kc/print/load_data.html?order_code=212021100301092&kc_code=cgsh&condition= HTTP/1.1" 200 1145
116.237.74.154 - - [03/Oct/2021:09:12:36 +0800] "POST /xingrg/services/DataTransmitService HTTP/1.1" 200 524
116.238.248.233 - - [03/Oct/2021:09:12:38 +0800] "GET /xingrg/kc/buy/cgsh_order_add.html HTTP/1.1" 200 64540
116.238.248.233 - - [03/Oct/2021:09:12:38 +0800] "POST /xingrg/kc/buy/cgsh_order_operate.html HTTP/1.1" 200 8245
116.238.248.233 - - [03/Oct/2021:09:12:38 +0800] "GET /xingrg/javascript/easyui/themes/default/validatebox.css HTTP/1.1" 404 1104
116.237.74.154 - - [03/Oct/2021:09:12:38 +0800] "POST /xingrg/services/DataTransmitService HTTP/1.1" 200 501
116.237.74.154 - - [03/Oct/2021:09:12:40 +0800] "POST /xingrg/services/DataTransmitService HTTP/1.1" 200 524
180.152.237.0 - - [03/Oct/2021:09:12:43 +0800] "GET /favicon.ico HTTP/1.1" 404 -
180.152.237.0 - - [03/Oct/2021:09:12:43 +0800] "GET /favicon.ico HTTP/1.1" 404 -
180.152.237.0 - - [03/Oct/2021:09:12:44 +0800] "GET /favicon.ico HTTP/1.1" 404 -
180.152.237.0 - - [03/Oct/2021:09:12:45 +0800] "GET /favicon.ico HTTP/1.1" 404 -
180.152.237.0 - - [03/Oct/2021:09:12:47 +0800] "GET /xingrg/login.html HTTP/1.1" 200 7641
180.152.237.0 - - [03/Oct/2021:09:12:49 +0800] "GET /xingrg/images/blue/jxLogo.png HTTP/1.1" 200 6156
116.230.105.26 - - [03/Oct/2021:09:12:49 +0800] "GET /xingrg/all/function/internal_message.html?_=1633223560707&CODE_STATE=getMsg HTTP/1.1" 200 27
180.152.237.0 - - [03/Oct/2021:09:12:49 +0800] "GET /xingrg/images/blue/hj.png HTTP/1.1" 200 1014
180.152.237.0 - - [03/Oct/2021:09:12:49 +0800] "GET /xingrg/images/blue/login_bg.png HTTP/1.1" 200 22101
180.152.237.0 - - [03/Oct/2021:09:12:49 +0800] "GET /xingrg/images/blue/srbg.png HTTP/1.1" 200 138
58.221.95.50 - - [03/Oct/2021:09:12:50 +0800] "GET /xingrg/check_reg.html?_=1633223572610 HTTP/1.1" 302 -
180.152.237.0 - - [03/Oct/2021:09:12:50 +0800] "GET /favicon.ico HTTP/1.1" 404 -
116.238.248.233 - - [03/Oct/2021:09:12:52 +0800] "GET /xingrg/kc/buy/cgsh_order_operate.html?command=get_materiel&rest_code=00150&code=00101001010&supplier_code=00100096&order_time=2021-10-03 HTTP/1.1" 200 411
172.20.0.100 - - [03/Oct/2021:09:12:53 +0800] "POST /xingrg/kc/base/check_list_operate.html HTTP/1.1" 200 781
180.152.237.0 - - [03/Oct/2021:09:12:55 +0800] "POST /xingrg/login.do HTTP/1.1" 302 -
180.152.237.0 - - [03/Oct/2021:09:12:55 +0800] "GET /xingrg/css/form.css HTTP/1.1" 200 893
180.152.237.0 - - [03/Oct/2021:09:12:55 +0800] "GET /xingrg/javascript/jquery_easy_ui/themes/icon.css HTTP/1.1" 200 3949
180.152.237.0 - - [03/Oct/2021:09:12:55 +0800] "GET /xingrg/index.html?sysBaseUrl=http%3A%2F%2F180.169.147.146%3A18081%2Fxingrg%2F&costTime=43×tamp=1633223575747 HTTP/1.1" 200 17173
180.152.237.0 - - [03/Oct/2021:09:12:55 +0800] "GET /xingrg/javascript/jquery_easy_ui/themes/default/easyui.css HTTP/1.1" 200 26500
180.152.237.0 - - [03/Oct/2021:09:12:56 +0800] "GET /xingrg/javascript/jquery-1.4.2.min.js HTTP/1.1" 200 72205
180.152.237.0 - - [03/Oct/2021:09:12:56 +0800] "GET /xingrg/javascript/jquery_easy_ui/jquery.easyui.min.js HTTP/1.1" 200 213662
180.152.237.0 - - [03/Oct/2021:09:12:56 +0800] "GET /xingrg/javascript/jquery_easy_ui/easyui-lang-zh_CN.js HTTP/1.1" 200 1900
180.152.237.0 - - [03/Oct/2021:09:12:56 +0800] "GET /xingrg/javascript/jquery.form.js HTTP/1.1" 200 23110
180.152.237.0 - - [03/Oct/2021:09:12:56 +0800] "GET /xingrg/javascript/jquery.timers.js HTTP/1.1" 200 3532
180.152.237.0 - - [03/Oct/2021:09:12:56 +0800] "GET /xingrg/javascript/jquery.utils.js HTTP/1.1" 200 11805
180.152.237.0 - - [03/Oct/2021:09:12:56 +0800] "GET /favicon.ico HTTP/1.1" 404 -
180.152.237.0 - - [03/Oct/2021:09:12:56 +0800] "GET /xingrg/javascript/jquery_easy_ui/themes/icons/settle_new.png HTTP/1.1" 200 826
180.152.237.0 - - [03/Oct/2021:09:12:56 +0800] "GET /xingrg/images/blue/navBackgound.jpg HTTP/1.1" 200 12378
180.152.237.0 - - [03/Oct/2021:09:12:56 +0800] "GET /xingrg/images/blue/pingpu.png HTTP/1.1" 200 231
180.152.237.0 - - [03/Oct/2021:09:12:56 +0800] "GET /xingrg/javascript/jquery_easy_ui/themes/default/images/tabs_leftarrow.png HTTP/1.1" 200 389
180.152.237.0 - - [03/Oct/2021:09:12:56 +0800] "GET /xingrg/javascript/jquery_easy_ui/themes/default/images/tabs_rightarrow.png HTTP/1.1" 200 395
180.152.237.0 - - [03/Oct/2021:09:12:56 +0800] "POST /xingrg/all/common/load_tree.html?tree=area_rest_tree_json&manage=1 HTTP/1.1" 200 342
180.152.237.0 - - [03/Oct/2021:09:12:57 +0800] "GET /xingrg/javascript/jquery_easy_ui/themes/default/images/panel_tool_collapse.gif HTTP/1.1" 200 246
180.152.237.0 - - [03/Oct/2021:09:12:57 +0800] "GET /xingrg/check_reg.html?_=1633223557407 HTTP/1.1" 200 22
180.152.237.0 - - [03/Oct/2021:09:12:57 +0800] "GET /xingrg/all/function/internal_message.html?_=1633223557406&CODE_STATE=count HTTP/1.1" 200 11
180.152.237.0 - - [03/Oct/2021:09:12:57 +0800] "POST /xingrg/load_menu.html HTTP/1.1" 200 5138
180.152.237.0 - - [03/Oct/2021:09:12:58 +0800] "GET /xingrg/javascript/jquery_easy_ui/themes/default/images/tree_arrows.gif HTTP/1.1" 200 1043
180.152.237.0 - - [03/Oct/2021:09:12:58 +0800] "GET /xingrg/javascript/jquery_easy_ui/themes/default/images/tree_folder_open.gif HTTP/1.1" 200 956
180.152.237.0 - - [03/Oct/2021:09:12:58 +0800] "GET /xingrg/javascript/jquery_easy_ui/themes/default/images/tree_folder.gif HTTP/1.1" 200 952
180.152.237.0 - - [03/Oct/2021:09:12:58 +0800] "GET /xingrg/javascript/jquery_easy_ui/themes/icons/search_new.png HTTP/1.1" 200 586
180.152.237.0 - - [03/Oct/2021:09:12:58 +0800] "GET /xingrg/javascript/jquery_easy_ui/themes/icons/storage_new.png HTTP/1.1" 200 853
180.152.237.0 - - [03/Oct/2021:09:12:58 +0800] "GET /xingrg/javascript/jquery_easy_ui/themes/icons/forms_new.png HTTP/1.1" 200 350
180.152.237.0 - - [03/Oct/2021:09:12:58 +0800] "GET /xingrg/javascript/jquery_easy_ui/themes/default/images/tree_file.gif HTTP/1.1" 200 118
58.39.139.200 - - [03/Oct/2021:09:12:58 +0800] "GET /xingrg/all/function/internal_message.html?_=1633223578371&CODE_STATE=getMsg HTTP/1.1" 200 27
180.169.147.146 - - [03/Oct/2021:09:13:00 +0800] "GET /xingrg/check_reg.html?_=1633223579743 HTTP/1.1" 200 22
180.169.147.146 - - [03/Oct/2021:09:13:00 +0800] "GET /xingrg/all/function/internal_message.html?_=1633223579745&CODE_STATE=getMsg HTTP/1.1" 200 27
180.152.237.0 - - [03/Oct/2021:09:13:01 +0800] "GET /xingrg/javascript/jquery_easy_ui/themes/default/images/tabs_close.gif HTTP/1.1" 200 829
180.152.237.0 - - [03/Oct/2021:09:13:01 +0800] "GET /xingrg/css/base.css HTTP/1.1" 200 2811
180.152.237.0 - - [03/Oct/2021:09:13:01 +0800] "GET /xingrg/css/site.css HTTP/1.1" 200 7541
116.237.74.154 - - [03/Oct/2021:09:13:01 +0800] "GET /xingrg/all/function/internal_message.html?_=1633223581144&CODE_STATE=getMsg HTTP/1.1" 200 27
180.152.237.0 - - [03/Oct/2021:09:13:01 +0800] "GET /xingrg/kc/buy/cgsh_order_list.html HTTP/1.1" 200 48878
180.152.237.0 - - [03/Oct/2021:09:13:01 +0800] "GET /xingrg/javascript/jquery_tools/datebox.css HTTP/1.1" 200 2597
180.152.237.0 - - [03/Oct/2021:09:13:01 +0800] "GET /xingrg/javascript/easyui/themes/icon.css HTTP/1.1" 200 4483
180.152.237.0 - - [03/Oct/2021:09:13:01 +0800] "GET /xingrg/javascript/auto/jquery.autocomplete.css HTTP/1.1" 200 587
180.152.237.0 - - [03/Oct/2021:09:13:01 +0800] "GET /xingrg/javascript/jquery_tools/fix.css HTTP/1.1" 200 1702
180.152.237.0 - - [03/Oct/2021:09:13:01 +0800] "GET /xingrg/javascript/jquery_tools/jquery.tools.min.js HTTP/1.1" 200 138801
180.152.237.0 - - [03/Oct/2021:09:13:01 +0800] "GET /xingrg/javascript/easyui/themes/default/easyui.css HTTP/1.1" 200 30432
180.152.237.0 - - [03/Oct/2021:09:13:01 +0800] "GET /xingrg/javascript/jquery_tools/jquery.tools.hotkey.js HTTP/1.1" 200 3242
180.152.237.0 - - [03/Oct/2021:09:13:01 +0800] "GET /xingrg/javascript/jquery_tools/list_manager.js HTTP/1.1" 200 3652
180.152.237.0 - - [03/Oct/2021:09:13:01 +0800] "GET /xingrg/javascript/jquery.cookie.js HTTP/1.1" 200 5513
180.152.237.0 - - [03/Oct/2021:09:13:01 +0800] "GET /xingrg/javascript/easyui/easyloader.js HTTP/1.1" 200 5975
180.152.237.0 - - [03/Oct/2021:09:13:01 +0800] "GET /xingrg/javascript/jquery_tools/table.css HTTP/1.1" 200 1032
180.152.237.0 - - [03/Oct/2021:09:13:01 +0800] "GET /xingrg/javascript/jquery_tools/jquery.tools.table.js HTTP/1.1" 200 6994
180.152.237.0 - - [03/Oct/2021:09:13:01 +0800] "GET /xingrg/javascript/auto/jquery.autocomplete.js HTTP/1.1" 200 21624
180.152.237.0 - - [03/Oct/2021:09:13:01 +0800] "GET /xingrg/javascript/print/LodopFuncs.js HTTP/1.1" 200 5121
180.152.237.0 - - [03/Oct/2021:09:13:01 +0800] "GET /xingrg/javascript/jquery_tools/jquery.tools.extend.js HTTP/1.1" 200 15385
180.169.147.146 - - [03/Oct/2021:09:13:02 +0800] "GET /xingrg/all/report/report_query.html?isQuery=1&fileName=kc/base/crk_detail_by_list.xml&queryString=&queryText=%25E3%2580%2590%25E4%25BB%2593%25E5%25BA%2593%25E5%2590%258D%25E7%25A7%25B0%253A%25E6%259C%2588%25E9%25A5%25BC%25E5%25BA%2593%25E3%2580%2591%25E3%2580%2590%25E4%25B8%259A%25E5%258A%25A1%25E7%25B1%25BB%25E5%259E%258B%25EF%25BC%259A%25E9%2597%25A8%25E5%25BA%2597%25E9%2580%2580%25E8%25B4%25A7%25E3%2580%2591%2520%253F%253F%253F%253F%253F2021-09-01%253F%253F2021-09-30&tableQueryString=crk_table%2524sp1%2524order_day%2520between%252020210901%2520and%252020210930%2520and%2520(base_code%253D'0010679')%2520and%2520(src_order_type%2520in%2520(32))%2520and%2520(is_rk%2520in%2520(0))%2520and%2520(m.sort_code%253D'00101032')%2520and%2520(a.materiel_code%253D'00101032021') HTTP/1.1" 200 51034
180.169.147.146 - - [03/Oct/2021:09:13:02 +0800] "GET /xingrg/dwr/interface/AjaxReportQueryService.js HTTP/1.1" 200 13203
180.169.147.146 - - [03/Oct/2021:09:13:02 +0800] "GET /xingrg/dwr/engine.js HTTP/1.1" 200 43631
180.169.147.146 - - [03/Oct/2021:09:13:03 +0800] "POST /xingrg/all/report/load_report_page.html HTTP/1.1" 200 16001
180.169.147.146 - - [03/Oct/2021:09:13:03 +0800] "GET /xingrg/servlets/image?cache=0.7176213757289204&image=px HTTP/1.1" 200 807
114.83.220.18 - - [03/Oct/2021:09:13:04 +0800] "GET /xingrg/all/function/internal_message.html?_=1633223583650&CODE_STATE=getMsg HTTP/1.1" 200 27
180.152.237.0 - - [03/Oct/2021:09:13:04 +0800] "GET /xingrg/javascript/easyui/themes/icons/edit_add_new.png HTTP/1.1" 200 2997
180.152.237.0 - - [03/Oct/2021:09:13:04 +0800] "GET /xingrg/javascript/easyui/themes/icons/cance_new.png HTTP/1.1" 200 3986
180.152.237.0 - - [03/Oct/2021:09:13:04 +0800] "GET /xingrg/javascript/easyui/themes/icons/check_new.png HTTP/1.1" 200 3224
180.152.237.0 - - [03/Oct/2021:09:13:04 +0800] "GET /xingrg/javascript/easyui/themes/icons/import_new.png HTTP/1.1" 200 1247
180.152.237.0 - - [03/Oct/2021:09:13:04 +0800] "GET /xingrg/javascript/easyui/themes/icons/field_new.png HTTP/1.1" 200 1097
180.152.237.0 - - [03/Oct/2021:09:13:04 +0800] "GET /xingrg/javascript/easyui/plugins/jquery.parser.js HTTP/1.1" 200 1142
180.152.237.0 - - [03/Oct/2021:09:13:04 +0800] "GET /xingrg/images/control/ajaxLoader.gif HTTP/1.1" 200 4659
180.152.237.0 - - [03/Oct/2021:09:13:04 +0800] "GET /xingrg/javascript/jquery_easy_ui/themes/icons/area.png HTTP/1.1" 200 262
180.152.237.0 - - [03/Oct/2021:09:13:04 +0800] "GET /xingrg/javascript/jquery_easy_ui/themes/icons/rest.png HTTP/1.1" 200 695
180.152.237.0 - - [03/Oct/2021:09:13:06 +0800] "POST /xingrg/kc/buy/cgsh_list_operate.html HTTP/1.1" 200 876
180.152.237.0 - - [03/Oct/2021:09:13:07 +0800] "GET /xingrg/javascript/easyui/themes/default/images/button_plain_hover.png HTTP/1.1" 200 144
180.152.237.0 - - [03/Oct/2021:09:13:07 +0800] "GET /xingrg/javascript/easyui/themes/default/images/button_plain_hover.png HTTP/1.1" 200 144
180.152.237.0 - - [03/Oct/2021:09:13:07 +0800] "GET /xingrg/javascript/pic_change.js HTTP/1.1" 200 4739
180.152.237.0 - - [03/Oct/2021:09:13:07 +0800] "GET /xingrg/javascript/convert.js HTTP/1.1" 200 1239
180.152.237.0 - - [03/Oct/2021:09:13:08 +0800] "GET /xingrg/javascript/json2.js HTTP/1.1" 200 11259
180.152.237.0 - - [03/Oct/2021:09:13:08 +0800] "GET /xingrg/javascript/print/kc_print.js HTTP/1.1" 200 11415
180.152.237.0 - - [03/Oct/2021:09:13:08 +0800] "GET /xingrg/javascript/jquery_tools/order_manager.js HTTP/1.1" 200 11183
180.152.237.0 - - [03/Oct/2021:09:13:08 +0800] "GET /xingrg/kc/buy/cgsh_order_add.html HTTP/1.1" 200 64575
180.152.237.0 - - [03/Oct/2021:09:13:08 +0800] "GET /xingrg/words/20211002120121_words.js HTTP/1.1" 200 854157
180.152.237.0 - - [03/Oct/2021:09:13:08 +0800] "GET /xingrg/javascript/easyui/themes/icons/copy_new.png HTTP/1.1" 200 815
180.152.237.0 - - [03/Oct/2021:09:13:08 +0800] "GET /xingrg/javascript/easyui/themes/icons/template_new.png HTTP/1.1" 200 3956
180.152.237.0 - - [03/Oct/2021:09:13:08 +0800] "GET /xingrg/javascript/easyui/themes/icons/ok.png HTTP/1.1" 200 883
180.152.237.0 - - [03/Oct/2021:09:13:08 +0800] "GET /xingrg/javascript/easyui/themes/icons/print.png HTTP/1.1" 200 1057
180.152.237.0 - - [03/Oct/2021:09:13:08 +0800] "GET /xingrg/javascript/easyui/themes/default/images/menu_downarrow.png HTTP/1.1" 200 173
180.152.237.0 - - [03/Oct/2021:09:13:08 +0800] "GET /xingrg/javascript/easyui/themes/icons/cancel.png HTTP/1.1" 200 1133
116.238.248.233 - - [03/Oct/2021:09:13:09 +0800] "GET /xingrg/kc/buy/cgsh_order_operate.html?command=get_materiel&rest_code=00150&code=00101001084&supplier_code=00100096&order_time=2021-10-03 HTTP/1.1" 200 415
180.152.237.0 - - [03/Oct/2021:09:13:09 +0800] "POST /xingrg/kc/buy/cgsh_order_operate.html HTTP/1.1" 200 8245
180.152.237.0 - - [03/Oct/2021:09:13:10 +0800] "GET /xingrg/all/common/auto_word.html?type=employee&rest_code=00102 HTTP/1.1" 200 189
180.152.237.0 - - [03/Oct/2021:09:13:10 +0800] "GET /xingrg/javascript/easyui/themes/icons/edit_remove.png HTTP/1.1" 200 625
180.152.237.0 - - [03/Oct/2021:09:13:10 +0800] "GET /xingrg/all/common/auto_word.html?type=employee&rest_code=00102 HTTP/1.1" 200 189
180.152.237.0 - - [03/Oct/2021:09:13:10 +0800] "GET /xingrg/javascript/easyui/themes/default/validatebox.css HTTP/1.1" 404 1104
180.152.237.0 - - [03/Oct/2021:09:13:10 +0800] "GET /xingrg/javascript/easyui/plugins/jquery.validatebox.js HTTP/1.1" 200 6103
180.152.237.0 - - [03/Oct/2021:09:13:10 +0800] "GET /xingrg/javascript/easyui/plugins/jquery.numberbox.js HTTP/1.1" 200 5213
180.152.237.0 - - [03/Oct/2021:09:13:10 +0800] "GET /xingrg/javascript/auto/indicator.gif HTTP/1.1" 404 1066
222.70.246.151 - - [03/Oct/2021:09:13:11 +0800] "GET /xingrg/check_reg.html?_=1633223592287 HTTP/1.1" 200 22
180.169.147.146 - - [03/Oct/2021:09:13:12 +0800] "GET /xingrg/all/function/internal_message.html?_=1633223592472&CODE_STATE=getMsg HTTP/1.1" 200 27
116.238.248.233 - - [03/Oct/2021:09:13:13 +0800] "GET /xingrg/all/function/internal_message.html?_=1633223592447&CODE_STATE=getMsg HTTP/1.1" 200 27
222.70.246.151 - - [03/Oct/2021:09:13:16 +0800] "GET /xingrg/all/function/internal_message.html?_=1633223597178&CODE_STATE=getMsg HTTP/1.1" 200 27
180.169.147.146 - - [03/Oct/2021:09:13:25 +0800] "GET /xingrg/all/function/internal_message.html?_=1633223651965&CODE_STATE=getMsg HTTP/1.1" 200 27
180.169.147.146 - - [03/Oct/2021:09:13:26 +0800] "GET /favicon.ico HTTP/1.1" 404 -
222.70.178.96 - - [03/Oct/2021:09:13:28 +0800] "GET /xingrg/all/function/internal_message.html?_=1633223607301&CODE_STATE=getMsg HTTP/1.1" 200 27
172.20.0.100 - - [03/Oct/2021:09:13:31 +0800] "GET /xingrg/all/function/internal_message.html?_=1633223612078&CODE_STATE=getMsg HTTP/1.1" 200 27
116.230.105.26 - - [03/Oct/2021:09:13:31 +0800] "GET /xingrg/kc/base/wldb_order_list.html HTTP/1.1" 200 19230
116.230.105.26 - - [03/Oct/2021:09:13:32 +0800] "POST /xingrg/kc/base/wldb_list_operate.html HTTP/1.1" 200 928
116.230.105.26 - - [03/Oct/2021:09:13:33 +0800] "GET /xingrg/kc/base/wldb_order_add.html HTTP/1.1" 200 30444
116.230.105.26 - - [03/Oct/2021:09:13:33 +0800] "POST /xingrg/kc/base/wldb_order_operate.html HTTP/1.1" 200 6806
116.230.105.26 - - [03/Oct/2021:09:13:33 +0800] "GET /xingrg/javascript/easyui/themes/default/validatebox.css HTTP/1.1" 404 1104
