58.37.227.186 - - [03/Oct/2021:09:46:31 +0800] "POST /xingrg/load_menu.html HTTP/1.1" 200 5138
58.40.7.146 - - [03/Oct/2021:09:46:32 +0800] "GET /xingrg/all/function/internal_message.html?_=1633225591926&CODE_STATE=getMsg HTTP/1.1" 200 27
58.37.227.186 - - [03/Oct/2021:09:46:33 +0800] "GET /xingrg/kc/buy/buy_main.html HTTP/1.1" 200 12412
58.37.227.186 - - [03/Oct/2021:09:46:33 +0800] "GET /xingrg/css/new_ie.css HTTP/1.1" 404 1036
58.37.227.186 - - [03/Oct/2021:09:46:33 +0800] "GET /xingrg/images/yd/bt.gif HTTP/1.1" 404 1040
58.37.227.186 - - [03/Oct/2021:09:46:34 +0800] "GET /xingrg/kc/buy/cgsh_order_list.html HTTP/1.1" 200 48884
58.37.227.186 - - [03/Oct/2021:09:46:36 +0800] "POST /xingrg/kc/buy/cgsh_list_operate.html HTTP/1.1" 200 1688
58.39.139.200 - - [03/Oct/2021:09:46:36 +0800] "GET /xingrg/kc/base/wldb_order_operate.html?command=get_materiel&rest_code=00105&base_code=0010515&code=00101019010 HTTP/1.1" 200 466
58.37.227.186 - - [03/Oct/2021:09:46:37 +0800] "POST /xingrg/kc/buy/cgsh_list_operate.html HTTP/1.1" 200 561
58.37.227.186 - - [03/Oct/2021:09:46:37 +0800] "GET /xingrg/kc/buy/cgsh_order_info.html?code=212021100301113 HTTP/1.1" 200 64631
58.37.227.186 - - [03/Oct/2021:09:46:37 +0800] "GET /xingrg/all/common/auto_word.html?type=employee&rest_code=00141 HTTP/1.1" 200 201
58.37.227.186 - - [03/Oct/2021:09:46:37 +0800] "GET /xingrg/all/common/auto_word.html?type=employee&rest_code=00141 HTTP/1.1" 200 201
58.37.227.186 - - [03/Oct/2021:09:46:37 +0800] "GET /xingrg/javascript/easyui/themes/default/validatebox.css HTTP/1.1" 404 1104
58.37.227.186 - - [03/Oct/2021:09:46:38 +0800] "POST /xingrg/kc/buy/cgsh_order_operate.html HTTP/1.1" 200 13868
116.230.105.26 - - [03/Oct/2021:09:46:40 +0800] "GET /xingrg/kc/buy/cgsh_order_operate.html?command=get_materiel&rest_code=00155&code=00101008261&supplier_code=00100005&order_time=2021-10-03 HTTP/1.1" 200 408
58.39.139.200 - - [03/Oct/2021:09:46:43 +0800] "POST /xingrg/kc/base/wldb_order_operate.html HTTP/1.1" 200 37
58.39.139.200 - - [03/Oct/2021:09:46:43 +0800] "POST /xingrg/kc/base/wldb_order_operate.html HTTP/1.1" 200 2693
58.37.227.186 - - [03/Oct/2021:09:46:45 +0800] "GET /xingrg/javascript/auto/indicator.gif HTTP/1.1" 404 1066
58.39.139.200 - - [03/Oct/2021:09:46:46 +0800] "GET /xingrg/kc/base/wldb_order_info.html?code=422021100300249 HTTP/1.1" 200 30445
58.39.139.200 - - [03/Oct/2021:09:46:46 +0800] "GET /xingrg/javascript/easyui/themes/default/validatebox.css HTTP/1.1" 404 1104
58.39.139.200 - - [03/Oct/2021:09:46:46 +0800] "POST /xingrg/kc/base/wldb_order_operate.html HTTP/1.1" 200 2693
116.230.105.26 - - [03/Oct/2021:09:46:47 +0800] "GET /xingrg/kc/buy/cgsh_order_operate.html?command=get_materiel&rest_code=00155&code=00101008149&supplier_code=00100005&order_time=2021-10-03 HTTP/1.1" 200 408
58.37.227.186 - - [03/Oct/2021:09:46:49 +0800] "GET /xingrg/kc/buy/cgsh_order_operate.html?command=get_materiel&rest_code=00141&code=00101008318&supplier_code=00100007&order_time=2021-10-03 HTTP/1.1" 200 408
116.230.105.26 - - [03/Oct/2021:09:46:49 +0800] "GET /xingrg/all/function/internal_message.html?_=1633225600699&CODE_STATE=getMsg HTTP/1.1" 200 27
116.230.105.26 - - [03/Oct/2021:09:46:49 +0800] "GET /xingrg/check_reg.html?_=1633225600701 HTTP/1.1" 200 22
124.79.246.142 - - [03/Oct/2021:09:46:50 +0800] "GET /xingrg/all/function/internal_message.html?_=1633225714175&CODE_STATE=getMsg HTTP/1.1" 200 27
116.230.105.26 - - [03/Oct/2021:09:46:52 +0800] "GET /xingrg/kc/buy/cgsh_order_operate.html?command=get_materiel&rest_code=00155&code=00101008358&supplier_code=00100005&order_time=2021-10-03 HTTP/1.1" 200 412
58.39.139.200 - - [03/Oct/2021:09:46:57 +0800] "GET /xingrg/kc/base/wldb_order_add.html HTTP/1.1" 200 30438
58.39.139.200 - - [03/Oct/2021:09:46:57 +0800] "GET /xingrg/javascript/easyui/themes/default/validatebox.css HTTP/1.1" 404 1104
58.39.139.200 - - [03/Oct/2021:09:46:57 +0800] "POST /xingrg/kc/base/wldb_order_operate.html HTTP/1.1" 200 6806
58.39.139.200 - - [03/Oct/2021:09:46:58 +0800] "GET /xingrg/all/function/internal_message.html?_=1633225618162&CODE_STATE=getMsg HTTP/1.1" 200 27
116.230.105.26 - - [03/Oct/2021:09:47:00 +0800] "GET /xingrg/kc/buy/cgsh_order_operate.html?command=get_materiel&rest_code=00155&code=00101008290&supplier_code=00100005&order_time=2021-10-03 HTTP/1.1" 200 416
116.237.74.154 - - [03/Oct/2021:09:47:01 +0800] "GET /xingrg/all/function/internal_message.html?_=1633225621222&CODE_STATE=getMsg HTTP/1.1" 200 27
222.70.246.151 - - [03/Oct/2021:09:47:02 +0800] "GET /xingrg/check_reg.html?_=1633225644156 HTTP/1.1" 302 -
114.83.220.18 - - [03/Oct/2021:09:47:03 +0800] "GET /xingrg/all/function/internal_message.html?_=1633225623129&CODE_STATE=getMsg HTTP/1.1" 200 27
114.83.220.18 - - [03/Oct/2021:09:47:04 +0800] "GET /xingrg/check_reg.html?_=1633225623865 HTTP/1.1" 200 22
116.230.105.26 - - [03/Oct/2021:09:47:06 +0800] "GET /xingrg/kc/buy/cgsh_order_operate.html?command=get_materiel&rest_code=00155&code=00101008141&supplier_code=00100005&order_time=2021-10-03 HTTP/1.1" 200 412
180.169.147.146 - - [03/Oct/2021:09:47:12 +0800] "GET /xingrg/all/function/internal_message.html?_=1633225632528&CODE_STATE=getMsg HTTP/1.1" 200 27
116.238.248.233 - - [03/Oct/2021:09:47:12 +0800] "GET /xingrg/all/function/internal_message.html?_=1633225631737&CODE_STATE=getMsg HTTP/1.1" 200 27
116.230.105.26 - - [03/Oct/2021:09:47:13 +0800] "GET /xingrg/kc/buy/cgsh_order_operate.html?command=get_materiel&rest_code=00155&code=00101008148&supplier_code=00100005&order_time=2021-10-03 HTTP/1.1" 200 416
58.39.139.200 - - [03/Oct/2021:09:47:15 +0800] "GET /xingrg/kc/base/wldb_order_operate.html?command=get_materiel&rest_code=00105&base_code=0010515&code=00101019427 HTTP/1.1" 200 445
58.37.227.186 - - [03/Oct/2021:09:47:17 +0800] "GET /xingrg/kc/buy/cgsh_order_operate.html?command=get_materiel&rest_code=00141&code=00101008352&supplier_code=00100007&order_time=2021-10-03 HTTP/1.1" 200 414
222.70.246.151 - - [03/Oct/2021:09:47:18 +0800] "GET /xingrg/all/function/internal_message.html?_=1633225639317&CODE_STATE=getMsg HTTP/1.1" 200 27
116.230.105.26 - - [03/Oct/2021:09:47:19 +0800] "GET /xingrg/kc/buy/cgsh_order_operate.html?command=get_materiel&rest_code=00155&code=00101008067&supplier_code=00100005&order_time=2021-10-03 HTTP/1.1" 200 418
180.169.147.146 - - [03/Oct/2021:09:47:22 +0800] "GET /xingrg/all/function/internal_message.html?_=1633225689314&CODE_STATE=getMsg HTTP/1.1" 200 27
58.39.139.200 - - [03/Oct/2021:09:47:23 +0800] "POST /xingrg/kc/base/wldb_order_operate.html HTTP/1.1" 200 37
58.39.139.200 - - [03/Oct/2021:09:47:23 +0800] "POST /xingrg/kc/base/wldb_order_operate.html HTTP/1.1" 200 2193
116.230.105.26 - - [03/Oct/2021:09:47:27 +0800] "GET /xingrg/kc/buy/cgsh_order_operate.html?command=get_materiel&rest_code=00155&code=00101008256&supplier_code=00100005&order_time=2021-10-03 HTTP/1.1" 200 413
222.70.178.96 - - [03/Oct/2021:09:47:29 +0800] "GET /xingrg/all/function/internal_message.html?_=1633225647369&CODE_STATE=getMsg HTTP/1.1" 200 27
180.152.237.0 - - [03/Oct/2021:09:47:29 +0800] "GET /xingrg/all/function/internal_message.html?_=1633225629432&CODE_STATE=getMsg HTTP/1.1" 200 27
172.20.0.100 - - [03/Oct/2021:09:47:31 +0800] "GET /xingrg/all/function/internal_message.html?_=1633225651475&CODE_STATE=getMsg HTTP/1.1" 200 27
116.238.248.233 - - [03/Oct/2021:09:47:31 +0800] "POST /xingrg/kc/buy/cgsh_order_operate.html HTTP/1.1" 200 37
58.37.227.186 - - [03/Oct/2021:09:47:31 +0800] "GET /xingrg/kc/buy/cgsh_order_operate.html?command=get_materiel&rest_code=00141&code=00101008098&supplier_code=00100007&order_time=2021-10-03 HTTP/1.1" 200 412
58.37.227.186 - - [03/Oct/2021:09:47:31 +0800] "GET /xingrg/all/function/internal_message.html?_=1633225509702&CODE_STATE=getMsg HTTP/1.1" 200 27
58.39.139.200 - - [03/Oct/2021:09:47:31 +0800] "GET /xingrg/kc/base/wldb_order_info.html?code=422021100300250 HTTP/1.1" 200 30446
58.40.7.146 - - [03/Oct/2021:09:47:32 +0800] "GET /xingrg/all/function/internal_message.html?_=1633225651931&CODE_STATE=getMsg HTTP/1.1" 200 27
58.40.7.146 - - [03/Oct/2021:09:47:32 +0800] "GET /xingrg/check_reg.html?_=1633225651934 HTTP/1.1" 200 22
58.39.139.200 - - [03/Oct/2021:09:47:32 +0800] "GET /xingrg/javascript/easyui/themes/default/validatebox.css HTTP/1.1" 404 1104
58.39.139.200 - - [03/Oct/2021:09:47:32 +0800] "POST /xingrg/kc/base/wldb_order_operate.html HTTP/1.1" 200 2193
116.238.248.233 - - [03/Oct/2021:09:47:34 +0800] "POST /xingrg/kc/buy/cgsh_order_operate.html HTTP/1.1" 200 12
116.238.248.233 - - [03/Oct/2021:09:47:35 +0800] "GET /xingrg/kc/buy/cgsh_order_info.html?code=212021100301102 HTTP/1.1" 200 59449
58.39.139.200 - - [03/Oct/2021:09:47:35 +0800] "GET /xingrg/kc/base/wldb_order_add.html HTTP/1.1" 200 30438
58.39.139.200 - - [03/Oct/2021:09:47:36 +0800] "GET /xingrg/javascript/easyui/themes/default/validatebox.css HTTP/1.1" 404 1104
58.39.139.200 - - [03/Oct/2021:09:47:36 +0800] "POST /xingrg/kc/base/wldb_order_operate.html HTTP/1.1" 200 6806
116.238.248.233 - - [03/Oct/2021:09:47:36 +0800] "GET /xingrg/javascript/easyui/themes/default/validatebox.css HTTP/1.1" 404 1104
116.238.248.233 - - [03/Oct/2021:09:47:36 +0800] "POST /xingrg/kc/buy/cgsh_order_operate.html HTTP/1.1" 200 46165
116.230.105.26 - - [03/Oct/2021:09:47:36 +0800] "GET /xingrg/kc/buy/cgsh_order_operate.html?command=get_materiel&rest_code=00155&code=00101008017&supplier_code=00100005&order_time=2021-10-03 HTTP/1.1" 200 416
58.37.227.186 - - [03/Oct/2021:09:47:37 +0800] "GET /xingrg/kc/buy/cgsh_order_operate.html?command=get_materiel&rest_code=00141&code=00101008005&supplier_code=00100007&order_time=2021-10-03 HTTP/1.1" 200 414
116.238.248.233 - - [03/Oct/2021:09:47:38 +0800] "GET /xingrg/kc/print/load_data.html?order_code=212021100301102&kc_code=cgsh&condition= HTTP/1.1" 200 17988
58.37.227.186 - - [03/Oct/2021:09:47:42 +0800] "POST /xingrg/kc/buy/cgsh_order_operate.html HTTP/1.1" 200 2065
116.230.105.26 - - [03/Oct/2021:09:47:45 +0800] "GET /xingrg/kc/buy/cgsh_order_operate.html?command=get_materiel&rest_code=00155&code=00101008331&supplier_code=00100005&order_time=2021-10-03 HTTP/1.1" 200 416
116.238.248.233 - - [03/Oct/2021:09:47:47 +0800] "GET /xingrg/kc/buy/cgsh_order_add.html HTTP/1.1" 200 64540
58.37.227.186 - - [03/Oct/2021:09:47:47 +0800] "GET /xingrg/kc/buy/cgsh_order_operate.html?command=get_materiel&rest_code=00141&code=00101008353&supplier_code=00100007&order_time=2021-10-03 HTTP/1.1" 200 408
116.238.248.233 - - [03/Oct/2021:09:47:47 +0800] "GET /xingrg/javascript/easyui/themes/default/validatebox.css HTTP/1.1" 404 1104
116.238.248.233 - - [03/Oct/2021:09:47:47 +0800] "POST /xingrg/kc/buy/cgsh_order_operate.html HTTP/1.1" 200 8245
116.230.105.26 - - [03/Oct/2021:09:47:49 +0800] "GET /xingrg/all/function/internal_message.html?_=1633225660709&CODE_STATE=getMsg HTTP/1.1" 200 27
116.238.248.233 - - [03/Oct/2021:09:47:50 +0800] "POST /xingrg/kc/buy/cgsh_list_operate.html HTTP/1.1" 200 1691
124.79.246.142 - - [03/Oct/2021:09:47:50 +0800] "GET /xingrg/all/function/internal_message.html?_=1633225774174&CODE_STATE=getMsg HTTP/1.1" 200 27
116.230.105.26 - - [03/Oct/2021:09:47:50 +0800] "GET /xingrg/kc/buy/cgsh_order_operate.html?command=get_materiel&rest_code=00155&code=00101008049&supplier_code=00100005&order_time=2021-10-03 HTTP/1.1" 200 408
58.221.95.50 - - [03/Oct/2021:09:47:50 +0800] "GET /xingrg/check_reg.html?_=1633225672638 HTTP/1.1" 302 -
116.238.248.233 - - [03/Oct/2021:09:47:51 +0800] "POST /xingrg/kc/buy/cgsh_list_operate.html HTTP/1.1" 200 582
116.238.248.233 - - [03/Oct/2021:09:47:53 +0800] "GET /xingrg/kc/buy/cgsh_order_info.html?code=212021100301097 HTTP/1.1" 200 64549
58.37.227.186 - - [03/Oct/2021:09:47:53 +0800] "GET /xingrg/kc/buy/cgsh_order_operate.html?command=get_materiel&rest_code=00141&code=00101008213&supplier_code=00100007&order_time=2021-10-03 HTTP/1.1" 200 412
116.238.248.233 - - [03/Oct/2021:09:47:53 +0800] "GET /xingrg/javascript/easyui/themes/default/validatebox.css HTTP/1.1" 404 1104
116.238.248.233 - - [03/Oct/2021:09:47:54 +0800] "POST /xingrg/kc/buy/cgsh_order_operate.html HTTP/1.1" 200 8609
180.152.237.0 - - [03/Oct/2021:09:47:57 +0800] "GET /xingrg/check_reg.html?_=1633225657596 HTTP/1.1" 200 22
116.230.105.26 - - [03/Oct/2021:09:47:57 +0800] "GET /xingrg/kc/buy/cgsh_order_operate.html?command=get_materiel&rest_code=00155&code=00101008185&supplier_code=00100005&order_time=2021-10-03 HTTP/1.1" 200 408
58.39.139.200 - - [03/Oct/2021:09:47:58 +0800] "GET /xingrg/all/function/internal_message.html?_=1633225678134&CODE_STATE=getMsg HTTP/1.1" 200 27
58.39.139.200 - - [03/Oct/2021:09:47:59 +0800] "GET /xingrg/kc/base/wldb_order_operate.html?command=get_materiel&rest_code=00105&base_code=0010515&code=00101013197 HTTP/1.1" 200 450
58.37.227.186 - - [03/Oct/2021:09:48:00 +0800] "GET /xingrg/kc/buy/cgsh_order_operate.html?command=get_materiel&rest_code=00141&code=00101008312&supplier_code=00100007&order_time=2021-10-03 HTTP/1.1" 200 414
116.237.74.154 - - [03/Oct/2021:09:48:01 +0800] "GET /xingrg/all/function/internal_message.html?_=1633225681219&CODE_STATE=getMsg HTTP/1.1" 200 27
116.230.105.26 - - [03/Oct/2021:09:48:03 +0800] "GET /xingrg/kc/buy/cgsh_order_operate.html?command=get_materiel&rest_code=00155&code=00101008559&supplier_code=00100005&order_time=2021-10-03 HTTP/1.1" 200 399
114.83.220.18 - - [03/Oct/2021:09:48:03 +0800] "GET /xingrg/all/function/internal_message.html?_=1633225683116&CODE_STATE=getMsg HTTP/1.1" 200 27
58.39.139.200 - - [03/Oct/2021:09:48:09 +0800] "GET /xingrg/kc/base/wldb_order_operate.html?command=get_materiel&rest_code=00105&base_code=0010515&code=00101013090 HTTP/1.1" 200 431
222.70.246.151 - - [03/Oct/2021:09:48:11 +0800] "GET /xingrg/check_reg.html?_=1633225692318 HTTP/1.1" 200 22
58.37.227.186 - - [03/Oct/2021:09:48:11 +0800] "GET /xingrg/kc/buy/cgsh_order_operate.html?command=get_materiel&rest_code=00141&code=00101008004&supplier_code=00100007&order_time=2021-10-03 HTTP/1.1" 200 416
116.230.105.26 - - [03/Oct/2021:09:48:11 +0800] "GET /xingrg/kc/buy/cgsh_order_operate.html?command=get_materiel&rest_code=00155&code=00101008015&supplier_code=00100005&order_time=2021-10-03 HTTP/1.1" 200 414
180.169.147.146 - - [03/Oct/2021:09:48:12 +0800] "GET /xingrg/all/function/internal_message.html?_=1633225692515&CODE_STATE=getMsg HTTP/1.1" 200 27
116.238.248.233 - - [03/Oct/2021:09:48:12 +0800] "POST /xingrg/kc/buy/cgsh_order_operate.html HTTP/1.1" 200 37
116.238.248.233 - - [03/Oct/2021:09:48:12 +0800] "GET /xingrg/all/function/internal_message.html?_=1633225691716&CODE_STATE=getMsg HTTP/1.1" 200 27
116.238.248.233 - - [03/Oct/2021:09:48:16 +0800] "POST /xingrg/kc/buy/cgsh_order_operate.html HTTP/1.1" 200 12
116.238.248.233 - - [03/Oct/2021:09:48:17 +0800] "GET /xingrg/kc/buy/cgsh_order_info.html?code=212021100301097 HTTP/1.1" 200 59449
116.238.248.233 - - [03/Oct/2021:09:48:17 +0800] "GET /xingrg/javascript/easyui/themes/default/validatebox.css HTTP/1.1" 404 1104
58.37.227.186 - - [03/Oct/2021:09:48:17 +0800] "GET /xingrg/kc/buy/cgsh_order_operate.html?command=get_materiel&rest_code=00141&code=00101008306&supplier_code=00100007&order_time=2021-10-03 HTTP/1.1" 200 412
222.70.246.151 - - [03/Oct/2021:09:48:18 +0800] "GET /xingrg/all/function/internal_message.html?_=1633225699323&CODE_STATE=getMsg HTTP/1.1" 200 27
116.238.248.233 - - [03/Oct/2021:09:48:18 +0800] "POST /xingrg/kc/buy/cgsh_order_operate.html HTTP/1.1" 200 6534
116.238.248.233 - - [03/Oct/2021:09:48:19 +0800] "GET /xingrg/kc/print/load_data.html?order_code=212021100301097&kc_code=cgsh&condition= HTTP/1.1" 200 2973
58.37.227.186 - - [03/Oct/2021:09:48:20 +0800] "POST /xingrg/kc/buy/cgsh_order_operate.html HTTP/1.1" 200 2065
114.83.220.18 - - [03/Oct/2021:09:48:21 +0800] "GET /xingrg/kc/buy/cgsh_order_add.html HTTP/1.1" 200 64669
114.83.220.18 - - [03/Oct/2021:09:48:21 +0800] "POST /xingrg/kc/buy/cgsh_order_operate.html HTTP/1.1" 200 8245
114.83.220.18 - - [03/Oct/2021:09:48:21 +0800] "GET /xingrg/javascript/easyui/themes/default/validatebox.css HTTP/1.1" 404 1104
58.39.139.200 - - [03/Oct/2021:09:48:21 +0800] "GET /xingrg/kc/base/wldb_order_operate.html?command=get_materiel&rest_code=00105&base_code=0010515&code=00101008130 HTTP/1.1" 200 432
180.169.147.146 - - [03/Oct/2021:09:48:22 +0800] "GET /xingrg/check_reg.html?_=1633225749259 HTTP/1.1" 200 22
180.169.147.146 - - [03/Oct/2021:09:48:22 +0800] "GET /xingrg/all/function/internal_message.html?_=1633225749299&CODE_STATE=getMsg HTTP/1.1" 200 27
116.238.248.233 - - [03/Oct/2021:09:48:25 +0800] "GET /xingrg/kc/base/yddb_order_list.html HTTP/1.1" 200 16836
116.238.248.233 - - [03/Oct/2021:09:48:26 +0800] "POST /xingrg/kc/base/yddb_list_operate.html HTTP/1.1" 200 636
58.37.227.186 - - [03/Oct/2021:09:48:27 +0800] "GET /xingrg/kc/buy/cgsh_order_operate.html?command=get_materiel&rest_code=00141&code=00101013179&supplier_code=00100007&order_time=2021-10-03 HTTP/1.1" 200 412
222.70.178.96 - - [03/Oct/2021:09:48:29 +0800] "GET /xingrg/all/function/internal_message.html?_=1633225707352&CODE_STATE=getMsg HTTP/1.1" 200 27
116.238.248.233 - - [03/Oct/2021:09:48:29 +0800] "POST /xingrg/kc/base/yddb_list_operate.html HTTP/1.1" 200 636
180.152.237.0 - - [03/Oct/2021:09:48:29 +0800] "GET /xingrg/all/function/internal_message.html?_=1633225689436&CODE_STATE=getMsg HTTP/1.1" 200 27
116.230.105.26 - - [03/Oct/2021:09:48:29 +0800] "GET /xingrg/kc/buy/cgsh_order_operate.html?command=get_materiel&rest_code=00155&code=00101008096&supplier_code=00100005&order_time=2021-10-03 HTTP/1.1" 200 412
58.39.139.200 - - [03/Oct/2021:09:48:30 +0800] "GET /xingrg/kc/base/wldb_order_operate.html?command=get_materiel&rest_code=00105&base_code=0010515&code=00101013082 HTTP/1.1" 200 432
172.20.0.100 - - [03/Oct/2021:09:48:31 +0800] "GET /xingrg/all/function/internal_message.html?_=1633225711463&CODE_STATE=getMsg HTTP/1.1" 200 27
58.37.227.186 - - [03/Oct/2021:09:48:31 +0800] "GET /xingrg/all/function/internal_message.html?_=1633225569737&CODE_STATE=getMsg HTTP/1.1" 200 27
58.40.7.146 - - [03/Oct/2021:09:48:32 +0800] "GET /xingrg/all/function/internal_message.html?_=1633225711919&CODE_STATE=getMsg HTTP/1.1" 200 27
116.238.248.233 - - [03/Oct/2021:09:48:32 +0800] "POST /xingrg/all/user/operate.html HTTP/1.1" 200 36
116.238.248.233 - - [03/Oct/2021:09:48:33 +0800] "GET /xingrg/index.html?sysBaseUrl=http%3A%2F%2F180.169.147.146%3A18081%2Fxingrg%2F&costTime=41×tamp=1633174681646 HTTP/1.1" 200 17177
116.238.248.233 - - [03/Oct/2021:09:48:33 +0800] "GET /xingrg/javascript/jquery_easy_ui/themes/default/easyui.css HTTP/1.1" 304 -
116.238.248.233 - - [03/Oct/2021:09:48:33 +0800] "GET /xingrg/javascript/jquery_easy_ui/themes/icon.css HTTP/1.1" 304 -
116.238.248.233 - - [03/Oct/2021:09:48:33 +0800] "GET /xingrg/css/form.css HTTP/1.1" 304 -
116.238.248.233 - - [03/Oct/2021:09:48:33 +0800] "GET /xingrg/javascript/jquery-1.4.2.min.js HTTP/1.1" 304 -
116.238.248.233 - - [03/Oct/2021:09:48:33 +0800] "GET /xingrg/javascript/jquery_easy_ui/jquery.easyui.min.js HTTP/1.1" 304 -
116.238.248.233 - - [03/Oct/2021:09:48:33 +0800] "GET /xingrg/javascript/jquery_easy_ui/easyui-lang-zh_CN.js HTTP/1.1" 304 -
116.238.248.233 - - [03/Oct/2021:09:48:33 +0800] "GET /xingrg/javascript/jquery.form.js HTTP/1.1" 304 -
116.238.248.233 - - [03/Oct/2021:09:48:33 +0800] "GET /xingrg/javascript/jquery.utils.js HTTP/1.1" 304 -
116.238.248.233 - - [03/Oct/2021:09:48:33 +0800] "GET /xingrg/javascript/jquery.timers.js HTTP/1.1" 304 -
116.238.248.233 - - [03/Oct/2021:09:48:33 +0800] "GET /xingrg/images/blue/jxLogo.png HTTP/1.1" 304 -
116.238.248.233 - - [03/Oct/2021:09:48:33 +0800] "GET /xingrg/images/blue/navBackgound.jpg HTTP/1.1" 304 -
116.238.248.233 - - [03/Oct/2021:09:48:33 +0800] "GET /xingrg/javascript/jquery_easy_ui/themes/icons/settle_new.png HTTP/1.1" 304 -
116.238.248.233 - - [03/Oct/2021:09:48:33 +0800] "POST /xingrg/all/common/load_tree.html?tree=area_rest_tree_json&manage=1 HTTP/1.1" 200 476
116.238.248.233 - - [03/Oct/2021:09:48:33 +0800] "GET /xingrg/all/function/internal_message.html?_=1633225712267&CODE_STATE=count HTTP/1.1" 200 11
116.238.248.233 - - [03/Oct/2021:09:48:33 +0800] "GET /xingrg/check_reg.html?_=1633225712269 HTTP/1.1" 200 22
116.238.248.233 - - [03/Oct/2021:09:48:33 +0800] "GET /xingrg/images/blue/pingpu.png HTTP/1.1" 304 -
116.238.248.233 - - [03/Oct/2021:09:48:33 +0800] "GET /xingrg/javascript/jquery_easy_ui/themes/default/images/tabs_rightarrow.png HTTP/1.1" 304 -
116.238.248.233 - - [03/Oct/2021:09:48:33 +0800] "GET /xingrg/javascript/jquery_easy_ui/themes/default/images/panel_tool_collapse.gif HTTP/1.1" 304 -
116.238.248.233 - - [03/Oct/2021:09:48:33 +0800] "GET /xingrg/javascript/jquery_easy_ui/themes/default/images/tabs_leftarrow.png HTTP/1.1" 304 -
116.238.248.233 - - [03/Oct/2021:09:48:33 +0800] "POST /xingrg/load_menu.html HTTP/1.1" 200 5138
116.238.248.233 - - [03/Oct/2021:09:48:35 +0800] "GET /xingrg/kc/buy/cgsh_order_list.html HTTP/1.1" 200 48882
58.37.227.186 - - [03/Oct/2021:09:48:35 +0800] "GET /xingrg/kc/buy/cgsh_order_operate.html?command=get_materiel&rest_code=00141&code=00101008036&supplier_code=00100007&order_time=2021-10-03 HTTP/1.1" 200 408
114.83.220.18 - - [03/Oct/2021:09:48:35 +0800] "GET /xingrg/kc/buy/cgsh_order_operate.html?command=get_materiel&rest_code=00149&code=00101004011&supplier_code=00100083&order_time=2021-10-03 HTTP/1.1" 200 417
116.238.248.233 - - [03/Oct/2021:09:48:35 +0800] "POST /xingrg/kc/buy/cgsh_list_operate.html HTTP/1.1" 200 876
116.230.105.26 - - [03/Oct/2021:09:48:36 +0800] "GET /xingrg/kc/buy/cgsh_order_operate.html?command=get_materiel&rest_code=00155&code=00101008101&supplier_code=00100005&order_time=2021-10-03 HTTP/1.1" 200 412
116.238.248.233 - - [03/Oct/2021:09:48:36 +0800] "GET /xingrg/kc/buy/cgsh_order_add.html HTTP/1.1" 200 64258
116.238.248.233 - - [03/Oct/2021:09:48:36 +0800] "POST /xingrg/kc/buy/cgsh_order_operate.html HTTP/1.1" 200 8245
116.238.248.233 - - [03/Oct/2021:09:48:37 +0800] "GET /xingrg/javascript/easyui/themes/default/validatebox.css HTTP/1.1" 404 1104
116.238.248.233 - - [03/Oct/2021:09:48:37 +0800] "GET /xingrg/javascript/auto/indicator.gif HTTP/1.1" 404 1066
58.39.139.200 - - [03/Oct/2021:09:48:41 +0800] "POST /xingrg/kc/base/wldb_order_operate.html HTTP/1.1" 200 37
58.40.7.146 - - [03/Oct/2021:09:48:41 +0800] "GET /xingrg/javascript/jquery_easy_ui/themes/default/images/tabs_active.png HTTP/1.1" 200 2894
58.39.139.200 - - [03/Oct/2021:09:48:41 +0800] "POST /xingrg/kc/base/wldb_order_operate.html HTTP/1.1" 200 3598
116.230.105.26 - - [03/Oct/2021:09:48:43 +0800] "GET /xingrg/kc/buy/cgsh_order_operate.html?command=get_materiel&rest_code=00155&code=00101008003&supplier_code=00100005&order_time=2021-10-03 HTTP/1.1" 200 408
116.238.248.233 - - [03/Oct/2021:09:48:43 +0800] "GET /xingrg/kc/buy/cgsh_order_operate.html?command=get_materiel&rest_code=00151&code=00101011005&supplier_code=00100047&order_time=2021-10-03 HTTP/1.1" 200 408
58.39.139.200 - - [03/Oct/2021:09:48:44 +0800] "GET /xingrg/kc/base/wldb_order_info.html?code=422021100300251 HTTP/1.1" 200 30446
58.39.139.200 - - [03/Oct/2021:09:48:44 +0800] "GET /xingrg/javascript/easyui/themes/default/validatebox.css HTTP/1.1" 404 1104
58.37.227.186 - - [03/Oct/2021:09:48:44 +0800] "GET /xingrg/kc/buy/cgsh_order_operate.html?command=get_materiel&rest_code=00141&code=00101008350&supplier_code=00100007&order_time=2021-10-03 HTTP/1.1" 200 408
58.39.139.200 - - [03/Oct/2021:09:48:44 +0800] "POST /xingrg/kc/base/wldb_order_operate.html HTTP/1.1" 200 3598
114.83.220.18 - - [03/Oct/2021:09:48:48 +0800] "GET /xingrg/kc/buy/cgsh_order_operate.html?command=get_materiel&rest_code=00149&code=00101004065&supplier_code=00100083&order_time=2021-10-03 HTTP/1.1" 200 413
116.230.105.26 - - [03/Oct/2021:09:48:49 +0800] "GET /xingrg/kc/buy/cgsh_order_operate.html?command=get_materiel&rest_code=00155&code=00101008361&supplier_code=00100005&order_time=2021-10-03 HTTP/1.1" 200 408
116.230.105.26 - - [03/Oct/2021:09:48:49 +0800] "GET /xingrg/all/function/internal_message.html?_=1633225720706&CODE_STATE=getMsg HTTP/1.1" 200 27
124.79.246.142 - - [03/Oct/2021:09:48:50 +0800] "GET /xingrg/all/function/internal_message.html?_=1633225834177&CODE_STATE=getMsg HTTP/1.1" 200 27
116.238.248.233 - - [03/Oct/2021:09:48:52 +0800] "GET /xingrg/kc/buy/cgsh_order_operate.html?command=get_materiel&rest_code=00151&code=00101011001&supplier_code=00100047&order_time=2021-10-03 HTTP/1.1" 200 423
58.37.227.186 - - [03/Oct/2021:09:48:53 +0800] "GET /xingrg/kc/buy/cgsh_order_operate.html?command=get_materiel&rest_code=00141&code=00101008176&supplier_code=00100007&order_time=2021-10-03 HTTP/1.1" 200 412
116.230.105.26 - - [03/Oct/2021:09:48:55 +0800] "GET /xingrg/kc/buy/cgsh_order_operate.html?command=get_materiel&rest_code=00155&code=00101008144&supplier_code=00100005&order_time=2021-10-03 HTTP/1.1" 200 412
58.39.139.200 - - [03/Oct/2021:09:48:56 +0800] "GET /xingrg/kc/mdqp/pssh_order_list.html HTTP/1.1" 200 17907
58.39.139.200 - - [03/Oct/2021:09:48:56 +0800] "POST /xingrg/kc/mdqp/pssh_list_operate.html HTTP/1.1" 200 5357
116.230.105.26 - - [03/Oct/2021:09:48:57 +0800] "POST /xingrg/kc/buy/cgsh_order_operate.html HTTP/1.1" 200 2065
116.238.248.233 - - [03/Oct/2021:09:48:57 +0800] "POST /xingrg/kc/buy/cgsh_order_operate.html HTTP/1.1" 200 37
58.39.139.200 - - [03/Oct/2021:09:48:58 +0800] "GET /xingrg/all/function/internal_message.html?_=1633225738103&CODE_STATE=getMsg HTTP/1.1" 200 27
58.39.139.200 - - [03/Oct/2021:09:48:58 +0800] "GET /xingrg/check_reg.html?_=1633225738418 HTTP/1.1" 200 22
114.83.220.18 - - [03/Oct/2021:09:48:59 +0800] "GET /xingrg/kc/buy/cgsh_order_operate.html?command=get_materiel&rest_code=00149&code=00101004048&supplier_code=00100083&order_time=2021-10-03 HTTP/1.1" 200 417
58.37.227.186 - - [03/Oct/2021:09:49:00 +0800] "GET /xingrg/kc/buy/cgsh_order_operate.html?command=get_materiel&rest_code=00141&code=00101008219&supplier_code=00100007&order_time=2021-10-03 HTTP/1.1" 200 412
116.230.105.26 - - [03/Oct/2021:09:49:00 +0800] "GET /xingrg/kc/buy/cgsh_order_operate.html?command=get_materiel&rest_code=00155&code=00101008264&supplier_code=00100005&order_time=2021-10-03 HTTP/1.1" 200 412
58.39.139.200 - - [03/Oct/2021:09:49:00 +0800] "POST /xingrg/kc/mdqp/pssh_list_operate.html HTTP/1.1" 200 768
58.39.139.200 - - [03/Oct/2021:09:49:01 +0800] "GET /xingrg/kc/mdqp/pssh_order_info.html?code=312021100100013 HTTP/1.1" 200 17310
58.39.139.200 - - [03/Oct/2021:09:49:01 +0800] "GET /xingrg/javascript/jquery_tools/jquery-1.4.2.min.js HTTP/1.1" 404 1094
58.39.139.200 - - [03/Oct/2021:09:49:01 +0800] "POST /xingrg/kc/mdqp/pssh_order_operate.html HTTP/1.1" 200 10446
58.39.139.200 - - [03/Oct/2021:09:49:01 +0800] "GET /xingrg/javascript/easyui/themes/default/validatebox.css HTTP/1.1" 404 1104
116.238.248.233 - - [03/Oct/2021:09:49:01 +0800] "POST /xingrg/kc/buy/cgsh_order_operate.html HTTP/1.1" 200 12
116.238.248.233 - - [03/Oct/2021:09:49:02 +0800] "GET /xingrg/kc/buy/cgsh_order_info.html?code=212021100301114 HTTP/1.1" 200 59167
116.238.248.233 - - [03/Oct/2021:09:49:02 +0800] "GET /xingrg/javascript/easyui/themes/default/validatebox.css HTTP/1.1" 404 1104
116.238.248.233 - - [03/Oct/2021:09:49:03 +0800] "POST /xingrg/kc/buy/cgsh_order_operate.html HTTP/1.1" 200 1222
58.37.227.186 - - [03/Oct/2021:09:49:03 +0800] "POST /xingrg/kc/buy/cgsh_order_operate.html HTTP/1.1" 200 2065
114.83.220.18 - - [03/Oct/2021:09:49:03 +0800] "GET /xingrg/all/function/internal_message.html?_=1633225743106&CODE_STATE=getMsg HTTP/1.1" 200 27
116.238.248.233 - - [03/Oct/2021:09:49:05 +0800] "GET /xingrg/kc/print/load_data.html?order_code=212021100301114&kc_code=cgsh&condition= HTTP/1.1" 200 1005
116.230.105.26 - - [03/Oct/2021:09:49:06 +0800] "GET /xingrg/kc/buy/cgsh_order_operate.html?command=get_materiel&rest_code=00155&code=00101008024&supplier_code=00100005&order_time=2021-10-03 HTTP/1.1" 200 408
58.39.139.200 - - [03/Oct/2021:09:49:07 +0800] "POST /xingrg/kc/mdqp/pssh_order_operate.html HTTP/1.1" 200 37
58.39.139.200 - - [03/Oct/2021:09:49:07 +0800] "POST /xingrg/kc/mdqp/pssh_order_operate.html HTTP/1.1" 200 12
58.39.139.200 - - [03/Oct/2021:09:49:08 +0800] "GET /xingrg/kc/mdqp/pssh_order_info.html?code=312021100100013 HTTP/1.1" 200 14386
58.39.139.200 - - [03/Oct/2021:09:49:08 +0800] "GET /xingrg/javascript/jquery_tools/jquery-1.4.2.min.js HTTP/1.1" 404 1094
58.39.139.200 - - [03/Oct/2021:09:49:09 +0800] "POST /xingrg/kc/mdqp/pssh_order_operate.html HTTP/1.1" 200 10446
58.39.139.200 - - [03/Oct/2021:09:49:09 +0800] "GET /xingrg/javascript/easyui/themes/default/validatebox.css HTTP/1.1" 404 1104
58.39.139.200 - - [03/Oct/2021:09:49:10 +0800] "GET /xingrg/kc/print/load_data.html?order_code=312021100100013&kc_code=pssh&condition= HTTP/1.1" 200 3943
180.169.147.146 - - [03/Oct/2021:09:49:12 +0800] "GET /xingrg/all/function/internal_message.html?_=1633225752518&CODE_STATE=getMsg HTTP/1.1" 200 27
116.230.105.26 - - [03/Oct/2021:09:49:12 +0800] "GET /xingrg/kc/buy/cgsh_order_operate.html?command=get_materiel&rest_code=00155&code=00101008356&supplier_code=00100005&order_time=2021-10-03 HTTP/1.1" 200 408
116.238.248.233 - - [03/Oct/2021:09:49:13 +0800] "GET /xingrg/kc/buy/cgsh_order_add.html HTTP/1.1" 200 64258
116.238.248.233 - - [03/Oct/2021:09:49:13 +0800] "POST /xingrg/kc/buy/cgsh_order_operate.html HTTP/1.1" 200 8245
116.238.248.233 - - [03/Oct/2021:09:49:13 +0800] "GET /xingrg/javascript/easyui/themes/default/validatebox.css HTTP/1.1" 404 1104
58.37.227.186 - - [03/Oct/2021:09:49:15 +0800] "GET /xingrg/kc/buy/cgsh_order_operate.html?command=get_materiel&rest_code=00141&code=00101008244&supplier_code=00100007&order_time=2021-10-03 HTTP/1.1" 200 408
114.83.220.18 - - [03/Oct/2021:09:49:16 +0800] "GET /xingrg/kc/buy/cgsh_order_operate.html?command=get_materiel&rest_code=00149&code=00101004067&supplier_code=00100083&order_time=2021-10-03 HTTP/1.1" 200 413
222.70.246.151 - - [03/Oct/2021:09:49:18 +0800] "GET /xingrg/all/function/internal_message.html?_=1633225759337&CODE_STATE=getMsg HTTP/1.1" 200 27
116.230.105.26 - - [03/Oct/2021:09:49:20 +0800] "GET /xingrg/kc/buy/cgsh_order_operate.html?command=get_materiel&rest_code=00155&code=00101008137&supplier_code=00100005&order_time=2021-10-03 HTTP/1.1" 200 408
58.39.139.200 - - [03/Oct/2021:09:49:21 +0800] "POST /xingrg/kc/mdqp/pssh_list_operate.html HTTP/1.1" 200 2210
58.37.227.186 - - [03/Oct/2021:09:49:22 +0800] "GET /xingrg/kc/buy/cgsh_order_operate.html?command=get_materiel&rest_code=00141&code=00101008112&supplier_code=00100007&order_time=2021-10-03 HTTP/1.1" 200 412
180.169.147.146 - - [03/Oct/2021:09:49:22 +0800] "GET /xingrg/all/function/internal_message.html?_=1633225809273&CODE_STATE=getMsg HTTP/1.1" 200 27
58.39.139.200 - - [03/Oct/2021:09:49:24 +0800] "GET /xingrg/kc/mdqp/pssh_order_list.html HTTP/1.1" 200 17907
58.39.139.200 - - [03/Oct/2021:09:49:24 +0800] "POST /xingrg/kc/mdqp/pssh_list_operate.html HTTP/1.1" 200 5373
58.39.139.200 - - [03/Oct/2021:09:49:25 +0800] "POST /xingrg/kc/mdqp/pssh_list_operate.html HTTP/1.1" 200 768
116.238.248.233 - - [03/Oct/2021:09:49:25 +0800] "GET /xingrg/kc/buy/cgsh_order_operate.html?command=get_materiel&rest_code=00151&code=00101008084&supplier_code=00100096&order_time=2021-10-03 HTTP/1.1" 200 412
58.39.139.200 - - [03/Oct/2021:09:49:25 +0800] "GET /xingrg/kc/mdqp/pssh_order_info.html?code=312021100100009 HTTP/1.1" 200 17297
58.39.139.200 - - [03/Oct/2021:09:49:25 +0800] "GET /xingrg/javascript/jquery_tools/jquery-1.4.2.min.js HTTP/1.1" 404 1094
58.39.139.200 - - [03/Oct/2021:09:49:25 +0800] "GET /xingrg/javascript/easyui/themes/default/validatebox.css HTTP/1.1" 404 1104
58.39.139.200 - - [03/Oct/2021:09:49:25 +0800] "POST /xingrg/kc/mdqp/pssh_order_operate.html HTTP/1.1" 200 22429
116.230.105.26 - - [03/Oct/2021:09:49:28 +0800] "GET /xingrg/kc/buy/cgsh_order_operate.html?command=get_materiel&rest_code=00155&code=00101008360&supplier_code=00100005&order_time=2021-10-03 HTTP/1.1" 200 413
222.70.178.96 - - [03/Oct/2021:09:49:29 +0800] "GET /xingrg/all/function/internal_message.html?_=1633225767337&CODE_STATE=getMsg HTTP/1.1" 200 27
180.152.237.0 - - [03/Oct/2021:09:49:29 +0800] "GET /xingrg/all/function/internal_message.html?_=1633225749448&CODE_STATE=getMsg HTTP/1.1" 200 27
58.37.227.186 - - [03/Oct/2021:09:49:29 +0800] "GET /xingrg/kc/buy/cgsh_order_operate.html?command=get_materiel&rest_code=00141&code=00101008096&supplier_code=00100007&order_time=2021-10-03 HTTP/1.1" 200 412
116.230.105.26 - - [03/Oct/2021:09:49:30 +0800] "POST /xingrg/kc/buy/cgsh_order_operate.html HTTP/1.1" 200 2065
58.39.139.200 - - [03/Oct/2021:09:49:30 +0800] "POST /xingrg/all/common/load_combo.html?type=employee HTTP/1.1" 200 356
172.20.0.100 - - [03/Oct/2021:09:49:31 +0800] "GET /xingrg/all/function/internal_message.html?_=1633225771465&CODE_STATE=getMsg HTTP/1.1" 200 27
114.83.220.18 - - [03/Oct/2021:09:49:31 +0800] "GET /xingrg/kc/buy/cgsh_order_operate.html?command=get_materiel&rest_code=00149&code=00101004071&supplier_code=00100083&order_time=2021-10-03 HTTP/1.1" 200 409
172.20.0.100 - - [03/Oct/2021:09:49:31 +0800] "GET /xingrg/check_reg.html?_=1633225772061 HTTP/1.1" 200 22
58.37.227.186 - - [03/Oct/2021:09:49:31 +0800] "GET /xingrg/all/function/internal_message.html?_=1633225629706&CODE_STATE=getMsg HTTP/1.1" 200 27
58.40.7.146 - - [03/Oct/2021:09:49:32 +0800] "GET /xingrg/all/function/internal_message.html?_=1633225771922&CODE_STATE=getMsg HTTP/1.1" 200 27
58.39.139.200 - - [03/Oct/2021:09:49:33 +0800] "POST /xingrg/kc/mdqp/pssh_order_operate.html HTTP/1.1" 200 37
116.238.248.233 - - [03/Oct/2021:09:49:33 +0800] "GET /xingrg/all/function/internal_message.html?_=1633225772281&CODE_STATE=getMsg HTTP/1.1" 200 27
58.39.139.200 - - [03/Oct/2021:09:49:33 +0800] "POST /xingrg/kc/mdqp/pssh_order_operate.html HTTP/1.1" 200 22429
116.230.105.26 - - [03/Oct/2021:09:49:34 +0800] "GET /xingrg/kc/buy/cgsh_order_operate.html?command=get_materiel&rest_code=00155&code=00101008196&supplier_code=00100005&order_time=2021-10-03 HTTP/1.1" 200 416
58.39.139.200 - - [03/Oct/2021:09:49:36 +0800] "POST /xingrg/kc/mdqp/pssh_order_operate.html HTTP/1.1" 200 37
116.238.248.233 - - [03/Oct/2021:09:49:36 +0800] "GET /xingrg/kc/buy/cgsh_order_operate.html?command=get_materiel&rest_code=00151&code=00101012059&supplier_code=00100096&order_time=2021-10-03 HTTP/1.1" 200 412
58.37.227.186 - - [03/Oct/2021:09:49:36 +0800] "GET /xingrg/kc/buy/cgsh_order_operate.html?command=get_materiel&rest_code=00141&code=00101008038&supplier_code=00100007&order_time=2021-10-03 HTTP/1.1" 200 412
58.39.139.200 - - [03/Oct/2021:09:49:37 +0800] "POST /xingrg/kc/mdqp/pssh_order_operate.html HTTP/1.1" 200 12
58.39.139.200 - - [03/Oct/2021:09:49:38 +0800] "GET /xingrg/kc/mdqp/pssh_order_info.html?code=312021100100009 HTTP/1.1" 200 14386
58.39.139.200 - - [03/Oct/2021:09:49:38 +0800] "GET /xingrg/javascript/jquery_tools/jquery-1.4.2.min.js HTTP/1.1" 404 1094
58.39.139.200 - - [03/Oct/2021:09:49:38 +0800] "GET /xingrg/javascript/easyui/themes/default/validatebox.css HTTP/1.1" 404 1104
58.39.139.200 - - [03/Oct/2021:09:49:38 +0800] "POST /xingrg/kc/mdqp/pssh_order_operate.html HTTP/1.1" 200 22429
58.37.227.186 - - [03/Oct/2021:09:49:39 +0800] "POST /xingrg/kc/buy/cgsh_order_operate.html HTTP/1.1" 200 2065
116.230.105.26 - - [03/Oct/2021:09:49:40 +0800] "GET /xingrg/kc/buy/cgsh_order_operate.html?command=get_materiel&rest_code=00155&code=00101008197&supplier_code=00100005&order_time=2021-10-03 HTTP/1.1" 200 416
58.39.139.200 - - [03/Oct/2021:09:49:41 +0800] "GET /xingrg/kc/print/load_data.html?order_code=312021100100009&kc_code=pssh&condition= HTTP/1.1" 200 8395
114.83.220.18 - - [03/Oct/2021:09:49:44 +0800] "POST /xingrg/kc/buy/cgsh_order_operate.html HTTP/1.1" 200 37
58.37.227.186 - - [03/Oct/2021:09:49:44 +0800] "GET /xingrg/kc/buy/cgsh_order_operate.html?command=get_materiel&rest_code=00141&code=00101008003&supplier_code=00100007&order_time=2021-10-03 HTTP/1.1" 200 408
116.238.248.233 - - [03/Oct/2021:09:49:45 +0800] "GET /xingrg/kc/buy/cgsh_order_operate.html?command=get_materiel&rest_code=00151&code=00101006109&supplier_code=00100096&order_time=2021-10-03 HTTP/1.1" 200 411
116.230.105.26 - - [03/Oct/2021:09:49:47 +0800] "GET /xingrg/kc/buy/cgsh_order_operate.html?command=get_materiel&rest_code=00155&code=00101008357&supplier_code=00100005&order_time=2021-10-03 HTTP/1.1" 200 408
114.83.220.18 - - [03/Oct/2021:09:49:49 +0800] "POST /xingrg/kc/buy/cgsh_order_operate.html HTTP/1.1" 200 12
116.230.105.26 - - [03/Oct/2021:09:49:49 +0800] "GET /xingrg/all/function/internal_message.html?_=1633225780803&CODE_STATE=getMsg HTTP/1.1" 200 27
124.79.246.142 - - [03/Oct/2021:09:49:50 +0800] "GET /xingrg/check_reg.html?_=1633225894186 HTTP/1.1" 200 22
124.79.246.142 - - [03/Oct/2021:09:49:50 +0800] "GET /xingrg/all/function/internal_message.html?_=1633225894187&CODE_STATE=getMsg HTTP/1.1" 200 27
116.230.105.26 - - [03/Oct/2021:09:49:52 +0800] "GET /xingrg/kc/buy/cgsh_order_operate.html?command=get_materiel&rest_code=00155&code=00101008006&supplier_code=00100005&order_time=2021-10-03 HTTP/1.1" 200 416
114.83.220.18 - - [03/Oct/2021:09:49:53 +0800] "GET /xingrg/kc/buy/cgsh_order_info.html?code=212021100301115 HTTP/1.1" 200 59576
114.83.220.18 - - [03/Oct/2021:09:49:53 +0800] "GET /xingrg/javascript/easyui/themes/default/validatebox.css HTTP/1.1" 404 1104
58.37.227.186 - - [03/Oct/2021:09:49:53 +0800] "GET /xingrg/kc/buy/cgsh_order_operate.html?command=get_materiel&rest_code=00141&code=00101008361&supplier_code=00100007&order_time=2021-10-03 HTTP/1.1" 200 408
114.83.220.18 - - [03/Oct/2021:09:49:54 +0800] "POST /xingrg/kc/buy/cgsh_order_operate.html HTTP/1.1" 200 2998
114.83.220.18 - - [03/Oct/2021:09:49:56 +0800] "GET /xingrg/kc/print/load_data.html?order_code=212021100301115&kc_code=cgsh&condition= HTTP/1.1" 200 1638
116.232.50.208 - - [03/Oct/2021:09:49:57 +0800] "POST /xingrg/services/DataTransmitService HTTP/1.1" 200 524
116.238.248.233 - - [03/Oct/2021:09:49:58 +0800] "GET /xingrg/kc/buy/cgsh_order_operate.html?command=get_materiel&rest_code=00151&code=00101006013&supplier_code=00100096&order_time=2021-10-03 HTTP/1.1" 200 409
116.232.50.208 - - [03/Oct/2021:09:49:58 +0800] "POST /xingrg/services/DataTransmitService HTTP/1.1" 200 501
58.39.139.200 - - [03/Oct/2021:09:49:58 +0800] "GET /xingrg/all/function/internal_message.html?_=1633225798084&CODE_STATE=getMsg HTTP/1.1" 200 27
116.232.50.208 - - [03/Oct/2021:09:49:58 +0800] "POST /xingrg/services/DataTransmitService HTTP/1.1" 200 501
116.232.50.208 - - [03/Oct/2021:09:49:58 +0800] "POST /xingrg/services/DataTransmitService HTTP/1.1" 200 501
116.232.50.208 - - [03/Oct/2021:09:49:59 +0800] "POST /xingrg/services/DataTransmitService HTTP/1.1" 200 501
116.232.50.208 - - [03/Oct/2021:09:49:59 +0800] "POST /xingrg/services/DataTransmitService HTTP/1.1" 200 501
116.232.50.208 - - [03/Oct/2021:09:50:00 +0800] "POST /xingrg/services/DataTransmitService HTTP/1.1" 200 501
116.232.50.208 - - [03/Oct/2021:09:50:00 +0800] "POST /xingrg/services/DataTransmitService HTTP/1.1" 200 412
114.83.220.18 - - [03/Oct/2021:09:50:00 +0800] "GET /xingrg/kc/buy/cgsh_order_add.html HTTP/1.1" 200 64669
114.83.220.18 - - [03/Oct/2021:09:50:01 +0800] "POST /xingrg/kc/buy/cgsh_order_operate.html HTTP/1.1" 200 8245
114.83.220.18 - - [03/Oct/2021:09:50:01 +0800] "GET /xingrg/javascript/easyui/themes/default/validatebox.css HTTP/1.1" 404 1104
58.37.227.186 - - [03/Oct/2021:09:50:02 +0800] "GET /xingrg/kc/buy/cgsh_order_operate.html?command=get_materiel&rest_code=00141&code=00101008356&supplier_code=00100007&order_time=2021-10-03 HTTP/1.1" 200 408
114.83.220.18 - - [03/Oct/2021:09:50:03 +0800] "GET /xingrg/all/function/internal_message.html?_=1633225803084&CODE_STATE=getMsg HTTP/1.1" 200 27
116.238.248.233 - - [03/Oct/2021:09:50:08 +0800] "GET /xingrg/kc/buy/cgsh_order_operate.html?command=get_materiel&rest_code=00151&code=00101007061&supplier_code=00100096&order_time=2021-10-03 HTTP/1.1" 200 409
58.37.227.186 - - [03/Oct/2021:09:50:11 +0800] "GET /xingrg/kc/buy/cgsh_order_operate.html?command=get_materiel&rest_code=00141&code=00101008300&supplier_code=00100007&order_time=2021-10-03 HTTP/1.1" 200 412
58.39.139.200 - - [03/Oct/2021:09:50:12 +0800] "GET /xingrg/kc/buy/cgsh_order_list.html HTTP/1.1" 200 48878
180.169.147.146 - - [03/Oct/2021:09:50:12 +0800] "GET /xingrg/all/function/internal_message.html?_=1633225812518&CODE_STATE=getMsg HTTP/1.1" 200 27
58.39.139.200 - - [03/Oct/2021:09:50:14 +0800] "POST /xingrg/kc/buy/cgsh_list_operate.html HTTP/1.1" 200 3127
180.169.147.146 - - [03/Oct/2021:09:50:15 +0800] "GET /xingrg/index.html?sysBaseUrl=http%3A%2F%2F180.169.147.146%3A18081%2Fxingrg%2F&costTime=39×tamp=1592034574635 HTTP/1.1" 302 -
180.169.147.146 - - [03/Oct/2021:09:50:15 +0800] "GET /xingrg/login.html HTTP/1.1" 200 7641
180.169.147.146 - - [03/Oct/2021:09:50:16 +0800] "GET /favicon.ico HTTP/1.1" 404 -
58.39.139.200 - - [03/Oct/2021:09:50:16 +0800] "GET /xingrg/kc/buy/cgsh_order_add.html HTTP/1.1" 200 64663
58.39.139.200 - - [03/Oct/2021:09:50:16 +0800] "POST /xingrg/kc/buy/cgsh_order_operate.html HTTP/1.1" 200 8245
58.39.139.200 - - [03/Oct/2021:09:50:16 +0800] "GET /xingrg/javascript/easyui/themes/default/validatebox.css HTTP/1.1" 404 1104
222.70.246.151 - - [03/Oct/2021:09:50:18 +0800] "GET /xingrg/all/function/internal_message.html?_=1633225819470&CODE_STATE=getMsg HTTP/1.1" 200 27
58.37.227.186 - - [03/Oct/2021:09:50:20 +0800] "GET /xingrg/kc/buy/cgsh_order_operate.html?command=get_materiel&rest_code=00141&code=00101008357&supplier_code=00100007&order_time=2021-10-03 HTTP/1.1" 200 408
180.169.147.146 - - [03/Oct/2021:09:50:22 +0800] "GET /xingrg/all/function/internal_message.html?_=1633225869264&CODE_STATE=getMsg HTTP/1.1" 200 27
58.37.227.186 - - [03/Oct/2021:09:50:23 +0800] "POST /xingrg/kc/buy/cgsh_order_operate.html HTTP/1.1" 200 2065
180.169.147.146 - - [03/Oct/2021:09:50:23 +0800] "POST /xingrg/login.do HTTP/1.1" 302 -
180.169.147.146 - - [03/Oct/2021:09:50:23 +0800] "GET /xingrg/index.html?sysBaseUrl=http%3A%2F%2F180.169.147.146%3A18081%2Fxingrg%2F&costTime=45×tamp=1633225823956 HTTP/1.1" 200 17503
180.169.147.146 - - [03/Oct/2021:09:50:24 +0800] "GET /favicon.ico HTTP/1.1" 404 -
180.169.147.146 - - [03/Oct/2021:09:50:24 +0800] "POST /xingrg/all/common/load_tree.html?tree=area_rest_tree_json&manage=1 HTTP/1.1" 200 3472
180.169.147.146 - - [03/Oct/2021:09:50:24 +0800] "GET /xingrg/check_reg.html?_=1633225825321 HTTP/1.1" 200 22
180.169.147.146 - - [03/Oct/2021:09:50:24 +0800] "GET /xingrg/all/function/internal_message.html?_=1633225825320&CODE_STATE=count HTTP/1.1" 200 11
180.169.147.146 - - [03/Oct/2021:09:50:24 +0800] "POST /xingrg/load_menu.html HTTP/1.1" 200 11443
116.238.248.233 - - [03/Oct/2021:09:50:25 +0800] "POST /xingrg/kc/buy/cgsh_order_operate.html HTTP/1.1" 200 37
58.39.139.200 - - [03/Oct/2021:09:50:27 +0800] "GET /xingrg/kc/buy/cgsh_order_operate.html?command=get_materiel&rest_code=00105&code=00101006040&supplier_code=00100012&order_time=2021-10-03 HTTP/1.1" 200 417
222.70.178.96 - - [03/Oct/2021:09:50:29 +0800] "GET /xingrg/all/function/internal_message.html?_=1633225827321&CODE_STATE=getMsg HTTP/1.1" 200 27
180.152.237.0 - - [03/Oct/2021:09:50:30 +0800] "GET /xingrg/all/function/internal_message.html?_=1633225809862&CODE_STATE=getMsg HTTP/1.1" 200 27
58.37.227.186 - - [03/Oct/2021:09:50:30 +0800] "GET /xingrg/kc/buy/cgsh_order_operate.html?command=get_materiel&rest_code=00141&code=00101008286&supplier_code=00100007&order_time=2021-10-03 HTTP/1.1" 200 408
172.20.0.100 - - [03/Oct/2021:09:50:31 +0800] "GET /xingrg/all/function/internal_message.html?_=1633225831441&CODE_STATE=getMsg HTTP/1.1" 200 27
58.37.227.186 - - [03/Oct/2021:09:50:31 +0800] "GET /xingrg/all/function/internal_message.html?_=1633225689753&CODE_STATE=getMsg HTTP/1.1" 200 27
58.40.7.146 - - [03/Oct/2021:09:50:32 +0800] "GET /xingrg/all/function/internal_message.html?_=1633225831927&CODE_STATE=getMsg HTTP/1.1" 200 27
180.169.147.146 - - [03/Oct/2021:09:50:32 +0800] "POST /xingrg/all/user/operate.html HTTP/1.1" 200 36
180.169.147.146 - - [03/Oct/2021:09:50:32 +0800] "GET /xingrg/javascript/jquery_easy_ui/themes/default/easyui.css HTTP/1.1" 304 -
180.169.147.146 - - [03/Oct/2021:09:50:32 +0800] "GET /xingrg/index.html?sysBaseUrl=http%3A%2F%2F180.169.147.146%3A18081%2Fxingrg%2F&costTime=45×tamp=1633225823956 HTTP/1.1" 200 17509
180.169.147.146 - - [03/Oct/2021:09:50:32 +0800] "GET /xingrg/javascript/jquery_easy_ui/themes/icon.css HTTP/1.1" 304 -
180.169.147.146 - - [03/Oct/2021:09:50:32 +0800] "GET /xingrg/css/form.css HTTP/1.1" 304 -
180.169.147.146 - - [03/Oct/2021:09:50:32 +0800] "GET /xingrg/javascript/jquery-1.4.2.min.js HTTP/1.1" 304 -
180.169.147.146 - - [03/Oct/2021:09:50:32 +0800] "GET /xingrg/javascript/jquery_easy_ui/jquery.easyui.min.js HTTP/1.1" 304 -
180.169.147.146 - - [03/Oct/2021:09:50:32 +0800] "GET /xingrg/javascript/jquery_easy_ui/easyui-lang-zh_CN.js HTTP/1.1" 304 -
180.169.147.146 - - [03/Oct/2021:09:50:32 +0800] "GET /xingrg/javascript/jquery.form.js HTTP/1.1" 304 -
180.169.147.146 - - [03/Oct/2021:09:50:32 +0800] "GET /xingrg/javascript/jquery.utils.js HTTP/1.1" 304 -
180.169.147.146 - - [03/Oct/2021:09:50:32 +0800] "GET /xingrg/javascript/jquery.timers.js HTTP/1.1" 304 -
180.169.147.146 - - [03/Oct/2021:09:50:32 +0800] "GET /xingrg/images/blue/jxLogo.png HTTP/1.1" 304 -
180.169.147.146 - - [03/Oct/2021:09:50:32 +0800] "GET /xingrg/images/blue/navBackgound.jpg HTTP/1.1" 304 -
180.169.147.146 - - [03/Oct/2021:09:50:32 +0800] "GET /xingrg/javascript/jquery_easy_ui/themes/icons/settle_new.png HTTP/1.1" 304 -
180.169.147.146 - - [03/Oct/2021:09:50:32 +0800] "POST /xingrg/all/common/load_tree.html?tree=area_rest_tree_json&manage=1 HTTP/1.1" 200 3472
180.169.147.146 - - [03/Oct/2021:09:50:33 +0800] "GET /xingrg/all/function/internal_message.html?_=1633225834165&CODE_STATE=count HTTP/1.1" 200 11
180.169.147.146 - - [03/Oct/2021:09:50:33 +0800] "GET /xingrg/check_reg.html?_=1633225834165 HTTP/1.1" 200 22
180.169.147.146 - - [03/Oct/2021:09:50:33 +0800] "GET /xingrg/javascript/jquery_easy_ui/themes/default/images/tabs_leftarrow.png HTTP/1.1" 304 -
180.169.147.146 - - [03/Oct/2021:09:50:33 +0800] "GET /xingrg/javascript/jquery_easy_ui/themes/default/images/panel_tool_collapse.gif HTTP/1.1" 304 -
180.169.147.146 - - [03/Oct/2021:09:50:33 +0800] "GET /xingrg/javascript/jquery_easy_ui/themes/default/images/panel_tool_expand.gif HTTP/1.1" 304 -
180.169.147.146 - - [03/Oct/2021:09:50:33 +0800] "GET /xingrg/javascript/jquery_easy_ui/themes/default/images/tabs_rightarrow.png HTTP/1.1" 304 -
180.169.147.146 - - [03/Oct/2021:09:50:33 +0800] "GET /xingrg/images/blue/pingpu.png HTTP/1.1" 304 -
180.169.147.146 - - [03/Oct/2021:09:50:33 +0800] "POST /xingrg/load_menu.html HTTP/1.1" 200 9959
58.37.227.186 - - [03/Oct/2021:09:50:37 +0800] "GET /xingrg/kc/buy/cgsh_order_operate.html?command=get_materiel&rest_code=00141&code=00101008131&supplier_code=00100007&order_time=2021-10-03 HTTP/1.1" 200 408
180.169.147.146 - - [03/Oct/2021:09:50:37 +0800] "GET /xingrg/kc/base/check_order_list.html HTTP/1.1" 200 16610
180.169.147.146 - - [03/Oct/2021:09:50:38 +0800] "POST /xingrg/kc/base/check_list_operate.html HTTP/1.1" 200 3252
180.169.147.146 - - [03/Oct/2021:09:50:40 +0800] "POST /xingrg/kc/base/check_list_operate.html HTTP/1.1" 200 3252
180.169.147.146 - - [03/Oct/2021:09:50:44 +0800] "POST /xingrg/kc/base/check_list_operate.html HTTP/1.1" 200 4955
58.37.227.186 - - [03/Oct/2021:09:50:44 +0800] "GET /xingrg/kc/buy/cgsh_order_operate.html?command=get_materiel&rest_code=00141&code=00101008295&supplier_code=00100007&order_time=2021-10-03 HTTP/1.1" 200 412
116.230.105.26 - - [03/Oct/2021:09:50:49 +0800] "GET /xingrg/all/function/internal_message.html?_=1633225840775&CODE_STATE=getMsg HTTP/1.1" 200 27
124.79.246.142 - - [03/Oct/2021:09:50:50 +0800] "GET /xingrg/all/function/internal_message.html?_=1633225954170&CODE_STATE=getMsg HTTP/1.1" 200 27
58.39.139.200 - - [03/Oct/2021:09:50:53 +0800] "GET /xingrg/kc/buy/cgsh_order_operate.html?command=get_materiel&rest_code=00105&code=00101006013&supplier_code=00100012&order_time=2021-10-03 HTTP/1.1" 200 409
116.238.248.233 - - [03/Oct/2021:09:50:54 +0800] "POST /xingrg/kc/buy/cgsh_order_operate.html HTTP/1.1" 200 12
58.37.227.186 - - [03/Oct/2021:09:50:56 +0800] "GET /xingrg/kc/buy/cgsh_order_operate.html?command=get_materiel&rest_code=00141&code=00101008186&supplier_code=00100007&order_time=2021-10-03 HTTP/1.1" 200 408
116.238.248.233 - - [03/Oct/2021:09:50:57 +0800] "GET /xingrg/kc/buy/cgsh_order_info.html?code=212021100301116 HTTP/1.1" 200 59157
116.238.248.233 - - [03/Oct/2021:09:50:58 +0800] "GET /xingrg/javascript/easyui/themes/default/validatebox.css HTTP/1.1" 404 1104
58.39.139.200 - - [03/Oct/2021:09:50:58 +0800] "GET /xingrg/all/function/internal_message.html?_=1633225858057&CODE_STATE=getMsg HTTP/1.1" 200 27
58.37.227.186 - - [03/Oct/2021:09:50:58 +0800] "POST /xingrg/kc/buy/cgsh_order_operate.html HTTP/1.1" 200 2065
116.238.248.233 - - [03/Oct/2021:09:50:58 +0800] "POST /xingrg/kc/buy/cgsh_order_operate.html HTTP/1.1" 200 3011
58.37.227.186 - - [03/Oct/2021:09:51:03 +0800] "GET /xingrg/kc/buy/cgsh_order_operate.html?command=get_materiel&rest_code=00141&code=00101009054&supplier_code=00100007&order_time=2021-10-03 HTTP/1.1" 200 412
116.238.248.233 - - [03/Oct/2021:09:51:03 +0800] "GET /xingrg/kc/print/load_data.html?order_code=212021100301116&kc_code=cgsh&condition= HTTP/1.1" 200 1611
114.83.220.18 - - [03/Oct/2021:09:51:03 +0800] "GET /xingrg/all/function/internal_message.html?_=1633225863068&CODE_STATE=getMsg HTTP/1.1" 200 27
58.39.139.200 - - [03/Oct/2021:09:51:06 +0800] "GET /xingrg/kc/buy/cgsh_order_operate.html?command=get_materiel&rest_code=00105&code=00101006112&supplier_code=00100012&order_time=2021-10-03 HTTP/1.1" 200 409
116.238.248.233 - - [03/Oct/2021:09:51:09 +0800] "GET /xingrg/kc/buy/cgsh_order_add.html HTTP/1.1" 200 64258
116.238.248.233 - - [03/Oct/2021:09:51:09 +0800] "POST /xingrg/kc/buy/cgsh_order_operate.html HTTP/1.1" 200 8245
