180.169.147.146 - - [03/Oct/2021:10:51:46 +0800] "GET /xingrg/all/function/internal_message.html?_=1633229505623&CODE_STATE=getMsg HTTP/1.1" 200 27
180.152.237.0 - - [03/Oct/2021:10:51:47 +0800] "GET /xingrg/all/function/internal_message.html?_=1633229506740&CODE_STATE=getMsg HTTP/1.1" 200 27
114.83.220.18 - - [03/Oct/2021:10:51:48 +0800] "GET /xingrg/kc/base/wldb_order_add.html HTTP/1.1" 200 30444
114.83.220.18 - - [03/Oct/2021:10:51:49 +0800] "POST /xingrg/kc/base/wldb_order_operate.html HTTP/1.1" 200 6806
114.83.220.18 - - [03/Oct/2021:10:51:49 +0800] "GET /xingrg/javascript/easyui/themes/default/validatebox.css HTTP/1.1" 404 1104
124.79.246.142 - - [03/Oct/2021:10:51:50 +0800] "GET /xingrg/all/function/internal_message.html?_=1633229614188&CODE_STATE=getMsg HTTP/1.1" 200 27
172.20.0.100 - - [03/Oct/2021:10:51:57 +0800] "GET /xingrg/all/function/internal_message.html?_=1633229517524&CODE_STATE=getMsg HTTP/1.1" 200 27
58.39.139.200 - - [03/Oct/2021:10:51:57 +0800] "GET /xingrg/all/function/internal_message.html?_=1633229516622&CODE_STATE=getMsg HTTP/1.1" 200 27
114.83.220.18 - - [03/Oct/2021:10:52:02 +0800] "GET /xingrg/all/function/internal_message.html?_=1633229522229&CODE_STATE=getMsg HTTP/1.1" 200 27
222.70.246.151 - - [03/Oct/2021:10:52:02 +0800] "GET /xingrg/check_reg.html?_=1633229544254 HTTP/1.1" 302 -
114.83.220.18 - - [03/Oct/2021:10:52:04 +0800] "GET /xingrg/check_reg.html?_=1633229524159 HTTP/1.1" 200 22
114.83.220.18 - - [03/Oct/2021:10:52:06 +0800] "GET /xingrg/kc/base/wldb_order_operate.html?command=get_materiel&rest_code=00149&base_code=0010394&code=00101016049 HTTP/1.1" 200 447
116.230.105.26 - - [03/Oct/2021:10:52:09 +0800] "GET /xingrg/all/function/internal_message.html?_=1633229520486&CODE_STATE=getMsg HTTP/1.1" 200 27
114.83.220.18 - - [03/Oct/2021:10:52:11 +0800] "GET /xingrg/kc/base/wldb_order_operate.html?command=get_materiel&rest_code=00149&base_code=0010394&code=00101019390 HTTP/1.1" 200 456
180.169.147.146 - - [03/Oct/2021:10:52:13 +0800] "GET /xingrg/check_reg.html?_=1633229535049 HTTP/1.1" 200 22
180.169.147.146 - - [03/Oct/2021:10:52:13 +0800] "GET /xingrg/all/function/internal_message.html?_=1633229535046&CODE_STATE=getMsg HTTP/1.1" 200 27
116.237.74.154 - - [03/Oct/2021:10:52:20 +0800] "GET /xingrg/all/function/internal_message.html?_=1633229535756&CODE_STATE=getMsg HTTP/1.1" 200 27
222.70.246.151 - - [03/Oct/2021:10:52:22 +0800] "GET /xingrg/all/function/internal_message.html?_=1633229543417&CODE_STATE=getMsg HTTP/1.1" 200 27
180.169.147.146 - - [03/Oct/2021:10:52:22 +0800] "GET /xingrg/all/function/internal_message.html?_=1633229589336&CODE_STATE=getMsg HTTP/1.1" 200 27
101.91.60.11 - - [03/Oct/2021:10:52:22 +0800] "GET /xingrg/check_reg.html?_=1633229476028 HTTP/1.1" 302 -
101.91.60.11 - - [03/Oct/2021:10:52:22 +0800] "GET /xingrg/login.html HTTP/1.1" 200 7641
114.83.220.18 - - [03/Oct/2021:10:52:23 +0800] "POST /xingrg/kc/base/wldb_order_operate.html HTTP/1.1" 200 37
114.83.220.18 - - [03/Oct/2021:10:52:23 +0800] "POST /xingrg/kc/base/wldb_order_operate.html HTTP/1.1" 200 2696
114.83.220.18 - - [03/Oct/2021:10:52:23 +0800] "GET /xingrg/kc/base/wldb_order_info.html?code=422021100300255 HTTP/1.1" 200 30459
114.83.220.18 - - [03/Oct/2021:10:52:24 +0800] "GET /xingrg/javascript/easyui/themes/default/validatebox.css HTTP/1.1" 404 1104
114.83.220.18 - - [03/Oct/2021:10:52:24 +0800] "POST /xingrg/kc/base/wldb_order_operate.html HTTP/1.1" 200 2696
124.79.246.142 - - [03/Oct/2021:10:52:27 +0800] "GET /xingrg/kc/buy/cgsh_order_operate.html?command=get_materiel&rest_code=00104&code=00101006128&supplier_code=00100012&order_time=2021-10-03 HTTP/1.1" 200 429
222.70.178.96 - - [03/Oct/2021:10:52:28 +0800] "GET /xingrg/all/function/internal_message.html?_=1633229546324&CODE_STATE=getMsg HTTP/1.1" 200 27
180.169.147.146 - - [03/Oct/2021:10:52:29 +0800] "GET /xingrg/all/function/internal_message.html?_=1633229550900&CODE_STATE=getMsg HTTP/1.1" 200 27
58.37.227.186 - - [03/Oct/2021:10:52:32 +0800] "GET /xingrg/all/function/internal_message.html?_=1633229409897&CODE_STATE=getMsg HTTP/1.1" 200 27
180.157.253.110 - - [03/Oct/2021:10:52:32 +0800] "GET /xingrg/all/function/internal_message.html?_=1633229553069&CODE_STATE=getMsg HTTP/1.1" 200 27
180.157.253.110 - - [03/Oct/2021:10:52:32 +0800] "GET /xingrg/check_reg.html?_=1633229553074 HTTP/1.1" 200 22
116.238.248.233 - - [03/Oct/2021:10:52:33 +0800] "GET /xingrg/all/function/internal_message.html?_=1633229551986&CODE_STATE=getMsg HTTP/1.1" 200 27
116.238.248.233 - - [03/Oct/2021:10:52:33 +0800] "GET /xingrg/check_reg.html?_=1633229551988 HTTP/1.1" 200 22
180.169.147.146 - - [03/Oct/2021:10:52:46 +0800] "GET /xingrg/all/function/internal_message.html?_=1633229565617&CODE_STATE=getMsg HTTP/1.1" 200 27
180.152.237.0 - - [03/Oct/2021:10:52:47 +0800] "GET /xingrg/all/function/internal_message.html?_=1633229566751&CODE_STATE=getMsg HTTP/1.1" 200 27
114.83.220.18 - - [03/Oct/2021:10:52:47 +0800] "GET /xingrg/kc/base/wldb_order_add.html HTTP/1.1" 200 30444
114.83.220.18 - - [03/Oct/2021:10:52:48 +0800] "POST /xingrg/kc/base/wldb_order_operate.html HTTP/1.1" 200 6806
114.83.220.18 - - [03/Oct/2021:10:52:48 +0800] "GET /xingrg/javascript/easyui/themes/default/validatebox.css HTTP/1.1" 404 1104
124.79.246.142 - - [03/Oct/2021:10:52:50 +0800] "GET /xingrg/all/function/internal_message.html?_=1633229674248&CODE_STATE=getMsg HTTP/1.1" 200 27
58.221.95.50 - - [03/Oct/2021:10:52:50 +0800] "GET /xingrg/check_reg.html?_=1633229572638 HTTP/1.1" 302 -
120.253.135.82 - - [03/Oct/2021:10:52:55 +0800] "POST /xingrg/kc/buy/cgsh_order_operate.html HTTP/1.1" 200 37
120.253.135.82 - - [03/Oct/2021:10:52:56 +0800] "POST /xingrg/kc/buy/cgsh_order_operate.html HTTP/1.1" 200 2684
58.39.139.200 - - [03/Oct/2021:10:52:57 +0800] "GET /xingrg/all/function/internal_message.html?_=1633229576599&CODE_STATE=getMsg HTTP/1.1" 200 27
172.20.0.100 - - [03/Oct/2021:10:52:57 +0800] "GET /xingrg/all/function/internal_message.html?_=1633229577523&CODE_STATE=getMsg HTTP/1.1" 200 27
114.83.220.18 - - [03/Oct/2021:10:53:01 +0800] "GET /xingrg/kc/base/wldb_order_operate.html?command=get_materiel&rest_code=00149&base_code=0010394&code=00101019376 HTTP/1.1" 200 463
114.83.220.18 - - [03/Oct/2021:10:53:02 +0800] "GET /xingrg/all/function/internal_message.html?_=1633229582209&CODE_STATE=getMsg HTTP/1.1" 200 27
116.237.74.154 - - [03/Oct/2021:10:53:04 +0800] "GET /xingrg/kc/buy/cgsh_order_operate.html?command=get_materiel&rest_code=00106&code=00101009062&supplier_code=00100022&order_time=2021-10-03 HTTP/1.1" 200 414
114.83.220.18 - - [03/Oct/2021:10:53:05 +0800] "GET /xingrg/kc/base/wldb_order_operate.html?command=get_materiel&rest_code=00149&base_code=0010394&code=00101019184 HTTP/1.1" 200 442
116.230.105.26 - - [03/Oct/2021:10:53:09 +0800] "GET /xingrg/check_reg.html?_=1633229580480 HTTP/1.1" 200 22
116.230.105.26 - - [03/Oct/2021:10:53:09 +0800] "GET /xingrg/all/function/internal_message.html?_=1633229580485&CODE_STATE=getMsg HTTP/1.1" 200 27
222.70.246.151 - - [03/Oct/2021:10:53:11 +0800] "GET /xingrg/check_reg.html?_=1633229592393 HTTP/1.1" 200 22
180.169.147.146 - - [03/Oct/2021:10:53:13 +0800] "GET /xingrg/all/function/internal_message.html?_=1633229595048&CODE_STATE=getMsg HTTP/1.1" 200 27
116.237.74.154 - - [03/Oct/2021:10:53:13 +0800] "GET /xingrg/kc/buy/cgsh_order_operate.html?command=get_materiel&rest_code=00106&code=00101009011&supplier_code=00100022&order_time=2021-10-03 HTTP/1.1" 200 416
114.83.220.18 - - [03/Oct/2021:10:53:14 +0800] "GET /xingrg/kc/base/wldb_order_operate.html?command=get_materiel&rest_code=00149&base_code=0010394&code=00101019071 HTTP/1.1" 200 455
61.151.178.249 - - [03/Oct/2021:10:53:20 +0800] "GET /xingrg/all/function/internal_message.html?_=1633229535756&CODE_STATE=getMsg HTTP/1.1" 302 -
116.237.74.154 - - [03/Oct/2021:10:53:20 +0800] "GET /xingrg/all/function/internal_message.html?_=1633229595729&CODE_STATE=getMsg HTTP/1.1" 200 27
61.151.178.249 - - [03/Oct/2021:10:53:21 +0800] "GET /xingrg/login.html HTTP/1.1" 200 7641
222.70.246.151 - - [03/Oct/2021:10:53:22 +0800] "GET /xingrg/all/function/internal_message.html?_=1633229603419&CODE_STATE=getMsg HTTP/1.1" 200 27
180.169.147.146 - - [03/Oct/2021:10:53:22 +0800] "GET /xingrg/check_reg.html?_=1633229649342 HTTP/1.1" 200 22
180.169.147.146 - - [03/Oct/2021:10:53:22 +0800] "GET /xingrg/all/function/internal_message.html?_=1633229649351&CODE_STATE=getMsg HTTP/1.1" 200 27
222.70.178.96 - - [03/Oct/2021:10:53:28 +0800] "GET /xingrg/all/function/internal_message.html?_=1633229606309&CODE_STATE=getMsg HTTP/1.1" 200 27
116.237.74.154 - - [03/Oct/2021:10:53:29 +0800] "GET /xingrg/kc/buy/cgsh_order_operate.html?command=get_materiel&rest_code=00106&code=00101009039&supplier_code=00100022&order_time=2021-10-03 HTTP/1.1" 200 408
180.169.147.146 - - [03/Oct/2021:10:53:29 +0800] "GET /xingrg/all/function/internal_message.html?_=1633229610907&CODE_STATE=getMsg HTTP/1.1" 200 27
58.37.227.186 - - [03/Oct/2021:10:53:31 +0800] "GET /xingrg/all/function/internal_message.html?_=1633229469882&CODE_STATE=getMsg HTTP/1.1" 200 27
180.157.253.110 - - [03/Oct/2021:10:53:32 +0800] "GET /xingrg/all/function/internal_message.html?_=1633229613071&CODE_STATE=getMsg HTTP/1.1" 200 27
116.238.248.233 - - [03/Oct/2021:10:53:33 +0800] "GET /xingrg/all/function/internal_message.html?_=1633229611988&CODE_STATE=getMsg HTTP/1.1" 200 27
120.253.135.82 - - [03/Oct/2021:10:53:35 +0800] "POST /xingrg/kc/buy/cgsh_list_operate.html HTTP/1.1" 200 1674
120.253.135.82 - - [03/Oct/2021:10:53:35 +0800] "POST /xingrg/kc/buy/cgsh_list_operate.html HTTP/1.1" 200 1674
114.83.220.18 - - [03/Oct/2021:10:53:40 +0800] "POST /xingrg/kc/base/wldb_order_operate.html HTTP/1.1" 200 37
114.83.220.18 - - [03/Oct/2021:10:53:41 +0800] "POST /xingrg/kc/base/wldb_order_operate.html HTTP/1.1" 200 5236
180.157.253.110 - - [03/Oct/2021:10:53:41 +0800] "POST /xingrg/services/DataTransmitService HTTP/1.1" 200 524
180.157.253.110 - - [03/Oct/2021:10:53:42 +0800] "POST /xingrg/services/DataTransmitService HTTP/1.1" 200 2087
180.157.253.110 - - [03/Oct/2021:10:53:42 +0800] "POST /xingrg/services/DataTransmitService HTTP/1.1" 200 150655
116.237.74.154 - - [03/Oct/2021:10:53:43 +0800] "GET /xingrg/kc/buy/cgsh_order_operate.html?command=get_materiel&rest_code=00106&code=00101009013&supplier_code=00100022&order_time=2021-10-03 HTTP/1.1" 200 422
114.83.220.18 - - [03/Oct/2021:10:53:44 +0800] "GET /xingrg/kc/base/wldb_order_info.html?code=422021100300256 HTTP/1.1" 200 30459
114.83.220.18 - - [03/Oct/2021:10:53:44 +0800] "GET /xingrg/javascript/easyui/themes/default/validatebox.css HTTP/1.1" 404 1104
114.83.220.18 - - [03/Oct/2021:10:53:45 +0800] "POST /xingrg/kc/base/wldb_order_operate.html HTTP/1.1" 200 5236
180.169.147.146 - - [03/Oct/2021:10:53:46 +0800] "GET /xingrg/check_reg.html?_=1633229625635 HTTP/1.1" 200 22
180.169.147.146 - - [03/Oct/2021:10:53:46 +0800] "GET /xingrg/all/function/internal_message.html?_=1633229625634&CODE_STATE=getMsg HTTP/1.1" 200 27
180.152.237.0 - - [03/Oct/2021:10:53:47 +0800] "GET /xingrg/all/function/internal_message.html?_=1633229626780&CODE_STATE=getMsg HTTP/1.1" 200 27
124.79.246.142 - - [03/Oct/2021:10:53:50 +0800] "GET /xingrg/all/function/internal_message.html?_=1633229734220&CODE_STATE=getMsg HTTP/1.1" 200 27
116.237.74.154 - - [03/Oct/2021:10:53:52 +0800] "GET /xingrg/kc/buy/cgsh_order_operate.html?command=get_materiel&rest_code=00106&code=00101009016&supplier_code=00100022&order_time=2021-10-03 HTTP/1.1" 200 414
114.83.220.18 - - [03/Oct/2021:10:53:54 +0800] "GET /xingrg/kc/base/wldb_order_add.html HTTP/1.1" 200 30444
114.83.220.18 - - [03/Oct/2021:10:53:54 +0800] "POST /xingrg/kc/base/wldb_order_operate.html HTTP/1.1" 200 6806
114.83.220.18 - - [03/Oct/2021:10:53:54 +0800] "GET /xingrg/javascript/easyui/themes/default/validatebox.css HTTP/1.1" 404 1104
58.39.139.200 - - [03/Oct/2021:10:53:57 +0800] "GET /xingrg/all/function/internal_message.html?_=1633229636577&CODE_STATE=getMsg HTTP/1.1" 200 27
172.20.0.100 - - [03/Oct/2021:10:53:57 +0800] "GET /xingrg/all/function/internal_message.html?_=1633229637539&CODE_STATE=getMsg HTTP/1.1" 200 27
172.20.0.100 - - [03/Oct/2021:10:53:57 +0800] "GET /xingrg/check_reg.html?_=1633229637541 HTTP/1.1" 200 22
58.39.139.200 - - [03/Oct/2021:10:53:59 +0800] "GET /xingrg/check_reg.html?_=1633229638498 HTTP/1.1" 200 22
58.40.7.146 - - [03/Oct/2021:10:54:00 +0800] "POST /xingrg/services/DataTransmitService HTTP/1.1" 200 524
116.237.74.154 - - [03/Oct/2021:10:54:02 +0800] "GET /xingrg/kc/buy/cgsh_order_operate.html?command=get_materiel&rest_code=00106&code=00101009031&supplier_code=00100022&order_time=2021-10-03 HTTP/1.1" 200 408
101.91.62.89 - - [03/Oct/2021:10:54:02 +0800] "GET /xingrg/kc/buy/cgsh_order_operate.html?command=get_materiel&rest_code=00106&code=00101009062&supplier_code=00100022&order_time=2021-10-03 HTTP/1.1" 302 -
101.91.62.89 - - [03/Oct/2021:10:54:02 +0800] "GET /xingrg/login.html HTTP/1.1" 200 7641
114.83.220.18 - - [03/Oct/2021:10:54:02 +0800] "GET /xingrg/all/function/internal_message.html?_=1633229642185&CODE_STATE=getMsg HTTP/1.1" 200 27
114.83.220.18 - - [03/Oct/2021:10:54:03 +0800] "GET /xingrg/kc/base/wldb_order_operate.html?command=get_materiel&rest_code=00149&base_code=0010394&code=00101027001 HTTP/1.1" 200 471
180.152.237.0 - - [03/Oct/2021:10:54:03 +0800] "GET /xingrg/kc/buy/cgsh_order_list.html HTTP/1.1" 200 48878
180.152.237.0 - - [03/Oct/2021:10:54:04 +0800] "POST /xingrg/kc/buy/cgsh_list_operate.html HTTP/1.1" 200 876
180.152.237.0 - - [03/Oct/2021:10:54:05 +0800] "GET /xingrg/kc/mdqp/pssh_order_list.html HTTP/1.1" 200 17827
180.152.237.0 - - [03/Oct/2021:10:54:05 +0800] "POST /xingrg/kc/mdqp/pssh_list_operate.html HTTP/1.1" 200 5469
120.253.135.82 - - [03/Oct/2021:10:54:06 +0800] "POST /xingrg/kc/buy/cgsh_list_operate.html HTTP/1.1" 200 210
180.152.237.0 - - [03/Oct/2021:10:54:06 +0800] "POST /xingrg/kc/mdqp/pssh_list_operate.html HTTP/1.1" 200 366
120.253.135.82 - - [03/Oct/2021:10:54:07 +0800] "GET /xingrg/kc/buy/cgsh_order_info.html?code=212021100301144 HTTP/1.1" 200 63674
124.79.246.142 - - [03/Oct/2021:10:54:07 +0800] "GET /xingrg/kc/buy/cgsh_order_operate.html?command=get_materiel&rest_code=00104&code=00101006174&supplier_code=00100012&order_time=2021-10-03 HTTP/1.1" 200 414
180.152.237.0 - - [03/Oct/2021:10:54:07 +0800] "POST /xingrg/kc/mdqp/pssh_list_operate.html HTTP/1.1" 200 776
120.253.135.82 - - [03/Oct/2021:10:54:07 +0800] "GET /xingrg/javascript/easyui/themes/default/validatebox.css HTTP/1.1" 404 1104
180.152.237.0 - - [03/Oct/2021:10:54:07 +0800] "POST /xingrg/kc/mdqp/pssh_list_operate.html HTTP/1.1" 200 269
180.152.237.0 - - [03/Oct/2021:10:54:07 +0800] "POST /xingrg/kc/mdqp/pssh_list_operate.html HTTP/1.1" 200 775
120.253.135.82 - - [03/Oct/2021:10:54:07 +0800] "POST /xingrg/kc/buy/cgsh_order_operate.html HTTP/1.1" 200 2684
180.152.237.0 - - [03/Oct/2021:10:54:08 +0800] "POST /xingrg/kc/mdqp/pssh_list_operate.html HTTP/1.1" 200 358
180.152.237.0 - - [03/Oct/2021:10:54:08 +0800] "POST /xingrg/kc/mdqp/pssh_list_operate.html HTTP/1.1" 200 755
114.83.220.18 - - [03/Oct/2021:10:54:08 +0800] "GET /xingrg/kc/base/wldb_order_operate.html?command=get_materiel&rest_code=00149&base_code=0010394&code=00101019058 HTTP/1.1" 200 454
116.230.105.26 - - [03/Oct/2021:10:54:09 +0800] "GET /xingrg/all/function/internal_message.html?_=1633229640484&CODE_STATE=getMsg HTTP/1.1" 200 27
101.89.29.78 - - [03/Oct/2021:10:54:12 +0800] "GET /xingrg/kc/buy/cgsh_order_operate.html?command=get_materiel&rest_code=00106&code=00101009011&supplier_code=00100022&order_time=2021-10-03 HTTP/1.1" 302 -
180.169.147.146 - - [03/Oct/2021:10:54:13 +0800] "GET /xingrg/all/function/internal_message.html?_=1633229655048&CODE_STATE=getMsg HTTP/1.1" 200 27
101.89.29.78 - - [03/Oct/2021:10:54:13 +0800] "GET /xingrg/login.html HTTP/1.1" 200 7641
180.171.130.85 - - [03/Oct/2021:10:54:13 +0800] "POST /xingrg/services/DataTransmitService HTTP/1.1" 200 524
180.171.130.85 - - [03/Oct/2021:10:54:14 +0800] "POST /xingrg/services/DataTransmitService HTTP/1.1" 200 2075
180.152.237.0 - - [03/Oct/2021:10:54:14 +0800] "POST /xingrg/kc/mdqp/pssh_list_operate.html HTTP/1.1" 200 261
180.152.237.0 - - [03/Oct/2021:10:54:14 +0800] "POST /xingrg/kc/mdqp/pssh_list_operate.html HTTP/1.1" 200 461
116.237.74.154 - - [03/Oct/2021:10:54:14 +0800] "POST /xingrg/kc/buy/cgsh_order_operate.html HTTP/1.1" 200 37
180.152.237.0 - - [03/Oct/2021:10:54:14 +0800] "POST /xingrg/kc/mdqp/pssh_list_operate.html HTTP/1.1" 200 256
180.152.237.0 - - [03/Oct/2021:10:54:15 +0800] "POST /xingrg/kc/mdqp/pssh_list_operate.html HTTP/1.1" 200 802
114.83.220.18 - - [03/Oct/2021:10:54:15 +0800] "GET /xingrg/kc/base/wldb_order_operate.html?command=get_materiel&rest_code=00149&base_code=0010394&code=00101019066 HTTP/1.1" 200 441
180.152.237.0 - - [03/Oct/2021:10:54:17 +0800] "GET /xingrg/kc/buy/cgsh_order_list.html HTTP/1.1" 200 48878
116.237.74.154 - - [03/Oct/2021:10:54:18 +0800] "POST /xingrg/kc/buy/cgsh_order_operate.html HTTP/1.1" 200 12
120.253.135.82 - - [03/Oct/2021:10:54:18 +0800] "POST /xingrg/kc/buy/cgsh_list_operate.html HTTP/1.1" 200 1674
180.152.237.0 - - [03/Oct/2021:10:54:19 +0800] "POST /xingrg/kc/buy/cgsh_list_operate.html HTTP/1.1" 200 876
116.237.74.154 - - [03/Oct/2021:10:54:19 +0800] "GET /xingrg/kc/buy/cgsh_order_info.html?code=212021100301145 HTTP/1.1" 200 59531
116.237.74.154 - - [03/Oct/2021:10:54:19 +0800] "GET /xingrg/check_reg.html?_=1633229657620 HTTP/1.1" 200 22
116.237.74.154 - - [03/Oct/2021:10:54:19 +0800] "GET /xingrg/all/function/internal_message.html?_=1633229657508&CODE_STATE=getMsg HTTP/1.1" 200 27
116.237.74.154 - - [03/Oct/2021:10:54:19 +0800] "GET /xingrg/javascript/easyui/themes/default/validatebox.css HTTP/1.1" 404 1104
101.89.19.197 - - [03/Oct/2021:10:54:20 +0800] "GET /xingrg/all/function/internal_message.html?_=1633229595729&CODE_STATE=getMsg HTTP/1.1" 302 -
116.237.74.154 - - [03/Oct/2021:10:54:20 +0800] "POST /xingrg/kc/buy/cgsh_order_operate.html HTTP/1.1" 200 4161
116.237.74.154 - - [03/Oct/2021:10:54:20 +0800] "GET /xingrg/all/function/internal_message.html?_=1633229655703&CODE_STATE=getMsg HTTP/1.1" 200 27
101.89.19.197 - - [03/Oct/2021:10:54:21 +0800] "GET /xingrg/login.html HTTP/1.1" 200 7641
222.70.246.151 - - [03/Oct/2021:10:54:22 +0800] "GET /xingrg/all/function/internal_message.html?_=1633229663433&CODE_STATE=getMsg HTTP/1.1" 200 27
116.237.74.154 - - [03/Oct/2021:10:54:22 +0800] "GET /xingrg/kc/print/load_data.html?order_code=212021100301145&kc_code=cgsh&condition= HTTP/1.1" 200 2087
180.169.147.146 - - [03/Oct/2021:10:54:22 +0800] "GET /xingrg/all/function/internal_message.html?_=1633229709363&CODE_STATE=getMsg HTTP/1.1" 200 27
114.83.220.18 - - [03/Oct/2021:10:54:25 +0800] "POST /xingrg/kc/base/wldb_order_operate.html HTTP/1.1" 200 37
114.83.220.18 - - [03/Oct/2021:10:54:26 +0800] "POST /xingrg/kc/base/wldb_order_operate.html HTTP/1.1" 200 3691
114.83.220.18 - - [03/Oct/2021:10:54:26 +0800] "GET /xingrg/kc/base/wldb_order_info.html?code=422021100300257 HTTP/1.1" 200 30459
114.83.220.18 - - [03/Oct/2021:10:54:27 +0800] "GET /xingrg/javascript/easyui/themes/default/validatebox.css HTTP/1.1" 404 1104
114.83.220.18 - - [03/Oct/2021:10:54:27 +0800] "POST /xingrg/kc/base/wldb_order_operate.html HTTP/1.1" 200 3691
116.237.74.154 - - [03/Oct/2021:10:54:27 +0800] "GET /xingrg/kc/print/load_data.html?order_code=212021100301145&kc_code=cgsh HTTP/1.1" 200 2087
222.70.178.96 - - [03/Oct/2021:10:54:28 +0800] "GET /xingrg/all/function/internal_message.html?_=1633229666294&CODE_STATE=getMsg HTTP/1.1" 200 27
180.169.147.146 - - [03/Oct/2021:10:54:29 +0800] "GET /xingrg/all/function/internal_message.html?_=1633229670898&CODE_STATE=getMsg HTTP/1.1" 200 27
58.37.227.186 - - [03/Oct/2021:10:54:31 +0800] "GET /xingrg/all/function/internal_message.html?_=1633229529880&CODE_STATE=getMsg HTTP/1.1" 200 27
180.157.253.110 - - [03/Oct/2021:10:54:32 +0800] "GET /xingrg/all/function/internal_message.html?_=1633229673074&CODE_STATE=getMsg HTTP/1.1" 200 27
116.238.248.233 - - [03/Oct/2021:10:54:33 +0800] "GET /xingrg/all/function/internal_message.html?_=1633229671990&CODE_STATE=getMsg HTTP/1.1" 200 27
61.151.178.163 - - [03/Oct/2021:10:54:40 +0800] "GET /xingrg/kc/buy/cgsh_order_operate.html?command=get_materiel&rest_code=00106&code=00101009013&supplier_code=00100022&order_time=2021-10-03 HTTP/1.1" 302 -
61.151.178.163 - - [03/Oct/2021:10:54:42 +0800] "GET /xingrg/login.html HTTP/1.1" 200 7641
180.169.147.146 - - [03/Oct/2021:10:54:46 +0800] "GET /xingrg/all/function/internal_message.html?_=1633229685634&CODE_STATE=getMsg HTTP/1.1" 200 27
180.152.237.0 - - [03/Oct/2021:10:54:47 +0800] "GET /xingrg/all/function/internal_message.html?_=1633229686795&CODE_STATE=getMsg HTTP/1.1" 200 27
124.79.246.142 - - [03/Oct/2021:10:54:50 +0800] "GET /xingrg/all/function/internal_message.html?_=1633229794246&CODE_STATE=getMsg HTTP/1.1" 200 27
124.79.246.142 - - [03/Oct/2021:10:54:50 +0800] "GET /xingrg/check_reg.html?_=1633229794300 HTTP/1.1" 200 22
180.152.237.0 - - [03/Oct/2021:10:54:50 +0800] "POST /xingrg/kc/buy/cgsh_list_operate.html HTTP/1.1" 200 876
124.79.246.142 - - [03/Oct/2021:10:54:54 +0800] "POST /xingrg/kc/buy/cgsh_order_operate.html HTTP/1.1" 200 37
124.79.246.142 - - [03/Oct/2021:10:54:56 +0800] "POST /xingrg/kc/buy/cgsh_order_operate.html HTTP/1.1" 200 7437
58.39.139.200 - - [03/Oct/2021:10:54:57 +0800] "GET /xingrg/all/function/internal_message.html?_=1633229696550&CODE_STATE=getMsg HTTP/1.1" 200 27
172.20.0.100 - - [03/Oct/2021:10:54:57 +0800] "GET /xingrg/all/function/internal_message.html?_=1633229697524&CODE_STATE=getMsg HTTP/1.1" 200 27
124.79.246.142 - - [03/Oct/2021:10:54:58 +0800] "GET /xingrg/kc/print/load_data.html?order_code=212021100301146&kc_code=cgsh&condition= HTTP/1.1" 200 2612
180.169.147.146 - - [03/Oct/2021:10:54:59 +0800] "GET /xingrg/login.html HTTP/1.1" 200 7641
101.89.29.78 - - [03/Oct/2021:10:55:00 +0800] "GET /xingrg/kc/buy/cgsh_order_operate.html?command=get_materiel&rest_code=00106&code=00101009031&supplier_code=00100022&order_time=2021-10-03 HTTP/1.1" 302 -
101.89.29.78 - - [03/Oct/2021:10:55:00 +0800] "GET /xingrg/login.html HTTP/1.1" 200 7641
180.169.147.146 - - [03/Oct/2021:10:55:01 +0800] "GET /xingrg/images/blue/jxLogo.png HTTP/1.1" 304 -
180.169.147.146 - - [03/Oct/2021:10:55:02 +0800] "GET /xingrg/images/blue/login_bg.png HTTP/1.1" 304 -
180.169.147.146 - - [03/Oct/2021:10:55:02 +0800] "GET /xingrg/images/blue/hj.png HTTP/1.1" 304 -
180.169.147.146 - - [03/Oct/2021:10:55:02 +0800] "GET /xingrg/images/blue/srbg.png HTTP/1.1" 304 -
114.83.220.18 - - [03/Oct/2021:10:55:02 +0800] "GET /xingrg/all/function/internal_message.html?_=1633229702165&CODE_STATE=getMsg HTTP/1.1" 200 27
180.169.147.146 - - [03/Oct/2021:10:55:03 +0800] "GET /favicon.ico HTTP/1.1" 404 -
180.169.147.146 - - [03/Oct/2021:10:55:05 +0800] "POST /xingrg/login.do HTTP/1.1" 302 -
180.169.147.146 - - [03/Oct/2021:10:55:05 +0800] "GET /xingrg/index.html?sysBaseUrl=http%3A%2F%2F180.169.147.146%3A18081%2Fxingrg%2F&costTime=46×tamp=1633229705570 HTTP/1.1" 200 17503
180.169.147.146 - - [03/Oct/2021:10:55:05 +0800] "GET /xingrg/javascript/jquery_easy_ui/themes/default/easyui.css HTTP/1.1" 304 -
180.169.147.146 - - [03/Oct/2021:10:55:05 +0800] "GET /xingrg/javascript/jquery_easy_ui/themes/icon.css HTTP/1.1" 304 -
180.169.147.146 - - [03/Oct/2021:10:55:05 +0800] "GET /xingrg/css/form.css HTTP/1.1" 304 -
180.169.147.146 - - [03/Oct/2021:10:55:05 +0800] "GET /xingrg/javascript/jquery-1.4.2.min.js HTTP/1.1" 304 -
180.169.147.146 - - [03/Oct/2021:10:55:05 +0800] "GET /xingrg/javascript/jquery_easy_ui/jquery.easyui.min.js HTTP/1.1" 304 -
180.169.147.146 - - [03/Oct/2021:10:55:05 +0800] "GET /xingrg/javascript/jquery_easy_ui/easyui-lang-zh_CN.js HTTP/1.1" 304 -
180.169.147.146 - - [03/Oct/2021:10:55:05 +0800] "GET /xingrg/javascript/jquery.form.js HTTP/1.1" 304 -
180.169.147.146 - - [03/Oct/2021:10:55:05 +0800] "GET /xingrg/javascript/jquery.utils.js HTTP/1.1" 304 -
180.169.147.146 - - [03/Oct/2021:10:55:05 +0800] "GET /xingrg/javascript/jquery.timers.js HTTP/1.1" 304 -
180.169.147.146 - - [03/Oct/2021:10:55:06 +0800] "GET /xingrg/images/blue/navBackgound.jpg HTTP/1.1" 304 -
180.169.147.146 - - [03/Oct/2021:10:55:06 +0800] "GET /xingrg/javascript/jquery_easy_ui/themes/icons/settle_new.png HTTP/1.1" 304 -
180.169.147.146 - - [03/Oct/2021:10:55:07 +0800] "POST /xingrg/all/common/load_tree.html?tree=area_rest_tree_json&manage=1 HTTP/1.1" 200 3472
180.169.147.146 - - [03/Oct/2021:10:55:07 +0800] "GET /xingrg/images/blue/pingpu.png HTTP/1.1" 304 -
180.169.147.146 - - [03/Oct/2021:10:55:07 +0800] "GET /xingrg/javascript/jquery_easy_ui/themes/default/images/tabs_leftarrow.png HTTP/1.1" 304 -
180.169.147.146 - - [03/Oct/2021:10:55:07 +0800] "GET /xingrg/javascript/jquery_easy_ui/themes/default/images/tabs_rightarrow.png HTTP/1.1" 304 -
180.169.147.146 - - [03/Oct/2021:10:55:07 +0800] "GET /xingrg/javascript/jquery_easy_ui/themes/default/images/panel_tool_collapse.gif HTTP/1.1" 304 -
180.169.147.146 - - [03/Oct/2021:10:55:07 +0800] "GET /xingrg/javascript/jquery_easy_ui/themes/default/images/panel_tool_expand.gif HTTP/1.1" 304 -
180.169.147.146 - - [03/Oct/2021:10:55:08 +0800] "GET /xingrg/check_reg.html?_=1633229709395 HTTP/1.1" 200 22
180.169.147.146 - - [03/Oct/2021:10:55:08 +0800] "GET /xingrg/all/function/internal_message.html?_=1633229709394&CODE_STATE=count HTTP/1.1" 200 11
180.169.147.146 - - [03/Oct/2021:10:55:08 +0800] "POST /xingrg/load_menu.html HTTP/1.1" 200 11564
180.169.147.146 - - [03/Oct/2021:10:55:08 +0800] "GET /xingrg/javascript/jquery_easy_ui/themes/default/images/tree_arrows.gif HTTP/1.1" 304 -
180.169.147.146 - - [03/Oct/2021:10:55:09 +0800] "GET /xingrg/javascript/jquery_easy_ui/themes/default/images/tree_folder_open.gif HTTP/1.1" 304 -
180.169.147.146 - - [03/Oct/2021:10:55:09 +0800] "GET /xingrg/javascript/jquery_easy_ui/themes/icons/search_new.png HTTP/1.1" 304 -
116.230.105.26 - - [03/Oct/2021:10:55:09 +0800] "GET /xingrg/all/function/internal_message.html?_=1633229700499&CODE_STATE=getMsg HTTP/1.1" 200 27
180.169.147.146 - - [03/Oct/2021:10:55:09 +0800] "GET /xingrg/javascript/jquery_easy_ui/themes/icons/delivery_new.png HTTP/1.1" 304 -
180.169.147.146 - - [03/Oct/2021:10:55:09 +0800] "GET /xingrg/javascript/jquery_easy_ui/themes/icons/storage_new.png HTTP/1.1" 304 -
180.169.147.146 - - [03/Oct/2021:10:55:09 +0800] "GET /xingrg/javascript/jquery_easy_ui/themes/icons/checkout_new.png HTTP/1.1" 304 -
180.169.147.146 - - [03/Oct/2021:10:55:09 +0800] "GET /xingrg/javascript/jquery_easy_ui/themes/icons/forms_new.png HTTP/1.1" 304 -
180.169.147.146 - - [03/Oct/2021:10:55:09 +0800] "GET /xingrg/javascript/jquery_easy_ui/themes/icons/setting_new.png HTTP/1.1" 304 -
180.169.147.146 - - [03/Oct/2021:10:55:09 +0800] "GET /xingrg/javascript/jquery_easy_ui/themes/icons/systemset_new.png HTTP/1.1" 304 -
180.169.147.146 - - [03/Oct/2021:10:55:09 +0800] "GET /xingrg/javascript/jquery_easy_ui/themes/default/images/tree_file.gif HTTP/1.1" 304 -
180.169.147.146 - - [03/Oct/2021:10:55:09 +0800] "GET /xingrg/javascript/jquery_easy_ui/themes/default/images/tree_folder.gif HTTP/1.1" 304 -
180.169.147.146 - - [03/Oct/2021:10:55:13 +0800] "GET /xingrg/all/function/internal_message.html?_=1633229715048&CODE_STATE=getMsg HTTP/1.1" 200 27
180.169.147.146 - - [03/Oct/2021:10:55:13 +0800] "GET /favicon.ico HTTP/1.1" 404 -
116.237.74.154 - - [03/Oct/2021:10:55:17 +0800] "GET /xingrg/all/function/internal_message.html?_=1633229717478&CODE_STATE=getMsg HTTP/1.1" 200 27
116.237.74.154 - - [03/Oct/2021:10:55:20 +0800] "GET /xingrg/all/function/internal_message.html?_=1633229715684&CODE_STATE=getMsg HTTP/1.1" 200 27
222.70.246.151 - - [03/Oct/2021:10:55:22 +0800] "GET /xingrg/all/function/internal_message.html?_=1633229723584&CODE_STATE=getMsg HTTP/1.1" 200 27
180.169.147.146 - - [03/Oct/2021:10:55:22 +0800] "GET /xingrg/all/function/internal_message.html?_=1633229769368&CODE_STATE=getMsg HTTP/1.1" 200 27
120.253.135.82 - - [03/Oct/2021:10:55:22 +0800] "GET /xingrg/check_reg.html?_=1633229493587 HTTP/1.1" 200 22
180.152.237.0 - - [03/Oct/2021:10:55:24 +0800] "GET /xingrg/kc/mdqp/pssh_order_list.html HTTP/1.1" 200 17827
180.152.237.0 - - [03/Oct/2021:10:55:24 +0800] "POST /xingrg/kc/mdqp/pssh_list_operate.html HTTP/1.1" 200 5469
116.237.74.154 - - [03/Oct/2021:10:55:25 +0800] "GET /xingrg/login.html?r=1 HTTP/1.1" 200 7641
116.237.74.154 - - [03/Oct/2021:10:55:25 +0800] "GET /favicon.ico HTTP/1.1" 404 -
180.152.237.0 - - [03/Oct/2021:10:55:25 +0800] "GET /xingrg/kc/base/yddb_order_list.html HTTP/1.1" 200 16830
180.152.237.0 - - [03/Oct/2021:10:55:26 +0800] "POST /xingrg/kc/base/yddb_list_operate.html HTTP/1.1" 200 636
61.151.178.249 - - [03/Oct/2021:10:55:27 +0800] "GET /xingrg/kc/print/load_data.html?order_code=212021100301145&kc_code=cgsh HTTP/1.1" 302 -
61.151.178.249 - - [03/Oct/2021:10:55:27 +0800] "GET /xingrg/login.html HTTP/1.1" 200 7641
180.152.237.0 - - [03/Oct/2021:10:55:27 +0800] "POST /xingrg/kc/base/yddb_list_operate.html HTTP/1.1" 200 4301
180.169.147.146 - - [03/Oct/2021:10:55:27 +0800] "GET /xingrg/javascript/jquery_easy_ui/themes/icons/area.png HTTP/1.1" 304 -
180.169.147.146 - - [03/Oct/2021:10:55:27 +0800] "GET /xingrg/javascript/jquery_easy_ui/themes/icons/manage.png HTTP/1.1" 304 -
180.169.147.146 - - [03/Oct/2021:10:55:27 +0800] "GET /xingrg/javascript/jquery_easy_ui/themes/icons/rest.png HTTP/1.1" 304 -
180.169.147.146 - - [03/Oct/2021:10:55:27 +0800] "GET /xingrg/javascript/jquery_easy_ui/themes/default/images/button_a_bg.gif HTTP/1.1" 304 -
180.169.147.146 - - [03/Oct/2021:10:55:27 +0800] "GET /xingrg/javascript/jquery_easy_ui/themes/default/images/button_span_bg.gif HTTP/1.1" 304 -
180.169.147.146 - - [03/Oct/2021:10:55:27 +0800] "GET /xingrg/javascript/jquery_easy_ui/themes/icons/ok.png HTTP/1.1" 304 -
180.169.147.146 - - [03/Oct/2021:10:55:27 +0800] "GET /xingrg/javascript/jquery_easy_ui/themes/default/images/panel_tools.gif HTTP/1.1" 304 -
180.169.147.146 - - [03/Oct/2021:10:55:27 +0800] "GET /xingrg/javascript/jquery_easy_ui/themes/default/images/panel_title.png HTTP/1.1" 304 -
222.70.178.96 - - [03/Oct/2021:10:55:28 +0800] "GET /xingrg/all/function/internal_message.html?_=1633229726278&CODE_STATE=getMsg HTTP/1.1" 200 27
180.152.237.0 - - [03/Oct/2021:10:55:29 +0800] "POST /xingrg/kc/base/yddb_list_operate.html HTTP/1.1" 200 4389
180.169.147.146 - - [03/Oct/2021:10:55:29 +0800] "GET /xingrg/check_reg.html?_=1633229730903 HTTP/1.1" 200 22
180.169.147.146 - - [03/Oct/2021:10:55:29 +0800] "GET /xingrg/all/function/internal_message.html?_=1633229730907&CODE_STATE=getMsg HTTP/1.1" 200 27
180.152.237.0 - - [03/Oct/2021:10:55:30 +0800] "POST /xingrg/kc/base/yddb_list_operate.html HTTP/1.1" 200 4408
180.169.147.146 - - [03/Oct/2021:10:55:30 +0800] "GET /xingrg/images/control/ajaxLoader.gif HTTP/1.1" 304 -
180.169.147.146 - - [03/Oct/2021:10:55:30 +0800] "POST /xingrg/all/user/operate.html HTTP/1.1" 200 36
180.169.147.146 - - [03/Oct/2021:10:55:31 +0800] "GET /xingrg/index.html?sysBaseUrl=http%3A%2F%2F180.169.147.146%3A18081%2Fxingrg%2F&costTime=46×tamp=1633229705570 HTTP/1.1" 200 17509
180.169.147.146 - - [03/Oct/2021:10:55:31 +0800] "GET /xingrg/javascript/jquery_easy_ui/themes/default/easyui.css HTTP/1.1" 304 -
180.169.147.146 - - [03/Oct/2021:10:55:31 +0800] "GET /xingrg/javascript/jquery_easy_ui/themes/icon.css HTTP/1.1" 304 -
180.169.147.146 - - [03/Oct/2021:10:55:31 +0800] "GET /xingrg/css/form.css HTTP/1.1" 304 -
180.169.147.146 - - [03/Oct/2021:10:55:31 +0800] "GET /xingrg/javascript/jquery-1.4.2.min.js HTTP/1.1" 304 -
180.169.147.146 - - [03/Oct/2021:10:55:31 +0800] "GET /xingrg/javascript/jquery_easy_ui/jquery.easyui.min.js HTTP/1.1" 304 -
180.152.237.0 - - [03/Oct/2021:10:55:31 +0800] "POST /xingrg/kc/base/yddb_list_operate.html HTTP/1.1" 200 4301
180.169.147.146 - - [03/Oct/2021:10:55:31 +0800] "GET /xingrg/javascript/jquery_easy_ui/easyui-lang-zh_CN.js HTTP/1.1" 304 -
180.169.147.146 - - [03/Oct/2021:10:55:31 +0800] "GET /xingrg/javascript/jquery.form.js HTTP/1.1" 304 -
180.169.147.146 - - [03/Oct/2021:10:55:31 +0800] "GET /xingrg/javascript/jquery.utils.js HTTP/1.1" 304 -
180.169.147.146 - - [03/Oct/2021:10:55:31 +0800] "GET /xingrg/javascript/jquery.timers.js HTTP/1.1" 304 -
180.169.147.146 - - [03/Oct/2021:10:55:31 +0800] "GET /xingrg/images/blue/jxLogo.png HTTP/1.1" 304 -
180.169.147.146 - - [03/Oct/2021:10:55:31 +0800] "GET /xingrg/images/blue/navBackgound.jpg HTTP/1.1" 304 -
180.169.147.146 - - [03/Oct/2021:10:55:31 +0800] "GET /xingrg/javascript/jquery_easy_ui/themes/icons/settle_new.png HTTP/1.1" 304 -
180.169.147.146 - - [03/Oct/2021:10:55:31 +0800] "GET /xingrg/javascript/jquery_easy_ui/themes/default/images/tabs_leftarrow.png HTTP/1.1" 304 -
180.169.147.146 - - [03/Oct/2021:10:55:31 +0800] "GET /xingrg/images/blue/pingpu.png HTTP/1.1" 304 -
180.169.147.146 - - [03/Oct/2021:10:55:31 +0800] "GET /xingrg/javascript/jquery_easy_ui/themes/default/images/tabs_rightarrow.png HTTP/1.1" 304 -
180.169.147.146 - - [03/Oct/2021:10:55:31 +0800] "GET /xingrg/javascript/jquery_easy_ui/themes/default/images/panel_tool_collapse.gif HTTP/1.1" 304 -
180.169.147.146 - - [03/Oct/2021:10:55:31 +0800] "POST /xingrg/all/common/load_tree.html?tree=area_rest_tree_json&manage=1 HTTP/1.1" 200 3472
180.169.147.146 - - [03/Oct/2021:10:55:31 +0800] "GET /xingrg/javascript/jquery_easy_ui/themes/default/images/panel_tool_expand.gif HTTP/1.1" 304 -
180.169.147.146 - - [03/Oct/2021:10:55:31 +0800] "GET /xingrg/all/function/internal_message.html?_=1633229732781&CODE_STATE=count HTTP/1.1" 200 11
180.169.147.146 - - [03/Oct/2021:10:55:31 +0800] "GET /xingrg/check_reg.html?_=1633229732783 HTTP/1.1" 200 22
180.169.147.146 - - [03/Oct/2021:10:55:31 +0800] "POST /xingrg/load_menu.html HTTP/1.1" 200 9959
58.37.227.186 - - [03/Oct/2021:10:55:32 +0800] "GET /xingrg/all/function/internal_message.html?_=1633229589890&CODE_STATE=getMsg HTTP/1.1" 200 27
180.152.237.0 - - [03/Oct/2021:10:55:32 +0800] "POST /xingrg/kc/base/yddb_list_operate.html HTTP/1.1" 200 221
180.157.253.110 - - [03/Oct/2021:10:55:32 +0800] "GET /xingrg/all/function/internal_message.html?_=1633229733076&CODE_STATE=getMsg HTTP/1.1" 200 27
116.238.248.233 - - [03/Oct/2021:10:55:33 +0800] "GET /xingrg/all/function/internal_message.html?_=1633229731993&CODE_STATE=getMsg HTTP/1.1" 200 27
180.152.237.0 - - [03/Oct/2021:10:55:33 +0800] "POST /xingrg/kc/base/yddb_list_operate.html HTTP/1.1" 200 203
180.169.147.146 - - [03/Oct/2021:10:55:35 +0800] "GET /xingrg/kc/report/report_main.html HTTP/1.1" 200 7345
180.169.147.146 - - [03/Oct/2021:10:55:35 +0800] "GET /xingrg/javascript/jquery_easy_ui/themes/default/images/tabs_close.gif HTTP/1.1" 304 -
180.169.147.146 - - [03/Oct/2021:10:55:35 +0800] "GET /xingrg/css/blue.css HTTP/1.1" 304 -
180.169.147.146 - - [03/Oct/2021:10:55:35 +0800] "GET /xingrg/kc/report/report_main.html HTTP/1.1" 200 7345
180.169.147.146 - - [03/Oct/2021:10:55:35 +0800] "GET /xingrg/javascript/jquery_ui/themes/humanity/humanity.css HTTP/1.1" 304 -
180.169.147.146 - - [03/Oct/2021:10:55:35 +0800] "GET /xingrg/javascript/pic_change.js HTTP/1.1" 304 -
180.169.147.146 - - [03/Oct/2021:10:55:35 +0800] "GET /xingrg/javascript/myfunction.js HTTP/1.1" 304 -
180.169.147.146 - - [03/Oct/2021:10:55:35 +0800] "GET /xingrg/javascript/json2.js HTTP/1.1" 304 -
180.169.147.146 - - [03/Oct/2021:10:55:35 +0800] "GET /xingrg/javascript/jquery_easy_ui/themes/icons/back_new.png HTTP/1.1" 304 -
180.152.237.0 - - [03/Oct/2021:10:55:39 +0800] "POST /xingrg/kc/base/yddb_list_operate.html HTTP/1.1" 200 284
180.152.237.0 - - [03/Oct/2021:10:55:43 +0800] "GET /xingrg/kc/mdqp/pssh_order_list.html HTTP/1.1" 200 17827
180.152.237.0 - - [03/Oct/2021:10:55:43 +0800] "POST /xingrg/kc/mdqp/pssh_list_operate.html HTTP/1.1" 200 5469
180.152.237.0 - - [03/Oct/2021:10:55:44 +0800] "GET /xingrg/kc/base/yddb_order_list.html HTTP/1.1" 200 16830
180.152.237.0 - - [03/Oct/2021:10:55:44 +0800] "POST /xingrg/kc/base/yddb_list_operate.html HTTP/1.1" 200 636
180.169.147.146 - - [03/Oct/2021:10:55:46 +0800] "GET /xingrg/all/function/internal_message.html?_=1633229745615&CODE_STATE=getMsg HTTP/1.1" 200 27
180.152.237.0 - - [03/Oct/2021:10:55:47 +0800] "GET /xingrg/check_reg.html?_=1633229746269 HTTP/1.1" 200 22
180.152.237.0 - - [03/Oct/2021:10:55:47 +0800] "GET /xingrg/all/function/internal_message.html?_=1633229746808&CODE_STATE=getMsg HTTP/1.1" 200 27
124.79.246.142 - - [03/Oct/2021:10:55:50 +0800] "GET /xingrg/all/function/internal_message.html?_=1633229854241&CODE_STATE=getMsg HTTP/1.1" 200 27
58.39.139.200 - - [03/Oct/2021:10:55:57 +0800] "GET /xingrg/all/function/internal_message.html?_=1633229756522&CODE_STATE=getMsg HTTP/1.1" 200 27
172.20.0.100 - - [03/Oct/2021:10:55:57 +0800] "GET /xingrg/all/function/internal_message.html?_=1633229757531&CODE_STATE=getMsg HTTP/1.1" 200 27
180.152.237.0 - - [03/Oct/2021:10:56:01 +0800] "GET /xingrg/kc/buy/cgsh_order_list.html HTTP/1.1" 200 48878
180.152.237.0 - - [03/Oct/2021:10:56:02 +0800] "GET /xingrg/kc/buy/cgsh_order_list.html HTTP/1.1" 200 48878
180.152.237.0 - - [03/Oct/2021:10:56:02 +0800] "POST /xingrg/kc/buy/cgsh_list_operate.html HTTP/1.1" 200 876
114.83.220.18 - - [03/Oct/2021:10:56:02 +0800] "GET /xingrg/all/function/internal_message.html?_=1633229762233&CODE_STATE=getMsg HTTP/1.1" 200 27
180.152.237.0 - - [03/Oct/2021:10:56:02 +0800] "POST /xingrg/kc/buy/cgsh_list_operate.html HTTP/1.1" 200 876
180.152.237.0 - - [03/Oct/2021:10:56:03 +0800] "GET /xingrg/kc/buy/cgsh_order_add.html HTTP/1.1" 200 64581
180.152.237.0 - - [03/Oct/2021:10:56:03 +0800] "POST /xingrg/kc/buy/cgsh_order_operate.html HTTP/1.1" 200 8245
180.152.237.0 - - [03/Oct/2021:10:56:04 +0800] "GET /xingrg/javascript/easyui/themes/default/validatebox.css HTTP/1.1" 404 1104
116.237.74.154 - - [03/Oct/2021:10:56:05 +0800] "POST /xingrg/login.do HTTP/1.1" 302 -
116.237.74.154 - - [03/Oct/2021:10:56:05 +0800] "GET /xingrg/index.html?sysBaseUrl=http%3A%2F%2F180.169.147.146%3A18081%2Fxingrg%2F&costTime=40×tamp=1633229765074 HTTP/1.1" 200 17173
116.237.74.154 - - [03/Oct/2021:10:56:05 +0800] "GET /favicon.ico HTTP/1.1" 404 -
116.237.74.154 - - [03/Oct/2021:10:56:05 +0800] "POST /xingrg/all/common/load_tree.html?tree=area_rest_tree_json&manage=1 HTTP/1.1" 200 342
116.237.74.154 - - [03/Oct/2021:10:56:05 +0800] "GET /xingrg/all/function/internal_message.html?_=1633229765737&CODE_STATE=count HTTP/1.1" 200 11
116.237.74.154 - - [03/Oct/2021:10:56:05 +0800] "GET /xingrg/check_reg.html?_=1633229765739 HTTP/1.1" 200 22
116.237.74.154 - - [03/Oct/2021:10:56:05 +0800] "POST /xingrg/load_menu.html HTTP/1.1" 200 5138
180.152.237.0 - - [03/Oct/2021:10:56:07 +0800] "GET /xingrg/javascript/auto/indicator.gif HTTP/1.1" 404 1066
116.230.105.26 - - [03/Oct/2021:10:56:09 +0800] "GET /xingrg/all/function/internal_message.html?_=1633229760499&CODE_STATE=getMsg HTTP/1.1" 200 27
180.152.237.0 - - [03/Oct/2021:10:56:11 +0800] "GET /xingrg/javascript/jquery_tools/images/prev.gif HTTP/1.1" 404 1086
180.152.237.0 - - [03/Oct/2021:10:56:11 +0800] "GET /xingrg/javascript/jquery_tools/images/next.gif HTTP/1.1" 404 1086
116.237.74.154 - - [03/Oct/2021:10:56:11 +0800] "GET /xingrg/kc/buy/buy_main.html HTTP/1.1" 200 12412
116.237.74.154 - - [03/Oct/2021:10:56:11 +0800] "GET /xingrg/css/new_ie.css HTTP/1.1" 404 1036
180.169.147.146 - - [03/Oct/2021:10:56:13 +0800] "GET /xingrg/all/function/internal_message.html?_=1633229775060&CODE_STATE=getMsg HTTP/1.1" 200 27
180.152.237.0 - - [03/Oct/2021:10:56:17 +0800] "GET /xingrg/kc/buy/cgsh_order_operate.html?command=get_materiel&rest_code=00102&code=00101008091&supplier_code=00100008&order_time=2021-10-03 HTTP/1.1" 200 413
116.237.74.154 - - [03/Oct/2021:10:56:17 +0800] "GET /xingrg/all/function/internal_message.html?_=1633229777463&CODE_STATE=getMsg HTTP/1.1" 200 27
116.232.50.208 - - [03/Oct/2021:10:56:19 +0800] "GET /xingrg/check_reg.html?_=1633229781044 HTTP/1.1" 200 22
116.232.50.208 - - [03/Oct/2021:10:56:19 +0800] "GET /xingrg/all/function/internal_message.html?_=1633229781044&CODE_STATE=getMsg HTTP/1.1" 200 27
116.232.50.208 - - [03/Oct/2021:10:56:19 +0800] "POST /xingrg/kc/buy/cgsh_order_operate.html HTTP/1.1" 200 6209
61.151.178.180 - - [03/Oct/2021:10:56:20 +0800] "GET /xingrg/all/function/internal_message.html?_=1633229715684&CODE_STATE=getMsg HTTP/1.1" 302 -
116.237.74.154 - - [03/Oct/2021:10:56:20 +0800] "GET /xingrg/all/function/internal_message.html?_=1633229775659&CODE_STATE=getMsg HTTP/1.1" 200 27
116.237.74.154 - - [03/Oct/2021:10:56:21 +0800] "GET /xingrg/check_reg.html?_=1633229776015 HTTP/1.1" 200 22
61.151.178.180 - - [03/Oct/2021:10:56:21 +0800] "GET /xingrg/login.html HTTP/1.1" 200 7641
116.232.50.208 - - [03/Oct/2021:10:56:21 +0800] "GET /xingrg/kc/mdqp/qp_main.html HTTP/1.1" 200 10633
116.232.50.208 - - [03/Oct/2021:10:56:21 +0800] "GET /xingrg/images/blue/button/qqpsd.gif HTTP/1.1" 200 2548
116.232.50.208 - - [03/Oct/2021:10:56:21 +0800] "GET /xingrg/images/blue/button/pszx.gif HTTP/1.1" 200 2648
116.232.50.208 - - [03/Oct/2021:10:56:21 +0800] "GET /xingrg/images/blue/button/psshd.gif HTTP/1.1" 200 2692
124.79.246.142 - - [03/Oct/2021:10:56:22 +0800] "POST /xingrg/kc/buy/cgsh_order_operate.html HTTP/1.1" 200 37
222.70.246.151 - - [03/Oct/2021:10:56:22 +0800] "GET /xingrg/all/function/internal_message.html?_=1633229783585&CODE_STATE=getMsg HTTP/1.1" 200 27
180.169.147.146 - - [03/Oct/2021:10:56:22 +0800] "GET /xingrg/all/function/internal_message.html?_=1633229829359&CODE_STATE=getMsg HTTP/1.1" 200 27
116.232.50.208 - - [03/Oct/2021:10:56:22 +0800] "GET /xingrg/kc/mdqp/qqps_order_list.html HTTP/1.1" 200 9222
116.232.50.208 - - [03/Oct/2021:10:56:22 +0800] "GET /xingrg/dwr/interface/AjaxReportQueryService.js HTTP/1.1" 200 13203
116.232.50.208 - - [03/Oct/2021:10:56:22 +0800] "GET /xingrg/dwr/interface/AjaxQqpsService.js HTTP/1.1" 200 16326
116.232.50.208 - - [03/Oct/2021:10:56:22 +0800] "GET /xingrg/dwr/engine.js HTTP/1.1" 200 43631
116.232.50.208 - - [03/Oct/2021:10:56:22 +0800] "GET /xingrg/javascript/Calendar.js HTTP/1.1" 200 31561
116.232.50.208 - - [03/Oct/2021:10:56:22 +0800] "GET /xingrg/dwr/util.js HTTP/1.1" 200 35990
116.232.50.208 - - [03/Oct/2021:10:56:23 +0800] "GET /xingrg/javascript/jquery_easy_ui/themes/icons/edit_add_new.png HTTP/1.1" 200 2997
116.232.50.208 - - [03/Oct/2021:10:56:23 +0800] "GET /xingrg/javascript/jquery_easy_ui/themes/icons/uncheck_new.png HTTP/1.1" 200 3197
116.232.50.208 - - [03/Oct/2021:10:56:23 +0800] "GET /xingrg/javascript/jquery_easy_ui/themes/icons/cance_new.png HTTP/1.1" 200 3986
116.232.50.208 - - [03/Oct/2021:10:56:23 +0800] "GET /xingrg/javascript/jquery_easy_ui/themes/icons/check_new.png HTTP/1.1" 200 3224
124.79.246.142 - - [03/Oct/2021:10:56:25 +0800] "POST /xingrg/kc/buy/cgsh_order_operate.html HTTP/1.1" 200 7437
180.152.237.0 - - [03/Oct/2021:10:56:25 +0800] "GET /xingrg/kc/buy/cgsh_order_operate.html?command=get_materiel&rest_code=00102&code=00101008256&supplier_code=00100008&order_time=2021-10-03 HTTP/1.1" 200 413
116.237.74.154 - - [03/Oct/2021:10:56:26 +0800] "GET /xingrg/kc/base/base_main.html HTTP/1.1" 200 12142
222.70.178.96 - - [03/Oct/2021:10:56:28 +0800] "GET /xingrg/all/function/internal_message.html?_=1633229786263&CODE_STATE=getMsg HTTP/1.1" 200 27
116.237.74.154 - - [03/Oct/2021:10:56:28 +0800] "GET /xingrg/kc/base/wldb_order_list.html HTTP/1.1" 200 19224
116.237.74.154 - - [03/Oct/2021:10:56:28 +0800] "POST /xingrg/kc/base/wldb_list_operate.html HTTP/1.1" 200 928
180.169.147.146 - - [03/Oct/2021:10:56:28 +0800] "GET /xingrg/kc/base/crk_hz.html HTTP/1.1" 200 11247
180.169.147.146 - - [03/Oct/2021:10:56:28 +0800] "GET /xingrg/javascript/step/step.css HTTP/1.1" 304 -
180.169.147.146 - - [03/Oct/2021:10:56:28 +0800] "GET /xingrg/css/table.css HTTP/1.1" 304 -
180.169.147.146 - - [03/Oct/2021:10:56:28 +0800] "GET /xingrg/javascript/jquery_easy_ui/themes/icons/search.png HTTP/1.1" 304 -
180.169.147.146 - - [03/Oct/2021:10:56:28 +0800] "GET /xingrg/javascript/jquery_easy_ui/themes/default/images/menu_downarrow.png HTTP/1.1" 304 -
180.169.147.146 - - [03/Oct/2021:10:56:28 +0800] "GET /xingrg/javascript/jquery_easy_ui/themes/icons/print.png HTTP/1.1" 304 -
222.70.178.96 - - [03/Oct/2021:10:56:28 +0800] "GET /xingrg/check_reg.html?_=1633229787186 HTTP/1.1" 200 22
180.169.147.146 - - [03/Oct/2021:10:56:29 +0800] "GET /xingrg/javascript/jquery_easy_ui/themes/default/images/menu.gif HTTP/1.1" 304 -
180.169.147.146 - - [03/Oct/2021:10:56:29 +0800] "GET /xingrg/javascript/jquery_easy_ui/themes/default/images/combo_arrow_dot.gif HTTP/1.1" 304 -
180.169.147.146 - - [03/Oct/2021:10:56:29 +0800] "POST /xingrg/kc/cost/cost_operate.html?command=get_base_tree HTTP/1.1" 200 2589
180.169.147.146 - - [03/Oct/2021:10:56:29 +0800] "POST /xingrg/all/common/load_tree.html?tree=materiel_sort_tree_json HTTP/1.1" 200 8912
180.169.147.146 - - [03/Oct/2021:10:56:29 +0800] "GET /xingrg/javascript/jquery_easy_ui/themes/default/images/calendar_nextmonth.gif HTTP/1.1" 304 -
180.169.147.146 - - [03/Oct/2021:10:56:29 +0800] "GET /xingrg/javascript/jquery_easy_ui/themes/default/images/calendar_prevmonth.gif HTTP/1.1" 304 -
180.169.147.146 - - [03/Oct/2021:10:56:29 +0800] "GET /xingrg/javascript/jquery_easy_ui/themes/default/images/calendar_prevyear.gif HTTP/1.1" 304 -
180.169.147.146 - - [03/Oct/2021:10:56:29 +0800] "GET /xingrg/javascript/jquery_easy_ui/themes/default/images/calendar_nextyear.gif HTTP/1.1" 304 -
180.169.147.146 - - [03/Oct/2021:10:56:29 +0800] "GET /xingrg/javascript/jquery_easy_ui/themes/default/images/tree_checkbox_0.gif HTTP/1.1" 304 -
180.169.147.146 - - [03/Oct/2021:10:56:29 +0800] "GET /xingrg/all/function/internal_message.html?_=1633229790894&CODE_STATE=getMsg HTTP/1.1" 200 27
180.169.147.146 - - [03/Oct/2021:10:56:31 +0800] "GET /xingrg/all/function/internal_message.html?_=1633229792796&CODE_STATE=getMsg HTTP/1.1" 200 27
58.37.227.186 - - [03/Oct/2021:10:56:31 +0800] "GET /xingrg/check_reg.html?_=1633229649874 HTTP/1.1" 200 22
58.37.227.186 - - [03/Oct/2021:10:56:31 +0800] "GET /xingrg/all/function/internal_message.html?_=1633229649875&CODE_STATE=getMsg HTTP/1.1" 200 27
180.157.253.110 - - [03/Oct/2021:10:56:32 +0800] "GET /xingrg/all/function/internal_message.html?_=1633229793064&CODE_STATE=getMsg HTTP/1.1" 200 27
116.238.248.233 - - [03/Oct/2021:10:56:33 +0800] "GET /xingrg/all/function/internal_message.html?_=1633229791993&CODE_STATE=getMsg HTTP/1.1" 200 27
180.169.147.146 - - [03/Oct/2021:10:56:34 +0800] "GET /xingrg/all/common/get_data_part.html?part=currentYear&_=1633229795797 HTTP/1.1" 200 41
180.152.237.0 - - [03/Oct/2021:10:56:34 +0800] "GET /xingrg/kc/buy/cgsh_order_operate.html?command=get_materiel&rest_code=00102&code=00101008257&supplier_code=00100008&order_time=2021-10-03 HTTP/1.1" 200 416
180.169.147.146 - - [03/Oct/2021:10:56:39 +0800] "GET /xingrg/javascript/jquery_easy_ui/themes/default/images/tree_checkbox_1.gif HTTP/1.1" 304 -
180.169.147.146 - - [03/Oct/2021:10:56:39 +0800] "GET /xingrg/javascript/jquery_easy_ui/themes/default/images/tree_checkbox_2.gif HTTP/1.1" 304 -
180.169.147.146 - - [03/Oct/2021:10:56:40 +0800] "GET /xingrg/kc/base/crk_hz.html?_=1633229801164&command=get_cost_id&end_date=2021-12-31&start_date=2021-01-01 HTTP/1.1" 200 51
180.169.147.146 - - [03/Oct/2021:10:56:40 +0800] "GET /xingrg/all/report/report_query.html?isQuery=1&onlyBody=1&rh=99999&rw=1800&varString=start:20210101,cost_id:2981,mid:20210101&fileName=kc/base/crk_hz_type_by_base.xml&queryString=%20a.base_code%20in%20('0010699')%20&queryText=ÈÕÆÚ£º2021-01-01ÖÁ2021-12-31%20²Ö¿â£ºÔ±ý¿â&tableQueryString=materiel_table$sp1$$sp$before_table$sp1$$sp$crk_table$sp1$order_day%20between%2020210101%20and%2020211231 HTTP/1.1" 200 49401
180.169.147.146 - - [03/Oct/2021:10:56:40 +0800] "GET /xingrg/javascript/multi_select/jqueryMultiSelect.css HTTP/1.1" 304 -
180.169.147.146 - - [03/Oct/2021:10:56:40 +0800] "GET /xingrg/javascript/calendar/timePicker.css HTTP/1.1" 304 -
180.169.147.146 - - [03/Oct/2021:10:56:40 +0800] "GET /xingrg/javascript/bigrid/fix.css HTTP/1.1" 304 -
180.169.147.146 - - [03/Oct/2021:10:56:40 +0800] "GET /xingrg/dwr/interface/AjaxReportQueryService.js HTTP/1.1" 200 13203
180.169.147.146 - - [03/Oct/2021:10:56:40 +0800] "GET /xingrg/javascript/jqueryMultiSelect.js HTTP/1.1" 304 -
180.169.147.146 - - [03/Oct/2021:10:56:40 +0800] "GET /xingrg/dwr/util.js HTTP/1.1" 200 35990
180.169.147.146 - - [03/Oct/2021:10:56:40 +0800] "GET /xingrg/dwr/engine.js HTTP/1.1" 200 43631
180.169.147.146 - - [03/Oct/2021:10:56:40 +0800] "GET /xingrg/javascript/calendar/jquery.timePicker.min.js HTTP/1.1" 304 -
180.169.147.146 - - [03/Oct/2021:10:56:40 +0800] "GET /xingrg/javascript/Calendar.js HTTP/1.1" 304 -
180.169.147.146 - - [03/Oct/2021:10:56:40 +0800] "GET /xingrg/javascript/bigrid/fix.js HTTP/1.1" 304 -
180.169.147.146 - - [03/Oct/2021:10:56:40 +0800] "GET /xingrg/images/control/loading.gif HTTP/1.1" 304 -
180.169.147.146 - - [03/Oct/2021:10:56:40 +0800] "GET /xingrg/images/blue/button/advanceover.gif HTTP/1.1" 304 -
180.169.147.146 - - [03/Oct/2021:10:56:40 +0800] "GET /xingrg/images/blue/button/advance2over.gif HTTP/1.1" 304 -
180.169.147.146 - - [03/Oct/2021:10:56:40 +0800] "GET /xingrg/images/blue/button/back2over.gif HTTP/1.1" 304 -
180.169.147.146 - - [03/Oct/2021:10:56:40 +0800] "GET /xingrg/images/blue/button/backover.gif HTTP/1.1" 304 -
180.169.147.146 - - [03/Oct/2021:10:56:40 +0800] "GET /xingrg/javascript/jquery_easy_ui/themes/icons/help.png HTTP/1.1" 304 -
180.152.237.0 - - [03/Oct/2021:10:56:41 +0800] "GET /xingrg/kc/buy/cgsh_order_operate.html?command=get_materiel&rest_code=00102&code=00101008149&supplier_code=00100008&order_time=2021-10-03 HTTP/1.1" 200 408
180.169.147.146 - - [03/Oct/2021:10:56:41 +0800] "POST /xingrg/all/report/load_report_page.html HTTP/1.1" 200 94731
180.169.147.146 - - [03/Oct/2021:10:56:41 +0800] "GET /xingrg/servlets/image?cache=0.7569834557928572&image=px HTTP/1.1" 200 807
