180.152.237.0 - - [30/Sep/2021:08:38:12 +0800] "GET /xingrg/javascript/easyui/themes/default/images/menu_downarrow.png HTTP/1.1" 304 -
180.152.237.0 - - [30/Sep/2021:08:38:12 +0800] "GET /xingrg/javascript/easyui/themes/icons/cancel.png HTTP/1.1" 304 -
180.152.237.0 - - [30/Sep/2021:08:38:13 +0800] "POST /xingrg/kc/buy/cgsh_order_operate.html HTTP/1.1" 200 8245
180.152.237.0 - - [30/Sep/2021:08:38:13 +0800] "GET /xingrg/javascript/easyui/themes/icons/edit_remove.png HTTP/1.1" 304 -
180.152.237.0 - - [30/Sep/2021:08:38:13 +0800] "GET /xingrg/all/common/auto_word.html?type=employee&rest_code=00102 HTTP/1.1" 200 189
180.152.237.0 - - [30/Sep/2021:08:38:13 +0800] "GET /xingrg/all/common/auto_word.html?type=employee&rest_code=00102 HTTP/1.1" 200 189
116.230.105.26 - - [30/Sep/2021:08:38:13 +0800] "GET /xingrg/kc/base/wldb_order_operate.html?command=get_materiel&rest_code=00155&base_code=0010739&code=00101019063 HTTP/1.1" 200 448
180.152.237.0 - - [30/Sep/2021:08:38:13 +0800] "GET /xingrg/javascript/easyui/themes/default/validatebox.css HTTP/1.1" 404 1104
180.152.237.0 - - [30/Sep/2021:08:38:13 +0800] "GET /xingrg/javascript/easyui/plugins/jquery.validatebox.js HTTP/1.1" 304 -
180.152.237.0 - - [30/Sep/2021:08:38:13 +0800] "GET /xingrg/javascript/easyui/plugins/jquery.numberbox.js HTTP/1.1" 304 -
180.152.237.0 - - [30/Sep/2021:08:38:14 +0800] "GET /xingrg/javascript/auto/indicator.gif HTTP/1.1" 404 1066
120.253.135.82 - - [30/Sep/2021:08:38:18 +0800] "GET /xingrg/all/function/internal_message.html?_=1632962068030&CODE_STATE=getMsg HTTP/1.1" 200 27
116.230.105.26 - - [30/Sep/2021:08:38:20 +0800] "GET /xingrg/kc/base/wldb_order_operate.html?command=get_materiel&rest_code=00155&base_code=0010739&code=00101019074 HTTP/1.1" 200 456
222.70.246.151 - - [30/Sep/2021:08:38:21 +0800] "GET /xingrg/all/function/internal_message.html?_=1632962298165&CODE_STATE=getMsg HTTP/1.1" 200 27
180.152.237.0 - - [30/Sep/2021:08:38:21 +0800] "GET /xingrg/kc/buy/cgsh_order_operate.html?command=get_materiel&rest_code=00102&code=00101006229&supplier_code=00100096&order_time=2021-09-30 HTTP/1.1" 200 411
116.230.105.26 - - [30/Sep/2021:08:38:23 +0800] "GET /xingrg/kc/base/wldb_order_operate.html?command=get_materiel&rest_code=00155&base_code=0010739&code=00101019095 HTTP/1.1" 200 450
116.230.105.26 - - [30/Sep/2021:08:38:26 +0800] "GET /xingrg/kc/base/wldb_order_operate.html?command=get_materiel&rest_code=00155&base_code=0010739&code=00101019108 HTTP/1.1" 200 463
180.152.237.0 - - [30/Sep/2021:08:38:31 +0800] "GET /xingrg/kc/buy/cgsh_order_operate.html?command=get_materiel&rest_code=00102&code=00101006129&supplier_code=00100096&order_time=2021-09-30 HTTP/1.1" 200 454
180.152.237.0 - - [30/Sep/2021:08:38:32 +0800] "GET /xingrg/all/function/internal_message.html?_=1632962291053&CODE_STATE=getMsg HTTP/1.1" 200 27
116.230.105.26 - - [30/Sep/2021:08:38:32 +0800] "GET /xingrg/kc/base/wldb_order_operate.html?command=get_materiel&rest_code=00155&base_code=0010739&code=00101019130 HTTP/1.1" 200 470
116.230.105.26 - - [30/Sep/2021:08:38:46 +0800] "GET /xingrg/kc/base/wldb_order_operate.html?command=get_materiel&rest_code=00155&base_code=0010739&code=00101019133 HTTP/1.1" 200 465
114.85.125.222 - - [30/Sep/2021:08:38:46 +0800] "GET /xingrg/all/function/internal_message.html?_=1632962294792&CODE_STATE=getMsg HTTP/1.1" 200 27
222.70.178.96 - - [30/Sep/2021:08:38:47 +0800] "GET /xingrg/all/function/internal_message.html?_=1632962322722&CODE_STATE=getMsg HTTP/1.1" 200 27
180.152.237.0 - - [30/Sep/2021:08:38:48 +0800] "GET /xingrg/kc/buy/cgsh_order_operate.html?command=get_materiel&rest_code=00102&code=00101006084&supplier_code=00100096&order_time=2021-09-30 HTTP/1.1" 200 415
116.230.105.26 - - [30/Sep/2021:08:38:49 +0800] "GET /xingrg/kc/base/wldb_order_operate.html?command=get_materiel&rest_code=00155&base_code=0010739&code=00101019183 HTTP/1.1" 200 434
116.230.105.26 - - [30/Sep/2021:08:38:51 +0800] "GET /xingrg/all/function/internal_message.html?_=1632962328263&CODE_STATE=getMsg HTTP/1.1" 200 27
116.230.105.26 - - [30/Sep/2021:08:38:52 +0800] "GET /xingrg/kc/base/wldb_order_operate.html?command=get_materiel&rest_code=00155&base_code=0010739&code=00101019204 HTTP/1.1" 200 437
116.230.105.26 - - [30/Sep/2021:08:38:56 +0800] "GET /xingrg/kc/base/wldb_order_operate.html?command=get_materiel&rest_code=00155&base_code=0010739&code=00101019637 HTTP/1.1" 200 434
116.238.248.233 - - [30/Sep/2021:08:39:00 +0800] "GET /xingrg/all/function/internal_message.html?_=1632962337759&CODE_STATE=getMsg HTTP/1.1" 200 27
116.230.105.26 - - [30/Sep/2021:08:39:02 +0800] "GET /xingrg/kc/base/wldb_order_operate.html?command=get_materiel&rest_code=00155&base_code=0010739&code=00101020022 HTTP/1.1" 200 432
180.152.237.0 - - [30/Sep/2021:08:39:02 +0800] "GET /xingrg/kc/buy/cgsh_order_operate.html?command=get_materiel&rest_code=00102&code=00101006133&supplier_code=00100096&order_time=2021-09-30 HTTP/1.1" 200 413
116.230.105.26 - - [30/Sep/2021:08:39:04 +0800] "POST /xingrg/kc/base/wldb_order_operate.html HTTP/1.1" 200 1710
58.39.139.200 - - [30/Sep/2021:08:39:05 +0800] "GET /xingrg/all/function/internal_message.html?_=1632962343633&CODE_STATE=getMsg HTTP/1.1" 200 27
116.230.105.26 - - [30/Sep/2021:08:39:09 +0800] "GET /xingrg/kc/base/wldb_order_operate.html?command=get_materiel&rest_code=00155&base_code=0010739&code=00101019210 HTTP/1.1" 200 451
222.69.131.83 - - [30/Sep/2021:08:39:10 +0800] "GET /favicon.ico HTTP/1.1" 404 -
222.69.131.83 - - [30/Sep/2021:08:39:11 +0800] "GET /favicon.ico HTTP/1.1" 404 -
116.230.105.26 - - [30/Sep/2021:08:39:13 +0800] "GET /xingrg/kc/base/wldb_order_operate.html?command=get_materiel&rest_code=00155&base_code=0010739&code=00101019208 HTTP/1.1" 200 452
120.253.135.82 - - [30/Sep/2021:08:39:18 +0800] "GET /xingrg/all/function/internal_message.html?_=1632962128038&CODE_STATE=getMsg HTTP/1.1" 200 27
180.152.237.0 - - [30/Sep/2021:08:39:18 +0800] "GET /xingrg/kc/buy/cgsh_order_operate.html?command=get_materiel&rest_code=00102&code=00101006177&supplier_code=00100096&order_time=2021-09-30 HTTP/1.1" 200 410
116.230.105.26 - - [30/Sep/2021:08:39:21 +0800] "GET /xingrg/kc/base/wldb_order_operate.html?command=get_materiel&rest_code=00155&base_code=0010739&code=00101019274 HTTP/1.1" 200 453
222.70.246.151 - - [30/Sep/2021:08:39:21 +0800] "GET /xingrg/all/function/internal_message.html?_=1632962358229&CODE_STATE=getMsg HTTP/1.1" 200 27
116.230.105.26 - - [30/Sep/2021:08:39:25 +0800] "GET /xingrg/kc/base/wldb_order_operate.html?command=get_materiel&rest_code=00155&base_code=0010739&code=00101019343 HTTP/1.1" 200 454
180.152.237.0 - - [30/Sep/2021:08:39:32 +0800] "GET /xingrg/all/function/internal_message.html?_=1632962351067&CODE_STATE=getMsg HTTP/1.1" 200 27
116.230.105.26 - - [30/Sep/2021:08:39:32 +0800] "GET /xingrg/kc/base/wldb_order_operate.html?command=get_materiel&rest_code=00155&base_code=0010739&code=00101019297 HTTP/1.1" 200 463
116.230.105.26 - - [30/Sep/2021:08:39:35 +0800] "GET /xingrg/kc/base/wldb_order_operate.html?command=get_materiel&rest_code=00155&base_code=0010739&code=00101019313 HTTP/1.1" 200 443
116.230.105.26 - - [30/Sep/2021:08:39:37 +0800] "POST /xingrg/kc/base/wldb_order_operate.html HTTP/1.1" 200 1710
180.152.237.0 - - [30/Sep/2021:08:39:38 +0800] "GET /xingrg/kc/buy/cgsh_order_operate.html?command=get_materiel&rest_code=00102&code=00101006109&supplier_code=00100096&order_time=2021-09-30 HTTP/1.1" 200 409
116.230.105.26 - - [30/Sep/2021:08:39:39 +0800] "GET /xingrg/kc/base/wldb_order_operate.html?command=get_materiel&rest_code=00155&base_code=0010739&code=00101019376 HTTP/1.1" 200 463
116.230.105.26 - - [30/Sep/2021:08:39:46 +0800] "GET /xingrg/kc/base/wldb_order_operate.html?command=get_materiel&rest_code=00155&base_code=0010739&code=00101019503 HTTP/1.1" 200 467
114.85.125.222 - - [30/Sep/2021:08:39:46 +0800] "GET /xingrg/all/function/internal_message.html?_=1632962354803&CODE_STATE=getMsg HTTP/1.1" 200 27
222.70.178.96 - - [30/Sep/2021:08:39:47 +0800] "GET /xingrg/all/function/internal_message.html?_=1632962382706&CODE_STATE=getMsg HTTP/1.1" 200 27
116.230.105.26 - - [30/Sep/2021:08:39:49 +0800] "GET /xingrg/kc/base/wldb_order_operate.html?command=get_materiel&rest_code=00155&base_code=0010739&code=00101019212 HTTP/1.1" 200 465
116.230.105.26 - - [30/Sep/2021:08:39:51 +0800] "GET /xingrg/check_reg.html?_=1632962388263 HTTP/1.1" 200 22
116.230.105.26 - - [30/Sep/2021:08:39:51 +0800] "GET /xingrg/all/function/internal_message.html?_=1632962388266&CODE_STATE=getMsg HTTP/1.1" 200 27
116.230.105.26 - - [30/Sep/2021:08:39:52 +0800] "GET /xingrg/kc/base/wldb_order_operate.html?command=get_materiel&rest_code=00155&base_code=0010739&code=00101019223 HTTP/1.1" 200 459
180.152.237.0 - - [30/Sep/2021:08:39:55 +0800] "GET /xingrg/kc/buy/cgsh_order_operate.html?command=get_materiel&rest_code=00102&code=00101007023&supplier_code=00100096&order_time=2021-09-30 HTTP/1.1" 200 409
116.230.105.26 - - [30/Sep/2021:08:39:58 +0800] "GET /xingrg/kc/base/wldb_order_operate.html?command=get_materiel&rest_code=00155&base_code=0010739&code=00101019238 HTTP/1.1" 200 468
116.230.105.26 - - [30/Sep/2021:08:39:59 +0800] "POST /xingrg/kc/base/wldb_order_operate.html HTTP/1.1" 200 1710
116.238.248.233 - - [30/Sep/2021:08:40:00 +0800] "GET /xingrg/all/function/internal_message.html?_=1632962397748&CODE_STATE=getMsg HTTP/1.1" 200 27
116.230.105.26 - - [30/Sep/2021:08:40:01 +0800] "GET /xingrg/kc/base/wldb_order_operate.html?command=get_materiel&rest_code=00155&base_code=0010739&code=00101019247 HTTP/1.1" 200 441
116.230.105.26 - - [30/Sep/2021:08:40:04 +0800] "GET /xingrg/kc/base/wldb_order_operate.html?command=get_materiel&rest_code=00155&base_code=0010739&code=00101019249 HTTP/1.1" 200 470
222.70.246.151 - - [30/Sep/2021:08:40:05 +0800] "GET /xingrg/check_reg.html?_=1632962402030 HTTP/1.1" 200 22
58.39.139.200 - - [30/Sep/2021:08:40:05 +0800] "GET /xingrg/all/function/internal_message.html?_=1632962403633&CODE_STATE=getMsg HTTP/1.1" 200 27
116.230.105.26 - - [30/Sep/2021:08:40:10 +0800] "GET /xingrg/kc/base/wldb_order_operate.html?command=get_materiel&rest_code=00155&base_code=0010739&code=00101019275 HTTP/1.1" 200 483
180.152.237.0 - - [30/Sep/2021:08:40:12 +0800] "GET /xingrg/kc/buy/cgsh_order_operate.html?command=get_materiel&rest_code=00102&code=00101007024&supplier_code=00100096&order_time=2021-09-30 HTTP/1.1" 200 416
120.253.135.82 - - [30/Sep/2021:08:40:15 +0800] "GET /xingrg/check_reg.html?_=1632962184802 HTTP/1.1" 200 22
116.230.105.26 - - [30/Sep/2021:08:40:17 +0800] "GET /xingrg/kc/base/wldb_order_operate.html?command=get_materiel&rest_code=00155&base_code=0010739&code=00101019278 HTTP/1.1" 200 458
120.253.135.82 - - [30/Sep/2021:08:40:18 +0800] "GET /xingrg/all/function/internal_message.html?_=1632962188053&CODE_STATE=getMsg HTTP/1.1" 200 27
116.230.105.26 - - [30/Sep/2021:08:40:21 +0800] "GET /xingrg/kc/base/wldb_order_operate.html?command=get_materiel&rest_code=00155&base_code=0010739&code=00101019339 HTTP/1.1" 200 456
222.70.246.151 - - [30/Sep/2021:08:40:21 +0800] "GET /xingrg/all/function/internal_message.html?_=1632962418239&CODE_STATE=getMsg HTTP/1.1" 200 27
116.230.105.26 - - [30/Sep/2021:08:40:23 +0800] "POST /xingrg/kc/base/wldb_order_operate.html HTTP/1.1" 200 1710
180.152.237.0 - - [30/Sep/2021:08:40:25 +0800] "GET /xingrg/kc/buy/cgsh_order_operate.html?command=get_materiel&rest_code=00102&code=00101007114&supplier_code=00100096&order_time=2021-09-30 HTTP/1.1" 200 409
116.230.105.26 - - [30/Sep/2021:08:40:26 +0800] "GET /xingrg/kc/base/wldb_order_operate.html?command=get_materiel&rest_code=00155&base_code=0010739&code=00101019390 HTTP/1.1" 200 455
116.230.105.26 - - [30/Sep/2021:08:40:30 +0800] "GET /xingrg/kc/base/wldb_order_operate.html?command=get_materiel&rest_code=00155&base_code=0010739&code=00101019391 HTTP/1.1" 200 471
180.152.237.0 - - [30/Sep/2021:08:40:32 +0800] "GET /xingrg/all/function/internal_message.html?_=1632962411388&CODE_STATE=getMsg HTTP/1.1" 200 27
116.230.105.26 - - [30/Sep/2021:08:40:35 +0800] "GET /xingrg/kc/base/wldb_order_operate.html?command=get_materiel&rest_code=00155&base_code=0010739&code=00101019433 HTTP/1.1" 200 473
180.152.237.0 - - [30/Sep/2021:08:40:35 +0800] "GET /xingrg/kc/buy/cgsh_order_operate.html?command=get_materiel&rest_code=00102&code=00101016080&supplier_code=00100096&order_time=2021-09-30 HTTP/1.1" 200 408
116.230.105.26 - - [30/Sep/2021:08:40:45 +0800] "POST /xingrg/kc/base/wldb_order_operate.html HTTP/1.1" 200 37
180.152.237.0 - - [30/Sep/2021:08:40:45 +0800] "GET /xingrg/kc/buy/cgsh_order_operate.html?command=get_materiel&rest_code=00102&code=00101012030&supplier_code=00100096&order_time=2021-09-30 HTTP/1.1" 200 416
114.85.125.222 - - [30/Sep/2021:08:40:46 +0800] "GET /xingrg/all/function/internal_message.html?_=1632962414835&CODE_STATE=getMsg HTTP/1.1" 200 27
116.230.105.26 - - [30/Sep/2021:08:40:47 +0800] "POST /xingrg/kc/base/wldb_order_operate.html HTTP/1.1" 200 12
222.70.178.96 - - [30/Sep/2021:08:40:47 +0800] "GET /xingrg/all/function/internal_message.html?_=1632962442689&CODE_STATE=getMsg HTTP/1.1" 200 27
116.230.105.26 - - [30/Sep/2021:08:40:47 +0800] "POST /xingrg/kc/base/wldb_order_operate.html HTTP/1.1" 200 20052
116.230.105.26 - - [30/Sep/2021:08:40:48 +0800] "GET /xingrg/kc/base/wldb_order_info.html?code=422021093003485 HTTP/1.1" 200 26325
116.230.105.26 - - [30/Sep/2021:08:40:48 +0800] "GET /xingrg/javascript/easyui/themes/default/validatebox.css HTTP/1.1" 404 1104
116.230.105.26 - - [30/Sep/2021:08:40:49 +0800] "POST /xingrg/kc/base/wldb_order_operate.html HTTP/1.1" 200 17966
120.253.135.82 - - [30/Sep/2021:08:40:50 +0800] "GET /xingrg/kc/report/report_main.html HTTP/1.1" 200 9370
116.230.105.26 - - [30/Sep/2021:08:40:51 +0800] "GET /xingrg/all/function/internal_message.html?_=1632962448272&CODE_STATE=getMsg HTTP/1.1" 200 27
120.253.135.82 - - [30/Sep/2021:08:40:51 +0800] "GET /xingrg/kc/base/kc_stocks.html HTTP/1.1" 200 16437
120.253.135.82 - - [30/Sep/2021:08:40:52 +0800] "GET /xingrg/javascript/easyui/themes/default/tree.css HTTP/1.1" 404 1090
120.253.135.82 - - [30/Sep/2021:08:40:52 +0800] "POST /xingrg/all/common/load_tree.html?tree=materiel_sort_tree_json HTTP/1.1" 200 8912
120.253.135.82 - - [30/Sep/2021:08:40:55 +0800] "POST /xingrg/all/common/load_combo.html?type=base HTTP/1.1" 200 1075
116.230.105.26 - - [30/Sep/2021:08:40:59 +0800] "GET /xingrg/kc/base/wldb_order_add.html HTTP/1.1" 200 30444
116.230.105.26 - - [30/Sep/2021:08:40:59 +0800] "POST /xingrg/kc/base/wldb_order_operate.html HTTP/1.1" 200 6806
116.230.105.26 - - [30/Sep/2021:08:40:59 +0800] "GET /xingrg/javascript/easyui/themes/default/validatebox.css HTTP/1.1" 404 1104
116.238.248.233 - - [30/Sep/2021:08:41:00 +0800] "GET /xingrg/all/function/internal_message.html?_=1632962457719&CODE_STATE=getMsg HTTP/1.1" 200 27
120.253.135.82 - - [30/Sep/2021:08:41:02 +0800] "POST /xingrg/kc/base/stock_operate.html HTTP/1.1" 200 1452
58.39.139.200 - - [30/Sep/2021:08:41:05 +0800] "GET /xingrg/check_reg.html?_=1632962463633 HTTP/1.1" 200 22
58.39.139.200 - - [30/Sep/2021:08:41:05 +0800] "GET /xingrg/all/function/internal_message.html?_=1632962463637&CODE_STATE=getMsg HTTP/1.1" 200 27
116.230.105.26 - - [30/Sep/2021:08:41:06 +0800] "GET /xingrg/kc/base/wldb_order_operate.html?command=get_materiel&rest_code=00155&base_code=0010740&code=00102001031 HTTP/1.1" 200 439
116.230.105.26 - - [30/Sep/2021:08:41:11 +0800] "GET /xingrg/kc/base/wldb_order_operate.html?command=get_materiel&rest_code=00155&base_code=0010740&code=00102002035 HTTP/1.1" 200 426
116.230.105.26 - - [30/Sep/2021:08:41:12 +0800] "POST /xingrg/all/common/load_select.html HTTP/1.1" 200 25
116.230.105.26 - - [30/Sep/2021:08:41:14 +0800] "GET /xingrg/kc/base/wldb_order_operate.html?command=get_materiel_price&rest_code=00155&base_code=0010740&code=00102002035&unit_code=00100381 HTTP/1.1" 200 35
120.253.135.82 - - [30/Sep/2021:08:41:18 +0800] "GET /xingrg/all/function/internal_message.html?_=1632962248065&CODE_STATE=getMsg HTTP/1.1" 200 27
116.230.105.26 - - [30/Sep/2021:08:41:20 +0800] "GET /xingrg/kc/base/wldb_order_operate.html?command=get_materiel&rest_code=00155&base_code=0010740&code=00102002268 HTTP/1.1" 200 443
222.70.246.151 - - [30/Sep/2021:08:41:21 +0800] "GET /xingrg/all/function/internal_message.html?_=1632962478254&CODE_STATE=getMsg HTTP/1.1" 200 27
116.230.105.26 - - [30/Sep/2021:08:41:25 +0800] "GET /xingrg/kc/base/wldb_order_operate.html?command=get_materiel&rest_code=00155&base_code=0010740&code=00102002204 HTTP/1.1" 200 433
222.70.178.96 - - [30/Sep/2021:08:41:29 +0800] "GET /xingrg/check_reg.html?_=1632962485013 HTTP/1.1" 200 22
116.230.105.26 - - [30/Sep/2021:08:41:30 +0800] "GET /xingrg/kc/base/wldb_order_operate.html?command=get_materiel&rest_code=00155&base_code=0010740&code=00102002022 HTTP/1.1" 200 458
180.152.237.0 - - [30/Sep/2021:08:41:32 +0800] "GET /xingrg/all/function/internal_message.html?_=1632962471501&CODE_STATE=getMsg HTTP/1.1" 200 27
114.85.125.222 - - [30/Sep/2021:08:41:34 +0800] "GET /xingrg/check_reg.html?_=1632962461980 HTTP/1.1" 200 22
116.230.105.26 - - [30/Sep/2021:08:41:34 +0800] "GET /xingrg/kc/base/wldb_order_operate.html?command=get_materiel&rest_code=00155&base_code=0010740&code=00102002304 HTTP/1.1" 200 449
116.230.105.26 - - [30/Sep/2021:08:41:38 +0800] "GET /xingrg/kc/base/wldb_order_operate.html?command=get_materiel&rest_code=00155&base_code=0010740&code=00102002314 HTTP/1.1" 200 447
116.230.105.26 - - [30/Sep/2021:08:41:41 +0800] "GET /xingrg/kc/base/wldb_order_operate.html?command=get_materiel&rest_code=00155&base_code=0010740&code=00102002315 HTTP/1.1" 200 447
180.152.237.0 - - [30/Sep/2021:08:41:44 +0800] "GET /xingrg/kc/buy/cgsh_order_operate.html?command=get_materiel&rest_code=00102&code=00101007061&supplier_code=00100096&order_time=2021-09-30 HTTP/1.1" 200 411
116.230.105.26 - - [30/Sep/2021:08:41:45 +0800] "GET /xingrg/kc/base/wldb_order_operate.html?command=get_materiel&rest_code=00155&base_code=0010740&code=00102002347 HTTP/1.1" 200 443
114.85.125.222 - - [30/Sep/2021:08:41:46 +0800] "GET /xingrg/all/function/internal_message.html?_=1632962474846&CODE_STATE=getMsg HTTP/1.1" 200 27
222.70.178.96 - - [30/Sep/2021:08:41:47 +0800] "GET /xingrg/all/function/internal_message.html?_=1632962502673&CODE_STATE=getMsg HTTP/1.1" 200 27
116.230.105.26 - - [30/Sep/2021:08:41:48 +0800] "GET /xingrg/kc/base/wldb_order_operate.html?command=get_materiel&rest_code=00155&base_code=0010740&code=00102002448 HTTP/1.1" 200 426
116.230.105.26 - - [30/Sep/2021:08:41:51 +0800] "GET /xingrg/all/function/internal_message.html?_=1632962508273&CODE_STATE=getMsg HTTP/1.1" 200 27
180.152.237.0 - - [30/Sep/2021:08:41:56 +0800] "GET /xingrg/kc/buy/cgsh_order_operate.html?command=get_materiel&rest_code=00102&code=00101007049&supplier_code=00100096&order_time=2021-09-30 HTTP/1.1" 200 410
116.238.248.233 - - [30/Sep/2021:08:42:00 +0800] "GET /xingrg/all/function/internal_message.html?_=1632962517690&CODE_STATE=getMsg HTTP/1.1" 200 27
58.39.139.200 - - [30/Sep/2021:08:42:05 +0800] "GET /xingrg/all/function/internal_message.html?_=1632962523636&CODE_STATE=getMsg HTTP/1.1" 200 27
180.152.237.0 - - [30/Sep/2021:08:42:12 +0800] "GET /xingrg/kc/buy/cgsh_order_operate.html?command=get_materiel&rest_code=00102&code=00101007048&supplier_code=00100096&order_time=2021-09-30 HTTP/1.1" 200 408
116.230.105.26 - - [30/Sep/2021:08:42:16 +0800] "GET /xingrg/kc/base/wldb_order_operate.html?command=get_materiel&rest_code=00155&base_code=0010740&code=00102002497 HTTP/1.1" 200 439
116.238.248.233 - - [30/Sep/2021:08:42:17 +0800] "GET /xingrg/check_reg.html?_=1632962534558 HTTP/1.1" 200 22
120.253.135.82 - - [30/Sep/2021:08:42:18 +0800] "GET /xingrg/all/function/internal_message.html?_=1632962308079&CODE_STATE=getMsg HTTP/1.1" 200 27
116.230.105.26 - - [30/Sep/2021:08:42:20 +0800] "GET /xingrg/kc/base/wldb_order_operate.html?command=get_materiel&rest_code=00155&base_code=0010740&code=00102004006 HTTP/1.1" 200 442
222.70.246.151 - - [30/Sep/2021:08:42:21 +0800] "GET /xingrg/all/function/internal_message.html?_=1632962538319&CODE_STATE=getMsg HTTP/1.1" 200 27
116.230.105.26 - - [30/Sep/2021:08:42:25 +0800] "GET /xingrg/kc/base/wldb_order_operate.html?command=get_materiel&rest_code=00155&base_code=0010740&code=00102002564 HTTP/1.1" 200 455
116.230.105.26 - - [30/Sep/2021:08:42:30 +0800] "GET /xingrg/kc/base/wldb_order_operate.html?command=get_materiel&rest_code=00155&base_code=0010740&code=00102002679 HTTP/1.1" 200 444
180.152.237.0 - - [30/Sep/2021:08:42:32 +0800] "GET /xingrg/check_reg.html?_=1632962530921 HTTP/1.1" 200 22
180.152.237.0 - - [30/Sep/2021:08:42:32 +0800] "GET /xingrg/kc/buy/cgsh_order_operate.html?command=get_materiel&rest_code=00102&code=00101006055&supplier_code=00100096&order_time=2021-09-30 HTTP/1.1" 200 409
180.152.237.0 - - [30/Sep/2021:08:42:32 +0800] "GET /xingrg/all/function/internal_message.html?_=1632962531513&CODE_STATE=getMsg HTTP/1.1" 200 27
116.230.105.26 - - [30/Sep/2021:08:42:34 +0800] "GET /xingrg/kc/base/wldb_order_operate.html?command=get_materiel&rest_code=00155&base_code=0010740&code=00102002025 HTTP/1.1" 200 453
180.152.237.0 - - [30/Sep/2021:08:42:40 +0800] "GET /xingrg/kc/buy/cgsh_order_operate.html?command=get_materiel&rest_code=00102&code=00101006062&supplier_code=00100096&order_time=2021-09-30 HTTP/1.1" 200 411
116.230.105.26 - - [30/Sep/2021:08:42:45 +0800] "GET /xingrg/kc/base/wldb_order_operate.html?command=get_materiel&rest_code=00155&base_code=0010740&code=00102001110 HTTP/1.1" 200 444
114.85.125.222 - - [30/Sep/2021:08:42:46 +0800] "GET /xingrg/all/function/internal_message.html?_=1632962534859&CODE_STATE=getMsg HTTP/1.1" 200 27
222.70.178.96 - - [30/Sep/2021:08:42:47 +0800] "GET /xingrg/all/function/internal_message.html?_=1632962562656&CODE_STATE=getMsg HTTP/1.1" 200 27
180.157.253.110 - - [30/Sep/2021:08:42:50 +0800] "GET /favicon.ico HTTP/1.1" 404 -
116.230.105.26 - - [30/Sep/2021:08:42:51 +0800] "POST /xingrg/kc/base/wldb_order_operate.html HTTP/1.1" 200 37
116.230.105.26 - - [30/Sep/2021:08:42:51 +0800] "GET /xingrg/all/function/internal_message.html?_=1632962568254&CODE_STATE=getMsg HTTP/1.1" 200 27
116.230.105.26 - - [30/Sep/2021:08:42:53 +0800] "POST /xingrg/kc/base/wldb_order_operate.html HTTP/1.1" 200 12
116.230.105.26 - - [30/Sep/2021:08:42:53 +0800] "POST /xingrg/kc/base/wldb_order_operate.html HTTP/1.1" 200 9559
116.230.105.26 - - [30/Sep/2021:08:42:55 +0800] "GET /xingrg/kc/base/wldb_order_info.html?code=422021093003486 HTTP/1.1" 200 26323
116.230.105.26 - - [30/Sep/2021:08:42:55 +0800] "GET /xingrg/javascript/easyui/themes/default/validatebox.css HTTP/1.1" 404 1104
116.230.105.26 - - [30/Sep/2021:08:42:55 +0800] "POST /xingrg/kc/base/wldb_order_operate.html HTTP/1.1" 200 7672
116.230.105.26 - - [30/Sep/2021:08:42:59 +0800] "GET /xingrg/kc/base/wldb_order_add.html HTTP/1.1" 200 30444
116.230.105.26 - - [30/Sep/2021:08:42:59 +0800] "POST /xingrg/kc/base/wldb_order_operate.html HTTP/1.1" 200 6806
116.230.105.26 - - [30/Sep/2021:08:42:59 +0800] "GET /xingrg/javascript/easyui/themes/default/validatebox.css HTTP/1.1" 404 1104
116.238.248.233 - - [30/Sep/2021:08:43:00 +0800] "GET /xingrg/all/function/internal_message.html?_=1632962577665&CODE_STATE=getMsg HTTP/1.1" 200 27
180.152.237.0 - - [30/Sep/2021:08:43:00 +0800] "GET /xingrg/kc/buy/cgsh_order_operate.html?command=get_materiel&rest_code=00102&code=00101006025&supplier_code=00100096&order_time=2021-09-30 HTTP/1.1" 200 417
180.157.253.110 - - [30/Sep/2021:08:43:01 +0800] "GET /xingrg/index.html?sysBaseUrl=http%3A%2F%2F180.169.147.146%3A18081%2Fxingrg%2F&costTime=44×tamp=1622098168715 HTTP/1.1" 302 -
180.157.253.110 - - [30/Sep/2021:08:43:01 +0800] "GET /xingrg/login.html HTTP/1.1" 200 7641
180.157.253.110 - - [30/Sep/2021:08:43:01 +0800] "GET /xingrg/images/blue/jxLogo.png HTTP/1.1" 304 -
180.157.253.110 - - [30/Sep/2021:08:43:02 +0800] "GET /xingrg/images/blue/login_bg.png HTTP/1.1" 304 -
180.157.253.110 - - [30/Sep/2021:08:43:02 +0800] "GET /xingrg/images/blue/hj.png HTTP/1.1" 304 -
180.157.253.110 - - [30/Sep/2021:08:43:02 +0800] "GET /xingrg/images/blue/srbg.png HTTP/1.1" 304 -
180.157.253.110 - - [30/Sep/2021:08:43:02 +0800] "GET /favicon.ico HTTP/1.1" 404 -
58.39.139.200 - - [30/Sep/2021:08:43:05 +0800] "GET /xingrg/all/function/internal_message.html?_=1632962583637&CODE_STATE=getMsg HTTP/1.1" 200 27
116.230.105.26 - - [30/Sep/2021:08:43:05 +0800] "GET /xingrg/kc/base/wldb_order_operate.html?command=get_materiel&rest_code=00155&base_code=0010739&code=00101016001 HTTP/1.1" 200 457
116.230.105.26 - - [30/Sep/2021:08:43:15 +0800] "GET /xingrg/kc/base/wldb_order_operate.html?command=get_materiel&rest_code=00155&base_code=0010739&code=00101016035 HTTP/1.1" 200 469
120.253.135.82 - - [30/Sep/2021:08:43:18 +0800] "GET /xingrg/all/function/internal_message.html?_=1632962368267&CODE_STATE=getMsg HTTP/1.1" 200 27
116.230.105.26 - - [30/Sep/2021:08:43:19 +0800] "GET /xingrg/kc/base/wldb_order_operate.html?command=get_materiel&rest_code=00155&base_code=0010739&code=00101016049 HTTP/1.1" 200 447
222.70.246.151 - - [30/Sep/2021:08:43:21 +0800] "GET /xingrg/all/function/internal_message.html?_=1632962598328&CODE_STATE=getMsg HTTP/1.1" 200 27
116.230.105.26 - - [30/Sep/2021:08:43:24 +0800] "GET /xingrg/kc/base/wldb_order_operate.html?command=get_materiel&rest_code=00155&base_code=0010739&code=00101019042 HTTP/1.1" 200 459
116.230.105.26 - - [30/Sep/2021:08:43:28 +0800] "GET /xingrg/kc/base/wldb_order_operate.html?command=get_materiel&rest_code=00155&base_code=0010739&code=00101019066 HTTP/1.1" 200 441
180.152.237.0 - - [30/Sep/2021:08:43:32 +0800] "GET /xingrg/all/function/internal_message.html?_=1632962591526&CODE_STATE=getMsg HTTP/1.1" 200 27
180.152.237.0 - - [30/Sep/2021:08:43:34 +0800] "GET /xingrg/kc/buy/cgsh_order_operate.html?command=get_materiel&rest_code=00102&code=00101006133&supplier_code=00100096&order_time=2021-09-30 HTTP/1.1" 200 413
116.230.105.26 - - [30/Sep/2021:08:43:34 +0800] "GET /xingrg/kc/base/wldb_order_operate.html?command=get_materiel&rest_code=00155&base_code=0010739&code=00101019084 HTTP/1.1" 200 473
116.230.105.26 - - [30/Sep/2021:08:43:39 +0800] "GET /xingrg/kc/base/wldb_order_operate.html?command=get_materiel&rest_code=00155&base_code=0010739&code=00101019199 HTTP/1.1" 200 458
114.85.125.222 - - [30/Sep/2021:08:43:46 +0800] "GET /xingrg/all/function/internal_message.html?_=1632962594891&CODE_STATE=getMsg HTTP/1.1" 200 27
222.70.178.96 - - [30/Sep/2021:08:43:47 +0800] "GET /xingrg/all/function/internal_message.html?_=1632962622641&CODE_STATE=getMsg HTTP/1.1" 200 27
116.230.105.26 - - [30/Sep/2021:08:43:51 +0800] "GET /xingrg/all/function/internal_message.html?_=1632962628265&CODE_STATE=getMsg HTTP/1.1" 200 27
116.238.248.233 - - [30/Sep/2021:08:44:00 +0800] "GET /xingrg/all/function/internal_message.html?_=1632962637634&CODE_STATE=getMsg HTTP/1.1" 200 27
180.152.237.0 - - [30/Sep/2021:08:44:01 +0800] "GET /xingrg/kc/buy/cgsh_order_operate.html?command=get_materiel&rest_code=00102&code=00101006130&supplier_code=00100096&order_time=2021-09-30 HTTP/1.1" 200 449
58.39.139.200 - - [30/Sep/2021:08:44:05 +0800] "GET /xingrg/all/function/internal_message.html?_=1632962643637&CODE_STATE=getMsg HTTP/1.1" 200 27
116.230.105.26 - - [30/Sep/2021:08:44:06 +0800] "GET /xingrg/kc/base/wldb_order_operate.html?command=get_materiel&rest_code=00155&base_code=0010739&code=00101019425 HTTP/1.1" 200 458
116.230.105.26 - - [30/Sep/2021:08:44:08 +0800] "GET /xingrg/kc/base/wldb_order_operate.html?command=get_materiel&rest_code=00155&base_code=0010739&code=00101019400 HTTP/1.1" 200 449
180.152.237.0 - - [30/Sep/2021:08:44:09 +0800] "POST /xingrg/kc/buy/cgsh_order_operate.html HTTP/1.1" 200 2065
116.230.105.26 - - [30/Sep/2021:08:44:13 +0800] "POST /xingrg/kc/base/wldb_order_operate.html HTTP/1.1" 200 37
116.230.105.26 - - [30/Sep/2021:08:44:15 +0800] "POST /xingrg/kc/base/wldb_order_operate.html HTTP/1.1" 200 12
116.230.105.26 - - [30/Sep/2021:08:44:15 +0800] "POST /xingrg/kc/base/wldb_order_operate.html HTTP/1.1" 200 7649
120.253.135.82 - - [30/Sep/2021:08:44:18 +0800] "GET /xingrg/all/function/internal_message.html?_=1632962428279&CODE_STATE=getMsg HTTP/1.1" 200 27
116.230.105.26 - - [30/Sep/2021:08:44:20 +0800] "GET /xingrg/kc/base/wldb_order_info.html?code=422021093003487 HTTP/1.1" 200 26323
116.230.105.26 - - [30/Sep/2021:08:44:20 +0800] "GET /xingrg/javascript/easyui/themes/default/validatebox.css HTTP/1.1" 404 1104
116.230.105.26 - - [30/Sep/2021:08:44:20 +0800] "POST /xingrg/kc/base/wldb_order_operate.html HTTP/1.1" 200 5822
180.152.237.0 - - [30/Sep/2021:08:44:20 +0800] "GET /xingrg/kc/buy/cgsh_order_operate.html?command=get_materiel&rest_code=00102&code=00101020153&supplier_code=00100096&order_time=2021-09-30 HTTP/1.1" 200 408
222.70.246.151 - - [30/Sep/2021:08:44:21 +0800] "GET /xingrg/all/function/internal_message.html?_=1632962658384&CODE_STATE=getMsg HTTP/1.1" 200 27
116.230.105.26 - - [30/Sep/2021:08:44:24 +0800] "GET /xingrg/kc/base/wldb_order_add.html HTTP/1.1" 200 30444
116.230.105.26 - - [30/Sep/2021:08:44:25 +0800] "POST /xingrg/kc/base/wldb_order_operate.html HTTP/1.1" 200 6806
116.230.105.26 - - [30/Sep/2021:08:44:25 +0800] "GET /xingrg/javascript/easyui/themes/default/validatebox.css HTTP/1.1" 404 1104
180.152.237.0 - - [30/Sep/2021:08:44:32 +0800] "GET /xingrg/all/function/internal_message.html?_=1632962651541&CODE_STATE=getMsg HTTP/1.1" 200 27
116.230.105.26 - - [30/Sep/2021:08:44:35 +0800] "GET /xingrg/kc/base/wldb_order_operate.html?command=get_materiel&rest_code=00155&base_code=0010739&code=00101016015 HTTP/1.1" 200 464
114.85.125.222 - - [30/Sep/2021:08:44:47 +0800] "GET /xingrg/all/function/internal_message.html?_=1632962654903&CODE_STATE=getMsg HTTP/1.1" 200 27
116.230.105.26 - - [30/Sep/2021:08:44:47 +0800] "GET /xingrg/kc/base/wldb_order_operate.html?command=get_materiel&rest_code=00155&base_code=0010739&code=00101019129 HTTP/1.1" 200 457
222.70.178.96 - - [30/Sep/2021:08:44:47 +0800] "GET /xingrg/all/function/internal_message.html?_=1632962682630&CODE_STATE=getMsg HTTP/1.1" 200 27
180.152.237.0 - - [30/Sep/2021:08:44:50 +0800] "GET /xingrg/kc/buy/cgsh_order_operate.html?command=get_materiel&rest_code=00102&code=00101006111&supplier_code=00100096&order_time=2021-09-30 HTTP/1.1" 200 409
116.230.105.26 - - [30/Sep/2021:08:44:50 +0800] "GET /xingrg/kc/base/wldb_order_operate.html?command=get_materiel&rest_code=00155&base_code=0010739&code=00101019184 HTTP/1.1" 200 442
116.230.105.26 - - [30/Sep/2021:08:44:51 +0800] "GET /xingrg/check_reg.html?_=1632962688252 HTTP/1.1" 200 22
116.230.105.26 - - [30/Sep/2021:08:44:51 +0800] "GET /xingrg/all/function/internal_message.html?_=1632962688254&CODE_STATE=getMsg HTTP/1.1" 200 27
114.85.125.222 - - [30/Sep/2021:08:44:52 +0800] "GET /xingrg/css/site.css HTTP/1.1" 304 -
114.85.125.222 - - [30/Sep/2021:08:44:52 +0800] "GET /xingrg/css/base.css HTTP/1.1" 304 -
114.85.125.222 - - [30/Sep/2021:08:44:52 +0800] "GET /xingrg/javascript/easyui/themes/icon.css HTTP/1.1" 304 -
114.85.125.222 - - [30/Sep/2021:08:44:52 +0800] "GET /xingrg/javascript/jquery_tools/datebox.css HTTP/1.1" 304 -
114.85.125.222 - - [30/Sep/2021:08:44:52 +0800] "GET /xingrg/javascript/easyui/themes/default/easyui.css HTTP/1.1" 304 -
114.85.125.222 - - [30/Sep/2021:08:44:52 +0800] "GET /xingrg/javascript/jquery_tools/jquery.tools.min.js HTTP/1.1" 304 -
114.85.125.222 - - [30/Sep/2021:08:44:52 +0800] "GET /xingrg/javascript/auto/jquery.autocomplete.css HTTP/1.1" 304 -
114.85.125.222 - - [30/Sep/2021:08:44:52 +0800] "GET /xingrg/javascript/jquery_tools/table.css HTTP/1.1" 304 -
114.85.125.222 - - [30/Sep/2021:08:44:52 +0800] "GET /xingrg/javascript/jquery_tools/fix.css HTTP/1.1" 304 -
114.85.125.222 - - [30/Sep/2021:08:44:52 +0800] "GET /xingrg/javascript/jquery_tools/jquery.tools.table.js HTTP/1.1" 304 -
114.85.125.222 - - [30/Sep/2021:08:44:52 +0800] "GET /xingrg/javascript/jquery_tools/jquery.tools.extend.js HTTP/1.1" 304 -
114.85.125.222 - - [30/Sep/2021:08:44:52 +0800] "GET /xingrg/javascript/jquery_tools/list_manager.js HTTP/1.1" 304 -
114.85.125.222 - - [30/Sep/2021:08:44:52 +0800] "GET /xingrg/javascript/auto/jquery.autocomplete.js HTTP/1.1" 304 -
114.85.125.222 - - [30/Sep/2021:08:44:52 +0800] "GET /xingrg/javascript/easyui/easyloader.js HTTP/1.1" 304 -
114.85.125.222 - - [30/Sep/2021:08:44:52 +0800] "GET /xingrg/javascript/jquery.utils.js HTTP/1.1" 304 -
114.85.125.222 - - [30/Sep/2021:08:44:52 +0800] "GET /xingrg/javascript/jquery_tools/jquery.tools.hotkey.js HTTP/1.1" 304 -
114.85.125.222 - - [30/Sep/2021:08:44:52 +0800] "GET /xingrg/javascript/jquery.cookie.js HTTP/1.1" 304 -
114.85.125.222 - - [30/Sep/2021:08:44:52 +0800] "GET /xingrg/javascript/print/LodopFuncs.js HTTP/1.1" 304 -
114.85.125.222 - - [30/Sep/2021:08:44:52 +0800] "GET /xingrg/kc/buy/cgsh_order_list.html HTTP/1.1" 200 48821
114.85.125.222 - - [30/Sep/2021:08:44:52 +0800] "GET /xingrg/javascript/easyui/themes/icons/import_new.png HTTP/1.1" 304 -
114.85.125.222 - - [30/Sep/2021:08:44:52 +0800] "GET /xingrg/javascript/easyui/plugins/jquery.parser.js HTTP/1.1" 304 -
114.85.125.222 - - [30/Sep/2021:08:44:53 +0800] "POST /xingrg/kc/buy/cgsh_list_operate.html HTTP/1.1" 200 876
116.230.105.26 - - [30/Sep/2021:08:44:53 +0800] "GET /xingrg/kc/base/wldb_order_operate.html?command=get_materiel&rest_code=00155&base_code=0010739&code=00101019185 HTTP/1.1" 200 455
116.230.105.26 - - [30/Sep/2021:08:44:58 +0800] "GET /xingrg/kc/base/wldb_order_operate.html?command=get_materiel&rest_code=00155&base_code=0010739&code=00101019241 HTTP/1.1" 200 459
116.238.248.233 - - [30/Sep/2021:08:45:00 +0800] "GET /xingrg/all/function/internal_message.html?_=1632962697608&CODE_STATE=getMsg HTTP/1.1" 200 27
116.230.105.26 - - [30/Sep/2021:08:45:01 +0800] "GET /xingrg/kc/base/wldb_order_operate.html?command=get_materiel&rest_code=00155&base_code=0010739&code=00101019222 HTTP/1.1" 200 453
180.152.237.0 - - [30/Sep/2021:08:45:03 +0800] "GET /xingrg/kc/buy/cgsh_order_operate.html?command=get_materiel&rest_code=00102&code=00101006144&supplier_code=00100096&order_time=2021-09-30 HTTP/1.1" 200 409
222.70.246.151 - - [30/Sep/2021:08:45:05 +0800] "GET /xingrg/check_reg.html?_=1632962702036 HTTP/1.1" 200 22
58.39.139.200 - - [30/Sep/2021:08:45:05 +0800] "GET /xingrg/all/function/internal_message.html?_=1632962703637&CODE_STATE=getMsg HTTP/1.1" 200 27
116.230.105.26 - - [30/Sep/2021:08:45:08 +0800] "GET /xingrg/kc/base/wldb_order_operate.html?command=get_materiel&rest_code=00155&base_code=0010739&code=00101019375 HTTP/1.1" 200 465
58.39.139.200 - - [30/Sep/2021:08:45:10 +0800] "POST /xingrg/kc/mdqp/psth_list_operate.html HTTP/1.1" 200 5296
58.39.139.200 - - [30/Sep/2021:08:45:10 +0800] "GET /xingrg/kc/buy/cgsh_order_list.html HTTP/1.1" 200 48815
116.230.105.26 - - [30/Sep/2021:08:45:10 +0800] "GET /xingrg/kc/base/wldb_order_operate.html?command=get_materiel&rest_code=00155&base_code=0010739&code=00101019529 HTTP/1.1" 200 475
58.39.139.200 - - [30/Sep/2021:08:45:12 +0800] "POST /xingrg/kc/buy/cgsh_list_operate.html HTTP/1.1" 200 1691
180.152.237.0 - - [30/Sep/2021:08:45:12 +0800] "GET /xingrg/kc/buy/cgsh_order_operate.html?command=get_materiel&rest_code=00102&code=00101007076&supplier_code=00100096&order_time=2021-09-30 HTTP/1.1" 200 410
58.39.139.200 - - [30/Sep/2021:08:45:12 +0800] "GET /xingrg/kc/buy/cgsh_order_add.html HTTP/1.1" 200 64600
58.39.139.200 - - [30/Sep/2021:08:45:13 +0800] "GET /xingrg/javascript/easyui/themes/default/validatebox.css HTTP/1.1" 404 1104
58.39.139.200 - - [30/Sep/2021:08:45:13 +0800] "POST /xingrg/kc/buy/cgsh_order_operate.html HTTP/1.1" 200 8245
116.230.105.26 - - [30/Sep/2021:08:45:14 +0800] "GET /xingrg/kc/base/wldb_order_operate.html?command=get_materiel&rest_code=00155&base_code=0010739&code=00101019535 HTTP/1.1" 200 476
120.253.135.82 - - [30/Sep/2021:08:45:15 +0800] "GET /xingrg/check_reg.html?_=1632962484947 HTTP/1.1" 200 22
116.230.105.26 - - [30/Sep/2021:08:45:17 +0800] "GET /xingrg/kc/base/wldb_order_operate.html?command=get_materiel&rest_code=00155&base_code=0010739&code=00101019536 HTTP/1.1" 200 471
120.253.135.82 - - [30/Sep/2021:08:45:18 +0800] "GET /xingrg/all/function/internal_message.html?_=1632962488292&CODE_STATE=getMsg HTTP/1.1" 200 27
58.39.139.200 - - [30/Sep/2021:08:45:19 +0800] "GET /xingrg/kc/buy/cgsh_order_operate.html?command=get_materiel&rest_code=00105&code=00101003003&supplier_code=&order_time=2021-09-30 HTTP/1.1" 200 418
114.85.125.222 - - [30/Sep/2021:08:45:21 +0800] "POST /xingrg/kc/buy/cgsh_list_operate.html HTTP/1.1" 200 876
222.70.246.151 - - [30/Sep/2021:08:45:21 +0800] "GET /xingrg/all/function/internal_message.html?_=1632962718385&CODE_STATE=getMsg HTTP/1.1" 200 27
114.85.125.222 - - [30/Sep/2021:08:45:24 +0800] "GET /xingrg/javascript/pic_change.js HTTP/1.1" 304 -
114.85.125.222 - - [30/Sep/2021:08:45:24 +0800] "GET /xingrg/javascript/json2.js HTTP/1.1" 304 -
114.85.125.222 - - [30/Sep/2021:08:45:24 +0800] "GET /xingrg/javascript/convert.js HTTP/1.1" 304 -
114.85.125.222 - - [30/Sep/2021:08:45:24 +0800] "GET /xingrg/javascript/jquery_tools/order_manager.js HTTP/1.1" 304 -
114.85.125.222 - - [30/Sep/2021:08:45:24 +0800] "GET /xingrg/javascript/print/kc_print.js HTTP/1.1" 304 -
114.85.125.222 - - [30/Sep/2021:08:45:24 +0800] "GET /xingrg/kc/buy/cgsh_order_add.html HTTP/1.1" 200 64489
114.85.125.222 - - [30/Sep/2021:08:45:24 +0800] "GET /xingrg/words/20210929121724_words.js HTTP/1.1" 304 -
114.85.125.222 - - [30/Sep/2021:08:45:24 +0800] "GET /xingrg/javascript/easyui/themes/icons/copy_new.png HTTP/1.1" 304 -
114.85.125.222 - - [30/Sep/2021:08:45:24 +0800] "GET /xingrg/javascript/easyui/themes/icons/template_new.png HTTP/1.1" 304 -
114.85.125.222 - - [30/Sep/2021:08:45:24 +0800] "GET /xingrg/javascript/easyui/themes/icons/print.png HTTP/1.1" 304 -
114.85.125.222 - - [30/Sep/2021:08:45:24 +0800] "GET /xingrg/javascript/easyui/themes/icons/ok.png HTTP/1.1" 304 -
114.85.125.222 - - [30/Sep/2021:08:45:24 +0800] "GET /xingrg/javascript/easyui/themes/default/images/menu_downarrow.png HTTP/1.1" 304 -
114.85.125.222 - - [30/Sep/2021:08:45:24 +0800] "GET /xingrg/javascript/easyui/themes/icons/cancel.png HTTP/1.1" 304 -
114.85.125.222 - - [30/Sep/2021:08:45:24 +0800] "POST /xingrg/kc/buy/cgsh_order_operate.html HTTP/1.1" 200 8245
114.85.125.222 - - [30/Sep/2021:08:45:24 +0800] "GET /xingrg/all/common/auto_word.html?type=employee&rest_code=00150 HTTP/1.1" 200 205
114.85.125.222 - - [30/Sep/2021:08:45:24 +0800] "GET /xingrg/all/common/auto_word.html?type=employee&rest_code=00150 HTTP/1.1" 200 205
114.85.125.222 - - [30/Sep/2021:08:45:24 +0800] "GET /xingrg/javascript/easyui/themes/default/validatebox.css HTTP/1.1" 404 1104
114.85.125.222 - - [30/Sep/2021:08:45:24 +0800] "GET /xingrg/javascript/easyui/plugins/jquery.validatebox.js HTTP/1.1" 304 -
114.85.125.222 - - [30/Sep/2021:08:45:24 +0800] "GET /xingrg/javascript/easyui/plugins/jquery.numberbox.js HTTP/1.1" 304 -
116.230.105.26 - - [30/Sep/2021:08:45:25 +0800] "POST /xingrg/kc/base/wldb_order_operate.html HTTP/1.1" 200 37
116.230.105.26 - - [30/Sep/2021:08:45:27 +0800] "POST /xingrg/kc/base/wldb_order_operate.html HTTP/1.1" 200 12
116.230.105.26 - - [30/Sep/2021:08:45:27 +0800] "POST /xingrg/kc/base/wldb_order_operate.html HTTP/1.1" 200 8689
116.230.105.26 - - [30/Sep/2021:08:45:29 +0800] "GET /xingrg/kc/base/wldb_order_info.html?code=422021093003488 HTTP/1.1" 200 26325
116.230.105.26 - - [30/Sep/2021:08:45:29 +0800] "GET /xingrg/javascript/easyui/themes/default/validatebox.css HTTP/1.1" 404 1104
116.230.105.26 - - [30/Sep/2021:08:45:29 +0800] "POST /xingrg/kc/base/wldb_order_operate.html HTTP/1.1" 200 6821
180.152.237.0 - - [30/Sep/2021:08:45:31 +0800] "GET /xingrg/kc/buy/cgsh_order_operate.html?command=get_materiel&rest_code=00102&code=00101007001&supplier_code=00100096&order_time=2021-09-30 HTTP/1.1" 200 409
180.152.237.0 - - [30/Sep/2021:08:45:32 +0800] "GET /xingrg/all/function/internal_message.html?_=1632962711553&CODE_STATE=getMsg HTTP/1.1" 200 27
116.230.105.26 - - [30/Sep/2021:08:45:33 +0800] "GET /xingrg/kc/base/wldb_order_add.html HTTP/1.1" 200 30444
116.230.105.26 - - [30/Sep/2021:08:45:34 +0800] "POST /xingrg/kc/base/wldb_order_operate.html HTTP/1.1" 200 6806
116.230.105.26 - - [30/Sep/2021:08:45:34 +0800] "GET /xingrg/javascript/easyui/themes/default/validatebox.css HTTP/1.1" 404 1104
116.238.248.233 - - [30/Sep/2021:08:45:39 +0800] "GET /xingrg/kc/buy/cgsh_order_list.html HTTP/1.1" 200 48821
116.238.248.233 - - [30/Sep/2021:08:45:39 +0800] "POST /xingrg/kc/buy/cgsh_list_operate.html HTTP/1.1" 200 876
116.238.248.233 - - [30/Sep/2021:08:45:40 +0800] "GET /xingrg/kc/buy/cgsh_order_add.html HTTP/1.1" 200 64477
116.238.248.233 - - [30/Sep/2021:08:45:40 +0800] "GET /xingrg/words/20210929121724_words.js HTTP/1.1" 304 -
116.238.248.233 - - [30/Sep/2021:08:45:40 +0800] "POST /xingrg/kc/buy/cgsh_order_operate.html HTTP/1.1" 200 8245
116.238.248.233 - - [30/Sep/2021:08:45:40 +0800] "GET /xingrg/all/common/auto_word.html?type=employee&rest_code=00150 HTTP/1.1" 200 205
116.238.248.233 - - [30/Sep/2021:08:45:40 +0800] "GET /xingrg/javascript/easyui/themes/default/validatebox.css HTTP/1.1" 404 1104
116.238.248.233 - - [30/Sep/2021:08:45:40 +0800] "GET /xingrg/all/common/auto_word.html?type=employee&rest_code=00150 HTTP/1.1" 200 205
114.85.125.222 - - [30/Sep/2021:08:45:41 +0800] "GET /xingrg/kc/buy/cgsh_order_operate.html?command=get_materiel&rest_code=00150&code=00101015026&supplier_code=00100054&order_time=2021-09-30 HTTP/1.1" 200 412
116.238.248.233 - - [30/Sep/2021:08:45:42 +0800] "GET /xingrg/javascript/auto/indicator.gif HTTP/1.1" 404 1066
116.230.105.26 - - [30/Sep/2021:08:45:46 +0800] "GET /xingrg/kc/base/wldb_order_operate.html?command=get_materiel&rest_code=00155&base_code=0010740&code=00102001008 HTTP/1.1" 200 427
114.85.125.222 - - [30/Sep/2021:08:45:47 +0800] "GET /xingrg/all/function/internal_message.html?_=1632962714916&CODE_STATE=getMsg HTTP/1.1" 200 27
222.70.178.96 - - [30/Sep/2021:08:45:47 +0800] "GET /xingrg/all/function/internal_message.html?_=1632962742614&CODE_STATE=getMsg HTTP/1.1" 200 27
116.230.105.26 - - [30/Sep/2021:08:45:51 +0800] "GET /xingrg/all/function/internal_message.html?_=1632962748255&CODE_STATE=getMsg HTTP/1.1" 200 27
116.230.105.26 - - [30/Sep/2021:08:45:53 +0800] "GET /xingrg/kc/base/wldb_order_operate.html?command=get_materiel&rest_code=00155&base_code=0010740&code=00102001040 HTTP/1.1" 200 440
114.85.125.222 - - [30/Sep/2021:08:45:54 +0800] "GET /xingrg/kc/buy/cgsh_order_operate.html?command=get_materiel&rest_code=00150&code=00101015022&supplier_code=00100054&order_time=2021-09-30 HTTP/1.1" 200 408
180.152.237.0 - - [30/Sep/2021:08:45:55 +0800] "GET /xingrg/kc/buy/cgsh_order_operate.html?command=get_materiel&rest_code=00102&code=00101006193&supplier_code=00100096&order_time=2021-09-30 HTTP/1.1" 200 409
116.238.248.233 - - [30/Sep/2021:08:46:00 +0800] "GET /xingrg/all/function/internal_message.html?_=1632962757585&CODE_STATE=getMsg HTTP/1.1" 200 27
116.238.248.233 - - [30/Sep/2021:08:46:02 +0800] "GET /xingrg/kc/buy/cgsh_order_operate.html?command=get_materiel&rest_code=00150&code=00101008257&supplier_code=00100007&order_time=2021-09-30 HTTP/1.1" 200 416
114.85.125.222 - - [30/Sep/2021:08:46:02 +0800] "GET /xingrg/kc/buy/cgsh_order_operate.html?command=get_materiel&rest_code=00150&code=00101015021&supplier_code=00100054&order_time=2021-09-30 HTTP/1.1" 200 408
180.152.237.0 - - [30/Sep/2021:08:46:03 +0800] "POST /xingrg/kc/buy/cgsh_order_operate.html HTTP/1.1" 200 2065
116.230.105.26 - - [30/Sep/2021:08:46:05 +0800] "GET /xingrg/kc/base/wldb_order_operate.html?command=get_materiel&rest_code=00155&base_code=0010740&code=00102001049 HTTP/1.1" 200 447
58.39.139.200 - - [30/Sep/2021:08:46:05 +0800] "GET /xingrg/check_reg.html?_=1632962763660 HTTP/1.1" 200 22
58.39.139.200 - - [30/Sep/2021:08:46:05 +0800] "GET /xingrg/all/function/internal_message.html?_=1632962763664&CODE_STATE=getMsg HTTP/1.1" 200 27
116.230.105.26 - - [30/Sep/2021:08:46:08 +0800] "POST /xingrg/kc/base/wldb_order_operate.html HTTP/1.1" 200 37
180.152.237.0 - - [30/Sep/2021:08:46:09 +0800] "GET /xingrg/kc/buy/cgsh_order_operate.html?command=get_materiel&rest_code=00102&code=00101012026&supplier_code=00100096&order_time=2021-09-30 HTTP/1.1" 200 410
116.230.105.26 - - [30/Sep/2021:08:46:10 +0800] "POST /xingrg/kc/base/wldb_order_operate.html HTTP/1.1" 200 12
116.230.105.26 - - [30/Sep/2021:08:46:10 +0800] "POST /xingrg/kc/base/wldb_order_operate.html HTTP/1.1" 200 3152
116.230.105.26 - - [30/Sep/2021:08:46:11 +0800] "GET /xingrg/kc/base/wldb_order_info.html?code=422021093003489 HTTP/1.1" 200 26323
116.230.105.26 - - [30/Sep/2021:08:46:11 +0800] "GET /xingrg/javascript/easyui/themes/default/validatebox.css HTTP/1.1" 404 1104
116.230.105.26 - - [30/Sep/2021:08:46:11 +0800] "POST /xingrg/kc/base/wldb_order_operate.html HTTP/1.1" 200 1427
116.230.105.26 - - [30/Sep/2021:08:46:13 +0800] "GET /xingrg/kc/base/wldb_order_add.html HTTP/1.1" 200 30444
116.230.105.26 - - [30/Sep/2021:08:46:13 +0800] "POST /xingrg/kc/base/wldb_order_operate.html HTTP/1.1" 200 6806
116.230.105.26 - - [30/Sep/2021:08:46:13 +0800] "GET /xingrg/javascript/easyui/themes/default/validatebox.css HTTP/1.1" 404 1104
116.238.248.233 - - [30/Sep/2021:08:46:16 +0800] "GET /xingrg/kc/buy/cgsh_order_operate.html?command=get_materiel&rest_code=00150&code=00101008349&supplier_code=00100007&order_time=2021-09-30 HTTP/1.1" 200 412
114.85.125.222 - - [30/Sep/2021:08:46:16 +0800] "GET /xingrg/kc/buy/cgsh_order_operate.html?command=get_materiel&rest_code=00150&code=00101015062&supplier_code=00100054&order_time=2021-09-30 HTTP/1.1" 200 412
120.253.135.82 - - [30/Sep/2021:08:46:18 +0800] "GET /xingrg/all/function/internal_message.html?_=1632962548307&CODE_STATE=getMsg HTTP/1.1" 200 27
222.70.246.151 - - [30/Sep/2021:08:46:21 +0800] "GET /xingrg/all/function/internal_message.html?_=1632962778399&CODE_STATE=getMsg HTTP/1.1" 200 27
116.230.105.26 - - [30/Sep/2021:08:46:25 +0800] "GET /xingrg/kc/base/wldb_order_operate.html?command=get_materiel&rest_code=00155&base_code=0010740&code=00102002150 HTTP/1.1" 200 433
114.85.125.222 - - [30/Sep/2021:08:46:25 +0800] "GET /xingrg/kc/buy/cgsh_order_operate.html?command=get_materiel&rest_code=00150&code=00101015076&supplier_code=00100054&order_time=2021-09-30 HTTP/1.1" 200 416
180.152.237.0 - - [30/Sep/2021:08:46:26 +0800] "GET /xingrg/kc/buy/cgsh_order_operate.html?command=get_materiel&rest_code=00102&code=00101012044&supplier_code=00100096&order_time=2021-09-30 HTTP/1.1" 200 409
222.70.178.96 - - [30/Sep/2021:08:46:29 +0800] "GET /xingrg/check_reg.html?_=1632962784985 HTTP/1.1" 200 22
180.152.237.0 - - [30/Sep/2021:08:46:32 +0800] "GET /xingrg/all/function/internal_message.html?_=1632962771591&CODE_STATE=getMsg HTTP/1.1" 200 27
116.230.105.26 - - [30/Sep/2021:08:46:33 +0800] "GET /xingrg/kc/base/wldb_order_operate.html?command=get_materiel&rest_code=00155&base_code=0010740&code=00102002193 HTTP/1.1" 200 438
114.85.125.222 - - [30/Sep/2021:08:46:34 +0800] "GET /xingrg/check_reg.html?_=1632962761981 HTTP/1.1" 200 22
114.85.125.222 - - [30/Sep/2021:08:46:37 +0800] "GET /xingrg/kc/buy/cgsh_order_operate.html?command=get_materiel&rest_code=00150&code=00101015016&supplier_code=00100054&order_time=2021-09-30 HTTP/1.1" 200 412
116.230.105.26 - - [30/Sep/2021:08:46:38 +0800] "GET /xingrg/kc/base/wldb_order_operate.html?command=get_materiel&rest_code=00155&base_code=0010740&code=00102002275 HTTP/1.1" 200 449
116.238.248.233 - - [30/Sep/2021:08:46:39 +0800] "GET /xingrg/kc/buy/cgsh_order_operate.html?command=get_materiel&rest_code=00150&code=00101008350&supplier_code=00100007&order_time=2021-09-30 HTTP/1.1" 200 429
116.230.105.26 - - [30/Sep/2021:08:46:45 +0800] "GET /xingrg/kc/base/wldb_order_operate.html?command=get_materiel&rest_code=00155&base_code=0010740&code=00102002610 HTTP/1.1" 200 429
114.85.125.222 - - [30/Sep/2021:08:46:45 +0800] "POST /xingrg/kc/buy/cgsh_order_operate.html HTTP/1.1" 200 37
116.238.248.233 - - [30/Sep/2021:08:46:46 +0800] "GET /xingrg/kc/buy/cgsh_order_operate.html?command=get_materiel&rest_code=00150&code=00101008149&supplier_code=00100007&order_time=2021-09-30 HTTP/1.1" 200 408
180.152.237.0 - - [30/Sep/2021:08:46:46 +0800] "GET /xingrg/kc/buy/cgsh_order_operate.html?command=get_materiel&rest_code=00102&code=00101012053&supplier_code=00100096&order_time=2021-09-30 HTTP/1.1" 200 412
222.70.178.96 - - [30/Sep/2021:08:46:47 +0800] "GET /xingrg/all/function/internal_message.html?_=1632962802583&CODE_STATE=getMsg HTTP/1.1" 200 27
114.85.125.222 - - [30/Sep/2021:08:46:51 +0800] "POST /xingrg/kc/buy/cgsh_order_operate.html HTTP/1.1" 200 12
116.230.105.26 - - [30/Sep/2021:08:46:51 +0800] "GET /xingrg/kc/base/wldb_order_operate.html?command=get_materiel&rest_code=00155&base_code=0010740&code=00102024027 HTTP/1.1" 200 440
116.230.105.26 - - [30/Sep/2021:08:46:51 +0800] "GET /xingrg/all/function/internal_message.html?_=1632962808269&CODE_STATE=getMsg HTTP/1.1" 200 27
116.238.248.233 - - [30/Sep/2021:08:46:52 +0800] "GET /xingrg/kc/buy/cgsh_order_operate.html?command=get_materiel&rest_code=00150&code=00101008185&supplier_code=00100007&order_time=2021-09-30 HTTP/1.1" 200 408
114.85.125.222 - - [30/Sep/2021:08:46:53 +0800] "GET /xingrg/kc/buy/cgsh_order_info.html?code=212021093013537 HTTP/1.1" 200 59400
114.85.125.222 - - [30/Sep/2021:08:46:53 +0800] "GET /xingrg/javascript/easyui/themes/default/validatebox.css HTTP/1.1" 404 1104
114.85.125.222 - - [30/Sep/2021:08:46:53 +0800] "GET /xingrg/all/function/internal_message.html?_=1632962781840&CODE_STATE=getMsg HTTP/1.1" 200 27
114.85.125.222 - - [30/Sep/2021:08:46:54 +0800] "POST /xingrg/kc/buy/cgsh_order_operate.html HTTP/1.1" 200 3554
114.85.125.222 - - [30/Sep/2021:08:46:55 +0800] "GET /xingrg/kc/print/load_config.html?kc_code=cgsh HTTP/1.1" 200 2256
114.85.125.222 - - [30/Sep/2021:08:46:55 +0800] "GET /xingrg/kc/print/load_data.html?order_code=212021093013537&kc_code=cgsh&condition= HTTP/1.1" 200 1844
