180.169.147.146 - - [30/Sep/2021:11:03:19 +0800] "GET /xingrg/kc/buy/cgsh_order_operate.html?command=get_materiel&rest_code=00147&code=00101029017&supplier_code=00100017&order_time=2021-09-29 HTTP/1.1" 200 469
222.69.131.205 - - [30/Sep/2021:11:03:19 +0800] "GET /xingrg/all/function/internal_message.html?_=1632971000292&CODE_STATE=getMsg HTTP/1.1" 200 27
180.152.237.0 - - [30/Sep/2021:11:03:20 +0800] "POST /xingrg/kc/base/wldb_order_operate.html HTTP/1.1" 200 37
116.237.74.154 - - [30/Sep/2021:11:03:21 +0800] "GET /xingrg/javascript/auto/indicator.gif HTTP/1.1" 404 1066
180.169.147.146 - - [30/Sep/2021:11:03:21 +0800] "POST /xingrg/all/common/load_select.html HTTP/1.1" 200 25
180.152.237.0 - - [30/Sep/2021:11:03:22 +0800] "POST /xingrg/kc/base/wldb_order_operate.html HTTP/1.1" 200 12
180.152.237.0 - - [30/Sep/2021:11:03:22 +0800] "POST /xingrg/kc/base/wldb_order_operate.html HTTP/1.1" 200 8171
116.237.74.154 - - [30/Sep/2021:11:03:23 +0800] "GET /xingrg/kc/base/wldb_order_operate.html?command=get_materiel&rest_code=00106&base_code=0010396&code=00101016020 HTTP/1.1" 200 446
180.169.147.146 - - [30/Sep/2021:11:03:24 +0800] "GET /xingrg/kc/buy/cgsh_order_operate.html?command=get_materiel_price&rest_code=00147&code=00101029017&unit_code=00100179&supplier_code=00100017&order_time=2021-09-29 HTTP/1.1" 200 29
101.85.106.134 - - [30/Sep/2021:11:03:24 +0800] "GET /xingrg/check_reg.html?_=1632970898610 HTTP/1.1" 200 22
180.152.237.0 - - [30/Sep/2021:11:03:28 +0800] "GET /xingrg/kc/base/wldb_order_info.html?code=422021093003510 HTTP/1.1" 200 26311
180.152.237.0 - - [30/Sep/2021:11:03:30 +0800] "POST /xingrg/kc/base/wldb_order_operate.html HTTP/1.1" 200 6331
180.152.237.0 - - [30/Sep/2021:11:03:30 +0800] "GET /xingrg/javascript/easyui/themes/default/validatebox.css HTTP/1.1" 404 1104
180.152.237.0 - - [30/Sep/2021:11:03:32 +0800] "GET /xingrg/kc/base/wldb_order_add.html HTTP/1.1" 200 30434
180.169.147.146 - - [30/Sep/2021:11:03:33 +0800] "GET /xingrg/all/function/internal_message.html?_=1632971007609&CODE_STATE=getMsg HTTP/1.1" 200 27
180.152.237.0 - - [30/Sep/2021:11:03:34 +0800] "POST /xingrg/kc/base/wldb_order_operate.html HTTP/1.1" 200 6806
180.152.237.0 - - [30/Sep/2021:11:03:36 +0800] "GET /xingrg/javascript/easyui/themes/default/validatebox.css HTTP/1.1" 404 1104
180.157.253.110 - - [30/Sep/2021:11:03:36 +0800] "GET /xingrg/index.html?sysBaseUrl=http%3A%2F%2F180.169.147.146%3A18081%2Fxingrg%2F&costTime=44×tamp=1622098168715 HTTP/1.1" 302 -
180.157.253.110 - - [30/Sep/2021:11:03:36 +0800] "GET /xingrg/login.html HTTP/1.1" 200 7641
180.157.253.110 - - [30/Sep/2021:11:03:36 +0800] "GET /favicon.ico HTTP/1.1" 404 -
101.91.62.89 - - [30/Sep/2021:11:03:36 +0800] "GET /xingrg/kc/buy/cgsh_order_operate.html?command=get_materiel&rest_code=00106&code=00101006111&supplier_code=00100015&order_time=2021-09-30 HTTP/1.1" 302 -
180.152.237.0 - - [30/Sep/2021:11:03:37 +0800] "POST /xingrg/all/common/load_combo.html?type=base HTTP/1.1" 200 3060
101.91.62.89 - - [30/Sep/2021:11:03:37 +0800] "GET /xingrg/login.html HTTP/1.1" 200 7641
180.157.253.110 - - [30/Sep/2021:11:03:37 +0800] "POST /xingrg/login.do HTTP/1.1" 302 -
180.157.253.110 - - [30/Sep/2021:11:03:37 +0800] "GET /xingrg/index.html?sysBaseUrl=http%3A%2F%2F180.169.147.146%3A18081%2Fxingrg%2F&costTime=42×tamp=1632971017954 HTTP/1.1" 200 17179
180.157.253.110 - - [30/Sep/2021:11:03:37 +0800] "GET /xingrg/javascript/jquery_easy_ui/easyui-lang-zh_CN.js HTTP/1.1" 304 -
180.157.253.110 - - [30/Sep/2021:11:03:37 +0800] "GET /xingrg/javascript/jquery_easy_ui/themes/default/easyui.css HTTP/1.1" 304 -
180.157.253.110 - - [30/Sep/2021:11:03:37 +0800] "GET /xingrg/javascript/jquery_easy_ui/themes/icon.css HTTP/1.1" 304 -
180.157.253.110 - - [30/Sep/2021:11:03:37 +0800] "GET /xingrg/css/form.css HTTP/1.1" 304 -
180.157.253.110 - - [30/Sep/2021:11:03:37 +0800] "GET /xingrg/javascript/jquery.form.js HTTP/1.1" 304 -
180.157.253.110 - - [30/Sep/2021:11:03:37 +0800] "GET /xingrg/javascript/jquery-1.4.2.min.js HTTP/1.1" 304 -
180.157.253.110 - - [30/Sep/2021:11:03:37 +0800] "GET /xingrg/javascript/jquery_easy_ui/jquery.easyui.min.js HTTP/1.1" 304 -
180.157.253.110 - - [30/Sep/2021:11:03:37 +0800] "GET /xingrg/javascript/jquery.utils.js HTTP/1.1" 304 -
180.157.253.110 - - [30/Sep/2021:11:03:37 +0800] "GET /xingrg/javascript/jquery.timers.js HTTP/1.1" 304 -
180.157.253.110 - - [30/Sep/2021:11:03:38 +0800] "GET /favicon.ico HTTP/1.1" 404 -
180.157.253.110 - - [30/Sep/2021:11:03:38 +0800] "GET /xingrg/javascript/jquery_easy_ui/themes/icons/settle_new.png HTTP/1.1" 304 -
180.157.253.110 - - [30/Sep/2021:11:03:38 +0800] "GET /xingrg/images/blue/navBackgound.jpg HTTP/1.1" 304 -
180.157.253.110 - - [30/Sep/2021:11:03:38 +0800] "POST /xingrg/all/common/load_tree.html?tree=area_rest_tree_json&manage=1 HTTP/1.1" 200 351
180.157.253.110 - - [30/Sep/2021:11:03:38 +0800] "GET /xingrg/javascript/jquery_easy_ui/themes/default/images/tabs_leftarrow.png HTTP/1.1" 304 -
180.157.253.110 - - [30/Sep/2021:11:03:38 +0800] "GET /xingrg/images/blue/pingpu.png HTTP/1.1" 304 -
180.157.253.110 - - [30/Sep/2021:11:03:38 +0800] "GET /xingrg/javascript/jquery_easy_ui/themes/default/images/tabs_rightarrow.png HTTP/1.1" 304 -
180.157.253.110 - - [30/Sep/2021:11:03:38 +0800] "GET /xingrg/all/function/internal_message.html?_=1632971016526&CODE_STATE=count HTTP/1.1" 200 11
180.157.253.110 - - [30/Sep/2021:11:03:38 +0800] "GET /xingrg/check_reg.html?_=1632971016527 HTTP/1.1" 200 22
180.157.253.110 - - [30/Sep/2021:11:03:38 +0800] "GET /xingrg/javascript/jquery_easy_ui/themes/default/images/panel_tool_collapse.gif HTTP/1.1" 304 -
180.157.253.110 - - [30/Sep/2021:11:03:38 +0800] "POST /xingrg/load_menu.html HTTP/1.1" 200 5138
180.157.253.110 - - [30/Sep/2021:11:03:38 +0800] "GET /xingrg/javascript/jquery_easy_ui/themes/default/images/tree_arrows.gif HTTP/1.1" 304 -
180.157.253.110 - - [30/Sep/2021:11:03:38 +0800] "GET /xingrg/javascript/jquery_easy_ui/themes/default/images/tree_folder_open.gif HTTP/1.1" 304 -
180.157.253.110 - - [30/Sep/2021:11:03:38 +0800] "GET /xingrg/javascript/jquery_easy_ui/themes/icons/search_new.png HTTP/1.1" 304 -
180.157.253.110 - - [30/Sep/2021:11:03:38 +0800] "GET /xingrg/javascript/jquery_easy_ui/themes/default/images/tree_folder.gif HTTP/1.1" 304 -
180.157.253.110 - - [30/Sep/2021:11:03:38 +0800] "GET /xingrg/javascript/jquery_easy_ui/themes/icons/storage_new.png HTTP/1.1" 304 -
180.157.253.110 - - [30/Sep/2021:11:03:38 +0800] "GET /xingrg/javascript/jquery_easy_ui/themes/icons/forms_new.png HTTP/1.1" 304 -
180.157.253.110 - - [30/Sep/2021:11:03:38 +0800] "GET /xingrg/javascript/jquery_easy_ui/themes/default/images/tree_file.gif HTTP/1.1" 304 -
180.152.237.0 - - [30/Sep/2021:11:03:39 +0800] "POST /xingrg/all/common/load_combo.html?type=base HTTP/1.1" 200 3060
222.69.131.83 - - [30/Sep/2021:11:03:40 +0800] "GET /xingrg/kc/buy/cgsh_order_add.html HTTP/1.1" 200 64606
222.69.131.83 - - [30/Sep/2021:11:03:41 +0800] "POST /xingrg/kc/buy/cgsh_order_operate.html HTTP/1.1" 200 8245
222.69.131.83 - - [30/Sep/2021:11:03:41 +0800] "GET /xingrg/javascript/easyui/themes/default/validatebox.css HTTP/1.1" 404 1104
58.39.139.200 - - [30/Sep/2021:11:03:42 +0800] "GET /xingrg/all/function/internal_message.html?_=1632971009765&CODE_STATE=getMsg HTTP/1.1" 200 27
58.35.215.131 - - [30/Sep/2021:11:03:43 +0800] "GET /xingrg/all/function/internal_message.html?_=1632971022723&CODE_STATE=getMsg HTTP/1.1" 200 27
116.237.74.154 - - [30/Sep/2021:11:03:43 +0800] "GET /xingrg/kc/base/wldb_order_operate.html?command=get_materiel&rest_code=00106&base_code=0010396&code=00101019185 HTTP/1.1" 200 454
222.69.131.83 - - [30/Sep/2021:11:03:43 +0800] "GET /xingrg/all/function/internal_message.html?_=1632971021780&CODE_STATE=getMsg HTTP/1.1" 200 27
222.69.131.83 - - [30/Sep/2021:11:03:43 +0800] "GET /xingrg/check_reg.html?_=1632971021861 HTTP/1.1" 200 22
180.157.253.110 - - [30/Sep/2021:11:03:45 +0800] "GET /xingrg/javascript/jquery_easy_ui/themes/default/images/tabs_close.gif HTTP/1.1" 304 -
180.157.253.110 - - [30/Sep/2021:11:03:45 +0800] "GET /xingrg/css/base.css HTTP/1.1" 304 -
180.157.253.110 - - [30/Sep/2021:11:03:45 +0800] "GET /xingrg/css/site.css HTTP/1.1" 304 -
180.157.253.110 - - [30/Sep/2021:11:03:45 +0800] "GET /xingrg/javascript/jquery_tools/datebox.css HTTP/1.1" 304 -
180.157.253.110 - - [30/Sep/2021:11:03:45 +0800] "GET /xingrg/javascript/easyui/themes/icon.css HTTP/1.1" 304 -
180.157.253.110 - - [30/Sep/2021:11:03:45 +0800] "GET /xingrg/javascript/easyui/themes/default/easyui.css HTTP/1.1" 304 -
180.157.253.110 - - [30/Sep/2021:11:03:45 +0800] "GET /xingrg/javascript/jquery_tools/fix.css HTTP/1.1" 304 -
180.157.253.110 - - [30/Sep/2021:11:03:45 +0800] "GET /xingrg/javascript/auto/jquery.autocomplete.css HTTP/1.1" 304 -
180.157.253.110 - - [30/Sep/2021:11:03:45 +0800] "GET /xingrg/javascript/jquery_tools/table.css HTTP/1.1" 304 -
180.157.253.110 - - [30/Sep/2021:11:03:45 +0800] "GET /xingrg/javascript/jquery_tools/jquery.tools.min.js HTTP/1.1" 304 -
180.157.253.110 - - [30/Sep/2021:11:03:45 +0800] "GET /xingrg/javascript/jquery_tools/jquery.tools.extend.js HTTP/1.1" 304 -
180.157.253.110 - - [30/Sep/2021:11:03:45 +0800] "GET /xingrg/javascript/jquery_tools/jquery.tools.table.js HTTP/1.1" 304 -
180.157.253.110 - - [30/Sep/2021:11:03:45 +0800] "GET /xingrg/javascript/jquery_tools/jquery.tools.hotkey.js HTTP/1.1" 304 -
180.157.253.110 - - [30/Sep/2021:11:03:45 +0800] "GET /xingrg/kc/base/wldb_order_list.html HTTP/1.1" 200 19230
180.157.253.110 - - [30/Sep/2021:11:03:45 +0800] "GET /xingrg/javascript/jquery_tools/list_manager.js HTTP/1.1" 304 -
180.157.253.110 - - [30/Sep/2021:11:03:45 +0800] "GET /xingrg/javascript/auto/jquery.autocomplete.js HTTP/1.1" 304 -
180.157.253.110 - - [30/Sep/2021:11:03:45 +0800] "GET /xingrg/javascript/jquery.cookie.js HTTP/1.1" 304 -
180.157.253.110 - - [30/Sep/2021:11:03:45 +0800] "GET /xingrg/javascript/easyui/easyloader.js HTTP/1.1" 304 -
180.157.253.110 - - [30/Sep/2021:11:03:45 +0800] "GET /xingrg/javascript/print/LodopFuncs.js HTTP/1.1" 304 -
180.157.253.110 - - [30/Sep/2021:11:03:45 +0800] "GET /xingrg/javascript/easyui/themes/icons/edit_add_new.png HTTP/1.1" 304 -
180.157.253.110 - - [30/Sep/2021:11:03:45 +0800] "GET /xingrg/javascript/easyui/themes/icons/cance_new.png HTTP/1.1" 304 -
180.157.253.110 - - [30/Sep/2021:11:03:45 +0800] "GET /xingrg/javascript/easyui/themes/icons/check_new.png HTTP/1.1" 304 -
180.157.253.110 - - [30/Sep/2021:11:03:45 +0800] "GET /xingrg/javascript/easyui/themes/icons/field_new.png HTTP/1.1" 304 -
180.157.253.110 - - [30/Sep/2021:11:03:45 +0800] "GET /xingrg/javascript/easyui/themes/icons/import_new.png HTTP/1.1" 304 -
180.157.253.110 - - [30/Sep/2021:11:03:45 +0800] "GET /xingrg/javascript/easyui/plugins/jquery.parser.js HTTP/1.1" 304 -
180.157.253.110 - - [30/Sep/2021:11:03:45 +0800] "GET /xingrg/images/control/ajaxLoader.gif HTTP/1.1" 304 -
180.157.253.110 - - [30/Sep/2021:11:03:46 +0800] "POST /xingrg/kc/base/wldb_list_operate.html HTTP/1.1" 200 928
180.152.237.0 - - [30/Sep/2021:11:03:46 +0800] "GET /xingrg/kc/base/wldb_order_operate.html?command=get_materiel&rest_code=00102&base_code=0010476&code=00101019128 HTTP/1.1" 200 457
222.70.246.151 - - [30/Sep/2021:11:03:47 +0800] "GET /xingrg/all/function/internal_message.html?_=1632971025003&CODE_STATE=getMsg HTTP/1.1" 200 27
116.237.74.154 - - [30/Sep/2021:11:03:50 +0800] "GET /xingrg/all/function/internal_message.html?_=1632971031762&CODE_STATE=getMsg HTTP/1.1" 200 27
58.40.7.146 - - [30/Sep/2021:11:03:51 +0800] "GET /xingrg/all/function/internal_message.html?_=1632971029991&CODE_STATE=getMsg HTTP/1.1" 200 27
116.237.74.154 - - [30/Sep/2021:11:03:51 +0800] "GET /xingrg/kc/base/wldb_order_operate.html?command=get_materiel&rest_code=00106&base_code=0010396&code=00101019391 HTTP/1.1" 200 471
180.157.253.110 - - [30/Sep/2021:11:03:52 +0800] "GET /xingrg/kc/base/wldb_order_list.html HTTP/1.1" 200 19230
180.157.253.110 - - [30/Sep/2021:11:03:52 +0800] "POST /xingrg/kc/base/wldb_list_operate.html HTTP/1.1" 200 928
180.157.253.110 - - [30/Sep/2021:11:03:52 +0800] "GET /xingrg/javascript/easyui/themes/default/images/button_plain_hover.png HTTP/1.1" 304 -
180.162.112.229 - - [30/Sep/2021:11:03:52 +0800] "GET /xingrg/all/function/internal_message.html?_=1632970569993&CODE_STATE=getMsg HTTP/1.1" 200 27
180.157.253.110 - - [30/Sep/2021:11:03:53 +0800] "GET /xingrg/kc/base/wldb_order_add.html HTTP/1.1" 200 30440
180.157.253.110 - - [30/Sep/2021:11:03:53 +0800] "GET /xingrg/javascript/pic_change.js HTTP/1.1" 304 -
180.157.253.110 - - [30/Sep/2021:11:03:53 +0800] "GET /xingrg/javascript/jquery_tools/order_manager.js HTTP/1.1" 304 -
180.157.253.110 - - [30/Sep/2021:11:03:53 +0800] "GET /xingrg/javascript/convert.js HTTP/1.1" 304 -
180.157.253.110 - - [30/Sep/2021:11:03:53 +0800] "GET /xingrg/javascript/json2.js HTTP/1.1" 304 -
180.157.253.110 - - [30/Sep/2021:11:03:53 +0800] "GET /xingrg/javascript/print/kc_print.js HTTP/1.1" 304 -
180.157.253.110 - - [30/Sep/2021:11:03:53 +0800] "GET /xingrg/words/20210930102033_words.js HTTP/1.1" 200 852763
180.157.253.110 - - [30/Sep/2021:11:03:53 +0800] "GET /xingrg/javascript/easyui/themes/icons/template_new.png HTTP/1.1" 304 -
180.157.253.110 - - [30/Sep/2021:11:03:53 +0800] "GET /xingrg/javascript/easyui/themes/icons/ok.png HTTP/1.1" 304 -
180.157.253.110 - - [30/Sep/2021:11:03:53 +0800] "GET /xingrg/javascript/easyui/themes/icons/print.png HTTP/1.1" 304 -
180.157.253.110 - - [30/Sep/2021:11:03:53 +0800] "GET /xingrg/javascript/easyui/themes/default/images/menu_downarrow.png HTTP/1.1" 304 -
180.157.253.110 - - [30/Sep/2021:11:03:53 +0800] "GET /xingrg/javascript/easyui/themes/icons/cancel.png HTTP/1.1" 304 -
116.230.105.26 - - [30/Sep/2021:11:03:53 +0800] "GET /xingrg/kc/guide/show_order.html?code=212021092009125&type=21 HTTP/1.1" 302 -
180.157.253.110 - - [30/Sep/2021:11:03:53 +0800] "POST /xingrg/kc/base/wldb_order_operate.html HTTP/1.1" 200 6806
180.157.253.110 - - [30/Sep/2021:11:03:53 +0800] "GET /xingrg/all/common/auto_word.html?type=base&rest_code=00148 HTTP/1.1" 200 1753
180.157.253.110 - - [30/Sep/2021:11:03:53 +0800] "GET /xingrg/all/common/auto_word.html?type=base&rest_code=00148 HTTP/1.1" 200 1753
180.157.253.110 - - [30/Sep/2021:11:03:53 +0800] "GET /xingrg/javascript/easyui/themes/default/validatebox.css HTTP/1.1" 404 1104
180.157.253.110 - - [30/Sep/2021:11:03:53 +0800] "GET /xingrg/javascript/easyui/plugins/jquery.validatebox.js HTTP/1.1" 304 -
180.157.253.110 - - [30/Sep/2021:11:03:53 +0800] "GET /xingrg/javascript/easyui/plugins/jquery.numberbox.js HTTP/1.1" 304 -
180.157.253.110 - - [30/Sep/2021:11:03:53 +0800] "GET /xingrg/javascript/easyui/themes/icons/edit_remove.png HTTP/1.1" 304 -
116.230.105.26 - - [30/Sep/2021:11:03:53 +0800] "GET /xingrg/kc/buy/cgsh_order_info.html?code=212021092009125&sysBaseUrl=http%3A%2F%2F180.169.147.146%3A18081%2Fxingrg%2F&costTime=1×tamp=1632971033555 HTTP/1.1" 200 59432
116.230.105.26 - - [30/Sep/2021:11:03:53 +0800] "GET /favicon.ico HTTP/1.1" 404 -
116.230.105.26 - - [30/Sep/2021:11:03:54 +0800] "GET /xingrg/javascript/easyui/themes/default/validatebox.css HTTP/1.1" 404 1104
116.237.74.154 - - [30/Sep/2021:11:03:55 +0800] "POST /xingrg/kc/buy/cgsh_order_operate.html HTTP/1.1" 200 37
116.230.105.26 - - [30/Sep/2021:11:03:55 +0800] "POST /xingrg/kc/buy/cgsh_order_operate.html HTTP/1.1" 200 12495
222.69.131.83 - - [30/Sep/2021:11:03:56 +0800] "GET /xingrg/kc/buy/cgsh_order_operate.html?command=get_materiel&rest_code=00149&code=00101003035&supplier_code=00100039&order_time=2021-09-30 HTTP/1.1" 200 427
116.238.248.233 - - [30/Sep/2021:11:03:57 +0800] "GET /xingrg/all/function/internal_message.html?_=1632971034783&CODE_STATE=getMsg HTTP/1.1" 200 27
180.152.237.0 - - [30/Sep/2021:11:03:58 +0800] "GET /xingrg/all/function/internal_message.html?_=1632971017187&CODE_STATE=getMsg HTTP/1.1" 200 27
180.152.237.0 - - [30/Sep/2021:11:03:58 +0800] "GET /xingrg/kc/base/wldb_order_operate.html?command=get_materiel&rest_code=00102&base_code=0010476&code=00101019527 HTTP/1.1" 200 473
180.152.237.0 - - [30/Sep/2021:11:04:00 +0800] "GET /xingrg/all/function/internal_message.html?_=1632971030979&CODE_STATE=getMsg HTTP/1.1" 200 27
116.237.74.154 - - [30/Sep/2021:11:04:01 +0800] "POST /xingrg/kc/buy/cgsh_order_operate.html HTTP/1.1" 200 12
61.151.179.84 - - [30/Sep/2021:11:04:02 +0800] "GET /xingrg/kc/buy/cgsh_order_operate.html?command=get_materiel&rest_code=00106&code=00101006193&supplier_code=00100015&order_time=2021-09-30 HTTP/1.1" 302 -
61.151.179.84 - - [30/Sep/2021:11:04:03 +0800] "GET /xingrg/login.html HTTP/1.1" 200 7641
180.152.237.0 - - [30/Sep/2021:11:04:04 +0800] "GET /xingrg/all/function/internal_message.html?_=1632971041984&CODE_STATE=getMsg HTTP/1.1" 200 27
116.237.74.154 - - [30/Sep/2021:11:04:04 +0800] "GET /xingrg/kc/buy/cgsh_order_info.html?code=212021093013595 HTTP/1.1" 200 59470
180.152.237.0 - - [30/Sep/2021:11:04:05 +0800] "GET /xingrg/kc/base/wldb_order_operate.html?command=get_materiel&rest_code=00102&base_code=0010476&code=00101019027 HTTP/1.1" 200 475
116.237.74.154 - - [30/Sep/2021:11:04:05 +0800] "GET /xingrg/kc/base/wldb_order_operate.html?command=get_materiel&rest_code=00106&base_code=0010396&code=00101019110 HTTP/1.1" 200 475
114.85.125.222 - - [30/Sep/2021:11:04:05 +0800] "GET /xingrg/all/function/internal_message.html?_=1632971013279&CODE_STATE=getMsg HTTP/1.1" 200 27
116.237.74.154 - - [30/Sep/2021:11:04:05 +0800] "GET /xingrg/javascript/easyui/themes/default/validatebox.css HTTP/1.1" 404 1104
58.39.139.200 - - [30/Sep/2021:11:04:05 +0800] "GET /xingrg/all/function/internal_message.html?_=1632971043777&CODE_STATE=getMsg HTTP/1.1" 200 27
116.237.74.154 - - [30/Sep/2021:11:04:06 +0800] "POST /xingrg/kc/buy/cgsh_order_operate.html HTTP/1.1" 200 2968
222.69.131.83 - - [30/Sep/2021:11:04:06 +0800] "GET /xingrg/all/function/internal_message.html?_=1632971035224&CODE_STATE=getMsg HTTP/1.1" 200 27
114.86.225.151 - - [30/Sep/2021:11:04:06 +0800] "GET /xingrg/all/function/internal_message.html?_=1632971045553&CODE_STATE=getMsg HTTP/1.1" 200 27
116.237.74.154 - - [30/Sep/2021:11:04:07 +0800] "GET /xingrg/kc/print/load_data.html?order_code=212021093013595&kc_code=cgsh&condition= HTTP/1.1" 200 1695
116.230.105.26 - - [30/Sep/2021:11:04:09 +0800] "GET /xingrg/all/function/internal_message.html?_=1632971045697&CODE_STATE=getMsg HTTP/1.1" 200 27
180.152.237.0 - - [30/Sep/2021:11:04:11 +0800] "GET /xingrg/kc/base/wldb_order_operate.html?command=get_materiel&rest_code=00102&base_code=0010476&code=00101019185 HTTP/1.1" 200 455
61.151.178.165 - - [30/Sep/2021:11:04:14 +0800] "GET /xingrg/all/function/internal_message.html?_=1632970990438&CODE_STATE=getMsg HTTP/1.1" 302 -
116.237.74.154 - - [30/Sep/2021:11:04:14 +0800] "GET /xingrg/all/function/internal_message.html?_=1632971050412&CODE_STATE=getMsg HTTP/1.1" 200 27
116.237.74.154 - - [30/Sep/2021:11:04:14 +0800] "GET /xingrg/kc/print/load_data.html?order_code=212021093013595&kc_code=cgsh HTTP/1.1" 200 1695
222.70.178.96 - - [30/Sep/2021:11:04:15 +0800] "GET /xingrg/all/function/internal_message.html?_=1632971050371&CODE_STATE=getMsg HTTP/1.1" 200 27
61.151.178.165 - - [30/Sep/2021:11:04:15 +0800] "GET /xingrg/login.html HTTP/1.1" 200 7641
222.69.131.83 - - [30/Sep/2021:11:04:15 +0800] "GET /xingrg/kc/buy/cgsh_order_operate.html?command=get_materiel&rest_code=00149&code=00101002027&supplier_code=00100039&order_time=2021-09-30 HTTP/1.1" 200 433
116.237.74.154 - - [30/Sep/2021:11:04:15 +0800] "GET /xingrg/kc/base/wldb_order_operate.html?command=get_materiel&rest_code=00106&base_code=0010396&code=00101019258 HTTP/1.1" 200 469
180.162.112.229 - - [30/Sep/2021:11:04:16 +0800] "POST /xingrg/kc/buy/cgsh_order_operate.html HTTP/1.1" 200 37
180.162.112.229 - - [30/Sep/2021:11:04:18 +0800] "POST /xingrg/kc/buy/cgsh_order_operate.html HTTP/1.1" 200 17535
180.152.237.0 - - [30/Sep/2021:11:04:19 +0800] "GET /xingrg/kc/base/wldb_order_operate.html?command=get_materiel&rest_code=00102&base_code=0010476&code=00101019164 HTTP/1.1" 200 452
222.69.131.205 - - [30/Sep/2021:11:04:19 +0800] "GET /xingrg/all/function/internal_message.html?_=1632971060281&CODE_STATE=getMsg HTTP/1.1" 200 27
180.169.147.146 - - [30/Sep/2021:11:04:20 +0800] "GET /xingrg/kc/buy/cgsh_order_operate.html?command=get_materiel&rest_code=00147&code=00101028008&supplier_code=00100017&order_time=2021-09-29 HTTP/1.1" 200 449
180.169.147.146 - - [30/Sep/2021:11:04:21 +0800] "POST /xingrg/all/common/load_select.html HTTP/1.1" 200 25
180.169.147.146 - - [30/Sep/2021:11:04:24 +0800] "GET /xingrg/kc/buy/cgsh_order_operate.html?command=get_materiel_price&rest_code=00147&code=00101028008&unit_code=00100157&supplier_code=00100017&order_time=2021-09-29 HTTP/1.1" 200 30
180.157.253.110 - - [30/Sep/2021:11:04:25 +0800] "GET /xingrg/javascript/auto/indicator.gif HTTP/1.1" 404 1066
180.162.112.229 - - [30/Sep/2021:11:04:27 +0800] "POST /xingrg/kc/buy/cgsh_order_operate.html HTTP/1.1" 200 37
180.152.237.0 - - [30/Sep/2021:11:04:27 +0800] "GET /xingrg/kc/base/wldb_order_operate.html?command=get_materiel&rest_code=00102&base_code=0010476&code=00101019391 HTTP/1.1" 200 471
58.35.215.131 - - [30/Sep/2021:11:04:28 +0800] "POST /xingrg/kc/buy/cgsh_order_operate.html HTTP/1.1" 200 37
180.157.253.110 - - [30/Sep/2021:11:04:29 +0800] "GET /xingrg/javascript/jquery_tools/images/next.gif HTTP/1.1" 404 1086
180.157.253.110 - - [30/Sep/2021:11:04:29 +0800] "GET /xingrg/javascript/jquery_tools/images/prev.gif HTTP/1.1" 404 1086
58.35.215.131 - - [30/Sep/2021:11:04:30 +0800] "POST /xingrg/kc/buy/cgsh_order_operate.html HTTP/1.1" 200 5037
180.162.112.229 - - [30/Sep/2021:11:04:31 +0800] "POST /xingrg/kc/buy/cgsh_order_operate.html HTTP/1.1" 200 12
180.162.112.229 - - [30/Sep/2021:11:04:32 +0800] "GET /xingrg/kc/buy/cgsh_order_info.html?code=212021092812717 HTTP/1.1" 200 58587
180.162.112.229 - - [30/Sep/2021:11:04:32 +0800] "GET /xingrg/javascript/easyui/themes/default/validatebox.css HTTP/1.1" 404 1104
180.169.147.146 - - [30/Sep/2021:11:04:33 +0800] "GET /xingrg/all/function/internal_message.html?_=1632971067612&CODE_STATE=getMsg HTTP/1.1" 200 27
180.169.147.146 - - [30/Sep/2021:11:04:33 +0800] "GET /xingrg/check_reg.html?_=1632971067614 HTTP/1.1" 200 22
116.237.74.154 - - [30/Sep/2021:11:04:34 +0800] "GET /xingrg/kc/base/wldb_order_operate.html?command=get_materiel&rest_code=00106&base_code=0010396&code=00101019155 HTTP/1.1" 200 478
180.169.147.146 - - [30/Sep/2021:11:04:34 +0800] "POST /xingrg/kc/buy/cgsh_order_operate.html HTTP/1.1" 200 37
180.162.112.229 - - [30/Sep/2021:11:04:34 +0800] "POST /xingrg/kc/buy/cgsh_order_operate.html HTTP/1.1" 200 15473
180.152.237.0 - - [30/Sep/2021:11:04:35 +0800] "GET /xingrg/kc/base/wldb_order_operate.html?command=get_materiel&rest_code=00102&base_code=0010476&code=00101019306 HTTP/1.1" 200 463
180.157.253.110 - - [30/Sep/2021:11:04:35 +0800] "GET /xingrg/kc/base/wldb_order_operate.html?command=get_materiel&rest_code=00148&base_code=0010137&code=00101027001 HTTP/1.1" 200 470
222.69.131.83 - - [30/Sep/2021:11:04:36 +0800] "GET /xingrg/kc/buy/cgsh_order_operate.html?command=get_materiel&rest_code=00149&code=00101002022&supplier_code=00100039&order_time=2021-09-30 HTTP/1.1" 200 409
180.157.253.110 - - [30/Sep/2021:11:04:38 +0800] "GET /xingrg/all/function/internal_message.html?_=1632971076530&CODE_STATE=getMsg HTTP/1.1" 200 27
180.162.112.229 - - [30/Sep/2021:11:04:39 +0800] "GET /xingrg/kc/print/load_data.html?order_code=212021092812717&kc_code=cgsh&condition= HTTP/1.1" 200 6352
180.157.253.110 - - [30/Sep/2021:11:04:40 +0800] "POST /xingrg/kc/base/wldb_order_operate.html HTTP/1.1" 200 37
180.157.253.110 - - [30/Sep/2021:11:04:41 +0800] "GET /xingrg/kc/base/wldb_order_info.html?code=422021093003511 HTTP/1.1" 200 30449
180.157.253.110 - - [30/Sep/2021:11:04:41 +0800] "POST /xingrg/kc/base/wldb_order_operate.html HTTP/1.1" 200 2212
180.157.253.110 - - [30/Sep/2021:11:04:41 +0800] "GET /xingrg/javascript/easyui/themes/default/validatebox.css HTTP/1.1" 404 1104
180.157.253.110 - - [30/Sep/2021:11:04:41 +0800] "POST /xingrg/kc/base/wldb_order_operate.html HTTP/1.1" 200 2212
180.152.237.0 - - [30/Sep/2021:11:04:42 +0800] "GET /xingrg/kc/base/wldb_order_operate.html?command=get_materiel&rest_code=00102&base_code=0010476&code=00101019199 HTTP/1.1" 200 458
58.39.139.200 - - [30/Sep/2021:11:04:42 +0800] "GET /xingrg/all/function/internal_message.html?_=1632971069764&CODE_STATE=getMsg HTTP/1.1" 200 27
58.35.215.131 - - [30/Sep/2021:11:04:43 +0800] "GET /xingrg/check_reg.html?_=1632971082723 HTTP/1.1" 200 22
58.35.215.131 - - [30/Sep/2021:11:04:43 +0800] "GET /xingrg/all/function/internal_message.html?_=1632971082726&CODE_STATE=getMsg HTTP/1.1" 200 27
180.157.253.110 - - [30/Sep/2021:11:04:43 +0800] "GET /xingrg/kc/base/wldb_order_add.html HTTP/1.1" 200 30440
222.69.131.83 - - [30/Sep/2021:11:04:43 +0800] "GET /xingrg/all/function/internal_message.html?_=1632971081758&CODE_STATE=getMsg HTTP/1.1" 200 27
180.157.253.110 - - [30/Sep/2021:11:04:43 +0800] "POST /xingrg/kc/base/wldb_order_operate.html HTTP/1.1" 200 6806
180.157.253.110 - - [30/Sep/2021:11:04:43 +0800] "GET /xingrg/javascript/easyui/themes/default/validatebox.css HTTP/1.1" 404 1104
116.237.74.154 - - [30/Sep/2021:11:04:45 +0800] "GET /xingrg/kc/buy/cgsh_order_add.html HTTP/1.1" 200 64559
58.35.215.131 - - [30/Sep/2021:11:04:46 +0800] "GET /xingrg/kc/print/load_config.html?kc_code=cgsh HTTP/1.1" 200 2256
58.35.215.131 - - [30/Sep/2021:11:04:46 +0800] "GET /xingrg/kc/print/load_data.html?order_code=212021093013596&kc_code=cgsh&condition= HTTP/1.1" 200 1678
116.237.74.154 - - [30/Sep/2021:11:04:46 +0800] "GET /xingrg/javascript/easyui/themes/default/validatebox.css HTTP/1.1" 404 1104
116.237.74.154 - - [30/Sep/2021:11:04:46 +0800] "POST /xingrg/kc/buy/cgsh_order_operate.html HTTP/1.1" 200 8245
58.35.215.131 - - [30/Sep/2021:11:04:46 +0800] "GET /xingrg/javascript/jquery_easy_ui/themes/default/images/tabs_active.png HTTP/1.1" 200 2894
222.70.246.151 - - [30/Sep/2021:11:04:48 +0800] "GET /xingrg/all/function/internal_message.html?_=1632971085015&CODE_STATE=getMsg HTTP/1.1" 200 27
116.237.74.154 - - [30/Sep/2021:11:04:48 +0800] "GET /xingrg/kc/base/wldb_order_operate.html?command=get_materiel&rest_code=00106&base_code=0010396&code=00101019018 HTTP/1.1" 200 451
222.70.178.96 - - [30/Sep/2021:11:04:48 +0800] "GET /xingrg/kc/buy/buy_main.html HTTP/1.1" 200 12412
222.70.178.96 - - [30/Sep/2021:11:04:48 +0800] "GET /xingrg/css/new_ie.css HTTP/1.1" 404 1036
222.70.178.96 - - [30/Sep/2021:11:04:49 +0800] "GET /xingrg/images/yd/bt.gif HTTP/1.1" 404 1040
222.70.178.96 - - [30/Sep/2021:11:04:50 +0800] "GET /xingrg/kc/buy/cgsh_order_list.html HTTP/1.1" 200 48815
116.237.74.154 - - [30/Sep/2021:11:04:50 +0800] "GET /xingrg/all/function/internal_message.html?_=1632971091771&CODE_STATE=getMsg HTTP/1.1" 200 27
58.40.7.146 - - [30/Sep/2021:11:04:51 +0800] "GET /xingrg/all/function/internal_message.html?_=1632971089963&CODE_STATE=getMsg HTTP/1.1" 200 27
222.70.178.96 - - [30/Sep/2021:11:04:52 +0800] "POST /xingrg/kc/buy/cgsh_list_operate.html HTTP/1.1" 200 3092
180.162.112.229 - - [30/Sep/2021:11:04:52 +0800] "GET /xingrg/all/function/internal_message.html?_=1632970629999&CODE_STATE=getMsg HTTP/1.1" 200 27
222.69.131.83 - - [30/Sep/2021:11:04:53 +0800] "GET /xingrg/kc/buy/cgsh_order_operate.html?command=get_materiel&rest_code=00149&code=00101002041&supplier_code=00100039&order_time=2021-09-30 HTTP/1.1" 200 409
180.152.237.0 - - [30/Sep/2021:11:04:53 +0800] "GET /xingrg/kc/base/wldb_order_operate.html?command=get_materiel&rest_code=00102&base_code=0010476&code=00101019222 HTTP/1.1" 200 451
222.70.178.96 - - [30/Sep/2021:11:04:55 +0800] "GET /xingrg/kc/buy/cgsh_order_add.html HTTP/1.1" 200 64547
222.70.178.96 - - [30/Sep/2021:11:04:55 +0800] "POST /xingrg/kc/buy/cgsh_order_operate.html HTTP/1.1" 200 8245
222.70.178.96 - - [30/Sep/2021:11:04:55 +0800] "GET /xingrg/javascript/easyui/themes/default/validatebox.css HTTP/1.1" 404 1104
116.238.248.233 - - [30/Sep/2021:11:04:57 +0800] "GET /xingrg/all/function/internal_message.html?_=1632971094785&CODE_STATE=getMsg HTTP/1.1" 200 27
116.238.248.233 - - [30/Sep/2021:11:04:57 +0800] "GET /xingrg/check_reg.html?_=1632971094789 HTTP/1.1" 200 22
58.35.215.131 - - [30/Sep/2021:11:04:57 +0800] "GET /xingrg/kc/buy/cgsh_order_add.html HTTP/1.1" 200 64606
58.35.215.131 - - [30/Sep/2021:11:04:57 +0800] "GET /xingrg/words/20210930102033_words.js HTTP/1.1" 304 -
58.35.215.131 - - [30/Sep/2021:11:04:57 +0800] "POST /xingrg/kc/buy/cgsh_order_operate.html HTTP/1.1" 200 8245
58.35.215.131 - - [30/Sep/2021:11:04:57 +0800] "GET /xingrg/javascript/easyui/themes/default/validatebox.css HTTP/1.1" 404 1104
180.152.237.0 - - [30/Sep/2021:11:04:58 +0800] "GET /xingrg/all/function/internal_message.html?_=1632971077201&CODE_STATE=getMsg HTTP/1.1" 200 27
180.152.237.0 - - [30/Sep/2021:11:05:00 +0800] "GET /xingrg/all/function/internal_message.html?_=1632971090979&CODE_STATE=getMsg HTTP/1.1" 200 27
180.152.237.0 - - [30/Sep/2021:11:05:02 +0800] "GET /xingrg/kc/base/wldb_order_operate.html?command=get_materiel&rest_code=00102&base_code=0010476&code=00101019018 HTTP/1.1" 200 451
222.70.178.96 - - [30/Sep/2021:11:05:02 +0800] "GET /xingrg/javascript/easyui/themes/default/tree.css HTTP/1.1" 404 1090
222.70.178.96 - - [30/Sep/2021:11:05:02 +0800] "POST /xingrg/all/common/load_tree.html?tree=supplier_tree_json&isDelete=1 HTTP/1.1" 200 59917
180.152.237.0 - - [30/Sep/2021:11:05:04 +0800] "GET /xingrg/all/function/internal_message.html?_=1632971101997&CODE_STATE=getMsg HTTP/1.1" 200 27
114.85.125.222 - - [30/Sep/2021:11:05:05 +0800] "GET /xingrg/all/function/internal_message.html?_=1632971073293&CODE_STATE=getMsg HTTP/1.1" 200 27
58.39.139.200 - - [30/Sep/2021:11:05:05 +0800] "GET /xingrg/all/function/internal_message.html?_=1632971103779&CODE_STATE=getMsg HTTP/1.1" 200 27
222.69.131.83 - - [30/Sep/2021:11:05:06 +0800] "GET /xingrg/all/function/internal_message.html?_=1632971095208&CODE_STATE=getMsg HTTP/1.1" 200 27
116.237.74.154 - - [30/Sep/2021:11:05:09 +0800] "GET /xingrg/kc/base/wldb_order_operate.html?command=get_materiel&rest_code=00106&base_code=0010396&code=00101016083 HTTP/1.1" 200 449
222.69.131.83 - - [30/Sep/2021:11:05:09 +0800] "GET /xingrg/kc/buy/cgsh_order_operate.html?command=get_materiel&rest_code=00149&code=00101001044&supplier_code=00100039&order_time=2021-09-30 HTTP/1.1" 200 413
116.230.105.26 - - [30/Sep/2021:11:05:09 +0800] "GET /xingrg/all/function/internal_message.html?_=1632971105692&CODE_STATE=getMsg HTTP/1.1" 200 27
114.86.225.151 - - [30/Sep/2021:11:05:10 +0800] "GET /xingrg/index.html?sysBaseUrl=http%3A%2F%2F180.169.147.146%3A18081%2Fxingrg%2F&costTime=51×tamp=1632964026730 HTTP/1.1" 200 17173
116.237.74.154 - - [30/Sep/2021:11:05:10 +0800] "GET /xingrg/check_reg.html?_=1632971106220 HTTP/1.1" 200 22
114.86.225.151 - - [30/Sep/2021:11:05:10 +0800] "GET /xingrg/javascript/jquery_easy_ui/jquery.easyui.min.js HTTP/1.1" 200 213662
114.86.225.151 - - [30/Sep/2021:11:05:10 +0800] "GET /xingrg/javascript/jquery_easy_ui/themes/icon.css HTTP/1.1" 200 3949
114.86.225.151 - - [30/Sep/2021:11:05:10 +0800] "GET /xingrg/css/form.css HTTP/1.1" 200 893
114.86.225.151 - - [30/Sep/2021:11:05:10 +0800] "GET /xingrg/javascript/jquery-1.4.2.min.js HTTP/1.1" 200 72205
114.86.225.151 - - [30/Sep/2021:11:05:10 +0800] "GET /xingrg/javascript/jquery_easy_ui/easyui-lang-zh_CN.js HTTP/1.1" 200 1900
114.86.225.151 - - [30/Sep/2021:11:05:10 +0800] "GET /xingrg/images/blue/jxLogo.png HTTP/1.1" 200 6156
114.86.225.151 - - [30/Sep/2021:11:05:10 +0800] "GET /xingrg/javascript/jquery_easy_ui/themes/default/easyui.css HTTP/1.1" 200 26500
114.86.225.151 - - [30/Sep/2021:11:05:10 +0800] "GET /xingrg/javascript/jquery.timers.js HTTP/1.1" 200 3532
114.86.225.151 - - [30/Sep/2021:11:05:10 +0800] "GET /xingrg/javascript/jquery.utils.js HTTP/1.1" 200 11805
114.86.225.151 - - [30/Sep/2021:11:05:10 +0800] "GET /xingrg/javascript/jquery.form.js HTTP/1.1" 200 23110
114.86.225.151 - - [30/Sep/2021:11:05:10 +0800] "POST /xingrg/all/common/load_tree.html?tree=area_rest_tree_json&manage=1 HTTP/1.1" 200 342
114.86.225.151 - - [30/Sep/2021:11:05:10 +0800] "GET /xingrg/check_reg.html?_=1632971109660 HTTP/1.1" 200 22
114.86.225.151 - - [30/Sep/2021:11:05:10 +0800] "GET /xingrg/all/function/internal_message.html?_=1632971109659&CODE_STATE=count HTTP/1.1" 200 11
114.86.225.151 - - [30/Sep/2021:11:05:11 +0800] "GET /xingrg/javascript/jquery_easy_ui/themes/icons/settle_new.png HTTP/1.1" 200 826
114.86.225.151 - - [30/Sep/2021:11:05:11 +0800] "GET /xingrg/javascript/jquery_easy_ui/themes/default/images/tabs_leftarrow.png HTTP/1.1" 200 389
114.86.225.151 - - [30/Sep/2021:11:05:11 +0800] "GET /xingrg/images/blue/pingpu.png HTTP/1.1" 200 231
114.86.225.151 - - [30/Sep/2021:11:05:11 +0800] "GET /xingrg/javascript/jquery_easy_ui/themes/default/images/panel_tool_collapse.gif HTTP/1.1" 200 246
114.86.225.151 - - [30/Sep/2021:11:05:11 +0800] "GET /xingrg/javascript/jquery_easy_ui/themes/default/images/tabs_rightarrow.png HTTP/1.1" 200 395
114.86.225.151 - - [30/Sep/2021:11:05:11 +0800] "GET /xingrg/images/blue/navBackgound.jpg HTTP/1.1" 200 12378
114.86.225.151 - - [30/Sep/2021:11:05:11 +0800] "GET /xingrg/javascript/jquery_easy_ui/themes/default/images/tree_arrows.gif HTTP/1.1" 200 1043
114.86.225.151 - - [30/Sep/2021:11:05:11 +0800] "GET /xingrg/javascript/jquery_easy_ui/themes/default/images/tree_folder_open.gif HTTP/1.1" 200 956
114.86.225.151 - - [30/Sep/2021:11:05:11 +0800] "GET /xingrg/javascript/jquery_easy_ui/themes/icons/area.png HTTP/1.1" 200 262
114.86.225.151 - - [30/Sep/2021:11:05:11 +0800] "GET /xingrg/javascript/jquery_easy_ui/themes/icons/rest.png HTTP/1.1" 200 695
114.86.225.151 - - [30/Sep/2021:11:05:11 +0800] "POST /xingrg/load_menu.html HTTP/1.1" 200 5138
114.86.225.151 - - [30/Sep/2021:11:05:11 +0800] "GET /xingrg/javascript/jquery_easy_ui/themes/icons/search_new.png HTTP/1.1" 200 586
114.86.225.151 - - [30/Sep/2021:11:05:11 +0800] "GET /xingrg/javascript/jquery_easy_ui/themes/default/images/tree_folder.gif HTTP/1.1" 200 952
114.86.225.151 - - [30/Sep/2021:11:05:11 +0800] "GET /xingrg/javascript/jquery_easy_ui/themes/icons/storage_new.png HTTP/1.1" 200 853
114.86.225.151 - - [30/Sep/2021:11:05:11 +0800] "GET /xingrg/javascript/jquery_easy_ui/themes/default/images/tree_file.gif HTTP/1.1" 200 118
114.86.225.151 - - [30/Sep/2021:11:05:11 +0800] "GET /xingrg/javascript/jquery_easy_ui/themes/icons/forms_new.png HTTP/1.1" 200 350
101.89.239.245 - - [30/Sep/2021:11:05:14 +0800] "GET /xingrg/kc/print/load_data.html?order_code=212021093013595&kc_code=cgsh HTTP/1.1" 302 -
61.151.178.217 - - [30/Sep/2021:11:05:14 +0800] "GET /xingrg/all/function/internal_message.html?_=1632971050412&CODE_STATE=getMsg HTTP/1.1" 302 -
116.237.74.154 - - [30/Sep/2021:11:05:14 +0800] "GET /xingrg/all/function/internal_message.html?_=1632971110393&CODE_STATE=getMsg HTTP/1.1" 200 27
180.152.237.0 - - [30/Sep/2021:11:05:15 +0800] "GET /xingrg/kc/base/wldb_order_operate.html?command=get_materiel&rest_code=00102&base_code=0010476&code=00101019192 HTTP/1.1" 200 476
222.70.178.96 - - [30/Sep/2021:11:05:15 +0800] "GET /xingrg/all/function/internal_message.html?_=1632971110376&CODE_STATE=getMsg HTTP/1.1" 200 27
61.151.178.217 - - [30/Sep/2021:11:05:15 +0800] "GET /xingrg/login.html HTTP/1.1" 200 7641
101.89.239.245 - - [30/Sep/2021:11:05:15 +0800] "GET /xingrg/login.html HTTP/1.1" 200 7641
222.69.131.205 - - [30/Sep/2021:11:05:19 +0800] "GET /xingrg/all/function/internal_message.html?_=1632971120282&CODE_STATE=getMsg HTTP/1.1" 200 27
180.152.237.0 - - [30/Sep/2021:11:05:22 +0800] "GET /xingrg/kc/base/wldb_order_operate.html?command=get_materiel&rest_code=00102&base_code=0010476&code=00101019313 HTTP/1.1" 200 441
180.157.253.110 - - [30/Sep/2021:11:05:22 +0800] "GET /xingrg/kc/base/wldb_order_operate.html?command=get_materiel&rest_code=00148&base_code=0010001&code=00101028011 HTTP/1.1" 200 473
114.86.225.151 - - [30/Sep/2021:11:05:24 +0800] "GET /xingrg/kc/report/report_main.html HTTP/1.1" 200 7345
114.86.225.151 - - [30/Sep/2021:11:05:25 +0800] "GET /xingrg/javascript/jquery_easy_ui/themes/default/images/tabs_close.gif HTTP/1.1" 200 829
114.86.225.151 - - [30/Sep/2021:11:05:25 +0800] "GET /xingrg/javascript/pic_change.js HTTP/1.1" 200 4739
114.86.225.151 - - [30/Sep/2021:11:05:25 +0800] "GET /xingrg/css/blue.css HTTP/1.1" 200 15949
114.86.225.151 - - [30/Sep/2021:11:05:25 +0800] "GET /xingrg/javascript/jquery_ui/themes/humanity/humanity.css HTTP/1.1" 200 27801
114.86.225.151 - - [30/Sep/2021:11:05:25 +0800] "GET /xingrg/javascript/json2.js HTTP/1.1" 200 11259
114.86.225.151 - - [30/Sep/2021:11:05:25 +0800] "GET /xingrg/javascript/myfunction.js HTTP/1.1" 200 24559
114.86.225.151 - - [30/Sep/2021:11:05:25 +0800] "GET /xingrg/javascript/jquery_easy_ui/themes/icons/back_new.png HTTP/1.1" 200 3414
116.237.74.154 - - [30/Sep/2021:11:05:25 +0800] "GET /xingrg/kc/base/wldb_order_operate.html?command=get_materiel&rest_code=00106&base_code=0010396&code=00101019492 HTTP/1.1" 200 457
114.86.225.151 - - [30/Sep/2021:11:05:28 +0800] "GET /xingrg/index.html?sysBaseUrl=http%3A%2F%2F180.169.147.146%3A18081%2Fxingrg%2F&costTime=51×tamp=1632964026730 HTTP/1.1" 200 17173
114.86.225.151 - - [30/Sep/2021:11:05:28 +0800] "POST /xingrg/all/common/load_tree.html?tree=area_rest_tree_json&manage=1 HTTP/1.1" 200 342
114.86.225.151 - - [30/Sep/2021:11:05:29 +0800] "GET /xingrg/check_reg.html?_=1632971127730 HTTP/1.1" 200 22
114.86.225.151 - - [30/Sep/2021:11:05:29 +0800] "GET /xingrg/all/function/internal_message.html?_=1632971127729&CODE_STATE=count HTTP/1.1" 200 11
114.86.225.151 - - [30/Sep/2021:11:05:29 +0800] "POST /xingrg/load_menu.html HTTP/1.1" 200 5138
222.70.178.96 - - [30/Sep/2021:11:05:30 +0800] "GET /xingrg/kc/buy/cgsh_order_operate.html?command=get_materiel&rest_code=00111&code=00101001010&supplier_code=00100041&order_time=2021-09-30 HTTP/1.1" 200 409
114.86.225.151 - - [30/Sep/2021:11:05:31 +0800] "GET /xingrg/kc/report/report_main.html HTTP/1.1" 200 7345
180.157.253.110 - - [30/Sep/2021:11:05:33 +0800] "GET /xingrg/kc/base/wldb_order_operate.html?command=get_materiel&rest_code=00148&base_code=0010137&code=00101028011 HTTP/1.1" 200 477
222.69.131.83 - - [30/Sep/2021:11:05:33 +0800] "GET /xingrg/kc/buy/cgsh_order_operate.html?command=get_materiel&rest_code=00149&code=00101001061&supplier_code=00100039&order_time=2021-09-30 HTTP/1.1" 200 417
114.86.225.151 - - [30/Sep/2021:11:05:34 +0800] "GET /xingrg/kc/base/kc_stocks.html HTTP/1.1" 200 16437
114.86.225.151 - - [30/Sep/2021:11:05:34 +0800] "GET /xingrg/css/base.css HTTP/1.1" 200 2811
114.86.225.151 - - [30/Sep/2021:11:05:34 +0800] "GET /xingrg/css/site.css HTTP/1.1" 200 7541
114.86.225.151 - - [30/Sep/2021:11:05:34 +0800] "GET /xingrg/javascript/jquery_tools/datebox.css HTTP/1.1" 200 2597
114.86.225.151 - - [30/Sep/2021:11:05:34 +0800] "GET /xingrg/javascript/jquery_tools/list_manager.js HTTP/1.1" 200 3652
114.86.225.151 - - [30/Sep/2021:11:05:34 +0800] "GET /xingrg/javascript/auto/jquery.autocomplete.css HTTP/1.1" 200 587
114.86.225.151 - - [30/Sep/2021:11:05:34 +0800] "GET /xingrg/javascript/jquery_tools/jquery.tools.min.js HTTP/1.1" 200 138801
114.86.225.151 - - [30/Sep/2021:11:05:34 +0800] "GET /xingrg/javascript/jquery_tools/fix.css HTTP/1.1" 200 1702
114.86.225.151 - - [30/Sep/2021:11:05:34 +0800] "GET /xingrg/javascript/easyui/themes/icon.css HTTP/1.1" 200 4483
114.86.225.151 - - [30/Sep/2021:11:05:34 +0800] "GET /xingrg/javascript/jquery_tools/jquery.tools.hotkey.js HTTP/1.1" 200 3242
114.86.225.151 - - [30/Sep/2021:11:05:34 +0800] "GET /xingrg/javascript/easyui/easyloader.js HTTP/1.1" 200 5975
114.86.225.151 - - [30/Sep/2021:11:05:34 +0800] "GET /xingrg/javascript/jquery.cookie.js HTTP/1.1" 200 5513
114.86.225.151 - - [30/Sep/2021:11:05:34 +0800] "GET /xingrg/javascript/convert.js HTTP/1.1" 200 1239
114.86.225.151 - - [30/Sep/2021:11:05:34 +0800] "GET /xingrg/javascript/print/LodopFuncs.js HTTP/1.1" 200 5121
114.86.225.151 - - [30/Sep/2021:11:05:34 +0800] "GET /xingrg/javascript/auto/jquery.autocomplete.js HTTP/1.1" 200 21624
114.86.225.151 - - [30/Sep/2021:11:05:34 +0800] "GET /xingrg/javascript/jquery_tools/jquery.tools.extend.js HTTP/1.1" 200 15385
114.86.225.151 - - [30/Sep/2021:11:05:34 +0800] "GET /xingrg/javascript/easyui/themes/sunny/easyui.css HTTP/1.1" 200 34304
114.86.225.151 - - [30/Sep/2021:11:05:34 +0800] "GET /xingrg/javascript/easyui/themes/icons/print_new.png HTTP/1.1" 200 3580
114.86.225.151 - - [30/Sep/2021:11:05:34 +0800] "GET /xingrg/javascript/easyui/themes/icons/field_new.png HTTP/1.1" 200 1097
114.86.225.151 - - [30/Sep/2021:11:05:34 +0800] "GET /xingrg/javascript/easyui/themes/icons/refresh_new.png HTTP/1.1" 200 685
114.86.225.151 - - [30/Sep/2021:11:05:34 +0800] "GET /xingrg/javascript/easyui/themes/icons/filter_new.png HTTP/1.1" 200 795
114.86.225.151 - - [30/Sep/2021:11:05:34 +0800] "GET /xingrg/javascript/easyui/themes/icons/import_new.png HTTP/1.1" 200 1247
114.86.225.151 - - [30/Sep/2021:11:05:35 +0800] "GET /xingrg/javascript/easyui/plugins/jquery.parser.js HTTP/1.1" 200 1142
114.86.225.151 - - [30/Sep/2021:11:05:35 +0800] "GET /xingrg/images/control/ajaxLoader.gif HTTP/1.1" 200 4659
114.86.225.151 - - [30/Sep/2021:11:05:35 +0800] "GET /xingrg/javascript/easyui/plugins/jquery.draggable.js HTTP/1.1" 200 6121
114.86.225.151 - - [30/Sep/2021:11:05:35 +0800] "GET /xingrg/all/common/auto_word.html?type=base&rest_code=00109 HTTP/1.1" 200 1811
114.86.225.151 - - [30/Sep/2021:11:05:35 +0800] "GET /xingrg/javascript/easyui/plugins/jquery.droppable.js HTTP/1.1" 200 1167
114.86.225.151 - - [30/Sep/2021:11:05:35 +0800] "GET /xingrg/javascript/easyui/themes/default/tree.css HTTP/1.1" 404 1090
114.86.225.151 - - [30/Sep/2021:11:05:35 +0800] "GET /xingrg/javascript/easyui/plugins/jquery.tree.js HTTP/1.1" 200 20874
114.86.225.151 - - [30/Sep/2021:11:05:35 +0800] "POST /xingrg/all/common/load_tree.html?tree=materiel_sort_tree_json HTTP/1.1" 200 8912
114.86.225.151 - - [30/Sep/2021:11:05:35 +0800] "GET /xingrg/javascript/easyui/themes/sunny/images/tree_folder_open.gif HTTP/1.1" 200 956
114.86.225.151 - - [30/Sep/2021:11:05:35 +0800] "GET /xingrg/javascript/easyui/themes/sunny/images/tree_arrows.gif HTTP/1.1" 200 617
114.86.225.151 - - [30/Sep/2021:11:05:35 +0800] "GET /xingrg/javascript/easyui/themes/sunny/images/tree_folder.gif HTTP/1.1" 200 952
114.86.225.151 - - [30/Sep/2021:11:05:35 +0800] "GET /xingrg/javascript/easyui/themes/sunny/images/tree_file.gif HTTP/1.1" 200 118
116.237.74.154 - - [30/Sep/2021:11:05:36 +0800] "GET /xingrg/kc/base/wldb_order_operate.html?command=get_materiel&rest_code=00106&base_code=0010396&code=00101019133 HTTP/1.1" 200 466
116.237.74.154 - - [30/Sep/2021:11:05:36 +0800] "GET /xingrg/javascript/easyui/themes/default/tree.css HTTP/1.1" 404 1090
116.237.74.154 - - [30/Sep/2021:11:05:37 +0800] "POST /xingrg/all/common/load_tree.html?tree=supplier_tree_json&isDelete=1 HTTP/1.1" 200 59917
180.157.253.110 - - [30/Sep/2021:11:05:38 +0800] "GET /xingrg/all/function/internal_message.html?_=1632971136537&CODE_STATE=getMsg HTTP/1.1" 200 27
114.86.225.151 - - [30/Sep/2021:11:05:38 +0800] "GET /xingrg/javascript/jquery_easy_ui/themes/default/easyui.css HTTP/1.1" 304 -
114.86.225.151 - - [30/Sep/2021:11:05:38 +0800] "GET /xingrg/index.html?sysBaseUrl=http%3A%2F%2F180.169.147.146%3A18081%2Fxingrg%2F&costTime=51×tamp=1632964026730 HTTP/1.1" 200 17173
114.86.225.151 - - [30/Sep/2021:11:05:38 +0800] "GET /xingrg/javascript/jquery_easy_ui/themes/icon.css HTTP/1.1" 304 -
114.86.225.151 - - [30/Sep/2021:11:05:38 +0800] "GET /xingrg/css/form.css HTTP/1.1" 304 -
114.86.225.151 - - [30/Sep/2021:11:05:38 +0800] "GET /xingrg/javascript/jquery-1.4.2.min.js HTTP/1.1" 304 -
114.86.225.151 - - [30/Sep/2021:11:05:38 +0800] "GET /xingrg/javascript/jquery_easy_ui/easyui-lang-zh_CN.js HTTP/1.1" 304 -
114.86.225.151 - - [30/Sep/2021:11:05:38 +0800] "GET /xingrg/javascript/jquery_easy_ui/jquery.easyui.min.js HTTP/1.1" 304 -
114.86.225.151 - - [30/Sep/2021:11:05:38 +0800] "GET /xingrg/javascript/jquery.utils.js HTTP/1.1" 304 -
114.86.225.151 - - [30/Sep/2021:11:05:38 +0800] "GET /xingrg/javascript/jquery.form.js HTTP/1.1" 304 -
114.86.225.151 - - [30/Sep/2021:11:05:38 +0800] "GET /xingrg/images/blue/jxLogo.png HTTP/1.1" 304 -
114.86.225.151 - - [30/Sep/2021:11:05:38 +0800] "GET /xingrg/javascript/jquery.timers.js HTTP/1.1" 304 -
114.86.225.151 - - [30/Sep/2021:11:05:38 +0800] "GET /xingrg/javascript/jquery_easy_ui/themes/icons/settle_new.png HTTP/1.1" 304 -
114.86.225.151 - - [30/Sep/2021:11:05:38 +0800] "GET /xingrg/images/blue/navBackgound.jpg HTTP/1.1" 304 -
114.86.225.151 - - [30/Sep/2021:11:05:38 +0800] "POST /xingrg/all/common/load_tree.html?tree=area_rest_tree_json&manage=1 HTTP/1.1" 200 342
114.86.225.151 - - [30/Sep/2021:11:05:38 +0800] "GET /xingrg/all/function/internal_message.html?_=1632971137254&CODE_STATE=count HTTP/1.1" 200 11
114.86.225.151 - - [30/Sep/2021:11:05:38 +0800] "GET /xingrg/javascript/jquery_easy_ui/themes/default/images/tabs_rightarrow.png HTTP/1.1" 304 -
114.86.225.151 - - [30/Sep/2021:11:05:38 +0800] "GET /xingrg/check_reg.html?_=1632971137255 HTTP/1.1" 200 22
114.86.225.151 - - [30/Sep/2021:11:05:38 +0800] "GET /xingrg/javascript/jquery_easy_ui/themes/default/images/tabs_leftarrow.png HTTP/1.1" 304 -
114.86.225.151 - - [30/Sep/2021:11:05:38 +0800] "GET /xingrg/images/blue/pingpu.png HTTP/1.1" 304 -
114.86.225.151 - - [30/Sep/2021:11:05:38 +0800] "GET /xingrg/javascript/jquery_easy_ui/themes/default/images/panel_tool_collapse.gif HTTP/1.1" 304 -
114.86.225.151 - - [30/Sep/2021:11:05:38 +0800] "POST /xingrg/load_menu.html HTTP/1.1" 200 5138
180.162.112.229 - - [30/Sep/2021:11:05:39 +0800] "POST /xingrg/kc/buy/cgsh_list_operate.html HTTP/1.1" 200 876
114.86.225.151 - - [30/Sep/2021:11:05:39 +0800] "GET /xingrg/kc/base/base_main.html HTTP/1.1" 200 12142
114.86.225.151 - - [30/Sep/2021:11:05:40 +0800] "GET /xingrg/images/blue/button/wlsy.gif HTTP/1.1" 200 2536
114.86.225.151 - - [30/Sep/2021:11:05:40 +0800] "GET /xingrg/images/blue/button/ckpd.gif HTTP/1.1" 200 2051
114.86.225.151 - - [30/Sep/2021:11:05:40 +0800] "GET /xingrg/images/blue/button/ckdb.gif HTTP/1.1" 200 1950
114.86.225.151 - - [30/Sep/2021:11:05:40 +0800] "GET /xingrg/images/blue/button/kc.gif HTTP/1.1" 200 2160
114.86.225.151 - - [30/Sep/2021:11:05:40 +0800] "GET /xingrg/images/blue/button/yddb.gif HTTP/1.1" 200 2040
114.86.225.151 - - [30/Sep/2021:11:05:40 +0800] "GET /xingrg/images/blue/pic_form2.gif HTTP/1.1" 200 1853
114.86.225.151 - - [30/Sep/2021:11:05:40 +0800] "GET /xingrg/images/blue/bg_dotted.jpg HTTP/1.1" 200 319
114.86.225.151 - - [30/Sep/2021:11:05:40 +0800] "GET /xingrg/images/blue/button/top_left.jpg HTTP/1.1" 200 1632
114.86.225.151 - - [30/Sep/2021:11:05:40 +0800] "GET /xingrg/images/blue/button/bottom_left.jpg HTTP/1.1" 200 1524
114.86.225.151 - - [30/Sep/2021:11:05:40 +0800] "GET /xingrg/images/blue/button/left_ah.jpg HTTP/1.1" 200 1643
114.86.225.151 - - [30/Sep/2021:11:05:40 +0800] "GET /xingrg/images/blue/button/bottom_right.jpg HTTP/1.1" 200 1436
114.86.225.151 - - [30/Sep/2021:11:05:40 +0800] "GET /xingrg/images/blue/button/top_right.jpg HTTP/1.1" 200 1708
114.86.225.151 - - [30/Sep/2021:11:05:40 +0800] "GET /xingrg/images/blue/button/right_ah.jpg HTTP/1.1" 200 1744
114.86.225.151 - - [30/Sep/2021:11:05:40 +0800] "GET /xingrg/images/blue/button/down.jpg HTTP/1.1" 200 1560
58.39.139.200 - - [30/Sep/2021:11:05:42 +0800] "GET /xingrg/all/function/internal_message.html?_=1632971129768&CODE_STATE=getMsg HTTP/1.1" 200 27
58.39.139.200 - - [30/Sep/2021:11:05:42 +0800] "GET /xingrg/check_reg.html?_=1632971129774 HTTP/1.1" 200 22
180.157.253.110 - - [30/Sep/2021:11:05:42 +0800] "GET /xingrg/kc/base/wldb_order_operate.html?command=get_materiel&rest_code=00148&base_code=0010137&code=00101028009 HTTP/1.1" 200 462
180.169.147.146 - - [30/Sep/2021:11:05:43 +0800] "POST /xingrg/kc/buy/cgsh_order_operate.html HTTP/1.1" 200 4559
58.35.215.131 - - [30/Sep/2021:11:05:43 +0800] "GET /xingrg/all/function/internal_message.html?_=1632971142715&CODE_STATE=getMsg HTTP/1.1" 200 27
222.69.131.83 - - [30/Sep/2021:11:05:43 +0800] "GET /xingrg/all/function/internal_message.html?_=1632971141743&CODE_STATE=getMsg HTTP/1.1" 200 27
180.152.237.0 - - [30/Sep/2021:11:05:43 +0800] "GET /xingrg/kc/base/wldb_order_operate.html?command=get_materiel&rest_code=00102&base_code=0010476&code=00101011005 HTTP/1.1" 200 431
114.86.225.151 - - [30/Sep/2021:11:05:43 +0800] "GET /xingrg/kc/report/report_main.html HTTP/1.1" 200 7345
114.85.125.222 - - [30/Sep/2021:11:05:43 +0800] "POST /xingrg/services/DataTransmitService HTTP/1.1" 200 524
114.85.125.222 - - [30/Sep/2021:11:05:44 +0800] "POST /xingrg/services/DataTransmitService HTTP/1.1" 200 1995
114.85.125.222 - - [30/Sep/2021:11:05:44 +0800] "POST /xingrg/services/DataTransmitService HTTP/1.1" 200 83647
114.86.225.151 - - [30/Sep/2021:11:05:45 +0800] "GET /xingrg/kc/base/kc_stocks.html HTTP/1.1" 200 16437
114.86.225.151 - - [30/Sep/2021:11:05:45 +0800] "GET /xingrg/javascript/easyui/themes/default/tree.css HTTP/1.1" 404 1090
114.86.225.151 - - [30/Sep/2021:11:05:45 +0800] "POST /xingrg/all/common/load_tree.html?tree=materiel_sort_tree_json HTTP/1.1" 200 8912
180.169.147.146 - - [30/Sep/2021:11:05:47 +0800] "GET /xingrg/kc/print/load_data.html?order_code=212021093013597&kc_code=cgsh&condition= HTTP/1.1" 200 1548
222.70.246.151 - - [30/Sep/2021:11:05:47 +0800] "GET /xingrg/check_reg.html?_=1632971144776 HTTP/1.1" 200 22
222.70.246.151 - - [30/Sep/2021:11:05:48 +0800] "GET /xingrg/all/function/internal_message.html?_=1632971145030&CODE_STATE=getMsg HTTP/1.1" 200 27
180.157.253.110 - - [30/Sep/2021:11:05:48 +0800] "POST /xingrg/kc/base/wldb_order_operate.html HTTP/1.1" 200 37
180.157.253.110 - - [30/Sep/2021:11:05:48 +0800] "POST /xingrg/kc/base/wldb_order_operate.html HTTP/1.1" 200 2712
180.157.253.110 - - [30/Sep/2021:11:05:48 +0800] "GET /xingrg/kc/base/wldb_order_info.html?code=422021093003512 HTTP/1.1" 200 30450
