114.86.225.151 - - [30/Sep/2021:09:16:48 +0800] "GET /xingrg/kc/buy/cgsh_order_operate.html?command=get_materiel&rest_code=00109&code=00101008041&supplier_code=00100005&order_time=2021-09-30 HTTP/1.1" 200 408
58.39.139.200 - - [30/Sep/2021:09:16:52 +0800] "GET /xingrg/kc/buy/cgsh_order_operate.html?command=get_materiel&rest_code=00105&code=00101008439&supplier_code=00100203&order_time=2021-09-30 HTTP/1.1" 200 399
116.238.248.233 - - [30/Sep/2021:09:16:53 +0800] "GET /xingrg/kc/buy/cgsh_order_operate.html?command=get_materiel&rest_code=00150&code=00101009007&supplier_code=00100424&order_time=2021-09-30 HTTP/1.1" 200 408
116.230.105.26 - - [30/Sep/2021:09:16:53 +0800] "GET /xingrg/all/function/internal_message.html?_=1632964609992&CODE_STATE=getMsg HTTP/1.1" 200 27
114.86.225.151 - - [30/Sep/2021:09:16:54 +0800] "GET /xingrg/kc/buy/cgsh_order_operate.html?command=get_materiel&rest_code=00109&code=00101015040&supplier_code=00100005&order_time=2021-09-30 HTTP/1.1" 200 408
114.85.125.222 - - [30/Sep/2021:09:16:55 +0800] "GET /xingrg/all/function/internal_message.html?_=1632964583091&CODE_STATE=getMsg HTTP/1.1" 200 27
222.69.131.83 - - [30/Sep/2021:09:16:59 +0800] "GET /xingrg/kc/buy/cgsh_order_operate.html?command=get_materiel&rest_code=00149&code=00101008273&supplier_code=00100005&order_time=2021-09-30 HTTP/1.1" 200 412
114.86.225.151 - - [30/Sep/2021:09:17:04 +0800] "GET /xingrg/kc/buy/cgsh_order_operate.html?command=get_materiel&rest_code=00109&code=00101015062&supplier_code=00100005&order_time=2021-09-30 HTTP/1.1" 200 412
116.238.248.233 - - [30/Sep/2021:09:17:05 +0800] "GET /xingrg/kc/buy/cgsh_order_operate.html?command=get_materiel&rest_code=00150&code=00101009015&supplier_code=00100424&order_time=2021-09-30 HTTP/1.1" 200 416
58.39.139.200 - - [30/Sep/2021:09:17:05 +0800] "GET /xingrg/all/function/internal_message.html?_=1632964623730&CODE_STATE=getMsg HTTP/1.1" 200 27
114.86.225.151 - - [30/Sep/2021:09:17:06 +0800] "GET /xingrg/all/function/internal_message.html?_=1632964625318&CODE_STATE=getMsg HTTP/1.1" 200 27
114.86.225.151 - - [30/Sep/2021:09:17:06 +0800] "GET /xingrg/check_reg.html?_=1632964625320 HTTP/1.1" 200 22
116.238.248.233 - - [30/Sep/2021:09:17:09 +0800] "POST /xingrg/kc/buy/cgsh_order_operate.html HTTP/1.1" 200 37
58.39.139.200 - - [30/Sep/2021:09:17:12 +0800] "POST /xingrg/kc/buy/cgsh_order_operate.html HTTP/1.1" 200 2065
114.86.225.151 - - [30/Sep/2021:09:17:13 +0800] "POST /xingrg/kc/buy/cgsh_order_operate.html HTTP/1.1" 200 37
58.39.139.200 - - [30/Sep/2021:09:17:13 +0800] "POST /xingrg/kc/buy/cgsh_order_operate.html HTTP/1.1" 200 2065
116.238.248.233 - - [30/Sep/2021:09:17:13 +0800] "POST /xingrg/kc/buy/cgsh_order_operate.html HTTP/1.1" 200 5618
114.86.225.151 - - [30/Sep/2021:09:17:14 +0800] "POST /xingrg/kc/buy/cgsh_order_operate.html HTTP/1.1" 200 50593
114.86.225.151 - - [30/Sep/2021:09:17:15 +0800] "GET /xingrg/kc/print/load_config.html?kc_code=cgsh HTTP/1.1" 200 2256
114.86.225.151 - - [30/Sep/2021:09:17:15 +0800] "GET /xingrg/kc/print/load_data.html?order_code=212021093013552&kc_code=cgsh&condition= HTTP/1.1" 200 18832
116.238.248.233 - - [30/Sep/2021:09:17:16 +0800] "GET /xingrg/kc/buy/cgsh_order_add.html HTTP/1.1" 200 64477
116.238.248.233 - - [30/Sep/2021:09:17:17 +0800] "POST /xingrg/kc/buy/cgsh_order_operate.html HTTP/1.1" 200 8245
116.238.248.233 - - [30/Sep/2021:09:17:17 +0800] "GET /xingrg/javascript/easyui/themes/default/validatebox.css HTTP/1.1" 404 1104
101.85.106.134 - - [30/Sep/2021:09:17:17 +0800] "GET /xingrg HTTP/1.1" 302 -
101.85.106.134 - - [30/Sep/2021:09:17:17 +0800] "GET /xingrg/ HTTP/1.1" 200 292
101.85.106.134 - - [30/Sep/2021:09:17:18 +0800] "GET /xingrg/index.html HTTP/1.1" 302 -
101.85.106.134 - - [30/Sep/2021:09:17:18 +0800] "GET /favicon.ico HTTP/1.1" 404 -
101.85.106.134 - - [30/Sep/2021:09:17:18 +0800] "GET /xingrg/login.html HTTP/1.1" 200 7641
101.85.106.134 - - [30/Sep/2021:09:17:18 +0800] "GET /xingrg/images/blue/jxLogo.png HTTP/1.1" 200 6156
101.85.106.134 - - [30/Sep/2021:09:17:19 +0800] "GET /xingrg/images/blue/hj.png HTTP/1.1" 200 1014
101.85.106.134 - - [30/Sep/2021:09:17:19 +0800] "GET /xingrg/images/blue/srbg.png HTTP/1.1" 200 138
101.85.106.134 - - [30/Sep/2021:09:17:19 +0800] "GET /xingrg/images/blue/login_bg.png HTTP/1.1" 200 22101
101.85.106.134 - - [30/Sep/2021:09:17:19 +0800] "GET /favicon.ico HTTP/1.1" 404 -
222.69.131.205 - - [30/Sep/2021:09:17:19 +0800] "GET /xingrg/check_reg.html?_=1632964640183 HTTP/1.1" 200 22
222.69.131.205 - - [30/Sep/2021:09:17:19 +0800] "GET /xingrg/all/function/internal_message.html?_=1632964640188&CODE_STATE=getMsg HTTP/1.1" 200 27
120.253.135.82 - - [30/Sep/2021:09:17:21 +0800] "GET /xingrg/all/function/internal_message.html?_=1632964410749&CODE_STATE=getMsg HTTP/1.1" 200 27
222.70.246.151 - - [30/Sep/2021:09:17:22 +0800] "GET /xingrg/all/function/internal_message.html?_=1632964639360&CODE_STATE=getMsg HTTP/1.1" 200 27
116.238.248.233 - - [30/Sep/2021:09:17:24 +0800] "GET /xingrg/kc/buy/cgsh_order_operate.html?command=get_materiel&rest_code=00150&code=00101031012&supplier_code=00100054&order_time=2021-09-30 HTTP/1.1" 200 417
58.39.139.200 - - [30/Sep/2021:09:17:27 +0800] "GET /xingrg/kc/buy/cgsh_order_operate.html?command=get_materiel&rest_code=00105&code=00101008109&supplier_code=00100203&order_time=2021-09-30 HTTP/1.1" 200 413
222.69.131.83 - - [30/Sep/2021:09:17:30 +0800] "POST /xingrg/kc/buy/cgsh_order_operate.html HTTP/1.1" 200 37
114.86.225.151 - - [30/Sep/2021:09:17:30 +0800] "GET /xingrg/kc/print/load_config.html?kc_code=cgsh HTTP/1.1" 200 2256
114.86.225.151 - - [30/Sep/2021:09:17:30 +0800] "GET /xingrg/kc/print/load_data.html?order_code=212021093013552&kc_code=cgsh&condition= HTTP/1.1" 200 18832
222.69.131.83 - - [30/Sep/2021:09:17:32 +0800] "POST /xingrg/kc/buy/cgsh_order_operate.html HTTP/1.1" 200 35237
180.152.237.0 - - [30/Sep/2021:09:17:33 +0800] "GET /xingrg/check_reg.html?_=1632964632479 HTTP/1.1" 200 22
58.39.139.200 - - [30/Sep/2021:09:17:34 +0800] "GET /xingrg/kc/buy/cgsh_order_operate.html?command=get_materiel&rest_code=00105&code=00101015046&supplier_code=00100203&order_time=2021-09-30 HTTP/1.1" 200 412
180.152.237.0 - - [30/Sep/2021:09:17:36 +0800] "GET /xingrg/all/function/internal_message.html?_=1632964634937&CODE_STATE=getMsg HTTP/1.1" 200 27
116.238.248.233 - - [30/Sep/2021:09:17:37 +0800] "GET /xingrg/all/function/internal_message.html?_=1632964655084&CODE_STATE=getMsg HTTP/1.1" 200 27
116.238.248.233 - - [30/Sep/2021:09:17:38 +0800] "POST /xingrg/kc/buy/cgsh_order_operate.html HTTP/1.1" 200 37
58.39.139.200 - - [30/Sep/2021:09:17:42 +0800] "GET /xingrg/kc/buy/cgsh_order_operate.html?command=get_materiel&rest_code=00105&code=00101008176&supplier_code=00100203&order_time=2021-09-30 HTTP/1.1" 200 431
222.69.131.83 - - [30/Sep/2021:09:17:43 +0800] "GET /xingrg/all/function/internal_message.html?_=1632964661605&CODE_STATE=getMsg HTTP/1.1" 200 27
222.70.178.96 - - [30/Sep/2021:09:17:46 +0800] "GET /xingrg/all/function/internal_message.html?_=1632964662040&CODE_STATE=getMsg HTTP/1.1" 200 27
116.230.105.26 - - [30/Sep/2021:09:17:53 +0800] "GET /xingrg/all/function/internal_message.html?_=1632964669982&CODE_STATE=getMsg HTTP/1.1" 200 27
114.85.125.222 - - [30/Sep/2021:09:17:55 +0800] "GET /xingrg/all/function/internal_message.html?_=1632964643202&CODE_STATE=getMsg HTTP/1.1" 200 27
116.238.248.233 - - [30/Sep/2021:09:17:55 +0800] "POST /xingrg/kc/buy/cgsh_order_operate.html HTTP/1.1" 200 12
116.238.248.233 - - [30/Sep/2021:09:17:56 +0800] "GET /xingrg/kc/buy/cgsh_order_info.html?code=212021093013554 HTTP/1.1" 200 59384
116.238.248.233 - - [30/Sep/2021:09:17:56 +0800] "GET /xingrg/javascript/easyui/themes/default/validatebox.css HTTP/1.1" 404 1104
116.238.248.233 - - [30/Sep/2021:09:17:57 +0800] "POST /xingrg/kc/buy/cgsh_order_operate.html HTTP/1.1" 200 614
116.238.248.233 - - [30/Sep/2021:09:17:58 +0800] "GET /xingrg/kc/print/load_data.html?order_code=212021093013554&kc_code=cgsh&condition= HTTP/1.1" 200 712
58.39.139.200 - - [30/Sep/2021:09:18:04 +0800] "GET /xingrg/kc/buy/cgsh_order_operate.html?command=get_materiel&rest_code=00105&code=00101008049&supplier_code=00100203&order_time=2021-09-30 HTTP/1.1" 200 408
116.238.248.233 - - [30/Sep/2021:09:18:05 +0800] "POST /xingrg/all/user/operate.html HTTP/1.1" 200 36
58.39.139.200 - - [30/Sep/2021:09:18:05 +0800] "GET /xingrg/all/function/internal_message.html?_=1632964683701&CODE_STATE=getMsg HTTP/1.1" 200 27
116.238.248.233 - - [30/Sep/2021:09:18:05 +0800] "GET /xingrg/index.html?sysBaseUrl=http%3A%2F%2F180.169.147.146%3A18081%2Fxingrg%2F&costTime=38×tamp=1632879310159 HTTP/1.1" 200 17177
116.238.248.233 - - [30/Sep/2021:09:18:05 +0800] "GET /xingrg/javascript/jquery_easy_ui/themes/default/easyui.css HTTP/1.1" 304 -
116.238.248.233 - - [30/Sep/2021:09:18:05 +0800] "GET /xingrg/javascript/jquery_easy_ui/themes/icon.css HTTP/1.1" 304 -
116.238.248.233 - - [30/Sep/2021:09:18:05 +0800] "GET /xingrg/css/form.css HTTP/1.1" 304 -
116.238.248.233 - - [30/Sep/2021:09:18:05 +0800] "GET /xingrg/javascript/jquery-1.4.2.min.js HTTP/1.1" 304 -
116.238.248.233 - - [30/Sep/2021:09:18:05 +0800] "GET /xingrg/javascript/jquery_easy_ui/jquery.easyui.min.js HTTP/1.1" 304 -
116.238.248.233 - - [30/Sep/2021:09:18:05 +0800] "GET /xingrg/javascript/jquery_easy_ui/easyui-lang-zh_CN.js HTTP/1.1" 304 -
116.238.248.233 - - [30/Sep/2021:09:18:05 +0800] "GET /xingrg/javascript/jquery.form.js HTTP/1.1" 304 -
116.238.248.233 - - [30/Sep/2021:09:18:05 +0800] "GET /xingrg/javascript/jquery.utils.js HTTP/1.1" 304 -
116.238.248.233 - - [30/Sep/2021:09:18:05 +0800] "GET /xingrg/javascript/jquery.timers.js HTTP/1.1" 304 -
116.238.248.233 - - [30/Sep/2021:09:18:06 +0800] "GET /xingrg/images/blue/jxLogo.png HTTP/1.1" 304 -
116.238.248.233 - - [30/Sep/2021:09:18:06 +0800] "GET /xingrg/images/blue/navBackgound.jpg HTTP/1.1" 304 -
116.238.248.233 - - [30/Sep/2021:09:18:06 +0800] "GET /xingrg/javascript/jquery_easy_ui/themes/icons/settle_new.png HTTP/1.1" 304 -
116.238.248.233 - - [30/Sep/2021:09:18:06 +0800] "POST /xingrg/all/common/load_tree.html?tree=area_rest_tree_json&manage=1 HTTP/1.1" 200 476
116.238.248.233 - - [30/Sep/2021:09:18:06 +0800] "GET /xingrg/all/function/internal_message.html?_=1632964683654&CODE_STATE=count HTTP/1.1" 200 11
116.238.248.233 - - [30/Sep/2021:09:18:06 +0800] "GET /xingrg/check_reg.html?_=1632964683655 HTTP/1.1" 200 22
116.238.248.233 - - [30/Sep/2021:09:18:06 +0800] "POST /xingrg/load_menu.html HTTP/1.1" 200 5138
116.238.248.233 - - [30/Sep/2021:09:18:06 +0800] "GET /xingrg/javascript/jquery_easy_ui/themes/default/images/tabs_rightarrow.png HTTP/1.1" 304 -
116.238.248.233 - - [30/Sep/2021:09:18:06 +0800] "GET /xingrg/images/blue/pingpu.png HTTP/1.1" 304 -
116.238.248.233 - - [30/Sep/2021:09:18:06 +0800] "GET /xingrg/javascript/jquery_easy_ui/themes/default/images/tabs_leftarrow.png HTTP/1.1" 304 -
116.238.248.233 - - [30/Sep/2021:09:18:06 +0800] "GET /xingrg/javascript/jquery_easy_ui/themes/default/images/panel_tool_collapse.gif HTTP/1.1" 304 -
116.238.248.233 - - [30/Sep/2021:09:18:06 +0800] "GET /xingrg/javascript/jquery_easy_ui/themes/default/images/tree_arrows.gif HTTP/1.1" 304 -
116.238.248.233 - - [30/Sep/2021:09:18:06 +0800] "GET /xingrg/javascript/jquery_easy_ui/themes/default/images/tree_folder.gif HTTP/1.1" 304 -
116.238.248.233 - - [30/Sep/2021:09:18:06 +0800] "GET /xingrg/javascript/jquery_easy_ui/themes/default/images/tree_folder_open.gif HTTP/1.1" 304 -
116.238.248.233 - - [30/Sep/2021:09:18:06 +0800] "GET /xingrg/javascript/jquery_easy_ui/themes/icons/search_new.png HTTP/1.1" 304 -
116.238.248.233 - - [30/Sep/2021:09:18:06 +0800] "GET /xingrg/javascript/jquery_easy_ui/themes/default/images/tree_file.gif HTTP/1.1" 304 -
116.238.248.233 - - [30/Sep/2021:09:18:06 +0800] "GET /xingrg/javascript/jquery_easy_ui/themes/icons/storage_new.png HTTP/1.1" 304 -
116.238.248.233 - - [30/Sep/2021:09:18:06 +0800] "GET /xingrg/javascript/jquery_easy_ui/themes/icons/forms_new.png HTTP/1.1" 304 -
114.86.225.151 - - [30/Sep/2021:09:18:06 +0800] "GET /xingrg/all/function/internal_message.html?_=1632964685317&CODE_STATE=getMsg HTTP/1.1" 200 27
116.238.248.233 - - [30/Sep/2021:09:18:08 +0800] "GET /xingrg/kc/buy/cgsh_order_list.html HTTP/1.1" 200 48819
116.238.248.233 - - [30/Sep/2021:09:18:10 +0800] "POST /xingrg/kc/buy/cgsh_list_operate.html HTTP/1.1" 200 1690
116.238.248.233 - - [30/Sep/2021:09:18:11 +0800] "GET /xingrg/kc/buy/cgsh_order_add.html HTTP/1.1" 200 64195
116.238.248.233 - - [30/Sep/2021:09:18:11 +0800] "POST /xingrg/kc/buy/cgsh_order_operate.html HTTP/1.1" 200 8245
116.238.248.233 - - [30/Sep/2021:09:18:11 +0800] "GET /xingrg/javascript/easyui/themes/default/validatebox.css HTTP/1.1" 404 1104
116.238.248.233 - - [30/Sep/2021:09:18:14 +0800] "GET /xingrg/javascript/auto/indicator.gif HTTP/1.1" 404 1066
58.39.139.200 - - [30/Sep/2021:09:18:14 +0800] "GET /xingrg/kc/buy/cgsh_order_operate.html?command=get_materiel&rest_code=00105&code=00101008246&supplier_code=00100203&order_time=2021-09-30 HTTP/1.1" 200 408
222.69.131.205 - - [30/Sep/2021:09:18:19 +0800] "GET /xingrg/all/function/internal_message.html?_=1632964700175&CODE_STATE=getMsg HTTP/1.1" 200 27
58.39.139.200 - - [30/Sep/2021:09:18:20 +0800] "GET /xingrg/kc/buy/cgsh_order_operate.html?command=get_materiel&rest_code=00105&code=00101008003&supplier_code=00100203&order_time=2021-09-30 HTTP/1.1" 200 408
120.253.135.82 - - [30/Sep/2021:09:18:20 +0800] "GET /xingrg/all/function/internal_message.html?_=1632964470752&CODE_STATE=getMsg HTTP/1.1" 200 27
222.70.246.151 - - [30/Sep/2021:09:18:22 +0800] "GET /xingrg/all/function/internal_message.html?_=1632964699365&CODE_STATE=getMsg HTTP/1.1" 200 27
116.238.248.233 - - [30/Sep/2021:09:18:24 +0800] "GET /xingrg/kc/buy/cgsh_order_operate.html?command=get_materiel&rest_code=00151&code=00101016105&supplier_code=00100096&order_time=2021-09-30 HTTP/1.1" 200 409
58.39.139.200 - - [30/Sep/2021:09:18:30 +0800] "GET /xingrg/kc/buy/cgsh_order_operate.html?command=get_materiel&rest_code=00105&code=00101008144&supplier_code=00100203&order_time=2021-09-30 HTTP/1.1" 200 412
116.238.248.233 - - [30/Sep/2021:09:18:33 +0800] "GET /xingrg/kc/buy/cgsh_order_operate.html?command=get_materiel&rest_code=00151&code=00101008084&supplier_code=00100096&order_time=2021-09-30 HTTP/1.1" 200 412
58.39.139.200 - - [30/Sep/2021:09:18:33 +0800] "POST /xingrg/kc/buy/cgsh_order_operate.html HTTP/1.1" 200 2065
180.152.237.0 - - [30/Sep/2021:09:18:36 +0800] "GET /xingrg/all/function/internal_message.html?_=1632964694951&CODE_STATE=getMsg HTTP/1.1" 200 27
58.39.139.200 - - [30/Sep/2021:09:18:40 +0800] "GET /xingrg/kc/buy/cgsh_order_operate.html?command=get_materiel&rest_code=00105&code=00101008067&supplier_code=00100203&order_time=2021-09-30 HTTP/1.1" 200 416
116.238.248.233 - - [30/Sep/2021:09:18:42 +0800] "GET /xingrg/kc/buy/cgsh_order_operate.html?command=get_materiel&rest_code=00151&code=00101012025&supplier_code=00100096&order_time=2021-09-30 HTTP/1.1" 200 412
222.69.131.83 - - [30/Sep/2021:09:18:43 +0800] "GET /xingrg/check_reg.html?_=1632964721473 HTTP/1.1" 200 22
222.69.131.83 - - [30/Sep/2021:09:18:43 +0800] "GET /xingrg/all/function/internal_message.html?_=1632964721585&CODE_STATE=getMsg HTTP/1.1" 200 27
222.70.178.96 - - [30/Sep/2021:09:18:46 +0800] "GET /xingrg/all/function/internal_message.html?_=1632964722024&CODE_STATE=getMsg HTTP/1.1" 200 27
116.238.248.233 - - [30/Sep/2021:09:18:48 +0800] "GET /xingrg/kc/buy/cgsh_order_operate.html?command=get_materiel&rest_code=00151&code=00101012059&supplier_code=00100096&order_time=2021-09-30 HTTP/1.1" 200 412
116.230.105.26 - - [30/Sep/2021:09:18:53 +0800] "GET /xingrg/all/function/internal_message.html?_=1632964729970&CODE_STATE=getMsg HTTP/1.1" 200 27
114.85.125.222 - - [30/Sep/2021:09:18:55 +0800] "GET /xingrg/all/function/internal_message.html?_=1632964703211&CODE_STATE=getMsg HTTP/1.1" 200 27
58.39.139.200 - - [30/Sep/2021:09:18:59 +0800] "GET /xingrg/kc/buy/cgsh_order_operate.html?command=get_materiel&rest_code=00105&code=00101008118&supplier_code=00100203&order_time=2021-09-30 HTTP/1.1" 200 418
116.238.248.233 - - [30/Sep/2021:09:19:01 +0800] "GET /xingrg/kc/buy/cgsh_order_operate.html?command=get_materiel&rest_code=00151&code=00101001075&supplier_code=00100096&order_time=2021-09-30 HTTP/1.1" 200 411
58.39.139.200 - - [30/Sep/2021:09:19:05 +0800] "GET /xingrg/kc/buy/cgsh_order_operate.html?command=get_materiel&rest_code=00105&code=00101008059&supplier_code=00100203&order_time=2021-09-30 HTTP/1.1" 200 408
58.39.139.200 - - [30/Sep/2021:09:19:05 +0800] "GET /xingrg/all/function/internal_message.html?_=1632964743679&CODE_STATE=getMsg HTTP/1.1" 200 27
116.238.248.233 - - [30/Sep/2021:09:19:06 +0800] "GET /xingrg/all/function/internal_message.html?_=1632964743666&CODE_STATE=getMsg HTTP/1.1" 200 27
114.86.225.151 - - [30/Sep/2021:09:19:06 +0800] "GET /xingrg/all/function/internal_message.html?_=1632964745319&CODE_STATE=getMsg HTTP/1.1" 200 27
116.238.248.233 - - [30/Sep/2021:09:19:11 +0800] "GET /xingrg/kc/buy/cgsh_order_operate.html?command=get_materiel&rest_code=00151&code=00101006168&supplier_code=00100096&order_time=2021-09-30 HTTP/1.1" 200 421
58.39.139.200 - - [30/Sep/2021:09:19:13 +0800] "GET /xingrg/kc/buy/cgsh_order_operate.html?command=get_materiel&rest_code=00105&code=00101008169&supplier_code=00100203&order_time=2021-09-30 HTTP/1.1" 200 412
222.69.131.205 - - [30/Sep/2021:09:19:19 +0800] "GET /xingrg/all/function/internal_message.html?_=1632964760175&CODE_STATE=getMsg HTTP/1.1" 200 27
120.253.135.82 - - [30/Sep/2021:09:19:21 +0800] "GET /xingrg/all/function/internal_message.html?_=1632964530966&CODE_STATE=getMsg HTTP/1.1" 200 27
222.70.246.151 - - [30/Sep/2021:09:19:22 +0800] "GET /xingrg/all/function/internal_message.html?_=1632964759413&CODE_STATE=getMsg HTTP/1.1" 200 27
116.238.248.233 - - [30/Sep/2021:09:19:23 +0800] "GET /xingrg/kc/buy/cgsh_order_operate.html?command=get_materiel&rest_code=00151&code=00101006109&supplier_code=00100096&order_time=2021-09-30 HTTP/1.1" 200 411
222.69.131.83 - - [30/Sep/2021:09:19:30 +0800] "POST /xingrg/services/DataTransmitService HTTP/1.1" 401 565
222.69.131.83 - - [30/Sep/2021:09:19:30 +0800] "POST /xingrg/services/DataTransmitService HTTP/1.1" 200 478
222.69.131.83 - - [30/Sep/2021:09:19:30 +0800] "POST /xingrg/services/DataTransmitService HTTP/1.1" 200 1320
222.69.131.83 - - [30/Sep/2021:09:19:30 +0800] "POST /xingrg/services/DataTransmitService HTTP/1.1" 200 478
222.69.131.83 - - [30/Sep/2021:09:19:30 +0800] "POST /xingrg/services/DataTransmitService HTTP/1.1" 200 1320
222.69.131.83 - - [30/Sep/2021:09:19:30 +0800] "POST /xingrg/services/DataTransmitService HTTP/1.1" 200 524
222.69.131.83 - - [30/Sep/2021:09:19:30 +0800] "POST /xingrg/services/DataTransmitService HTTP/1.1" 200 1983
222.69.131.83 - - [30/Sep/2021:09:19:31 +0800] "POST /xingrg/services/DataTransmitService HTTP/1.1" 200 45454
222.69.131.83 - - [30/Sep/2021:09:19:31 +0800] "POST /xingrg/services/DataTransmitService HTTP/1.1" 200 19237
58.39.139.200 - - [30/Sep/2021:09:19:31 +0800] "GET /xingrg/kc/buy/cgsh_order_operate.html?command=get_materiel&rest_code=00105&code=00101010136&supplier_code=00100203&order_time=2021-09-30 HTTP/1.1" 200 408
116.238.248.233 - - [30/Sep/2021:09:19:32 +0800] "GET /xingrg/kc/buy/cgsh_order_operate.html?command=get_materiel&rest_code=00151&code=00101006062&supplier_code=00100096&order_time=2021-09-30 HTTP/1.1" 200 411
222.69.131.83 - - [30/Sep/2021:09:19:33 +0800] "POST /xingrg/services/DataTransmitService HTTP/1.1" 200 524
222.69.131.83 - - [30/Sep/2021:09:19:34 +0800] "POST /xingrg/services/DataTransmitService HTTP/1.1" 200 1983
180.152.237.0 - - [30/Sep/2021:09:19:36 +0800] "GET /xingrg/all/function/internal_message.html?_=1632964754965&CODE_STATE=getMsg HTTP/1.1" 200 27
101.85.106.134 - - [30/Sep/2021:09:19:42 +0800] "POST /xingrg/login.do HTTP/1.1" 302 -
101.85.106.134 - - [30/Sep/2021:09:19:42 +0800] "GET /xingrg/css/form.css HTTP/1.1" 200 893
101.85.106.134 - - [30/Sep/2021:09:19:42 +0800] "GET /xingrg/javascript/jquery_easy_ui/themes/icon.css HTTP/1.1" 200 3949
101.85.106.134 - - [30/Sep/2021:09:19:42 +0800] "GET /xingrg/index.html?sysBaseUrl=http%3A%2F%2F180.169.147.146%3A18081%2Fxingrg%2F&costTime=38×tamp=1632964782394 HTTP/1.1" 200 17179
101.85.106.134 - - [30/Sep/2021:09:19:42 +0800] "GET /xingrg/javascript/jquery.timers.js HTTP/1.1" 200 3532
101.85.106.134 - - [30/Sep/2021:09:19:42 +0800] "GET /xingrg/javascript/jquery-1.4.2.min.js HTTP/1.1" 200 72205
101.85.106.134 - - [30/Sep/2021:09:19:42 +0800] "GET /xingrg/javascript/jquery_easy_ui/jquery.easyui.min.js HTTP/1.1" 200 213662
101.85.106.134 - - [30/Sep/2021:09:19:42 +0800] "GET /xingrg/javascript/jquery_easy_ui/easyui-lang-zh_CN.js HTTP/1.1" 200 1900
101.85.106.134 - - [30/Sep/2021:09:19:42 +0800] "GET /xingrg/javascript/jquery.utils.js HTTP/1.1" 200 11805
101.85.106.134 - - [30/Sep/2021:09:19:42 +0800] "GET /xingrg/javascript/jquery_easy_ui/themes/default/easyui.css HTTP/1.1" 200 26500
101.85.106.134 - - [30/Sep/2021:09:19:42 +0800] "GET /xingrg/javascript/jquery.form.js HTTP/1.1" 200 23110
101.85.106.134 - - [30/Sep/2021:09:19:42 +0800] "GET /favicon.ico HTTP/1.1" 404 -
101.85.106.134 - - [30/Sep/2021:09:19:42 +0800] "GET /xingrg/javascript/jquery_easy_ui/themes/icons/settle_new.png HTTP/1.1" 200 826
101.85.106.134 - - [30/Sep/2021:09:19:42 +0800] "GET /xingrg/images/blue/navBackgound.jpg HTTP/1.1" 200 12378
101.85.106.134 - - [30/Sep/2021:09:19:42 +0800] "POST /xingrg/all/common/load_tree.html?tree=area_rest_tree_json&manage=1 HTTP/1.1" 200 351
101.85.106.134 - - [30/Sep/2021:09:19:42 +0800] "GET /xingrg/all/function/internal_message.html?_=1632964677538&CODE_STATE=count HTTP/1.1" 200 11
101.85.106.134 - - [30/Sep/2021:09:19:42 +0800] "GET /xingrg/images/blue/pingpu.png HTTP/1.1" 200 231
101.85.106.134 - - [30/Sep/2021:09:19:42 +0800] "GET /xingrg/check_reg.html?_=1632964677539 HTTP/1.1" 200 22
101.85.106.134 - - [30/Sep/2021:09:19:42 +0800] "GET /xingrg/javascript/jquery_easy_ui/themes/default/images/tabs_rightarrow.png HTTP/1.1" 200 395
101.85.106.134 - - [30/Sep/2021:09:19:42 +0800] "GET /xingrg/javascript/jquery_easy_ui/themes/default/images/tabs_leftarrow.png HTTP/1.1" 200 389
101.85.106.134 - - [30/Sep/2021:09:19:42 +0800] "GET /xingrg/javascript/jquery_easy_ui/themes/default/images/panel_tool_collapse.gif HTTP/1.1" 200 246
101.85.106.134 - - [30/Sep/2021:09:19:42 +0800] "POST /xingrg/load_menu.html HTTP/1.1" 200 5138
101.85.106.134 - - [30/Sep/2021:09:19:42 +0800] "GET /xingrg/javascript/jquery_easy_ui/themes/default/images/tree_arrows.gif HTTP/1.1" 200 1043
101.85.106.134 - - [30/Sep/2021:09:19:42 +0800] "GET /xingrg/javascript/jquery_easy_ui/themes/icons/search_new.png HTTP/1.1" 200 586
101.85.106.134 - - [30/Sep/2021:09:19:42 +0800] "GET /xingrg/javascript/jquery_easy_ui/themes/default/images/tree_folder_open.gif HTTP/1.1" 200 956
101.85.106.134 - - [30/Sep/2021:09:19:42 +0800] "GET /xingrg/javascript/jquery_easy_ui/themes/default/images/tree_folder.gif HTTP/1.1" 200 952
101.85.106.134 - - [30/Sep/2021:09:19:42 +0800] "GET /xingrg/javascript/jquery_easy_ui/themes/icons/storage_new.png HTTP/1.1" 200 853
101.85.106.134 - - [30/Sep/2021:09:19:42 +0800] "GET /xingrg/javascript/jquery_easy_ui/themes/default/images/tree_file.gif HTTP/1.1" 200 118
101.85.106.134 - - [30/Sep/2021:09:19:42 +0800] "GET /xingrg/javascript/jquery_easy_ui/themes/icons/forms_new.png HTTP/1.1" 200 350
222.69.131.83 - - [30/Sep/2021:09:19:43 +0800] "GET /xingrg/all/function/internal_message.html?_=1632964781570&CODE_STATE=getMsg HTTP/1.1" 200 27
116.238.248.233 - - [30/Sep/2021:09:19:43 +0800] "GET /xingrg/kc/buy/cgsh_order_operate.html?command=get_materiel&rest_code=00151&code=00101006013&supplier_code=00100096&order_time=2021-09-30 HTTP/1.1" 200 409
222.70.178.96 - - [30/Sep/2021:09:19:46 +0800] "GET /xingrg/all/function/internal_message.html?_=1632964782007&CODE_STATE=getMsg HTTP/1.1" 200 27
101.85.106.134 - - [30/Sep/2021:09:19:49 +0800] "GET /xingrg/javascript/jquery_easy_ui/themes/default/images/tabs_close.gif HTTP/1.1" 200 829
101.85.106.134 - - [30/Sep/2021:09:19:49 +0800] "GET /xingrg/css/base.css HTTP/1.1" 200 2811
101.85.106.134 - - [30/Sep/2021:09:19:49 +0800] "GET /xingrg/javascript/jquery_tools/datebox.css HTTP/1.1" 200 2597
101.85.106.134 - - [30/Sep/2021:09:19:49 +0800] "GET /xingrg/css/site.css HTTP/1.1" 200 7541
101.85.106.134 - - [30/Sep/2021:09:19:49 +0800] "GET /xingrg/javascript/auto/jquery.autocomplete.css HTTP/1.1" 200 587
101.85.106.134 - - [30/Sep/2021:09:19:49 +0800] "GET /xingrg/javascript/easyui/themes/icon.css HTTP/1.1" 200 4483
101.85.106.134 - - [30/Sep/2021:09:19:49 +0800] "GET /xingrg/javascript/jquery_tools/jquery.tools.min.js HTTP/1.1" 200 138801
101.85.106.134 - - [30/Sep/2021:09:19:49 +0800] "GET /xingrg/javascript/jquery_tools/table.css HTTP/1.1" 200 1032
101.85.106.134 - - [30/Sep/2021:09:19:49 +0800] "GET /xingrg/javascript/jquery_tools/fix.css HTTP/1.1" 200 1702
101.85.106.134 - - [30/Sep/2021:09:19:49 +0800] "GET /xingrg/javascript/jquery_tools/jquery.tools.hotkey.js HTTP/1.1" 200 3242
101.85.106.134 - - [30/Sep/2021:09:19:49 +0800] "GET /xingrg/javascript/jquery_tools/jquery.tools.extend.js HTTP/1.1" 200 15385
101.85.106.134 - - [30/Sep/2021:09:19:49 +0800] "GET /xingrg/javascript/jquery_tools/jquery.tools.table.js HTTP/1.1" 200 6994
101.85.106.134 - - [30/Sep/2021:09:19:49 +0800] "GET /xingrg/javascript/jquery_tools/list_manager.js HTTP/1.1" 200 3652
101.85.106.134 - - [30/Sep/2021:09:19:49 +0800] "GET /xingrg/javascript/easyui/easyloader.js HTTP/1.1" 200 5975
101.85.106.134 - - [30/Sep/2021:09:19:49 +0800] "GET /xingrg/javascript/jquery.cookie.js HTTP/1.1" 200 5513
101.85.106.134 - - [30/Sep/2021:09:19:49 +0800] "GET /xingrg/javascript/print/LodopFuncs.js HTTP/1.1" 200 5121
101.85.106.134 - - [30/Sep/2021:09:19:49 +0800] "GET /xingrg/kc/buy/cgsh_order_list.html HTTP/1.1" 200 48821
101.85.106.134 - - [30/Sep/2021:09:19:49 +0800] "GET /xingrg/javascript/easyui/themes/default/easyui.css HTTP/1.1" 200 30432
101.85.106.134 - - [30/Sep/2021:09:19:49 +0800] "GET /xingrg/javascript/auto/jquery.autocomplete.js HTTP/1.1" 200 21624
101.85.106.134 - - [30/Sep/2021:09:19:49 +0800] "GET /xingrg/javascript/easyui/themes/icons/cance_new.png HTTP/1.1" 200 3986
101.85.106.134 - - [30/Sep/2021:09:19:49 +0800] "GET /xingrg/javascript/easyui/themes/icons/edit_add_new.png HTTP/1.1" 200 2997
101.85.106.134 - - [30/Sep/2021:09:19:49 +0800] "GET /xingrg/javascript/easyui/themes/icons/import_new.png HTTP/1.1" 200 1247
101.85.106.134 - - [30/Sep/2021:09:19:49 +0800] "GET /xingrg/javascript/easyui/themes/icons/field_new.png HTTP/1.1" 200 1097
101.85.106.134 - - [30/Sep/2021:09:19:49 +0800] "GET /xingrg/javascript/easyui/themes/icons/check_new.png HTTP/1.1" 200 3224
101.85.106.134 - - [30/Sep/2021:09:19:49 +0800] "GET /xingrg/javascript/easyui/plugins/jquery.parser.js HTTP/1.1" 200 1142
101.85.106.134 - - [30/Sep/2021:09:19:49 +0800] "GET /xingrg/images/control/ajaxLoader.gif HTTP/1.1" 200 4659
101.85.106.134 - - [30/Sep/2021:09:19:50 +0800] "POST /xingrg/kc/buy/cgsh_list_operate.html HTTP/1.1" 200 876
116.238.248.233 - - [30/Sep/2021:09:19:51 +0800] "GET /xingrg/kc/buy/cgsh_order_operate.html?command=get_materiel&rest_code=00151&code=00101006084&supplier_code=00100096&order_time=2021-09-30 HTTP/1.1" 200 413
101.85.106.134 - - [30/Sep/2021:09:19:51 +0800] "GET /xingrg/javascript/easyui/themes/default/images/button_plain_hover.png HTTP/1.1" 200 144
101.85.106.134 - - [30/Sep/2021:09:19:52 +0800] "GET /xingrg/javascript/pic_change.js HTTP/1.1" 200 4739
101.85.106.134 - - [30/Sep/2021:09:19:52 +0800] "GET /xingrg/javascript/convert.js HTTP/1.1" 200 1239
101.85.106.134 - - [30/Sep/2021:09:19:52 +0800] "GET /xingrg/javascript/jquery_tools/order_manager.js HTTP/1.1" 200 11183
101.85.106.134 - - [30/Sep/2021:09:19:52 +0800] "GET /xingrg/javascript/print/kc_print.js HTTP/1.1" 200 11415
101.85.106.134 - - [30/Sep/2021:09:19:52 +0800] "GET /xingrg/javascript/json2.js HTTP/1.1" 200 11259
101.85.106.134 - - [30/Sep/2021:09:19:52 +0800] "GET /xingrg/kc/buy/cgsh_order_add.html HTTP/1.1" 200 63716
101.85.106.134 - - [30/Sep/2021:09:19:52 +0800] "GET /xingrg/words/20210929121724_words.js HTTP/1.1" 200 852473
101.85.106.134 - - [30/Sep/2021:09:19:52 +0800] "GET /xingrg/javascript/easyui/themes/icons/template_new.png HTTP/1.1" 200 3956
101.85.106.134 - - [30/Sep/2021:09:19:52 +0800] "GET /xingrg/javascript/easyui/themes/icons/copy_new.png HTTP/1.1" 200 815
101.85.106.134 - - [30/Sep/2021:09:19:52 +0800] "GET /xingrg/javascript/easyui/themes/icons/ok.png HTTP/1.1" 200 883
101.85.106.134 - - [30/Sep/2021:09:19:52 +0800] "GET /xingrg/javascript/easyui/themes/icons/cancel.png HTTP/1.1" 200 1133
101.85.106.134 - - [30/Sep/2021:09:19:52 +0800] "GET /xingrg/javascript/easyui/themes/default/images/menu_downarrow.png HTTP/1.1" 200 173
101.85.106.134 - - [30/Sep/2021:09:19:52 +0800] "GET /xingrg/javascript/easyui/themes/icons/print.png HTTP/1.1" 200 1057
101.85.106.134 - - [30/Sep/2021:09:19:53 +0800] "POST /xingrg/kc/buy/cgsh_order_operate.html HTTP/1.1" 200 8245
101.85.106.134 - - [30/Sep/2021:09:19:53 +0800] "GET /xingrg/all/common/auto_word.html?type=employee&rest_code=00142 HTTP/1.1" 200 105
101.85.106.134 - - [30/Sep/2021:09:19:53 +0800] "GET /xingrg/all/common/auto_word.html?type=employee&rest_code=00142 HTTP/1.1" 200 105
101.85.106.134 - - [30/Sep/2021:09:19:53 +0800] "GET /xingrg/javascript/easyui/themes/default/validatebox.css HTTP/1.1" 404 1104
101.85.106.134 - - [30/Sep/2021:09:19:53 +0800] "GET /xingrg/javascript/easyui/plugins/jquery.validatebox.js HTTP/1.1" 200 6103
101.85.106.134 - - [30/Sep/2021:09:19:53 +0800] "GET /xingrg/javascript/easyui/plugins/jquery.numberbox.js HTTP/1.1" 200 5213
101.85.106.134 - - [30/Sep/2021:09:19:53 +0800] "GET /xingrg/javascript/easyui/themes/icons/edit_remove.png HTTP/1.1" 200 625
116.230.105.26 - - [30/Sep/2021:09:19:53 +0800] "GET /xingrg/all/function/internal_message.html?_=1632964789945&CODE_STATE=getMsg HTTP/1.1" 200 27
116.230.105.26 - - [30/Sep/2021:09:19:53 +0800] "GET /xingrg/check_reg.html?_=1632964790319 HTTP/1.1" 200 22
101.85.106.134 - - [30/Sep/2021:09:19:54 +0800] "GET /xingrg/javascript/auto/indicator.gif HTTP/1.1" 404 1066
114.85.125.222 - - [30/Sep/2021:09:19:55 +0800] "GET /xingrg/all/function/internal_message.html?_=1632964763324&CODE_STATE=getMsg HTTP/1.1" 200 27
58.39.139.200 - - [30/Sep/2021:09:19:57 +0800] "POST /xingrg/kc/buy/cgsh_order_operate.html HTTP/1.1" 200 37
58.39.139.200 - - [30/Sep/2021:09:19:59 +0800] "POST /xingrg/kc/buy/cgsh_order_operate.html HTTP/1.1" 200 44614
116.238.248.233 - - [30/Sep/2021:09:20:03 +0800] "GET /xingrg/kc/buy/cgsh_order_operate.html?command=get_materiel&rest_code=00151&code=00101006079&supplier_code=00100096&order_time=2021-09-30 HTTP/1.1" 200 410
222.70.246.151 - - [30/Sep/2021:09:20:05 +0800] "GET /xingrg/check_reg.html?_=1632964802144 HTTP/1.1" 200 22
58.39.139.200 - - [30/Sep/2021:09:20:05 +0800] "GET /xingrg/all/function/internal_message.html?_=1632964803823&CODE_STATE=getMsg HTTP/1.1" 200 27
116.238.248.233 - - [30/Sep/2021:09:20:06 +0800] "GET /xingrg/all/function/internal_message.html?_=1632964803668&CODE_STATE=getMsg HTTP/1.1" 200 27
114.86.225.151 - - [30/Sep/2021:09:20:06 +0800] "GET /xingrg/all/function/internal_message.html?_=1632964805321&CODE_STATE=getMsg HTTP/1.1" 200 27
222.69.131.83 - - [30/Sep/2021:09:20:09 +0800] "GET /favicon.ico HTTP/1.1" 404 -
222.69.131.83 - - [30/Sep/2021:09:20:09 +0800] "GET /favicon.ico HTTP/1.1" 404 -
222.69.131.83 - - [30/Sep/2021:09:20:11 +0800] "GET /xingrg HTTP/1.1" 302 -
222.69.131.83 - - [30/Sep/2021:09:20:12 +0800] "GET /xingrg/index.html HTTP/1.1" 302 -
222.69.131.83 - - [30/Sep/2021:09:20:12 +0800] "GET /xingrg/login.html HTTP/1.1" 200 7641
222.69.131.83 - - [30/Sep/2021:09:20:12 +0800] "GET /favicon.ico HTTP/1.1" 404 -
222.69.131.83 - - [30/Sep/2021:09:20:12 +0800] "GET /favicon.ico HTTP/1.1" 404 -
101.85.106.134 - - [30/Sep/2021:09:20:14 +0800] "GET /xingrg/kc/buy/cgsh_order_operate.html?command=get_materiel&rest_code=00142&code=00101008126&supplier_code=00100161&order_time=2021-09-30 HTTP/1.1" 200 412
120.253.135.82 - - [30/Sep/2021:09:20:15 +0800] "GET /xingrg/check_reg.html?_=1632964585132 HTTP/1.1" 200 22
222.69.131.205 - - [30/Sep/2021:09:20:19 +0800] "GET /xingrg/all/function/internal_message.html?_=1632964820177&CODE_STATE=getMsg HTTP/1.1" 200 27
120.253.135.82 - - [30/Sep/2021:09:20:21 +0800] "GET /xingrg/all/function/internal_message.html?_=1632964590966&CODE_STATE=getMsg HTTP/1.1" 200 27
101.85.106.134 - - [30/Sep/2021:09:20:22 +0800] "GET /xingrg/kc/buy/cgsh_order_operate.html?command=get_materiel&rest_code=00142&code=00101008108&supplier_code=00100161&order_time=2021-09-30 HTTP/1.1" 200 412
222.70.246.151 - - [30/Sep/2021:09:20:22 +0800] "GET /xingrg/all/function/internal_message.html?_=1632964819422&CODE_STATE=getMsg HTTP/1.1" 200 27
222.69.131.83 - - [30/Sep/2021:09:20:22 +0800] "POST /xingrg/login.do HTTP/1.1" 302 -
222.69.131.83 - - [30/Sep/2021:09:20:22 +0800] "GET /xingrg/index.html?sysBaseUrl=http%3A%2F%2F180.169.147.146%3A18081%2Fxingrg%2F&costTime=7×tamp=1632964822796 HTTP/1.1" 200 16968
222.69.131.83 - - [30/Sep/2021:09:20:23 +0800] "GET /favicon.ico HTTP/1.1" 404 -
222.69.131.83 - - [30/Sep/2021:09:20:23 +0800] "POST /xingrg/all/common/load_tree.html?tree=area_rest_tree_json&manage=1 HTTP/1.1" 200 3472
222.69.131.83 - - [30/Sep/2021:09:20:23 +0800] "GET /xingrg/all/function/internal_message.html?_=1632964821203&CODE_STATE=count HTTP/1.1" 200 11
222.69.131.83 - - [30/Sep/2021:09:20:23 +0800] "GET /xingrg/check_reg.html?_=1632964821206 HTTP/1.1" 200 22
222.69.131.83 - - [30/Sep/2021:09:20:23 +0800] "POST /xingrg/load_menu.html HTTP/1.1" 200 677
116.238.248.233 - - [30/Sep/2021:09:20:24 +0800] "POST /xingrg/kc/buy/cgsh_order_operate.html HTTP/1.1" 200 37
222.69.131.83 - - [30/Sep/2021:09:20:25 +0800] "GET /xingrg/dma/sys/data_clear.html HTTP/1.1" 200 12693
222.69.131.83 - - [30/Sep/2021:09:20:25 +0800] "GET /xingrg/dwr/interface/AjaxReportQueryService.js HTTP/1.1" 200 13203
222.69.131.83 - - [30/Sep/2021:09:20:25 +0800] "GET /xingrg/dwr/util.js HTTP/1.1" 200 35990
222.69.131.83 - - [30/Sep/2021:09:20:25 +0800] "GET /xingrg/dwr/engine.js HTTP/1.1" 200 43631
222.69.131.83 - - [30/Sep/2021:09:20:25 +0800] "POST /xingrg/all/common/load_tree.html?tree=station_tree_json HTTP/1.1" 200 3192
222.69.131.83 - - [30/Sep/2021:09:20:25 +0800] "POST /xingrg/all/common/load_tree.html?tree=station_tree_json HTTP/1.1" 200 3192
116.238.248.233 - - [30/Sep/2021:09:20:25 +0800] "POST /xingrg/kc/buy/cgsh_order_operate.html HTTP/1.1" 200 8682
101.85.106.134 - - [30/Sep/2021:09:20:29 +0800] "GET /xingrg/kc/buy/cgsh_order_operate.html?command=get_materiel&rest_code=00142&code=00101008368&supplier_code=00100161&order_time=2021-09-30 HTTP/1.1" 200 408
180.152.237.0 - - [30/Sep/2021:09:20:29 +0800] "GET /xingrg/kc/buy/cgsh_order_operate.html?command=get_materiel&rest_code=00102&code=00102010779&supplier_code=00100151&order_time=2021-09-30 HTTP/1.1" 200 412
180.152.237.0 - - [30/Sep/2021:09:20:36 +0800] "GET /xingrg/all/function/internal_message.html?_=1632964814977&CODE_STATE=getMsg HTTP/1.1" 200 27
101.85.106.134 - - [30/Sep/2021:09:20:37 +0800] "GET /xingrg/kc/buy/cgsh_order_operate.html?command=get_materiel&rest_code=00142&code=00101008005&supplier_code=00100161&order_time=2021-09-30 HTTP/1.1" 200 412
101.85.106.134 - - [30/Sep/2021:09:20:42 +0800] "GET /xingrg/all/function/internal_message.html?_=1632964737545&CODE_STATE=getMsg HTTP/1.1" 200 27
222.69.131.83 - - [30/Sep/2021:09:20:43 +0800] "GET /xingrg/all/function/internal_message.html?_=1632964841563&CODE_STATE=getMsg HTTP/1.1" 200 27
180.152.237.0 - - [30/Sep/2021:09:20:44 +0800] "POST /xingrg/kc/buy/cgsh_order_operate.html HTTP/1.1" 200 37
101.85.106.134 - - [30/Sep/2021:09:20:45 +0800] "GET /xingrg/kc/buy/cgsh_order_operate.html?command=get_materiel&rest_code=00142&code=00101008141&supplier_code=00100161&order_time=2021-09-30 HTTP/1.1" 200 412
222.70.178.96 - - [30/Sep/2021:09:20:46 +0800] "GET /xingrg/all/function/internal_message.html?_=1632964841992&CODE_STATE=getMsg HTTP/1.1" 200 27
116.238.248.233 - - [30/Sep/2021:09:20:52 +0800] "POST /xingrg/all/user/operate.html HTTP/1.1" 200 36
116.238.248.233 - - [30/Sep/2021:09:20:52 +0800] "GET /xingrg/index.html?sysBaseUrl=http%3A%2F%2F180.169.147.146%3A18081%2Fxingrg%2F&costTime=38×tamp=1632879310159 HTTP/1.1" 200 17179
116.238.248.233 - - [30/Sep/2021:09:20:52 +0800] "GET /xingrg/javascript/jquery_easy_ui/themes/default/easyui.css HTTP/1.1" 304 -
116.238.248.233 - - [30/Sep/2021:09:20:52 +0800] "GET /xingrg/javascript/jquery_easy_ui/themes/icon.css HTTP/1.1" 304 -
116.238.248.233 - - [30/Sep/2021:09:20:52 +0800] "GET /xingrg/css/form.css HTTP/1.1" 304 -
116.238.248.233 - - [30/Sep/2021:09:20:52 +0800] "GET /xingrg/javascript/jquery-1.4.2.min.js HTTP/1.1" 304 -
116.238.248.233 - - [30/Sep/2021:09:20:52 +0800] "GET /xingrg/javascript/jquery_easy_ui/jquery.easyui.min.js HTTP/1.1" 304 -
116.238.248.233 - - [30/Sep/2021:09:20:52 +0800] "GET /xingrg/javascript/jquery_easy_ui/easyui-lang-zh_CN.js HTTP/1.1" 304 -
116.238.248.233 - - [30/Sep/2021:09:20:52 +0800] "GET /xingrg/javascript/jquery.form.js HTTP/1.1" 304 -
116.238.248.233 - - [30/Sep/2021:09:20:52 +0800] "GET /xingrg/javascript/jquery.utils.js HTTP/1.1" 304 -
116.238.248.233 - - [30/Sep/2021:09:20:52 +0800] "GET /xingrg/javascript/jquery.timers.js HTTP/1.1" 304 -
116.238.248.233 - - [30/Sep/2021:09:20:52 +0800] "GET /xingrg/images/blue/jxLogo.png HTTP/1.1" 304 -
116.238.248.233 - - [30/Sep/2021:09:20:52 +0800] "GET /xingrg/images/blue/navBackgound.jpg HTTP/1.1" 304 -
116.238.248.233 - - [30/Sep/2021:09:20:52 +0800] "GET /xingrg/javascript/jquery_easy_ui/themes/icons/settle_new.png HTTP/1.1" 304 -
116.238.248.233 - - [30/Sep/2021:09:20:52 +0800] "POST /xingrg/all/common/load_tree.html?tree=area_rest_tree_json&manage=1 HTTP/1.1" 200 476
116.238.248.233 - - [30/Sep/2021:09:20:52 +0800] "GET /xingrg/all/function/internal_message.html?_=1632964850251&CODE_STATE=count HTTP/1.1" 200 11
116.238.248.233 - - [30/Sep/2021:09:20:52 +0800] "GET /xingrg/check_reg.html?_=1632964850252 HTTP/1.1" 200 22
116.238.248.233 - - [30/Sep/2021:09:20:52 +0800] "GET /xingrg/javascript/jquery_easy_ui/themes/default/images/tabs_rightarrow.png HTTP/1.1" 304 -
116.238.248.233 - - [30/Sep/2021:09:20:52 +0800] "GET /xingrg/javascript/jquery_easy_ui/themes/default/images/tabs_leftarrow.png HTTP/1.1" 304 -
116.238.248.233 - - [30/Sep/2021:09:20:52 +0800] "GET /xingrg/javascript/jquery_easy_ui/themes/default/images/panel_tool_collapse.gif HTTP/1.1" 304 -
116.238.248.233 - - [30/Sep/2021:09:20:52 +0800] "GET /xingrg/images/blue/pingpu.png HTTP/1.1" 304 -
116.238.248.233 - - [30/Sep/2021:09:20:52 +0800] "POST /xingrg/load_menu.html HTTP/1.1" 200 5138
101.85.106.134 - - [30/Sep/2021:09:20:53 +0800] "GET /xingrg/kc/buy/cgsh_order_operate.html?command=get_materiel&rest_code=00142&code=00101008261&supplier_code=00100161&order_time=2021-09-30 HTTP/1.1" 200 408
116.230.105.26 - - [30/Sep/2021:09:20:53 +0800] "GET /xingrg/all/function/internal_message.html?_=1632964849921&CODE_STATE=getMsg HTTP/1.1" 200 27
114.85.125.222 - - [30/Sep/2021:09:20:55 +0800] "GET /xingrg/all/function/internal_message.html?_=1632964823332&CODE_STATE=getMsg HTTP/1.1" 200 27
180.152.237.0 - - [30/Sep/2021:09:20:57 +0800] "POST /xingrg/kc/buy/cgsh_order_operate.html HTTP/1.1" 200 12
116.238.248.233 - - [30/Sep/2021:09:21:01 +0800] "GET /xingrg/kc/base/wldb_order_list.html HTTP/1.1" 200 19230
101.85.106.134 - - [30/Sep/2021:09:21:01 +0800] "GET /xingrg/kc/buy/cgsh_order_operate.html?command=get_materiel&rest_code=00142&code=00101008268&supplier_code=00100161&order_time=2021-09-30 HTTP/1.1" 200 408
116.238.248.233 - - [30/Sep/2021:09:21:01 +0800] "POST /xingrg/kc/base/wldb_list_operate.html HTTP/1.1" 200 928
180.152.237.0 - - [30/Sep/2021:09:21:02 +0800] "GET /xingrg/kc/buy/cgsh_order_info.html?code=212021093013557 HTTP/1.1" 200 59409
116.238.248.233 - - [30/Sep/2021:09:21:02 +0800] "GET /xingrg/kc/base/wldb_order_add.html HTTP/1.1" 200 30444
116.238.248.233 - - [30/Sep/2021:09:21:03 +0800] "POST /xingrg/kc/base/wldb_order_operate.html HTTP/1.1" 200 6806
116.238.248.233 - - [30/Sep/2021:09:21:03 +0800] "GET /xingrg/all/common/auto_word.html?type=base&rest_code=00150 HTTP/1.1" 200 1653
116.238.248.233 - - [30/Sep/2021:09:21:03 +0800] "GET /xingrg/all/common/auto_word.html?type=base&rest_code=00150 HTTP/1.1" 200 1653
116.238.248.233 - - [30/Sep/2021:09:21:03 +0800] "GET /xingrg/javascript/easyui/themes/default/validatebox.css HTTP/1.1" 404 1104
222.69.131.83 - - [30/Sep/2021:09:21:03 +0800] "POST /xingrg/dma/sys/setting_operate.html HTTP/1.1" 200 4
180.152.237.0 - - [30/Sep/2021:09:21:03 +0800] "GET /xingrg/javascript/easyui/themes/default/validatebox.css HTTP/1.1" 404 1104
180.152.237.0 - - [30/Sep/2021:09:21:04 +0800] "POST /xingrg/kc/buy/cgsh_order_operate.html HTTP/1.1" 200 605
116.238.248.233 - - [30/Sep/2021:09:21:04 +0800] "GET /xingrg/javascript/auto/indicator.gif HTTP/1.1" 404 1066
58.39.139.200 - - [30/Sep/2021:09:21:05 +0800] "GET /xingrg/all/function/internal_message.html?_=1632964863668&CODE_STATE=getMsg HTTP/1.1" 200 27
58.39.139.200 - - [30/Sep/2021:09:21:05 +0800] "GET /xingrg/check_reg.html?_=1632964863731 HTTP/1.1" 200 22
180.152.237.0 - - [30/Sep/2021:09:21:06 +0800] "GET /xingrg/kc/print/load_data.html?order_code=212021093013557&kc_code=cgsh&condition= HTTP/1.1" 200 654
114.86.225.151 - - [30/Sep/2021:09:21:06 +0800] "GET /xingrg/all/function/internal_message.html?_=1632964865322&CODE_STATE=getMsg HTTP/1.1" 200 27
101.85.106.134 - - [30/Sep/2021:09:21:09 +0800] "GET /xingrg/kc/buy/cgsh_order_operate.html?command=get_materiel&rest_code=00142&code=00101008370&supplier_code=00100161&order_time=2021-09-30 HTTP/1.1" 200 412
116.238.248.233 - - [30/Sep/2021:09:21:12 +0800] "GET /xingrg/kc/base/wldb_order_operate.html?command=get_materiel&rest_code=00150&base_code=0010462&code=00101026179 HTTP/1.1" 200 451
116.238.248.233 - - [30/Sep/2021:09:21:17 +0800] "POST /xingrg/kc/base/wldb_order_operate.html HTTP/1.1" 200 37
101.85.106.134 - - [30/Sep/2021:09:21:18 +0800] "GET /xingrg/kc/buy/cgsh_order_operate.html?command=get_materiel&rest_code=00142&code=00101008361&supplier_code=00100161&order_time=2021-09-30 HTTP/1.1" 200 408
116.238.248.233 - - [30/Sep/2021:09:21:19 +0800] "POST /xingrg/kc/base/wldb_order_operate.html HTTP/1.1" 200 12
222.69.131.205 - - [30/Sep/2021:09:21:19 +0800] "GET /xingrg/all/function/internal_message.html?_=1632964880179&CODE_STATE=getMsg HTTP/1.1" 200 27
116.238.248.233 - - [30/Sep/2021:09:21:19 +0800] "POST /xingrg/kc/base/wldb_order_operate.html HTTP/1.1" 200 2208
116.238.248.233 - - [30/Sep/2021:09:21:20 +0800] "GET /xingrg/kc/base/wldb_order_info.html?code=422021093003492 HTTP/1.1" 200 26315
116.238.248.233 - - [30/Sep/2021:09:21:21 +0800] "GET /xingrg/javascript/easyui/themes/default/validatebox.css HTTP/1.1" 404 1104
120.253.135.82 - - [30/Sep/2021:09:21:21 +0800] "GET /xingrg/all/function/internal_message.html?_=1632964650981&CODE_STATE=getMsg HTTP/1.1" 200 27
116.238.248.233 - - [30/Sep/2021:09:21:21 +0800] "POST /xingrg/kc/base/wldb_order_operate.html HTTP/1.1" 200 501
222.70.246.151 - - [30/Sep/2021:09:21:22 +0800] "GET /xingrg/all/function/internal_message.html?_=1632964879436&CODE_STATE=getMsg HTTP/1.1" 200 27
101.85.106.134 - - [30/Sep/2021:09:21:24 +0800] "GET /xingrg/kc/buy/cgsh_order_operate.html?command=get_materiel&rest_code=00142&code=00101008155&supplier_code=00100161&order_time=2021-09-30 HTTP/1.1" 200 408
222.70.178.96 - - [30/Sep/2021:09:21:29 +0800] "GET /xingrg/check_reg.html?_=1632964884863 HTTP/1.1" 200 22
116.238.248.233 - - [30/Sep/2021:09:21:31 +0800] "GET /xingrg/kc/base/yddb_order_list.html HTTP/1.1" 200 16836
116.238.248.233 - - [30/Sep/2021:09:21:31 +0800] "POST /xingrg/kc/base/yddb_list_operate.html HTTP/1.1" 200 636
101.85.106.134 - - [30/Sep/2021:09:21:32 +0800] "GET /xingrg/kc/buy/cgsh_order_operate.html?command=get_materiel&rest_code=00142&code=00101008371&supplier_code=00100161&order_time=2021-09-30 HTTP/1.1" 200 431
222.69.131.83 - - [30/Sep/2021:09:21:32 +0800] "POST /xingrg/services/DataTransmitService HTTP/1.1" 401 565
222.69.131.83 - - [30/Sep/2021:09:21:32 +0800] "POST /xingrg/services/DataTransmitService HTTP/1.1" 200 478
222.69.131.83 - - [30/Sep/2021:09:21:32 +0800] "POST /xingrg/services/DataTransmitService HTTP/1.1" 200 1320
222.69.131.83 - - [30/Sep/2021:09:21:32 +0800] "POST /xingrg/services/DataTransmitService HTTP/1.1" 200 478
222.69.131.83 - - [30/Sep/2021:09:21:32 +0800] "POST /xingrg/services/DataTransmitService HTTP/1.1" 200 1320
222.69.131.83 - - [30/Sep/2021:09:21:32 +0800] "POST /xingrg/services/DataTransmitService HTTP/1.1" 200 524
222.69.131.83 - - [30/Sep/2021:09:21:32 +0800] "POST /xingrg/services/DataTransmitService HTTP/1.1" 200 1983
222.69.131.83 - - [30/Sep/2021:09:21:33 +0800] "POST /xingrg/services/DataTransmitService HTTP/1.1" 200 45454
222.69.131.83 - - [30/Sep/2021:09:21:33 +0800] "POST /xingrg/services/DataTransmitService HTTP/1.1" 200 19237
114.85.125.222 - - [30/Sep/2021:09:21:34 +0800] "GET /xingrg/check_reg.html?_=1632964862122 HTTP/1.1" 200 22
116.238.248.233 - - [30/Sep/2021:09:21:34 +0800] "POST /xingrg/kc/base/yddb_list_operate.html HTTP/1.1" 200 636
180.152.237.0 - - [30/Sep/2021:09:21:36 +0800] "GET /xingrg/all/function/internal_message.html?_=1632964874992&CODE_STATE=getMsg HTTP/1.1" 200 27
116.238.248.233 - - [30/Sep/2021:09:21:38 +0800] "POST /xingrg/kc/base/yddb_list_operate.html HTTP/1.1" 200 1338
116.238.248.233 - - [30/Sep/2021:09:21:39 +0800] "POST /xingrg/kc/base/yddb_list_operate.html HTTP/1.1" 200 280
101.85.106.134 - - [30/Sep/2021:09:21:40 +0800] "GET /xingrg/kc/buy/cgsh_order_operate.html?command=get_materiel&rest_code=00142&code=00101008355&supplier_code=00100161&order_time=2021-09-30 HTTP/1.1" 200 408
101.85.106.134 - - [30/Sep/2021:09:21:42 +0800] "GET /xingrg/all/function/internal_message.html?_=1632964797550&CODE_STATE=getMsg HTTP/1.1" 200 27
222.69.131.83 - - [30/Sep/2021:09:21:43 +0800] "GET /xingrg/all/function/internal_message.html?_=1632964901547&CODE_STATE=getMsg HTTP/1.1" 200 27
222.70.178.96 - - [30/Sep/2021:09:21:46 +0800] "GET /xingrg/all/function/internal_message.html?_=1632964901977&CODE_STATE=getMsg HTTP/1.1" 200 27
222.69.131.83 - - [30/Sep/2021:09:21:47 +0800] "POST /xingrg/services/DataTransmitService HTTP/1.1" 200 524
116.238.248.233 - - [30/Sep/2021:09:21:52 +0800] "GET /xingrg/all/function/internal_message.html?_=1632964910256&CODE_STATE=getMsg HTTP/1.1" 200 27
116.230.105.26 - - [30/Sep/2021:09:21:53 +0800] "GET /xingrg/all/function/internal_message.html?_=1632964909891&CODE_STATE=getMsg HTTP/1.1" 200 27
114.85.125.222 - - [30/Sep/2021:09:21:55 +0800] "GET /xingrg/all/function/internal_message.html?_=1632964883346&CODE_STATE=getMsg HTTP/1.1" 200 27
101.85.106.134 - - [30/Sep/2021:09:21:57 +0800] "GET /xingrg/kc/buy/cgsh_order_operate.html?command=get_materiel&rest_code=00142&code=00101008024&supplier_code=00100161&order_time=2021-09-30 HTTP/1.1" 200 427
58.39.139.200 - - [30/Sep/2021:09:22:05 +0800] "GET /xingrg/all/function/internal_message.html?_=1632964923667&CODE_STATE=getMsg HTTP/1.1" 200 27
101.85.106.134 - - [30/Sep/2021:09:22:05 +0800] "GET /xingrg/kc/buy/cgsh_order_operate.html?command=get_materiel&rest_code=00142&code=00101008356&supplier_code=00100161&order_time=2021-09-30 HTTP/1.1" 200 408
114.86.225.151 - - [30/Sep/2021:09:22:06 +0800] "GET /xingrg/all/function/internal_message.html?_=1632964925326&CODE_STATE=getMsg HTTP/1.1" 200 27
114.86.225.151 - - [30/Sep/2021:09:22:06 +0800] "GET /xingrg/check_reg.html?_=1632964925327 HTTP/1.1" 200 22
114.86.225.151 - - [30/Sep/2021:09:22:09 +0800] "GET /xingrg/kc/print/load_config.html?kc_code=cgsh HTTP/1.1" 200 2256
114.86.225.151 - - [30/Sep/2021:09:22:09 +0800] "GET /xingrg/kc/print/load_data.html?order_code=212021093013552&kc_code=cgsh&condition= HTTP/1.1" 200 18832
101.85.106.134 - - [30/Sep/2021:09:22:14 +0800] "GET /xingrg/kc/buy/cgsh_order_operate.html?command=get_materiel&rest_code=00142&code=00101008286&supplier_code=00100161&order_time=2021-09-30 HTTP/1.1" 200 408
222.69.131.205 - - [30/Sep/2021:09:22:19 +0800] "GET /xingrg/all/function/internal_message.html?_=1632964940179&CODE_STATE=getMsg HTTP/1.1" 200 27
222.69.131.205 - - [30/Sep/2021:09:22:19 +0800] "GET /xingrg/check_reg.html?_=1632964940183 HTTP/1.1" 200 22
120.253.135.82 - - [30/Sep/2021:09:22:21 +0800] "GET /xingrg/all/function/internal_message.html?_=1632964711141&CODE_STATE=getMsg HTTP/1.1" 200 27
222.70.246.151 - - [30/Sep/2021:09:22:22 +0800] "GET /xingrg/all/function/internal_message.html?_=1632964939490&CODE_STATE=getMsg HTTP/1.1" 200 27
101.85.106.134 - - [30/Sep/2021:09:22:27 +0800] "GET /xingrg/kc/buy/cgsh_order_operate.html?command=get_materiel&rest_code=00142&code=00101008353&supplier_code=00100161&order_time=2021-09-30 HTTP/1.1" 200 408
180.152.237.0 - - [30/Sep/2021:09:22:33 +0800] "GET /xingrg/check_reg.html?_=1632964932479 HTTP/1.1" 200 22
180.152.237.0 - - [30/Sep/2021:09:22:36 +0800] "GET /xingrg/all/function/internal_message.html?_=1632964935005&CODE_STATE=getMsg HTTP/1.1" 200 27
101.85.106.134 - - [30/Sep/2021:09:22:37 +0800] "GET /xingrg/kc/buy/cgsh_order_operate.html?command=get_materiel&rest_code=00142&code=00101008351&supplier_code=00100161&order_time=2021-09-30 HTTP/1.1" 200 408
101.85.106.134 - - [30/Sep/2021:09:22:42 +0800] "GET /xingrg/all/function/internal_message.html?_=1632964857607&CODE_STATE=getMsg HTTP/1.1" 200 27
222.69.131.83 - - [30/Sep/2021:09:22:43 +0800] "GET /xingrg/all/function/internal_message.html?_=1632964961532&CODE_STATE=getMsg HTTP/1.1" 200 27
222.69.131.83 - - [30/Sep/2021:09:22:45 +0800] "POST /xingrg/services/DataTransmitService HTTP/1.1" 200 501
