116.238.248.233 - - [30/Sep/2021:09:29:10 +0800] "GET /xingrg/javascript/jquery_easy_ui/themes/icons/forms_new.png HTTP/1.1" 304 -
116.238.248.233 - - [30/Sep/2021:09:29:10 +0800] "GET /xingrg/javascript/jquery_easy_ui/themes/icons/storage_new.png HTTP/1.1" 304 -
116.238.248.233 - - [30/Sep/2021:09:29:12 +0800] "GET /xingrg/kc/buy/cgsh_order_list.html HTTP/1.1" 200 48821
116.230.105.26 - - [30/Sep/2021:09:29:13 +0800] "GET /xingrg/kc/buy/cgsh_order_operate.html?command=get_materiel&rest_code=00155&code=00101008331&supplier_code=00100005&order_time=2021-09-30 HTTP/1.1" 200 416
116.238.248.233 - - [30/Sep/2021:09:29:13 +0800] "POST /xingrg/kc/buy/cgsh_list_operate.html HTTP/1.1" 200 2052
116.238.248.233 - - [30/Sep/2021:09:29:16 +0800] "GET /xingrg/javascript/jquery_tools/images/next.gif HTTP/1.1" 404 1086
116.238.248.233 - - [30/Sep/2021:09:29:16 +0800] "GET /xingrg/javascript/jquery_tools/images/prev.gif HTTP/1.1" 404 1086
114.85.125.222 - - [30/Sep/2021:09:29:18 +0800] "POST /xingrg/kc/buy/cgsh_list_operate.html HTTP/1.1" 200 2052
180.152.237.0 - - [30/Sep/2021:09:29:18 +0800] "GET /xingrg/kc/buy/cgsh_order_operate.html?command=get_materiel&rest_code=00102&code=00101020336&supplier_code=00100151&order_time=2021-09-30 HTTP/1.1" 200 410
222.69.131.205 - - [30/Sep/2021:09:29:19 +0800] "GET /xingrg/all/function/internal_message.html?_=1632965360209&CODE_STATE=getMsg HTTP/1.1" 200 27
114.85.125.222 - - [30/Sep/2021:09:29:20 +0800] "POST /xingrg/kc/buy/cgsh_list_operate.html HTTP/1.1" 200 580
116.230.105.26 - - [30/Sep/2021:09:29:21 +0800] "GET /xingrg/kc/buy/cgsh_order_operate.html?command=get_materiel&rest_code=00155&code=00101008185&supplier_code=00100005&order_time=2021-09-30 HTTP/1.1" 200 408
120.253.135.82 - - [30/Sep/2021:09:29:21 +0800] "GET /xingrg/all/function/internal_message.html?_=1632965131510&CODE_STATE=getMsg HTTP/1.1" 200 27
116.238.248.233 - - [30/Sep/2021:09:29:22 +0800] "POST /xingrg/kc/buy/cgsh_list_operate.html HTTP/1.1" 200 2920
114.85.125.222 - - [30/Sep/2021:09:29:22 +0800] "GET /xingrg/kc/buy/cgsh_order_info.html?code=212021093013553 HTTP/1.1" 200 64486
114.85.125.222 - - [30/Sep/2021:09:29:22 +0800] "GET /xingrg/javascript/easyui/themes/default/validatebox.css HTTP/1.1" 404 1104
222.70.246.151 - - [30/Sep/2021:09:29:22 +0800] "GET /xingrg/all/function/internal_message.html?_=1632965359673&CODE_STATE=getMsg HTTP/1.1" 200 27
114.85.125.222 - - [30/Sep/2021:09:29:23 +0800] "POST /xingrg/kc/buy/cgsh_order_operate.html HTTP/1.1" 200 5618
116.238.248.233 - - [30/Sep/2021:09:29:25 +0800] "POST /xingrg/kc/buy/cgsh_list_operate.html HTTP/1.1" 200 204
116.238.248.233 - - [30/Sep/2021:09:29:26 +0800] "GET /xingrg/kc/buy/cgsh_order_info.html?code=212021093013538 HTTP/1.1" 200 59400
116.238.248.233 - - [30/Sep/2021:09:29:26 +0800] "GET /xingrg/javascript/easyui/themes/default/validatebox.css HTTP/1.1" 404 1104
116.230.105.26 - - [30/Sep/2021:09:29:26 +0800] "GET /xingrg/kc/buy/cgsh_order_operate.html?command=get_materiel&rest_code=00155&code=00101008559&supplier_code=00100005&order_time=2021-09-30 HTTP/1.1" 200 399
116.238.248.233 - - [30/Sep/2021:09:29:27 +0800] "POST /xingrg/kc/buy/cgsh_order_operate.html HTTP/1.1" 200 613
116.238.248.233 - - [30/Sep/2021:09:29:31 +0800] "POST /xingrg/kc/buy/cgsh_order_operate.html HTTP/1.1" 200 12
116.238.248.233 - - [30/Sep/2021:09:29:31 +0800] "GET /xingrg/kc/buy/cgsh_order_info.html?code=212021093013538 HTTP/1.1" 200 64496
116.238.248.233 - - [30/Sep/2021:09:29:32 +0800] "GET /xingrg/javascript/easyui/themes/default/validatebox.css HTTP/1.1" 404 1104
116.238.248.233 - - [30/Sep/2021:09:29:32 +0800] "POST /xingrg/kc/buy/cgsh_order_operate.html HTTP/1.1" 200 2663
116.230.105.26 - - [30/Sep/2021:09:29:32 +0800] "GET /xingrg/kc/buy/cgsh_order_operate.html?command=get_materiel&rest_code=00155&code=00101008010&supplier_code=00100005&order_time=2021-09-30 HTTP/1.1" 200 412
180.152.237.0 - - [30/Sep/2021:09:29:37 +0800] "GET /xingrg/all/function/internal_message.html?_=1632965356036&CODE_STATE=getMsg HTTP/1.1" 200 27
116.238.248.233 - - [30/Sep/2021:09:29:38 +0800] "POST /xingrg/kc/buy/cgsh_order_operate.html HTTP/1.1" 200 12
58.37.227.186 - - [30/Sep/2021:09:29:39 +0800] "GET /xingrg/all/function/internal_message.html?_=1632965237731&CODE_STATE=getMsg HTTP/1.1" 200 27
116.230.105.26 - - [30/Sep/2021:09:29:39 +0800] "GET /xingrg/kc/buy/cgsh_order_operate.html?command=get_materiel&rest_code=00155&code=00101008163&supplier_code=00100005&order_time=2021-09-30 HTTP/1.1" 200 409
116.238.248.233 - - [30/Sep/2021:09:29:41 +0800] "POST /xingrg/kc/buy/cgsh_list_operate.html HTTP/1.1" 200 2514
101.85.106.134 - - [30/Sep/2021:09:29:42 +0800] "GET /xingrg/all/function/internal_message.html?_=1632965277554&CODE_STATE=getMsg HTTP/1.1" 200 27
101.85.106.134 - - [30/Sep/2021:09:29:42 +0800] "GET /xingrg/check_reg.html?_=1632965277603 HTTP/1.1" 200 22
222.69.131.83 - - [30/Sep/2021:09:29:43 +0800] "GET /xingrg/all/function/internal_message.html?_=1632965381504&CODE_STATE=getMsg HTTP/1.1" 200 27
116.238.248.233 - - [30/Sep/2021:09:29:45 +0800] "POST /xingrg/all/user/operate.html HTTP/1.1" 200 36
116.238.248.233 - - [30/Sep/2021:09:29:46 +0800] "GET /xingrg/index.html?sysBaseUrl=http%3A%2F%2F180.169.147.146%3A18081%2Fxingrg%2F&costTime=38×tamp=1632879310159 HTTP/1.1" 200 17177
116.238.248.233 - - [30/Sep/2021:09:29:46 +0800] "GET /xingrg/javascript/jquery_easy_ui/themes/default/easyui.css HTTP/1.1" 304 -
116.238.248.233 - - [30/Sep/2021:09:29:46 +0800] "GET /xingrg/javascript/jquery_easy_ui/themes/icon.css HTTP/1.1" 304 -
116.238.248.233 - - [30/Sep/2021:09:29:46 +0800] "GET /xingrg/css/form.css HTTP/1.1" 304 -
116.238.248.233 - - [30/Sep/2021:09:29:46 +0800] "GET /xingrg/javascript/jquery-1.4.2.min.js HTTP/1.1" 304 -
116.238.248.233 - - [30/Sep/2021:09:29:46 +0800] "GET /xingrg/javascript/jquery_easy_ui/jquery.easyui.min.js HTTP/1.1" 304 -
116.238.248.233 - - [30/Sep/2021:09:29:46 +0800] "GET /xingrg/javascript/jquery_easy_ui/easyui-lang-zh_CN.js HTTP/1.1" 304 -
116.238.248.233 - - [30/Sep/2021:09:29:46 +0800] "GET /xingrg/javascript/jquery.form.js HTTP/1.1" 304 -
116.238.248.233 - - [30/Sep/2021:09:29:46 +0800] "GET /xingrg/javascript/jquery.utils.js HTTP/1.1" 304 -
116.238.248.233 - - [30/Sep/2021:09:29:46 +0800] "GET /xingrg/javascript/jquery.timers.js HTTP/1.1" 304 -
116.238.248.233 - - [30/Sep/2021:09:29:46 +0800] "GET /xingrg/images/blue/jxLogo.png HTTP/1.1" 304 -
116.238.248.233 - - [30/Sep/2021:09:29:46 +0800] "GET /xingrg/javascript/jquery_easy_ui/themes/icons/settle_new.png HTTP/1.1" 304 -
116.238.248.233 - - [30/Sep/2021:09:29:46 +0800] "GET /xingrg/images/blue/navBackgound.jpg HTTP/1.1" 304 -
116.238.248.233 - - [30/Sep/2021:09:29:46 +0800] "POST /xingrg/all/common/load_tree.html?tree=area_rest_tree_json&manage=1 HTTP/1.1" 200 476
116.238.248.233 - - [30/Sep/2021:09:29:46 +0800] "GET /xingrg/all/function/internal_message.html?_=1632965383798&CODE_STATE=count HTTP/1.1" 200 11
116.238.248.233 - - [30/Sep/2021:09:29:46 +0800] "GET /xingrg/javascript/jquery_easy_ui/themes/default/images/tabs_leftarrow.png HTTP/1.1" 304 -
116.238.248.233 - - [30/Sep/2021:09:29:46 +0800] "GET /xingrg/check_reg.html?_=1632965383799 HTTP/1.1" 200 22
116.238.248.233 - - [30/Sep/2021:09:29:46 +0800] "GET /xingrg/images/blue/pingpu.png HTTP/1.1" 304 -
116.238.248.233 - - [30/Sep/2021:09:29:46 +0800] "GET /xingrg/javascript/jquery_easy_ui/themes/default/images/panel_tool_collapse.gif HTTP/1.1" 304 -
116.238.248.233 - - [30/Sep/2021:09:29:46 +0800] "GET /xingrg/javascript/jquery_easy_ui/themes/default/images/tabs_rightarrow.png HTTP/1.1" 304 -
116.238.248.233 - - [30/Sep/2021:09:29:46 +0800] "POST /xingrg/load_menu.html HTTP/1.1" 200 5138
222.70.178.96 - - [30/Sep/2021:09:29:46 +0800] "GET /xingrg/all/function/internal_message.html?_=1632965381853&CODE_STATE=getMsg HTTP/1.1" 200 27
116.238.248.233 - - [30/Sep/2021:09:29:48 +0800] "GET /xingrg/kc/buy/cgsh_order_list.html HTTP/1.1" 200 48819
58.221.95.50 - - [30/Sep/2021:09:29:48 +0800] "GET /xingrg/check_reg.html?_=1632965387626 HTTP/1.1" 302 -
58.221.95.50 - - [30/Sep/2021:09:29:48 +0800] "GET /xingrg/login.html HTTP/1.1" 200 7641
114.85.125.222 - - [30/Sep/2021:09:29:49 +0800] "POST /xingrg/kc/buy/cgsh_list_operate.html HTTP/1.1" 200 2052
116.238.248.233 - - [30/Sep/2021:09:29:50 +0800] "POST /xingrg/kc/buy/cgsh_list_operate.html HTTP/1.1" 200 2052
114.85.125.222 - - [30/Sep/2021:09:29:51 +0800] "POST /xingrg/kc/buy/cgsh_list_operate.html HTTP/1.1" 200 570
116.230.105.26 - - [30/Sep/2021:09:29:51 +0800] "GET /xingrg/kc/buy/cgsh_order_operate.html?command=get_materiel&rest_code=00155&code=00101008101&supplier_code=00100005&order_time=2021-09-30 HTTP/1.1" 200 412
114.85.125.222 - - [30/Sep/2021:09:29:52 +0800] "GET /xingrg/kc/buy/cgsh_order_info.html?code=212021093013542 HTTP/1.1" 200 64486
116.238.248.233 - - [30/Sep/2021:09:29:52 +0800] "POST /xingrg/kc/buy/cgsh_list_operate.html HTTP/1.1" 200 563
114.85.125.222 - - [30/Sep/2021:09:29:52 +0800] "GET /xingrg/javascript/easyui/themes/default/validatebox.css HTTP/1.1" 404 1104
114.85.125.222 - - [30/Sep/2021:09:29:53 +0800] "POST /xingrg/kc/buy/cgsh_order_operate.html HTTP/1.1" 200 26346
116.230.105.26 - - [30/Sep/2021:09:29:53 +0800] "GET /xingrg/all/function/internal_message.html?_=1632965389786&CODE_STATE=getMsg HTTP/1.1" 200 27
116.238.248.233 - - [30/Sep/2021:09:29:53 +0800] "GET /xingrg/kc/buy/cgsh_order_info.html?code=212021093013549 HTTP/1.1" 200 64204
116.238.248.233 - - [30/Sep/2021:09:29:53 +0800] "GET /xingrg/javascript/easyui/themes/default/validatebox.css HTTP/1.1" 404 1104
116.230.105.26 - - [30/Sep/2021:09:29:53 +0800] "GET /xingrg/check_reg.html?_=1632965390291 HTTP/1.1" 200 22
116.238.248.233 - - [30/Sep/2021:09:29:54 +0800] "POST /xingrg/kc/buy/cgsh_order_operate.html HTTP/1.1" 200 29025
114.85.125.222 - - [30/Sep/2021:09:29:55 +0800] "GET /xingrg/all/function/internal_message.html?_=1632965363532&CODE_STATE=getMsg HTTP/1.1" 200 27
116.230.105.26 - - [30/Sep/2021:09:29:57 +0800] "GET /xingrg/kc/buy/cgsh_order_operate.html?command=get_materiel&rest_code=00155&code=00101008361&supplier_code=00100005&order_time=2021-09-30 HTTP/1.1" 200 408
114.85.125.222 - - [30/Sep/2021:09:30:02 +0800] "POST /xingrg/kc/buy/cgsh_order_operate.html HTTP/1.1" 200 37
114.85.125.222 - - [30/Sep/2021:09:30:03 +0800] "POST /xingrg/kc/buy/cgsh_order_operate.html HTTP/1.1" 200 26346
222.70.246.151 - - [30/Sep/2021:09:30:05 +0800] "GET /xingrg/check_reg.html?_=1632965402155 HTTP/1.1" 200 22
58.39.139.200 - - [30/Sep/2021:09:30:05 +0800] "GET /xingrg/all/function/internal_message.html?_=1632965403694&CODE_STATE=getMsg HTTP/1.1" 200 27
114.86.225.151 - - [30/Sep/2021:09:30:06 +0800] "GET /xingrg/all/function/internal_message.html?_=1632965405344&CODE_STATE=getMsg HTTP/1.1" 200 27
114.85.125.222 - - [30/Sep/2021:09:30:09 +0800] "POST /xingrg/kc/buy/cgsh_list_operate.html HTTP/1.1" 200 2052
114.85.125.222 - - [30/Sep/2021:09:30:11 +0800] "POST /xingrg/kc/buy/cgsh_list_operate.html HTTP/1.1" 200 580
114.85.125.222 - - [30/Sep/2021:09:30:11 +0800] "GET /xingrg/kc/buy/cgsh_order_info.html?code=212021093013553 HTTP/1.1" 200 64486
114.85.125.222 - - [30/Sep/2021:09:30:12 +0800] "GET /xingrg/javascript/easyui/themes/default/validatebox.css HTTP/1.1" 404 1104
114.85.125.222 - - [30/Sep/2021:09:30:12 +0800] "POST /xingrg/kc/buy/cgsh_order_operate.html HTTP/1.1" 200 5618
120.253.135.82 - - [30/Sep/2021:09:30:15 +0800] "GET /xingrg/check_reg.html?_=1632965185273 HTTP/1.1" 200 22
222.69.131.205 - - [30/Sep/2021:09:30:19 +0800] "GET /xingrg/all/function/internal_message.html?_=1632965420212&CODE_STATE=getMsg HTTP/1.1" 200 27
120.253.135.82 - - [30/Sep/2021:09:30:21 +0800] "GET /xingrg/all/function/internal_message.html?_=1632965191524&CODE_STATE=getMsg HTTP/1.1" 200 27
116.230.105.26 - - [30/Sep/2021:09:30:21 +0800] "GET /xingrg/kc/buy/cgsh_order_operate.html?command=get_materiel&rest_code=00155&code=00101008144&supplier_code=00100005&order_time=2021-09-30 HTTP/1.1" 200 412
222.70.246.151 - - [30/Sep/2021:09:30:22 +0800] "GET /xingrg/all/function/internal_message.html?_=1632965419684&CODE_STATE=getMsg HTTP/1.1" 200 27
116.230.105.26 - - [30/Sep/2021:09:30:27 +0800] "GET /xingrg/kc/buy/cgsh_order_operate.html?command=get_materiel&rest_code=00155&code=00101008264&supplier_code=00100005&order_time=2021-09-30 HTTP/1.1" 200 412
116.230.105.26 - - [30/Sep/2021:09:30:34 +0800] "GET /xingrg/kc/buy/cgsh_order_operate.html?command=get_materiel&rest_code=00155&code=00101008540&supplier_code=00100005&order_time=2021-09-30 HTTP/1.1" 200 405
180.152.237.0 - - [30/Sep/2021:09:30:37 +0800] "GET /xingrg/all/function/internal_message.html?_=1632965416498&CODE_STATE=getMsg HTTP/1.1" 200 27
58.37.227.186 - - [30/Sep/2021:09:30:39 +0800] "GET /xingrg/all/function/internal_message.html?_=1632965297729&CODE_STATE=getMsg HTTP/1.1" 200 27
116.230.105.26 - - [30/Sep/2021:09:30:41 +0800] "GET /xingrg/kc/buy/cgsh_order_operate.html?command=get_materiel&rest_code=00155&code=00101008024&supplier_code=00100005&order_time=2021-09-30 HTTP/1.1" 200 427
101.85.106.134 - - [30/Sep/2021:09:30:42 +0800] "GET /xingrg/all/function/internal_message.html?_=1632965337541&CODE_STATE=getMsg HTTP/1.1" 200 27
222.69.131.83 - - [30/Sep/2021:09:30:43 +0800] "GET /xingrg/all/function/internal_message.html?_=1632965441503&CODE_STATE=getMsg HTTP/1.1" 200 27
116.230.105.26 - - [30/Sep/2021:09:30:43 +0800] "POST /xingrg/kc/buy/cgsh_order_operate.html HTTP/1.1" 200 2065
116.238.248.233 - - [30/Sep/2021:09:30:46 +0800] "GET /xingrg/all/function/internal_message.html?_=1632965443805&CODE_STATE=getMsg HTTP/1.1" 200 27
222.70.178.96 - - [30/Sep/2021:09:30:46 +0800] "GET /xingrg/all/function/internal_message.html?_=1632965441837&CODE_STATE=getMsg HTTP/1.1" 200 27
116.230.105.26 - - [30/Sep/2021:09:30:46 +0800] "GET /xingrg/kc/buy/cgsh_order_operate.html?command=get_materiel&rest_code=00155&code=00101008356&supplier_code=00100005&order_time=2021-09-30 HTTP/1.1" 200 408
116.230.105.26 - - [30/Sep/2021:09:30:52 +0800] "GET /xingrg/kc/buy/cgsh_order_operate.html?command=get_materiel&rest_code=00155&code=00101008137&supplier_code=00100005&order_time=2021-09-30 HTTP/1.1" 200 427
116.230.105.26 - - [30/Sep/2021:09:30:53 +0800] "GET /xingrg/all/function/internal_message.html?_=1632965449783&CODE_STATE=getMsg HTTP/1.1" 200 27
114.85.125.222 - - [30/Sep/2021:09:30:55 +0800] "GET /xingrg/all/function/internal_message.html?_=1632965423648&CODE_STATE=getMsg HTTP/1.1" 200 27
180.152.237.0 - - [30/Sep/2021:09:30:57 +0800] "GET /xingrg/kc/buy/cgsh_order_operate.html?command=get_materiel&rest_code=00102&code=00101008155&supplier_code=00100151&order_time=2021-09-30 HTTP/1.1" 200 409
116.230.105.26 - - [30/Sep/2021:09:30:59 +0800] "GET /xingrg/kc/buy/cgsh_order_operate.html?command=get_materiel&rest_code=00155&code=00101008360&supplier_code=00100005&order_time=2021-09-30 HTTP/1.1" 200 431
116.230.105.26 - - [30/Sep/2021:09:31:05 +0800] "GET /xingrg/kc/buy/cgsh_order_operate.html?command=get_materiel&rest_code=00155&code=00101008196&supplier_code=00100005&order_time=2021-09-30 HTTP/1.1" 200 416
58.39.139.200 - - [30/Sep/2021:09:31:05 +0800] "GET /xingrg/all/function/internal_message.html?_=1632965463695&CODE_STATE=getMsg HTTP/1.1" 200 27
58.39.139.200 - - [30/Sep/2021:09:31:05 +0800] "GET /xingrg/check_reg.html?_=1632965463697 HTTP/1.1" 200 22
114.86.225.151 - - [30/Sep/2021:09:31:06 +0800] "GET /xingrg/all/function/internal_message.html?_=1632965465346&CODE_STATE=getMsg HTTP/1.1" 200 27
116.230.105.26 - - [30/Sep/2021:09:31:10 +0800] "GET /xingrg/kc/buy/cgsh_order_operate.html?command=get_materiel&rest_code=00155&code=00101008223&supplier_code=00100005&order_time=2021-09-30 HTTP/1.1" 200 433
116.230.105.26 - - [30/Sep/2021:09:31:14 +0800] "POST /xingrg/kc/buy/cgsh_order_operate.html HTTP/1.1" 200 2065
222.69.131.205 - - [30/Sep/2021:09:31:19 +0800] "GET /xingrg/all/function/internal_message.html?_=1632965480213&CODE_STATE=getMsg HTTP/1.1" 200 27
120.253.135.82 - - [30/Sep/2021:09:31:21 +0800] "GET /xingrg/all/function/internal_message.html?_=1632965251537&CODE_STATE=getMsg HTTP/1.1" 200 27
222.70.246.151 - - [30/Sep/2021:09:31:22 +0800] "GET /xingrg/all/function/internal_message.html?_=1632965479697&CODE_STATE=getMsg HTTP/1.1" 200 27
116.230.105.26 - - [30/Sep/2021:09:31:27 +0800] "GET /xingrg/kc/buy/cgsh_order_operate.html?command=get_materiel&rest_code=00155&code=00101008136&supplier_code=00100005&order_time=2021-09-30 HTTP/1.1" 200 413
222.70.178.96 - - [30/Sep/2021:09:31:29 +0800] "GET /xingrg/check_reg.html?_=1632965484818 HTTP/1.1" 200 22
180.152.237.0 - - [30/Sep/2021:09:31:30 +0800] "GET /xingrg/kc/buy/cgsh_order_operate.html?command=get_materiel&rest_code=00102&code=00101008297&supplier_code=00100151&order_time=2021-09-30 HTTP/1.1" 200 412
114.85.125.222 - - [30/Sep/2021:09:31:34 +0800] "GET /xingrg/check_reg.html?_=1632965462127 HTTP/1.1" 200 22
116.230.105.26 - - [30/Sep/2021:09:31:36 +0800] "GET /xingrg/kc/buy/cgsh_order_operate.html?command=get_materiel&rest_code=00155&code=00101008197&supplier_code=00100005&order_time=2021-09-30 HTTP/1.1" 200 416
180.152.237.0 - - [30/Sep/2021:09:31:37 +0800] "GET /xingrg/all/function/internal_message.html?_=1632965476713&CODE_STATE=getMsg HTTP/1.1" 200 27
58.37.227.186 - - [30/Sep/2021:09:31:39 +0800] "GET /xingrg/all/function/internal_message.html?_=1632965357728&CODE_STATE=getMsg HTTP/1.1" 200 27
101.85.106.134 - - [30/Sep/2021:09:31:42 +0800] "GET /xingrg/all/function/internal_message.html?_=1632965397543&CODE_STATE=getMsg HTTP/1.1" 200 27
222.69.131.83 - - [30/Sep/2021:09:31:43 +0800] "GET /xingrg/all/function/internal_message.html?_=1632965501514&CODE_STATE=getMsg HTTP/1.1" 200 27
116.230.105.26 - - [30/Sep/2021:09:31:43 +0800] "GET /xingrg/kc/buy/cgsh_order_operate.html?command=get_materiel&rest_code=00155&code=00101008478&supplier_code=00100005&order_time=2021-09-30 HTTP/1.1" 200 399
114.85.125.222 - - [30/Sep/2021:09:31:44 +0800] "GET /xingrg/javascript/jquery_easy_ui/themes/default/images/button_a_bg.gif HTTP/1.1" 304 -
114.85.125.222 - - [30/Sep/2021:09:31:44 +0800] "GET /xingrg/javascript/jquery_easy_ui/themes/default/images/button_span_bg.gif HTTP/1.1" 304 -
114.85.125.222 - - [30/Sep/2021:09:31:44 +0800] "GET /xingrg/javascript/jquery_easy_ui/themes/icons/ok.png HTTP/1.1" 304 -
114.85.125.222 - - [30/Sep/2021:09:31:44 +0800] "GET /xingrg/javascript/jquery_easy_ui/themes/default/images/panel_tools.gif HTTP/1.1" 304 -
114.85.125.222 - - [30/Sep/2021:09:31:44 +0800] "GET /xingrg/javascript/jquery_easy_ui/themes/default/images/panel_title.png HTTP/1.1" 304 -
116.238.248.233 - - [30/Sep/2021:09:31:46 +0800] "GET /xingrg/all/function/internal_message.html?_=1632965503807&CODE_STATE=getMsg HTTP/1.1" 200 27
222.70.178.96 - - [30/Sep/2021:09:31:46 +0800] "GET /xingrg/all/function/internal_message.html?_=1632965501809&CODE_STATE=getMsg HTTP/1.1" 200 27
116.230.105.26 - - [30/Sep/2021:09:31:49 +0800] "GET /xingrg/kc/buy/cgsh_order_operate.html?command=get_materiel&rest_code=00155&code=00101008006&supplier_code=00100005&order_time=2021-09-30 HTTP/1.1" 200 416
116.230.105.26 - - [30/Sep/2021:09:31:53 +0800] "GET /xingrg/all/function/internal_message.html?_=1632965509750&CODE_STATE=getMsg HTTP/1.1" 200 27
116.230.105.26 - - [30/Sep/2021:09:31:55 +0800] "GET /xingrg/kc/buy/cgsh_order_operate.html?command=get_materiel&rest_code=00155&code=00101008036&supplier_code=00100005&order_time=2021-09-30 HTTP/1.1" 200 408
114.85.125.222 - - [30/Sep/2021:09:31:55 +0800] "GET /xingrg/all/function/internal_message.html?_=1632965483653&CODE_STATE=getMsg HTTP/1.1" 200 27
116.230.105.26 - - [30/Sep/2021:09:31:57 +0800] "POST /xingrg/kc/buy/cgsh_order_operate.html HTTP/1.1" 200 2065
116.230.105.26 - - [30/Sep/2021:09:32:01 +0800] "GET /xingrg/kc/buy/cgsh_order_operate.html?command=get_materiel&rest_code=00155&code=00101008131&supplier_code=00100005&order_time=2021-09-30 HTTP/1.1" 200 408
180.152.237.0 - - [30/Sep/2021:09:32:05 +0800] "GET /xingrg/kc/buy/cgsh_order_operate.html?command=get_materiel&rest_code=00102&code=00101008286&supplier_code=00100151&order_time=2021-09-30 HTTP/1.1" 200 408
58.39.139.200 - - [30/Sep/2021:09:32:05 +0800] "GET /xingrg/all/function/internal_message.html?_=1632965523682&CODE_STATE=getMsg HTTP/1.1" 200 27
114.86.225.151 - - [30/Sep/2021:09:32:06 +0800] "GET /xingrg/all/function/internal_message.html?_=1632965525348&CODE_STATE=getMsg HTTP/1.1" 200 27
114.86.225.151 - - [30/Sep/2021:09:32:06 +0800] "GET /xingrg/check_reg.html?_=1632965525349 HTTP/1.1" 200 22
116.230.105.26 - - [30/Sep/2021:09:32:09 +0800] "GET /xingrg/kc/buy/cgsh_order_operate.html?command=get_materiel&rest_code=00155&code=00101008318&supplier_code=00100005&order_time=2021-09-30 HTTP/1.1" 200 408
114.85.125.222 - - [30/Sep/2021:09:32:15 +0800] "POST /xingrg/all/user/operate.html HTTP/1.1" 200 36
114.85.125.222 - - [30/Sep/2021:09:32:16 +0800] "GET /xingrg/javascript/jquery_easy_ui/themes/default/easyui.css HTTP/1.1" 304 -
114.85.125.222 - - [30/Sep/2021:09:32:16 +0800] "GET /xingrg/index.html?sysBaseUrl=http%3A%2F%2F180.169.147.146%3A18081%2Fxingrg%2F&costTime=42×tamp=1632910693750 HTTP/1.1" 200 17177
114.85.125.222 - - [30/Sep/2021:09:32:16 +0800] "GET /xingrg/javascript/jquery_easy_ui/themes/icon.css HTTP/1.1" 304 -
114.85.125.222 - - [30/Sep/2021:09:32:16 +0800] "GET /xingrg/css/form.css HTTP/1.1" 304 -
114.85.125.222 - - [30/Sep/2021:09:32:16 +0800] "GET /xingrg/javascript/jquery-1.4.2.min.js HTTP/1.1" 304 -
114.85.125.222 - - [30/Sep/2021:09:32:16 +0800] "GET /xingrg/javascript/jquery_easy_ui/jquery.easyui.min.js HTTP/1.1" 304 -
114.85.125.222 - - [30/Sep/2021:09:32:16 +0800] "GET /xingrg/javascript/jquery_easy_ui/easyui-lang-zh_CN.js HTTP/1.1" 304 -
114.85.125.222 - - [30/Sep/2021:09:32:16 +0800] "GET /xingrg/javascript/jquery.form.js HTTP/1.1" 304 -
114.85.125.222 - - [30/Sep/2021:09:32:16 +0800] "GET /xingrg/javascript/jquery.utils.js HTTP/1.1" 304 -
114.85.125.222 - - [30/Sep/2021:09:32:16 +0800] "GET /xingrg/javascript/jquery.timers.js HTTP/1.1" 304 -
114.85.125.222 - - [30/Sep/2021:09:32:16 +0800] "GET /xingrg/images/blue/jxLogo.png HTTP/1.1" 304 -
114.85.125.222 - - [30/Sep/2021:09:32:16 +0800] "GET /xingrg/images/blue/navBackgound.jpg HTTP/1.1" 304 -
114.85.125.222 - - [30/Sep/2021:09:32:16 +0800] "GET /xingrg/javascript/jquery_easy_ui/themes/icons/settle_new.png HTTP/1.1" 304 -
114.85.125.222 - - [30/Sep/2021:09:32:16 +0800] "POST /xingrg/all/common/load_tree.html?tree=area_rest_tree_json&manage=1 HTTP/1.1" 200 476
114.85.125.222 - - [30/Sep/2021:09:32:16 +0800] "GET /xingrg/images/blue/pingpu.png HTTP/1.1" 304 -
114.85.125.222 - - [30/Sep/2021:09:32:16 +0800] "GET /xingrg/javascript/jquery_easy_ui/themes/default/images/tabs_leftarrow.png HTTP/1.1" 304 -
114.85.125.222 - - [30/Sep/2021:09:32:16 +0800] "GET /xingrg/javascript/jquery_easy_ui/themes/default/images/tabs_rightarrow.png HTTP/1.1" 304 -
114.85.125.222 - - [30/Sep/2021:09:32:16 +0800] "GET /xingrg/javascript/jquery_easy_ui/themes/default/images/panel_tool_collapse.gif HTTP/1.1" 304 -
114.85.125.222 - - [30/Sep/2021:09:32:16 +0800] "GET /xingrg/all/function/internal_message.html?_=1632965504460&CODE_STATE=count HTTP/1.1" 200 11
114.85.125.222 - - [30/Sep/2021:09:32:16 +0800] "GET /xingrg/check_reg.html?_=1632965504461 HTTP/1.1" 200 22
114.85.125.222 - - [30/Sep/2021:09:32:16 +0800] "GET /xingrg/javascript/jquery_easy_ui/themes/default/images/tree_arrows.gif HTTP/1.1" 304 -
114.85.125.222 - - [30/Sep/2021:09:32:16 +0800] "POST /xingrg/load_menu.html HTTP/1.1" 200 5138
114.85.125.222 - - [30/Sep/2021:09:32:16 +0800] "GET /xingrg/javascript/jquery_easy_ui/themes/default/images/tree_folder_open.gif HTTP/1.1" 304 -
114.85.125.222 - - [30/Sep/2021:09:32:16 +0800] "GET /xingrg/javascript/jquery_easy_ui/themes/icons/search_new.png HTTP/1.1" 304 -
114.85.125.222 - - [30/Sep/2021:09:32:16 +0800] "GET /xingrg/javascript/jquery_easy_ui/themes/default/images/tree_folder.gif HTTP/1.1" 304 -
114.85.125.222 - - [30/Sep/2021:09:32:16 +0800] "GET /xingrg/javascript/jquery_easy_ui/themes/icons/storage_new.png HTTP/1.1" 304 -
114.85.125.222 - - [30/Sep/2021:09:32:16 +0800] "GET /xingrg/javascript/jquery_easy_ui/themes/icons/forms_new.png HTTP/1.1" 304 -
114.85.125.222 - - [30/Sep/2021:09:32:16 +0800] "GET /xingrg/javascript/jquery_easy_ui/themes/default/images/tree_file.gif HTTP/1.1" 304 -
116.230.105.26 - - [30/Sep/2021:09:32:16 +0800] "GET /xingrg/kc/buy/cgsh_order_operate.html?command=get_materiel&rest_code=00155&code=00101008352&supplier_code=00100005&order_time=2021-09-30 HTTP/1.1" 200 412
222.69.131.205 - - [30/Sep/2021:09:32:19 +0800] "GET /xingrg/all/function/internal_message.html?_=1632965540200&CODE_STATE=getMsg HTTP/1.1" 200 27
222.69.131.205 - - [30/Sep/2021:09:32:19 +0800] "GET /xingrg/check_reg.html?_=1632965540204 HTTP/1.1" 200 22
114.85.125.222 - - [30/Sep/2021:09:32:20 +0800] "GET /xingrg/javascript/jquery_easy_ui/themes/default/images/tabs_close.gif HTTP/1.1" 304 -
114.85.125.222 - - [30/Sep/2021:09:32:20 +0800] "GET /xingrg/kc/buy/cgsh_order_list.html HTTP/1.1" 200 48819
114.85.125.222 - - [30/Sep/2021:09:32:20 +0800] "GET /xingrg/javascript/easyui/themes/icons/edit_add_new.png HTTP/1.1" 304 -
114.85.125.222 - - [30/Sep/2021:09:32:20 +0800] "GET /xingrg/javascript/easyui/themes/icons/check_new.png HTTP/1.1" 304 -
114.85.125.222 - - [30/Sep/2021:09:32:20 +0800] "GET /xingrg/javascript/easyui/themes/icons/cance_new.png HTTP/1.1" 304 -
114.85.125.222 - - [30/Sep/2021:09:32:20 +0800] "GET /xingrg/javascript/easyui/themes/icons/field_new.png HTTP/1.1" 304 -
114.85.125.222 - - [30/Sep/2021:09:32:20 +0800] "GET /xingrg/images/control/ajaxLoader.gif HTTP/1.1" 304 -
120.253.135.82 - - [30/Sep/2021:09:32:21 +0800] "GET /xingrg/all/function/internal_message.html?_=1632965311698&CODE_STATE=getMsg HTTP/1.1" 200 27
114.85.125.222 - - [30/Sep/2021:09:32:22 +0800] "POST /xingrg/kc/buy/cgsh_list_operate.html HTTP/1.1" 200 2052
222.70.246.151 - - [30/Sep/2021:09:32:22 +0800] "GET /xingrg/all/function/internal_message.html?_=1632965539752&CODE_STATE=getMsg HTTP/1.1" 200 27
116.230.105.26 - - [30/Sep/2021:09:32:23 +0800] "GET /xingrg/kc/buy/cgsh_order_operate.html?command=get_materiel&rest_code=00155&code=00101008005&supplier_code=00100005&order_time=2021-09-30 HTTP/1.1" 200 412
114.85.125.222 - - [30/Sep/2021:09:32:28 +0800] "GET /xingrg/javascript/jquery_tools/images/next.gif HTTP/1.1" 404 1086
114.85.125.222 - - [30/Sep/2021:09:32:28 +0800] "GET /xingrg/javascript/jquery_tools/images/prev.gif HTTP/1.1" 404 1086
116.230.105.26 - - [30/Sep/2021:09:32:33 +0800] "GET /xingrg/kc/buy/cgsh_order_operate.html?command=get_materiel&rest_code=00155&code=00101008271&supplier_code=00100005&order_time=2021-09-30 HTTP/1.1" 200 409
180.152.237.0 - - [30/Sep/2021:09:32:34 +0800] "GET /xingrg/check_reg.html?_=1632965532985 HTTP/1.1" 200 22
116.230.105.26 - - [30/Sep/2021:09:32:35 +0800] "POST /xingrg/kc/buy/cgsh_order_operate.html HTTP/1.1" 200 2065
114.85.125.222 - - [30/Sep/2021:09:32:36 +0800] "POST /xingrg/kc/buy/cgsh_list_operate.html HTTP/1.1" 200 5482
180.152.237.0 - - [30/Sep/2021:09:32:37 +0800] "GET /xingrg/all/function/internal_message.html?_=1632965536733&CODE_STATE=getMsg HTTP/1.1" 200 27
58.37.227.186 - - [30/Sep/2021:09:32:39 +0800] "GET /xingrg/all/function/internal_message.html?_=1632965417723&CODE_STATE=getMsg HTTP/1.1" 200 27
114.85.125.222 - - [30/Sep/2021:09:32:42 +0800] "POST /xingrg/kc/buy/cgsh_list_operate.html HTTP/1.1" 200 2319
101.85.106.134 - - [30/Sep/2021:09:32:42 +0800] "GET /xingrg/all/function/internal_message.html?_=1632965457543&CODE_STATE=getMsg HTTP/1.1" 200 27
222.69.131.83 - - [30/Sep/2021:09:32:43 +0800] "GET /xingrg/all/function/internal_message.html?_=1632965561515&CODE_STATE=getMsg HTTP/1.1" 200 27
114.85.125.222 - - [30/Sep/2021:09:32:45 +0800] "POST /xingrg/kc/buy/cgsh_list_operate.html HTTP/1.1" 200 392
114.85.125.222 - - [30/Sep/2021:09:32:45 +0800] "GET /xingrg/kc/buy/cgsh_order_info.html?code=212021092812987 HTTP/1.1" 200 59114
114.85.125.222 - - [30/Sep/2021:09:32:45 +0800] "GET /xingrg/javascript/easyui/themes/default/validatebox.css HTTP/1.1" 404 1104
116.238.248.233 - - [30/Sep/2021:09:32:46 +0800] "GET /xingrg/all/function/internal_message.html?_=1632965563811&CODE_STATE=getMsg HTTP/1.1" 200 27
114.85.125.222 - - [30/Sep/2021:09:32:46 +0800] "POST /xingrg/kc/buy/cgsh_order_operate.html HTTP/1.1" 200 1875
114.85.125.222 - - [30/Sep/2021:09:32:46 +0800] "GET /xingrg/javascript/easyui/themes/icons/edit_remove.png HTTP/1.1" 304 -
222.70.178.96 - - [30/Sep/2021:09:32:46 +0800] "GET /xingrg/all/function/internal_message.html?_=1632965561794&CODE_STATE=getMsg HTTP/1.1" 200 27
116.230.105.26 - - [30/Sep/2021:09:32:53 +0800] "GET /xingrg/all/function/internal_message.html?_=1632965569730&CODE_STATE=getMsg HTTP/1.1" 200 27
114.85.125.222 - - [30/Sep/2021:09:32:54 +0800] "POST /xingrg/kc/buy/cgsh_order_operate.html HTTP/1.1" 200 12
116.230.105.26 - - [30/Sep/2021:09:32:54 +0800] "GET /xingrg/kc/buy/cgsh_order_operate.html?command=get_materiel&rest_code=00155&code=00101008353&supplier_code=00100005&order_time=2021-09-30 HTTP/1.1" 200 408
222.69.131.205 - - [30/Sep/2021:09:32:55 +0800] "GET /xingrg/kc/base/wldb_order_list.html HTTP/1.1" 200 19230
114.85.125.222 - - [30/Sep/2021:09:32:55 +0800] "GET /xingrg/kc/buy/cgsh_order_info.html?code=212021092812987 HTTP/1.1" 200 64210
114.85.125.222 - - [30/Sep/2021:09:32:55 +0800] "GET /xingrg/javascript/jquery_easy_ui/themes/icons/area.png HTTP/1.1" 304 -
114.85.125.222 - - [30/Sep/2021:09:32:55 +0800] "GET /xingrg/javascript/jquery_easy_ui/themes/icons/rest.png HTTP/1.1" 304 -
222.69.131.205 - - [30/Sep/2021:09:32:55 +0800] "POST /xingrg/kc/base/wldb_list_operate.html HTTP/1.1" 200 928
114.85.125.222 - - [30/Sep/2021:09:32:55 +0800] "GET /xingrg/all/common/auto_word.html?type=employee&rest_code=00151 HTTP/1.1" 200 293
114.85.125.222 - - [30/Sep/2021:09:32:55 +0800] "GET /xingrg/all/common/auto_word.html?type=employee&rest_code=00151 HTTP/1.1" 200 293
114.85.125.222 - - [30/Sep/2021:09:32:55 +0800] "GET /xingrg/javascript/easyui/themes/default/validatebox.css HTTP/1.1" 404 1104
114.85.125.222 - - [30/Sep/2021:09:32:56 +0800] "POST /xingrg/kc/buy/cgsh_order_operate.html HTTP/1.1" 200 3925
222.69.131.205 - - [30/Sep/2021:09:32:57 +0800] "GET /xingrg/kc/base/wldb_order_add.html HTTP/1.1" 200 30444
222.69.131.205 - - [30/Sep/2021:09:32:57 +0800] "POST /xingrg/kc/base/wldb_order_operate.html HTTP/1.1" 200 6806
222.69.131.205 - - [30/Sep/2021:09:32:57 +0800] "GET /xingrg/javascript/easyui/themes/default/validatebox.css HTTP/1.1" 404 1104
222.69.131.205 - - [30/Sep/2021:09:32:59 +0800] "POST /xingrg/all/common/load_combo.html?type=base HTTP/1.1" 200 1315
120.253.135.82 - - [30/Sep/2021:09:33:01 +0800] "GET /xingrg/kc/pszx/mdqp_order_list.html?state=10 HTTP/1.1" 200 10217
120.253.135.82 - - [30/Sep/2021:09:33:01 +0800] "GET /xingrg/dwr/interface/AjaxReportQueryService.js HTTP/1.1" 200 13203
120.253.135.82 - - [30/Sep/2021:09:33:01 +0800] "GET /xingrg/dwr/interface/AjaxQqpsService.js HTTP/1.1" 200 16326
120.253.135.82 - - [30/Sep/2021:09:33:01 +0800] "GET /xingrg/dwr/engine.js HTTP/1.1" 200 43631
58.39.139.200 - - [30/Sep/2021:09:33:05 +0800] "GET /xingrg/all/function/internal_message.html?_=1632965583681&CODE_STATE=getMsg HTTP/1.1" 200 27
120.253.135.82 - - [30/Sep/2021:09:33:06 +0800] "GET /xingrg/kc/pszx/mdth_order_list.html HTTP/1.1" 200 18513
222.69.131.205 - - [30/Sep/2021:09:33:06 +0800] "GET /xingrg/kc/base/wldb_order_operate.html?command=get_materiel&rest_code=00154&base_code=0010724&code=00101008022 HTTP/1.1" 200 454
120.253.135.82 - - [30/Sep/2021:09:33:06 +0800] "POST /xingrg/kc/pszx/mdth_order_new_list.html HTTP/1.1" 200 4668
114.86.225.151 - - [30/Sep/2021:09:33:06 +0800] "GET /xingrg/all/function/internal_message.html?_=1632965585350&CODE_STATE=getMsg HTTP/1.1" 200 27
222.69.131.205 - - [30/Sep/2021:09:33:08 +0800] "POST /xingrg/all/common/load_select.html HTTP/1.1" 200 25
222.69.131.205 - - [30/Sep/2021:09:33:10 +0800] "GET /xingrg/kc/base/wldb_order_operate.html?command=get_materiel_price&rest_code=00154&base_code=0010724&code=00101008022&unit_code=00100032 HTTP/1.1" 200 34
120.253.135.82 - - [30/Sep/2021:09:33:11 +0800] "GET /xingrg/kc/pszx/mdqp_order_list.html?state=10 HTTP/1.1" 200 10217
120.253.135.82 - - [30/Sep/2021:09:33:11 +0800] "GET /xingrg/dwr/interface/AjaxQqpsService.js HTTP/1.1" 200 16326
120.253.135.82 - - [30/Sep/2021:09:33:11 +0800] "GET /xingrg/dwr/interface/AjaxReportQueryService.js HTTP/1.1" 200 13203
120.253.135.82 - - [30/Sep/2021:09:33:11 +0800] "GET /xingrg/dwr/engine.js HTTP/1.1" 200 43631
114.85.125.222 - - [30/Sep/2021:09:33:17 +0800] "GET /xingrg/all/function/internal_message.html?_=1632965565818&CODE_STATE=getMsg HTTP/1.1" 200 27
222.69.131.205 - - [30/Sep/2021:09:33:19 +0800] "GET /xingrg/all/function/internal_message.html?_=1632965600213&CODE_STATE=getMsg HTTP/1.1" 200 27
114.85.125.222 - - [30/Sep/2021:09:33:20 +0800] "POST /xingrg/kc/buy/cgsh_order_operate.html HTTP/1.1" 200 37
120.253.135.82 - - [30/Sep/2021:09:33:22 +0800] "GET /xingrg/all/function/internal_message.html?_=1632965371837&CODE_STATE=getMsg HTTP/1.1" 200 27
222.70.246.151 - - [30/Sep/2021:09:33:22 +0800] "GET /xingrg/all/function/internal_message.html?_=1632965599756&CODE_STATE=getMsg HTTP/1.1" 200 27
114.85.125.222 - - [30/Sep/2021:09:33:23 +0800] "POST /xingrg/kc/buy/cgsh_order_operate.html HTTP/1.1" 200 12
114.85.125.222 - - [30/Sep/2021:09:33:27 +0800] "GET /xingrg/kc/buy/cgsh_order_info.html?code=212021092812987 HTTP/1.1" 200 59114
114.85.125.222 - - [30/Sep/2021:09:33:27 +0800] "GET /xingrg/javascript/easyui/themes/default/validatebox.css HTTP/1.1" 404 1104
114.85.125.222 - - [30/Sep/2021:09:33:28 +0800] "POST /xingrg/kc/buy/cgsh_order_operate.html HTTP/1.1" 200 1874
116.230.105.26 - - [30/Sep/2021:09:33:29 +0800] "GET /xingrg/kc/buy/cgsh_order_operate.html?command=get_materiel&rest_code=00155&code=00101008283&supplier_code=00100005&order_time=2021-09-30 HTTP/1.1" 200 408
180.152.237.0 - - [30/Sep/2021:09:33:37 +0800] "GET /xingrg/all/function/internal_message.html?_=1632965596745&CODE_STATE=getMsg HTTP/1.1" 200 27
58.37.227.186 - - [30/Sep/2021:09:33:39 +0800] "GET /xingrg/check_reg.html?_=1632965477729 HTTP/1.1" 200 22
58.37.227.186 - - [30/Sep/2021:09:33:39 +0800] "GET /xingrg/all/function/internal_message.html?_=1632965477730&CODE_STATE=getMsg HTTP/1.1" 200 27
116.238.248.233 - - [30/Sep/2021:09:33:40 +0800] "POST /xingrg/kc/buy/cgsh_order_operate.html HTTP/1.1" 200 37
116.238.248.233 - - [30/Sep/2021:09:33:41 +0800] "POST /xingrg/kc/buy/cgsh_order_operate.html HTTP/1.1" 200 29027
116.230.105.26 - - [30/Sep/2021:09:33:41 +0800] "GET /xingrg/kc/buy/cgsh_order_operate.html?command=get_materiel&rest_code=00155&code=00101008125&supplier_code=00100005&order_time=2021-09-30 HTTP/1.1" 200 413
101.85.106.134 - - [30/Sep/2021:09:33:42 +0800] "GET /xingrg/all/function/internal_message.html?_=1632965517543&CODE_STATE=getMsg HTTP/1.1" 200 27
222.69.131.83 - - [30/Sep/2021:09:33:43 +0800] "GET /xingrg/check_reg.html?_=1632965621515 HTTP/1.1" 200 22
222.69.131.83 - - [30/Sep/2021:09:33:43 +0800] "GET /xingrg/all/function/internal_message.html?_=1632965621519&CODE_STATE=getMsg HTTP/1.1" 200 27
116.238.248.233 - - [30/Sep/2021:09:33:46 +0800] "GET /xingrg/all/function/internal_message.html?_=1632965623816&CODE_STATE=getMsg HTTP/1.1" 200 27
222.70.178.96 - - [30/Sep/2021:09:33:46 +0800] "GET /xingrg/all/function/internal_message.html?_=1632965621766&CODE_STATE=getMsg HTTP/1.1" 200 27
114.85.125.222 - - [30/Sep/2021:09:33:48 +0800] "GET /xingrg/kc/print/load_data.html?order_code=212021092812987&kc_code=cgsh&condition= HTTP/1.1" 200 1278
116.230.105.26 - - [30/Sep/2021:09:33:49 +0800] "POST /xingrg/kc/buy/cgsh_order_operate.html HTTP/1.1" 200 2065
116.230.105.26 - - [30/Sep/2021:09:33:53 +0800] "GET /xingrg/all/function/internal_message.html?_=1632965629696&CODE_STATE=getMsg HTTP/1.1" 200 27
116.230.105.26 - - [30/Sep/2021:09:33:53 +0800] "GET /xingrg/kc/buy/cgsh_order_operate.html?command=get_materiel&rest_code=00155&code=00101008114&supplier_code=00100005&order_time=2021-09-30 HTTP/1.1" 200 412
116.230.105.26 - - [30/Sep/2021:09:34:05 +0800] "GET /xingrg/kc/buy/cgsh_order_operate.html?command=get_materiel&rest_code=00155&code=00101008312&supplier_code=00100005&order_time=2021-09-30 HTTP/1.1" 200 412
58.39.139.200 - - [30/Sep/2021:09:34:05 +0800] "GET /xingrg/all/function/internal_message.html?_=1632965643682&CODE_STATE=getMsg HTTP/1.1" 200 27
114.86.225.151 - - [30/Sep/2021:09:34:06 +0800] "GET /xingrg/all/function/internal_message.html?_=1632965645358&CODE_STATE=getMsg HTTP/1.1" 200 27
116.230.105.26 - - [30/Sep/2021:09:34:11 +0800] "GET /xingrg/kc/buy/cgsh_order_operate.html?command=get_materiel&rest_code=00155&code=00101008354&supplier_code=00100005&order_time=2021-09-30 HTTP/1.1" 200 412
114.85.125.222 - - [30/Sep/2021:09:34:13 +0800] "GET /favicon.ico HTTP/1.1" 404 -
114.85.125.222 - - [30/Sep/2021:09:34:18 +0800] "GET /xingrg/all/function/internal_message.html?_=1632965625833&CODE_STATE=getMsg HTTP/1.1" 200 27
116.230.105.26 - - [30/Sep/2021:09:34:18 +0800] "GET /xingrg/kc/buy/cgsh_order_operate.html?command=get_materiel&rest_code=00155&code=00101008270&supplier_code=00100005&order_time=2021-09-30 HTTP/1.1" 200 412
222.69.131.205 - - [30/Sep/2021:09:34:19 +0800] "GET /xingrg/all/function/internal_message.html?_=1632965660216&CODE_STATE=getMsg HTTP/1.1" 200 27
120.253.135.82 - - [30/Sep/2021:09:34:22 +0800] "GET /xingrg/all/function/internal_message.html?_=1632965431843&CODE_STATE=getMsg HTTP/1.1" 200 27
222.70.246.151 - - [30/Sep/2021:09:34:23 +0800] "GET /xingrg/all/function/internal_message.html?_=1632965659805&CODE_STATE=getMsg HTTP/1.1" 200 27
116.230.105.26 - - [30/Sep/2021:09:34:26 +0800] "GET /xingrg/kc/buy/cgsh_order_operate.html?command=get_materiel&rest_code=00155&code=00101008388&supplier_code=00100005&order_time=2021-09-30 HTTP/1.1" 200 414
116.230.105.26 - - [30/Sep/2021:09:34:28 +0800] "POST /xingrg/kc/buy/cgsh_order_operate.html HTTP/1.1" 200 2065
116.230.105.26 - - [30/Sep/2021:09:34:32 +0800] "GET /xingrg/kc/buy/cgsh_order_operate.html?command=get_materiel&rest_code=00155&code=00101008092&supplier_code=00100005&order_time=2021-09-30 HTTP/1.1" 200 412
114.85.125.222 - - [30/Sep/2021:09:34:34 +0800] "POST /xingrg/all/user/operate.html HTTP/1.1" 200 36
114.85.125.222 - - [30/Sep/2021:09:34:34 +0800] "GET /xingrg/javascript/jquery_easy_ui/themes/default/easyui.css HTTP/1.1" 304 -
114.85.125.222 - - [30/Sep/2021:09:34:34 +0800] "GET /xingrg/index.html?sysBaseUrl=http%3A%2F%2F180.169.147.146%3A18081%2Fxingrg%2F&costTime=42×tamp=1632910693750 HTTP/1.1" 200 17179
114.85.125.222 - - [30/Sep/2021:09:34:34 +0800] "GET /xingrg/javascript/jquery_easy_ui/themes/icon.css HTTP/1.1" 304 -
114.85.125.222 - - [30/Sep/2021:09:34:34 +0800] "GET /xingrg/css/form.css HTTP/1.1" 304 -
114.85.125.222 - - [30/Sep/2021:09:34:34 +0800] "GET /xingrg/javascript/jquery-1.4.2.min.js HTTP/1.1" 304 -
114.85.125.222 - - [30/Sep/2021:09:34:34 +0800] "GET /xingrg/javascript/jquery_easy_ui/jquery.easyui.min.js HTTP/1.1" 304 -
114.85.125.222 - - [30/Sep/2021:09:34:34 +0800] "GET /xingrg/javascript/jquery_easy_ui/easyui-lang-zh_CN.js HTTP/1.1" 304 -
114.85.125.222 - - [30/Sep/2021:09:34:34 +0800] "GET /xingrg/javascript/jquery.form.js HTTP/1.1" 304 -
114.85.125.222 - - [30/Sep/2021:09:34:34 +0800] "GET /xingrg/javascript/jquery.utils.js HTTP/1.1" 304 -
114.85.125.222 - - [30/Sep/2021:09:34:34 +0800] "GET /xingrg/javascript/jquery.timers.js HTTP/1.1" 304 -
114.85.125.222 - - [30/Sep/2021:09:34:34 +0800] "GET /xingrg/images/blue/jxLogo.png HTTP/1.1" 304 -
114.85.125.222 - - [30/Sep/2021:09:34:34 +0800] "GET /xingrg/images/blue/navBackgound.jpg HTTP/1.1" 304 -
114.85.125.222 - - [30/Sep/2021:09:34:34 +0800] "GET /xingrg/javascript/jquery_easy_ui/themes/icons/settle_new.png HTTP/1.1" 304 -
114.85.125.222 - - [30/Sep/2021:09:34:34 +0800] "POST /xingrg/all/common/load_tree.html?tree=area_rest_tree_json&manage=1 HTTP/1.1" 200 476
114.85.125.222 - - [30/Sep/2021:09:34:34 +0800] "GET /xingrg/images/blue/pingpu.png HTTP/1.1" 304 -
114.85.125.222 - - [30/Sep/2021:09:34:34 +0800] "GET /xingrg/javascript/jquery_easy_ui/themes/default/images/tabs_leftarrow.png HTTP/1.1" 304 -
114.85.125.222 - - [30/Sep/2021:09:34:34 +0800] "GET /xingrg/javascript/jquery_easy_ui/themes/default/images/tabs_rightarrow.png HTTP/1.1" 304 -
114.85.125.222 - - [30/Sep/2021:09:34:34 +0800] "GET /xingrg/javascript/jquery_easy_ui/themes/default/images/panel_tool_collapse.gif HTTP/1.1" 304 -
114.85.125.222 - - [30/Sep/2021:09:34:34 +0800] "GET /xingrg/all/function/internal_message.html?_=1632965642544&CODE_STATE=count HTTP/1.1" 200 11
114.85.125.222 - - [30/Sep/2021:09:34:34 +0800] "GET /xingrg/check_reg.html?_=1632965642544 HTTP/1.1" 200 22
114.85.125.222 - - [30/Sep/2021:09:34:34 +0800] "POST /xingrg/load_menu.html HTTP/1.1" 200 5138
114.85.125.222 - - [30/Sep/2021:09:34:37 +0800] "GET /xingrg/kc/buy/cgsh_order_list.html HTTP/1.1" 200 48821
180.152.237.0 - - [30/Sep/2021:09:34:38 +0800] "GET /xingrg/all/function/internal_message.html?_=1632965657565&CODE_STATE=getMsg HTTP/1.1" 200 27
58.37.227.186 - - [30/Sep/2021:09:34:39 +0800] "GET /xingrg/all/function/internal_message.html?_=1632965537730&CODE_STATE=getMsg HTTP/1.1" 200 27
114.85.125.222 - - [30/Sep/2021:09:34:39 +0800] "POST /xingrg/kc/buy/cgsh_list_operate.html HTTP/1.1" 200 2052
101.85.106.134 - - [30/Sep/2021:09:34:42 +0800] "GET /xingrg/all/function/internal_message.html?_=1632965577549&CODE_STATE=getMsg HTTP/1.1" 200 27
101.85.106.134 - - [30/Sep/2021:09:34:42 +0800] "GET /xingrg/check_reg.html?_=1632965577582 HTTP/1.1" 200 22
222.69.131.83 - - [30/Sep/2021:09:34:43 +0800] "GET /xingrg/all/function/internal_message.html?_=1632965681520&CODE_STATE=getMsg HTTP/1.1" 200 27
116.238.248.233 - - [30/Sep/2021:09:34:46 +0800] "GET /xingrg/check_reg.html?_=1632965683816 HTTP/1.1" 200 22
116.238.248.233 - - [30/Sep/2021:09:34:46 +0800] "GET /xingrg/all/function/internal_message.html?_=1632965683821&CODE_STATE=getMsg HTTP/1.1" 200 27
222.70.178.96 - - [30/Sep/2021:09:34:46 +0800] "GET /xingrg/all/function/internal_message.html?_=1632965681736&CODE_STATE=getMsg HTTP/1.1" 200 27
114.85.125.222 - - [30/Sep/2021:09:34:46 +0800] "POST /xingrg/kc/buy/cgsh_list_operate.html HTTP/1.1" 200 580
116.230.105.26 - - [30/Sep/2021:09:34:47 +0800] "POST /xingrg/kc/buy/cgsh_order_operate.html HTTP/1.1" 200 37
180.152.237.0 - - [30/Sep/2021:09:34:48 +0800] "GET /xingrg/kc/buy/cgsh_order_operate.html?command=get_materiel&rest_code=00102&code=00101016080&supplier_code=00100151&order_time=2021-09-30 HTTP/1.1" 200 408
58.221.95.50 - - [30/Sep/2021:09:34:48 +0800] "GET /xingrg/check_reg.html?_=1632965687653 HTTP/1.1" 302 -
114.85.125.222 - - [30/Sep/2021:09:34:49 +0800] "GET /xingrg/kc/buy/cgsh_order_info.html?code=212021093013553 HTTP/1.1" 200 64486
114.85.125.222 - - [30/Sep/2021:09:34:50 +0800] "GET /xingrg/javascript/easyui/themes/default/validatebox.css HTTP/1.1" 404 1104
114.85.125.222 - - [30/Sep/2021:09:34:50 +0800] "POST /xingrg/kc/buy/cgsh_order_operate.html HTTP/1.1" 200 5618
116.230.105.26 - - [30/Sep/2021:09:34:51 +0800] "POST /xingrg/kc/buy/cgsh_order_operate.html HTTP/1.1" 200 28725
116.230.105.26 - - [30/Sep/2021:09:34:53 +0800] "GET /xingrg/all/function/internal_message.html?_=1632965689677&CODE_STATE=getMsg HTTP/1.1" 200 27
116.230.105.26 - - [30/Sep/2021:09:34:54 +0800] "GET /xingrg/check_reg.html?_=1632965690402 HTTP/1.1" 200 22
116.238.248.233 - - [30/Sep/2021:09:34:59 +0800] "POST /xingrg/kc/buy/cgsh_order_operate.html HTTP/1.1" 200 37
116.230.105.26 - - [30/Sep/2021:09:34:59 +0800] "GET /xingrg/kc/print/load_data.html?order_code=212021093013564&kc_code=cgsh HTTP/1.1" 200 2278
116.238.248.233 - - [30/Sep/2021:09:35:00 +0800] "POST /xingrg/kc/buy/cgsh_order_operate.html HTTP/1.1" 200 29027
222.70.246.151 - - [30/Sep/2021:09:35:05 +0800] "GET /xingrg/check_reg.html?_=1632965702160 HTTP/1.1" 200 22
58.39.139.200 - - [30/Sep/2021:09:35:05 +0800] "GET /xingrg/all/function/internal_message.html?_=1632965703682&CODE_STATE=getMsg HTTP/1.1" 200 27
114.86.225.151 - - [30/Sep/2021:09:35:06 +0800] "GET /xingrg/all/function/internal_message.html?_=1632965705355&CODE_STATE=getMsg HTTP/1.1" 200 27
116.238.248.233 - - [30/Sep/2021:09:35:11 +0800] "GET /xingrg/kc/buy/cgsh_order_list.html HTTP/1.1" 200 48819
58.39.139.200 - - [30/Sep/2021:09:35:12 +0800] "GET /xingrg/kc/mdqp/qqps_order_list.html HTTP/1.1" 200 9222
58.39.139.200 - - [30/Sep/2021:09:35:12 +0800] "GET /xingrg/dwr/interface/AjaxQqpsService.js HTTP/1.1" 200 16326
58.39.139.200 - - [30/Sep/2021:09:35:12 +0800] "GET /xingrg/javascript/Calendar.js HTTP/1.1" 304 -
58.39.139.200 - - [30/Sep/2021:09:35:12 +0800] "GET /xingrg/javascript/ToolTips.js HTTP/1.1" 304 -
58.39.139.200 - - [30/Sep/2021:09:35:12 +0800] "GET /xingrg/dwr/interface/AjaxReportQueryService.js HTTP/1.1" 200 13203
58.39.139.200 - - [30/Sep/2021:09:35:12 +0800] "GET /xingrg/dwr/engine.js HTTP/1.1" 200 43631
58.39.139.200 - - [30/Sep/2021:09:35:12 +0800] "GET /xingrg/dwr/util.js HTTP/1.1" 200 35990
58.39.139.200 - - [30/Sep/2021:09:35:12 +0800] "GET /xingrg/javascript/jquery_easy_ui/themes/icons/uncheck_new.png HTTP/1.1" 304 -
58.39.139.200 - - [30/Sep/2021:09:35:12 +0800] "GET /xingrg/javascript/jquery_easy_ui/themes/icons/edit_add_new.png HTTP/1.1" 304 -
58.39.139.200 - - [30/Sep/2021:09:35:12 +0800] "GET /xingrg/javascript/jquery_easy_ui/themes/icons/cance_new.png HTTP/1.1" 304 -
116.238.248.233 - - [30/Sep/2021:09:35:13 +0800] "POST /xingrg/kc/buy/cgsh_list_operate.html HTTP/1.1" 200 2053
58.39.139.200 - - [30/Sep/2021:09:35:13 +0800] "GET /xingrg/javascript/jquery_easy_ui/themes/default/images/button_plain_hover.png HTTP/1.1" 304 -
58.39.139.200 - - [30/Sep/2021:09:35:14 +0800] "GET /xingrg/javascript/tools/jquery.qtip-1.0.0-rc3.min.js HTTP/1.1" 304 -
58.39.139.200 - - [30/Sep/2021:09:35:14 +0800] "GET /xingrg/kc/mdqp/qqps_order_add.html HTTP/1.1" 200 28236
58.39.139.200 - - [30/Sep/2021:09:35:14 +0800] "GET /xingrg/javascript/AjaxInfoList.js HTTP/1.1" 304 -
58.39.139.200 - - [30/Sep/2021:09:35:14 +0800] "GET /xingrg/javascript/Grid.js HTTP/1.1" 304 -
58.39.139.200 - - [30/Sep/2021:09:35:14 +0800] "GET /xingrg/dwr/interface/AjaxQqpsService.js HTTP/1.1" 200 16326
58.39.139.200 - - [30/Sep/2021:09:35:14 +0800] "GET /xingrg/dwr/engine.js HTTP/1.1" 200 43631
58.39.139.200 - - [30/Sep/2021:09:35:14 +0800] "GET /xingrg/dwr/interface/AjaxComOrderService.js HTTP/1.1" 200 18264
58.39.139.200 - - [30/Sep/2021:09:35:14 +0800] "GET /xingrg/images/blue/button/kc_tab_edit.gif HTTP/1.1" 304 -
58.39.139.200 - - [30/Sep/2021:09:35:14 +0800] "GET /xingrg/images/blue/button/kc_tab_add.gif HTTP/1.1" 304 -
58.39.139.200 - - [30/Sep/2021:09:35:14 +0800] "GET /xingrg/javascript/jquery_easy_ui/themes/icons/copy_new.png HTTP/1.1" 304 -
58.39.139.200 - - [30/Sep/2021:09:35:14 +0800] "GET /xingrg/images/blue/button/kc_tab_save.gif HTTP/1.1" 304 -
58.39.139.200 - - [30/Sep/2021:09:35:14 +0800] "GET /xingrg/images/blue/button/kc_tab_del.gif HTTP/1.1" 304 -
58.39.139.200 - - [30/Sep/2021:09:35:14 +0800] "GET /xingrg/javascript/jquery_easy_ui/themes/icons/template_new.png HTTP/1.1" 304 -
58.39.139.200 - - [30/Sep/2021:09:35:14 +0800] "GET /xingrg/javascript/jquery_easy_ui/themes/icons/ok.png HTTP/1.1" 304 -
58.39.139.200 - - [30/Sep/2021:09:35:14 +0800] "GET /xingrg/javascript/jquery_easy_ui/themes/icons/print.png HTTP/1.1" 304 -
58.39.139.200 - - [30/Sep/2021:09:35:14 +0800] "GET /xingrg/images/blue/kc_tab_mid.gif HTTP/1.1" 304 -
58.39.139.200 - - [30/Sep/2021:09:35:14 +0800] "GET /xingrg/images/blue/kc_tab_right.gif HTTP/1.1" 304 -
58.39.139.200 - - [30/Sep/2021:09:35:14 +0800] "GET /xingrg/images/blue/kc_tab2_left.gif HTTP/1.1" 304 -
58.39.139.200 - - [30/Sep/2021:09:35:14 +0800] "GET /xingrg/javascript/jquery_easy_ui/themes/icons/back_new.png HTTP/1.1" 304 -
58.39.139.200 - - [30/Sep/2021:09:35:14 +0800] "GET /xingrg/javascript/jquery_easy_ui/themes/default/images/combo_arrow_dot.gif HTTP/1.1" 304 -
58.39.139.200 - - [30/Sep/2021:09:35:14 +0800] "GET /xingrg/images/blue/kc_tab2_right.gif HTTP/1.1" 304 -
58.39.139.200 - - [30/Sep/2021:09:35:14 +0800] "GET /xingrg/images/blue/kc_tab_left.gif HTTP/1.1" 304 -
58.39.139.200 - - [30/Sep/2021:09:35:14 +0800] "GET /xingrg/javascript/jquery_easy_ui/themes/default/images/menu_downarrow.png HTTP/1.1" 304 -
120.253.135.82 - - [30/Sep/2021:09:35:15 +0800] "GET /xingrg/check_reg.html?_=1632965485419 HTTP/1.1" 200 22
180.152.237.0 - - [30/Sep/2021:09:35:19 +0800] "GET /xingrg/kc/buy/cgsh_order_operate.html?command=get_materiel&rest_code=00102&code=00101008132&supplier_code=00100151&order_time=2021-09-30 HTTP/1.1" 200 408
222.69.131.205 - - [30/Sep/2021:09:35:19 +0800] "GET /xingrg/all/function/internal_message.html?_=1632965720217&CODE_STATE=getMsg HTTP/1.1" 200 27
120.253.135.82 - - [30/Sep/2021:09:35:22 +0800] "GET /xingrg/all/function/internal_message.html?_=1632965491857&CODE_STATE=getMsg HTTP/1.1" 200 27
58.39.139.200 - - [30/Sep/2021:09:35:22 +0800] "GET /xingrg/images/blue/wait.gif HTTP/1.1" 304 -
58.39.139.200 - - [30/Sep/2021:09:35:22 +0800] "POST /xingrg/dwr/call/plaincall/AjaxQqpsService.saveOrder.dwr HTTP/1.1" 200 78
222.70.246.151 - - [30/Sep/2021:09:35:23 +0800] "GET /xingrg/all/function/internal_message.html?_=1632965719814&CODE_STATE=getMsg HTTP/1.1" 200 27
114.85.125.222 - - [30/Sep/2021:09:35:25 +0800] "POST /xingrg/kc/buy/cgsh_order_operate.html HTTP/1.1" 200 37
116.238.248.233 - - [30/Sep/2021:09:35:25 +0800] "POST /xingrg/all/user/operate.html HTTP/1.1" 200 36
116.238.248.233 - - [30/Sep/2021:09:35:25 +0800] "GET /xingrg/index.html?sysBaseUrl=http%3A%2F%2F180.169.147.146%3A18081%2Fxingrg%2F&costTime=38×tamp=1632879310159 HTTP/1.1" 200 17179
116.238.248.233 - - [30/Sep/2021:09:35:25 +0800] "GET /xingrg/javascript/jquery_easy_ui/themes/default/easyui.css HTTP/1.1" 304 -
