222.69.131.205 - - [30/Sep/2021:09:04:19 +0800] "GET /xingrg/all/function/internal_message.html?_=1632963860179&CODE_STATE=getMsg HTTP/1.1" 200 27
120.253.135.82 - - [30/Sep/2021:09:04:20 +0800] "GET /xingrg/all/function/internal_message.html?_=1632963629767&CODE_STATE=getMsg HTTP/1.1" 200 27
222.70.246.151 - - [30/Sep/2021:09:04:22 +0800] "GET /xingrg/all/function/internal_message.html?_=1632963858996&CODE_STATE=getMsg HTTP/1.1" 200 27
222.69.131.83 - - [30/Sep/2021:09:04:24 +0800] "GET /xingrg/kc/buy/cgsh_order_operate.html?command=get_materiel&rest_code=00149&code=00101008190&supplier_code=00100005&order_time=2021-09-30 HTTP/1.1" 200 412
116.230.105.26 - - [30/Sep/2021:09:04:25 +0800] "GET /xingrg/kc/buy/cgsh_order_add.html HTTP/1.1" 200 64521
116.230.105.26 - - [30/Sep/2021:09:04:25 +0800] "POST /xingrg/kc/buy/cgsh_order_operate.html HTTP/1.1" 200 8245
116.230.105.26 - - [30/Sep/2021:09:04:25 +0800] "GET /xingrg/javascript/easyui/themes/default/validatebox.css HTTP/1.1" 404 1104
116.238.248.233 - - [30/Sep/2021:09:04:34 +0800] "GET /xingrg/all/function/internal_message.html?_=1632963871818&CODE_STATE=getMsg HTTP/1.1" 200 27
180.152.237.0 - - [30/Sep/2021:09:04:34 +0800] "GET /xingrg/all/function/internal_message.html?_=1632963853450&CODE_STATE=getMsg HTTP/1.1" 200 27
116.230.105.26 - - [30/Sep/2021:09:04:38 +0800] "GET /xingrg/kc/buy/cgsh_order_operate.html?command=get_materiel&rest_code=00155&code=00101006124&supplier_code=00100012&order_time=2021-09-30 HTTP/1.1" 200 409
222.69.131.83 - - [30/Sep/2021:09:04:43 +0800] "GET /xingrg/all/function/internal_message.html?_=1632963881849&CODE_STATE=getMsg HTTP/1.1" 200 27
116.230.105.26 - - [30/Sep/2021:09:04:46 +0800] "GET /xingrg/kc/buy/cgsh_order_operate.html?command=get_materiel&rest_code=00155&code=00101006065&supplier_code=00100012&order_time=2021-09-30 HTTP/1.1" 200 409
222.70.178.96 - - [30/Sep/2021:09:04:47 +0800] "GET /xingrg/all/function/internal_message.html?_=1632963882282&CODE_STATE=getMsg HTTP/1.1" 200 27
222.69.131.83 - - [30/Sep/2021:09:04:47 +0800] "GET /xingrg/kc/buy/cgsh_order_operate.html?command=get_materiel&rest_code=00149&code=00101013044&supplier_code=00100005&order_time=2021-09-30 HTTP/1.1" 200 448
116.230.105.26 - - [30/Sep/2021:09:04:52 +0800] "GET /xingrg/kc/buy/cgsh_order_operate.html?command=get_materiel&rest_code=00155&code=00101006055&supplier_code=00100012&order_time=2021-09-30 HTTP/1.1" 200 409
116.230.105.26 - - [30/Sep/2021:09:04:53 +0800] "GET /xingrg/all/function/internal_message.html?_=1632963890201&CODE_STATE=getMsg HTTP/1.1" 200 27
116.230.105.26 - - [30/Sep/2021:09:04:53 +0800] "GET /xingrg/check_reg.html?_=1632963890350 HTTP/1.1" 200 22
114.85.125.222 - - [30/Sep/2021:09:04:54 +0800] "GET /xingrg/all/function/internal_message.html?_=1632963862460&CODE_STATE=getMsg HTTP/1.1" 200 27
116.230.105.26 - - [30/Sep/2021:09:04:59 +0800] "GET /xingrg/kc/buy/cgsh_order_operate.html?command=get_materiel&rest_code=00155&code=00101006071&supplier_code=00100012&order_time=2021-09-30 HTTP/1.1" 200 409
116.230.105.26 - - [30/Sep/2021:09:05:05 +0800] "GET /xingrg/kc/buy/cgsh_order_operate.html?command=get_materiel&rest_code=00155&code=00101006130&supplier_code=00100012&order_time=2021-09-30 HTTP/1.1" 200 447
222.70.246.151 - - [30/Sep/2021:09:05:05 +0800] "GET /xingrg/check_reg.html?_=1632963902122 HTTP/1.1" 200 22
58.39.139.200 - - [30/Sep/2021:09:05:05 +0800] "GET /xingrg/all/function/internal_message.html?_=1632963903652&CODE_STATE=getMsg HTTP/1.1" 200 27
222.69.131.83 - - [30/Sep/2021:09:05:12 +0800] "POST /xingrg/kc/buy/cgsh_order_operate.html HTTP/1.1" 200 37
116.230.105.26 - - [30/Sep/2021:09:05:13 +0800] "GET /xingrg/kc/buy/cgsh_order_operate.html?command=get_materiel&rest_code=00155&code=00101006229&supplier_code=00100012&order_time=2021-09-30 HTTP/1.1" 200 412
120.253.135.82 - - [30/Sep/2021:09:05:15 +0800] "GET /xingrg/check_reg.html?_=1632963685120 HTTP/1.1" 200 22
222.69.131.83 - - [30/Sep/2021:09:05:16 +0800] "POST /xingrg/kc/buy/cgsh_order_operate.html HTTP/1.1" 200 21023
116.238.248.233 - - [30/Sep/2021:09:05:17 +0800] "GET /xingrg/kc/buy/cgsh_order_operate.html?command=get_materiel&rest_code=00151&code=00101008095&supplier_code=00100007&order_time=2021-09-30 HTTP/1.1" 200 412
222.69.131.205 - - [30/Sep/2021:09:05:19 +0800] "GET /xingrg/all/function/internal_message.html?_=1632963920185&CODE_STATE=getMsg HTTP/1.1" 200 27
120.253.135.82 - - [30/Sep/2021:09:05:20 +0800] "GET /xingrg/all/function/internal_message.html?_=1632963689781&CODE_STATE=getMsg HTTP/1.1" 200 27
116.230.105.26 - - [30/Sep/2021:09:05:21 +0800] "POST /xingrg/kc/buy/cgsh_order_operate.html HTTP/1.1" 200 37
222.70.246.151 - - [30/Sep/2021:09:05:22 +0800] "GET /xingrg/all/function/internal_message.html?_=1632963919000&CODE_STATE=getMsg HTTP/1.1" 200 27
116.230.105.26 - - [30/Sep/2021:09:05:22 +0800] "POST /xingrg/kc/buy/cgsh_order_operate.html HTTP/1.1" 200 5633
116.230.105.26 - - [30/Sep/2021:09:05:24 +0800] "GET /xingrg/kc/print/load_data.html?order_code=212021093013546&kc_code=cgsh&condition= HTTP/1.1" 200 1919
116.238.248.233 - - [30/Sep/2021:09:05:25 +0800] "GET /xingrg/kc/buy/cgsh_order_operate.html?command=get_materiel&rest_code=00151&code=00101008221&supplier_code=00100007&order_time=2021-09-30 HTTP/1.1" 200 412
116.230.105.26 - - [30/Sep/2021:09:05:27 +0800] "GET /xingrg/kc/print/load_data.html?order_code=212021093013546&kc_code=cgsh HTTP/1.1" 200 1919
116.238.248.233 - - [30/Sep/2021:09:05:32 +0800] "GET /xingrg/kc/buy/cgsh_order_operate.html?command=get_materiel&rest_code=00151&code=00101008350&supplier_code=00100007&order_time=2021-09-30 HTTP/1.1" 200 429
116.238.248.233 - - [30/Sep/2021:09:05:34 +0800] "GET /xingrg/all/function/internal_message.html?_=1632963931880&CODE_STATE=getMsg HTTP/1.1" 200 27
180.152.237.0 - - [30/Sep/2021:09:05:34 +0800] "GET /xingrg/all/function/internal_message.html?_=1632963913464&CODE_STATE=getMsg HTTP/1.1" 200 27
116.238.248.233 - - [30/Sep/2021:09:05:40 +0800] "GET /xingrg/kc/buy/cgsh_order_operate.html?command=get_materiel&rest_code=00151&code=00101008150&supplier_code=00100007&order_time=2021-09-30 HTTP/1.1" 200 409
222.69.131.83 - - [30/Sep/2021:09:05:43 +0800] "GET /xingrg/all/function/internal_message.html?_=1632963941827&CODE_STATE=getMsg HTTP/1.1" 200 27
116.238.248.233 - - [30/Sep/2021:09:05:46 +0800] "GET /xingrg/kc/buy/cgsh_order_operate.html?command=get_materiel&rest_code=00151&code=00101008351&supplier_code=00100007&order_time=2021-09-30 HTTP/1.1" 200 408
222.70.178.96 - - [30/Sep/2021:09:05:46 +0800] "GET /xingrg/all/function/internal_message.html?_=1632963942268&CODE_STATE=getMsg HTTP/1.1" 200 27
116.230.105.26 - - [30/Sep/2021:09:05:53 +0800] "GET /xingrg/all/function/internal_message.html?_=1632963950188&CODE_STATE=getMsg HTTP/1.1" 200 27
114.85.125.222 - - [30/Sep/2021:09:05:54 +0800] "GET /xingrg/all/function/internal_message.html?_=1632963922572&CODE_STATE=getMsg HTTP/1.1" 200 27
116.238.248.233 - - [30/Sep/2021:09:05:55 +0800] "GET /xingrg/kc/buy/cgsh_order_operate.html?command=get_materiel&rest_code=00151&code=00101008165&supplier_code=00100007&order_time=2021-09-30 HTTP/1.1" 200 416
116.238.248.233 - - [30/Sep/2021:09:06:00 +0800] "GET /xingrg/kc/buy/cgsh_order_operate.html?command=get_materiel&rest_code=00151&code=00101008223&supplier_code=00100007&order_time=2021-09-30 HTTP/1.1" 200 433
58.39.139.200 - - [30/Sep/2021:09:06:05 +0800] "GET /xingrg/all/function/internal_message.html?_=1632963963654&CODE_STATE=getMsg HTTP/1.1" 200 27
58.39.139.200 - - [30/Sep/2021:09:06:05 +0800] "GET /xingrg/check_reg.html?_=1632963963658 HTTP/1.1" 200 22
116.238.248.233 - - [30/Sep/2021:09:06:10 +0800] "GET /xingrg/kc/buy/cgsh_order_operate.html?command=get_materiel&rest_code=00151&code=00101008264&supplier_code=00100007&order_time=2021-09-30 HTTP/1.1" 200 412
222.69.131.205 - - [30/Sep/2021:09:06:14 +0800] "GET /xingrg/kc/base/wldb_order_operate.html?command=get_materiel&rest_code=00154&base_code=0010726&code=00101027042 HTTP/1.1" 200 459
222.69.131.205 - - [30/Sep/2021:09:06:17 +0800] "POST /xingrg/all/common/load_select.html HTTP/1.1" 200 25
222.69.131.205 - - [30/Sep/2021:09:06:18 +0800] "GET /xingrg/kc/base/wldb_order_operate.html?command=get_materiel_price&rest_code=00154&base_code=0010726&code=00101027042&unit_code=00100157 HTTP/1.1" 200 34
222.69.131.205 - - [30/Sep/2021:09:06:19 +0800] "GET /xingrg/all/function/internal_message.html?_=1632963980179&CODE_STATE=getMsg HTTP/1.1" 200 27
120.253.135.82 - - [30/Sep/2021:09:06:20 +0800] "GET /xingrg/all/function/internal_message.html?_=1632963749793&CODE_STATE=getMsg HTTP/1.1" 200 27
58.39.139.200 - - [30/Sep/2021:09:06:20 +0800] "POST /xingrg/kc/buy/cgsh_list_operate.html HTTP/1.1" 200 5468
116.238.248.233 - - [30/Sep/2021:09:06:20 +0800] "GET /xingrg/kc/buy/cgsh_order_operate.html?command=get_materiel&rest_code=00151&code=00101008261&supplier_code=00100007&order_time=2021-09-30 HTTP/1.1" 200 408
222.70.246.151 - - [30/Sep/2021:09:06:22 +0800] "GET /xingrg/all/function/internal_message.html?_=1632963979014&CODE_STATE=getMsg HTTP/1.1" 200 27
58.39.139.200 - - [30/Sep/2021:09:06:23 +0800] "GET /xingrg/kc/buy/cgsh_order_add.html HTTP/1.1" 200 64600
58.39.139.200 - - [30/Sep/2021:09:06:23 +0800] "POST /xingrg/kc/buy/cgsh_order_operate.html HTTP/1.1" 200 8245
58.39.139.200 - - [30/Sep/2021:09:06:24 +0800] "GET /xingrg/javascript/easyui/themes/default/validatebox.css HTTP/1.1" 404 1104
58.39.139.200 - - [30/Sep/2021:09:06:24 +0800] "GET /xingrg/kc/buy/cgsh_order_list.html HTTP/1.1" 200 48815
58.39.139.200 - - [30/Sep/2021:09:06:26 +0800] "POST /xingrg/kc/buy/cgsh_list_operate.html HTTP/1.1" 200 1691
58.39.139.200 - - [30/Sep/2021:09:06:28 +0800] "GET /xingrg/kc/buy/cgsh_order_add.html HTTP/1.1" 200 64600
58.39.139.200 - - [30/Sep/2021:09:06:28 +0800] "POST /xingrg/kc/buy/cgsh_order_operate.html HTTP/1.1" 200 8245
58.39.139.200 - - [30/Sep/2021:09:06:28 +0800] "GET /xingrg/javascript/easyui/themes/default/validatebox.css HTTP/1.1" 404 1104
222.70.178.96 - - [30/Sep/2021:09:06:29 +0800] "GET /xingrg/check_reg.html?_=1632963984889 HTTP/1.1" 200 22
116.238.248.233 - - [30/Sep/2021:09:06:29 +0800] "GET /xingrg/kc/buy/cgsh_order_operate.html?command=get_materiel&rest_code=00151&code=00101008344&supplier_code=00100007&order_time=2021-09-30 HTTP/1.1" 200 412
116.238.248.233 - - [30/Sep/2021:09:06:32 +0800] "POST /xingrg/kc/buy/cgsh_order_operate.html HTTP/1.1" 200 2065
114.85.125.222 - - [30/Sep/2021:09:06:34 +0800] "GET /xingrg/check_reg.html?_=1632963962003 HTTP/1.1" 200 22
116.238.248.233 - - [30/Sep/2021:09:06:34 +0800] "GET /xingrg/all/function/internal_message.html?_=1632963991870&CODE_STATE=getMsg HTTP/1.1" 200 27
180.152.237.0 - - [30/Sep/2021:09:06:35 +0800] "GET /xingrg/all/function/internal_message.html?_=1632963973476&CODE_STATE=getMsg HTTP/1.1" 200 27
116.230.105.26 - - [30/Sep/2021:09:06:36 +0800] "GET /xingrg/kc/buy/cgsh_order_add.html HTTP/1.1" 200 64521
116.230.105.26 - - [30/Sep/2021:09:06:36 +0800] "POST /xingrg/kc/buy/cgsh_order_operate.html HTTP/1.1" 200 8245
116.230.105.26 - - [30/Sep/2021:09:06:37 +0800] "GET /xingrg/javascript/easyui/themes/default/validatebox.css HTTP/1.1" 404 1104
116.238.248.233 - - [30/Sep/2021:09:06:40 +0800] "GET /xingrg/kc/buy/cgsh_order_operate.html?command=get_materiel&rest_code=00151&code=00101008372&supplier_code=00100007&order_time=2021-09-30 HTTP/1.1" 200 408
222.69.131.83 - - [30/Sep/2021:09:06:43 +0800] "GET /xingrg/all/function/internal_message.html?_=1632964001808&CODE_STATE=getMsg HTTP/1.1" 200 27
58.39.139.200 - - [30/Sep/2021:09:06:44 +0800] "GET /xingrg/kc/buy/cgsh_order_operate.html?command=get_materiel&rest_code=00105&code=00101007061&supplier_code=00100002&order_time=2021-09-30 HTTP/1.1" 200 409
222.70.178.96 - - [30/Sep/2021:09:06:46 +0800] "GET /xingrg/all/function/internal_message.html?_=1632964002238&CODE_STATE=getMsg HTTP/1.1" 200 27
116.230.105.26 - - [30/Sep/2021:09:06:47 +0800] "GET /xingrg/kc/buy/cgsh_order_operate.html?command=get_materiel&rest_code=00155&code=00101023022&supplier_code=00100037&order_time=2021-09-30 HTTP/1.1" 200 392
116.238.248.233 - - [30/Sep/2021:09:06:48 +0800] "GET /xingrg/kc/buy/cgsh_order_operate.html?command=get_materiel&rest_code=00151&code=00101008141&supplier_code=00100007&order_time=2021-09-30 HTTP/1.1" 200 412
116.230.105.26 - - [30/Sep/2021:09:06:53 +0800] "GET /xingrg/all/function/internal_message.html?_=1632964010169&CODE_STATE=getMsg HTTP/1.1" 200 27
114.85.125.222 - - [30/Sep/2021:09:06:54 +0800] "GET /xingrg/all/function/internal_message.html?_=1632963982581&CODE_STATE=getMsg HTTP/1.1" 200 27
116.230.105.26 - - [30/Sep/2021:09:06:55 +0800] "GET /xingrg/kc/buy/cgsh_order_operate.html?command=get_materiel&rest_code=00155&code=00101009051&supplier_code=00100037&order_time=2021-09-30 HTTP/1.1" 200 409
114.86.225.151 - - [30/Sep/2021:09:06:58 +0800] "GET /favicon.ico HTTP/1.1" 404 -
114.86.225.151 - - [30/Sep/2021:09:07:00 +0800] "GET /xingrg/login.html HTTP/1.1" 200 7641
114.86.225.151 - - [30/Sep/2021:09:07:00 +0800] "GET /xingrg/images/blue/jxLogo.png HTTP/1.1" 200 6156
114.86.225.151 - - [30/Sep/2021:09:07:00 +0800] "GET /xingrg/images/blue/hj.png HTTP/1.1" 200 1014
114.86.225.151 - - [30/Sep/2021:09:07:00 +0800] "GET /xingrg/images/blue/login_bg.png HTTP/1.1" 200 22101
58.39.139.200 - - [30/Sep/2021:09:07:01 +0800] "POST /xingrg/kc/buy/cgsh_order_operate.html HTTP/1.1" 200 37
114.86.225.151 - - [30/Sep/2021:09:07:01 +0800] "GET /xingrg/images/blue/srbg.png HTTP/1.1" 200 138
114.86.225.151 - - [30/Sep/2021:09:07:01 +0800] "GET /favicon.ico HTTP/1.1" 404 -
116.230.105.26 - - [30/Sep/2021:09:07:02 +0800] "GET /xingrg/kc/buy/cgsh_order_operate.html?command=get_materiel&rest_code=00155&code=00101009113&supplier_code=00100037&order_time=2021-09-30 HTTP/1.1" 200 398
58.39.139.200 - - [30/Sep/2021:09:07:02 +0800] "POST /xingrg/kc/buy/cgsh_order_operate.html HTTP/1.1" 200 2654
58.39.139.200 - - [30/Sep/2021:09:07:03 +0800] "GET /xingrg/kc/print/load_data.html?order_code=212021093013547&kc_code=cgsh&condition= HTTP/1.1" 200 743
58.39.139.200 - - [30/Sep/2021:09:07:05 +0800] "GET /xingrg/all/function/internal_message.html?_=1632964023669&CODE_STATE=getMsg HTTP/1.1" 200 27
114.86.225.151 - - [30/Sep/2021:09:07:06 +0800] "POST /xingrg/login.do HTTP/1.1" 302 -
114.86.225.151 - - [30/Sep/2021:09:07:06 +0800] "GET /xingrg/index.html?sysBaseUrl=http%3A%2F%2F180.169.147.146%3A18081%2Fxingrg%2F&costTime=51×tamp=1632964026730 HTTP/1.1" 200 17173
114.86.225.151 - - [30/Sep/2021:09:07:06 +0800] "GET /xingrg/javascript/jquery_easy_ui/themes/icon.css HTTP/1.1" 200 3949
114.86.225.151 - - [30/Sep/2021:09:07:06 +0800] "GET /xingrg/css/form.css HTTP/1.1" 200 893
114.86.225.151 - - [30/Sep/2021:09:07:06 +0800] "GET /xingrg/javascript/jquery-1.4.2.min.js HTTP/1.1" 200 72205
114.86.225.151 - - [30/Sep/2021:09:07:06 +0800] "GET /xingrg/javascript/jquery_easy_ui/easyui-lang-zh_CN.js HTTP/1.1" 200 1900
114.86.225.151 - - [30/Sep/2021:09:07:06 +0800] "GET /xingrg/javascript/jquery_easy_ui/jquery.easyui.min.js HTTP/1.1" 200 213662
114.86.225.151 - - [30/Sep/2021:09:07:06 +0800] "GET /xingrg/javascript/jquery_easy_ui/themes/default/easyui.css HTTP/1.1" 200 26500
114.86.225.151 - - [30/Sep/2021:09:07:06 +0800] "GET /xingrg/javascript/jquery.form.js HTTP/1.1" 200 23110
114.86.225.151 - - [30/Sep/2021:09:07:06 +0800] "GET /xingrg/javascript/jquery.timers.js HTTP/1.1" 200 3532
114.86.225.151 - - [30/Sep/2021:09:07:06 +0800] "GET /xingrg/javascript/jquery.utils.js HTTP/1.1" 200 11805
114.86.225.151 - - [30/Sep/2021:09:07:06 +0800] "GET /xingrg/javascript/jquery_easy_ui/themes/icons/settle_new.png HTTP/1.1" 200 826
114.86.225.151 - - [30/Sep/2021:09:07:06 +0800] "GET /xingrg/images/blue/navBackgound.jpg HTTP/1.1" 200 12378
114.86.225.151 - - [30/Sep/2021:09:07:06 +0800] "GET /xingrg/images/blue/pingpu.png HTTP/1.1" 200 231
114.86.225.151 - - [30/Sep/2021:09:07:06 +0800] "POST /xingrg/all/common/load_tree.html?tree=area_rest_tree_json&manage=1 HTTP/1.1" 200 342
114.86.225.151 - - [30/Sep/2021:09:07:06 +0800] "GET /xingrg/javascript/jquery_easy_ui/themes/default/images/panel_tool_collapse.gif HTTP/1.1" 200 246
114.86.225.151 - - [30/Sep/2021:09:07:06 +0800] "GET /xingrg/all/function/internal_message.html?_=1632964025287&CODE_STATE=count HTTP/1.1" 200 11
114.86.225.151 - - [30/Sep/2021:09:07:06 +0800] "GET /xingrg/check_reg.html?_=1632964025290 HTTP/1.1" 200 22
114.86.225.151 - - [30/Sep/2021:09:07:06 +0800] "POST /xingrg/load_menu.html HTTP/1.1" 200 5138
114.86.225.151 - - [30/Sep/2021:09:07:06 +0800] "GET /xingrg/javascript/jquery_easy_ui/themes/default/images/tree_folder_open.gif HTTP/1.1" 200 956
114.86.225.151 - - [30/Sep/2021:09:07:06 +0800] "GET /xingrg/javascript/jquery_easy_ui/themes/default/images/tree_arrows.gif HTTP/1.1" 200 1043
114.86.225.151 - - [30/Sep/2021:09:07:06 +0800] "GET /xingrg/javascript/jquery_easy_ui/themes/default/images/tree_folder.gif HTTP/1.1" 200 952
114.86.225.151 - - [30/Sep/2021:09:07:06 +0800] "GET /xingrg/javascript/jquery_easy_ui/themes/icons/search_new.png HTTP/1.1" 200 586
114.86.225.151 - - [30/Sep/2021:09:07:06 +0800] "GET /xingrg/javascript/jquery_easy_ui/themes/icons/storage_new.png HTTP/1.1" 200 853
114.86.225.151 - - [30/Sep/2021:09:07:06 +0800] "GET /xingrg/javascript/jquery_easy_ui/themes/icons/forms_new.png HTTP/1.1" 200 350
58.39.139.200 - - [30/Sep/2021:09:07:08 +0800] "GET /xingrg/kc/buy/cgsh_order_add.html HTTP/1.1" 200 64600
58.39.139.200 - - [30/Sep/2021:09:07:08 +0800] "GET /xingrg/javascript/easyui/themes/default/validatebox.css HTTP/1.1" 404 1104
58.39.139.200 - - [30/Sep/2021:09:07:08 +0800] "POST /xingrg/kc/buy/cgsh_order_operate.html HTTP/1.1" 200 8245
114.86.225.151 - - [30/Sep/2021:09:07:11 +0800] "GET /xingrg/javascript/jquery_easy_ui/themes/default/images/tabs_close.gif HTTP/1.1" 200 829
114.86.225.151 - - [30/Sep/2021:09:07:11 +0800] "GET /xingrg/kc/buy/buy_main.html HTTP/1.1" 200 12412
114.86.225.151 - - [30/Sep/2021:09:07:11 +0800] "GET /xingrg/css/new_ie.css HTTP/1.1" 404 1036
114.86.225.151 - - [30/Sep/2021:09:07:11 +0800] "GET /xingrg/javascript/pic_change.js HTTP/1.1" 200 4739
114.86.225.151 - - [30/Sep/2021:09:07:11 +0800] "GET /xingrg/javascript/ToolTips.js HTTP/1.1" 200 5615
114.86.225.151 - - [30/Sep/2021:09:07:11 +0800] "GET /xingrg/css/blue.css HTTP/1.1" 200 15949
114.86.225.151 - - [30/Sep/2021:09:07:11 +0800] "GET /xingrg/javascript/jquery_ui/jquery-ui.min.js HTTP/1.1" 200 186181
114.86.225.151 - - [30/Sep/2021:09:07:11 +0800] "GET /xingrg/javascript/jquery_ui/themes/humanity/humanity.css HTTP/1.1" 200 27801
114.86.225.151 - - [30/Sep/2021:09:07:11 +0800] "GET /xingrg/javascript/myfunction.js HTTP/1.1" 200 24559
114.86.225.151 - - [30/Sep/2021:09:07:11 +0800] "GET /xingrg/images/blue/button/cgxqd.gif HTTP/1.1" 200 2619
114.86.225.151 - - [30/Sep/2021:09:07:11 +0800] "GET /xingrg/images/blue/button/cgydd.gif HTTP/1.1" 200 2712
114.86.225.151 - - [30/Sep/2021:09:07:11 +0800] "GET /xingrg/images/blue/button/cgshd.gif HTTP/1.1" 200 2618
114.86.225.151 - - [30/Sep/2021:09:07:11 +0800] "GET /xingrg/images/blue/button/cgfkd.gif HTTP/1.1" 200 2075
114.86.225.151 - - [30/Sep/2021:09:07:11 +0800] "GET /xingrg/images/blue/button/kc.gif HTTP/1.1" 200 2160
114.86.225.151 - - [30/Sep/2021:09:07:11 +0800] "GET /xingrg/images/blue/button/ckthd.gif HTTP/1.1" 200 2045
114.86.225.151 - - [30/Sep/2021:09:07:11 +0800] "GET /xingrg/images/blue/pic_form2.gif HTTP/1.1" 200 1853
114.86.225.151 - - [30/Sep/2021:09:07:11 +0800] "GET /xingrg/images/blue/bg_dotted.jpg HTTP/1.1" 200 319
114.86.225.151 - - [30/Sep/2021:09:07:11 +0800] "GET /xingrg/images/blue/button/right_ah.jpg HTTP/1.1" 200 1744
114.86.225.151 - - [30/Sep/2021:09:07:11 +0800] "GET /xingrg/images/blue/button/down_ah.jpg HTTP/1.1" 200 1732
114.86.225.151 - - [30/Sep/2021:09:07:11 +0800] "GET /xingrg/javascript/jquery_ui/themes/humanity/images/ui-bg_inset-soft_100_f4f0ec_1x100.png HTTP/1.1" 200 141
116.230.105.26 - - [30/Sep/2021:09:07:13 +0800] "GET /xingrg/kc/buy/cgsh_order_operate.html?command=get_materiel&rest_code=00155&code=00101011007&supplier_code=00100037&order_time=2021-09-30 HTTP/1.1" 200 414
114.86.225.151 - - [30/Sep/2021:09:07:13 +0800] "GET /xingrg/kc/buy/cgsh_order_list.html HTTP/1.1" 200 48815
114.86.225.151 - - [30/Sep/2021:09:07:13 +0800] "GET /xingrg/css/base.css HTTP/1.1" 200 2811
114.86.225.151 - - [30/Sep/2021:09:07:13 +0800] "GET /xingrg/css/site.css HTTP/1.1" 200 7541
114.86.225.151 - - [30/Sep/2021:09:07:13 +0800] "GET /xingrg/javascript/jquery_tools/datebox.css HTTP/1.1" 200 2597
114.86.225.151 - - [30/Sep/2021:09:07:13 +0800] "GET /xingrg/javascript/easyui/themes/icon.css HTTP/1.1" 200 4483
114.86.225.151 - - [30/Sep/2021:09:07:13 +0800] "GET /xingrg/javascript/auto/jquery.autocomplete.css HTTP/1.1" 200 587
114.86.225.151 - - [30/Sep/2021:09:07:13 +0800] "GET /xingrg/javascript/jquery_tools/fix.css HTTP/1.1" 200 1702
114.86.225.151 - - [30/Sep/2021:09:07:13 +0800] "GET /xingrg/javascript/easyui/themes/default/easyui.css HTTP/1.1" 200 30432
114.86.225.151 - - [30/Sep/2021:09:07:13 +0800] "GET /xingrg/javascript/jquery_tools/table.css HTTP/1.1" 200 1032
114.86.225.151 - - [30/Sep/2021:09:07:13 +0800] "GET /xingrg/javascript/jquery_tools/jquery.tools.min.js HTTP/1.1" 200 138801
114.86.225.151 - - [30/Sep/2021:09:07:13 +0800] "GET /xingrg/javascript/jquery_tools/jquery.tools.hotkey.js HTTP/1.1" 200 3242
114.86.225.151 - - [30/Sep/2021:09:07:13 +0800] "GET /xingrg/javascript/jquery_tools/jquery.tools.table.js HTTP/1.1" 200 6994
114.86.225.151 - - [30/Sep/2021:09:07:13 +0800] "GET /xingrg/javascript/jquery_tools/list_manager.js HTTP/1.1" 200 3652
114.86.225.151 - - [30/Sep/2021:09:07:13 +0800] "GET /xingrg/javascript/jquery_tools/jquery.tools.extend.js HTTP/1.1" 200 15385
114.86.225.151 - - [30/Sep/2021:09:07:13 +0800] "GET /xingrg/javascript/easyui/easyloader.js HTTP/1.1" 200 5975
114.86.225.151 - - [30/Sep/2021:09:07:13 +0800] "GET /xingrg/javascript/jquery.cookie.js HTTP/1.1" 200 5513
114.86.225.151 - - [30/Sep/2021:09:07:13 +0800] "GET /xingrg/javascript/auto/jquery.autocomplete.js HTTP/1.1" 200 21624
114.86.225.151 - - [30/Sep/2021:09:07:13 +0800] "GET /xingrg/javascript/print/LodopFuncs.js HTTP/1.1" 200 5121
114.86.225.151 - - [30/Sep/2021:09:07:13 +0800] "GET /xingrg/javascript/easyui/themes/icons/edit_add_new.png HTTP/1.1" 200 2997
114.86.225.151 - - [30/Sep/2021:09:07:13 +0800] "GET /xingrg/javascript/easyui/themes/icons/cance_new.png HTTP/1.1" 200 3986
114.86.225.151 - - [30/Sep/2021:09:07:13 +0800] "GET /xingrg/javascript/easyui/themes/icons/check_new.png HTTP/1.1" 200 3224
114.86.225.151 - - [30/Sep/2021:09:07:13 +0800] "GET /xingrg/javascript/easyui/themes/icons/import_new.png HTTP/1.1" 200 1247
114.86.225.151 - - [30/Sep/2021:09:07:13 +0800] "GET /xingrg/javascript/easyui/themes/icons/field_new.png HTTP/1.1" 200 1097
114.86.225.151 - - [30/Sep/2021:09:07:13 +0800] "GET /xingrg/javascript/easyui/plugins/jquery.parser.js HTTP/1.1" 200 1142
114.86.225.151 - - [30/Sep/2021:09:07:13 +0800] "GET /xingrg/images/control/ajaxLoader.gif HTTP/1.1" 200 4659
114.86.225.151 - - [30/Sep/2021:09:07:13 +0800] "POST /xingrg/kc/buy/cgsh_list_operate.html HTTP/1.1" 200 876
222.69.131.205 - - [30/Sep/2021:09:07:14 +0800] "GET /xingrg/kc/base/wldb_order_operate.html?command=get_materiel&rest_code=00154&base_code=0010726&code=00101029094 HTTP/1.1" 200 446
114.86.225.151 - - [30/Sep/2021:09:07:15 +0800] "GET /xingrg/javascript/easyui/themes/default/images/button_plain_hover.png HTTP/1.1" 200 144
222.69.131.205 - - [30/Sep/2021:09:07:15 +0800] "POST /xingrg/all/common/load_select.html HTTP/1.1" 200 25
114.86.225.151 - - [30/Sep/2021:09:07:15 +0800] "GET /xingrg/javascript/convert.js HTTP/1.1" 200 1239
114.86.225.151 - - [30/Sep/2021:09:07:15 +0800] "GET /xingrg/kc/buy/cgsh_order_add.html HTTP/1.1" 200 64594
114.86.225.151 - - [30/Sep/2021:09:07:15 +0800] "GET /xingrg/javascript/jquery_tools/order_manager.js HTTP/1.1" 200 11183
114.86.225.151 - - [30/Sep/2021:09:07:15 +0800] "GET /xingrg/words/20210929121724_words.js HTTP/1.1" 200 852473
114.86.225.151 - - [30/Sep/2021:09:07:15 +0800] "GET /xingrg/javascript/json2.js HTTP/1.1" 200 11259
114.86.225.151 - - [30/Sep/2021:09:07:15 +0800] "GET /xingrg/javascript/print/kc_print.js HTTP/1.1" 200 11415
114.86.225.151 - - [30/Sep/2021:09:07:15 +0800] "GET /xingrg/javascript/easyui/themes/icons/copy_new.png HTTP/1.1" 200 815
114.86.225.151 - - [30/Sep/2021:09:07:15 +0800] "GET /xingrg/javascript/easyui/themes/default/images/menu_downarrow.png HTTP/1.1" 200 173
114.86.225.151 - - [30/Sep/2021:09:07:15 +0800] "GET /xingrg/javascript/easyui/themes/icons/print.png HTTP/1.1" 200 1057
114.86.225.151 - - [30/Sep/2021:09:07:15 +0800] "GET /xingrg/javascript/easyui/themes/icons/template_new.png HTTP/1.1" 200 3956
114.86.225.151 - - [30/Sep/2021:09:07:15 +0800] "GET /xingrg/javascript/easyui/themes/icons/ok.png HTTP/1.1" 200 883
114.86.225.151 - - [30/Sep/2021:09:07:15 +0800] "GET /xingrg/javascript/easyui/themes/icons/cancel.png HTTP/1.1" 200 1133
114.86.225.151 - - [30/Sep/2021:09:07:16 +0800] "POST /xingrg/kc/buy/cgsh_order_operate.html HTTP/1.1" 200 8245
114.86.225.151 - - [30/Sep/2021:09:07:16 +0800] "GET /xingrg/all/common/auto_word.html?type=employee&rest_code=00109 HTTP/1.1" 200 255
114.86.225.151 - - [30/Sep/2021:09:07:16 +0800] "GET /xingrg/javascript/easyui/themes/icons/edit_remove.png HTTP/1.1" 200 625
114.86.225.151 - - [30/Sep/2021:09:07:16 +0800] "GET /xingrg/all/common/auto_word.html?type=employee&rest_code=00109 HTTP/1.1" 200 255
114.86.225.151 - - [30/Sep/2021:09:07:16 +0800] "GET /xingrg/javascript/easyui/themes/default/validatebox.css HTTP/1.1" 404 1104
114.86.225.151 - - [30/Sep/2021:09:07:16 +0800] "GET /xingrg/javascript/easyui/plugins/jquery.validatebox.js HTTP/1.1" 200 6103
114.86.225.151 - - [30/Sep/2021:09:07:16 +0800] "GET /xingrg/javascript/easyui/plugins/jquery.numberbox.js HTTP/1.1" 200 5213
222.69.131.205 - - [30/Sep/2021:09:07:17 +0800] "GET /xingrg/kc/base/wldb_order_operate.html?command=get_materiel_price&rest_code=00154&base_code=0010726&code=00101029094&unit_code=00100179 HTTP/1.1" 200 33
58.39.139.200 - - [30/Sep/2021:09:07:17 +0800] "GET /xingrg/kc/buy/cgsh_order_operate.html?command=get_materiel&rest_code=00105&code=00101002027&supplier_code=00100397&order_time=2021-09-30 HTTP/1.1" 200 433
114.86.225.151 - - [30/Sep/2021:09:07:19 +0800] "GET /xingrg/javascript/jquery_tools/images/prev.gif HTTP/1.1" 404 1086
114.86.225.151 - - [30/Sep/2021:09:07:19 +0800] "GET /xingrg/javascript/jquery_tools/images/next.gif HTTP/1.1" 404 1086
222.69.131.205 - - [30/Sep/2021:09:07:19 +0800] "GET /xingrg/all/function/internal_message.html?_=1632964040174&CODE_STATE=getMsg HTTP/1.1" 200 27
222.69.131.205 - - [30/Sep/2021:09:07:19 +0800] "GET /xingrg/check_reg.html?_=1632964040178 HTTP/1.1" 200 22
120.253.135.82 - - [30/Sep/2021:09:07:20 +0800] "GET /xingrg/all/function/internal_message.html?_=1632963809955&CODE_STATE=getMsg HTTP/1.1" 200 27
116.230.105.26 - - [30/Sep/2021:09:07:21 +0800] "GET /xingrg/kc/buy/cgsh_order_operate.html?command=get_materiel&rest_code=00155&code=00101015038&supplier_code=00100037&order_time=2021-09-30 HTTP/1.1" 200 418
222.70.246.151 - - [30/Sep/2021:09:07:22 +0800] "GET /xingrg/all/function/internal_message.html?_=1632964039066&CODE_STATE=getMsg HTTP/1.1" 200 27
114.86.225.151 - - [30/Sep/2021:09:07:25 +0800] "GET /xingrg/kc/buy/cgsh_order_operate.html?command=get_materiel&rest_code=00109&code=00101008049&supplier_code=00100005&order_time=2021-09-30 HTTP/1.1" 200 408
116.230.105.26 - - [30/Sep/2021:09:07:27 +0800] "GET /xingrg/kc/buy/cgsh_order_operate.html?command=get_materiel&rest_code=00155&code=00101008090&supplier_code=00100037&order_time=2021-09-30 HTTP/1.1" 200 408
114.86.225.151 - - [30/Sep/2021:09:07:32 +0800] "GET /xingrg/kc/buy/cgsh_order_operate.html?command=get_materiel&rest_code=00109&code=00101008351&supplier_code=00100005&order_time=2021-09-30 HTTP/1.1" 200 408
180.152.237.0 - - [30/Sep/2021:09:07:33 +0800] "GET /xingrg/check_reg.html?_=1632964031776 HTTP/1.1" 200 22
116.230.105.26 - - [30/Sep/2021:09:07:33 +0800] "GET /xingrg/kc/buy/cgsh_order_operate.html?command=get_materiel&rest_code=00155&code=00101015107&supplier_code=00100037&order_time=2021-09-30 HTTP/1.1" 200 397
116.238.248.233 - - [30/Sep/2021:09:07:34 +0800] "GET /xingrg/all/function/internal_message.html?_=1632964051840&CODE_STATE=getMsg HTTP/1.1" 200 27
180.152.237.0 - - [30/Sep/2021:09:07:35 +0800] "GET /xingrg/all/function/internal_message.html?_=1632964033819&CODE_STATE=getMsg HTTP/1.1" 200 27
58.39.139.200 - - [30/Sep/2021:09:07:35 +0800] "GET /xingrg/kc/buy/cgsh_order_operate.html?command=get_materiel&rest_code=00105&code=00101001010&supplier_code=00100397&order_time=2021-09-30 HTTP/1.1" 200 409
114.86.225.151 - - [30/Sep/2021:09:07:40 +0800] "GET /xingrg/kc/buy/cgsh_order_operate.html?command=get_materiel&rest_code=00109&code=00101008358&supplier_code=00100005&order_time=2021-09-30 HTTP/1.1" 200 412
116.230.105.26 - - [30/Sep/2021:09:07:40 +0800] "GET /xingrg/kc/buy/cgsh_order_operate.html?command=get_materiel&rest_code=00155&code=00101015012&supplier_code=00100037&order_time=2021-09-30 HTTP/1.1" 200 412
222.69.131.83 - - [30/Sep/2021:09:07:43 +0800] "GET /xingrg/all/function/internal_message.html?_=1632964061779&CODE_STATE=getMsg HTTP/1.1" 200 27
222.70.178.96 - - [30/Sep/2021:09:07:46 +0800] "GET /xingrg/all/function/internal_message.html?_=1632964062220&CODE_STATE=getMsg HTTP/1.1" 200 27
114.86.225.151 - - [30/Sep/2021:09:07:47 +0800] "GET /xingrg/kc/buy/cgsh_order_operate.html?command=get_materiel&rest_code=00109&code=00101008003&supplier_code=00100005&order_time=2021-09-30 HTTP/1.1" 200 408
116.230.105.26 - - [30/Sep/2021:09:07:48 +0800] "GET /xingrg/kc/buy/cgsh_order_operate.html?command=get_materiel&rest_code=00155&code=00101015033&supplier_code=00100037&order_time=2021-09-30 HTTP/1.1" 200 408
114.86.225.151 - - [30/Sep/2021:09:07:53 +0800] "GET /xingrg/kc/buy/cgsh_order_operate.html?command=get_materiel&rest_code=00109&code=00101008148&supplier_code=00100005&order_time=2021-09-30 HTTP/1.1" 200 416
116.230.105.26 - - [30/Sep/2021:09:07:53 +0800] "GET /xingrg/all/function/internal_message.html?_=1632964070143&CODE_STATE=getMsg HTTP/1.1" 200 27
114.85.125.222 - - [30/Sep/2021:09:07:54 +0800] "GET /xingrg/all/function/internal_message.html?_=1632964042594&CODE_STATE=getMsg HTTP/1.1" 200 27
114.86.225.151 - - [30/Sep/2021:09:07:59 +0800] "GET /xingrg/kc/buy/cgsh_order_operate.html?command=get_materiel&rest_code=00109&code=00101008144&supplier_code=00100005&order_time=2021-09-30 HTTP/1.1" 200 412
58.39.139.200 - - [30/Sep/2021:09:08:05 +0800] "POST /xingrg/kc/buy/cgsh_order_operate.html HTTP/1.1" 200 37
114.86.225.151 - - [30/Sep/2021:09:08:05 +0800] "GET /xingrg/kc/buy/cgsh_order_operate.html?command=get_materiel&rest_code=00109&code=00101008067&supplier_code=00100005&order_time=2021-09-30 HTTP/1.1" 200 416
58.39.139.200 - - [30/Sep/2021:09:08:05 +0800] "GET /xingrg/all/function/internal_message.html?_=1632964083674&CODE_STATE=getMsg HTTP/1.1" 200 27
58.39.139.200 - - [30/Sep/2021:09:08:06 +0800] "POST /xingrg/kc/buy/cgsh_order_operate.html HTTP/1.1" 200 4427
114.86.225.151 - - [30/Sep/2021:09:08:06 +0800] "GET /xingrg/all/function/internal_message.html?_=1632964085312&CODE_STATE=getMsg HTTP/1.1" 200 27
58.39.139.200 - - [30/Sep/2021:09:08:07 +0800] "GET /xingrg/kc/print/load_data.html?order_code=212021093013548&kc_code=cgsh&condition= HTTP/1.1" 200 1342
114.86.225.151 - - [30/Sep/2021:09:08:09 +0800] "GET /xingrg/kc/buy/cgsh_order_operate.html?command=get_materiel&rest_code=00109&code=00101008213&supplier_code=00100005&order_time=2021-09-30 HTTP/1.1" 200 412
58.39.139.200 - - [30/Sep/2021:09:08:10 +0800] "GET /xingrg/kc/buy/cgsh_order_add.html HTTP/1.1" 200 64600
58.39.139.200 - - [30/Sep/2021:09:08:10 +0800] "GET /xingrg/javascript/easyui/themes/default/validatebox.css HTTP/1.1" 404 1104
58.39.139.200 - - [30/Sep/2021:09:08:11 +0800] "POST /xingrg/kc/buy/cgsh_order_operate.html HTTP/1.1" 200 8245
114.86.225.151 - - [30/Sep/2021:09:08:15 +0800] "GET /xingrg/kc/buy/cgsh_order_operate.html?command=get_materiel&rest_code=00109&code=00101008256&supplier_code=00100005&order_time=2021-09-30 HTTP/1.1" 200 413
222.70.178.96 - - [30/Sep/2021:09:08:18 +0800] "GET /xingrg/kc/buy/buy_main.html HTTP/1.1" 200 12412
222.70.178.96 - - [30/Sep/2021:09:08:18 +0800] "GET /xingrg/css/new_ie.css HTTP/1.1" 404 1036
222.69.131.205 - - [30/Sep/2021:09:08:19 +0800] "GET /xingrg/all/function/internal_message.html?_=1632964100175&CODE_STATE=getMsg HTTP/1.1" 200 27
120.253.135.82 - - [30/Sep/2021:09:08:20 +0800] "GET /xingrg/all/function/internal_message.html?_=1632963869961&CODE_STATE=getMsg HTTP/1.1" 200 27
114.86.225.151 - - [30/Sep/2021:09:08:21 +0800] "GET /xingrg/kc/buy/cgsh_order_operate.html?command=get_materiel&rest_code=00109&code=00101008257&supplier_code=00100005&order_time=2021-09-30 HTTP/1.1" 200 416
222.70.246.151 - - [30/Sep/2021:09:08:22 +0800] "GET /xingrg/all/function/internal_message.html?_=1632964099072&CODE_STATE=getMsg HTTP/1.1" 200 27
222.70.178.96 - - [30/Sep/2021:09:08:22 +0800] "GET /xingrg/kc/buy/cgsh_order_list.html HTTP/1.1" 200 48815
222.70.178.96 - - [30/Sep/2021:09:08:24 +0800] "POST /xingrg/kc/buy/cgsh_list_operate.html HTTP/1.1" 200 5140
114.86.225.151 - - [30/Sep/2021:09:08:25 +0800] "GET /xingrg/kc/buy/cgsh_order_operate.html?command=get_materiel&rest_code=00109&code=00101008155&supplier_code=00100005&order_time=2021-09-30 HTTP/1.1" 200 408
58.39.139.200 - - [30/Sep/2021:09:08:28 +0800] "GET /xingrg/system/info/materiel_import.html?isSelect=1&singleSelect=false HTTP/1.1" 200 5600
58.39.139.200 - - [30/Sep/2021:09:08:28 +0800] "GET /xingrg/css/xtree.css HTTP/1.1" 304 -
58.39.139.200 - - [30/Sep/2021:09:08:28 +0800] "GET /xingrg/javascript/jquery_ui/themes/base/base.css HTTP/1.1" 304 -
58.39.139.200 - - [30/Sep/2021:09:08:28 +0800] "POST /xingrg/all/common/load_tree.html?tree=materiel_sort_tree_json HTTP/1.1" 200 8912
58.39.139.200 - - [30/Sep/2021:09:08:28 +0800] "GET /xingrg/javascript/jquery_easy_ui/themes/default/images/button_a_bg.gif HTTP/1.1" 304 -
58.39.139.200 - - [30/Sep/2021:09:08:28 +0800] "GET /xingrg/javascript/jquery_easy_ui/themes/default/images/pagination_last.gif HTTP/1.1" 304 -
58.39.139.200 - - [30/Sep/2021:09:08:28 +0800] "GET /xingrg/javascript/jquery_easy_ui/themes/default/images/button_span_bg.gif HTTP/1.1" 304 -
58.39.139.200 - - [30/Sep/2021:09:08:28 +0800] "GET /favicon.ico HTTP/1.1" 404 -
58.39.139.200 - - [30/Sep/2021:09:08:28 +0800] "GET /xingrg/javascript/jquery_easy_ui/themes/icons/check_new.png HTTP/1.1" 304 -
58.39.139.200 - - [30/Sep/2021:09:08:28 +0800] "GET /xingrg/javascript/jquery_easy_ui/themes/default/images/pagination_first.gif HTTP/1.1" 304 -
58.39.139.200 - - [30/Sep/2021:09:08:28 +0800] "GET /xingrg/javascript/jquery_easy_ui/themes/icons/search.png HTTP/1.1" 304 -
58.39.139.200 - - [30/Sep/2021:09:08:28 +0800] "GET /xingrg/javascript/jquery_easy_ui/themes/icons/edit_add.png HTTP/1.1" 304 -
58.39.139.200 - - [30/Sep/2021:09:08:28 +0800] "GET /xingrg/javascript/jquery_easy_ui/themes/default/images/datagrid_header_bg.gif HTTP/1.1" 304 -
58.39.139.200 - - [30/Sep/2021:09:08:28 +0800] "GET /xingrg/javascript/jquery_easy_ui/themes/default/images/pagination_load.png HTTP/1.1" 304 -
58.39.139.200 - - [30/Sep/2021:09:08:28 +0800] "GET /xingrg/javascript/jquery_easy_ui/themes/default/images/pagination_next.gif HTTP/1.1" 304 -
58.39.139.200 - - [30/Sep/2021:09:08:28 +0800] "GET /xingrg/javascript/jquery_easy_ui/themes/default/images/pagination_prev.gif HTTP/1.1" 304 -
116.238.248.233 - - [30/Sep/2021:09:08:28 +0800] "GET /xingrg/kc/buy/cgsh_order_operate.html?command=get_materiel&rest_code=00151&code=00101008098&supplier_code=00100007&order_time=2021-09-30 HTTP/1.1" 200 412
114.86.225.151 - - [30/Sep/2021:09:08:31 +0800] "GET /xingrg/kc/buy/cgsh_order_operate.html?command=get_materiel&rest_code=00109&code=00101008350&supplier_code=00100005&order_time=2021-09-30 HTTP/1.1" 200 429
116.238.248.233 - - [30/Sep/2021:09:08:34 +0800] "GET /xingrg/check_reg.html?_=1632964111820 HTTP/1.1" 200 22
116.238.248.233 - - [30/Sep/2021:09:08:34 +0800] "GET /xingrg/all/function/internal_message.html?_=1632964111823&CODE_STATE=getMsg HTTP/1.1" 200 27
180.152.237.0 - - [30/Sep/2021:09:08:35 +0800] "GET /xingrg/all/function/internal_message.html?_=1632964094143&CODE_STATE=getMsg HTTP/1.1" 200 27
116.238.248.233 - - [30/Sep/2021:09:08:35 +0800] "GET /xingrg/kc/buy/cgsh_order_operate.html?command=get_materiel&rest_code=00151&code=00101008257&supplier_code=00100007&order_time=2021-09-30 HTTP/1.1" 200 416
114.86.225.151 - - [30/Sep/2021:09:08:36 +0800] "GET /xingrg/kc/buy/cgsh_order_operate.html?command=get_materiel&rest_code=00109&code=00101008354&supplier_code=00100005&order_time=2021-09-30 HTTP/1.1" 200 412
222.69.131.83 - - [30/Sep/2021:09:08:43 +0800] "GET /xingrg/check_reg.html?_=1632964121420 HTTP/1.1" 200 22
222.69.131.83 - - [30/Sep/2021:09:08:43 +0800] "GET /xingrg/all/function/internal_message.html?_=1632964121763&CODE_STATE=getMsg HTTP/1.1" 200 27
116.238.248.233 - - [30/Sep/2021:09:08:43 +0800] "GET /xingrg/kc/buy/cgsh_order_operate.html?command=get_materiel&rest_code=00151&code=00101008118&supplier_code=00100007&order_time=2021-09-30 HTTP/1.1" 200 418
222.70.246.151 - - [30/Sep/2021:09:08:44 +0800] "GET /favicon.ico HTTP/1.1" 404 -
114.86.225.151 - - [30/Sep/2021:09:08:46 +0800] "GET /xingrg/kc/buy/cgsh_order_operate.html?command=get_materiel&rest_code=00109&code=00101008110&supplier_code=00100005&order_time=2021-09-30 HTTP/1.1" 200 408
222.70.178.96 - - [30/Sep/2021:09:08:46 +0800] "GET /xingrg/all/function/internal_message.html?_=1632964122218&CODE_STATE=getMsg HTTP/1.1" 200 27
116.238.248.233 - - [30/Sep/2021:09:08:47 +0800] "POST /xingrg/kc/buy/cgsh_order_operate.html HTTP/1.1" 200 2065
114.86.225.151 - - [30/Sep/2021:09:08:52 +0800] "GET /xingrg/kc/buy/cgsh_order_operate.html?command=get_materiel&rest_code=00109&code=00101008096&supplier_code=00100005&order_time=2021-09-30 HTTP/1.1" 200 412
222.70.178.96 - - [30/Sep/2021:09:08:52 +0800] "POST /xingrg/kc/buy/cgsh_list_operate.html HTTP/1.1" 200 4
116.230.105.26 - - [30/Sep/2021:09:08:53 +0800] "GET /xingrg/kc/buy/cgsh_order_operate.html?command=get_materiel&rest_code=00155&code=00101010136&supplier_code=00100037&order_time=2021-09-30 HTTP/1.1" 200 408
116.230.105.26 - - [30/Sep/2021:09:08:53 +0800] "GET /xingrg/all/function/internal_message.html?_=1632964130117&CODE_STATE=getMsg HTTP/1.1" 200 27
116.238.248.233 - - [30/Sep/2021:09:08:54 +0800] "GET /xingrg/kc/buy/cgsh_order_operate.html?command=get_materiel&rest_code=00151&code=00101008209&supplier_code=00100007&order_time=2021-09-30 HTTP/1.1" 200 409
114.85.125.222 - - [30/Sep/2021:09:08:54 +0800] "GET /xingrg/all/function/internal_message.html?_=1632964102702&CODE_STATE=getMsg HTTP/1.1" 200 27
222.70.178.96 - - [30/Sep/2021:09:08:56 +0800] "POST /xingrg/kc/buy/cgsh_list_operate.html HTTP/1.1" 200 5054
114.86.225.151 - - [30/Sep/2021:09:08:57 +0800] "GET /xingrg/kc/buy/cgsh_order_operate.html?command=get_materiel&rest_code=00109&code=00101008163&supplier_code=00100005&order_time=2021-09-30 HTTP/1.1" 200 409
222.69.131.83 - - [30/Sep/2021:09:09:01 +0800] "GET /xingrg/kc/buy/cgsh_order_operate.html?command=get_materiel&rest_code=00149&code=00101008306&supplier_code=00100005&order_time=2021-09-30 HTTP/1.1" 200 412
114.86.225.151 - - [30/Sep/2021:09:09:02 +0800] "GET /xingrg/kc/buy/cgsh_order_operate.html?command=get_materiel&rest_code=00109&code=00101008141&supplier_code=00100005&order_time=2021-09-30 HTTP/1.1" 200 412
58.39.139.200 - - [30/Sep/2021:09:09:05 +0800] "GET /xingrg/all/function/internal_message.html?_=1632964143705&CODE_STATE=getMsg HTTP/1.1" 200 27
114.86.225.151 - - [30/Sep/2021:09:09:06 +0800] "GET /xingrg/all/function/internal_message.html?_=1632964145295&CODE_STATE=getMsg HTTP/1.1" 200 27
114.86.225.151 - - [30/Sep/2021:09:09:07 +0800] "GET /xingrg/kc/buy/cgsh_order_operate.html?command=get_materiel&rest_code=00109&code=00101008148&supplier_code=00100005&order_time=2021-09-30 HTTP/1.1" 200 416
116.230.105.26 - - [30/Sep/2021:09:09:09 +0800] "GET /xingrg/kc/buy/cgsh_order_operate.html?command=get_materiel&rest_code=00155&code=00101016025&supplier_code=00100037&order_time=2021-09-30 HTTP/1.1" 200 408
116.238.248.233 - - [30/Sep/2021:09:09:12 +0800] "GET /xingrg/kc/buy/cgsh_order_operate.html?command=get_materiel&rest_code=00151&code=00101008300&supplier_code=00100007&order_time=2021-09-30 HTTP/1.1" 200 412
114.86.225.151 - - [30/Sep/2021:09:09:12 +0800] "GET /xingrg/kc/buy/cgsh_order_operate.html?command=get_materiel&rest_code=00109&code=00101008264&supplier_code=00100005&order_time=2021-09-30 HTTP/1.1" 200 412
114.86.225.151 - - [30/Sep/2021:09:09:13 +0800] "POST /xingrg/kc/buy/cgsh_order_operate.html HTTP/1.1" 200 2065
114.86.225.151 - - [30/Sep/2021:09:09:17 +0800] "GET /xingrg/kc/buy/cgsh_order_operate.html?command=get_materiel&rest_code=00109&code=00101008362&supplier_code=00100005&order_time=2021-09-30 HTTP/1.1" 200 409
116.238.248.233 - - [30/Sep/2021:09:09:18 +0800] "GET /xingrg/kc/buy/cgsh_order_operate.html?command=get_materiel&rest_code=00151&code=00101008286&supplier_code=00100007&order_time=2021-09-30 HTTP/1.1" 200 408
222.69.131.205 - - [30/Sep/2021:09:09:19 +0800] "GET /xingrg/all/function/internal_message.html?_=1632964160171&CODE_STATE=getMsg HTTP/1.1" 200 27
120.253.135.82 - - [30/Sep/2021:09:09:20 +0800] "GET /xingrg/all/function/internal_message.html?_=1632963930131&CODE_STATE=getMsg HTTP/1.1" 200 27
116.230.105.26 - - [30/Sep/2021:09:09:22 +0800] "GET /xingrg/kc/buy/cgsh_order_operate.html?command=get_materiel&rest_code=00155&code=00101015035&supplier_code=00100037&order_time=2021-09-30 HTTP/1.1" 200 410
222.70.246.151 - - [30/Sep/2021:09:09:22 +0800] "GET /xingrg/all/function/internal_message.html?_=1632964159142&CODE_STATE=getMsg HTTP/1.1" 200 27
116.238.248.233 - - [30/Sep/2021:09:09:24 +0800] "GET /xingrg/kc/buy/cgsh_order_operate.html?command=get_materiel&rest_code=00151&code=00101016080&supplier_code=00100007&order_time=2021-09-30 HTTP/1.1" 200 408
114.86.225.151 - - [30/Sep/2021:09:09:26 +0800] "GET /xingrg/kc/buy/cgsh_order_operate.html?command=get_materiel&rest_code=00109&code=00101008357&supplier_code=00100005&order_time=2021-09-30 HTTP/1.1" 200 408
116.230.105.26 - - [30/Sep/2021:09:09:30 +0800] "GET /xingrg/kc/buy/cgsh_order_operate.html?command=get_materiel&rest_code=00155&code=00101011004&supplier_code=00100037&order_time=2021-09-30 HTTP/1.1" 200 412
114.86.225.151 - - [30/Sep/2021:09:09:30 +0800] "GET /xingrg/kc/buy/cgsh_order_operate.html?command=get_materiel&rest_code=00109&code=00101008230&supplier_code=00100005&order_time=2021-09-30 HTTP/1.1" 200 408
116.238.248.233 - - [30/Sep/2021:09:09:34 +0800] "GET /xingrg/all/function/internal_message.html?_=1632964171823&CODE_STATE=getMsg HTTP/1.1" 200 27
222.70.178.96 - - [30/Sep/2021:09:09:34 +0800] "POST /xingrg/kc/buy/cgsh_list_operate.html HTTP/1.1" 200 4
180.152.237.0 - - [30/Sep/2021:09:09:35 +0800] "GET /xingrg/all/function/internal_message.html?_=1632964154165&CODE_STATE=getMsg HTTP/1.1" 200 27
116.238.248.233 - - [30/Sep/2021:09:09:35 +0800] "GET /xingrg/kc/buy/cgsh_order_operate.html?command=get_materiel&rest_code=00151&code=00101008088&supplier_code=00100007&order_time=2021-09-30 HTTP/1.1" 200 408
114.86.225.151 - - [30/Sep/2021:09:09:35 +0800] "GET /xingrg/kc/buy/cgsh_order_operate.html?command=get_materiel&rest_code=00109&code=00101008069&supplier_code=00100005&order_time=2021-09-30 HTTP/1.1" 200 412
116.238.248.233 - - [30/Sep/2021:09:09:38 +0800] "POST /xingrg/kc/buy/cgsh_order_operate.html HTTP/1.1" 200 2065
116.230.105.26 - - [30/Sep/2021:09:09:38 +0800] "GET /xingrg/kc/buy/cgsh_order_operate.html?command=get_materiel&rest_code=00155&code=00101009057&supplier_code=00100037&order_time=2021-09-30 HTTP/1.1" 200 408
222.69.131.83 - - [30/Sep/2021:09:09:38 +0800] "GET /xingrg/kc/buy/cgsh_order_operate.html?command=get_materiel&rest_code=00149&code=00101008010&supplier_code=00100005&order_time=2021-09-30 HTTP/1.1" 200 412
114.86.225.151 - - [30/Sep/2021:09:09:40 +0800] "GET /xingrg/kc/buy/cgsh_order_operate.html?command=get_materiel&rest_code=00109&code=00101008286&supplier_code=00100005&order_time=2021-09-30 HTTP/1.1" 200 408
222.70.178.96 - - [30/Sep/2021:09:09:40 +0800] "POST /xingrg/kc/buy/cgsh_list_operate.html HTTP/1.1" 200 2038
114.86.225.151 - - [30/Sep/2021:09:09:42 +0800] "POST /xingrg/kc/buy/cgsh_order_operate.html HTTP/1.1" 200 2065
222.69.131.83 - - [30/Sep/2021:09:09:43 +0800] "GET /xingrg/all/function/internal_message.html?_=1632964181739&CODE_STATE=getMsg HTTP/1.1" 200 27
116.238.248.233 - - [30/Sep/2021:09:09:43 +0800] "GET /xingrg/kc/buy/cgsh_order_operate.html?command=get_materiel&rest_code=00151&code=00101016025&supplier_code=00100007&order_time=2021-09-30 HTTP/1.1" 200 408
114.86.225.151 - - [30/Sep/2021:09:09:46 +0800] "GET /xingrg/kc/buy/cgsh_order_operate.html?command=get_materiel&rest_code=00109&code=00101008318&supplier_code=00100005&order_time=2021-09-30 HTTP/1.1" 200 408
222.70.178.96 - - [30/Sep/2021:09:09:46 +0800] "GET /xingrg/all/function/internal_message.html?_=1632964182197&CODE_STATE=getMsg HTTP/1.1" 200 27
58.39.139.200 - - [30/Sep/2021:09:09:48 +0800] "GET /xingrg/kc/buy/cgsh_order_operate.html?command=get_materiel&rest_code=00105&code=00101008196&supplier_code=00100203&order_time=2021-09-30 HTTP/1.1" 200 416
116.238.248.233 - - [30/Sep/2021:09:09:49 +0800] "GET /xingrg/kc/buy/cgsh_order_operate.html?command=get_materiel&rest_code=00151&code=00101008353&supplier_code=00100007&order_time=2021-09-30 HTTP/1.1" 200 408
222.70.178.96 - - [30/Sep/2021:09:09:49 +0800] "POST /xingrg/kc/buy/cgsh_list_operate.html HTTP/1.1" 200 4
116.230.105.26 - - [30/Sep/2021:09:09:49 +0800] "GET /xingrg/kc/buy/cgsh_order_operate.html?command=get_materiel&rest_code=00155&code=00101020342&supplier_code=00100037&order_time=2021-09-30 HTTP/1.1" 200 423
114.86.225.151 - - [30/Sep/2021:09:09:51 +0800] "GET /xingrg/kc/buy/cgsh_order_operate.html?command=get_materiel&rest_code=00109&code=00101008352&supplier_code=00100005&order_time=2021-09-30 HTTP/1.1" 200 412
222.70.178.96 - - [30/Sep/2021:09:09:51 +0800] "POST /xingrg/kc/buy/cgsh_list_operate.html HTTP/1.1" 200 876
116.230.105.26 - - [30/Sep/2021:09:09:53 +0800] "GET /xingrg/all/function/internal_message.html?_=1632964190099&CODE_STATE=getMsg HTTP/1.1" 200 27
116.230.105.26 - - [30/Sep/2021:09:09:53 +0800] "GET /xingrg/check_reg.html?_=1632964190335 HTTP/1.1" 200 22
114.85.125.222 - - [30/Sep/2021:09:09:54 +0800] "GET /xingrg/all/function/internal_message.html?_=1632964162715&CODE_STATE=getMsg HTTP/1.1" 200 27
222.69.131.83 - - [30/Sep/2021:09:09:54 +0800] "GET /xingrg/kc/buy/cgsh_order_operate.html?command=get_materiel&rest_code=00149&code=00101008430&supplier_code=00100005&order_time=2021-09-30 HTTP/1.1" 200 392
58.39.139.200 - - [30/Sep/2021:09:09:56 +0800] "GET /xingrg/kc/buy/cgsh_order_operate.html?command=get_materiel&rest_code=00105&code=00101008197&supplier_code=00100203&order_time=2021-09-30 HTTP/1.1" 200 416
114.86.225.151 - - [30/Sep/2021:09:09:56 +0800] "GET /xingrg/kc/buy/cgsh_order_operate.html?command=get_materiel&rest_code=00109&code=00101008098&supplier_code=00100005&order_time=2021-09-30 HTTP/1.1" 200 412
116.238.248.233 - - [30/Sep/2021:09:09:58 +0800] "GET /xingrg/kc/buy/cgsh_order_operate.html?command=get_materiel&rest_code=00151&code=00101008362&supplier_code=00100007&order_time=2021-09-30 HTTP/1.1" 200 409
114.86.225.151 - - [30/Sep/2021:09:10:01 +0800] "GET /xingrg/kc/buy/cgsh_order_operate.html?command=get_materiel&rest_code=00109&code=00101008005&supplier_code=00100005&order_time=2021-09-30 HTTP/1.1" 200 412
222.70.178.96 - - [30/Sep/2021:09:10:03 +0800] "GET /xingrg/kc/base/base_main.html HTTP/1.1" 200 12142
58.39.139.200 - - [30/Sep/2021:09:10:04 +0800] "GET /xingrg/kc/buy/cgsh_order_operate.html?command=get_materiel&rest_code=00105&code=00101008558&supplier_code=00100203&order_time=2021-09-30 HTTP/1.1" 200 395
222.70.178.96 - - [30/Sep/2021:09:10:05 +0800] "GET /xingrg/kc/base/wldb_order_list.html HTTP/1.1" 200 19224
222.69.131.83 - - [30/Sep/2021:09:10:05 +0800] "POST /xingrg/kc/buy/cgsh_order_operate.html HTTP/1.1" 200 2065
222.70.246.151 - - [30/Sep/2021:09:10:05 +0800] "GET /xingrg/check_reg.html?_=1632964202129 HTTP/1.1" 200 22
222.70.178.96 - - [30/Sep/2021:09:10:05 +0800] "POST /xingrg/kc/base/wldb_list_operate.html HTTP/1.1" 200 4855
58.39.139.200 - - [30/Sep/2021:09:10:05 +0800] "GET /xingrg/all/function/internal_message.html?_=1632964203662&CODE_STATE=getMsg HTTP/1.1" 200 27
116.238.248.233 - - [30/Sep/2021:09:10:06 +0800] "GET /xingrg/kc/buy/cgsh_order_operate.html?command=get_materiel&rest_code=00151&code=00101008017&supplier_code=00100007&order_time=2021-09-30 HTTP/1.1" 200 416
114.86.225.151 - - [30/Sep/2021:09:10:06 +0800] "GET /xingrg/all/function/internal_message.html?_=1632964205302&CODE_STATE=getMsg HTTP/1.1" 200 27
114.86.225.151 - - [30/Sep/2021:09:10:08 +0800] "GET /xingrg/kc/buy/cgsh_order_operate.html?command=get_materiel&rest_code=00109&code=00101008312&supplier_code=00100005&order_time=2021-09-30 HTTP/1.1" 200 412
114.86.225.151 - - [30/Sep/2021:09:10:09 +0800] "POST /xingrg/kc/buy/cgsh_order_operate.html HTTP/1.1" 200 2065
58.39.139.200 - - [30/Sep/2021:09:10:11 +0800] "GET /xingrg/kc/buy/cgsh_order_operate.html?command=get_materiel&rest_code=00105&code=00101008230&supplier_code=00100203&order_time=2021-09-30 HTTP/1.1" 200 408
116.238.248.233 - - [30/Sep/2021:09:10:11 +0800] "GET /xingrg/kc/buy/cgsh_order_operate.html?command=get_materiel&rest_code=00151&code=00101008137&supplier_code=00100007&order_time=2021-09-30 HTTP/1.1" 200 427
114.86.225.151 - - [30/Sep/2021:09:10:13 +0800] "GET /xingrg/kc/buy/cgsh_order_operate.html?command=get_materiel&rest_code=00109&code=00101008095&supplier_code=00100005&order_time=2021-09-30 HTTP/1.1" 200 412
