180.152.125.3 - - [21/Sep/2021:11:37:41 +0800] "GET /xingrg/javascript/easyui/themes/default/validatebox.css HTTP/1.1" 404 1104
180.152.125.3 - - [21/Sep/2021:11:37:42 +0800] "POST /xingrg/kc/buy/cgsh_order_operate.html HTTP/1.1" 200 603
180.152.125.3 - - [21/Sep/2021:11:37:42 +0800] "GET /xingrg/kc/print/load_data.html?order_code=212021092109572&kc_code=cgsh&condition= HTTP/1.1" 200 701
116.237.74.154 - - [21/Sep/2021:11:37:43 +0800] "GET /xingrg/all/function/internal_message.html?_=1632195466529&CODE_STATE=getMsg HTTP/1.1" 200 27
116.237.74.154 - - [21/Sep/2021:11:37:44 +0800] "POST /xingrg/kc/buy/cgsh_order_operate.html HTTP/1.1" 200 12
116.237.74.154 - - [21/Sep/2021:11:37:45 +0800] "GET /xingrg/kc/buy/cgsh_order_info.html?code=212021092109573 HTTP/1.1" 200 58395
116.237.74.154 - - [21/Sep/2021:11:37:45 +0800] "GET /xingrg/javascript/easyui/themes/default/validatebox.css HTTP/1.1" 404 1104
116.237.74.154 - - [21/Sep/2021:11:37:45 +0800] "POST /xingrg/kc/buy/cgsh_order_operate.html HTTP/1.1" 200 604
180.152.125.3 - - [21/Sep/2021:11:37:46 +0800] "GET /xingrg/kc/buy/cgsh_order_add.html HTTP/1.1" 200 63447
180.152.125.3 - - [21/Sep/2021:11:37:47 +0800] "POST /xingrg/kc/buy/cgsh_order_operate.html HTTP/1.1" 200 8245
180.152.125.3 - - [21/Sep/2021:11:37:47 +0800] "GET /xingrg/javascript/easyui/themes/default/validatebox.css HTTP/1.1" 404 1104
180.152.125.3 - - [21/Sep/2021:11:37:48 +0800] "GET /xingrg/kc/base/wldb_order_list.html HTTP/1.1" 200 19224
116.237.74.154 - - [21/Sep/2021:11:37:48 +0800] "GET /xingrg/kc/print/load_data.html?order_code=212021092109573&kc_code=cgsh&condition= HTTP/1.1" 200 702
180.152.125.3 - - [21/Sep/2021:11:37:48 +0800] "GET /xingrg/javascript/jquery_tools/list_manager.js HTTP/1.1" 200 3652
180.152.125.3 - - [21/Sep/2021:11:37:48 +0800] "POST /xingrg/kc/base/wldb_list_operate.html HTTP/1.1" 200 928
58.40.7.146 - - [21/Sep/2021:11:37:48 +0800] "GET /xingrg/all/function/internal_message.html?_=1632195472387&CODE_STATE=getMsg HTTP/1.1" 302 -
124.79.246.142 - - [21/Sep/2021:11:37:50 +0800] "GET /xingrg/kc/buy/cgsh_order_add.html HTTP/1.1" 200 63488
58.37.227.186 - - [21/Sep/2021:11:37:50 +0800] "GET /xingrg/kc/buy/cgsh_order_operate.html?command=get_materiel&rest_code=00141&code=00101007089&supplier_code=00100323&order_time=2021-09-21 HTTP/1.1" 200 410
180.152.125.3 - - [21/Sep/2021:11:37:50 +0800] "GET /xingrg/kc/base/wldb_order_add.html HTTP/1.1" 200 30434
124.79.246.142 - - [21/Sep/2021:11:37:50 +0800] "POST /xingrg/kc/buy/cgsh_order_operate.html HTTP/1.1" 200 8245
124.79.246.142 - - [21/Sep/2021:11:37:50 +0800] "GET /xingrg/javascript/easyui/themes/default/validatebox.css HTTP/1.1" 404 1104
180.152.125.3 - - [21/Sep/2021:11:37:50 +0800] "POST /xingrg/kc/base/wldb_order_operate.html HTTP/1.1" 200 6806
180.152.125.3 - - [21/Sep/2021:11:37:51 +0800] "GET /xingrg/all/common/auto_word.html?type=base&rest_code=00102 HTTP/1.1" 200 1711
180.152.125.3 - - [21/Sep/2021:11:37:51 +0800] "GET /xingrg/all/common/auto_word.html?type=base&rest_code=00102 HTTP/1.1" 200 1711
180.152.125.3 - - [21/Sep/2021:11:37:51 +0800] "GET /xingrg/javascript/easyui/themes/default/validatebox.css HTTP/1.1" 404 1104
180.152.125.3 - - [21/Sep/2021:11:37:51 +0800] "POST /xingrg/all/common/load_combo.html?type=base HTTP/1.1" 200 3060
180.152.125.3 - - [21/Sep/2021:11:37:52 +0800] "GET /xingrg/all/function/internal_message.html?_=1632195477458&CODE_STATE=getMsg HTTP/1.1" 200 27
116.237.74.154 - - [21/Sep/2021:11:37:52 +0800] "GET /xingrg/kc/buy/cgsh_order_add.html HTTP/1.1" 200 63482
116.237.74.154 - - [21/Sep/2021:11:37:53 +0800] "POST /xingrg/kc/buy/cgsh_order_operate.html HTTP/1.1" 200 8245
116.237.74.154 - - [21/Sep/2021:11:37:53 +0800] "GET /xingrg/javascript/easyui/themes/default/validatebox.css HTTP/1.1" 404 1104
180.152.125.3 - - [21/Sep/2021:11:37:54 +0800] "POST /xingrg/all/common/load_combo.html?type=base HTTP/1.1" 200 3060
116.237.74.154 - - [21/Sep/2021:11:37:54 +0800] "GET /xingrg/javascript/easyui/themes/default/tree.css HTTP/1.1" 404 1090
116.237.74.154 - - [21/Sep/2021:11:37:55 +0800] "POST /xingrg/all/common/load_tree.html?tree=supplier_tree_json&isDelete=1 HTTP/1.1" 200 57803
58.39.139.200 - - [21/Sep/2021:11:37:55 +0800] "GET /xingrg/kc/buy/cgsh_order_operate.html?command=get_materiel&rest_code=00105&code=00102010527&supplier_code=00100151&order_time=2021-09-21 HTTP/1.1" 200 413
180.152.125.3 - - [21/Sep/2021:11:37:56 +0800] "GET /xingrg/kc/buy/cgsh_order_operate.html?command=get_materiel&rest_code=00102&code=00101001127&supplier_code=00100442&order_time=2021-09-21 HTTP/1.1" 200 431
116.230.105.26 - - [21/Sep/2021:11:37:57 +0800] "GET /xingrg/all/function/internal_message.html?_=1632195464555&CODE_STATE=getMsg HTTP/1.1" 200 27
58.37.227.186 - - [21/Sep/2021:11:38:00 +0800] "POST /xingrg/kc/buy/cgsh_order_operate.html HTTP/1.1" 200 37
117.184.7.30 - - [21/Sep/2021:11:38:01 +0800] "GET /xingrg/all/function/internal_message.html?_=1632195480725&CODE_STATE=getMsg HTTP/1.1" 200 27
114.83.219.92 - - [21/Sep/2021:11:38:02 +0800] "GET /xingrg/all/function/internal_message.html?_=1632195485394&CODE_STATE=getMsg HTTP/1.1" 200 27
114.86.224.104 - - [21/Sep/2021:11:38:02 +0800] "GET /xingrg/all/function/internal_message.html?_=1632195488717&CODE_STATE=getMsg HTTP/1.1" 200 27
114.86.224.104 - - [21/Sep/2021:11:38:02 +0800] "GET /xingrg/check_reg.html?_=1632195488718 HTTP/1.1" 200 22
58.37.227.186 - - [21/Sep/2021:11:38:03 +0800] "POST /xingrg/kc/buy/cgsh_order_operate.html HTTP/1.1" 200 12
180.152.125.3 - - [21/Sep/2021:11:38:04 +0800] "GET /xingrg/kc/buy/cgsh_order_operate.html?command=get_materiel&rest_code=00102&code=00101006166&supplier_code=00100442&order_time=2021-09-21 HTTP/1.1" 200 423
58.37.227.186 - - [21/Sep/2021:11:38:04 +0800] "GET /xingrg/kc/buy/cgsh_order_info.html?code=212021092109574 HTTP/1.1" 200 58400
58.37.227.186 - - [21/Sep/2021:11:38:05 +0800] "GET /xingrg/javascript/easyui/themes/default/validatebox.css HTTP/1.1" 404 1104
58.37.227.186 - - [21/Sep/2021:11:38:05 +0800] "POST /xingrg/kc/buy/cgsh_order_operate.html HTTP/1.1" 200 3578
124.79.246.142 - - [21/Sep/2021:11:38:05 +0800] "GET /xingrg/javascript/jquery_tools/images/prev.gif HTTP/1.1" 404 1086
124.79.246.142 - - [21/Sep/2021:11:38:05 +0800] "GET /xingrg/javascript/jquery_tools/images/next.gif HTTP/1.1" 404 1086
58.37.227.186 - - [21/Sep/2021:11:38:06 +0800] "GET /xingrg/kc/print/load_data.html?order_code=212021092109574&kc_code=cgsh&condition= HTTP/1.1" 200 1852
180.162.111.5 - - [21/Sep/2021:11:38:08 +0800] "GET /xingrg/check_reg.html?_=1632195044348 HTTP/1.1" 200 22
180.162.111.5 - - [21/Sep/2021:11:38:08 +0800] "GET /xingrg/all/function/internal_message.html?_=1632195044345&CODE_STATE=getMsg HTTP/1.1" 200 27
116.238.248.233 - - [21/Sep/2021:11:38:10 +0800] "GET /xingrg/all/function/internal_message.html?_=1632195494045&CODE_STATE=getMsg HTTP/1.1" 200 27
180.152.125.3 - - [21/Sep/2021:11:38:11 +0800] "GET /xingrg/kc/buy/cgsh_order_operate.html?command=get_materiel&rest_code=00102&code=00101010719&supplier_code=00100442&order_time=2021-09-21 HTTP/1.1" 200 392
116.237.74.154 - - [21/Sep/2021:11:38:13 +0800] "GET /xingrg/kc/buy/cgsh_order_operate.html?command=get_materiel&rest_code=00106&code=00101010079&supplier_code=00100336&order_time=2021-09-21 HTTP/1.1" 200 413
124.79.246.142 - - [21/Sep/2021:11:38:15 +0800] "GET /xingrg/kc/buy/cgsh_order_operate.html?command=get_materiel&rest_code=00104&code=00101007022&supplier_code=00100003&order_time=2021-09-21 HTTP/1.1" 200 413
180.152.125.3 - - [21/Sep/2021:11:38:16 +0800] "GET /xingrg/kc/buy/cgsh_order_operate.html?command=get_materiel&rest_code=00102&code=00101010658&supplier_code=00100442&order_time=2021-09-21 HTTP/1.1" 200 395
58.37.227.186 - - [21/Sep/2021:11:38:18 +0800] "GET /xingrg/kc/buy/cgsh_order_add.html HTTP/1.1" 200 63488
58.37.227.186 - - [21/Sep/2021:11:38:18 +0800] "POST /xingrg/kc/buy/cgsh_order_operate.html HTTP/1.1" 200 8245
58.37.227.186 - - [21/Sep/2021:11:38:19 +0800] "GET /xingrg/javascript/easyui/themes/default/validatebox.css HTTP/1.1" 404 1104
180.152.125.3 - - [21/Sep/2021:11:38:22 +0800] "GET /xingrg/kc/buy/cgsh_order_operate.html?command=get_materiel&rest_code=00102&code=00101002041&supplier_code=00100442&order_time=2021-09-21 HTTP/1.1" 200 409
116.237.74.154 - - [21/Sep/2021:11:38:24 +0800] "GET /xingrg/all/function/internal_message.html?_=1632195507453&CODE_STATE=getMsg HTTP/1.1" 200 27
116.237.74.154 - - [21/Sep/2021:11:38:26 +0800] "POST /xingrg/kc/buy/cgsh_order_operate.html HTTP/1.1" 200 37
58.37.227.186 - - [21/Sep/2021:11:38:27 +0800] "GET /xingrg/kc/buy/cgsh_order_operate.html?command=get_materiel&rest_code=00141&code=00101010785&supplier_code=00100323&order_time=2021-09-21 HTTP/1.1" 200 447
114.85.125.222 - - [21/Sep/2021:11:38:28 +0800] "GET /xingrg/all/function/internal_message.html?_=1632195491718&CODE_STATE=getMsg HTTP/1.1" 200 27
222.70.179.190 - - [21/Sep/2021:11:38:29 +0800] "GET /xingrg/all/function/internal_message.html?_=1632195511253&CODE_STATE=getMsg HTTP/1.1" 200 27
222.70.179.190 - - [21/Sep/2021:11:38:29 +0800] "GET /xingrg/check_reg.html?_=1632195511412 HTTP/1.1" 200 22
222.70.246.151 - - [21/Sep/2021:11:38:30 +0800] "GET /xingrg/all/function/internal_message.html?_=1632195519850&CODE_STATE=getMsg HTTP/1.1" 200 27
180.169.147.146 - - [21/Sep/2021:11:38:31 +0800] "GET /xingrg/all/function/internal_message.html?_=1632195515931&CODE_STATE=getMsg HTTP/1.1" 200 27
180.169.147.146 - - [21/Sep/2021:11:38:31 +0800] "GET /xingrg/check_reg.html?_=1632195515936 HTTP/1.1" 200 22
116.237.74.154 - - [21/Sep/2021:11:38:31 +0800] "POST /xingrg/kc/buy/cgsh_order_operate.html HTTP/1.1" 200 12
180.152.125.3 - - [21/Sep/2021:11:38:34 +0800] "POST /xingrg/kc/buy/cgsh_order_operate.html HTTP/1.1" 200 37
116.237.74.154 - - [21/Sep/2021:11:38:34 +0800] "GET /xingrg/kc/buy/cgsh_order_info.html?code=212021092109575 HTTP/1.1" 200 58391
116.237.74.154 - - [21/Sep/2021:11:38:34 +0800] "GET /xingrg/javascript/easyui/themes/default/validatebox.css HTTP/1.1" 404 1104
116.237.74.154 - - [21/Sep/2021:11:38:35 +0800] "POST /xingrg/kc/buy/cgsh_order_operate.html HTTP/1.1" 200 609
58.37.227.186 - - [21/Sep/2021:11:38:35 +0800] "GET /xingrg/kc/buy/cgsh_order_operate.html?command=get_materiel&rest_code=00141&code=00101012064&supplier_code=00100323&order_time=2021-09-21 HTTP/1.1" 200 428
124.79.246.142 - - [21/Sep/2021:11:38:35 +0800] "GET /xingrg/all/function/internal_message.html?_=1632195622010&CODE_STATE=getMsg HTTP/1.1" 200 27
58.37.227.186 - - [21/Sep/2021:11:38:35 +0800] "POST /xingrg/all/common/load_select.html HTTP/1.1" 200 25
180.152.125.3 - - [21/Sep/2021:11:38:36 +0800] "GET /xingrg/all/function/internal_message.html?_=1632195498868&CODE_STATE=getMsg HTTP/1.1" 200 27
116.237.74.154 - - [21/Sep/2021:11:38:37 +0800] "GET /xingrg/kc/print/load_data.html?order_code=212021092109575&kc_code=cgsh&condition= HTTP/1.1" 200 696
180.152.125.3 - - [21/Sep/2021:11:38:37 +0800] "POST /xingrg/kc/buy/cgsh_order_operate.html HTTP/1.1" 200 12
58.39.139.200 - - [21/Sep/2021:11:38:37 +0800] "GET /xingrg/all/function/internal_message.html?_=1632195467658&CODE_STATE=getMsg HTTP/1.1" 200 27
58.37.227.186 - - [21/Sep/2021:11:38:37 +0800] "GET /xingrg/check_reg.html?_=1632195388717 HTTP/1.1" 200 22
222.69.131.205 - - [21/Sep/2021:11:38:37 +0800] "GET /xingrg/all/function/internal_message.html?_=1632195522991&CODE_STATE=getMsg HTTP/1.1" 200 27
180.152.125.3 - - [21/Sep/2021:11:38:38 +0800] "GET /xingrg/kc/buy/cgsh_order_info.html?code=212021092109576 HTTP/1.1" 200 58358
58.37.227.186 - - [21/Sep/2021:11:38:38 +0800] "GET /xingrg/kc/buy/cgsh_order_operate.html?command=get_materiel_price&rest_code=00141&code=00101012064&unit_code=00100040&supplier_code=00100323&order_time=2021-09-21 HTTP/1.1" 200 27
180.152.125.3 - - [21/Sep/2021:11:38:39 +0800] "GET /xingrg/javascript/easyui/themes/default/validatebox.css HTTP/1.1" 404 1104
180.152.125.3 - - [21/Sep/2021:11:38:39 +0800] "POST /xingrg/kc/buy/cgsh_order_operate.html HTTP/1.1" 200 2996
58.39.139.200 - - [21/Sep/2021:11:38:40 +0800] "GET /xingrg/all/function/internal_message.html?_=1632195525380&CODE_STATE=getMsg HTTP/1.1" 200 27
180.152.125.3 - - [21/Sep/2021:11:38:40 +0800] "GET /xingrg/kc/print/load_data.html?order_code=212021092109576&kc_code=cgsh&condition= HTTP/1.1" 200 1631
116.237.74.154 - - [21/Sep/2021:11:38:42 +0800] "GET /xingrg/kc/buy/cgsh_order_add.html HTTP/1.1" 200 63482
116.237.74.154 - - [21/Sep/2021:11:38:42 +0800] "POST /xingrg/kc/buy/cgsh_order_operate.html HTTP/1.1" 200 8245
116.237.74.154 - - [21/Sep/2021:11:38:42 +0800] "GET /xingrg/javascript/easyui/themes/default/validatebox.css HTTP/1.1" 404 1104
116.237.74.154 - - [21/Sep/2021:11:38:43 +0800] "GET /xingrg/javascript/easyui/themes/default/tree.css HTTP/1.1" 404 1090
116.237.74.154 - - [21/Sep/2021:11:38:43 +0800] "GET /xingrg/all/function/internal_message.html?_=1632195526564&CODE_STATE=getMsg HTTP/1.1" 200 27
116.237.74.154 - - [21/Sep/2021:11:38:43 +0800] "POST /xingrg/all/common/load_tree.html?tree=supplier_tree_json&isDelete=1 HTTP/1.1" 200 57803
180.152.125.3 - - [21/Sep/2021:11:38:44 +0800] "GET /xingrg/kc/buy/cgsh_order_add.html HTTP/1.1" 200 63447
180.152.125.3 - - [21/Sep/2021:11:38:45 +0800] "POST /xingrg/kc/buy/cgsh_order_operate.html HTTP/1.1" 200 8245
180.152.125.3 - - [21/Sep/2021:11:38:45 +0800] "GET /xingrg/javascript/easyui/themes/default/validatebox.css HTTP/1.1" 404 1104
58.37.227.186 - - [21/Sep/2021:11:38:46 +0800] "GET /xingrg/kc/buy/cgsh_order_operate.html?command=get_materiel&rest_code=00141&code=00101008113&supplier_code=00100323&order_time=2021-09-21 HTTP/1.1" 200 413
58.40.7.146 - - [21/Sep/2021:11:38:48 +0800] "GET /xingrg/all/function/internal_message.html?_=1632195532389&CODE_STATE=getMsg HTTP/1.1" 302 -
58.40.7.146 - - [21/Sep/2021:11:38:48 +0800] "GET /xingrg/check_reg.html?_=1632195532391 HTTP/1.1" 302 -
180.152.125.3 - - [21/Sep/2021:11:38:53 +0800] "GET /xingrg/all/function/internal_message.html?_=1632195537763&CODE_STATE=getMsg HTTP/1.1" 200 27
116.230.105.26 - - [21/Sep/2021:11:38:57 +0800] "GET /xingrg/all/function/internal_message.html?_=1632195524534&CODE_STATE=getMsg HTTP/1.1" 200 27
180.152.125.3 - - [21/Sep/2021:11:38:57 +0800] "GET /xingrg/kc/buy/cgsh_order_operate.html?command=get_materiel&rest_code=00102&code=00101014065&supplier_code=00100339&order_time=2021-09-21 HTTP/1.1" 200 418
116.230.105.26 - - [21/Sep/2021:11:38:57 +0800] "GET /xingrg/check_reg.html?_=1632195525111 HTTP/1.1" 200 22
117.184.7.30 - - [21/Sep/2021:11:39:01 +0800] "GET /xingrg/check_reg.html?_=1632195540733 HTTP/1.1" 200 22
117.184.7.30 - - [21/Sep/2021:11:39:01 +0800] "GET /xingrg/all/function/internal_message.html?_=1632195540735&CODE_STATE=getMsg HTTP/1.1" 200 27
114.83.219.92 - - [21/Sep/2021:11:39:02 +0800] "GET /xingrg/all/function/internal_message.html?_=1632195545380&CODE_STATE=getMsg HTTP/1.1" 200 27
114.86.224.104 - - [21/Sep/2021:11:39:02 +0800] "GET /xingrg/all/function/internal_message.html?_=1632195548719&CODE_STATE=getMsg HTTP/1.1" 200 27
116.238.248.233 - - [21/Sep/2021:11:39:08 +0800] "GET /xingrg/kc/mdqp/pssh_order_list.html HTTP/1.1" 200 17494
116.238.248.233 - - [21/Sep/2021:11:39:08 +0800] "POST /xingrg/kc/mdqp/pssh_list_operate.html HTTP/1.1" 200 5449
124.79.246.142 - - [21/Sep/2021:11:39:10 +0800] "POST /xingrg/kc/buy/cgsh_order_operate.html HTTP/1.1" 200 37
116.238.248.233 - - [21/Sep/2021:11:39:10 +0800] "GET /xingrg/check_reg.html?_=1632195554046 HTTP/1.1" 200 22
116.238.248.233 - - [21/Sep/2021:11:39:10 +0800] "GET /xingrg/all/function/internal_message.html?_=1632195554046&CODE_STATE=getMsg HTTP/1.1" 200 27
124.79.246.142 - - [21/Sep/2021:11:39:11 +0800] "POST /xingrg/kc/buy/cgsh_order_operate.html HTTP/1.1" 200 3249
124.79.246.142 - - [21/Sep/2021:11:39:13 +0800] "GET /xingrg/kc/print/load_data.html?order_code=212021092109577&kc_code=cgsh&condition= HTTP/1.1" 200 964
58.39.139.200 - - [21/Sep/2021:11:39:13 +0800] "GET /xingrg/kc/buy/cgsh_order_operate.html?command=get_materiel&rest_code=00105&code=00102010129&supplier_code=00100151&order_time=2021-09-21 HTTP/1.1" 200 416
116.237.74.154 - - [21/Sep/2021:11:39:13 +0800] "GET /xingrg/kc/buy/cgsh_order_operate.html?command=get_materiel&rest_code=00106&code=00101010282&supplier_code=00100324&order_time=2021-09-21 HTTP/1.1" 200 413
116.238.248.233 - - [21/Sep/2021:11:39:16 +0800] "POST /xingrg/all/user/operate.html HTTP/1.1" 200 36
116.238.248.233 - - [21/Sep/2021:11:39:16 +0800] "GET /xingrg/index.html?sysBaseUrl=http%3A%2F%2F180.169.147.146%3A18081%2Fxingrg%2F&costTime=49×tamp=1632190788361 HTTP/1.1" 200 17179
116.238.248.233 - - [21/Sep/2021:11:39:16 +0800] "GET /xingrg/javascript/jquery_easy_ui/themes/default/easyui.css HTTP/1.1" 304 -
116.238.248.233 - - [21/Sep/2021:11:39:16 +0800] "GET /xingrg/javascript/jquery_easy_ui/themes/icon.css HTTP/1.1" 304 -
116.238.248.233 - - [21/Sep/2021:11:39:16 +0800] "GET /xingrg/css/form.css HTTP/1.1" 304 -
116.238.248.233 - - [21/Sep/2021:11:39:16 +0800] "GET /xingrg/javascript/jquery-1.4.2.min.js HTTP/1.1" 304 -
116.238.248.233 - - [21/Sep/2021:11:39:16 +0800] "GET /xingrg/javascript/jquery_easy_ui/jquery.easyui.min.js HTTP/1.1" 304 -
116.238.248.233 - - [21/Sep/2021:11:39:16 +0800] "GET /xingrg/javascript/jquery_easy_ui/easyui-lang-zh_CN.js HTTP/1.1" 304 -
116.238.248.233 - - [21/Sep/2021:11:39:16 +0800] "GET /xingrg/javascript/jquery.form.js HTTP/1.1" 304 -
116.238.248.233 - - [21/Sep/2021:11:39:16 +0800] "GET /xingrg/javascript/jquery.utils.js HTTP/1.1" 304 -
116.238.248.233 - - [21/Sep/2021:11:39:16 +0800] "GET /xingrg/javascript/jquery.timers.js HTTP/1.1" 304 -
116.238.248.233 - - [21/Sep/2021:11:39:16 +0800] "GET /xingrg/images/blue/jxLogo.png HTTP/1.1" 304 -
116.238.248.233 - - [21/Sep/2021:11:39:16 +0800] "GET /xingrg/images/blue/navBackgound.jpg HTTP/1.1" 304 -
116.238.248.233 - - [21/Sep/2021:11:39:16 +0800] "GET /xingrg/javascript/jquery_easy_ui/themes/icons/settle_new.png HTTP/1.1" 304 -
116.238.248.233 - - [21/Sep/2021:11:39:16 +0800] "POST /xingrg/all/common/load_tree.html?tree=area_rest_tree_json&manage=1 HTTP/1.1" 200 476
116.238.248.233 - - [21/Sep/2021:11:39:16 +0800] "GET /xingrg/all/function/internal_message.html?_=1632195559988&CODE_STATE=count HTTP/1.1" 200 11
116.238.248.233 - - [21/Sep/2021:11:39:16 +0800] "GET /xingrg/check_reg.html?_=1632195559989 HTTP/1.1" 200 22
116.238.248.233 - - [21/Sep/2021:11:39:16 +0800] "GET /xingrg/images/blue/pingpu.png HTTP/1.1" 304 -
116.238.248.233 - - [21/Sep/2021:11:39:16 +0800] "GET /xingrg/javascript/jquery_easy_ui/themes/default/images/tabs_leftarrow.png HTTP/1.1" 304 -
116.238.248.233 - - [21/Sep/2021:11:39:16 +0800] "GET /xingrg/javascript/jquery_easy_ui/themes/default/images/panel_tool_collapse.gif HTTP/1.1" 304 -
116.238.248.233 - - [21/Sep/2021:11:39:16 +0800] "GET /xingrg/javascript/jquery_easy_ui/themes/default/images/tabs_rightarrow.png HTTP/1.1" 304 -
116.238.248.233 - - [21/Sep/2021:11:39:16 +0800] "POST /xingrg/load_menu.html HTTP/1.1" 200 5138
116.238.248.233 - - [21/Sep/2021:11:39:18 +0800] "GET /xingrg/kc/buy/cgsh_order_list.html HTTP/1.1" 200 47750
116.238.248.233 - - [21/Sep/2021:11:39:19 +0800] "POST /xingrg/kc/buy/cgsh_list_operate.html HTTP/1.1" 200 876
116.238.248.233 - - [21/Sep/2021:11:39:20 +0800] "GET /xingrg/kc/buy/cgsh_order_add.html HTTP/1.1" 200 63406
116.238.248.233 - - [21/Sep/2021:11:39:21 +0800] "POST /xingrg/kc/buy/cgsh_order_operate.html HTTP/1.1" 200 8245
116.238.248.233 - - [21/Sep/2021:11:39:21 +0800] "GET /xingrg/javascript/easyui/themes/default/validatebox.css HTTP/1.1" 404 1104
116.237.74.154 - - [21/Sep/2021:11:39:24 +0800] "GET /xingrg/all/function/internal_message.html?_=1632195567436&CODE_STATE=getMsg HTTP/1.1" 200 27
180.152.125.3 - - [21/Sep/2021:11:39:25 +0800] "GET /xingrg/kc/buy/cgsh_order_operate.html?command=get_materiel&rest_code=00102&code=00101008125&supplier_code=00100339&order_time=2021-09-21 HTTP/1.1" 200 413
58.37.227.186 - - [21/Sep/2021:11:39:27 +0800] "GET /xingrg/kc/buy/cgsh_order_operate.html?command=get_materiel&rest_code=00141&code=00101012013&supplier_code=00100323&order_time=2021-09-21 HTTP/1.1" 200 412
114.85.125.222 - - [21/Sep/2021:11:39:28 +0800] "GET /xingrg/all/function/internal_message.html?_=1632195551731&CODE_STATE=getMsg HTTP/1.1" 200 27
222.70.179.190 - - [21/Sep/2021:11:39:29 +0800] "GET /xingrg/all/function/internal_message.html?_=1632195571224&CODE_STATE=getMsg HTTP/1.1" 200 27
222.70.246.151 - - [21/Sep/2021:11:39:30 +0800] "GET /xingrg/all/function/internal_message.html?_=1632195579864&CODE_STATE=getMsg HTTP/1.1" 200 27
180.169.147.146 - - [21/Sep/2021:11:39:31 +0800] "GET /xingrg/all/function/internal_message.html?_=1632195575926&CODE_STATE=getMsg HTTP/1.1" 200 27
180.152.125.3 - - [21/Sep/2021:11:39:31 +0800] "GET /xingrg/kc/buy/cgsh_order_operate.html?command=get_materiel&rest_code=00102&code=00101008061&supplier_code=00100339&order_time=2021-09-21 HTTP/1.1" 200 423
58.37.227.186 - - [21/Sep/2021:11:39:35 +0800] "GET /xingrg/kc/buy/cgsh_order_operate.html?command=get_materiel&rest_code=00141&code=00101008496&supplier_code=00100323&order_time=2021-09-21 HTTP/1.1" 200 391
124.79.246.142 - - [21/Sep/2021:11:39:35 +0800] "GET /xingrg/all/function/internal_message.html?_=1632195681979&CODE_STATE=getMsg HTTP/1.1" 200 27
124.79.246.142 - - [21/Sep/2021:11:39:36 +0800] "GET /xingrg/kc/buy/cgsh_order_add.html HTTP/1.1" 200 63488
180.152.125.3 - - [21/Sep/2021:11:39:36 +0800] "GET /xingrg/all/function/internal_message.html?_=1632195558877&CODE_STATE=getMsg HTTP/1.1" 200 27
124.79.246.142 - - [21/Sep/2021:11:39:36 +0800] "GET /xingrg/javascript/easyui/themes/default/validatebox.css HTTP/1.1" 404 1104
124.79.246.142 - - [21/Sep/2021:11:39:37 +0800] "POST /xingrg/kc/buy/cgsh_order_operate.html HTTP/1.1" 200 8245
58.39.139.200 - - [21/Sep/2021:11:39:37 +0800] "GET /xingrg/all/function/internal_message.html?_=1632195527658&CODE_STATE=getMsg HTTP/1.1" 200 27
222.69.131.205 - - [21/Sep/2021:11:39:37 +0800] "GET /xingrg/all/function/internal_message.html?_=1632195582992&CODE_STATE=getMsg HTTP/1.1" 200 27
58.39.139.200 - - [21/Sep/2021:11:39:40 +0800] "GET /xingrg/all/function/internal_message.html?_=1632195585367&CODE_STATE=getMsg HTTP/1.1" 200 27
116.237.74.154 - - [21/Sep/2021:11:39:42 +0800] "POST /xingrg/kc/buy/cgsh_order_operate.html HTTP/1.1" 200 64
180.152.125.3 - - [21/Sep/2021:11:39:43 +0800] "POST /xingrg/kc/buy/cgsh_order_operate.html HTTP/1.1" 200 37
116.237.74.154 - - [21/Sep/2021:11:39:43 +0800] "GET /xingrg/all/function/internal_message.html?_=1632195586545&CODE_STATE=getMsg HTTP/1.1" 200 27
116.237.74.154 - - [21/Sep/2021:11:39:43 +0800] "GET /xingrg/check_reg.html?_=1632195586608 HTTP/1.1" 200 22
58.37.227.186 - - [21/Sep/2021:11:39:44 +0800] "GET /xingrg/kc/buy/cgsh_order_operate.html?command=get_materiel&rest_code=00141&code=00101012041&supplier_code=00100323&order_time=2021-09-21 HTTP/1.1" 200 418
116.237.74.154 - - [21/Sep/2021:11:39:48 +0800] "POST /xingrg/kc/buy/cgsh_order_operate.html HTTP/1.1" 200 37
58.40.7.146 - - [21/Sep/2021:11:39:48 +0800] "GET /xingrg/all/function/internal_message.html?_=1632195592393&CODE_STATE=getMsg HTTP/1.1" 302 -
180.152.125.3 - - [21/Sep/2021:11:39:48 +0800] "POST /xingrg/kc/buy/cgsh_order_operate.html HTTP/1.1" 200 12
116.237.74.154 - - [21/Sep/2021:11:39:49 +0800] "POST /xingrg/kc/buy/cgsh_order_operate.html HTTP/1.1" 200 2660
180.152.125.3 - - [21/Sep/2021:11:39:51 +0800] "GET /xingrg/kc/buy/cgsh_order_info.html?code=212021092109579 HTTP/1.1" 200 58359
180.152.125.3 - - [21/Sep/2021:11:39:52 +0800] "GET /xingrg/javascript/easyui/themes/default/validatebox.css HTTP/1.1" 404 1104
180.152.125.3 - - [21/Sep/2021:11:39:53 +0800] "POST /xingrg/kc/buy/cgsh_order_operate.html HTTP/1.1" 200 1805
180.152.125.3 - - [21/Sep/2021:11:39:53 +0800] "GET /xingrg/all/function/internal_message.html?_=1632195597837&CODE_STATE=getMsg HTTP/1.1" 200 27
180.152.125.3 - - [21/Sep/2021:11:39:53 +0800] "GET /xingrg/kc/print/load_data.html?order_code=212021092109579&kc_code=cgsh&condition= HTTP/1.1" 200 1170
116.237.74.154 - - [21/Sep/2021:11:39:55 +0800] "POST /xingrg/kc/buy/cgsh_order_operate.html HTTP/1.1" 200 37
116.230.105.26 - - [21/Sep/2021:11:39:57 +0800] "GET /xingrg/all/function/internal_message.html?_=1632195584513&CODE_STATE=getMsg HTTP/1.1" 200 27
180.152.125.3 - - [21/Sep/2021:11:39:57 +0800] "GET /xingrg/kc/buy/cgsh_order_add.html HTTP/1.1" 200 63447
180.152.125.3 - - [21/Sep/2021:11:39:59 +0800] "POST /xingrg/kc/buy/cgsh_order_operate.html HTTP/1.1" 200 8245
116.237.74.154 - - [21/Sep/2021:11:39:59 +0800] "POST /xingrg/kc/buy/cgsh_order_operate.html HTTP/1.1" 200 12
180.152.125.3 - - [21/Sep/2021:11:39:59 +0800] "GET /xingrg/javascript/easyui/themes/default/validatebox.css HTTP/1.1" 404 1104
116.237.74.154 - - [21/Sep/2021:11:40:00 +0800] "GET /xingrg/kc/buy/cgsh_order_info.html?code=212021092109580 HTTP/1.1" 200 58395
116.237.74.154 - - [21/Sep/2021:11:40:00 +0800] "GET /xingrg/javascript/easyui/themes/default/validatebox.css HTTP/1.1" 404 1104
58.37.227.186 - - [21/Sep/2021:11:40:00 +0800] "GET /xingrg/kc/buy/cgsh_order_operate.html?command=get_materiel&rest_code=00141&code=00101010082&supplier_code=00100323&order_time=2021-09-21 HTTP/1.1" 200 425
116.237.74.154 - - [21/Sep/2021:11:40:00 +0800] "POST /xingrg/kc/buy/cgsh_order_operate.html HTTP/1.1" 200 610
117.184.7.30 - - [21/Sep/2021:11:40:01 +0800] "GET /xingrg/all/function/internal_message.html?_=1632195600735&CODE_STATE=getMsg HTTP/1.1" 200 27
114.83.219.92 - - [21/Sep/2021:11:40:02 +0800] "GET /xingrg/all/function/internal_message.html?_=1632195605371&CODE_STATE=getMsg HTTP/1.1" 200 27
114.86.224.104 - - [21/Sep/2021:11:40:02 +0800] "GET /xingrg/all/function/internal_message.html?_=1632195608721&CODE_STATE=getMsg HTTP/1.1" 200 27
116.237.74.154 - - [21/Sep/2021:11:40:03 +0800] "GET /xingrg/kc/print/load_data.html?order_code=212021092109580&kc_code=cgsh&condition= HTTP/1.1" 200 709
58.37.227.186 - - [21/Sep/2021:11:40:09 +0800] "GET /xingrg/kc/buy/cgsh_order_operate.html?command=get_materiel&rest_code=00141&code=00101010063&supplier_code=00100323&order_time=2021-09-21 HTTP/1.1" 200 409
180.152.125.3 - - [21/Sep/2021:11:40:15 +0800] "GET /xingrg/kc/base/wldb_order_operate.html?command=get_materiel&rest_code=00102&base_code=0010476&code=00101019391 HTTP/1.1" 200 471
180.152.125.3 - - [21/Sep/2021:11:40:15 +0800] "GET /xingrg/kc/buy/cgsh_order_operate.html?command=get_materiel&rest_code=00102&code=00101005036&supplier_code=00100334&order_time=2021-09-21 HTTP/1.1" 200 409
116.238.248.233 - - [21/Sep/2021:11:40:16 +0800] "GET /xingrg/all/function/internal_message.html?_=1632195619996&CODE_STATE=getMsg HTTP/1.1" 200 27
180.152.125.3 - - [21/Sep/2021:11:40:21 +0800] "GET /xingrg/kc/base/wldb_order_operate.html?command=get_materiel&rest_code=00102&base_code=0010476&code=00101019185 HTTP/1.1" 200 455
116.237.74.154 - - [21/Sep/2021:11:40:24 +0800] "GET /xingrg/all/function/internal_message.html?_=1632195627414&CODE_STATE=getMsg HTTP/1.1" 200 27
116.237.74.154 - - [21/Sep/2021:11:40:25 +0800] "GET /xingrg/check_reg.html?_=1632195628446 HTTP/1.1" 200 22
116.238.248.233 - - [21/Sep/2021:11:40:27 +0800] "GET /xingrg/javascript/auto/indicator.gif HTTP/1.1" 404 1066
180.152.125.3 - - [21/Sep/2021:11:40:27 +0800] "GET /xingrg/kc/base/wldb_order_operate.html?command=get_materiel&rest_code=00102&base_code=0010476&code=00101019134 HTTP/1.1" 200 465
124.79.246.142 - - [21/Sep/2021:11:40:28 +0800] "GET /xingrg/kc/buy/cgsh_order_operate.html?command=get_materiel&rest_code=00104&code=00101012025&supplier_code=00100036&order_time=2021-09-21 HTTP/1.1" 200 412
114.85.125.222 - - [21/Sep/2021:11:40:28 +0800] "GET /xingrg/all/function/internal_message.html?_=1632195611747&CODE_STATE=getMsg HTTP/1.1" 200 27
222.70.179.190 - - [21/Sep/2021:11:40:29 +0800] "GET /xingrg/all/function/internal_message.html?_=1632195631209&CODE_STATE=getMsg HTTP/1.1" 200 27
222.70.246.151 - - [21/Sep/2021:11:40:30 +0800] "GET /xingrg/all/function/internal_message.html?_=1632195639889&CODE_STATE=getMsg HTTP/1.1" 200 27
180.169.147.146 - - [21/Sep/2021:11:40:31 +0800] "GET /xingrg/all/function/internal_message.html?_=1632195635928&CODE_STATE=getMsg HTTP/1.1" 200 27
180.152.125.3 - - [21/Sep/2021:11:40:32 +0800] "POST /xingrg/kc/buy/cgsh_order_operate.html HTTP/1.1" 200 37
58.37.227.186 - - [21/Sep/2021:11:40:33 +0800] "GET /xingrg/kc/buy/cgsh_order_operate.html?command=get_materiel&rest_code=00141&code=00101006047&supplier_code=00100323&order_time=2021-09-21 HTTP/1.1" 200 413
180.152.125.3 - - [21/Sep/2021:11:40:35 +0800] "POST /xingrg/kc/buy/cgsh_order_operate.html HTTP/1.1" 200 12
180.152.125.3 - - [21/Sep/2021:11:40:35 +0800] "GET /xingrg/kc/base/wldb_order_operate.html?command=get_materiel&rest_code=00102&base_code=0010476&code=00101019405 HTTP/1.1" 200 467
124.79.246.142 - - [21/Sep/2021:11:40:35 +0800] "GET /xingrg/all/function/internal_message.html?_=1632195741954&CODE_STATE=getMsg HTTP/1.1" 200 27
124.79.246.142 - - [21/Sep/2021:11:40:35 +0800] "GET /xingrg/check_reg.html?_=1632195742093 HTTP/1.1" 200 22
116.238.248.233 - - [21/Sep/2021:11:40:36 +0800] "GET /xingrg/kc/buy/cgsh_order_operate.html?command=get_materiel&rest_code=00150&code=00101029085&supplier_code=00100406&order_time=2021-09-21 HTTP/1.1" 200 433
180.152.125.3 - - [21/Sep/2021:11:40:36 +0800] "GET /xingrg/all/function/internal_message.html?_=1632195618892&CODE_STATE=getMsg HTTP/1.1" 200 27
58.39.139.200 - - [21/Sep/2021:11:40:37 +0800] "GET /xingrg/all/function/internal_message.html?_=1632195587658&CODE_STATE=getMsg HTTP/1.1" 200 27
180.152.125.3 - - [21/Sep/2021:11:40:37 +0800] "GET /xingrg/kc/buy/cgsh_order_info.html?code=212021092109581 HTTP/1.1" 200 58360
222.69.131.205 - - [21/Sep/2021:11:40:37 +0800] "GET /xingrg/all/function/internal_message.html?_=1632195642993&CODE_STATE=getMsg HTTP/1.1" 200 27
222.69.131.205 - - [21/Sep/2021:11:40:37 +0800] "GET /xingrg/check_reg.html?_=1632195642996 HTTP/1.1" 200 22
180.152.125.3 - - [21/Sep/2021:11:40:38 +0800] "GET /xingrg/javascript/easyui/themes/default/validatebox.css HTTP/1.1" 404 1104
180.152.125.3 - - [21/Sep/2021:11:40:39 +0800] "POST /xingrg/kc/buy/cgsh_order_operate.html HTTP/1.1" 200 1191
180.152.125.3 - - [21/Sep/2021:11:40:40 +0800] "GET /xingrg/kc/print/load_data.html?order_code=212021092109581&kc_code=cgsh&condition= HTTP/1.1" 200 925
58.39.139.200 - - [21/Sep/2021:11:40:40 +0800] "GET /xingrg/all/function/internal_message.html?_=1632195645379&CODE_STATE=getMsg HTTP/1.1" 200 27
180.152.125.3 - - [21/Sep/2021:11:40:40 +0800] "GET /xingrg/kc/base/wldb_order_operate.html?command=get_materiel&rest_code=00102&base_code=0010476&code=00101016076 HTTP/1.1" 200 477
58.37.227.186 - - [21/Sep/2021:11:40:40 +0800] "GET /xingrg/kc/buy/cgsh_order_operate.html?command=get_materiel&rest_code=00141&code=00101012010&supplier_code=00100323&order_time=2021-09-21 HTTP/1.1" 200 409
116.237.74.154 - - [21/Sep/2021:11:40:43 +0800] "GET /xingrg/all/function/internal_message.html?_=1632195646525&CODE_STATE=getMsg HTTP/1.1" 200 27
180.152.125.3 - - [21/Sep/2021:11:40:43 +0800] "GET /xingrg/kc/buy/cgsh_order_add.html HTTP/1.1" 200 63447
116.238.248.233 - - [21/Sep/2021:11:40:43 +0800] "POST /xingrg/kc/buy/cgsh_order_operate.html HTTP/1.1" 200 37
180.152.125.3 - - [21/Sep/2021:11:40:44 +0800] "POST /xingrg/kc/buy/cgsh_order_operate.html HTTP/1.1" 200 8245
180.152.125.3 - - [21/Sep/2021:11:40:45 +0800] "GET /xingrg/javascript/easyui/themes/default/validatebox.css HTTP/1.1" 404 1104
116.238.248.233 - - [21/Sep/2021:11:40:47 +0800] "POST /xingrg/kc/buy/cgsh_order_operate.html HTTP/1.1" 200 12
180.152.125.3 - - [21/Sep/2021:11:40:47 +0800] "GET /xingrg/kc/base/wldb_order_operate.html?command=get_materiel&rest_code=00102&base_code=0010476&code=00101019056 HTTP/1.1" 200 474
116.238.248.233 - - [21/Sep/2021:11:40:47 +0800] "GET /xingrg/kc/buy/cgsh_order_info.html?code=212021092109582 HTTP/1.1" 200 58321
116.238.248.233 - - [21/Sep/2021:11:40:48 +0800] "GET /xingrg/javascript/easyui/themes/default/validatebox.css HTTP/1.1" 404 1104
58.40.7.146 - - [21/Sep/2021:11:40:48 +0800] "GET /xingrg/all/function/internal_message.html?_=1632195652382&CODE_STATE=getMsg HTTP/1.1" 302 -
116.238.248.233 - - [21/Sep/2021:11:40:48 +0800] "POST /xingrg/kc/buy/cgsh_order_operate.html HTTP/1.1" 200 636
124.79.246.142 - - [21/Sep/2021:11:40:49 +0800] "GET /xingrg/kc/buy/cgsh_order_operate.html?command=get_materiel&rest_code=00104&code=00101012059&supplier_code=00100036&order_time=2021-09-21 HTTP/1.1" 200 412
180.152.125.3 - - [21/Sep/2021:11:40:51 +0800] "GET /xingrg/kc/buy/cgsh_order_operate.html?command=get_materiel&rest_code=00102&code=00101008203&supplier_code=00100323&order_time=2021-09-21 HTTP/1.1" 200 409
180.152.125.3 - - [21/Sep/2021:11:40:52 +0800] "GET /xingrg/kc/base/wldb_order_operate.html?command=get_materiel&rest_code=00102&base_code=0010476&code=00101019222 HTTP/1.1" 200 453
180.152.125.3 - - [21/Sep/2021:11:40:52 +0800] "GET /xingrg/check_reg.html?_=1632195635146 HTTP/1.1" 200 22
116.238.248.233 - - [21/Sep/2021:11:40:52 +0800] "GET /xingrg/kc/print/load_data.html?order_code=212021092109582&kc_code=cgsh&condition= HTTP/1.1" 200 737
180.152.125.3 - - [21/Sep/2021:11:40:53 +0800] "GET /xingrg/all/function/internal_message.html?_=1632195657842&CODE_STATE=getMsg HTTP/1.1" 200 27
116.230.105.26 - - [21/Sep/2021:11:40:57 +0800] "GET /xingrg/all/function/internal_message.html?_=1632195644496&CODE_STATE=getMsg HTTP/1.1" 200 27
117.184.7.30 - - [21/Sep/2021:11:41:01 +0800] "GET /xingrg/all/function/internal_message.html?_=1632195660737&CODE_STATE=getMsg HTTP/1.1" 200 27
58.37.227.186 - - [21/Sep/2021:11:41:01 +0800] "GET /xingrg/kc/buy/cgsh_order_operate.html?command=get_materiel&rest_code=00141&code=00101020113&supplier_code=00100323&order_time=2021-09-21 HTTP/1.1" 200 409
114.83.219.92 - - [21/Sep/2021:11:41:02 +0800] "GET /xingrg/all/function/internal_message.html?_=1632195665355&CODE_STATE=getMsg HTTP/1.1" 200 27
114.86.224.104 - - [21/Sep/2021:11:41:02 +0800] "GET /xingrg/all/function/internal_message.html?_=1632195668723&CODE_STATE=getMsg HTTP/1.1" 200 27
124.79.246.142 - - [21/Sep/2021:11:41:04 +0800] "GET /xingrg/kc/buy/cgsh_order_operate.html?command=get_materiel&rest_code=00104&code=00101016025&supplier_code=00100036&order_time=2021-09-21 HTTP/1.1" 200 408
114.83.219.92 - - [21/Sep/2021:11:41:04 +0800] "GET /xingrg/check_reg.html?_=1632195667714 HTTP/1.1" 200 22
180.152.125.3 - - [21/Sep/2021:11:41:06 +0800] "GET /xingrg/kc/base/wldb_order_operate.html?command=get_materiel&rest_code=00102&base_code=0010476&code=00101019184 HTTP/1.1" 200 442
180.152.125.3 - - [21/Sep/2021:11:41:07 +0800] "GET /xingrg/kc/buy/cgsh_order_operate.html?command=get_materiel&rest_code=00102&code=00101010274&supplier_code=00100323&order_time=2021-09-21 HTTP/1.1" 200 433
58.37.227.186 - - [21/Sep/2021:11:41:08 +0800] "GET /xingrg/kc/buy/cgsh_order_operate.html?command=get_materiel&rest_code=00141&code=00101008127&supplier_code=00100323&order_time=2021-09-21 HTTP/1.1" 200 413
180.152.125.3 - - [21/Sep/2021:11:41:12 +0800] "GET /xingrg/kc/base/wldb_order_operate.html?command=get_materiel&rest_code=00102&base_code=0010476&code=00102002026 HTTP/1.1" 200 433
58.37.227.186 - - [21/Sep/2021:11:41:14 +0800] "GET /xingrg/kc/buy/cgsh_order_operate.html?command=get_materiel&rest_code=00141&code=00101010314&supplier_code=00100323&order_time=2021-09-21 HTTP/1.1" 200 413
116.238.248.233 - - [21/Sep/2021:11:41:16 +0800] "GET /xingrg/all/function/internal_message.html?_=1632195680009&CODE_STATE=getMsg HTTP/1.1" 200 27
180.152.125.3 - - [21/Sep/2021:11:41:20 +0800] "GET /xingrg/kc/buy/cgsh_order_operate.html?command=get_materiel&rest_code=00102&code=00101007144&supplier_code=00100323&order_time=2021-09-21 HTTP/1.1" 200 428
180.152.125.3 - - [21/Sep/2021:11:41:20 +0800] "GET /xingrg/kc/base/wldb_order_operate.html?command=get_materiel&rest_code=00102&base_code=0010476&code=00101019015 HTTP/1.1" 200 437
58.37.227.186 - - [21/Sep/2021:11:41:21 +0800] "GET /xingrg/kc/buy/cgsh_order_operate.html?command=get_materiel&rest_code=00141&code=00101008203&supplier_code=00100323&order_time=2021-09-21 HTTP/1.1" 200 409
116.237.74.154 - - [21/Sep/2021:11:41:24 +0800] "GET /xingrg/all/function/internal_message.html?_=1632195687385&CODE_STATE=getMsg HTTP/1.1" 200 27
180.152.125.3 - - [21/Sep/2021:11:41:25 +0800] "GET /xingrg/kc/base/wldb_order_operate.html?command=get_materiel&rest_code=00102&base_code=0010476&code=00101019438 HTTP/1.1" 200 446
180.152.125.3 - - [21/Sep/2021:11:41:27 +0800] "GET /xingrg/kc/buy/cgsh_order_operate.html?command=get_materiel&rest_code=00102&code=00101007057&supplier_code=00100323&order_time=2021-09-21 HTTP/1.1" 200 413
114.85.125.222 - - [21/Sep/2021:11:41:28 +0800] "GET /xingrg/all/function/internal_message.html?_=1632195671758&CODE_STATE=getMsg HTTP/1.1" 200 27
222.70.179.190 - - [21/Sep/2021:11:41:29 +0800] "GET /xingrg/all/function/internal_message.html?_=1632195691194&CODE_STATE=getMsg HTTP/1.1" 200 27
222.70.246.151 - - [21/Sep/2021:11:41:30 +0800] "GET /xingrg/all/function/internal_message.html?_=1632195699908&CODE_STATE=getMsg HTTP/1.1" 200 27
180.152.125.3 - - [21/Sep/2021:11:41:30 +0800] "GET /xingrg/kc/base/wldb_order_operate.html?command=get_materiel&rest_code=00102&base_code=0010476&code=00101019310 HTTP/1.1" 200 463
180.169.147.146 - - [21/Sep/2021:11:41:31 +0800] "GET /xingrg/all/function/internal_message.html?_=1632195695930&CODE_STATE=getMsg HTTP/1.1" 200 27
58.37.227.186 - - [21/Sep/2021:11:41:34 +0800] "POST /xingrg/kc/buy/cgsh_order_operate.html HTTP/1.1" 200 37
124.79.246.142 - - [21/Sep/2021:11:41:35 +0800] "GET /xingrg/all/function/internal_message.html?_=1632195801929&CODE_STATE=getMsg HTTP/1.1" 200 27
180.152.125.3 - - [21/Sep/2021:11:41:35 +0800] "GET /xingrg/kc/buy/cgsh_order_operate.html?command=get_materiel&rest_code=00102&code=00101006185&supplier_code=00100323&order_time=2021-09-21 HTTP/1.1" 200 419
124.79.246.142 - - [21/Sep/2021:11:41:36 +0800] "GET /xingrg/kc/buy/cgsh_order_operate.html?command=get_materiel&rest_code=00104&code=00101016053&supplier_code=00100036&order_time=2021-09-21 HTTP/1.1" 200 408
180.152.125.3 - - [21/Sep/2021:11:41:36 +0800] "GET /xingrg/all/function/internal_message.html?_=1632195679166&CODE_STATE=getMsg HTTP/1.1" 200 27
58.37.227.186 - - [21/Sep/2021:11:41:37 +0800] "POST /xingrg/kc/buy/cgsh_order_operate.html HTTP/1.1" 200 12
58.39.139.200 - - [21/Sep/2021:11:41:37 +0800] "GET /xingrg/all/function/internal_message.html?_=1632195647658&CODE_STATE=getMsg HTTP/1.1" 200 27
58.39.139.200 - - [21/Sep/2021:11:41:37 +0800] "GET /xingrg/check_reg.html?_=1632195647661 HTTP/1.1" 200 22
222.69.131.205 - - [21/Sep/2021:11:41:37 +0800] "GET /xingrg/all/function/internal_message.html?_=1632195702995&CODE_STATE=getMsg HTTP/1.1" 200 27
58.37.227.186 - - [21/Sep/2021:11:41:38 +0800] "GET /xingrg/kc/buy/cgsh_order_info.html?code=212021092109583 HTTP/1.1" 200 58400
58.37.227.186 - - [21/Sep/2021:11:41:39 +0800] "GET /xingrg/javascript/easyui/themes/default/validatebox.css HTTP/1.1" 404 1104
58.37.227.186 - - [21/Sep/2021:11:41:39 +0800] "POST /xingrg/kc/buy/cgsh_order_operate.html HTTP/1.1" 200 8959
58.39.139.200 - - [21/Sep/2021:11:41:40 +0800] "GET /xingrg/kc/buy/cgsh_order_operate.html?command=get_materiel&rest_code=00105&code=00102002162&supplier_code=00100151&order_time=2021-09-21 HTTP/1.1" 200 418
58.39.139.200 - - [21/Sep/2021:11:41:40 +0800] "GET /xingrg/all/function/internal_message.html?_=1632195705403&CODE_STATE=getMsg HTTP/1.1" 200 27
180.152.125.3 - - [21/Sep/2021:11:41:41 +0800] "GET /xingrg/kc/base/wldb_order_operate.html?command=get_materiel&rest_code=00102&base_code=0010476&code=00101019238 HTTP/1.1" 200 467
58.37.227.186 - - [21/Sep/2021:11:41:42 +0800] "GET /xingrg/kc/print/load_data.html?order_code=212021092109583&kc_code=cgsh&condition= HTTP/1.1" 200 3909
180.152.125.3 - - [21/Sep/2021:11:41:43 +0800] "GET /xingrg/kc/buy/cgsh_order_operate.html?command=get_materiel&rest_code=00102&code=00101020019&supplier_code=00100323&order_time=2021-09-21 HTTP/1.1" 200 426
116.237.74.154 - - [21/Sep/2021:11:41:43 +0800] "GET /xingrg/all/function/internal_message.html?_=1632195706510&CODE_STATE=getMsg HTTP/1.1" 200 27
58.40.7.146 - - [21/Sep/2021:11:41:48 +0800] "GET /xingrg/all/function/internal_message.html?_=1632195712385&CODE_STATE=getMsg HTTP/1.1" 302 -
180.152.125.3 - - [21/Sep/2021:11:41:49 +0800] "GET /xingrg/kc/base/wldb_order_operate.html?command=get_materiel&rest_code=00102&base_code=0010476&code=00101019297 HTTP/1.1" 200 463
124.79.246.142 - - [21/Sep/2021:11:41:50 +0800] "GET /xingrg/kc/buy/cgsh_order_operate.html?command=get_materiel&rest_code=00104&code=00101011001&supplier_code=00100036&order_time=2021-09-21 HTTP/1.1" 200 423
58.37.227.186 - - [21/Sep/2021:11:41:50 +0800] "GET /xingrg/kc/buy/cgsh_order_add.html HTTP/1.1" 200 63488
180.152.125.3 - - [21/Sep/2021:11:41:50 +0800] "GET /xingrg/kc/buy/cgsh_order_operate.html?command=get_materiel&rest_code=00102&code=00101010086&supplier_code=00100323&order_time=2021-09-21 HTTP/1.1" 200 414
58.37.227.186 - - [21/Sep/2021:11:41:50 +0800] "POST /xingrg/kc/buy/cgsh_order_operate.html HTTP/1.1" 200 8245
58.37.227.186 - - [21/Sep/2021:11:41:50 +0800] "GET /xingrg/javascript/easyui/themes/default/validatebox.css HTTP/1.1" 404 1104
180.152.125.3 - - [21/Sep/2021:11:41:52 +0800] "GET /xingrg/check_reg.html?_=1632195717163 HTTP/1.1" 200 22
180.152.125.3 - - [21/Sep/2021:11:41:53 +0800] "GET /xingrg/all/function/internal_message.html?_=1632195717857&CODE_STATE=getMsg HTTP/1.1" 200 27
116.230.105.26 - - [21/Sep/2021:11:41:57 +0800] "GET /xingrg/all/function/internal_message.html?_=1632195704492&CODE_STATE=getMsg HTTP/1.1" 200 27
180.152.125.3 - - [21/Sep/2021:11:41:57 +0800] "GET /xingrg/kc/buy/cgsh_order_operate.html?command=get_materiel&rest_code=00102&code=00101010082&supplier_code=00100323&order_time=2021-09-21 HTTP/1.1" 200 425
117.184.7.30 - - [21/Sep/2021:11:42:01 +0800] "GET /xingrg/all/function/internal_message.html?_=1632195720737&CODE_STATE=getMsg HTTP/1.1" 200 27
114.83.219.92 - - [21/Sep/2021:11:42:02 +0800] "GET /xingrg/all/function/internal_message.html?_=1632195725326&CODE_STATE=getMsg HTTP/1.1" 200 27
114.86.224.104 - - [21/Sep/2021:11:42:02 +0800] "GET /xingrg/all/function/internal_message.html?_=1632195728726&CODE_STATE=getMsg HTTP/1.1" 200 27
180.152.125.3 - - [21/Sep/2021:11:42:06 +0800] "GET /xingrg/kc/buy/cgsh_order_operate.html?command=get_materiel&rest_code=00102&code=00101016081&supplier_code=00100323&order_time=2021-09-21 HTTP/1.1" 200 447
58.37.227.186 - - [21/Sep/2021:11:42:08 +0800] "GET /xingrg/kc/buy/cgsh_order_operate.html?command=get_materiel&rest_code=00141&code=00101010790&supplier_code=00100329&order_time=2021-09-21 HTTP/1.1" 200 408
180.152.125.3 - - [21/Sep/2021:11:42:13 +0800] "GET /xingrg/kc/buy/cgsh_order_operate.html?command=get_materiel&rest_code=00102&code=00101007038&supplier_code=00100323&order_time=2021-09-21 HTTP/1.1" 200 422
58.39.139.200 - - [21/Sep/2021:11:42:15 +0800] "POST /xingrg/kc/buy/cgsh_order_operate.html HTTP/1.1" 200 37
58.39.139.200 - - [21/Sep/2021:11:42:16 +0800] "POST /xingrg/kc/buy/cgsh_order_operate.html HTTP/1.1" 200 3862
116.238.248.233 - - [21/Sep/2021:11:42:16 +0800] "GET /xingrg/all/function/internal_message.html?_=1632195739995&CODE_STATE=getMsg HTTP/1.1" 200 27
58.37.227.186 - - [21/Sep/2021:11:42:16 +0800] "GET /xingrg/kc/buy/cgsh_order_operate.html?command=get_materiel&rest_code=00141&code=00101019574&supplier_code=00100329&order_time=2021-09-21 HTTP/1.1" 200 452
58.39.139.200 - - [21/Sep/2021:11:42:18 +0800] "GET /xingrg/kc/print/load_data.html?order_code=212021092109584&kc_code=cgsh&condition= HTTP/1.1" 200 1125
116.237.74.154 - - [21/Sep/2021:11:42:24 +0800] "GET /xingrg/all/function/internal_message.html?_=1632195747388&CODE_STATE=getMsg HTTP/1.1" 200 27
58.37.227.186 - - [21/Sep/2021:11:42:25 +0800] "GET /xingrg/kc/buy/cgsh_order_operate.html?command=get_materiel&rest_code=00141&code=00101010030&supplier_code=00100329&order_time=2021-09-21 HTTP/1.1" 200 413
114.85.125.222 - - [21/Sep/2021:11:42:28 +0800] "GET /xingrg/check_reg.html?_=1632195731278 HTTP/1.1" 200 22
114.85.125.222 - - [21/Sep/2021:11:42:28 +0800] "GET /xingrg/all/function/internal_message.html?_=1632195731772&CODE_STATE=getMsg HTTP/1.1" 200 27
222.70.179.190 - - [21/Sep/2021:11:42:29 +0800] "GET /xingrg/all/function/internal_message.html?_=1632195751180&CODE_STATE=getMsg HTTP/1.1" 200 27
222.70.246.151 - - [21/Sep/2021:11:42:30 +0800] "GET /xingrg/check_reg.html?_=1632195759800 HTTP/1.1" 200 22
222.70.246.151 - - [21/Sep/2021:11:42:30 +0800] "GET /xingrg/all/function/internal_message.html?_=1632195759921&CODE_STATE=getMsg HTTP/1.1" 200 27
180.169.147.146 - - [21/Sep/2021:11:42:31 +0800] "GET /xingrg/all/function/internal_message.html?_=1632195755931&CODE_STATE=getMsg HTTP/1.1" 200 27
180.152.125.3 - - [21/Sep/2021:11:42:33 +0800] "POST /xingrg/kc/base/wldb_order_operate.html HTTP/1.1" 200 37
124.79.246.142 - - [21/Sep/2021:11:42:35 +0800] "GET /xingrg/all/function/internal_message.html?_=1632195861901&CODE_STATE=getMsg HTTP/1.1" 200 27
180.152.125.3 - - [21/Sep/2021:11:42:36 +0800] "POST /xingrg/kc/base/wldb_order_operate.html HTTP/1.1" 200 12
180.152.125.3 - - [21/Sep/2021:11:42:36 +0800] "POST /xingrg/kc/base/wldb_order_operate.html HTTP/1.1" 200 8248
58.39.139.200 - - [21/Sep/2021:11:42:37 +0800] "GET /xingrg/all/function/internal_message.html?_=1632195707645&CODE_STATE=getMsg HTTP/1.1" 200 27
222.69.131.205 - - [21/Sep/2021:11:42:37 +0800] "GET /xingrg/all/function/internal_message.html?_=1632195762995&CODE_STATE=getMsg HTTP/1.1" 200 27
58.39.139.200 - - [21/Sep/2021:11:42:40 +0800] "GET /xingrg/check_reg.html?_=1632195765372 HTTP/1.1" 200 22
58.39.139.200 - - [21/Sep/2021:11:42:40 +0800] "GET /xingrg/all/function/internal_message.html?_=1632195765389&CODE_STATE=getMsg HTTP/1.1" 200 27
116.237.74.154 - - [21/Sep/2021:11:42:43 +0800] "GET /xingrg/all/function/internal_message.html?_=1632195766494&CODE_STATE=getMsg HTTP/1.1" 200 27
180.152.125.3 - - [21/Sep/2021:11:42:43 +0800] "GET /xingrg/kc/base/wldb_order_info.html?code=422021092102405 HTTP/1.1" 200 26311
58.37.227.186 - - [21/Sep/2021:11:42:44 +0800] "GET /xingrg/kc/buy/cgsh_order_operate.html?command=get_materiel&rest_code=00141&code=00101010031&supplier_code=00100329&order_time=2021-09-21 HTTP/1.1" 200 413
180.152.125.3 - - [21/Sep/2021:11:42:45 +0800] "GET /xingrg/all/function/internal_message.html?_=1632195747794&CODE_STATE=getMsg HTTP/1.1" 200 27
180.152.125.3 - - [21/Sep/2021:11:42:45 +0800] "POST /xingrg/kc/base/wldb_order_operate.html HTTP/1.1" 200 6395
180.152.125.3 - - [21/Sep/2021:11:42:45 +0800] "GET /xingrg/javascript/easyui/themes/default/validatebox.css HTTP/1.1" 404 1104
124.79.246.142 - - [21/Sep/2021:11:42:45 +0800] "GET /xingrg/kc/buy/cgsh_order_operate.html?command=get_materiel&rest_code=00104&code=00101010035&supplier_code=00100036&order_time=2021-09-21 HTTP/1.1" 200 413
58.40.7.146 - - [21/Sep/2021:11:42:48 +0800] "GET /xingrg/all/function/internal_message.html?_=1632195772389&CODE_STATE=getMsg HTTP/1.1" 302 -
180.152.125.3 - - [21/Sep/2021:11:42:48 +0800] "GET /xingrg/kc/base/wldb_order_add.html HTTP/1.1" 200 30434
180.152.125.3 - - [21/Sep/2021:11:42:50 +0800] "POST /xingrg/kc/base/wldb_order_operate.html HTTP/1.1" 200 6806
180.152.125.3 - - [21/Sep/2021:11:42:51 +0800] "GET /xingrg/javascript/easyui/themes/default/validatebox.css HTTP/1.1" 404 1104
180.152.125.3 - - [21/Sep/2021:11:42:51 +0800] "POST /xingrg/all/common/load_combo.html?type=base HTTP/1.1" 200 3060
180.152.125.3 - - [21/Sep/2021:11:42:53 +0800] "GET /xingrg/all/function/internal_message.html?_=1632195777940&CODE_STATE=getMsg HTTP/1.1" 200 27
180.152.125.3 - - [21/Sep/2021:11:42:53 +0800] "POST /xingrg/all/common/load_combo.html?type=base HTTP/1.1" 200 3060
58.37.227.186 - - [21/Sep/2021:11:42:55 +0800] "GET /xingrg/kc/buy/cgsh_order_operate.html?command=get_materiel&rest_code=00141&code=00101019852&supplier_code=00100329&order_time=2021-09-21 HTTP/1.1" 200 412
180.152.125.3 - - [21/Sep/2021:11:42:57 +0800] "GET /xingrg/kc/buy/cgsh_order_operate.html?command=get_materiel&rest_code=00102&code=00102005089&supplier_code=00100323&order_time=2021-09-21 HTTP/1.1" 200 420
116.230.105.26 - - [21/Sep/2021:11:42:57 +0800] "GET /xingrg/all/function/internal_message.html?_=1632195764484&CODE_STATE=getMsg HTTP/1.1" 200 27
180.152.125.3 - - [21/Sep/2021:11:42:59 +0800] "GET /xingrg/kc/base/wldb_order_operate.html?command=get_materiel&rest_code=00102&base_code=0010476&code=00101019131 HTTP/1.1" 200 454
180.169.147.146 - - [21/Sep/2021:11:43:01 +0800] "POST /xingrg/dwr/call/plaincall/AjaxReportQueryService.getFixDate.dwr HTTP/1.1" 200 111
117.184.7.30 - - [21/Sep/2021:11:43:01 +0800] "GET /xingrg/all/function/internal_message.html?_=1632195780736&CODE_STATE=getMsg HTTP/1.1" 200 27
114.83.219.92 - - [21/Sep/2021:11:43:02 +0800] "GET /xingrg/all/function/internal_message.html?_=1632195785310&CODE_STATE=getMsg HTTP/1.1" 200 27
114.86.224.104 - - [21/Sep/2021:11:43:02 +0800] "GET /xingrg/all/function/internal_message.html?_=1632195788728&CODE_STATE=getMsg HTTP/1.1" 200 27
114.86.224.104 - - [21/Sep/2021:11:43:02 +0800] "GET /xingrg/check_reg.html?_=1632195788730 HTTP/1.1" 200 22
180.152.125.3 - - [21/Sep/2021:11:43:06 +0800] "POST /xingrg/kc/buy/cgsh_order_operate.html HTTP/1.1" 200 37
58.37.227.186 - - [21/Sep/2021:11:43:08 +0800] "GET /xingrg/kc/buy/cgsh_order_operate.html?command=get_materiel&rest_code=00141&code=00101010355&supplier_code=00100329&order_time=2021-09-21 HTTP/1.1" 200 426
180.152.125.3 - - [21/Sep/2021:11:43:09 +0800] "POST /xingrg/kc/buy/cgsh_order_operate.html HTTP/1.1" 200 12
180.169.147.146 - - [21/Sep/2021:11:43:10 +0800] "POST /xingrg/dwr/call/plaincall/AjaxReportQueryService.refreshCache.dwr HTTP/1.1" 200 78
180.169.147.146 - - [21/Sep/2021:11:43:13 +0800] "POST /xingrg/all/report/load_report_page.html HTTP/1.1" 200 64341
