222.70.179.190 - - [21/Sep/2021:10:36:32 +0800] "GET /xingrg/kc/buy/cgsh_order_operate.html?command=get_materiel&rest_code=00111&code=00101001167&supplier_code=00100314&order_time=2021-09-21 HTTP/1.1" 200 411
58.39.139.200 - - [21/Sep/2021:10:36:33 +0800] "GET /xingrg/kc/print/load_data.html?order_code=212021092109390&kc_code=cgsh&condition= HTTP/1.1" 200 2618
116.238.248.233 - - [21/Sep/2021:10:36:34 +0800] "GET /xingrg/all/function/internal_message.html?_=1632191797518&CODE_STATE=getMsg HTTP/1.1" 200 27
58.37.227.186 - - [21/Sep/2021:10:36:35 +0800] "GET /xingrg/kc/buy/cgsh_order_operate.html?command=get_materiel&rest_code=00141&code=00101016105&supplier_code=00100036&order_time=2021-09-21 HTTP/1.1" 200 409
222.70.246.151 - - [21/Sep/2021:10:36:36 +0800] "GET /xingrg/kc/buy/cgsh_order_operate.html?command=get_materiel&rest_code=00146&code=00101008270&supplier_code=00100005&order_time=2021-09-21 HTTP/1.1" 200 412
58.39.139.200 - - [21/Sep/2021:10:36:37 +0800] "GET /xingrg/check_reg.html?_=1632191747587 HTTP/1.1" 200 22
58.39.139.200 - - [21/Sep/2021:10:36:37 +0800] "GET /xingrg/all/function/internal_message.html?_=1632191747589&CODE_STATE=getMsg HTTP/1.1" 200 27
114.85.125.222 - - [21/Sep/2021:10:36:39 +0800] "POST /xingrg/kc/buy/cgsh_order_operate.html HTTP/1.1" 200 37
114.85.125.222 - - [21/Sep/2021:10:36:40 +0800] "POST /xingrg/kc/buy/cgsh_order_operate.html HTTP/1.1" 200 7394
58.40.7.146 - - [21/Sep/2021:10:36:48 +0800] "GET /xingrg/all/function/internal_message.html?_=1632191812335&CODE_STATE=getMsg HTTP/1.1" 302 -
222.70.179.190 - - [21/Sep/2021:10:36:49 +0800] "POST /xingrg/kc/buy/cgsh_order_operate.html HTTP/1.1" 200 37
222.70.246.151 - - [21/Sep/2021:10:36:49 +0800] "GET /xingrg/kc/buy/cgsh_order_operate.html?command=get_materiel&rest_code=00146&code=00101008213&supplier_code=00100005&order_time=2021-09-21 HTTP/1.1" 200 412
58.37.227.186 - - [21/Sep/2021:10:36:51 +0800] "GET /xingrg/kc/buy/cgsh_order_operate.html?command=get_materiel&rest_code=00141&code=00101020144&supplier_code=00100036&order_time=2021-09-21 HTTP/1.1" 200 449
222.70.179.190 - - [21/Sep/2021:10:36:52 +0800] "POST /xingrg/kc/buy/cgsh_order_operate.html HTTP/1.1" 200 2657
222.70.179.190 - - [21/Sep/2021:10:36:53 +0800] "GET /xingrg/kc/print/load_data.html?order_code=212021092109391&kc_code=cgsh&condition= HTTP/1.1" 200 661
114.85.125.222 - - [21/Sep/2021:10:36:57 +0800] "POST /xingrg/kc/buy/cgsh_order_operate.html HTTP/1.1" 200 37
116.230.105.26 - - [21/Sep/2021:10:36:57 +0800] "GET /xingrg/all/function/internal_message.html?_=1632191805109&CODE_STATE=getMsg HTTP/1.1" 200 27
222.70.246.151 - - [21/Sep/2021:10:36:58 +0800] "GET /xingrg/all/function/internal_message.html?_=1632191828134&CODE_STATE=getMsg HTTP/1.1" 200 27
114.85.125.222 - - [21/Sep/2021:10:37:00 +0800] "POST /xingrg/kc/buy/cgsh_order_operate.html HTTP/1.1" 200 12
117.184.7.30 - - [21/Sep/2021:10:37:01 +0800] "GET /xingrg/all/function/internal_message.html?_=1632191820587&CODE_STATE=getMsg HTTP/1.1" 200 27
222.70.179.190 - - [21/Sep/2021:10:37:01 +0800] "GET /xingrg/kc/buy/cgsh_order_add.html HTTP/1.1" 200 63476
222.70.179.190 - - [21/Sep/2021:10:37:01 +0800] "POST /xingrg/kc/buy/cgsh_order_operate.html HTTP/1.1" 200 8245
222.70.179.190 - - [21/Sep/2021:10:37:01 +0800] "GET /xingrg/javascript/easyui/themes/default/validatebox.css HTTP/1.1" 404 1104
114.85.125.222 - - [21/Sep/2021:10:37:01 +0800] "GET /xingrg/kc/buy/cgsh_order_info.html?code=212021092109387 HTTP/1.1" 200 58319
114.85.125.222 - - [21/Sep/2021:10:37:02 +0800] "GET /xingrg/javascript/easyui/themes/default/validatebox.css HTTP/1.1" 404 1104
114.86.224.104 - - [21/Sep/2021:10:37:02 +0800] "GET /xingrg/all/function/internal_message.html?_=1632191828579&CODE_STATE=getMsg HTTP/1.1" 200 27
114.85.125.222 - - [21/Sep/2021:10:37:02 +0800] "POST /xingrg/kc/buy/cgsh_order_operate.html HTTP/1.1" 200 5339
222.70.179.190 - - [21/Sep/2021:10:37:03 +0800] "GET /xingrg/javascript/easyui/themes/default/tree.css HTTP/1.1" 404 1090
222.70.179.190 - - [21/Sep/2021:10:37:03 +0800] "POST /xingrg/all/common/load_tree.html?tree=supplier_tree_json&isDelete=1 HTTP/1.1" 200 57803
114.83.219.92 - - [21/Sep/2021:10:37:03 +0800] "GET /xingrg/all/function/internal_message.html?_=1632191826481&CODE_STATE=getMsg HTTP/1.1" 200 27
58.37.227.186 - - [21/Sep/2021:10:37:04 +0800] "GET /xingrg/kc/buy/cgsh_order_operate.html?command=get_materiel&rest_code=00141&code=00101012026&supplier_code=00100036&order_time=2021-09-21 HTTP/1.1" 200 408
114.85.125.222 - - [21/Sep/2021:10:37:05 +0800] "GET /xingrg/kc/print/load_data.html?order_code=212021092109387&kc_code=cgsh&condition= HTTP/1.1" 200 2502
180.152.125.3 - - [21/Sep/2021:10:37:06 +0800] "GET /xingrg/all/function/internal_message.html?_=1632191808941&CODE_STATE=getMsg HTTP/1.1" 200 27
114.85.125.222 - - [21/Sep/2021:10:37:09 +0800] "GET /xingrg/all/function/internal_message.html?_=1632191812576&CODE_STATE=getMsg HTTP/1.1" 200 27
114.85.125.222 - - [21/Sep/2021:10:37:14 +0800] "POST /xingrg/all/user/operate.html HTTP/1.1" 200 36
114.85.125.222 - - [21/Sep/2021:10:37:16 +0800] "GET /xingrg/javascript/jquery_easy_ui/themes/default/easyui.css HTTP/1.1" 304 -
114.85.125.222 - - [21/Sep/2021:10:37:16 +0800] "GET /xingrg/index.html?sysBaseUrl=http%3A%2F%2F180.169.147.146%3A18081%2Fxingrg%2F&costTime=43×tamp=1632187858705 HTTP/1.1" 200 17177
114.85.125.222 - - [21/Sep/2021:10:37:16 +0800] "GET /xingrg/javascript/jquery_easy_ui/themes/icon.css HTTP/1.1" 304 -
114.85.125.222 - - [21/Sep/2021:10:37:16 +0800] "GET /xingrg/css/form.css HTTP/1.1" 304 -
114.85.125.222 - - [21/Sep/2021:10:37:16 +0800] "GET /xingrg/javascript/jquery-1.4.2.min.js HTTP/1.1" 304 -
114.85.125.222 - - [21/Sep/2021:10:37:16 +0800] "GET /xingrg/javascript/jquery_easy_ui/jquery.easyui.min.js HTTP/1.1" 304 -
114.85.125.222 - - [21/Sep/2021:10:37:16 +0800] "GET /xingrg/javascript/jquery_easy_ui/easyui-lang-zh_CN.js HTTP/1.1" 304 -
114.85.125.222 - - [21/Sep/2021:10:37:16 +0800] "GET /xingrg/javascript/jquery.form.js HTTP/1.1" 304 -
114.85.125.222 - - [21/Sep/2021:10:37:16 +0800] "GET /xingrg/javascript/jquery.utils.js HTTP/1.1" 304 -
114.85.125.222 - - [21/Sep/2021:10:37:16 +0800] "GET /xingrg/javascript/jquery.timers.js HTTP/1.1" 304 -
114.85.125.222 - - [21/Sep/2021:10:37:16 +0800] "GET /xingrg/images/blue/jxLogo.png HTTP/1.1" 304 -
114.85.125.222 - - [21/Sep/2021:10:37:16 +0800] "GET /xingrg/images/blue/navBackgound.jpg HTTP/1.1" 304 -
114.85.125.222 - - [21/Sep/2021:10:37:16 +0800] "GET /xingrg/javascript/jquery_easy_ui/themes/icons/settle_new.png HTTP/1.1" 304 -
114.85.125.222 - - [21/Sep/2021:10:37:16 +0800] "GET /xingrg/images/blue/pingpu.png HTTP/1.1" 304 -
114.85.125.222 - - [21/Sep/2021:10:37:16 +0800] "POST /xingrg/all/common/load_tree.html?tree=area_rest_tree_json&manage=1 HTTP/1.1" 200 476
114.85.125.222 - - [21/Sep/2021:10:37:16 +0800] "GET /xingrg/javascript/jquery_easy_ui/themes/default/images/tabs_leftarrow.png HTTP/1.1" 304 -
114.85.125.222 - - [21/Sep/2021:10:37:16 +0800] "GET /xingrg/javascript/jquery_easy_ui/themes/default/images/tabs_rightarrow.png HTTP/1.1" 304 -
114.85.125.222 - - [21/Sep/2021:10:37:16 +0800] "GET /xingrg/javascript/jquery_easy_ui/themes/default/images/panel_tool_collapse.gif HTTP/1.1" 304 -
114.85.125.222 - - [21/Sep/2021:10:37:16 +0800] "GET /xingrg/check_reg.html?_=1632191819977 HTTP/1.1" 200 22
114.85.125.222 - - [21/Sep/2021:10:37:16 +0800] "GET /xingrg/all/function/internal_message.html?_=1632191819977&CODE_STATE=count HTTP/1.1" 200 11
114.85.125.222 - - [21/Sep/2021:10:37:16 +0800] "POST /xingrg/load_menu.html HTTP/1.1" 200 5138
58.39.139.200 - - [21/Sep/2021:10:37:17 +0800] "GET /xingrg/all/function/internal_message.html?_=1632191843030&CODE_STATE=getMsg HTTP/1.1" 200 27
222.70.179.190 - - [21/Sep/2021:10:37:19 +0800] "GET /xingrg/kc/buy/cgsh_order_operate.html?command=get_materiel&rest_code=00111&code=00101001125&supplier_code=00100090&order_time=2021-09-21 HTTP/1.1" 200 415
114.85.125.222 - - [21/Sep/2021:10:37:20 +0800] "GET /xingrg/kc/buy/cgsh_order_list.html HTTP/1.1" 200 47748
114.85.125.222 - - [21/Sep/2021:10:37:21 +0800] "GET /xingrg/kc/buy/cgsh_order_list.html HTTP/1.1" 200 47748
114.85.125.222 - - [21/Sep/2021:10:37:21 +0800] "POST /xingrg/kc/buy/cgsh_list_operate.html HTTP/1.1" 200 2089
114.85.125.222 - - [21/Sep/2021:10:37:22 +0800] "POST /xingrg/kc/buy/cgsh_list_operate.html HTTP/1.1" 200 2089
114.85.125.222 - - [21/Sep/2021:10:37:25 +0800] "POST /xingrg/kc/buy/cgsh_list_operate.html HTTP/1.1" 200 564
116.237.74.154 - - [21/Sep/2021:10:37:25 +0800] "GET /xingrg/all/function/internal_message.html?_=1632191848027&CODE_STATE=getMsg HTTP/1.1" 200 27
114.85.125.222 - - [21/Sep/2021:10:37:25 +0800] "GET /xingrg/kc/buy/cgsh_order_info.html?code=212021092109368 HTTP/1.1" 200 63145
114.85.125.222 - - [21/Sep/2021:10:37:25 +0800] "GET /xingrg/javascript/easyui/themes/default/validatebox.css HTTP/1.1" 404 1104
114.85.125.222 - - [21/Sep/2021:10:37:26 +0800] "POST /xingrg/kc/buy/cgsh_order_operate.html HTTP/1.1" 200 9286
222.70.179.190 - - [21/Sep/2021:10:37:28 +0800] "GET /xingrg/all/function/internal_message.html?_=1632191851005&CODE_STATE=getMsg HTTP/1.1" 200 27
58.37.227.186 - - [21/Sep/2021:10:37:30 +0800] "GET /xingrg/kc/buy/cgsh_order_operate.html?command=get_materiel&rest_code=00141&code=00101012002&supplier_code=00100036&order_time=2021-09-21 HTTP/1.1" 200 419
114.85.125.222 - - [21/Sep/2021:10:37:33 +0800] "POST /xingrg/kc/buy/cgsh_order_operate.html HTTP/1.1" 200 37
116.238.248.233 - - [21/Sep/2021:10:37:34 +0800] "GET /xingrg/all/function/internal_message.html?_=1632191857519&CODE_STATE=getMsg HTTP/1.1" 200 27
114.85.125.222 - - [21/Sep/2021:10:37:36 +0800] "POST /xingrg/kc/buy/cgsh_order_operate.html HTTP/1.1" 200 12
114.85.125.222 - - [21/Sep/2021:10:37:37 +0800] "GET /xingrg/kc/buy/cgsh_order_info.html?code=212021092109368 HTTP/1.1" 200 58049
114.85.125.222 - - [21/Sep/2021:10:37:37 +0800] "GET /xingrg/javascript/easyui/themes/default/validatebox.css HTTP/1.1" 404 1104
58.39.139.200 - - [21/Sep/2021:10:37:37 +0800] "GET /xingrg/all/function/internal_message.html?_=1632191807589&CODE_STATE=getMsg HTTP/1.1" 200 27
114.85.125.222 - - [21/Sep/2021:10:37:37 +0800] "POST /xingrg/kc/buy/cgsh_order_operate.html HTTP/1.1" 200 7211
114.85.125.222 - - [21/Sep/2021:10:37:39 +0800] "GET /xingrg/kc/print/load_data.html?order_code=212021092109368&kc_code=cgsh&condition= HTTP/1.1" 200 3295
222.70.179.190 - - [21/Sep/2021:10:37:40 +0800] "GET /xingrg/kc/buy/cgsh_order_operate.html?command=get_materiel&rest_code=00111&code=00101001140&supplier_code=00100090&order_time=2021-09-21 HTTP/1.1" 200 415
58.37.227.186 - - [21/Sep/2021:10:37:45 +0800] "GET /xingrg/kc/buy/cgsh_order_operate.html?command=get_materiel&rest_code=00141&code=00101011001&supplier_code=00100036&order_time=2021-09-21 HTTP/1.1" 200 423
58.40.7.146 - - [21/Sep/2021:10:37:48 +0800] "GET /xingrg/all/function/internal_message.html?_=1632191872339&CODE_STATE=getMsg HTTP/1.1" 302 -
58.37.227.186 - - [21/Sep/2021:10:37:53 +0800] "GET /xingrg/kc/buy/cgsh_order_operate.html?command=get_materiel&rest_code=00141&code=00101016053&supplier_code=00100036&order_time=2021-09-21 HTTP/1.1" 200 408
222.70.179.190 - - [21/Sep/2021:10:37:56 +0800] "GET /xingrg/kc/buy/cgsh_order_operate.html?command=get_materiel&rest_code=00111&code=00101001093&supplier_code=00100090&order_time=2021-09-21 HTTP/1.1" 200 411
116.230.105.26 - - [21/Sep/2021:10:37:57 +0800] "GET /xingrg/all/function/internal_message.html?_=1632191865104&CODE_STATE=getMsg HTTP/1.1" 200 27
222.70.246.151 - - [21/Sep/2021:10:37:58 +0800] "GET /xingrg/all/function/internal_message.html?_=1632191888147&CODE_STATE=getMsg HTTP/1.1" 200 27
114.85.125.222 - - [21/Sep/2021:10:38:01 +0800] "POST /xingrg/kc/buy/cgsh_list_operate.html HTTP/1.1" 200 566
117.184.7.30 - - [21/Sep/2021:10:38:01 +0800] "GET /xingrg/all/function/internal_message.html?_=1632191880599&CODE_STATE=getMsg HTTP/1.1" 200 27
114.85.125.222 - - [21/Sep/2021:10:38:01 +0800] "GET /xingrg/kc/buy/cgsh_order_info.html?code=212021092109363 HTTP/1.1" 200 63145
114.85.125.222 - - [21/Sep/2021:10:38:02 +0800] "GET /xingrg/javascript/easyui/themes/default/validatebox.css HTTP/1.1" 404 1104
114.85.125.222 - - [21/Sep/2021:10:38:02 +0800] "POST /xingrg/kc/buy/cgsh_order_operate.html HTTP/1.1" 200 30770
114.86.224.104 - - [21/Sep/2021:10:38:02 +0800] "GET /xingrg/all/function/internal_message.html?_=1632191888581&CODE_STATE=getMsg HTTP/1.1" 200 27
114.86.224.104 - - [21/Sep/2021:10:38:02 +0800] "GET /xingrg/check_reg.html?_=1632191888581 HTTP/1.1" 200 22
114.83.219.92 - - [21/Sep/2021:10:38:03 +0800] "GET /xingrg/all/function/internal_message.html?_=1632191886461&CODE_STATE=getMsg HTTP/1.1" 200 27
58.37.227.186 - - [21/Sep/2021:10:38:04 +0800] "GET /xingrg/kc/buy/cgsh_order_operate.html?command=get_materiel&rest_code=00141&code=00101010348&supplier_code=00100036&order_time=2021-09-21 HTTP/1.1" 200 418
180.152.125.3 - - [21/Sep/2021:10:38:07 +0800] "GET /xingrg/all/function/internal_message.html?_=1632191869284&CODE_STATE=getMsg HTTP/1.1" 200 27
114.85.125.222 - - [21/Sep/2021:10:38:16 +0800] "GET /xingrg/all/function/internal_message.html?_=1632191879996&CODE_STATE=getMsg HTTP/1.1" 200 27
58.39.139.200 - - [21/Sep/2021:10:38:17 +0800] "GET /xingrg/all/function/internal_message.html?_=1632191903012&CODE_STATE=getMsg HTTP/1.1" 200 27
58.39.139.200 - - [21/Sep/2021:10:38:20 +0800] "GET /xingrg/check_reg.html?_=1632191905088 HTTP/1.1" 200 22
58.37.227.186 - - [21/Sep/2021:10:38:22 +0800] "GET /xingrg/kc/buy/cgsh_order_operate.html?command=get_materiel&rest_code=00141&code=00101010092&supplier_code=00100036&order_time=2021-09-21 HTTP/1.1" 200 431
116.237.74.154 - - [21/Sep/2021:10:38:25 +0800] "GET /xingrg/all/function/internal_message.html?_=1632191908023&CODE_STATE=getMsg HTTP/1.1" 200 27
222.70.179.190 - - [21/Sep/2021:10:38:29 +0800] "GET /xingrg/check_reg.html?_=1632191911013 HTTP/1.1" 200 22
222.70.179.190 - - [21/Sep/2021:10:38:29 +0800] "GET /xingrg/all/function/internal_message.html?_=1632191911016&CODE_STATE=getMsg HTTP/1.1" 200 27
116.238.248.233 - - [21/Sep/2021:10:38:34 +0800] "GET /xingrg/all/function/internal_message.html?_=1632191917523&CODE_STATE=getMsg HTTP/1.1" 200 27
58.37.227.186 - - [21/Sep/2021:10:38:37 +0800] "GET /xingrg/check_reg.html?_=1632191788522 HTTP/1.1" 200 22
58.39.139.200 - - [21/Sep/2021:10:38:37 +0800] "GET /xingrg/all/function/internal_message.html?_=1632191867589&CODE_STATE=getMsg HTTP/1.1" 200 27
58.37.227.186 - - [21/Sep/2021:10:38:42 +0800] "POST /xingrg/kc/buy/cgsh_order_operate.html HTTP/1.1" 200 37
58.40.7.146 - - [21/Sep/2021:10:38:48 +0800] "GET /xingrg/all/function/internal_message.html?_=1632191932342&CODE_STATE=getMsg HTTP/1.1" 302 -
58.40.7.146 - - [21/Sep/2021:10:38:48 +0800] "GET /xingrg/check_reg.html?_=1632191932344 HTTP/1.1" 302 -
116.230.105.26 - - [21/Sep/2021:10:38:57 +0800] "GET /xingrg/all/function/internal_message.html?_=1632191925119&CODE_STATE=getMsg HTTP/1.1" 200 27
116.230.105.26 - - [21/Sep/2021:10:38:57 +0800] "GET /xingrg/check_reg.html?_=1632191925121 HTTP/1.1" 200 22
222.70.246.151 - - [21/Sep/2021:10:38:58 +0800] "GET /xingrg/all/function/internal_message.html?_=1632191948160&CODE_STATE=getMsg HTTP/1.1" 200 27
117.184.7.30 - - [21/Sep/2021:10:39:01 +0800] "GET /xingrg/all/function/internal_message.html?_=1632191940606&CODE_STATE=getMsg HTTP/1.1" 200 27
117.184.7.30 - - [21/Sep/2021:10:39:01 +0800] "GET /xingrg/check_reg.html?_=1632191940610 HTTP/1.1" 200 22
114.86.224.104 - - [21/Sep/2021:10:39:02 +0800] "GET /xingrg/all/function/internal_message.html?_=1632191948583&CODE_STATE=getMsg HTTP/1.1" 200 27
114.83.219.92 - - [21/Sep/2021:10:39:03 +0800] "GET /xingrg/all/function/internal_message.html?_=1632191946442&CODE_STATE=getMsg HTTP/1.1" 200 27
180.152.125.3 - - [21/Sep/2021:10:39:07 +0800] "GET /xingrg/all/function/internal_message.html?_=1632191929297&CODE_STATE=getMsg HTTP/1.1" 200 27
114.85.125.222 - - [21/Sep/2021:10:39:16 +0800] "GET /xingrg/all/function/internal_message.html?_=1632191940025&CODE_STATE=getMsg HTTP/1.1" 200 27
58.39.139.200 - - [21/Sep/2021:10:39:17 +0800] "GET /xingrg/all/function/internal_message.html?_=1632191962991&CODE_STATE=getMsg HTTP/1.1" 200 27
58.37.227.186 - - [21/Sep/2021:10:39:17 +0800] "POST /xingrg/services/DataTransmitService HTTP/1.1" 200 524
222.70.179.190 - - [21/Sep/2021:10:39:20 +0800] "GET /xingrg/kc/buy/cgsh_order_operate.html?command=get_materiel&rest_code=00111&code=00101004012&supplier_code=00100090&order_time=2021-09-21 HTTP/1.1" 200 421
58.37.227.186 - - [21/Sep/2021:10:39:22 +0800] "POST /xingrg/services/DataTransmitService HTTP/1.1" 200 501
58.37.227.186 - - [21/Sep/2021:10:39:22 +0800] "POST /xingrg/kc/buy/cgsh_order_operate.html HTTP/1.1" 200 12
58.37.227.186 - - [21/Sep/2021:10:39:23 +0800] "GET /xingrg/kc/buy/cgsh_order_info.html?code=212021092109392 HTTP/1.1" 200 58399
58.37.227.186 - - [21/Sep/2021:10:39:24 +0800] "GET /xingrg/javascript/easyui/themes/default/validatebox.css HTTP/1.1" 404 1104
58.37.227.186 - - [21/Sep/2021:10:39:24 +0800] "POST /xingrg/kc/buy/cgsh_order_operate.html HTTP/1.1" 200 8934
116.237.74.154 - - [21/Sep/2021:10:39:25 +0800] "GET /xingrg/all/function/internal_message.html?_=1632191968025&CODE_STATE=getMsg HTTP/1.1" 200 27
58.37.227.186 - - [21/Sep/2021:10:39:26 +0800] "GET /xingrg/kc/print/load_data.html?order_code=212021092109392&kc_code=cgsh&condition= HTTP/1.1" 200 3958
222.70.179.190 - - [21/Sep/2021:10:39:29 +0800] "GET /xingrg/all/function/internal_message.html?_=1632191971009&CODE_STATE=getMsg HTTP/1.1" 200 27
116.238.248.233 - - [21/Sep/2021:10:39:34 +0800] "GET /xingrg/all/function/internal_message.html?_=1632191977524&CODE_STATE=getMsg HTTP/1.1" 200 27
58.39.139.200 - - [21/Sep/2021:10:39:37 +0800] "GET /xingrg/all/function/internal_message.html?_=1632191927588&CODE_STATE=getMsg HTTP/1.1" 200 27
180.152.125.3 - - [21/Sep/2021:10:39:45 +0800] "POST /xingrg/services/DataTransmitService HTTP/1.1" 200 524
180.152.125.3 - - [21/Sep/2021:10:39:46 +0800] "POST /xingrg/services/DataTransmitService HTTP/1.1" 200 412
58.37.227.186 - - [21/Sep/2021:10:39:48 +0800] "GET /xingrg/kc/buy/cgsh_order_add.html HTTP/1.1" 200 63488
58.40.7.146 - - [21/Sep/2021:10:39:48 +0800] "GET /xingrg/all/function/internal_message.html?_=1632191992351&CODE_STATE=getMsg HTTP/1.1" 302 -
58.37.227.186 - - [21/Sep/2021:10:39:48 +0800] "POST /xingrg/kc/buy/cgsh_order_operate.html HTTP/1.1" 200 8245
58.37.227.186 - - [21/Sep/2021:10:39:48 +0800] "GET /xingrg/javascript/easyui/themes/default/validatebox.css HTTP/1.1" 404 1104
116.230.105.26 - - [21/Sep/2021:10:39:57 +0800] "GET /xingrg/all/function/internal_message.html?_=1632191985109&CODE_STATE=getMsg HTTP/1.1" 200 27
58.37.227.186 - - [21/Sep/2021:10:39:58 +0800] "GET /xingrg/kc/buy/cgsh_order_operate.html?command=get_materiel&rest_code=00141&code=00101001010&supplier_code=00100040&order_time=2021-09-21 HTTP/1.1" 200 409
222.70.246.151 - - [21/Sep/2021:10:39:59 +0800] "GET /xingrg/all/function/internal_message.html?_=1632192008548&CODE_STATE=getMsg HTTP/1.1" 200 27
222.70.179.190 - - [21/Sep/2021:10:40:01 +0800] "POST /xingrg/kc/buy/cgsh_order_operate.html HTTP/1.1" 200 37
117.184.7.30 - - [21/Sep/2021:10:40:01 +0800] "GET /xingrg/all/function/internal_message.html?_=1632192000614&CODE_STATE=getMsg HTTP/1.1" 200 27
114.86.224.104 - - [21/Sep/2021:10:40:02 +0800] "GET /xingrg/all/function/internal_message.html?_=1632192008586&CODE_STATE=getMsg HTTP/1.1" 200 27
114.83.219.92 - - [21/Sep/2021:10:40:03 +0800] "GET /xingrg/all/function/internal_message.html?_=1632192006424&CODE_STATE=getMsg HTTP/1.1" 200 27
222.70.179.190 - - [21/Sep/2021:10:40:03 +0800] "POST /xingrg/kc/buy/cgsh_order_operate.html HTTP/1.1" 200 3856
180.152.125.3 - - [21/Sep/2021:10:40:07 +0800] "GET /xingrg/all/function/internal_message.html?_=1632191989548&CODE_STATE=getMsg HTTP/1.1" 200 27
58.37.227.186 - - [21/Sep/2021:10:40:10 +0800] "GET /xingrg/kc/buy/cgsh_order_operate.html?command=get_materiel&rest_code=00141&code=00101005037&supplier_code=00100040&order_time=2021-09-21 HTTP/1.1" 200 409
116.237.74.154 - - [21/Sep/2021:10:40:11 +0800] "GET /xingrg/kc/buy/cgsh_order_operate.html?command=get_materiel&rest_code=00106&code=00101006290&supplier_code=00100015&order_time=2021-09-21 HTTP/1.1" 200 400
114.85.125.222 - - [21/Sep/2021:10:40:14 +0800] "POST /xingrg/kc/buy/cgsh_order_operate.html HTTP/1.1" 200 37
114.85.125.222 - - [21/Sep/2021:10:40:16 +0800] "GET /xingrg/all/function/internal_message.html?_=1632192000040&CODE_STATE=getMsg HTTP/1.1" 200 27
58.39.139.200 - - [21/Sep/2021:10:40:17 +0800] "GET /xingrg/all/function/internal_message.html?_=1632192022966&CODE_STATE=getMsg HTTP/1.1" 200 27
114.85.125.222 - - [21/Sep/2021:10:40:18 +0800] "POST /xingrg/kc/buy/cgsh_order_operate.html HTTP/1.1" 200 12
114.85.125.222 - - [21/Sep/2021:10:40:19 +0800] "GET /xingrg/kc/buy/cgsh_order_info.html?code=212021092109363 HTTP/1.1" 200 58049
114.85.125.222 - - [21/Sep/2021:10:40:19 +0800] "GET /xingrg/javascript/easyui/themes/default/validatebox.css HTTP/1.1" 404 1104
114.86.224.104 - - [21/Sep/2021:10:40:19 +0800] "GET /xingrg/kc/buy/cgsh_order_add.html HTTP/1.1" 200 63523
114.86.224.104 - - [21/Sep/2021:10:40:20 +0800] "POST /xingrg/kc/buy/cgsh_order_operate.html HTTP/1.1" 200 8245
114.86.224.104 - - [21/Sep/2021:10:40:20 +0800] "GET /xingrg/all/common/auto_word.html?type=employee&rest_code=00109 HTTP/1.1" 200 255
114.86.224.104 - - [21/Sep/2021:10:40:20 +0800] "GET /xingrg/all/common/auto_word.html?type=employee&rest_code=00109 HTTP/1.1" 200 255
114.86.224.104 - - [21/Sep/2021:10:40:20 +0800] "GET /xingrg/javascript/easyui/themes/default/validatebox.css HTTP/1.1" 404 1104
114.85.125.222 - - [21/Sep/2021:10:40:20 +0800] "POST /xingrg/kc/buy/cgsh_order_operate.html HTTP/1.1" 200 28716
116.237.74.154 - - [21/Sep/2021:10:40:21 +0800] "GET /xingrg/kc/buy/cgsh_order_operate.html?command=get_materiel&rest_code=00106&code=00101006058&supplier_code=00100015&order_time=2021-09-21 HTTP/1.1" 200 413
114.85.125.222 - - [21/Sep/2021:10:40:22 +0800] "GET /xingrg/kc/print/load_data.html?order_code=212021092109363&kc_code=cgsh&condition= HTTP/1.1" 200 11610
116.237.74.154 - - [21/Sep/2021:10:40:25 +0800] "GET /xingrg/all/function/internal_message.html?_=1632192028023&CODE_STATE=getMsg HTTP/1.1" 200 27
116.237.74.154 - - [21/Sep/2021:10:40:25 +0800] "GET /xingrg/check_reg.html?_=1632192028024 HTTP/1.1" 200 22
114.86.224.104 - - [21/Sep/2021:10:40:28 +0800] "GET /xingrg/kc/buy/cgsh_order_operate.html?command=get_materiel&rest_code=00109&code=00101001009&supplier_code=00100454&order_time=2021-09-21 HTTP/1.1" 200 411
222.70.179.190 - - [21/Sep/2021:10:40:28 +0800] "GET /xingrg/all/function/internal_message.html?_=1632192031001&CODE_STATE=getMsg HTTP/1.1" 200 27
222.70.179.190 - - [21/Sep/2021:10:40:30 +0800] "POST /xingrg/kc/buy/cgsh_order_operate.html HTTP/1.1" 200 37
116.237.74.154 - - [21/Sep/2021:10:40:33 +0800] "GET /xingrg/kc/buy/cgsh_order_operate.html?command=get_materiel&rest_code=00106&code=00101006174&supplier_code=00100015&order_time=2021-09-21 HTTP/1.1" 200 414
222.70.179.190 - - [21/Sep/2021:10:40:34 +0800] "POST /xingrg/kc/buy/cgsh_order_operate.html HTTP/1.1" 200 3856
116.238.248.233 - - [21/Sep/2021:10:40:34 +0800] "GET /xingrg/check_reg.html?_=1632192037525 HTTP/1.1" 200 22
116.238.248.233 - - [21/Sep/2021:10:40:34 +0800] "GET /xingrg/all/function/internal_message.html?_=1632192037529&CODE_STATE=getMsg HTTP/1.1" 200 27
222.70.179.190 - - [21/Sep/2021:10:40:35 +0800] "GET /xingrg/kc/print/load_data.html?order_code=212021092109393&kc_code=cgsh&condition= HTTP/1.1" 200 1195
58.39.139.200 - - [21/Sep/2021:10:40:37 +0800] "GET /xingrg/all/function/internal_message.html?_=1632191987589&CODE_STATE=getMsg HTTP/1.1" 200 27
58.37.227.186 - - [21/Sep/2021:10:40:37 +0800] "POST /xingrg/kc/buy/cgsh_order_operate.html HTTP/1.1" 200 37
114.86.224.104 - - [21/Sep/2021:10:40:39 +0800] "GET /xingrg/kc/buy/cgsh_order_operate.html?command=get_materiel&rest_code=00109&code=00101006161&supplier_code=00100454&order_time=2021-09-21 HTTP/1.1" 200 409
58.37.227.186 - - [21/Sep/2021:10:40:42 +0800] "POST /xingrg/kc/buy/cgsh_order_operate.html HTTP/1.1" 200 12
116.237.74.154 - - [21/Sep/2021:10:40:42 +0800] "GET /xingrg/kc/buy/cgsh_order_operate.html?command=get_materiel&rest_code=00106&code=00101006133&supplier_code=00100015&order_time=2021-09-21 HTTP/1.1" 200 415
58.37.227.186 - - [21/Sep/2021:10:40:43 +0800] "GET /xingrg/kc/buy/cgsh_order_info.html?code=212021092109394 HTTP/1.1" 200 58397
58.37.227.186 - - [21/Sep/2021:10:40:43 +0800] "GET /xingrg/javascript/easyui/themes/default/validatebox.css HTTP/1.1" 404 1104
58.37.227.186 - - [21/Sep/2021:10:40:44 +0800] "POST /xingrg/kc/buy/cgsh_order_operate.html HTTP/1.1" 200 1785
222.70.179.190 - - [21/Sep/2021:10:40:44 +0800] "GET /xingrg/kc/buy/cgsh_order_add.html HTTP/1.1" 200 63476
222.70.179.190 - - [21/Sep/2021:10:40:44 +0800] "POST /xingrg/kc/buy/cgsh_order_operate.html HTTP/1.1" 200 8245
222.70.179.190 - - [21/Sep/2021:10:40:44 +0800] "GET /xingrg/javascript/easyui/themes/default/validatebox.css HTTP/1.1" 404 1104
58.37.227.186 - - [21/Sep/2021:10:40:45 +0800] "GET /xingrg/kc/print/load_data.html?order_code=212021092109394&kc_code=cgsh&condition= HTTP/1.1" 200 1233
222.70.179.190 - - [21/Sep/2021:10:40:47 +0800] "GET /xingrg/javascript/easyui/themes/default/tree.css HTTP/1.1" 404 1090
222.70.179.190 - - [21/Sep/2021:10:40:47 +0800] "POST /xingrg/all/common/load_tree.html?tree=supplier_tree_json&isDelete=1 HTTP/1.1" 200 57803
58.40.7.146 - - [21/Sep/2021:10:40:48 +0800] "GET /xingrg/all/function/internal_message.html?_=1632192052339&CODE_STATE=getMsg HTTP/1.1" 302 -
58.37.227.186 - - [21/Sep/2021:10:40:49 +0800] "GET /xingrg/kc/buy/cgsh_order_add.html HTTP/1.1" 200 63488
58.37.227.186 - - [21/Sep/2021:10:40:50 +0800] "POST /xingrg/kc/buy/cgsh_order_operate.html HTTP/1.1" 200 8245
58.37.227.186 - - [21/Sep/2021:10:40:50 +0800] "GET /xingrg/javascript/easyui/themes/default/validatebox.css HTTP/1.1" 404 1104
180.152.125.3 - - [21/Sep/2021:10:40:51 +0800] "GET /xingrg/check_reg.html?_=1632192033738 HTTP/1.1" 200 22
116.237.74.154 - - [21/Sep/2021:10:40:51 +0800] "GET /xingrg/kc/buy/cgsh_order_operate.html?command=get_materiel&rest_code=00106&code=00101006293&supplier_code=00100015&order_time=2021-09-21 HTTP/1.1" 200 418
222.70.246.151 - - [21/Sep/2021:10:40:52 +0800] "GET /xingrg/check_reg.html?_=1632192061718 HTTP/1.1" 200 22
116.230.105.26 - - [21/Sep/2021:10:40:57 +0800] "GET /xingrg/all/function/internal_message.html?_=1632192045097&CODE_STATE=getMsg HTTP/1.1" 200 27
222.70.246.151 - - [21/Sep/2021:10:40:59 +0800] "GET /xingrg/all/function/internal_message.html?_=1632192068562&CODE_STATE=getMsg HTTP/1.1" 200 27
116.237.74.154 - - [21/Sep/2021:10:41:00 +0800] "POST /xingrg/kc/buy/cgsh_order_operate.html HTTP/1.1" 200 2065
117.184.7.30 - - [21/Sep/2021:10:41:01 +0800] "GET /xingrg/all/function/internal_message.html?_=1632192060613&CODE_STATE=getMsg HTTP/1.1" 200 27
114.86.224.104 - - [21/Sep/2021:10:41:02 +0800] "GET /xingrg/all/function/internal_message.html?_=1632192068588&CODE_STATE=getMsg HTTP/1.1" 200 27
114.83.219.92 - - [21/Sep/2021:10:41:03 +0800] "GET /xingrg/all/function/internal_message.html?_=1632192066397&CODE_STATE=getMsg HTTP/1.1" 200 27
116.237.74.154 - - [21/Sep/2021:10:41:04 +0800] "GET /xingrg/kc/buy/cgsh_order_operate.html?command=get_materiel&rest_code=00106&code=00101006062&supplier_code=00100015&order_time=2021-09-21 HTTP/1.1" 200 411
114.83.219.92 - - [21/Sep/2021:10:41:04 +0800] "GET /xingrg/check_reg.html?_=1632192067506 HTTP/1.1" 200 22
180.152.125.3 - - [21/Sep/2021:10:41:07 +0800] "GET /xingrg/all/function/internal_message.html?_=1632192049557&CODE_STATE=getMsg HTTP/1.1" 200 27
222.70.179.190 - - [21/Sep/2021:10:41:11 +0800] "GET /xingrg/kc/buy/cgsh_order_operate.html?command=get_materiel&rest_code=00111&code=00101006001&supplier_code=00100404&order_time=2021-09-21 HTTP/1.1" 200 428
116.237.74.154 - - [21/Sep/2021:10:41:14 +0800] "GET /xingrg/kc/buy/cgsh_order_operate.html?command=get_materiel&rest_code=00106&code=00101006056&supplier_code=00100015&order_time=2021-09-21 HTTP/1.1" 200 413
114.85.125.222 - - [21/Sep/2021:10:41:16 +0800] "GET /xingrg/all/function/internal_message.html?_=1632192060061&CODE_STATE=getMsg HTTP/1.1" 200 27
58.39.139.200 - - [21/Sep/2021:10:41:17 +0800] "GET /xingrg/all/function/internal_message.html?_=1632192082944&CODE_STATE=getMsg HTTP/1.1" 200 27
58.37.227.186 - - [21/Sep/2021:10:41:19 +0800] "GET /xingrg/kc/buy/cgsh_order_operate.html?command=get_materiel&rest_code=00141&code=00101006111&supplier_code=00100012&order_time=2021-09-21 HTTP/1.1" 200 409
114.86.224.104 - - [21/Sep/2021:10:41:19 +0800] "GET /xingrg/kc/buy/cgsh_order_operate.html?command=get_materiel&rest_code=00109&code=00101001269&supplier_code=00100454&order_time=2021-09-21 HTTP/1.1" 200 401
116.237.74.154 - - [21/Sep/2021:10:41:24 +0800] "GET /xingrg/kc/buy/cgsh_order_operate.html?command=get_materiel&rest_code=00106&code=00101006131&supplier_code=00100015&order_time=2021-09-21 HTTP/1.1" 200 417
116.237.74.154 - - [21/Sep/2021:10:41:25 +0800] "GET /xingrg/all/function/internal_message.html?_=1632192088030&CODE_STATE=getMsg HTTP/1.1" 200 27
222.70.179.190 - - [21/Sep/2021:10:41:29 +0800] "GET /xingrg/all/function/internal_message.html?_=1632192091012&CODE_STATE=getMsg HTTP/1.1" 200 27
222.70.179.190 - - [21/Sep/2021:10:41:29 +0800] "POST /xingrg/kc/buy/cgsh_order_operate.html HTTP/1.1" 200 37
58.37.227.186 - - [21/Sep/2021:10:41:31 +0800] "GET /xingrg/kc/buy/cgsh_order_operate.html?command=get_materiel&rest_code=00141&code=00101006065&supplier_code=00100012&order_time=2021-09-21 HTTP/1.1" 200 409
222.70.179.190 - - [21/Sep/2021:10:41:32 +0800] "POST /xingrg/kc/buy/cgsh_order_operate.html HTTP/1.1" 200 2675
222.70.179.190 - - [21/Sep/2021:10:41:33 +0800] "GET /xingrg/kc/print/load_data.html?order_code=212021092109395&kc_code=cgsh&condition= HTTP/1.1" 200 697
116.238.248.233 - - [21/Sep/2021:10:41:34 +0800] "GET /xingrg/all/function/internal_message.html?_=1632192097530&CODE_STATE=getMsg HTTP/1.1" 200 27
58.39.139.200 - - [21/Sep/2021:10:41:37 +0800] "GET /xingrg/all/function/internal_message.html?_=1632192047645&CODE_STATE=getMsg HTTP/1.1" 200 27
58.39.139.200 - - [21/Sep/2021:10:41:37 +0800] "GET /xingrg/check_reg.html?_=1632192047589 HTTP/1.1" 200 22
222.70.179.190 - - [21/Sep/2021:10:41:38 +0800] "GET /xingrg/kc/buy/cgsh_order_add.html HTTP/1.1" 200 63476
116.237.74.154 - - [21/Sep/2021:10:41:38 +0800] "POST /xingrg/kc/buy/cgsh_order_operate.html HTTP/1.1" 200 37
222.70.179.190 - - [21/Sep/2021:10:41:39 +0800] "POST /xingrg/kc/buy/cgsh_order_operate.html HTTP/1.1" 200 8245
222.70.179.190 - - [21/Sep/2021:10:41:39 +0800] "GET /xingrg/javascript/easyui/themes/default/validatebox.css HTTP/1.1" 404 1104
116.237.74.154 - - [21/Sep/2021:10:41:42 +0800] "POST /xingrg/kc/buy/cgsh_order_operate.html HTTP/1.1" 200 12
222.70.179.190 - - [21/Sep/2021:10:41:42 +0800] "GET /xingrg/javascript/easyui/themes/default/tree.css HTTP/1.1" 404 1090
222.70.179.190 - - [21/Sep/2021:10:41:42 +0800] "POST /xingrg/all/common/load_tree.html?tree=supplier_tree_json&isDelete=1 HTTP/1.1" 200 57803
116.237.74.154 - - [21/Sep/2021:10:41:42 +0800] "GET /xingrg/kc/buy/cgsh_order_info.html?code=212021092109389 HTTP/1.1" 200 58399
116.237.74.154 - - [21/Sep/2021:10:41:43 +0800] "GET /xingrg/javascript/easyui/themes/default/validatebox.css HTTP/1.1" 404 1104
116.237.74.154 - - [21/Sep/2021:10:41:44 +0800] "POST /xingrg/kc/buy/cgsh_order_operate.html HTTP/1.1" 200 7758
116.237.74.154 - - [21/Sep/2021:10:41:46 +0800] "GET /xingrg/kc/print/load_data.html?order_code=212021092109389&kc_code=cgsh&condition= HTTP/1.1" 200 3540
58.37.227.186 - - [21/Sep/2021:10:41:46 +0800] "GET /xingrg/kc/buy/cgsh_order_operate.html?command=get_materiel&rest_code=00141&code=00101006109&supplier_code=00100012&order_time=2021-09-21 HTTP/1.1" 200 409
58.40.7.146 - - [21/Sep/2021:10:41:48 +0800] "GET /xingrg/all/function/internal_message.html?_=1632192112342&CODE_STATE=getMsg HTTP/1.1" 302 -
116.237.74.154 - - [21/Sep/2021:10:41:52 +0800] "GET /xingrg/kc/print/load_data.html?order_code=212021092109389&kc_code=cgsh HTTP/1.1" 200 3540
114.86.224.104 - - [21/Sep/2021:10:41:54 +0800] "GET /xingrg/kc/buy/cgsh_order_operate.html?command=get_materiel&rest_code=00109&code=00101005037&supplier_code=00100454&order_time=2021-09-21 HTTP/1.1" 200 411
58.37.227.186 - - [21/Sep/2021:10:41:57 +0800] "GET /xingrg/kc/buy/cgsh_order_operate.html?command=get_materiel&rest_code=00141&code=00101006133&supplier_code=00100012&order_time=2021-09-21 HTTP/1.1" 200 413
116.230.105.26 - - [21/Sep/2021:10:41:57 +0800] "GET /xingrg/all/function/internal_message.html?_=1632192105104&CODE_STATE=getMsg HTTP/1.1" 200 27
222.70.246.151 - - [21/Sep/2021:10:41:59 +0800] "GET /xingrg/all/function/internal_message.html?_=1632192128576&CODE_STATE=getMsg HTTP/1.1" 200 27
117.184.7.30 - - [21/Sep/2021:10:42:01 +0800] "GET /xingrg/all/function/internal_message.html?_=1632192120618&CODE_STATE=getMsg HTTP/1.1" 200 27
114.86.224.104 - - [21/Sep/2021:10:42:02 +0800] "GET /xingrg/all/function/internal_message.html?_=1632192128591&CODE_STATE=getMsg HTTP/1.1" 200 27
114.83.219.92 - - [21/Sep/2021:10:42:03 +0800] "GET /xingrg/all/function/internal_message.html?_=1632192126375&CODE_STATE=getMsg HTTP/1.1" 200 27
58.39.139.200 - - [21/Sep/2021:10:42:07 +0800] "GET /xingrg/kc/buy/cgsh_order_add.html HTTP/1.1" 200 63529
180.152.125.3 - - [21/Sep/2021:10:42:07 +0800] "GET /xingrg/all/function/internal_message.html?_=1632192109570&CODE_STATE=getMsg HTTP/1.1" 200 27
58.39.139.200 - - [21/Sep/2021:10:42:07 +0800] "POST /xingrg/kc/buy/cgsh_order_operate.html HTTP/1.1" 200 8245
58.39.139.200 - - [21/Sep/2021:10:42:07 +0800] "GET /xingrg/javascript/easyui/themes/default/validatebox.css HTTP/1.1" 404 1104
58.37.227.186 - - [21/Sep/2021:10:42:07 +0800] "GET /xingrg/kc/buy/cgsh_order_operate.html?command=get_materiel&rest_code=00141&code=00101006087&supplier_code=00100012&order_time=2021-09-21 HTTP/1.1" 200 409
114.86.224.104 - - [21/Sep/2021:10:42:08 +0800] "GET /xingrg/kc/buy/cgsh_order_operate.html?command=get_materiel&rest_code=00109&code=00101002016&supplier_code=00100454&order_time=2021-09-21 HTTP/1.1" 200 413
222.70.179.190 - - [21/Sep/2021:10:42:14 +0800] "GET /xingrg/kc/buy/cgsh_order_operate.html?command=get_materiel&rest_code=00111&code=00101008512&supplier_code=00100339&order_time=2021-09-21 HTTP/1.1" 200 399
114.85.125.222 - - [21/Sep/2021:10:42:16 +0800] "GET /xingrg/check_reg.html?_=1632192119978 HTTP/1.1" 200 22
114.85.125.222 - - [21/Sep/2021:10:42:16 +0800] "GET /xingrg/all/function/internal_message.html?_=1632192120068&CODE_STATE=getMsg HTTP/1.1" 200 27
114.86.224.104 - - [21/Sep/2021:10:42:17 +0800] "GET /xingrg/kc/buy/cgsh_order_operate.html?command=get_materiel&rest_code=00109&code=00101002027&supplier_code=00100454&order_time=2021-09-21 HTTP/1.1" 200 413
58.39.139.200 - - [21/Sep/2021:10:42:17 +0800] "GET /xingrg/all/function/internal_message.html?_=1632192142932&CODE_STATE=getMsg HTTP/1.1" 200 27
58.37.227.186 - - [21/Sep/2021:10:42:18 +0800] "GET /xingrg/kc/buy/cgsh_order_operate.html?command=get_materiel&rest_code=00141&code=00101006193&supplier_code=00100012&order_time=2021-09-21 HTTP/1.1" 200 409
58.39.139.200 - - [21/Sep/2021:10:42:18 +0800] "GET /xingrg/kc/buy/cgsh_order_operate.html?command=get_materiel&rest_code=00105&code=00101018018&supplier_code=00100330&order_time=2021-09-21 HTTP/1.1" 200 418
116.237.74.154 - - [21/Sep/2021:10:42:25 +0800] "GET /xingrg/all/function/internal_message.html?_=1632192148051&CODE_STATE=getMsg HTTP/1.1" 200 27
116.237.74.154 - - [21/Sep/2021:10:42:26 +0800] "GET /xingrg/kc/buy/cgsh_order_add.html HTTP/1.1" 200 63488
116.237.74.154 - - [21/Sep/2021:10:42:26 +0800] "GET /xingrg/javascript/easyui/themes/default/validatebox.css HTTP/1.1" 404 1104
116.237.74.154 - - [21/Sep/2021:10:42:26 +0800] "POST /xingrg/kc/buy/cgsh_order_operate.html HTTP/1.1" 200 8245
116.237.74.154 - - [21/Sep/2021:10:42:27 +0800] "GET /xingrg/javascript/easyui/themes/default/tree.css HTTP/1.1" 404 1090
116.237.74.154 - - [21/Sep/2021:10:42:27 +0800] "POST /xingrg/all/common/load_tree.html?tree=supplier_tree_json&isDelete=1 HTTP/1.1" 200 57803
222.70.179.190 - - [21/Sep/2021:10:42:29 +0800] "GET /xingrg/all/function/internal_message.html?_=1632192151013&CODE_STATE=getMsg HTTP/1.1" 200 27
58.39.139.200 - - [21/Sep/2021:10:42:31 +0800] "GET /xingrg/kc/buy/cgsh_order_operate.html?command=get_materiel&rest_code=00105&code=00101018019&supplier_code=00100330&order_time=2021-09-21 HTTP/1.1" 200 421
116.238.248.233 - - [21/Sep/2021:10:42:34 +0800] "GET /xingrg/all/function/internal_message.html?_=1632192157530&CODE_STATE=getMsg HTTP/1.1" 200 27
58.37.227.186 - - [21/Sep/2021:10:42:37 +0800] "GET /xingrg/kc/buy/cgsh_order_operate.html?command=get_materiel&rest_code=00141&code=00101006062&supplier_code=00100012&order_time=2021-09-21 HTTP/1.1" 200 409
58.39.139.200 - - [21/Sep/2021:10:42:37 +0800] "GET /xingrg/all/function/internal_message.html?_=1632192107622&CODE_STATE=getMsg HTTP/1.1" 200 27
116.237.74.154 - - [21/Sep/2021:10:42:38 +0800] "GET /xingrg/kc/buy/cgsh_order_operate.html?command=get_materiel&rest_code=00106&code=00101008146&supplier_code=00100009&order_time=2021-09-21 HTTP/1.1" 200 416
58.39.139.200 - - [21/Sep/2021:10:42:39 +0800] "GET /xingrg/kc/buy/cgsh_order_operate.html?command=get_materiel&rest_code=00105&code=00101018011&supplier_code=00100330&order_time=2021-09-21 HTTP/1.1" 200 413
58.37.227.186 - - [21/Sep/2021:10:42:44 +0800] "GET /xingrg/kc/buy/cgsh_order_operate.html?command=get_materiel&rest_code=00141&code=00101006055&supplier_code=00100012&order_time=2021-09-21 HTTP/1.1" 200 409
58.40.7.146 - - [21/Sep/2021:10:42:48 +0800] "GET /xingrg/all/function/internal_message.html?_=1632192172345&CODE_STATE=getMsg HTTP/1.1" 302 -
58.39.139.200 - - [21/Sep/2021:10:42:50 +0800] "GET /xingrg/kc/buy/cgsh_order_operate.html?command=get_materiel&rest_code=00105&code=00101006199&supplier_code=00100330&order_time=2021-09-21 HTTP/1.1" 200 414
114.83.219.92 - - [21/Sep/2021:10:42:50 +0800] "GET /xingrg/kc/mdqp/qqps_order_list.html HTTP/1.1" 200 9642
114.83.219.92 - - [21/Sep/2021:10:42:50 +0800] "GET /xingrg/css/blue.css HTTP/1.1" 200 15949
114.83.219.92 - - [21/Sep/2021:10:42:50 +0800] "GET /xingrg/javascript/ToolTips.js HTTP/1.1" 200 5615
114.83.219.92 - - [21/Sep/2021:10:42:51 +0800] "GET /xingrg/dwr/interface/AjaxReportQueryService.js HTTP/1.1" 200 13203
114.83.219.92 - - [21/Sep/2021:10:42:51 +0800] "GET /xingrg/dwr/interface/AjaxQqpsService.js HTTP/1.1" 200 16326
114.83.219.92 - - [21/Sep/2021:10:42:51 +0800] "GET /xingrg/dwr/util.js HTTP/1.1" 200 35990
114.83.219.92 - - [21/Sep/2021:10:42:51 +0800] "GET /xingrg/javascript/Calendar.js HTTP/1.1" 200 31561
114.83.219.92 - - [21/Sep/2021:10:42:51 +0800] "GET /xingrg/dwr/engine.js HTTP/1.1" 200 43631
114.83.219.92 - - [21/Sep/2021:10:42:51 +0800] "GET /xingrg/javascript/myfunction.js HTTP/1.1" 200 24559
114.83.219.92 - - [21/Sep/2021:10:42:51 +0800] "GET /xingrg/javascript/jquery_easy_ui/themes/icons/check_new.png HTTP/1.1" 200 3224
114.83.219.92 - - [21/Sep/2021:10:42:51 +0800] "GET /xingrg/javascript/jquery_easy_ui/themes/icons/cance_new.png HTTP/1.1" 200 3986
114.83.219.92 - - [21/Sep/2021:10:42:51 +0800] "GET /xingrg/javascript/jquery_easy_ui/themes/icons/edit_add_new.png HTTP/1.1" 200 2997
114.83.219.92 - - [21/Sep/2021:10:42:51 +0800] "GET /xingrg/javascript/jquery_easy_ui/themes/icons/uncheck_new.png HTTP/1.1" 200 3197
114.83.219.92 - - [21/Sep/2021:10:42:53 +0800] "GET /xingrg/javascript/jquery_easy_ui/themes/default/images/button_plain_hover.png HTTP/1.1" 200 252
114.83.219.92 - - [21/Sep/2021:10:42:54 +0800] "GET /xingrg/kc/mdqp/qqps_order_add.html HTTP/1.1" 200 28241
114.83.219.92 - - [21/Sep/2021:10:42:54 +0800] "GET /xingrg/dwr/interface/AjaxComOrderService.js HTTP/1.1" 200 18264
114.83.219.92 - - [21/Sep/2021:10:42:54 +0800] "GET /xingrg/javascript/tools/jquery.qtip-1.0.0-rc3.min.js HTTP/1.1" 200 38404
114.83.219.92 - - [21/Sep/2021:10:42:54 +0800] "GET /xingrg/dwr/interface/AjaxQqpsService.js HTTP/1.1" 200 16326
114.83.219.92 - - [21/Sep/2021:10:42:54 +0800] "GET /xingrg/javascript/AjaxInfoList.js HTTP/1.1" 200 3774
114.83.219.92 - - [21/Sep/2021:10:42:54 +0800] "GET /xingrg/javascript/Grid.js HTTP/1.1" 200 58908
114.83.219.92 - - [21/Sep/2021:10:42:54 +0800] "GET /xingrg/dwr/engine.js HTTP/1.1" 200 43631
114.83.219.92 - - [21/Sep/2021:10:42:54 +0800] "GET /xingrg/words/20210920125024_words.js HTTP/1.1" 304 -
114.83.219.92 - - [21/Sep/2021:10:42:54 +0800] "GET /xingrg/javascript/jquery_easy_ui/themes/icons/template_new.png HTTP/1.1" 200 3956
114.83.219.92 - - [21/Sep/2021:10:42:54 +0800] "GET /xingrg/javascript/jquery_easy_ui/themes/icons/copy_new.png HTTP/1.1" 200 815
114.83.219.92 - - [21/Sep/2021:10:42:54 +0800] "GET /xingrg/javascript/jquery_easy_ui/themes/icons/print.png HTTP/1.1" 200 1057
114.83.219.92 - - [21/Sep/2021:10:42:54 +0800] "GET /xingrg/javascript/jquery_easy_ui/themes/icons/ok.png HTTP/1.1" 200 883
114.83.219.92 - - [21/Sep/2021:10:42:54 +0800] "GET /xingrg/javascript/jquery_easy_ui/themes/icons/back_new.png HTTP/1.1" 200 3414
114.83.219.92 - - [21/Sep/2021:10:42:54 +0800] "GET /xingrg/javascript/jquery_easy_ui/themes/default/images/menu_downarrow.png HTTP/1.1" 200 173
114.83.219.92 - - [21/Sep/2021:10:42:54 +0800] "GET /xingrg/images/blue/button/kc_tab_add.gif HTTP/1.1" 200 375
114.83.219.92 - - [21/Sep/2021:10:42:54 +0800] "GET /xingrg/images/blue/button/kc_tab_edit.gif HTTP/1.1" 200 551
114.83.219.92 - - [21/Sep/2021:10:42:54 +0800] "GET /xingrg/images/blue/button/kc_tab_save.gif HTTP/1.1" 200 777
114.83.219.92 - - [21/Sep/2021:10:42:54 +0800] "GET /xingrg/images/blue/button/kc_tab_del.gif HTTP/1.1" 200 383
114.83.219.92 - - [21/Sep/2021:10:42:54 +0800] "GET /xingrg/javascript/jquery_easy_ui/themes/default/images/combo_arrow_dot.gif HTTP/1.1" 200 79
114.83.219.92 - - [21/Sep/2021:10:42:54 +0800] "GET /xingrg/images/blue/kc_tab_left.gif HTTP/1.1" 200 188
114.83.219.92 - - [21/Sep/2021:10:42:54 +0800] "GET /xingrg/images/blue/kc_tab_mid.gif HTTP/1.1" 200 44
114.83.219.92 - - [21/Sep/2021:10:42:54 +0800] "GET /xingrg/images/blue/kc_tab_right.gif HTTP/1.1" 200 643
114.83.219.92 - - [21/Sep/2021:10:42:54 +0800] "GET /xingrg/images/blue/kc_tab2_left.gif HTTP/1.1" 200 625
114.83.219.92 - - [21/Sep/2021:10:42:54 +0800] "GET /xingrg/images/blue/kc_tab2_right.gif HTTP/1.1" 200 192
116.230.105.26 - - [21/Sep/2021:10:42:57 +0800] "GET /xingrg/all/function/internal_message.html?_=1632192165111&CODE_STATE=getMsg HTTP/1.1" 200 27
222.70.179.190 - - [21/Sep/2021:10:42:58 +0800] "POST /xingrg/kc/buy/cgsh_order_operate.html HTTP/1.1" 200 37
58.39.139.200 - - [21/Sep/2021:10:42:58 +0800] "GET /xingrg/kc/buy/cgsh_order_operate.html?command=get_materiel&rest_code=00105&code=00101018007&supplier_code=00100330&order_time=2021-09-21 HTTP/1.1" 200 409
222.70.246.151 - - [21/Sep/2021:10:42:59 +0800] "GET /xingrg/all/function/internal_message.html?_=1632192189013&CODE_STATE=getMsg HTTP/1.1" 200 27
117.184.7.30 - - [21/Sep/2021:10:43:01 +0800] "GET /xingrg/all/function/internal_message.html?_=1632192180618&CODE_STATE=getMsg HTTP/1.1" 200 27
222.70.179.190 - - [21/Sep/2021:10:43:01 +0800] "POST /xingrg/kc/buy/cgsh_order_operate.html HTTP/1.1" 200 2656
114.86.224.104 - - [21/Sep/2021:10:43:02 +0800] "GET /xingrg/all/function/internal_message.html?_=1632192188593&CODE_STATE=getMsg HTTP/1.1" 200 27
114.86.224.104 - - [21/Sep/2021:10:43:02 +0800] "GET /xingrg/check_reg.html?_=1632192188594 HTTP/1.1" 200 22
114.83.219.92 - - [21/Sep/2021:10:43:03 +0800] "GET /xingrg/all/function/internal_message.html?_=1632192186351&CODE_STATE=getMsg HTTP/1.1" 200 27
58.37.227.186 - - [21/Sep/2021:10:43:03 +0800] "GET /xingrg/kc/buy/cgsh_order_operate.html?command=get_materiel&rest_code=00141&code=00101006130&supplier_code=00100012&order_time=2021-09-21 HTTP/1.1" 200 427
114.83.219.92 - - [21/Sep/2021:10:43:05 +0800] "GET /xingrg/images/blue/wait.gif HTTP/1.1" 200 1100
114.83.219.92 - - [21/Sep/2021:10:43:05 +0800] "POST /xingrg/dwr/call/plaincall/AjaxQqpsService.saveOrder.dwr HTTP/1.1" 200 78
180.152.125.3 - - [21/Sep/2021:10:43:07 +0800] "GET /xingrg/all/function/internal_message.html?_=1632192169825&CODE_STATE=getMsg HTTP/1.1" 200 27
114.83.219.92 - - [21/Sep/2021:10:43:10 +0800] "POST /xingrg/dwr/call/plaincall/AjaxQqpsService.getMaterielByCode.dwr HTTP/1.1" 200 2686
114.83.219.92 - - [21/Sep/2021:10:43:13 +0800] "POST /xingrg/dwr/call/plaincall/AjaxQqpsService.saveMaterielItem.dwr HTTP/1.1" 200 78
58.39.139.200 - - [21/Sep/2021:10:43:13 +0800] "POST /xingrg/kc/buy/cgsh_order_operate.html HTTP/1.1" 200 37
58.39.139.200 - - [21/Sep/2021:10:43:15 +0800] "POST /xingrg/kc/buy/cgsh_order_operate.html HTTP/1.1" 200 5033
222.70.179.190 - - [21/Sep/2021:10:43:15 +0800] "POST /xingrg/kc/buy/cgsh_order_operate.html HTTP/1.1" 200 37
114.85.125.222 - - [21/Sep/2021:10:43:16 +0800] "GET /xingrg/all/function/internal_message.html?_=1632192180081&CODE_STATE=getMsg HTTP/1.1" 200 27
58.39.139.200 - - [21/Sep/2021:10:43:17 +0800] "GET /xingrg/kc/print/load_data.html?order_code=212021092109397&kc_code=cgsh&condition= HTTP/1.1" 200 1584
114.83.219.92 - - [21/Sep/2021:10:43:17 +0800] "POST /xingrg/dwr/call/plaincall/AjaxQqpsService.getMaterielByCode.dwr HTTP/1.1" 200 2710
222.70.179.190 - - [21/Sep/2021:10:43:17 +0800] "POST /xingrg/kc/buy/cgsh_order_operate.html HTTP/1.1" 200 2656
58.39.139.200 - - [21/Sep/2021:10:43:17 +0800] "GET /xingrg/all/function/internal_message.html?_=1632192202920&CODE_STATE=getMsg HTTP/1.1" 200 27
222.70.179.190 - - [21/Sep/2021:10:43:18 +0800] "GET /xingrg/kc/print/load_data.html?order_code=212021092109396&kc_code=cgsh&condition= HTTP/1.1" 200 657
58.39.139.200 - - [21/Sep/2021:10:43:20 +0800] "GET /xingrg/check_reg.html?_=1632192205116 HTTP/1.1" 200 22
222.70.179.190 - - [21/Sep/2021:10:43:23 +0800] "GET /xingrg/kc/buy/cgsh_order_add.html HTTP/1.1" 200 63476
114.83.219.92 - - [21/Sep/2021:10:43:23 +0800] "POST /xingrg/dwr/call/plaincall/AjaxQqpsService.saveMaterielItem.dwr HTTP/1.1" 200 78
222.70.179.190 - - [21/Sep/2021:10:43:23 +0800] "POST /xingrg/kc/buy/cgsh_order_operate.html HTTP/1.1" 200 8245
222.70.179.190 - - [21/Sep/2021:10:43:24 +0800] "GET /xingrg/javascript/easyui/themes/default/validatebox.css HTTP/1.1" 404 1104
116.237.74.154 - - [21/Sep/2021:10:43:25 +0800] "GET /xingrg/all/function/internal_message.html?_=1632192208064&CODE_STATE=getMsg HTTP/1.1" 200 27
222.70.179.190 - - [21/Sep/2021:10:43:25 +0800] "GET /xingrg/javascript/easyui/themes/default/tree.css HTTP/1.1" 404 1090
222.70.179.190 - - [21/Sep/2021:10:43:25 +0800] "POST /xingrg/all/common/load_tree.html?tree=supplier_tree_json&isDelete=1 HTTP/1.1" 200 57803
114.83.219.92 - - [21/Sep/2021:10:43:27 +0800] "POST /xingrg/dwr/call/plaincall/AjaxQqpsService.getMaterielByCode.dwr HTTP/1.1" 200 2701
222.70.179.190 - - [21/Sep/2021:10:43:29 +0800] "GET /xingrg/check_reg.html?_=1632192211051 HTTP/1.1" 200 22
222.70.179.190 - - [21/Sep/2021:10:43:29 +0800] "GET /xingrg/all/function/internal_message.html?_=1632192211048&CODE_STATE=getMsg HTTP/1.1" 200 27
116.238.248.233 - - [21/Sep/2021:10:43:34 +0800] "GET /xingrg/all/function/internal_message.html?_=1632192217538&CODE_STATE=getMsg HTTP/1.1" 200 27
114.85.125.222 - - [21/Sep/2021:10:43:35 +0800] "GET /xingrg/kc/buy/cgsh_order_add.html HTTP/1.1" 200 63136
114.85.125.222 - - [21/Sep/2021:10:43:35 +0800] "POST /xingrg/kc/buy/cgsh_order_operate.html HTTP/1.1" 200 8245
114.85.125.222 - - [21/Sep/2021:10:43:35 +0800] "GET /xingrg/javascript/easyui/themes/default/validatebox.css HTTP/1.1" 404 1104
58.37.227.186 - - [21/Sep/2021:10:43:37 +0800] "GET /xingrg/check_reg.html?_=1632192088540 HTTP/1.1" 200 22
58.39.139.200 - - [21/Sep/2021:10:43:37 +0800] "GET /xingrg/all/function/internal_message.html?_=1632192167618&CODE_STATE=getMsg HTTP/1.1" 200 27
114.85.125.222 - - [21/Sep/2021:10:43:39 +0800] "GET /xingrg/javascript/auto/indicator.gif HTTP/1.1" 404 1066
114.83.219.92 - - [21/Sep/2021:10:43:39 +0800] "POST /xingrg/dwr/call/plaincall/AjaxQqpsService.saveMaterielItem.dwr HTTP/1.1" 200 78
116.237.74.154 - - [21/Sep/2021:10:43:42 +0800] "GET /xingrg/kc/buy/cgsh_order_operate.html?command=get_materiel&rest_code=00106&code=00101008147&supplier_code=00100009&order_time=2021-09-21 HTTP/1.1" 200 418
114.83.219.92 - - [21/Sep/2021:10:43:43 +0800] "POST /xingrg/dwr/call/plaincall/AjaxQqpsService.getMaterielByCode.dwr HTTP/1.1" 200 2706
180.152.125.3 - - [21/Sep/2021:10:43:44 +0800] "GET /xingrg/login.html HTTP/1.1" 200 7641
180.152.125.3 - - [21/Sep/2021:10:43:45 +0800] "GET /favicon.ico HTTP/1.1" 404 -
114.85.125.222 - - [21/Sep/2021:10:43:45 +0800] "GET /xingrg/kc/buy/cgsh_order_operate.html?command=get_materiel&rest_code=00151&code=00101012046&supplier_code=00100347&order_time=2021-09-21 HTTP/1.1" 200 417
114.83.219.92 - - [21/Sep/2021:10:43:45 +0800] "POST /xingrg/dwr/call/plaincall/AjaxQqpsService.saveMaterielItem.dwr HTTP/1.1" 200 78
180.152.125.3 - - [21/Sep/2021:10:43:46 +0800] "POST /xingrg/login.do HTTP/1.1" 302 -
180.152.125.3 - - [21/Sep/2021:10:43:46 +0800] "GET /xingrg/index.html?sysBaseUrl=http%3A%2F%2F180.169.147.146%3A18081%2Fxingrg%2F&costTime=38×tamp=1632192226297 HTTP/1.1" 200 17173
180.152.125.3 - - [21/Sep/2021:10:43:46 +0800] "GET /xingrg/javascript/jquery_easy_ui/themes/icon.css HTTP/1.1" 304 -
180.152.125.3 - - [21/Sep/2021:10:43:46 +0800] "GET /xingrg/javascript/jquery_easy_ui/themes/default/easyui.css HTTP/1.1" 304 -
180.152.125.3 - - [21/Sep/2021:10:43:46 +0800] "GET /xingrg/javascript/jquery_easy_ui/jquery.easyui.min.js HTTP/1.1" 304 -
180.152.125.3 - - [21/Sep/2021:10:43:46 +0800] "GET /xingrg/css/form.css HTTP/1.1" 304 -
180.152.125.3 - - [21/Sep/2021:10:43:46 +0800] "GET /xingrg/javascript/jquery-1.4.2.min.js HTTP/1.1" 304 -
