180.152.125.3 - - [21/Sep/2021:11:01:52 +0800] "GET /xingrg/javascript/jquery-1.4.2.min.js HTTP/1.1" 304 -
180.152.125.3 - - [21/Sep/2021:11:01:52 +0800] "GET /xingrg/javascript/jquery_easy_ui/jquery.easyui.min.js HTTP/1.1" 304 -
180.152.125.3 - - [21/Sep/2021:11:01:52 +0800] "GET /xingrg/javascript/jquery.form.js HTTP/1.1" 304 -
180.152.125.3 - - [21/Sep/2021:11:01:52 +0800] "GET /xingrg/javascript/jquery.utils.js HTTP/1.1" 304 -
180.152.125.3 - - [21/Sep/2021:11:01:52 +0800] "GET /favicon.ico HTTP/1.1" 404 -
180.152.125.3 - - [21/Sep/2021:11:01:52 +0800] "POST /xingrg/all/common/load_tree.html?tree=area_rest_tree_json&manage=1 HTTP/1.1" 200 342
180.152.125.3 - - [21/Sep/2021:11:01:52 +0800] "GET /xingrg/all/function/internal_message.html?_=1632193317287&CODE_STATE=count HTTP/1.1" 200 11
180.152.125.3 - - [21/Sep/2021:11:01:52 +0800] "GET /xingrg/check_reg.html?_=1632193317289 HTTP/1.1" 200 22
180.152.125.3 - - [21/Sep/2021:11:01:52 +0800] "POST /xingrg/load_menu.html HTTP/1.1" 200 5138
222.70.246.151 - - [21/Sep/2021:11:01:53 +0800] "GET /xingrg/kc/buy/cgsh_order_operate.html?command=get_materiel&rest_code=00146&code=00101008257&supplier_code=00100005&order_time=2021-09-21 HTTP/1.1" 200 416
180.152.125.3 - - [21/Sep/2021:11:01:54 +0800] "GET /xingrg/css/base.css HTTP/1.1" 304 -
180.152.125.3 - - [21/Sep/2021:11:01:54 +0800] "GET /xingrg/css/site.css HTTP/1.1" 304 -
180.152.125.3 - - [21/Sep/2021:11:01:54 +0800] "GET /xingrg/javascript/easyui/themes/default/easyui.css HTTP/1.1" 304 -
180.152.125.3 - - [21/Sep/2021:11:01:54 +0800] "GET /xingrg/javascript/jquery_tools/datebox.css HTTP/1.1" 304 -
180.152.125.3 - - [21/Sep/2021:11:01:54 +0800] "GET /xingrg/javascript/jquery_tools/fix.css HTTP/1.1" 304 -
180.152.125.3 - - [21/Sep/2021:11:01:54 +0800] "GET /xingrg/javascript/jquery_tools/table.css HTTP/1.1" 304 -
180.152.125.3 - - [21/Sep/2021:11:01:54 +0800] "GET /xingrg/javascript/auto/jquery.autocomplete.css HTTP/1.1" 304 -
180.152.125.3 - - [21/Sep/2021:11:01:54 +0800] "GET /xingrg/javascript/easyui/themes/icon.css HTTP/1.1" 304 -
180.152.125.3 - - [21/Sep/2021:11:01:54 +0800] "GET /xingrg/kc/buy/cgsh_order_list.html HTTP/1.1" 200 47744
180.152.125.3 - - [21/Sep/2021:11:01:54 +0800] "GET /xingrg/javascript/jquery_tools/jquery.tools.min.js HTTP/1.1" 304 -
180.152.125.3 - - [21/Sep/2021:11:01:54 +0800] "GET /xingrg/javascript/jquery_tools/jquery.tools.extend.js HTTP/1.1" 304 -
180.152.125.3 - - [21/Sep/2021:11:01:54 +0800] "GET /xingrg/javascript/auto/jquery.autocomplete.js HTTP/1.1" 304 -
180.152.125.3 - - [21/Sep/2021:11:01:54 +0800] "GET /xingrg/javascript/easyui/easyloader.js HTTP/1.1" 304 -
180.152.125.3 - - [21/Sep/2021:11:01:54 +0800] "GET /xingrg/javascript/jquery.cookie.js HTTP/1.1" 304 -
180.152.125.3 - - [21/Sep/2021:11:01:54 +0800] "GET /xingrg/javascript/jquery_tools/jquery.tools.hotkey.js HTTP/1.1" 304 -
180.152.125.3 - - [21/Sep/2021:11:01:54 +0800] "GET /xingrg/javascript/jquery_tools/list_manager.js HTTP/1.1" 304 -
180.152.125.3 - - [21/Sep/2021:11:01:54 +0800] "GET /xingrg/javascript/jquery_tools/jquery.tools.table.js HTTP/1.1" 304 -
180.152.125.3 - - [21/Sep/2021:11:01:54 +0800] "GET /xingrg/javascript/print/LodopFuncs.js HTTP/1.1" 304 -
101.93.222.235 - - [21/Sep/2021:11:01:54 +0800] "POST /xingrg/services/DataTransmitService HTTP/1.1" 401 565
101.93.222.235 - - [21/Sep/2021:11:01:54 +0800] "POST /xingrg/services/DataTransmitService HTTP/1.1" 200 478
180.152.125.3 - - [21/Sep/2021:11:01:54 +0800] "GET /xingrg/javascript/easyui/plugins/jquery.parser.js HTTP/1.1" 304 -
101.93.222.235 - - [21/Sep/2021:11:01:54 +0800] "POST /xingrg/services/DataTransmitService HTTP/1.1" 200 1320
101.93.222.235 - - [21/Sep/2021:11:01:54 +0800] "POST /xingrg/services/DataTransmitService HTTP/1.1" 200 478
101.93.222.235 - - [21/Sep/2021:11:01:54 +0800] "POST /xingrg/services/DataTransmitService HTTP/1.1" 200 1320
101.93.222.235 - - [21/Sep/2021:11:01:54 +0800] "POST /xingrg/services/DataTransmitService HTTP/1.1" 200 524
101.93.222.235 - - [21/Sep/2021:11:01:54 +0800] "POST /xingrg/services/DataTransmitService HTTP/1.1" 200 2071
180.152.125.3 - - [21/Sep/2021:11:01:55 +0800] "POST /xingrg/kc/buy/cgsh_list_operate.html HTTP/1.1" 200 876
101.93.222.235 - - [21/Sep/2021:11:01:55 +0800] "POST /xingrg/services/DataTransmitService HTTP/1.1" 200 45454
101.93.222.235 - - [21/Sep/2021:11:01:55 +0800] "POST /xingrg/services/DataTransmitService HTTP/1.1" 200 19237
222.70.179.190 - - [21/Sep/2021:11:01:55 +0800] "GET /xingrg/javascript/easyui/themes/default/tree.css HTTP/1.1" 404 1090
116.230.105.26 - - [21/Sep/2021:11:01:55 +0800] "GET /xingrg/javascript/auto/indicator.gif HTTP/1.1" 404 1066
222.70.179.190 - - [21/Sep/2021:11:01:55 +0800] "POST /xingrg/all/common/load_tree.html?tree=supplier_tree_json&isDelete=1 HTTP/1.1" 200 57803
116.230.105.26 - - [21/Sep/2021:11:01:56 +0800] "GET /xingrg/javascript/jquery_tools/images/prev.gif HTTP/1.1" 404 1086
116.230.105.26 - - [21/Sep/2021:11:01:56 +0800] "GET /xingrg/javascript/jquery_tools/images/next.gif HTTP/1.1" 404 1086
58.39.139.200 - - [21/Sep/2021:11:01:56 +0800] "GET /xingrg/kc/buy/cgsh_order_operate.html?command=get_materiel&rest_code=00105&code=00101002007&supplier_code=00100442&order_time=2021-09-21 HTTP/1.1" 200 409
116.230.105.26 - - [21/Sep/2021:11:01:57 +0800] "GET /xingrg/all/function/internal_message.html?_=1632193305096&CODE_STATE=getMsg HTTP/1.1" 200 27
116.238.248.233 - - [21/Sep/2021:11:01:58 +0800] "GET /xingrg/kc/buy/cgsh_order_operate.html?command=get_materiel&rest_code=00150&code=00101004117&supplier_code=00100312&order_time=2021-09-21 HTTP/1.1" 200 395
114.85.125.222 - - [21/Sep/2021:11:01:58 +0800] "GET /xingrg/kc/mdqp/pssh_order_list.html HTTP/1.1" 200 17783
114.85.125.222 - - [21/Sep/2021:11:01:59 +0800] "POST /xingrg/kc/mdqp/pssh_list_operate.html HTTP/1.1" 200 5279
117.184.7.30 - - [21/Sep/2021:11:02:01 +0800] "GET /xingrg/all/function/internal_message.html?_=1632193320657&CODE_STATE=getMsg HTTP/1.1" 200 27
222.70.246.151 - - [21/Sep/2021:11:02:01 +0800] "GET /xingrg/all/function/internal_message.html?_=1632193331263&CODE_STATE=getMsg HTTP/1.1" 200 27
114.85.125.222 - - [21/Sep/2021:11:02:02 +0800] "GET /xingrg/kc/mdqp/pssh_order_list.html HTTP/1.1" 200 17783
114.85.125.222 - - [21/Sep/2021:11:02:02 +0800] "POST /xingrg/kc/mdqp/pssh_list_operate.html HTTP/1.1" 200 5279
114.86.224.104 - - [21/Sep/2021:11:02:02 +0800] "GET /xingrg/all/function/internal_message.html?_=1632193328636&CODE_STATE=getMsg HTTP/1.1" 200 27
114.83.219.92 - - [21/Sep/2021:11:02:02 +0800] "GET /xingrg/all/function/internal_message.html?_=1632193326029&CODE_STATE=getMsg HTTP/1.1" 200 27
222.70.246.151 - - [21/Sep/2021:11:02:04 +0800] "GET /xingrg/kc/buy/cgsh_order_operate.html?command=get_materiel&rest_code=00146&code=00101008244&supplier_code=00100005&order_time=2021-09-21 HTTP/1.1" 200 408
114.85.125.222 - - [21/Sep/2021:11:02:04 +0800] "POST /xingrg/kc/mdqp/pssh_list_operate.html HTTP/1.1" 200 262
58.37.227.186 - - [21/Sep/2021:11:02:06 +0800] "GET /xingrg/kc/buy/cgsh_order_operate.html?command=get_materiel&rest_code=00141&code=00101008003&supplier_code=00100007&order_time=2021-09-21 HTTP/1.1" 200 408
114.85.125.222 - - [21/Sep/2021:11:02:06 +0800] "GET /xingrg/kc/mdqp/pssh_order_list.html HTTP/1.1" 200 17783
114.85.125.222 - - [21/Sep/2021:11:02:06 +0800] "GET /xingrg/css/base.css HTTP/1.1" 304 -
114.85.125.222 - - [21/Sep/2021:11:02:06 +0800] "GET /xingrg/javascript/jquery_tools/jquery.tools.extend.js HTTP/1.1" 304 -
114.85.125.222 - - [21/Sep/2021:11:02:06 +0800] "GET /xingrg/javascript/auto/jquery.autocomplete.css HTTP/1.1" 304 -
114.85.125.222 - - [21/Sep/2021:11:02:06 +0800] "GET /xingrg/javascript/easyui/themes/default/easyui.css HTTP/1.1" 304 -
114.85.125.222 - - [21/Sep/2021:11:02:06 +0800] "GET /xingrg/javascript/easyui/themes/icon.css HTTP/1.1" 304 -
114.85.125.222 - - [21/Sep/2021:11:02:06 +0800] "GET /xingrg/css/site.css HTTP/1.1" 304 -
114.85.125.222 - - [21/Sep/2021:11:02:06 +0800] "GET /xingrg/javascript/jquery_tools/datebox.css HTTP/1.1" 304 -
114.85.125.222 - - [21/Sep/2021:11:02:06 +0800] "GET /xingrg/javascript/jquery_tools/table.css HTTP/1.1" 304 -
114.85.125.222 - - [21/Sep/2021:11:02:06 +0800] "GET /xingrg/javascript/jquery_tools/jquery.tools.table.js HTTP/1.1" 304 -
114.85.125.222 - - [21/Sep/2021:11:02:06 +0800] "GET /xingrg/javascript/jquery_tools/fix.css HTTP/1.1" 304 -
114.85.125.222 - - [21/Sep/2021:11:02:06 +0800] "GET /xingrg/javascript/jquery_tools/list_manager.js HTTP/1.1" 304 -
114.85.125.222 - - [21/Sep/2021:11:02:06 +0800] "GET /xingrg/javascript/jquery_tools/jquery.tools.hotkey.js HTTP/1.1" 304 -
114.85.125.222 - - [21/Sep/2021:11:02:06 +0800] "GET /xingrg/javascript/auto/jquery.autocomplete.js HTTP/1.1" 304 -
114.85.125.222 - - [21/Sep/2021:11:02:06 +0800] "GET /xingrg/javascript/easyui/easyloader.js HTTP/1.1" 304 -
114.85.125.222 - - [21/Sep/2021:11:02:06 +0800] "GET /xingrg/javascript/jquery_tools/jquery.tools.min.js HTTP/1.1" 304 -
114.85.125.222 - - [21/Sep/2021:11:02:06 +0800] "GET /xingrg/javascript/jquery.cookie.js HTTP/1.1" 304 -
114.85.125.222 - - [21/Sep/2021:11:02:06 +0800] "GET /xingrg/javascript/jquery.utils.js HTTP/1.1" 304 -
114.85.125.222 - - [21/Sep/2021:11:02:06 +0800] "GET /xingrg/javascript/easyui/themes/icons/field_new.png HTTP/1.1" 304 -
114.85.125.222 - - [21/Sep/2021:11:02:06 +0800] "GET /xingrg/javascript/easyui/plugins/jquery.parser.js HTTP/1.1" 304 -
114.85.125.222 - - [21/Sep/2021:11:02:06 +0800] "GET /xingrg/images/control/ajaxLoader.gif HTTP/1.1" 304 -
114.85.125.222 - - [21/Sep/2021:11:02:06 +0800] "POST /xingrg/kc/mdqp/pssh_list_operate.html HTTP/1.1" 200 5279
116.230.105.26 - - [21/Sep/2021:11:02:07 +0800] "GET /xingrg/kc/buy/cgsh_order_operate.html?command=get_materiel&rest_code=00155&code=00101003013&supplier_code=00100093&order_time=2021-09-21 HTTP/1.1" 200 425
58.39.139.200 - - [21/Sep/2021:11:02:09 +0800] "GET /xingrg/kc/buy/cgsh_order_operate.html?command=get_materiel&rest_code=00105&code=00101002041&supplier_code=00100442&order_time=2021-09-21 HTTP/1.1" 200 409
101.93.222.235 - - [21/Sep/2021:11:02:12 +0800] "POST /xingrg/services/DataTransmitService HTTP/1.1" 200 524
101.93.222.235 - - [21/Sep/2021:11:02:14 +0800] "POST /xingrg/services/DataTransmitService HTTP/1.1" 200 412
116.238.248.233 - - [21/Sep/2021:11:02:15 +0800] "GET /xingrg/kc/buy/cgsh_order_operate.html?command=get_materiel&rest_code=00150&code=00101004067&supplier_code=00100312&order_time=2021-09-21 HTTP/1.1" 200 413
101.93.222.235 - - [21/Sep/2021:11:02:15 +0800] "POST /xingrg/services/DataTransmitService HTTP/1.1" 200 524
101.93.222.235 - - [21/Sep/2021:11:02:16 +0800] "POST /xingrg/services/DataTransmitService HTTP/1.1" 200 412
222.70.246.151 - - [21/Sep/2021:11:02:17 +0800] "GET /xingrg/kc/buy/cgsh_order_operate.html?command=get_materiel&rest_code=00146&code=00101008112&supplier_code=00100005&order_time=2021-09-21 HTTP/1.1" 200 412
58.39.139.200 - - [21/Sep/2021:11:02:17 +0800] "GET /xingrg/all/function/internal_message.html?_=1632193342484&CODE_STATE=getMsg HTTP/1.1" 200 27
101.93.222.235 - - [21/Sep/2021:11:02:17 +0800] "POST /xingrg/services/DataTransmitService HTTP/1.1" 200 524
101.93.222.235 - - [21/Sep/2021:11:02:18 +0800] "POST /xingrg/services/DataTransmitService HTTP/1.1" 200 412
58.39.139.200 - - [21/Sep/2021:11:02:19 +0800] "POST /xingrg/kc/buy/cgsh_order_operate.html HTTP/1.1" 200 37
58.39.139.200 - - [21/Sep/2021:11:02:20 +0800] "POST /xingrg/kc/buy/cgsh_order_operate.html HTTP/1.1" 200 3248
101.93.222.235 - - [21/Sep/2021:11:02:21 +0800] "POST /xingrg/services/DataTransmitService HTTP/1.1" 200 524
58.39.139.200 - - [21/Sep/2021:11:02:21 +0800] "GET /xingrg/kc/print/load_data.html?order_code=212021092109447&kc_code=cgsh&condition= HTTP/1.1" 200 891
116.230.105.26 - - [21/Sep/2021:11:02:21 +0800] "GET /xingrg/kc/buy/cgsh_order_operate.html?command=get_materiel&rest_code=00155&code=00101003031&supplier_code=00100093&order_time=2021-09-21 HTTP/1.1" 200 425
101.93.222.235 - - [21/Sep/2021:11:02:22 +0800] "POST /xingrg/services/DataTransmitService HTTP/1.1" 200 412
222.70.179.190 - - [21/Sep/2021:11:02:22 +0800] "GET /xingrg/kc/buy/cgsh_order_operate.html?command=get_materiel&rest_code=00111&code=00101003037&supplier_code=00100088&order_time=2021-09-21 HTTP/1.1" 200 413
116.238.248.233 - - [21/Sep/2021:11:02:23 +0800] "GET /xingrg/kc/buy/cgsh_order_operate.html?command=get_materiel&rest_code=00150&code=00101001029&supplier_code=00100312&order_time=2021-09-21 HTTP/1.1" 200 413
180.169.147.146 - - [21/Sep/2021:11:02:23 +0800] "GET /xingrg/check_reg.html?_=1632193347872 HTTP/1.1" 200 22
180.169.147.146 - - [21/Sep/2021:11:02:23 +0800] "GET /xingrg/all/function/internal_message.html?_=1632193347875&CODE_STATE=getMsg HTTP/1.1" 200 27
180.152.125.3 - - [21/Sep/2021:11:02:24 +0800] "GET /xingrg/all/function/internal_message.html?_=1632193326488&CODE_STATE=getMsg HTTP/1.1" 200 27
101.93.222.235 - - [21/Sep/2021:11:02:24 +0800] "POST /xingrg/services/DataTransmitService HTTP/1.1" 200 524
58.39.139.200 - - [21/Sep/2021:11:02:24 +0800] "GET /xingrg/kc/buy/cgsh_order_add.html HTTP/1.1" 200 63529
58.39.139.200 - - [21/Sep/2021:11:02:25 +0800] "POST /xingrg/kc/buy/cgsh_order_operate.html HTTP/1.1" 200 8245
58.39.139.200 - - [21/Sep/2021:11:02:25 +0800] "GET /xingrg/javascript/easyui/themes/default/validatebox.css HTTP/1.1" 404 1104
101.93.222.235 - - [21/Sep/2021:11:02:25 +0800] "POST /xingrg/services/DataTransmitService HTTP/1.1" 200 412
116.237.74.154 - - [21/Sep/2021:11:02:25 +0800] "GET /xingrg/all/function/internal_message.html?_=1632193348311&CODE_STATE=getMsg HTTP/1.1" 200 27
58.37.227.186 - - [21/Sep/2021:11:02:27 +0800] "POST /xingrg/kc/buy/cgsh_order_operate.html HTTP/1.1" 200 2065
114.85.125.222 - - [21/Sep/2021:11:02:27 +0800] "GET /xingrg/javascript/jquery_easy_ui/themes/default/easyui.css HTTP/1.1" 304 -
114.85.125.222 - - [21/Sep/2021:11:02:27 +0800] "GET /xingrg/index.html?sysBaseUrl=http%3A%2F%2F180.169.147.146%3A18081%2Fxingrg%2F&costTime=43×tamp=1632187858705 HTTP/1.1" 200 17179
114.85.125.222 - - [21/Sep/2021:11:02:27 +0800] "GET /xingrg/javascript/jquery_easy_ui/themes/icon.css HTTP/1.1" 304 -
114.85.125.222 - - [21/Sep/2021:11:02:27 +0800] "GET /xingrg/css/form.css HTTP/1.1" 304 -
114.85.125.222 - - [21/Sep/2021:11:02:27 +0800] "GET /xingrg/javascript/jquery-1.4.2.min.js HTTP/1.1" 304 -
114.85.125.222 - - [21/Sep/2021:11:02:27 +0800] "GET /xingrg/javascript/jquery_easy_ui/jquery.easyui.min.js HTTP/1.1" 304 -
114.85.125.222 - - [21/Sep/2021:11:02:27 +0800] "GET /xingrg/javascript/jquery_easy_ui/easyui-lang-zh_CN.js HTTP/1.1" 304 -
114.85.125.222 - - [21/Sep/2021:11:02:27 +0800] "GET /xingrg/javascript/jquery.form.js HTTP/1.1" 304 -
114.85.125.222 - - [21/Sep/2021:11:02:27 +0800] "GET /xingrg/javascript/jquery.utils.js HTTP/1.1" 304 -
114.85.125.222 - - [21/Sep/2021:11:02:27 +0800] "GET /xingrg/javascript/jquery.timers.js HTTP/1.1" 304 -
114.85.125.222 - - [21/Sep/2021:11:02:27 +0800] "GET /xingrg/images/blue/navBackgound.jpg HTTP/1.1" 304 -
114.85.125.222 - - [21/Sep/2021:11:02:27 +0800] "GET /xingrg/images/blue/jxLogo.png HTTP/1.1" 304 -
114.85.125.222 - - [21/Sep/2021:11:02:27 +0800] "GET /xingrg/javascript/jquery_easy_ui/themes/icons/settle_new.png HTTP/1.1" 304 -
114.85.125.222 - - [21/Sep/2021:11:02:27 +0800] "POST /xingrg/all/common/load_tree.html?tree=area_rest_tree_json&manage=1 HTTP/1.1" 200 476
114.85.125.222 - - [21/Sep/2021:11:02:27 +0800] "GET /xingrg/images/blue/pingpu.png HTTP/1.1" 304 -
114.85.125.222 - - [21/Sep/2021:11:02:27 +0800] "GET /xingrg/javascript/jquery_easy_ui/themes/default/images/tabs_leftarrow.png HTTP/1.1" 304 -
114.85.125.222 - - [21/Sep/2021:11:02:27 +0800] "GET /xingrg/javascript/jquery_easy_ui/themes/default/images/tabs_rightarrow.png HTTP/1.1" 304 -
114.85.125.222 - - [21/Sep/2021:11:02:27 +0800] "GET /xingrg/javascript/jquery_easy_ui/themes/default/images/panel_tool_collapse.gif HTTP/1.1" 304 -
114.85.125.222 - - [21/Sep/2021:11:02:27 +0800] "GET /xingrg/all/function/internal_message.html?_=1632193331234&CODE_STATE=count HTTP/1.1" 200 11
114.85.125.222 - - [21/Sep/2021:11:02:27 +0800] "GET /xingrg/check_reg.html?_=1632193331234 HTTP/1.1" 200 22
114.85.125.222 - - [21/Sep/2021:11:02:27 +0800] "POST /xingrg/load_menu.html HTTP/1.1" 200 5138
222.70.246.151 - - [21/Sep/2021:11:02:28 +0800] "GET /xingrg/kc/buy/cgsh_order_operate.html?command=get_materiel&rest_code=00146&code=00101008354&supplier_code=00100005&order_time=2021-09-21 HTTP/1.1" 200 412
222.70.179.190 - - [21/Sep/2021:11:02:29 +0800] "GET /xingrg/all/function/internal_message.html?_=1632193351023&CODE_STATE=getMsg HTTP/1.1" 200 27
114.85.125.222 - - [21/Sep/2021:11:02:30 +0800] "GET /xingrg/kc/mdqp/pssh_order_list.html HTTP/1.1" 200 17783
114.85.125.222 - - [21/Sep/2021:11:02:30 +0800] "POST /xingrg/kc/mdqp/pssh_list_operate.html HTTP/1.1" 200 5279
116.230.105.26 - - [21/Sep/2021:11:02:31 +0800] "POST /xingrg/kc/buy/cgsh_order_operate.html HTTP/1.1" 200 37
116.230.105.26 - - [21/Sep/2021:11:02:32 +0800] "POST /xingrg/kc/buy/cgsh_order_operate.html HTTP/1.1" 200 3281
58.37.227.186 - - [21/Sep/2021:11:02:32 +0800] "GET /xingrg/kc/buy/cgsh_order_operate.html?command=get_materiel&rest_code=00141&code=00101008300&supplier_code=00100007&order_time=2021-09-21 HTTP/1.1" 200 414
222.70.179.190 - - [21/Sep/2021:11:02:34 +0800] "POST /xingrg/kc/buy/cgsh_order_operate.html HTTP/1.1" 200 37
116.230.105.26 - - [21/Sep/2021:11:02:34 +0800] "GET /xingrg/kc/print/load_data.html?order_code=212021092109448&kc_code=cgsh&condition= HTTP/1.1" 200 988
116.238.248.233 - - [21/Sep/2021:11:02:34 +0800] "GET /xingrg/all/function/internal_message.html?_=1632193357814&CODE_STATE=getMsg HTTP/1.1" 200 27
58.39.139.200 - - [21/Sep/2021:11:02:35 +0800] "GET /xingrg/kc/buy/cgsh_order_operate.html?command=get_materiel&rest_code=00105&code=00101010594&supplier_code=00100329&order_time=2021-09-21 HTTP/1.1" 200 414
222.70.179.190 - - [21/Sep/2021:11:02:35 +0800] "POST /xingrg/kc/buy/cgsh_order_operate.html HTTP/1.1" 200 2662
222.70.179.190 - - [21/Sep/2021:11:02:37 +0800] "GET /xingrg/kc/print/load_data.html?order_code=212021092109449&kc_code=cgsh&condition= HTTP/1.1" 200 741
116.238.248.233 - - [21/Sep/2021:11:02:37 +0800] "GET /xingrg/kc/buy/cgsh_order_operate.html?command=get_materiel&rest_code=00150&code=00101004023&supplier_code=00100312&order_time=2021-09-21 HTTP/1.1" 200 409
58.39.139.200 - - [21/Sep/2021:11:02:37 +0800] "GET /xingrg/all/function/internal_message.html?_=1632193307613&CODE_STATE=getMsg HTTP/1.1" 200 27
222.69.131.205 - - [21/Sep/2021:11:02:37 +0800] "GET /xingrg/all/function/internal_message.html?_=1632193362965&CODE_STATE=getMsg HTTP/1.1" 200 27
222.70.246.151 - - [21/Sep/2021:11:02:39 +0800] "GET /xingrg/kc/buy/cgsh_order_operate.html?command=get_materiel&rest_code=00146&code=00101008028&supplier_code=00100005&order_time=2021-09-21 HTTP/1.1" 200 412
116.230.105.26 - - [21/Sep/2021:11:02:40 +0800] "GET /xingrg/kc/buy/cgsh_order_add.html HTTP/1.1" 200 63450
58.37.227.186 - - [21/Sep/2021:11:02:40 +0800] "GET /xingrg/kc/buy/cgsh_order_operate.html?command=get_materiel&rest_code=00141&code=00101008415&supplier_code=00100007&order_time=2021-09-21 HTTP/1.1" 200 398
116.230.105.26 - - [21/Sep/2021:11:02:40 +0800] "POST /xingrg/kc/buy/cgsh_order_operate.html HTTP/1.1" 200 8245
116.230.105.26 - - [21/Sep/2021:11:02:40 +0800] "GET /xingrg/javascript/easyui/themes/default/validatebox.css HTTP/1.1" 404 1104
116.230.105.26 - - [21/Sep/2021:11:02:41 +0800] "GET /xingrg/javascript/auto/indicator.gif HTTP/1.1" 404 1066
116.230.105.26 - - [21/Sep/2021:11:02:42 +0800] "GET /xingrg/javascript/jquery_tools/images/next.gif HTTP/1.1" 404 1086
116.230.105.26 - - [21/Sep/2021:11:02:42 +0800] "GET /xingrg/javascript/jquery_tools/images/prev.gif HTTP/1.1" 404 1086
222.70.179.190 - - [21/Sep/2021:11:02:42 +0800] "GET /xingrg/kc/buy/cgsh_order_add.html HTTP/1.1" 200 63476
222.70.246.151 - - [21/Sep/2021:11:02:42 +0800] "POST /xingrg/kc/buy/cgsh_order_operate.html HTTP/1.1" 200 2065
222.70.179.190 - - [21/Sep/2021:11:02:42 +0800] "POST /xingrg/kc/buy/cgsh_order_operate.html HTTP/1.1" 200 8245
222.70.179.190 - - [21/Sep/2021:11:02:42 +0800] "GET /xingrg/javascript/easyui/themes/default/validatebox.css HTTP/1.1" 404 1104
222.70.179.190 - - [21/Sep/2021:11:02:44 +0800] "GET /xingrg/javascript/easyui/themes/default/tree.css HTTP/1.1" 404 1090
222.70.179.190 - - [21/Sep/2021:11:02:44 +0800] "POST /xingrg/all/common/load_tree.html?tree=supplier_tree_json&isDelete=1 HTTP/1.1" 200 57803
58.40.7.146 - - [21/Sep/2021:11:02:48 +0800] "GET /xingrg/all/function/internal_message.html?_=1632193372366&CODE_STATE=getMsg HTTP/1.1" 302 -
58.37.227.186 - - [21/Sep/2021:11:02:49 +0800] "GET /xingrg/kc/buy/cgsh_order_operate.html?command=get_materiel&rest_code=00141&code=00101009054&supplier_code=00100007&order_time=2021-09-21 HTTP/1.1" 200 412
180.152.125.3 - - [21/Sep/2021:11:02:52 +0800] "GET /xingrg/all/function/internal_message.html?_=1632193377295&CODE_STATE=getMsg HTTP/1.1" 200 27
116.238.248.233 - - [21/Sep/2021:11:02:54 +0800] "POST /xingrg/kc/buy/cgsh_order_operate.html HTTP/1.1" 200 37
222.70.246.151 - - [21/Sep/2021:11:02:54 +0800] "GET /xingrg/kc/buy/cgsh_order_operate.html?command=get_materiel&rest_code=00146&code=00101008351&supplier_code=00100005&order_time=2021-09-21 HTTP/1.1" 200 408
58.39.139.200 - - [21/Sep/2021:11:02:55 +0800] "GET /xingrg/kc/buy/cgsh_order_operate.html?command=get_materiel&rest_code=00105&code=00101010120&supplier_code=00100329&order_time=2021-09-21 HTTP/1.1" 200 415
116.238.248.233 - - [21/Sep/2021:11:02:56 +0800] "POST /xingrg/kc/buy/cgsh_order_operate.html HTTP/1.1" 200 12
116.238.248.233 - - [21/Sep/2021:11:02:57 +0800] "GET /xingrg/kc/buy/cgsh_order_info.html?code=212021092109450 HTTP/1.1" 200 58319
116.238.248.233 - - [21/Sep/2021:11:02:58 +0800] "GET /xingrg/javascript/easyui/themes/default/validatebox.css HTTP/1.1" 404 1104
116.238.248.233 - - [21/Sep/2021:11:02:58 +0800] "POST /xingrg/kc/buy/cgsh_order_operate.html HTTP/1.1" 200 2393
116.238.248.233 - - [21/Sep/2021:11:02:59 +0800] "GET /xingrg/kc/print/load_data.html?order_code=212021092109450&kc_code=cgsh&condition= HTTP/1.1" 200 1397
117.184.7.30 - - [21/Sep/2021:11:03:01 +0800] "GET /xingrg/all/function/internal_message.html?_=1632193380656&CODE_STATE=getMsg HTTP/1.1" 200 27
116.230.105.26 - - [21/Sep/2021:11:03:01 +0800] "POST /xingrg/kc/buy/cgsh_order_operate.html HTTP/1.1" 200 37
222.70.246.151 - - [21/Sep/2021:11:03:01 +0800] "GET /xingrg/all/function/internal_message.html?_=1632193391264&CODE_STATE=getMsg HTTP/1.1" 200 27
116.230.105.26 - - [21/Sep/2021:11:03:02 +0800] "POST /xingrg/kc/buy/cgsh_order_operate.html HTTP/1.1" 200 2672
114.83.219.92 - - [21/Sep/2021:11:03:02 +0800] "GET /xingrg/all/function/internal_message.html?_=1632193386001&CODE_STATE=getMsg HTTP/1.1" 200 27
114.86.224.104 - - [21/Sep/2021:11:03:02 +0800] "GET /xingrg/all/function/internal_message.html?_=1632193388638&CODE_STATE=getMsg HTTP/1.1" 200 27
114.86.224.104 - - [21/Sep/2021:11:03:02 +0800] "GET /xingrg/check_reg.html?_=1632193388639 HTTP/1.1" 200 22
116.238.248.233 - - [21/Sep/2021:11:03:03 +0800] "GET /xingrg/kc/buy/cgsh_order_add.html HTTP/1.1" 200 63406
116.238.248.233 - - [21/Sep/2021:11:03:03 +0800] "GET /xingrg/javascript/easyui/themes/default/validatebox.css HTTP/1.1" 404 1104
116.238.248.233 - - [21/Sep/2021:11:03:03 +0800] "POST /xingrg/kc/buy/cgsh_order_operate.html HTTP/1.1" 200 8245
116.230.105.26 - - [21/Sep/2021:11:03:03 +0800] "GET /xingrg/kc/print/load_data.html?order_code=212021092109451&kc_code=cgsh&condition= HTTP/1.1" 200 741
222.70.179.190 - - [21/Sep/2021:11:03:05 +0800] "GET /xingrg/kc/buy/cgsh_order_operate.html?command=get_materiel&rest_code=00111&code=00101015122&supplier_code=00100443&order_time=2021-09-21 HTTP/1.1" 200 407
116.230.105.26 - - [21/Sep/2021:11:03:08 +0800] "GET /xingrg/kc/buy/cgsh_order_add.html HTTP/1.1" 200 63450
116.230.105.26 - - [21/Sep/2021:11:03:08 +0800] "POST /xingrg/kc/buy/cgsh_order_operate.html HTTP/1.1" 200 8245
116.230.105.26 - - [21/Sep/2021:11:03:09 +0800] "GET /xingrg/javascript/easyui/themes/default/validatebox.css HTTP/1.1" 404 1104
222.70.246.151 - - [21/Sep/2021:11:03:09 +0800] "GET /xingrg/kc/buy/cgsh_order_operate.html?command=get_materiel&rest_code=00146&code=00101008026&supplier_code=00100005&order_time=2021-09-21 HTTP/1.1" 200 409
58.37.227.186 - - [21/Sep/2021:11:03:09 +0800] "POST /xingrg/kc/buy/cgsh_order_operate.html HTTP/1.1" 200 2065
116.230.105.26 - - [21/Sep/2021:11:03:09 +0800] "GET /xingrg/javascript/auto/indicator.gif HTTP/1.1" 404 1066
116.230.105.26 - - [21/Sep/2021:11:03:10 +0800] "GET /xingrg/javascript/jquery_tools/images/prev.gif HTTP/1.1" 404 1086
116.230.105.26 - - [21/Sep/2021:11:03:10 +0800] "GET /xingrg/javascript/jquery_tools/images/next.gif HTTP/1.1" 404 1086
58.39.139.200 - - [21/Sep/2021:11:03:12 +0800] "POST /xingrg/kc/buy/cgsh_order_operate.html HTTP/1.1" 200 37
116.238.248.233 - - [21/Sep/2021:11:03:12 +0800] "GET /xingrg/kc/buy/cgsh_order_operate.html?command=get_materiel&rest_code=00150&code=00101010318&supplier_code=00100323&order_time=2021-09-21 HTTP/1.1" 200 426
180.152.125.3 - - [21/Sep/2021:11:03:13 +0800] "GET /xingrg/javascript/pic_change.js HTTP/1.1" 304 -
180.152.125.3 - - [21/Sep/2021:11:03:13 +0800] "GET /xingrg/kc/buy/cgsh_order_add.html HTTP/1.1" 200 63447
180.152.125.3 - - [21/Sep/2021:11:03:13 +0800] "GET /xingrg/javascript/jquery_tools/order_manager.js HTTP/1.1" 304 -
180.152.125.3 - - [21/Sep/2021:11:03:13 +0800] "GET /xingrg/javascript/convert.js HTTP/1.1" 304 -
180.152.125.3 - - [21/Sep/2021:11:03:13 +0800] "GET /xingrg/javascript/json2.js HTTP/1.1" 304 -
180.152.125.3 - - [21/Sep/2021:11:03:13 +0800] "GET /xingrg/javascript/print/kc_print.js HTTP/1.1" 304 -
180.152.125.3 - - [21/Sep/2021:11:03:13 +0800] "GET /xingrg/words/20210920125024_words.js HTTP/1.1" 304 -
180.152.125.3 - - [21/Sep/2021:11:03:13 +0800] "POST /xingrg/kc/buy/cgsh_order_operate.html HTTP/1.1" 200 8245
180.152.125.3 - - [21/Sep/2021:11:03:14 +0800] "GET /xingrg/all/common/auto_word.html?type=employee&rest_code=00102 HTTP/1.1" 200 189
180.152.125.3 - - [21/Sep/2021:11:03:14 +0800] "GET /xingrg/all/common/auto_word.html?type=employee&rest_code=00102 HTTP/1.1" 200 189
180.152.125.3 - - [21/Sep/2021:11:03:14 +0800] "GET /xingrg/javascript/easyui/themes/default/validatebox.css HTTP/1.1" 404 1104
180.152.125.3 - - [21/Sep/2021:11:03:14 +0800] "GET /xingrg/javascript/easyui/plugins/jquery.validatebox.js HTTP/1.1" 304 -
180.152.125.3 - - [21/Sep/2021:11:03:14 +0800] "GET /xingrg/javascript/easyui/plugins/jquery.numberbox.js HTTP/1.1" 304 -
180.152.125.3 - - [21/Sep/2021:11:03:14 +0800] "GET /xingrg/javascript/auto/indicator.gif HTTP/1.1" 404 1066
222.70.179.190 - - [21/Sep/2021:11:03:15 +0800] "POST /xingrg/kc/buy/cgsh_order_operate.html HTTP/1.1" 200 37
58.39.139.200 - - [21/Sep/2021:11:03:15 +0800] "POST /xingrg/kc/buy/cgsh_order_operate.html HTTP/1.1" 200 3268
180.152.125.3 - - [21/Sep/2021:11:03:15 +0800] "GET /xingrg/javascript/jquery_tools/images/prev.gif HTTP/1.1" 404 1086
180.152.125.3 - - [21/Sep/2021:11:03:15 +0800] "GET /xingrg/javascript/jquery_tools/images/next.gif HTTP/1.1" 404 1086
116.230.105.26 - - [21/Sep/2021:11:03:15 +0800] "GET /xingrg/kc/buy/cgsh_order_operate.html?command=get_materiel&rest_code=00155&code=00101003037&supplier_code=00100088&order_time=2021-09-21 HTTP/1.1" 200 413
58.39.139.200 - - [21/Sep/2021:11:03:16 +0800] "GET /xingrg/kc/print/load_data.html?order_code=212021092109452&kc_code=cgsh&condition= HTTP/1.1" 200 925
222.70.179.190 - - [21/Sep/2021:11:03:16 +0800] "POST /xingrg/kc/buy/cgsh_order_operate.html HTTP/1.1" 200 2664
58.39.139.200 - - [21/Sep/2021:11:03:17 +0800] "GET /xingrg/all/function/internal_message.html?_=1632193402470&CODE_STATE=getMsg HTTP/1.1" 200 27
222.70.179.190 - - [21/Sep/2021:11:03:18 +0800] "GET /xingrg/kc/print/load_data.html?order_code=212021092109453&kc_code=cgsh&condition= HTTP/1.1" 200 667
222.70.246.151 - - [21/Sep/2021:11:03:18 +0800] "GET /xingrg/kc/buy/cgsh_order_operate.html?command=get_materiel&rest_code=00146&code=00101008038&supplier_code=00100005&order_time=2021-09-21 HTTP/1.1" 200 412
58.37.227.186 - - [21/Sep/2021:11:03:19 +0800] "GET /xingrg/kc/buy/cgsh_order_operate.html?command=get_materiel&rest_code=00141&code=00101008295&supplier_code=00100007&order_time=2021-09-21 HTTP/1.1" 200 412
58.39.139.200 - - [21/Sep/2021:11:03:20 +0800] "GET /xingrg/check_reg.html?_=1632193405141 HTTP/1.1" 200 22
58.39.139.200 - - [21/Sep/2021:11:03:20 +0800] "GET /xingrg/kc/buy/cgsh_order_add.html HTTP/1.1" 200 63529
58.39.139.200 - - [21/Sep/2021:11:03:20 +0800] "POST /xingrg/kc/buy/cgsh_order_operate.html HTTP/1.1" 200 8245
58.39.139.200 - - [21/Sep/2021:11:03:20 +0800] "GET /xingrg/javascript/easyui/themes/default/validatebox.css HTTP/1.1" 404 1104
116.238.248.233 - - [21/Sep/2021:11:03:21 +0800] "GET /xingrg/kc/buy/cgsh_order_operate.html?command=get_materiel&rest_code=00150&code=00101002029&supplier_code=00100323&order_time=2021-09-21 HTTP/1.1" 200 414
222.70.179.190 - - [21/Sep/2021:11:03:22 +0800] "GET /xingrg/kc/buy/cgsh_order_add.html HTTP/1.1" 200 63476
222.70.179.190 - - [21/Sep/2021:11:03:23 +0800] "POST /xingrg/kc/buy/cgsh_order_operate.html HTTP/1.1" 200 8245
222.70.179.190 - - [21/Sep/2021:11:03:23 +0800] "GET /xingrg/javascript/easyui/themes/default/validatebox.css HTTP/1.1" 404 1104
180.169.147.146 - - [21/Sep/2021:11:03:23 +0800] "GET /xingrg/all/function/internal_message.html?_=1632193407862&CODE_STATE=getMsg HTTP/1.1" 200 27
116.230.105.26 - - [21/Sep/2021:11:03:23 +0800] "POST /xingrg/kc/buy/cgsh_order_operate.html HTTP/1.1" 200 37
222.70.179.190 - - [21/Sep/2021:11:03:24 +0800] "GET /xingrg/javascript/easyui/themes/default/tree.css HTTP/1.1" 404 1090
222.70.179.190 - - [21/Sep/2021:11:03:24 +0800] "POST /xingrg/all/common/load_tree.html?tree=supplier_tree_json&isDelete=1 HTTP/1.1" 200 57803
180.152.125.3 - - [21/Sep/2021:11:03:24 +0800] "GET /xingrg/all/function/internal_message.html?_=1632193386977&CODE_STATE=getMsg HTTP/1.1" 200 27
116.230.105.26 - - [21/Sep/2021:11:03:24 +0800] "POST /xingrg/kc/buy/cgsh_order_operate.html HTTP/1.1" 200 2661
116.237.74.154 - - [21/Sep/2021:11:03:25 +0800] "GET /xingrg/all/function/internal_message.html?_=1632193408280&CODE_STATE=getMsg HTTP/1.1" 200 27
116.230.105.26 - - [21/Sep/2021:11:03:26 +0800] "GET /xingrg/kc/print/load_data.html?order_code=212021092109454&kc_code=cgsh&condition= HTTP/1.1" 200 754
114.85.125.222 - - [21/Sep/2021:11:03:27 +0800] "GET /xingrg/all/function/internal_message.html?_=1632193391244&CODE_STATE=getMsg HTTP/1.1" 200 27
180.152.125.3 - - [21/Sep/2021:11:03:28 +0800] "GET /xingrg/kc/buy/cgsh_order_operate.html?command=get_materiel&rest_code=00102&code=00102016591&supplier_code=00100151&order_time=2021-09-21 HTTP/1.1" 200 420
222.70.179.190 - - [21/Sep/2021:11:03:29 +0800] "GET /xingrg/all/function/internal_message.html?_=1632193411034&CODE_STATE=getMsg HTTP/1.1" 200 27
222.70.179.190 - - [21/Sep/2021:11:03:29 +0800] "GET /xingrg/check_reg.html?_=1632193411037 HTTP/1.1" 200 22
116.238.248.233 - - [21/Sep/2021:11:03:29 +0800] "GET /xingrg/kc/buy/cgsh_order_operate.html?command=get_materiel&rest_code=00150&code=00101037239&supplier_code=00100323&order_time=2021-09-21 HTTP/1.1" 200 396
116.230.105.26 - - [21/Sep/2021:11:03:30 +0800] "GET /xingrg/kc/buy/cgsh_order_add.html HTTP/1.1" 200 63450
116.230.105.26 - - [21/Sep/2021:11:03:30 +0800] "POST /xingrg/kc/buy/cgsh_order_operate.html HTTP/1.1" 200 8245
116.230.105.26 - - [21/Sep/2021:11:03:30 +0800] "GET /xingrg/javascript/easyui/themes/default/validatebox.css HTTP/1.1" 404 1104
222.70.246.151 - - [21/Sep/2021:11:03:30 +0800] "GET /xingrg/kc/buy/cgsh_order_operate.html?command=get_materiel&rest_code=00146&code=00101008088&supplier_code=00100005&order_time=2021-09-21 HTTP/1.1" 200 408
116.230.105.26 - - [21/Sep/2021:11:03:31 +0800] "GET /xingrg/javascript/auto/indicator.gif HTTP/1.1" 404 1066
116.230.105.26 - - [21/Sep/2021:11:03:32 +0800] "GET /xingrg/javascript/jquery_tools/images/prev.gif HTTP/1.1" 404 1086
116.230.105.26 - - [21/Sep/2021:11:03:32 +0800] "GET /xingrg/javascript/jquery_tools/images/next.gif HTTP/1.1" 404 1086
58.39.139.200 - - [21/Sep/2021:11:03:34 +0800] "GET /xingrg/kc/buy/cgsh_order_operate.html?command=get_materiel&rest_code=00105&code=00101002038&supplier_code=00100087&order_time=2021-09-21 HTTP/1.1" 200 416
116.238.248.233 - - [21/Sep/2021:11:03:34 +0800] "GET /xingrg/all/function/internal_message.html?_=1632193417797&CODE_STATE=getMsg HTTP/1.1" 200 27
116.238.248.233 - - [21/Sep/2021:11:03:37 +0800] "GET /xingrg/kc/buy/cgsh_order_operate.html?command=get_materiel&rest_code=00150&code=00101007122&supplier_code=00100323&order_time=2021-09-21 HTTP/1.1" 200 437
116.230.105.26 - - [21/Sep/2021:11:03:37 +0800] "GET /xingrg/kc/buy/cgsh_order_operate.html?command=get_materiel&rest_code=00155&code=00101003035&supplier_code=00100092&order_time=2021-09-21 HTTP/1.1" 200 410
58.37.227.186 - - [21/Sep/2021:11:03:37 +0800] "GET /xingrg/check_reg.html?_=1632193288467 HTTP/1.1" 200 22
58.39.139.200 - - [21/Sep/2021:11:03:37 +0800] "GET /xingrg/all/function/internal_message.html?_=1632193367613&CODE_STATE=getMsg HTTP/1.1" 200 27
222.69.131.205 - - [21/Sep/2021:11:03:37 +0800] "GET /xingrg/all/function/internal_message.html?_=1632193422954&CODE_STATE=getMsg HTTP/1.1" 200 27
180.152.125.3 - - [21/Sep/2021:11:03:40 +0800] "POST /xingrg/kc/buy/cgsh_order_operate.html HTTP/1.1" 200 37
58.37.227.186 - - [21/Sep/2021:11:03:40 +0800] "GET /xingrg/kc/buy/cgsh_order_operate.html?command=get_materiel&rest_code=00141&code=00101008213&supplier_code=00100007&order_time=2021-09-21 HTTP/1.1" 200 412
222.70.246.151 - - [21/Sep/2021:11:03:41 +0800] "GET /xingrg/kc/buy/cgsh_order_operate.html?command=get_materiel&rest_code=00146&code=00101008290&supplier_code=00100005&order_time=2021-09-21 HTTP/1.1" 200 416
180.152.125.3 - - [21/Sep/2021:11:03:43 +0800] "POST /xingrg/kc/buy/cgsh_order_operate.html HTTP/1.1" 200 12
180.152.125.3 - - [21/Sep/2021:11:03:44 +0800] "GET /xingrg/kc/buy/cgsh_order_info.html?code=212021092109455 HTTP/1.1" 200 58346
180.152.125.3 - - [21/Sep/2021:11:03:45 +0800] "GET /xingrg/javascript/easyui/themes/default/validatebox.css HTTP/1.1" 404 1104
222.70.246.151 - - [21/Sep/2021:11:03:46 +0800] "POST /xingrg/kc/buy/cgsh_order_operate.html HTTP/1.1" 200 2065
58.39.139.200 - - [21/Sep/2021:11:03:47 +0800] "POST /xingrg/kc/buy/cgsh_order_operate.html HTTP/1.1" 200 37
180.152.125.3 - - [21/Sep/2021:11:03:47 +0800] "POST /xingrg/kc/buy/cgsh_order_operate.html HTTP/1.1" 200 614
116.230.105.26 - - [21/Sep/2021:11:03:48 +0800] "GET /xingrg/kc/buy/cgsh_order_operate.html?command=get_materiel&rest_code=00155&code=00101003006&supplier_code=00100092&order_time=2021-09-21 HTTP/1.1" 200 412
58.40.7.146 - - [21/Sep/2021:11:03:48 +0800] "GET /xingrg/all/function/internal_message.html?_=1632193432354&CODE_STATE=getMsg HTTP/1.1" 302 -
58.40.7.146 - - [21/Sep/2021:11:03:48 +0800] "GET /xingrg/check_reg.html?_=1632193432356 HTTP/1.1" 302 -
116.238.248.233 - - [21/Sep/2021:11:03:49 +0800] "GET /xingrg/kc/buy/cgsh_order_operate.html?command=get_materiel&rest_code=00150&code=00101008583&supplier_code=00100323&order_time=2021-09-21 HTTP/1.1" 200 403
180.152.125.3 - - [21/Sep/2021:11:03:49 +0800] "GET /xingrg/kc/print/load_config.html?kc_code=cgsh HTTP/1.1" 200 2076
180.152.125.3 - - [21/Sep/2021:11:03:49 +0800] "GET /xingrg/kc/print/load_data.html?order_code=212021092109455&kc_code=cgsh&condition= HTTP/1.1" 200 684
180.152.125.3 - - [21/Sep/2021:11:03:52 +0800] "GET /xingrg/all/function/internal_message.html?_=1632193437334&CODE_STATE=getMsg HTTP/1.1" 200 27
180.152.125.3 - - [21/Sep/2021:11:03:54 +0800] "GET /xingrg/kc/buy/cgsh_order_add.html HTTP/1.1" 200 63447
180.152.125.3 - - [21/Sep/2021:11:03:55 +0800] "POST /xingrg/kc/buy/cgsh_order_operate.html HTTP/1.1" 200 8245
180.152.125.3 - - [21/Sep/2021:11:03:55 +0800] "GET /xingrg/javascript/easyui/themes/default/validatebox.css HTTP/1.1" 404 1104
116.230.105.26 - - [21/Sep/2021:11:03:55 +0800] "POST /xingrg/kc/buy/cgsh_order_operate.html HTTP/1.1" 200 37
222.70.246.151 - - [21/Sep/2021:11:03:55 +0800] "GET /xingrg/kc/buy/cgsh_order_operate.html?command=get_materiel&rest_code=00146&code=00101008003&supplier_code=00100005&order_time=2021-09-21 HTTP/1.1" 200 408
101.93.222.235 - - [21/Sep/2021:11:03:56 +0800] "POST /xingrg/services/DataTransmitService HTTP/1.1" 200 524
116.230.105.26 - - [21/Sep/2021:11:03:56 +0800] "POST /xingrg/kc/buy/cgsh_order_operate.html HTTP/1.1" 200 3255
116.230.105.26 - - [21/Sep/2021:11:03:57 +0800] "GET /xingrg/all/function/internal_message.html?_=1632193425108&CODE_STATE=getMsg HTTP/1.1" 200 27
116.230.105.26 - - [21/Sep/2021:11:03:57 +0800] "GET /xingrg/check_reg.html?_=1632193425109 HTTP/1.1" 200 22
101.93.222.235 - - [21/Sep/2021:11:03:57 +0800] "POST /xingrg/services/DataTransmitService HTTP/1.1" 200 412
116.230.105.26 - - [21/Sep/2021:11:03:57 +0800] "GET /xingrg/kc/print/load_data.html?order_code=212021092109457&kc_code=cgsh&condition= HTTP/1.1" 200 963
58.39.139.200 - - [21/Sep/2021:11:03:58 +0800] "POST /xingrg/kc/buy/cgsh_order_operate.html HTTP/1.1" 200 2663
58.37.227.186 - - [21/Sep/2021:11:03:59 +0800] "POST /xingrg/kc/buy/cgsh_order_operate.html HTTP/1.1" 200 2065
58.39.139.200 - - [21/Sep/2021:11:04:00 +0800] "GET /xingrg/kc/print/load_data.html?order_code=212021092109456&kc_code=cgsh&condition= HTTP/1.1" 200 719
117.184.7.30 - - [21/Sep/2021:11:04:01 +0800] "GET /xingrg/all/function/internal_message.html?_=1632193440664&CODE_STATE=getMsg HTTP/1.1" 200 27
117.184.7.30 - - [21/Sep/2021:11:04:01 +0800] "GET /xingrg/check_reg.html?_=1632193440667 HTTP/1.1" 200 22
222.70.246.151 - - [21/Sep/2021:11:04:01 +0800] "GET /xingrg/all/function/internal_message.html?_=1632193451277&CODE_STATE=getMsg HTTP/1.1" 200 27
114.83.219.92 - - [21/Sep/2021:11:04:02 +0800] "GET /xingrg/all/function/internal_message.html?_=1632193445985&CODE_STATE=getMsg HTTP/1.1" 200 27
114.86.224.104 - - [21/Sep/2021:11:04:02 +0800] "GET /xingrg/all/function/internal_message.html?_=1632193448640&CODE_STATE=getMsg HTTP/1.1" 200 27
116.230.105.26 - - [21/Sep/2021:11:04:03 +0800] "GET /xingrg/kc/buy/cgsh_order_add.html HTTP/1.1" 200 63450
116.230.105.26 - - [21/Sep/2021:11:04:03 +0800] "POST /xingrg/kc/buy/cgsh_order_operate.html HTTP/1.1" 200 8245
116.230.105.26 - - [21/Sep/2021:11:04:03 +0800] "GET /xingrg/javascript/easyui/themes/default/validatebox.css HTTP/1.1" 404 1104
58.39.139.200 - - [21/Sep/2021:11:04:04 +0800] "GET /xingrg/kc/buy/cgsh_order_add.html HTTP/1.1" 200 63529
116.230.105.26 - - [21/Sep/2021:11:04:04 +0800] "GET /xingrg/javascript/auto/indicator.gif HTTP/1.1" 404 1066
58.37.227.186 - - [21/Sep/2021:11:04:04 +0800] "GET /xingrg/kc/buy/cgsh_order_operate.html?command=get_materiel&rest_code=00141&code=00101008276&supplier_code=00100007&order_time=2021-09-21 HTTP/1.1" 200 412
180.152.125.3 - - [21/Sep/2021:11:04:04 +0800] "GET /xingrg/kc/buy/cgsh_order_operate.html?command=get_materiel&rest_code=00102&code=00102008041&supplier_code=00100151&order_time=2021-09-21 HTTP/1.1" 200 409
58.39.139.200 - - [21/Sep/2021:11:04:04 +0800] "GET /xingrg/javascript/easyui/themes/default/validatebox.css HTTP/1.1" 404 1104
58.39.139.200 - - [21/Sep/2021:11:04:04 +0800] "POST /xingrg/kc/buy/cgsh_order_operate.html HTTP/1.1" 200 8245
116.230.105.26 - - [21/Sep/2021:11:04:05 +0800] "GET /xingrg/javascript/jquery_tools/images/next.gif HTTP/1.1" 404 1086
116.230.105.26 - - [21/Sep/2021:11:04:05 +0800] "GET /xingrg/javascript/jquery_tools/images/prev.gif HTTP/1.1" 404 1086
116.238.248.233 - - [21/Sep/2021:11:04:10 +0800] "POST /xingrg/kc/buy/cgsh_order_operate.html HTTP/1.1" 200 37
116.230.105.26 - - [21/Sep/2021:11:04:12 +0800] "GET /xingrg/kc/buy/cgsh_order_operate.html?command=get_materiel&rest_code=00155&code=00101002006&supplier_code=00100091&order_time=2021-09-21 HTTP/1.1" 200 414
58.37.227.186 - - [21/Sep/2021:11:04:13 +0800] "GET /xingrg/kc/buy/cgsh_order_operate.html?command=get_materiel&rest_code=00141&code=00101008344&supplier_code=00100007&order_time=2021-09-21 HTTP/1.1" 200 412
116.238.248.233 - - [21/Sep/2021:11:04:13 +0800] "POST /xingrg/kc/buy/cgsh_order_operate.html HTTP/1.1" 200 12
116.238.248.233 - - [21/Sep/2021:11:04:14 +0800] "GET /xingrg/kc/buy/cgsh_order_info.html?code=212021092109458 HTTP/1.1" 200 58318
116.238.248.233 - - [21/Sep/2021:11:04:14 +0800] "GET /xingrg/javascript/easyui/themes/default/validatebox.css HTTP/1.1" 404 1104
116.238.248.233 - - [21/Sep/2021:11:04:15 +0800] "POST /xingrg/kc/buy/cgsh_order_operate.html HTTP/1.1" 200 3019
116.238.248.233 - - [21/Sep/2021:11:04:16 +0800] "GET /xingrg/kc/print/report_design.html?orderType=cgsh HTTP/1.1" 200 8625
116.238.248.233 - - [21/Sep/2021:11:04:16 +0800] "GET /xingrg/kc/print/design_operate.html?_=1632193459929&command=load_config&code=cgsh HTTP/1.1" 200 2962
116.238.248.233 - - [21/Sep/2021:11:04:16 +0800] "GET /xingrg/javascript/easyui/themes/sunny/images/ui-bg_highlight-soft_100_feeebd_1x100.png HTTP/1.1" 200 108
116.238.248.233 - - [21/Sep/2021:11:04:16 +0800] "GET /xingrg/javascript/easyui/themes/sunny/images/blank.gif HTTP/1.1" 200 43
116.238.248.233 - - [21/Sep/2021:11:04:16 +0800] "GET /xingrg/javascript/easyui/themes/sunny/images/ui-bg_gloss-wave_45_817865_500x100.png HTTP/1.1" 200 3971
116.238.248.233 - - [21/Sep/2021:11:04:16 +0800] "GET /xingrg/javascript/easyui/themes/sunny/images/ui-icons_fadc7a_256x240.png HTTP/1.1" 200 4369
116.238.248.233 - - [21/Sep/2021:11:04:16 +0800] "GET /xingrg/javascript/easyui/themes/sunny/images/ui-bg_gloss-wave_70_ffdd57_500x100.png HTTP/1.1" 200 3830
116.238.248.233 - - [21/Sep/2021:11:04:16 +0800] "GET /xingrg/javascript/easyui/themes/sunny/images/ui-icons_bd7b00_256x240.png HTTP/1.1" 200 4369
116.238.248.233 - - [21/Sep/2021:11:04:17 +0800] "GET /xingrg/css/images/background.png HTTP/1.1" 200 137
116.238.248.233 - - [21/Sep/2021:11:04:17 +0800] "GET /favicon.ico HTTP/1.1" 404 -
58.39.139.200 - - [21/Sep/2021:11:04:17 +0800] "GET /xingrg/kc/buy/cgsh_order_operate.html?command=get_materiel&rest_code=00105&code=00101003035&supplier_code=00100092&order_time=2021-09-21 HTTP/1.1" 200 411
58.39.139.200 - - [21/Sep/2021:11:04:17 +0800] "GET /xingrg/all/function/internal_message.html?_=1632193462450&CODE_STATE=getMsg HTTP/1.1" 200 27
116.230.105.26 - - [21/Sep/2021:11:04:19 +0800] "POST /xingrg/kc/buy/cgsh_order_operate.html HTTP/1.1" 200 37
116.238.248.233 - - [21/Sep/2021:11:04:19 +0800] "GET /xingrg/kc/print/load_data.html?order_code=212021092109458&kc_code=cgsh&condition= HTTP/1.1" 200 1666
116.230.105.26 - - [21/Sep/2021:11:04:20 +0800] "POST /xingrg/kc/buy/cgsh_order_operate.html HTTP/1.1" 200 2662
116.230.105.26 - - [21/Sep/2021:11:04:21 +0800] "GET /xingrg/kc/print/load_data.html?order_code=212021092109459&kc_code=cgsh&condition= HTTP/1.1" 200 754
180.169.147.146 - - [21/Sep/2021:11:04:23 +0800] "GET /xingrg/all/function/internal_message.html?_=1632193467870&CODE_STATE=getMsg HTTP/1.1" 200 27
180.152.125.3 - - [21/Sep/2021:11:04:24 +0800] "GET /xingrg/all/function/internal_message.html?_=1632193446982&CODE_STATE=getMsg HTTP/1.1" 200 27
116.230.105.26 - - [21/Sep/2021:11:04:25 +0800] "GET /xingrg/kc/buy/cgsh_order_add.html HTTP/1.1" 200 63450
116.237.74.154 - - [21/Sep/2021:11:04:25 +0800] "GET /xingrg/all/function/internal_message.html?_=1632193468257&CODE_STATE=getMsg HTTP/1.1" 200 27
116.230.105.26 - - [21/Sep/2021:11:04:25 +0800] "POST /xingrg/kc/buy/cgsh_order_operate.html HTTP/1.1" 200 8245
116.230.105.26 - - [21/Sep/2021:11:04:25 +0800] "GET /xingrg/javascript/easyui/themes/default/validatebox.css HTTP/1.1" 404 1104
116.237.74.154 - - [21/Sep/2021:11:04:26 +0800] "GET /xingrg/login.html?r=1 HTTP/1.1" 200 7641
180.152.125.3 - - [21/Sep/2021:11:04:26 +0800] "GET /xingrg/kc/buy/cgsh_order_operate.html?command=get_materiel&rest_code=00102&code=00102010171&supplier_code=00100151&order_time=2021-09-21 HTTP/1.1" 200 409
116.237.74.154 - - [21/Sep/2021:11:04:26 +0800] "GET /xingrg/login.html?r=1 HTTP/1.1" 200 7641
116.237.74.154 - - [21/Sep/2021:11:04:26 +0800] "GET /favicon.ico HTTP/1.1" 404 -
116.237.74.154 - - [21/Sep/2021:11:04:26 +0800] "GET /favicon.ico HTTP/1.1" 404 -
116.230.105.26 - - [21/Sep/2021:11:04:26 +0800] "GET /xingrg/javascript/auto/indicator.gif HTTP/1.1" 404 1066
116.230.105.26 - - [21/Sep/2021:11:04:27 +0800] "GET /xingrg/javascript/jquery_tools/images/prev.gif HTTP/1.1" 404 1086
116.230.105.26 - - [21/Sep/2021:11:04:27 +0800] "GET /xingrg/javascript/jquery_tools/images/next.gif HTTP/1.1" 404 1086
114.85.125.222 - - [21/Sep/2021:11:04:27 +0800] "GET /xingrg/all/function/internal_message.html?_=1632193451256&CODE_STATE=getMsg HTTP/1.1" 200 27
222.70.179.190 - - [21/Sep/2021:11:04:29 +0800] "GET /xingrg/all/function/internal_message.html?_=1632193471031&CODE_STATE=getMsg HTTP/1.1" 200 27
116.238.248.233 - - [21/Sep/2021:11:04:34 +0800] "GET /xingrg/all/function/internal_message.html?_=1632193477809&CODE_STATE=getMsg HTTP/1.1" 200 27
116.238.248.233 - - [21/Sep/2021:11:04:34 +0800] "GET /xingrg/kc/buy/cgsh_order_list.html HTTP/1.1" 200 47750
116.238.248.233 - - [21/Sep/2021:11:04:35 +0800] "POST /xingrg/kc/buy/cgsh_list_operate.html HTTP/1.1" 200 876
116.230.105.26 - - [21/Sep/2021:11:04:36 +0800] "GET /xingrg/kc/buy/cgsh_order_operate.html?command=get_materiel&rest_code=00155&code=00101004101&supplier_code=00100090&order_time=2021-09-21 HTTP/1.1" 200 401
116.238.248.233 - - [21/Sep/2021:11:04:36 +0800] "GET /xingrg/kc/mdqp/qqps_order_list.html HTTP/1.1" 200 9222
116.238.248.233 - - [21/Sep/2021:11:04:36 +0800] "GET /xingrg/dwr/util.js HTTP/1.1" 304 -
116.238.248.233 - - [21/Sep/2021:11:04:36 +0800] "GET /xingrg/dwr/interface/AjaxQqpsService.js HTTP/1.1" 200 16326
116.238.248.233 - - [21/Sep/2021:11:04:36 +0800] "GET /xingrg/dwr/interface/AjaxReportQueryService.js HTTP/1.1" 200 13203
116.238.248.233 - - [21/Sep/2021:11:04:36 +0800] "GET /xingrg/dwr/engine.js HTTP/1.1" 200 43631
58.39.139.200 - - [21/Sep/2021:11:04:37 +0800] "GET /xingrg/all/function/internal_message.html?_=1632193427614&CODE_STATE=getMsg HTTP/1.1" 200 27
222.69.131.205 - - [21/Sep/2021:11:04:37 +0800] "GET /xingrg/all/function/internal_message.html?_=1632193482956&CODE_STATE=getMsg HTTP/1.1" 200 27
116.238.248.233 - - [21/Sep/2021:11:04:39 +0800] "GET /xingrg/kc/mdqp/pssh_order_list.html HTTP/1.1" 200 17783
58.37.227.186 - - [21/Sep/2021:11:04:39 +0800] "GET /xingrg/kc/buy/cgsh_order_operate.html?command=get_materiel&rest_code=00141&code=00101008186&supplier_code=00100007&order_time=2021-09-21 HTTP/1.1" 200 408
116.238.248.233 - - [21/Sep/2021:11:04:39 +0800] "POST /xingrg/kc/mdqp/pssh_list_operate.html HTTP/1.1" 200 5279
58.39.139.200 - - [21/Sep/2021:11:04:41 +0800] "GET /xingrg/kc/buy/cgsh_order_operate.html?command=get_materiel&rest_code=00105&code=00101003033&supplier_code=00100092&order_time=2021-09-21 HTTP/1.1" 200 424
116.237.74.154 - - [21/Sep/2021:11:04:43 +0800] "POST /xingrg/login.do HTTP/1.1" 302 -
116.237.74.154 - - [21/Sep/2021:11:04:43 +0800] "GET /xingrg/index.html?sysBaseUrl=http%3A%2F%2F180.169.147.146%3A18081%2Fxingrg%2F&costTime=37×tamp=1632193483266 HTTP/1.1" 200 17173
116.237.74.154 - - [21/Sep/2021:11:04:43 +0800] "GET /favicon.ico HTTP/1.1" 404 -
116.237.74.154 - - [21/Sep/2021:11:04:43 +0800] "POST /xingrg/all/common/load_tree.html?tree=area_rest_tree_json&manage=1 HTTP/1.1" 200 342
116.237.74.154 - - [21/Sep/2021:11:04:43 +0800] "GET /xingrg/check_reg.html?_=1632193486383 HTTP/1.1" 200 22
116.237.74.154 - - [21/Sep/2021:11:04:43 +0800] "GET /xingrg/all/function/internal_message.html?_=1632193486379&CODE_STATE=count HTTP/1.1" 200 11
116.237.74.154 - - [21/Sep/2021:11:04:43 +0800] "POST /xingrg/load_menu.html HTTP/1.1" 200 5138
116.230.105.26 - - [21/Sep/2021:11:04:44 +0800] "GET /xingrg/kc/buy/cgsh_order_operate.html?command=get_materiel&rest_code=00155&code=00101001214&supplier_code=00100090&order_time=2021-09-21 HTTP/1.1" 200 405
116.237.74.154 - - [21/Sep/2021:11:04:45 +0800] "GET /xingrg/kc/buy/buy_main.html HTTP/1.1" 200 12412
116.237.74.154 - - [21/Sep/2021:11:04:45 +0800] "GET /xingrg/css/new_ie.css HTTP/1.1" 404 1036
116.237.74.154 - - [21/Sep/2021:11:04:46 +0800] "GET /xingrg/images/yd/bt.gif HTTP/1.1" 404 1040
116.237.74.154 - - [21/Sep/2021:11:04:46 +0800] "GET /xingrg/kc/buy/cgsh_order_list.html HTTP/1.1" 200 47744
116.237.74.154 - - [21/Sep/2021:11:04:47 +0800] "POST /xingrg/kc/buy/cgsh_list_operate.html HTTP/1.1" 200 876
58.40.7.146 - - [21/Sep/2021:11:04:48 +0800] "GET /xingrg/all/function/internal_message.html?_=1632193492358&CODE_STATE=getMsg HTTP/1.1" 302 -
116.237.74.154 - - [21/Sep/2021:11:04:50 +0800] "GET /xingrg/kc/buy/cgsh_order_add.html HTTP/1.1" 200 63482
116.237.74.154 - - [21/Sep/2021:11:04:50 +0800] "GET /xingrg/words/20210920125024_words.js HTTP/1.1" 304 -
116.237.74.154 - - [21/Sep/2021:11:04:50 +0800] "GET /xingrg/all/common/auto_word.html?type=employee&rest_code=00106 HTTP/1.1" 200 205
116.237.74.154 - - [21/Sep/2021:11:04:50 +0800] "GET /xingrg/all/common/auto_word.html?type=employee&rest_code=00106 HTTP/1.1" 200 205
116.237.74.154 - - [21/Sep/2021:11:04:50 +0800] "GET /xingrg/javascript/easyui/themes/default/validatebox.css HTTP/1.1" 404 1104
116.237.74.154 - - [21/Sep/2021:11:04:50 +0800] "POST /xingrg/kc/buy/cgsh_order_operate.html HTTP/1.1" 200 8245
116.237.74.154 - - [21/Sep/2021:11:04:51 +0800] "GET /xingrg/javascript/easyui/themes/default/tree.css HTTP/1.1" 404 1090
116.237.74.154 - - [21/Sep/2021:11:04:51 +0800] "POST /xingrg/all/common/load_tree.html?tree=supplier_tree_json&isDelete=1 HTTP/1.1" 200 57803
58.39.139.200 - - [21/Sep/2021:11:04:52 +0800] "POST /xingrg/kc/buy/cgsh_order_operate.html HTTP/1.1" 200 37
180.152.125.3 - - [21/Sep/2021:11:04:52 +0800] "GET /xingrg/all/function/internal_message.html?_=1632193497339&CODE_STATE=getMsg HTTP/1.1" 200 27
