114.86.224.104 - - [21/Sep/2021:09:30:03 +0800] "GET /xingrg/kc/buy/cgsh_order_operate.html?command=get_materiel&rest_code=00109&code=00101011001&supplier_code=00100046&order_time=2021-09-21 HTTP/1.1" 200 423
114.83.219.92 - - [21/Sep/2021:09:30:04 +0800] "GET /xingrg/all/function/internal_message.html?_=1632187807266&CODE_STATE=getMsg HTTP/1.1" 200 27
116.237.74.154 - - [21/Sep/2021:09:30:04 +0800] "GET /xingrg/kc/buy/cgsh_order_operate.html?command=get_materiel&rest_code=00106&code=00101008349&supplier_code=00100007&order_time=2021-09-21 HTTP/1.1" 200 412
222.70.179.190 - - [21/Sep/2021:09:30:04 +0800] "GET /xingrg/kc/buy/cgsh_order_operate.html?command=get_materiel&rest_code=00111&code=00101008350&supplier_code=00100005&order_time=2021-09-21 HTTP/1.1" 200 408
116.237.74.154 - - [21/Sep/2021:09:30:06 +0800] "POST /xingrg/kc/buy/cgsh_order_operate.html HTTP/1.1" 200 2065
114.86.224.104 - - [21/Sep/2021:09:30:12 +0800] "POST /xingrg/kc/buy/cgsh_order_operate.html HTTP/1.1" 200 37
116.237.74.154 - - [21/Sep/2021:09:30:13 +0800] "GET /xingrg/kc/buy/cgsh_order_operate.html?command=get_materiel&rest_code=00106&code=00101008244&supplier_code=00100007&order_time=2021-09-21 HTTP/1.1" 200 408
114.83.219.92 - - [21/Sep/2021:09:30:16 +0800] "GET /xingrg/kc/buy/cgsh_order_add.html HTTP/1.1" 200 63535
114.83.219.92 - - [21/Sep/2021:09:30:16 +0800] "POST /xingrg/kc/buy/cgsh_order_operate.html HTTP/1.1" 200 8245
114.83.219.92 - - [21/Sep/2021:09:30:16 +0800] "GET /xingrg/javascript/easyui/themes/default/validatebox.css HTTP/1.1" 404 1104
222.70.179.190 - - [21/Sep/2021:09:30:17 +0800] "POST /xingrg/kc/buy/cgsh_order_operate.html HTTP/1.1" 200 2065
114.86.224.104 - - [21/Sep/2021:09:30:18 +0800] "POST /xingrg/kc/buy/cgsh_order_operate.html HTTP/1.1" 200 3259
58.39.139.200 - - [21/Sep/2021:09:30:19 +0800] "GET /xingrg/all/function/internal_message.html?_=1632187824618&CODE_STATE=getMsg HTTP/1.1" 200 27
61.151.207.141 - - [21/Sep/2021:09:30:21 +0800] "GET /xingrg/kc/buy/cgsh_order_operate.html?command=get_materiel&rest_code=00106&code=00101008125&supplier_code=00100007&order_time=2021-09-21 HTTP/1.1" 302 -
61.151.207.141 - - [21/Sep/2021:09:30:21 +0800] "GET /xingrg/login.html HTTP/1.1" 200 7641
116.237.74.154 - - [21/Sep/2021:09:30:22 +0800] "GET /xingrg/all/function/internal_message.html?_=1632187825237&CODE_STATE=getMsg HTTP/1.1" 200 27
222.70.179.190 - - [21/Sep/2021:09:30:28 +0800] "GET /xingrg/all/function/internal_message.html?_=1632187830940&CODE_STATE=getMsg HTTP/1.1" 200 27
114.83.219.92 - - [21/Sep/2021:09:30:29 +0800] "POST /xingrg/services/DataTransmitService HTTP/1.1" 200 501
116.237.74.154 - - [21/Sep/2021:09:30:30 +0800] "GET /xingrg/kc/buy/cgsh_order_operate.html?command=get_materiel&rest_code=00106&code=00101008038&supplier_code=00100007&order_time=2021-09-21 HTTP/1.1" 200 412
114.83.219.92 - - [21/Sep/2021:09:30:31 +0800] "POST /xingrg/services/DataTransmitService HTTP/1.1" 200 501
116.230.105.26 - - [21/Sep/2021:09:30:32 +0800] "GET /xingrg/all/function/internal_message.html?_=1632187820444&CODE_STATE=getMsg HTTP/1.1" 200 27
222.70.179.190 - - [21/Sep/2021:09:30:36 +0800] "GET /xingrg/kc/buy/cgsh_order_operate.html?command=get_materiel&rest_code=00111&code=00101008168&supplier_code=00100005&order_time=2021-09-21 HTTP/1.1" 200 412
58.39.139.200 - - [21/Sep/2021:09:30:37 +0800] "GET /xingrg/all/function/internal_message.html?_=1632187787527&CODE_STATE=getMsg HTTP/1.1" 200 27
116.237.74.154 - - [21/Sep/2021:09:30:38 +0800] "GET /xingrg/kc/buy/cgsh_order_operate.html?command=get_materiel&rest_code=00106&code=00101008224&supplier_code=00100007&order_time=2021-09-21 HTTP/1.1" 200 416
101.89.29.78 - - [21/Sep/2021:09:30:39 +0800] "GET /xingrg/kc/buy/cgsh_order_operate.html?command=get_materiel&rest_code=00106&code=00101008176&supplier_code=00100007&order_time=2021-09-21 HTTP/1.1" 302 -
114.86.224.104 - - [21/Sep/2021:09:30:39 +0800] "GET /xingrg/kc/print/load_config.html?kc_code=cgsh HTTP/1.1" 200 2076
101.89.29.78 - - [21/Sep/2021:09:30:39 +0800] "GET /xingrg/login.html HTTP/1.1" 200 7641
114.86.224.104 - - [21/Sep/2021:09:30:39 +0800] "GET /xingrg/kc/print/load_data.html?order_code=212021092109355&kc_code=cgsh&condition= HTTP/1.1" 200 910
116.238.248.233 - - [21/Sep/2021:09:30:39 +0800] "GET /xingrg/all/function/internal_message.html?_=1632187842962&CODE_STATE=getMsg HTTP/1.1" 200 27
114.83.219.92 - - [21/Sep/2021:09:30:40 +0800] "GET /xingrg/kc/buy/cgsh_order_operate.html?command=get_materiel&rest_code=00149&code=00101020153&supplier_code=00100036&order_time=2021-09-21 HTTP/1.1" 200 408
114.86.224.104 - - [21/Sep/2021:09:30:43 +0800] "GET /xingrg/kc/buy/cgsh_order_add.html HTTP/1.1" 200 63523
114.86.224.104 - - [21/Sep/2021:09:30:43 +0800] "POST /xingrg/kc/buy/cgsh_order_operate.html HTTP/1.1" 200 8245
114.86.224.104 - - [21/Sep/2021:09:30:43 +0800] "GET /xingrg/all/common/auto_word.html?type=employee&rest_code=00109 HTTP/1.1" 200 255
114.86.224.104 - - [21/Sep/2021:09:30:43 +0800] "GET /xingrg/all/common/auto_word.html?type=employee&rest_code=00109 HTTP/1.1" 200 255
114.86.224.104 - - [21/Sep/2021:09:30:43 +0800] "GET /xingrg/javascript/easyui/themes/default/validatebox.css HTTP/1.1" 404 1104
116.237.74.154 - - [21/Sep/2021:09:30:45 +0800] "GET /xingrg/kc/buy/cgsh_order_operate.html?command=get_materiel&rest_code=00106&code=00101008003&supplier_code=00100007&order_time=2021-09-21 HTTP/1.1" 200 408
101.89.239.120 - - [21/Sep/2021:09:30:47 +0800] "GET /xingrg/kc/buy/cgsh_order_operate.html?command=get_materiel&rest_code=00106&code=00101008219&supplier_code=00100007&order_time=2021-09-21 HTTP/1.1" 302 -
101.89.239.120 - - [21/Sep/2021:09:30:47 +0800] "GET /xingrg/login.html HTTP/1.1" 200 7641
58.40.7.146 - - [21/Sep/2021:09:30:48 +0800] "GET /xingrg/all/function/internal_message.html?_=1632187852293&CODE_STATE=getMsg HTTP/1.1" 302 -
222.70.246.151 - - [21/Sep/2021:09:30:48 +0800] "GET /xingrg/check_reg.html?_=1632187857799 HTTP/1.1" 200 22
116.237.74.154 - - [21/Sep/2021:09:30:48 +0800] "POST /xingrg/kc/buy/cgsh_order_operate.html HTTP/1.1" 200 2065
222.70.246.151 - - [21/Sep/2021:09:30:49 +0800] "GET /xingrg/all/function/internal_message.html?_=1632187858391&CODE_STATE=getMsg HTTP/1.1" 200 27
116.237.74.154 - - [21/Sep/2021:09:30:52 +0800] "GET /xingrg/kc/buy/cgsh_order_operate.html?command=get_materiel&rest_code=00106&code=00101008126&supplier_code=00100007&order_time=2021-09-21 HTTP/1.1" 200 412
114.86.224.104 - - [21/Sep/2021:09:30:53 +0800] "GET /xingrg/kc/buy/cgsh_order_operate.html?command=get_materiel&rest_code=00109&code=00101007061&supplier_code=00100004&order_time=2021-09-21 HTTP/1.1" 200 409
222.70.179.190 - - [21/Sep/2021:09:30:56 +0800] "GET /xingrg/kc/buy/cgsh_order_operate.html?command=get_materiel&rest_code=00111&code=00101008236&supplier_code=00100005&order_time=2021-09-21 HTTP/1.1" 200 416
101.89.29.78 - - [21/Sep/2021:09:30:56 +0800] "GET /xingrg/kc/buy/cgsh_order_operate.html?command=get_materiel&rest_code=00106&code=00101008080&supplier_code=00100007&order_time=2021-09-21 HTTP/1.1" 302 -
101.89.29.78 - - [21/Sep/2021:09:30:56 +0800] "GET /xingrg/login.html HTTP/1.1" 200 7641
114.85.125.222 - - [21/Sep/2021:09:30:56 +0800] "GET /xingrg/login.html HTTP/1.1" 200 7641
114.85.125.222 - - [21/Sep/2021:09:30:57 +0800] "GET /xingrg/images/blue/jxLogo.png HTTP/1.1" 200 6156
114.85.125.222 - - [21/Sep/2021:09:30:57 +0800] "GET /xingrg/images/blue/login_bg.png HTTP/1.1" 200 22101
114.85.125.222 - - [21/Sep/2021:09:30:57 +0800] "GET /xingrg/images/blue/hj.png HTTP/1.1" 200 1014
114.85.125.222 - - [21/Sep/2021:09:30:57 +0800] "GET /xingrg/images/blue/srbg.png HTTP/1.1" 200 138
114.85.125.222 - - [21/Sep/2021:09:30:57 +0800] "GET /favicon.ico HTTP/1.1" 404 -
114.85.125.222 - - [21/Sep/2021:09:30:58 +0800] "POST /xingrg/login.do HTTP/1.1" 302 -
114.85.125.222 - - [21/Sep/2021:09:30:58 +0800] "GET /xingrg/javascript/jquery_easy_ui/themes/icon.css HTTP/1.1" 200 3949
114.85.125.222 - - [21/Sep/2021:09:30:58 +0800] "GET /xingrg/index.html?sysBaseUrl=http%3A%2F%2F180.169.147.146%3A18081%2Fxingrg%2F&costTime=43×tamp=1632187858705 HTTP/1.1" 200 17179
114.85.125.222 - - [21/Sep/2021:09:30:58 +0800] "GET /xingrg/css/form.css HTTP/1.1" 200 893
114.85.125.222 - - [21/Sep/2021:09:30:58 +0800] "GET /xingrg/javascript/jquery-1.4.2.min.js HTTP/1.1" 200 72205
114.85.125.222 - - [21/Sep/2021:09:30:58 +0800] "GET /xingrg/javascript/jquery_easy_ui/jquery.easyui.min.js HTTP/1.1" 200 213662
114.85.125.222 - - [21/Sep/2021:09:30:58 +0800] "GET /xingrg/javascript/jquery_easy_ui/easyui-lang-zh_CN.js HTTP/1.1" 200 1900
114.85.125.222 - - [21/Sep/2021:09:30:58 +0800] "GET /xingrg/javascript/jquery.timers.js HTTP/1.1" 200 3532
114.85.125.222 - - [21/Sep/2021:09:30:58 +0800] "GET /xingrg/javascript/jquery_easy_ui/themes/default/easyui.css HTTP/1.1" 200 26500
114.85.125.222 - - [21/Sep/2021:09:30:58 +0800] "GET /xingrg/javascript/jquery.form.js HTTP/1.1" 200 23110
114.85.125.222 - - [21/Sep/2021:09:30:58 +0800] "GET /xingrg/javascript/jquery.utils.js HTTP/1.1" 200 11805
114.85.125.222 - - [21/Sep/2021:09:30:58 +0800] "GET /favicon.ico HTTP/1.1" 404 -
114.85.125.222 - - [21/Sep/2021:09:30:58 +0800] "GET /xingrg/images/blue/navBackgound.jpg HTTP/1.1" 200 12378
114.85.125.222 - - [21/Sep/2021:09:30:58 +0800] "GET /xingrg/javascript/jquery_easy_ui/themes/icons/settle_new.png HTTP/1.1" 200 826
114.85.125.222 - - [21/Sep/2021:09:30:59 +0800] "GET /xingrg/images/blue/pingpu.png HTTP/1.1" 200 231
114.85.125.222 - - [21/Sep/2021:09:30:59 +0800] "POST /xingrg/all/common/load_tree.html?tree=area_rest_tree_json&manage=1 HTTP/1.1" 200 476
114.85.125.222 - - [21/Sep/2021:09:30:59 +0800] "GET /xingrg/javascript/jquery_easy_ui/themes/default/images/tabs_leftarrow.png HTTP/1.1" 200 389
114.85.125.222 - - [21/Sep/2021:09:30:59 +0800] "GET /xingrg/javascript/jquery_easy_ui/themes/default/images/tabs_rightarrow.png HTTP/1.1" 200 395
114.85.125.222 - - [21/Sep/2021:09:30:59 +0800] "GET /xingrg/javascript/jquery_easy_ui/themes/default/images/panel_tool_collapse.gif HTTP/1.1" 200 246
114.85.125.222 - - [21/Sep/2021:09:30:59 +0800] "GET /xingrg/javascript/jquery_easy_ui/themes/default/images/tree_arrows.gif HTTP/1.1" 200 1043
114.85.125.222 - - [21/Sep/2021:09:30:59 +0800] "GET /xingrg/check_reg.html?_=1632187842547 HTTP/1.1" 200 22
114.85.125.222 - - [21/Sep/2021:09:30:59 +0800] "POST /xingrg/load_menu.html HTTP/1.1" 200 5138
114.85.125.222 - - [21/Sep/2021:09:30:59 +0800] "GET /xingrg/all/function/internal_message.html?_=1632187842546&CODE_STATE=count HTTP/1.1" 200 11
114.85.125.222 - - [21/Sep/2021:09:30:59 +0800] "GET /xingrg/javascript/jquery_easy_ui/themes/icons/search_new.png HTTP/1.1" 200 586
114.85.125.222 - - [21/Sep/2021:09:30:59 +0800] "GET /xingrg/javascript/jquery_easy_ui/themes/default/images/tree_folder_open.gif HTTP/1.1" 200 956
114.85.125.222 - - [21/Sep/2021:09:30:59 +0800] "GET /xingrg/javascript/jquery_easy_ui/themes/default/images/tree_folder.gif HTTP/1.1" 200 952
114.85.125.222 - - [21/Sep/2021:09:30:59 +0800] "GET /xingrg/javascript/jquery_easy_ui/themes/icons/storage_new.png HTTP/1.1" 200 853
114.85.125.222 - - [21/Sep/2021:09:30:59 +0800] "GET /xingrg/javascript/jquery_easy_ui/themes/icons/forms_new.png HTTP/1.1" 200 350
114.85.125.222 - - [21/Sep/2021:09:30:59 +0800] "GET /xingrg/javascript/jquery_easy_ui/themes/default/images/tree_file.gif HTTP/1.1" 200 118
116.237.74.154 - - [21/Sep/2021:09:31:00 +0800] "GET /xingrg/kc/buy/cgsh_order_operate.html?command=get_materiel&rest_code=00106&code=00101008361&supplier_code=00100007&order_time=2021-09-21 HTTP/1.1" 200 408
114.85.125.222 - - [21/Sep/2021:09:31:01 +0800] "GET /xingrg/javascript/jquery_easy_ui/themes/default/images/button_plain_hover.png HTTP/1.1" 200 252
114.85.125.222 - - [21/Sep/2021:09:31:01 +0800] "GET /xingrg/javascript/jquery_easy_ui/themes/default/images/button_plain_hover.png HTTP/1.1" 200 252
101.89.239.120 - - [21/Sep/2021:09:31:02 +0800] "GET /xingrg/kc/buy/cgsh_order_operate.html?command=get_materiel&rest_code=00106&code=00101008349&supplier_code=00100007&order_time=2021-09-21 HTTP/1.1" 302 -
101.89.239.120 - - [21/Sep/2021:09:31:02 +0800] "GET /xingrg/login.html HTTP/1.1" 200 7641
114.86.224.104 - - [21/Sep/2021:09:31:02 +0800] "GET /xingrg/all/function/internal_message.html?_=1632187868431&CODE_STATE=getMsg HTTP/1.1" 200 27
114.86.224.104 - - [21/Sep/2021:09:31:03 +0800] "GET /xingrg/kc/buy/cgsh_order_operate.html?command=get_materiel&rest_code=00109&code=00101007049&supplier_code=00100004&order_time=2021-09-21 HTTP/1.1" 200 409
114.83.219.92 - - [21/Sep/2021:09:31:04 +0800] "GET /xingrg/all/function/internal_message.html?_=1632187867276&CODE_STATE=getMsg HTTP/1.1" 200 27
114.83.219.92 - - [21/Sep/2021:09:31:04 +0800] "GET /xingrg/check_reg.html?_=1632187867281 HTTP/1.1" 200 22
114.85.125.222 - - [21/Sep/2021:09:31:05 +0800] "GET /xingrg/javascript/jquery_easy_ui/themes/default/images/tabs_active.png HTTP/1.1" 200 2894
116.230.105.26 - - [21/Sep/2021:09:31:05 +0800] "GET /xingrg/kc/buy/cgsh_order_add.html HTTP/1.1" 200 63450
116.230.105.26 - - [21/Sep/2021:09:31:06 +0800] "POST /xingrg/kc/buy/cgsh_order_operate.html HTTP/1.1" 200 8245
116.230.105.26 - - [21/Sep/2021:09:31:06 +0800] "GET /xingrg/javascript/easyui/themes/default/validatebox.css HTTP/1.1" 404 1104
222.70.179.190 - - [21/Sep/2021:09:31:06 +0800] "GET /xingrg/kc/buy/cgsh_order_operate.html?command=get_materiel&rest_code=00111&code=00101008125&supplier_code=00100005&order_time=2021-09-21 HTTP/1.1" 200 413
114.85.125.222 - - [21/Sep/2021:09:31:07 +0800] "GET /xingrg/javascript/jquery_easy_ui/themes/default/images/tabs_close.gif HTTP/1.1" 200 829
114.85.125.222 - - [21/Sep/2021:09:31:07 +0800] "GET /xingrg/css/base.css HTTP/1.1" 200 2811
114.85.125.222 - - [21/Sep/2021:09:31:07 +0800] "GET /xingrg/css/site.css HTTP/1.1" 200 7541
114.85.125.222 - - [21/Sep/2021:09:31:07 +0800] "GET /xingrg/javascript/jquery_tools/datebox.css HTTP/1.1" 200 2597
114.85.125.222 - - [21/Sep/2021:09:31:07 +0800] "GET /xingrg/javascript/jquery_tools/table.css HTTP/1.1" 200 1032
114.85.125.222 - - [21/Sep/2021:09:31:07 +0800] "GET /xingrg/javascript/jquery_tools/jquery.tools.min.js HTTP/1.1" 200 138801
114.85.125.222 - - [21/Sep/2021:09:31:07 +0800] "GET /xingrg/javascript/easyui/themes/icon.css HTTP/1.1" 200 4483
114.85.125.222 - - [21/Sep/2021:09:31:07 +0800] "GET /xingrg/javascript/auto/jquery.autocomplete.css HTTP/1.1" 200 587
114.85.125.222 - - [21/Sep/2021:09:31:07 +0800] "GET /xingrg/javascript/jquery_tools/jquery.tools.hotkey.js HTTP/1.1" 200 3242
114.85.125.222 - - [21/Sep/2021:09:31:07 +0800] "GET /xingrg/kc/buy/cgsh_order_list.html HTTP/1.1" 200 47750
114.85.125.222 - - [21/Sep/2021:09:31:07 +0800] "GET /xingrg/javascript/jquery_tools/list_manager.js HTTP/1.1" 200 3652
114.85.125.222 - - [21/Sep/2021:09:31:07 +0800] "GET /xingrg/javascript/jquery_tools/fix.css HTTP/1.1" 200 1702
114.85.125.222 - - [21/Sep/2021:09:31:07 +0800] "GET /xingrg/javascript/jquery.cookie.js HTTP/1.1" 200 5513
114.85.125.222 - - [21/Sep/2021:09:31:07 +0800] "GET /xingrg/javascript/jquery_tools/jquery.tools.table.js HTTP/1.1" 200 6994
114.85.125.222 - - [21/Sep/2021:09:31:07 +0800] "GET /xingrg/javascript/print/LodopFuncs.js HTTP/1.1" 200 5121
114.85.125.222 - - [21/Sep/2021:09:31:07 +0800] "GET /xingrg/javascript/jquery_tools/jquery.tools.extend.js HTTP/1.1" 200 15385
114.85.125.222 - - [21/Sep/2021:09:31:07 +0800] "GET /xingrg/javascript/easyui/themes/default/easyui.css HTTP/1.1" 200 30432
114.85.125.222 - - [21/Sep/2021:09:31:07 +0800] "GET /xingrg/javascript/easyui/easyloader.js HTTP/1.1" 200 5975
114.85.125.222 - - [21/Sep/2021:09:31:07 +0800] "GET /xingrg/javascript/auto/jquery.autocomplete.js HTTP/1.1" 200 21624
114.85.125.222 - - [21/Sep/2021:09:31:07 +0800] "GET /xingrg/javascript/easyui/themes/icons/edit_add_new.png HTTP/1.1" 200 2997
114.85.125.222 - - [21/Sep/2021:09:31:07 +0800] "GET /xingrg/javascript/easyui/themes/icons/cance_new.png HTTP/1.1" 200 3986
114.85.125.222 - - [21/Sep/2021:09:31:07 +0800] "GET /xingrg/javascript/easyui/themes/icons/check_new.png HTTP/1.1" 200 3224
114.85.125.222 - - [21/Sep/2021:09:31:07 +0800] "GET /xingrg/javascript/easyui/themes/icons/field_new.png HTTP/1.1" 200 1097
114.85.125.222 - - [21/Sep/2021:09:31:07 +0800] "GET /xingrg/javascript/easyui/themes/icons/import_new.png HTTP/1.1" 200 1247
114.85.125.222 - - [21/Sep/2021:09:31:07 +0800] "GET /xingrg/javascript/easyui/plugins/jquery.parser.js HTTP/1.1" 200 1142
114.85.125.222 - - [21/Sep/2021:09:31:07 +0800] "GET /xingrg/images/control/ajaxLoader.gif HTTP/1.1" 200 4659
114.83.219.92 - - [21/Sep/2021:09:31:07 +0800] "POST /xingrg/services/DataTransmitService HTTP/1.1" 200 501
114.85.125.222 - - [21/Sep/2021:09:31:08 +0800] "POST /xingrg/kc/buy/cgsh_list_operate.html HTTP/1.1" 200 876
116.237.74.154 - - [21/Sep/2021:09:31:08 +0800] "GET /xingrg/kc/buy/cgsh_order_operate.html?command=get_materiel&rest_code=00106&code=00101008264&supplier_code=00100007&order_time=2021-09-21 HTTP/1.1" 200 412
114.86.224.104 - - [21/Sep/2021:09:31:10 +0800] "GET /xingrg/kc/buy/cgsh_order_operate.html?command=get_materiel&rest_code=00109&code=00101007081&supplier_code=00100004&order_time=2021-09-21 HTTP/1.1" 200 413
116.230.105.26 - - [21/Sep/2021:09:31:14 +0800] "GET /xingrg/kc/buy/cgsh_order_operate.html?command=get_materiel&rest_code=00155&code=00101008323&supplier_code=00100005&order_time=2021-09-21 HTTP/1.1" 200 408
116.237.74.154 - - [21/Sep/2021:09:31:15 +0800] "GET /xingrg/kc/buy/cgsh_order_operate.html?command=get_materiel&rest_code=00106&code=00101008356&supplier_code=00100007&order_time=2021-09-21 HTTP/1.1" 200 408
114.83.219.92 - - [21/Sep/2021:09:31:17 +0800] "GET /xingrg/kc/buy/cgsh_order_operate.html?command=get_materiel&rest_code=00149&code=00101016025&supplier_code=00100036&order_time=2021-09-21 HTTP/1.1" 200 408
114.85.125.222 - - [21/Sep/2021:09:31:18 +0800] "GET /xingrg/javascript/easyui/themes/default/images/button_plain_hover.png HTTP/1.1" 200 144
114.85.125.222 - - [21/Sep/2021:09:31:18 +0800] "GET /xingrg/javascript/easyui/themes/default/images/button_plain_hover.png HTTP/1.1" 200 144
58.39.139.200 - - [21/Sep/2021:09:31:19 +0800] "GET /xingrg/all/function/internal_message.html?_=1632187884596&CODE_STATE=getMsg HTTP/1.1" 200 27
114.85.125.222 - - [21/Sep/2021:09:31:20 +0800] "GET /xingrg/javascript/pic_change.js HTTP/1.1" 200 4739
114.85.125.222 - - [21/Sep/2021:09:31:20 +0800] "GET /xingrg/javascript/convert.js HTTP/1.1" 200 1239
114.85.125.222 - - [21/Sep/2021:09:31:20 +0800] "GET /xingrg/kc/buy/cgsh_order_add.html HTTP/1.1" 200 63418
114.85.125.222 - - [21/Sep/2021:09:31:20 +0800] "GET /xingrg/javascript/json2.js HTTP/1.1" 200 11259
114.85.125.222 - - [21/Sep/2021:09:31:20 +0800] "GET /xingrg/javascript/jquery_tools/order_manager.js HTTP/1.1" 200 11183
114.86.224.104 - - [21/Sep/2021:09:31:20 +0800] "POST /xingrg/kc/buy/cgsh_order_operate.html HTTP/1.1" 200 37
114.85.125.222 - - [21/Sep/2021:09:31:20 +0800] "GET /xingrg/javascript/print/kc_print.js HTTP/1.1" 200 11415
114.85.125.222 - - [21/Sep/2021:09:31:20 +0800] "GET /xingrg/words/20210920125024_words.js HTTP/1.1" 200 848085
114.85.125.222 - - [21/Sep/2021:09:31:20 +0800] "GET /xingrg/javascript/easyui/themes/icons/template_new.png HTTP/1.1" 200 3956
114.85.125.222 - - [21/Sep/2021:09:31:20 +0800] "GET /xingrg/javascript/easyui/themes/icons/copy_new.png HTTP/1.1" 200 815
114.85.125.222 - - [21/Sep/2021:09:31:20 +0800] "GET /xingrg/javascript/easyui/themes/icons/ok.png HTTP/1.1" 200 883
114.85.125.222 - - [21/Sep/2021:09:31:20 +0800] "GET /xingrg/javascript/easyui/themes/icons/print.png HTTP/1.1" 200 1057
114.85.125.222 - - [21/Sep/2021:09:31:20 +0800] "GET /xingrg/javascript/easyui/themes/default/images/menu_downarrow.png HTTP/1.1" 200 173
114.85.125.222 - - [21/Sep/2021:09:31:20 +0800] "GET /xingrg/javascript/easyui/themes/icons/cancel.png HTTP/1.1" 200 1133
114.85.125.222 - - [21/Sep/2021:09:31:21 +0800] "POST /xingrg/kc/buy/cgsh_order_operate.html HTTP/1.1" 200 8245
114.85.125.222 - - [21/Sep/2021:09:31:21 +0800] "GET /xingrg/javascript/easyui/themes/icons/edit_remove.png HTTP/1.1" 200 625
114.85.125.222 - - [21/Sep/2021:09:31:21 +0800] "GET /xingrg/all/common/auto_word.html?type=employee&rest_code=00150 HTTP/1.1" 200 205
114.85.125.222 - - [21/Sep/2021:09:31:21 +0800] "GET /xingrg/javascript/easyui/themes/default/validatebox.css HTTP/1.1" 404 1104
114.85.125.222 - - [21/Sep/2021:09:31:21 +0800] "GET /xingrg/javascript/easyui/plugins/jquery.validatebox.js HTTP/1.1" 200 6103
114.85.125.222 - - [21/Sep/2021:09:31:21 +0800] "GET /xingrg/javascript/easyui/plugins/jquery.numberbox.js HTTP/1.1" 200 5213
114.85.125.222 - - [21/Sep/2021:09:31:21 +0800] "GET /xingrg/all/common/auto_word.html?type=employee&rest_code=00150 HTTP/1.1" 200 205
116.237.74.154 - - [21/Sep/2021:09:31:22 +0800] "GET /xingrg/kc/buy/cgsh_order_operate.html?command=get_materiel&rest_code=00106&code=00101008301&supplier_code=00100007&order_time=2021-09-21 HTTP/1.1" 200 422
114.86.224.104 - - [21/Sep/2021:09:31:22 +0800] "POST /xingrg/kc/buy/cgsh_order_operate.html HTTP/1.1" 200 3833
116.237.74.154 - - [21/Sep/2021:09:31:22 +0800] "GET /xingrg/check_reg.html?_=1632187885293 HTTP/1.1" 200 22
114.85.125.222 - - [21/Sep/2021:09:31:22 +0800] "GET /xingrg/javascript/auto/indicator.gif HTTP/1.1" 404 1066
116.237.74.154 - - [21/Sep/2021:09:31:22 +0800] "GET /xingrg/all/function/internal_message.html?_=1632187885294&CODE_STATE=getMsg HTTP/1.1" 200 27
116.230.105.26 - - [21/Sep/2021:09:31:22 +0800] "GET /xingrg/kc/buy/cgsh_order_operate.html?command=get_materiel&rest_code=00155&code=00101008331&supplier_code=00100005&order_time=2021-09-21 HTTP/1.1" 200 416
114.86.224.104 - - [21/Sep/2021:09:31:23 +0800] "GET /xingrg/kc/print/load_config.html?kc_code=cgsh HTTP/1.1" 200 2076
114.86.224.104 - - [21/Sep/2021:09:31:23 +0800] "GET /xingrg/kc/print/load_data.html?order_code=212021092109356&kc_code=cgsh&condition= HTTP/1.1" 200 1162
116.237.74.154 - - [21/Sep/2021:09:31:24 +0800] "POST /xingrg/kc/buy/cgsh_order_operate.html HTTP/1.1" 200 2065
222.70.179.190 - - [21/Sep/2021:09:31:25 +0800] "POST /xingrg/kc/buy/cgsh_order_operate.html HTTP/1.1" 200 2065
114.86.224.104 - - [21/Sep/2021:09:31:27 +0800] "GET /xingrg/kc/buy/cgsh_order_add.html HTTP/1.1" 200 63523
114.86.224.104 - - [21/Sep/2021:09:31:27 +0800] "POST /xingrg/kc/buy/cgsh_order_operate.html HTTP/1.1" 200 8245
114.86.224.104 - - [21/Sep/2021:09:31:27 +0800] "GET /xingrg/all/common/auto_word.html?type=employee&rest_code=00109 HTTP/1.1" 200 255
114.86.224.104 - - [21/Sep/2021:09:31:27 +0800] "GET /xingrg/all/common/auto_word.html?type=employee&rest_code=00109 HTTP/1.1" 200 255
114.86.224.104 - - [21/Sep/2021:09:31:27 +0800] "GET /xingrg/javascript/easyui/themes/default/validatebox.css HTTP/1.1" 404 1104
116.230.105.26 - - [21/Sep/2021:09:31:27 +0800] "GET /xingrg/kc/buy/cgsh_order_operate.html?command=get_materiel&rest_code=00155&code=00101008350&supplier_code=00100005&order_time=2021-09-21 HTTP/1.1" 200 408
222.70.179.190 - - [21/Sep/2021:09:31:28 +0800] "GET /xingrg/all/function/internal_message.html?_=1632187890948&CODE_STATE=getMsg HTTP/1.1" 200 27
116.230.105.26 - - [21/Sep/2021:09:31:32 +0800] "GET /xingrg/all/function/internal_message.html?_=1632187880434&CODE_STATE=getMsg HTTP/1.1" 200 27
116.230.105.26 - - [21/Sep/2021:09:31:34 +0800] "GET /xingrg/kc/buy/cgsh_order_operate.html?command=get_materiel&rest_code=00155&code=00101008149&supplier_code=00100005&order_time=2021-09-21 HTTP/1.1" 200 408
222.70.179.190 - - [21/Sep/2021:09:31:35 +0800] "GET /xingrg/kc/buy/cgsh_order_operate.html?command=get_materiel&rest_code=00111&code=00101008223&supplier_code=00100005&order_time=2021-09-21 HTTP/1.1" 200 414
114.86.224.104 - - [21/Sep/2021:09:31:35 +0800] "GET /xingrg/kc/buy/cgsh_order_operate.html?command=get_materiel&rest_code=00109&code=00101006144&supplier_code=00100015&order_time=2021-09-21 HTTP/1.1" 200 409
114.85.125.222 - - [21/Sep/2021:09:31:36 +0800] "GET /xingrg/kc/buy/cgsh_order_operate.html?command=get_materiel&rest_code=00150&code=00101028012&supplier_code=00100017&order_time=2021-09-21 HTTP/1.1" 200 456
58.39.139.200 - - [21/Sep/2021:09:31:37 +0800] "GET /xingrg/check_reg.html?_=1632187847526 HTTP/1.1" 200 22
58.39.139.200 - - [21/Sep/2021:09:31:37 +0800] "GET /xingrg/all/function/internal_message.html?_=1632187847530&CODE_STATE=getMsg HTTP/1.1" 200 27
116.230.105.26 - - [21/Sep/2021:09:31:39 +0800] "GET /xingrg/kc/buy/cgsh_order_operate.html?command=get_materiel&rest_code=00155&code=00101008358&supplier_code=00100005&order_time=2021-09-21 HTTP/1.1" 200 412
116.238.248.233 - - [21/Sep/2021:09:31:39 +0800] "GET /xingrg/all/function/internal_message.html?_=1632187902962&CODE_STATE=getMsg HTTP/1.1" 200 27
114.83.219.92 - - [21/Sep/2021:09:31:42 +0800] "GET /xingrg/kc/buy/cgsh_order_operate.html?command=get_materiel&rest_code=00149&code=00101016080&supplier_code=00100036&order_time=2021-09-21 HTTP/1.1" 200 408
114.83.219.92 - - [21/Sep/2021:09:31:43 +0800] "POST /xingrg/services/DataTransmitService HTTP/1.1" 200 501
116.230.105.26 - - [21/Sep/2021:09:31:43 +0800] "GET /xingrg/kc/buy/cgsh_order_operate.html?command=get_materiel&rest_code=00155&code=00101008477&supplier_code=00100005&order_time=2021-09-21 HTTP/1.1" 200 408
114.86.224.104 - - [21/Sep/2021:09:31:44 +0800] "GET /xingrg/kc/buy/cgsh_order_operate.html?command=get_materiel&rest_code=00109&code=00101006221&supplier_code=00100015&order_time=2021-09-21 HTTP/1.1" 200 403
101.91.60.88 - - [21/Sep/2021:09:31:44 +0800] "GET /xingrg/kc/buy/cgsh_order_operate.html?command=get_materiel&rest_code=00106&code=00101008003&supplier_code=00100007&order_time=2021-09-21 HTTP/1.1" 302 -
101.91.60.88 - - [21/Sep/2021:09:31:44 +0800] "GET /xingrg/login.html HTTP/1.1" 200 7641
116.237.74.154 - - [21/Sep/2021:09:31:45 +0800] "GET /xingrg/kc/buy/cgsh_order_operate.html?command=get_materiel&rest_code=00106&code=00101008295&supplier_code=00100007&order_time=2021-09-21 HTTP/1.1" 200 412
58.40.7.146 - - [21/Sep/2021:09:31:48 +0800] "GET /xingrg/all/function/internal_message.html?_=1632187912299&CODE_STATE=getMsg HTTP/1.1" 302 -
114.83.219.92 - - [21/Sep/2021:09:31:48 +0800] "POST /xingrg/services/DataTransmitService HTTP/1.1" 200 501
114.83.219.92 - - [21/Sep/2021:09:31:49 +0800] "POST /xingrg/services/DataTransmitService HTTP/1.1" 200 501
222.70.246.151 - - [21/Sep/2021:09:31:49 +0800] "GET /xingrg/all/function/internal_message.html?_=1632187918405&CODE_STATE=getMsg HTTP/1.1" 200 27
116.230.105.26 - - [21/Sep/2021:09:31:49 +0800] "GET /xingrg/kc/buy/cgsh_order_operate.html?command=get_materiel&rest_code=00155&code=00101008003&supplier_code=00100005&order_time=2021-09-21 HTTP/1.1" 200 408
114.86.224.104 - - [21/Sep/2021:09:31:49 +0800] "GET /xingrg/kc/buy/cgsh_order_operate.html?command=get_materiel&rest_code=00109&code=00101006055&supplier_code=00100015&order_time=2021-09-21 HTTP/1.1" 200 409
101.89.239.120 - - [21/Sep/2021:09:31:50 +0800] "GET /xingrg/kc/buy/cgsh_order_operate.html?command=get_materiel&rest_code=00106&code=00101008126&supplier_code=00100007&order_time=2021-09-21 HTTP/1.1" 302 -
101.89.239.120 - - [21/Sep/2021:09:31:51 +0800] "GET /xingrg/login.html HTTP/1.1" 200 7641
114.83.219.92 - - [21/Sep/2021:09:31:53 +0800] "GET /xingrg/kc/buy/cgsh_order_operate.html?command=get_materiel&rest_code=00149&code=00101010348&supplier_code=00100036&order_time=2021-09-21 HTTP/1.1" 200 417
114.85.125.222 - - [21/Sep/2021:09:31:55 +0800] "GET /xingrg/kc/buy/cgsh_order_operate.html?command=get_materiel&rest_code=00150&code=00101029005&supplier_code=00100017&order_time=2021-09-21 HTTP/1.1" 200 435
114.86.224.104 - - [21/Sep/2021:09:31:55 +0800] "GET /xingrg/kc/buy/cgsh_order_operate.html?command=get_materiel&rest_code=00109&code=00101006057&supplier_code=00100015&order_time=2021-09-21 HTTP/1.1" 200 413
116.230.105.26 - - [21/Sep/2021:09:31:56 +0800] "GET /xingrg/kc/buy/cgsh_order_operate.html?command=get_materiel&rest_code=00155&code=00101008087&supplier_code=00100005&order_time=2021-09-21 HTTP/1.1" 200 412
114.85.125.222 - - [21/Sep/2021:09:31:59 +0800] "GET /xingrg/all/function/internal_message.html?_=1632187902549&CODE_STATE=getMsg HTTP/1.1" 200 27
222.70.179.190 - - [21/Sep/2021:09:31:59 +0800] "GET /xingrg/kc/buy/cgsh_order_operate.html?command=get_materiel&rest_code=00111&code=00101008114&supplier_code=00100005&order_time=2021-09-21 HTTP/1.1" 200 412
114.86.224.104 - - [21/Sep/2021:09:32:00 +0800] "GET /xingrg/kc/buy/cgsh_order_operate.html?command=get_materiel&rest_code=00109&code=00101006058&supplier_code=00100015&order_time=2021-09-21 HTTP/1.1" 200 413
114.83.219.92 - - [21/Sep/2021:09:32:01 +0800] "GET /xingrg/kc/buy/cgsh_order_operate.html?command=get_materiel&rest_code=00149&code=00101010092&supplier_code=00100036&order_time=2021-09-21 HTTP/1.1" 200 431
116.237.74.154 - - [21/Sep/2021:09:32:01 +0800] "POST /xingrg/kc/buy/cgsh_order_operate.html HTTP/1.1" 200 2065
114.86.224.104 - - [21/Sep/2021:09:32:02 +0800] "GET /xingrg/all/function/internal_message.html?_=1632187928433&CODE_STATE=getMsg HTTP/1.1" 200 27
114.83.219.92 - - [21/Sep/2021:09:32:04 +0800] "GET /xingrg/all/function/internal_message.html?_=1632187927269&CODE_STATE=getMsg HTTP/1.1" 200 27
114.83.219.92 - - [21/Sep/2021:09:32:07 +0800] "POST /xingrg/services/DataTransmitService HTTP/1.1" 200 501
114.85.125.222 - - [21/Sep/2021:09:32:07 +0800] "POST /xingrg/kc/buy/cgsh_order_operate.html HTTP/1.1" 200 37
116.230.105.26 - - [21/Sep/2021:09:32:08 +0800] "GET /xingrg/kc/buy/cgsh_order_operate.html?command=get_materiel&rest_code=00155&code=00101008108&supplier_code=00100005&order_time=2021-09-21 HTTP/1.1" 200 412
114.83.219.92 - - [21/Sep/2021:09:32:09 +0800] "POST /xingrg/services/DataTransmitService HTTP/1.1" 200 501
120.253.135.82 - - [21/Sep/2021:09:32:10 +0800] "GET /xingrg/kc/pszx/mdqp_order_list.html?state=10 HTTP/1.1" 200 10217
120.253.135.82 - - [21/Sep/2021:09:32:10 +0800] "GET /xingrg/dwr/interface/AjaxReportQueryService.js HTTP/1.1" 200 13203
120.253.135.82 - - [21/Sep/2021:09:32:10 +0800] "GET /xingrg/dwr/interface/AjaxQqpsService.js HTTP/1.1" 200 16326
120.253.135.82 - - [21/Sep/2021:09:32:10 +0800] "GET /xingrg/dwr/engine.js HTTP/1.1" 200 43631
116.237.74.154 - - [21/Sep/2021:09:32:10 +0800] "GET /xingrg/kc/buy/cgsh_order_operate.html?command=get_materiel&rest_code=00106&code=00101008403&supplier_code=00100007&order_time=2021-09-21 HTTP/1.1" 200 412
114.83.219.92 - - [21/Sep/2021:09:32:11 +0800] "POST /xingrg/services/DataTransmitService HTTP/1.1" 200 501
120.253.135.82 - - [21/Sep/2021:09:32:11 +0800] "GET /xingrg/kc/pszx/mdqp_order_list.html?state=10 HTTP/1.1" 200 10217
120.253.135.82 - - [21/Sep/2021:09:32:11 +0800] "GET /xingrg/dwr/interface/AjaxReportQueryService.js HTTP/1.1" 200 13203
120.253.135.82 - - [21/Sep/2021:09:32:11 +0800] "GET /xingrg/dwr/interface/AjaxQqpsService.js HTTP/1.1" 200 16326
120.253.135.82 - - [21/Sep/2021:09:32:11 +0800] "GET /xingrg/dwr/engine.js HTTP/1.1" 200 43631
120.253.135.82 - - [21/Sep/2021:09:32:12 +0800] "GET /xingrg/dwr/interface/AjaxReportQueryService.js HTTP/1.1" 200 13203
120.253.135.82 - - [21/Sep/2021:09:32:12 +0800] "GET /xingrg/dwr/interface/AjaxQqpsService.js HTTP/1.1" 200 16326
120.253.135.82 - - [21/Sep/2021:09:32:12 +0800] "GET /xingrg/dwr/engine.js HTTP/1.1" 200 43631
120.253.135.82 - - [21/Sep/2021:09:32:12 +0800] "GET /xingrg/kc/pszx/mdqp_order_list.html?state=10 HTTP/1.1" 200 10217
114.85.125.222 - - [21/Sep/2021:09:32:12 +0800] "POST /xingrg/kc/buy/cgsh_order_operate.html HTTP/1.1" 200 12
61.151.207.158 - - [21/Sep/2021:09:32:13 +0800] "GET /xingrg/kc/buy/cgsh_order_operate.html?command=get_materiel&rest_code=00106&code=00101008356&supplier_code=00100007&order_time=2021-09-21 HTTP/1.1" 302 -
61.151.207.158 - - [21/Sep/2021:09:32:13 +0800] "GET /xingrg/login.html HTTP/1.1" 200 7641
114.86.224.104 - - [21/Sep/2021:09:32:13 +0800] "GET /xingrg/kc/buy/cgsh_order_operate.html?command=get_materiel&rest_code=00109&code=00101006240&supplier_code=00100015&order_time=2021-09-21 HTTP/1.1" 200 408
222.70.179.190 - - [21/Sep/2021:09:32:14 +0800] "GET /xingrg/kc/buy/cgsh_order_operate.html?command=get_materiel&rest_code=00111&code=00101008105&supplier_code=00100005&order_time=2021-09-21 HTTP/1.1" 200 412
114.85.125.222 - - [21/Sep/2021:09:32:14 +0800] "GET /xingrg/kc/buy/cgsh_order_info.html?code=212021092109357 HTTP/1.1" 200 58329
116.230.105.26 - - [21/Sep/2021:09:32:14 +0800] "GET /xingrg/kc/buy/cgsh_order_operate.html?command=get_materiel&rest_code=00155&code=00101008371&supplier_code=00100005&order_time=2021-09-21 HTTP/1.1" 200 412
114.85.125.222 - - [21/Sep/2021:09:32:14 +0800] "GET /xingrg/javascript/jquery_easy_ui/themes/icons/rest.png HTTP/1.1" 200 695
114.85.125.222 - - [21/Sep/2021:09:32:14 +0800] "GET /xingrg/javascript/easyui/themes/default/validatebox.css HTTP/1.1" 404 1104
114.85.125.222 - - [21/Sep/2021:09:32:14 +0800] "GET /xingrg/javascript/jquery_easy_ui/themes/icons/area.png HTTP/1.1" 200 262
120.253.135.82 - - [21/Sep/2021:09:32:15 +0800] "GET /xingrg/javascript/jquery_easy_ui/themes/default/images/tabs_active.png HTTP/1.1" 200 2894
114.85.125.222 - - [21/Sep/2021:09:32:15 +0800] "POST /xingrg/kc/buy/cgsh_order_operate.html HTTP/1.1" 200 1258
116.237.74.154 - - [21/Sep/2021:09:32:18 +0800] "GET /xingrg/kc/buy/cgsh_order_operate.html?command=get_materiel&rest_code=00106&code=00101008199&supplier_code=00100007&order_time=2021-09-21 HTTP/1.1" 200 408
114.85.125.222 - - [21/Sep/2021:09:32:19 +0800] "GET /xingrg/kc/print/load_config.html?kc_code=cgsh HTTP/1.1" 200 2076
114.85.125.222 - - [21/Sep/2021:09:32:19 +0800] "GET /xingrg/kc/print/load_data.html?order_code=212021092109357&kc_code=cgsh&condition= HTTP/1.1" 200 1076
58.39.139.200 - - [21/Sep/2021:09:32:19 +0800] "GET /xingrg/all/function/internal_message.html?_=1632187944565&CODE_STATE=getMsg HTTP/1.1" 200 27
61.151.178.177 - - [21/Sep/2021:09:32:20 +0800] "GET /xingrg/kc/buy/cgsh_order_operate.html?command=get_materiel&rest_code=00106&code=00101008301&supplier_code=00100007&order_time=2021-09-21 HTTP/1.1" 302 -
114.83.219.92 - - [21/Sep/2021:09:32:20 +0800] "GET /xingrg/kc/buy/cgsh_order_operate.html?command=get_materiel&rest_code=00149&code=00101012026&supplier_code=00100036&order_time=2021-09-21 HTTP/1.1" 200 408
114.86.224.104 - - [21/Sep/2021:09:32:20 +0800] "GET /xingrg/kc/buy/cgsh_order_operate.html?command=get_materiel&rest_code=00109&code=00101006193&supplier_code=00100015&order_time=2021-09-21 HTTP/1.1" 200 409
61.151.178.177 - - [21/Sep/2021:09:32:21 +0800] "GET /xingrg/login.html HTTP/1.1" 200 7641
116.230.105.26 - - [21/Sep/2021:09:32:21 +0800] "GET /xingrg/kc/buy/cgsh_order_operate.html?command=get_materiel&rest_code=00155&code=00101008176&supplier_code=00100005&order_time=2021-09-21 HTTP/1.1" 200 412
116.237.74.154 - - [21/Sep/2021:09:32:22 +0800] "GET /xingrg/all/function/internal_message.html?_=1632187945373&CODE_STATE=getMsg HTTP/1.1" 200 27
114.83.219.92 - - [21/Sep/2021:09:32:22 +0800] "POST /xingrg/services/DataTransmitService HTTP/1.1" 200 412
222.70.179.190 - - [21/Sep/2021:09:32:27 +0800] "GET /xingrg/kc/buy/cgsh_order_operate.html?command=get_materiel&rest_code=00111&code=00101008095&supplier_code=00100005&order_time=2021-09-21 HTTP/1.1" 200 412
114.85.125.222 - - [21/Sep/2021:09:32:28 +0800] "GET /xingrg/kc/buy/cgsh_order_add.html HTTP/1.1" 200 63418
222.70.179.190 - - [21/Sep/2021:09:32:28 +0800] "GET /xingrg/all/function/internal_message.html?_=1632187950946&CODE_STATE=getMsg HTTP/1.1" 200 27
114.85.125.222 - - [21/Sep/2021:09:32:29 +0800] "POST /xingrg/kc/buy/cgsh_order_operate.html HTTP/1.1" 200 8245
114.85.125.222 - - [21/Sep/2021:09:32:29 +0800] "GET /xingrg/javascript/easyui/themes/default/validatebox.css HTTP/1.1" 404 1104
114.86.224.104 - - [21/Sep/2021:09:32:29 +0800] "GET /xingrg/kc/buy/cgsh_order_operate.html?command=get_materiel&rest_code=00109&code=00101006129&supplier_code=00100015&order_time=2021-09-21 HTTP/1.1" 200 431
116.237.74.154 - - [21/Sep/2021:09:32:30 +0800] "GET /xingrg/kc/buy/cgsh_order_operate.html?command=get_materiel&rest_code=00106&code=00101008350&supplier_code=00100007&order_time=2021-09-21 HTTP/1.1" 200 408
116.230.105.26 - - [21/Sep/2021:09:32:32 +0800] "GET /xingrg/kc/buy/cgsh_order_operate.html?command=get_materiel&rest_code=00155&code=00101008256&supplier_code=00100005&order_time=2021-09-21 HTTP/1.1" 200 413
116.230.105.26 - - [21/Sep/2021:09:32:32 +0800] "GET /xingrg/all/function/internal_message.html?_=1632187940401&CODE_STATE=getMsg HTTP/1.1" 200 27
114.86.224.104 - - [21/Sep/2021:09:32:36 +0800] "GET /xingrg/kc/buy/cgsh_order_operate.html?command=get_materiel&rest_code=00109&code=00101007035&supplier_code=00100015&order_time=2021-09-21 HTTP/1.1" 200 408
116.230.105.26 - - [21/Sep/2021:09:32:37 +0800] "GET /xingrg/kc/buy/cgsh_order_operate.html?command=get_materiel&rest_code=00155&code=00101008265&supplier_code=00100005&order_time=2021-09-21 HTTP/1.1" 200 408
58.39.139.200 - - [21/Sep/2021:09:32:37 +0800] "GET /xingrg/all/function/internal_message.html?_=1632187907532&CODE_STATE=getMsg HTTP/1.1" 200 27
116.238.248.233 - - [21/Sep/2021:09:32:39 +0800] "GET /xingrg/all/function/internal_message.html?_=1632187962965&CODE_STATE=getMsg HTTP/1.1" 200 27
116.238.248.233 - - [21/Sep/2021:09:32:39 +0800] "GET /xingrg/check_reg.html?_=1632187962967 HTTP/1.1" 200 22
114.85.125.222 - - [21/Sep/2021:09:32:42 +0800] "GET /xingrg/kc/buy/cgsh_order_operate.html?command=get_materiel&rest_code=00150&code=00101029003&supplier_code=00100017&order_time=2021-09-21 HTTP/1.1" 200 454
101.89.239.245 - - [21/Sep/2021:09:32:43 +0800] "GET /xingrg/kc/buy/cgsh_order_operate.html?command=get_materiel&rest_code=00106&code=00101008295&supplier_code=00100007&order_time=2021-09-21 HTTP/1.1" 302 -
101.89.239.245 - - [21/Sep/2021:09:32:43 +0800] "GET /xingrg/login.html HTTP/1.1" 200 7641
222.70.179.190 - - [21/Sep/2021:09:32:48 +0800] "GET /xingrg/kc/buy/cgsh_order_operate.html?command=get_materiel&rest_code=00111&code=00101008110&supplier_code=00100005&order_time=2021-09-21 HTTP/1.1" 200 408
58.40.7.146 - - [21/Sep/2021:09:32:48 +0800] "GET /xingrg/all/function/internal_message.html?_=1632187972293&CODE_STATE=getMsg HTTP/1.1" 302 -
222.70.246.151 - - [21/Sep/2021:09:32:49 +0800] "GET /xingrg/all/function/internal_message.html?_=1632187978419&CODE_STATE=getMsg HTTP/1.1" 200 27
222.70.179.190 - - [21/Sep/2021:09:32:50 +0800] "POST /xingrg/kc/buy/cgsh_order_operate.html HTTP/1.1" 200 2065
116.230.105.26 - - [21/Sep/2021:09:32:50 +0800] "GET /xingrg/kc/buy/cgsh_order_operate.html?command=get_materiel&rest_code=00155&code=00101008415&supplier_code=00100005&order_time=2021-09-21 HTTP/1.1" 200 398
114.86.224.104 - - [21/Sep/2021:09:32:55 +0800] "POST /xingrg/kc/buy/cgsh_order_operate.html HTTP/1.1" 200 37
114.86.224.104 - - [21/Sep/2021:09:32:56 +0800] "POST /xingrg/kc/buy/cgsh_order_operate.html HTTP/1.1" 200 6838
114.86.224.104 - - [21/Sep/2021:09:32:57 +0800] "GET /xingrg/kc/print/load_config.html?kc_code=cgsh HTTP/1.1" 200 2076
114.86.224.104 - - [21/Sep/2021:09:32:57 +0800] "GET /xingrg/kc/print/load_data.html?order_code=212021092109358&kc_code=cgsh&condition= HTTP/1.1" 200 2370
114.85.125.222 - - [21/Sep/2021:09:32:59 +0800] "GET /xingrg/kc/buy/cgsh_order_operate.html?command=get_materiel&rest_code=00150&code=00101029023&supplier_code=00100017&order_time=2021-09-21 HTTP/1.1" 200 456
114.85.125.222 - - [21/Sep/2021:09:32:59 +0800] "GET /xingrg/all/function/internal_message.html?_=1632187962569&CODE_STATE=getMsg HTTP/1.1" 200 27
114.86.224.104 - - [21/Sep/2021:09:33:02 +0800] "GET /xingrg/all/function/internal_message.html?_=1632187988435&CODE_STATE=getMsg HTTP/1.1" 200 27
114.86.224.104 - - [21/Sep/2021:09:33:02 +0800] "GET /xingrg/check_reg.html?_=1632187988435 HTTP/1.1" 200 22
116.230.105.26 - - [21/Sep/2021:09:33:03 +0800] "GET /xingrg/kc/buy/cgsh_order_operate.html?command=get_materiel&rest_code=00155&code=00101008080&supplier_code=00100005&order_time=2021-09-21 HTTP/1.1" 200 416
114.83.219.92 - - [21/Sep/2021:09:33:04 +0800] "GET /xingrg/all/function/internal_message.html?_=1632187987283&CODE_STATE=getMsg HTTP/1.1" 200 27
116.230.105.26 - - [21/Sep/2021:09:33:08 +0800] "GET /xingrg/kc/buy/cgsh_order_operate.html?command=get_materiel&rest_code=00155&code=00101008185&supplier_code=00100005&order_time=2021-09-21 HTTP/1.1" 200 408
61.151.207.205 - - [21/Sep/2021:09:33:09 +0800] "GET /xingrg/kc/buy/cgsh_order_operate.html?command=get_materiel&rest_code=00106&code=00101008403&supplier_code=00100007&order_time=2021-09-21 HTTP/1.1" 302 -
61.151.207.205 - - [21/Sep/2021:09:33:09 +0800] "GET /xingrg/login.html HTTP/1.1" 200 7641
114.85.125.222 - - [21/Sep/2021:09:33:10 +0800] "POST /xingrg/kc/buy/cgsh_order_operate.html HTTP/1.1" 200 37
116.230.105.26 - - [21/Sep/2021:09:33:13 +0800] "GET /xingrg/kc/buy/cgsh_order_operate.html?command=get_materiel&rest_code=00155&code=00101008125&supplier_code=00100005&order_time=2021-09-21 HTTP/1.1" 200 413
116.237.74.154 - - [21/Sep/2021:09:33:14 +0800] "GET /xingrg/kc/buy/cgsh_order_operate.html?command=get_materiel&rest_code=00106&code=00101008041&supplier_code=00100007&order_time=2021-09-21 HTTP/1.1" 200 408
114.85.125.222 - - [21/Sep/2021:09:33:14 +0800] "POST /xingrg/kc/buy/cgsh_order_operate.html HTTP/1.1" 200 12
114.85.125.222 - - [21/Sep/2021:09:33:16 +0800] "GET /xingrg/kc/buy/cgsh_order_info.html?code=212021092109359 HTTP/1.1" 200 58329
114.85.125.222 - - [21/Sep/2021:09:33:16 +0800] "GET /xingrg/javascript/easyui/themes/default/validatebox.css HTTP/1.1" 404 1104
114.85.125.222 - - [21/Sep/2021:09:33:17 +0800] "POST /xingrg/kc/buy/cgsh_order_operate.html HTTP/1.1" 200 1287
116.237.74.154 - - [21/Sep/2021:09:33:18 +0800] "POST /xingrg/kc/buy/cgsh_order_operate.html HTTP/1.1" 200 2065
116.230.105.26 - - [21/Sep/2021:09:33:18 +0800] "GET /xingrg/kc/buy/cgsh_order_operate.html?command=get_materiel&rest_code=00155&code=00101008559&supplier_code=00100005&order_time=2021-09-21 HTTP/1.1" 200 399
114.85.125.222 - - [21/Sep/2021:09:33:19 +0800] "GET /xingrg/kc/print/load_data.html?order_code=212021092109359&kc_code=cgsh&condition= HTTP/1.1" 200 1102
58.39.139.200 - - [21/Sep/2021:09:33:19 +0800] "GET /xingrg/all/function/internal_message.html?_=1632188004544&CODE_STATE=getMsg HTTP/1.1" 200 27
58.39.139.200 - - [21/Sep/2021:09:33:19 +0800] "GET /xingrg/check_reg.html?_=1632188005030 HTTP/1.1" 200 22
61.151.178.249 - - [21/Sep/2021:09:33:22 +0800] "GET /xingrg/all/function/internal_message.html?_=1632187945373&CODE_STATE=getMsg HTTP/1.1" 302 -
116.237.74.154 - - [21/Sep/2021:09:33:22 +0800] "GET /xingrg/all/function/internal_message.html?_=1632188005250&CODE_STATE=getMsg HTTP/1.1" 200 27
61.151.178.249 - - [21/Sep/2021:09:33:23 +0800] "GET /xingrg/login.html HTTP/1.1" 200 7641
116.230.105.26 - - [21/Sep/2021:09:33:24 +0800] "GET /xingrg/kc/buy/cgsh_order_operate.html?command=get_materiel&rest_code=00155&code=00101008096&supplier_code=00100005&order_time=2021-09-21 HTTP/1.1" 200 412
114.85.125.222 - - [21/Sep/2021:09:33:25 +0800] "GET /xingrg/kc/base/yddb_order_list.html HTTP/1.1" 200 16836
114.85.125.222 - - [21/Sep/2021:09:33:25 +0800] "POST /xingrg/kc/base/yddb_list_operate.html HTTP/1.1" 200 636
116.230.105.26 - - [21/Sep/2021:09:33:25 +0800] "POST /xingrg/kc/buy/cgsh_order_operate.html HTTP/1.1" 200 2065
114.85.125.222 - - [21/Sep/2021:09:33:26 +0800] "GET /xingrg/kc/base/yddb_order_add.html HTTP/1.1" 200 29841
114.85.125.222 - - [21/Sep/2021:09:33:26 +0800] "GET /xingrg/javascript/AjaxInfoList.js HTTP/1.1" 200 3774
114.85.125.222 - - [21/Sep/2021:09:33:26 +0800] "GET /xingrg/javascript/Grid.js HTTP/1.1" 200 58908
114.85.125.222 - - [21/Sep/2021:09:33:26 +0800] "GET /xingrg/css/blue.css HTTP/1.1" 200 15949
114.85.125.222 - - [21/Sep/2021:09:33:26 +0800] "GET /xingrg/dwr/interface/AjaxYddbService.js HTTP/1.1" 200 13201
114.85.125.222 - - [21/Sep/2021:09:33:26 +0800] "GET /xingrg/javascript/ToolTips.js HTTP/1.1" 200 5615
114.85.125.222 - - [21/Sep/2021:09:33:26 +0800] "GET /xingrg/javascript/checkform.js HTTP/1.1" 200 18351
114.85.125.222 - - [21/Sep/2021:09:33:26 +0800] "GET /xingrg/dwr/interface/AjaxComOrderService.js HTTP/1.1" 200 18264
114.85.125.222 - - [21/Sep/2021:09:33:26 +0800] "GET /xingrg/dwr/util.js HTTP/1.1" 200 35990
114.85.125.222 - - [21/Sep/2021:09:33:26 +0800] "GET /xingrg/javascript/myfunction.js HTTP/1.1" 200 24559
114.85.125.222 - - [21/Sep/2021:09:33:26 +0800] "GET /xingrg/javascript/Calendar.js HTTP/1.1" 200 31561
114.85.125.222 - - [21/Sep/2021:09:33:26 +0800] "GET /xingrg/dwr/engine.js HTTP/1.1" 200 43631
114.85.125.222 - - [21/Sep/2021:09:33:26 +0800] "GET /xingrg/javascript/jquery_easy_ui/themes/icons/edit_add_new.png HTTP/1.1" 200 2997
114.85.125.222 - - [21/Sep/2021:09:33:26 +0800] "GET /xingrg/javascript/jquery_easy_ui/themes/icons/check_new.png HTTP/1.1" 200 3224
114.85.125.222 - - [21/Sep/2021:09:33:26 +0800] "GET /xingrg/javascript/jquery_easy_ui/themes/icons/print.png HTTP/1.1" 200 1057
114.85.125.222 - - [21/Sep/2021:09:33:26 +0800] "GET /xingrg/javascript/jquery_easy_ui/themes/default/images/menu_downarrow.png HTTP/1.1" 200 173
114.85.125.222 - - [21/Sep/2021:09:33:26 +0800] "GET /xingrg/javascript/jquery_easy_ui/themes/icons/cance_new.png HTTP/1.1" 200 3986
114.85.125.222 - - [21/Sep/2021:09:33:26 +0800] "GET /xingrg/javascript/jquery_easy_ui/themes/icons/back_new.png HTTP/1.1" 200 3414
114.85.125.222 - - [21/Sep/2021:09:33:26 +0800] "GET /xingrg/images/blue/button/kc_tab_add.gif HTTP/1.1" 200 375
114.85.125.222 - - [21/Sep/2021:09:33:26 +0800] "GET /xingrg/images/blue/button/kc_tab_edit.gif HTTP/1.1" 200 551
114.85.125.222 - - [21/Sep/2021:09:33:26 +0800] "GET /xingrg/images/blue/button/kc_tab_save.gif HTTP/1.1" 200 777
114.85.125.222 - - [21/Sep/2021:09:33:26 +0800] "GET /xingrg/images/blue/button/kc_tab_del.gif HTTP/1.1" 200 383
114.85.125.222 - - [21/Sep/2021:09:33:26 +0800] "GET /xingrg/images/blue/kc_tab_left.gif HTTP/1.1" 200 188
114.85.125.222 - - [21/Sep/2021:09:33:26 +0800] "GET /xingrg/images/blue/kc_tab_right.gif HTTP/1.1" 200 643
114.85.125.222 - - [21/Sep/2021:09:33:26 +0800] "GET /xingrg/images/blue/kc_tab_mid.gif HTTP/1.1" 200 44
114.85.125.222 - - [21/Sep/2021:09:33:26 +0800] "GET /xingrg/images/blue/kc_tab2_left.gif HTTP/1.1" 200 625
114.85.125.222 - - [21/Sep/2021:09:33:26 +0800] "GET /xingrg/images/blue/kc_tab2_right.gif HTTP/1.1" 200 192
222.70.179.190 - - [21/Sep/2021:09:33:28 +0800] "GET /xingrg/check_reg.html?_=1632188010939 HTTP/1.1" 200 22
222.70.179.190 - - [21/Sep/2021:09:33:28 +0800] "GET /xingrg/all/function/internal_message.html?_=1632188010942&CODE_STATE=getMsg HTTP/1.1" 200 27
116.230.105.26 - - [21/Sep/2021:09:33:29 +0800] "GET /xingrg/kc/buy/cgsh_order_operate.html?command=get_materiel&rest_code=00155&code=00101008163&supplier_code=00100005&order_time=2021-09-21 HTTP/1.1" 200 409
114.85.125.222 - - [21/Sep/2021:09:33:30 +0800] "GET /xingrg/images/blue/wait.gif HTTP/1.1" 200 1100
114.85.125.222 - - [21/Sep/2021:09:33:30 +0800] "POST /xingrg/dwr/call/plaincall/AjaxYddbService.getRestBases.dwr HTTP/1.1" 200 1514
116.230.105.26 - - [21/Sep/2021:09:33:32 +0800] "GET /xingrg/all/function/internal_message.html?_=1632188000384&CODE_STATE=getMsg HTTP/1.1" 200 27
116.237.74.154 - - [21/Sep/2021:09:33:35 +0800] "POST /xingrg/kc/buy/cgsh_order_operate.html HTTP/1.1" 200 37
116.230.105.26 - - [21/Sep/2021:09:33:35 +0800] "GET /xingrg/kc/buy/cgsh_order_operate.html?command=get_materiel&rest_code=00155&code=00101008290&supplier_code=00100005&order_time=2021-09-21 HTTP/1.1" 200 23
114.85.125.222 - - [21/Sep/2021:09:33:36 +0800] "POST /xingrg/dwr/call/plaincall/AjaxYddbService.saveOrder.dwr HTTP/1.1" 200 78
58.39.139.200 - - [21/Sep/2021:09:33:37 +0800] "GET /xingrg/all/function/internal_message.html?_=1632187967533&CODE_STATE=getMsg HTTP/1.1" 200 27
222.70.179.190 - - [21/Sep/2021:09:33:38 +0800] "POST /xingrg/kc/buy/cgsh_order_operate.html HTTP/1.1" 200 37
116.238.248.233 - - [21/Sep/2021:09:33:39 +0800] "GET /xingrg/all/function/internal_message.html?_=1632188022968&CODE_STATE=getMsg HTTP/1.1" 200 27
116.230.105.26 - - [21/Sep/2021:09:33:40 +0800] "POST /xingrg/kc/buy/cgsh_order_operate.html HTTP/1.1" 200 37
116.237.74.154 - - [21/Sep/2021:09:33:40 +0800] "POST /xingrg/kc/buy/cgsh_order_operate.html HTTP/1.1" 200 36923
222.70.179.190 - - [21/Sep/2021:09:33:40 +0800] "POST /xingrg/kc/buy/cgsh_order_operate.html HTTP/1.1" 200 48727
114.83.219.92 - - [21/Sep/2021:09:33:43 +0800] "POST /xingrg/kc/buy/cgsh_order_operate.html HTTP/1.1" 200 37
116.230.105.26 - - [21/Sep/2021:09:33:44 +0800] "POST /xingrg/kc/buy/cgsh_order_operate.html HTTP/1.1" 200 13934
58.40.7.146 - - [21/Sep/2021:09:33:48 +0800] "GET /xingrg/all/function/internal_message.html?_=1632188032297&CODE_STATE=getMsg HTTP/1.1" 302 -
58.40.7.146 - - [21/Sep/2021:09:33:48 +0800] "GET /xingrg/check_reg.html?_=1632188032299 HTTP/1.1" 302 -
114.83.219.92 - - [21/Sep/2021:09:33:49 +0800] "POST /xingrg/kc/buy/cgsh_order_operate.html HTTP/1.1" 200 12
116.230.105.26 - - [21/Sep/2021:09:33:49 +0800] "GET /xingrg/login.html HTTP/1.1" 200 7641
116.230.105.26 - - [21/Sep/2021:09:33:49 +0800] "GET /favicon.ico HTTP/1.1" 404 -
222.70.246.151 - - [21/Sep/2021:09:33:49 +0800] "GET /xingrg/all/function/internal_message.html?_=1632188038802&CODE_STATE=getMsg HTTP/1.1" 200 27
114.85.125.222 - - [21/Sep/2021:09:33:50 +0800] "POST /xingrg/dwr/call/plaincall/AjaxComOrderService.getMaterielSearchList.dwr HTTP/1.1" 200 1565
114.83.219.92 - - [21/Sep/2021:09:33:50 +0800] "GET /xingrg/kc/buy/cgsh_order_info.html?code=212021092109361 HTTP/1.1" 200 58446
114.83.219.92 - - [21/Sep/2021:09:33:51 +0800] "GET /xingrg/javascript/easyui/themes/default/validatebox.css HTTP/1.1" 404 1104
114.83.219.92 - - [21/Sep/2021:09:33:52 +0800] "POST /xingrg/kc/buy/cgsh_order_operate.html HTTP/1.1" 200 3571
116.230.105.26 - - [21/Sep/2021:09:33:52 +0800] "GET /xingrg/login.do HTTP/1.1" 302 -
