101.89.239.245 - - [21/Sep/2021:09:45:48 +0800] "GET /xingrg/all/function/internal_message.html?_=1632188691223&CODE_STATE=getMsg HTTP/1.1" 302 -
116.237.74.154 - - [21/Sep/2021:09:45:48 +0800] "GET /xingrg/all/function/internal_message.html?_=1632188751198&CODE_STATE=getMsg HTTP/1.1" 200 27
58.40.7.146 - - [21/Sep/2021:09:45:48 +0800] "GET /xingrg/all/function/internal_message.html?_=1632188752295&CODE_STATE=getMsg HTTP/1.1" 302 -
101.89.239.245 - - [21/Sep/2021:09:45:48 +0800] "GET /xingrg/login.html HTTP/1.1" 200 7641
116.238.248.233 - - [21/Sep/2021:09:45:49 +0800] "GET /xingrg/kc/buy/cgsh_order_operate.html?command=get_materiel&rest_code=00150&code=00101006065&supplier_code=00100096&order_time=2021-09-21 HTTP/1.1" 200 410
222.70.246.151 - - [21/Sep/2021:09:45:49 +0800] "GET /xingrg/check_reg.html?_=1632188758890 HTTP/1.1" 200 22
222.70.246.151 - - [21/Sep/2021:09:45:50 +0800] "GET /xingrg/all/function/internal_message.html?_=1632188759656&CODE_STATE=getMsg HTTP/1.1" 200 27
114.83.219.92 - - [21/Sep/2021:09:45:50 +0800] "GET /xingrg/kc/buy/cgsh_order_operate.html?command=get_materiel&rest_code=00149&code=00101007048&supplier_code=00100205&order_time=2021-09-21 HTTP/1.1" 200 408
116.230.105.26 - - [21/Sep/2021:09:45:57 +0800] "GET /xingrg/all/function/internal_message.html?_=1632188745097&CODE_STATE=getMsg HTTP/1.1" 200 27
114.83.219.92 - - [21/Sep/2021:09:46:01 +0800] "GET /xingrg/kc/buy/cgsh_order_operate.html?command=get_materiel&rest_code=00149&code=00101007125&supplier_code=00100205&order_time=2021-09-21 HTTP/1.1" 200 408
114.86.224.104 - - [21/Sep/2021:09:46:02 +0800] "GET /xingrg/all/function/internal_message.html?_=1632188768463&CODE_STATE=getMsg HTTP/1.1" 200 27
114.83.219.92 - - [21/Sep/2021:09:46:04 +0800] "GET /xingrg/check_reg.html?_=1632188767329 HTTP/1.1" 200 22
114.83.219.92 - - [21/Sep/2021:09:46:04 +0800] "GET /xingrg/all/function/internal_message.html?_=1632188767332&CODE_STATE=getMsg HTTP/1.1" 200 27
116.230.105.26 - - [21/Sep/2021:09:46:08 +0800] "POST /xingrg/kc/buy/cgsh_order_operate.html HTTP/1.1" 200 37
116.230.105.26 - - [21/Sep/2021:09:46:12 +0800] "POST /xingrg/kc/buy/cgsh_order_operate.html HTTP/1.1" 200 34659
114.85.125.222 - - [21/Sep/2021:09:46:15 +0800] "GET /xingrg/kc/buy/cgsh_order_operate.html?command=get_materiel&rest_code=00151&code=00101009013&supplier_code=00100424&order_time=2021-09-21 HTTP/1.1" 200 420
114.83.219.92 - - [21/Sep/2021:09:46:17 +0800] "GET /xingrg/kc/buy/cgsh_order_operate.html?command=get_materiel&rest_code=00149&code=00101007082&supplier_code=00100205&order_time=2021-09-21 HTTP/1.1" 200 427
58.37.227.186 - - [21/Sep/2021:09:46:19 +0800] "GET /xingrg/all/function/internal_message.html?_=1632188649453&CODE_STATE=getMsg HTTP/1.1" 302 -
58.39.139.200 - - [21/Sep/2021:09:46:19 +0800] "GET /xingrg/all/function/internal_message.html?_=1632188784183&CODE_STATE=getMsg HTTP/1.1" 200 27
116.238.248.233 - - [21/Sep/2021:09:46:19 +0800] "GET /xingrg/all/function/internal_message.html?_=1632188782271&CODE_STATE=getMsg HTTP/1.1" 200 27
116.237.74.154 - - [21/Sep/2021:09:46:22 +0800] "GET /xingrg/check_reg.html?_=1632188785256 HTTP/1.1" 200 22
58.39.139.200 - - [21/Sep/2021:09:46:25 +0800] "POST /xingrg/kc/buy/cgsh_order_operate.html HTTP/1.1" 200 37
58.39.139.200 - - [21/Sep/2021:09:46:28 +0800] "POST /xingrg/kc/buy/cgsh_order_operate.html HTTP/1.1" 200 48176
222.70.179.190 - - [21/Sep/2021:09:46:28 +0800] "GET /xingrg/all/function/internal_message.html?_=1632188790961&CODE_STATE=getMsg HTTP/1.1" 200 27
58.39.139.200 - - [21/Sep/2021:09:46:30 +0800] "GET /xingrg/kc/print/load_data.html?order_code=212021092109346&kc_code=cgsh&condition= HTTP/1.1" 200 17828
114.85.125.222 - - [21/Sep/2021:09:46:30 +0800] "GET /xingrg/kc/buy/cgsh_order_operate.html?command=get_materiel&rest_code=00151&code=00101009023&supplier_code=00100424&order_time=2021-09-21 HTTP/1.1" 200 408
114.85.125.222 - - [21/Sep/2021:09:46:30 +0800] "GET /xingrg/all/function/internal_message.html?_=1632188773816&CODE_STATE=getMsg HTTP/1.1" 200 27
114.83.219.92 - - [21/Sep/2021:09:46:31 +0800] "GET /xingrg/kc/buy/cgsh_order_operate.html?command=get_materiel&rest_code=00149&code=00101007061&supplier_code=00100205&order_time=2021-09-21 HTTP/1.1" 200 409
58.39.139.200 - - [21/Sep/2021:09:46:37 +0800] "GET /xingrg/check_reg.html?_=1632188747529 HTTP/1.1" 200 22
58.39.139.200 - - [21/Sep/2021:09:46:37 +0800] "GET /xingrg/all/function/internal_message.html?_=1632188747533&CODE_STATE=getMsg HTTP/1.1" 200 27
114.85.125.222 - - [21/Sep/2021:09:46:42 +0800] "GET /xingrg/kc/buy/cgsh_order_operate.html?command=get_materiel&rest_code=00151&code=00101009011&supplier_code=00100424&order_time=2021-09-21 HTTP/1.1" 200 416
120.253.135.82 - - [21/Sep/2021:09:46:43 +0800] "GET /xingrg/check_reg.html?_=1632188579755 HTTP/1.1" 200 22
116.237.74.154 - - [21/Sep/2021:09:46:48 +0800] "GET /xingrg/all/function/internal_message.html?_=1632188811166&CODE_STATE=getMsg HTTP/1.1" 200 27
58.40.7.146 - - [21/Sep/2021:09:46:48 +0800] "GET /xingrg/all/function/internal_message.html?_=1632188812298&CODE_STATE=getMsg HTTP/1.1" 302 -
61.151.178.163 - - [21/Sep/2021:09:46:48 +0800] "GET /xingrg/all/function/internal_message.html?_=1632188751198&CODE_STATE=getMsg HTTP/1.1" 302 -
61.151.178.163 - - [21/Sep/2021:09:46:49 +0800] "GET /xingrg/login.html HTTP/1.1" 200 7641
222.70.246.151 - - [21/Sep/2021:09:46:50 +0800] "GET /xingrg/all/function/internal_message.html?_=1632188819670&CODE_STATE=getMsg HTTP/1.1" 200 27
58.39.139.200 - - [21/Sep/2021:09:46:54 +0800] "GET /xingrg/kc/buy/cgsh_order_add.html HTTP/1.1" 200 63529
58.39.139.200 - - [21/Sep/2021:09:46:54 +0800] "POST /xingrg/kc/buy/cgsh_order_operate.html HTTP/1.1" 200 8245
58.39.139.200 - - [21/Sep/2021:09:46:54 +0800] "GET /xingrg/javascript/easyui/themes/default/validatebox.css HTTP/1.1" 404 1104
116.230.105.26 - - [21/Sep/2021:09:46:57 +0800] "GET /xingrg/all/function/internal_message.html?_=1632188805111&CODE_STATE=getMsg HTTP/1.1" 200 27
114.83.219.92 - - [21/Sep/2021:09:46:58 +0800] "POST /xingrg/kc/buy/cgsh_order_operate.html HTTP/1.1" 200 37
114.85.125.222 - - [21/Sep/2021:09:46:58 +0800] "GET /xingrg/kc/buy/cgsh_order_operate.html?command=get_materiel&rest_code=00151&code=00101009049&supplier_code=00100424&order_time=2021-09-21 HTTP/1.1" 200 416
114.86.224.104 - - [21/Sep/2021:09:47:02 +0800] "GET /xingrg/all/function/internal_message.html?_=1632188828466&CODE_STATE=getMsg HTTP/1.1" 200 27
114.83.219.92 - - [21/Sep/2021:09:47:04 +0800] "GET /xingrg/all/function/internal_message.html?_=1632188827310&CODE_STATE=getMsg HTTP/1.1" 200 27
114.83.219.92 - - [21/Sep/2021:09:47:04 +0800] "POST /xingrg/kc/buy/cgsh_order_operate.html HTTP/1.1" 200 12
114.83.219.92 - - [21/Sep/2021:09:47:08 +0800] "GET /xingrg/kc/buy/cgsh_order_info.html?code=212021092109367 HTTP/1.1" 200 58442
114.83.219.92 - - [21/Sep/2021:09:47:08 +0800] "GET /xingrg/javascript/easyui/themes/default/validatebox.css HTTP/1.1" 404 1104
114.83.219.92 - - [21/Sep/2021:09:47:09 +0800] "POST /xingrg/kc/buy/cgsh_order_operate.html HTTP/1.1" 200 2388
114.85.125.222 - - [21/Sep/2021:09:47:09 +0800] "GET /xingrg/kc/buy/cgsh_order_operate.html?command=get_materiel&rest_code=00151&code=00101009066&supplier_code=00100424&order_time=2021-09-21 HTTP/1.1" 200 416
114.83.219.92 - - [21/Sep/2021:09:47:11 +0800] "GET /xingrg/kc/print/load_data.html?order_code=212021092109367&kc_code=cgsh&condition= HTTP/1.1" 200 1375
116.238.248.233 - - [21/Sep/2021:09:47:11 +0800] "GET /xingrg/kc/buy/cgsh_order_operate.html?command=get_materiel&rest_code=00150&code=00101006109&supplier_code=00100096&order_time=2021-09-21 HTTP/1.1" 200 409
114.83.219.92 - - [21/Sep/2021:09:47:14 +0800] "POST /xingrg/services/DataTransmitService HTTP/1.1" 200 501
58.37.227.186 - - [21/Sep/2021:09:47:17 +0800] "GET /xingrg/kc/buy/buy_main.html HTTP/1.1" 302 -
58.37.227.186 - - [21/Sep/2021:09:47:17 +0800] "GET /xingrg/login.html HTTP/1.1" 200 7641
116.238.248.233 - - [21/Sep/2021:09:47:17 +0800] "POST /xingrg/kc/buy/cgsh_order_operate.html HTTP/1.1" 200 2065
58.37.227.186 - - [21/Sep/2021:09:47:17 +0800] "GET /xingrg/login.html HTTP/1.1" 200 7641
58.37.227.186 - - [21/Sep/2021:09:47:18 +0800] "GET /favicon.ico HTTP/1.1" 404 -
58.39.139.200 - - [21/Sep/2021:09:47:19 +0800] "GET /xingrg/all/function/internal_message.html?_=1632188844189&CODE_STATE=getMsg HTTP/1.1" 200 27
116.238.248.233 - - [21/Sep/2021:09:47:19 +0800] "GET /xingrg/all/function/internal_message.html?_=1632188842270&CODE_STATE=getMsg HTTP/1.1" 200 27
114.83.219.92 - - [21/Sep/2021:09:47:20 +0800] "POST /xingrg/services/DataTransmitService HTTP/1.1" 200 501
58.37.227.186 - - [21/Sep/2021:09:47:24 +0800] "POST /xingrg/login.do HTTP/1.1" 302 -
58.37.227.186 - - [21/Sep/2021:09:47:24 +0800] "GET /xingrg/index.html?sysBaseUrl=http%3A%2F%2F180.169.147.146%3A18081%2Fxingrg%2F&costTime=116×tamp=1632188844147 HTTP/1.1" 200 17179
58.37.227.186 - - [21/Sep/2021:09:47:24 +0800] "POST /xingrg/all/common/load_tree.html?tree=area_rest_tree_json&manage=1 HTTP/1.1" 200 351
58.37.227.186 - - [21/Sep/2021:09:47:24 +0800] "GET /xingrg/all/function/internal_message.html?_=1632188714824&CODE_STATE=count HTTP/1.1" 200 11
58.37.227.186 - - [21/Sep/2021:09:47:24 +0800] "GET /xingrg/check_reg.html?_=1632188714825 HTTP/1.1" 200 22
58.37.227.186 - - [21/Sep/2021:09:47:24 +0800] "GET /favicon.ico HTTP/1.1" 404 -
58.37.227.186 - - [21/Sep/2021:09:47:24 +0800] "POST /xingrg/load_menu.html HTTP/1.1" 200 5138
58.39.139.200 - - [21/Sep/2021:09:47:25 +0800] "GET /xingrg/kc/buy/cgsh_order_operate.html?command=get_materiel&rest_code=00105&code=00101009109&supplier_code=00100024&order_time=2021-09-21 HTTP/1.1" 200 399
58.37.227.186 - - [21/Sep/2021:09:47:26 +0800] "GET /xingrg/kc/buy/buy_main.html HTTP/1.1" 200 12412
58.37.227.186 - - [21/Sep/2021:09:47:26 +0800] "GET /xingrg/css/new_ie.css HTTP/1.1" 404 1036
58.37.227.186 - - [21/Sep/2021:09:47:27 +0800] "GET /xingrg/images/yd/bt.gif HTTP/1.1" 404 1040
58.37.227.186 - - [21/Sep/2021:09:47:28 +0800] "GET /xingrg/kc/buy/cgsh_order_list.html HTTP/1.1" 200 47750
222.70.179.190 - - [21/Sep/2021:09:47:28 +0800] "GET /xingrg/all/function/internal_message.html?_=1632188850961&CODE_STATE=getMsg HTTP/1.1" 200 27
58.37.227.186 - - [21/Sep/2021:09:47:30 +0800] "POST /xingrg/kc/buy/cgsh_list_operate.html HTTP/1.1" 200 876
114.85.125.222 - - [21/Sep/2021:09:47:30 +0800] "GET /xingrg/all/function/internal_message.html?_=1632188833978&CODE_STATE=getMsg HTTP/1.1" 200 27
58.37.227.186 - - [21/Sep/2021:09:47:31 +0800] "GET /xingrg/kc/buy/cgsh_order_add.html HTTP/1.1" 200 63488
58.37.227.186 - - [21/Sep/2021:09:47:31 +0800] "GET /xingrg/words/20210920125024_words.js HTTP/1.1" 304 -
58.37.227.186 - - [21/Sep/2021:09:47:32 +0800] "POST /xingrg/kc/buy/cgsh_order_operate.html HTTP/1.1" 200 8245
58.37.227.186 - - [21/Sep/2021:09:47:32 +0800] "GET /xingrg/javascript/easyui/themes/default/validatebox.css HTTP/1.1" 404 1104
58.37.227.186 - - [21/Sep/2021:09:47:32 +0800] "GET /xingrg/all/common/auto_word.html?type=employee&rest_code=00141 HTTP/1.1" 200 201
58.37.227.186 - - [21/Sep/2021:09:47:32 +0800] "GET /xingrg/all/common/auto_word.html?type=employee&rest_code=00141 HTTP/1.1" 200 201
116.238.248.233 - - [21/Sep/2021:09:47:36 +0800] "GET /xingrg/kc/buy/cgsh_order_operate.html?command=get_materiel&rest_code=00150&code=00101006087&supplier_code=00100096&order_time=2021-09-21 HTTP/1.1" 200 411
58.39.139.200 - - [21/Sep/2021:09:47:37 +0800] "GET /xingrg/all/function/internal_message.html?_=1632188807534&CODE_STATE=getMsg HTTP/1.1" 200 27
58.37.227.186 - - [21/Sep/2021:09:47:43 +0800] "GET /xingrg/javascript/auto/indicator.gif HTTP/1.1" 404 1066
58.37.227.186 - - [21/Sep/2021:09:47:44 +0800] "GET /xingrg/javascript/jquery_tools/images/prev.gif HTTP/1.1" 404 1086
58.37.227.186 - - [21/Sep/2021:09:47:44 +0800] "GET /xingrg/javascript/jquery_tools/images/next.gif HTTP/1.1" 404 1086
116.230.105.26 - - [21/Sep/2021:09:47:47 +0800] "GET /xingrg/kc/report/report_main.html HTTP/1.1" 200 7345
58.39.139.200 - - [21/Sep/2021:09:47:47 +0800] "GET /xingrg/kc/buy/cgsh_order_operate.html?command=get_materiel&rest_code=00105&code=00101009062&supplier_code=00100024&order_time=2021-09-21 HTTP/1.1" 200 412
116.230.105.26 - - [21/Sep/2021:09:47:48 +0800] "GET /xingrg/kc/base/kc_stocks.html HTTP/1.1" 200 16443
61.151.178.197 - - [21/Sep/2021:09:47:48 +0800] "GET /xingrg/all/function/internal_message.html?_=1632188811166&CODE_STATE=getMsg HTTP/1.1" 302 -
116.237.74.154 - - [21/Sep/2021:09:47:48 +0800] "GET /xingrg/all/function/internal_message.html?_=1632188871137&CODE_STATE=getMsg HTTP/1.1" 200 27
114.85.125.222 - - [21/Sep/2021:09:47:48 +0800] "GET /xingrg/kc/buy/cgsh_order_operate.html?command=get_materiel&rest_code=00151&code=00101009124&supplier_code=00100424&order_time=2021-09-21 HTTP/1.1" 200 402
58.40.7.146 - - [21/Sep/2021:09:47:48 +0800] "GET /xingrg/all/function/internal_message.html?_=1632188872301&CODE_STATE=getMsg HTTP/1.1" 302 -
61.151.178.197 - - [21/Sep/2021:09:47:48 +0800] "GET /xingrg/login.html HTTP/1.1" 200 7641
116.230.105.26 - - [21/Sep/2021:09:47:48 +0800] "GET /xingrg/javascript/easyui/themes/default/tree.css HTTP/1.1" 404 1090
116.230.105.26 - - [21/Sep/2021:09:47:48 +0800] "GET /xingrg/all/common/auto_word.html?type=base&rest_code=00155 HTTP/1.1" 200 1707
116.230.105.26 - - [21/Sep/2021:09:47:48 +0800] "POST /xingrg/all/common/load_tree.html?tree=materiel_sort_tree_json HTTP/1.1" 200 8792
58.37.227.186 - - [21/Sep/2021:09:47:50 +0800] "GET /xingrg/kc/buy/cgsh_order_operate.html?command=get_materiel&rest_code=00141&code=00101007081&supplier_code=00100004&order_time=2021-09-21 HTTP/1.1" 200 413
222.70.246.151 - - [21/Sep/2021:09:47:50 +0800] "GET /xingrg/all/function/internal_message.html?_=1632188879684&CODE_STATE=getMsg HTTP/1.1" 200 27
116.230.105.26 - - [21/Sep/2021:09:47:56 +0800] "POST /xingrg/kc/base/stock_operate.html HTTP/1.1" 200 4597
116.230.105.26 - - [21/Sep/2021:09:47:57 +0800] "GET /xingrg/all/function/internal_message.html?_=1632188865115&CODE_STATE=getMsg HTTP/1.1" 200 27
116.230.105.26 - - [21/Sep/2021:09:47:58 +0800] "GET /xingrg/kc/base/stock_detail.html?m=00101008229 HTTP/1.1" 200 7243
116.230.105.26 - - [21/Sep/2021:09:47:59 +0800] "GET /xingrg/kc/base/stock_operate.html?_=1632188867124&command=get_report_file&start_day=20210901 HTTP/1.1" 200 53
116.230.105.26 - - [21/Sep/2021:09:47:59 +0800] "GET /xingrg/all/report/report_query.html?isQuery=1&onlyBody=1&rh=2000&fileName=kc/base/kc_stock_detail_new.xml&queryString=(1=1)&queryText=&tableQueryString=init_table$sp1$$sp$crk_table$sp1$order_day%20between%2020210901%20and%2020210930&varString=start_day:20210901,materiel_code:00101008229,cost_id:3308,end_date:20210831 HTTP/1.1" 200 48701
116.230.105.26 - - [21/Sep/2021:09:47:59 +0800] "GET /xingrg/dwr/interface/AjaxReportQueryService.js HTTP/1.1" 200 13203
116.230.105.26 - - [21/Sep/2021:09:47:59 +0800] "GET /xingrg/dwr/engine.js HTTP/1.1" 200 43631
116.230.105.26 - - [21/Sep/2021:09:47:59 +0800] "GET /xingrg/dwr/util.js HTTP/1.1" 200 35990
116.230.105.26 - - [21/Sep/2021:09:48:00 +0800] "POST /xingrg/all/report/load_report_page.html HTTP/1.1" 200 44640
116.230.105.26 - - [21/Sep/2021:09:48:00 +0800] "GET /xingrg/servlets/image?cache=0.8418534503672503&image=px HTTP/1.1" 200 807
58.39.139.200 - - [21/Sep/2021:09:48:01 +0800] "GET /xingrg/kc/buy/cgsh_order_operate.html?command=get_materiel&rest_code=00105&code=00101009011&supplier_code=00100024&order_time=2021-09-21 HTTP/1.1" 200 416
114.86.224.104 - - [21/Sep/2021:09:48:02 +0800] "GET /xingrg/all/function/internal_message.html?_=1632188888468&CODE_STATE=getMsg HTTP/1.1" 200 27
114.86.224.104 - - [21/Sep/2021:09:48:02 +0800] "GET /xingrg/check_reg.html?_=1632188888469 HTTP/1.1" 200 22
114.83.219.92 - - [21/Sep/2021:09:48:04 +0800] "GET /xingrg/all/function/internal_message.html?_=1632188887285&CODE_STATE=getMsg HTTP/1.1" 200 27
114.85.125.222 - - [21/Sep/2021:09:48:07 +0800] "POST /xingrg/kc/buy/cgsh_order_operate.html HTTP/1.1" 200 37
114.83.219.92 - - [21/Sep/2021:09:48:07 +0800] "POST /xingrg/services/DataTransmitService HTTP/1.1" 200 501
58.37.227.186 - - [21/Sep/2021:09:48:08 +0800] "GET /xingrg/kc/buy/cgsh_order_operate.html?command=get_materiel&rest_code=00141&code=00101007084&supplier_code=00100004&order_time=2021-09-21 HTTP/1.1" 200 417
114.85.125.222 - - [21/Sep/2021:09:48:08 +0800] "POST /xingrg/kc/buy/cgsh_order_operate.html HTTP/1.1" 200 9286
58.39.139.200 - - [21/Sep/2021:09:48:12 +0800] "GET /xingrg/kc/buy/cgsh_order_operate.html?command=get_materiel&rest_code=00105&code=00101009010&supplier_code=00100024&order_time=2021-09-21 HTTP/1.1" 200 412
58.37.227.186 - - [21/Sep/2021:09:48:18 +0800] "GET /xingrg/kc/buy/cgsh_order_operate.html?command=get_materiel&rest_code=00141&code=00101007071&supplier_code=00100004&order_time=2021-09-21 HTTP/1.1" 200 417
58.39.139.200 - - [21/Sep/2021:09:48:19 +0800] "GET /xingrg/all/function/internal_message.html?_=1632188904168&CODE_STATE=getMsg HTTP/1.1" 200 27
116.238.248.233 - - [21/Sep/2021:09:48:19 +0800] "GET /xingrg/check_reg.html?_=1632188902284 HTTP/1.1" 200 22
116.238.248.233 - - [21/Sep/2021:09:48:19 +0800] "GET /xingrg/all/function/internal_message.html?_=1632188902288&CODE_STATE=getMsg HTTP/1.1" 200 27
58.39.139.200 - - [21/Sep/2021:09:48:19 +0800] "GET /xingrg/check_reg.html?_=1632188905042 HTTP/1.1" 200 22
58.37.227.186 - - [21/Sep/2021:09:48:24 +0800] "GET /xingrg/all/function/internal_message.html?_=1632188774833&CODE_STATE=getMsg HTTP/1.1" 200 27
222.70.179.190 - - [21/Sep/2021:09:48:28 +0800] "GET /xingrg/all/function/internal_message.html?_=1632188910967&CODE_STATE=getMsg HTTP/1.1" 200 27
222.70.179.190 - - [21/Sep/2021:09:48:28 +0800] "GET /xingrg/check_reg.html?_=1632188910969 HTTP/1.1" 200 22
114.85.125.222 - - [21/Sep/2021:09:48:30 +0800] "GET /xingrg/all/function/internal_message.html?_=1632188893983&CODE_STATE=getMsg HTTP/1.1" 200 27
58.37.227.186 - - [21/Sep/2021:09:48:31 +0800] "POST /xingrg/kc/buy/cgsh_order_operate.html HTTP/1.1" 200 37
58.37.227.186 - - [21/Sep/2021:09:48:33 +0800] "POST /xingrg/kc/buy/cgsh_order_operate.html HTTP/1.1" 200 12
58.37.227.186 - - [21/Sep/2021:09:48:34 +0800] "GET /xingrg/kc/buy/cgsh_order_info.html?code=212021092109369 HTTP/1.1" 200 58397
58.37.227.186 - - [21/Sep/2021:09:48:35 +0800] "GET /xingrg/javascript/easyui/themes/default/validatebox.css HTTP/1.1" 404 1104
58.37.227.186 - - [21/Sep/2021:09:48:35 +0800] "POST /xingrg/kc/buy/cgsh_order_operate.html HTTP/1.1" 200 1803
58.37.227.186 - - [21/Sep/2021:09:48:36 +0800] "GET /xingrg/kc/print/load_config.html?kc_code=cgsh HTTP/1.1" 200 2076
58.37.227.186 - - [21/Sep/2021:09:48:36 +0800] "GET /xingrg/kc/print/load_data.html?order_code=212021092109369&kc_code=cgsh&condition= HTTP/1.1" 200 1227
58.39.139.200 - - [21/Sep/2021:09:48:37 +0800] "GET /xingrg/all/function/internal_message.html?_=1632188867534&CODE_STATE=getMsg HTTP/1.1" 200 27
116.238.248.233 - - [21/Sep/2021:09:48:38 +0800] "GET /xingrg/kc/buy/cgsh_order_operate.html?command=get_materiel&rest_code=00150&code=00101007061&supplier_code=00100096&order_time=2021-09-21 HTTP/1.1" 200 409
114.83.219.92 - - [21/Sep/2021:09:48:43 +0800] "POST /xingrg/services/DataTransmitService HTTP/1.1" 200 501
101.89.239.245 - - [21/Sep/2021:09:48:48 +0800] "GET /xingrg/all/function/internal_message.html?_=1632188871137&CODE_STATE=getMsg HTTP/1.1" 302 -
116.237.74.154 - - [21/Sep/2021:09:48:48 +0800] "GET /xingrg/all/function/internal_message.html?_=1632188931119&CODE_STATE=getMsg HTTP/1.1" 200 27
101.89.239.245 - - [21/Sep/2021:09:48:48 +0800] "GET /xingrg/login.html HTTP/1.1" 200 7641
58.40.7.146 - - [21/Sep/2021:09:48:48 +0800] "GET /xingrg/all/function/internal_message.html?_=1632188932304&CODE_STATE=getMsg HTTP/1.1" 302 -
58.40.7.146 - - [21/Sep/2021:09:48:48 +0800] "GET /xingrg/check_reg.html?_=1632188932306 HTTP/1.1" 302 -
114.83.219.92 - - [21/Sep/2021:09:48:49 +0800] "POST /xingrg/services/DataTransmitService HTTP/1.1" 200 501
114.83.219.92 - - [21/Sep/2021:09:48:49 +0800] "POST /xingrg/services/DataTransmitService HTTP/1.1" 200 501
222.70.246.151 - - [21/Sep/2021:09:48:50 +0800] "GET /xingrg/all/function/internal_message.html?_=1632188940088&CODE_STATE=getMsg HTTP/1.1" 200 27
116.238.248.233 - - [21/Sep/2021:09:48:53 +0800] "GET /xingrg/kc/buy/cgsh_order_operate.html?command=get_materiel&rest_code=00150&code=00101007014&supplier_code=00100096&order_time=2021-09-21 HTTP/1.1" 200 420
222.70.246.151 - - [21/Sep/2021:09:48:54 +0800] "POST /xingrg/services/DataTransmitService HTTP/1.1" 200 524
222.70.246.151 - - [21/Sep/2021:09:48:54 +0800] "POST /xingrg/services/DataTransmitService HTTP/1.1" 200 2167
116.230.105.26 - - [21/Sep/2021:09:48:57 +0800] "GET /xingrg/check_reg.html?_=1632188925104 HTTP/1.1" 200 22
116.230.105.26 - - [21/Sep/2021:09:48:57 +0800] "GET /xingrg/all/function/internal_message.html?_=1632188925124&CODE_STATE=getMsg HTTP/1.1" 200 27
116.230.105.26 - - [21/Sep/2021:09:49:00 +0800] "GET /xingrg/kc/print/load_config.html?kc_code=cgsh HTTP/1.1" 200 2076
116.230.105.26 - - [21/Sep/2021:09:49:00 +0800] "GET /xingrg/kc/print/load_data.html?order_code=212021092109360&kc_code=cgsh HTTP/1.1" 200 12861
114.86.224.104 - - [21/Sep/2021:09:49:02 +0800] "GET /xingrg/all/function/internal_message.html?_=1632188948472&CODE_STATE=getMsg HTTP/1.1" 200 27
114.83.219.92 - - [21/Sep/2021:09:49:04 +0800] "GET /xingrg/all/function/internal_message.html?_=1632188947258&CODE_STATE=getMsg HTTP/1.1" 200 27
116.238.248.233 - - [21/Sep/2021:09:49:05 +0800] "GET /xingrg/kc/buy/cgsh_order_operate.html?command=get_materiel&rest_code=00150&code=00101007049&supplier_code=00100096&order_time=2021-09-21 HTTP/1.1" 200 409
114.83.219.92 - - [21/Sep/2021:09:49:06 +0800] "POST /xingrg/services/DataTransmitService HTTP/1.1" 200 501
114.83.219.92 - - [21/Sep/2021:09:49:08 +0800] "POST /xingrg/services/DataTransmitService HTTP/1.1" 200 501
114.85.125.222 - - [21/Sep/2021:09:49:09 +0800] "POST /xingrg/all/user/operate.html HTTP/1.1" 200 36
114.83.219.92 - - [21/Sep/2021:09:49:09 +0800] "POST /xingrg/services/DataTransmitService HTTP/1.1" 200 501
114.85.125.222 - - [21/Sep/2021:09:49:11 +0800] "GET /xingrg/javascript/jquery_easy_ui/themes/default/easyui.css HTTP/1.1" 304 -
114.85.125.222 - - [21/Sep/2021:09:49:11 +0800] "GET /xingrg/index.html?sysBaseUrl=http%3A%2F%2F180.169.147.146%3A18081%2Fxingrg%2F&costTime=43×tamp=1632187858705 HTTP/1.1" 200 17179
114.85.125.222 - - [21/Sep/2021:09:49:11 +0800] "GET /xingrg/javascript/jquery_easy_ui/themes/icon.css HTTP/1.1" 304 -
114.85.125.222 - - [21/Sep/2021:09:49:11 +0800] "GET /xingrg/css/form.css HTTP/1.1" 304 -
114.85.125.222 - - [21/Sep/2021:09:49:11 +0800] "GET /xingrg/javascript/jquery-1.4.2.min.js HTTP/1.1" 304 -
114.85.125.222 - - [21/Sep/2021:09:49:11 +0800] "GET /xingrg/javascript/jquery_easy_ui/jquery.easyui.min.js HTTP/1.1" 304 -
114.85.125.222 - - [21/Sep/2021:09:49:11 +0800] "GET /xingrg/javascript/jquery_easy_ui/easyui-lang-zh_CN.js HTTP/1.1" 304 -
114.85.125.222 - - [21/Sep/2021:09:49:11 +0800] "GET /xingrg/javascript/jquery.form.js HTTP/1.1" 304 -
114.85.125.222 - - [21/Sep/2021:09:49:11 +0800] "GET /xingrg/javascript/jquery.utils.js HTTP/1.1" 304 -
114.85.125.222 - - [21/Sep/2021:09:49:11 +0800] "GET /xingrg/javascript/jquery.timers.js HTTP/1.1" 304 -
114.85.125.222 - - [21/Sep/2021:09:49:11 +0800] "GET /xingrg/images/blue/jxLogo.png HTTP/1.1" 304 -
114.85.125.222 - - [21/Sep/2021:09:49:11 +0800] "GET /xingrg/images/blue/navBackgound.jpg HTTP/1.1" 304 -
114.85.125.222 - - [21/Sep/2021:09:49:11 +0800] "GET /xingrg/javascript/jquery_easy_ui/themes/icons/settle_new.png HTTP/1.1" 304 -
114.85.125.222 - - [21/Sep/2021:09:49:11 +0800] "POST /xingrg/all/common/load_tree.html?tree=area_rest_tree_json&manage=1 HTTP/1.1" 200 476
114.85.125.222 - - [21/Sep/2021:09:49:11 +0800] "GET /xingrg/images/blue/pingpu.png HTTP/1.1" 304 -
114.85.125.222 - - [21/Sep/2021:09:49:11 +0800] "GET /xingrg/javascript/jquery_easy_ui/themes/default/images/tabs_leftarrow.png HTTP/1.1" 304 -
114.85.125.222 - - [21/Sep/2021:09:49:11 +0800] "GET /xingrg/javascript/jquery_easy_ui/themes/default/images/tabs_rightarrow.png HTTP/1.1" 304 -
114.85.125.222 - - [21/Sep/2021:09:49:11 +0800] "GET /xingrg/javascript/jquery_easy_ui/themes/default/images/panel_tool_collapse.gif HTTP/1.1" 304 -
114.85.125.222 - - [21/Sep/2021:09:49:11 +0800] "GET /xingrg/all/function/internal_message.html?_=1632188934649&CODE_STATE=count HTTP/1.1" 200 11
114.85.125.222 - - [21/Sep/2021:09:49:11 +0800] "GET /xingrg/check_reg.html?_=1632188934650 HTTP/1.1" 200 22
114.85.125.222 - - [21/Sep/2021:09:49:11 +0800] "POST /xingrg/load_menu.html HTTP/1.1" 200 5138
222.70.246.151 - - [21/Sep/2021:09:49:13 +0800] "POST /xingrg/services/DataTransmitService HTTP/1.1" 200 524
114.83.219.92 - - [21/Sep/2021:09:49:13 +0800] "POST /xingrg/services/DataTransmitService HTTP/1.1" 200 412
222.70.246.151 - - [21/Sep/2021:09:49:13 +0800] "POST /xingrg/services/DataTransmitService HTTP/1.1" 200 2167
114.85.125.222 - - [21/Sep/2021:09:49:15 +0800] "GET /xingrg/kc/buy/cgsh_order_list.html HTTP/1.1" 200 47750
114.85.125.222 - - [21/Sep/2021:09:49:17 +0800] "POST /xingrg/kc/buy/cgsh_list_operate.html HTTP/1.1" 200 1673
58.39.139.200 - - [21/Sep/2021:09:49:19 +0800] "GET /xingrg/all/function/internal_message.html?_=1632188964164&CODE_STATE=getMsg HTTP/1.1" 200 27
116.238.248.233 - - [21/Sep/2021:09:49:19 +0800] "GET /xingrg/all/function/internal_message.html?_=1632188962283&CODE_STATE=getMsg HTTP/1.1" 200 27
114.85.125.222 - - [21/Sep/2021:09:49:23 +0800] "GET /xingrg/kc/buy/cgsh_order_add.html HTTP/1.1" 200 63418
114.85.125.222 - - [21/Sep/2021:09:49:23 +0800] "POST /xingrg/kc/buy/cgsh_order_operate.html HTTP/1.1" 200 8245
114.85.125.222 - - [21/Sep/2021:09:49:23 +0800] "GET /xingrg/javascript/easyui/themes/default/validatebox.css HTTP/1.1" 404 1104
116.238.248.233 - - [21/Sep/2021:09:49:23 +0800] "POST /xingrg/kc/buy/cgsh_order_operate.html HTTP/1.1" 200 2065
58.37.227.186 - - [21/Sep/2021:09:49:24 +0800] "GET /xingrg/all/function/internal_message.html?_=1632188834831&CODE_STATE=getMsg HTTP/1.1" 200 27
114.85.125.222 - - [21/Sep/2021:09:49:25 +0800] "GET /xingrg/javascript/auto/indicator.gif HTTP/1.1" 404 1066
222.70.179.190 - - [21/Sep/2021:09:49:28 +0800] "GET /xingrg/all/function/internal_message.html?_=1632188970954&CODE_STATE=getMsg HTTP/1.1" 200 27
116.238.248.233 - - [21/Sep/2021:09:49:31 +0800] "GET /xingrg/kc/buy/cgsh_order_operate.html?command=get_materiel&rest_code=00150&code=00101007048&supplier_code=00100096&order_time=2021-09-21 HTTP/1.1" 200 410
114.85.125.222 - - [21/Sep/2021:09:49:37 +0800] "GET /xingrg/kc/buy/cgsh_order_operate.html?command=get_materiel&rest_code=00150&code=00101008323&supplier_code=00100007&order_time=2021-09-21 HTTP/1.1" 200 408
58.39.139.200 - - [21/Sep/2021:09:49:37 +0800] "GET /xingrg/all/function/internal_message.html?_=1632188927535&CODE_STATE=getMsg HTTP/1.1" 200 27
114.85.125.222 - - [21/Sep/2021:09:49:47 +0800] "GET /xingrg/kc/buy/cgsh_order_operate.html?command=get_materiel&rest_code=00150&code=00101008176&supplier_code=00100007&order_time=2021-09-21 HTTP/1.1" 200 412
61.151.178.163 - - [21/Sep/2021:09:49:48 +0800] "GET /xingrg/all/function/internal_message.html?_=1632188931119&CODE_STATE=getMsg HTTP/1.1" 302 -
116.237.74.154 - - [21/Sep/2021:09:49:48 +0800] "GET /xingrg/all/function/internal_message.html?_=1632188991098&CODE_STATE=getMsg HTTP/1.1" 200 27
58.40.7.146 - - [21/Sep/2021:09:49:48 +0800] "GET /xingrg/all/function/internal_message.html?_=1632188992309&CODE_STATE=getMsg HTTP/1.1" 302 -
61.151.178.163 - - [21/Sep/2021:09:49:48 +0800] "GET /xingrg/login.html HTTP/1.1" 200 7641
116.238.248.233 - - [21/Sep/2021:09:49:49 +0800] "GET /xingrg/kc/buy/cgsh_order_operate.html?command=get_materiel&rest_code=00150&code=00101007021&supplier_code=00100096&order_time=2021-09-21 HTTP/1.1" 200 411
222.70.246.151 - - [21/Sep/2021:09:49:50 +0800] "GET /xingrg/all/function/internal_message.html?_=1632189000100&CODE_STATE=getMsg HTTP/1.1" 200 27
116.230.105.26 - - [21/Sep/2021:09:49:57 +0800] "GET /xingrg/all/function/internal_message.html?_=1632188985108&CODE_STATE=getMsg HTTP/1.1" 200 27
114.85.125.222 - - [21/Sep/2021:09:49:57 +0800] "GET /xingrg/kc/buy/cgsh_order_operate.html?command=get_materiel&rest_code=00150&code=00101008091&supplier_code=00100007&order_time=2021-09-21 HTTP/1.1" 200 413
116.238.248.233 - - [21/Sep/2021:09:50:00 +0800] "GET /xingrg/kc/buy/cgsh_order_operate.html?command=get_materiel&rest_code=00150&code=00101007020&supplier_code=00100096&order_time=2021-09-21 HTTP/1.1" 200 408
114.86.224.104 - - [21/Sep/2021:09:50:02 +0800] "GET /xingrg/all/function/internal_message.html?_=1632189008473&CODE_STATE=getMsg HTTP/1.1" 200 27
114.83.219.92 - - [21/Sep/2021:09:50:04 +0800] "GET /xingrg/all/function/internal_message.html?_=1632189007232&CODE_STATE=getMsg HTTP/1.1" 200 27
114.85.125.222 - - [21/Sep/2021:09:50:04 +0800] "GET /xingrg/kc/buy/cgsh_order_operate.html?command=get_materiel&rest_code=00150&code=00101008072&supplier_code=00100007&order_time=2021-09-21 HTTP/1.1" 200 408
114.85.125.222 - - [21/Sep/2021:09:50:11 +0800] "GET /xingrg/all/function/internal_message.html?_=1632188994663&CODE_STATE=getMsg HTTP/1.1" 200 27
58.39.139.200 - - [21/Sep/2021:09:50:19 +0800] "GET /xingrg/all/function/internal_message.html?_=1632189024106&CODE_STATE=getMsg HTTP/1.1" 200 27
116.238.248.233 - - [21/Sep/2021:09:50:19 +0800] "GET /xingrg/all/function/internal_message.html?_=1632189022292&CODE_STATE=getMsg HTTP/1.1" 200 27
116.238.248.233 - - [21/Sep/2021:09:50:21 +0800] "GET /xingrg/kc/buy/cgsh_order_operate.html?command=get_materiel&rest_code=00150&code=00101007031&supplier_code=00100096&order_time=2021-09-21 HTTP/1.1" 200 413
180.152.125.3 - - [21/Sep/2021:09:50:23 +0800] "GET /xingrg/login.html HTTP/1.1" 200 7641
58.37.227.186 - - [21/Sep/2021:09:50:24 +0800] "GET /xingrg/all/function/internal_message.html?_=1632188894835&CODE_STATE=getMsg HTTP/1.1" 200 27
180.152.125.3 - - [21/Sep/2021:09:50:24 +0800] "GET /xingrg/images/blue/jxLogo.png HTTP/1.1" 200 6156
180.152.125.3 - - [21/Sep/2021:09:50:25 +0800] "GET /xingrg/images/blue/srbg.png HTTP/1.1" 200 138
180.152.125.3 - - [21/Sep/2021:09:50:25 +0800] "GET /favicon.ico HTTP/1.1" 404 -
180.152.125.3 - - [21/Sep/2021:09:50:25 +0800] "GET /xingrg/images/blue/hj.png HTTP/1.1" 200 1014
180.152.125.3 - - [21/Sep/2021:09:50:27 +0800] "GET /xingrg/images/blue/login_bg.png HTTP/1.1" 200 22101
114.85.125.222 - - [21/Sep/2021:09:50:27 +0800] "GET /xingrg/kc/buy/cgsh_order_operate.html?command=get_materiel&rest_code=00150&code=00101008257&supplier_code=00100007&order_time=2021-09-21 HTTP/1.1" 200 416
222.70.179.190 - - [21/Sep/2021:09:50:28 +0800] "GET /xingrg/all/function/internal_message.html?_=1632189030956&CODE_STATE=getMsg HTTP/1.1" 200 27
180.152.125.3 - - [21/Sep/2021:09:50:32 +0800] "POST /xingrg/login.do HTTP/1.1" 302 -
180.152.125.3 - - [21/Sep/2021:09:50:34 +0800] "GET /xingrg/css/form.css HTTP/1.1" 200 893
180.152.125.3 - - [21/Sep/2021:09:50:34 +0800] "GET /xingrg/javascript/jquery_easy_ui/themes/icon.css HTTP/1.1" 200 3949
180.152.125.3 - - [21/Sep/2021:09:50:34 +0800] "GET /favicon.ico HTTP/1.1" 404 -
180.152.125.3 - - [21/Sep/2021:09:50:34 +0800] "GET /xingrg/javascript/jquery_easy_ui/easyui-lang-zh_CN.js HTTP/1.1" 200 1900
180.152.125.3 - - [21/Sep/2021:09:50:34 +0800] "GET /xingrg/javascript/jquery_easy_ui/jquery.easyui.min.js HTTP/1.1" 200 213662
180.152.125.3 - - [21/Sep/2021:09:50:34 +0800] "GET /xingrg/javascript/jquery.timers.js HTTP/1.1" 200 3532
180.152.125.3 - - [21/Sep/2021:09:50:34 +0800] "GET /xingrg/javascript/jquery.utils.js HTTP/1.1" 304 -
114.85.125.222 - - [21/Sep/2021:09:50:36 +0800] "GET /xingrg/kc/buy/cgsh_order_operate.html?command=get_materiel&rest_code=00150&code=00101008156&supplier_code=00100007&order_time=2021-09-21 HTTP/1.1" 200 414
180.152.125.3 - - [21/Sep/2021:09:50:36 +0800] "GET /xingrg/index.html?sysBaseUrl=http%3A%2F%2F180.169.147.146%3A18081%2Fxingrg%2F&costTime=38×tamp=1632189032609 HTTP/1.1" 200 17173
58.39.139.200 - - [21/Sep/2021:09:50:37 +0800] "GET /xingrg/all/function/internal_message.html?_=1632188987564&CODE_STATE=getMsg HTTP/1.1" 200 27
180.152.125.3 - - [21/Sep/2021:09:50:37 +0800] "GET /xingrg/javascript/jquery-1.4.2.min.js HTTP/1.1" 200 72205
180.152.125.3 - - [21/Sep/2021:09:50:37 +0800] "GET /xingrg/javascript/jquery_easy_ui/themes/default/easyui.css HTTP/1.1" 200 26500
180.152.125.3 - - [21/Sep/2021:09:50:39 +0800] "GET /xingrg/javascript/jquery.form.js HTTP/1.1" 200 23110
114.85.125.222 - - [21/Sep/2021:09:50:45 +0800] "GET /xingrg/kc/buy/cgsh_order_operate.html?command=get_materiel&rest_code=00150&code=00101008350&supplier_code=00100007&order_time=2021-09-21 HTTP/1.1" 200 408
116.237.74.154 - - [21/Sep/2021:09:50:48 +0800] "GET /xingrg/all/function/internal_message.html?_=1632189051068&CODE_STATE=getMsg HTTP/1.1" 200 27
58.40.7.146 - - [21/Sep/2021:09:50:48 +0800] "GET /xingrg/all/function/internal_message.html?_=1632189052298&CODE_STATE=getMsg HTTP/1.1" 302 -
222.70.246.151 - - [21/Sep/2021:09:50:49 +0800] "GET /xingrg/check_reg.html?_=1632189059261 HTTP/1.1" 200 22
180.152.125.3 - - [21/Sep/2021:09:50:50 +0800] "GET /xingrg/javascript/jquery_easy_ui/themes/icons/settle_new.png HTTP/1.1" 200 826
180.152.125.3 - - [21/Sep/2021:09:50:50 +0800] "GET /xingrg/images/blue/pingpu.png HTTP/1.1" 200 231
180.152.125.3 - - [21/Sep/2021:09:50:50 +0800] "GET /xingrg/javascript/jquery_easy_ui/themes/default/images/tabs_leftarrow.png HTTP/1.1" 200 389
180.152.125.3 - - [21/Sep/2021:09:50:50 +0800] "GET /xingrg/javascript/jquery_easy_ui/themes/default/images/tabs_rightarrow.png HTTP/1.1" 200 395
180.152.125.3 - - [21/Sep/2021:09:50:50 +0800] "POST /xingrg/all/common/load_tree.html?tree=area_rest_tree_json&manage=1 HTTP/1.1" 200 342
180.152.125.3 - - [21/Sep/2021:09:50:50 +0800] "GET /xingrg/javascript/jquery_easy_ui/themes/default/images/panel_tool_collapse.gif HTTP/1.1" 200 246
180.152.125.3 - - [21/Sep/2021:09:50:50 +0800] "GET /xingrg/all/function/internal_message.html?_=1632189032538&CODE_STATE=count HTTP/1.1" 200 11
180.152.125.3 - - [21/Sep/2021:09:50:50 +0800] "GET /xingrg/check_reg.html?_=1632189032541 HTTP/1.1" 200 22
180.152.125.3 - - [21/Sep/2021:09:50:50 +0800] "POST /xingrg/load_menu.html HTTP/1.1" 200 5138
180.152.125.3 - - [21/Sep/2021:09:50:50 +0800] "GET /xingrg/javascript/jquery_easy_ui/themes/default/images/tree_arrows.gif HTTP/1.1" 200 1043
222.70.246.151 - - [21/Sep/2021:09:50:50 +0800] "GET /xingrg/all/function/internal_message.html?_=1632189060115&CODE_STATE=getMsg HTTP/1.1" 200 27
180.152.125.3 - - [21/Sep/2021:09:50:55 +0800] "GET /xingrg/images/blue/navBackgound.jpg HTTP/1.1" 200 12378
116.230.105.26 - - [21/Sep/2021:09:50:57 +0800] "GET /xingrg/all/function/internal_message.html?_=1632189045110&CODE_STATE=getMsg HTTP/1.1" 200 27
114.85.125.222 - - [21/Sep/2021:09:51:01 +0800] "GET /xingrg/kc/buy/cgsh_order_operate.html?command=get_materiel&rest_code=00150&code=00101008049&supplier_code=00100007&order_time=2021-09-21 HTTP/1.1" 200 408
114.86.224.104 - - [21/Sep/2021:09:51:02 +0800] "GET /xingrg/all/function/internal_message.html?_=1632189068475&CODE_STATE=getMsg HTTP/1.1" 200 27
114.83.219.92 - - [21/Sep/2021:09:51:04 +0800] "GET /xingrg/all/function/internal_message.html?_=1632189067230&CODE_STATE=getMsg HTTP/1.1" 200 27
114.83.219.92 - - [21/Sep/2021:09:51:04 +0800] "GET /xingrg/check_reg.html?_=1632189067344 HTTP/1.1" 200 22
180.152.125.3 - - [21/Sep/2021:09:51:09 +0800] "GET /xingrg/javascript/jquery_easy_ui/themes/default/images/tree_folder_open.gif HTTP/1.1" 200 956
180.152.125.3 - - [21/Sep/2021:09:51:09 +0800] "GET /xingrg/javascript/jquery_easy_ui/themes/icons/search_new.png HTTP/1.1" 200 586
180.152.125.3 - - [21/Sep/2021:09:51:09 +0800] "GET /xingrg/javascript/jquery_easy_ui/themes/default/images/tree_folder.gif HTTP/1.1" 200 952
180.152.125.3 - - [21/Sep/2021:09:51:09 +0800] "GET /xingrg/javascript/jquery_easy_ui/themes/icons/storage_new.png HTTP/1.1" 200 853
180.152.125.3 - - [21/Sep/2021:09:51:09 +0800] "GET /xingrg/javascript/jquery_easy_ui/themes/icons/forms_new.png HTTP/1.1" 200 350
180.152.125.3 - - [21/Sep/2021:09:51:09 +0800] "GET /xingrg/javascript/jquery_easy_ui/themes/default/images/tree_file.gif HTTP/1.1" 200 118
114.85.125.222 - - [21/Sep/2021:09:51:11 +0800] "GET /xingrg/all/function/internal_message.html?_=1632189054664&CODE_STATE=getMsg HTTP/1.1" 200 27
114.85.125.222 - - [21/Sep/2021:09:51:12 +0800] "GET /xingrg/kc/buy/cgsh_order_operate.html?command=get_materiel&rest_code=00150&code=00101008149&supplier_code=00100007&order_time=2021-09-21 HTTP/1.1" 200 408
180.152.125.3 - - [21/Sep/2021:09:51:13 +0800] "GET /xingrg/javascript/jquery_easy_ui/themes/default/images/tabs_close.gif HTTP/1.1" 200 829
180.152.125.3 - - [21/Sep/2021:09:51:13 +0800] "GET /xingrg/css/base.css HTTP/1.1" 200 2811
180.152.125.3 - - [21/Sep/2021:09:51:13 +0800] "GET /xingrg/css/site.css HTTP/1.1" 200 7541
180.152.125.3 - - [21/Sep/2021:09:51:13 +0800] "GET /xingrg/javascript/jquery_tools/datebox.css HTTP/1.1" 200 2597
180.152.125.3 - - [21/Sep/2021:09:51:13 +0800] "GET /xingrg/javascript/easyui/themes/icon.css HTTP/1.1" 200 4483
180.152.125.3 - - [21/Sep/2021:09:51:13 +0800] "GET /xingrg/javascript/auto/jquery.autocomplete.css HTTP/1.1" 200 587
180.152.125.3 - - [21/Sep/2021:09:51:14 +0800] "GET /xingrg/javascript/jquery_tools/fix.css HTTP/1.1" 304 -
180.152.125.3 - - [21/Sep/2021:09:51:14 +0800] "GET /xingrg/javascript/jquery_tools/jquery.tools.min.js HTTP/1.1" 200 138801
180.152.125.3 - - [21/Sep/2021:09:51:14 +0800] "GET /xingrg/javascript/jquery_tools/table.css HTTP/1.1" 200 1032
180.152.125.3 - - [21/Sep/2021:09:51:14 +0800] "GET /xingrg/javascript/jquery_tools/jquery.tools.hotkey.js HTTP/1.1" 304 -
180.152.125.3 - - [21/Sep/2021:09:51:14 +0800] "GET /xingrg/javascript/jquery_tools/jquery.tools.table.js HTTP/1.1" 200 6994
180.152.125.3 - - [21/Sep/2021:09:51:14 +0800] "GET /xingrg/javascript/jquery_tools/jquery.tools.extend.js HTTP/1.1" 200 15385
180.152.125.3 - - [21/Sep/2021:09:51:14 +0800] "GET /xingrg/javascript/jquery_tools/list_manager.js HTTP/1.1" 200 3652
180.152.125.3 - - [21/Sep/2021:09:51:14 +0800] "GET /xingrg/javascript/easyui/easyloader.js HTTP/1.1" 200 5975
180.152.125.3 - - [21/Sep/2021:09:51:14 +0800] "GET /xingrg/javascript/jquery.cookie.js HTTP/1.1" 200 5513
180.152.125.3 - - [21/Sep/2021:09:51:14 +0800] "GET /xingrg/javascript/print/LodopFuncs.js HTTP/1.1" 200 5121
180.152.125.3 - - [21/Sep/2021:09:51:14 +0800] "GET /xingrg/javascript/easyui/themes/default/easyui.css HTTP/1.1" 200 30432
180.152.125.3 - - [21/Sep/2021:09:51:14 +0800] "GET /xingrg/javascript/auto/jquery.autocomplete.js HTTP/1.1" 200 21624
180.152.125.3 - - [21/Sep/2021:09:51:14 +0800] "GET /xingrg/kc/buy/cgsh_order_list.html HTTP/1.1" 200 47744
180.152.125.3 - - [21/Sep/2021:09:51:16 +0800] "GET /xingrg/javascript/easyui/themes/icons/edit_add_new.png HTTP/1.1" 200 2997
180.152.125.3 - - [21/Sep/2021:09:51:16 +0800] "GET /xingrg/javascript/easyui/themes/icons/cance_new.png HTTP/1.1" 200 3986
180.152.125.3 - - [21/Sep/2021:09:51:16 +0800] "GET /xingrg/javascript/easyui/themes/icons/check_new.png HTTP/1.1" 200 3224
180.152.125.3 - - [21/Sep/2021:09:51:16 +0800] "GET /xingrg/javascript/easyui/themes/icons/field_new.png HTTP/1.1" 200 1097
180.152.125.3 - - [21/Sep/2021:09:51:16 +0800] "GET /xingrg/javascript/easyui/themes/icons/import_new.png HTTP/1.1" 200 1247
180.152.125.3 - - [21/Sep/2021:09:51:16 +0800] "GET /xingrg/javascript/jquery_easy_ui/themes/icons/area.png HTTP/1.1" 200 262
180.152.125.3 - - [21/Sep/2021:09:51:16 +0800] "GET /xingrg/javascript/jquery_easy_ui/themes/icons/rest.png HTTP/1.1" 200 695
180.152.125.3 - - [21/Sep/2021:09:51:16 +0800] "GET /xingrg/javascript/easyui/plugins/jquery.parser.js HTTP/1.1" 200 1142
180.152.125.3 - - [21/Sep/2021:09:51:16 +0800] "GET /xingrg/images/control/ajaxLoader.gif HTTP/1.1" 200 4659
180.152.125.3 - - [21/Sep/2021:09:51:17 +0800] "POST /xingrg/kc/buy/cgsh_list_operate.html HTTP/1.1" 200 876
58.39.139.200 - - [21/Sep/2021:09:51:19 +0800] "GET /xingrg/all/function/internal_message.html?_=1632189084075&CODE_STATE=getMsg HTTP/1.1" 200 27
116.238.248.233 - - [21/Sep/2021:09:51:19 +0800] "GET /xingrg/all/function/internal_message.html?_=1632189082305&CODE_STATE=getMsg HTTP/1.1" 200 27
180.152.125.3 - - [21/Sep/2021:09:51:19 +0800] "GET /xingrg/javascript/easyui/themes/default/images/button_plain_hover.png HTTP/1.1" 200 144
180.152.125.3 - - [21/Sep/2021:09:51:19 +0800] "GET /xingrg/javascript/pic_change.js HTTP/1.1" 200 4739
180.152.125.3 - - [21/Sep/2021:09:51:19 +0800] "GET /xingrg/javascript/convert.js HTTP/1.1" 200 1239
180.152.125.3 - - [21/Sep/2021:09:51:19 +0800] "GET /xingrg/javascript/print/kc_print.js HTTP/1.1" 200 11415
180.152.125.3 - - [21/Sep/2021:09:51:19 +0800] "GET /xingrg/javascript/jquery_tools/order_manager.js HTTP/1.1" 200 11183
180.152.125.3 - - [21/Sep/2021:09:51:19 +0800] "GET /xingrg/javascript/json2.js HTTP/1.1" 200 11259
180.152.125.3 - - [21/Sep/2021:09:51:19 +0800] "GET /xingrg/kc/buy/cgsh_order_add.html HTTP/1.1" 200 63441
180.152.125.3 - - [21/Sep/2021:09:51:20 +0800] "GET /xingrg/javascript/easyui/themes/icons/copy_new.png HTTP/1.1" 200 815
180.152.125.3 - - [21/Sep/2021:09:51:20 +0800] "GET /xingrg/javascript/easyui/themes/icons/template_new.png HTTP/1.1" 200 3956
180.152.125.3 - - [21/Sep/2021:09:51:20 +0800] "GET /xingrg/javascript/easyui/themes/icons/ok.png HTTP/1.1" 200 883
180.152.125.3 - - [21/Sep/2021:09:51:20 +0800] "GET /xingrg/javascript/easyui/themes/icons/print.png HTTP/1.1" 200 1057
180.152.125.3 - - [21/Sep/2021:09:51:20 +0800] "GET /xingrg/javascript/easyui/themes/default/images/menu_downarrow.png HTTP/1.1" 200 173
180.152.125.3 - - [21/Sep/2021:09:51:20 +0800] "GET /xingrg/javascript/easyui/themes/icons/cancel.png HTTP/1.1" 200 1133
180.152.125.3 - - [21/Sep/2021:09:51:20 +0800] "GET /xingrg/words/20210920125024_words.js HTTP/1.1" 200 848085
116.237.74.154 - - [21/Sep/2021:09:51:22 +0800] "GET /xingrg/check_reg.html?_=1632189085253 HTTP/1.1" 200 22
180.152.125.3 - - [21/Sep/2021:09:51:22 +0800] "POST /xingrg/kc/buy/cgsh_order_operate.html HTTP/1.1" 200 8245
180.152.125.3 - - [21/Sep/2021:09:51:22 +0800] "GET /xingrg/javascript/easyui/themes/icons/edit_remove.png HTTP/1.1" 200 625
180.152.125.3 - - [21/Sep/2021:09:51:23 +0800] "GET /xingrg/all/common/auto_word.html?type=employee&rest_code=00102 HTTP/1.1" 200 189
180.152.125.3 - - [21/Sep/2021:09:51:23 +0800] "GET /xingrg/all/common/auto_word.html?type=employee&rest_code=00102 HTTP/1.1" 200 189
58.37.227.186 - - [21/Sep/2021:09:51:24 +0800] "GET /xingrg/all/function/internal_message.html?_=1632188954841&CODE_STATE=getMsg HTTP/1.1" 200 27
222.70.179.190 - - [21/Sep/2021:09:51:28 +0800] "GET /xingrg/all/function/internal_message.html?_=1632189090967&CODE_STATE=getMsg HTTP/1.1" 200 27
180.152.125.3 - - [21/Sep/2021:09:51:30 +0800] "GET /xingrg/javascript/auto/indicator.gif HTTP/1.1" 404 1066
180.152.125.3 - - [21/Sep/2021:09:51:30 +0800] "GET /xingrg/javascript/easyui/plugins/jquery.validatebox.js HTTP/1.1" 200 6103
180.152.125.3 - - [21/Sep/2021:09:51:30 +0800] "GET /xingrg/javascript/easyui/themes/default/validatebox.css HTTP/1.1" 404 1104
180.152.125.3 - - [21/Sep/2021:09:51:30 +0800] "GET /xingrg/javascript/easyui/plugins/jquery.numberbox.js HTTP/1.1" 200 5213
116.238.248.233 - - [21/Sep/2021:09:51:33 +0800] "POST /xingrg/kc/buy/cgsh_order_operate.html HTTP/1.1" 200 37
116.238.248.233 - - [21/Sep/2021:09:51:35 +0800] "POST /xingrg/kc/buy/cgsh_order_operate.html HTTP/1.1" 200 13946
58.39.139.200 - - [21/Sep/2021:09:51:37 +0800] "GET /xingrg/check_reg.html?_=1632189047563 HTTP/1.1" 200 22
58.39.139.200 - - [21/Sep/2021:09:51:37 +0800] "GET /xingrg/all/function/internal_message.html?_=1632189047565&CODE_STATE=getMsg HTTP/1.1" 200 27
120.253.135.82 - - [21/Sep/2021:09:51:43 +0800] "GET /xingrg/check_reg.html?_=1632188879761 HTTP/1.1" 200 22
180.152.125.3 - - [21/Sep/2021:09:51:45 +0800] "GET /xingrg/kc/buy/cgsh_order_operate.html?command=get_materiel&rest_code=00102&code=00101006109&supplier_code=00100096&order_time=2021-09-21 HTTP/1.1" 200 409
61.151.178.177 - - [21/Sep/2021:09:51:48 +0800] "GET /xingrg/all/function/internal_message.html?_=1632189051068&CODE_STATE=getMsg HTTP/1.1" 302 -
116.237.74.154 - - [21/Sep/2021:09:51:48 +0800] "GET /xingrg/all/function/internal_message.html?_=1632189111046&CODE_STATE=getMsg HTTP/1.1" 200 27
58.40.7.146 - - [21/Sep/2021:09:51:48 +0800] "GET /xingrg/all/function/internal_message.html?_=1632189112303&CODE_STATE=getMsg HTTP/1.1" 302 -
61.151.178.177 - - [21/Sep/2021:09:51:48 +0800] "GET /xingrg/login.html HTTP/1.1" 200 7641
180.152.125.3 - - [21/Sep/2021:09:51:50 +0800] "GET /xingrg/all/function/internal_message.html?_=1632189092542&CODE_STATE=getMsg HTTP/1.1" 200 27
222.70.246.151 - - [21/Sep/2021:09:51:50 +0800] "GET /xingrg/all/function/internal_message.html?_=1632189120128&CODE_STATE=getMsg HTTP/1.1" 200 27
116.230.105.26 - - [21/Sep/2021:09:51:57 +0800] "GET /xingrg/all/function/internal_message.html?_=1632189105107&CODE_STATE=getMsg HTTP/1.1" 200 27
114.86.224.104 - - [21/Sep/2021:09:52:02 +0800] "GET /xingrg/all/function/internal_message.html?_=1632189128478&CODE_STATE=getMsg HTTP/1.1" 200 27
114.83.219.92 - - [21/Sep/2021:09:52:04 +0800] "GET /xingrg/all/function/internal_message.html?_=1632189127204&CODE_STATE=getMsg HTTP/1.1" 200 27
114.85.125.222 - - [21/Sep/2021:09:52:11 +0800] "GET /xingrg/all/function/internal_message.html?_=1632189114677&CODE_STATE=getMsg HTTP/1.1" 200 27
180.152.125.3 - - [21/Sep/2021:09:52:18 +0800] "GET /xingrg/kc/buy/cgsh_order_operate.html?command=get_materiel&rest_code=00102&code=00101006130&supplier_code=00100096&order_time=2021-09-21 HTTP/1.1" 200 429
58.39.139.200 - - [21/Sep/2021:09:52:18 +0800] "GET /xingrg/all/function/internal_message.html?_=1632189144044&CODE_STATE=getMsg HTTP/1.1" 200 27
116.238.248.233 - - [21/Sep/2021:09:52:19 +0800] "GET /xingrg/all/function/internal_message.html?_=1632189142288&CODE_STATE=getMsg HTTP/1.1" 200 27
61.151.178.180 - - [21/Sep/2021:09:52:22 +0800] "GET /xingrg/check_reg.html?_=1632189085253 HTTP/1.1" 302 -
61.151.178.180 - - [21/Sep/2021:09:52:23 +0800] "GET /xingrg/login.html HTTP/1.1" 200 7641
58.37.227.186 - - [21/Sep/2021:09:52:24 +0800] "GET /xingrg/check_reg.html?_=1632189014827 HTTP/1.1" 200 22
58.37.227.186 - - [21/Sep/2021:09:52:24 +0800] "GET /xingrg/all/function/internal_message.html?_=1632189014829&CODE_STATE=getMsg HTTP/1.1" 200 27
222.70.179.190 - - [21/Sep/2021:09:52:28 +0800] "GET /xingrg/all/function/internal_message.html?_=1632189150963&CODE_STATE=getMsg HTTP/1.1" 200 27
180.152.125.3 - - [21/Sep/2021:09:52:36 +0800] "GET /xingrg/kc/buy/cgsh_order_operate.html?command=get_materiel&rest_code=00102&code=00101006133&supplier_code=00100096&order_time=2021-09-21 HTTP/1.1" 200 415
58.39.139.200 - - [21/Sep/2021:09:52:37 +0800] "GET /xingrg/all/function/internal_message.html?_=1632189107564&CODE_STATE=getMsg HTTP/1.1" 200 27
101.91.60.11 - - [21/Sep/2021:09:52:48 +0800] "GET /xingrg/all/function/internal_message.html?_=1632189111046&CODE_STATE=getMsg HTTP/1.1" 302 -
116.237.74.154 - - [21/Sep/2021:09:52:48 +0800] "GET /xingrg/all/function/internal_message.html?_=1632189171028&CODE_STATE=getMsg HTTP/1.1" 200 27
101.91.60.11 - - [21/Sep/2021:09:52:48 +0800] "GET /xingrg/login.html HTTP/1.1" 200 7641
58.40.7.146 - - [21/Sep/2021:09:52:48 +0800] "GET /xingrg/all/function/internal_message.html?_=1632189172307&CODE_STATE=getMsg HTTP/1.1" 302 -
180.152.125.3 - - [21/Sep/2021:09:52:50 +0800] "GET /xingrg/all/function/internal_message.html?_=1632189152556&CODE_STATE=getMsg HTTP/1.1" 200 27
222.70.246.151 - - [21/Sep/2021:09:52:50 +0800] "GET /xingrg/all/function/internal_message.html?_=1632189180142&CODE_STATE=getMsg HTTP/1.1" 200 27
180.152.125.3 - - [21/Sep/2021:09:52:52 +0800] "GET /xingrg/kc/buy/cgsh_order_operate.html?command=get_materiel&rest_code=00102&code=00101006161&supplier_code=00100096&order_time=2021-09-21 HTTP/1.1" 200 409
116.230.105.26 - - [21/Sep/2021:09:52:57 +0800] "GET /xingrg/all/function/internal_message.html?_=1632189165097&CODE_STATE=getMsg HTTP/1.1" 200 27
114.86.224.104 - - [21/Sep/2021:09:53:02 +0800] "GET /xingrg/all/function/internal_message.html?_=1632189188479&CODE_STATE=getMsg HTTP/1.1" 200 27
114.86.224.104 - - [21/Sep/2021:09:53:02 +0800] "GET /xingrg/check_reg.html?_=1632189188480 HTTP/1.1" 200 22
114.83.219.92 - - [21/Sep/2021:09:53:04 +0800] "GET /xingrg/all/function/internal_message.html?_=1632189187189&CODE_STATE=getMsg HTTP/1.1" 200 27
180.152.125.3 - - [21/Sep/2021:09:53:05 +0800] "GET /xingrg/kc/buy/cgsh_order_operate.html?command=get_materiel&rest_code=00102&code=00101001075&supplier_code=00100096&order_time=2021-09-21 HTTP/1.1" 200 409
114.85.125.222 - - [21/Sep/2021:09:53:11 +0800] "GET /xingrg/all/function/internal_message.html?_=1632189174690&CODE_STATE=getMsg HTTP/1.1" 200 27
58.39.139.200 - - [21/Sep/2021:09:53:18 +0800] "GET /xingrg/all/function/internal_message.html?_=1632189204021&CODE_STATE=getMsg HTTP/1.1" 200 27
116.238.248.233 - - [21/Sep/2021:09:53:19 +0800] "GET /xingrg/all/function/internal_message.html?_=1632189202286&CODE_STATE=getMsg HTTP/1.1" 200 27
116.238.248.233 - - [21/Sep/2021:09:53:19 +0800] "GET /xingrg/check_reg.html?_=1632189202290 HTTP/1.1" 200 22
58.39.139.200 - - [21/Sep/2021:09:53:19 +0800] "GET /xingrg/check_reg.html?_=1632189205053 HTTP/1.1" 200 22
58.37.227.186 - - [21/Sep/2021:09:53:24 +0800] "GET /xingrg/all/function/internal_message.html?_=1632189074835&CODE_STATE=getMsg HTTP/1.1" 200 27
222.70.179.190 - - [21/Sep/2021:09:53:28 +0800] "GET /xingrg/all/function/internal_message.html?_=1632189210966&CODE_STATE=getMsg HTTP/1.1" 200 27
222.70.179.190 - - [21/Sep/2021:09:53:28 +0800] "GET /xingrg/check_reg.html?_=1632189210967 HTTP/1.1" 200 22
