222.70.246.151 - - [21/Sep/2021:10:20:53 +0800] "POST /xingrg/dwr/call/plaincall/AjaxQqpsService.checkOrder.dwr HTTP/1.1" 200 78
116.238.248.233 - - [21/Sep/2021:10:20:53 +0800] "GET /xingrg/kc/buy/cgsh_order_operate.html?command=get_materiel&rest_code=00151&code=00101001010&supplier_code=00100096&order_time=2021-09-21 HTTP/1.1" 200 409
222.70.246.151 - - [21/Sep/2021:10:20:55 +0800] "GET /xingrg/kc/mdqp/qqps_order_info.html?code=302021092100474 HTTP/1.1" 200 26396
222.70.246.151 - - [21/Sep/2021:10:20:55 +0800] "GET /xingrg/dwr/interface/AjaxComOrderService.js HTTP/1.1" 200 18264
222.70.246.151 - - [21/Sep/2021:10:20:55 +0800] "GET /xingrg/dwr/interface/AjaxQqpsService.js HTTP/1.1" 200 16326
222.70.246.151 - - [21/Sep/2021:10:20:55 +0800] "GET /xingrg/dwr/engine.js HTTP/1.1" 200 43631
222.70.246.151 - - [21/Sep/2021:10:20:57 +0800] "GET /xingrg/all/function/internal_message.html?_=1632190866411&CODE_STATE=getMsg HTTP/1.1" 200 27
222.70.246.151 - - [21/Sep/2021:10:20:57 +0800] "POST /xingrg/dwr/call/plaincall/AjaxQqpsService.loadMaterielItems.dwr HTTP/1.1" 200 649
116.230.105.26 - - [21/Sep/2021:10:20:57 +0800] "GET /xingrg/all/function/internal_message.html?_=1632190845103&CODE_STATE=getMsg HTTP/1.1" 200 27
114.86.224.104 - - [21/Sep/2021:10:21:02 +0800] "GET /xingrg/all/function/internal_message.html?_=1632190868542&CODE_STATE=getMsg HTTP/1.1" 200 27
114.83.219.92 - - [21/Sep/2021:10:21:03 +0800] "GET /xingrg/all/function/internal_message.html?_=1632190866718&CODE_STATE=getMsg HTTP/1.1" 200 27
114.83.219.92 - - [21/Sep/2021:10:21:04 +0800] "GET /xingrg/check_reg.html?_=1632190867444 HTTP/1.1" 200 22
116.238.248.233 - - [21/Sep/2021:10:21:06 +0800] "GET /xingrg/kc/buy/cgsh_order_operate.html?command=get_materiel&rest_code=00151&code=00101006168&supplier_code=00100096&order_time=2021-09-21 HTTP/1.1" 200 423
116.237.74.154 - - [21/Sep/2021:10:21:08 +0800] "GET /xingrg/kc/buy/cgsh_order_operate.html?command=get_materiel&rest_code=00106&code=00101008571&supplier_code=00100450&order_time=2021-09-21 HTTP/1.1" 200 398
114.85.125.222 - - [21/Sep/2021:10:21:08 +0800] "GET /xingrg/all/function/internal_message.html?_=1632190851608&CODE_STATE=getMsg HTTP/1.1" 200 27
116.237.74.154 - - [21/Sep/2021:10:21:16 +0800] "GET /xingrg/kc/buy/cgsh_order_operate.html?command=get_materiel&rest_code=00106&code=00101015044&supplier_code=00100450&order_time=2021-09-21 HTTP/1.1" 200 409
58.39.139.200 - - [21/Sep/2021:10:21:18 +0800] "GET /xingrg/all/function/internal_message.html?_=1632190883396&CODE_STATE=getMsg HTTP/1.1" 200 27
116.238.248.233 - - [21/Sep/2021:10:21:18 +0800] "GET /xingrg/kc/buy/cgsh_order_operate.html?command=get_materiel&rest_code=00151&code=00101006109&supplier_code=00100096&order_time=2021-09-21 HTTP/1.1" 200 409
116.237.74.154 - - [21/Sep/2021:10:21:25 +0800] "GET /xingrg/all/function/internal_message.html?_=1632190888028&CODE_STATE=getMsg HTTP/1.1" 200 27
116.237.74.154 - - [21/Sep/2021:10:21:26 +0800] "GET /xingrg/kc/buy/cgsh_order_operate.html?command=get_materiel&rest_code=00106&code=00101015127&supplier_code=00100450&order_time=2021-09-21 HTTP/1.1" 200 399
222.70.179.190 - - [21/Sep/2021:10:21:28 +0800] "GET /xingrg/all/function/internal_message.html?_=1632190890980&CODE_STATE=getMsg HTTP/1.1" 200 27
116.238.248.233 - - [21/Sep/2021:10:21:29 +0800] "GET /xingrg/kc/buy/cgsh_order_operate.html?command=get_materiel&rest_code=00151&code=00101006112&supplier_code=00100096&order_time=2021-09-21 HTTP/1.1" 200 409
58.39.139.200 - - [21/Sep/2021:10:21:37 +0800] "GET /xingrg/check_reg.html?_=1632190847577 HTTP/1.1" 200 22
58.39.139.200 - - [21/Sep/2021:10:21:37 +0800] "GET /xingrg/all/function/internal_message.html?_=1632190847579&CODE_STATE=getMsg HTTP/1.1" 200 27
116.237.74.154 - - [21/Sep/2021:10:21:38 +0800] "GET /xingrg/kc/buy/cgsh_order_operate.html?command=get_materiel&rest_code=00106&code=00101015112&supplier_code=00100450&order_time=2021-09-21 HTTP/1.1" 200 403
116.238.248.233 - - [21/Sep/2021:10:21:38 +0800] "GET /xingrg/kc/buy/cgsh_order_operate.html?command=get_materiel&rest_code=00151&code=00101006062&supplier_code=00100096&order_time=2021-09-21 HTTP/1.1" 200 411
180.152.125.3 - - [21/Sep/2021:10:21:43 +0800] "GET /xingrg/all/function/internal_message.html?_=1632190908189&CODE_STATE=getMsg HTTP/1.1" 200 27
222.70.179.190 - - [21/Sep/2021:10:21:44 +0800] "GET /xingrg/kc/buy/cgsh_order_operate.html?command=get_materiel&rest_code=00111&code=00101001060&supplier_code=00100041&order_time=2021-09-21 HTTP/1.1" 200 419
58.40.7.146 - - [21/Sep/2021:10:21:48 +0800] "GET /xingrg/all/function/internal_message.html?_=1632190912328&CODE_STATE=getMsg HTTP/1.1" 302 -
116.238.248.233 - - [21/Sep/2021:10:21:48 +0800] "GET /xingrg/all/function/internal_message.html?_=1632190911950&CODE_STATE=getMsg HTTP/1.1" 200 27
116.238.248.233 - - [21/Sep/2021:10:21:49 +0800] "GET /xingrg/kc/buy/cgsh_order_operate.html?command=get_materiel&rest_code=00151&code=00101006013&supplier_code=00100096&order_time=2021-09-21 HTTP/1.1" 200 411
180.152.125.3 - - [21/Sep/2021:10:21:51 +0800] "GET /xingrg/all/function/internal_message.html?_=1632190894073&CODE_STATE=getMsg HTTP/1.1" 200 27
116.237.74.154 - - [21/Sep/2021:10:21:52 +0800] "GET /xingrg/kc/buy/cgsh_order_operate.html?command=get_materiel&rest_code=00106&code=00101015052&supplier_code=00100450&order_time=2021-09-21 HTTP/1.1" 200 413
222.70.246.151 - - [21/Sep/2021:10:21:57 +0800] "GET /xingrg/all/function/internal_message.html?_=1632190926416&CODE_STATE=getMsg HTTP/1.1" 200 27
116.230.105.26 - - [21/Sep/2021:10:21:57 +0800] "GET /xingrg/all/function/internal_message.html?_=1632190905099&CODE_STATE=getMsg HTTP/1.1" 200 27
114.86.224.104 - - [21/Sep/2021:10:22:02 +0800] "GET /xingrg/all/function/internal_message.html?_=1632190928544&CODE_STATE=getMsg HTTP/1.1" 200 27
114.83.219.92 - - [21/Sep/2021:10:22:03 +0800] "GET /xingrg/all/function/internal_message.html?_=1632190926695&CODE_STATE=getMsg HTTP/1.1" 200 27
116.237.74.154 - - [21/Sep/2021:10:22:05 +0800] "GET /xingrg/kc/buy/cgsh_order_operate.html?command=get_materiel&rest_code=00106&code=00101008324&supplier_code=00100450&order_time=2021-09-21 HTTP/1.1" 200 413
116.238.248.233 - - [21/Sep/2021:10:22:05 +0800] "GET /xingrg/kc/buy/cgsh_order_operate.html?command=get_materiel&rest_code=00151&code=00101006088&supplier_code=00100096&order_time=2021-09-21 HTTP/1.1" 200 411
114.85.125.222 - - [21/Sep/2021:10:22:08 +0800] "GET /xingrg/all/function/internal_message.html?_=1632190911761&CODE_STATE=getMsg HTTP/1.1" 200 27
222.70.179.190 - - [21/Sep/2021:10:22:09 +0800] "GET /xingrg/kc/buy/cgsh_order_operate.html?command=get_materiel&rest_code=00111&code=00101001010&supplier_code=00100041&order_time=2021-09-21 HTTP/1.1" 200 409
180.152.125.3 - - [21/Sep/2021:10:22:13 +0800] "GET /xingrg/javascript/jquery_easy_ui/themes/default/images/tabs_active.png HTTP/1.1" 200 2894
116.237.74.154 - - [21/Sep/2021:10:22:17 +0800] "POST /xingrg/kc/buy/cgsh_order_operate.html HTTP/1.1" 200 37
58.39.139.200 - - [21/Sep/2021:10:22:18 +0800] "GET /xingrg/all/function/internal_message.html?_=1632190943406&CODE_STATE=getMsg HTTP/1.1" 200 27
180.152.125.3 - - [21/Sep/2021:10:22:19 +0800] "GET /xingrg/kc/buy/cgsh_order_operate.html?command=get_materiel&rest_code=00102&code=00101031001&supplier_code=00100064&order_time=2021-09-21 HTTP/1.1" 200 419
101.89.29.78 - - [21/Sep/2021:10:22:23 +0800] "GET /xingrg/kc/buy/cgsh_order_operate.html?command=get_materiel&rest_code=00106&code=00101015127&supplier_code=00100450&order_time=2021-09-21 HTTP/1.1" 302 -
101.89.29.78 - - [21/Sep/2021:10:22:24 +0800] "GET /xingrg/login.html HTTP/1.1" 200 7641
116.237.74.154 - - [21/Sep/2021:10:22:25 +0800] "GET /xingrg/all/function/internal_message.html?_=1632190948017&CODE_STATE=getMsg HTTP/1.1" 200 27
222.70.179.190 - - [21/Sep/2021:10:22:26 +0800] "POST /xingrg/kc/buy/cgsh_order_operate.html HTTP/1.1" 200 37
116.237.74.154 - - [21/Sep/2021:10:22:26 +0800] "POST /xingrg/kc/buy/cgsh_order_operate.html HTTP/1.1" 200 12
116.237.74.154 - - [21/Sep/2021:10:22:27 +0800] "GET /xingrg/kc/buy/cgsh_order_info.html?code=212021092109379 HTTP/1.1" 200 58411
116.237.74.154 - - [21/Sep/2021:10:22:28 +0800] "GET /xingrg/javascript/easyui/themes/default/validatebox.css HTTP/1.1" 404 1104
222.70.179.190 - - [21/Sep/2021:10:22:28 +0800] "POST /xingrg/kc/buy/cgsh_order_operate.html HTTP/1.1" 200 6797
222.70.179.190 - - [21/Sep/2021:10:22:28 +0800] "GET /xingrg/all/function/internal_message.html?_=1632190950977&CODE_STATE=getMsg HTTP/1.1" 200 27
116.237.74.154 - - [21/Sep/2021:10:22:29 +0800] "POST /xingrg/kc/buy/cgsh_order_operate.html HTTP/1.1" 200 4163
222.70.179.190 - - [21/Sep/2021:10:22:29 +0800] "GET /xingrg/kc/print/load_data.html?order_code=212021092109380&kc_code=cgsh&condition= HTTP/1.1" 200 2252
116.237.74.154 - - [21/Sep/2021:10:22:30 +0800] "GET /xingrg/kc/print/load_config.html?kc_code=cgsh HTTP/1.1" 200 2076
116.237.74.154 - - [21/Sep/2021:10:22:30 +0800] "GET /xingrg/kc/print/load_data.html?order_code=212021092109379&kc_code=cgsh&condition= HTTP/1.1" 200 2083
180.152.125.3 - - [21/Sep/2021:10:22:31 +0800] "GET /xingrg/kc/buy/cgsh_order_operate.html?command=get_materiel&rest_code=00102&code=00101031006&supplier_code=00100064&order_time=2021-09-21 HTTP/1.1" 200 417
58.39.139.200 - - [21/Sep/2021:10:22:37 +0800] "GET /xingrg/all/function/internal_message.html?_=1632190907578&CODE_STATE=getMsg HTTP/1.1" 200 27
116.238.248.233 - - [21/Sep/2021:10:22:38 +0800] "GET /xingrg/kc/buy/cgsh_order_operate.html?command=get_materiel&rest_code=00151&code=00101008084&supplier_code=00100096&order_time=2021-09-21 HTTP/1.1" 200 412
222.70.179.190 - - [21/Sep/2021:10:22:38 +0800] "GET /xingrg/kc/buy/cgsh_order_add.html HTTP/1.1" 200 63476
222.70.179.190 - - [21/Sep/2021:10:22:38 +0800] "POST /xingrg/kc/buy/cgsh_order_operate.html HTTP/1.1" 200 8245
222.70.179.190 - - [21/Sep/2021:10:22:38 +0800] "GET /xingrg/javascript/easyui/themes/default/validatebox.css HTTP/1.1" 404 1104
180.152.125.3 - - [21/Sep/2021:10:22:42 +0800] "GET /xingrg/check_reg.html?_=1632190966566 HTTP/1.1" 200 22
180.152.125.3 - - [21/Sep/2021:10:22:43 +0800] "GET /xingrg/all/function/internal_message.html?_=1632190968203&CODE_STATE=getMsg HTTP/1.1" 200 27
222.70.179.190 - - [21/Sep/2021:10:22:43 +0800] "GET /xingrg/javascript/easyui/themes/default/tree.css HTTP/1.1" 404 1090
222.70.179.190 - - [21/Sep/2021:10:22:43 +0800] "POST /xingrg/all/common/load_tree.html?tree=supplier_tree_json&isDelete=1 HTTP/1.1" 200 57803
58.40.7.146 - - [21/Sep/2021:10:22:48 +0800] "GET /xingrg/all/function/internal_message.html?_=1632190972330&CODE_STATE=getMsg HTTP/1.1" 302 -
116.238.248.233 - - [21/Sep/2021:10:22:48 +0800] "GET /xingrg/all/function/internal_message.html?_=1632190971957&CODE_STATE=getMsg HTTP/1.1" 200 27
101.89.239.238 - - [21/Sep/2021:10:22:49 +0800] "GET /xingrg/kc/buy/cgsh_order_operate.html?command=get_materiel&rest_code=00106&code=00101015052&supplier_code=00100450&order_time=2021-09-21 HTTP/1.1" 302 -
101.89.239.238 - - [21/Sep/2021:10:22:49 +0800] "GET /xingrg/login.html HTTP/1.1" 200 7641
180.152.125.3 - - [21/Sep/2021:10:22:51 +0800] "GET /xingrg/all/function/internal_message.html?_=1632190954086&CODE_STATE=getMsg HTTP/1.1" 200 27
222.70.246.151 - - [21/Sep/2021:10:22:57 +0800] "GET /xingrg/all/function/internal_message.html?_=1632190986430&CODE_STATE=getMsg HTTP/1.1" 200 27
116.230.105.26 - - [21/Sep/2021:10:22:57 +0800] "GET /xingrg/all/function/internal_message.html?_=1632190965105&CODE_STATE=getMsg HTTP/1.1" 200 27
61.151.179.84 - - [21/Sep/2021:10:23:01 +0800] "GET /xingrg/kc/buy/cgsh_order_operate.html?command=get_materiel&rest_code=00106&code=00101008324&supplier_code=00100450&order_time=2021-09-21 HTTP/1.1" 302 -
61.151.179.84 - - [21/Sep/2021:10:23:01 +0800] "GET /xingrg/login.html HTTP/1.1" 200 7641
116.237.74.154 - - [21/Sep/2021:10:23:02 +0800] "GET /xingrg/kc/buy/cgsh_order_add.html HTTP/1.1" 200 63488
114.86.224.104 - - [21/Sep/2021:10:23:02 +0800] "GET /xingrg/all/function/internal_message.html?_=1632190988548&CODE_STATE=getMsg HTTP/1.1" 200 27
114.86.224.104 - - [21/Sep/2021:10:23:02 +0800] "GET /xingrg/check_reg.html?_=1632190988549 HTTP/1.1" 200 22
116.237.74.154 - - [21/Sep/2021:10:23:02 +0800] "POST /xingrg/kc/buy/cgsh_order_operate.html HTTP/1.1" 200 8245
116.237.74.154 - - [21/Sep/2021:10:23:02 +0800] "GET /xingrg/javascript/easyui/themes/default/validatebox.css HTTP/1.1" 404 1104
180.152.125.3 - - [21/Sep/2021:10:23:03 +0800] "POST /xingrg/kc/buy/cgsh_order_operate.html HTTP/1.1" 200 37
114.83.219.92 - - [21/Sep/2021:10:23:03 +0800] "GET /xingrg/all/function/internal_message.html?_=1632190986685&CODE_STATE=getMsg HTTP/1.1" 200 27
116.237.74.154 - - [21/Sep/2021:10:23:03 +0800] "GET /xingrg/javascript/easyui/themes/default/tree.css HTTP/1.1" 404 1090
116.237.74.154 - - [21/Sep/2021:10:23:03 +0800] "POST /xingrg/all/common/load_tree.html?tree=supplier_tree_json&isDelete=1 HTTP/1.1" 200 57803
222.70.179.190 - - [21/Sep/2021:10:23:06 +0800] "GET /xingrg/kc/buy/cgsh_order_operate.html?command=get_materiel&rest_code=00111&code=00101002027&supplier_code=00100199&order_time=2021-09-21 HTTP/1.1" 200 415
114.85.125.222 - - [21/Sep/2021:10:23:08 +0800] "GET /xingrg/all/function/internal_message.html?_=1632190971775&CODE_STATE=getMsg HTTP/1.1" 200 27
180.152.125.3 - - [21/Sep/2021:10:23:08 +0800] "POST /xingrg/kc/buy/cgsh_order_operate.html HTTP/1.1" 200 12
116.237.74.154 - - [21/Sep/2021:10:23:16 +0800] "GET /xingrg/kc/buy/cgsh_order_operate.html?command=get_materiel&rest_code=00106&code=00101009050&supplier_code=00100022&order_time=2021-09-21 HTTP/1.1" 200 408
58.39.139.200 - - [21/Sep/2021:10:23:18 +0800] "GET /xingrg/all/function/internal_message.html?_=1632191003339&CODE_STATE=getMsg HTTP/1.1" 200 27
58.39.139.200 - - [21/Sep/2021:10:23:20 +0800] "GET /xingrg/check_reg.html?_=1632191005075 HTTP/1.1" 200 22
116.237.74.154 - - [21/Sep/2021:10:23:25 +0800] "GET /xingrg/all/function/internal_message.html?_=1632191008012&CODE_STATE=getMsg HTTP/1.1" 200 27
61.151.178.217 - - [21/Sep/2021:10:23:25 +0800] "GET /xingrg/all/function/internal_message.html?_=1632190948017&CODE_STATE=getMsg HTTP/1.1" 302 -
61.151.178.217 - - [21/Sep/2021:10:23:26 +0800] "GET /xingrg/login.html HTTP/1.1" 200 7641
61.151.178.177 - - [21/Sep/2021:10:23:27 +0800] "GET /xingrg/kc/buy/cgsh_order_info.html?code=212021092109379 HTTP/1.1" 302 -
61.151.178.177 - - [21/Sep/2021:10:23:27 +0800] "GET /xingrg/login.html HTTP/1.1" 200 7641
116.238.248.233 - - [21/Sep/2021:10:23:27 +0800] "GET /xingrg/kc/buy/cgsh_order_operate.html?command=get_materiel&rest_code=00151&code=00101012059&supplier_code=00100096&order_time=2021-09-21 HTTP/1.1" 200 412
116.237.74.154 - - [21/Sep/2021:10:23:28 +0800] "GET /xingrg/kc/buy/cgsh_order_operate.html?command=get_materiel&rest_code=00106&code=00101009011&supplier_code=00100022&order_time=2021-09-21 HTTP/1.1" 200 418
222.70.179.190 - - [21/Sep/2021:10:23:28 +0800] "GET /xingrg/all/function/internal_message.html?_=1632191010989&CODE_STATE=getMsg HTTP/1.1" 200 27
222.70.179.190 - - [21/Sep/2021:10:23:28 +0800] "GET /xingrg/check_reg.html?_=1632191010993 HTTP/1.1" 200 22
101.91.60.88 - - [21/Sep/2021:10:23:31 +0800] "GET /xingrg/kc/print/load_data.html?order_code=212021092109379&kc_code=cgsh&condition= HTTP/1.1" 302 -
101.91.60.88 - - [21/Sep/2021:10:23:31 +0800] "GET /xingrg/login.html HTTP/1.1" 200 7641
116.238.248.233 - - [21/Sep/2021:10:23:35 +0800] "GET /xingrg/kc/buy/cgsh_order_operate.html?command=get_materiel&rest_code=00151&code=00101012025&supplier_code=00100096&order_time=2021-09-21 HTTP/1.1" 200 412
58.39.139.200 - - [21/Sep/2021:10:23:37 +0800] "GET /xingrg/all/function/internal_message.html?_=1632190967577&CODE_STATE=getMsg HTTP/1.1" 200 27
116.237.74.154 - - [21/Sep/2021:10:23:39 +0800] "GET /xingrg/kc/buy/cgsh_order_operate.html?command=get_materiel&rest_code=00106&code=00101009039&supplier_code=00100022&order_time=2021-09-21 HTTP/1.1" 200 408
222.70.179.190 - - [21/Sep/2021:10:23:40 +0800] "GET /xingrg/kc/buy/cgsh_order_operate.html?command=get_materiel&rest_code=00111&code=00101001138&supplier_code=00100199&order_time=2021-09-21 HTTP/1.1" 200 413
117.184.7.30 - - [21/Sep/2021:10:23:43 +0800] "GET /xingrg/login.html HTTP/1.1" 200 7641
180.152.125.3 - - [21/Sep/2021:10:23:44 +0800] "GET /xingrg/all/function/internal_message.html?_=1632191029072&CODE_STATE=getMsg HTTP/1.1" 200 27
117.184.7.30 - - [21/Sep/2021:10:23:47 +0800] "GET /favicon.ico HTTP/1.1" 404 -
58.40.7.146 - - [21/Sep/2021:10:23:48 +0800] "GET /xingrg/all/function/internal_message.html?_=1632191032335&CODE_STATE=getMsg HTTP/1.1" 302 -
58.40.7.146 - - [21/Sep/2021:10:23:48 +0800] "GET /xingrg/check_reg.html?_=1632191032338 HTTP/1.1" 302 -
116.238.248.233 - - [21/Sep/2021:10:23:48 +0800] "GET /xingrg/all/function/internal_message.html?_=1632191031976&CODE_STATE=getMsg HTTP/1.1" 200 27
116.237.74.154 - - [21/Sep/2021:10:23:49 +0800] "GET /xingrg/kc/buy/cgsh_order_operate.html?command=get_materiel&rest_code=00106&code=00101009053&supplier_code=00100022&order_time=2021-09-21 HTTP/1.1" 200 410
117.184.7.30 - - [21/Sep/2021:10:23:54 +0800] "POST /xingrg/login.do HTTP/1.1" 302 -
117.184.7.30 - - [21/Sep/2021:10:23:54 +0800] "GET /xingrg/index.html?sysBaseUrl=http%3A%2F%2F180.169.147.146%3A18081%2Fxingrg%2F&costTime=46×tamp=1632191034271 HTTP/1.1" 200 17179
117.184.7.30 - - [21/Sep/2021:10:23:55 +0800] "GET /favicon.ico HTTP/1.1" 404 -
117.184.7.30 - - [21/Sep/2021:10:23:55 +0800] "POST /xingrg/all/common/load_tree.html?tree=area_rest_tree_json&manage=1 HTTP/1.1" 200 470
117.184.7.30 - - [21/Sep/2021:10:23:55 +0800] "GET /xingrg/all/function/internal_message.html?_=1632191035308&CODE_STATE=count HTTP/1.1" 200 11
117.184.7.30 - - [21/Sep/2021:10:23:55 +0800] "GET /xingrg/check_reg.html?_=1632191035310 HTTP/1.1" 200 22
117.184.7.30 - - [21/Sep/2021:10:23:56 +0800] "POST /xingrg/load_menu.html HTTP/1.1" 200 5138
222.70.246.151 - - [21/Sep/2021:10:23:57 +0800] "GET /xingrg/all/function/internal_message.html?_=1632191046833&CODE_STATE=getMsg HTTP/1.1" 200 27
116.230.105.26 - - [21/Sep/2021:10:23:57 +0800] "GET /xingrg/all/function/internal_message.html?_=1632191025113&CODE_STATE=getMsg HTTP/1.1" 200 27
116.230.105.26 - - [21/Sep/2021:10:23:57 +0800] "GET /xingrg/check_reg.html?_=1632191025115 HTTP/1.1" 200 22
180.152.125.3 - - [21/Sep/2021:10:23:58 +0800] "POST /xingrg/kc/buy/cgsh_list_operate.html HTTP/1.1" 200 2414
117.184.7.30 - - [21/Sep/2021:10:24:00 +0800] "GET /xingrg/images/control/ajaxLoader.gif HTTP/1.1" 304 -
117.184.7.30 - - [21/Sep/2021:10:24:00 +0800] "POST /xingrg/all/user/operate.html HTTP/1.1" 200 36
117.184.7.30 - - [21/Sep/2021:10:24:00 +0800] "GET /xingrg/index.html?sysBaseUrl=http%3A%2F%2F180.169.147.146%3A18081%2Fxingrg%2F&costTime=46×tamp=1632191034271 HTTP/1.1" 200 17173
180.152.125.3 - - [21/Sep/2021:10:24:00 +0800] "POST /xingrg/kc/buy/cgsh_list_operate.html HTTP/1.1" 200 567
117.184.7.30 - - [21/Sep/2021:10:24:00 +0800] "GET /xingrg/javascript/jquery_easy_ui/themes/default/easyui.css HTTP/1.1" 304 -
117.184.7.30 - - [21/Sep/2021:10:24:00 +0800] "GET /xingrg/javascript/jquery_easy_ui/themes/icon.css HTTP/1.1" 304 -
117.184.7.30 - - [21/Sep/2021:10:24:00 +0800] "GET /xingrg/css/form.css HTTP/1.1" 304 -
117.184.7.30 - - [21/Sep/2021:10:24:00 +0800] "GET /xingrg/javascript/jquery-1.4.2.min.js HTTP/1.1" 304 -
117.184.7.30 - - [21/Sep/2021:10:24:00 +0800] "GET /xingrg/javascript/jquery_easy_ui/jquery.easyui.min.js HTTP/1.1" 304 -
117.184.7.30 - - [21/Sep/2021:10:24:00 +0800] "GET /xingrg/javascript/jquery_easy_ui/easyui-lang-zh_CN.js HTTP/1.1" 304 -
117.184.7.30 - - [21/Sep/2021:10:24:00 +0800] "GET /xingrg/javascript/jquery.form.js HTTP/1.1" 304 -
117.184.7.30 - - [21/Sep/2021:10:24:00 +0800] "GET /xingrg/javascript/jquery.utils.js HTTP/1.1" 304 -
117.184.7.30 - - [21/Sep/2021:10:24:00 +0800] "GET /xingrg/javascript/jquery.timers.js HTTP/1.1" 304 -
117.184.7.30 - - [21/Sep/2021:10:24:00 +0800] "GET /xingrg/images/blue/jxLogo.png HTTP/1.1" 304 -
117.184.7.30 - - [21/Sep/2021:10:24:00 +0800] "GET /xingrg/javascript/jquery_easy_ui/themes/icons/settle_new.png HTTP/1.1" 304 -
117.184.7.30 - - [21/Sep/2021:10:24:00 +0800] "GET /xingrg/images/blue/navBackgound.jpg HTTP/1.1" 304 -
117.184.7.30 - - [21/Sep/2021:10:24:01 +0800] "POST /xingrg/all/common/load_tree.html?tree=area_rest_tree_json&manage=1 HTTP/1.1" 200 470
117.184.7.30 - - [21/Sep/2021:10:24:01 +0800] "GET /xingrg/all/function/internal_message.html?_=1632191040570&CODE_STATE=count HTTP/1.1" 200 11
117.184.7.30 - - [21/Sep/2021:10:24:01 +0800] "GET /xingrg/check_reg.html?_=1632191040572 HTTP/1.1" 200 22
117.184.7.30 - - [21/Sep/2021:10:24:01 +0800] "GET /xingrg/images/blue/pingpu.png HTTP/1.1" 304 -
117.184.7.30 - - [21/Sep/2021:10:24:01 +0800] "GET /xingrg/javascript/jquery_easy_ui/themes/default/images/panel_tool_collapse.gif HTTP/1.1" 304 -
117.184.7.30 - - [21/Sep/2021:10:24:01 +0800] "GET /xingrg/javascript/jquery_easy_ui/themes/default/images/tabs_leftarrow.png HTTP/1.1" 304 -
117.184.7.30 - - [21/Sep/2021:10:24:01 +0800] "GET /xingrg/javascript/jquery_easy_ui/themes/default/images/tabs_rightarrow.png HTTP/1.1" 304 -
117.184.7.30 - - [21/Sep/2021:10:24:01 +0800] "POST /xingrg/load_menu.html HTTP/1.1" 200 5138
114.86.224.104 - - [21/Sep/2021:10:24:02 +0800] "GET /xingrg/all/function/internal_message.html?_=1632191048550&CODE_STATE=getMsg HTTP/1.1" 200 27
114.83.219.92 - - [21/Sep/2021:10:24:03 +0800] "GET /xingrg/all/function/internal_message.html?_=1632191046669&CODE_STATE=getMsg HTTP/1.1" 200 27
116.237.74.154 - - [21/Sep/2021:10:24:04 +0800] "GET /xingrg/kc/buy/cgsh_order_operate.html?command=get_materiel&rest_code=00106&code=00101009013&supplier_code=00100022&order_time=2021-09-21 HTTP/1.1" 200 422
180.152.125.3 - - [21/Sep/2021:10:24:04 +0800] "GET /xingrg/kc/buy/cgsh_order_info.html?code=212021092109376 HTTP/1.1" 200 63456
180.152.125.3 - - [21/Sep/2021:10:24:04 +0800] "GET /xingrg/kc/buy/cgsh_order_info.html?code=212021092109381 HTTP/1.1" 200 58348
180.152.125.3 - - [21/Sep/2021:10:24:04 +0800] "GET /xingrg/javascript/easyui/themes/default/validatebox.css HTTP/1.1" 404 1104
180.152.125.3 - - [21/Sep/2021:10:24:05 +0800] "GET /xingrg/all/function/internal_message.html?_=1632191027502&CODE_STATE=getMsg HTTP/1.1" 200 27
180.152.125.3 - - [21/Sep/2021:10:24:05 +0800] "GET /xingrg/javascript/easyui/themes/default/validatebox.css HTTP/1.1" 404 1104
180.152.125.3 - - [21/Sep/2021:10:24:05 +0800] "POST /xingrg/kc/buy/cgsh_order_operate.html HTTP/1.1" 200 22806
180.152.125.3 - - [21/Sep/2021:10:24:06 +0800] "POST /xingrg/kc/buy/cgsh_order_operate.html HTTP/1.1" 200 1209
114.85.125.222 - - [21/Sep/2021:10:24:08 +0800] "GET /xingrg/all/function/internal_message.html?_=1632191031924&CODE_STATE=getMsg HTTP/1.1" 200 27
180.152.125.3 - - [21/Sep/2021:10:24:09 +0800] "GET /xingrg/kc/print/load_data.html?order_code=212021092109381&kc_code=cgsh&condition= HTTP/1.1" 200 964
114.85.125.222 - - [21/Sep/2021:10:24:11 +0800] "GET /xingrg/check_reg.html?_=1632191034820 HTTP/1.1" 200 22
116.237.74.154 - - [21/Sep/2021:10:24:14 +0800] "GET /xingrg/kc/buy/cgsh_order_operate.html?command=get_materiel&rest_code=00106&code=00101009015&supplier_code=00100022&order_time=2021-09-21 HTTP/1.1" 200 416
58.39.139.200 - - [21/Sep/2021:10:24:16 +0800] "POST /xingrg/all/common/load_select.html HTTP/1.1" 200 12
180.152.125.3 - - [21/Sep/2021:10:24:18 +0800] "POST /xingrg/kc/buy/cgsh_order_operate.html HTTP/1.1" 200 37
117.184.7.30 - - [21/Sep/2021:10:24:18 +0800] "GET /xingrg/kc/base/base_main.html HTTP/1.1" 200 12142
117.184.7.30 - - [21/Sep/2021:10:24:18 +0800] "GET /xingrg/javascript/jquery_easy_ui/themes/default/images/tabs_close.gif HTTP/1.1" 304 -
58.39.139.200 - - [21/Sep/2021:10:24:18 +0800] "GET /xingrg/all/function/internal_message.html?_=1632191063316&CODE_STATE=getMsg HTTP/1.1" 200 27
117.184.7.30 - - [21/Sep/2021:10:24:18 +0800] "GET /xingrg/images/blue/button/kc.gif HTTP/1.1" 304 -
117.184.7.30 - - [21/Sep/2021:10:24:18 +0800] "GET /xingrg/images/blue/pic_form2.gif HTTP/1.1" 304 -
117.184.7.30 - - [21/Sep/2021:10:24:18 +0800] "GET /xingrg/images/blue/button/right_ah.jpg HTTP/1.1" 304 -
117.184.7.30 - - [21/Sep/2021:10:24:18 +0800] "GET /xingrg/images/blue/bg_dotted.jpg HTTP/1.1" 304 -
117.184.7.30 - - [21/Sep/2021:10:24:19 +0800] "GET /xingrg/kc/base/wldb_order_list.html HTTP/1.1" 200 19224
117.184.7.30 - - [21/Sep/2021:10:24:19 +0800] "GET /xingrg/css/base.css HTTP/1.1" 304 -
117.184.7.30 - - [21/Sep/2021:10:24:19 +0800] "GET /xingrg/css/site.css HTTP/1.1" 304 -
117.184.7.30 - - [21/Sep/2021:10:24:19 +0800] "GET /xingrg/javascript/jquery_tools/datebox.css HTTP/1.1" 304 -
117.184.7.30 - - [21/Sep/2021:10:24:19 +0800] "GET /xingrg/javascript/easyui/themes/default/easyui.css HTTP/1.1" 304 -
117.184.7.30 - - [21/Sep/2021:10:24:19 +0800] "GET /xingrg/javascript/easyui/themes/icon.css HTTP/1.1" 304 -
117.184.7.30 - - [21/Sep/2021:10:24:19 +0800] "GET /xingrg/javascript/jquery_tools/fix.css HTTP/1.1" 304 -
117.184.7.30 - - [21/Sep/2021:10:24:19 +0800] "GET /xingrg/javascript/jquery_tools/table.css HTTP/1.1" 304 -
117.184.7.30 - - [21/Sep/2021:10:24:19 +0800] "GET /xingrg/javascript/jquery_tools/jquery.tools.min.js HTTP/1.1" 304 -
117.184.7.30 - - [21/Sep/2021:10:24:19 +0800] "GET /xingrg/javascript/jquery_tools/jquery.tools.extend.js HTTP/1.1" 304 -
117.184.7.30 - - [21/Sep/2021:10:24:19 +0800] "GET /xingrg/javascript/jquery_tools/jquery.tools.hotkey.js HTTP/1.1" 304 -
117.184.7.30 - - [21/Sep/2021:10:24:19 +0800] "GET /xingrg/javascript/jquery_tools/jquery.tools.table.js HTTP/1.1" 304 -
117.184.7.30 - - [21/Sep/2021:10:24:19 +0800] "GET /xingrg/javascript/jquery_tools/list_manager.js HTTP/1.1" 304 -
117.184.7.30 - - [21/Sep/2021:10:24:19 +0800] "GET /xingrg/javascript/easyui/easyloader.js HTTP/1.1" 304 -
117.184.7.30 - - [21/Sep/2021:10:24:19 +0800] "GET /xingrg/javascript/jquery.cookie.js HTTP/1.1" 304 -
117.184.7.30 - - [21/Sep/2021:10:24:21 +0800] "GET /xingrg/javascript/easyui/themes/icons/import_new.png HTTP/1.1" 304 -
117.184.7.30 - - [21/Sep/2021:10:24:21 +0800] "GET /xingrg/javascript/easyui/themes/icons/edit_add_new.png HTTP/1.1" 304 -
117.184.7.30 - - [21/Sep/2021:10:24:21 +0800] "GET /xingrg/javascript/easyui/themes/icons/field_new.png HTTP/1.1" 304 -
117.184.7.30 - - [21/Sep/2021:10:24:21 +0800] "GET /xingrg/javascript/easyui/themes/icons/check_new.png HTTP/1.1" 304 -
117.184.7.30 - - [21/Sep/2021:10:24:21 +0800] "GET /xingrg/javascript/easyui/themes/icons/cance_new.png HTTP/1.1" 304 -
117.184.7.30 - - [21/Sep/2021:10:24:21 +0800] "GET /xingrg/javascript/easyui/plugins/jquery.parser.js HTTP/1.1" 304 -
180.152.125.3 - - [21/Sep/2021:10:24:22 +0800] "POST /xingrg/kc/buy/cgsh_order_operate.html HTTP/1.1" 200 22215
117.184.7.30 - - [21/Sep/2021:10:24:22 +0800] "POST /xingrg/kc/base/wldb_list_operate.html HTTP/1.1" 200 928
117.184.7.30 - - [21/Sep/2021:10:24:22 +0800] "GET /xingrg/javascript/easyui/themes/default/images/button_plain_hover.png HTTP/1.1" 304 -
117.184.7.30 - - [21/Sep/2021:10:24:23 +0800] "GET /xingrg/kc/base/wldb_order_add.html HTTP/1.1" 200 30434
117.184.7.30 - - [21/Sep/2021:10:24:23 +0800] "GET /xingrg/javascript/jquery_tools/order_manager.js HTTP/1.1" 304 -
117.184.7.30 - - [21/Sep/2021:10:24:23 +0800] "GET /xingrg/javascript/convert.js HTTP/1.1" 304 -
117.184.7.30 - - [21/Sep/2021:10:24:24 +0800] "GET /xingrg/javascript/json2.js HTTP/1.1" 304 -
117.184.7.30 - - [21/Sep/2021:10:24:24 +0800] "GET /xingrg/words/20210920125024_words.js HTTP/1.1" 200 848085
117.184.7.30 - - [21/Sep/2021:10:24:24 +0800] "GET /xingrg/javascript/easyui/themes/icons/ok.png HTTP/1.1" 304 -
117.184.7.30 - - [21/Sep/2021:10:24:24 +0800] "GET /xingrg/javascript/easyui/themes/icons/template_new.png HTTP/1.1" 304 -
117.184.7.30 - - [21/Sep/2021:10:24:24 +0800] "GET /xingrg/javascript/easyui/themes/icons/print.png HTTP/1.1" 304 -
117.184.7.30 - - [21/Sep/2021:10:24:24 +0800] "GET /xingrg/javascript/easyui/themes/default/images/menu_downarrow.png HTTP/1.1" 304 -
117.184.7.30 - - [21/Sep/2021:10:24:25 +0800] "GET /xingrg/javascript/easyui/themes/icons/cancel.png HTTP/1.1" 304 -
116.237.74.154 - - [21/Sep/2021:10:24:25 +0800] "GET /xingrg/all/function/internal_message.html?_=1632191068037&CODE_STATE=getMsg HTTP/1.1" 200 27
117.184.7.30 - - [21/Sep/2021:10:24:25 +0800] "POST /xingrg/kc/base/wldb_order_operate.html HTTP/1.1" 200 6806
117.184.7.30 - - [21/Sep/2021:10:24:25 +0800] "GET /xingrg/all/common/auto_word.html?type=base&rest_code=00108 HTTP/1.1" 200 1761
117.184.7.30 - - [21/Sep/2021:10:24:25 +0800] "GET /xingrg/all/common/auto_word.html?type=base&rest_code=00108 HTTP/1.1" 200 1761
117.184.7.30 - - [21/Sep/2021:10:24:25 +0800] "GET /xingrg/javascript/easyui/themes/default/validatebox.css HTTP/1.1" 404 1104
117.184.7.30 - - [21/Sep/2021:10:24:25 +0800] "GET /xingrg/javascript/easyui/plugins/jquery.validatebox.js HTTP/1.1" 304 -
117.184.7.30 - - [21/Sep/2021:10:24:25 +0800] "GET /xingrg/javascript/easyui/themes/icons/edit_remove.png HTTP/1.1" 304 -
117.184.7.30 - - [21/Sep/2021:10:24:25 +0800] "GET /xingrg/javascript/easyui/plugins/jquery.numberbox.js HTTP/1.1" 304 -
117.184.7.30 - - [21/Sep/2021:10:24:27 +0800] "GET /xingrg/javascript/auto/indicator.gif HTTP/1.1" 404 1066
222.70.179.190 - - [21/Sep/2021:10:24:28 +0800] "GET /xingrg/all/function/internal_message.html?_=1632191071005&CODE_STATE=getMsg HTTP/1.1" 200 27
180.152.125.3 - - [21/Sep/2021:10:24:29 +0800] "GET /xingrg/kc/buy/cgsh_order_add.html HTTP/1.1" 200 63441
116.238.248.233 - - [21/Sep/2021:10:24:29 +0800] "POST /xingrg/kc/buy/cgsh_order_operate.html HTTP/1.1" 200 37
58.39.139.200 - - [21/Sep/2021:10:24:29 +0800] "GET /xingrg/kc/buy/cgsh_order_operate.html?command=get_materiel_price&rest_code=00105&code=00101009010&unit_code=00100001&supplier_code=00100024&order_time=2021-09-21 HTTP/1.1" 200 27
180.152.125.3 - - [21/Sep/2021:10:24:31 +0800] "POST /xingrg/kc/buy/cgsh_order_operate.html HTTP/1.1" 200 8245
180.152.125.3 - - [21/Sep/2021:10:24:31 +0800] "GET /xingrg/javascript/easyui/themes/default/validatebox.css HTTP/1.1" 404 1104
180.152.125.3 - - [21/Sep/2021:10:24:32 +0800] "POST /xingrg/kc/buy/cgsh_list_operate.html HTTP/1.1" 200 2414
117.184.7.30 - - [21/Sep/2021:10:24:33 +0800] "GET /xingrg/javascript/jquery_tools/images/prev.gif HTTP/1.1" 404 1086
117.184.7.30 - - [21/Sep/2021:10:24:33 +0800] "GET /xingrg/javascript/jquery_tools/images/next.gif HTTP/1.1" 404 1086
116.237.74.154 - - [21/Sep/2021:10:24:33 +0800] "GET /xingrg/kc/buy/cgsh_order_operate.html?command=get_materiel&rest_code=00106&code=00101009057&supplier_code=00100022&order_time=2021-09-21 HTTP/1.1" 200 410
117.184.7.30 - - [21/Sep/2021:10:24:37 +0800] "GET /xingrg/kc/base/wldb_order_operate.html?command=get_materiel&rest_code=00108&base_code=0010538&code=00101019258 HTTP/1.1" 200 468
116.238.248.233 - - [21/Sep/2021:10:24:37 +0800] "POST /xingrg/kc/buy/cgsh_order_operate.html HTTP/1.1" 200 12
58.39.139.200 - - [21/Sep/2021:10:24:37 +0800] "GET /xingrg/all/function/internal_message.html?_=1632191027576&CODE_STATE=getMsg HTTP/1.1" 200 27
117.184.7.30 - - [21/Sep/2021:10:24:42 +0800] "GET /xingrg/kc/base/wldb_order_operate.html?command=get_materiel&rest_code=00108&base_code=0010538&code=00101019438 HTTP/1.1" 200 447
180.152.125.3 - - [21/Sep/2021:10:24:43 +0800] "POST /xingrg/kc/buy/cgsh_order_operate.html HTTP/1.1" 200 37
180.152.125.3 - - [21/Sep/2021:10:24:44 +0800] "GET /xingrg/all/function/internal_message.html?_=1632191089089&CODE_STATE=getMsg HTTP/1.1" 200 27
116.238.248.233 - - [21/Sep/2021:10:24:45 +0800] "GET /xingrg/kc/buy/cgsh_order_info.html?code=212021092109382 HTTP/1.1" 200 58023
180.152.125.3 - - [21/Sep/2021:10:24:45 +0800] "POST /xingrg/kc/buy/cgsh_order_operate.html HTTP/1.1" 200 22215
116.238.248.233 - - [21/Sep/2021:10:24:45 +0800] "GET /xingrg/javascript/easyui/themes/default/validatebox.css HTTP/1.1" 404 1104
116.238.248.233 - - [21/Sep/2021:10:24:46 +0800] "POST /xingrg/kc/buy/cgsh_order_operate.html HTTP/1.1" 200 8416
116.238.248.233 - - [21/Sep/2021:10:24:47 +0800] "GET /xingrg/kc/print/load_config.html?kc_code=cgsh HTTP/1.1" 200 2076
116.238.248.233 - - [21/Sep/2021:10:24:47 +0800] "GET /xingrg/kc/print/load_data.html?order_code=212021092109382&kc_code=cgsh&condition= HTTP/1.1" 200 3691
180.152.125.3 - - [21/Sep/2021:10:24:47 +0800] "POST /xingrg/kc/buy/cgsh_list_operate.html HTTP/1.1" 200 2414
58.40.7.146 - - [21/Sep/2021:10:24:48 +0800] "GET /xingrg/all/function/internal_message.html?_=1632191092323&CODE_STATE=getMsg HTTP/1.1" 302 -
116.238.248.233 - - [21/Sep/2021:10:24:48 +0800] "GET /xingrg/check_reg.html?_=1632191091974 HTTP/1.1" 200 22
116.238.248.233 - - [21/Sep/2021:10:24:48 +0800] "GET /xingrg/all/function/internal_message.html?_=1632191091975&CODE_STATE=getMsg HTTP/1.1" 200 27
222.70.246.151 - - [21/Sep/2021:10:24:57 +0800] "GET /xingrg/all/function/internal_message.html?_=1632191106848&CODE_STATE=getMsg HTTP/1.1" 200 27
116.230.105.26 - - [21/Sep/2021:10:24:57 +0800] "GET /xingrg/all/function/internal_message.html?_=1632191085115&CODE_STATE=getMsg HTTP/1.1" 200 27
58.37.227.186 - - [21/Sep/2021:10:24:58 +0800] "POST /xingrg/services/DataTransmitService HTTP/1.1" 200 524
58.37.227.186 - - [21/Sep/2021:10:24:58 +0800] "POST /xingrg/services/DataTransmitService HTTP/1.1" 200 2243
58.37.227.186 - - [21/Sep/2021:10:24:59 +0800] "POST /xingrg/services/DataTransmitService HTTP/1.1" 200 164955
180.152.125.3 - - [21/Sep/2021:10:25:00 +0800] "POST /xingrg/kc/buy/cgsh_list_operate.html HTTP/1.1" 200 4
117.184.7.30 - - [21/Sep/2021:10:25:01 +0800] "GET /xingrg/kc/base/wldb_order_operate.html?command=get_materiel&rest_code=00108&base_code=0010538&code=00101019536 HTTP/1.1" 200 470
117.184.7.30 - - [21/Sep/2021:10:25:01 +0800] "GET /xingrg/all/function/internal_message.html?_=1632191100587&CODE_STATE=getMsg HTTP/1.1" 200 27
114.86.224.104 - - [21/Sep/2021:10:25:02 +0800] "GET /xingrg/all/function/internal_message.html?_=1632191108552&CODE_STATE=getMsg HTTP/1.1" 200 27
116.237.74.154 - - [21/Sep/2021:10:25:02 +0800] "GET /xingrg/kc/buy/cgsh_order_operate.html?command=get_materiel&rest_code=00106&code=00101009016&supplier_code=00100022&order_time=2021-09-21 HTTP/1.1" 200 414
180.152.125.3 - - [21/Sep/2021:10:25:02 +0800] "POST /xingrg/kc/buy/cgsh_list_operate.html HTTP/1.1" 200 876
114.83.219.92 - - [21/Sep/2021:10:25:03 +0800] "GET /xingrg/all/function/internal_message.html?_=1632191106654&CODE_STATE=getMsg HTTP/1.1" 200 27
180.152.125.3 - - [21/Sep/2021:10:25:05 +0800] "GET /xingrg/all/function/internal_message.html?_=1632191087513&CODE_STATE=getMsg HTTP/1.1" 200 27
114.85.125.222 - - [21/Sep/2021:10:25:08 +0800] "GET /xingrg/all/function/internal_message.html?_=1632191091927&CODE_STATE=getMsg HTTP/1.1" 200 27
117.184.7.30 - - [21/Sep/2021:10:25:09 +0800] "GET /xingrg/kc/base/wldb_order_operate.html?command=get_materiel&rest_code=00108&base_code=0010538&code=00101019079 HTTP/1.1" 200 465
180.152.125.3 - - [21/Sep/2021:10:25:09 +0800] "GET /xingrg/kc/buy/cgsh_order_list.html HTTP/1.1" 200 47744
180.152.125.3 - - [21/Sep/2021:10:25:10 +0800] "POST /xingrg/kc/buy/cgsh_list_operate.html HTTP/1.1" 200 876
116.237.74.154 - - [21/Sep/2021:10:25:11 +0800] "GET /xingrg/kc/buy/cgsh_order_operate.html?command=get_materiel&rest_code=00106&code=00101009046&supplier_code=00100022&order_time=2021-09-21 HTTP/1.1" 200 409
180.152.125.3 - - [21/Sep/2021:10:25:12 +0800] "GET /xingrg/kc/buy/cgsh_order_add.html HTTP/1.1" 200 63447
180.152.125.3 - - [21/Sep/2021:10:25:14 +0800] "POST /xingrg/kc/buy/cgsh_order_operate.html HTTP/1.1" 200 8245
180.152.125.3 - - [21/Sep/2021:10:25:14 +0800] "GET /xingrg/javascript/easyui/themes/default/validatebox.css HTTP/1.1" 404 1104
180.152.125.3 - - [21/Sep/2021:10:25:16 +0800] "GET /xingrg/kc/buy/cgsh_order_add.html HTTP/1.1" 200 63447
58.39.139.200 - - [21/Sep/2021:10:25:18 +0800] "GET /xingrg/all/function/internal_message.html?_=1632191123337&CODE_STATE=getMsg HTTP/1.1" 200 27
180.152.125.3 - - [21/Sep/2021:10:25:19 +0800] "POST /xingrg/kc/buy/cgsh_list_operate.html HTTP/1.1" 200 876
116.237.74.154 - - [21/Sep/2021:10:25:19 +0800] "GET /xingrg/kc/buy/cgsh_order_operate.html?command=get_materiel&rest_code=00106&code=00101009063&supplier_code=00100022&order_time=2021-09-21 HTTP/1.1" 200 410
58.39.139.200 - - [21/Sep/2021:10:25:21 +0800] "GET /xingrg/kc/buy/cgsh_order_operate.html?command=get_materiel&rest_code=00105&code=00101009016&supplier_code=00100024&order_time=2021-09-21 HTTP/1.1" 200 412
116.237.74.154 - - [21/Sep/2021:10:25:25 +0800] "GET /xingrg/check_reg.html?_=1632191128016 HTTP/1.1" 200 22
116.237.74.154 - - [21/Sep/2021:10:25:25 +0800] "GET /xingrg/all/function/internal_message.html?_=1632191128019&CODE_STATE=getMsg HTTP/1.1" 200 27
222.70.179.190 - - [21/Sep/2021:10:25:28 +0800] "GET /xingrg/all/function/internal_message.html?_=1632191130996&CODE_STATE=getMsg HTTP/1.1" 200 27
117.184.7.30 - - [21/Sep/2021:10:25:30 +0800] "POST /xingrg/kc/base/wldb_order_operate.html HTTP/1.1" 200 37
58.39.139.200 - - [21/Sep/2021:10:25:31 +0800] "GET /xingrg/kc/buy/cgsh_order_operate.html?command=get_materiel&rest_code=00105&code=00101009013&supplier_code=00100024&order_time=2021-09-21 HTTP/1.1" 200 420
114.83.219.92 - - [21/Sep/2021:10:25:31 +0800] "POST /xingrg/services/DataTransmitService HTTP/1.1" 200 524
117.184.7.30 - - [21/Sep/2021:10:25:31 +0800] "POST /xingrg/kc/base/wldb_order_operate.html HTTP/1.1" 200 3721
117.184.7.30 - - [21/Sep/2021:10:25:31 +0800] "GET /xingrg/kc/base/wldb_order_info.html?code=422021092102391 HTTP/1.1" 200 30445
114.83.219.92 - - [21/Sep/2021:10:25:31 +0800] "POST /xingrg/services/DataTransmitService HTTP/1.1" 200 1979
117.184.7.30 - - [21/Sep/2021:10:25:31 +0800] "GET /xingrg/javascript/easyui/themes/default/validatebox.css HTTP/1.1" 404 1104
114.83.219.92 - - [21/Sep/2021:10:25:32 +0800] "POST /xingrg/services/DataTransmitService HTTP/1.1" 200 124467
117.184.7.30 - - [21/Sep/2021:10:25:32 +0800] "POST /xingrg/kc/base/wldb_order_operate.html HTTP/1.1" 200 3721
116.238.248.233 - - [21/Sep/2021:10:25:33 +0800] "POST /xingrg/all/user/operate.html HTTP/1.1" 200 36
116.238.248.233 - - [21/Sep/2021:10:25:34 +0800] "GET /xingrg/javascript/jquery_easy_ui/themes/default/easyui.css HTTP/1.1" 304 -
116.238.248.233 - - [21/Sep/2021:10:25:34 +0800] "GET /xingrg/index.html?sysBaseUrl=http%3A%2F%2F180.169.147.146%3A18081%2Fxingrg%2F&costTime=49×tamp=1632190788361 HTTP/1.1" 200 17179
116.238.248.233 - - [21/Sep/2021:10:25:34 +0800] "GET /xingrg/javascript/jquery_easy_ui/themes/icon.css HTTP/1.1" 304 -
116.238.248.233 - - [21/Sep/2021:10:25:34 +0800] "GET /xingrg/css/form.css HTTP/1.1" 304 -
116.238.248.233 - - [21/Sep/2021:10:25:34 +0800] "GET /xingrg/javascript/jquery-1.4.2.min.js HTTP/1.1" 304 -
116.238.248.233 - - [21/Sep/2021:10:25:34 +0800] "GET /xingrg/javascript/jquery_easy_ui/jquery.easyui.min.js HTTP/1.1" 304 -
116.238.248.233 - - [21/Sep/2021:10:25:34 +0800] "GET /xingrg/javascript/jquery_easy_ui/easyui-lang-zh_CN.js HTTP/1.1" 304 -
116.238.248.233 - - [21/Sep/2021:10:25:34 +0800] "GET /xingrg/javascript/jquery.form.js HTTP/1.1" 304 -
116.238.248.233 - - [21/Sep/2021:10:25:34 +0800] "GET /xingrg/javascript/jquery.utils.js HTTP/1.1" 304 -
116.238.248.233 - - [21/Sep/2021:10:25:34 +0800] "GET /xingrg/javascript/jquery.timers.js HTTP/1.1" 304 -
116.238.248.233 - - [21/Sep/2021:10:25:34 +0800] "GET /xingrg/images/blue/jxLogo.png HTTP/1.1" 304 -
116.238.248.233 - - [21/Sep/2021:10:25:34 +0800] "GET /xingrg/images/blue/navBackgound.jpg HTTP/1.1" 304 -
116.238.248.233 - - [21/Sep/2021:10:25:34 +0800] "GET /xingrg/javascript/jquery_easy_ui/themes/icons/settle_new.png HTTP/1.1" 304 -
116.238.248.233 - - [21/Sep/2021:10:25:34 +0800] "POST /xingrg/all/common/load_tree.html?tree=area_rest_tree_json&manage=1 HTTP/1.1" 200 476
116.238.248.233 - - [21/Sep/2021:10:25:34 +0800] "GET /xingrg/all/function/internal_message.html?_=1632191137492&CODE_STATE=count HTTP/1.1" 200 11
116.238.248.233 - - [21/Sep/2021:10:25:34 +0800] "GET /xingrg/check_reg.html?_=1632191137494 HTTP/1.1" 200 22
116.238.248.233 - - [21/Sep/2021:10:25:34 +0800] "GET /xingrg/javascript/jquery_easy_ui/themes/default/images/tabs_leftarrow.png HTTP/1.1" 304 -
116.238.248.233 - - [21/Sep/2021:10:25:34 +0800] "GET /xingrg/javascript/jquery_easy_ui/themes/default/images/panel_tool_collapse.gif HTTP/1.1" 304 -
116.238.248.233 - - [21/Sep/2021:10:25:34 +0800] "GET /xingrg/javascript/jquery_easy_ui/themes/default/images/tabs_rightarrow.png HTTP/1.1" 304 -
116.238.248.233 - - [21/Sep/2021:10:25:34 +0800] "GET /xingrg/images/blue/pingpu.png HTTP/1.1" 304 -
116.238.248.233 - - [21/Sep/2021:10:25:34 +0800] "POST /xingrg/load_menu.html HTTP/1.1" 200 5138
116.237.74.154 - - [21/Sep/2021:10:25:34 +0800] "POST /xingrg/kc/buy/cgsh_order_operate.html HTTP/1.1" 200 37
117.184.7.30 - - [21/Sep/2021:10:25:36 +0800] "GET /xingrg/kc/print/load_config.html?kc_code=wldb HTTP/1.1" 200 2173
117.184.7.30 - - [21/Sep/2021:10:25:36 +0800] "GET /xingrg/kc/print/load_data.html?order_code=422021092102391&kc_code=wldb&condition= HTTP/1.1" 200 1034
116.237.74.154 - - [21/Sep/2021:10:25:37 +0800] "POST /xingrg/kc/buy/cgsh_order_operate.html HTTP/1.1" 200 12
116.238.248.233 - - [21/Sep/2021:10:25:37 +0800] "GET /xingrg/kc/buy/cgsh_order_list.html HTTP/1.1" 200 47750
58.39.139.200 - - [21/Sep/2021:10:25:37 +0800] "GET /xingrg/all/function/internal_message.html?_=1632191087577&CODE_STATE=getMsg HTTP/1.1" 200 27
116.237.74.154 - - [21/Sep/2021:10:25:38 +0800] "GET /xingrg/kc/buy/cgsh_order_info.html?code=212021092109383 HTTP/1.1" 200 58397
116.238.248.233 - - [21/Sep/2021:10:25:39 +0800] "POST /xingrg/kc/buy/cgsh_list_operate.html HTTP/1.1" 200 1709
116.237.74.154 - - [21/Sep/2021:10:25:39 +0800] "GET /xingrg/javascript/easyui/themes/default/validatebox.css HTTP/1.1" 404 1104
116.237.74.154 - - [21/Sep/2021:10:25:40 +0800] "POST /xingrg/kc/buy/cgsh_order_operate.html HTTP/1.1" 200 5936
116.237.74.154 - - [21/Sep/2021:10:25:42 +0800] "GET /xingrg/kc/print/load_data.html?order_code=212021092109383&kc_code=cgsh&condition= HTTP/1.1" 200 2766
116.238.248.233 - - [21/Sep/2021:10:25:42 +0800] "GET /xingrg/kc/buy/cgsh_order_add.html HTTP/1.1" 200 63406
116.238.248.233 - - [21/Sep/2021:10:25:43 +0800] "POST /xingrg/kc/buy/cgsh_order_operate.html HTTP/1.1" 200 8245
116.238.248.233 - - [21/Sep/2021:10:25:43 +0800] "GET /xingrg/all/common/auto_word.html?type=employee&rest_code=00150 HTTP/1.1" 200 205
116.238.248.233 - - [21/Sep/2021:10:25:43 +0800] "GET /xingrg/all/common/auto_word.html?type=employee&rest_code=00150 HTTP/1.1" 200 205
116.238.248.233 - - [21/Sep/2021:10:25:43 +0800] "GET /xingrg/javascript/easyui/themes/default/validatebox.css HTTP/1.1" 404 1104
58.40.7.146 - - [21/Sep/2021:10:25:48 +0800] "GET /xingrg/all/function/internal_message.html?_=1632191152327&CODE_STATE=getMsg HTTP/1.1" 302 -
58.39.139.200 - - [21/Sep/2021:10:25:49 +0800] "GET /xingrg/kc/buy/cgsh_order_operate.html?command=get_materiel&rest_code=00105&code=00101009007&supplier_code=00100024&order_time=2021-09-21 HTTP/1.1" 200 408
116.237.74.154 - - [21/Sep/2021:10:25:51 +0800] "GET /xingrg/kc/print/load_data.html?order_code=212021092109383&kc_code=cgsh HTTP/1.1" 200 2766
180.152.125.3 - - [21/Sep/2021:10:25:51 +0800] "GET /xingrg/check_reg.html?_=1632191133729 HTTP/1.1" 200 22
222.70.246.151 - - [21/Sep/2021:10:25:52 +0800] "GET /xingrg/check_reg.html?_=1632191161373 HTTP/1.1" 200 22
222.70.246.151 - - [21/Sep/2021:10:25:57 +0800] "GET /xingrg/all/function/internal_message.html?_=1632191166861&CODE_STATE=getMsg HTTP/1.1" 200 27
116.230.105.26 - - [21/Sep/2021:10:25:57 +0800] "GET /xingrg/all/function/internal_message.html?_=1632191145103&CODE_STATE=getMsg HTTP/1.1" 200 27
117.184.7.30 - - [21/Sep/2021:10:26:01 +0800] "GET /xingrg/all/function/internal_message.html?_=1632191160580&CODE_STATE=getMsg HTTP/1.1" 200 27
114.86.224.104 - - [21/Sep/2021:10:26:02 +0800] "GET /xingrg/all/function/internal_message.html?_=1632191168553&CODE_STATE=getMsg HTTP/1.1" 200 27
114.83.219.92 - - [21/Sep/2021:10:26:03 +0800] "GET /xingrg/all/function/internal_message.html?_=1632191166638&CODE_STATE=getMsg HTTP/1.1" 200 27
114.83.219.92 - - [21/Sep/2021:10:26:04 +0800] "GET /xingrg/check_reg.html?_=1632191167452 HTTP/1.1" 200 22
180.152.125.3 - - [21/Sep/2021:10:26:05 +0800] "GET /xingrg/all/function/internal_message.html?_=1632191147528&CODE_STATE=getMsg HTTP/1.1" 200 27
114.85.125.222 - - [21/Sep/2021:10:26:08 +0800] "GET /xingrg/all/function/internal_message.html?_=1632191151941&CODE_STATE=getMsg HTTP/1.1" 200 27
116.238.248.233 - - [21/Sep/2021:10:26:14 +0800] "GET /xingrg/javascript/auto/indicator.gif HTTP/1.1" 404 1066
58.39.139.200 - - [21/Sep/2021:10:26:18 +0800] "GET /xingrg/all/function/internal_message.html?_=1632191183291&CODE_STATE=getMsg HTTP/1.1" 200 27
116.237.74.154 - - [21/Sep/2021:10:26:21 +0800] "GET /xingrg/kc/buy/cgsh_order_add.html HTTP/1.1" 200 63488
116.237.74.154 - - [21/Sep/2021:10:26:21 +0800] "GET /xingrg/javascript/easyui/themes/default/validatebox.css HTTP/1.1" 404 1104
116.237.74.154 - - [21/Sep/2021:10:26:22 +0800] "POST /xingrg/kc/buy/cgsh_order_operate.html HTTP/1.1" 200 8245
116.237.74.154 - - [21/Sep/2021:10:26:22 +0800] "GET /xingrg/javascript/easyui/themes/default/tree.css HTTP/1.1" 404 1090
116.238.248.233 - - [21/Sep/2021:10:26:23 +0800] "GET /xingrg/kc/buy/cgsh_order_operate.html?command=get_materiel&rest_code=00150&code=00101009109&supplier_code=00100424&order_time=2021-09-21 HTTP/1.1" 200 399
116.237.74.154 - - [21/Sep/2021:10:26:23 +0800] "POST /xingrg/all/common/load_tree.html?tree=supplier_tree_json&isDelete=1 HTTP/1.1" 200 57803
222.70.179.190 - - [21/Sep/2021:10:26:23 +0800] "GET /xingrg/kc/buy/cgsh_order_operate.html?command=get_materiel&rest_code=00111&code=00101002041&supplier_code=00100199&order_time=2021-09-21 HTTP/1.1" 200 409
116.237.74.154 - - [21/Sep/2021:10:26:25 +0800] "GET /xingrg/all/function/internal_message.html?_=1632191188015&CODE_STATE=getMsg HTTP/1.1" 200 27
58.39.139.200 - - [21/Sep/2021:10:26:27 +0800] "GET /xingrg/kc/buy/cgsh_order_operate.html?command=get_materiel&rest_code=00105&code=00101009124&supplier_code=00100024&order_time=2021-09-21 HTTP/1.1" 200 402
222.70.179.190 - - [21/Sep/2021:10:26:28 +0800] "GET /xingrg/all/function/internal_message.html?_=1632191190990&CODE_STATE=getMsg HTTP/1.1" 200 27
116.237.74.154 - - [21/Sep/2021:10:26:32 +0800] "GET /xingrg/kc/buy/cgsh_order_operate.html?command=get_materiel&rest_code=00106&code=00101012029&supplier_code=00100032&order_time=2021-09-21 HTTP/1.1" 200 412
116.238.248.233 - - [21/Sep/2021:10:26:33 +0800] "GET /xingrg/kc/buy/cgsh_order_operate.html?command=get_materiel&rest_code=00150&code=00101009124&supplier_code=00100424&order_time=2021-09-21 HTTP/1.1" 200 402
116.238.248.233 - - [21/Sep/2021:10:26:34 +0800] "GET /xingrg/all/function/internal_message.html?_=1632191197512&CODE_STATE=getMsg HTTP/1.1" 200 27
101.93.222.235 - - [21/Sep/2021:10:26:36 +0800] "POST /xingrg/services/DataTransmitService HTTP/1.1" 200 524
101.93.222.235 - - [21/Sep/2021:10:26:36 +0800] "POST /xingrg/services/DataTransmitService HTTP/1.1" 200 2071
101.93.222.235 - - [21/Sep/2021:10:26:37 +0800] "POST /xingrg/services/DataTransmitService HTTP/1.1" 200 143520
58.39.139.200 - - [21/Sep/2021:10:26:37 +0800] "GET /xingrg/check_reg.html?_=1632191147576 HTTP/1.1" 200 22
58.39.139.200 - - [21/Sep/2021:10:26:37 +0800] "GET /xingrg/all/function/internal_message.html?_=1632191147582&CODE_STATE=getMsg HTTP/1.1" 200 27
116.237.74.154 - - [21/Sep/2021:10:26:40 +0800] "GET /xingrg/kc/buy/cgsh_order_operate.html?command=get_materiel&rest_code=00106&code=00101016025&supplier_code=00100032&order_time=2021-09-21 HTTP/1.1" 200 408
58.40.7.146 - - [21/Sep/2021:10:26:48 +0800] "GET /xingrg/all/function/internal_message.html?_=1632191212330&CODE_STATE=getMsg HTTP/1.1" 302 -
116.237.74.154 - - [21/Sep/2021:10:26:53 +0800] "GET /xingrg/kc/buy/cgsh_order_operate.html?command=get_materiel&rest_code=00106&code=00101010248&supplier_code=00100032&order_time=2021-09-21 HTTP/1.1" 200 430
180.157.251.224 - - [21/Sep/2021:10:26:54 +0800] "GET /favicon.ico HTTP/1.1" 404 -
222.70.246.151 - - [21/Sep/2021:10:26:57 +0800] "GET /xingrg/all/function/internal_message.html?_=1632191226875&CODE_STATE=getMsg HTTP/1.1" 200 27
116.230.105.26 - - [21/Sep/2021:10:26:57 +0800] "GET /xingrg/all/function/internal_message.html?_=1632191205109&CODE_STATE=getMsg HTTP/1.1" 200 27
117.184.7.30 - - [21/Sep/2021:10:27:01 +0800] "GET /xingrg/all/function/internal_message.html?_=1632191220579&CODE_STATE=getMsg HTTP/1.1" 200 27
116.237.74.154 - - [21/Sep/2021:10:27:01 +0800] "POST /xingrg/all/common/load_select.html HTTP/1.1" 200 25
58.39.139.200 - - [21/Sep/2021:10:27:02 +0800] "POST /xingrg/kc/buy/cgsh_order_operate.html HTTP/1.1" 200 37
114.86.224.104 - - [21/Sep/2021:10:27:02 +0800] "GET /xingrg/all/function/internal_message.html?_=1632191228557&CODE_STATE=getMsg HTTP/1.1" 200 27
114.83.219.92 - - [21/Sep/2021:10:27:03 +0800] "GET /xingrg/all/function/internal_message.html?_=1632191226624&CODE_STATE=getMsg HTTP/1.1" 200 27
222.70.179.190 - - [21/Sep/2021:10:27:04 +0800] "GET /xingrg/kc/buy/cgsh_order_operate.html?command=get_materiel&rest_code=00111&code=00101002006&supplier_code=00100199&order_time=2021-09-21 HTTP/1.1" 200 416
116.237.74.154 - - [21/Sep/2021:10:27:04 +0800] "GET /xingrg/kc/buy/cgsh_order_operate.html?command=get_materiel_price&rest_code=00106&code=00101010248&unit_code=00100043&supplier_code=00100032&order_time=2021-09-21 HTTP/1.1" 200 29
180.152.125.3 - - [21/Sep/2021:10:27:05 +0800] "GET /xingrg/all/function/internal_message.html?_=1632191207542&CODE_STATE=getMsg HTTP/1.1" 200 27
58.39.139.200 - - [21/Sep/2021:10:27:07 +0800] "POST /xingrg/kc/buy/cgsh_order_operate.html HTTP/1.1" 200 9797
114.85.125.222 - - [21/Sep/2021:10:27:08 +0800] "GET /xingrg/all/function/internal_message.html?_=1632191211955&CODE_STATE=getMsg HTTP/1.1" 200 27
