116.238.248.233 - - [21/Sep/2021:08:57:39 +0800] "GET /xingrg/check_reg.html?_=1632185862893 HTTP/1.1" 200 22
222.70.246.151 - - [21/Sep/2021:08:57:44 +0800] "GET /xingrg/all/function/internal_message.html?_=1632185874138&CODE_STATE=getMsg HTTP/1.1" 200 27
58.40.7.146 - - [21/Sep/2021:08:57:48 +0800] "GET /xingrg/all/function/internal_message.html?_=1632185872261&CODE_STATE=getMsg HTTP/1.1" 302 -
58.39.139.200 - - [21/Sep/2021:08:57:49 +0800] "GET /xingrg/kc/buy/cgsh_order_operate.html?command=get_materiel&rest_code=00105&code=00101008137&supplier_code=00100203&order_time=2021-09-21 HTTP/1.1" 200 408
114.83.219.92 - - [21/Sep/2021:08:57:51 +0800] "GET /xingrg/kc/buy/cgsh_order_operate.html?command=get_materiel&rest_code=00149&code=00101008209&supplier_code=00100005&order_time=2021-09-21 HTTP/1.1" 200 409
114.86.224.104 - - [21/Sep/2021:08:58:02 +0800] "GET /xingrg/all/function/internal_message.html?_=1632185888356&CODE_STATE=getMsg HTTP/1.1" 200 27
114.86.224.104 - - [21/Sep/2021:08:58:02 +0800] "GET /xingrg/check_reg.html?_=1632185888358 HTTP/1.1" 200 22
58.39.139.200 - - [21/Sep/2021:08:58:14 +0800] "GET /xingrg/kc/buy/cgsh_order_operate.html?command=get_materiel&rest_code=00105&code=00101008357&supplier_code=00100203&order_time=2021-09-21 HTTP/1.1" 200 408
58.39.139.200 - - [21/Sep/2021:08:58:19 +0800] "GET /xingrg/check_reg.html?_=1632185905044 HTTP/1.1" 200 22
58.39.139.200 - - [21/Sep/2021:08:58:19 +0800] "GET /xingrg/all/function/internal_message.html?_=1632185905045&CODE_STATE=getMsg HTTP/1.1" 200 27
114.83.219.92 - - [21/Sep/2021:08:58:20 +0800] "GET /xingrg/kc/buy/cgsh_order_operate.html?command=get_materiel&rest_code=00149&code=00101008356&supplier_code=00100005&order_time=2021-09-21 HTTP/1.1" 200 408
114.83.219.92 - - [21/Sep/2021:08:58:28 +0800] "POST /xingrg/kc/buy/cgsh_order_operate.html HTTP/1.1" 200 2065
114.83.219.92 - - [21/Sep/2021:08:58:30 +0800] "GET /xingrg/all/function/internal_message.html?_=1632185913806&CODE_STATE=getMsg HTTP/1.1" 200 27
116.230.105.26 - - [21/Sep/2021:08:58:33 +0800] "GET /xingrg/all/function/internal_message.html?_=1632185901014&CODE_STATE=getMsg HTTP/1.1" 200 27
114.83.219.92 - - [21/Sep/2021:08:58:33 +0800] "GET /xingrg/kc/buy/cgsh_order_operate.html?command=get_materiel&rest_code=00149&code=00101008205&supplier_code=00100005&order_time=2021-09-21 HTTP/1.1" 200 412
58.39.139.200 - - [21/Sep/2021:08:58:37 +0800] "GET /xingrg/all/function/internal_message.html?_=1632185867512&CODE_STATE=getMsg HTTP/1.1" 200 27
116.238.248.233 - - [21/Sep/2021:08:58:39 +0800] "GET /xingrg/all/function/internal_message.html?_=1632185922893&CODE_STATE=getMsg HTTP/1.1" 200 27
114.83.219.92 - - [21/Sep/2021:08:58:43 +0800] "GET /xingrg/kc/buy/cgsh_order_operate.html?command=get_materiel&rest_code=00149&code=00101008439&supplier_code=00100005&order_time=2021-09-21 HTTP/1.1" 200 399
222.70.246.151 - - [21/Sep/2021:08:58:45 +0800] "GET /xingrg/all/function/internal_message.html?_=1632185934517&CODE_STATE=getMsg HTTP/1.1" 200 27
58.40.7.146 - - [21/Sep/2021:08:58:48 +0800] "GET /xingrg/all/function/internal_message.html?_=1632185932262&CODE_STATE=getMsg HTTP/1.1" 302 -
58.40.7.146 - - [21/Sep/2021:08:58:48 +0800] "GET /xingrg/check_reg.html?_=1632185932264 HTTP/1.1" 302 -
114.83.219.92 - - [21/Sep/2021:08:58:56 +0800] "GET /xingrg/kc/buy/cgsh_order_operate.html?command=get_materiel&rest_code=00149&code=00101008137&supplier_code=00100005&order_time=2021-09-21 HTTP/1.1" 200 408
58.39.139.200 - - [21/Sep/2021:08:59:02 +0800] "GET /xingrg/kc/buy/cgsh_order_operate.html?command=get_materiel&rest_code=00105&code=00101008108&supplier_code=00100203&order_time=2021-09-21 HTTP/1.1" 200 412
114.86.224.104 - - [21/Sep/2021:08:59:02 +0800] "GET /xingrg/all/function/internal_message.html?_=1632185948358&CODE_STATE=getMsg HTTP/1.1" 200 27
58.39.139.200 - - [21/Sep/2021:08:59:20 +0800] "GET /xingrg/all/function/internal_message.html?_=1632185965119&CODE_STATE=getMsg HTTP/1.1" 200 27
58.39.139.200 - - [21/Sep/2021:08:59:20 +0800] "GET /xingrg/kc/buy/cgsh_order_operate.html?command=get_materiel&rest_code=00105&code=00101008004&supplier_code=00100203&order_time=2021-09-21 HTTP/1.1" 200 416
116.230.105.26 - - [21/Sep/2021:08:59:29 +0800] "GET /xingrg/check_reg.html?_=1632185957318 HTTP/1.1" 200 22
114.83.219.92 - - [21/Sep/2021:08:59:30 +0800] "GET /xingrg/all/function/internal_message.html?_=1632185973808&CODE_STATE=getMsg HTTP/1.1" 200 27
116.230.105.26 - - [21/Sep/2021:08:59:33 +0800] "GET /xingrg/all/function/internal_message.html?_=1632185960996&CODE_STATE=getMsg HTTP/1.1" 200 27
58.39.139.200 - - [21/Sep/2021:08:59:36 +0800] "GET /xingrg/kc/buy/cgsh_order_operate.html?command=get_materiel&rest_code=00105&code=00101008558&supplier_code=00100203&order_time=2021-09-21 HTTP/1.1" 200 395
58.39.139.200 - - [21/Sep/2021:08:59:37 +0800] "GET /xingrg/all/function/internal_message.html?_=1632185927510&CODE_STATE=getMsg HTTP/1.1" 200 27
116.238.248.233 - - [21/Sep/2021:08:59:39 +0800] "GET /xingrg/all/function/internal_message.html?_=1632185982893&CODE_STATE=getMsg HTTP/1.1" 200 27
222.70.246.151 - - [21/Sep/2021:08:59:45 +0800] "GET /xingrg/all/function/internal_message.html?_=1632185994524&CODE_STATE=getMsg HTTP/1.1" 200 27
58.39.139.200 - - [21/Sep/2021:08:59:47 +0800] "POST /xingrg/kc/buy/cgsh_order_operate.html HTTP/1.1" 200 2065
58.40.7.146 - - [21/Sep/2021:08:59:48 +0800] "GET /xingrg/all/function/internal_message.html?_=1632185992267&CODE_STATE=getMsg HTTP/1.1" 302 -
58.39.139.200 - - [21/Sep/2021:08:59:49 +0800] "POST /xingrg/kc/buy/cgsh_order_operate.html HTTP/1.1" 200 2065
58.39.139.200 - - [21/Sep/2021:08:59:57 +0800] "GET /xingrg/kc/buy/cgsh_order_operate.html?command=get_materiel&rest_code=00105&code=00101008350&supplier_code=00100203&order_time=2021-09-21 HTTP/1.1" 200 408
180.152.125.3 - - [21/Sep/2021:09:00:02 +0800] "GET /favicon.ico HTTP/1.1" 404 -
114.86.224.104 - - [21/Sep/2021:09:00:02 +0800] "GET /xingrg/all/function/internal_message.html?_=1632186008360&CODE_STATE=getMsg HTTP/1.1" 200 27
114.83.219.92 - - [21/Sep/2021:09:00:13 +0800] "GET /xingrg/kc/buy/cgsh_order_operate.html?command=get_materiel&rest_code=00149&code=00101008059&supplier_code=00100005&order_time=2021-09-21 HTTP/1.1" 200 408
58.39.139.200 - - [21/Sep/2021:09:00:20 +0800] "GET /xingrg/all/function/internal_message.html?_=1632186025121&CODE_STATE=getMsg HTTP/1.1" 200 27
114.83.219.92 - - [21/Sep/2021:09:00:30 +0800] "GET /xingrg/all/function/internal_message.html?_=1632186033801&CODE_STATE=getMsg HTTP/1.1" 200 27
114.83.219.92 - - [21/Sep/2021:09:00:31 +0800] "GET /xingrg/kc/buy/cgsh_order_operate.html?command=get_materiel&rest_code=00149&code=00101008223&supplier_code=00100005&order_time=2021-09-21 HTTP/1.1" 200 412
116.230.105.26 - - [21/Sep/2021:09:00:33 +0800] "GET /xingrg/all/function/internal_message.html?_=1632186020972&CODE_STATE=getMsg HTTP/1.1" 200 27
114.83.219.92 - - [21/Sep/2021:09:00:36 +0800] "POST /xingrg/kc/buy/cgsh_order_operate.html HTTP/1.1" 200 2065
58.39.139.200 - - [21/Sep/2021:09:00:37 +0800] "GET /xingrg/all/function/internal_message.html?_=1632185987510&CODE_STATE=getMsg HTTP/1.1" 200 27
116.238.248.233 - - [21/Sep/2021:09:00:39 +0800] "GET /xingrg/all/function/internal_message.html?_=1632186042892&CODE_STATE=getMsg HTTP/1.1" 200 27
114.83.219.92 - - [21/Sep/2021:09:00:41 +0800] "GET /xingrg/kc/buy/cgsh_order_operate.html?command=get_materiel&rest_code=00149&code=00101008183&supplier_code=00100005&order_time=2021-09-21 HTTP/1.1" 200 413
58.39.139.200 - - [21/Sep/2021:09:00:42 +0800] "GET /xingrg/kc/buy/cgsh_order_operate.html?command=get_materiel&rest_code=00105&code=00101015026&supplier_code=00100203&order_time=2021-09-21 HTTP/1.1" 200 412
222.70.246.151 - - [21/Sep/2021:09:00:45 +0800] "GET /xingrg/all/function/internal_message.html?_=1632186054916&CODE_STATE=getMsg HTTP/1.1" 200 27
222.70.246.151 - - [21/Sep/2021:09:00:46 +0800] "GET /xingrg/check_reg.html?_=1632186055926 HTTP/1.1" 200 22
58.40.7.146 - - [21/Sep/2021:09:00:48 +0800] "GET /xingrg/all/function/internal_message.html?_=1632186052272&CODE_STATE=getMsg HTTP/1.1" 302 -
58.39.139.200 - - [21/Sep/2021:09:00:50 +0800] "GET /xingrg/kc/buy/cgsh_order_operate.html?command=get_materiel&rest_code=00105&code=00101008041&supplier_code=00100203&order_time=2021-09-21 HTTP/1.1" 200 408
114.86.224.104 - - [21/Sep/2021:09:01:02 +0800] "GET /xingrg/all/function/internal_message.html?_=1632186068362&CODE_STATE=getMsg HTTP/1.1" 200 27
222.70.179.190 - - [21/Sep/2021:09:01:03 +0800] "GET /xingrg/login.html HTTP/1.1" 200 7641
222.70.179.190 - - [21/Sep/2021:09:01:03 +0800] "GET /favicon.ico HTTP/1.1" 404 -
58.39.139.200 - - [21/Sep/2021:09:01:16 +0800] "GET /xingrg/kc/buy/cgsh_order_operate.html?command=get_materiel&rest_code=00105&code=00101008439&supplier_code=00100203&order_time=2021-09-21 HTTP/1.1" 200 399
58.39.139.200 - - [21/Sep/2021:09:01:20 +0800] "GET /xingrg/all/function/internal_message.html?_=1632186085104&CODE_STATE=getMsg HTTP/1.1" 200 27
114.83.219.92 - - [21/Sep/2021:09:01:22 +0800] "GET /xingrg/kc/buy/cgsh_order_operate.html?command=get_materiel&rest_code=00149&code=00101008326&supplier_code=00100005&order_time=2021-09-21 HTTP/1.1" 200 421
114.83.219.92 - - [21/Sep/2021:09:01:30 +0800] "GET /xingrg/all/function/internal_message.html?_=1632186093836&CODE_STATE=getMsg HTTP/1.1" 200 27
114.83.219.92 - - [21/Sep/2021:09:01:30 +0800] "GET /xingrg/check_reg.html?_=1632186093837 HTTP/1.1" 200 22
116.230.105.26 - - [21/Sep/2021:09:01:33 +0800] "GET /xingrg/all/function/internal_message.html?_=1632186080948&CODE_STATE=getMsg HTTP/1.1" 200 27
58.39.139.200 - - [21/Sep/2021:09:01:37 +0800] "GET /xingrg/all/function/internal_message.html?_=1632186047509&CODE_STATE=getMsg HTTP/1.1" 200 27
58.39.139.200 - - [21/Sep/2021:09:01:37 +0800] "GET /xingrg/check_reg.html?_=1632186047511 HTTP/1.1" 200 22
116.238.248.233 - - [21/Sep/2021:09:01:39 +0800] "GET /xingrg/all/function/internal_message.html?_=1632186102891&CODE_STATE=getMsg HTTP/1.1" 200 27
58.39.139.200 - - [21/Sep/2021:09:01:42 +0800] "GET /xingrg/kc/buy/cgsh_order_operate.html?command=get_materiel&rest_code=00105&code=00101008111&supplier_code=00100203&order_time=2021-09-21 HTTP/1.1" 200 412
222.70.246.151 - - [21/Sep/2021:09:01:45 +0800] "GET /xingrg/all/function/internal_message.html?_=1632186114924&CODE_STATE=getMsg HTTP/1.1" 200 27
58.40.7.146 - - [21/Sep/2021:09:01:48 +0800] "GET /xingrg/all/function/internal_message.html?_=1632186112259&CODE_STATE=getMsg HTTP/1.1" 302 -
58.39.139.200 - - [21/Sep/2021:09:01:50 +0800] "GET /xingrg/kc/buy/cgsh_order_operate.html?command=get_materiel&rest_code=00105&code=00101008112&supplier_code=00100203&order_time=2021-09-21 HTTP/1.1" 200 412
222.70.179.190 - - [21/Sep/2021:09:01:53 +0800] "POST /xingrg/login.do HTTP/1.1" 200 2421
222.70.179.190 - - [21/Sep/2021:09:01:54 +0800] "GET /favicon.ico HTTP/1.1" 404 -
222.70.179.190 - - [21/Sep/2021:09:01:55 +0800] "GET /xingrg/login.html HTTP/1.1" 200 7641
222.70.179.190 - - [21/Sep/2021:09:01:55 +0800] "GET /favicon.ico HTTP/1.1" 404 -
58.39.139.200 - - [21/Sep/2021:09:01:58 +0800] "GET /xingrg/kc/buy/cgsh_order_operate.html?command=get_materiel&rest_code=00105&code=00101008224&supplier_code=00100203&order_time=2021-09-21 HTTP/1.1" 200 416
114.83.219.92 - - [21/Sep/2021:09:02:02 +0800] "GET /xingrg/kc/buy/cgsh_order_operate.html?command=get_materiel&rest_code=00149&code=00101008558&supplier_code=00100005&order_time=2021-09-21 HTTP/1.1" 200 395
114.86.224.104 - - [21/Sep/2021:09:02:02 +0800] "GET /xingrg/all/function/internal_message.html?_=1632186128364&CODE_STATE=getMsg HTTP/1.1" 200 27
58.39.139.200 - - [21/Sep/2021:09:02:08 +0800] "GET /xingrg/kc/buy/cgsh_order_operate.html?command=get_materiel&rest_code=00105&code=00101008223&supplier_code=00100203&order_time=2021-09-21 HTTP/1.1" 200 412
222.70.179.190 - - [21/Sep/2021:09:02:10 +0800] "POST /xingrg/login.do HTTP/1.1" 200 2421
222.70.179.190 - - [21/Sep/2021:09:02:10 +0800] "GET /favicon.ico HTTP/1.1" 404 -
58.39.139.200 - - [21/Sep/2021:09:02:11 +0800] "POST /xingrg/kc/buy/cgsh_order_operate.html HTTP/1.1" 200 2065
222.70.179.190 - - [21/Sep/2021:09:02:12 +0800] "GET /xingrg/login.html HTTP/1.1" 200 7641
222.70.179.190 - - [21/Sep/2021:09:02:12 +0800] "GET /favicon.ico HTTP/1.1" 404 -
58.39.139.200 - - [21/Sep/2021:09:02:12 +0800] "POST /xingrg/kc/buy/cgsh_order_operate.html HTTP/1.1" 200 2065
58.39.139.200 - - [21/Sep/2021:09:02:20 +0800] "GET /xingrg/all/function/internal_message.html?_=1632186145111&CODE_STATE=getMsg HTTP/1.1" 200 27
222.70.179.190 - - [21/Sep/2021:09:02:26 +0800] "POST /xingrg/login.do HTTP/1.1" 302 -
222.70.179.190 - - [21/Sep/2021:09:02:26 +0800] "GET /xingrg/index.html?sysBaseUrl=http%3A%2F%2F180.169.147.146%3A18081%2Fxingrg%2F&costTime=42×tamp=1632186146363 HTTP/1.1" 200 17179
222.70.179.190 - - [21/Sep/2021:09:02:26 +0800] "GET /favicon.ico HTTP/1.1" 404 -
222.70.179.190 - - [21/Sep/2021:09:02:26 +0800] "POST /xingrg/all/common/load_tree.html?tree=area_rest_tree_json&manage=1 HTTP/1.1" 200 723
222.70.179.190 - - [21/Sep/2021:09:02:26 +0800] "GET /xingrg/all/function/internal_message.html?_=1632186148852&CODE_STATE=count HTTP/1.1" 200 11
222.70.179.190 - - [21/Sep/2021:09:02:26 +0800] "GET /xingrg/check_reg.html?_=1632186148853 HTTP/1.1" 200 22
222.70.179.190 - - [21/Sep/2021:09:02:26 +0800] "POST /xingrg/load_menu.html HTTP/1.1" 200 5138
222.70.179.190 - - [21/Sep/2021:09:02:28 +0800] "GET /xingrg/kc/buy/buy_main.html HTTP/1.1" 200 12412
222.70.179.190 - - [21/Sep/2021:09:02:28 +0800] "GET /xingrg/css/new_ie.css HTTP/1.1" 404 1036
222.70.179.190 - - [21/Sep/2021:09:02:28 +0800] "GET /xingrg/images/yd/bt.gif HTTP/1.1" 404 1040
222.70.179.190 - - [21/Sep/2021:09:02:29 +0800] "GET /xingrg/kc/buy/cgsh_order_list.html HTTP/1.1" 200 47750
114.83.219.92 - - [21/Sep/2021:09:02:30 +0800] "GET /xingrg/all/function/internal_message.html?_=1632186153813&CODE_STATE=getMsg HTTP/1.1" 200 27
222.70.179.190 - - [21/Sep/2021:09:02:31 +0800] "POST /xingrg/kc/buy/cgsh_list_operate.html HTTP/1.1" 200 876
116.230.105.26 - - [21/Sep/2021:09:02:33 +0800] "GET /xingrg/all/function/internal_message.html?_=1632186140922&CODE_STATE=getMsg HTTP/1.1" 200 27
58.39.139.200 - - [21/Sep/2021:09:02:37 +0800] "GET /xingrg/all/function/internal_message.html?_=1632186107510&CODE_STATE=getMsg HTTP/1.1" 200 27
58.39.139.200 - - [21/Sep/2021:09:02:38 +0800] "GET /xingrg/kc/buy/cgsh_order_operate.html?command=get_materiel&rest_code=00105&code=00101008105&supplier_code=00100203&order_time=2021-09-21 HTTP/1.1" 200 412
116.238.248.233 - - [21/Sep/2021:09:02:39 +0800] "GET /xingrg/all/function/internal_message.html?_=1632186162913&CODE_STATE=getMsg HTTP/1.1" 200 27
116.238.248.233 - - [21/Sep/2021:09:02:39 +0800] "GET /xingrg/check_reg.html?_=1632186162916 HTTP/1.1" 200 22
222.70.179.190 - - [21/Sep/2021:09:02:40 +0800] "GET /xingrg/kc/buy/cgsh_order_add.html HTTP/1.1" 200 63482
222.70.179.190 - - [21/Sep/2021:09:02:40 +0800] "GET /xingrg/words/20210920125024_words.js HTTP/1.1" 304 -
222.70.179.190 - - [21/Sep/2021:09:02:41 +0800] "POST /xingrg/kc/buy/cgsh_order_operate.html HTTP/1.1" 200 8245
222.70.179.190 - - [21/Sep/2021:09:02:41 +0800] "GET /xingrg/all/common/auto_word.html?type=employee&rest_code=00104 HTTP/1.1" 200 195
222.70.179.190 - - [21/Sep/2021:09:02:41 +0800] "GET /xingrg/javascript/easyui/themes/default/validatebox.css HTTP/1.1" 404 1104
222.70.179.190 - - [21/Sep/2021:09:02:41 +0800] "GET /xingrg/all/common/auto_word.html?type=employee&rest_code=00104 HTTP/1.1" 200 195
222.70.179.190 - - [21/Sep/2021:09:02:42 +0800] "GET /xingrg/javascript/easyui/themes/default/tree.css HTTP/1.1" 404 1090
222.70.179.190 - - [21/Sep/2021:09:02:42 +0800] "POST /xingrg/all/common/load_tree.html?tree=supplier_tree_json&isDelete=1 HTTP/1.1" 200 57803
58.39.139.200 - - [21/Sep/2021:09:02:43 +0800] "GET /xingrg/kc/buy/cgsh_order_operate.html?command=get_materiel&rest_code=00105&code=00101008119&supplier_code=00100203&order_time=2021-09-21 HTTP/1.1" 200 412
222.70.246.151 - - [21/Sep/2021:09:02:45 +0800] "GET /xingrg/all/function/internal_message.html?_=1632186174938&CODE_STATE=getMsg HTTP/1.1" 200 27
58.40.7.146 - - [21/Sep/2021:09:02:48 +0800] "GET /xingrg/all/function/internal_message.html?_=1632186172262&CODE_STATE=getMsg HTTP/1.1" 302 -
114.83.219.92 - - [21/Sep/2021:09:02:49 +0800] "GET /xingrg/kc/buy/cgsh_order_operate.html?command=get_materiel&rest_code=00149&code=00101008312&supplier_code=00100005&order_time=2021-09-21 HTTP/1.1" 200 412
58.39.139.200 - - [21/Sep/2021:09:02:50 +0800] "GET /xingrg/kc/buy/cgsh_order_operate.html?command=get_materiel&rest_code=00105&code=00101008109&supplier_code=00100203&order_time=2021-09-21 HTTP/1.1" 200 413
58.39.139.200 - - [21/Sep/2021:09:02:56 +0800] "GET /xingrg/kc/buy/cgsh_order_operate.html?command=get_materiel&rest_code=00105&code=00101008114&supplier_code=00100203&order_time=2021-09-21 HTTP/1.1" 200 412
114.86.224.104 - - [21/Sep/2021:09:03:02 +0800] "GET /xingrg/all/function/internal_message.html?_=1632186188366&CODE_STATE=getMsg HTTP/1.1" 200 27
114.86.224.104 - - [21/Sep/2021:09:03:02 +0800] "GET /xingrg/check_reg.html?_=1632186188367 HTTP/1.1" 200 22
114.83.219.92 - - [21/Sep/2021:09:03:05 +0800] "GET /xingrg/kc/buy/cgsh_order_operate.html?command=get_materiel&rest_code=00149&code=00101008357&supplier_code=00100005&order_time=2021-09-21 HTTP/1.1" 200 408
58.39.139.200 - - [21/Sep/2021:09:03:06 +0800] "GET /xingrg/kc/buy/cgsh_order_operate.html?command=get_materiel&rest_code=00105&code=00101008168&supplier_code=00100203&order_time=2021-09-21 HTTP/1.1" 200 412
114.83.219.92 - - [21/Sep/2021:09:03:08 +0800] "POST /xingrg/kc/buy/cgsh_order_operate.html HTTP/1.1" 200 2065
58.39.139.200 - - [21/Sep/2021:09:03:20 +0800] "GET /xingrg/check_reg.html?_=1632186205136 HTTP/1.1" 200 22
58.39.139.200 - - [21/Sep/2021:09:03:20 +0800] "GET /xingrg/all/function/internal_message.html?_=1632186205137&CODE_STATE=getMsg HTTP/1.1" 200 27
114.83.219.92 - - [21/Sep/2021:09:03:23 +0800] "GET /xingrg/kc/buy/cgsh_order_operate.html?command=get_materiel&rest_code=00149&code=00101008069&supplier_code=00100005&order_time=2021-09-21 HTTP/1.1" 200 412
58.39.139.200 - - [21/Sep/2021:09:03:24 +0800] "GET /xingrg/kc/buy/cgsh_order_operate.html?command=get_materiel&rest_code=00105&code=00101020152&supplier_code=00100203&order_time=2021-09-21 HTTP/1.1" 200 416
222.70.179.190 - - [21/Sep/2021:09:03:26 +0800] "GET /xingrg/all/function/internal_message.html?_=1632186208864&CODE_STATE=getMsg HTTP/1.1" 200 27
114.83.219.92 - - [21/Sep/2021:09:03:30 +0800] "GET /xingrg/all/function/internal_message.html?_=1632186213818&CODE_STATE=getMsg HTTP/1.1" 200 27
116.230.105.26 - - [21/Sep/2021:09:03:33 +0800] "GET /xingrg/all/function/internal_message.html?_=1632186200915&CODE_STATE=getMsg HTTP/1.1" 200 27
58.39.139.200 - - [21/Sep/2021:09:03:33 +0800] "GET /xingrg/kc/buy/cgsh_order_operate.html?command=get_materiel&rest_code=00105&code=00101008236&supplier_code=00100203&order_time=2021-09-21 HTTP/1.1" 200 416
114.83.219.92 - - [21/Sep/2021:09:03:37 +0800] "GET /xingrg/kc/buy/cgsh_order_operate.html?command=get_materiel&rest_code=00149&code=00101008286&supplier_code=00100005&order_time=2021-09-21 HTTP/1.1" 200 408
58.39.139.200 - - [21/Sep/2021:09:03:37 +0800] "GET /xingrg/all/function/internal_message.html?_=1632186167511&CODE_STATE=getMsg HTTP/1.1" 200 27
116.238.248.233 - - [21/Sep/2021:09:03:39 +0800] "GET /xingrg/all/function/internal_message.html?_=1632186222918&CODE_STATE=getMsg HTTP/1.1" 200 27
114.86.224.104 - - [21/Sep/2021:09:03:43 +0800] "GET /xingrg/kc/buy/cgsh_order_add.html HTTP/1.1" 200 63523
114.86.224.104 - - [21/Sep/2021:09:03:43 +0800] "POST /xingrg/kc/buy/cgsh_order_operate.html HTTP/1.1" 200 8245
114.86.224.104 - - [21/Sep/2021:09:03:43 +0800] "GET /xingrg/all/common/auto_word.html?type=employee&rest_code=00109 HTTP/1.1" 200 255
114.86.224.104 - - [21/Sep/2021:09:03:43 +0800] "GET /xingrg/all/common/auto_word.html?type=employee&rest_code=00109 HTTP/1.1" 200 255
114.86.224.104 - - [21/Sep/2021:09:03:43 +0800] "GET /xingrg/javascript/easyui/themes/default/validatebox.css HTTP/1.1" 404 1104
222.70.179.190 - - [21/Sep/2021:09:03:43 +0800] "GET /xingrg/javascript/auto/indicator.gif HTTP/1.1" 404 1066
222.70.246.151 - - [21/Sep/2021:09:03:46 +0800] "GET /xingrg/all/function/internal_message.html?_=1632186235307&CODE_STATE=getMsg HTTP/1.1" 200 27
114.83.219.92 - - [21/Sep/2021:09:03:47 +0800] "GET /xingrg/kc/buy/cgsh_order_operate.html?command=get_materiel&rest_code=00149&code=00101008036&supplier_code=00100005&order_time=2021-09-21 HTTP/1.1" 200 408
58.40.7.146 - - [21/Sep/2021:09:03:48 +0800] "GET /xingrg/all/function/internal_message.html?_=1632186232265&CODE_STATE=getMsg HTTP/1.1" 302 -
58.40.7.146 - - [21/Sep/2021:09:03:48 +0800] "GET /xingrg/check_reg.html?_=1632186232267 HTTP/1.1" 302 -
222.70.179.190 - - [21/Sep/2021:09:03:48 +0800] "GET /xingrg/kc/buy/cgsh_order_operate.html?command=get_materiel&rest_code=00104&code=00101008358&supplier_code=00100005&order_time=2021-09-21 HTTP/1.1" 200 412
58.39.139.200 - - [21/Sep/2021:09:03:52 +0800] "GET /xingrg/kc/buy/cgsh_order_operate.html?command=get_materiel&rest_code=00105&code=00101015006&supplier_code=00100203&order_time=2021-09-21 HTTP/1.1" 200 413
114.83.219.92 - - [21/Sep/2021:09:03:56 +0800] "GET /xingrg/kc/buy/cgsh_order_operate.html?command=get_materiel&rest_code=00149&code=00101008131&supplier_code=00100005&order_time=2021-09-21 HTTP/1.1" 200 408
114.83.219.92 - - [21/Sep/2021:09:03:58 +0800] "POST /xingrg/kc/buy/cgsh_order_operate.html HTTP/1.1" 200 2065
222.70.179.190 - - [21/Sep/2021:09:04:01 +0800] "POST /xingrg/all/user/operate.html HTTP/1.1" 200 36
222.70.179.190 - - [21/Sep/2021:09:04:01 +0800] "GET /xingrg/index.html?sysBaseUrl=http%3A%2F%2F180.169.147.146%3A18081%2Fxingrg%2F&costTime=42×tamp=1632186146363 HTTP/1.1" 200 17173
222.70.179.190 - - [21/Sep/2021:09:04:01 +0800] "GET /xingrg/images/blue/jxLogo.png HTTP/1.1" 304 -
222.70.179.190 - - [21/Sep/2021:09:04:01 +0800] "GET /xingrg/javascript/jquery_easy_ui/themes/default/easyui.css HTTP/1.1" 304 -
222.70.179.190 - - [21/Sep/2021:09:04:01 +0800] "GET /xingrg/javascript/jquery-1.4.2.min.js HTTP/1.1" 304 -
222.70.179.190 - - [21/Sep/2021:09:04:01 +0800] "GET /xingrg/javascript/jquery_easy_ui/themes/icon.css HTTP/1.1" 304 -
222.70.179.190 - - [21/Sep/2021:09:04:01 +0800] "GET /xingrg/css/form.css HTTP/1.1" 304 -
222.70.179.190 - - [21/Sep/2021:09:04:01 +0800] "GET /xingrg/javascript/jquery_easy_ui/easyui-lang-zh_CN.js HTTP/1.1" 304 -
222.70.179.190 - - [21/Sep/2021:09:04:01 +0800] "GET /xingrg/javascript/jquery.utils.js HTTP/1.1" 304 -
222.70.179.190 - - [21/Sep/2021:09:04:01 +0800] "GET /xingrg/javascript/jquery_easy_ui/jquery.easyui.min.js HTTP/1.1" 304 -
222.70.179.190 - - [21/Sep/2021:09:04:01 +0800] "GET /xingrg/javascript/jquery.form.js HTTP/1.1" 304 -
222.70.179.190 - - [21/Sep/2021:09:04:01 +0800] "GET /xingrg/javascript/jquery.timers.js HTTP/1.1" 304 -
222.70.179.190 - - [21/Sep/2021:09:04:01 +0800] "GET /xingrg/images/blue/navBackgound.jpg HTTP/1.1" 304 -
222.70.179.190 - - [21/Sep/2021:09:04:01 +0800] "GET /xingrg/javascript/jquery_easy_ui/themes/icons/settle_new.png HTTP/1.1" 304 -
222.70.179.190 - - [21/Sep/2021:09:04:01 +0800] "POST /xingrg/all/common/load_tree.html?tree=area_rest_tree_json&manage=1 HTTP/1.1" 200 723
222.70.179.190 - - [21/Sep/2021:09:04:01 +0800] "GET /xingrg/check_reg.html?_=1632186243656 HTTP/1.1" 200 22
222.70.179.190 - - [21/Sep/2021:09:04:01 +0800] "GET /xingrg/all/function/internal_message.html?_=1632186243655&CODE_STATE=count HTTP/1.1" 200 11
222.70.179.190 - - [21/Sep/2021:09:04:01 +0800] "GET /xingrg/javascript/jquery_easy_ui/themes/default/images/panel_tool_collapse.gif HTTP/1.1" 304 -
222.70.179.190 - - [21/Sep/2021:09:04:01 +0800] "GET /xingrg/images/blue/pingpu.png HTTP/1.1" 304 -
222.70.179.190 - - [21/Sep/2021:09:04:01 +0800] "GET /xingrg/javascript/jquery_easy_ui/themes/default/images/tabs_rightarrow.png HTTP/1.1" 304 -
222.70.179.190 - - [21/Sep/2021:09:04:01 +0800] "GET /xingrg/javascript/jquery_easy_ui/themes/default/images/tabs_leftarrow.png HTTP/1.1" 304 -
222.70.179.190 - - [21/Sep/2021:09:04:01 +0800] "POST /xingrg/load_menu.html HTTP/1.1" 200 5138
114.86.224.104 - - [21/Sep/2021:09:04:02 +0800] "GET /xingrg/all/function/internal_message.html?_=1632186248371&CODE_STATE=getMsg HTTP/1.1" 200 27
222.70.179.190 - - [21/Sep/2021:09:04:05 +0800] "GET /xingrg/kc/buy/buy_main.html HTTP/1.1" 200 12412
222.70.179.190 - - [21/Sep/2021:09:04:05 +0800] "GET /xingrg/css/new_ie.css HTTP/1.1" 404 1036
222.70.179.190 - - [21/Sep/2021:09:04:06 +0800] "GET /xingrg/images/yd/bt.gif HTTP/1.1" 404 1040
222.70.179.190 - - [21/Sep/2021:09:04:07 +0800] "GET /xingrg/kc/buy/cgsh_order_list.html HTTP/1.1" 200 47744
58.39.139.200 - - [21/Sep/2021:09:04:07 +0800] "GET /xingrg/kc/buy/cgsh_order_operate.html?command=get_materiel&rest_code=00105&code=00101008278&supplier_code=00100203&order_time=2021-09-21 HTTP/1.1" 200 412
222.70.179.190 - - [21/Sep/2021:09:04:08 +0800] "POST /xingrg/kc/buy/cgsh_list_operate.html HTTP/1.1" 200 876
222.70.179.190 - - [21/Sep/2021:09:04:09 +0800] "GET /xingrg/kc/buy/cgsh_order_add.html HTTP/1.1" 200 63476
222.70.179.190 - - [21/Sep/2021:09:04:09 +0800] "POST /xingrg/kc/buy/cgsh_order_operate.html HTTP/1.1" 200 8245
222.70.179.190 - - [21/Sep/2021:09:04:09 +0800] "GET /xingrg/all/common/auto_word.html?type=employee&rest_code=00111 HTTP/1.1" 200 155
222.70.179.190 - - [21/Sep/2021:09:04:09 +0800] "GET /xingrg/javascript/easyui/themes/default/validatebox.css HTTP/1.1" 404 1104
222.70.179.190 - - [21/Sep/2021:09:04:09 +0800] "GET /xingrg/all/common/auto_word.html?type=employee&rest_code=00111 HTTP/1.1" 200 155
114.86.224.104 - - [21/Sep/2021:09:04:10 +0800] "GET /xingrg/javascript/jquery_easy_ui/themes/default/images/tabs_active.png HTTP/1.1" 200 2894
222.70.179.190 - - [21/Sep/2021:09:04:11 +0800] "GET /xingrg/javascript/easyui/themes/default/tree.css HTTP/1.1" 404 1090
114.86.224.104 - - [21/Sep/2021:09:04:11 +0800] "GET /xingrg/kc/buy/buy_main.html HTTP/1.1" 200 12412
222.70.179.190 - - [21/Sep/2021:09:04:11 +0800] "POST /xingrg/all/common/load_tree.html?tree=supplier_tree_json&isDelete=1 HTTP/1.1" 200 57803
114.86.224.104 - - [21/Sep/2021:09:04:11 +0800] "GET /xingrg/css/new_ie.css HTTP/1.1" 404 1036
114.86.224.104 - - [21/Sep/2021:09:04:12 +0800] "GET /xingrg/kc/buy/cgsh_order_list.html HTTP/1.1" 200 47744
114.86.224.104 - - [21/Sep/2021:09:04:14 +0800] "POST /xingrg/kc/buy/cgsh_list_operate.html HTTP/1.1" 200 2382
58.39.139.200 - - [21/Sep/2021:09:04:15 +0800] "POST /xingrg/kc/buy/cgsh_order_operate.html HTTP/1.1" 200 2065
114.86.224.104 - - [21/Sep/2021:09:04:16 +0800] "POST /xingrg/kc/buy/cgsh_list_operate.html HTTP/1.1" 200 566
58.39.139.200 - - [21/Sep/2021:09:04:17 +0800] "POST /xingrg/kc/buy/cgsh_order_operate.html HTTP/1.1" 200 2065
114.86.224.104 - - [21/Sep/2021:09:04:17 +0800] "GET /xingrg/kc/buy/cgsh_order_info.html?code=212021092109343 HTTP/1.1" 200 63532
114.86.224.104 - - [21/Sep/2021:09:04:17 +0800] "GET /xingrg/javascript/easyui/themes/default/validatebox.css HTTP/1.1" 404 1104
114.86.224.104 - - [21/Sep/2021:09:04:17 +0800] "GET /xingrg/all/common/auto_word.html?type=employee&rest_code=00109 HTTP/1.1" 200 255
114.86.224.104 - - [21/Sep/2021:09:04:17 +0800] "GET /xingrg/all/common/auto_word.html?type=employee&rest_code=00109 HTTP/1.1" 200 255
114.86.224.104 - - [21/Sep/2021:09:04:18 +0800] "POST /xingrg/kc/buy/cgsh_order_operate.html HTTP/1.1" 200 18043
58.39.139.200 - - [21/Sep/2021:09:04:20 +0800] "GET /xingrg/all/function/internal_message.html?_=1632186265139&CODE_STATE=getMsg HTTP/1.1" 200 27
114.83.219.92 - - [21/Sep/2021:09:04:20 +0800] "GET /xingrg/kc/buy/cgsh_order_operate.html?command=get_materiel&rest_code=00149&code=00101008296&supplier_code=00100005&order_time=2021-09-21 HTTP/1.1" 200 416
222.70.179.190 - - [21/Sep/2021:09:04:21 +0800] "GET /xingrg/javascript/auto/indicator.gif HTTP/1.1" 404 1066
222.70.179.190 - - [21/Sep/2021:09:04:25 +0800] "GET /xingrg/kc/buy/cgsh_order_operate.html?command=get_materiel&rest_code=00111&code=00101008358&supplier_code=00100005&order_time=2021-09-21 HTTP/1.1" 200 412
58.39.139.200 - - [21/Sep/2021:09:04:25 +0800] "GET /xingrg/kc/buy/cgsh_order_operate.html?command=get_materiel&rest_code=00105&code=00101008248&supplier_code=00100203&order_time=2021-09-21 HTTP/1.1" 200 412
114.86.224.104 - - [21/Sep/2021:09:04:29 +0800] "GET /xingrg/kc/buy/cgsh_order_operate.html?command=get_materiel&rest_code=00109&code=00101008005&supplier_code=00100005&order_time=2021-09-21 HTTP/1.1" 200 412
116.230.105.26 - - [21/Sep/2021:09:04:29 +0800] "GET /xingrg/check_reg.html?_=1632186257323 HTTP/1.1" 200 22
114.83.219.92 - - [21/Sep/2021:09:04:30 +0800] "GET /xingrg/all/function/internal_message.html?_=1632186273825&CODE_STATE=getMsg HTTP/1.1" 200 27
116.230.105.26 - - [21/Sep/2021:09:04:33 +0800] "GET /xingrg/all/function/internal_message.html?_=1632186260904&CODE_STATE=getMsg HTTP/1.1" 200 27
114.86.224.104 - - [21/Sep/2021:09:04:36 +0800] "GET /xingrg/kc/buy/cgsh_order_operate.html?command=get_materiel&rest_code=00109&code=00101008353&supplier_code=00100005&order_time=2021-09-21 HTTP/1.1" 200 408
114.83.219.92 - - [21/Sep/2021:09:04:37 +0800] "GET /xingrg/kc/buy/cgsh_order_operate.html?command=get_materiel&rest_code=00149&code=00101008318&supplier_code=00100005&order_time=2021-09-21 HTTP/1.1" 200 408
58.39.139.200 - - [21/Sep/2021:09:04:37 +0800] "GET /xingrg/all/function/internal_message.html?_=1632186227511&CODE_STATE=getMsg HTTP/1.1" 200 27
116.238.248.233 - - [21/Sep/2021:09:04:39 +0800] "GET /xingrg/all/function/internal_message.html?_=1632186282919&CODE_STATE=getMsg HTTP/1.1" 200 27
114.86.224.104 - - [21/Sep/2021:09:04:42 +0800] "GET /xingrg/kc/buy/cgsh_order_operate.html?command=get_materiel&rest_code=00109&code=00101008312&supplier_code=00100005&order_time=2021-09-21 HTTP/1.1" 200 412
222.70.179.190 - - [21/Sep/2021:09:04:42 +0800] "GET /xingrg/kc/buy/cgsh_order_operate.html?command=get_materiel&rest_code=00111&code=00101008126&supplier_code=00100005&order_time=2021-09-21 HTTP/1.1" 200 412
222.70.246.151 - - [21/Sep/2021:09:04:46 +0800] "GET /xingrg/all/function/internal_message.html?_=1632186295309&CODE_STATE=getMsg HTTP/1.1" 200 27
58.40.7.146 - - [21/Sep/2021:09:04:48 +0800] "GET /xingrg/all/function/internal_message.html?_=1632186292269&CODE_STATE=getMsg HTTP/1.1" 302 -
58.39.139.200 - - [21/Sep/2021:09:04:49 +0800] "GET /xingrg/kc/buy/cgsh_order_operate.html?command=get_materiel&rest_code=00105&code=00101008221&supplier_code=00100203&order_time=2021-09-21 HTTP/1.1" 200 412
222.70.179.190 - - [21/Sep/2021:09:04:50 +0800] "GET /xingrg/kc/buy/cgsh_order_operate.html?command=get_materiel&rest_code=00111&code=00101008355&supplier_code=00100005&order_time=2021-09-21 HTTP/1.1" 200 408
114.86.224.104 - - [21/Sep/2021:09:04:53 +0800] "GET /xingrg/kc/buy/cgsh_order_operate.html?command=get_materiel&rest_code=00109&code=00101008095&supplier_code=00100005&order_time=2021-09-21 HTTP/1.1" 200 412
114.86.224.104 - - [21/Sep/2021:09:04:54 +0800] "POST /xingrg/kc/buy/cgsh_order_operate.html HTTP/1.1" 200 2065
58.39.139.200 - - [21/Sep/2021:09:04:56 +0800] "GET /xingrg/kc/buy/cgsh_order_operate.html?command=get_materiel&rest_code=00105&code=00101008087&supplier_code=00100203&order_time=2021-09-21 HTTP/1.1" 200 412
114.86.224.104 - - [21/Sep/2021:09:05:01 +0800] "GET /xingrg/kc/buy/cgsh_order_operate.html?command=get_materiel&rest_code=00109&code=00101008196&supplier_code=00100005&order_time=2021-09-21 HTTP/1.1" 200 416
222.70.179.190 - - [21/Sep/2021:09:05:01 +0800] "GET /xingrg/all/function/internal_message.html?_=1632186303667&CODE_STATE=getMsg HTTP/1.1" 200 27
114.86.224.104 - - [21/Sep/2021:09:05:02 +0800] "GET /xingrg/all/function/internal_message.html?_=1632186308371&CODE_STATE=getMsg HTTP/1.1" 200 27
58.39.139.200 - - [21/Sep/2021:09:05:04 +0800] "GET /xingrg/kc/buy/cgsh_order_operate.html?command=get_materiel&rest_code=00105&code=00101008361&supplier_code=00100203&order_time=2021-09-21 HTTP/1.1" 200 408
114.86.224.104 - - [21/Sep/2021:09:05:06 +0800] "GET /xingrg/kc/buy/cgsh_order_operate.html?command=get_materiel&rest_code=00109&code=00101008197&supplier_code=00100005&order_time=2021-09-21 HTTP/1.1" 200 416
222.70.179.190 - - [21/Sep/2021:09:05:10 +0800] "GET /xingrg/kc/buy/cgsh_order_operate.html?command=get_materiel&rest_code=00111&code=00101008283&supplier_code=00100005&order_time=2021-09-21 HTTP/1.1" 200 408
114.86.224.104 - - [21/Sep/2021:09:05:11 +0800] "GET /xingrg/kc/buy/cgsh_order_operate.html?command=get_materiel&rest_code=00109&code=00101008125&supplier_code=00100005&order_time=2021-09-21 HTTP/1.1" 200 413
58.39.139.200 - - [21/Sep/2021:09:05:14 +0800] "GET /xingrg/kc/buy/cgsh_order_operate.html?command=get_materiel&rest_code=00105&code=00101008212&supplier_code=00100203&order_time=2021-09-21 HTTP/1.1" 200 412
114.83.219.92 - - [21/Sep/2021:09:05:16 +0800] "GET /xingrg/kc/buy/cgsh_order_operate.html?command=get_materiel&rest_code=00149&code=00101008352&supplier_code=00100005&order_time=2021-09-21 HTTP/1.1" 200 412
114.86.224.104 - - [21/Sep/2021:09:05:18 +0800] "GET /xingrg/kc/buy/cgsh_order_operate.html?command=get_materiel&rest_code=00109&code=00101008085&supplier_code=00100005&order_time=2021-09-21 HTTP/1.1" 200 412
58.39.139.200 - - [21/Sep/2021:09:05:20 +0800] "GET /xingrg/all/function/internal_message.html?_=1632186325107&CODE_STATE=getMsg HTTP/1.1" 200 27
114.86.224.104 - - [21/Sep/2021:09:05:24 +0800] "GET /xingrg/kc/buy/cgsh_order_operate.html?command=get_materiel&rest_code=00109&code=00101008275&supplier_code=00100005&order_time=2021-09-21 HTTP/1.1" 200 417
114.86.224.104 - - [21/Sep/2021:09:05:25 +0800] "POST /xingrg/kc/buy/cgsh_order_operate.html HTTP/1.1" 200 2065
114.86.224.104 - - [21/Sep/2021:09:05:29 +0800] "GET /xingrg/kc/buy/cgsh_order_operate.html?command=get_materiel&rest_code=00109&code=00101008176&supplier_code=00100005&order_time=2021-09-21 HTTP/1.1" 200 412
114.83.219.92 - - [21/Sep/2021:09:05:30 +0800] "GET /xingrg/kc/buy/cgsh_order_operate.html?command=get_materiel&rest_code=00149&code=00101008098&supplier_code=00100005&order_time=2021-09-21 HTTP/1.1" 200 412
114.83.219.92 - - [21/Sep/2021:09:05:30 +0800] "GET /xingrg/all/function/internal_message.html?_=1632186333831&CODE_STATE=getMsg HTTP/1.1" 200 27
222.70.179.190 - - [21/Sep/2021:09:05:32 +0800] "GET /xingrg/kc/buy/cgsh_order_operate.html?command=get_materiel&rest_code=00111&code=00101008350&supplier_code=00100005&order_time=2021-09-21 HTTP/1.1" 200 408
116.230.105.26 - - [21/Sep/2021:09:05:33 +0800] "GET /xingrg/all/function/internal_message.html?_=1632186320884&CODE_STATE=getMsg HTTP/1.1" 200 27
114.86.224.104 - - [21/Sep/2021:09:05:35 +0800] "GET /xingrg/kc/buy/cgsh_order_operate.html?command=get_materiel&rest_code=00109&code=00101008132&supplier_code=00100005&order_time=2021-09-21 HTTP/1.1" 200 408
58.39.139.200 - - [21/Sep/2021:09:05:37 +0800] "GET /xingrg/all/function/internal_message.html?_=1632186287511&CODE_STATE=getMsg HTTP/1.1" 200 27
116.238.248.233 - - [21/Sep/2021:09:05:39 +0800] "GET /xingrg/all/function/internal_message.html?_=1632186342921&CODE_STATE=getMsg HTTP/1.1" 200 27
58.39.139.200 - - [21/Sep/2021:09:05:42 +0800] "GET /xingrg/kc/buy/cgsh_order_operate.html?command=get_materiel&rest_code=00105&code=00101008098&supplier_code=00100203&order_time=2021-09-21 HTTP/1.1" 200 412
114.83.219.92 - - [21/Sep/2021:09:05:42 +0800] "GET /xingrg/kc/buy/cgsh_order_operate.html?command=get_materiel&rest_code=00149&code=00101008005&supplier_code=00100005&order_time=2021-09-21 HTTP/1.1" 200 412
114.83.219.92 - - [21/Sep/2021:09:05:45 +0800] "POST /xingrg/kc/buy/cgsh_order_operate.html HTTP/1.1" 200 2065
114.86.224.104 - - [21/Sep/2021:09:05:46 +0800] "GET /xingrg/kc/buy/cgsh_order_operate.html?command=get_materiel&rest_code=00109&code=00101008055&supplier_code=00100005&order_time=2021-09-21 HTTP/1.1" 200 409
222.70.246.151 - - [21/Sep/2021:09:05:46 +0800] "GET /xingrg/all/function/internal_message.html?_=1632186355670&CODE_STATE=getMsg HTTP/1.1" 200 27
222.70.246.151 - - [21/Sep/2021:09:05:46 +0800] "GET /xingrg/check_reg.html?_=1632186355930 HTTP/1.1" 200 22
58.39.139.200 - - [21/Sep/2021:09:05:48 +0800] "GET /xingrg/kc/buy/cgsh_order_operate.html?command=get_materiel&rest_code=00105&code=00101008213&supplier_code=00100203&order_time=2021-09-21 HTTP/1.1" 200 412
58.40.7.146 - - [21/Sep/2021:09:05:48 +0800] "GET /xingrg/all/function/internal_message.html?_=1632186352272&CODE_STATE=getMsg HTTP/1.1" 302 -
114.83.219.92 - - [21/Sep/2021:09:05:54 +0800] "GET /xingrg/kc/buy/cgsh_order_operate.html?command=get_materiel&rest_code=00149&code=00101008353&supplier_code=00100005&order_time=2021-09-21 HTTP/1.1" 200 408
114.86.224.104 - - [21/Sep/2021:09:05:55 +0800] "GET /xingrg/kc/buy/cgsh_order_operate.html?command=get_materiel&rest_code=00109&code=00101008080&supplier_code=00100005&order_time=2021-09-21 HTTP/1.1" 200 416
58.39.139.200 - - [21/Sep/2021:09:05:56 +0800] "GET /xingrg/kc/buy/cgsh_order_operate.html?command=get_materiel&rest_code=00105&code=00101001166&supplier_code=00100203&order_time=2021-09-21 HTTP/1.1" 200 408
222.70.179.190 - - [21/Sep/2021:09:06:01 +0800] "GET /xingrg/all/function/internal_message.html?_=1632186363662&CODE_STATE=getMsg HTTP/1.1" 200 27
58.39.139.200 - - [21/Sep/2021:09:06:02 +0800] "GET /xingrg/kc/buy/cgsh_order_operate.html?command=get_materiel&rest_code=00105&code=00101010136&supplier_code=00100203&order_time=2021-09-21 HTTP/1.1" 200 408
114.86.224.104 - - [21/Sep/2021:09:06:02 +0800] "GET /xingrg/all/function/internal_message.html?_=1632186368379&CODE_STATE=getMsg HTTP/1.1" 200 27
114.86.224.104 - - [21/Sep/2021:09:06:06 +0800] "GET /xingrg/kc/buy/cgsh_order_operate.html?command=get_materiel&rest_code=00109&code=00101008244&supplier_code=00100005&order_time=2021-09-21 HTTP/1.1" 200 408
114.86.224.104 - - [21/Sep/2021:09:06:08 +0800] "POST /xingrg/kc/buy/cgsh_order_operate.html HTTP/1.1" 200 2065
114.86.224.104 - - [21/Sep/2021:09:06:13 +0800] "GET /xingrg/kc/buy/cgsh_order_operate.html?command=get_materiel&rest_code=00109&code=00101008112&supplier_code=00100005&order_time=2021-09-21 HTTP/1.1" 200 412
114.83.219.92 - - [21/Sep/2021:09:06:16 +0800] "GET /xingrg/kc/buy/cgsh_order_operate.html?command=get_materiel&rest_code=00149&code=00101008213&supplier_code=00100005&order_time=2021-09-21 HTTP/1.1" 200 412
114.86.224.104 - - [21/Sep/2021:09:06:18 +0800] "GET /xingrg/kc/buy/cgsh_order_operate.html?command=get_materiel&rest_code=00109&code=00101008010&supplier_code=00100005&order_time=2021-09-21 HTTP/1.1" 200 412
58.39.139.200 - - [21/Sep/2021:09:06:20 +0800] "GET /xingrg/all/function/internal_message.html?_=1632186385084&CODE_STATE=getMsg HTTP/1.1" 200 27
114.86.224.104 - - [21/Sep/2021:09:06:27 +0800] "GET /xingrg/kc/buy/cgsh_order_operate.html?command=get_materiel&rest_code=00109&code=00101008308&supplier_code=00100005&order_time=2021-09-21 HTTP/1.1" 200 420
114.83.219.92 - - [21/Sep/2021:09:06:30 +0800] "GET /xingrg/all/function/internal_message.html?_=1632186393847&CODE_STATE=getMsg HTTP/1.1" 200 27
114.83.219.92 - - [21/Sep/2021:09:06:30 +0800] "GET /xingrg/check_reg.html?_=1632186393876 HTTP/1.1" 200 22
114.86.224.104 - - [21/Sep/2021:09:06:32 +0800] "GET /xingrg/kc/buy/cgsh_order_operate.html?command=get_materiel&rest_code=00109&code=00101008026&supplier_code=00100005&order_time=2021-09-21 HTTP/1.1" 200 409
116.230.105.26 - - [21/Sep/2021:09:06:33 +0800] "GET /xingrg/all/function/internal_message.html?_=1632186380861&CODE_STATE=getMsg HTTP/1.1" 200 27
58.39.139.200 - - [21/Sep/2021:09:06:37 +0800] "GET /xingrg/check_reg.html?_=1632186347511 HTTP/1.1" 200 22
58.39.139.200 - - [21/Sep/2021:09:06:37 +0800] "GET /xingrg/all/function/internal_message.html?_=1632186347513&CODE_STATE=getMsg HTTP/1.1" 200 27
114.83.219.92 - - [21/Sep/2021:09:06:38 +0800] "GET /xingrg/kc/buy/cgsh_order_operate.html?command=get_materiel&rest_code=00149&code=00101008304&supplier_code=00100005&order_time=2021-09-21 HTTP/1.1" 200 412
114.86.224.104 - - [21/Sep/2021:09:06:38 +0800] "GET /xingrg/kc/buy/cgsh_order_operate.html?command=get_materiel&rest_code=00109&code=00101008096&supplier_code=00100005&order_time=2021-09-21 HTTP/1.1" 200 412
116.238.248.233 - - [21/Sep/2021:09:06:39 +0800] "GET /xingrg/all/function/internal_message.html?_=1632186402920&CODE_STATE=getMsg HTTP/1.1" 200 27
114.86.224.104 - - [21/Sep/2021:09:06:40 +0800] "POST /xingrg/kc/buy/cgsh_order_operate.html HTTP/1.1" 200 2065
58.39.139.200 - - [21/Sep/2021:09:06:44 +0800] "POST /xingrg/kc/buy/cgsh_order_operate.html HTTP/1.1" 200 37
114.86.224.104 - - [21/Sep/2021:09:06:46 +0800] "GET /xingrg/kc/buy/cgsh_order_operate.html?command=get_materiel&rest_code=00109&code=00101008358&supplier_code=00100005&order_time=2021-09-21 HTTP/1.1" 200 412
58.39.139.200 - - [21/Sep/2021:09:06:46 +0800] "POST /xingrg/kc/buy/cgsh_order_operate.html HTTP/1.1" 200 48770
222.70.246.151 - - [21/Sep/2021:09:06:46 +0800] "GET /xingrg/all/function/internal_message.html?_=1632186415680&CODE_STATE=getMsg HTTP/1.1" 200 27
58.40.7.146 - - [21/Sep/2021:09:06:48 +0800] "GET /xingrg/all/function/internal_message.html?_=1632186412278&CODE_STATE=getMsg HTTP/1.1" 302 -
58.39.139.200 - - [21/Sep/2021:09:06:49 +0800] "GET /xingrg/kc/buy/cgsh_order_add.html HTTP/1.1" 200 63529
58.39.139.200 - - [21/Sep/2021:09:06:50 +0800] "POST /xingrg/kc/buy/cgsh_order_operate.html HTTP/1.1" 200 8245
58.39.139.200 - - [21/Sep/2021:09:06:50 +0800] "GET /xingrg/javascript/easyui/themes/default/validatebox.css HTTP/1.1" 404 1104
114.86.224.104 - - [21/Sep/2021:09:06:52 +0800] "GET /xingrg/kc/buy/cgsh_order_operate.html?command=get_materiel&rest_code=00109&code=00101008290&supplier_code=00100005&order_time=2021-09-21 HTTP/1.1" 200 416
114.86.224.104 - - [21/Sep/2021:09:06:58 +0800] "GET /xingrg/kc/buy/cgsh_order_operate.html?command=get_materiel&rest_code=00109&code=00101008403&supplier_code=00100005&order_time=2021-09-21 HTTP/1.1" 200 412
58.39.139.200 - - [21/Sep/2021:09:07:00 +0800] "GET /xingrg/kc/buy/cgsh_order_operate.html?command=get_materiel&rest_code=00105&code=00101011001&supplier_code=00100052&order_time=2021-09-21 HTTP/1.1" 200 423
222.70.179.190 - - [21/Sep/2021:09:07:01 +0800] "GET /xingrg/all/function/internal_message.html?_=1632186423658&CODE_STATE=getMsg HTTP/1.1" 200 27
114.86.224.104 - - [21/Sep/2021:09:07:02 +0800] "GET /xingrg/all/function/internal_message.html?_=1632186428379&CODE_STATE=getMsg HTTP/1.1" 200 27
58.39.139.200 - - [21/Sep/2021:09:07:07 +0800] "POST /xingrg/kc/buy/cgsh_order_operate.html HTTP/1.1" 200 37
58.39.139.200 - - [21/Sep/2021:09:07:08 +0800] "POST /xingrg/kc/buy/cgsh_order_operate.html HTTP/1.1" 200 2666
58.39.139.200 - - [21/Sep/2021:09:07:09 +0800] "GET /xingrg/kc/print/load_config.html?kc_code=cgsh HTTP/1.1" 200 2076
58.39.139.200 - - [21/Sep/2021:09:07:09 +0800] "GET /xingrg/kc/print/load_data.html?order_code=212021092109347&kc_code=cgsh&condition= HTTP/1.1" 200 717
114.86.224.104 - - [21/Sep/2021:09:07:11 +0800] "GET /xingrg/kc/buy/cgsh_order_operate.html?command=get_materiel&rest_code=00109&code=00101008225&supplier_code=00100005&order_time=2021-09-21 HTTP/1.1" 200 416
114.86.224.104 - - [21/Sep/2021:09:07:17 +0800] "GET /xingrg/kc/buy/cgsh_order_operate.html?command=get_materiel&rest_code=00109&code=00101015012&supplier_code=00100005&order_time=2021-09-21 HTTP/1.1" 200 412
114.86.224.104 - - [21/Sep/2021:09:07:19 +0800] "POST /xingrg/kc/buy/cgsh_order_operate.html HTTP/1.1" 200 2065
58.39.139.200 - - [21/Sep/2021:09:07:19 +0800] "GET /xingrg/all/function/internal_message.html?_=1632186445058&CODE_STATE=getMsg HTTP/1.1" 200 27
114.83.219.92 - - [21/Sep/2021:09:07:23 +0800] "POST /xingrg/kc/buy/cgsh_order_operate.html HTTP/1.1" 200 2065
222.70.179.190 - - [21/Sep/2021:09:07:26 +0800] "GET /xingrg/kc/buy/cgsh_order_operate.html?command=get_materiel&rest_code=00111&code=00101008199&supplier_code=00100005&order_time=2021-09-21 HTTP/1.1" 200 408
114.86.224.104 - - [21/Sep/2021:09:07:26 +0800] "GET /xingrg/kc/buy/cgsh_order_operate.html?command=get_materiel&rest_code=00109&code=00101008220&supplier_code=00100005&order_time=2021-09-21 HTTP/1.1" 200 412
114.83.219.92 - - [21/Sep/2021:09:07:30 +0800] "POST /xingrg/kc/buy/cgsh_order_operate.html HTTP/1.1" 200 37
114.86.224.104 - - [21/Sep/2021:09:07:31 +0800] "GET /xingrg/kc/buy/cgsh_order_operate.html?command=get_materiel&rest_code=00109&code=00101008306&supplier_code=00100005&order_time=2021-09-21 HTTP/1.1" 200 412
116.230.105.26 - - [21/Sep/2021:09:07:33 +0800] "GET /xingrg/all/function/internal_message.html?_=1632186440840&CODE_STATE=getMsg HTTP/1.1" 200 27
114.86.224.104 - - [21/Sep/2021:09:07:37 +0800] "GET /xingrg/kc/buy/cgsh_order_operate.html?command=get_materiel&rest_code=00109&code=00101008003&supplier_code=00100005&order_time=2021-09-21 HTTP/1.1" 200 408
58.39.139.200 - - [21/Sep/2021:09:07:37 +0800] "GET /xingrg/all/function/internal_message.html?_=1632186407512&CODE_STATE=getMsg HTTP/1.1" 200 27
116.238.248.233 - - [21/Sep/2021:09:07:39 +0800] "GET /xingrg/all/function/internal_message.html?_=1632186462921&CODE_STATE=getMsg HTTP/1.1" 200 27
116.238.248.233 - - [21/Sep/2021:09:07:39 +0800] "GET /xingrg/check_reg.html?_=1632186462924 HTTP/1.1" 200 22
222.70.246.151 - - [21/Sep/2021:09:07:46 +0800] "GET /xingrg/all/function/internal_message.html?_=1632186475693&CODE_STATE=getMsg HTTP/1.1" 200 27
222.70.179.190 - - [21/Sep/2021:09:07:48 +0800] "GET /xingrg/kc/buy/cgsh_order_operate.html?command=get_materiel&rest_code=00111&code=00101008353&supplier_code=00100005&order_time=2021-09-21 HTTP/1.1" 200 408
58.40.7.146 - - [21/Sep/2021:09:07:48 +0800] "GET /xingrg/all/function/internal_message.html?_=1632186472265&CODE_STATE=getMsg HTTP/1.1" 302 -
114.86.224.104 - - [21/Sep/2021:09:07:54 +0800] "GET /xingrg/kc/buy/cgsh_order_operate.html?command=get_materiel&rest_code=00109&code=00101008361&supplier_code=00100005&order_time=2021-09-21 HTTP/1.1" 200 408
58.39.139.200 - - [21/Sep/2021:09:07:56 +0800] "GET /xingrg/kc/buy/cgsh_order_add.html HTTP/1.1" 200 63529
58.39.139.200 - - [21/Sep/2021:09:07:56 +0800] "POST /xingrg/kc/buy/cgsh_order_operate.html HTTP/1.1" 200 8245
58.39.139.200 - - [21/Sep/2021:09:07:56 +0800] "GET /xingrg/javascript/easyui/themes/default/validatebox.css HTTP/1.1" 404 1104
222.70.179.190 - - [21/Sep/2021:09:07:56 +0800] "GET /xingrg/kc/buy/cgsh_order_operate.html?command=get_materiel&rest_code=00111&code=00101008323&supplier_code=00100005&order_time=2021-09-21 HTTP/1.1" 200 408
114.86.224.104 - - [21/Sep/2021:09:08:00 +0800] "POST /xingrg/kc/buy/cgsh_order_operate.html HTTP/1.1" 200 37
222.70.179.190 - - [21/Sep/2021:09:08:01 +0800] "GET /xingrg/all/function/internal_message.html?_=1632186483659&CODE_STATE=getMsg HTTP/1.1" 200 27
114.86.224.104 - - [21/Sep/2021:09:08:08 +0800] "GET /xingrg/all/function/internal_message.html?_=1632186494226&CODE_STATE=getMsg HTTP/1.1" 200 27
114.86.224.104 - - [21/Sep/2021:09:08:08 +0800] "GET /xingrg/check_reg.html?_=1632186494228 HTTP/1.1" 200 22
114.86.224.104 - - [21/Sep/2021:09:08:09 +0800] "POST /xingrg/kc/buy/cgsh_order_operate.html HTTP/1.1" 200 34633
58.39.139.200 - - [21/Sep/2021:09:08:12 +0800] "GET /xingrg/kc/buy/cgsh_order_operate.html?command=get_materiel&rest_code=00105&code=00101016025&supplier_code=00100034&order_time=2021-09-21 HTTP/1.1" 200 408
222.70.179.190 - - [21/Sep/2021:09:08:13 +0800] "GET /xingrg/kc/buy/cgsh_order_operate.html?command=get_materiel&rest_code=00111&code=00101008176&supplier_code=00100005&order_time=2021-09-21 HTTP/1.1" 200 412
58.39.139.200 - - [21/Sep/2021:09:08:19 +0800] "GET /xingrg/check_reg.html?_=1632186505027 HTTP/1.1" 200 22
58.39.139.200 - - [21/Sep/2021:09:08:19 +0800] "GET /xingrg/all/function/internal_message.html?_=1632186505030&CODE_STATE=getMsg HTTP/1.1" 200 27
222.70.179.190 - - [21/Sep/2021:09:08:24 +0800] "GET /xingrg/kc/buy/cgsh_order_operate.html?command=get_materiel&rest_code=00111&code=00101008344&supplier_code=00100005&order_time=2021-09-21 HTTP/1.1" 200 412
222.70.246.151 - - [21/Sep/2021:09:08:24 +0800] "GET /favicon.ico HTTP/1.1" 404 -
116.230.105.26 - - [21/Sep/2021:09:08:33 +0800] "GET /xingrg/all/function/internal_message.html?_=1632186500817&CODE_STATE=getMsg HTTP/1.1" 200 27
58.39.139.200 - - [21/Sep/2021:09:08:37 +0800] "GET /xingrg/all/function/internal_message.html?_=1632186467512&CODE_STATE=getMsg HTTP/1.1" 200 27
222.70.179.190 - - [21/Sep/2021:09:08:39 +0800] "GET /xingrg/kc/buy/cgsh_order_operate.html?command=get_materiel&rest_code=00111&code=00101008257&supplier_code=00100005&order_time=2021-09-21 HTTP/1.1" 200 418
116.238.248.233 - - [21/Sep/2021:09:08:39 +0800] "GET /xingrg/all/function/internal_message.html?_=1632186522924&CODE_STATE=getMsg HTTP/1.1" 200 27
114.83.219.92 - - [21/Sep/2021:09:08:41 +0800] "GET /xingrg/all/function/internal_message.html?_=1632186524805&CODE_STATE=getMsg HTTP/1.1" 200 27
114.83.219.92 - - [21/Sep/2021:09:08:42 +0800] "POST /xingrg/kc/buy/cgsh_order_operate.html HTTP/1.1" 200 36956
58.39.139.200 - - [21/Sep/2021:09:08:46 +0800] "GET /xingrg/kc/buy/cgsh_order_operate.html?command=get_materiel&rest_code=00105&code=00101012033&supplier_code=00100034&order_time=2021-09-21 HTTP/1.1" 200 426
222.70.246.151 - - [21/Sep/2021:09:08:46 +0800] "GET /xingrg/all/function/internal_message.html?_=1632186536127&CODE_STATE=getMsg HTTP/1.1" 200 27
58.40.7.146 - - [21/Sep/2021:09:08:48 +0800] "GET /xingrg/all/function/internal_message.html?_=1632186532268&CODE_STATE=getMsg HTTP/1.1" 302 -
58.40.7.146 - - [21/Sep/2021:09:08:48 +0800] "GET /xingrg/check_reg.html?_=1632186532270 HTTP/1.1" 302 -
222.70.179.190 - - [21/Sep/2021:09:08:52 +0800] "GET /xingrg/kc/buy/cgsh_order_operate.html?command=get_materiel&rest_code=00111&code=00101008354&supplier_code=00100005&order_time=2021-09-21 HTTP/1.1" 200 412
222.70.179.190 - - [21/Sep/2021:09:09:01 +0800] "GET /xingrg/check_reg.html?_=1632186543657 HTTP/1.1" 200 22
