222.70.246.151 - - [21/Sep/2021:11:32:30 +0800] "GET /xingrg/javascript/jquery_easy_ui/themes/default/easyui.css HTTP/1.1" 304 -
222.70.246.151 - - [21/Sep/2021:11:32:30 +0800] "GET /xingrg/javascript/jquery-1.4.2.min.js HTTP/1.1" 304 -
222.70.246.151 - - [21/Sep/2021:11:32:30 +0800] "GET /xingrg/css/form.css HTTP/1.1" 304 -
222.70.246.151 - - [21/Sep/2021:11:32:30 +0800] "GET /xingrg/javascript/jquery.form.js HTTP/1.1" 304 -
222.70.246.151 - - [21/Sep/2021:11:32:30 +0800] "GET /xingrg/javascript/jquery_easy_ui/jquery.easyui.min.js HTTP/1.1" 304 -
222.70.246.151 - - [21/Sep/2021:11:32:30 +0800] "GET /xingrg/javascript/jquery_easy_ui/easyui-lang-zh_CN.js HTTP/1.1" 304 -
222.70.246.151 - - [21/Sep/2021:11:32:30 +0800] "GET /xingrg/javascript/jquery.utils.js HTTP/1.1" 304 -
222.70.246.151 - - [21/Sep/2021:11:32:30 +0800] "GET /xingrg/javascript/jquery.timers.js HTTP/1.1" 304 -
222.70.246.151 - - [21/Sep/2021:11:32:30 +0800] "GET /favicon.ico HTTP/1.1" 404 -
222.70.246.151 - - [21/Sep/2021:11:32:30 +0800] "POST /xingrg/all/common/load_tree.html?tree=area_rest_tree_json&manage=1 HTTP/1.1" 200 479
222.70.246.151 - - [21/Sep/2021:11:32:30 +0800] "GET /xingrg/check_reg.html?_=1632195159778 HTTP/1.1" 200 22
222.70.246.151 - - [21/Sep/2021:11:32:30 +0800] "GET /xingrg/all/function/internal_message.html?_=1632195159777&CODE_STATE=count HTTP/1.1" 200 11
222.70.246.151 - - [21/Sep/2021:11:32:30 +0800] "POST /xingrg/load_menu.html HTTP/1.1" 200 5138
180.169.147.146 - - [21/Sep/2021:11:32:31 +0800] "GET /xingrg/all/function/internal_message.html?_=1632195155931&CODE_STATE=getMsg HTTP/1.1" 200 27
180.152.125.3 - - [21/Sep/2021:11:32:32 +0800] "GET /xingrg/all/function/internal_message.html?_=1632195134477&CODE_STATE=getMsg HTTP/1.1" 200 27
222.70.246.151 - - [21/Sep/2021:11:32:34 +0800] "GET /xingrg/css/base.css HTTP/1.1" 304 -
222.70.246.151 - - [21/Sep/2021:11:32:34 +0800] "GET /xingrg/css/site.css HTTP/1.1" 304 -
222.70.246.151 - - [21/Sep/2021:11:32:34 +0800] "GET /xingrg/javascript/jquery_tools/datebox.css HTTP/1.1" 304 -
222.70.246.151 - - [21/Sep/2021:11:32:34 +0800] "GET /xingrg/javascript/easyui/themes/icon.css HTTP/1.1" 304 -
222.70.246.151 - - [21/Sep/2021:11:32:34 +0800] "GET /xingrg/javascript/jquery_tools/fix.css HTTP/1.1" 304 -
222.70.246.151 - - [21/Sep/2021:11:32:34 +0800] "GET /xingrg/javascript/easyui/themes/default/easyui.css HTTP/1.1" 304 -
222.70.246.151 - - [21/Sep/2021:11:32:34 +0800] "GET /xingrg/javascript/jquery_tools/jquery.tools.min.js HTTP/1.1" 304 -
222.70.246.151 - - [21/Sep/2021:11:32:34 +0800] "GET /xingrg/javascript/auto/jquery.autocomplete.css HTTP/1.1" 304 -
222.70.246.151 - - [21/Sep/2021:11:32:34 +0800] "GET /xingrg/javascript/jquery_tools/table.css HTTP/1.1" 304 -
222.70.246.151 - - [21/Sep/2021:11:32:34 +0800] "GET /xingrg/javascript/jquery_tools/jquery.tools.table.js HTTP/1.1" 304 -
222.70.246.151 - - [21/Sep/2021:11:32:34 +0800] "GET /xingrg/javascript/jquery_tools/jquery.tools.extend.js HTTP/1.1" 304 -
222.70.246.151 - - [21/Sep/2021:11:32:34 +0800] "GET /xingrg/javascript/jquery_tools/jquery.tools.hotkey.js HTTP/1.1" 304 -
222.70.246.151 - - [21/Sep/2021:11:32:34 +0800] "GET /xingrg/javascript/jquery_tools/list_manager.js HTTP/1.1" 304 -
222.70.246.151 - - [21/Sep/2021:11:32:34 +0800] "GET /xingrg/javascript/jquery.cookie.js HTTP/1.1" 304 -
222.70.246.151 - - [21/Sep/2021:11:32:34 +0800] "GET /xingrg/javascript/auto/jquery.autocomplete.js HTTP/1.1" 304 -
222.70.246.151 - - [21/Sep/2021:11:32:34 +0800] "GET /xingrg/javascript/easyui/easyloader.js HTTP/1.1" 304 -
222.70.246.151 - - [21/Sep/2021:11:32:34 +0800] "GET /xingrg/javascript/print/LodopFuncs.js HTTP/1.1" 304 -
222.70.246.151 - - [21/Sep/2021:11:32:34 +0800] "GET /xingrg/kc/buy/cgsh_order_list.html HTTP/1.1" 200 47750
222.70.246.151 - - [21/Sep/2021:11:32:35 +0800] "GET /xingrg/javascript/easyui/plugins/jquery.parser.js HTTP/1.1" 304 -
124.79.246.142 - - [21/Sep/2021:11:32:35 +0800] "GET /xingrg/all/function/internal_message.html?_=1632195262074&CODE_STATE=getMsg HTTP/1.1" 200 27
222.70.246.151 - - [21/Sep/2021:11:32:36 +0800] "POST /xingrg/kc/buy/cgsh_list_operate.html HTTP/1.1" 200 1690
58.39.139.200 - - [21/Sep/2021:11:32:37 +0800] "GET /xingrg/all/function/internal_message.html?_=1632195107658&CODE_STATE=getMsg HTTP/1.1" 200 27
222.69.131.205 - - [21/Sep/2021:11:32:37 +0800] "GET /xingrg/all/function/internal_message.html?_=1632195162975&CODE_STATE=getMsg HTTP/1.1" 200 27
58.37.227.186 - - [21/Sep/2021:11:32:38 +0800] "GET /xingrg/kc/buy/cgsh_order_operate.html?command=get_materiel&rest_code=00141&code=00101002006&supplier_code=00100091&order_time=2021-09-21 HTTP/1.1" 200 414
222.70.246.151 - - [21/Sep/2021:11:32:39 +0800] "POST /xingrg/kc/buy/cgsh_list_operate.html HTTP/1.1" 200 569
58.39.139.200 - - [21/Sep/2021:11:32:40 +0800] "GET /xingrg/check_reg.html?_=1632195165363 HTTP/1.1" 200 22
58.39.139.200 - - [21/Sep/2021:11:32:40 +0800] "GET /xingrg/all/function/internal_message.html?_=1632195165366&CODE_STATE=getMsg HTTP/1.1" 200 27
222.70.246.151 - - [21/Sep/2021:11:32:40 +0800] "GET /xingrg/javascript/pic_change.js HTTP/1.1" 304 -
222.70.246.151 - - [21/Sep/2021:11:32:40 +0800] "GET /xingrg/javascript/jquery_tools/order_manager.js HTTP/1.1" 304 -
222.70.246.151 - - [21/Sep/2021:11:32:40 +0800] "GET /xingrg/javascript/json2.js HTTP/1.1" 304 -
222.70.246.151 - - [21/Sep/2021:11:32:40 +0800] "GET /xingrg/javascript/convert.js HTTP/1.1" 304 -
222.70.246.151 - - [21/Sep/2021:11:32:40 +0800] "GET /xingrg/javascript/print/kc_print.js HTTP/1.1" 304 -
222.70.246.151 - - [21/Sep/2021:11:32:40 +0800] "GET /xingrg/kc/buy/cgsh_order_info.html?code=212021092109496 HTTP/1.1" 200 63497
222.70.246.151 - - [21/Sep/2021:11:32:40 +0800] "GET /xingrg/words/20210920125024_words.js HTTP/1.1" 304 -
222.70.246.151 - - [21/Sep/2021:11:32:40 +0800] "GET /xingrg/all/common/auto_word.html?type=employee&rest_code=00146 HTTP/1.1" 200 101
222.70.246.151 - - [21/Sep/2021:11:32:40 +0800] "GET /xingrg/all/common/auto_word.html?type=employee&rest_code=00146 HTTP/1.1" 200 101
222.70.246.151 - - [21/Sep/2021:11:32:41 +0800] "GET /xingrg/javascript/easyui/themes/default/validatebox.css HTTP/1.1" 404 1104
222.70.246.151 - - [21/Sep/2021:11:32:41 +0800] "GET /xingrg/javascript/easyui/plugins/jquery.validatebox.js HTTP/1.1" 304 -
222.70.246.151 - - [21/Sep/2021:11:32:41 +0800] "GET /xingrg/javascript/easyui/plugins/jquery.numberbox.js HTTP/1.1" 304 -
222.70.246.151 - - [21/Sep/2021:11:32:41 +0800] "POST /xingrg/kc/buy/cgsh_order_operate.html HTTP/1.1" 200 19232
116.237.74.154 - - [21/Sep/2021:11:32:43 +0800] "GET /xingrg/all/function/internal_message.html?_=1632195166439&CODE_STATE=getMsg HTTP/1.1" 200 27
58.40.7.146 - - [21/Sep/2021:11:32:48 +0800] "GET /xingrg/all/function/internal_message.html?_=1632195172382&CODE_STATE=getMsg HTTP/1.1" 302 -
222.70.246.151 - - [21/Sep/2021:11:32:50 +0800] "GET /xingrg/javascript/jquery_tools/images/next.gif HTTP/1.1" 404 1086
222.70.246.151 - - [21/Sep/2021:11:32:50 +0800] "GET /xingrg/javascript/jquery_tools/images/prev.gif HTTP/1.1" 404 1086
58.37.227.186 - - [21/Sep/2021:11:32:51 +0800] "GET /xingrg/kc/buy/cgsh_order_operate.html?command=get_materiel&rest_code=00141&code=00101002028&supplier_code=00100091&order_time=2021-09-21 HTTP/1.1" 200 419
124.79.246.142 - - [21/Sep/2021:11:32:52 +0800] "GET /xingrg/kc/buy/cgsh_order_operate.html?command=get_materiel&rest_code=00104&code=00101002041&supplier_code=00100475&order_time=2021-09-21 HTTP/1.1" 200 411
180.152.125.3 - - [21/Sep/2021:11:32:52 +0800] "GET /xingrg/all/function/internal_message.html?_=1632195177282&CODE_STATE=getMsg HTTP/1.1" 200 27
116.230.105.26 - - [21/Sep/2021:11:32:57 +0800] "GET /xingrg/all/function/internal_message.html?_=1632195164629&CODE_STATE=getMsg HTTP/1.1" 200 27
117.184.7.30 - - [21/Sep/2021:11:33:01 +0800] "GET /xingrg/all/function/internal_message.html?_=1632195180718&CODE_STATE=getMsg HTTP/1.1" 200 27
114.83.219.92 - - [21/Sep/2021:11:33:02 +0800] "GET /xingrg/all/function/internal_message.html?_=1632195185472&CODE_STATE=getMsg HTTP/1.1" 200 27
114.86.224.104 - - [21/Sep/2021:11:33:02 +0800] "GET /xingrg/all/function/internal_message.html?_=1632195188706&CODE_STATE=getMsg HTTP/1.1" 200 27
114.86.224.104 - - [21/Sep/2021:11:33:02 +0800] "GET /xingrg/check_reg.html?_=1632195188708 HTTP/1.1" 200 22
180.152.125.3 - - [21/Sep/2021:11:33:03 +0800] "GET /xingrg/kc/buy/cgsh_order_add.html HTTP/1.1" 200 63447
180.152.125.3 - - [21/Sep/2021:11:33:04 +0800] "POST /xingrg/kc/buy/cgsh_order_operate.html HTTP/1.1" 200 8245
180.152.125.3 - - [21/Sep/2021:11:33:04 +0800] "GET /xingrg/javascript/easyui/themes/default/validatebox.css HTTP/1.1" 404 1104
58.37.227.186 - - [21/Sep/2021:11:33:05 +0800] "GET /xingrg/kc/buy/cgsh_order_operate.html?command=get_materiel&rest_code=00141&code=00101002034&supplier_code=00100091&order_time=2021-09-21 HTTP/1.1" 200 409
180.152.125.3 - - [21/Sep/2021:11:33:06 +0800] "GET /xingrg/javascript/jquery_tools/images/prev.gif HTTP/1.1" 404 1086
180.152.125.3 - - [21/Sep/2021:11:33:06 +0800] "GET /xingrg/javascript/jquery_tools/images/next.gif HTTP/1.1" 404 1086
180.162.111.5 - - [21/Sep/2021:11:33:08 +0800] "GET /xingrg/check_reg.html?_=1632194744359 HTTP/1.1" 200 22
180.162.111.5 - - [21/Sep/2021:11:33:08 +0800] "GET /xingrg/all/function/internal_message.html?_=1632194744357&CODE_STATE=getMsg HTTP/1.1" 200 27
116.238.248.233 - - [21/Sep/2021:11:33:10 +0800] "GET /xingrg/all/function/internal_message.html?_=1632195194034&CODE_STATE=getMsg HTTP/1.1" 200 27
58.37.227.186 - - [21/Sep/2021:11:33:12 +0800] "GET /xingrg/kc/buy/cgsh_order_operate.html?command=get_materiel&rest_code=00141&code=00101003037&supplier_code=00100091&order_time=2021-09-21 HTTP/1.1" 200 413
180.162.111.5 - - [21/Sep/2021:11:33:13 +0800] "POST /xingrg/kc/buy/cgsh_order_operate.html HTTP/1.1" 200 37
180.162.111.5 - - [21/Sep/2021:11:33:17 +0800] "POST /xingrg/kc/buy/cgsh_order_operate.html HTTP/1.1" 200 12
180.162.111.5 - - [21/Sep/2021:11:33:18 +0800] "GET /xingrg/kc/buy/cgsh_order_info.html?code=212021092008993 HTTP/1.1" 200 57515
180.162.111.5 - - [21/Sep/2021:11:33:19 +0800] "GET /xingrg/javascript/easyui/themes/default/validatebox.css HTTP/1.1" 404 1104
180.162.111.5 - - [21/Sep/2021:11:33:19 +0800] "POST /xingrg/kc/buy/cgsh_order_operate.html HTTP/1.1" 200 11320
222.70.179.190 - - [21/Sep/2021:11:33:20 +0800] "GET /xingrg/kc/buy/cgsh_order_operate.html?command=get_materiel&rest_code=00111&code=00101020274&supplier_code=00100322&order_time=2021-09-21 HTTP/1.1" 200 418
180.162.111.5 - - [21/Sep/2021:11:33:22 +0800] "GET /xingrg/kc/print/load_config.html?kc_code=cgsh HTTP/1.1" 200 2076
180.162.111.5 - - [21/Sep/2021:11:33:22 +0800] "GET /xingrg/kc/print/load_data.html?order_code=212021092008993&kc_code=cgsh&condition= HTTP/1.1" 200 4784
180.152.125.3 - - [21/Sep/2021:11:33:24 +0800] "GET /xingrg/kc/buy/cgsh_order_operate.html?command=get_materiel&rest_code=00102&code=00101018004&supplier_code=00100330&order_time=2021-09-21 HTTP/1.1" 200 409
116.237.74.154 - - [21/Sep/2021:11:33:24 +0800] "GET /xingrg/all/function/internal_message.html?_=1632195207581&CODE_STATE=getMsg HTTP/1.1" 200 27
58.37.227.186 - - [21/Sep/2021:11:33:27 +0800] "POST /xingrg/kc/buy/cgsh_order_operate.html HTTP/1.1" 200 37
114.85.125.222 - - [21/Sep/2021:11:33:28 +0800] "GET /xingrg/all/function/internal_message.html?_=1632195191649&CODE_STATE=getMsg HTTP/1.1" 200 27
222.70.179.190 - - [21/Sep/2021:11:33:29 +0800] "GET /xingrg/all/function/internal_message.html?_=1632195211363&CODE_STATE=getMsg HTTP/1.1" 200 27
222.70.179.190 - - [21/Sep/2021:11:33:29 +0800] "GET /xingrg/check_reg.html?_=1632195211427 HTTP/1.1" 200 22
180.152.125.3 - - [21/Sep/2021:11:33:30 +0800] "POST /xingrg/kc/buy/cgsh_order_operate.html HTTP/1.1" 200 37
222.70.246.151 - - [21/Sep/2021:11:33:30 +0800] "GET /xingrg/all/function/internal_message.html?_=1632195219794&CODE_STATE=getMsg HTTP/1.1" 200 27
180.169.147.146 - - [21/Sep/2021:11:33:31 +0800] "GET /xingrg/check_reg.html?_=1632195215934 HTTP/1.1" 200 22
180.169.147.146 - - [21/Sep/2021:11:33:31 +0800] "GET /xingrg/all/function/internal_message.html?_=1632195215938&CODE_STATE=getMsg HTTP/1.1" 200 27
58.37.227.186 - - [21/Sep/2021:11:33:32 +0800] "POST /xingrg/kc/buy/cgsh_order_operate.html HTTP/1.1" 200 12
180.152.125.3 - - [21/Sep/2021:11:33:32 +0800] "GET /xingrg/all/function/internal_message.html?_=1632195194944&CODE_STATE=getMsg HTTP/1.1" 200 27
58.37.227.186 - - [21/Sep/2021:11:33:32 +0800] "GET /xingrg/kc/buy/cgsh_order_info.html?code=212021092109557 HTTP/1.1" 200 58401
58.37.227.186 - - [21/Sep/2021:11:33:33 +0800] "GET /xingrg/javascript/easyui/themes/default/validatebox.css HTTP/1.1" 404 1104
58.37.227.186 - - [21/Sep/2021:11:33:33 +0800] "POST /xingrg/kc/buy/cgsh_order_operate.html HTTP/1.1" 200 2401
180.152.125.3 - - [21/Sep/2021:11:33:35 +0800] "POST /xingrg/kc/buy/cgsh_order_operate.html HTTP/1.1" 200 12
180.152.125.3 - - [21/Sep/2021:11:33:36 +0800] "GET /xingrg/kc/buy/cgsh_order_info.html?code=212021092109558 HTTP/1.1" 200 58362
180.152.125.3 - - [21/Sep/2021:11:33:36 +0800] "GET /xingrg/javascript/easyui/themes/default/validatebox.css HTTP/1.1" 404 1104
116.237.74.154 - - [21/Sep/2021:11:33:37 +0800] "GET /xingrg/kc/buy/cgsh_order_add.html HTTP/1.1" 200 63482
180.152.125.3 - - [21/Sep/2021:11:33:37 +0800] "POST /xingrg/kc/buy/cgsh_order_operate.html HTTP/1.1" 200 602
58.37.227.186 - - [21/Sep/2021:11:33:37 +0800] "GET /xingrg/kc/print/load_data.html?order_code=212021092109557&kc_code=cgsh&condition= HTTP/1.1" 200 1472
116.237.74.154 - - [21/Sep/2021:11:33:37 +0800] "POST /xingrg/kc/buy/cgsh_order_operate.html HTTP/1.1" 200 8245
116.237.74.154 - - [21/Sep/2021:11:33:37 +0800] "GET /xingrg/javascript/easyui/themes/default/validatebox.css HTTP/1.1" 404 1104
180.152.125.3 - - [21/Sep/2021:11:33:37 +0800] "GET /xingrg/kc/print/load_config.html?kc_code=cgsh HTTP/1.1" 200 2076
58.39.139.200 - - [21/Sep/2021:11:33:37 +0800] "GET /xingrg/all/function/internal_message.html?_=1632195167644&CODE_STATE=getMsg HTTP/1.1" 200 27
58.37.227.186 - - [21/Sep/2021:11:33:37 +0800] "GET /xingrg/check_reg.html?_=1632195088728 HTTP/1.1" 200 22
180.152.125.3 - - [21/Sep/2021:11:33:37 +0800] "GET /xingrg/kc/print/load_data.html?order_code=212021092109558&kc_code=cgsh&condition= HTTP/1.1" 200 699
222.69.131.205 - - [21/Sep/2021:11:33:37 +0800] "GET /xingrg/all/function/internal_message.html?_=1632195223001&CODE_STATE=getMsg HTTP/1.1" 200 27
116.237.74.154 - - [21/Sep/2021:11:33:39 +0800] "GET /xingrg/javascript/easyui/themes/default/tree.css HTTP/1.1" 404 1090
116.237.74.154 - - [21/Sep/2021:11:33:39 +0800] "POST /xingrg/all/common/load_tree.html?tree=supplier_tree_json&isDelete=1 HTTP/1.1" 200 57803
58.39.139.200 - - [21/Sep/2021:11:33:40 +0800] "GET /xingrg/all/function/internal_message.html?_=1632195225366&CODE_STATE=getMsg HTTP/1.1" 200 27
180.152.125.3 - - [21/Sep/2021:11:33:40 +0800] "GET /xingrg/kc/buy/cgsh_order_add.html HTTP/1.1" 200 63447
180.152.125.3 - - [21/Sep/2021:11:33:41 +0800] "POST /xingrg/kc/buy/cgsh_order_operate.html HTTP/1.1" 200 8245
58.37.227.186 - - [21/Sep/2021:11:33:41 +0800] "GET /xingrg/kc/buy/cgsh_order_add.html HTTP/1.1" 200 63488
180.152.125.3 - - [21/Sep/2021:11:33:41 +0800] "GET /xingrg/javascript/easyui/themes/default/validatebox.css HTTP/1.1" 404 1104
58.37.227.186 - - [21/Sep/2021:11:33:41 +0800] "POST /xingrg/kc/buy/cgsh_order_operate.html HTTP/1.1" 200 8245
58.37.227.186 - - [21/Sep/2021:11:33:41 +0800] "GET /xingrg/javascript/easyui/themes/default/validatebox.css HTTP/1.1" 404 1104
116.237.74.154 - - [21/Sep/2021:11:33:43 +0800] "GET /xingrg/all/function/internal_message.html?_=1632195226436&CODE_STATE=getMsg HTTP/1.1" 200 27
58.40.7.146 - - [21/Sep/2021:11:33:48 +0800] "GET /xingrg/all/function/internal_message.html?_=1632195232384&CODE_STATE=getMsg HTTP/1.1" 302 -
58.40.7.146 - - [21/Sep/2021:11:33:48 +0800] "GET /xingrg/check_reg.html?_=1632195232386 HTTP/1.1" 302 -
180.152.125.3 - - [21/Sep/2021:11:33:50 +0800] "GET /xingrg/kc/buy/cgsh_order_operate.html?command=get_materiel&rest_code=00102&code=00101010548&supplier_code=00100441&order_time=2021-09-21 HTTP/1.1" 200 403
180.152.125.3 - - [21/Sep/2021:11:33:52 +0800] "GET /xingrg/all/function/internal_message.html?_=1632195237294&CODE_STATE=getMsg HTTP/1.1" 200 27
116.230.105.26 - - [21/Sep/2021:11:33:57 +0800] "GET /xingrg/all/function/internal_message.html?_=1632195224614&CODE_STATE=getMsg HTTP/1.1" 200 27
116.230.105.26 - - [21/Sep/2021:11:33:57 +0800] "GET /xingrg/check_reg.html?_=1632195225114 HTTP/1.1" 200 22
222.70.179.190 - - [21/Sep/2021:11:33:58 +0800] "GET /xingrg/kc/buy/cgsh_order_operate.html?command=get_materiel&rest_code=00111&code=00101029057&supplier_code=00100322&order_time=2021-09-21 HTTP/1.1" 200 399
116.237.74.154 - - [21/Sep/2021:11:34:00 +0800] "GET /xingrg/kc/buy/cgsh_order_operate.html?command=get_materiel&rest_code=00106&code=00101012049&supplier_code=00100338&order_time=2021-09-21 HTTP/1.1" 200 430
117.184.7.30 - - [21/Sep/2021:11:34:01 +0800] "GET /xingrg/check_reg.html?_=1632195240718 HTTP/1.1" 200 22
117.184.7.30 - - [21/Sep/2021:11:34:01 +0800] "GET /xingrg/all/function/internal_message.html?_=1632195240720&CODE_STATE=getMsg HTTP/1.1" 200 27
114.83.219.92 - - [21/Sep/2021:11:34:02 +0800] "GET /xingrg/all/function/internal_message.html?_=1632195245458&CODE_STATE=getMsg HTTP/1.1" 200 27
114.86.224.104 - - [21/Sep/2021:11:34:02 +0800] "GET /xingrg/all/function/internal_message.html?_=1632195248708&CODE_STATE=getMsg HTTP/1.1" 200 27
180.152.125.3 - - [21/Sep/2021:11:34:07 +0800] "POST /xingrg/kc/buy/cgsh_order_operate.html HTTP/1.1" 200 37
180.162.111.5 - - [21/Sep/2021:11:34:08 +0800] "GET /xingrg/all/function/internal_message.html?_=1632194804359&CODE_STATE=getMsg HTTP/1.1" 200 27
58.37.227.186 - - [21/Sep/2021:11:34:09 +0800] "GET /xingrg/kc/buy/cgsh_order_operate.html?command=get_materiel&rest_code=00141&code=00101001060&supplier_code=00100442&order_time=2021-09-21 HTTP/1.1" 200 420
180.152.125.3 - - [21/Sep/2021:11:34:10 +0800] "POST /xingrg/kc/buy/cgsh_order_operate.html HTTP/1.1" 200 12
116.238.248.233 - - [21/Sep/2021:11:34:10 +0800] "GET /xingrg/check_reg.html?_=1632195254034 HTTP/1.1" 200 22
116.238.248.233 - - [21/Sep/2021:11:34:10 +0800] "GET /xingrg/all/function/internal_message.html?_=1632195254035&CODE_STATE=getMsg HTTP/1.1" 200 27
222.70.179.190 - - [21/Sep/2021:11:34:12 +0800] "GET /xingrg/kc/buy/cgsh_order_operate.html?command=get_materiel&rest_code=00111&code=00101020319&supplier_code=00100322&order_time=2021-09-21 HTTP/1.1" 200 413
180.162.111.5 - - [21/Sep/2021:11:34:16 +0800] "POST /xingrg/kc/buy/cgsh_list_operate.html HTTP/1.1" 200 876
180.152.125.3 - - [21/Sep/2021:11:34:17 +0800] "GET /xingrg/kc/buy/cgsh_order_info.html?code=212021092109559 HTTP/1.1" 200 58360
180.152.125.3 - - [21/Sep/2021:11:34:18 +0800] "GET /xingrg/javascript/easyui/themes/default/validatebox.css HTTP/1.1" 404 1104
180.152.125.3 - - [21/Sep/2021:11:34:18 +0800] "POST /xingrg/kc/buy/cgsh_order_operate.html HTTP/1.1" 200 612
116.237.74.154 - - [21/Sep/2021:11:34:19 +0800] "GET /xingrg/kc/buy/cgsh_order_operate.html?command=get_materiel&rest_code=00106&code=00101019383&supplier_code=00100338&order_time=2021-09-21 HTTP/1.1" 200 436
58.37.227.186 - - [21/Sep/2021:11:34:20 +0800] "GET /xingrg/kc/buy/cgsh_order_operate.html?command=get_materiel&rest_code=00141&code=00101002041&supplier_code=00100442&order_time=2021-09-21 HTTP/1.1" 200 409
180.152.125.3 - - [21/Sep/2021:11:34:20 +0800] "GET /xingrg/kc/print/load_data.html?order_code=212021092109559&kc_code=cgsh&condition= HTTP/1.1" 200 710
222.70.179.190 - - [21/Sep/2021:11:34:22 +0800] "POST /xingrg/kc/buy/cgsh_order_operate.html HTTP/1.1" 200 37
180.152.125.3 - - [21/Sep/2021:11:34:23 +0800] "GET /xingrg/kc/buy/cgsh_order_add.html HTTP/1.1" 200 63447
180.152.125.3 - - [21/Sep/2021:11:34:23 +0800] "POST /xingrg/kc/buy/cgsh_order_operate.html HTTP/1.1" 200 8245
180.152.125.3 - - [21/Sep/2021:11:34:24 +0800] "GET /xingrg/javascript/easyui/themes/default/validatebox.css HTTP/1.1" 404 1104
222.70.179.190 - - [21/Sep/2021:11:34:24 +0800] "POST /xingrg/kc/buy/cgsh_order_operate.html HTTP/1.1" 200 3890
116.237.74.154 - - [21/Sep/2021:11:34:24 +0800] "GET /xingrg/all/function/internal_message.html?_=1632195267561&CODE_STATE=getMsg HTTP/1.1" 200 27
114.85.125.222 - - [21/Sep/2021:11:34:28 +0800] "GET /xingrg/all/function/internal_message.html?_=1632195251663&CODE_STATE=getMsg HTTP/1.1" 200 27
222.70.179.190 - - [21/Sep/2021:11:34:29 +0800] "GET /xingrg/all/function/internal_message.html?_=1632195271339&CODE_STATE=getMsg HTTP/1.1" 200 27
222.70.246.151 - - [21/Sep/2021:11:34:30 +0800] "GET /xingrg/all/function/internal_message.html?_=1632195279796&CODE_STATE=getMsg HTTP/1.1" 200 27
180.169.147.146 - - [21/Sep/2021:11:34:31 +0800] "GET /xingrg/all/function/internal_message.html?_=1632195275925&CODE_STATE=getMsg HTTP/1.1" 200 27
180.152.125.3 - - [21/Sep/2021:11:34:32 +0800] "GET /xingrg/all/function/internal_message.html?_=1632195254956&CODE_STATE=getMsg HTTP/1.1" 200 27
116.237.74.154 - - [21/Sep/2021:11:34:33 +0800] "POST /xingrg/kc/buy/cgsh_order_operate.html HTTP/1.1" 200 37
180.152.125.3 - - [21/Sep/2021:11:34:33 +0800] "GET /xingrg/kc/buy/cgsh_order_operate.html?command=get_materiel&rest_code=00102&code=00101010108&supplier_code=00100336&order_time=2021-09-21 HTTP/1.1" 200 421
222.70.179.190 - - [21/Sep/2021:11:34:33 +0800] "GET /xingrg/kc/print/load_data.html?order_code=212021092109560&kc_code=cgsh&condition= HTTP/1.1" 200 1173
58.37.227.186 - - [21/Sep/2021:11:34:34 +0800] "GET /xingrg/kc/buy/cgsh_order_operate.html?command=get_materiel&rest_code=00141&code=00101002027&supplier_code=00100442&order_time=2021-09-21 HTTP/1.1" 200 413
58.39.139.200 - - [21/Sep/2021:11:34:37 +0800] "GET /xingrg/all/function/internal_message.html?_=1632195227644&CODE_STATE=getMsg HTTP/1.1" 200 27
222.69.131.205 - - [21/Sep/2021:11:34:37 +0800] "GET /xingrg/all/function/internal_message.html?_=1632195283001&CODE_STATE=getMsg HTTP/1.1" 200 27
180.152.125.3 - - [21/Sep/2021:11:34:39 +0800] "POST /xingrg/kc/buy/cgsh_order_operate.html HTTP/1.1" 200 37
116.237.74.154 - - [21/Sep/2021:11:34:39 +0800] "POST /xingrg/kc/buy/cgsh_order_operate.html HTTP/1.1" 200 12
116.237.74.154 - - [21/Sep/2021:11:34:40 +0800] "GET /xingrg/kc/buy/cgsh_order_info.html?code=212021092109561 HTTP/1.1" 200 58395
58.39.139.200 - - [21/Sep/2021:11:34:40 +0800] "GET /xingrg/all/function/internal_message.html?_=1632195285365&CODE_STATE=getMsg HTTP/1.1" 200 27
116.237.74.154 - - [21/Sep/2021:11:34:40 +0800] "GET /xingrg/javascript/easyui/themes/default/validatebox.css HTTP/1.1" 404 1104
116.237.74.154 - - [21/Sep/2021:11:34:40 +0800] "POST /xingrg/kc/buy/cgsh_order_operate.html HTTP/1.1" 200 1234
180.152.125.3 - - [21/Sep/2021:11:34:42 +0800] "POST /xingrg/kc/buy/cgsh_order_operate.html HTTP/1.1" 200 12
116.237.74.154 - - [21/Sep/2021:11:34:43 +0800] "GET /xingrg/kc/print/load_data.html?order_code=212021092109561&kc_code=cgsh&condition= HTTP/1.1" 200 968
180.152.125.3 - - [21/Sep/2021:11:34:43 +0800] "GET /xingrg/kc/buy/cgsh_order_info.html?code=212021092109562 HTTP/1.1" 200 58356
116.237.74.154 - - [21/Sep/2021:11:34:43 +0800] "GET /xingrg/all/function/internal_message.html?_=1632195286590&CODE_STATE=getMsg HTTP/1.1" 200 27
116.237.74.154 - - [21/Sep/2021:11:34:43 +0800] "GET /xingrg/check_reg.html?_=1632195286619 HTTP/1.1" 200 22
180.152.125.3 - - [21/Sep/2021:11:34:44 +0800] "GET /xingrg/javascript/easyui/themes/default/validatebox.css HTTP/1.1" 404 1104
180.152.125.3 - - [21/Sep/2021:11:34:44 +0800] "POST /xingrg/kc/buy/cgsh_order_operate.html HTTP/1.1" 200 616
180.152.125.3 - - [21/Sep/2021:11:34:46 +0800] "GET /xingrg/kc/print/load_data.html?order_code=212021092109562&kc_code=cgsh&condition= HTTP/1.1" 200 708
222.70.179.190 - - [21/Sep/2021:11:34:47 +0800] "GET /xingrg/kc/buy/cgsh_order_add.html HTTP/1.1" 200 63476
222.70.179.190 - - [21/Sep/2021:11:34:48 +0800] "POST /xingrg/kc/buy/cgsh_order_operate.html HTTP/1.1" 200 8245
222.70.179.190 - - [21/Sep/2021:11:34:48 +0800] "GET /xingrg/javascript/easyui/themes/default/validatebox.css HTTP/1.1" 404 1104
180.152.125.3 - - [21/Sep/2021:11:34:48 +0800] "GET /xingrg/kc/buy/cgsh_order_add.html HTTP/1.1" 200 63447
58.40.7.146 - - [21/Sep/2021:11:34:48 +0800] "GET /xingrg/all/function/internal_message.html?_=1632195292390&CODE_STATE=getMsg HTTP/1.1" 302 -
116.237.74.154 - - [21/Sep/2021:11:34:48 +0800] "GET /xingrg/kc/buy/cgsh_order_add.html HTTP/1.1" 200 63482
116.237.74.154 - - [21/Sep/2021:11:34:48 +0800] "POST /xingrg/kc/buy/cgsh_order_operate.html HTTP/1.1" 200 8245
116.237.74.154 - - [21/Sep/2021:11:34:48 +0800] "GET /xingrg/javascript/easyui/themes/default/validatebox.css HTTP/1.1" 404 1104
180.152.125.3 - - [21/Sep/2021:11:34:49 +0800] "POST /xingrg/kc/buy/cgsh_order_operate.html HTTP/1.1" 200 8245
180.152.125.3 - - [21/Sep/2021:11:34:49 +0800] "GET /xingrg/javascript/easyui/themes/default/validatebox.css HTTP/1.1" 404 1104
58.37.227.186 - - [21/Sep/2021:11:34:49 +0800] "GET /xingrg/kc/buy/cgsh_order_operate.html?command=get_materiel&rest_code=00141&code=00101006157&supplier_code=00100442&order_time=2021-09-21 HTTP/1.1" 200 417
116.237.74.154 - - [21/Sep/2021:11:34:50 +0800] "GET /xingrg/javascript/easyui/themes/default/tree.css HTTP/1.1" 404 1090
116.237.74.154 - - [21/Sep/2021:11:34:50 +0800] "POST /xingrg/all/common/load_tree.html?tree=supplier_tree_json&isDelete=1 HTTP/1.1" 200 57803
180.152.125.3 - - [21/Sep/2021:11:34:52 +0800] "GET /xingrg/all/function/internal_message.html?_=1632195297309&CODE_STATE=getMsg HTTP/1.1" 200 27
222.70.179.190 - - [21/Sep/2021:11:34:55 +0800] "GET /xingrg/javascript/easyui/themes/default/tree.css HTTP/1.1" 404 1090
222.70.179.190 - - [21/Sep/2021:11:34:55 +0800] "POST /xingrg/all/common/load_tree.html?tree=supplier_tree_json&isDelete=1 HTTP/1.1" 200 57803
116.230.105.26 - - [21/Sep/2021:11:34:57 +0800] "GET /xingrg/all/function/internal_message.html?_=1632195284590&CODE_STATE=getMsg HTTP/1.1" 200 27
180.152.125.3 - - [21/Sep/2021:11:34:59 +0800] "GET /xingrg/kc/buy/cgsh_order_operate.html?command=get_materiel&rest_code=00102&code=00101029057&supplier_code=00100337&order_time=2021-09-21 HTTP/1.1" 200 398
117.184.7.30 - - [21/Sep/2021:11:35:01 +0800] "GET /xingrg/all/function/internal_message.html?_=1632195300725&CODE_STATE=getMsg HTTP/1.1" 200 27
114.83.219.92 - - [21/Sep/2021:11:35:02 +0800] "GET /xingrg/all/function/internal_message.html?_=1632195305439&CODE_STATE=getMsg HTTP/1.1" 200 27
114.86.224.104 - - [21/Sep/2021:11:35:02 +0800] "GET /xingrg/all/function/internal_message.html?_=1632195308714&CODE_STATE=getMsg HTTP/1.1" 200 27
58.37.227.186 - - [21/Sep/2021:11:35:03 +0800] "GET /xingrg/kc/buy/cgsh_order_operate.html?command=get_materiel&rest_code=00141&code=00101006268&supplier_code=00100442&order_time=2021-09-21 HTTP/1.1" 200 397
180.162.111.5 - - [21/Sep/2021:11:35:08 +0800] "GET /xingrg/all/function/internal_message.html?_=1632194864345&CODE_STATE=getMsg HTTP/1.1" 200 27
116.238.248.233 - - [21/Sep/2021:11:35:10 +0800] "GET /xingrg/all/function/internal_message.html?_=1632195314034&CODE_STATE=getMsg HTTP/1.1" 200 27
116.237.74.154 - - [21/Sep/2021:11:35:11 +0800] "GET /xingrg/kc/buy/cgsh_order_operate.html?command=get_materiel&rest_code=00106&code=00101008061&supplier_code=00100339&order_time=2021-09-21 HTTP/1.1" 200 423
180.152.125.3 - - [21/Sep/2021:11:35:14 +0800] "GET /xingrg/kc/buy/cgsh_order_operate.html?command=get_materiel&rest_code=00102&code=00101008317&supplier_code=00100337&order_time=2021-09-21 HTTP/1.1" 200 413
124.79.246.142 - - [21/Sep/2021:11:35:17 +0800] "POST /xingrg/kc/buy/cgsh_order_operate.html HTTP/1.1" 200 37
124.79.246.142 - - [21/Sep/2021:11:35:19 +0800] "POST /xingrg/kc/buy/cgsh_order_operate.html HTTP/1.1" 200 2657
180.152.125.3 - - [21/Sep/2021:11:35:20 +0800] "GET /xingrg/kc/buy/cgsh_order_operate.html?command=get_materiel&rest_code=00102&code=00101010746&supplier_code=00100337&order_time=2021-09-21 HTTP/1.1" 200 400
124.79.246.142 - - [21/Sep/2021:11:35:21 +0800] "GET /xingrg/kc/print/load_data.html?order_code=212021092109563&kc_code=cgsh&condition= HTTP/1.1" 200 670
58.37.227.186 - - [21/Sep/2021:11:35:22 +0800] "GET /xingrg/kc/buy/cgsh_order_operate.html?command=get_materiel&rest_code=00141&code=00101010658&supplier_code=00100442&order_time=2021-09-21 HTTP/1.1" 200 395
116.237.74.154 - - [21/Sep/2021:11:35:24 +0800] "GET /xingrg/all/function/internal_message.html?_=1632195327530&CODE_STATE=getMsg HTTP/1.1" 200 27
116.237.74.154 - - [21/Sep/2021:11:35:25 +0800] "GET /xingrg/check_reg.html?_=1632195328467 HTTP/1.1" 200 22
114.85.125.222 - - [21/Sep/2021:11:35:28 +0800] "GET /xingrg/all/function/internal_message.html?_=1632195311680&CODE_STATE=getMsg HTTP/1.1" 200 27
222.70.179.190 - - [21/Sep/2021:11:35:29 +0800] "GET /xingrg/all/function/internal_message.html?_=1632195331312&CODE_STATE=getMsg HTTP/1.1" 200 27
116.237.74.154 - - [21/Sep/2021:11:35:29 +0800] "GET /xingrg/kc/buy/cgsh_order_operate.html?command=get_materiel&rest_code=00106&code=00101008619&supplier_code=00100339&order_time=2021-09-21 HTTP/1.1" 200 405
222.70.246.151 - - [21/Sep/2021:11:35:30 +0800] "GET /xingrg/all/function/internal_message.html?_=1632195339814&CODE_STATE=getMsg HTTP/1.1" 200 27
180.169.147.146 - - [21/Sep/2021:11:35:31 +0800] "GET /xingrg/all/function/internal_message.html?_=1632195335927&CODE_STATE=getMsg HTTP/1.1" 200 27
180.152.125.3 - - [21/Sep/2021:11:35:33 +0800] "GET /xingrg/all/function/internal_message.html?_=1632195316232&CODE_STATE=getMsg HTTP/1.1" 200 27
124.79.246.142 - - [21/Sep/2021:11:35:35 +0800] "GET /xingrg/check_reg.html?_=1632195442084 HTTP/1.1" 200 22
124.79.246.142 - - [21/Sep/2021:11:35:35 +0800] "GET /xingrg/all/function/internal_message.html?_=1632195442086&CODE_STATE=getMsg HTTP/1.1" 200 27
58.37.227.186 - - [21/Sep/2021:11:35:37 +0800] "POST /xingrg/kc/buy/cgsh_order_operate.html HTTP/1.1" 200 37
58.39.139.200 - - [21/Sep/2021:11:35:37 +0800] "GET /xingrg/all/function/internal_message.html?_=1632195287655&CODE_STATE=getMsg HTTP/1.1" 200 27
222.69.131.205 - - [21/Sep/2021:11:35:37 +0800] "GET /xingrg/check_reg.html?_=1632195343003 HTTP/1.1" 200 22
222.69.131.205 - - [21/Sep/2021:11:35:37 +0800] "GET /xingrg/all/function/internal_message.html?_=1632195343006&CODE_STATE=getMsg HTTP/1.1" 200 27
180.152.125.3 - - [21/Sep/2021:11:35:38 +0800] "GET /xingrg/kc/buy/cgsh_order_operate.html?command=get_materiel&rest_code=00102&code=00101010026&supplier_code=00100337&order_time=2021-09-21 HTTP/1.1" 200 424
58.39.139.200 - - [21/Sep/2021:11:35:40 +0800] "GET /xingrg/all/function/internal_message.html?_=1632195345367&CODE_STATE=getMsg HTTP/1.1" 200 27
58.37.227.186 - - [21/Sep/2021:11:35:40 +0800] "POST /xingrg/kc/buy/cgsh_order_operate.html HTTP/1.1" 200 12
58.37.227.186 - - [21/Sep/2021:11:35:42 +0800] "GET /xingrg/kc/buy/cgsh_order_info.html?code=212021092109564 HTTP/1.1" 200 58399
58.37.227.186 - - [21/Sep/2021:11:35:42 +0800] "GET /xingrg/javascript/easyui/themes/default/validatebox.css HTTP/1.1" 404 1104
58.37.227.186 - - [21/Sep/2021:11:35:43 +0800] "POST /xingrg/kc/buy/cgsh_order_operate.html HTTP/1.1" 200 3573
116.237.74.154 - - [21/Sep/2021:11:35:43 +0800] "GET /xingrg/all/function/internal_message.html?_=1632195346563&CODE_STATE=getMsg HTTP/1.1" 200 27
58.37.227.186 - - [21/Sep/2021:11:35:43 +0800] "GET /xingrg/kc/print/load_data.html?order_code=212021092109564&kc_code=cgsh&condition= HTTP/1.1" 200 1833
58.40.7.146 - - [21/Sep/2021:11:35:48 +0800] "GET /xingrg/all/function/internal_message.html?_=1632195352380&CODE_STATE=getMsg HTTP/1.1" 302 -
58.37.227.186 - - [21/Sep/2021:11:35:49 +0800] "GET /xingrg/kc/buy/cgsh_order_add.html HTTP/1.1" 200 63488
58.37.227.186 - - [21/Sep/2021:11:35:49 +0800] "POST /xingrg/kc/buy/cgsh_order_operate.html HTTP/1.1" 200 8245
58.37.227.186 - - [21/Sep/2021:11:35:49 +0800] "GET /xingrg/javascript/easyui/themes/default/validatebox.css HTTP/1.1" 404 1104
180.152.125.3 - - [21/Sep/2021:11:35:52 +0800] "GET /xingrg/all/function/internal_message.html?_=1632195357322&CODE_STATE=getMsg HTTP/1.1" 200 27
180.152.125.3 - - [21/Sep/2021:11:35:52 +0800] "GET /xingrg/check_reg.html?_=1632195335141 HTTP/1.1" 200 22
116.230.105.26 - - [21/Sep/2021:11:35:57 +0800] "GET /xingrg/all/function/internal_message.html?_=1632195344588&CODE_STATE=getMsg HTTP/1.1" 200 27
180.152.125.3 - - [21/Sep/2021:11:35:59 +0800] "POST /xingrg/kc/buy/cgsh_order_operate.html HTTP/1.1" 200 37
116.237.74.154 - - [21/Sep/2021:11:35:59 +0800] "GET /xingrg/kc/buy/cgsh_order_operate.html?command=get_materiel&rest_code=00106&code=00101008517&supplier_code=00100339&order_time=2021-09-21 HTTP/1.1" 200 400
222.70.179.190 - - [21/Sep/2021:11:36:00 +0800] "GET /xingrg/kc/buy/cgsh_order_operate.html?command=get_materiel&rest_code=00111&code=00101001019&supplier_code=00100318&order_time=2021-09-21 HTTP/1.1" 200 416
117.184.7.30 - - [21/Sep/2021:11:36:01 +0800] "GET /xingrg/all/function/internal_message.html?_=1632195360725&CODE_STATE=getMsg HTTP/1.1" 200 27
114.83.219.92 - - [21/Sep/2021:11:36:02 +0800] "GET /xingrg/all/function/internal_message.html?_=1632195365426&CODE_STATE=getMsg HTTP/1.1" 200 27
114.86.224.104 - - [21/Sep/2021:11:36:02 +0800] "GET /xingrg/all/function/internal_message.html?_=1632195368712&CODE_STATE=getMsg HTTP/1.1" 200 27
180.152.125.3 - - [21/Sep/2021:11:36:03 +0800] "POST /xingrg/kc/buy/cgsh_order_operate.html HTTP/1.1" 200 12
180.152.125.3 - - [21/Sep/2021:11:36:04 +0800] "GET /xingrg/kc/buy/cgsh_order_info.html?code=212021092109565 HTTP/1.1" 200 58358
114.83.219.92 - - [21/Sep/2021:11:36:04 +0800] "GET /xingrg/check_reg.html?_=1632195367692 HTTP/1.1" 200 22
180.152.125.3 - - [21/Sep/2021:11:36:04 +0800] "GET /xingrg/javascript/easyui/themes/default/validatebox.css HTTP/1.1" 404 1104
180.152.125.3 - - [21/Sep/2021:11:36:05 +0800] "POST /xingrg/kc/buy/cgsh_order_operate.html HTTP/1.1" 200 2388
58.37.227.186 - - [21/Sep/2021:11:36:05 +0800] "GET /xingrg/kc/buy/cgsh_order_operate.html?command=get_materiel&rest_code=00141&code=00101010161&supplier_code=00100334&order_time=2021-09-21 HTTP/1.1" 200 408
180.152.125.3 - - [21/Sep/2021:11:36:06 +0800] "GET /xingrg/kc/print/load_data.html?order_code=212021092109565&kc_code=cgsh&condition= HTTP/1.1" 200 1382
180.162.111.5 - - [21/Sep/2021:11:36:08 +0800] "GET /xingrg/all/function/internal_message.html?_=1632194924345&CODE_STATE=getMsg HTTP/1.1" 200 27
180.152.125.3 - - [21/Sep/2021:11:36:10 +0800] "GET /xingrg/kc/buy/cgsh_order_add.html HTTP/1.1" 200 63447
116.238.248.233 - - [21/Sep/2021:11:36:10 +0800] "GET /xingrg/all/function/internal_message.html?_=1632195374040&CODE_STATE=getMsg HTTP/1.1" 200 27
180.152.125.3 - - [21/Sep/2021:11:36:11 +0800] "POST /xingrg/kc/buy/cgsh_order_operate.html HTTP/1.1" 200 8245
180.152.125.3 - - [21/Sep/2021:11:36:11 +0800] "GET /xingrg/javascript/easyui/themes/default/validatebox.css HTTP/1.1" 404 1104
58.37.227.186 - - [21/Sep/2021:11:36:12 +0800] "POST /xingrg/kc/buy/cgsh_order_operate.html HTTP/1.1" 200 37
58.37.227.186 - - [21/Sep/2021:11:36:17 +0800] "POST /xingrg/kc/buy/cgsh_order_operate.html HTTP/1.1" 200 12
58.37.227.186 - - [21/Sep/2021:11:36:18 +0800] "GET /xingrg/kc/buy/cgsh_order_info.html?code=212021092109566 HTTP/1.1" 200 58401
116.237.74.154 - - [21/Sep/2021:11:36:18 +0800] "GET /xingrg/kc/buy/cgsh_order_operate.html?command=get_materiel&rest_code=00106&code=00101013232&supplier_code=00100339&order_time=2021-09-21 HTTP/1.1" 200 406
58.37.227.186 - - [21/Sep/2021:11:36:18 +0800] "GET /xingrg/javascript/easyui/themes/default/validatebox.css HTTP/1.1" 404 1104
58.37.227.186 - - [21/Sep/2021:11:36:19 +0800] "POST /xingrg/kc/buy/cgsh_order_operate.html HTTP/1.1" 200 603
58.37.227.186 - - [21/Sep/2021:11:36:20 +0800] "GET /xingrg/kc/print/load_data.html?order_code=212021092109566&kc_code=cgsh&condition= HTTP/1.1" 200 713
58.37.227.186 - - [21/Sep/2021:11:36:23 +0800] "GET /xingrg/kc/buy/cgsh_order_add.html HTTP/1.1" 200 63488
58.37.227.186 - - [21/Sep/2021:11:36:24 +0800] "POST /xingrg/kc/buy/cgsh_order_operate.html HTTP/1.1" 200 8245
58.37.227.186 - - [21/Sep/2021:11:36:24 +0800] "GET /xingrg/javascript/easyui/themes/default/validatebox.css HTTP/1.1" 404 1104
116.237.74.154 - - [21/Sep/2021:11:36:24 +0800] "GET /xingrg/all/function/internal_message.html?_=1632195387502&CODE_STATE=getMsg HTTP/1.1" 200 27
114.85.125.222 - - [21/Sep/2021:11:36:28 +0800] "GET /xingrg/all/function/internal_message.html?_=1632195371690&CODE_STATE=getMsg HTTP/1.1" 200 27
222.70.179.190 - - [21/Sep/2021:11:36:29 +0800] "GET /xingrg/all/function/internal_message.html?_=1632195391297&CODE_STATE=getMsg HTTP/1.1" 200 27
222.70.246.151 - - [21/Sep/2021:11:36:30 +0800] "GET /xingrg/all/function/internal_message.html?_=1632195399824&CODE_STATE=getMsg HTTP/1.1" 200 27
180.169.147.146 - - [21/Sep/2021:11:36:31 +0800] "GET /xingrg/all/function/internal_message.html?_=1632195395929&CODE_STATE=getMsg HTTP/1.1" 200 27
180.152.125.3 - - [21/Sep/2021:11:36:32 +0800] "GET /xingrg/javascript/easyui/plugins/jquery.draggable.js HTTP/1.1" 200 6121
180.152.125.3 - - [21/Sep/2021:11:36:32 +0800] "GET /xingrg/css/images/panel_loading.gif HTTP/1.1" 200 1737
180.152.125.3 - - [21/Sep/2021:11:36:32 +0800] "GET /xingrg/javascript/easyui/plugins/jquery.droppable.js HTTP/1.1" 200 1167
180.152.125.3 - - [21/Sep/2021:11:36:32 +0800] "GET /xingrg/javascript/easyui/themes/default/tree.css HTTP/1.1" 404 1090
180.152.125.3 - - [21/Sep/2021:11:36:32 +0800] "GET /xingrg/javascript/easyui/plugins/jquery.tree.js HTTP/1.1" 200 20874
180.152.125.3 - - [21/Sep/2021:11:36:32 +0800] "POST /xingrg/all/common/load_tree.html?tree=supplier_tree_json&isDelete=1 HTTP/1.1" 200 57803
58.37.227.186 - - [21/Sep/2021:11:36:32 +0800] "GET /xingrg/kc/buy/cgsh_order_operate.html?command=get_materiel&rest_code=00141&code=00101001125&supplier_code=00100319&order_time=2021-09-21 HTTP/1.1" 200 415
180.152.125.3 - - [21/Sep/2021:11:36:35 +0800] "GET /xingrg/all/function/internal_message.html?_=1632195377377&CODE_STATE=getMsg HTTP/1.1" 200 27
124.79.246.142 - - [21/Sep/2021:11:36:35 +0800] "GET /xingrg/all/function/internal_message.html?_=1632195502056&CODE_STATE=getMsg HTTP/1.1" 200 27
116.237.74.154 - - [21/Sep/2021:11:36:37 +0800] "GET /xingrg/kc/buy/cgsh_order_operate.html?command=get_materiel&rest_code=00106&code=00101014065&supplier_code=00100339&order_time=2021-09-21 HTTP/1.1" 200 418
58.39.139.200 - - [21/Sep/2021:11:36:37 +0800] "GET /xingrg/all/function/internal_message.html?_=1632195347655&CODE_STATE=getMsg HTTP/1.1" 200 27
58.39.139.200 - - [21/Sep/2021:11:36:37 +0800] "GET /xingrg/check_reg.html?_=1632195347659 HTTP/1.1" 200 22
222.69.131.205 - - [21/Sep/2021:11:36:37 +0800] "GET /xingrg/all/function/internal_message.html?_=1632195402989&CODE_STATE=getMsg HTTP/1.1" 200 27
180.152.125.3 - - [21/Sep/2021:11:36:38 +0800] "GET /xingrg/kc/buy/cgsh_order_operate.html?command=get_materiel&rest_code=00102&code=00101016054&supplier_code=00100338&order_time=2021-09-21 HTTP/1.1" 200 409
58.39.139.200 - - [21/Sep/2021:11:36:40 +0800] "GET /xingrg/all/function/internal_message.html?_=1632195405366&CODE_STATE=getMsg HTTP/1.1" 200 27
58.37.227.186 - - [21/Sep/2021:11:36:42 +0800] "POST /xingrg/kc/buy/cgsh_order_operate.html HTTP/1.1" 200 37
116.237.74.154 - - [21/Sep/2021:11:36:43 +0800] "GET /xingrg/all/function/internal_message.html?_=1632195406543&CODE_STATE=getMsg HTTP/1.1" 200 27
180.152.125.3 - - [21/Sep/2021:11:36:45 +0800] "GET /xingrg/kc/buy/cgsh_order_operate.html?command=get_materiel&rest_code=00102&code=00101008066&supplier_code=00100338&order_time=2021-09-21 HTTP/1.1" 200 418
58.37.227.186 - - [21/Sep/2021:11:36:45 +0800] "POST /xingrg/kc/buy/cgsh_order_operate.html HTTP/1.1" 200 12
58.37.227.186 - - [21/Sep/2021:11:36:46 +0800] "GET /xingrg/kc/buy/cgsh_order_info.html?code=212021092109567 HTTP/1.1" 200 58401
58.37.227.186 - - [21/Sep/2021:11:36:46 +0800] "GET /xingrg/javascript/easyui/themes/default/validatebox.css HTTP/1.1" 404 1104
58.37.227.186 - - [21/Sep/2021:11:36:47 +0800] "POST /xingrg/kc/buy/cgsh_order_operate.html HTTP/1.1" 200 614
58.37.227.186 - - [21/Sep/2021:11:36:48 +0800] "GET /xingrg/kc/print/load_data.html?order_code=212021092109567&kc_code=cgsh&condition= HTTP/1.1" 200 729
58.40.7.146 - - [21/Sep/2021:11:36:48 +0800] "GET /xingrg/all/function/internal_message.html?_=1632195412384&CODE_STATE=getMsg HTTP/1.1" 302 -
58.37.227.186 - - [21/Sep/2021:11:36:51 +0800] "GET /xingrg/kc/buy/cgsh_order_add.html HTTP/1.1" 200 63488
58.37.227.186 - - [21/Sep/2021:11:36:51 +0800] "POST /xingrg/kc/buy/cgsh_order_operate.html HTTP/1.1" 200 8245
58.37.227.186 - - [21/Sep/2021:11:36:51 +0800] "GET /xingrg/javascript/easyui/themes/default/validatebox.css HTTP/1.1" 404 1104
180.152.125.3 - - [21/Sep/2021:11:36:52 +0800] "GET /xingrg/check_reg.html?_=1632195417130 HTTP/1.1" 200 22
180.152.125.3 - - [21/Sep/2021:11:36:52 +0800] "GET /xingrg/all/function/internal_message.html?_=1632195417455&CODE_STATE=getMsg HTTP/1.1" 200 27
116.237.74.154 - - [21/Sep/2021:11:36:54 +0800] "POST /xingrg/kc/buy/cgsh_order_operate.html HTTP/1.1" 200 37
116.230.105.26 - - [21/Sep/2021:11:36:57 +0800] "GET /xingrg/all/function/internal_message.html?_=1632195404567&CODE_STATE=getMsg HTTP/1.1" 200 27
116.237.74.154 - - [21/Sep/2021:11:36:58 +0800] "POST /xingrg/kc/buy/cgsh_order_operate.html HTTP/1.1" 200 12
116.237.74.154 - - [21/Sep/2021:11:36:59 +0800] "GET /xingrg/kc/buy/cgsh_order_info.html?code=212021092109568 HTTP/1.1" 200 58394
116.237.74.154 - - [21/Sep/2021:11:36:59 +0800] "GET /xingrg/javascript/easyui/themes/default/validatebox.css HTTP/1.1" 404 1104
116.237.74.154 - - [21/Sep/2021:11:36:59 +0800] "POST /xingrg/kc/buy/cgsh_order_operate.html HTTP/1.1" 200 2988
58.37.227.186 - - [21/Sep/2021:11:37:00 +0800] "GET /xingrg/kc/buy/cgsh_order_operate.html?command=get_materiel&rest_code=00141&code=00101002029&supplier_code=00100323&order_time=2021-09-21 HTTP/1.1" 200 414
117.184.7.30 - - [21/Sep/2021:11:37:01 +0800] "GET /xingrg/all/function/internal_message.html?_=1632195420725&CODE_STATE=getMsg HTTP/1.1" 200 27
116.237.74.154 - - [21/Sep/2021:11:37:01 +0800] "GET /xingrg/kc/print/load_data.html?order_code=212021092109568&kc_code=cgsh&condition= HTTP/1.1" 200 1616
114.83.219.92 - - [21/Sep/2021:11:37:02 +0800] "GET /xingrg/all/function/internal_message.html?_=1632195425407&CODE_STATE=getMsg HTTP/1.1" 200 27
114.86.224.104 - - [21/Sep/2021:11:37:02 +0800] "GET /xingrg/all/function/internal_message.html?_=1632195428714&CODE_STATE=getMsg HTTP/1.1" 200 27
222.70.179.190 - - [21/Sep/2021:11:37:04 +0800] "POST /xingrg/kc/buy/cgsh_order_operate.html HTTP/1.1" 200 37
180.152.125.3 - - [21/Sep/2021:11:37:04 +0800] "GET /xingrg/kc/buy/cgsh_order_operate.html?command=get_materiel&rest_code=00102&code=00101015061&supplier_code=00100054&order_time=2021-09-21 HTTP/1.1" 200 412
222.70.179.190 - - [21/Sep/2021:11:37:06 +0800] "POST /xingrg/kc/buy/cgsh_order_operate.html HTTP/1.1" 200 2662
116.237.74.154 - - [21/Sep/2021:11:37:07 +0800] "GET /xingrg/kc/buy/cgsh_order_add.html HTTP/1.1" 200 63482
116.237.74.154 - - [21/Sep/2021:11:37:07 +0800] "POST /xingrg/kc/buy/cgsh_order_operate.html HTTP/1.1" 200 8245
116.237.74.154 - - [21/Sep/2021:11:37:07 +0800] "GET /xingrg/javascript/easyui/themes/default/validatebox.css HTTP/1.1" 404 1104
180.152.125.3 - - [21/Sep/2021:11:37:08 +0800] "POST /xingrg/kc/buy/cgsh_order_operate.html HTTP/1.1" 200 37
180.162.111.5 - - [21/Sep/2021:11:37:08 +0800] "GET /xingrg/all/function/internal_message.html?_=1632194984345&CODE_STATE=getMsg HTTP/1.1" 200 27
58.37.227.186 - - [21/Sep/2021:11:37:09 +0800] "GET /xingrg/kc/buy/cgsh_order_operate.html?command=get_materiel&rest_code=00141&code=00101010017&supplier_code=00100323&order_time=2021-09-21 HTTP/1.1" 200 424
116.237.74.154 - - [21/Sep/2021:11:37:09 +0800] "GET /xingrg/javascript/easyui/themes/default/tree.css HTTP/1.1" 404 1090
116.237.74.154 - - [21/Sep/2021:11:37:10 +0800] "POST /xingrg/all/common/load_tree.html?tree=supplier_tree_json&isDelete=1 HTTP/1.1" 200 57803
116.238.248.233 - - [21/Sep/2021:11:37:10 +0800] "GET /xingrg/all/function/internal_message.html?_=1632195434042&CODE_STATE=getMsg HTTP/1.1" 200 27
180.152.125.3 - - [21/Sep/2021:11:37:11 +0800] "POST /xingrg/kc/buy/cgsh_order_operate.html HTTP/1.1" 200 12
180.152.125.3 - - [21/Sep/2021:11:37:11 +0800] "GET /xingrg/kc/buy/cgsh_order_info.html?code=212021092109570 HTTP/1.1" 200 58360
180.152.125.3 - - [21/Sep/2021:11:37:12 +0800] "GET /xingrg/javascript/easyui/themes/default/validatebox.css HTTP/1.1" 404 1104
180.152.125.3 - - [21/Sep/2021:11:37:13 +0800] "POST /xingrg/kc/buy/cgsh_order_operate.html HTTP/1.1" 200 1794
180.152.125.3 - - [21/Sep/2021:11:37:13 +0800] "GET /xingrg/kc/print/load_data.html?order_code=212021092109570&kc_code=cgsh&condition= HTTP/1.1" 200 1159
180.152.125.3 - - [21/Sep/2021:11:37:15 +0800] "GET /xingrg/kc/buy/cgsh_order_operate.html?command=get_materiel&rest_code=00102&code=00101015042&supplier_code=00100054&order_time=2021-09-21 HTTP/1.1" 200 408
58.37.227.186 - - [21/Sep/2021:11:37:16 +0800] "GET /xingrg/kc/buy/cgsh_order_operate.html?command=get_materiel&rest_code=00141&code=00101001035&supplier_code=00100323&order_time=2021-09-21 HTTP/1.1" 200 415
180.152.125.3 - - [21/Sep/2021:11:37:17 +0800] "GET /xingrg/kc/buy/cgsh_order_add.html HTTP/1.1" 200 63447
180.152.125.3 - - [21/Sep/2021:11:37:18 +0800] "POST /xingrg/kc/buy/cgsh_order_operate.html HTTP/1.1" 200 8245
180.152.125.3 - - [21/Sep/2021:11:37:18 +0800] "GET /xingrg/javascript/easyui/themes/default/validatebox.css HTTP/1.1" 404 1104
222.70.179.190 - - [21/Sep/2021:11:37:20 +0800] "GET /xingrg/kc/print/load_data.html?order_code=212021092109569&kc_code=cgsh&condition= HTTP/1.1" 200 667
58.39.139.200 - - [21/Sep/2021:11:37:20 +0800] "GET /xingrg/kc/buy/cgsh_order_add.html HTTP/1.1" 200 63529
58.39.139.200 - - [21/Sep/2021:11:37:20 +0800] "POST /xingrg/kc/buy/cgsh_order_operate.html HTTP/1.1" 200 8245
58.39.139.200 - - [21/Sep/2021:11:37:20 +0800] "GET /xingrg/javascript/easyui/themes/default/validatebox.css HTTP/1.1" 404 1104
180.152.125.3 - - [21/Sep/2021:11:37:22 +0800] "POST /xingrg/kc/buy/cgsh_order_operate.html HTTP/1.1" 200 37
58.37.227.186 - - [21/Sep/2021:11:37:23 +0800] "GET /xingrg/kc/buy/cgsh_order_operate.html?command=get_materiel&rest_code=00141&code=00101010197&supplier_code=00100323&order_time=2021-09-21 HTTP/1.1" 200 413
116.237.74.154 - - [21/Sep/2021:11:37:24 +0800] "GET /xingrg/all/function/internal_message.html?_=1632195447474&CODE_STATE=getMsg HTTP/1.1" 200 27
180.152.125.3 - - [21/Sep/2021:11:37:27 +0800] "GET /xingrg/kc/buy/cgsh_order_operate.html?command=get_materiel&rest_code=00102&code=00101010161&supplier_code=00100316&order_time=2021-09-21 HTTP/1.1" 200 408
116.237.74.154 - - [21/Sep/2021:11:37:27 +0800] "GET /xingrg/kc/buy/cgsh_order_operate.html?command=get_materiel&rest_code=00106&code=00101005037&supplier_code=00100334&order_time=2021-09-21 HTTP/1.1" 200 409
114.85.125.222 - - [21/Sep/2021:11:37:28 +0800] "GET /xingrg/check_reg.html?_=1632195431274 HTTP/1.1" 200 22
114.85.125.222 - - [21/Sep/2021:11:37:28 +0800] "GET /xingrg/all/function/internal_message.html?_=1632195431704&CODE_STATE=getMsg HTTP/1.1" 200 27
180.152.125.3 - - [21/Sep/2021:11:37:29 +0800] "POST /xingrg/kc/buy/cgsh_order_operate.html HTTP/1.1" 200 12
222.70.179.190 - - [21/Sep/2021:11:37:29 +0800] "GET /xingrg/all/function/internal_message.html?_=1632195451274&CODE_STATE=getMsg HTTP/1.1" 200 27
222.70.246.151 - - [21/Sep/2021:11:37:30 +0800] "GET /xingrg/check_reg.html?_=1632195459791 HTTP/1.1" 200 22
222.70.246.151 - - [21/Sep/2021:11:37:30 +0800] "GET /xingrg/all/function/internal_message.html?_=1632195459837&CODE_STATE=getMsg HTTP/1.1" 200 27
180.152.125.3 - - [21/Sep/2021:11:37:30 +0800] "GET /xingrg/kc/buy/cgsh_order_info.html?code=212021092109571 HTTP/1.1" 200 58346
180.169.147.146 - - [21/Sep/2021:11:37:31 +0800] "GET /xingrg/all/function/internal_message.html?_=1632195455931&CODE_STATE=getMsg HTTP/1.1" 200 27
180.152.125.3 - - [21/Sep/2021:11:37:32 +0800] "GET /xingrg/javascript/easyui/themes/default/validatebox.css HTTP/1.1" 404 1104
180.152.125.3 - - [21/Sep/2021:11:37:33 +0800] "POST /xingrg/kc/buy/cgsh_order_operate.html HTTP/1.1" 200 1199
180.152.125.3 - - [21/Sep/2021:11:37:35 +0800] "POST /xingrg/kc/buy/cgsh_order_operate.html HTTP/1.1" 200 37
180.152.125.3 - - [21/Sep/2021:11:37:35 +0800] "GET /xingrg/kc/print/load_data.html?order_code=212021092109571&kc_code=cgsh&condition= HTTP/1.1" 200 905
124.79.246.142 - - [21/Sep/2021:11:37:35 +0800] "GET /xingrg/all/function/internal_message.html?_=1632195562024&CODE_STATE=getMsg HTTP/1.1" 200 27
180.152.125.3 - - [21/Sep/2021:11:37:35 +0800] "GET /xingrg/all/function/internal_message.html?_=1632195438107&CODE_STATE=getMsg HTTP/1.1" 200 27
58.37.227.186 - - [21/Sep/2021:11:37:37 +0800] "GET /xingrg/kc/buy/cgsh_order_operate.html?command=get_materiel&rest_code=00141&code=00101007106&supplier_code=00100323&order_time=2021-09-21 HTTP/1.1" 200 409
58.39.139.200 - - [21/Sep/2021:11:37:37 +0800] "GET /xingrg/all/function/internal_message.html?_=1632195407658&CODE_STATE=getMsg HTTP/1.1" 200 27
222.69.131.205 - - [21/Sep/2021:11:37:37 +0800] "GET /xingrg/all/function/internal_message.html?_=1632195462989&CODE_STATE=getMsg HTTP/1.1" 200 27
116.237.74.154 - - [21/Sep/2021:11:37:39 +0800] "POST /xingrg/kc/buy/cgsh_order_operate.html HTTP/1.1" 200 37
180.152.125.3 - - [21/Sep/2021:11:37:40 +0800] "POST /xingrg/kc/buy/cgsh_order_operate.html HTTP/1.1" 200 12
58.39.139.200 - - [21/Sep/2021:11:37:40 +0800] "GET /xingrg/check_reg.html?_=1632195465369 HTTP/1.1" 200 22
58.39.139.200 - - [21/Sep/2021:11:37:40 +0800] "GET /xingrg/all/function/internal_message.html?_=1632195465372&CODE_STATE=getMsg HTTP/1.1" 200 27
180.152.125.3 - - [21/Sep/2021:11:37:40 +0800] "GET /xingrg/kc/buy/cgsh_order_info.html?code=212021092109572 HTTP/1.1" 200 58360
