222.70.179.190 - - [20/Sep/2021:08:58:18 +0800] "GET /xingrg/kc/buy/buy_main.html HTTP/1.1" 200 12412
222.70.179.190 - - [20/Sep/2021:08:58:18 +0800] "GET /xingrg/css/new_ie.css HTTP/1.1" 404 1036
222.70.179.190 - - [20/Sep/2021:08:58:19 +0800] "GET /xingrg/images/yd/bt.gif HTTP/1.1" 404 1040
222.70.179.190 - - [20/Sep/2021:08:58:19 +0800] "GET /xingrg/kc/buy/cgsh_order_list.html HTTP/1.1" 200 47744
222.70.179.190 - - [20/Sep/2021:08:58:20 +0800] "POST /xingrg/kc/buy/cgsh_list_operate.html HTTP/1.1" 200 876
222.70.179.190 - - [20/Sep/2021:08:58:22 +0800] "GET /xingrg/kc/base/wldb_order_list.html HTTP/1.1" 200 19224
222.70.179.190 - - [20/Sep/2021:08:58:22 +0800] "POST /xingrg/kc/base/wldb_list_operate.html HTTP/1.1" 200 928
116.230.105.26 - - [20/Sep/2021:08:58:25 +0800] "GET /xingrg/kc/buy/cgsh_order_operate.html?command=get_materiel&rest_code=00155&code=00101006109&supplier_code=00100012&order_time=2021-09-20 HTTP/1.1" 200 409
58.39.139.200 - - [20/Sep/2021:08:58:28 +0800] "POST /xingrg/login.do HTTP/1.1" 200 2421
58.39.139.200 - - [20/Sep/2021:08:58:28 +0800] "GET /xingrg/css/blue.css HTTP/1.1" 304 -
58.39.139.200 - - [20/Sep/2021:08:58:28 +0800] "GET /xingrg/javascript/myfunction.js HTTP/1.1" 304 -
58.39.139.200 - - [20/Sep/2021:08:58:28 +0800] "GET /xingrg/images/blue/pic_notice.jpg HTTP/1.1" 304 -
58.39.139.200 - - [20/Sep/2021:08:58:28 +0800] "GET /xingrg/images/blue/pic_top.gif HTTP/1.1" 304 -
58.39.139.200 - - [20/Sep/2021:08:58:28 +0800] "GET /xingrg/images/blue/error_buttom.gif HTTP/1.1" 304 -
58.39.139.200 - - [20/Sep/2021:08:58:28 +0800] "GET /xingrg/images/blue/error_mid.gif HTTP/1.1" 304 -
58.39.139.200 - - [20/Sep/2021:08:58:28 +0800] "GET /xingrg/images/blue/error_top.gif HTTP/1.1" 304 -
58.39.139.200 - - [20/Sep/2021:08:58:28 +0800] "GET /favicon.ico HTTP/1.1" 404 -
58.39.139.200 - - [20/Sep/2021:08:58:29 +0800] "GET /xingrg/login.html HTTP/1.1" 200 7641
58.39.139.200 - - [20/Sep/2021:08:58:29 +0800] "GET /favicon.ico HTTP/1.1" 404 -
58.39.139.200 - - [20/Sep/2021:08:58:30 +0800] "POST /xingrg/login.do HTTP/1.1" 302 -
58.39.139.200 - - [20/Sep/2021:08:58:30 +0800] "GET /xingrg/index.html?sysBaseUrl=http%3A%2F%2F180.169.147.146%3A18081%2Fxingrg%2F&costTime=42×tamp=1632099510039 HTTP/1.1" 200 17173
58.39.139.200 - - [20/Sep/2021:08:58:30 +0800] "GET /xingrg/javascript/jquery_easy_ui/themes/icon.css HTTP/1.1" 304 -
58.39.139.200 - - [20/Sep/2021:08:58:30 +0800] "GET /xingrg/javascript/jquery_easy_ui/themes/default/easyui.css HTTP/1.1" 304 -
58.39.139.200 - - [20/Sep/2021:08:58:30 +0800] "GET /xingrg/css/form.css HTTP/1.1" 304 -
58.39.139.200 - - [20/Sep/2021:08:58:30 +0800] "GET /xingrg/javascript/jquery.timers.js HTTP/1.1" 304 -
58.39.139.200 - - [20/Sep/2021:08:58:30 +0800] "GET /xingrg/javascript/jquery_easy_ui/easyui-lang-zh_CN.js HTTP/1.1" 304 -
58.39.139.200 - - [20/Sep/2021:08:58:30 +0800] "GET /xingrg/javascript/jquery_easy_ui/jquery.easyui.min.js HTTP/1.1" 304 -
58.39.139.200 - - [20/Sep/2021:08:58:30 +0800] "GET /xingrg/javascript/jquery-1.4.2.min.js HTTP/1.1" 304 -
58.39.139.200 - - [20/Sep/2021:08:58:30 +0800] "GET /xingrg/javascript/jquery.form.js HTTP/1.1" 304 -
58.39.139.200 - - [20/Sep/2021:08:58:30 +0800] "GET /xingrg/javascript/jquery.utils.js HTTP/1.1" 304 -
58.39.139.200 - - [20/Sep/2021:08:58:30 +0800] "GET /favicon.ico HTTP/1.1" 404 -
58.39.139.200 - - [20/Sep/2021:08:58:30 +0800] "GET /xingrg/javascript/jquery_easy_ui/themes/icons/settle_new.png HTTP/1.1" 304 -
58.39.139.200 - - [20/Sep/2021:08:58:30 +0800] "GET /xingrg/images/blue/navBackgound.jpg HTTP/1.1" 304 -
58.39.139.200 - - [20/Sep/2021:08:58:30 +0800] "POST /xingrg/all/common/load_tree.html?tree=area_rest_tree_json&manage=1 HTTP/1.1" 200 3472
58.39.139.200 - - [20/Sep/2021:08:58:30 +0800] "GET /xingrg/all/function/internal_message.html?_=1632099509671&CODE_STATE=count HTTP/1.1" 200 11
58.39.139.200 - - [20/Sep/2021:08:58:30 +0800] "GET /xingrg/images/blue/pingpu.png HTTP/1.1" 304 -
58.39.139.200 - - [20/Sep/2021:08:58:30 +0800] "GET /xingrg/check_reg.html?_=1632099509671 HTTP/1.1" 200 22
58.39.139.200 - - [20/Sep/2021:08:58:30 +0800] "GET /xingrg/javascript/jquery_easy_ui/themes/default/images/panel_tool_collapse.gif HTTP/1.1" 304 -
58.39.139.200 - - [20/Sep/2021:08:58:30 +0800] "GET /xingrg/javascript/jquery_easy_ui/themes/default/images/tabs_rightarrow.png HTTP/1.1" 304 -
58.39.139.200 - - [20/Sep/2021:08:58:30 +0800] "GET /xingrg/javascript/jquery_easy_ui/themes/default/images/tabs_leftarrow.png HTTP/1.1" 304 -
58.39.139.200 - - [20/Sep/2021:08:58:30 +0800] "GET /xingrg/javascript/jquery_easy_ui/themes/default/images/tree_arrows.gif HTTP/1.1" 304 -
58.39.139.200 - - [20/Sep/2021:08:58:30 +0800] "POST /xingrg/load_menu.html HTTP/1.1" 200 5138
58.39.139.200 - - [20/Sep/2021:08:58:30 +0800] "GET /xingrg/javascript/jquery_easy_ui/themes/default/images/tree_folder_open.gif HTTP/1.1" 304 -
58.39.139.200 - - [20/Sep/2021:08:58:30 +0800] "GET /xingrg/javascript/jquery_easy_ui/themes/icons/search_new.png HTTP/1.1" 304 -
58.39.139.200 - - [20/Sep/2021:08:58:30 +0800] "GET /xingrg/javascript/jquery_easy_ui/themes/default/images/tree_file.gif HTTP/1.1" 304 -
58.39.139.200 - - [20/Sep/2021:08:58:30 +0800] "GET /xingrg/javascript/jquery_easy_ui/themes/default/images/tree_folder.gif HTTP/1.1" 304 -
58.39.139.200 - - [20/Sep/2021:08:58:30 +0800] "GET /xingrg/javascript/jquery_easy_ui/themes/icons/storage_new.png HTTP/1.1" 304 -
58.39.139.200 - - [20/Sep/2021:08:58:30 +0800] "GET /xingrg/javascript/jquery_easy_ui/themes/icons/forms_new.png HTTP/1.1" 304 -
222.70.246.151 - - [20/Sep/2021:08:58:31 +0800] "GET /xingrg/check_reg.html?_=1632099510760 HTTP/1.1" 200 22
58.40.7.146 - - [20/Sep/2021:08:58:31 +0800] "GET /xingrg/all/function/internal_message.html?_=1632099509727&CODE_STATE=getMsg HTTP/1.1" 200 27
116.230.105.26 - - [20/Sep/2021:08:58:32 +0800] "GET /xingrg/kc/buy/cgsh_order_operate.html?command=get_materiel&rest_code=00155&code=00101006229&supplier_code=00100012&order_time=2021-09-20 HTTP/1.1" 200 412
58.39.139.200 - - [20/Sep/2021:08:58:32 +0800] "GET /xingrg/javascript/jquery_easy_ui/themes/default/images/tabs_close.gif HTTP/1.1" 304 -
58.39.139.200 - - [20/Sep/2021:08:58:32 +0800] "GET /xingrg/css/base.css HTTP/1.1" 304 -
58.39.139.200 - - [20/Sep/2021:08:58:32 +0800] "GET /xingrg/css/site.css HTTP/1.1" 304 -
58.39.139.200 - - [20/Sep/2021:08:58:32 +0800] "GET /xingrg/javascript/jquery_tools/datebox.css HTTP/1.1" 304 -
58.39.139.200 - - [20/Sep/2021:08:58:32 +0800] "GET /xingrg/javascript/easyui/themes/default/easyui.css HTTP/1.1" 304 -
58.39.139.200 - - [20/Sep/2021:08:58:32 +0800] "GET /xingrg/javascript/easyui/themes/icon.css HTTP/1.1" 304 -
58.39.139.200 - - [20/Sep/2021:08:58:32 +0800] "GET /xingrg/javascript/jquery_tools/fix.css HTTP/1.1" 304 -
58.39.139.200 - - [20/Sep/2021:08:58:32 +0800] "GET /xingrg/javascript/auto/jquery.autocomplete.css HTTP/1.1" 304 -
58.39.139.200 - - [20/Sep/2021:08:58:32 +0800] "GET /xingrg/javascript/jquery_tools/table.css HTTP/1.1" 304 -
58.39.139.200 - - [20/Sep/2021:08:58:32 +0800] "GET /xingrg/javascript/jquery_tools/jquery.tools.extend.js HTTP/1.1" 304 -
58.39.139.200 - - [20/Sep/2021:08:58:32 +0800] "GET /xingrg/javascript/jquery_tools/jquery.tools.hotkey.js HTTP/1.1" 304 -
58.39.139.200 - - [20/Sep/2021:08:58:32 +0800] "GET /xingrg/javascript/jquery_tools/list_manager.js HTTP/1.1" 304 -
58.39.139.200 - - [20/Sep/2021:08:58:32 +0800] "GET /xingrg/javascript/jquery_tools/jquery.tools.table.js HTTP/1.1" 304 -
58.39.139.200 - - [20/Sep/2021:08:58:32 +0800] "GET /xingrg/javascript/easyui/easyloader.js HTTP/1.1" 304 -
58.39.139.200 - - [20/Sep/2021:08:58:32 +0800] "GET /xingrg/javascript/jquery.cookie.js HTTP/1.1" 304 -
58.39.139.200 - - [20/Sep/2021:08:58:32 +0800] "GET /xingrg/javascript/auto/jquery.autocomplete.js HTTP/1.1" 304 -
58.39.139.200 - - [20/Sep/2021:08:58:32 +0800] "GET /xingrg/javascript/jquery_tools/jquery.tools.min.js HTTP/1.1" 304 -
58.39.139.200 - - [20/Sep/2021:08:58:32 +0800] "GET /xingrg/javascript/print/LodopFuncs.js HTTP/1.1" 304 -
58.39.139.200 - - [20/Sep/2021:08:58:32 +0800] "GET /xingrg/kc/buy/cgsh_order_list.html HTTP/1.1" 200 47744
58.39.139.200 - - [20/Sep/2021:08:58:32 +0800] "GET /xingrg/javascript/easyui/plugins/jquery.parser.js HTTP/1.1" 304 -
58.39.139.200 - - [20/Sep/2021:08:58:32 +0800] "GET /xingrg/images/control/ajaxLoader.gif HTTP/1.1" 304 -
58.39.139.200 - - [20/Sep/2021:08:58:32 +0800] "GET /xingrg/javascript/easyui/themes/icons/check_new.png HTTP/1.1" 304 -
58.39.139.200 - - [20/Sep/2021:08:58:32 +0800] "GET /xingrg/javascript/easyui/themes/icons/edit_add_new.png HTTP/1.1" 304 -
58.39.139.200 - - [20/Sep/2021:08:58:32 +0800] "GET /xingrg/javascript/easyui/themes/icons/cance_new.png HTTP/1.1" 304 -
58.39.139.200 - - [20/Sep/2021:08:58:32 +0800] "GET /xingrg/javascript/easyui/themes/icons/import_new.png HTTP/1.1" 304 -
58.39.139.200 - - [20/Sep/2021:08:58:32 +0800] "GET /xingrg/javascript/easyui/themes/icons/field_new.png HTTP/1.1" 304 -
222.70.246.151 - - [20/Sep/2021:08:58:32 +0800] "GET /xingrg/all/function/internal_message.html?_=1632099512483&CODE_STATE=getMsg HTTP/1.1" 200 27
58.39.139.200 - - [20/Sep/2021:08:58:33 +0800] "POST /xingrg/kc/buy/cgsh_list_operate.html HTTP/1.1" 200 876
58.39.139.200 - - [20/Sep/2021:08:58:33 +0800] "GET /xingrg/javascript/easyui/themes/default/images/button_plain_hover.png HTTP/1.1" 304 -
58.39.139.200 - - [20/Sep/2021:08:58:34 +0800] "GET /xingrg/javascript/pic_change.js HTTP/1.1" 304 -
58.39.139.200 - - [20/Sep/2021:08:58:34 +0800] "GET /xingrg/javascript/jquery_tools/order_manager.js HTTP/1.1" 304 -
58.39.139.200 - - [20/Sep/2021:08:58:34 +0800] "GET /xingrg/javascript/convert.js HTTP/1.1" 304 -
58.39.139.200 - - [20/Sep/2021:08:58:34 +0800] "GET /xingrg/javascript/json2.js HTTP/1.1" 304 -
58.39.139.200 - - [20/Sep/2021:08:58:34 +0800] "GET /xingrg/javascript/print/kc_print.js HTTP/1.1" 304 -
58.39.139.200 - - [20/Sep/2021:08:58:34 +0800] "GET /xingrg/kc/buy/cgsh_order_add.html HTTP/1.1" 200 63529
58.39.139.200 - - [20/Sep/2021:08:58:34 +0800] "GET /xingrg/words/20210919144940_words.js HTTP/1.1" 200 847539
58.39.139.200 - - [20/Sep/2021:08:58:34 +0800] "GET /xingrg/javascript/easyui/themes/icons/template_new.png HTTP/1.1" 304 -
58.39.139.200 - - [20/Sep/2021:08:58:34 +0800] "GET /xingrg/javascript/easyui/themes/icons/copy_new.png HTTP/1.1" 304 -
58.39.139.200 - - [20/Sep/2021:08:58:34 +0800] "GET /xingrg/javascript/easyui/themes/icons/print.png HTTP/1.1" 304 -
58.39.139.200 - - [20/Sep/2021:08:58:34 +0800] "GET /xingrg/javascript/easyui/themes/icons/ok.png HTTP/1.1" 304 -
58.39.139.200 - - [20/Sep/2021:08:58:34 +0800] "GET /xingrg/javascript/easyui/themes/icons/cancel.png HTTP/1.1" 304 -
58.39.139.200 - - [20/Sep/2021:08:58:34 +0800] "GET /xingrg/javascript/easyui/themes/default/images/menu_downarrow.png HTTP/1.1" 304 -
58.39.139.200 - - [20/Sep/2021:08:58:34 +0800] "POST /xingrg/kc/buy/cgsh_order_operate.html HTTP/1.1" 200 8245
58.39.139.200 - - [20/Sep/2021:08:58:35 +0800] "GET /xingrg/all/common/auto_word.html?type=employee&rest_code=00105 HTTP/1.1" 200 193
58.39.139.200 - - [20/Sep/2021:08:58:35 +0800] "GET /xingrg/all/common/auto_word.html?type=employee&rest_code=00105 HTTP/1.1" 200 193
58.39.139.200 - - [20/Sep/2021:08:58:35 +0800] "GET /xingrg/javascript/easyui/themes/default/validatebox.css HTTP/1.1" 404 1104
58.39.139.200 - - [20/Sep/2021:08:58:35 +0800] "GET /xingrg/javascript/easyui/plugins/jquery.validatebox.js HTTP/1.1" 304 -
58.39.139.200 - - [20/Sep/2021:08:58:35 +0800] "GET /xingrg/javascript/easyui/plugins/jquery.numberbox.js HTTP/1.1" 304 -
58.39.139.200 - - [20/Sep/2021:08:58:35 +0800] "GET /xingrg/javascript/easyui/themes/icons/edit_remove.png HTTP/1.1" 304 -
116.238.248.233 - - [20/Sep/2021:08:58:35 +0800] "GET /xingrg/all/function/internal_message.html?_=1632099513191&CODE_STATE=getMsg HTTP/1.1" 200 27
58.39.139.200 - - [20/Sep/2021:08:58:36 +0800] "GET /xingrg/javascript/auto/indicator.gif HTTP/1.1" 404 1066
114.85.125.222 - - [20/Sep/2021:08:58:36 +0800] "GET /xingrg/all/function/internal_message.html?_=1632099495535&CODE_STATE=getMsg HTTP/1.1" 200 27
180.169.147.146 - - [20/Sep/2021:08:58:37 +0800] "GET /xingrg/all/function/internal_message.html?_=1632099515413&CODE_STATE=getMsg HTTP/1.1" 200 27
116.230.105.26 - - [20/Sep/2021:08:58:39 +0800] "POST /xingrg/kc/buy/cgsh_order_operate.html HTTP/1.1" 200 37
116.230.105.26 - - [20/Sep/2021:08:58:40 +0800] "POST /xingrg/kc/buy/cgsh_order_operate.html HTTP/1.1" 200 5026
114.83.218.170 - - [20/Sep/2021:08:58:40 +0800] "GET /xingrg/kc/buy/cgsh_order_operate.html?command=get_materiel&rest_code=00149&code=00101015040&supplier_code=00100005&order_time=2021-09-20 HTTP/1.1" 200 408
116.230.105.26 - - [20/Sep/2021:08:58:41 +0800] "GET /xingrg/kc/print/load_data.html?order_code=212021092008768&kc_code=cgsh&condition= HTTP/1.1" 200 1680
116.230.105.26 - - [20/Sep/2021:08:58:44 +0800] "GET /xingrg/kc/print/load_data.html?order_code=212021092008768&kc_code=cgsh HTTP/1.1" 200 1680
114.83.218.170 - - [20/Sep/2021:08:58:45 +0800] "GET /xingrg/all/function/internal_message.html?_=1632099524323&CODE_STATE=getMsg HTTP/1.1" 200 27
58.39.139.200 - - [20/Sep/2021:08:58:55 +0800] "GET /xingrg/kc/buy/cgsh_order_operate.html?command=get_materiel&rest_code=00105&code=00101016122&supplier_code=00100203&order_time=2021-09-20 HTTP/1.1" 200 395
116.230.105.26 - - [20/Sep/2021:08:58:56 +0800] "GET /xingrg/check_reg.html?_=1632099515681 HTTP/1.1" 200 22
116.230.105.26 - - [20/Sep/2021:08:58:56 +0800] "GET /xingrg/all/function/internal_message.html?_=1632099515685&CODE_STATE=getMsg HTTP/1.1" 200 27
114.83.218.170 - - [20/Sep/2021:08:59:00 +0800] "GET /xingrg/kc/buy/cgsh_order_operate.html?command=get_materiel&rest_code=00149&code=00101015026&supplier_code=00100005&order_time=2021-09-20 HTTP/1.1" 200 412
58.39.139.200 - - [20/Sep/2021:08:59:05 +0800] "GET /xingrg/kc/buy/cgsh_order_operate.html?command=get_materiel&rest_code=00105&code=00101008256&supplier_code=00100203&order_time=2021-09-20 HTTP/1.1" 200 413
114.83.218.170 - - [20/Sep/2021:08:59:14 +0800] "GET /xingrg/kc/buy/cgsh_order_operate.html?command=get_materiel&rest_code=00149&code=00101008150&supplier_code=00100005&order_time=2021-09-20 HTTP/1.1" 200 409
58.39.139.200 - - [20/Sep/2021:08:59:15 +0800] "GET /xingrg/kc/buy/cgsh_order_operate.html?command=get_materiel&rest_code=00105&code=00101008044&supplier_code=00100203&order_time=2021-09-20 HTTP/1.1" 200 408
58.39.139.200 - - [20/Sep/2021:08:59:25 +0800] "GET /xingrg/kc/buy/cgsh_order_operate.html?command=get_materiel&rest_code=00105&code=00101008045&supplier_code=00100203&order_time=2021-09-20 HTTP/1.1" 200 412
58.39.139.200 - - [20/Sep/2021:08:59:30 +0800] "GET /xingrg/all/function/internal_message.html?_=1632099569683&CODE_STATE=getMsg HTTP/1.1" 200 27
58.40.7.146 - - [20/Sep/2021:08:59:31 +0800] "GET /xingrg/all/function/internal_message.html?_=1632099569730&CODE_STATE=getMsg HTTP/1.1" 200 27
58.39.139.200 - - [20/Sep/2021:08:59:32 +0800] "GET /xingrg/kc/buy/cgsh_order_operate.html?command=get_materiel&rest_code=00105&code=00101008257&supplier_code=00100203&order_time=2021-09-20 HTTP/1.1" 200 416
222.70.246.151 - - [20/Sep/2021:08:59:32 +0800] "GET /xingrg/all/function/internal_message.html?_=1632099572496&CODE_STATE=getMsg HTTP/1.1" 200 27
116.238.248.233 - - [20/Sep/2021:08:59:35 +0800] "GET /xingrg/check_reg.html?_=1632099573191 HTTP/1.1" 200 22
116.238.248.233 - - [20/Sep/2021:08:59:35 +0800] "GET /xingrg/all/function/internal_message.html?_=1632099573195&CODE_STATE=getMsg HTTP/1.1" 200 27
114.85.125.222 - - [20/Sep/2021:08:59:36 +0800] "GET /xingrg/all/function/internal_message.html?_=1632099555549&CODE_STATE=getMsg HTTP/1.1" 200 27
180.169.147.146 - - [20/Sep/2021:08:59:37 +0800] "GET /xingrg/all/function/internal_message.html?_=1632099575414&CODE_STATE=getMsg HTTP/1.1" 200 27
58.39.139.200 - - [20/Sep/2021:08:59:40 +0800] "GET /xingrg/kc/buy/cgsh_order_operate.html?command=get_materiel&rest_code=00105&code=00101008155&supplier_code=00100203&order_time=2021-09-20 HTTP/1.1" 200 408
116.233.75.58 - - [20/Sep/2021:08:59:41 +0800] "POST /xingrg/services/DataTransmitService HTTP/1.1" 200 524
116.233.75.58 - - [20/Sep/2021:08:59:41 +0800] "POST /xingrg/services/DataTransmitService HTTP/1.1" 200 501
114.83.218.170 - - [20/Sep/2021:08:59:45 +0800] "GET /xingrg/all/function/internal_message.html?_=1632099584312&CODE_STATE=getMsg HTTP/1.1" 200 27
58.39.139.200 - - [20/Sep/2021:08:59:52 +0800] "GET /xingrg/kc/buy/cgsh_order_operate.html?command=get_materiel&rest_code=00105&code=00101008350&supplier_code=00100203&order_time=2021-09-20 HTTP/1.1" 200 408
116.230.105.26 - - [20/Sep/2021:08:59:56 +0800] "GET /xingrg/all/function/internal_message.html?_=1632099575695&CODE_STATE=getMsg HTTP/1.1" 200 27
58.39.139.200 - - [20/Sep/2021:09:00:03 +0800] "GET /xingrg/kc/buy/cgsh_order_operate.html?command=get_materiel&rest_code=00105&code=00101008354&supplier_code=00100203&order_time=2021-09-20 HTTP/1.1" 200 412
114.83.218.170 - - [20/Sep/2021:09:00:10 +0800] "POST /xingrg/kc/buy/cgsh_order_operate.html HTTP/1.1" 200 37
58.39.139.200 - - [20/Sep/2021:09:00:11 +0800] "GET /xingrg/kc/buy/cgsh_order_operate.html?command=get_materiel&rest_code=00105&code=00101008312&supplier_code=00100203&order_time=2021-09-20 HTTP/1.1" 200 412
114.83.218.170 - - [20/Sep/2021:09:00:13 +0800] "POST /xingrg/kc/buy/cgsh_order_operate.html HTTP/1.1" 200 12
58.39.139.200 - - [20/Sep/2021:09:00:17 +0800] "GET /xingrg/kc/buy/cgsh_order_operate.html?command=get_materiel&rest_code=00105&code=00101008010&supplier_code=00100203&order_time=2021-09-20 HTTP/1.1" 200 412
58.39.139.200 - - [20/Sep/2021:09:00:27 +0800] "GET /xingrg/kc/buy/cgsh_order_operate.html?command=get_materiel&rest_code=00105&code=00101008088&supplier_code=00100203&order_time=2021-09-20 HTTP/1.1" 200 408
114.83.218.170 - - [20/Sep/2021:09:00:27 +0800] "GET /xingrg/kc/buy/cgsh_order_info.html?code=212021092008769 HTTP/1.1" 200 58444
114.83.218.170 - - [20/Sep/2021:09:00:28 +0800] "GET /xingrg/javascript/easyui/themes/default/validatebox.css HTTP/1.1" 404 1104
114.83.218.170 - - [20/Sep/2021:09:00:28 +0800] "POST /xingrg/kc/buy/cgsh_order_operate.html HTTP/1.1" 200 46741
58.39.139.200 - - [20/Sep/2021:09:00:30 +0800] "GET /xingrg/all/function/internal_message.html?_=1632099629672&CODE_STATE=getMsg HTTP/1.1" 200 27
114.83.218.170 - - [20/Sep/2021:09:00:30 +0800] "GET /xingrg/kc/print/load_config.html?kc_code=cgsh HTTP/1.1" 200 2076
114.83.218.170 - - [20/Sep/2021:09:00:30 +0800] "GET /xingrg/kc/print/load_data.html?order_code=212021092008769&kc_code=cgsh&condition= HTTP/1.1" 200 18190
58.40.7.146 - - [20/Sep/2021:09:00:31 +0800] "GET /xingrg/all/function/internal_message.html?_=1632099629732&CODE_STATE=getMsg HTTP/1.1" 200 27
222.70.246.151 - - [20/Sep/2021:09:00:32 +0800] "GET /xingrg/all/function/internal_message.html?_=1632099632509&CODE_STATE=getMsg HTTP/1.1" 200 27
116.238.248.233 - - [20/Sep/2021:09:00:35 +0800] "GET /xingrg/all/function/internal_message.html?_=1632099633200&CODE_STATE=getMsg HTTP/1.1" 200 27
114.85.125.222 - - [20/Sep/2021:09:00:36 +0800] "GET /xingrg/all/function/internal_message.html?_=1632099615563&CODE_STATE=getMsg HTTP/1.1" 200 27
58.39.139.200 - - [20/Sep/2021:09:00:36 +0800] "GET /xingrg/kc/buy/cgsh_order_operate.html?command=get_materiel&rest_code=00105&code=00101008163&supplier_code=00100203&order_time=2021-09-20 HTTP/1.1" 200 409
180.169.147.146 - - [20/Sep/2021:09:00:37 +0800] "GET /xingrg/check_reg.html?_=1632099635411 HTTP/1.1" 200 22
180.169.147.146 - - [20/Sep/2021:09:00:37 +0800] "GET /xingrg/all/function/internal_message.html?_=1632099635412&CODE_STATE=getMsg HTTP/1.1" 200 27
114.83.218.170 - - [20/Sep/2021:09:00:37 +0800] "GET /xingrg/kc/buy/cgsh_order_add.html HTTP/1.1" 200 63535
114.83.218.170 - - [20/Sep/2021:09:00:37 +0800] "POST /xingrg/kc/buy/cgsh_order_operate.html HTTP/1.1" 200 8245
114.83.218.170 - - [20/Sep/2021:09:00:37 +0800] "GET /xingrg/javascript/easyui/themes/default/validatebox.css HTTP/1.1" 404 1104
114.83.218.170 - - [20/Sep/2021:09:00:45 +0800] "GET /xingrg/all/function/internal_message.html?_=1632099644317&CODE_STATE=getMsg HTTP/1.1" 200 27
116.230.105.26 - - [20/Sep/2021:09:00:56 +0800] "GET /xingrg/all/function/internal_message.html?_=1632099635685&CODE_STATE=getMsg HTTP/1.1" 200 27
58.39.139.200 - - [20/Sep/2021:09:00:58 +0800] "GET /xingrg/kc/buy/cgsh_order_operate.html?command=get_materiel&rest_code=00105&code=00101008361&supplier_code=00100203&order_time=2021-09-20 HTTP/1.1" 200 408
58.39.139.200 - - [20/Sep/2021:09:01:04 +0800] "GET /xingrg/kc/buy/cgsh_order_operate.html?command=get_materiel&rest_code=00105&code=00101008148&supplier_code=00100203&order_time=2021-09-20 HTTP/1.1" 200 416
58.39.139.200 - - [20/Sep/2021:09:01:22 +0800] "POST /xingrg/kc/buy/cgsh_order_operate.html HTTP/1.1" 200 2065
58.39.139.200 - - [20/Sep/2021:09:01:24 +0800] "POST /xingrg/kc/buy/cgsh_order_operate.html HTTP/1.1" 200 2065
58.39.139.200 - - [20/Sep/2021:09:01:30 +0800] "GET /xingrg/all/function/internal_message.html?_=1632099689684&CODE_STATE=getMsg HTTP/1.1" 200 27
58.40.7.146 - - [20/Sep/2021:09:01:31 +0800] "GET /xingrg/check_reg.html?_=1632099689735 HTTP/1.1" 200 22
58.40.7.146 - - [20/Sep/2021:09:01:31 +0800] "GET /xingrg/all/function/internal_message.html?_=1632099689736&CODE_STATE=getMsg HTTP/1.1" 200 27
58.39.139.200 - - [20/Sep/2021:09:01:32 +0800] "GET /xingrg/kc/buy/cgsh_order_operate.html?command=get_materiel&rest_code=00105&code=00101008067&supplier_code=00100203&order_time=2021-09-20 HTTP/1.1" 200 416
222.70.246.151 - - [20/Sep/2021:09:01:33 +0800] "GET /xingrg/all/function/internal_message.html?_=1632099692718&CODE_STATE=getMsg HTTP/1.1" 200 27
116.238.248.233 - - [20/Sep/2021:09:01:35 +0800] "GET /xingrg/all/function/internal_message.html?_=1632099693201&CODE_STATE=getMsg HTTP/1.1" 200 27
114.85.125.222 - - [20/Sep/2021:09:01:36 +0800] "GET /xingrg/all/function/internal_message.html?_=1632099675592&CODE_STATE=getMsg HTTP/1.1" 200 27
180.169.147.146 - - [20/Sep/2021:09:01:37 +0800] "GET /xingrg/all/function/internal_message.html?_=1632099695420&CODE_STATE=getMsg HTTP/1.1" 200 27
58.39.139.200 - - [20/Sep/2021:09:01:39 +0800] "GET /xingrg/kc/buy/cgsh_order_operate.html?command=get_materiel&rest_code=00105&code=00101008264&supplier_code=00100203&order_time=2021-09-20 HTTP/1.1" 200 412
114.83.218.170 - - [20/Sep/2021:09:01:46 +0800] "GET /xingrg/all/function/internal_message.html?_=1632099704412&CODE_STATE=getMsg HTTP/1.1" 200 27
58.39.139.200 - - [20/Sep/2021:09:01:46 +0800] "GET /xingrg/kc/buy/cgsh_order_operate.html?command=get_materiel&rest_code=00105&code=00101008356&supplier_code=00100203&order_time=2021-09-20 HTTP/1.1" 200 408
58.39.139.200 - - [20/Sep/2021:09:01:55 +0800] "GET /xingrg/kc/buy/cgsh_order_operate.html?command=get_materiel&rest_code=00105&code=00101008196&supplier_code=00100203&order_time=2021-09-20 HTTP/1.1" 200 416
116.230.105.26 - - [20/Sep/2021:09:01:56 +0800] "GET /xingrg/all/function/internal_message.html?_=1632099695698&CODE_STATE=getMsg HTTP/1.1" 200 27
58.39.139.200 - - [20/Sep/2021:09:02:04 +0800] "GET /xingrg/kc/buy/cgsh_order_operate.html?command=get_materiel&rest_code=00105&code=00101008230&supplier_code=00100203&order_time=2021-09-20 HTTP/1.1" 200 408
58.39.139.200 - - [20/Sep/2021:09:02:16 +0800] "GET /xingrg/kc/buy/cgsh_order_operate.html?command=get_materiel&rest_code=00105&code=00101008069&supplier_code=00100203&order_time=2021-09-20 HTTP/1.1" 200 412
114.83.218.170 - - [20/Sep/2021:09:02:23 +0800] "GET /xingrg/kc/buy/cgsh_order_operate.html?command=get_materiel&rest_code=00149&code=00101011003&supplier_code=00100051&order_time=2021-09-20 HTTP/1.1" 200 413
58.39.139.200 - - [20/Sep/2021:09:02:25 +0800] "GET /xingrg/kc/buy/cgsh_order_operate.html?command=get_materiel&rest_code=00105&code=00101008036&supplier_code=00100203&order_time=2021-09-20 HTTP/1.1" 200 427
58.39.139.200 - - [20/Sep/2021:09:02:30 +0800] "GET /xingrg/all/function/internal_message.html?_=1632099749742&CODE_STATE=getMsg HTTP/1.1" 200 27
114.83.218.170 - - [20/Sep/2021:09:02:31 +0800] "POST /xingrg/kc/buy/cgsh_order_operate.html HTTP/1.1" 200 37
58.40.7.146 - - [20/Sep/2021:09:02:31 +0800] "GET /xingrg/all/function/internal_message.html?_=1632099749737&CODE_STATE=getMsg HTTP/1.1" 200 27
222.70.246.151 - - [20/Sep/2021:09:02:33 +0800] "GET /xingrg/all/function/internal_message.html?_=1632099752725&CODE_STATE=getMsg HTTP/1.1" 200 27
58.39.139.200 - - [20/Sep/2021:09:02:33 +0800] "GET /xingrg/kc/buy/cgsh_order_operate.html?command=get_materiel&rest_code=00105&code=00101008131&supplier_code=00100203&order_time=2021-09-20 HTTP/1.1" 200 408
114.83.218.170 - - [20/Sep/2021:09:02:35 +0800] "POST /xingrg/kc/buy/cgsh_order_operate.html HTTP/1.1" 200 12
116.238.248.233 - - [20/Sep/2021:09:02:35 +0800] "GET /xingrg/all/function/internal_message.html?_=1632099753202&CODE_STATE=getMsg HTTP/1.1" 200 27
114.83.218.170 - - [20/Sep/2021:09:02:36 +0800] "GET /xingrg/kc/buy/cgsh_order_info.html?code=212021092008770 HTTP/1.1" 200 58444
114.83.218.170 - - [20/Sep/2021:09:02:36 +0800] "GET /xingrg/javascript/easyui/themes/default/validatebox.css HTTP/1.1" 404 1104
114.85.125.222 - - [20/Sep/2021:09:02:36 +0800] "GET /xingrg/all/function/internal_message.html?_=1632099735605&CODE_STATE=getMsg HTTP/1.1" 200 27
114.83.218.170 - - [20/Sep/2021:09:02:36 +0800] "POST /xingrg/kc/buy/cgsh_order_operate.html HTTP/1.1" 200 606
180.169.147.146 - - [20/Sep/2021:09:02:37 +0800] "GET /xingrg/all/function/internal_message.html?_=1632099755422&CODE_STATE=getMsg HTTP/1.1" 200 27
114.83.218.170 - - [20/Sep/2021:09:02:37 +0800] "GET /xingrg/kc/print/load_data.html?order_code=212021092008770&kc_code=cgsh&condition= HTTP/1.1" 200 717
116.233.75.58 - - [20/Sep/2021:09:02:39 +0800] "GET /favicon.ico HTTP/1.1" 404 -
58.39.139.200 - - [20/Sep/2021:09:02:40 +0800] "GET /xingrg/kc/buy/cgsh_order_operate.html?command=get_materiel&rest_code=00105&code=00101008318&supplier_code=00100203&order_time=2021-09-20 HTTP/1.1" 200 408
116.233.75.58 - - [20/Sep/2021:09:02:41 +0800] "GET /xingrg/login.html HTTP/1.1" 200 7641
116.233.75.58 - - [20/Sep/2021:09:02:41 +0800] "GET /xingrg/images/blue/jxLogo.png HTTP/1.1" 200 6156
116.233.75.58 - - [20/Sep/2021:09:02:41 +0800] "GET /xingrg/images/blue/hj.png HTTP/1.1" 200 1014
116.233.75.58 - - [20/Sep/2021:09:02:41 +0800] "GET /xingrg/images/blue/srbg.png HTTP/1.1" 200 138
116.233.75.58 - - [20/Sep/2021:09:02:41 +0800] "GET /xingrg/images/blue/login_bg.png HTTP/1.1" 200 22101
116.233.75.58 - - [20/Sep/2021:09:02:42 +0800] "GET /favicon.ico HTTP/1.1" 404 -
120.253.135.82 - - [20/Sep/2021:09:02:45 +0800] "GET /xingrg/index.html?sysBaseUrl=http%3A%2F%2F180.169.147.146%3A18081%2Fxingrg%2F&costTime=42×tamp=1632041733800 HTTP/1.1" 302 -
120.253.135.82 - - [20/Sep/2021:09:02:45 +0800] "GET /xingrg/login.html HTTP/1.1" 200 7641
114.83.218.170 - - [20/Sep/2021:09:02:45 +0800] "GET /xingrg/all/function/internal_message.html?_=1632099764325&CODE_STATE=getMsg HTTP/1.1" 200 27
114.83.218.170 - - [20/Sep/2021:09:02:45 +0800] "GET /xingrg/check_reg.html?_=1632099764328 HTTP/1.1" 200 22
116.233.75.58 - - [20/Sep/2021:09:02:47 +0800] "POST /xingrg/login.do HTTP/1.1" 302 -
116.233.75.58 - - [20/Sep/2021:09:02:47 +0800] "GET /xingrg/index.html?sysBaseUrl=http%3A%2F%2F180.169.147.146%3A18081%2Fxingrg%2F&costTime=121×tamp=1632099767102 HTTP/1.1" 302 -
116.233.75.58 - - [20/Sep/2021:09:02:47 +0800] "POST /xingrg/login.do HTTP/1.1" 302 -
116.233.75.58 - - [20/Sep/2021:09:02:47 +0800] "GET /xingrg/login.html HTTP/1.1" 200 7641
120.253.135.82 - - [20/Sep/2021:09:02:47 +0800] "GET /xingrg/images/blue/login_bg.png HTTP/1.1" 304 -
120.253.135.82 - - [20/Sep/2021:09:02:47 +0800] "GET /xingrg/images/blue/jxLogo.png HTTP/1.1" 304 -
58.39.139.200 - - [20/Sep/2021:09:02:48 +0800] "GET /xingrg/kc/buy/cgsh_order_operate.html?command=get_materiel&rest_code=00105&code=00101008352&supplier_code=00100203&order_time=2021-09-20 HTTP/1.1" 200 412
120.253.135.82 - - [20/Sep/2021:09:02:48 +0800] "GET /xingrg/images/blue/hj.png HTTP/1.1" 304 -
120.253.135.82 - - [20/Sep/2021:09:02:48 +0800] "GET /xingrg/images/blue/srbg.png HTTP/1.1" 304 -
120.253.135.82 - - [20/Sep/2021:09:02:49 +0800] "GET /favicon.ico HTTP/1.1" 404 -
116.233.75.58 - - [20/Sep/2021:09:02:53 +0800] "POST /xingrg/login.do HTTP/1.1" 302 -
116.233.75.58 - - [20/Sep/2021:09:02:53 +0800] "GET /xingrg/index.html?sysBaseUrl=http%3A%2F%2F180.169.147.146%3A18081%2Fxingrg%2F&costTime=64×tamp=1632099773823 HTTP/1.1" 200 24618
116.233.75.58 - - [20/Sep/2021:09:02:54 +0800] "POST /xingrg/login.do HTTP/1.1" 302 -
116.233.75.58 - - [20/Sep/2021:09:02:54 +0800] "GET /xingrg/index.html?sysBaseUrl=http%3A%2F%2F180.169.147.146%3A18081%2Fxingrg%2F&costTime=139×tamp=1632099774001 HTTP/1.1" 200 17173
116.233.75.58 - - [20/Sep/2021:09:02:54 +0800] "GET /xingrg/javascript/jquery_easy_ui/themes/icon.css HTTP/1.1" 200 3949
116.233.75.58 - - [20/Sep/2021:09:02:54 +0800] "GET /xingrg/css/form.css HTTP/1.1" 200 893
116.233.75.58 - - [20/Sep/2021:09:02:54 +0800] "GET /xingrg/javascript/jquery-1.4.2.min.js HTTP/1.1" 200 72205
116.233.75.58 - - [20/Sep/2021:09:02:54 +0800] "GET /xingrg/javascript/jquery_easy_ui/jquery.easyui.min.js HTTP/1.1" 200 213662
116.233.75.58 - - [20/Sep/2021:09:02:54 +0800] "GET /xingrg/javascript/jquery_easy_ui/easyui-lang-zh_CN.js HTTP/1.1" 200 1900
116.233.75.58 - - [20/Sep/2021:09:02:54 +0800] "GET /xingrg/javascript/jquery.form.js HTTP/1.1" 200 23110
116.233.75.58 - - [20/Sep/2021:09:02:54 +0800] "GET /xingrg/javascript/jquery.timers.js HTTP/1.1" 200 3532
116.233.75.58 - - [20/Sep/2021:09:02:54 +0800] "GET /xingrg/javascript/jquery_easy_ui/themes/default/easyui.css HTTP/1.1" 200 26500
116.233.75.58 - - [20/Sep/2021:09:02:54 +0800] "GET /xingrg/javascript/jquery.utils.js HTTP/1.1" 200 11805
116.233.75.58 - - [20/Sep/2021:09:02:55 +0800] "GET /xingrg/javascript/jquery_easy_ui/themes/icons/settle_new.png HTTP/1.1" 200 826
116.233.75.58 - - [20/Sep/2021:09:02:55 +0800] "GET /xingrg/images/blue/navBackgound.jpg HTTP/1.1" 200 12378
116.233.75.58 - - [20/Sep/2021:09:02:55 +0800] "POST /xingrg/all/common/load_tree.html?tree=area_rest_tree_json&manage=1 HTTP/1.1" 200 342
116.233.75.58 - - [20/Sep/2021:09:02:55 +0800] "GET /xingrg/images/blue/pingpu.png HTTP/1.1" 200 231
116.233.75.58 - - [20/Sep/2021:09:02:55 +0800] "GET /xingrg/javascript/jquery_easy_ui/themes/default/images/panel_tool_collapse.gif HTTP/1.1" 200 246
116.233.75.58 - - [20/Sep/2021:09:02:55 +0800] "GET /xingrg/all/function/internal_message.html?_=1632099773956&CODE_STATE=count HTTP/1.1" 200 11
116.233.75.58 - - [20/Sep/2021:09:02:55 +0800] "GET /xingrg/check_reg.html?_=1632099773956 HTTP/1.1" 200 22
116.233.75.58 - - [20/Sep/2021:09:02:55 +0800] "POST /xingrg/load_menu.html HTTP/1.1" 200 5138
116.233.75.58 - - [20/Sep/2021:09:02:55 +0800] "GET /xingrg/javascript/jquery_easy_ui/themes/icons/storage_new.png HTTP/1.1" 200 853
116.233.75.58 - - [20/Sep/2021:09:02:55 +0800] "GET /xingrg/javascript/jquery_easy_ui/themes/default/images/tree_folder_open.gif HTTP/1.1" 200 956
116.233.75.58 - - [20/Sep/2021:09:02:55 +0800] "GET /xingrg/javascript/jquery_easy_ui/themes/default/images/tree_folder.gif HTTP/1.1" 200 952
116.233.75.58 - - [20/Sep/2021:09:02:55 +0800] "GET /xingrg/javascript/jquery_easy_ui/themes/icons/forms_new.png HTTP/1.1" 200 350
116.233.75.58 - - [20/Sep/2021:09:02:55 +0800] "GET /xingrg/javascript/jquery_easy_ui/themes/default/images/tree_arrows.gif HTTP/1.1" 200 1043
116.233.75.58 - - [20/Sep/2021:09:02:55 +0800] "GET /xingrg/javascript/jquery_easy_ui/themes/icons/search_new.png HTTP/1.1" 200 586
116.230.105.26 - - [20/Sep/2021:09:02:56 +0800] "GET /xingrg/all/function/internal_message.html?_=1632099755697&CODE_STATE=getMsg HTTP/1.1" 200 27
58.39.139.200 - - [20/Sep/2021:09:02:57 +0800] "GET /xingrg/kc/buy/cgsh_order_operate.html?command=get_materiel&rest_code=00105&code=00101008005&supplier_code=00100203&order_time=2021-09-20 HTTP/1.1" 200 412
116.233.75.58 - - [20/Sep/2021:09:02:57 +0800] "GET /xingrg/javascript/jquery_easy_ui/themes/default/images/tabs_close.gif HTTP/1.1" 200 829
116.233.75.58 - - [20/Sep/2021:09:02:57 +0800] "GET /xingrg/kc/buy/buy_main.html HTTP/1.1" 200 12412
116.233.75.58 - - [20/Sep/2021:09:02:57 +0800] "GET /xingrg/css/new_ie.css HTTP/1.1" 404 1036
116.233.75.58 - - [20/Sep/2021:09:02:57 +0800] "GET /xingrg/javascript/ToolTips.js HTTP/1.1" 200 5615
116.233.75.58 - - [20/Sep/2021:09:02:57 +0800] "GET /xingrg/javascript/pic_change.js HTTP/1.1" 200 4739
116.233.75.58 - - [20/Sep/2021:09:02:57 +0800] "GET /xingrg/css/blue.css HTTP/1.1" 200 15949
116.233.75.58 - - [20/Sep/2021:09:02:57 +0800] "GET /xingrg/javascript/jquery_ui/jquery-ui.min.js HTTP/1.1" 200 186181
116.233.75.58 - - [20/Sep/2021:09:02:57 +0800] "GET /xingrg/javascript/jquery_ui/themes/humanity/humanity.css HTTP/1.1" 200 27801
116.233.75.58 - - [20/Sep/2021:09:02:57 +0800] "GET /xingrg/javascript/myfunction.js HTTP/1.1" 200 24559
116.233.75.58 - - [20/Sep/2021:09:02:57 +0800] "GET /xingrg/images/blue/button/cgxqd.gif HTTP/1.1" 200 2619
116.233.75.58 - - [20/Sep/2021:09:02:57 +0800] "GET /xingrg/images/blue/button/cgydd.gif HTTP/1.1" 200 2712
116.233.75.58 - - [20/Sep/2021:09:02:57 +0800] "GET /xingrg/images/blue/button/cgshd.gif HTTP/1.1" 200 2618
116.233.75.58 - - [20/Sep/2021:09:02:57 +0800] "GET /xingrg/images/blue/button/cgfkd.gif HTTP/1.1" 200 2075
116.233.75.58 - - [20/Sep/2021:09:02:57 +0800] "GET /xingrg/images/blue/button/kc.gif HTTP/1.1" 200 2160
116.233.75.58 - - [20/Sep/2021:09:02:57 +0800] "GET /xingrg/images/blue/button/ckthd.gif HTTP/1.1" 200 2045
116.233.75.58 - - [20/Sep/2021:09:02:57 +0800] "GET /xingrg/images/blue/pic_form2.gif HTTP/1.1" 200 1853
116.233.75.58 - - [20/Sep/2021:09:02:58 +0800] "GET /xingrg/images/blue/bg_dotted.jpg HTTP/1.1" 200 319
116.233.75.58 - - [20/Sep/2021:09:02:58 +0800] "GET /xingrg/images/blue/button/right_ah.jpg HTTP/1.1" 200 1744
116.233.75.58 - - [20/Sep/2021:09:02:58 +0800] "GET /xingrg/images/blue/button/down_ah.jpg HTTP/1.1" 200 1732
116.233.75.58 - - [20/Sep/2021:09:02:58 +0800] "GET /xingrg/javascript/jquery_ui/themes/humanity/images/ui-bg_inset-soft_100_f4f0ec_1x100.png HTTP/1.1" 200 141
116.233.75.58 - - [20/Sep/2021:09:02:59 +0800] "GET /xingrg/css/base.css HTTP/1.1" 200 2811
116.233.75.58 - - [20/Sep/2021:09:02:59 +0800] "GET /xingrg/css/site.css HTTP/1.1" 200 7541
116.233.75.58 - - [20/Sep/2021:09:02:59 +0800] "GET /xingrg/javascript/jquery_tools/datebox.css HTTP/1.1" 200 2597
116.233.75.58 - - [20/Sep/2021:09:02:59 +0800] "GET /xingrg/javascript/easyui/themes/icon.css HTTP/1.1" 200 4483
116.233.75.58 - - [20/Sep/2021:09:02:59 +0800] "GET /xingrg/javascript/jquery_tools/fix.css HTTP/1.1" 200 1702
116.233.75.58 - - [20/Sep/2021:09:02:59 +0800] "GET /xingrg/javascript/jquery_tools/table.css HTTP/1.1" 200 1032
116.233.75.58 - - [20/Sep/2021:09:02:59 +0800] "GET /xingrg/javascript/auto/jquery.autocomplete.css HTTP/1.1" 200 587
116.233.75.58 - - [20/Sep/2021:09:02:59 +0800] "GET /xingrg/javascript/jquery_tools/jquery.tools.min.js HTTP/1.1" 200 138801
116.233.75.58 - - [20/Sep/2021:09:02:59 +0800] "GET /xingrg/kc/buy/cgsh_order_list.html HTTP/1.1" 200 47744
116.233.75.58 - - [20/Sep/2021:09:02:59 +0800] "GET /xingrg/javascript/jquery_tools/list_manager.js HTTP/1.1" 200 3652
116.233.75.58 - - [20/Sep/2021:09:03:00 +0800] "GET /xingrg/javascript/easyui/themes/default/easyui.css HTTP/1.1" 200 30432
116.233.75.58 - - [20/Sep/2021:09:03:00 +0800] "GET /xingrg/javascript/easyui/easyloader.js HTTP/1.1" 200 5975
116.233.75.58 - - [20/Sep/2021:09:03:00 +0800] "GET /xingrg/javascript/auto/jquery.autocomplete.js HTTP/1.1" 200 21624
116.233.75.58 - - [20/Sep/2021:09:03:00 +0800] "GET /xingrg/javascript/jquery.cookie.js HTTP/1.1" 200 5513
116.233.75.58 - - [20/Sep/2021:09:03:00 +0800] "GET /xingrg/javascript/print/LodopFuncs.js HTTP/1.1" 200 5121
116.233.75.58 - - [20/Sep/2021:09:03:00 +0800] "GET /xingrg/javascript/jquery_tools/jquery.tools.hotkey.js HTTP/1.1" 200 3242
116.233.75.58 - - [20/Sep/2021:09:03:00 +0800] "GET /xingrg/javascript/jquery_tools/jquery.tools.table.js HTTP/1.1" 200 6994
116.233.75.58 - - [20/Sep/2021:09:03:00 +0800] "GET /xingrg/javascript/jquery_tools/jquery.tools.extend.js HTTP/1.1" 200 15385
116.233.75.58 - - [20/Sep/2021:09:03:00 +0800] "GET /xingrg/javascript/easyui/themes/icons/field_new.png HTTP/1.1" 200 1097
116.233.75.58 - - [20/Sep/2021:09:03:00 +0800] "GET /xingrg/javascript/easyui/themes/icons/edit_add_new.png HTTP/1.1" 200 2997
116.233.75.58 - - [20/Sep/2021:09:03:00 +0800] "GET /xingrg/javascript/easyui/themes/icons/import_new.png HTTP/1.1" 200 1247
116.233.75.58 - - [20/Sep/2021:09:03:00 +0800] "GET /xingrg/javascript/easyui/themes/icons/check_new.png HTTP/1.1" 200 3224
116.233.75.58 - - [20/Sep/2021:09:03:00 +0800] "GET /xingrg/javascript/easyui/themes/icons/cance_new.png HTTP/1.1" 200 3986
116.233.75.58 - - [20/Sep/2021:09:03:00 +0800] "GET /xingrg/javascript/easyui/plugins/jquery.parser.js HTTP/1.1" 200 1142
116.233.75.58 - - [20/Sep/2021:09:03:00 +0800] "GET /xingrg/images/control/ajaxLoader.gif HTTP/1.1" 200 4659
116.233.75.58 - - [20/Sep/2021:09:03:01 +0800] "POST /xingrg/kc/buy/cgsh_list_operate.html HTTP/1.1" 200 876
114.85.125.222 - - [20/Sep/2021:09:03:06 +0800] "GET /xingrg/check_reg.html?_=1632099765589 HTTP/1.1" 200 22
116.233.75.58 - - [20/Sep/2021:09:03:07 +0800] "GET /xingrg/javascript/easyui/themes/default/images/button_plain_hover.png HTTP/1.1" 200 144
116.233.75.58 - - [20/Sep/2021:09:03:08 +0800] "GET /xingrg/javascript/convert.js HTTP/1.1" 200 1239
116.233.75.58 - - [20/Sep/2021:09:03:08 +0800] "GET /xingrg/kc/buy/cgsh_order_add.html HTTP/1.1" 200 63523
116.233.75.58 - - [20/Sep/2021:09:03:08 +0800] "GET /xingrg/javascript/jquery_tools/order_manager.js HTTP/1.1" 200 11183
116.233.75.58 - - [20/Sep/2021:09:03:08 +0800] "GET /xingrg/javascript/json2.js HTTP/1.1" 200 11259
116.233.75.58 - - [20/Sep/2021:09:03:08 +0800] "GET /xingrg/javascript/print/kc_print.js HTTP/1.1" 200 11415
116.233.75.58 - - [20/Sep/2021:09:03:08 +0800] "GET /xingrg/words/20210919144940_words.js HTTP/1.1" 200 847539
116.233.75.58 - - [20/Sep/2021:09:03:08 +0800] "GET /xingrg/javascript/easyui/themes/icons/copy_new.png HTTP/1.1" 200 815
116.233.75.58 - - [20/Sep/2021:09:03:08 +0800] "GET /xingrg/javascript/easyui/themes/icons/template_new.png HTTP/1.1" 200 3956
116.233.75.58 - - [20/Sep/2021:09:03:08 +0800] "GET /xingrg/javascript/easyui/themes/icons/ok.png HTTP/1.1" 200 883
116.233.75.58 - - [20/Sep/2021:09:03:08 +0800] "GET /xingrg/javascript/easyui/themes/default/images/menu_downarrow.png HTTP/1.1" 200 173
116.233.75.58 - - [20/Sep/2021:09:03:08 +0800] "GET /xingrg/javascript/easyui/themes/icons/print.png HTTP/1.1" 200 1057
116.233.75.58 - - [20/Sep/2021:09:03:08 +0800] "GET /xingrg/javascript/easyui/themes/icons/cancel.png HTTP/1.1" 200 1133
116.233.75.58 - - [20/Sep/2021:09:03:08 +0800] "POST /xingrg/kc/buy/cgsh_order_operate.html HTTP/1.1" 200 8245
116.233.75.58 - - [20/Sep/2021:09:03:08 +0800] "GET /xingrg/all/common/auto_word.html?type=employee&rest_code=00109 HTTP/1.1" 200 255
116.233.75.58 - - [20/Sep/2021:09:03:08 +0800] "GET /xingrg/javascript/easyui/themes/icons/edit_remove.png HTTP/1.1" 200 625
116.233.75.58 - - [20/Sep/2021:09:03:08 +0800] "GET /xingrg/all/common/auto_word.html?type=employee&rest_code=00109 HTTP/1.1" 200 255
116.233.75.58 - - [20/Sep/2021:09:03:08 +0800] "GET /xingrg/javascript/easyui/themes/default/validatebox.css HTTP/1.1" 404 1104
116.233.75.58 - - [20/Sep/2021:09:03:08 +0800] "GET /xingrg/javascript/easyui/plugins/jquery.validatebox.js HTTP/1.1" 200 6103
116.233.75.58 - - [20/Sep/2021:09:03:08 +0800] "GET /xingrg/javascript/easyui/plugins/jquery.numberbox.js HTTP/1.1" 200 5213
58.39.139.200 - - [20/Sep/2021:09:03:10 +0800] "GET /xingrg/kc/buy/cgsh_order_operate.html?command=get_materiel&rest_code=00105&code=00101008353&supplier_code=00100203&order_time=2021-09-20 HTTP/1.1" 200 408
116.233.75.58 - - [20/Sep/2021:09:03:18 +0800] "GET /xingrg/javascript/jquery_tools/images/prev.gif HTTP/1.1" 404 1086
116.233.75.58 - - [20/Sep/2021:09:03:18 +0800] "GET /xingrg/javascript/jquery_tools/images/next.gif HTTP/1.1" 404 1086
58.39.139.200 - - [20/Sep/2021:09:03:19 +0800] "GET /xingrg/kc/buy/cgsh_order_operate.html?command=get_materiel&rest_code=00105&code=00101008298&supplier_code=00100203&order_time=2021-09-20 HTTP/1.1" 200 412
114.83.218.170 - - [20/Sep/2021:09:03:21 +0800] "GET /xingrg/kc/buy/cgsh_order_add.html HTTP/1.1" 200 63535
114.83.218.170 - - [20/Sep/2021:09:03:21 +0800] "POST /xingrg/kc/buy/cgsh_order_operate.html HTTP/1.1" 200 8245
114.83.218.170 - - [20/Sep/2021:09:03:21 +0800] "GET /xingrg/javascript/easyui/themes/default/validatebox.css HTTP/1.1" 404 1104
58.39.139.200 - - [20/Sep/2021:09:03:21 +0800] "POST /xingrg/kc/buy/cgsh_order_operate.html HTTP/1.1" 200 2065
58.39.139.200 - - [20/Sep/2021:09:03:22 +0800] "POST /xingrg/kc/buy/cgsh_order_operate.html HTTP/1.1" 200 2065
58.39.139.200 - - [20/Sep/2021:09:03:29 +0800] "GET /xingrg/kc/buy/cgsh_order_operate.html?command=get_materiel&rest_code=00105&code=00101008105&supplier_code=00100203&order_time=2021-09-20 HTTP/1.1" 200 412
58.39.139.200 - - [20/Sep/2021:09:03:30 +0800] "GET /xingrg/check_reg.html?_=1632099809682 HTTP/1.1" 200 22
58.39.139.200 - - [20/Sep/2021:09:03:30 +0800] "GET /xingrg/all/function/internal_message.html?_=1632099809684&CODE_STATE=getMsg HTTP/1.1" 200 27
222.70.246.151 - - [20/Sep/2021:09:03:31 +0800] "GET /xingrg/check_reg.html?_=1632099810925 HTTP/1.1" 200 22
58.40.7.146 - - [20/Sep/2021:09:03:31 +0800] "GET /xingrg/all/function/internal_message.html?_=1632099809740&CODE_STATE=getMsg HTTP/1.1" 200 27
222.70.246.151 - - [20/Sep/2021:09:03:33 +0800] "GET /xingrg/all/function/internal_message.html?_=1632099812738&CODE_STATE=getMsg HTTP/1.1" 200 27
58.39.139.200 - - [20/Sep/2021:09:03:35 +0800] "GET /xingrg/kc/buy/cgsh_order_operate.html?command=get_materiel&rest_code=00105&code=00101008119&supplier_code=00100203&order_time=2021-09-20 HTTP/1.1" 200 412
116.238.248.233 - - [20/Sep/2021:09:03:35 +0800] "GET /xingrg/all/function/internal_message.html?_=1632099813205&CODE_STATE=getMsg HTTP/1.1" 200 27
114.85.125.222 - - [20/Sep/2021:09:03:36 +0800] "GET /xingrg/all/function/internal_message.html?_=1632099795633&CODE_STATE=getMsg HTTP/1.1" 200 27
180.169.147.146 - - [20/Sep/2021:09:03:37 +0800] "GET /xingrg/all/function/internal_message.html?_=1632099815413&CODE_STATE=getMsg HTTP/1.1" 200 27
116.233.75.58 - - [20/Sep/2021:09:03:37 +0800] "GET /xingrg/kc/buy/cgsh_order_operate.html?command=get_materiel&rest_code=00109&code=00101031002&supplier_code=00100240&order_time=2021-09-20 HTTP/1.1" 200 419
58.39.139.200 - - [20/Sep/2021:09:03:44 +0800] "GET /xingrg/kc/buy/cgsh_order_operate.html?command=get_materiel&rest_code=00105&code=00101008185&supplier_code=00100203&order_time=2021-09-20 HTTP/1.1" 200 408
114.83.218.170 - - [20/Sep/2021:09:03:45 +0800] "GET /xingrg/all/function/internal_message.html?_=1632099824325&CODE_STATE=getMsg HTTP/1.1" 200 27
116.233.75.58 - - [20/Sep/2021:09:03:50 +0800] "GET /xingrg/kc/buy/cgsh_order_operate.html?command=get_materiel&rest_code=00109&code=00101031006&supplier_code=00100240&order_time=2021-09-20 HTTP/1.1" 200 417
58.39.139.200 - - [20/Sep/2021:09:03:51 +0800] "GET /xingrg/kc/buy/cgsh_order_operate.html?command=get_materiel&rest_code=00105&code=00101023033&supplier_code=00100203&order_time=2021-09-20 HTTP/1.1" 200 414
116.233.75.58 - - [20/Sep/2021:09:03:55 +0800] "GET /xingrg/all/function/internal_message.html?_=1632099833961&CODE_STATE=getMsg HTTP/1.1" 200 27
116.230.105.26 - - [20/Sep/2021:09:03:56 +0800] "GET /xingrg/check_reg.html?_=1632099815689 HTTP/1.1" 200 22
116.230.105.26 - - [20/Sep/2021:09:03:56 +0800] "GET /xingrg/all/function/internal_message.html?_=1632099815691&CODE_STATE=getMsg HTTP/1.1" 200 27
116.233.75.58 - - [20/Sep/2021:09:03:58 +0800] "POST /xingrg/kc/buy/cgsh_order_operate.html HTTP/1.1" 200 37
58.39.139.200 - - [20/Sep/2021:09:03:59 +0800] "GET /xingrg/kc/buy/cgsh_order_operate.html?command=get_materiel&rest_code=00105&code=00101008405&supplier_code=00100203&order_time=2021-09-20 HTTP/1.1" 200 413
114.83.218.170 - - [20/Sep/2021:09:03:59 +0800] "GET /xingrg/kc/buy/cgsh_order_operate.html?command=get_materiel&rest_code=00149&code=00101007081&supplier_code=00100205&order_time=2021-09-20 HTTP/1.1" 200 415
116.233.75.58 - - [20/Sep/2021:09:04:00 +0800] "POST /xingrg/kc/buy/cgsh_order_operate.html HTTP/1.1" 200 3257
116.233.75.58 - - [20/Sep/2021:09:04:01 +0800] "GET /xingrg/kc/print/load_config.html?kc_code=cgsh HTTP/1.1" 200 2076
116.233.75.58 - - [20/Sep/2021:09:04:01 +0800] "GET /xingrg/kc/print/load_data.html?order_code=212021092008771&kc_code=cgsh&condition= HTTP/1.1" 200 881
116.233.75.58 - - [20/Sep/2021:09:04:08 +0800] "GET /xingrg/kc/buy/cgsh_order_add.html HTTP/1.1" 200 63523
116.233.75.58 - - [20/Sep/2021:09:04:09 +0800] "POST /xingrg/kc/buy/cgsh_order_operate.html HTTP/1.1" 200 8245
116.233.75.58 - - [20/Sep/2021:09:04:09 +0800] "GET /xingrg/all/common/auto_word.html?type=employee&rest_code=00109 HTTP/1.1" 200 255
116.233.75.58 - - [20/Sep/2021:09:04:09 +0800] "GET /xingrg/all/common/auto_word.html?type=employee&rest_code=00109 HTTP/1.1" 200 255
116.233.75.58 - - [20/Sep/2021:09:04:09 +0800] "GET /xingrg/javascript/easyui/themes/default/validatebox.css HTTP/1.1" 404 1104
58.39.139.200 - - [20/Sep/2021:09:04:10 +0800] "GET /xingrg/kc/buy/cgsh_order_operate.html?command=get_materiel&rest_code=00105&code=00101015038&supplier_code=00100203&order_time=2021-09-20 HTTP/1.1" 200 418
114.83.218.170 - - [20/Sep/2021:09:04:14 +0800] "GET /xingrg/kc/buy/cgsh_order_operate.html?command=get_materiel&rest_code=00149&code=00101007125&supplier_code=00100205&order_time=2021-09-20 HTTP/1.1" 200 408
222.68.24.255 - - [20/Sep/2021:09:04:16 +0800] "GET /xingrg/login_supplier.html HTTP/1.1" 200 3208
222.68.24.255 - - [20/Sep/2021:09:04:17 +0800] "GET /favicon.ico HTTP/1.1" 404 -
116.233.75.58 - - [20/Sep/2021:09:04:19 +0800] "GET /xingrg/javascript/jquery_tools/images/next.gif HTTP/1.1" 404 1086
116.233.75.58 - - [20/Sep/2021:09:04:19 +0800] "GET /xingrg/javascript/jquery_tools/images/prev.gif HTTP/1.1" 404 1086
58.39.139.200 - - [20/Sep/2021:09:04:21 +0800] "GET /xingrg/kc/buy/cgsh_order_operate.html?command=get_materiel&rest_code=00105&code=00101008330&supplier_code=00100203&order_time=2021-09-20 HTTP/1.1" 200 408
222.68.24.255 - - [20/Sep/2021:09:04:24 +0800] "POST /xingrg/login_supplier.html HTTP/1.1" 302 -
222.68.24.255 - - [20/Sep/2021:09:04:24 +0800] "GET /xingrg/supplier_index.html?sysBaseUrl=http%3A%2F%2F180.169.147.146%3A18081%2Fxingrg%2F&costTime=14×tamp=1632099864233 HTTP/1.1" 200 9061
222.68.24.255 - - [20/Sep/2021:09:04:24 +0800] "GET /favicon.ico HTTP/1.1" 404 -
222.68.24.255 - - [20/Sep/2021:09:04:25 +0800] "GET /xingrg/supplier/cgsh_order_list.html HTTP/1.1" 200 10896
116.233.75.58 - - [20/Sep/2021:09:04:26 +0800] "GET /xingrg/kc/buy/cgsh_order_operate.html?command=get_materiel&rest_code=00109&code=00101016040&supplier_code=00100028&order_time=2021-09-20 HTTP/1.1" 200 457
114.83.218.170 - - [20/Sep/2021:09:04:26 +0800] "GET /xingrg/kc/buy/cgsh_order_operate.html?command=get_materiel&rest_code=00149&code=00101007061&supplier_code=00100205&order_time=2021-09-20 HTTP/1.1" 200 411
222.68.24.255 - - [20/Sep/2021:09:04:27 +0800] "POST /xingrg/supplier/cgsh_list_operate.html HTTP/1.1" 200 5957
58.39.139.200 - - [20/Sep/2021:09:04:30 +0800] "GET /xingrg/all/function/internal_message.html?_=1632099869687&CODE_STATE=getMsg HTTP/1.1" 200 27
58.40.7.146 - - [20/Sep/2021:09:04:31 +0800] "GET /xingrg/all/function/internal_message.html?_=1632099869725&CODE_STATE=getMsg HTTP/1.1" 200 27
58.39.139.200 - - [20/Sep/2021:09:04:32 +0800] "GET /xingrg/kc/buy/cgsh_order_operate.html?command=get_materiel&rest_code=00105&code=00101008219&supplier_code=00100203&order_time=2021-09-20 HTTP/1.1" 200 412
222.70.246.151 - - [20/Sep/2021:09:04:33 +0800] "GET /xingrg/all/function/internal_message.html?_=1632099872751&CODE_STATE=getMsg HTTP/1.1" 200 27
116.233.75.58 - - [20/Sep/2021:09:04:34 +0800] "GET /xingrg/kc/buy/cgsh_order_operate.html?command=get_materiel&rest_code=00109&code=00101016037&supplier_code=00100028&order_time=2021-09-20 HTTP/1.1" 200 451
116.238.248.233 - - [20/Sep/2021:09:04:35 +0800] "GET /xingrg/check_reg.html?_=1632099873206 HTTP/1.1" 200 22
116.238.248.233 - - [20/Sep/2021:09:04:35 +0800] "GET /xingrg/all/function/internal_message.html?_=1632099873210&CODE_STATE=getMsg HTTP/1.1" 200 27
114.85.125.222 - - [20/Sep/2021:09:04:36 +0800] "GET /xingrg/all/function/internal_message.html?_=1632099855648&CODE_STATE=getMsg HTTP/1.1" 200 27
114.83.218.170 - - [20/Sep/2021:09:04:37 +0800] "GET /xingrg/kc/buy/cgsh_order_operate.html?command=get_materiel&rest_code=00149&code=00101007048&supplier_code=00100205&order_time=2021-09-20 HTTP/1.1" 200 408
180.169.147.146 - - [20/Sep/2021:09:04:37 +0800] "GET /xingrg/all/function/internal_message.html?_=1632099875407&CODE_STATE=getMsg HTTP/1.1" 200 27
222.68.24.255 - - [20/Sep/2021:09:04:37 +0800] "GET /xingrg/javascript/jquery_tools/images/prev.gif HTTP/1.1" 404 1086
222.68.24.255 - - [20/Sep/2021:09:04:37 +0800] "GET /xingrg/javascript/jquery_tools/images/next.gif HTTP/1.1" 404 1086
116.233.75.58 - - [20/Sep/2021:09:04:42 +0800] "GET /xingrg/kc/buy/cgsh_order_operate.html?command=get_materiel&rest_code=00109&code=00101016097&supplier_code=00100028&order_time=2021-09-20 HTTP/1.1" 200 470
58.39.139.200 - - [20/Sep/2021:09:04:43 +0800] "GET /xingrg/kc/buy/cgsh_order_operate.html?command=get_materiel&rest_code=00105&code=00101008132&supplier_code=00100203&order_time=2021-09-20 HTTP/1.1" 200 408
116.233.75.58 - - [20/Sep/2021:09:04:43 +0800] "POST /xingrg/all/common/load_select.html HTTP/1.1" 200 25
222.68.24.255 - - [20/Sep/2021:09:04:43 +0800] "POST /xingrg/supplier/cgsh_list_operate.html HTTP/1.1" 200 5475
