58.37.227.186 - - [20/Sep/2021:09:44:29 +0800] "POST /xingrg/dwr/call/plaincall/AjaxCheckService.setItemNumber.dwr HTTP/1.1" 200 77
58.37.227.186 - - [20/Sep/2021:09:44:30 +0800] "POST /xingrg/dwr/call/plaincall/AjaxCheckService.setItemNumber.dwr HTTP/1.1" 200 77
120.253.135.82 - - [20/Sep/2021:09:44:30 +0800] "POST /xingrg/login.do HTTP/1.1" 302 -
120.253.135.82 - - [20/Sep/2021:09:44:30 +0800] "GET /xingrg/index.html?sysBaseUrl=http%3A%2F%2F180.169.147.146%3A18081%2Fxingrg%2F&costTime=38×tamp=1632102270428 HTTP/1.1" 200 17173
120.253.135.82 - - [20/Sep/2021:09:44:30 +0800] "GET /xingrg/javascript/jquery-1.4.2.min.js HTTP/1.1" 200 72205
120.253.135.82 - - [20/Sep/2021:09:44:30 +0800] "GET /xingrg/javascript/jquery.utils.js HTTP/1.1" 200 11805
120.253.135.82 - - [20/Sep/2021:09:44:30 +0800] "GET /xingrg/javascript/jquery_easy_ui/themes/default/easyui.css HTTP/1.1" 200 26500
120.253.135.82 - - [20/Sep/2021:09:44:30 +0800] "GET /xingrg/javascript/jquery_easy_ui/themes/icon.css HTTP/1.1" 200 3949
120.253.135.82 - - [20/Sep/2021:09:44:30 +0800] "GET /xingrg/css/form.css HTTP/1.1" 200 893
120.253.135.82 - - [20/Sep/2021:09:44:30 +0800] "GET /xingrg/javascript/jquery.timers.js HTTP/1.1" 200 3532
120.253.135.82 - - [20/Sep/2021:09:44:30 +0800] "GET /xingrg/javascript/jquery_easy_ui/jquery.easyui.min.js HTTP/1.1" 200 213662
120.253.135.82 - - [20/Sep/2021:09:44:30 +0800] "GET /xingrg/javascript/jquery.form.js HTTP/1.1" 200 23110
120.253.135.82 - - [20/Sep/2021:09:44:30 +0800] "GET /xingrg/javascript/jquery_easy_ui/easyui-lang-zh_CN.js HTTP/1.1" 200 1900
180.152.125.3 - - [20/Sep/2021:09:44:30 +0800] "GET /xingrg/all/function/internal_message.html?_=1632102247148&CODE_STATE=getMsg HTTP/1.1" 200 27
120.253.135.82 - - [20/Sep/2021:09:44:30 +0800] "GET /favicon.ico HTTP/1.1" 404 -
120.253.135.82 - - [20/Sep/2021:09:44:30 +0800] "GET /xingrg/javascript/jquery_easy_ui/themes/icons/settle_new.png HTTP/1.1" 200 826
120.253.135.82 - - [20/Sep/2021:09:44:30 +0800] "GET /xingrg/images/blue/navBackgound.jpg HTTP/1.1" 200 12378
120.253.135.82 - - [20/Sep/2021:09:44:30 +0800] "GET /xingrg/javascript/jquery_easy_ui/themes/default/images/tabs_leftarrow.png HTTP/1.1" 200 389
120.253.135.82 - - [20/Sep/2021:09:44:30 +0800] "GET /xingrg/javascript/jquery_easy_ui/themes/default/images/tabs_rightarrow.png HTTP/1.1" 200 395
120.253.135.82 - - [20/Sep/2021:09:44:30 +0800] "GET /xingrg/images/blue/pingpu.png HTTP/1.1" 200 231
120.253.135.82 - - [20/Sep/2021:09:44:30 +0800] "GET /xingrg/javascript/jquery_easy_ui/themes/default/images/panel_tool_collapse.gif HTTP/1.1" 200 246
120.253.135.82 - - [20/Sep/2021:09:44:30 +0800] "POST /xingrg/all/common/load_tree.html?tree=area_rest_tree_json&manage=1 HTTP/1.1" 200 344
58.37.227.186 - - [20/Sep/2021:09:44:30 +0800] "POST /xingrg/dwr/call/plaincall/AjaxCheckService.setItemNumber.dwr HTTP/1.1" 200 77
120.253.135.82 - - [20/Sep/2021:09:44:30 +0800] "GET /xingrg/check_reg.html?_=1632102042210 HTTP/1.1" 200 22
120.253.135.82 - - [20/Sep/2021:09:44:30 +0800] "GET /xingrg/javascript/jquery_easy_ui/themes/default/images/tree_arrows.gif HTTP/1.1" 200 1043
120.253.135.82 - - [20/Sep/2021:09:44:30 +0800] "GET /xingrg/all/function/internal_message.html?_=1632102042209&CODE_STATE=count HTTP/1.1" 200 11
120.253.135.82 - - [20/Sep/2021:09:44:31 +0800] "POST /xingrg/load_menu.html HTTP/1.1" 200 6743
120.253.135.82 - - [20/Sep/2021:09:44:31 +0800] "GET /xingrg/javascript/jquery_easy_ui/themes/default/images/tree_folder_open.gif HTTP/1.1" 200 956
120.253.135.82 - - [20/Sep/2021:09:44:31 +0800] "GET /xingrg/javascript/jquery_easy_ui/themes/icons/delivery_new.png HTTP/1.1" 200 700
120.253.135.82 - - [20/Sep/2021:09:44:31 +0800] "GET /xingrg/javascript/jquery_easy_ui/themes/icons/search_new.png HTTP/1.1" 200 586
120.253.135.82 - - [20/Sep/2021:09:44:31 +0800] "GET /xingrg/javascript/jquery_easy_ui/themes/icons/forms_new.png HTTP/1.1" 200 350
120.253.135.82 - - [20/Sep/2021:09:44:31 +0800] "GET /xingrg/javascript/jquery_easy_ui/themes/icons/storage_new.png HTTP/1.1" 200 853
120.253.135.82 - - [20/Sep/2021:09:44:31 +0800] "GET /xingrg/javascript/jquery_easy_ui/themes/default/images/tree_folder.gif HTTP/1.1" 200 952
120.253.135.82 - - [20/Sep/2021:09:44:31 +0800] "GET /xingrg/javascript/jquery_easy_ui/themes/default/images/tree_file.gif HTTP/1.1" 200 118
58.40.7.146 - - [20/Sep/2021:09:44:31 +0800] "GET /xingrg/all/function/internal_message.html?_=1632102269777&CODE_STATE=getMsg HTTP/1.1" 200 27
58.37.227.186 - - [20/Sep/2021:09:44:33 +0800] "POST /xingrg/dwr/call/plaincall/AjaxCheckService.setItemNumber.dwr HTTP/1.1" 200 77
58.37.227.186 - - [20/Sep/2021:09:44:34 +0800] "POST /xingrg/dwr/call/plaincall/AjaxCheckService.setItemNumber.dwr HTTP/1.1" 200 77
116.230.105.26 - - [20/Sep/2021:09:44:34 +0800] "GET /xingrg/all/function/internal_message.html?_=1632102254022&CODE_STATE=getMsg HTTP/1.1" 200 27
222.70.246.151 - - [20/Sep/2021:09:44:34 +0800] "GET /xingrg/all/function/internal_message.html?_=1632102274714&CODE_STATE=getMsg HTTP/1.1" 200 27
116.238.248.233 - - [20/Sep/2021:09:44:35 +0800] "GET /xingrg/all/function/internal_message.html?_=1632102273288&CODE_STATE=getMsg HTTP/1.1" 200 27
116.238.248.233 - - [20/Sep/2021:09:44:35 +0800] "GET /xingrg/check_reg.html?_=1632102273290 HTTP/1.1" 200 22
58.37.227.186 - - [20/Sep/2021:09:44:35 +0800] "POST /xingrg/dwr/call/plaincall/AjaxCheckService.setItemNumber.dwr HTTP/1.1" 200 77
114.85.125.222 - - [20/Sep/2021:09:44:36 +0800] "GET /xingrg/kc/buy/cgsh_order_operate.html?command=get_materiel&rest_code=00150&code=00101008185&supplier_code=00100007&order_time=2021-09-20 HTTP/1.1" 200 408
58.37.227.186 - - [20/Sep/2021:09:44:36 +0800] "POST /xingrg/dwr/call/plaincall/AjaxCheckService.setItemNumber.dwr HTTP/1.1" 200 77
180.169.147.146 - - [20/Sep/2021:09:44:37 +0800] "GET /xingrg/all/function/internal_message.html?_=1632102275428&CODE_STATE=getMsg HTTP/1.1" 200 27
116.238.248.233 - - [20/Sep/2021:09:44:37 +0800] "GET /xingrg/kc/buy/cgsh_order_operate.html?command=get_materiel&rest_code=00150&code=00101012064&supplier_code=00100096&order_time=2021-09-20 HTTP/1.1" 200 428
58.37.227.186 - - [20/Sep/2021:09:44:37 +0800] "POST /xingrg/dwr/call/plaincall/AjaxCheckService.setItemNumber.dwr HTTP/1.1" 200 77
116.238.248.233 - - [20/Sep/2021:09:44:37 +0800] "POST /xingrg/all/common/load_select.html HTTP/1.1" 200 25
58.37.227.186 - - [20/Sep/2021:09:44:38 +0800] "POST /xingrg/dwr/call/plaincall/AjaxCheckService.setItemNumber.dwr HTTP/1.1" 200 77
58.37.227.186 - - [20/Sep/2021:09:44:38 +0800] "POST /xingrg/dwr/call/plaincall/AjaxCheckService.setItemNumber.dwr HTTP/1.1" 200 77
58.37.227.186 - - [20/Sep/2021:09:44:38 +0800] "POST /xingrg/dwr/call/plaincall/AjaxCheckService.setItemNumber.dwr HTTP/1.1" 200 77
58.37.227.186 - - [20/Sep/2021:09:44:40 +0800] "POST /xingrg/dwr/call/plaincall/AjaxCheckService.setItemNumber.dwr HTTP/1.1" 200 77
116.238.248.233 - - [20/Sep/2021:09:44:41 +0800] "GET /xingrg/kc/buy/cgsh_order_operate.html?command=get_materiel_price&rest_code=00150&code=00101012064&unit_code=00100040&supplier_code=00100096&order_time=2021-09-20 HTTP/1.1" 200 27
124.79.246.142 - - [20/Sep/2021:09:44:42 +0800] "GET /xingrg/all/function/internal_message.html?_=1632102383176&CODE_STATE=getMsg HTTP/1.1" 200 27
120.253.135.82 - - [20/Sep/2021:09:44:42 +0800] "GET /xingrg/javascript/jquery_easy_ui/themes/default/images/tabs_close.gif HTTP/1.1" 200 829
120.253.135.82 - - [20/Sep/2021:09:44:42 +0800] "GET /xingrg/kc/pszx/mdqp_order_list.html?state=10 HTTP/1.1" 200 10217
120.253.135.82 - - [20/Sep/2021:09:44:42 +0800] "GET /xingrg/javascript/pic_change.js HTTP/1.1" 200 4739
120.253.135.82 - - [20/Sep/2021:09:44:42 +0800] "GET /xingrg/css/blue.css HTTP/1.1" 200 15949
120.253.135.82 - - [20/Sep/2021:09:44:42 +0800] "GET /xingrg/dwr/interface/AjaxReportQueryService.js HTTP/1.1" 200 13203
120.253.135.82 - - [20/Sep/2021:09:44:42 +0800] "GET /xingrg/dwr/interface/AjaxQqpsService.js HTTP/1.1" 200 16326
120.253.135.82 - - [20/Sep/2021:09:44:42 +0800] "GET /xingrg/javascript/Calendar.js HTTP/1.1" 200 31561
120.253.135.82 - - [20/Sep/2021:09:44:42 +0800] "GET /xingrg/javascript/myfunction.js HTTP/1.1" 200 24559
120.253.135.82 - - [20/Sep/2021:09:44:42 +0800] "GET /xingrg/dwr/engine.js HTTP/1.1" 200 43631
120.253.135.82 - - [20/Sep/2021:09:44:42 +0800] "GET /xingrg/dwr/util.js HTTP/1.1" 200 35990
120.253.135.82 - - [20/Sep/2021:09:44:42 +0800] "GET /xingrg/javascript/jquery_easy_ui/themes/icons/uncheck_new.png HTTP/1.1" 200 3197
120.253.135.82 - - [20/Sep/2021:09:44:42 +0800] "GET /xingrg/javascript/jquery_easy_ui/themes/icons/check_new.png HTTP/1.1" 200 3224
120.253.135.82 - - [20/Sep/2021:09:44:42 +0800] "GET /xingrg/javascript/jquery_easy_ui/themes/icons/back_new.png HTTP/1.1" 200 3414
114.85.125.222 - - [20/Sep/2021:09:44:42 +0800] "GET /xingrg/kc/buy/cgsh_order_operate.html?command=get_materiel&rest_code=00150&code=00101008612&supplier_code=00100007&order_time=2021-09-20 HTTP/1.1" 200 406
58.37.227.186 - - [20/Sep/2021:09:44:43 +0800] "POST /xingrg/dwr/call/plaincall/AjaxCheckService.setItemNumber.dwr HTTP/1.1" 200 77
58.37.227.186 - - [20/Sep/2021:09:44:43 +0800] "POST /xingrg/dwr/call/plaincall/AjaxCheckService.setItemNumber.dwr HTTP/1.1" 200 77
172.20.0.100 - - [20/Sep/2021:09:44:44 +0800] "GET /xingrg/all/function/internal_message.html?_=1632102283791&CODE_STATE=getMsg HTTP/1.1" 200 27
172.20.0.100 - - [20/Sep/2021:09:44:44 +0800] "GET /xingrg/check_reg.html?_=1632102283797 HTTP/1.1" 200 22
180.169.147.146 - - [20/Sep/2021:09:44:44 +0800] "GET /xingrg/all/function/internal_message.html?_=1632102284597&CODE_STATE=getMsg HTTP/1.1" 200 27
180.169.147.146 - - [20/Sep/2021:09:44:44 +0800] "GET /xingrg/check_reg.html?_=1632102284601 HTTP/1.1" 200 22
58.37.227.186 - - [20/Sep/2021:09:44:44 +0800] "POST /xingrg/dwr/call/plaincall/AjaxCheckService.setItemNumber.dwr HTTP/1.1" 200 77
114.85.125.222 - - [20/Sep/2021:09:44:44 +0800] "GET /xingrg/all/function/internal_message.html?_=1632102263773&CODE_STATE=getMsg HTTP/1.1" 200 27
58.37.227.186 - - [20/Sep/2021:09:44:45 +0800] "POST /xingrg/dwr/call/plaincall/AjaxCheckService.setItemNumber.dwr HTTP/1.1" 200 77
58.37.227.186 - - [20/Sep/2021:09:44:45 +0800] "POST /xingrg/dwr/call/plaincall/AjaxCheckService.setItemNumber.dwr HTTP/1.1" 200 77
114.83.218.170 - - [20/Sep/2021:09:44:46 +0800] "GET /xingrg/all/function/internal_message.html?_=1632102284481&CODE_STATE=getMsg HTTP/1.1" 200 27
58.37.227.186 - - [20/Sep/2021:09:44:47 +0800] "POST /xingrg/dwr/call/plaincall/AjaxCheckService.setItemNumber.dwr HTTP/1.1" 200 77
58.37.227.186 - - [20/Sep/2021:09:44:50 +0800] "POST /xingrg/dwr/call/plaincall/AjaxCheckService.setItemNumber.dwr HTTP/1.1" 200 77
120.253.135.82 - - [20/Sep/2021:09:44:50 +0800] "GET /xingrg/kc/pszx/mdps_order_list.html?orderType=0 HTTP/1.1" 200 21089
120.253.135.82 - - [20/Sep/2021:09:44:50 +0800] "GET /xingrg/javascript/auto/jquery.autocomplete.css HTTP/1.1" 200 587
120.253.135.82 - - [20/Sep/2021:09:44:50 +0800] "GET /xingrg/javascript/easyui/themes/icon.css HTTP/1.1" 200 4483
120.253.135.82 - - [20/Sep/2021:09:44:50 +0800] "GET /xingrg/css/base.css HTTP/1.1" 200 2811
120.253.135.82 - - [20/Sep/2021:09:44:50 +0800] "GET /xingrg/javascript/jquery_tools/fix.css HTTP/1.1" 200 1702
120.253.135.82 - - [20/Sep/2021:09:44:50 +0800] "GET /xingrg/css/site.css HTTP/1.1" 200 7541
120.253.135.82 - - [20/Sep/2021:09:44:50 +0800] "GET /xingrg/javascript/jquery_tools/datebox.css HTTP/1.1" 200 2597
120.253.135.82 - - [20/Sep/2021:09:44:50 +0800] "GET /xingrg/javascript/jquery_tools/table.css HTTP/1.1" 200 1032
120.253.135.82 - - [20/Sep/2021:09:44:50 +0800] "GET /xingrg/javascript/jquery_tools/jquery.tools.table.js HTTP/1.1" 200 6994
120.253.135.82 - - [20/Sep/2021:09:44:50 +0800] "GET /xingrg/javascript/jquery_tools/jquery.tools.min.js HTTP/1.1" 200 138801
120.253.135.82 - - [20/Sep/2021:09:44:50 +0800] "GET /xingrg/javascript/jquery_tools/jquery.tools.extend.js HTTP/1.1" 200 15385
120.253.135.82 - - [20/Sep/2021:09:44:50 +0800] "GET /xingrg/javascript/jquery_tools/jquery.tools.hotkey.js HTTP/1.1" 200 3242
120.253.135.82 - - [20/Sep/2021:09:44:50 +0800] "GET /xingrg/javascript/jquery_tools/list_manager.js HTTP/1.1" 200 3652
120.253.135.82 - - [20/Sep/2021:09:44:50 +0800] "GET /xingrg/javascript/jquery.cookie.js HTTP/1.1" 200 5513
120.253.135.82 - - [20/Sep/2021:09:44:50 +0800] "GET /xingrg/javascript/easyui/easyloader.js HTTP/1.1" 200 5975
120.253.135.82 - - [20/Sep/2021:09:44:50 +0800] "GET /xingrg/javascript/print/LodopFuncs.js HTTP/1.1" 200 5121
120.253.135.82 - - [20/Sep/2021:09:44:50 +0800] "GET /xingrg/javascript/auto/jquery.autocomplete.js HTTP/1.1" 200 21624
120.253.135.82 - - [20/Sep/2021:09:44:50 +0800] "GET /xingrg/javascript/easyui/themes/default/easyui.css HTTP/1.1" 200 30432
114.85.125.222 - - [20/Sep/2021:09:44:50 +0800] "GET /xingrg/kc/buy/cgsh_order_operate.html?command=get_materiel&rest_code=00150&code=00101008308&supplier_code=00100007&order_time=2021-09-20 HTTP/1.1" 200 420
120.253.135.82 - - [20/Sep/2021:09:44:50 +0800] "GET /xingrg/javascript/easyui/themes/icons/import_new.png HTTP/1.1" 200 1247
120.253.135.82 - - [20/Sep/2021:09:44:50 +0800] "GET /xingrg/javascript/easyui/themes/icons/uncheck_new.png HTTP/1.1" 200 3197
120.253.135.82 - - [20/Sep/2021:09:44:50 +0800] "GET /xingrg/javascript/easyui/themes/icons/field_new.png HTTP/1.1" 200 1097
120.253.135.82 - - [20/Sep/2021:09:44:50 +0800] "GET /xingrg/javascript/easyui/themes/icons/edit_add_new.png HTTP/1.1" 200 2997
120.253.135.82 - - [20/Sep/2021:09:44:50 +0800] "GET /xingrg/javascript/easyui/themes/icons/check_new.png HTTP/1.1" 200 3224
120.253.135.82 - - [20/Sep/2021:09:44:50 +0800] "GET /xingrg/javascript/easyui/themes/icons/cance_new.png HTTP/1.1" 200 3986
120.253.135.82 - - [20/Sep/2021:09:44:50 +0800] "GET /xingrg/javascript/easyui/plugins/jquery.parser.js HTTP/1.1" 200 1142
120.253.135.82 - - [20/Sep/2021:09:44:50 +0800] "GET /xingrg/images/control/ajaxLoader.gif HTTP/1.1" 200 4659
120.253.135.82 - - [20/Sep/2021:09:44:50 +0800] "POST /xingrg/kc/pszx/mdps_list_operate.html HTTP/1.1" 200 5233
180.169.147.146 - - [20/Sep/2021:09:44:50 +0800] "GET /xingrg/all/function/internal_message.html?_=1632102289299&CODE_STATE=getMsg HTTP/1.1" 200 27
120.253.135.82 - - [20/Sep/2021:09:44:52 +0800] "GET /xingrg/javascript/auto/indicator.gif HTTP/1.1" 404 1066
116.233.75.58 - - [20/Sep/2021:09:44:55 +0800] "GET /xingrg/all/function/internal_message.html?_=1632102294044&CODE_STATE=getMsg HTTP/1.1" 200 27
120.253.135.82 - - [20/Sep/2021:09:44:55 +0800] "POST /xingrg/kc/pszx/mdps_list_operate.html HTTP/1.1" 200 4582
58.37.227.186 - - [20/Sep/2021:09:44:56 +0800] "POST /xingrg/dwr/call/plaincall/AjaxCheckService.setItemNumber.dwr HTTP/1.1" 200 77
58.37.227.186 - - [20/Sep/2021:09:44:57 +0800] "POST /xingrg/dwr/call/plaincall/AjaxCheckService.setItemNumber.dwr HTTP/1.1" 200 77
114.85.125.222 - - [20/Sep/2021:09:44:58 +0800] "GET /xingrg/kc/buy/cgsh_order_operate.html?command=get_materiel&rest_code=00150&code=00101008026&supplier_code=00100007&order_time=2021-09-20 HTTP/1.1" 200 409
58.37.227.186 - - [20/Sep/2021:09:44:58 +0800] "POST /xingrg/dwr/call/plaincall/AjaxCheckService.setItemNumber.dwr HTTP/1.1" 200 77
58.37.227.186 - - [20/Sep/2021:09:44:58 +0800] "POST /xingrg/dwr/call/plaincall/AjaxCheckService.setItemNumber.dwr HTTP/1.1" 200 77
120.253.135.82 - - [20/Sep/2021:09:44:59 +0800] "POST /xingrg/kc/pszx/mdps_list_operate.html HTTP/1.1" 200 613
58.37.227.186 - - [20/Sep/2021:09:44:59 +0800] "POST /xingrg/dwr/call/plaincall/AjaxCheckService.setItemNumber.dwr HTTP/1.1" 200 77
120.253.135.82 - - [20/Sep/2021:09:45:00 +0800] "GET /xingrg/kc/pszx/mdps_order_info.html?code=312021092000554 HTTP/1.1" 200 23925
120.253.135.82 - - [20/Sep/2021:09:45:00 +0800] "GET /xingrg/javascript/convert.js HTTP/1.1" 200 1239
120.253.135.82 - - [20/Sep/2021:09:45:00 +0800] "GET /xingrg/javascript/print/kc_print.js HTTP/1.1" 200 11415
120.253.135.82 - - [20/Sep/2021:09:45:00 +0800] "GET /xingrg/javascript/jquery_tools/order_manager.js HTTP/1.1" 200 11183
120.253.135.82 - - [20/Sep/2021:09:45:00 +0800] "GET /xingrg/javascript/json2.js HTTP/1.1" 200 11259
120.253.135.82 - - [20/Sep/2021:09:45:00 +0800] "GET /xingrg/words/20210919144940_words.js HTTP/1.1" 200 847539
120.253.135.82 - - [20/Sep/2021:09:45:00 +0800] "GET /xingrg/javascript/easyui/themes/icons/copy_new.png HTTP/1.1" 200 815
120.253.135.82 - - [20/Sep/2021:09:45:00 +0800] "GET /xingrg/javascript/easyui/themes/icons/ok.png HTTP/1.1" 200 883
120.253.135.82 - - [20/Sep/2021:09:45:00 +0800] "GET /xingrg/javascript/easyui/themes/default/images/menu_downarrow.png HTTP/1.1" 200 173
120.253.135.82 - - [20/Sep/2021:09:45:00 +0800] "GET /xingrg/javascript/easyui/themes/icons/cancel.png HTTP/1.1" 200 1133
120.253.135.82 - - [20/Sep/2021:09:45:00 +0800] "GET /xingrg/javascript/easyui/themes/icons/print.png HTTP/1.1" 200 1057
120.253.135.82 - - [20/Sep/2021:09:45:01 +0800] "GET /xingrg/all/common/auto_word.html?type=base&rest_code=00101 HTTP/1.1" 200 613
120.253.135.82 - - [20/Sep/2021:09:45:01 +0800] "GET /xingrg/javascript/easyui/themes/default/validatebox.css HTTP/1.1" 404 1104
120.253.135.82 - - [20/Sep/2021:09:45:01 +0800] "GET /xingrg/javascript/easyui/plugins/jquery.validatebox.js HTTP/1.1" 200 6103
120.253.135.82 - - [20/Sep/2021:09:45:01 +0800] "GET /xingrg/javascript/easyui/plugins/jquery.numberbox.js HTTP/1.1" 200 5213
120.253.135.82 - - [20/Sep/2021:09:45:01 +0800] "POST /xingrg/kc/pszx/mdps_order_operate.html HTTP/1.1" 200 22310
58.39.139.200 - - [20/Sep/2021:09:45:01 +0800] "GET /xingrg/all/function/internal_message.html?_=1632102300622&CODE_STATE=getMsg HTTP/1.1" 200 27
58.37.227.186 - - [20/Sep/2021:09:45:01 +0800] "POST /xingrg/dwr/call/plaincall/AjaxCheckService.setItemNumber.dwr HTTP/1.1" 200 77
120.253.135.82 - - [20/Sep/2021:09:45:01 +0800] "GET /xingrg/javascript/easyui/themes/icons/edit_remove.png HTTP/1.1" 200 625
58.37.227.186 - - [20/Sep/2021:09:45:02 +0800] "POST /xingrg/dwr/call/plaincall/AjaxCheckService.setItemNumber.dwr HTTP/1.1" 200 77
58.37.227.186 - - [20/Sep/2021:09:45:02 +0800] "POST /xingrg/dwr/call/plaincall/AjaxCheckService.setItemNumber.dwr HTTP/1.1" 200 77
116.233.75.58 - - [20/Sep/2021:09:45:02 +0800] "POST /xingrg/kc/buy/cgsh_order_operate.html HTTP/1.1" 200 37
58.37.227.186 - - [20/Sep/2021:09:45:03 +0800] "POST /xingrg/dwr/call/plaincall/AjaxCheckService.setItemNumber.dwr HTTP/1.1" 200 77
58.37.227.186 - - [20/Sep/2021:09:45:03 +0800] "POST /xingrg/dwr/call/plaincall/AjaxCheckService.setItemNumber.dwr HTTP/1.1" 200 77
58.37.227.186 - - [20/Sep/2021:09:45:04 +0800] "POST /xingrg/dwr/call/plaincall/AjaxCheckService.setItemNumber.dwr HTTP/1.1" 200 77
116.233.75.58 - - [20/Sep/2021:09:45:04 +0800] "POST /xingrg/kc/buy/cgsh_order_operate.html HTTP/1.1" 200 37016
58.37.227.186 - - [20/Sep/2021:09:45:04 +0800] "POST /xingrg/dwr/call/plaincall/AjaxCheckService.setItemNumber.dwr HTTP/1.1" 200 77
58.37.227.186 - - [20/Sep/2021:09:45:05 +0800] "POST /xingrg/dwr/call/plaincall/AjaxCheckService.setItemNumber.dwr HTTP/1.1" 200 77
58.37.227.186 - - [20/Sep/2021:09:45:06 +0800] "POST /xingrg/dwr/call/plaincall/AjaxCheckService.setItemNumber.dwr HTTP/1.1" 200 77
58.37.227.186 - - [20/Sep/2021:09:45:06 +0800] "POST /xingrg/dwr/call/plaincall/AjaxCheckService.setItemNumber.dwr HTTP/1.1" 200 77
58.37.227.186 - - [20/Sep/2021:09:45:07 +0800] "POST /xingrg/dwr/call/plaincall/AjaxCheckService.setItemNumber.dwr HTTP/1.1" 200 77
222.69.130.189 - - [20/Sep/2021:09:45:13 +0800] "GET /xingrg/all/function/internal_message.html?_=1632102312510&CODE_STATE=getMsg HTTP/1.1" 200 27
180.157.251.224 - - [20/Sep/2021:09:45:13 +0800] "GET /xingrg/all/function/internal_message.html?_=1632102313851&CODE_STATE=getMsg HTTP/1.1" 200 27
180.169.147.146 - - [20/Sep/2021:09:45:14 +0800] "GET /xingrg/all/function/internal_message.html?_=1632102350283&CODE_STATE=getMsg HTTP/1.1" 200 27
114.85.125.222 - - [20/Sep/2021:09:45:14 +0800] "GET /xingrg/kc/buy/cgsh_order_operate.html?command=get_materiel&rest_code=00150&code=00101008096&supplier_code=00100007&order_time=2021-09-20 HTTP/1.1" 200 412
58.37.227.186 - - [20/Sep/2021:09:45:15 +0800] "POST /xingrg/dwr/call/plaincall/AjaxCheckService.setItemNumber.dwr HTTP/1.1" 200 77
58.37.227.186 - - [20/Sep/2021:09:45:16 +0800] "POST /xingrg/dwr/call/plaincall/AjaxCheckService.setItemNumber.dwr HTTP/1.1" 200 77
58.37.227.186 - - [20/Sep/2021:09:45:16 +0800] "POST /xingrg/dwr/call/plaincall/AjaxCheckService.setItemNumber.dwr HTTP/1.1" 200 77
222.70.179.190 - - [20/Sep/2021:09:45:17 +0800] "GET /xingrg/login.html HTTP/1.1" 200 7641
58.37.227.186 - - [20/Sep/2021:09:45:17 +0800] "POST /xingrg/dwr/call/plaincall/AjaxCheckService.setItemNumber.dwr HTTP/1.1" 200 77
222.70.179.190 - - [20/Sep/2021:09:45:17 +0800] "GET /favicon.ico HTTP/1.1" 404 -
58.37.227.186 - - [20/Sep/2021:09:45:18 +0800] "POST /xingrg/dwr/call/plaincall/AjaxCheckService.setItemNumber.dwr HTTP/1.1" 200 77
58.37.227.186 - - [20/Sep/2021:09:45:18 +0800] "POST /xingrg/dwr/call/plaincall/AjaxCheckService.setItemNumber.dwr HTTP/1.1" 200 77
180.169.147.146 - - [20/Sep/2021:09:45:18 +0800] "GET /xingrg/all/function/internal_message.html?_=1632102318909&CODE_STATE=getMsg HTTP/1.1" 200 27
58.37.227.186 - - [20/Sep/2021:09:45:19 +0800] "POST /xingrg/dwr/call/plaincall/AjaxCheckService.setItemNumber.dwr HTTP/1.1" 200 77
58.37.227.186 - - [20/Sep/2021:09:45:19 +0800] "POST /xingrg/dwr/call/plaincall/AjaxCheckService.setItemNumber.dwr HTTP/1.1" 200 77
116.238.248.233 - - [20/Sep/2021:09:45:20 +0800] "GET /xingrg/kc/buy/cgsh_order_operate.html?command=get_materiel&rest_code=00150&code=00101006240&supplier_code=00100096&order_time=2021-09-20 HTTP/1.1" 200 408
58.37.227.186 - - [20/Sep/2021:09:45:20 +0800] "POST /xingrg/dwr/call/plaincall/AjaxCheckService.setItemNumber.dwr HTTP/1.1" 200 77
58.37.227.186 - - [20/Sep/2021:09:45:21 +0800] "POST /xingrg/dwr/call/plaincall/AjaxCheckService.setItemNumber.dwr HTTP/1.1" 200 77
58.37.227.186 - - [20/Sep/2021:09:45:21 +0800] "POST /xingrg/dwr/call/plaincall/AjaxCheckService.setItemNumber.dwr HTTP/1.1" 200 77
58.37.227.186 - - [20/Sep/2021:09:45:22 +0800] "POST /xingrg/dwr/call/plaincall/AjaxCheckService.setItemNumber.dwr HTTP/1.1" 200 77
58.37.227.186 - - [20/Sep/2021:09:45:22 +0800] "POST /xingrg/dwr/call/plaincall/AjaxCheckService.setItemNumber.dwr HTTP/1.1" 200 77
222.70.179.190 - - [20/Sep/2021:09:45:23 +0800] "POST /xingrg/login.do HTTP/1.1" 200 2421
58.37.227.186 - - [20/Sep/2021:09:45:23 +0800] "POST /xingrg/dwr/call/plaincall/AjaxCheckService.setItemNumber.dwr HTTP/1.1" 200 77
222.70.179.190 - - [20/Sep/2021:09:45:23 +0800] "GET /favicon.ico HTTP/1.1" 404 -
58.37.227.186 - - [20/Sep/2021:09:45:23 +0800] "POST /xingrg/dwr/call/plaincall/AjaxCheckService.setItemNumber.dwr HTTP/1.1" 200 77
58.39.139.200 - - [20/Sep/2021:09:45:24 +0800] "GET /xingrg/all/function/internal_message.html?_=1632102268434&CODE_STATE=getMsg HTTP/1.1" 200 27
58.37.227.186 - - [20/Sep/2021:09:45:24 +0800] "POST /xingrg/dwr/call/plaincall/AjaxCheckService.setItemNumber.dwr HTTP/1.1" 200 77
222.70.179.190 - - [20/Sep/2021:09:45:24 +0800] "GET /xingrg/login.html HTTP/1.1" 200 7641
222.70.179.190 - - [20/Sep/2021:09:45:24 +0800] "GET /favicon.ico HTTP/1.1" 404 -
58.37.227.186 - - [20/Sep/2021:09:45:24 +0800] "POST /xingrg/dwr/call/plaincall/AjaxCheckService.setItemNumber.dwr HTTP/1.1" 200 77
58.37.227.186 - - [20/Sep/2021:09:45:25 +0800] "POST /xingrg/dwr/call/plaincall/AjaxCheckService.setItemNumber.dwr HTTP/1.1" 200 77
180.152.125.3 - - [20/Sep/2021:09:45:30 +0800] "GET /xingrg/all/function/internal_message.html?_=1632102307801&CODE_STATE=getMsg HTTP/1.1" 200 27
120.253.135.82 - - [20/Sep/2021:09:45:30 +0800] "GET /xingrg/all/function/internal_message.html?_=1632102102210&CODE_STATE=getMsg HTTP/1.1" 200 27
58.40.7.146 - - [20/Sep/2021:09:45:31 +0800] "GET /xingrg/all/function/internal_message.html?_=1632102329780&CODE_STATE=getMsg HTTP/1.1" 200 27
114.85.125.222 - - [20/Sep/2021:09:45:33 +0800] "GET /xingrg/kc/buy/cgsh_order_operate.html?command=get_materiel&rest_code=00150&code=00101008358&supplier_code=00100007&order_time=2021-09-20 HTTP/1.1" 200 412
116.238.248.233 - - [20/Sep/2021:09:45:33 +0800] "GET /xingrg/kc/buy/cgsh_order_operate.html?command=get_materiel&rest_code=00150&code=00101006184&supplier_code=00100096&order_time=2021-09-20 HTTP/1.1" 200 408
116.230.105.26 - - [20/Sep/2021:09:45:34 +0800] "GET /xingrg/all/function/internal_message.html?_=1632102314003&CODE_STATE=getMsg HTTP/1.1" 200 27
222.70.246.151 - - [20/Sep/2021:09:45:34 +0800] "GET /xingrg/all/function/internal_message.html?_=1632102334728&CODE_STATE=getMsg HTTP/1.1" 200 27
116.238.248.233 - - [20/Sep/2021:09:45:35 +0800] "GET /xingrg/all/function/internal_message.html?_=1632102333276&CODE_STATE=getMsg HTTP/1.1" 200 27
180.169.147.146 - - [20/Sep/2021:09:45:37 +0800] "GET /xingrg/all/function/internal_message.html?_=1632102335438&CODE_STATE=getMsg HTTP/1.1" 200 27
180.169.147.146 - - [20/Sep/2021:09:45:37 +0800] "GET /xingrg/check_reg.html?_=1632102335439 HTTP/1.1" 200 22
124.79.246.142 - - [20/Sep/2021:09:45:42 +0800] "GET /xingrg/all/function/internal_message.html?_=1632102443187&CODE_STATE=getMsg HTTP/1.1" 200 27
124.79.246.142 - - [20/Sep/2021:09:45:42 +0800] "GET /xingrg/check_reg.html?_=1632102443189 HTTP/1.1" 200 22
222.70.179.190 - - [20/Sep/2021:09:45:43 +0800] "POST /xingrg/login.do HTTP/1.1" 302 -
222.70.179.190 - - [20/Sep/2021:09:45:43 +0800] "GET /xingrg/index.html?sysBaseUrl=http%3A%2F%2F180.169.147.146%3A18081%2Fxingrg%2F&costTime=38×tamp=1632102343662 HTTP/1.1" 200 17173
222.70.179.190 - - [20/Sep/2021:09:45:43 +0800] "GET /favicon.ico HTTP/1.1" 404 -
222.70.179.190 - - [20/Sep/2021:09:45:43 +0800] "POST /xingrg/all/common/load_tree.html?tree=area_rest_tree_json&manage=1 HTTP/1.1" 200 342
222.70.179.190 - - [20/Sep/2021:09:45:43 +0800] "GET /xingrg/all/function/internal_message.html?_=1632102341151&CODE_STATE=count HTTP/1.1" 200 11
222.70.179.190 - - [20/Sep/2021:09:45:43 +0800] "GET /xingrg/check_reg.html?_=1632102341152 HTTP/1.1" 200 22
222.70.179.190 - - [20/Sep/2021:09:45:43 +0800] "POST /xingrg/load_menu.html HTTP/1.1" 200 5138
172.20.0.100 - - [20/Sep/2021:09:45:44 +0800] "GET /xingrg/all/function/internal_message.html?_=1632102343790&CODE_STATE=getMsg HTTP/1.1" 200 27
180.169.147.146 - - [20/Sep/2021:09:45:44 +0800] "GET /xingrg/all/function/internal_message.html?_=1632102344590&CODE_STATE=getMsg HTTP/1.1" 200 27
114.85.125.222 - - [20/Sep/2021:09:45:44 +0800] "GET /xingrg/all/function/internal_message.html?_=1632102323787&CODE_STATE=getMsg HTTP/1.1" 200 27
222.70.179.190 - - [20/Sep/2021:09:45:45 +0800] "GET /xingrg/kc/buy/buy_main.html HTTP/1.1" 200 12412
222.70.179.190 - - [20/Sep/2021:09:45:45 +0800] "GET /xingrg/css/new_ie.css HTTP/1.1" 404 1036
222.70.179.190 - - [20/Sep/2021:09:45:45 +0800] "GET /xingrg/images/yd/bt.gif HTTP/1.1" 404 1040
114.83.218.170 - - [20/Sep/2021:09:45:46 +0800] "GET /xingrg/all/function/internal_message.html?_=1632102344479&CODE_STATE=getMsg HTTP/1.1" 200 27
222.70.179.190 - - [20/Sep/2021:09:45:46 +0800] "GET /xingrg/kc/buy/cgsh_order_list.html HTTP/1.1" 200 47744
222.70.179.190 - - [20/Sep/2021:09:45:47 +0800] "POST /xingrg/kc/buy/cgsh_list_operate.html HTTP/1.1" 200 876
114.85.125.222 - - [20/Sep/2021:09:45:47 +0800] "GET /xingrg/kc/buy/cgsh_order_operate.html?command=get_materiel&rest_code=00150&code=00101008163&supplier_code=00100007&order_time=2021-09-20 HTTP/1.1" 200 409
222.70.179.190 - - [20/Sep/2021:09:45:48 +0800] "GET /xingrg/kc/buy/cgsh_order_add.html HTTP/1.1" 200 63482
222.70.179.190 - - [20/Sep/2021:09:45:48 +0800] "POST /xingrg/kc/buy/cgsh_order_operate.html HTTP/1.1" 200 8245
222.70.179.190 - - [20/Sep/2021:09:45:48 +0800] "GET /xingrg/javascript/easyui/themes/default/validatebox.css HTTP/1.1" 404 1104
222.70.179.190 - - [20/Sep/2021:09:45:48 +0800] "GET /xingrg/all/common/auto_word.html?type=employee&rest_code=00111 HTTP/1.1" 200 155
222.70.179.190 - - [20/Sep/2021:09:45:48 +0800] "GET /xingrg/all/common/auto_word.html?type=employee&rest_code=00111 HTTP/1.1" 200 155
180.169.147.146 - - [20/Sep/2021:09:45:50 +0800] "GET /xingrg/check_reg.html?_=1632102349302 HTTP/1.1" 200 22
180.169.147.146 - - [20/Sep/2021:09:45:50 +0800] "GET /xingrg/all/function/internal_message.html?_=1632102349308&CODE_STATE=getMsg HTTP/1.1" 200 27
222.70.179.190 - - [20/Sep/2021:09:45:51 +0800] "GET /xingrg/javascript/auto/indicator.gif HTTP/1.1" 404 1066
222.70.179.190 - - [20/Sep/2021:09:45:53 +0800] "GET /xingrg/javascript/jquery_tools/images/next.gif HTTP/1.1" 404 1086
222.70.179.190 - - [20/Sep/2021:09:45:53 +0800] "GET /xingrg/javascript/jquery_tools/images/prev.gif HTTP/1.1" 404 1086
116.238.248.233 - - [20/Sep/2021:09:45:55 +0800] "POST /xingrg/kc/buy/cgsh_order_operate.html HTTP/1.1" 200 37
116.233.75.58 - - [20/Sep/2021:09:45:55 +0800] "GET /xingrg/all/function/internal_message.html?_=1632102354046&CODE_STATE=getMsg HTTP/1.1" 200 27
116.233.75.58 - - [20/Sep/2021:09:45:56 +0800] "POST /xingrg/kc/buy/cgsh_order_operate.html HTTP/1.1" 200 37
114.85.125.222 - - [20/Sep/2021:09:45:56 +0800] "GET /xingrg/kc/buy/cgsh_order_operate.html?command=get_materiel&rest_code=00150&code=00101008224&supplier_code=00100007&order_time=2021-09-20 HTTP/1.1" 200 416
116.238.248.233 - - [20/Sep/2021:09:45:56 +0800] "POST /xingrg/kc/buy/cgsh_order_operate.html HTTP/1.1" 200 7418
116.233.75.58 - - [20/Sep/2021:09:45:58 +0800] "POST /xingrg/kc/buy/cgsh_order_operate.html HTTP/1.1" 200 37016
222.70.179.190 - - [20/Sep/2021:09:46:00 +0800] "GET /xingrg/kc/buy/cgsh_order_operate.html?command=get_materiel&rest_code=00111&code=00101001138&supplier_code=00100199&order_time=2021-09-20 HTTP/1.1" 200 413
58.39.139.200 - - [20/Sep/2021:09:46:01 +0800] "GET /xingrg/all/function/internal_message.html?_=1632102360594&CODE_STATE=getMsg HTTP/1.1" 200 27
120.253.135.82 - - [20/Sep/2021:09:46:06 +0800] "GET /xingrg/javascript/easyui/themes/default/images/button_plain_hover.png HTTP/1.1" 200 144
114.85.125.222 - - [20/Sep/2021:09:46:07 +0800] "GET /xingrg/kc/buy/cgsh_order_operate.html?command=get_materiel&rest_code=00150&code=00101008246&supplier_code=00100007&order_time=2021-09-20 HTTP/1.1" 200 408
114.85.125.222 - - [20/Sep/2021:09:46:12 +0800] "POST /xingrg/kc/buy/cgsh_order_operate.html HTTP/1.1" 200 37
222.69.130.189 - - [20/Sep/2021:09:46:13 +0800] "GET /xingrg/all/function/internal_message.html?_=1632102372537&CODE_STATE=getMsg HTTP/1.1" 200 27
180.157.251.224 - - [20/Sep/2021:09:46:13 +0800] "GET /xingrg/all/function/internal_message.html?_=1632102373850&CODE_STATE=getMsg HTTP/1.1" 200 27
114.85.125.222 - - [20/Sep/2021:09:46:13 +0800] "POST /xingrg/kc/buy/cgsh_order_operate.html HTTP/1.1" 200 13927
180.169.147.146 - - [20/Sep/2021:09:46:14 +0800] "GET /xingrg/all/function/internal_message.html?_=1632102410274&CODE_STATE=getMsg HTTP/1.1" 200 27
116.238.248.233 - - [20/Sep/2021:09:46:16 +0800] "POST /xingrg/kc/buy/cgsh_order_operate.html HTTP/1.1" 200 37
116.238.248.233 - - [20/Sep/2021:09:46:17 +0800] "POST /xingrg/kc/buy/cgsh_order_operate.html HTTP/1.1" 200 7418
180.169.147.146 - - [20/Sep/2021:09:46:18 +0800] "GET /xingrg/all/function/internal_message.html?_=1632102378917&CODE_STATE=getMsg HTTP/1.1" 200 27
222.70.179.190 - - [20/Sep/2021:09:46:19 +0800] "GET /xingrg/kc/buy/cgsh_order_operate.html?command=get_materiel&rest_code=00111&code=00101002027&supplier_code=00100199&order_time=2021-09-20 HTTP/1.1" 200 413
120.253.135.82 - - [20/Sep/2021:09:46:19 +0800] "GET /xingrg/kc/pszx/mdps_order_operate.html?command=get_materiel&pszx_code=00101&rest_code=00102&base_code=0010246&code=00101016138 HTTP/1.1" 200 449
114.85.125.222 - - [20/Sep/2021:09:46:20 +0800] "GET /xingrg/kc/buy/cgsh_order_operate.html?command=get_materiel&rest_code=00150&code=00101008087&supplier_code=00100007&order_time=2021-09-20 HTTP/1.1" 200 412
120.253.135.82 - - [20/Sep/2021:09:46:21 +0800] "POST /xingrg/all/common/load_select.html HTTP/1.1" 200 25
58.39.139.200 - - [20/Sep/2021:09:46:24 +0800] "GET /xingrg/all/function/internal_message.html?_=1632102328435&CODE_STATE=getMsg HTTP/1.1" 200 27
120.253.135.82 - - [20/Sep/2021:09:46:24 +0800] "GET /xingrg/kc/pszx/mdps_order_operate.html?command=get_materiel_price&pszx_code=00101&rest_code=00102&base_code=0010246&code=00101016138&unit_code=00100215&order_time=2021-09-21 HTTP/1.1" 200 36
58.37.227.186 - - [20/Sep/2021:09:46:25 +0800] "POST /xingrg/dwr/call/plaincall/AjaxCheckService.setItemNumber.dwr HTTP/1.1" 200 77
58.37.227.186 - - [20/Sep/2021:09:46:27 +0800] "POST /xingrg/dwr/call/plaincall/AjaxCheckService.setItemNumber.dwr HTTP/1.1" 200 77
58.37.227.186 - - [20/Sep/2021:09:46:27 +0800] "POST /xingrg/dwr/call/plaincall/AjaxCheckService.setItemNumber.dwr HTTP/1.1" 200 77
222.70.179.190 - - [20/Sep/2021:09:46:28 +0800] "GET /xingrg/kc/buy/cgsh_order_operate.html?command=get_materiel&rest_code=00111&code=00101001019&supplier_code=00100199&order_time=2021-09-20 HTTP/1.1" 200 415
180.152.125.3 - - [20/Sep/2021:09:46:30 +0800] "GET /xingrg/all/function/internal_message.html?_=1632102367814&CODE_STATE=getMsg HTTP/1.1" 200 27
58.37.227.186 - - [20/Sep/2021:09:46:30 +0800] "GET /xingrg/check_reg.html?_=1632102256504 HTTP/1.1" 200 22
120.253.135.82 - - [20/Sep/2021:09:46:30 +0800] "GET /xingrg/all/function/internal_message.html?_=1632102162224&CODE_STATE=getMsg HTTP/1.1" 200 27
58.40.7.146 - - [20/Sep/2021:09:46:31 +0800] "GET /xingrg/check_reg.html?_=1632102389782 HTTP/1.1" 200 22
58.40.7.146 - - [20/Sep/2021:09:46:31 +0800] "GET /xingrg/all/function/internal_message.html?_=1632102389783&CODE_STATE=getMsg HTTP/1.1" 200 27
58.37.227.186 - - [20/Sep/2021:09:46:32 +0800] "POST /xingrg/dwr/call/plaincall/AjaxCheckService.setItemNumber.dwr HTTP/1.1" 200 77
120.253.135.82 - - [20/Sep/2021:09:46:33 +0800] "GET /xingrg/javascript/easyui/themes/default/images/button_plain_hover.png HTTP/1.1" 200 144
222.70.179.190 - - [20/Sep/2021:09:46:34 +0800] "GET /xingrg/kc/buy/cgsh_order_operate.html?command=get_materiel&rest_code=00111&code=00101002016&supplier_code=00100199&order_time=2021-09-20 HTTP/1.1" 200 415
58.37.227.186 - - [20/Sep/2021:09:46:34 +0800] "POST /xingrg/dwr/call/plaincall/AjaxCheckService.setItemNumber.dwr HTTP/1.1" 200 77
116.230.105.26 - - [20/Sep/2021:09:46:34 +0800] "GET /xingrg/check_reg.html?_=1632102374014 HTTP/1.1" 200 22
116.230.105.26 - - [20/Sep/2021:09:46:34 +0800] "GET /xingrg/all/function/internal_message.html?_=1632102374016&CODE_STATE=getMsg HTTP/1.1" 200 27
222.70.246.151 - - [20/Sep/2021:09:46:35 +0800] "GET /xingrg/all/function/internal_message.html?_=1632102394931&CODE_STATE=getMsg HTTP/1.1" 200 27
116.238.248.233 - - [20/Sep/2021:09:46:35 +0800] "GET /xingrg/all/function/internal_message.html?_=1632102393269&CODE_STATE=getMsg HTTP/1.1" 200 27
120.253.135.82 - - [20/Sep/2021:09:46:35 +0800] "POST /xingrg/kc/pszx/mdps_order_operate.html HTTP/1.1" 200 37
120.253.135.82 - - [20/Sep/2021:09:46:36 +0800] "GET /xingrg/kc/pszx/mdps_order_info.html?code=312021092000554 HTTP/1.1" 200 23925
114.85.125.222 - - [20/Sep/2021:09:46:36 +0800] "GET /xingrg/kc/buy/cgsh_order_operate.html?command=get_materiel&rest_code=00150&code=00101008148&supplier_code=00100007&order_time=2021-09-20 HTTP/1.1" 200 416
120.253.135.82 - - [20/Sep/2021:09:46:36 +0800] "GET /xingrg/javascript/jquery_easy_ui/themes/icons/area.png HTTP/1.1" 200 262
120.253.135.82 - - [20/Sep/2021:09:46:36 +0800] "GET /xingrg/javascript/jquery_easy_ui/themes/icons/manage.png HTTP/1.1" 200 696
180.169.147.146 - - [20/Sep/2021:09:46:37 +0800] "GET /xingrg/all/function/internal_message.html?_=1632102395427&CODE_STATE=getMsg HTTP/1.1" 200 27
120.253.135.82 - - [20/Sep/2021:09:46:37 +0800] "GET /xingrg/javascript/easyui/themes/default/validatebox.css HTTP/1.1" 404 1104
120.253.135.82 - - [20/Sep/2021:09:46:37 +0800] "POST /xingrg/kc/pszx/mdps_order_operate.html HTTP/1.1" 200 22306
58.37.227.186 - - [20/Sep/2021:09:46:41 +0800] "POST /xingrg/dwr/call/plaincall/AjaxCheckService.setItemNumber.dwr HTTP/1.1" 200 77
124.79.246.142 - - [20/Sep/2021:09:46:42 +0800] "GET /xingrg/all/function/internal_message.html?_=1632102503183&CODE_STATE=getMsg HTTP/1.1" 200 27
222.70.179.190 - - [20/Sep/2021:09:46:43 +0800] "GET /xingrg/all/function/internal_message.html?_=1632102401163&CODE_STATE=getMsg HTTP/1.1" 200 27
172.20.0.100 - - [20/Sep/2021:09:46:44 +0800] "GET /xingrg/all/function/internal_message.html?_=1632102403790&CODE_STATE=getMsg HTTP/1.1" 200 27
180.169.147.146 - - [20/Sep/2021:09:46:44 +0800] "GET /xingrg/all/function/internal_message.html?_=1632102404597&CODE_STATE=getMsg HTTP/1.1" 200 27
114.85.125.222 - - [20/Sep/2021:09:46:44 +0800] "GET /xingrg/all/function/internal_message.html?_=1632102383837&CODE_STATE=getMsg HTTP/1.1" 200 27
114.83.218.170 - - [20/Sep/2021:09:46:46 +0800] "GET /xingrg/all/function/internal_message.html?_=1632102404478&CODE_STATE=getMsg HTTP/1.1" 200 27
58.37.227.186 - - [20/Sep/2021:09:46:46 +0800] "POST /xingrg/dwr/call/plaincall/AjaxCheckService.setItemNumber.dwr HTTP/1.1" 200 77
58.37.227.186 - - [20/Sep/2021:09:46:47 +0800] "POST /xingrg/dwr/call/plaincall/AjaxCheckService.setItemNumber.dwr HTTP/1.1" 200 77
58.37.227.186 - - [20/Sep/2021:09:46:49 +0800] "POST /xingrg/dwr/call/plaincall/AjaxCheckService.setItemNumber.dwr HTTP/1.1" 200 77
58.37.227.186 - - [20/Sep/2021:09:46:50 +0800] "POST /xingrg/dwr/call/plaincall/AjaxCheckService.setItemNumber.dwr HTTP/1.1" 200 77
180.169.147.146 - - [20/Sep/2021:09:46:50 +0800] "GET /xingrg/all/function/internal_message.html?_=1632102409294&CODE_STATE=getMsg HTTP/1.1" 200 27
58.37.227.186 - - [20/Sep/2021:09:46:51 +0800] "POST /xingrg/dwr/call/plaincall/AjaxCheckService.setItemNumber.dwr HTTP/1.1" 200 77
58.37.227.186 - - [20/Sep/2021:09:46:51 +0800] "POST /xingrg/dwr/call/plaincall/AjaxCheckService.setItemNumber.dwr HTTP/1.1" 200 77
58.37.227.186 - - [20/Sep/2021:09:46:52 +0800] "POST /xingrg/dwr/call/plaincall/AjaxCheckService.setItemNumber.dwr HTTP/1.1" 200 77
58.37.227.186 - - [20/Sep/2021:09:46:53 +0800] "POST /xingrg/dwr/call/plaincall/AjaxCheckService.setItemNumber.dwr HTTP/1.1" 200 77
58.37.227.186 - - [20/Sep/2021:09:46:54 +0800] "POST /xingrg/dwr/call/plaincall/AjaxCheckService.setItemNumber.dwr HTTP/1.1" 200 77
58.37.227.186 - - [20/Sep/2021:09:46:55 +0800] "POST /xingrg/dwr/call/plaincall/AjaxCheckService.setItemNumber.dwr HTTP/1.1" 200 77
116.233.75.58 - - [20/Sep/2021:09:46:55 +0800] "GET /xingrg/all/function/internal_message.html?_=1632102414048&CODE_STATE=getMsg HTTP/1.1" 200 27
58.37.227.186 - - [20/Sep/2021:09:46:56 +0800] "POST /xingrg/dwr/call/plaincall/AjaxCheckService.setItemNumber.dwr HTTP/1.1" 200 77
58.37.227.186 - - [20/Sep/2021:09:46:56 +0800] "POST /xingrg/dwr/call/plaincall/AjaxCheckService.setItemNumber.dwr HTTP/1.1" 200 77
58.37.227.186 - - [20/Sep/2021:09:46:57 +0800] "POST /xingrg/dwr/call/plaincall/AjaxCheckService.setItemNumber.dwr HTTP/1.1" 200 77
222.70.179.190 - - [20/Sep/2021:09:46:57 +0800] "POST /xingrg/kc/buy/cgsh_order_operate.html HTTP/1.1" 200 37
58.37.227.186 - - [20/Sep/2021:09:46:57 +0800] "POST /xingrg/dwr/call/plaincall/AjaxCheckService.setItemNumber.dwr HTTP/1.1" 200 77
58.37.227.186 - - [20/Sep/2021:09:46:58 +0800] "POST /xingrg/dwr/call/plaincall/AjaxCheckService.setItemNumber.dwr HTTP/1.1" 200 77
114.85.125.222 - - [20/Sep/2021:09:46:58 +0800] "GET /xingrg/kc/buy/cgsh_order_operate.html?command=get_materiel&rest_code=00150&code=00101008144&supplier_code=00100007&order_time=2021-09-20 HTTP/1.1" 200 412
58.37.227.186 - - [20/Sep/2021:09:46:58 +0800] "POST /xingrg/dwr/call/plaincall/AjaxCheckService.setItemNumber.dwr HTTP/1.1" 200 77
222.70.179.190 - - [20/Sep/2021:09:46:59 +0800] "POST /xingrg/kc/buy/cgsh_order_operate.html HTTP/1.1" 200 4443
58.37.227.186 - - [20/Sep/2021:09:46:59 +0800] "POST /xingrg/dwr/call/plaincall/AjaxCheckService.setItemNumber.dwr HTTP/1.1" 200 78
222.70.179.190 - - [20/Sep/2021:09:47:00 +0800] "GET /xingrg/kc/print/load_config.html?kc_code=cgsh HTTP/1.1" 200 2076
222.70.179.190 - - [20/Sep/2021:09:47:00 +0800] "GET /xingrg/kc/print/load_data.html?order_code=212021092008791&kc_code=cgsh&condition= HTTP/1.1" 200 1348
58.37.227.186 - - [20/Sep/2021:09:47:00 +0800] "POST /xingrg/dwr/call/plaincall/AjaxCheckService.setItemNumber.dwr HTTP/1.1" 200 78
58.39.139.200 - - [20/Sep/2021:09:47:01 +0800] "GET /xingrg/all/function/internal_message.html?_=1632102420568&CODE_STATE=getMsg HTTP/1.1" 200 27
58.39.139.200 - - [20/Sep/2021:09:47:01 +0800] "GET /xingrg/check_reg.html?_=1632102420778 HTTP/1.1" 200 22
58.37.227.186 - - [20/Sep/2021:09:47:01 +0800] "POST /xingrg/dwr/call/plaincall/AjaxCheckService.setItemNumber.dwr HTTP/1.1" 200 78
58.37.227.186 - - [20/Sep/2021:09:47:01 +0800] "POST /xingrg/dwr/call/plaincall/AjaxCheckService.setItemNumber.dwr HTTP/1.1" 200 78
58.37.227.186 - - [20/Sep/2021:09:47:02 +0800] "POST /xingrg/dwr/call/plaincall/AjaxCheckService.setItemNumber.dwr HTTP/1.1" 200 78
58.37.227.186 - - [20/Sep/2021:09:47:03 +0800] "POST /xingrg/dwr/call/plaincall/AjaxCheckService.setItemNumber.dwr HTTP/1.1" 200 78
58.37.227.186 - - [20/Sep/2021:09:47:03 +0800] "POST /xingrg/dwr/call/plaincall/AjaxCheckService.setItemNumber.dwr HTTP/1.1" 200 78
222.70.179.190 - - [20/Sep/2021:09:47:04 +0800] "GET /xingrg/kc/buy/cgsh_order_add.html HTTP/1.1" 200 63482
222.70.179.190 - - [20/Sep/2021:09:47:04 +0800] "POST /xingrg/kc/buy/cgsh_order_operate.html HTTP/1.1" 200 8245
222.70.179.190 - - [20/Sep/2021:09:47:04 +0800] "GET /xingrg/javascript/easyui/themes/default/validatebox.css HTTP/1.1" 404 1104
58.37.227.186 - - [20/Sep/2021:09:47:04 +0800] "POST /xingrg/dwr/call/plaincall/AjaxCheckService.setItemNumber.dwr HTTP/1.1" 200 78
58.37.227.186 - - [20/Sep/2021:09:47:10 +0800] "POST /xingrg/dwr/call/plaincall/AjaxCheckService.setItemNumber.dwr HTTP/1.1" 200 78
58.37.227.186 - - [20/Sep/2021:09:47:12 +0800] "POST /xingrg/dwr/call/plaincall/AjaxCheckService.setItemNumber.dwr HTTP/1.1" 200 78
222.69.130.189 - - [20/Sep/2021:09:47:13 +0800] "GET /xingrg/all/function/internal_message.html?_=1632102432547&CODE_STATE=getMsg HTTP/1.1" 200 27
222.69.130.189 - - [20/Sep/2021:09:47:13 +0800] "GET /xingrg/check_reg.html?_=1632102432550 HTTP/1.1" 200 22
58.37.227.186 - - [20/Sep/2021:09:47:13 +0800] "POST /xingrg/dwr/call/plaincall/AjaxCheckService.setItemNumber.dwr HTTP/1.1" 200 78
180.157.251.224 - - [20/Sep/2021:09:47:13 +0800] "GET /xingrg/check_reg.html?_=1632102433850 HTTP/1.1" 200 22
180.157.251.224 - - [20/Sep/2021:09:47:13 +0800] "GET /xingrg/all/function/internal_message.html?_=1632102433852&CODE_STATE=getMsg HTTP/1.1" 200 27
180.169.147.146 - - [20/Sep/2021:09:47:14 +0800] "GET /xingrg/all/function/internal_message.html?_=1632102470280&CODE_STATE=getMsg HTTP/1.1" 200 27
58.37.227.186 - - [20/Sep/2021:09:47:16 +0800] "POST /xingrg/dwr/call/plaincall/AjaxCheckService.setItemNumber.dwr HTTP/1.1" 200 78
58.37.227.186 - - [20/Sep/2021:09:47:16 +0800] "POST /xingrg/dwr/call/plaincall/AjaxCheckService.setItemNumber.dwr HTTP/1.1" 200 78
58.37.227.186 - - [20/Sep/2021:09:47:17 +0800] "POST /xingrg/dwr/call/plaincall/AjaxCheckService.setItemNumber.dwr HTTP/1.1" 200 78
58.37.227.186 - - [20/Sep/2021:09:47:17 +0800] "POST /xingrg/dwr/call/plaincall/AjaxCheckService.setItemNumber.dwr HTTP/1.1" 200 78
58.37.227.186 - - [20/Sep/2021:09:47:18 +0800] "POST /xingrg/dwr/call/plaincall/AjaxCheckService.setItemNumber.dwr HTTP/1.1" 200 78
58.37.227.186 - - [20/Sep/2021:09:47:18 +0800] "POST /xingrg/dwr/call/plaincall/AjaxCheckService.setItemNumber.dwr HTTP/1.1" 200 78
180.169.147.146 - - [20/Sep/2021:09:47:18 +0800] "GET /xingrg/all/function/internal_message.html?_=1632102438911&CODE_STATE=getMsg HTTP/1.1" 200 27
58.37.227.186 - - [20/Sep/2021:09:47:19 +0800] "POST /xingrg/dwr/call/plaincall/AjaxCheckService.setItemNumber.dwr HTTP/1.1" 200 78
58.37.227.186 - - [20/Sep/2021:09:47:20 +0800] "POST /xingrg/dwr/call/plaincall/AjaxCheckService.setItemNumber.dwr HTTP/1.1" 200 78
58.37.227.186 - - [20/Sep/2021:09:47:21 +0800] "POST /xingrg/dwr/call/plaincall/AjaxCheckService.setItemNumber.dwr HTTP/1.1" 200 78
58.37.227.186 - - [20/Sep/2021:09:47:21 +0800] "POST /xingrg/dwr/call/plaincall/AjaxCheckService.setItemNumber.dwr HTTP/1.1" 200 78
58.37.227.186 - - [20/Sep/2021:09:47:22 +0800] "POST /xingrg/dwr/call/plaincall/AjaxCheckService.setItemNumber.dwr HTTP/1.1" 200 78
58.37.227.186 - - [20/Sep/2021:09:47:22 +0800] "POST /xingrg/dwr/call/plaincall/AjaxCheckService.setItemNumber.dwr HTTP/1.1" 200 78
58.37.227.186 - - [20/Sep/2021:09:47:23 +0800] "POST /xingrg/dwr/call/plaincall/AjaxCheckService.setItemNumber.dwr HTTP/1.1" 200 78
58.37.227.186 - - [20/Sep/2021:09:47:24 +0800] "POST /xingrg/dwr/call/plaincall/AjaxCheckService.setItemNumber.dwr HTTP/1.1" 200 78
58.39.139.200 - - [20/Sep/2021:09:47:24 +0800] "GET /xingrg/all/function/internal_message.html?_=1632102388436&CODE_STATE=getMsg HTTP/1.1" 200 27
58.37.227.186 - - [20/Sep/2021:09:47:24 +0800] "POST /xingrg/dwr/call/plaincall/AjaxCheckService.setItemNumber.dwr HTTP/1.1" 200 78
58.37.227.186 - - [20/Sep/2021:09:47:27 +0800] "POST /xingrg/dwr/call/plaincall/AjaxCheckService.setItemNumber.dwr HTTP/1.1" 200 78
222.70.179.190 - - [20/Sep/2021:09:47:29 +0800] "GET /xingrg/kc/buy/cgsh_order_operate.html?command=get_materiel&rest_code=00111&code=00101006129&supplier_code=00100012&order_time=2021-09-20 HTTP/1.1" 200 431
180.152.125.3 - - [20/Sep/2021:09:47:30 +0800] "GET /xingrg/all/function/internal_message.html?_=1632102427827&CODE_STATE=getMsg HTTP/1.1" 200 27
120.253.135.82 - - [20/Sep/2021:09:47:31 +0800] "GET /xingrg/all/function/internal_message.html?_=1632102222269&CODE_STATE=getMsg HTTP/1.1" 200 27
58.40.7.146 - - [20/Sep/2021:09:47:31 +0800] "GET /xingrg/all/function/internal_message.html?_=1632102449785&CODE_STATE=getMsg HTTP/1.1" 200 27
58.37.227.186 - - [20/Sep/2021:09:47:33 +0800] "POST /xingrg/dwr/call/plaincall/AjaxCheckService.setItemNumber.dwr HTTP/1.1" 200 78
116.230.105.26 - - [20/Sep/2021:09:47:34 +0800] "GET /xingrg/all/function/internal_message.html?_=1632102434005&CODE_STATE=getMsg HTTP/1.1" 200 27
58.37.227.186 - - [20/Sep/2021:09:47:34 +0800] "POST /xingrg/dwr/call/plaincall/AjaxCheckService.setItemNumber.dwr HTTP/1.1" 200 78
222.70.246.151 - - [20/Sep/2021:09:47:35 +0800] "GET /xingrg/all/function/internal_message.html?_=1632102454942&CODE_STATE=getMsg HTTP/1.1" 200 27
58.37.227.186 - - [20/Sep/2021:09:47:35 +0800] "POST /xingrg/dwr/call/plaincall/AjaxCheckService.setItemNumber.dwr HTTP/1.1" 200 78
116.238.248.233 - - [20/Sep/2021:09:47:35 +0800] "GET /xingrg/all/function/internal_message.html?_=1632102453271&CODE_STATE=getMsg HTTP/1.1" 200 27
58.37.227.186 - - [20/Sep/2021:09:47:35 +0800] "POST /xingrg/dwr/call/plaincall/AjaxCheckService.setItemNumber.dwr HTTP/1.1" 200 78
58.37.227.186 - - [20/Sep/2021:09:47:36 +0800] "POST /xingrg/dwr/call/plaincall/AjaxCheckService.setItemNumber.dwr HTTP/1.1" 200 78
58.37.227.186 - - [20/Sep/2021:09:47:37 +0800] "POST /xingrg/dwr/call/plaincall/AjaxCheckService.setItemNumber.dwr HTTP/1.1" 200 78
180.169.147.146 - - [20/Sep/2021:09:47:37 +0800] "GET /xingrg/all/function/internal_message.html?_=1632102455439&CODE_STATE=getMsg HTTP/1.1" 200 27
58.37.227.186 - - [20/Sep/2021:09:47:38 +0800] "POST /xingrg/dwr/call/plaincall/AjaxCheckService.setItemNumber.dwr HTTP/1.1" 200 78
116.233.75.58 - - [20/Sep/2021:09:47:38 +0800] "POST /xingrg/kc/buy/cgsh_order_operate.html HTTP/1.1" 200 37
58.37.227.186 - - [20/Sep/2021:09:47:40 +0800] "POST /xingrg/dwr/call/plaincall/AjaxCheckService.setItemNumber.dwr HTTP/1.1" 200 78
58.37.227.186 - - [20/Sep/2021:09:47:41 +0800] "POST /xingrg/dwr/call/plaincall/AjaxCheckService.setItemNumber.dwr HTTP/1.1" 200 78
58.37.227.186 - - [20/Sep/2021:09:47:41 +0800] "POST /xingrg/dwr/call/plaincall/AjaxCheckService.setItemNumber.dwr HTTP/1.1" 200 78
124.79.246.142 - - [20/Sep/2021:09:47:42 +0800] "GET /xingrg/all/function/internal_message.html?_=1632102563179&CODE_STATE=getMsg HTTP/1.1" 200 27
58.37.227.186 - - [20/Sep/2021:09:47:42 +0800] "POST /xingrg/dwr/call/plaincall/AjaxCheckService.setItemNumber.dwr HTTP/1.1" 200 78
222.70.179.190 - - [20/Sep/2021:09:47:43 +0800] "GET /xingrg/all/function/internal_message.html?_=1632102461190&CODE_STATE=getMsg HTTP/1.1" 200 27
58.37.227.186 - - [20/Sep/2021:09:47:44 +0800] "POST /xingrg/dwr/call/plaincall/AjaxCheckService.setItemNumber.dwr HTTP/1.1" 200 78
172.20.0.100 - - [20/Sep/2021:09:47:44 +0800] "GET /xingrg/all/function/internal_message.html?_=1632102463778&CODE_STATE=getMsg HTTP/1.1" 200 27
180.169.147.146 - - [20/Sep/2021:09:47:44 +0800] "GET /xingrg/all/function/internal_message.html?_=1632102464605&CODE_STATE=getMsg HTTP/1.1" 200 27
114.85.125.222 - - [20/Sep/2021:09:47:44 +0800] "GET /xingrg/check_reg.html?_=1632102443735 HTTP/1.1" 200 22
114.85.125.222 - - [20/Sep/2021:09:47:44 +0800] "GET /xingrg/all/function/internal_message.html?_=1632102443844&CODE_STATE=getMsg HTTP/1.1" 200 27
114.83.218.170 - - [20/Sep/2021:09:47:46 +0800] "GET /xingrg/check_reg.html?_=1632102464493 HTTP/1.1" 200 22
114.83.218.170 - - [20/Sep/2021:09:47:46 +0800] "GET /xingrg/all/function/internal_message.html?_=1632102464496&CODE_STATE=getMsg HTTP/1.1" 200 27
58.37.227.186 - - [20/Sep/2021:09:47:49 +0800] "POST /xingrg/dwr/call/plaincall/AjaxCheckService.setItemNumber.dwr HTTP/1.1" 200 78
180.169.147.146 - - [20/Sep/2021:09:47:50 +0800] "GET /xingrg/all/function/internal_message.html?_=1632102469296&CODE_STATE=getMsg HTTP/1.1" 200 27
58.37.227.186 - - [20/Sep/2021:09:47:52 +0800] "POST /xingrg/dwr/call/plaincall/AjaxCheckService.setItemNumber.dwr HTTP/1.1" 200 78
116.233.75.58 - - [20/Sep/2021:09:47:52 +0800] "POST /xingrg/kc/buy/cgsh_order_operate.html HTTP/1.1" 200 37016
58.37.227.186 - - [20/Sep/2021:09:47:52 +0800] "POST /xingrg/dwr/call/plaincall/AjaxCheckService.setItemNumber.dwr HTTP/1.1" 200 78
58.37.227.186 - - [20/Sep/2021:09:47:53 +0800] "POST /xingrg/dwr/call/plaincall/AjaxCheckService.setItemNumber.dwr HTTP/1.1" 200 78
