58.39.139.200 - - [20/Sep/2021:10:28:24 +0800] "GET /xingrg/check_reg.html?_=1632104848489 HTTP/1.1" 200 22
58.39.139.200 - - [20/Sep/2021:10:28:24 +0800] "GET /xingrg/all/function/internal_message.html?_=1632104848492&CODE_STATE=getMsg HTTP/1.1" 200 27
116.237.74.154 - - [20/Sep/2021:10:28:24 +0800] "GET /xingrg/kc/buy/cgsh_order_operate.html?command=get_materiel&rest_code=00106&code=00101008283&supplier_code=00100007&order_time=2021-09-20 HTTP/1.1" 200 408
116.238.248.233 - - [20/Sep/2021:10:28:29 +0800] "GET /xingrg/all/function/internal_message.html?_=1632104907394&CODE_STATE=getMsg HTTP/1.1" 200 27
116.233.75.58 - - [20/Sep/2021:10:28:30 +0800] "GET /xingrg/kc/buy/cgsh_order_operate.html?command=get_materiel&rest_code=00109&code=00101001084&supplier_code=00100454&order_time=2021-09-20 HTTP/1.1" 200 413
58.40.7.146 - - [20/Sep/2021:10:28:31 +0800] "GET /xingrg/all/function/internal_message.html?_=1632104909819&CODE_STATE=getMsg HTTP/1.1" 200 27
222.70.179.190 - - [20/Sep/2021:10:28:31 +0800] "GET /xingrg/kc/buy/cgsh_order_add.html HTTP/1.1" 200 63482
120.253.135.82 - - [20/Sep/2021:10:28:31 +0800] "GET /xingrg/all/function/internal_message.html?_=1632104682966&CODE_STATE=getMsg HTTP/1.1" 200 27
222.70.179.190 - - [20/Sep/2021:10:28:31 +0800] "POST /xingrg/kc/buy/cgsh_order_operate.html HTTP/1.1" 200 8245
222.70.179.190 - - [20/Sep/2021:10:28:31 +0800] "GET /xingrg/javascript/easyui/themes/default/validatebox.css HTTP/1.1" 404 1104
116.237.74.154 - - [20/Sep/2021:10:28:32 +0800] "GET /xingrg/all/function/internal_message.html?_=1632104911307&CODE_STATE=getMsg HTTP/1.1" 200 27
116.237.74.154 - - [20/Sep/2021:10:28:33 +0800] "GET /xingrg/kc/buy/cgsh_order_operate.html?command=get_materiel&rest_code=00106&code=00101008163&supplier_code=00100007&order_time=2021-09-20 HTTP/1.1" 200 409
116.230.105.26 - - [20/Sep/2021:10:28:34 +0800] "GET /xingrg/all/function/internal_message.html?_=1632104894002&CODE_STATE=getMsg HTTP/1.1" 200 27
180.169.147.146 - - [20/Sep/2021:10:28:36 +0800] "GET /xingrg/check_reg.html?_=1632104914432 HTTP/1.1" 302 -
222.70.246.151 - - [20/Sep/2021:10:28:36 +0800] "GET /xingrg/check_reg.html?_=1632104916243 HTTP/1.1" 200 22
222.70.246.151 - - [20/Sep/2021:10:28:36 +0800] "GET /xingrg/all/function/internal_message.html?_=1632104916359&CODE_STATE=getMsg HTTP/1.1" 200 27
180.169.147.146 - - [20/Sep/2021:10:28:37 +0800] "GET /xingrg/all/function/internal_message.html?_=1632104915428&CODE_STATE=getMsg HTTP/1.1" 200 27
116.233.75.58 - - [20/Sep/2021:10:28:41 +0800] "POST /xingrg/kc/buy/cgsh_order_operate.html HTTP/1.1" 200 37
116.233.75.58 - - [20/Sep/2021:10:28:43 +0800] "POST /xingrg/kc/buy/cgsh_order_operate.html HTTP/1.1" 200 5622
172.20.0.100 - - [20/Sep/2021:10:28:44 +0800] "GET /xingrg/all/function/internal_message.html?_=1632104922731&CODE_STATE=getMsg HTTP/1.1" 200 27
180.169.147.146 - - [20/Sep/2021:10:28:44 +0800] "GET /xingrg/all/function/internal_message.html?_=1632104922969&CODE_STATE=getMsg HTTP/1.1" 200 27
116.237.74.154 - - [20/Sep/2021:10:28:44 +0800] "GET /xingrg/kc/buy/cgsh_order_operate.html?command=get_materiel&rest_code=00106&code=00101008355&supplier_code=00100007&order_time=2021-09-20 HTTP/1.1" 200 408
116.233.75.58 - - [20/Sep/2021:10:28:44 +0800] "GET /xingrg/kc/print/load_config.html?kc_code=cgsh HTTP/1.1" 200 2076
116.233.75.58 - - [20/Sep/2021:10:28:45 +0800] "GET /xingrg/kc/print/load_data.html?order_code=212021092008835&kc_code=cgsh&condition= HTTP/1.1" 200 1779
114.83.218.170 - - [20/Sep/2021:10:28:46 +0800] "GET /xingrg/all/function/internal_message.html?_=1632104924640&CODE_STATE=getMsg HTTP/1.1" 200 27
116.233.75.58 - - [20/Sep/2021:10:28:48 +0800] "GET /xingrg/kc/buy/cgsh_order_add.html HTTP/1.1" 200 63523
116.233.75.58 - - [20/Sep/2021:10:28:48 +0800] "GET /xingrg/words/20210920102454_words.js HTTP/1.1" 304 -
116.233.75.58 - - [20/Sep/2021:10:28:48 +0800] "GET /xingrg/javascript/easyui/themes/default/validatebox.css HTTP/1.1" 404 1104
116.233.75.58 - - [20/Sep/2021:10:28:48 +0800] "GET /xingrg/all/common/auto_word.html?type=employee&rest_code=00109 HTTP/1.1" 200 255
116.233.75.58 - - [20/Sep/2021:10:28:48 +0800] "POST /xingrg/kc/buy/cgsh_order_operate.html HTTP/1.1" 200 8245
116.233.75.58 - - [20/Sep/2021:10:28:48 +0800] "GET /xingrg/all/common/auto_word.html?type=employee&rest_code=00109 HTTP/1.1" 200 255
180.169.147.146 - - [20/Sep/2021:10:28:50 +0800] "GET /xingrg/all/function/internal_message.html?_=1632104929341&CODE_STATE=getMsg HTTP/1.1" 200 27
116.233.75.58 - - [20/Sep/2021:10:28:51 +0800] "GET /xingrg/all/function/internal_message.html?_=1632104929694&CODE_STATE=getMsg HTTP/1.1" 200 27
116.233.75.58 - - [20/Sep/2021:10:28:51 +0800] "GET /xingrg/javascript/jquery_tools/images/prev.gif HTTP/1.1" 404 1086
116.233.75.58 - - [20/Sep/2021:10:28:51 +0800] "GET /xingrg/javascript/jquery_tools/images/next.gif HTTP/1.1" 404 1086
58.40.7.146 - - [20/Sep/2021:10:28:51 +0800] "GET /xingrg/all/function/internal_message.html?_=1632104929939&CODE_STATE=getMsg HTTP/1.1" 200 27
58.37.227.186 - - [20/Sep/2021:10:28:52 +0800] "GET /xingrg/all/function/internal_message.html?_=1632104798598&CODE_STATE=getMsg HTTP/1.1" 200 27
58.37.227.186 - - [20/Sep/2021:10:28:52 +0800] "GET /xingrg/check_reg.html?_=1632104798599 HTTP/1.1" 200 22
116.237.74.154 - - [20/Sep/2021:10:28:54 +0800] "GET /xingrg/kc/buy/cgsh_order_operate.html?command=get_materiel&rest_code=00106&code=00101008264&supplier_code=00100007&order_time=2021-09-20 HTTP/1.1" 200 412
116.237.74.154 - - [20/Sep/2021:10:28:56 +0800] "GET /xingrg/all/function/internal_message.html?_=1632104934791&CODE_STATE=getMsg HTTP/1.1" 200 27
222.70.179.190 - - [20/Sep/2021:10:28:57 +0800] "GET /xingrg/kc/buy/cgsh_order_operate.html?command=get_materiel&rest_code=00111&code=00101009034&supplier_code=00100335&order_time=2021-09-20 HTTP/1.1" 200 428
116.233.75.58 - - [20/Sep/2021:10:28:58 +0800] "GET /xingrg/kc/buy/cgsh_order_operate.html?command=get_materiel&rest_code=00109&code=00101007049&supplier_code=00100004&order_time=2021-09-20 HTTP/1.1" 200 409
114.85.125.222 - - [20/Sep/2021:10:29:02 +0800] "GET /xingrg/all/function/internal_message.html?_=1632104920948&CODE_STATE=getMsg HTTP/1.1" 200 27
116.237.74.154 - - [20/Sep/2021:10:29:04 +0800] "GET /xingrg/kc/buy/cgsh_order_operate.html?command=get_materiel&rest_code=00106&code=00101008356&supplier_code=00100007&order_time=2021-09-20 HTTP/1.1" 200 408
180.157.251.224 - - [20/Sep/2021:10:29:07 +0800] "POST /xingrg/services/DataTransmitService HTTP/1.1" 200 524
116.233.75.58 - - [20/Sep/2021:10:29:10 +0800] "GET /xingrg/kc/buy/cgsh_order_operate.html?command=get_materiel&rest_code=00109&code=00101007081&supplier_code=00100004&order_time=2021-09-20 HTTP/1.1" 200 413
116.237.74.154 - - [20/Sep/2021:10:29:12 +0800] "GET /xingrg/kc/buy/cgsh_order_operate.html?command=get_materiel&rest_code=00106&code=00101008439&supplier_code=00100007&order_time=2021-09-20 HTTP/1.1" 200 399
180.157.251.224 - - [20/Sep/2021:10:29:13 +0800] "GET /xingrg/all/function/internal_message.html?_=1632104953933&CODE_STATE=getMsg HTTP/1.1" 200 27
180.169.147.146 - - [20/Sep/2021:10:29:14 +0800] "GET /xingrg/all/function/internal_message.html?_=1632104990300&CODE_STATE=getMsg HTTP/1.1" 200 27
101.85.93.96 - - [20/Sep/2021:10:29:17 +0800] "GET /xingrg/all/function/internal_message.html?_=1632104866160&CODE_STATE=getMsg HTTP/1.1" 200 27
116.233.75.58 - - [20/Sep/2021:10:29:17 +0800] "GET /xingrg/kc/buy/cgsh_order_operate.html?command=get_materiel&rest_code=00109&code=00101007075&supplier_code=00100004&order_time=2021-09-20 HTTP/1.1" 200 408
222.70.179.190 - - [20/Sep/2021:10:29:17 +0800] "GET /xingrg/check_reg.html?_=1632104954939 HTTP/1.1" 200 22
222.70.179.190 - - [20/Sep/2021:10:29:17 +0800] "GET /xingrg/all/function/internal_message.html?_=1632104955099&CODE_STATE=getMsg HTTP/1.1" 200 27
116.238.248.233 - - [20/Sep/2021:10:29:19 +0800] "GET /xingrg/kc/base/check_order_list.html HTTP/1.1" 200 16349
180.157.251.224 - - [20/Sep/2021:10:29:19 +0800] "POST /xingrg/services/DataTransmitService HTTP/1.1" 200 501
116.238.248.233 - - [20/Sep/2021:10:29:19 +0800] "POST /xingrg/kc/base/check_list_operate.html HTTP/1.1" 200 2241
180.157.251.224 - - [20/Sep/2021:10:29:19 +0800] "POST /xingrg/services/DataTransmitService HTTP/1.1" 200 501
222.70.179.190 - - [20/Sep/2021:10:29:21 +0800] "POST /xingrg/kc/buy/cgsh_order_operate.html HTTP/1.1" 200 37
116.237.74.154 - - [20/Sep/2021:10:29:21 +0800] "GET /xingrg/kc/buy/cgsh_order_operate.html?command=get_materiel&rest_code=00106&code=00101008362&supplier_code=00100007&order_time=2021-09-20 HTTP/1.1" 200 409
180.157.251.224 - - [20/Sep/2021:10:29:22 +0800] "POST /xingrg/services/DataTransmitService HTTP/1.1" 200 501
222.70.179.190 - - [20/Sep/2021:10:29:22 +0800] "POST /xingrg/kc/buy/cgsh_order_operate.html HTTP/1.1" 200 2666
58.39.139.200 - - [20/Sep/2021:10:29:23 +0800] "GET /xingrg/all/function/internal_message.html?_=1632104962814&CODE_STATE=getMsg HTTP/1.1" 200 27
58.39.139.200 - - [20/Sep/2021:10:29:24 +0800] "GET /xingrg/all/function/internal_message.html?_=1632104908492&CODE_STATE=getMsg HTTP/1.1" 200 27
58.39.139.200 - - [20/Sep/2021:10:29:24 +0800] "GET /xingrg/kc/base/wldb_order_list.html HTTP/1.1" 200 19224
58.39.139.200 - - [20/Sep/2021:10:29:25 +0800] "POST /xingrg/kc/base/wldb_list_operate.html HTTP/1.1" 200 928
222.70.179.190 - - [20/Sep/2021:10:29:25 +0800] "GET /xingrg/kc/print/load_data.html?order_code=212021092008838&kc_code=cgsh&condition= HTTP/1.1" 200 670
180.157.251.224 - - [20/Sep/2021:10:29:25 +0800] "POST /xingrg/services/DataTransmitService HTTP/1.1" 200 501
180.157.251.224 - - [20/Sep/2021:10:29:26 +0800] "POST /xingrg/services/DataTransmitService HTTP/1.1" 200 501
58.39.139.200 - - [20/Sep/2021:10:29:26 +0800] "GET /xingrg/kc/base/wldb_order_add.html HTTP/1.1" 200 30438
180.157.251.224 - - [20/Sep/2021:10:29:26 +0800] "POST /xingrg/services/DataTransmitService HTTP/1.1" 200 501
58.39.139.200 - - [20/Sep/2021:10:29:26 +0800] "GET /xingrg/words/20210920102454_words.js HTTP/1.1" 200 847791
180.157.251.224 - - [20/Sep/2021:10:29:26 +0800] "POST /xingrg/services/DataTransmitService HTTP/1.1" 200 501
58.39.139.200 - - [20/Sep/2021:10:29:27 +0800] "POST /xingrg/kc/base/wldb_order_operate.html HTTP/1.1" 200 6806
180.157.251.224 - - [20/Sep/2021:10:29:27 +0800] "POST /xingrg/services/DataTransmitService HTTP/1.1" 200 501
58.39.139.200 - - [20/Sep/2021:10:29:27 +0800] "GET /xingrg/all/common/auto_word.html?type=base&rest_code=00105 HTTP/1.1" 200 1811
58.39.139.200 - - [20/Sep/2021:10:29:27 +0800] "GET /xingrg/all/common/auto_word.html?type=base&rest_code=00105 HTTP/1.1" 200 1811
58.39.139.200 - - [20/Sep/2021:10:29:27 +0800] "GET /xingrg/javascript/easyui/themes/default/validatebox.css HTTP/1.1" 404 1104
180.157.251.224 - - [20/Sep/2021:10:29:27 +0800] "POST /xingrg/services/DataTransmitService HTTP/1.1" 200 501
116.237.74.154 - - [20/Sep/2021:10:29:28 +0800] "GET /xingrg/kc/buy/cgsh_order_operate.html?command=get_materiel&rest_code=00106&code=00101008360&supplier_code=00100007&order_time=2021-09-20 HTTP/1.1" 200 412
58.39.139.200 - - [20/Sep/2021:10:29:28 +0800] "GET /xingrg/css/images/panel_loading.gif HTTP/1.1" 304 -
58.39.139.200 - - [20/Sep/2021:10:29:28 +0800] "POST /xingrg/all/common/load_combo.html?type=base HTTP/1.1" 200 3236
180.157.251.224 - - [20/Sep/2021:10:29:29 +0800] "POST /xingrg/services/DataTransmitService HTTP/1.1" 200 412
222.70.179.190 - - [20/Sep/2021:10:29:29 +0800] "GET /xingrg/kc/buy/cgsh_order_add.html HTTP/1.1" 200 63482
116.238.248.233 - - [20/Sep/2021:10:29:29 +0800] "GET /xingrg/kc/base/check_order_info.html?code=452021091900167 HTTP/1.1" 200 26364
116.238.248.233 - - [20/Sep/2021:10:29:29 +0800] "GET /xingrg/dwr/interface/AjaxComOrderService.js HTTP/1.1" 200 18264
116.238.248.233 - - [20/Sep/2021:10:29:29 +0800] "GET /xingrg/dwr/interface/AjaxCheckService.js HTTP/1.1" 200 14003
116.238.248.233 - - [20/Sep/2021:10:29:29 +0800] "GET /xingrg/dwr/engine.js HTTP/1.1" 200 43631
116.238.248.233 - - [20/Sep/2021:10:29:29 +0800] "GET /xingrg/all/function/internal_message.html?_=1632104967567&CODE_STATE=getMsg HTTP/1.1" 200 27
222.70.179.190 - - [20/Sep/2021:10:29:30 +0800] "POST /xingrg/kc/buy/cgsh_order_operate.html HTTP/1.1" 200 8245
222.70.179.190 - - [20/Sep/2021:10:29:30 +0800] "GET /xingrg/javascript/easyui/themes/default/validatebox.css HTTP/1.1" 404 1104
116.238.248.233 - - [20/Sep/2021:10:29:30 +0800] "POST /xingrg/dwr/call/plaincall/AjaxCheckService.loadOrderItems.dwr HTTP/1.1" 200 44225
116.233.75.58 - - [20/Sep/2021:10:29:31 +0800] "POST /xingrg/kc/buy/cgsh_order_operate.html HTTP/1.1" 200 37
120.253.135.82 - - [20/Sep/2021:10:29:31 +0800] "GET /xingrg/check_reg.html?_=1632104742445 HTTP/1.1" 200 22
58.40.7.146 - - [20/Sep/2021:10:29:31 +0800] "GET /xingrg/all/function/internal_message.html?_=1632104969806&CODE_STATE=getMsg HTTP/1.1" 200 27
120.253.135.82 - - [20/Sep/2021:10:29:31 +0800] "GET /xingrg/all/function/internal_message.html?_=1632104742979&CODE_STATE=getMsg HTTP/1.1" 200 27
116.233.75.58 - - [20/Sep/2021:10:29:32 +0800] "POST /xingrg/kc/buy/cgsh_order_operate.html HTTP/1.1" 200 3836
116.237.74.154 - - [20/Sep/2021:10:29:32 +0800] "GET /xingrg/all/function/internal_message.html?_=1632104971307&CODE_STATE=getMsg HTTP/1.1" 200 27
116.233.75.58 - - [20/Sep/2021:10:29:33 +0800] "GET /xingrg/kc/print/load_config.html?kc_code=cgsh HTTP/1.1" 200 2076
116.233.75.58 - - [20/Sep/2021:10:29:33 +0800] "GET /xingrg/kc/print/load_data.html?order_code=212021092008839&kc_code=cgsh&condition= HTTP/1.1" 200 1160
180.152.125.3 - - [20/Sep/2021:10:29:33 +0800] "GET /xingrg/check_reg.html?_=1632104950224 HTTP/1.1" 200 22
58.39.139.200 - - [20/Sep/2021:10:29:34 +0800] "GET /xingrg/kc/base/wldb_order_operate.html?command=get_materiel&rest_code=00105&base_code=0010507&code=00101016001 HTTP/1.1" 200 457
116.230.105.26 - - [20/Sep/2021:10:29:34 +0800] "GET /xingrg/all/function/internal_message.html?_=1632104954010&CODE_STATE=getMsg HTTP/1.1" 200 27
116.237.74.154 - - [20/Sep/2021:10:29:35 +0800] "GET /xingrg/kc/buy/cgsh_order_operate.html?command=get_materiel&rest_code=00106&code=00101008096&supplier_code=00100007&order_time=2021-09-20 HTTP/1.1" 200 412
58.39.139.200 - - [20/Sep/2021:10:29:35 +0800] "GET /xingrg/javascript/jquery_easy_ui/themes/default/images/tabs_active.png HTTP/1.1" 304 -
116.233.75.58 - - [20/Sep/2021:10:29:36 +0800] "GET /xingrg/kc/buy/cgsh_order_add.html HTTP/1.1" 200 63523
116.233.75.58 - - [20/Sep/2021:10:29:36 +0800] "GET /xingrg/words/20210920102454_words.js HTTP/1.1" 304 -
116.233.75.58 - - [20/Sep/2021:10:29:36 +0800] "POST /xingrg/kc/buy/cgsh_order_operate.html HTTP/1.1" 200 8245
116.233.75.58 - - [20/Sep/2021:10:29:36 +0800] "GET /xingrg/all/common/auto_word.html?type=employee&rest_code=00109 HTTP/1.1" 200 255
116.233.75.58 - - [20/Sep/2021:10:29:36 +0800] "GET /xingrg/all/common/auto_word.html?type=employee&rest_code=00109 HTTP/1.1" 200 255
116.233.75.58 - - [20/Sep/2021:10:29:36 +0800] "GET /xingrg/javascript/easyui/themes/default/validatebox.css HTTP/1.1" 404 1104
222.70.246.151 - - [20/Sep/2021:10:29:36 +0800] "GET /xingrg/all/function/internal_message.html?_=1632104976655&CODE_STATE=getMsg HTTP/1.1" 200 27
180.169.147.146 - - [20/Sep/2021:10:29:37 +0800] "GET /xingrg/all/function/internal_message.html?_=1632104975425&CODE_STATE=getMsg HTTP/1.1" 200 27
116.233.75.58 - - [20/Sep/2021:10:29:38 +0800] "GET /xingrg/javascript/jquery_tools/images/prev.gif HTTP/1.1" 404 1086
116.233.75.58 - - [20/Sep/2021:10:29:38 +0800] "GET /xingrg/javascript/jquery_tools/images/next.gif HTTP/1.1" 404 1086
58.39.139.200 - - [20/Sep/2021:10:29:38 +0800] "GET /xingrg/kc/buy/cgsh_order_list.html HTTP/1.1" 200 47744
58.39.139.200 - - [20/Sep/2021:10:29:40 +0800] "POST /xingrg/kc/buy/cgsh_list_operate.html HTTP/1.1" 200 1681
116.237.74.154 - - [20/Sep/2021:10:29:41 +0800] "GET /xingrg/kc/buy/cgsh_order_operate.html?command=get_materiel&rest_code=00106&code=00101008069&supplier_code=00100007&order_time=2021-09-20 HTTP/1.1" 200 412
222.70.179.190 - - [20/Sep/2021:10:29:43 +0800] "GET /xingrg/kc/buy/cgsh_order_operate.html?command=get_materiel&rest_code=00111&code=00101010616&supplier_code=00100323&order_time=2021-09-20 HTTP/1.1" 200 395
172.20.0.100 - - [20/Sep/2021:10:29:44 +0800] "GET /xingrg/all/function/internal_message.html?_=1632104982732&CODE_STATE=getMsg HTTP/1.1" 200 27
172.20.0.100 - - [20/Sep/2021:10:29:44 +0800] "GET /xingrg/check_reg.html?_=1632104982736 HTTP/1.1" 200 22
180.169.147.146 - - [20/Sep/2021:10:29:44 +0800] "GET /xingrg/check_reg.html?_=1632104982974 HTTP/1.1" 200 22
180.169.147.146 - - [20/Sep/2021:10:29:44 +0800] "GET /xingrg/all/function/internal_message.html?_=1632104982978&CODE_STATE=getMsg HTTP/1.1" 200 27
116.233.75.58 - - [20/Sep/2021:10:29:46 +0800] "GET /xingrg/kc/buy/cgsh_order_operate.html?command=get_materiel&rest_code=00109&code=00101006130&supplier_code=00100015&order_time=2021-09-20 HTTP/1.1" 200 427
114.83.218.170 - - [20/Sep/2021:10:29:46 +0800] "GET /xingrg/all/function/internal_message.html?_=1632104984642&CODE_STATE=getMsg HTTP/1.1" 200 27
116.237.74.154 - - [20/Sep/2021:10:29:48 +0800] "GET /xingrg/kc/buy/cgsh_order_operate.html?command=get_materiel&rest_code=00106&code=00101008286&supplier_code=00100007&order_time=2021-09-20 HTTP/1.1" 200 408
180.169.147.146 - - [20/Sep/2021:10:29:50 +0800] "GET /xingrg/all/function/internal_message.html?_=1632104989343&CODE_STATE=getMsg HTTP/1.1" 200 27
116.233.75.58 - - [20/Sep/2021:10:29:51 +0800] "GET /xingrg/all/function/internal_message.html?_=1632104989684&CODE_STATE=getMsg HTTP/1.1" 200 27
58.40.7.146 - - [20/Sep/2021:10:29:51 +0800] "GET /xingrg/all/function/internal_message.html?_=1632104989925&CODE_STATE=getMsg HTTP/1.1" 200 27
116.237.74.154 - - [20/Sep/2021:10:29:56 +0800] "GET /xingrg/all/function/internal_message.html?_=1632104994771&CODE_STATE=getMsg HTTP/1.1" 200 27
180.157.251.224 - - [20/Sep/2021:10:29:58 +0800] "GET /favicon.ico HTTP/1.1" 404 -
116.237.74.154 - - [20/Sep/2021:10:29:59 +0800] "POST /xingrg/kc/buy/cgsh_order_operate.html HTTP/1.1" 200 37
116.233.75.58 - - [20/Sep/2021:10:29:59 +0800] "GET /xingrg/kc/buy/cgsh_order_operate.html?command=get_materiel&rest_code=00109&code=00101006115&supplier_code=00100015&order_time=2021-09-20 HTTP/1.1" 200 408
116.237.74.154 - - [20/Sep/2021:10:30:01 +0800] "POST /xingrg/kc/buy/cgsh_order_operate.html HTTP/1.1" 200 12693
114.85.125.222 - - [20/Sep/2021:10:30:02 +0800] "GET /xingrg/all/function/internal_message.html?_=1632104980952&CODE_STATE=getMsg HTTP/1.1" 200 27
222.70.179.190 - - [20/Sep/2021:10:30:05 +0800] "GET /xingrg/kc/buy/cgsh_order_operate.html?command=get_materiel&rest_code=00111&code=00101007122&supplier_code=00100323&order_time=2021-09-20 HTTP/1.1" 200 437
116.233.75.58 - - [20/Sep/2021:10:30:07 +0800] "GET /xingrg/kc/buy/cgsh_order_operate.html?command=get_materiel&rest_code=00109&code=00101006006&supplier_code=00100015&order_time=2021-09-20 HTTP/1.1" 200 409
116.237.74.154 - - [20/Sep/2021:10:30:09 +0800] "GET /xingrg/kc/buy/cgsh_order_operate.html?command=get_materiel&rest_code=00106&code=00101008036&supplier_code=00100007&order_time=2021-09-20 HTTP/1.1" 200 427
180.157.251.224 - - [20/Sep/2021:10:30:13 +0800] "GET /xingrg/all/function/internal_message.html?_=1632105013933&CODE_STATE=getMsg HTTP/1.1" 200 27
180.169.147.146 - - [20/Sep/2021:10:30:14 +0800] "GET /xingrg/all/function/internal_message.html?_=1632105050306&CODE_STATE=getMsg HTTP/1.1" 200 27
101.85.93.96 - - [20/Sep/2021:10:30:17 +0800] "GET /xingrg/all/function/internal_message.html?_=1632104926159&CODE_STATE=getMsg HTTP/1.1" 200 27
116.233.75.58 - - [20/Sep/2021:10:30:17 +0800] "GET /xingrg/kc/buy/cgsh_order_operate.html?command=get_materiel&rest_code=00109&code=00101006180&supplier_code=00100015&order_time=2021-09-20 HTTP/1.1" 200 423
222.70.179.190 - - [20/Sep/2021:10:30:17 +0800] "GET /xingrg/all/function/internal_message.html?_=1632105015079&CODE_STATE=getMsg HTTP/1.1" 200 27
116.237.74.154 - - [20/Sep/2021:10:30:18 +0800] "GET /xingrg/kc/buy/cgsh_order_operate.html?command=get_materiel&rest_code=00106&code=00101008131&supplier_code=00100007&order_time=2021-09-20 HTTP/1.1" 200 408
58.39.139.200 - - [20/Sep/2021:10:30:23 +0800] "GET /xingrg/all/function/internal_message.html?_=1632105022815&CODE_STATE=getMsg HTTP/1.1" 200 27
58.39.139.200 - - [20/Sep/2021:10:30:24 +0800] "GET /xingrg/all/function/internal_message.html?_=1632104968518&CODE_STATE=getMsg HTTP/1.1" 200 27
116.233.75.58 - - [20/Sep/2021:10:30:25 +0800] "GET /xingrg/kc/buy/cgsh_order_operate.html?command=get_materiel&rest_code=00109&code=00101006195&supplier_code=00100015&order_time=2021-09-20 HTTP/1.1" 200 409
222.70.179.190 - - [20/Sep/2021:10:30:27 +0800] "GET /xingrg/kc/buy/cgsh_order_operate.html?command=get_materiel&rest_code=00111&code=00101006179&supplier_code=00100323&order_time=2021-09-20 HTTP/1.1" 200 421
116.237.74.154 - - [20/Sep/2021:10:30:28 +0800] "GET /xingrg/kc/buy/cgsh_order_operate.html?command=get_materiel&rest_code=00106&code=00101008352&supplier_code=00100007&order_time=2021-09-20 HTTP/1.1" 200 412
116.238.248.233 - - [20/Sep/2021:10:30:29 +0800] "GET /xingrg/all/function/internal_message.html?_=1632105027538&CODE_STATE=getMsg HTTP/1.1" 200 27
58.40.7.146 - - [20/Sep/2021:10:30:31 +0800] "GET /xingrg/all/function/internal_message.html?_=1632105029808&CODE_STATE=getMsg HTTP/1.1" 200 27
120.253.135.82 - - [20/Sep/2021:10:30:31 +0800] "GET /xingrg/all/function/internal_message.html?_=1632104802993&CODE_STATE=getMsg HTTP/1.1" 200 27
116.237.74.154 - - [20/Sep/2021:10:30:32 +0800] "GET /xingrg/all/function/internal_message.html?_=1632105031308&CODE_STATE=getMsg HTTP/1.1" 200 27
116.230.105.26 - - [20/Sep/2021:10:30:34 +0800] "GET /xingrg/all/function/internal_message.html?_=1632105014005&CODE_STATE=getMsg HTTP/1.1" 200 27
116.233.75.58 - - [20/Sep/2021:10:30:34 +0800] "GET /xingrg/kc/buy/cgsh_order_operate.html?command=get_materiel&rest_code=00109&code=00101006193&supplier_code=00100015&order_time=2021-09-20 HTTP/1.1" 200 409
222.70.246.151 - - [20/Sep/2021:10:30:36 +0800] "GET /xingrg/all/function/internal_message.html?_=1632105036666&CODE_STATE=getMsg HTTP/1.1" 200 27
116.237.74.154 - - [20/Sep/2021:10:30:36 +0800] "GET /xingrg/kc/buy/cgsh_order_operate.html?command=get_materiel&rest_code=00106&code=00101008271&supplier_code=00100007&order_time=2021-09-20 HTTP/1.1" 200 410
180.169.147.146 - - [20/Sep/2021:10:30:37 +0800] "GET /xingrg/all/function/internal_message.html?_=1632105035424&CODE_STATE=getMsg HTTP/1.1" 200 27
180.169.147.146 - - [20/Sep/2021:10:30:37 +0800] "GET /xingrg/check_reg.html?_=1632105035429 HTTP/1.1" 200 22
116.237.74.154 - - [20/Sep/2021:10:30:40 +0800] "POST /xingrg/kc/buy/cgsh_order_operate.html HTTP/1.1" 200 2065
172.20.0.100 - - [20/Sep/2021:10:30:44 +0800] "GET /xingrg/all/function/internal_message.html?_=1632105042723&CODE_STATE=getMsg HTTP/1.1" 200 27
180.169.147.146 - - [20/Sep/2021:10:30:44 +0800] "GET /xingrg/all/function/internal_message.html?_=1632105042966&CODE_STATE=getMsg HTTP/1.1" 200 27
114.83.218.170 - - [20/Sep/2021:10:30:46 +0800] "GET /xingrg/all/function/internal_message.html?_=1632105044650&CODE_STATE=getMsg HTTP/1.1" 200 27
116.237.74.154 - - [20/Sep/2021:10:30:46 +0800] "GET /xingrg/kc/buy/cgsh_order_operate.html?command=get_materiel&rest_code=00106&code=00101008353&supplier_code=00100007&order_time=2021-09-20 HTTP/1.1" 200 408
180.169.147.146 - - [20/Sep/2021:10:30:50 +0800] "GET /xingrg/all/function/internal_message.html?_=1632105049345&CODE_STATE=getMsg HTTP/1.1" 200 27
180.169.147.146 - - [20/Sep/2021:10:30:50 +0800] "GET /xingrg/check_reg.html?_=1632105049349 HTTP/1.1" 200 22
116.233.75.58 - - [20/Sep/2021:10:30:51 +0800] "GET /xingrg/all/function/internal_message.html?_=1632105049686&CODE_STATE=getMsg HTTP/1.1" 200 27
58.40.7.146 - - [20/Sep/2021:10:30:51 +0800] "GET /xingrg/all/function/internal_message.html?_=1632105049929&CODE_STATE=getMsg HTTP/1.1" 200 27
222.70.179.190 - - [20/Sep/2021:10:30:52 +0800] "GET /xingrg/kc/buy/cgsh_order_operate.html?command=get_materiel&rest_code=00111&code=00101007144&supplier_code=00100323&order_time=2021-09-20 HTTP/1.1" 200 428
116.237.74.154 - - [20/Sep/2021:10:30:54 +0800] "GET /xingrg/kc/buy/cgsh_order_operate.html?command=get_materiel&rest_code=00106&code=00101008213&supplier_code=00100007&order_time=2021-09-20 HTTP/1.1" 200 412
114.85.125.222 - - [20/Sep/2021:10:30:55 +0800] "GET /favicon.ico HTTP/1.1" 404 -
116.237.74.154 - - [20/Sep/2021:10:30:56 +0800] "GET /xingrg/all/function/internal_message.html?_=1632105054758&CODE_STATE=getMsg HTTP/1.1" 200 27
114.85.125.222 - - [20/Sep/2021:10:31:01 +0800] "GET /xingrg/check_reg.html?_=1632105040515 HTTP/1.1" 200 22
114.85.125.222 - - [20/Sep/2021:10:31:02 +0800] "GET /xingrg/all/function/internal_message.html?_=1632105040965&CODE_STATE=getMsg HTTP/1.1" 200 27
116.237.74.154 - - [20/Sep/2021:10:31:03 +0800] "GET /xingrg/kc/buy/cgsh_order_operate.html?command=get_materiel&rest_code=00106&code=00101008010&supplier_code=00100007&order_time=2021-09-20 HTTP/1.1" 200 412
180.157.251.224 - - [20/Sep/2021:10:31:13 +0800] "GET /xingrg/all/function/internal_message.html?_=1632105073932&CODE_STATE=getMsg HTTP/1.1" 200 27
116.237.74.154 - - [20/Sep/2021:10:31:13 +0800] "GET /xingrg/kc/buy/cgsh_order_operate.html?command=get_materiel&rest_code=00106&code=00101008275&supplier_code=00100007&order_time=2021-09-20 HTTP/1.1" 200 417
180.169.147.146 - - [20/Sep/2021:10:31:14 +0800] "GET /xingrg/all/function/internal_message.html?_=1632105110297&CODE_STATE=getMsg HTTP/1.1" 200 27
101.85.93.96 - - [20/Sep/2021:10:31:17 +0800] "GET /xingrg/all/function/internal_message.html?_=1632104986174&CODE_STATE=getMsg HTTP/1.1" 200 27
222.70.179.190 - - [20/Sep/2021:10:31:17 +0800] "GET /xingrg/all/function/internal_message.html?_=1632105075063&CODE_STATE=getMsg HTTP/1.1" 200 27
222.70.179.190 - - [20/Sep/2021:10:31:18 +0800] "POST /xingrg/kc/buy/cgsh_order_operate.html HTTP/1.1" 200 37
222.70.179.190 - - [20/Sep/2021:10:31:20 +0800] "POST /xingrg/kc/buy/cgsh_order_operate.html HTTP/1.1" 200 4486
222.70.179.190 - - [20/Sep/2021:10:31:22 +0800] "GET /xingrg/kc/print/load_data.html?order_code=212021092008841&kc_code=cgsh&condition= HTTP/1.1" 200 1411
116.237.74.154 - - [20/Sep/2021:10:31:22 +0800] "GET /xingrg/kc/buy/cgsh_order_operate.html?command=get_materiel&rest_code=00106&code=00101008178&supplier_code=00100007&order_time=2021-09-20 HTTP/1.1" 200 409
58.39.139.200 - - [20/Sep/2021:10:31:23 +0800] "GET /xingrg/all/function/internal_message.html?_=1632105082787&CODE_STATE=getMsg HTTP/1.1" 200 27
116.233.75.58 - - [20/Sep/2021:10:31:23 +0800] "GET /xingrg/kc/buy/cgsh_order_operate.html?command=get_materiel&rest_code=00109&code=00101006130&supplier_code=00100015&order_time=2021-09-20 HTTP/1.1" 200 427
116.238.248.233 - - [20/Sep/2021:10:31:24 +0800] "POST /xingrg/dwr/call/plaincall/AjaxCheckService.setItemNumber.dwr HTTP/1.1" 200 76
58.39.139.200 - - [20/Sep/2021:10:31:24 +0800] "GET /xingrg/all/function/internal_message.html?_=1632105028517&CODE_STATE=getMsg HTTP/1.1" 200 27
116.237.74.154 - - [20/Sep/2021:10:31:24 +0800] "POST /xingrg/kc/buy/cgsh_order_operate.html HTTP/1.1" 200 2065
222.70.179.190 - - [20/Sep/2021:10:31:26 +0800] "GET /xingrg/kc/buy/cgsh_order_add.html HTTP/1.1" 200 63482
222.70.179.190 - - [20/Sep/2021:10:31:26 +0800] "GET /xingrg/javascript/easyui/themes/default/validatebox.css HTTP/1.1" 404 1104
222.70.179.190 - - [20/Sep/2021:10:31:26 +0800] "POST /xingrg/kc/buy/cgsh_order_operate.html HTTP/1.1" 200 8245
116.238.248.233 - - [20/Sep/2021:10:31:28 +0800] "POST /xingrg/dwr/call/plaincall/AjaxCheckService.setItemNumber.dwr HTTP/1.1" 200 76
116.238.248.233 - - [20/Sep/2021:10:31:29 +0800] "GET /xingrg/check_reg.html?_=1632105087395 HTTP/1.1" 200 22
116.238.248.233 - - [20/Sep/2021:10:31:29 +0800] "GET /xingrg/all/function/internal_message.html?_=1632105087522&CODE_STATE=getMsg HTTP/1.1" 200 27
58.40.7.146 - - [20/Sep/2021:10:31:31 +0800] "GET /xingrg/all/function/internal_message.html?_=1632105089810&CODE_STATE=getMsg HTTP/1.1" 200 27
58.40.7.146 - - [20/Sep/2021:10:31:31 +0800] "GET /xingrg/check_reg.html?_=1632105089811 HTTP/1.1" 200 22
116.238.248.233 - - [20/Sep/2021:10:31:31 +0800] "POST /xingrg/dwr/call/plaincall/AjaxCheckService.setItemNumber.dwr HTTP/1.1" 200 76
120.253.135.82 - - [20/Sep/2021:10:31:31 +0800] "GET /xingrg/all/function/internal_message.html?_=1632104863007&CODE_STATE=getMsg HTTP/1.1" 200 27
116.237.74.154 - - [20/Sep/2021:10:31:31 +0800] "GET /xingrg/kc/buy/cgsh_order_operate.html?command=get_materiel&rest_code=00106&code=00101008312&supplier_code=00100007&order_time=2021-09-20 HTTP/1.1" 200 412
116.233.75.58 - - [20/Sep/2021:10:31:32 +0800] "GET /xingrg/kc/buy/cgsh_order_operate.html?command=get_materiel&rest_code=00109&code=00101006055&supplier_code=00100015&order_time=2021-09-20 HTTP/1.1" 200 409
116.237.74.154 - - [20/Sep/2021:10:31:32 +0800] "GET /xingrg/check_reg.html?_=1632105091308 HTTP/1.1" 200 22
116.237.74.154 - - [20/Sep/2021:10:31:32 +0800] "GET /xingrg/all/function/internal_message.html?_=1632105091312&CODE_STATE=getMsg HTTP/1.1" 200 27
116.238.248.233 - - [20/Sep/2021:10:31:33 +0800] "POST /xingrg/dwr/call/plaincall/AjaxCheckService.setItemNumber.dwr HTTP/1.1" 200 76
116.230.105.26 - - [20/Sep/2021:10:31:34 +0800] "GET /xingrg/all/function/internal_message.html?_=1632105074019&CODE_STATE=getMsg HTTP/1.1" 200 27
116.230.105.26 - - [20/Sep/2021:10:31:34 +0800] "GET /xingrg/check_reg.html?_=1632105074021 HTTP/1.1" 200 22
116.238.248.233 - - [20/Sep/2021:10:31:36 +0800] "POST /xingrg/dwr/call/plaincall/AjaxCheckService.setItemNumber.dwr HTTP/1.1" 200 76
222.70.246.151 - - [20/Sep/2021:10:31:37 +0800] "GET /xingrg/all/function/internal_message.html?_=1632105096976&CODE_STATE=getMsg HTTP/1.1" 200 27
180.169.147.146 - - [20/Sep/2021:10:31:37 +0800] "GET /xingrg/all/function/internal_message.html?_=1632105095418&CODE_STATE=getMsg HTTP/1.1" 200 27
116.238.248.233 - - [20/Sep/2021:10:31:38 +0800] "POST /xingrg/dwr/call/plaincall/AjaxCheckService.setItemNumber.dwr HTTP/1.1" 200 76
222.70.179.190 - - [20/Sep/2021:10:31:38 +0800] "GET /xingrg/kc/buy/cgsh_order_operate.html?command=get_materiel&rest_code=00111&code=00101001213&supplier_code=00100266&order_time=2021-09-20 HTTP/1.1" 200 424
222.70.179.190 - - [20/Sep/2021:10:31:39 +0800] "POST /xingrg/all/common/load_select.html HTTP/1.1" 200 38
116.238.248.233 - - [20/Sep/2021:10:31:40 +0800] "POST /xingrg/dwr/call/plaincall/AjaxCheckService.setItemNumber.dwr HTTP/1.1" 200 76
58.221.95.50 - - [20/Sep/2021:10:31:41 +0800] "GET /xingrg/check_reg.html?_=1632105099371 HTTP/1.1" 302 -
116.238.248.233 - - [20/Sep/2021:10:31:42 +0800] "POST /xingrg/dwr/call/plaincall/AjaxCheckService.setItemNumber.dwr HTTP/1.1" 200 76
116.238.248.233 - - [20/Sep/2021:10:31:44 +0800] "POST /xingrg/dwr/call/plaincall/AjaxCheckService.setItemNumber.dwr HTTP/1.1" 200 76
172.20.0.100 - - [20/Sep/2021:10:31:44 +0800] "GET /xingrg/all/function/internal_message.html?_=1632105102730&CODE_STATE=getMsg HTTP/1.1" 200 27
116.237.74.154 - - [20/Sep/2021:10:31:44 +0800] "GET /xingrg/kc/buy/cgsh_order_operate.html?command=get_materiel&rest_code=00106&code=00101015024&supplier_code=00100007&order_time=2021-09-20 HTTP/1.1" 200 413
180.169.147.146 - - [20/Sep/2021:10:31:44 +0800] "GET /xingrg/all/function/internal_message.html?_=1632105102972&CODE_STATE=getMsg HTTP/1.1" 200 27
222.70.179.190 - - [20/Sep/2021:10:31:46 +0800] "GET /xingrg/kc/buy/cgsh_order_operate.html?command=get_materiel_price&rest_code=00111&code=00101001213&unit_code=00100487&supplier_code=00100266&order_time=2021-09-20 HTTP/1.1" 200 28
114.83.218.170 - - [20/Sep/2021:10:31:46 +0800] "GET /xingrg/all/function/internal_message.html?_=1632105104653&CODE_STATE=getMsg HTTP/1.1" 200 27
116.238.248.233 - - [20/Sep/2021:10:31:47 +0800] "POST /xingrg/dwr/call/plaincall/AjaxCheckService.setItemNumber.dwr HTTP/1.1" 200 77
116.233.75.58 - - [20/Sep/2021:10:31:47 +0800] "GET /xingrg/javascript/auto/indicator.gif HTTP/1.1" 404 1066
116.238.248.233 - - [20/Sep/2021:10:31:48 +0800] "POST /xingrg/dwr/call/plaincall/AjaxCheckService.setItemNumber.dwr HTTP/1.1" 200 77
116.233.75.58 - - [20/Sep/2021:10:31:48 +0800] "GET /xingrg/kc/buy/cgsh_order_operate.html?command=get_materiel&rest_code=00109&code=00101006129&supplier_code=00100015&order_time=2021-09-20 HTTP/1.1" 200 431
180.169.147.146 - - [20/Sep/2021:10:31:50 +0800] "GET /xingrg/all/function/internal_message.html?_=1632105109350&CODE_STATE=getMsg HTTP/1.1" 200 27
116.233.75.58 - - [20/Sep/2021:10:31:51 +0800] "GET /xingrg/all/function/internal_message.html?_=1632105109688&CODE_STATE=getMsg HTTP/1.1" 200 27
58.40.7.146 - - [20/Sep/2021:10:31:51 +0800] "GET /xingrg/all/function/internal_message.html?_=1632105109932&CODE_STATE=getMsg HTTP/1.1" 200 27
116.237.74.154 - - [20/Sep/2021:10:31:53 +0800] "GET /xingrg/kc/buy/cgsh_order_operate.html?command=get_materiel&rest_code=00106&code=00101008033&supplier_code=00100007&order_time=2021-09-20 HTTP/1.1" 200 408
116.238.248.233 - - [20/Sep/2021:10:31:55 +0800] "POST /xingrg/dwr/call/plaincall/AjaxCheckService.setItemNumber.dwr HTTP/1.1" 200 77
116.237.74.154 - - [20/Sep/2021:10:31:56 +0800] "GET /xingrg/all/function/internal_message.html?_=1632105114736&CODE_STATE=getMsg HTTP/1.1" 200 27
116.237.74.154 - - [20/Sep/2021:10:31:57 +0800] "GET /xingrg/check_reg.html?_=1632105115572 HTTP/1.1" 200 22
116.238.248.233 - - [20/Sep/2021:10:31:58 +0800] "POST /xingrg/dwr/call/plaincall/AjaxCheckService.setItemNumber.dwr HTTP/1.1" 200 77
116.233.75.58 - - [20/Sep/2021:10:31:58 +0800] "GET /xingrg/kc/buy/cgsh_order_operate.html?command=get_materiel&rest_code=00109&code=00101010248&supplier_code=00100015&order_time=2021-09-20 HTTP/1.1" 200 430
116.238.248.233 - - [20/Sep/2021:10:32:00 +0800] "POST /xingrg/dwr/call/plaincall/AjaxCheckService.setItemNumber.dwr HTTP/1.1" 200 77
58.39.139.200 - - [20/Sep/2021:10:32:01 +0800] "GET /xingrg/check_reg.html?_=1632105120634 HTTP/1.1" 200 22
116.238.248.233 - - [20/Sep/2021:10:32:01 +0800] "POST /xingrg/dwr/call/plaincall/AjaxCheckService.setItemNumber.dwr HTTP/1.1" 200 77
114.85.125.222 - - [20/Sep/2021:10:32:02 +0800] "GET /xingrg/all/function/internal_message.html?_=1632105100978&CODE_STATE=getMsg HTTP/1.1" 200 27
222.70.179.190 - - [20/Sep/2021:10:32:02 +0800] "GET /xingrg/kc/buy/cgsh_order_operate.html?command=get_materiel&rest_code=00111&code=00101013175&supplier_code=00100266&order_time=2021-09-20 HTTP/1.1" 200 413
116.238.248.233 - - [20/Sep/2021:10:32:03 +0800] "POST /xingrg/dwr/call/plaincall/AjaxCheckService.setItemNumber.dwr HTTP/1.1" 200 77
116.237.74.154 - - [20/Sep/2021:10:32:05 +0800] "GET /xingrg/kc/buy/cgsh_order_operate.html?command=get_materiel&rest_code=00106&code=00101008588&supplier_code=00100007&order_time=2021-09-20 HTTP/1.1" 200 392
116.233.75.58 - - [20/Sep/2021:10:32:06 +0800] "GET /xingrg/kc/buy/cgsh_order_operate.html?command=get_materiel&rest_code=00109&code=00101006110&supplier_code=00100015&order_time=2021-09-20 HTTP/1.1" 200 408
180.157.251.224 - - [20/Sep/2021:10:32:13 +0800] "GET /xingrg/all/function/internal_message.html?_=1632105133931&CODE_STATE=getMsg HTTP/1.1" 200 27
180.157.251.224 - - [20/Sep/2021:10:32:13 +0800] "GET /xingrg/check_reg.html?_=1632105133933 HTTP/1.1" 200 22
180.169.147.146 - - [20/Sep/2021:10:32:14 +0800] "GET /xingrg/all/function/internal_message.html?_=1632105170306&CODE_STATE=getMsg HTTP/1.1" 200 27
116.233.75.58 - - [20/Sep/2021:10:32:14 +0800] "GET /xingrg/kc/buy/cgsh_order_operate.html?command=get_materiel&rest_code=00109&code=00101006006&supplier_code=00100015&order_time=2021-09-20 HTTP/1.1" 200 409
116.238.248.233 - - [20/Sep/2021:10:32:15 +0800] "POST /xingrg/dwr/call/plaincall/AjaxCheckService.setItemNumber.dwr HTTP/1.1" 200 77
101.85.93.96 - - [20/Sep/2021:10:32:17 +0800] "GET /xingrg/all/function/internal_message.html?_=1632105046173&CODE_STATE=getMsg HTTP/1.1" 200 27
101.85.93.96 - - [20/Sep/2021:10:32:17 +0800] "GET /xingrg/check_reg.html?_=1632105046172 HTTP/1.1" 200 22
222.70.179.190 - - [20/Sep/2021:10:32:17 +0800] "GET /xingrg/all/function/internal_message.html?_=1632105135112&CODE_STATE=getMsg HTTP/1.1" 200 27
116.238.248.233 - - [20/Sep/2021:10:32:19 +0800] "POST /xingrg/dwr/call/plaincall/AjaxCheckService.setItemNumber.dwr HTTP/1.1" 200 77
116.237.74.154 - - [20/Sep/2021:10:32:20 +0800] "POST /xingrg/kc/buy/cgsh_order_operate.html HTTP/1.1" 200 37
116.238.248.233 - - [20/Sep/2021:10:32:21 +0800] "POST /xingrg/dwr/call/plaincall/AjaxCheckService.setItemNumber.dwr HTTP/1.1" 200 77
58.39.139.200 - - [20/Sep/2021:10:32:23 +0800] "GET /xingrg/all/function/internal_message.html?_=1632105142757&CODE_STATE=getMsg HTTP/1.1" 200 27
116.233.75.58 - - [20/Sep/2021:10:32:23 +0800] "GET /xingrg/kc/buy/cgsh_order_operate.html?command=get_materiel&rest_code=00109&code=00101006056&supplier_code=00100015&order_time=2021-09-20 HTTP/1.1" 200 413
116.238.248.233 - - [20/Sep/2021:10:32:24 +0800] "POST /xingrg/dwr/call/plaincall/AjaxCheckService.setItemNumber.dwr HTTP/1.1" 200 77
58.39.139.200 - - [20/Sep/2021:10:32:24 +0800] "GET /xingrg/all/function/internal_message.html?_=1632105088517&CODE_STATE=getMsg HTTP/1.1" 200 27
116.238.248.233 - - [20/Sep/2021:10:32:26 +0800] "POST /xingrg/dwr/call/plaincall/AjaxCheckService.setItemNumber.dwr HTTP/1.1" 200 77
222.70.179.190 - - [20/Sep/2021:10:32:26 +0800] "GET /xingrg/kc/buy/cgsh_order_operate.html?command=get_materiel&rest_code=00111&code=00101008127&supplier_code=00100266&order_time=2021-09-20 HTTP/1.1" 200 413
116.238.248.233 - - [20/Sep/2021:10:32:27 +0800] "POST /xingrg/dwr/call/plaincall/AjaxCheckService.setItemNumber.dwr HTTP/1.1" 200 77
116.238.248.233 - - [20/Sep/2021:10:32:29 +0800] "GET /xingrg/all/function/internal_message.html?_=1632105147498&CODE_STATE=getMsg HTTP/1.1" 200 27
116.238.248.233 - - [20/Sep/2021:10:32:30 +0800] "POST /xingrg/dwr/call/plaincall/AjaxCheckService.setItemNumber.dwr HTTP/1.1" 200 77
116.238.248.233 - - [20/Sep/2021:10:32:31 +0800] "POST /xingrg/dwr/call/plaincall/AjaxCheckService.setItemNumber.dwr HTTP/1.1" 200 77
58.40.7.146 - - [20/Sep/2021:10:32:31 +0800] "GET /xingrg/all/function/internal_message.html?_=1632105149813&CODE_STATE=getMsg HTTP/1.1" 200 27
116.233.75.58 - - [20/Sep/2021:10:32:31 +0800] "GET /xingrg/kc/buy/cgsh_order_operate.html?command=get_materiel&rest_code=00109&code=00101006109&supplier_code=00100015&order_time=2021-09-20 HTTP/1.1" 200 409
120.253.135.82 - - [20/Sep/2021:10:32:31 +0800] "GET /xingrg/all/function/internal_message.html?_=1632104923054&CODE_STATE=getMsg HTTP/1.1" 200 27
116.237.74.154 - - [20/Sep/2021:10:32:32 +0800] "GET /xingrg/all/function/internal_message.html?_=1632105151340&CODE_STATE=getMsg HTTP/1.1" 200 27
116.238.248.233 - - [20/Sep/2021:10:32:33 +0800] "POST /xingrg/dwr/call/plaincall/AjaxCheckService.setItemNumber.dwr HTTP/1.1" 200 77
116.230.105.26 - - [20/Sep/2021:10:32:34 +0800] "GET /xingrg/all/function/internal_message.html?_=1632105134021&CODE_STATE=getMsg HTTP/1.1" 200 27
116.238.248.233 - - [20/Sep/2021:10:32:36 +0800] "POST /xingrg/dwr/call/plaincall/AjaxCheckService.setItemNumber.dwr HTTP/1.1" 200 77
222.70.246.151 - - [20/Sep/2021:10:32:37 +0800] "GET /xingrg/all/function/internal_message.html?_=1632105156990&CODE_STATE=getMsg HTTP/1.1" 200 27
180.169.147.146 - - [20/Sep/2021:10:32:37 +0800] "GET /xingrg/all/function/internal_message.html?_=1632105155422&CODE_STATE=getMsg HTTP/1.1" 200 27
222.70.179.190 - - [20/Sep/2021:10:32:37 +0800] "GET /xingrg/kc/buy/cgsh_order_operate.html?command=get_materiel&rest_code=00111&code=00101012041&supplier_code=00100266&order_time=2021-09-20 HTTP/1.1" 200 418
116.237.74.154 - - [20/Sep/2021:10:32:39 +0800] "POST /xingrg/kc/buy/cgsh_order_operate.html HTTP/1.1" 200 20369
116.238.248.233 - - [20/Sep/2021:10:32:41 +0800] "POST /xingrg/dwr/call/plaincall/AjaxCheckService.setItemNumber.dwr HTTP/1.1" 200 77
116.233.75.58 - - [20/Sep/2021:10:32:42 +0800] "GET /xingrg/kc/buy/cgsh_order_operate.html?command=get_materiel&rest_code=00109&code=00101006109&supplier_code=00100015&order_time=2021-09-20 HTTP/1.1" 200 409
116.238.248.233 - - [20/Sep/2021:10:32:44 +0800] "POST /xingrg/dwr/call/plaincall/AjaxCheckService.setItemNumber.dwr HTTP/1.1" 200 77
172.20.0.100 - - [20/Sep/2021:10:32:44 +0800] "GET /xingrg/all/function/internal_message.html?_=1632105162747&CODE_STATE=getMsg HTTP/1.1" 200 27
180.169.147.146 - - [20/Sep/2021:10:32:44 +0800] "GET /xingrg/all/function/internal_message.html?_=1632105162962&CODE_STATE=getMsg HTTP/1.1" 200 27
114.83.218.170 - - [20/Sep/2021:10:32:46 +0800] "GET /xingrg/check_reg.html?_=1632105164653 HTTP/1.1" 200 22
114.83.218.170 - - [20/Sep/2021:10:32:46 +0800] "GET /xingrg/all/function/internal_message.html?_=1632105164656&CODE_STATE=getMsg HTTP/1.1" 200 27
222.70.179.190 - - [20/Sep/2021:10:32:47 +0800] "GET /xingrg/kc/buy/cgsh_order_operate.html?command=get_materiel&rest_code=00111&code=00101007057&supplier_code=00100266&order_time=2021-09-20 HTTP/1.1" 200 413
116.230.105.26 - - [20/Sep/2021:10:32:48 +0800] "GET /favicon.ico HTTP/1.1" 404 -
180.169.147.146 - - [20/Sep/2021:10:32:50 +0800] "GET /xingrg/all/function/internal_message.html?_=1632105169352&CODE_STATE=getMsg HTTP/1.1" 200 27
116.233.75.58 - - [20/Sep/2021:10:32:51 +0800] "GET /xingrg/all/function/internal_message.html?_=1632105169690&CODE_STATE=getMsg HTTP/1.1" 200 27
116.233.75.58 - - [20/Sep/2021:10:32:51 +0800] "GET /xingrg/check_reg.html?_=1632105169691 HTTP/1.1" 200 22
116.233.75.58 - - [20/Sep/2021:10:32:51 +0800] "GET /xingrg/kc/buy/cgsh_order_operate.html?command=get_materiel&rest_code=00109&code=00101006122&supplier_code=00100015&order_time=2021-09-20 HTTP/1.1" 200 429
58.40.7.146 - - [20/Sep/2021:10:32:51 +0800] "GET /xingrg/all/function/internal_message.html?_=1632105169935&CODE_STATE=getMsg HTTP/1.1" 200 27
58.40.7.146 - - [20/Sep/2021:10:32:51 +0800] "GET /xingrg/check_reg.html?_=1632105169938 HTTP/1.1" 200 22
116.238.248.233 - - [20/Sep/2021:10:32:54 +0800] "POST /xingrg/dwr/call/plaincall/AjaxCheckService.setItemNumber.dwr HTTP/1.1" 200 77
116.238.248.233 - - [20/Sep/2021:10:32:56 +0800] "POST /xingrg/dwr/call/plaincall/AjaxCheckService.setItemNumber.dwr HTTP/1.1" 200 77
116.237.74.154 - - [20/Sep/2021:10:32:56 +0800] "GET /xingrg/all/function/internal_message.html?_=1632105174710&CODE_STATE=getMsg HTTP/1.1" 200 27
222.70.179.190 - - [20/Sep/2021:10:32:56 +0800] "GET /xingrg/kc/buy/cgsh_order_operate.html?command=get_materiel&rest_code=00111&code=00101007073&supplier_code=00100266&order_time=2021-09-20 HTTP/1.1" 200 417
116.233.75.58 - - [20/Sep/2021:10:32:58 +0800] "GET /xingrg/kc/buy/cgsh_order_operate.html?command=get_materiel&rest_code=00109&code=00101006144&supplier_code=00100015&order_time=2021-09-20 HTTP/1.1" 200 409
116.238.248.233 - - [20/Sep/2021:10:33:00 +0800] "POST /xingrg/dwr/call/plaincall/AjaxCheckService.setItemNumber.dwr HTTP/1.1" 200 77
116.238.248.233 - - [20/Sep/2021:10:33:01 +0800] "POST /xingrg/dwr/call/plaincall/AjaxCheckService.setItemNumber.dwr HTTP/1.1" 200 77
58.39.139.200 - - [20/Sep/2021:10:33:01 +0800] "GET /xingrg/kc/buy/cgsh_order_add.html HTTP/1.1" 200 63529
58.39.139.200 - - [20/Sep/2021:10:33:01 +0800] "GET /xingrg/javascript/easyui/themes/default/validatebox.css HTTP/1.1" 404 1104
58.39.139.200 - - [20/Sep/2021:10:33:01 +0800] "POST /xingrg/kc/buy/cgsh_order_operate.html HTTP/1.1" 200 8245
114.85.125.222 - - [20/Sep/2021:10:33:02 +0800] "GET /xingrg/all/function/internal_message.html?_=1632105160991&CODE_STATE=getMsg HTTP/1.1" 200 27
116.238.248.233 - - [20/Sep/2021:10:33:02 +0800] "POST /xingrg/dwr/call/plaincall/AjaxCheckService.setItemNumber.dwr HTTP/1.1" 200 77
116.233.75.58 - - [20/Sep/2021:10:33:06 +0800] "GET /xingrg/kc/buy/cgsh_order_operate.html?command=get_materiel&rest_code=00109&code=00101006221&supplier_code=00100015&order_time=2021-09-20 HTTP/1.1" 200 403
116.238.248.233 - - [20/Sep/2021:10:33:07 +0800] "POST /xingrg/dwr/call/plaincall/AjaxCheckService.setItemNumber.dwr HTTP/1.1" 200 77
116.238.248.233 - - [20/Sep/2021:10:33:09 +0800] "POST /xingrg/dwr/call/plaincall/AjaxCheckService.setItemNumber.dwr HTTP/1.1" 200 77
222.70.179.190 - - [20/Sep/2021:10:33:10 +0800] "POST /xingrg/kc/buy/cgsh_order_operate.html HTTP/1.1" 200 37
116.238.248.233 - - [20/Sep/2021:10:33:11 +0800] "POST /xingrg/dwr/call/plaincall/AjaxCheckService.setItemNumber.dwr HTTP/1.1" 200 77
222.70.179.190 - - [20/Sep/2021:10:33:12 +0800] "POST /xingrg/kc/buy/cgsh_order_operate.html HTTP/1.1" 200 5634
58.39.139.200 - - [20/Sep/2021:10:33:13 +0800] "GET /xingrg/kc/buy/cgsh_order_operate.html?command=get_materiel&rest_code=00105&code=00101002027&supplier_code=00100397&order_time=2021-09-20 HTTP/1.1" 200 413
180.157.251.224 - - [20/Sep/2021:10:33:13 +0800] "GET /xingrg/all/function/internal_message.html?_=1632105193932&CODE_STATE=getMsg HTTP/1.1" 200 27
222.70.179.190 - - [20/Sep/2021:10:33:13 +0800] "GET /xingrg/kc/print/load_data.html?order_code=212021092008842&kc_code=cgsh&condition= HTTP/1.1" 200 1825
116.233.75.58 - - [20/Sep/2021:10:33:14 +0800] "GET /xingrg/kc/buy/cgsh_order_operate.html?command=get_materiel&rest_code=00109&code=00101006057&supplier_code=00100015&order_time=2021-09-20 HTTP/1.1" 200 413
180.169.147.146 - - [20/Sep/2021:10:33:14 +0800] "GET /xingrg/check_reg.html?_=1632105230301 HTTP/1.1" 200 22
180.169.147.146 - - [20/Sep/2021:10:33:14 +0800] "GET /xingrg/all/function/internal_message.html?_=1632105230310&CODE_STATE=getMsg HTTP/1.1" 200 27
116.238.248.233 - - [20/Sep/2021:10:33:14 +0800] "POST /xingrg/dwr/call/plaincall/AjaxCheckService.setItemNumber.dwr HTTP/1.1" 200 77
101.85.93.96 - - [20/Sep/2021:10:33:17 +0800] "GET /xingrg/all/function/internal_message.html?_=1632105106171&CODE_STATE=getMsg HTTP/1.1" 200 27
116.238.248.233 - - [20/Sep/2021:10:33:17 +0800] "POST /xingrg/dwr/call/plaincall/AjaxCheckService.setItemNumber.dwr HTTP/1.1" 200 77
222.70.179.190 - - [20/Sep/2021:10:33:17 +0800] "GET /xingrg/all/function/internal_message.html?_=1632105195018&CODE_STATE=getMsg HTTP/1.1" 200 27
222.70.179.190 - - [20/Sep/2021:10:33:18 +0800] "GET /xingrg/kc/buy/cgsh_order_add.html HTTP/1.1" 200 63482
222.70.179.190 - - [20/Sep/2021:10:33:18 +0800] "GET /xingrg/javascript/easyui/themes/default/validatebox.css HTTP/1.1" 404 1104
222.70.179.190 - - [20/Sep/2021:10:33:18 +0800] "POST /xingrg/kc/buy/cgsh_order_operate.html HTTP/1.1" 200 8245
116.238.248.233 - - [20/Sep/2021:10:33:18 +0800] "POST /xingrg/dwr/call/plaincall/AjaxCheckService.setItemNumber.dwr HTTP/1.1" 200 77
116.238.248.233 - - [20/Sep/2021:10:33:19 +0800] "POST /xingrg/dwr/call/plaincall/AjaxCheckService.setItemNumber.dwr HTTP/1.1" 200 77
116.233.75.58 - - [20/Sep/2021:10:33:23 +0800] "GET /xingrg/kc/buy/cgsh_order_operate.html?command=get_materiel&rest_code=00109&code=00102015057&supplier_code=00100015&order_time=2021-09-20 HTTP/1.1" 200 416
116.238.248.233 - - [20/Sep/2021:10:33:23 +0800] "POST /xingrg/dwr/call/plaincall/AjaxCheckService.setItemNumber.dwr HTTP/1.1" 200 77
58.39.139.200 - - [20/Sep/2021:10:33:23 +0800] "GET /xingrg/all/function/internal_message.html?_=1632105202743&CODE_STATE=getMsg HTTP/1.1" 200 27
58.39.139.200 - - [20/Sep/2021:10:33:24 +0800] "GET /xingrg/check_reg.html?_=1632105148517 HTTP/1.1" 200 22
58.39.139.200 - - [20/Sep/2021:10:33:24 +0800] "GET /xingrg/all/function/internal_message.html?_=1632105148520&CODE_STATE=getMsg HTTP/1.1" 200 27
116.238.248.233 - - [20/Sep/2021:10:33:26 +0800] "POST /xingrg/dwr/call/plaincall/AjaxCheckService.setItemNumber.dwr HTTP/1.1" 200 77
116.238.248.233 - - [20/Sep/2021:10:33:27 +0800] "POST /xingrg/dwr/call/plaincall/AjaxCheckService.setItemNumber.dwr HTTP/1.1" 200 77
116.238.248.233 - - [20/Sep/2021:10:33:29 +0800] "GET /xingrg/all/function/internal_message.html?_=1632105207471&CODE_STATE=getMsg HTTP/1.1" 200 27
116.233.75.58 - - [20/Sep/2021:10:33:30 +0800] "GET /xingrg/kc/buy/cgsh_order_operate.html?command=get_materiel&rest_code=00109&code=00101006240&supplier_code=00100015&order_time=2021-09-20 HTTP/1.1" 200 408
58.40.7.146 - - [20/Sep/2021:10:33:31 +0800] "GET /xingrg/all/function/internal_message.html?_=1632105209817&CODE_STATE=getMsg HTTP/1.1" 200 27
120.253.135.82 - - [20/Sep/2021:10:33:31 +0800] "GET /xingrg/all/function/internal_message.html?_=1632104983065&CODE_STATE=getMsg HTTP/1.1" 200 27
116.237.74.154 - - [20/Sep/2021:10:33:32 +0800] "GET /xingrg/all/function/internal_message.html?_=1632105211340&CODE_STATE=getMsg HTTP/1.1" 200 27
116.233.75.58 - - [20/Sep/2021:10:33:32 +0800] "POST /xingrg/kc/buy/cgsh_order_operate.html HTTP/1.1" 200 2065
222.70.179.190 - - [20/Sep/2021:10:33:32 +0800] "GET /xingrg/kc/buy/cgsh_order_operate.html?command=get_materiel&rest_code=00111&code=00101012046&supplier_code=00100347&order_time=2021-09-20 HTTP/1.1" 200 417
116.230.105.26 - - [20/Sep/2021:10:33:34 +0800] "GET /xingrg/all/function/internal_message.html?_=1632105194015&CODE_STATE=getMsg HTTP/1.1" 200 27
180.169.147.146 - - [20/Sep/2021:10:33:36 +0800] "GET /xingrg/check_reg.html?_=1632105214408 HTTP/1.1" 302 -
222.70.246.151 - - [20/Sep/2021:10:33:36 +0800] "GET /xingrg/check_reg.html?_=1632105216541 HTTP/1.1" 200 22
222.70.246.151 - - [20/Sep/2021:10:33:37 +0800] "GET /xingrg/all/function/internal_message.html?_=1632105217002&CODE_STATE=getMsg HTTP/1.1" 200 27
180.169.147.146 - - [20/Sep/2021:10:33:37 +0800] "GET /xingrg/all/function/internal_message.html?_=1632105215437&CODE_STATE=getMsg HTTP/1.1" 200 27
116.233.75.58 - - [20/Sep/2021:10:33:38 +0800] "GET /xingrg/kc/buy/cgsh_order_operate.html?command=get_materiel&rest_code=00109&code=00101006109&supplier_code=00100015&order_time=2021-09-20 HTTP/1.1" 200 409
180.169.147.146 - - [20/Sep/2021:10:33:42 +0800] "POST /xingrg/all/user/operate.html HTTP/1.1" 200 36
180.169.147.146 - - [20/Sep/2021:10:33:42 +0800] "GET /xingrg/index.html?sysBaseUrl=http%3A%2F%2F180.169.147.146%3A18081%2Fxingrg%2F&costTime=46×tamp=1632101750703 HTTP/1.1" 200 17509
