180.152.125.3 - - [20/Sep/2021:10:19:29 +0800] "GET /xingrg/javascript/easyui/plugins/jquery.tree.js HTTP/1.1" 200 20874
180.152.125.3 - - [20/Sep/2021:10:19:30 +0800] "POST /xingrg/all/common/load_tree.html?tree=supplier_tree_json&isDelete=1 HTTP/1.1" 200 57803
222.70.179.190 - - [20/Sep/2021:10:19:30 +0800] "GET /xingrg/kc/buy/cgsh_order_add.html HTTP/1.1" 200 63482
222.70.179.190 - - [20/Sep/2021:10:19:30 +0800] "POST /xingrg/kc/buy/cgsh_order_operate.html HTTP/1.1" 200 8245
222.70.179.190 - - [20/Sep/2021:10:19:30 +0800] "GET /xingrg/javascript/easyui/themes/default/validatebox.css HTTP/1.1" 404 1104
116.233.75.58 - - [20/Sep/2021:10:19:30 +0800] "GET /xingrg/kc/buy/cgsh_order_operate.html?command=get_materiel&rest_code=00109&code=00101008357&supplier_code=00100005&order_time=2021-09-20 HTTP/1.1" 200 408
120.253.135.82 - - [20/Sep/2021:10:19:31 +0800] "GET /xingrg/check_reg.html?_=1632104142388 HTTP/1.1" 200 22
114.83.218.170 - - [20/Sep/2021:10:19:31 +0800] "POST /xingrg/dwr/call/plaincall/AjaxCheckService.setItemNumber.dwr HTTP/1.1" 200 77
58.40.7.146 - - [20/Sep/2021:10:19:31 +0800] "GET /xingrg/all/function/internal_message.html?_=1632104369813&CODE_STATE=getMsg HTTP/1.1" 200 27
120.253.135.82 - - [20/Sep/2021:10:19:31 +0800] "GET /xingrg/all/function/internal_message.html?_=1632104142797&CODE_STATE=getMsg HTTP/1.1" 200 27
180.152.125.3 - - [20/Sep/2021:10:19:31 +0800] "GET /xingrg/javascript/easyui/themes/default/images/tree_arrows.gif HTTP/1.1" 200 617
180.152.125.3 - - [20/Sep/2021:10:19:32 +0800] "GET /xingrg/javascript/easyui/themes/default/images/tree_folder_open.gif HTTP/1.1" 200 956
180.152.125.3 - - [20/Sep/2021:10:19:32 +0800] "GET /xingrg/javascript/easyui/themes/default/images/tree_folder.gif HTTP/1.1" 200 952
180.152.125.3 - - [20/Sep/2021:10:19:32 +0800] "GET /xingrg/javascript/easyui/themes/default/images/tree_file.gif HTTP/1.1" 200 118
180.152.125.3 - - [20/Sep/2021:10:19:32 +0800] "GET /xingrg/check_reg.html?_=1632104348781 HTTP/1.1" 200 22
116.237.74.154 - - [20/Sep/2021:10:19:32 +0800] "GET /xingrg/all/function/internal_message.html?_=1632104371285&CODE_STATE=getMsg HTTP/1.1" 200 27
114.83.218.170 - - [20/Sep/2021:10:19:32 +0800] "POST /xingrg/dwr/call/plaincall/AjaxCheckService.setItemNumber.dwr HTTP/1.1" 200 77
114.83.218.170 - - [20/Sep/2021:10:19:33 +0800] "POST /xingrg/dwr/call/plaincall/AjaxCheckService.setItemNumber.dwr HTTP/1.1" 200 77
114.83.218.170 - - [20/Sep/2021:10:19:33 +0800] "POST /xingrg/dwr/call/plaincall/AjaxCheckService.setItemNumber.dwr HTTP/1.1" 200 77
114.83.218.170 - - [20/Sep/2021:10:19:34 +0800] "POST /xingrg/dwr/call/plaincall/AjaxCheckService.setItemNumber.dwr HTTP/1.1" 200 77
114.83.218.170 - - [20/Sep/2021:10:19:34 +0800] "POST /xingrg/dwr/call/plaincall/AjaxCheckService.setItemNumber.dwr HTTP/1.1" 200 77
116.230.105.26 - - [20/Sep/2021:10:19:34 +0800] "GET /xingrg/all/function/internal_message.html?_=1632104354014&CODE_STATE=getMsg HTTP/1.1" 200 27
114.83.218.170 - - [20/Sep/2021:10:19:34 +0800] "POST /xingrg/dwr/call/plaincall/AjaxCheckService.setItemNumber.dwr HTTP/1.1" 200 77
58.40.7.146 - - [20/Sep/2021:10:19:35 +0800] "GET /xingrg/all/function/internal_message.html?_=1632104373316&CODE_STATE=getMsg HTTP/1.1" 200 27
114.83.218.170 - - [20/Sep/2021:10:19:35 +0800] "POST /xingrg/dwr/call/plaincall/AjaxCheckService.setItemNumber.dwr HTTP/1.1" 200 77
114.83.218.170 - - [20/Sep/2021:10:19:35 +0800] "POST /xingrg/dwr/call/plaincall/AjaxCheckService.setItemNumber.dwr HTTP/1.1" 200 77
114.83.218.170 - - [20/Sep/2021:10:19:35 +0800] "POST /xingrg/dwr/call/plaincall/AjaxCheckService.setItemNumber.dwr HTTP/1.1" 200 77
222.70.246.151 - - [20/Sep/2021:10:19:36 +0800] "GET /xingrg/all/function/internal_message.html?_=1632104375939&CODE_STATE=getMsg HTTP/1.1" 200 27
180.169.147.146 - - [20/Sep/2021:10:19:37 +0800] "GET /xingrg/all/function/internal_message.html?_=1632104375443&CODE_STATE=getMsg HTTP/1.1" 200 27
114.83.218.170 - - [20/Sep/2021:10:19:38 +0800] "POST /xingrg/dwr/call/plaincall/AjaxCheckService.setItemNumber.dwr HTTP/1.1" 200 77
116.233.75.58 - - [20/Sep/2021:10:19:38 +0800] "GET /xingrg/kc/buy/cgsh_order_operate.html?command=get_materiel&rest_code=00109&code=00101008092&supplier_code=00100005&order_time=2021-09-20 HTTP/1.1" 200 412
114.83.218.170 - - [20/Sep/2021:10:19:38 +0800] "POST /xingrg/dwr/call/plaincall/AjaxCheckService.setItemNumber.dwr HTTP/1.1" 200 77
58.40.7.146 - - [20/Sep/2021:10:19:38 +0800] "POST /xingrg/kc/buy/cgsh_list_operate.html HTTP/1.1" 200 9685
114.83.218.170 - - [20/Sep/2021:10:19:39 +0800] "POST /xingrg/dwr/call/plaincall/AjaxCheckService.setItemNumber.dwr HTTP/1.1" 200 77
114.83.218.170 - - [20/Sep/2021:10:19:39 +0800] "POST /xingrg/dwr/call/plaincall/AjaxCheckService.setItemNumber.dwr HTTP/1.1" 200 77
114.83.218.170 - - [20/Sep/2021:10:19:40 +0800] "POST /xingrg/dwr/call/plaincall/AjaxCheckService.setItemNumber.dwr HTTP/1.1" 200 77
222.70.179.190 - - [20/Sep/2021:10:19:41 +0800] "GET /xingrg/kc/buy/cgsh_order_operate.html?command=get_materiel&rest_code=00111&code=00101001140&supplier_code=00100319&order_time=2021-09-20 HTTP/1.1" 200 413
172.20.0.100 - - [20/Sep/2021:10:19:44 +0800] "GET /xingrg/check_reg.html?_=1632104382733 HTTP/1.1" 200 22
172.20.0.100 - - [20/Sep/2021:10:19:44 +0800] "GET /xingrg/all/function/internal_message.html?_=1632104382735&CODE_STATE=getMsg HTTP/1.1" 200 27
180.169.147.146 - - [20/Sep/2021:10:19:44 +0800] "GET /xingrg/all/function/internal_message.html?_=1632104382967&CODE_STATE=getMsg HTTP/1.1" 200 27
180.169.147.146 - - [20/Sep/2021:10:19:44 +0800] "GET /xingrg/check_reg.html?_=1632104382971 HTTP/1.1" 200 22
114.83.218.170 - - [20/Sep/2021:10:19:46 +0800] "GET /xingrg/all/function/internal_message.html?_=1632104384606&CODE_STATE=getMsg HTTP/1.1" 200 27
114.83.218.170 - - [20/Sep/2021:10:19:46 +0800] "GET /xingrg/javascript/jquery_easy_ui/themes/default/images/button_plain_hover.png HTTP/1.1" 200 252
116.233.75.58 - - [20/Sep/2021:10:19:47 +0800] "GET /xingrg/kc/buy/cgsh_order_operate.html?command=get_materiel&rest_code=00109&code=00101015070&supplier_code=00100005&order_time=2021-09-20 HTTP/1.1" 200 412
114.83.218.170 - - [20/Sep/2021:10:19:48 +0800] "POST /xingrg/dwr/call/plaincall/AjaxCheckService.setItemNumber.dwr HTTP/1.1" 200 77
116.233.75.58 - - [20/Sep/2021:10:19:49 +0800] "POST /xingrg/kc/buy/cgsh_order_operate.html HTTP/1.1" 200 2065
180.169.147.146 - - [20/Sep/2021:10:19:50 +0800] "GET /xingrg/all/function/internal_message.html?_=1632104389338&CODE_STATE=getMsg HTTP/1.1" 200 27
58.37.227.186 - - [20/Sep/2021:10:19:52 +0800] "GET /xingrg/all/function/internal_message.html?_=1632104258582&CODE_STATE=getMsg HTTP/1.1" 200 27
116.233.75.58 - - [20/Sep/2021:10:19:53 +0800] "GET /xingrg/kc/buy/cgsh_order_operate.html?command=get_materiel&rest_code=00109&code=00101008155&supplier_code=00100005&order_time=2021-09-20 HTTP/1.1" 200 408
58.40.7.146 - - [20/Sep/2021:10:19:54 +0800] "POST /xingrg/kc/buy/cgsh_list_operate.html HTTP/1.1" 200 9791
222.70.179.190 - - [20/Sep/2021:10:19:55 +0800] "GET /xingrg/kc/buy/cgsh_order_operate.html?command=get_materiel&rest_code=00111&code=00101001125&supplier_code=00100319&order_time=2021-09-20 HTTP/1.1" 200 415
116.233.75.58 - - [20/Sep/2021:10:19:55 +0800] "GET /xingrg/all/function/internal_message.html?_=1632104394119&CODE_STATE=getMsg HTTP/1.1" 200 27
116.237.74.154 - - [20/Sep/2021:10:19:57 +0800] "GET /xingrg/all/function/internal_message.html?_=1632104394998&CODE_STATE=getMsg HTTP/1.1" 200 27
180.152.125.3 - - [20/Sep/2021:10:19:57 +0800] "GET /xingrg/kc/buy/cgsh_order_operate.html?command=get_materiel&rest_code=00102&code=00101009062&supplier_code=00100424&order_time=2021-09-20 HTTP/1.1" 200 412
116.233.75.58 - - [20/Sep/2021:10:19:59 +0800] "GET /xingrg/kc/buy/cgsh_order_operate.html?command=get_materiel&rest_code=00109&code=00101008041&supplier_code=00100005&order_time=2021-09-20 HTTP/1.1" 200 408
58.40.7.146 - - [20/Sep/2021:10:20:00 +0800] "POST /xingrg/kc/buy/cgsh_list_operate.html HTTP/1.1" 200 204
114.85.125.222 - - [20/Sep/2021:10:20:01 +0800] "GET /xingrg/all/function/internal_message.html?_=1632104380644&CODE_STATE=getMsg HTTP/1.1" 200 27
222.70.246.151 - - [20/Sep/2021:10:20:05 +0800] "GET /xingrg/kc/buy/cgsh_order_operate.html?command=get_materiel&rest_code=00146&code=00101008091&supplier_code=00100005&order_time=2021-09-20 HTTP/1.1" 200 413
116.233.75.58 - - [20/Sep/2021:10:20:06 +0800] "GET /xingrg/kc/buy/cgsh_order_operate.html?command=get_materiel&rest_code=00109&code=00101008323&supplier_code=00100005&order_time=2021-09-20 HTTP/1.1" 200 408
114.83.218.170 - - [20/Sep/2021:10:20:07 +0800] "POST /xingrg/dwr/call/plaincall/AjaxCheckService.checkOrder.dwr HTTP/1.1" 200 79
114.83.218.170 - - [20/Sep/2021:10:20:09 +0800] "GET /xingrg/kc/base/check_order_info.html?code=452021091900158 HTTP/1.1" 200 22854
114.83.218.170 - - [20/Sep/2021:10:20:09 +0800] "GET /xingrg/dwr/interface/AjaxComOrderService.js HTTP/1.1" 200 18264
114.83.218.170 - - [20/Sep/2021:10:20:09 +0800] "GET /xingrg/dwr/interface/AjaxCheckService.js HTTP/1.1" 200 14003
114.83.218.170 - - [20/Sep/2021:10:20:09 +0800] "GET /xingrg/dwr/engine.js HTTP/1.1" 200 43631
114.83.218.170 - - [20/Sep/2021:10:20:09 +0800] "GET /xingrg/javascript/jquery_easy_ui/themes/icons/exam_new.png HTTP/1.1" 200 756
114.83.218.170 - - [20/Sep/2021:10:20:10 +0800] "POST /xingrg/dwr/call/plaincall/AjaxCheckService.loadOrderItems.dwr HTTP/1.1" 200 11540
222.70.179.190 - - [20/Sep/2021:10:20:11 +0800] "POST /xingrg/kc/buy/cgsh_order_operate.html HTTP/1.1" 200 37
58.40.7.146 - - [20/Sep/2021:10:20:11 +0800] "POST /xingrg/kc/buy/cgsh_list_operate.html HTTP/1.1" 200 9685
222.70.179.190 - - [20/Sep/2021:10:20:12 +0800] "POST /xingrg/kc/buy/cgsh_order_operate.html HTTP/1.1" 200 3259
180.157.251.224 - - [20/Sep/2021:10:20:13 +0800] "GET /xingrg/all/function/internal_message.html?_=1632104413911&CODE_STATE=getMsg HTTP/1.1" 200 27
222.70.179.190 - - [20/Sep/2021:10:20:14 +0800] "GET /xingrg/kc/print/load_data.html?order_code=212021092008823&kc_code=cgsh&condition= HTTP/1.1" 200 910
180.169.147.146 - - [20/Sep/2021:10:20:14 +0800] "GET /xingrg/all/function/internal_message.html?_=1632104450309&CODE_STATE=getMsg HTTP/1.1" 200 27
58.40.7.146 - - [20/Sep/2021:10:20:15 +0800] "POST /xingrg/kc/buy/cgsh_list_operate.html HTTP/1.1" 200 270
101.85.93.96 - - [20/Sep/2021:10:20:17 +0800] "GET /xingrg/all/function/internal_message.html?_=1632104326163&CODE_STATE=getMsg HTTP/1.1" 200 27
222.70.179.190 - - [20/Sep/2021:10:20:17 +0800] "GET /xingrg/all/function/internal_message.html?_=1632104414916&CODE_STATE=getMsg HTTP/1.1" 200 27
180.152.125.3 - - [20/Sep/2021:10:20:18 +0800] "GET /xingrg/kc/buy/cgsh_order_operate.html?command=get_materiel&rest_code=00102&code=00101009016&supplier_code=00100424&order_time=2021-09-20 HTTP/1.1" 200 412
222.70.179.190 - - [20/Sep/2021:10:20:19 +0800] "GET /xingrg/kc/buy/cgsh_order_add.html HTTP/1.1" 200 63482
222.70.179.190 - - [20/Sep/2021:10:20:19 +0800] "POST /xingrg/kc/buy/cgsh_order_operate.html HTTP/1.1" 200 8245
222.70.179.190 - - [20/Sep/2021:10:20:19 +0800] "GET /xingrg/javascript/easyui/themes/default/validatebox.css HTTP/1.1" 404 1104
58.39.139.200 - - [20/Sep/2021:10:20:23 +0800] "GET /xingrg/all/function/internal_message.html?_=1632104423033&CODE_STATE=getMsg HTTP/1.1" 200 27
58.39.139.200 - - [20/Sep/2021:10:20:24 +0800] "GET /xingrg/all/function/internal_message.html?_=1632104368482&CODE_STATE=getMsg HTTP/1.1" 200 27
222.70.246.151 - - [20/Sep/2021:10:20:25 +0800] "GET /xingrg/kc/buy/cgsh_order_operate.html?command=get_materiel&rest_code=00146&code=00101008125&supplier_code=00100005&order_time=2021-09-20 HTTP/1.1" 200 413
116.233.75.58 - - [20/Sep/2021:10:20:28 +0800] "POST /xingrg/kc/buy/cgsh_order_operate.html HTTP/1.1" 200 37
180.152.125.3 - - [20/Sep/2021:10:20:29 +0800] "GET /xingrg/kc/buy/cgsh_order_operate.html?command=get_materiel&rest_code=00102&code=00101009013&supplier_code=00100424&order_time=2021-09-20 HTTP/1.1" 200 420
116.238.248.233 - - [20/Sep/2021:10:20:29 +0800] "GET /xingrg/all/function/internal_message.html?_=1632104427384&CODE_STATE=getMsg HTTP/1.1" 200 27
222.70.179.190 - - [20/Sep/2021:10:20:29 +0800] "GET /xingrg/kc/buy/cgsh_order_operate.html?command=get_materiel&rest_code=00111&code=00101001019&supplier_code=00100318&order_time=2021-09-20 HTTP/1.1" 200 415
116.233.75.58 - - [20/Sep/2021:10:20:30 +0800] "POST /xingrg/kc/buy/cgsh_order_operate.html HTTP/1.1" 200 63631
114.83.218.170 - - [20/Sep/2021:10:20:30 +0800] "GET /xingrg/kc/base/check_order_list.html?isBack=1 HTTP/1.1" 200 16349
114.83.218.170 - - [20/Sep/2021:10:20:30 +0800] "POST /xingrg/kc/base/check_list_operate.html HTTP/1.1" 200 2538
58.40.7.146 - - [20/Sep/2021:10:20:31 +0800] "GET /xingrg/all/function/internal_message.html?_=1632104429799&CODE_STATE=getMsg HTTP/1.1" 200 27
120.253.135.82 - - [20/Sep/2021:10:20:31 +0800] "GET /xingrg/all/function/internal_message.html?_=1632104202811&CODE_STATE=getMsg HTTP/1.1" 200 27
58.40.7.146 - - [20/Sep/2021:10:20:32 +0800] "POST /xingrg/kc/buy/cgsh_list_operate.html HTTP/1.1" 200 199
116.237.74.154 - - [20/Sep/2021:10:20:32 +0800] "GET /xingrg/all/function/internal_message.html?_=1632104431285&CODE_STATE=getMsg HTTP/1.1" 200 27
114.83.218.170 - - [20/Sep/2021:10:20:33 +0800] "GET /xingrg/kc/base/check_order_info.html?code=452021091900157 HTTP/1.1" 200 26475
114.83.218.170 - - [20/Sep/2021:10:20:33 +0800] "GET /xingrg/dwr/interface/AjaxCheckService.js HTTP/1.1" 200 14003
114.83.218.170 - - [20/Sep/2021:10:20:33 +0800] "GET /xingrg/dwr/interface/AjaxComOrderService.js HTTP/1.1" 200 18264
114.83.218.170 - - [20/Sep/2021:10:20:33 +0800] "GET /xingrg/dwr/engine.js HTTP/1.1" 200 43631
114.83.218.170 - - [20/Sep/2021:10:20:34 +0800] "POST /xingrg/dwr/call/plaincall/AjaxCheckService.loadOrderItems.dwr HTTP/1.1" 200 10472
116.230.105.26 - - [20/Sep/2021:10:20:34 +0800] "GET /xingrg/all/function/internal_message.html?_=1632104414014&CODE_STATE=getMsg HTTP/1.1" 200 27
58.40.7.146 - - [20/Sep/2021:10:20:35 +0800] "GET /xingrg/all/function/internal_message.html?_=1632104433330&CODE_STATE=getMsg HTTP/1.1" 200 27
222.70.246.151 - - [20/Sep/2021:10:20:35 +0800] "GET /xingrg/kc/buy/cgsh_order_operate.html?command=get_materiel&rest_code=00146&code=00101008558&supplier_code=00100005&order_time=2021-09-20 HTTP/1.1" 200 395
222.70.246.151 - - [20/Sep/2021:10:20:36 +0800] "GET /xingrg/all/function/internal_message.html?_=1632104435952&CODE_STATE=getMsg HTTP/1.1" 200 27
114.83.218.170 - - [20/Sep/2021:10:20:37 +0800] "POST /xingrg/dwr/call/plaincall/AjaxCheckService.setItemNumber.dwr HTTP/1.1" 200 76
180.169.147.146 - - [20/Sep/2021:10:20:37 +0800] "GET /xingrg/all/function/internal_message.html?_=1632104435456&CODE_STATE=getMsg HTTP/1.1" 200 27
180.169.147.146 - - [20/Sep/2021:10:20:37 +0800] "GET /xingrg/check_reg.html?_=1632104435458 HTTP/1.1" 200 22
114.83.218.170 - - [20/Sep/2021:10:20:37 +0800] "POST /xingrg/dwr/call/plaincall/AjaxCheckService.setItemNumber.dwr HTTP/1.1" 200 76
114.83.218.170 - - [20/Sep/2021:10:20:38 +0800] "POST /xingrg/dwr/call/plaincall/AjaxCheckService.setItemNumber.dwr HTTP/1.1" 200 76
114.83.218.170 - - [20/Sep/2021:10:20:38 +0800] "POST /xingrg/dwr/call/plaincall/AjaxCheckService.setItemNumber.dwr HTTP/1.1" 200 76
114.83.218.170 - - [20/Sep/2021:10:20:39 +0800] "POST /xingrg/dwr/call/plaincall/AjaxCheckService.setItemNumber.dwr HTTP/1.1" 200 76
114.83.218.170 - - [20/Sep/2021:10:20:39 +0800] "POST /xingrg/dwr/call/plaincall/AjaxCheckService.setItemNumber.dwr HTTP/1.1" 200 76
114.83.218.170 - - [20/Sep/2021:10:20:39 +0800] "POST /xingrg/dwr/call/plaincall/AjaxCheckService.setItemNumber.dwr HTTP/1.1" 200 76
114.83.218.170 - - [20/Sep/2021:10:20:40 +0800] "POST /xingrg/dwr/call/plaincall/AjaxCheckService.setItemNumber.dwr HTTP/1.1" 200 76
114.83.218.170 - - [20/Sep/2021:10:20:40 +0800] "POST /xingrg/dwr/call/plaincall/AjaxCheckService.setItemNumber.dwr HTTP/1.1" 200 76
114.83.218.170 - - [20/Sep/2021:10:20:41 +0800] "POST /xingrg/dwr/call/plaincall/AjaxCheckService.setItemNumber.dwr HTTP/1.1" 200 77
114.83.218.170 - - [20/Sep/2021:10:20:41 +0800] "POST /xingrg/dwr/call/plaincall/AjaxCheckService.setItemNumber.dwr HTTP/1.1" 200 77
114.83.218.170 - - [20/Sep/2021:10:20:42 +0800] "POST /xingrg/dwr/call/plaincall/AjaxCheckService.setItemNumber.dwr HTTP/1.1" 200 77
180.152.125.3 - - [20/Sep/2021:10:20:42 +0800] "GET /xingrg/kc/buy/cgsh_order_operate.html?command=get_materiel&rest_code=00102&code=00101009007&supplier_code=00100424&order_time=2021-09-20 HTTP/1.1" 200 408
114.83.218.170 - - [20/Sep/2021:10:20:43 +0800] "POST /xingrg/dwr/call/plaincall/AjaxCheckService.setItemNumber.dwr HTTP/1.1" 200 77
172.20.0.100 - - [20/Sep/2021:10:20:44 +0800] "GET /xingrg/all/function/internal_message.html?_=1632104442737&CODE_STATE=getMsg HTTP/1.1" 200 27
180.169.147.146 - - [20/Sep/2021:10:20:44 +0800] "GET /xingrg/all/function/internal_message.html?_=1632104442975&CODE_STATE=getMsg HTTP/1.1" 200 27
114.83.218.170 - - [20/Sep/2021:10:20:44 +0800] "POST /xingrg/dwr/call/plaincall/AjaxCheckService.setItemNumber.dwr HTTP/1.1" 200 77
114.83.218.170 - - [20/Sep/2021:10:20:45 +0800] "POST /xingrg/dwr/call/plaincall/AjaxCheckService.setItemNumber.dwr HTTP/1.1" 200 77
114.83.218.170 - - [20/Sep/2021:10:20:46 +0800] "GET /xingrg/all/function/internal_message.html?_=1632104444606&CODE_STATE=getMsg HTTP/1.1" 200 27
114.83.218.170 - - [20/Sep/2021:10:20:46 +0800] "POST /xingrg/dwr/call/plaincall/AjaxCheckService.setItemNumber.dwr HTTP/1.1" 200 77
180.169.147.146 - - [20/Sep/2021:10:20:50 +0800] "GET /xingrg/check_reg.html?_=1632104449338 HTTP/1.1" 200 22
180.169.147.146 - - [20/Sep/2021:10:20:50 +0800] "GET /xingrg/all/function/internal_message.html?_=1632104449342&CODE_STATE=getMsg HTTP/1.1" 200 27
114.83.218.170 - - [20/Sep/2021:10:20:52 +0800] "POST /xingrg/dwr/call/plaincall/AjaxCheckService.checkOrder.dwr HTTP/1.1" 200 79
58.37.227.186 - - [20/Sep/2021:10:20:52 +0800] "GET /xingrg/all/function/internal_message.html?_=1632104318585&CODE_STATE=getMsg HTTP/1.1" 200 27
114.83.218.170 - - [20/Sep/2021:10:20:54 +0800] "GET /xingrg/kc/base/check_order_info.html?code=452021091900157 HTTP/1.1" 200 22854
114.83.218.170 - - [20/Sep/2021:10:20:54 +0800] "GET /xingrg/dwr/interface/AjaxComOrderService.js HTTP/1.1" 200 18264
114.83.218.170 - - [20/Sep/2021:10:20:54 +0800] "GET /xingrg/dwr/interface/AjaxCheckService.js HTTP/1.1" 200 14003
114.83.218.170 - - [20/Sep/2021:10:20:54 +0800] "GET /xingrg/dwr/engine.js HTTP/1.1" 200 43631
114.83.218.170 - - [20/Sep/2021:10:20:54 +0800] "POST /xingrg/dwr/call/plaincall/AjaxCheckService.loadOrderItems.dwr HTTP/1.1" 200 4758
58.40.7.146 - - [20/Sep/2021:10:20:55 +0800] "GET /xingrg/kc/buy/cgsh_order_info.html?code=212021081708037 HTTP/1.1" 200 58357
58.40.7.146 - - [20/Sep/2021:10:20:55 +0800] "GET /xingrg/javascript/jquery_tools/order_manager.js HTTP/1.1" 200 11183
58.40.7.146 - - [20/Sep/2021:10:20:55 +0800] "GET /xingrg/javascript/convert.js HTTP/1.1" 200 1239
58.40.7.146 - - [20/Sep/2021:10:20:55 +0800] "GET /xingrg/words/20210920101822_words.js HTTP/1.1" 200 847735
58.40.7.146 - - [20/Sep/2021:10:20:55 +0800] "GET /xingrg/javascript/json2.js HTTP/1.1" 200 11259
58.40.7.146 - - [20/Sep/2021:10:20:55 +0800] "GET /xingrg/javascript/print/kc_print.js HTTP/1.1" 200 11415
58.40.7.146 - - [20/Sep/2021:10:20:55 +0800] "GET /xingrg/javascript/easyui/themes/icons/copy_new.png HTTP/1.1" 200 815
58.40.7.146 - - [20/Sep/2021:10:20:55 +0800] "GET /xingrg/javascript/easyui/themes/icons/print.png HTTP/1.1" 200 1057
58.40.7.146 - - [20/Sep/2021:10:20:55 +0800] "GET /xingrg/javascript/easyui/themes/default/images/menu_downarrow.png HTTP/1.1" 200 173
58.40.7.146 - - [20/Sep/2021:10:20:55 +0800] "GET /xingrg/javascript/easyui/themes/icons/cancel.png HTTP/1.1" 200 1133
116.233.75.58 - - [20/Sep/2021:10:20:55 +0800] "GET /xingrg/all/function/internal_message.html?_=1632104454118&CODE_STATE=getMsg HTTP/1.1" 200 27
58.40.7.146 - - [20/Sep/2021:10:20:55 +0800] "GET /xingrg/javascript/easyui/themes/default/validatebox.css HTTP/1.1" 404 1104
58.40.7.146 - - [20/Sep/2021:10:20:55 +0800] "GET /xingrg/javascript/easyui/plugins/jquery.validatebox.js HTTP/1.1" 200 6103
58.40.7.146 - - [20/Sep/2021:10:20:55 +0800] "GET /xingrg/javascript/easyui/plugins/jquery.numberbox.js HTTP/1.1" 200 5213
114.83.218.170 - - [20/Sep/2021:10:20:56 +0800] "GET /xingrg/kc/base/check_order_list.html?isBack=1 HTTP/1.1" 200 16349
114.83.218.170 - - [20/Sep/2021:10:20:56 +0800] "POST /xingrg/kc/base/check_list_operate.html HTTP/1.1" 200 2211
58.40.7.146 - - [20/Sep/2021:10:20:56 +0800] "POST /xingrg/kc/buy/cgsh_order_operate.html HTTP/1.1" 200 604
58.40.7.146 - - [20/Sep/2021:10:20:56 +0800] "GET /xingrg/javascript/easyui/themes/icons/edit_remove.png HTTP/1.1" 200 625
116.237.74.154 - - [20/Sep/2021:10:20:57 +0800] "GET /xingrg/all/function/internal_message.html?_=1632104454967&CODE_STATE=getMsg HTTP/1.1" 200 27
222.70.246.151 - - [20/Sep/2021:10:20:57 +0800] "POST /xingrg/kc/buy/cgsh_order_operate.html HTTP/1.1" 200 2065
114.83.218.170 - - [20/Sep/2021:10:20:58 +0800] "GET /xingrg/kc/base/check_order_info.html?code=452021091900159 HTTP/1.1" 200 26475
114.83.218.170 - - [20/Sep/2021:10:20:58 +0800] "GET /xingrg/dwr/interface/AjaxComOrderService.js HTTP/1.1" 200 18264
114.83.218.170 - - [20/Sep/2021:10:20:58 +0800] "GET /xingrg/dwr/interface/AjaxCheckService.js HTTP/1.1" 200 14003
114.83.218.170 - - [20/Sep/2021:10:20:58 +0800] "GET /xingrg/dwr/engine.js HTTP/1.1" 200 43631
114.83.218.170 - - [20/Sep/2021:10:20:59 +0800] "POST /xingrg/dwr/call/plaincall/AjaxCheckService.loadOrderItems.dwr HTTP/1.1" 200 114338
114.85.125.222 - - [20/Sep/2021:10:21:01 +0800] "GET /xingrg/check_reg.html?_=1632104440385 HTTP/1.1" 200 22
114.85.125.222 - - [20/Sep/2021:10:21:01 +0800] "GET /xingrg/all/function/internal_message.html?_=1632104440657&CODE_STATE=getMsg HTTP/1.1" 200 27
114.83.218.170 - - [20/Sep/2021:10:21:02 +0800] "POST /xingrg/dwr/call/plaincall/AjaxCheckService.setItemNumber.dwr HTTP/1.1" 200 76
114.83.218.170 - - [20/Sep/2021:10:21:02 +0800] "POST /xingrg/dwr/call/plaincall/AjaxCheckService.setItemNumber.dwr HTTP/1.1" 200 76
114.83.218.170 - - [20/Sep/2021:10:21:03 +0800] "POST /xingrg/dwr/call/plaincall/AjaxCheckService.setItemNumber.dwr HTTP/1.1" 200 76
114.83.218.170 - - [20/Sep/2021:10:21:03 +0800] "POST /xingrg/dwr/call/plaincall/AjaxCheckService.setItemNumber.dwr HTTP/1.1" 200 76
114.83.218.170 - - [20/Sep/2021:10:21:04 +0800] "POST /xingrg/dwr/call/plaincall/AjaxCheckService.setItemNumber.dwr HTTP/1.1" 200 76
114.83.218.170 - - [20/Sep/2021:10:21:04 +0800] "POST /xingrg/dwr/call/plaincall/AjaxCheckService.setItemNumber.dwr HTTP/1.1" 200 76
114.83.218.170 - - [20/Sep/2021:10:21:05 +0800] "POST /xingrg/dwr/call/plaincall/AjaxCheckService.setItemNumber.dwr HTTP/1.1" 200 76
114.83.218.170 - - [20/Sep/2021:10:21:05 +0800] "POST /xingrg/dwr/call/plaincall/AjaxCheckService.setItemNumber.dwr HTTP/1.1" 200 76
114.83.218.170 - - [20/Sep/2021:10:21:06 +0800] "POST /xingrg/dwr/call/plaincall/AjaxCheckService.setItemNumber.dwr HTTP/1.1" 200 76
114.83.218.170 - - [20/Sep/2021:10:21:06 +0800] "POST /xingrg/dwr/call/plaincall/AjaxCheckService.setItemNumber.dwr HTTP/1.1" 200 77
114.83.218.170 - - [20/Sep/2021:10:21:07 +0800] "POST /xingrg/dwr/call/plaincall/AjaxCheckService.setItemNumber.dwr HTTP/1.1" 200 77
114.83.218.170 - - [20/Sep/2021:10:21:07 +0800] "POST /xingrg/dwr/call/plaincall/AjaxCheckService.setItemNumber.dwr HTTP/1.1" 200 77
114.83.218.170 - - [20/Sep/2021:10:21:07 +0800] "POST /xingrg/dwr/call/plaincall/AjaxCheckService.setItemNumber.dwr HTTP/1.1" 200 77
114.83.218.170 - - [20/Sep/2021:10:21:08 +0800] "POST /xingrg/dwr/call/plaincall/AjaxCheckService.setItemNumber.dwr HTTP/1.1" 200 77
114.83.218.170 - - [20/Sep/2021:10:21:09 +0800] "POST /xingrg/dwr/call/plaincall/AjaxCheckService.setItemNumber.dwr HTTP/1.1" 200 77
114.83.218.170 - - [20/Sep/2021:10:21:09 +0800] "POST /xingrg/dwr/call/plaincall/AjaxCheckService.setItemNumber.dwr HTTP/1.1" 200 77
114.83.218.170 - - [20/Sep/2021:10:21:10 +0800] "POST /xingrg/dwr/call/plaincall/AjaxCheckService.setItemNumber.dwr HTTP/1.1" 200 77
114.83.218.170 - - [20/Sep/2021:10:21:10 +0800] "POST /xingrg/dwr/call/plaincall/AjaxCheckService.setItemNumber.dwr HTTP/1.1" 200 77
180.152.125.3 - - [20/Sep/2021:10:21:12 +0800] "GET /xingrg/kc/buy/cgsh_order_operate.html?command=get_materiel&rest_code=00102&code=00101009031&supplier_code=00100424&order_time=2021-09-20 HTTP/1.1" 200 408
180.157.251.224 - - [20/Sep/2021:10:21:13 +0800] "GET /xingrg/all/function/internal_message.html?_=1632104473910&CODE_STATE=getMsg HTTP/1.1" 200 27
180.169.147.146 - - [20/Sep/2021:10:21:14 +0800] "GET /xingrg/all/function/internal_message.html?_=1632104510301&CODE_STATE=getMsg HTTP/1.1" 200 27
101.85.93.96 - - [20/Sep/2021:10:21:17 +0800] "GET /xingrg/all/function/internal_message.html?_=1632104386164&CODE_STATE=getMsg HTTP/1.1" 200 27
222.70.179.190 - - [20/Sep/2021:10:21:17 +0800] "GET /xingrg/all/function/internal_message.html?_=1632104474899&CODE_STATE=getMsg HTTP/1.1" 200 27
114.83.218.170 - - [20/Sep/2021:10:21:23 +0800] "POST /xingrg/dwr/call/plaincall/AjaxCheckService.setItemNumber.dwr HTTP/1.1" 200 77
58.39.139.200 - - [20/Sep/2021:10:21:23 +0800] "GET /xingrg/all/function/internal_message.html?_=1632104483001&CODE_STATE=getMsg HTTP/1.1" 200 27
58.39.139.200 - - [20/Sep/2021:10:21:24 +0800] "GET /xingrg/all/function/internal_message.html?_=1632104428482&CODE_STATE=getMsg HTTP/1.1" 200 27
114.83.218.170 - - [20/Sep/2021:10:21:24 +0800] "POST /xingrg/dwr/call/plaincall/AjaxCheckService.setItemNumber.dwr HTTP/1.1" 200 77
114.83.218.170 - - [20/Sep/2021:10:21:25 +0800] "POST /xingrg/dwr/call/plaincall/AjaxCheckService.setItemNumber.dwr HTTP/1.1" 200 77
114.83.218.170 - - [20/Sep/2021:10:21:26 +0800] "POST /xingrg/dwr/call/plaincall/AjaxCheckService.setItemNumber.dwr HTTP/1.1" 200 77
114.83.218.170 - - [20/Sep/2021:10:21:26 +0800] "POST /xingrg/dwr/call/plaincall/AjaxCheckService.setItemNumber.dwr HTTP/1.1" 200 77
58.40.7.146 - - [20/Sep/2021:10:21:27 +0800] "GET /xingrg/javascript/easyui/themes/default/images/button_plain_hover.png HTTP/1.1" 200 144
114.83.218.170 - - [20/Sep/2021:10:21:27 +0800] "POST /xingrg/dwr/call/plaincall/AjaxCheckService.setItemNumber.dwr HTTP/1.1" 200 77
114.83.218.170 - - [20/Sep/2021:10:21:28 +0800] "POST /xingrg/dwr/call/plaincall/AjaxCheckService.setItemNumber.dwr HTTP/1.1" 200 77
180.152.125.3 - - [20/Sep/2021:10:21:28 +0800] "GET /xingrg/kc/buy/cgsh_order_operate.html?command=get_materiel&rest_code=00102&code=00101009026&supplier_code=00100424&order_time=2021-09-20 HTTP/1.1" 200 409
114.83.218.170 - - [20/Sep/2021:10:21:28 +0800] "POST /xingrg/dwr/call/plaincall/AjaxCheckService.setItemNumber.dwr HTTP/1.1" 200 77
58.40.7.146 - - [20/Sep/2021:10:21:28 +0800] "GET /xingrg/javascript/jquery_easy_ui/themes/default/images/button_a_bg.gif HTTP/1.1" 200 1194
58.40.7.146 - - [20/Sep/2021:10:21:28 +0800] "GET /xingrg/javascript/jquery_easy_ui/themes/default/images/button_span_bg.gif HTTP/1.1" 200 2061
58.40.7.146 - - [20/Sep/2021:10:21:28 +0800] "GET /xingrg/javascript/jquery_easy_ui/themes/default/images/panel_title.png HTTP/1.1" 200 266
58.40.7.146 - - [20/Sep/2021:10:21:28 +0800] "GET /xingrg/javascript/jquery_easy_ui/themes/default/images/panel_tools.gif HTTP/1.1" 200 737
58.40.7.146 - - [20/Sep/2021:10:21:28 +0800] "GET /xingrg/javascript/jquery_easy_ui/themes/icons/ok.png HTTP/1.1" 200 883
114.83.218.170 - - [20/Sep/2021:10:21:28 +0800] "POST /xingrg/dwr/call/plaincall/AjaxCheckService.setItemNumber.dwr HTTP/1.1" 200 77
114.83.218.170 - - [20/Sep/2021:10:21:29 +0800] "POST /xingrg/dwr/call/plaincall/AjaxCheckService.setItemNumber.dwr HTTP/1.1" 200 77
116.238.248.233 - - [20/Sep/2021:10:21:29 +0800] "GET /xingrg/check_reg.html?_=1632104487385 HTTP/1.1" 200 22
116.238.248.233 - - [20/Sep/2021:10:21:29 +0800] "GET /xingrg/all/function/internal_message.html?_=1632104487389&CODE_STATE=getMsg HTTP/1.1" 200 27
114.83.218.170 - - [20/Sep/2021:10:21:30 +0800] "POST /xingrg/dwr/call/plaincall/AjaxCheckService.setItemNumber.dwr HTTP/1.1" 200 77
114.83.218.170 - - [20/Sep/2021:10:21:30 +0800] "POST /xingrg/dwr/call/plaincall/AjaxCheckService.setItemNumber.dwr HTTP/1.1" 200 77
114.83.218.170 - - [20/Sep/2021:10:21:31 +0800] "POST /xingrg/dwr/call/plaincall/AjaxCheckService.setItemNumber.dwr HTTP/1.1" 200 77
58.40.7.146 - - [20/Sep/2021:10:21:31 +0800] "GET /xingrg/all/function/internal_message.html?_=1632104489802&CODE_STATE=getMsg HTTP/1.1" 200 27
58.40.7.146 - - [20/Sep/2021:10:21:31 +0800] "GET /xingrg/check_reg.html?_=1632104489803 HTTP/1.1" 200 22
120.253.135.82 - - [20/Sep/2021:10:21:31 +0800] "GET /xingrg/all/function/internal_message.html?_=1632104262824&CODE_STATE=getMsg HTTP/1.1" 200 27
114.83.218.170 - - [20/Sep/2021:10:21:31 +0800] "POST /xingrg/dwr/call/plaincall/AjaxCheckService.setItemNumber.dwr HTTP/1.1" 200 77
114.83.218.170 - - [20/Sep/2021:10:21:32 +0800] "POST /xingrg/dwr/call/plaincall/AjaxCheckService.setItemNumber.dwr HTTP/1.1" 200 77
116.237.74.154 - - [20/Sep/2021:10:21:32 +0800] "GET /xingrg/check_reg.html?_=1632104491271 HTTP/1.1" 200 22
116.237.74.154 - - [20/Sep/2021:10:21:32 +0800] "GET /xingrg/all/function/internal_message.html?_=1632104491274&CODE_STATE=getMsg HTTP/1.1" 200 27
114.83.218.170 - - [20/Sep/2021:10:21:32 +0800] "POST /xingrg/dwr/call/plaincall/AjaxCheckService.setItemNumber.dwr HTTP/1.1" 200 77
114.83.218.170 - - [20/Sep/2021:10:21:33 +0800] "POST /xingrg/dwr/call/plaincall/AjaxCheckService.setItemNumber.dwr HTTP/1.1" 200 77
114.83.218.170 - - [20/Sep/2021:10:21:33 +0800] "POST /xingrg/dwr/call/plaincall/AjaxCheckService.setItemNumber.dwr HTTP/1.1" 200 77
114.83.218.170 - - [20/Sep/2021:10:21:34 +0800] "POST /xingrg/dwr/call/plaincall/AjaxCheckService.setItemNumber.dwr HTTP/1.1" 200 77
116.230.105.26 - - [20/Sep/2021:10:21:34 +0800] "GET /xingrg/check_reg.html?_=1632104474006 HTTP/1.1" 200 22
116.230.105.26 - - [20/Sep/2021:10:21:34 +0800] "GET /xingrg/all/function/internal_message.html?_=1632104474008&CODE_STATE=getMsg HTTP/1.1" 200 27
114.83.218.170 - - [20/Sep/2021:10:21:34 +0800] "POST /xingrg/dwr/call/plaincall/AjaxCheckService.setItemNumber.dwr HTTP/1.1" 200 77
58.40.7.146 - - [20/Sep/2021:10:21:35 +0800] "GET /xingrg/all/function/internal_message.html?_=1632104493326&CODE_STATE=getMsg HTTP/1.1" 200 27
114.83.218.170 - - [20/Sep/2021:10:21:35 +0800] "POST /xingrg/dwr/call/plaincall/AjaxCheckService.setItemNumber.dwr HTTP/1.1" 200 77
114.83.218.170 - - [20/Sep/2021:10:21:35 +0800] "POST /xingrg/dwr/call/plaincall/AjaxCheckService.setItemNumber.dwr HTTP/1.1" 200 77
222.70.246.151 - - [20/Sep/2021:10:21:36 +0800] "GET /xingrg/all/function/internal_message.html?_=1632104495978&CODE_STATE=getMsg HTTP/1.1" 200 27
114.83.218.170 - - [20/Sep/2021:10:21:36 +0800] "POST /xingrg/dwr/call/plaincall/AjaxCheckService.setItemNumber.dwr HTTP/1.1" 200 77
114.83.218.170 - - [20/Sep/2021:10:21:36 +0800] "POST /xingrg/dwr/call/plaincall/AjaxCheckService.setItemNumber.dwr HTTP/1.1" 200 77
180.169.147.146 - - [20/Sep/2021:10:21:37 +0800] "GET /xingrg/all/function/internal_message.html?_=1632104495448&CODE_STATE=getMsg HTTP/1.1" 200 27
114.83.218.170 - - [20/Sep/2021:10:21:37 +0800] "POST /xingrg/dwr/call/plaincall/AjaxCheckService.setItemNumber.dwr HTTP/1.1" 200 77
114.83.218.170 - - [20/Sep/2021:10:21:37 +0800] "POST /xingrg/dwr/call/plaincall/AjaxCheckService.setItemNumber.dwr HTTP/1.1" 200 77
114.83.218.170 - - [20/Sep/2021:10:21:38 +0800] "POST /xingrg/dwr/call/plaincall/AjaxCheckService.setItemNumber.dwr HTTP/1.1" 200 77
222.70.179.190 - - [20/Sep/2021:10:21:38 +0800] "POST /xingrg/kc/buy/cgsh_order_operate.html HTTP/1.1" 200 37
114.83.218.170 - - [20/Sep/2021:10:21:39 +0800] "POST /xingrg/dwr/call/plaincall/AjaxCheckService.setItemNumber.dwr HTTP/1.1" 200 77
114.83.218.170 - - [20/Sep/2021:10:21:39 +0800] "POST /xingrg/dwr/call/plaincall/AjaxCheckService.setItemNumber.dwr HTTP/1.1" 200 77
180.152.125.3 - - [20/Sep/2021:10:21:40 +0800] "GET /xingrg/kc/buy/cgsh_order_operate.html?command=get_materiel&rest_code=00102&code=00101009124&supplier_code=00100424&order_time=2021-09-20 HTTP/1.1" 200 422
222.70.179.190 - - [20/Sep/2021:10:21:40 +0800] "POST /xingrg/kc/buy/cgsh_order_operate.html HTTP/1.1" 200 2663
222.70.246.151 - - [20/Sep/2021:10:21:40 +0800] "GET /xingrg/kc/buy/cgsh_order_operate.html?command=get_materiel&rest_code=00146&code=00101008010&supplier_code=00100005&order_time=2021-09-20 HTTP/1.1" 200 412
114.83.218.170 - - [20/Sep/2021:10:21:41 +0800] "POST /xingrg/dwr/call/plaincall/AjaxCheckService.setItemNumber.dwr HTTP/1.1" 200 77
58.221.95.50 - - [20/Sep/2021:10:21:41 +0800] "GET /xingrg/check_reg.html?_=1632104499366 HTTP/1.1" 302 -
222.70.179.190 - - [20/Sep/2021:10:21:41 +0800] "GET /xingrg/kc/print/load_data.html?order_code=212021092008824&kc_code=cgsh&condition= HTTP/1.1" 200 680
58.40.7.146 - - [20/Sep/2021:10:21:42 +0800] "POST /xingrg/all/user/operate.html HTTP/1.1" 200 36
58.40.7.146 - - [20/Sep/2021:10:21:43 +0800] "GET /xingrg/index.html?sysBaseUrl=http%3A%2F%2F180.169.147.146%3A18081%2Fxingrg%2F&costTime=97×tamp=1632104254834 HTTP/1.1" 200 17179
58.40.7.146 - - [20/Sep/2021:10:21:43 +0800] "GET /xingrg/javascript/jquery_easy_ui/themes/default/easyui.css HTTP/1.1" 304 -
58.40.7.146 - - [20/Sep/2021:10:21:43 +0800] "GET /xingrg/javascript/jquery_easy_ui/themes/icon.css HTTP/1.1" 304 -
58.40.7.146 - - [20/Sep/2021:10:21:43 +0800] "GET /xingrg/css/form.css HTTP/1.1" 304 -
58.40.7.146 - - [20/Sep/2021:10:21:43 +0800] "GET /xingrg/javascript/jquery-1.4.2.min.js HTTP/1.1" 304 -
58.40.7.146 - - [20/Sep/2021:10:21:43 +0800] "GET /xingrg/javascript/jquery_easy_ui/jquery.easyui.min.js HTTP/1.1" 304 -
58.40.7.146 - - [20/Sep/2021:10:21:43 +0800] "GET /xingrg/javascript/jquery_easy_ui/easyui-lang-zh_CN.js HTTP/1.1" 304 -
58.40.7.146 - - [20/Sep/2021:10:21:43 +0800] "GET /xingrg/javascript/jquery.form.js HTTP/1.1" 304 -
58.40.7.146 - - [20/Sep/2021:10:21:43 +0800] "GET /xingrg/javascript/jquery.utils.js HTTP/1.1" 304 -
58.40.7.146 - - [20/Sep/2021:10:21:43 +0800] "GET /xingrg/javascript/jquery.timers.js HTTP/1.1" 304 -
58.40.7.146 - - [20/Sep/2021:10:21:43 +0800] "GET /xingrg/images/blue/jxLogo.png HTTP/1.1" 304 -
58.40.7.146 - - [20/Sep/2021:10:21:43 +0800] "POST /xingrg/all/common/load_tree.html?tree=area_rest_tree_json&manage=1 HTTP/1.1" 200 3472
58.40.7.146 - - [20/Sep/2021:10:21:43 +0800] "GET /xingrg/all/function/internal_message.html?_=1632104501459&CODE_STATE=count HTTP/1.1" 200 11
58.40.7.146 - - [20/Sep/2021:10:21:43 +0800] "GET /xingrg/check_reg.html?_=1632104501460 HTTP/1.1" 200 22
58.40.7.146 - - [20/Sep/2021:10:21:43 +0800] "GET /xingrg/javascript/jquery_easy_ui/themes/default/images/tabs_rightarrow.png HTTP/1.1" 304 -
58.40.7.146 - - [20/Sep/2021:10:21:43 +0800] "GET /xingrg/images/blue/pingpu.png HTTP/1.1" 304 -
58.40.7.146 - - [20/Sep/2021:10:21:43 +0800] "GET /xingrg/javascript/jquery_easy_ui/themes/icons/settle_new.png HTTP/1.1" 304 -
58.40.7.146 - - [20/Sep/2021:10:21:43 +0800] "GET /xingrg/javascript/jquery_easy_ui/themes/default/images/tabs_leftarrow.png HTTP/1.1" 304 -
58.40.7.146 - - [20/Sep/2021:10:21:43 +0800] "GET /xingrg/images/blue/navBackgound.jpg HTTP/1.1" 304 -
58.40.7.146 - - [20/Sep/2021:10:21:43 +0800] "GET /xingrg/javascript/jquery_easy_ui/themes/default/images/panel_tool_collapse.gif HTTP/1.1" 304 -
58.40.7.146 - - [20/Sep/2021:10:21:43 +0800] "POST /xingrg/load_menu.html HTTP/1.1" 200 5138
172.20.0.100 - - [20/Sep/2021:10:21:44 +0800] "GET /xingrg/all/function/internal_message.html?_=1632104502734&CODE_STATE=getMsg HTTP/1.1" 200 27
180.169.147.146 - - [20/Sep/2021:10:21:44 +0800] "GET /xingrg/all/function/internal_message.html?_=1632104502963&CODE_STATE=getMsg HTTP/1.1" 200 27
58.40.7.146 - - [20/Sep/2021:10:21:45 +0800] "GET /xingrg/kc/buy/buy_main.html HTTP/1.1" 200 12412
58.40.7.146 - - [20/Sep/2021:10:21:45 +0800] "GET /xingrg/css/new_ie.css HTTP/1.1" 404 1036
114.83.218.170 - - [20/Sep/2021:10:21:46 +0800] "GET /xingrg/all/function/internal_message.html?_=1632104504619&CODE_STATE=getMsg HTTP/1.1" 200 27
222.70.179.190 - - [20/Sep/2021:10:21:46 +0800] "GET /xingrg/kc/buy/cgsh_order_add.html HTTP/1.1" 200 63482
222.70.179.190 - - [20/Sep/2021:10:21:46 +0800] "POST /xingrg/kc/buy/cgsh_order_operate.html HTTP/1.1" 200 8245
222.70.179.190 - - [20/Sep/2021:10:21:46 +0800] "GET /xingrg/javascript/easyui/themes/default/validatebox.css HTTP/1.1" 404 1104
58.40.7.146 - - [20/Sep/2021:10:21:46 +0800] "GET /xingrg/kc/buy/cgsh_order_list.html HTTP/1.1" 200 47750
58.40.7.146 - - [20/Sep/2021:10:21:48 +0800] "POST /xingrg/kc/buy/cgsh_list_operate.html HTTP/1.1" 200 1674
114.83.218.170 - - [20/Sep/2021:10:21:50 +0800] "POST /xingrg/dwr/call/plaincall/AjaxCheckService.setItemNumber.dwr HTTP/1.1" 200 77
180.169.147.146 - - [20/Sep/2021:10:21:50 +0800] "GET /xingrg/all/function/internal_message.html?_=1632104509333&CODE_STATE=getMsg HTTP/1.1" 200 27
114.83.218.170 - - [20/Sep/2021:10:21:51 +0800] "POST /xingrg/dwr/call/plaincall/AjaxCheckService.setItemNumber.dwr HTTP/1.1" 200 77
114.83.218.170 - - [20/Sep/2021:10:21:51 +0800] "POST /xingrg/dwr/call/plaincall/AjaxCheckService.setItemNumber.dwr HTTP/1.1" 200 77
114.83.218.170 - - [20/Sep/2021:10:21:52 +0800] "POST /xingrg/dwr/call/plaincall/AjaxCheckService.setItemNumber.dwr HTTP/1.1" 200 77
114.83.218.170 - - [20/Sep/2021:10:21:52 +0800] "POST /xingrg/dwr/call/plaincall/AjaxCheckService.setItemNumber.dwr HTTP/1.1" 200 77
58.37.227.186 - - [20/Sep/2021:10:21:52 +0800] "GET /xingrg/all/function/internal_message.html?_=1632104378581&CODE_STATE=getMsg HTTP/1.1" 200 27
114.83.218.170 - - [20/Sep/2021:10:21:53 +0800] "POST /xingrg/dwr/call/plaincall/AjaxCheckService.setItemNumber.dwr HTTP/1.1" 200 77
114.83.218.170 - - [20/Sep/2021:10:21:53 +0800] "POST /xingrg/dwr/call/plaincall/AjaxCheckService.setItemNumber.dwr HTTP/1.1" 200 77
222.70.246.151 - - [20/Sep/2021:10:21:53 +0800] "GET /xingrg/kc/buy/cgsh_order_operate.html?command=get_materiel&rest_code=00146&code=00101008351&supplier_code=00100005&order_time=2021-09-20 HTTP/1.1" 200 408
114.83.218.170 - - [20/Sep/2021:10:21:54 +0800] "POST /xingrg/dwr/call/plaincall/AjaxCheckService.setItemNumber.dwr HTTP/1.1" 200 77
114.83.218.170 - - [20/Sep/2021:10:21:54 +0800] "POST /xingrg/dwr/call/plaincall/AjaxCheckService.setItemNumber.dwr HTTP/1.1" 200 77
58.40.7.146 - - [20/Sep/2021:10:21:54 +0800] "GET /xingrg/javascript/auto/indicator.gif HTTP/1.1" 404 1066
114.83.218.170 - - [20/Sep/2021:10:21:55 +0800] "POST /xingrg/dwr/call/plaincall/AjaxCheckService.setItemNumber.dwr HTTP/1.1" 200 77
114.83.218.170 - - [20/Sep/2021:10:21:55 +0800] "POST /xingrg/dwr/call/plaincall/AjaxCheckService.setItemNumber.dwr HTTP/1.1" 200 77
116.233.75.58 - - [20/Sep/2021:10:21:55 +0800] "GET /xingrg/all/function/internal_message.html?_=1632104514120&CODE_STATE=getMsg HTTP/1.1" 200 27
114.83.218.170 - - [20/Sep/2021:10:21:56 +0800] "POST /xingrg/dwr/call/plaincall/AjaxCheckService.setItemNumber.dwr HTTP/1.1" 200 77
114.83.218.170 - - [20/Sep/2021:10:21:56 +0800] "POST /xingrg/dwr/call/plaincall/AjaxCheckService.setItemNumber.dwr HTTP/1.1" 200 77
222.70.179.190 - - [20/Sep/2021:10:21:56 +0800] "GET /xingrg/kc/buy/cgsh_order_operate.html?command=get_materiel&rest_code=00111&code=00101004065&supplier_code=00100086&order_time=2021-09-20 HTTP/1.1" 200 433
116.237.74.154 - - [20/Sep/2021:10:21:56 +0800] "GET /xingrg/all/function/internal_message.html?_=1632104514948&CODE_STATE=getMsg HTTP/1.1" 200 27
114.83.218.170 - - [20/Sep/2021:10:21:57 +0800] "POST /xingrg/dwr/call/plaincall/AjaxCheckService.setItemNumber.dwr HTTP/1.1" 200 77
116.237.74.154 - - [20/Sep/2021:10:21:57 +0800] "GET /xingrg/check_reg.html?_=1632104515496 HTTP/1.1" 200 22
114.83.218.170 - - [20/Sep/2021:10:21:57 +0800] "POST /xingrg/dwr/call/plaincall/AjaxCheckService.setItemNumber.dwr HTTP/1.1" 200 77
114.83.218.170 - - [20/Sep/2021:10:21:58 +0800] "POST /xingrg/dwr/call/plaincall/AjaxCheckService.setItemNumber.dwr HTTP/1.1" 200 77
114.83.218.170 - - [20/Sep/2021:10:21:59 +0800] "POST /xingrg/dwr/call/plaincall/AjaxCheckService.setItemNumber.dwr HTTP/1.1" 200 77
114.83.218.170 - - [20/Sep/2021:10:21:59 +0800] "POST /xingrg/dwr/call/plaincall/AjaxCheckService.setItemNumber.dwr HTTP/1.1" 200 77
114.83.218.170 - - [20/Sep/2021:10:22:00 +0800] "POST /xingrg/dwr/call/plaincall/AjaxCheckService.setItemNumber.dwr HTTP/1.1" 200 77
114.83.218.170 - - [20/Sep/2021:10:22:00 +0800] "POST /xingrg/dwr/call/plaincall/AjaxCheckService.setItemNumber.dwr HTTP/1.1" 200 77
58.40.7.146 - - [20/Sep/2021:10:22:00 +0800] "POST /xingrg/kc/buy/cgsh_list_operate.html HTTP/1.1" 200 8638
114.83.218.170 - - [20/Sep/2021:10:22:01 +0800] "POST /xingrg/dwr/call/plaincall/AjaxCheckService.setItemNumber.dwr HTTP/1.1" 200 77
58.39.139.200 - - [20/Sep/2021:10:22:01 +0800] "GET /xingrg/check_reg.html?_=1632104520667 HTTP/1.1" 200 22
114.85.125.222 - - [20/Sep/2021:10:22:01 +0800] "GET /xingrg/all/function/internal_message.html?_=1632104500670&CODE_STATE=getMsg HTTP/1.1" 200 27
114.83.218.170 - - [20/Sep/2021:10:22:01 +0800] "POST /xingrg/dwr/call/plaincall/AjaxCheckService.setItemNumber.dwr HTTP/1.1" 200 77
114.83.218.170 - - [20/Sep/2021:10:22:02 +0800] "POST /xingrg/dwr/call/plaincall/AjaxCheckService.setItemNumber.dwr HTTP/1.1" 200 77
114.83.218.170 - - [20/Sep/2021:10:22:02 +0800] "POST /xingrg/dwr/call/plaincall/AjaxCheckService.setItemNumber.dwr HTTP/1.1" 200 77
114.83.218.170 - - [20/Sep/2021:10:22:03 +0800] "POST /xingrg/dwr/call/plaincall/AjaxCheckService.setItemNumber.dwr HTTP/1.1" 200 77
114.83.218.170 - - [20/Sep/2021:10:22:03 +0800] "POST /xingrg/dwr/call/plaincall/AjaxCheckService.setItemNumber.dwr HTTP/1.1" 200 77
114.83.218.170 - - [20/Sep/2021:10:22:04 +0800] "POST /xingrg/dwr/call/plaincall/AjaxCheckService.setItemNumber.dwr HTTP/1.1" 200 77
114.83.218.170 - - [20/Sep/2021:10:22:04 +0800] "POST /xingrg/dwr/call/plaincall/AjaxCheckService.setItemNumber.dwr HTTP/1.1" 200 77
114.83.218.170 - - [20/Sep/2021:10:22:05 +0800] "POST /xingrg/dwr/call/plaincall/AjaxCheckService.setItemNumber.dwr HTTP/1.1" 200 77
222.70.179.190 - - [20/Sep/2021:10:22:05 +0800] "POST /xingrg/kc/buy/cgsh_order_operate.html HTTP/1.1" 200 37
114.83.218.170 - - [20/Sep/2021:10:22:06 +0800] "POST /xingrg/dwr/call/plaincall/AjaxCheckService.setItemNumber.dwr HTTP/1.1" 200 77
114.83.218.170 - - [20/Sep/2021:10:22:06 +0800] "POST /xingrg/dwr/call/plaincall/AjaxCheckService.setItemNumber.dwr HTTP/1.1" 200 77
222.70.179.190 - - [20/Sep/2021:10:22:06 +0800] "POST /xingrg/kc/buy/cgsh_order_operate.html HTTP/1.1" 200 2661
114.83.218.170 - - [20/Sep/2021:10:22:07 +0800] "POST /xingrg/dwr/call/plaincall/AjaxCheckService.setItemNumber.dwr HTTP/1.1" 200 77
114.83.218.170 - - [20/Sep/2021:10:22:08 +0800] "POST /xingrg/dwr/call/plaincall/AjaxCheckService.setItemNumber.dwr HTTP/1.1" 200 77
222.70.179.190 - - [20/Sep/2021:10:22:08 +0800] "GET /xingrg/kc/print/load_data.html?order_code=212021092008825&kc_code=cgsh&condition= HTTP/1.1" 200 731
114.83.218.170 - - [20/Sep/2021:10:22:08 +0800] "POST /xingrg/dwr/call/plaincall/AjaxCheckService.setItemNumber.dwr HTTP/1.1" 200 77
114.83.218.170 - - [20/Sep/2021:10:22:09 +0800] "POST /xingrg/dwr/call/plaincall/AjaxCheckService.setItemNumber.dwr HTTP/1.1" 200 77
114.83.218.170 - - [20/Sep/2021:10:22:10 +0800] "POST /xingrg/dwr/call/plaincall/AjaxCheckService.setItemNumber.dwr HTTP/1.1" 200 77
114.83.218.170 - - [20/Sep/2021:10:22:10 +0800] "POST /xingrg/dwr/call/plaincall/AjaxCheckService.setItemNumber.dwr HTTP/1.1" 200 77
114.83.218.170 - - [20/Sep/2021:10:22:10 +0800] "POST /xingrg/dwr/call/plaincall/AjaxCheckService.setItemNumber.dwr HTTP/1.1" 200 77
114.83.218.170 - - [20/Sep/2021:10:22:11 +0800] "POST /xingrg/dwr/call/plaincall/AjaxCheckService.setItemNumber.dwr HTTP/1.1" 200 77
222.70.179.190 - - [20/Sep/2021:10:22:12 +0800] "GET /xingrg/kc/buy/cgsh_order_add.html HTTP/1.1" 200 63482
114.83.218.170 - - [20/Sep/2021:10:22:12 +0800] "POST /xingrg/dwr/call/plaincall/AjaxCheckService.setItemNumber.dwr HTTP/1.1" 200 77
222.70.179.190 - - [20/Sep/2021:10:22:12 +0800] "POST /xingrg/kc/buy/cgsh_order_operate.html HTTP/1.1" 200 8245
222.70.179.190 - - [20/Sep/2021:10:22:12 +0800] "GET /xingrg/javascript/easyui/themes/default/validatebox.css HTTP/1.1" 404 1104
114.83.218.170 - - [20/Sep/2021:10:22:13 +0800] "POST /xingrg/dwr/call/plaincall/AjaxCheckService.setItemNumber.dwr HTTP/1.1" 200 77
114.83.218.170 - - [20/Sep/2021:10:22:13 +0800] "POST /xingrg/dwr/call/plaincall/AjaxCheckService.setItemNumber.dwr HTTP/1.1" 200 77
180.157.251.224 - - [20/Sep/2021:10:22:13 +0800] "GET /xingrg/check_reg.html?_=1632104533910 HTTP/1.1" 200 22
180.157.251.224 - - [20/Sep/2021:10:22:13 +0800] "GET /xingrg/all/function/internal_message.html?_=1632104533911&CODE_STATE=getMsg HTTP/1.1" 200 27
114.83.218.170 - - [20/Sep/2021:10:22:13 +0800] "POST /xingrg/dwr/call/plaincall/AjaxCheckService.setItemNumber.dwr HTTP/1.1" 200 77
180.169.147.146 - - [20/Sep/2021:10:22:14 +0800] "GET /xingrg/all/function/internal_message.html?_=1632104570308&CODE_STATE=getMsg HTTP/1.1" 200 27
114.83.218.170 - - [20/Sep/2021:10:22:14 +0800] "POST /xingrg/dwr/call/plaincall/AjaxCheckService.setItemNumber.dwr HTTP/1.1" 200 77
114.83.218.170 - - [20/Sep/2021:10:22:15 +0800] "POST /xingrg/dwr/call/plaincall/AjaxCheckService.setItemNumber.dwr HTTP/1.1" 200 77
114.83.218.170 - - [20/Sep/2021:10:22:15 +0800] "POST /xingrg/dwr/call/plaincall/AjaxCheckService.setItemNumber.dwr HTTP/1.1" 200 77
114.83.218.170 - - [20/Sep/2021:10:22:16 +0800] "POST /xingrg/dwr/call/plaincall/AjaxCheckService.setItemNumber.dwr HTTP/1.1" 200 77
101.85.93.96 - - [20/Sep/2021:10:22:17 +0800] "GET /xingrg/check_reg.html?_=1632104446166 HTTP/1.1" 200 22
101.85.93.96 - - [20/Sep/2021:10:22:17 +0800] "GET /xingrg/all/function/internal_message.html?_=1632104446169&CODE_STATE=getMsg HTTP/1.1" 200 27
222.70.179.190 - - [20/Sep/2021:10:22:17 +0800] "GET /xingrg/all/function/internal_message.html?_=1632104534871&CODE_STATE=getMsg HTTP/1.1" 200 27
114.83.218.170 - - [20/Sep/2021:10:22:18 +0800] "POST /xingrg/dwr/call/plaincall/AjaxCheckService.setItemNumber.dwr HTTP/1.1" 200 77
58.39.139.200 - - [20/Sep/2021:10:22:23 +0800] "GET /xingrg/all/function/internal_message.html?_=1632104542981&CODE_STATE=getMsg HTTP/1.1" 200 27
222.70.179.190 - - [20/Sep/2021:10:22:23 +0800] "GET /xingrg/kc/buy/cgsh_order_operate.html?command=get_materiel&rest_code=00111&code=00101013206&supplier_code=00100337&order_time=2021-09-20 HTTP/1.1" 200 432
58.39.139.200 - - [20/Sep/2021:10:22:24 +0800] "GET /xingrg/all/function/internal_message.html?_=1632104488482&CODE_STATE=getMsg HTTP/1.1" 200 27
58.40.7.146 - - [20/Sep/2021:10:22:26 +0800] "POST /xingrg/kc/buy/cgsh_list_operate.html HTTP/1.1" 200 199
58.40.7.146 - - [20/Sep/2021:10:22:29 +0800] "GET /xingrg/kc/buy/cgsh_order_info.html?code=212021071104857 HTTP/1.1" 200 58357
58.40.7.146 - - [20/Sep/2021:10:22:29 +0800] "GET /xingrg/words/20210920101822_words.js HTTP/1.1" 304 -
58.40.7.146 - - [20/Sep/2021:10:22:29 +0800] "GET /xingrg/javascript/easyui/themes/default/validatebox.css HTTP/1.1" 404 1104
116.238.248.233 - - [20/Sep/2021:10:22:29 +0800] "GET /xingrg/all/function/internal_message.html?_=1632104547389&CODE_STATE=getMsg HTTP/1.1" 200 27
58.40.7.146 - - [20/Sep/2021:10:22:29 +0800] "POST /xingrg/kc/buy/cgsh_order_operate.html HTTP/1.1" 200 604
58.40.7.146 - - [20/Sep/2021:10:22:31 +0800] "GET /xingrg/all/function/internal_message.html?_=1632104549805&CODE_STATE=getMsg HTTP/1.1" 200 27
120.253.135.82 - - [20/Sep/2021:10:22:31 +0800] "GET /xingrg/all/function/internal_message.html?_=1632104322859&CODE_STATE=getMsg HTTP/1.1" 200 27
116.237.74.154 - - [20/Sep/2021:10:22:32 +0800] "GET /xingrg/all/function/internal_message.html?_=1632104551274&CODE_STATE=getMsg HTTP/1.1" 200 27
222.70.179.190 - - [20/Sep/2021:10:22:32 +0800] "GET /xingrg/kc/buy/cgsh_order_operate.html?command=get_materiel&rest_code=00111&code=00101019150&supplier_code=00100337&order_time=2021-09-20 HTTP/1.1" 200 434
116.230.105.26 - - [20/Sep/2021:10:22:34 +0800] "GET /xingrg/all/function/internal_message.html?_=1632104534022&CODE_STATE=getMsg HTTP/1.1" 200 27
222.70.246.151 - - [20/Sep/2021:10:22:36 +0800] "GET /xingrg/all/function/internal_message.html?_=1632104555979&CODE_STATE=getMsg HTTP/1.1" 200 27
180.169.147.146 - - [20/Sep/2021:10:22:37 +0800] "GET /xingrg/all/function/internal_message.html?_=1632104555443&CODE_STATE=getMsg HTTP/1.1" 200 27
222.70.179.190 - - [20/Sep/2021:10:22:41 +0800] "GET /xingrg/kc/buy/cgsh_order_operate.html?command=get_materiel&rest_code=00111&code=00101006267&supplier_code=00100337&order_time=2021-09-20 HTTP/1.1" 200 396
58.40.7.146 - - [20/Sep/2021:10:22:43 +0800] "GET /xingrg/all/function/internal_message.html?_=1632104561466&CODE_STATE=getMsg HTTP/1.1" 200 27
172.20.0.100 - - [20/Sep/2021:10:22:44 +0800] "GET /xingrg/all/function/internal_message.html?_=1632104562735&CODE_STATE=getMsg HTTP/1.1" 200 27
180.169.147.146 - - [20/Sep/2021:10:22:44 +0800] "GET /xingrg/all/function/internal_message.html?_=1632104562968&CODE_STATE=getMsg HTTP/1.1" 200 27
116.237.74.154 - - [20/Sep/2021:10:22:45 +0800] "GET /xingrg/kc/buy/cgsh_order_add.html HTTP/1.1" 200 63488
116.237.74.154 - - [20/Sep/2021:10:22:46 +0800] "GET /xingrg/words/20210920101822_words.js HTTP/1.1" 200 847735
114.83.218.170 - - [20/Sep/2021:10:22:46 +0800] "GET /xingrg/all/function/internal_message.html?_=1632104564628&CODE_STATE=getMsg HTTP/1.1" 200 27
114.83.218.170 - - [20/Sep/2021:10:22:46 +0800] "GET /xingrg/check_reg.html?_=1632104564631 HTTP/1.1" 200 22
116.237.74.154 - - [20/Sep/2021:10:22:46 +0800] "POST /xingrg/kc/buy/cgsh_order_operate.html HTTP/1.1" 200 8245
116.237.74.154 - - [20/Sep/2021:10:22:46 +0800] "GET /xingrg/javascript/easyui/themes/default/validatebox.css HTTP/1.1" 404 1104
116.237.74.154 - - [20/Sep/2021:10:22:47 +0800] "GET /xingrg/javascript/easyui/themes/default/tree.css HTTP/1.1" 404 1090
