222.70.179.190 - - [20/Sep/2021:10:02:26 +0800] "GET /xingrg/kc/buy/cgsh_order_operate.html?command=get_materiel&rest_code=00111&code=00101008038&supplier_code=00100005&order_time=2021-09-20 HTTP/1.1" 200 412
222.70.179.190 - - [20/Sep/2021:10:02:27 +0800] "POST /xingrg/kc/buy/cgsh_order_operate.html HTTP/1.1" 200 2065
120.253.135.82 - - [20/Sep/2021:10:02:31 +0800] "GET /xingrg/all/function/internal_message.html?_=1632103122522&CODE_STATE=getMsg HTTP/1.1" 200 27
58.40.7.146 - - [20/Sep/2021:10:02:31 +0800] "GET /xingrg/all/function/internal_message.html?_=1632103349794&CODE_STATE=getMsg HTTP/1.1" 200 27
180.152.125.3 - - [20/Sep/2021:10:02:32 +0800] "GET /xingrg/all/function/internal_message.html?_=1632103329983&CODE_STATE=getMsg HTTP/1.1" 200 27
116.230.105.26 - - [20/Sep/2021:10:02:34 +0800] "GET /xingrg/all/function/internal_message.html?_=1632103334021&CODE_STATE=getMsg HTTP/1.1" 200 27
222.70.246.151 - - [20/Sep/2021:10:02:35 +0800] "GET /xingrg/all/function/internal_message.html?_=1632103355708&CODE_STATE=getMsg HTTP/1.1" 200 27
180.169.147.146 - - [20/Sep/2021:10:02:37 +0800] "GET /xingrg/all/function/internal_message.html?_=1632103355448&CODE_STATE=getMsg HTTP/1.1" 200 27
124.79.246.142 - - [20/Sep/2021:10:02:42 +0800] "GET /xingrg/all/function/internal_message.html?_=1632103463204&CODE_STATE=getMsg HTTP/1.1" 200 27
222.70.179.190 - - [20/Sep/2021:10:02:43 +0800] "GET /xingrg/kc/buy/cgsh_order_operate.html?command=get_materiel&rest_code=00111&code=00101008163&supplier_code=00100005&order_time=2021-09-20 HTTP/1.1" 200 409
172.20.0.100 - - [20/Sep/2021:10:02:44 +0800] "GET /xingrg/all/function/internal_message.html?_=1632103362732&CODE_STATE=getMsg HTTP/1.1" 200 27
180.169.147.146 - - [20/Sep/2021:10:02:44 +0800] "GET /xingrg/all/function/internal_message.html?_=1632103362966&CODE_STATE=getMsg HTTP/1.1" 200 27
114.83.218.170 - - [20/Sep/2021:10:02:46 +0800] "GET /xingrg/check_reg.html?_=1632103364548 HTTP/1.1" 200 22
114.83.218.170 - - [20/Sep/2021:10:02:46 +0800] "GET /xingrg/all/function/internal_message.html?_=1632103364550&CODE_STATE=getMsg HTTP/1.1" 200 27
180.169.147.146 - - [20/Sep/2021:10:02:50 +0800] "GET /xingrg/all/function/internal_message.html?_=1632103369314&CODE_STATE=getMsg HTTP/1.1" 200 27
114.85.125.222 - - [20/Sep/2021:10:02:51 +0800] "GET /xingrg/check_reg.html?_=1632103349945 HTTP/1.1" 200 22
114.85.125.222 - - [20/Sep/2021:10:02:51 +0800] "GET /xingrg/all/function/internal_message.html?_=1632103350133&CODE_STATE=getMsg HTTP/1.1" 200 27
58.37.227.186 - - [20/Sep/2021:10:02:53 +0800] "GET /xingrg/all/function/internal_message.html?_=1632103238876&CODE_STATE=getMsg HTTP/1.1" 200 27
222.70.179.190 - - [20/Sep/2021:10:02:55 +0800] "GET /xingrg/kc/buy/cgsh_order_operate.html?command=get_materiel&rest_code=00111&code=00101008361&supplier_code=00100005&order_time=2021-09-20 HTTP/1.1" 200 408
116.233.75.58 - - [20/Sep/2021:10:02:55 +0800] "GET /xingrg/all/function/internal_message.html?_=1632103374081&CODE_STATE=getMsg HTTP/1.1" 200 27
116.233.75.58 - - [20/Sep/2021:10:02:55 +0800] "GET /xingrg/check_reg.html?_=1632103374083 HTTP/1.1" 200 22
116.237.74.154 - - [20/Sep/2021:10:02:57 +0800] "GET /xingrg/all/function/internal_message.html?_=1632103375388&CODE_STATE=getMsg HTTP/1.1" 200 27
117.184.7.30 - - [20/Sep/2021:10:02:57 +0800] "POST /xingrg/services/DataTransmitService HTTP/1.1" 200 524
58.39.139.200 - - [20/Sep/2021:10:03:00 +0800] "GET /xingrg/all/function/internal_message.html?_=1632103380212&CODE_STATE=getMsg HTTP/1.1" 200 27
116.238.248.233 - - [20/Sep/2021:10:03:02 +0800] "GET /xingrg/all/function/internal_message.html?_=1632103380304&CODE_STATE=getMsg HTTP/1.1" 200 27
222.70.179.190 - - [20/Sep/2021:10:03:05 +0800] "GET /xingrg/kc/buy/cgsh_order_operate.html?command=get_materiel&rest_code=00111&code=00101008148&supplier_code=00100005&order_time=2021-09-20 HTTP/1.1" 200 416
222.70.179.190 - - [20/Sep/2021:10:03:12 +0800] "GET /xingrg/all/function/internal_message.html?_=1632103389503&CODE_STATE=getMsg HTTP/1.1" 200 27
222.70.179.190 - - [20/Sep/2021:10:03:13 +0800] "GET /xingrg/kc/buy/cgsh_order_operate.html?command=get_materiel&rest_code=00111&code=00101008004&supplier_code=00100005&order_time=2021-09-20 HTTP/1.1" 200 416
180.157.251.224 - - [20/Sep/2021:10:03:13 +0800] "GET /xingrg/all/function/internal_message.html?_=1632103393872&CODE_STATE=getMsg HTTP/1.1" 200 27
180.169.147.146 - - [20/Sep/2021:10:03:14 +0800] "GET /xingrg/check_reg.html?_=1632103430303 HTTP/1.1" 200 22
180.169.147.146 - - [20/Sep/2021:10:03:14 +0800] "GET /xingrg/all/function/internal_message.html?_=1632103430309&CODE_STATE=getMsg HTTP/1.1" 200 27
222.70.179.190 - - [20/Sep/2021:10:03:15 +0800] "POST /xingrg/kc/buy/cgsh_order_operate.html HTTP/1.1" 200 2065
116.238.248.233 - - [20/Sep/2021:10:03:16 +0800] "POST /xingrg/kc/buy/cgsh_order_operate.html HTTP/1.1" 200 37
180.169.147.146 - - [20/Sep/2021:10:03:18 +0800] "GET /xingrg/check_reg.html?_=1632103398968 HTTP/1.1" 200 22
180.169.147.146 - - [20/Sep/2021:10:03:18 +0800] "GET /xingrg/all/function/internal_message.html?_=1632103398964&CODE_STATE=getMsg HTTP/1.1" 200 27
116.238.248.233 - - [20/Sep/2021:10:03:20 +0800] "POST /xingrg/kc/buy/cgsh_order_operate.html HTTP/1.1" 200 12
116.238.248.233 - - [20/Sep/2021:10:03:21 +0800] "GET /xingrg/kc/buy/cgsh_order_info.html?code=212021092008806 HTTP/1.1" 200 58313
222.70.179.190 - - [20/Sep/2021:10:03:22 +0800] "GET /xingrg/kc/buy/cgsh_order_operate.html?command=get_materiel&rest_code=00111&code=00101008067&supplier_code=00100005&order_time=2021-09-20 HTTP/1.1" 200 416
116.238.248.233 - - [20/Sep/2021:10:03:22 +0800] "GET /xingrg/javascript/easyui/themes/default/validatebox.css HTTP/1.1" 404 1104
116.238.248.233 - - [20/Sep/2021:10:03:23 +0800] "POST /xingrg/kc/buy/cgsh_order_operate.html HTTP/1.1" 200 3565
58.39.139.200 - - [20/Sep/2021:10:03:24 +0800] "GET /xingrg/check_reg.html?_=1632103348457 HTTP/1.1" 200 22
116.238.248.233 - - [20/Sep/2021:10:03:24 +0800] "GET /xingrg/kc/print/load_data.html?order_code=212021092008806&kc_code=cgsh&condition= HTTP/1.1" 200 1827
58.39.139.200 - - [20/Sep/2021:10:03:24 +0800] "GET /xingrg/all/function/internal_message.html?_=1632103348460&CODE_STATE=getMsg HTTP/1.1" 200 27
222.70.179.190 - - [20/Sep/2021:10:03:30 +0800] "GET /xingrg/kc/buy/cgsh_order_operate.html?command=get_materiel&rest_code=00111&code=00101008264&supplier_code=00100005&order_time=2021-09-20 HTTP/1.1" 200 412
120.253.135.82 - - [20/Sep/2021:10:03:31 +0800] "GET /xingrg/all/function/internal_message.html?_=1632103182533&CODE_STATE=getMsg HTTP/1.1" 200 27
58.40.7.146 - - [20/Sep/2021:10:03:31 +0800] "GET /xingrg/all/function/internal_message.html?_=1632103409796&CODE_STATE=getMsg HTTP/1.1" 200 27
222.70.246.151 - - [20/Sep/2021:10:03:33 +0800] "GET /xingrg/check_reg.html?_=1632103413071 HTTP/1.1" 200 22
180.152.125.3 - - [20/Sep/2021:10:03:33 +0800] "GET /xingrg/all/function/internal_message.html?_=1632103390368&CODE_STATE=getMsg HTTP/1.1" 200 27
116.230.105.26 - - [20/Sep/2021:10:03:34 +0800] "GET /xingrg/all/function/internal_message.html?_=1632103394022&CODE_STATE=getMsg HTTP/1.1" 200 27
222.70.246.151 - - [20/Sep/2021:10:03:35 +0800] "GET /xingrg/all/function/internal_message.html?_=1632103415721&CODE_STATE=getMsg HTTP/1.1" 200 27
180.169.147.146 - - [20/Sep/2021:10:03:37 +0800] "GET /xingrg/all/function/internal_message.html?_=1632103415444&CODE_STATE=getMsg HTTP/1.1" 200 27
222.70.179.190 - - [20/Sep/2021:10:03:38 +0800] "GET /xingrg/kc/buy/cgsh_order_operate.html?command=get_materiel&rest_code=00111&code=00101008360&supplier_code=00100005&order_time=2021-09-20 HTTP/1.1" 200 412
124.79.246.142 - - [20/Sep/2021:10:03:42 +0800] "GET /xingrg/all/function/internal_message.html?_=1632103523199&CODE_STATE=getMsg HTTP/1.1" 200 27
172.20.0.100 - - [20/Sep/2021:10:03:44 +0800] "GET /xingrg/all/function/internal_message.html?_=1632103422732&CODE_STATE=getMsg HTTP/1.1" 200 27
180.169.147.146 - - [20/Sep/2021:10:03:44 +0800] "GET /xingrg/all/function/internal_message.html?_=1632103422971&CODE_STATE=getMsg HTTP/1.1" 200 27
222.70.179.190 - - [20/Sep/2021:10:03:45 +0800] "GET /xingrg/kc/buy/cgsh_order_operate.html?command=get_materiel&rest_code=00111&code=00101008196&supplier_code=00100005&order_time=2021-09-20 HTTP/1.1" 200 416
114.83.218.170 - - [20/Sep/2021:10:03:46 +0800] "GET /xingrg/all/function/internal_message.html?_=1632103424554&CODE_STATE=getMsg HTTP/1.1" 200 27
116.238.248.233 - - [20/Sep/2021:10:03:46 +0800] "POST /xingrg/all/user/operate.html HTTP/1.1" 200 36
116.238.248.233 - - [20/Sep/2021:10:03:46 +0800] "GET /xingrg/index.html?sysBaseUrl=http%3A%2F%2F180.169.147.146%3A18081%2Fxingrg%2F&costTime=39×tamp=1632102898469 HTTP/1.1" 200 17177
116.238.248.233 - - [20/Sep/2021:10:03:46 +0800] "GET /xingrg/javascript/jquery_easy_ui/themes/default/easyui.css HTTP/1.1" 304 -
116.238.248.233 - - [20/Sep/2021:10:03:46 +0800] "GET /xingrg/javascript/jquery_easy_ui/themes/icon.css HTTP/1.1" 304 -
116.238.248.233 - - [20/Sep/2021:10:03:46 +0800] "GET /xingrg/css/form.css HTTP/1.1" 304 -
116.238.248.233 - - [20/Sep/2021:10:03:46 +0800] "GET /xingrg/javascript/jquery-1.4.2.min.js HTTP/1.1" 304 -
116.238.248.233 - - [20/Sep/2021:10:03:46 +0800] "GET /xingrg/javascript/jquery_easy_ui/jquery.easyui.min.js HTTP/1.1" 304 -
116.238.248.233 - - [20/Sep/2021:10:03:46 +0800] "GET /xingrg/javascript/jquery_easy_ui/easyui-lang-zh_CN.js HTTP/1.1" 304 -
116.238.248.233 - - [20/Sep/2021:10:03:46 +0800] "GET /xingrg/javascript/jquery.form.js HTTP/1.1" 304 -
116.238.248.233 - - [20/Sep/2021:10:03:46 +0800] "GET /xingrg/javascript/jquery.utils.js HTTP/1.1" 304 -
116.238.248.233 - - [20/Sep/2021:10:03:46 +0800] "GET /xingrg/javascript/jquery.timers.js HTTP/1.1" 304 -
116.238.248.233 - - [20/Sep/2021:10:03:46 +0800] "GET /xingrg/images/blue/jxLogo.png HTTP/1.1" 304 -
116.238.248.233 - - [20/Sep/2021:10:03:46 +0800] "GET /xingrg/images/blue/navBackgound.jpg HTTP/1.1" 304 -
116.238.248.233 - - [20/Sep/2021:10:03:46 +0800] "GET /xingrg/javascript/jquery_easy_ui/themes/icons/settle_new.png HTTP/1.1" 304 -
116.238.248.233 - - [20/Sep/2021:10:03:47 +0800] "POST /xingrg/all/common/load_tree.html?tree=area_rest_tree_json&manage=1 HTTP/1.1" 200 476
116.238.248.233 - - [20/Sep/2021:10:03:47 +0800] "GET /xingrg/all/function/internal_message.html?_=1632103424681&CODE_STATE=count HTTP/1.1" 200 11
116.238.248.233 - - [20/Sep/2021:10:03:47 +0800] "GET /xingrg/check_reg.html?_=1632103424681 HTTP/1.1" 200 22
116.238.248.233 - - [20/Sep/2021:10:03:47 +0800] "GET /xingrg/images/blue/pingpu.png HTTP/1.1" 304 -
116.238.248.233 - - [20/Sep/2021:10:03:47 +0800] "GET /xingrg/javascript/jquery_easy_ui/themes/default/images/panel_tool_collapse.gif HTTP/1.1" 304 -
116.238.248.233 - - [20/Sep/2021:10:03:47 +0800] "GET /xingrg/javascript/jquery_easy_ui/themes/default/images/tabs_leftarrow.png HTTP/1.1" 304 -
116.238.248.233 - - [20/Sep/2021:10:03:47 +0800] "GET /xingrg/javascript/jquery_easy_ui/themes/default/images/tabs_rightarrow.png HTTP/1.1" 304 -
116.238.248.233 - - [20/Sep/2021:10:03:47 +0800] "POST /xingrg/load_menu.html HTTP/1.1" 200 5138
116.238.248.233 - - [20/Sep/2021:10:03:48 +0800] "GET /xingrg/kc/buy/cgsh_order_list.html HTTP/1.1" 200 47748
116.238.248.233 - - [20/Sep/2021:10:03:50 +0800] "POST /xingrg/kc/buy/cgsh_list_operate.html HTTP/1.1" 200 1709
180.169.147.146 - - [20/Sep/2021:10:03:50 +0800] "GET /xingrg/all/function/internal_message.html?_=1632103429315&CODE_STATE=getMsg HTTP/1.1" 200 27
114.85.125.222 - - [20/Sep/2021:10:03:51 +0800] "GET /xingrg/all/function/internal_message.html?_=1632103410146&CODE_STATE=getMsg HTTP/1.1" 200 27
58.37.227.186 - - [20/Sep/2021:10:03:52 +0800] "GET /xingrg/check_reg.html?_=1632103298521 HTTP/1.1" 200 22
222.70.179.190 - - [20/Sep/2021:10:03:53 +0800] "GET /xingrg/kc/buy/cgsh_order_operate.html?command=get_materiel&rest_code=00111&code=00101008197&supplier_code=00100005&order_time=2021-09-20 HTTP/1.1" 200 416
58.37.227.186 - - [20/Sep/2021:10:03:53 +0800] "GET /xingrg/all/function/internal_message.html?_=1632103298852&CODE_STATE=getMsg HTTP/1.1" 200 27
116.233.75.58 - - [20/Sep/2021:10:03:55 +0800] "GET /xingrg/all/function/internal_message.html?_=1632103434083&CODE_STATE=getMsg HTTP/1.1" 200 27
222.70.179.190 - - [20/Sep/2021:10:03:55 +0800] "POST /xingrg/kc/buy/cgsh_order_operate.html HTTP/1.1" 200 2065
116.237.74.154 - - [20/Sep/2021:10:03:57 +0800] "GET /xingrg/all/function/internal_message.html?_=1632103435371&CODE_STATE=getMsg HTTP/1.1" 200 27
114.83.218.170 - - [20/Sep/2021:10:03:57 +0800] "GET /xingrg/kc/buy/cgsh_order_add.html HTTP/1.1" 200 63535
114.83.218.170 - - [20/Sep/2021:10:03:58 +0800] "POST /xingrg/kc/buy/cgsh_order_operate.html HTTP/1.1" 200 8245
114.83.218.170 - - [20/Sep/2021:10:03:58 +0800] "GET /xingrg/javascript/easyui/themes/default/validatebox.css HTTP/1.1" 404 1104
58.39.139.200 - - [20/Sep/2021:10:04:00 +0800] "GET /xingrg/all/function/internal_message.html?_=1632103440190&CODE_STATE=getMsg HTTP/1.1" 200 27
222.70.179.190 - - [20/Sep/2021:10:04:01 +0800] "GET /xingrg/kc/buy/cgsh_order_operate.html?command=get_materiel&rest_code=00111&code=00101008013&supplier_code=00100005&order_time=2021-09-20 HTTP/1.1" 200 408
222.70.179.190 - - [20/Sep/2021:10:04:11 +0800] "GET /xingrg/kc/buy/cgsh_order_operate.html?command=get_materiel&rest_code=00111&code=00101008357&supplier_code=00100005&order_time=2021-09-20 HTTP/1.1" 200 408
222.70.179.190 - - [20/Sep/2021:10:04:12 +0800] "GET /xingrg/check_reg.html?_=1632103449557 HTTP/1.1" 200 22
222.70.179.190 - - [20/Sep/2021:10:04:12 +0800] "GET /xingrg/all/function/internal_message.html?_=1632103449559&CODE_STATE=getMsg HTTP/1.1" 200 27
114.83.218.170 - - [20/Sep/2021:10:04:13 +0800] "GET /xingrg/kc/buy/cgsh_order_operate.html?command=get_materiel&rest_code=00149&code=00101009001&supplier_code=00100201&order_time=2021-09-20 HTTP/1.1" 200 416
180.157.251.224 - - [20/Sep/2021:10:04:13 +0800] "GET /xingrg/all/function/internal_message.html?_=1632103453887&CODE_STATE=getMsg HTTP/1.1" 200 27
180.169.147.146 - - [20/Sep/2021:10:04:14 +0800] "GET /xingrg/all/function/internal_message.html?_=1632103490320&CODE_STATE=getMsg HTTP/1.1" 200 27
222.70.179.190 - - [20/Sep/2021:10:04:17 +0800] "GET /xingrg/kc/buy/cgsh_order_operate.html?command=get_materiel&rest_code=00111&code=00101008069&supplier_code=00100005&order_time=2021-09-20 HTTP/1.1" 200 412
180.169.147.146 - - [20/Sep/2021:10:04:18 +0800] "GET /xingrg/all/function/internal_message.html?_=1632103458959&CODE_STATE=getMsg HTTP/1.1" 200 27
58.39.139.200 - - [20/Sep/2021:10:04:24 +0800] "GET /xingrg/all/function/internal_message.html?_=1632103408460&CODE_STATE=getMsg HTTP/1.1" 200 27
222.70.179.190 - - [20/Sep/2021:10:04:25 +0800] "GET /xingrg/kc/buy/cgsh_order_operate.html?command=get_materiel&rest_code=00111&code=00101008286&supplier_code=00100005&order_time=2021-09-20 HTTP/1.1" 200 408
180.152.125.3 - - [20/Sep/2021:10:04:27 +0800] "GET /xingrg/check_reg.html?_=1632103444274 HTTP/1.1" 200 22
120.253.135.82 - - [20/Sep/2021:10:04:31 +0800] "GET /xingrg/check_reg.html?_=1632103242287 HTTP/1.1" 200 22
120.253.135.82 - - [20/Sep/2021:10:04:31 +0800] "GET /xingrg/all/function/internal_message.html?_=1632103242546&CODE_STATE=getMsg HTTP/1.1" 200 27
58.40.7.146 - - [20/Sep/2021:10:04:31 +0800] "GET /xingrg/all/function/internal_message.html?_=1632103469799&CODE_STATE=getMsg HTTP/1.1" 200 27
180.152.125.3 - - [20/Sep/2021:10:04:33 +0800] "GET /xingrg/all/function/internal_message.html?_=1632103450385&CODE_STATE=getMsg HTTP/1.1" 200 27
222.70.179.190 - - [20/Sep/2021:10:04:33 +0800] "GET /xingrg/kc/buy/cgsh_order_operate.html?command=get_materiel&rest_code=00111&code=00101008036&supplier_code=00100005&order_time=2021-09-20 HTTP/1.1" 200 427
116.230.105.26 - - [20/Sep/2021:10:04:34 +0800] "GET /xingrg/all/function/internal_message.html?_=1632103454023&CODE_STATE=getMsg HTTP/1.1" 200 27
222.70.179.190 - - [20/Sep/2021:10:04:35 +0800] "POST /xingrg/kc/buy/cgsh_order_operate.html HTTP/1.1" 200 2065
222.70.246.151 - - [20/Sep/2021:10:04:35 +0800] "GET /xingrg/all/function/internal_message.html?_=1632103475735&CODE_STATE=getMsg HTTP/1.1" 200 27
180.169.147.146 - - [20/Sep/2021:10:04:37 +0800] "GET /xingrg/all/function/internal_message.html?_=1632103475439&CODE_STATE=getMsg HTTP/1.1" 200 27
222.70.179.190 - - [20/Sep/2021:10:04:40 +0800] "GET /xingrg/kc/buy/cgsh_order_operate.html?command=get_materiel&rest_code=00111&code=00101008131&supplier_code=00100005&order_time=2021-09-20 HTTP/1.1" 200 408
124.79.246.142 - - [20/Sep/2021:10:04:42 +0800] "GET /xingrg/all/function/internal_message.html?_=1632103583212&CODE_STATE=getMsg HTTP/1.1" 200 27
114.83.218.170 - - [20/Sep/2021:10:04:42 +0800] "GET /xingrg/kc/buy/cgsh_order_operate.html?command=get_materiel&rest_code=00149&code=00101009062&supplier_code=00100201&order_time=2021-09-20 HTTP/1.1" 200 412
172.20.0.100 - - [20/Sep/2021:10:04:44 +0800] "GET /xingrg/all/function/internal_message.html?_=1632103482724&CODE_STATE=getMsg HTTP/1.1" 200 27
172.20.0.100 - - [20/Sep/2021:10:04:44 +0800] "GET /xingrg/check_reg.html?_=1632103482728 HTTP/1.1" 200 22
180.169.147.146 - - [20/Sep/2021:10:04:44 +0800] "GET /xingrg/all/function/internal_message.html?_=1632103482978&CODE_STATE=getMsg HTTP/1.1" 200 27
180.169.147.146 - - [20/Sep/2021:10:04:44 +0800] "GET /xingrg/check_reg.html?_=1632103482982 HTTP/1.1" 200 22
114.83.218.170 - - [20/Sep/2021:10:04:46 +0800] "GET /xingrg/all/function/internal_message.html?_=1632103484563&CODE_STATE=getMsg HTTP/1.1" 200 27
116.238.248.233 - - [20/Sep/2021:10:04:47 +0800] "GET /xingrg/all/function/internal_message.html?_=1632103484692&CODE_STATE=getMsg HTTP/1.1" 200 27
222.70.179.190 - - [20/Sep/2021:10:04:48 +0800] "GET /xingrg/kc/buy/cgsh_order_operate.html?command=get_materiel&rest_code=00111&code=00101008098&supplier_code=00100005&order_time=2021-09-20 HTTP/1.1" 200 431
114.83.218.170 - - [20/Sep/2021:10:04:50 +0800] "GET /xingrg/kc/buy/cgsh_order_operate.html?command=get_materiel&rest_code=00149&code=00101009011&supplier_code=00100201&order_time=2021-09-20 HTTP/1.1" 200 416
180.169.147.146 - - [20/Sep/2021:10:04:50 +0800] "GET /xingrg/all/function/internal_message.html?_=1632103489319&CODE_STATE=getMsg HTTP/1.1" 200 27
114.85.125.222 - - [20/Sep/2021:10:04:51 +0800] "GET /xingrg/all/function/internal_message.html?_=1632103470159&CODE_STATE=getMsg HTTP/1.1" 200 27
58.37.227.186 - - [20/Sep/2021:10:04:53 +0800] "GET /xingrg/all/function/internal_message.html?_=1632103358829&CODE_STATE=getMsg HTTP/1.1" 200 27
116.238.248.233 - - [20/Sep/2021:10:04:54 +0800] "GET /xingrg/kc/buy/cgsh_order_add.html HTTP/1.1" 200 63124
116.238.248.233 - - [20/Sep/2021:10:04:55 +0800] "POST /xingrg/kc/buy/cgsh_order_operate.html HTTP/1.1" 200 8245
116.238.248.233 - - [20/Sep/2021:10:04:55 +0800] "GET /xingrg/all/common/auto_word.html?type=employee&rest_code=00151 HTTP/1.1" 200 293
116.238.248.233 - - [20/Sep/2021:10:04:55 +0800] "GET /xingrg/javascript/easyui/themes/default/validatebox.css HTTP/1.1" 404 1104
116.238.248.233 - - [20/Sep/2021:10:04:55 +0800] "GET /xingrg/all/common/auto_word.html?type=employee&rest_code=00151 HTTP/1.1" 200 293
116.233.75.58 - - [20/Sep/2021:10:04:55 +0800] "GET /xingrg/all/function/internal_message.html?_=1632103494087&CODE_STATE=getMsg HTTP/1.1" 200 27
222.70.179.190 - - [20/Sep/2021:10:04:56 +0800] "GET /xingrg/kc/buy/cgsh_order_operate.html?command=get_materiel&rest_code=00111&code=00101008005&supplier_code=00100005&order_time=2021-09-20 HTTP/1.1" 200 412
116.237.74.154 - - [20/Sep/2021:10:04:57 +0800] "GET /xingrg/all/function/internal_message.html?_=1632103495349&CODE_STATE=getMsg HTTP/1.1" 200 27
114.83.218.170 - - [20/Sep/2021:10:04:58 +0800] "GET /xingrg/kc/buy/cgsh_order_operate.html?command=get_materiel&rest_code=00149&code=00101009010&supplier_code=00100201&order_time=2021-09-20 HTTP/1.1" 200 412
116.238.248.233 - - [20/Sep/2021:10:04:59 +0800] "GET /xingrg/javascript/auto/indicator.gif HTTP/1.1" 404 1066
58.39.139.200 - - [20/Sep/2021:10:05:00 +0800] "GET /xingrg/all/function/internal_message.html?_=1632103500160&CODE_STATE=getMsg HTTP/1.1" 200 27
222.70.179.190 - - [20/Sep/2021:10:05:05 +0800] "GET /xingrg/kc/buy/cgsh_order_operate.html?command=get_materiel&rest_code=00111&code=00101008271&supplier_code=00100005&order_time=2021-09-20 HTTP/1.1" 200 408
114.83.218.170 - - [20/Sep/2021:10:05:06 +0800] "GET /xingrg/kc/buy/cgsh_order_operate.html?command=get_materiel&rest_code=00149&code=00101009122&supplier_code=00100201&order_time=2021-09-20 HTTP/1.1" 200 391
222.70.179.190 - - [20/Sep/2021:10:05:12 +0800] "GET /xingrg/all/function/internal_message.html?_=1632103509529&CODE_STATE=getMsg HTTP/1.1" 200 27
180.157.251.224 - - [20/Sep/2021:10:05:13 +0800] "GET /xingrg/all/function/internal_message.html?_=1632103513885&CODE_STATE=getMsg HTTP/1.1" 200 27
114.85.125.222 - - [20/Sep/2021:10:05:14 +0800] "POST /xingrg/kc/buy/cgsh_order_operate.html HTTP/1.1" 200 37
180.169.147.146 - - [20/Sep/2021:10:05:14 +0800] "GET /xingrg/all/function/internal_message.html?_=1632103550312&CODE_STATE=getMsg HTTP/1.1" 200 27
114.83.218.170 - - [20/Sep/2021:10:05:16 +0800] "GET /xingrg/kc/buy/cgsh_order_operate.html?command=get_materiel&rest_code=00149&code=00101009059&supplier_code=00100201&order_time=2021-09-20 HTTP/1.1" 200 409
116.238.248.233 - - [20/Sep/2021:10:05:17 +0800] "GET /xingrg/kc/buy/cgsh_order_operate.html?command=get_materiel&rest_code=00151&code=00101011005&supplier_code=00100047&order_time=2021-09-20 HTTP/1.1" 200 428
114.85.125.222 - - [20/Sep/2021:10:05:18 +0800] "POST /xingrg/kc/buy/cgsh_order_operate.html HTTP/1.1" 200 12
180.169.147.146 - - [20/Sep/2021:10:05:18 +0800] "GET /xingrg/all/function/internal_message.html?_=1632103518959&CODE_STATE=getMsg HTTP/1.1" 200 27
114.85.125.222 - - [20/Sep/2021:10:05:19 +0800] "GET /xingrg/kc/buy/cgsh_order_info.html?code=212021092008790 HTTP/1.1" 200 58331
114.85.125.222 - - [20/Sep/2021:10:05:19 +0800] "GET /xingrg/javascript/easyui/themes/default/validatebox.css HTTP/1.1" 404 1104
114.85.125.222 - - [20/Sep/2021:10:05:20 +0800] "POST /xingrg/kc/buy/cgsh_order_operate.html HTTP/1.1" 200 37305
222.70.179.190 - - [20/Sep/2021:10:05:21 +0800] "GET /xingrg/kc/buy/cgsh_order_operate.html?command=get_materiel&rest_code=00111&code=00101008353&supplier_code=00100005&order_time=2021-09-20 HTTP/1.1" 200 408
58.39.139.200 - - [20/Sep/2021:10:05:24 +0800] "GET /xingrg/all/function/internal_message.html?_=1632103468461&CODE_STATE=getMsg HTTP/1.1" 200 27
114.85.125.222 - - [20/Sep/2021:10:05:24 +0800] "GET /xingrg/kc/print/load_config.html?kc_code=cgsh HTTP/1.1" 200 2076
114.85.125.222 - - [20/Sep/2021:10:05:24 +0800] "GET /xingrg/kc/print/load_data.html?order_code=212021092008790&kc_code=cgsh&condition= HTTP/1.1" 200 14670
222.70.179.190 - - [20/Sep/2021:10:05:25 +0800] "POST /xingrg/kc/buy/cgsh_order_operate.html HTTP/1.1" 200 2065
222.70.179.190 - - [20/Sep/2021:10:05:30 +0800] "GET /xingrg/kc/buy/cgsh_order_operate.html?command=get_materiel&rest_code=00111&code=00101008213&supplier_code=00100005&order_time=2021-09-20 HTTP/1.1" 200 412
114.85.125.222 - - [20/Sep/2021:10:05:30 +0800] "GET /xingrg/javascript/jquery_easy_ui/themes/default/images/tabs_active.png HTTP/1.1" 304 -
120.253.135.82 - - [20/Sep/2021:10:05:31 +0800] "GET /xingrg/all/function/internal_message.html?_=1632103302560&CODE_STATE=getMsg HTTP/1.1" 200 27
58.40.7.146 - - [20/Sep/2021:10:05:31 +0800] "GET /xingrg/all/function/internal_message.html?_=1632103529786&CODE_STATE=getMsg HTTP/1.1" 200 27
180.152.125.3 - - [20/Sep/2021:10:05:33 +0800] "GET /xingrg/all/function/internal_message.html?_=1632103510400&CODE_STATE=getMsg HTTP/1.1" 200 27
116.230.105.26 - - [20/Sep/2021:10:05:34 +0800] "GET /xingrg/all/function/internal_message.html?_=1632103514008&CODE_STATE=getMsg HTTP/1.1" 200 27
114.85.125.222 - - [20/Sep/2021:10:05:34 +0800] "POST /xingrg/kc/buy/cgsh_list_operate.html HTTP/1.1" 200 1691
222.70.246.151 - - [20/Sep/2021:10:05:35 +0800] "GET /xingrg/all/function/internal_message.html?_=1632103535748&CODE_STATE=getMsg HTTP/1.1" 200 27
180.169.147.146 - - [20/Sep/2021:10:05:37 +0800] "GET /xingrg/check_reg.html?_=1632103535438 HTTP/1.1" 200 22
180.169.147.146 - - [20/Sep/2021:10:05:37 +0800] "GET /xingrg/all/function/internal_message.html?_=1632103535440&CODE_STATE=getMsg HTTP/1.1" 200 27
114.85.125.222 - - [20/Sep/2021:10:05:38 +0800] "POST /xingrg/kc/buy/cgsh_list_operate.html HTTP/1.1" 200 586
114.85.125.222 - - [20/Sep/2021:10:05:38 +0800] "GET /xingrg/kc/buy/cgsh_order_info.html?code=212021092008800 HTTP/1.1" 200 63415
114.85.125.222 - - [20/Sep/2021:10:05:39 +0800] "GET /xingrg/javascript/easyui/themes/default/validatebox.css HTTP/1.1" 404 1104
114.85.125.222 - - [20/Sep/2021:10:05:39 +0800] "POST /xingrg/kc/buy/cgsh_order_operate.html HTTP/1.1" 200 9194
222.70.179.190 - - [20/Sep/2021:10:05:40 +0800] "GET /xingrg/kc/buy/cgsh_order_operate.html?command=get_materiel&rest_code=00111&code=00101008291&supplier_code=00100005&order_time=2021-09-20 HTTP/1.1" 200 410
124.79.246.142 - - [20/Sep/2021:10:05:42 +0800] "GET /xingrg/check_reg.html?_=1632103643233 HTTP/1.1" 200 22
124.79.246.142 - - [20/Sep/2021:10:05:42 +0800] "GET /xingrg/all/function/internal_message.html?_=1632103643233&CODE_STATE=getMsg HTTP/1.1" 200 27
114.85.125.222 - - [20/Sep/2021:10:05:44 +0800] "POST /xingrg/kc/buy/cgsh_order_operate.html HTTP/1.1" 200 37
172.20.0.100 - - [20/Sep/2021:10:05:44 +0800] "GET /xingrg/all/function/internal_message.html?_=1632103542739&CODE_STATE=getMsg HTTP/1.1" 200 27
180.169.147.146 - - [20/Sep/2021:10:05:44 +0800] "GET /xingrg/all/function/internal_message.html?_=1632103542969&CODE_STATE=getMsg HTTP/1.1" 200 27
114.83.218.170 - - [20/Sep/2021:10:05:46 +0800] "GET /xingrg/all/function/internal_message.html?_=1632103544568&CODE_STATE=getMsg HTTP/1.1" 200 27
116.238.248.233 - - [20/Sep/2021:10:05:47 +0800] "GET /xingrg/all/function/internal_message.html?_=1632103544693&CODE_STATE=getMsg HTTP/1.1" 200 27
114.85.125.222 - - [20/Sep/2021:10:05:47 +0800] "POST /xingrg/kc/buy/cgsh_order_operate.html HTTP/1.1" 200 12
114.85.125.222 - - [20/Sep/2021:10:05:48 +0800] "GET /xingrg/kc/buy/cgsh_order_info.html?code=212021092008800 HTTP/1.1" 200 58319
116.238.248.233 - - [20/Sep/2021:10:05:48 +0800] "GET /xingrg/kc/buy/cgsh_order_operate.html?command=get_materiel&rest_code=00151&code=00101011001&supplier_code=00100047&order_time=2021-09-20 HTTP/1.1" 200 423
114.85.125.222 - - [20/Sep/2021:10:05:48 +0800] "GET /xingrg/javascript/easyui/themes/default/validatebox.css HTTP/1.1" 404 1104
114.85.125.222 - - [20/Sep/2021:10:05:49 +0800] "POST /xingrg/kc/buy/cgsh_order_operate.html HTTP/1.1" 200 7119
114.85.125.222 - - [20/Sep/2021:10:05:50 +0800] "GET /xingrg/kc/print/load_data.html?order_code=212021092008800&kc_code=cgsh&condition= HTTP/1.1" 200 3193
180.169.147.146 - - [20/Sep/2021:10:05:50 +0800] "GET /xingrg/all/function/internal_message.html?_=1632103549320&CODE_STATE=getMsg HTTP/1.1" 200 27
180.169.147.146 - - [20/Sep/2021:10:05:50 +0800] "GET /xingrg/check_reg.html?_=1632103549320 HTTP/1.1" 200 22
114.85.125.222 - - [20/Sep/2021:10:05:51 +0800] "GET /xingrg/all/function/internal_message.html?_=1632103530362&CODE_STATE=getMsg HTTP/1.1" 200 27
222.70.246.151 - - [20/Sep/2021:10:05:52 +0800] "POST /xingrg/kc/buy/cgsh_list_operate.html HTTP/1.1" 200 876
58.37.227.186 - - [20/Sep/2021:10:05:53 +0800] "GET /xingrg/all/function/internal_message.html?_=1632103418797&CODE_STATE=getMsg HTTP/1.1" 200 27
114.83.218.170 - - [20/Sep/2021:10:05:53 +0800] "GET /xingrg/kc/buy/cgsh_order_operate.html?command=get_materiel&rest_code=00149&code=00101009118&supplier_code=00100201&order_time=2021-09-20 HTTP/1.1" 200 391
222.70.246.151 - - [20/Sep/2021:10:05:54 +0800] "GET /xingrg/javascript/print/kc_print.js HTTP/1.1" 304 -
222.70.246.151 - - [20/Sep/2021:10:05:54 +0800] "GET /xingrg/javascript/jquery_tools/order_manager.js HTTP/1.1" 304 -
222.70.246.151 - - [20/Sep/2021:10:05:54 +0800] "GET /xingrg/javascript/pic_change.js HTTP/1.1" 304 -
222.70.246.151 - - [20/Sep/2021:10:05:54 +0800] "GET /xingrg/javascript/json2.js HTTP/1.1" 304 -
222.70.246.151 - - [20/Sep/2021:10:05:54 +0800] "GET /xingrg/javascript/convert.js HTTP/1.1" 304 -
222.70.246.151 - - [20/Sep/2021:10:05:54 +0800] "GET /xingrg/kc/buy/cgsh_order_add.html HTTP/1.1" 200 63488
222.70.246.151 - - [20/Sep/2021:10:05:54 +0800] "GET /xingrg/words/20210919144940_words.js HTTP/1.1" 304 -
222.70.246.151 - - [20/Sep/2021:10:05:54 +0800] "POST /xingrg/kc/buy/cgsh_order_operate.html HTTP/1.1" 200 8245
222.70.246.151 - - [20/Sep/2021:10:05:54 +0800] "GET /xingrg/all/common/auto_word.html?type=employee&rest_code=00146 HTTP/1.1" 200 101
222.70.246.151 - - [20/Sep/2021:10:05:54 +0800] "GET /xingrg/all/common/auto_word.html?type=employee&rest_code=00146 HTTP/1.1" 200 101
222.70.179.190 - - [20/Sep/2021:10:05:54 +0800] "GET /xingrg/kc/buy/cgsh_order_operate.html?command=get_materiel&rest_code=00111&code=00101008312&supplier_code=00100005&order_time=2021-09-20 HTTP/1.1" 200 412
222.70.246.151 - - [20/Sep/2021:10:05:54 +0800] "GET /xingrg/javascript/easyui/themes/default/validatebox.css HTTP/1.1" 404 1104
222.70.246.151 - - [20/Sep/2021:10:05:54 +0800] "GET /xingrg/javascript/easyui/plugins/jquery.validatebox.js HTTP/1.1" 304 -
222.70.246.151 - - [20/Sep/2021:10:05:54 +0800] "GET /xingrg/javascript/easyui/plugins/jquery.numberbox.js HTTP/1.1" 304 -
116.233.75.58 - - [20/Sep/2021:10:05:55 +0800] "GET /xingrg/all/function/internal_message.html?_=1632103554088&CODE_STATE=getMsg HTTP/1.1" 200 27
116.237.74.154 - - [20/Sep/2021:10:05:57 +0800] "GET /xingrg/all/function/internal_message.html?_=1632103555333&CODE_STATE=getMsg HTTP/1.1" 200 27
114.85.125.222 - - [20/Sep/2021:10:05:58 +0800] "GET /xingrg/javascript/jquery_easy_ui/themes/default/images/button_a_bg.gif HTTP/1.1" 304 -
114.85.125.222 - - [20/Sep/2021:10:05:58 +0800] "GET /xingrg/javascript/jquery_easy_ui/themes/default/images/button_span_bg.gif HTTP/1.1" 304 -
114.85.125.222 - - [20/Sep/2021:10:05:58 +0800] "GET /xingrg/javascript/jquery_easy_ui/themes/icons/ok.png HTTP/1.1" 304 -
114.85.125.222 - - [20/Sep/2021:10:05:58 +0800] "GET /xingrg/javascript/jquery_easy_ui/themes/default/images/panel_title.png HTTP/1.1" 304 -
114.85.125.222 - - [20/Sep/2021:10:05:58 +0800] "GET /xingrg/javascript/jquery_easy_ui/themes/default/images/panel_tools.gif HTTP/1.1" 304 -
116.238.248.233 - - [20/Sep/2021:10:05:58 +0800] "GET /xingrg/kc/buy/cgsh_order_operate.html?command=get_materiel&rest_code=00151&code=00101011007&supplier_code=00100047&order_time=2021-09-20 HTTP/1.1" 200 414
114.85.125.222 - - [20/Sep/2021:10:06:00 +0800] "POST /xingrg/all/user/operate.html HTTP/1.1" 200 36
58.39.139.200 - - [20/Sep/2021:10:06:00 +0800] "GET /xingrg/all/function/internal_message.html?_=1632103560133&CODE_STATE=getMsg HTTP/1.1" 200 27
114.85.125.222 - - [20/Sep/2021:10:06:01 +0800] "GET /xingrg/javascript/jquery_easy_ui/themes/default/easyui.css HTTP/1.1" 304 -
114.85.125.222 - - [20/Sep/2021:10:06:01 +0800] "GET /xingrg/index.html?sysBaseUrl=http%3A%2F%2F180.169.147.146%3A18081%2Fxingrg%2F&costTime=43×tamp=1632102769831 HTTP/1.1" 200 17177
114.85.125.222 - - [20/Sep/2021:10:06:01 +0800] "GET /xingrg/javascript/jquery_easy_ui/themes/icon.css HTTP/1.1" 304 -
114.85.125.222 - - [20/Sep/2021:10:06:01 +0800] "GET /xingrg/css/form.css HTTP/1.1" 304 -
114.85.125.222 - - [20/Sep/2021:10:06:01 +0800] "GET /xingrg/javascript/jquery-1.4.2.min.js HTTP/1.1" 304 -
114.85.125.222 - - [20/Sep/2021:10:06:01 +0800] "GET /xingrg/javascript/jquery_easy_ui/jquery.easyui.min.js HTTP/1.1" 304 -
114.85.125.222 - - [20/Sep/2021:10:06:01 +0800] "GET /xingrg/javascript/jquery_easy_ui/easyui-lang-zh_CN.js HTTP/1.1" 304 -
114.85.125.222 - - [20/Sep/2021:10:06:01 +0800] "GET /xingrg/javascript/jquery.form.js HTTP/1.1" 304 -
114.85.125.222 - - [20/Sep/2021:10:06:01 +0800] "GET /xingrg/javascript/jquery.utils.js HTTP/1.1" 304 -
114.85.125.222 - - [20/Sep/2021:10:06:01 +0800] "GET /xingrg/javascript/jquery.timers.js HTTP/1.1" 304 -
114.85.125.222 - - [20/Sep/2021:10:06:01 +0800] "GET /xingrg/images/blue/jxLogo.png HTTP/1.1" 304 -
114.85.125.222 - - [20/Sep/2021:10:06:01 +0800] "GET /xingrg/images/blue/navBackgound.jpg HTTP/1.1" 304 -
114.85.125.222 - - [20/Sep/2021:10:06:01 +0800] "GET /xingrg/javascript/jquery_easy_ui/themes/icons/settle_new.png HTTP/1.1" 304 -
114.85.125.222 - - [20/Sep/2021:10:06:01 +0800] "POST /xingrg/all/common/load_tree.html?tree=area_rest_tree_json&manage=1 HTTP/1.1" 200 476
114.85.125.222 - - [20/Sep/2021:10:06:01 +0800] "GET /xingrg/images/blue/pingpu.png HTTP/1.1" 304 -
114.85.125.222 - - [20/Sep/2021:10:06:01 +0800] "GET /xingrg/javascript/jquery_easy_ui/themes/default/images/tabs_leftarrow.png HTTP/1.1" 304 -
114.85.125.222 - - [20/Sep/2021:10:06:01 +0800] "GET /xingrg/javascript/jquery_easy_ui/themes/default/images/tabs_rightarrow.png HTTP/1.1" 304 -
114.85.125.222 - - [20/Sep/2021:10:06:01 +0800] "GET /xingrg/javascript/jquery_easy_ui/themes/default/images/panel_tool_collapse.gif HTTP/1.1" 304 -
114.85.125.222 - - [20/Sep/2021:10:06:01 +0800] "GET /xingrg/all/function/internal_message.html?_=1632103540307&CODE_STATE=count HTTP/1.1" 200 11
114.85.125.222 - - [20/Sep/2021:10:06:01 +0800] "GET /xingrg/check_reg.html?_=1632103540308 HTTP/1.1" 200 22
114.85.125.222 - - [20/Sep/2021:10:06:01 +0800] "POST /xingrg/load_menu.html HTTP/1.1" 200 5138
222.70.179.190 - - [20/Sep/2021:10:06:02 +0800] "GET /xingrg/kc/buy/cgsh_order_operate.html?command=get_materiel&rest_code=00111&code=00101008101&supplier_code=00100005&order_time=2021-09-20 HTTP/1.1" 200 412
114.85.125.222 - - [20/Sep/2021:10:06:04 +0800] "GET /xingrg/kc/buy/cgsh_order_list.html HTTP/1.1" 200 47748
116.238.248.233 - - [20/Sep/2021:10:06:05 +0800] "POST /xingrg/kc/buy/cgsh_order_operate.html HTTP/1.1" 200 37
116.238.248.233 - - [20/Sep/2021:10:06:08 +0800] "POST /xingrg/kc/buy/cgsh_order_operate.html HTTP/1.1" 200 12
114.85.125.222 - - [20/Sep/2021:10:06:09 +0800] "POST /xingrg/kc/buy/cgsh_list_operate.html HTTP/1.1" 200 1709
116.238.248.233 - - [20/Sep/2021:10:06:09 +0800] "GET /xingrg/kc/buy/cgsh_order_info.html?code=212021092008807 HTTP/1.1" 200 58033
116.238.248.233 - - [20/Sep/2021:10:06:09 +0800] "GET /xingrg/javascript/easyui/themes/default/validatebox.css HTTP/1.1" 404 1104
116.238.248.233 - - [20/Sep/2021:10:06:10 +0800] "POST /xingrg/kc/buy/cgsh_order_operate.html HTTP/1.1" 200 1824
116.238.248.233 - - [20/Sep/2021:10:06:11 +0800] "GET /xingrg/kc/print/load_data.html?order_code=212021092008807&kc_code=cgsh&condition= HTTP/1.1" 200 1246
222.70.179.190 - - [20/Sep/2021:10:06:12 +0800] "GET /xingrg/all/function/internal_message.html?_=1632103569564&CODE_STATE=getMsg HTTP/1.1" 200 27
114.85.125.222 - - [20/Sep/2021:10:06:12 +0800] "POST /xingrg/kc/buy/cgsh_list_operate.html HTTP/1.1" 200 573
222.70.246.151 - - [20/Sep/2021:10:06:12 +0800] "GET /xingrg/kc/buy/cgsh_order_operate.html?command=get_materiel&rest_code=00146&code=00101008049&supplier_code=00100005&order_time=2021-09-20 HTTP/1.1" 200 408
180.157.251.224 - - [20/Sep/2021:10:06:13 +0800] "GET /xingrg/all/function/internal_message.html?_=1632103573884&CODE_STATE=getMsg HTTP/1.1" 200 27
222.70.179.190 - - [20/Sep/2021:10:06:14 +0800] "GET /xingrg/kc/buy/cgsh_order_operate.html?command=get_materiel&rest_code=00111&code=00101008089&supplier_code=00100005&order_time=2021-09-20 HTTP/1.1" 200 408
180.169.147.146 - - [20/Sep/2021:10:06:14 +0800] "GET /xingrg/all/function/internal_message.html?_=1632103610313&CODE_STATE=getMsg HTTP/1.1" 200 27
114.85.125.222 - - [20/Sep/2021:10:06:16 +0800] "GET /xingrg/kc/buy/cgsh_order_info.html?code=212021092008784 HTTP/1.1" 200 63145
222.70.179.190 - - [20/Sep/2021:10:06:16 +0800] "POST /xingrg/kc/buy/cgsh_order_operate.html HTTP/1.1" 200 2065
114.85.125.222 - - [20/Sep/2021:10:06:16 +0800] "GET /xingrg/all/common/auto_word.html?type=employee&rest_code=00151 HTTP/1.1" 200 293
114.85.125.222 - - [20/Sep/2021:10:06:17 +0800] "GET /xingrg/all/common/auto_word.html?type=employee&rest_code=00151 HTTP/1.1" 200 293
114.85.125.222 - - [20/Sep/2021:10:06:17 +0800] "GET /xingrg/javascript/easyui/themes/default/validatebox.css HTTP/1.1" 404 1104
114.85.125.222 - - [20/Sep/2021:10:06:17 +0800] "POST /xingrg/kc/buy/cgsh_order_operate.html HTTP/1.1" 200 26060
180.169.147.146 - - [20/Sep/2021:10:06:18 +0800] "GET /xingrg/all/function/internal_message.html?_=1632103578971&CODE_STATE=getMsg HTTP/1.1" 200 27
116.237.74.154 - - [20/Sep/2021:10:06:18 +0800] "GET /favicon.ico HTTP/1.1" 404 -
58.39.139.200 - - [20/Sep/2021:10:06:24 +0800] "GET /xingrg/all/function/internal_message.html?_=1632103528461&CODE_STATE=getMsg HTTP/1.1" 200 27
114.85.125.222 - - [20/Sep/2021:10:06:26 +0800] "GET /xingrg/javascript/auto/indicator.gif HTTP/1.1" 404 1066
116.237.74.154 - - [20/Sep/2021:10:06:30 +0800] "GET /xingrg/login.html?r=1 HTTP/1.1" 200 7641
116.237.74.154 - - [20/Sep/2021:10:06:30 +0800] "GET /favicon.ico HTTP/1.1" 404 -
114.85.125.222 - - [20/Sep/2021:10:06:30 +0800] "GET /xingrg/kc/buy/cgsh_order_operate.html?command=get_materiel&rest_code=00151&code=00101008286&supplier_code=00100007&order_time=2021-09-20 HTTP/1.1" 200 408
222.70.246.151 - - [20/Sep/2021:10:06:31 +0800] "GET /xingrg/kc/buy/cgsh_order_operate.html?command=get_materiel&rest_code=00146&code=00101008126&supplier_code=00100005&order_time=2021-09-20 HTTP/1.1" 200 412
120.253.135.82 - - [20/Sep/2021:10:06:31 +0800] "GET /xingrg/all/function/internal_message.html?_=1632103362574&CODE_STATE=getMsg HTTP/1.1" 200 27
58.40.7.146 - - [20/Sep/2021:10:06:31 +0800] "GET /xingrg/all/function/internal_message.html?_=1632103589787&CODE_STATE=getMsg HTTP/1.1" 200 27
58.40.7.146 - - [20/Sep/2021:10:06:31 +0800] "GET /xingrg/check_reg.html?_=1632103589789 HTTP/1.1" 200 22
116.237.74.154 - - [20/Sep/2021:10:06:32 +0800] "POST /xingrg/login.do HTTP/1.1" 302 -
116.237.74.154 - - [20/Sep/2021:10:06:32 +0800] "GET /xingrg/index.html?sysBaseUrl=http%3A%2F%2F180.169.147.146%3A18081%2Fxingrg%2F&costTime=38×tamp=1632103592126 HTTP/1.1" 200 17173
116.237.74.154 - - [20/Sep/2021:10:06:32 +0800] "GET /favicon.ico HTTP/1.1" 404 -
116.237.74.154 - - [20/Sep/2021:10:06:32 +0800] "POST /xingrg/all/common/load_tree.html?tree=area_rest_tree_json&manage=1 HTTP/1.1" 200 342
116.237.74.154 - - [20/Sep/2021:10:06:32 +0800] "GET /xingrg/all/function/internal_message.html?_=1632103591234&CODE_STATE=count HTTP/1.1" 200 11
116.237.74.154 - - [20/Sep/2021:10:06:32 +0800] "GET /xingrg/check_reg.html?_=1632103591235 HTTP/1.1" 200 22
116.237.74.154 - - [20/Sep/2021:10:06:32 +0800] "POST /xingrg/load_menu.html HTTP/1.1" 200 5138
180.152.125.3 - - [20/Sep/2021:10:06:33 +0800] "GET /xingrg/all/function/internal_message.html?_=1632103570797&CODE_STATE=getMsg HTTP/1.1" 200 27
116.230.105.26 - - [20/Sep/2021:10:06:34 +0800] "GET /xingrg/all/function/internal_message.html?_=1632103574022&CODE_STATE=getMsg HTTP/1.1" 200 27
116.230.105.26 - - [20/Sep/2021:10:06:34 +0800] "GET /xingrg/check_reg.html?_=1632103574024 HTTP/1.1" 200 22
116.237.74.154 - - [20/Sep/2021:10:06:35 +0800] "GET /xingrg/kc/buy/buy_main.html HTTP/1.1" 200 12412
116.237.74.154 - - [20/Sep/2021:10:06:35 +0800] "GET /xingrg/css/new_ie.css HTTP/1.1" 404 1036
116.237.74.154 - - [20/Sep/2021:10:06:35 +0800] "GET /xingrg/images/yd/bt.gif HTTP/1.1" 404 1040
222.70.246.151 - - [20/Sep/2021:10:06:35 +0800] "GET /xingrg/all/function/internal_message.html?_=1632103595763&CODE_STATE=getMsg HTTP/1.1" 200 27
116.237.74.154 - - [20/Sep/2021:10:06:36 +0800] "GET /xingrg/kc/buy/cgsh_order_list.html HTTP/1.1" 200 47744
180.169.147.146 - - [20/Sep/2021:10:06:37 +0800] "GET /xingrg/all/function/internal_message.html?_=1632103595453&CODE_STATE=getMsg HTTP/1.1" 200 27
116.237.74.154 - - [20/Sep/2021:10:06:37 +0800] "POST /xingrg/kc/buy/cgsh_list_operate.html HTTP/1.1" 200 876
116.237.74.154 - - [20/Sep/2021:10:06:39 +0800] "GET /xingrg/kc/buy/cgsh_order_add.html HTTP/1.1" 200 63482
222.70.246.151 - - [20/Sep/2021:10:06:39 +0800] "GET /xingrg/kc/buy/cgsh_order_operate.html?command=get_materiel&rest_code=00146&code=00101008087&supplier_code=00100005&order_time=2021-09-20 HTTP/1.1" 200 412
116.237.74.154 - - [20/Sep/2021:10:06:39 +0800] "GET /xingrg/words/20210919144940_words.js HTTP/1.1" 304 -
116.237.74.154 - - [20/Sep/2021:10:06:39 +0800] "POST /xingrg/kc/buy/cgsh_order_operate.html HTTP/1.1" 200 8245
116.237.74.154 - - [20/Sep/2021:10:06:39 +0800] "GET /xingrg/all/common/auto_word.html?type=employee&rest_code=00106 HTTP/1.1" 200 205
116.237.74.154 - - [20/Sep/2021:10:06:39 +0800] "GET /xingrg/javascript/easyui/themes/default/validatebox.css HTTP/1.1" 404 1104
116.237.74.154 - - [20/Sep/2021:10:06:39 +0800] "GET /xingrg/all/common/auto_word.html?type=employee&rest_code=00106 HTTP/1.1" 200 205
114.85.125.222 - - [20/Sep/2021:10:06:40 +0800] "GET /xingrg/kc/buy/cgsh_order_operate.html?command=get_materiel&rest_code=00151&code=00101008096&supplier_code=00100007&order_time=2021-09-20 HTTP/1.1" 200 412
58.221.95.50 - - [20/Sep/2021:10:06:41 +0800] "GET /xingrg/check_reg.html?_=1632103599340 HTTP/1.1" 302 -
116.237.74.154 - - [20/Sep/2021:10:06:41 +0800] "GET /xingrg/javascript/easyui/themes/default/tree.css HTTP/1.1" 404 1090
116.237.74.154 - - [20/Sep/2021:10:06:41 +0800] "POST /xingrg/all/common/load_tree.html?tree=supplier_tree_json&isDelete=1 HTTP/1.1" 200 57803
124.79.246.142 - - [20/Sep/2021:10:06:42 +0800] "GET /xingrg/all/function/internal_message.html?_=1632103703245&CODE_STATE=getMsg HTTP/1.1" 200 27
116.238.248.233 - - [20/Sep/2021:10:06:44 +0800] "GET /xingrg/kc/buy/cgsh_order_add.html HTTP/1.1" 200 63124
172.20.0.100 - - [20/Sep/2021:10:06:44 +0800] "GET /xingrg/all/function/internal_message.html?_=1632103602727&CODE_STATE=getMsg HTTP/1.1" 200 27
116.238.248.233 - - [20/Sep/2021:10:06:44 +0800] "POST /xingrg/kc/buy/cgsh_order_operate.html HTTP/1.1" 200 8245
116.238.248.233 - - [20/Sep/2021:10:06:44 +0800] "GET /xingrg/javascript/easyui/themes/default/validatebox.css HTTP/1.1" 404 1104
180.169.147.146 - - [20/Sep/2021:10:06:44 +0800] "GET /xingrg/all/function/internal_message.html?_=1632103602976&CODE_STATE=getMsg HTTP/1.1" 200 27
114.83.218.170 - - [20/Sep/2021:10:06:46 +0800] "GET /xingrg/all/function/internal_message.html?_=1632103604565&CODE_STATE=getMsg HTTP/1.1" 200 27
222.70.179.190 - - [20/Sep/2021:10:06:47 +0800] "GET /xingrg/kc/buy/cgsh_order_operate.html?command=get_materiel&rest_code=00111&code=00101008350&supplier_code=00100005&order_time=2021-09-20 HTTP/1.1" 200 408
116.238.248.233 - - [20/Sep/2021:10:06:47 +0800] "GET /xingrg/all/function/internal_message.html?_=1632103604728&CODE_STATE=getMsg HTTP/1.1" 200 27
222.70.246.151 - - [20/Sep/2021:10:06:50 +0800] "GET /xingrg/kc/buy/cgsh_order_operate.html?command=get_materiel&rest_code=00146&code=00101008361&supplier_code=00100005&order_time=2021-09-20 HTTP/1.1" 200 408
180.169.147.146 - - [20/Sep/2021:10:06:50 +0800] "GET /xingrg/all/function/internal_message.html?_=1632103609320&CODE_STATE=getMsg HTTP/1.1" 200 27
114.83.218.170 - - [20/Sep/2021:10:06:52 +0800] "GET /xingrg/kc/buy/cgsh_order_operate.html?command=get_materiel&rest_code=00149&code=00101009016&supplier_code=00100201&order_time=2021-09-20 HTTP/1.1" 200 412
58.37.227.186 - - [20/Sep/2021:10:06:53 +0800] "GET /xingrg/all/function/internal_message.html?_=1632103478802&CODE_STATE=getMsg HTTP/1.1" 200 27
116.238.248.233 - - [20/Sep/2021:10:06:54 +0800] "GET /xingrg/kc/buy/cgsh_order_operate.html?command=get_materiel&rest_code=00151&code=00101007049&supplier_code=00100096&order_time=2021-09-20 HTTP/1.1" 200 410
116.237.74.154 - - [20/Sep/2021:10:06:55 +0800] "GET /xingrg/javascript/auto/indicator.gif HTTP/1.1" 404 1066
116.233.75.58 - - [20/Sep/2021:10:06:55 +0800] "GET /xingrg/all/function/internal_message.html?_=1632103614089&CODE_STATE=getMsg HTTP/1.1" 200 27
116.237.74.154 - - [20/Sep/2021:10:06:57 +0800] "GET /xingrg/all/function/internal_message.html?_=1632103615307&CODE_STATE=getMsg HTTP/1.1" 200 27
116.237.74.154 - - [20/Sep/2021:10:06:57 +0800] "GET /xingrg/check_reg.html?_=1632103615469 HTTP/1.1" 200 22
114.83.218.170 - - [20/Sep/2021:10:07:00 +0800] "GET /xingrg/kc/buy/cgsh_order_operate.html?command=get_materiel&rest_code=00149&code=00101009107&supplier_code=00100201&order_time=2021-09-20 HTTP/1.1" 200 395
58.39.139.200 - - [20/Sep/2021:10:07:00 +0800] "GET /xingrg/all/function/internal_message.html?_=1632103620104&CODE_STATE=getMsg HTTP/1.1" 200 27
116.237.74.154 - - [20/Sep/2021:10:07:01 +0800] "GET /xingrg/kc/buy/cgsh_order_operate.html?command=get_materiel&rest_code=00106&code=00101028011&supplier_code=00100017&order_time=2021-09-20 HTTP/1.1" 200 475
58.39.139.200 - - [20/Sep/2021:10:07:01 +0800] "GET /xingrg/check_reg.html?_=1632103620718 HTTP/1.1" 200 22
114.85.125.222 - - [20/Sep/2021:10:07:01 +0800] "GET /xingrg/all/function/internal_message.html?_=1632103600322&CODE_STATE=getMsg HTTP/1.1" 200 27
222.70.246.151 - - [20/Sep/2021:10:07:02 +0800] "GET /xingrg/kc/buy/cgsh_order_operate.html?command=get_materiel&rest_code=00146&code=00101008004&supplier_code=00100005&order_time=2021-09-20 HTTP/1.1" 200 416
114.83.218.170 - - [20/Sep/2021:10:07:10 +0800] "POST /xingrg/kc/buy/cgsh_order_operate.html HTTP/1.1" 200 37
116.238.248.233 - - [20/Sep/2021:10:07:11 +0800] "GET /xingrg/kc/buy/cgsh_order_operate.html?command=get_materiel&rest_code=00151&code=00101008084&supplier_code=00100096&order_time=2021-09-20 HTTP/1.1" 200 412
222.70.179.190 - - [20/Sep/2021:10:07:12 +0800] "GET /xingrg/all/function/internal_message.html?_=1632103629545&CODE_STATE=getMsg HTTP/1.1" 200 27
222.70.246.151 - - [20/Sep/2021:10:07:13 +0800] "GET /xingrg/kc/buy/cgsh_order_operate.html?command=get_materiel&rest_code=00146&code=00101008270&supplier_code=00100005&order_time=2021-09-20 HTTP/1.1" 200 412
180.157.251.224 - - [20/Sep/2021:10:07:13 +0800] "GET /xingrg/all/function/internal_message.html?_=1632103633885&CODE_STATE=getMsg HTTP/1.1" 200 27
180.157.251.224 - - [20/Sep/2021:10:07:13 +0800] "GET /xingrg/check_reg.html?_=1632103633887 HTTP/1.1" 200 22
180.169.147.146 - - [20/Sep/2021:10:07:14 +0800] "GET /xingrg/all/function/internal_message.html?_=1632103670305&CODE_STATE=getMsg HTTP/1.1" 200 27
222.70.179.190 - - [20/Sep/2021:10:07:15 +0800] "POST /xingrg/kc/buy/cgsh_order_operate.html HTTP/1.1" 200 2065
180.169.147.146 - - [20/Sep/2021:10:07:18 +0800] "GET /xingrg/all/function/internal_message.html?_=1632103638967&CODE_STATE=getMsg HTTP/1.1" 200 27
114.83.218.170 - - [20/Sep/2021:10:07:18 +0800] "POST /xingrg/kc/buy/cgsh_order_operate.html HTTP/1.1" 200 12
116.238.248.233 - - [20/Sep/2021:10:07:19 +0800] "GET /xingrg/kc/buy/cgsh_order_operate.html?command=get_materiel&rest_code=00151&code=00101012059&supplier_code=00100096&order_time=2021-09-20 HTTP/1.1" 200 412
114.83.218.170 - - [20/Sep/2021:10:07:20 +0800] "GET /xingrg/kc/buy/cgsh_order_info.html?code=212021092008808 HTTP/1.1" 200 58444
114.83.218.170 - - [20/Sep/2021:10:07:20 +0800] "GET /xingrg/javascript/easyui/themes/default/validatebox.css HTTP/1.1" 404 1104
114.83.218.170 - - [20/Sep/2021:10:07:20 +0800] "POST /xingrg/kc/buy/cgsh_order_operate.html HTTP/1.1" 200 5925
116.237.74.154 - - [20/Sep/2021:10:07:22 +0800] "GET /xingrg/kc/buy/cgsh_order_operate.html?command=get_materiel&rest_code=00106&code=00101029025&supplier_code=00100017&order_time=2021-09-20 HTTP/1.1" 200 463
222.70.246.151 - - [20/Sep/2021:10:07:23 +0800] "GET /xingrg/kc/buy/cgsh_order_operate.html?command=get_materiel&rest_code=00146&code=00101008359&supplier_code=00100005&order_time=2021-09-20 HTTP/1.1" 200 428
58.39.139.200 - - [20/Sep/2021:10:07:24 +0800] "GET /xingrg/all/function/internal_message.html?_=1632103588461&CODE_STATE=getMsg HTTP/1.1" 200 27
114.83.218.170 - - [20/Sep/2021:10:07:25 +0800] "GET /xingrg/kc/print/load_data.html?order_code=212021092008808&kc_code=cgsh&condition= HTTP/1.1" 200 2739
114.85.125.222 - - [20/Sep/2021:10:07:29 +0800] "GET /xingrg/kc/buy/cgsh_order_operate.html?command=get_materiel&rest_code=00151&code=00101008131&supplier_code=00100007&order_time=2021-09-20 HTTP/1.1" 200 408
116.238.248.233 - - [20/Sep/2021:10:07:30 +0800] "GET /xingrg/kc/buy/cgsh_order_operate.html?command=get_materiel&rest_code=00151&code=00101012070&supplier_code=00100096&order_time=2021-09-20 HTTP/1.1" 200 398
222.70.179.190 - - [20/Sep/2021:10:07:31 +0800] "GET /xingrg/kc/buy/cgsh_order_operate.html?command=get_materiel&rest_code=00111&code=00101008112&supplier_code=00100005&order_time=2021-09-20 HTTP/1.1" 200 412
120.253.135.82 - - [20/Sep/2021:10:07:31 +0800] "GET /xingrg/all/function/internal_message.html?_=1632103422613&CODE_STATE=getMsg HTTP/1.1" 200 27
58.40.7.146 - - [20/Sep/2021:10:07:31 +0800] "GET /xingrg/all/function/internal_message.html?_=1632103649791&CODE_STATE=getMsg HTTP/1.1" 200 27
116.237.74.154 - - [20/Sep/2021:10:07:32 +0800] "GET /xingrg/all/function/internal_message.html?_=1632103651244&CODE_STATE=getMsg HTTP/1.1" 200 27
180.152.125.3 - - [20/Sep/2021:10:07:33 +0800] "GET /xingrg/all/function/internal_message.html?_=1632103630813&CODE_STATE=getMsg HTTP/1.1" 200 27
116.230.105.26 - - [20/Sep/2021:10:07:34 +0800] "GET /xingrg/all/function/internal_message.html?_=1632103634021&CODE_STATE=getMsg HTTP/1.1" 200 27
222.70.246.151 - - [20/Sep/2021:10:07:35 +0800] "GET /xingrg/all/function/internal_message.html?_=1632103655775&CODE_STATE=getMsg HTTP/1.1" 200 27
180.169.147.146 - - [20/Sep/2021:10:07:37 +0800] "GET /xingrg/all/function/internal_message.html?_=1632103655454&CODE_STATE=getMsg HTTP/1.1" 200 27
222.70.246.151 - - [20/Sep/2021:10:07:39 +0800] "GET /xingrg/kc/buy/cgsh_order_operate.html?command=get_materiel&rest_code=00146&code=00101008213&supplier_code=00100005&order_time=2021-09-20 HTTP/1.1" 200 412
116.237.74.154 - - [20/Sep/2021:10:07:40 +0800] "GET /xingrg/kc/buy/cgsh_order_operate.html?command=get_materiel&rest_code=00106&code=00101029002&supplier_code=00100017&order_time=2021-09-20 HTTP/1.1" 200 470
